186.79.251.41 - - [30/Mar/2017:11:36:19 -0300] "GET /cormun/servlet/solicitudot?5b748aabfa49c8452add40a88006a2cd60fc0f1105c55efbef18186a3380e3233416d2ce947bf069b28b854a8188b92b5024cf526b70b16c10775c58ab7e8c9327872f400a7a87b8645a4420290bd1e9bf7ee383af2961f4604dc24840668b2da99e852653283d2f353493e03508d8f43aea66dc92b27888103eb52ed31b4763295044ee5b5a8f0c32345aa4e2996bb7c4b249d76df01dfbb87a56709299aa5ed27ec2760a5a66c8799899a686b073c3,gx-no-cache=1490884646050 HTTP/1.1" 200 30
186.79.86.180 - - [30/Mar/2017:11:36:21 -0300] "POST /cormun/servlet/solicitudot?gx-no-cache=1490884649864 HTTP/1.1" 200 1274
186.79.86.180 - - [30/Mar/2017:11:36:21 -0300] "POST /cormun/servlet/solicitudot?gx-no-cache=1490884650114 HTTP/1.1" 200 1157
186.79.86.180 - - [30/Mar/2017:11:36:21 -0300] "GET /cormun/servlet/solicitudot?9e0b9af110104b2f4c055e7a6b24f9c6908d71a45d2902077c315df90d0c25a21fe604ca8acaf240c00244b63f23ecf8c4db86311ea5368a9dd5f0a1d2c1641444ae7ec546baf3a11222320356a6a4b082b3284863e0630588e8c93d62131273ab79fdc18c5cfa98589caa254a1d94d9ae20119753d84e8fdd5167689d46a94a0bc3a08d6718a12a06bc64aa9ec44cca81844e5662fb5678c7ccfb157dd207ac06958c8c81c7ebc61b4ed381852c2cf0,gx-no-cache=1490884650300 HTTP/1.1" 200 30
186.79.86.180 - - [30/Mar/2017:11:36:22 -0300] "POST /cormun/servlet/solicitudot?fd57e51910b4e79a997d35055945aaad,INS,0,0,,gx-no-cache=1490884650398 HTTP/1.1" 200 93
186.79.86.180 - - [30/Mar/2017:11:36:22 -0300] "GET /cormun/servlet/hpexe_return? HTTP/1.1" 200 1000
186.79.86.180 - - [30/Mar/2017:11:36:22 -0300] "GET /cormun/static/gxcfg.js?2016101716175148 HTTP/1.1" 304 -
186.79.86.180 - - [30/Mar/2017:11:36:23 -0300] "GET /cormun/servlet/trsolicitudot HTTP/1.1" 200 9521
186.79.86.180 - - [30/Mar/2017:11:36:23 -0300] "GET /cormun/servlet/trsolicitudot HTTP/1.1" 200 9517
186.79.251.41 - - [30/Mar/2017:11:36:24 -0300] "POST /cormun/servlet/solicitudot?74e3fd4927e94e3f7520dcf9ee7f5e11,INS,0,0,,gx-no-cache=1490884651018 HTTP/1.1" 200 93
186.79.251.41 - - [30/Mar/2017:11:36:24 -0300] "GET /cormun/servlet/hpexe_return? HTTP/1.1" 200 1001
186.79.251.41 - - [30/Mar/2017:11:36:25 -0300] "GET /cormun/servlet/trsolicitudot? HTTP/1.1" 200 8911
186.79.251.41 - - [30/Mar/2017:11:36:25 -0300] "GET /cormun/servlet/trsolicitudot? HTTP/1.1" 200 8906
200.54.247.69 - - [30/Mar/2017:11:36:29 -0300] "POST /cormun/servlet/trautorizarsolicitud?7bd8486041ddd9e2ea2206964a6a0fe3,,gx-no-cache=1490884654283 HTTP/1.1" 200 5807
186.79.251.41 - - [30/Mar/2017:11:36:33 -0300] "POST /cormun/servlet/trsolicitudot?74e3fd4927e94e3f7520dcf9ee7f5e11,,gx-no-cache=1490884659630 HTTP/1.1" 200 5737
186.79.251.41 - - [30/Mar/2017:11:36:33 -0300] "GET /cormun/static/Shared/jqueryui/images/ui-bg_highlight-soft_100_c6c2c8_1x100.png HTTP/1.1" 404 1117
186.79.251.41 - - [30/Mar/2017:11:36:33 -0300] "GET /cormun/static/Shared/jqueryui/images/ui-icons_8d78a5_256x240.png HTTP/1.1" 404 1089
186.79.251.41 - - [30/Mar/2017:11:36:33 -0300] "GET /cormun/static/Shared/jqueryui/images/ui-icons_82798d_256x240.png HTTP/1.1" 404 1089
186.79.251.41 - - [30/Mar/2017:11:36:33 -0300] "GET /cormun/static/Shared/jqueryui/images/ui-bg_flat_55_fafafa_40x100.png HTTP/1.1" 404 1097
186.79.251.41 - - [30/Mar/2017:11:36:33 -0300] "POST /cormun/servlet/trsolicitudot?74e3fd4927e94e3f7520dcf9ee7f5e11,,gx-no-cache=1490884660170 HTTP/1.1" 200 5678
200.54.247.69 - - [30/Mar/2017:11:36:35 -0300] "POST /cormun/servlet/trautorizarsolicitud?7bd8486041ddd9e2ea2206964a6a0fe3,,gx-no-cache=1490884659770 HTTP/1.1" 200 5807
200.54.247.69 - - [30/Mar/2017:11:36:39 -0300] "POST /cormun/servlet/trautorizarsolicitud?7bd8486041ddd9e2ea2206964a6a0fe3,,gx-no-cache=1490884664901 HTTP/1.1" 200 5441
200.54.247.69 - - [30/Mar/2017:11:36:40 -0300] "POST /cormun/servlet/trautorizarsolicitud?7bd8486041ddd9e2ea2206964a6a0fe3,,gx-no-cache=1490884665369 HTTP/1.1" 200 5388
200.54.247.69 - - [30/Mar/2017:11:36:42 -0300] "POST /cormun/servlet/trautorizarsolicitud?7bd8486041ddd9e2ea2206964a6a0fe3,,gx-no-cache=1490884667915 HTTP/1.1" 200 4316
200.54.247.69 - - [30/Mar/2017:11:36:43 -0300] "POST /cormun/servlet/trautorizarsolicitud?7bd8486041ddd9e2ea2206964a6a0fe3,,gx-no-cache=1490884668349 HTTP/1.1" 200 4093
192.168.10.13 - - [30/Mar/2017:11:36:50 -0300] "GET / HTTP/1.1" 200 11217
186.79.251.41 - - [30/Mar/2017:11:36:52 -0300] "GET /cormun/servlet/solicitudot?INS,0,0, HTTP/1.1" 200 12625
186.79.251.41 - - [30/Mar/2017:11:36:53 -0300] "GET /cormun/servlet/solicitudot?INS,0,0, HTTP/1.1" 200 12629
186.79.251.41 - - [30/Mar/2017:11:36:59 -0300] "POST /cormun/servlet/solicitudot?gx-no-cache=1490884685616 HTTP/1.1" 200 3175
186.79.251.41 - - [30/Mar/2017:11:37:00 -0300] "POST /cormun/servlet/solicitudot?74e3fd4927e94e3f7520dcf9ee7f5e11,INS,0,0,,gx-no-cache=1490884686617 HTTP/1.1" 200 9753
186.79.251.41 - - [30/Mar/2017:11:37:06 -0300] "GET /cormun/servlet/solicitudot?5b748aabfa49c8452add40a88006a2cd73a4b8ce7fed35e808bb7344a6cb7c5bae168b5c2b01819947cfbc64f02493fa,gx-no-cache=1490884693359 HTTP/1.1" 200 30
186.79.251.41 - - [30/Mar/2017:11:37:06 -0300] "POST /cormun/servlet/solicitudot?gx-no-cache=1490884693449 HTTP/1.1" 200 255
186.79.251.41 - - [30/Mar/2017:11:37:06 -0300] "GET /cormun/servlet/solicitudot?5b748aabfa49c8452add40a88006a2cd08fc93aeb8b696470b6e2244d1922b7c2f7d6741129a8d3cc6e9c7312e08e9683a8a605f4f4164a09cd8618d796b4a613a6e94bf7ce21928f28e5a1789dc9a8070bd2c61065a778513fb72c77957359082dfd1b0bc4f07178f8c3065ffa5be440722e9963fdf05a3ce20f782a322299dc5ed668a694f6b828258d6fa73859c7259e0852b5434c65f82efae87c5cdf5e045017d1db8fcb3f016452125498f14e13c7fb776c381dbdbbdf36e8a6267ae4e18770bcb3ef732a7b2ade57d149cf1e517458353bc52834948d64d73b926989df9a8edcceb60c3ec37c9593a611fc9ce6ab80f17772686013d2d08ea198b7606dba37540daf45640250f79c3c9c923144ed7dc0399837387c89f8780db36ae8ab4445fd36cf2a7113345776eae65c9ab973dfc9e74626b9376e2905564e711031ad73caac952060a2adb97b5d56728fe80cbe2a88c4544de827665989b299200cd52288a38c89d89f6b51b7e92da2fa54214c701dc17a7e20d4f02b58a9dc3f0,gx-no-cache=1490884693538 HTTP/1.1" 200 30
186.79.251.41 - - [30/Mar/2017:11:37:14 -0300] "POST /cormun/servlet/solicitudot?gx-no-cache=1490884701579 HTTP/1.1" 200 30
186.79.251.41 - - [30/Mar/2017:11:37:17 -0300] "POST /cormun/servlet/solicitudot?gx-no-cache=1490884704054 HTTP/1.1" 200 235
186.79.251.41 - - [30/Mar/2017:11:37:17 -0300] "POST /cormun/servlet/solicitudot?gx-no-cache=1490884704154 HTTP/1.1" 200 38
186.79.251.41 - - [30/Mar/2017:11:37:26 -0300] "GET /cormun/servlet/solicitudot?5b748aabfa49c8452add40a88006a2cdbb9ef5d7c40c184b043eafcd297d6ec39d14169b291a115125d8d6f505453b66a6a09e2fa8399489296bdfcd206bd98e072f39ea6701df0024233c38beb6394304dc4f3d15c7fe2ca63116aa52a3a335d66f8eff4e907b32bd86c9eaf808ccf7cf9f93c106c23dc08e9c400ff94c657b1e8c87a71acc3c6c3ad33c60d42b1464a0e20dca57bc39eae15c63d1547d1303ded9b4a905feb3e9967cf845c21adf3ce60f27c7c378c8220296c7f4e23324334e650e40726e1e61d7c4a40a5dae4353,gx-no-cache=1490884713426 HTTP/1.1" 200 29
186.79.251.41 - - [30/Mar/2017:11:37:26 -0300] "POST /cormun/servlet/solicitudot?gx-no-cache=1490884713500 HTTP/1.1" 200 641
186.79.251.41 - - [30/Mar/2017:11:37:27 -0300] "POST /cormun/servlet/solicitudot?gx-no-cache=1490884714540 HTTP/1.1" 200 1157
186.79.251.41 - - [30/Mar/2017:11:37:38 -0300] "GET /cormun/static/menuarrow.gif HTTP/1.1" 404 1015
186.79.251.41 - - [30/Mar/2017:11:37:44 -0300] "GET /cormun/servlet/solicitudot?5b748aabfa49c8452add40a88006a2cdf5387a762513668294f30594b6c1e9615513f7985a6e0da7a027ff9b19e26d9b5024cf526b70b16c10775c58ab7e8c9327872f400a7a87b8645a4420290bd1e9bf7ee383af2961f4604dc24840668b2da99e852653283d2f353493e03508d8f43aea66dc92b27888103eb52ed31b4763295044ee5b5a8f0c32345aa4e2996bb7c4b249d76df01dfbb87a56709299aa5ed27ec2760a5a66c8799899a686b073c3,gx-no-cache=1490884731873 HTTP/1.1" 200 30
192.168.10.13 - - [30/Mar/2017:11:37:50 -0300] "GET / HTTP/1.1" 200 11217
186.79.251.41 - - [30/Mar/2017:11:37:55 -0300] "POST /cormun/servlet/solicitudot?74e3fd4927e94e3f7520dcf9ee7f5e11,INS,0,0,,gx-no-cache=1490884741994 HTTP/1.1" 200 93
186.79.251.41 - - [30/Mar/2017:11:37:55 -0300] "GET /cormun/servlet/hpexe_return? HTTP/1.1" 200 1001
186.79.251.41 - - [30/Mar/2017:11:37:55 -0300] "GET /cormun/servlet/trsolicitudot? HTTP/1.1" 200 8906
186.79.251.41 - - [30/Mar/2017:11:37:56 -0300] "GET /cormun/servlet/trsolicitudot? HTTP/1.1" 200 8902
186.79.86.180 - - [30/Mar/2017:11:38:12 -0300] "POST /cormun/servlet/trsolicitudot?fd57e51910b4e79a997d35055945aaad,gx-no-cache=1490884760039 HTTP/1.1" 200 107
186.79.86.180 - - [30/Mar/2017:11:38:12 -0300] "GET /cormun/servlet/trsolicitudadjuntos?2017,5817, HTTP/1.1" 200 5847
186.79.86.180 - - [30/Mar/2017:11:38:13 -0300] "GET /cormun/static/gxcfg.js?201731711504543 HTTP/1.1" 200 953
186.79.86.180 - - [30/Mar/2017:11:38:13 -0300] "GET /cormun/static/trsolicitudadjuntos.js?201731711504951 HTTP/1.1" 304 -
186.79.86.180 - - [30/Mar/2017:11:38:13 -0300] "GET /cormun/servlet/trsolicitudadjuntos?2017,5817, HTTP/1.1" 200 5847
186.79.86.180 - - [30/Mar/2017:11:38:18 -0300] "GET /cormun/servlet/solicitudotadjuntos?INS,2017,5817,,1, HTTP/1.1" 200 5786
186.79.86.180 - - [30/Mar/2017:11:38:18 -0300] "GET /cormun/static/gxcfg.js?201612218465951 HTTP/1.1" 200 953
186.79.86.180 - - [30/Mar/2017:11:38:18 -0300] "GET /cormun/static/solicitudotadjuntos.js?201612218465969 HTTP/1.1" 304 -
186.79.86.180 - - [30/Mar/2017:11:38:18 -0300] "GET /cormun/static/about:blank HTTP/1.1" 404 1011
186.79.86.180 - - [30/Mar/2017:11:38:18 -0300] "GET /cormun/servlet/solicitudotadjuntos?INS,2017,5817,,1, HTTP/1.1" 200 5780
186.79.86.180 - - [30/Mar/2017:11:38:19 -0300] "GET /cormun/servlet/solicitudotadjuntos?9e0b9af110104b2f4c055e7a6b24f9c688852e66804ca5097b474bdcaf453ac553ce7c8565cc342406cd1fa6dbfb7dcc,gx-no-cache=1490884768113 HTTP/1.1" 200 30
186.79.86.180 - - [30/Mar/2017:11:38:19 -0300] "POST /cormun/servlet/solicitudotadjuntos?fd57e51910b4e79a997d35055945aaad,INS,2017,5817,,1,,gx-no-cache=1490884768308 HTTP/1.1" 200 3631
186.79.251.41 - - [30/Mar/2017:11:38:24 -0300] "POST /cormun/servlet/trsolicitudot?74e3fd4927e94e3f7520dcf9ee7f5e11,,gx-no-cache=1490884770796 HTTP/1.1" 200 5738
186.79.86.180 - - [30/Mar/2017:11:38:24 -0300] "POST /cormun/servlet/solicitudotadjuntos?gx-no-cache=1490884772881 HTTP/1.1" 200 26
186.79.251.41 - - [30/Mar/2017:11:38:24 -0300] "GET /cormun/static/Shared/jqueryui/images/ui-bg_highlight-soft_100_c6c2c8_1x100.png HTTP/1.1" 404 1117
186.79.251.41 - - [30/Mar/2017:11:38:24 -0300] "GET /cormun/static/Shared/jqueryui/images/ui-icons_82798d_256x240.png HTTP/1.1" 404 1089
186.79.251.41 - - [30/Mar/2017:11:38:24 -0300] "GET /cormun/static/Shared/jqueryui/images/ui-bg_flat_55_fafafa_40x100.png HTTP/1.1" 404 1097
186.79.251.41 - - [30/Mar/2017:11:38:24 -0300] "GET /cormun/static/Shared/jqueryui/images/ui-icons_8d78a5_256x240.png HTTP/1.1" 404 1089
186.79.251.41 - - [30/Mar/2017:11:38:24 -0300] "POST /cormun/servlet/trsolicitudot?74e3fd4927e94e3f7520dcf9ee7f5e11,,gx-no-cache=1490884771335 HTTP/1.1" 200 5679
186.67.172.234 - - [30/Mar/2017:11:38:39 -0300] "GET /cormun/servlet/hlogin HTTP/1.1" 200 1724
186.67.172.234 - - [30/Mar/2017:11:38:39 -0300] "GET /cormun/servlet/hlogin HTTP/1.1" 200 1735
186.67.172.234 - - [30/Mar/2017:11:38:48 -0300] "POST /cormun/servlet/hlogin?403c0c3adff8d180c28ccf4dbb7af66c,gx-no-cache=1490884795305 HTTP/1.1" 200 90
186.67.172.234 - - [30/Mar/2017:11:38:48 -0300] "GET /cormun/servlet/hpexe_link HTTP/1.1" 200 955
186.67.172.234 - - [30/Mar/2017:11:38:48 -0300] "GET /cormun/servlet/hhome HTTP/1.1" 200 4047
186.67.172.234 - - [30/Mar/2017:11:38:49 -0300] "GET /cormun/servlet/hhome HTTP/1.1" 200 4043
192.168.10.13 - - [30/Mar/2017:11:38:50 -0300] "GET / HTTP/1.1" 200 11217
186.67.172.234 - - [30/Mar/2017:11:38:54 -0300] "GET /cormun/servlet/trsolicitudot? HTTP/1.1" 200 7018
186.67.172.234 - - [30/Mar/2017:11:38:55 -0300] "GET /cormun/servlet/trsolicitudot? HTTP/1.1" 200 7017
186.67.172.234 - - [30/Mar/2017:11:38:58 -0300] "GET /cormun/servlet/solicitudot?INS,0,0, HTTP/1.1" 200 12838
186.67.172.234 - - [30/Mar/2017:11:38:58 -0300] "GET /cormun/servlet/solicitudot?INS,0,0, HTTP/1.1" 200 12843
186.103.159.230 - - [30/Mar/2017:11:39:17 -0300] "GET /cormun/servlet/hlogin HTTP/1.1" 200 1726
186.103.159.230 - - [30/Mar/2017:11:39:17 -0300] "GET /cormun/static/Resources/Spanish/PXTools.css?11294912 HTTP/1.1" 304 -
186.103.159.230 - - [30/Mar/2017:11:39:17 -0300] "GET /cormun/static/gxcfg.js?201731711485472 HTTP/1.1" 200 953
186.103.159.230 - - [30/Mar/2017:11:39:17 -0300] "GET /cormun/static/hlogin.js?201731711485490 HTTP/1.1" 304 -
186.103.159.230 - - [30/Mar/2017:11:39:17 -0300] "GET /cormun/static/messages.spa.js?85251 HTTP/1.1" 200 30736
186.103.159.230 - - [30/Mar/2017:11:39:18 -0300] "GET /cormun/servlet/hlogin HTTP/1.1" 200 1726
186.67.172.234 - - [30/Mar/2017:11:39:23 -0300] "POST /cormun/servlet/solicitudot?gx-no-cache=1490884830201 HTTP/1.1" 200 3081
186.67.172.234 - - [30/Mar/2017:11:39:24 -0300] "POST /cormun/servlet/solicitudot?403c0c3adff8d180c28ccf4dbb7af66c,INS,0,0,,gx-no-cache=1490884830428 HTTP/1.1" 200 9861
186.67.172.234 - - [30/Mar/2017:11:39:25 -0300] "GET /cormun/servlet/solicitudot?bed878a262becc284d06f16b1d445c6823d77062311593325b85cd65c6e78b884c30d1e9e31fa06380d91f4f46a9e420,gx-no-cache=1490884832742 HTTP/1.1" 200 30
192.168.10.13 - - [30/Mar/2017:11:39:50 -0300] "GET / HTTP/1.1" 200 11217
186.67.172.234 - - [30/Mar/2017:11:40:40 -0300] "POST /cormun/servlet/solicitudot?gx-no-cache=1490884907102 HTTP/1.1" 200 255
186.67.172.234 - - [30/Mar/2017:11:40:42 -0300] "GET /cormun/servlet/solicitudot?bed878a262becc284d06f16b1d445c686df9886505170527f878bb8a1327c92bb32e804b0a0d26558870074e6f6fcc67123704f3189c0541f8660d14f8319f28483751c2df131051014a110048978e30ac77afa1c9ad6720281efbb260d1b128115ff756a60853e1fe725e70f3962f5604d44a5c5c90a0f43bf64d05e57b3541468273c45519673aa050f83293496945eff8d0ffc09fa341e30f8dc70ff5fb9e739044a1aa5280731ebe1c55d96532de3d367e5864cce7e7e040883ef67869b28cb7f880ea656132cb13386d731f5037b161d45d64dfa28e913a32289489a38ad683df55b26a7000b98682d99c6e875493a4307de9cb5d65e4c9f6afbcac89be28d0b918c4a12fb97dabb33ba7f5060a010e287aad91a64337d6f69d151e538ca6a107b2645e0d8775f64dedba2e8c42997e54db093d1a44d39f351fdb03c4fa7da98bb799a3bc8fef6527e2421cf6362e85f3df0e5e0ca31b34f92ef0ef7b5eebe1f592638b0b488ced8ad2bb7fb1e3c9b4ae7b8d8266ac9f360939120ab685,gx-no-cache=1490884909081 HTTP/1.1" 200 30
186.67.172.234 - - [30/Mar/2017:11:40:46 -0300] "POST /cormun/servlet/solicitudot?gx-no-cache=1490884912750 HTTP/1.1" 200 30
192.168.10.13 - - [30/Mar/2017:11:40:50 -0300] "GET / HTTP/1.1" 200 11217
186.67.172.234 - - [30/Mar/2017:11:41:14 -0300] "POST /cormun/servlet/solicitudot?gx-no-cache=1490884941400 HTTP/1.1" 200 235
186.67.172.234 - - [30/Mar/2017:11:41:14 -0300] "POST /cormun/servlet/solicitudot?gx-no-cache=1490884941460 HTTP/1.1" 200 38
186.79.86.180 - - [30/Mar/2017:11:41:15 -0300] "GET /cormun/servlet/solicitudotadjuntos?9e0b9af110104b2f4c055e7a6b24f9c6b6621c6643780471b05985fcf5b95da9,gx-no-cache=1490884943722 HTTP/1.1" 200 30
186.79.86.180 - - [30/Mar/2017:11:41:15 -0300] "GET /cormun/servlet/solicitudotadjuntos?9e0b9af110104b2f4c055e7a6b24f9c6b6621c6643780471b05985fcf5b95da9,gx-no-cache=1490884943862 HTTP/1.1" 200 30
186.67.172.234 - - [30/Mar/2017:11:41:29 -0300] "GET /cormun/servlet/solicitudot?bed878a262becc284d06f16b1d445c68558d763ff783da4c3a81b3a35c51fbed539f2edb83fa6ec61eb23dc5994adf5d3f7b9b33af5e27c75b19169059f962760cbb412fed5e7809407dfda8a359e743dd16c2cb46d5caecb678c02ee55db648b2c1bba9c8cf9bbdca47799c1788e4cb,gx-no-cache=1490884956065 HTTP/1.1" 200 29
186.67.172.234 - - [30/Mar/2017:11:41:29 -0300] "POST /cormun/servlet/solicitudot?gx-no-cache=1490884956342 HTTP/1.1" 200 643
186.67.172.234 - - [30/Mar/2017:11:41:32 -0300] "POST /cormun/servlet/solicitudot?gx-no-cache=1490884959559 HTTP/1.1" 200 1157
186.79.251.41 - - [30/Mar/2017:11:41:35 -0300] "GET /cormun/servlet/solicitudot?INS,0,0, HTTP/1.1" 200 12625
186.79.251.41 - - [30/Mar/2017:11:41:36 -0300] "GET /cormun/servlet/solicitudot?INS,0,0, HTTP/1.1" 200 12630
186.79.251.41 - - [30/Mar/2017:11:41:36 -0300] "GET /favicon.ico HTTP/1.1" 200 21630
186.79.86.180 - - [30/Mar/2017:11:41:49 -0300] "POST /cormun/servlet/solicitudotadjuntos?fd57e51910b4e79a997d35055945aaad,INS,2017,5817,,1, HTTP/1.1" 200 116
186.79.86.180 - - [30/Mar/2017:11:41:49 -0300] "GET /cormun/servlet/hpexe_return? HTTP/1.1" 200 1017
192.168.10.13 - - [30/Mar/2017:11:41:50 -0300] "GET / HTTP/1.1" 200 11217
186.79.86.180 - - [30/Mar/2017:11:41:50 -0300] "GET /cormun/servlet/trsolicitudadjuntos?2017,5817, HTTP/1.1" 200 7952
186.79.86.180 - - [30/Mar/2017:11:41:51 -0300] "GET /cormun/servlet/trsolicitudadjuntos?2017,5817, HTTP/1.1" 200 7949
186.79.86.180 - - [30/Mar/2017:11:42:00 -0300] "GET /cormun/servlet/solicitudotadjuntos?INS,2017,5817,,1, HTTP/1.1" 200 5787
186.79.86.180 - - [30/Mar/2017:11:42:00 -0300] "GET /cormun/static/about:blank HTTP/1.1" 404 1011
186.79.86.180 - - [30/Mar/2017:11:42:00 -0300] "GET /cormun/servlet/solicitudotadjuntos?INS,2017,5817,,1, HTTP/1.1" 200 5781
186.79.86.180 - - [30/Mar/2017:11:42:01 -0300] "GET /cormun/servlet/solicitudotadjuntos?9e0b9af110104b2f4c055e7a6b24f9c688852e66804ca5097b474bdcaf453ac553ce7c8565cc342406cd1fa6dbfb7dcc,gx-no-cache=1490884990187 HTTP/1.1" 200 30
186.79.86.180 - - [30/Mar/2017:11:42:01 -0300] "POST /cormun/servlet/solicitudotadjuntos?fd57e51910b4e79a997d35055945aaad,INS,2017,5817,,1,,gx-no-cache=1490884990278 HTTP/1.1" 200 3632
186.67.172.234 - - [30/Mar/2017:11:42:04 -0300] "GET /cormun/static/menuarrow.gif HTTP/1.1" 404 1015
186.79.86.180 - - [30/Mar/2017:11:42:05 -0300] "POST /cormun/servlet/solicitudotadjuntos?gx-no-cache=1490884994396 HTTP/1.1" 200 26
186.79.86.180 - - [30/Mar/2017:11:42:12 -0300] "GET /cormun/servlet/solicitudotadjuntos?9e0b9af110104b2f4c055e7a6b24f9c6b6621c6643780471b05985fcf5b95da9,gx-no-cache=1490885000460 HTTP/1.1" 200 30
186.79.86.180 - - [30/Mar/2017:11:42:12 -0300] "GET /cormun/servlet/solicitudotadjuntos?9e0b9af110104b2f4c055e7a6b24f9c6b6621c6643780471b05985fcf5b95da9,gx-no-cache=1490885000925 HTTP/1.1" 200 30
186.79.86.180 - - [30/Mar/2017:11:42:48 -0300] "POST /cormun/servlet/solicitudotadjuntos?fd57e51910b4e79a997d35055945aaad,INS,2017,5817,,1, HTTP/1.1" 200 116
186.79.86.180 - - [30/Mar/2017:11:42:48 -0300] "GET /cormun/servlet/hpexe_return? HTTP/1.1" 200 1017
186.79.86.180 - - [30/Mar/2017:11:42:49 -0300] "GET /cormun/servlet/trsolicitudadjuntos?2017,5817, HTTP/1.1" 200 8182
192.168.10.13 - - [30/Mar/2017:11:42:50 -0300] "GET / HTTP/1.1" 200 11217
186.79.86.180 - - [30/Mar/2017:11:42:50 -0300] "GET /cormun/servlet/trsolicitudadjuntos?2017,5817, HTTP/1.1" 200 8176
200.111.191.210 - - [30/Mar/2017:11:42:50 -0300] "POST /cormun/servlet/solicitudot?gx-no-cache=1490888543237 HTTP/1.1" 200 3189
200.111.191.210 - - [30/Mar/2017:11:42:50 -0300] "POST /cormun/servlet/solicitudot?80ed0bd0e5528314cc1ebfc40727d3e3,INS,0,0,,gx-no-cache=1490888543912 HTTP/1.1" 200 9779
200.111.191.210 - - [30/Mar/2017:11:42:50 -0300] "GET /cormun/servlet/solicitudot?a6522e4e7792b03207bee6238c8fdee47828f245c15b1f3c91068074ab8933e63a82ebd162a98cca22573589a8d93abb,gx-no-cache=1490888544088 HTTP/1.1" 200 30
186.79.86.180 - - [30/Mar/2017:11:42:52 -0300] "GET /cormun/servlet/solicitudotadjuntos?INS,2017,5817,,1, HTTP/1.1" 200 5786
186.79.86.180 - - [30/Mar/2017:11:42:52 -0300] "GET /cormun/static/about:blank HTTP/1.1" 404 1011
186.79.86.180 - - [30/Mar/2017:11:42:53 -0300] "GET /cormun/servlet/solicitudotadjuntos?INS,2017,5817,,1, HTTP/1.1" 200 5780
186.79.86.180 - - [30/Mar/2017:11:42:53 -0300] "GET /cormun/servlet/solicitudotadjuntos?9e0b9af110104b2f4c055e7a6b24f9c688852e66804ca5097b474bdcaf453ac553ce7c8565cc342406cd1fa6dbfb7dcc,gx-no-cache=1490885042531 HTTP/1.1" 200 30
186.79.86.180 - - [30/Mar/2017:11:42:54 -0300] "POST /cormun/servlet/solicitudotadjuntos?fd57e51910b4e79a997d35055945aaad,INS,2017,5817,,1,,gx-no-cache=1490885042655 HTTP/1.1" 200 3631
200.111.191.210 - - [30/Mar/2017:11:42:55 -0300] "GET /cormun/servlet/trpermisosgoce? HTTP/1.1" 200 8949
200.111.191.210 - - [30/Mar/2017:11:42:55 -0300] "GET /cormun/servlet/trpermisosgoce? HTTP/1.1" 200 8940
186.79.86.180 - - [30/Mar/2017:11:42:57 -0300] "POST /cormun/servlet/solicitudotadjuntos?gx-no-cache=1490885046391 HTTP/1.1" 200 26
192.168.10.89 - - [30/Mar/2017:11:43:01 -0300] "GET /cormun/servlet/trpermisosgeneralesgoce? HTTP/1.1" 200 12560
192.168.10.89 - - [30/Mar/2017:11:43:01 -0300] "GET /cormun/static/gxcfg.js?201731711541967 HTTP/1.1" 304 -
186.79.86.180 - - [30/Mar/2017:11:43:04 -0300] "GET /cormun/servlet/solicitudotadjuntos?9e0b9af110104b2f4c055e7a6b24f9c6b6621c6643780471b05985fcf5b95da9,gx-no-cache=1490885053262 HTTP/1.1" 200 30
186.79.86.180 - - [30/Mar/2017:11:43:04 -0300] "GET /cormun/servlet/solicitudotadjuntos?9e0b9af110104b2f4c055e7a6b24f9c6b6621c6643780471b05985fcf5b95da9,gx-no-cache=1490885053362 HTTP/1.1" 200 30
192.168.10.89 - - [30/Mar/2017:11:43:13 -0300] "POST /cormun/servlet/trpermisosgeneralesgoce?a82acce7563151b71ed208fd552ff699,,gx-no-cache=1490888271502 HTTP/1.1" 200 7320
186.79.86.180 - - [30/Mar/2017:11:43:38 -0300] "POST /cormun/servlet/solicitudotadjuntos?fd57e51910b4e79a997d35055945aaad,INS,2017,5817,,1, HTTP/1.1" 200 116
186.79.86.180 - - [30/Mar/2017:11:43:39 -0300] "GET /cormun/servlet/hpexe_return? HTTP/1.1" 200 1017
186.79.86.180 - - [30/Mar/2017:11:43:39 -0300] "GET /cormun/servlet/trsolicitudadjuntos?2017,5817, HTTP/1.1" 200 8346
186.79.86.180 - - [30/Mar/2017:11:43:41 -0300] "GET /cormun/servlet/trsolicitudadjuntos?2017,5817, HTTP/1.1" 200 8343
192.168.10.89 - - [30/Mar/2017:11:43:42 -0300] "GET /cormun/servlet/trsolicitudgral? HTTP/1.1" 200 8779
186.79.86.180 - - [30/Mar/2017:11:43:47 -0300] "GET /cormun/servlet/solicitudotadjuntos?INS,2017,5817,,1, HTTP/1.1" 200 5787
186.79.86.180 - - [30/Mar/2017:11:43:47 -0300] "GET /cormun/static/about:blank HTTP/1.1" 404 1011
186.79.86.180 - - [30/Mar/2017:11:43:47 -0300] "GET /cormun/servlet/solicitudotadjuntos?INS,2017,5817,,1, HTTP/1.1" 200 5781
186.79.86.180 - - [30/Mar/2017:11:43:48 -0300] "GET /cormun/servlet/solicitudotadjuntos?9e0b9af110104b2f4c055e7a6b24f9c688852e66804ca5097b474bdcaf453ac553ce7c8565cc342406cd1fa6dbfb7dcc,gx-no-cache=1490885097004 HTTP/1.1" 200 30
186.79.86.180 - - [30/Mar/2017:11:43:49 -0300] "POST /cormun/servlet/solicitudotadjuntos?fd57e51910b4e79a997d35055945aaad,INS,2017,5817,,1,,gx-no-cache=1490885097130 HTTP/1.1" 200 3632
192.168.10.89 - - [30/Mar/2017:11:43:49 -0300] "POST /cormun/servlet/trsolicitudgral?a82acce7563151b71ed208fd552ff699,,gx-no-cache=1490888306695 HTTP/1.1" 200 22248
192.168.10.13 - - [30/Mar/2017:11:43:50 -0300] "GET / HTTP/1.1" 200 11217
186.79.86.180 - - [30/Mar/2017:11:43:54 -0300] "POST /cormun/servlet/solicitudotadjuntos?gx-no-cache=1490885102909 HTTP/1.1" 200 26
186.79.86.180 - - [30/Mar/2017:11:44:00 -0300] "GET /cormun/servlet/solicitudotadjuntos?9e0b9af110104b2f4c055e7a6b24f9c6b6621c6643780471b05985fcf5b95da9,gx-no-cache=1490885109541 HTTP/1.1" 200 30
186.79.86.180 - - [30/Mar/2017:11:44:00 -0300] "GET /cormun/servlet/solicitudotadjuntos?9e0b9af110104b2f4c055e7a6b24f9c6b6621c6643780471b05985fcf5b95da9,gx-no-cache=1490885109612 HTTP/1.1" 200 30
186.79.86.180 - - [30/Mar/2017:11:44:26 -0300] "POST /cormun/servlet/solicitudotadjuntos?fd57e51910b4e79a997d35055945aaad,INS,2017,5817,,1, HTTP/1.1" 200 116
186.79.86.180 - - [30/Mar/2017:11:44:26 -0300] "GET /cormun/servlet/hpexe_return? HTTP/1.1" 200 1017
186.79.86.180 - - [30/Mar/2017:11:44:27 -0300] "GET /cormun/servlet/trsolicitudadjuntos?2017,5817, HTTP/1.1" 200 8498
186.79.86.180 - - [30/Mar/2017:11:44:28 -0300] "GET /cormun/servlet/trsolicitudadjuntos?2017,5817, HTTP/1.1" 200 8494
186.79.86.180 - - [30/Mar/2017:11:44:31 -0300] "GET /cormun/servlet/solicitudotadjuntos?INS,2017,5817,,1, HTTP/1.1" 200 5787
186.79.86.180 - - [30/Mar/2017:11:44:31 -0300] "GET /cormun/static/about:blank HTTP/1.1" 404 1011
186.79.86.180 - - [30/Mar/2017:11:44:31 -0300] "GET /cormun/servlet/solicitudotadjuntos?INS,2017,5817,,1, HTTP/1.1" 200 5781
186.79.86.180 - - [30/Mar/2017:11:44:32 -0300] "GET /cormun/servlet/solicitudotadjuntos?9e0b9af110104b2f4c055e7a6b24f9c688852e66804ca5097b474bdcaf453ac553ce7c8565cc342406cd1fa6dbfb7dcc,gx-no-cache=1490885140996 HTTP/1.1" 200 30
186.79.86.180 - - [30/Mar/2017:11:44:32 -0300] "POST /cormun/servlet/solicitudotadjuntos?fd57e51910b4e79a997d35055945aaad,INS,2017,5817,,1,,gx-no-cache=1490885141089 HTTP/1.1" 200 3632
186.79.86.180 - - [30/Mar/2017:11:44:36 -0300] "POST /cormun/servlet/solicitudotadjuntos?gx-no-cache=1490885145640 HTTP/1.1" 200 26
186.79.86.180 - - [30/Mar/2017:11:44:43 -0300] "GET /cormun/servlet/solicitudotadjuntos?9e0b9af110104b2f4c055e7a6b24f9c6b6621c6643780471b05985fcf5b95da9,gx-no-cache=1490885152343 HTTP/1.1" 200 30
186.79.86.180 - - [30/Mar/2017:11:44:43 -0300] "GET /cormun/servlet/solicitudotadjuntos?9e0b9af110104b2f4c055e7a6b24f9c6b6621c6643780471b05985fcf5b95da9,gx-no-cache=1490885152481 HTTP/1.1" 200 30
192.168.10.13 - - [30/Mar/2017:11:44:50 -0300] "GET / HTTP/1.1" 200 11217
186.79.86.180 - - [30/Mar/2017:11:45:14 -0300] "POST /cormun/servlet/solicitudotadjuntos?fd57e51910b4e79a997d35055945aaad,INS,2017,5817,,1, HTTP/1.1" 200 116
186.79.86.180 - - [30/Mar/2017:11:45:15 -0300] "GET /cormun/servlet/hpexe_return? HTTP/1.1" 200 1017
186.79.86.180 - - [30/Mar/2017:11:45:17 -0300] "GET /cormun/servlet/trsolicitudadjuntos?2017,5817, HTTP/1.1" 200 8652
186.79.86.180 - - [30/Mar/2017:11:45:19 -0300] "GET /cormun/servlet/trsolicitudadjuntos?2017,5817, HTTP/1.1" 200 8649
186.79.86.180 - - [30/Mar/2017:11:45:30 -0300] "GET /cormun/servlet/solicitudotadjuntos?INS,2017,5817,,1, HTTP/1.1" 200 5787
186.79.86.180 - - [30/Mar/2017:11:45:30 -0300] "GET /cormun/static/about:blank HTTP/1.1" 404 1011
186.79.86.180 - - [30/Mar/2017:11:45:30 -0300] "GET /cormun/servlet/solicitudotadjuntos?INS,2017,5817,,1, HTTP/1.1" 200 5781
186.79.86.180 - - [30/Mar/2017:11:45:31 -0300] "GET /cormun/servlet/solicitudotadjuntos?9e0b9af110104b2f4c055e7a6b24f9c688852e66804ca5097b474bdcaf453ac553ce7c8565cc342406cd1fa6dbfb7dcc,gx-no-cache=1490885200131 HTTP/1.1" 200 30
186.79.86.180 - - [30/Mar/2017:11:45:31 -0300] "POST /cormun/servlet/solicitudotadjuntos?fd57e51910b4e79a997d35055945aaad,INS,2017,5817,,1,,gx-no-cache=1490885200255 HTTP/1.1" 200 3631
186.79.86.180 - - [30/Mar/2017:11:45:34 -0300] "POST /cormun/servlet/solicitudotadjuntos?gx-no-cache=1490885203091 HTTP/1.1" 200 26
186.79.86.180 - - [30/Mar/2017:11:45:40 -0300] "GET /cormun/servlet/solicitudotadjuntos?9e0b9af110104b2f4c055e7a6b24f9c6b6621c6643780471b05985fcf5b95da9,gx-no-cache=1490885208819 HTTP/1.1" 200 30
186.79.86.180 - - [30/Mar/2017:11:45:40 -0300] "GET /cormun/servlet/solicitudotadjuntos?9e0b9af110104b2f4c055e7a6b24f9c6b6621c6643780471b05985fcf5b95da9,gx-no-cache=1490885208876 HTTP/1.1" 200 30
192.168.10.13 - - [30/Mar/2017:11:45:50 -0300] "GET / HTTP/1.1" 200 11217
186.79.86.180 - - [30/Mar/2017:11:46:02 -0300] "POST /cormun/servlet/solicitudotadjuntos?fd57e51910b4e79a997d35055945aaad,INS,2017,5817,,1, HTTP/1.1" 200 116
186.79.86.180 - - [30/Mar/2017:11:46:02 -0300] "GET /cormun/servlet/hpexe_return? HTTP/1.1" 200 1017
186.79.86.180 - - [30/Mar/2017:11:46:04 -0300] "GET /cormun/servlet/trsolicitudadjuntos?2017,5817, HTTP/1.1" 200 8895
186.79.86.180 - - [30/Mar/2017:11:46:06 -0300] "GET /cormun/servlet/trsolicitudadjuntos?2017,5817, HTTP/1.1" 200 8894
186.67.172.234 - - [30/Mar/2017:11:46:18 -0300] "GET /cormun/servlet/solicitudot?bed878a262becc284d06f16b1d445c688277ecc6b111816b23dcd1f7c8b689183bbbe64af6e9527b3381651abdb9d3c92cd490df9ee219d51f7a2dcb89b69e05ca7cbd322016cba9c7fd9720aea9cb381409c5a7bd1065c0012866d2b7d13bb1e86b10773568259052b8c9c2ede5e77c0d78580a5038a61f809ee5ea043c443fcd4533f694e514b0af07cfbb58aab83a4b28007c8459e0a72c3a046bcef008bdba55d5d49ac7cb2846d86ca5bf861ece,gx-no-cache=1490885245113 HTTP/1.1" 200 30
186.67.172.234 - - [30/Mar/2017:11:46:19 -0300] "POST /cormun/servlet/solicitudot?403c0c3adff8d180c28ccf4dbb7af66c,INS,0,0,,gx-no-cache=1490885245706 HTTP/1.1" 200 93
186.67.172.234 - - [30/Mar/2017:11:46:19 -0300] "GET /cormun/servlet/hpexe_return? HTTP/1.1" 200 1009
186.67.172.234 - - [30/Mar/2017:11:46:19 -0300] "GET /cormun/static/Resources/Spanish/PXTools.css?167811 HTTP/1.1" 304 -
186.67.172.234 - - [30/Mar/2017:11:46:19 -0300] "GET /cormun/static/gxcfg.js?2016101716175148 HTTP/1.1" 200 953
186.67.172.234 - - [30/Mar/2017:11:46:19 -0300] "GET /cormun/static/hpexe_return.js?2016101716175153 HTTP/1.1" 304 -
186.67.172.234 - - [30/Mar/2017:11:46:19 -0300] "GET /cormun/servlet/trsolicitudot HTTP/1.1" 200 8255
186.67.172.234 - - [30/Mar/2017:11:46:20 -0300] "GET /cormun/servlet/trsolicitudot HTTP/1.1" 200 8251
186.79.86.180 - - [30/Mar/2017:11:46:24 -0300] "GET /cormun/servlet/hlogin HTTP/1.1" 200 1724
186.79.86.180 - - [30/Mar/2017:11:46:26 -0300] "POST /cormun/servlet/hlogin?e7a082001c6b85c036680b0ec802f5a3,gx-no-cache=1490885255199 HTTP/1.1" 200 90
186.79.86.180 - - [30/Mar/2017:11:46:26 -0300] "GET /cormun/servlet/hpexe_link HTTP/1.1" 200 950
186.79.86.180 - - [30/Mar/2017:11:46:27 -0300] "GET /cormun/servlet/hhome HTTP/1.1" 200 3755
186.79.86.180 - - [30/Mar/2017:11:46:27 -0300] "GET /cormun/servlet/hhome HTTP/1.1" 200 3752
186.79.86.180 - - [30/Mar/2017:11:46:32 -0300] "GET /cormun/servlet/trsolicitudot? HTTP/1.1" 200 9526
186.79.86.180 - - [30/Mar/2017:11:46:32 -0300] "GET /cormun/servlet/trsolicitudot? HTTP/1.1" 200 9523
186.79.86.180 - - [30/Mar/2017:11:46:38 -0300] "POST /cormun/servlet/trsolicitudot?e7a082001c6b85c036680b0ec802f5a3,,gx-no-cache=1490885266605 HTTP/1.1" 200 107
186.79.86.180 - - [30/Mar/2017:11:46:39 -0300] "GET /cormun/servlet/trsolicitudadjuntos?2017,5817, HTTP/1.1" 200 8898
157.55.39.194 - - [30/Mar/2017:11:46:41 -0300] "GET /cormun/servlet/trlicenciaspermisosadjuntos?21094082,20170316000000,L, HTTP/1.1" 200 5949
186.79.86.180 - - [30/Mar/2017:11:46:42 -0300] "GET /cormun/servlet/trsolicitudadjuntos?2017,5817, HTTP/1.1" 200 8897
192.168.10.13 - - [30/Mar/2017:11:46:50 -0300] "GET / HTTP/1.1" 200 11217
186.79.86.180 - - [30/Mar/2017:11:46:55 -0300] "GET /cormun/servlet/hlogin HTTP/1.1" 200 1725
186.79.86.180 - - [30/Mar/2017:11:46:57 -0300] "POST /cormun/servlet/hlogin?c657a8647ece1af63464dcc6d2b3dea4,gx-no-cache=1490885286141 HTTP/1.1" 200 90
186.79.86.180 - - [30/Mar/2017:11:46:57 -0300] "GET /cormun/servlet/hpexe_link HTTP/1.1" 200 953
186.79.86.180 - - [30/Mar/2017:11:46:57 -0300] "GET /cormun/servlet/hhome HTTP/1.1" 200 3758
186.79.86.180 - - [30/Mar/2017:11:46:58 -0300] "GET /cormun/servlet/hhome HTTP/1.1" 200 3755
186.79.86.180 - - [30/Mar/2017:11:47:01 -0300] "GET /cormun/servlet/trsolicitudot? HTTP/1.1" 200 9527
186.79.86.180 - - [30/Mar/2017:11:47:02 -0300] "GET /cormun/servlet/trsolicitudot? HTTP/1.1" 200 9525
186.79.86.180 - - [30/Mar/2017:11:47:13 -0300] "POST /cormun/servlet/trsolicitudot?c657a8647ece1af63464dcc6d2b3dea4,,gx-no-cache=1490885301530 HTTP/1.1" 200 6371
186.79.86.180 - - [30/Mar/2017:11:47:13 -0300] "GET /cormun/static/Shared/jqueryui/images/ui-bg_highlight-soft_100_c6c2c8_1x100.png HTTP/1.1" 404 1117
186.79.86.180 - - [30/Mar/2017:11:47:13 -0300] "GET /cormun/static/Shared/jqueryui/images/ui-icons_82798d_256x240.png HTTP/1.1" 404 1089
186.79.86.180 - - [30/Mar/2017:11:47:13 -0300] "GET /cormun/static/Shared/jqueryui/images/ui-bg_flat_55_fafafa_40x100.png HTTP/1.1" 404 1097
186.79.86.180 - - [30/Mar/2017:11:47:13 -0300] "GET /cormun/static/Shared/jqueryui/images/ui-icons_8d78a5_256x240.png HTTP/1.1" 404 1089
186.79.86.180 - - [30/Mar/2017:11:47:14 -0300] "POST /cormun/servlet/trsolicitudot?c657a8647ece1af63464dcc6d2b3dea4,,gx-no-cache=1490885302292 HTTP/1.1" 200 6312
192.168.10.13 - - [30/Mar/2017:11:47:50 -0300] "GET / HTTP/1.1" 200 11217
192.168.10.13 - - [30/Mar/2017:11:48:50 -0300] "GET / HTTP/1.1" 200 11217
139.162.79.87 - - [30/Mar/2017:11:49:42 -0300] "GET / HTTP/1.1" 200 11217
192.168.10.13 - - [30/Mar/2017:11:49:50 -0300] "GET / HTTP/1.1" 200 11217
186.79.251.41 - - [30/Mar/2017:11:50:16 -0300] "POST /cormun/servlet/solicitudot?gx-no-cache=1490885480535 HTTP/1.1" 200 3175
186.79.251.41 - - [30/Mar/2017:11:50:17 -0300] "POST /cormun/servlet/solicitudot?74e3fd4927e94e3f7520dcf9ee7f5e11,INS,0,0,,gx-no-cache=1490885483930 HTTP/1.1" 200 9767
186.79.251.41 - - [30/Mar/2017:11:50:20 -0300] "GET /cormun/servlet/solicitudot?5b748aabfa49c8452add40a88006a2cdd87ed45b76d7631403ae7e474f3daa1bae168b5c2b01819947cfbc64f02493fa,gx-no-cache=1490885487246 HTTP/1.1" 200 30
186.79.251.41 - - [30/Mar/2017:11:50:21 -0300] "POST /cormun/servlet/solicitudot?gx-no-cache=1490885488157 HTTP/1.1" 200 255
186.79.251.41 - - [30/Mar/2017:11:50:22 -0300] "GET /cormun/servlet/solicitudot?5b748aabfa49c8452add40a88006a2cd08fc93aeb8b696470b6e2244d1922b7c2f7d6741129a8d3cc6e9c7312e08e9683a8a605f4f4164a09cd8618d796b4a613a6e94bf7ce21928f28e5a1789dc9a8070bd2c61065a778513fb72c77957359082dfd1b0bc4f07178f8c3065ffa5be440722e9963fdf05a3ce20f782a322299dc5ed668a694f6b828258d6fa73859c7259e0852b5434c65f82efae87c5cdf5e045017d1db8fcb3f016452125498f14e13c7fb776c381dbdbbdf36e8a6267ae4e18770bcb3ef732a7b2ade57d149cf1e517458353bc52834948d64d73b926989df9a8edcceb60c3ec37c9593a611fc9ce6ab80f17772686013d2d08ea198b7606dba37540daf45640250f79c3c9c923144ed7dc0399837387c89f8780db36ae8ab4445fd36cf2a7113345776eae65c9ab973dfc9e74626b9376e2905564e711031ad73caac952060a2adb97b5d56728fe80cbe2a88c4544de827665989b299200cd52288a38c89d89f6b51b7e92da2fa54214c701dc17a7e20d4f02b58a9dc3f0,gx-no-cache=1490885489167 HTTP/1.1" 200 30
186.79.251.41 - - [30/Mar/2017:11:50:24 -0300] "POST /cormun/servlet/solicitudot?gx-no-cache=1490885491411 HTTP/1.1" 200 30
186.79.251.41 - - [30/Mar/2017:11:50:26 -0300] "POST /cormun/servlet/solicitudot?gx-no-cache=1490885493890 HTTP/1.1" 200 235
186.79.251.41 - - [30/Mar/2017:11:50:27 -0300] "POST /cormun/servlet/solicitudot?gx-no-cache=1490885494508 HTTP/1.1" 200 38
186.79.251.41 - - [30/Mar/2017:11:50:33 -0300] "GET /cormun/servlet/solicitudot?5b748aabfa49c8452add40a88006a2cdbb9ef5d7c40c184b043eafcd297d6ec39d14169b291a115125d8d6f505453b66a6a09e2fa8399489296bdfcd206bd98e072f39ea6701df0024233c38beb6394304dc4f3d15c7fe2ca63116aa52a3a335d66f8eff4e907b32bd86c9eaf808ccf7cf9f93c106c23dc08e9c400ff94c657b1e8c87a71acc3c6c3ad33c60d42b1464a0e20dca57bc39eae15c63d1547d1303ded9b4a905feb3e9967cf845c21adf3ce60f27c7c378c8220296c7f4e23324334e650e40726e1e61d7c4a40a5dae4353,gx-no-cache=1490885500261 HTTP/1.1" 200 29
186.79.251.41 - - [30/Mar/2017:11:50:33 -0300] "POST /cormun/servlet/solicitudot?gx-no-cache=1490885500812 HTTP/1.1" 200 641
186.79.251.41 - - [30/Mar/2017:11:50:35 -0300] "POST /cormun/servlet/solicitudot?gx-no-cache=1490885502108 HTTP/1.1" 200 1157
192.168.10.13 - - [30/Mar/2017:11:50:50 -0300] "GET / HTTP/1.1" 200 11217
186.79.251.41 - - [30/Mar/2017:11:50:53 -0300] "GET /cormun/static/menuarrow.gif HTTP/1.1" 404 1015
186.79.251.41 - - [30/Mar/2017:11:51:02 -0300] "GET /cormun/servlet/solicitudot?5b748aabfa49c8452add40a88006a2cd73e2d121ac375d341167374b17bf81b934033fff4f94ab41629580f193a4fddc5024cf526b70b16c10775c58ab7e8c9327872f400a7a87b8645a4420290bd1e9bf7ee383af2961f4604dc24840668b2da99e852653283d2f353493e03508d8f43aea66dc92b27888103eb52ed31b4763295044ee5b5a8f0c32345aa4e2996bb7c4b249d76df01dfbb87a56709299aa5ed27ec2760a5a66c8799899a686b073c3,gx-no-cache=1490885529631 HTTP/1.1" 200 30
186.79.251.41 - - [30/Mar/2017:11:51:21 -0300] "POST /cormun/servlet/solicitudot?74e3fd4927e94e3f7520dcf9ee7f5e11,INS,0,0,,gx-no-cache=1490885548258 HTTP/1.1" 200 93
186.79.251.41 - - [30/Mar/2017:11:51:22 -0300] "GET /cormun/servlet/hpexe_return? HTTP/1.1" 200 1001
186.79.251.41 - - [30/Mar/2017:11:51:23 -0300] "GET /cormun/servlet/trsolicitudot? HTTP/1.1" 200 8912
186.79.251.41 - - [30/Mar/2017:11:51:25 -0300] "GET /cormun/servlet/trsolicitudot? HTTP/1.1" 200 8907
186.79.251.41 - - [30/Mar/2017:11:51:43 -0300] "POST /cormun/servlet/trsolicitudot?74e3fd4927e94e3f7520dcf9ee7f5e11,,gx-no-cache=1490885566795 HTTP/1.1" 200 5739
186.79.251.41 - - [30/Mar/2017:11:51:43 -0300] "GET /cormun/static/Shared/jqueryui/images/ui-bg_highlight-soft_100_c6c2c8_1x100.png HTTP/1.1" 404 1117
186.79.251.41 - - [30/Mar/2017:11:51:43 -0300] "GET /cormun/static/Shared/jqueryui/images/ui-icons_82798d_256x240.png HTTP/1.1" 404 1089
186.79.251.41 - - [30/Mar/2017:11:51:43 -0300] "GET /cormun/static/Shared/jqueryui/images/ui-bg_flat_55_fafafa_40x100.png HTTP/1.1" 404 1097
186.79.251.41 - - [30/Mar/2017:11:51:43 -0300] "GET /cormun/static/Shared/jqueryui/images/ui-icons_8d78a5_256x240.png HTTP/1.1" 404 1089
186.79.251.41 - - [30/Mar/2017:11:51:44 -0300] "POST /cormun/servlet/trsolicitudot?74e3fd4927e94e3f7520dcf9ee7f5e11,,gx-no-cache=1490885570442 HTTP/1.1" 200 5679
192.168.10.13 - - [30/Mar/2017:11:51:50 -0300] "GET / HTTP/1.1" 200 11217
186.79.251.41 - - [30/Mar/2017:11:51:50 -0300] "GET /cormun/servlet/solicitudot?INS,0,0, HTTP/1.1" 200 12625
186.79.251.41 - - [30/Mar/2017:11:51:50 -0300] "GET /cormun/servlet/solicitudot?INS,0,0, HTTP/1.1" 200 12630
186.79.251.41 - - [30/Mar/2017:11:52:01 -0300] "POST /cormun/servlet/solicitudot?gx-no-cache=1490885584121 HTTP/1.1" 200 3170
186.79.251.41 - - [30/Mar/2017:11:52:05 -0300] "POST /cormun/servlet/solicitudot?74e3fd4927e94e3f7520dcf9ee7f5e11,INS,0,0,,gx-no-cache=1490885590153 HTTP/1.1" 200 9742
186.79.251.41 - - [30/Mar/2017:11:52:09 -0300] "GET /cormun/servlet/solicitudot?5b748aabfa49c8452add40a88006a2cdf881c7b9b5ed22f4a276913894f05e5dae168b5c2b01819947cfbc64f02493fa,gx-no-cache=1490885596216 HTTP/1.1" 200 30
186.79.251.41 - - [30/Mar/2017:11:52:10 -0300] "POST /cormun/servlet/solicitudot?gx-no-cache=1490885597497 HTTP/1.1" 200 256
186.79.251.41 - - [30/Mar/2017:11:52:11 -0300] "GET /cormun/servlet/solicitudot?5b748aabfa49c8452add40a88006a2cd08fc93aeb8b696470b6e2244d1922b7cdfccf9a5becdbbda2bc59b71d591fc263a8a605f4f4164a09cd8618d796b4a613a6e94bf7ce21928f28e5a1789dc9a8070bd2c61065a778513fb72c77957359082dfd1b0bc4f07178f8c3065ffa5be440722e9963fdf05a3ce20f782a322299dc5ed668a694f6b828258d6fa73859c7259e0852b5434c65f82efae87c5cdf5e045017d1db8fcb3f016452125498f14e13c7fb776c381dbdbbdf36e8a6267ae4e18770bcb3ef732a7b2ade57d149cf1e517458353bc52834948d64d73b926989df9a8edcceb60c3ec37c9593a611fc9cefc3753a7ea97c901fc7dc05667dee241dba37540daf45640250f79c3c9c923142d1e0e4d4c6c5645a07ca4aa54c34578ee3407a7b26be2e4158d07781159bacfc2cfff6ffdbf4e4eed62aea0b9d27526ea7040c0e7503942b477bc3e6feb8889f6702e5dca0856d6a744c73d7cb4aa33f5ae93383eddce566742830fe9c41a3eda5c7b908f4b6e8be7925c0b0ebc6f41,gx-no-cache=1490885598573 HTTP/1.1" 200 30
186.79.251.41 - - [30/Mar/2017:11:52:14 -0300] "POST /cormun/servlet/solicitudot?gx-no-cache=1490885601739 HTTP/1.1" 200 30
186.79.251.41 - - [30/Mar/2017:11:52:17 -0300] "POST /cormun/servlet/solicitudot?gx-no-cache=1490885604473 HTTP/1.1" 200 235
186.79.251.41 - - [30/Mar/2017:11:52:18 -0300] "POST /cormun/servlet/solicitudot?gx-no-cache=1490885605140 HTTP/1.1" 200 38
186.79.251.41 - - [30/Mar/2017:11:52:24 -0300] "GET /cormun/servlet/solicitudot?5b748aabfa49c8452add40a88006a2cdbb9ef5d7c40c184b043eafcd297d6ec39d14169b291a115125d8d6f505453b66bd068db7d37a97511451db0505d7d4de11644426a51283c8bc69d09eef9935a6049d8c13b751679c08c143be6f173000e49fa0aaf7e46a3c2607c34d72b93d63,gx-no-cache=1490885611006 HTTP/1.1" 200 29
186.79.251.41 - - [30/Mar/2017:11:52:24 -0300] "POST /cormun/servlet/solicitudot?gx-no-cache=1490885611456 HTTP/1.1" 200 641
186.79.251.41 - - [30/Mar/2017:11:52:26 -0300] "POST /cormun/servlet/solicitudot?gx-no-cache=1490885613012 HTTP/1.1" 200 1157
186.79.251.41 - - [30/Mar/2017:11:52:45 -0300] "GET /cormun/static/menuarrow.gif HTTP/1.1" 404 1015
192.168.10.13 - - [30/Mar/2017:11:52:50 -0300] "GET / HTTP/1.1" 200 11217
186.79.251.41 - - [30/Mar/2017:11:52:52 -0300] "GET /cormun/servlet/solicitudot?5b748aabfa49c8452add40a88006a2cdbda6a112c85e23455c5f3e6aba2f8f9a7cd459e9138260b6c9c4b5457953575d5024cf526b70b16c10775c58ab7e8c9327872f400a7a87b8645a4420290bd1e9bf7ee383af2961f4604dc24840668b2da99e852653283d2f353493e03508d8f43aea66dc92b27888103eb52ed31b4763295044ee5b5a8f0c32345aa4e2996bb7c4b249d76df01dfbb87a56709299aa5ed27ec2760a5a66c8799899a686b073c3,gx-no-cache=1490885639304 HTTP/1.1" 200 30
186.79.251.41 - - [30/Mar/2017:11:53:07 -0300] "POST /cormun/servlet/solicitudot?74e3fd4927e94e3f7520dcf9ee7f5e11,INS,0,0,,gx-no-cache=1490885652356 HTTP/1.1" 200 93
186.79.251.41 - - [30/Mar/2017:11:53:08 -0300] "GET /cormun/servlet/hpexe_return? HTTP/1.1" 200 1001
186.79.251.41 - - [30/Mar/2017:11:53:08 -0300] "GET /cormun/servlet/trsolicitudot? HTTP/1.1" 200 8889
186.79.251.41 - - [30/Mar/2017:11:53:10 -0300] "GET /cormun/servlet/trsolicitudot? HTTP/1.1" 200 8885
186.79.251.41 - - [30/Mar/2017:11:53:19 -0300] "POST /cormun/servlet/trsolicitudot?74e3fd4927e94e3f7520dcf9ee7f5e11,,gx-no-cache=1490885660957 HTTP/1.1" 200 5737
186.79.251.41 - - [30/Mar/2017:11:53:20 -0300] "GET /cormun/static/Shared/jqueryui/images/ui-bg_highlight-soft_100_c6c2c8_1x100.png HTTP/1.1" 404 1117
186.79.251.41 - - [30/Mar/2017:11:53:20 -0300] "GET /cormun/static/Shared/jqueryui/images/ui-icons_82798d_256x240.png HTTP/1.1" 404 1089
186.79.251.41 - - [30/Mar/2017:11:53:21 -0300] "GET /cormun/static/Shared/jqueryui/images/ui-bg_flat_55_fafafa_40x100.png HTTP/1.1" 404 1097
186.79.251.41 - - [30/Mar/2017:11:53:21 -0300] "GET /cormun/static/Shared/jqueryui/images/ui-icons_8d78a5_256x240.png HTTP/1.1" 404 1089
186.79.251.41 - - [30/Mar/2017:11:53:25 -0300] "POST /cormun/servlet/trsolicitudot?74e3fd4927e94e3f7520dcf9ee7f5e11,,gx-no-cache=1490885667901 HTTP/1.1" 200 5678
186.79.251.41 - - [30/Mar/2017:11:53:31 -0300] "GET /cormun/servlet/solicitudot?INS,0,0, HTTP/1.1" 200 12625
186.79.251.41 - - [30/Mar/2017:11:53:34 -0300] "GET /cormun/servlet/solicitudot?INS,0,0, HTTP/1.1" 200 12630
192.168.10.13 - - [30/Mar/2017:11:53:50 -0300] "GET / HTTP/1.1" 200 11217
186.79.251.41 - - [30/Mar/2017:11:53:55 -0300] "POST /cormun/servlet/solicitudot?gx-no-cache=1490885687615 HTTP/1.1" 200 3177
186.79.251.41 - - [30/Mar/2017:11:54:02 -0300] "POST /cormun/servlet/solicitudot?74e3fd4927e94e3f7520dcf9ee7f5e11,INS,0,0,,gx-no-cache=1490885703493 HTTP/1.1" 200 9767
186.79.251.41 - - [30/Mar/2017:11:54:17 -0300] "GET /cormun/servlet/solicitudot?5b748aabfa49c8452add40a88006a2cd656c4d15772f49d920630ae6ac3b2605ae168b5c2b01819947cfbc64f02493fa,gx-no-cache=1490885724399 HTTP/1.1" 200 30
186.79.251.41 - - [30/Mar/2017:11:54:17 -0300] "POST /cormun/servlet/solicitudot?gx-no-cache=1490885724669 HTTP/1.1" 200 255
186.79.251.41 - - [30/Mar/2017:11:54:18 -0300] "GET /cormun/servlet/solicitudot?5b748aabfa49c8452add40a88006a2cd08fc93aeb8b696470b6e2244d1922b7c2f7d6741129a8d3cc6e9c7312e08e9683a8a605f4f4164a09cd8618d796b4a613a6e94bf7ce21928f28e5a1789dc9a8070bd2c61065a778513fb72c77957359082dfd1b0bc4f07178f8c3065ffa5be440722e9963fdf05a3ce20f782a322299dc5ed668a694f6b828258d6fa73859c7259e0852b5434c65f82efae87c5cdf5e045017d1db8fcb3f016452125498f14e13c7fb776c381dbdbbdf36e8a6267ae4e18770bcb3ef732a7b2ade57d149cf1e517458353bc52834948d64d73b926989df9a8edcceb60c3ec37c9593a611fc9ce6ab80f17772686013d2d08ea198b7606dba37540daf45640250f79c3c9c923144ed7dc0399837387c89f8780db36ae8ab4445fd36cf2a7113345776eae65c9ab973dfc9e74626b9376e2905564e711031ad73caac952060a2adb97b5d56728fe80cbe2a88c4544de827665989b299200cd52288a38c89d89f6b51b7e92da2fa54214c701dc17a7e20d4f02b58a9dc3f0,gx-no-cache=1490885724951 HTTP/1.1" 200 30
186.79.251.41 - - [30/Mar/2017:11:54:19 -0300] "POST /cormun/servlet/solicitudot?gx-no-cache=1490885726435 HTTP/1.1" 200 30
186.79.251.41 - - [30/Mar/2017:11:54:22 -0300] "POST /cormun/servlet/solicitudot?gx-no-cache=1490885729661 HTTP/1.1" 200 235
186.79.251.41 - - [30/Mar/2017:11:54:23 -0300] "POST /cormun/servlet/solicitudot?gx-no-cache=1490885730139 HTTP/1.1" 200 38
186.79.251.41 - - [30/Mar/2017:11:54:33 -0300] "GET /cormun/servlet/solicitudot?5b748aabfa49c8452add40a88006a2cdbb9ef5d7c40c184b043eafcd297d6ec39d14169b291a115125d8d6f505453b66a6a09e2fa8399489296bdfcd206bd98e072f39ea6701df0024233c38beb6394304dc4f3d15c7fe2ca63116aa52a3a335d66f8eff4e907b32bd86c9eaf808ccf7cf9f93c106c23dc08e9c400ff94c657b1e8c87a71acc3c6c3ad33c60d42b1464a0e20dca57bc39eae15c63d1547d1303ded9b4a905feb3e9967cf845c21adf3ce60f27c7c378c8220296c7f4e23324334e650e40726e1e61d7c4a40a5dae4353,gx-no-cache=1490885740590 HTTP/1.1" 200 29
186.79.251.41 - - [30/Mar/2017:11:54:33 -0300] "POST /cormun/servlet/solicitudot?gx-no-cache=1490885740827 HTTP/1.1" 200 641
186.79.251.41 - - [30/Mar/2017:11:54:35 -0300] "POST /cormun/servlet/solicitudot?gx-no-cache=1490885742076 HTTP/1.1" 200 1157
186.67.172.234 - - [30/Mar/2017:11:54:38 -0300] "GET /cormun/servlet/hlogin HTTP/1.1" 200 1725
192.168.10.13 - - [30/Mar/2017:11:54:50 -0300] "GET / HTTP/1.1" 200 11217
186.67.172.234 - - [30/Mar/2017:11:54:50 -0300] "POST /cormun/servlet/hlogin?aec047a0d838c1263c4a1016a3e94ae0,gx-no-cache=1490885756222 HTTP/1.1" 200 90
186.67.172.234 - - [30/Mar/2017:11:54:50 -0300] "GET /cormun/servlet/hpexe_link HTTP/1.1" 200 955
186.67.172.234 - - [30/Mar/2017:11:54:50 -0300] "GET /cormun/servlet/hhome HTTP/1.1" 200 4047
186.67.172.234 - - [30/Mar/2017:11:54:50 -0300] "GET /cormun/servlet/hhome HTTP/1.1" 200 4043
186.79.251.41 - - [30/Mar/2017:11:54:51 -0300] "GET /cormun/static/menuarrow.gif HTTP/1.1" 404 1015
186.79.251.41 - - [30/Mar/2017:11:54:58 -0300] "GET /cormun/servlet/solicitudot?5b748aabfa49c8452add40a88006a2cd644163745a627294a95c719bad119c2f3416d2ce947bf069b28b854a8188b92b5024cf526b70b16c10775c58ab7e8c9327872f400a7a87b8645a4420290bd1e9bf7ee383af2961f4604dc24840668b2da99e852653283d2f353493e03508d8f43aea66dc92b27888103eb52ed31b4763295044ee5b5a8f0c32345aa4e2996bb7c4b249d76df01dfbb87a56709299aa5ed27ec2760a5a66c8799899a686b073c3,gx-no-cache=1490885765352 HTTP/1.1" 200 30
186.67.172.234 - - [30/Mar/2017:11:55:01 -0300] "GET /cormun/servlet/trpermisosgoce? HTTP/1.1" 200 9756
186.67.172.234 - - [30/Mar/2017:11:55:01 -0300] "GET /cormun/servlet/trpermisosgoce? HTTP/1.1" 200 9754
186.67.172.234 - - [30/Mar/2017:11:55:06 -0300] "GET /cormun/servlet/permisogoce?INS,0,,, HTTP/1.1" 200 6825
186.67.172.234 - - [30/Mar/2017:11:55:07 -0300] "GET /cormun/servlet/permisogoce?INS,0,,, HTTP/1.1" 200 6825
186.79.251.41 - - [30/Mar/2017:11:55:09 -0300] "POST /cormun/servlet/solicitudot?74e3fd4927e94e3f7520dcf9ee7f5e11,INS,0,0,,gx-no-cache=1490885775492 HTTP/1.1" 200 93
186.79.251.41 - - [30/Mar/2017:11:55:10 -0300] "GET /cormun/servlet/hpexe_return? HTTP/1.1" 200 1001
186.79.251.41 - - [30/Mar/2017:11:55:11 -0300] "GET /cormun/servlet/trsolicitudot? HTTP/1.1" 200 8906
186.79.251.41 - - [30/Mar/2017:11:55:11 -0300] "GET /cormun/servlet/trsolicitudot? HTTP/1.1" 200 8902
186.79.251.41 - - [30/Mar/2017:11:55:16 -0300] "POST /cormun/servlet/trsolicitudot?74e3fd4927e94e3f7520dcf9ee7f5e11,,gx-no-cache=1490885782122 HTTP/1.1" 200 5738
186.79.251.41 - - [30/Mar/2017:11:55:16 -0300] "GET /cormun/static/Shared/jqueryui/images/ui-bg_highlight-soft_100_c6c2c8_1x100.png HTTP/1.1" 404 1117
186.79.251.41 - - [30/Mar/2017:11:55:16 -0300] "GET /cormun/static/Shared/jqueryui/images/ui-icons_82798d_256x240.png HTTP/1.1" 404 1089
186.79.251.41 - - [30/Mar/2017:11:55:17 -0300] "GET /cormun/static/Shared/jqueryui/images/ui-bg_flat_55_fafafa_40x100.png HTTP/1.1" 404 1097
186.79.251.41 - - [30/Mar/2017:11:55:17 -0300] "GET /cormun/static/Shared/jqueryui/images/ui-icons_8d78a5_256x240.png HTTP/1.1" 404 1089
186.79.251.41 - - [30/Mar/2017:11:55:17 -0300] "POST /cormun/servlet/trsolicitudot?74e3fd4927e94e3f7520dcf9ee7f5e11,,gx-no-cache=1490885783880 HTTP/1.1" 200 5679
186.67.172.234 - - [30/Mar/2017:11:55:17 -0300] "GET /cormun/servlet/permisogoce?fc69f47b96eac99f71b44f9b4a1fe0efb0449a7a921dab1392bef3ebdca1eb494809118251c94063d845ac95f0bd7d02,gx-no-cache=1490885784039 HTTP/1.1" 200 70
186.67.172.234 - - [30/Mar/2017:11:55:17 -0300] "GET /cormun/static/menuarrow.gif HTTP/1.1" 404 1015
186.79.251.41 - - [30/Mar/2017:11:55:19 -0300] "GET /cormun/servlet/solicitudot?INS,0,0, HTTP/1.1" 200 12625
186.79.251.41 - - [30/Mar/2017:11:55:20 -0300] "GET /cormun/servlet/solicitudot?INS,0,0, HTTP/1.1" 200 12630
186.79.251.41 - - [30/Mar/2017:11:55:27 -0300] "POST /cormun/servlet/solicitudot?gx-no-cache=1490885793201 HTTP/1.1" 200 3189
186.79.251.41 - - [30/Mar/2017:11:55:28 -0300] "POST /cormun/servlet/solicitudot?74e3fd4927e94e3f7520dcf9ee7f5e11,INS,0,0,,gx-no-cache=1490885794755 HTTP/1.1" 200 9775
186.79.251.41 - - [30/Mar/2017:11:55:30 -0300] "GET /cormun/servlet/solicitudot?5b748aabfa49c8452add40a88006a2cdae4f34f7ce7e3104f991119ec5256f29ae168b5c2b01819947cfbc64f02493fa,gx-no-cache=1490885797919 HTTP/1.1" 200 30
186.79.251.41 - - [30/Mar/2017:11:55:31 -0300] "POST /cormun/servlet/solicitudot?gx-no-cache=1490885798442 HTTP/1.1" 200 255
186.79.251.41 - - [30/Mar/2017:11:55:31 -0300] "GET /cormun/servlet/solicitudot?5b748aabfa49c8452add40a88006a2cd08fc93aeb8b696470b6e2244d1922b7c2f7d6741129a8d3cc6e9c7312e08e9683a8a605f4f4164a09cd8618d796b4a613a6e94bf7ce21928f28e5a1789dc9a8070bd2c61065a778513fb72c77957359082dfd1b0bc4f07178f8c3065ffa5be440722e9963fdf05a3ce20f782a322299dc5ed668a694f6b828258d6fa73859c7259e0852b5434c65f82efae87c5cdf5e045017d1db8fcb3f016452125498f14e13c7fb776c381dbdbbdf36e8a6267ae4e18770bcb3ef732a7b2ade57d149cf1e517458353bc52834948d64d73b926989df9a8edcceb60c3ec37c9593a611fc9ce6ab80f17772686013d2d08ea198b7606dba37540daf45640250f79c3c9c923144ed7dc0399837387c89f8780db36ae8ab4445fd36cf2a7113345776eae65c9ab973dfc9e74626b9376e2905564e711031ad73caac952060a2adb97b5d56728fe80cbe2a88c4544de827665989b299200cd52288a38c89d89f6b51b7e92da2fa54214c701dc17a7e20d4f02b58a9dc3f0,gx-no-cache=1490885798950 HTTP/1.1" 200 30
186.79.251.41 - - [30/Mar/2017:11:55:33 -0300] "POST /cormun/servlet/solicitudot?gx-no-cache=1490885800755 HTTP/1.1" 200 30
186.67.172.234 - - [30/Mar/2017:11:55:35 -0300] "GET /cormun/servlet/permisogoce?fc69f47b96eac99f71b44f9b4a1fe0efdf57cbdabd5bedb06c0db6e0139e27a8bd7cba3f23a14c950c980164a03e3d3c66bd9bd4513f0094c3b5607acce1966b,gx-no-cache=1490885801501 HTTP/1.1" 200 47
186.79.251.41 - - [30/Mar/2017:11:55:36 -0300] "POST /cormun/servlet/solicitudot?gx-no-cache=1490885803542 HTTP/1.1" 200 235
