200.111.191.210 - - [30/Mar/2017:12:09:04 -0300] "GET /cormun/servlet/solicitudotadjuntos?a6522e4e7792b03207bee6238c8fdee47b8ed35957428f999248f3c8e3f128dc,gx-no-cache=1490890117223 HTTP/1.1" 200 30
200.111.191.210 - - [30/Mar/2017:12:09:06 -0300] "POST /cormun/servlet/solicitudotadjuntos?80ed0bd0e5528314cc1ebfc40727d3e3,INS,2017,5826,,1, HTTP/1.1" 200 116
200.111.191.210 - - [30/Mar/2017:12:09:06 -0300] "GET /cormun/servlet/hpexe_return? HTTP/1.1" 200 1020
200.111.191.210 - - [30/Mar/2017:12:09:07 -0300] "GET /cormun/servlet/trsolicitudadjuntos?2017,5826, HTTP/1.1" 200 8912
200.111.191.210 - - [30/Mar/2017:12:09:08 -0300] "GET /cormun/servlet/trsolicitudadjuntos?2017,5826, HTTP/1.1" 200 8911
200.111.191.210 - - [30/Mar/2017:12:09:12 -0300] "GET /cormun/servlet/trsolicitudot? HTTP/1.1" 200 8363
200.111.191.210 - - [30/Mar/2017:12:09:13 -0300] "GET /cormun/servlet/trsolicitudot? HTTP/1.1" 200 8357
186.103.156.166 - - [30/Mar/2017:12:09:16 -0300] "POST /cormun/servlet/trsolicitudot?8696f49596c096b577e8225806acea69,gx-no-cache=1490890225283 HTTP/1.1" 200 106
186.103.156.166 - - [30/Mar/2017:12:09:17 -0300] "GET /cormun/servlet/solicitudot?UPD,2017,5249, HTTP/1.1" 200 14390
186.103.156.166 - - [30/Mar/2017:12:09:17 -0300] "GET /cormun/servlet/solicitudot?UPD,2017,5249, HTTP/1.1" 200 14399
186.103.156.166 - - [30/Mar/2017:12:09:18 -0300] "POST /cormun/servlet/solicitudot?gx-no-cache=1490890226613 HTTP/1.1" 200 3158
186.103.156.166 - - [30/Mar/2017:12:09:18 -0300] "POST /cormun/servlet/solicitudot?8696f49596c096b577e8225806acea69,UPD,2017,5249,,gx-no-cache=1490890226792 HTTP/1.1" 200 11034
186.103.156.166 - - [30/Mar/2017:12:09:18 -0300] "GET /cormun/servlet/solicitudot?504710846e9e7cc74f510b6d9aa3ae5e18b8de2f0af6992ed847ecdccf9987a058b7be46d8b803f806f028fb905f9169,gx-no-cache=1490890227038 HTTP/1.1" 200 30
186.103.156.166 - - [30/Mar/2017:12:09:18 -0300] "POST /cormun/servlet/solicitudot?gx-no-cache=1490890227078 HTTP/1.1" 200 256
186.103.156.166 - - [30/Mar/2017:12:09:19 -0300] "GET /cormun/servlet/solicitudot?504710846e9e7cc74f510b6d9aa3ae5ea7704b3d3aae7d048d46e5077cd8fe39ccc2388d674d4c4f229b072e435550aaff188a2fccd2191d72e4d78ff48b5394d6e8487fb8ab09e303a35c617940e166576d2ea74083023c2f53144ca96e99926b31dca4c9f24b2dde63ecc978382fe9e7b37c2e2ad4594e98195a5f4e4f03b5459403dfb79ab220b14b116c388bb0ae99339e53d45994782c4aa361656ac2f92f618ede76aac525af8d9f759b82bb395bd914c00d2c2927f08ab7ae6cc6a8156328cec70f07fb10fa547597bfd8c76e499b4251ff2846ca9029cff0d846bfdb6c9633aad83e62babe30e24bce856dd352fa4d4a1b3d084ca3ed98cae7af42b0fa6df2302ee5edcb4c903c3f33e45273ecdd62f8b18f4c0efbebadd0623a0e2da1a9a9bf4d995b9b5614a1df8f85e5188929af6ac3014056002f3ee93a0845bd8dd800d37c4aaa7c4ea3d5b5064e11c7224fce158b12577437aaa38b8c9fb283ca6bce4ae694a1af9ea7042456575f47b79402072b3b7a43453cccef655d765a,gx-no-cache=1490890227120 HTTP/1.1" 200 30
186.103.156.166 - - [30/Mar/2017:12:09:19 -0300] "POST /cormun/servlet/solicitudot?gx-no-cache=1490890227471 HTTP/1.1" 200 30
200.111.191.210 - - [30/Mar/2017:12:09:19 -0300] "POST /cormun/servlet/trsolicitudot?80ed0bd0e5528314cc1ebfc40727d3e3,,gx-no-cache=1490890132197 HTTP/1.1" 200 5086
200.111.191.210 - - [30/Mar/2017:12:09:19 -0300] "GET /cormun/static/Shared/jqueryui/images/ui-bg_highlight-soft_100_c6c2c8_1x100.png HTTP/1.1" 404 1117
186.103.156.166 - - [30/Mar/2017:12:09:19 -0300] "POST /cormun/servlet/solicitudot?gx-no-cache=1490890227534 HTTP/1.1" 200 1290
200.111.191.210 - - [30/Mar/2017:12:09:19 -0300] "GET /cormun/static/Shared/jqueryui/images/ui-icons_82798d_256x240.png HTTP/1.1" 404 1089
200.111.191.210 - - [30/Mar/2017:12:09:19 -0300] "GET /cormun/static/Shared/jqueryui/images/ui-bg_flat_55_fafafa_40x100.png HTTP/1.1" 404 1097
200.111.191.210 - - [30/Mar/2017:12:09:19 -0300] "GET /cormun/static/Shared/jqueryui/images/ui-icons_8d78a5_256x240.png HTTP/1.1" 404 1089
186.103.156.166 - - [30/Mar/2017:12:09:19 -0300] "POST /cormun/servlet/solicitudot?gx-no-cache=1490890227596 HTTP/1.1" 200 41
200.111.191.210 - - [30/Mar/2017:12:09:19 -0300] "POST /cormun/servlet/trsolicitudot?80ed0bd0e5528314cc1ebfc40727d3e3,,gx-no-cache=1490890132376 HTTP/1.1" 200 5027
200.111.191.210 - - [30/Mar/2017:12:09:22 -0300] "GET /cormun/servlet/trlicencias? HTTP/1.1" 200 6592
200.111.191.210 - - [30/Mar/2017:12:09:23 -0300] "GET /cormun/servlet/trlicencias? HTTP/1.1" 200 6592
200.111.191.210 - - [30/Mar/2017:12:09:24 -0300] "GET /cormun/servlet/hlogin HTTP/1.1" 200 1733
200.111.191.210 - - [30/Mar/2017:12:09:35 -0300] "POST /cormun/servlet/hlogin?80ed0bd0e5528314cc1ebfc40727d3e3,gx-no-cache=1490890148719 HTTP/1.1" 200 448
186.103.156.166 - - [30/Mar/2017:12:09:37 -0300] "GET /cormun/servlet/trsolicitudot HTTP/1.1" 200 8684
186.103.156.166 - - [30/Mar/2017:12:09:38 -0300] "GET /cormun/servlet/trsolicitudot HTTP/1.1" 200 8680
186.79.86.180 - - [30/Mar/2017:12:09:40 -0300] "POST /cormun/servlet/solicitudot?gx-no-cache=1490886648902 HTTP/1.1" 200 3212
186.79.86.180 - - [30/Mar/2017:12:09:41 -0300] "POST /cormun/servlet/solicitudot?8bd2ba30f4c38cf86e5fda6d8689509c,INS,0,0,,gx-no-cache=1490886649384 HTTP/1.1" 200 9771
200.111.191.210 - - [30/Mar/2017:12:09:45 -0300] "POST /cormun/servlet/hlogin?80ed0bd0e5528314cc1ebfc40727d3e3,gx-no-cache=1490890158453 HTTP/1.1" 200 90
200.111.191.210 - - [30/Mar/2017:12:09:45 -0300] "GET /cormun/servlet/hpexe_link HTTP/1.1" 200 948
200.111.191.210 - - [30/Mar/2017:12:09:45 -0300] "GET /cormun/servlet/hhome HTTP/1.1" 200 3936
186.79.86.180 - - [30/Mar/2017:12:09:45 -0300] "GET /cormun/servlet/solicitudot?07c06e93d0fc20f39ced9d1d1ebb01eead9b0684e1d5293b324ae872d465cb7ff58bedb9f5ff0a257747ed40c5627e70,gx-no-cache=1490886654328 HTTP/1.1" 200 30
186.79.86.180 - - [30/Mar/2017:12:09:45 -0300] "POST /cormun/servlet/solicitudot?gx-no-cache=1490886654454 HTTP/1.1" 200 240
186.79.86.180 - - [30/Mar/2017:12:09:45 -0300] "GET /cormun/servlet/solicitudot?07c06e93d0fc20f39ced9d1d1ebb01ee47acd61d87c83ca0accf8c713a9a47a702772b5847bbe2748e5a2841c04774e36e0e271be7e94462b78a7ec70759b07d2761caeda8834d5b751d7e539f4faa497d471bf7b959c1aa6f4de73f083e0cb720bddadbe6f0c8494021e0c41ee2b626cf71bb21757ef817d11c2d021551b4400fcf4a157caf948d9a97cf2b097f80b45ae032a1b7e17ab0e73ff38d06c97f256a174695cca4f555976688bc43c86b4479abf6ccc894af1852530bb905e9679215c7e857b02f2413ff067777744c308e198c1576250a2d057298843110a9a3589cd565522fd51b58a72eedcb165e31d8b790d173d20386b8a27d3bc6e806d5444fa88989004732c64862695293f733c62727b2ceba1e5f052cbf5ef450aea8e761cb499c316680a8b737e520ff86ffaea96f12c66884e0a0477e4a65b06194fa8c7cd9119fe5e7802b56ef00ae8a989e48ac38683ff70e8cd38f7ef28628dd4e0b3dd858163d2b9d0754536a746936bf954d893e867f9db6bef6c9b85c72f613,gx-no-cache=1490886654569 HTTP/1.1" 200 30
200.111.191.210 - - [30/Mar/2017:12:09:45 -0300] "GET /cormun/servlet/hhome HTTP/1.1" 200 3934
186.79.86.180 - - [30/Mar/2017:12:09:48 -0300] "POST /cormun/servlet/solicitudot?gx-no-cache=1490886656840 HTTP/1.1" 200 30
200.111.191.210 - - [30/Mar/2017:12:09:49 -0300] "GET /cormun/servlet/trautorizarsolicitud? HTTP/1.1" 200 8091
200.111.191.210 - - [30/Mar/2017:12:09:49 -0300] "GET /cormun/static/gxcfg.js?2017259112829 HTTP/1.1" 200 953
200.111.191.210 - - [30/Mar/2017:12:09:49 -0300] "GET /cormun/static/trautorizarsolicitud.js?2017259113483 HTTP/1.1" 304 -
192.168.10.13 - - [30/Mar/2017:12:09:50 -0300] "GET / HTTP/1.1" 200 11217
200.111.191.210 - - [30/Mar/2017:12:09:50 -0300] "GET /cormun/servlet/trautorizarsolicitud? HTTP/1.1" 200 8091
186.79.86.180 - - [30/Mar/2017:12:09:52 -0300] "POST /cormun/servlet/solicitudot?gx-no-cache=1490886661219 HTTP/1.1" 200 1290
186.79.86.180 - - [30/Mar/2017:12:09:52 -0300] "POST /cormun/servlet/solicitudot?gx-no-cache=1490886661379 HTTP/1.1" 200 38
200.111.191.210 - - [30/Mar/2017:12:10:06 -0300] "POST /cormun/servlet/trautorizarsolicitud?80ed0bd0e5528314cc1ebfc40727d3e3,,gx-no-cache=1490890179503 HTTP/1.1" 200 4298
200.111.191.210 - - [30/Mar/2017:12:10:06 -0300] "GET /cormun/static/Shared/jqueryui/images/ui-bg_highlight-soft_100_c6c2c8_1x100.png HTTP/1.1" 404 1117
200.111.191.210 - - [30/Mar/2017:12:10:06 -0300] "GET /cormun/static/Shared/jqueryui/images/ui-bg_flat_55_fafafa_40x100.png HTTP/1.1" 404 1097
200.111.191.210 - - [30/Mar/2017:12:10:06 -0300] "GET /cormun/static/Shared/jqueryui/images/ui-icons_82798d_256x240.png HTTP/1.1" 404 1089
200.111.191.210 - - [30/Mar/2017:12:10:06 -0300] "GET /cormun/static/Shared/jqueryui/images/ui-icons_8d78a5_256x240.png HTTP/1.1" 404 1089
200.111.191.210 - - [30/Mar/2017:12:10:06 -0300] "POST /cormun/servlet/trautorizarsolicitud?80ed0bd0e5528314cc1ebfc40727d3e3,,gx-no-cache=1490890179663 HTTP/1.1" 200 4083
200.83.57.219 - - [30/Mar/2017:12:10:30 -0300] "GET /cormun/servlet/hlogin HTTP/1.1" 200 1732
200.83.57.219 - - [30/Mar/2017:12:10:30 -0300] "GET /cormun/static/Resources/Spanish/PXTools.css?11294912 HTTP/1.1" 304 -
200.83.57.219 - - [30/Mar/2017:12:10:30 -0300] "GET /cormun/static/gxcfg.js?201731711485472 HTTP/1.1" 200 953
200.83.57.219 - - [30/Mar/2017:12:10:30 -0300] "GET /cormun/static/messages.spa.js?85251 HTTP/1.1" 200 30736
200.83.57.219 - - [30/Mar/2017:12:10:30 -0300] "GET /cormun/static/hlogin.js?201731711485490 HTTP/1.1" 304 -
200.83.57.219 - - [30/Mar/2017:12:10:30 -0300] "GET /cormun/servlet/hlogin HTTP/1.1" 200 1738
186.103.156.166 - - [30/Mar/2017:12:10:33 -0300] "POST /cormun/servlet/trsolicitudot?8696f49596c096b577e8225806acea69,gx-no-cache=1490890301538 HTTP/1.1" 200 106
186.103.156.166 - - [30/Mar/2017:12:10:33 -0300] "GET /cormun/servlet/trsolicitudadjuntos?2017,5825, HTTP/1.1" 200 6071
186.103.156.166 - - [30/Mar/2017:12:10:33 -0300] "GET /cormun/static/gxcfg.js?201731711504543 HTTP/1.1" 200 953
186.103.156.166 - - [30/Mar/2017:12:10:33 -0300] "GET /cormun/static/trsolicitudadjuntos.js?201731711504951 HTTP/1.1" 200 17913
186.103.156.166 - - [30/Mar/2017:12:10:33 -0300] "GET /cormun/servlet/trsolicitudadjuntos?2017,5825, HTTP/1.1" 200 6071
186.103.156.166 - - [30/Mar/2017:12:10:41 -0300] "GET /cormun/servlet/solicitudotadjuntos?INS,2017,5825,,1, HTTP/1.1" 200 6008
186.103.156.166 - - [30/Mar/2017:12:10:41 -0300] "GET /cormun/static/gxcfg.js?201612218465951 HTTP/1.1" 200 953
186.103.156.166 - - [30/Mar/2017:12:10:41 -0300] "GET /cormun/static/solicitudotadjuntos.js?201612218465969 HTTP/1.1" 200 11762
186.103.156.166 - - [30/Mar/2017:12:10:42 -0300] "GET /cormun/static/about:blank HTTP/1.1" 404 1011
186.103.156.166 - - [30/Mar/2017:12:10:42 -0300] "GET /cormun/servlet/solicitudotadjuntos?INS,2017,5825,,1, HTTP/1.1" 200 6002
186.103.156.166 - - [30/Mar/2017:12:10:42 -0300] "GET /cormun/servlet/solicitudotadjuntos?504710846e9e7cc74f510b6d9aa3ae5e78d75a56a08560f001e78b189ef9e418432ed72f256a0573305dbab9c8e92185,gx-no-cache=1490890310952 HTTP/1.1" 200 30
186.103.156.166 - - [30/Mar/2017:12:10:42 -0300] "POST /cormun/servlet/solicitudotadjuntos?8696f49596c096b577e8225806acea69,INS,2017,5825,,1,,gx-no-cache=1490890310989 HTTP/1.1" 200 3861
200.83.57.219 - - [30/Mar/2017:12:10:42 -0300] "POST /cormun/servlet/hlogin?c8d7520752ed04b9f12f2d6000f351e2,gx-no-cache=1490886707604 HTTP/1.1" 200 90
200.83.57.219 - - [30/Mar/2017:12:10:42 -0300] "GET /cormun/servlet/hpexe_link HTTP/1.1" 200 958
200.83.57.219 - - [30/Mar/2017:12:10:42 -0300] "GET /cormun/static/gxcfg.js?201731711483381 HTTP/1.1" 200 953
200.83.57.219 - - [30/Mar/2017:12:10:42 -0300] "GET /cormun/static/hpexe_link.js?201731711483384 HTTP/1.1" 304 -
200.83.57.219 - - [30/Mar/2017:12:10:43 -0300] "GET /cormun/servlet/hhome HTTP/1.1" 200 4112
200.83.57.219 - - [30/Mar/2017:12:10:43 -0300] "GET /cormun/static/gxcfg.js?201731711483497 HTTP/1.1" 200 953
200.83.57.219 - - [30/Mar/2017:12:10:43 -0300] "GET /cormun/static/hwchdr01.js?201731711335950 HTTP/1.1" 304 -
200.83.57.219 - - [30/Mar/2017:12:10:43 -0300] "GET /cormun/static/hhome.js?20173171148352 HTTP/1.1" 304 -
200.83.57.219 - - [30/Mar/2017:12:10:43 -0300] "GET /cormun/static/hpexe_recentlink.js?201610171694390 HTTP/1.1" 304 -
200.83.57.219 - - [30/Mar/2017:12:10:43 -0300] "GET /cormun/static/hpexe_scripts.js?201731711335890 HTTP/1.1" 304 -
200.83.57.219 - - [30/Mar/2017:12:10:43 -0300] "GET /cormun/static/hpexe_messagegenexuscomponent.js?201731711335537 HTTP/1.1" 304 -
200.83.57.219 - - [30/Mar/2017:12:10:43 -0300] "GET /cormun/static/hpexe_messagepopupcomponent.js?20161017169425 HTTP/1.1" 304 -
200.83.57.219 - - [30/Mar/2017:12:10:43 -0300] "GET /cormun/static/hpexe_messagecontroller.js?201610171694323 HTTP/1.1" 304 -
200.83.57.219 - - [30/Mar/2017:12:10:43 -0300] "GET /cormun/static/cmcontrolpreferences.js?201731711335852 HTTP/1.1" 304 -
200.83.57.219 - - [30/Mar/2017:12:10:43 -0300] "GET /cormun/static/hmpwkw03.js?201731711485354 HTTP/1.1" 304 -
200.83.57.219 - - [30/Mar/2017:12:10:43 -0300] "GET /cormun/servlet/hhome HTTP/1.1" 200 4110
200.83.57.219 - - [30/Mar/2017:12:10:46 -0300] "GET /cormun/servlet/trcontratounov2? HTTP/1.1" 200 16669
200.83.57.219 - - [30/Mar/2017:12:10:46 -0300] "GET /cormun/static/gxcfg.js?201731711595461 HTTP/1.1" 200 953
200.83.57.219 - - [30/Mar/2017:12:10:46 -0300] "GET /cormun/static/trcontratounov2.js?2017317120150 HTTP/1.1" 304 -
200.83.57.219 - - [30/Mar/2017:12:10:47 -0300] "GET /cormun/servlet/trcontratounov2? HTTP/1.1" 200 16658
186.103.156.166 - - [30/Mar/2017:12:10:47 -0300] "POST /cormun/servlet/solicitudotadjuntos?gx-no-cache=1490890315917 HTTP/1.1" 200 26
192.168.10.13 - - [30/Mar/2017:12:10:50 -0300] "GET / HTTP/1.1" 200 11217
200.83.57.219 - - [30/Mar/2017:12:10:55 -0300] "POST /cormun/servlet/trcontratounov2?c8d7520752ed04b9f12f2d6000f351e2,,gx-no-cache=1490886720240 HTTP/1.1" 200 7193
186.103.156.166 - - [30/Mar/2017:12:11:17 -0300] "GET /cormun/servlet/solicitudotadjuntos?504710846e9e7cc74f510b6d9aa3ae5eb9667914a60c0eec4a06c4fb99f3a5c9,gx-no-cache=1490890345897 HTTP/1.1" 200 30
186.103.156.166 - - [30/Mar/2017:12:11:17 -0300] "GET /cormun/servlet/solicitudotadjuntos?504710846e9e7cc74f510b6d9aa3ae5eb9667914a60c0eec4a06c4fb99f3a5c9,gx-no-cache=1490890345939 HTTP/1.1" 200 30
186.103.156.166 - - [30/Mar/2017:12:11:19 -0300] "POST /cormun/servlet/solicitudotadjuntos?8696f49596c096b577e8225806acea69,INS,2017,5825,,1, HTTP/1.1" 200 116
186.103.156.166 - - [30/Mar/2017:12:11:19 -0300] "GET /cormun/servlet/hpexe_return? HTTP/1.1" 200 1032
186.103.156.166 - - [30/Mar/2017:12:11:19 -0300] "GET /cormun/servlet/trsolicitudadjuntos?2017,5825, HTTP/1.1" 200 8236
186.103.156.166 - - [30/Mar/2017:12:11:20 -0300] "GET /cormun/servlet/trsolicitudadjuntos?2017,5825, HTTP/1.1" 200 8231
186.103.156.166 - - [30/Mar/2017:12:11:35 -0300] "GET /cormun/servlet/solicitudotadjuntos?INS,2017,5825,,1, HTTP/1.1" 200 6009
186.103.156.166 - - [30/Mar/2017:12:11:35 -0300] "GET /cormun/servlet/solicitudotadjuntos?INS,2017,5825,,1, HTTP/1.1" 200 6003
186.103.156.166 - - [30/Mar/2017:12:11:36 -0300] "GET /cormun/servlet/solicitudotadjuntos?504710846e9e7cc74f510b6d9aa3ae5e78d75a56a08560f001e78b189ef9e418432ed72f256a0573305dbab9c8e92185,gx-no-cache=1490890364469 HTTP/1.1" 200 30
186.103.156.166 - - [30/Mar/2017:12:11:36 -0300] "POST /cormun/servlet/solicitudotadjuntos?8696f49596c096b577e8225806acea69,INS,2017,5825,,1,,gx-no-cache=1490890364505 HTTP/1.1" 200 3862
200.83.57.219 - - [30/Mar/2017:12:11:36 -0300] "POST /cormun/servlet/trcontratounov2?c8d7520752ed04b9f12f2d6000f351e2,,gx-no-cache=1490886761073 HTTP/1.1" 200 5816
192.168.10.13 - - [30/Mar/2017:12:11:50 -0300] "GET / HTTP/1.1" 200 11217
186.103.156.166 - - [30/Mar/2017:12:11:50 -0300] "POST /cormun/servlet/solicitudotadjuntos?gx-no-cache=1490890378807 HTTP/1.1" 200 26
186.103.156.166 - - [30/Mar/2017:12:12:00 -0300] "GET /cormun/servlet/trsolicitudadjuntos?2017,5825, HTTP/1.1" 200 8232
186.103.156.166 - - [30/Mar/2017:12:12:01 -0300] "GET /cormun/servlet/trsolicitudadjuntos?2017,5825, HTTP/1.1" 200 8231
186.103.156.166 - - [30/Mar/2017:12:12:01 -0300] "GET /cormun/servlet/trsolicitudot HTTP/1.1" 200 8684
186.103.156.166 - - [30/Mar/2017:12:12:02 -0300] "GET /cormun/servlet/trsolicitudot HTTP/1.1" 200 8680
186.103.156.166 - - [30/Mar/2017:12:12:07 -0300] "GET /cormun/servlet/solicitudot?INS,0,0, HTTP/1.1" 200 12759
186.103.156.166 - - [30/Mar/2017:12:12:08 -0300] "GET /cormun/servlet/solicitudot?INS,0,0, HTTP/1.1" 200 12764
186.103.156.166 - - [30/Mar/2017:12:12:12 -0300] "GET /cormun/servlet/trsolicitudot HTTP/1.1" 200 8684
186.103.156.166 - - [30/Mar/2017:12:12:13 -0300] "GET /cormun/servlet/trsolicitudot HTTP/1.1" 200 8680
186.79.86.180 - - [30/Mar/2017:12:12:19 -0300] "GET /cormun/servlet/solicitudot?07c06e93d0fc20f39ced9d1d1ebb01ee6f611f6363f59ba1123cea0829c69f741626904a37a6bff51d88762cb563310efabb77eb7c177e707cbace33a087d04e971688e9869cb7f12840ded60f16131e46c61c23e9a2ccae6491f9f1edb768ff4cb55326ca31a1da535f8b08e154b8bb,gx-no-cache=1490886805008 HTTP/1.1" 200 29
186.79.86.180 - - [30/Mar/2017:12:12:19 -0300] "POST /cormun/servlet/solicitudot?gx-no-cache=1490886808222 HTTP/1.1" 200 1274
186.79.86.180 - - [30/Mar/2017:12:12:19 -0300] "POST /cormun/servlet/solicitudot?gx-no-cache=1490886808553 HTTP/1.1" 200 1156
186.103.156.166 - - [30/Mar/2017:12:12:28 -0300] "POST /cormun/servlet/trsolicitudot?8696f49596c096b577e8225806acea69,gx-no-cache=1490890416526 HTTP/1.1" 200 106
186.103.156.166 - - [30/Mar/2017:12:12:28 -0300] "GET /cormun/servlet/solicitudot?UPD,2017,5825, HTTP/1.1" 200 14408
186.103.156.166 - - [30/Mar/2017:12:12:28 -0300] "GET /cormun/servlet/solicitudot?UPD,2017,5825, HTTP/1.1" 200 14417
186.103.156.166 - - [30/Mar/2017:12:12:29 -0300] "POST /cormun/servlet/solicitudot?gx-no-cache=1490890417744 HTTP/1.1" 200 3163
186.103.156.166 - - [30/Mar/2017:12:12:29 -0300] "POST /cormun/servlet/solicitudot?8696f49596c096b577e8225806acea69,UPD,2017,5825,,gx-no-cache=1490890417953 HTTP/1.1" 200 11029
186.103.156.166 - - [30/Mar/2017:12:12:29 -0300] "GET /cormun/servlet/solicitudot?504710846e9e7cc74f510b6d9aa3ae5e5847e0fdce4ff2443a0ea53394a803ed58b7be46d8b803f806f028fb905f9169,gx-no-cache=1490890418176 HTTP/1.1" 200 30
186.103.156.166 - - [30/Mar/2017:12:12:29 -0300] "POST /cormun/servlet/solicitudot?gx-no-cache=1490890418215 HTTP/1.1" 200 254
186.103.156.166 - - [30/Mar/2017:12:12:30 -0300] "GET /cormun/servlet/solicitudot?504710846e9e7cc74f510b6d9aa3ae5ea7704b3d3aae7d048d46e5077cd8fe39ccc2388d674d4c4f229b072e435550aaff188a2fccd2191d72e4d78ff48b5394d6e8487fb8ab09e303a35c617940e166576d2ea74083023c2f53144ca96e99926b31dca4c9f24b2dde63ecc978382fe9e7b37c2e2ad4594e98195a5f4e4f03b5459403dfb79ab220b14b116c388bb0ae99339e53d45994782c4aa361656ac2f92f618ede76aac525af8d9f759b82bb395bd914c00d2c2927f08ab7ae6cc6a8156328cec70f07fb10fa547597bfd8c76e499b4251ff2846ca9029cff0d846bfdb6c9633aad83e62babe30e24bce856dd352fa4d4a1b3d084ca3ed98cae7af42b0fa6df2302ee5edcb4c903c3f33e45273ecdd62f8b18f4c0efbebadd0623a0e2da1a9a9bf4d995b9b5614a1df8f85e5188929af6ac3014056002f3ee93a0845bd8dd800d37c4aaa7c4ea3d5b5064e11c7224fce158b12577437aaa38b8c9fb283ca6bce4ae694a1af9ea7042456575f47b79402072b3b7a43453cccef655d765a,gx-no-cache=1490890418264 HTTP/1.1" 200 30
186.103.156.166 - - [30/Mar/2017:12:12:30 -0300] "POST /cormun/servlet/solicitudot?gx-no-cache=1490890418613 HTTP/1.1" 200 30
186.103.156.166 - - [30/Mar/2017:12:12:30 -0300] "POST /cormun/servlet/solicitudot?gx-no-cache=1490890418699 HTTP/1.1" 200 1287
186.103.156.166 - - [30/Mar/2017:12:12:30 -0300] "POST /cormun/servlet/solicitudot?gx-no-cache=1490890418822 HTTP/1.1" 200 41
186.103.156.166 - - [30/Mar/2017:12:12:30 -0300] "GET /cormun/servlet/trsolicitudot HTTP/1.1" 200 8684
186.103.156.166 - - [30/Mar/2017:12:12:31 -0300] "GET /cormun/servlet/trsolicitudot HTTP/1.1" 200 8680
186.103.156.166 - - [30/Mar/2017:12:12:45 -0300] "POST /cormun/servlet/trsolicitudot?8696f49596c096b577e8225806acea69,gx-no-cache=1490890433713 HTTP/1.1" 200 5876
192.168.10.13 - - [30/Mar/2017:12:12:50 -0300] "GET / HTTP/1.1" 200 11217
186.103.156.166 - - [30/Mar/2017:12:13:00 -0300] "POST /cormun/servlet/trsolicitudot?8696f49596c096b577e8225806acea69,gx-no-cache=1490890449071 HTTP/1.1" 200 106
186.103.156.166 - - [30/Mar/2017:12:13:00 -0300] "GET /cormun/servlet/trsolicitudadjuntos?2017,5825, HTTP/1.1" 200 8232
186.103.156.166 - - [30/Mar/2017:12:13:01 -0300] "GET /cormun/servlet/trsolicitudadjuntos?2017,5825, HTTP/1.1" 200 8232
200.83.57.219 - - [30/Mar/2017:12:13:15 -0300] "POST /cormun/servlet/trcontratounov2?c8d7520752ed04b9f12f2d6000f351e2,,gx-no-cache=1490886860576 HTTP/1.1" 200 5675
186.103.156.166 - - [30/Mar/2017:12:13:26 -0300] "GET /cormun/servlet/solicitudotadjuntos?DLT,2017,5825,CARNET,0, HTTP/1.1" 200 6000
186.103.156.166 - - [30/Mar/2017:12:13:26 -0300] "GET /cormun/PublicTempStorage/cedula_identidad3625977.pdf HTTP/1.1" 200 1083248
186.103.156.166 - - [30/Mar/2017:12:13:26 -0300] "GET /cormun/static/Shared/jqueryui/images/ui-bg_highlight-soft_100_c6c2c8_1x100.png HTTP/1.1" 404 1117
186.103.156.166 - - [30/Mar/2017:12:13:26 -0300] "GET /cormun/static/Shared/jqueryui/images/ui-icons_82798d_256x240.png HTTP/1.1" 404 1089
186.103.156.166 - - [30/Mar/2017:12:13:26 -0300] "GET /cormun/static/Shared/jqueryui/images/ui-bg_flat_55_fafafa_40x100.png HTTP/1.1" 404 1097
186.103.156.166 - - [30/Mar/2017:12:13:26 -0300] "GET /cormun/static/Shared/jqueryui/images/ui-icons_8d78a5_256x240.png HTTP/1.1" 404 1089
186.103.156.166 - - [30/Mar/2017:12:13:27 -0300] "GET /cormun/servlet/solicitudotadjuntos?DLT,2017,5825,CARNET,0, HTTP/1.1" 200 5993
186.103.156.166 - - [30/Mar/2017:12:13:34 -0300] "POST /cormun/servlet/solicitudotadjuntos?8696f49596c096b577e8225806acea69,DLT,2017,5825,CARNET,0,,gx-no-cache=1490890482449 HTTP/1.1" 200 93
186.103.156.166 - - [30/Mar/2017:12:13:34 -0300] "GET /cormun/servlet/hpexe_return? HTTP/1.1" 200 1037
186.103.156.166 - - [30/Mar/2017:12:13:34 -0300] "GET /cormun/servlet/trsolicitudadjuntos?2017,5825, HTTP/1.1" 200 8236
186.103.156.166 - - [30/Mar/2017:12:13:34 -0300] "GET /cormun/servlet/trsolicitudadjuntos?2017,5825, HTTP/1.1" 200 8231
186.103.156.166 - - [30/Mar/2017:12:13:41 -0300] "GET /cormun/servlet/solicitudotadjuntos?DLT,2017,5825,CARNET,0, HTTP/1.1" 200 6000
186.103.156.166 - - [30/Mar/2017:12:13:42 -0300] "GET /cormun/servlet/solicitudotadjuntos?DLT,2017,5825,CARNET,0, HTTP/1.1" 200 5993
186.103.156.166 - - [30/Mar/2017:12:13:42 -0300] "GET /cormun/PublicTempStorage/cedula_identidad8531097.pdf HTTP/1.1" 200 1083248
186.103.156.166 - - [30/Mar/2017:12:13:43 -0300] "POST /cormun/servlet/solicitudotadjuntos?8696f49596c096b577e8225806acea69,DLT,2017,5825,CARNET,0,,gx-no-cache=1490890492074 HTTP/1.1" 200 93
186.103.156.166 - - [30/Mar/2017:12:13:43 -0300] "GET /cormun/servlet/hpexe_return? HTTP/1.1" 200 1037
186.103.156.166 - - [30/Mar/2017:12:13:44 -0300] "GET /cormun/servlet/trsolicitudadjuntos?2017,5825, HTTP/1.1" 200 8235
186.103.156.166 - - [30/Mar/2017:12:13:44 -0300] "GET /cormun/servlet/trsolicitudadjuntos?2017,5825, HTTP/1.1" 200 8232
192.168.10.13 - - [30/Mar/2017:12:13:50 -0300] "GET / HTTP/1.1" 200 11217
186.103.156.166 - - [30/Mar/2017:12:13:53 -0300] "GET /cormun/servlet/trlicencias? HTTP/1.1" 200 5975
186.103.156.166 - - [30/Mar/2017:12:13:53 -0300] "GET /cormun/static/Resources/Spanish/PXTools.css?18365030 HTTP/1.1" 304 -
186.103.156.166 - - [30/Mar/2017:12:13:53 -0300] "GET /cormun/static/gxcfg.js?2016122619301429 HTTP/1.1" 200 953
186.103.156.166 - - [30/Mar/2017:12:13:53 -0300] "GET /cormun/static/trlicencias.js?2016122619301919 HTTP/1.1" 304 -
186.103.156.166 - - [30/Mar/2017:12:13:54 -0300] "GET /cormun/servlet/hlogin HTTP/1.1" 200 1743
186.103.156.166 - - [30/Mar/2017:12:13:54 -0300] "GET /cormun/servlet/trlicencias? HTTP/1.1" 200 5974
186.103.156.166 - - [30/Mar/2017:12:13:54 -0300] "GET /cormun/static/gxcfg.js?201731711485472 HTTP/1.1" 304 -
186.103.156.166 - - [30/Mar/2017:12:14:07 -0300] "GET /cormun/servlet/trautorizarsolicitud? HTTP/1.1" 200 6891
186.103.156.166 - - [30/Mar/2017:12:14:07 -0300] "GET /cormun/static/gxcfg.js?2017259112829 HTTP/1.1" 304 -
186.103.156.166 - - [30/Mar/2017:12:14:08 -0300] "GET /cormun/servlet/trautorizarsolicitud? HTTP/1.1" 200 6887
186.103.156.166 - - [30/Mar/2017:12:14:15 -0300] "GET /cormun/servlet/solicitudot?INS,0,0, HTTP/1.1" 200 12771
186.103.156.166 - - [30/Mar/2017:12:14:15 -0300] "GET /cormun/servlet/solicitudot?INS,0,0, HTTP/1.1" 200 12776
186.103.156.166 - - [30/Mar/2017:12:14:23 -0300] "GET /cormun/servlet/trsolicitudot? HTTP/1.1" 200 8681
186.103.156.166 - - [30/Mar/2017:12:14:24 -0300] "GET /cormun/servlet/trsolicitudot? HTTP/1.1" 200 8680
186.103.156.166 - - [30/Mar/2017:12:14:47 -0300] "POST /cormun/servlet/hlogin?fe2563fbf453eb4a91a802361c0362af,gx-no-cache=1490890544170 HTTP/1.1" 200 90
186.103.156.166 - - [30/Mar/2017:12:14:47 -0300] "GET /cormun/servlet/hpexe_link HTTP/1.1" 200 960
186.103.156.166 - - [30/Mar/2017:12:14:47 -0300] "GET /cormun/static/gxcfg.js?201731711483381 HTTP/1.1" 304 -
186.103.156.166 - - [30/Mar/2017:12:14:47 -0300] "GET /cormun/servlet/trlicencias HTTP/1.1" 200 6376
186.103.156.166 - - [30/Mar/2017:12:14:48 -0300] "GET /cormun/servlet/trlicencias HTTP/1.1" 200 6374
192.168.10.13 - - [30/Mar/2017:12:14:50 -0300] "GET / HTTP/1.1" 200 11217
186.103.156.166 - - [30/Mar/2017:12:14:58 -0300] "GET /cormun/servlet/licenciaspermisos?INS,0,,, HTTP/1.1" 200 7097
186.103.156.166 - - [30/Mar/2017:12:14:58 -0300] "GET /cormun/static/gxcfg.js?20173291150977 HTTP/1.1" 200 953
186.103.156.166 - - [30/Mar/2017:12:14:58 -0300] "GET /cormun/static/licenciaspermisos.js?201732911501028 HTTP/1.1" 200 34423
186.103.156.166 - - [30/Mar/2017:12:14:58 -0300] "GET /cormun/servlet/licenciaspermisos?INS,0,,, HTTP/1.1" 200 7097
192.168.10.89 - - [30/Mar/2017:12:15:20 -0300] "POST /cormun/servlet/trsolicitudgral?a82acce7563151b71ed208fd552ff699,,gx-no-cache=1490890198119 HTTP/1.1" 440 972
192.168.10.89 - - [30/Mar/2017:12:15:21 -0300] "GET /cormun/servlet/trsolicitudgral? HTTP/1.1" 200 23699
192.168.10.89 - - [30/Mar/2017:12:15:22 -0300] "GET /cormun/servlet/hlogin HTTP/1.1" 200 1747
192.168.10.89 - - [30/Mar/2017:12:15:30 -0300] "POST /cormun/servlet/hlogin?13a48f70a27847c83dd237fefb7ba970,gx-no-cache=1490890208132 HTTP/1.1" 200 457
192.168.10.89 - - [30/Mar/2017:12:15:33 -0300] "POST /cormun/servlet/hlogin?13a48f70a27847c83dd237fefb7ba970,gx-no-cache=1490890211891 HTTP/1.1" 200 90
192.168.10.89 - - [30/Mar/2017:12:15:33 -0300] "GET /cormun/servlet/hpexe_link HTTP/1.1" 200 963
192.168.10.89 - - [30/Mar/2017:12:15:34 -0300] "GET /cormun/servlet/trsolicitudgral HTTP/1.1" 200 24895
186.103.156.166 - - [30/Mar/2017:12:15:41 -0300] "POST /cormun/servlet/trsolicitudot?8696f49596c096b577e8225806acea69,,gx-no-cache=1490890609628 HTTP/1.1" 200 5873
192.168.10.89 - - [30/Mar/2017:12:15:41 -0300] "GET /cormun/static/menuarrow.gif HTTP/1.1" 404 1015
186.103.156.166 - - [30/Mar/2017:12:15:43 -0300] "POST /cormun/servlet/trsolicitudot?8696f49596c096b577e8225806acea69,,gx-no-cache=1490890611347 HTTP/1.1" 200 5873
192.168.10.89 - - [30/Mar/2017:12:15:49 -0300] "POST /cormun/servlet/trsolicitudgral?13a48f70a27847c83dd237fefb7ba970,gx-no-cache=1490890227428 HTTP/1.1" 200 6536
192.168.10.13 - - [30/Mar/2017:12:15:50 -0300] "GET / HTTP/1.1" 200 11217
192.168.10.89 - - [30/Mar/2017:12:15:57 -0300] "GET /cormun/servlet/trconsultaempleado? HTTP/1.1" 200 9710
186.103.156.166 - - [30/Mar/2017:12:16:02 -0300] "POST /cormun/servlet/trsolicitudot?8696f49596c096b577e8225806acea69,,gx-no-cache=1490890630888 HTTP/1.1" 200 106
186.103.156.166 - - [30/Mar/2017:12:16:02 -0300] "GET /cormun/servlet/solicitudot?DLT,2017,5249, HTTP/1.1" 200 9502
186.103.156.166 - - [30/Mar/2017:12:16:03 -0300] "GET /cormun/static/Shared/jqueryui/images/ui-bg_highlight-soft_100_c6c2c8_1x100.png HTTP/1.1" 404 1117
186.103.156.166 - - [30/Mar/2017:12:16:03 -0300] "GET /cormun/static/Shared/jqueryui/images/ui-icons_82798d_256x240.png HTTP/1.1" 404 1089
186.103.156.166 - - [30/Mar/2017:12:16:03 -0300] "GET /cormun/static/Shared/jqueryui/images/ui-bg_flat_55_fafafa_40x100.png HTTP/1.1" 404 1097
186.103.156.166 - - [30/Mar/2017:12:16:03 -0300] "GET /cormun/static/Shared/jqueryui/images/ui-icons_8d78a5_256x240.png HTTP/1.1" 404 1089
186.103.156.166 - - [30/Mar/2017:12:16:03 -0300] "GET /cormun/servlet/solicitudot?DLT,2017,5249, HTTP/1.1" 200 9512
192.168.10.89 - - [30/Mar/2017:12:16:06 -0300] "POST /cormun/servlet/trconsultaempleado?13a48f70a27847c83dd237fefb7ba970,,gx-no-cache=1490890244195 HTTP/1.1" 200 4163
186.103.156.166 - - [30/Mar/2017:12:16:14 -0300] "GET /cormun/servlet/licenciaspermisos?a825961760ada4453ea28d6b13c480dfb9b7a20f8904e8f0f8f22a06ba25cf18eab48747877542e5158146ff1164a49f,gx-no-cache=1490890630883 HTTP/1.1" 200 65
186.103.156.166 - - [30/Mar/2017:12:16:14 -0300] "POST /cormun/servlet/licenciaspermisos?fe2563fbf453eb4a91a802361c0362af,INS,0,,,,gx-no-cache=1490890630976 HTTP/1.1" 200 4428
186.103.156.166 - - [30/Mar/2017:12:16:17 -0300] "POST /cormun/servlet/solicitudot?8696f49596c096b577e8225806acea69,DLT,2017,5249,,gx-no-cache=1490890645342 HTTP/1.1" 200 93
186.103.156.166 - - [30/Mar/2017:12:16:17 -0300] "GET /cormun/servlet/hpexe_return? HTTP/1.1" 200 1019
186.103.156.166 - - [30/Mar/2017:12:16:17 -0300] "GET /cormun/servlet/trsolicitudot? HTTP/1.1" 200 8684
186.103.156.166 - - [30/Mar/2017:12:16:17 -0300] "GET /cormun/servlet/trsolicitudot? HTTP/1.1" 200 8680
186.103.156.166 - - [30/Mar/2017:12:16:30 -0300] "GET /cormun/servlet/solicitudot?INS,0,0, HTTP/1.1" 200 12760
186.103.156.166 - - [30/Mar/2017:12:16:31 -0300] "GET /cormun/servlet/solicitudot?INS,0,0, HTTP/1.1" 200 12765
186.103.156.166 - - [30/Mar/2017:12:16:34 -0300] "GET /cormun/servlet/trsolicitudot? HTTP/1.1" 200 8684
186.103.156.166 - - [30/Mar/2017:12:16:34 -0300] "GET /cormun/servlet/trsolicitudot? HTTP/1.1" 200 8680
192.168.10.13 - - [30/Mar/2017:12:16:50 -0300] "GET / HTTP/1.1" 200 11217
192.168.10.13 - - [30/Mar/2017:12:17:50 -0300] "GET / HTTP/1.1" 200 11217
186.103.156.166 - - [30/Mar/2017:12:17:53 -0300] "POST /cormun/servlet/trsolicitudot?8696f49596c096b577e8225806acea69,,gx-no-cache=1490890742184 HTTP/1.1" 200 106
186.103.156.166 - - [30/Mar/2017:12:17:54 -0300] "GET /cormun/servlet/trsolicitudadjuntos?2017,5825, HTTP/1.1" 200 8232
186.103.156.166 - - [30/Mar/2017:12:17:54 -0300] "GET /cormun/servlet/trsolicitudadjuntos?2017,5825, HTTP/1.1" 200 8229
186.103.156.166 - - [30/Mar/2017:12:17:58 -0300] "GET /cormun/servlet/trsolicitudot? HTTP/1.1" 200 8684
186.103.156.166 - - [30/Mar/2017:12:17:58 -0300] "GET /cormun/servlet/trsolicitudot? HTTP/1.1" 200 8680
186.103.156.166 - - [30/Mar/2017:12:18:06 -0300] "GET /cormun/servlet/hlogin HTTP/1.1" 200 1721
186.103.156.166 - - [30/Mar/2017:12:18:13 -0300] "GET /cormun/static/menuarrow.gif HTTP/1.1" 404 1015
186.103.156.166 - - [30/Mar/2017:12:18:16 -0300] "POST /cormun/servlet/hlogin?5deca46ab3fcbfb9e8618cf9b6731d0b,gx-no-cache=1490890764935 HTTP/1.1" 200 90
186.103.156.166 - - [30/Mar/2017:12:18:16 -0300] "GET /cormun/servlet/hpexe_link HTTP/1.1" 200 953
186.103.156.166 - - [30/Mar/2017:12:18:16 -0300] "GET /cormun/servlet/hhome HTTP/1.1" 200 3961
186.103.156.166 - - [30/Mar/2017:12:18:17 -0300] "GET /cormun/servlet/hhome HTTP/1.1" 200 3958
186.103.156.166 - - [30/Mar/2017:12:18:27 -0300] "GET /cormun/servlet/trsolicitudot? HTTP/1.1" 200 8677
186.103.156.166 - - [30/Mar/2017:12:18:27 -0300] "GET /cormun/servlet/trsolicitudot? HTTP/1.1" 200 8675
186.103.156.166 - - [30/Mar/2017:12:18:39 -0300] "POST /cormun/servlet/trsolicitudot?5deca46ab3fcbfb9e8618cf9b6731d0b,,gx-no-cache=1490890787544 HTTP/1.1" 200 5481
186.103.156.166 - - [30/Mar/2017:12:18:39 -0300] "GET /cormun/static/Shared/jqueryui/images/ui-bg_highlight-soft_100_c6c2c8_1x100.png HTTP/1.1" 404 1117
186.103.156.166 - - [30/Mar/2017:12:18:39 -0300] "GET /cormun/static/Shared/jqueryui/images/ui-icons_82798d_256x240.png HTTP/1.1" 404 1089
186.103.156.166 - - [30/Mar/2017:12:18:39 -0300] "GET /cormun/static/Shared/jqueryui/images/ui-bg_flat_55_fafafa_40x100.png HTTP/1.1" 404 1097
186.103.156.166 - - [30/Mar/2017:12:18:39 -0300] "GET /cormun/static/Shared/jqueryui/images/ui-icons_8d78a5_256x240.png HTTP/1.1" 404 1089
186.103.156.166 - - [30/Mar/2017:12:18:39 -0300] "POST /cormun/servlet/trsolicitudot?5deca46ab3fcbfb9e8618cf9b6731d0b,,gx-no-cache=1490890787811 HTTP/1.1" 200 5424
186.103.156.166 - - [30/Mar/2017:12:18:49 -0300] "GET /cormun/servlet/hhome HTTP/1.1" 200 3961
192.168.10.13 - - [30/Mar/2017:12:18:50 -0300] "GET / HTTP/1.1" 200 11217
186.103.156.166 - - [30/Mar/2017:12:18:50 -0300] "GET /cormun/servlet/hhome HTTP/1.1" 200 3958
186.103.156.166 - - [30/Mar/2017:12:18:53 -0300] "GET /cormun/servlet/trautorizarsolicitud? HTTP/1.1" 200 8150
186.103.156.166 - - [30/Mar/2017:12:18:53 -0300] "GET /cormun/servlet/trautorizarsolicitud? HTTP/1.1" 200 8148
186.103.156.166 - - [30/Mar/2017:12:19:44 -0300] "POST /cormun/servlet/trautorizarsolicitud?5deca46ab3fcbfb9e8618cf9b6731d0b,,gx-no-cache=1490890853215 HTTP/1.1" 200 106
186.103.156.166 - - [30/Mar/2017:12:19:45 -0300] "GET /cormun/servlet/trsolicitudadjuntos?2017,5825, HTTP/1.1" 200 8119
186.103.156.166 - - [30/Mar/2017:12:19:45 -0300] "GET /cormun/servlet/trsolicitudadjuntos?2017,5825, HTTP/1.1" 200 8118
186.103.156.166 - - [30/Mar/2017:12:19:49 -0300] "GET /cormun/servlet/trautorizarsolicitud? HTTP/1.1" 200 8150
186.103.156.166 - - [30/Mar/2017:12:19:49 -0300] "GET /cormun/servlet/trautorizarsolicitud? HTTP/1.1" 200 8148
192.168.10.13 - - [30/Mar/2017:12:19:49 -0300] "GET / HTTP/1.1" 200 11217
192.168.10.89 - - [30/Mar/2017:12:20:03 -0300] "GET /cormun/servlet/hlogin HTTP/1.1" 200 1749
192.168.10.89 - - [30/Mar/2017:12:20:33 -0300] "POST /cormun/servlet/hlogin?13a48f70a27847c83dd237fefb7ba970,gx-no-cache=1490890511107 HTTP/1.1" 200 90
192.168.10.89 - - [30/Mar/2017:12:20:33 -0300] "GET /cormun/servlet/hpexe_link HTTP/1.1" 200 957
192.168.10.89 - - [30/Mar/2017:12:20:33 -0300] "GET /cormun/servlet/hhome HTTP/1.1" 200 3786
192.168.10.89 - - [30/Mar/2017:12:20:38 -0300] "GET /cormun/servlet/trsolicitudot? HTTP/1.1" 200 8878
192.168.10.89 - - [30/Mar/2017:12:20:38 -0300] "GET /cormun/static/gxcfg.js?201731711505139 HTTP/1.1" 200 953
192.168.10.89 - - [30/Mar/2017:12:20:38 -0300] "GET /cormun/static/trsolicitudot.js?20173171151116 HTTP/1.1" 304 -
192.168.10.89 - - [30/Mar/2017:12:20:41 -0300] "GET /cormun/static/menuarrow.gif HTTP/1.1" 404 1015
192.168.10.13 - - [30/Mar/2017:12:20:50 -0300] "GET / HTTP/1.1" 200 11217
186.103.159.182 - - [30/Mar/2017:12:21:00 -0300] "POST /cormun/servlet/inasistencia?96a38c38a6bf382811308740a73a2d7c,INS,0,,gx-no-cache=1490887327800 HTTP/1.1" 440 972
186.103.159.182 - - [30/Mar/2017:12:21:02 -0300] "GET /cormun/servlet/inasistencia?INS,0, HTTP/1.1" 200 5902
186.103.159.182 - - [30/Mar/2017:12:21:04 -0300] "GET /cormun/servlet/inasistencia?INS,0, HTTP/1.1" 200 5902
186.103.159.182 - - [30/Mar/2017:12:21:04 -0300] "GET /cormun/servlet/hlogin HTTP/1.1" 200 1750
186.103.159.182 - - [30/Mar/2017:12:21:06 -0300] "POST /cormun/servlet/hlogin?752e59be6ec5b5d0730f701749d32013,gx-no-cache=1490887333480 HTTP/1.1" 200 90
186.103.159.182 - - [30/Mar/2017:12:21:06 -0300] "GET /cormun/servlet/hpexe_link HTTP/1.1" 200 969
186.103.159.182 - - [30/Mar/2017:12:21:06 -0300] "GET /cormun/servlet/inasistencia?INS,0, HTTP/1.1" 200 6612
186.103.159.182 - - [30/Mar/2017:12:21:07 -0300] "GET /cormun/servlet/inasistencia?INS,0, HTTP/1.1" 200 6611
186.103.156.166 - - [30/Mar/2017:12:21:38 -0300] "POST /cormun/servlet/trautorizarsolicitud?5deca46ab3fcbfb9e8618cf9b6731d0b,,gx-no-cache=1490890966950 HTTP/1.1" 200 110
186.103.156.166 - - [30/Mar/2017:12:21:38 -0300] "POST /cormun/servlet/trautorizarsolicitud?5deca46ab3fcbfb9e8618cf9b6731d0b,,gx-no-cache=1490890967129 HTTP/1.1" 200 5378
186.103.156.166 - - [30/Mar/2017:12:21:38 -0300] "GET /cormun/AutorizarSolicitud-1434.xls HTTP/1.1" 200 5120
186.103.159.44 - - [30/Mar/2017:12:21:49 -0300] "GET /cormun/servlet/hlogin HTTP/1.1" 200 1719
192.168.10.13 - - [30/Mar/2017:12:21:50 -0300] "GET / HTTP/1.1" 200 11217
186.103.159.44 - - [30/Mar/2017:12:22:10 -0300] "POST /cormun/servlet/hlogin?2320296ba019e4f8f573b1727acc19b0,gx-no-cache=1490887391119 HTTP/1.1" 200 90
186.103.159.44 - - [30/Mar/2017:12:22:10 -0300] "GET /cormun/servlet/hpexe_link HTTP/1.1" 200 949
186.103.159.44 - - [30/Mar/2017:12:22:11 -0300] "GET /cormun/servlet/hhome HTTP/1.1" 200 3778
186.103.159.44 - - [30/Mar/2017:12:22:17 -0300] "GET /cormun/servlet/trsolicitudot? HTTP/1.1" 200 8870
186.103.159.44 - - [30/Mar/2017:12:22:24 -0300] "POST /cormun/servlet/trsolicitudot?2320296ba019e4f8f573b1727acc19b0,,gx-no-cache=1490887404767 HTTP/1.1" 200 6160
186.103.159.44 - - [30/Mar/2017:12:22:25 -0300] "GET /cormun/static/Shared/jqueryui/images/ui-icons_8d78a5_256x240.png HTTP/1.1" 404 1089
186.103.159.44 - - [30/Mar/2017:12:22:25 -0300] "GET /cormun/static/Shared/jqueryui/images/ui-bg_flat_55_fafafa_40x100.png HTTP/1.1" 404 1097
186.103.159.44 - - [30/Mar/2017:12:22:25 -0300] "GET /cormun/static/Shared/jqueryui/images/ui-bg_highlight-soft_100_c6c2c8_1x100.png HTTP/1.1" 404 1117
186.103.159.44 - - [30/Mar/2017:12:22:25 -0300] "GET /cormun/static/Shared/jqueryui/images/ui-icons_82798d_256x240.png HTTP/1.1" 404 1089
186.103.159.44 - - [30/Mar/2017:12:22:40 -0300] "POST /cormun/servlet/trsolicitudot?2320296ba019e4f8f573b1727acc19b0,,gx-no-cache=1490887420706 HTTP/1.1" 200 106
186.103.159.44 - - [30/Mar/2017:12:22:40 -0300] "GET /cormun/servlet/trsolicitudadjuntos?2017,5559, HTTP/1.1" 200 8982
186.103.159.44 - - [30/Mar/2017:12:22:41 -0300] "GET /cormun/static/gxcfg.js?201731711504543 HTTP/1.1" 200 953
186.103.159.44 - - [30/Mar/2017:12:22:41 -0300] "GET /cormun/static/trsolicitudadjuntos.js?201731711504951 HTTP/1.1" 304 -
192.168.10.13 - - [30/Mar/2017:12:22:50 -0300] "GET / HTTP/1.1" 200 11217
186.79.86.180 - - [30/Mar/2017:12:22:51 -0300] "GET /cormun/servlet/solicitudot?07c06e93d0fc20f39ced9d1d1ebb01ee3a4d9c397b8a1c80bbbe975ff7bea2f2d1dcbdff30dd5b4cdca44ab67e43ca8b2980c7d0953c301f59a034ce1030de86e78b1b9d60409a85302b572ce94a2adb079414926a792235eb3c82af9720960c4de0953a5583fa3edcc5f76d61b0d9b46e4185e2daecf5a5f326a7483e05337c9b6c39241b45b6c185cba967109329e69002643dc8ef08748140d5d420dc1992d7015306dc3fbe2ee67e59cc684230af,gx-no-cache=1490887440511 HTTP/1.1" 200 30
186.103.159.44 - - [30/Mar/2017:12:22:56 -0300] "GET /cormun/servlet/solicitudotadjuntos?INS,2017,5559,,2, HTTP/1.1" 200 5815
186.103.159.44 - - [30/Mar/2017:12:22:57 -0300] "GET /cormun/static/gxcfg.js?201612218465951 HTTP/1.1" 200 953
186.103.159.44 - - [30/Mar/2017:12:22:57 -0300] "GET /cormun/static/solicitudotadjuntos.js?201612218465969 HTTP/1.1" 304 -
186.103.159.44 - - [30/Mar/2017:12:22:58 -0300] "HEAD /cormun/static/about:blank HTTP/1.1" 404 -
186.103.159.44 - - [30/Mar/2017:12:22:59 -0300] "GET /cormun/servlet/solicitudotadjuntos?0c65a0c7b91b5c10a399f7f7413ad0daffbb68eb0264977882ae012fd8d0013fbe5912b9fde3e5a656b683178a658a0c,gx-no-cache=1490887439819 HTTP/1.1" 200 30
186.103.159.44 - - [30/Mar/2017:12:22:59 -0300] "POST /cormun/servlet/solicitudotadjuntos?2320296ba019e4f8f573b1727acc19b0,INS,2017,5559,,2,,gx-no-cache=1490887440370 HTTP/1.1" 200 3849
186.103.159.44 - - [30/Mar/2017:12:23:01 -0300] "GET /cormun/servlet/trsolicitudot? HTTP/1.1" 200 8879
186.103.159.182 - - [30/Mar/2017:12:23:01 -0300] "GET /cormun/servlet/inasistencia?bdb88e7c20a1beedaee6cfc485b30b0680f91feaebe6e85ad2bf1925ca37f0b2f41e3619192135912dca8061fdb0006ed1b9dd2fa727fd70072b6466cc5decfba4a8e91ce282cf5886f467400c779f372346e229dc39c9428d3d655b9b3ef3d3f40234b12f67a9e9c4781f23037b19040f7a83103719dbcbf97c96fc0d7cb373ddf3ad24438b94f975dec715b35faebfcbea976067f80e6e5e55a659ad4ea126,gx-no-cache=1490887448956 HTTP/1.1" 200 126
186.103.159.182 - - [30/Mar/2017:12:23:01 -0300] "GET /cormun/static/menuarrow.gif HTTP/1.1" 404 1015
186.103.159.44 - - [30/Mar/2017:12:23:08 -0300] "POST /cormun/servlet/trsolicitudot?2320296ba019e4f8f573b1727acc19b0,,gx-no-cache=1490887449117 HTTP/1.1" 200 6172
186.103.159.44 - - [30/Mar/2017:12:23:09 -0300] "GET /cormun/static/Shared/jqueryui/images/ui-bg_highlight-soft_100_c6c2c8_1x100.png HTTP/1.1" 404 1117
186.103.159.44 - - [30/Mar/2017:12:23:09 -0300] "GET /cormun/static/Shared/jqueryui/images/ui-bg_flat_55_fafafa_40x100.png HTTP/1.1" 404 1097
186.103.159.44 - - [30/Mar/2017:12:23:09 -0300] "GET /cormun/static/Shared/jqueryui/images/ui-icons_8d78a5_256x240.png HTTP/1.1" 404 1089
186.103.159.44 - - [30/Mar/2017:12:23:09 -0300] "GET /cormun/static/Shared/jqueryui/images/ui-icons_82798d_256x240.png HTTP/1.1" 404 1089
186.103.159.182 - - [30/Mar/2017:12:23:19 -0300] "GET /cormun/servlet/inasistencia?bdb88e7c20a1beedaee6cfc485b30b068a940c46a06cb3eecef90539e24f9dd5d8d0f580a357220b81018051f8ed11c5,gx-no-cache=1490887466984 HTTP/1.1" 200 33
186.103.159.44 - - [30/Mar/2017:12:23:21 -0300] "POST /cormun/servlet/trsolicitudot?2320296ba019e4f8f573b1727acc19b0,,gx-no-cache=1490887461761 HTTP/1.1" 200 106
186.103.159.44 - - [30/Mar/2017:12:23:21 -0300] "GET /cormun/servlet/trsolicitudadjuntos?2017,5559, HTTP/1.1" 200 8977
186.103.159.182 - - [30/Mar/2017:12:23:22 -0300] "GET /cormun/servlet/inasistencia?bdb88e7c20a1beedaee6cfc485b30b067c1b4e5620cb977a2664cbba67678743ec5f0cdbae124e22a1170c15091af062916be7415e6bbc19a5ceacfc63e484036b81145a4e245df5714aa45e441076d49d0b34644a49c4a431b860cb7e445f8c67bf134460da8e5bc3172a1e1d074e7e4f37b9d1ce35700f00af47f9492e18af65e846a2f6634b30c7f1679396b9297e06ee3acf565d6fcaa2c8ca5863c8fcb1,gx-no-cache=1490887469408 HTTP/1.1" 200 46
186.103.159.44 - - [30/Mar/2017:12:23:39 -0300] "GET /cormun/PublicTempStorage/certificado_afp_joselyn_pineda1609141.pdf HTTP/1.1" 200 396064
186.103.159.182 - - [30/Mar/2017:12:23:49 -0300] "POST /cormun/servlet/inasistencia?752e59be6ec5b5d0730f701749d32013,INS,0,,gx-no-cache=1490887496934 HTTP/1.1" 200 93
186.103.159.182 - - [30/Mar/2017:12:23:49 -0300] "GET /cormun/servlet/hpexe_return? HTTP/1.1" 200 1012
192.168.10.13 - - [30/Mar/2017:12:23:50 -0300] "GET / HTTP/1.1" 200 11217
186.103.159.182 - - [30/Mar/2017:12:23:50 -0300] "GET /cormun/servlet/hhome HTTP/1.1" 200 4047
186.103.159.182 - - [30/Mar/2017:12:23:50 -0300] "GET /cormun/static/gxcfg.js?201731711483497 HTTP/1.1" 304 -
186.103.159.182 - - [30/Mar/2017:12:23:51 -0300] "GET /cormun/servlet/hhome HTTP/1.1" 200 4042
186.103.159.182 - - [30/Mar/2017:12:24:02 -0300] "GET /cormun/servlet/trinasistencia? HTTP/1.1" 200 7656
186.103.159.182 - - [30/Mar/2017:12:24:03 -0300] "GET /cormun/servlet/trinasistencia? HTTP/1.1" 200 7655
186.103.159.44 - - [30/Mar/2017:12:24:05 -0300] "GET /cormun/servlet/hlogin HTTP/1.1" 200 1723
186.103.159.44 - - [30/Mar/2017:12:24:18 -0300] "POST /cormun/servlet/hlogin?66b09fbfd8e9fee0418e42aacccb8e72,gx-no-cache=1490887519153 HTTP/1.1" 200 426
186.79.86.180 - - [30/Mar/2017:12:24:29 -0300] "GET /cormun/servlet/solicitudot?07c06e93d0fc20f39ced9d1d1ebb01ee3a4d9c397b8a1c80bbbe975ff7bea2f2d1dcbdff30dd5b4cdca44ab67e43ca8b2980c7d0953c301f59a034ce1030de86e78b1b9d60409a85302b572ce94a2adb079414926a792235eb3c82af9720960c4de0953a5583fa3edcc5f76d61b0d9b46e4185e2daecf5a5f326a7483e05337c9b6c39241b45b6c185cba967109329e69002643dc8ef08748140d5d420dc1992d7015306dc3fbe2ee67e59cc684230af,gx-no-cache=1490887538440 HTTP/1.1" 200 30
186.103.159.44 - - [30/Mar/2017:12:24:42 -0300] "POST /cormun/servlet/hlogin?66b09fbfd8e9fee0418e42aacccb8e72,gx-no-cache=1490887543190 HTTP/1.1" 200 90
186.103.159.44 - - [30/Mar/2017:12:24:42 -0300] "GET /cormun/servlet/hpexe_link HTTP/1.1" 200 952
186.103.159.44 - - [30/Mar/2017:12:24:43 -0300] "GET /cormun/servlet/hhome HTTP/1.1" 200 3915
186.103.159.44 - - [30/Mar/2017:12:24:48 -0300] "GET /cormun/servlet/trautorizarsolicitud? HTTP/1.1" 200 6832
186.103.159.44 - - [30/Mar/2017:12:24:48 -0300] "GET /cormun/static/gxcfg.js?2017259112829 HTTP/1.1" 200 953
186.103.159.44 - - [30/Mar/2017:12:24:48 -0300] "GET /cormun/static/trautorizarsolicitud.js?2017259113483 HTTP/1.1" 200 53096
192.168.10.13 - - [30/Mar/2017:12:24:50 -0300] "GET / HTTP/1.1" 200 11217
186.103.159.182 - - [30/Mar/2017:12:24:54 -0300] "GET /cormun/servlet/ainasistenciaprn?39,PU HTTP/1.1" 200 1621
186.103.159.44 - - [30/Mar/2017:12:24:57 -0300] "POST /cormun/servlet/trautorizarsolicitud?66b09fbfd8e9fee0418e42aacccb8e72,,gx-no-cache=1490887557482 HTTP/1.1" 200 4109
186.103.156.166 - - [30/Mar/2017:12:25:11 -0300] "POST /cormun/servlet/trautorizarsolicitud?5deca46ab3fcbfb9e8618cf9b6731d0b,,gx-no-cache=1490891179985 HTTP/1.1" 200 106
186.103.156.166 - - [30/Mar/2017:12:25:11 -0300] "GET /cormun/servlet/trsolicitudadjuntos?2017,5825, HTTP/1.1" 200 8120
186.103.156.166 - - [30/Mar/2017:12:25:12 -0300] "GET /cormun/servlet/trsolicitudadjuntos?2017,5825, HTTP/1.1" 200 8118
186.103.156.166 - - [30/Mar/2017:12:25:19 -0300] "GET /cormun/servlet/trvisualizadoreventos? HTTP/1.1" 200 6709
186.103.156.166 - - [30/Mar/2017:12:25:19 -0300] "GET /cormun/static/gxcfg.js?201731711523419 HTTP/1.1" 304 -
186.103.156.166 - - [30/Mar/2017:12:25:19 -0300] "GET /cormun/servlet/trvisualizadoreventos? HTTP/1.1" 200 6697
186.103.156.166 - - [30/Mar/2017:12:25:22 -0300] "GET /cormun/servlet/trautorizarsolicitud? HTTP/1.1" 200 8149
186.103.156.166 - - [30/Mar/2017:12:25:23 -0300] "GET /cormun/servlet/trautorizarsolicitud? HTTP/1.1" 200 8148
186.67.172.234 - - [30/Mar/2017:12:25:25 -0300] "POST /cormun/servlet/trsolicitudot?403c0c3adff8d180c28ccf4dbb7af66c,gx-no-cache=1490887592062 HTTP/1.1" 440 972
186.103.159.44 - - [30/Mar/2017:12:25:26 -0300] "GET /cormun/servlet/hlogin HTTP/1.1" 200 1720
186.67.172.234 - - [30/Mar/2017:12:25:27 -0300] "GET /cormun/servlet/trsolicitudot HTTP/1.1" 200 6067
186.67.172.234 - - [30/Mar/2017:12:25:27 -0300] "GET /cormun/servlet/hlogin HTTP/1.1" 200 1740
186.67.172.234 - - [30/Mar/2017:12:25:27 -0300] "GET /cormun/servlet/trsolicitudot HTTP/1.1" 200 6067
192.168.10.89 - - [30/Mar/2017:12:25:30 -0300] "GET /cormun/servlet/hlogin HTTP/1.1" 200 1745
186.67.172.234 - - [30/Mar/2017:12:25:38 -0300] "POST /cormun/servlet/hlogin?aec8237670a722eaf77b06a6d63b4716,gx-no-cache=1490887604806 HTTP/1.1" 200 90
186.67.172.234 - - [30/Mar/2017:12:25:38 -0300] "GET /cormun/servlet/hpexe_link HTTP/1.1" 200 958
186.67.172.234 - - [30/Mar/2017:12:25:38 -0300] "GET /cormun/servlet/trsolicitudot HTTP/1.1" 200 8109
186.67.172.234 - - [30/Mar/2017:12:25:38 -0300] "GET /cormun/servlet/trsolicitudot HTTP/1.1" 200 8107
186.103.159.44 - - [30/Mar/2017:12:25:40 -0300] "POST /cormun/servlet/hlogin?9fd7f9da8ebf8f710fc8f8733156a877,gx-no-cache=1490887601362 HTTP/1.1" 200 90
186.103.159.44 - - [30/Mar/2017:12:25:40 -0300] "GET /cormun/servlet/hpexe_link HTTP/1.1" 200 947
186.103.159.44 - - [30/Mar/2017:12:25:41 -0300] "GET /cormun/servlet/hhome HTTP/1.1" 200 3777
186.103.159.44 - - [30/Mar/2017:12:25:48 -0300] "GET /cormun/servlet/trsolicitudot? HTTP/1.1" 200 8868
192.168.10.13 - - [30/Mar/2017:12:25:50 -0300] "GET / HTTP/1.1" 200 11217
192.168.10.89 - - [30/Mar/2017:12:25:57 -0300] "POST /cormun/servlet/hlogin?13a48f70a27847c83dd237fefb7ba970,gx-no-cache=1490890835209 HTTP/1.1" 200 90
192.168.10.89 - - [30/Mar/2017:12:25:57 -0300] "GET /cormun/servlet/hpexe_link HTTP/1.1" 200 962
192.168.10.89 - - [30/Mar/2017:12:25:57 -0300] "GET /cormun/servlet/trsolicitudot HTTP/1.1" 200 8877
192.168.10.89 - - [30/Mar/2017:12:26:00 -0300] "POST /cormun/servlet/trsolicitudot?13a48f70a27847c83dd237fefb7ba970,gx-no-cache=1490890838350 HTTP/1.1" 200 106
192.168.10.89 - - [30/Mar/2017:12:26:00 -0300] "GET /cormun/servlet/trsolicitudadjuntos?2017,5559, HTTP/1.1" 200 8990
192.168.10.89 - - [30/Mar/2017:12:26:00 -0300] "GET /cormun/static/gxcfg.js?201731711504543 HTTP/1.1" 200 953
192.168.10.89 - - [30/Mar/2017:12:26:00 -0300] "GET /cormun/static/trsolicitudadjuntos.js?201731711504951 HTTP/1.1" 304 -
186.103.156.166 - - [30/Mar/2017:12:26:04 -0300] "GET /cormun/servlet/treventos?2017,5825, HTTP/1.1" 200 7422
186.103.156.166 - - [30/Mar/2017:12:26:04 -0300] "GET /cormun/static/gxcfg.js?2016101716195975 HTTP/1.1" 200 953
186.103.156.166 - - [30/Mar/2017:12:26:04 -0300] "GET /cormun/static/treventos.js?201610171620222 HTTP/1.1" 200 16055
186.103.156.166 - - [30/Mar/2017:12:26:04 -0300] "GET /cormun/servlet/treventos?2017,5825, HTTP/1.1" 200 7421
186.67.172.234 - - [30/Mar/2017:12:26:07 -0300] "POST /cormun/servlet/trsolicitudot?aec8237670a722eaf77b06a6d63b4716,gx-no-cache=1490887634098 HTTP/1.1" 200 106
186.67.172.234 - - [30/Mar/2017:12:26:07 -0300] "GET /cormun/servlet/trsolicitudadjuntos?2017,5820, HTTP/1.1" 200 6141
186.67.172.234 - - [30/Mar/2017:12:26:07 -0300] "GET /cormun/static/gxcfg.js?201731711504543 HTTP/1.1" 200 953
186.67.172.234 - - [30/Mar/2017:12:26:07 -0300] "GET /cormun/static/trsolicitudadjuntos.js?201731711504951 HTTP/1.1" 200 17913
186.103.156.166 - - [30/Mar/2017:12:26:07 -0300] "GET /cormun/servlet/trautorizarsolicitud? HTTP/1.1" 200 8149
186.103.156.166 - - [30/Mar/2017:12:26:08 -0300] "GET /cormun/servlet/trautorizarsolicitud? HTTP/1.1" 200 8148
186.67.172.234 - - [30/Mar/2017:12:26:08 -0300] "GET /cormun/servlet/trsolicitudadjuntos?2017,5820, HTTP/1.1" 200 6141
186.103.159.44 - - [30/Mar/2017:12:26:09 -0300] "POST /cormun/servlet/trsolicitudot?9fd7f9da8ebf8f710fc8f8733156a877,,gx-no-cache=1490887630032 HTTP/1.1" 200 5670
186.103.159.44 - - [30/Mar/2017:12:26:10 -0300] "POST /cormun/servlet/trsolicitudot?9fd7f9da8ebf8f710fc8f8733156a877,,gx-no-cache=1490887630873 HTTP/1.1" 200 5611
186.103.159.44 - - [30/Mar/2017:12:26:11 -0300] "GET /cormun/static/Shared/jqueryui/images/ui-icons_8d78a5_256x240.png HTTP/1.1" 404 1089
186.103.159.44 - - [30/Mar/2017:12:26:11 -0300] "GET /cormun/static/Shared/jqueryui/images/ui-bg_flat_55_fafafa_40x100.png HTTP/1.1" 404 1097
186.103.159.44 - - [30/Mar/2017:12:26:11 -0300] "GET /cormun/static/Shared/jqueryui/images/ui-icons_82798d_256x240.png HTTP/1.1" 404 1089
186.103.159.44 - - [30/Mar/2017:12:26:11 -0300] "GET /cormun/static/Shared/jqueryui/images/ui-bg_highlight-soft_100_c6c2c8_1x100.png HTTP/1.1" 404 1117
186.67.172.234 - - [30/Mar/2017:12:26:11 -0300] "GET /cormun/servlet/solicitudotadjuntos?INS,2017,5820,,2, HTTP/1.1" 200 6076
186.67.172.234 - - [30/Mar/2017:12:26:11 -0300] "GET /cormun/static/gxcfg.js?201612218465951 HTTP/1.1" 200 953
186.67.172.234 - - [30/Mar/2017:12:26:11 -0300] "GET /cormun/static/solicitudotadjuntos.js?201612218465969 HTTP/1.1" 200 11762
