186.103.156.166 - - [30/Mar/2017:08:42:39 -0300] "GET /cormun/servlet/trsolicitudot HTTP/1.1" 200 8232
186.103.156.166 - - [30/Mar/2017:08:42:45 -0300] "POST /cormun/servlet/acontrolpreferencessavestate?None,EBLANCO,true HTTP/1.1" 200 35
192.168.10.13 - - [30/Mar/2017:08:42:50 -0300] "GET / HTTP/1.1" 200 11217
186.103.156.166 - - [30/Mar/2017:08:43:00 -0300] "POST /cormun/servlet/trsolicitudot?311590f748d503720d05321ca3f029df,gx-no-cache=1490877849101 HTTP/1.1" 200 5461
186.103.156.166 - - [30/Mar/2017:08:43:01 -0300] "GET /cormun/static/Shared/jqueryui/images/ui-bg_highlight-soft_100_c6c2c8_1x100.png HTTP/1.1" 404 1117
186.103.156.166 - - [30/Mar/2017:08:43:01 -0300] "GET /cormun/static/Shared/jqueryui/images/ui-icons_82798d_256x240.png HTTP/1.1" 404 1089
186.103.156.166 - - [30/Mar/2017:08:43:01 -0300] "GET /cormun/static/Shared/jqueryui/images/ui-bg_flat_55_fafafa_40x100.png HTTP/1.1" 404 1097
186.103.156.166 - - [30/Mar/2017:08:43:01 -0300] "GET /cormun/static/Shared/jqueryui/images/ui-icons_8d78a5_256x240.png HTTP/1.1" 404 1089
186.103.156.166 - - [30/Mar/2017:08:43:23 -0300] "GET /cormun/servlet/trcontratounov2? HTTP/1.1" 200 16511
186.103.156.166 - - [30/Mar/2017:08:43:23 -0300] "GET /cormun/static/gxcfg.js?201731711595461 HTTP/1.1" 200 953
186.103.156.166 - - [30/Mar/2017:08:43:23 -0300] "GET /cormun/static/Resources/PXToolsAddSelectedAction.png HTTP/1.1" 200 3660
186.103.156.166 - - [30/Mar/2017:08:43:23 -0300] "GET /cormun/static/trcontratounov2.js?2017317120150 HTTP/1.1" 200 38423
186.103.156.166 - - [30/Mar/2017:08:43:24 -0300] "GET /cormun//static/Resources/PXToolsActionDisabled.gif HTTP/1.1" 200 53
186.103.156.166 - - [30/Mar/2017:08:43:24 -0300] "GET /cormun/servlet/trcontratounov2? HTTP/1.1" 200 16487
186.103.156.166 - - [30/Mar/2017:08:43:25 -0300] "POST /cormun/servlet/acontrolpreferencessavestate?None,EBLANCO,true HTTP/1.1" 200 35
192.168.10.13 - - [30/Mar/2017:08:43:50 -0300] "GET / HTTP/1.1" 200 11217
186.103.158.250 - - [30/Mar/2017:08:44:35 -0300] "GET /cormun/servlet/hlogin HTTP/1.1" 200 1723
186.103.158.250 - - [30/Mar/2017:08:44:35 -0300] "GET /cormun/servlet/hlogin HTTP/1.1" 200 1724
186.103.158.250 - - [30/Mar/2017:08:44:36 -0300] "GET /cormun/static/Resources/Spanish/PXTools.css?11294912 HTTP/1.1" 304 -
186.103.158.250 - - [30/Mar/2017:08:44:36 -0300] "GET /cormun/static/gxtimezone.js?85251 HTTP/1.1" 304 -
186.103.158.250 - - [30/Mar/2017:08:44:36 -0300] "GET /cormun/static/gxcfg.js?201731711485472 HTTP/1.1" 200 953
186.103.158.250 - - [30/Mar/2017:08:44:36 -0300] "GET /cormun/static/hlogin.js?201731711485490 HTTP/1.1" 304 -
186.103.158.250 - - [30/Mar/2017:08:44:36 -0300] "GET /cormun/static/messages.spa.js?85251 HTTP/1.1" 200 30736
186.103.158.250 - - [30/Mar/2017:08:44:36 -0300] "GET /cormun/servlet/hlogin HTTP/1.1" 200 1735
192.168.10.13 - - [30/Mar/2017:08:44:50 -0300] "GET / HTTP/1.1" 200 11217
186.79.86.180 - - [30/Mar/2017:08:45:32 -0300] "GET /cormun/servlet/hlogin HTTP/1.1" 200 1725
186.79.86.180 - - [30/Mar/2017:08:45:32 -0300] "GET /cormun/static/Resources/Spanish/PXTools.css?11294912 HTTP/1.1" 304 -
186.79.86.180 - - [30/Mar/2017:08:45:32 -0300] "GET /cormun/static/gxcfg.js?201731711485472 HTTP/1.1" 200 953
186.79.86.180 - - [30/Mar/2017:08:45:32 -0300] "GET /cormun/static/hlogin.js?201731711485490 HTTP/1.1" 304 -
186.79.86.180 - - [30/Mar/2017:08:45:33 -0300] "GET /cormun/static/messages.spa.js?85251 HTTP/1.1" 200 30736
186.79.86.180 - - [30/Mar/2017:08:45:34 -0300] "POST /cormun/servlet/hlogin?eadbe3881d0e836923f8edb844ab0ee6,gx-no-cache=1490874403479 HTTP/1.1" 200 90
186.79.86.180 - - [30/Mar/2017:08:45:35 -0300] "GET /cormun/servlet/hpexe_link HTTP/1.1" 200 953
186.79.86.180 - - [30/Mar/2017:08:45:35 -0300] "GET /cormun/static/gxcfg.js?201731711483381 HTTP/1.1" 200 953
186.79.86.180 - - [30/Mar/2017:08:45:35 -0300] "GET /cormun/static/hpexe_link.js?201731711483384 HTTP/1.1" 304 -
186.79.86.180 - - [30/Mar/2017:08:45:35 -0300] "GET /cormun/servlet/hhome HTTP/1.1" 200 3757
186.79.86.180 - - [30/Mar/2017:08:45:35 -0300] "GET /cormun/static/gxcfg.js?201731711483497 HTTP/1.1" 200 953
186.79.86.180 - - [30/Mar/2017:08:45:35 -0300] "GET /cormun/static/hhome.js?20173171148352 HTTP/1.1" 304 -
186.79.86.180 - - [30/Mar/2017:08:45:35 -0300] "GET /cormun/static/hwchdr01.js?201731711335950 HTTP/1.1" 304 -
186.79.86.180 - - [30/Mar/2017:08:45:35 -0300] "GET /cormun/static/hpexe_recentlink.js?201610171694390 HTTP/1.1" 304 -
186.79.86.180 - - [30/Mar/2017:08:45:35 -0300] "GET /cormun/static/hpexe_scripts.js?201731711335890 HTTP/1.1" 304 -
186.79.86.180 - - [30/Mar/2017:08:45:35 -0300] "GET /cormun/static/hpexe_messagecontroller.js?201610171694323 HTTP/1.1" 304 -
186.79.86.180 - - [30/Mar/2017:08:45:35 -0300] "GET /cormun/static/hpexe_messagepopupcomponent.js?20161017169425 HTTP/1.1" 304 -
186.79.86.180 - - [30/Mar/2017:08:45:35 -0300] "GET /cormun/static/hpexe_messagegenexuscomponent.js?201731711335537 HTTP/1.1" 304 -
186.79.86.180 - - [30/Mar/2017:08:45:36 -0300] "GET /cormun/static/cmcontrolpreferences.js?201731711335852 HTTP/1.1" 304 -
186.79.86.180 - - [30/Mar/2017:08:45:36 -0300] "GET /cormun/static/hmpwkw03.js?201731711485354 HTTP/1.1" 304 -
186.79.86.180 - - [30/Mar/2017:08:45:36 -0300] "GET /cormun/servlet/hhome HTTP/1.1" 200 3754
186.79.86.180 - - [30/Mar/2017:08:45:44 -0300] "GET /cormun/servlet/trlicencias? HTTP/1.1" 200 6601
186.79.86.180 - - [30/Mar/2017:08:45:44 -0300] "GET /cormun/static/Resources/Spanish/PXTools.css?18365030 HTTP/1.1" 304 -
186.79.86.180 - - [30/Mar/2017:08:45:44 -0300] "GET /cormun/static/gxcfg.js?2016122619301429 HTTP/1.1" 200 953
186.79.86.180 - - [30/Mar/2017:08:45:44 -0300] "GET /cormun/static/trlicencias.js?2016122619301919 HTTP/1.1" 304 -
186.79.86.180 - - [30/Mar/2017:08:45:44 -0300] "GET /cormun/servlet/trlicencias? HTTP/1.1" 200 6600
186.79.86.180 - - [30/Mar/2017:08:45:48 -0300] "GET /cormun/servlet/licenciaspermisos?INS,0,,, HTTP/1.1" 200 7142
186.79.86.180 - - [30/Mar/2017:08:45:48 -0300] "GET /cormun/static/gxcfg.js?20173291150977 HTTP/1.1" 200 953
186.79.86.180 - - [30/Mar/2017:08:45:48 -0300] "GET /cormun/static/licenciaspermisos.js?201732911501028 HTTP/1.1" 200 34423
186.79.86.180 - - [30/Mar/2017:08:45:48 -0300] "GET /cormun/servlet/licenciaspermisos?INS,0,,, HTTP/1.1" 200 7141
192.168.10.13 - - [30/Mar/2017:08:45:50 -0300] "GET / HTTP/1.1" 200 11217
186.103.158.250 - - [30/Mar/2017:08:46:06 -0300] "POST /cormun/servlet/hlogin?c6f99971d3117e86735eb2ddfb3a98ff,gx-no-cache=1490877920310 HTTP/1.1" 200 90
186.103.158.250 - - [30/Mar/2017:08:46:06 -0300] "GET /cormun/servlet/hpexe_link HTTP/1.1" 200 954
186.103.158.250 - - [30/Mar/2017:08:46:06 -0300] "GET /cormun/static/gxcfg.js?201731711483381 HTTP/1.1" 200 953
186.103.158.250 - - [30/Mar/2017:08:46:06 -0300] "GET /cormun/static/hpexe_link.js?201731711483384 HTTP/1.1" 304 -
186.103.158.250 - - [30/Mar/2017:08:46:06 -0300] "GET /cormun/servlet/hhome HTTP/1.1" 200 3764
186.103.158.250 - - [30/Mar/2017:08:46:06 -0300] "GET /cormun/static/gxcfg.js?201731711483497 HTTP/1.1" 200 953
186.103.158.250 - - [30/Mar/2017:08:46:06 -0300] "GET /cormun/static/hhome.js?20173171148352 HTTP/1.1" 304 -
186.103.158.250 - - [30/Mar/2017:08:46:06 -0300] "GET /cormun/static/hwchdr01.js?201731711335950 HTTP/1.1" 304 -
186.103.158.250 - - [30/Mar/2017:08:46:06 -0300] "GET /cormun/static/hpexe_recentlink.js?201610171694390 HTTP/1.1" 304 -
186.103.158.250 - - [30/Mar/2017:08:46:06 -0300] "GET /cormun/static/hpexe_messagecontroller.js?201610171694323 HTTP/1.1" 304 -
186.103.158.250 - - [30/Mar/2017:08:46:06 -0300] "GET /cormun/static/hpexe_scripts.js?201731711335890 HTTP/1.1" 304 -
186.103.158.250 - - [30/Mar/2017:08:46:06 -0300] "GET /cormun/static/hpexe_messagepopupcomponent.js?20161017169425 HTTP/1.1" 304 -
186.103.158.250 - - [30/Mar/2017:08:46:06 -0300] "GET /cormun/static/hpexe_messagegenexuscomponent.js?201731711335537 HTTP/1.1" 304 -
186.103.158.250 - - [30/Mar/2017:08:46:06 -0300] "GET /cormun/static/cmcontrolpreferences.js?201731711335852 HTTP/1.1" 304 -
186.103.158.250 - - [30/Mar/2017:08:46:07 -0300] "GET /cormun/static/hmpwkw03.js?201731711485354 HTTP/1.1" 304 -
186.103.158.250 - - [30/Mar/2017:08:46:08 -0300] "GET /cormun/servlet/hhome HTTP/1.1" 200 3764
186.103.158.250 - - [30/Mar/2017:08:46:18 -0300] "GET /cormun/servlet/trsolicitudot? HTTP/1.1" 200 7997
186.103.158.250 - - [30/Mar/2017:08:46:18 -0300] "GET /cormun/static/gxcfg.js?201731711505139 HTTP/1.1" 200 953
186.103.158.250 - - [30/Mar/2017:08:46:18 -0300] "GET /cormun/static/calendar.js?85251 HTTP/1.1" 304 -
186.103.158.250 - - [30/Mar/2017:08:46:18 -0300] "GET /cormun/static/calendar-setup.js?85251 HTTP/1.1" 304 -
186.103.158.250 - - [30/Mar/2017:08:46:18 -0300] "GET /cormun/static/calendar-es.js?85251 HTTP/1.1" 304 -
186.103.158.250 - - [30/Mar/2017:08:46:18 -0300] "GET /cormun/static/gxdec.js?85251 HTTP/1.1" 304 -
186.103.158.250 - - [30/Mar/2017:08:46:18 -0300] "GET /cormun/static/trsolicitudot.js?20173171151116 HTTP/1.1" 200 53117
186.103.158.250 - - [30/Mar/2017:08:46:19 -0300] "GET /cormun//static/Resources/PXToolsActionView.png HTTP/1.1" 200 2995
186.103.158.250 - - [30/Mar/2017:08:46:19 -0300] "GET /cormun//static/Resources/PXToolsRemoveAllAction.png HTTP/1.1" 200 3558
186.103.158.250 - - [30/Mar/2017:08:46:19 -0300] "GET /cormun/servlet/trsolicitudot? HTTP/1.1" 200 7995
186.79.86.180 - - [30/Mar/2017:08:46:21 -0300] "GET /cormun/static/Resources/resize.gif HTTP/1.1" 200 77
186.79.86.180 - - [30/Mar/2017:08:46:21 -0300] "GET /cormun/servlet/prfichaempleado?,MD,,gxPopupLevel%3D0%3B HTTP/1.1" 200 8773
186.79.86.180 - - [30/Mar/2017:08:46:21 -0300] "GET /cormun/static/gxcfg.js?2017319125415 HTTP/1.1" 200 953
186.79.86.180 - - [30/Mar/2017:08:46:21 -0300] "GET /cormun/static/menusearch.js?201610171694467 HTTP/1.1" 304 -
186.79.86.180 - - [30/Mar/2017:08:46:21 -0300] "GET /cormun/static/hmpwkw011.js?201731711483558 HTTP/1.1" 304 -
186.79.86.180 - - [30/Mar/2017:08:46:22 -0300] "GET /cormun/static/prfichaempleado.js?20173191254344 HTTP/1.1" 200 15951
186.79.86.180 - - [30/Mar/2017:08:46:47 -0300] "GET /cormun/servlet/prfichaempleado?,MD,,gxPopupLevel%3D0%3B HTTP/1.1" 200 8773
192.168.10.13 - - [30/Mar/2017:08:46:50 -0300] "GET / HTTP/1.1" 200 11217
186.79.86.180 - - [30/Mar/2017:08:47:05 -0300] "GET /cormun/servlet/licenciaspermisos?fbc045c6f119ae7b8cb5cc41e7ab8c74b0cb5e4337c61326582db48f3f29a6b163475786e43874654db8d80612a7da22,gx-no-cache=1490874494265 HTTP/1.1" 200 65
186.79.86.180 - - [30/Mar/2017:08:47:06 -0300] "POST /cormun/servlet/licenciaspermisos?eadbe3881d0e836923f8edb844ab0ee6,INS,0,,,,gx-no-cache=1490874494635 HTTP/1.1" 200 4431
157.55.39.212 - - [30/Mar/2017:08:47:48 -0300] "GET /cormun/servlet/hlogin HTTP/1.1" 200 1705
157.55.39.212 - - [30/Mar/2017:08:47:49 -0300] "GET /cormun/static/PXToolsJavascripts/pexe_cookies.js HTTP/1.1" 200 792
157.55.39.212 - - [30/Mar/2017:08:47:49 -0300] "GET /cormun/static/hpexe_messagepopupcomponent.js?20161017169425 HTTP/1.1" 200 605
192.168.10.13 - - [30/Mar/2017:08:47:50 -0300] "GET / HTTP/1.1" 200 11217
186.103.156.166 - - [30/Mar/2017:08:47:59 -0300] "GET /cormun/servlet/trcontratosolicitud? HTTP/1.1" 200 13545
186.103.156.166 - - [30/Mar/2017:08:47:59 -0300] "GET /cormun/static/gxcfg.js?20171317451682 HTTP/1.1" 200 953
186.103.156.166 - - [30/Mar/2017:08:47:59 -0300] "GET /cormun/static/trcontratosolicitud.js?20171317452124 HTTP/1.1" 200 28173
186.103.156.166 - - [30/Mar/2017:08:48:00 -0300] "GET /cormun//static/Resources/PXToolsGridNew.png HTTP/1.1" 200 2949
186.103.156.166 - - [30/Mar/2017:08:48:01 -0300] "GET /cormun/servlet/trcontratosolicitud? HTTP/1.1" 200 13541
157.55.39.210 - - [30/Mar/2017:08:48:04 -0300] "GET /cormun/static/PXToolsJavascripts/pexe_tabdivfix.js HTTP/1.1" 200 876
157.55.39.210 - - [30/Mar/2017:08:48:04 -0300] "GET /cormun/static/cmcontrolpreferences.js?201731711335852 HTTP/1.1" 200 1375
186.103.156.166 - - [30/Mar/2017:08:48:28 -0300] "GET /cormun/servlet/trcontratoobservaciondir? HTTP/1.1" 200 6144
192.168.10.13 - - [30/Mar/2017:08:48:50 -0300] "GET / HTTP/1.1" 200 11217
186.79.141.52 - - [30/Mar/2017:08:49:22 -0300] "GET /cormun/servlet/permisogoce?b1584d6e45d6a26fc4803d0eea2858d62813fb465a0bb53ec08edc9909e4aafe15d1fba8bd8011ee2cc0abbeeac2c573,gx-no-cache=1490878222604 HTTP/1.1" 440 972
186.79.141.52 - - [30/Mar/2017:08:49:26 -0300] "GET /cormun/servlet/permisogoce?INS,0,,, HTTP/1.1" 200 5921
186.79.141.52 - - [30/Mar/2017:08:49:28 -0300] "GET /cormun/servlet/hlogin HTTP/1.1" 200 1748
186.79.141.52 - - [30/Mar/2017:08:49:28 -0300] "GET /cormun/servlet/permisogoce?INS,0,,, HTTP/1.1" 200 5921
186.79.141.52 - - [30/Mar/2017:08:49:31 -0300] "POST /cormun/servlet/hlogin?243115b4acaab6172cae11549aef4b5f,gx-no-cache=1490878233169 HTTP/1.1" 200 90
186.79.141.52 - - [30/Mar/2017:08:49:33 -0300] "GET /cormun/servlet/hpexe_link HTTP/1.1" 200 965
186.79.141.52 - - [30/Mar/2017:08:49:34 -0300] "GET /cormun/servlet/permisogoce?INS,0,,, HTTP/1.1" 200 6563
186.79.141.52 - - [30/Mar/2017:08:49:35 -0300] "GET /cormun/servlet/permisogoce?INS,0,,, HTTP/1.1" 200 6562
192.168.10.13 - - [30/Mar/2017:08:49:50 -0300] "GET / HTTP/1.1" 200 11217
186.79.141.52 - - [30/Mar/2017:08:49:58 -0300] "GET /cormun/servlet/permisogoce?a865bb9cc58f4b655aee6f1aff18afa60dd6dfe918fb447b44c88efc298a022ae6d30622e3580686c15a762f92dbe538,gx-no-cache=1490878258446 HTTP/1.1" 200 66
186.79.141.52 - - [30/Mar/2017:08:49:59 -0300] "GET /cormun/static/menuarrow.gif HTTP/1.1" 404 1015
192.168.10.13 - - [30/Mar/2017:08:50:50 -0300] "GET / HTTP/1.1" 200 11217
186.79.141.52 - - [30/Mar/2017:08:51:11 -0300] "GET /cormun/servlet/permisogoce?a865bb9cc58f4b655aee6f1aff18afa637006bb17ce99ec9d6adfb67946d4378d6a3e645fc87cf547ecd6660d63a3efe9142f765e074f123746b306df3beb8cd,gx-no-cache=1490878331851 HTTP/1.1" 200 46
186.79.141.52 - - [30/Mar/2017:08:51:31 -0300] "POST /cormun/servlet/permisogoce?243115b4acaab6172cae11549aef4b5f,INS,0,,,,gx-no-cache=1490878352052 HTTP/1.1" 200 93
186.79.141.52 - - [30/Mar/2017:08:51:32 -0300] "GET /cormun/servlet/hpexe_return? HTTP/1.1" 200 1008
186.79.141.52 - - [30/Mar/2017:08:51:33 -0300] "GET /cormun/servlet/hhome HTTP/1.1" 200 3959
186.79.141.52 - - [30/Mar/2017:08:51:34 -0300] "GET /cormun/servlet/hhome HTTP/1.1" 200 3953
192.168.10.13 - - [30/Mar/2017:08:51:50 -0300] "GET / HTTP/1.1" 200 11217
186.79.141.52 - - [30/Mar/2017:08:51:54 -0300] "GET /cormun/servlet/trpermisosingoceautorizar? HTTP/1.1" 200 6618
186.79.141.52 - - [30/Mar/2017:08:51:55 -0300] "GET /cormun/static/gxcfg.js?201731711551926 HTTP/1.1" 200 953
186.79.141.52 - - [30/Mar/2017:08:51:57 -0300] "GET /cormun/static/trpermisosingoceautorizar.js?201731711552423 HTTP/1.1" 200 29726
186.79.141.52 - - [30/Mar/2017:08:51:58 -0300] "GET /cormun/servlet/trpermisosingoceautorizar? HTTP/1.1" 200 6618
186.79.141.52 - - [30/Mar/2017:08:51:59 -0300] "POST /cormun/servlet/acontrolpreferencessavestate?None,JPARRAGUEZ,true HTTP/1.1" 200 35
186.79.141.52 - - [30/Mar/2017:08:52:22 -0300] "GET /cormun/servlet/trpermisosgoce? HTTP/1.1" 200 8064
186.79.141.52 - - [30/Mar/2017:08:52:24 -0300] "GET /cormun/servlet/trpermisosgoce? HTTP/1.1" 200 8063
186.79.141.52 - - [30/Mar/2017:08:52:31 -0300] "GET /cormun/servlet/apermisogoceprn?4651760,P,20170330094609,PU HTTP/1.1" 200 1658
192.168.10.13 - - [30/Mar/2017:08:52:50 -0300] "GET / HTTP/1.1" 200 11217
186.103.158.250 - - [30/Mar/2017:08:53:17 -0300] "GET /cormun/servlet/solicitudot?INS,0,0, HTTP/1.1" 200 12571
186.103.158.250 - - [30/Mar/2017:08:53:17 -0300] "GET /cormun/static/Resources/Spanish/PXTools.css?18365030 HTTP/1.1" 304 -
186.103.158.250 - - [30/Mar/2017:08:53:17 -0300] "GET /cormun/static/gxcfg.js?20171191042720 HTTP/1.1" 200 953
186.103.158.250 - - [30/Mar/2017:08:53:17 -0300] "GET /cormun/static/solicitudot.js?2017119104297 HTTP/1.1" 200 63948
186.103.158.250 - - [30/Mar/2017:08:53:19 -0300] "GET /cormun/servlet/solicitudot?INS,0,0, HTTP/1.1" 200 12576
186.103.159.182 - - [30/Mar/2017:08:53:35 -0300] "GET /cormun/servlet/hlogin HTTP/1.1" 200 1726
186.103.159.182 - - [30/Mar/2017:08:53:35 -0300] "GET /cormun/static/gxcfg.js?201731711485472 HTTP/1.1" 200 953
186.103.159.182 - - [30/Mar/2017:08:53:36 -0300] "GET /cormun/static/Resources/Spanish/PXTools.css?11294912 HTTP/1.1" 304 -
186.103.159.182 - - [30/Mar/2017:08:53:36 -0300] "GET /cormun/static/messages.spa.js?85251 HTTP/1.1" 200 30736
186.103.159.182 - - [30/Mar/2017:08:53:36 -0300] "GET /cormun/static/hlogin.js?201731711485490 HTTP/1.1" 304 -
186.103.159.182 - - [30/Mar/2017:08:53:36 -0300] "GET /cormun/servlet/hlogin HTTP/1.1" 200 1736
186.103.159.182 - - [30/Mar/2017:08:53:38 -0300] "POST /cormun/servlet/hlogin?16728edcc719d3f4880e224bbbd9708c,gx-no-cache=1490874885690 HTTP/1.1" 200 90
186.103.159.182 - - [30/Mar/2017:08:53:38 -0300] "GET /cormun/servlet/hpexe_link HTTP/1.1" 200 956
186.103.159.182 - - [30/Mar/2017:08:53:38 -0300] "GET /cormun/static/gxcfg.js?201731711483381 HTTP/1.1" 200 953
186.103.159.182 - - [30/Mar/2017:08:53:38 -0300] "GET /cormun/static/hpexe_link.js?201731711483384 HTTP/1.1" 304 -
186.103.159.182 - - [30/Mar/2017:08:53:38 -0300] "GET /cormun/servlet/hhome HTTP/1.1" 200 4035
186.103.159.182 - - [30/Mar/2017:08:53:38 -0300] "GET /cormun/static/gxcfg.js?201731711483497 HTTP/1.1" 200 953
186.103.159.182 - - [30/Mar/2017:08:53:39 -0300] "GET /cormun/static/hpexe_recentlink.js?201610171694390 HTTP/1.1" 304 -
186.103.159.182 - - [30/Mar/2017:08:53:39 -0300] "GET /cormun/static/hhome.js?20173171148352 HTTP/1.1" 304 -
186.103.159.182 - - [30/Mar/2017:08:53:39 -0300] "GET /cormun/static/hwchdr01.js?201731711335950 HTTP/1.1" 304 -
186.103.159.182 - - [30/Mar/2017:08:53:39 -0300] "GET /cormun/static/hpexe_messagecontroller.js?201610171694323 HTTP/1.1" 304 -
186.103.159.182 - - [30/Mar/2017:08:53:39 -0300] "GET /cormun/static/hpexe_scripts.js?201731711335890 HTTP/1.1" 304 -
186.103.159.182 - - [30/Mar/2017:08:53:39 -0300] "GET /cormun/static/hpexe_messagepopupcomponent.js?20161017169425 HTTP/1.1" 304 -
186.103.159.182 - - [30/Mar/2017:08:53:39 -0300] "GET /cormun/static/cmcontrolpreferences.js?201731711335852 HTTP/1.1" 304 -
186.103.159.182 - - [30/Mar/2017:08:53:39 -0300] "GET /cormun/static/hpexe_messagegenexuscomponent.js?201731711335537 HTTP/1.1" 304 -
186.103.159.182 - - [30/Mar/2017:08:53:39 -0300] "GET /cormun/static/hmpwkw03.js?201731711485354 HTTP/1.1" 304 -
186.103.159.182 - - [30/Mar/2017:08:53:41 -0300] "GET /cormun/servlet/hhome HTTP/1.1" 200 4031
186.103.158.250 - - [30/Mar/2017:08:53:49 -0300] "POST /cormun/servlet/solicitudot?gx-no-cache=1490878383628 HTTP/1.1" 200 3204
186.103.158.250 - - [30/Mar/2017:08:53:49 -0300] "POST /cormun/servlet/solicitudot?c6f99971d3117e86735eb2ddfb3a98ff,INS,0,0,,gx-no-cache=1490878384092 HTTP/1.1" 200 9808
192.168.10.13 - - [30/Mar/2017:08:53:50 -0300] "GET / HTTP/1.1" 200 11217
186.103.159.182 - - [30/Mar/2017:08:53:51 -0300] "GET /cormun/servlet/trpermisosgoce? HTTP/1.1" 200 8512
186.103.159.182 - - [30/Mar/2017:08:53:51 -0300] "GET /cormun/static/gxcfg.js?20173171154124 HTTP/1.1" 200 953
186.103.159.182 - - [30/Mar/2017:08:53:51 -0300] "GET /cormun/static/trpermisosgoce.js?20173171154177 HTTP/1.1" 304 -
186.103.159.182 - - [30/Mar/2017:08:53:53 -0300] "GET /cormun/servlet/trpermisosgoce? HTTP/1.1" 200 8511
186.103.159.182 - - [30/Mar/2017:08:53:57 -0300] "GET /cormun/servlet/permisogoce?INS,0,,, HTTP/1.1" 200 6815
186.103.159.182 - - [30/Mar/2017:08:53:57 -0300] "GET /cormun/static/gxcfg.js?201732911503726 HTTP/1.1" 200 953
186.103.159.182 - - [30/Mar/2017:08:53:57 -0300] "GET /cormun/static/permisogoce.js?201732911503774 HTTP/1.1" 200 26619
186.103.159.182 - - [30/Mar/2017:08:53:58 -0300] "GET /cormun/servlet/permisogoce?INS,0,,, HTTP/1.1" 200 6816
186.103.158.250 - - [30/Mar/2017:08:53:59 -0300] "GET /cormun/servlet/solicitudot?f2675c94b7c87dcdb7096e0d092d4d6ec953e810e1d34f6430d9a4f910ebae14ef18dba799c2676189f31eb5a8a16984,gx-no-cache=1490878394159 HTTP/1.1" 200 30
186.103.158.250 - - [30/Mar/2017:08:53:59 -0300] "POST /cormun/servlet/solicitudot?gx-no-cache=1490878394252 HTTP/1.1" 200 255
186.103.158.250 - - [30/Mar/2017:08:54:00 -0300] "GET /cormun/servlet/solicitudot?f2675c94b7c87dcdb7096e0d092d4d6e685e921cfa6479ba675e17591bd54dd99d06a36af2f4f26701b45260e2de07bebe3c34c8d1861f7aea204aa38e0d0ec2b6a01a35aa41a5beca14e5ba855970e9f2b0f97aac7b8b193e52d7d0a59eb5a0589daeed7432ca28d496a11a39638ea27879be4edabbeef5c3aa4eeba211505ed6ccaa26e3a2671886e34a476fdeadc2e0a90e7ddbb2e20292f180ff2b42e996ce5a3b141ab010015c539322b6842b15cead7b110688accdec387fcd5ef363f1d5cb414ab5f2104a31a0aad291f24e45e8c8de8fe0eff62c94aa522f25ab2e381854fb498bdc62b3813ae5f7dc561c4020318ec707ef71bd1461a9cabd6a2173007b554612c5e9280ba55548c2076cd5cfe5589afc9fc05449fb35d8d975b570a4bd38cffb7d5018ecbce2083236ef4ea69b2e6a647063e59056ac706e0615918f639588bffbd242331df86e7f572c1742f1aa41ad358503a41491bc9e6fedeaa243d2504fe146ee60ac28a87adc5b2c54e099151b9ba587f51c9703267de713,gx-no-cache=1490878394334 HTTP/1.1" 200 30
186.103.159.182 - - [30/Mar/2017:08:54:03 -0300] "GET /cormun/servlet/prfichaempleado?,MD,,gxPopupLevel%3D0%3B HTTP/1.1" 200 8878
186.103.159.182 - - [30/Mar/2017:08:54:03 -0300] "GET /cormun/static/gxcfg.js?2017319125415 HTTP/1.1" 200 953
186.103.159.182 - - [30/Mar/2017:08:54:03 -0300] "GET /cormun/static/menusearch.js?201610171694467 HTTP/1.1" 304 -
186.103.159.182 - - [30/Mar/2017:08:54:03 -0300] "GET /cormun/static/hmpwkw011.js?201731711483558 HTTP/1.1" 304 -
186.103.159.182 - - [30/Mar/2017:08:54:04 -0300] "GET /cormun/static/prfichaempleado.js?20173191254344 HTTP/1.1" 200 15951
186.103.158.250 - - [30/Mar/2017:08:54:12 -0300] "POST /cormun/servlet/solicitudot?gx-no-cache=1490878406529 HTTP/1.1" 200 30
186.103.159.182 - - [30/Mar/2017:08:54:14 -0300] "POST /cormun/servlet/prfichaempleado?16728edcc719d3f4880e224bbbd9708c,,MD,,gxPopupLevel%3D0%3B,gx-no-cache=1490874921242 HTTP/1.1" 200 4979
186.79.86.180 - - [30/Mar/2017:08:54:26 -0300] "GET /cormun/servlet/licenciaspermisos?fbc045c6f119ae7b8cb5cc41e7ab8c7492849d400096adc35c7fae04b257612cec1fa79225743df905ee57c6777eba47022d703106607eaa00690fe656ce3751dd2781be5ae5e1bc3dd8f7647d86f0dc0135662dbe05b2f9608e327335ab211cc92d5ec9edd60d5730970b5438330ae6b5b00ab893d40ae14adb26a73e1bf8732330b254f5b2d57be82dd41237490839f101098d09474395e8419e0f64067efb05ae49c501fd0fc6e8e9b888bf80ab86253dd226424893d0b6793cbf5b235f704574c3d1ccee27b441f76117e0d612a998e3a8bc57ae9981bb072ef945b3b3b9,gx-no-cache=1490874935177 HTTP/1.1" 200 30
186.79.86.180 - - [30/Mar/2017:08:54:27 -0300] "GET /cormun/servlet/licenciaspermisos?fbc045c6f119ae7b8cb5cc41e7ab8c740163ac910789c4544da4622a1aeda5305f894301e2f175d0385ec32bd4d64aeba018e9ec12687b8237bd4336ffcd09c00f1904903bf80d5a05a8886eca9aa275335f079ed1f1adc9dc61338f8b122e9d2af1e79aea0a059f4b856bcebdbadf039b582ab30fcb806d9ecb514dbecf029268b0286ee8f5d93c655e4777cf02f01d75d2191ff898ac89bd3df6c821fe3f1e05ccf534e690912b84acbbafe5111e89dae0171215b886132d6e20688727bb049a68f6056443c611117d1c001f3009ed7192e7b8947c882b29979724b0378a93,gx-no-cache=1490874935393 HTTP/1.1" 200 29
186.79.86.180 - - [30/Mar/2017:08:54:28 -0300] "POST /cormun/servlet/licenciaspermisos?eadbe3881d0e836923f8edb844ab0ee6,INS,0,,,,gx-no-cache=1490874935710 HTTP/1.1" 200 4614
186.79.86.180 - - [30/Mar/2017:08:54:28 -0300] "GET /cormun/static/Shared/jqueryui/images/ui-bg_highlight-soft_100_c6c2c8_1x100.png HTTP/1.1" 404 1117
186.79.86.180 - - [30/Mar/2017:08:54:28 -0300] "GET /cormun/static/Shared/jqueryui/images/ui-icons_82798d_256x240.png HTTP/1.1" 404 1089
186.79.86.180 - - [30/Mar/2017:08:54:28 -0300] "GET /cormun/static/Shared/jqueryui/images/ui-bg_flat_55_994d53_40x100.png HTTP/1.1" 404 1097
186.79.86.180 - - [30/Mar/2017:08:54:28 -0300] "GET /cormun/static/Shared/jqueryui/images/ui-icons_ebccce_256x240.png HTTP/1.1" 404 1089
186.103.158.250 - - [30/Mar/2017:08:54:37 -0300] "GET /cormun/static/Resources/resize.gif HTTP/1.1" 200 77
186.103.158.250 - - [30/Mar/2017:08:54:38 -0300] "GET /cormun/servlet/prcontratosol?15125298,,,,,MD,,gxPopupLevel%3D0%3B HTTP/1.1" 200 5913
186.103.158.250 - - [30/Mar/2017:08:54:38 -0300] "GET /cormun/static/gxcfg.js?201731711522183 HTTP/1.1" 200 953
186.103.158.250 - - [30/Mar/2017:08:54:38 -0300] "GET /cormun/static/prcontratosol.js?201731711522419 HTTP/1.1" 200 14084
186.103.158.250 - - [30/Mar/2017:08:54:38 -0300] "GET /cormun/static/menusearch.js?201610171694467 HTTP/1.1" 200 1424
186.103.158.250 - - [30/Mar/2017:08:54:38 -0300] "GET /cormun/static/hmpwkw011.js?201731711483558 HTTP/1.1" 304 -
186.103.158.250 - - [30/Mar/2017:08:54:38 -0300] "GET /cormun/static/Resources/PXToolsMenuSearch.png HTTP/1.1" 200 2914
186.103.158.250 - - [30/Mar/2017:08:54:38 -0300] "GET /cormun/static/Resources/PXToolsMenuSearchCancel.png HTTP/1.1" 200 2972
186.103.158.250 - - [30/Mar/2017:08:54:38 -0300] "GET /cormun/static/Resources/PXToolsGridFirst.gif HTTP/1.1" 200 379
186.103.158.250 - - [30/Mar/2017:08:54:38 -0300] "GET /cormun/static/Resources/PXToolsGridPrevious.gif HTTP/1.1" 200 369
186.103.158.250 - - [30/Mar/2017:08:54:38 -0300] "GET /cormun/static/Resources/PXToolsGridNext.gif HTTP/1.1" 200 369
186.103.158.250 - - [30/Mar/2017:08:54:38 -0300] "GET /cormun/static/Resources/PXToolsGridLast.gif HTTP/1.1" 200 370
186.79.86.180 - - [30/Mar/2017:08:54:39 -0300] "GET /cormun/servlet/licenciaspermisos?fbc045c6f119ae7b8cb5cc41e7ab8c7492849d400096adc35c7fae04b257612cec1fa79225743df905ee57c6777eba47022d703106607eaa00690fe656ce3751dd2781be5ae5e1bc3dd8f7647d86f0dc0135662dbe05b2f9608e327335ab211cc92d5ec9edd60d5730970b5438330ae6b5b00ab893d40ae14adb26a73e1bf8732330b254f5b2d57be82dd41237490839f101098d09474395e8419e0f64067efb05ae49c501fd0fc6e8e9b888bf80ab86253dd226424893d0b6793cbf5b235f704574c3d1ccee27b441f76117e0d612a998e3a8bc57ae9981bb072ef945b3b3b9,gx-no-cache=1490874947476 HTTP/1.1" 200 30
186.79.86.180 - - [30/Mar/2017:08:54:39 -0300] "GET /cormun/servlet/licenciaspermisos?fbc045c6f119ae7b8cb5cc41e7ab8c740163ac910789c4544da4622a1aeda5305f894301e2f175d0385ec32bd4d64aeba018e9ec12687b8237bd4336ffcd09c00f1904903bf80d5a05a8886eca9aa275335f079ed1f1adc9dc61338f8b122e9d2af1e79aea0a059f4b856bcebdbadf039b582ab30fcb806d9ecb514dbecf029268b0286ee8f5d93c655e4777cf02f01d75d2191ff898ac89bd3df6c821fe3f1e05ccf534e690912b84acbbafe5111e89dae0171215b886132d6e20688727bb049a68f6056443c611117d1c001f3009ed7192e7b8947c882b29979724b0378a93,gx-no-cache=1490874947694 HTTP/1.1" 200 29
186.79.86.180 - - [30/Mar/2017:08:54:40 -0300] "POST /cormun/servlet/licenciaspermisos?eadbe3881d0e836923f8edb844ab0ee6,INS,0,,,,gx-no-cache=1490874947818 HTTP/1.1" 200 4602
192.168.10.13 - - [30/Mar/2017:08:54:50 -0300] "GET / HTTP/1.1" 200 11217
186.103.159.182 - - [30/Mar/2017:08:54:51 -0300] "GET /cormun/servlet/permisogoce?a288d3ba78144fdba4e97bbfa258a363528b0c30efa2f973e311581b1167e29cb80605bcb2ae8414489e3bf53e693d0b,gx-no-cache=1490874958413 HTTP/1.1" 200 67
186.103.159.182 - - [30/Mar/2017:08:54:53 -0300] "GET /cormun/static/menuarrow.gif HTTP/1.1" 404 1015
186.103.159.182 - - [30/Mar/2017:08:54:58 -0300] "GET /cormun/servlet/permisogoce?a288d3ba78144fdba4e97bbfa258a3639e9611c199c2a2711cee203ad190b5bb0464da53ed63103f215e506105a762784ee6f0af9c7478356774b7051dffdce6,gx-no-cache=1490874965721 HTTP/1.1" 200 47
186.79.86.180 - - [30/Mar/2017:08:55:01 -0300] "GET /cormun/servlet/licenciaspermisos?fbc045c6f119ae7b8cb5cc41e7ab8c7492849d400096adc35c7fae04b257612cec1fa79225743df905ee57c6777eba47022d703106607eaa00690fe656ce3751dd2781be5ae5e1bc3dd8f7647d86f0dc0135662dbe05b2f9608e327335ab211cc92d5ec9edd60d5730970b5438330ae6b5b00ab893d40ae14adb26a73e1bf8732330b254f5b2d57be82dd41237490839f101098d09474395e8419e0f64067efb05ae49c501fd0fc6e8e9b888bf80ab86253dd226424893d0b6793cbf5b235f704574c3d1ccee27b441f76117e0d612a998e3a8bc57ae9981bb072ef945b3b3b9,gx-no-cache=1490874968498 HTTP/1.1" 200 30
186.79.86.180 - - [30/Mar/2017:08:55:01 -0300] "GET /cormun/servlet/licenciaspermisos?fbc045c6f119ae7b8cb5cc41e7ab8c740163ac910789c4544da4622a1aeda5305f894301e2f175d0385ec32bd4d64aeba018e9ec12687b8237bd4336ffcd09c00f1904903bf80d5a05a8886eca9aa275335f079ed1f1adc9dc61338f8b122e9d2af1e79aea0a059f4b856bcebdbadf039b582ab30fcb806d9ecb514dbecf029268b0286ee8f5d93c655e4777cf02f01d75d2191ff898ac89bd3df6c821fe3f1e05ccf534e690912b84acbbafe5111e89dae0171215b886132d6e20688727bb049a68f6056443c611117d1c001f3009ed7192e7b8947c882b29979724b0378a93,gx-no-cache=1490874969999 HTTP/1.1" 200 29
192.168.10.96 - - [30/Mar/2017:08:55:01 -0300] "GET /cormun/servlet/trconsultaempleado? HTTP/1.1" 200 5324
192.168.10.96 - - [30/Mar/2017:08:55:01 -0300] "GET /cormun/static/gxcfg.js?2017319127961 HTTP/1.1" 304 -
192.168.10.96 - - [30/Mar/2017:08:55:02 -0300] "GET /cormun/servlet/hlogin HTTP/1.1" 200 1750
192.168.10.96 - - [30/Mar/2017:08:55:02 -0300] "GET /cormun/servlet/trconsultaempleado? HTTP/1.1" 200 5318
186.79.86.180 - - [30/Mar/2017:08:55:02 -0300] "POST /cormun/servlet/licenciaspermisos?eadbe3881d0e836923f8edb844ab0ee6,INS,0,,,,gx-no-cache=1490874970208 HTTP/1.1" 200 4614
192.168.10.96 - - [30/Mar/2017:08:55:10 -0300] "POST /cormun/servlet/hlogin?32561660d0c1b95f8d0aee589767c03f,gx-no-cache=1490878188974 HTTP/1.1" 200 90
192.168.10.96 - - [30/Mar/2017:08:55:10 -0300] "GET /cormun/servlet/hpexe_link HTTP/1.1" 200 966
192.168.10.96 - - [30/Mar/2017:08:55:11 -0300] "GET /cormun/servlet/trconsultaempleado HTTP/1.1" 200 9380
192.168.10.96 - - [30/Mar/2017:08:55:12 -0300] "GET /cormun/servlet/trconsultaempleado HTTP/1.1" 200 9379
192.168.10.96 - - [30/Mar/2017:08:55:14 -0300] "GET /cormun/servlet/trsolicitudgral? HTTP/1.1" 200 21767
192.168.10.96 - - [30/Mar/2017:08:55:15 -0300] "GET /cormun/servlet/trsolicitudgral? HTTP/1.1" 200 21767
186.103.158.250 - - [30/Mar/2017:08:55:27 -0300] "POST /cormun/servlet/solicitudot?gx-no-cache=1490878481901 HTTP/1.1" 200 1292
186.103.158.250 - - [30/Mar/2017:08:55:27 -0300] "POST /cormun/servlet/solicitudot?gx-no-cache=1490878482077 HTTP/1.1" 200 38
186.103.158.250 - - [30/Mar/2017:08:55:27 -0300] "GET /cormun/servlet/solicitudot?f2675c94b7c87dcdb7096e0d092d4d6ea434cc68092f1861d0e3159b0e883e04d79dd5a88567b250718d458ac373e958b18fdc8d4e28fccbe85d14c32533dc57d2c79890312d37d2ee44ec6440615fdb61d8b4dbf06c05a2b5778282c04c01f0bc4620f976573c9ebcf7a3a6edbbeabb88f81b27c491fd179810139434e684a0347c55c68d2f6579a6453eee099583ba0244be53489c232e9b2ddf27dcebcdb6,gx-no-cache=1490878482160 HTTP/1.1" 200 29
186.103.158.250 - - [30/Mar/2017:08:55:28 -0300] "POST /cormun/servlet/solicitudot?gx-no-cache=1490878482252 HTTP/1.1" 200 1275
186.103.158.250 - - [30/Mar/2017:08:55:28 -0300] "POST /cormun/servlet/solicitudot?gx-no-cache=1490878482704 HTTP/1.1" 200 1158
192.168.10.96 - - [30/Mar/2017:08:55:30 -0300] "POST /cormun/servlet/trsolicitudgral?32561660d0c1b95f8d0aee589767c03f,,gx-no-cache=1490878208525 HTTP/1.1" 200 6741
192.168.10.96 - - [30/Mar/2017:08:55:38 -0300] "GET /cormun/servlet/trconsultaempleado? HTTP/1.1" 200 9379
186.103.159.182 - - [30/Mar/2017:08:55:38 -0300] "POST /cormun/servlet/permisogoce?16728edcc719d3f4880e224bbbd9708c,INS,0,,,,gx-no-cache=1490875005076 HTTP/1.1" 200 93
186.103.159.182 - - [30/Mar/2017:08:55:38 -0300] "GET /cormun/servlet/hpexe_return? HTTP/1.1" 200 1013
186.103.159.182 - - [30/Mar/2017:08:55:38 -0300] "GET /cormun/static/Resources/Spanish/PXTools.css?167811 HTTP/1.1" 304 -
186.103.159.182 - - [30/Mar/2017:08:55:39 -0300] "GET /cormun/static/gxcfg.js?2016101716175148 HTTP/1.1" 200 953
186.103.159.182 - - [30/Mar/2017:08:55:39 -0300] "GET /cormun/static/hpexe_return.js?2016101716175153 HTTP/1.1" 304 -
186.103.159.182 - - [30/Mar/2017:08:55:39 -0300] "GET /cormun/servlet/trpermisosgoce HTTP/1.1" 200 8719
192.168.10.96 - - [30/Mar/2017:08:55:39 -0300] "GET /cormun/servlet/trconsultaempleado? HTTP/1.1" 200 9379
186.103.159.182 - - [30/Mar/2017:08:55:40 -0300] "GET /cormun/servlet/trpermisosgoce HTTP/1.1" 200 8715
186.79.86.180 - - [30/Mar/2017:08:55:41 -0300] "GET /cormun/servlet/licenciaspermisos?fbc045c6f119ae7b8cb5cc41e7ab8c7492849d400096adc35c7fae04b257612cec1fa79225743df905ee57c6777eba47022d703106607eaa00690fe656ce3751dd2781be5ae5e1bc3dd8f7647d86f0dc0135662dbe05b2f9608e327335ab211cc92d5ec9edd60d5730970b5438330ae6b5b00ab893d40ae14adb26a73e1bf8732330b254f5b2d57be82dd41237490839f101098d09474395e8419e0f64067efb05ae49c501fd0fc6e8e9b888bf80ab86253dd226424893d0b6793cbf5b235f704574c3d1ccee27b441f76117e0d612a998e3a8bc57ae9981bb072ef945b3b3b9,gx-no-cache=1490875010321 HTTP/1.1" 200 30
186.79.86.180 - - [30/Mar/2017:08:55:41 -0300] "GET /cormun/servlet/licenciaspermisos?fbc045c6f119ae7b8cb5cc41e7ab8c740163ac910789c4544da4622a1aeda5305f894301e2f175d0385ec32bd4d64aeba018e9ec12687b8237bd4336ffcd09c00f1904903bf80d5a05a8886eca9aa275335f079ed1f1adc9dc61338f8b122e9d2af1e79aea0a059f4b856bcebdbadf039b582ab30fcb806d9ecb514dbecf029268b0286ee8f5d93c655e4777cf02f01d75d2191ff898ac89bd3df6c821fe3f1e05ccf534e690912b84acbbafe5111e89dae0171215b886132d6e20688727bb049a68f6056443c611117d1c001f3009ed7192e7b8947c882b29979724b0378a93,gx-no-cache=1490875010487 HTTP/1.1" 200 29
186.79.86.180 - - [30/Mar/2017:08:55:42 -0300] "POST /cormun/servlet/licenciaspermisos?eadbe3881d0e836923f8edb844ab0ee6,INS,0,,,,gx-no-cache=1490875010628 HTTP/1.1" 200 4614
192.168.10.96 - - [30/Mar/2017:08:55:50 -0300] "POST /cormun/servlet/trconsultaempleado?32561660d0c1b95f8d0aee589767c03f,,gx-no-cache=1490878228192 HTTP/1.1" 200 3907
192.168.10.13 - - [30/Mar/2017:08:55:50 -0300] "GET / HTTP/1.1" 200 11217
186.103.159.182 - - [30/Mar/2017:08:55:54 -0300] "GET /cormun/servlet/apermisogoceprn?8915356,P,20170330095017,PU HTTP/1.1" 200 1662
192.168.10.96 - - [30/Mar/2017:08:55:57 -0300] "POST /cormun/servlet/trconsultaempleado?32561660d0c1b95f8d0aee589767c03f,,gx-no-cache=1490878235107 HTTP/1.1" 200 3908
192.168.10.96 - - [30/Mar/2017:08:55:57 -0300] "POST /cormun/servlet/trconsultaempleado?32561660d0c1b95f8d0aee589767c03f,,gx-no-cache=1490878235858 HTTP/1.1" 200 3909
192.168.10.96 - - [30/Mar/2017:08:55:57 -0300] "POST /cormun/servlet/trconsultaempleado?32561660d0c1b95f8d0aee589767c03f,,gx-no-cache=1490878236034 HTTP/1.1" 200 3909
192.168.10.96 - - [30/Mar/2017:08:55:58 -0300] "POST /cormun/servlet/trconsultaempleado?32561660d0c1b95f8d0aee589767c03f,,gx-no-cache=1490878236234 HTTP/1.1" 200 3909
192.168.10.96 - - [30/Mar/2017:08:55:58 -0300] "POST /cormun/servlet/trconsultaempleado?32561660d0c1b95f8d0aee589767c03f,,gx-no-cache=1490878236571 HTTP/1.1" 200 3909
186.103.158.250 - - [30/Mar/2017:08:55:58 -0300] "POST /cormun/servlet/solicitudot?gx-no-cache=1490878512679 HTTP/1.1" 200 1292
186.103.158.250 - - [30/Mar/2017:08:55:58 -0300] "POST /cormun/servlet/solicitudot?gx-no-cache=1490878512882 HTTP/1.1" 200 38
192.168.10.96 - - [30/Mar/2017:08:55:58 -0300] "POST /cormun/servlet/trconsultaempleado?32561660d0c1b95f8d0aee589767c03f,,gx-no-cache=1490878236754 HTTP/1.1" 200 3909
192.168.10.96 - - [30/Mar/2017:08:56:02 -0300] "GET /cormun/servlet/trsolicitudgral? HTTP/1.1" 200 9836
192.168.10.96 - - [30/Mar/2017:08:56:03 -0300] "GET /cormun/servlet/trsolicitudgral? HTTP/1.1" 200 9835
186.79.86.180 - - [30/Mar/2017:08:56:04 -0300] "POST /cormun/servlet/licenciaspermisos?eadbe3881d0e836923f8edb844ab0ee6,INS,0,,,,gx-no-cache=1490875032574 HTTP/1.1" 200 4614
192.168.10.96 - - [30/Mar/2017:08:56:10 -0300] "GET /cormun/servlet/vesolicitudgral?2017,5761,, HTTP/1.1" 200 8645
192.168.10.96 - - [30/Mar/2017:08:56:10 -0300] "GET /cormun/static/gxcfg.js?201612218543032 HTTP/1.1" 200 953
192.168.10.96 - - [30/Mar/2017:08:56:10 -0300] "GET /cormun/pexe_scrolldiv.js HTTP/1.1" 404 1009
192.168.10.96 - - [30/Mar/2017:08:56:10 -0300] "GET /cormun/static/vesolicitudgral.js?201612218543091 HTTP/1.1" 200 6721
192.168.10.96 - - [30/Mar/2017:08:56:10 -0300] "GET /cormun/static/tbsolicitudgral01.js?201731711414126 HTTP/1.1" 200 29094
192.168.10.96 - - [30/Mar/2017:08:56:10 -0300] "GET /cormun/pexe_scrolldiv.js HTTP/1.1" 404 1009
192.168.10.96 - - [30/Mar/2017:08:56:10 -0300] "GET /cormun/servlet/vesolicitudgral?2017,5761,, HTTP/1.1" 200 8644
186.103.158.250 - - [30/Mar/2017:08:56:12 -0300] "POST /cormun/servlet/solicitudot?gx-no-cache=1490878526329 HTTP/1.1" 200 1275
186.103.158.250 - - [30/Mar/2017:08:56:12 -0300] "POST /cormun/servlet/solicitudot?gx-no-cache=1490878526415 HTTP/1.1" 200 1158
186.103.158.250 - - [30/Mar/2017:08:56:12 -0300] "GET /cormun/static/menuarrow.gif HTTP/1.1" 404 1015
192.168.10.96 - - [30/Mar/2017:08:56:13 -0300] "GET /cormun/servlet/vesolicitudgral?2017,5761,,SolicitudOTAdjuntos HTTP/1.1" 200 10381
192.168.10.96 - - [30/Mar/2017:08:56:13 -0300] "GET /cormun/pexe_scrolldiv.js HTTP/1.1" 404 1009
192.168.10.96 - - [30/Mar/2017:08:56:13 -0300] "GET /cormun/static/tbsolicitudgral02.js?201612218423933 HTTP/1.1" 200 13303
192.168.10.96 - - [30/Mar/2017:08:56:13 -0300] "GET /cormun/pexe_scrolldiv.js HTTP/1.1" 404 1009
192.168.10.96 - - [30/Mar/2017:08:56:14 -0300] "POST /cormun/servlet/acontrolpreferencessavestate?None,DZAMUDIO,true HTTP/1.1" 200 35
192.168.10.96 - - [30/Mar/2017:08:56:14 -0300] "GET /cormun/servlet/vesolicitudgral?2017,5761,,SolicitudOTAdjuntos HTTP/1.1" 200 10382
192.168.10.96 - - [30/Mar/2017:08:56:16 -0300] "GET /cormun/PublicTempStorage/fonasa3488921.pdf HTTP/1.1" 200 1455071
192.168.10.96 - - [30/Mar/2017:08:56:25 -0300] "GET /cormun/servlet/vesolicitudgral?2017,5761,,SolicitudOTAdjuntos HTTP/1.1" 200 10383
192.168.10.96 - - [30/Mar/2017:08:56:27 -0300] "POST /cormun/servlet/acontrolpreferencessavestate?None,DZAMUDIO,true HTTP/1.1" 200 35
192.168.10.96 - - [30/Mar/2017:08:56:27 -0300] "GET /cormun/servlet/vesolicitudgral?2017,5761,,SolicitudOTAdjuntos HTTP/1.1" 200 10380
186.103.158.250 - - [30/Mar/2017:08:56:35 -0300] "POST /cormun/servlet/solicitudot?gx-no-cache=1490878549306 HTTP/1.1" 200 1275
186.103.158.250 - - [30/Mar/2017:08:56:35 -0300] "POST /cormun/servlet/solicitudot?gx-no-cache=1490878549463 HTTP/1.1" 200 1158
192.168.10.13 - - [30/Mar/2017:08:56:50 -0300] "GET / HTTP/1.1" 200 11217
186.79.86.180 - - [30/Mar/2017:08:56:52 -0300] "GET /cormun/servlet/licenciaspermisos?fbc045c6f119ae7b8cb5cc41e7ab8c7492849d400096adc35c7fae04b257612cec1fa79225743df905ee57c6777eba47022d703106607eaa00690fe656ce3751dd2781be5ae5e1bc3dd8f7647d86f0dc0135662dbe05b2f9608e327335ab211cc92d5ec9edd60d5730970b5438330ae6b5b00ab893d40ae14adb26a73e1bf8732330b254f5b2d57be82dd41237490839f101098d09474395e8419e0f64067efb05ae49c501fd0fc6e8e9b888bf80ab86253dd226424893d0b6793cbf5b235f704574c3d1ccee27b441f76117e0d612a998e3a8bc57ae9981bb072ef945b3b3b9,gx-no-cache=1490875080721 HTTP/1.1" 200 30
186.79.86.180 - - [30/Mar/2017:08:56:52 -0300] "GET /cormun/servlet/licenciaspermisos?fbc045c6f119ae7b8cb5cc41e7ab8c740163ac910789c4544da4622a1aeda5305f894301e2f175d0385ec32bd4d64aeba018e9ec12687b8237bd4336ffcd09c00f1904903bf80d5a05a8886eca9aa275335f079ed1f1adc9dc61338f8b122e9d2af1e79aea0a059f4b856bcebdbadf039b582ab30fcb806d9ecb514dbecf029268b0286ee8f5d93c655e4777cf02f01d75d2191ff898ac89bd3df6c821fe3f1e05ccf534e690912b84acbbafe5111e89dae0171215b886132d6e20688727bb049a68f6056443c611117d1c001f3009ed7192e7b8947c882b29979724b0378a93,gx-no-cache=1490875080932 HTTP/1.1" 200 29
186.79.86.180 - - [30/Mar/2017:08:56:53 -0300] "POST /cormun/servlet/licenciaspermisos?eadbe3881d0e836923f8edb844ab0ee6,INS,0,,,,gx-no-cache=1490875081030 HTTP/1.1" 200 4616
186.103.158.250 - - [30/Mar/2017:08:56:55 -0300] "GET /cormun/servlet/solicitudot?f2675c94b7c87dcdb7096e0d092d4d6e6975dc581a4e81af39440fac234bfdc8085156447c5d46367dc6c465dc0447c1cda7cd924fa1c3b872bec75055360e47ff9c7b2786d1bdf4d45bffd17d26969d55c8d3fc7b22cef7a1d96523e121b815fc1b23e7f6d1569d3e84ce22341d97692fb81acc06c588ec5dcc34c1a33fdfee33c2ce8405f323b062b41f7a5fc39b72af92113236465721320cfff4f3ef6e341d353669748d4bc3b5d80eda18439c0c,gx-no-cache=1490878569334 HTTP/1.1" 200 30
186.79.86.180 - - [30/Mar/2017:08:57:01 -0300] "GET /cormun/servlet/licenciaspermisos?fbc045c6f119ae7b8cb5cc41e7ab8c7492849d400096adc35c7fae04b257612cec1fa79225743df905ee57c6777eba47022d703106607eaa00690fe656ce3751dd2781be5ae5e1bc3dd8f7647d86f0dc0135662dbe05b2f9608e327335ab211cc92d5ec9edd60d5730970b5438330ae6b5b00ab893d40ae14adb26a73e1bf8732330b254f5b2d57be82dd41237490839f101098d09474395e8419e0f64067efb05ae49c501fd0fc6e8e9b888bf80ab86253dd226424893d0b6793cbf5b235f704574c3d1ccee27b441f76117e0d612a998e3a8bc57ae9981bb072ef945b3b3b9,gx-no-cache=1490875090249 HTTP/1.1" 200 30
186.79.86.180 - - [30/Mar/2017:08:57:01 -0300] "GET /cormun/servlet/licenciaspermisos?fbc045c6f119ae7b8cb5cc41e7ab8c740163ac910789c4544da4622a1aeda5305f894301e2f175d0385ec32bd4d64aeba018e9ec12687b8237bd4336ffcd09c00f1904903bf80d5a05a8886eca9aa275335f079ed1f1adc9dc61338f8b122e9d2af1e79aea0a059f4b856bcebdbadf039b582ab30fcb806d9ecb514dbecf029268b0286ee8f5d93c655e4777cf02f01d75d2191ff898ac89bd3df6c821fe3f1e05ccf534e690912b84acbbafe5111e89dae0171215b886132d6e20688727bb049a68f6056443c611117d1c001f3009ed7192e7b8947c882b29979724b0378a93,gx-no-cache=1490875090522 HTTP/1.1" 200 29
186.79.86.180 - - [30/Mar/2017:08:57:03 -0300] "POST /cormun/servlet/licenciaspermisos?eadbe3881d0e836923f8edb844ab0ee6,INS,0,,,,gx-no-cache=1490875090635 HTTP/1.1" 200 4602
186.79.86.180 - - [30/Mar/2017:08:57:30 -0300] "POST /cormun/servlet/licenciaspermisos?eadbe3881d0e836923f8edb844ab0ee6,INS,0,,,,gx-no-cache=1490875118631 HTTP/1.1" 200 4602
186.103.158.250 - - [30/Mar/2017:08:57:43 -0300] "POST /cormun/servlet/solicitudot?c6f99971d3117e86735eb2ddfb3a98ff,INS,0,0,,gx-no-cache=1490878617112 HTTP/1.1" 200 93
186.103.158.250 - - [30/Mar/2017:08:57:43 -0300] "GET /cormun/servlet/hpexe_return? HTTP/1.1" 200 1007
200.86.95.220 - - [30/Mar/2017:08:57:43 -0300] "GET /cormun/servlet/hlogin HTTP/1.1" 200 1719
186.103.158.250 - - [30/Mar/2017:08:57:43 -0300] "GET /cormun/static/Resources/Spanish/PXTools.css?167811 HTTP/1.1" 304 -
186.103.158.250 - - [30/Mar/2017:08:57:43 -0300] "GET /cormun/static/hpexe_return.js?2016101716175153 HTTP/1.1" 304 -
186.103.158.250 - - [30/Mar/2017:08:57:43 -0300] "GET /cormun/static/gxcfg.js?2016101716175148 HTTP/1.1" 200 953
200.86.95.220 - - [30/Mar/2017:08:57:44 -0300] "GET /cormun/servlet/hlogin HTTP/1.1" 200 1729
186.103.158.250 - - [30/Mar/2017:08:57:44 -0300] "GET /cormun/servlet/trsolicitudot HTTP/1.1" 200 8491
186.103.158.250 - - [30/Mar/2017:08:57:45 -0300] "GET /cormun/servlet/trsolicitudot HTTP/1.1" 200 8487
186.79.141.52 - - [30/Mar/2017:08:57:45 -0300] "GET /cormun/servlet/trpermisosadjuntos?4651760,20170330094609,P, HTTP/1.1" 200 6281
186.79.141.52 - - [30/Mar/2017:08:57:48 -0300] "GET /cormun/static/gxcfg.js?201731711542659 HTTP/1.1" 200 953
192.168.10.13 - - [30/Mar/2017:08:57:50 -0300] "GET / HTTP/1.1" 200 11217
186.79.141.52 - - [30/Mar/2017:08:57:50 -0300] "GET /cormun/static/trpermisosadjuntos.js?201731711542990 HTTP/1.1" 200 20045
186.79.141.52 - - [30/Mar/2017:08:57:52 -0300] "GET /cormun/servlet/trpermisosadjuntos?4651760,20170330094609,P, HTTP/1.1" 200 6282
200.86.95.220 - - [30/Mar/2017:08:57:55 -0300] "POST /cormun/servlet/hlogin?7f1fae09c425b2463d10538b3a076053,gx-no-cache=1490875142879 HTTP/1.1" 200 90
200.86.95.220 - - [30/Mar/2017:08:57:55 -0300] "GET /cormun/servlet/hpexe_link HTTP/1.1" 200 949
200.86.95.220 - - [30/Mar/2017:08:57:55 -0300] "GET /cormun/servlet/hhome HTTP/1.1" 200 3766
186.103.158.250 - - [30/Mar/2017:08:57:55 -0300] "POST /cormun/servlet/trsolicitudot?c6f99971d3117e86735eb2ddfb3a98ff,gx-no-cache=1490878630023 HTTP/1.1" 200 5720
186.103.158.250 - - [30/Mar/2017:08:57:56 -0300] "GET /cormun/static/Shared/jqueryui/images/ui-bg_highlight-soft_100_c6c2c8_1x100.png HTTP/1.1" 404 1117
186.103.158.250 - - [30/Mar/2017:08:57:56 -0300] "GET /cormun/static/Shared/jqueryui/images/ui-icons_82798d_256x240.png HTTP/1.1" 404 1089
186.103.158.250 - - [30/Mar/2017:08:57:56 -0300] "GET /cormun/static/Shared/jqueryui/images/ui-bg_flat_55_fafafa_40x100.png HTTP/1.1" 404 1097
186.103.158.250 - - [30/Mar/2017:08:57:56 -0300] "GET /cormun/static/Shared/jqueryui/images/ui-icons_8d78a5_256x240.png HTTP/1.1" 404 1089
200.86.95.220 - - [30/Mar/2017:08:57:56 -0300] "GET /cormun/servlet/hhome HTTP/1.1" 200 3763
186.79.141.52 - - [30/Mar/2017:08:57:58 -0300] "GET /cormun/servlet/permisosadjuntos?INS,4651760,P,20170330094609,, HTTP/1.1" 200 5609
186.79.141.52 - - [30/Mar/2017:08:58:01 -0300] "GET /cormun/static/gxcfg.js?2016122813135788 HTTP/1.1" 200 953
200.86.95.220 - - [30/Mar/2017:08:58:01 -0300] "GET /cormun/servlet/trpermisosgoce? HTTP/1.1" 200 8000
200.86.95.220 - - [30/Mar/2017:08:58:02 -0300] "GET /cormun/servlet/trpermisosgoce? HTTP/1.1" 200 7998
186.79.141.52 - - [30/Mar/2017:08:58:03 -0300] "GET /cormun/static/permisosadjuntos.js?2016122813135797 HTTP/1.1" 200 8721
186.79.141.52 - - [30/Mar/2017:08:58:03 -0300] "GET /cormun/static/about:blank HTTP/1.1" 404 1011
186.79.141.52 - - [30/Mar/2017:08:58:05 -0300] "GET /cormun/servlet/permisosadjuntos?INS,4651760,P,20170330094609,, HTTP/1.1" 200 5599
186.79.86.180 - - [30/Mar/2017:08:58:08 -0300] "GET /cormun/servlet/licenciaspermisos?fbc045c6f119ae7b8cb5cc41e7ab8c7492849d400096adc35c7fae04b257612cec1fa79225743df905ee57c6777eba47022d703106607eaa00690fe656ce3751dd2781be5ae5e1bc3dd8f7647d86f0dc0135662dbe05b2f9608e327335ab211cc92d5ec9edd60d5730970b5438330ae6b5b00ab893d40ae14adb26a73e1bf8732330b254f5b2d57be82dd41237490839f101098d09474395e8419e0f64067efb05ae49c501fd0fc6e8e9b888bf80ab86253dd226424893d0b6793cbf5b235f704574c3d1ccee27b441f76117e0d612a998e3a8bc57ae9981bb072ef945b3b3b9,gx-no-cache=1490875156728 HTTP/1.1" 200 30
186.79.86.180 - - [30/Mar/2017:08:58:08 -0300] "GET /cormun/servlet/licenciaspermisos?fbc045c6f119ae7b8cb5cc41e7ab8c740163ac910789c4544da4622a1aeda5305f894301e2f175d0385ec32bd4d64aeba018e9ec12687b8237bd4336ffcd09c00f1904903bf80d5a05a8886eca9aa275335f079ed1f1adc9dc61338f8b122e9d2af1e79aea0a059f4b856bcebdbadf039b582ab30fcb806d9ecb514dbecf029268b0286ee8f5d93c655e4777cf02f01d75d2191ff898ac89bd3df6c821fe3f1e05ccf534e690912b84acbbafe5111e89dae0171215b886132d6e20688727bb049a68f6056443c611117d1c001f3009ed7192e7b8947c882b29979724b0378a93,gx-no-cache=1490875156874 HTTP/1.1" 200 29
200.86.95.220 - - [30/Mar/2017:08:58:08 -0300] "POST /cormun/servlet/trpermisosgoce?7f1fae09c425b2463d10538b3a076053,,gx-no-cache=1490875156347 HTTP/1.1" 200 5319
186.79.86.180 - - [30/Mar/2017:08:58:09 -0300] "POST /cormun/servlet/licenciaspermisos?eadbe3881d0e836923f8edb844ab0ee6,INS,0,,,,gx-no-cache=1490875156973 HTTP/1.1" 200 93
186.79.86.180 - - [30/Mar/2017:08:58:09 -0300] "GET /cormun/servlet/hpexe_return? HTTP/1.1" 200 1012
186.79.86.180 - - [30/Mar/2017:08:58:09 -0300] "GET /cormun/static/Resources/Spanish/PXTools.css?167811 HTTP/1.1" 304 -
186.79.86.180 - - [30/Mar/2017:08:58:09 -0300] "GET /cormun/static/gxcfg.js?2016101716175148 HTTP/1.1" 200 953
186.79.86.180 - - [30/Mar/2017:08:58:09 -0300] "GET /cormun/static/hpexe_return.js?2016101716175153 HTTP/1.1" 304 -
186.79.86.180 - - [30/Mar/2017:08:58:10 -0300] "GET /cormun/servlet/trlicencias HTTP/1.1" 200 7794
186.79.86.180 - - [30/Mar/2017:08:58:10 -0300] "GET /cormun/servlet/trlicencias HTTP/1.1" 200 7789
200.86.95.220 - - [30/Mar/2017:08:58:15 -0300] "POST /cormun/servlet/trpermisosgoce?7f1fae09c425b2463d10538b3a076053,,gx-no-cache=1490875163329 HTTP/1.1" 200 5319
186.79.86.180 - - [30/Mar/2017:08:58:16 -0300] "GET /cormun/servlet/trlicenciaspermisosadjuntos?9057182,20170330000000,L, HTTP/1.1" 200 6112
186.79.86.180 - - [30/Mar/2017:08:58:16 -0300] "GET /cormun/static/gxcfg.js?20173171154619 HTTP/1.1" 200 953
186.79.86.180 - - [30/Mar/2017:08:58:16 -0300] "GET /cormun/static/trlicenciaspermisosadjuntos.js?20173171154971 HTTP/1.1" 304 -
186.79.86.180 - - [30/Mar/2017:08:58:16 -0300] "GET /cormun/servlet/trlicenciaspermisosadjuntos?9057182,20170330000000,L, HTTP/1.1" 200 6112
186.103.158.250 - - [30/Mar/2017:08:58:19 -0300] "POST /cormun/servlet/trsolicitudot?c6f99971d3117e86735eb2ddfb3a98ff,gx-no-cache=1490878653426 HTTP/1.1" 200 5721
186.79.86.180 - - [30/Mar/2017:08:58:23 -0300] "GET /cormun/servlet/licenciaspermisosadjuntos?INS,9057182,L,20170330000000,, HTTP/1.1" 200 5409
186.79.86.180 - - [30/Mar/2017:08:58:23 -0300] "GET /cormun/static/gxcfg.js?201731711421170 HTTP/1.1" 200 953
186.79.86.180 - - [30/Mar/2017:08:58:24 -0300] "GET /cormun/static/about:blank HTTP/1.1" 404 1011
186.79.86.180 - - [30/Mar/2017:08:58:24 -0300] "GET /cormun/static/licenciaspermisosadjuntos.js?201731711421181 HTTP/1.1" 304 -
186.79.86.180 - - [30/Mar/2017:08:58:24 -0300] "GET /cormun/servlet/licenciaspermisosadjuntos?INS,9057182,L,20170330000000,, HTTP/1.1" 200 5398
200.86.95.220 - - [30/Mar/2017:08:58:33 -0300] "GET /cormun/servlet/trpermisosadjuntos?7232365,20170329102039,P, HTTP/1.1" 200 6079
200.86.95.220 - - [30/Mar/2017:08:58:34 -0300] "GET /cormun/servlet/trpermisosadjuntos?7232365,20170329102039,P, HTTP/1.1" 200 6079
200.86.95.220 - - [30/Mar/2017:08:58:44 -0300] "POST /cormun/servlet/trpermisosadjuntos?7f1fae09c425b2463d10538b3a076053,7232365,20170329102039,P,,gx-no-cache=1490875192191 HTTP/1.1" 200 90
200.86.95.220 - - [30/Mar/2017:08:58:44 -0300] "GET /cormun/servlet/hpexe_link HTTP/1.1" 200 982
200.86.95.220 - - [30/Mar/2017:08:58:44 -0300] "GET /cormun/servlet/trpermisosgoce? HTTP/1.1" 200 8001
200.86.95.220 - - [30/Mar/2017:08:58:45 -0300] "GET /cormun/servlet/trpermisosgoce? HTTP/1.1" 200 7998
192.168.10.13 - - [30/Mar/2017:08:58:50 -0300] "GET / HTTP/1.1" 200 11217
186.103.158.250 - - [30/Mar/2017:08:58:50 -0300] "POST /cormun/servlet/trsolicitudot?c6f99971d3117e86735eb2ddfb3a98ff,gx-no-cache=1490878684479 HTTP/1.1" 200 5258
186.103.158.250 - - [30/Mar/2017:08:58:50 -0300] "POST /cormun/servlet/trsolicitudot?c6f99971d3117e86735eb2ddfb3a98ff,gx-no-cache=1490878684845 HTTP/1.1" 200 5200
186.79.141.52 - - [30/Mar/2017:08:58:54 -0300] "POST /cormun/servlet/permisosadjuntos?243115b4acaab6172cae11549aef4b5f,INS,4651760,P,20170330094609,, HTTP/1.1" 200 116
186.79.141.52 - - [30/Mar/2017:08:58:55 -0300] "GET /cormun/servlet/hpexe_return? HTTP/1.1" 200 1038
186.79.141.52 - - [30/Mar/2017:08:58:57 -0300] "GET /cormun/servlet/trpermisosadjuntos?4651760,20170330094609,P, HTTP/1.1" 200 6762
186.79.141.52 - - [30/Mar/2017:08:59:00 -0300] "GET /cormun/servlet/trpermisosadjuntos?4651760,20170330094609,P, HTTP/1.1" 200 6759
