186.103.156.166 - - [30/Mar/2017:10:20:04 -0300] "GET /cormun/servlet/trsolicitudot? HTTP/1.1" 200 8236
186.103.156.166 - - [30/Mar/2017:10:20:27 -0300] "GET /cormun/servlet/solicitudot?INS,0,0, HTTP/1.1" 200 12754
186.103.156.166 - - [30/Mar/2017:10:20:27 -0300] "GET /cormun/static/gxcfg.js?20171191042720 HTTP/1.1" 200 953
186.103.156.166 - - [30/Mar/2017:10:20:27 -0300] "GET /cormun/static/Resources/prompt.gif HTTP/1.1" 200 902
186.103.156.166 - - [30/Mar/2017:10:20:27 -0300] "GET /cormun/static/solicitudot.js?2017119104297 HTTP/1.1" 200 63948
186.103.156.166 - - [30/Mar/2017:10:20:28 -0300] "GET /cormun/servlet/solicitudot?INS,0,0, HTTP/1.1" 200 12759
186.67.172.234 - - [30/Mar/2017:10:20:43 -0300] "GET /cormun/static/menuarrow.gif HTTP/1.1" 404 1015
192.168.10.13 - - [30/Mar/2017:10:20:50 -0300] "GET / HTTP/1.1" 200 11217
186.103.156.166 - - [30/Mar/2017:10:21:14 -0300] "POST /cormun/servlet/solicitudot?gx-no-cache=1490883742444 HTTP/1.1" 200 3081
186.103.156.166 - - [30/Mar/2017:10:21:14 -0300] "POST /cormun/servlet/solicitudot?39fb17e1a58e9a4b752c9a74df90aab8,INS,0,0,,gx-no-cache=1490883742844 HTTP/1.1" 200 9858
186.103.156.166 - - [30/Mar/2017:10:21:14 -0300] "GET /cormun/servlet/solicitudot?5e325b026a6e2ef4ec48a9e2d196a0f7583126bbb112601d3889b71def9fdf007368a272c8f56f518f91c5837121f2ba,gx-no-cache=1490883743128 HTTP/1.1" 200 111
186.103.156.166 - - [30/Mar/2017:10:21:15 -0300] "GET /cormun/static/Shared/jqueryui/images/ui-bg_highlight-soft_100_c6c2c8_1x100.png HTTP/1.1" 404 1117
186.103.156.166 - - [30/Mar/2017:10:21:15 -0300] "GET /cormun/static/Shared/jqueryui/images/ui-icons_82798d_256x240.png HTTP/1.1" 404 1089
186.103.156.166 - - [30/Mar/2017:10:21:15 -0300] "GET /cormun/static/Shared/jqueryui/images/ui-icons_ebccce_256x240.png HTTP/1.1" 404 1089
186.103.156.166 - - [30/Mar/2017:10:21:15 -0300] "GET /cormun/static/Shared/jqueryui/images/ui-bg_flat_55_994d53_40x100.png HTTP/1.1" 404 1097
186.103.156.166 - - [30/Mar/2017:10:21:21 -0300] "POST /cormun/servlet/solicitudot?gx-no-cache=1490883749779 HTTP/1.1" 200 3142
186.103.156.166 - - [30/Mar/2017:10:21:22 -0300] "POST /cormun/servlet/solicitudot?39fb17e1a58e9a4b752c9a74df90aab8,INS,0,0,,gx-no-cache=1490883750131 HTTP/1.1" 200 9971
186.103.156.166 - - [30/Mar/2017:10:21:27 -0300] "GET /cormun/servlet/solicitudot?5e325b026a6e2ef4ec48a9e2d196a0f74033672e0cb7a0e408022c6d6497cc5a7368a272c8f56f518f91c5837121f2ba,gx-no-cache=1490883755791 HTTP/1.1" 200 30
186.67.172.234 - - [30/Mar/2017:10:21:29 -0300] "GET /favicon.ico HTTP/1.1" 200 21630
186.103.159.46 - - [30/Mar/2017:10:21:34 -0300] "GET /cormun/servlet/apermisogoceprn?8998455,P,20170330111316,PU HTTP/1.1" 200 1676
186.103.156.166 - - [30/Mar/2017:10:21:36 -0300] "POST /cormun/servlet/solicitudot?gx-no-cache=1490883764821 HTTP/1.1" 200 255
186.103.156.166 - - [30/Mar/2017:10:21:37 -0300] "GET /cormun/servlet/solicitudot?5e325b026a6e2ef4ec48a9e2d196a0f7eea6104de0b5072a2a016c3c59357e0f1d32dccf8af14136586d1f8e7e2419a67c8a9524ede54ab24c55da8d9eeda4e3231d95a5216379870d173779cad40b93893ee7336221660f519fb1b52033449cbf4ef54bb48931524743fc5a3ec1e169a77ee2c4318c2365b2cf0e258b07ca29cd1b09046b3fb6646802795fb8ffb5d3aaaa172eb06401bbe5fcabb85cfbcb2406d5af5b0e9f036e96c32d831b949cdd6fc6b8befda158850637a5fed11f4c98e03a95ec10a371df0862f0bc6c7f643b9bc2a7ff0516195bb0a6dee8746a266d1fb18c27619cadb7a524956e72f63691688469086b7872b2d5ec1939d4354d3ef8d9fa83c42bb7a4c7d421c8d26065f5726c3d74c797b66e42db67532926c7a21d0bde264a0f8fd748de932b17ee7a3227d43b3456049b7da6a4f65e0628f402e3d23b85af28cd67cda35593340be71e3c1c3e5617efdaf0ee6a57c3685576d89258c07f27b8a88de9c04ca9bf12cf62f23ebbb679020decda93cdb60e184e54,gx-no-cache=1490883764953 HTTP/1.1" 200 30
192.168.10.13 - - [30/Mar/2017:10:21:50 -0300] "GET / HTTP/1.1" 200 11217
186.103.156.166 - - [30/Mar/2017:10:21:59 -0300] "POST /cormun/servlet/solicitudot?gx-no-cache=1490883787817 HTTP/1.1" 200 30
186.103.156.166 - - [30/Mar/2017:10:22:09 -0300] "POST /cormun/servlet/solicitudot?gx-no-cache=1490883797646 HTTP/1.1" 200 235
186.103.156.166 - - [30/Mar/2017:10:22:09 -0300] "POST /cormun/servlet/solicitudot?gx-no-cache=1490883797805 HTTP/1.1" 200 38
186.103.159.46 - - [30/Mar/2017:10:22:17 -0300] "GET /cormun/servlet/permisogoce?INS,0,,, HTTP/1.1" 200 6559
186.103.159.46 - - [30/Mar/2017:10:22:19 -0300] "GET /cormun/servlet/permisogoce?INS,0,,, HTTP/1.1" 200 6558
186.103.156.166 - - [30/Mar/2017:10:22:24 -0300] "GET /cormun/servlet/solicitudot?5e325b026a6e2ef4ec48a9e2d196a0f7d296c40973dff88829446af8401cc99704a25a0e6ba6d96bc9fc054bf6bb9a63f8a1ec3a69f847f13cec865551ca29f55e4f4e60667900dce29f569826dd38148c65c4e1219b29c5deda25d9cb4419a6e46344a158beb26877dfa711d773527780c8f17989fe3a818b3ed46bdda2b777d2f2a7c72d62487aa3554217638518d82bf2b482827029719a7c2f308ba46f07,gx-no-cache=1490883812884 HTTP/1.1" 200 29
186.103.156.166 - - [30/Mar/2017:10:22:29 -0300] "POST /cormun/servlet/solicitudot?gx-no-cache=1490883817952 HTTP/1.1" 200 643
186.103.156.166 - - [30/Mar/2017:10:22:29 -0300] "POST /cormun/servlet/solicitudot?gx-no-cache=1490883818054 HTTP/1.1" 200 518
192.168.10.13 - - [30/Mar/2017:10:22:50 -0300] "GET / HTTP/1.1" 200 11217
157.55.39.210 - - [30/Mar/2017:10:23:00 -0300] "GET /cormun/servlet/solicitudotadjuntos?INS,2017,5487,,1, HTTP/1.1" 200 5171
186.103.159.46 - - [30/Mar/2017:10:23:03 -0300] "GET /cormun/servlet/permisogoce?1abcf6a62d2a499d2f1a77b50079d4ca5a0bc35715ee5874ac49c1196c72a946218da67b145a6638c9c48c30ed8444b3,gx-no-cache=1490880250433 HTTP/1.1" 200 74
186.103.159.46 - - [30/Mar/2017:10:23:03 -0300] "GET /cormun/static/menuarrow.gif HTTP/1.1" 404 1015
186.67.172.234 - - [30/Mar/2017:10:23:04 -0300] "GET /cormun/servlet/permisogoce?e9ba7ec436fb1c3d538d7b9fa47377f9210a3aa9d327e4d45a1ea7d1485e17e17dad149ad2d409a6093d8928eb61fb48c733ab4519a62c04eb7ac23e05a9e6fa,gx-no-cache=1490880250868 HTTP/1.1" 200 47
186.67.172.234 - - [30/Mar/2017:10:23:11 -0300] "POST /cormun/servlet/permisogoce?16ac9d8fa504b0f2dc1ed2126d1e22f7,INS,0,,,,gx-no-cache=1490880258049 HTTP/1.1" 200 93
186.67.172.234 - - [30/Mar/2017:10:23:11 -0300] "GET /cormun/servlet/hpexe_return? HTTP/1.1" 200 1010
186.67.172.234 - - [30/Mar/2017:10:23:11 -0300] "GET /cormun/static/gxcfg.js?2016101716175148 HTTP/1.1" 304 -
186.67.172.234 - - [30/Mar/2017:10:23:12 -0300] "GET /cormun/servlet/trpermisosgoce HTTP/1.1" 200 9086
186.67.172.234 - - [30/Mar/2017:10:23:12 -0300] "GET /cormun/servlet/trpermisosgoce HTTP/1.1" 200 9083
186.103.159.46 - - [30/Mar/2017:10:23:13 -0300] "GET /cormun/servlet/permisogoce?1abcf6a62d2a499d2f1a77b50079d4cafda98597867641378b2064520a2fe44e08a8763da884be24f90d31aba64513fa9359e1383791a56e375e7488c9e3b59e,gx-no-cache=1490880260617 HTTP/1.1" 200 48
186.67.172.234 - - [30/Mar/2017:10:23:15 -0300] "GET /cormun/servlet/trpermisosadjuntos?13718018,20170330111750,P, HTTP/1.1" 200 6358
186.67.172.234 - - [30/Mar/2017:10:23:15 -0300] "GET /cormun/static/gxcfg.js?201731711542659 HTTP/1.1" 304 -
186.67.172.234 - - [30/Mar/2017:10:23:16 -0300] "GET /cormun/servlet/trpermisosadjuntos?13718018,20170330111750,P, HTTP/1.1" 200 6357
186.67.172.234 - - [30/Mar/2017:10:23:20 -0300] "GET /cormun/servlet/permisosadjuntos?INS,13718018,P,20170330111750,, HTTP/1.1" 200 5681
186.67.172.234 - - [30/Mar/2017:10:23:20 -0300] "GET /cormun/static/gxcfg.js?2016122813135788 HTTP/1.1" 304 -
186.67.172.234 - - [30/Mar/2017:10:23:20 -0300] "GET /cormun/static/about:blank HTTP/1.1" 404 1011
186.67.172.234 - - [30/Mar/2017:10:23:20 -0300] "GET /cormun/servlet/permisosadjuntos?INS,13718018,P,20170330111750,, HTTP/1.1" 200 5671
186.103.156.166 - - [30/Mar/2017:10:23:23 -0300] "POST /cormun/servlet/solicitudot?gx-no-cache=1490883871475 HTTP/1.1" 200 643
186.103.156.166 - - [30/Mar/2017:10:23:27 -0300] "POST /cormun/servlet/solicitudot?gx-no-cache=1490883875164 HTTP/1.1" 200 1156
186.67.172.234 - - [30/Mar/2017:10:23:30 -0300] "POST /cormun/servlet/permisosadjuntos?16ac9d8fa504b0f2dc1ed2126d1e22f7,INS,13718018,P,20170330111750,, HTTP/1.1" 200 116
186.67.172.234 - - [30/Mar/2017:10:23:31 -0300] "GET /cormun/servlet/hpexe_return? HTTP/1.1" 200 1038
186.67.172.234 - - [30/Mar/2017:10:23:31 -0300] "GET /cormun/servlet/trpermisosadjuntos?13718018,20170330111750,P, HTTP/1.1" 200 6800
186.67.172.234 - - [30/Mar/2017:10:23:31 -0300] "GET /cormun/servlet/trpermisosadjuntos?13718018,20170330111750,P, HTTP/1.1" 200 6795
186.67.172.234 - - [30/Mar/2017:10:23:45 -0300] "GET /cormun/servlet/permisosadjuntos?INS,13718018,P,20170330111750,, HTTP/1.1" 200 5684
186.67.172.234 - - [30/Mar/2017:10:23:47 -0300] "GET /cormun/static/about:blank HTTP/1.1" 404 1011
186.67.172.234 - - [30/Mar/2017:10:23:47 -0300] "GET /cormun/servlet/permisosadjuntos?INS,13718018,P,20170330111750,, HTTP/1.1" 200 5675
192.168.10.13 - - [30/Mar/2017:10:23:50 -0300] "GET / HTTP/1.1" 200 11217
186.103.159.46 - - [30/Mar/2017:10:24:02 -0300] "POST /cormun/servlet/permisogoce?efb6da4a5cb179e74d1e6b0bba42c714,INS,0,,,,gx-no-cache=1490880308605 HTTP/1.1" 200 93
186.103.159.46 - - [30/Mar/2017:10:24:02 -0300] "GET /cormun/servlet/hpexe_return? HTTP/1.1" 200 1011
186.103.159.46 - - [30/Mar/2017:10:24:02 -0300] "GET /cormun/servlet/trpermisosgoce HTTP/1.1" 200 13136
186.67.172.234 - - [30/Mar/2017:10:24:03 -0300] "POST /cormun/servlet/permisosadjuntos?16ac9d8fa504b0f2dc1ed2126d1e22f7,INS,13718018,P,20170330111750,, HTTP/1.1" 200 116
186.67.172.234 - - [30/Mar/2017:10:24:03 -0300] "GET /cormun/servlet/hpexe_return? HTTP/1.1" 200 1038
186.67.172.234 - - [30/Mar/2017:10:24:03 -0300] "GET /cormun/servlet/trpermisosadjuntos?13718018,20170330111750,P, HTTP/1.1" 200 6918
186.67.172.234 - - [30/Mar/2017:10:24:04 -0300] "GET /cormun/servlet/trpermisosadjuntos?13718018,20170330111750,P, HTTP/1.1" 200 6914
186.103.159.46 - - [30/Mar/2017:10:24:05 -0300] "GET /cormun/servlet/trpermisosgoce HTTP/1.1" 200 13133
186.103.159.46 - - [30/Mar/2017:10:24:10 -0300] "GET /cormun/servlet/apermisogoceprn?15731592,P,20170330111840,PU HTTP/1.1" 200 1666
186.67.172.234 - - [30/Mar/2017:10:24:22 -0300] "GET /cormun/PublicTempStorage/e._adille6257257.jpg HTTP/1.1" 200 830284
186.103.156.166 - - [30/Mar/2017:10:24:44 -0300] "GET /cormun/servlet/solicitudot?5e325b026a6e2ef4ec48a9e2d196a0f7e6d19e8aabadc1a7076c24dfb1e5612bf306312662596903477d82b323fc103bff8ca8677a6833cb00a67608b06c3e6ce3585bc5b8be02d8b8d65d1d861eba74a48d7089fb74bad410f7acd9eeaa2ce7b6ab50f4a9919e0646e727130cb566f83acc5ab2a4904d6f1bb5131f223f96300ef5be99a893a3b1c5d881528bfe7fe8d6b502d62fcfedb52db64ad41d0ed1e8bd3983ff915cb414bc3736b5f7f248d6,gx-no-cache=1490883952375 HTTP/1.1" 200 30
192.168.10.13 - - [30/Mar/2017:10:24:50 -0300] "GET / HTTP/1.1" 200 11217
186.103.156.166 - - [30/Mar/2017:10:24:54 -0300] "POST /cormun/servlet/solicitudot?39fb17e1a58e9a4b752c9a74df90aab8,INS,0,0,,gx-no-cache=1490883962623 HTTP/1.1" 200 11276
186.103.159.46 - - [30/Mar/2017:10:24:55 -0300] "GET /cormun/servlet/permisogoce?INS,0,,, HTTP/1.1" 200 6559
186.103.159.46 - - [30/Mar/2017:10:24:57 -0300] "GET /cormun/servlet/permisogoce?INS,0,,, HTTP/1.1" 200 6558
186.67.172.234 - - [30/Mar/2017:10:24:58 -0300] "GET /cormun/PublicTempStorage/e._adille7607430.jpg HTTP/1.1" 200 830284
186.67.172.234 - - [30/Mar/2017:10:25:14 -0300] "POST /cormun/servlet/trpermisosadjuntos?16ac9d8fa504b0f2dc1ed2126d1e22f7,13718018,20170330111750,P,,gx-no-cache=1490880381050 HTTP/1.1" 200 90
186.67.172.234 - - [30/Mar/2017:10:25:14 -0300] "GET /cormun/servlet/hpexe_link HTTP/1.1" 200 984
186.67.172.234 - - [30/Mar/2017:10:25:15 -0300] "GET /cormun/servlet/trpermisosgoce HTTP/1.1" 200 9084
186.67.172.234 - - [30/Mar/2017:10:25:15 -0300] "GET /cormun/servlet/trpermisosgoce HTTP/1.1" 200 9082
186.103.159.46 - - [30/Mar/2017:10:25:25 -0300] "GET /cormun/servlet/permisogoce?1abcf6a62d2a499d2f1a77b50079d4ca114ef396cc23e8ca394de1e823e6acb9552ed59069cf57c130aa450f6fc71519,gx-no-cache=1490880392494 HTTP/1.1" 200 73
186.103.159.46 - - [30/Mar/2017:10:25:25 -0300] "GET /cormun/static/menuarrow.gif HTTP/1.1" 404 1015
186.67.172.234 - - [30/Mar/2017:10:25:27 -0300] "GET /cormun/servlet/trpermisosadjuntos?13718018,20170330111750,P, HTTP/1.1" 200 6915
186.103.159.46 - - [30/Mar/2017:10:25:33 -0300] "GET /cormun/servlet/permisogoce?1abcf6a62d2a499d2f1a77b50079d4ca4319bc6dbadd6072658fa793a32e663793ac8b9782ac7f6e461ec4f3bb24cf12e87cffc16e4660901c210805d16b83b7,gx-no-cache=1490880400484 HTTP/1.1" 200 47
186.103.159.46 - - [30/Mar/2017:10:25:43 -0300] "POST /cormun/servlet/permisogoce?efb6da4a5cb179e74d1e6b0bba42c714,INS,0,,,,gx-no-cache=1490880409550 HTTP/1.1" 200 93
186.103.159.46 - - [30/Mar/2017:10:25:43 -0300] "GET /cormun/servlet/hpexe_return? HTTP/1.1" 200 1011
186.103.159.46 - - [30/Mar/2017:10:25:43 -0300] "GET /cormun/servlet/trpermisosgoce HTTP/1.1" 200 13334
186.103.159.46 - - [30/Mar/2017:10:25:45 -0300] "GET /cormun/servlet/trpermisosgoce HTTP/1.1" 200 13318
192.168.10.13 - - [30/Mar/2017:10:25:50 -0300] "GET / HTTP/1.1" 200 11217
186.103.159.46 - - [30/Mar/2017:10:26:35 -0300] "GET /cormun/servlet/permisogoce?INS,0,,, HTTP/1.1" 200 6559
186.103.159.46 - - [30/Mar/2017:10:26:37 -0300] "GET /cormun/servlet/permisogoce?INS,0,,, HTTP/1.1" 200 6558
186.67.172.234 - - [30/Mar/2017:10:26:42 -0300] "POST /cormun/servlet/trpermisosgoce?16ac9d8fa504b0f2dc1ed2126d1e22f7,gx-no-cache=1490880468763 HTTP/1.1" 200 6304
192.168.10.13 - - [30/Mar/2017:10:26:50 -0300] "GET / HTTP/1.1" 200 11217
186.67.172.234 - - [30/Mar/2017:10:26:50 -0300] "POST /cormun/servlet/trpermisosgoce?16ac9d8fa504b0f2dc1ed2126d1e22f7,gx-no-cache=1490880476590 HTTP/1.1" 200 6306
186.103.159.46 - - [30/Mar/2017:10:27:09 -0300] "POST /cormun/servlet/permisogoce?efb6da4a5cb179e74d1e6b0bba42c714,INS,0,,,,gx-no-cache=1490880496191 HTTP/1.1" 200 90
186.103.159.46 - - [30/Mar/2017:10:27:09 -0300] "GET /cormun/servlet/hpexe_link HTTP/1.1" 200 968
186.103.159.46 - - [30/Mar/2017:10:27:10 -0300] "GET /cormun/servlet/trpermisosgoce HTTP/1.1" 200 13332
186.103.159.46 - - [30/Mar/2017:10:27:12 -0300] "GET /cormun/servlet/trpermisosgoce HTTP/1.1" 200 13334
186.103.159.46 - - [30/Mar/2017:10:27:37 -0300] "GET /cormun/servlet/permisogoce?UPD,9772273,P,20170330112021, HTTP/1.1" 200 6614
186.67.172.234 - - [30/Mar/2017:10:27:38 -0300] "GET /cormun/servlet/permisogoce?INS,0,,, HTTP/1.1" 200 6823
186.67.172.234 - - [30/Mar/2017:10:27:38 -0300] "GET /cormun/servlet/permisogoce?INS,0,,, HTTP/1.1" 200 6823
186.103.159.46 - - [30/Mar/2017:10:27:38 -0300] "GET /cormun/servlet/permisogoce?UPD,9772273,P,20170330112021, HTTP/1.1" 200 6614
186.103.159.46 - - [30/Mar/2017:10:27:39 -0300] "GET /cormun/servlet/permisogoce?1abcf6a62d2a499d2f1a77b50079d4ca114ef396cc23e8ca394de1e823e6acb956d283b7dd3673fd42a5b021effb1b26,gx-no-cache=1490880525983 HTTP/1.1" 200 76
186.103.159.46 - - [30/Mar/2017:10:27:48 -0300] "GET /cormun/servlet/permisogoce?1abcf6a62d2a499d2f1a77b50079d4ca4319bc6dbadd6072658fa793a32e6637a916b3f795d0f57cc62ef10b0234b2a0b887da535e665d4e2e5b181a28281f57c62b3baa6ea2bd4671bd9cf537df161f,gx-no-cache=1490880535234 HTTP/1.1" 200 48
186.103.159.46 - - [30/Mar/2017:10:27:48 -0300] "POST /cormun/servlet/permisogoce?efb6da4a5cb179e74d1e6b0bba42c714,UPD,9772273,P,20170330112021,,gx-no-cache=1490880535317 HTTP/1.1" 200 4198
186.103.159.46 - - [30/Mar/2017:10:27:48 -0300] "GET /cormun/static/Shared/jqueryui/images/ui-icons_82798d_256x240.png HTTP/1.1" 404 1089
186.103.159.46 - - [30/Mar/2017:10:27:48 -0300] "GET /cormun/static/Shared/jqueryui/images/ui-bg_highlight-soft_100_c6c2c8_1x100.png HTTP/1.1" 404 1117
186.103.159.46 - - [30/Mar/2017:10:27:48 -0300] "GET /cormun/static/Shared/jqueryui/images/ui-bg_flat_55_994d53_40x100.png HTTP/1.1" 404 1097
186.103.159.46 - - [30/Mar/2017:10:27:48 -0300] "GET /cormun/static/Shared/jqueryui/images/ui-icons_ebccce_256x240.png HTTP/1.1" 404 1089
192.168.10.13 - - [30/Mar/2017:10:27:50 -0300] "GET / HTTP/1.1" 200 11217
186.103.159.46 - - [30/Mar/2017:10:27:57 -0300] "GET /cormun/static/menuarrow.gif HTTP/1.1" 404 1015
186.67.172.234 - - [30/Mar/2017:10:27:57 -0300] "GET /cormun/servlet/permisogoce?e9ba7ec436fb1c3d538d7b9fa47377f966f2b4ec089d4a5656a934f33a53fed0aa0c9eb68207b791d0d552a3e4c557e2,gx-no-cache=1490880544222 HTTP/1.1" 200 66
186.67.172.234 - - [30/Mar/2017:10:27:57 -0300] "GET /cormun/static/menuarrow.gif HTTP/1.1" 404 1015
186.67.172.234 - - [30/Mar/2017:10:28:06 -0300] "GET /cormun/servlet/permisogoce?e9ba7ec436fb1c3d538d7b9fa47377f941dfda079086aa2fe917b594db4e5eab66a145aafddbe4996c92d6099a9f8d3839c242d4f2cf6218d74a5ab8584a33ce,gx-no-cache=1490880552575 HTTP/1.1" 200 47
186.67.172.234 - - [30/Mar/2017:10:28:12 -0300] "POST /cormun/servlet/permisogoce?16ac9d8fa504b0f2dc1ed2126d1e22f7,INS,0,,,,gx-no-cache=1490880558768 HTTP/1.1" 200 93
186.103.159.46 - - [30/Mar/2017:10:28:23 -0300] "POST /cormun/servlet/permisogoce?efb6da4a5cb179e74d1e6b0bba42c714,UPD,9772273,P,20170330112021,,gx-no-cache=1490880569938 HTTP/1.1" 200 4153
186.103.159.46 - - [30/Mar/2017:10:28:26 -0300] "POST /cormun/servlet/permisogoce?efb6da4a5cb179e74d1e6b0bba42c714,UPD,9772273,P,20170330112021,,gx-no-cache=1490880572999 HTTP/1.1" 200 93
186.103.159.46 - - [30/Mar/2017:10:28:26 -0300] "GET /cormun/servlet/hpexe_return? HTTP/1.1" 200 1029
186.103.159.46 - - [30/Mar/2017:10:28:27 -0300] "GET /cormun/servlet/trpermisosgoce HTTP/1.1" 200 13322
186.103.159.46 - - [30/Mar/2017:10:28:29 -0300] "GET /cormun/servlet/trpermisosgoce HTTP/1.1" 200 13315
186.103.159.46 - - [30/Mar/2017:10:28:36 -0300] "GET /cormun/servlet/permisogoce?UPD,9772273,P,20170330112021, HTTP/1.1" 200 6614
186.103.159.46 - - [30/Mar/2017:10:28:38 -0300] "GET /cormun/servlet/permisogoce?UPD,9772273,P,20170330112021, HTTP/1.1" 200 6614
186.103.159.46 - - [30/Mar/2017:10:28:38 -0300] "GET /cormun/servlet/permisogoce?1abcf6a62d2a499d2f1a77b50079d4ca114ef396cc23e8ca394de1e823e6acb956d283b7dd3673fd42a5b021effb1b26,gx-no-cache=1490880585323 HTTP/1.1" 200 76
186.103.159.46 - - [30/Mar/2017:10:28:46 -0300] "GET /cormun/servlet/trpermisosgoce HTTP/1.1" 200 13329
186.103.159.46 - - [30/Mar/2017:10:28:48 -0300] "GET /cormun/servlet/trpermisosgoce HTTP/1.1" 200 13317
192.168.10.13 - - [30/Mar/2017:10:28:50 -0300] "GET / HTTP/1.1" 200 11217
186.103.159.46 - - [30/Mar/2017:10:28:53 -0300] "GET /cormun/servlet/permisogoce?DLT,9772273,P,20170330112021, HTTP/1.1" 200 6521
186.103.159.46 - - [30/Mar/2017:10:28:54 -0300] "GET /cormun/static/Shared/jqueryui/images/ui-bg_highlight-soft_100_c6c2c8_1x100.png HTTP/1.1" 404 1117
186.103.159.46 - - [30/Mar/2017:10:28:54 -0300] "GET /cormun/static/Shared/jqueryui/images/ui-bg_flat_55_fafafa_40x100.png HTTP/1.1" 404 1097
186.103.159.46 - - [30/Mar/2017:10:28:54 -0300] "GET /cormun/static/Shared/jqueryui/images/ui-icons_8d78a5_256x240.png HTTP/1.1" 404 1089
186.103.159.46 - - [30/Mar/2017:10:28:55 -0300] "GET /cormun/static/Shared/jqueryui/images/ui-icons_82798d_256x240.png HTTP/1.1" 404 1089
186.103.159.46 - - [30/Mar/2017:10:28:55 -0300] "GET /cormun/servlet/permisogoce?DLT,9772273,P,20170330112021, HTTP/1.1" 200 6523
186.103.159.46 - - [30/Mar/2017:10:29:01 -0300] "POST /cormun/servlet/permisogoce?efb6da4a5cb179e74d1e6b0bba42c714,DLT,9772273,P,20170330112021,,gx-no-cache=1490880607875 HTTP/1.1" 200 4231
186.103.159.46 - - [30/Mar/2017:10:29:01 -0300] "GET /cormun/static/Shared/jqueryui/images/ui-bg_flat_55_994d53_40x100.png HTTP/1.1" 404 1097
186.103.159.46 - - [30/Mar/2017:10:29:01 -0300] "GET /cormun/static/Shared/jqueryui/images/ui-icons_ebccce_256x240.png HTTP/1.1" 404 1089
186.103.159.46 - - [30/Mar/2017:10:29:10 -0300] "POST /cormun/servlet/permisogoce?efb6da4a5cb179e74d1e6b0bba42c714,DLT,9772273,P,20170330112021,,gx-no-cache=1490880617238 HTTP/1.1" 200 4191
186.103.159.46 - - [30/Mar/2017:10:29:12 -0300] "POST /cormun/servlet/permisogoce?efb6da4a5cb179e74d1e6b0bba42c714,DLT,9772273,P,20170330112021,,gx-no-cache=1490880618597 HTTP/1.1" 200 4191
186.103.159.46 - - [30/Mar/2017:10:29:16 -0300] "POST /cormun/servlet/permisogoce?efb6da4a5cb179e74d1e6b0bba42c714,DLT,9772273,P,20170330112021,,gx-no-cache=1490880623131 HTTP/1.1" 200 93
186.103.159.46 - - [30/Mar/2017:10:29:16 -0300] "GET /cormun/servlet/hpexe_return? HTTP/1.1" 200 1029
186.103.159.46 - - [30/Mar/2017:10:29:16 -0300] "GET /cormun/servlet/trpermisosgoce HTTP/1.1" 200 13339
186.103.159.46 - - [30/Mar/2017:10:29:18 -0300] "GET /cormun/servlet/trpermisosgoce HTTP/1.1" 200 13328
186.103.159.46 - - [30/Mar/2017:10:29:32 -0300] "GET /cormun/servlet/permisogoce?DSP,13099025,P,20170329140832, HTTP/1.1" 200 6428
186.103.159.46 - - [30/Mar/2017:10:29:34 -0300] "GET /cormun/servlet/permisogoce?DSP,13099025,P,20170329140832, HTTP/1.1" 200 6430
192.168.10.13 - - [30/Mar/2017:10:29:50 -0300] "GET / HTTP/1.1" 200 11217
186.103.156.166 - - [30/Mar/2017:10:29:59 -0300] "POST /cormun/servlet/solicitudot?gx-no-cache=1490884267758 HTTP/1.1" 200 254
186.103.156.166 - - [30/Mar/2017:10:30:00 -0300] "GET /cormun/servlet/solicitudot?5e325b026a6e2ef4ec48a9e2d196a0f7eea6104de0b5072a2a016c3c59357e0f1d32dccf8af14136586d1f8e7e2419a67c8a9524ede54ab24c55da8d9eeda4e3231d95a5216379870d173779cad40b93893ee7336221660f519fb1b52033449cbf4ef54bb48931524743fc5a3ec1e169a77ee2c4318c2365b2cf0e258b07ca29cd1b09046b3fb6646802795fb8ffb5d3aaaa172eb06401bbe5fcabb85cfbcb2406d5af5b0e9f036e96c32d831b949cdd6fc6b8befda158850637a5fed11f4c98e03a95ec10a371df0862f0bc6c7f643b9bc2a7ff0516195bb0a6dee8746a266d1fb18c27619cadb7a524956e72f63691688469086b7872b2d5ec1939d4354d3ef8d9fa83c42bb7a4c7d421c8d26065f5726c3d74c797b66e42db67532926c7a21d0bde264a0f8fd748de932b17ee7a3227d43b3456049b7da6a4f65e0628f402e3d23b85af28cd67cda35593340be71e3c1c3e5617efdaf0ee6a57c3685576d89258c07f27b8a88de9c04ca9bf12cf629de694064083ceafc7760967a74e9613,gx-no-cache=1490884268008 HTTP/1.1" 200 30
186.103.156.166 - - [30/Mar/2017:10:30:00 -0300] "POST /cormun/servlet/solicitudot?gx-no-cache=1490884268379 HTTP/1.1" 200 30
186.103.156.166 - - [30/Mar/2017:10:30:00 -0300] "POST /cormun/servlet/solicitudot?gx-no-cache=1490884268473 HTTP/1.1" 200 1287
186.103.156.166 - - [30/Mar/2017:10:30:00 -0300] "POST /cormun/servlet/solicitudot?gx-no-cache=1490884268643 HTTP/1.1" 200 41
186.103.156.166 - - [30/Mar/2017:10:30:00 -0300] "POST /cormun/servlet/solicitudot?gx-no-cache=1490884268756 HTTP/1.1" 200 1275
186.103.156.166 - - [30/Mar/2017:10:30:00 -0300] "POST /cormun/servlet/solicitudot?gx-no-cache=1490884268908 HTTP/1.1" 200 1157
186.103.156.166 - - [30/Mar/2017:10:30:00 -0300] "GET /cormun/servlet/solicitudot?5e325b026a6e2ef4ec48a9e2d196a0f7e6d19e8aabadc1a7076c24dfb1e5612bf306312662596903477d82b323fc103bff8ca8677a6833cb00a67608b06c3e6ce3585bc5b8be02d8b8d65d1d861eba74a48d7089fb74bad410f7acd9eeaa2ce7b6ab50f4a9919e0646e727130cb566f83acc5ab2a4904d6f1bb5131f223f96300ef5be99a893a3b1c5d881528bfe7fe8d6b502d62fcfedb52db64ad41d0ed1e8bd3983ff915cb414bc3736b5f7f248d6,gx-no-cache=1490884269129 HTTP/1.1" 200 30
186.103.156.166 - - [30/Mar/2017:10:30:01 -0300] "POST /cormun/servlet/solicitudot?39fb17e1a58e9a4b752c9a74df90aab8,INS,0,0,,gx-no-cache=1490884269234 HTTP/1.1" 200 11322
186.103.159.46 - - [30/Mar/2017:10:30:06 -0300] "GET /cormun/servlet/trpermisosgoce? HTTP/1.1" 200 13343
186.103.159.46 - - [30/Mar/2017:10:30:09 -0300] "GET /cormun/servlet/trpermisosgoce? HTTP/1.1" 200 13325
186.103.159.46 - - [30/Mar/2017:10:30:24 -0300] "GET /cormun/servlet/permisogoce?DLT,9772273,P,20170330112021, HTTP/1.1" 200 6522
186.103.159.46 - - [30/Mar/2017:10:30:25 -0300] "GET /cormun/static/Shared/jqueryui/images/ui-bg_highlight-soft_100_c6c2c8_1x100.png HTTP/1.1" 404 1117
186.103.159.46 - - [30/Mar/2017:10:30:25 -0300] "GET /cormun/static/Shared/jqueryui/images/ui-icons_82798d_256x240.png HTTP/1.1" 404 1089
186.103.159.46 - - [30/Mar/2017:10:30:25 -0300] "GET /cormun/static/Shared/jqueryui/images/ui-bg_flat_55_fafafa_40x100.png HTTP/1.1" 404 1097
186.103.159.46 - - [30/Mar/2017:10:30:25 -0300] "GET /cormun/static/Shared/jqueryui/images/ui-icons_8d78a5_256x240.png HTTP/1.1" 404 1089
186.103.159.46 - - [30/Mar/2017:10:30:25 -0300] "GET /cormun/servlet/permisogoce?DLT,9772273,P,20170330112021, HTTP/1.1" 200 6523
186.67.172.234 - - [30/Mar/2017:10:30:27 -0300] "POST /cormun/servlet/permisogoce?16ac9d8fa504b0f2dc1ed2126d1e22f7,INS,0,,,,gx-no-cache=1490880558768 HTTP/1.1" 200 93
186.103.159.46 - - [30/Mar/2017:10:30:32 -0300] "GET /cormun/servlet/puconsultapgoce?9772273,MD,gxPopupLevel%3D0%3B HTTP/1.1" 200 4199
186.103.159.46 - - [30/Mar/2017:10:30:32 -0300] "GET /cormun/pexe_layers.js HTTP/1.1" 404 1003
186.103.159.46 - - [30/Mar/2017:10:30:32 -0300] "GET /cormun/pexe_windows.js HTTP/1.1" 404 1005
186.103.159.46 - - [30/Mar/2017:10:30:32 -0300] "GET /cormun/pexe_link.js HTTP/1.1" 404 999
186.103.159.46 - - [30/Mar/2017:10:30:32 -0300] "GET /cormun/pexe_cookies.js HTTP/1.1" 404 1005
186.103.159.46 - - [30/Mar/2017:10:30:32 -0300] "GET /cormun/pexe_grid.js HTTP/1.1" 404 999
186.103.159.46 - - [30/Mar/2017:10:30:32 -0300] "GET /cormun/pexe_griddivfix.js HTTP/1.1" 404 1011
186.103.159.46 - - [30/Mar/2017:10:30:32 -0300] "GET /cormun/pexe_picture.js HTTP/1.1" 404 1005
186.103.159.46 - - [30/Mar/2017:10:30:32 -0300] "GET /cormun/pexe_treedivfix.js HTTP/1.1" 404 1011
186.103.159.46 - - [30/Mar/2017:10:30:32 -0300] "GET /cormun/pexe_autoreload.js HTTP/1.1" 404 1011
186.103.159.46 - - [30/Mar/2017:10:30:32 -0300] "GET /cormun/pexe_menudivfix.js HTTP/1.1" 404 1011
186.103.159.46 - - [30/Mar/2017:10:30:32 -0300] "GET /cormun/pexe_tabdivfix.js HTTP/1.1" 404 1009
186.103.159.46 - - [30/Mar/2017:10:30:32 -0300] "GET /cormun/pexe_menus.js HTTP/1.1" 404 1001
186.103.159.46 - - [30/Mar/2017:10:30:33 -0300] "GET /cormun/pexe_menus.js HTTP/1.1" 404 1001
186.103.159.46 - - [30/Mar/2017:10:30:33 -0300] "GET /cormun/pexe_layers.js HTTP/1.1" 404 1003
186.67.172.234 - - [30/Mar/2017:10:30:41 -0300] "GET /cormun/servlet/hpexe_return? HTTP/1.1" 200 1033
186.67.172.234 - - [30/Mar/2017:10:30:41 -0300] "GET /cormun/servlet/trpermisosgoce?gx-no-cache=1490880476590 HTTP/1.1" 200 9415
186.67.172.234 - - [30/Mar/2017:10:30:43 -0300] "GET /cormun/servlet/trpermisosgoce?gx-no-cache=1490880476590 HTTP/1.1" 200 9433
186.67.172.234 - - [30/Mar/2017:10:30:47 -0300] "GET /cormun/servlet/trpermisosadjuntos?8149752,20170330112251,P, HTTP/1.1" 200 6373
186.67.172.234 - - [30/Mar/2017:10:30:47 -0300] "GET /cormun/servlet/trpermisosadjuntos?8149752,20170330112251,P, HTTP/1.1" 200 6352
192.168.10.13 - - [30/Mar/2017:10:30:50 -0300] "GET / HTTP/1.1" 200 11217
186.67.172.234 - - [30/Mar/2017:10:30:53 -0300] "GET /cormun/servlet/permisosadjuntos?INS,8149752,P,20170330112251,, HTTP/1.1" 200 5676
186.67.172.234 - - [30/Mar/2017:10:30:53 -0300] "GET /cormun/static/about:blank HTTP/1.1" 404 1011
186.67.172.234 - - [30/Mar/2017:10:30:53 -0300] "GET /cormun/servlet/permisosadjuntos?INS,8149752,P,20170330112251,, HTTP/1.1" 200 5666
186.67.172.234 - - [30/Mar/2017:10:31:05 -0300] "POST /cormun/servlet/permisosadjuntos?16ac9d8fa504b0f2dc1ed2126d1e22f7,INS,8149752,P,20170330112251,, HTTP/1.1" 200 116
186.67.172.234 - - [30/Mar/2017:10:31:05 -0300] "GET /cormun/servlet/hpexe_return? HTTP/1.1" 200 1038
186.67.172.234 - - [30/Mar/2017:10:31:05 -0300] "GET /cormun/servlet/trpermisosadjuntos?8149752,20170330112251,P, HTTP/1.1" 200 6799
186.67.172.234 - - [30/Mar/2017:10:31:06 -0300] "GET /cormun/servlet/trpermisosadjuntos?8149752,20170330112251,P, HTTP/1.1" 200 6794
186.67.172.234 - - [30/Mar/2017:10:31:44 -0300] "GET /cormun/servlet/permisosadjuntos?INS,8149752,P,20170330112251,, HTTP/1.1" 200 5676
186.67.172.234 - - [30/Mar/2017:10:31:44 -0300] "GET /cormun/static/about:blank HTTP/1.1" 404 1011
186.67.172.234 - - [30/Mar/2017:10:31:44 -0300] "GET /cormun/servlet/permisosadjuntos?INS,8149752,P,20170330112251,, HTTP/1.1" 200 5666
192.168.10.13 - - [30/Mar/2017:10:31:50 -0300] "GET / HTTP/1.1" 200 11217
186.67.172.234 - - [30/Mar/2017:10:31:57 -0300] "POST /cormun/servlet/permisosadjuntos?16ac9d8fa504b0f2dc1ed2126d1e22f7,INS,8149752,P,20170330112251,, HTTP/1.1" 200 116
186.67.172.234 - - [30/Mar/2017:10:31:57 -0300] "GET /cormun/servlet/hpexe_return? HTTP/1.1" 200 1038
186.67.172.234 - - [30/Mar/2017:10:31:57 -0300] "GET /cormun/servlet/trpermisosadjuntos?8149752,20170330112251,P, HTTP/1.1" 200 6918
186.67.172.234 - - [30/Mar/2017:10:31:58 -0300] "GET /cormun/servlet/trpermisosadjuntos?8149752,20170330112251,P, HTTP/1.1" 200 6916
186.67.172.234 - - [30/Mar/2017:10:32:06 -0300] "GET /cormun/servlet/trpermisosgoce? HTTP/1.1" 200 9410
186.67.172.234 - - [30/Mar/2017:10:32:06 -0300] "GET /cormun/servlet/trpermisosgoce? HTTP/1.1" 200 9412
186.67.172.234 - - [30/Mar/2017:10:32:24 -0300] "GET /cormun/servlet/permisogoce?DLT,8149752,P,20170330112506, HTTP/1.1" 200 6794
192.168.10.13 - - [30/Mar/2017:10:32:50 -0300] "GET / HTTP/1.1" 200 11217
186.67.172.234 - - [30/Mar/2017:10:33:13 -0300] "GET /cormun/servlet/permisogoce?DLT,8149752,P,20170330112506, HTTP/1.1" 200 6794
186.67.172.234 - - [30/Mar/2017:10:33:13 -0300] "GET /cormun/static/Shared/jqueryui/images/ui-bg_highlight-soft_100_c6c2c8_1x100.png HTTP/1.1" 404 1117
186.67.172.234 - - [30/Mar/2017:10:33:13 -0300] "GET /cormun/static/Shared/jqueryui/images/ui-bg_flat_55_fafafa_40x100.png HTTP/1.1" 404 1097
186.67.172.234 - - [30/Mar/2017:10:33:13 -0300] "GET /cormun/static/Shared/jqueryui/images/ui-icons_82798d_256x240.png HTTP/1.1" 404 1089
186.67.172.234 - - [30/Mar/2017:10:33:13 -0300] "GET /cormun/static/Shared/jqueryui/images/ui-icons_8d78a5_256x240.png HTTP/1.1" 404 1089
186.67.172.234 - - [30/Mar/2017:10:33:14 -0300] "GET /cormun/servlet/permisogoce?DLT,8149752,P,20170330112506, HTTP/1.1" 200 6794
186.67.172.234 - - [30/Mar/2017:10:33:32 -0300] "POST /cormun/servlet/permisogoce?16ac9d8fa504b0f2dc1ed2126d1e22f7,DLT,8149752,P,20170330112506,,gx-no-cache=1490880878407 HTTP/1.1" 200 93
186.67.172.234 - - [30/Mar/2017:10:33:33 -0300] "GET /cormun/servlet/hpexe_return? HTTP/1.1" 200 1029
186.67.172.234 - - [30/Mar/2017:10:33:33 -0300] "GET /cormun/servlet/trpermisosgoce HTTP/1.1" 200 9406
186.67.172.234 - - [30/Mar/2017:10:33:34 -0300] "GET /cormun/servlet/trpermisosgoce HTTP/1.1" 200 9411
186.67.172.234 - - [30/Mar/2017:10:33:42 -0300] "GET /cormun/servlet/permisogoce?DLT,8149752,P,20170330112506, HTTP/1.1" 200 6792
186.67.172.234 - - [30/Mar/2017:10:33:42 -0300] "GET /cormun/static/Shared/jqueryui/images/ui-bg_highlight-soft_100_c6c2c8_1x100.png HTTP/1.1" 404 1117
186.67.172.234 - - [30/Mar/2017:10:33:42 -0300] "GET /cormun/static/Shared/jqueryui/images/ui-bg_flat_55_fafafa_40x100.png HTTP/1.1" 404 1097
186.67.172.234 - - [30/Mar/2017:10:33:42 -0300] "GET /cormun/static/Shared/jqueryui/images/ui-icons_8d78a5_256x240.png HTTP/1.1" 404 1089
186.67.172.234 - - [30/Mar/2017:10:33:42 -0300] "GET /cormun/static/Shared/jqueryui/images/ui-icons_82798d_256x240.png HTTP/1.1" 404 1089
186.67.172.234 - - [30/Mar/2017:10:33:42 -0300] "GET /cormun/servlet/permisogoce?DLT,8149752,P,20170330112506, HTTP/1.1" 200 6794
192.168.10.13 - - [30/Mar/2017:10:33:50 -0300] "GET / HTTP/1.1" 200 11217
186.67.172.234 - - [30/Mar/2017:10:33:53 -0300] "POST /cormun/servlet/permisogoce?16ac9d8fa504b0f2dc1ed2126d1e22f7,DLT,8149752,P,20170330112506,,gx-no-cache=1490880896583 HTTP/1.1" 200 4428
192.168.10.13 - - [30/Mar/2017:10:34:50 -0300] "GET / HTTP/1.1" 200 11217
186.103.159.46 - - [30/Mar/2017:10:35:30 -0300] "GET /cormun/servlet/hhome HTTP/1.1" 200 3774
186.103.159.46 - - [30/Mar/2017:10:35:33 -0300] "GET /cormun/servlet/hhome HTTP/1.1" 200 3783
192.168.10.13 - - [30/Mar/2017:10:35:50 -0300] "GET / HTTP/1.1" 200 11217
186.67.172.234 - - [30/Mar/2017:10:36:46 -0300] "POST /cormun/servlet/permisogoce?16ac9d8fa504b0f2dc1ed2126d1e22f7,DLT,8149752,P,20170330112506,,gx-no-cache=1490880896583 HTTP/1.1" 200 4428
186.67.172.234 - - [30/Mar/2017:10:36:46 -0300] "GET /cormun/static/Shared/jqueryui/images/ui-bg_flat_55_994d53_40x100.png HTTP/1.1" 404 1097
186.67.172.234 - - [30/Mar/2017:10:36:49 -0300] "GET /cormun/static/Shared/jqueryui/images/ui-icons_ebccce_256x240.png HTTP/1.1" 404 1089
192.168.10.13 - - [30/Mar/2017:10:36:50 -0300] "GET / HTTP/1.1" 200 11217
66.249.83.5 - - [30/Mar/2017:10:36:50 -0300] "GET /cormun/servlet/hlogin HTTP/1.1" 200 1724
66.249.83.7 - - [30/Mar/2017:10:36:50 -0300] "GET /cormun/servlet/hlogin?_escaped_fragment_= HTTP/1.1" 200 1719
192.168.10.13 - - [30/Mar/2017:10:37:50 -0300] "GET / HTTP/1.1" 200 11217
186.103.159.46 - - [30/Mar/2017:10:38:02 -0300] "GET /cormun/servlet/hhome HTTP/1.1" 200 3774
186.103.159.46 - - [30/Mar/2017:10:38:05 -0300] "GET /cormun/servlet/hhome HTTP/1.1" 200 3783
186.103.159.46 - - [30/Mar/2017:10:38:12 -0300] "GET /cormun/servlet/trpermisosgoce? HTTP/1.1" 200 13330
186.103.159.46 - - [30/Mar/2017:10:38:14 -0300] "GET /cormun/servlet/trpermisosgoce? HTTP/1.1" 200 13328
186.103.159.46 - - [30/Mar/2017:10:38:25 -0300] "GET /cormun/servlet/permisogoce?INS,0,,, HTTP/1.1" 200 6558
186.103.159.46 - - [30/Mar/2017:10:38:27 -0300] "GET /cormun/servlet/permisogoce?INS,0,,, HTTP/1.1" 200 6558
192.168.10.13 - - [30/Mar/2017:10:38:50 -0300] "GET / HTTP/1.1" 200 11217
186.103.159.46 - - [30/Mar/2017:10:39:09 -0300] "GET /cormun/servlet/permisogoce?1abcf6a62d2a499d2f1a77b50079d4cabb4101db0eb54205f970939214de2b1e552ed59069cf57c130aa450f6fc71519,gx-no-cache=1490881216111 HTTP/1.1" 200 75
186.103.159.46 - - [30/Mar/2017:10:39:09 -0300] "GET /cormun/static/menuarrow.gif HTTP/1.1" 404 1015
186.103.159.46 - - [30/Mar/2017:10:39:16 -0300] "GET /cormun/servlet/permisogoce?1abcf6a62d2a499d2f1a77b50079d4ca62b06626a373cbb4f351d216f3d940e716129b1402ae0fe6ea4ff24d5b8f1d55e87cffc16e4660901c210805d16b83b7,gx-no-cache=1490881223376 HTTP/1.1" 200 47
186.103.159.46 - - [30/Mar/2017:10:39:27 -0300] "POST /cormun/servlet/permisogoce?efb6da4a5cb179e74d1e6b0bba42c714,INS,0,,,,gx-no-cache=1490881234301 HTTP/1.1" 200 93
186.103.159.46 - - [30/Mar/2017:10:39:27 -0300] "GET /cormun/servlet/hpexe_return? HTTP/1.1" 200 1011
186.103.159.46 - - [30/Mar/2017:10:39:28 -0300] "GET /cormun/servlet/trpermisosgoce HTTP/1.1" 200 13506
186.103.159.46 - - [30/Mar/2017:10:39:30 -0300] "GET /cormun/servlet/trpermisosgoce HTTP/1.1" 200 13518
186.103.159.46 - - [30/Mar/2017:10:39:39 -0300] "GET /cormun/servlet/apermisogoceprn?9014931,P,20170330113406,PU HTTP/1.1" 200 1649
192.168.10.13 - - [30/Mar/2017:10:39:50 -0300] "GET / HTTP/1.1" 200 11217
192.168.10.13 - - [30/Mar/2017:10:40:50 -0300] "GET / HTTP/1.1" 200 11217
192.168.10.13 - - [30/Mar/2017:10:41:50 -0300] "GET / HTTP/1.1" 200 11217
186.79.251.41 - - [30/Mar/2017:10:42:48 -0300] "GET /cormun/servlet/hlogin HTTP/1.1" 200 1718
186.79.251.41 - - [30/Mar/2017:10:42:48 -0300] "GET /cormun/static/gxcfg.js?201731711485472 HTTP/1.1" 304 -
192.168.10.13 - - [30/Mar/2017:10:42:50 -0300] "GET / HTTP/1.1" 200 11217
186.79.251.41 - - [30/Mar/2017:10:42:54 -0300] "POST /cormun/servlet/hlogin?74e3fd4927e94e3f7520dcf9ee7f5e11,gx-no-cache=1490881441076 HTTP/1.1" 200 90
186.79.251.41 - - [30/Mar/2017:10:42:54 -0300] "GET /cormun/servlet/hpexe_link HTTP/1.1" 200 946
186.79.251.41 - - [30/Mar/2017:10:42:54 -0300] "GET /cormun/static/gxcfg.js?201731711483381 HTTP/1.1" 304 -
186.79.251.41 - - [30/Mar/2017:10:42:54 -0300] "GET /cormun/servlet/hhome HTTP/1.1" 200 3823
186.79.251.41 - - [30/Mar/2017:10:42:54 -0300] "GET /cormun/static/gxcfg.js?201731711483497 HTTP/1.1" 304 -
186.79.251.41 - - [30/Mar/2017:10:42:55 -0300] "GET /cormun/servlet/hhome HTTP/1.1" 200 3820
186.79.251.41 - - [30/Mar/2017:10:43:00 -0300] "GET /cormun/servlet/trpermisosgoce? HTTP/1.1" 200 8749
186.79.251.41 - - [30/Mar/2017:10:43:00 -0300] "GET /cormun/static/gxcfg.js?20173171154124 HTTP/1.1" 200 953
186.79.251.41 - - [30/Mar/2017:10:43:00 -0300] "GET /cormun/static/trpermisosgoce.js?20173171154177 HTTP/1.1" 304 -
186.79.251.41 - - [30/Mar/2017:10:43:01 -0300] "GET /cormun/servlet/trpermisosgoce? HTTP/1.1" 200 8747
186.103.159.44 - - [30/Mar/2017:10:43:03 -0300] "GET /cormun/servlet/hlogin HTTP/1.1" 200 1727
186.103.159.44 - - [30/Mar/2017:10:43:04 -0300] "GET /cormun/static/gxcfg.js?201731711485472 HTTP/1.1" 304 -
186.103.159.44 - - [30/Mar/2017:10:43:05 -0300] "GET /cormun/servlet/hlogin HTTP/1.1" 200 1737
186.79.251.41 - - [30/Mar/2017:10:43:07 -0300] "GET /cormun/servlet/permisogoce?INS,0,,, HTTP/1.1" 200 6596
186.79.251.41 - - [30/Mar/2017:10:43:07 -0300] "GET /cormun/static/gxcfg.js?201732911503726 HTTP/1.1" 200 953
186.79.251.41 - - [30/Mar/2017:10:43:07 -0300] "GET /cormun/static/permisogoce.js?201732911503774 HTTP/1.1" 200 26619
186.79.251.41 - - [30/Mar/2017:10:43:08 -0300] "GET /cormun/servlet/permisogoce?INS,0,,, HTTP/1.1" 200 6595
186.103.159.44 - - [30/Mar/2017:10:43:21 -0300] "POST /cormun/servlet/hlogin?1f24be55096dc2c105df22ff8d1ca60d,gx-no-cache=1490881461648 HTTP/1.1" 200 90
186.103.159.44 - - [30/Mar/2017:10:43:21 -0300] "GET /cormun/servlet/hpexe_link HTTP/1.1" 200 956
186.103.159.44 - - [30/Mar/2017:10:43:21 -0300] "GET /cormun/static/gxcfg.js?201731711483381 HTTP/1.1" 304 -
186.103.159.44 - - [30/Mar/2017:10:43:22 -0300] "GET /cormun/servlet/hhome HTTP/1.1" 200 3785
186.103.159.44 - - [30/Mar/2017:10:43:22 -0300] "GET /cormun/static/gxcfg.js?201731711483497 HTTP/1.1" 304 -
192.168.10.13 - - [30/Mar/2017:10:43:50 -0300] "GET / HTTP/1.1" 200 11217
186.79.251.41 - - [30/Mar/2017:10:44:00 -0300] "GET /cormun/servlet/permisogoce?59cef4821d263d661d62ce106ca727527a08add903edbb7a5d90b0fee5088d592c80fd2fff16f1df02d88da464a50483,gx-no-cache=1490881507166 HTTP/1.1" 200 71
186.79.251.41 - - [30/Mar/2017:10:44:08 -0300] "GET /cormun/static/menuarrow.gif HTTP/1.1" 404 1015
186.103.159.44 - - [30/Mar/2017:10:44:34 -0300] "GET /cormun/servlet/trlicencias? HTTP/1.1" 200 6631
186.103.159.44 - - [30/Mar/2017:10:44:34 -0300] "GET /cormun/static/gxcfg.js?2016122619301429 HTTP/1.1" 304 -
186.79.251.41 - - [30/Mar/2017:10:44:36 -0300] "GET /cormun/servlet/permisogoce?59cef4821d263d661d62ce106ca72752cb33032add466ff7a21a30a83b5ec88af9c44d7689c65e71b771730b5e2b09f8c1badc40f51ceed830a6942f6ce2c722,gx-no-cache=1490881543432 HTTP/1.1" 200 47
186.103.159.44 - - [30/Mar/2017:10:44:39 -0300] "GET /cormun/servlet/licenciaspermisos?INS,0,,, HTTP/1.1" 200 7176
186.103.159.44 - - [30/Mar/2017:10:44:39 -0300] "GET /cormun/static/gxcfg.js?20173291150977 HTTP/1.1" 304 -
186.103.159.44 - - [30/Mar/2017:10:44:40 -0300] "GET /cormun/static/licenciaspermisos.js?201732911501028 HTTP/1.1" 304 -
186.103.159.44 - - [30/Mar/2017:10:44:46 -0300] "GET /cormun/servlet/trsolicitudot? HTTP/1.1" 200 8879
186.103.159.44 - - [30/Mar/2017:10:44:47 -0300] "GET /cormun/static/gxcfg.js?201731711505139 HTTP/1.1" 304 -
192.168.10.13 - - [30/Mar/2017:10:44:50 -0300] "GET / HTTP/1.1" 200 11217
186.103.159.44 - - [30/Mar/2017:10:44:55 -0300] "GET /cormun/servlet/trlicencias? HTTP/1.1" 200 6632
186.79.251.41 - - [30/Mar/2017:10:44:59 -0300] "POST /cormun/servlet/permisogoce?74e3fd4927e94e3f7520dcf9ee7f5e11,INS,0,,,,gx-no-cache=1490881566194 HTTP/1.1" 200 93
186.79.251.41 - - [30/Mar/2017:10:44:59 -0300] "GET /cormun/servlet/hpexe_return? HTTP/1.1" 200 1004
186.79.251.41 - - [30/Mar/2017:10:45:00 -0300] "GET /cormun/static/gxcfg.js?2016101716175148 HTTP/1.1" 304 -
186.79.251.41 - - [30/Mar/2017:10:45:00 -0300] "GET /cormun/servlet/trpermisosgoce HTTP/1.1" 200 8947
186.79.251.41 - - [30/Mar/2017:10:45:00 -0300] "GET /cormun/servlet/trpermisosgoce HTTP/1.1" 200 8945
186.103.159.44 - - [30/Mar/2017:10:45:03 -0300] "POST /cormun/servlet/trlicencias?1f24be55096dc2c105df22ff8d1ca60d,,gx-no-cache=1490881564148 HTTP/1.1" 200 3906
186.103.159.44 - - [30/Mar/2017:10:45:05 -0300] "POST /cormun/servlet/trlicencias?1f24be55096dc2c105df22ff8d1ca60d,,gx-no-cache=1490881565825 HTTP/1.1" 200 3907
186.103.159.44 - - [30/Mar/2017:10:45:27 -0300] "POST /cormun/servlet/trlicencias?1f24be55096dc2c105df22ff8d1ca60d,,gx-no-cache=1490881588365 HTTP/1.1" 200 3907
186.103.159.44 - - [30/Mar/2017:10:45:30 -0300] "GET /cormun/servlet/licenciaspermisos?INS,0,,, HTTP/1.1" 200 7176
186.103.159.44 - - [30/Mar/2017:10:45:37 -0300] "GET /cormun/servlet/trlicencias? HTTP/1.1" 200 6632
186.103.159.44 - - [30/Mar/2017:10:45:45 -0300] "GET /cormun/servlet/licenciaspermisos?INS,0,,, HTTP/1.1" 200 7176
192.168.10.13 - - [30/Mar/2017:10:45:50 -0300] "GET / HTTP/1.1" 200 11217
186.79.251.41 - - [30/Mar/2017:10:45:50 -0300] "GET /cormun/servlet/trpermisosadjuntos?7229698,20170330113938,P, HTTP/1.1" 200 6138
186.79.251.41 - - [30/Mar/2017:10:45:52 -0300] "GET /cormun/static/gxcfg.js?201731711542659 HTTP/1.1" 200 953
186.79.251.41 - - [30/Mar/2017:10:45:52 -0300] "GET /cormun/static/trpermisosadjuntos.js?201731711542990 HTTP/1.1" 304 -
186.79.251.41 - - [30/Mar/2017:10:45:54 -0300] "GET /cormun/servlet/trpermisosadjuntos?7229698,20170330113938,P, HTTP/1.1" 200 6138
186.79.251.41 - - [30/Mar/2017:10:45:55 -0300] "GET /cormun/servlet/permisosadjuntos?INS,7229698,P,20170330113938,, HTTP/1.1" 200 5465
186.79.251.41 - - [30/Mar/2017:10:45:57 -0300] "GET /cormun/static/gxcfg.js?2016122813135788 HTTP/1.1" 200 953
186.79.251.41 - - [30/Mar/2017:10:46:00 -0300] "GET /cormun/static/permisosadjuntos.js?2016122813135797 HTTP/1.1" 304 -
186.79.251.41 - - [30/Mar/2017:10:46:00 -0300] "GET /cormun/static/about:blank HTTP/1.1" 404 1011
186.79.251.41 - - [30/Mar/2017:10:46:02 -0300] "GET /cormun/servlet/permisosadjuntos?INS,7229698,P,20170330113938,, HTTP/1.1" 200 5455
192.168.10.13 - - [30/Mar/2017:10:46:50 -0300] "GET / HTTP/1.1" 200 11217
186.67.172.234 - - [30/Mar/2017:10:46:56 -0300] "POST /cormun/servlet/permisogoce?16ac9d8fa504b0f2dc1ed2126d1e22f7,DLT,8149752,P,20170330112506,,gx-no-cache=1490881682499 HTTP/1.1" 200 93
186.67.172.234 - - [30/Mar/2017:10:46:56 -0300] "GET /cormun/servlet/hpexe_return? HTTP/1.1" 200 1029
186.67.172.234 - - [30/Mar/2017:10:46:56 -0300] "GET /cormun/servlet/trpermisosgoce HTTP/1.1" 200 9406
186.67.172.234 - - [30/Mar/2017:10:46:56 -0300] "GET /cormun/servlet/trpermisosgoce HTTP/1.1" 200 9404
186.79.251.41 - - [30/Mar/2017:10:47:02 -0300] "POST /cormun/servlet/permisosadjuntos?74e3fd4927e94e3f7520dcf9ee7f5e11,INS,7229698,P,20170330113938,, HTTP/1.1" 200 116
186.79.251.41 - - [30/Mar/2017:10:47:02 -0300] "GET /cormun/servlet/hpexe_return? HTTP/1.1" 200 1031
186.79.251.41 - - [30/Mar/2017:10:47:03 -0300] "GET /cormun/servlet/trpermisosadjuntos?7229698,20170330113938,P, HTTP/1.1" 200 6607
186.79.251.41 - - [30/Mar/2017:10:47:04 -0300] "GET /cormun/servlet/trpermisosadjuntos?7229698,20170330113938,P, HTTP/1.1" 200 6603
186.67.172.234 - - [30/Mar/2017:10:47:04 -0300] "GET /cormun/servlet/permisogoce?DLT,8149752,P,20170330112506, HTTP/1.1" 200 6792
186.67.172.234 - - [30/Mar/2017:10:47:05 -0300] "GET /cormun/static/Shared/jqueryui/images/ui-bg_highlight-soft_100_c6c2c8_1x100.png HTTP/1.1" 404 1117
186.67.172.234 - - [30/Mar/2017:10:47:05 -0300] "GET /cormun/static/Shared/jqueryui/images/ui-bg_flat_55_fafafa_40x100.png HTTP/1.1" 404 1097
186.67.172.234 - - [30/Mar/2017:10:47:05 -0300] "GET /cormun/static/Shared/jqueryui/images/ui-icons_8d78a5_256x240.png HTTP/1.1" 404 1089
186.67.172.234 - - [30/Mar/2017:10:47:05 -0300] "GET /cormun/static/Shared/jqueryui/images/ui-icons_82798d_256x240.png HTTP/1.1" 404 1089
186.67.172.234 - - [30/Mar/2017:10:47:05 -0300] "GET /cormun/servlet/permisogoce?DLT,8149752,P,20170330112506, HTTP/1.1" 200 6794
186.67.172.234 - - [30/Mar/2017:10:47:08 -0300] "POST /cormun/servlet/permisogoce?16ac9d8fa504b0f2dc1ed2126d1e22f7,DLT,8149752,P,20170330112506,,gx-no-cache=1490881694925 HTTP/1.1" 200 4428
186.67.172.234 - - [30/Mar/2017:10:47:08 -0300] "GET /cormun/static/Shared/jqueryui/images/ui-icons_ebccce_256x240.png HTTP/1.1" 404 1089
186.67.172.234 - - [30/Mar/2017:10:47:08 -0300] "GET /cormun/static/Shared/jqueryui/images/ui-bg_flat_55_994d53_40x100.png HTTP/1.1" 404 1097
186.79.251.41 - - [30/Mar/2017:10:47:09 -0300] "POST /cormun/servlet/trpermisosadjuntos?74e3fd4927e94e3f7520dcf9ee7f5e11,7229698,20170330113938,P,,gx-no-cache=1490881694883 HTTP/1.1" 200 90
186.79.251.41 - - [30/Mar/2017:10:47:09 -0300] "GET /cormun/servlet/hpexe_link HTTP/1.1" 200 976
186.79.251.41 - - [30/Mar/2017:10:47:10 -0300] "GET /cormun/servlet/trpermisosgoce HTTP/1.1" 200 8943
186.79.251.41 - - [30/Mar/2017:10:47:12 -0300] "GET /cormun/servlet/trpermisosgoce HTTP/1.1" 200 8941
186.67.172.234 - - [30/Mar/2017:10:47:13 -0300] "POST /cormun/servlet/permisogoce?16ac9d8fa504b0f2dc1ed2126d1e22f7,DLT,8149752,P,20170330112506,,gx-no-cache=1490881699467 HTTP/1.1" 200 93
186.67.172.234 - - [30/Mar/2017:10:47:13 -0300] "GET /cormun/servlet/hpexe_return? HTTP/1.1" 200 1029
186.67.172.234 - - [30/Mar/2017:10:47:13 -0300] "GET /cormun/servlet/trpermisosgoce HTTP/1.1" 200 9406
186.67.172.234 - - [30/Mar/2017:10:47:13 -0300] "GET /cormun/servlet/trpermisosgoce HTTP/1.1" 200 9402
186.79.251.41 - - [30/Mar/2017:10:47:16 -0300] "GET /cormun/servlet/apermisogoceprn?7229698,P,20170330113938,PU HTTP/1.1" 200 1697
186.67.172.234 - - [30/Mar/2017:10:47:39 -0300] "GET /cormun/servlet/permisogoce?INS,0,,, HTTP/1.1" 200 6823
186.67.172.234 - - [30/Mar/2017:10:47:42 -0300] "GET /cormun/servlet/permisogoce?INS,0,,, HTTP/1.1" 200 6823
192.168.10.13 - - [30/Mar/2017:10:47:50 -0300] "GET / HTTP/1.1" 200 11217
186.67.172.234 - - [30/Mar/2017:10:48:01 -0300] "GET /cormun/servlet/permisogoce?e9ba7ec436fb1c3d538d7b9fa47377f91731767c99d695ada8e9b5a53417eb37f837b1a1bdd6a203d07fd68fe445bf5f,gx-no-cache=1490881748119 HTTP/1.1" 200 76
186.67.172.234 - - [30/Mar/2017:10:48:14 -0300] "GET /cormun/static/menuarrow.gif HTTP/1.1" 404 1015
186.67.172.234 - - [30/Mar/2017:10:48:25 -0300] "GET /cormun/servlet/permisogoce?e9ba7ec436fb1c3d538d7b9fa47377f9e871687991afd47188700ec9dac2adc20047b50310de01dd40b03eac9b108a74c733ab4519a62c04eb7ac23e05a9e6fa,gx-no-cache=1490881771549 HTTP/1.1" 200 47
192.168.10.13 - - [30/Mar/2017:10:48:50 -0300] "GET / HTTP/1.1" 200 11217
186.67.172.234 - - [30/Mar/2017:10:48:53 -0300] "POST /cormun/servlet/permisogoce?16ac9d8fa504b0f2dc1ed2126d1e22f7,INS,0,,,,gx-no-cache=1490881798782 HTTP/1.1" 200 93
186.67.172.234 - - [30/Mar/2017:10:48:53 -0300] "GET /cormun/servlet/hpexe_return? HTTP/1.1" 200 1010
186.67.172.234 - - [30/Mar/2017:10:48:53 -0300] "GET /cormun/servlet/trpermisosgoce HTTP/1.1" 200 9608
186.67.172.234 - - [30/Mar/2017:10:48:54 -0300] "GET /cormun/servlet/trpermisosgoce HTTP/1.1" 200 9598
186.67.172.234 - - [30/Mar/2017:10:48:57 -0300] "GET /cormun/servlet/trpermisosadjuntos?15017378,20170330114331,P, HTTP/1.1" 200 6361
186.67.172.234 - - [30/Mar/2017:10:48:58 -0300] "GET /cormun/servlet/trpermisosadjuntos?15017378,20170330114331,P, HTTP/1.1" 200 6361
186.67.172.234 - - [30/Mar/2017:10:49:01 -0300] "GET /cormun/servlet/permisosadjuntos?INS,15017378,P,20170330114331,, HTTP/1.1" 200 5684
186.67.172.234 - - [30/Mar/2017:10:49:02 -0300] "GET /cormun/static/about:blank HTTP/1.1" 404 1011
186.67.172.234 - - [30/Mar/2017:10:49:02 -0300] "GET /cormun/servlet/permisosadjuntos?INS,15017378,P,20170330114331,, HTTP/1.1" 200 5675
186.67.172.234 - - [30/Mar/2017:10:49:44 -0300] "POST /cormun/servlet/permisosadjuntos?16ac9d8fa504b0f2dc1ed2126d1e22f7,INS,15017378,P,20170330114331,, HTTP/1.1" 200 116
186.67.172.234 - - [30/Mar/2017:10:49:44 -0300] "GET /cormun/servlet/hpexe_return? HTTP/1.1" 200 1038
186.67.172.234 - - [30/Mar/2017:10:49:44 -0300] "GET /cormun/servlet/trpermisosadjuntos?15017378,20170330114331,P, HTTP/1.1" 200 6821
186.67.172.234 - - [30/Mar/2017:10:49:44 -0300] "GET /cormun/servlet/trpermisosadjuntos?15017378,20170330114331,P, HTTP/1.1" 200 6816
192.168.10.13 - - [30/Mar/2017:10:49:50 -0300] "GET / HTTP/1.1" 200 11217
186.67.172.234 - - [30/Mar/2017:10:49:52 -0300] "POST /cormun/servlet/trpermisosadjuntos?16ac9d8fa504b0f2dc1ed2126d1e22f7,15017378,20170330114331,P,,gx-no-cache=1490881858584 HTTP/1.1" 200 90
186.67.172.234 - - [30/Mar/2017:10:49:52 -0300] "GET /cormun/servlet/hpexe_link HTTP/1.1" 200 982
186.67.172.234 - - [30/Mar/2017:10:49:52 -0300] "GET /cormun/servlet/trpermisosgoce HTTP/1.1" 200 9604
186.67.172.234 - - [30/Mar/2017:10:49:52 -0300] "GET /cormun/servlet/trpermisosgoce HTTP/1.1" 200 9609
186.67.172.234 - - [30/Mar/2017:10:50:03 -0300] "GET /cormun/servlet/permisogoce?INS,0,,, HTTP/1.1" 200 6823
186.67.172.234 - - [30/Mar/2017:10:50:04 -0300] "GET /cormun/servlet/permisogoce?INS,0,,, HTTP/1.1" 200 6823
186.67.172.234 - - [30/Mar/2017:10:50:12 -0300] "GET /cormun/static/Resources/resize.gif HTTP/1.1" 200 77
186.67.172.234 - - [30/Mar/2017:10:50:13 -0300] "GET /cormun/servlet/prfichaempleado?,MD,,gxPopupLevel%3D0%3B HTTP/1.1" 200 8883
186.67.172.234 - - [30/Mar/2017:10:50:13 -0300] "GET /cormun/static/gxcfg.js?2017319125415 HTTP/1.1" 200 953
186.67.172.234 - - [30/Mar/2017:10:50:13 -0300] "GET /cormun/static/Resources/PXToolsMenuSearch.png HTTP/1.1" 200 2914
186.67.172.234 - - [30/Mar/2017:10:50:13 -0300] "GET /cormun/static/Resources/PXToolsMenuSearchCancel.png HTTP/1.1" 200 2972
186.67.172.234 - - [30/Mar/2017:10:50:13 -0300] "GET /cormun/static/hmpwkw011.js?201731711483558 HTTP/1.1" 200 1968
186.67.172.234 - - [30/Mar/2017:10:50:13 -0300] "GET /cormun/static/menusearch.js?201610171694467 HTTP/1.1" 200 1424
186.67.172.234 - - [30/Mar/2017:10:50:13 -0300] "GET /cormun/static/prfichaempleado.js?20173191254344 HTTP/1.1" 200 15951
186.67.172.234 - - [30/Mar/2017:10:50:43 -0300] "POST /cormun/servlet/prfichaempleado?16ac9d8fa504b0f2dc1ed2126d1e22f7,,MD,,gxPopupLevel%3D0%3B,gx-no-cache=1490881909094 HTTP/1.1" 200 3409
192.168.10.13 - - [30/Mar/2017:10:50:50 -0300] "GET / HTTP/1.1" 200 11217
186.67.172.234 - - [30/Mar/2017:10:50:53 -0300] "GET /cormun/servlet/permisogoce?e9ba7ec436fb1c3d538d7b9fa47377f9f94c66b2e6c57ef4ff6136d5ad7f55abf837b1a1bdd6a203d07fd68fe445bf5f,gx-no-cache=1490881919564 HTTP/1.1" 200 69
186.67.172.234 - - [30/Mar/2017:10:50:53 -0300] "GET /cormun/static/menuarrow.gif HTTP/1.1" 404 1015
186.67.172.234 - - [30/Mar/2017:10:51:02 -0300] "GET /cormun/servlet/permisogoce?e9ba7ec436fb1c3d538d7b9fa47377f94244de5bae07e81eb1287f3012fa49b9050bcbd4797ec7f32eb16c71f0299802c733ab4519a62c04eb7ac23e05a9e6fa,gx-no-cache=1490881928518 HTTP/1.1" 200 47
186.67.172.234 - - [30/Mar/2017:10:51:06 -0300] "POST /cormun/servlet/permisogoce?16ac9d8fa504b0f2dc1ed2126d1e22f7,INS,0,,,,gx-no-cache=1490881932430 HTTP/1.1" 200 93
