186.67.172.234 - - [30/Mar/2017:12:26:12 -0300] "GET /cormun/static/about:blank HTTP/1.1" 404 1011
186.67.172.234 - - [30/Mar/2017:12:26:13 -0300] "GET /cormun/servlet/solicitudotadjuntos?INS,2017,5820,,2, HTTP/1.1" 200 6070
186.67.172.234 - - [30/Mar/2017:12:26:14 -0300] "GET /cormun/servlet/solicitudotadjuntos?096c45e6708c0c27cfc7fe9790f0f83227f4fc7dc74eb3fc9f32eeea4632dbf6fa85a1aa8549f6ab23907e210e147eea,gx-no-cache=1490887640861 HTTP/1.1" 200 30
186.67.172.234 - - [30/Mar/2017:12:26:14 -0300] "POST /cormun/servlet/solicitudotadjuntos?aec8237670a722eaf77b06a6d63b4716,INS,2017,5820,,2,,gx-no-cache=1490887640970 HTTP/1.1" 200 4183
192.168.10.89 - - [30/Mar/2017:12:26:19 -0300] "GET /cormun/PublicTempStorage/certificado_afp_joselyn_pineda4426359.pdf HTTP/1.1" 200 396064
186.103.159.44 - - [30/Mar/2017:12:26:24 -0300] "POST /cormun/servlet/trsolicitudot?9fd7f9da8ebf8f710fc8f8733156a877,,gx-no-cache=1490887644338 HTTP/1.1" 200 106
186.103.159.44 - - [30/Mar/2017:12:26:24 -0300] "GET /cormun/servlet/trsolicitudadjuntos?2017,5559, HTTP/1.1" 200 8977
192.168.10.89 - - [30/Mar/2017:12:26:26 -0300] "GET /cormun/servlet/trsolicitudadjuntos?2017,5559, HTTP/1.1" 200 8992
186.103.156.166 - - [30/Mar/2017:12:26:27 -0300] "POST /cormun/servlet/trautorizarsolicitud?5deca46ab3fcbfb9e8618cf9b6731d0b,,gx-no-cache=1490891256249 HTTP/1.1" 200 90
186.103.156.166 - - [30/Mar/2017:12:26:27 -0300] "GET /cormun/servlet/hpexe_link HTTP/1.1" 200 963
186.103.156.166 - - [30/Mar/2017:12:26:27 -0300] "GET /cormun/servlet/hhome HTTP/1.1" 200 3961
186.103.156.166 - - [30/Mar/2017:12:26:28 -0300] "GET /cormun/servlet/hhome HTTP/1.1" 200 3958
186.79.251.41 - - [30/Mar/2017:12:26:32 -0300] "POST /cormun/servlet/trsolicitudot?74e3fd4927e94e3f7520dcf9ee7f5e11,,gx-no-cache=1490887658715 HTTP/1.1" 200 105
186.79.251.41 - - [30/Mar/2017:12:26:32 -0300] "GET /cormun/servlet/solicitudot?DLT,2017,5815, HTTP/1.1" 200 9369
186.79.251.41 - - [30/Mar/2017:12:26:32 -0300] "GET /cormun/static/Shared/jqueryui/images/ui-bg_highlight-soft_100_c6c2c8_1x100.png HTTP/1.1" 404 1117
186.79.251.41 - - [30/Mar/2017:12:26:32 -0300] "GET /cormun/static/Shared/jqueryui/images/ui-icons_82798d_256x240.png HTTP/1.1" 404 1089
186.79.251.41 - - [30/Mar/2017:12:26:32 -0300] "GET /cormun/static/Shared/jqueryui/images/ui-bg_flat_55_fafafa_40x100.png HTTP/1.1" 404 1097
186.79.251.41 - - [30/Mar/2017:12:26:32 -0300] "GET /cormun/static/Shared/jqueryui/images/ui-icons_8d78a5_256x240.png HTTP/1.1" 404 1089
186.79.251.41 - - [30/Mar/2017:12:26:33 -0300] "GET /cormun/servlet/solicitudot?DLT,2017,5815, HTTP/1.1" 200 9379
186.79.251.41 - - [30/Mar/2017:12:26:38 -0300] "POST /cormun/servlet/solicitudot?74e3fd4927e94e3f7520dcf9ee7f5e11,DLT,2017,5815,,gx-no-cache=1490887665367 HTTP/1.1" 200 93
186.79.251.41 - - [30/Mar/2017:12:26:38 -0300] "GET /cormun/servlet/hpexe_return? HTTP/1.1" 200 1006
186.79.251.41 - - [30/Mar/2017:12:26:39 -0300] "GET /cormun/servlet/trsolicitudot? HTTP/1.1" 200 8910
186.79.251.41 - - [30/Mar/2017:12:26:39 -0300] "GET /cormun/servlet/trsolicitudot? HTTP/1.1" 200 8906
186.103.156.166 - - [30/Mar/2017:12:26:43 -0300] "GET /cormun/Manuales/ManualSolicitud.pdf HTTP/1.1" 200 850295
186.103.159.44 - - [30/Mar/2017:12:26:49 -0300] "GET /cormun/servlet/solicitudotadjuntos?INS,2017,5559,,2, HTTP/1.1" 200 5813
192.168.10.13 - - [30/Mar/2017:12:26:50 -0300] "GET / HTTP/1.1" 200 11217
186.103.159.44 - - [30/Mar/2017:12:26:51 -0300] "HEAD /cormun/static/about:blank HTTP/1.1" 404 -
186.103.159.44 - - [30/Mar/2017:12:26:52 -0300] "GET /cormun/servlet/solicitudotadjuntos?d3feab087b052d17398f3892ad8f1f8e890cd6eb3932e12c568aeae2d5750582447dfb1a0680d41b59050933f0c81a21,gx-no-cache=1490887673416 HTTP/1.1" 200 30
186.103.159.44 - - [30/Mar/2017:12:26:53 -0300] "POST /cormun/servlet/solicitudotadjuntos?9fd7f9da8ebf8f710fc8f8733156a877,INS,2017,5559,,2,,gx-no-cache=1490887673791 HTTP/1.1" 200 3847
192.168.10.89 - - [30/Mar/2017:12:26:57 -0300] "POST /cormun/servlet/trsolicitudadjuntos?13a48f70a27847c83dd237fefb7ba970,2017,5559,,gx-no-cache=1490890895953 HTTP/1.1" 200 90
192.168.10.89 - - [30/Mar/2017:12:26:57 -0300] "GET /cormun/servlet/hpexe_link HTTP/1.1" 200 973
192.168.10.89 - - [30/Mar/2017:12:26:58 -0300] "GET /cormun/servlet/trsolicitudot HTTP/1.1" 200 8464
186.67.172.234 - - [30/Mar/2017:12:27:00 -0300] "POST /cormun/servlet/solicitudotadjuntos?gx-no-cache=1490887686884 HTTP/1.1" 200 26
186.103.159.44 - - [30/Mar/2017:12:27:05 -0300] "POST /cormun/servlet/solicitudotadjuntos?9fd7f9da8ebf8f710fc8f8733156a877,INS,2017,5559,,2,,gx-no-cache=1490887686306 HTTP/1.1" 200 93
186.103.159.44 - - [30/Mar/2017:12:27:05 -0300] "GET /cormun/servlet/hpexe_return? HTTP/1.1" 200 1020
186.103.159.44 - - [30/Mar/2017:12:27:06 -0300] "GET /cormun/static/gxcfg.js?2016101716175148 HTTP/1.1" 304 -
186.103.159.44 - - [30/Mar/2017:12:27:07 -0300] "GET /cormun/servlet/trsolicitudadjuntos?2017,5559, HTTP/1.1" 200 8981
186.103.159.44 - - [30/Mar/2017:12:27:11 -0300] "GET /cormun/servlet/solicitudotadjuntos?INS,2017,5559,,1, HTTP/1.1" 200 5814
186.103.159.44 - - [30/Mar/2017:12:27:11 -0300] "HEAD /cormun/static/about:blank HTTP/1.1" 404 -
186.103.159.44 - - [30/Mar/2017:12:27:12 -0300] "GET /cormun/servlet/solicitudotadjuntos?d3feab087b052d17398f3892ad8f1f8e890cd6eb3932e12c568aeae2d5750582447dfb1a0680d41b59050933f0c81a21,gx-no-cache=1490887693515 HTTP/1.1" 200 30
186.103.159.44 - - [30/Mar/2017:12:27:13 -0300] "POST /cormun/servlet/solicitudotadjuntos?9fd7f9da8ebf8f710fc8f8733156a877,INS,2017,5559,,1,,gx-no-cache=1490887693624 HTTP/1.1" 200 3636
186.67.172.234 - - [30/Mar/2017:12:27:14 -0300] "GET /cormun/servlet/solicitudotadjuntos?096c45e6708c0c27cfc7fe9790f0f8321335337a17ca85aea48fa7ade8532f0f,gx-no-cache=1490887701102 HTTP/1.1" 200 30
186.67.172.234 - - [30/Mar/2017:12:27:14 -0300] "GET /cormun/servlet/solicitudotadjuntos?096c45e6708c0c27cfc7fe9790f0f8321335337a17ca85aea48fa7ade8532f0f,gx-no-cache=1490887701113 HTTP/1.1" 200 30
186.67.172.234 - - [30/Mar/2017:12:27:17 -0300] "POST /cormun/servlet/solicitudotadjuntos?aec8237670a722eaf77b06a6d63b4716,INS,2017,5820,,2, HTTP/1.1" 200 116
186.67.172.234 - - [30/Mar/2017:12:27:17 -0300] "GET /cormun/servlet/hpexe_return? HTTP/1.1" 200 1025
186.103.159.44 - - [30/Mar/2017:12:27:17 -0300] "POST /cormun/servlet/solicitudotadjuntos?gx-no-cache=1490887697945 HTTP/1.1" 200 26
186.67.172.234 - - [30/Mar/2017:12:27:17 -0300] "GET /cormun/servlet/trsolicitudadjuntos?2017,5820, HTTP/1.1" 200 8317
186.67.172.234 - - [30/Mar/2017:12:27:18 -0300] "GET /cormun/servlet/trsolicitudadjuntos?2017,5820, HTTP/1.1" 200 8312
186.67.172.234 - - [30/Mar/2017:12:27:22 -0300] "GET /cormun/servlet/solicitudotadjuntos?INS,2017,5820,,2, HTTP/1.1" 200 6079
186.67.172.234 - - [30/Mar/2017:12:27:22 -0300] "GET /cormun/static/about:blank HTTP/1.1" 404 1011
186.67.172.234 - - [30/Mar/2017:12:27:22 -0300] "GET /cormun/servlet/solicitudotadjuntos?INS,2017,5820,,2, HTTP/1.1" 200 6072
186.67.172.234 - - [30/Mar/2017:12:27:23 -0300] "GET /cormun/servlet/solicitudotadjuntos?096c45e6708c0c27cfc7fe9790f0f83227f4fc7dc74eb3fc9f32eeea4632dbf6fa85a1aa8549f6ab23907e210e147eea,gx-no-cache=1490887710152 HTTP/1.1" 200 30
186.67.172.234 - - [30/Mar/2017:12:27:24 -0300] "POST /cormun/servlet/solicitudotadjuntos?aec8237670a722eaf77b06a6d63b4716,INS,2017,5820,,2,,gx-no-cache=1490887710208 HTTP/1.1" 200 4184
200.111.191.210 - - [30/Mar/2017:12:27:28 -0300] "GET /cormun/static/menuarrow.gif HTTP/1.1" 404 1015
186.67.172.234 - - [30/Mar/2017:12:27:29 -0300] "POST /cormun/servlet/solicitudotadjuntos?gx-no-cache=1490887716036 HTTP/1.1" 200 26
131.253.25.132 - - [30/Mar/2017:12:27:30 -0300] "GET /cormun/static/calendar-system.css?85620 HTTP/1.1" 200 5572
131.253.27.9 - - [30/Mar/2017:12:27:33 -0300] "GET /cormun/static/SmoothNavMenu/resources/ddsmoothmenu.css?1012540 HTTP/1.1" 200 2223
186.67.172.234 - - [30/Mar/2017:12:27:34 -0300] "GET /cormun/servlet/solicitudotadjuntos?096c45e6708c0c27cfc7fe9790f0f8321335337a17ca85aea48fa7ade8532f0f,gx-no-cache=1490887720909 HTTP/1.1" 200 30
186.67.172.234 - - [30/Mar/2017:12:27:34 -0300] "GET /cormun/servlet/solicitudotadjuntos?096c45e6708c0c27cfc7fe9790f0f8321335337a17ca85aea48fa7ade8532f0f,gx-no-cache=1490887721164 HTTP/1.1" 200 30
186.67.172.234 - - [30/Mar/2017:12:27:34 -0300] "POST /cormun/servlet/solicitudotadjuntos?aec8237670a722eaf77b06a6d63b4716,INS,2017,5820,,2, HTTP/1.1" 200 116
186.67.172.234 - - [30/Mar/2017:12:27:35 -0300] "GET /cormun/servlet/hpexe_return? HTTP/1.1" 200 1025
186.103.159.44 - - [30/Mar/2017:12:27:35 -0300] "GET /cormun/servlet/solicitudotadjuntos?d3feab087b052d17398f3892ad8f1f8e0482129042823b649a62cfb839446637,gx-no-cache=1490887716082 HTTP/1.1" 200 30
186.67.172.234 - - [30/Mar/2017:12:27:35 -0300] "GET /cormun/servlet/trsolicitudadjuntos?2017,5820, HTTP/1.1" 200 8498
186.103.159.44 - - [30/Mar/2017:12:27:35 -0300] "GET /cormun/servlet/solicitudotadjuntos?d3feab087b052d17398f3892ad8f1f8e0482129042823b649a62cfb839446637,gx-no-cache=1490887716169 HTTP/1.1" 200 30
186.67.172.234 - - [30/Mar/2017:12:27:36 -0300] "GET /cormun/servlet/trsolicitudadjuntos?2017,5820, HTTP/1.1" 200 8497
200.111.191.210 - - [30/Mar/2017:12:27:37 -0300] "POST /cormun/servlet/trautorizarsolicitud?80ed0bd0e5528314cc1ebfc40727d3e3,,gx-no-cache=1490891229016 HTTP/1.1" 200 20725
191.96.249.97 - - [30/Mar/2017:12:27:38 -0300] "GET /setup.cgi HTTP/1.1" 404 979
131.253.25.183 - - [30/Mar/2017:12:27:40 -0300] "GET /cormun/static/gxfxSD.js?85251 HTTP/1.1" 200 15384
186.67.172.234 - - [30/Mar/2017:12:27:42 -0300] "GET /cormun/servlet/solicitudotadjuntos?INS,2017,5820,,2, HTTP/1.1" 200 6079
186.67.172.234 - - [30/Mar/2017:12:27:42 -0300] "GET /cormun/static/about:blank HTTP/1.1" 404 1011
186.67.172.234 - - [30/Mar/2017:12:27:42 -0300] "GET /cormun/servlet/solicitudotadjuntos?INS,2017,5820,,2, HTTP/1.1" 200 6072
131.253.25.239 - - [30/Mar/2017:12:27:42 -0300] "GET /cormun/static/gxpopupSD.js?85251 HTTP/1.1" 200 22377
186.67.172.234 - - [30/Mar/2017:12:27:43 -0300] "GET /cormun/servlet/solicitudotadjuntos?096c45e6708c0c27cfc7fe9790f0f83227f4fc7dc74eb3fc9f32eeea4632dbf6fa85a1aa8549f6ab23907e210e147eea,gx-no-cache=1490887729948 HTTP/1.1" 200 30
186.67.172.234 - - [30/Mar/2017:12:27:43 -0300] "POST /cormun/servlet/solicitudotadjuntos?aec8237670a722eaf77b06a6d63b4716,INS,2017,5820,,2,,gx-no-cache=1490887730087 HTTP/1.1" 200 4184
186.103.159.44 - - [30/Mar/2017:12:27:44 -0300] "POST /cormun/servlet/solicitudotadjuntos?9fd7f9da8ebf8f710fc8f8733156a877,INS,2017,5559,,1, HTTP/1.1" 200 116
131.253.25.138 - - [30/Mar/2017:12:27:44 -0300] "GET /cormun/static/rijndaelSD.js?85251 HTTP/1.1" 200 6763
186.103.159.44 - - [30/Mar/2017:12:27:44 -0300] "GET /cormun/servlet/hpexe_return? HTTP/1.1" 200 1019
186.67.172.234 - - [30/Mar/2017:12:27:44 -0300] "POST /cormun/servlet/solicitudotadjuntos?gx-no-cache=1490887731339 HTTP/1.1" 200 26
131.253.25.239 - - [30/Mar/2017:12:27:45 -0300] "GET /cormun/static/gxcfg.js?85251 HTTP/1.1" 200 953
186.103.159.44 - - [30/Mar/2017:12:27:45 -0300] "GET /cormun/servlet/trsolicitudadjuntos?2017,5559, HTTP/1.1" 200 9209
186.79.86.180 - - [30/Mar/2017:12:27:48 -0300] "POST /cormun/servlet/solicitudot?8bd2ba30f4c38cf86e5fda6d8689509c,INS,0,0,,gx-no-cache=1490887736473 HTTP/1.1" 200 93
186.79.86.180 - - [30/Mar/2017:12:27:48 -0300] "GET /cormun/servlet/hpexe_return? HTTP/1.1" 200 1006
186.79.86.180 - - [30/Mar/2017:12:27:49 -0300] "GET /cormun/servlet/trsolicitudot HTTP/1.1" 200 9535
192.168.10.13 - - [30/Mar/2017:12:27:50 -0300] "GET / HTTP/1.1" 200 11217
186.79.86.180 - - [30/Mar/2017:12:27:50 -0300] "GET /cormun/servlet/trsolicitudot HTTP/1.1" 200 9530
131.253.25.168 - - [30/Mar/2017:12:27:50 -0300] "GET /cormun/static/PXToolsJavascripts/pexe_menudivfix.js HTTP/1.1" 200 333
131.253.27.32 - - [30/Mar/2017:12:27:52 -0300] "GET /cormun/static/PXToolsJavascripts/pexe_scrolldiv.js HTTP/1.1" 200 4138
131.253.27.104 - - [30/Mar/2017:12:27:53 -0300] "GET /cormun/static/PXToolsJavascripts/pexe_tabdivfix.js HTTP/1.1" 200 876
192.168.10.89 - - [30/Mar/2017:12:27:54 -0300] "POST /cormun/servlet/trsolicitudot?13a48f70a27847c83dd237fefb7ba970,gx-no-cache=1490890952505 HTTP/1.1" 200 106
131.253.27.48 - - [30/Mar/2017:12:27:54 -0300] "GET /cormun/static/PXToolsJavascripts/pexe_tabs.js HTTP/1.1" 200 3748
192.168.10.89 - - [30/Mar/2017:12:27:54 -0300] "GET /cormun/servlet/trsolicitudadjuntos?2017,5559, HTTP/1.1" 200 9217
186.103.159.44 - - [30/Mar/2017:12:27:55 -0300] "GET /cormun/servlet/trsolicitudot? HTTP/1.1" 200 8459
192.168.10.89 - - [30/Mar/2017:12:27:58 -0300] "GET /cormun/PublicTempStorage/certificado_fonasa_joselyn_pineda9385260.pdf HTTP/1.1" 200 488444
131.253.27.42 - - [30/Mar/2017:12:27:59 -0300] "GET /cormun/static/Resources/logo4.png HTTP/1.1" 200 6582
131.253.25.183 - - [30/Mar/2017:12:28:00 -0300] "GET /cormun/static/Resources/PXToolsHeaderLogin.png HTTP/1.1" 200 4279
186.103.159.44 - - [30/Mar/2017:12:28:02 -0300] "POST /cormun/servlet/trsolicitudot?9fd7f9da8ebf8f710fc8f8733156a877,,gx-no-cache=1490887742327 HTTP/1.1" 200 5261
131.253.27.61 - - [30/Mar/2017:12:28:02 -0300] "GET /cormun/static/Resources/prompt.gif HTTP/1.1" 200 902
192.168.10.89 - - [30/Mar/2017:12:28:03 -0300] "GET /cormun/servlet/trsolicitudadjuntos?2017,5559, HTTP/1.1" 200 9116
186.103.159.44 - - [30/Mar/2017:12:28:03 -0300] "POST /cormun/servlet/trsolicitudot?9fd7f9da8ebf8f710fc8f8733156a877,,gx-no-cache=1490887743856 HTTP/1.1" 200 5203
131.253.25.141 - - [30/Mar/2017:12:28:03 -0300] "GET /cormun/static/Resources/PXToolsFooterBackground2.png HTTP/1.1" 200 1172
186.103.159.44 - - [30/Mar/2017:12:28:04 -0300] "GET /cormun/static/Shared/jqueryui/images/ui-icons_8d78a5_256x240.png HTTP/1.1" 404 1089
186.103.159.44 - - [30/Mar/2017:12:28:04 -0300] "GET /cormun/static/Shared/jqueryui/images/ui-icons_82798d_256x240.png HTTP/1.1" 404 1089
186.103.159.44 - - [30/Mar/2017:12:28:04 -0300] "GET /cormun/static/Shared/jqueryui/images/ui-bg_flat_55_fafafa_40x100.png HTTP/1.1" 404 1097
186.103.159.44 - - [30/Mar/2017:12:28:04 -0300] "GET /cormun/static/Shared/jqueryui/images/ui-bg_highlight-soft_100_c6c2c8_1x100.png HTTP/1.1" 404 1117
131.253.25.138 - - [30/Mar/2017:12:28:05 -0300] "GET /cormun/static/Resources/PXToolsDataTitle.png HTTP/1.1" 200 1173
131.253.27.71 - - [30/Mar/2017:12:28:05 -0300] "GET /cormun/static/Resources/PXToolsButtonLeft21.png HTTP/1.1" 200 1287
192.168.10.89 - - [30/Mar/2017:12:28:06 -0300] "POST /cormun/servlet/trsolicitudadjuntos?13a48f70a27847c83dd237fefb7ba970,2017,5559,,gx-no-cache=1490890964580 HTTP/1.1" 200 90
192.168.10.89 - - [30/Mar/2017:12:28:06 -0300] "GET /cormun/servlet/hpexe_link HTTP/1.1" 200 973
131.253.25.211 - - [30/Mar/2017:12:28:06 -0300] "GET /cormun/static/Resources/PXToolsButtonRight21.png HTTP/1.1" 200 1283
192.168.10.89 - - [30/Mar/2017:12:28:06 -0300] "GET /cormun/servlet/trsolicitudot HTTP/1.1" 200 8009
131.253.25.183 - - [30/Mar/2017:12:28:07 -0300] "GET /cormun/static/Resources/PXToolsButtonBackground2.png HTTP/1.1" 200 1181
186.67.172.234 - - [30/Mar/2017:12:28:08 -0300] "POST /cormun/servlet/solicitudotadjuntos?gx-no-cache=1490887755443 HTTP/1.1" 200 26
131.253.27.61 - - [30/Mar/2017:12:28:09 -0300] "GET /cormun/static/gxdec.js?85251 HTTP/1.1" 200 19579
186.79.86.180 - - [30/Mar/2017:12:28:10 -0300] "POST /cormun/servlet/trsolicitudot?8bd2ba30f4c38cf86e5fda6d8689509c,gx-no-cache=1490887758110 HTTP/1.1" 200 106
131.253.25.173 - - [30/Mar/2017:12:28:10 -0300] "GET /cormun/static/solicitudot.js?2017119104297 HTTP/1.1" 200 63948
186.79.86.180 - - [30/Mar/2017:12:28:10 -0300] "GET /cormun/servlet/trsolicitudadjuntos?2017,5827, HTTP/1.1" 200 5856
186.79.86.180 - - [30/Mar/2017:12:28:11 -0300] "GET /cormun/servlet/trsolicitudadjuntos?2017,5827, HTTP/1.1" 200 5856
131.253.27.99 - - [30/Mar/2017:12:28:11 -0300] "GET /cormun/static/hpexe_recentlink.js?201610171694390 HTTP/1.1" 200 2144
131.253.27.69 - - [30/Mar/2017:12:28:13 -0300] "GET /cormun/static/cmcontrolpreferences.js?201731711335852 HTTP/1.1" 200 1375
186.79.86.180 - - [30/Mar/2017:12:28:18 -0300] "GET /cormun/servlet/solicitudotadjuntos?INS,2017,5827,,2, HTTP/1.1" 200 5793
186.79.86.180 - - [30/Mar/2017:12:28:19 -0300] "GET /cormun/static/about:blank HTTP/1.1" 404 1011
186.79.86.180 - - [30/Mar/2017:12:28:20 -0300] "GET /cormun/servlet/solicitudotadjuntos?07c06e93d0fc20f39ced9d1d1ebb01eea9894f02cff092a15dd043eba59e46d0d45123a264a22ba91f861654e10c73b4,gx-no-cache=1490887768692 HTTP/1.1" 200 30
186.79.86.180 - - [30/Mar/2017:12:28:20 -0300] "GET /cormun/servlet/solicitudotadjuntos?INS,2017,5827,,2, HTTP/1.1" 200 5787
186.67.172.234 - - [30/Mar/2017:12:28:20 -0300] "GET /cormun/servlet/solicitudotadjuntos?096c45e6708c0c27cfc7fe9790f0f8321335337a17ca85aea48fa7ade8532f0f,gx-no-cache=1490887767037 HTTP/1.1" 200 30
186.67.172.234 - - [30/Mar/2017:12:28:20 -0300] "GET /cormun/servlet/solicitudotadjuntos?096c45e6708c0c27cfc7fe9790f0f8321335337a17ca85aea48fa7ade8532f0f,gx-no-cache=1490887767049 HTTP/1.1" 200 30
186.67.172.234 - - [30/Mar/2017:12:28:20 -0300] "POST /cormun/servlet/solicitudotadjuntos?aec8237670a722eaf77b06a6d63b4716,INS,2017,5820,,2, HTTP/1.1" 200 116
186.67.172.234 - - [30/Mar/2017:12:28:20 -0300] "GET /cormun/servlet/hpexe_return? HTTP/1.1" 200 1025
186.79.86.180 - - [30/Mar/2017:12:28:20 -0300] "POST /cormun/servlet/solicitudotadjuntos?8bd2ba30f4c38cf86e5fda6d8689509c,INS,2017,5827,,2,,gx-no-cache=1490887768968 HTTP/1.1" 200 3854
186.67.172.234 - - [30/Mar/2017:12:28:21 -0300] "GET /cormun/servlet/trsolicitudadjuntos?2017,5820, HTTP/1.1" 200 8672
186.67.172.234 - - [30/Mar/2017:12:28:21 -0300] "GET /cormun/servlet/trsolicitudadjuntos?2017,5820, HTTP/1.1" 200 8668
186.79.86.180 - - [30/Mar/2017:12:28:23 -0300] "POST /cormun/servlet/solicitudotadjuntos?gx-no-cache=1490887772423 HTTP/1.1" 200 26
186.67.172.234 - - [30/Mar/2017:12:28:25 -0300] "GET /cormun/servlet/solicitudotadjuntos?INS,2017,5820,,2, HTTP/1.1" 200 6078
186.67.172.234 - - [30/Mar/2017:12:28:25 -0300] "GET /cormun/static/about:blank HTTP/1.1" 404 1011
186.67.172.234 - - [30/Mar/2017:12:28:25 -0300] "GET /cormun/servlet/solicitudotadjuntos?INS,2017,5820,,2, HTTP/1.1" 200 6071
186.67.172.234 - - [30/Mar/2017:12:28:25 -0300] "GET /cormun/servlet/solicitudotadjuntos?096c45e6708c0c27cfc7fe9790f0f83227f4fc7dc74eb3fc9f32eeea4632dbf6fa85a1aa8549f6ab23907e210e147eea,gx-no-cache=1490887772691 HTTP/1.1" 200 30
186.67.172.234 - - [30/Mar/2017:12:28:26 -0300] "POST /cormun/servlet/solicitudotadjuntos?aec8237670a722eaf77b06a6d63b4716,INS,2017,5820,,2,,gx-no-cache=1490887772746 HTTP/1.1" 200 4184
192.168.10.89 - - [30/Mar/2017:12:28:42 -0300] "GET /cormun/servlet/hlogin HTTP/1.1" 200 1744
186.67.172.234 - - [30/Mar/2017:12:28:44 -0300] "POST /cormun/servlet/solicitudotadjuntos?gx-no-cache=1490887791220 HTTP/1.1" 200 26
186.79.86.180 - - [30/Mar/2017:12:28:48 -0300] "GET /cormun/servlet/solicitudotadjuntos?07c06e93d0fc20f39ced9d1d1ebb01eedbb926d49e7b8c765aea32fbe11c0050,gx-no-cache=1490887797122 HTTP/1.1" 200 30
186.79.86.180 - - [30/Mar/2017:12:28:48 -0300] "GET /cormun/servlet/solicitudotadjuntos?07c06e93d0fc20f39ced9d1d1ebb01eedbb926d49e7b8c765aea32fbe11c0050,gx-no-cache=1490887797293 HTTP/1.1" 200 30
192.168.10.13 - - [30/Mar/2017:12:28:50 -0300] "GET / HTTP/1.1" 200 11217
192.168.10.89 - - [30/Mar/2017:12:28:52 -0300] "POST /cormun/servlet/hlogin?13a48f70a27847c83dd237fefb7ba970,gx-no-cache=1490891010938 HTTP/1.1" 200 90
192.168.10.89 - - [30/Mar/2017:12:28:52 -0300] "GET /cormun/servlet/hpexe_link HTTP/1.1" 200 957
192.168.10.89 - - [30/Mar/2017:12:28:53 -0300] "GET /cormun/servlet/hhome HTTP/1.1" 200 4459
192.168.10.89 - - [30/Mar/2017:12:28:57 -0300] "GET /cormun/servlet/trsolicitudgral? HTTP/1.1" 200 10073
192.168.10.89 - - [30/Mar/2017:12:29:01 -0300] "GET /cormun/static/menuarrow.gif HTTP/1.1" 404 1015
192.168.10.89 - - [30/Mar/2017:12:29:08 -0300] "POST /cormun/servlet/trsolicitudgral?13a48f70a27847c83dd237fefb7ba970,,gx-no-cache=1490891026948 HTTP/1.1" 200 5474
186.79.86.180 - - [30/Mar/2017:12:29:13 -0300] "POST /cormun/servlet/solicitudotadjuntos?8bd2ba30f4c38cf86e5fda6d8689509c,INS,2017,5827,,2, HTTP/1.1" 200 116
186.79.86.180 - - [30/Mar/2017:12:29:13 -0300] "GET /cormun/servlet/hpexe_return? HTTP/1.1" 200 1025
186.67.172.234 - - [30/Mar/2017:12:29:14 -0300] "GET /cormun/servlet/solicitudotadjuntos?096c45e6708c0c27cfc7fe9790f0f8321335337a17ca85aea48fa7ade8532f0f,gx-no-cache=1490887820972 HTTP/1.1" 200 30
186.67.172.234 - - [30/Mar/2017:12:29:14 -0300] "GET /cormun/servlet/solicitudotadjuntos?096c45e6708c0c27cfc7fe9790f0f8321335337a17ca85aea48fa7ade8532f0f,gx-no-cache=1490887820991 HTTP/1.1" 200 30
186.79.86.180 - - [30/Mar/2017:12:29:14 -0300] "GET /cormun/servlet/trsolicitudadjuntos?2017,5827, HTTP/1.1" 200 7974
186.67.172.234 - - [30/Mar/2017:12:29:14 -0300] "POST /cormun/servlet/solicitudotadjuntos?aec8237670a722eaf77b06a6d63b4716,INS,2017,5820,,2, HTTP/1.1" 200 116
186.67.172.234 - - [30/Mar/2017:12:29:14 -0300] "GET /cormun/servlet/hpexe_return? HTTP/1.1" 200 1025
186.67.172.234 - - [30/Mar/2017:12:29:15 -0300] "GET /cormun/servlet/trsolicitudadjuntos?2017,5820, HTTP/1.1" 200 8814
186.79.86.180 - - [30/Mar/2017:12:29:15 -0300] "GET /cormun/servlet/trsolicitudadjuntos?2017,5827, HTTP/1.1" 200 7969
186.67.172.234 - - [30/Mar/2017:12:29:15 -0300] "GET /cormun/servlet/trsolicitudadjuntos?2017,5820, HTTP/1.1" 200 8813
186.67.172.234 - - [30/Mar/2017:12:29:17 -0300] "GET /cormun/servlet/solicitudotadjuntos?INS,2017,5820,,2, HTTP/1.1" 200 6078
186.67.172.234 - - [30/Mar/2017:12:29:17 -0300] "GET /cormun/static/about:blank HTTP/1.1" 404 1011
186.67.172.234 - - [30/Mar/2017:12:29:17 -0300] "GET /cormun/servlet/solicitudotadjuntos?INS,2017,5820,,2, HTTP/1.1" 200 6071
186.67.172.234 - - [30/Mar/2017:12:29:18 -0300] "GET /cormun/servlet/solicitudotadjuntos?096c45e6708c0c27cfc7fe9790f0f83227f4fc7dc74eb3fc9f32eeea4632dbf6fa85a1aa8549f6ab23907e210e147eea,gx-no-cache=1490887825044 HTTP/1.1" 200 30
186.67.172.234 - - [30/Mar/2017:12:29:18 -0300] "POST /cormun/servlet/solicitudotadjuntos?aec8237670a722eaf77b06a6d63b4716,INS,2017,5820,,2,,gx-no-cache=1490887825093 HTTP/1.1" 200 4184
186.79.86.180 - - [30/Mar/2017:12:29:19 -0300] "GET /cormun/servlet/solicitudotadjuntos?INS,2017,5827,,2, HTTP/1.1" 200 5793
186.79.86.180 - - [30/Mar/2017:12:29:20 -0300] "GET /cormun/static/about:blank HTTP/1.1" 404 1011
186.79.86.180 - - [30/Mar/2017:12:29:20 -0300] "GET /cormun/servlet/solicitudotadjuntos?INS,2017,5827,,2, HTTP/1.1" 200 5788
186.79.86.180 - - [30/Mar/2017:12:29:20 -0300] "GET /cormun/servlet/solicitudotadjuntos?07c06e93d0fc20f39ced9d1d1ebb01eea9894f02cff092a15dd043eba59e46d0d45123a264a22ba91f861654e10c73b4,gx-no-cache=1490887829638 HTTP/1.1" 200 30
186.79.86.180 - - [30/Mar/2017:12:29:21 -0300] "POST /cormun/servlet/solicitudotadjuntos?8bd2ba30f4c38cf86e5fda6d8689509c,INS,2017,5827,,2,,gx-no-cache=1490887829724 HTTP/1.1" 200 3855
192.168.10.89 - - [30/Mar/2017:12:29:22 -0300] "POST /cormun/servlet/trsolicitudgral?13a48f70a27847c83dd237fefb7ba970,,gx-no-cache=1490891040645 HTTP/1.1" 200 5477
186.79.86.180 - - [30/Mar/2017:12:29:23 -0300] "POST /cormun/servlet/solicitudotadjuntos?gx-no-cache=1490887832361 HTTP/1.1" 200 26
186.103.159.44 - - [30/Mar/2017:12:29:27 -0300] "GET /cormun/servlet/hlogin HTTP/1.1" 200 1725
186.79.86.180 - - [30/Mar/2017:12:29:28 -0300] "GET /cormun/servlet/solicitudotadjuntos?07c06e93d0fc20f39ced9d1d1ebb01eedbb926d49e7b8c765aea32fbe11c0050,gx-no-cache=1490887836842 HTTP/1.1" 200 30
186.79.86.180 - - [30/Mar/2017:12:29:28 -0300] "GET /cormun/servlet/solicitudotadjuntos?07c06e93d0fc20f39ced9d1d1ebb01eedbb926d49e7b8c765aea32fbe11c0050,gx-no-cache=1490887837043 HTTP/1.1" 200 30
186.103.159.44 - - [30/Mar/2017:12:29:31 -0300] "GET /cormun/servlet/hlogin HTTP/1.1" 200 1716
186.67.172.234 - - [30/Mar/2017:12:29:36 -0300] "POST /cormun/servlet/solicitudotadjuntos?aec8237670a722eaf77b06a6d63b4716,INS,2017,5820,,2,,gx-no-cache=1490887843277 HTTP/1.1" 200 93
186.67.172.234 - - [30/Mar/2017:12:29:36 -0300] "GET /cormun/servlet/hpexe_return? HTTP/1.1" 200 1025
186.67.172.234 - - [30/Mar/2017:12:29:37 -0300] "GET /cormun/servlet/trsolicitudadjuntos?2017,5820, HTTP/1.1" 200 8813
186.67.172.234 - - [30/Mar/2017:12:29:37 -0300] "GET /cormun/servlet/trsolicitudadjuntos?2017,5820, HTTP/1.1" 200 8811
186.79.86.180 - - [30/Mar/2017:12:29:47 -0300] "POST /cormun/servlet/solicitudotadjuntos?8bd2ba30f4c38cf86e5fda6d8689509c,INS,2017,5827,,2, HTTP/1.1" 200 5828
186.79.86.180 - - [30/Mar/2017:12:29:47 -0300] "GET /cormun/static/Shared/jqueryui/images/ui-bg_highlight-soft_100_c6c2c8_1x100.png HTTP/1.1" 404 1117
186.79.86.180 - - [30/Mar/2017:12:29:47 -0300] "GET /cormun/static/Shared/jqueryui/images/ui-icons_82798d_256x240.png HTTP/1.1" 404 1089
186.79.86.180 - - [30/Mar/2017:12:29:47 -0300] "GET /cormun/static/Shared/jqueryui/images/ui-bg_flat_55_994d53_40x100.png HTTP/1.1" 404 1097
186.79.86.180 - - [30/Mar/2017:12:29:47 -0300] "GET /cormun/static/Shared/jqueryui/images/ui-icons_ebccce_256x240.png HTTP/1.1" 404 1089
186.103.156.166 - - [30/Mar/2017:12:29:47 -0300] "GET /cormun/servlet/licenciaspermisos?a825961760ada4453ea28d6b13c480df8d4e978eb3cfcce2d9a68af04358f6f12695e916dfcb868817d485bf9f10813538cba17df5a4eb6f64c31f88143b8aa4a1e8718f7f4e0923bdcd67f1d9c94a969af6059c00748f035b2ecb1657ad1e47e9ae0a7850ec29dd4148bb24b7efcf4e96d9e41b0316df1cde0cd197a1ee5b1d3a84f8f548f6f74d16c94e0e205373c1a89f75c60c9b1a6d255bfa27b863cdc234ef508c817638185790c388b724615100ea203ebb55a6424c28132606f6a687642b0ad6116c461c266174b93d7ec82a28f9aaa7f3f4c54eec7943385302edca,gx-no-cache=1490891444643 HTTP/1.1" 200 30
186.103.156.166 - - [30/Mar/2017:12:29:48 -0300] "GET /cormun/servlet/licenciaspermisos?a825961760ada4453ea28d6b13c480dfe70b9359e2e509e50893bda08f0505596d2c80b4509e0efe842a8ed3844bff498c2d319102f218f507249089f534e9732153b1e95aa9875c1597487ace312ae3dff793052fef3a215a46d8918010b812f1cbfe54177ecac39aaebb81205818c60ea629a2dc9e41504add802d678ea93e01675cb7a563a6bb281d717359b73a30a85249348177e8844002560d91d547403794652c6ae0c91380ccc5217a79416ed9756001b808da618deb29ddf1dca51f7fb06f504b68a63350e185c1015c7fc4e797dc70d463435d87ae4baec8e43ae5,gx-no-cache=1490891444749 HTTP/1.1" 200 29
186.103.156.166 - - [30/Mar/2017:12:29:48 -0300] "POST /cormun/servlet/licenciaspermisos?fe2563fbf453eb4a91a802361c0362af,INS,0,,,,gx-no-cache=1490891444785 HTTP/1.1" 200 4570
186.103.156.166 - - [30/Mar/2017:12:29:48 -0300] "GET /cormun/static/Shared/jqueryui/images/ui-bg_highlight-soft_100_c6c2c8_1x100.png HTTP/1.1" 404 1117
186.103.156.166 - - [30/Mar/2017:12:29:48 -0300] "GET /cormun/static/Shared/jqueryui/images/ui-icons_82798d_256x240.png HTTP/1.1" 404 1089
186.103.156.166 - - [30/Mar/2017:12:29:48 -0300] "GET /cormun/static/Shared/jqueryui/images/ui-bg_flat_55_994d53_40x100.png HTTP/1.1" 404 1097
186.103.156.166 - - [30/Mar/2017:12:29:48 -0300] "GET /cormun/static/Shared/jqueryui/images/ui-icons_ebccce_256x240.png HTTP/1.1" 404 1089
186.79.86.180 - - [30/Mar/2017:12:29:49 -0300] "GET /cormun/PrivateTempStorage/upload_00000649.jpg HTTP/1.1" 200 943243
192.168.10.13 - - [30/Mar/2017:12:29:50 -0300] "GET / HTTP/1.1" 200 11217
186.103.159.44 - - [30/Mar/2017:12:29:59 -0300] "POST /cormun/servlet/hlogin?6fea8fbed4d4d6e64c299db91128c0c1,gx-no-cache=1490887858480 HTTP/1.1" 200 90
186.103.159.44 - - [30/Mar/2017:12:30:00 -0300] "GET /cormun/servlet/hpexe_link HTTP/1.1" 200 946
186.103.159.44 - - [30/Mar/2017:12:30:06 -0300] "GET /cormun/servlet/hhome HTTP/1.1" 200 3906
186.103.159.44 - - [30/Mar/2017:12:30:14 -0300] "GET /cormun/servlet/trsolicitudot? HTTP/1.1" 200 8127
186.79.86.180 - - [30/Mar/2017:12:30:19 -0300] "GET /cormun/servlet/hlogin HTTP/1.1" 200 1717
186.79.86.180 - - [30/Mar/2017:12:30:21 -0300] "POST /cormun/servlet/hlogin?41cc58a3f5188bbace7db0e9964b36c7,gx-no-cache=1490887890168 HTTP/1.1" 200 90
186.79.86.180 - - [30/Mar/2017:12:30:21 -0300] "GET /cormun/servlet/hpexe_link HTTP/1.1" 200 947
186.79.86.180 - - [30/Mar/2017:12:30:21 -0300] "GET /cormun/servlet/hhome HTTP/1.1" 200 3754
186.79.86.180 - - [30/Mar/2017:12:30:22 -0300] "GET /cormun/servlet/hhome HTTP/1.1" 200 3750
186.67.172.234 - - [30/Mar/2017:12:30:28 -0300] "GET /cormun/servlet/solicitudotadjuntos?INS,2017,5820,,2, HTTP/1.1" 200 6078
186.79.86.180 - - [30/Mar/2017:12:30:29 -0300] "GET /cormun/servlet/trsolicitudot? HTTP/1.1" 200 9527
186.67.172.234 - - [30/Mar/2017:12:30:29 -0300] "GET /cormun/static/about:blank HTTP/1.1" 404 1011
186.67.172.234 - - [30/Mar/2017:12:30:29 -0300] "GET /cormun/servlet/solicitudotadjuntos?INS,2017,5820,,2, HTTP/1.1" 200 6071
186.67.172.234 - - [30/Mar/2017:12:30:29 -0300] "GET /cormun/servlet/solicitudotadjuntos?096c45e6708c0c27cfc7fe9790f0f83227f4fc7dc74eb3fc9f32eeea4632dbf6fa85a1aa8549f6ab23907e210e147eea,gx-no-cache=1490887896415 HTTP/1.1" 200 30
186.67.172.234 - - [30/Mar/2017:12:30:29 -0300] "POST /cormun/servlet/solicitudotadjuntos?aec8237670a722eaf77b06a6d63b4716,INS,2017,5820,,2,,gx-no-cache=1490887896448 HTTP/1.1" 200 4184
186.79.86.180 - - [30/Mar/2017:12:30:29 -0300] "GET /cormun/servlet/trsolicitudot? HTTP/1.1" 200 9526
186.103.159.44 - - [30/Mar/2017:12:30:31 -0300] "POST /cormun/servlet/trsolicitudot?6fea8fbed4d4d6e64c299db91128c0c1,,gx-no-cache=1490887891888 HTTP/1.1" 200 5399
186.103.159.44 - - [30/Mar/2017:12:30:37 -0300] "GET /cormun/servlet/hlogin HTTP/1.1" 200 1716
186.103.156.166 - - [30/Mar/2017:12:30:39 -0300] "GET /cormun/servlet/licenciaspermisos?a825961760ada4453ea28d6b13c480df8d4e978eb3cfcce2d9a68af04358f6f12695e916dfcb868817d485bf9f10813538cba17df5a4eb6f64c31f88143b8aa4a1e8718f7f4e0923bdcd67f1d9c94a969af6059c00748f035b2ecb1657ad1e47e9ae0a7850ec29dd4148bb24b7efcf4e96d9e41b0316df1cde0cd197a1ee5b1d3a84f8f548f6f74d16c94e0e205373c1a89f75c60c9b1a6d255bfa27b863cdc234ef508c817638185790c388b724615100ea203ebb55a6424c28132606f6a687642b0ad6116c461c266174b93d7ec82a28f9aaa7f3f4c54eec7943385302edca,gx-no-cache=1490891496546 HTTP/1.1" 200 30
186.103.156.166 - - [30/Mar/2017:12:30:39 -0300] "GET /cormun/servlet/licenciaspermisos?a825961760ada4453ea28d6b13c480dfe70b9359e2e509e50893bda08f0505596d2c80b4509e0efe842a8ed3844bff498c2d319102f218f507249089f534e9732153b1e95aa9875c1597487ace312ae3dff793052fef3a215a46d8918010b812f1cbfe54177ecac39aaebb81205818c60ea629a2dc9e41504add802d678ea93e01675cb7a563a6bb281d717359b73a30a85249348177e8844002560d91d547403794652c6ae0c91380ccc5217a79416ed9756001b808da618deb29ddf1dca51f7fb06f504b68a63350e185c1015c7fc4e797dc70d463435d87ae4baec8e43ae5,gx-no-cache=1490891496603 HTTP/1.1" 200 29
186.103.156.166 - - [30/Mar/2017:12:30:40 -0300] "POST /cormun/servlet/licenciaspermisos?fe2563fbf453eb4a91a802361c0362af,INS,0,,,,gx-no-cache=1490891496659 HTTP/1.1" 200 93
186.103.156.166 - - [30/Mar/2017:12:30:40 -0300] "GET /cormun/servlet/hpexe_return? HTTP/1.1" 200 1015
186.103.156.166 - - [30/Mar/2017:12:30:40 -0300] "GET /cormun/static/gxcfg.js?2016101716175148 HTTP/1.1" 304 -
186.103.156.166 - - [30/Mar/2017:12:30:40 -0300] "GET /cormun/servlet/trlicencias HTTP/1.1" 200 7595
186.103.156.166 - - [30/Mar/2017:12:30:41 -0300] "GET /cormun/servlet/trlicencias HTTP/1.1" 200 7590
186.67.172.234 - - [30/Mar/2017:12:30:46 -0300] "POST /cormun/servlet/solicitudotadjuntos?aec8237670a722eaf77b06a6d63b4716,INS,2017,5820,,2,,gx-no-cache=1490887913100 HTTP/1.1" 200 93
186.67.172.234 - - [30/Mar/2017:12:30:46 -0300] "GET /cormun/servlet/hpexe_return? HTTP/1.1" 200 1025
186.67.172.234 - - [30/Mar/2017:12:30:46 -0300] "GET /cormun/servlet/trsolicitudadjuntos?2017,5820, HTTP/1.1" 200 8812
186.67.172.234 - - [30/Mar/2017:12:30:47 -0300] "GET /cormun/servlet/trsolicitudadjuntos?2017,5820, HTTP/1.1" 200 8812
192.168.10.13 - - [30/Mar/2017:12:30:50 -0300] "GET / HTTP/1.1" 200 11217
186.103.159.44 - - [30/Mar/2017:12:30:50 -0300] "POST /cormun/servlet/hlogin?6fea8fbed4d4d6e64c299db91128c0c1,gx-no-cache=1490887910569 HTTP/1.1" 200 90
186.103.159.44 - - [30/Mar/2017:12:30:50 -0300] "GET /cormun/servlet/hpexe_link HTTP/1.1" 200 946
186.103.159.44 - - [30/Mar/2017:12:30:50 -0300] "GET /cormun/servlet/hhome HTTP/1.1" 200 3774
186.67.172.234 - - [30/Mar/2017:12:30:51 -0300] "GET /cormun/servlet/trautorizarsolicitud? HTTP/1.1" 200 8218
186.67.172.234 - - [30/Mar/2017:12:30:51 -0300] "GET /cormun/static/gxcfg.js?2017259112829 HTTP/1.1" 200 953
186.67.172.234 - - [30/Mar/2017:12:30:51 -0300] "GET /cormun/static/trautorizarsolicitud.js?2017259113483 HTTP/1.1" 200 53096
186.103.156.166 - - [30/Mar/2017:12:30:54 -0300] "GET /cormun/servlet/alicenciaprn?10453079,L,20170330000000,PU HTTP/1.1" 200 1553
186.103.159.44 - - [30/Mar/2017:12:30:54 -0300] "GET /cormun/servlet/trsolicitudot? HTTP/1.1" 200 7999
186.67.172.234 - - [30/Mar/2017:12:30:55 -0300] "GET /cormun/servlet/trautorizarsolicitud? HTTP/1.1" 200 8191
186.67.172.234 - - [30/Mar/2017:12:31:03 -0300] "GET /cormun/servlet/trsolicitudot? HTTP/1.1" 200 8108
186.67.172.234 - - [30/Mar/2017:12:31:03 -0300] "GET /cormun/servlet/trsolicitudot? HTTP/1.1" 200 8107
186.67.172.234 - - [30/Mar/2017:12:31:07 -0300] "POST /cormun/servlet/trsolicitudot?aec8237670a722eaf77b06a6d63b4716,,gx-no-cache=1490887933697 HTTP/1.1" 200 5219
186.67.172.234 - - [30/Mar/2017:12:31:07 -0300] "GET /cormun/static/Shared/jqueryui/images/ui-icons_82798d_256x240.png HTTP/1.1" 404 1089
186.67.172.234 - - [30/Mar/2017:12:31:07 -0300] "GET /cormun/static/Shared/jqueryui/images/ui-bg_flat_55_fafafa_40x100.png HTTP/1.1" 404 1097
186.67.172.234 - - [30/Mar/2017:12:31:07 -0300] "GET /cormun/static/Shared/jqueryui/images/ui-bg_highlight-soft_100_c6c2c8_1x100.png HTTP/1.1" 404 1117
186.67.172.234 - - [30/Mar/2017:12:31:07 -0300] "GET /cormun/static/Shared/jqueryui/images/ui-icons_8d78a5_256x240.png HTTP/1.1" 404 1089
186.67.172.234 - - [30/Mar/2017:12:31:15 -0300] "POST /cormun/servlet/trsolicitudot?aec8237670a722eaf77b06a6d63b4716,,gx-no-cache=1490887942109 HTTP/1.1" 200 106
186.67.172.234 - - [30/Mar/2017:12:31:15 -0300] "GET /cormun/servlet/trsolicitudadjuntos?2017,5820, HTTP/1.1" 200 8811
186.103.159.44 - - [30/Mar/2017:12:31:16 -0300] "POST /cormun/servlet/trsolicitudot?6fea8fbed4d4d6e64c299db91128c0c1,,gx-no-cache=1490887936792 HTTP/1.1" 200 106
186.103.159.44 - - [30/Mar/2017:12:31:16 -0300] "GET /cormun/servlet/solicitudot?DLT,2017,4869, HTTP/1.1" 200 9333
186.103.159.44 - - [30/Mar/2017:12:31:16 -0300] "GET /cormun/static/gxcfg.js?20171191042720 HTTP/1.1" 304 -
186.103.159.44 - - [30/Mar/2017:12:31:18 -0300] "GET /cormun/static/Shared/jqueryui/images/ui-bg_highlight-soft_100_c6c2c8_1x100.png HTTP/1.1" 404 1117
186.103.159.44 - - [30/Mar/2017:12:31:18 -0300] "GET /cormun/static/Shared/jqueryui/images/ui-icons_82798d_256x240.png HTTP/1.1" 404 1089
186.103.159.44 - - [30/Mar/2017:12:31:18 -0300] "GET /cormun/static/Shared/jqueryui/images/ui-bg_flat_55_fafafa_40x100.png HTTP/1.1" 404 1097
186.103.159.44 - - [30/Mar/2017:12:31:18 -0300] "GET /cormun/static/Shared/jqueryui/images/ui-icons_8d78a5_256x240.png HTTP/1.1" 404 1089
186.67.172.234 - - [30/Mar/2017:12:31:19 -0300] "GET /cormun/servlet/trsolicitudadjuntos?2017,5820, HTTP/1.1" 200 8810
186.67.172.234 - - [30/Mar/2017:12:31:22 -0300] "GET /cormun/servlet/solicitudotadjuntos?INS,2017,5820,,2, HTTP/1.1" 200 6078
186.67.172.234 - - [30/Mar/2017:12:31:23 -0300] "GET /cormun/static/about:blank HTTP/1.1" 404 1011
186.67.172.234 - - [30/Mar/2017:12:31:23 -0300] "GET /cormun/servlet/solicitudotadjuntos?INS,2017,5820,,2, HTTP/1.1" 200 6072
186.67.172.234 - - [30/Mar/2017:12:31:23 -0300] "GET /cormun/servlet/solicitudotadjuntos?096c45e6708c0c27cfc7fe9790f0f83227f4fc7dc74eb3fc9f32eeea4632dbf6fa85a1aa8549f6ab23907e210e147eea,gx-no-cache=1490887950672 HTTP/1.1" 200 30
186.67.172.234 - - [30/Mar/2017:12:31:24 -0300] "POST /cormun/servlet/solicitudotadjuntos?aec8237670a722eaf77b06a6d63b4716,INS,2017,5820,,2,,gx-no-cache=1490887950717 HTTP/1.1" 200 4185
186.103.159.44 - - [30/Mar/2017:12:31:28 -0300] "POST /cormun/servlet/solicitudot?6fea8fbed4d4d6e64c299db91128c0c1,DLT,2017,4869,,gx-no-cache=1490887949002 HTTP/1.1" 200 93
186.103.159.44 - - [30/Mar/2017:12:31:28 -0300] "GET /cormun/servlet/hpexe_return? HTTP/1.1" 200 1006
186.103.159.44 - - [30/Mar/2017:12:31:29 -0300] "GET /cormun/servlet/trsolicitudot HTTP/1.1" 200 6735
186.103.159.44 - - [30/Mar/2017:12:31:36 -0300] "GET /cormun/servlet/trsolicitudot? HTTP/1.1" 200 6732
192.168.10.13 - - [30/Mar/2017:12:31:50 -0300] "GET / HTTP/1.1" 200 11217
186.67.172.234 - - [30/Mar/2017:12:31:59 -0300] "POST /cormun/servlet/solicitudotadjuntos?gx-no-cache=1490887986626 HTTP/1.1" 200 26
186.67.172.234 - - [30/Mar/2017:12:32:10 -0300] "GET /cormun/servlet/solicitudotadjuntos?096c45e6708c0c27cfc7fe9790f0f8321335337a17ca85aea48fa7ade8532f0f,gx-no-cache=1490887997044 HTTP/1.1" 200 30
186.67.172.234 - - [30/Mar/2017:12:32:10 -0300] "GET /cormun/servlet/solicitudotadjuntos?096c45e6708c0c27cfc7fe9790f0f8321335337a17ca85aea48fa7ade8532f0f,gx-no-cache=1490887997064 HTTP/1.1" 200 30
186.67.172.234 - - [30/Mar/2017:12:32:10 -0300] "POST /cormun/servlet/solicitudotadjuntos?aec8237670a722eaf77b06a6d63b4716,INS,2017,5820,,2, HTTP/1.1" 200 116
186.67.172.234 - - [30/Mar/2017:12:32:10 -0300] "GET /cormun/servlet/hpexe_return? HTTP/1.1" 200 1025
186.103.156.166 - - [30/Mar/2017:12:32:11 -0300] "GET /cormun/servlet/hhome HTTP/1.1" 200 3961
186.67.172.234 - - [30/Mar/2017:12:32:11 -0300] "GET /cormun/servlet/trsolicitudadjuntos?2017,5820, HTTP/1.1" 200 9016
186.103.156.166 - - [30/Mar/2017:12:32:11 -0300] "GET /cormun/servlet/hhome HTTP/1.1" 200 3958
186.67.172.234 - - [30/Mar/2017:12:32:11 -0300] "GET /cormun/servlet/trsolicitudadjuntos?2017,5820, HTTP/1.1" 200 9014
186.103.159.44 - - [30/Mar/2017:12:32:16 -0300] "GET /cormun/servlet/solicitudot?INS,0,0, HTTP/1.1" 200 12579
186.103.156.166 - - [30/Mar/2017:12:32:20 -0300] "GET /cormun/servlet/trsolicitudot? HTTP/1.1" 200 8239
186.103.156.166 - - [30/Mar/2017:12:32:21 -0300] "GET /cormun/servlet/trsolicitudot? HTTP/1.1" 200 8237
186.103.156.166 - - [30/Mar/2017:12:32:38 -0300] "GET /cormun/servlet/solicitudot?INS,0,0, HTTP/1.1" 200 12754
186.67.172.234 - - [30/Mar/2017:12:32:39 -0300] "GET /cormun/servlet/trsolicitudot? HTTP/1.1" 200 8113
186.103.156.166 - - [30/Mar/2017:12:32:39 -0300] "GET /cormun/servlet/solicitudot?INS,0,0, HTTP/1.1" 200 12759
186.67.172.234 - - [30/Mar/2017:12:32:39 -0300] "GET /cormun/servlet/trsolicitudot? HTTP/1.1" 200 8107
186.67.172.234 - - [30/Mar/2017:12:32:43 -0300] "POST /cormun/servlet/trsolicitudot?aec8237670a722eaf77b06a6d63b4716,,gx-no-cache=1490888030250 HTTP/1.1" 200 5223
186.103.159.44 - - [30/Mar/2017:12:32:47 -0300] "POST /cormun/servlet/solicitudot?gx-no-cache=1490888027358 HTTP/1.1" 200 3081
186.103.159.44 - - [30/Mar/2017:12:32:47 -0300] "POST /cormun/servlet/solicitudot?6fea8fbed4d4d6e64c299db91128c0c1,INS,0,0,,gx-no-cache=1490888027838 HTTP/1.1" 200 9672
192.168.10.13 - - [30/Mar/2017:12:32:50 -0300] "GET / HTTP/1.1" 200 11217
186.103.159.44 - - [30/Mar/2017:12:32:54 -0300] "GET /cormun/servlet/solicitudot?4c174a8c51df7a2f4a8bdf826bc3dd8128790cb902627fd4119837541b0caa5a42b23eab00ee15e4d78feb1377099e05,gx-no-cache=1490888034555 HTTP/1.1" 200 30
186.67.172.234 - - [30/Mar/2017:12:32:57 -0300] "POST /cormun/servlet/trsolicitudot?aec8237670a722eaf77b06a6d63b4716,,gx-no-cache=1490888044038 HTTP/1.1" 200 106
186.67.172.234 - - [30/Mar/2017:12:32:57 -0300] "GET /cormun/servlet/trsolicitudadjuntos?2017,5820, HTTP/1.1" 200 9011
186.67.172.234 - - [30/Mar/2017:12:32:58 -0300] "GET /cormun/servlet/trsolicitudadjuntos?2017,5820, HTTP/1.1" 200 9015
186.103.156.166 - - [30/Mar/2017:12:33:02 -0300] "GET /cormun/static/Resources/resize.gif HTTP/1.1" 200 77
186.103.156.166 - - [30/Mar/2017:12:33:02 -0300] "GET /cormun/servlet/prfichaempleado?,MD,,gxPopupLevel%3D0%3B HTTP/1.1" 200 8793
186.103.156.166 - - [30/Mar/2017:12:33:02 -0300] "GET /cormun/static/gxcfg.js?2017319125415 HTTP/1.1" 200 953
186.103.156.166 - - [30/Mar/2017:12:33:02 -0300] "GET /cormun/static/Resources/PXToolsMenuSearch.png HTTP/1.1" 200 2914
186.103.156.166 - - [30/Mar/2017:12:33:02 -0300] "GET /cormun/static/Resources/PXToolsMenuSearchCancel.png HTTP/1.1" 200 2972
186.103.156.166 - - [30/Mar/2017:12:33:02 -0300] "GET /cormun/static/menusearch.js?201610171694467 HTTP/1.1" 200 1424
186.103.156.166 - - [30/Mar/2017:12:33:02 -0300] "GET /cormun/static/hmpwkw011.js?201731711483558 HTTP/1.1" 200 1968
186.103.156.166 - - [30/Mar/2017:12:33:03 -0300] "GET /cormun/static/prfichaempleado.js?20173191254344 HTTP/1.1" 200 15951
186.67.172.234 - - [30/Mar/2017:12:33:03 -0300] "GET /cormun/servlet/solicitudotadjuntos?DLT,2017,5820,CARNET,0, HTTP/1.1" 200 6036
186.67.172.234 - - [30/Mar/2017:12:33:04 -0300] "GET /cormun/PublicTempStorage/c._ant.8141696.jpg HTTP/1.1" 200 44240
186.67.172.234 - - [30/Mar/2017:12:33:04 -0300] "GET /cormun/servlet/solicitudotadjuntos?DLT,2017,5820,CARNET,0, HTTP/1.1" 200 6028
186.67.172.234 - - [30/Mar/2017:12:33:07 -0300] "POST /cormun/servlet/solicitudotadjuntos?aec8237670a722eaf77b06a6d63b4716,DLT,2017,5820,CARNET,0,,gx-no-cache=1490888054487 HTTP/1.1" 200 93
186.67.172.234 - - [30/Mar/2017:12:33:07 -0300] "GET /cormun/servlet/hpexe_return? HTTP/1.1" 200 1030
186.67.172.234 - - [30/Mar/2017:12:33:08 -0300] "GET /cormun/servlet/trsolicitudadjuntos?2017,5820, HTTP/1.1" 200 8813
186.67.172.234 - - [30/Mar/2017:12:33:08 -0300] "GET /cormun/servlet/trsolicitudadjuntos?2017,5820, HTTP/1.1" 200 8812
186.67.172.234 - - [30/Mar/2017:12:33:12 -0300] "GET /cormun/servlet/solicitudotadjuntos?INS,2017,5820,,2, HTTP/1.1" 200 6078
186.67.172.234 - - [30/Mar/2017:12:33:12 -0300] "GET /cormun/static/about:blank HTTP/1.1" 404 1011
186.67.172.234 - - [30/Mar/2017:12:33:12 -0300] "GET /cormun/servlet/solicitudotadjuntos?INS,2017,5820,,2, HTTP/1.1" 200 6072
186.67.172.234 - - [30/Mar/2017:12:33:13 -0300] "GET /cormun/servlet/solicitudotadjuntos?096c45e6708c0c27cfc7fe9790f0f83227f4fc7dc74eb3fc9f32eeea4632dbf6fa85a1aa8549f6ab23907e210e147eea,gx-no-cache=1490888060081 HTTP/1.1" 200 30
186.67.172.234 - - [30/Mar/2017:12:33:13 -0300] "POST /cormun/servlet/solicitudotadjuntos?aec8237670a722eaf77b06a6d63b4716,INS,2017,5820,,2,,gx-no-cache=1490888060127 HTTP/1.1" 200 4184
186.67.172.234 - - [30/Mar/2017:12:33:22 -0300] "POST /cormun/servlet/solicitudotadjuntos?gx-no-cache=1490888068473 HTTP/1.1" 200 26
186.103.156.166 - - [30/Mar/2017:12:33:25 -0300] "POST /cormun/servlet/prfichaempleado?5deca46ab3fcbfb9e8618cf9b6731d0b,,MD,,gxPopupLevel%3D0%3B,gx-no-cache=1490891673326 HTTP/1.1" 200 5933
186.103.156.166 - - [30/Mar/2017:12:33:25 -0300] "GET /cormun/static/Resources/PXToolsGridNext.gif HTTP/1.1" 200 369
186.103.156.166 - - [30/Mar/2017:12:33:25 -0300] "GET /cormun/static/Resources/PXToolsGridLast.gif HTTP/1.1" 200 370
186.103.156.166 - - [30/Mar/2017:12:33:30 -0300] "POST /cormun/servlet/solicitudot?gx-no-cache=1490891678579 HTTP/1.1" 200 3142
186.103.156.166 - - [30/Mar/2017:12:33:30 -0300] "POST /cormun/servlet/solicitudot?5deca46ab3fcbfb9e8618cf9b6731d0b,INS,0,0,,gx-no-cache=1490891678793 HTTP/1.1" 200 9919
186.67.172.234 - - [30/Mar/2017:12:33:32 -0300] "POST /cormun/servlet/solicitudotadjuntos?gx-no-cache=1490888079378 HTTP/1.1" 200 26
186.103.156.166 - - [30/Mar/2017:12:33:34 -0300] "GET /cormun/servlet/prfichaempleado?,MD,,gxPopupLevel%3D0%3B HTTP/1.1" 200 8793
186.79.86.180 - - [30/Mar/2017:12:33:47 -0300] "POST /cormun/servlet/trsolicitudot?41cc58a3f5188bbace7db0e9964b36c7,,gx-no-cache=1490888095847 HTTP/1.1" 200 6367
186.79.86.180 - - [30/Mar/2017:12:33:47 -0300] "GET /cormun/static/Shared/jqueryui/images/ui-bg_highlight-soft_100_c6c2c8_1x100.png HTTP/1.1" 404 1117
186.79.86.180 - - [30/Mar/2017:12:33:47 -0300] "GET /cormun/static/Shared/jqueryui/images/ui-icons_82798d_256x240.png HTTP/1.1" 404 1089
186.79.86.180 - - [30/Mar/2017:12:33:47 -0300] "GET /cormun/static/Shared/jqueryui/images/ui-bg_flat_55_fafafa_40x100.png HTTP/1.1" 404 1097
186.79.86.180 - - [30/Mar/2017:12:33:47 -0300] "GET /cormun/static/Shared/jqueryui/images/ui-icons_8d78a5_256x240.png HTTP/1.1" 404 1089
186.79.86.180 - - [30/Mar/2017:12:33:48 -0300] "POST /cormun/servlet/trsolicitudot?41cc58a3f5188bbace7db0e9964b36c7,,gx-no-cache=1490888096644 HTTP/1.1" 200 6308
192.168.10.13 - - [30/Mar/2017:12:33:50 -0300] "GET / HTTP/1.1" 200 11217
186.103.156.166 - - [30/Mar/2017:12:33:55 -0300] "GET /cormun/servlet/solicitudot?c6cb3823e5553be92f6e78e61fc4a982a929e5752107561f4d1ba2feffaa925973a1e2dc6c692be11114064b60e836a7,gx-no-cache=1490891704488 HTTP/1.1" 200 30
186.103.156.166 - - [30/Mar/2017:12:33:56 -0300] "POST /cormun/servlet/solicitudot?gx-no-cache=1490891704557 HTTP/1.1" 200 255
186.103.156.166 - - [30/Mar/2017:12:33:56 -0300] "GET /cormun/servlet/solicitudot?c6cb3823e5553be92f6e78e61fc4a982a2e585e77b0520b4056f229be5e4b6d5bc47bdbf818e24ef3cd1ce4c9155c5470bffbece592d7387b22ec81edda1b56c7c0d87d21b3e1dd859b6d68ff6147e469ea656da6541f5a00af0c7d00975dd90e9b6d75dd2e6a8c33972805dff642e2774012cbec930b7aa2ad474c73110f65a10979ce461df0f31fa8e8ecb78b1ea1eaddedb2244eb2f42f008fef071c03dfc800d28d4aab748c9b116c3162761d94c9d57c714b7cfbe4b9a2ae7d29bdb3443fd4bd38e419b733a039b027d8f24af71356cb7f57ca093c49330be62025d77e656da7d754bc4e32f8a97dd68eaebb3041aab19629cf53e8e3008b81d909cc584297848fcc93f85cef3bed9a8093b4b44a9f7ada95dd7e4d1e389cf333be3bea99a1491afd596b5b37e5a60c56d2d5f949281d218b4f06899771753b8cc8a86374d8acae7de8fd9af34fb3f91d3655670b9519c8ea840e43cfa0e4fedf27da6ec7c1da5afbd5224de8320b0ec577c04f2c8c68d0fccc338c0c7434d3528ad910f,gx-no-cache=1490891704611 HTTP/1.1" 200 30
186.103.156.166 - - [30/Mar/2017:12:33:56 -0300] "POST /cormun/servlet/solicitudot?gx-no-cache=1490891704954 HTTP/1.1" 200 30
186.103.156.166 - - [30/Mar/2017:12:33:56 -0300] "POST /cormun/servlet/solicitudot?gx-no-cache=1490891704997 HTTP/1.1" 200 235
186.103.156.166 - - [30/Mar/2017:12:33:56 -0300] "POST /cormun/servlet/solicitudot?gx-no-cache=1490891705065 HTTP/1.1" 200 38
186.103.157.235 - - [30/Mar/2017:12:33:58 -0300] "GET /cormun/servlet/hlogin HTTP/1.1" 200 1722
186.103.157.235 - - [30/Mar/2017:12:33:58 -0300] "GET /cormun/static/Resources/Spanish/PXTools.css?11294912 HTTP/1.1" 304 -
186.103.157.235 - - [30/Mar/2017:12:33:58 -0300] "GET /cormun/static/gxcfg.js?201731711485472 HTTP/1.1" 200 953
186.103.157.235 - - [30/Mar/2017:12:33:59 -0300] "GET /cormun/static/hlogin.js?201731711485490 HTTP/1.1" 304 -
186.103.157.235 - - [30/Mar/2017:12:34:01 -0300] "GET /cormun/static/messages.spa.js?85251 HTTP/1.1" 200 30736
186.103.156.166 - - [30/Mar/2017:12:34:11 -0300] "POST /cormun/servlet/solicitudot?gx-no-cache=1490891719658 HTTP/1.1" 200 255
186.103.156.166 - - [30/Mar/2017:12:34:11 -0300] "GET /cormun/servlet/solicitudot?c6cb3823e5553be92f6e78e61fc4a982a2e585e77b0520b4056f229be5e4b6d5bc47bdbf818e24ef3cd1ce4c9155c5470bffbece592d7387b22ec81edda1b56c7c0d87d21b3e1dd859b6d68ff6147e469ea656da6541f5a00af0c7d00975dd90e9b6d75dd2e6a8c33972805dff642e2774012cbec930b7aa2ad474c73110f65a10979ce461df0f31fa8e8ecb78b1ea1eaddedb2244eb2f42f008fef071c03dfc800d28d4aab748c9b116c3162761d94c9d57c714b7cfbe4b9a2ae7d29bdb3443fd4bd38e419b733a039b027d8f24af71356cb7f57ca093c49330be62025d77e656da7d754bc4e32f8a97dd68eaebb3041aab19629cf53e8e3008b81d909cc584297848fcc93f85cef3bed9a8093b4b44a9f7ada95dd7e4d1e389cf333be3bea99a1491afd596b5b37e5a60c56d2d5f949281d218b4f06899771753b8cc8a86374d8acae7de8fd9af34fb3f91d3655670b9519c8ea840e43cfa0e4fedf27da6ec7c1da5afbd5224de8320b0ec577c04f28d7cb9be5afbb77862fa7f9b4fa77c1c,gx-no-cache=1490891719716 HTTP/1.1" 200 30
186.103.156.166 - - [30/Mar/2017:12:34:11 -0300] "POST /cormun/servlet/solicitudot?gx-no-cache=1490891720098 HTTP/1.1" 200 30
186.103.156.166 - - [30/Mar/2017:12:34:11 -0300] "POST /cormun/servlet/solicitudot?gx-no-cache=1490891720189 HTTP/1.1" 200 656
186.103.156.166 - - [30/Mar/2017:12:34:11 -0300] "POST /cormun/servlet/solicitudot?gx-no-cache=1490891720272 HTTP/1.1" 200 38
186.103.157.235 - - [30/Mar/2017:12:34:18 -0300] "POST /cormun/servlet/hlogin?3012928a98bbd34524945fde72fe47b4,gx-no-cache=1490888125781 HTTP/1.1" 200 90
186.103.157.235 - - [30/Mar/2017:12:34:18 -0300] "GET /cormun/servlet/hpexe_link HTTP/1.1" 200 954
186.103.157.235 - - [30/Mar/2017:12:34:18 -0300] "GET /cormun/static/gxcfg.js?201731711483381 HTTP/1.1" 200 953
186.103.157.235 - - [30/Mar/2017:12:34:18 -0300] "GET /cormun/static/hpexe_link.js?201731711483384 HTTP/1.1" 304 -
186.103.157.235 - - [30/Mar/2017:12:34:19 -0300] "GET /cormun/servlet/hhome HTTP/1.1" 200 3962
186.103.157.235 - - [30/Mar/2017:12:34:19 -0300] "GET /cormun/static/gxcfg.js?201731711483497 HTTP/1.1" 200 953
186.103.157.235 - - [30/Mar/2017:12:34:19 -0300] "GET /cormun/static/hhome.js?20173171148352 HTTP/1.1" 304 -
186.103.157.235 - - [30/Mar/2017:12:34:19 -0300] "GET /cormun/static/hwchdr01.js?201731711335950 HTTP/1.1" 304 -
186.103.157.235 - - [30/Mar/2017:12:34:19 -0300] "GET /cormun/static/hpexe_recentlink.js?201610171694390 HTTP/1.1" 304 -
186.103.157.235 - - [30/Mar/2017:12:34:19 -0300] "GET /cormun/static/hpexe_messagecontroller.js?201610171694323 HTTP/1.1" 304 -
186.103.157.235 - - [30/Mar/2017:12:34:19 -0300] "GET /cormun/static/hpexe_messagepopupcomponent.js?20161017169425 HTTP/1.1" 304 -
186.103.157.235 - - [30/Mar/2017:12:34:19 -0300] "GET /cormun/static/hpexe_messagegenexuscomponent.js?201731711335537 HTTP/1.1" 304 -
186.103.157.235 - - [30/Mar/2017:12:34:19 -0300] "GET /cormun/static/hpexe_scripts.js?201731711335890 HTTP/1.1" 304 -
186.103.157.235 - - [30/Mar/2017:12:34:20 -0300] "GET /cormun/static/hmpwkw03.js?201731711485354 HTTP/1.1" 304 -
186.103.157.235 - - [30/Mar/2017:12:34:21 -0300] "GET /cormun/static/cmcontrolpreferences.js?201731711335852 HTTP/1.1" 304 -
186.103.157.235 - - [30/Mar/2017:12:34:21 -0300] "GET /cormun/servlet/hhome HTTP/1.1" 200 3958
186.103.159.44 - - [30/Mar/2017:12:34:38 -0300] "POST /cormun/servlet/solicitudot?gx-no-cache=1490888138967 HTTP/1.1" 200 297
