186.103.159.44 - - [30/Mar/2017:12:34:38 -0300] "GET /cormun/servlet/solicitudot?4c174a8c51df7a2f4a8bdf826bc3dd815681a443c7eefe6f15a46ec6398571a83464341bdd51da2974ee6bb1ed7a1aec1b4e7e7197ad41dc8ae8af031565498d0094fe4e93bf73234c14750f2c4d1213b21885dd9fc2efc6cde359f3c03ecb3b37374dd9eaa909d4416db16bd539c1e90af4ba1ac66fd67ff365fad0076d0b78401aa9de8d4df75f49fa05ec7613d0cb6a7faab2b1b511efc8a81c2ed6f63de05dd525fff22611313f8adce2e51c7e9e126433ec41e7279e892a2ace4940d3aef87cc4965e04b6ddf55cdd9f8e9c896fd6c0de2bfd0454c558d11ee26823e21c2a319d4bf1ca6f644f1712dd32272bbf9fc807b0388285c91be015b79bdcb1c23b8ae9cd94c667f10d375c76be653ae87ebaf80a916151cdb6227f5129bbb002b9e4c3c9fa9340d419efe529d2fa89501f0c2f50bdec6ad657fbdfde7b9bd775763d570a5440163a291b3a8b0d49b620fcfce0b8b796a7242a06e86a150bde8d0ab44ce3cfe79daee2d915a185efd671ac230d6286ffec1a04ed7888cb6aaeafc865ae9b4b29c60f66e4703c39324217,gx-no-cache=1490888139077 HTTP/1.1" 200 30
186.103.159.44 - - [30/Mar/2017:12:34:41 -0300] "POST /cormun/servlet/solicitudot?gx-no-cache=1490888141837 HTTP/1.1" 200 30
186.103.157.235 - - [30/Mar/2017:12:34:41 -0300] "GET /cormun/servlet/trrenuncias? HTTP/1.1" 200 6695
186.103.157.235 - - [30/Mar/2017:12:34:41 -0300] "GET /cormun/static/gxcfg.js?201731711553383 HTTP/1.1" 200 953
186.103.159.44 - - [30/Mar/2017:12:34:44 -0300] "POST /cormun/servlet/solicitudot?gx-no-cache=1490888145175 HTTP/1.1" 200 235
186.103.159.44 - - [30/Mar/2017:12:34:44 -0300] "POST /cormun/servlet/solicitudot?gx-no-cache=1490888145277 HTTP/1.1" 200 38
192.168.10.13 - - [30/Mar/2017:12:34:50 -0300] "GET / HTTP/1.1" 200 11217
186.103.157.235 - - [30/Mar/2017:12:35:10 -0300] "GET /cormun/static/trrenuncias.js?201731711553833 HTTP/1.1" 200 28329
186.67.172.234 - - [30/Mar/2017:12:35:28 -0300] "GET /cormun/servlet/trsolicitudot? HTTP/1.1" 200 8119
186.67.172.234 - - [30/Mar/2017:12:35:29 -0300] "GET /cormun/servlet/trsolicitudot? HTTP/1.1" 200 8107
186.103.159.44 - - [30/Mar/2017:12:35:36 -0300] "GET /cormun/servlet/solicitudot?4c174a8c51df7a2f4a8bdf826bc3dd8172e489410aa84986483de901dab1b6317e536596bf553197c1583305b208233d23eb0ffd55845b1088afe599a99b25592787aa695417980538df0ebc3779db4f13c23245e03fd10bc2e241882bd0fe81ede49aa459f10b0cad7412864b3fd5c6,gx-no-cache=1490888196394 HTTP/1.1" 200 29
186.103.159.44 - - [30/Mar/2017:12:35:36 -0300] "POST /cormun/servlet/solicitudot?gx-no-cache=1490888196771 HTTP/1.1" 200 641
186.103.159.44 - - [30/Mar/2017:12:35:37 -0300] "POST /cormun/servlet/solicitudot?gx-no-cache=1490888197748 HTTP/1.1" 200 1157
186.67.172.234 - - [30/Mar/2017:12:35:38 -0300] "POST /cormun/servlet/trsolicitudot?aec8237670a722eaf77b06a6d63b4716,,gx-no-cache=1490888204896 HTTP/1.1" 200 106
186.67.172.234 - - [30/Mar/2017:12:35:38 -0300] "GET /cormun/servlet/solicitudot?UPD,2017,5820, HTTP/1.1" 200 14475
186.67.172.234 - - [30/Mar/2017:12:35:38 -0300] "GET /cormun/servlet/solicitudot?UPD,2017,5820, HTTP/1.1" 200 14484
186.103.157.235 - - [30/Mar/2017:12:35:39 -0300] "GET /cormun/servlet/trrenuncias? HTTP/1.1" 200 6694
186.67.172.234 - - [30/Mar/2017:12:35:39 -0300] "POST /cormun/servlet/solicitudot?gx-no-cache=1490888206062 HTTP/1.1" 200 3151
186.67.172.234 - - [30/Mar/2017:12:35:39 -0300] "POST /cormun/servlet/solicitudot?aec8237670a722eaf77b06a6d63b4716,UPD,2017,5820,,gx-no-cache=1490888206219 HTTP/1.1" 200 10991
186.67.172.234 - - [30/Mar/2017:12:35:40 -0300] "GET /cormun/servlet/solicitudot?096c45e6708c0c27cfc7fe9790f0f8321d76881b1e8dc7808fbbc9f188f1a0312bdcc29f56557d1e8323b45652944382,gx-no-cache=1490888206799 HTTP/1.1" 200 30
186.67.172.234 - - [30/Mar/2017:12:35:40 -0300] "POST /cormun/servlet/solicitudot?gx-no-cache=1490888206829 HTTP/1.1" 200 256
186.67.172.234 - - [30/Mar/2017:12:35:40 -0300] "GET /cormun/servlet/solicitudot?096c45e6708c0c27cfc7fe9790f0f832645b4ccb0f147acd357931ba3d5f6a908dd2fb18fbc26ae01a5d8ca65380981b196406c01910b37eda97b279fb5c7ddfcf2d522616d51fad8433c5fdc335c16184a2951f80667a7310042b64302dca26f3f5b0bd8119dc4f4247fa8bfe9e994a33b27f0a197ffbacd1a5ecc807f4ea77bf4eac26bca4637fb8ea57c0b133254f8939e3fb3b4b234a6b40e2c9e99a048579a34657e0d6969bb5609e050e73fdfed63a77b40f115cd4de4255ebaab879397abc01434c2b1ee569bd237827bce939e10ad4e7f340b77f43324cd16133dac6560eb9ccd3eaf86450f99209515c268ec0ee712f08e7999d49dd6263c5967c33d2e3a0f36fb997902c53ea7ccdb7cabf8b4d68c1a2fd8b7ecef5bed095646893a08d2021de73f23eb4d72b2fb1edcd15bec6f8836036afbe0154908b0845c6ce64a0c1650b671424e671039386ca86286815ae5119e5b7f6c11bd427e3bf7aabfd034f8e1e3171a7dca02ab025325cb648508043acc947f6cc064a44a56c1f58,gx-no-cache=1490888206861 HTTP/1.1" 200 30
186.67.172.234 - - [30/Mar/2017:12:35:40 -0300] "POST /cormun/servlet/solicitudot?gx-no-cache=1490888206893 HTTP/1.1" 200 30
186.67.172.234 - - [30/Mar/2017:12:35:40 -0300] "POST /cormun/servlet/solicitudot?gx-no-cache=1490888206941 HTTP/1.1" 200 1287
186.67.172.234 - - [30/Mar/2017:12:35:40 -0300] "POST /cormun/servlet/solicitudot?gx-no-cache=1490888207019 HTTP/1.1" 200 41
186.103.157.235 - - [30/Mar/2017:12:35:40 -0300] "POST /cormun/servlet/acontrolpreferencessavestate?None,MANTILLANCA,true HTTP/1.1" 200 35
192.168.10.13 - - [30/Mar/2017:12:35:50 -0300] "GET / HTTP/1.1" 200 11217
186.103.156.166 - - [30/Mar/2017:12:35:57 -0300] "POST /cormun/servlet/solicitudot?gx-no-cache=1490891826280 HTTP/1.1" 200 255
186.103.156.166 - - [30/Mar/2017:12:35:58 -0300] "GET /cormun/servlet/solicitudot?c6cb3823e5553be92f6e78e61fc4a982a2e585e77b0520b4056f229be5e4b6d5bc47bdbf818e24ef3cd1ce4c9155c5470bffbece592d7387b22ec81edda1b56c7c0d87d21b3e1dd859b6d68ff6147e469ea656da6541f5a00af0c7d00975dd90e9b6d75dd2e6a8c33972805dff642e2774012cbec930b7aa2ad474c73110f65a10979ce461df0f31fa8e8ecb78b1ea1eaddedb2244eb2f42f008fef071c03dfc800d28d4aab748c9b116c3162761d94c9d57c714b7cfbe4b9a2ae7d29bdb3443fd4bd38e419b733a039b027d8f24af71356cb7f57ca093c49330be62025d77e656da7d754bc4e32f8a97dd68eaebb3041aab19629cf53e8e3008b81d909cc584297848fcc93f85cef3bed9a8093b4b44a9f7ada95dd7e4d1e389cf333be3bea99a1491afd596b5b37e5a60c56d2d5f949281d218b4f06899771753b8cc8a86374d8acae7de8fd9af34fb3f91d3655670b9519c8ea840e43cfa0e4fedf27da6ec7c1da5afbd5224de8320b0ec577c04f28d7cb9be5afbb77862fa7f9b4fa77c1c,gx-no-cache=1490891826358 HTTP/1.1" 200 30
186.103.157.235 - - [30/Mar/2017:12:35:58 -0300] "GET /cormun/servlet/trrenuncias? HTTP/1.1" 200 6699
186.103.156.166 - - [30/Mar/2017:12:36:00 -0300] "POST /cormun/servlet/solicitudot?gx-no-cache=1490891828810 HTTP/1.1" 200 30
186.103.157.235 - - [30/Mar/2017:12:36:00 -0300] "GET /cormun/servlet/trrenuncias? HTTP/1.1" 200 6699
186.103.156.166 - - [30/Mar/2017:12:36:29 -0300] "POST /cormun/servlet/solicitudot?gx-no-cache=1490891857573 HTTP/1.1" 200 656
186.103.156.166 - - [30/Mar/2017:12:36:29 -0300] "POST /cormun/servlet/solicitudot?gx-no-cache=1490891857675 HTTP/1.1" 200 38
186.103.156.166 - - [30/Mar/2017:12:36:36 -0300] "GET /cormun/servlet/solicitudot?c6cb3823e5553be92f6e78e61fc4a982a17e8a5eb31d0851413035d193b5c595a8a14d4f928bfec72aeaef0926cc5594aa66b01540cea321df0c4c540baca44931953f3c4a7841abfecf01be714dd8000ca59aca03c521f8423fea2b95c37b6a18861a0a5957fd6852af9173274989659cc995a73a2b5f785d454eadece5015695d32138e0fa2f2bf6792ad8cd5a9f693acb5a95379d22566bb183bce673ab9a,gx-no-cache=1490891865358 HTTP/1.1" 200 29
186.103.156.166 - - [30/Mar/2017:12:36:39 -0300] "POST /cormun/servlet/solicitudot?gx-no-cache=1490891868103 HTTP/1.1" 200 643
186.103.156.166 - - [30/Mar/2017:12:36:41 -0300] "POST /cormun/servlet/solicitudot?gx-no-cache=1490891869819 HTTP/1.1" 200 1157
192.168.10.13 - - [30/Mar/2017:12:36:49 -0300] "GET / HTTP/1.1" 200 11217
186.103.159.44 - - [30/Mar/2017:12:36:58 -0300] "GET /cormun/static/menuarrow.gif HTTP/1.1" 404 1015
186.67.172.234 - - [30/Mar/2017:12:37:01 -0300] "POST /cormun/servlet/solicitudot?gx-no-cache=1490888288242 HTTP/1.1" 200 30
186.67.172.234 - - [30/Mar/2017:12:37:01 -0300] "POST /cormun/servlet/solicitudot?gx-no-cache=1490888288316 HTTP/1.1" 200 1287
186.67.172.234 - - [30/Mar/2017:12:37:01 -0300] "POST /cormun/servlet/solicitudot?gx-no-cache=1490888288372 HTTP/1.1" 200 41
186.103.159.44 - - [30/Mar/2017:12:37:06 -0300] "GET /cormun/servlet/solicitudot?4c174a8c51df7a2f4a8bdf826bc3dd81ecafd92328cf049c6ec3ffe976ab0f6812f8020765a22759ef42757dff7c439122a7457bafa9833ccbc303f7504276c73cda1c0bce36fba1699e06e3fe7d967c7f30ca5dc94e31d4f885b4c2937daa4ad279d20e01fb8bf83f449bb3dd796afe1cf9fe9bf59ca11bebd3c838400cc3840d9d8c2bbc147989d452308d7ad07ba1963b3fb51266f994f9f2962c6a06ccc4fb2238a2b73814feeea09df51277b73d,gx-no-cache=1490888286618 HTTP/1.1" 200 30
200.111.191.210 - - [30/Mar/2017:12:37:12 -0300] "GET /cormun/servlet/hlogin HTTP/1.1" 200 1739
200.111.191.210 - - [30/Mar/2017:12:37:12 -0300] "GET /cormun/static/gxcfg.js?201731711485472 HTTP/1.1" 304 -
200.111.191.210 - - [30/Mar/2017:12:37:12 -0300] "GET /cormun/servlet/hlogin HTTP/1.1" 200 1730
186.103.156.166 - - [30/Mar/2017:12:37:17 -0300] "GET /cormun/servlet/solicitudot?c6cb3823e5553be92f6e78e61fc4a982c2aa0900f156fed5bc534c1e9a74f0040c24fab733f6c6d0068c18f5d5c49aeda05080e4223d034572f313b710ff16209a9b4a071d13c080e68188cbac27dd1b41020b86f9b81560225a15a94768646a7762cb214e8d2ab7eaf1e179b250258bcef0b916d6f694d8540ae6df7056bbcaa71cb67e255e74e3fbacbc0aecd230b8ee8ebd763cd91cec9cdf46efd204149b100ed52faa925e661ec296350c6b04c7,gx-no-cache=1490891905931 HTTP/1.1" 200 30
186.103.156.166 - - [30/Mar/2017:12:37:17 -0300] "POST /cormun/servlet/solicitudot?5deca46ab3fcbfb9e8618cf9b6731d0b,INS,0,0,,gx-no-cache=1490891906029 HTTP/1.1" 200 11275
186.103.156.166 - - [30/Mar/2017:12:37:17 -0300] "GET /cormun/static/Shared/jqueryui/images/ui-bg_highlight-soft_100_c6c2c8_1x100.png HTTP/1.1" 404 1117
186.103.156.166 - - [30/Mar/2017:12:37:17 -0300] "GET /cormun/static/Shared/jqueryui/images/ui-icons_82798d_256x240.png HTTP/1.1" 404 1089
186.103.156.166 - - [30/Mar/2017:12:37:17 -0300] "GET /cormun/static/Shared/jqueryui/images/ui-bg_flat_55_994d53_40x100.png HTTP/1.1" 404 1097
186.103.156.166 - - [30/Mar/2017:12:37:17 -0300] "GET /cormun/static/Shared/jqueryui/images/ui-icons_ebccce_256x240.png HTTP/1.1" 404 1089
186.103.159.44 - - [30/Mar/2017:12:37:25 -0300] "POST /cormun/servlet/solicitudot?6fea8fbed4d4d6e64c299db91128c0c1,INS,0,0,,gx-no-cache=1490888295673 HTTP/1.1" 200 93
186.103.159.44 - - [30/Mar/2017:12:37:25 -0300] "GET /cormun/servlet/hpexe_return? HTTP/1.1" 200 1000
186.103.159.44 - - [30/Mar/2017:12:37:26 -0300] "GET /cormun/servlet/trsolicitudot HTTP/1.1" 200 8022
186.103.159.44 - - [30/Mar/2017:12:37:31 -0300] "POST /cormun/servlet/trsolicitudot?6fea8fbed4d4d6e64c299db91128c0c1,gx-no-cache=1490888312230 HTTP/1.1" 200 106
186.103.159.44 - - [30/Mar/2017:12:37:32 -0300] "GET /cormun/servlet/trsolicitudadjuntos?2017,5828, HTTP/1.1" 200 5878
186.103.159.44 - - [30/Mar/2017:12:37:36 -0300] "GET /cormun/servlet/solicitudotadjuntos?INS,2017,5828,,1, HTTP/1.1" 200 5814
186.103.157.235 - - [30/Mar/2017:12:37:37 -0300] "GET /cormun/servlet/trrenuncias? HTTP/1.1" 200 6699
186.103.159.44 - - [30/Mar/2017:12:37:37 -0300] "HEAD /cormun/static/about:blank HTTP/1.1" 404 -
186.103.159.44 - - [30/Mar/2017:12:37:38 -0300] "GET /cormun/servlet/solicitudotadjuntos?4c174a8c51df7a2f4a8bdf826bc3dd8182b349f675e9b11b9ff1c7180c97511b7f8e8176e4eeda9794baf755942d6515,gx-no-cache=1490888319335 HTTP/1.1" 200 30
186.103.159.44 - - [30/Mar/2017:12:37:38 -0300] "POST /cormun/servlet/solicitudotadjuntos?6fea8fbed4d4d6e64c299db91128c0c1,INS,2017,5828,,1,,gx-no-cache=1490888319424 HTTP/1.1" 200 3635
186.103.157.235 - - [30/Mar/2017:12:37:39 -0300] "GET /cormun/servlet/trrenuncias? HTTP/1.1" 200 6699
186.103.159.44 - - [30/Mar/2017:12:37:43 -0300] "POST /cormun/servlet/solicitudotadjuntos?gx-no-cache=1490888323668 HTTP/1.1" 200 26
186.103.157.235 - - [30/Mar/2017:12:37:44 -0300] "GET /cormun/servlet/renuncias?INS,0, HTTP/1.1" 200 6088
186.103.157.235 - - [30/Mar/2017:12:37:45 -0300] "GET /cormun/static/gxcfg.js?20173291217350 HTTP/1.1" 200 953
186.103.157.235 - - [30/Mar/2017:12:37:46 -0300] "GET /cormun/static/renuncias.js?20173291217362 HTTP/1.1" 200 14101
186.103.157.235 - - [30/Mar/2017:12:37:48 -0300] "GET /cormun/servlet/renuncias?INS,0, HTTP/1.1" 200 6088
186.67.172.234 - - [30/Mar/2017:12:37:48 -0300] "GET /cormun/servlet/solicitudot?096c45e6708c0c27cfc7fe9790f0f8327117c0c65209c044a84f96e8eb61f434064bc68c362f3116db948ba511f26597eaafa40282213996cb6e7daf0909d675fa0f94a66b93b44b9f43c6b43546e767f78a83dd7a48d978130080df0c49f75a2c034519b5903346a13cc98ecee9d007,gx-no-cache=1490888335146 HTTP/1.1" 200 29
186.67.172.234 - - [30/Mar/2017:12:37:48 -0300] "POST /cormun/servlet/solicitudot?gx-no-cache=1490888335189 HTTP/1.1" 200 1274
186.67.172.234 - - [30/Mar/2017:12:37:48 -0300] "POST /cormun/servlet/solicitudot?gx-no-cache=1490888335238 HTTP/1.1" 200 1157
186.67.172.234 - - [30/Mar/2017:12:37:48 -0300] "GET /cormun/servlet/solicitudot?096c45e6708c0c27cfc7fe9790f0f832000ce27a37ceb2a50c7d74f28eb2f2e38d097318c95846eb300a285bc5dd6bdd6e7a169349982c82605612388fab69341ff79e543b9178c59948a5b6ecb973b4a7baf5603484865cd36aecfc5f2b51b3bc90c9f4e77e1e259a95ef3f254164b4cb3d9f2b71b3bd93495df43336c35f926bdcaf9ea0ac61be61e5f5f4cffda82628e3c710c421f64ac2438243b71567325b4d6167b55d21e2383fe82e1460a9ce,gx-no-cache=1490888335304 HTTP/1.1" 200 30
186.67.172.234 - - [30/Mar/2017:12:37:49 -0300] "POST /cormun/servlet/solicitudot?aec8237670a722eaf77b06a6d63b4716,UPD,2017,5820,,gx-no-cache=1490888335616 HTTP/1.1" 200 93
186.67.172.234 - - [30/Mar/2017:12:37:49 -0300] "GET /cormun/servlet/hpexe_return? HTTP/1.1" 200 1012
186.67.172.234 - - [30/Mar/2017:12:37:49 -0300] "GET /cormun/servlet/trsolicitudot HTTP/1.1" 200 8127
192.168.10.13 - - [30/Mar/2017:12:37:50 -0300] "GET / HTTP/1.1" 200 11217
186.67.172.234 - - [30/Mar/2017:12:37:50 -0300] "GET /cormun/servlet/trsolicitudot HTTP/1.1" 200 8123
186.103.156.166 - - [30/Mar/2017:12:37:51 -0300] "GET /cormun/servlet/solicitudot?c6cb3823e5553be92f6e78e61fc4a982c2aa0900f156fed5bc534c1e9a74f0040c24fab733f6c6d0068c18f5d5c49aeda05080e4223d034572f313b710ff16209a9b4a071d13c080e68188cbac27dd1b41020b86f9b81560225a15a94768646a7762cb214e8d2ab7eaf1e179b250258bcef0b916d6f694d8540ae6df7056bbcaa71cb67e255e74e3fbacbc0aecd230b8ee8ebd763cd91cec9cdf46efd204149be9589e105ebe54e40c5757709ebb25f9,gx-no-cache=1490891939879 HTTP/1.1" 200 30
186.103.156.166 - - [30/Mar/2017:12:37:51 -0300] "POST /cormun/servlet/solicitudot?5deca46ab3fcbfb9e8618cf9b6731d0b,INS,0,0,,gx-no-cache=1490891939939 HTTP/1.1" 200 11326
186.67.172.234 - - [30/Mar/2017:12:37:53 -0300] "POST /cormun/servlet/trsolicitudot?aec8237670a722eaf77b06a6d63b4716,gx-no-cache=1490888340176 HTTP/1.1" 200 106
186.67.172.234 - - [30/Mar/2017:12:37:53 -0300] "GET /cormun/servlet/trsolicitudadjuntos?2017,5820, HTTP/1.1" 200 8805
186.67.172.234 - - [30/Mar/2017:12:37:54 -0300] "GET /cormun/servlet/trsolicitudadjuntos?2017,5820, HTTP/1.1" 200 8810
186.103.159.44 - - [30/Mar/2017:12:37:57 -0300] "GET /cormun/servlet/solicitudotadjuntos?4c174a8c51df7a2f4a8bdf826bc3dd81168c73f2bb2fb012557a0518e70f4ac5,gx-no-cache=1490888338193 HTTP/1.1" 200 30
186.103.159.44 - - [30/Mar/2017:12:37:57 -0300] "GET /cormun/servlet/solicitudotadjuntos?4c174a8c51df7a2f4a8bdf826bc3dd81168c73f2bb2fb012557a0518e70f4ac5,gx-no-cache=1490888338238 HTTP/1.1" 200 30
186.67.172.234 - - [30/Mar/2017:12:38:00 -0300] "GET /cormun/servlet/solicitudotadjuntos?INS,2017,5820,,2, HTTP/1.1" 200 6078
186.67.172.234 - - [30/Mar/2017:12:38:00 -0300] "GET /cormun/static/about:blank HTTP/1.1" 404 1011
186.67.172.234 - - [30/Mar/2017:12:38:00 -0300] "GET /cormun/servlet/solicitudotadjuntos?INS,2017,5820,,2, HTTP/1.1" 200 6071
186.67.172.234 - - [30/Mar/2017:12:38:00 -0300] "GET /cormun/servlet/solicitudotadjuntos?096c45e6708c0c27cfc7fe9790f0f83227f4fc7dc74eb3fc9f32eeea4632dbf6fa85a1aa8549f6ab23907e210e147eea,gx-no-cache=1490888347647 HTTP/1.1" 200 30
186.67.172.234 - - [30/Mar/2017:12:38:01 -0300] "POST /cormun/servlet/solicitudotadjuntos?aec8237670a722eaf77b06a6d63b4716,INS,2017,5820,,2,,gx-no-cache=1490888347688 HTTP/1.1" 200 4184
186.103.159.44 - - [30/Mar/2017:12:38:01 -0300] "POST /cormun/servlet/solicitudotadjuntos?6fea8fbed4d4d6e64c299db91128c0c1,INS,2017,5828,,1, HTTP/1.1" 200 116
186.103.159.44 - - [30/Mar/2017:12:38:01 -0300] "GET /cormun/servlet/hpexe_return? HTTP/1.1" 200 1018
186.103.157.235 - - [30/Mar/2017:12:38:03 -0300] "GET /cormun/servlet/renuncias?26846398f32f57b478beb09157dea856117045a0d4eae11f667ef5dd0e8c36a8628996931adcb82c1862e088ba7f622b,gx-no-cache=1490888350267 HTTP/1.1" 200 33
186.103.159.44 - - [30/Mar/2017:12:38:03 -0300] "GET /cormun/servlet/trsolicitudadjuntos?2017,5828, HTTP/1.1" 200 8036
186.103.159.44 - - [30/Mar/2017:12:38:12 -0300] "GET /cormun/servlet/solicitudotadjuntos?INS,2017,5828,,1, HTTP/1.1" 200 5814
186.103.159.44 - - [30/Mar/2017:12:38:12 -0300] "HEAD /cormun/static/about:blank HTTP/1.1" 404 -
186.103.159.44 - - [30/Mar/2017:12:38:14 -0300] "GET /cormun/servlet/solicitudotadjuntos?4c174a8c51df7a2f4a8bdf826bc3dd8182b349f675e9b11b9ff1c7180c97511b7f8e8176e4eeda9794baf755942d6515,gx-no-cache=1490888354603 HTTP/1.1" 200 30
186.103.159.44 - - [30/Mar/2017:12:38:14 -0300] "POST /cormun/servlet/solicitudotadjuntos?6fea8fbed4d4d6e64c299db91128c0c1,INS,2017,5828,,1,,gx-no-cache=1490888354669 HTTP/1.1" 200 3635
186.79.86.180 - - [30/Mar/2017:12:38:15 -0300] "GET /cormun/servlet/hlogin HTTP/1.1" 200 1722
186.79.86.180 - - [30/Mar/2017:12:38:15 -0300] "GET /cormun/static/gxcfg.js?201731711485472 HTTP/1.1" 304 -
186.103.159.44 - - [30/Mar/2017:12:38:17 -0300] "POST /cormun/servlet/solicitudotadjuntos?gx-no-cache=1490888357815 HTTP/1.1" 200 26
186.79.86.180 - - [30/Mar/2017:12:38:17 -0300] "POST /cormun/servlet/hlogin?8cc162def82ca9eb340fd773c7be2811,gx-no-cache=1490888360573 HTTP/1.1" 200 90
186.79.86.180 - - [30/Mar/2017:12:38:17 -0300] "GET /cormun/servlet/hpexe_link HTTP/1.1" 200 952
186.79.86.180 - - [30/Mar/2017:12:38:17 -0300] "GET /cormun/static/gxcfg.js?201731711483381 HTTP/1.1" 304 -
186.79.86.180 - - [30/Mar/2017:12:38:17 -0300] "GET /cormun/servlet/hhome HTTP/1.1" 200 3957
186.103.156.166 - - [30/Mar/2017:12:38:17 -0300] "GET /cormun/static/menuarrow.gif HTTP/1.1" 404 1015
186.79.86.180 - - [30/Mar/2017:12:38:17 -0300] "GET /cormun/static/gxcfg.js?201731711483497 HTTP/1.1" 304 -
186.79.86.180 - - [30/Mar/2017:12:38:18 -0300] "GET /cormun/static/gxui/gxui-all.js HTTP/1.1" 200 107772
186.79.86.180 - - [30/Mar/2017:12:38:18 -0300] "GET /cormun/servlet/hhome HTTP/1.1" 200 3954
186.103.159.44 - - [30/Mar/2017:12:38:22 -0300] "GET /cormun/servlet/solicitudotadjuntos?4c174a8c51df7a2f4a8bdf826bc3dd81168c73f2bb2fb012557a0518e70f4ac5,gx-no-cache=1490888362856 HTTP/1.1" 200 30
186.103.159.44 - - [30/Mar/2017:12:38:22 -0300] "GET /cormun/servlet/solicitudotadjuntos?4c174a8c51df7a2f4a8bdf826bc3dd81168c73f2bb2fb012557a0518e70f4ac5,gx-no-cache=1490888362904 HTTP/1.1" 200 30
186.79.86.180 - - [30/Mar/2017:12:38:23 -0300] "GET /cormun/servlet/trautorizarsolicitud? HTTP/1.1" 200 8578
186.79.86.180 - - [30/Mar/2017:12:38:23 -0300] "GET /cormun/static/gxcfg.js?2017259112829 HTTP/1.1" 200 953
186.79.86.180 - - [30/Mar/2017:12:38:23 -0300] "GET /cormun/static/trautorizarsolicitud.js?2017259113483 HTTP/1.1" 304 -
186.79.86.180 - - [30/Mar/2017:12:38:23 -0300] "GET /cormun/servlet/trautorizarsolicitud? HTTP/1.1" 200 8573
186.103.159.44 - - [30/Mar/2017:12:38:25 -0300] "POST /cormun/servlet/solicitudotadjuntos?6fea8fbed4d4d6e64c299db91128c0c1,INS,2017,5828,,1, HTTP/1.1" 200 116
186.103.159.44 - - [30/Mar/2017:12:38:25 -0300] "GET /cormun/servlet/hpexe_return? HTTP/1.1" 200 1018
186.103.159.44 - - [30/Mar/2017:12:38:26 -0300] "GET /cormun/servlet/trsolicitudadjuntos?2017,5828, HTTP/1.1" 200 8265
186.79.86.180 - - [30/Mar/2017:12:38:30 -0300] "POST /cormun/servlet/trautorizarsolicitud?8cc162def82ca9eb340fd773c7be2811,,gx-no-cache=1490888373044 HTTP/1.1" 200 5421
186.79.86.180 - - [30/Mar/2017:12:38:30 -0300] "GET /cormun/static/Shared/jqueryui/images/ui-bg_highlight-soft_100_c6c2c8_1x100.png HTTP/1.1" 404 1117
186.79.86.180 - - [30/Mar/2017:12:38:30 -0300] "GET /cormun/static/Shared/jqueryui/images/ui-icons_82798d_256x240.png HTTP/1.1" 404 1089
186.79.86.180 - - [30/Mar/2017:12:38:30 -0300] "GET /cormun/static/Shared/jqueryui/images/ui-bg_flat_55_fafafa_40x100.png HTTP/1.1" 404 1097
186.79.86.180 - - [30/Mar/2017:12:38:30 -0300] "GET /cormun/static/Shared/jqueryui/images/ui-icons_8d78a5_256x240.png HTTP/1.1" 404 1089
186.79.86.180 - - [30/Mar/2017:12:38:30 -0300] "POST /cormun/servlet/trautorizarsolicitud?8cc162def82ca9eb340fd773c7be2811,,gx-no-cache=1490888373588 HTTP/1.1" 200 5365
186.103.159.44 - - [30/Mar/2017:12:38:31 -0300] "GET /cormun/servlet/solicitudotadjuntos?INS,2017,5828,,1, HTTP/1.1" 200 5814
186.103.159.44 - - [30/Mar/2017:12:38:33 -0300] "HEAD /cormun/static/about:blank HTTP/1.1" 404 -
186.103.159.44 - - [30/Mar/2017:12:38:35 -0300] "GET /cormun/servlet/solicitudotadjuntos?4c174a8c51df7a2f4a8bdf826bc3dd8182b349f675e9b11b9ff1c7180c97511b7f8e8176e4eeda9794baf755942d6515,gx-no-cache=1490888375517 HTTP/1.1" 200 30
186.103.159.44 - - [30/Mar/2017:12:38:35 -0300] "POST /cormun/servlet/solicitudotadjuntos?6fea8fbed4d4d6e64c299db91128c0c1,INS,2017,5828,,1,,gx-no-cache=1490888375601 HTTP/1.1" 200 3636
186.79.86.180 - - [30/Mar/2017:12:38:35 -0300] "POST /cormun/servlet/trautorizarsolicitud?8cc162def82ca9eb340fd773c7be2811,,gx-no-cache=1490888378171 HTTP/1.1" 200 4320
186.79.86.180 - - [30/Mar/2017:12:38:36 -0300] "POST /cormun/servlet/trautorizarsolicitud?8cc162def82ca9eb340fd773c7be2811,,gx-no-cache=1490888378750 HTTP/1.1" 200 4096
186.103.159.44 - - [30/Mar/2017:12:38:38 -0300] "POST /cormun/servlet/solicitudotadjuntos?gx-no-cache=1490888378728 HTTP/1.1" 200 26
186.103.159.44 - - [30/Mar/2017:12:38:44 -0300] "GET /cormun/servlet/solicitudotadjuntos?4c174a8c51df7a2f4a8bdf826bc3dd81168c73f2bb2fb012557a0518e70f4ac5,gx-no-cache=1490888384800 HTTP/1.1" 200 30
186.103.159.44 - - [30/Mar/2017:12:38:44 -0300] "GET /cormun/servlet/solicitudotadjuntos?4c174a8c51df7a2f4a8bdf826bc3dd81168c73f2bb2fb012557a0518e70f4ac5,gx-no-cache=1490888384840 HTTP/1.1" 200 30
186.103.159.44 - - [30/Mar/2017:12:38:45 -0300] "POST /cormun/servlet/solicitudotadjuntos?6fea8fbed4d4d6e64c299db91128c0c1,INS,2017,5828,,1, HTTP/1.1" 200 116
186.103.159.44 - - [30/Mar/2017:12:38:45 -0300] "GET /cormun/servlet/hpexe_return? HTTP/1.1" 200 1018
186.103.159.44 - - [30/Mar/2017:12:38:46 -0300] "GET /cormun/servlet/trsolicitudadjuntos?2017,5828, HTTP/1.1" 200 8417
192.168.10.13 - - [30/Mar/2017:12:38:50 -0300] "GET / HTTP/1.1" 200 11217
186.103.156.166 - - [30/Mar/2017:12:38:51 -0300] "GET /cormun/servlet/solicitudot?c6cb3823e5553be92f6e78e61fc4a982c2aa0900f156fed5bc534c1e9a74f0040c24fab733f6c6d0068c18f5d5c49aeda05080e4223d034572f313b710ff16209a9b4a071d13c080e68188cbac27dd1b41020b86f9b81560225a15a94768646a7762cb214e8d2ab7eaf1e179b250258bcef0b916d6f694d8540ae6df7056bbcaa71cb67e255e74e3fbacbc0aecd230b8ee8ebd763cd91cec9cdf46efd204149b100ed52faa925e661ec296350c6b04c7,gx-no-cache=1490892000419 HTTP/1.1" 200 30
186.103.156.166 - - [30/Mar/2017:12:38:52 -0300] "POST /cormun/servlet/solicitudot?5deca46ab3fcbfb9e8618cf9b6731d0b,INS,0,0,,gx-no-cache=1490892000503 HTTP/1.1" 200 11370
186.103.159.44 - - [30/Mar/2017:12:38:52 -0300] "GET /cormun/servlet/solicitudotadjuntos?INS,2017,5828,,1, HTTP/1.1" 200 5814
186.103.159.44 - - [30/Mar/2017:12:38:53 -0300] "HEAD /cormun/static/about:blank HTTP/1.1" 404 -
186.103.159.44 - - [30/Mar/2017:12:38:54 -0300] "GET /cormun/servlet/solicitudotadjuntos?4c174a8c51df7a2f4a8bdf826bc3dd8182b349f675e9b11b9ff1c7180c97511b7f8e8176e4eeda9794baf755942d6515,gx-no-cache=1490888395240 HTTP/1.1" 200 30
186.103.159.44 - - [30/Mar/2017:12:38:55 -0300] "POST /cormun/servlet/solicitudotadjuntos?6fea8fbed4d4d6e64c299db91128c0c1,INS,2017,5828,,1,,gx-no-cache=1490888395551 HTTP/1.1" 200 3636
186.103.159.44 - - [30/Mar/2017:12:38:57 -0300] "POST /cormun/servlet/solicitudotadjuntos?gx-no-cache=1490888397785 HTTP/1.1" 200 26
186.103.159.44 - - [30/Mar/2017:12:39:03 -0300] "GET /cormun/servlet/solicitudotadjuntos?4c174a8c51df7a2f4a8bdf826bc3dd81168c73f2bb2fb012557a0518e70f4ac5,gx-no-cache=1490888404192 HTTP/1.1" 200 30
186.103.159.44 - - [30/Mar/2017:12:39:03 -0300] "GET /cormun/servlet/solicitudotadjuntos?4c174a8c51df7a2f4a8bdf826bc3dd81168c73f2bb2fb012557a0518e70f4ac5,gx-no-cache=1490888404228 HTTP/1.1" 200 30
186.103.159.44 - - [30/Mar/2017:12:39:04 -0300] "POST /cormun/servlet/solicitudotadjuntos?6fea8fbed4d4d6e64c299db91128c0c1,INS,2017,5828,,1, HTTP/1.1" 200 116
186.103.159.44 - - [30/Mar/2017:12:39:04 -0300] "GET /cormun/servlet/hpexe_return? HTTP/1.1" 200 1018
186.103.159.44 - - [30/Mar/2017:12:39:05 -0300] "GET /cormun/servlet/trsolicitudadjuntos?2017,5828, HTTP/1.1" 200 8559
186.103.157.235 - - [30/Mar/2017:12:39:06 -0300] "GET /cormun/servlet/renuncias?26846398f32f57b478beb09157dea85616c09df23c1077ff73d067e846a25026325e09c24dfdcc8c65081bf92c882fa8,gx-no-cache=1490888413650 HTTP/1.1" 200 166
186.103.157.235 - - [30/Mar/2017:12:39:06 -0300] "GET /cormun/static/Shared/jqueryui/images/ui-bg_highlight-soft_100_c6c2c8_1x100.png HTTP/1.1" 404 1117
186.103.157.235 - - [30/Mar/2017:12:39:06 -0300] "GET /cormun/static/Shared/jqueryui/images/ui-icons_82798d_256x240.png HTTP/1.1" 404 1089
186.103.157.235 - - [30/Mar/2017:12:39:06 -0300] "GET /cormun/static/Shared/jqueryui/images/ui-bg_flat_55_994d53_40x100.png HTTP/1.1" 404 1097
186.103.157.235 - - [30/Mar/2017:12:39:06 -0300] "GET /cormun/static/Shared/jqueryui/images/ui-icons_ebccce_256x240.png HTTP/1.1" 404 1089
186.67.172.234 - - [30/Mar/2017:12:39:08 -0300] "POST /cormun/servlet/solicitudotadjuntos?aec8237670a722eaf77b06a6d63b4716,INS,2017,5820,,2,,gx-no-cache=1490888414419 HTTP/1.1" 200 93
186.67.172.234 - - [30/Mar/2017:12:39:08 -0300] "GET /cormun/servlet/hpexe_return? HTTP/1.1" 200 1025
186.67.172.234 - - [30/Mar/2017:12:39:08 -0300] "GET /cormun/servlet/trsolicitudadjuntos?2017,5820, HTTP/1.1" 200 8807
186.67.172.234 - - [30/Mar/2017:12:39:09 -0300] "GET /cormun/servlet/trsolicitudadjuntos?2017,5820, HTTP/1.1" 200 8810
186.103.159.44 - - [30/Mar/2017:12:39:11 -0300] "GET /cormun/servlet/solicitudotadjuntos?INS,2017,5828,,1, HTTP/1.1" 200 5814
186.67.172.234 - - [30/Mar/2017:12:39:12 -0300] "GET /cormun/servlet/trsolicitudot? HTTP/1.1" 200 8129
186.103.159.44 - - [30/Mar/2017:12:39:13 -0300] "HEAD /cormun/static/about:blank HTTP/1.1" 404 -
186.67.172.234 - - [30/Mar/2017:12:39:13 -0300] "GET /cormun/servlet/trsolicitudot? HTTP/1.1" 200 8123
186.103.159.44 - - [30/Mar/2017:12:39:14 -0300] "GET /cormun/servlet/solicitudotadjuntos?4c174a8c51df7a2f4a8bdf826bc3dd8182b349f675e9b11b9ff1c7180c97511b7f8e8176e4eeda9794baf755942d6515,gx-no-cache=1490888414812 HTTP/1.1" 200 30
186.103.159.44 - - [30/Mar/2017:12:39:14 -0300] "POST /cormun/servlet/solicitudotadjuntos?6fea8fbed4d4d6e64c299db91128c0c1,INS,2017,5828,,1,,gx-no-cache=1490888414897 HTTP/1.1" 200 3636
186.67.172.234 - - [30/Mar/2017:12:39:17 -0300] "POST /cormun/servlet/trsolicitudot?aec8237670a722eaf77b06a6d63b4716,,gx-no-cache=1490888424071 HTTP/1.1" 200 5240
186.103.157.235 - - [30/Mar/2017:12:39:17 -0300] "GET /cormun/static/Resources/resize.gif HTTP/1.1" 200 77
186.103.157.235 - - [30/Mar/2017:12:39:17 -0300] "GET /cormun/servlet/prcontrato?8183199,,,MD,,gxPopupLevel%3D0%3B HTTP/1.1" 200 5565
186.103.159.44 - - [30/Mar/2017:12:39:17 -0300] "POST /cormun/servlet/solicitudotadjuntos?gx-no-cache=1490888418441 HTTP/1.1" 200 26
186.103.156.166 - - [30/Mar/2017:12:39:18 -0300] "GET /cormun/servlet/solicitudot?c6cb3823e5553be92f6e78e61fc4a982c2aa0900f156fed5bc534c1e9a74f0040c24fab733f6c6d0068c18f5d5c49aeda05080e4223d034572f313b710ff16209a9b4a071d13c080e68188cbac27dd1b41020b86f9b81560225a15a94768646a7762cb214e8d2ab7eaf1e179b250258bcef0b916d6f694d8540ae6df7056bbcaa71cb67e255e74e3fbacbc0aecd230b8ee8ebd763cd91cec9cdf46efd204149b9abbb8c6e6b66168ce07a3b013ae33dd,gx-no-cache=1490892026756 HTTP/1.1" 200 30
186.103.156.166 - - [30/Mar/2017:12:39:18 -0300] "POST /cormun/servlet/solicitudot?5deca46ab3fcbfb9e8618cf9b6731d0b,INS,0,0,,gx-no-cache=1490892026838 HTTP/1.1" 200 11413
186.103.157.235 - - [30/Mar/2017:12:39:18 -0300] "GET /cormun/static/gxcfg.js?201731711504186 HTTP/1.1" 200 953
186.103.157.235 - - [30/Mar/2017:12:39:19 -0300] "GET /cormun/static/menusearch.js?201610171694467 HTTP/1.1" 200 1424
186.103.157.235 - - [30/Mar/2017:12:39:19 -0300] "GET /cormun/static/Resources/PXToolsMenuSearch.png HTTP/1.1" 200 2914
186.103.157.235 - - [30/Mar/2017:12:39:19 -0300] "GET /cormun/static/prcontrato.js?20173171150446 HTTP/1.1" 200 13820
186.103.157.235 - - [30/Mar/2017:12:39:19 -0300] "GET /cormun/static/Resources/PXToolsMenuSearchCancel.png HTTP/1.1" 200 2972
186.103.157.235 - - [30/Mar/2017:12:39:20 -0300] "GET /cormun/static/hmpwkw011.js?201731711483558 HTTP/1.1" 200 1968
186.103.157.235 - - [30/Mar/2017:12:39:22 -0300] "POST /cormun/servlet/acontrolpreferencessavestate?None,MANTILLANCA,true HTTP/1.1" 200 35
186.67.172.234 - - [30/Mar/2017:12:39:25 -0300] "POST /cormun/servlet/trsolicitudot?aec8237670a722eaf77b06a6d63b4716,,gx-no-cache=1490888431932 HTTP/1.1" 200 106
186.67.172.234 - - [30/Mar/2017:12:39:25 -0300] "GET /cormun/servlet/trsolicitudadjuntos?2017,5820, HTTP/1.1" 200 8809
186.67.172.234 - - [30/Mar/2017:12:39:26 -0300] "GET /cormun/servlet/trsolicitudadjuntos?2017,5820, HTTP/1.1" 200 8811
186.103.159.44 - - [30/Mar/2017:12:39:31 -0300] "GET /cormun/servlet/solicitudotadjuntos?4c174a8c51df7a2f4a8bdf826bc3dd81168c73f2bb2fb012557a0518e70f4ac5,gx-no-cache=1490888431845 HTTP/1.1" 200 30
186.103.159.44 - - [30/Mar/2017:12:39:31 -0300] "GET /cormun/servlet/solicitudotadjuntos?4c174a8c51df7a2f4a8bdf826bc3dd81168c73f2bb2fb012557a0518e70f4ac5,gx-no-cache=1490888431897 HTTP/1.1" 200 30
186.103.159.44 - - [30/Mar/2017:12:39:34 -0300] "POST /cormun/servlet/solicitudotadjuntos?6fea8fbed4d4d6e64c299db91128c0c1,INS,2017,5828,,1, HTTP/1.1" 200 116
186.103.159.44 - - [30/Mar/2017:12:39:34 -0300] "GET /cormun/servlet/hpexe_return? HTTP/1.1" 200 1018
186.103.159.44 - - [30/Mar/2017:12:39:34 -0300] "GET /cormun/servlet/trsolicitudadjuntos?2017,5828, HTTP/1.1" 200 8735
186.103.159.44 - - [30/Mar/2017:12:39:41 -0300] "GET /cormun/servlet/solicitudotadjuntos?INS,2017,5828,,1, HTTP/1.1" 200 5814
186.103.159.44 - - [30/Mar/2017:12:39:42 -0300] "HEAD /cormun/static/about:blank HTTP/1.1" 404 -
186.103.159.44 - - [30/Mar/2017:12:39:43 -0300] "GET /cormun/servlet/solicitudotadjuntos?4c174a8c51df7a2f4a8bdf826bc3dd8182b349f675e9b11b9ff1c7180c97511b7f8e8176e4eeda9794baf755942d6515,gx-no-cache=1490888444031 HTTP/1.1" 200 30
186.103.159.44 - - [30/Mar/2017:12:39:43 -0300] "POST /cormun/servlet/solicitudotadjuntos?6fea8fbed4d4d6e64c299db91128c0c1,INS,2017,5828,,1,,gx-no-cache=1490888444146 HTTP/1.1" 200 3636
186.103.159.44 - - [30/Mar/2017:12:39:47 -0300] "POST /cormun/servlet/solicitudotadjuntos?gx-no-cache=1490888447652 HTTP/1.1" 200 26
192.168.10.13 - - [30/Mar/2017:12:39:50 -0300] "GET / HTTP/1.1" 200 11217
186.103.159.44 - - [30/Mar/2017:12:39:51 -0300] "GET /cormun/servlet/solicitudotadjuntos?4c174a8c51df7a2f4a8bdf826bc3dd81168c73f2bb2fb012557a0518e70f4ac5,gx-no-cache=1490888452125 HTTP/1.1" 200 30
186.103.159.44 - - [30/Mar/2017:12:39:51 -0300] "GET /cormun/servlet/solicitudotadjuntos?4c174a8c51df7a2f4a8bdf826bc3dd81168c73f2bb2fb012557a0518e70f4ac5,gx-no-cache=1490888452163 HTTP/1.1" 200 30
186.103.159.44 - - [30/Mar/2017:12:39:52 -0300] "POST /cormun/servlet/solicitudotadjuntos?6fea8fbed4d4d6e64c299db91128c0c1,INS,2017,5828,,1, HTTP/1.1" 200 116
186.103.159.44 - - [30/Mar/2017:12:39:52 -0300] "GET /cormun/servlet/hpexe_return? HTTP/1.1" 200 1018
186.103.159.44 - - [30/Mar/2017:12:39:53 -0300] "GET /cormun/servlet/trsolicitudadjuntos?2017,5828, HTTP/1.1" 200 8974
186.103.156.166 - - [30/Mar/2017:12:40:06 -0300] "POST /cormun/servlet/solicitudot?gx-no-cache=1490892075434 HTTP/1.1" 200 30
186.103.159.44 - - [30/Mar/2017:12:40:09 -0300] "GET /cormun/servlet/solicitudotadjuntos?INS,2017,5828,,2, HTTP/1.1" 200 5813
186.103.159.44 - - [30/Mar/2017:12:40:09 -0300] "HEAD /cormun/static/about:blank HTTP/1.1" 404 -
186.103.159.44 - - [30/Mar/2017:12:40:10 -0300] "GET /cormun/servlet/solicitudotadjuntos?4c174a8c51df7a2f4a8bdf826bc3dd8182b349f675e9b11b9ff1c7180c97511b7f8e8176e4eeda9794baf755942d6515,gx-no-cache=1490888471479 HTTP/1.1" 200 30
186.103.159.44 - - [30/Mar/2017:12:40:11 -0300] "POST /cormun/servlet/solicitudotadjuntos?6fea8fbed4d4d6e64c299db91128c0c1,INS,2017,5828,,2,,gx-no-cache=1490888471613 HTTP/1.1" 200 3846
186.103.156.166 - - [30/Mar/2017:12:40:12 -0300] "POST /cormun/servlet/solicitudot?gx-no-cache=1490892080703 HTTP/1.1" 200 1287
186.103.156.166 - - [30/Mar/2017:12:40:12 -0300] "POST /cormun/servlet/solicitudot?gx-no-cache=1490892080846 HTTP/1.1" 200 38
186.103.156.166 - - [30/Mar/2017:12:40:12 -0300] "POST /cormun/servlet/solicitudot?gx-no-cache=1490892080879 HTTP/1.1" 200 1275
186.103.156.166 - - [30/Mar/2017:12:40:12 -0300] "POST /cormun/servlet/solicitudot?gx-no-cache=1490892080930 HTTP/1.1" 200 1157
186.103.159.44 - - [30/Mar/2017:12:40:14 -0300] "POST /cormun/servlet/solicitudotadjuntos?gx-no-cache=1490888474622 HTTP/1.1" 200 26
186.103.156.166 - - [30/Mar/2017:12:40:14 -0300] "POST /cormun/servlet/solicitudot?gx-no-cache=1490892083209 HTTP/1.1" 200 30
186.103.156.166 - - [30/Mar/2017:12:40:14 -0300] "POST /cormun/servlet/solicitudot?gx-no-cache=1490892083256 HTTP/1.1" 200 1287
186.103.156.166 - - [30/Mar/2017:12:40:14 -0300] "POST /cormun/servlet/solicitudot?gx-no-cache=1490892083348 HTTP/1.1" 200 38
186.103.156.166 - - [30/Mar/2017:12:40:14 -0300] "POST /cormun/servlet/solicitudot?gx-no-cache=1490892083416 HTTP/1.1" 200 1275
186.103.156.166 - - [30/Mar/2017:12:40:14 -0300] "POST /cormun/servlet/solicitudot?gx-no-cache=1490892083480 HTTP/1.1" 200 1157
186.103.159.44 - - [30/Mar/2017:12:40:20 -0300] "GET /cormun/servlet/solicitudotadjuntos?4c174a8c51df7a2f4a8bdf826bc3dd81168c73f2bb2fb012557a0518e70f4ac5,gx-no-cache=1490888480607 HTTP/1.1" 200 30
186.103.159.44 - - [30/Mar/2017:12:40:20 -0300] "GET /cormun/servlet/solicitudotadjuntos?4c174a8c51df7a2f4a8bdf826bc3dd81168c73f2bb2fb012557a0518e70f4ac5,gx-no-cache=1490888480654 HTTP/1.1" 200 30
186.103.159.44 - - [30/Mar/2017:12:40:20 -0300] "POST /cormun/servlet/solicitudotadjuntos?6fea8fbed4d4d6e64c299db91128c0c1,INS,2017,5828,,2, HTTP/1.1" 200 116
186.103.159.44 - - [30/Mar/2017:12:40:20 -0300] "GET /cormun/servlet/hpexe_return? HTTP/1.1" 200 1018
186.103.159.44 - - [30/Mar/2017:12:40:21 -0300] "GET /cormun/servlet/trsolicitudadjuntos?2017,5828, HTTP/1.1" 200 9184
186.103.159.44 - - [30/Mar/2017:12:40:25 -0300] "GET /cormun/servlet/trsolicitudot? HTTP/1.1" 200 8025
186.103.156.166 - - [30/Mar/2017:12:40:26 -0300] "GET /cormun/servlet/solicitudot?c6cb3823e5553be92f6e78e61fc4a982c2aa0900f156fed5bc534c1e9a74f0040c24fab733f6c6d0068c18f5d5c49aeda05080e4223d034572f313b710ff16209a9b4a071d13c080e68188cbac27dd1b41020b86f9b81560225a15a94768646a7762cb214e8d2ab7eaf1e179b250258bcef0b916d6f694d8540ae6df7056bbcaa71cb67e255e74e3fbacbc0aecd230b8ee8ebd763cd91cec9cdf46efd204149b100ed52faa925e661ec296350c6b04c7,gx-no-cache=1490892095086 HTTP/1.1" 200 30
186.103.156.166 - - [30/Mar/2017:12:40:26 -0300] "POST /cormun/servlet/solicitudot?5deca46ab3fcbfb9e8618cf9b6731d0b,INS,0,0,,gx-no-cache=1490892095139 HTTP/1.1" 200 93
186.103.156.166 - - [30/Mar/2017:12:40:26 -0300] "GET /cormun/servlet/hpexe_return? HTTP/1.1" 200 1007
186.103.156.166 - - [30/Mar/2017:12:40:27 -0300] "GET /cormun/servlet/trsolicitudot HTTP/1.1" 200 8673
186.103.156.166 - - [30/Mar/2017:12:40:27 -0300] "GET /cormun/servlet/trsolicitudot HTTP/1.1" 200 8669
186.103.159.44 - - [30/Mar/2017:12:40:32 -0300] "POST /cormun/servlet/trsolicitudot?6fea8fbed4d4d6e64c299db91128c0c1,,gx-no-cache=1490888492533 HTTP/1.1" 200 4178
186.103.159.44 - - [30/Mar/2017:12:40:32 -0300] "POST /cormun/servlet/trsolicitudot?6fea8fbed4d4d6e64c299db91128c0c1,,gx-no-cache=1490888493037 HTTP/1.1" 200 3938
186.103.159.44 - - [30/Mar/2017:12:40:33 -0300] "GET /cormun/static/Shared/jqueryui/images/ui-bg_flat_55_fafafa_40x100.png HTTP/1.1" 404 1097
186.103.159.44 - - [30/Mar/2017:12:40:33 -0300] "GET /cormun/static/Shared/jqueryui/images/ui-icons_8d78a5_256x240.png HTTP/1.1" 404 1089
186.103.159.44 - - [30/Mar/2017:12:40:33 -0300] "GET /cormun/static/Shared/jqueryui/images/ui-bg_highlight-soft_100_c6c2c8_1x100.png HTTP/1.1" 404 1117
186.103.159.44 - - [30/Mar/2017:12:40:33 -0300] "GET /cormun/static/Shared/jqueryui/images/ui-icons_82798d_256x240.png HTTP/1.1" 404 1089
186.103.156.166 - - [30/Mar/2017:12:40:36 -0300] "GET /cormun/servlet/solicitudot?INS,0,0, HTTP/1.1" 200 12756
186.103.156.166 - - [30/Mar/2017:12:40:36 -0300] "GET /cormun/servlet/solicitudot?INS,0,0, HTTP/1.1" 200 12760
186.103.159.44 - - [30/Mar/2017:12:40:38 -0300] "GET /cormun/servlet/hlogin HTTP/1.1" 200 1716
186.103.156.166 - - [30/Mar/2017:12:40:40 -0300] "POST /cormun/servlet/solicitudot?5deca46ab3fcbfb9e8618cf9b6731d0b,INS,0,0,,gx-no-cache=1490892109414 HTTP/1.1" 200 93
186.103.156.166 - - [30/Mar/2017:12:40:40 -0300] "GET /cormun/servlet/hpexe_return? HTTP/1.1" 200 1007
186.103.156.166 - - [30/Mar/2017:12:40:41 -0300] "GET /cormun/servlet/trsolicitudot HTTP/1.1" 200 8673
186.103.156.166 - - [30/Mar/2017:12:40:41 -0300] "GET /cormun/servlet/trsolicitudot HTTP/1.1" 200 8669
192.168.10.13 - - [30/Mar/2017:12:40:50 -0300] "GET / HTTP/1.1" 200 11217
186.103.159.44 - - [30/Mar/2017:12:40:52 -0300] "POST /cormun/servlet/hlogin?6fea8fbed4d4d6e64c299db91128c0c1,gx-no-cache=1490888512681 HTTP/1.1" 200 419
186.103.156.166 - - [30/Mar/2017:12:40:54 -0300] "POST /cormun/servlet/trsolicitudot?5deca46ab3fcbfb9e8618cf9b6731d0b,gx-no-cache=1490892122905 HTTP/1.1" 200 107
186.103.156.166 - - [30/Mar/2017:12:40:54 -0300] "GET /cormun/servlet/trsolicitudadjuntos?2017,5829, HTTP/1.1" 200 6065
186.103.156.166 - - [30/Mar/2017:12:40:54 -0300] "GET /cormun/servlet/trsolicitudadjuntos?2017,5829, HTTP/1.1" 200 6065
186.103.156.166 - - [30/Mar/2017:12:41:01 -0300] "GET /cormun/servlet/solicitudotadjuntos?INS,2017,5829,,1, HTTP/1.1" 200 6004
186.103.156.166 - - [30/Mar/2017:12:41:01 -0300] "GET /cormun/static/about:blank HTTP/1.1" 404 1011
186.103.156.166 - - [30/Mar/2017:12:41:01 -0300] "GET /cormun/servlet/solicitudotadjuntos?INS,2017,5829,,1, HTTP/1.1" 200 5998
186.103.156.166 - - [30/Mar/2017:12:41:01 -0300] "GET /cormun/servlet/solicitudotadjuntos?c6cb3823e5553be92f6e78e61fc4a98240fcbfa57d811fdeda9523247ef4199dffb054eb7e850c5669cdffa05210508f,gx-no-cache=1490892130569 HTTP/1.1" 200 30
186.103.156.166 - - [30/Mar/2017:12:41:02 -0300] "POST /cormun/servlet/solicitudotadjuntos?5deca46ab3fcbfb9e8618cf9b6731d0b,INS,2017,5829,,1,,gx-no-cache=1490892130602 HTTP/1.1" 200 3856
186.103.156.166 - - [30/Mar/2017:12:41:11 -0300] "POST /cormun/servlet/solicitudotadjuntos?gx-no-cache=1490892140310 HTTP/1.1" 200 26
186.103.159.44 - - [30/Mar/2017:12:41:14 -0300] "POST /cormun/servlet/hlogin?6fea8fbed4d4d6e64c299db91128c0c1,gx-no-cache=1490888534980 HTTP/1.1" 200 90
186.103.159.44 - - [30/Mar/2017:12:41:14 -0300] "GET /cormun/servlet/hpexe_link HTTP/1.1" 200 946
186.103.159.44 - - [30/Mar/2017:12:41:15 -0300] "GET /cormun/servlet/hhome HTTP/1.1" 200 3906
186.103.159.44 - - [30/Mar/2017:12:41:19 -0300] "GET /cormun/servlet/trsolicitudot? HTTP/1.1" 200 6873
186.103.156.166 - - [30/Mar/2017:12:41:25 -0300] "GET /cormun/servlet/solicitudotadjuntos?c6cb3823e5553be92f6e78e61fc4a982608dff46128dc798db582af451ae3ff9,gx-no-cache=1490892153729 HTTP/1.1" 200 30
186.103.156.166 - - [30/Mar/2017:12:41:25 -0300] "GET /cormun/servlet/solicitudotadjuntos?c6cb3823e5553be92f6e78e61fc4a982608dff46128dc798db582af451ae3ff9,gx-no-cache=1490892153757 HTTP/1.1" 200 30
186.103.156.166 - - [30/Mar/2017:12:41:26 -0300] "POST /cormun/servlet/solicitudotadjuntos?5deca46ab3fcbfb9e8618cf9b6731d0b,INS,2017,5829,,1, HTTP/1.1" 200 116
186.103.156.166 - - [30/Mar/2017:12:41:26 -0300] "GET /cormun/servlet/hpexe_return? HTTP/1.1" 200 1025
186.103.156.166 - - [30/Mar/2017:12:41:26 -0300] "GET /cormun/servlet/trsolicitudadjuntos?2017,5829, HTTP/1.1" 200 8234
186.103.156.166 - - [30/Mar/2017:12:41:27 -0300] "GET /cormun/servlet/trsolicitudadjuntos?2017,5829, HTTP/1.1" 200 8229
186.103.156.166 - - [30/Mar/2017:12:41:29 -0300] "GET /cormun/servlet/solicitudotadjuntos?INS,2017,5829,,1, HTTP/1.1" 200 6005
186.103.156.166 - - [30/Mar/2017:12:41:30 -0300] "GET /cormun/static/about:blank HTTP/1.1" 404 1011
186.103.156.166 - - [30/Mar/2017:12:41:30 -0300] "GET /cormun/servlet/solicitudotadjuntos?INS,2017,5829,,1, HTTP/1.1" 200 5998
186.103.156.166 - - [30/Mar/2017:12:41:30 -0300] "GET /cormun/servlet/solicitudotadjuntos?c6cb3823e5553be92f6e78e61fc4a98240fcbfa57d811fdeda9523247ef4199dffb054eb7e850c5669cdffa05210508f,gx-no-cache=1490892159315 HTTP/1.1" 200 30
186.103.156.166 - - [30/Mar/2017:12:41:30 -0300] "POST /cormun/servlet/solicitudotadjuntos?5deca46ab3fcbfb9e8618cf9b6731d0b,INS,2017,5829,,1,,gx-no-cache=1490892159350 HTTP/1.1" 200 3856
186.103.159.44 - - [30/Mar/2017:12:41:32 -0300] "GET /cormun/servlet/trsolicitudot? HTTP/1.1" 200 6872
186.103.156.166 - - [30/Mar/2017:12:41:35 -0300] "POST /cormun/servlet/solicitudotadjuntos?gx-no-cache=1490892163964 HTTP/1.1" 200 26
186.103.159.44 - - [30/Mar/2017:12:41:36 -0300] "GET /cormun/servlet/trautorizarsolicitud? HTTP/1.1" 200 8865
186.103.156.166 - - [30/Mar/2017:12:41:38 -0300] "GET /cormun/servlet/solicitudotadjuntos?c6cb3823e5553be92f6e78e61fc4a982608dff46128dc798db582af451ae3ff9,gx-no-cache=1490892166762 HTTP/1.1" 200 30
186.103.156.166 - - [30/Mar/2017:12:41:38 -0300] "GET /cormun/servlet/solicitudotadjuntos?c6cb3823e5553be92f6e78e61fc4a982608dff46128dc798db582af451ae3ff9,gx-no-cache=1490892166841 HTTP/1.1" 200 30
186.103.156.166 - - [30/Mar/2017:12:41:38 -0300] "POST /cormun/servlet/solicitudotadjuntos?5deca46ab3fcbfb9e8618cf9b6731d0b,INS,2017,5829,,1,,gx-no-cache=1490892166920 HTTP/1.1" 200 93
186.103.156.166 - - [30/Mar/2017:12:41:38 -0300] "GET /cormun/servlet/hpexe_return? HTTP/1.1" 200 1025
186.103.156.166 - - [30/Mar/2017:12:41:39 -0300] "GET /cormun/servlet/trsolicitudadjuntos?2017,5829, HTTP/1.1" 200 8358
186.103.156.166 - - [30/Mar/2017:12:41:39 -0300] "GET /cormun/servlet/trsolicitudadjuntos?2017,5829, HTTP/1.1" 200 8355
186.103.156.166 - - [30/Mar/2017:12:41:44 -0300] "GET /cormun/servlet/solicitudotadjuntos?INS,2017,5829,,1, HTTP/1.1" 200 6005
186.103.156.166 - - [30/Mar/2017:12:41:44 -0300] "GET /cormun/static/about:blank HTTP/1.1" 404 1011
186.103.156.166 - - [30/Mar/2017:12:41:44 -0300] "GET /cormun/servlet/trlicenciaspermisosadjuntos?10453079,20170330000000,L, HTTP/1.1" 200 6062
186.103.156.166 - - [30/Mar/2017:12:41:44 -0300] "GET /cormun/servlet/solicitudotadjuntos?INS,2017,5829,,1, HTTP/1.1" 200 5998
186.103.156.166 - - [30/Mar/2017:12:41:44 -0300] "GET /cormun/static/gxcfg.js?20173171154619 HTTP/1.1" 200 953
186.103.156.166 - - [30/Mar/2017:12:41:44 -0300] "GET /cormun/static/trlicenciaspermisosadjuntos.js?20173171154971 HTTP/1.1" 304 -
186.103.156.166 - - [30/Mar/2017:12:41:45 -0300] "GET /cormun/servlet/solicitudotadjuntos?c6cb3823e5553be92f6e78e61fc4a98240fcbfa57d811fdeda9523247ef4199dffb054eb7e850c5669cdffa05210508f,gx-no-cache=1490892173872 HTTP/1.1" 200 30
186.103.156.166 - - [30/Mar/2017:12:41:45 -0300] "GET /cormun/servlet/trlicenciaspermisosadjuntos?10453079,20170330000000,L, HTTP/1.1" 200 6062
186.103.156.166 - - [30/Mar/2017:12:41:45 -0300] "POST /cormun/servlet/solicitudotadjuntos?5deca46ab3fcbfb9e8618cf9b6731d0b,INS,2017,5829,,1,,gx-no-cache=1490892173918 HTTP/1.1" 200 3856
186.103.156.166 - - [30/Mar/2017:12:41:49 -0300] "POST /cormun/servlet/solicitudotadjuntos?gx-no-cache=1490892177994 HTTP/1.1" 200 26
192.168.10.13 - - [30/Mar/2017:12:41:50 -0300] "GET / HTTP/1.1" 200 11217
186.103.156.166 - - [30/Mar/2017:12:42:01 -0300] "GET /cormun/servlet/solicitudotadjuntos?c6cb3823e5553be92f6e78e61fc4a982608dff46128dc798db582af451ae3ff9,gx-no-cache=1490892189770 HTTP/1.1" 200 30
186.103.156.166 - - [30/Mar/2017:12:42:01 -0300] "GET /cormun/servlet/solicitudotadjuntos?c6cb3823e5553be92f6e78e61fc4a982608dff46128dc798db582af451ae3ff9,gx-no-cache=1490892189800 HTTP/1.1" 200 30
186.103.156.166 - - [30/Mar/2017:12:42:02 -0300] "GET /cormun/servlet/licenciaspermisosadjuntos?INS,10453079,L,20170330000000,, HTTP/1.1" 200 5357
186.103.156.166 - - [30/Mar/2017:12:42:02 -0300] "GET /cormun/static/gxcfg.js?201731711421170 HTTP/1.1" 200 953
186.103.156.166 - - [30/Mar/2017:12:42:02 -0300] "GET /cormun/static/licenciaspermisosadjuntos.js?201731711421181 HTTP/1.1" 304 -
186.103.156.166 - - [30/Mar/2017:12:42:02 -0300] "GET /cormun/static/about:blank HTTP/1.1" 404 1011
186.103.156.166 - - [30/Mar/2017:12:42:02 -0300] "GET /cormun/servlet/licenciaspermisosadjuntos?INS,10453079,L,20170330000000,, HTTP/1.1" 200 5347
186.103.156.166 - - [30/Mar/2017:12:42:05 -0300] "POST /cormun/servlet/solicitudotadjuntos?5deca46ab3fcbfb9e8618cf9b6731d0b,INS,2017,5829,,1, HTTP/1.1" 200 6081
186.103.156.166 - - [30/Mar/2017:12:42:05 -0300] "GET /home/sistema/apache-tomcat-7.0.65/webapps/cormun/PrivateTempStorage/upload_00000769.pdf HTTP/1.1" 404 1135
186.103.156.166 - - [30/Mar/2017:12:42:05 -0300] "GET /cormun/static/Shared/jqueryui/images/ui-icons_ebccce_256x240.png HTTP/1.1" 404 1089
186.103.156.166 - - [30/Mar/2017:12:42:05 -0300] "GET /cormun/static/Shared/jqueryui/images/ui-bg_highlight-soft_100_c6c2c8_1x100.png HTTP/1.1" 404 1117
186.103.156.166 - - [30/Mar/2017:12:42:05 -0300] "GET /cormun/static/Shared/jqueryui/images/ui-icons_82798d_256x240.png HTTP/1.1" 404 1089
186.103.156.166 - - [30/Mar/2017:12:42:05 -0300] "GET /cormun/static/Shared/jqueryui/images/ui-bg_flat_55_994d53_40x100.png HTTP/1.1" 404 1097
186.103.156.166 - - [30/Mar/2017:12:42:07 -0300] "GET /cormun/PrivateTempStorage/upload_00000769.pdf HTTP/1.1" 206 1061842
186.103.159.44 - - [30/Mar/2017:12:42:17 -0300] "GET /cormun/servlet/treventos?2017,5828, HTTP/1.1" 200 7368
186.103.159.44 - - [30/Mar/2017:12:42:18 -0300] "GET /cormun/static/gxcfg.js?2016101716195975 HTTP/1.1" 200 953
186.103.159.44 - - [30/Mar/2017:12:42:18 -0300] "GET /cormun/static/treventos.js?201610171620222 HTTP/1.1" 200 16055
186.103.159.44 - - [30/Mar/2017:12:42:40 -0300] "GET /cormun/servlet/trautorizarsolicitud? HTTP/1.1" 200 8865
186.103.156.166 - - [30/Mar/2017:12:42:43 -0300] "POST /cormun/servlet/solicitudotadjuntos?gx-no-cache=1490892231961 HTTP/1.1" 200 26
192.168.10.13 - - [30/Mar/2017:12:42:49 -0300] "GET / HTTP/1.1" 200 11217
186.103.156.166 - - [30/Mar/2017:12:42:52 -0300] "GET /cormun/servlet/solicitudotadjuntos?c6cb3823e5553be92f6e78e61fc4a9829af0f285380bf103507bb6fe8deddea648e517757450f419d9d4289ccf8b262c,gx-no-cache=1490892241283 HTTP/1.1" 200 30
186.103.156.166 - - [30/Mar/2017:12:42:52 -0300] "GET /cormun/servlet/solicitudotadjuntos?c6cb3823e5553be92f6e78e61fc4a98240cfc73efd0ec79ec791f92a9d0543a648e517757450f419d9d4289ccf8b262c,gx-no-cache=1490892241312 HTTP/1.1" 200 30
186.103.159.44 - - [30/Mar/2017:12:42:53 -0300] "POST /cormun/servlet/trautorizarsolicitud?6fea8fbed4d4d6e64c299db91128c0c1,,gx-no-cache=1490888633391 HTTP/1.1" 200 115
186.103.159.44 - - [30/Mar/2017:12:42:53 -0300] "GET /cormun/servlet/solicitudotlog?INS,2017,5559,0,ANU, HTTP/1.1" 200 5697
186.103.159.44 - - [30/Mar/2017:12:42:53 -0300] "GET /cormun/static/gxcfg.js?201731711401563 HTTP/1.1" 200 953
186.103.159.44 - - [30/Mar/2017:12:42:53 -0300] "GET /cormun/static/solicitudotlog.js?201731711401579 HTTP/1.1" 200 8925
186.103.156.166 - - [30/Mar/2017:12:42:54 -0300] "POST /cormun/servlet/solicitudotadjuntos?5deca46ab3fcbfb9e8618cf9b6731d0b,INS,2017,5829,,1, HTTP/1.1" 200 116
186.103.156.166 - - [30/Mar/2017:12:42:54 -0300] "GET /cormun/servlet/hpexe_return? HTTP/1.1" 200 1025
186.103.156.166 - - [30/Mar/2017:12:42:54 -0300] "GET /cormun/servlet/trsolicitudadjuntos?2017,5829, HTTP/1.1" 200 8569
186.103.159.44 - - [30/Mar/2017:12:42:55 -0300] "GET /cormun/servlet/solicitudotlog?4c174a8c51df7a2f4a8bdf826bc3dd818378d7ffb6c1d001d0074161fe4ef89b7e536596bf553197c1583305b208233d9fcba4b02ca89ffeb4c01320e8debb43b78ee572d63fec33dc9327244c68597a36a137c03b7b3566c74639d3021c3f5fa776f1d2844fa6f5829897f9fbfa6b5e60406b1f629ec0c0c49c5cc8ad0e1df3e5b8cdb67ea9701c4e198a96220e5bcf1339be5b7b2dd40cbea2b1f1ea679a73,gx-no-cache=1490888635585 HTTP/1.1" 200 94
186.103.156.166 - - [30/Mar/2017:12:42:55 -0300] "GET /cormun/servlet/trsolicitudadjuntos?2017,5829, HTTP/1.1" 200 8566
186.103.159.44 - - [30/Mar/2017:12:42:56 -0300] "POST /cormun/servlet/solicitudotlog?6fea8fbed4d4d6e64c299db91128c0c1,INS,2017,5559,0,ANU,,gx-no-cache=1490888636716 HTTP/1.1" 200 3728
186.103.159.44 - - [30/Mar/2017:12:42:56 -0300] "GET /cormun/static/Shared/jqueryui/images/ui-icons_ebccce_256x240.png HTTP/1.1" 404 1089
186.103.159.44 - - [30/Mar/2017:12:42:56 -0300] "GET /cormun/static/Shared/jqueryui/images/ui-bg_flat_55_994d53_40x100.png HTTP/1.1" 404 1097
186.103.159.44 - - [30/Mar/2017:12:42:56 -0300] "GET /cormun/static/Shared/jqueryui/images/ui-icons_82798d_256x240.png HTTP/1.1" 404 1089
186.103.159.44 - - [30/Mar/2017:12:42:56 -0300] "GET /cormun/static/Shared/jqueryui/images/ui-bg_highlight-soft_100_c6c2c8_1x100.png HTTP/1.1" 404 1117
186.103.159.44 - - [30/Mar/2017:12:43:00 -0300] "POST /cormun/servlet/solicitudotlog?6fea8fbed4d4d6e64c299db91128c0c1,INS,2017,5559,0,ANU,,gx-no-cache=1490888640762 HTTP/1.1" 200 93
186.103.159.44 - - [30/Mar/2017:12:43:00 -0300] "GET /cormun/servlet/hpexe_return? HTTP/1.1" 200 1020
186.103.159.44 - - [30/Mar/2017:12:43:01 -0300] "GET /cormun/servlet/trautorizarsolicitud HTTP/1.1" 200 8869
186.103.156.166 - - [30/Mar/2017:12:43:08 -0300] "GET /cormun/servlet/solicitudotadjuntos?INS,2017,5829,,1, HTTP/1.1" 200 6005
186.103.156.166 - - [30/Mar/2017:12:43:08 -0300] "GET /cormun/static/about:blank HTTP/1.1" 404 1011
186.103.156.166 - - [30/Mar/2017:12:43:08 -0300] "GET /cormun/servlet/solicitudotadjuntos?INS,2017,5829,,1, HTTP/1.1" 200 5998
186.103.156.166 - - [30/Mar/2017:12:43:09 -0300] "GET /cormun/servlet/solicitudotadjuntos?c6cb3823e5553be92f6e78e61fc4a98240fcbfa57d811fdeda9523247ef4199dffb054eb7e850c5669cdffa05210508f,gx-no-cache=1490892257940 HTTP/1.1" 200 30
