186.79.251.41 - - [30/Mar/2017:11:55:37 -0300] "POST /cormun/servlet/solicitudot?gx-no-cache=1490885804129 HTTP/1.1" 200 38
186.67.172.234 - - [30/Mar/2017:11:55:41 -0300] "POST /cormun/servlet/permisogoce?aec047a0d838c1263c4a1016a3e94ae0,INS,0,,,,gx-no-cache=1490885807152 HTTP/1.1" 200 93
186.67.172.234 - - [30/Mar/2017:11:55:41 -0300] "GET /cormun/servlet/hpexe_return? HTTP/1.1" 200 1012
186.67.172.234 - - [30/Mar/2017:11:55:41 -0300] "GET /cormun/servlet/trpermisosgoce HTTP/1.1" 200 9967
186.67.172.234 - - [30/Mar/2017:11:55:41 -0300] "GET /cormun/servlet/trpermisosgoce HTTP/1.1" 200 9966
186.79.251.41 - - [30/Mar/2017:11:55:45 -0300] "GET /cormun/servlet/solicitudot?5b748aabfa49c8452add40a88006a2cdbb9ef5d7c40c184b043eafcd297d6ec39d14169b291a115125d8d6f505453b66a6a09e2fa8399489296bdfcd206bd98e072f39ea6701df0024233c38beb6394304dc4f3d15c7fe2ca63116aa52a3a335d66f8eff4e907b32bd86c9eaf808ccf7cf9f93c106c23dc08e9c400ff94c657b1e8c87a71acc3c6c3ad33c60d42b1464a0e20dca57bc39eae15c63d1547d1303ded9b4a905feb3e9967cf845c21adf3ce60f27c7c378c8220296c7f4e23324334e650e40726e1e61d7c4a40a5dae4353,gx-no-cache=1490885812655 HTTP/1.1" 200 29
186.79.251.41 - - [30/Mar/2017:11:55:46 -0300] "POST /cormun/servlet/solicitudot?gx-no-cache=1490885813378 HTTP/1.1" 200 641
186.67.172.234 - - [30/Mar/2017:11:55:48 -0300] "GET /cormun/servlet/trpermisosadjuntos?8270662,20170330125019,P, HTTP/1.1" 200 6355
186.79.251.41 - - [30/Mar/2017:11:55:48 -0300] "POST /cormun/servlet/solicitudot?gx-no-cache=1490885815125 HTTP/1.1" 200 1157
186.67.172.234 - - [30/Mar/2017:11:55:48 -0300] "GET /cormun/servlet/trpermisosadjuntos?8270662,20170330125019,P, HTTP/1.1" 200 6356
192.168.10.13 - - [30/Mar/2017:11:55:50 -0300] "GET / HTTP/1.1" 200 11217
186.67.172.234 - - [30/Mar/2017:11:55:51 -0300] "GET /cormun/servlet/permisosadjuntos?INS,8270662,P,20170330125019,, HTTP/1.1" 200 5681
186.67.172.234 - - [30/Mar/2017:11:55:51 -0300] "GET /cormun/static/about:blank HTTP/1.1" 404 1011
186.67.172.234 - - [30/Mar/2017:11:55:51 -0300] "GET /cormun/servlet/permisosadjuntos?INS,8270662,P,20170330125019,, HTTP/1.1" 200 5670
186.67.172.234 - - [30/Mar/2017:11:55:59 -0300] "POST /cormun/servlet/permisosadjuntos?aec047a0d838c1263c4a1016a3e94ae0,INS,8270662,P,20170330125019,, HTTP/1.1" 200 116
186.67.172.234 - - [30/Mar/2017:11:55:59 -0300] "GET /cormun/servlet/hpexe_return? HTTP/1.1" 200 1039
186.67.172.234 - - [30/Mar/2017:11:56:00 -0300] "GET /cormun/servlet/trpermisosadjuntos?8270662,20170330125019,P, HTTP/1.1" 200 6798
186.67.172.234 - - [30/Mar/2017:11:56:00 -0300] "GET /cormun/servlet/trpermisosadjuntos?8270662,20170330125019,P, HTTP/1.1" 200 6794
186.79.251.41 - - [30/Mar/2017:11:56:02 -0300] "GET /cormun/static/menuarrow.gif HTTP/1.1" 404 1015
186.67.172.234 - - [30/Mar/2017:11:56:04 -0300] "POST /cormun/servlet/trpermisosadjuntos?aec047a0d838c1263c4a1016a3e94ae0,8270662,20170330125019,P,,gx-no-cache=1490885830766 HTTP/1.1" 200 90
186.67.172.234 - - [30/Mar/2017:11:56:04 -0300] "GET /cormun/servlet/hpexe_link HTTP/1.1" 200 985
186.67.172.234 - - [30/Mar/2017:11:56:04 -0300] "GET /cormun/servlet/trpermisosgoce HTTP/1.1" 200 9965
186.67.172.234 - - [30/Mar/2017:11:56:05 -0300] "GET /cormun/servlet/trpermisosgoce HTTP/1.1" 200 9966
186.79.251.41 - - [30/Mar/2017:11:56:08 -0300] "GET /cormun/servlet/solicitudot?5b748aabfa49c8452add40a88006a2cd6dfffacd0eefd8f08e56c77471ff689c0586406a960c029f7f9babf53b11e9125024cf526b70b16c10775c58ab7e8c9327872f400a7a87b8645a4420290bd1e9bf7ee383af2961f4604dc24840668b2da99e852653283d2f353493e03508d8f43aea66dc92b27888103eb52ed31b4763295044ee5b5a8f0c32345aa4e2996bb7c4b249d76df01dfbb87a56709299aa5ed27ec2760a5a66c8799899a686b073c3,gx-no-cache=1490885835026 HTTP/1.1" 200 30
186.79.251.41 - - [30/Mar/2017:11:56:16 -0300] "POST /cormun/servlet/solicitudot?74e3fd4927e94e3f7520dcf9ee7f5e11,INS,0,0,,gx-no-cache=1490885842589 HTTP/1.1" 200 93
186.79.251.41 - - [30/Mar/2017:11:56:17 -0300] "GET /cormun/servlet/hpexe_return? HTTP/1.1" 200 1001
186.79.251.41 - - [30/Mar/2017:11:56:17 -0300] "GET /cormun/servlet/trsolicitudot? HTTP/1.1" 200 8923
186.79.251.41 - - [30/Mar/2017:11:56:18 -0300] "GET /cormun/servlet/trsolicitudot? HTTP/1.1" 200 8919
186.67.172.234 - - [30/Mar/2017:11:56:20 -0300] "POST /cormun/servlet/trpermisosgoce?aec047a0d838c1263c4a1016a3e94ae0,gx-no-cache=1490885837224 HTTP/1.1" 200 7264
186.79.251.41 - - [30/Mar/2017:11:56:24 -0300] "POST /cormun/servlet/trsolicitudot?74e3fd4927e94e3f7520dcf9ee7f5e11,,gx-no-cache=1490885849873 HTTP/1.1" 200 5738
186.79.251.41 - - [30/Mar/2017:11:56:24 -0300] "GET /cormun/static/Shared/jqueryui/images/ui-bg_highlight-soft_100_c6c2c8_1x100.png HTTP/1.1" 404 1117
186.79.251.41 - - [30/Mar/2017:11:56:24 -0300] "GET /cormun/static/Shared/jqueryui/images/ui-icons_82798d_256x240.png HTTP/1.1" 404 1089
186.79.251.41 - - [30/Mar/2017:11:56:24 -0300] "GET /cormun/static/Shared/jqueryui/images/ui-bg_flat_55_fafafa_40x100.png HTTP/1.1" 404 1097
186.79.251.41 - - [30/Mar/2017:11:56:24 -0300] "GET /cormun/static/Shared/jqueryui/images/ui-icons_8d78a5_256x240.png HTTP/1.1" 404 1089
186.79.251.41 - - [30/Mar/2017:11:56:25 -0300] "POST /cormun/servlet/trsolicitudot?74e3fd4927e94e3f7520dcf9ee7f5e11,,gx-no-cache=1490885851836 HTTP/1.1" 200 5679
186.67.172.234 - - [30/Mar/2017:11:56:31 -0300] "GET /cormun/servlet/trautorizarpermisogoce? HTTP/1.1" 200 7573
186.67.172.234 - - [30/Mar/2017:11:56:31 -0300] "GET /cormun/static/gxcfg.js?201731711543713 HTTP/1.1" 304 -
186.67.172.234 - - [30/Mar/2017:11:56:31 -0300] "GET /cormun/servlet/trautorizarpermisogoce? HTTP/1.1" 200 7573
192.168.10.13 - - [30/Mar/2017:11:56:50 -0300] "GET / HTTP/1.1" 200 11217
186.79.251.41 - - [30/Mar/2017:11:57:13 -0300] "GET /cormun/servlet/hlogin HTTP/1.1" 200 1716
186.79.251.41 - - [30/Mar/2017:11:57:16 -0300] "POST /cormun/servlet/hlogin?77e04baf9957dfc460dc9a774b5a5c68,gx-no-cache=1490885902683 HTTP/1.1" 200 90
186.79.251.41 - - [30/Mar/2017:11:57:16 -0300] "GET /cormun/servlet/hpexe_link HTTP/1.1" 200 946
186.79.251.41 - - [30/Mar/2017:11:57:16 -0300] "GET /cormun/servlet/hhome HTTP/1.1" 200 3986
186.79.251.41 - - [30/Mar/2017:11:57:17 -0300] "GET /cormun/servlet/hhome HTTP/1.1" 200 3981
192.168.10.13 - - [30/Mar/2017:11:57:50 -0300] "GET / HTTP/1.1" 200 11217
186.79.251.41 - - [30/Mar/2017:11:58:18 -0300] "GET /cormun/servlet/trautorizarsolicitud? HTTP/1.1" 200 10891
186.79.251.41 - - [30/Mar/2017:11:58:18 -0300] "GET /cormun/static/Resources/Spanish/PXTools.css?18365030 HTTP/1.1" 304 -
186.79.251.41 - - [30/Mar/2017:11:58:18 -0300] "GET /cormun/static/gxcfg.js?2017259112829 HTTP/1.1" 200 953
186.79.251.41 - - [30/Mar/2017:11:58:18 -0300] "GET /cormun/static/trautorizarsolicitud.js?2017259113483 HTTP/1.1" 304 -
186.79.251.41 - - [30/Mar/2017:11:58:19 -0300] "GET /cormun/servlet/trautorizarsolicitud? HTTP/1.1" 200 10890
186.79.251.41 - - [30/Mar/2017:11:58:41 -0300] "POST /cormun/servlet/trautorizarsolicitud?77e04baf9957dfc460dc9a774b5a5c68,,gx-no-cache=1490885987113 HTTP/1.1" 200 7755
186.79.251.41 - - [30/Mar/2017:11:58:41 -0300] "GET /cormun/static/Shared/jqueryui/images/ui-bg_highlight-soft_100_c6c2c8_1x100.png HTTP/1.1" 404 1117
186.79.251.41 - - [30/Mar/2017:11:58:41 -0300] "GET /cormun/static/Shared/jqueryui/images/ui-icons_82798d_256x240.png HTTP/1.1" 404 1089
186.79.251.41 - - [30/Mar/2017:11:58:41 -0300] "GET /cormun/static/Shared/jqueryui/images/ui-bg_flat_55_fafafa_40x100.png HTTP/1.1" 404 1097
186.79.251.41 - - [30/Mar/2017:11:58:41 -0300] "GET /cormun/static/Shared/jqueryui/images/ui-icons_8d78a5_256x240.png HTTP/1.1" 404 1089
186.79.251.41 - - [30/Mar/2017:11:58:41 -0300] "POST /cormun/servlet/trautorizarsolicitud?77e04baf9957dfc460dc9a774b5a5c68,,gx-no-cache=1490885988033 HTTP/1.1" 200 7700
186.79.251.41 - - [30/Mar/2017:11:58:47 -0300] "POST /cormun/servlet/trautorizarsolicitud?77e04baf9957dfc460dc9a774b5a5c68,,gx-no-cache=1490885993477 HTTP/1.1" 200 7470
186.79.251.41 - - [30/Mar/2017:11:58:48 -0300] "POST /cormun/servlet/trautorizarsolicitud?77e04baf9957dfc460dc9a774b5a5c68,,gx-no-cache=1490885994360 HTTP/1.1" 200 7415
192.168.10.13 - - [30/Mar/2017:11:58:50 -0300] "GET / HTTP/1.1" 200 11217
186.79.251.41 - - [30/Mar/2017:11:58:59 -0300] "POST /cormun/servlet/trautorizarsolicitud?77e04baf9957dfc460dc9a774b5a5c68,,gx-no-cache=1490886005797 HTTP/1.1" 200 7048
186.79.251.41 - - [30/Mar/2017:11:59:00 -0300] "POST /cormun/servlet/trautorizarsolicitud?77e04baf9957dfc460dc9a774b5a5c68,,gx-no-cache=1490886006671 HTTP/1.1" 200 6979
186.79.251.41 - - [30/Mar/2017:11:59:13 -0300] "POST /cormun/servlet/trautorizarsolicitud?77e04baf9957dfc460dc9a774b5a5c68,,gx-no-cache=1490886020155 HTTP/1.1" 200 6734
186.79.251.41 - - [30/Mar/2017:11:59:14 -0300] "POST /cormun/servlet/trautorizarsolicitud?77e04baf9957dfc460dc9a774b5a5c68,,gx-no-cache=1490886020939 HTTP/1.1" 200 6679
192.168.10.13 - - [30/Mar/2017:11:59:50 -0300] "GET / HTTP/1.1" 200 11217
186.79.251.41 - - [30/Mar/2017:11:59:58 -0300] "POST /cormun/servlet/trautorizarsolicitud?77e04baf9957dfc460dc9a774b5a5c68,,gx-no-cache=1490886064080 HTTP/1.1" 200 115
186.79.251.41 - - [30/Mar/2017:11:59:58 -0300] "GET /cormun/servlet/solicitudotlog?INS,2017,5815,0,REC, HTTP/1.1" 200 5768
186.79.251.41 - - [30/Mar/2017:11:59:58 -0300] "GET /cormun/static/gxcfg.js?201731711401563 HTTP/1.1" 200 953
186.79.251.41 - - [30/Mar/2017:11:59:58 -0300] "GET /cormun/static/solicitudotlog.js?201731711401579 HTTP/1.1" 200 8925
186.79.251.41 - - [30/Mar/2017:11:59:58 -0300] "GET /cormun/servlet/solicitudotlog?INS,2017,5815,0,REC, HTTP/1.1" 200 5768
186.79.251.41 - - [30/Mar/2017:11:59:59 -0300] "GET /cormun/servlet/solicitudotlog?fd040eb6fdc973d865b151caa0f6cef4a217982ffe1cdc5a6741ebf6d59ca7aa71603def655ae12ab6d8d563ed4b7c68a37afe02d5156c18ea7196bf942ddbf6581326a9039e6b2799d2e7258134be6624bb951fb9aedf899b1158444d348316bd9f42ce5eadbdf6f6ddb6e46281c1a190b249d3f87adf1196ca4241903c28fd5555e3cc08ba2751b7889200a9e6ec84077fb93a3a222ee30d1232af4bac423c,gx-no-cache=1490886066105 HTTP/1.1" 200 94
186.79.251.41 - - [30/Mar/2017:12:00:11 -0300] "POST /cormun/servlet/solicitudotlog?77e04baf9957dfc460dc9a774b5a5c68,INS,2017,5815,0,REC,,gx-no-cache=1490886078037 HTTP/1.1" 200 93
186.79.251.41 - - [30/Mar/2017:12:00:11 -0300] "GET /cormun/servlet/hpexe_return? HTTP/1.1" 200 1022
186.79.251.41 - - [30/Mar/2017:12:00:11 -0300] "GET /cormun/static/gxcfg.js?2016101716175148 HTTP/1.1" 200 953
186.79.251.41 - - [30/Mar/2017:12:00:11 -0300] "GET /cormun/static/hpexe_return.js?2016101716175153 HTTP/1.1" 200 1633
186.79.251.41 - - [30/Mar/2017:12:00:11 -0300] "GET /cormun/static/Resources/Spanish/PXTools.css?167811 HTTP/1.1" 200 89042
186.79.251.41 - - [30/Mar/2017:12:00:12 -0300] "GET /cormun/servlet/trautorizarsolicitud? HTTP/1.1" 200 9223
186.79.251.41 - - [30/Mar/2017:12:00:12 -0300] "GET /cormun/servlet/trautorizarsolicitud? HTTP/1.1" 200 9219
186.79.251.41 - - [30/Mar/2017:12:00:20 -0300] "POST /cormun/servlet/trautorizarsolicitud?77e04baf9957dfc460dc9a774b5a5c68,,gx-no-cache=1490886086799 HTTP/1.1" 200 6174
186.79.251.41 - - [30/Mar/2017:12:00:20 -0300] "GET /cormun/static/Shared/jqueryui/images/ui-bg_highlight-soft_100_c6c2c8_1x100.png HTTP/1.1" 404 1117
186.79.251.41 - - [30/Mar/2017:12:00:20 -0300] "GET /cormun/static/Shared/jqueryui/images/ui-icons_82798d_256x240.png HTTP/1.1" 404 1089
186.79.251.41 - - [30/Mar/2017:12:00:20 -0300] "GET /cormun/static/Shared/jqueryui/images/ui-bg_flat_55_fafafa_40x100.png HTTP/1.1" 404 1097
186.79.251.41 - - [30/Mar/2017:12:00:20 -0300] "GET /cormun/static/Shared/jqueryui/images/ui-icons_8d78a5_256x240.png HTTP/1.1" 404 1089
186.79.251.41 - - [30/Mar/2017:12:00:21 -0300] "POST /cormun/servlet/trautorizarsolicitud?77e04baf9957dfc460dc9a774b5a5c68,,gx-no-cache=1490886087419 HTTP/1.1" 200 6118
186.79.251.41 - - [30/Mar/2017:12:00:24 -0300] "POST /cormun/servlet/trautorizarsolicitud?77e04baf9957dfc460dc9a774b5a5c68,,gx-no-cache=1490886091252 HTTP/1.1" 200 5781
186.79.251.41 - - [30/Mar/2017:12:00:25 -0300] "POST /cormun/servlet/trautorizarsolicitud?77e04baf9957dfc460dc9a774b5a5c68,,gx-no-cache=1490886091874 HTTP/1.1" 200 5727
186.79.251.41 - - [30/Mar/2017:12:00:48 -0300] "POST /cormun/servlet/trautorizarsolicitud?77e04baf9957dfc460dc9a774b5a5c68,,gx-no-cache=1490886114537 HTTP/1.1" 200 115
186.79.251.41 - - [30/Mar/2017:12:00:48 -0300] "GET /cormun/servlet/solicitudotlog?INS,2017,5800,0,REC, HTTP/1.1" 200 5769
186.79.251.41 - - [30/Mar/2017:12:00:48 -0300] "GET /cormun/servlet/solicitudotlog?INS,2017,5800,0,REC, HTTP/1.1" 200 5769
186.79.251.41 - - [30/Mar/2017:12:00:49 -0300] "GET /cormun/servlet/solicitudotlog?fd040eb6fdc973d865b151caa0f6cef467a9fb8eeeaec6d2d53a462c0001eb4f71603def655ae12ab6d8d563ed4b7c68a37afe02d5156c18ea7196bf942ddbf6581326a9039e6b2799d2e7258134be6624bb951fb9aedf899b1158444d348316bd9f42ce5eadbdf6f6ddb6e46281c1a190b249d3f87adf1196ca4241903c28fd5555e3cc08ba2751b7889200a9e6ec84077fb93a3a222ee30d1232af4bac423c,gx-no-cache=1490886116158 HTTP/1.1" 200 94
192.168.10.13 - - [30/Mar/2017:12:00:50 -0300] "GET / HTTP/1.1" 200 11217
46.174.191.32 - - [30/Mar/2017:12:01:05 -0300] "GET / HTTP/1.0" 200 11197
186.79.251.41 - - [30/Mar/2017:12:01:07 -0300] "POST /cormun/servlet/solicitudotlog?77e04baf9957dfc460dc9a774b5a5c68,INS,2017,5800,0,REC,,gx-no-cache=1490886134214 HTTP/1.1" 200 93
186.79.251.41 - - [30/Mar/2017:12:01:07 -0300] "GET /cormun/servlet/hpexe_return? HTTP/1.1" 200 1022
186.79.251.41 - - [30/Mar/2017:12:01:08 -0300] "GET /cormun/servlet/trautorizarsolicitud? HTTP/1.1" 200 8184
186.79.251.41 - - [30/Mar/2017:12:01:08 -0300] "GET /cormun/servlet/trautorizarsolicitud? HTTP/1.1" 200 8180
186.79.251.41 - - [30/Mar/2017:12:01:14 -0300] "POST /cormun/servlet/trautorizarsolicitud?77e04baf9957dfc460dc9a774b5a5c68,,gx-no-cache=1490886140490 HTTP/1.1" 200 4331
186.79.251.41 - - [30/Mar/2017:12:01:14 -0300] "GET /cormun/static/Shared/jqueryui/images/ui-bg_highlight-soft_100_c6c2c8_1x100.png HTTP/1.1" 404 1117
186.79.251.41 - - [30/Mar/2017:12:01:14 -0300] "GET /cormun/static/Shared/jqueryui/images/ui-icons_82798d_256x240.png HTTP/1.1" 404 1089
186.79.251.41 - - [30/Mar/2017:12:01:14 -0300] "GET /cormun/static/Shared/jqueryui/images/ui-bg_flat_55_fafafa_40x100.png HTTP/1.1" 404 1097
186.79.251.41 - - [30/Mar/2017:12:01:14 -0300] "GET /cormun/static/Shared/jqueryui/images/ui-icons_8d78a5_256x240.png HTTP/1.1" 404 1089
186.79.251.41 - - [30/Mar/2017:12:01:14 -0300] "POST /cormun/servlet/trautorizarsolicitud?77e04baf9957dfc460dc9a774b5a5c68,,gx-no-cache=1490886140954 HTTP/1.1" 200 4109
186.79.251.41 - - [30/Mar/2017:12:01:40 -0300] "POST /cormun/servlet/trsolicitudot?74e3fd4927e94e3f7520dcf9ee7f5e11,,gx-no-cache=1490886165724 HTTP/1.1" 200 3965
186.79.251.41 - - [30/Mar/2017:12:01:47 -0300] "POST /cormun/servlet/trsolicitudot?74e3fd4927e94e3f7520dcf9ee7f5e11,,gx-no-cache=1490886174338 HTTP/1.1" 200 3965
192.168.10.13 - - [30/Mar/2017:12:01:50 -0300] "GET / HTTP/1.1" 200 11217
186.79.251.41 - - [30/Mar/2017:12:01:53 -0300] "POST /cormun/servlet/trsolicitudot?74e3fd4927e94e3f7520dcf9ee7f5e11,,gx-no-cache=1490886179688 HTTP/1.1" 200 7099
186.103.156.166 - - [30/Mar/2017:12:01:59 -0300] "GET /cormun/servlet/hlogin HTTP/1.1" 200 1728
186.103.156.166 - - [30/Mar/2017:12:01:59 -0300] "GET /cormun/static/gxcfg.js?201731711485472 HTTP/1.1" 304 -
186.103.156.166 - - [30/Mar/2017:12:02:09 -0300] "POST /cormun/servlet/hlogin?8696f49596c096b577e8225806acea69,gx-no-cache=1490889797922 HTTP/1.1" 200 90
186.103.156.166 - - [30/Mar/2017:12:02:09 -0300] "GET /cormun/servlet/hpexe_link HTTP/1.1" 200 957
186.103.156.166 - - [30/Mar/2017:12:02:09 -0300] "GET /cormun/static/gxcfg.js?201731711483381 HTTP/1.1" 304 -
186.103.156.166 - - [30/Mar/2017:12:02:09 -0300] "GET /cormun/servlet/hhome HTTP/1.1" 200 3967
186.103.156.166 - - [30/Mar/2017:12:02:09 -0300] "GET /cormun/static/gxcfg.js?201731711483497 HTTP/1.1" 304 -
186.103.156.166 - - [30/Mar/2017:12:02:10 -0300] "GET /cormun/servlet/hhome HTTP/1.1" 200 3964
186.103.156.166 - - [30/Mar/2017:12:02:21 -0300] "GET /cormun/servlet/trsolicitudot? HTTP/1.1" 200 8244
186.103.156.166 - - [30/Mar/2017:12:02:21 -0300] "GET /cormun/static/gxcfg.js?201731711505139 HTTP/1.1" 304 -
186.103.156.166 - - [30/Mar/2017:12:02:21 -0300] "GET /cormun/servlet/trsolicitudot? HTTP/1.1" 200 8242
186.79.251.41 - - [30/Mar/2017:12:02:25 -0300] "POST /cormun/servlet/trsolicitudot?74e3fd4927e94e3f7520dcf9ee7f5e11,,gx-no-cache=1490886208491 HTTP/1.1" 200 3965
186.103.156.166 - - [30/Mar/2017:12:02:30 -0300] "GET /cormun/servlet/solicitudot?INS,0,0, HTTP/1.1" 200 12758
186.103.156.166 - - [30/Mar/2017:12:02:30 -0300] "GET /cormun/static/gxcfg.js?20171191042720 HTTP/1.1" 304 -
186.103.156.166 - - [30/Mar/2017:12:02:31 -0300] "GET /cormun/servlet/solicitudot?INS,0,0, HTTP/1.1" 200 12763
186.79.251.41 - - [30/Mar/2017:12:02:31 -0300] "POST /cormun/servlet/trsolicitudot?74e3fd4927e94e3f7520dcf9ee7f5e11,,gx-no-cache=1490886218456 HTTP/1.1" 200 6472
186.79.251.41 - - [30/Mar/2017:12:02:41 -0300] "POST /cormun/servlet/trsolicitudot?74e3fd4927e94e3f7520dcf9ee7f5e11,,gx-no-cache=1490886226720 HTTP/1.1" 200 105
186.79.251.41 - - [30/Mar/2017:12:02:43 -0300] "GET /cormun/servlet/solicitudot?UPD,2017,5800, HTTP/1.1" 200 14304
186.79.251.41 - - [30/Mar/2017:12:02:49 -0300] "GET /cormun/servlet/solicitudot?UPD,2017,5800, HTTP/1.1" 200 14313
192.168.10.13 - - [30/Mar/2017:12:02:50 -0300] "GET / HTTP/1.1" 200 11217
186.79.251.41 - - [30/Mar/2017:12:02:52 -0300] "POST /cormun/servlet/solicitudot?gx-no-cache=1490886236838 HTTP/1.1" 200 3163
186.79.251.41 - - [30/Mar/2017:12:02:53 -0300] "POST /cormun/servlet/solicitudot?74e3fd4927e94e3f7520dcf9ee7f5e11,UPD,2017,5800,,gx-no-cache=1490886240288 HTTP/1.1" 200 10869
186.79.251.41 - - [30/Mar/2017:12:02:54 -0300] "GET /cormun/servlet/solicitudot?5b748aabfa49c8452add40a88006a2cd9dbd267125079b4e1ae830640d5329590733628c9abb03d613369cc0c6451351,gx-no-cache=1490886241347 HTTP/1.1" 200 30
186.79.251.41 - - [30/Mar/2017:12:02:55 -0300] "POST /cormun/servlet/solicitudot?gx-no-cache=1490886242058 HTTP/1.1" 200 256
186.79.251.41 - - [30/Mar/2017:12:02:56 -0300] "GET /cormun/servlet/solicitudot?5b748aabfa49c8452add40a88006a2cd08fc93aeb8b696470b6e2244d1922b7c2f7d6741129a8d3cc6e9c7312e08e9683a8a605f4f4164a09cd8618d796b4a613a6e94bf7ce21928f28e5a1789dc9a8070bd2c61065a778513fb72c77957359082dfd1b0bc4f07178f8c3065ffa5be440722e9963fdf05a3ce20f782a322299dc5ed668a694f6b828258d6fa73859c7259e0852b5434c65f82efae87c5cdf5e045017d1db8fcb3f016452125498f14e13c7fb776c381dbdbbdf36e8a6267ae4e18770bcb3ef732a7b2ade57d149cf1e517458353bc52834948d64d73b926989df9a8edcceb60c3ec37c9593a611fc9ce6ab80f17772686013d2d08ea198b7606dba37540daf45640250f79c3c9c923144ed7dc0399837387c89f8780db36ae8ab4445fd36cf2a7113345776eae65c9ab973dfc9e74626b9376e2905564e711031ad73caac952060a2adb97b5d56728fe80cbe2a88c4544de827665989b299200cd52288a38c89d89f6b51b7e92da2fa5b2ed7983a723db045ff135398a23fa68,gx-no-cache=1490886243010 HTTP/1.1" 200 30
186.79.251.41 - - [30/Mar/2017:12:02:57 -0300] "POST /cormun/servlet/solicitudot?gx-no-cache=1490886244058 HTTP/1.1" 200 30
186.79.251.41 - - [30/Mar/2017:12:02:58 -0300] "POST /cormun/servlet/solicitudot?gx-no-cache=1490886245165 HTTP/1.1" 200 1292
186.79.251.41 - - [30/Mar/2017:12:02:59 -0300] "POST /cormun/servlet/solicitudot?gx-no-cache=1490886246424 HTTP/1.1" 200 41
186.103.156.166 - - [30/Mar/2017:12:03:03 -0300] "POST /cormun/servlet/solicitudot?gx-no-cache=1490889851824 HTTP/1.1" 200 3142
186.103.156.166 - - [30/Mar/2017:12:03:04 -0300] "POST /cormun/servlet/solicitudot?8696f49596c096b577e8225806acea69,INS,0,0,,gx-no-cache=1490889852002 HTTP/1.1" 200 9921
186.103.156.166 - - [30/Mar/2017:12:03:09 -0300] "GET /cormun/servlet/solicitudot?504710846e9e7cc74f510b6d9aa3ae5e5847e0fdce4ff2443a0ea53394a803edf5f954a9ba3551d84e68f58cc66c85bc,gx-no-cache=1490889857657 HTTP/1.1" 200 30
200.111.191.210 - - [30/Mar/2017:12:03:40 -0300] "GET /cormun/servlet/trsolicitudot? HTTP/1.1" 200 23118
200.111.191.210 - - [30/Mar/2017:12:03:41 -0300] "GET /cormun/servlet/trsolicitudot? HTTP/1.1" 200 23118
200.111.191.210 - - [30/Mar/2017:12:03:43 -0300] "GET /cormun/servlet/solicitudot?INS,0,0, HTTP/1.1" 200 12542
200.111.191.210 - - [30/Mar/2017:12:03:44 -0300] "GET /cormun/servlet/solicitudot?INS,0,0, HTTP/1.1" 200 12546
192.168.10.13 - - [30/Mar/2017:12:03:50 -0300] "GET / HTTP/1.1" 200 11217
186.103.156.166 - - [30/Mar/2017:12:04:09 -0300] "POST /cormun/servlet/solicitudot?gx-no-cache=1490889918088 HTTP/1.1" 200 255
186.103.156.166 - - [30/Mar/2017:12:04:10 -0300] "GET /cormun/servlet/solicitudot?504710846e9e7cc74f510b6d9aa3ae5ea7704b3d3aae7d048d46e5077cd8fe39ccc2388d674d4c4f229b072e435550aaff188a2fccd2191d72e4d78ff48b5394d6e8487fb8ab09e303a35c617940e166576d2ea74083023c2f53144ca96e99926b31dca4c9f24b2dde63ecc978382fe9e7b37c2e2ad4594e98195a5f4e4f03b5459403dfb79ab220b14b116c388bb0ae99339e53d45994782c4aa361656ac2f92f618ede76aac525af8d9f759b82bb395bd914c00d2c2927f08ab7ae6cc6a8156328cec70f07fb10fa547597bfd8c76e499b4251ff2846ca9029cff0d846bfdb6c9633aad83e62babe30e24bce856dd352fa4d4a1b3d084ca3ed98cae7af42b0fa6df2302ee5edcb4c903c3f33e45273ecdd62f8b18f4c0efbebadd0623a0e2da1a9a9bf4d995b9b5614a1df8f85e5188929af6ac3014056002f3ee93a0845bd8dd800d37c4aaa7c4ea3d5b5064e11c7224fce158b12577437aaa38b8c9fb283ca6bce4ae694a1af9ea7042456575f47772fe35f4c68deb32896e93896e51055,gx-no-cache=1490889918177 HTTP/1.1" 200 30
186.103.156.166 - - [30/Mar/2017:12:04:13 -0300] "POST /cormun/servlet/solicitudot?gx-no-cache=1490889921929 HTTP/1.1" 200 30
186.103.156.166 - - [30/Mar/2017:12:04:17 -0300] "POST /cormun/servlet/solicitudot?gx-no-cache=1490889925682 HTTP/1.1" 200 235
186.103.156.166 - - [30/Mar/2017:12:04:17 -0300] "POST /cormun/servlet/solicitudot?gx-no-cache=1490889925799 HTTP/1.1" 200 38
200.111.191.210 - - [30/Mar/2017:12:04:27 -0300] "POST /cormun/servlet/solicitudot?gx-no-cache=1490889840523 HTTP/1.1" 200 3081
200.111.191.210 - - [30/Mar/2017:12:04:27 -0300] "POST /cormun/servlet/solicitudot?80ed0bd0e5528314cc1ebfc40727d3e3,INS,0,0,,gx-no-cache=1490889840645 HTTP/1.1" 200 9671
186.103.156.166 - - [30/Mar/2017:12:04:28 -0300] "GET /cormun/servlet/solicitudot?504710846e9e7cc74f510b6d9aa3ae5e5f27df3a281c3a5b2de7511a6d7c81a0b23da907497bdfa8f36facb6a2f0acb5a9555827e28809e374005a1bf480bca8e7dc79a810892058be7e0e291c0df8ca7bcbb76df09b3b9e7b1d285adc3216313a919394c8fd44ce4b7e6e63e885e92f53e4f9498a515e77afd5b89663c1a4d69644350a12f868352882558064934ebaf00eddb664a78290a8e508a407ae891c,gx-no-cache=1490889937209 HTTP/1.1" 200 29
200.111.191.210 - - [30/Mar/2017:12:04:30 -0300] "GET /cormun/servlet/solicitudot?a6522e4e7792b03207bee6238c8fdee4ed76aeecb545c2ed3321f3156014453212d9b483552fb88c325b8b638a683567,gx-no-cache=1490889843598 HTTP/1.1" 200 30
186.103.156.166 - - [30/Mar/2017:12:04:35 -0300] "POST /cormun/servlet/solicitudot?gx-no-cache=1490889943410 HTTP/1.1" 200 643
186.103.156.166 - - [30/Mar/2017:12:04:35 -0300] "POST /cormun/servlet/solicitudot?gx-no-cache=1490889943491 HTTP/1.1" 200 518
192.168.10.13 - - [30/Mar/2017:12:04:50 -0300] "GET / HTTP/1.1" 200 11217
186.79.251.41 - - [30/Mar/2017:12:05:00 -0300] "GET /cormun/servlet/solicitudot?5b748aabfa49c8452add40a88006a2cd722790808b11aa84f631ac60eb1f78ad4d71aea5f54a055efb3c8326576ada602512d4dffb2ad6350834df96e9666395582f95d179723cf25496eeca04b12d335b1a07ddf73f8b5d43d53d7e0e6b34ba387a31cc7111dc325f201afef343641fdf28c89cf70f9a9cec59f196cd018b74de87ccd8ff0e1a2a5c58debdf00eb3075035390fd4bd04dfc92f54c2195d62385827fe4144dc7d02d592c203fdec0bea81b806111a4d83a52dce09564244921d880dcd2fdf1d6884eaafffa902ebf598,gx-no-cache=1490886365772 HTTP/1.1" 200 29
186.79.251.41 - - [30/Mar/2017:12:05:01 -0300] "POST /cormun/servlet/solicitudot?gx-no-cache=1490886367998 HTTP/1.1" 200 1275
186.79.251.41 - - [30/Mar/2017:12:05:01 -0300] "POST /cormun/servlet/solicitudot?gx-no-cache=1490886368262 HTTP/1.1" 200 1157
186.79.251.41 - - [30/Mar/2017:12:05:06 -0300] "GET /cormun/servlet/solicitudot?5b748aabfa49c8452add40a88006a2cd38eb5eac5f472770358b2951624856b9b1fd84c8c28e98466d4084cdc9ffc862fb476c5bc3638b6fd99b81b5c2b8add56e37153912b34b0ff95d6c617936f8e9e8706416eafaf834893f53b1ef6db17b342a04114befe82571abdff0d8f3c9e9dcd9b8d5f3f1763fa530eb0209aab21a81f3691a4926cae9c6e9a983c83748e4b58777b9f303dd65b7281719a1a86554b6f447d756010f10ee61e029da0d5a44,gx-no-cache=1490886368979 HTTP/1.1" 200 32
186.79.251.41 - - [30/Mar/2017:12:05:14 -0300] "POST /cormun/servlet/solicitudot?74e3fd4927e94e3f7520dcf9ee7f5e11,UPD,2017,5800,,gx-no-cache=1490886374701 HTTP/1.1" 200 93
186.79.251.41 - - [30/Mar/2017:12:05:14 -0300] "GET /cormun/servlet/hpexe_return? HTTP/1.1" 200 1007
186.79.251.41 - - [30/Mar/2017:12:05:15 -0300] "GET /cormun/servlet/trsolicitudot? HTTP/1.1" 200 9282
186.79.251.41 - - [30/Mar/2017:12:05:16 -0300] "GET /cormun/servlet/trsolicitudot? HTTP/1.1" 200 9276
200.111.191.210 - - [30/Mar/2017:12:05:21 -0300] "POST /cormun/servlet/solicitudot?gx-no-cache=1490889894695 HTTP/1.1" 200 297
200.111.191.210 - - [30/Mar/2017:12:05:21 -0300] "GET /cormun/servlet/solicitudot?a6522e4e7792b03207bee6238c8fdee44e0f7d8799aa21b009f924ea4479afba690afebfd67530617933ee80f76bf8d20bb8972a619c7d50d552647fde470250b2c63a2d4810aa63d04dbe8e93bdd3d81058f087adf305b78e539fedf80db54e31945c5179ed3dc17ed22a53a4ed223d55f183e1d94153665a6120cd0abccf0b446c38a7083b7cb0812b67a515bf81ae9bf0642fd794f34076f3302db1b63061c467f0745831874b48faf58859d97a0083c32941210a198265313f49a4649db861c3faa49d8460fa95a3bffcf22f7614300c44f928d2f8f4818ab2ef81d93ea3ae635cbef85958d670d03e8ae958eecd062b79ad3533a67c8ffa38bfcd2845125d09045f207875c49f208fa39b7d1f8f978589017eed7010e219deae7138b9ccbc64400c3d345c2a0c6bc25664e16b3fe541ec22d01d845d5e516cbe2a075ac108a6690732b871c4868ceb38a2d8ea941b07da3015190faa56c43833cf2ad327161119cb1a1d066bc1a34e1bbb4f85c3817ad0f2ea44d500635e7384271742337acc251961e48c89700ec8b81395eea3,gx-no-cache=1490889894815 HTTP/1.1" 200 30
200.111.191.210 - - [30/Mar/2017:12:05:24 -0300] "POST /cormun/servlet/solicitudot?gx-no-cache=1490889897497 HTTP/1.1" 200 30
200.111.191.210 - - [30/Mar/2017:12:05:25 -0300] "POST /cormun/servlet/solicitudot?gx-no-cache=1490889899087 HTTP/1.1" 200 235
200.111.191.210 - - [30/Mar/2017:12:05:26 -0300] "POST /cormun/servlet/solicitudot?gx-no-cache=1490889899161 HTTP/1.1" 200 38
186.79.251.41 - - [30/Mar/2017:12:05:35 -0300] "POST /cormun/servlet/trsolicitudot?74e3fd4927e94e3f7520dcf9ee7f5e11,,gx-no-cache=1490886399007 HTTP/1.1" 200 6129
186.79.251.41 - - [30/Mar/2017:12:05:36 -0300] "GET /cormun/static/Shared/jqueryui/images/ui-bg_highlight-soft_100_c6c2c8_1x100.png HTTP/1.1" 404 1117
186.79.251.41 - - [30/Mar/2017:12:05:36 -0300] "GET /cormun/static/Shared/jqueryui/images/ui-icons_82798d_256x240.png HTTP/1.1" 404 1089
186.79.251.41 - - [30/Mar/2017:12:05:37 -0300] "GET /cormun/static/Shared/jqueryui/images/ui-bg_flat_55_fafafa_40x100.png HTTP/1.1" 404 1097
186.79.251.41 - - [30/Mar/2017:12:05:37 -0300] "GET /cormun/static/Shared/jqueryui/images/ui-icons_8d78a5_256x240.png HTTP/1.1" 404 1089
186.79.251.41 - - [30/Mar/2017:12:05:37 -0300] "POST /cormun/servlet/trsolicitudot?74e3fd4927e94e3f7520dcf9ee7f5e11,,gx-no-cache=1490886403363 HTTP/1.1" 200 6073
200.111.191.210 - - [30/Mar/2017:12:05:42 -0300] "GET /cormun/servlet/solicitudot?a6522e4e7792b03207bee6238c8fdee49ff9fbab5e0004987fce06bf51fb729fb517bf75b12ca04cb462e3c1eb901e7d09294e37995d58a6b01926f3522509cdb486b90d6bb264189da7899fb20830c1463a8b6678f137b1b2908fcde4f9911da8306984a69f787cf665d0af31cd9893,gx-no-cache=1490889915263 HTTP/1.1" 200 29
200.111.191.210 - - [30/Mar/2017:12:05:42 -0300] "POST /cormun/servlet/solicitudot?gx-no-cache=1490889915326 HTTP/1.1" 200 643
200.111.191.210 - - [30/Mar/2017:12:05:45 -0300] "POST /cormun/servlet/solicitudot?gx-no-cache=1490889918805 HTTP/1.1" 200 1157
192.168.10.13 - - [30/Mar/2017:12:05:50 -0300] "GET / HTTP/1.1" 200 11217
200.111.191.210 - - [30/Mar/2017:12:06:08 -0300] "GET /cormun/servlet/solicitudot?a6522e4e7792b03207bee6238c8fdee4b2c8399408b55c39385b99a3e6eb9d0518d05c5a6bfe5f7c4a9360be084817de2cd132716b479d1144c958932321637919103cbff5ef0ba97ef2f18d725c727ae90da59ac27326a906af1ce853faa7b99cef4e6c644f6d4dcb09649a91e1b81efcbe3b9adb8820eeb5c5cdec076b285d44754e46a7a9b4084d742f1903949d6ee009240224d4e9123bff5e6a89183cfb33f5216d81ccd6d5e1b8331506d4a258,gx-no-cache=1490889941795 HTTP/1.1" 200 30
186.103.156.166 - - [30/Mar/2017:12:06:11 -0300] "POST /cormun/servlet/solicitudot?gx-no-cache=1490890039821 HTTP/1.1" 200 1157
186.103.156.166 - - [30/Mar/2017:12:06:34 -0300] "GET /cormun/servlet/solicitudot?504710846e9e7cc74f510b6d9aa3ae5ee9b9ebd06dd79796a18f9928ff9637ace23f7a36ce937c894893c147e3eb57fac1635e176f9ac95b111269afc57cc031174bcd0712fa10ca301b755a9d060d9c8400fb0b87aa68047f6c4280e39acc54b641e2b615ae5fd19214e1c260a106e9e72e724150316f7975a4acf4523871814615002a92ddd9e7139ea777e3091c101cf0e721f350cf05480814fa1388301aa0e577e8a761325478e11233646391d4,gx-no-cache=1490890062376 HTTP/1.1" 200 30
186.103.156.166 - - [30/Mar/2017:12:06:34 -0300] "POST /cormun/servlet/solicitudot?8696f49596c096b577e8225806acea69,INS,0,0,,gx-no-cache=1490890062448 HTTP/1.1" 200 93
186.103.156.166 - - [30/Mar/2017:12:06:34 -0300] "GET /cormun/servlet/hpexe_return? HTTP/1.1" 200 1013
186.103.156.166 - - [30/Mar/2017:12:06:34 -0300] "GET /cormun/static/gxcfg.js?2016101716175148 HTTP/1.1" 200 953
186.103.156.166 - - [30/Mar/2017:12:06:34 -0300] "GET /cormun/static/hpexe_return.js?2016101716175153 HTTP/1.1" 200 1633
186.103.156.166 - - [30/Mar/2017:12:06:34 -0300] "GET /cormun/static/Resources/Spanish/PXTools.css?167811 HTTP/1.1" 200 89042
186.103.156.166 - - [30/Mar/2017:12:06:34 -0300] "GET /cormun/servlet/trsolicitudot HTTP/1.1" 200 8684
186.103.156.166 - - [30/Mar/2017:12:06:35 -0300] "GET /cormun/servlet/trsolicitudot HTTP/1.1" 200 8680
186.103.156.166 - - [30/Mar/2017:12:06:40 -0300] "POST /cormun/servlet/trsolicitudot?8696f49596c096b577e8225806acea69,gx-no-cache=1490890069259 HTTP/1.1" 200 5896
186.103.156.166 - - [30/Mar/2017:12:06:41 -0300] "GET /cormun/static/Shared/jqueryui/images/ui-icons_82798d_256x240.png HTTP/1.1" 404 1089
186.103.156.166 - - [30/Mar/2017:12:06:41 -0300] "GET /cormun/static/Shared/jqueryui/images/ui-bg_highlight-soft_100_c6c2c8_1x100.png HTTP/1.1" 404 1117
186.103.156.166 - - [30/Mar/2017:12:06:41 -0300] "GET /cormun/static/Shared/jqueryui/images/ui-icons_8d78a5_256x240.png HTTP/1.1" 404 1089
186.103.156.166 - - [30/Mar/2017:12:06:41 -0300] "GET /cormun/static/Shared/jqueryui/images/ui-bg_flat_55_fafafa_40x100.png HTTP/1.1" 404 1097
186.103.156.166 - - [30/Mar/2017:12:06:47 -0300] "GET /cormun/servlet/solicitudot?INS,0,0, HTTP/1.1" 200 12758
186.103.156.166 - - [30/Mar/2017:12:06:48 -0300] "GET /cormun/servlet/solicitudot?INS,0,0, HTTP/1.1" 200 12763
192.168.10.13 - - [30/Mar/2017:12:06:50 -0300] "GET / HTTP/1.1" 200 11217
186.103.156.166 - - [30/Mar/2017:12:06:53 -0300] "GET /cormun/servlet/trsolicitudot HTTP/1.1" 200 8684
186.103.156.166 - - [30/Mar/2017:12:06:54 -0300] "GET /cormun/servlet/trsolicitudot HTTP/1.1" 200 8680
200.111.191.210 - - [30/Mar/2017:12:07:03 -0300] "POST /cormun/servlet/solicitudot?80ed0bd0e5528314cc1ebfc40727d3e3,INS,0,0,,gx-no-cache=1490889996726 HTTP/1.1" 200 93
200.111.191.210 - - [30/Mar/2017:12:07:03 -0300] "GET /cormun/servlet/hpexe_return? HTTP/1.1" 200 1002
200.111.191.210 - - [30/Mar/2017:12:07:04 -0300] "GET /cormun/servlet/trsolicitudot HTTP/1.1" 200 23123
200.111.191.210 - - [30/Mar/2017:12:07:05 -0300] "GET /cormun/servlet/trsolicitudot HTTP/1.1" 200 23118
200.111.191.210 - - [30/Mar/2017:12:07:10 -0300] "POST /cormun/servlet/trsolicitudot?80ed0bd0e5528314cc1ebfc40727d3e3,gx-no-cache=1490890003690 HTTP/1.1" 200 6893
200.111.191.210 - - [30/Mar/2017:12:07:21 -0300] "POST /cormun/servlet/trsolicitudot?80ed0bd0e5528314cc1ebfc40727d3e3,gx-no-cache=1490890014330 HTTP/1.1" 200 6894
200.111.191.210 - - [30/Mar/2017:12:07:24 -0300] "GET /cormun/static/menuarrow.gif HTTP/1.1" 404 1015
200.111.191.210 - - [30/Mar/2017:12:07:31 -0300] "POST /cormun/servlet/trsolicitudot?80ed0bd0e5528314cc1ebfc40727d3e3,gx-no-cache=1490890024176 HTTP/1.1" 200 5505
200.111.191.210 - - [30/Mar/2017:12:07:33 -0300] "POST /cormun/servlet/trsolicitudot?80ed0bd0e5528314cc1ebfc40727d3e3,gx-no-cache=1490890026769 HTTP/1.1" 200 107
200.111.191.210 - - [30/Mar/2017:12:07:33 -0300] "GET /cormun/servlet/trsolicitudadjuntos?2017,5826, HTTP/1.1" 200 5846
200.111.191.210 - - [30/Mar/2017:12:07:33 -0300] "GET /cormun/static/gxcfg.js?201731711504543 HTTP/1.1" 200 953
200.111.191.210 - - [30/Mar/2017:12:07:33 -0300] "GET /cormun/static/trsolicitudadjuntos.js?201731711504951 HTTP/1.1" 200 17913
200.111.191.210 - - [30/Mar/2017:12:07:34 -0300] "GET /cormun/servlet/trsolicitudadjuntos?2017,5826, HTTP/1.1" 200 5846
200.111.191.210 - - [30/Mar/2017:12:07:37 -0300] "GET /cormun/servlet/solicitudotadjuntos?INS,2017,5826,,1, HTTP/1.1" 200 5782
200.111.191.210 - - [30/Mar/2017:12:07:37 -0300] "GET /cormun/static/gxcfg.js?201612218465951 HTTP/1.1" 200 953
200.111.191.210 - - [30/Mar/2017:12:07:37 -0300] "GET /cormun/static/solicitudotadjuntos.js?201612218465969 HTTP/1.1" 200 11762
200.111.191.210 - - [30/Mar/2017:12:07:37 -0300] "GET /cormun/static/about:blank HTTP/1.1" 404 1011
200.111.191.210 - - [30/Mar/2017:12:07:37 -0300] "GET /cormun/servlet/solicitudotadjuntos?INS,2017,5826,,1, HTTP/1.1" 200 5776
200.111.191.210 - - [30/Mar/2017:12:07:38 -0300] "GET /cormun/servlet/solicitudotadjuntos?a6522e4e7792b03207bee6238c8fdee4d915bb157c0ce6f3ad5c1e5e6eba12b7a09a8297eb9f67a30295a7a06ae81756,gx-no-cache=1490890031537 HTTP/1.1" 200 30
200.111.191.210 - - [30/Mar/2017:12:07:38 -0300] "POST /cormun/servlet/solicitudotadjuntos?80ed0bd0e5528314cc1ebfc40727d3e3,INS,2017,5826,,1,,gx-no-cache=1490890031565 HTTP/1.1" 200 3630
200.111.191.210 - - [30/Mar/2017:12:07:40 -0300] "POST /cormun/servlet/solicitudotadjuntos?gx-no-cache=1490890033359 HTTP/1.1" 200 26
192.168.10.13 - - [30/Mar/2017:12:07:50 -0300] "GET / HTTP/1.1" 200 11217
200.111.191.210 - - [30/Mar/2017:12:07:53 -0300] "GET /cormun/servlet/solicitudotadjuntos?a6522e4e7792b03207bee6238c8fdee47b8ed35957428f999248f3c8e3f128dc,gx-no-cache=1490890046822 HTTP/1.1" 200 30
200.111.191.210 - - [30/Mar/2017:12:07:53 -0300] "GET /cormun/servlet/solicitudotadjuntos?a6522e4e7792b03207bee6238c8fdee47b8ed35957428f999248f3c8e3f128dc,gx-no-cache=1490890046834 HTTP/1.1" 200 30
200.111.191.210 - - [30/Mar/2017:12:07:54 -0300] "POST /cormun/servlet/solicitudotadjuntos?80ed0bd0e5528314cc1ebfc40727d3e3,INS,2017,5826,,1, HTTP/1.1" 200 116
200.111.191.210 - - [30/Mar/2017:12:07:54 -0300] "GET /cormun/servlet/hpexe_return? HTTP/1.1" 200 1020
200.111.191.210 - - [30/Mar/2017:12:07:54 -0300] "GET /cormun/servlet/trsolicitudadjuntos?2017,5826, HTTP/1.1" 200 7969
200.111.191.210 - - [30/Mar/2017:12:07:54 -0300] "GET /cormun/servlet/trsolicitudadjuntos?2017,5826, HTTP/1.1" 200 7971
200.111.191.210 - - [30/Mar/2017:12:07:57 -0300] "GET /cormun/servlet/solicitudotadjuntos?INS,2017,5826,,2, HTTP/1.1" 200 5781
200.111.191.210 - - [30/Mar/2017:12:07:57 -0300] "GET /cormun/static/about:blank HTTP/1.1" 404 1011
200.111.191.210 - - [30/Mar/2017:12:07:57 -0300] "GET /cormun/servlet/solicitudotadjuntos?INS,2017,5826,,2, HTTP/1.1" 200 5775
200.111.191.210 - - [30/Mar/2017:12:07:57 -0300] "GET /cormun/servlet/solicitudotadjuntos?a6522e4e7792b03207bee6238c8fdee4d915bb157c0ce6f3ad5c1e5e6eba12b7a09a8297eb9f67a30295a7a06ae81756,gx-no-cache=1490890051021 HTTP/1.1" 200 30
200.111.191.210 - - [30/Mar/2017:12:07:57 -0300] "POST /cormun/servlet/solicitudotadjuntos?80ed0bd0e5528314cc1ebfc40727d3e3,INS,2017,5826,,2,,gx-no-cache=1490890051048 HTTP/1.1" 200 3843
186.103.156.166 - - [30/Mar/2017:12:08:01 -0300] "POST /cormun/servlet/trsolicitudot?8696f49596c096b577e8225806acea69,gx-no-cache=1490890149476 HTTP/1.1" 200 5895
186.103.156.166 - - [30/Mar/2017:12:08:01 -0300] "GET /cormun/static/Shared/jqueryui/images/ui-bg_highlight-soft_100_c6c2c8_1x100.png HTTP/1.1" 404 1117
186.103.156.166 - - [30/Mar/2017:12:08:01 -0300] "GET /cormun/static/Shared/jqueryui/images/ui-icons_82798d_256x240.png HTTP/1.1" 404 1089
186.103.156.166 - - [30/Mar/2017:12:08:01 -0300] "GET /cormun/static/Shared/jqueryui/images/ui-bg_flat_55_fafafa_40x100.png HTTP/1.1" 404 1097
186.103.156.166 - - [30/Mar/2017:12:08:01 -0300] "GET /cormun/static/Shared/jqueryui/images/ui-icons_8d78a5_256x240.png HTTP/1.1" 404 1089
200.111.191.210 - - [30/Mar/2017:12:08:02 -0300] "POST /cormun/servlet/solicitudotadjuntos?80ed0bd0e5528314cc1ebfc40727d3e3,INS,2017,5826,,2,,gx-no-cache=1490890056099 HTTP/1.1" 200 93
200.111.191.210 - - [30/Mar/2017:12:08:02 -0300] "GET /cormun/servlet/hpexe_return? HTTP/1.1" 200 1020
200.111.191.210 - - [30/Mar/2017:12:08:03 -0300] "GET /cormun/servlet/trsolicitudadjuntos?2017,5826, HTTP/1.1" 200 7969
200.111.191.210 - - [30/Mar/2017:12:08:03 -0300] "GET /cormun/servlet/trsolicitudadjuntos?2017,5826, HTTP/1.1" 200 7971
200.111.191.210 - - [30/Mar/2017:12:08:05 -0300] "GET /cormun/servlet/solicitudotadjuntos?INS,2017,5826,,1, HTTP/1.1" 200 5782
200.111.191.210 - - [30/Mar/2017:12:08:05 -0300] "GET /cormun/static/about:blank HTTP/1.1" 404 1011
200.111.191.210 - - [30/Mar/2017:12:08:05 -0300] "GET /cormun/servlet/solicitudotadjuntos?INS,2017,5826,,1, HTTP/1.1" 200 5776
200.111.191.210 - - [30/Mar/2017:12:08:05 -0300] "GET /cormun/servlet/solicitudotadjuntos?a6522e4e7792b03207bee6238c8fdee4d915bb157c0ce6f3ad5c1e5e6eba12b7a09a8297eb9f67a30295a7a06ae81756,gx-no-cache=1490890058931 HTTP/1.1" 200 30
200.111.191.210 - - [30/Mar/2017:12:08:05 -0300] "POST /cormun/servlet/solicitudotadjuntos?80ed0bd0e5528314cc1ebfc40727d3e3,INS,2017,5826,,1,,gx-no-cache=1490890058952 HTTP/1.1" 200 3630
200.111.191.210 - - [30/Mar/2017:12:08:08 -0300] "POST /cormun/servlet/solicitudotadjuntos?gx-no-cache=1490890061588 HTTP/1.1" 200 26
200.111.191.210 - - [30/Mar/2017:12:08:14 -0300] "GET /cormun/servlet/solicitudotadjuntos?a6522e4e7792b03207bee6238c8fdee47b8ed35957428f999248f3c8e3f128dc,gx-no-cache=1490890068009 HTTP/1.1" 200 30
200.111.191.210 - - [30/Mar/2017:12:08:14 -0300] "GET /cormun/servlet/solicitudotadjuntos?a6522e4e7792b03207bee6238c8fdee47b8ed35957428f999248f3c8e3f128dc,gx-no-cache=1490890068021 HTTP/1.1" 200 30
186.103.156.166 - - [30/Mar/2017:12:08:14 -0300] "POST /cormun/servlet/trsolicitudot?8696f49596c096b577e8225806acea69,gx-no-cache=1490890163257 HTTP/1.1" 200 106
186.103.156.166 - - [30/Mar/2017:12:08:15 -0300] "GET /cormun/servlet/solicitudot?UPD,2017,5249, HTTP/1.1" 200 14390
186.103.156.166 - - [30/Mar/2017:12:08:15 -0300] "GET /cormun/servlet/solicitudot?UPD,2017,5249, HTTP/1.1" 200 14399
186.103.156.166 - - [30/Mar/2017:12:08:16 -0300] "POST /cormun/servlet/solicitudot?gx-no-cache=1490890164690 HTTP/1.1" 200 3158
186.103.156.166 - - [30/Mar/2017:12:08:16 -0300] "POST /cormun/servlet/solicitudot?8696f49596c096b577e8225806acea69,UPD,2017,5249,,gx-no-cache=1490890164904 HTTP/1.1" 200 11034
200.111.191.210 - - [30/Mar/2017:12:08:16 -0300] "POST /cormun/servlet/solicitudotadjuntos?80ed0bd0e5528314cc1ebfc40727d3e3,INS,2017,5826,,1, HTTP/1.1" 200 116
186.103.156.166 - - [30/Mar/2017:12:08:16 -0300] "GET /cormun/servlet/solicitudot?504710846e9e7cc74f510b6d9aa3ae5e18b8de2f0af6992ed847ecdccf9987a058b7be46d8b803f806f028fb905f9169,gx-no-cache=1490890165237 HTTP/1.1" 200 30
200.111.191.210 - - [30/Mar/2017:12:08:16 -0300] "GET /cormun/servlet/hpexe_return? HTTP/1.1" 200 1020
186.103.156.166 - - [30/Mar/2017:12:08:17 -0300] "POST /cormun/servlet/solicitudot?gx-no-cache=1490890165325 HTTP/1.1" 200 256
200.111.191.210 - - [30/Mar/2017:12:08:17 -0300] "GET /cormun/servlet/trsolicitudadjuntos?2017,5826, HTTP/1.1" 200 8215
186.103.156.166 - - [30/Mar/2017:12:08:17 -0300] "GET /cormun/servlet/solicitudot?504710846e9e7cc74f510b6d9aa3ae5ea7704b3d3aae7d048d46e5077cd8fe39ccc2388d674d4c4f229b072e435550aaff188a2fccd2191d72e4d78ff48b5394d6e8487fb8ab09e303a35c617940e166576d2ea74083023c2f53144ca96e99926b31dca4c9f24b2dde63ecc978382fe9e7b37c2e2ad4594e98195a5f4e4f03b5459403dfb79ab220b14b116c388bb0ae99339e53d45994782c4aa361656ac2f92f618ede76aac525af8d9f759b82bb395bd914c00d2c2927f08ab7ae6cc6a8156328cec70f07fb10fa547597bfd8c76e499b4251ff2846ca9029cff0d846bfdb6c9633aad83e62babe30e24bce856dd352fa4d4a1b3d084ca3ed98cae7af42b0fa6df2302ee5edcb4c903c3f33e45273ecdd62f8b18f4c0efbebadd0623a0e2da1a9a9bf4d995b9b5614a1df8f85e5188929af6ac3014056002f3ee93a0845bd8dd800d37c4aaa7c4ea3d5b5064e11c7224fce158b12577437aaa38b8c9fb283ca6bce4ae694a1af9ea7042456575f47b79402072b3b7a43453cccef655d765a,gx-no-cache=1490890165433 HTTP/1.1" 200 30
186.103.156.166 - - [30/Mar/2017:12:08:17 -0300] "POST /cormun/servlet/solicitudot?gx-no-cache=1490890165786 HTTP/1.1" 200 30
186.103.156.166 - - [30/Mar/2017:12:08:17 -0300] "POST /cormun/servlet/solicitudot?gx-no-cache=1490890165828 HTTP/1.1" 200 1290
186.103.156.166 - - [30/Mar/2017:12:08:17 -0300] "POST /cormun/servlet/solicitudot?gx-no-cache=1490890165920 HTTP/1.1" 200 41
200.111.191.210 - - [30/Mar/2017:12:08:17 -0300] "GET /cormun/servlet/trsolicitudadjuntos?2017,5826, HTTP/1.1" 200 8213
200.111.191.210 - - [30/Mar/2017:12:08:19 -0300] "GET /cormun/servlet/solicitudotadjuntos?INS,2017,5826,,1, HTTP/1.1" 200 5782
200.111.191.210 - - [30/Mar/2017:12:08:19 -0300] "GET /cormun/static/about:blank HTTP/1.1" 404 1011
200.111.191.210 - - [30/Mar/2017:12:08:19 -0300] "GET /cormun/servlet/solicitudotadjuntos?INS,2017,5826,,1, HTTP/1.1" 200 5776
200.111.191.210 - - [30/Mar/2017:12:08:20 -0300] "GET /cormun/servlet/solicitudotadjuntos?a6522e4e7792b03207bee6238c8fdee4d915bb157c0ce6f3ad5c1e5e6eba12b7a09a8297eb9f67a30295a7a06ae81756,gx-no-cache=1490890073536 HTTP/1.1" 200 30
200.111.191.210 - - [30/Mar/2017:12:08:20 -0300] "POST /cormun/servlet/solicitudotadjuntos?80ed0bd0e5528314cc1ebfc40727d3e3,INS,2017,5826,,1,,gx-no-cache=1490890073556 HTTP/1.1" 200 3630
200.111.191.210 - - [30/Mar/2017:12:08:22 -0300] "POST /cormun/servlet/solicitudotadjuntos?gx-no-cache=1490890076052 HTTP/1.1" 200 26
186.103.156.166 - - [30/Mar/2017:12:08:23 -0300] "GET /cormun/servlet/trsolicitudot HTTP/1.1" 200 8684
186.103.156.166 - - [30/Mar/2017:12:08:24 -0300] "GET /cormun/servlet/trsolicitudot HTTP/1.1" 200 8680
200.111.191.210 - - [30/Mar/2017:12:08:27 -0300] "GET /cormun/servlet/solicitudotadjuntos?a6522e4e7792b03207bee6238c8fdee47b8ed35957428f999248f3c8e3f128dc,gx-no-cache=1490890081105 HTTP/1.1" 200 30
200.111.191.210 - - [30/Mar/2017:12:08:27 -0300] "GET /cormun/servlet/solicitudotadjuntos?a6522e4e7792b03207bee6238c8fdee47b8ed35957428f999248f3c8e3f128dc,gx-no-cache=1490890081115 HTTP/1.1" 200 30
200.111.191.210 - - [30/Mar/2017:12:08:28 -0300] "POST /cormun/servlet/solicitudotadjuntos?80ed0bd0e5528314cc1ebfc40727d3e3,INS,2017,5826,,1, HTTP/1.1" 200 116
200.111.191.210 - - [30/Mar/2017:12:08:28 -0300] "GET /cormun/servlet/hpexe_return? HTTP/1.1" 200 1020
200.111.191.210 - - [30/Mar/2017:12:08:28 -0300] "GET /cormun/servlet/trsolicitudadjuntos?2017,5826, HTTP/1.1" 200 8366
200.111.191.210 - - [30/Mar/2017:12:08:29 -0300] "GET /cormun/servlet/trsolicitudadjuntos?2017,5826, HTTP/1.1" 200 8363
200.111.191.210 - - [30/Mar/2017:12:08:30 -0300] "GET /cormun/servlet/solicitudotadjuntos?INS,2017,5826,,1, HTTP/1.1" 200 5782
200.111.191.210 - - [30/Mar/2017:12:08:31 -0300] "GET /cormun/static/about:blank HTTP/1.1" 404 1011
200.111.191.210 - - [30/Mar/2017:12:08:31 -0300] "GET /cormun/servlet/solicitudotadjuntos?INS,2017,5826,,1, HTTP/1.1" 200 5776
186.103.156.166 - - [30/Mar/2017:12:08:31 -0300] "GET /cormun/servlet/solicitudot?INS,0,0, HTTP/1.1" 200 12760
200.111.191.210 - - [30/Mar/2017:12:08:31 -0300] "GET /cormun/servlet/solicitudotadjuntos?a6522e4e7792b03207bee6238c8fdee4d915bb157c0ce6f3ad5c1e5e6eba12b7a09a8297eb9f67a30295a7a06ae81756,gx-no-cache=1490890084904 HTTP/1.1" 200 30
200.111.191.210 - - [30/Mar/2017:12:08:31 -0300] "POST /cormun/servlet/solicitudotadjuntos?80ed0bd0e5528314cc1ebfc40727d3e3,INS,2017,5826,,1,,gx-no-cache=1490890084930 HTTP/1.1" 200 3630
186.103.156.166 - - [30/Mar/2017:12:08:31 -0300] "GET /cormun/servlet/solicitudot?INS,0,0, HTTP/1.1" 200 12764
200.111.191.210 - - [30/Mar/2017:12:08:35 -0300] "POST /cormun/servlet/solicitudotadjuntos?gx-no-cache=1490890088216 HTTP/1.1" 200 26
200.111.191.210 - - [30/Mar/2017:12:08:39 -0300] "GET /cormun/servlet/solicitudotadjuntos?a6522e4e7792b03207bee6238c8fdee47b8ed35957428f999248f3c8e3f128dc,gx-no-cache=1490890092749 HTTP/1.1" 200 30
200.111.191.210 - - [30/Mar/2017:12:08:39 -0300] "GET /cormun/servlet/solicitudotadjuntos?a6522e4e7792b03207bee6238c8fdee47b8ed35957428f999248f3c8e3f128dc,gx-no-cache=1490890092790 HTTP/1.1" 200 30
186.103.156.166 - - [30/Mar/2017:12:08:40 -0300] "GET /cormun/servlet/trsolicitudot HTTP/1.1" 200 8684
200.111.191.210 - - [30/Mar/2017:12:08:40 -0300] "POST /cormun/servlet/solicitudotadjuntos?80ed0bd0e5528314cc1ebfc40727d3e3,INS,2017,5826,,1, HTTP/1.1" 200 116
200.111.191.210 - - [30/Mar/2017:12:08:40 -0300] "GET /cormun/servlet/hpexe_return? HTTP/1.1" 200 1020
186.103.156.166 - - [30/Mar/2017:12:08:41 -0300] "GET /cormun/servlet/trsolicitudot HTTP/1.1" 200 8680
200.111.191.210 - - [30/Mar/2017:12:08:41 -0300] "GET /cormun/servlet/trsolicitudadjuntos?2017,5826, HTTP/1.1" 200 8502
200.111.191.210 - - [30/Mar/2017:12:08:41 -0300] "GET /cormun/servlet/trsolicitudadjuntos?2017,5826, HTTP/1.1" 200 8502
200.111.191.210 - - [30/Mar/2017:12:08:43 -0300] "GET /cormun/servlet/solicitudotadjuntos?INS,2017,5826,,1, HTTP/1.1" 200 5782
200.111.191.210 - - [30/Mar/2017:12:08:43 -0300] "GET /cormun/static/about:blank HTTP/1.1" 404 1011
200.111.191.210 - - [30/Mar/2017:12:08:43 -0300] "GET /cormun/servlet/solicitudotadjuntos?INS,2017,5826,,1, HTTP/1.1" 200 5776
200.111.191.210 - - [30/Mar/2017:12:08:44 -0300] "GET /cormun/servlet/solicitudotadjuntos?a6522e4e7792b03207bee6238c8fdee4d915bb157c0ce6f3ad5c1e5e6eba12b7a09a8297eb9f67a30295a7a06ae81756,gx-no-cache=1490890097356 HTTP/1.1" 200 30
200.111.191.210 - - [30/Mar/2017:12:08:44 -0300] "POST /cormun/servlet/solicitudotadjuntos?80ed0bd0e5528314cc1ebfc40727d3e3,INS,2017,5826,,1,,gx-no-cache=1490890097387 HTTP/1.1" 200 3630
200.111.191.210 - - [30/Mar/2017:12:08:47 -0300] "POST /cormun/servlet/solicitudotadjuntos?gx-no-cache=1490890100152 HTTP/1.1" 200 26
186.79.86.180 - - [30/Mar/2017:12:08:49 -0300] "GET /cormun/servlet/hlogin HTTP/1.1" 200 1719
186.79.86.180 - - [30/Mar/2017:12:08:49 -0300] "GET /cormun/servlet/hlogin HTTP/1.1" 200 1723
192.168.10.13 - - [30/Mar/2017:12:08:50 -0300] "GET / HTTP/1.1" 200 11217
186.79.86.180 - - [30/Mar/2017:12:08:51 -0300] "POST /cormun/servlet/hlogin?8bd2ba30f4c38cf86e5fda6d8689509c,gx-no-cache=1490886600500 HTTP/1.1" 200 90
186.79.86.180 - - [30/Mar/2017:12:08:51 -0300] "GET /cormun/servlet/hpexe_link HTTP/1.1" 200 953
200.111.191.210 - - [30/Mar/2017:12:08:51 -0300] "GET /cormun/servlet/solicitudotadjuntos?a6522e4e7792b03207bee6238c8fdee47b8ed35957428f999248f3c8e3f128dc,gx-no-cache=1490890105113 HTTP/1.1" 200 30
200.111.191.210 - - [30/Mar/2017:12:08:51 -0300] "GET /cormun/servlet/solicitudotadjuntos?a6522e4e7792b03207bee6238c8fdee47b8ed35957428f999248f3c8e3f128dc,gx-no-cache=1490890105124 HTTP/1.1" 200 30
186.79.86.180 - - [30/Mar/2017:12:08:52 -0300] "GET /cormun/servlet/hhome HTTP/1.1" 200 3759
200.111.191.210 - - [30/Mar/2017:12:08:52 -0300] "POST /cormun/servlet/solicitudotadjuntos?80ed0bd0e5528314cc1ebfc40727d3e3,INS,2017,5826,,1, HTTP/1.1" 200 116
200.111.191.210 - - [30/Mar/2017:12:08:52 -0300] "GET /cormun/servlet/hpexe_return? HTTP/1.1" 200 1020
186.79.86.180 - - [30/Mar/2017:12:08:53 -0300] "GET /cormun/servlet/hhome HTTP/1.1" 200 3755
200.111.191.210 - - [30/Mar/2017:12:08:53 -0300] "GET /cormun/servlet/trsolicitudadjuntos?2017,5826, HTTP/1.1" 200 8672
200.111.191.210 - - [30/Mar/2017:12:08:54 -0300] "GET /cormun/servlet/trsolicitudadjuntos?2017,5826, HTTP/1.1" 200 8671
200.111.191.210 - - [30/Mar/2017:12:08:55 -0300] "GET /cormun/servlet/solicitudotadjuntos?INS,2017,5826,,1, HTTP/1.1" 200 5782
200.111.191.210 - - [30/Mar/2017:12:08:56 -0300] "GET /cormun/static/about:blank HTTP/1.1" 404 1011
186.79.86.180 - - [30/Mar/2017:12:08:56 -0300] "GET /cormun/servlet/trsolicitudot? HTTP/1.1" 200 9119
200.111.191.210 - - [30/Mar/2017:12:08:56 -0300] "GET /cormun/servlet/solicitudotadjuntos?INS,2017,5826,,1, HTTP/1.1" 200 5776
200.111.191.210 - - [30/Mar/2017:12:08:56 -0300] "GET /cormun/servlet/solicitudotadjuntos?a6522e4e7792b03207bee6238c8fdee4d915bb157c0ce6f3ad5c1e5e6eba12b7a09a8297eb9f67a30295a7a06ae81756,gx-no-cache=1490890109739 HTTP/1.1" 200 30
200.111.191.210 - - [30/Mar/2017:12:08:56 -0300] "POST /cormun/servlet/solicitudotadjuntos?80ed0bd0e5528314cc1ebfc40727d3e3,INS,2017,5826,,1,,gx-no-cache=1490890109761 HTTP/1.1" 200 3630
186.79.86.180 - - [30/Mar/2017:12:08:56 -0300] "GET /cormun/servlet/trsolicitudot? HTTP/1.1" 200 9117
200.111.191.210 - - [30/Mar/2017:12:08:58 -0300] "POST /cormun/servlet/solicitudotadjuntos?gx-no-cache=1490890111916 HTTP/1.1" 200 26
186.79.86.180 - - [30/Mar/2017:12:09:01 -0300] "GET /cormun/servlet/solicitudot?INS,0,0, HTTP/1.1" 200 12567
186.103.156.166 - - [30/Mar/2017:12:09:01 -0300] "POST /cormun/servlet/trsolicitudot?8696f49596c096b577e8225806acea69,gx-no-cache=1490890209504 HTTP/1.1" 200 5894
186.103.156.166 - - [30/Mar/2017:12:09:01 -0300] "GET /cormun/static/Shared/jqueryui/images/ui-bg_highlight-soft_100_c6c2c8_1x100.png HTTP/1.1" 404 1117
186.103.156.166 - - [30/Mar/2017:12:09:01 -0300] "GET /cormun/static/Shared/jqueryui/images/ui-icons_82798d_256x240.png HTTP/1.1" 404 1089
186.103.156.166 - - [30/Mar/2017:12:09:01 -0300] "GET /cormun/static/Shared/jqueryui/images/ui-bg_flat_55_fafafa_40x100.png HTTP/1.1" 404 1097
186.103.156.166 - - [30/Mar/2017:12:09:01 -0300] "GET /cormun/static/Shared/jqueryui/images/ui-icons_8d78a5_256x240.png HTTP/1.1" 404 1089
186.79.86.180 - - [30/Mar/2017:12:09:01 -0300] "GET /cormun/servlet/solicitudot?INS,0,0, HTTP/1.1" 200 12572
200.111.191.210 - - [30/Mar/2017:12:09:04 -0300] "GET /cormun/servlet/solicitudotadjuntos?a6522e4e7792b03207bee6238c8fdee47b8ed35957428f999248f3c8e3f128dc,gx-no-cache=1490890117204 HTTP/1.1" 200 30
