200.86.95.220 - - [29/Mar/2017:12:04:34 -0300] "GET /cormun/servlet/solicitudotadjuntos?INS,2017,5794,,1, HTTP/1.1" 200 5806
200.86.95.220 - - [29/Mar/2017:12:04:34 -0300] "GET /cormun/static/gxcfg.js?201612218465951 HTTP/1.1" 200 953
200.86.95.220 - - [29/Mar/2017:12:04:34 -0300] "GET /cormun/static/solicitudotadjuntos.js?201612218465969 HTTP/1.1" 200 11762
200.86.95.220 - - [29/Mar/2017:12:04:34 -0300] "GET /cormun/static/about:blank HTTP/1.1" 404 1011
200.86.95.220 - - [29/Mar/2017:12:04:35 -0300] "GET /cormun/servlet/solicitudotadjuntos?INS,2017,5794,,1, HTTP/1.1" 200 5800
200.86.95.220 - - [29/Mar/2017:12:04:35 -0300] "GET /cormun/servlet/solicitudotadjuntos?1c4573ea31330ab33b9a264ae23c1893574709d75435af08a56cc069748fe4cde107b0b350e1a87695990253dc1734d1,gx-no-cache=1490799943756 HTTP/1.1" 200 30
200.86.95.220 - - [29/Mar/2017:12:04:35 -0300] "POST /cormun/servlet/solicitudotadjuntos?3f6f50972e170b6697c6fccb565db1ca,INS,2017,5794,,1,,gx-no-cache=1490799943843 HTTP/1.1" 200 3673
47.203.95.65 - - [29/Mar/2017:12:04:36 -0300] "GET / HTTP/1.1" 200 11217
192.168.10.13 - - [29/Mar/2017:12:04:37 -0300] "GET / HTTP/1.1" 200 11217
186.103.159.46 - - [29/Mar/2017:12:04:42 -0300] "GET /cormun/servlet/trpermisosadjuntos?13300331,20170328093823,P, HTTP/1.1" 200 6645
186.103.159.46 - - [29/Mar/2017:12:04:43 -0300] "GET /cormun/static/gxcfg.js?201731711542659 HTTP/1.1" 304 -
186.103.159.46 - - [29/Mar/2017:12:04:43 -0300] "GET /cormun/static/trpermisosadjuntos.js?201731711542990 HTTP/1.1" 304 -
200.86.95.220 - - [29/Mar/2017:12:04:44 -0300] "POST /cormun/servlet/solicitudotadjuntos?gx-no-cache=1490799952616 HTTP/1.1" 200 26
186.103.159.46 - - [29/Mar/2017:12:04:44 -0300] "GET /cormun/servlet/trpermisosadjuntos?13300331,20170328093823,P, HTTP/1.1" 200 6643
200.86.95.220 - - [29/Mar/2017:12:04:56 -0300] "GET /cormun/servlet/solicitudotadjuntos?1c4573ea31330ab33b9a264ae23c1893a96a4b59264ff416d31e084b7bf5dcbe,gx-no-cache=1490799964939 HTTP/1.1" 200 30
200.86.95.220 - - [29/Mar/2017:12:04:56 -0300] "GET /cormun/servlet/solicitudotadjuntos?1c4573ea31330ab33b9a264ae23c1893a96a4b59264ff416d31e084b7bf5dcbe,gx-no-cache=1490799964978 HTTP/1.1" 200 30
200.86.95.220 - - [29/Mar/2017:12:04:57 -0300] "POST /cormun/servlet/solicitudotadjuntos?3f6f50972e170b6697c6fccb565db1ca,INS,2017,5794,,1, HTTP/1.1" 200 116
200.86.95.220 - - [29/Mar/2017:12:04:57 -0300] "GET /cormun/servlet/hpexe_return? HTTP/1.1" 200 1023
200.86.95.220 - - [29/Mar/2017:12:04:57 -0300] "GET /cormun/servlet/trsolicitudadjuntos?2017,5794, HTTP/1.1" 200 7975
200.86.95.220 - - [29/Mar/2017:12:04:59 -0300] "GET /cormun/servlet/trsolicitudadjuntos?2017,5794, HTTP/1.1" 200 7972
200.86.95.220 - - [29/Mar/2017:12:05:01 -0300] "GET /cormun/servlet/solicitudotadjuntos?INS,2017,5794,,1, HTTP/1.1" 200 5806
200.86.95.220 - - [29/Mar/2017:12:05:01 -0300] "GET /cormun/static/about:blank HTTP/1.1" 404 1011
200.86.95.220 - - [29/Mar/2017:12:05:02 -0300] "GET /cormun/servlet/solicitudotadjuntos?INS,2017,5794,,1, HTTP/1.1" 200 5800
200.86.95.220 - - [29/Mar/2017:12:05:03 -0300] "GET /cormun/servlet/solicitudotadjuntos?1c4573ea31330ab33b9a264ae23c1893574709d75435af08a56cc069748fe4cde107b0b350e1a87695990253dc1734d1,gx-no-cache=1490799971032 HTTP/1.1" 200 30
200.86.95.220 - - [29/Mar/2017:12:05:03 -0300] "POST /cormun/servlet/solicitudotadjuntos?3f6f50972e170b6697c6fccb565db1ca,INS,2017,5794,,1,,gx-no-cache=1490799971098 HTTP/1.1" 200 3673
200.86.95.220 - - [29/Mar/2017:12:05:08 -0300] "POST /cormun/servlet/solicitudotadjuntos?gx-no-cache=1490799976695 HTTP/1.1" 200 26
186.103.159.46 - - [29/Mar/2017:12:05:11 -0300] "GET /cormun/servlet/permisosadjuntos?INS,13300331,P,20170328093823,, HTTP/1.1" 200 5416
186.103.159.46 - - [29/Mar/2017:12:05:11 -0300] "GET /cormun/static/Resources/Spanish/PXTools.css?18365030 HTTP/1.1" 304 -
186.103.159.46 - - [29/Mar/2017:12:05:11 -0300] "GET /cormun/static/gxcfg.js?2016122813135788 HTTP/1.1" 304 -
186.103.159.46 - - [29/Mar/2017:12:05:11 -0300] "GET /cormun/static/permisosadjuntos.js?2016122813135797 HTTP/1.1" 304 -
186.103.159.46 - - [29/Mar/2017:12:05:11 -0300] "GET /cormun/static/about:blank HTTP/1.1" 404 1011
186.103.159.46 - - [29/Mar/2017:12:05:12 -0300] "GET /cormun/servlet/permisosadjuntos?INS,13300331,P,20170328093823,, HTTP/1.1" 200 5405
200.86.95.220 - - [29/Mar/2017:12:05:21 -0300] "GET /cormun/servlet/solicitudotadjuntos?1c4573ea31330ab33b9a264ae23c1893a96a4b59264ff416d31e084b7bf5dcbe,gx-no-cache=1490799989000 HTTP/1.1" 200 30
200.86.95.220 - - [29/Mar/2017:12:05:21 -0300] "GET /cormun/servlet/solicitudotadjuntos?1c4573ea31330ab33b9a264ae23c1893a96a4b59264ff416d31e084b7bf5dcbe,gx-no-cache=1490799989055 HTTP/1.1" 200 30
200.86.95.220 - - [29/Mar/2017:12:05:21 -0300] "POST /cormun/servlet/solicitudotadjuntos?3f6f50972e170b6697c6fccb565db1ca,INS,2017,5794,,1, HTTP/1.1" 200 116
200.86.95.220 - - [29/Mar/2017:12:05:21 -0300] "GET /cormun/servlet/hpexe_return? HTTP/1.1" 200 1023
200.86.95.220 - - [29/Mar/2017:12:05:21 -0300] "GET /cormun/servlet/trsolicitudadjuntos?2017,5794, HTTP/1.1" 200 8185
200.86.95.220 - - [29/Mar/2017:12:05:22 -0300] "GET /cormun/servlet/trsolicitudadjuntos?2017,5794, HTTP/1.1" 200 8183
186.103.159.46 - - [29/Mar/2017:12:05:23 -0300] "POST /cormun/servlet/permisosadjuntos?3502c710eccfb297e081371cb05da2b2,INS,13300331,P,20170328093823,,,gx-no-cache=1490799990607 HTTP/1.1" 200 93
186.103.159.46 - - [29/Mar/2017:12:05:23 -0300] "GET /cormun/servlet/hpexe_return? HTTP/1.1" 200 1029
186.103.159.46 - - [29/Mar/2017:12:05:23 -0300] "GET /cormun/static/gxcfg.js?2016101716175148 HTTP/1.1" 304 -
186.103.159.46 - - [29/Mar/2017:12:05:23 -0300] "GET /cormun/static/hpexe_return.js?2016101716175153 HTTP/1.1" 304 -
186.103.159.46 - - [29/Mar/2017:12:05:24 -0300] "GET /cormun/servlet/trpermisosadjuntos?13300331,20170328093823,P, HTTP/1.1" 200 6645
200.86.95.220 - - [29/Mar/2017:12:05:25 -0300] "GET /cormun/servlet/solicitudotadjuntos?INS,2017,5794,,1, HTTP/1.1" 200 5805
200.86.95.220 - - [29/Mar/2017:12:05:25 -0300] "GET /cormun/static/about:blank HTTP/1.1" 404 1011
186.103.159.46 - - [29/Mar/2017:12:05:25 -0300] "GET /cormun/servlet/trpermisosadjuntos?13300331,20170328093823,P, HTTP/1.1" 200 6643
200.86.95.220 - - [29/Mar/2017:12:05:26 -0300] "GET /cormun/servlet/solicitudotadjuntos?INS,2017,5794,,1, HTTP/1.1" 200 5799
200.86.95.220 - - [29/Mar/2017:12:05:26 -0300] "GET /cormun/servlet/solicitudotadjuntos?1c4573ea31330ab33b9a264ae23c1893574709d75435af08a56cc069748fe4cde107b0b350e1a87695990253dc1734d1,gx-no-cache=1490799994707 HTTP/1.1" 200 30
200.86.95.220 - - [29/Mar/2017:12:05:26 -0300] "POST /cormun/servlet/solicitudotadjuntos?3f6f50972e170b6697c6fccb565db1ca,INS,2017,5794,,1,,gx-no-cache=1490799994783 HTTP/1.1" 200 3670
200.86.95.220 - - [29/Mar/2017:12:05:34 -0300] "POST /cormun/servlet/solicitudotadjuntos?gx-no-cache=1490800002063 HTTP/1.1" 200 26
186.103.159.46 - - [29/Mar/2017:12:05:35 -0300] "GET /cormun/servlet/permisosadjuntos?DLT,13300331,P,20170328093823,20170328093837, HTTP/1.1" 200 5450
186.103.159.46 - - [29/Mar/2017:12:05:36 -0300] "GET /cormun/PublicTempStorage/permiso_hectore_saldias_24954463.pdf HTTP/1.1" 200 527202
186.103.159.46 - - [29/Mar/2017:12:05:36 -0300] "GET /cormun/static/Shared/jqueryui/images/ui-icons_82798d_256x240.png HTTP/1.1" 404 1089
186.103.159.46 - - [29/Mar/2017:12:05:36 -0300] "GET /cormun/static/Shared/jqueryui/images/ui-bg_highlight-soft_100_c6c2c8_1x100.png HTTP/1.1" 404 1117
186.103.159.46 - - [29/Mar/2017:12:05:37 -0300] "GET /cormun/static/Shared/jqueryui/images/ui-bg_flat_55_fafafa_40x100.png HTTP/1.1" 404 1097
186.103.159.46 - - [29/Mar/2017:12:05:37 -0300] "GET /cormun/static/Shared/jqueryui/images/ui-icons_8d78a5_256x240.png HTTP/1.1" 404 1089
186.103.159.46 - - [29/Mar/2017:12:05:37 -0300] "GET /cormun/servlet/permisosadjuntos?DLT,13300331,P,20170328093823,20170328093837, HTTP/1.1" 200 5440
192.168.10.13 - - [29/Mar/2017:12:05:37 -0300] "GET / HTTP/1.1" 200 11217
186.103.159.46 - - [29/Mar/2017:12:05:39 -0300] "POST /cormun/servlet/permisosadjuntos?3502c710eccfb297e081371cb05da2b2,DLT,13300331,P,20170328093823,20170328093837,,gx-no-cache=1490800006007 HTTP/1.1" 200 93
186.103.159.46 - - [29/Mar/2017:12:05:39 -0300] "GET /cormun/servlet/hpexe_return? HTTP/1.1" 200 1033
186.103.159.46 - - [29/Mar/2017:12:05:39 -0300] "GET /cormun/servlet/trpermisosadjuntos?13300331,20170328093823,P, HTTP/1.1" 200 6557
186.103.159.46 - - [29/Mar/2017:12:05:41 -0300] "GET /cormun/servlet/trpermisosadjuntos?13300331,20170328093823,P, HTTP/1.1" 200 6553
200.86.95.220 - - [29/Mar/2017:12:05:41 -0300] "GET /cormun/servlet/solicitudotadjuntos?1c4573ea31330ab33b9a264ae23c1893a96a4b59264ff416d31e084b7bf5dcbe,gx-no-cache=1490800009891 HTTP/1.1" 200 30
200.86.95.220 - - [29/Mar/2017:12:05:41 -0300] "GET /cormun/servlet/solicitudotadjuntos?1c4573ea31330ab33b9a264ae23c1893a96a4b59264ff416d31e084b7bf5dcbe,gx-no-cache=1490800009947 HTTP/1.1" 200 30
200.86.95.220 - - [29/Mar/2017:12:05:43 -0300] "POST /cormun/servlet/solicitudotadjuntos?3f6f50972e170b6697c6fccb565db1ca,INS,2017,5794,,1, HTTP/1.1" 200 116
200.86.95.220 - - [29/Mar/2017:12:05:43 -0300] "GET /cormun/servlet/hpexe_return? HTTP/1.1" 200 1023
200.86.95.220 - - [29/Mar/2017:12:05:43 -0300] "GET /cormun/servlet/trsolicitudadjuntos?2017,5794, HTTP/1.1" 200 8358
186.103.159.46 - - [29/Mar/2017:12:05:44 -0300] "GET /cormun/servlet/permisosadjuntos?DLT,13300331,P,20170328093823,20170328094049, HTTP/1.1" 200 5454
200.86.95.220 - - [29/Mar/2017:12:05:44 -0300] "GET /cormun/servlet/trsolicitudadjuntos?2017,5794, HTTP/1.1" 200 8356
186.103.159.46 - - [29/Mar/2017:12:05:45 -0300] "GET /cormun/static/Shared/jqueryui/images/ui-bg_highlight-soft_100_c6c2c8_1x100.png HTTP/1.1" 404 1117
186.103.159.46 - - [29/Mar/2017:12:05:45 -0300] "GET /cormun/static/Shared/jqueryui/images/ui-icons_82798d_256x240.png HTTP/1.1" 404 1089
186.103.159.46 - - [29/Mar/2017:12:05:45 -0300] "GET /cormun/static/Shared/jqueryui/images/ui-bg_flat_55_fafafa_40x100.png HTTP/1.1" 404 1097
186.103.159.46 - - [29/Mar/2017:12:05:45 -0300] "GET /cormun/static/Shared/jqueryui/images/ui-icons_8d78a5_256x240.png HTTP/1.1" 404 1089
186.103.159.46 - - [29/Mar/2017:12:05:45 -0300] "GET /cormun/PublicTempStorage/permiso_hectore_saldias_36616075.pdf HTTP/1.1" 200 531069
186.103.159.46 - - [29/Mar/2017:12:05:45 -0300] "GET /cormun/servlet/permisosadjuntos?DLT,13300331,P,20170328093823,20170328094049, HTTP/1.1" 200 5443
200.86.95.220 - - [29/Mar/2017:12:05:46 -0300] "GET /cormun/servlet/solicitudotadjuntos?INS,2017,5794,,1, HTTP/1.1" 200 5805
200.86.95.220 - - [29/Mar/2017:12:05:46 -0300] "GET /cormun/static/about:blank HTTP/1.1" 404 1011
186.103.159.46 - - [29/Mar/2017:12:05:47 -0300] "POST /cormun/servlet/permisosadjuntos?3502c710eccfb297e081371cb05da2b2,DLT,13300331,P,20170328093823,20170328094049,,gx-no-cache=1490800014456 HTTP/1.1" 200 93
186.103.159.46 - - [29/Mar/2017:12:05:47 -0300] "GET /cormun/servlet/hpexe_return? HTTP/1.1" 200 1035
200.86.95.220 - - [29/Mar/2017:12:05:47 -0300] "GET /cormun/servlet/solicitudotadjuntos?INS,2017,5794,,1, HTTP/1.1" 200 5799
186.103.159.46 - - [29/Mar/2017:12:05:48 -0300] "GET /cormun/servlet/trpermisosadjuntos?13300331,20170328093823,P, HTTP/1.1" 200 6089
200.86.95.220 - - [29/Mar/2017:12:05:48 -0300] "GET /cormun/servlet/solicitudotadjuntos?1c4573ea31330ab33b9a264ae23c1893574709d75435af08a56cc069748fe4cde107b0b350e1a87695990253dc1734d1,gx-no-cache=1490800016237 HTTP/1.1" 200 30
200.86.95.220 - - [29/Mar/2017:12:05:48 -0300] "POST /cormun/servlet/solicitudotadjuntos?3f6f50972e170b6697c6fccb565db1ca,INS,2017,5794,,1,,gx-no-cache=1490800016325 HTTP/1.1" 200 3670
186.103.159.46 - - [29/Mar/2017:12:05:49 -0300] "GET /cormun/servlet/trpermisosadjuntos?13300331,20170328093823,P, HTTP/1.1" 200 6085
200.86.95.220 - - [29/Mar/2017:12:05:52 -0300] "POST /cormun/servlet/solicitudotadjuntos?gx-no-cache=1490800020376 HTTP/1.1" 200 26
186.103.159.46 - - [29/Mar/2017:12:05:54 -0300] "POST /cormun/servlet/trpermisosadjuntos?3502c710eccfb297e081371cb05da2b2,13300331,20170328093823,P,,gx-no-cache=1490800021756 HTTP/1.1" 200 90
186.103.159.46 - - [29/Mar/2017:12:05:54 -0300] "GET /cormun/servlet/hpexe_link HTTP/1.1" 200 975
186.103.159.46 - - [29/Mar/2017:12:05:55 -0300] "GET /cormun/servlet/trpermisosgoce HTTP/1.1" 200 12390
186.103.159.46 - - [29/Mar/2017:12:05:56 -0300] "GET /cormun/servlet/trpermisosgoce HTTP/1.1" 200 12398
186.103.159.46 - - [29/Mar/2017:12:06:01 -0300] "GET /cormun/servlet/apermisogoceprn?13300331,P,20170328093823,PU HTTP/1.1" 200 1659
200.86.95.220 - - [29/Mar/2017:12:06:02 -0300] "GET /cormun/servlet/solicitudotadjuntos?1c4573ea31330ab33b9a264ae23c1893a96a4b59264ff416d31e084b7bf5dcbe,gx-no-cache=1490800030172 HTTP/1.1" 200 30
200.86.95.220 - - [29/Mar/2017:12:06:02 -0300] "GET /cormun/servlet/solicitudotadjuntos?1c4573ea31330ab33b9a264ae23c1893a96a4b59264ff416d31e084b7bf5dcbe,gx-no-cache=1490800030206 HTTP/1.1" 200 30
200.86.95.220 - - [29/Mar/2017:12:06:03 -0300] "POST /cormun/servlet/solicitudotadjuntos?3f6f50972e170b6697c6fccb565db1ca,INS,2017,5794,,1, HTTP/1.1" 200 116
200.86.95.220 - - [29/Mar/2017:12:06:03 -0300] "GET /cormun/servlet/hpexe_return? HTTP/1.1" 200 1023
200.86.95.220 - - [29/Mar/2017:12:06:03 -0300] "GET /cormun/servlet/trsolicitudadjuntos?2017,5794, HTTP/1.1" 200 8491
200.86.95.220 - - [29/Mar/2017:12:06:05 -0300] "GET /cormun/servlet/trsolicitudadjuntos?2017,5794, HTTP/1.1" 200 8487
200.86.95.220 - - [29/Mar/2017:12:06:06 -0300] "GET /cormun/servlet/solicitudotadjuntos?INS,2017,5794,,1, HTTP/1.1" 200 5805
200.86.95.220 - - [29/Mar/2017:12:06:07 -0300] "GET /cormun/static/about:blank HTTP/1.1" 404 1011
200.86.95.220 - - [29/Mar/2017:12:06:07 -0300] "GET /cormun/servlet/solicitudotadjuntos?INS,2017,5794,,1, HTTP/1.1" 200 5799
200.86.95.220 - - [29/Mar/2017:12:06:08 -0300] "GET /cormun/servlet/solicitudotadjuntos?1c4573ea31330ab33b9a264ae23c1893574709d75435af08a56cc069748fe4cde107b0b350e1a87695990253dc1734d1,gx-no-cache=1490800036483 HTTP/1.1" 200 30
200.86.95.220 - - [29/Mar/2017:12:06:08 -0300] "POST /cormun/servlet/solicitudotadjuntos?3f6f50972e170b6697c6fccb565db1ca,INS,2017,5794,,1,,gx-no-cache=1490800036564 HTTP/1.1" 200 3670
200.86.95.220 - - [29/Mar/2017:12:06:11 -0300] "POST /cormun/servlet/solicitudotadjuntos?gx-no-cache=1490800039119 HTTP/1.1" 200 26
200.86.95.220 - - [29/Mar/2017:12:06:21 -0300] "GET /cormun/servlet/solicitudotadjuntos?1c4573ea31330ab33b9a264ae23c1893a96a4b59264ff416d31e084b7bf5dcbe,gx-no-cache=1490800049724 HTTP/1.1" 200 30
200.86.95.220 - - [29/Mar/2017:12:06:21 -0300] "GET /cormun/servlet/solicitudotadjuntos?1c4573ea31330ab33b9a264ae23c1893a96a4b59264ff416d31e084b7bf5dcbe,gx-no-cache=1490800049817 HTTP/1.1" 200 30
200.86.95.220 - - [29/Mar/2017:12:06:22 -0300] "POST /cormun/servlet/solicitudotadjuntos?3f6f50972e170b6697c6fccb565db1ca,INS,2017,5794,,1, HTTP/1.1" 200 116
200.86.95.220 - - [29/Mar/2017:12:06:23 -0300] "GET /cormun/servlet/hpexe_return? HTTP/1.1" 200 1023
200.86.95.220 - - [29/Mar/2017:12:06:23 -0300] "GET /cormun/servlet/trsolicitudadjuntos?2017,5794, HTTP/1.1" 200 8656
200.86.95.220 - - [29/Mar/2017:12:06:25 -0300] "GET /cormun/servlet/trsolicitudadjuntos?2017,5794, HTTP/1.1" 200 8653
200.86.95.220 - - [29/Mar/2017:12:06:26 -0300] "GET /cormun/servlet/solicitudotadjuntos?INS,2017,5794,,1, HTTP/1.1" 200 5805
200.86.95.220 - - [29/Mar/2017:12:06:26 -0300] "GET /cormun/static/about:blank HTTP/1.1" 404 1011
200.86.95.220 - - [29/Mar/2017:12:06:27 -0300] "GET /cormun/servlet/solicitudotadjuntos?INS,2017,5794,,1, HTTP/1.1" 200 5799
200.86.95.220 - - [29/Mar/2017:12:06:28 -0300] "GET /cormun/servlet/solicitudotadjuntos?1c4573ea31330ab33b9a264ae23c1893574709d75435af08a56cc069748fe4cde107b0b350e1a87695990253dc1734d1,gx-no-cache=1490800056245 HTTP/1.1" 200 30
200.86.95.220 - - [29/Mar/2017:12:06:28 -0300] "POST /cormun/servlet/solicitudotadjuntos?3f6f50972e170b6697c6fccb565db1ca,INS,2017,5794,,1,,gx-no-cache=1490800056286 HTTP/1.1" 200 3672
200.86.95.220 - - [29/Mar/2017:12:06:31 -0300] "POST /cormun/servlet/solicitudotadjuntos?gx-no-cache=1490800059416 HTTP/1.1" 200 26
186.103.159.46 - - [29/Mar/2017:12:06:35 -0300] "GET /cormun/servlet/apermisogoceprn?13300331,P,20170328094029,PU HTTP/1.1" 200 1678
192.168.10.13 - - [29/Mar/2017:12:06:37 -0300] "GET / HTTP/1.1" 200 11217
200.86.95.220 - - [29/Mar/2017:12:06:42 -0300] "GET /cormun/servlet/solicitudotadjuntos?1c4573ea31330ab33b9a264ae23c1893a96a4b59264ff416d31e084b7bf5dcbe,gx-no-cache=1490800070317 HTTP/1.1" 200 30
200.86.95.220 - - [29/Mar/2017:12:06:42 -0300] "GET /cormun/servlet/solicitudotadjuntos?1c4573ea31330ab33b9a264ae23c1893a96a4b59264ff416d31e084b7bf5dcbe,gx-no-cache=1490800070358 HTTP/1.1" 200 30
200.86.95.220 - - [29/Mar/2017:12:06:43 -0300] "POST /cormun/servlet/solicitudotadjuntos?3f6f50972e170b6697c6fccb565db1ca,INS,2017,5794,,1, HTTP/1.1" 200 116
200.86.95.220 - - [29/Mar/2017:12:06:43 -0300] "GET /cormun/servlet/hpexe_return? HTTP/1.1" 200 1023
200.86.95.220 - - [29/Mar/2017:12:06:44 -0300] "GET /cormun/servlet/trsolicitudadjuntos?2017,5794, HTTP/1.1" 200 8877
200.86.95.220 - - [29/Mar/2017:12:06:45 -0300] "GET /cormun/servlet/trsolicitudadjuntos?2017,5794, HTTP/1.1" 200 8874
186.103.159.46 - - [29/Mar/2017:12:07:06 -0300] "GET /cormun/servlet/apermisogoceprn?12912142,P,20170328150306,PU HTTP/1.1" 200 1652
200.86.95.220 - - [29/Mar/2017:12:07:08 -0300] "POST /cormun/servlet/trsolicitudadjuntos?3f6f50972e170b6697c6fccb565db1ca,2017,5794,,gx-no-cache=1490800096410 HTTP/1.1" 200 90
200.86.95.220 - - [29/Mar/2017:12:07:08 -0300] "GET /cormun/servlet/hpexe_link HTTP/1.1" 200 968
200.86.95.220 - - [29/Mar/2017:12:07:08 -0300] "GET /cormun/servlet/trsolicitudot HTTP/1.1" 200 8577
200.86.95.220 - - [29/Mar/2017:12:07:10 -0300] "GET /cormun/servlet/trsolicitudot HTTP/1.1" 200 8575
200.86.95.220 - - [29/Mar/2017:12:07:31 -0300] "POST /cormun/servlet/trsolicitudot?3f6f50972e170b6697c6fccb565db1ca,gx-no-cache=1490800118872 HTTP/1.1" 200 5317
200.86.95.220 - - [29/Mar/2017:12:07:31 -0300] "GET /cormun/static/Shared/jqueryui/images/ui-bg_highlight-soft_100_c6c2c8_1x100.png HTTP/1.1" 404 1117
200.86.95.220 - - [29/Mar/2017:12:07:31 -0300] "GET /cormun/static/Shared/jqueryui/images/ui-icons_82798d_256x240.png HTTP/1.1" 404 1089
200.86.95.220 - - [29/Mar/2017:12:07:31 -0300] "GET /cormun/static/Shared/jqueryui/images/ui-bg_flat_55_fafafa_40x100.png HTTP/1.1" 404 1097
200.86.95.220 - - [29/Mar/2017:12:07:31 -0300] "GET /cormun/static/Shared/jqueryui/images/ui-icons_8d78a5_256x240.png HTTP/1.1" 404 1089
200.86.95.220 - - [29/Mar/2017:12:07:31 -0300] "POST /cormun/servlet/trsolicitudot?3f6f50972e170b6697c6fccb565db1ca,gx-no-cache=1490800119371 HTTP/1.1" 200 5260
192.168.10.13 - - [29/Mar/2017:12:07:37 -0300] "GET / HTTP/1.1" 200 11217
200.86.95.220 - - [29/Mar/2017:12:07:43 -0300] "GET /cormun/servlet/solicitudot?INS,0,0, HTTP/1.1" 200 12565
200.86.95.220 - - [29/Mar/2017:12:07:44 -0300] "GET /cormun/servlet/solicitudot?INS,0,0, HTTP/1.1" 200 12570
200.112.0.19 - - [29/Mar/2017:12:07:51 -0300] "GET /cormun/servlet/hlogin HTTP/1.1" 200 1722
200.112.0.19 - - [29/Mar/2017:12:07:52 -0300] "GET /cormun/static/Resources/Spanish/PXTools.css?11294912 HTTP/1.1" 304 -
200.112.0.19 - - [29/Mar/2017:12:07:52 -0300] "GET /cormun/static/gxcfg.js?201731711485472 HTTP/1.1" 304 -
200.112.0.19 - - [29/Mar/2017:12:07:52 -0300] "GET /cormun/static/messages.spa.js?85251 HTTP/1.1" 304 -
200.112.0.19 - - [29/Mar/2017:12:07:52 -0300] "GET /cormun/static/hlogin.js?201731711485490 HTTP/1.1" 304 -
200.112.0.19 - - [29/Mar/2017:12:07:52 -0300] "GET /cormun/servlet/hlogin HTTP/1.1" 200 1730
200.86.95.220 - - [29/Mar/2017:12:07:58 -0300] "POST /cormun/servlet/solicitudot?gx-no-cache=1490800146346 HTTP/1.1" 200 3081
200.86.95.220 - - [29/Mar/2017:12:07:58 -0300] "POST /cormun/servlet/solicitudot?3f6f50972e170b6697c6fccb565db1ca,INS,0,0,,gx-no-cache=1490800146685 HTTP/1.1" 200 9672
200.112.0.19 - - [29/Mar/2017:12:08:10 -0300] "POST /cormun/servlet/hlogin?6613087f678514a98d528295b2d9c2ac,gx-no-cache=1490800162404 HTTP/1.1" 200 90
200.112.0.19 - - [29/Mar/2017:12:08:10 -0300] "GET /cormun/servlet/hpexe_link HTTP/1.1" 200 948
200.112.0.19 - - [29/Mar/2017:12:08:10 -0300] "GET /cormun/static/hpexe_link.js?201731711483384 HTTP/1.1" 304 -
200.112.0.19 - - [29/Mar/2017:12:08:10 -0300] "GET /cormun/static/gxcfg.js?201731711483381 HTTP/1.1" 304 -
200.112.0.19 - - [29/Mar/2017:12:08:10 -0300] "GET /cormun/servlet/hhome HTTP/1.1" 200 3938
200.112.0.19 - - [29/Mar/2017:12:08:10 -0300] "GET /cormun/static/gxcfg.js?201731711483497 HTTP/1.1" 304 -
200.112.0.19 - - [29/Mar/2017:12:08:11 -0300] "GET /cormun/static/hpexe_recentlink.js?201610171694390 HTTP/1.1" 304 -
200.112.0.19 - - [29/Mar/2017:12:08:11 -0300] "GET /cormun/static/hhome.js?20173171148352 HTTP/1.1" 304 -
200.112.0.19 - - [29/Mar/2017:12:08:11 -0300] "GET /cormun/static/hwchdr01.js?201731711335950 HTTP/1.1" 304 -
200.112.0.19 - - [29/Mar/2017:12:08:11 -0300] "GET /cormun/static/hpexe_scripts.js?201731711335890 HTTP/1.1" 304 -
200.112.0.19 - - [29/Mar/2017:12:08:11 -0300] "GET /cormun/static/hpexe_messagecontroller.js?201610171694323 HTTP/1.1" 304 -
200.112.0.19 - - [29/Mar/2017:12:08:11 -0300] "GET /cormun/static/hpexe_messagepopupcomponent.js?20161017169425 HTTP/1.1" 304 -
200.112.0.19 - - [29/Mar/2017:12:08:11 -0300] "GET /cormun/static/hpexe_messagegenexuscomponent.js?201731711335537 HTTP/1.1" 304 -
200.112.0.19 - - [29/Mar/2017:12:08:11 -0300] "GET /cormun/static/cmcontrolpreferences.js?201731711335852 HTTP/1.1" 304 -
200.112.0.19 - - [29/Mar/2017:12:08:11 -0300] "GET /cormun/static/hmpwkw03.js?201731711485354 HTTP/1.1" 304 -
200.112.0.19 - - [29/Mar/2017:12:08:12 -0300] "GET /cormun/servlet/hhome HTTP/1.1" 200 3934
200.86.95.220 - - [29/Mar/2017:12:08:12 -0300] "GET /cormun/servlet/solicitudot?1c4573ea31330ab33b9a264ae23c1893b6526481077c96ea49db93786ca8d0b8036a85e42765bf5337717304da83af8d,gx-no-cache=1490800160873 HTTP/1.1" 200 30
186.103.159.46 - - [29/Mar/2017:12:08:14 -0300] "POST /cormun/servlet/trpermisosgoce?3502c710eccfb297e081371cb05da2b2,gx-no-cache=1490800161565 HTTP/1.1" 200 9542
186.103.159.46 - - [29/Mar/2017:12:08:17 -0300] "GET /cormun/servlet/apermisogoceprn?17458217,P,20170327170308,PU HTTP/1.1" 200 1653
200.112.0.19 - - [29/Mar/2017:12:08:18 -0300] "GET /cormun/servlet/trsolicitudot? HTTP/1.1" 200 6902
200.112.0.19 - - [29/Mar/2017:12:08:18 -0300] "GET /cormun/static/gxcfg.js?201731711505139 HTTP/1.1" 304 -
200.112.0.19 - - [29/Mar/2017:12:08:18 -0300] "GET /cormun/static/trsolicitudot.js?20173171151116 HTTP/1.1" 304 -
200.112.0.19 - - [29/Mar/2017:12:08:19 -0300] "GET /cormun/servlet/trsolicitudot? HTTP/1.1" 200 6901
200.112.0.19 - - [29/Mar/2017:12:08:23 -0300] "GET /cormun/servlet/solicitudot?INS,0,0, HTTP/1.1" 200 12746
200.112.0.19 - - [29/Mar/2017:12:08:23 -0300] "GET /cormun/static/gxcfg.js?20171191042720 HTTP/1.1" 304 -
200.112.0.19 - - [29/Mar/2017:12:08:23 -0300] "GET /cormun/static/Resources/Spanish/PXTools.css?18365030 HTTP/1.1" 304 -
200.112.0.19 - - [29/Mar/2017:12:08:24 -0300] "GET /cormun/static/solicitudot.js?2017119104297 HTTP/1.1" 304 -
200.112.0.19 - - [29/Mar/2017:12:08:25 -0300] "GET /cormun/servlet/solicitudot?INS,0,0, HTTP/1.1" 200 12751
192.168.10.13 - - [29/Mar/2017:12:08:37 -0300] "GET / HTTP/1.1" 200 11217
186.103.159.46 - - [29/Mar/2017:12:08:38 -0300] "GET /cormun/servlet/apermisogoceprn?7452197,P,20170327170606,PU HTTP/1.1" 200 1658
200.112.0.19 - - [29/Mar/2017:12:09:14 -0300] "GET /cormun/servlet/prfichaempleado?,MD,,gxPopupLevel%3D0%3B HTTP/1.1" 200 8805
200.112.0.19 - - [29/Mar/2017:12:09:14 -0300] "GET /cormun/static/Resources/Spanish/PXTools.css?167811 HTTP/1.1" 304 -
200.112.0.19 - - [29/Mar/2017:12:09:14 -0300] "GET /cormun/static/gxcfg.js?2016102420561687 HTTP/1.1" 304 -
200.112.0.19 - - [29/Mar/2017:12:09:14 -0300] "GET /cormun/static/prfichaempleado.js?201610242056198 HTTP/1.1" 304 -
200.112.0.19 - - [29/Mar/2017:12:09:14 -0300] "GET /cormun/static/menusearch.js?201610171694467 HTTP/1.1" 304 -
200.112.0.19 - - [29/Mar/2017:12:09:14 -0300] "GET /cormun/static/hmpwkw011.js?201731711483558 HTTP/1.1" 304 -
186.103.159.46 - - [29/Mar/2017:12:09:22 -0300] "GET /cormun/servlet/apermisogoceprn?13782497,P,20170322125716,PU HTTP/1.1" 200 1654
200.112.0.19 - - [29/Mar/2017:12:09:30 -0300] "POST /cormun/servlet/prfichaempleado?6613087f678514a98d528295b2d9c2ac,,MD,,gxPopupLevel%3D0%3B,gx-no-cache=1490800242636 HTTP/1.1" 200 3400
192.168.10.13 - - [29/Mar/2017:12:09:37 -0300] "GET / HTTP/1.1" 200 11217
186.103.159.46 - - [29/Mar/2017:12:09:40 -0300] "GET /cormun/servlet/apermisogoceprn?11142601,P,20170321130704,PU HTTP/1.1" 200 1652
200.112.0.19 - - [29/Mar/2017:12:09:41 -0300] "POST /cormun/servlet/solicitudot?gx-no-cache=1490800253130 HTTP/1.1" 200 3201
200.112.0.19 - - [29/Mar/2017:12:09:41 -0300] "POST /cormun/servlet/solicitudot?6613087f678514a98d528295b2d9c2ac,INS,0,0,,gx-no-cache=1490800253738 HTTP/1.1" 200 9973
200.112.0.19 - - [29/Mar/2017:12:09:42 -0300] "GET /cormun/servlet/solicitudot?0aa56eec51d529d70fff8a797628e06dc645cedb725c26534ae13ca5de6486f23b78de7f444b63c9dd7137c42dd25e1c,gx-no-cache=1490800254532 HTTP/1.1" 200 30
200.86.95.220 - - [29/Mar/2017:12:09:52 -0300] "POST /cormun/servlet/solicitudot?gx-no-cache=1490800260346 HTTP/1.1" 200 240
200.86.95.220 - - [29/Mar/2017:12:09:54 -0300] "GET /cormun/servlet/solicitudot?1c4573ea31330ab33b9a264ae23c18931eb76994f52fd8ff41121e9049157f4405fbc83a8cd6d2493cd02513584acbed4c53ca84531e0c27023bdd1f6c2b8aab4ea42cc438a07ce9643f417af4cfe405714c28fcc8c7fab4d770accd1e8aae17e3859613e6aba2d5112883493feee24305fd23e02f15c0559e12af210a201f3b5c16bec2b2b3279aab9c08eef84f5859d2ff3b9b7d6a89665cce1af653993d9ea295b39cc85a1708e1d8a04d9374c47ae1eb0e0a7e4c8f75214054545a05a837ab25856b99c34d39534a9297659c2bf499468de3b096bea9c3f4d47b7284689a4334eef0c87f9721e28ceb58a5e666b7266777331f526e1788f5a61d680493471c2745c58c96a0c271f354daa03deffd798e1fc2b7d31dd152598fc02ac31eb78d0321bc360d59d6b9be8d3915136d7f18dc421d9b27214fc0196a627eb9a40edb950a10ed27cd0923e989c4e5958673c9f6ae0a791c77d4cc3972dae42f73fb0a8889ae7262005db1e0d1e7edd9d0a1820e51c6dd32363787d1ddb22c6b7e61,gx-no-cache=1490800262793 HTTP/1.1" 200 30
200.86.95.220 - - [29/Mar/2017:12:09:59 -0300] "POST /cormun/servlet/solicitudot?gx-no-cache=1490800267008 HTTP/1.1" 200 30
200.86.95.220 - - [29/Mar/2017:12:10:01 -0300] "GET /cormun/servlet/prsolicitudot?15803408,,,,,MD,,gxPopupLevel%3D0%3B HTTP/1.1" 200 5895
200.86.95.220 - - [29/Mar/2017:12:10:01 -0300] "GET /cormun/static/gxcfg.js?201731711522567 HTTP/1.1" 200 953
200.86.95.220 - - [29/Mar/2017:12:10:02 -0300] "GET /cormun/static/prsolicitudot.js?201731711522786 HTTP/1.1" 200 13680
186.103.159.46 - - [29/Mar/2017:12:10:08 -0300] "GET /cormun/servlet/apermisogoceprn?11756419,P,20170321164002,PU HTTP/1.1" 200 1666
200.86.95.220 - - [29/Mar/2017:12:10:08 -0300] "POST /cormun/servlet/solicitudot?gx-no-cache=1490800276479 HTTP/1.1" 200 296
200.86.95.220 - - [29/Mar/2017:12:10:08 -0300] "GET /cormun/static/Shared/jqueryui/images/ui-bg_highlight-soft_100_c6c2c8_1x100.png HTTP/1.1" 404 1117
200.86.95.220 - - [29/Mar/2017:12:10:08 -0300] "GET /cormun/static/Shared/jqueryui/images/ui-icons_82798d_256x240.png HTTP/1.1" 404 1089
200.86.95.220 - - [29/Mar/2017:12:10:08 -0300] "GET /cormun/static/Shared/jqueryui/images/ui-bg_flat_55_994d53_40x100.png HTTP/1.1" 404 1097
200.86.95.220 - - [29/Mar/2017:12:10:08 -0300] "POST /cormun/servlet/solicitudot?gx-no-cache=1490800276672 HTTP/1.1" 200 117
200.86.95.220 - - [29/Mar/2017:12:10:08 -0300] "GET /cormun/static/Shared/jqueryui/images/ui-icons_ebccce_256x240.png HTTP/1.1" 404 1089
200.86.95.220 - - [29/Mar/2017:12:10:08 -0300] "GET /cormun/servlet/solicitudot?1c4573ea31330ab33b9a264ae23c18930825cbcd284c38c508d8d88850e45e64a8b3213a2533583a2eae1d48c27e381d3394f7cbb14ca47b26cf28a7993a9d4f1e93a0c68a25d15f5c04a6a48721bfc004f8193399b308e5f96f1f8dbd210df456c066ced853efc0512282036d931f9b,gx-no-cache=1490800276747 HTTP/1.1" 200 29
200.86.95.220 - - [29/Mar/2017:12:10:08 -0300] "GET /cormun/servlet/solicitudot?1c4573ea31330ab33b9a264ae23c1893d42bd7733606324cdf42ccbbe6b3a5284cd7b077f8d14b14d901902dfca4722bb77bc38eabd4e28be955b1577af0306a4d116bde5b528fe5bae54ead8ac55f4620fdb6cfd06853eaacc679e086de6429effb4b117fcd4890cfcaaab466f8c029bbf850bd3dc799af5d0daed490fea2a1e5c51fb90d3d9ddf201a84f156a92d4ece965c6328729b46d1168287cc94ee77,gx-no-cache=1490800276798 HTTP/1.1" 200 57
200.86.95.220 - - [29/Mar/2017:12:10:08 -0300] "GET /cormun/servlet/solicitudot?1c4573ea31330ab33b9a264ae23c18932dd5e85f67d0dd22a0758d87dee3d4454cd7b077f8d14b14d901902dfca4722bb77bc38eabd4e28be955b1577af0306a0276ef4f6faf05c015ec5ce0b9acf0f79680389589974b4f3cc3c05cfcd0542b713363c7cc649374eef01778ca4b49a4eba67160d9adc14076250e53e565bb08,gx-no-cache=1490800276856 HTTP/1.1" 200 57
200.86.95.220 - - [29/Mar/2017:12:10:18 -0300] "GET /cormun/servlet/prfichaempleado?,MD,,gxPopupLevel%3D0%3B HTTP/1.1" 200 8824
200.86.95.220 - - [29/Mar/2017:12:10:28 -0300] "POST /cormun/servlet/prfichaempleado?3f6f50972e170b6697c6fccb565db1ca,,MD,,gxPopupLevel%3D0%3B,gx-no-cache=1490800296314 HTTP/1.1" 200 3406
186.103.159.46 - - [29/Mar/2017:12:10:30 -0300] "GET /cormun/servlet/apermisogoceprn?15731592,P,20170321164517,PU HTTP/1.1" 200 1679
200.86.95.220 - - [29/Mar/2017:12:10:33 -0300] "GET /cormun/servlet/prlicenciaspermisos?10820282,L,,MD,,gxPopupLevel%3D0%3B HTTP/1.1" 200 7255
192.168.10.13 - - [29/Mar/2017:12:10:37 -0300] "GET / HTTP/1.1" 200 11217
186.103.159.46 - - [29/Mar/2017:12:10:48 -0300] "GET /cormun/servlet/apermisogoceprn?7452197,P,20170321131143,PU HTTP/1.1" 200 1656
200.86.95.220 - - [29/Mar/2017:12:10:54 -0300] "POST /cormun/servlet/solicitudot?gx-no-cache=1490800322370 HTTP/1.1" 200 1291
200.86.95.220 - - [29/Mar/2017:12:10:57 -0300] "POST /cormun/servlet/solicitudot?gx-no-cache=1490800325936 HTTP/1.1" 200 41
200.86.95.220 - - [29/Mar/2017:12:11:14 -0300] "POST /cormun/servlet/solicitudot?gx-no-cache=1490800342702 HTTP/1.1" 200 1275
200.86.95.220 - - [29/Mar/2017:12:11:14 -0300] "POST /cormun/servlet/solicitudot?gx-no-cache=1490800342825 HTTP/1.1" 200 1157
200.86.95.220 - - [29/Mar/2017:12:11:14 -0300] "GET /cormun/servlet/solicitudot?1c4573ea31330ab33b9a264ae23c18937549e7466949612785ffd1e9db30769ed4c3b95ac4d5b9d80a31d035a8570e74265bde06e0a079b943ba77050de0c85373913b0063e0f5239c7e8abd64511e53e5c51fb90d3d9ddf201a84f156a92d4e91eb3fcce7682e2b528c903ef76877b0523097f3d9d5dd1cfa52b03d895dd2fa89a3b80df9bde6d23da86c46a8cc589f6807fe8ebfca21b38812df3786f5437ef2c3317904a16979b0c9caf9b29164d8cf22e2bb0da8c9f30b23039ce5addcb6,gx-no-cache=1490800342931 HTTP/1.1" 200 30
186.103.159.46 - - [29/Mar/2017:12:11:18 -0300] "GET /cormun/servlet/apermisogoceprn?18375762,P,20170321130416,PU HTTP/1.1" 200 1657
200.112.0.19 - - [29/Mar/2017:12:11:25 -0300] "POST /cormun/servlet/solicitudot?gx-no-cache=1490800357676 HTTP/1.1" 200 240
200.112.0.19 - - [29/Mar/2017:12:11:25 -0300] "GET /cormun/servlet/solicitudot?0aa56eec51d529d70fff8a797628e06de40b1bc6f9d335119e6cda833e0cf32e9814395bd46bc5e027037746bf1bcb8f330d7d2799f39ded3317d4f6817fa9ae94c35ba736021ea2978bb06e934a1ef1ad596673e7c35ecd2aaaf0ab88362745a8ab8afcf4dfcc34d9a5d48f8f98fdab193c6a5f95bd984ff2ebd690906d37556255f193158f4429aafc836c3719e1948d6b068b3f2b3563248b2f5e32e6b9519c10716477f1533ba2f6ce3e4759fd88ff559857713e3e83de5d7492e4f7dde0579c7abeb9ce27d13da7344830596a63bc197e7e30093112843ee7088804ebde31590708f586a8cf4c3a5983a9458bac952425bad5972cadfc893b2b13a4bdf160a19092f5cf05e16d0a38518de4d438274837dd671577686920a76c0aa7902c92fbe6709fe846105520a5a22f06978c80ed9a330475fa649e448b043cb9d054ca58ef96ca3c9c65df7bb972602f5cd77a7afa539565012ee9992c92be5c44be80048c3e4258c57bddbe67c829714358c23e036a6b65d569d5a3641cdbe786ee,gx-no-cache=1490800357907 HTTP/1.1" 200 30
200.112.0.19 - - [29/Mar/2017:12:11:25 -0300] "POST /cormun/servlet/solicitudot?gx-no-cache=1490800358074 HTTP/1.1" 200 30
200.112.0.19 - - [29/Mar/2017:12:11:25 -0300] "POST /cormun/servlet/solicitudot?gx-no-cache=1490800358277 HTTP/1.1" 200 235
200.112.0.19 - - [29/Mar/2017:12:11:26 -0300] "POST /cormun/servlet/solicitudot?gx-no-cache=1490800358541 HTTP/1.1" 200 38
192.168.10.13 - - [29/Mar/2017:12:11:37 -0300] "GET / HTTP/1.1" 200 11217
200.112.0.19 - - [29/Mar/2017:12:11:42 -0300] "POST /cormun/servlet/solicitudot?gx-no-cache=1490800374972 HTTP/1.1" 200 30
200.112.0.19 - - [29/Mar/2017:12:11:56 -0300] "GET /cormun/servlet/prfichaempleado?,MD,,gxPopupLevel%3D0%3B HTTP/1.1" 200 8805
186.103.159.46 - - [29/Mar/2017:12:12:01 -0300] "GET /cormun/servlet/apermisogoceprn?9569964,P,20170321130907,PU HTTP/1.1" 200 1646
200.112.0.19 - - [29/Mar/2017:12:12:11 -0300] "POST /cormun/servlet/prfichaempleado?6613087f678514a98d528295b2d9c2ac,,MD,,gxPopupLevel%3D0%3B,gx-no-cache=1490800403236 HTTP/1.1" 200 3396
200.112.0.19 - - [29/Mar/2017:12:12:21 -0300] "GET /cormun/servlet/prlicenciaspermisos?13099340,L,,MD,,gxPopupLevel%3D0%3B HTTP/1.1" 200 6109
200.112.0.19 - - [29/Mar/2017:12:12:21 -0300] "GET /cormun/static/gxcfg.js?20173171152124 HTTP/1.1" 304 -
200.112.0.19 - - [29/Mar/2017:12:12:21 -0300] "GET /cormun/static/prlicenciaspermisos.js?20173171152323 HTTP/1.1" 304 -
200.112.0.19 - - [29/Mar/2017:12:12:35 -0300] "POST /cormun/servlet/solicitudot?gx-no-cache=1490800427881 HTTP/1.1" 200 1291
192.168.10.13 - - [29/Mar/2017:12:12:37 -0300] "GET / HTTP/1.1" 200 11217
200.112.0.19 - - [29/Mar/2017:12:12:42 -0300] "GET /cormun/servlet/prlicenciaspermisos?13099340,L,,MD,,gxPopupLevel%3D0%3B HTTP/1.1" 200 6109
200.86.95.220 - - [29/Mar/2017:12:12:43 -0300] "POST /cormun/servlet/solicitudot?gx-no-cache=1490800431358 HTTP/1.1" 200 1275
200.86.95.220 - - [29/Mar/2017:12:12:43 -0300] "POST /cormun/servlet/solicitudot?gx-no-cache=1490800431532 HTTP/1.1" 200 1157
200.86.95.220 - - [29/Mar/2017:12:12:43 -0300] "GET /cormun/servlet/solicitudot?1c4573ea31330ab33b9a264ae23c18937549e7466949612785ffd1e9db30769ed4c3b95ac4d5b9d80a31d035a8570e74265bde06e0a079b943ba77050de0c85373913b0063e0f5239c7e8abd64511e53e5c51fb90d3d9ddf201a84f156a92d4e91eb3fcce7682e2b528c903ef76877b0523097f3d9d5dd1cfa52b03d895dd2fa89a3b80df9bde6d23da86c46a8cc589f6807fe8ebfca21b38812df3786f5437ef2c3317904a16979b0c9caf9b29164d8cf22e2bb0da8c9f30b23039ce5addcb6,gx-no-cache=1490800431659 HTTP/1.1" 200 30
186.103.159.46 - - [29/Mar/2017:12:12:48 -0300] "GET /cormun/servlet/apermisogoceprn?9517647,P,20170315105719,PU HTTP/1.1" 200 1662
200.111.191.210 - - [29/Mar/2017:12:12:57 -0300] "GET /cormun/servlet/hlogin HTTP/1.1" 200 1726
200.111.191.210 - - [29/Mar/2017:12:12:57 -0300] "GET /cormun/static/Resources/Spanish/PXTools.css?11294912 HTTP/1.1" 304 -
200.111.191.210 - - [29/Mar/2017:12:12:57 -0300] "GET /cormun/static/gxcfg.js?201731711485472 HTTP/1.1" 304 -
200.111.191.210 - - [29/Mar/2017:12:12:57 -0300] "GET /cormun/static/messages.spa.js?85251 HTTP/1.1" 304 -
200.111.191.210 - - [29/Mar/2017:12:12:57 -0300] "GET /cormun/static/hlogin.js?201731711485490 HTTP/1.1" 304 -
200.111.191.210 - - [29/Mar/2017:12:12:57 -0300] "GET /cormun/servlet/hlogin HTTP/1.1" 200 1737
200.86.95.220 - - [29/Mar/2017:12:13:04 -0300] "POST /cormun/servlet/solicitudot?3f6f50972e170b6697c6fccb565db1ca,INS,0,0,,gx-no-cache=1490800451758 HTTP/1.1" 200 93
200.86.95.220 - - [29/Mar/2017:12:13:04 -0300] "GET /cormun/servlet/hpexe_return? HTTP/1.1" 200 1025
200.86.95.220 - - [29/Mar/2017:12:13:04 -0300] "GET /cormun/servlet/trsolicitudot?gx-no-cache=1490800119371 HTTP/1.1" 200 8572
200.86.95.220 - - [29/Mar/2017:12:13:06 -0300] "GET /cormun/servlet/trsolicitudot?gx-no-cache=1490800119371 HTTP/1.1" 200 8589
192.168.10.96 - - [29/Mar/2017:12:13:14 -0300] "GET /cormun/servlet/hlogin HTTP/1.1" 200 1743
186.103.159.46 - - [29/Mar/2017:12:13:17 -0300] "GET /cormun/servlet/apermisogoceprn?10940177,P,20170314121552,PU HTTP/1.1" 200 1652
192.168.10.96 - - [29/Mar/2017:12:13:21 -0300] "POST /cormun/servlet/hlogin?23210916a3f15a24482cb0ccd40616b3,gx-no-cache=1490803679384 HTTP/1.1" 200 461
192.168.10.96 - - [29/Mar/2017:12:13:26 -0300] "POST /cormun/servlet/hlogin?23210916a3f15a24482cb0ccd40616b3,gx-no-cache=1490803684951 HTTP/1.1" 200 90
192.168.10.96 - - [29/Mar/2017:12:13:26 -0300] "GET /cormun/servlet/hpexe_link HTTP/1.1" 200 950
192.168.10.96 - - [29/Mar/2017:12:13:26 -0300] "GET /cormun/servlet/hhome HTTP/1.1" 200 3991
192.168.10.96 - - [29/Mar/2017:12:13:27 -0300] "GET /cormun/servlet/hhome HTTP/1.1" 200 3988
192.168.10.96 - - [29/Mar/2017:12:13:30 -0300] "GET /cormun/servlet/trsolicitudot? HTTP/1.1" 200 6967
200.86.95.220 - - [29/Mar/2017:12:13:30 -0300] "POST /cormun/servlet/trsolicitudot?3f6f50972e170b6697c6fccb565db1ca,gx-no-cache=1490800119371,gx-no-cache=1490800478419 HTTP/1.1" 200 5320
192.168.10.96 - - [29/Mar/2017:12:13:30 -0300] "GET /cormun/servlet/trsolicitudot? HTTP/1.1" 200 6968
200.86.95.220 - - [29/Mar/2017:12:13:30 -0300] "GET /cormun/static/Shared/jqueryui/images/ui-bg_highlight-soft_100_c6c2c8_1x100.png HTTP/1.1" 404 1117
200.86.95.220 - - [29/Mar/2017:12:13:30 -0300] "GET /cormun/static/Shared/jqueryui/images/ui-icons_82798d_256x240.png HTTP/1.1" 404 1089
200.86.95.220 - - [29/Mar/2017:12:13:30 -0300] "GET /cormun/static/Shared/jqueryui/images/ui-bg_flat_55_fafafa_40x100.png HTTP/1.1" 404 1097
200.86.95.220 - - [29/Mar/2017:12:13:30 -0300] "GET /cormun/static/Shared/jqueryui/images/ui-icons_8d78a5_256x240.png HTTP/1.1" 404 1089
200.86.95.220 - - [29/Mar/2017:12:13:30 -0300] "POST /cormun/servlet/trsolicitudot?3f6f50972e170b6697c6fccb565db1ca,gx-no-cache=1490800119371,gx-no-cache=1490800478896 HTTP/1.1" 200 5263
192.168.10.13 - - [29/Mar/2017:12:13:37 -0300] "GET / HTTP/1.1" 200 11217
192.168.10.96 - - [29/Mar/2017:12:13:37 -0300] "POST /cormun/servlet/trsolicitudot?23210916a3f15a24482cb0ccd40616b3,,gx-no-cache=1490803695881 HTTP/1.1" 200 5882
200.111.191.210 - - [29/Mar/2017:12:13:43 -0300] "POST /cormun/servlet/hlogin?5551a371b4f8b5c2185f03546300f6fa,gx-no-cache=1490803997065 HTTP/1.1" 200 90
200.111.191.210 - - [29/Mar/2017:12:13:43 -0300] "GET /cormun/servlet/hpexe_link HTTP/1.1" 200 957
200.111.191.210 - - [29/Mar/2017:12:13:43 -0300] "GET /cormun/static/gxcfg.js?201731711483381 HTTP/1.1" 304 -
200.111.191.210 - - [29/Mar/2017:12:13:43 -0300] "GET /cormun/static/hpexe_link.js?201731711483384 HTTP/1.1" 304 -
200.111.191.210 - - [29/Mar/2017:12:13:43 -0300] "GET /cormun/servlet/hhome HTTP/1.1" 200 3746
200.111.191.210 - - [29/Mar/2017:12:13:43 -0300] "GET /cormun/static/gxcfg.js?201731711483497 HTTP/1.1" 304 -
200.111.191.210 - - [29/Mar/2017:12:13:43 -0300] "GET /cormun/static/hwchdr01.js?201731711335950 HTTP/1.1" 304 -
200.111.191.210 - - [29/Mar/2017:12:13:43 -0300] "GET /cormun/static/hhome.js?20173171148352 HTTP/1.1" 304 -
200.111.191.210 - - [29/Mar/2017:12:13:43 -0300] "GET /cormun/static/hpexe_recentlink.js?201610171694390 HTTP/1.1" 304 -
200.111.191.210 - - [29/Mar/2017:12:13:43 -0300] "GET /cormun/static/hpexe_scripts.js?201731711335890 HTTP/1.1" 304 -
200.111.191.210 - - [29/Mar/2017:12:13:43 -0300] "GET /cormun/static/hpexe_messagecontroller.js?201610171694323 HTTP/1.1" 304 -
200.111.191.210 - - [29/Mar/2017:12:13:43 -0300] "GET /cormun/static/hpexe_messagepopupcomponent.js?20161017169425 HTTP/1.1" 304 -
200.111.191.210 - - [29/Mar/2017:12:13:43 -0300] "GET /cormun/static/hpexe_messagegenexuscomponent.js?201731711335537 HTTP/1.1" 304 -
200.111.191.210 - - [29/Mar/2017:12:13:43 -0300] "GET /cormun/static/cmcontrolpreferences.js?201731711335852 HTTP/1.1" 304 -
200.111.191.210 - - [29/Mar/2017:12:13:43 -0300] "GET /cormun/static/hmpwkw03.js?201731711485354 HTTP/1.1" 304 -
200.111.191.210 - - [29/Mar/2017:12:13:43 -0300] "GET /cormun/servlet/hhome HTTP/1.1" 200 3743
192.168.10.96 - - [29/Mar/2017:12:13:44 -0300] "GET /cormun/servlet/trautorizarsolicitud? HTTP/1.1" 200 9725
192.168.10.96 - - [29/Mar/2017:12:13:44 -0300] "GET /cormun/servlet/trautorizarsolicitud? HTTP/1.1" 200 9725
186.103.159.46 - - [29/Mar/2017:12:13:46 -0300] "GET /cormun/servlet/apermisogoceprn?12290697,P,20170309164734,PU HTTP/1.1" 200 1642
200.111.191.210 - - [29/Mar/2017:12:13:46 -0300] "GET /cormun/servlet/trpermisosgoce? HTTP/1.1" 200 8506
200.111.191.210 - - [29/Mar/2017:12:13:46 -0300] "GET /cormun/static/gxcfg.js?20173171154124 HTTP/1.1" 304 -
200.111.191.210 - - [29/Mar/2017:12:13:46 -0300] "GET /cormun/static/trpermisosgoce.js?20173171154177 HTTP/1.1" 304 -
200.111.191.210 - - [29/Mar/2017:12:13:47 -0300] "GET /cormun/servlet/trpermisosgoce? HTTP/1.1" 200 8504
200.111.191.210 - - [29/Mar/2017:12:13:49 -0300] "GET /cormun/servlet/permisogoce?INS,0,,, HTTP/1.1" 200 6506
200.111.191.210 - - [29/Mar/2017:12:13:49 -0300] "GET /cormun/static/gxcfg.js?201731711422032 HTTP/1.1" 304 -
200.111.191.210 - - [29/Mar/2017:12:13:49 -0300] "GET /cormun/static/permisogoce.js?20173171142217 HTTP/1.1" 304 -
200.111.191.210 - - [29/Mar/2017:12:13:50 -0300] "GET /cormun/servlet/permisogoce?INS,0,,, HTTP/1.1" 200 6505
200.111.191.210 - - [29/Mar/2017:12:13:55 -0300] "GET /cormun/servlet/permisogoce?d5ffd0242c4a8466c0fbe9c8cce567e1878acae4756d13bd0d60c695abe68289d015e1b8587ad24e0e26cb51be932c2b,gx-no-cache=1490804009688 HTTP/1.1" 200 66
192.168.10.96 - - [29/Mar/2017:12:13:56 -0300] "POST /cormun/servlet/trautorizarsolicitud?23210916a3f15a24482cb0ccd40616b3,,gx-no-cache=1490803714783 HTTP/1.1" 200 6660
192.168.10.96 - - [29/Mar/2017:12:13:56 -0300] "GET /cormun/static/Shared/jqueryui/images/ui-bg_highlight-soft_100_c6c2c8_1x100.png HTTP/1.1" 404 1117
192.168.10.96 - - [29/Mar/2017:12:13:56 -0300] "GET /cormun/static/Shared/jqueryui/images/ui-icons_82798d_256x240.png HTTP/1.1" 404 1089
192.168.10.96 - - [29/Mar/2017:12:13:56 -0300] "GET /cormun/static/Shared/jqueryui/images/ui-bg_flat_55_fafafa_40x100.png HTTP/1.1" 404 1097
192.168.10.96 - - [29/Mar/2017:12:13:56 -0300] "GET /cormun/static/Shared/jqueryui/images/ui-icons_8d78a5_256x240.png HTTP/1.1" 404 1089
192.168.10.96 - - [29/Mar/2017:12:13:56 -0300] "POST /cormun/servlet/trautorizarsolicitud?23210916a3f15a24482cb0ccd40616b3,,gx-no-cache=1490803715089 HTTP/1.1" 200 6604
192.168.10.96 - - [29/Mar/2017:12:14:03 -0300] "POST /cormun/servlet/trautorizarsolicitud?23210916a3f15a24482cb0ccd40616b3,,gx-no-cache=1490803721315 HTTP/1.1" 200 6314
192.168.10.96 - - [29/Mar/2017:12:14:03 -0300] "POST /cormun/servlet/trautorizarsolicitud?23210916a3f15a24482cb0ccd40616b3,,gx-no-cache=1490803721518 HTTP/1.1" 200 6256
200.111.191.210 - - [29/Mar/2017:12:14:05 -0300] "GET /cormun/servlet/permisogoce?d5ffd0242c4a8466c0fbe9c8cce567e1d39fe882772cbc2b5929880b8a060c639362ec1e782c498ebae1aacd852e3efb4449b774717a2671ce7773c43cdcb7f3,gx-no-cache=1490804019633 HTTP/1.1" 200 47
186.103.159.46 - - [29/Mar/2017:12:14:15 -0300] "GET /cormun/servlet/apermisogoceprn?13944224,P,20170303125005,PU HTTP/1.1" 200 1653
192.168.10.96 - - [29/Mar/2017:12:14:26 -0300] "POST /cormun/servlet/trautorizarsolicitud?23210916a3f15a24482cb0ccd40616b3,,gx-no-cache=1490803744768 HTTP/1.1" 200 5920
192.168.10.96 - - [29/Mar/2017:12:14:26 -0300] "POST /cormun/servlet/trautorizarsolicitud?23210916a3f15a24482cb0ccd40616b3,,gx-no-cache=1490803744996 HTTP/1.1" 200 5863
200.111.191.210 - - [29/Mar/2017:12:14:31 -0300] "POST /cormun/servlet/permisogoce?5551a371b4f8b5c2185f03546300f6fa,INS,0,,,,gx-no-cache=1490804045042 HTTP/1.1" 200 93
200.111.191.210 - - [29/Mar/2017:12:14:31 -0300] "GET /cormun/servlet/hpexe_return? HTTP/1.1" 200 1014
200.111.191.210 - - [29/Mar/2017:12:14:31 -0300] "GET /cormun/static/Resources/Spanish/PXTools.css?167811 HTTP/1.1" 304 -
200.111.191.210 - - [29/Mar/2017:12:14:31 -0300] "GET /cormun/static/hpexe_return.js?2016101716175153 HTTP/1.1" 304 -
200.111.191.210 - - [29/Mar/2017:12:14:31 -0300] "GET /cormun/static/gxcfg.js?2016101716175148 HTTP/1.1" 304 -
200.111.191.210 - - [29/Mar/2017:12:14:31 -0300] "GET /cormun/servlet/trpermisosgoce HTTP/1.1" 200 8713
200.111.191.210 - - [29/Mar/2017:12:14:32 -0300] "GET /cormun/servlet/trpermisosgoce HTTP/1.1" 200 8709
200.111.191.210 - - [29/Mar/2017:12:14:36 -0300] "GET /cormun/servlet/apermisogoceprn?8259312,P,20170329130909,PU HTTP/1.1" 200 1690
192.168.10.13 - - [29/Mar/2017:12:14:37 -0300] "GET / HTTP/1.1" 200 11217
192.168.10.96 - - [29/Mar/2017:12:14:50 -0300] "GET /cormun/servlet/hlogin HTTP/1.1" 200 1744
186.103.159.46 - - [29/Mar/2017:12:14:57 -0300] "GET /cormun/servlet/apermisogoceprn?17458217,P,20170302095823,PU HTTP/1.1" 200 1654
192.168.10.96 - - [29/Mar/2017:12:14:57 -0300] "POST /cormun/servlet/hlogin?23210916a3f15a24482cb0ccd40616b3,gx-no-cache=1490803776124 HTTP/1.1" 200 90
192.168.10.96 - - [29/Mar/2017:12:14:57 -0300] "GET /cormun/servlet/hpexe_link HTTP/1.1" 200 950
192.168.10.96 - - [29/Mar/2017:12:14:57 -0300] "GET /cormun/servlet/hhome HTTP/1.1" 200 4200
192.168.10.96 - - [29/Mar/2017:12:14:58 -0300] "GET /cormun/servlet/hhome HTTP/1.1" 200 4196
192.168.10.96 - - [29/Mar/2017:12:15:00 -0300] "GET /cormun/servlet/trsolicitudgral? HTTP/1.1" 200 20740
200.111.191.210 - - [29/Mar/2017:12:15:01 -0300] "POST /cormun/servlet/trpermisosgoce?5551a371b4f8b5c2185f03546300f6fa,gx-no-cache=1490804074725 HTTP/1.1" 200 3876
192.168.10.96 - - [29/Mar/2017:12:15:01 -0300] "GET /cormun/servlet/trsolicitudgral? HTTP/1.1" 200 20737
200.111.191.210 - - [29/Mar/2017:12:15:05 -0300] "POST /cormun/servlet/trpermisosgoce?5551a371b4f8b5c2185f03546300f6fa,gx-no-cache=1490804078763 HTTP/1.1" 200 3877
200.111.191.210 - - [29/Mar/2017:12:15:07 -0300] "POST /cormun/servlet/trpermisosgoce?5551a371b4f8b5c2185f03546300f6fa,gx-no-cache=1490804081695 HTTP/1.1" 200 3879
200.111.191.210 - - [29/Mar/2017:12:15:10 -0300] "POST /cormun/servlet/trpermisosgoce?5551a371b4f8b5c2185f03546300f6fa,gx-no-cache=1490804084467 HTTP/1.1" 200 6039
186.103.159.46 - - [29/Mar/2017:12:15:24 -0300] "GET /cormun/servlet/apermisogoceprn?12515426,P,20170302162133,PU HTTP/1.1" 200 1669
192.168.10.13 - - [29/Mar/2017:12:15:37 -0300] "GET / HTTP/1.1" 200 11217
192.168.10.96 - - [29/Mar/2017:12:15:40 -0300] "POST /cormun/servlet/trsolicitudgral?23210916a3f15a24482cb0ccd40616b3,,gx-no-cache=1490803818812 HTTP/1.1" 200 105
192.168.10.96 - - [29/Mar/2017:12:15:40 -0300] "GET /cormun/SolicitudGral-4679.xls HTTP/1.1" 200 20992
200.112.0.19 - - [29/Mar/2017:12:16:09 -0300] "POST /cormun/servlet/solicitudot?gx-no-cache=1490800641710 HTTP/1.1" 200 41
192.168.10.13 - - [29/Mar/2017:12:16:37 -0300] "GET / HTTP/1.1" 200 11217
200.112.0.19 - - [29/Mar/2017:12:16:47 -0300] "GET /cormun/servlet/solicitudot?0aa56eec51d529d70fff8a797628e06db2647adf79dd31380f575fb116cbb484bb59fd66e37a4c38ef624a4b576f7d83e311d2b0d01c44ab4fdd4d0545e24bc57bc0a80202fb3c2c03967aa099dd7e92c65478656bf0bf8df62d5d29858a600e1e972fde7955dbfda1a58b5a9fbcdf02976827303d2e046b92391fcfde98685fe1aef037a11ee5f43c0706848150f0f0611d85086639f351e49dbf8ff69bbe68,gx-no-cache=1490800679545 HTTP/1.1" 200 29
200.112.0.19 - - [29/Mar/2017:12:16:47 -0300] "POST /cormun/servlet/solicitudot?gx-no-cache=1490800679758 HTTP/1.1" 200 1274
200.112.0.19 - - [29/Mar/2017:12:16:47 -0300] "POST /cormun/servlet/solicitudot?gx-no-cache=1490800680028 HTTP/1.1" 200 1157
200.112.0.19 - - [29/Mar/2017:12:16:47 -0300] "GET /cormun/static/menuarrow.gif HTTP/1.1" 404 1015
200.112.0.19 - - [29/Mar/2017:12:16:52 -0300] "POST /cormun/servlet/solicitudot?gx-no-cache=1490800684706 HTTP/1.1" 200 1274
200.112.0.19 - - [29/Mar/2017:12:16:52 -0300] "POST /cormun/servlet/solicitudot?gx-no-cache=1490800684934 HTTP/1.1" 200 1157
200.112.0.19 - - [29/Mar/2017:12:17:35 -0300] "GET /cormun/servlet/solicitudot?0aa56eec51d529d70fff8a797628e06dc9a5619840333695703090d8c99059e278a74ec3ac4d4dc3b3f7b3d265ba7593972568f7ebdea613993ee59a813ab0d1425f49bb6e08c006fe8285d4c51c1bf8da13e7f492538e4c6c8e345c8eb7fa67ac97ba8f0c3295d6806adaf04893e5a4edbe6516e71a9c33a20c6423afedc4cdc59fb5d3bedba03ab9b9b4d54383b15af8277568fae1b60520d507ca782739470eef6ef5a5c2f35f40810b58251b86190be105d7bd4d5f355e7f36dfc1408ac1,gx-no-cache=1490800727975 HTTP/1.1" 200 30
200.112.0.19 - - [29/Mar/2017:12:17:36 -0300] "POST /cormun/servlet/solicitudot?6613087f678514a98d528295b2d9c2ac,INS,0,0,,gx-no-cache=1490800728222 HTTP/1.1" 200 93
200.112.0.19 - - [29/Mar/2017:12:17:36 -0300] "GET /cormun/servlet/hpexe_return? HTTP/1.1" 200 1003
200.112.0.19 - - [29/Mar/2017:12:17:36 -0300] "GET /cormun/static/gxcfg.js?2016101716175148 HTTP/1.1" 304 -
200.112.0.19 - - [29/Mar/2017:12:17:36 -0300] "GET /cormun/static/hpexe_return.js?2016101716175153 HTTP/1.1" 304 -
200.112.0.19 - - [29/Mar/2017:12:17:37 -0300] "GET /cormun/servlet/trsolicitudot HTTP/1.1" 200 8266
192.168.10.13 - - [29/Mar/2017:12:17:37 -0300] "GET / HTTP/1.1" 200 11217
200.112.0.19 - - [29/Mar/2017:12:17:39 -0300] "GET /cormun/servlet/trsolicitudot HTTP/1.1" 200 8262
200.112.0.19 - - [29/Mar/2017:12:17:44 -0300] "GET /cormun/servlet/solicitudot?INS,0,0, HTTP/1.1" 200 12745
200.112.0.19 - - [29/Mar/2017:12:17:45 -0300] "GET /cormun/servlet/solicitudot?INS,0,0, HTTP/1.1" 200 12750
200.112.0.19 - - [29/Mar/2017:12:17:55 -0300] "GET /cormun/servlet/prfichaempleado?,MD,,gxPopupLevel%3D0%3B HTTP/1.1" 200 8805
186.103.159.46 - - [29/Mar/2017:12:18:04 -0300] "GET /cormun/servlet/apermisogoceprn?13109954,P,20170302161723,PU HTTP/1.1" 200 1656
200.112.0.19 - - [29/Mar/2017:12:18:07 -0300] "POST /cormun/servlet/prfichaempleado?6613087f678514a98d528295b2d9c2ac,,MD,,gxPopupLevel%3D0%3B,gx-no-cache=1490800759301 HTTP/1.1" 200 3398
186.103.159.46 - - [29/Mar/2017:12:18:20 -0300] "GET /cormun/servlet/apermisogoceprn?13944224,P,20170301170111,PU HTTP/1.1" 200 1653
200.112.0.19 - - [29/Mar/2017:12:18:22 -0300] "POST /cormun/servlet/solicitudot?gx-no-cache=1490800774137 HTTP/1.1" 200 3201
200.112.0.19 - - [29/Mar/2017:12:18:22 -0300] "POST /cormun/servlet/solicitudot?6613087f678514a98d528295b2d9c2ac,INS,0,0,,gx-no-cache=1490800774648 HTTP/1.1" 200 9973
200.112.0.19 - - [29/Mar/2017:12:18:23 -0300] "GET /cormun/servlet/solicitudot?0aa56eec51d529d70fff8a797628e06dc645cedb725c26534ae13ca5de6486f23b78de7f444b63c9dd7137c42dd25e1c,gx-no-cache=1490800775343 HTTP/1.1" 200 30
200.112.0.19 - - [29/Mar/2017:12:18:27 -0300] "POST /cormun/servlet/solicitudot?gx-no-cache=1490800779364 HTTP/1.1" 200 240
