192.168.10.98 - - [29/Mar/2017:08:43:53 -0300] "GET /cormun/static/Resources/desc.gif HTTP/1.1" 200 65
192.168.10.98 - - [29/Mar/2017:08:43:53 -0300] "GET /cormun/servlet/trsolicitudgral? HTTP/1.1" 200 18706
192.168.10.98 - - [29/Mar/2017:08:44:19 -0300] "POST /cormun/servlet/trsolicitudgral?b8d3101347f7bb7c6ecbaa587e254385,,gx-no-cache=1490791137520 HTTP/1.1" 200 5413
192.168.10.98 - - [29/Mar/2017:08:44:28 -0300] "POST /cormun/servlet/trsolicitudgral?b8d3101347f7bb7c6ecbaa587e254385,,gx-no-cache=1490791147105 HTTP/1.1" 200 7118
192.168.10.13 - - [29/Mar/2017:08:44:37 -0300] "GET / HTTP/1.1" 200 11217
192.168.10.98 - - [29/Mar/2017:08:44:49 -0300] "GET /cormun/servlet/vesolicitudgral?2017,5761,, HTTP/1.1" 200 8660
192.168.10.98 - - [29/Mar/2017:08:44:49 -0300] "GET /cormun/static/gxcfg.js?201612218543032 HTTP/1.1" 200 953
192.168.10.98 - - [29/Mar/2017:08:44:49 -0300] "GET /cormun/pexe_scrolldiv.js HTTP/1.1" 404 1009
192.168.10.98 - - [29/Mar/2017:08:44:49 -0300] "GET /cormun/static/Resources/PXToolsTabLastUnselected.png HTTP/1.1" 200 1291
192.168.10.98 - - [29/Mar/2017:08:44:49 -0300] "GET /cormun/static/Resources/PXToolsTabFirstSelected.png HTTP/1.1" 200 1259
192.168.10.98 - - [29/Mar/2017:08:44:49 -0300] "GET /cormun/static/vesolicitudgral.js?201612218543091 HTTP/1.1" 200 6721
192.168.10.98 - - [29/Mar/2017:08:44:49 -0300] "GET /cormun/static/hwcviewtabs.js?20173171133571 HTTP/1.1" 200 1074
192.168.10.98 - - [29/Mar/2017:08:44:49 -0300] "GET /cormun/static/hpexe_tabsview.js?201610171694228 HTTP/1.1" 200 1661
192.168.10.98 - - [29/Mar/2017:08:44:49 -0300] "GET /cormun/static/tbsolicitudgral01.js?201731711414126 HTTP/1.1" 200 29094
192.168.10.98 - - [29/Mar/2017:08:44:49 -0300] "GET /cormun/static/Resources/PXToolsTabPrevious.gif HTTP/1.1" 200 172
192.168.10.98 - - [29/Mar/2017:08:44:49 -0300] "GET /cormun/static/Resources/PXToolsTabNext.gif HTTP/1.1" 200 168
192.168.10.98 - - [29/Mar/2017:08:44:49 -0300] "GET /cormun/pexe_scrolldiv.js HTTP/1.1" 404 1009
192.168.10.98 - - [29/Mar/2017:08:44:50 -0300] "GET /cormun/static/calendar-system.css HTTP/1.1" 200 5572
192.168.10.98 - - [29/Mar/2017:08:44:50 -0300] "GET /cormun/static/Resources/PXToolsTabBackSelected.png HTTP/1.1" 200 1157
192.168.10.98 - - [29/Mar/2017:08:44:50 -0300] "GET /cormun/static/Resources/PXToolsTabUnselectedUnselected.png HTTP/1.1" 200 1459
192.168.10.98 - - [29/Mar/2017:08:44:50 -0300] "GET /cormun/static/Resources/PXToolsTabBackUnselected.png HTTP/1.1" 200 1175
192.168.10.98 - - [29/Mar/2017:08:44:50 -0300] "GET /cormun/static/Resources/PXToolsTabSelectedUnselected.png HTTP/1.1" 200 1428
192.168.10.98 - - [29/Mar/2017:08:44:50 -0300] "GET /cormun/servlet/vesolicitudgral?2017,5761,, HTTP/1.1" 200 8660
200.86.95.220 - - [29/Mar/2017:08:45:03 -0300] "GET /cormun/servlet/hlogin HTTP/1.1" 200 1723
200.86.95.220 - - [29/Mar/2017:08:45:11 -0300] "POST /cormun/servlet/hlogin?64b01a808c03db443abbff1d8591a218,gx-no-cache=1490787979488 HTTP/1.1" 200 90
200.86.95.220 - - [29/Mar/2017:08:45:11 -0300] "GET /cormun/servlet/hpexe_link HTTP/1.1" 200 952
200.86.95.220 - - [29/Mar/2017:08:45:11 -0300] "GET /cormun/servlet/hhome HTTP/1.1" 200 3767
200.86.95.220 - - [29/Mar/2017:08:45:12 -0300] "GET /cormun/servlet/hhome HTTP/1.1" 200 3764
200.86.95.220 - - [29/Mar/2017:08:45:16 -0300] "GET /cormun/servlet/trlicencias? HTTP/1.1" 200 6610
200.86.95.220 - - [29/Mar/2017:08:45:16 -0300] "GET /cormun/static/gxcfg.js?2016122619301429 HTTP/1.1" 200 953
200.86.95.220 - - [29/Mar/2017:08:45:16 -0300] "GET /cormun/static/trlicencias.js?2016122619301919 HTTP/1.1" 200 37913
200.86.95.220 - - [29/Mar/2017:08:45:17 -0300] "GET /cormun/servlet/trlicencias? HTTP/1.1" 200 6609
200.86.95.220 - - [29/Mar/2017:08:45:22 -0300] "GET /cormun/servlet/licenciaspermisos?INS,0,,, HTTP/1.1" 200 7136
200.86.95.220 - - [29/Mar/2017:08:45:22 -0300] "GET /cormun/static/gxcfg.js?201731711384427 HTTP/1.1" 200 953
200.86.95.220 - - [29/Mar/2017:08:45:22 -0300] "GET /cormun/static/licenciaspermisos.js?201731711384498 HTTP/1.1" 200 33773
200.86.95.220 - - [29/Mar/2017:08:45:23 -0300] "GET /cormun/servlet/licenciaspermisos?INS,0,,, HTTP/1.1" 200 7136
192.168.10.13 - - [29/Mar/2017:08:45:37 -0300] "GET / HTTP/1.1" 200 11217
200.86.95.220 - - [29/Mar/2017:08:45:37 -0300] "GET /cormun/servlet/licenciaspermisos?e2e37ee20d2cccc85ad9ec04dd5df59cd4d79bb0e81f96f2603f9d7a103d7d7008412d36acb36787c1fb9e26793df452,gx-no-cache=1490788006074 HTTP/1.1" 200 69
200.86.95.220 - - [29/Mar/2017:08:45:37 -0300] "POST /cormun/servlet/licenciaspermisos?64b01a808c03db443abbff1d8591a218,INS,0,,,,gx-no-cache=1490788006141 HTTP/1.1" 200 4418
192.168.10.13 - - [29/Mar/2017:08:46:37 -0300] "GET / HTTP/1.1" 200 11217
192.168.10.13 - - [29/Mar/2017:08:47:37 -0300] "GET / HTTP/1.1" 200 11217
186.103.156.24 - - [29/Mar/2017:08:47:43 -0300] "GET /cormun/servlet/hlogin HTTP/1.1" 200 1727
186.103.156.24 - - [29/Mar/2017:08:47:43 -0300] "GET /cormun/static/gxtimezone.js?85251 HTTP/1.1" 304 -
186.79.78.7 - - [29/Mar/2017:08:47:44 -0300] "GET /cormun/servlet/licenciaspermisos?INS,0,,, HTTP/1.1" 200 7144
186.79.78.7 - - [29/Mar/2017:08:47:46 -0300] "GET /cormun/servlet/licenciaspermisos?INS,0,,, HTTP/1.1" 200 7155
186.79.78.7 - - [29/Mar/2017:08:48:02 -0300] "GET /cormun/servlet/trlicencias? HTTP/1.1" 200 6631
186.79.78.7 - - [29/Mar/2017:08:48:03 -0300] "GET /cormun/servlet/trlicencias? HTTP/1.1" 200 6629
186.103.156.24 - - [29/Mar/2017:08:48:06 -0300] "POST /cormun/servlet/hlogin?10fd0020e12674b433b6e72200420960,gx-no-cache=1490788173416 HTTP/1.1" 200 90
186.103.156.24 - - [29/Mar/2017:08:48:06 -0300] "GET /cormun/servlet/hpexe_link HTTP/1.1" 200 954
186.103.156.24 - - [29/Mar/2017:08:48:07 -0300] "GET /cormun/servlet/hhome HTTP/1.1" 200 4003
186.103.156.24 - - [29/Mar/2017:08:48:08 -0300] "GET /cormun/servlet/hhome HTTP/1.1" 200 3999
186.79.78.7 - - [29/Mar/2017:08:48:08 -0300] "POST /cormun/servlet/trlicencias?a60266411e4b9fcdd8e4ef41d5eccac2,,gx-no-cache=1490791601996 HTTP/1.1" 200 5183
186.79.78.7 - - [29/Mar/2017:08:48:09 -0300] "GET /cormun//static/Resources/PXToolsActionDisabled.gif HTTP/1.1" 200 53
186.79.78.7 - - [29/Mar/2017:08:48:09 -0300] "GET /cormun//static/Resources/PXToolsGridDisplay.png HTTP/1.1" 200 362
186.79.78.7 - - [29/Mar/2017:08:48:09 -0300] "GET /cormun//static/Resources/PXToolsActionPrint.png HTTP/1.1" 200 3317
186.79.78.7 - - [29/Mar/2017:08:48:09 -0300] "GET /cormun//static/Resources/PXToolsHeaderHelp.png HTTP/1.1" 200 4055
186.79.78.7 - - [29/Mar/2017:08:48:09 -0300] "GET /cormun//static/Resources/PXToolsHeaderFavorites.png HTTP/1.1" 200 2744
186.103.159.182 - - [29/Mar/2017:08:48:17 -0300] "GET /cormun/servlet/hlogin HTTP/1.1" 200 1721
186.103.156.24 - - [29/Mar/2017:08:48:18 -0300] "GET /cormun/servlet/trsolicitudot? HTTP/1.1" 200 6974
186.103.156.24 - - [29/Mar/2017:08:48:18 -0300] "GET /cormun/static/calendar.js?85251 HTTP/1.1" 304 -
186.103.156.24 - - [29/Mar/2017:08:48:18 -0300] "GET /cormun/static/calendar-setup.js?85251 HTTP/1.1" 304 -
186.103.156.24 - - [29/Mar/2017:08:48:18 -0300] "GET /cormun/static/gxdec.js?85251 HTTP/1.1" 304 -
186.103.156.24 - - [29/Mar/2017:08:48:18 -0300] "GET /cormun/static/calendar-es.js?85251 HTTP/1.1" 304 -
186.103.156.24 - - [29/Mar/2017:08:48:19 -0300] "GET /cormun/servlet/trsolicitudot? HTTP/1.1" 200 6973
186.103.156.24 - - [29/Mar/2017:08:48:26 -0300] "GET /cormun/servlet/solicitudot?INS,0,0, HTTP/1.1" 200 12802
186.103.156.24 - - [29/Mar/2017:08:48:27 -0300] "GET /cormun/servlet/solicitudot?INS,0,0, HTTP/1.1" 200 12807
186.79.78.7 - - [29/Mar/2017:08:48:29 -0300] "POST /cormun/servlet/trlicencias?a60266411e4b9fcdd8e4ef41d5eccac2,,gx-no-cache=1490791621809 HTTP/1.1" 200 3904
186.103.156.24 - - [29/Mar/2017:08:48:30 -0300] "GET /cormun/static/Resources/resize.gif HTTP/1.1" 200 77
186.79.78.7 - - [29/Mar/2017:08:48:34 -0300] "POST /cormun/servlet/trlicencias?a60266411e4b9fcdd8e4ef41d5eccac2,,gx-no-cache=1490791626809 HTTP/1.1" 200 3906
192.168.10.13 - - [29/Mar/2017:08:48:37 -0300] "GET / HTTP/1.1" 200 11217
186.103.156.24 - - [29/Mar/2017:08:48:37 -0300] "GET /cormun/servlet/prfichaempleado?,MD,,gxPopupLevel%3D0%3B HTTP/1.1" 200 8873
186.79.78.7 - - [29/Mar/2017:08:48:38 -0300] "POST /cormun/servlet/trlicencias?a60266411e4b9fcdd8e4ef41d5eccac2,,gx-no-cache=1490791631965 HTTP/1.1" 200 6644
186.79.78.7 - - [29/Mar/2017:08:48:54 -0300] "GET /cormun/servlet/trlicencias? HTTP/1.1" 200 9202
186.79.78.7 - - [29/Mar/2017:08:48:57 -0300] "GET /cormun/servlet/trlicencias? HTTP/1.1" 200 9202
186.103.159.182 - - [29/Mar/2017:08:48:59 -0300] "POST /cormun/servlet/hlogin?d35047a55bc449c5cba6b5f5d930d5ce,gx-no-cache=1490788205889 HTTP/1.1" 200 90
186.103.159.182 - - [29/Mar/2017:08:48:59 -0300] "GET /cormun/servlet/hpexe_link HTTP/1.1" 200 950
186.103.159.182 - - [29/Mar/2017:08:48:59 -0300] "GET /cormun/servlet/hhome HTTP/1.1" 200 4029
186.103.159.182 - - [29/Mar/2017:08:49:01 -0300] "GET /cormun/servlet/hhome HTTP/1.1" 200 4025
186.103.159.182 - - [29/Mar/2017:08:49:26 -0300] "GET /cormun/servlet/trpermisosgoce? HTTP/1.1" 200 8510
186.103.159.182 - - [29/Mar/2017:08:49:28 -0300] "GET /cormun/servlet/trpermisosgoce? HTTP/1.1" 200 8508
186.103.159.182 - - [29/Mar/2017:08:49:31 -0300] "GET /cormun/servlet/trpermisosadjuntos?16253381,20170328173428,P, HTTP/1.1" 200 6341
186.103.159.182 - - [29/Mar/2017:08:49:33 -0300] "GET /cormun/servlet/trpermisosadjuntos?16253381,20170328173428,P, HTTP/1.1" 200 6341
192.168.10.13 - - [29/Mar/2017:08:49:37 -0300] "GET / HTTP/1.1" 200 11217
186.103.159.182 - - [29/Mar/2017:08:49:41 -0300] "GET /cormun/servlet/permisosadjuntos?INS,16253381,P,20170328173428,, HTTP/1.1" 200 5672
186.103.159.182 - - [29/Mar/2017:08:49:41 -0300] "GET /cormun/static/gxcfg.js?2016122813135788 HTTP/1.1" 304 -
186.103.159.182 - - [29/Mar/2017:08:49:41 -0300] "GET /cormun/static/permisosadjuntos.js?2016122813135797 HTTP/1.1" 304 -
186.103.159.182 - - [29/Mar/2017:08:49:41 -0300] "GET /cormun/static/about:blank HTTP/1.1" 404 1011
186.103.159.182 - - [29/Mar/2017:08:49:42 -0300] "GET /cormun/servlet/permisosadjuntos?INS,16253381,P,20170328173428,, HTTP/1.1" 200 5661
186.103.159.182 - - [29/Mar/2017:08:49:58 -0300] "POST /cormun/servlet/permisosadjuntos?d35047a55bc449c5cba6b5f5d930d5ce,INS,16253381,P,20170328173428,, HTTP/1.1" 200 116
186.103.159.182 - - [29/Mar/2017:08:49:58 -0300] "GET /cormun/servlet/hpexe_return? HTTP/1.1" 200 1033
186.103.159.182 - - [29/Mar/2017:08:49:58 -0300] "GET /cormun/servlet/trpermisosadjuntos?16253381,20170328173428,P, HTTP/1.1" 200 6806
186.103.159.182 - - [29/Mar/2017:08:49:59 -0300] "GET /cormun/servlet/trpermisosadjuntos?16253381,20170328173428,P, HTTP/1.1" 200 6802
186.103.159.182 - - [29/Mar/2017:08:50:10 -0300] "POST /cormun/servlet/trpermisosadjuntos?d35047a55bc449c5cba6b5f5d930d5ce,16253381,20170328173428,P,,gx-no-cache=1490788277358 HTTP/1.1" 200 90
186.103.159.182 - - [29/Mar/2017:08:50:11 -0300] "GET /cormun/servlet/hpexe_link HTTP/1.1" 200 979
186.103.159.182 - - [29/Mar/2017:08:50:11 -0300] "GET /cormun/servlet/trpermisosgoce HTTP/1.1" 200 8512
186.103.159.182 - - [29/Mar/2017:08:50:12 -0300] "GET /cormun/servlet/trpermisosgoce HTTP/1.1" 200 8508
186.103.159.182 - - [29/Mar/2017:08:50:18 -0300] "POST /cormun/servlet/trpermisosgoce?d35047a55bc449c5cba6b5f5d930d5ce,gx-no-cache=1490788284800 HTTP/1.1" 200 5721
186.103.159.182 - - [29/Mar/2017:08:50:28 -0300] "POST /cormun/servlet/trpermisosgoce?d35047a55bc449c5cba6b5f5d930d5ce,gx-no-cache=1490788294813 HTTP/1.1" 200 4058
192.168.10.13 - - [29/Mar/2017:08:50:37 -0300] "GET / HTTP/1.1" 200 11217
186.103.156.24 - - [29/Mar/2017:08:51:27 -0300] "POST /cormun/servlet/prfichaempleado?10fd0020e12674b433b6e72200420960,,MD,,gxPopupLevel%3D0%3B,gx-no-cache=1490788376056 HTTP/1.1" 200 3399
186.103.156.24 - - [29/Mar/2017:08:51:30 -0300] "POST /cormun/servlet/solicitudot?gx-no-cache=1490788379901 HTTP/1.1" 200 3175
186.103.156.24 - - [29/Mar/2017:08:51:31 -0300] "POST /cormun/servlet/solicitudot?10fd0020e12674b433b6e72200420960,INS,0,0,,gx-no-cache=1490788380193 HTTP/1.1" 200 9976
186.103.156.24 - - [29/Mar/2017:08:51:31 -0300] "GET /cormun/servlet/solicitudot?e63b2ca5f6c232dccc91d19862addc344205a322f0805e57ad1cb06ddb520c4c769d9557d59d382d062cfc6c8e95da03,gx-no-cache=1490788380917 HTTP/1.1" 200 30
186.103.156.24 - - [29/Mar/2017:08:51:35 -0300] "POST /cormun/servlet/solicitudot?gx-no-cache=1490788384770 HTTP/1.1" 200 255
186.103.156.24 - - [29/Mar/2017:08:51:35 -0300] "GET /cormun/servlet/solicitudot?e63b2ca5f6c232dccc91d19862addc342d1069a897ff7c7e68c0f863eeb789efb6427f8e3a8d3c43d29e5945ea6195827028a2743865392f9065f51fba7d83b95429fd3e047fa122cfb9f9f45b5479b3ab12afc063f1552e6da448a538f22b166a78d684ac1a6b39a3869a4ef1650b60d314fae135ddcbaeaf6c205bc721fd65c0b6b7e881d9d10de70e21b80d046d864db80dabe4d0d03d199c4daf5408d9116e1cee1dce2d6be876a4d5c7394fcd1a4c954c7adc73b68196b36c917ecdb6e270a26f8e802a3195e18e30a8991fdee05caa2bbd8f8f5867782b22f1efaa409a6941f3cece0d539b45ef3b883d5303c84dc1e45b7146d8096cd5ecf897fe86277ff3c9bbb3950fee101849351cfd73e281b770d63307abc4ea99836163ff720638d05b8459ce28f2146a3eb49a60dafa73db798bc12dd256207474b21400b2054e8e970b2738a2f7329481f68b434074a4222489989dfc59cbf4c9f572eda393987d2d1a637358c7c35ab119a2849fde8c56f70885d430946a35b7cc3d671546,gx-no-cache=1490788384929 HTTP/1.1" 200 30
192.168.10.13 - - [29/Mar/2017:08:51:37 -0300] "GET / HTTP/1.1" 200 11217
186.103.156.24 - - [29/Mar/2017:08:51:42 -0300] "POST /cormun/servlet/solicitudot?gx-no-cache=1490788393451 HTTP/1.1" 200 30
186.103.156.24 - - [29/Mar/2017:08:51:47 -0300] "POST /cormun/servlet/solicitudot?gx-no-cache=1490788398089 HTTP/1.1" 200 235
186.103.156.24 - - [29/Mar/2017:08:51:47 -0300] "POST /cormun/servlet/solicitudot?gx-no-cache=1490788398478 HTTP/1.1" 200 38
186.103.156.24 - - [29/Mar/2017:08:52:02 -0300] "GET /cormun/servlet/solicitudot?e63b2ca5f6c232dccc91d19862addc344ab8e59790d677afde1c64d7f61fa0334541bcaaa126e5d66e352584dde8a5424a20606ae757382a0535b347909b367e651d3b15b18dee814ac0d63b83ebff0e5ff13c9969f20dc4ad551b41348420022522bbb633dfc736d5958064c78a2128060eba10bb69b023d78bd39ef2db385d8effdb65c869687b9c8ea90d0f3c7daf18474fb79520b703075d92ded0ec0df2d9b6b3eb8bb270abe8e67f81edf8b1101f52a4a5bb9c16c2c8aecec5b5d94e264d3022af26ee95d01ec9437d31454f21,gx-no-cache=1490788415858 HTTP/1.1" 200 29
186.103.156.24 - - [29/Mar/2017:08:52:04 -0300] "GET /cormun/servlet/solicitudot?e63b2ca5f6c232dccc91d19862addc344ab8e59790d677afde1c64d7f61fa0334541bcaaa126e5d66e352584dde8a54291012d5dab259af417685b1417b10e27651d3b15b18dee814ac0d63b83ebff0e5ff13c9969f20dc4ad551b41348420022522bbb633dfc736d5958064c78a2128060eba10bb69b023d78bd39ef2db385d8effdb65c869687b9c8ea90d0f3c7daf18474fb79520b703075d92ded0ec0df2d9b6b3eb8bb270abe8e67f81edf8b1101f52a4a5bb9c16c2c8aecec5b5d94e264d3022af26ee95d01ec9437d31454f21,gx-no-cache=1490788417931 HTTP/1.1" 200 29
186.103.156.24 - - [29/Mar/2017:08:52:06 -0300] "POST /cormun/servlet/solicitudot?gx-no-cache=1490788419982 HTTP/1.1" 200 641
186.103.156.24 - - [29/Mar/2017:08:52:07 -0300] "POST /cormun/servlet/solicitudot?gx-no-cache=1490788421522 HTTP/1.1" 200 1157
192.168.10.13 - - [29/Mar/2017:08:52:37 -0300] "GET / HTTP/1.1" 200 11217
186.103.156.24 - - [29/Mar/2017:08:53:02 -0300] "GET /cormun/static/menuarrow.gif HTTP/1.1" 404 1015
192.168.10.96 - - [29/Mar/2017:08:53:16 -0300] "GET /cormun/servlet/trconsultaempleado? HTTP/1.1" 200 6597
192.168.10.96 - - [29/Mar/2017:08:53:17 -0300] "GET /cormun/servlet/trconsultaempleado? HTTP/1.1" 200 6579
192.168.10.13 - - [29/Mar/2017:08:53:37 -0300] "GET / HTTP/1.1" 200 11217
186.79.78.7 - - [29/Mar/2017:08:53:39 -0300] "GET /cormun/servlet/trlicencias? HTTP/1.1" 200 9202
186.79.78.7 - - [29/Mar/2017:08:53:42 -0300] "GET /cormun/servlet/trlicencias? HTTP/1.1" 200 9202
186.79.78.7 - - [29/Mar/2017:08:54:05 -0300] "GET /cormun/servlet/trlicencias? HTTP/1.1" 200 9202
186.79.78.7 - - [29/Mar/2017:08:54:07 -0300] "GET /cormun/servlet/trlicencias? HTTP/1.1" 200 9199
186.79.78.7 - - [29/Mar/2017:08:54:11 -0300] "GET /cormun/servlet/licenciaspermisos?INS,0,,, HTTP/1.1" 200 7156
186.79.78.7 - - [29/Mar/2017:08:54:15 -0300] "GET /cormun/servlet/licenciaspermisos?INS,0,,, HTTP/1.1" 200 7155
192.168.10.96 - - [29/Mar/2017:08:54:18 -0300] "POST /cormun/servlet/trconsultaempleado?23210916a3f15a24482cb0ccd40616b3,,gx-no-cache=1490791737133 HTTP/1.1" 200 4335
192.168.10.96 - - [29/Mar/2017:08:54:20 -0300] "GET /cormun/servlet/trsolicitudnombre?10804638, HTTP/1.1" 200 7507
192.168.10.96 - - [29/Mar/2017:08:54:21 -0300] "GET /cormun/servlet/trsolicitudnombre?10804638, HTTP/1.1" 200 7510
192.168.10.96 - - [29/Mar/2017:08:54:26 -0300] "GET /cormun/servlet/vesolicitudnombre?2017,5663,, HTTP/1.1" 200 8460
192.168.10.96 - - [29/Mar/2017:08:54:27 -0300] "GET /cormun/pexe_scrolldiv.js HTTP/1.1" 404 1009
192.168.10.96 - - [29/Mar/2017:08:54:27 -0300] "GET /cormun/pexe_scrolldiv.js HTTP/1.1" 404 1009
192.168.10.96 - - [29/Mar/2017:08:54:27 -0300] "GET /cormun/servlet/vesolicitudnombre?2017,5663,, HTTP/1.1" 200 8453
186.79.78.7 - - [29/Mar/2017:08:54:28 -0300] "GET /cormun/servlet/prfichaempleado?,MD,,gxPopupLevel%3D0%3B HTTP/1.1" 200 8840
192.168.10.96 - - [29/Mar/2017:08:54:29 -0300] "GET /cormun/servlet/vesolicitudnombre?2017,5663,,SolicitudOTAdjuntos HTTP/1.1" 200 10250
192.168.10.96 - - [29/Mar/2017:08:54:29 -0300] "GET /cormun/pexe_scrolldiv.js HTTP/1.1" 404 1009
192.168.10.96 - - [29/Mar/2017:08:54:29 -0300] "GET /cormun/pexe_scrolldiv.js HTTP/1.1" 404 1009
192.168.10.96 - - [29/Mar/2017:08:54:30 -0300] "GET /cormun/servlet/vesolicitudnombre?2017,5663,,SolicitudOTAdjuntos HTTP/1.1" 200 10251
192.168.10.96 - - [29/Mar/2017:08:54:30 -0300] "POST /cormun/servlet/acontrolpreferencessavestate?None,DZAMUDIO,true HTTP/1.1" 200 35
192.168.10.96 - - [29/Mar/2017:08:54:31 -0300] "GET /cormun/PublicTempStorage/rut5615454.jpg HTTP/1.1" 200 1264939
192.168.10.13 - - [29/Mar/2017:08:54:37 -0300] "GET / HTTP/1.1" 200 11217
186.79.78.7 - - [29/Mar/2017:08:54:42 -0300] "POST /cormun/servlet/prfichaempleado?a60266411e4b9fcdd8e4ef41d5eccac2,,MD,,gxPopupLevel%3D0%3B,gx-no-cache=1490791994090 HTTP/1.1" 200 3451
192.168.10.96 - - [29/Mar/2017:08:54:49 -0300] "GET /cormun/servlet/vesolicitudnombre?2017,5663,,SolicitudOTAdjuntos HTTP/1.1" 200 10250
192.168.10.96 - - [29/Mar/2017:08:54:50 -0300] "GET /cormun/servlet/vesolicitudnombre?2017,5663,,SolicitudOTAdjuntos HTTP/1.1" 200 10252
192.168.10.96 - - [29/Mar/2017:08:54:50 -0300] "POST /cormun/servlet/acontrolpreferencessavestate?None,DZAMUDIO,true HTTP/1.1" 200 35
192.168.10.96 - - [29/Mar/2017:08:54:51 -0300] "GET /cormun/PublicTempStorage/0015899850.jpg HTTP/1.1" 200 774706
192.168.10.96 - - [29/Mar/2017:08:54:55 -0300] "GET /cormun/servlet/vesolicitudnombre?2017,5663,,SolicitudOTAdjuntos HTTP/1.1" 200 10247
192.168.10.96 - - [29/Mar/2017:08:54:57 -0300] "GET /cormun/servlet/vesolicitudnombre?2017,5663,,SolicitudOTAdjuntos HTTP/1.1" 200 10250
192.168.10.96 - - [29/Mar/2017:08:54:57 -0300] "POST /cormun/servlet/acontrolpreferencessavestate?None,DZAMUDIO,true HTTP/1.1" 200 35
192.168.10.96 - - [29/Mar/2017:08:54:58 -0300] "GET /cormun/PublicTempStorage/fonasa7006431.jpg HTTP/1.1" 200 809263
192.168.10.96 - - [29/Mar/2017:08:55:02 -0300] "GET /cormun/servlet/vesolicitudnombre?2017,5663,,SolicitudOTAdjuntos HTTP/1.1" 200 10249
192.168.10.96 - - [29/Mar/2017:08:55:04 -0300] "GET /cormun/servlet/vesolicitudnombre?2017,5663,,SolicitudOTAdjuntos HTTP/1.1" 200 10251
192.168.10.96 - - [29/Mar/2017:08:55:04 -0300] "POST /cormun/servlet/acontrolpreferencessavestate?None,DZAMUDIO,true HTTP/1.1" 200 35
192.168.10.96 - - [29/Mar/2017:08:55:05 -0300] "GET /cormun/PublicTempStorage/antecedentes7459500.jpg HTTP/1.1" 200 1115198
192.168.10.96 - - [29/Mar/2017:08:55:09 -0300] "GET /cormun/servlet/vesolicitudnombre?2017,5663,,SolicitudOTAdjuntos HTTP/1.1" 200 10249
192.168.10.96 - - [29/Mar/2017:08:55:10 -0300] "GET /cormun/servlet/vesolicitudnombre?2017,5663,,SolicitudOTAdjuntos HTTP/1.1" 200 10251
192.168.10.96 - - [29/Mar/2017:08:55:10 -0300] "POST /cormun/servlet/acontrolpreferencessavestate?None,DZAMUDIO,true HTTP/1.1" 200 35
192.168.10.96 - - [29/Mar/2017:08:55:11 -0300] "GET /cormun/PublicTempStorage/cv3094043.jpg HTTP/1.1" 200 980712
192.168.10.96 - - [29/Mar/2017:08:55:15 -0300] "GET /cormun/servlet/vesolicitudnombre?2017,5663,,SolicitudOTAdjuntos HTTP/1.1" 200 10248
192.168.10.96 - - [29/Mar/2017:08:55:17 -0300] "GET /cormun/servlet/vesolicitudnombre?2017,5663,,SolicitudOTAdjuntos HTTP/1.1" 200 10251
192.168.10.96 - - [29/Mar/2017:08:55:17 -0300] "POST /cormun/servlet/acontrolpreferencessavestate?None,DZAMUDIO,true HTTP/1.1" 200 35
192.168.10.96 - - [29/Mar/2017:08:55:17 -0300] "GET /cormun/PublicTempStorage/titulo3136873.jpg HTTP/1.1" 200 1130749
192.168.10.13 - - [29/Mar/2017:08:55:37 -0300] "GET / HTTP/1.1" 200 11217
186.103.156.24 - - [29/Mar/2017:08:56:19 -0300] "POST /cormun/servlet/solicitudot?gx-no-cache=1490788705449 HTTP/1.1" 200 1273
186.103.156.24 - - [29/Mar/2017:08:56:19 -0300] "POST /cormun/servlet/solicitudot?gx-no-cache=1490788705586 HTTP/1.1" 200 1157
186.79.78.7 - - [29/Mar/2017:08:56:23 -0300] "GET /cormun/servlet/licenciaspermisos?08081eaff238e8a92632d7d56be8b005e2ab8cd90a9aa6a052aea754d85dae577c65eb02fbfa0b6b65584a0db1d09c70,gx-no-cache=1490792093817 HTTP/1.1" 200 60
186.79.78.7 - - [29/Mar/2017:08:56:25 -0300] "POST /cormun/servlet/licenciaspermisos?a60266411e4b9fcdd8e4ef41d5eccac2,INS,0,,,,gx-no-cache=1490792097826 HTTP/1.1" 200 4425
192.168.10.13 - - [29/Mar/2017:08:56:37 -0300] "GET / HTTP/1.1" 200 11217
200.111.191.210 - - [29/Mar/2017:08:56:40 -0300] "GET /cormun/servlet/hlogin HTTP/1.1" 200 1720
200.111.191.210 - - [29/Mar/2017:08:56:40 -0300] "GET /cormun/static/gxtimezone.js?85251 HTTP/1.1" 304 -
200.111.191.210 - - [29/Mar/2017:08:56:48 -0300] "POST /cormun/servlet/hlogin?ec3e8446ed8cff080df79526f5e93531,gx-no-cache=1490792182445 HTTP/1.1" 200 90
200.111.191.210 - - [29/Mar/2017:08:56:48 -0300] "GET /cormun/servlet/hpexe_link HTTP/1.1" 200 951
200.111.191.210 - - [29/Mar/2017:08:56:49 -0300] "GET /cormun/servlet/hhome HTTP/1.1" 200 3741
186.79.78.7 - - [29/Mar/2017:08:56:49 -0300] "GET /cormun/static/menuarrow.gif HTTP/1.1" 404 1015
200.111.191.210 - - [29/Mar/2017:08:56:49 -0300] "GET /cormun/servlet/hhome HTTP/1.1" 200 3738
200.111.191.210 - - [29/Mar/2017:08:56:54 -0300] "GET /cormun/servlet/trpermisosgoce? HTTP/1.1" 200 8290
200.111.191.210 - - [29/Mar/2017:08:56:54 -0300] "GET /cormun/static/calendar.js?85251 HTTP/1.1" 304 -
200.111.191.210 - - [29/Mar/2017:08:56:54 -0300] "GET /cormun/static/calendar-es.js?85251 HTTP/1.1" 304 -
200.111.191.210 - - [29/Mar/2017:08:56:54 -0300] "GET /cormun/static/calendar-setup.js?85251 HTTP/1.1" 304 -
200.111.191.210 - - [29/Mar/2017:08:56:55 -0300] "GET /cormun/servlet/trpermisosgoce? HTTP/1.1" 200 8287
200.111.191.210 - - [29/Mar/2017:08:57:04 -0300] "GET /cormun/servlet/permisogoce?DLT,17524756,P,20170328115717, HTTP/1.1" 200 6471
200.111.191.210 - - [29/Mar/2017:08:57:04 -0300] "GET /cormun/static/gxdec.js?85251 HTTP/1.1" 304 -
200.111.191.210 - - [29/Mar/2017:08:57:04 -0300] "GET /cormun/static/Shared/jqueryui/images/ui-bg_highlight-soft_100_c6c2c8_1x100.png HTTP/1.1" 404 1117
200.111.191.210 - - [29/Mar/2017:08:57:04 -0300] "GET /cormun/static/Shared/jqueryui/images/ui-icons_82798d_256x240.png HTTP/1.1" 404 1089
200.111.191.210 - - [29/Mar/2017:08:57:04 -0300] "GET /cormun/static/Shared/jqueryui/images/ui-bg_flat_55_fafafa_40x100.png HTTP/1.1" 404 1097
200.111.191.210 - - [29/Mar/2017:08:57:04 -0300] "GET /cormun/static/Shared/jqueryui/images/ui-icons_8d78a5_256x240.png HTTP/1.1" 404 1089
200.111.191.210 - - [29/Mar/2017:08:57:04 -0300] "GET /cormun/servlet/permisogoce?DLT,17524756,P,20170328115717, HTTP/1.1" 200 6471
200.111.191.210 - - [29/Mar/2017:08:57:07 -0300] "POST /cormun/servlet/permisogoce?ec3e8446ed8cff080df79526f5e93531,DLT,17524756,P,20170328115717,,gx-no-cache=1490792200830 HTTP/1.1" 200 4198
200.111.191.210 - - [29/Mar/2017:08:57:07 -0300] "GET /cormun/static/Shared/jqueryui/images/ui-bg_flat_55_994d53_40x100.png HTTP/1.1" 404 1097
200.111.191.210 - - [29/Mar/2017:08:57:07 -0300] "GET /cormun/static/Shared/jqueryui/images/ui-icons_ebccce_256x240.png HTTP/1.1" 404 1089
200.111.191.210 - - [29/Mar/2017:08:57:14 -0300] "POST /cormun/servlet/permisogoce?ec3e8446ed8cff080df79526f5e93531,DLT,17524756,P,20170328115717,,gx-no-cache=1490792207505 HTTP/1.1" 200 4157
200.111.191.210 - - [29/Mar/2017:08:57:15 -0300] "POST /cormun/servlet/permisogoce?ec3e8446ed8cff080df79526f5e93531,DLT,17524756,P,20170328115717,,gx-no-cache=1490792208405 HTTP/1.1" 200 93
200.111.191.210 - - [29/Mar/2017:08:57:15 -0300] "GET /cormun/servlet/hpexe_return? HTTP/1.1" 200 1026
200.111.191.210 - - [29/Mar/2017:08:57:16 -0300] "GET /cormun/servlet/trpermisosgoce HTTP/1.1" 200 8291
200.111.191.210 - - [29/Mar/2017:08:57:16 -0300] "GET /cormun/servlet/trpermisosgoce HTTP/1.1" 200 8287
200.86.95.220 - - [29/Mar/2017:08:57:21 -0300] "GET /cormun/static/menuarrow.gif HTTP/1.1" 404 1015
200.111.191.210 - - [29/Mar/2017:08:57:24 -0300] "GET /cormun/servlet/permisogoce?DLT,17524756,P,20170328115717, HTTP/1.1" 200 6469
200.111.191.210 - - [29/Mar/2017:08:57:24 -0300] "GET /cormun/static/Shared/jqueryui/images/ui-icons_82798d_256x240.png HTTP/1.1" 404 1089
200.111.191.210 - - [29/Mar/2017:08:57:24 -0300] "GET /cormun/static/Shared/jqueryui/images/ui-bg_highlight-soft_100_c6c2c8_1x100.png HTTP/1.1" 404 1117
200.111.191.210 - - [29/Mar/2017:08:57:24 -0300] "GET /cormun/static/Shared/jqueryui/images/ui-bg_flat_55_fafafa_40x100.png HTTP/1.1" 404 1097
200.111.191.210 - - [29/Mar/2017:08:57:24 -0300] "GET /cormun/static/Shared/jqueryui/images/ui-icons_8d78a5_256x240.png HTTP/1.1" 404 1089
200.111.191.210 - - [29/Mar/2017:08:57:24 -0300] "GET /cormun/servlet/permisogoce?DLT,17524756,P,20170328115717, HTTP/1.1" 200 6471
200.111.191.210 - - [29/Mar/2017:08:57:29 -0300] "POST /cormun/servlet/permisogoce?ec3e8446ed8cff080df79526f5e93531,DLT,17524756,P,20170328115717,,gx-no-cache=1490792223305 HTTP/1.1" 200 4197
200.111.191.210 - - [29/Mar/2017:08:57:29 -0300] "GET /cormun/static/Shared/jqueryui/images/ui-bg_flat_55_994d53_40x100.png HTTP/1.1" 404 1097
200.111.191.210 - - [29/Mar/2017:08:57:29 -0300] "GET /cormun/static/Shared/jqueryui/images/ui-icons_ebccce_256x240.png HTTP/1.1" 404 1089
186.103.156.24 - - [29/Mar/2017:08:57:34 -0300] "POST /cormun/servlet/solicitudot?gx-no-cache=1490788789445 HTTP/1.1" 200 1273
186.103.156.24 - - [29/Mar/2017:08:57:34 -0300] "POST /cormun/servlet/solicitudot?gx-no-cache=1490788789610 HTTP/1.1" 200 1157
200.111.191.210 - - [29/Mar/2017:08:57:34 -0300] "POST /cormun/servlet/permisogoce?ec3e8446ed8cff080df79526f5e93531,DLT,17524756,P,20170328115717,,gx-no-cache=1490792228242 HTTP/1.1" 200 93
200.111.191.210 - - [29/Mar/2017:08:57:34 -0300] "GET /cormun/servlet/hpexe_return? HTTP/1.1" 200 1026
200.111.191.210 - - [29/Mar/2017:08:57:34 -0300] "GET /cormun/servlet/trpermisosgoce HTTP/1.1" 200 8291
200.111.191.210 - - [29/Mar/2017:08:57:35 -0300] "GET /cormun/servlet/trpermisosgoce HTTP/1.1" 200 8287
192.168.10.13 - - [29/Mar/2017:08:57:37 -0300] "GET / HTTP/1.1" 200 11217
200.111.191.210 - - [29/Mar/2017:08:57:39 -0300] "GET /cormun/servlet/permisogoce?INS,0,,, HTTP/1.1" 200 6499
200.111.191.210 - - [29/Mar/2017:08:57:40 -0300] "GET /cormun/servlet/permisogoce?INS,0,,, HTTP/1.1" 200 6499
186.103.156.24 - - [29/Mar/2017:08:57:44 -0300] "GET /cormun/servlet/solicitudot?e63b2ca5f6c232dccc91d19862addc34b953aa9087eec54d26f0f941780ec3c0eedf3e4ad0cdb4233b66f379676b4b5993e20e786bf72fb3fa97cd7d1b84303cd97ee6441aa530c763d396ae4b5bffff754b68543245990d7ef6c901799188a4bdee12ccfe5ff3d8043fa7ba3c18e1e6d2b98d25735b0c10b4a5d49ba87035be32ced869b5256bccaded6588cc0ae80c71b39676a01e4d667c5313be4d2ac44dbe4ff367a21c1bc9e99120c08f107b59,gx-no-cache=1490788800716 HTTP/1.1" 200 30
200.111.191.210 - - [29/Mar/2017:08:57:48 -0300] "GET /cormun/servlet/permisogoce?a840d3e603b8339af5d60869f16c26e532843363cb18e76342dbeb5c93b4b729106e181a36aba18005c2d30edd0b9d0a,gx-no-cache=1490792241594 HTTP/1.1" 200 70
200.111.191.210 - - [29/Mar/2017:08:57:56 -0300] "GET /cormun/servlet/permisogoce?a840d3e603b8339af5d60869f16c26e5bf1a782f3702dd262c4b2a6cf169a730cff857acf20e3538e426bfa0609293809d32f42c7dda01b3ec7b0217570d23e6,gx-no-cache=1490792250351 HTTP/1.1" 200 47
200.111.191.210 - - [29/Mar/2017:08:58:17 -0300] "POST /cormun/servlet/permisogoce?ec3e8446ed8cff080df79526f5e93531,INS,0,,,,gx-no-cache=1490792270260 HTTP/1.1" 200 93
200.111.191.210 - - [29/Mar/2017:08:58:17 -0300] "GET /cormun/servlet/hpexe_return? HTTP/1.1" 200 1008
200.111.191.210 - - [29/Mar/2017:08:58:17 -0300] "GET /cormun/servlet/trpermisosgoce HTTP/1.1" 200 8505
200.111.191.210 - - [29/Mar/2017:08:58:18 -0300] "GET /cormun/servlet/trpermisosgoce HTTP/1.1" 200 8501
186.79.78.7 - - [29/Mar/2017:08:58:23 -0300] "GET /cormun/servlet/licenciaspermisos?08081eaff238e8a92632d7d56be8b005ed060946bc612a59930715608c0b032c40486d0e99043ce4980d45490c937202451edbe981028ca9172c05b008fe808ad911f9f7fb18326a8aab024adea287d90a5dd88c9bb40a6e57987ac5b3f95697bc0702233dfb64c7640954254a85ea393f0d85cceeef024143191044bf7ad4e3e51eb832398b3ad8061f32ea6dccd15b3cbc073423071c65aacb69a24f0defbe9f5bb336f9bdbfddcf004273f66eec261a2065076a7efc69333276854d3b876f845927f7c162e66def3c3e1720dc5209f01f5cecde232fd4c4981c0dcf7e4b6d,gx-no-cache=1490792216983 HTTP/1.1" 200 30
186.79.78.7 - - [29/Mar/2017:08:58:23 -0300] "GET /cormun/servlet/licenciaspermisos?08081eaff238e8a92632d7d56be8b005ac92e8395ffb10069b6923b78c94e5d864f00ad481ea84b9cc194cff67885fb15954f02355d99a24a1a34fde0a491d0e3db179a271ac4cd6b19a0e27d11a0c249c667b374091536c011556cc7a6919867a5f10b45d46273eefa6bf991a7ca58039fa2bfe18c5b365bb697e913152d3d9bbc0220471d68148e2ce0ca2c9916e08d0e942e3cd8d64da2a09cfbb1ebd4eab63e7e25340ef0c1a398ff747a5c67071fc23a79738848e72268d0e3920655cbe8351a8cafb1d377b210fd147eaa7fe07e33a05ffca970e5a62aa410fd2102a3e,gx-no-cache=1490792217230 HTTP/1.1" 200 29
186.79.78.7 - - [29/Mar/2017:08:58:24 -0300] "POST /cormun/servlet/licenciaspermisos?a60266411e4b9fcdd8e4ef41d5eccac2,INS,0,,,,gx-no-cache=1490792217355 HTTP/1.1" 500 10
192.168.10.13 - - [29/Mar/2017:08:58:37 -0300] "GET / HTTP/1.1" 200 11217
200.86.95.220 - - [29/Mar/2017:08:58:51 -0300] "GET /cormun/servlet/licenciaspermisos?e2e37ee20d2cccc85ad9ec04dd5df59cb4c7c7bc8841d0000b5b9aaa3ab46353afbf84f901f8c81090cc3bafa71abc7fe888540a2c6563ccfd31b2385cb3c15ee2583f458e307887e2acc252744fc29614d38297e19ead4b39b8e56232db543c54a6e7117f1f91cfb481b1dbcf77ff0ab925502fa16a33caac9e9cc2815304b778a60678d8b87f0a17769ef1a9bb6783bd7a8b378bb60c52bbc93e91d5ea42e9301b7bd1d388dc04f205f6eeebe35772,gx-no-cache=1490788799512 HTTP/1.1" 200 30
200.86.95.220 - - [29/Mar/2017:08:58:51 -0300] "POST /cormun/servlet/licenciaspermisos?64b01a808c03db443abbff1d8591a218,INS,0,,,,gx-no-cache=1490788799947 HTTP/1.1" 200 4500
186.103.156.24 - - [29/Mar/2017:08:58:57 -0300] "POST /cormun/servlet/solicitudot?10fd0020e12674b433b6e72200420960,INS,0,0,,gx-no-cache=1490788883205 HTTP/1.1" 200 93
200.86.95.220 - - [29/Mar/2017:08:58:58 -0300] "GET /cormun/servlet/licenciaspermisos?e2e37ee20d2cccc85ad9ec04dd5df59c4ceb5b790a9768e20ee3379eca4a168155f3d9c6419af9d5987f725585060cd85747a9d7b468553b7cb4b0eb8f9301cd0997ac1454eb0d0d6c954bc8ff81d64e07796564f85b0ffa5223811d0d78fdbd0a6fc81fb4d144dccc6c612b04d0273271156e420a0c95c281c5cb062619e8317a53475236779bfbf6f89996f1ca15b619a237f1d2727483e4bec205629f11d6da08e898438706548a1caca5e70738101638790df863366b7ec2f2167f446f8aba14eb53599698bd0bcd56914124c43d34583cb78d50d89ea89a920595178b1e,gx-no-cache=1490788806482 HTTP/1.1" 200 108
200.86.95.220 - - [29/Mar/2017:08:58:58 -0300] "GET /cormun/static/Shared/jqueryui/images/ui-bg_highlight-soft_100_c6c2c8_1x100.png HTTP/1.1" 404 1117
200.86.95.220 - - [29/Mar/2017:08:58:58 -0300] "GET /cormun/static/Shared/jqueryui/images/ui-icons_82798d_256x240.png HTTP/1.1" 404 1089
200.86.95.220 - - [29/Mar/2017:08:58:58 -0300] "GET /cormun/static/Shared/jqueryui/images/ui-bg_flat_55_994d53_40x100.png HTTP/1.1" 404 1097
200.86.95.220 - - [29/Mar/2017:08:58:58 -0300] "GET /cormun/static/Shared/jqueryui/images/ui-icons_ebccce_256x240.png HTTP/1.1" 404 1089
200.86.95.220 - - [29/Mar/2017:08:58:58 -0300] "POST /cormun/servlet/licenciaspermisos?64b01a808c03db443abbff1d8591a218,INS,0,,,,gx-no-cache=1490788806660 HTTP/1.1" 200 4588
186.103.156.24 - - [29/Mar/2017:08:58:58 -0300] "GET /cormun/servlet/hpexe_return? HTTP/1.1" 200 1007
186.103.156.24 - - [29/Mar/2017:08:58:59 -0300] "GET /cormun/servlet/trsolicitudot HTTP/1.1" 200 8264
186.103.156.24 - - [29/Mar/2017:08:59:00 -0300] "GET /cormun/servlet/trsolicitudot HTTP/1.1" 200 8260
186.103.156.24 - - [29/Mar/2017:08:59:04 -0300] "POST /cormun/servlet/trsolicitudot?10fd0020e12674b433b6e72200420960,gx-no-cache=1490788891079 HTTP/1.1" 200 106
186.103.156.24 - - [29/Mar/2017:08:59:04 -0300] "GET /cormun/servlet/trsolicitudadjuntos?2017,5790, HTTP/1.1" 200 6101
186.103.156.24 - - [29/Mar/2017:08:59:05 -0300] "GET /cormun/servlet/trsolicitudadjuntos?2017,5790, HTTP/1.1" 200 6101
186.103.159.230 - - [29/Mar/2017:08:59:09 -0300] "GET /cormun/servlet/hlogin HTTP/1.1" 200 1726
186.103.156.24 - - [29/Mar/2017:08:59:10 -0300] "GET /cormun/servlet/solicitudotadjuntos?INS,2017,5790,,1, HTTP/1.1" 200 6038
186.103.156.24 - - [29/Mar/2017:08:59:10 -0300] "GET /cormun/static/about:blank HTTP/1.1" 404 1011
186.103.156.24 - - [29/Mar/2017:08:59:11 -0300] "GET /cormun/servlet/solicitudotadjuntos?INS,2017,5790,,1, HTTP/1.1" 200 6032
186.103.156.24 - - [29/Mar/2017:08:59:11 -0300] "GET /cormun/servlet/solicitudotadjuntos?e63b2ca5f6c232dccc91d19862addc34abc5f8278c3eeeae2621c0c48b21ceff99b64fcd1e2bfedd8ac299de6eb61562,gx-no-cache=1490788899298 HTTP/1.1" 200 30
186.103.156.24 - - [29/Mar/2017:08:59:11 -0300] "POST /cormun/servlet/solicitudotadjuntos?10fd0020e12674b433b6e72200420960,INS,2017,5790,,1,,gx-no-cache=1490788899374 HTTP/1.1" 200 3865
186.103.156.24 - - [29/Mar/2017:08:59:14 -0300] "POST /cormun/servlet/solicitudotadjuntos?gx-no-cache=1490788902485 HTTP/1.1" 200 26
186.103.159.230 - - [29/Mar/2017:08:59:28 -0300] "POST /cormun/servlet/hlogin?59c812a073c5e66854e7b8f74a7af940,gx-no-cache=1490788834395 HTTP/1.1" 200 430
192.168.10.13 - - [29/Mar/2017:08:59:37 -0300] "GET / HTTP/1.1" 200 11217
186.103.159.230 - - [29/Mar/2017:08:59:44 -0300] "POST /cormun/servlet/hlogin?59c812a073c5e66854e7b8f74a7af940,gx-no-cache=1490788849907 HTTP/1.1" 200 90
186.103.159.230 - - [29/Mar/2017:08:59:44 -0300] "GET /cormun/servlet/hpexe_link HTTP/1.1" 200 954
186.103.159.230 - - [29/Mar/2017:08:59:44 -0300] "GET /cormun/servlet/hhome HTTP/1.1" 200 3975
186.103.159.230 - - [29/Mar/2017:08:59:45 -0300] "GET /cormun/servlet/hhome HTTP/1.1" 200 3971
200.86.95.220 - - [29/Mar/2017:08:59:46 -0300] "GET /cormun/servlet/licenciaspermisos?e2e37ee20d2cccc85ad9ec04dd5df59cb4c7c7bc8841d0000b5b9aaa3ab46353410ee5f52cda37e6736623aa7e07bd30e888540a2c6563ccfd31b2385cb3c15ee2583f458e307887e2acc252744fc29614d38297e19ead4b39b8e56232db543c1b553ac02cb70084b3d63fb6744334e4b925502fa16a33caac9e9cc2815304b7a8fb5668ce0fd579fd2513d89c915ba25839ea58990ceef824ec01c37a981d61daf54d99e5a9f34a2e6fff30878c58b0ed027818a72bc54d9905fd0012e98ccc8c59c5110fcf010563fb00dee47511cf32046b75612a72c8ed838c45b69aa03b,gx-no-cache=1490788855198 HTTP/1.1" 200 30
200.86.95.220 - - [29/Mar/2017:08:59:47 -0300] "POST /cormun/servlet/licenciaspermisos?64b01a808c03db443abbff1d8591a218,INS,0,,,,gx-no-cache=1490788855352 HTTP/1.1" 200 4498
186.103.159.230 - - [29/Mar/2017:08:59:52 -0300] "GET /cormun/servlet/trsolicitudot? HTTP/1.1" 200 8249
186.103.159.230 - - [29/Mar/2017:08:59:52 -0300] "GET /cormun/static/gxcfg.js?201731711505139 HTTP/1.1" 304 -
186.103.159.230 - - [29/Mar/2017:08:59:52 -0300] "GET /cormun/static/trsolicitudot.js?20173171151116 HTTP/1.1" 304 -
186.103.159.230 - - [29/Mar/2017:08:59:53 -0300] "GET /cormun/servlet/trsolicitudot? HTTP/1.1" 200 8247
200.86.95.220 - - [29/Mar/2017:08:59:58 -0300] "GET /cormun/servlet/licenciaspermisos?e2e37ee20d2cccc85ad9ec04dd5df59c4ceb5b790a9768e20ee3379eca4a1681659564d59c047ba1b635e1a94600a4295747a9d7b468553b7cb4b0eb8f9301cd0997ac1454eb0d0d6c954bc8ff81d64e07796564f85b0ffa5223811d0d78fdbd0a6fc81fb4d144dccc6c612b04d0273271156e420a0c95c281c5cb062619e8317a53475236779bfbf6f89996f1ca15b619a237f1d2727483e4bec205629f11d6da08e898438706548a1caca5e70738101638790df863366b7ec2f2167f446f8aba14eb53599698bd0bcd56914124c43d34583cb78d50d89ea89a920595178b1e,gx-no-cache=1490788866953 HTTP/1.1" 200 29
186.103.159.230 - - [29/Mar/2017:08:59:58 -0300] "POST /cormun/servlet/trsolicitudot?59c812a073c5e66854e7b8f74a7af940,,gx-no-cache=1490788864209 HTTP/1.1" 200 106
200.86.95.220 - - [29/Mar/2017:08:59:58 -0300] "POST /cormun/servlet/licenciaspermisos?64b01a808c03db443abbff1d8591a218,INS,0,,,,gx-no-cache=1490788867040 HTTP/1.1" 200 4570
186.79.78.7 - - [29/Mar/2017:08:59:58 -0300] "GET /cormun/servlet/hlogin HTTP/1.1" 200 1719
186.103.159.230 - - [29/Mar/2017:08:59:59 -0300] "GET /cormun/servlet/trsolicitudadjuntos?2017,5753, HTTP/1.1" 200 8947
186.103.159.230 - - [29/Mar/2017:08:59:59 -0300] "GET /cormun/static/gxcfg.js?201731711504543 HTTP/1.1" 304 -
186.103.159.230 - - [29/Mar/2017:08:59:59 -0300] "GET /cormun/static/trsolicitudadjuntos.js?201731711504951 HTTP/1.1" 304 -
186.103.159.230 - - [29/Mar/2017:09:00:00 -0300] "GET /cormun/servlet/trsolicitudadjuntos?2017,5753, HTTP/1.1" 200 8951
186.103.159.230 - - [29/Mar/2017:09:00:05 -0300] "GET /cormun/servlet/solicitudotadjuntos?INS,2017,5753,,1, HTTP/1.1" 200 6012
186.103.159.230 - - [29/Mar/2017:09:00:05 -0300] "GET /cormun/static/Resources/Spanish/PXTools.css?18365030 HTTP/1.1" 304 -
186.103.159.230 - - [29/Mar/2017:09:00:05 -0300] "GET /cormun/static/gxcfg.js?201612218465951 HTTP/1.1" 304 -
186.103.159.230 - - [29/Mar/2017:09:00:05 -0300] "GET /cormun/static/solicitudotadjuntos.js?201612218465969 HTTP/1.1" 304 -
186.103.159.230 - - [29/Mar/2017:09:00:06 -0300] "GET /cormun/static/about:blank HTTP/1.1" 404 1011
186.103.159.230 - - [29/Mar/2017:09:00:06 -0300] "GET /cormun/servlet/solicitudotadjuntos?INS,2017,5753,,1, HTTP/1.1" 200 6006
186.103.159.230 - - [29/Mar/2017:09:00:06 -0300] "GET /cormun/servlet/solicitudotadjuntos?62767e10c7fc7bfcfa284dc24377c1ec785437673cc97aeb265b304edc297dbed21c62903d03f13c64e06e550fa24c36,gx-no-cache=1490788872244 HTTP/1.1" 200 30
186.103.159.230 - - [29/Mar/2017:09:00:06 -0300] "POST /cormun/servlet/solicitudotadjuntos?59c812a073c5e66854e7b8f74a7af940,INS,2017,5753,,1,,gx-no-cache=1490788872269 HTTP/1.1" 200 3824
186.103.159.230 - - [29/Mar/2017:09:00:15 -0300] "POST /cormun/servlet/solicitudotadjuntos?gx-no-cache=1490788881387 HTTP/1.1" 200 26
192.168.10.13 - - [29/Mar/2017:09:00:37 -0300] "GET / HTTP/1.1" 200 11217
186.103.159.230 - - [29/Mar/2017:09:00:43 -0300] "GET /cormun/servlet/solicitudotadjuntos?62767e10c7fc7bfcfa284dc24377c1ec0193fe1c0fbb610218c9db9332f4f4cd,gx-no-cache=1490788908494 HTTP/1.1" 200 30
186.103.159.230 - - [29/Mar/2017:09:00:43 -0300] "GET /cormun/servlet/solicitudotadjuntos?62767e10c7fc7bfcfa284dc24377c1ec0193fe1c0fbb610218c9db9332f4f4cd,gx-no-cache=1490788908573 HTTP/1.1" 200 30
186.103.159.230 - - [29/Mar/2017:09:00:43 -0300] "POST /cormun/servlet/solicitudotadjuntos?59c812a073c5e66854e7b8f74a7af940,INS,2017,5753,,1,,gx-no-cache=1490788908611 HTTP/1.1" 200 93
186.103.159.230 - - [29/Mar/2017:09:00:43 -0300] "GET /cormun/servlet/hpexe_return? HTTP/1.1" 200 1026
186.103.159.230 - - [29/Mar/2017:09:00:43 -0300] "GET /cormun/static/Resources/Spanish/PXTools.css?167811 HTTP/1.1" 304 -
186.103.159.230 - - [29/Mar/2017:09:00:43 -0300] "GET /cormun/static/hpexe_return.js?2016101716175153 HTTP/1.1" 304 -
186.103.159.230 - - [29/Mar/2017:09:00:43 -0300] "GET /cormun/static/gxcfg.js?2016101716175148 HTTP/1.1" 304 -
186.103.159.230 - - [29/Mar/2017:09:00:44 -0300] "GET /cormun/servlet/trsolicitudadjuntos?2017,5753, HTTP/1.1" 200 9152
186.103.159.230 - - [29/Mar/2017:09:00:45 -0300] "GET /cormun/servlet/trsolicitudadjuntos?2017,5753, HTTP/1.1" 200 9151
186.103.159.230 - - [29/Mar/2017:09:01:14 -0300] "GET /cormun/servlet/solicitudotadjuntos?DLT,2017,5753,CERTIF2,0, HTTP/1.1" 200 6016
186.103.159.230 - - [29/Mar/2017:09:01:14 -0300] "GET /cormun/static/Shared/jqueryui/images/ui-bg_highlight-soft_100_c6c2c8_1x100.png HTTP/1.1" 404 1117
186.103.159.230 - - [29/Mar/2017:09:01:14 -0300] "GET /cormun/static/Shared/jqueryui/images/ui-icons_82798d_256x240.png HTTP/1.1" 404 1089
186.103.159.230 - - [29/Mar/2017:09:01:14 -0300] "GET /cormun/static/Shared/jqueryui/images/ui-icons_8d78a5_256x240.png HTTP/1.1" 404 1089
186.103.159.230 - - [29/Mar/2017:09:01:14 -0300] "GET /cormun/static/Shared/jqueryui/images/ui-bg_flat_55_fafafa_40x100.png HTTP/1.1" 404 1097
186.103.159.230 - - [29/Mar/2017:09:01:15 -0300] "GET /cormun/servlet/solicitudotadjuntos?DLT,2017,5753,CERTIF2,0, HTTP/1.1" 200 6010
186.103.159.230 - - [29/Mar/2017:09:01:15 -0300] "GET /cormun/PublicTempStorage/cert._alumna_regular5375235.pdf HTTP/1.1" 200 1443787
186.103.159.230 - - [29/Mar/2017:09:01:21 -0300] "GET /cormun/servlet/trsolicitudadjuntos?2017,5753, HTTP/1.1" 200 9154
186.103.159.230 - - [29/Mar/2017:09:01:22 -0300] "GET /cormun/servlet/trsolicitudadjuntos?2017,5753, HTTP/1.1" 200 9150
192.168.10.13 - - [29/Mar/2017:09:01:37 -0300] "GET / HTTP/1.1" 200 11217
186.103.159.230 - - [29/Mar/2017:09:01:49 -0300] "GET /cormun/servlet/trsolicitudot? HTTP/1.1" 200 8253
186.103.159.230 - - [29/Mar/2017:09:01:50 -0300] "GET /cormun/servlet/trsolicitudot? HTTP/1.1" 200 8247
186.103.156.24 - - [29/Mar/2017:09:01:52 -0300] "POST /cormun/servlet/solicitudotadjuntos?10fd0020e12674b433b6e72200420960,INS,2017,5790,,1,,gx-no-cache=1490789081105 HTTP/1.1" 200 93
186.103.156.24 - - [29/Mar/2017:09:01:52 -0300] "GET /cormun/servlet/hpexe_return? HTTP/1.1" 200 1027
186.103.156.24 - - [29/Mar/2017:09:01:53 -0300] "GET /cormun/servlet/trsolicitudadjuntos?2017,5790, HTTP/1.1" 200 6104
186.103.156.24 - - [29/Mar/2017:09:01:54 -0300] "GET /cormun/servlet/trsolicitudadjuntos?2017,5790, HTTP/1.1" 200 6101
186.103.159.230 - - [29/Mar/2017:09:01:54 -0300] "POST /cormun/servlet/trsolicitudot?59c812a073c5e66854e7b8f74a7af940,,gx-no-cache=1490788980296 HTTP/1.1" 200 106
186.103.159.230 - - [29/Mar/2017:09:01:55 -0300] "GET /cormun/servlet/trsolicitudadjuntos?2017,5753, HTTP/1.1" 200 9147
186.103.159.230 - - [29/Mar/2017:09:01:56 -0300] "GET /cormun/servlet/trsolicitudadjuntos?2017,5753, HTTP/1.1" 200 9151
186.103.159.230 - - [29/Mar/2017:09:02:07 -0300] "GET /cormun/servlet/trsolicitudot? HTTP/1.1" 200 8253
186.103.159.230 - - [29/Mar/2017:09:02:08 -0300] "GET /cormun/servlet/trsolicitudot? HTTP/1.1" 200 8247
186.103.159.230 - - [29/Mar/2017:09:02:13 -0300] "POST /cormun/servlet/trsolicitudot?59c812a073c5e66854e7b8f74a7af940,,gx-no-cache=1490788998743 HTTP/1.1" 200 106
186.103.159.230 - - [29/Mar/2017:09:02:13 -0300] "GET /cormun/servlet/trsolicitudadjuntos?2017,5753, HTTP/1.1" 200 9150
186.103.159.230 - - [29/Mar/2017:09:02:14 -0300] "GET /cormun/servlet/trsolicitudadjuntos?2017,5753, HTTP/1.1" 200 9149
186.103.159.230 - - [29/Mar/2017:09:02:18 -0300] "GET /cormun/servlet/solicitudotadjuntos?INS,2017,5753,,1, HTTP/1.1" 200 6012
186.103.159.230 - - [29/Mar/2017:09:02:18 -0300] "GET /cormun/static/about:blank HTTP/1.1" 404 1011
186.103.159.230 - - [29/Mar/2017:09:02:18 -0300] "GET /cormun/servlet/solicitudotadjuntos?INS,2017,5753,,1, HTTP/1.1" 200 6006
186.103.159.230 - - [29/Mar/2017:09:02:19 -0300] "GET /cormun/servlet/solicitudotadjuntos?62767e10c7fc7bfcfa284dc24377c1ec785437673cc97aeb265b304edc297dbed21c62903d03f13c64e06e550fa24c36,gx-no-cache=1490789004791 HTTP/1.1" 200 30
186.103.159.230 - - [29/Mar/2017:09:02:19 -0300] "POST /cormun/servlet/solicitudotadjuntos?59c812a073c5e66854e7b8f74a7af940,INS,2017,5753,,1,,gx-no-cache=1490789004862 HTTP/1.1" 200 3824
186.103.159.230 - - [29/Mar/2017:09:02:30 -0300] "POST /cormun/servlet/solicitudotadjuntos?gx-no-cache=1490789015626 HTTP/1.1" 200 26
186.103.159.230 - - [29/Mar/2017:09:02:35 -0300] "GET /cormun/servlet/solicitudotadjuntos?62767e10c7fc7bfcfa284dc24377c1ec0193fe1c0fbb610218c9db9332f4f4cd,gx-no-cache=1490789020669 HTTP/1.1" 200 30
186.103.159.230 - - [29/Mar/2017:09:02:35 -0300] "GET /cormun/servlet/solicitudotadjuntos?62767e10c7fc7bfcfa284dc24377c1ec0193fe1c0fbb610218c9db9332f4f4cd,gx-no-cache=1490789020729 HTTP/1.1" 200 30
186.103.159.230 - - [29/Mar/2017:09:02:35 -0300] "POST /cormun/servlet/solicitudotadjuntos?59c812a073c5e66854e7b8f74a7af940,INS,2017,5753,,1,,gx-no-cache=1490789020785 HTTP/1.1" 200 93
186.103.159.230 - - [29/Mar/2017:09:02:35 -0300] "GET /cormun/servlet/hpexe_return? HTTP/1.1" 200 1026
186.103.159.230 - - [29/Mar/2017:09:02:36 -0300] "GET /cormun/servlet/trsolicitudadjuntos?2017,5753, HTTP/1.1" 200 9312
186.103.159.230 - - [29/Mar/2017:09:02:37 -0300] "GET /cormun/servlet/trsolicitudadjuntos?2017,5753, HTTP/1.1" 200 9311
192.168.10.13 - - [29/Mar/2017:09:02:37 -0300] "GET / HTTP/1.1" 200 11217
186.79.78.7 - - [29/Mar/2017:09:02:40 -0300] "POST /cormun/servlet/hlogin?a60266411e4b9fcdd8e4ef41d5eccac2,gx-no-cache=1490792473664 HTTP/1.1" 200 420
186.79.78.7 - - [29/Mar/2017:09:02:46 -0300] "POST /cormun/servlet/hlogin?a60266411e4b9fcdd8e4ef41d5eccac2,gx-no-cache=1490792479767 HTTP/1.1" 200 90
186.79.78.7 - - [29/Mar/2017:09:02:46 -0300] "GET /cormun/servlet/hpexe_link HTTP/1.1" 200 968
186.79.78.7 - - [29/Mar/2017:09:02:47 -0300] "GET /cormun/servlet/licenciaspermisos?INS,0,,, HTTP/1.1" 200 7157
186.79.78.7 - - [29/Mar/2017:09:02:49 -0300] "GET /cormun/servlet/licenciaspermisos?INS,0,,, HTTP/1.1" 200 7155
186.103.159.230 - - [29/Mar/2017:09:02:57 -0300] "GET /cormun/servlet/trsolicitudot? HTTP/1.1" 200 8253
186.103.159.230 - - [29/Mar/2017:09:02:58 -0300] "GET /cormun/servlet/trsolicitudot? HTTP/1.1" 200 8247
186.103.159.230 - - [29/Mar/2017:09:03:06 -0300] "POST /cormun/servlet/trsolicitudot?59c812a073c5e66854e7b8f74a7af940,,gx-no-cache=1490789051638 HTTP/1.1" 200 4378
186.103.159.230 - - [29/Mar/2017:09:03:06 -0300] "GET /cormun/static/Shared/jqueryui/images/ui-bg_highlight-soft_100_c6c2c8_1x100.png HTTP/1.1" 404 1117
186.103.159.230 - - [29/Mar/2017:09:03:06 -0300] "GET /cormun/static/Shared/jqueryui/images/ui-icons_82798d_256x240.png HTTP/1.1" 404 1089
186.103.159.230 - - [29/Mar/2017:09:03:06 -0300] "GET /cormun/static/Shared/jqueryui/images/ui-bg_flat_55_fafafa_40x100.png HTTP/1.1" 404 1097
186.103.159.230 - - [29/Mar/2017:09:03:06 -0300] "GET /cormun/static/Shared/jqueryui/images/ui-icons_8d78a5_256x240.png HTTP/1.1" 404 1089
186.103.159.230 - - [29/Mar/2017:09:03:06 -0300] "POST /cormun/servlet/trsolicitudot?59c812a073c5e66854e7b8f74a7af940,,gx-no-cache=1490789051901 HTTP/1.1" 200 4135
186.103.159.230 - - [29/Mar/2017:09:03:34 -0300] "GET /cormun/servlet/trautorizarsolicitud? HTTP/1.1" 200 8175
186.103.159.230 - - [29/Mar/2017:09:03:34 -0300] "GET /cormun/static/gxcfg.js?2017259112829 HTTP/1.1" 304 -
186.103.159.230 - - [29/Mar/2017:09:03:34 -0300] "GET /cormun/static/trautorizarsolicitud.js?2017259113483 HTTP/1.1" 304 -
186.103.159.230 - - [29/Mar/2017:09:03:34 -0300] "GET /cormun/servlet/trautorizarsolicitud? HTTP/1.1" 200 8174
192.168.10.13 - - [29/Mar/2017:09:03:37 -0300] "GET / HTTP/1.1" 200 11217
200.54.247.69 - - [29/Mar/2017:09:03:48 -0300] "GET /cormun/servlet/hlogin HTTP/1.1" 200 1735
200.54.247.69 - - [29/Mar/2017:09:04:01 -0300] "POST /cormun/servlet/hlogin?414013cca903e58b03efce2d7bc5f40a,gx-no-cache=1490789108934 HTTP/1.1" 200 90
200.54.247.69 - - [29/Mar/2017:09:04:01 -0300] "GET /cormun/servlet/hpexe_link HTTP/1.1" 200 957
200.54.247.69 - - [29/Mar/2017:09:04:01 -0300] "GET /cormun/servlet/hhome HTTP/1.1" 200 4016
200.54.247.69 - - [29/Mar/2017:09:04:01 -0300] "GET /cormun/servlet/hhome HTTP/1.1" 200 4012
186.103.159.230 - - [29/Mar/2017:09:04:04 -0300] "POST /cormun/servlet/trautorizarsolicitud?59c812a073c5e66854e7b8f74a7af940,,gx-no-cache=1490789110212 HTTP/1.1" 200 4342
186.103.159.230 - - [29/Mar/2017:09:04:04 -0300] "GET /cormun/static/Shared/jqueryui/images/ui-bg_highlight-soft_100_c6c2c8_1x100.png HTTP/1.1" 404 1117
186.103.159.230 - - [29/Mar/2017:09:04:04 -0300] "GET /cormun/static/Shared/jqueryui/images/ui-icons_82798d_256x240.png HTTP/1.1" 404 1089
186.103.159.230 - - [29/Mar/2017:09:04:04 -0300] "GET /cormun/static/Shared/jqueryui/images/ui-bg_flat_55_fafafa_40x100.png HTTP/1.1" 404 1097
186.103.159.230 - - [29/Mar/2017:09:04:04 -0300] "GET /cormun/static/Shared/jqueryui/images/ui-icons_8d78a5_256x240.png HTTP/1.1" 404 1089
186.103.159.230 - - [29/Mar/2017:09:04:04 -0300] "POST /cormun/servlet/trautorizarsolicitud?59c812a073c5e66854e7b8f74a7af940,,gx-no-cache=1490789110423 HTTP/1.1" 200 4101
200.54.247.69 - - [29/Mar/2017:09:04:05 -0300] "GET /cormun/servlet/trpermisosgoce? HTTP/1.1" 200 9717
200.54.247.69 - - [29/Mar/2017:09:04:06 -0300] "GET /cormun/servlet/trpermisosgoce? HTTP/1.1" 200 9718
200.54.247.69 - - [29/Mar/2017:09:04:08 -0300] "GET /cormun/servlet/permisogoce?INS,0,,, HTTP/1.1" 200 6775
200.54.247.69 - - [29/Mar/2017:09:04:09 -0300] "GET /cormun/servlet/permisogoce?INS,0,,, HTTP/1.1" 200 6775
186.79.78.7 - - [29/Mar/2017:09:04:22 -0300] "GET /cormun/servlet/prfichaempleado?,MD,,gxPopupLevel%3D0%3B HTTP/1.1" 200 8840
200.86.95.220 - - [29/Mar/2017:09:04:31 -0300] "GET /cormun/servlet/licenciaspermisos?e2e37ee20d2cccc85ad9ec04dd5df59cb4c7c7bc8841d0000b5b9aaa3ab46353410ee5f52cda37e6736623aa7e07bd30e888540a2c6563ccfd31b2385cb3c15ee2583f458e307887e2acc252744fc29614d38297e19ead4b39b8e56232db543c1b553ac02cb70084b3d63fb6744334e4b925502fa16a33caac9e9cc2815304b7a8fb5668ce0fd579fd2513d89c915ba25839ea58990ceef824ec01c37a981d61daf54d99e5a9f34a2e6fff30878c58b0ed027818a72bc54d9905fd0012e98ccc8c59c5110fcf010563fb00dee47511cf32046b75612a72c8ed838c45b69aa03b,gx-no-cache=1490789139281 HTTP/1.1" 200 30
