192.168.10.13 - - [29/Mar/2017:13:36:37 -0300] "GET / HTTP/1.1" 200 11217
192.168.10.13 - - [29/Mar/2017:13:37:37 -0300] "GET / HTTP/1.1" 200 11217
192.168.10.13 - - [29/Mar/2017:13:38:37 -0300] "GET / HTTP/1.1" 200 11217
192.168.10.13 - - [29/Mar/2017:13:39:37 -0300] "GET / HTTP/1.1" 200 11217
192.168.10.96 - - [29/Mar/2017:13:40:17 -0300] "GET /cormun/servlet/trconsultaempleado? HTTP/1.1" 200 5322
192.168.10.96 - - [29/Mar/2017:13:40:17 -0300] "GET /cormun/static/gxcfg.js?2017319127961 HTTP/1.1" 200 953
192.168.10.96 - - [29/Mar/2017:13:40:17 -0300] "GET /cormun/static/trconsultaempleado.js?20173191271215 HTTP/1.1" 200 16728
192.168.10.96 - - [29/Mar/2017:13:40:17 -0300] "GET /cormun/servlet/hlogin HTTP/1.1" 200 1744
192.168.10.96 - - [29/Mar/2017:13:40:17 -0300] "GET /cormun/servlet/trconsultaempleado? HTTP/1.1" 200 5315
192.168.10.96 - - [29/Mar/2017:13:40:27 -0300] "POST /cormun/servlet/hlogin?55d4c794d0483bafa80b6dd28529cdf3,gx-no-cache=1490808905291 HTTP/1.1" 200 90
192.168.10.96 - - [29/Mar/2017:13:40:27 -0300] "GET /cormun/servlet/hpexe_link HTTP/1.1" 200 961
192.168.10.96 - - [29/Mar/2017:13:40:27 -0300] "GET /cormun/servlet/trconsultaempleado HTTP/1.1" 200 9377
192.168.10.96 - - [29/Mar/2017:13:40:27 -0300] "GET /cormun/static/gxcfg.js?2017319127961 HTTP/1.1" 304 -
192.168.10.96 - - [29/Mar/2017:13:40:29 -0300] "GET /cormun/servlet/trconsultaempleado HTTP/1.1" 200 9375
192.168.10.13 - - [29/Mar/2017:13:40:37 -0300] "GET / HTTP/1.1" 200 11217
192.168.10.13 - - [29/Mar/2017:13:41:37 -0300] "GET / HTTP/1.1" 200 11217
192.168.10.96 - - [29/Mar/2017:13:41:40 -0300] "POST /cormun/servlet/trconsultaempleado?55d4c794d0483bafa80b6dd28529cdf3,gx-no-cache=1490808979054 HTTP/1.1" 200 4190
192.168.10.96 - - [29/Mar/2017:13:41:43 -0300] "GET /cormun/servlet/trsolicitudnombre?13720949, HTTP/1.1" 200 7330
192.168.10.96 - - [29/Mar/2017:13:41:44 -0300] "GET /cormun/servlet/trsolicitudnombre?13720949, HTTP/1.1" 200 7328
192.168.10.96 - - [29/Mar/2017:13:41:53 -0300] "POST /cormun/servlet/trsolicitudnombre?55d4c794d0483bafa80b6dd28529cdf3,13720949,,gx-no-cache=1490808991772 HTTP/1.1" 200 90
192.168.10.96 - - [29/Mar/2017:13:41:53 -0300] "GET /cormun/servlet/hpexe_link HTTP/1.1" 200 998
192.168.10.96 - - [29/Mar/2017:13:41:53 -0300] "GET /cormun/servlet/trconsultaempleado?gx-no-cache=1490808979054 HTTP/1.1" 200 6571
192.168.10.96 - - [29/Mar/2017:13:41:53 -0300] "GET /cormun/static/gxcfg.js?2017319127961 HTTP/1.1" 304 -
192.168.10.96 - - [29/Mar/2017:13:41:54 -0300] "GET /cormun/servlet/trconsultaempleado?gx-no-cache=1490808979054 HTTP/1.1" 200 6590
192.168.10.96 - - [29/Mar/2017:13:42:00 -0300] "POST /cormun/servlet/trconsultaempleado?55d4c794d0483bafa80b6dd28529cdf3,gx-no-cache=1490808979054,gx-no-cache=1490808999181 HTTP/1.1" 200 4189
192.168.10.96 - - [29/Mar/2017:13:42:01 -0300] "GET /cormun/servlet/trsolicitudnombre?15593964, HTTP/1.1" 200 6206
192.168.10.96 - - [29/Mar/2017:13:42:02 -0300] "GET /cormun/servlet/trsolicitudnombre?15593964, HTTP/1.1" 200 6183
192.168.10.96 - - [29/Mar/2017:13:42:06 -0300] "GET /cormun/servlet/wbconsulta? HTTP/1.1" 200 5161
192.168.10.96 - - [29/Mar/2017:13:42:06 -0300] "GET /cormun/servlet/wbconsulta? HTTP/1.1" 200 5147
192.168.10.96 - - [29/Mar/2017:13:42:18 -0300] "POST /cormun/servlet/wbconsulta?55d4c794d0483bafa80b6dd28529cdf3,,gx-no-cache=1490809017222 HTTP/1.1" 200 103
192.168.10.96 - - [29/Mar/2017:13:42:19 -0300] "GET /cormun/servlet/vevisualizador?2017,5626, HTTP/1.1" 200 8529
192.168.10.96 - - [29/Mar/2017:13:42:19 -0300] "GET /cormun/pexe_scrolldiv.js HTTP/1.1" 404 1009
192.168.10.96 - - [29/Mar/2017:13:42:19 -0300] "GET /cormun/pexe_scrolldiv.js HTTP/1.1" 404 1009
192.168.10.96 - - [29/Mar/2017:13:42:19 -0300] "GET /cormun/servlet/vevisualizador?2017,5626, HTTP/1.1" 200 8528
192.168.10.96 - - [29/Mar/2017:13:42:21 -0300] "GET /cormun/servlet/vevisualizador?2017,5626,,SolicitudOTAdjuntos HTTP/1.1" 200 10378
192.168.10.96 - - [29/Mar/2017:13:42:21 -0300] "GET /cormun/pexe_scrolldiv.js HTTP/1.1" 404 1009
192.168.10.96 - - [29/Mar/2017:13:42:21 -0300] "GET /cormun/pexe_scrolldiv.js HTTP/1.1" 404 1009
192.168.10.96 - - [29/Mar/2017:13:42:22 -0300] "GET /cormun/servlet/vevisualizador?2017,5626,,SolicitudOTAdjuntos HTTP/1.1" 200 10380
192.168.10.96 - - [29/Mar/2017:13:42:22 -0300] "POST /cormun/servlet/acontrolpreferencessavestate?None,DZAMUDIO,true HTTP/1.1" 200 35
192.168.10.96 - - [29/Mar/2017:13:42:24 -0300] "GET /cormun/PublicTempStorage/carnet_maria_cortez4648426.pdf HTTP/1.1" 200 23307
192.168.10.96 - - [29/Mar/2017:13:42:33 -0300] "GET /cormun/servlet/vevisualizador?2017,5626,,SolicitudOTAdjuntos HTTP/1.1" 200 10377
192.168.10.96 - - [29/Mar/2017:13:42:34 -0300] "GET /cormun/servlet/vevisualizador?2017,5626,,SolicitudOTAdjuntos HTTP/1.1" 200 10380
192.168.10.96 - - [29/Mar/2017:13:42:34 -0300] "POST /cormun/servlet/acontrolpreferencessavestate?None,DZAMUDIO,true HTTP/1.1" 200 35
192.168.10.96 - - [29/Mar/2017:13:42:35 -0300] "GET /cormun/PublicTempStorage/afp_maria_cortez6528692.pdf HTTP/1.1" 200 277706
192.168.10.13 - - [29/Mar/2017:13:42:37 -0300] "GET / HTTP/1.1" 200 11217
192.168.10.96 - - [29/Mar/2017:13:42:39 -0300] "GET /cormun/servlet/vevisualizador?2017,5626,,SolicitudOTAdjuntos HTTP/1.1" 200 10376
192.168.10.96 - - [29/Mar/2017:13:42:40 -0300] "GET /cormun/servlet/vevisualizador?2017,5626,,SolicitudOTAdjuntos HTTP/1.1" 200 10377
192.168.10.96 - - [29/Mar/2017:13:42:41 -0300] "POST /cormun/servlet/acontrolpreferencessavestate?None,DZAMUDIO,true HTTP/1.1" 200 35
192.168.10.96 - - [29/Mar/2017:13:42:42 -0300] "GET /cormun/PublicTempStorage/isapre_maria_cortez7080338.pdf HTTP/1.1" 200 33164
192.168.10.96 - - [29/Mar/2017:13:42:49 -0300] "GET /cormun/servlet/vevisualizador?2017,5626,,SolicitudOTAdjuntos HTTP/1.1" 200 10379
192.168.10.96 - - [29/Mar/2017:13:42:50 -0300] "GET /cormun/servlet/vevisualizador?2017,5626,,SolicitudOTAdjuntos HTTP/1.1" 200 10379
192.168.10.96 - - [29/Mar/2017:13:42:50 -0300] "POST /cormun/servlet/acontrolpreferencessavestate?None,DZAMUDIO,true HTTP/1.1" 200 35
192.168.10.96 - - [29/Mar/2017:13:42:51 -0300] "GET /cormun/PublicTempStorage/antec_maria_cortez5283358.pdf HTTP/1.1" 200 385943
192.168.10.96 - - [29/Mar/2017:13:42:56 -0300] "GET /cormun/servlet/vevisualizador?2017,5626,,SolicitudOTAdjuntos HTTP/1.1" 200 10373
192.168.10.96 - - [29/Mar/2017:13:42:57 -0300] "GET /cormun/servlet/vevisualizador?2017,5626,,SolicitudOTAdjuntos HTTP/1.1" 200 10378
192.168.10.96 - - [29/Mar/2017:13:42:57 -0300] "POST /cormun/servlet/acontrolpreferencessavestate?None,DZAMUDIO,true HTTP/1.1" 200 35
192.168.10.96 - - [29/Mar/2017:13:42:58 -0300] "GET /cormun/PublicTempStorage/cv_maria_cortez9110470.pdf HTTP/1.1" 200 56964
192.168.10.96 - - [29/Mar/2017:13:43:04 -0300] "GET /cormun/servlet/vevisualizador?2017,5626,,SolicitudOTAdjuntos HTTP/1.1" 200 10381
192.168.10.96 - - [29/Mar/2017:13:43:04 -0300] "GET /cormun/servlet/vevisualizador?2017,5626,,SolicitudOTAdjuntos HTTP/1.1" 200 10379
192.168.10.96 - - [29/Mar/2017:13:43:05 -0300] "POST /cormun/servlet/acontrolpreferencessavestate?None,DZAMUDIO,true HTTP/1.1" 200 35
192.168.10.96 - - [29/Mar/2017:13:43:06 -0300] "GET /cormun/PublicTempStorage/titulo_maria_cortez8641523.pdf HTTP/1.1" 200 488940
192.168.10.89 - - [29/Mar/2017:13:43:08 -0300] "POST /cormun/servlet/hlogin?2cf09cd46cd8232565b96e5662c9f5a8,gx-no-cache=1490809066723 HTTP/1.1" 440 972
192.168.10.89 - - [29/Mar/2017:13:43:09 -0300] "GET /cormun/servlet/hlogin HTTP/1.1" 200 1735
192.168.10.89 - - [29/Mar/2017:13:43:20 -0300] "POST /cormun/servlet/hlogin?961588047303879cda81c0face21d441,gx-no-cache=1490809078775 HTTP/1.1" 200 90
192.168.10.89 - - [29/Mar/2017:13:43:20 -0300] "GET /cormun/servlet/hpexe_link HTTP/1.1" 200 956
192.168.10.89 - - [29/Mar/2017:13:43:20 -0300] "GET /cormun/servlet/hhome HTTP/1.1" 200 4457
192.168.10.89 - - [29/Mar/2017:13:43:23 -0300] "GET /cormun/servlet/trsolicitudgral? HTTP/1.1" 200 21330
192.168.10.89 - - [29/Mar/2017:13:43:23 -0300] "GET /cormun/static/Resources/Spanish/PXTools.css?18365030 HTTP/1.1" 304 -
192.168.10.89 - - [29/Mar/2017:13:43:31 -0300] "POST /cormun/servlet/trsolicitudgral?961588047303879cda81c0face21d441,,gx-no-cache=1490809089221 HTTP/1.1" 200 9304
192.168.10.13 - - [29/Mar/2017:13:43:37 -0300] "GET / HTTP/1.1" 200 11217
192.168.10.13 - - [29/Mar/2017:13:44:37 -0300] "GET / HTTP/1.1" 200 11217
192.168.10.13 - - [29/Mar/2017:13:45:37 -0300] "GET / HTTP/1.1" 200 11217
186.79.251.41 - - [29/Mar/2017:13:46:15 -0300] "GET /cormun/servlet/hlogin HTTP/1.1" 200 1725
186.79.251.41 - - [29/Mar/2017:13:46:15 -0300] "GET /cormun/static/Resources/Spanish/PXTools.css?11294912 HTTP/1.1" 304 -
186.79.251.41 - - [29/Mar/2017:13:46:15 -0300] "GET /cormun/static/gxcfg.js?201731711485472 HTTP/1.1" 200 953
186.79.251.41 - - [29/Mar/2017:13:46:16 -0300] "GET /cormun/static/hlogin.js?201731711485490 HTTP/1.1" 304 -
186.79.251.41 - - [29/Mar/2017:13:46:16 -0300] "GET /cormun/static/messages.spa.js?85251 HTTP/1.1" 200 30736
186.79.251.41 - - [29/Mar/2017:13:46:22 -0300] "POST /cormun/servlet/hlogin?4d498528ed9e4fc96e2c4287383b1e8e,gx-no-cache=1490806049790 HTTP/1.1" 200 90
186.79.251.41 - - [29/Mar/2017:13:46:23 -0300] "GET /cormun/servlet/hpexe_link HTTP/1.1" 200 955
186.79.251.41 - - [29/Mar/2017:13:46:23 -0300] "GET /cormun/static/gxcfg.js?201731711483381 HTTP/1.1" 200 953
186.79.251.41 - - [29/Mar/2017:13:46:23 -0300] "GET /cormun/static/hpexe_link.js?201731711483384 HTTP/1.1" 304 -
186.79.251.41 - - [29/Mar/2017:13:46:23 -0300] "GET /cormun/servlet/hhome HTTP/1.1" 200 3833
186.79.251.41 - - [29/Mar/2017:13:46:24 -0300] "GET /cormun/static/gxcfg.js?201731711483497 HTTP/1.1" 200 953
186.79.251.41 - - [29/Mar/2017:13:46:24 -0300] "GET /cormun/static/hhome.js?20173171148352 HTTP/1.1" 304 -
186.79.251.41 - - [29/Mar/2017:13:46:24 -0300] "GET /cormun/static/hwchdr01.js?201731711335950 HTTP/1.1" 304 -
186.79.251.41 - - [29/Mar/2017:13:46:24 -0300] "GET /cormun/static/hpexe_recentlink.js?201610171694390 HTTP/1.1" 304 -
186.79.251.41 - - [29/Mar/2017:13:46:24 -0300] "GET /cormun/static/hpexe_scripts.js?201731711335890 HTTP/1.1" 304 -
186.79.251.41 - - [29/Mar/2017:13:46:24 -0300] "GET /cormun/static/hpexe_messagecontroller.js?201610171694323 HTTP/1.1" 304 -
186.79.251.41 - - [29/Mar/2017:13:46:24 -0300] "GET /cormun/static/hpexe_messagepopupcomponent.js?20161017169425 HTTP/1.1" 304 -
186.79.251.41 - - [29/Mar/2017:13:46:24 -0300] "GET /cormun/static/hpexe_messagegenexuscomponent.js?201731711335537 HTTP/1.1" 304 -
186.79.251.41 - - [29/Mar/2017:13:46:24 -0300] "GET /cormun/static/cmcontrolpreferences.js?201731711335852 HTTP/1.1" 304 -
186.79.251.41 - - [29/Mar/2017:13:46:24 -0300] "GET /cormun/static/hmpwkw03.js?201731711485354 HTTP/1.1" 304 -
186.79.251.41 - - [29/Mar/2017:13:46:24 -0300] "GET /cormun/servlet/hhome HTTP/1.1" 200 3830
192.168.10.13 - - [29/Mar/2017:13:46:37 -0300] "GET / HTTP/1.1" 200 11217
192.168.10.13 - - [29/Mar/2017:13:47:37 -0300] "GET / HTTP/1.1" 200 11217
192.168.10.13 - - [29/Mar/2017:13:48:37 -0300] "GET / HTTP/1.1" 200 11217
192.168.10.13 - - [29/Mar/2017:13:49:37 -0300] "GET / HTTP/1.1" 200 11217
192.168.10.13 - - [29/Mar/2017:13:50:37 -0300] "GET / HTTP/1.1" 200 11217
192.168.10.13 - - [29/Mar/2017:13:51:37 -0300] "GET / HTTP/1.1" 200 11217
192.168.10.13 - - [29/Mar/2017:13:52:37 -0300] "GET / HTTP/1.1" 200 11217
192.168.10.13 - - [29/Mar/2017:13:53:37 -0300] "GET / HTTP/1.1" 200 11217
192.168.10.13 - - [29/Mar/2017:13:54:37 -0300] "GET / HTTP/1.1" 200 11217
186.79.251.41 - - [29/Mar/2017:13:55:08 -0300] "GET /cormun/servlet/trsolicitudot? HTTP/1.1" 200 8540
186.79.251.41 - - [29/Mar/2017:13:55:09 -0300] "GET /cormun/static/gxcfg.js?201731711505139 HTTP/1.1" 200 953
186.79.251.41 - - [29/Mar/2017:13:55:09 -0300] "GET /cormun/static/trsolicitudot.js?20173171151116 HTTP/1.1" 304 -
186.79.251.41 - - [29/Mar/2017:13:55:09 -0300] "GET /cormun/servlet/trsolicitudot? HTTP/1.1" 200 8538
186.79.251.41 - - [29/Mar/2017:13:55:16 -0300] "GET /cormun/servlet/solicitudot?INS,0,0, HTTP/1.1" 200 12637
186.79.251.41 - - [29/Mar/2017:13:55:16 -0300] "GET /cormun/static/Resources/Spanish/PXTools.css?18365030 HTTP/1.1" 304 -
186.79.251.41 - - [29/Mar/2017:13:55:16 -0300] "GET /cormun/static/gxcfg.js?20171191042720 HTTP/1.1" 200 953
186.79.251.41 - - [29/Mar/2017:13:55:16 -0300] "GET /cormun/static/solicitudot.js?2017119104297 HTTP/1.1" 304 -
186.79.251.41 - - [29/Mar/2017:13:55:17 -0300] "GET /cormun/servlet/solicitudot?INS,0,0, HTTP/1.1" 200 12641
192.168.10.13 - - [29/Mar/2017:13:55:37 -0300] "GET / HTTP/1.1" 200 11217
186.79.251.41 - - [29/Mar/2017:13:56:31 -0300] "POST /cormun/servlet/solicitudot?gx-no-cache=1490806658173 HTTP/1.1" 200 3163
186.79.251.41 - - [29/Mar/2017:13:56:31 -0300] "POST /cormun/servlet/solicitudot?4d498528ed9e4fc96e2c4287383b1e8e,INS,0,0,,gx-no-cache=1490806658668 HTTP/1.1" 200 9774
192.168.10.13 - - [29/Mar/2017:13:56:37 -0300] "GET / HTTP/1.1" 200 11217
186.79.251.41 - - [29/Mar/2017:13:56:58 -0300] "GET /cormun/servlet/solicitudot?68e990957b20ea30a960b1b63248b63be4a2ce65e4e7e2b00831ce5e287928b95d383ab6723776745476e4eced4961b5,gx-no-cache=1490806684337 HTTP/1.1" 200 30
186.79.251.41 - - [29/Mar/2017:13:56:58 -0300] "POST /cormun/servlet/solicitudot?gx-no-cache=1490806686077 HTTP/1.1" 200 255
186.79.251.41 - - [29/Mar/2017:13:56:59 -0300] "GET /cormun/servlet/solicitudot?68e990957b20ea30a960b1b63248b63b8d7461fdc7445de3970a92e89b8808ead7e4afe286a8b6e1db869c54302c8e438c1b40568ed21697b9d39ec936e02ebb7cd998220adc8805fbda64eb77778348486fcbc64ed8e1b9bee9b0fab58b39662dc0df79c399a5f2b81c3a23df183208905a09f58ed8bfce470d51de6452623c3550625c06ac1a3177a8a6f49bb1b695e69e60297da15b3db5ba23baad170e72d5e09ebd291fc603e987e86878cf116d28c945b5e83d80e431bf7a4a8544ee8cab92bbd14cbb654bae0faeaaa9dbdef81c01963da1cfb5ee3903655129ff1a354f57faeedbce2d95d192c0a0d441401eafc1ca4444b495d3cf2b83adf4dd665050123959109ecd6f64ab12a9b4330942400195c1b8c8e1509c16be762c661f153a0b6bede40fe870e1fa3a8a4c66b0609f047805dcd06078d90e9f350457abfab696130ebb97674af7eeb6ac0b3a928dc1b12c5efafc5b087abde52f4fd42632ecb42bd0d7cfbe923d8a8a602653b08e10c3398b6b2301cd105c3dceb039b9c2,gx-no-cache=1490806686676 HTTP/1.1" 200 30
186.79.251.41 - - [29/Mar/2017:13:57:31 -0300] "POST /cormun/servlet/solicitudot?gx-no-cache=1490806718287 HTTP/1.1" 200 30
192.168.10.13 - - [29/Mar/2017:13:57:37 -0300] "GET / HTTP/1.1" 200 11217
186.79.251.41 - - [29/Mar/2017:13:57:43 -0300] "POST /cormun/servlet/solicitudot?gx-no-cache=1490806730327 HTTP/1.1" 200 30
186.79.251.41 - - [29/Mar/2017:13:57:46 -0300] "GET /cormun/servlet/prsolicitudot?16494338,,,,,MD,,gxPopupLevel%3D0%3B HTTP/1.1" 200 6014
186.79.251.41 - - [29/Mar/2017:13:57:53 -0300] "POST /cormun/servlet/solicitudot?gx-no-cache=1490806740775 HTTP/1.1" 200 1291
186.79.251.41 - - [29/Mar/2017:13:57:53 -0300] "POST /cormun/servlet/solicitudot?gx-no-cache=1490806740950 HTTP/1.1" 200 38
186.79.251.41 - - [29/Mar/2017:13:57:53 -0300] "GET /cormun/servlet/solicitudot?68e990957b20ea30a960b1b63248b63b0c44635c963fd52520fa15a14d347da81aa3499a78a56b8a79b0205ca2692283dea4fd53f0f73b5d272ab29ee841055fff58a7ec0922aef8089098415842d54bcb193a2e114fd7cd34b03397cb41e2d370fec4fb4e0c3e2e9ac09e407d2a552bc9b8f48f18b640a8510f916667dac0e2d4d28788f3d187372e281e438ec681178e50ef2f5417d78526be81743ce32039141daa3d1299e4e0f1a639a7dd26442a61cbae2139627971fa40e3397dd4509ec5e135a52b2dc09e596ee21ad6acdc2c,gx-no-cache=1490806741038 HTTP/1.1" 200 29
186.79.251.41 - - [29/Mar/2017:13:57:54 -0300] "POST /cormun/servlet/solicitudot?gx-no-cache=1490806741113 HTTP/1.1" 200 1275
186.79.251.41 - - [29/Mar/2017:13:57:54 -0300] "POST /cormun/servlet/solicitudot?gx-no-cache=1490806741336 HTTP/1.1" 200 1157
186.79.251.41 - - [29/Mar/2017:13:58:14 -0300] "POST /cormun/servlet/solicitudot?gx-no-cache=1490806761680 HTTP/1.1" 200 1275
186.79.251.41 - - [29/Mar/2017:13:58:14 -0300] "POST /cormun/servlet/solicitudot?gx-no-cache=1490806761899 HTTP/1.1" 200 1157
192.168.10.13 - - [29/Mar/2017:13:58:37 -0300] "GET / HTTP/1.1" 200 11217
200.112.48.187 - - [29/Mar/2017:13:59:06 -0300] "GET /cormun/servlet/hlogin HTTP/1.1" 200 1735
192.168.10.13 - - [29/Mar/2017:13:59:37 -0300] "GET / HTTP/1.1" 200 11217
200.112.48.187 - - [29/Mar/2017:13:59:39 -0300] "POST /cormun/servlet/hlogin?aa8a0a53a2b69012bf5c3e9ee30a1d92,gx-no-cache=1490806851823 HTTP/1.1" 200 90
200.112.48.187 - - [29/Mar/2017:13:59:40 -0300] "GET /cormun/servlet/hpexe_link HTTP/1.1" 200 957
200.112.48.187 - - [29/Mar/2017:13:59:40 -0300] "GET /cormun/servlet/hhome HTTP/1.1" 200 3951
200.112.48.187 - - [29/Mar/2017:13:59:42 -0300] "GET /cormun/servlet/hhome HTTP/1.1" 200 3947
200.112.48.187 - - [29/Mar/2017:13:59:46 -0300] "GET /cormun/servlet/trsolicitudot? HTTP/1.1" 200 6914
200.112.48.187 - - [29/Mar/2017:13:59:47 -0300] "GET /cormun/servlet/trsolicitudot? HTTP/1.1" 200 6913
200.112.48.187 - - [29/Mar/2017:13:59:51 -0300] "POST /cormun/servlet/trsolicitudot?aa8a0a53a2b69012bf5c3e9ee30a1d92,,gx-no-cache=1490806863790 HTTP/1.1" 200 4152
200.112.48.187 - - [29/Mar/2017:13:59:59 -0300] "GET /cormun/servlet/solicitudot?INS,0,0, HTTP/1.1" 200 12759
200.112.48.187 - - [29/Mar/2017:14:00:00 -0300] "GET /cormun/servlet/solicitudot?INS,0,0, HTTP/1.1" 200 12764
200.112.48.187 - - [29/Mar/2017:14:00:22 -0300] "GET /cormun/servlet/prfichaempleado?,MD,,gxPopupLevel%3D0%3B HTTP/1.1" 200 8773
200.112.48.187 - - [29/Mar/2017:14:00:22 -0300] "GET /cormun/static/gxcfg.js?2017319125415 HTTP/1.1" 200 953
200.112.48.187 - - [29/Mar/2017:14:00:24 -0300] "GET /cormun/static/prfichaempleado.js?20173191254344 HTTP/1.1" 200 15951
200.112.48.187 - - [29/Mar/2017:14:00:36 -0300] "POST /cormun/servlet/prfichaempleado?aa8a0a53a2b69012bf5c3e9ee30a1d92,,MD,,gxPopupLevel%3D0%3B,gx-no-cache=1490806908254 HTTP/1.1" 200 3193
192.168.10.13 - - [29/Mar/2017:14:00:37 -0300] "GET / HTTP/1.1" 200 11217
200.112.48.187 - - [29/Mar/2017:14:00:56 -0300] "POST /cormun/servlet/solicitudot?gx-no-cache=1490806928231 HTTP/1.1" 200 3081
200.112.48.187 - - [29/Mar/2017:14:00:57 -0300] "POST /cormun/servlet/solicitudot?aa8a0a53a2b69012bf5c3e9ee30a1d92,INS,0,0,,gx-no-cache=1490806928855 HTTP/1.1" 200 9877
200.112.48.187 - - [29/Mar/2017:14:01:01 -0300] "GET /cormun/servlet/solicitudot?7f164c195808dc8e6105c6164740285a6a12e54a0bb58e0b5b7f71db21f3d8fa8ff695a37cfe5416632516fb752fb10e,gx-no-cache=1490806934164 HTTP/1.1" 200 30
192.168.10.13 - - [29/Mar/2017:14:01:37 -0300] "GET / HTTP/1.1" 200 11217
192.168.10.13 - - [29/Mar/2017:14:02:37 -0300] "GET / HTTP/1.1" 200 11217
200.112.48.187 - - [29/Mar/2017:14:03:12 -0300] "POST /cormun/servlet/solicitudot?gx-no-cache=1490807064476 HTTP/1.1" 200 240
200.112.48.187 - - [29/Mar/2017:14:03:16 -0300] "GET /cormun/servlet/solicitudot?7f164c195808dc8e6105c6164740285a580d0f5581f2c1242ce269d07933b838f19d2d38f25f00659fc479ed0c2cafcc15874546063c09da1d20f18bafc83e8f5a979876b784fe76f33b41ac97b181c643b143583f9bc52ad8901ce02c3a67318de34ae9c80b8ed12eab4fb959ed0280391a8cf13520bb4c6aae6e3c18b25a01c93133ab8709c776486065a96c01ed7260305ed4e342f189e145137381b67806827ff4e4729c94f80c7a5a762b930c2349a7f9754c74d68cba2021ab17edfc87fa576a77196b1161b9314ec9d86042c7e2adc6193aa4ece0d2c131d441143d17b88c39494fa747f4acbf88c910122f79b58eb53d5388b8c27d9ead33c0e00123b8afcdc4b31f181adc6e3b1eb1afb5b8bd0ec88da64d4a7bcd5bea4aad16975e464d862001502cab4f4e5ba49aa0e3cc5458e7844b8b25c64eeca13927e2d295c265baeb67254a935c95f8f4a94ec4cb0ec0eef114e60535e4550498eec93bdee1be98a8dc2880637f5a1a6fb213b46a5ed9841302cc5cd458f9caeb5e7bc7dc,gx-no-cache=1490807068168 HTTP/1.1" 200 30
200.112.48.187 - - [29/Mar/2017:14:03:20 -0300] "POST /cormun/servlet/solicitudot?gx-no-cache=1490807073052 HTTP/1.1" 200 30
200.112.48.187 - - [29/Mar/2017:14:03:26 -0300] "GET /cormun/servlet/prfichaempleado?,MD,,gxPopupLevel%3D0%3B HTTP/1.1" 200 8773
192.168.10.13 - - [29/Mar/2017:14:03:37 -0300] "GET / HTTP/1.1" 200 11217
200.112.48.187 - - [29/Mar/2017:14:03:39 -0300] "POST /cormun/servlet/prfichaempleado?aa8a0a53a2b69012bf5c3e9ee30a1d92,,MD,,gxPopupLevel%3D0%3B,gx-no-cache=1490807091260 HTTP/1.1" 200 3411
200.112.48.187 - - [29/Mar/2017:14:03:46 -0300] "GET /cormun/servlet/prlicenciaspermisos?17235020,L,,MD,,gxPopupLevel%3D0%3B HTTP/1.1" 200 6316
200.112.48.187 - - [29/Mar/2017:14:04:10 -0300] "POST /cormun/servlet/solicitudot?gx-no-cache=1490807122473 HTTP/1.1" 200 1291
200.112.48.187 - - [29/Mar/2017:14:04:22 -0300] "POST /cormun/servlet/solicitudot?gx-no-cache=1490807134647 HTTP/1.1" 200 41
186.79.251.41 - - [29/Mar/2017:14:04:24 -0300] "POST /cormun/servlet/solicitudot?gx-no-cache=1490807131302 HTTP/1.1" 200 1275
186.79.251.41 - - [29/Mar/2017:14:04:27 -0300] "POST /cormun/servlet/solicitudot?gx-no-cache=1490807134081 HTTP/1.1" 200 1157
192.168.10.13 - - [29/Mar/2017:14:04:37 -0300] "GET / HTTP/1.1" 200 11217
200.112.48.187 - - [29/Mar/2017:14:04:57 -0300] "GET /cormun/servlet/solicitudot?7f164c195808dc8e6105c6164740285a878845b8d9ef7f4e9144018d603f2badebc8163709c84a31944460be153d026647610875443a1b40903d4085d267ce52d4af8b7f800d213033168ac76b7523f8e28f2f16df7142d67767318286b02aa00dd9e751fc2f38cb315971d64a9c9a94,gx-no-cache=1490807169080 HTTP/1.1" 200 29
200.112.48.187 - - [29/Mar/2017:14:04:57 -0300] "POST /cormun/servlet/solicitudot?gx-no-cache=1490807169485 HTTP/1.1" 200 1274
200.112.48.187 - - [29/Mar/2017:14:04:57 -0300] "POST /cormun/servlet/solicitudot?gx-no-cache=1490807169780 HTTP/1.1" 200 1157
200.112.48.187 - - [29/Mar/2017:14:04:57 -0300] "GET /cormun/static/menuarrow.gif HTTP/1.1" 404 1015
200.112.48.187 - - [29/Mar/2017:14:05:00 -0300] "POST /cormun/servlet/solicitudot?gx-no-cache=1490807172417 HTTP/1.1" 200 1274
200.112.48.187 - - [29/Mar/2017:14:05:00 -0300] "POST /cormun/servlet/solicitudot?gx-no-cache=1490807172673 HTTP/1.1" 200 1157
200.112.48.187 - - [29/Mar/2017:14:05:16 -0300] "GET /cormun/servlet/solicitudot?7f164c195808dc8e6105c6164740285ad6d765d41a9528ea8b16d4a354fa4b71df593e1f8dce67169ead9d66ebec7215f693851bbe21b33f90ec774c9f5b9686c67278f9a21fe0fe188bd49cddbd56f63e0a1ed8e937f9c5ae506f5760cb3ed0ae476099415516ba02b3c3e26b9e1b91e4a21a325ffedaec093e6a0c0151aa1f6c287648ada936e91173534490472a894f22daecfda2eadab33c1583c2a2a23bba40a07200aad12198f24abc87bb23b89ea4b7008376052ea161bcc2ea0f15b3,gx-no-cache=1490807188662 HTTP/1.1" 200 30
200.112.48.187 - - [29/Mar/2017:14:05:17 -0300] "POST /cormun/servlet/solicitudot?aa8a0a53a2b69012bf5c3e9ee30a1d92,INS,0,0,,gx-no-cache=1490807188977 HTTP/1.1" 200 93
200.112.48.187 - - [29/Mar/2017:14:05:17 -0300] "GET /cormun/servlet/hpexe_return? HTTP/1.1" 200 1012
200.112.48.187 - - [29/Mar/2017:14:05:18 -0300] "GET /cormun/servlet/trsolicitudot? HTTP/1.1" 200 8263
200.112.48.187 - - [29/Mar/2017:14:05:20 -0300] "GET /cormun/servlet/trsolicitudot? HTTP/1.1" 200 8258
192.168.10.13 - - [29/Mar/2017:14:05:37 -0300] "GET / HTTP/1.1" 200 11217
200.112.48.187 - - [29/Mar/2017:14:05:51 -0300] "POST /cormun/servlet/trsolicitudot?aa8a0a53a2b69012bf5c3e9ee30a1d92,,gx-no-cache=1490807223163 HTTP/1.1" 200 106
200.112.48.187 - - [29/Mar/2017:14:05:51 -0300] "GET /cormun/servlet/trsolicitudadjuntos?2017,5799, HTTP/1.1" 200 6049
200.112.48.187 - - [29/Mar/2017:14:05:52 -0300] "GET /cormun/static/gxcfg.js?201731711504543 HTTP/1.1" 200 953
200.112.48.187 - - [29/Mar/2017:14:05:52 -0300] "GET /cormun/static/trsolicitudadjuntos.js?201731711504951 HTTP/1.1" 304 -
200.112.48.187 - - [29/Mar/2017:14:05:53 -0300] "GET /cormun/servlet/trsolicitudadjuntos?2017,5799, HTTP/1.1" 200 6049
200.112.48.187 - - [29/Mar/2017:14:05:56 -0300] "GET /cormun/servlet/solicitudotadjuntos?INS,2017,5799,,1, HTTP/1.1" 200 5988
200.112.48.187 - - [29/Mar/2017:14:05:57 -0300] "GET /cormun/static/gxcfg.js?201612218465951 HTTP/1.1" 200 953
200.112.48.187 - - [29/Mar/2017:14:05:57 -0300] "GET /cormun/static/solicitudotadjuntos.js?201612218465969 HTTP/1.1" 304 -
200.112.48.187 - - [29/Mar/2017:14:05:57 -0300] "GET /cormun/static/about:blank HTTP/1.1" 404 1011
200.112.48.187 - - [29/Mar/2017:14:05:58 -0300] "GET /cormun/servlet/solicitudotadjuntos?INS,2017,5799,,1, HTTP/1.1" 200 5981
200.112.48.187 - - [29/Mar/2017:14:05:58 -0300] "GET /cormun/servlet/solicitudotadjuntos?7f164c195808dc8e6105c6164740285ae1ea6323914d0304f3781259ffb94787a62822fa6c800d5e7c61190ea695b588,gx-no-cache=1490807230899 HTTP/1.1" 200 30
200.112.48.187 - - [29/Mar/2017:14:05:59 -0300] "POST /cormun/servlet/solicitudotadjuntos?aa8a0a53a2b69012bf5c3e9ee30a1d92,INS,2017,5799,,1,,gx-no-cache=1490807231218 HTTP/1.1" 200 3868
186.79.251.41 - - [29/Mar/2017:14:06:00 -0300] "GET /cormun/static/menuarrow.gif HTTP/1.1" 404 1015
200.112.48.187 - - [29/Mar/2017:14:06:04 -0300] "POST /cormun/servlet/solicitudotadjuntos?gx-no-cache=1490807236821 HTTP/1.1" 200 26
186.79.251.41 - - [29/Mar/2017:14:06:07 -0300] "GET /cormun/servlet/solicitudot?68e990957b20ea30a960b1b63248b63b0754c75fedb393006526ef571da370a558f8be5daf4cc0cddc77a5c79c6a3a67cf225bbf685764780f781fde92525f2357847b049850a3645a9c76f38a139877f6025ab87777c1afcd9149b145a6414d21bfc848e17ac6495e5b3c6b413b46bc3ef5a65f6d514778d70a6168b304dce3ecb909144d0c482902c96a4266435d7ffcbd5ed5bf18118aa59a7166f9448917dabf39ec91b0d12206a22ea817f935a7,gx-no-cache=1490807234890 HTTP/1.1" 200 30
200.112.48.187 - - [29/Mar/2017:14:06:31 -0300] "GET /cormun/servlet/solicitudotadjuntos?7f164c195808dc8e6105c6164740285a34baf5d12baa81859d644f555bdccdc7,gx-no-cache=1490807263504 HTTP/1.1" 200 30
200.112.48.187 - - [29/Mar/2017:14:06:31 -0300] "GET /cormun/servlet/solicitudotadjuntos?7f164c195808dc8e6105c6164740285a34baf5d12baa81859d644f555bdccdc7,gx-no-cache=1490807263711 HTTP/1.1" 200 30
192.168.10.13 - - [29/Mar/2017:14:06:37 -0300] "GET / HTTP/1.1" 200 11217
200.112.48.187 - - [29/Mar/2017:14:06:37 -0300] "POST /cormun/servlet/solicitudotadjuntos?aa8a0a53a2b69012bf5c3e9ee30a1d92,INS,2017,5799,,1, HTTP/1.1" 200 116
200.112.48.187 - - [29/Mar/2017:14:06:38 -0300] "GET /cormun/servlet/hpexe_return? HTTP/1.1" 200 1031
200.112.48.187 - - [29/Mar/2017:14:06:38 -0300] "GET /cormun/servlet/trsolicitudadjuntos?2017,5799, HTTP/1.1" 200 8225
200.112.48.187 - - [29/Mar/2017:14:06:39 -0300] "GET /cormun/servlet/trsolicitudadjuntos?2017,5799, HTTP/1.1" 200 8220
200.112.48.187 - - [29/Mar/2017:14:06:43 -0300] "GET /cormun/servlet/solicitudotadjuntos?INS,2017,5799,,1, HTTP/1.1" 200 5988
200.112.48.187 - - [29/Mar/2017:14:06:44 -0300] "GET /cormun/static/about:blank HTTP/1.1" 404 1011
200.112.48.187 - - [29/Mar/2017:14:06:45 -0300] "GET /cormun/servlet/solicitudotadjuntos?INS,2017,5799,,1, HTTP/1.1" 200 5981
200.112.48.187 - - [29/Mar/2017:14:06:45 -0300] "GET /cormun/servlet/solicitudotadjuntos?7f164c195808dc8e6105c6164740285ae1ea6323914d0304f3781259ffb94787a62822fa6c800d5e7c61190ea695b588,gx-no-cache=1490807277655 HTTP/1.1" 200 30
200.112.48.187 - - [29/Mar/2017:14:06:46 -0300] "POST /cormun/servlet/solicitudotadjuntos?aa8a0a53a2b69012bf5c3e9ee30a1d92,INS,2017,5799,,1,,gx-no-cache=1490807278115 HTTP/1.1" 200 3870
200.112.48.187 - - [29/Mar/2017:14:06:51 -0300] "POST /cormun/servlet/solicitudotadjuntos?gx-no-cache=1490807284058 HTTP/1.1" 200 26
200.112.48.187 - - [29/Mar/2017:14:07:01 -0300] "GET /cormun/servlet/solicitudotadjuntos?7f164c195808dc8e6105c6164740285a34baf5d12baa81859d644f555bdccdc7,gx-no-cache=1490807293934 HTTP/1.1" 200 30
200.112.48.187 - - [29/Mar/2017:14:07:02 -0300] "GET /cormun/servlet/solicitudotadjuntos?7f164c195808dc8e6105c6164740285a34baf5d12baa81859d644f555bdccdc7,gx-no-cache=1490807294223 HTTP/1.1" 200 30
200.112.48.187 - - [29/Mar/2017:14:07:06 -0300] "POST /cormun/servlet/solicitudotadjuntos?aa8a0a53a2b69012bf5c3e9ee30a1d92,INS,2017,5799,,1, HTTP/1.1" 200 116
200.112.48.187 - - [29/Mar/2017:14:07:06 -0300] "GET /cormun/servlet/hpexe_return? HTTP/1.1" 200 1031
200.112.48.187 - - [29/Mar/2017:14:07:07 -0300] "GET /cormun/servlet/trsolicitudadjuntos?2017,5799, HTTP/1.1" 200 8415
200.112.48.187 - - [29/Mar/2017:14:07:08 -0300] "GET /cormun/servlet/trsolicitudadjuntos?2017,5799, HTTP/1.1" 200 8412
200.112.48.187 - - [29/Mar/2017:14:07:13 -0300] "GET /cormun/servlet/solicitudotadjuntos?INS,2017,5799,,1, HTTP/1.1" 200 5988
200.112.48.187 - - [29/Mar/2017:14:07:14 -0300] "GET /cormun/static/about:blank HTTP/1.1" 404 1011
200.112.48.187 - - [29/Mar/2017:14:07:15 -0300] "GET /cormun/servlet/solicitudotadjuntos?INS,2017,5799,,1, HTTP/1.1" 200 5981
200.112.48.187 - - [29/Mar/2017:14:07:16 -0300] "GET /cormun/servlet/solicitudotadjuntos?7f164c195808dc8e6105c6164740285ae1ea6323914d0304f3781259ffb94787a62822fa6c800d5e7c61190ea695b588,gx-no-cache=1490807308227 HTTP/1.1" 200 30
200.112.48.187 - - [29/Mar/2017:14:07:16 -0300] "POST /cormun/servlet/solicitudotadjuntos?aa8a0a53a2b69012bf5c3e9ee30a1d92,INS,2017,5799,,1,,gx-no-cache=1490807308489 HTTP/1.1" 200 3870
200.112.48.187 - - [29/Mar/2017:14:07:21 -0300] "POST /cormun/servlet/solicitudotadjuntos?gx-no-cache=1490807313906 HTTP/1.1" 200 26
200.112.48.187 - - [29/Mar/2017:14:07:29 -0300] "GET /cormun/servlet/solicitudotadjuntos?7f164c195808dc8e6105c6164740285a34baf5d12baa81859d644f555bdccdc7,gx-no-cache=1490807321515 HTTP/1.1" 200 30
200.112.48.187 - - [29/Mar/2017:14:07:29 -0300] "GET /cormun/servlet/solicitudotadjuntos?7f164c195808dc8e6105c6164740285a34baf5d12baa81859d644f555bdccdc7,gx-no-cache=1490807321586 HTTP/1.1" 200 30
186.79.251.41 - - [29/Mar/2017:14:07:30 -0300] "GET /cormun/servlet/solicitudot?68e990957b20ea30a960b1b63248b63b0c44635c963fd52520fa15a14d347da81aa3499a78a56b8a79b0205ca2692283bcac5afc2161d6e7836c5e60004de250ff58a7ec0922aef8089098415842d54bcb193a2e114fd7cd34b03397cb41e2d370fec4fb4e0c3e2e9ac09e407d2a552bc9b8f48f18b640a8510f916667dac0e2d4d28788f3d187372e281e438ec681178e50ef2f5417d78526be81743ce32039141daa3d1299e4e0f1a639a7dd26442a61cbae2139627971fa40e3397dd4509ec5e135a52b2dc09e596ee21ad6acdc2c,gx-no-cache=1490807317323 HTTP/1.1" 200 29
186.79.251.41 - - [29/Mar/2017:14:07:32 -0300] "POST /cormun/servlet/solicitudot?gx-no-cache=1490807319177 HTTP/1.1" 200 1275
186.79.251.41 - - [29/Mar/2017:14:07:32 -0300] "POST /cormun/servlet/solicitudot?gx-no-cache=1490807319372 HTTP/1.1" 200 1158
186.79.251.41 - - [29/Mar/2017:14:07:32 -0300] "GET /cormun/servlet/solicitudot?68e990957b20ea30a960b1b63248b63b0754c75fedb393006526ef571da370a558f8be5daf4cc0cddc77a5c79c6a3a67cf225bbf685764780f781fde92525f2357847b049850a3645a9c76f38a139877f6025ab87777c1afcd9149b145a6414d21bfc848e17ac6495e5b3c6b413b46bc3ef5a65f6d514778d70a6168b304dce3ecb909144d0c482902c96a4266435d7ffcbd5ed5bf18118aa59a7166f9448917dabf39ec91b0d12206a22ea817f935a7,gx-no-cache=1490807319548 HTTP/1.1" 200 30
186.79.251.41 - - [29/Mar/2017:14:07:33 -0300] "POST /cormun/servlet/solicitudot?4d498528ed9e4fc96e2c4287383b1e8e,INS,0,0,,gx-no-cache=1490807319650 HTTP/1.1" 200 93
186.79.251.41 - - [29/Mar/2017:14:07:33 -0300] "GET /cormun/servlet/hpexe_return? HTTP/1.1" 200 1009
186.79.251.41 - - [29/Mar/2017:14:07:33 -0300] "GET /cormun/static/Resources/Spanish/PXTools.css?167811 HTTP/1.1" 304 -
186.79.251.41 - - [29/Mar/2017:14:07:33 -0300] "GET /cormun/static/gxcfg.js?2016101716175148 HTTP/1.1" 200 953
186.79.251.41 - - [29/Mar/2017:14:07:33 -0300] "GET /cormun/static/hpexe_return.js?2016101716175153 HTTP/1.1" 304 -
186.79.251.41 - - [29/Mar/2017:14:07:34 -0300] "GET /cormun/servlet/trsolicitudot HTTP/1.1" 200 8932
186.79.251.41 - - [29/Mar/2017:14:07:34 -0300] "GET /cormun/static/gxcfg.js?201731711505139 HTTP/1.1" 304 -
200.112.48.187 - - [29/Mar/2017:14:07:35 -0300] "POST /cormun/servlet/solicitudotadjuntos?aa8a0a53a2b69012bf5c3e9ee30a1d92,INS,2017,5799,,1, HTTP/1.1" 200 116
200.112.48.187 - - [29/Mar/2017:14:07:35 -0300] "GET /cormun/servlet/hpexe_return? HTTP/1.1" 200 1031
186.79.251.41 - - [29/Mar/2017:14:07:35 -0300] "GET /cormun/servlet/trsolicitudot HTTP/1.1" 200 8928
200.112.48.187 - - [29/Mar/2017:14:07:35 -0300] "GET /cormun/servlet/trsolicitudadjuntos?2017,5799, HTTP/1.1" 200 8571
192.168.10.13 - - [29/Mar/2017:14:07:37 -0300] "GET / HTTP/1.1" 200 11217
200.112.48.187 - - [29/Mar/2017:14:07:37 -0300] "GET /cormun/servlet/trsolicitudadjuntos?2017,5799, HTTP/1.1" 200 8569
186.79.251.41 - - [29/Mar/2017:14:07:38 -0300] "GET /cormun/servlet/solicitudot?INS,0,0, HTTP/1.1" 200 12638
186.79.251.41 - - [29/Mar/2017:14:07:39 -0300] "GET /cormun/static/gxcfg.js?20171191042720 HTTP/1.1" 304 -
186.79.251.41 - - [29/Mar/2017:14:07:39 -0300] "GET /cormun/servlet/solicitudot?INS,0,0, HTTP/1.1" 200 12642
200.112.48.187 - - [29/Mar/2017:14:07:40 -0300] "GET /cormun/servlet/solicitudotadjuntos?INS,2017,5799,,1, HTTP/1.1" 200 5988
200.112.48.187 - - [29/Mar/2017:14:07:41 -0300] "GET /cormun/static/about:blank HTTP/1.1" 404 1011
200.112.48.187 - - [29/Mar/2017:14:07:41 -0300] "GET /cormun/servlet/solicitudotadjuntos?INS,2017,5799,,1, HTTP/1.1" 200 5981
200.112.48.187 - - [29/Mar/2017:14:07:42 -0300] "GET /cormun/servlet/solicitudotadjuntos?7f164c195808dc8e6105c6164740285ae1ea6323914d0304f3781259ffb94787a62822fa6c800d5e7c61190ea695b588,gx-no-cache=1490807334275 HTTP/1.1" 200 30
200.112.48.187 - - [29/Mar/2017:14:07:42 -0300] "POST /cormun/servlet/solicitudotadjuntos?aa8a0a53a2b69012bf5c3e9ee30a1d92,INS,2017,5799,,1,,gx-no-cache=1490807334372 HTTP/1.1" 200 3870
200.112.48.187 - - [29/Mar/2017:14:07:46 -0300] "POST /cormun/servlet/solicitudotadjuntos?gx-no-cache=1490807339137 HTTP/1.1" 200 26
186.79.251.41 - - [29/Mar/2017:14:07:53 -0300] "POST /cormun/servlet/solicitudot?gx-no-cache=1490807340474 HTTP/1.1" 200 3163
200.112.48.187 - - [29/Mar/2017:14:07:53 -0300] "GET /cormun/servlet/solicitudotadjuntos?7f164c195808dc8e6105c6164740285a34baf5d12baa81859d644f555bdccdc7,gx-no-cache=1490807345875 HTTP/1.1" 200 30
200.112.48.187 - - [29/Mar/2017:14:07:53 -0300] "GET /cormun/servlet/solicitudotadjuntos?7f164c195808dc8e6105c6164740285a34baf5d12baa81859d644f555bdccdc7,gx-no-cache=1490807345951 HTTP/1.1" 200 30
186.79.251.41 - - [29/Mar/2017:14:07:54 -0300] "POST /cormun/servlet/solicitudot?4d498528ed9e4fc96e2c4287383b1e8e,INS,0,0,,gx-no-cache=1490807340912 HTTP/1.1" 200 9774
186.79.251.41 - - [29/Mar/2017:14:07:57 -0300] "GET /cormun/servlet/solicitudot?68e990957b20ea30a960b1b63248b63be4a2ce65e4e7e2b00831ce5e287928b95d383ab6723776745476e4eced4961b5,gx-no-cache=1490807345011 HTTP/1.1" 200 30
186.79.251.41 - - [29/Mar/2017:14:07:58 -0300] "POST /cormun/servlet/solicitudot?gx-no-cache=1490807345366 HTTP/1.1" 200 255
186.79.251.41 - - [29/Mar/2017:14:07:58 -0300] "GET /cormun/servlet/solicitudot?68e990957b20ea30a960b1b63248b63b8d7461fdc7445de3970a92e89b8808ead7e4afe286a8b6e1db869c54302c8e438c1b40568ed21697b9d39ec936e02ebb7cd998220adc8805fbda64eb77778348486fcbc64ed8e1b9bee9b0fab58b39662dc0df79c399a5f2b81c3a23df183208905a09f58ed8bfce470d51de6452623c3550625c06ac1a3177a8a6f49bb1b695e69e60297da15b3db5ba23baad170e72d5e09ebd291fc603e987e86878cf116d28c945b5e83d80e431bf7a4a8544ee8cab92bbd14cbb654bae0faeaaa9dbdef81c01963da1cfb5ee3903655129ff1a354f57faeedbce2d95d192c0a0d441401eafc1ca4444b495d3cf2b83adf4dd665050123959109ecd6f64ab12a9b4330942400195c1b8c8e1509c16be762c661f153a0b6bede40fe870e1fa3a8a4c66b0609f047805dcd06078d90e9f350457abfab696130ebb97674af7eeb6ac0b3a928dc1b12c5efafc5b087abde52f4fd42632ecb42bd0d7cfbe923d8a8a602653b08e10c3398b6b2301cd105c3dceb039b9c2,gx-no-cache=1490807345610 HTTP/1.1" 200 30
200.112.48.187 - - [29/Mar/2017:14:08:00 -0300] "POST /cormun/servlet/solicitudotadjuntos?aa8a0a53a2b69012bf5c3e9ee30a1d92,INS,2017,5799,,1, HTTP/1.1" 200 116
200.112.48.187 - - [29/Mar/2017:14:08:01 -0300] "GET /cormun/servlet/hpexe_return? HTTP/1.1" 200 1031
200.112.48.187 - - [29/Mar/2017:14:08:01 -0300] "GET /cormun/servlet/trsolicitudadjuntos?2017,5799, HTTP/1.1" 200 8715
186.79.251.41 - - [29/Mar/2017:14:08:03 -0300] "POST /cormun/servlet/solicitudot?gx-no-cache=1490807350478 HTTP/1.1" 200 30
200.112.48.187 - - [29/Mar/2017:14:08:03 -0300] "GET /cormun/servlet/trsolicitudadjuntos?2017,5799, HTTP/1.1" 200 8711
200.112.48.187 - - [29/Mar/2017:14:08:06 -0300] "GET /cormun/servlet/solicitudotadjuntos?INS,2017,5799,,1, HTTP/1.1" 200 5988
186.79.251.41 - - [29/Mar/2017:14:08:06 -0300] "GET /cormun/servlet/prsolicitudot?16494338,,,,,MD,,gxPopupLevel%3D0%3B HTTP/1.1" 200 6061
200.112.48.187 - - [29/Mar/2017:14:08:06 -0300] "GET /cormun/static/about:blank HTTP/1.1" 404 1011
200.112.48.187 - - [29/Mar/2017:14:08:07 -0300] "GET /cormun/servlet/solicitudotadjuntos?INS,2017,5799,,1, HTTP/1.1" 200 5981
200.112.48.187 - - [29/Mar/2017:14:08:08 -0300] "GET /cormun/servlet/solicitudotadjuntos?7f164c195808dc8e6105c6164740285ae1ea6323914d0304f3781259ffb94787a62822fa6c800d5e7c61190ea695b588,gx-no-cache=1490807360198 HTTP/1.1" 200 30
200.112.48.187 - - [29/Mar/2017:14:08:08 -0300] "POST /cormun/servlet/solicitudotadjuntos?aa8a0a53a2b69012bf5c3e9ee30a1d92,INS,2017,5799,,1,,gx-no-cache=1490807360417 HTTP/1.1" 200 3870
186.79.251.41 - - [29/Mar/2017:14:08:10 -0300] "POST /cormun/servlet/solicitudot?gx-no-cache=1490807357228 HTTP/1.1" 200 1291
186.79.251.41 - - [29/Mar/2017:14:08:10 -0300] "POST /cormun/servlet/solicitudot?gx-no-cache=1490807357358 HTTP/1.1" 200 38
186.79.251.41 - - [29/Mar/2017:14:08:10 -0300] "GET /cormun/servlet/solicitudot?68e990957b20ea30a960b1b63248b63b0c44635c963fd52520fa15a14d347da81aa3499a78a56b8a79b0205ca2692283dea4fd53f0f73b5d272ab29ee841055fff58a7ec0922aef8089098415842d54bcb193a2e114fd7cd34b03397cb41e2d370fec4fb4e0c3e2e9ac09e407d2a552bc9b8f48f18b640a8510f916667dac0e2d4d28788f3d187372e281e438ec681178e50ef2f5417d78526be81743ce32039141daa3d1299e4e0f1a639a7dd26442a61cbae2139627971fa40e3397dd4509ec5e135a52b2dc09e596ee21ad6acdc2c,gx-no-cache=1490807357447 HTTP/1.1" 200 29
186.79.251.41 - - [29/Mar/2017:14:08:10 -0300] "POST /cormun/servlet/solicitudot?gx-no-cache=1490807357520 HTTP/1.1" 200 1275
186.79.251.41 - - [29/Mar/2017:14:08:10 -0300] "POST /cormun/servlet/solicitudot?gx-no-cache=1490807357703 HTTP/1.1" 200 1157
200.112.48.187 - - [29/Mar/2017:14:08:12 -0300] "POST /cormun/servlet/solicitudotadjuntos?gx-no-cache=1490807364568 HTTP/1.1" 200 26
200.112.48.187 - - [29/Mar/2017:14:08:19 -0300] "GET /cormun/servlet/solicitudotadjuntos?7f164c195808dc8e6105c6164740285a34baf5d12baa81859d644f555bdccdc7,gx-no-cache=1490807371644 HTTP/1.1" 200 30
200.112.48.187 - - [29/Mar/2017:14:08:19 -0300] "GET /cormun/servlet/solicitudotadjuntos?7f164c195808dc8e6105c6164740285a34baf5d12baa81859d644f555bdccdc7,gx-no-cache=1490807372050 HTTP/1.1" 200 30
200.112.48.187 - - [29/Mar/2017:14:08:35 -0300] "POST /cormun/servlet/solicitudotadjuntos?aa8a0a53a2b69012bf5c3e9ee30a1d92,INS,2017,5799,,1, HTTP/1.1" 200 116
200.112.48.187 - - [29/Mar/2017:14:08:35 -0300] "GET /cormun/servlet/hpexe_return? HTTP/1.1" 200 1031
200.112.48.187 - - [29/Mar/2017:14:08:36 -0300] "GET /cormun/servlet/trsolicitudadjuntos?2017,5799, HTTP/1.1" 200 8898
192.168.10.13 - - [29/Mar/2017:14:08:37 -0300] "GET / HTTP/1.1" 200 11217
200.112.48.187 - - [29/Mar/2017:14:08:38 -0300] "GET /cormun/servlet/trsolicitudadjuntos?2017,5799, HTTP/1.1" 200 8897
200.112.48.187 - - [29/Mar/2017:14:08:40 -0300] "GET /cormun/servlet/solicitudotadjuntos?INS,2017,5799,,1, HTTP/1.1" 200 5988
200.112.48.187 - - [29/Mar/2017:14:08:41 -0300] "GET /cormun/static/about:blank HTTP/1.1" 404 1011
200.112.48.187 - - [29/Mar/2017:14:08:42 -0300] "GET /cormun/servlet/solicitudotadjuntos?INS,2017,5799,,1, HTTP/1.1" 200 5981
200.112.48.187 - - [29/Mar/2017:14:08:43 -0300] "GET /cormun/servlet/solicitudotadjuntos?7f164c195808dc8e6105c6164740285ae1ea6323914d0304f3781259ffb94787a62822fa6c800d5e7c61190ea695b588,gx-no-cache=1490807395013 HTTP/1.1" 200 30
200.112.48.187 - - [29/Mar/2017:14:08:43 -0300] "POST /cormun/servlet/solicitudotadjuntos?aa8a0a53a2b69012bf5c3e9ee30a1d92,INS,2017,5799,,1,,gx-no-cache=1490807395327 HTTP/1.1" 200 3871
200.112.48.187 - - [29/Mar/2017:14:08:47 -0300] "POST /cormun/servlet/solicitudotadjuntos?gx-no-cache=1490807399967 HTTP/1.1" 200 26
186.79.251.41 - - [29/Mar/2017:14:08:57 -0300] "GET /cormun/servlet/solicitudot?68e990957b20ea30a960b1b63248b63b0c44635c963fd52520fa15a14d347da81aa3499a78a56b8a79b0205ca2692283bcac5afc2161d6e7836c5e60004de250ff58a7ec0922aef8089098415842d54bcb193a2e114fd7cd34b03397cb41e2d370fec4fb4e0c3e2e9ac09e407d2a552bc9b8f48f18b640a8510f916667dac0e2d4d28788f3d187372e281e438ec681178e50ef2f5417d78526be81743ce32039141daa3d1299e4e0f1a639a7dd26442a61cbae2139627971fa40e3397dd4509ec5e135a52b2dc09e596ee21ad6acdc2c,gx-no-cache=1490807404650 HTTP/1.1" 200 29
200.112.48.187 - - [29/Mar/2017:14:08:59 -0300] "GET /cormun/servlet/solicitudotadjuntos?7f164c195808dc8e6105c6164740285a34baf5d12baa81859d644f555bdccdc7,gx-no-cache=1490807411755 HTTP/1.1" 200 30
200.112.48.187 - - [29/Mar/2017:14:09:00 -0300] "GET /cormun/servlet/solicitudotadjuntos?7f164c195808dc8e6105c6164740285a34baf5d12baa81859d644f555bdccdc7,gx-no-cache=1490807412366 HTTP/1.1" 200 30
186.79.251.41 - - [29/Mar/2017:14:09:05 -0300] "POST /cormun/servlet/solicitudot?gx-no-cache=1490807412174 HTTP/1.1" 200 1275
186.79.251.41 - - [29/Mar/2017:14:09:05 -0300] "POST /cormun/servlet/solicitudot?gx-no-cache=1490807412363 HTTP/1.1" 200 1157
186.79.251.41 - - [29/Mar/2017:14:09:05 -0300] "GET /cormun/servlet/solicitudot?68e990957b20ea30a960b1b63248b63b0754c75fedb393006526ef571da370a581fdd980c2bb6fadca2da83bf39702e9cf225bbf685764780f781fde92525f2357847b049850a3645a9c76f38a139877f6025ab87777c1afcd9149b145a6414d21bfc848e17ac6495e5b3c6b413b46bc3ef5a65f6d514778d70a6168b304dce3ecb909144d0c482902c96a4266435d7ffcbd5ed5bf18118aa59a7166f9448917dabf39ec91b0d12206a22ea817f935a7,gx-no-cache=1490807412562 HTTP/1.1" 200 30
200.112.48.187 - - [29/Mar/2017:14:09:11 -0300] "POST /cormun/servlet/solicitudotadjuntos?aa8a0a53a2b69012bf5c3e9ee30a1d92,INS,2017,5799,,1, HTTP/1.1" 200 116
200.112.48.187 - - [29/Mar/2017:14:09:11 -0300] "GET /cormun/servlet/hpexe_return? HTTP/1.1" 200 1031
200.112.48.187 - - [29/Mar/2017:14:09:12 -0300] "GET /cormun/servlet/trsolicitudadjuntos?2017,5799, HTTP/1.1" 200 9118
200.112.48.187 - - [29/Mar/2017:14:09:14 -0300] "GET /cormun/servlet/trsolicitudadjuntos?2017,5799, HTTP/1.1" 200 9116
186.79.251.41 - - [29/Mar/2017:14:09:18 -0300] "POST /cormun/servlet/solicitudot?4d498528ed9e4fc96e2c4287383b1e8e,INS,0,0,,gx-no-cache=1490807424926 HTTP/1.1" 200 93
186.79.251.41 - - [29/Mar/2017:14:09:18 -0300] "GET /cormun/servlet/hpexe_return? HTTP/1.1" 200 1009
200.112.48.187 - - [29/Mar/2017:14:09:18 -0300] "POST /cormun/servlet/trsolicitudadjuntos?aa8a0a53a2b69012bf5c3e9ee30a1d92,2017,5799,,gx-no-cache=1490807430492 HTTP/1.1" 200 90
186.79.251.41 - - [29/Mar/2017:14:09:18 -0300] "GET /cormun/servlet/trsolicitudot HTTP/1.1" 200 9180
200.112.48.187 - - [29/Mar/2017:14:09:18 -0300] "GET /cormun/servlet/hpexe_link HTTP/1.1" 200 974
200.112.48.187 - - [29/Mar/2017:14:09:19 -0300] "GET /cormun/servlet/trsolicitudot HTTP/1.1" 200 8260
186.79.251.41 - - [29/Mar/2017:14:09:19 -0300] "GET /cormun/servlet/trsolicitudot HTTP/1.1" 200 9176
200.112.48.187 - - [29/Mar/2017:14:09:20 -0300] "GET /cormun/servlet/trsolicitudot HTTP/1.1" 200 8259
186.79.251.41 - - [29/Mar/2017:14:09:24 -0300] "POST /cormun/servlet/trsolicitudot?4d498528ed9e4fc96e2c4287383b1e8e,gx-no-cache=1490807431392 HTTP/1.1" 200 105
186.79.251.41 - - [29/Mar/2017:14:09:24 -0300] "GET /cormun/servlet/solicitudot?UPD,2017,5800, HTTP/1.1" 200 14328
186.79.251.41 - - [29/Mar/2017:14:09:25 -0300] "GET /cormun/servlet/solicitudot?UPD,2017,5800, HTTP/1.1" 200 14337
186.79.251.41 - - [29/Mar/2017:14:09:26 -0300] "POST /cormun/servlet/solicitudot?gx-no-cache=1490807433134 HTTP/1.1" 200 3163
186.79.251.41 - - [29/Mar/2017:14:09:27 -0300] "POST /cormun/servlet/solicitudot?4d498528ed9e4fc96e2c4287383b1e8e,UPD,2017,5800,,gx-no-cache=1490807433899 HTTP/1.1" 200 10893
186.79.251.41 - - [29/Mar/2017:14:09:27 -0300] "GET /cormun/servlet/solicitudot?68e990957b20ea30a960b1b63248b63be4a2ce65e4e7e2b00831ce5e287928b9487027e98f6505469ad76d714bc863a4,gx-no-cache=1490807434454 HTTP/1.1" 200 30
186.79.251.41 - - [29/Mar/2017:14:09:27 -0300] "POST /cormun/servlet/solicitudot?gx-no-cache=1490807434544 HTTP/1.1" 200 256
186.79.251.41 - - [29/Mar/2017:14:09:27 -0300] "GET /cormun/servlet/solicitudot?68e990957b20ea30a960b1b63248b63b8d7461fdc7445de3970a92e89b8808ead7e4afe286a8b6e1db869c54302c8e438c1b40568ed21697b9d39ec936e02ebb7cd998220adc8805fbda64eb77778348486fcbc64ed8e1b9bee9b0fab58b39662dc0df79c399a5f2b81c3a23df183208905a09f58ed8bfce470d51de6452623c3550625c06ac1a3177a8a6f49bb1b695e69e60297da15b3db5ba23baad170e72d5e09ebd291fc603e987e86878cf116d28c945b5e83d80e431bf7a4a8544ee8cab92bbd14cbb654bae0faeaaa9dbdef81c01963da1cfb5ee3903655129ff1a354f57faeedbce2d95d192c0a0d441401eafc1ca4444b495d3cf2b83adf4dd665050123959109ecd6f64ab12a9b4330942400195c1b8c8e1509c16be762c661f153a0b6bede40fe870e1fa3a8a4c66b0609f047805dcd06078d90e9f350457abfab696130ebb97674af7eeb6ac0b3a928dc1b12c5efafc5b087abde52f4fd42632ecb42bd0d7cfbe923d8a8a602653b08e9a1d3c1e931f283d9244c17cb5fa472d,gx-no-cache=1490807434641 HTTP/1.1" 200 30
186.79.251.41 - - [29/Mar/2017:14:09:27 -0300] "POST /cormun/servlet/solicitudot?gx-no-cache=1490807434736 HTTP/1.1" 200 30
186.79.251.41 - - [29/Mar/2017:14:09:27 -0300] "POST /cormun/servlet/solicitudot?gx-no-cache=1490807434856 HTTP/1.1" 200 1292
186.79.251.41 - - [29/Mar/2017:14:09:27 -0300] "POST /cormun/servlet/solicitudot?gx-no-cache=1490807435062 HTTP/1.1" 200 41
186.79.251.41 - - [29/Mar/2017:14:09:33 -0300] "GET /cormun/servlet/solicitudot?68e990957b20ea30a960b1b63248b63bc12c909caad101d274e1dfc8fbbc890dddde060b29114032aa0693707605053400583437789ebc0d502b2433f3ae64c923bea14733ced97215db6e308ce4730a581bde8fe66aa8563a09a438ae1d011de97c86316b1dca14fbe1a43e0781a7563028f867ffc241c18ee449711c727ee998ca6a81a6e3fbfac97495018ee870e1f93c22595ab3581721f41f57838cc29e6165b15b220f70cbb16c34057d90516be59bb3e8d62a04ed612898451903fb9fc38377104fbc4919b2ed4760067b57d6,gx-no-cache=1490807440708 HTTP/1.1" 200 29
186.79.251.41 - - [29/Mar/2017:14:09:33 -0300] "POST /cormun/servlet/solicitudot?gx-no-cache=1490807440779 HTTP/1.1" 200 1275
186.79.251.41 - - [29/Mar/2017:14:09:33 -0300] "POST /cormun/servlet/solicitudot?gx-no-cache=1490807440956 HTTP/1.1" 200 1157
186.79.251.41 - - [29/Mar/2017:14:09:33 -0300] "GET /cormun/servlet/solicitudot?68e990957b20ea30a960b1b63248b63b0754c75fedb393006526ef571da370a558f8be5daf4cc0cddc77a5c79c6a3a67cf225bbf685764780f781fde92525f2357847b049850a3645a9c76f38a139877f6025ab87777c1afcd9149b145a6414d21bfc848e17ac6495e5b3c6b413b46bc3ef5a65f6d514778d70a6168b304dce3ecb909144d0c482902c96a4266435d7ffcbd5ed5bf18118aa59a7166f9448917be4de59351f4662ee47b4f5abd07f69f,gx-no-cache=1490807441144 HTTP/1.1" 200 32
192.168.10.13 - - [29/Mar/2017:14:09:37 -0300] "GET / HTTP/1.1" 200 11217
200.112.48.187 - - [29/Mar/2017:14:09:53 -0300] "POST /cormun/servlet/trsolicitudot?aa8a0a53a2b69012bf5c3e9ee30a1d92,gx-no-cache=1490807465029 HTTP/1.1" 200 4386
200.112.48.187 - - [29/Mar/2017:14:09:53 -0300] "GET /cormun/static/Shared/jqueryui/images/ui-bg_highlight-soft_100_c6c2c8_1x100.png HTTP/1.1" 404 1117
200.112.48.187 - - [29/Mar/2017:14:09:54 -0300] "GET /cormun/static/Shared/jqueryui/images/ui-icons_82798d_256x240.png HTTP/1.1" 404 1089
200.112.48.187 - - [29/Mar/2017:14:09:54 -0300] "GET /cormun/static/Shared/jqueryui/images/ui-bg_flat_55_fafafa_40x100.png HTTP/1.1" 404 1097
200.112.48.187 - - [29/Mar/2017:14:09:54 -0300] "GET /cormun/static/Shared/jqueryui/images/ui-icons_8d78a5_256x240.png HTTP/1.1" 404 1089
200.112.48.187 - - [29/Mar/2017:14:09:54 -0300] "POST /cormun/servlet/trsolicitudot?aa8a0a53a2b69012bf5c3e9ee30a1d92,gx-no-cache=1490807466256 HTTP/1.1" 200 4132
186.79.251.41 - - [29/Mar/2017:14:10:05 -0300] "POST /cormun/servlet/solicitudot?4d498528ed9e4fc96e2c4287383b1e8e,UPD,2017,5800,,gx-no-cache=1490807472139 HTTP/1.1" 200 93
186.79.251.41 - - [29/Mar/2017:14:10:05 -0300] "GET /cormun/servlet/hpexe_return? HTTP/1.1" 200 1015
200.112.48.187 - - [29/Mar/2017:14:10:06 -0300] "GET /cormun/servlet/solicitudot?INS,0,0, HTTP/1.1" 200 12760
186.79.251.41 - - [29/Mar/2017:14:10:06 -0300] "GET /cormun/servlet/trsolicitudot HTTP/1.1" 200 9180
186.79.251.41 - - [29/Mar/2017:14:10:06 -0300] "GET /cormun/servlet/trsolicitudot HTTP/1.1" 200 9176
200.112.48.187 - - [29/Mar/2017:14:10:08 -0300] "GET /cormun/servlet/solicitudot?INS,0,0, HTTP/1.1" 200 12765
200.112.48.187 - - [29/Mar/2017:14:10:11 -0300] "GET /cormun/servlet/prfichaempleado?,MD,,gxPopupLevel%3D0%3B HTTP/1.1" 200 8773
200.112.48.187 - - [29/Mar/2017:14:10:12 -0300] "GET /cormun/static/gxcfg.js?2017319125415 HTTP/1.1" 304 -
200.112.48.187 - - [29/Mar/2017:14:10:34 -0300] "POST /cormun/servlet/solicitudot?gx-no-cache=1490807506746 HTTP/1.1" 200 3081
186.79.251.41 - - [29/Mar/2017:14:10:35 -0300] "POST /cormun/servlet/trsolicitudot?4d498528ed9e4fc96e2c4287383b1e8e,gx-no-cache=1490807502093 HTTP/1.1" 200 6141
186.79.251.41 - - [29/Mar/2017:14:10:35 -0300] "GET /cormun/static/Shared/jqueryui/images/ui-bg_highlight-soft_100_c6c2c8_1x100.png HTTP/1.1" 404 1117
200.112.48.187 - - [29/Mar/2017:14:10:35 -0300] "POST /cormun/servlet/solicitudot?aa8a0a53a2b69012bf5c3e9ee30a1d92,INS,0,0,,gx-no-cache=1490807507420 HTTP/1.1" 200 9878
186.79.251.41 - - [29/Mar/2017:14:10:35 -0300] "GET /cormun/static/Shared/jqueryui/images/ui-icons_82798d_256x240.png HTTP/1.1" 404 1089
186.79.251.41 - - [29/Mar/2017:14:10:35 -0300] "GET /cormun/static/Shared/jqueryui/images/ui-bg_flat_55_fafafa_40x100.png HTTP/1.1" 404 1097
186.79.251.41 - - [29/Mar/2017:14:10:35 -0300] "GET /cormun/static/Shared/jqueryui/images/ui-icons_8d78a5_256x240.png HTTP/1.1" 404 1089
186.79.251.41 - - [29/Mar/2017:14:10:36 -0300] "POST /cormun/servlet/trsolicitudot?4d498528ed9e4fc96e2c4287383b1e8e,gx-no-cache=1490807502761 HTTP/1.1" 200 6084
192.168.10.13 - - [29/Mar/2017:14:10:37 -0300] "GET / HTTP/1.1" 200 11217
186.79.251.41 - - [29/Mar/2017:14:10:38 -0300] "POST /cormun/servlet/trsolicitudot?4d498528ed9e4fc96e2c4287383b1e8e,gx-no-cache=1490807505025 HTTP/1.1" 200 5749
186.79.251.41 - - [29/Mar/2017:14:10:38 -0300] "POST /cormun/servlet/trsolicitudot?4d498528ed9e4fc96e2c4287383b1e8e,gx-no-cache=1490807505749 HTTP/1.1" 200 5692
200.112.48.187 - - [29/Mar/2017:14:10:39 -0300] "GET /cormun/servlet/solicitudot?7f164c195808dc8e6105c6164740285a6a12e54a0bb58e0b5b7f71db21f3d8fa8ff695a37cfe5416632516fb752fb10e,gx-no-cache=1490807511375 HTTP/1.1" 200 30
