200.112.0.19 - - [29/Mar/2017:12:18:27 -0300] "GET /cormun/servlet/solicitudot?0aa56eec51d529d70fff8a797628e06de40b1bc6f9d335119e6cda833e0cf32e9814395bd46bc5e027037746bf1bcb8f330d7d2799f39ded3317d4f6817fa9ae94c35ba736021ea2978bb06e934a1ef1ad596673e7c35ecd2aaaf0ab88362745a8ab8afcf4dfcc34d9a5d48f8f98fdab193c6a5f95bd984ff2ebd690906d37556255f193158f4429aafc836c3719e1948d6b068b3f2b3563248b2f5e32e6b9519c10716477f1533ba2f6ce3e4759fd88ff559857713e3e83de5d7492e4f7dde0579c7abeb9ce27d13da7344830596a63bc197e7e30093112843ee7088804ebde31590708f586a8cf4c3a5983a9458bac952425bad5972cadfc893b2b13a4bdf160a19092f5cf05e16d0a38518de4d438274837dd671577686920a76c0aa7902c92fbe6709fe846105520a5a22f06978c80ed9a330475fa649e448b043cb9d054ca58ef96ca3c9c65df7bb972602f5cd77a7afa539565012ee9992c92be5c44be80048c3e4258c57bddbe67c829714358c23e036a6b65d569d5a3641cdbe786ee,gx-no-cache=1490800779484 HTTP/1.1" 200 30
200.112.0.19 - - [29/Mar/2017:12:18:36 -0300] "POST /cormun/servlet/solicitudot?gx-no-cache=1490800788366 HTTP/1.1" 200 30
192.168.10.13 - - [29/Mar/2017:12:18:37 -0300] "GET / HTTP/1.1" 200 11217
200.112.0.19 - - [29/Mar/2017:12:18:45 -0300] "POST /cormun/servlet/solicitudot?gx-no-cache=1490800797419 HTTP/1.1" 200 296
200.112.0.19 - - [29/Mar/2017:12:18:45 -0300] "GET /cormun/static/Shared/jqueryui/images/ui-bg_highlight-soft_100_c6c2c8_1x100.png HTTP/1.1" 404 1117
200.112.0.19 - - [29/Mar/2017:12:18:45 -0300] "GET /cormun/static/Shared/jqueryui/images/ui-icons_82798d_256x240.png HTTP/1.1" 404 1089
200.112.0.19 - - [29/Mar/2017:12:18:45 -0300] "GET /cormun/static/Shared/jqueryui/images/ui-bg_flat_55_994d53_40x100.png HTTP/1.1" 404 1097
200.112.0.19 - - [29/Mar/2017:12:18:45 -0300] "GET /cormun/static/Shared/jqueryui/images/ui-icons_ebccce_256x240.png HTTP/1.1" 404 1089
200.112.0.19 - - [29/Mar/2017:12:18:45 -0300] "POST /cormun/servlet/solicitudot?gx-no-cache=1490800797747 HTTP/1.1" 200 117
200.112.0.19 - - [29/Mar/2017:12:19:01 -0300] "POST /cormun/servlet/solicitudot?6613087f678514a98d528295b2d9c2ac,INS,0,0,,gx-no-cache=1490800812934 HTTP/1.1" 200 93
200.112.0.19 - - [29/Mar/2017:12:19:01 -0300] "GET /cormun/servlet/hpexe_return? HTTP/1.1" 200 1003
200.112.0.19 - - [29/Mar/2017:12:19:01 -0300] "GET /cormun/servlet/trsolicitudot HTTP/1.1" 200 8266
200.112.0.19 - - [29/Mar/2017:12:19:03 -0300] "GET /cormun/servlet/trsolicitudot HTTP/1.1" 200 8262
200.112.0.19 - - [29/Mar/2017:12:19:16 -0300] "GET /cormun/servlet/solicitudot?INS,0,0, HTTP/1.1" 200 12746
200.112.0.19 - - [29/Mar/2017:12:19:17 -0300] "GET /cormun/servlet/solicitudot?INS,0,0, HTTP/1.1" 200 12751
200.112.0.19 - - [29/Mar/2017:12:19:27 -0300] "GET /cormun/servlet/prfichaempleado?,MD,,gxPopupLevel%3D0%3B HTTP/1.1" 200 8805
192.168.10.13 - - [29/Mar/2017:12:19:37 -0300] "GET / HTTP/1.1" 200 11217
200.112.0.19 - - [29/Mar/2017:12:19:39 -0300] "POST /cormun/servlet/prfichaempleado?6613087f678514a98d528295b2d9c2ac,,MD,,gxPopupLevel%3D0%3B,gx-no-cache=1490800851439 HTTP/1.1" 200 3180
200.112.0.19 - - [29/Mar/2017:12:19:44 -0300] "POST /cormun/servlet/prfichaempleado?6613087f678514a98d528295b2d9c2ac,,MD,,gxPopupLevel%3D0%3B,gx-no-cache=1490800857067 HTTP/1.1" 200 3180
200.112.0.19 - - [29/Mar/2017:12:20:01 -0300] "GET /cormun/servlet/prfichaempleado?,MD,,gxPopupLevel%3D0%3B HTTP/1.1" 200 8805
186.79.78.7 - - [29/Mar/2017:12:20:01 -0300] "GET /cormun/servlet/hlogin HTTP/1.1" 200 1729
186.79.78.7 - - [29/Mar/2017:12:20:02 -0300] "GET /cormun/static/Resources/Spanish/PXTools.css?11294912 HTTP/1.1" 304 -
186.79.78.7 - - [29/Mar/2017:12:20:02 -0300] "GET /cormun/static/gxcfg.js?201731711485472 HTTP/1.1" 304 -
186.79.78.7 - - [29/Mar/2017:12:20:02 -0300] "GET /cormun/static/messages.spa.js?85251 HTTP/1.1" 304 -
186.79.78.7 - - [29/Mar/2017:12:20:02 -0300] "GET /cormun/static/hlogin.js?201731711485490 HTTP/1.1" 304 -
200.112.0.19 - - [29/Mar/2017:12:20:16 -0300] "POST /cormun/servlet/prfichaempleado?6613087f678514a98d528295b2d9c2ac,,MD,,gxPopupLevel%3D0%3B,gx-no-cache=1490800888724 HTTP/1.1" 200 3180
200.112.0.19 - - [29/Mar/2017:12:20:26 -0300] "POST /cormun/servlet/solicitudot?gx-no-cache=1490800898143 HTTP/1.1" 200 3141
200.112.0.19 - - [29/Mar/2017:12:20:26 -0300] "GET /cormun/static/Shared/jqueryui/images/ui-bg_highlight-soft_100_c6c2c8_1x100.png HTTP/1.1" 404 1117
200.112.0.19 - - [29/Mar/2017:12:20:26 -0300] "GET /cormun/static/Shared/jqueryui/images/ui-icons_82798d_256x240.png HTTP/1.1" 404 1089
200.112.0.19 - - [29/Mar/2017:12:20:26 -0300] "GET /cormun/static/Shared/jqueryui/images/ui-bg_flat_55_994d53_40x100.png HTTP/1.1" 404 1097
200.112.0.19 - - [29/Mar/2017:12:20:26 -0300] "GET /cormun/static/Shared/jqueryui/images/ui-icons_ebccce_256x240.png HTTP/1.1" 404 1089
200.112.0.19 - - [29/Mar/2017:12:20:26 -0300] "GET /cormun/servlet/solicitudot?0aa56eec51d529d70fff8a797628e06d6d0265612b31962a712da840c12990c1,gx-no-cache=1490800898622 HTTP/1.1" 200 111
192.168.10.13 - - [29/Mar/2017:12:20:37 -0300] "GET / HTTP/1.1" 200 11217
200.112.0.19 - - [29/Mar/2017:12:21:05 -0300] "POST /cormun/servlet/solicitudot?gx-no-cache=1490800937518 HTTP/1.1" 200 3201
200.112.0.19 - - [29/Mar/2017:12:21:06 -0300] "POST /cormun/servlet/solicitudot?6613087f678514a98d528295b2d9c2ac,INS,0,0,,gx-no-cache=1490800938129 HTTP/1.1" 200 9973
200.112.0.19 - - [29/Mar/2017:12:21:18 -0300] "GET /cormun/servlet/solicitudot?0aa56eec51d529d70fff8a797628e06dc645cedb725c26534ae13ca5de6486f23b78de7f444b63c9dd7137c42dd25e1c,gx-no-cache=1490800950973 HTTP/1.1" 200 30
200.112.0.19 - - [29/Mar/2017:12:21:18 -0300] "POST /cormun/servlet/solicitudot?gx-no-cache=1490800951095 HTTP/1.1" 200 240
200.112.0.19 - - [29/Mar/2017:12:21:18 -0300] "GET /cormun/servlet/solicitudot?0aa56eec51d529d70fff8a797628e06de40b1bc6f9d335119e6cda833e0cf32e9814395bd46bc5e027037746bf1bcb8f330d7d2799f39ded3317d4f6817fa9ae94c35ba736021ea2978bb06e934a1ef1ad596673e7c35ecd2aaaf0ab88362745a8ab8afcf4dfcc34d9a5d48f8f98fdab193c6a5f95bd984ff2ebd690906d37556255f193158f4429aafc836c3719e1948d6b068b3f2b3563248b2f5e32e6b9519c10716477f1533ba2f6ce3e4759fd88ff559857713e3e83de5d7492e4f7dde0579c7abeb9ce27d13da7344830596a63bc197e7e30093112843ee7088804ebde31590708f586a8cf4c3a5983a9458bac952425bad5972cadfc893b2b13a4bdf160a19092f5cf05e16d0a38518de4d438274837dd671577686920a76c0aa7902c92fbe6709fe846105520a5a22f06978c80ed9a330475fa649e448b043cb9d054ca58ef96ca3c9c65df7bb972602f5cd77a7afa539565012ee9992c92be5c44be80048c3e4258c57bddbe67c829714358c23e036a6b65d569d5a3641cdbe786ee,gx-no-cache=1490800951217 HTTP/1.1" 200 30
200.112.0.19 - - [29/Mar/2017:12:21:20 -0300] "POST /cormun/servlet/solicitudot?gx-no-cache=1490800953069 HTTP/1.1" 200 30
192.168.10.13 - - [29/Mar/2017:12:21:37 -0300] "GET / HTTP/1.1" 200 11217
200.112.0.19 - - [29/Mar/2017:12:21:56 -0300] "GET /cormun/servlet/prfichaempleado?,MD,,gxPopupLevel%3D0%3B HTTP/1.1" 200 8805
200.112.0.19 - - [29/Mar/2017:12:22:14 -0300] "POST /cormun/servlet/prfichaempleado?6613087f678514a98d528295b2d9c2ac,,MD,,gxPopupLevel%3D0%3B,gx-no-cache=1490801006709 HTTP/1.1" 200 3396
186.103.159.46 - - [29/Mar/2017:12:22:22 -0300] "GET /cormun/servlet/apermisogoceprn?11888967,P,20170301170414,PU HTTP/1.1" 200 1640
200.112.0.19 - - [29/Mar/2017:12:22:30 -0300] "GET /cormun/servlet/prlicenciaspermisos?13099340,L,,MD,,gxPopupLevel%3D0%3B HTTP/1.1" 200 6109
200.112.0.19 - - [29/Mar/2017:12:22:35 -0300] "POST /cormun/servlet/solicitudot?gx-no-cache=1490801028081 HTTP/1.1" 200 1291
192.168.10.13 - - [29/Mar/2017:12:22:37 -0300] "GET / HTTP/1.1" 200 11217
200.112.0.19 - - [29/Mar/2017:12:22:43 -0300] "POST /cormun/servlet/solicitudot?gx-no-cache=1490801035448 HTTP/1.1" 200 41
186.103.159.46 - - [29/Mar/2017:12:22:56 -0300] "GET /cormun/servlet/apermisogoceprn?11547957,P,20170301165916,PU HTTP/1.1" 200 1642
186.103.159.46 - - [29/Mar/2017:12:23:19 -0300] "GET /cormun/servlet/apermisogoceprn?7469771,P,20170301165427,PU HTTP/1.1" 200 1649
192.168.10.13 - - [29/Mar/2017:12:23:37 -0300] "GET / HTTP/1.1" 200 11217
200.112.48.220 - - [29/Mar/2017:12:24:17 -0300] "POST /cormun/servlet/solicitudot?gx-no-cache=1490801130026 HTTP/1.1" 200 1275
200.112.48.220 - - [29/Mar/2017:12:24:18 -0300] "POST /cormun/servlet/solicitudot?gx-no-cache=1490801130536 HTTP/1.1" 200 1157
200.112.48.220 - - [29/Mar/2017:12:24:18 -0300] "GET /cormun/static/menuarrow.gif HTTP/1.1" 404 1015
200.112.48.220 - - [29/Mar/2017:12:24:18 -0300] "GET /cormun/servlet/solicitudot?INS,0,0, HTTP/1.1" 200 12751
200.112.48.220 - - [29/Mar/2017:12:24:20 -0300] "GET /cormun/servlet/solicitudot?INS,0,0, HTTP/1.1" 200 12751
192.168.10.13 - - [29/Mar/2017:12:24:37 -0300] "GET / HTTP/1.1" 200 11217
200.112.48.220 - - [29/Mar/2017:12:24:42 -0300] "POST /cormun/servlet/solicitudot?gx-no-cache=1490801154112 HTTP/1.1" 200 3201
200.112.48.220 - - [29/Mar/2017:12:24:42 -0300] "POST /cormun/servlet/solicitudot?6613087f678514a98d528295b2d9c2ac,INS,0,0,,gx-no-cache=1490801154681 HTTP/1.1" 200 9980
200.112.48.220 - - [29/Mar/2017:12:24:49 -0300] "GET /cormun/servlet/solicitudot?0aa56eec51d529d70fff8a797628e06dc645cedb725c26534ae13ca5de6486f23b78de7f444b63c9dd7137c42dd25e1c,gx-no-cache=1490801161862 HTTP/1.1" 200 30
200.112.48.220 - - [29/Mar/2017:12:24:49 -0300] "POST /cormun/servlet/solicitudot?gx-no-cache=1490801161991 HTTP/1.1" 200 240
200.112.48.220 - - [29/Mar/2017:12:24:49 -0300] "GET /cormun/servlet/solicitudot?0aa56eec51d529d70fff8a797628e06de40b1bc6f9d335119e6cda833e0cf32e9814395bd46bc5e027037746bf1bcb8f330d7d2799f39ded3317d4f6817fa9ae94c35ba736021ea2978bb06e934a1ef1ad596673e7c35ecd2aaaf0ab88362745a8ab8afcf4dfcc34d9a5d48f8f98fdab193c6a5f95bd984ff2ebd690906d37556255f193158f4429aafc836c3719e1948d6b068b3f2b3563248b2f5e32e6b9519c10716477f1533ba2f6ce3e4759fd88ff559857713e3e83de5d7492e4f7dde0579c7abeb9ce27d13da7344830596a63bc197e7e30093112843ee7088804ebde31590708f586a8cf4c3a5983a9458bac952425bad5972cadfc893b2b13a4bdf160a19092f5cf05e16d0a38518de4d438274837dd671577686920a76c0aa7902c92fbe6709fe846105520a5a22f06978c80ed9a330475fa649e448b043cb9d054ca58ef96ca3c9c65df7bb972602f5cd77a7afa539565012ee9992c92be5c44be80048c3e4258c57bddbe67c829714358c23e036a6b65d569d5a3641cdbe786ee,gx-no-cache=1490801162105 HTTP/1.1" 200 30
200.112.48.220 - - [29/Mar/2017:12:24:51 -0300] "POST /cormun/servlet/solicitudot?gx-no-cache=1490801164186 HTTP/1.1" 200 30
200.112.48.220 - - [29/Mar/2017:12:25:15 -0300] "GET /cormun/servlet/prfichaempleado?,MD,,gxPopupLevel%3D0%3B HTTP/1.1" 200 8805
200.112.48.220 - - [29/Mar/2017:12:25:29 -0300] "POST /cormun/servlet/prfichaempleado?6613087f678514a98d528295b2d9c2ac,,MD,,gxPopupLevel%3D0%3B,gx-no-cache=1490801201234 HTTP/1.1" 200 3396
200.112.48.220 - - [29/Mar/2017:12:25:32 -0300] "POST /cormun/servlet/solicitudot?gx-no-cache=1490801204367 HTTP/1.1" 200 239
200.112.48.220 - - [29/Mar/2017:12:25:32 -0300] "GET /cormun/servlet/solicitudot?0aa56eec51d529d70fff8a797628e06de40b1bc6f9d335119e6cda833e0cf32e9814395bd46bc5e027037746bf1bcb8f330d7d2799f39ded3317d4f6817fa9ae94c35ba736021ea2978bb06e934a1ef1ad596673e7c35ecd2aaaf0ab88362745a8ab8afcf4dfcc34d9a5d48f8f98fdab193c6a5f95bd984ff2ebd690906d37556255f193158f4429aafc836c3719e1948d6b068b3f2b3563248b2f5e32e6b9519c10716477f1533ba2f6ce3e4759fd88ff559857713e3e83de5d7492e4f7dde0579c7abeb9ce27d13da7344830596a63bc197e7e30093112843ee7088804ebde31590708f586a8cf4c3a5983a9458bac952425bad5972cadfc893b2b13a4bdf160a19092f5cf05e16d0a38518de4d438274837dd671577686920a76c0aa7902c92fbe6709fe846105520a5a22f06978c80ed9a330475fa649e448b043cb9d054ca58ef96ca3c9c65df7bb972602f5cd77a7afa539565012ee9992c92be5c44be80048c3e4258c57bddbe67c829714358f0fa3865e748f2b7a4ab06365e3eb6c9,gx-no-cache=1490801204680 HTTP/1.1" 200 30
200.112.48.220 - - [29/Mar/2017:12:25:32 -0300] "POST /cormun/servlet/solicitudot?gx-no-cache=1490801204927 HTTP/1.1" 200 30
192.168.10.13 - - [29/Mar/2017:12:25:37 -0300] "GET / HTTP/1.1" 200 11217
200.112.48.220 - - [29/Mar/2017:12:25:37 -0300] "GET /cormun/servlet/prlicenciaspermisos?13099340,L,,MD,,gxPopupLevel%3D0%3B HTTP/1.1" 200 6109
200.112.48.220 - - [29/Mar/2017:12:25:41 -0300] "POST /cormun/servlet/solicitudot?gx-no-cache=1490801213871 HTTP/1.1" 200 1291
200.112.48.220 - - [29/Mar/2017:12:25:47 -0300] "POST /cormun/servlet/solicitudot?gx-no-cache=1490801219544 HTTP/1.1" 200 41
186.103.159.46 - - [29/Mar/2017:12:26:02 -0300] "GET /cormun/servlet/apermisogoceprn?9569964,P,20170314121320,PU HTTP/1.1" 200 1661
200.112.48.220 - - [29/Mar/2017:12:26:13 -0300] "GET /cormun/servlet/solicitudot?0aa56eec51d529d70fff8a797628e06db2647adf79dd31380f575fb116cbb484bb59fd66e37a4c38ef624a4b576f7d83e311d2b0d01c44ab4fdd4d0545e24bc57bc0a80202fb3c2c03967aa099dd7e92c65478656bf0bf8df62d5d29858a600e1e972fde7955dbfda1a58b5a9fbcdf02976827303d2e046b92391fcfde98685fe1aef037a11ee5f43c0706848150f0f0611d85086639f351e49dbf8ff69bbe68,gx-no-cache=1490801245282 HTTP/1.1" 200 29
200.112.48.220 - - [29/Mar/2017:12:26:13 -0300] "POST /cormun/servlet/solicitudot?gx-no-cache=1490801245463 HTTP/1.1" 200 1275
200.112.48.220 - - [29/Mar/2017:12:26:13 -0300] "POST /cormun/servlet/solicitudot?gx-no-cache=1490801245655 HTTP/1.1" 200 1157
200.112.48.220 - - [29/Mar/2017:12:26:13 -0300] "GET /cormun/static/menuarrow.gif HTTP/1.1" 404 1015
200.112.48.220 - - [29/Mar/2017:12:26:15 -0300] "POST /cormun/servlet/solicitudot?gx-no-cache=1490801247845 HTTP/1.1" 200 1275
200.112.48.220 - - [29/Mar/2017:12:26:15 -0300] "POST /cormun/servlet/solicitudot?gx-no-cache=1490801248051 HTTP/1.1" 200 1157
200.112.48.220 - - [29/Mar/2017:12:26:21 -0300] "GET /cormun/servlet/solicitudot?0aa56eec51d529d70fff8a797628e06dc9a5619840333695703090d8c99059e286ee09b619dae7d52fcca2d6d360e7403f62ffec36aa456bd90297a387afe982c3dfebda4f1940487393f9b929393fb81b6ba9176795fffb57e48be123c572b7ba32e4d37d9b670baf204c61f6d919da224196444c50cb821fb9503b619f7bbb12ecd63ce50f3d3c4d448e2e82b3553de2126ab0ae66e26bea0f80902437b8208b7a4a4597482f429090f0bb262fa9e0a54e5b9959926666ca2671b9b7561dd8,gx-no-cache=1490801253821 HTTP/1.1" 200 30
200.112.48.220 - - [29/Mar/2017:12:26:22 -0300] "POST /cormun/servlet/solicitudot?6613087f678514a98d528295b2d9c2ac,INS,0,0,,gx-no-cache=1490801253937 HTTP/1.1" 200 93
200.112.48.220 - - [29/Mar/2017:12:26:22 -0300] "GET /cormun/servlet/hpexe_return? HTTP/1.1" 200 1003
200.112.48.220 - - [29/Mar/2017:12:26:22 -0300] "GET /cormun/servlet/trsolicitudot HTTP/1.1" 200 8582
200.112.48.220 - - [29/Mar/2017:12:26:24 -0300] "GET /cormun/servlet/trsolicitudot HTTP/1.1" 200 8578
192.168.10.13 - - [29/Mar/2017:12:26:37 -0300] "GET / HTTP/1.1" 200 11217
186.103.159.46 - - [29/Mar/2017:12:27:22 -0300] "GET /cormun/servlet/apermisogoceprn?13099025,P,20170303125530,PU HTTP/1.1" 200 1659
186.103.156.211 - - [29/Mar/2017:12:27:30 -0300] "GET /cormun/servlet/licenciaspermisos?INS,0,,, HTTP/1.1" 200 6505
186.103.156.211 - - [29/Mar/2017:12:27:31 -0300] "GET /cormun/servlet/hlogin HTTP/1.1" 200 1754
186.103.156.211 - - [29/Mar/2017:12:27:31 -0300] "GET /cormun/servlet/licenciaspermisos?INS,0,,, HTTP/1.1" 200 6516
192.168.10.13 - - [29/Mar/2017:12:27:37 -0300] "GET / HTTP/1.1" 200 11217
186.103.159.46 - - [29/Mar/2017:12:27:51 -0300] "GET /cormun/servlet/apermisogoceprn?13944224,P,20170303125005,PU HTTP/1.1" 200 1652
186.103.159.46 - - [29/Mar/2017:12:28:02 -0300] "GET /cormun/servlet/apermisogoceprn?13944224,P,20170303125005,PU HTTP/1.1" 200 1650
186.103.159.46 - - [29/Mar/2017:12:28:34 -0300] "GET /cormun/servlet/apermisogoceprn?13109954,P,20170302161723,PU HTTP/1.1" 200 1657
192.168.10.13 - - [29/Mar/2017:12:28:37 -0300] "GET / HTTP/1.1" 200 11217
200.112.48.220 - - [29/Mar/2017:12:28:49 -0300] "GET /cormun/servlet/solicitudot?INS,0,0, HTTP/1.1" 200 12746
200.112.48.220 - - [29/Mar/2017:12:28:51 -0300] "GET /cormun/servlet/solicitudot?INS,0,0, HTTP/1.1" 200 12751
200.112.48.220 - - [29/Mar/2017:12:29:09 -0300] "POST /cormun/servlet/solicitudot?gx-no-cache=1490801420656 HTTP/1.1" 200 3201
200.112.48.220 - - [29/Mar/2017:12:29:10 -0300] "POST /cormun/servlet/solicitudot?6613087f678514a98d528295b2d9c2ac,INS,0,0,,gx-no-cache=1490801422605 HTTP/1.1" 200 9973
200.112.48.220 - - [29/Mar/2017:12:29:15 -0300] "GET /cormun/servlet/solicitudot?0aa56eec51d529d70fff8a797628e06dc645cedb725c26534ae13ca5de6486f23b78de7f444b63c9dd7137c42dd25e1c,gx-no-cache=1490801428004 HTTP/1.1" 200 30
200.112.48.220 - - [29/Mar/2017:12:29:16 -0300] "POST /cormun/servlet/solicitudot?gx-no-cache=1490801428673 HTTP/1.1" 200 240
186.103.157.235 - - [29/Mar/2017:12:29:16 -0300] "GET /cormun/servlet/hlogin HTTP/1.1" 200 1727
186.103.157.235 - - [29/Mar/2017:12:29:17 -0300] "GET /favicon.ico HTTP/1.1" 200 21630
200.112.48.220 - - [29/Mar/2017:12:29:18 -0300] "GET /cormun/servlet/solicitudot?0aa56eec51d529d70fff8a797628e06de40b1bc6f9d335119e6cda833e0cf32e9814395bd46bc5e027037746bf1bcb8f330d7d2799f39ded3317d4f6817fa9ae94c35ba736021ea2978bb06e934a1ef1ad596673e7c35ecd2aaaf0ab88362745a8ab8afcf4dfcc34d9a5d48f8f98fdab193c6a5f95bd984ff2ebd690906d37556255f193158f4429aafc836c3719e1948d6b068b3f2b3563248b2f5e32e6b9519c10716477f1533ba2f6ce3e4759fd88ff559857713e3e83de5d7492e4f7dde0579c7abeb9ce27d13da7344830596a63bc197e7e30093112843ee7088804ebde31590708f586a8cf4c3a5983a9458bac952425bad5972cadfc893b2b13a4bdf160a19092f5cf05e16d0a38518de4d438274837dd671577686920a76c0aa7902c92fbe6709fe846105520a5a22f06978c80ed9a330475fa649e448b043cb9d054ca58ef96ca3c9c65df7bb972602f5cd77a7afa539565012ee9992c92be5c44be80048c3e4258c57bddbe67c829714358c23e036a6b65d569d5a3641cdbe786ee,gx-no-cache=1490801430878 HTTP/1.1" 200 30
200.112.48.220 - - [29/Mar/2017:12:29:21 -0300] "POST /cormun/servlet/solicitudot?gx-no-cache=1490801434167 HTTP/1.1" 200 30
200.112.48.220 - - [29/Mar/2017:12:29:26 -0300] "POST /cormun/servlet/solicitudot?gx-no-cache=1490801438775 HTTP/1.1" 200 30
186.103.159.46 - - [29/Mar/2017:12:29:32 -0300] "POST /cormun/servlet/trpermisosgoce?3502c710eccfb297e081371cb05da2b2,gx-no-cache=1490801439087 HTTP/1.1" 200 9560
186.103.157.235 - - [29/Mar/2017:12:29:34 -0300] "POST /cormun/servlet/hlogin?5821fa34e96c56f7d29a343a5ef798a0,gx-no-cache=1490801440840 HTTP/1.1" 200 432
192.168.10.13 - - [29/Mar/2017:12:29:37 -0300] "GET / HTTP/1.1" 200 11217
186.103.159.46 - - [29/Mar/2017:12:29:39 -0300] "POST /cormun/servlet/trpermisosgoce?3502c710eccfb297e081371cb05da2b2,gx-no-cache=1490801446279 HTTP/1.1" 200 9558
186.103.157.235 - - [29/Mar/2017:12:29:41 -0300] "POST /cormun/servlet/hlogin?5821fa34e96c56f7d29a343a5ef798a0,gx-no-cache=1490801448266 HTTP/1.1" 200 431
186.103.159.46 - - [29/Mar/2017:12:29:42 -0300] "POST /cormun/servlet/trpermisosgoce?3502c710eccfb297e081371cb05da2b2,gx-no-cache=1490801449379 HTTP/1.1" 200 9566
186.103.159.46 - - [29/Mar/2017:12:29:48 -0300] "POST /cormun/servlet/trpermisosgoce?3502c710eccfb297e081371cb05da2b2,gx-no-cache=1490801454820 HTTP/1.1" 200 9545
200.112.48.220 - - [29/Mar/2017:12:29:48 -0300] "GET /cormun/servlet/prfichaempleado?,MD,,gxPopupLevel%3D0%3B HTTP/1.1" 200 8805
186.103.157.235 - - [29/Mar/2017:12:29:50 -0300] "POST /cormun/servlet/hlogin?5821fa34e96c56f7d29a343a5ef798a0,gx-no-cache=1490801456877 HTTP/1.1" 200 90
186.103.157.235 - - [29/Mar/2017:12:29:50 -0300] "GET /cormun/servlet/hpexe_link HTTP/1.1" 200 956
186.103.157.235 - - [29/Mar/2017:12:29:50 -0300] "GET /cormun/servlet/hhome HTTP/1.1" 200 3965
186.103.157.235 - - [29/Mar/2017:12:29:52 -0300] "GET /cormun/servlet/hhome HTTP/1.1" 200 3961
186.103.159.46 - - [29/Mar/2017:12:29:54 -0300] "POST /cormun/servlet/trpermisosgoce?3502c710eccfb297e081371cb05da2b2,gx-no-cache=1490801460843 HTTP/1.1" 200 9563
186.103.159.46 - - [29/Mar/2017:12:29:59 -0300] "GET /cormun/servlet/permisogoce?DSP,11888967,P,20170301170414, HTTP/1.1" 200 6383
186.103.159.46 - - [29/Mar/2017:12:29:59 -0300] "GET /cormun/static/gxcfg.js?201731711422032 HTTP/1.1" 304 -
186.103.159.46 - - [29/Mar/2017:12:29:59 -0300] "GET /cormun/static/permisogoce.js?20173171142217 HTTP/1.1" 304 -
186.103.159.46 - - [29/Mar/2017:12:30:01 -0300] "GET /cormun/servlet/permisogoce?DSP,11888967,P,20170301170414, HTTP/1.1" 200 6385
200.112.48.220 - - [29/Mar/2017:12:30:02 -0300] "POST /cormun/servlet/prfichaempleado?6613087f678514a98d528295b2d9c2ac,,MD,,gxPopupLevel%3D0%3B,gx-no-cache=1490801474637 HTTP/1.1" 200 3396
186.103.157.235 - - [29/Mar/2017:12:30:03 -0300] "GET /cormun/servlet/trcontratoobservaciondir? HTTP/1.1" 200 7386
186.103.157.235 - - [29/Mar/2017:12:30:05 -0300] "GET /cormun/servlet/trcontratoobservaciondir? HTTP/1.1" 200 7386
186.103.157.235 - - [29/Mar/2017:12:30:05 -0300] "GET /cormun//static/Resources/PXToolsGridUpdate.png HTTP/1.1" 200 2984
186.103.157.235 - - [29/Mar/2017:12:30:05 -0300] "GET /cormun//static/Resources/PXToolsGridDelete.png HTTP/1.1" 200 357
200.112.48.220 - - [29/Mar/2017:12:30:06 -0300] "POST /cormun/servlet/solicitudot?gx-no-cache=1490801478609 HTTP/1.1" 200 239
200.112.48.220 - - [29/Mar/2017:12:30:06 -0300] "GET /cormun/servlet/solicitudot?0aa56eec51d529d70fff8a797628e06de40b1bc6f9d335119e6cda833e0cf32e9814395bd46bc5e027037746bf1bcb8f330d7d2799f39ded3317d4f6817fa9ae94c35ba736021ea2978bb06e934a1ef1ad596673e7c35ecd2aaaf0ab88362745a8ab8afcf4dfcc34d9a5d48f8f98fdab193c6a5f95bd984ff2ebd690906d37556255f193158f4429aafc836c3719e1948d6b068b3f2b3563248b2f5e32e6b9519c10716477f1533ba2f6ce3e4759fd88ff559857713e3e83de5d7492e4f7dde0579c7abeb9ce27d13da7344830596a63bc197e7e30093112843ee7088804ebde31590708f586a8cf4c3a5983a9458bac952425bad5972cadfc893b2b13a4bdf160a19092f5cf05e16d0a38518de4d438274837dd671577686920a76c0aa7902c92fbe6709fe846105520a5a22f06978c80ed9a330475fa649e448b043cb9d054ca58ef96ca3c9c65df7bb972602f5cd77a7afa539565012ee9992c92be5c44be80048c3e4258c57bddbe67c829714358f0fa3865e748f2b7a4ab06365e3eb6c9,gx-no-cache=1490801479217 HTTP/1.1" 200 30
200.112.48.220 - - [29/Mar/2017:12:30:07 -0300] "POST /cormun/servlet/solicitudot?gx-no-cache=1490801479736 HTTP/1.1" 200 30
186.103.157.235 - - [29/Mar/2017:12:30:09 -0300] "GET /cormun/servlet/trcontratounov2? HTTP/1.1" 200 16555
186.103.157.235 - - [29/Mar/2017:12:30:10 -0300] "GET /cormun/servlet/trcontratounov2? HTTP/1.1" 200 16576
200.112.48.220 - - [29/Mar/2017:12:30:13 -0300] "GET /cormun/servlet/prlicenciaspermisos?13099340,L,,MD,,gxPopupLevel%3D0%3B HTTP/1.1" 200 6109
186.103.159.46 - - [29/Mar/2017:12:30:16 -0300] "GET /cormun/servlet/trpermisosgoce HTTP/1.1" 200 12407
186.103.159.46 - - [29/Mar/2017:12:30:17 -0300] "GET /cormun/servlet/trpermisosgoce HTTP/1.1" 200 12397
200.112.48.220 - - [29/Mar/2017:12:30:18 -0300] "POST /cormun/servlet/solicitudot?gx-no-cache=1490801491219 HTTP/1.1" 200 1291
186.103.159.46 - - [29/Mar/2017:12:30:20 -0300] "POST /cormun/servlet/trpermisosgoce?3502c710eccfb297e081371cb05da2b2,gx-no-cache=1490801487355 HTTP/1.1" 200 90
186.103.159.46 - - [29/Mar/2017:12:30:20 -0300] "GET /cormun/servlet/hpexe_link HTTP/1.1" 200 949
186.103.159.46 - - [29/Mar/2017:12:30:20 -0300] "GET /cormun/servlet/hhome HTTP/1.1" 200 3768
186.103.159.46 - - [29/Mar/2017:12:30:21 -0300] "GET /cormun/servlet/hhome HTTP/1.1" 200 3765
186.103.159.46 - - [29/Mar/2017:12:30:25 -0300] "GET /cormun/servlet/trpermisosgoce? HTTP/1.1" 200 12399
200.112.48.220 - - [29/Mar/2017:12:30:25 -0300] "POST /cormun/servlet/solicitudot?gx-no-cache=1490801497529 HTTP/1.1" 200 41
186.103.159.46 - - [29/Mar/2017:12:30:26 -0300] "GET /cormun/servlet/trpermisosgoce? HTTP/1.1" 200 12399
186.103.159.46 - - [29/Mar/2017:12:30:34 -0300] "GET /cormun/servlet/trpermisosgoce? HTTP/1.1" 200 12404
186.103.159.46 - - [29/Mar/2017:12:30:36 -0300] "GET /cormun/servlet/trpermisosgoce? HTTP/1.1" 200 12404
192.168.10.13 - - [29/Mar/2017:12:30:37 -0300] "GET / HTTP/1.1" 200 11217
186.103.159.46 - - [29/Mar/2017:12:30:38 -0300] "GET /cormun/servlet/permisogoce?INS,0,,, HTTP/1.1" 200 6527
186.103.159.46 - - [29/Mar/2017:12:30:39 -0300] "GET /cormun/servlet/permisogoce?INS,0,,, HTTP/1.1" 200 6527
186.103.159.46 - - [29/Mar/2017:12:30:56 -0300] "GET /cormun/servlet/permisogoce?ab67923f2b5e574a1b440fc979db5f638bf7b58a8dc0ce52c6690bc9a6aa4c92553a6392b8f411c4f08fe9e47d01a657,gx-no-cache=1490801523790 HTTP/1.1" 200 81
186.103.159.46 - - [29/Mar/2017:12:30:56 -0300] "GET /cormun/static/menuarrow.gif HTTP/1.1" 404 1015
200.112.48.220 - - [29/Mar/2017:12:31:20 -0300] "GET /cormun/servlet/solicitudot?0aa56eec51d529d70fff8a797628e06db2647adf79dd31380f575fb116cbb484bb59fd66e37a4c38ef624a4b576f7d83e311d2b0d01c44ab4fdd4d0545e24bc57bc0a80202fb3c2c03967aa099dd7e92c65478656bf0bf8df62d5d29858a600e1e972fde7955dbfda1a58b5a9fbcdf02976827303d2e046b92391fcfde98685fe1aef037a11ee5f43c0706848150f0f0611d85086639f351e49dbf8ff69bbe68,gx-no-cache=1490801551472 HTTP/1.1" 200 29
200.112.48.220 - - [29/Mar/2017:12:31:22 -0300] "POST /cormun/servlet/solicitudot?gx-no-cache=1490801555010 HTTP/1.1" 200 1273
200.112.48.220 - - [29/Mar/2017:12:31:23 -0300] "POST /cormun/servlet/solicitudot?gx-no-cache=1490801555665 HTTP/1.1" 200 1157
200.112.48.220 - - [29/Mar/2017:12:31:23 -0300] "GET /cormun/static/menuarrow.gif HTTP/1.1" 404 1015
200.112.48.220 - - [29/Mar/2017:12:31:25 -0300] "POST /cormun/servlet/solicitudot?gx-no-cache=1490801558114 HTTP/1.1" 200 1273
200.112.48.220 - - [29/Mar/2017:12:31:26 -0300] "POST /cormun/servlet/solicitudot?gx-no-cache=1490801558776 HTTP/1.1" 200 1157
186.103.159.46 - - [29/Mar/2017:12:31:31 -0300] "GET /cormun/servlet/permisogoce?ab67923f2b5e574a1b440fc979db5f6348e52f3840d8b302012d02d926dfb80c54ddf8c57dec721b2b516063eb5285c6762c681c3ece3b30764b2d4c64d2571b,gx-no-cache=1490801558007 HTTP/1.1" 200 129
186.103.159.46 - - [29/Mar/2017:12:31:31 -0300] "GET /cormun/static/Shared/jqueryui/images/ui-bg_highlight-soft_100_c6c2c8_1x100.png HTTP/1.1" 404 1117
186.103.159.46 - - [29/Mar/2017:12:31:31 -0300] "GET /cormun/static/Shared/jqueryui/images/ui-icons_82798d_256x240.png HTTP/1.1" 404 1089
186.103.159.46 - - [29/Mar/2017:12:31:31 -0300] "GET /cormun/static/Shared/jqueryui/images/ui-bg_flat_55_994d53_40x100.png HTTP/1.1" 404 1097
186.103.159.46 - - [29/Mar/2017:12:31:31 -0300] "GET /cormun/static/Shared/jqueryui/images/ui-icons_ebccce_256x240.png HTTP/1.1" 404 1089
192.168.10.13 - - [29/Mar/2017:12:31:37 -0300] "GET / HTTP/1.1" 200 11217
186.103.159.46 - - [29/Mar/2017:12:31:44 -0300] "GET /cormun/servlet/trpermisosgoce? HTTP/1.1" 200 12407
200.112.48.220 - - [29/Mar/2017:12:31:46 -0300] "POST /cormun/servlet/solicitudot?gx-no-cache=1490801578657 HTTP/1.1" 200 1273
186.103.159.46 - - [29/Mar/2017:12:31:46 -0300] "GET /cormun/servlet/trpermisosgoce? HTTP/1.1" 200 12404
200.112.48.220 - - [29/Mar/2017:12:31:47 -0300] "POST /cormun/servlet/solicitudot?gx-no-cache=1490801579241 HTTP/1.1" 200 1157
200.112.48.220 - - [29/Mar/2017:12:31:47 -0300] "GET /cormun/servlet/solicitudot?0aa56eec51d529d70fff8a797628e06dc9a5619840333695703090d8c99059e286ee09b619dae7d52fcca2d6d360e7403f62ffec36aa456bd90297a387afe982c3dfebda4f1940487393f9b929393fb81b6ba9176795fffb57e48be123c572b7ba32e4d37d9b670baf204c61f6d919da224196444c50cb821fb9503b619f7bbb12ecd63ce50f3d3c4d448e2e82b3553de2126ab0ae66e26bea0f80902437b8208b7a4a4597482f429090f0bb262fa9e0a54e5b9959926666ca2671b9b7561dd8,gx-no-cache=1490801579829 HTTP/1.1" 200 30
200.112.48.220 - - [29/Mar/2017:12:31:48 -0300] "POST /cormun/servlet/solicitudot?6613087f678514a98d528295b2d9c2ac,INS,0,0,,gx-no-cache=1490801580450 HTTP/1.1" 200 93
200.112.48.220 - - [29/Mar/2017:12:31:49 -0300] "GET /cormun/servlet/hpexe_return? HTTP/1.1" 200 1003
186.103.159.46 - - [29/Mar/2017:12:31:50 -0300] "GET /cormun/servlet/permisogoce?INS,0,,, HTTP/1.1" 200 6528
200.112.48.220 - - [29/Mar/2017:12:31:50 -0300] "GET /cormun/servlet/trsolicitudot HTTP/1.1" 200 8848
186.103.159.46 - - [29/Mar/2017:12:31:51 -0300] "GET /cormun/servlet/permisogoce?INS,0,,, HTTP/1.1" 200 6527
200.112.48.220 - - [29/Mar/2017:12:31:52 -0300] "GET /cormun/servlet/trsolicitudot HTTP/1.1" 200 8843
192.168.10.13 - - [29/Mar/2017:12:32:37 -0300] "GET / HTTP/1.1" 200 11217
192.168.10.13 - - [29/Mar/2017:12:33:37 -0300] "GET / HTTP/1.1" 200 11217
192.168.10.13 - - [29/Mar/2017:12:34:37 -0300] "GET / HTTP/1.1" 200 11217
207.46.13.11 - - [29/Mar/2017:12:34:53 -0300] "GET /cormun/static/PXToolsJavascripts/pexe_autoreload.js HTTP/1.1" 200 1762
207.46.13.11 - - [29/Mar/2017:12:34:54 -0300] "GET /cormun/static/PXToolsJavascripts/pexe_tabs.js HTTP/1.1" 200 3748
207.46.13.11 - - [29/Mar/2017:12:34:54 -0300] "GET /cormun/static/RunJS/RunJS.js HTTP/1.1" 200 288
207.46.13.11 - - [29/Mar/2017:12:34:56 -0300] "GET /cormun/static/gxgral.js?85251 HTTP/1.1" 200 384558
207.46.13.11 - - [29/Mar/2017:12:34:57 -0300] "GET /cormun/static/gxtimezone.js?85251 HTTP/1.1" 200 5781
207.46.13.11 - - [29/Mar/2017:12:34:57 -0300] "GET /cormun/static/hpexe_messagecontroller.js?201610171694323 HTTP/1.1" 200 870
207.46.13.11 - - [29/Mar/2017:12:34:57 -0300] "GET /cormun/static/hpexe_recentlink.js?201610171694390 HTTP/1.1" 200 2144
207.46.13.11 - - [29/Mar/2017:12:34:57 -0300] "GET /cormun/static/hpexe_scripts.js?201731711335890 HTTP/1.1" 200 1544
207.46.13.11 - - [29/Mar/2017:12:34:58 -0300] "GET /cormun/static/hwchdr01.js?201731711335950 HTTP/1.1" 200 1183
192.168.10.13 - - [29/Mar/2017:12:35:37 -0300] "GET / HTTP/1.1" 200 11217
186.103.159.46 - - [29/Mar/2017:12:35:54 -0300] "GET /cormun/servlet/trcontratounov2? HTTP/1.1" 200 5898
186.103.159.46 - - [29/Mar/2017:12:35:55 -0300] "GET /cormun/servlet/trcontratounov2? HTTP/1.1" 200 5889
186.103.159.46 - - [29/Mar/2017:12:35:55 -0300] "GET /cormun/servlet/hlogin HTTP/1.1" 200 1735
192.168.10.13 - - [29/Mar/2017:12:36:37 -0300] "GET / HTTP/1.1" 200 11217
186.103.159.46 - - [29/Mar/2017:12:36:55 -0300] "POST /cormun/servlet/hlogin?16f24f45a2f2cbd47d4c6049287b3ac8,gx-no-cache=1490801880822 HTTP/1.1" 200 90
186.103.159.46 - - [29/Mar/2017:12:36:55 -0300] "GET /cormun/servlet/hpexe_link HTTP/1.1" 200 952
186.103.159.46 - - [29/Mar/2017:12:36:55 -0300] "GET /cormun/servlet/trcontratounov2 HTTP/1.1" 200 16771
186.103.159.46 - - [29/Mar/2017:12:36:56 -0300] "GET /cormun/servlet/trcontratounov2 HTTP/1.1" 200 16764
186.103.159.46 - - [29/Mar/2017:12:36:59 -0300] "GET /cormun/servlet/trcontratounov2? HTTP/1.1" 200 16759
186.103.159.46 - - [29/Mar/2017:12:37:00 -0300] "GET /cormun/servlet/trcontratounov2? HTTP/1.1" 200 16738
186.103.159.46 - - [29/Mar/2017:12:37:18 -0300] "POST /cormun/servlet/trcontratounov2?16f24f45a2f2cbd47d4c6049287b3ac8,,gx-no-cache=1490801903340 HTTP/1.1" 200 105
186.103.159.46 - - [29/Mar/2017:12:37:18 -0300] "GET /cormun/ContratoUnoV3-8369.xls HTTP/1.1" 200 23552
192.168.10.89 - - [29/Mar/2017:12:37:34 -0300] "GET /cormun/servlet/hlogin HTTP/1.1" 200 1748
192.168.10.89 - - [29/Mar/2017:12:37:34 -0300] "GET /cormun/static/Resources/Spanish/PXTools.css?11294912 HTTP/1.1" 304 -
192.168.10.89 - - [29/Mar/2017:12:37:34 -0300] "GET /cormun/static/messages.spa.js?85251 HTTP/1.1" 304 -
192.168.10.13 - - [29/Mar/2017:12:37:37 -0300] "GET / HTTP/1.1" 200 11217
192.168.10.89 - - [29/Mar/2017:12:37:40 -0300] "POST /cormun/servlet/hlogin?2cf09cd46cd8232565b96e5662c9f5a8,gx-no-cache=1490805138724 HTTP/1.1" 200 90
192.168.10.89 - - [29/Mar/2017:12:37:40 -0300] "GET /cormun/servlet/hpexe_link HTTP/1.1" 200 952
192.168.10.89 - - [29/Mar/2017:12:37:40 -0300] "GET /cormun/static/gxcfg.js?201731711483381 HTTP/1.1" 304 -
192.168.10.89 - - [29/Mar/2017:12:37:40 -0300] "GET /cormun/static/hpexe_link.js?201731711483384 HTTP/1.1" 304 -
192.168.10.89 - - [29/Mar/2017:12:37:40 -0300] "GET /cormun/servlet/hhome HTTP/1.1" 200 4399
192.168.10.89 - - [29/Mar/2017:12:37:40 -0300] "GET /cormun/static/hwchdr01.js?201731711335950 HTTP/1.1" 304 -
192.168.10.89 - - [29/Mar/2017:12:37:40 -0300] "GET /cormun/static/hpexe_recentlink.js?201610171694390 HTTP/1.1" 304 -
192.168.10.89 - - [29/Mar/2017:12:37:40 -0300] "GET /cormun/static/hpexe_scripts.js?201731711335890 HTTP/1.1" 304 -
192.168.10.89 - - [29/Mar/2017:12:37:40 -0300] "GET /cormun/static/hpexe_messagepopupcomponent.js?20161017169425 HTTP/1.1" 304 -
192.168.10.89 - - [29/Mar/2017:12:37:40 -0300] "GET /cormun/static/hpexe_messagecontroller.js?201610171694323 HTTP/1.1" 304 -
192.168.10.89 - - [29/Mar/2017:12:37:40 -0300] "GET /cormun/static/cmcontrolpreferences.js?201731711335852 HTTP/1.1" 304 -
192.168.10.89 - - [29/Mar/2017:12:37:40 -0300] "GET /cormun/static/hpexe_messagegenexuscomponent.js?201731711335537 HTTP/1.1" 304 -
192.168.10.89 - - [29/Mar/2017:12:37:40 -0300] "GET /cormun/static/hmpwkw03.js?201731711485354 HTTP/1.1" 304 -
157.55.39.10 - - [29/Mar/2017:12:37:42 -0300] "GET /cormun/static/PXToolsJavascripts/pexe_oavdivfix.js HTTP/1.1" 200 639
157.55.39.10 - - [29/Mar/2017:12:37:43 -0300] "GET /cormun/static/Shared/jqueryui/jquery-ui.min.js HTTP/1.1" 200 240427
192.168.10.89 - - [29/Mar/2017:12:37:44 -0300] "GET /cormun/servlet/trrenunciasgenerales? HTTP/1.1" 200 8622
157.55.39.10 - - [29/Mar/2017:12:37:45 -0300] "GET /cormun/static/calendar-es.js?85251 HTTP/1.1" 200 1901
157.55.39.10 - - [29/Mar/2017:12:37:45 -0300] "GET /cormun/static/hpexe_messagegenexuscomponent.js?201731711335537 HTTP/1.1" 200 587
192.168.10.89 - - [29/Mar/2017:12:37:48 -0300] "GET /cormun/static/menuarrow.gif HTTP/1.1" 404 1015
192.168.10.89 - - [29/Mar/2017:12:37:51 -0300] "POST /cormun/servlet/trrenunciasgenerales?2cf09cd46cd8232565b96e5662c9f5a8,,gx-no-cache=1490805149604 HTTP/1.1" 200 6055
192.168.10.89 - - [29/Mar/2017:12:37:57 -0300] "POST /cormun/servlet/trrenunciasgenerales?2cf09cd46cd8232565b96e5662c9f5a8,,gx-no-cache=1490805155699 HTTP/1.1" 200 6034
192.168.10.89 - - [29/Mar/2017:12:38:02 -0300] "POST /cormun/servlet/trrenunciasgenerales?2cf09cd46cd8232565b96e5662c9f5a8,,gx-no-cache=1490805160399 HTTP/1.1" 200 5578
192.168.10.89 - - [29/Mar/2017:12:38:09 -0300] "POST /cormun/servlet/trrenunciasgenerales?2cf09cd46cd8232565b96e5662c9f5a8,,gx-no-cache=1490805167373 HTTP/1.1" 200 5581
192.168.10.89 - - [29/Mar/2017:12:38:12 -0300] "POST /cormun/servlet/trrenunciasgenerales?2cf09cd46cd8232565b96e5662c9f5a8,,gx-no-cache=1490805170768 HTTP/1.1" 200 5579
200.112.48.220 - - [29/Mar/2017:12:38:23 -0300] "POST /cormun/servlet/trsolicitudot?6613087f678514a98d528295b2d9c2ac,gx-no-cache=1490801974960 HTTP/1.1" 200 5834
200.112.48.220 - - [29/Mar/2017:12:38:27 -0300] "GET /cormun/static/Shared/jqueryui/images/ui-bg_highlight-soft_100_c6c2c8_1x100.png HTTP/1.1" 404 1117
200.112.48.220 - - [29/Mar/2017:12:38:27 -0300] "GET /cormun/static/Shared/jqueryui/images/ui-icons_82798d_256x240.png HTTP/1.1" 404 1089
200.112.48.220 - - [29/Mar/2017:12:38:27 -0300] "GET /cormun/static/Shared/jqueryui/images/ui-bg_flat_55_fafafa_40x100.png HTTP/1.1" 404 1097
200.112.48.220 - - [29/Mar/2017:12:38:27 -0300] "GET /cormun/static/Shared/jqueryui/images/ui-icons_8d78a5_256x240.png HTTP/1.1" 404 1089
200.112.48.220 - - [29/Mar/2017:12:38:27 -0300] "POST /cormun/servlet/trsolicitudot?6613087f678514a98d528295b2d9c2ac,gx-no-cache=1490801979544 HTTP/1.1" 200 5777
192.168.10.89 - - [29/Mar/2017:12:38:36 -0300] "GET /cormun/servlet/trsolicitudot? HTTP/1.1" 200 8635
192.168.10.13 - - [29/Mar/2017:12:38:37 -0300] "GET / HTTP/1.1" 200 11217
200.112.48.220 - - [29/Mar/2017:12:38:39 -0300] "POST /cormun/servlet/trsolicitudot?6613087f678514a98d528295b2d9c2ac,gx-no-cache=1490801990629 HTTP/1.1" 200 5540
200.112.48.220 - - [29/Mar/2017:12:38:40 -0300] "POST /cormun/servlet/trsolicitudot?6613087f678514a98d528295b2d9c2ac,gx-no-cache=1490801992095 HTTP/1.1" 200 5485
200.112.48.220 - - [29/Mar/2017:12:38:45 -0300] "POST /cormun/servlet/trsolicitudot?6613087f678514a98d528295b2d9c2ac,gx-no-cache=1490801997899 HTTP/1.1" 200 4398
200.112.48.220 - - [29/Mar/2017:12:38:46 -0300] "POST /cormun/servlet/trsolicitudot?6613087f678514a98d528295b2d9c2ac,gx-no-cache=1490801998836 HTTP/1.1" 200 4122
200.112.48.220 - - [29/Mar/2017:12:38:50 -0300] "GET /cormun/servlet/trautorizarsolicitud? HTTP/1.1" 200 8795
200.112.48.220 - - [29/Mar/2017:12:38:52 -0300] "GET /cormun/static/trautorizarsolicitud.js?2017259113483 HTTP/1.1" 304 -
200.112.48.220 - - [29/Mar/2017:12:38:52 -0300] "GET /cormun/static/gxcfg.js?2017259112829 HTTP/1.1" 304 -
200.112.48.220 - - [29/Mar/2017:12:38:54 -0300] "GET /cormun/servlet/trautorizarsolicitud? HTTP/1.1" 200 8795
200.112.48.220 - - [29/Mar/2017:12:39:18 -0300] "POST /cormun/servlet/trautorizarsolicitud?6613087f678514a98d528295b2d9c2ac,,gx-no-cache=1490802029144 HTTP/1.1" 200 5808
200.112.48.220 - - [29/Mar/2017:12:39:18 -0300] "GET /cormun/static/Shared/jqueryui/images/ui-bg_highlight-soft_100_c6c2c8_1x100.png HTTP/1.1" 404 1117
200.112.48.220 - - [29/Mar/2017:12:39:18 -0300] "GET /cormun/static/Shared/jqueryui/images/ui-icons_82798d_256x240.png HTTP/1.1" 404 1089
200.112.48.220 - - [29/Mar/2017:12:39:19 -0300] "GET /cormun/static/Shared/jqueryui/images/ui-bg_flat_55_fafafa_40x100.png HTTP/1.1" 404 1097
200.112.48.220 - - [29/Mar/2017:12:39:19 -0300] "GET /cormun/static/Shared/jqueryui/images/ui-icons_8d78a5_256x240.png HTTP/1.1" 404 1089
200.112.48.220 - - [29/Mar/2017:12:39:19 -0300] "POST /cormun/servlet/trautorizarsolicitud?6613087f678514a98d528295b2d9c2ac,,gx-no-cache=1490802031287 HTTP/1.1" 200 5754
192.168.10.13 - - [29/Mar/2017:12:39:37 -0300] "GET / HTTP/1.1" 200 11217
200.112.48.220 - - [29/Mar/2017:12:39:37 -0300] "POST /cormun/servlet/trautorizarsolicitud?6613087f678514a98d528295b2d9c2ac,,gx-no-cache=1490802049585 HTTP/1.1" 200 5514
200.112.48.220 - - [29/Mar/2017:12:39:38 -0300] "POST /cormun/servlet/trautorizarsolicitud?6613087f678514a98d528295b2d9c2ac,,gx-no-cache=1490802050503 HTTP/1.1" 200 5459
200.112.48.220 - - [29/Mar/2017:12:39:42 -0300] "POST /cormun/servlet/trautorizarsolicitud?6613087f678514a98d528295b2d9c2ac,,gx-no-cache=1490802054040 HTTP/1.1" 200 4375
200.112.48.220 - - [29/Mar/2017:12:39:44 -0300] "POST /cormun/servlet/trautorizarsolicitud?6613087f678514a98d528295b2d9c2ac,,gx-no-cache=1490802055572 HTTP/1.1" 200 4101
200.112.48.220 - - [29/Mar/2017:12:40:08 -0300] "GET /cormun/servlet/trvisualizadoreventos? HTTP/1.1" 200 6661
200.112.48.220 - - [29/Mar/2017:12:40:09 -0300] "GET /cormun/static/gxcfg.js?201731711523419 HTTP/1.1" 304 -
200.112.48.220 - - [29/Mar/2017:12:40:09 -0300] "GET /cormun/static/trvisualizadoreventos.js?20173171152387 HTTP/1.1" 304 -
200.112.48.220 - - [29/Mar/2017:12:40:11 -0300] "GET /cormun/servlet/trvisualizadoreventos? HTTP/1.1" 200 6661
200.112.48.220 - - [29/Mar/2017:12:40:17 -0300] "GET /cormun/static/menuarrow.gif HTTP/1.1" 404 1015
192.168.10.89 - - [29/Mar/2017:12:40:23 -0300] "GET /cormun/servlet/hlogin HTTP/1.1" 200 1740
200.112.48.220 - - [29/Mar/2017:12:40:25 -0300] "POST /cormun/servlet/trvisualizadoreventos?6613087f678514a98d528295b2d9c2ac,,gx-no-cache=1490802097952 HTTP/1.1" 200 5262
192.168.10.89 - - [29/Mar/2017:12:40:32 -0300] "POST /cormun/servlet/hlogin?2cf09cd46cd8232565b96e5662c9f5a8,gx-no-cache=1490805310916 HTTP/1.1" 200 448
192.168.10.89 - - [29/Mar/2017:12:40:36 -0300] "POST /cormun/servlet/hlogin?2cf09cd46cd8232565b96e5662c9f5a8,gx-no-cache=1490805314938 HTTP/1.1" 200 90
192.168.10.89 - - [29/Mar/2017:12:40:36 -0300] "GET /cormun/servlet/hpexe_link HTTP/1.1" 200 952
192.168.10.89 - - [29/Mar/2017:12:40:36 -0300] "GET /cormun/servlet/hhome HTTP/1.1" 200 4010
192.168.10.13 - - [29/Mar/2017:12:40:37 -0300] "GET / HTTP/1.1" 200 11217
192.168.10.89 - - [29/Mar/2017:12:40:42 -0300] "GET /cormun/servlet/trcontratounov2? HTTP/1.1" 200 16536
192.168.10.89 - - [29/Mar/2017:12:40:42 -0300] "GET /cormun/static/gxcfg.js?201731711595461 HTTP/1.1" 304 -
192.168.10.89 - - [29/Mar/2017:12:40:42 -0300] "GET /cormun/static/trcontratounov2.js?2017317120150 HTTP/1.1" 304 -
200.112.48.220 - - [29/Mar/2017:12:40:52 -0300] "POST /cormun/servlet/trvisualizadoreventos?6613087f678514a98d528295b2d9c2ac,,gx-no-cache=1490802123445 HTTP/1.1" 200 5253
192.168.10.89 - - [29/Mar/2017:12:40:53 -0300] "GET /cormun/servlet/hlogin HTTP/1.1" 200 1741
192.168.10.13 - - [29/Mar/2017:12:41:37 -0300] "GET / HTTP/1.1" 200 11217
200.112.48.220 - - [29/Mar/2017:12:41:53 -0300] "GET /cormun/servlet/trautorizarsolicitud? HTTP/1.1" 200 6858
200.112.48.220 - - [29/Mar/2017:12:41:56 -0300] "GET /cormun/servlet/trautorizarsolicitud? HTTP/1.1" 200 6858
186.103.159.204 - - [29/Mar/2017:12:41:56 -0300] "GET /cormun/servlet/hlogin HTTP/1.1" 200 1721
186.103.159.204 - - [29/Mar/2017:12:41:56 -0300] "GET /cormun/static/Resources/Spanish/PXTools.css?11294912 HTTP/1.1" 304 -
186.103.159.204 - - [29/Mar/2017:12:41:56 -0300] "GET /cormun/static/gxcfg.js?201731711485472 HTTP/1.1" 304 -
186.103.159.204 - - [29/Mar/2017:12:41:56 -0300] "GET /cormun/static/hlogin.js?201731711485490 HTTP/1.1" 304 -
186.103.159.204 - - [29/Mar/2017:12:41:56 -0300] "GET /cormun/static/messages.spa.js?85251 HTTP/1.1" 304 -
186.103.159.204 - - [29/Mar/2017:12:41:57 -0300] "GET /cormun/servlet/hlogin HTTP/1.1" 200 1732
200.112.48.220 - - [29/Mar/2017:12:42:02 -0300] "GET /cormun/static/menuarrow.gif HTTP/1.1" 404 1015
200.112.48.220 - - [29/Mar/2017:12:42:07 -0300] "POST /cormun/servlet/trautorizarsolicitud?6613087f678514a98d528295b2d9c2ac,,gx-no-cache=1490802199436 HTTP/1.1" 200 4126
200.112.48.220 - - [29/Mar/2017:12:42:13 -0300] "POST /cormun/servlet/trautorizarsolicitud?6613087f678514a98d528295b2d9c2ac,,gx-no-cache=1490802205201 HTTP/1.1" 200 6075
186.103.159.204 - - [29/Mar/2017:12:42:13 -0300] "POST /cormun/servlet/hlogin?b36c4c0cd7971a3c8f68da6bc649ee95,gx-no-cache=1490802198914 HTTP/1.1" 200 90
186.103.159.204 - - [29/Mar/2017:12:42:13 -0300] "GET /cormun/servlet/hpexe_link HTTP/1.1" 200 953
186.103.159.204 - - [29/Mar/2017:12:42:13 -0300] "GET /cormun/static/gxcfg.js?201731711483381 HTTP/1.1" 304 -
186.103.159.204 - - [29/Mar/2017:12:42:13 -0300] "GET /cormun/static/hpexe_link.js?201731711483384 HTTP/1.1" 304 -
186.103.159.204 - - [29/Mar/2017:12:42:13 -0300] "GET /cormun/servlet/hhome HTTP/1.1" 200 3987
186.103.159.204 - - [29/Mar/2017:12:42:13 -0300] "GET /cormun/static/Shared/jqueryui/jquery-ui.min.css?1245370 HTTP/1.1" 304 -
186.103.159.204 - - [29/Mar/2017:12:42:13 -0300] "GET /cormun/static/SmoothNavMenu/resources/ddsmoothmenu.css?1012540 HTTP/1.1" 304 -
186.103.159.204 - - [29/Mar/2017:12:42:13 -0300] "GET /cormun/static/scaMessage/css/jquery.pnotify.default.css?1716380 HTTP/1.1" 304 -
186.103.159.204 - - [29/Mar/2017:12:42:13 -0300] "GET /cormun/static/SmoothNavMenu/resources/ddsmoothmenu-v.css?1012540 HTTP/1.1" 304 -
186.103.159.204 - - [29/Mar/2017:12:42:13 -0300] "GET /cormun/static/gxcfg.js?201731711483497 HTTP/1.1" 304 -
186.103.159.204 - - [29/Mar/2017:12:42:14 -0300] "GET /cormun/static/Resources/PXToolsHeaderActionsLeft.png HTTP/1.1" 304 -
186.103.159.204 - - [29/Mar/2017:12:42:14 -0300] "GET /cormun/static/Resources/PXToolsHeaderHome.png HTTP/1.1" 304 -
186.103.159.204 - - [29/Mar/2017:12:42:14 -0300] "GET /cormun/static/Resources/PXToolsHeaderPreferences.png HTTP/1.1" 304 -
186.103.159.204 - - [29/Mar/2017:12:42:14 -0300] "GET /cormun/static/Resources/logo4.png HTTP/1.1" 304 -
186.103.159.204 - - [29/Mar/2017:12:42:14 -0300] "GET /cormun/static/Resources/PXToolsHeaderLogin.png HTTP/1.1" 304 -
186.103.159.204 - - [29/Mar/2017:12:42:14 -0300] "GET /cormun/static/Resources/PXToolsHeaderSecurity.png HTTP/1.1" 304 -
186.103.159.204 - - [29/Mar/2017:12:42:14 -0300] "GET /cormun/static/Resources/PXToolsHeaderActionsRight.png HTTP/1.1" 304 -
186.103.159.204 - - [29/Mar/2017:12:42:14 -0300] "GET /cormun/static/hwchdr01.js?201731711335950 HTTP/1.1" 304 -
186.103.159.204 - - [29/Mar/2017:12:42:14 -0300] "GET /cormun/static/hpexe_recentlink.js?201610171694390 HTTP/1.1" 304 -
186.103.159.204 - - [29/Mar/2017:12:42:14 -0300] "GET /cormun/static/hhome.js?20173171148352 HTTP/1.1" 304 -
186.103.159.204 - - [29/Mar/2017:12:42:14 -0300] "GET /cormun/static/hpexe_messagecontroller.js?201610171694323 HTTP/1.1" 304 -
186.103.159.204 - - [29/Mar/2017:12:42:14 -0300] "GET /cormun/static/hpexe_scripts.js?201731711335890 HTTP/1.1" 304 -
186.103.159.204 - - [29/Mar/2017:12:42:14 -0300] "GET /cormun/static/hpexe_messagepopupcomponent.js?20161017169425 HTTP/1.1" 304 -
186.103.159.204 - - [29/Mar/2017:12:42:14 -0300] "GET /cormun/static/hpexe_messagegenexuscomponent.js?201731711335537 HTTP/1.1" 304 -
186.103.159.204 - - [29/Mar/2017:12:42:14 -0300] "GET /cormun/static/cmcontrolpreferences.js?201731711335852 HTTP/1.1" 304 -
186.103.159.204 - - [29/Mar/2017:12:42:14 -0300] "GET /cormun/static/hmpwkw03.js?201731711485354 HTTP/1.1" 304 -
186.103.159.204 - - [29/Mar/2017:12:42:14 -0300] "GET /cormun/static/Resources/PXToolsDataTitle.png HTTP/1.1" 304 -
186.103.159.204 - - [29/Mar/2017:12:42:14 -0300] "GET /cormun/static/Resources/PXToolsFooterBackground2.png HTTP/1.1" 304 -
186.103.159.204 - - [29/Mar/2017:12:42:14 -0300] "GET /cormun/static/Resources/PXToolsHeaderActionsBackground.png HTTP/1.1" 304 -
186.103.159.204 - - [29/Mar/2017:12:42:14 -0300] "GET /cormun/static/Resources/PXToolsHeaderBackground2.png HTTP/1.1" 304 -
186.103.159.204 - - [29/Mar/2017:12:42:14 -0300] "GET /cormun/servlet/hhome HTTP/1.1" 200 3983
186.103.159.204 - - [29/Mar/2017:12:42:14 -0300] "GET /cormun/static/SmoothNavMenu/resources/images/down.gif HTTP/1.1" 304 -
186.103.159.204 - - [29/Mar/2017:12:42:14 -0300] "GET /cormun/static/SmoothNavMenu/resources/images/right.gif HTTP/1.1" 304 -
186.103.159.204 - - [29/Mar/2017:12:42:19 -0300] "GET /cormun/servlet/trsolicitudot? HTTP/1.1" 200 9026
186.103.159.204 - - [29/Mar/2017:12:42:19 -0300] "GET /cormun/static/calendar-system.css?75620 HTTP/1.1" 304 -
186.103.159.204 - - [29/Mar/2017:12:42:19 -0300] "GET /cormun/static/gxui/gxui-all.css?110300 HTTP/1.1" 304 -
186.103.159.204 - - [29/Mar/2017:12:42:19 -0300] "GET /cormun/static/Shared/ext/resources/css/ext-all.css?205870 HTTP/1.1" 304 -
186.103.159.204 - - [29/Mar/2017:12:42:19 -0300] "GET /cormun/static/gxcfg.js?201731711505139 HTTP/1.1" 304 -
186.103.159.204 - - [29/Mar/2017:12:42:19 -0300] "GET /cormun/static/trsolicitudot.js?20173171151116 HTTP/1.1" 304 -
186.103.159.204 - - [29/Mar/2017:12:42:20 -0300] "GET /cormun/servlet/trsolicitudot? HTTP/1.1" 200 9024
200.112.48.220 - - [29/Mar/2017:12:42:32 -0300] "GET /cormun/servlet/trvisualizadoreventos? HTTP/1.1" 200 7892
157.55.39.181 - - [29/Mar/2017:12:42:33 -0300] "GET /cormun/static/PXToolsJavascripts/pexe_cookies.js HTTP/1.1" 200 792
157.55.39.181 - - [29/Mar/2017:12:42:34 -0300] "GET /cormun/static/gxui/gxui-all.js HTTP/1.1" 200 107772
200.112.48.220 - - [29/Mar/2017:12:42:35 -0300] "GET /cormun/servlet/trvisualizadoreventos? HTTP/1.1" 200 7891
157.55.39.181 - - [29/Mar/2017:12:42:35 -0300] "GET /cormun/static/hpexe_messagepopupcomponent.js?20161017169425 HTTP/1.1" 200 605
157.55.39.181 - - [29/Mar/2017:12:42:35 -0300] "GET /cormun/static/messages.spa.js?85251 HTTP/1.1" 200 30736
186.103.159.204 - - [29/Mar/2017:12:42:35 -0300] "GET /cormun/servlet/trautorizarsolicitud? HTTP/1.1" 200 6915
186.103.159.204 - - [29/Mar/2017:12:42:36 -0300] "GET /cormun/static/gxcfg.js?2017259112829 HTTP/1.1" 304 -
186.103.159.204 - - [29/Mar/2017:12:42:36 -0300] "GET /cormun/static/Resources/Spanish/PXTools.css?18365030 HTTP/1.1" 304 -
186.103.159.204 - - [29/Mar/2017:12:42:36 -0300] "GET /cormun/static/trautorizarsolicitud.js?2017259113483 HTTP/1.1" 304 -
157.55.39.181 - - [29/Mar/2017:12:42:36 -0300] "GET /cormun/static/scaMessage/css/jquery.pnotify.default.css?1716380 HTTP/1.1" 200 1707
186.103.159.204 - - [29/Mar/2017:12:42:36 -0300] "GET /cormun/servlet/trautorizarsolicitud? HTTP/1.1" 200 6915
192.168.10.13 - - [29/Mar/2017:12:42:37 -0300] "GET / HTTP/1.1" 200 11217
200.112.48.220 - - [29/Mar/2017:12:42:42 -0300] "GET /cormun/servlet/trautorizarsolicitud? HTTP/1.1" 200 8796
186.103.159.204 - - [29/Mar/2017:12:42:46 -0300] "GET /cormun/servlet/trsolicitudot? HTTP/1.1" 200 9025
186.103.159.204 - - [29/Mar/2017:12:42:46 -0300] "GET /cormun/servlet/trsolicitudot? HTTP/1.1" 200 9024
200.112.48.220 - - [29/Mar/2017:12:42:49 -0300] "GET /cormun/servlet/trautorizarsolicitud? HTTP/1.1" 200 8796
200.112.48.220 - - [29/Mar/2017:12:43:06 -0300] "GET /cormun/static/menuarrow.gif HTTP/1.1" 404 1015
186.103.159.204 - - [29/Mar/2017:12:43:08 -0300] "POST /cormun/servlet/trsolicitudot?b36c4c0cd7971a3c8f68da6bc649ee95,,gx-no-cache=1490802254042 HTTP/1.1" 200 106
186.103.159.204 - - [29/Mar/2017:12:43:08 -0300] "GET /cormun/servlet/solicitudot?DLT,2017,5498, HTTP/1.1" 200 9569
186.103.159.204 - - [29/Mar/2017:12:43:09 -0300] "GET /cormun/static/gxcfg.js?20171191042720 HTTP/1.1" 304 -
186.103.159.204 - - [29/Mar/2017:12:43:09 -0300] "GET /cormun/static/solicitudot.js?2017119104297 HTTP/1.1" 304 -
186.103.159.204 - - [29/Mar/2017:12:43:10 -0300] "GET /cormun/static/Shared/jqueryui/images/ui-bg_highlight-soft_100_c6c2c8_1x100.png HTTP/1.1" 404 1117
186.103.159.204 - - [29/Mar/2017:12:43:10 -0300] "GET /cormun/static/Shared/jqueryui/images/ui-bg_flat_55_fafafa_40x100.png HTTP/1.1" 404 1097
186.103.159.204 - - [29/Mar/2017:12:43:10 -0300] "GET /cormun/static/Shared/jqueryui/images/ui-icons_82798d_256x240.png HTTP/1.1" 404 1089
186.103.159.204 - - [29/Mar/2017:12:43:10 -0300] "GET /cormun/static/Shared/jqueryui/images/ui-icons_8d78a5_256x240.png HTTP/1.1" 404 1089
186.103.159.204 - - [29/Mar/2017:12:43:10 -0300] "GET /cormun/servlet/solicitudot?DLT,2017,5498, HTTP/1.1" 200 9578
186.103.159.204 - - [29/Mar/2017:12:43:16 -0300] "POST /cormun/servlet/solicitudot?b36c4c0cd7971a3c8f68da6bc649ee95,DLT,2017,5498,,gx-no-cache=1490802261860 HTTP/1.1" 200 12598
186.103.159.204 - - [29/Mar/2017:12:43:16 -0300] "GET /cormun/static/Shared/jqueryui/images/ui-bg_flat_55_994d53_40x100.png HTTP/1.1" 404 1097
186.103.159.204 - - [29/Mar/2017:12:43:16 -0300] "GET /cormun/static/Shared/jqueryui/images/ui-icons_ebccce_256x240.png HTTP/1.1" 404 1089
186.103.159.204 - - [29/Mar/2017:12:43:18 -0300] "POST /cormun/servlet/solicitudot?b36c4c0cd7971a3c8f68da6bc649ee95,DLT,2017,5498,,gx-no-cache=1490802263799 HTTP/1.1" 200 93
186.103.159.204 - - [29/Mar/2017:12:43:18 -0300] "GET /cormun/servlet/hpexe_return? HTTP/1.1" 200 1014
186.103.159.204 - - [29/Mar/2017:12:43:18 -0300] "GET /cormun/static/Resources/Spanish/PXTools.css?167811 HTTP/1.1" 304 -
186.103.159.204 - - [29/Mar/2017:12:43:18 -0300] "GET /cormun/static/gxcfg.js?2016101716175148 HTTP/1.1" 304 -
186.103.159.204 - - [29/Mar/2017:12:43:18 -0300] "GET /cormun/static/hpexe_return.js?2016101716175153 HTTP/1.1" 304 -
