186.79.235.120 - - [28/Mar/2017:11:16:57 -0300] "GET /cormun/servlet/trsolicitudadjuntos?2017,5778, HTTP/1.1" 200 5937
186.79.235.120 - - [28/Mar/2017:11:16:59 -0300] "GET /cormun/servlet/solicitudotadjuntos?INS,2017,5778,,1, HTTP/1.1" 200 5870
186.79.235.120 - - [28/Mar/2017:11:16:59 -0300] "GET /cormun/static/gxcfg.js?201612218465951 HTTP/1.1" 304 -
186.79.235.120 - - [28/Mar/2017:11:16:59 -0300] "GET /cormun/static/solicitudotadjuntos.js?201612218465969 HTTP/1.1" 304 -
186.79.235.120 - - [28/Mar/2017:11:17:00 -0300] "GET /cormun/static/about:blank HTTP/1.1" 404 1011
186.79.235.120 - - [28/Mar/2017:11:17:00 -0300] "GET /cormun/servlet/solicitudotadjuntos?INS,2017,5778,,1, HTTP/1.1" 200 5864
186.79.235.120 - - [28/Mar/2017:11:17:00 -0300] "GET /cormun/servlet/solicitudotadjuntos?10c25e42b4415ffe079f5d0348d9cc9fcd2840a09106828ce2416769adbce169a93215518bd3f33126b69527ada59a32,gx-no-cache=1490710687834 HTTP/1.1" 200 30
186.79.235.120 - - [28/Mar/2017:11:17:01 -0300] "POST /cormun/servlet/solicitudotadjuntos?5812104fd366d973085f780acffbeffa,INS,2017,5778,,1,,gx-no-cache=1490710687903 HTTP/1.1" 200 3690
186.79.235.120 - - [28/Mar/2017:11:17:04 -0300] "POST /cormun/servlet/solicitudotadjuntos?gx-no-cache=1490710691788 HTTP/1.1" 200 26
186.103.158.250 - - [28/Mar/2017:11:17:06 -0300] "GET /cormun/servlet/trsolicitudadjuntos?2017,5777, HTTP/1.1" 200 8486
186.103.158.250 - - [28/Mar/2017:11:17:08 -0300] "GET /cormun/servlet/trsolicitudadjuntos?2017,5777, HTTP/1.1" 200 8484
186.103.158.250 - - [28/Mar/2017:11:17:20 -0300] "GET /cormun/servlet/solicitudotadjuntos?INS,2017,5777,,1, HTTP/1.1" 200 5806
186.103.156.24 - - [28/Mar/2017:11:17:20 -0300] "GET /cormun/servlet/hlogin HTTP/1.1" 200 1723
186.103.158.250 - - [28/Mar/2017:11:17:21 -0300] "GET /cormun/static/about:blank HTTP/1.1" 404 1011
186.103.158.250 - - [28/Mar/2017:11:17:21 -0300] "GET /cormun/servlet/solicitudotadjuntos?INS,2017,5777,,1, HTTP/1.1" 200 5800
186.103.156.24 - - [28/Mar/2017:11:17:21 -0300] "GET /cormun/servlet/hlogin HTTP/1.1" 200 1723
186.103.158.250 - - [28/Mar/2017:11:17:21 -0300] "GET /cormun/servlet/solicitudotadjuntos?06ead1aab3923b4034fceafaabf29d3e8434b01bf6dfad4aa716683036f9bc667a99d3703df43559adb8d9dad0fc5696,gx-no-cache=1490710708954 HTTP/1.1" 200 30
186.103.156.24 - - [28/Mar/2017:11:17:21 -0300] "GET /cormun/servlet/hlogin HTTP/1.1" 200 1723
186.103.158.250 - - [28/Mar/2017:11:17:21 -0300] "POST /cormun/servlet/solicitudotadjuntos?77645f267de99b5e6c6ce7a0dec0bbca,INS,2017,5777,,1,,gx-no-cache=1490710709004 HTTP/1.1" 200 3643
186.103.158.250 - - [28/Mar/2017:11:17:23 -0300] "POST /cormun/servlet/solicitudotadjuntos?gx-no-cache=1490710710881 HTTP/1.1" 200 26
186.103.158.250 - - [28/Mar/2017:11:17:33 -0300] "GET /cormun/servlet/solicitudotadjuntos?06ead1aab3923b4034fceafaabf29d3e0d52862ed025dba40a7c21039862c4b8,gx-no-cache=1490710720664 HTTP/1.1" 200 30
186.103.158.250 - - [28/Mar/2017:11:17:33 -0300] "GET /cormun/servlet/solicitudotadjuntos?06ead1aab3923b4034fceafaabf29d3e0d52862ed025dba40a7c21039862c4b8,gx-no-cache=1490710720693 HTTP/1.1" 200 30
192.168.10.13 - - [28/Mar/2017:11:17:38 -0300] "GET / HTTP/1.1" 200 11217
186.103.158.250 - - [28/Mar/2017:11:17:41 -0300] "POST /cormun/servlet/solicitudotadjuntos?77645f267de99b5e6c6ce7a0dec0bbca,INS,2017,5777,,1, HTTP/1.1" 200 5844
186.103.158.250 - - [28/Mar/2017:11:17:42 -0300] "GET /cormun/static/Shared/jqueryui/images/ui-bg_highlight-soft_100_c6c2c8_1x100.png HTTP/1.1" 404 1117
186.103.158.250 - - [28/Mar/2017:11:17:42 -0300] "GET /cormun/static/Shared/jqueryui/images/ui-icons_82798d_256x240.png HTTP/1.1" 404 1089
186.103.158.250 - - [28/Mar/2017:11:17:42 -0300] "GET /cormun/static/Shared/jqueryui/images/ui-bg_flat_55_994d53_40x100.png HTTP/1.1" 404 1097
186.103.158.250 - - [28/Mar/2017:11:17:42 -0300] "GET /cormun/static/Shared/jqueryui/images/ui-icons_ebccce_256x240.png HTTP/1.1" 404 1089
186.103.156.24 - - [28/Mar/2017:11:17:42 -0300] "POST /cormun/servlet/hlogin?22a4834ca494189961cdcb38928157eb,gx-no-cache=1490710752651 HTTP/1.1" 200 90
186.103.156.24 - - [28/Mar/2017:11:17:42 -0300] "GET /cormun/servlet/hpexe_link HTTP/1.1" 200 952
186.103.156.24 - - [28/Mar/2017:11:17:43 -0300] "GET /cormun/servlet/hhome HTTP/1.1" 200 3982
186.103.158.250 - - [28/Mar/2017:11:17:43 -0300] "GET /cormun/PrivateTempStorage/upload_00005168.jpg HTTP/1.1" 200 2165479
186.103.156.24 - - [28/Mar/2017:11:17:44 -0300] "GET /cormun/servlet/hhome HTTP/1.1" 200 3978
186.103.156.24 - - [28/Mar/2017:11:17:47 -0300] "GET /cormun/servlet/trsolicitudot? HTTP/1.1" 200 6952
186.103.156.24 - - [28/Mar/2017:11:17:48 -0300] "GET /cormun/servlet/trsolicitudot? HTTP/1.1" 200 6952
186.103.158.250 - - [28/Mar/2017:11:17:55 -0300] "GET /cormun/servlet/trsolicitudadjuntos?2017,5777, HTTP/1.1" 200 8484
186.103.156.24 - - [28/Mar/2017:11:17:56 -0300] "GET /cormun/servlet/solicitudot?INS,0,0, HTTP/1.1" 200 12784
186.103.158.250 - - [28/Mar/2017:11:17:56 -0300] "GET /cormun/servlet/trsolicitudadjuntos?2017,5777, HTTP/1.1" 200 8484
186.103.156.24 - - [28/Mar/2017:11:17:57 -0300] "GET /cormun/servlet/solicitudot?INS,0,0, HTTP/1.1" 200 12789
186.103.158.250 - - [28/Mar/2017:11:18:09 -0300] "GET /cormun/servlet/solicitudotadjuntos?INS,2017,5777,,1, HTTP/1.1" 200 5806
186.103.158.250 - - [28/Mar/2017:11:18:09 -0300] "GET /cormun/static/about:blank HTTP/1.1" 404 1011
186.103.156.24 - - [28/Mar/2017:11:18:10 -0300] "POST /cormun/servlet/solicitudot?gx-no-cache=1490710782058 HTTP/1.1" 200 3081
186.103.158.250 - - [28/Mar/2017:11:18:10 -0300] "GET /cormun/servlet/solicitudotadjuntos?INS,2017,5777,,1, HTTP/1.1" 200 5800
186.103.156.24 - - [28/Mar/2017:11:18:10 -0300] "POST /cormun/servlet/solicitudot?22a4834ca494189961cdcb38928157eb,INS,0,0,,gx-no-cache=1490710782739 HTTP/1.1" 200 9870
186.103.158.250 - - [28/Mar/2017:11:18:10 -0300] "GET /cormun/servlet/solicitudotadjuntos?06ead1aab3923b4034fceafaabf29d3e8434b01bf6dfad4aa716683036f9bc667a99d3703df43559adb8d9dad0fc5696,gx-no-cache=1490710757791 HTTP/1.1" 200 30
186.103.158.250 - - [28/Mar/2017:11:18:10 -0300] "POST /cormun/servlet/solicitudotadjuntos?77645f267de99b5e6c6ce7a0dec0bbca,INS,2017,5777,,1,,gx-no-cache=1490710757891 HTTP/1.1" 200 3642
186.103.156.24 - - [28/Mar/2017:11:18:12 -0300] "GET /cormun/servlet/solicitudot?49c5f94d7b771a1410096c5ce07d09952c1333d05121f3135a4cfc6f525e628fcc6473fe7821d5e1beacd02c353f940f,gx-no-cache=1490710785525 HTTP/1.1" 200 30
186.103.158.250 - - [28/Mar/2017:11:18:16 -0300] "POST /cormun/servlet/solicitudotadjuntos?gx-no-cache=1490710763908 HTTP/1.1" 200 26
186.79.235.120 - - [28/Mar/2017:11:18:26 -0300] "GET /cormun/servlet/solicitudotadjuntos?10c25e42b4415ffe079f5d0348d9cc9fbba9a1799dd92a09990dd7374ee38890,gx-no-cache=1490710774013 HTTP/1.1" 200 30
186.79.235.120 - - [28/Mar/2017:11:18:27 -0300] "GET /cormun/servlet/solicitudotadjuntos?10c25e42b4415ffe079f5d0348d9cc9fbba9a1799dd92a09990dd7374ee38890,gx-no-cache=1490710774219 HTTP/1.1" 200 30
186.79.235.120 - - [28/Mar/2017:11:18:29 -0300] "POST /cormun/servlet/solicitudotadjuntos?5812104fd366d973085f780acffbeffa,INS,2017,5778,,1, HTTP/1.1" 200 116
186.79.235.120 - - [28/Mar/2017:11:18:29 -0300] "GET /cormun/servlet/hpexe_return? HTTP/1.1" 200 1027
186.79.235.120 - - [28/Mar/2017:11:18:29 -0300] "GET /cormun/servlet/trsolicitudadjuntos?2017,5778, HTTP/1.1" 200 8069
186.79.235.120 - - [28/Mar/2017:11:18:30 -0300] "GET /cormun/servlet/trsolicitudadjuntos?2017,5778, HTTP/1.1" 200 8065
186.79.235.120 - - [28/Mar/2017:11:18:32 -0300] "GET /cormun/servlet/solicitudotadjuntos?INS,2017,5778,,1, HTTP/1.1" 200 5870
186.79.235.120 - - [28/Mar/2017:11:18:32 -0300] "GET /cormun/static/about:blank HTTP/1.1" 404 1011
186.79.235.120 - - [28/Mar/2017:11:18:32 -0300] "GET /cormun/servlet/solicitudotadjuntos?INS,2017,5778,,1, HTTP/1.1" 200 5864
186.79.235.120 - - [28/Mar/2017:11:18:33 -0300] "GET /cormun/servlet/solicitudotadjuntos?10c25e42b4415ffe079f5d0348d9cc9fcd2840a09106828ce2416769adbce169a93215518bd3f33126b69527ada59a32,gx-no-cache=1490710780476 HTTP/1.1" 200 30
186.79.235.120 - - [28/Mar/2017:11:18:33 -0300] "POST /cormun/servlet/solicitudotadjuntos?5812104fd366d973085f780acffbeffa,INS,2017,5778,,1,,gx-no-cache=1490710780585 HTTP/1.1" 200 3690
186.79.235.120 - - [28/Mar/2017:11:18:35 -0300] "POST /cormun/servlet/solicitudotadjuntos?gx-no-cache=1490710782476 HTTP/1.1" 200 26
192.168.10.13 - - [28/Mar/2017:11:18:38 -0300] "GET / HTTP/1.1" 200 11217
186.103.158.250 - - [28/Mar/2017:11:18:48 -0300] "GET /cormun/servlet/solicitudotadjuntos?06ead1aab3923b4034fceafaabf29d3e0d52862ed025dba40a7c21039862c4b8,gx-no-cache=1490710795550 HTTP/1.1" 200 30
186.103.158.250 - - [28/Mar/2017:11:18:48 -0300] "GET /cormun/servlet/solicitudotadjuntos?06ead1aab3923b4034fceafaabf29d3e0d52862ed025dba40a7c21039862c4b8,gx-no-cache=1490710795685 HTTP/1.1" 200 30
186.103.158.250 - - [28/Mar/2017:11:18:49 -0300] "POST /cormun/servlet/solicitudotadjuntos?77645f267de99b5e6c6ce7a0dec0bbca,INS,2017,5777,,1, HTTP/1.1" 200 116
186.103.158.250 - - [28/Mar/2017:11:18:49 -0300] "GET /cormun/servlet/hpexe_return? HTTP/1.1" 200 1024
186.103.158.250 - - [28/Mar/2017:11:18:49 -0300] "GET /cormun/servlet/trsolicitudadjuntos?2017,5777, HTTP/1.1" 200 8639
186.103.158.250 - - [28/Mar/2017:11:18:51 -0300] "GET /cormun/servlet/trsolicitudadjuntos?2017,5777, HTTP/1.1" 200 8635
186.103.158.250 - - [28/Mar/2017:11:19:17 -0300] "GET /cormun/servlet/solicitudotadjuntos?INS,2017,5777,,1, HTTP/1.1" 200 5806
186.103.158.250 - - [28/Mar/2017:11:19:17 -0300] "GET /cormun/static/about:blank HTTP/1.1" 404 1011
186.103.158.250 - - [28/Mar/2017:11:19:18 -0300] "GET /cormun/servlet/solicitudotadjuntos?INS,2017,5777,,1, HTTP/1.1" 200 5800
186.103.158.250 - - [28/Mar/2017:11:19:19 -0300] "GET /cormun/servlet/solicitudotadjuntos?06ead1aab3923b4034fceafaabf29d3e8434b01bf6dfad4aa716683036f9bc667a99d3703df43559adb8d9dad0fc5696,gx-no-cache=1490710826575 HTTP/1.1" 200 30
186.103.158.250 - - [28/Mar/2017:11:19:20 -0300] "POST /cormun/servlet/solicitudotadjuntos?77645f267de99b5e6c6ce7a0dec0bbca,INS,2017,5777,,1,,gx-no-cache=1490710826642 HTTP/1.1" 200 3641
186.103.158.250 - - [28/Mar/2017:11:19:25 -0300] "POST /cormun/servlet/solicitudotadjuntos?gx-no-cache=1490710831944 HTTP/1.1" 200 26
192.168.10.13 - - [28/Mar/2017:11:19:38 -0300] "GET / HTTP/1.1" 200 11217
46.174.191.32 - - [28/Mar/2017:11:19:38 -0300] "GET / HTTP/1.0" 200 11197
192.168.10.62 - - [28/Mar/2017:11:19:49 -0300] "POST /cormun/servlet/trsolicitudgral?4cba5db2885080d577445daf047b99b5,,gx-no-cache=1490714068136 HTTP/1.1" 200 7703
186.103.158.250 - - [28/Mar/2017:11:19:49 -0300] "GET /cormun/servlet/solicitudotadjuntos?06ead1aab3923b4034fceafaabf29d3e0d52862ed025dba40a7c21039862c4b8,gx-no-cache=1490710856877 HTTP/1.1" 200 30
186.103.158.250 - - [28/Mar/2017:11:19:49 -0300] "GET /cormun/servlet/solicitudotadjuntos?06ead1aab3923b4034fceafaabf29d3e0d52862ed025dba40a7c21039862c4b8,gx-no-cache=1490710856983 HTTP/1.1" 200 30
186.103.158.250 - - [28/Mar/2017:11:19:50 -0300] "POST /cormun/servlet/solicitudotadjuntos?77645f267de99b5e6c6ce7a0dec0bbca,INS,2017,5777,,1, HTTP/1.1" 200 116
186.103.158.250 - - [28/Mar/2017:11:19:51 -0300] "GET /cormun/servlet/hpexe_return? HTTP/1.1" 200 1024
186.103.158.250 - - [28/Mar/2017:11:19:51 -0300] "GET /cormun/servlet/trsolicitudadjuntos?2017,5777, HTTP/1.1" 200 8863
192.168.10.62 - - [28/Mar/2017:11:19:53 -0300] "POST /cormun/servlet/trsolicitudgral?4cba5db2885080d577445daf047b99b5,,gx-no-cache=1490714071111 HTTP/1.1" 200 105
192.168.10.62 - - [28/Mar/2017:11:19:53 -0300] "GET /cormun/SolicitudGral-4729.xls HTTP/1.1" 200 7168
186.103.158.250 - - [28/Mar/2017:11:19:53 -0300] "GET /cormun/servlet/trsolicitudadjuntos?2017,5777, HTTP/1.1" 200 8862
186.103.158.250 - - [28/Mar/2017:11:20:00 -0300] "GET /cormun/servlet/solicitudotadjuntos?INS,2017,5777,,2, HTTP/1.1" 200 5805
186.103.158.250 - - [28/Mar/2017:11:20:01 -0300] "GET /cormun/static/about:blank HTTP/1.1" 404 1011
186.103.158.250 - - [28/Mar/2017:11:20:01 -0300] "GET /cormun/servlet/solicitudotadjuntos?INS,2017,5777,,2, HTTP/1.1" 200 5799
186.103.158.250 - - [28/Mar/2017:11:20:01 -0300] "GET /cormun/servlet/solicitudotadjuntos?06ead1aab3923b4034fceafaabf29d3e8434b01bf6dfad4aa716683036f9bc667a99d3703df43559adb8d9dad0fc5696,gx-no-cache=1490710869042 HTTP/1.1" 200 30
186.103.158.250 - - [28/Mar/2017:11:20:02 -0300] "POST /cormun/servlet/solicitudotadjuntos?77645f267de99b5e6c6ce7a0dec0bbca,INS,2017,5777,,2,,gx-no-cache=1490710869095 HTTP/1.1" 200 3855
186.103.158.250 - - [28/Mar/2017:11:20:20 -0300] "POST /cormun/servlet/solicitudotadjuntos?gx-no-cache=1490710887667 HTTP/1.1" 200 26
186.103.158.250 - - [28/Mar/2017:11:20:28 -0300] "GET /cormun/servlet/solicitudotadjuntos?06ead1aab3923b4034fceafaabf29d3e0d52862ed025dba40a7c21039862c4b8,gx-no-cache=1490710895428 HTTP/1.1" 200 30
186.103.158.250 - - [28/Mar/2017:11:20:28 -0300] "GET /cormun/servlet/solicitudotadjuntos?06ead1aab3923b4034fceafaabf29d3e0d52862ed025dba40a7c21039862c4b8,gx-no-cache=1490710895540 HTTP/1.1" 200 30
192.168.10.13 - - [28/Mar/2017:11:20:38 -0300] "GET / HTTP/1.1" 200 11217
186.103.158.250 - - [28/Mar/2017:11:20:45 -0300] "POST /cormun/servlet/solicitudotadjuntos?77645f267de99b5e6c6ce7a0dec0bbca,INS,2017,5777,,2, HTTP/1.1" 200 116
186.103.158.250 - - [28/Mar/2017:11:20:45 -0300] "GET /cormun/servlet/hpexe_return? HTTP/1.1" 200 1024
186.103.158.250 - - [28/Mar/2017:11:20:46 -0300] "GET /cormun/servlet/trsolicitudadjuntos?2017,5777, HTTP/1.1" 200 9103
186.103.158.250 - - [28/Mar/2017:11:20:48 -0300] "GET /cormun/servlet/trsolicitudadjuntos?2017,5777, HTTP/1.1" 200 9101
192.168.10.62 - - [28/Mar/2017:11:20:51 -0300] "GET /cormun/servlet/vesolicitudgral?2017,3529,, HTTP/1.1" 200 8219
192.168.10.62 - - [28/Mar/2017:11:20:51 -0300] "GET /cormun/pexe_scrolldiv.js HTTP/1.1" 404 1009
192.168.10.62 - - [28/Mar/2017:11:20:51 -0300] "GET /cormun/pexe_scrolldiv.js HTTP/1.1" 404 1009
192.168.10.62 - - [28/Mar/2017:11:20:52 -0300] "GET /cormun/servlet/vesolicitudgral?2017,3529,, HTTP/1.1" 200 8219
192.168.10.62 - - [28/Mar/2017:11:20:55 -0300] "POST /cormun/servlet/vesolicitudgral?4cba5db2885080d577445daf047b99b5,2017,3529,,,gx-no-cache=1490714133710 HTTP/1.1" 200 115
192.168.10.62 - - [28/Mar/2017:11:20:55 -0300] "GET /cormun/servlet/solicitudotlog?INS,2017,3529,0,REC, HTTP/1.1" 200 5594
192.168.10.62 - - [28/Mar/2017:11:20:55 -0300] "GET /cormun/servlet/solicitudotlog?INS,2017,3529,0,REC, HTTP/1.1" 200 5589
192.168.10.62 - - [28/Mar/2017:11:20:56 -0300] "GET /cormun/servlet/solicitudotlog?f75ae8bf4aa804b228a02c967d6cc5c131594ff24bdc74729326267b5cd5c68cdebdac3ea9e1ff28e84464a3a098370dcc89e88969ea2aaec35c9625129d5977fcd33c268b9744b06f622fc7e3621038d6e9d9d3177be4a1df8274abbbd32335942ae11d8cd89f2faa44afcf4d21b99a0a2cecb7d2e52eb919d26f0cba2891caf7f727d5ef7f7d1dd7fbc3d9ed2496042bae65dd35f041faf264dd463d930d28,gx-no-cache=1490714134633 HTTP/1.1" 200 94
192.168.10.62 - - [28/Mar/2017:11:21:03 -0300] "POST /cormun/servlet/solicitudotlog?4cba5db2885080d577445daf047b99b5,INS,2017,3529,0,REC,,gx-no-cache=1490714141860 HTTP/1.1" 200 93
192.168.10.62 - - [28/Mar/2017:11:21:03 -0300] "GET /cormun/servlet/hpexe_return? HTTP/1.1" 200 1029
192.168.10.62 - - [28/Mar/2017:11:21:03 -0300] "GET /cormun/servlet/vesolicitudgral?2017,3529,, HTTP/1.1" 200 8234
192.168.10.62 - - [28/Mar/2017:11:21:03 -0300] "GET /cormun/pexe_scrolldiv.js HTTP/1.1" 404 1009
192.168.10.62 - - [28/Mar/2017:11:21:03 -0300] "GET /cormun/pexe_scrolldiv.js HTTP/1.1" 404 1009
186.79.235.120 - - [28/Mar/2017:11:21:03 -0300] "GET /cormun/servlet/solicitudotadjuntos?10c25e42b4415ffe079f5d0348d9cc9fbba9a1799dd92a09990dd7374ee38890,gx-no-cache=1490710930958 HTTP/1.1" 200 30
186.79.235.120 - - [28/Mar/2017:11:21:03 -0300] "GET /cormun/servlet/solicitudotadjuntos?10c25e42b4415ffe079f5d0348d9cc9fbba9a1799dd92a09990dd7374ee38890,gx-no-cache=1490710931045 HTTP/1.1" 200 30
192.168.10.62 - - [28/Mar/2017:11:21:03 -0300] "GET /cormun/servlet/vesolicitudgral?2017,3529,, HTTP/1.1" 200 8231
186.79.235.120 - - [28/Mar/2017:11:21:05 -0300] "POST /cormun/servlet/solicitudotadjuntos?5812104fd366d973085f780acffbeffa,INS,2017,5778,,1, HTTP/1.1" 200 116
186.79.235.120 - - [28/Mar/2017:11:21:06 -0300] "GET /cormun/servlet/hpexe_return? HTTP/1.1" 200 1027
186.79.235.120 - - [28/Mar/2017:11:21:06 -0300] "GET /cormun/servlet/trsolicitudadjuntos?2017,5778, HTTP/1.1" 200 8287
186.79.235.120 - - [28/Mar/2017:11:21:07 -0300] "GET /cormun/servlet/trsolicitudadjuntos?2017,5778, HTTP/1.1" 200 8285
186.79.235.120 - - [28/Mar/2017:11:21:14 -0300] "GET /cormun/servlet/solicitudotadjuntos?INS,2017,5778,,1, HTTP/1.1" 200 5870
186.79.235.120 - - [28/Mar/2017:11:21:15 -0300] "GET /cormun/static/about:blank HTTP/1.1" 404 1011
186.79.235.120 - - [28/Mar/2017:11:21:15 -0300] "GET /cormun/servlet/solicitudotadjuntos?INS,2017,5778,,1, HTTP/1.1" 200 5864
186.79.235.120 - - [28/Mar/2017:11:21:15 -0300] "GET /cormun/servlet/solicitudotadjuntos?10c25e42b4415ffe079f5d0348d9cc9fcd2840a09106828ce2416769adbce169a93215518bd3f33126b69527ada59a32,gx-no-cache=1490710943079 HTTP/1.1" 200 30
186.79.235.120 - - [28/Mar/2017:11:21:16 -0300] "POST /cormun/servlet/solicitudotadjuntos?5812104fd366d973085f780acffbeffa,INS,2017,5778,,1,,gx-no-cache=1490710943181 HTTP/1.1" 200 3690
186.79.235.120 - - [28/Mar/2017:11:21:18 -0300] "POST /cormun/servlet/solicitudotadjuntos?gx-no-cache=1490710945515 HTTP/1.1" 200 26
186.103.158.250 - - [28/Mar/2017:11:21:19 -0300] "GET /cormun/servlet/solicitudotadjuntos?INS,2017,5777,,2, HTTP/1.1" 200 5805
186.103.158.250 - - [28/Mar/2017:11:21:20 -0300] "GET /cormun/servlet/solicitudotadjuntos?INS,2017,5777,,2, HTTP/1.1" 200 5799
186.103.158.250 - - [28/Mar/2017:11:21:21 -0300] "GET /cormun/servlet/solicitudotadjuntos?06ead1aab3923b4034fceafaabf29d3e8434b01bf6dfad4aa716683036f9bc667a99d3703df43559adb8d9dad0fc5696,gx-no-cache=1490710948565 HTTP/1.1" 200 30
186.103.158.250 - - [28/Mar/2017:11:21:21 -0300] "POST /cormun/servlet/solicitudotadjuntos?77645f267de99b5e6c6ce7a0dec0bbca,INS,2017,5777,,2,,gx-no-cache=1490710948645 HTTP/1.1" 200 3855
186.79.235.120 - - [28/Mar/2017:11:21:23 -0300] "GET /cormun/servlet/solicitudotadjuntos?10c25e42b4415ffe079f5d0348d9cc9fbba9a1799dd92a09990dd7374ee38890,gx-no-cache=1490710951110 HTTP/1.1" 200 30
186.79.235.120 - - [28/Mar/2017:11:21:24 -0300] "GET /cormun/servlet/solicitudotadjuntos?10c25e42b4415ffe079f5d0348d9cc9fbba9a1799dd92a09990dd7374ee38890,gx-no-cache=1490710951200 HTTP/1.1" 200 30
186.103.158.250 - - [28/Mar/2017:11:21:25 -0300] "GET /cormun/servlet/trsolicitudot? HTTP/1.1" 200 8881
186.103.158.250 - - [28/Mar/2017:11:21:26 -0300] "GET /cormun/servlet/trsolicitudot? HTTP/1.1" 200 8870
186.79.235.120 - - [28/Mar/2017:11:21:27 -0300] "POST /cormun/servlet/solicitudotadjuntos?5812104fd366d973085f780acffbeffa,INS,2017,5778,,1, HTTP/1.1" 200 116
186.79.235.120 - - [28/Mar/2017:11:21:27 -0300] "GET /cormun/servlet/hpexe_return? HTTP/1.1" 200 1027
186.79.235.120 - - [28/Mar/2017:11:21:27 -0300] "GET /cormun/servlet/trsolicitudadjuntos?2017,5778, HTTP/1.1" 200 8448
186.79.235.120 - - [28/Mar/2017:11:21:28 -0300] "GET /cormun/servlet/trsolicitudadjuntos?2017,5778, HTTP/1.1" 200 8446
186.79.235.120 - - [28/Mar/2017:11:21:30 -0300] "GET /cormun/servlet/solicitudotadjuntos?INS,2017,5778,,1, HTTP/1.1" 200 5870
186.79.235.120 - - [28/Mar/2017:11:21:30 -0300] "GET /cormun/static/about:blank HTTP/1.1" 404 1011
186.79.235.120 - - [28/Mar/2017:11:21:31 -0300] "GET /cormun/servlet/solicitudotadjuntos?INS,2017,5778,,1, HTTP/1.1" 200 5864
186.79.235.120 - - [28/Mar/2017:11:21:31 -0300] "GET /cormun/servlet/solicitudotadjuntos?10c25e42b4415ffe079f5d0348d9cc9fcd2840a09106828ce2416769adbce169a93215518bd3f33126b69527ada59a32,gx-no-cache=1490710958481 HTTP/1.1" 200 30
186.79.235.120 - - [28/Mar/2017:11:21:31 -0300] "POST /cormun/servlet/solicitudotadjuntos?5812104fd366d973085f780acffbeffa,INS,2017,5778,,1,,gx-no-cache=1490710958572 HTTP/1.1" 200 3690
186.103.156.24 - - [28/Mar/2017:11:21:33 -0300] "POST /cormun/servlet/solicitudot?gx-no-cache=1490711008439 HTTP/1.1" 200 256
186.79.235.120 - - [28/Mar/2017:11:21:34 -0300] "POST /cormun/servlet/solicitudotadjuntos?gx-no-cache=1490710961531 HTTP/1.1" 200 26
186.79.203.90 - - [28/Mar/2017:11:21:34 -0300] "GET /cormun/servlet/hlogin HTTP/1.1" 200 1726
186.79.203.90 - - [28/Mar/2017:11:21:34 -0300] "GET /cormun/static/Resources/Spanish/PXTools.css?11294912 HTTP/1.1" 304 -
186.79.203.90 - - [28/Mar/2017:11:21:34 -0300] "GET /cormun/static/gxcfg.js?201731711485472 HTTP/1.1" 304 -
186.79.203.90 - - [28/Mar/2017:11:21:35 -0300] "GET /cormun/static/messages.spa.js?85251 HTTP/1.1" 304 -
186.79.203.90 - - [28/Mar/2017:11:21:35 -0300] "GET /cormun/static/hlogin.js?201731711485490 HTTP/1.1" 304 -
186.79.203.90 - - [28/Mar/2017:11:21:35 -0300] "GET /cormun/servlet/hlogin HTTP/1.1" 200 1737
186.103.158.250 - - [28/Mar/2017:11:21:35 -0300] "POST /cormun/servlet/trsolicitudot?77645f267de99b5e6c6ce7a0dec0bbca,,gx-no-cache=1490710961836 HTTP/1.1" 200 5756
186.79.203.90 - - [28/Mar/2017:11:21:35 -0300] "GET /favicon.ico HTTP/1.1" 200 21630
186.103.158.250 - - [28/Mar/2017:11:21:35 -0300] "GET /cormun/static/Shared/jqueryui/images/ui-bg_highlight-soft_100_c6c2c8_1x100.png HTTP/1.1" 404 1117
186.103.158.250 - - [28/Mar/2017:11:21:35 -0300] "GET /cormun/static/Shared/jqueryui/images/ui-icons_82798d_256x240.png HTTP/1.1" 404 1089
186.103.158.250 - - [28/Mar/2017:11:21:35 -0300] "GET /cormun/static/Shared/jqueryui/images/ui-bg_flat_55_fafafa_40x100.png HTTP/1.1" 404 1097
186.103.158.250 - - [28/Mar/2017:11:21:35 -0300] "GET /cormun/static/Shared/jqueryui/images/ui-icons_8d78a5_256x240.png HTTP/1.1" 404 1089
186.103.158.250 - - [28/Mar/2017:11:21:36 -0300] "POST /cormun/servlet/trsolicitudot?77645f267de99b5e6c6ce7a0dec0bbca,,gx-no-cache=1490710962820 HTTP/1.1" 200 5699
186.103.156.24 - - [28/Mar/2017:11:21:37 -0300] "GET /cormun/servlet/solicitudot?49c5f94d7b771a1410096c5ce07d0995d520e3c9a5f1ddd3968c1cc739819acaff8d776ebeba8182eabcba2aafa582420dfe42c22e9ae4475689f0c76c6928d0f5f1a833b87c27c03794f52dca765a6b7d65e969118b52f4704ecfdd4ae60581818b5f4f2c1431bdbc4d8712cfb203941c9adf983f531453f48fdac82eae76654e071f47ab62346db7ecb2cb5cdfa1f0baed09b1bb668bd7d530cc6249edb49e2455a28c6377a4bdedb192b03855b793071c0a46c587072c4a2a2c7a1c4f4414faea5f3bafe52150bcbc2b114709929ed2fb105b95c8c1b3447376c456cd4fed55093afa9b0a927124e09d73f327a0b50da679bb95976597c816ee7e49c4e562af907dae75fa41987682435dccf6d21927ca43fa2192cea5888afed063c5310c750cfe2b5c3896f393551f62bbefc92df2e4c4cf8d8d3ff5bb60c26b77c5b3904711e7c828278acc8d051cb1b7ecfcf035f12114d6ca135f8ff011eba93f406cba1d5850e48db47937fd3e08e386906a0c8136c7e76f4b692bc0d3d480bdfde5,gx-no-cache=1490711012618 HTTP/1.1" 200 30
192.168.10.13 - - [28/Mar/2017:11:21:38 -0300] "GET / HTTP/1.1" 200 11217
186.103.156.24 - - [28/Mar/2017:11:21:39 -0300] "POST /cormun/servlet/solicitudot?gx-no-cache=1490711015683 HTTP/1.1" 200 30
186.79.235.120 - - [28/Mar/2017:11:21:41 -0300] "GET /cormun/servlet/solicitudotadjuntos?10c25e42b4415ffe079f5d0348d9cc9fbba9a1799dd92a09990dd7374ee38890,gx-no-cache=1490710968518 HTTP/1.1" 200 30
186.79.235.120 - - [28/Mar/2017:11:21:41 -0300] "GET /cormun/servlet/solicitudotadjuntos?10c25e42b4415ffe079f5d0348d9cc9fbba9a1799dd92a09990dd7374ee38890,gx-no-cache=1490710968608 HTTP/1.1" 200 30
186.103.156.24 - - [28/Mar/2017:11:21:41 -0300] "POST /cormun/servlet/solicitudot?gx-no-cache=1490711017578 HTTP/1.1" 200 235
186.103.156.24 - - [28/Mar/2017:11:21:41 -0300] "POST /cormun/servlet/solicitudot?gx-no-cache=1490711017758 HTTP/1.1" 200 38
186.79.235.120 - - [28/Mar/2017:11:21:43 -0300] "POST /cormun/servlet/solicitudotadjuntos?5812104fd366d973085f780acffbeffa,INS,2017,5778,,1, HTTP/1.1" 200 116
186.79.235.120 - - [28/Mar/2017:11:21:43 -0300] "GET /cormun/servlet/hpexe_return? HTTP/1.1" 200 1027
186.79.235.120 - - [28/Mar/2017:11:21:43 -0300] "GET /cormun/servlet/trsolicitudadjuntos?2017,5778, HTTP/1.1" 200 8581
186.79.235.120 - - [28/Mar/2017:11:21:44 -0300] "GET /cormun/servlet/trsolicitudadjuntos?2017,5778, HTTP/1.1" 200 8578
186.79.203.90 - - [28/Mar/2017:11:21:46 -0300] "POST /cormun/servlet/hlogin?cfd01155bef8d0c927f559fb85fefcf9,gx-no-cache=1490710974519 HTTP/1.1" 200 90
186.103.158.250 - - [28/Mar/2017:11:21:46 -0300] "GET /cormun/servlet/hlogin HTTP/1.1" 200 1723
186.79.235.120 - - [28/Mar/2017:11:21:46 -0300] "GET /cormun/servlet/solicitudotadjuntos?INS,2017,5778,,1, HTTP/1.1" 200 5870
186.79.203.90 - - [28/Mar/2017:11:21:46 -0300] "GET /cormun/servlet/hpexe_link HTTP/1.1" 200 954
186.79.203.90 - - [28/Mar/2017:11:21:46 -0300] "GET /cormun/static/hpexe_link.js?201731711483384 HTTP/1.1" 304 -
186.79.235.120 - - [28/Mar/2017:11:21:46 -0300] "GET /cormun/servlet/solicitudotadjuntos?INS,2017,5778,,1, HTTP/1.1" 200 5864
186.79.203.90 - - [28/Mar/2017:11:21:47 -0300] "GET /cormun/static/gxcfg.js?201731711483381 HTTP/1.1" 304 -
186.79.203.90 - - [28/Mar/2017:11:21:47 -0300] "GET /cormun/servlet/hhome HTTP/1.1" 200 3806
186.79.203.90 - - [28/Mar/2017:11:21:47 -0300] "GET /cormun/static/gxcfg.js?201731711483497 HTTP/1.1" 304 -
186.79.235.120 - - [28/Mar/2017:11:21:47 -0300] "GET /cormun/static/about:blank HTTP/1.1" 404 1011
186.79.203.90 - - [28/Mar/2017:11:21:47 -0300] "GET /cormun/static/hhome.js?20173171148352 HTTP/1.1" 304 -
186.79.203.90 - - [28/Mar/2017:11:21:47 -0300] "GET /cormun/static/hwchdr01.js?201731711335950 HTTP/1.1" 304 -
186.79.203.90 - - [28/Mar/2017:11:21:47 -0300] "GET /cormun/static/hpexe_recentlink.js?201610171694390 HTTP/1.1" 304 -
186.79.203.90 - - [28/Mar/2017:11:21:47 -0300] "GET /cormun/static/hpexe_messagecontroller.js?201610171694323 HTTP/1.1" 304 -
186.79.203.90 - - [28/Mar/2017:11:21:47 -0300] "GET /cormun/static/hpexe_messagepopupcomponent.js?20161017169425 HTTP/1.1" 304 -
186.79.235.120 - - [28/Mar/2017:11:21:47 -0300] "GET /cormun/servlet/solicitudotadjuntos?10c25e42b4415ffe079f5d0348d9cc9fcd2840a09106828ce2416769adbce169a93215518bd3f33126b69527ada59a32,gx-no-cache=1490710974420 HTTP/1.1" 200 30
186.79.203.90 - - [28/Mar/2017:11:21:47 -0300] "GET /cormun/static/hpexe_messagegenexuscomponent.js?201731711335537 HTTP/1.1" 304 -
186.79.203.90 - - [28/Mar/2017:11:21:47 -0300] "GET /cormun/static/cmcontrolpreferences.js?201731711335852 HTTP/1.1" 304 -
186.79.203.90 - - [28/Mar/2017:11:21:47 -0300] "GET /cormun/static/hpexe_scripts.js?201731711335890 HTTP/1.1" 304 -
186.79.203.90 - - [28/Mar/2017:11:21:48 -0300] "GET /cormun/static/hmpwkw03.js?201731711485354 HTTP/1.1" 304 -
186.79.235.120 - - [28/Mar/2017:11:21:48 -0300] "POST /cormun/servlet/solicitudotadjuntos?5812104fd366d973085f780acffbeffa,INS,2017,5778,,1,,gx-no-cache=1490710974856 HTTP/1.1" 200 3690
186.79.203.90 - - [28/Mar/2017:11:21:49 -0300] "GET /cormun/servlet/hhome HTTP/1.1" 200 3806
186.79.235.120 - - [28/Mar/2017:11:21:50 -0300] "POST /cormun/servlet/solicitudotadjuntos?gx-no-cache=1490710977568 HTTP/1.1" 200 26
192.168.10.62 - - [28/Mar/2017:11:21:51 -0300] "POST /cormun/servlet/vesolicitudgral?4cba5db2885080d577445daf047b99b5,2017,3529,,,gx-no-cache=1490714190362 HTTP/1.1" 200 90
192.168.10.62 - - [28/Mar/2017:11:21:51 -0300] "GET /cormun/servlet/hpexe_link HTTP/1.1" 200 970
192.168.10.62 - - [28/Mar/2017:11:21:52 -0300] "GET /cormun/servlet/trsolicitudgral? HTTP/1.1" 200 10385
192.168.10.62 - - [28/Mar/2017:11:21:52 -0300] "GET /cormun/servlet/trsolicitudgral? HTTP/1.1" 200 10384
186.79.203.90 - - [28/Mar/2017:11:21:54 -0300] "GET /cormun/servlet/trcontratoobservacion? HTTP/1.1" 200 8164
186.79.203.90 - - [28/Mar/2017:11:21:54 -0300] "GET /cormun/static/gxcfg.js?20161221855213 HTTP/1.1" 200 953
186.79.203.90 - - [28/Mar/2017:11:21:54 -0300] "GET /cormun/static/Resources/Spanish/PXTools.css?18365030 HTTP/1.1" 304 -
186.79.203.90 - - [28/Mar/2017:11:21:55 -0300] "GET /cormun/static/trcontratoobservacion.js?20161221855487 HTTP/1.1" 200 25085
186.79.235.120 - - [28/Mar/2017:11:21:56 -0300] "GET /cormun/servlet/solicitudotadjuntos?10c25e42b4415ffe079f5d0348d9cc9fbba9a1799dd92a09990dd7374ee38890,gx-no-cache=1490710983277 HTTP/1.1" 200 30
186.79.235.120 - - [28/Mar/2017:11:21:56 -0300] "GET /cormun/servlet/solicitudotadjuntos?10c25e42b4415ffe079f5d0348d9cc9fbba9a1799dd92a09990dd7374ee38890,gx-no-cache=1490710983448 HTTP/1.1" 200 30
186.79.203.90 - - [28/Mar/2017:11:21:57 -0300] "GET /cormun/servlet/trcontratoobservacion? HTTP/1.1" 200 8162
186.79.235.120 - - [28/Mar/2017:11:21:59 -0300] "POST /cormun/servlet/solicitudotadjuntos?5812104fd366d973085f780acffbeffa,INS,2017,5778,,1, HTTP/1.1" 200 116
186.79.235.120 - - [28/Mar/2017:11:21:59 -0300] "GET /cormun/servlet/hpexe_return? HTTP/1.1" 200 1027
186.79.235.120 - - [28/Mar/2017:11:22:00 -0300] "GET /cormun/servlet/trsolicitudadjuntos?2017,5778, HTTP/1.1" 200 8742
186.79.235.120 - - [28/Mar/2017:11:22:00 -0300] "GET /cormun/servlet/trsolicitudadjuntos?2017,5778, HTTP/1.1" 200 8746
186.103.158.250 - - [28/Mar/2017:11:22:02 -0300] "POST /cormun/servlet/hlogin?77645f267de99b5e6c6ce7a0dec0bbca,gx-no-cache=1490710989296 HTTP/1.1" 200 90
186.103.158.250 - - [28/Mar/2017:11:22:02 -0300] "GET /cormun/servlet/hpexe_link HTTP/1.1" 200 953
186.103.158.250 - - [28/Mar/2017:11:22:02 -0300] "GET /cormun/servlet/hhome HTTP/1.1" 200 3940
186.79.235.120 - - [28/Mar/2017:11:22:02 -0300] "GET /cormun/servlet/solicitudotadjuntos?INS,2017,5778,,1, HTTP/1.1" 200 5870
186.79.235.120 - - [28/Mar/2017:11:22:03 -0300] "GET /cormun/static/about:blank HTTP/1.1" 404 1011
186.79.235.120 - - [28/Mar/2017:11:22:03 -0300] "GET /cormun/servlet/solicitudotadjuntos?INS,2017,5778,,1, HTTP/1.1" 200 5864
186.79.235.120 - - [28/Mar/2017:11:22:03 -0300] "GET /cormun/servlet/solicitudotadjuntos?10c25e42b4415ffe079f5d0348d9cc9fcd2840a09106828ce2416769adbce169a93215518bd3f33126b69527ada59a32,gx-no-cache=1490710990879 HTTP/1.1" 200 30
186.79.235.120 - - [28/Mar/2017:11:22:04 -0300] "POST /cormun/servlet/solicitudotadjuntos?5812104fd366d973085f780acffbeffa,INS,2017,5778,,1,,gx-no-cache=1490710990971 HTTP/1.1" 200 3690
186.103.158.250 - - [28/Mar/2017:11:22:04 -0300] "GET /cormun/static/SmoothNavMenu/resources/images/right.gif HTTP/1.1" 200 860
186.103.158.250 - - [28/Mar/2017:11:22:04 -0300] "GET /cormun/servlet/hhome HTTP/1.1" 200 3937
192.168.10.62 - - [28/Mar/2017:11:22:05 -0300] "POST /cormun/servlet/trsolicitudgral?4cba5db2885080d577445daf047b99b5,,gx-no-cache=1490714203881 HTTP/1.1" 200 5179
192.168.10.62 - - [28/Mar/2017:11:22:05 -0300] "GET /cormun/static/Shared/jqueryui/images/ui-bg_highlight-soft_100_c6c2c8_1x100.png HTTP/1.1" 404 1117
192.168.10.62 - - [28/Mar/2017:11:22:05 -0300] "GET /cormun/static/Shared/jqueryui/images/ui-icons_82798d_256x240.png HTTP/1.1" 404 1089
192.168.10.62 - - [28/Mar/2017:11:22:05 -0300] "GET /cormun/static/Shared/jqueryui/images/ui-icons_8d78a5_256x240.png HTTP/1.1" 404 1089
192.168.10.62 - - [28/Mar/2017:11:22:05 -0300] "GET /cormun/static/Shared/jqueryui/images/ui-bg_flat_55_fafafa_40x100.png HTTP/1.1" 404 1097
186.79.235.120 - - [28/Mar/2017:11:22:07 -0300] "POST /cormun/servlet/solicitudotadjuntos?gx-no-cache=1490710994114 HTTP/1.1" 200 26
186.103.158.250 - - [28/Mar/2017:11:22:11 -0300] "GET /cormun/servlet/trsolicitudot? HTTP/1.1" 200 8674
186.79.235.120 - - [28/Mar/2017:11:22:12 -0300] "GET /cormun/servlet/solicitudotadjuntos?10c25e42b4415ffe079f5d0348d9cc9fbba9a1799dd92a09990dd7374ee38890,gx-no-cache=1490711000115 HTTP/1.1" 200 30
186.79.235.120 - - [28/Mar/2017:11:22:13 -0300] "GET /cormun/servlet/solicitudotadjuntos?10c25e42b4415ffe079f5d0348d9cc9fbba9a1799dd92a09990dd7374ee38890,gx-no-cache=1490711000184 HTTP/1.1" 200 30
186.103.158.250 - - [28/Mar/2017:11:22:13 -0300] "GET /cormun/servlet/trsolicitudot? HTTP/1.1" 200 8672
186.79.235.120 - - [28/Mar/2017:11:22:17 -0300] "POST /cormun/servlet/solicitudotadjuntos?5812104fd366d973085f780acffbeffa,INS,2017,5778,,1, HTTP/1.1" 200 116
186.79.235.120 - - [28/Mar/2017:11:22:17 -0300] "GET /cormun/servlet/hpexe_return? HTTP/1.1" 200 1027
186.79.235.120 - - [28/Mar/2017:11:22:18 -0300] "GET /cormun/servlet/trsolicitudadjuntos?2017,5778, HTTP/1.1" 200 8979
186.79.235.120 - - [28/Mar/2017:11:22:18 -0300] "GET /cormun/servlet/trsolicitudadjuntos?2017,5778, HTTP/1.1" 200 8975
186.79.203.90 - - [28/Mar/2017:11:22:27 -0300] "GET /cormun/servlet/trcontratoobservacion? HTTP/1.1" 200 8162
186.79.203.90 - - [28/Mar/2017:11:22:27 -0300] "GET /cormun/servlet/trcontratoobservacion? HTTP/1.1" 200 8162
192.168.10.13 - - [28/Mar/2017:11:22:38 -0300] "GET / HTTP/1.1" 200 11217
186.103.158.250 - - [28/Mar/2017:11:22:45 -0300] "GET /cormun/servlet/hlogin HTTP/1.1" 200 1720
186.103.158.250 - - [28/Mar/2017:11:22:56 -0300] "POST /cormun/servlet/hlogin?bbe2957955ad2b2d5017839e48b067a1,gx-no-cache=1490711043893 HTTP/1.1" 200 90
186.103.158.250 - - [28/Mar/2017:11:22:56 -0300] "GET /cormun/servlet/hpexe_link HTTP/1.1" 200 950
186.103.158.250 - - [28/Mar/2017:11:22:57 -0300] "GET /cormun/servlet/hhome HTTP/1.1" 200 3759
186.79.235.120 - - [28/Mar/2017:11:22:58 -0300] "POST /cormun/servlet/trsolicitudadjuntos?5812104fd366d973085f780acffbeffa,2017,5778,,gx-no-cache=1490711043653 HTTP/1.1" 200 90
186.103.158.250 - - [28/Mar/2017:11:22:58 -0300] "GET /cormun/servlet/hhome HTTP/1.1" 200 3759
186.79.235.120 - - [28/Mar/2017:11:22:58 -0300] "GET /cormun/servlet/hpexe_link HTTP/1.1" 200 970
186.79.235.120 - - [28/Mar/2017:11:22:59 -0300] "GET /cormun/servlet/trsolicitudot HTTP/1.1" 200 8924
186.79.235.120 - - [28/Mar/2017:11:23:00 -0300] "GET /cormun/servlet/trsolicitudot HTTP/1.1" 200 8922
186.103.158.250 - - [28/Mar/2017:11:23:01 -0300] "GET /cormun/servlet/trsolicitudot? HTTP/1.1" 200 8497
186.103.158.250 - - [28/Mar/2017:11:23:02 -0300] "GET /cormun/servlet/trsolicitudot? HTTP/1.1" 200 8495
186.103.158.250 - - [28/Mar/2017:11:23:09 -0300] "GET /cormun/servlet/trvisualizadoreventos? HTTP/1.1" 200 6500
186.103.158.250 - - [28/Mar/2017:11:23:09 -0300] "GET /cormun/static/gxcfg.js?201731711523419 HTTP/1.1" 200 953
186.103.158.250 - - [28/Mar/2017:11:23:09 -0300] "GET /cormun/static/trvisualizadoreventos.js?20173171152387 HTTP/1.1" 200 19309
186.103.158.250 - - [28/Mar/2017:11:23:10 -0300] "GET /cormun/static/Resources/PXToolsActionPrint.png HTTP/1.1" 200 3317
186.103.158.250 - - [28/Mar/2017:11:23:10 -0300] "GET /cormun/servlet/trvisualizadoreventos? HTTP/1.1" 200 6500
186.103.158.250 - - [28/Mar/2017:11:23:19 -0300] "GET /cormun/servlet/hlogin HTTP/1.1" 200 1726
186.103.156.24 - - [28/Mar/2017:11:23:24 -0300] "GET /cormun/servlet/solicitudot?49c5f94d7b771a1410096c5ce07d09956f0f83961b0a3229c3b4e3f4bde87d958308c3c25a74f535c0a346428722b6e8d66fe90a6d2096c1049de21b3f54a92ffac78d117f4cc04d4abeb06b45861e9926e8abd8b5007462682d5749a4b67fdca8e4fb9d215f0bda494a135f4c981847,gx-no-cache=1490711131078 HTTP/1.1" 200 29
186.103.156.24 - - [28/Mar/2017:11:23:24 -0300] "POST /cormun/servlet/solicitudot?gx-no-cache=1490711131216 HTTP/1.1" 200 643
186.103.159.46 - - [28/Mar/2017:11:23:25 -0300] "GET /cormun/servlet/hlogin HTTP/1.1" 200 1719
186.103.159.46 - - [28/Mar/2017:11:23:25 -0300] "GET /cormun/static/Resources/Spanish/PXTools.css?11294912 HTTP/1.1" 304 -
186.103.159.46 - - [28/Mar/2017:11:23:25 -0300] "GET /cormun/static/gxtimezone.js?85251 HTTP/1.1" 304 -
186.103.159.46 - - [28/Mar/2017:11:23:25 -0300] "GET /cormun/static/gxcfg.js?201731711485472 HTTP/1.1" 304 -
186.103.159.46 - - [28/Mar/2017:11:23:26 -0300] "GET /cormun/static/messages.spa.js?85251 HTTP/1.1" 304 -
186.103.159.46 - - [28/Mar/2017:11:23:26 -0300] "GET /cormun/static/hlogin.js?201731711485490 HTTP/1.1" 304 -
186.103.159.46 - - [28/Mar/2017:11:23:26 -0300] "GET /cormun/servlet/hlogin HTTP/1.1" 200 1724
186.103.156.24 - - [28/Mar/2017:11:23:26 -0300] "POST /cormun/servlet/solicitudot?gx-no-cache=1490711132805 HTTP/1.1" 200 1157
186.103.158.250 - - [28/Mar/2017:11:23:35 -0300] "POST /cormun/servlet/hlogin?130d28b7ea985eb0a0940d20b7131da0,gx-no-cache=1490711081801 HTTP/1.1" 200 90
186.103.158.250 - - [28/Mar/2017:11:23:35 -0300] "GET /cormun/servlet/hpexe_link HTTP/1.1" 200 956
186.103.156.24 - - [28/Mar/2017:11:23:35 -0300] "GET /cormun/static/menuarrow.gif HTTP/1.1" 404 1015
186.103.158.250 - - [28/Mar/2017:11:23:35 -0300] "GET /cormun/servlet/hhome HTTP/1.1" 200 3943
186.103.159.46 - - [28/Mar/2017:11:23:36 -0300] "POST /cormun/servlet/hlogin?87da22d65e2007c7fdc6643fb19cc123,gx-no-cache=1490711082598 HTTP/1.1" 200 90
186.103.159.46 - - [28/Mar/2017:11:23:36 -0300] "GET /cormun/servlet/hpexe_link HTTP/1.1" 200 944
186.103.159.46 - - [28/Mar/2017:11:23:36 -0300] "GET /cormun/static/gxcfg.js?201731711483381 HTTP/1.1" 304 -
186.103.159.46 - - [28/Mar/2017:11:23:36 -0300] "GET /cormun/static/hpexe_link.js?201731711483384 HTTP/1.1" 304 -
186.103.158.250 - - [28/Mar/2017:11:23:36 -0300] "GET /cormun/servlet/hhome HTTP/1.1" 200 3939
186.103.159.46 - - [28/Mar/2017:11:23:36 -0300] "GET /cormun/servlet/hhome HTTP/1.1" 200 3989
186.103.159.46 - - [28/Mar/2017:11:23:37 -0300] "GET /cormun/static/gxcfg.js?201731711483497 HTTP/1.1" 304 -
186.103.159.46 - - [28/Mar/2017:11:23:37 -0300] "GET /cormun/static/hhome.js?20173171148352 HTTP/1.1" 304 -
186.103.159.46 - - [28/Mar/2017:11:23:37 -0300] "GET /cormun/static/hwchdr01.js?201731711335950 HTTP/1.1" 304 -
186.103.159.46 - - [28/Mar/2017:11:23:37 -0300] "GET /cormun/static/hpexe_recentlink.js?201610171694390 HTTP/1.1" 200 2144
186.103.159.46 - - [28/Mar/2017:11:23:37 -0300] "GET /cormun/static/hpexe_scripts.js?201731711335890 HTTP/1.1" 304 -
186.103.159.46 - - [28/Mar/2017:11:23:37 -0300] "GET /cormun/static/hpexe_messagecontroller.js?201610171694323 HTTP/1.1" 200 870
186.103.159.46 - - [28/Mar/2017:11:23:37 -0300] "GET /cormun/static/hpexe_messagepopupcomponent.js?20161017169425 HTTP/1.1" 200 605
186.103.159.46 - - [28/Mar/2017:11:23:37 -0300] "GET /cormun/static/hpexe_messagegenexuscomponent.js?201731711335537 HTTP/1.1" 304 -
186.103.159.46 - - [28/Mar/2017:11:23:37 -0300] "GET /cormun/static/cmcontrolpreferences.js?201731711335852 HTTP/1.1" 304 -
186.103.159.46 - - [28/Mar/2017:11:23:37 -0300] "GET /cormun/static/hmpwkw03.js?201731711485354 HTTP/1.1" 304 -
186.103.159.46 - - [28/Mar/2017:11:23:37 -0300] "GET /cormun/servlet/hhome HTTP/1.1" 200 3985
192.168.10.13 - - [28/Mar/2017:11:23:38 -0300] "GET / HTTP/1.1" 200 11217
186.103.158.250 - - [28/Mar/2017:11:23:42 -0300] "GET /cormun/servlet/trautorizarsolicitud? HTTP/1.1" 200 8110
186.103.158.250 - - [28/Mar/2017:11:23:42 -0300] "GET /cormun/static/gxui/gxui-all.css?120300 HTTP/1.1" 200 2179
186.103.158.250 - - [28/Mar/2017:11:23:42 -0300] "GET /cormun/static/gxcfg.js?2017259112829 HTTP/1.1" 200 953
186.79.203.90 - - [28/Mar/2017:11:23:42 -0300] "POST /cormun/servlet/trcontratoobservacion?cfd01155bef8d0c927f559fb85fefcf9,,gx-no-cache=1490711090597 HTTP/1.1" 200 5811
186.103.158.250 - - [28/Mar/2017:11:23:42 -0300] "GET /cormun/static/Shared/ext/resources/css/ext-all.css?215870 HTTP/1.1" 200 416045
186.103.158.250 - - [28/Mar/2017:11:23:42 -0300] "GET /cormun/static/trautorizarsolicitud.js?2017259113483 HTTP/1.1" 200 53096
186.103.159.46 - - [28/Mar/2017:11:23:43 -0300] "GET /cormun/servlet/trlicencias? HTTP/1.1" 200 6856
186.103.159.46 - - [28/Mar/2017:11:23:44 -0300] "GET /cormun/static/gxcfg.js?2016122619301429 HTTP/1.1" 304 -
186.103.159.46 - - [28/Mar/2017:11:23:44 -0300] "GET /cormun/static/calendar.js?85251 HTTP/1.1" 304 -
186.103.159.46 - - [28/Mar/2017:11:23:44 -0300] "GET /cormun/static/calendar-es.js?85251 HTTP/1.1" 304 -
186.103.159.46 - - [28/Mar/2017:11:23:44 -0300] "GET /cormun/static/calendar-setup.js?85251 HTTP/1.1" 304 -
186.103.159.46 - - [28/Mar/2017:11:23:44 -0300] "GET /cormun/static/gxdec.js?85251 HTTP/1.1" 304 -
186.103.159.46 - - [28/Mar/2017:11:23:44 -0300] "GET /cormun/static/trlicencias.js?2016122619301919 HTTP/1.1" 304 -
186.103.158.250 - - [28/Mar/2017:11:23:44 -0300] "GET /cormun/servlet/trautorizarsolicitud? HTTP/1.1" 200 8109
186.103.159.46 - - [28/Mar/2017:11:23:44 -0300] "GET /cormun/static/Resources/Spanish/PXTools.css?18365030 HTTP/1.1" 200 89042
186.103.159.46 - - [28/Mar/2017:11:23:45 -0300] "GET /cormun/servlet/trlicencias? HTTP/1.1" 200 6855
186.103.158.250 - - [28/Mar/2017:11:23:50 -0300] "POST /cormun/servlet/trautorizarsolicitud?130d28b7ea985eb0a0940d20b7131da0,,gx-no-cache=1490711097587 HTTP/1.1" 200 4323
186.103.158.250 - - [28/Mar/2017:11:23:50 -0300] "GET /cormun/static/Shared/jqueryui/images/ui-bg_highlight-soft_100_c6c2c8_1x100.png HTTP/1.1" 404 1117
186.103.158.250 - - [28/Mar/2017:11:23:50 -0300] "GET /cormun/static/Shared/jqueryui/images/ui-icons_82798d_256x240.png HTTP/1.1" 404 1089
186.103.158.250 - - [28/Mar/2017:11:23:50 -0300] "GET /cormun/static/Shared/jqueryui/images/ui-bg_flat_55_fafafa_40x100.png HTTP/1.1" 404 1097
186.103.158.250 - - [28/Mar/2017:11:23:50 -0300] "GET /cormun/static/Shared/jqueryui/images/ui-icons_8d78a5_256x240.png HTTP/1.1" 404 1089
186.103.159.46 - - [28/Mar/2017:11:23:51 -0300] "POST /cormun/servlet/trlicencias?87da22d65e2007c7fdc6643fb19cc123,,gx-no-cache=1490711097534 HTTP/1.1" 200 5967
186.103.158.250 - - [28/Mar/2017:11:23:51 -0300] "POST /cormun/servlet/trautorizarsolicitud?130d28b7ea985eb0a0940d20b7131da0,,gx-no-cache=1490711098106 HTTP/1.1" 200 4100
186.103.156.24 - - [28/Mar/2017:11:23:52 -0300] "GET /cormun/servlet/solicitudot?49c5f94d7b771a1410096c5ce07d0995508db6c105e4039ecea6d2e8eed9ad4d624344b0b96ef36016453194c7b1a6877405753f7f837d24392d5864b2da0ac7123da117a0cc831c189c0ea8de1d8bdb475c4a50b8f792a7d0e89bf3e95305dd36ae54a41c7d8f77e4d11b6674092ade2c01452a730cc81719ff16fe10ea7e393af707305b89cf407a643388990623db3c2714669bd8dbf912534b828693425b70035806eac7c479d2dbdf9d834e98f5,gx-no-cache=1490711162216 HTTP/1.1" 200 30
186.103.159.46 - - [28/Mar/2017:11:23:57 -0300] "GET /cormun/servlet/alicenciaprn?9187329,L,20170323000000,PU HTTP/1.1" 200 1541
186.103.159.46 - - [28/Mar/2017:11:24:11 -0300] "GET /cormun/servlet/alicenciaprn?7392062,L,20170322000000,PU HTTP/1.1" 200 1542
186.79.203.90 - - [28/Mar/2017:11:24:13 -0300] "POST /cormun/servlet/trcontratoobservacion?cfd01155bef8d0c927f559fb85fefcf9,,gx-no-cache=1490711121379 HTTP/1.1" 200 3601
186.103.159.46 - - [28/Mar/2017:11:24:22 -0300] "GET /cormun/servlet/alicenciaprn?13946153,L,20170308000000,PU HTTP/1.1" 200 1552
186.79.203.90 - - [28/Mar/2017:11:24:23 -0300] "POST /cormun/servlet/trcontratoobservacion?cfd01155bef8d0c927f559fb85fefcf9,,gx-no-cache=1490711131921 HTTP/1.1" 200 3601
186.79.203.90 - - [28/Mar/2017:11:24:29 -0300] "POST /cormun/servlet/trcontratoobservacion?cfd01155bef8d0c927f559fb85fefcf9,,gx-no-cache=1490711137836 HTTP/1.1" 200 3601
186.103.156.24 - - [28/Mar/2017:11:24:32 -0300] "POST /cormun/servlet/solicitudot?22a4834ca494189961cdcb38928157eb,INS,0,0,,gx-no-cache=1490711205840 HTTP/1.1" 200 93
186.79.203.90 - - [28/Mar/2017:11:24:33 -0300] "GET /cormun/servlet/trcontratoobservacion? HTTP/1.1" 200 5983
186.79.203.90 - - [28/Mar/2017:11:24:34 -0300] "GET /cormun/servlet/trcontratoobservacion? HTTP/1.1" 200 5983
186.103.156.24 - - [28/Mar/2017:11:24:34 -0300] "GET /cormun/servlet/hpexe_return? HTTP/1.1" 200 1006
186.103.156.24 - - [28/Mar/2017:11:24:34 -0300] "GET /cormun/static/gxcfg.js?2016101716175148 HTTP/1.1" 304 -
186.103.156.24 - - [28/Mar/2017:11:24:34 -0300] "GET /cormun/static/hpexe_return.js?2016101716175153 HTTP/1.1" 304 -
186.103.156.24 - - [28/Mar/2017:11:24:34 -0300] "GET /cormun/servlet/trsolicitudot HTTP/1.1" 200 8213
186.103.156.24 - - [28/Mar/2017:11:24:36 -0300] "GET /cormun/servlet/trsolicitudot HTTP/1.1" 200 8192
192.168.10.13 - - [28/Mar/2017:11:24:38 -0300] "GET / HTTP/1.1" 200 11217
186.79.203.90 - - [28/Mar/2017:11:24:40 -0300] "GET /cormun/servlet/hhome HTTP/1.1" 200 3806
186.79.203.90 - - [28/Mar/2017:11:24:40 -0300] "GET /cormun/servlet/hhome HTTP/1.1" 200 3806
186.103.156.24 - - [28/Mar/2017:11:24:41 -0300] "POST /cormun/servlet/trsolicitudot?22a4834ca494189961cdcb38928157eb,gx-no-cache=1490711215785 HTTP/1.1" 200 106
186.103.156.24 - - [28/Mar/2017:11:24:41 -0300] "GET /cormun/servlet/trsolicitudadjuntos?2017,5779, HTTP/1.1" 200 6082
186.103.156.24 - - [28/Mar/2017:11:24:41 -0300] "GET /cormun/static/gxcfg.js?201731711504543 HTTP/1.1" 304 -
186.103.156.24 - - [28/Mar/2017:11:24:42 -0300] "GET /cormun/static/trsolicitudadjuntos.js?201731711504951 HTTP/1.1" 304 -
186.103.156.24 - - [28/Mar/2017:11:24:42 -0300] "GET /cormun/servlet/trsolicitudadjuntos?2017,5779, HTTP/1.1" 200 6082
186.79.203.90 - - [28/Mar/2017:11:24:51 -0300] "GET /cormun/servlet/trcontratoobservacion? HTTP/1.1" 200 5983
186.79.203.90 - - [28/Mar/2017:11:24:51 -0300] "GET /cormun/servlet/trcontratoobservacion? HTTP/1.1" 200 5983
186.103.156.24 - - [28/Mar/2017:11:24:52 -0300] "GET /cormun/servlet/solicitudotadjuntos?INS,2017,5779,,1, HTTP/1.1" 200 6019
186.103.156.24 - - [28/Mar/2017:11:24:52 -0300] "GET /cormun/static/gxcfg.js?201612218465951 HTTP/1.1" 304 -
186.103.156.24 - - [28/Mar/2017:11:24:53 -0300] "GET /cormun/static/solicitudotadjuntos.js?201612218465969 HTTP/1.1" 304 -
186.103.156.24 - - [28/Mar/2017:11:24:53 -0300] "GET /cormun/servlet/solicitudotadjuntos?INS,2017,5779,,1, HTTP/1.1" 200 6012
186.103.156.24 - - [28/Mar/2017:11:24:54 -0300] "GET /cormun/static/about:blank HTTP/1.1" 404 1011
186.103.156.24 - - [28/Mar/2017:11:24:54 -0300] "GET /cormun/servlet/solicitudotadjuntos?49c5f94d7b771a1410096c5ce07d0995c759e15bb53d0d85ca6c3a19e320574bfcd6ee418925a44ae5b3c6e209640e48,gx-no-cache=1490711229480 HTTP/1.1" 200 30
186.103.156.24 - - [28/Mar/2017:11:24:54 -0300] "POST /cormun/servlet/solicitudotadjuntos?22a4834ca494189961cdcb38928157eb,INS,2017,5779,,1,,gx-no-cache=1490711229733 HTTP/1.1" 200 3828
186.79.203.90 - - [28/Mar/2017:11:25:08 -0300] "POST /cormun/servlet/trcontratoobservacion?cfd01155bef8d0c927f559fb85fefcf9,,gx-no-cache=1490711176397 HTTP/1.1" 200 3600
186.79.203.90 - - [28/Mar/2017:11:25:10 -0300] "POST /cormun/servlet/trcontratoobservacion?cfd01155bef8d0c927f559fb85fefcf9,,gx-no-cache=1490711178394 HTTP/1.1" 200 3600
186.79.203.90 - - [28/Mar/2017:11:25:13 -0300] "POST /cormun/servlet/trcontratoobservacion?cfd01155bef8d0c927f559fb85fefcf9,,gx-no-cache=1490711181637 HTTP/1.1" 200 111
186.79.203.90 - - [28/Mar/2017:11:25:13 -0300] "GET /cormun/ContratoObservacion-7582.xls HTTP/1.1" 200 4608
186.79.203.90 - - [28/Mar/2017:11:25:22 -0300] "GET /cormun/servlet/trvisualizadoreventos? HTTP/1.1" 200 6534
186.79.203.90 - - [28/Mar/2017:11:25:22 -0300] "GET /cormun/static/gxcfg.js?201731711523419 HTTP/1.1" 200 953
186.79.203.90 - - [28/Mar/2017:11:25:22 -0300] "GET /cormun/static/trvisualizadoreventos.js?20173171152387 HTTP/1.1" 200 19309
186.79.203.90 - - [28/Mar/2017:11:25:22 -0300] "GET /cormun/static/Resources/PXToolsActionPrint.png HTTP/1.1" 200 3317
186.79.203.90 - - [28/Mar/2017:11:25:23 -0300] "GET /cormun/servlet/trvisualizadoreventos? HTTP/1.1" 200 6534
186.79.203.90 - - [28/Mar/2017:11:25:27 -0300] "POST /cormun/servlet/trvisualizadoreventos?cfd01155bef8d0c927f559fb85fefcf9,,gx-no-cache=1490711195535 HTTP/1.1" 200 3768
186.79.203.90 - - [28/Mar/2017:11:25:33 -0300] "POST /cormun/servlet/trvisualizadoreventos?cfd01155bef8d0c927f559fb85fefcf9,,gx-no-cache=1490711201611 HTTP/1.1" 200 3774
192.168.10.13 - - [28/Mar/2017:11:25:38 -0300] "GET / HTTP/1.1" 200 11217
186.79.203.90 - - [28/Mar/2017:11:25:41 -0300] "GET /cormun/servlet/hlogin HTTP/1.1" 200 1746
186.103.156.24 - - [28/Mar/2017:11:25:58 -0300] "POST /cormun/servlet/solicitudotadjuntos?gx-no-cache=1490711300393 HTTP/1.1" 200 26
186.103.159.46 - - [28/Mar/2017:11:26:04 -0300] "GET /cormun/servlet/alicenciaprn?7392062,L,20170322000000,PU HTTP/1.1" 200 1540
186.103.156.24 - - [28/Mar/2017:11:26:23 -0300] "GET /cormun/servlet/solicitudotadjuntos?49c5f94d7b771a1410096c5ce07d0995ec4b72c362707945cafdd3462213d4f6,gx-no-cache=1490711328091 HTTP/1.1" 200 30
186.103.156.24 - - [28/Mar/2017:11:26:23 -0300] "GET /cormun/servlet/solicitudotadjuntos?49c5f94d7b771a1410096c5ce07d0995ec4b72c362707945cafdd3462213d4f6,gx-no-cache=1490711328168 HTTP/1.1" 200 30
186.103.156.24 - - [28/Mar/2017:11:26:26 -0300] "POST /cormun/servlet/solicitudotadjuntos?22a4834ca494189961cdcb38928157eb,INS,2017,5779,,1, HTTP/1.1" 200 116
186.103.156.24 - - [28/Mar/2017:11:26:26 -0300] "GET /cormun/servlet/hpexe_return? HTTP/1.1" 200 1026
186.103.156.24 - - [28/Mar/2017:11:26:27 -0300] "GET /cormun/servlet/trsolicitudadjuntos?2017,5779, HTTP/1.1" 200 8239
186.103.156.24 - - [28/Mar/2017:11:26:28 -0300] "GET /cormun/servlet/trsolicitudadjuntos?2017,5779, HTTP/1.1" 200 8235
186.103.156.24 - - [28/Mar/2017:11:26:34 -0300] "GET /cormun/servlet/solicitudotadjuntos?INS,2017,5779,,1, HTTP/1.1" 200 6020
186.103.156.24 - - [28/Mar/2017:11:26:35 -0300] "GET /cormun/static/about:blank HTTP/1.1" 404 1011
186.103.156.24 - - [28/Mar/2017:11:26:35 -0300] "GET /cormun/servlet/solicitudotadjuntos?INS,2017,5779,,1, HTTP/1.1" 200 6013
186.103.156.24 - - [28/Mar/2017:11:26:36 -0300] "GET /cormun/servlet/solicitudotadjuntos?49c5f94d7b771a1410096c5ce07d0995c759e15bb53d0d85ca6c3a19e320574bfcd6ee418925a44ae5b3c6e209640e48,gx-no-cache=1490711341529 HTTP/1.1" 200 30
186.103.156.24 - - [28/Mar/2017:11:26:37 -0300] "POST /cormun/servlet/solicitudotadjuntos?22a4834ca494189961cdcb38928157eb,INS,2017,5779,,1,,gx-no-cache=1490711341671 HTTP/1.1" 200 3828
192.168.10.13 - - [28/Mar/2017:11:26:38 -0300] "GET / HTTP/1.1" 200 11217
186.103.156.24 - - [28/Mar/2017:11:26:50 -0300] "POST /cormun/servlet/solicitudotadjuntos?gx-no-cache=1490711356903 HTTP/1.1" 200 26
186.103.156.24 - - [28/Mar/2017:11:27:04 -0300] "GET /cormun/servlet/solicitudotadjuntos?49c5f94d7b771a1410096c5ce07d0995ec4b72c362707945cafdd3462213d4f6,gx-no-cache=1490711372613 HTTP/1.1" 200 30
186.103.156.24 - - [28/Mar/2017:11:27:05 -0300] "GET /cormun/servlet/solicitudotadjuntos?49c5f94d7b771a1410096c5ce07d0995ec4b72c362707945cafdd3462213d4f6,gx-no-cache=1490711372747 HTTP/1.1" 200 30
186.103.156.24 - - [28/Mar/2017:11:27:09 -0300] "POST /cormun/servlet/solicitudotadjuntos?22a4834ca494189961cdcb38928157eb,INS,2017,5779,,1, HTTP/1.1" 200 116
186.103.156.24 - - [28/Mar/2017:11:27:09 -0300] "GET /cormun/servlet/hpexe_return? HTTP/1.1" 200 1026
