200.54.247.69 - - [28/Mar/2017:10:00:52 -0300] "POST /cormun/servlet/solicitudot?gx-no-cache=1490706112975 HTTP/1.1" 200 38
200.54.247.69 - - [28/Mar/2017:10:00:52 -0300] "POST /cormun/servlet/solicitudot?gx-no-cache=1490706113029 HTTP/1.1" 200 1274
200.54.247.69 - - [28/Mar/2017:10:00:52 -0300] "POST /cormun/servlet/solicitudot?gx-no-cache=1490706113107 HTTP/1.1" 200 1157
186.79.205.121 - - [28/Mar/2017:10:00:52 -0300] "POST /cormun/servlet/trautorizarsolicitud?ef10c7936e21597f8fc7bc24f271f187,,gx-no-cache=1490709566296 HTTP/1.1" 200 5824
186.79.205.121 - - [28/Mar/2017:10:00:59 -0300] "POST /cormun/servlet/trautorizarsolicitud?ef10c7936e21597f8fc7bc24f271f187,,gx-no-cache=1490709573729 HTTP/1.1" 200 5390
186.79.205.121 - - [28/Mar/2017:10:01:00 -0300] "GET /cormun/static/Shared/jqueryui/images/ui-bg_highlight-soft_100_c6c2c8_1x100.png HTTP/1.1" 404 1117
186.79.205.121 - - [28/Mar/2017:10:01:00 -0300] "GET /cormun/static/Shared/jqueryui/images/ui-icons_82798d_256x240.png HTTP/1.1" 404 1089
186.79.205.121 - - [28/Mar/2017:10:01:00 -0300] "GET /cormun/static/Shared/jqueryui/images/ui-bg_flat_55_fafafa_40x100.png HTTP/1.1" 404 1097
186.79.205.121 - - [28/Mar/2017:10:01:00 -0300] "GET /cormun/static/Shared/jqueryui/images/ui-icons_8d78a5_256x240.png HTTP/1.1" 404 1089
186.79.205.121 - - [28/Mar/2017:10:01:01 -0300] "POST /cormun/servlet/trautorizarsolicitud?ef10c7936e21597f8fc7bc24f271f187,,gx-no-cache=1490709574697 HTTP/1.1" 200 5333
186.79.205.121 - - [28/Mar/2017:10:01:05 -0300] "POST /cormun/servlet/trautorizarsolicitud?ef10c7936e21597f8fc7bc24f271f187,,gx-no-cache=1490709579157 HTTP/1.1" 200 4299
186.79.205.121 - - [28/Mar/2017:10:01:06 -0300] "POST /cormun/servlet/trautorizarsolicitud?ef10c7936e21597f8fc7bc24f271f187,,gx-no-cache=1490709580697 HTTP/1.1" 200 4087
200.54.247.69 - - [28/Mar/2017:10:01:11 -0300] "POST /cormun/servlet/solicitudot?gx-no-cache=1490706132082 HTTP/1.1" 200 1273
200.54.247.69 - - [28/Mar/2017:10:01:11 -0300] "POST /cormun/servlet/solicitudot?gx-no-cache=1490706132149 HTTP/1.1" 200 1157
200.73.230.173 - - [28/Mar/2017:10:01:11 -0300] "POST /cormun/servlet/trlicencias?f18d0eda649421befc5515c94c4c7486,gx-no-cache=1490705968385,gx-no-cache=1490706865539 HTTP/1.1" 200 4029
200.73.230.173 - - [28/Mar/2017:10:01:11 -0300] "GET /cormun/static/Shared/jqueryui/images/ui-bg_highlight-soft_100_c6c2c8_1x100.png HTTP/1.1" 404 1117
200.54.247.69 - - [28/Mar/2017:10:01:11 -0300] "GET /cormun/static/menuarrow.gif HTTP/1.1" 404 1015
200.73.230.173 - - [28/Mar/2017:10:01:11 -0300] "GET /cormun/static/Shared/jqueryui/images/ui-bg_flat_55_fafafa_40x100.png HTTP/1.1" 404 1097
200.73.230.173 - - [28/Mar/2017:10:01:11 -0300] "GET /cormun/static/Shared/jqueryui/images/ui-icons_82798d_256x240.png HTTP/1.1" 404 1089
200.73.230.173 - - [28/Mar/2017:10:01:11 -0300] "GET /cormun/static/Shared/jqueryui/images/ui-icons_8d78a5_256x240.png HTTP/1.1" 404 1089
200.54.247.69 - - [28/Mar/2017:10:01:13 -0300] "POST /cormun/servlet/solicitudot?gx-no-cache=1490706134561 HTTP/1.1" 200 1273
200.54.247.69 - - [28/Mar/2017:10:01:14 -0300] "POST /cormun/servlet/solicitudot?gx-no-cache=1490706134797 HTTP/1.1" 200 1157
186.79.205.121 - - [28/Mar/2017:10:01:16 -0300] "POST /cormun/servlet/trautorizarsolicitud?ef10c7936e21597f8fc7bc24f271f187,,gx-no-cache=1490709590091 HTTP/1.1" 200 4106
200.54.247.69 - - [28/Mar/2017:10:01:22 -0300] "GET /cormun/servlet/solicitudot?ce70a4ec40a8ef8de33a9adf2a6376503b3495ee59ac579840ac7351e4ce89b916626c2b86b75264ac3315c8d49be1ee9f03051c550395b099c957285d440ba104f93bef47c6c7bc5cc8ab7da67d6fe636c97e67f9edc92d7c701bf725f8ce869147709b9879e929194a1ea93ba2fc7f42984e875cbc29d534d5ddd8a005e0efce547e5d3669801e1471a0381372270f77a68034499dcfe1da10e1dce9e72ecee516ea11a33ecc846f9b55dc36fae82d,gx-no-cache=1490706143366 HTTP/1.1" 200 30
186.79.205.121 - - [28/Mar/2017:10:01:23 -0300] "POST /cormun/servlet/trautorizarsolicitud?ef10c7936e21597f8fc7bc24f271f187,,gx-no-cache=1490709597557 HTTP/1.1" 200 4107
200.54.247.69 - - [28/Mar/2017:10:01:23 -0300] "POST /cormun/servlet/solicitudot?8f3501cf495c1155faab39cd798dc957,INS,0,0,,gx-no-cache=1490706143446 HTTP/1.1" 200 93
200.54.247.69 - - [28/Mar/2017:10:01:23 -0300] "GET /cormun/servlet/hpexe_return? HTTP/1.1" 200 1012
200.54.247.69 - - [28/Mar/2017:10:01:23 -0300] "GET /cormun/servlet/trsolicitudot HTTP/1.1" 200 8305
200.54.247.69 - - [28/Mar/2017:10:01:27 -0300] "POST /cormun/servlet/trsolicitudot?8f3501cf495c1155faab39cd798dc957,gx-no-cache=1490706147826 HTTP/1.1" 200 4371
200.54.247.69 - - [28/Mar/2017:10:01:27 -0300] "POST /cormun/servlet/trsolicitudot?8f3501cf495c1155faab39cd798dc957,gx-no-cache=1490706148226 HTTP/1.1" 200 4127
200.54.247.69 - - [28/Mar/2017:10:01:28 -0300] "GET /cormun/static/Shared/jqueryui/images/ui-bg_highlight-soft_100_c6c2c8_1x100.png HTTP/1.1" 404 1117
200.54.247.69 - - [28/Mar/2017:10:01:28 -0300] "GET /cormun/static/Shared/jqueryui/images/ui-icons_82798d_256x240.png HTTP/1.1" 404 1089
200.54.247.69 - - [28/Mar/2017:10:01:28 -0300] "GET /cormun/static/Shared/jqueryui/images/ui-icons_8d78a5_256x240.png HTTP/1.1" 404 1089
200.54.247.69 - - [28/Mar/2017:10:01:28 -0300] "GET /cormun/static/Shared/jqueryui/images/ui-bg_flat_55_fafafa_40x100.png HTTP/1.1" 404 1097
200.54.247.69 - - [28/Mar/2017:10:01:32 -0300] "GET /cormun/servlet/trautorizarsolicitud? HTTP/1.1" 200 8249
186.79.205.121 - - [28/Mar/2017:10:01:33 -0300] "POST /cormun/servlet/trautorizarsolicitud?ef10c7936e21597f8fc7bc24f271f187,,gx-no-cache=1490709607921 HTTP/1.1" 200 6216
192.168.10.13 - - [28/Mar/2017:10:01:38 -0300] "GET / HTTP/1.1" 200 11217
200.54.247.69 - - [28/Mar/2017:10:01:44 -0300] "POST /cormun/servlet/trautorizarsolicitud?8f3501cf495c1155faab39cd798dc957,,gx-no-cache=1490706165589 HTTP/1.1" 200 4347
200.54.247.69 - - [28/Mar/2017:10:01:45 -0300] "POST /cormun/servlet/trautorizarsolicitud?8f3501cf495c1155faab39cd798dc957,,gx-no-cache=1490706165853 HTTP/1.1" 200 4104
200.54.247.69 - - [28/Mar/2017:10:01:45 -0300] "GET /cormun/static/Shared/jqueryui/images/ui-bg_flat_55_fafafa_40x100.png HTTP/1.1" 404 1097
200.54.247.69 - - [28/Mar/2017:10:01:45 -0300] "GET /cormun/static/Shared/jqueryui/images/ui-icons_8d78a5_256x240.png HTTP/1.1" 404 1089
200.54.247.69 - - [28/Mar/2017:10:01:45 -0300] "GET /cormun/static/Shared/jqueryui/images/ui-bg_highlight-soft_100_c6c2c8_1x100.png HTTP/1.1" 404 1117
200.54.247.69 - - [28/Mar/2017:10:01:45 -0300] "GET /cormun/static/Shared/jqueryui/images/ui-icons_82798d_256x240.png HTTP/1.1" 404 1089
186.103.159.230 - - [28/Mar/2017:10:01:53 -0300] "POST /cormun/servlet/trcontratounov2?f3a1e10a14e5858e5232962ffe661b98,gx-no-cache=1490706179185 HTTP/1.1" 200 14127
186.103.159.230 - - [28/Mar/2017:10:02:01 -0300] "GET /cormun/servlet/hlogin HTTP/1.1" 200 1736
186.103.159.230 - - [28/Mar/2017:10:02:10 -0300] "POST /cormun/servlet/hlogin?f3a1e10a14e5858e5232962ffe661b98,gx-no-cache=1490706195818 HTTP/1.1" 200 90
186.103.159.230 - - [28/Mar/2017:10:02:10 -0300] "GET /cormun/servlet/hpexe_link HTTP/1.1" 200 975
186.103.159.230 - - [28/Mar/2017:10:02:10 -0300] "GET /cormun/servlet/trcontratounov2?gx-no-cache=1490706179185 HTTP/1.1" 200 16619
186.103.159.230 - - [28/Mar/2017:10:02:11 -0300] "GET /cormun/servlet/trcontratounov2?gx-no-cache=1490706179185 HTTP/1.1" 200 16641
192.168.10.62 - - [28/Mar/2017:10:02:28 -0300] "POST /cormun/servlet/trsolicitudgral?b788ff355cdd1e6af67d5b26ebb5b9d7,gx-no-cache=1490709426581 HTTP/1.1" 200 11639
186.103.159.230 - - [28/Mar/2017:10:02:34 -0300] "GET /cormun/servlet/hlogin HTTP/1.1" 200 1736
192.168.10.13 - - [28/Mar/2017:10:02:38 -0300] "GET / HTTP/1.1" 200 11217
186.103.159.230 - - [28/Mar/2017:10:03:04 -0300] "GET /cormun/servlet/hlogin HTTP/1.1" 200 1727
192.168.10.62 - - [28/Mar/2017:10:03:07 -0300] "POST /cormun/servlet/trsolicitudgral?b788ff355cdd1e6af67d5b26ebb5b9d7,gx-no-cache=1490709465553 HTTP/1.1" 200 6413
192.168.10.62 - - [28/Mar/2017:10:03:12 -0300] "POST /cormun/servlet/trsolicitudgral?b788ff355cdd1e6af67d5b26ebb5b9d7,gx-no-cache=1490709470740 HTTP/1.1" 200 105
192.168.10.62 - - [28/Mar/2017:10:03:12 -0300] "POST /cormun/servlet/trsolicitudgral?b788ff355cdd1e6af67d5b26ebb5b9d7,gx-no-cache=1490709470834 HTTP/1.1" 200 6394
192.168.10.62 - - [28/Mar/2017:10:03:12 -0300] "GET /cormun/SolicitudGral-5762.xls HTTP/1.1" 200 6144
192.168.10.13 - - [28/Mar/2017:10:03:38 -0300] "GET / HTTP/1.1" 200 11217
192.168.10.62 - - [28/Mar/2017:10:04:11 -0300] "POST /cormun/servlet/trsolicitudgral?b788ff355cdd1e6af67d5b26ebb5b9d7,gx-no-cache=1490709530065 HTTP/1.1" 200 4907
186.103.159.204 - - [28/Mar/2017:10:04:12 -0300] "GET /cormun/servlet/hlogin HTTP/1.1" 200 1725
186.103.159.204 - - [28/Mar/2017:10:04:12 -0300] "GET /cormun/static/gxtimezone.js?85251 HTTP/1.1" 200 5781
186.103.159.204 - - [28/Mar/2017:10:04:12 -0300] "GET /cormun/static/gxcfg.js?201731711485472 HTTP/1.1" 200 953
186.103.159.204 - - [28/Mar/2017:10:04:12 -0300] "GET /cormun/static/hlogin.js?201731711485490 HTTP/1.1" 200 2136
186.103.159.204 - - [28/Mar/2017:10:04:12 -0300] "GET /cormun/static/messages.spa.js?85251 HTTP/1.1" 200 30736
186.103.159.204 - - [28/Mar/2017:10:04:12 -0300] "GET /cormun/static/Resources/Spanish/PXTools.css?11294912 HTTP/1.1" 200 89042
186.103.159.204 - - [28/Mar/2017:10:04:12 -0300] "GET /cormun/static/gxgral.js?85251 HTTP/1.1" 200 384558
186.103.159.204 - - [28/Mar/2017:10:04:12 -0300] "GET /cormun/static/Resources/PXToolsLoginBackground.png HTTP/1.1" 200 1164
186.103.159.204 - - [28/Mar/2017:10:04:12 -0300] "GET /cormun/static/Resources/PXToolsButtonRight21.png HTTP/1.1" 200 1283
186.103.159.204 - - [28/Mar/2017:10:04:12 -0300] "GET /cormun/static/Resources/PXToolsButtonBackground2.png HTTP/1.1" 200 1181
186.103.159.204 - - [28/Mar/2017:10:04:12 -0300] "GET /cormun/static/Resources/PXToolsLoginTop.png HTTP/1.1" 200 1337
186.103.159.204 - - [28/Mar/2017:10:04:12 -0300] "GET /cormun/static/Resources/PXToolsLoginBottom.png HTTP/1.1" 200 1389
186.103.159.204 - - [28/Mar/2017:10:04:12 -0300] "GET /cormun/static/Resources/indicator.gif HTTP/1.1" 200 1553
186.103.159.204 - - [28/Mar/2017:10:04:12 -0300] "GET /cormun/static/Resources/ComunLogin.png HTTP/1.1" 200 17326
186.103.159.204 - - [28/Mar/2017:10:04:12 -0300] "GET /cormun/static/Resources/PXToolsButtonLeft21.png HTTP/1.1" 200 1287
192.168.10.13 - - [28/Mar/2017:10:04:38 -0300] "GET / HTTP/1.1" 200 11217
186.79.27.240 - - [28/Mar/2017:10:05:15 -0300] "GET /cormun/servlet/solicitudotadjuntos?3275ab2f4ca15add528afa77f83ef3443cf671d26c8656872cf804bcc3874ad1,gx-no-cache=1490706382820 HTTP/1.1" 200 30
186.79.27.240 - - [28/Mar/2017:10:05:15 -0300] "GET /cormun/servlet/solicitudotadjuntos?3275ab2f4ca15add528afa77f83ef3443cf671d26c8656872cf804bcc3874ad1,gx-no-cache=1490706382981 HTTP/1.1" 200 30
186.103.158.250 - - [28/Mar/2017:10:05:25 -0300] "GET /cormun/servlet/licenciaspermisos?1aafd55d0a9611af73c120d9bd6a20441c9b97bc69994dae8931bf1a59704b0b633e2a74ca48f9fc95e19548094450151b64c0d726e93f01969e6e79ff212ee8e347361143578ac0b94b86f0dad502fabe697197f237dd0881dd5e351853ebe285db2acfc80c98d087ee96df0ea91cc708a9f007e8765fe15cffdfb5a98a69d1cb506cbf5d56ac3052eb04dfd799a080990d02dbe133d78a793898138f6ee663c8f2711c128c557af38d7d237909fb461e4de09ab0bc7dc69a6fad0274eec7c3edbba286b13c356725f3f403800fdd82251e689a2432722c951a56f8d07a4c5f,gx-no-cache=1490709880134 HTTP/1.1" 200 30
186.103.158.250 - - [28/Mar/2017:10:05:25 -0300] "GET /cormun/servlet/licenciaspermisos?1aafd55d0a9611af73c120d9bd6a20445c849362a467feb008137d7cec150ec44831cdb9d11d31e8c593f1f46516d14e7f56ab358deeb8fcf134f4f612e91c38f9d7e2fa75a97295cbafda9fbe70dc8404e88317e8b44d1d7e36a601967de1ac3a9e918cb0cd7e0d9bbf4ba91178b80a67b3bf43002f9c23bf2219c8eace390f4a04d56ccf9e358787d15064fff4330bb04cb273dd264244da884816d82d9290fe2e25cd68aefc86e23ae505d944837cdaaa6fe265911a1bf75118de3eb23d806dbd896b0f06b63046164a34833622ba280dd7bfed7b139b89d2c3663a096148,gx-no-cache=1490709880659 HTTP/1.1" 200 29
186.103.158.250 - - [28/Mar/2017:10:05:25 -0300] "POST /cormun/servlet/licenciaspermisos?ce3e6625fdcf6459d578354c54b092a2,INS,0,,,,gx-no-cache=1490709880728 HTTP/1.1" 200 93
186.103.158.250 - - [28/Mar/2017:10:05:25 -0300] "GET /cormun/servlet/hpexe_return? HTTP/1.1" 200 1006
186.103.158.250 - - [28/Mar/2017:10:05:25 -0300] "GET /cormun/static/gxcfg.js?2016101716175148 HTTP/1.1" 304 -
186.103.158.250 - - [28/Mar/2017:10:05:25 -0300] "GET /cormun/static/hpexe_return.js?2016101716175153 HTTP/1.1" 304 -
186.103.158.250 - - [28/Mar/2017:10:05:26 -0300] "GET /cormun/servlet/trlicencias HTTP/1.1" 200 7755
186.103.158.250 - - [28/Mar/2017:10:05:27 -0300] "GET /cormun/servlet/trlicencias HTTP/1.1" 200 7751
186.79.27.240 - - [28/Mar/2017:10:05:33 -0300] "POST /cormun/servlet/solicitudotadjuntos?78dbdc84da69fdff0a460c88a873a31c,INS,2017,5773,,2, HTTP/1.1" 200 116
186.79.27.240 - - [28/Mar/2017:10:05:34 -0300] "GET /cormun/servlet/hpexe_return? HTTP/1.1" 200 1025
186.79.27.240 - - [28/Mar/2017:10:05:34 -0300] "GET /cormun/servlet/trsolicitudadjuntos?2017,5773, HTTP/1.1" 200 7950
186.79.27.240 - - [28/Mar/2017:10:05:35 -0300] "GET /cormun/servlet/trsolicitudadjuntos?2017,5773, HTTP/1.1" 200 7946
192.168.10.13 - - [28/Mar/2017:10:05:38 -0300] "GET / HTTP/1.1" 200 11217
186.79.27.240 - - [28/Mar/2017:10:05:44 -0300] "GET /cormun/servlet/solicitudotadjuntos?INS,2017,5773,,1, HTTP/1.1" 200 5793
186.79.27.240 - - [28/Mar/2017:10:05:45 -0300] "GET /cormun/static/about:blank HTTP/1.1" 404 1011
186.79.27.240 - - [28/Mar/2017:10:05:45 -0300] "GET /cormun/servlet/solicitudotadjuntos?INS,2017,5773,,1, HTTP/1.1" 200 5787
186.79.27.240 - - [28/Mar/2017:10:05:45 -0300] "GET /cormun/servlet/solicitudotadjuntos?3275ab2f4ca15add528afa77f83ef34499dde2f8338998846eeef172205310e1bc67c4877c231256ff47e71866fc7a20,gx-no-cache=1490706413444 HTTP/1.1" 200 30
186.79.27.240 - - [28/Mar/2017:10:05:46 -0300] "POST /cormun/servlet/solicitudotadjuntos?78dbdc84da69fdff0a460c88a873a31c,INS,2017,5773,,1,,gx-no-cache=1490706413561 HTTP/1.1" 200 3669
186.79.27.240 - - [28/Mar/2017:10:05:50 -0300] "POST /cormun/servlet/solicitudotadjuntos?78dbdc84da69fdff0a460c88a873a31c,INS,2017,5773,,1,,gx-no-cache=1490706417728 HTTP/1.1" 200 93
186.79.27.240 - - [28/Mar/2017:10:05:50 -0300] "GET /cormun/servlet/hpexe_return? HTTP/1.1" 200 1025
186.79.27.240 - - [28/Mar/2017:10:05:51 -0300] "GET /cormun/servlet/trsolicitudadjuntos?2017,5773, HTTP/1.1" 200 7949
186.79.27.240 - - [28/Mar/2017:10:05:51 -0300] "GET /cormun/servlet/trsolicitudadjuntos?2017,5773, HTTP/1.1" 200 7944
186.79.27.240 - - [28/Mar/2017:10:05:54 -0300] "GET /cormun/servlet/solicitudotadjuntos?INS,2017,5773,,2, HTTP/1.1" 200 5791
186.79.27.240 - - [28/Mar/2017:10:05:54 -0300] "GET /cormun/static/about:blank HTTP/1.1" 404 1011
186.79.27.240 - - [28/Mar/2017:10:05:54 -0300] "GET /cormun/servlet/solicitudotadjuntos?INS,2017,5773,,2, HTTP/1.1" 200 5785
186.79.27.240 - - [28/Mar/2017:10:05:55 -0300] "GET /cormun/servlet/solicitudotadjuntos?3275ab2f4ca15add528afa77f83ef34499dde2f8338998846eeef172205310e1bc67c4877c231256ff47e71866fc7a20,gx-no-cache=1490706423006 HTTP/1.1" 200 30
186.79.27.240 - - [28/Mar/2017:10:05:55 -0300] "POST /cormun/servlet/solicitudotadjuntos?78dbdc84da69fdff0a460c88a873a31c,INS,2017,5773,,2,,gx-no-cache=1490706423383 HTTP/1.1" 200 3812
186.79.27.240 - - [28/Mar/2017:10:06:00 -0300] "POST /cormun/servlet/solicitudotadjuntos?gx-no-cache=1490706428092 HTTP/1.1" 200 26
186.79.27.240 - - [28/Mar/2017:10:06:07 -0300] "GET /cormun/servlet/solicitudotadjuntos?3275ab2f4ca15add528afa77f83ef3443cf671d26c8656872cf804bcc3874ad1,gx-no-cache=1490706434730 HTTP/1.1" 200 30
186.79.27.240 - - [28/Mar/2017:10:06:07 -0300] "GET /cormun/servlet/solicitudotadjuntos?3275ab2f4ca15add528afa77f83ef3443cf671d26c8656872cf804bcc3874ad1,gx-no-cache=1490706434834 HTTP/1.1" 200 30
186.79.27.240 - - [28/Mar/2017:10:06:20 -0300] "POST /cormun/servlet/solicitudotadjuntos?78dbdc84da69fdff0a460c88a873a31c,INS,2017,5773,,2, HTTP/1.1" 200 5876
186.79.27.240 - - [28/Mar/2017:10:06:21 -0300] "GET /cormun/static/Shared/jqueryui/images/ui-bg_highlight-soft_100_c6c2c8_1x100.png HTTP/1.1" 404 1117
186.79.27.240 - - [28/Mar/2017:10:06:21 -0300] "GET /cormun/static/Shared/jqueryui/images/ui-icons_82798d_256x240.png HTTP/1.1" 404 1089
186.79.27.240 - - [28/Mar/2017:10:06:21 -0300] "GET /cormun/static/Shared/jqueryui/images/ui-icons_ebccce_256x240.png HTTP/1.1" 404 1089
186.79.27.240 - - [28/Mar/2017:10:06:21 -0300] "GET /cormun/static/Shared/jqueryui/images/ui-bg_flat_55_994d53_40x100.png HTTP/1.1" 404 1097
186.79.27.240 - - [28/Mar/2017:10:06:22 -0300] "GET /cormun/PrivateTempStorage/upload_00005091.jpg HTTP/1.1" 200 741176
186.103.158.250 - - [28/Mar/2017:10:06:27 -0300] "POST /cormun/servlet/solicitudot?gx-no-cache=1490706454029 HTTP/1.1" 200 3200
186.103.158.250 - - [28/Mar/2017:10:06:27 -0300] "GET /cormun/static/Shared/jqueryui/images/ui-bg_highlight-soft_100_c6c2c8_1x100.png HTTP/1.1" 404 1117
186.103.158.250 - - [28/Mar/2017:10:06:27 -0300] "GET /cormun/static/Shared/jqueryui/images/ui-icons_82798d_256x240.png HTTP/1.1" 404 1089
186.103.158.250 - - [28/Mar/2017:10:06:27 -0300] "GET /cormun/static/Shared/jqueryui/images/ui-bg_flat_55_994d53_40x100.png HTTP/1.1" 404 1097
186.103.158.250 - - [28/Mar/2017:10:06:27 -0300] "GET /cormun/static/Shared/jqueryui/images/ui-icons_ebccce_256x240.png HTTP/1.1" 404 1089
186.79.27.240 - - [28/Mar/2017:10:06:33 -0300] "GET /cormun/servlet/hlogin HTTP/1.1" 200 1724
186.103.158.250 - - [28/Mar/2017:10:06:35 -0300] "POST /cormun/servlet/solicitudot?gx-no-cache=1490706462414 HTTP/1.1" 200 3141
186.79.27.240 - - [28/Mar/2017:10:06:36 -0300] "POST /cormun/servlet/hlogin?a9135c668e26ea092856c1949b2b96ab,gx-no-cache=1490706464156 HTTP/1.1" 200 90
186.79.27.240 - - [28/Mar/2017:10:06:36 -0300] "GET /cormun/servlet/hpexe_link HTTP/1.1" 200 952
186.79.27.240 - - [28/Mar/2017:10:06:38 -0300] "GET /cormun/servlet/hhome HTTP/1.1" 200 3757
192.168.10.13 - - [28/Mar/2017:10:06:38 -0300] "GET / HTTP/1.1" 200 11217
186.79.27.240 - - [28/Mar/2017:10:06:38 -0300] "GET /cormun/servlet/hhome HTTP/1.1" 200 3754
192.168.10.62 - - [28/Mar/2017:10:06:41 -0300] "POST /cormun/servlet/trsolicitudgral?b788ff355cdd1e6af67d5b26ebb5b9d7,gx-no-cache=1490709679445 HTTP/1.1" 200 10982
186.79.27.240 - - [28/Mar/2017:10:06:43 -0300] "GET /cormun/servlet/trsolicitudot? HTTP/1.1" 200 9436
186.79.27.240 - - [28/Mar/2017:10:06:44 -0300] "GET /cormun/servlet/trsolicitudot? HTTP/1.1" 200 9434
192.168.10.62 - - [28/Mar/2017:10:06:44 -0300] "POST /cormun/servlet/trsolicitudgral?b788ff355cdd1e6af67d5b26ebb5b9d7,gx-no-cache=1490709683398 HTTP/1.1" 200 105
192.168.10.62 - - [28/Mar/2017:10:06:45 -0300] "POST /cormun/servlet/trsolicitudgral?b788ff355cdd1e6af67d5b26ebb5b9d7,gx-no-cache=1490709683582 HTTP/1.1" 200 10962
192.168.10.62 - - [28/Mar/2017:10:06:46 -0300] "GET /cormun/SolicitudGral-9506.xls HTTP/1.1" 200 11776
186.103.158.250 - - [28/Mar/2017:10:06:47 -0300] "POST /cormun/servlet/solicitudot?gx-no-cache=1490706474069 HTTP/1.1" 200 3200
186.79.27.240 - - [28/Mar/2017:10:06:49 -0300] "POST /cormun/servlet/trsolicitudot?a9135c668e26ea092856c1949b2b96ab,,gx-no-cache=1490706476263 HTTP/1.1" 200 6375
186.79.27.240 - - [28/Mar/2017:10:06:49 -0300] "GET /cormun/static/Shared/jqueryui/images/ui-bg_highlight-soft_100_c6c2c8_1x100.png HTTP/1.1" 404 1117
186.79.27.240 - - [28/Mar/2017:10:06:49 -0300] "GET /cormun/static/Shared/jqueryui/images/ui-icons_82798d_256x240.png HTTP/1.1" 404 1089
186.79.27.240 - - [28/Mar/2017:10:06:49 -0300] "GET /cormun/static/Shared/jqueryui/images/ui-bg_flat_55_fafafa_40x100.png HTTP/1.1" 404 1097
186.79.27.240 - - [28/Mar/2017:10:06:49 -0300] "GET /cormun/static/Shared/jqueryui/images/ui-icons_8d78a5_256x240.png HTTP/1.1" 404 1089
186.79.27.240 - - [28/Mar/2017:10:06:49 -0300] "POST /cormun/servlet/trsolicitudot?a9135c668e26ea092856c1949b2b96ab,,gx-no-cache=1490706477115 HTTP/1.1" 200 6316
186.103.158.250 - - [28/Mar/2017:10:06:50 -0300] "GET /cormun/servlet/solicitudot?c63351e63a636ca9282578168b9db587a9e91eb467b04371c6c1befc64f61872c2ad4a0d4e49080ad4b7b0872969f487,gx-no-cache=1490706477974 HTTP/1.1" 200 111
186.103.158.250 - - [28/Mar/2017:10:06:55 -0300] "GET /cormun/servlet/solicitudot?c63351e63a636ca9282578168b9db58764b417e8caebf3e1b038127d0f4f50b69f30a92bd406ad69f25786ca3617d305,gx-no-cache=1490706482388 HTTP/1.1" 200 30
186.79.27.240 - - [28/Mar/2017:10:07:19 -0300] "POST /cormun/servlet/trsolicitudot?a9135c668e26ea092856c1949b2b96ab,,gx-no-cache=1490706506592 HTTP/1.1" 200 6000
186.79.27.240 - - [28/Mar/2017:10:07:20 -0300] "POST /cormun/servlet/trsolicitudot?a9135c668e26ea092856c1949b2b96ab,,gx-no-cache=1490706507777 HTTP/1.1" 200 5943
186.79.27.240 - - [28/Mar/2017:10:07:32 -0300] "POST /cormun/servlet/trsolicitudot?a9135c668e26ea092856c1949b2b96ab,,gx-no-cache=1490706519967 HTTP/1.1" 200 5677
186.79.27.240 - - [28/Mar/2017:10:07:33 -0300] "POST /cormun/servlet/trsolicitudot?a9135c668e26ea092856c1949b2b96ab,,gx-no-cache=1490706520759 HTTP/1.1" 200 5619
192.168.10.13 - - [28/Mar/2017:10:07:38 -0300] "GET / HTTP/1.1" 200 11217
186.79.27.240 - - [28/Mar/2017:10:07:41 -0300] "POST /cormun/servlet/trsolicitudot?a9135c668e26ea092856c1949b2b96ab,,gx-no-cache=1490706529048 HTTP/1.1" 200 105
186.79.27.240 - - [28/Mar/2017:10:07:42 -0300] "GET /cormun/servlet/solicitudot?DLT,2017,5605, HTTP/1.1" 200 9398
186.79.27.240 - - [28/Mar/2017:10:07:42 -0300] "GET /cormun/static/Shared/jqueryui/images/ui-bg_highlight-soft_100_c6c2c8_1x100.png HTTP/1.1" 404 1117
186.79.27.240 - - [28/Mar/2017:10:07:42 -0300] "GET /cormun/static/Shared/jqueryui/images/ui-icons_82798d_256x240.png HTTP/1.1" 404 1089
186.79.27.240 - - [28/Mar/2017:10:07:42 -0300] "GET /cormun/static/Shared/jqueryui/images/ui-bg_flat_55_fafafa_40x100.png HTTP/1.1" 404 1097
186.79.27.240 - - [28/Mar/2017:10:07:42 -0300] "GET /cormun/static/Shared/jqueryui/images/ui-icons_8d78a5_256x240.png HTTP/1.1" 404 1089
186.79.27.240 - - [28/Mar/2017:10:07:43 -0300] "GET /cormun/servlet/solicitudot?DLT,2017,5605, HTTP/1.1" 200 9407
192.168.10.13 - - [28/Mar/2017:10:08:38 -0300] "GET / HTTP/1.1" 200 11217
192.168.10.89 - - [28/Mar/2017:10:08:58 -0300] "GET /cormun/servlet/trsolicitudgral? HTTP/1.1" 200 9971
186.79.27.240 - - [28/Mar/2017:10:09:07 -0300] "POST /cormun/servlet/solicitudot?a9135c668e26ea092856c1949b2b96ab,DLT,2017,5605,,gx-no-cache=1490706614337 HTTP/1.1" 200 93
186.79.27.240 - - [28/Mar/2017:10:09:07 -0300] "GET /cormun/servlet/hpexe_return? HTTP/1.1" 200 1012
186.79.27.240 - - [28/Mar/2017:10:09:07 -0300] "GET /cormun/servlet/trsolicitudot? HTTP/1.1" 200 8430
186.79.27.240 - - [28/Mar/2017:10:09:08 -0300] "GET /cormun/servlet/trsolicitudot? HTTP/1.1" 200 8426
186.103.158.250 - - [28/Mar/2017:10:09:16 -0300] "GET /cormun/servlet/solicitudot?c63351e63a636ca9282578168b9db587e40f6103c2037794b5414acca9956567b423291cdf3d2f8a6db8e222bb5fe4bc1c8bac37e250b9172b59927f5b4839ed465cebfe236b0b93f931b828c7adb3a583799c7e2fa701a656af922f7354f55c47d2cf64dd9039a9f8ac388c5eb39ee247523e8fc23a00d3586b0dda03c726264a3c6daa451229a604e96819854c8228e0b555978db7fd40c63df35850d9ca346b16fb25237a4a3e801c3c8a118edfb52c5416dfd63446483585361e411e98e7c9cbee7c26dab370e37d520569a9847cb724260592d937cf0aea10c2955b110421114eaac6a017201236840cfdf1361a6e8b8359953e3c966217acc9326049e1e3370bd4e14a95dfaa5accff66d5f5bb03e51d88b96c0adf2fcf59d2d4025f49c2023620ada2d329b89931667fc8a3731763185da20458dda7dc7cec9e859df73eb63dc1ae0dfc562b776a8e915e4787,gx-no-cache=1490706623263 HTTP/1.1" 200 297
186.79.27.240 - - [28/Mar/2017:10:09:16 -0300] "POST /cormun/servlet/trsolicitudot?a9135c668e26ea092856c1949b2b96ab,,gx-no-cache=1490706624124 HTTP/1.1" 200 105
186.79.27.240 - - [28/Mar/2017:10:09:17 -0300] "GET /cormun/servlet/solicitudot?DLT,2017,5605, HTTP/1.1" 200 9398
186.79.27.240 - - [28/Mar/2017:10:09:17 -0300] "GET /cormun/static/Shared/jqueryui/images/ui-bg_highlight-soft_100_c6c2c8_1x100.png HTTP/1.1" 404 1117
186.79.27.240 - - [28/Mar/2017:10:09:17 -0300] "GET /cormun/static/Shared/jqueryui/images/ui-icons_8d78a5_256x240.png HTTP/1.1" 404 1089
186.79.27.240 - - [28/Mar/2017:10:09:17 -0300] "GET /cormun/static/Shared/jqueryui/images/ui-bg_flat_55_fafafa_40x100.png HTTP/1.1" 404 1097
186.79.27.240 - - [28/Mar/2017:10:09:17 -0300] "GET /cormun/static/Shared/jqueryui/images/ui-icons_82798d_256x240.png HTTP/1.1" 404 1089
186.79.27.240 - - [28/Mar/2017:10:09:17 -0300] "GET /cormun/servlet/solicitudot?DLT,2017,5605, HTTP/1.1" 200 9407
186.103.158.250 - - [28/Mar/2017:10:09:20 -0300] "GET /cormun/servlet/solicitudot?c63351e63a636ca9282578168b9db58789c7aa97b0d54bbc9e9eb7455b36c9d8eb9de24f9c481c6fb7a68b3b7dbae77ad24e2546b998a1e196bb5c0361ddd4d1c908119fffe62821f198fffc73f474626c468a59ac339917db694e48aa9190210575adf02072fae05c6d2150a5606b6adc61bebf426aa82513930a8ee60b6a1960e08423de32bc26aeab37a01701cbf4994eac68882f69c5cf6b5d87449b226baa81389f3fe5b2679307c2d3272255490668cbfeb648ad04daa212a49fef871bfe31f1de9145a9850a508611247b13d770b80319bdbe1b730507978149467fcc9c7912afe73ad2eb0fa17126282daba2a2c3a3289e6c85bee58deda238468a594c6d1fdebfe62698df54d16f9bea7f89d372109e9cf30722eda72dd12d525b37ff9dbcea8655db2b7e46f1ec03c16e18a375ded9b62698861247e38f96b30e9b0fe9d2411e02fbda87ea2398d75b0279f72ac04892fb59493cd7f178148f5f91ae8e2855386e8a7595d0450c01a947c8ded2ba0a389e007cf75f9b1ad07bc229d1ab90fe585028844213a9c63e4f82a1,gx-no-cache=1490706627374 HTTP/1.1" 200 30
186.103.158.250 - - [28/Mar/2017:10:09:28 -0300] "POST /cormun/servlet/solicitudot?gx-no-cache=1490706635547 HTTP/1.1" 200 30
186.103.158.250 - - [28/Mar/2017:10:09:30 -0300] "POST /cormun/servlet/solicitudot?gx-no-cache=1490706637067 HTTP/1.1" 200 235
186.103.158.250 - - [28/Mar/2017:10:09:30 -0300] "POST /cormun/servlet/solicitudot?gx-no-cache=1490706637512 HTTP/1.1" 200 38
192.168.10.13 - - [28/Mar/2017:10:09:38 -0300] "GET / HTTP/1.1" 200 11217
186.103.158.250 - - [28/Mar/2017:10:09:49 -0300] "GET /cormun/servlet/solicitudot?c63351e63a636ca9282578168b9db58794b6b438aec2f0bb5f6cf3088f6790186e8b8359953e3c966217acc9326049e1e3370bd4e14a95dfaa5accff66d5f5bb42453b08582ad7f3ebb32832592d5858,gx-no-cache=1490706656845 HTTP/1.1" 200 29
186.103.158.250 - - [28/Mar/2017:10:09:49 -0300] "POST /cormun/servlet/solicitudot?gx-no-cache=1490706656888 HTTP/1.1" 200 641
186.103.158.250 - - [28/Mar/2017:10:09:51 -0300] "POST /cormun/servlet/solicitudot?gx-no-cache=1490706658642 HTTP/1.1" 200 1157
192.168.10.13 - - [28/Mar/2017:10:10:38 -0300] "GET / HTTP/1.1" 200 11217
186.103.158.250 - - [28/Mar/2017:10:10:55 -0300] "GET /cormun/static/menuarrow.gif HTTP/1.1" 404 1015
186.79.27.240 - - [28/Mar/2017:10:11:11 -0300] "GET /cormun/servlet/hlogin HTTP/1.1" 200 1719
186.79.27.240 - - [28/Mar/2017:10:11:14 -0300] "POST /cormun/servlet/hlogin?be7986854299665cac96699d2943c3fd,gx-no-cache=1490706742395 HTTP/1.1" 200 90
186.79.27.240 - - [28/Mar/2017:10:11:15 -0300] "GET /cormun/servlet/hpexe_link HTTP/1.1" 200 951
186.79.27.240 - - [28/Mar/2017:10:11:15 -0300] "GET /cormun/servlet/hhome HTTP/1.1" 200 3754
186.79.27.240 - - [28/Mar/2017:10:11:16 -0300] "GET /cormun/servlet/hhome HTTP/1.1" 200 3752
186.103.158.250 - - [28/Mar/2017:10:11:20 -0300] "GET /cormun/servlet/solicitudot?c63351e63a636ca9282578168b9db587210c1f0568ad258b737931ef3f899239b7db58136ac8b005624007f05ecc0ff809f822a1b3844c42d78f4df04d7b8beae3370bd4e14a95dfaa5accff66d5f5bb97295f46ca70859fbb166117902c202812c7fec6450537ea842ac5e5e636e0c4155b23116c9f2c60f30a389d6511cb2d9584063bd1434a25e5c692d85cefc74d39e9d07778a0f9bc7a2a5f690b32e7e4f63aaa6e07e603ceec1e948e058a564c,gx-no-cache=1490706747114 HTTP/1.1" 200 30
186.79.27.240 - - [28/Mar/2017:10:11:20 -0300] "GET /cormun/servlet/trsolicitudot? HTTP/1.1" 200 8425
186.79.27.240 - - [28/Mar/2017:10:11:21 -0300] "GET /cormun/servlet/trsolicitudot? HTTP/1.1" 200 8423
186.79.27.240 - - [28/Mar/2017:10:11:27 -0300] "POST /cormun/servlet/trsolicitudot?be7986854299665cac96699d2943c3fd,,gx-no-cache=1490706754489 HTTP/1.1" 200 105
186.79.27.240 - - [28/Mar/2017:10:11:27 -0300] "GET /cormun/servlet/solicitudot?DLT,2017,5605, HTTP/1.1" 200 9394
186.79.27.240 - - [28/Mar/2017:10:11:28 -0300] "GET /cormun/static/Shared/jqueryui/images/ui-icons_82798d_256x240.png HTTP/1.1" 404 1089
186.79.27.240 - - [28/Mar/2017:10:11:28 -0300] "GET /cormun/static/Shared/jqueryui/images/ui-bg_flat_55_fafafa_40x100.png HTTP/1.1" 404 1097
186.79.27.240 - - [28/Mar/2017:10:11:28 -0300] "GET /cormun/static/Shared/jqueryui/images/ui-icons_8d78a5_256x240.png HTTP/1.1" 404 1089
186.79.27.240 - - [28/Mar/2017:10:11:28 -0300] "GET /cormun/servlet/solicitudot?DLT,2017,5605, HTTP/1.1" 200 9404
186.79.27.240 - - [28/Mar/2017:10:11:28 -0300] "GET /cormun/static/Shared/jqueryui/images/ui-bg_highlight-soft_100_c6c2c8_1x100.png HTTP/1.1" 404 1117
157.55.39.32 - - [28/Mar/2017:10:11:37 -0300] "GET /cormun/servlet/hpexe_return HTTP/1.1" 200 1034
192.168.10.13 - - [28/Mar/2017:10:11:38 -0300] "GET / HTTP/1.1" 200 11217
186.103.158.250 - - [28/Mar/2017:10:11:44 -0300] "POST /cormun/servlet/solicitudot?33a2aef2d3a16ec24b5fa70f9b781244,INS,0,0,,gx-no-cache=1490706771049 HTTP/1.1" 200 11015
186.79.27.240 - - [28/Mar/2017:10:12:21 -0300] "GET /cormun/servlet/hlogin HTTP/1.1" 200 1727
186.79.27.240 - - [28/Mar/2017:10:12:23 -0300] "POST /cormun/servlet/hlogin?e3b776728ed85e5ec1c88ba2cb981ed7,gx-no-cache=1490706811517 HTTP/1.1" 200 90
186.79.27.240 - - [28/Mar/2017:10:12:24 -0300] "GET /cormun/servlet/hpexe_link HTTP/1.1" 200 954
186.79.27.240 - - [28/Mar/2017:10:12:24 -0300] "GET /cormun/servlet/hhome HTTP/1.1" 200 3761
186.79.27.240 - - [28/Mar/2017:10:12:25 -0300] "GET /cormun/servlet/hhome HTTP/1.1" 200 3758
186.103.158.250 - - [28/Mar/2017:10:12:25 -0300] "POST /cormun/servlet/solicitudot?33a2aef2d3a16ec24b5fa70f9b781244,INS,0,0,,gx-no-cache=1490706812307 HTTP/1.1" 200 11111
186.79.27.240 - - [28/Mar/2017:10:12:28 -0300] "GET /cormun/servlet/trsolicitudot? HTTP/1.1" 200 8430
186.79.27.240 - - [28/Mar/2017:10:12:28 -0300] "GET /cormun/servlet/trsolicitudot? HTTP/1.1" 200 8428
186.79.27.240 - - [28/Mar/2017:10:12:37 -0300] "POST /cormun/servlet/trsolicitudot?e3b776728ed85e5ec1c88ba2cb981ed7,,gx-no-cache=1490706824715 HTTP/1.1" 200 105
186.79.27.240 - - [28/Mar/2017:10:12:37 -0300] "GET /cormun/servlet/solicitudot?DLT,2017,5605, HTTP/1.1" 200 9401
192.168.10.13 - - [28/Mar/2017:10:12:38 -0300] "GET / HTTP/1.1" 200 11217
186.79.27.240 - - [28/Mar/2017:10:12:38 -0300] "GET /cormun/static/Shared/jqueryui/images/ui-bg_highlight-soft_100_c6c2c8_1x100.png HTTP/1.1" 404 1117
186.79.27.240 - - [28/Mar/2017:10:12:38 -0300] "GET /cormun/static/Shared/jqueryui/images/ui-icons_82798d_256x240.png HTTP/1.1" 404 1089
186.79.27.240 - - [28/Mar/2017:10:12:38 -0300] "GET /cormun/static/Shared/jqueryui/images/ui-bg_flat_55_fafafa_40x100.png HTTP/1.1" 404 1097
186.79.27.240 - - [28/Mar/2017:10:12:38 -0300] "GET /cormun/static/Shared/jqueryui/images/ui-icons_8d78a5_256x240.png HTTP/1.1" 404 1089
186.79.27.240 - - [28/Mar/2017:10:12:38 -0300] "GET /cormun/servlet/solicitudot?DLT,2017,5605, HTTP/1.1" 200 9410
192.168.10.13 - - [28/Mar/2017:10:13:38 -0300] "GET / HTTP/1.1" 200 11217
186.103.158.250 - - [28/Mar/2017:10:13:49 -0300] "POST /cormun/servlet/solicitudot?gx-no-cache=1490706896227 HTTP/1.1" 200 3209
192.168.10.62 - - [28/Mar/2017:10:14:04 -0300] "POST /cormun/servlet/trsolicitudgral?b788ff355cdd1e6af67d5b26ebb5b9d7,gx-no-cache=1490710122496 HTTP/1.1" 200 10981
186.103.158.250 - - [28/Mar/2017:10:14:10 -0300] "GET /cormun/servlet/prfichaempleado?,MD,,gxPopupLevel%3D0%3B HTTP/1.1" 200 8824
186.103.158.250 - - [28/Mar/2017:10:14:33 -0300] "POST /cormun/servlet/solicitudot?gx-no-cache=1490706940285 HTTP/1.1" 200 3224
186.103.158.250 - - [28/Mar/2017:10:14:33 -0300] "GET /cormun/servlet/solicitudot?c63351e63a636ca9282578168b9db58789c7aa97b0d54bbc9e9eb7455b36c9d8eb9de24f9c481c6fb7a68b3b7dbae77ad24e2546b998a1e196bb5c0361ddd4d1c908119fffe62821f198fffc73f474626c468a59ac339917db694e48aa9190210575adf02072fae05c6d2150a5606b6adc61bebf426aa82513930a8ee60b6a1960e08423de32bc26aeab37a01701cbf4994eac68882f69c5cf6b5d87449b226baa81389f3fe5b2679307c2d3272255490668cbfeb648ad04daa212a49fef871bfe31f1de9145a9850a508611247b13d770b80319bdbe1b730507978149467fcc9c7912afe73ad2eb0fa17126282daba2a2c3a3289e6c85bee58deda238468a594c6d1fdebfe62698df54d16f9bea7f89fdbbfb36ad9212eaf4ae4554c57a1f3cc377c0ee1a497a9fe5a957ab466ed0d2265e48100f31744ea3de0f115d56c68dde99263d0728523bb38f44b8233874be,gx-no-cache=1490706940472 HTTP/1.1" 200 30
186.103.158.250 - - [28/Mar/2017:10:14:33 -0300] "POST /cormun/servlet/solicitudot?gx-no-cache=1490706940561 HTTP/1.1" 200 30
186.103.158.250 - - [28/Mar/2017:10:14:33 -0300] "POST /cormun/servlet/solicitudot?gx-no-cache=1490706940644 HTTP/1.1" 200 1286
186.103.158.250 - - [28/Mar/2017:10:14:33 -0300] "POST /cormun/servlet/solicitudot?gx-no-cache=1490706940819 HTTP/1.1" 200 41
186.103.158.250 - - [28/Mar/2017:10:14:33 -0300] "POST /cormun/servlet/solicitudot?gx-no-cache=1490706940914 HTTP/1.1" 200 1273
186.103.158.250 - - [28/Mar/2017:10:14:33 -0300] "POST /cormun/servlet/solicitudot?gx-no-cache=1490706940993 HTTP/1.1" 200 1157
186.103.158.250 - - [28/Mar/2017:10:14:33 -0300] "GET /cormun/servlet/solicitudot?c63351e63a636ca9282578168b9db587210c1f0568ad258b737931ef3f899239b7db58136ac8b005624007f05ecc0ff809f822a1b3844c42d78f4df04d7b8beae3370bd4e14a95dfaa5accff66d5f5bb97295f46ca70859fbb166117902c202812c7fec6450537ea842ac5e5e636e0c4155b23116c9f2c60f30a389d6511cb2d9584063bd1434a25e5c692d85cefc74d39e9d07778a0f9bc7a2a5f690b32e7e4f63aaa6e07e603ceec1e948e058a564c,gx-no-cache=1490706941071 HTTP/1.1" 200 30
186.103.158.250 - - [28/Mar/2017:10:14:34 -0300] "POST /cormun/servlet/solicitudot?33a2aef2d3a16ec24b5fa70f9b781244,INS,0,0,,gx-no-cache=1490706941117 HTTP/1.1" 200 11156
192.168.10.13 - - [28/Mar/2017:10:14:38 -0300] "GET / HTTP/1.1" 200 11217
186.103.158.250 - - [28/Mar/2017:10:15:13 -0300] "POST /cormun/servlet/solicitudot?gx-no-cache=1490706980244 HTTP/1.1" 200 1273
186.103.158.250 - - [28/Mar/2017:10:15:13 -0300] "POST /cormun/servlet/solicitudot?gx-no-cache=1490706980361 HTTP/1.1" 200 1157
186.103.158.250 - - [28/Mar/2017:10:15:13 -0300] "GET /cormun/servlet/solicitudot?c63351e63a636ca9282578168b9db587210c1f0568ad258b737931ef3f899239b7db58136ac8b005624007f05ecc0ff809f822a1b3844c42d78f4df04d7b8beae3370bd4e14a95dfaa5accff66d5f5bb97295f46ca70859fbb166117902c202812c7fec6450537ea842ac5e5e636e0c4155b23116c9f2c60f30a389d6511cb2d9584063bd1434a25e5c692d85cefc74d39e9d07778a0f9bc7a2a5f690b32e7e4f63aaa6e07e603ceec1e948e058a564c,gx-no-cache=1490706980482 HTTP/1.1" 200 30
186.103.158.250 - - [28/Mar/2017:10:15:25 -0300] "POST /cormun/servlet/solicitudot?33a2aef2d3a16ec24b5fa70f9b781244,INS,0,0,,gx-no-cache=1490706992541 HTTP/1.1" 200 11208
186.103.158.250 - - [28/Mar/2017:10:15:30 -0300] "POST /cormun/servlet/solicitudot?33a2aef2d3a16ec24b5fa70f9b781244,INS,0,0,,gx-no-cache=1490706996950 HTTP/1.1" 200 93
186.103.158.250 - - [28/Mar/2017:10:15:30 -0300] "GET /cormun/servlet/hpexe_return? HTTP/1.1" 200 1007
186.103.158.250 - - [28/Mar/2017:10:15:30 -0300] "GET /cormun/servlet/trsolicitudot HTTP/1.1" 200 8502
186.103.158.250 - - [28/Mar/2017:10:15:32 -0300] "GET /cormun/servlet/trsolicitudot HTTP/1.1" 200 8498
192.168.10.13 - - [28/Mar/2017:10:15:38 -0300] "GET / HTTP/1.1" 200 11217
186.103.158.250 - - [28/Mar/2017:10:16:04 -0300] "GET /cormun/servlet/hlogin HTTP/1.1" 200 1723
186.103.158.250 - - [28/Mar/2017:10:16:17 -0300] "POST /cormun/servlet/hlogin?33a2aef2d3a16ec24b5fa70f9b781244,gx-no-cache=1490707044507 HTTP/1.1" 200 90
186.103.158.250 - - [28/Mar/2017:10:16:17 -0300] "GET /cormun/servlet/hpexe_link HTTP/1.1" 200 958
186.103.158.250 - - [28/Mar/2017:10:16:17 -0300] "GET /cormun/servlet/trsolicitudot HTTP/1.1" 200 8499
186.103.158.250 - - [28/Mar/2017:10:16:19 -0300] "GET /cormun/servlet/trsolicitudot HTTP/1.1" 200 8498
186.103.158.250 - - [28/Mar/2017:10:16:25 -0300] "GET /cormun/servlet/solicitudot?INS,0,0, HTTP/1.1" 200 12570
186.103.158.250 - - [28/Mar/2017:10:16:26 -0300] "GET /cormun/servlet/solicitudot?INS,0,0, HTTP/1.1" 200 12574
192.168.10.13 - - [28/Mar/2017:10:16:38 -0300] "GET / HTTP/1.1" 200 11217
186.103.158.250 - - [28/Mar/2017:10:16:44 -0300] "POST /cormun/servlet/solicitudot?gx-no-cache=1490707071041 HTTP/1.1" 200 3200
186.103.158.250 - - [28/Mar/2017:10:16:44 -0300] "GET /cormun/static/Shared/jqueryui/images/ui-bg_highlight-soft_100_c6c2c8_1x100.png HTTP/1.1" 404 1117
186.103.158.250 - - [28/Mar/2017:10:16:44 -0300] "GET /cormun/static/Shared/jqueryui/images/ui-icons_82798d_256x240.png HTTP/1.1" 404 1089
186.103.158.250 - - [28/Mar/2017:10:16:44 -0300] "GET /cormun/static/Shared/jqueryui/images/ui-bg_flat_55_994d53_40x100.png HTTP/1.1" 404 1097
186.103.158.250 - - [28/Mar/2017:10:16:44 -0300] "GET /cormun/static/Shared/jqueryui/images/ui-icons_ebccce_256x240.png HTTP/1.1" 404 1089
186.103.158.250 - - [28/Mar/2017:10:16:47 -0300] "GET /cormun/servlet/solicitudot?c63351e63a636ca9282578168b9db58764b417e8caebf3e1b038127d0f4f50b69f30a92bd406ad69f25786ca3617d305,gx-no-cache=1490707074416 HTTP/1.1" 200 30
192.168.10.89 - - [28/Mar/2017:10:17:21 -0300] "GET /cormun/servlet/trsolicitudgral? HTTP/1.1" 200 9970
192.168.10.89 - - [28/Mar/2017:10:17:30 -0300] "POST /cormun/servlet/trsolicitudgral?7031db5127bc564a47a5005297b39cfa,,gx-no-cache=1490710327977 HTTP/1.1" 200 22605
192.168.10.89 - - [28/Mar/2017:10:17:34 -0300] "POST /cormun/servlet/trsolicitudgral?7031db5127bc564a47a5005297b39cfa,,gx-no-cache=1490710332331 HTTP/1.1" 200 105
192.168.10.89 - - [28/Mar/2017:10:17:34 -0300] "GET /cormun/SolicitudGral-4151.xls HTTP/1.1" 200 52736
192.168.10.89 - - [28/Mar/2017:10:17:35 -0300] "OPTIONS /cormun/ HTTP/1.1" 200 -
192.168.10.89 - - [28/Mar/2017:10:17:35 -0300] "HEAD /cormun/SolicitudGral-4151.xls HTTP/1.1" 200 -
192.168.10.89 - - [28/Mar/2017:10:17:36 -0300] "OPTIONS /cormun HTTP/1.1" 302 -
192.168.10.89 - - [28/Mar/2017:10:17:36 -0300] "OPTIONS /cormun/ HTTP/1.1" 200 -
192.168.10.89 - - [28/Mar/2017:10:17:36 -0300] "PROPFIND /cormun HTTP/1.1" 302 -
192.168.10.89 - - [28/Mar/2017:10:17:36 -0300] "PROPFIND /cormun/ HTTP/1.1" 501 1141
192.168.10.89 - - [28/Mar/2017:10:17:36 -0300] "PROPFIND /cormun HTTP/1.1" 302 -
192.168.10.89 - - [28/Mar/2017:10:17:36 -0300] "PROPFIND /cormun/ HTTP/1.1" 501 1141
192.168.10.89 - - [28/Mar/2017:10:17:36 -0300] "HEAD /cormun/SolicitudGral-4151.xls HTTP/1.1" 200 -
192.168.10.89 - - [28/Mar/2017:10:17:36 -0300] "PROPFIND / HTTP/1.1" 200 11217
192.168.10.89 - - [28/Mar/2017:10:17:36 -0300] "PROPFIND / HTTP/1.1" 200 11217
192.168.10.13 - - [28/Mar/2017:10:17:38 -0300] "GET / HTTP/1.1" 200 11217
192.168.10.89 - - [28/Mar/2017:10:17:38 -0300] "PROPFIND /cormun HTTP/1.1" 302 -
192.168.10.89 - - [28/Mar/2017:10:17:39 -0300] "PROPFIND /cormun/ HTTP/1.1" 501 1141
192.168.10.89 - - [28/Mar/2017:10:17:39 -0300] "PROPFIND /cormun HTTP/1.1" 302 -
192.168.10.89 - - [28/Mar/2017:10:17:39 -0300] "PROPFIND /cormun/ HTTP/1.1" 501 1141
192.168.10.89 - - [28/Mar/2017:10:17:39 -0300] "GET /cormun/SolicitudGral-4151.xls HTTP/1.1" 200 52736
192.168.10.89 - - [28/Mar/2017:10:17:39 -0300] "HEAD /cormun/SolicitudGral-4151.xls HTTP/1.1" 200 -
157.55.39.32 - - [28/Mar/2017:10:17:52 -0300] "GET /cormun/servlet/hpexe_return HTTP/1.1" 200 1038
192.168.10.89 - - [28/Mar/2017:10:17:59 -0300] "POST /cormun/servlet/trsolicitudgral?7031db5127bc564a47a5005297b39cfa,,gx-no-cache=1490710358029 HTTP/1.1" 200 20348
186.103.158.250 - - [28/Mar/2017:10:18:30 -0300] "GET /cormun/servlet/solicitudot?c63351e63a636ca9282578168b9db587e40f6103c2037794b5414acca9956567b423291cdf3d2f8a6db8e222bb5fe4bc1c8bac37e250b9172b59927f5b4839ed465cebfe236b0b93f931b828c7adb3a583799c7e2fa701a656af922f7354f55c47d2cf64dd9039a9f8ac388c5eb39ee247523e8fc23a00d3586b0dda03c726264a3c6daa451229a604e96819854c8228e0b555978db7fd40c63df35850d9ca346b16fb25237a4a3e801c3c8a118edfb52c5416dfd63446483585361e411e98e7c9cbee7c26dab370e37d520569a9847cb724260592d937cf0aea10c2955b110421114eaac6a017201236840cfdf1361a6e8b8359953e3c966217acc9326049e1e3370bd4e14a95dfaa5accff66d5f5bb03e51d88b96c0adf2fcf59d2d4025f49c2023620ada2d329b89931667fc8a3731763185da20458dda7dc7cec9e859df73eb63dc1ae0dfc562b776a8e915e4787,gx-no-cache=1490707177461 HTTP/1.1" 200 297
192.168.10.13 - - [28/Mar/2017:10:18:38 -0300] "GET / HTTP/1.1" 200 11217
186.103.158.250 - - [28/Mar/2017:10:18:39 -0300] "GET /cormun/servlet/solicitudot?c63351e63a636ca9282578168b9db58789c7aa97b0d54bbc9e9eb7455b36c9d8eb9de24f9c481c6fb7a68b3b7dbae77ad24e2546b998a1e196bb5c0361ddd4d1c908119fffe62821f198fffc73f474626c468a59ac339917db694e48aa9190210575adf02072fae05c6d2150a5606b6adc61bebf426aa82513930a8ee60b6a1960e08423de32bc26aeab37a01701cbf4994eac68882f69c5cf6b5d87449b226baa81389f3fe5b2679307c2d3272255490668cbfeb648ad04daa212a49fef871bfe31f1de9145a9850a508611247b13d770b80319bdbe1b730507978149467fcc9c7912afe73ad2eb0fa17126282daba276dc52a86101ace3d65cfa6c2381c8474c6d1fdebfe62698df54d16f9bea7f89d372109e9cf30722eda72dd12d525b37ff9dbcea8655db2b7e46f1ec03c16e18a375ded9b62698861247e38f96b30e9b0fe9d2411e02fbda87ea2398d75b0279f72ac04892fb59493cd7f178148f5f91ae8e2855386e8a7595d0450c01a947c8ded2ba0a389e007cf75f9b1ad07bc229d1ab90fe585028844213a9c63e4f82a1,gx-no-cache=1490707186571 HTTP/1.1" 200 30
186.103.158.250 - - [28/Mar/2017:10:18:43 -0300] "POST /cormun/servlet/solicitudot?gx-no-cache=1490707190404 HTTP/1.1" 200 30
186.103.158.250 - - [28/Mar/2017:10:18:44 -0300] "POST /cormun/servlet/solicitudot?gx-no-cache=1490707191981 HTTP/1.1" 200 235
186.103.158.250 - - [28/Mar/2017:10:18:45 -0300] "POST /cormun/servlet/solicitudot?gx-no-cache=1490707192099 HTTP/1.1" 200 38
186.103.158.250 - - [28/Mar/2017:10:18:58 -0300] "GET /cormun/servlet/solicitudot?c63351e63a636ca9282578168b9db58794b6b438aec2f0bb5f6cf3088f6790186e8b8359953e3c966217acc9326049e1e3370bd4e14a95dfaa5accff66d5f5bb42453b08582ad7f3ebb32832592d5858,gx-no-cache=1490707205957 HTTP/1.1" 200 29
186.103.158.250 - - [28/Mar/2017:10:18:58 -0300] "POST /cormun/servlet/solicitudot?gx-no-cache=1490707206017 HTTP/1.1" 200 641
186.103.158.250 - - [28/Mar/2017:10:19:01 -0300] "POST /cormun/servlet/solicitudot?gx-no-cache=1490707208148 HTTP/1.1" 200 1157
186.103.158.250 - - [28/Mar/2017:10:19:12 -0300] "GET /cormun/static/menuarrow.gif HTTP/1.1" 404 1015
192.168.10.60 - - [28/Mar/2017:10:19:16 -0300] "GET /cormun/servlet/hlogin HTTP/1.1" 200 1718
192.168.10.60 - - [28/Mar/2017:10:19:16 -0300] "GET /cormun/servlet/hlogin HTTP/1.1" 200 1729
192.168.10.60 - - [28/Mar/2017:10:19:18 -0300] "POST /cormun/servlet/hlogin?7c449583b9c94eef6a460a1fe6d708b0,gx-no-cache=1490706401014 HTTP/1.1" 200 90
192.168.10.60 - - [28/Mar/2017:10:19:18 -0300] "GET /cormun/servlet/hpexe_link HTTP/1.1" 200 948
192.168.10.60 - - [28/Mar/2017:10:19:18 -0300] "GET /cormun/servlet/hhome HTTP/1.1" 200 3743
192.168.10.60 - - [28/Mar/2017:10:19:18 -0300] "GET /cormun/servlet/hhome HTTP/1.1" 200 3740
192.168.10.60 - - [28/Mar/2017:10:19:22 -0300] "GET /cormun/servlet/trautorizarot? HTTP/1.1" 200 15556
192.168.10.60 - - [28/Mar/2017:10:19:23 -0300] "GET /cormun/servlet/trautorizarot? HTTP/1.1" 200 15554
192.168.10.60 - - [28/Mar/2017:10:19:24 -0300] "GET /cormun/static/menuarrow.gif HTTP/1.1" 404 1015
186.103.158.250 - - [28/Mar/2017:10:19:25 -0300] "GET /cormun/servlet/solicitudot?c63351e63a636ca9282578168b9db587210c1f0568ad258b737931ef3f899239b7db58136ac8b005624007f05ecc0ff809f822a1b3844c42d78f4df04d7b8beae3370bd4e14a95dfaa5accff66d5f5bb97295f46ca70859fbb166117902c202812c7fec6450537ea842ac5e5e636e0c4155b23116c9f2c60f30a389d6511cb2d9584063bd1434a25e5c692d85cefc74d39e9d07778a0f9bc7a2a5f690b32e7e4f63aaa6e07e603ceec1e948e058a564c,gx-no-cache=1490707232511 HTTP/1.1" 200 30
192.168.10.60 - - [28/Mar/2017:10:19:32 -0300] "POST /cormun/servlet/trautorizarot?7c449583b9c94eef6a460a1fe6d708b0,,gx-no-cache=1490706414752 HTTP/1.1" 200 19913
192.168.10.13 - - [28/Mar/2017:10:19:38 -0300] "GET / HTTP/1.1" 200 11217
186.103.158.250 - - [28/Mar/2017:10:20:26 -0300] "POST /cormun/servlet/solicitudot?33a2aef2d3a16ec24b5fa70f9b781244,INS,0,0,,gx-no-cache=1490707292713 HTTP/1.1" 200 11057
192.168.10.60 - - [28/Mar/2017:10:20:29 -0300] "POST /cormun/servlet/trautorizarot?7c449583b9c94eef6a460a1fe6d708b0,,gx-no-cache=1490706471984 HTTP/1.1" 200 13593
192.168.10.13 - - [28/Mar/2017:10:20:38 -0300] "GET / HTTP/1.1" 200 11217
192.168.10.60 - - [28/Mar/2017:10:20:41 -0300] "POST /cormun/servlet/trautorizarot?7c449583b9c94eef6a460a1fe6d708b0,,gx-no-cache=1490706483918 HTTP/1.1" 200 12759
192.168.10.60 - - [28/Mar/2017:10:20:54 -0300] "POST /cormun/servlet/trautorizarot?7c449583b9c94eef6a460a1fe6d708b0,,gx-no-cache=1490706497180 HTTP/1.1" 200 7307
192.168.10.60 - - [28/Mar/2017:10:21:00 -0300] "POST /cormun/servlet/trautorizarot?7c449583b9c94eef6a460a1fe6d708b0,,gx-no-cache=1490706503147 HTTP/1.1" 200 5158
157.55.39.221 - - [28/Mar/2017:10:21:02 -0300] "GET /robots.txt HTTP/1.1" 404 981
192.168.10.60 - - [28/Mar/2017:10:21:13 -0300] "POST /cormun/servlet/trautorizarot?7c449583b9c94eef6a460a1fe6d708b0,,gx-no-cache=1490706516336 HTTP/1.1" 200 11538
192.168.10.60 - - [28/Mar/2017:10:21:21 -0300] "POST /cormun/servlet/trautorizarot?7c449583b9c94eef6a460a1fe6d708b0,,gx-no-cache=1490706524296 HTTP/1.1" 200 6895
192.168.10.60 - - [28/Mar/2017:10:21:26 -0300] "POST /cormun/servlet/trautorizarot?7c449583b9c94eef6a460a1fe6d708b0,,gx-no-cache=1490706529131 HTTP/1.1" 200 5153
192.168.10.60 - - [28/Mar/2017:10:21:30 -0300] "POST /cormun/servlet/trautorizarot?7c449583b9c94eef6a460a1fe6d708b0,,gx-no-cache=1490706533240 HTTP/1.1" 200 4990
192.168.10.60 - - [28/Mar/2017:10:21:35 -0300] "POST /cormun/servlet/trautorizarot?7c449583b9c94eef6a460a1fe6d708b0,,gx-no-cache=1490706537695 HTTP/1.1" 200 10553
192.168.10.13 - - [28/Mar/2017:10:21:38 -0300] "GET / HTTP/1.1" 200 11217
192.168.10.60 - - [28/Mar/2017:10:21:49 -0300] "POST /cormun/servlet/trautorizarot?7c449583b9c94eef6a460a1fe6d708b0,,gx-no-cache=1490706552236 HTTP/1.1" 200 7315
192.168.10.60 - - [28/Mar/2017:10:21:55 -0300] "POST /cormun/servlet/trautorizarot?7c449583b9c94eef6a460a1fe6d708b0,,gx-no-cache=1490706558424 HTTP/1.1" 200 5155
192.168.10.60 - - [28/Mar/2017:10:22:05 -0300] "POST /cormun/servlet/trautorizarot?7c449583b9c94eef6a460a1fe6d708b0,,gx-no-cache=1490706568192 HTTP/1.1" 200 9193
192.168.10.60 - - [28/Mar/2017:10:22:13 -0300] "POST /cormun/servlet/trautorizarot?7c449583b9c94eef6a460a1fe6d708b0,,gx-no-cache=1490706576046 HTTP/1.1" 200 8458
192.168.10.60 - - [28/Mar/2017:10:22:20 -0300] "POST /cormun/servlet/trautorizarot?7c449583b9c94eef6a460a1fe6d708b0,,gx-no-cache=1490706583173 HTTP/1.1" 200 7732
192.168.10.60 - - [28/Mar/2017:10:22:29 -0300] "POST /cormun/servlet/trautorizarot?7c449583b9c94eef6a460a1fe6d708b0,,gx-no-cache=1490706591989 HTTP/1.1" 200 5149
192.168.10.13 - - [28/Mar/2017:10:22:38 -0300] "GET / HTTP/1.1" 200 11217
192.168.10.89 - - [28/Mar/2017:10:23:37 -0300] "POST /cormun/servlet/trsolicitudgral?7031db5127bc564a47a5005297b39cfa,,gx-no-cache=1490710695742 HTTP/1.1" 200 5394
192.168.10.13 - - [28/Mar/2017:10:23:38 -0300] "GET / HTTP/1.1" 200 11217
192.168.10.89 - - [28/Mar/2017:10:23:46 -0300] "POST /cormun/servlet/trsolicitudgral?7031db5127bc564a47a5005297b39cfa,,gx-no-cache=1490710704208 HTTP/1.1" 200 22605
192.168.10.13 - - [28/Mar/2017:10:24:38 -0300] "GET / HTTP/1.1" 200 11217
192.168.10.89 - - [28/Mar/2017:10:24:44 -0300] "GET /cormun/servlet/trconsultaempleado? HTTP/1.1" 200 6724
192.168.10.89 - - [28/Mar/2017:10:24:51 -0300] "POST /cormun/servlet/trconsultaempleado?7031db5127bc564a47a5005297b39cfa,,gx-no-cache=1490710770265 HTTP/1.1" 200 4107
192.168.10.13 - - [28/Mar/2017:10:25:38 -0300] "GET / HTTP/1.1" 200 11217
186.103.157.235 - - [28/Mar/2017:10:26:05 -0300] "GET /cormun/servlet/hlogin HTTP/1.1" 200 1718
186.103.157.235 - - [28/Mar/2017:10:26:05 -0300] "GET /cormun/static/gxtimezone.js?85251 HTTP/1.1" 200 5781
186.103.157.235 - - [28/Mar/2017:10:26:05 -0300] "GET /cormun/static/gxcfg.js?201731711485472 HTTP/1.1" 200 953
186.103.157.235 - - [28/Mar/2017:10:26:07 -0300] "GET /cormun/static/Resources/Spanish/PXTools.css?11294912 HTTP/1.1" 200 89042
186.103.157.235 - - [28/Mar/2017:10:26:08 -0300] "GET /cormun/static/messages.spa.js?85251 HTTP/1.1" 200 30736
186.103.157.235 - - [28/Mar/2017:10:26:10 -0300] "GET /cormun/static/hlogin.js?201731711485490 HTTP/1.1" 200 2136
186.103.157.235 - - [28/Mar/2017:10:26:10 -0300] "GET /cormun/static/Resources/ComunLogin.png HTTP/1.1" 200 17326
186.103.157.235 - - [28/Mar/2017:10:26:15 -0300] "GET /cormun/static/gxgral.js?85251 HTTP/1.1" 200 384558
186.103.157.235 - - [28/Mar/2017:10:26:16 -0300] "GET /cormun/static/Resources/PXToolsLoginTop.png HTTP/1.1" 200 1337
186.103.157.235 - - [28/Mar/2017:10:26:16 -0300] "GET /cormun/static/Resources/PXToolsLoginBackground.png HTTP/1.1" 200 1164
186.103.157.235 - - [28/Mar/2017:10:26:16 -0300] "GET /cormun/static/Resources/PXToolsButtonLeft21.png HTTP/1.1" 200 1287
186.103.157.235 - - [28/Mar/2017:10:26:16 -0300] "GET /cormun/static/Resources/PXToolsButtonRight21.png HTTP/1.1" 200 1283
186.103.157.235 - - [28/Mar/2017:10:26:16 -0300] "GET /cormun/static/Resources/PXToolsButtonBackground2.png HTTP/1.1" 200 1181
186.103.157.235 - - [28/Mar/2017:10:26:16 -0300] "GET /cormun/static/Resources/PXToolsLoginBottom.png HTTP/1.1" 200 1389
186.103.157.235 - - [28/Mar/2017:10:26:16 -0300] "GET /cormun/static/Resources/indicator.gif HTTP/1.1" 200 1553
186.103.157.235 - - [28/Mar/2017:10:26:16 -0300] "GET /cormun/servlet/hlogin HTTP/1.1" 200 1729
186.103.157.235 - - [28/Mar/2017:10:26:17 -0300] "GET /cormun/static/Resources/indicator.gif HTTP/1.1" 200 1553
186.103.157.235 - - [28/Mar/2017:10:26:18 -0300] "GET /favicon.ico HTTP/1.1" 200 21630
186.103.158.250 - - [28/Mar/2017:10:26:24 -0300] "POST /cormun/servlet/solicitudot?33a2aef2d3a16ec24b5fa70f9b781244,INS,0,0,,gx-no-cache=1490707651087 HTTP/1.1" 200 93
186.103.158.250 - - [28/Mar/2017:10:26:24 -0300] "GET /cormun/servlet/hpexe_return? HTTP/1.1" 200 1007
186.103.158.250 - - [28/Mar/2017:10:26:24 -0300] "GET /cormun/servlet/trsolicitudot HTTP/1.1" 200 8502
