200.73.230.173 - - [28/Mar/2017:09:43:43 -0300] "GET /cormun/servlet/hpexe_return? HTTP/1.1" 200 1012
200.73.230.173 - - [28/Mar/2017:09:43:43 -0300] "GET /cormun/static/gxcfg.js?2016101716175148 HTTP/1.1" 304 -
200.73.230.173 - - [28/Mar/2017:09:43:44 -0300] "GET /cormun/static/hpexe_return.js?2016101716175153 HTTP/1.1" 304 -
200.73.230.173 - - [28/Mar/2017:09:43:44 -0300] "GET /cormun/servlet/trlicencias HTTP/1.1" 200 7835
200.73.230.173 - - [28/Mar/2017:09:43:45 -0300] "GET /cormun/servlet/trlicencias HTTP/1.1" 200 7831
200.73.230.173 - - [28/Mar/2017:09:43:58 -0300] "GET /cormun/servlet/trlicenciaspermisosadjuntos?10484191,20170328000000,L, HTTP/1.1" 200 6164
200.73.230.173 - - [28/Mar/2017:09:43:58 -0300] "GET /cormun/static/gxcfg.js?20173171154619 HTTP/1.1" 304 -
200.73.230.173 - - [28/Mar/2017:09:43:59 -0300] "GET /cormun/static/trlicenciaspermisosadjuntos.js?20173171154971 HTTP/1.1" 304 -
200.73.230.173 - - [28/Mar/2017:09:43:59 -0300] "GET /cormun/servlet/trlicenciaspermisosadjuntos?10484191,20170328000000,L, HTTP/1.1" 200 6164
200.73.230.173 - - [28/Mar/2017:09:44:11 -0300] "GET /cormun/servlet/licenciaspermisosadjuntos?INS,10484191,L,20170328000000,, HTTP/1.1" 200 5457
200.73.230.173 - - [28/Mar/2017:09:44:11 -0300] "GET /cormun/static/gxcfg.js?201731711421170 HTTP/1.1" 304 -
200.73.230.173 - - [28/Mar/2017:09:44:11 -0300] "GET /cormun/static/licenciaspermisosadjuntos.js?201731711421181 HTTP/1.1" 304 -
200.73.230.173 - - [28/Mar/2017:09:44:11 -0300] "GET /cormun/static/about:blank HTTP/1.1" 404 1011
200.73.230.173 - - [28/Mar/2017:09:44:11 -0300] "GET /cormun/servlet/licenciaspermisosadjuntos?INS,10484191,L,20170328000000,, HTTP/1.1" 200 5446
192.168.10.13 - - [28/Mar/2017:09:44:38 -0300] "GET / HTTP/1.1" 200 11217
200.73.230.173 - - [28/Mar/2017:09:44:39 -0300] "POST /cormun/servlet/licenciaspermisosadjuntos?f18d0eda649421befc5515c94c4c7486,INS,10484191,L,20170328000000,, HTTP/1.1" 200 116
200.73.230.173 - - [28/Mar/2017:09:44:39 -0300] "GET /cormun/servlet/hpexe_return? HTTP/1.1" 200 1043
200.73.230.173 - - [28/Mar/2017:09:44:40 -0300] "GET /cormun/servlet/trlicenciaspermisosadjuntos?10484191,20170328000000,L, HTTP/1.1" 200 6649
200.73.230.173 - - [28/Mar/2017:09:44:41 -0300] "GET /cormun/servlet/trlicenciaspermisosadjuntos?10484191,20170328000000,L, HTTP/1.1" 200 6645
200.73.230.173 - - [28/Mar/2017:09:44:41 -0300] "GET /cormun/PublicTempStorage/20170328_081249_sandra_73248798.jpg HTTP/1.1" 200 982520
200.73.230.173 - - [28/Mar/2017:09:44:52 -0300] "GET /cormun/servlet/licenciaspermisosadjuntos?INS,10484191,L,20170328000000,, HTTP/1.1" 200 5457
200.73.230.173 - - [28/Mar/2017:09:44:53 -0300] "GET /cormun/servlet/licenciaspermisosadjuntos?INS,10484191,L,20170328000000,, HTTP/1.1" 200 5447
200.73.230.173 - - [28/Mar/2017:09:44:54 -0300] "GET /cormun/servlet/trlicenciaspermisosadjuntos?10484191,20170328000000,L, HTTP/1.1" 200 6645
200.73.230.173 - - [28/Mar/2017:09:44:55 -0300] "GET /cormun/servlet/trlicenciaspermisosadjuntos?10484191,20170328000000,L, HTTP/1.1" 200 6645
200.73.230.173 - - [28/Mar/2017:09:44:56 -0300] "GET /cormun/PublicTempStorage/20170328_081249_sandra_71069021.jpg HTTP/1.1" 200 982520
200.73.230.173 - - [28/Mar/2017:09:44:57 -0300] "GET /cormun/servlet/trlicencias HTTP/1.1" 200 7835
200.73.230.173 - - [28/Mar/2017:09:44:57 -0300] "GET /cormun/servlet/trlicencias HTTP/1.1" 200 7831
200.73.230.173 - - [28/Mar/2017:09:45:08 -0300] "GET /cormun/servlet/alicenciaprn?10484191,L,20170328000000,PU HTTP/1.1" 200 1538
186.103.159.230 - - [28/Mar/2017:09:45:13 -0300] "GET /cormun/servlet/licenciaspermisos?8d775d1eb3d7b8d00c1967ad33371eb6ba4436ccad2796bb72f0465f5455d82f796b5f3cee5d660475d89a5ca674041c117239bc27fe9612de987215419c667b3fd19288c94c9c8cadd094643a090a458d163021eaa0fd9dec9f236d147abea15a97cbb6098c4f54a118e519222931a62b1823b289b6dd144c01e4f6ddd60f94748f6fb730de7836d226c39b60976f71c3e2b5e983a9b29a7083a1a5177a3ba2d2a238ffa6ff0bf331d52799c60fb7a5fd59d845fa56ccfac2cf84702587b773dfcee348d67d0587fe643645c9fa5211c6bda49c33c507166f1ddf42153594d7,gx-no-cache=1490705180848 HTTP/1.1" 200 30
186.103.159.230 - - [28/Mar/2017:09:45:13 -0300] "GET /cormun/servlet/licenciaspermisos?8d775d1eb3d7b8d00c1967ad33371eb6ea8f13a6addeee33b04d0ce1b140d0f395a5c4f60459e1ff8ec8e0368a8f19a7bd7418a33953d58b0ed038194d7e5c17caf36271e45dcf5ac0f08f45ee5d565973ad607743b4243d3201ae2fa8ddebb90fc753065e27bf7d06dbd7c0a1386026feaadb2b3d838e56dd483e6f9e588aa4face283ca6a2d771261a73d000035fb8ee30eb43fa5fbef3a47661f23852f0ebb0ebfef60329280b94a3caf853432f03d9a63863f906f96c24a225bce78a1fd2c34379986e8d7831c47ccbe7dd23eb85554cc609f47f5d2ddf6e26af842074d5,gx-no-cache=1490705182012 HTTP/1.1" 200 29
186.103.159.230 - - [28/Mar/2017:09:45:14 -0300] "POST /cormun/servlet/licenciaspermisos?c1c83abeba16aeae822af286b4734c8d,INS,0,,,,gx-no-cache=1490705182059 HTTP/1.1" 200 93
186.103.159.230 - - [28/Mar/2017:09:45:14 -0300] "GET /cormun/servlet/hpexe_return? HTTP/1.1" 200 1011
186.103.159.230 - - [28/Mar/2017:09:45:14 -0300] "GET /cormun/servlet/trlicencias? HTTP/1.1" 200 7996
186.103.159.230 - - [28/Mar/2017:09:45:15 -0300] "GET /cormun/servlet/trlicencias? HTTP/1.1" 200 7992
186.103.159.230 - - [28/Mar/2017:09:45:20 -0300] "GET /cormun/servlet/trlicenciaspermisosadjuntos?7122287,20170328000000,L, HTTP/1.1" 200 6323
186.103.159.230 - - [28/Mar/2017:09:45:20 -0300] "GET /cormun/servlet/trlicenciaspermisosadjuntos?7122287,20170328000000,L, HTTP/1.1" 200 6323
186.103.159.230 - - [28/Mar/2017:09:45:23 -0300] "GET /cormun/servlet/licenciaspermisosadjuntos?INS,7122287,L,20170328000000,, HTTP/1.1" 200 5619
186.103.159.230 - - [28/Mar/2017:09:45:23 -0300] "GET /cormun/static/about:blank HTTP/1.1" 404 1011
186.103.159.230 - - [28/Mar/2017:09:45:23 -0300] "GET /cormun/servlet/licenciaspermisosadjuntos?INS,7122287,L,20170328000000,, HTTP/1.1" 200 5608
192.168.10.13 - - [28/Mar/2017:09:45:38 -0300] "GET / HTTP/1.1" 200 11217
186.103.159.230 - - [28/Mar/2017:09:45:40 -0300] "POST /cormun/servlet/licenciaspermisosadjuntos?c1c83abeba16aeae822af286b4734c8d,INS,7122287,L,20170328000000,, HTTP/1.1" 200 116
186.103.159.230 - - [28/Mar/2017:09:45:40 -0300] "GET /cormun/servlet/hpexe_return? HTTP/1.1" 200 1040
186.103.159.230 - - [28/Mar/2017:09:45:40 -0300] "GET /cormun/servlet/trlicenciaspermisosadjuntos?7122287,20170328000000,L, HTTP/1.1" 200 6801
186.103.159.230 - - [28/Mar/2017:09:45:41 -0300] "GET /cormun/servlet/trlicenciaspermisosadjuntos?7122287,20170328000000,L, HTTP/1.1" 200 6797
186.103.159.230 - - [28/Mar/2017:09:45:46 -0300] "GET /cormun/servlet/trlicencias? HTTP/1.1" 200 7993
186.103.159.230 - - [28/Mar/2017:09:45:47 -0300] "GET /cormun/servlet/trlicencias? HTTP/1.1" 200 7992
192.168.10.96 - - [28/Mar/2017:09:45:50 -0300] "GET /cormun/servlet/trpermisosingoceadjunto?31,18645705, HTTP/1.1" 200 6297
186.103.159.230 - - [28/Mar/2017:09:45:50 -0300] "POST /cormun/servlet/trlicencias?c1c83abeba16aeae822af286b4734c8d,,gx-no-cache=1490705218337 HTTP/1.1" 200 4233
186.103.159.230 - - [28/Mar/2017:09:45:50 -0300] "GET /cormun/static/Shared/jqueryui/images/ui-bg_highlight-soft_100_c6c2c8_1x100.png HTTP/1.1" 404 1117
186.103.159.230 - - [28/Mar/2017:09:45:50 -0300] "GET /cormun/static/Shared/jqueryui/images/ui-icons_82798d_256x240.png HTTP/1.1" 404 1089
186.103.159.230 - - [28/Mar/2017:09:45:50 -0300] "GET /cormun/static/Shared/jqueryui/images/ui-icons_8d78a5_256x240.png HTTP/1.1" 404 1089
186.103.159.230 - - [28/Mar/2017:09:45:50 -0300] "GET /cormun/static/Shared/jqueryui/images/ui-bg_flat_55_fafafa_40x100.png HTTP/1.1" 404 1097
192.168.10.96 - - [28/Mar/2017:09:45:50 -0300] "GET /cormun/servlet/trpermisosingoceadjunto?31,18645705, HTTP/1.1" 200 6297
192.168.10.96 - - [28/Mar/2017:09:45:53 -0300] "POST /cormun/servlet/trpermisosingoceadjunto?830cba74cc17fc1d154698f886135b8d,31,18645705,,gx-no-cache=1490708431789 HTTP/1.1" 200 90
192.168.10.96 - - [28/Mar/2017:09:45:53 -0300] "GET /cormun/servlet/hpexe_link HTTP/1.1" 200 981
192.168.10.96 - - [28/Mar/2017:09:45:53 -0300] "GET /cormun/servlet/trinasistenciacormun HTTP/1.1" 200 9328
192.168.10.96 - - [28/Mar/2017:09:45:53 -0300] "GET /cormun/servlet/trinasistenciacormun HTTP/1.1" 200 9327
200.73.230.173 - - [28/Mar/2017:09:46:14 -0300] "POST /cormun/servlet/trlicencias?f18d0eda649421befc5515c94c4c7486,gx-no-cache=1490705968385 HTTP/1.1" 200 4029
200.73.230.173 - - [28/Mar/2017:09:46:14 -0300] "GET /cormun/static/Shared/jqueryui/images/ui-bg_highlight-soft_100_c6c2c8_1x100.png HTTP/1.1" 404 1117
200.73.230.173 - - [28/Mar/2017:09:46:14 -0300] "GET /cormun/static/Shared/jqueryui/images/ui-icons_8d78a5_256x240.png HTTP/1.1" 404 1089
200.73.230.173 - - [28/Mar/2017:09:46:15 -0300] "GET /cormun/static/Shared/jqueryui/images/ui-icons_82798d_256x240.png HTTP/1.1" 404 1089
200.73.230.173 - - [28/Mar/2017:09:46:15 -0300] "GET /cormun/static/Shared/jqueryui/images/ui-bg_flat_55_fafafa_40x100.png HTTP/1.1" 404 1097
192.168.10.13 - - [28/Mar/2017:09:46:38 -0300] "GET / HTTP/1.1" 200 11217
186.103.158.250 - - [28/Mar/2017:09:47:28 -0300] "GET /cormun/servlet/hlogin HTTP/1.1" 200 1718
186.103.158.250 - - [28/Mar/2017:09:47:28 -0300] "GET /cormun/static/Resources/Spanish/PXTools.css?11294912 HTTP/1.1" 304 -
186.103.158.250 - - [28/Mar/2017:09:47:28 -0300] "GET /cormun/static/gxcfg.js?201731711485472 HTTP/1.1" 304 -
186.103.158.250 - - [28/Mar/2017:09:47:28 -0300] "GET /cormun/static/messages.spa.js?85251 HTTP/1.1" 304 -
186.103.158.250 - - [28/Mar/2017:09:47:28 -0300] "GET /cormun/static/hlogin.js?201731711485490 HTTP/1.1" 304 -
186.103.158.250 - - [28/Mar/2017:09:47:28 -0300] "GET /cormun/servlet/hlogin HTTP/1.1" 200 1729
192.168.10.13 - - [28/Mar/2017:09:47:38 -0300] "GET / HTTP/1.1" 200 11217
186.103.158.250 - - [28/Mar/2017:09:47:52 -0300] "POST /cormun/servlet/hlogin?ce3e6625fdcf6459d578354c54b092a2,gx-no-cache=1490708827760 HTTP/1.1" 200 90
186.103.158.250 - - [28/Mar/2017:09:47:52 -0300] "GET /cormun/servlet/hpexe_link HTTP/1.1" 200 948
186.103.158.250 - - [28/Mar/2017:09:47:52 -0300] "GET /cormun/static/gxcfg.js?201731711483381 HTTP/1.1" 304 -
186.103.158.250 - - [28/Mar/2017:09:47:52 -0300] "GET /cormun/static/hpexe_link.js?201731711483384 HTTP/1.1" 304 -
186.103.158.250 - - [28/Mar/2017:09:47:52 -0300] "GET /cormun/servlet/hhome HTTP/1.1" 200 3756
186.103.158.250 - - [28/Mar/2017:09:47:52 -0300] "GET /cormun/static/gxcfg.js?201731711483497 HTTP/1.1" 304 -
186.103.158.250 - - [28/Mar/2017:09:47:52 -0300] "GET /cormun/static/hhome.js?20173171148352 HTTP/1.1" 304 -
186.103.158.250 - - [28/Mar/2017:09:47:52 -0300] "GET /cormun/static/hwchdr01.js?201731711335950 HTTP/1.1" 304 -
186.103.158.250 - - [28/Mar/2017:09:47:52 -0300] "GET /cormun/static/hpexe_recentlink.js?201610171694390 HTTP/1.1" 304 -
186.103.158.250 - - [28/Mar/2017:09:47:52 -0300] "GET /cormun/static/hpexe_scripts.js?201731711335890 HTTP/1.1" 304 -
186.103.158.250 - - [28/Mar/2017:09:47:52 -0300] "GET /cormun/static/hpexe_messagecontroller.js?201610171694323 HTTP/1.1" 304 -
186.103.158.250 - - [28/Mar/2017:09:47:52 -0300] "GET /cormun/static/hpexe_messagepopupcomponent.js?20161017169425 HTTP/1.1" 304 -
186.103.158.250 - - [28/Mar/2017:09:47:53 -0300] "GET /cormun/static/hpexe_messagegenexuscomponent.js?201731711335537 HTTP/1.1" 304 -
186.103.158.250 - - [28/Mar/2017:09:47:53 -0300] "GET /cormun/static/cmcontrolpreferences.js?201731711335852 HTTP/1.1" 304 -
186.103.158.250 - - [28/Mar/2017:09:47:53 -0300] "GET /cormun/static/hmpwkw03.js?201731711485354 HTTP/1.1" 304 -
186.103.158.250 - - [28/Mar/2017:09:47:54 -0300] "GET /cormun/servlet/hhome HTTP/1.1" 200 3756
200.54.247.69 - - [28/Mar/2017:09:47:58 -0300] "GET /cormun/servlet/trsolicitudot? HTTP/1.1" 200 6987
200.54.247.69 - - [28/Mar/2017:09:48:01 -0300] "GET /cormun/servlet/solicitudot?INS,0,0, HTTP/1.1" 200 12816
186.103.159.188 - - [28/Mar/2017:09:48:20 -0300] "GET /cormun/servlet/hlogin HTTP/1.1" 200 1722
186.103.159.188 - - [28/Mar/2017:09:48:21 -0300] "GET /cormun/static/Resources/Spanish/PXTools.css?11294912 HTTP/1.1" 304 -
186.103.159.188 - - [28/Mar/2017:09:48:21 -0300] "GET /cormun/static/gxcfg.js?201731711485472 HTTP/1.1" 304 -
186.103.159.188 - - [28/Mar/2017:09:48:21 -0300] "GET /cormun/static/messages.spa.js?85251 HTTP/1.1" 304 -
186.103.159.188 - - [28/Mar/2017:09:48:21 -0300] "GET /cormun/static/hlogin.js?201731711485490 HTTP/1.1" 304 -
186.103.159.188 - - [28/Mar/2017:09:48:21 -0300] "GET /cormun/servlet/hlogin HTTP/1.1" 200 1731
186.103.159.188 - - [28/Mar/2017:09:48:34 -0300] "POST /cormun/servlet/hlogin?0a847a88e02a040f9a50fba56aaa37b5,gx-no-cache=1490705382930 HTTP/1.1" 200 90
186.103.159.188 - - [28/Mar/2017:09:48:34 -0300] "GET /cormun/servlet/hpexe_link HTTP/1.1" 200 949
186.103.159.188 - - [28/Mar/2017:09:48:34 -0300] "GET /cormun/static/gxcfg.js?201731711483381 HTTP/1.1" 200 953
186.103.159.188 - - [28/Mar/2017:09:48:34 -0300] "GET /cormun/servlet/hhome HTTP/1.1" 200 3913
186.103.159.188 - - [28/Mar/2017:09:48:34 -0300] "GET /cormun/static/gxcfg.js?201731711483497 HTTP/1.1" 200 953
186.103.159.188 - - [28/Mar/2017:09:48:34 -0300] "GET /cormun/static/hpexe_link.js?201731711483384 HTTP/1.1" 200 625
186.103.159.188 - - [28/Mar/2017:09:48:35 -0300] "GET /cormun/static/hhome.js?20173171148352 HTTP/1.1" 200 777
186.103.159.188 - - [28/Mar/2017:09:48:35 -0300] "GET /cormun/static/hwchdr01.js?201731711335950 HTTP/1.1" 304 -
186.103.159.188 - - [28/Mar/2017:09:48:35 -0300] "GET /cormun/static/hpexe_messagecontroller.js?201610171694323 HTTP/1.1" 304 -
186.103.159.188 - - [28/Mar/2017:09:48:35 -0300] "GET /cormun/static/hpexe_messagegenexuscomponent.js?201731711335537 HTTP/1.1" 304 -
186.103.159.188 - - [28/Mar/2017:09:48:35 -0300] "GET /cormun/static/cmcontrolpreferences.js?201731711335852 HTTP/1.1" 304 -
186.103.159.188 - - [28/Mar/2017:09:48:35 -0300] "GET /cormun/static/hmpwkw03.js?201731711485354 HTTP/1.1" 304 -
186.103.159.188 - - [28/Mar/2017:09:48:35 -0300] "GET /cormun/static/hpexe_scripts.js?201731711335890 HTTP/1.1" 304 -
186.103.159.188 - - [28/Mar/2017:09:48:35 -0300] "GET /cormun/static/hpexe_messagepopupcomponent.js?20161017169425 HTTP/1.1" 304 -
186.103.159.188 - - [28/Mar/2017:09:48:35 -0300] "GET /cormun/static/hpexe_recentlink.js?201610171694390 HTTP/1.1" 304 -
186.103.159.188 - - [28/Mar/2017:09:48:35 -0300] "GET /cormun/servlet/hhome HTTP/1.1" 200 3909
186.103.159.188 - - [28/Mar/2017:09:48:35 -0300] "GET /cormun/static/SmoothNavMenu/resources/images/down.gif HTTP/1.1" 200 854
186.103.159.188 - - [28/Mar/2017:09:48:35 -0300] "GET /cormun/static/SmoothNavMenu/resources/images/right.gif HTTP/1.1" 200 860
192.168.10.13 - - [28/Mar/2017:09:48:38 -0300] "GET / HTTP/1.1" 200 11217
186.103.158.250 - - [28/Mar/2017:09:48:38 -0300] "GET /cormun/servlet/solicitudot?INS,0,0, HTTP/1.1" 200 12570
186.103.158.250 - - [28/Mar/2017:09:48:40 -0300] "GET /cormun/servlet/solicitudot?INS,0,0, HTTP/1.1" 200 12575
186.103.159.188 - - [28/Mar/2017:09:48:46 -0300] "GET /cormun/servlet/trcontratosolicitud? HTTP/1.1" 200 13417
186.103.159.188 - - [28/Mar/2017:09:48:46 -0300] "GET /cormun/static/Resources/Spanish/PXTools.css?18365030 HTTP/1.1" 304 -
186.103.159.188 - - [28/Mar/2017:09:48:46 -0300] "GET /cormun/static/gxcfg.js?20171317451682 HTTP/1.1" 200 953
186.103.159.188 - - [28/Mar/2017:09:48:47 -0300] "GET /cormun/static/trcontratosolicitud.js?20171317452124 HTTP/1.1" 200 28173
186.103.159.188 - - [28/Mar/2017:09:48:47 -0300] "GET /cormun/static/Resources/PXToolsDataSearch.png HTTP/1.1" 200 419
186.103.159.188 - - [28/Mar/2017:09:48:47 -0300] "GET /cormun//static/Resources/PXToolsGridNew.png HTTP/1.1" 200 2949
186.103.159.188 - - [28/Mar/2017:09:48:47 -0300] "GET /cormun//static/Resources/PXToolsActionDisabled.gif HTTP/1.1" 200 53
186.103.159.188 - - [28/Mar/2017:09:48:47 -0300] "GET /cormun/static/Shared/ext/resources/themes/images/default/panel/bg-headersPanel.png HTTP/1.1" 200 255
186.103.159.188 - - [28/Mar/2017:09:48:47 -0300] "GET /cormun/static/Shared/ext/resources/themes/images/default/tools/tool-sprites.gif HTTP/1.1" 200 5434
186.103.159.188 - - [28/Mar/2017:09:48:47 -0300] "GET /cormun/servlet/trcontratosolicitud? HTTP/1.1" 200 13420
186.103.159.188 - - [28/Mar/2017:09:49:03 -0300] "GET /cormun/servlet/trcontratounov2? HTTP/1.1" 200 16142
186.103.159.188 - - [28/Mar/2017:09:49:03 -0300] "GET /cormun/static/calendar-system.css?75620 HTTP/1.1" 200 5572
186.103.159.188 - - [28/Mar/2017:09:49:03 -0300] "GET /cormun/static/gxui/gxui-all.css?110300 HTTP/1.1" 200 2179
190.101.9.138 - - [28/Mar/2017:09:49:03 -0300] "GET /cormun/static/gxcfg.js?201731711595461 HTTP/1.1" 200 953
190.101.9.138 - - [28/Mar/2017:09:49:03 -0300] "GET /cormun/static/trcontratounov2.js?2017317120150 HTTP/1.1" 200 38423
190.101.9.138 - - [28/Mar/2017:09:49:03 -0300] "GET /cormun/static/Resources/PXToolsGridNew.png HTTP/1.1" 200 2949
186.103.159.188 - - [28/Mar/2017:09:49:03 -0300] "GET /cormun/static/Shared/ext/resources/css/ext-all.css?205870 HTTP/1.1" 200 416045
190.101.9.138 - - [28/Mar/2017:09:49:03 -0300] "GET /cormun/static/Resources/PXToolsAddSelectedAction.png HTTP/1.1" 200 3660
190.101.9.138 - - [28/Mar/2017:09:49:04 -0300] "GET /cormun/servlet/trcontratounov2? HTTP/1.1" 200 16131
200.73.230.173 - - [28/Mar/2017:09:49:13 -0300] "GET /cormun/servlet/licenciaspermisos?INS,0,,, HTTP/1.1" 200 7187
200.73.230.173 - - [28/Mar/2017:09:49:14 -0300] "GET /cormun/servlet/licenciaspermisos?INS,0,,, HTTP/1.1" 200 7187
200.54.247.69 - - [28/Mar/2017:09:49:16 -0300] "POST /cormun/servlet/solicitudot?gx-no-cache=1490705416347 HTTP/1.1" 200 3081
200.54.247.69 - - [28/Mar/2017:09:49:16 -0300] "POST /cormun/servlet/solicitudot?8f3501cf495c1155faab39cd798dc957,INS,0,0,,gx-no-cache=1490705417131 HTTP/1.1" 200 9874
200.54.247.69 - - [28/Mar/2017:09:49:21 -0300] "GET /cormun/servlet/solicitudot?ce70a4ec40a8ef8de33a9adf2a637650d4c33a281c83ab944588b09e2359c455a49dd8c06a892744850b5ce4451ed679,gx-no-cache=1490705422167 HTTP/1.1" 200 30
192.168.10.13 - - [28/Mar/2017:09:49:38 -0300] "GET / HTTP/1.1" 200 11217
192.168.10.96 - - [28/Mar/2017:09:49:45 -0300] "GET /cormun/servlet/trcontratoobservaciongral? HTTP/1.1" 200 15616
192.168.10.96 - - [28/Mar/2017:09:49:45 -0300] "GET /cormun/servlet/trcontratoobservaciongral? HTTP/1.1" 200 15615
200.73.230.173 - - [28/Mar/2017:09:49:52 -0300] "GET /cormun/servlet/licenciaspermisos?b9a811d561cdc2a797144be3fcc4c2b35790a8c179dbfe4d256b240001ef839d92f12d06d4d8935c62f258346400c073,gx-no-cache=1490706187562 HTTP/1.1" 200 65
200.73.230.173 - - [28/Mar/2017:09:49:53 -0300] "POST /cormun/servlet/licenciaspermisos?f18d0eda649421befc5515c94c4c7486,INS,0,,,,gx-no-cache=1490706187753 HTTP/1.1" 200 4418
186.79.27.240 - - [28/Mar/2017:09:50:06 -0300] "GET /cormun/servlet/hlogin HTTP/1.1" 200 1723
186.79.27.240 - - [28/Mar/2017:09:50:06 -0300] "GET /cormun/static/Resources/Spanish/PXTools.css?11294912 HTTP/1.1" 304 -
186.79.27.240 - - [28/Mar/2017:09:50:06 -0300] "GET /cormun/static/gxtimezone.js?85251 HTTP/1.1" 304 -
186.79.27.240 - - [28/Mar/2017:09:50:06 -0300] "GET /cormun/static/gxcfg.js?201731711485472 HTTP/1.1" 304 -
186.79.27.240 - - [28/Mar/2017:09:50:06 -0300] "GET /cormun/static/messages.spa.js?85251 HTTP/1.1" 304 -
186.79.27.240 - - [28/Mar/2017:09:50:06 -0300] "GET /cormun/static/hlogin.js?201731711485490 HTTP/1.1" 304 -
186.79.27.240 - - [28/Mar/2017:09:50:06 -0300] "GET /cormun/servlet/hlogin HTTP/1.1" 200 1734
186.79.27.240 - - [28/Mar/2017:09:50:08 -0300] "POST /cormun/servlet/hlogin?78dbdc84da69fdff0a460c88a873a31c,gx-no-cache=1490705475987 HTTP/1.1" 200 90
186.79.27.240 - - [28/Mar/2017:09:50:08 -0300] "GET /cormun/servlet/hpexe_link HTTP/1.1" 200 952
186.79.27.240 - - [28/Mar/2017:09:50:08 -0300] "GET /cormun/static/gxcfg.js?201731711483381 HTTP/1.1" 304 -
186.79.27.240 - - [28/Mar/2017:09:50:08 -0300] "GET /cormun/static/hpexe_link.js?201731711483384 HTTP/1.1" 304 -
186.79.27.240 - - [28/Mar/2017:09:50:08 -0300] "GET /cormun/servlet/hhome HTTP/1.1" 200 3756
186.79.27.240 - - [28/Mar/2017:09:50:09 -0300] "GET /cormun/static/gxcfg.js?201731711483497 HTTP/1.1" 304 -
186.79.27.240 - - [28/Mar/2017:09:50:09 -0300] "GET /cormun/static/hhome.js?20173171148352 HTTP/1.1" 304 -
186.79.27.240 - - [28/Mar/2017:09:50:09 -0300] "GET /cormun/static/hwchdr01.js?201731711335950 HTTP/1.1" 304 -
186.79.27.240 - - [28/Mar/2017:09:50:09 -0300] "GET /cormun/static/hpexe_recentlink.js?201610171694390 HTTP/1.1" 304 -
186.79.27.240 - - [28/Mar/2017:09:50:09 -0300] "GET /cormun/static/hpexe_scripts.js?201731711335890 HTTP/1.1" 304 -
186.79.27.240 - - [28/Mar/2017:09:50:09 -0300] "GET /cormun/static/hpexe_messagecontroller.js?201610171694323 HTTP/1.1" 304 -
186.79.27.240 - - [28/Mar/2017:09:50:09 -0300] "GET /cormun/static/hpexe_messagepopupcomponent.js?20161017169425 HTTP/1.1" 304 -
186.79.27.240 - - [28/Mar/2017:09:50:09 -0300] "GET /cormun/static/hpexe_messagegenexuscomponent.js?201731711335537 HTTP/1.1" 304 -
186.79.27.240 - - [28/Mar/2017:09:50:09 -0300] "GET /cormun/static/cmcontrolpreferences.js?201731711335852 HTTP/1.1" 304 -
186.79.27.240 - - [28/Mar/2017:09:50:09 -0300] "GET /cormun/static/hmpwkw03.js?201731711485354 HTTP/1.1" 304 -
186.79.27.240 - - [28/Mar/2017:09:50:09 -0300] "GET /cormun/servlet/hhome HTTP/1.1" 200 3753
186.103.158.250 - - [28/Mar/2017:09:50:09 -0300] "GET /cormun/servlet/prfichaempleado?,MD,,gxPopupLevel%3D0%3B HTTP/1.1" 200 8823
186.79.27.240 - - [28/Mar/2017:09:50:23 -0300] "GET /cormun/servlet/trsolicitudot? HTTP/1.1" 200 9460
186.79.27.240 - - [28/Mar/2017:09:50:23 -0300] "GET /cormun/static/gxcfg.js?201731711505139 HTTP/1.1" 304 -
186.79.27.240 - - [28/Mar/2017:09:50:23 -0300] "GET /cormun/static/calendar.js?85251 HTTP/1.1" 304 -
186.79.27.240 - - [28/Mar/2017:09:50:23 -0300] "GET /cormun/static/calendar-setup.js?85251 HTTP/1.1" 304 -
186.79.27.240 - - [28/Mar/2017:09:50:23 -0300] "GET /cormun/static/gxdec.js?85251 HTTP/1.1" 304 -
186.79.27.240 - - [28/Mar/2017:09:50:23 -0300] "GET /cormun/static/trsolicitudot.js?20173171151116 HTTP/1.1" 304 -
186.79.27.240 - - [28/Mar/2017:09:50:23 -0300] "GET /cormun/static/calendar-es.js?85251 HTTP/1.1" 304 -
186.79.27.240 - - [28/Mar/2017:09:50:24 -0300] "GET /cormun/servlet/trsolicitudot? HTTP/1.1" 200 9459
192.168.10.13 - - [28/Mar/2017:09:50:38 -0300] "GET / HTTP/1.1" 200 11217
186.79.27.240 - - [28/Mar/2017:09:51:03 -0300] "POST /cormun/servlet/trsolicitudot?78dbdc84da69fdff0a460c88a873a31c,,gx-no-cache=1490705529862 HTTP/1.1" 200 6370
186.79.27.240 - - [28/Mar/2017:09:51:03 -0300] "GET /cormun/static/Shared/jqueryui/images/ui-bg_highlight-soft_100_c6c2c8_1x100.png HTTP/1.1" 404 1117
186.79.27.240 - - [28/Mar/2017:09:51:03 -0300] "GET /cormun/static/Shared/jqueryui/images/ui-icons_82798d_256x240.png HTTP/1.1" 404 1089
186.79.27.240 - - [28/Mar/2017:09:51:03 -0300] "GET /cormun/static/Shared/jqueryui/images/ui-bg_flat_55_fafafa_40x100.png HTTP/1.1" 404 1097
186.79.27.240 - - [28/Mar/2017:09:51:03 -0300] "GET /cormun/static/Shared/jqueryui/images/ui-icons_8d78a5_256x240.png HTTP/1.1" 404 1089
186.79.27.240 - - [28/Mar/2017:09:51:04 -0300] "POST /cormun/servlet/trsolicitudot?78dbdc84da69fdff0a460c88a873a31c,,gx-no-cache=1490705531243 HTTP/1.1" 200 6312
186.79.27.240 - - [28/Mar/2017:09:51:19 -0300] "GET /cormun/servlet/solicitudot?INS,0,0, HTTP/1.1" 200 12566
186.79.27.240 - - [28/Mar/2017:09:51:19 -0300] "GET /cormun/static/gxcfg.js?20171191042720 HTTP/1.1" 304 -
186.79.27.240 - - [28/Mar/2017:09:51:19 -0300] "GET /cormun/static/solicitudot.js?2017119104297 HTTP/1.1" 304 -
186.79.27.240 - - [28/Mar/2017:09:51:20 -0300] "GET /cormun/servlet/solicitudot?INS,0,0, HTTP/1.1" 200 12571
192.168.10.62 - - [28/Mar/2017:09:51:23 -0300] "POST /cormun/servlet/trsolicitudgral?b788ff355cdd1e6af67d5b26ebb5b9d7,gx-no-cache=1490708762445 HTTP/1.1" 200 4893
200.83.57.219 - - [28/Mar/2017:09:51:23 -0300] "GET /cormun/servlet/hlogin HTTP/1.1" 200 1722
200.83.57.219 - - [28/Mar/2017:09:51:25 -0300] "POST /cormun/servlet/hlogin?12f240625426936cdd205a93a18eb3da,gx-no-cache=1490705553744 HTTP/1.1" 200 90
200.83.57.219 - - [28/Mar/2017:09:51:25 -0300] "GET /cormun/servlet/hpexe_link HTTP/1.1" 200 952
200.83.57.219 - - [28/Mar/2017:09:51:26 -0300] "GET /cormun/servlet/hhome HTTP/1.1" 200 4105
200.83.57.219 - - [28/Mar/2017:09:51:26 -0300] "GET /cormun/servlet/hhome HTTP/1.1" 200 4103
192.168.10.62 - - [28/Mar/2017:09:51:29 -0300] "POST /cormun/servlet/trsolicitudgral?b788ff355cdd1e6af67d5b26ebb5b9d7,gx-no-cache=1490708767682 HTTP/1.1" 200 6384
200.83.57.219 - - [28/Mar/2017:09:51:29 -0300] "GET /cormun/servlet/trpermisosgoce? HTTP/1.1" 200 8985
200.83.57.219 - - [28/Mar/2017:09:51:29 -0300] "GET /cormun/static/gxcfg.js?20173171154124 HTTP/1.1" 304 -
200.83.57.219 - - [28/Mar/2017:09:51:30 -0300] "GET /cormun/static/trpermisosgoce.js?20173171154177 HTTP/1.1" 304 -
200.83.57.219 - - [28/Mar/2017:09:51:30 -0300] "GET /cormun/servlet/trpermisosgoce? HTTP/1.1" 200 8982
200.83.57.219 - - [28/Mar/2017:09:51:35 -0300] "GET /cormun/servlet/permisogoce?INS,0,,, HTTP/1.1" 200 6866
200.83.57.219 - - [28/Mar/2017:09:51:35 -0300] "GET /cormun/static/gxcfg.js?201731711422032 HTTP/1.1" 304 -
200.83.57.219 - - [28/Mar/2017:09:51:35 -0300] "GET /cormun/static/permisogoce.js?20173171142217 HTTP/1.1" 304 -
200.83.57.219 - - [28/Mar/2017:09:51:36 -0300] "GET /cormun/servlet/permisogoce?INS,0,,, HTTP/1.1" 200 6866
192.168.10.62 - - [28/Mar/2017:09:51:36 -0300] "POST /cormun/servlet/trsolicitudgral?b788ff355cdd1e6af67d5b26ebb5b9d7,gx-no-cache=1490708775054 HTTP/1.1" 200 105
192.168.10.62 - - [28/Mar/2017:09:51:36 -0300] "POST /cormun/servlet/trsolicitudgral?b788ff355cdd1e6af67d5b26ebb5b9d7,gx-no-cache=1490708775147 HTTP/1.1" 200 6366
192.168.10.62 - - [28/Mar/2017:09:51:36 -0300] "GET /cormun/SolicitudGral-1826.xls HTTP/1.1" 200 6144
192.168.10.13 - - [28/Mar/2017:09:51:38 -0300] "GET / HTTP/1.1" 200 11217
200.83.57.219 - - [28/Mar/2017:09:51:41 -0300] "GET /cormun/servlet/permisogoce?b0bae0390589a8d2da544105de5ae736e17f8baf4103101ece2274a5c67bc7838bf7e196e7d9d05e1a5c7c036a5fcbf7,gx-no-cache=1490705569644 HTTP/1.1" 200 67
200.83.57.219 - - [28/Mar/2017:09:51:41 -0300] "GET /cormun/static/menuarrow.gif HTTP/1.1" 404 1015
200.54.247.69 - - [28/Mar/2017:09:51:41 -0300] "POST /cormun/servlet/solicitudot?gx-no-cache=1490705562478 HTTP/1.1" 200 297
200.54.247.69 - - [28/Mar/2017:09:51:42 -0300] "GET /cormun/servlet/solicitudot?ce70a4ec40a8ef8de33a9adf2a6376503d4be7950dc44a6ffb476c0a1bca661dfbce00e1f3fd202b0fd6868fccb66572c9f4b405fe5b3efa009ec41f728b1356b6bdebf78632da96d012b96a7aec58255eb89d73bcff9fac7763ccdc769923ecdcc94d276e7bf3d9c3a1da01402f13718bfc579b61d4492f7446cbcbc3615c5b9b68ae41a5f707fcafa4e09546d8457e125c85d4818a3cc21e1be66f93558894a901a94dbf798eb2d174a5828a0376e1c90a07382a941184073351c9eeccecf63ac9e29219e4e2f5f5d432df1e6200ae610c8d828127b937c101f65555b483fefd43d424bb4ed454841ae266e441129e0bac4ef3695d9dc4d8dc4dcf9f21b31f3faff6612128131c6b1db17de7494c8efb203534b3d75c2adc1a291eaf216091aec1ac62e75b6ba84ff5880212df463475ba3cceadac4e3c514c6349862d751fe41b47d565e9b10d67a14484bc3d21f0fed72cf9b24335ec96244ef742ca848b060a9c7e4eb874168edd04da0e65bd737303d914f3ca8b30b1443439f41a3702f4a317a69cf5c1f42bfeb2af77039f78,gx-no-cache=1490705562620 HTTP/1.1" 200 30
200.54.247.69 - - [28/Mar/2017:09:51:42 -0300] "POST /cormun/servlet/solicitudot?gx-no-cache=1490705562956 HTTP/1.1" 200 30
200.54.247.69 - - [28/Mar/2017:09:51:42 -0300] "POST /cormun/servlet/solicitudot?gx-no-cache=1490705563019 HTTP/1.1" 200 235
200.54.247.69 - - [28/Mar/2017:09:51:42 -0300] "POST /cormun/servlet/solicitudot?gx-no-cache=1490705563072 HTTP/1.1" 200 38
186.79.27.240 - - [28/Mar/2017:09:51:47 -0300] "POST /cormun/servlet/solicitudot?gx-no-cache=1490705574331 HTTP/1.1" 200 3147
186.79.27.240 - - [28/Mar/2017:09:51:48 -0300] "POST /cormun/servlet/solicitudot?78dbdc84da69fdff0a460c88a873a31c,INS,0,0,,gx-no-cache=1490705575416 HTTP/1.1" 200 9750
200.83.57.219 - - [28/Mar/2017:09:51:48 -0300] "GET /cormun/servlet/permisogoce?b0bae0390589a8d2da544105de5ae73608614e9211685688840db80ead77acb46aa6f4b2b55a82b5f1e8095d9a4914d6565c5cf8b370dc56e8ce9dd88a070108,gx-no-cache=1490705576451 HTTP/1.1" 200 47
200.83.57.219 - - [28/Mar/2017:09:51:57 -0300] "POST /cormun/servlet/permisogoce?12f240625426936cdd205a93a18eb3da,INS,0,,,,gx-no-cache=1490705584791 HTTP/1.1" 200 93
200.83.57.219 - - [28/Mar/2017:09:51:57 -0300] "GET /cormun/servlet/hpexe_return? HTTP/1.1" 200 1009
200.83.57.219 - - [28/Mar/2017:09:51:57 -0300] "GET /cormun/servlet/trpermisosgoce HTTP/1.1" 200 9184
200.83.57.219 - - [28/Mar/2017:09:51:58 -0300] "GET /cormun/servlet/trpermisosgoce HTTP/1.1" 200 9180
200.83.57.219 - - [28/Mar/2017:09:52:01 -0300] "GET /cormun/servlet/apermisogoceprn?18445965,P,20170328104635,PU HTTP/1.1" 200 1656
200.54.247.69 - - [28/Mar/2017:09:52:03 -0300] "GET /cormun/servlet/solicitudot?ce70a4ec40a8ef8de33a9adf2a63765051d3236c6ebd2e5824dae0ef5bf5b0eede14c23c6d7646555abf12ef360ae2cb05e54255d8873b758130fab847fd50c9231d72e356b7d5c7c3745c08e1c5501b514a59ea27e51c60feee59c045e9aca9a6470af645e4abdb1dcd9d5201691682,gx-no-cache=1490705584392 HTTP/1.1" 200 29
200.54.247.69 - - [28/Mar/2017:09:52:03 -0300] "POST /cormun/servlet/solicitudot?gx-no-cache=1490705584786 HTTP/1.1" 200 641
200.54.247.69 - - [28/Mar/2017:09:52:05 -0300] "POST /cormun/servlet/solicitudot?gx-no-cache=1490705586256 HTTP/1.1" 200 1157
186.79.205.121 - - [28/Mar/2017:09:52:16 -0300] "GET /cormun/servlet/hlogin HTTP/1.1" 200 1717
186.79.205.121 - - [28/Mar/2017:09:52:16 -0300] "GET /cormun/static/Resources/Spanish/PXTools.css?11294912 HTTP/1.1" 304 -
186.103.159.230 - - [28/Mar/2017:09:52:17 -0300] "GET /cormun/servlet/hlogin HTTP/1.1" 200 1727
186.79.205.121 - - [28/Mar/2017:09:52:17 -0300] "GET /cormun/static/gxcfg.js?201731711485472 HTTP/1.1" 304 -
186.79.205.121 - - [28/Mar/2017:09:52:18 -0300] "GET /cormun/static/messages.spa.js?85251 HTTP/1.1" 304 -
186.79.205.121 - - [28/Mar/2017:09:52:18 -0300] "GET /cormun/static/hlogin.js?201731711485490 HTTP/1.1" 304 -
186.79.205.121 - - [28/Mar/2017:09:52:19 -0300] "GET /cormun/servlet/hlogin HTTP/1.1" 200 1728
186.79.205.121 - - [28/Mar/2017:09:52:20 -0300] "GET /favicon.ico HTTP/1.1" 200 21630
186.79.27.240 - - [28/Mar/2017:09:52:23 -0300] "GET /cormun/servlet/solicitudot?3275ab2f4ca15add528afa77f83ef344b9f54217b4a413845ed4bcab8e24d17c1224e6725d4cb42051bb3462ba50211a,gx-no-cache=1490705610933 HTTP/1.1" 200 30
186.79.27.240 - - [28/Mar/2017:09:52:23 -0300] "POST /cormun/servlet/solicitudot?gx-no-cache=1490705611129 HTTP/1.1" 200 255
186.79.27.240 - - [28/Mar/2017:09:52:23 -0300] "GET /cormun/servlet/solicitudot?3275ab2f4ca15add528afa77f83ef344bd45dc5e71b6bc18ec271036f10bc1d175e1267aa568adb1466234a3dd16d34d01ae6c7f492f864faf855d313ed590c0825ba3fea242e57c871512c141e38c9767cc56366e8ee9d8cecdf3318113cc5b2d2c50ac4ad4aa78877a4ffc8e7008ea82e6eb6367ce1ebcd3dac2bcc8d2f90f9944be66b76df5605c9bada6b30d5330d3cd2719b88f69de09a2841817319b85120ef07c9c5a8e745d1154dc696ff36c93d37eb5b86558481d846a4a0b54898389b4dbe24da605b84762a13e54cb10c8b428567e0ff356b57fc8c3392fe455b0d576b079aadc36f780761f760f0b42ddc7fad6bb1ef919261c5553d7a9164a0e6653a82551f6189b83ff944bdff8ca6d525f90fa5475989114cd1bf02ac757378a99773e40e490cee8c17960d923a1680d850c2cd04c2cfa8a3536203762667d2e294d18a6516b8321baf4177245a1c9cd8d35c4c9a1db3807a6d1ab785cc93fdc1c37314024da821898fc699b5fb7f57dc2fd4d193bfcf4ec155e5bcdae5254,gx-no-cache=1490705611295 HTTP/1.1" 200 30
186.79.27.240 - - [28/Mar/2017:09:52:23 -0300] "POST /cormun/servlet/solicitudot?gx-no-cache=1490705611410 HTTP/1.1" 200 30
200.54.247.69 - - [28/Mar/2017:09:52:23 -0300] "GET /cormun/static/menuarrow.gif HTTP/1.1" 404 1015
186.79.27.240 - - [28/Mar/2017:09:52:24 -0300] "POST /cormun/servlet/solicitudot?gx-no-cache=1490705611554 HTTP/1.1" 200 1291
186.79.27.240 - - [28/Mar/2017:09:52:24 -0300] "POST /cormun/servlet/solicitudot?gx-no-cache=1490705611992 HTTP/1.1" 200 38
186.79.205.121 - - [28/Mar/2017:09:52:36 -0300] "POST /cormun/servlet/hlogin?ef10c7936e21597f8fc7bc24f271f187,gx-no-cache=1490709071301 HTTP/1.1" 200 90
186.79.205.121 - - [28/Mar/2017:09:52:37 -0300] "GET /cormun/servlet/hpexe_link HTTP/1.1" 200 948
192.168.10.13 - - [28/Mar/2017:09:52:38 -0300] "GET / HTTP/1.1" 200 11217
186.79.205.121 - - [28/Mar/2017:09:52:38 -0300] "GET /cormun/static/gxcfg.js?201731711483381 HTTP/1.1" 304 -
186.103.159.230 - - [28/Mar/2017:09:52:38 -0300] "POST /cormun/servlet/hlogin?c1c83abeba16aeae822af286b4734c8d,gx-no-cache=1490705626939 HTTP/1.1" 200 435
186.79.205.121 - - [28/Mar/2017:09:52:39 -0300] "GET /cormun/static/hpexe_link.js?201731711483384 HTTP/1.1" 304 -
186.79.205.121 - - [28/Mar/2017:09:52:40 -0300] "GET /cormun/servlet/hhome HTTP/1.1" 200 3780
186.79.205.121 - - [28/Mar/2017:09:52:41 -0300] "GET /cormun/static/gxcfg.js?201731711483497 HTTP/1.1" 304 -
186.79.205.121 - - [28/Mar/2017:09:52:41 -0300] "GET /cormun/static/hhome.js?20173171148352 HTTP/1.1" 304 -
186.79.205.121 - - [28/Mar/2017:09:52:42 -0300] "GET /cormun/static/hwchdr01.js?201731711335950 HTTP/1.1" 304 -
186.79.205.121 - - [28/Mar/2017:09:52:42 -0300] "GET /cormun/static/hpexe_recentlink.js?201610171694390 HTTP/1.1" 304 -
186.79.205.121 - - [28/Mar/2017:09:52:43 -0300] "GET /cormun/static/hpexe_scripts.js?201731711335890 HTTP/1.1" 304 -
186.79.205.121 - - [28/Mar/2017:09:52:44 -0300] "GET /cormun/static/cmcontrolpreferences.js?201731711335852 HTTP/1.1" 304 -
186.79.205.121 - - [28/Mar/2017:09:52:44 -0300] "GET /cormun/static/hmpwkw03.js?201731711485354 HTTP/1.1" 304 -
186.79.205.121 - - [28/Mar/2017:09:52:45 -0300] "GET /cormun/static/hpexe_messagepopupcomponent.js?20161017169425 HTTP/1.1" 304 -
186.79.205.121 - - [28/Mar/2017:09:52:45 -0300] "GET /cormun/static/hpexe_messagecontroller.js?201610171694323 HTTP/1.1" 304 -
186.103.159.230 - - [28/Mar/2017:09:52:50 -0300] "POST /cormun/servlet/hlogin?c1c83abeba16aeae822af286b4734c8d,gx-no-cache=1490705638510 HTTP/1.1" 200 90
186.103.159.230 - - [28/Mar/2017:09:52:50 -0300] "GET /cormun/servlet/hpexe_link HTTP/1.1" 200 956
186.103.159.230 - - [28/Mar/2017:09:52:50 -0300] "GET /cormun/servlet/trlicencias? HTTP/1.1" 200 6839
186.79.205.121 - - [28/Mar/2017:09:52:50 -0300] "GET /cormun/static/hpexe_messagegenexuscomponent.js?201731711335537 HTTP/1.1" 304 -
186.103.159.230 - - [28/Mar/2017:09:52:51 -0300] "GET /cormun/servlet/trlicencias? HTTP/1.1" 200 6837
192.168.10.89 - - [28/Mar/2017:09:52:57 -0300] "GET /cormun/servlet/trconsultaempleado? HTTP/1.1" 200 6671
200.54.247.69 - - [28/Mar/2017:09:53:02 -0300] "GET /cormun/servlet/solicitudot?ce70a4ec40a8ef8de33a9adf2a637650555433a4373d7a24170323bbe011d20945d5a200c9d66e65997e1d37716c10adda9ec80ae68de98fba261b29d86da3cb96a6394f7f7c64ae7de7c0098d63d087ddecb41fec71b2658bfe90f275ea0552c37bd7a890ad7b67b1b92d2ce04fa77ef9a9c107f741a1bcafdd413e68b9b39c1e8af6461455cfda560773a51899eabb9d66978aa0a35a3505f59739076dc53690da3d674ab0a6acbcc142508f5da154,gx-no-cache=1490705643095 HTTP/1.1" 200 30
200.54.247.69 - - [28/Mar/2017:09:53:02 -0300] "POST /cormun/servlet/solicitudot?8f3501cf495c1155faab39cd798dc957,INS,0,0,,gx-no-cache=1490705643197 HTTP/1.1" 200 93
200.54.247.69 - - [28/Mar/2017:09:53:02 -0300] "GET /cormun/servlet/hpexe_return? HTTP/1.1" 200 1012
200.54.247.69 - - [28/Mar/2017:09:53:03 -0300] "GET /cormun/servlet/trsolicitudot HTTP/1.1" 200 8258
192.168.10.89 - - [28/Mar/2017:09:53:06 -0300] "POST /cormun/servlet/trconsultaempleado?7031db5127bc564a47a5005297b39cfa,,gx-no-cache=1490708864718 HTTP/1.1" 200 4157
200.54.247.69 - - [28/Mar/2017:09:53:06 -0300] "POST /cormun/servlet/trsolicitudot?8f3501cf495c1155faab39cd798dc957,gx-no-cache=1490705647003 HTTP/1.1" 200 106
200.54.247.69 - - [28/Mar/2017:09:53:06 -0300] "GET /cormun/servlet/trsolicitudadjuntos?2017,5772, HTTP/1.1" 200 6116
200.54.247.69 - - [28/Mar/2017:09:53:06 -0300] "GET /cormun/static/gxcfg.js?201731711504543 HTTP/1.1" 304 -
200.54.247.69 - - [28/Mar/2017:09:53:06 -0300] "GET /cormun/static/trsolicitudadjuntos.js?201731711504951 HTTP/1.1" 304 -
192.168.10.89 - - [28/Mar/2017:09:53:08 -0300] "GET /cormun/servlet/trsolicitudnombre?17652402, HTTP/1.1" 200 7448
186.103.159.230 - - [28/Mar/2017:09:53:11 -0300] "GET /cormun/servlet/licenciaspermisos?INS,0,,, HTTP/1.1" 200 7358
200.54.247.69 - - [28/Mar/2017:09:53:11 -0300] "GET /cormun/servlet/solicitudotadjuntos?INS,2017,5772,,1, HTTP/1.1" 200 6054
186.103.159.230 - - [28/Mar/2017:09:53:11 -0300] "GET /cormun/servlet/licenciaspermisos?INS,0,,, HTTP/1.1" 200 7358
200.54.247.69 - - [28/Mar/2017:09:53:11 -0300] "GET /cormun/static/gxcfg.js?201612218465951 HTTP/1.1" 304 -
200.54.247.69 - - [28/Mar/2017:09:53:11 -0300] "GET /cormun/static/solicitudotadjuntos.js?201612218465969 HTTP/1.1" 304 -
200.54.247.69 - - [28/Mar/2017:09:53:11 -0300] "HEAD /cormun/static/about:blank HTTP/1.1" 404 -
186.79.205.121 - - [28/Mar/2017:09:53:12 -0300] "GET /cormun/servlet/hhome HTTP/1.1" 200 3780
192.168.10.89 - - [28/Mar/2017:09:53:12 -0300] "GET /cormun/servlet/vesolicitudnombre?2017,5522,, HTTP/1.1" 200 8644
200.54.247.69 - - [28/Mar/2017:09:53:12 -0300] "GET /cormun/servlet/solicitudotadjuntos?ce70a4ec40a8ef8de33a9adf2a637650ffc3104cfcc02f1f326cab80bd457f968bd14a62917a9d814e774cad88c20103,gx-no-cache=1490705653615 HTTP/1.1" 200 30
192.168.10.89 - - [28/Mar/2017:09:53:12 -0300] "GET /cormun/pexe_scrolldiv.js HTTP/1.1" 404 1009
200.54.247.69 - - [28/Mar/2017:09:53:13 -0300] "POST /cormun/servlet/solicitudotadjuntos?8f3501cf495c1155faab39cd798dc957,INS,2017,5772,,1,,gx-no-cache=1490705653686 HTTP/1.1" 200 3830
200.54.247.69 - - [28/Mar/2017:09:53:15 -0300] "POST /cormun/servlet/solicitudotadjuntos?gx-no-cache=1490705656696 HTTP/1.1" 200 26
192.168.10.89 - - [28/Mar/2017:09:53:16 -0300] "GET /cormun/servlet/vesolicitudnombre?2017,5522,,SolicitudOTAdjuntos HTTP/1.1" 200 10516
192.168.10.89 - - [28/Mar/2017:09:53:16 -0300] "GET /cormun/pexe_scrolldiv.js HTTP/1.1" 404 1009
192.168.10.89 - - [28/Mar/2017:09:53:18 -0300] "POST /cormun/servlet/acontrolpreferencessavestate?None,CDROGUETT,true HTTP/1.1" 200 35
192.168.10.89 - - [28/Mar/2017:09:53:24 -0300] "GET /cormun/PublicTempStorage/fonpil421457.jpg HTTP/1.1" 200 632236
200.54.247.69 - - [28/Mar/2017:09:53:28 -0300] "GET /cormun/servlet/solicitudotadjuntos?ce70a4ec40a8ef8de33a9adf2a637650d31a1ff4f340858f8c2705c23a35cd0b,gx-no-cache=1490705669013 HTTP/1.1" 200 30
200.54.247.69 - - [28/Mar/2017:09:53:28 -0300] "GET /cormun/servlet/solicitudotadjuntos?ce70a4ec40a8ef8de33a9adf2a637650d31a1ff4f340858f8c2705c23a35cd0b,gx-no-cache=1490705669046 HTTP/1.1" 200 30
200.54.247.69 - - [28/Mar/2017:09:53:29 -0300] "POST /cormun/servlet/solicitudotadjuntos?8f3501cf495c1155faab39cd798dc957,INS,2017,5772,,1, HTTP/1.1" 200 116
200.54.247.69 - - [28/Mar/2017:09:53:29 -0300] "GET /cormun/servlet/hpexe_return? HTTP/1.1" 200 1031
200.54.247.69 - - [28/Mar/2017:09:53:29 -0300] "GET /cormun/servlet/trsolicitudadjuntos?2017,5772, HTTP/1.1" 200 8271
200.54.247.69 - - [28/Mar/2017:09:53:34 -0300] "GET /cormun/servlet/solicitudotadjuntos?INS,2017,5772,,1, HTTP/1.1" 200 6055
200.54.247.69 - - [28/Mar/2017:09:53:34 -0300] "HEAD /cormun/static/about:blank HTTP/1.1" 404 -
200.54.247.69 - - [28/Mar/2017:09:53:35 -0300] "GET /cormun/servlet/solicitudotadjuntos?ce70a4ec40a8ef8de33a9adf2a637650ffc3104cfcc02f1f326cab80bd457f968bd14a62917a9d814e774cad88c20103,gx-no-cache=1490705676043 HTTP/1.1" 200 30
200.54.247.69 - - [28/Mar/2017:09:53:35 -0300] "POST /cormun/servlet/solicitudotadjuntos?8f3501cf495c1155faab39cd798dc957,INS,2017,5772,,1,,gx-no-cache=1490705676093 HTTP/1.1" 200 3831
192.168.10.13 - - [28/Mar/2017:09:53:38 -0300] "GET / HTTP/1.1" 200 11217
200.54.247.69 - - [28/Mar/2017:09:53:38 -0300] "POST /cormun/servlet/solicitudotadjuntos?gx-no-cache=1490705679189 HTTP/1.1" 200 26
186.79.205.121 - - [28/Mar/2017:09:53:47 -0300] "GET /cormun/servlet/trsolicitudot? HTTP/1.1" 200 6735
200.54.247.69 - - [28/Mar/2017:09:53:47 -0300] "GET /cormun/servlet/solicitudotadjuntos?ce70a4ec40a8ef8de33a9adf2a637650d31a1ff4f340858f8c2705c23a35cd0b,gx-no-cache=1490705688669 HTTP/1.1" 200 30
200.54.247.69 - - [28/Mar/2017:09:53:47 -0300] "GET /cormun/servlet/solicitudotadjuntos?ce70a4ec40a8ef8de33a9adf2a637650d31a1ff4f340858f8c2705c23a35cd0b,gx-no-cache=1490705688687 HTTP/1.1" 200 30
186.79.205.121 - - [28/Mar/2017:09:53:47 -0300] "GET /cormun/static/gxcfg.js?201731711505139 HTTP/1.1" 304 -
186.79.205.121 - - [28/Mar/2017:09:53:48 -0300] "GET /cormun/static/trsolicitudot.js?20173171151116 HTTP/1.1" 304 -
186.79.205.121 - - [28/Mar/2017:09:53:50 -0300] "GET /cormun/servlet/trsolicitudot? HTTP/1.1" 200 6734
200.54.247.69 - - [28/Mar/2017:09:53:51 -0300] "POST /cormun/servlet/solicitudotadjuntos?8f3501cf495c1155faab39cd798dc957,INS,2017,5772,,1, HTTP/1.1" 200 116
200.54.247.69 - - [28/Mar/2017:09:53:51 -0300] "GET /cormun/servlet/hpexe_return? HTTP/1.1" 200 1031
200.54.247.69 - - [28/Mar/2017:09:53:52 -0300] "GET /cormun/servlet/trsolicitudadjuntos?2017,5772, HTTP/1.1" 200 8449
186.79.205.121 - - [28/Mar/2017:09:53:53 -0300] "GET /cormun/servlet/solicitudot?INS,0,0, HTTP/1.1" 200 12584
186.79.205.121 - - [28/Mar/2017:09:53:53 -0300] "GET /cormun/static/Resources/Spanish/PXTools.css?18365030 HTTP/1.1" 304 -
186.79.205.121 - - [28/Mar/2017:09:53:53 -0300] "GET /cormun/static/gxcfg.js?20171191042720 HTTP/1.1" 304 -
186.79.205.121 - - [28/Mar/2017:09:53:53 -0300] "GET /cormun/static/solicitudot.js?2017119104297 HTTP/1.1" 304 -
186.79.205.121 - - [28/Mar/2017:09:53:55 -0300] "GET /cormun/servlet/solicitudot?INS,0,0, HTTP/1.1" 200 12589
200.54.247.69 - - [28/Mar/2017:09:53:56 -0300] "GET /cormun/servlet/solicitudotadjuntos?INS,2017,5772,,1, HTTP/1.1" 200 6055
200.54.247.69 - - [28/Mar/2017:09:53:56 -0300] "HEAD /cormun/static/about:blank HTTP/1.1" 404 -
200.54.247.69 - - [28/Mar/2017:09:53:57 -0300] "GET /cormun/servlet/solicitudotadjuntos?ce70a4ec40a8ef8de33a9adf2a637650ffc3104cfcc02f1f326cab80bd457f968bd14a62917a9d814e774cad88c20103,gx-no-cache=1490705697971 HTTP/1.1" 200 30
200.54.247.69 - - [28/Mar/2017:09:53:57 -0300] "POST /cormun/servlet/solicitudotadjuntos?8f3501cf495c1155faab39cd798dc957,INS,2017,5772,,1,,gx-no-cache=1490705698017 HTTP/1.1" 200 3831
186.79.27.240 - - [28/Mar/2017:09:53:58 -0300] "POST /cormun/servlet/solicitudot?gx-no-cache=1490705705768 HTTP/1.1" 200 1291
186.79.27.240 - - [28/Mar/2017:09:53:58 -0300] "POST /cormun/servlet/solicitudot?gx-no-cache=1490705706069 HTTP/1.1" 200 38
200.54.247.69 - - [28/Mar/2017:09:54:00 -0300] "POST /cormun/servlet/solicitudotadjuntos?gx-no-cache=1490705701614 HTTP/1.1" 200 26
186.79.205.121 - - [28/Mar/2017:09:54:05 -0300] "GET /cormun/servlet/prfichaempleado?,MD,,gxPopupLevel%3D0%3B HTTP/1.1" 200 8837
186.79.27.240 - - [28/Mar/2017:09:54:06 -0300] "POST /cormun/servlet/solicitudot?gx-no-cache=1490705713988 HTTP/1.1" 200 30
186.79.205.121 - - [28/Mar/2017:09:54:06 -0300] "GET /cormun/static/gxcfg.js?2016102420561687 HTTP/1.1" 304 -
186.79.205.121 - - [28/Mar/2017:09:54:06 -0300] "GET /cormun/static/prfichaempleado.js?201610242056198 HTTP/1.1" 304 -
186.79.205.121 - - [28/Mar/2017:09:54:06 -0300] "GET /cormun/static/menusearch.js?201610171694467 HTTP/1.1" 304 -
186.79.205.121 - - [28/Mar/2017:09:54:06 -0300] "GET /cormun/static/hmpwkw011.js?201731711483558 HTTP/1.1" 304 -
186.79.205.121 - - [28/Mar/2017:09:54:06 -0300] "GET /cormun/static/Resources/Spanish/PXTools.css?167811 HTTP/1.1" 304 -
200.54.247.69 - - [28/Mar/2017:09:54:15 -0300] "GET /cormun/servlet/solicitudotadjuntos?ce70a4ec40a8ef8de33a9adf2a637650d31a1ff4f340858f8c2705c23a35cd0b,gx-no-cache=1490705715134 HTTP/1.1" 200 30
200.54.247.69 - - [28/Mar/2017:09:54:15 -0300] "GET /cormun/servlet/solicitudotadjuntos?ce70a4ec40a8ef8de33a9adf2a637650d31a1ff4f340858f8c2705c23a35cd0b,gx-no-cache=1490705716057 HTTP/1.1" 200 30
200.54.247.69 - - [28/Mar/2017:09:54:18 -0300] "POST /cormun/servlet/solicitudotadjuntos?8f3501cf495c1155faab39cd798dc957,INS,2017,5772,,1, HTTP/1.1" 200 116
200.54.247.69 - - [28/Mar/2017:09:54:18 -0300] "GET /cormun/servlet/hpexe_return? HTTP/1.1" 200 1031
200.54.247.69 - - [28/Mar/2017:09:54:18 -0300] "GET /cormun/servlet/trsolicitudadjuntos?2017,5772, HTTP/1.1" 200 8603
200.54.247.69 - - [28/Mar/2017:09:54:23 -0300] "GET /cormun/servlet/solicitudotadjuntos?INS,2017,5772,,1, HTTP/1.1" 200 6055
200.54.247.69 - - [28/Mar/2017:09:54:23 -0300] "HEAD /cormun/static/about:blank HTTP/1.1" 404 -
200.54.247.69 - - [28/Mar/2017:09:54:24 -0300] "GET /cormun/servlet/solicitudotadjuntos?ce70a4ec40a8ef8de33a9adf2a637650ffc3104cfcc02f1f326cab80bd457f968bd14a62917a9d814e774cad88c20103,gx-no-cache=1490705725221 HTTP/1.1" 200 30
200.54.247.69 - - [28/Mar/2017:09:54:24 -0300] "POST /cormun/servlet/solicitudotadjuntos?8f3501cf495c1155faab39cd798dc957,INS,2017,5772,,1,,gx-no-cache=1490705725266 HTTP/1.1" 200 3831
200.54.247.69 - - [28/Mar/2017:09:54:28 -0300] "POST /cormun/servlet/solicitudotadjuntos?gx-no-cache=1490705729166 HTTP/1.1" 200 26
186.79.27.240 - - [28/Mar/2017:09:54:30 -0300] "POST /cormun/servlet/solicitudot?gx-no-cache=1490705737344 HTTP/1.1" 200 1291
186.79.27.240 - - [28/Mar/2017:09:54:30 -0300] "POST /cormun/servlet/solicitudot?gx-no-cache=1490705737918 HTTP/1.1" 200 38
186.79.205.121 - - [28/Mar/2017:09:54:35 -0300] "POST /cormun/servlet/prfichaempleado?ef10c7936e21597f8fc7bc24f271f187,,MD,,gxPopupLevel%3D0%3B,gx-no-cache=1490709187885 HTTP/1.1" 200 3173
192.168.10.13 - - [28/Mar/2017:09:54:38 -0300] "GET / HTTP/1.1" 200 11217
186.79.27.240 - - [28/Mar/2017:09:54:39 -0300] "GET /cormun/servlet/solicitudot?3275ab2f4ca15add528afa77f83ef3449ba0d01f2c5d5c2bd02aa7210ae4e3d54f9df4f7eba46311100f2f6fe125ecf45aa79615691546254c73bead379543df5b55a059fdc0d6a42b339b25aee5581558bbb76e7072b29480f931c2baf6fc55d6636b989a1a07beb6ad331444ae77e14814a7e249762e6e26e7c3dc14e14aa9e9928f4f558ffb0d14f499e283e5381f9ef4886e608f5c134416387daa4c8ff1,gx-no-cache=1490705746804 HTTP/1.1" 200 29
186.79.27.240 - - [28/Mar/2017:09:54:39 -0300] "POST /cormun/servlet/solicitudot?gx-no-cache=1490705746913 HTTP/1.1" 200 1275
186.79.27.240 - - [28/Mar/2017:09:54:39 -0300] "POST /cormun/servlet/solicitudot?gx-no-cache=1490705747442 HTTP/1.1" 200 1157
200.54.247.69 - - [28/Mar/2017:09:54:41 -0300] "GET /cormun/servlet/solicitudotadjuntos?ce70a4ec40a8ef8de33a9adf2a637650d31a1ff4f340858f8c2705c23a35cd0b,gx-no-cache=1490705742693 HTTP/1.1" 200 30
200.54.247.69 - - [28/Mar/2017:09:54:41 -0300] "GET /cormun/servlet/solicitudotadjuntos?ce70a4ec40a8ef8de33a9adf2a637650d31a1ff4f340858f8c2705c23a35cd0b,gx-no-cache=1490705742709 HTTP/1.1" 200 30
200.54.247.69 - - [28/Mar/2017:09:54:43 -0300] "POST /cormun/servlet/solicitudotadjuntos?8f3501cf495c1155faab39cd798dc957,INS,2017,5772,,1, HTTP/1.1" 200 116
200.54.247.69 - - [28/Mar/2017:09:54:43 -0300] "GET /cormun/servlet/hpexe_return? HTTP/1.1" 200 1031
200.54.247.69 - - [28/Mar/2017:09:54:43 -0300] "GET /cormun/servlet/trsolicitudadjuntos?2017,5772, HTTP/1.1" 200 8738
200.54.247.69 - - [28/Mar/2017:09:54:48 -0300] "GET /cormun/servlet/solicitudotadjuntos?INS,2017,5772,,1, HTTP/1.1" 200 6055
200.54.247.69 - - [28/Mar/2017:09:54:48 -0300] "HEAD /cormun/static/about:blank HTTP/1.1" 404 -
200.54.247.69 - - [28/Mar/2017:09:54:49 -0300] "GET /cormun/servlet/solicitudotadjuntos?ce70a4ec40a8ef8de33a9adf2a637650ffc3104cfcc02f1f326cab80bd457f968bd14a62917a9d814e774cad88c20103,gx-no-cache=1490705750495 HTTP/1.1" 200 30
200.54.247.69 - - [28/Mar/2017:09:54:49 -0300] "POST /cormun/servlet/solicitudotadjuntos?8f3501cf495c1155faab39cd798dc957,INS,2017,5772,,1,,gx-no-cache=1490705750559 HTTP/1.1" 200 3831
200.54.247.69 - - [28/Mar/2017:09:54:54 -0300] "POST /cormun/servlet/solicitudotadjuntos?gx-no-cache=1490705755054 HTTP/1.1" 200 26
200.54.247.69 - - [28/Mar/2017:09:55:04 -0300] "GET /cormun/servlet/solicitudotadjuntos?ce70a4ec40a8ef8de33a9adf2a637650d31a1ff4f340858f8c2705c23a35cd0b,gx-no-cache=1490705765134 HTTP/1.1" 200 30
200.54.247.69 - - [28/Mar/2017:09:55:04 -0300] "GET /cormun/servlet/solicitudotadjuntos?ce70a4ec40a8ef8de33a9adf2a637650d31a1ff4f340858f8c2705c23a35cd0b,gx-no-cache=1490705765199 HTTP/1.1" 200 30
200.54.247.69 - - [28/Mar/2017:09:55:04 -0300] "POST /cormun/servlet/solicitudotadjuntos?8f3501cf495c1155faab39cd798dc957,INS,2017,5772,,1, HTTP/1.1" 200 116
200.54.247.69 - - [28/Mar/2017:09:55:04 -0300] "GET /cormun/servlet/hpexe_return? HTTP/1.1" 200 1031
200.54.247.69 - - [28/Mar/2017:09:55:05 -0300] "GET /cormun/servlet/trsolicitudadjuntos?2017,5772, HTTP/1.1" 200 8937
186.79.205.121 - - [28/Mar/2017:09:55:07 -0300] "POST /cormun/servlet/prfichaempleado?ef10c7936e21597f8fc7bc24f271f187,,MD,,gxPopupLevel%3D0%3B,gx-no-cache=1490709218105 HTTP/1.1" 200 3386
192.168.10.89 - - [28/Mar/2017:09:55:07 -0300] "GET /cormun/servlet/vesolicitudnombre?2017,5522,,SolicitudOTAdjuntos HTTP/1.1" 200 10514
192.168.10.89 - - [28/Mar/2017:09:55:08 -0300] "GET /cormun/pexe_scrolldiv.js HTTP/1.1" 404 1009
200.54.247.69 - - [28/Mar/2017:09:55:08 -0300] "GET /cormun/servlet/solicitudotadjuntos?INS,2017,5772,,1, HTTP/1.1" 200 6055
200.54.247.69 - - [28/Mar/2017:09:55:09 -0300] "HEAD /cormun/static/about:blank HTTP/1.1" 404 -
200.54.247.69 - - [28/Mar/2017:09:55:09 -0300] "GET /cormun/servlet/solicitudotadjuntos?ce70a4ec40a8ef8de33a9adf2a637650ffc3104cfcc02f1f326cab80bd457f968bd14a62917a9d814e774cad88c20103,gx-no-cache=1490705770665 HTTP/1.1" 200 30
192.168.10.89 - - [28/Mar/2017:09:55:09 -0300] "POST /cormun/servlet/acontrolpreferencessavestate?None,CDROGUETT,true HTTP/1.1" 200 35
200.54.247.69 - - [28/Mar/2017:09:55:10 -0300] "POST /cormun/servlet/solicitudotadjuntos?8f3501cf495c1155faab39cd798dc957,INS,2017,5772,,1,,gx-no-cache=1490705770733 HTTP/1.1" 200 3831
192.168.10.89 - - [28/Mar/2017:09:55:11 -0300] "POST /cormun/servlet/vesolicitudnombre?7031db5127bc564a47a5005297b39cfa,2017,5522,,SolicitudOTAdjuntos,gx-no-cache=1490708990436 HTTP/1.1" 200 90
192.168.10.89 - - [28/Mar/2017:09:55:11 -0300] "GET /cormun/servlet/hpexe_link HTTP/1.1" 200 991
192.168.10.89 - - [28/Mar/2017:09:55:13 -0300] "GET /cormun/servlet/trsolicitudnombre?17652402, HTTP/1.1" 200 7448
186.103.158.250 - - [28/Mar/2017:09:55:13 -0300] "GET /cormun/servlet/trlicencias? HTTP/1.1" 200 6603
