192.168.10.13 - - [28/Mar/2017:13:00:38 -0300] "GET / HTTP/1.1" 200 11217
186.103.159.188 - - [28/Mar/2017:13:01:03 -0300] "POST /cormun/servlet/trcontratounov2?ee76b5141891058e32a3dcce05aa244e,,gx-no-cache=1490716930248 HTTP/1.1" 200 14214
207.46.13.36 - - [28/Mar/2017:13:01:21 -0300] "GET /cormun/servlet/solicitudot?INS,0,0, HTTP/1.1" 200 11972
186.103.159.188 - - [28/Mar/2017:13:01:30 -0300] "POST /cormun/servlet/trcontratounov2?ee76b5141891058e32a3dcce05aa244e,,gx-no-cache=1490716957578 HTTP/1.1" 200 13978
207.46.13.36 - - [28/Mar/2017:13:01:31 -0300] "GET /cormun/servlet/solicitudot?INS,0,0, HTTP/1.1" 200 11971
192.168.10.13 - - [28/Mar/2017:13:01:38 -0300] "GET / HTTP/1.1" 200 11217
186.103.159.188 - - [28/Mar/2017:13:01:44 -0300] "POST /cormun/servlet/trcontratounov2?ee76b5141891058e32a3dcce05aa244e,,gx-no-cache=1490716971515 HTTP/1.1" 200 11009
192.168.10.13 - - [28/Mar/2017:13:02:38 -0300] "GET / HTTP/1.1" 200 11217
186.103.159.188 - - [28/Mar/2017:13:03:10 -0300] "POST /cormun/servlet/trcontratounov2?ee76b5141891058e32a3dcce05aa244e,,gx-no-cache=1490717056962 HTTP/1.1" 200 13932
192.168.10.96 - - [28/Mar/2017:13:03:37 -0300] "GET /cormun/servlet/trconsultaempleado? HTTP/1.1" 200 6584
192.168.10.96 - - [28/Mar/2017:13:03:37 -0300] "GET /cormun/servlet/trconsultaempleado? HTTP/1.1" 200 6583
192.168.10.13 - - [28/Mar/2017:13:03:38 -0300] "GET / HTTP/1.1" 200 11217
190.101.9.138 - - [28/Mar/2017:13:03:43 -0300] "POST /cormun/servlet/trcontratounov2?ee76b5141891058e32a3dcce05aa244e,,gx-no-cache=1490717090291 HTTP/1.1" 200 14231
186.103.159.188 - - [28/Mar/2017:13:04:01 -0300] "POST /cormun/servlet/trcontratounov2?ee76b5141891058e32a3dcce05aa244e,,gx-no-cache=1490717107376 HTTP/1.1" 200 11007
192.168.10.96 - - [28/Mar/2017:13:04:03 -0300] "POST /cormun/servlet/trconsultaempleado?075044d6619b56bb19e87ec7614481f6,,gx-no-cache=1490720321787 HTTP/1.1" 200 4326
192.168.10.96 - - [28/Mar/2017:13:04:05 -0300] "GET /cormun/servlet/trsolicitudnombre?17652372, HTTP/1.1" 200 7246
192.168.10.96 - - [28/Mar/2017:13:04:05 -0300] "GET /cormun/servlet/trsolicitudnombre?17652372, HTTP/1.1" 200 7245
192.168.10.96 - - [28/Mar/2017:13:04:07 -0300] "GET /cormun/servlet/vesolicitudnombre?2017,5275,, HTTP/1.1" 200 8442
192.168.10.96 - - [28/Mar/2017:13:04:07 -0300] "GET /cormun/pexe_scrolldiv.js HTTP/1.1" 404 1009
192.168.10.96 - - [28/Mar/2017:13:04:07 -0300] "GET /cormun/pexe_scrolldiv.js HTTP/1.1" 404 1009
192.168.10.96 - - [28/Mar/2017:13:04:07 -0300] "GET /cormun/servlet/vesolicitudnombre?2017,5275,, HTTP/1.1" 200 8433
192.168.10.96 - - [28/Mar/2017:13:04:09 -0300] "GET /cormun/servlet/vesolicitudnombre?2017,5275,,SolicitudOTAdjuntos HTTP/1.1" 200 10307
192.168.10.96 - - [28/Mar/2017:13:04:09 -0300] "GET /cormun/pexe_scrolldiv.js HTTP/1.1" 404 1009
192.168.10.96 - - [28/Mar/2017:13:04:09 -0300] "GET /cormun/pexe_scrolldiv.js HTTP/1.1" 404 1009
192.168.10.96 - - [28/Mar/2017:13:04:10 -0300] "GET /cormun/servlet/vesolicitudnombre?2017,5275,,SolicitudOTAdjuntos HTTP/1.1" 200 10307
192.168.10.96 - - [28/Mar/2017:13:04:11 -0300] "POST /cormun/servlet/acontrolpreferencessavestate?None,DZAMUDIO,true HTTP/1.1" 200 35
192.168.10.96 - - [28/Mar/2017:13:04:11 -0300] "GET /cormun/PublicTempStorage/cedula_de_identidad6837896.pdf HTTP/1.1" 200 255284
192.168.10.96 - - [28/Mar/2017:13:04:15 -0300] "GET /cormun/servlet/vesolicitudnombre?2017,5275,,SolicitudOTAdjuntos HTTP/1.1" 200 10305
192.168.10.96 - - [28/Mar/2017:13:04:16 -0300] "GET /cormun/servlet/vesolicitudnombre?2017,5275,,SolicitudOTAdjuntos HTTP/1.1" 200 10308
192.168.10.96 - - [28/Mar/2017:13:04:17 -0300] "POST /cormun/servlet/acontrolpreferencessavestate?None,DZAMUDIO,true HTTP/1.1" 200 35
192.168.10.96 - - [28/Mar/2017:13:04:18 -0300] "GET /cormun/PublicTempStorage/licencia_ense%F1anaza_media2523779.pdf HTTP/1.1" 200 500047
192.168.10.96 - - [28/Mar/2017:13:04:22 -0300] "GET /cormun/servlet/vesolicitudnombre?2017,5275,,SolicitudOTAdjuntos HTTP/1.1" 200 10304
192.168.10.96 - - [28/Mar/2017:13:04:23 -0300] "GET /cormun/servlet/vesolicitudnombre?2017,5275,,SolicitudOTAdjuntos HTTP/1.1" 200 10307
192.168.10.96 - - [28/Mar/2017:13:04:24 -0300] "POST /cormun/servlet/acontrolpreferencessavestate?None,DZAMUDIO,true HTTP/1.1" 200 35
192.168.10.96 - - [28/Mar/2017:13:04:24 -0300] "GET /cormun/PublicTempStorage/certificado_cotizacion_afp9060429.pdf HTTP/1.1" 200 732718
190.101.9.138 - - [28/Mar/2017:13:04:24 -0300] "POST /cormun/servlet/trcontratounov2?ee76b5141891058e32a3dcce05aa244e,,gx-no-cache=1490717131014 HTTP/1.1" 200 14210
192.168.10.96 - - [28/Mar/2017:13:04:28 -0300] "GET /cormun/servlet/vesolicitudnombre?2017,5275,,SolicitudOTAdjuntos HTTP/1.1" 200 10306
192.168.10.96 - - [28/Mar/2017:13:04:29 -0300] "GET /cormun/servlet/vesolicitudnombre?2017,5275,,SolicitudOTAdjuntos HTTP/1.1" 200 10304
192.168.10.96 - - [28/Mar/2017:13:04:30 -0300] "POST /cormun/servlet/acontrolpreferencessavestate?None,DZAMUDIO,true HTTP/1.1" 200 35
192.168.10.96 - - [28/Mar/2017:13:04:31 -0300] "GET /cormun/PublicTempStorage/certificado_afiliacion_salud4801053.pdf HTTP/1.1" 200 270279
200.54.247.69 - - [28/Mar/2017:13:04:36 -0300] "GET /cormun/servlet/hlogin HTTP/1.1" 200 1729
192.168.10.96 - - [28/Mar/2017:13:04:36 -0300] "GET /cormun/servlet/vesolicitudnombre?2017,5275,,SolicitudOTAdjuntos HTTP/1.1" 200 10305
192.168.10.96 - - [28/Mar/2017:13:04:37 -0300] "GET /cormun/servlet/vesolicitudnombre?2017,5275,,SolicitudOTAdjuntos HTTP/1.1" 200 10305
192.168.10.13 - - [28/Mar/2017:13:04:38 -0300] "GET / HTTP/1.1" 200 11217
192.168.10.96 - - [28/Mar/2017:13:04:38 -0300] "POST /cormun/servlet/acontrolpreferencessavestate?None,DZAMUDIO,true HTTP/1.1" 200 35
192.168.10.96 - - [28/Mar/2017:13:04:39 -0300] "GET /cormun/PublicTempStorage/certificado_antecedentes3333470.pdf HTTP/1.1" 200 627333
192.168.10.96 - - [28/Mar/2017:13:04:42 -0300] "GET /cormun/servlet/vesolicitudnombre?2017,5275,,SolicitudOTAdjuntos HTTP/1.1" 200 10305
192.168.10.96 - - [28/Mar/2017:13:04:43 -0300] "GET /cormun/servlet/vesolicitudnombre?2017,5275,,SolicitudOTAdjuntos HTTP/1.1" 200 10306
192.168.10.96 - - [28/Mar/2017:13:04:44 -0300] "POST /cormun/servlet/acontrolpreferencessavestate?None,DZAMUDIO,true HTTP/1.1" 200 35
192.168.10.96 - - [28/Mar/2017:13:04:44 -0300] "GET /cormun/PublicTempStorage/curriculum_vitae4627313.pdf HTTP/1.1" 200 332639
186.103.159.188 - - [28/Mar/2017:13:04:48 -0300] "POST /cormun/servlet/trcontratounov2?ee76b5141891058e32a3dcce05aa244e,,gx-no-cache=1490717153771 HTTP/1.1" 200 13964
200.54.247.69 - - [28/Mar/2017:13:04:51 -0300] "POST /cormun/servlet/hlogin?6d84787ffa535043b61532656e297f9f,gx-no-cache=1490717157626 HTTP/1.1" 200 90
200.54.247.69 - - [28/Mar/2017:13:04:51 -0300] "GET /cormun/servlet/hpexe_link HTTP/1.1" 200 961
200.54.247.69 - - [28/Mar/2017:13:04:51 -0300] "GET /cormun/servlet/trlicencias? HTTP/1.1" 200 8259
200.54.247.69 - - [28/Mar/2017:13:04:52 -0300] "GET /cormun/servlet/trlicencias? HTTP/1.1" 200 8257
200.54.247.69 - - [28/Mar/2017:13:04:57 -0300] "GET /cormun/servlet/trpermisosgoce? HTTP/1.1" 200 9285
200.54.247.69 - - [28/Mar/2017:13:04:58 -0300] "GET /cormun/servlet/trpermisosgoce? HTTP/1.1" 200 9285
186.103.159.188 - - [28/Mar/2017:13:05:15 -0300] "POST /cormun/servlet/trcontratounov2?ee76b5141891058e32a3dcce05aa244e,,gx-no-cache=1490717180191 HTTP/1.1" 200 14227
192.168.10.13 - - [28/Mar/2017:13:05:38 -0300] "GET / HTTP/1.1" 200 11217
186.103.159.188 - - [28/Mar/2017:13:05:46 -0300] "POST /cormun/servlet/trcontratounov2?ee76b5141891058e32a3dcce05aa244e,,gx-no-cache=1490717208803 HTTP/1.1" 200 10996
186.103.159.187 - - [28/Mar/2017:13:05:52 -0300] "GET /cormun/servlet/hlogin HTTP/1.1" 200 1727
186.103.159.187 - - [28/Mar/2017:13:06:00 -0300] "POST /cormun/servlet/hlogin?0ed1fc43293e751c138b9c8ffbcee95b,gx-no-cache=1490720824646 HTTP/1.1" 200 90
186.103.159.187 - - [28/Mar/2017:13:06:00 -0300] "GET /cormun/servlet/hpexe_link HTTP/1.1" 200 952
186.103.159.187 - - [28/Mar/2017:13:06:00 -0300] "GET /cormun/servlet/hhome HTTP/1.1" 200 3735
186.103.159.187 - - [28/Mar/2017:13:06:01 -0300] "GET /cormun/servlet/hhome HTTP/1.1" 200 3732
186.103.159.187 - - [28/Mar/2017:13:06:05 -0300] "GET /cormun/servlet/trlicencias? HTTP/1.1" 200 6578
186.103.159.187 - - [28/Mar/2017:13:06:05 -0300] "GET /cormun/static/gxcfg.js?2016122619301429 HTTP/1.1" 200 953
186.103.159.187 - - [28/Mar/2017:13:06:06 -0300] "GET /cormun/static/trlicencias.js?2016122619301919 HTTP/1.1" 200 37913
186.103.159.187 - - [28/Mar/2017:13:06:07 -0300] "GET /cormun/servlet/trlicencias? HTTP/1.1" 200 6577
186.103.159.187 - - [28/Mar/2017:13:06:09 -0300] "GET /cormun/servlet/licenciaspermisos?INS,0,,, HTTP/1.1" 200 7108
186.103.159.187 - - [28/Mar/2017:13:06:09 -0300] "GET /cormun/static/licenciaspermisos.js?201731711384498 HTTP/1.1" 200 33773
186.103.159.187 - - [28/Mar/2017:13:06:10 -0300] "GET /cormun/static/gxcfg.js?201731711384427 HTTP/1.1" 200 953
192.168.10.99 - - [28/Mar/2017:13:06:11 -0300] "GET /cormun/servlet/hlogin HTTP/1.1" 200 1721
186.103.159.187 - - [28/Mar/2017:13:06:11 -0300] "GET /cormun/servlet/licenciaspermisos?INS,0,,, HTTP/1.1" 200 7107
190.101.9.138 - - [28/Mar/2017:13:06:15 -0300] "POST /cormun/servlet/trcontratounov2?ee76b5141891058e32a3dcce05aa244e,,gx-no-cache=1490717237980 HTTP/1.1" 200 14162
192.168.10.99 - - [28/Mar/2017:13:06:22 -0300] "POST /cormun/servlet/hlogin?fe82d9a85c218a4858c5fa8856ae931b,gx-no-cache=1490720461031 HTTP/1.1" 200 90
192.168.10.99 - - [28/Mar/2017:13:06:22 -0300] "GET /cormun/servlet/hpexe_link HTTP/1.1" 200 951
192.168.10.99 - - [28/Mar/2017:13:06:22 -0300] "GET /cormun/servlet/hhome HTTP/1.1" 200 4398
192.168.10.99 - - [28/Mar/2017:13:06:22 -0300] "GET /cormun/servlet/hhome HTTP/1.1" 200 4393
192.168.10.99 - - [28/Mar/2017:13:06:25 -0300] "GET /cormun/servlet/trlicenciasgenerales? HTTP/1.1" 200 17476
192.168.10.99 - - [28/Mar/2017:13:06:26 -0300] "GET /cormun/static/gxcfg.js?201731711535756 HTTP/1.1" 200 953
192.168.10.99 - - [28/Mar/2017:13:06:26 -0300] "GET /cormun/static/trlicenciasgenerales.js?2017317115432 HTTP/1.1" 200 34807
192.168.10.99 - - [28/Mar/2017:13:06:26 -0300] "GET /cormun/servlet/trlicenciasgenerales? HTTP/1.1" 200 17494
186.103.159.187 - - [28/Mar/2017:13:06:30 -0300] "GET /cormun/servlet/prfichaempleado?,MD,,gxPopupLevel%3D0%3B HTTP/1.1" 200 8794
186.103.159.188 - - [28/Mar/2017:13:06:32 -0300] "POST /cormun/servlet/trcontratounov2?ee76b5141891058e32a3dcce05aa244e,,gx-no-cache=1490717256953 HTTP/1.1" 200 13995
200.54.247.69 - - [28/Mar/2017:13:06:35 -0300] "GET /cormun/servlet/permisogoce?INS,0,,, HTTP/1.1" 200 6770
200.54.247.69 - - [28/Mar/2017:13:06:36 -0300] "GET /cormun/servlet/permisogoce?INS,0,,, HTTP/1.1" 200 6770
192.168.10.13 - - [28/Mar/2017:13:06:38 -0300] "GET / HTTP/1.1" 200 11217
186.103.159.187 - - [28/Mar/2017:13:06:42 -0300] "POST /cormun/servlet/prfichaempleado?0ed1fc43293e751c138b9c8ffbcee95b,,MD,,gxPopupLevel%3D0%3B,gx-no-cache=1490720866321 HTTP/1.1" 200 3404
186.103.159.187 - - [28/Mar/2017:13:06:47 -0300] "GET /cormun/servlet/licenciaspermisos?de1cfa3e230902db70dfd35063b8f91fb66af28c10ab177616dd95487cc1deef1a25ca387f1e14c492dfdd3bd23b40e1,gx-no-cache=1490720871160 HTTP/1.1" 200 66
186.103.159.187 - - [28/Mar/2017:13:06:48 -0300] "POST /cormun/servlet/licenciaspermisos?0ed1fc43293e751c138b9c8ffbcee95b,INS,0,,,,gx-no-cache=1490720872155 HTTP/1.1" 200 4423
192.168.10.99 - - [28/Mar/2017:13:06:48 -0300] "GET /cormun/static/menuarrow.gif HTTP/1.1" 404 1015
190.101.9.138 - - [28/Mar/2017:13:06:58 -0300] "POST /cormun/servlet/trcontratounov2?ee76b5141891058e32a3dcce05aa244e,,gx-no-cache=1490717281460 HTTP/1.1" 200 14243
190.101.9.138 - - [28/Mar/2017:13:07:13 -0300] "POST /cormun/servlet/trcontratounov2?ee76b5141891058e32a3dcce05aa244e,,gx-no-cache=1490717299863 HTTP/1.1" 200 11003
186.103.159.187 - - [28/Mar/2017:13:07:20 -0300] "GET /cormun/static/menuarrow.gif HTTP/1.1" 404 1015
192.168.10.13 - - [28/Mar/2017:13:07:38 -0300] "GET / HTTP/1.1" 200 11217
200.54.247.69 - - [28/Mar/2017:13:07:47 -0300] "GET /cormun/servlet/trpermisosgoce? HTTP/1.1" 200 9291
200.54.247.69 - - [28/Mar/2017:13:07:48 -0300] "GET /cormun/servlet/trpermisosgoce? HTTP/1.1" 200 9289
192.168.10.99 - - [28/Mar/2017:13:07:55 -0300] "POST /cormun/servlet/trlicenciasgenerales?fe82d9a85c218a4858c5fa8856ae931b,,gx-no-cache=1490720554317 HTTP/1.1" 200 16519
200.54.247.69 - - [28/Mar/2017:13:08:08 -0300] "GET /cormun/servlet/prfichaempleado?,MD,,gxPopupLevel%3D0%3B HTTP/1.1" 200 8887
192.168.10.99 - - [28/Mar/2017:13:08:12 -0300] "POST /cormun/servlet/trlicenciasgenerales?fe82d9a85c218a4858c5fa8856ae931b,,gx-no-cache=1490720569716 HTTP/1.1" 200 110
192.168.10.99 - - [28/Mar/2017:13:08:12 -0300] "GET /cormun/LicenciasGenerales-2074.xls HTTP/1.1" 200 18944
200.54.247.69 - - [28/Mar/2017:13:08:20 -0300] "POST /cormun/servlet/prfichaempleado?6d84787ffa535043b61532656e297f9f,,MD,,gxPopupLevel%3D0%3B,gx-no-cache=1490717366556 HTTP/1.1" 200 3456
200.54.247.69 - - [28/Mar/2017:13:08:24 -0300] "GET /cormun/servlet/permisogoce?28c28bceef049a4a29f88fca42c0b77f54eb9f28095c450e1e4cd596ca81b84da29f62a836d743cae3a0dc524b4cc648,gx-no-cache=1490717371545 HTTP/1.1" 200 70
200.54.247.69 - - [28/Mar/2017:13:08:33 -0300] "GET /cormun/servlet/permisogoce?28c28bceef049a4a29f88fca42c0b77f9db8a082d12735c23e2fbca24535681c3793311a3f5cf7dba92f2a21f93f8604b517f2cf90b80f10d35a3375d5c6e780,gx-no-cache=1490717380446 HTTP/1.1" 200 47
192.168.10.13 - - [28/Mar/2017:13:08:38 -0300] "GET / HTTP/1.1" 200 11217
200.54.247.69 - - [28/Mar/2017:13:08:48 -0300] "POST /cormun/servlet/permisogoce?6d84787ffa535043b61532656e297f9f,INS,0,,,,gx-no-cache=1490717394156 HTTP/1.1" 200 93
200.54.247.69 - - [28/Mar/2017:13:08:48 -0300] "GET /cormun/servlet/hpexe_return? HTTP/1.1" 200 1013
200.54.247.69 - - [28/Mar/2017:13:08:48 -0300] "GET /cormun/servlet/trlicencias HTTP/1.1" 200 8262
200.54.247.69 - - [28/Mar/2017:13:08:49 -0300] "GET /cormun/servlet/trlicencias HTTP/1.1" 200 8257
200.54.247.69 - - [28/Mar/2017:13:08:55 -0300] "GET /cormun/servlet/trpermisosgoce? HTTP/1.1" 200 9495
200.54.247.69 - - [28/Mar/2017:13:08:56 -0300] "GET /cormun/servlet/trpermisosgoce? HTTP/1.1" 200 9498
200.54.247.69 - - [28/Mar/2017:13:09:08 -0300] "GET /cormun/servlet/trpermisosadjuntos?9742364,20170328140326,P, HTTP/1.1" 200 6326
200.54.247.69 - - [28/Mar/2017:13:09:08 -0300] "GET /cormun/servlet/trpermisosadjuntos?9742364,20170328140326,P, HTTP/1.1" 200 6326
200.54.247.69 - - [28/Mar/2017:13:09:14 -0300] "GET /cormun/servlet/permisosadjuntos?INS,9742364,P,20170328140326,, HTTP/1.1" 200 5649
200.54.247.69 - - [28/Mar/2017:13:09:14 -0300] "GET /cormun/static/about:blank HTTP/1.1" 404 1011
200.54.247.69 - - [28/Mar/2017:13:09:14 -0300] "GET /cormun/servlet/permisosadjuntos?INS,9742364,P,20170328140326,, HTTP/1.1" 200 5639
192.168.10.13 - - [28/Mar/2017:13:09:38 -0300] "GET / HTTP/1.1" 200 11217
192.168.10.99 - - [28/Mar/2017:13:09:38 -0300] "POST /cormun/servlet/trlicenciasgenerales?fe82d9a85c218a4858c5fa8856ae931b,,gx-no-cache=1490720657562 HTTP/1.1" 200 7101
207.46.13.214 - - [28/Mar/2017:13:09:54 -0300] "GET /robots.txt HTTP/1.1" 404 981
207.46.13.36 - - [28/Mar/2017:13:09:57 -0300] "GET /cormun/servlet/solicitudot?INS,0,0, HTTP/1.1" 200 11975
192.168.10.99 - - [28/Mar/2017:13:10:22 -0300] "GET /cormun/servlet/hlogin HTTP/1.1" 200 1742
192.168.10.13 - - [28/Mar/2017:13:10:38 -0300] "GET / HTTP/1.1" 200 11217
186.103.159.187 - - [28/Mar/2017:13:10:40 -0300] "GET /cormun/servlet/licenciaspermisos?de1cfa3e230902db70dfd35063b8f91f5370360de0c9b2bd8f8820a3968697ca2ea8e19060d396d469cb8f1509e80cd1e5eab805ee79d97b74d7e04d551e93b63804150a2f0d0fbce07092f3824b5f1e734f771e7f95d63a77a969ce640eaf9202a2f0d7bfcd208bdf32613449bcfe20218fe200b521a0cce843406d410901ab2026d23b43246686c8ca4710d1b4232582be08c5148f0cf9fa15cde6bc58161ebf78a55ca74971b3883aabec5a545e00,gx-no-cache=1490721105264 HTTP/1.1" 200 30
186.103.159.187 - - [28/Mar/2017:13:10:40 -0300] "GET /cormun/servlet/licenciaspermisos?de1cfa3e230902db70dfd35063b8f91ff0bc919cd60fb3c6abde0be4792d5bb9512fd01431245c1c0965d4b5a872776f4cbdbe02e42223f7a1d3c49cf64827eb166a2511418013e38e260ccdb4d89795dd8551cc419e447b72de216c9bf8cee57d135eb831c89fdcc5821f370c2f60a0fa848097eb4c282e2d60c4fb97c7db191b9b972e310ade5a6b0b7bfbb254c2a02e09b672a8679d9271f395cb5c41480b4522513b348ae48ad6f7eed355e6deed,gx-no-cache=1490721105636 HTTP/1.1" 200 29
186.103.159.187 - - [28/Mar/2017:13:10:41 -0300] "POST /cormun/servlet/licenciaspermisos?0ed1fc43293e751c138b9c8ffbcee95b,INS,0,,,,gx-no-cache=1490721105717 HTTP/1.1" 200 93
186.103.159.187 - - [28/Mar/2017:13:10:41 -0300] "GET /cormun/servlet/hpexe_return? HTTP/1.1" 200 1011
186.103.159.187 - - [28/Mar/2017:13:10:42 -0300] "GET /cormun/servlet/trlicencias HTTP/1.1" 200 7763
186.103.159.187 - - [28/Mar/2017:13:10:43 -0300] "GET /cormun//static/Resources/PXToolsGridDisplay.png HTTP/1.1" 200 362
186.103.159.187 - - [28/Mar/2017:13:10:43 -0300] "GET /cormun/servlet/trlicencias HTTP/1.1" 200 7759
186.103.159.187 - - [28/Mar/2017:13:10:43 -0300] "GET /cormun//static/Resources/PXToolsActionPrint.png HTTP/1.1" 200 3317
186.103.159.187 - - [28/Mar/2017:13:10:43 -0300] "GET /cormun//static/Resources/PXToolsHeaderHelp.png HTTP/1.1" 200 4055
186.103.159.187 - - [28/Mar/2017:13:10:44 -0300] "GET /cormun//static/Resources/PXToolsHeaderFavorites.png HTTP/1.1" 200 2744
207.46.13.36 - - [28/Mar/2017:13:10:49 -0300] "GET /cormun/static/hpexe_recentlink.js?201610171694390 HTTP/1.1" 200 2144
207.46.13.36 - - [28/Mar/2017:13:10:49 -0300] "GET /cormun/static/rijndaelSD.js?85251 HTTP/1.1" 200 6763
157.55.39.32 - - [28/Mar/2017:13:10:50 -0300] "GET /cormun/static/PXToolsJavascripts/pexe_cookies.js HTTP/1.1" 200 792
157.55.39.32 - - [28/Mar/2017:13:10:50 -0300] "GET /cormun/static/PXToolsJavascripts/pexe_griddivfix.js HTTP/1.1" 200 6644
157.55.39.32 - - [28/Mar/2017:13:10:51 -0300] "GET /cormun/static/PXToolsJavascripts/pexe_scrolldiv.js HTTP/1.1" 200 4138
192.168.10.96 - - [28/Mar/2017:13:10:51 -0300] "GET /cormun/servlet/vesolicitudnombre?2017,5275,,SolicitudOTAdjuntos HTTP/1.1" 200 10310
157.55.39.32 - - [28/Mar/2017:13:10:51 -0300] "GET /cormun/static/PXToolsJavascripts/pexe_upload.js HTTP/1.1" 200 1423
157.55.39.32 - - [28/Mar/2017:13:10:51 -0300] "GET /cormun/static/Resources/PXToolsHeaderActionsBackground.png HTTP/1.1" 200 484
157.55.39.32 - - [28/Mar/2017:13:10:51 -0300] "GET /cormun/static/Resources/PXToolsHeaderHome.png HTTP/1.1" 200 4147
192.168.10.96 - - [28/Mar/2017:13:10:52 -0300] "GET /cormun/servlet/vesolicitudnombre?2017,5275,,SolicitudOTAdjuntos HTTP/1.1" 200 10311
157.55.39.32 - - [28/Mar/2017:13:10:52 -0300] "GET /cormun/static/Resources/PXToolsHeaderLogin.png HTTP/1.1" 200 4279
192.168.10.96 - - [28/Mar/2017:13:10:52 -0300] "POST /cormun/servlet/acontrolpreferencessavestate?None,DZAMUDIO,true HTTP/1.1" 200 35
157.55.39.32 - - [28/Mar/2017:13:10:53 -0300] "GET /cormun/static/Shared/jquery/jquery-1.10.2.min.js HTTP/1.1" 200 273199
157.55.39.32 - - [28/Mar/2017:13:10:54 -0300] "GET /cormun/static/Shared/jquery/jquery-1.4.2.min.js HTTP/1.1" 200 72174
91.196.50.33 - - [28/Mar/2017:13:10:55 -0300] "GET /testproxy.php HTTP/1.1" 404 987
192.168.10.96 - - [28/Mar/2017:13:10:55 -0300] "GET /cormun/servlet/trconsultaempleado? HTTP/1.1" 200 6602
157.55.39.32 - - [28/Mar/2017:13:10:55 -0300] "GET /cormun/static/Shared/jqueryui/jquery-ui.min.css?1245370 HTTP/1.1" 200 30288
157.55.39.32 - - [28/Mar/2017:13:10:55 -0300] "GET /cormun/static/SmoothNavMenu/resources/ddsmoothmenu-v.css?1012540 HTTP/1.1" 200 1188
192.168.10.96 - - [28/Mar/2017:13:10:55 -0300] "GET /cormun/servlet/trconsultaempleado? HTTP/1.1" 200 6584
157.55.39.32 - - [28/Mar/2017:13:10:55 -0300] "GET /cormun/static/SmoothNavMenu/resources/ddsmoothmenu.css?1012540 HTTP/1.1" 200 2223
157.55.39.32 - - [28/Mar/2017:13:10:55 -0300] "GET /cormun/static/calendar-system.css?85620 HTTP/1.1" 200 5572
186.103.159.187 - - [28/Mar/2017:13:10:56 -0300] "GET /cormun/servlet/alicenciaprn?13592131,L,20170328000000,PU HTTP/1.1" 200 1542
157.55.39.32 - - [28/Mar/2017:13:10:56 -0300] "GET /cormun/static/hpexe_messagepopupcomponent.js?20161017169425 HTTP/1.1" 200 605
157.55.39.32 - - [28/Mar/2017:13:10:56 -0300] "GET /cormun/static/messages.spa.js?85251 HTTP/1.1" 200 30736
157.55.39.32 - - [28/Mar/2017:13:10:57 -0300] "GET /cormun/static/scaMessage/css/jquery.pnotify.default.css?1716380 HTTP/1.1" 200 1707
192.168.10.96 - - [28/Mar/2017:13:11:05 -0300] "POST /cormun/servlet/trconsultaempleado?075044d6619b56bb19e87ec7614481f6,,gx-no-cache=1490720744013 HTTP/1.1" 200 4349
192.168.10.96 - - [28/Mar/2017:13:11:06 -0300] "GET /cormun/servlet/trsolicitudnombre?17502073, HTTP/1.1" 200 7266
192.168.10.96 - - [28/Mar/2017:13:11:07 -0300] "GET /cormun/servlet/trsolicitudnombre?17502073, HTTP/1.1" 200 7266
40.77.167.41 - - [28/Mar/2017:13:11:08 -0300] "GET /cormun/static/PXToolsJavascripts/PXToolsJavascriptsRender.js HTTP/1.1" 200 367
192.168.10.96 - - [28/Mar/2017:13:11:08 -0300] "GET /cormun/servlet/vesolicitudnombre?2017,5273,, HTTP/1.1" 200 8470
192.168.10.96 - - [28/Mar/2017:13:11:08 -0300] "GET /cormun/pexe_scrolldiv.js HTTP/1.1" 404 1009
192.168.10.96 - - [28/Mar/2017:13:11:08 -0300] "GET /cormun/pexe_scrolldiv.js HTTP/1.1" 404 1009
40.77.167.41 - - [28/Mar/2017:13:11:09 -0300] "GET /cormun/static/PXToolsJavascripts/pexe_menus.js HTTP/1.1" 200 1286
192.168.10.96 - - [28/Mar/2017:13:11:09 -0300] "GET /cormun/servlet/vesolicitudnombre?2017,5273,, HTTP/1.1" 200 8463
40.77.167.41 - - [28/Mar/2017:13:11:09 -0300] "GET /cormun/static/Resources/PXToolsHeaderPreferences.png HTTP/1.1" 200 4189
40.77.167.41 - - [28/Mar/2017:13:11:10 -0300] "GET /cormun/static/Resources/Spanish/PXTools.css?18365030 HTTP/1.1" 200 89042
40.77.167.41 - - [28/Mar/2017:13:11:11 -0300] "GET /cormun/static/Shared/jqueryui/jquery-ui.min.js HTTP/1.1" 200 240427
192.168.10.96 - - [28/Mar/2017:13:11:11 -0300] "GET /cormun/servlet/vesolicitudnombre?2017,5273,,SolicitudOTAdjuntos HTTP/1.1" 200 10272
192.168.10.96 - - [28/Mar/2017:13:11:11 -0300] "GET /cormun/pexe_scrolldiv.js HTTP/1.1" 404 1009
192.168.10.96 - - [28/Mar/2017:13:11:11 -0300] "GET /cormun/pexe_scrolldiv.js HTTP/1.1" 404 1009
207.46.13.157 - - [28/Mar/2017:13:11:11 -0300] "GET /cormun/static/cmcontrolpreferences.js?201731711335852 HTTP/1.1" 200 1375
192.168.10.96 - - [28/Mar/2017:13:11:11 -0300] "GET /cormun/servlet/vesolicitudnombre?2017,5273,,SolicitudOTAdjuntos HTTP/1.1" 200 10272
192.168.10.96 - - [28/Mar/2017:13:11:12 -0300] "POST /cormun/servlet/acontrolpreferencessavestate?None,DZAMUDIO,true HTTP/1.1" 200 35
192.168.10.96 - - [28/Mar/2017:13:11:14 -0300] "GET /cormun/PublicTempStorage/cedula_de_identidad2713353.pdf HTTP/1.1" 200 373009
192.168.10.96 - - [28/Mar/2017:13:11:18 -0300] "GET /cormun/servlet/vesolicitudnombre?2017,5273,,SolicitudOTAdjuntos HTTP/1.1" 200 10268
192.168.10.96 - - [28/Mar/2017:13:11:19 -0300] "GET /cormun/servlet/vesolicitudnombre?2017,5273,,SolicitudOTAdjuntos HTTP/1.1" 200 10271
192.168.10.96 - - [28/Mar/2017:13:11:20 -0300] "POST /cormun/servlet/acontrolpreferencessavestate?None,DZAMUDIO,true HTTP/1.1" 200 35
192.168.10.96 - - [28/Mar/2017:13:11:20 -0300] "GET /cormun/PublicTempStorage/certificado_titulo511712.pdf HTTP/1.1" 200 1068009
192.168.10.96 - - [28/Mar/2017:13:11:25 -0300] "GET /cormun/servlet/vesolicitudnombre?2017,5273,,SolicitudOTAdjuntos HTTP/1.1" 200 10271
192.168.10.13 - - [28/Mar/2017:13:11:43 -0300] "GET / HTTP/1.1" 200 11217
192.168.10.96 - - [28/Mar/2017:13:11:43 -0300] "POST /cormun/servlet/acontrolpreferencessavestate?None,DZAMUDIO,true HTTP/1.1" 200 35
192.168.10.96 - - [28/Mar/2017:13:11:43 -0300] "GET /cormun/PublicTempStorage/afiliacion_afp7370235.pdf HTTP/1.1" 200 370219
192.168.10.96 - - [28/Mar/2017:13:11:43 -0300] "GET /cormun/PublicTempStorage/afiliacion_afp7370235.pdf HTTP/1.1" 200 49152
192.168.10.96 - - [28/Mar/2017:13:11:43 -0300] "GET /cormun/PublicTempStorage/afiliacion_afp7370235.pdf HTTP/1.1" 200 16384
192.168.10.96 - - [28/Mar/2017:13:11:43 -0300] "GET /cormun/PublicTempStorage/afiliacion_afp7370235.pdf HTTP/1.1" 200 16384
192.168.10.96 - - [28/Mar/2017:13:11:43 -0300] "GET /cormun/servlet/vesolicitudnombre?2017,5273,,SolicitudOTAdjuntos HTTP/1.1" 200 10270
200.54.247.69 - - [28/Mar/2017:13:11:45 -0300] "POST /cormun/servlet/permisosadjuntos?6d84787ffa535043b61532656e297f9f,INS,9742364,P,20170328140326,, HTTP/1.1" 200 116
200.54.247.69 - - [28/Mar/2017:13:11:46 -0300] "GET /cormun/servlet/hpexe_return? HTTP/1.1" 200 1039
200.54.247.69 - - [28/Mar/2017:13:11:47 -0300] "GET /cormun/servlet/trpermisosadjuntos?9742364,20170328140326,P, HTTP/1.1" 200 6779
192.168.10.96 - - [28/Mar/2017:13:11:48 -0300] "GET /cormun/servlet/vesolicitudnombre?2017,5273,,SolicitudOTAdjuntos HTTP/1.1" 200 10269
200.54.247.69 - - [28/Mar/2017:13:11:49 -0300] "GET /cormun/servlet/trpermisosadjuntos?9742364,20170328140326,P, HTTP/1.1" 200 6775
192.168.10.96 - - [28/Mar/2017:13:11:49 -0300] "GET /cormun/servlet/vesolicitudnombre?2017,5273,,SolicitudOTAdjuntos HTTP/1.1" 200 10273
192.168.10.96 - - [28/Mar/2017:13:11:50 -0300] "POST /cormun/servlet/acontrolpreferencessavestate?None,DZAMUDIO,true HTTP/1.1" 200 35
200.54.247.69 - - [28/Mar/2017:13:11:54 -0300] "POST /cormun/servlet/trpermisosadjuntos?6d84787ffa535043b61532656e297f9f,9742364,20170328140326,P,,gx-no-cache=1490717580994 HTTP/1.1" 200 90
200.54.247.69 - - [28/Mar/2017:13:11:54 -0300] "GET /cormun/servlet/hpexe_link HTTP/1.1" 200 985
200.54.247.69 - - [28/Mar/2017:13:11:55 -0300] "GET /cormun/servlet/trpermisosgoce HTTP/1.1" 200 9500
192.168.10.96 - - [28/Mar/2017:13:11:55 -0300] "GET /cormun/PublicTempStorage/afiliacion_salud672800.pdf HTTP/1.1" 200 396312
200.54.247.69 - - [28/Mar/2017:13:11:55 -0300] "GET /cormun/servlet/trpermisosgoce HTTP/1.1" 200 9504
192.168.10.96 - - [28/Mar/2017:13:12:01 -0300] "GET /cormun/servlet/vesolicitudnombre?2017,5273,,SolicitudOTAdjuntos HTTP/1.1" 200 10270
192.168.10.96 - - [28/Mar/2017:13:12:02 -0300] "GET /cormun/servlet/vesolicitudnombre?2017,5273,,SolicitudOTAdjuntos HTTP/1.1" 200 10275
192.168.10.96 - - [28/Mar/2017:13:12:02 -0300] "POST /cormun/servlet/acontrolpreferencessavestate?None,DZAMUDIO,true HTTP/1.1" 200 35
192.168.10.96 - - [28/Mar/2017:13:12:03 -0300] "GET /cormun/PublicTempStorage/certificado_antecedentes8731664.pdf HTTP/1.1" 200 625134
192.168.10.96 - - [28/Mar/2017:13:12:07 -0300] "GET /cormun/servlet/vesolicitudnombre?2017,5273,,SolicitudOTAdjuntos HTTP/1.1" 200 10266
192.168.10.96 - - [28/Mar/2017:13:12:08 -0300] "GET /cormun/servlet/vesolicitudnombre?2017,5273,,SolicitudOTAdjuntos HTTP/1.1" 200 10273
192.168.10.96 - - [28/Mar/2017:13:12:09 -0300] "POST /cormun/servlet/acontrolpreferencessavestate?None,DZAMUDIO,true HTTP/1.1" 200 35
192.168.10.96 - - [28/Mar/2017:13:12:10 -0300] "GET /cormun/PublicTempStorage/curriculum_vitae1694283.pdf HTTP/1.1" 200 546150
200.54.247.69 - - [28/Mar/2017:13:12:11 -0300] "POST /cormun/servlet/trpermisosgoce?6d84787ffa535043b61532656e297f9f,gx-no-cache=1490717595874 HTTP/1.1" 200 6754
200.54.247.69 - - [28/Mar/2017:13:12:33 -0300] "POST /cormun/servlet/trpermisosgoce?6d84787ffa535043b61532656e297f9f,gx-no-cache=1490717619260 HTTP/1.1" 200 6776
192.168.10.13 - - [28/Mar/2017:13:12:38 -0300] "GET / HTTP/1.1" 200 11217
200.54.247.69 - - [28/Mar/2017:13:12:42 -0300] "POST /cormun/servlet/trpermisosgoce?6d84787ffa535043b61532656e297f9f,gx-no-cache=1490717626365 HTTP/1.1" 200 4062
200.54.247.69 - - [28/Mar/2017:13:12:47 -0300] "POST /cormun/servlet/trpermisosgoce?6d84787ffa535043b61532656e297f9f,gx-no-cache=1490717634268 HTTP/1.1" 200 4059
200.54.247.69 - - [28/Mar/2017:13:12:52 -0300] "POST /cormun/servlet/trpermisosgoce?6d84787ffa535043b61532656e297f9f,gx-no-cache=1490717638707 HTTP/1.1" 200 4059
200.54.247.69 - - [28/Mar/2017:13:12:56 -0300] "POST /cormun/servlet/trpermisosgoce?6d84787ffa535043b61532656e297f9f,gx-no-cache=1490717642587 HTTP/1.1" 200 6776
186.103.159.187 - - [28/Mar/2017:13:13:07 -0300] "GET /cormun/servlet/trlicenciaspermisosadjuntos?13592131,20170328000000,L, HTTP/1.1" 200 6089
186.103.159.187 - - [28/Mar/2017:13:13:07 -0300] "GET /cormun/static/gxcfg.js?20173171154619 HTTP/1.1" 200 953
186.103.159.187 - - [28/Mar/2017:13:13:08 -0300] "GET /cormun/static/trlicenciaspermisosadjuntos.js?20173171154971 HTTP/1.1" 200 21005
186.103.159.187 - - [28/Mar/2017:13:13:09 -0300] "GET /cormun/servlet/trlicenciaspermisosadjuntos?13592131,20170328000000,L, HTTP/1.1" 200 6089
186.103.159.187 - - [28/Mar/2017:13:13:12 -0300] "GET /cormun/servlet/licenciaspermisosadjuntos?INS,13592131,L,20170328000000,, HTTP/1.1" 200 5387
186.103.159.187 - - [28/Mar/2017:13:13:12 -0300] "GET /cormun/static/gxcfg.js?201731711421170 HTTP/1.1" 200 953
186.103.159.187 - - [28/Mar/2017:13:13:12 -0300] "GET /cormun/static/licenciaspermisosadjuntos.js?201731711421181 HTTP/1.1" 200 8757
186.103.159.187 - - [28/Mar/2017:13:13:12 -0300] "GET /cormun/static/about:blank HTTP/1.1" 404 1011
186.103.159.187 - - [28/Mar/2017:13:13:13 -0300] "GET /cormun/servlet/licenciaspermisosadjuntos?INS,13592131,L,20170328000000,, HTTP/1.1" 200 5376
192.168.10.62 - - [28/Mar/2017:13:13:15 -0300] "POST /cormun/servlet/trsolicitudgral?4cba5db2885080d577445daf047b99b5,,gx-no-cache=1490720874245 HTTP/1.1" 440 972
192.168.10.62 - - [28/Mar/2017:13:13:19 -0300] "GET /cormun/servlet/trsolicitudgral? HTTP/1.1" 200 19908
192.168.10.62 - - [28/Mar/2017:13:13:19 -0300] "GET /cormun/servlet/hlogin HTTP/1.1" 200 1738
192.168.10.62 - - [28/Mar/2017:13:13:20 -0300] "GET /cormun/servlet/trsolicitudgral? HTTP/1.1" 200 19908
200.54.247.69 - - [28/Mar/2017:13:13:22 -0300] "GET /cormun/servlet/permisogoce?UPD,9742364,P,20170328140326, HTTP/1.1" 200 6837
200.54.247.69 - - [28/Mar/2017:13:13:23 -0300] "GET /cormun/servlet/permisogoce?UPD,9742364,P,20170328140326, HTTP/1.1" 200 6837
200.54.247.69 - - [28/Mar/2017:13:13:24 -0300] "GET /cormun/servlet/permisogoce?28c28bceef049a4a29f88fca42c0b77f54eb9f28095c450e1e4cd596ca81b84d9fb1aaff62fc6fff5703548c7686d3c1,gx-no-cache=1490717670744 HTTP/1.1" 200 73
200.54.247.69 - - [28/Mar/2017:13:13:31 -0300] "POST /cormun/servlet/permisogoce?6d84787ffa535043b61532656e297f9f,UPD,9742364,P,20170328140326,,gx-no-cache=1490717677840 HTTP/1.1" 200 93
200.54.247.69 - - [28/Mar/2017:13:13:31 -0300] "GET /cormun/servlet/hpexe_return? HTTP/1.1" 200 1049
200.54.247.69 - - [28/Mar/2017:13:13:32 -0300] "GET /cormun/servlet/trpermisosgoce?gx-no-cache=1490717642587 HTTP/1.1" 200 9503
200.54.247.69 - - [28/Mar/2017:13:13:32 -0300] "GET /cormun/servlet/trpermisosgoce?gx-no-cache=1490717642587 HTTP/1.1" 200 9526
192.168.10.13 - - [28/Mar/2017:13:13:38 -0300] "GET / HTTP/1.1" 200 11217
186.103.159.187 - - [28/Mar/2017:13:13:45 -0300] "POST /cormun/servlet/licenciaspermisosadjuntos?0ed1fc43293e751c138b9c8ffbcee95b,INS,13592131,L,20170328000000,, HTTP/1.1" 200 116
186.103.159.187 - - [28/Mar/2017:13:13:45 -0300] "GET /cormun/servlet/hpexe_return? HTTP/1.1" 200 1042
186.103.159.187 - - [28/Mar/2017:13:13:46 -0300] "GET /cormun/servlet/trlicenciaspermisosadjuntos?13592131,20170328000000,L, HTTP/1.1" 200 6560
186.103.159.187 - - [28/Mar/2017:13:13:47 -0300] "GET /cormun/servlet/trlicenciaspermisosadjuntos?13592131,20170328000000,L, HTTP/1.1" 200 6557
186.103.159.187 - - [28/Mar/2017:13:13:48 -0300] "GET /cormun/PublicTempStorage/licencia_sally1202873.jpeg HTTP/1.1" 200 1084186
200.54.247.69 - - [28/Mar/2017:13:13:49 -0300] "GET /cormun/servlet/trlicencias? HTTP/1.1" 200 8277
200.54.247.69 - - [28/Mar/2017:13:13:50 -0300] "GET /cormun/servlet/trlicencias? HTTP/1.1" 200 8257
186.103.159.187 - - [28/Mar/2017:13:13:52 -0300] "POST /cormun/servlet/trlicenciaspermisosadjuntos?0ed1fc43293e751c138b9c8ffbcee95b,13592131,20170328000000,L,,gx-no-cache=1490721297147 HTTP/1.1" 200 90
186.103.159.187 - - [28/Mar/2017:13:13:52 -0300] "GET /cormun/servlet/hpexe_link HTTP/1.1" 200 985
186.103.159.187 - - [28/Mar/2017:13:13:53 -0300] "GET /cormun/servlet/trlicencias HTTP/1.1" 200 7761
186.103.159.187 - - [28/Mar/2017:13:13:54 -0300] "GET /cormun/servlet/trlicencias HTTP/1.1" 200 7759
200.54.247.69 - - [28/Mar/2017:13:13:57 -0300] "POST /cormun/servlet/trlicencias?6d84787ffa535043b61532656e297f9f,,gx-no-cache=1490717703679 HTTP/1.1" 200 6659
200.54.247.69 - - [28/Mar/2017:13:14:02 -0300] "POST /cormun/servlet/trlicencias?6d84787ffa535043b61532656e297f9f,,gx-no-cache=1490717708963 HTTP/1.1" 200 3838
186.103.159.187 - - [28/Mar/2017:13:14:07 -0300] "POST /cormun/servlet/trlicencias?0ed1fc43293e751c138b9c8ffbcee95b,gx-no-cache=1490721310748 HTTP/1.1" 200 4034
186.103.159.187 - - [28/Mar/2017:13:14:07 -0300] "GET /cormun/static/Shared/jqueryui/images/ui-icons_82798d_256x240.png HTTP/1.1" 404 1089
186.103.159.187 - - [28/Mar/2017:13:14:07 -0300] "GET /cormun/static/Shared/jqueryui/images/ui-bg_highlight-soft_100_c6c2c8_1x100.png HTTP/1.1" 404 1117
186.103.159.187 - - [28/Mar/2017:13:14:07 -0300] "GET /cormun/static/Shared/jqueryui/images/ui-bg_flat_55_fafafa_40x100.png HTTP/1.1" 404 1097
186.103.159.187 - - [28/Mar/2017:13:14:07 -0300] "GET /cormun/static/Shared/jqueryui/images/ui-icons_8d78a5_256x240.png HTTP/1.1" 404 1089
200.54.247.69 - - [28/Mar/2017:13:14:08 -0300] "GET /cormun/servlet/trpermisosgoce? HTTP/1.1" 200 9509
200.54.247.69 - - [28/Mar/2017:13:14:09 -0300] "GET /cormun/servlet/trpermisosgoce? HTTP/1.1" 200 9504
192.168.10.13 - - [28/Mar/2017:13:14:38 -0300] "GET / HTTP/1.1" 200 11217
192.168.10.13 - - [28/Mar/2017:13:15:38 -0300] "GET / HTTP/1.1" 200 11217
200.54.247.69 - - [28/Mar/2017:13:15:45 -0300] "GET /cormun/servlet/trcontratounov2? HTTP/1.1" 200 16571
200.54.247.69 - - [28/Mar/2017:13:15:45 -0300] "GET /cormun/static/gxcfg.js?201731711595461 HTTP/1.1" 200 953
200.54.247.69 - - [28/Mar/2017:13:15:45 -0300] "GET /cormun/static/Resources/PXToolsAddSelectedAction.png HTTP/1.1" 200 3660
200.54.247.69 - - [28/Mar/2017:13:15:45 -0300] "GET /cormun/static/trcontratounov2.js?2017317120150 HTTP/1.1" 200 38423
200.54.247.69 - - [28/Mar/2017:13:15:46 -0300] "GET /cormun/servlet/trcontratounov2? HTTP/1.1" 200 16581
200.54.247.69 - - [28/Mar/2017:13:16:12 -0300] "GET /cormun/servlet/trpermisosgoce? HTTP/1.1" 200 9497
200.54.247.69 - - [28/Mar/2017:13:16:13 -0300] "GET /cormun/servlet/trpermisosgoce? HTTP/1.1" 200 9495
192.168.10.13 - - [28/Mar/2017:13:16:38 -0300] "GET / HTTP/1.1" 200 11217
192.168.10.13 - - [28/Mar/2017:13:17:38 -0300] "GET / HTTP/1.1" 200 11217
207.46.13.36 - - [28/Mar/2017:13:18:01 -0300] "GET /cormun/servlet/solicitudot?INS,0,0, HTTP/1.1" 200 11968
192.168.10.13 - - [28/Mar/2017:13:18:38 -0300] "GET / HTTP/1.1" 200 11217
192.168.10.13 - - [28/Mar/2017:13:19:38 -0300] "GET / HTTP/1.1" 200 11217
192.168.10.13 - - [28/Mar/2017:13:20:38 -0300] "GET / HTTP/1.1" 200 11217
192.168.10.13 - - [28/Mar/2017:13:21:38 -0300] "GET / HTTP/1.1" 200 11217
157.55.39.32 - - [28/Mar/2017:13:22:04 -0300] "GET /cormun/static/Resources/PXToolsButtonLeft21.png HTTP/1.1" 200 1287
157.55.39.32 - - [28/Mar/2017:13:22:05 -0300] "GET /cormun/static/Resources/PXToolsButtonRight21.png HTTP/1.1" 200 1283
157.55.39.32 - - [28/Mar/2017:13:22:05 -0300] "GET /cormun/static/Resources/indicator.gif HTTP/1.1" 200 1553
207.46.13.36 - - [28/Mar/2017:13:22:08 -0300] "GET /cormun/static/Resources/PXToolsDataTitle.png HTTP/1.1" 200 1173
40.77.167.41 - - [28/Mar/2017:13:22:12 -0300] "GET /cormun/static/PXToolsJavascripts/PXToolsJavascriptsRender.js HTTP/1.1" 200 367
40.77.167.41 - - [28/Mar/2017:13:22:12 -0300] "GET /cormun/static/PXToolsJavascripts/pexe_menus.js HTTP/1.1" 200 1286
40.77.167.41 - - [28/Mar/2017:13:22:13 -0300] "GET /cormun/static/Resources/PXToolsButtonBackground2.png HTTP/1.1" 200 1181
192.168.10.13 - - [28/Mar/2017:13:22:38 -0300] "GET / HTTP/1.1" 200 11217
192.168.10.13 - - [28/Mar/2017:13:23:38 -0300] "GET / HTTP/1.1" 200 11217
192.168.10.13 - - [28/Mar/2017:13:24:38 -0300] "GET / HTTP/1.1" 200 11217
186.103.159.182 - - [28/Mar/2017:13:24:48 -0300] "GET /cormun/servlet/hlogin HTTP/1.1" 200 1726
186.103.159.182 - - [28/Mar/2017:13:24:48 -0300] "GET /cormun/static/gxtimezone.js?85251 HTTP/1.1" 304 -
186.103.159.182 - - [28/Mar/2017:13:24:48 -0300] "GET /cormun/static/gxcfg.js?201731711485472 HTTP/1.1" 304 -
186.103.159.182 - - [28/Mar/2017:13:24:48 -0300] "GET /cormun/static/Resources/Spanish/PXTools.css?11294912 HTTP/1.1" 304 -
186.103.159.182 - - [28/Mar/2017:13:24:48 -0300] "GET /cormun/static/messages.spa.js?85251 HTTP/1.1" 304 -
186.103.159.182 - - [28/Mar/2017:13:24:48 -0300] "GET /cormun/static/hlogin.js?201731711485490 HTTP/1.1" 304 -
186.103.159.182 - - [28/Mar/2017:13:24:49 -0300] "GET /cormun/servlet/hlogin HTTP/1.1" 200 1736
186.103.159.182 - - [28/Mar/2017:13:24:51 -0300] "POST /cormun/servlet/hlogin?7dbc08ed156401c7ca92ccfebad92dce,gx-no-cache=1490718357659 HTTP/1.1" 200 90
186.103.159.182 - - [28/Mar/2017:13:24:51 -0300] "GET /cormun/servlet/hpexe_link HTTP/1.1" 200 957
186.103.159.182 - - [28/Mar/2017:13:24:51 -0300] "GET /cormun/static/gxcfg.js?201731711483381 HTTP/1.1" 304 -
186.103.159.182 - - [28/Mar/2017:13:24:51 -0300] "GET /cormun/static/hpexe_link.js?201731711483384 HTTP/1.1" 304 -
186.103.159.182 - - [28/Mar/2017:13:24:51 -0300] "GET /cormun/servlet/hhome HTTP/1.1" 200 4034
186.103.159.182 - - [28/Mar/2017:13:24:51 -0300] "GET /cormun/static/gxcfg.js?201731711483497 HTTP/1.1" 304 -
186.103.159.182 - - [28/Mar/2017:13:24:52 -0300] "GET /cormun/static/hpexe_recentlink.js?201610171694390 HTTP/1.1" 304 -
186.103.159.182 - - [28/Mar/2017:13:24:52 -0300] "GET /cormun/static/hwchdr01.js?201731711335950 HTTP/1.1" 304 -
186.103.159.182 - - [28/Mar/2017:13:24:52 -0300] "GET /cormun/static/hpexe_scripts.js?201731711335890 HTTP/1.1" 304 -
186.103.159.182 - - [28/Mar/2017:13:24:52 -0300] "GET /cormun/static/hpexe_messagecontroller.js?201610171694323 HTTP/1.1" 304 -
186.103.159.182 - - [28/Mar/2017:13:24:52 -0300] "GET /cormun/static/hpexe_messagepopupcomponent.js?20161017169425 HTTP/1.1" 304 -
186.103.159.182 - - [28/Mar/2017:13:24:52 -0300] "GET /cormun/static/hpexe_messagegenexuscomponent.js?201731711335537 HTTP/1.1" 304 -
186.103.159.182 - - [28/Mar/2017:13:24:52 -0300] "GET /cormun/static/cmcontrolpreferences.js?201731711335852 HTTP/1.1" 304 -
186.103.159.182 - - [28/Mar/2017:13:24:52 -0300] "GET /cormun/static/hhome.js?20173171148352 HTTP/1.1" 304 -
186.103.159.182 - - [28/Mar/2017:13:24:52 -0300] "GET /cormun/static/hmpwkw03.js?201731711485354 HTTP/1.1" 304 -
186.103.159.182 - - [28/Mar/2017:13:24:53 -0300] "GET /cormun/servlet/hhome HTTP/1.1" 200 4031
186.103.159.182 - - [28/Mar/2017:13:25:09 -0300] "GET /cormun/servlet/trpermisosgoce? HTTP/1.1" 200 8080
186.103.159.182 - - [28/Mar/2017:13:25:09 -0300] "GET /cormun/static/gxcfg.js?20173171154124 HTTP/1.1" 304 -
186.103.159.182 - - [28/Mar/2017:13:25:09 -0300] "GET /cormun/static/calendar.js?85251 HTTP/1.1" 304 -
186.103.159.182 - - [28/Mar/2017:13:25:09 -0300] "GET /cormun/static/calendar-setup.js?85251 HTTP/1.1" 304 -
186.103.159.182 - - [28/Mar/2017:13:25:09 -0300] "GET /cormun/static/calendar-es.js?85251 HTTP/1.1" 304 -
186.103.159.182 - - [28/Mar/2017:13:25:10 -0300] "GET /cormun/static/trpermisosgoce.js?20173171154177 HTTP/1.1" 304 -
186.103.159.182 - - [28/Mar/2017:13:25:11 -0300] "GET /cormun/servlet/trpermisosgoce? HTTP/1.1" 200 8075
186.103.159.182 - - [28/Mar/2017:13:25:20 -0300] "POST /cormun/servlet/trpermisosgoce?7dbc08ed156401c7ca92ccfebad92dce,,gx-no-cache=1490718386948 HTTP/1.1" 200 4065
186.103.159.182 - - [28/Mar/2017:13:25:23 -0300] "GET /cormun/static/menuarrow.gif HTTP/1.1" 404 1015
186.103.159.182 - - [28/Mar/2017:13:25:37 -0300] "POST /cormun/servlet/trpermisosgoce?7dbc08ed156401c7ca92ccfebad92dce,,gx-no-cache=1490718403608 HTTP/1.1" 200 4062
192.168.10.13 - - [28/Mar/2017:13:25:38 -0300] "GET / HTTP/1.1" 200 11217
186.103.159.182 - - [28/Mar/2017:13:25:43 -0300] "GET /cormun/servlet/trpermisosgoce? HTTP/1.1" 200 6809
186.103.159.182 - - [28/Mar/2017:13:25:45 -0300] "GET /cormun/servlet/trpermisosgoce? HTTP/1.1" 200 6809
186.79.23.161 - - [28/Mar/2017:13:25:53 -0300] "GET /cormun/servlet/hlogin HTTP/1.1" 200 1726
186.79.23.161 - - [28/Mar/2017:13:25:53 -0300] "GET /cormun/static/Resources/Spanish/PXTools.css?11294912 HTTP/1.1" 304 -
186.79.23.161 - - [28/Mar/2017:13:25:53 -0300] "GET /cormun/static/gxcfg.js?201731711485472 HTTP/1.1" 304 -
186.79.23.161 - - [28/Mar/2017:13:25:53 -0300] "GET /cormun/static/messages.spa.js?85251 HTTP/1.1" 304 -
186.79.23.161 - - [28/Mar/2017:13:25:54 -0300] "GET /cormun/static/hlogin.js?201731711485490 HTTP/1.1" 304 -
186.79.23.161 - - [28/Mar/2017:13:25:54 -0300] "GET /cormun/servlet/hlogin HTTP/1.1" 200 1737
186.103.159.182 - - [28/Mar/2017:13:25:56 -0300] "POST /cormun/servlet/trpermisosgoce?7dbc08ed156401c7ca92ccfebad92dce,,gx-no-cache=1490718422766 HTTP/1.1" 200 4066
186.103.159.182 - - [28/Mar/2017:13:26:01 -0300] "POST /cormun/servlet/trpermisosgoce?7dbc08ed156401c7ca92ccfebad92dce,,gx-no-cache=1490718428201 HTTP/1.1" 200 5327
192.168.10.89 - - [28/Mar/2017:13:26:03 -0300] "GET /cormun/servlet/vesolicitudnombre?2017,5273,,SolicitudOTAdjuntos HTTP/1.1" 200 9293
192.168.10.89 - - [28/Mar/2017:13:26:03 -0300] "GET /cormun/pexe_scrolldiv.js HTTP/1.1" 404 1009
192.168.10.89 - - [28/Mar/2017:13:26:03 -0300] "GET /cormun/servlet/hlogin HTTP/1.1" 200 1761
186.103.159.182 - - [28/Mar/2017:13:26:10 -0300] "GET /cormun/servlet/permisogoce?DLT,15730716,P,20170316183712, HTTP/1.1" 200 6760
186.103.159.182 - - [28/Mar/2017:13:26:10 -0300] "GET /cormun/static/gxcfg.js?201731711422032 HTTP/1.1" 304 -
186.103.159.182 - - [28/Mar/2017:13:26:10 -0300] "GET /cormun/static/gxdec.js?85251 HTTP/1.1" 304 -
186.103.159.182 - - [28/Mar/2017:13:26:10 -0300] "GET /cormun/static/permisogoce.js?20173171142217 HTTP/1.1" 304 -
192.168.10.89 - - [28/Mar/2017:13:26:11 -0300] "POST /cormun/servlet/hlogin?49bb2be69509c16b8b1539ed1db6a97e,gx-no-cache=1490721650391 HTTP/1.1" 200 90
192.168.10.89 - - [28/Mar/2017:13:26:11 -0300] "GET /cormun/servlet/hpexe_link HTTP/1.1" 200 985
186.103.159.182 - - [28/Mar/2017:13:26:11 -0300] "GET /cormun/static/Shared/jqueryui/images/ui-bg_highlight-soft_100_c6c2c8_1x100.png HTTP/1.1" 404 1117
186.103.159.182 - - [28/Mar/2017:13:26:12 -0300] "GET /cormun/static/Shared/jqueryui/images/ui-icons_82798d_256x240.png HTTP/1.1" 404 1089
186.103.159.182 - - [28/Mar/2017:13:26:12 -0300] "GET /cormun/static/Shared/jqueryui/images/ui-bg_flat_55_fafafa_40x100.png HTTP/1.1" 404 1097
186.103.159.182 - - [28/Mar/2017:13:26:12 -0300] "GET /cormun/static/Shared/jqueryui/images/ui-icons_8d78a5_256x240.png HTTP/1.1" 404 1089
186.103.159.182 - - [28/Mar/2017:13:26:12 -0300] "GET /cormun/servlet/permisogoce?DLT,15730716,P,20170316183712, HTTP/1.1" 200 6761
192.168.10.89 - - [28/Mar/2017:13:26:13 -0300] "GET /cormun/servlet/vesolicitudnombre?2017,5273,,SolicitudOTAdjuntos HTTP/1.1" 200 10379
192.168.10.89 - - [28/Mar/2017:13:26:13 -0300] "GET /cormun/pexe_scrolldiv.js HTTP/1.1" 404 1009
192.168.10.89 - - [28/Mar/2017:13:26:16 -0300] "POST /cormun/servlet/acontrolpreferencessavestate?None,CDROGUETT,true HTTP/1.1" 200 35
186.103.159.182 - - [28/Mar/2017:13:26:18 -0300] "POST /cormun/servlet/permisogoce?7dbc08ed156401c7ca92ccfebad92dce,DLT,15730716,P,20170316183712,,gx-no-cache=1490718444914 HTTP/1.1" 200 4395
186.103.159.182 - - [28/Mar/2017:13:26:18 -0300] "GET /cormun/static/Shared/jqueryui/images/ui-bg_flat_55_994d53_40x100.png HTTP/1.1" 404 1097
186.103.159.182 - - [28/Mar/2017:13:26:18 -0300] "GET /cormun/static/Shared/jqueryui/images/ui-icons_ebccce_256x240.png HTTP/1.1" 404 1089
186.103.159.182 - - [28/Mar/2017:13:26:24 -0300] "POST /cormun/servlet/permisogoce?7dbc08ed156401c7ca92ccfebad92dce,DLT,15730716,P,20170316183712,,gx-no-cache=1490718450752 HTTP/1.1" 200 4359
186.103.159.182 - - [28/Mar/2017:13:26:26 -0300] "POST /cormun/servlet/permisogoce?7dbc08ed156401c7ca92ccfebad92dce,DLT,15730716,P,20170316183712,,gx-no-cache=1490718453140 HTTP/1.1" 200 93
186.103.159.182 - - [28/Mar/2017:13:26:26 -0300] "GET /cormun/servlet/hpexe_return? HTTP/1.1" 200 1030
186.103.159.182 - - [28/Mar/2017:13:26:26 -0300] "GET /cormun/static/Resources/Spanish/PXTools.css?167811 HTTP/1.1" 304 -
186.103.159.182 - - [28/Mar/2017:13:26:26 -0300] "GET /cormun/static/gxcfg.js?2016101716175148 HTTP/1.1" 304 -
186.103.159.182 - - [28/Mar/2017:13:26:26 -0300] "GET /cormun/static/hpexe_return.js?2016101716175153 HTTP/1.1" 304 -
186.103.159.182 - - [28/Mar/2017:13:26:26 -0300] "GET /cormun/servlet/trpermisosgoce? HTTP/1.1" 200 8075
186.103.159.182 - - [28/Mar/2017:13:26:28 -0300] "GET /cormun/servlet/trpermisosgoce? HTTP/1.1" 200 8071
186.79.23.161 - - [28/Mar/2017:13:26:31 -0300] "POST /cormun/servlet/hlogin?6f62e347b18371a0710ef97819912472,gx-no-cache=1490718457977 HTTP/1.1" 200 90
186.79.23.161 - - [28/Mar/2017:13:26:31 -0300] "GET /cormun/servlet/hpexe_link HTTP/1.1" 200 954
186.79.23.161 - - [28/Mar/2017:13:26:31 -0300] "GET /cormun/static/gxcfg.js?201731711483381 HTTP/1.1" 304 -
186.79.23.161 - - [28/Mar/2017:13:26:31 -0300] "GET /cormun/static/hpexe_link.js?201731711483384 HTTP/1.1" 304 -
186.79.23.161 - - [28/Mar/2017:13:26:31 -0300] "GET /cormun/servlet/hhome HTTP/1.1" 200 3746
186.79.23.161 - - [28/Mar/2017:13:26:32 -0300] "GET /cormun/static/gxcfg.js?201731711483497 HTTP/1.1" 304 -
186.79.23.161 - - [28/Mar/2017:13:26:32 -0300] "GET /cormun/static/hhome.js?20173171148352 HTTP/1.1" 304 -
186.79.23.161 - - [28/Mar/2017:13:26:32 -0300] "GET /cormun/static/hwchdr01.js?201731711335950 HTTP/1.1" 304 -
186.79.23.161 - - [28/Mar/2017:13:26:32 -0300] "GET /cormun/static/hpexe_recentlink.js?201610171694390 HTTP/1.1" 304 -
186.79.23.161 - - [28/Mar/2017:13:26:32 -0300] "GET /cormun/static/hpexe_scripts.js?201731711335890 HTTP/1.1" 304 -
186.79.23.161 - - [28/Mar/2017:13:26:32 -0300] "GET /cormun/static/hpexe_messagepopupcomponent.js?20161017169425 HTTP/1.1" 304 -
186.79.23.161 - - [28/Mar/2017:13:26:32 -0300] "GET /cormun/static/hpexe_messagegenexuscomponent.js?201731711335537 HTTP/1.1" 304 -
186.79.23.161 - - [28/Mar/2017:13:26:32 -0300] "GET /cormun/static/hpexe_messagecontroller.js?201610171694323 HTTP/1.1" 304 -
186.79.23.161 - - [28/Mar/2017:13:26:32 -0300] "GET /cormun/static/cmcontrolpreferences.js?201731711335852 HTTP/1.1" 304 -
186.79.23.161 - - [28/Mar/2017:13:26:32 -0300] "GET /cormun/static/hmpwkw03.js?201731711485354 HTTP/1.1" 304 -
186.79.23.161 - - [28/Mar/2017:13:26:33 -0300] "GET /cormun/servlet/hhome HTTP/1.1" 200 3742
192.168.10.13 - - [28/Mar/2017:13:26:38 -0300] "GET / HTTP/1.1" 200 11217
186.79.23.161 - - [28/Mar/2017:13:26:39 -0300] "GET /cormun/servlet/trvisualizadoreventos? HTTP/1.1" 200 6473
186.79.23.161 - - [28/Mar/2017:13:26:39 -0300] "GET /cormun/static/gxcfg.js?201731711523419 HTTP/1.1" 200 953
186.79.23.161 - - [28/Mar/2017:13:26:40 -0300] "GET /cormun/static/trvisualizadoreventos.js?20173171152387 HTTP/1.1" 200 19309
186.79.23.161 - - [28/Mar/2017:13:26:40 -0300] "GET /cormun/static/Resources/PXToolsActionPrint.png HTTP/1.1" 200 3317
186.103.159.182 - - [28/Mar/2017:13:26:40 -0300] "GET /cormun/servlet/apermisogoceprn?15730716,P,20170316183712,PU HTTP/1.1" 200 1644
186.79.23.161 - - [28/Mar/2017:13:26:41 -0300] "GET /cormun/servlet/trvisualizadoreventos? HTTP/1.1" 200 6473
186.79.23.161 - - [28/Mar/2017:13:26:46 -0300] "GET /cormun/static/menuarrow.gif HTTP/1.1" 404 1015
186.103.159.182 - - [28/Mar/2017:13:27:04 -0300] "GET /cormun/servlet/trlicenciaspermisoslog?15730716,P,20170316183712, HTTP/1.1" 200 6256
186.103.159.182 - - [28/Mar/2017:13:27:04 -0300] "GET /cormun/static/gxcfg.js?201731711543185 HTTP/1.1" 200 953
186.103.159.182 - - [28/Mar/2017:13:27:04 -0300] "GET /cormun/static/trlicenciaspermisoslog.js?201731711543510 HTTP/1.1" 200 20014
186.103.159.182 - - [28/Mar/2017:13:27:05 -0300] "GET /cormun/servlet/trlicenciaspermisoslog?15730716,P,20170316183712, HTTP/1.1" 200 6257
186.79.23.161 - - [28/Mar/2017:13:27:13 -0300] "POST /cormun/servlet/trvisualizadoreventos?6f62e347b18371a0710ef97819912472,,gx-no-cache=1490718499569 HTTP/1.1" 200 3764
186.103.159.182 - - [28/Mar/2017:13:27:14 -0300] "POST /cormun/servlet/trlicenciaspermisoslog?7dbc08ed156401c7ca92ccfebad92dce,15730716,P,20170316183712,,gx-no-cache=1490718501593 HTTP/1.1" 200 3952
186.103.159.182 - - [28/Mar/2017:13:27:25 -0300] "GET /cormun/servlet/trautorizarsolicitud? HTTP/1.1" 200 6980
186.103.159.182 - - [28/Mar/2017:13:27:25 -0300] "GET /cormun/static/Resources/Spanish/PXTools.css?18365030 HTTP/1.1" 304 -
186.103.159.182 - - [28/Mar/2017:13:27:25 -0300] "GET /cormun/static/gxcfg.js?2017259112829 HTTP/1.1" 304 -
186.103.159.182 - - [28/Mar/2017:13:27:25 -0300] "GET /cormun/static/trautorizarsolicitud.js?2017259113483 HTTP/1.1" 304 -
186.103.159.182 - - [28/Mar/2017:13:27:26 -0300] "GET /cormun/servlet/trautorizarsolicitud? HTTP/1.1" 200 6954
186.79.23.161 - - [28/Mar/2017:13:27:28 -0300] "POST /cormun/servlet/trvisualizadoreventos?6f62e347b18371a0710ef97819912472,,gx-no-cache=1490718514812 HTTP/1.1" 200 3776
186.103.159.182 - - [28/Mar/2017:13:27:31 -0300] "GET /cormun/static/menuarrow.gif HTTP/1.1" 404 1015
192.168.10.13 - - [28/Mar/2017:13:27:38 -0300] "GET / HTTP/1.1" 200 11217
186.103.159.182 - - [28/Mar/2017:13:27:47 -0300] "POST /cormun/servlet/trautorizarsolicitud?7dbc08ed156401c7ca92ccfebad92dce,,gx-no-cache=1490718534037 HTTP/1.1" 200 4138
186.79.23.161 - - [28/Mar/2017:13:27:48 -0300] "POST /cormun/servlet/trvisualizadoreventos?6f62e347b18371a0710ef97819912472,,gx-no-cache=1490718534611 HTTP/1.1" 200 4369
186.103.159.182 - - [28/Mar/2017:13:28:01 -0300] "GET /cormun/servlet/trvisualizadoreventos? HTTP/1.1" 200 6784
186.103.159.182 - - [28/Mar/2017:13:28:01 -0300] "GET /cormun/static/gxcfg.js?201731711523419 HTTP/1.1" 200 953
186.103.159.182 - - [28/Mar/2017:13:28:02 -0300] "GET /cormun/static/Resources/PXToolsActionPrint.png HTTP/1.1" 200 3317
186.103.159.182 - - [28/Mar/2017:13:28:02 -0300] "GET /cormun/static/trvisualizadoreventos.js?20173171152387 HTTP/1.1" 304 -
186.103.159.182 - - [28/Mar/2017:13:28:03 -0300] "GET /cormun/servlet/trvisualizadoreventos? HTTP/1.1" 200 6784
