186.79.58.119 - - [28/Mar/2017:15:14:10 -0300] "GET /cormun/servlet/solicitudot?b6e2b49fb3c365ef8b7a9335aefc1dcf3faf20d4460698f5e43559c53467e7cdeee0996c725726dc8c8f0d32eb5bc300d5d57a1d6382d680f0ca01d274ac2c508cd6d706180d0467d82508217c1019ce7009cdc7956d2b67dfa551174cd7291c304dc9571dfbe72e314159fdabf5b7d1fa543a334b3b82030147700b62c2f1b1397e24f2356a8bf4dc0e654e4b3c4a7450fd7349321c167c55dca8d5b5ba84d486906e68b1afafb75b0f319504b01dd471a9cccd19bfd316741d897c6bba492023b4ce52f02008dd0e4fc781ce486831840d87f7f7c07f1de389a02d6bd2a529ae3e739867ae7f6eae2c3682d83176e79f0537604f4a5c596af4702904f90146c2f8248c90b455e3f836d6276a5b0cb8a6837160ebc05c96039ea93f9d703a1c12f148905fc0253c5d1e94aeca414ddb085ed025d05fb997ac743855d7956fc8e2abfe1adcec8b6774312a2eeb56919db55f4c855e741efd50282cfbb01e0854da69d2020dfc3664ec00782756ed7cde5a672d968429a4019e4b666083593e8e,gx-no-cache=1490724917993 HTTP/1.1" 200 30
186.79.58.119 - - [28/Mar/2017:15:14:13 -0300] "POST /cormun/servlet/solicitudot?gx-no-cache=1490724920122 HTTP/1.1" 200 30
186.79.58.119 - - [28/Mar/2017:15:14:17 -0300] "POST /cormun/servlet/solicitudot?gx-no-cache=1490724924899 HTTP/1.1" 200 235
186.79.58.119 - - [28/Mar/2017:15:14:18 -0300] "POST /cormun/servlet/solicitudot?gx-no-cache=1490724925055 HTTP/1.1" 200 38
192.168.10.13 - - [28/Mar/2017:15:14:38 -0300] "GET / HTTP/1.1" 200 11217
186.79.58.119 - - [28/Mar/2017:15:14:42 -0300] "GET /cormun/servlet/solicitudot?b6e2b49fb3c365ef8b7a9335aefc1dcfa9ab94d1d93254def83c8ffda67b666940c7fb48d51538616d30118538b08f4c454b84adbd643dfe101b9bf091f2dbe36f16850ae6e2572c58bdb4a2ab5ccc84ebf9c283cec90f00eb797f4fc3e69941055808fa16e36449b027458a29a8d0c4438bc46329f7f0b25b274b15d84b841817c13b654e74a66f413ac5005a5bea5d88c5409269e0f60745e14823a25a0e162b0f938dc88a80d8f9cefdd6a257ff31b65dbb6920f9c74a272bceae2955ae13a098038b605152d0d4da1aee814fbd02,gx-no-cache=1490724949642 HTTP/1.1" 200 29
186.79.58.119 - - [28/Mar/2017:15:14:42 -0300] "POST /cormun/servlet/solicitudot?gx-no-cache=1490724949788 HTTP/1.1" 200 643
186.79.58.119 - - [28/Mar/2017:15:14:44 -0300] "POST /cormun/servlet/solicitudot?gx-no-cache=1490724951263 HTTP/1.1" 200 1157
186.79.205.248 - - [28/Mar/2017:15:14:57 -0300] "POST /cormun/servlet/trcontratounov2?63ecfdfe6f00fecb1f61b71d1efd4a03,,gx-no-cache=1490725064068 HTTP/1.1" 200 15108
186.79.205.248 - - [28/Mar/2017:15:15:14 -0300] "POST /cormun/servlet/trcontratounov2?63ecfdfe6f00fecb1f61b71d1efd4a03,,gx-no-cache=1490725080787 HTTP/1.1" 200 105
186.79.205.248 - - [28/Mar/2017:15:15:14 -0300] "GET /cormun/ContratoUnoV3-2239.xls HTTP/1.1" 200 30208
192.168.10.13 - - [28/Mar/2017:15:15:38 -0300] "GET / HTTP/1.1" 200 11217
192.168.10.13 - - [28/Mar/2017:15:16:38 -0300] "GET / HTTP/1.1" 200 11217
186.79.58.119 - - [28/Mar/2017:15:17:33 -0300] "GET /cormun/static/menuarrow.gif HTTP/1.1" 404 1015
192.168.10.13 - - [28/Mar/2017:15:17:38 -0300] "GET / HTTP/1.1" 200 11217
186.79.58.119 - - [28/Mar/2017:15:17:49 -0300] "GET /cormun/servlet/solicitudot?b6e2b49fb3c365ef8b7a9335aefc1dcfe2159c21fab0671fbceee34ce758709e18df6983938dce138c101619a5919a3b0b949ae9587766fe6f435df6d82068e6d28ea3837b3fb25fee691d56903a9f59072f00a771ca07e65fa0c0c82b2c9dd9a2ed7a43dd9fa6a0769bdb39962b5f058591c05b09d623086a5e3955b67e9139482efb509464ecdb9da8092b49dd72d51fba88446401b0709b936a0c74069d6b5337b46c0f0f3a7f41df9626b6dadce1,gx-no-cache=1490725136142 HTTP/1.1" 200 30
40.77.167.41 - - [28/Mar/2017:15:18:36 -0300] "GET /cormun/static/cmcontrolpreferences.js?201612218431999 HTTP/1.1" 200 1375
186.79.58.119 - - [28/Mar/2017:15:18:37 -0300] "POST /cormun/servlet/solicitudot?gx-no-cache=1490725184512 HTTP/1.1" 200 254
186.79.58.119 - - [28/Mar/2017:15:18:37 -0300] "GET /cormun/servlet/solicitudot?b6e2b49fb3c365ef8b7a9335aefc1dcf3faf20d4460698f5e43559c53467e7cdeee0996c725726dc8c8f0d32eb5bc300d5d57a1d6382d680f0ca01d274ac2c508cd6d706180d0467d82508217c1019ce7009cdc7956d2b67dfa551174cd7291c304dc9571dfbe72e314159fdabf5b7d1fa543a334b3b82030147700b62c2f1b1397e24f2356a8bf4dc0e654e4b3c4a7450fd7349321c167c55dca8d5b5ba84d486906e68b1afafb75b0f319504b01dd471a9cccd19bfd316741d897c6bba492023b4ce52f02008dd0e4fc781ce486831840d87f7f7c07f1de389a02d6bd2a529ae3e739867ae7f6eae2c3682d83176e79f0537604f4a5c596af4702904f90146c2f8248c90b455e3f836d6276a5b0cb8a6837160ebc05c96039ea93f9d703a1c12f148905fc0253c5d1e94aeca414ddb085ed025d05fb997ac743855d7956fc8e2abfe1adcec8b6774312a2eeb56919db55f4c855e741efd50282cfbb01e0854da69d2020dfc3664ec00782756ed7cde9a4aace87525d39b40561f93e85e201a,gx-no-cache=1490725184696 HTTP/1.1" 200 30
186.79.58.119 - - [28/Mar/2017:15:18:37 -0300] "POST /cormun/servlet/solicitudot?gx-no-cache=1490725184793 HTTP/1.1" 200 30
186.79.58.119 - - [28/Mar/2017:15:18:37 -0300] "POST /cormun/servlet/solicitudot?gx-no-cache=1490725184928 HTTP/1.1" 200 1287
192.168.10.13 - - [28/Mar/2017:15:18:38 -0300] "GET / HTTP/1.1" 200 11217
186.79.58.119 - - [28/Mar/2017:15:18:38 -0300] "POST /cormun/servlet/solicitudot?gx-no-cache=1490725185148 HTTP/1.1" 200 41
186.79.58.119 - - [28/Mar/2017:15:18:38 -0300] "POST /cormun/servlet/solicitudot?gx-no-cache=1490725185263 HTTP/1.1" 200 1274
186.79.58.119 - - [28/Mar/2017:15:18:38 -0300] "POST /cormun/servlet/solicitudot?gx-no-cache=1490725185465 HTTP/1.1" 200 1156
186.79.58.119 - - [28/Mar/2017:15:18:38 -0300] "GET /cormun/servlet/solicitudot?b6e2b49fb3c365ef8b7a9335aefc1dcfe2159c21fab0671fbceee34ce758709e18df6983938dce138c101619a5919a3b0b949ae9587766fe6f435df6d82068e6d28ea3837b3fb25fee691d56903a9f59072f00a771ca07e65fa0c0c82b2c9dd9a2ed7a43dd9fa6a0769bdb39962b5f058591c05b09d623086a5e3955b67e9139482efb509464ecdb9da8092b49dd72d51fba88446401b0709b936a0c74069d6b5337b46c0f0f3a7f41df9626b6dadce1,gx-no-cache=1490725185680 HTTP/1.1" 200 30
186.79.58.119 - - [28/Mar/2017:15:18:39 -0300] "POST /cormun/servlet/solicitudot?cfad54076fbecb6f6eaa2a44752f0307,INS,0,0,,gx-no-cache=1490725185800 HTTP/1.1" 200 93
186.79.58.119 - - [28/Mar/2017:15:18:39 -0300] "GET /cormun/servlet/hpexe_return? HTTP/1.1" 200 1005
186.79.58.119 - - [28/Mar/2017:15:18:39 -0300] "GET /cormun/servlet/trsolicitudot HTTP/1.1" 200 7999
186.79.58.119 - - [28/Mar/2017:15:18:41 -0300] "GET /cormun/servlet/trsolicitudot HTTP/1.1" 200 7995
186.79.58.119 - - [28/Mar/2017:15:18:47 -0300] "POST /cormun/servlet/trsolicitudot?cfad54076fbecb6f6eaa2a44752f0307,gx-no-cache=1490725194768 HTTP/1.1" 200 107
186.79.58.119 - - [28/Mar/2017:15:18:48 -0300] "GET /cormun/servlet/trsolicitudadjuntos?2017,5783, HTTP/1.1" 200 5843
186.79.58.119 - - [28/Mar/2017:15:18:48 -0300] "GET /cormun/static/gxcfg.js?201731711504543 HTTP/1.1" 200 953
186.79.58.119 - - [28/Mar/2017:15:18:48 -0300] "GET /cormun/static/trsolicitudadjuntos.js?201731711504951 HTTP/1.1" 200 17913
40.77.167.41 - - [28/Mar/2017:15:18:49 -0300] "GET /cormun/static/hlogin.js?201612216162555 HTTP/1.1" 200 2136
186.79.58.119 - - [28/Mar/2017:15:18:49 -0300] "GET /cormun/servlet/trsolicitudadjuntos?2017,5783, HTTP/1.1" 200 5843
186.79.58.119 - - [28/Mar/2017:15:18:55 -0300] "GET /cormun/servlet/trsolicitudot? HTTP/1.1" 200 8001
186.79.58.119 - - [28/Mar/2017:15:18:57 -0300] "GET /cormun/servlet/trsolicitudot? HTTP/1.1" 200 7995
192.168.10.13 - - [28/Mar/2017:15:19:38 -0300] "GET / HTTP/1.1" 200 11217
192.168.10.96 - - [28/Mar/2017:15:19:57 -0300] "GET /cormun/servlet/hlogin HTTP/1.1" 200 1726
192.168.10.96 - - [28/Mar/2017:15:20:07 -0300] "POST /cormun/servlet/hlogin?c910cbf254bd355f1d1da9df9d15fb29,gx-no-cache=1490728486044 HTTP/1.1" 200 90
192.168.10.96 - - [28/Mar/2017:15:20:07 -0300] "GET /cormun/servlet/hpexe_link HTTP/1.1" 200 954
192.168.10.96 - - [28/Mar/2017:15:20:07 -0300] "GET /cormun/servlet/hhome HTTP/1.1" 200 4401
192.168.10.96 - - [28/Mar/2017:15:20:08 -0300] "GET /cormun/servlet/hhome HTTP/1.1" 200 4397
192.168.10.96 - - [28/Mar/2017:15:20:11 -0300] "GET /cormun/servlet/trsecurityrole? HTTP/1.1" 200 10206
192.168.10.96 - - [28/Mar/2017:15:20:11 -0300] "GET /cormun/static/gxcfg.js?20173171150830 HTTP/1.1" 200 953
192.168.10.96 - - [28/Mar/2017:15:20:11 -0300] "GET /cormun/static/trsecurityrole.js?201731711501145 HTTP/1.1" 200 15964
192.168.10.96 - - [28/Mar/2017:15:20:11 -0300] "GET /cormun/servlet/trsecurityrole? HTTP/1.1" 200 10204
192.168.10.96 - - [28/Mar/2017:15:20:15 -0300] "GET /cormun/servlet/securityroles?INS,0, HTTP/1.1" 200 5928
192.168.10.96 - - [28/Mar/2017:15:20:15 -0300] "GET /cormun/static/gxcfg.js?2016101716124142 HTTP/1.1" 200 953
192.168.10.96 - - [28/Mar/2017:15:20:15 -0300] "GET /cormun/static/securityroles.js?2016101716124163 HTTP/1.1" 200 11674
192.168.10.96 - - [28/Mar/2017:15:20:16 -0300] "GET /cormun/servlet/securityroles?INS,0, HTTP/1.1" 200 5928
186.67.172.234 - - [28/Mar/2017:15:20:18 -0300] "GET /cormun/servlet/hlogin HTTP/1.1" 200 1723
186.67.172.234 - - [28/Mar/2017:15:20:18 -0300] "GET /cormun/static/Resources/Spanish/PXTools.css?11294912 HTTP/1.1" 304 -
186.67.172.234 - - [28/Mar/2017:15:20:18 -0300] "GET /cormun/static/gxtimezone.js?85251 HTTP/1.1" 304 -
186.67.172.234 - - [28/Mar/2017:15:20:18 -0300] "GET /cormun/static/gxcfg.js?201731711485472 HTTP/1.1" 304 -
186.67.172.234 - - [28/Mar/2017:15:20:18 -0300] "GET /cormun/static/messages.spa.js?85251 HTTP/1.1" 304 -
186.67.172.234 - - [28/Mar/2017:15:20:18 -0300] "GET /cormun/static/hlogin.js?201731711485490 HTTP/1.1" 304 -
186.67.172.234 - - [28/Mar/2017:15:20:18 -0300] "GET /cormun/servlet/hlogin HTTP/1.1" 200 1730
186.67.172.234 - - [28/Mar/2017:15:20:18 -0300] "GET /favicon.ico HTTP/1.1" 200 21630
186.67.172.234 - - [28/Mar/2017:15:20:29 -0300] "POST /cormun/servlet/hlogin?ef2de30e6f610b6bc76362cb66228c05,gx-no-cache=1490728894087 HTTP/1.1" 200 90
186.67.172.234 - - [28/Mar/2017:15:20:29 -0300] "GET /cormun/servlet/hpexe_link HTTP/1.1" 200 947
186.67.172.234 - - [28/Mar/2017:15:20:29 -0300] "GET /cormun/servlet/hhome HTTP/1.1" 200 4039
186.67.172.234 - - [28/Mar/2017:15:20:30 -0300] "GET /cormun/servlet/hhome HTTP/1.1" 200 4035
186.67.172.234 - - [28/Mar/2017:15:20:35 -0300] "GET /cormun/servlet/trpermisosgoce? HTTP/1.1" 200 8336
186.67.172.234 - - [28/Mar/2017:15:20:35 -0300] "GET /cormun/static/calendar-es.js?85251 HTTP/1.1" 304 -
186.67.172.234 - - [28/Mar/2017:15:20:35 -0300] "GET /cormun/static/calendar.js?85251 HTTP/1.1" 304 -
186.67.172.234 - - [28/Mar/2017:15:20:35 -0300] "GET /cormun/static/calendar-setup.js?85251 HTTP/1.1" 304 -
186.67.172.234 - - [28/Mar/2017:15:20:35 -0300] "GET /cormun/servlet/trpermisosgoce? HTTP/1.1" 200 8334
192.168.10.13 - - [28/Mar/2017:15:20:38 -0300] "GET / HTTP/1.1" 200 11217
186.67.172.234 - - [28/Mar/2017:15:20:39 -0300] "GET /cormun/servlet/permisogoce?INS,0,,, HTTP/1.1" 200 6803
186.67.172.234 - - [28/Mar/2017:15:20:39 -0300] "GET /cormun/static/gxcfg.js?201731711422032 HTTP/1.1" 200 953
186.67.172.234 - - [28/Mar/2017:15:20:39 -0300] "GET /cormun/static/Resources/prompt.gif HTTP/1.1" 200 902
186.67.172.234 - - [28/Mar/2017:15:20:39 -0300] "GET /cormun/static/gxdec.js?85251 HTTP/1.1" 304 -
186.67.172.234 - - [28/Mar/2017:15:20:40 -0300] "GET /cormun/servlet/permisogoce?INS,0,,, HTTP/1.1" 200 6803
192.168.10.96 - - [28/Mar/2017:15:20:44 -0300] "GET /cormun/servlet/securityroles?8f01017942e278692889b91819754f212ab2474e389b153ec4ca0de8c683a61d341058291723856f52a47dc9ed3c610a1a8a28b568adc5f046d28693503a019fbdc18dd8fd52fa520ee95aa479d76621,gx-no-cache=1490728522963 HTTP/1.1" 200 55
186.67.172.234 - - [28/Mar/2017:15:20:54 -0300] "GET /cormun/servlet/permisogoce?d7a4d34731da9d6278be0feb488f6ccb0e3d46cb30e1f0d8cb3ec4601e7c449fad20b29081afe22c86caeb02e08ec517,gx-no-cache=1490728919209 HTTP/1.1" 200 78
186.67.172.234 - - [28/Mar/2017:15:20:54 -0300] "GET /cormun/static/menuarrow.gif HTTP/1.1" 404 1015
192.168.10.96 - - [28/Mar/2017:15:21:01 -0300] "POST /cormun/servlet/securityroles?c910cbf254bd355f1d1da9df9d15fb29,INS,0,,gx-no-cache=1490728539095 HTTP/1.1" 200 93
192.168.10.96 - - [28/Mar/2017:15:21:01 -0300] "GET /cormun/servlet/hpexe_return? HTTP/1.1" 200 1008
192.168.10.96 - - [28/Mar/2017:15:21:01 -0300] "GET /cormun/servlet/trsecurityrole HTTP/1.1" 200 10222
192.168.10.96 - - [28/Mar/2017:15:21:01 -0300] "GET /cormun/servlet/trsecurityrole HTTP/1.1" 200 10218
186.67.172.234 - - [28/Mar/2017:15:21:02 -0300] "GET /cormun/servlet/permisogoce?d7a4d34731da9d6278be0feb488f6ccb9439d39a3370c839c0f279bb1bf348f24c83d413f65738fef062a3fe8de5dc4bd4bd66f9489d95f5ccbc5a49a68445fb,gx-no-cache=1490728927198 HTTP/1.1" 200 47
192.168.10.96 - - [28/Mar/2017:15:21:06 -0300] "GET /cormun/servlet/trsecurityuser01? HTTP/1.1" 200 11528
192.168.10.96 - - [28/Mar/2017:15:21:06 -0300] "GET /cormun/servlet/trsecurityuser01? HTTP/1.1" 200 11528
207.46.13.157 - - [28/Mar/2017:15:21:10 -0300] "GET /cormun/static/Resources/PXToolsFooterBackground2.png HTTP/1.1" 200 1172
186.67.172.234 - - [28/Mar/2017:15:21:20 -0300] "GET /cormun/servlet/puconsultapgoce?11067640,MD,gxPopupLevel%3D0%3B HTTP/1.1" 200 3774
186.67.172.234 - - [28/Mar/2017:15:21:20 -0300] "GET /cormun/static/Resources/resize.gif HTTP/1.1" 200 77
186.67.172.234 - - [28/Mar/2017:15:21:21 -0300] "GET /cormun/static/gxcfg.js?2016122619324821 HTTP/1.1" 200 953
186.67.172.234 - - [28/Mar/2017:15:21:21 -0300] "GET /cormun/pexe_layers.js HTTP/1.1" 404 1003
186.67.172.234 - - [28/Mar/2017:15:21:21 -0300] "GET /cormun/pexe_menus.js HTTP/1.1" 404 1001
186.67.172.234 - - [28/Mar/2017:15:21:21 -0300] "GET /cormun/pexe_windows.js HTTP/1.1" 404 1005
186.67.172.234 - - [28/Mar/2017:15:21:21 -0300] "GET /cormun/pexe_link.js HTTP/1.1" 404 999
186.67.172.234 - - [28/Mar/2017:15:21:21 -0300] "GET /cormun/pexe_cookies.js HTTP/1.1" 404 1005
186.67.172.234 - - [28/Mar/2017:15:21:21 -0300] "GET /cormun/pexe_grid.js HTTP/1.1" 404 999
186.67.172.234 - - [28/Mar/2017:15:21:21 -0300] "GET /cormun/pexe_griddivfix.js HTTP/1.1" 404 1011
186.67.172.234 - - [28/Mar/2017:15:21:21 -0300] "GET /cormun/pexe_picture.js HTTP/1.1" 404 1005
186.67.172.234 - - [28/Mar/2017:15:21:21 -0300] "GET /cormun/pexe_treedivfix.js HTTP/1.1" 404 1011
186.67.172.234 - - [28/Mar/2017:15:21:21 -0300] "GET /cormun/pexe_autoreload.js HTTP/1.1" 404 1011
186.67.172.234 - - [28/Mar/2017:15:21:21 -0300] "GET /cormun/pexe_menudivfix.js HTTP/1.1" 404 1011
186.67.172.234 - - [28/Mar/2017:15:21:21 -0300] "GET /cormun/pexe_tabdivfix.js HTTP/1.1" 404 1009
186.67.172.234 - - [28/Mar/2017:15:21:22 -0300] "GET /cormun/static/puconsultapgoce.js?2016122619325082 HTTP/1.1" 200 22423
186.67.172.234 - - [28/Mar/2017:15:21:22 -0300] "GET /cormun/static/mpprompt.js?201731711513941 HTTP/1.1" 200 940
186.67.172.234 - - [28/Mar/2017:15:21:22 -0300] "GET /cormun/pexe_menus.js HTTP/1.1" 404 1001
186.67.172.234 - - [28/Mar/2017:15:21:22 -0300] "GET /cormun/pexe_layers.js HTTP/1.1" 404 1003
186.67.172.234 - - [28/Mar/2017:15:21:22 -0300] "GET /cormun/pexe_windows.js HTTP/1.1" 404 1005
186.67.172.234 - - [28/Mar/2017:15:21:22 -0300] "GET /cormun/pexe_link.js HTTP/1.1" 404 999
186.67.172.234 - - [28/Mar/2017:15:21:22 -0300] "GET /cormun/pexe_cookies.js HTTP/1.1" 404 1005
186.67.172.234 - - [28/Mar/2017:15:21:22 -0300] "GET /cormun/pexe_grid.js HTTP/1.1" 404 999
186.67.172.234 - - [28/Mar/2017:15:21:22 -0300] "GET /cormun/pexe_griddivfix.js HTTP/1.1" 404 1011
186.67.172.234 - - [28/Mar/2017:15:21:22 -0300] "GET /cormun/pexe_picture.js HTTP/1.1" 404 1005
186.67.172.234 - - [28/Mar/2017:15:21:22 -0300] "GET /cormun/pexe_treedivfix.js HTTP/1.1" 404 1011
186.67.172.234 - - [28/Mar/2017:15:21:22 -0300] "GET /cormun/pexe_autoreload.js HTTP/1.1" 404 1011
186.67.172.234 - - [28/Mar/2017:15:21:22 -0300] "GET /cormun/pexe_menudivfix.js HTTP/1.1" 404 1011
186.67.172.234 - - [28/Mar/2017:15:21:22 -0300] "GET /cormun/pexe_tabdivfix.js HTTP/1.1" 404 1009
192.168.10.96 - - [28/Mar/2017:15:21:25 -0300] "GET /cormun/servlet/securityusers?INS,0, HTTP/1.1" 200 7214
192.168.10.96 - - [28/Mar/2017:15:21:26 -0300] "GET /cormun/servlet/securityusers?INS,0, HTTP/1.1" 200 7214
186.67.172.234 - - [28/Mar/2017:15:21:34 -0300] "POST /cormun/servlet/puconsultapgoce?ef2de30e6f610b6bc76362cb66228c05,11067640,MD,gxPopupLevel%3D0%3B,gx-no-cache=1490728959520 HTTP/1.1" 200 60
186.67.172.234 - - [28/Mar/2017:15:21:37 -0300] "GET /cormun/servlet/permisogoce?d7a4d34731da9d6278be0feb488f6ccb9439d39a3370c839c0f279bb1bf348f24c83d413f65738fef062a3fe8de5dc4b9809f55b476afdde0c1938666eab18df35b0d7c3a3240ef627214f6768f6edee,gx-no-cache=1490728961922 HTTP/1.1" 200 47
186.67.172.234 - - [28/Mar/2017:15:21:38 -0300] "POST /cormun/servlet/permisogoce?ef2de30e6f610b6bc76362cb66228c05,INS,0,,,,gx-no-cache=1490728962412 HTTP/1.1" 200 93
186.67.172.234 - - [28/Mar/2017:15:21:38 -0300] "GET /cormun/servlet/hpexe_return? HTTP/1.1" 200 1005
192.168.10.13 - - [28/Mar/2017:15:21:38 -0300] "GET / HTTP/1.1" 200 11217
186.67.172.234 - - [28/Mar/2017:15:21:38 -0300] "GET /cormun/servlet/trpermisosgoce HTTP/1.1" 200 8524
186.67.172.234 - - [28/Mar/2017:15:21:38 -0300] "GET /cormun/servlet/trpermisosgoce HTTP/1.1" 200 8519
186.67.172.234 - - [28/Mar/2017:15:21:44 -0300] "GET /cormun/servlet/trpermisosadjuntos?11067640,20170328161616,P, HTTP/1.1" 200 6355
186.67.172.234 - - [28/Mar/2017:15:21:44 -0300] "GET /cormun/static/gxcfg.js?201731711542659 HTTP/1.1" 200 953
186.67.172.234 - - [28/Mar/2017:15:21:44 -0300] "GET /cormun/servlet/trpermisosadjuntos?11067640,20170328161616,P, HTTP/1.1" 200 6354
186.67.172.234 - - [28/Mar/2017:15:21:47 -0300] "GET /cormun/servlet/permisosadjuntos?INS,11067640,P,20170328161616,, HTTP/1.1" 200 5680
186.67.172.234 - - [28/Mar/2017:15:21:47 -0300] "GET /cormun/static/about:blank HTTP/1.1" 404 1011
186.67.172.234 - - [28/Mar/2017:15:21:48 -0300] "GET /cormun/servlet/permisosadjuntos?INS,11067640,P,20170328161616,, HTTP/1.1" 200 5670
186.67.172.234 - - [28/Mar/2017:15:21:59 -0300] "POST /cormun/servlet/permisosadjuntos?ef2de30e6f610b6bc76362cb66228c05,INS,11067640,P,20170328161616,, HTTP/1.1" 200 116
186.67.172.234 - - [28/Mar/2017:15:22:00 -0300] "GET /cormun/servlet/hpexe_return? HTTP/1.1" 200 1032
186.67.172.234 - - [28/Mar/2017:15:22:00 -0300] "GET /cormun/servlet/trpermisosadjuntos?11067640,20170328161616,P, HTTP/1.1" 200 6799
186.67.172.234 - - [28/Mar/2017:15:22:01 -0300] "GET /cormun/servlet/trpermisosadjuntos?11067640,20170328161616,P, HTTP/1.1" 200 6797
186.67.172.234 - - [28/Mar/2017:15:22:07 -0300] "POST /cormun/servlet/trpermisosadjuntos?ef2de30e6f610b6bc76362cb66228c05,11067640,20170328161616,P,,gx-no-cache=1490728991635 HTTP/1.1" 200 90
186.67.172.234 - - [28/Mar/2017:15:22:07 -0300] "GET /cormun/servlet/hpexe_link HTTP/1.1" 200 977
186.67.172.234 - - [28/Mar/2017:15:22:07 -0300] "GET /cormun/servlet/trpermisosgoce HTTP/1.1" 200 8520
186.67.172.234 - - [28/Mar/2017:15:22:07 -0300] "GET /cormun/servlet/trpermisosgoce HTTP/1.1" 200 8519
186.67.172.234 - - [28/Mar/2017:15:22:23 -0300] "GET /cormun/servlet/trpermisosgoce? HTTP/1.1" 200 8519
186.67.172.234 - - [28/Mar/2017:15:22:24 -0300] "GET /cormun/servlet/trpermisosgoce? HTTP/1.1" 200 8519
186.67.172.234 - - [28/Mar/2017:15:22:31 -0300] "GET /cormun/servlet/permisogoce?INS,0,,, HTTP/1.1" 200 6803
186.67.172.234 - - [28/Mar/2017:15:22:32 -0300] "GET /cormun/servlet/permisogoce?INS,0,,, HTTP/1.1" 200 6803
192.168.10.13 - - [28/Mar/2017:15:22:38 -0300] "GET / HTTP/1.1" 200 11217
186.67.172.234 - - [28/Mar/2017:15:22:43 -0300] "GET /cormun/servlet/permisogoce?d7a4d34731da9d6278be0feb488f6ccb4c43d1255518447dd74e029059a25fdead20b29081afe22c86caeb02e08ec517,gx-no-cache=1490729027959 HTTP/1.1" 200 66
186.67.172.234 - - [28/Mar/2017:15:22:43 -0300] "GET /cormun/static/menuarrow.gif HTTP/1.1" 404 1015
192.168.10.96 - - [28/Mar/2017:15:22:46 -0300] "POST /cormun/servlet/securityusers?c910cbf254bd355f1d1da9df9d15fb29,INS,0,,gx-no-cache=1490728644778 HTTP/1.1" 200 93
192.168.10.96 - - [28/Mar/2017:15:22:46 -0300] "GET /cormun/servlet/hpexe_return? HTTP/1.1" 200 1010
192.168.10.96 - - [28/Mar/2017:15:22:46 -0300] "GET /cormun/servlet/trsecurityuser01 HTTP/1.1" 200 11532
192.168.10.96 - - [28/Mar/2017:15:22:47 -0300] "GET /cormun/servlet/trsecurityuser01 HTTP/1.1" 200 11528
186.67.172.234 - - [28/Mar/2017:15:22:52 -0300] "GET /cormun/servlet/permisogoce?d7a4d34731da9d6278be0feb488f6ccb706a172ba4f7916917b632388db0a7ae9e7c53d6ee53c4b88ec387fe37909977b83949ac3377a91afe2528010dff7759,gx-no-cache=1490729037558 HTTP/1.1" 200 47
192.168.10.96 - - [28/Mar/2017:15:22:55 -0300] "POST /cormun/servlet/trsecurityuser01?c910cbf254bd355f1d1da9df9d15fb29,gx-no-cache=1490728654012 HTTP/1.1" 200 4068
186.67.172.234 - - [28/Mar/2017:15:23:00 -0300] "POST /cormun/servlet/permisogoce?ef2de30e6f610b6bc76362cb66228c05,INS,0,,,,gx-no-cache=1490729044412 HTTP/1.1" 200 93
186.67.172.234 - - [28/Mar/2017:15:23:00 -0300] "GET /cormun/servlet/hpexe_return? HTTP/1.1" 200 1005
186.67.172.234 - - [28/Mar/2017:15:23:00 -0300] "GET /cormun/servlet/trpermisosgoce HTTP/1.1" 200 8714
186.67.172.234 - - [28/Mar/2017:15:23:00 -0300] "GET /cormun/servlet/trpermisosgoce HTTP/1.1" 200 8711
192.168.10.96 - - [28/Mar/2017:15:23:01 -0300] "POST /cormun/servlet/trsecurityuser01?c910cbf254bd355f1d1da9df9d15fb29,gx-no-cache=1490728659832 HTTP/1.1" 200 4068
192.168.10.96 - - [28/Mar/2017:15:23:02 -0300] "POST /cormun/servlet/trsecurityuser01?c910cbf254bd355f1d1da9df9d15fb29,gx-no-cache=1490728661396 HTTP/1.1" 200 4068
186.67.172.234 - - [28/Mar/2017:15:23:04 -0300] "GET /cormun/servlet/trpermisosadjuntos?10409144,20170328161738,P, HTTP/1.1" 200 6345
186.67.172.234 - - [28/Mar/2017:15:23:04 -0300] "GET /cormun/servlet/trpermisosadjuntos?10409144,20170328161738,P, HTTP/1.1" 200 6346
186.67.172.234 - - [28/Mar/2017:15:23:06 -0300] "GET /cormun/servlet/permisosadjuntos?INS,10409144,P,20170328161738,, HTTP/1.1" 200 5670
186.67.172.234 - - [28/Mar/2017:15:23:06 -0300] "GET /cormun/static/about:blank HTTP/1.1" 404 1011
186.67.172.234 - - [28/Mar/2017:15:23:06 -0300] "GET /cormun/servlet/permisosadjuntos?INS,10409144,P,20170328161738,, HTTP/1.1" 200 5660
192.168.10.96 - - [28/Mar/2017:15:23:12 -0300] "POST /cormun/servlet/trsecurityuser01?c910cbf254bd355f1d1da9df9d15fb29,gx-no-cache=1490728670695 HTTP/1.1" 200 4072
186.67.172.234 - - [28/Mar/2017:15:23:17 -0300] "POST /cormun/servlet/permisosadjuntos?ef2de30e6f610b6bc76362cb66228c05,INS,10409144,P,20170328161738,, HTTP/1.1" 200 116
186.67.172.234 - - [28/Mar/2017:15:23:17 -0300] "GET /cormun/servlet/hpexe_return? HTTP/1.1" 200 1032
186.67.172.234 - - [28/Mar/2017:15:23:17 -0300] "GET /cormun/servlet/trpermisosadjuntos?10409144,20170328161738,P, HTTP/1.1" 200 6814
192.168.10.96 - - [28/Mar/2017:15:23:17 -0300] "POST /cormun/servlet/trsecurityuser01?c910cbf254bd355f1d1da9df9d15fb29,gx-no-cache=1490728676365 HTTP/1.1" 200 9205
186.67.172.234 - - [28/Mar/2017:15:23:18 -0300] "GET /cormun/servlet/trpermisosadjuntos?10409144,20170328161738,P, HTTP/1.1" 200 6812
186.67.172.234 - - [28/Mar/2017:15:23:24 -0300] "POST /cormun/servlet/trpermisosadjuntos?ef2de30e6f610b6bc76362cb66228c05,10409144,20170328161738,P,,gx-no-cache=1490729069066 HTTP/1.1" 200 90
186.67.172.234 - - [28/Mar/2017:15:23:24 -0300] "GET /cormun/servlet/hpexe_link HTTP/1.1" 200 978
186.67.172.234 - - [28/Mar/2017:15:23:24 -0300] "GET /cormun/servlet/trpermisosgoce HTTP/1.1" 200 8713
186.67.172.234 - - [28/Mar/2017:15:23:25 -0300] "GET /cormun/servlet/trpermisosgoce HTTP/1.1" 200 8711
186.67.172.234 - - [28/Mar/2017:15:23:31 -0300] "POST /cormun/servlet/trpermisosgoce?ef2de30e6f610b6bc76362cb66228c05,gx-no-cache=1490729075605 HTTP/1.1" 200 5916
186.67.172.234 - - [28/Mar/2017:15:23:34 -0300] "POST /cormun/servlet/trpermisosgoce?ef2de30e6f610b6bc76362cb66228c05,gx-no-cache=1490729078534 HTTP/1.1" 200 5917
192.168.10.13 - - [28/Mar/2017:15:23:38 -0300] "GET / HTTP/1.1" 200 11217
186.67.172.234 - - [28/Mar/2017:15:23:39 -0300] "GET /cormun/servlet/trautorizarpermisogoce? HTTP/1.1" 200 7565
186.67.172.234 - - [28/Mar/2017:15:23:40 -0300] "GET /cormun/servlet/trautorizarpermisogoce? HTTP/1.1" 200 7565
192.168.10.96 - - [28/Mar/2017:15:24:18 -0300] "POST /cormun/servlet/trsecurityuser01?c910cbf254bd355f1d1da9df9d15fb29,gx-no-cache=1490728736878 HTTP/1.1" 200 4915
192.168.10.96 - - [28/Mar/2017:15:24:22 -0300] "POST /cormun/servlet/trsecurityuser01?c910cbf254bd355f1d1da9df9d15fb29,gx-no-cache=1490728741000 HTTP/1.1" 200 9204
192.168.10.96 - - [28/Mar/2017:15:24:28 -0300] "POST /cormun/servlet/trsecurityuser01?c910cbf254bd355f1d1da9df9d15fb29,gx-no-cache=1490728746483 HTTP/1.1" 200 4915
192.168.10.96 - - [28/Mar/2017:15:24:30 -0300] "POST /cormun/servlet/trsecurityuser01?c910cbf254bd355f1d1da9df9d15fb29,gx-no-cache=1490728749002 HTTP/1.1" 200 9678
192.168.10.13 - - [28/Mar/2017:15:24:38 -0300] "GET / HTTP/1.1" 200 11217
192.168.10.96 - - [28/Mar/2017:15:24:42 -0300] "GET /cormun/servlet/securityusers?UPD,3841, HTTP/1.1" 200 7343
192.168.10.96 - - [28/Mar/2017:15:24:43 -0300] "GET /cormun/servlet/securityusers?UPD,3841, HTTP/1.1" 200 7343
192.168.10.96 - - [28/Mar/2017:15:24:49 -0300] "GET /cormun/servlet/trsecurityuser01 HTTP/1.1" 200 11962
192.168.10.96 - - [28/Mar/2017:15:24:49 -0300] "GET /cormun/servlet/trsecurityuser01 HTTP/1.1" 200 11957
192.168.10.96 - - [28/Mar/2017:15:25:07 -0300] "GET /cormun/servlet/trsecurityusersproyecto?3841, HTTP/1.1" 200 6559
192.168.10.96 - - [28/Mar/2017:15:25:08 -0300] "GET /cormun/static/gxcfg.js?2016101716222290 HTTP/1.1" 200 953
192.168.10.96 - - [28/Mar/2017:15:25:08 -0300] "GET /cormun/static/trsecurityusersproyecto.js?201610171622255 HTTP/1.1" 200 13866
192.168.10.96 - - [28/Mar/2017:15:25:08 -0300] "GET /cormun/servlet/trsecurityusersproyecto?3841, HTTP/1.1" 200 6559
192.168.10.96 - - [28/Mar/2017:15:25:15 -0300] "POST /cormun/servlet/trsecurityusersproyecto?c910cbf254bd355f1d1da9df9d15fb29,3841,,gx-no-cache=1490728794011 HTTP/1.1" 200 4388
192.168.10.13 - - [28/Mar/2017:15:25:38 -0300] "GET / HTTP/1.1" 200 11217
192.168.10.96 - - [28/Mar/2017:15:25:39 -0300] "POST /cormun/servlet/trsecurityusersproyecto?c910cbf254bd355f1d1da9df9d15fb29,3841,,gx-no-cache=1490728817566 HTTP/1.1" 200 4164
192.168.10.96 - - [28/Mar/2017:15:25:43 -0300] "GET /cormun/servlet/trsecurityuser01 HTTP/1.1" 200 11962
192.168.10.96 - - [28/Mar/2017:15:25:43 -0300] "GET /cormun/servlet/trsecurityuser01 HTTP/1.1" 200 11957
192.168.10.96 - - [28/Mar/2017:15:26:01 -0300] "GET /cormun/servlet/trsecurityuserroles2?3841, HTTP/1.1" 200 7555
192.168.10.96 - - [28/Mar/2017:15:26:01 -0300] "GET /cormun/static/gxcfg.js?201610171620670 HTTP/1.1" 200 953
192.168.10.96 - - [28/Mar/2017:15:26:01 -0300] "GET /cormun/static/trsecurityuserroles2.js?201610171620897 HTTP/1.1" 200 15414
192.168.10.96 - - [28/Mar/2017:15:26:01 -0300] "GET /cormun/servlet/trsecurityuserroles2?3841, HTTP/1.1" 200 7554
157.55.39.32 - - [28/Mar/2017:15:26:04 -0300] "GET /cormun/static/hhome.js?201612218515573 HTTP/1.1" 200 777
192.168.10.96 - - [28/Mar/2017:15:26:14 -0300] "POST /cormun/servlet/trsecurityuserroles2?c910cbf254bd355f1d1da9df9d15fb29,3841,,gx-no-cache=1490728853462 HTTP/1.1" 200 5147
192.168.10.96 - - [28/Mar/2017:15:26:25 -0300] "POST /cormun/servlet/trsecurityuserroles2?c910cbf254bd355f1d1da9df9d15fb29,3841,,gx-no-cache=1490728864324 HTTP/1.1" 200 5083
192.168.10.96 - - [28/Mar/2017:15:26:34 -0300] "GET /cormun/servlet/trsecurityrole? HTTP/1.1" 200 10224
192.168.10.96 - - [28/Mar/2017:15:26:34 -0300] "GET /cormun/servlet/trsecurityrole? HTTP/1.1" 200 10218
192.168.10.13 - - [28/Mar/2017:15:26:38 -0300] "GET / HTTP/1.1" 200 11217
192.168.10.96 - - [28/Mar/2017:15:26:54 -0300] "GET /cormun/servlet/trsecurityuserroles?3840, HTTP/1.1" 200 6724
192.168.10.96 - - [28/Mar/2017:15:26:54 -0300] "GET /cormun/static/gxcfg.js?20173171151503 HTTP/1.1" 200 953
192.168.10.96 - - [28/Mar/2017:15:26:54 -0300] "GET /cormun/static/trsecurityuserroles.js?20173171151530 HTTP/1.1" 200 16289
192.168.10.96 - - [28/Mar/2017:15:26:55 -0300] "GET /cormun/servlet/trsecurityuserroles?3840, HTTP/1.1" 200 6724
192.168.10.96 - - [28/Mar/2017:15:26:55 -0300] "POST /cormun/servlet/acontrolpreferencessavestate?None,CDROGUETT,true HTTP/1.1" 200 35
192.168.10.13 - - [28/Mar/2017:15:27:38 -0300] "GET / HTTP/1.1" 200 11217
186.103.158.250 - - [28/Mar/2017:15:28:07 -0300] "GET /cormun/servlet/hlogin HTTP/1.1" 200 1726
192.168.10.13 - - [28/Mar/2017:15:28:38 -0300] "GET / HTTP/1.1" 200 11217
157.55.39.32 - - [28/Mar/2017:15:28:45 -0300] "GET /cormun/static/hwchdr01.js?201612218432057 HTTP/1.1" 200 1183
157.55.39.32 - - [28/Mar/2017:15:28:45 -0300] "GET /cormun/static/hpexe_scripts.js?201612218432016 HTTP/1.1" 200 1544
192.168.10.96 - - [28/Mar/2017:15:29:17 -0300] "GET /cormun/servlet/trsecurityuserroles?f8e984c33fd9dc050ed2a420c0defe24f1632c132a06464f8887cfc215fa55b85deccdf12be026ae06bde63a96ec06b2,gx-no-cache=1490729036493 HTTP/1.1" 200 31
192.168.10.96 - - [28/Mar/2017:15:29:17 -0300] "POST /cormun/servlet/trsecurityuserroles?c910cbf254bd355f1d1da9df9d15fb29,3840,,gx-no-cache=1490729036513 HTTP/1.1" 200 4343
192.168.10.96 - - [28/Mar/2017:15:29:25 -0300] "GET /cormun/servlet/trsecurityrole? HTTP/1.1" 200 10228
192.168.10.96 - - [28/Mar/2017:15:29:26 -0300] "GET /cormun/servlet/trsecurityrole? HTTP/1.1" 200 10222
192.168.10.13 - - [28/Mar/2017:15:29:38 -0300] "GET / HTTP/1.1" 200 11217
192.168.10.96 - - [28/Mar/2017:15:29:42 -0300] "GET /cormun/servlet/securityroles?UPD,3840, HTTP/1.1" 200 6022
192.168.10.96 - - [28/Mar/2017:15:29:43 -0300] "GET /cormun/servlet/securityroles?UPD,3840, HTTP/1.1" 200 6021
192.168.10.96 - - [28/Mar/2017:15:29:45 -0300] "GET /cormun/servlet/securityroles?8f01017942e278692889b91819754f212ab2474e389b153ec4ca0de8c683a61d341058291723856f52a47dc9ed3c610a1a8a28b568adc5f046d28693503a019fe436147001b9630317f62da0ec49caea,gx-no-cache=1490729064228 HTTP/1.1" 200 55
192.168.10.96 - - [28/Mar/2017:15:29:59 -0300] "POST /cormun/servlet/securityroles?c910cbf254bd355f1d1da9df9d15fb29,UPD,3840,,gx-no-cache=1490729078316 HTTP/1.1" 200 93
192.168.10.96 - - [28/Mar/2017:15:29:59 -0300] "GET /cormun/servlet/hpexe_return? HTTP/1.1" 200 1011
192.168.10.96 - - [28/Mar/2017:15:30:00 -0300] "GET /cormun/servlet/trsecurityrole HTTP/1.1" 200 10226
192.168.10.96 - - [28/Mar/2017:15:30:00 -0300] "GET /cormun/servlet/trsecurityrole HTTP/1.1" 200 10221
192.168.10.96 - - [28/Mar/2017:15:30:12 -0300] "GET /cormun/servlet/securityroles?DSP,3840, HTTP/1.1" 200 5886
192.168.10.96 - - [28/Mar/2017:15:30:13 -0300] "GET /cormun/servlet/securityroles?DSP,3840, HTTP/1.1" 200 5886
192.168.10.96 - - [28/Mar/2017:15:30:18 -0300] "GET /cormun/servlet/trsecurityrole HTTP/1.1" 200 10226
192.168.10.96 - - [28/Mar/2017:15:30:18 -0300] "GET /cormun/servlet/trsecurityrole HTTP/1.1" 200 10221
192.168.10.96 - - [28/Mar/2017:15:30:23 -0300] "GET /cormun/servlet/securityroles?DSP,3809, HTTP/1.1" 200 5880
192.168.10.96 - - [28/Mar/2017:15:30:23 -0300] "GET /cormun/servlet/securityroles?DSP,3809, HTTP/1.1" 200 5880
192.168.10.96 - - [28/Mar/2017:15:30:27 -0300] "GET /cormun/servlet/trsecurityrole HTTP/1.1" 200 10226
192.168.10.96 - - [28/Mar/2017:15:30:27 -0300] "GET /cormun/servlet/trsecurityrole HTTP/1.1" 200 10221
192.168.10.96 - - [28/Mar/2017:15:30:31 -0300] "GET /cormun/servlet/trsecurityuserroles?3809, HTTP/1.1" 200 6734
192.168.10.96 - - [28/Mar/2017:15:30:31 -0300] "GET /cormun/servlet/trsecurityuserroles?3809, HTTP/1.1" 200 6734
192.168.10.13 - - [28/Mar/2017:15:30:38 -0300] "GET / HTTP/1.1" 200 11217
192.168.10.96 - - [28/Mar/2017:15:30:54 -0300] "GET /cormun/servlet/trsecurityrole HTTP/1.1" 200 10226
192.168.10.96 - - [28/Mar/2017:15:30:55 -0300] "GET /cormun/servlet/trsecurityrole HTTP/1.1" 200 10221
192.168.10.96 - - [28/Mar/2017:15:31:09 -0300] "GET /cormun/servlet/trsecurityuserroles?3840, HTTP/1.1" 200 6727
192.168.10.96 - - [28/Mar/2017:15:31:09 -0300] "GET /cormun/servlet/trsecurityuserroles?3840, HTTP/1.1" 200 6726
192.168.10.13 - - [28/Mar/2017:15:31:38 -0300] "GET / HTTP/1.1" 200 11217
186.103.159.187 - - [28/Mar/2017:15:32:02 -0300] "GET /cormun/servlet/hlogin HTTP/1.1" 200 1723
186.103.159.187 - - [28/Mar/2017:15:32:05 -0300] "GET /cormun/servlet/hlogin HTTP/1.1" 200 1723
192.168.10.96 - - [28/Mar/2017:15:32:25 -0300] "GET /cormun/servlet/trsecurityrole? HTTP/1.1" 200 10222
192.168.10.96 - - [28/Mar/2017:15:32:26 -0300] "GET /cormun/servlet/trsecurityrole? HTTP/1.1" 200 10221
192.168.10.96 - - [28/Mar/2017:15:32:29 -0300] "GET /cormun/servlet/securityroles?INS,0, HTTP/1.1" 200 5931
192.168.10.96 - - [28/Mar/2017:15:32:29 -0300] "GET /cormun/servlet/securityroles?INS,0, HTTP/1.1" 200 5931
192.168.10.96 - - [28/Mar/2017:15:32:32 -0300] "POST /cormun/servlet/securityroles?c910cbf254bd355f1d1da9df9d15fb29,INS,0,,gx-no-cache=1490729231494 HTTP/1.1" 200 93
192.168.10.96 - - [28/Mar/2017:15:32:32 -0300] "GET /cormun/servlet/hpexe_return? HTTP/1.1" 200 1008
192.168.10.96 - - [28/Mar/2017:15:32:33 -0300] "GET /cormun/servlet/trsecurityrole HTTP/1.1" 200 10226
192.168.10.96 - - [28/Mar/2017:15:32:33 -0300] "GET /cormun/servlet/trsecurityrole HTTP/1.1" 200 10221
192.168.10.96 - - [28/Mar/2017:15:32:37 -0300] "GET /cormun/servlet/trsecurityrole? HTTP/1.1" 200 10221
192.168.10.13 - - [28/Mar/2017:15:32:38 -0300] "GET / HTTP/1.1" 200 11217
192.168.10.96 - - [28/Mar/2017:15:32:38 -0300] "GET /cormun/servlet/trsecurityrole? HTTP/1.1" 200 10221
192.168.10.96 - - [28/Mar/2017:15:32:43 -0300] "GET /cormun/servlet/securityroles?INS,0, HTTP/1.1" 200 5931
192.168.10.96 - - [28/Mar/2017:15:32:44 -0300] "GET /cormun/servlet/securityroles?INS,0, HTTP/1.1" 200 5931
192.168.10.13 - - [28/Mar/2017:15:33:38 -0300] "GET / HTTP/1.1" 200 11217
186.79.58.119 - - [28/Mar/2017:15:33:44 -0300] "GET /cormun/servlet/hlogin HTTP/1.1" 200 1723
192.168.10.96 - - [28/Mar/2017:15:33:49 -0300] "GET /cormun/servlet/trsecurityrole? HTTP/1.1" 200 10227
192.168.10.96 - - [28/Mar/2017:15:33:50 -0300] "GET /cormun/servlet/trsecurityrole? HTTP/1.1" 200 10221
192.168.10.96 - - [28/Mar/2017:15:33:56 -0300] "GET /cormun/servlet/securityroles?UPD,3807, HTTP/1.1" 200 6002
192.168.10.96 - - [28/Mar/2017:15:33:56 -0300] "GET /cormun/servlet/securityroles?UPD,3807, HTTP/1.1" 200 6002
186.103.159.187 - - [28/Mar/2017:15:33:57 -0300] "GET /cormun/servlet/hlogin HTTP/1.1" 200 1723
186.103.159.187 - - [28/Mar/2017:15:34:00 -0300] "GET /cormun/servlet/hlogin HTTP/1.1" 200 1723
192.168.10.96 - - [28/Mar/2017:15:34:01 -0300] "POST /cormun/servlet/securityroles?c910cbf254bd355f1d1da9df9d15fb29,UPD,3807,,gx-no-cache=1490729319802 HTTP/1.1" 200 93
192.168.10.96 - - [28/Mar/2017:15:34:01 -0300] "GET /cormun/servlet/hpexe_return? HTTP/1.1" 200 1011
192.168.10.96 - - [28/Mar/2017:15:34:01 -0300] "GET /cormun/servlet/trsecurityrole HTTP/1.1" 200 10226
192.168.10.96 - - [28/Mar/2017:15:34:01 -0300] "GET /cormun/servlet/trsecurityrole HTTP/1.1" 200 10221
186.79.58.119 - - [28/Mar/2017:15:34:05 -0300] "POST /cormun/servlet/hlogin?cfad54076fbecb6f6eaa2a44752f0307,gx-no-cache=1490726112016 HTTP/1.1" 200 90
186.79.58.119 - - [28/Mar/2017:15:34:05 -0300] "GET /cormun/servlet/hpexe_link HTTP/1.1" 200 958
186.79.58.119 - - [28/Mar/2017:15:34:05 -0300] "GET /cormun/servlet/trsolicitudot HTTP/1.1" 200 7996
186.79.58.119 - - [28/Mar/2017:15:34:07 -0300] "GET /cormun/servlet/trsolicitudot HTTP/1.1" 200 7995
186.103.159.187 - - [28/Mar/2017:15:34:09 -0300] "POST /cormun/servlet/hlogin?b43d144fd9709c36315bc7bd30484c30,gx-no-cache=1490729714644 HTTP/1.1" 200 429
186.79.58.119 - - [28/Mar/2017:15:34:12 -0300] "POST /cormun/servlet/trsolicitudot?cfad54076fbecb6f6eaa2a44752f0307,gx-no-cache=1490726119219 HTTP/1.1" 200 107
186.79.58.119 - - [28/Mar/2017:15:34:12 -0300] "GET /cormun/servlet/trsolicitudadjuntos?2017,5783, HTTP/1.1" 200 5843
186.79.58.119 - - [28/Mar/2017:15:34:13 -0300] "GET /cormun/servlet/trsolicitudadjuntos?2017,5783, HTTP/1.1" 200 5843
192.168.10.96 - - [28/Mar/2017:15:34:14 -0300] "GET /cormun/servlet/trsecurityuser01? HTTP/1.1" 200 11960
186.103.159.187 - - [28/Mar/2017:15:34:14 -0300] "POST /cormun/servlet/hlogin?b43d144fd9709c36315bc7bd30484c30,gx-no-cache=1490729719197 HTTP/1.1" 200 429
192.168.10.96 - - [28/Mar/2017:15:34:14 -0300] "GET /cormun/servlet/trsecurityuser01? HTTP/1.1" 200 11960
186.79.58.119 - - [28/Mar/2017:15:34:17 -0300] "GET /cormun/servlet/solicitudotadjuntos?INS,2017,5783,,1, HTTP/1.1" 200 5779
186.79.58.119 - - [28/Mar/2017:15:34:17 -0300] "GET /cormun/static/gxcfg.js?201612218465951 HTTP/1.1" 200 953
186.79.58.119 - - [28/Mar/2017:15:34:17 -0300] "GET /cormun/static/solicitudotadjuntos.js?201612218465969 HTTP/1.1" 200 11762
186.79.58.119 - - [28/Mar/2017:15:34:17 -0300] "GET /cormun/static/about:blank HTTP/1.1" 404 1011
186.103.159.187 - - [28/Mar/2017:15:34:17 -0300] "POST /cormun/servlet/hlogin?b43d144fd9709c36315bc7bd30484c30,gx-no-cache=1490729722664 HTTP/1.1" 200 427
186.79.58.119 - - [28/Mar/2017:15:34:18 -0300] "GET /cormun/servlet/solicitudotadjuntos?INS,2017,5783,,1, HTTP/1.1" 200 5773
186.79.58.119 - - [28/Mar/2017:15:34:18 -0300] "GET /cormun/servlet/solicitudotadjuntos?b6e2b49fb3c365ef8b7a9335aefc1dcfad802a22817504439fdae0767a19ac7474baaec604fe8a65d748372c4209ad4a,gx-no-cache=1490726125986 HTTP/1.1" 200 30
186.79.58.119 - - [28/Mar/2017:15:34:19 -0300] "POST /cormun/servlet/solicitudotadjuntos?cfad54076fbecb6f6eaa2a44752f0307,INS,2017,5783,,1,,gx-no-cache=1490726126121 HTTP/1.1" 200 3669
192.168.10.96 - - [28/Mar/2017:15:34:22 -0300] "GET /cormun/servlet/securityusers?UPD,3841, HTTP/1.1" 200 7348
186.103.159.187 - - [28/Mar/2017:15:34:22 -0300] "POST /cormun/servlet/hlogin?b43d144fd9709c36315bc7bd30484c30,gx-no-cache=1490729727444 HTTP/1.1" 200 90
186.103.159.187 - - [28/Mar/2017:15:34:22 -0300] "GET /cormun/servlet/hpexe_link HTTP/1.1" 200 946
192.168.10.96 - - [28/Mar/2017:15:34:22 -0300] "GET /cormun/servlet/securityusers?UPD,3841, HTTP/1.1" 200 7348
186.103.159.187 - - [28/Mar/2017:15:34:23 -0300] "GET /cormun/servlet/hhome HTTP/1.1" 200 3729
186.103.159.187 - - [28/Mar/2017:15:34:24 -0300] "GET /cormun/servlet/hhome HTTP/1.1" 200 3725
186.79.58.119 - - [28/Mar/2017:15:34:24 -0300] "POST /cormun/servlet/solicitudotadjuntos?gx-no-cache=1490726131958 HTTP/1.1" 200 26
186.103.159.187 - - [28/Mar/2017:15:34:28 -0300] "GET /cormun/servlet/trsolicitudot? HTTP/1.1" 200 7950
186.103.159.187 - - [28/Mar/2017:15:34:29 -0300] "GET /cormun/servlet/trsolicitudot? HTTP/1.1" 200 7948
186.103.159.187 - - [28/Mar/2017:15:34:34 -0300] "GET /cormun/servlet/solicitudot?INS,0,0, HTTP/1.1" 200 12540
186.103.159.187 - - [28/Mar/2017:15:34:36 -0300] "GET /cormun/servlet/solicitudot?INS,0,0, HTTP/1.1" 200 12545
192.168.10.13 - - [28/Mar/2017:15:34:38 -0300] "GET / HTTP/1.1" 200 11217
186.79.58.119 - - [28/Mar/2017:15:34:41 -0300] "GET /cormun/servlet/solicitudotadjuntos?b6e2b49fb3c365ef8b7a9335aefc1dcf3883b75689bdd8c9e59ccc8aae25516a,gx-no-cache=1490726148068 HTTP/1.1" 200 30
186.79.58.119 - - [28/Mar/2017:15:34:41 -0300] "GET /cormun/servlet/solicitudotadjuntos?b6e2b49fb3c365ef8b7a9335aefc1dcf3883b75689bdd8c9e59ccc8aae25516a,gx-no-cache=1490726148159 HTTP/1.1" 200 30
186.79.58.119 - - [28/Mar/2017:15:34:59 -0300] "POST /cormun/servlet/solicitudotadjuntos?cfad54076fbecb6f6eaa2a44752f0307,INS,2017,5783,,1, HTTP/1.1" 200 116
186.79.58.119 - - [28/Mar/2017:15:34:59 -0300] "GET /cormun/servlet/hpexe_return? HTTP/1.1" 200 1024
186.79.58.119 - - [28/Mar/2017:15:35:00 -0300] "GET /cormun/servlet/trsolicitudadjuntos?2017,5783, HTTP/1.1" 200 7944
186.79.58.119 - - [28/Mar/2017:15:35:01 -0300] "GET /cormun/servlet/trsolicitudadjuntos?2017,5783, HTTP/1.1" 200 7941
192.168.10.96 - - [28/Mar/2017:15:35:03 -0300] "POST /cormun/servlet/securityusers?c910cbf254bd355f1d1da9df9d15fb29,UPD,3841,,gx-no-cache=1490729382399 HTTP/1.1" 200 93
192.168.10.96 - - [28/Mar/2017:15:35:03 -0300] "GET /cormun/servlet/hpexe_return? HTTP/1.1" 200 1012
192.168.10.96 - - [28/Mar/2017:15:35:04 -0300] "GET /cormun/servlet/trsecurityuser01 HTTP/1.1" 200 11964
186.79.58.119 - - [28/Mar/2017:15:35:04 -0300] "GET /cormun/servlet/solicitudotadjuntos?INS,2017,5783,,1, HTTP/1.1" 200 5778
192.168.10.96 - - [28/Mar/2017:15:35:04 -0300] "GET /cormun/servlet/trsecurityuser01 HTTP/1.1" 200 11960
186.79.58.119 - - [28/Mar/2017:15:35:05 -0300] "GET /cormun/static/about:blank HTTP/1.1" 404 1011
186.79.58.119 - - [28/Mar/2017:15:35:06 -0300] "GET /cormun/servlet/solicitudotadjuntos?INS,2017,5783,,1, HTTP/1.1" 200 5772
186.79.58.119 - - [28/Mar/2017:15:35:06 -0300] "GET /cormun/servlet/solicitudotadjuntos?b6e2b49fb3c365ef8b7a9335aefc1dcfad802a22817504439fdae0767a19ac7474baaec604fe8a65d748372c4209ad4a,gx-no-cache=1490726173578 HTTP/1.1" 200 30
186.79.58.119 - - [28/Mar/2017:15:35:06 -0300] "POST /cormun/servlet/solicitudotadjuntos?cfad54076fbecb6f6eaa2a44752f0307,INS,2017,5783,,1,,gx-no-cache=1490726173695 HTTP/1.1" 200 3670
186.103.159.187 - - [28/Mar/2017:15:35:10 -0300] "POST /cormun/servlet/solicitudot?gx-no-cache=1490729775210 HTTP/1.1" 200 3141
186.103.159.187 - - [28/Mar/2017:15:35:10 -0300] "GET /cormun/static/Shared/jqueryui/images/ui-bg_highlight-soft_100_c6c2c8_1x100.png HTTP/1.1" 404 1117
186.103.159.187 - - [28/Mar/2017:15:35:10 -0300] "GET /cormun/static/Shared/jqueryui/images/ui-icons_82798d_256x240.png HTTP/1.1" 404 1089
186.103.159.187 - - [28/Mar/2017:15:35:10 -0300] "GET /cormun/servlet/solicitudot?a90d3b1c2df556e9baf96e65819eaf6e864387a9f711f068d9bda0dc669c3f0e,gx-no-cache=1490729775506 HTTP/1.1" 200 111
186.103.159.187 - - [28/Mar/2017:15:35:10 -0300] "GET /cormun/static/Shared/jqueryui/images/ui-bg_flat_55_994d53_40x100.png HTTP/1.1" 404 1097
186.103.159.187 - - [28/Mar/2017:15:35:10 -0300] "GET /cormun/static/Shared/jqueryui/images/ui-icons_ebccce_256x240.png HTTP/1.1" 404 1089
186.79.58.119 - - [28/Mar/2017:15:35:10 -0300] "POST /cormun/servlet/solicitudotadjuntos?gx-no-cache=1490726177929 HTTP/1.1" 200 26
186.103.159.187 - - [28/Mar/2017:15:35:11 -0300] "GET /cormun/servlet/solicitudot?a90d3b1c2df556e9baf96e65819eaf6e5c69ae23488f53f8af59e8d36c480e21022162edea22b4517bb35cb0f1e4d8217463b3e406e998040b6b50bcf4764879a040b313187b0035b73f33ee822fa8797610180788e169dc0310d5bc563ee0f57c827e67b053a9eecf8a9383fce8abca372dd6f53fdb1a7060bb47f747df58f1bdd7ff5926a8cc3ac77ffdc85e362857350837b52f4a591b9c1e7d68aa6b0166fdba483940041878fb14b6b9bdf184deacace78442b9bf8624fe490f41d5b43b86b87ce560b7b6b5aec14ba4d2364de25df2edb327ac323eab77992ce4d6a68eb824d68b53e303daec34aa3cd06a5557589e738acdce872266e3ad30cdd7ea37dc77e78241589c40fccd2e4fbce03f7cd15731ed5ef1d524f2748b99d32dacea5bb90e5e0f806123f2b27a030f8a08cfc7b80cea9dbf157ca035e267ff4424b0534fdd8fdd058fa5999eb6cd2a7208c4,gx-no-cache=1490729775636 HTTP/1.1" 200 297
186.103.159.187 - - [28/Mar/2017:15:35:11 -0300] "GET /cormun/servlet/solicitudot?a90d3b1c2df556e9baf96e65819eaf6ec46fa6063e1997a970815e59b56837b2dacbf4f39232fc6d00922381ae79b3dfbf13b045ca1afdabc1be70953a98167eaa3734fe56eb00b992f8700408fa966e32a2382e7f3e2c813ec426efd3ffbca1a6d0ea91e83464fdd95c2d600da471816bccc4b0255e1cb00b657ea31f33630d8072f62eca5d9157416926e6deadd2139a0b96908adbe2e899d235bf21162a901dba1737b9460c1c707dffe11e2a1f2c5db6251ad0b7822f85d61770cbad62ffb80e5525ac897082ae43f83249f21ad10a206cd814f3aff1dad4adf8d034d630640369340a18c2c10c82148db69f723a4b16c8232a10a09f7779924475196158448e71fc4936968bf4ba766cf0df1f87dfa39fcc44dc49ff81996ffa16f2dca306cfd48228e16a010ea908ad6492806d14a47c8430df3977604a4572d5b140c6ccae53e3097fe2221296c9d2f53cbaddc801790f9072e5f25636eb10d4f864f06188acbac5e57badcd95ccbf1bb83c8e8452f3de10a4770b0aa56f59c4f86a634752b21bdcc1dc5e328356e504efe269,gx-no-cache=1490729776037 HTTP/1.1" 200 30
186.103.159.187 - - [28/Mar/2017:15:35:11 -0300] "POST /cormun/servlet/solicitudot?gx-no-cache=1490729776424 HTTP/1.1" 200 30
186.103.159.187 - - [28/Mar/2017:15:35:11 -0300] "POST /cormun/servlet/solicitudot?gx-no-cache=1490729776499 HTTP/1.1" 200 235
186.103.159.187 - - [28/Mar/2017:15:35:11 -0300] "POST /cormun/servlet/solicitudot?gx-no-cache=1490729776584 HTTP/1.1" 200 38
186.79.58.119 - - [28/Mar/2017:15:35:20 -0300] "GET /cormun/servlet/solicitudotadjuntos?b6e2b49fb3c365ef8b7a9335aefc1dcf3883b75689bdd8c9e59ccc8aae25516a,gx-no-cache=1490726187628 HTTP/1.1" 200 30
186.79.58.119 - - [28/Mar/2017:15:35:20 -0300] "GET /cormun/servlet/solicitudotadjuntos?b6e2b49fb3c365ef8b7a9335aefc1dcf3883b75689bdd8c9e59ccc8aae25516a,gx-no-cache=1490726187757 HTTP/1.1" 200 30
192.168.10.96 - - [28/Mar/2017:15:35:23 -0300] "GET /cormun/servlet/trsecurityuserroles2?3841, HTTP/1.1" 200 7559
192.168.10.96 - - [28/Mar/2017:15:35:23 -0300] "GET /cormun/servlet/trsecurityuserroles2?3841, HTTP/1.1" 200 7558
186.79.58.119 - - [28/Mar/2017:15:35:37 -0300] "POST /cormun/servlet/solicitudotadjuntos?cfad54076fbecb6f6eaa2a44752f0307,INS,2017,5783,,1, HTTP/1.1" 200 116
186.79.58.119 - - [28/Mar/2017:15:35:37 -0300] "GET /cormun/servlet/hpexe_return? HTTP/1.1" 200 1024
192.168.10.13 - - [28/Mar/2017:15:35:38 -0300] "GET / HTTP/1.1" 200 11217
186.79.58.119 - - [28/Mar/2017:15:35:38 -0300] "GET /cormun/servlet/trsolicitudadjuntos?2017,5783, HTTP/1.1" 200 8162
186.79.58.119 - - [28/Mar/2017:15:35:40 -0300] "GET /cormun/servlet/trsolicitudadjuntos?2017,5783, HTTP/1.1" 200 8154
192.168.10.96 - - [28/Mar/2017:15:35:43 -0300] "POST /cormun/servlet/trsecurityuserroles2?c910cbf254bd355f1d1da9df9d15fb29,3841,,gx-no-cache=1490729421527 HTTP/1.1" 200 4859
192.168.10.96 - - [28/Mar/2017:15:35:48 -0300] "GET /cormun/servlet/trsecurityuser01 HTTP/1.1" 200 11964
192.168.10.96 - - [28/Mar/2017:15:35:48 -0300] "GET /cormun/servlet/trsecurityuser01 HTTP/1.1" 200 11960
186.79.58.119 - - [28/Mar/2017:15:35:51 -0300] "GET /cormun/servlet/solicitudotadjuntos?INS,2017,5783,,1, HTTP/1.1" 200 5780
186.79.58.119 - - [28/Mar/2017:15:35:51 -0300] "GET /cormun/static/about:blank HTTP/1.1" 404 1011
186.79.58.119 - - [28/Mar/2017:15:35:52 -0300] "GET /cormun/servlet/solicitudotadjuntos?INS,2017,5783,,1, HTTP/1.1" 200 5774
186.79.58.119 - - [28/Mar/2017:15:35:53 -0300] "GET /cormun/servlet/solicitudotadjuntos?b6e2b49fb3c365ef8b7a9335aefc1dcfad802a22817504439fdae0767a19ac7474baaec604fe8a65d748372c4209ad4a,gx-no-cache=1490726220089 HTTP/1.1" 200 30
186.79.58.119 - - [28/Mar/2017:15:35:53 -0300] "POST /cormun/servlet/solicitudotadjuntos?cfad54076fbecb6f6eaa2a44752f0307,INS,2017,5783,,1,,gx-no-cache=1490726220250 HTTP/1.1" 200 3669
192.168.10.96 - - [28/Mar/2017:15:35:56 -0300] "GET /cormun/servlet/securityusers?UPD,73, HTTP/1.1" 200 7324
192.168.10.96 - - [28/Mar/2017:15:35:56 -0300] "GET /cormun/servlet/securityusers?UPD,73, HTTP/1.1" 200 7325
186.79.58.119 - - [28/Mar/2017:15:35:59 -0300] "POST /cormun/servlet/solicitudotadjuntos?gx-no-cache=1490726226558 HTTP/1.1" 200 26
186.103.159.187 - - [28/Mar/2017:15:36:07 -0300] "GET /cormun/servlet/prfichaempleado?,MD,,gxPopupLevel%3D0%3B HTTP/1.1" 200 8787
186.79.58.119 - - [28/Mar/2017:15:36:10 -0300] "GET /cormun/servlet/solicitudotadjuntos?b6e2b49fb3c365ef8b7a9335aefc1dcf3883b75689bdd8c9e59ccc8aae25516a,gx-no-cache=1490726237410 HTTP/1.1" 200 30
186.79.58.119 - - [28/Mar/2017:15:36:10 -0300] "GET /cormun/servlet/solicitudotadjuntos?b6e2b49fb3c365ef8b7a9335aefc1dcf3883b75689bdd8c9e59ccc8aae25516a,gx-no-cache=1490726237528 HTTP/1.1" 200 30
192.168.10.96 - - [28/Mar/2017:15:36:12 -0300] "GET /cormun/servlet/trsecurityuser01 HTTP/1.1" 200 11964
192.168.10.96 - - [28/Mar/2017:15:36:13 -0300] "GET /cormun/servlet/trsecurityuser01 HTTP/1.1" 200 11960
192.168.10.96 - - [28/Mar/2017:15:36:15 -0300] "GET /cormun/servlet/trsecurityuserroles2?73, HTTP/1.1" 200 7571
192.168.10.96 - - [28/Mar/2017:15:36:16 -0300] "GET /cormun/servlet/trsecurityuserroles2?73, HTTP/1.1" 200 7571
186.103.159.187 - - [28/Mar/2017:15:36:19 -0300] "POST /cormun/servlet/prfichaempleado?b43d144fd9709c36315bc7bd30484c30,,MD,,gxPopupLevel%3D0%3B,gx-no-cache=1490729844548 HTTP/1.1" 200 3389
186.79.58.119 - - [28/Mar/2017:15:36:22 -0300] "POST /cormun/servlet/solicitudotadjuntos?cfad54076fbecb6f6eaa2a44752f0307,INS,2017,5783,,1, HTTP/1.1" 200 116
186.79.58.119 - - [28/Mar/2017:15:36:22 -0300] "GET /cormun/servlet/hpexe_return? HTTP/1.1" 200 1024
186.79.58.119 - - [28/Mar/2017:15:36:23 -0300] "GET /cormun/servlet/trsolicitudadjuntos?2017,5783, HTTP/1.1" 200 8326
186.79.58.119 - - [28/Mar/2017:15:36:25 -0300] "GET /cormun/servlet/trsolicitudadjuntos?2017,5783, HTTP/1.1" 200 8324
192.168.10.96 - - [28/Mar/2017:15:36:26 -0300] "GET /cormun/servlet/trsecurityuser01 HTTP/1.1" 200 11964
192.168.10.96 - - [28/Mar/2017:15:36:27 -0300] "GET /cormun/servlet/trsecurityuser01 HTTP/1.1" 200 11960
186.103.159.187 - - [28/Mar/2017:15:36:28 -0300] "POST /cormun/servlet/solicitudot?gx-no-cache=1490729853098 HTTP/1.1" 200 3144
186.103.159.187 - - [28/Mar/2017:15:36:29 -0300] "POST /cormun/servlet/solicitudot?b43d144fd9709c36315bc7bd30484c30,INS,0,0,,gx-no-cache=1490729853701 HTTP/1.1" 200 10241
186.79.58.119 - - [28/Mar/2017:15:36:29 -0300] "GET /cormun/servlet/solicitudotadjuntos?INS,2017,5783,,1, HTTP/1.1" 200 5779
186.79.58.119 - - [28/Mar/2017:15:36:29 -0300] "GET /cormun/static/about:blank HTTP/1.1" 404 1011
192.168.10.96 - - [28/Mar/2017:15:36:30 -0300] "GET /cormun/servlet/trsecurityusersproyecto?73, HTTP/1.1" 200 6549
186.79.58.119 - - [28/Mar/2017:15:36:30 -0300] "GET /cormun/servlet/solicitudotadjuntos?INS,2017,5783,,1, HTTP/1.1" 200 5773
192.168.10.96 - - [28/Mar/2017:15:36:30 -0300] "GET /cormun/servlet/trsecurityusersproyecto?73, HTTP/1.1" 200 6549
186.79.58.119 - - [28/Mar/2017:15:36:31 -0300] "GET /cormun/servlet/solicitudotadjuntos?b6e2b49fb3c365ef8b7a9335aefc1dcfad802a22817504439fdae0767a19ac7474baaec604fe8a65d748372c4209ad4a,gx-no-cache=1490726258139 HTTP/1.1" 200 30
186.79.58.119 - - [28/Mar/2017:15:36:31 -0300] "POST /cormun/servlet/solicitudotadjuntos?cfad54076fbecb6f6eaa2a44752f0307,INS,2017,5783,,1,,gx-no-cache=1490726258278 HTTP/1.1" 200 3669
192.168.10.96 - - [28/Mar/2017:15:36:34 -0300] "GET /cormun/servlet/trsecurityuser01 HTTP/1.1" 200 11964
192.168.10.96 - - [28/Mar/2017:15:36:34 -0300] "GET /cormun/servlet/trsecurityuser01 HTTP/1.1" 200 11960
186.79.58.119 - - [28/Mar/2017:15:36:35 -0300] "POST /cormun/servlet/solicitudotadjuntos?gx-no-cache=1490726262925 HTTP/1.1" 200 26
186.103.159.187 - - [28/Mar/2017:15:36:37 -0300] "GET /cormun/servlet/solicitudot?a90d3b1c2df556e9baf96e65819eaf6ef7bc43a78f50ace6d463babe6a2d0b34b80eda39e116e29a26ea577196437d29,gx-no-cache=1490729862365 HTTP/1.1" 200 30
