186.103.158.250 - - [28/Mar/2017:10:41:29 -0300] "GET /cormun/servlet/trlicenciaspermisosadjuntos?151450971,20170328000000,L, HTTP/1.1" 200 6437
186.79.27.240 - - [28/Mar/2017:10:41:33 -0300] "GET /cormun/servlet/hlogin HTTP/1.1" 200 1724
186.79.27.240 - - [28/Mar/2017:10:41:33 -0300] "GET /cormun/servlet/hlogin HTTP/1.1" 200 1718
186.103.158.250 - - [28/Mar/2017:10:41:34 -0300] "GET /cormun/servlet/licenciaspermisosadjuntos?INS,151450971,L,20170328000000,, HTTP/1.1" 200 5372
186.103.158.250 - - [28/Mar/2017:10:41:35 -0300] "GET /cormun/servlet/licenciaspermisosadjuntos?INS,151450971,L,20170328000000,, HTTP/1.1" 200 5362
186.79.27.240 - - [28/Mar/2017:10:41:35 -0300] "POST /cormun/servlet/hlogin?eadaa7ea1ab2cc71d6570c797fbd9b8b,gx-no-cache=1490708563292 HTTP/1.1" 200 90
186.79.27.240 - - [28/Mar/2017:10:41:35 -0300] "GET /cormun/servlet/hpexe_link HTTP/1.1" 200 947
186.79.27.240 - - [28/Mar/2017:10:41:36 -0300] "GET /cormun/servlet/hhome HTTP/1.1" 200 3752
186.79.27.240 - - [28/Mar/2017:10:41:37 -0300] "GET /cormun/servlet/hhome HTTP/1.1" 200 3748
192.168.10.13 - - [28/Mar/2017:10:41:38 -0300] "GET / HTTP/1.1" 200 11217
186.103.158.250 - - [28/Mar/2017:10:41:39 -0300] "GET /cormun/servlet/trlicenciaspermisosadjuntos?151450971,20170328000000,L, HTTP/1.1" 200 6440
186.103.158.250 - - [28/Mar/2017:10:41:40 -0300] "GET /cormun/servlet/trlicenciaspermisosadjuntos?151450971,20170328000000,L, HTTP/1.1" 200 6437
186.79.27.240 - - [28/Mar/2017:10:41:43 -0300] "GET /cormun/servlet/trsolicitudot? HTTP/1.1" 200 8422
186.103.158.250 - - [28/Mar/2017:10:41:44 -0300] "GET /cormun/servlet/solicitudotadjuntos?INS,2017,5777,,1, HTTP/1.1" 200 5806
186.79.27.240 - - [28/Mar/2017:10:41:44 -0300] "GET /cormun/servlet/trsolicitudot? HTTP/1.1" 200 8420
186.103.158.250 - - [28/Mar/2017:10:41:46 -0300] "GET /cormun/servlet/solicitudotadjuntos?c63351e63a636ca9282578168b9db587179a27cd0393c56a588ccf072c8b700f08b2405d3126f285de0361a8412bab8d,gx-no-cache=1490708573599 HTTP/1.1" 200 30
186.103.158.250 - - [28/Mar/2017:10:41:46 -0300] "GET /cormun/servlet/solicitudotadjuntos?INS,2017,5777,,1, HTTP/1.1" 200 5800
186.103.158.250 - - [28/Mar/2017:10:41:46 -0300] "GET /cormun/static/about:blank HTTP/1.1" 404 1011
186.103.158.250 - - [28/Mar/2017:10:41:47 -0300] "POST /cormun/servlet/solicitudotadjuntos?33a2aef2d3a16ec24b5fa70f9b781244,INS,2017,5777,,1,,gx-no-cache=1490708573685 HTTP/1.1" 200 3642
186.103.158.250 - - [28/Mar/2017:10:41:48 -0300] "GET /cormun/servlet/trlicencias? HTTP/1.1" 200 7745
186.103.158.250 - - [28/Mar/2017:10:41:49 -0300] "GET /cormun/servlet/trlicencias? HTTP/1.1" 200 7744
186.103.158.250 - - [28/Mar/2017:10:41:52 -0300] "POST /cormun/servlet/solicitudotadjuntos?gx-no-cache=1490708579468 HTTP/1.1" 200 26
186.103.158.250 - - [28/Mar/2017:10:41:53 -0300] "GET /cormun/servlet/alicenciaprn?151450971,L,20170328000000,PU HTTP/1.1" 200 1501
186.103.158.250 - - [28/Mar/2017:10:42:01 -0300] "GET /cormun/servlet/solicitudotadjuntos?c63351e63a636ca9282578168b9db58741fefb08b68e7426b2a5cc8e87e8b68f,gx-no-cache=1490708588703 HTTP/1.1" 200 30
186.103.158.250 - - [28/Mar/2017:10:42:01 -0300] "GET /cormun/servlet/solicitudotadjuntos?c63351e63a636ca9282578168b9db58741fefb08b68e7426b2a5cc8e87e8b68f,gx-no-cache=1490708588732 HTTP/1.1" 200 30
186.103.158.250 - - [28/Mar/2017:10:42:02 -0300] "POST /cormun/servlet/solicitudotadjuntos?33a2aef2d3a16ec24b5fa70f9b781244,INS,2017,5777,,1, HTTP/1.1" 200 116
186.103.158.250 - - [28/Mar/2017:10:42:02 -0300] "GET /cormun/servlet/hpexe_return? HTTP/1.1" 200 1026
186.103.158.250 - - [28/Mar/2017:10:42:02 -0300] "GET /cormun/servlet/trsolicitudadjuntos?2017,5777, HTTP/1.1" 200 8462
186.103.158.250 - - [28/Mar/2017:10:42:04 -0300] "GET /cormun/servlet/trsolicitudadjuntos?2017,5777, HTTP/1.1" 200 8459
186.103.158.250 - - [28/Mar/2017:10:42:09 -0300] "GET /cormun/servlet/solicitudotadjuntos?DLT,2017,5777,CERTIF5,0, HTTP/1.1" 200 5703
186.103.158.250 - - [28/Mar/2017:10:42:11 -0300] "GET /cormun/static/about:blank HTTP/1.1" 404 1011
186.103.158.250 - - [28/Mar/2017:10:42:11 -0300] "GET /cormun/static/Shared/jqueryui/images/ui-bg_highlight-soft_100_c6c2c8_1x100.png HTTP/1.1" 404 1117
186.103.158.250 - - [28/Mar/2017:10:42:11 -0300] "GET /cormun/static/Shared/jqueryui/images/ui-icons_82798d_256x240.png HTTP/1.1" 404 1089
186.103.158.250 - - [28/Mar/2017:10:42:11 -0300] "GET /cormun/static/Shared/jqueryui/images/ui-bg_flat_55_fafafa_40x100.png HTTP/1.1" 404 1097
186.103.158.250 - - [28/Mar/2017:10:42:11 -0300] "GET /cormun/static/Shared/jqueryui/images/ui-icons_8d78a5_256x240.png HTTP/1.1" 404 1089
186.103.158.250 - - [28/Mar/2017:10:42:11 -0300] "GET /cormun/servlet/solicitudotadjuntos?DLT,2017,5777,CERTIF5,0, HTTP/1.1" 200 5697
192.168.10.13 - - [28/Mar/2017:10:42:38 -0300] "GET / HTTP/1.1" 200 11217
186.103.158.250 - - [28/Mar/2017:10:42:38 -0300] "GET /cormun/servlet/trsolicitudadjuntos?2017,5777, HTTP/1.1" 200 8462
186.103.158.250 - - [28/Mar/2017:10:42:40 -0300] "GET /cormun/servlet/trsolicitudadjuntos?2017,5777, HTTP/1.1" 200 8459
192.168.10.13 - - [28/Mar/2017:10:43:38 -0300] "GET / HTTP/1.1" 200 11217
192.168.10.96 - - [28/Mar/2017:10:44:37 -0300] "GET /cormun/servlet/vesolicitudnombre?2017,5210,,SolicitudOTAdjuntos HTTP/1.1" 200 10276
192.168.10.96 - - [28/Mar/2017:10:44:38 -0300] "GET /cormun/servlet/vesolicitudnombre?2017,5210,,SolicitudOTAdjuntos HTTP/1.1" 200 10278
192.168.10.13 - - [28/Mar/2017:10:44:38 -0300] "GET / HTTP/1.1" 200 11217
192.168.10.96 - - [28/Mar/2017:10:44:38 -0300] "POST /cormun/servlet/acontrolpreferencessavestate?None,DZAMUDIO,true HTTP/1.1" 200 35
192.168.10.96 - - [28/Mar/2017:10:44:39 -0300] "GET /cormun/servlet/trconsultaempleado? HTTP/1.1" 200 8516
192.168.10.96 - - [28/Mar/2017:10:44:39 -0300] "GET /cormun/servlet/trconsultaempleado? HTTP/1.1" 200 8500
192.168.10.96 - - [28/Mar/2017:10:44:48 -0300] "POST /cormun/servlet/trconsultaempleado?075044d6619b56bb19e87ec7614481f6,,gx-no-cache=1490711967313 HTTP/1.1" 200 4142
192.168.10.96 - - [28/Mar/2017:10:44:50 -0300] "GET /cormun/servlet/trsolicitudnombre?17138393, HTTP/1.1" 200 8070
192.168.10.96 - - [28/Mar/2017:10:44:51 -0300] "GET /cormun/servlet/trsolicitudnombre?17138393, HTTP/1.1" 200 8075
192.168.10.96 - - [28/Mar/2017:10:44:55 -0300] "GET /cormun/servlet/vesolicitudnombre?2017,5308,, HTTP/1.1" 200 8460
192.168.10.96 - - [28/Mar/2017:10:44:55 -0300] "GET /cormun/pexe_scrolldiv.js HTTP/1.1" 404 1009
192.168.10.96 - - [28/Mar/2017:10:44:55 -0300] "GET /cormun/pexe_scrolldiv.js HTTP/1.1" 404 1009
192.168.10.96 - - [28/Mar/2017:10:44:55 -0300] "GET /cormun/servlet/vesolicitudnombre?2017,5308,, HTTP/1.1" 200 8453
192.168.10.96 - - [28/Mar/2017:10:44:57 -0300] "GET /cormun/servlet/vesolicitudnombre?2017,5308,,SolicitudOTAdjuntos HTTP/1.1" 200 10231
192.168.10.96 - - [28/Mar/2017:10:44:57 -0300] "GET /cormun/pexe_scrolldiv.js HTTP/1.1" 404 1009
192.168.10.96 - - [28/Mar/2017:10:44:57 -0300] "GET /cormun/pexe_scrolldiv.js HTTP/1.1" 404 1009
192.168.10.96 - - [28/Mar/2017:10:44:58 -0300] "GET /cormun/servlet/vesolicitudnombre?2017,5308,,SolicitudOTAdjuntos HTTP/1.1" 200 10234
192.168.10.96 - - [28/Mar/2017:10:44:58 -0300] "POST /cormun/servlet/acontrolpreferencessavestate?None,DZAMUDIO,true HTTP/1.1" 200 35
192.168.10.96 - - [28/Mar/2017:10:44:59 -0300] "GET /cormun/PublicTempStorage/fotocopia_c.i8163653.pdf HTTP/1.1" 200 264837
192.168.10.96 - - [28/Mar/2017:10:45:04 -0300] "GET /cormun/servlet/vesolicitudnombre?2017,5308,,SolicitudOTAdjuntos HTTP/1.1" 200 10232
192.168.10.96 - - [28/Mar/2017:10:45:05 -0300] "GET /cormun/servlet/vesolicitudnombre?2017,5308,,SolicitudOTAdjuntos HTTP/1.1" 200 10232
192.168.10.96 - - [28/Mar/2017:10:45:05 -0300] "POST /cormun/servlet/acontrolpreferencessavestate?None,DZAMUDIO,true HTTP/1.1" 200 35
192.168.10.96 - - [28/Mar/2017:10:45:06 -0300] "GET /cormun/PublicTempStorage/afp2768649.pdf HTTP/1.1" 200 260318
192.168.10.96 - - [28/Mar/2017:10:45:11 -0300] "GET /cormun/servlet/vesolicitudnombre?2017,5308,,SolicitudOTAdjuntos HTTP/1.1" 200 10231
192.168.10.96 - - [28/Mar/2017:10:45:12 -0300] "GET /cormun/servlet/vesolicitudnombre?2017,5308,,SolicitudOTAdjuntos HTTP/1.1" 200 10231
192.168.10.96 - - [28/Mar/2017:10:45:13 -0300] "POST /cormun/servlet/acontrolpreferencessavestate?None,DZAMUDIO,true HTTP/1.1" 200 35
192.168.10.96 - - [28/Mar/2017:10:45:14 -0300] "GET /cormun/PublicTempStorage/fonasa7679093.pdf HTTP/1.1" 200 285747
192.168.10.96 - - [28/Mar/2017:10:45:18 -0300] "GET /cormun/servlet/vesolicitudnombre?2017,5308,,SolicitudOTAdjuntos HTTP/1.1" 200 10231
192.168.10.96 - - [28/Mar/2017:10:45:19 -0300] "GET /cormun/servlet/vesolicitudnombre?2017,5308,,SolicitudOTAdjuntos HTTP/1.1" 200 10231
192.168.10.96 - - [28/Mar/2017:10:45:19 -0300] "POST /cormun/servlet/acontrolpreferencessavestate?None,DZAMUDIO,true HTTP/1.1" 200 35
192.168.10.96 - - [28/Mar/2017:10:45:20 -0300] "GET /cormun/PublicTempStorage/cert.a2286063.pdf HTTP/1.1" 200 430390
192.168.10.96 - - [28/Mar/2017:10:45:24 -0300] "GET /cormun/servlet/vesolicitudnombre?2017,5308,,SolicitudOTAdjuntos HTTP/1.1" 200 10232
192.168.10.96 - - [28/Mar/2017:10:45:25 -0300] "GET /cormun/servlet/vesolicitudnombre?2017,5308,,SolicitudOTAdjuntos HTTP/1.1" 200 10233
192.168.10.96 - - [28/Mar/2017:10:45:26 -0300] "POST /cormun/servlet/acontrolpreferencessavestate?None,DZAMUDIO,true HTTP/1.1" 200 35
192.168.10.96 - - [28/Mar/2017:10:45:26 -0300] "GET /cormun/PublicTempStorage/curriculum1818088.pdf HTTP/1.1" 200 1380958
192.168.10.96 - - [28/Mar/2017:10:45:31 -0300] "GET /cormun/servlet/vesolicitudnombre?2017,5308,,SolicitudOTAdjuntos HTTP/1.1" 200 10230
192.168.10.96 - - [28/Mar/2017:10:45:32 -0300] "GET /cormun/servlet/vesolicitudnombre?2017,5308,,SolicitudOTAdjuntos HTTP/1.1" 200 10233
192.168.10.96 - - [28/Mar/2017:10:45:32 -0300] "POST /cormun/servlet/acontrolpreferencessavestate?None,DZAMUDIO,true HTTP/1.1" 200 35
192.168.10.96 - - [28/Mar/2017:10:45:33 -0300] "GET /cormun/PublicTempStorage/titulo6955705.pdf HTTP/1.1" 200 427079
192.168.10.13 - - [28/Mar/2017:10:45:38 -0300] "GET / HTTP/1.1" 200 11217
192.168.10.13 - - [28/Mar/2017:10:46:38 -0300] "GET / HTTP/1.1" 200 11217
186.103.157.235 - - [28/Mar/2017:10:47:04 -0300] "GET /cormun/servlet/trsolicitudot? HTTP/1.1" 200 8601
186.103.157.235 - - [28/Mar/2017:10:47:05 -0300] "GET /cormun/static/calendar-system.css?75620 HTTP/1.1" 200 5572
186.103.157.235 - - [28/Mar/2017:10:47:05 -0300] "GET /cormun/static/gxcfg.js?201731711505139 HTTP/1.1" 200 953
186.103.157.235 - - [28/Mar/2017:10:47:05 -0300] "GET /cormun/static/gxui/gxui-all.css?110300 HTTP/1.1" 200 2179
186.103.157.235 - - [28/Mar/2017:10:47:05 -0300] "GET /cormun/static/trsolicitudot.js?20173171151116 HTTP/1.1" 200 53117
186.103.157.235 - - [28/Mar/2017:10:47:33 -0300] "GET /cormun/servlet/trlicencias? HTTP/1.1" 200 8994
186.103.157.235 - - [28/Mar/2017:10:47:36 -0300] "GET /cormun/servlet/trlicencias? HTTP/1.1" 200 8994
186.103.157.235 - - [28/Mar/2017:10:47:38 -0300] "GET /cormun/servlet/trsolicitudot? HTTP/1.1" 200 8601
192.168.10.13 - - [28/Mar/2017:10:47:38 -0300] "GET / HTTP/1.1" 200 11217
186.103.157.235 - - [28/Mar/2017:10:47:38 -0300] "GET /cormun/static/Shared/ext/resources/css/ext-all.css?205870 HTTP/1.1" 206 1
186.103.157.235 - - [28/Mar/2017:10:47:50 -0300] "GET /cormun/static/Shared/ext/resources/css/ext-all.css?205870 HTTP/1.1" 200 57344
192.168.10.13 - - [28/Mar/2017:10:48:38 -0300] "GET / HTTP/1.1" 200 11217
186.103.157.235 - - [28/Mar/2017:10:49:21 -0300] "GET /cormun/static/Shared/ext/resources/css/ext-all.css?205870 HTTP/1.1" 206 378476
192.168.10.13 - - [28/Mar/2017:10:49:38 -0300] "GET / HTTP/1.1" 200 11217
186.103.157.235 - - [28/Mar/2017:10:49:38 -0300] "GET /cormun/servlet/trsolicitudot? HTTP/1.1" 200 8591
186.103.157.235 - - [28/Mar/2017:10:49:38 -0300] "GET /cormun/static/Shared/ext/resources/css/ext-all.css?205870 HTTP/1.1" 206 1
186.103.157.235 - - [28/Mar/2017:10:49:38 -0300] "GET /cormun/static/Shared/ext/resources/css/ext-all.css?205870 HTTP/1.1" 206 11364
186.103.157.235 - - [28/Mar/2017:10:49:40 -0300] "GET /cormun/servlet/trsolicitudot? HTTP/1.1" 200 8601
186.103.157.235 - - [28/Mar/2017:10:49:40 -0300] "GET /cormun//static/Resources/PXToolsActionView.png HTTP/1.1" 200 2995
186.103.157.235 - - [28/Mar/2017:10:49:40 -0300] "GET /cormun//static/Resources/PXToolsRemoveAllAction.png HTTP/1.1" 200 3558
186.103.157.235 - - [28/Mar/2017:10:49:40 -0300] "GET /cormun//static/Resources/PXToolsGridUpdate.png HTTP/1.1" 200 2984
186.103.157.235 - - [28/Mar/2017:10:49:40 -0300] "GET /cormun//static/Resources/PXToolsGridDelete.png HTTP/1.1" 200 357
192.168.10.13 - - [28/Mar/2017:10:50:38 -0300] "GET / HTTP/1.1" 200 11217
186.79.27.240 - - [28/Mar/2017:10:51:00 -0300] "GET /cormun/servlet/solicitudot?INS,0,0, HTTP/1.1" 200 12562
186.79.27.240 - - [28/Mar/2017:10:51:01 -0300] "GET /cormun/servlet/solicitudot?INS,0,0, HTTP/1.1" 200 12567
192.168.10.96 - - [28/Mar/2017:10:51:02 -0300] "GET /cormun/servlet/vesolicitudnombre?2017,5308,,SolicitudOTAdjuntos HTTP/1.1" 200 10229
192.168.10.96 - - [28/Mar/2017:10:51:03 -0300] "GET /cormun/servlet/vesolicitudnombre?2017,5308,,SolicitudOTAdjuntos HTTP/1.1" 200 10234
192.168.10.96 - - [28/Mar/2017:10:51:03 -0300] "POST /cormun/servlet/acontrolpreferencessavestate?None,DZAMUDIO,true HTTP/1.1" 200 35
192.168.10.96 - - [28/Mar/2017:10:51:04 -0300] "GET /cormun/servlet/wbconsulta? HTTP/1.1" 200 5114
192.168.10.96 - - [28/Mar/2017:10:51:04 -0300] "GET /cormun/servlet/wbconsulta? HTTP/1.1" 200 5092
192.168.10.96 - - [28/Mar/2017:10:51:05 -0300] "GET /cormun/servlet/trconsultaempleado? HTTP/1.1" 200 6484
192.168.10.96 - - [28/Mar/2017:10:51:06 -0300] "GET /cormun/servlet/trconsultaempleado? HTTP/1.1" 200 6483
186.103.157.235 - - [28/Mar/2017:10:51:07 -0300] "GET /cormun/servlet/trsolicitudot? HTTP/1.1" 200 8601
186.103.157.235 - - [28/Mar/2017:10:51:13 -0300] "GET /cormun/servlet/trsolicitudot? HTTP/1.1" 200 8601
192.168.10.96 - - [28/Mar/2017:10:51:15 -0300] "POST /cormun/servlet/trconsultaempleado?075044d6619b56bb19e87ec7614481f6,,gx-no-cache=1490712353848 HTTP/1.1" 200 4174
192.168.10.96 - - [28/Mar/2017:10:51:18 -0300] "GET /cormun/servlet/trsolicitudnombre?17135172, HTTP/1.1" 200 7238
192.168.10.96 - - [28/Mar/2017:10:51:19 -0300] "GET /cormun/servlet/trsolicitudnombre?17135172, HTTP/1.1" 200 7239
192.168.10.96 - - [28/Mar/2017:10:51:20 -0300] "GET /cormun/servlet/vesolicitudnombre?2017,5751,, HTTP/1.1" 200 8445
192.168.10.96 - - [28/Mar/2017:10:51:20 -0300] "GET /cormun/pexe_scrolldiv.js HTTP/1.1" 404 1009
192.168.10.96 - - [28/Mar/2017:10:51:20 -0300] "GET /cormun/pexe_scrolldiv.js HTTP/1.1" 404 1009
192.168.10.96 - - [28/Mar/2017:10:51:21 -0300] "GET /cormun/servlet/vesolicitudnombre?2017,5751,, HTTP/1.1" 200 8438
192.168.10.96 - - [28/Mar/2017:10:51:22 -0300] "GET /cormun/servlet/vesolicitudnombre?2017,5751,,SolicitudOTAdjuntos HTTP/1.1" 200 10257
192.168.10.96 - - [28/Mar/2017:10:51:22 -0300] "GET /cormun/pexe_scrolldiv.js HTTP/1.1" 404 1009
192.168.10.96 - - [28/Mar/2017:10:51:22 -0300] "GET /cormun/pexe_scrolldiv.js HTTP/1.1" 404 1009
192.168.10.96 - - [28/Mar/2017:10:51:23 -0300] "GET /cormun/servlet/vesolicitudnombre?2017,5751,,SolicitudOTAdjuntos HTTP/1.1" 200 10260
192.168.10.96 - - [28/Mar/2017:10:51:24 -0300] "POST /cormun/servlet/acontrolpreferencessavestate?None,DZAMUDIO,true HTTP/1.1" 200 35
192.168.10.96 - - [28/Mar/2017:10:51:25 -0300] "GET /cormun/PublicTempStorage/carnet_identidad5164242.jpeg HTTP/1.1" 200 553480
192.168.10.96 - - [28/Mar/2017:10:51:29 -0300] "GET /cormun/servlet/vesolicitudnombre?2017,5751,,SolicitudOTAdjuntos HTTP/1.1" 200 10260
192.168.10.96 - - [28/Mar/2017:10:51:29 -0300] "GET /cormun/servlet/vesolicitudnombre?2017,5751,,SolicitudOTAdjuntos HTTP/1.1" 200 10259
192.168.10.96 - - [28/Mar/2017:10:51:30 -0300] "POST /cormun/servlet/acontrolpreferencessavestate?None,DZAMUDIO,true HTTP/1.1" 200 35
192.168.10.96 - - [28/Mar/2017:10:51:31 -0300] "GET /cormun/PublicTempStorage/licencia_media3560261.jpeg HTTP/1.1" 200 507522
186.103.157.235 - - [28/Mar/2017:10:51:34 -0300] "POST /cormun/servlet/trsolicitudot?7278bfb58770ed9ca657db8acb448703,,gx-no-cache=1490709155875 HTTP/1.1" 200 4132
192.168.10.96 - - [28/Mar/2017:10:51:34 -0300] "GET /cormun/servlet/vesolicitudnombre?2017,5751,,SolicitudOTAdjuntos HTTP/1.1" 200 10259
192.168.10.96 - - [28/Mar/2017:10:51:35 -0300] "GET /cormun/servlet/vesolicitudnombre?2017,5751,,SolicitudOTAdjuntos HTTP/1.1" 200 10260
192.168.10.96 - - [28/Mar/2017:10:51:35 -0300] "POST /cormun/servlet/acontrolpreferencessavestate?None,DZAMUDIO,true HTTP/1.1" 200 35
192.168.10.96 - - [28/Mar/2017:10:51:36 -0300] "GET /cormun/PublicTempStorage/certificado_afp4547457.jpeg HTTP/1.1" 200 366216
192.168.10.13 - - [28/Mar/2017:10:51:38 -0300] "GET / HTTP/1.1" 200 11217
192.168.10.96 - - [28/Mar/2017:10:51:40 -0300] "GET /cormun/servlet/vesolicitudnombre?2017,5751,,SolicitudOTAdjuntos HTTP/1.1" 200 10259
192.168.10.96 - - [28/Mar/2017:10:51:41 -0300] "GET /cormun/servlet/vesolicitudnombre?2017,5751,,SolicitudOTAdjuntos HTTP/1.1" 200 10262
186.103.157.235 - - [28/Mar/2017:10:51:41 -0300] "POST /cormun/servlet/trsolicitudot?7278bfb58770ed9ca657db8acb448703,,gx-no-cache=1490709163878 HTTP/1.1" 200 5769
192.168.10.96 - - [28/Mar/2017:10:51:42 -0300] "POST /cormun/servlet/acontrolpreferencessavestate?None,DZAMUDIO,true HTTP/1.1" 200 35
192.168.10.96 - - [28/Mar/2017:10:51:42 -0300] "GET /cormun/PublicTempStorage/certificado_fonasa1625147.jpeg HTTP/1.1" 200 388760
192.168.10.96 - - [28/Mar/2017:10:51:45 -0300] "GET /cormun/servlet/vesolicitudnombre?2017,5751,,SolicitudOTAdjuntos HTTP/1.1" 200 10258
192.168.10.96 - - [28/Mar/2017:10:51:46 -0300] "GET /cormun/servlet/vesolicitudnombre?2017,5751,,SolicitudOTAdjuntos HTTP/1.1" 200 10262
192.168.10.96 - - [28/Mar/2017:10:51:47 -0300] "POST /cormun/servlet/acontrolpreferencessavestate?None,DZAMUDIO,true HTTP/1.1" 200 35
192.168.10.96 - - [28/Mar/2017:10:51:47 -0300] "GET /cormun/PublicTempStorage/papel_antecedentes2727697.jpeg HTTP/1.1" 200 596490
192.168.10.96 - - [28/Mar/2017:10:51:50 -0300] "GET /cormun/servlet/vesolicitudnombre?2017,5751,,SolicitudOTAdjuntos HTTP/1.1" 200 10258
192.168.10.96 - - [28/Mar/2017:10:51:51 -0300] "GET /cormun/servlet/vesolicitudnombre?2017,5751,,SolicitudOTAdjuntos HTTP/1.1" 200 10261
192.168.10.96 - - [28/Mar/2017:10:51:52 -0300] "POST /cormun/servlet/acontrolpreferencessavestate?None,DZAMUDIO,true HTTP/1.1" 200 35
192.168.10.96 - - [28/Mar/2017:10:51:52 -0300] "GET /cormun/PublicTempStorage/curriculum_18011405.jpeg HTTP/1.1" 200 276449
186.103.157.235 - - [28/Mar/2017:10:52:18 -0300] "POST /cormun/servlet/trsolicitudot?7278bfb58770ed9ca657db8acb448703,,gx-no-cache=1490709198978 HTTP/1.1" 200 6476
192.168.10.13 - - [28/Mar/2017:10:52:38 -0300] "GET / HTTP/1.1" 200 11217
186.103.158.250 - - [28/Mar/2017:10:52:39 -0300] "GET /cormun/servlet/hlogin HTTP/1.1" 200 1719
186.103.158.250 - - [28/Mar/2017:10:53:27 -0300] "GET /cormun/servlet/trlicencias? HTTP/1.1" 200 7653
186.79.27.240 - - [28/Mar/2017:10:53:28 -0300] "POST /cormun/servlet/solicitudot?gx-no-cache=1490709274812 HTTP/1.1" 200 3081
186.79.27.240 - - [28/Mar/2017:10:53:29 -0300] "POST /cormun/servlet/solicitudot?eadaa7ea1ab2cc71d6570c797fbd9b8b,INS,0,0,,gx-no-cache=1490709276594 HTTP/1.1" 200 9672
186.103.158.250 - - [28/Mar/2017:10:53:31 -0300] "GET /cormun/servlet/trlicencias? HTTP/1.1" 200 7641
186.103.158.250 - - [28/Mar/2017:10:53:32 -0300] "GET /cormun/servlet/hlogin HTTP/1.1" 200 1735
186.79.27.240 - - [28/Mar/2017:10:53:35 -0300] "GET /cormun/servlet/solicitudot?f24ec5f2b138f93b3f1fc915f0afd7b0bee6f7a316bec318d9e31abb452be4367ca308987438b6dd65bfc59c3a93b40c,gx-no-cache=1490709282592 HTTP/1.1" 200 30
192.168.10.13 - - [28/Mar/2017:10:53:38 -0300] "GET / HTTP/1.1" 200 11217
186.103.158.250 - - [28/Mar/2017:10:53:40 -0300] "POST /cormun/servlet/hlogin?648b390ee222a82f245f9ccd2dcac3db,gx-no-cache=1490712776116 HTTP/1.1" 200 90
186.103.158.250 - - [28/Mar/2017:10:53:41 -0300] "GET /cormun/servlet/hpexe_link HTTP/1.1" 200 954
186.103.158.250 - - [28/Mar/2017:10:53:42 -0300] "GET /cormun/servlet/trlicencias HTTP/1.1" 200 7746
186.103.158.250 - - [28/Mar/2017:10:53:48 -0300] "GET /cormun/servlet/trlicencias HTTP/1.1" 200 7745
186.103.158.250 - - [28/Mar/2017:10:53:55 -0300] "GET /cormun/servlet/alicenciaprn?151450971,L,20170328000000,PU HTTP/1.1" 200 1500
192.168.10.89 - - [28/Mar/2017:10:53:58 -0300] "GET /cormun/servlet/trpermisosingocecormun? HTTP/1.1" 200 9695
192.168.10.89 - - [28/Mar/2017:10:53:58 -0300] "GET /cormun/static/gxcfg.js?201731711552690 HTTP/1.1" 200 953
192.168.10.89 - - [28/Mar/2017:10:53:58 -0300] "GET /cormun/static/trpermisosingocecormun.js?201731711553126 HTTP/1.1" 200 28132
192.168.10.89 - - [28/Mar/2017:10:54:08 -0300] "GET /cormun/servlet/trpermisosingocecormun? HTTP/1.1" 200 9694
192.168.10.89 - - [28/Mar/2017:10:54:15 -0300] "GET /cormun/servlet/trpermisosingoceadjunto?34,12293676, HTTP/1.1" 200 6494
192.168.10.89 - - [28/Mar/2017:10:54:15 -0300] "GET /cormun/static/Resources/Spanish/PXTools.css?167811 HTTP/1.1" 304 -
192.168.10.89 - - [28/Mar/2017:10:54:15 -0300] "GET /cormun/static/gxcfg.js?2016101716221623 HTTP/1.1" 200 953
192.168.10.89 - - [28/Mar/2017:10:54:15 -0300] "GET /cormun/static/trpermisosingoceadjunto.js?2016101716221846 HTTP/1.1" 200 16824
192.168.10.89 - - [28/Mar/2017:10:54:20 -0300] "GET /cormun/servlet/trpermisosingocecormun? HTTP/1.1" 200 9694
192.168.10.89 - - [28/Mar/2017:10:54:28 -0300] "GET /cormun/servlet/trpermisosingocecormun? HTTP/1.1" 200 9694
192.168.10.89 - - [28/Mar/2017:10:54:35 -0300] "POST /cormun/servlet/trpermisosingocecormun?7031db5127bc564a47a5005297b39cfa,,gx-no-cache=1490712554122 HTTP/1.1" 200 6464
192.168.10.13 - - [28/Mar/2017:10:54:38 -0300] "GET / HTTP/1.1" 200 11217
192.168.10.89 - - [28/Mar/2017:10:54:46 -0300] "POST /cormun/servlet/trpermisosingocecormun?7031db5127bc564a47a5005297b39cfa,,gx-no-cache=1490712565464 HTTP/1.1" 200 6766
200.111.191.210 - - [28/Mar/2017:10:54:51 -0300] "GET /cormun/servlet/hlogin HTTP/1.1" 200 1723
192.168.10.89 - - [28/Mar/2017:10:54:56 -0300] "GET /cormun/servlet/trpermisosingoceadjunto?28,13946018, HTTP/1.1" 200 6941
186.103.158.250 - - [28/Mar/2017:10:54:56 -0300] "POST /cormun/servlet/trlicencias?648b390ee222a82f245f9ccd2dcac3db,gx-no-cache=1490712851803 HTTP/1.1" 200 3997
186.103.158.250 - - [28/Mar/2017:10:54:56 -0300] "GET /cormun/static/Shared/jqueryui/images/ui-bg_highlight-soft_100_c6c2c8_1x100.png HTTP/1.1" 404 1117
186.103.158.250 - - [28/Mar/2017:10:54:56 -0300] "GET /cormun/static/Shared/jqueryui/images/ui-icons_82798d_256x240.png HTTP/1.1" 404 1089
186.103.158.250 - - [28/Mar/2017:10:54:56 -0300] "GET /cormun/static/Shared/jqueryui/images/ui-bg_flat_55_fafafa_40x100.png HTTP/1.1" 404 1097
186.103.158.250 - - [28/Mar/2017:10:54:56 -0300] "GET /cormun/static/Shared/jqueryui/images/ui-icons_8d78a5_256x240.png HTTP/1.1" 404 1089
192.168.10.89 - - [28/Mar/2017:10:54:57 -0300] "HEAD /cormun/PublicTempStorage/permiso_sin_goce_remun.__gonzalo_perez_001.jpg7777393.docx HTTP/1.1" 200 -
200.111.191.210 - - [28/Mar/2017:10:54:59 -0300] "POST /cormun/servlet/hlogin?3527729c138949bd1930f0dd8cc7f7ed,gx-no-cache=1490712873930 HTTP/1.1" 200 90
200.111.191.210 - - [28/Mar/2017:10:55:00 -0300] "GET /cormun/servlet/hpexe_link HTTP/1.1" 200 952
200.111.191.210 - - [28/Mar/2017:10:55:00 -0300] "GET /cormun/servlet/hhome HTTP/1.1" 200 3732
200.111.191.210 - - [28/Mar/2017:10:55:00 -0300] "GET /cormun/servlet/hhome HTTP/1.1" 200 3729
192.168.10.89 - - [28/Mar/2017:10:55:02 -0300] "GET /cormun/PublicTempStorage/permiso_sin_goce_remun.__gonzalo_perez_001.jpg7777393.docx HTTP/1.1" 200 501057
192.168.10.89 - - [28/Mar/2017:10:55:02 -0300] "OPTIONS /cormun/PublicTempStorage/ HTTP/1.1" 200 -
192.168.10.89 - - [28/Mar/2017:10:55:02 -0300] "HEAD /cormun/PublicTempStorage/permiso_sin_goce_remun.__gonzalo_perez_001.jpg7777393.docx HTTP/1.1" 200 -
192.168.10.89 - - [28/Mar/2017:10:55:02 -0300] "OPTIONS /cormun/PublicTempStorage HTTP/1.1" 302 -
192.168.10.89 - - [28/Mar/2017:10:55:02 -0300] "OPTIONS /cormun/PublicTempStorage/ HTTP/1.1" 200 -
192.168.10.89 - - [28/Mar/2017:10:55:02 -0300] "PROPFIND /cormun/PublicTempStorage HTTP/1.1" 302 -
192.168.10.89 - - [28/Mar/2017:10:55:02 -0300] "PROPFIND /cormun/PublicTempStorage/ HTTP/1.1" 501 1141
192.168.10.89 - - [28/Mar/2017:10:55:02 -0300] "PROPFIND /cormun HTTP/1.1" 302 -
192.168.10.89 - - [28/Mar/2017:10:55:02 -0300] "PROPFIND /cormun/ HTTP/1.1" 501 1141
192.168.10.89 - - [28/Mar/2017:10:55:02 -0300] "PROPFIND /cormun HTTP/1.1" 302 -
192.168.10.89 - - [28/Mar/2017:10:55:02 -0300] "PROPFIND /cormun/ HTTP/1.1" 501 1141
192.168.10.89 - - [28/Mar/2017:10:55:02 -0300] "PROPFIND /cormun/PublicTempStorage HTTP/1.1" 302 -
192.168.10.89 - - [28/Mar/2017:10:55:02 -0300] "PROPFIND /cormun/PublicTempStorage/ HTTP/1.1" 501 1141
192.168.10.89 - - [28/Mar/2017:10:55:02 -0300] "PROPFIND /cormun HTTP/1.1" 302 -
192.168.10.89 - - [28/Mar/2017:10:55:02 -0300] "PROPFIND /cormun/ HTTP/1.1" 501 1141
192.168.10.89 - - [28/Mar/2017:10:55:02 -0300] "HEAD /cormun/PublicTempStorage/permiso_sin_goce_remun.__gonzalo_perez_001.jpg7777393.docx HTTP/1.1" 200 -
192.168.10.89 - - [28/Mar/2017:10:55:03 -0300] "PROPFIND / HTTP/1.1" 200 11217
192.168.10.89 - - [28/Mar/2017:10:55:03 -0300] "PROPFIND / HTTP/1.1" 200 11217
186.79.27.240 - - [28/Mar/2017:10:55:03 -0300] "POST /cormun/servlet/solicitudot?gx-no-cache=1490709371269 HTTP/1.1" 200 297
186.79.27.240 - - [28/Mar/2017:10:55:04 -0300] "GET /cormun/servlet/solicitudot?f24ec5f2b138f93b3f1fc915f0afd7b04879b8b41758f79b6b3d1cb588b8a2de7834b9cef4e9cd7fdcb61595101056e8da8c6c29a68ba788f2b511097c5ef57c63b07966d17d26d9cfc56204bf934e47977ed309e837671905308b739a81bf174382efc78641d54cdbac2bb9af8891399cde5865c252c34992ffc47676b0ca93826c2bbfca9687aff4d167549b2de0f8b16e61e433ee0b0872a136a294e1b09364c922bbaab924e68f51a59b900f4e3d8dcceb7a87875eb34b32467503957ac2a053858bc647fc4abb6387cc1fad7665ccb20fee0aa688c15c78451526582c18bf1a61b365411fce91cd98980b3a1fe6661798733aa219c897856c9c878af828ba7cf31c2731214d3a0248fada0f048a461d445ba390e7a2069da96dc89ca1a0aef61724845079ca30eaba377c3a3c9ce6ea9615e0cb561b1c49da339a796342e155365f1e04e00de4096c673ccdeac89e75d5e17b19419deb0f2a25a585caba59c7f15776fd2f10ad466d9b1ad42ad1ff7e2f1a637b93ce12ea570719e1f8e4a8851aaad615e9b58200501e6e66f0ee,gx-no-cache=1490709371649 HTTP/1.1" 200 30
192.168.10.89 - - [28/Mar/2017:10:55:05 -0300] "PROPFIND /cormun/PublicTempStorage HTTP/1.1" 302 -
192.168.10.89 - - [28/Mar/2017:10:55:05 -0300] "PROPFIND /cormun/PublicTempStorage/ HTTP/1.1" 501 1141
192.168.10.89 - - [28/Mar/2017:10:55:05 -0300] "PROPFIND /cormun HTTP/1.1" 302 -
192.168.10.89 - - [28/Mar/2017:10:55:05 -0300] "PROPFIND /cormun/ HTTP/1.1" 501 1141
192.168.10.89 - - [28/Mar/2017:10:55:05 -0300] "PROPFIND /cormun/PublicTempStorage HTTP/1.1" 302 -
192.168.10.89 - - [28/Mar/2017:10:55:05 -0300] "PROPFIND /cormun/PublicTempStorage/ HTTP/1.1" 501 1141
192.168.10.89 - - [28/Mar/2017:10:55:05 -0300] "GET /cormun/PublicTempStorage/permiso_sin_goce_remun.__gonzalo_perez_001.jpg7777393.docx HTTP/1.1" 200 501057
192.168.10.89 - - [28/Mar/2017:10:55:05 -0300] "HEAD /cormun/PublicTempStorage/permiso_sin_goce_remun.__gonzalo_perez_001.jpg7777393.docx HTTP/1.1" 200 -
186.79.27.240 - - [28/Mar/2017:10:55:08 -0300] "POST /cormun/servlet/solicitudot?gx-no-cache=1490709374943 HTTP/1.1" 200 30
200.111.191.210 - - [28/Mar/2017:10:55:13 -0300] "GET /cormun/servlet/trpermisosgoce? HTTP/1.1" 200 7830
200.111.191.210 - - [28/Mar/2017:10:55:13 -0300] "GET /cormun/static/gxcfg.js?20173171154124 HTTP/1.1" 304 -
200.111.191.210 - - [28/Mar/2017:10:55:13 -0300] "GET /cormun/static/trpermisosgoce.js?20173171154177 HTTP/1.1" 304 -
200.111.191.210 - - [28/Mar/2017:10:55:14 -0300] "GET /cormun/servlet/trpermisosgoce? HTTP/1.1" 200 7827
192.168.10.89 - - [28/Mar/2017:10:55:21 -0300] "POST /cormun/servlet/trpermisosingoceadjunto?7031db5127bc564a47a5005297b39cfa,28,13946018,,gx-no-cache=1490712600147 HTTP/1.1" 200 90
192.168.10.89 - - [28/Mar/2017:10:55:21 -0300] "GET /cormun/servlet/hpexe_link HTTP/1.1" 200 979
192.168.10.89 - - [28/Mar/2017:10:55:23 -0300] "GET /cormun/servlet/trpermisosingocecormun? HTTP/1.1" 200 9748
192.168.10.89 - - [28/Mar/2017:10:55:30 -0300] "GET /cormun/servlet/trpermisosingoceadjunto?29,9782622, HTTP/1.1" 200 6874
192.168.10.89 - - [28/Mar/2017:10:55:31 -0300] "GET /cormun/PublicTempStorage/mcvaldivia7449584.pdf HTTP/1.1" 200 387803
192.168.10.13 - - [28/Mar/2017:10:55:38 -0300] "GET / HTTP/1.1" 200 11217
192.168.10.89 - - [28/Mar/2017:10:55:47 -0300] "GET /cormun/servlet/trpermisosingoceadjunto?29,9782622, HTTP/1.1" 200 6874
192.168.10.89 - - [28/Mar/2017:10:55:48 -0300] "GET /cormun/PublicTempStorage/mcvaldivia3363011.pdf HTTP/1.1" 200 387803
200.111.191.210 - - [28/Mar/2017:10:55:49 -0300] "GET /cormun/servlet/permisogoce?INS,0,,, HTTP/1.1" 200 6491
200.111.191.210 - - [28/Mar/2017:10:55:49 -0300] "GET /cormun/static/permisogoce.js?20173171142217 HTTP/1.1" 304 -
200.111.191.210 - - [28/Mar/2017:10:55:49 -0300] "GET /cormun/static/Resources/prompt.gif HTTP/1.1" 200 902
200.111.191.210 - - [28/Mar/2017:10:55:49 -0300] "GET /cormun/static/gxcfg.js?201731711422032 HTTP/1.1" 200 953
192.168.10.89 - - [28/Mar/2017:10:55:49 -0300] "GET /cormun/servlet/trpermisosingocecormun? HTTP/1.1" 200 9748
200.111.191.210 - - [28/Mar/2017:10:55:50 -0300] "GET /cormun/servlet/permisogoce?INS,0,,, HTTP/1.1" 200 6490
192.168.10.89 - - [28/Mar/2017:10:55:56 -0300] "POST /cormun/servlet/trpermisosingocecormun?7031db5127bc564a47a5005297b39cfa,,gx-no-cache=1490712634860 HTTP/1.1" 200 5630
192.168.10.89 - - [28/Mar/2017:10:55:59 -0300] "POST /cormun/servlet/trpermisosingocecormun?7031db5127bc564a47a5005297b39cfa,,gx-no-cache=1490712637960 HTTP/1.1" 200 5630
192.168.10.89 - - [28/Mar/2017:10:56:05 -0300] "POST /cormun/servlet/trpermisosingocecormun?7031db5127bc564a47a5005297b39cfa,,gx-no-cache=1490712644344 HTTP/1.1" 200 6713
192.168.10.89 - - [28/Mar/2017:10:56:08 -0300] "GET /cormun/servlet/trpermisosingoceadjunto?32,18798648, HTTP/1.1" 200 6878
192.168.10.89 - - [28/Mar/2017:10:56:10 -0300] "GET /cormun/PublicTempStorage/1350579933900.PDF HTTP/1.1" 200 668809
200.111.191.210 - - [28/Mar/2017:10:56:14 -0300] "GET /cormun/servlet/permisogoce?4cc687add6426862ad4dea207af2c7eb917ef698f082f7ee3e430fcd54a6ffbc868445675aad99188b510f2fe16aec5e,gx-no-cache=1490712948459 HTTP/1.1" 200 73
200.111.191.210 - - [28/Mar/2017:10:56:24 -0300] "GET /cormun/servlet/permisogoce?4cc687add6426862ad4dea207af2c7ebeab29fb0f11b088cc1d7afee740984fa21e9c92214616f89c48f18b6a3f63fdef63d5813c367b48d18eab272854cff34,gx-no-cache=1490712958162 HTTP/1.1" 200 47
192.168.10.89 - - [28/Mar/2017:10:56:28 -0300] "GET /cormun/servlet/trpermisosingoceadjunto?32,18798648, HTTP/1.1" 200 6877
192.168.10.89 - - [28/Mar/2017:10:56:28 -0300] "GET /cormun/PublicTempStorage/1350579506083.PDF HTTP/1.1" 200 668809
192.168.10.89 - - [28/Mar/2017:10:56:30 -0300] "POST /cormun/servlet/trpermisosingoceadjunto?7031db5127bc564a47a5005297b39cfa,32,18798648,,gx-no-cache=1490712669522 HTTP/1.1" 200 90
192.168.10.89 - - [28/Mar/2017:10:56:30 -0300] "GET /cormun/servlet/hpexe_link HTTP/1.1" 200 979
192.168.10.89 - - [28/Mar/2017:10:56:32 -0300] "GET /cormun/servlet/trpermisosingocecormun? HTTP/1.1" 200 9696
200.111.191.210 - - [28/Mar/2017:10:56:33 -0300] "POST /cormun/servlet/permisogoce?3527729c138949bd1930f0dd8cc7f7ed,INS,0,,,,gx-no-cache=1490712967043 HTTP/1.1" 200 93
200.111.191.210 - - [28/Mar/2017:10:56:33 -0300] "GET /cormun/servlet/hpexe_return? HTTP/1.1" 200 1008
200.111.191.210 - - [28/Mar/2017:10:56:34 -0300] "GET /cormun/servlet/trpermisosgoce HTTP/1.1" 200 8046
200.111.191.210 - - [28/Mar/2017:10:56:34 -0300] "GET /cormun/servlet/trpermisosgoce HTTP/1.1" 200 8042
192.168.10.89 - - [28/Mar/2017:10:56:36 -0300] "GET /cormun/servlet/trpermisosingoceadjunto?33,9221912, HTTP/1.1" 200 6488
192.168.10.13 - - [28/Mar/2017:10:56:38 -0300] "GET / HTTP/1.1" 200 11217
200.111.191.210 - - [28/Mar/2017:10:56:39 -0300] "GET /cormun/servlet/apermisogoceprn?9289416,P,20170328115112,PU HTTP/1.1" 200 1661
192.168.10.89 - - [28/Mar/2017:10:56:42 -0300] "GET /cormun/servlet/trpermisosingocecormun? HTTP/1.1" 200 9696
192.168.10.89 - - [28/Mar/2017:10:56:46 -0300] "GET /cormun/servlet/trpermisosingoceadjunto?34,12293676, HTTP/1.1" 200 6494
192.168.10.89 - - [28/Mar/2017:10:56:51 -0300] "GET /cormun/servlet/trpermisosingocecormun? HTTP/1.1" 200 9696
192.168.10.89 - - [28/Mar/2017:10:56:55 -0300] "GET /cormun/servlet/tratrazoscormun? HTTP/1.1" 200 9360
192.168.10.89 - - [28/Mar/2017:10:56:55 -0300] "GET /cormun/static/gxcfg.js?201731711563228 HTTP/1.1" 200 953
192.168.10.89 - - [28/Mar/2017:10:56:57 -0300] "GET /cormun/static/tratrazoscormun.js?201731711563783 HTTP/1.1" 200 27963
192.168.10.89 - - [28/Mar/2017:10:57:00 -0300] "GET /cormun/servlet/trpermisosingoceadjunto?26,15125097, HTTP/1.1" 200 6493
186.79.27.240 - - [28/Mar/2017:10:57:05 -0300] "POST /cormun/servlet/solicitudot?gx-no-cache=1490709492496 HTTP/1.1" 200 235
186.79.27.240 - - [28/Mar/2017:10:57:05 -0300] "POST /cormun/servlet/solicitudot?gx-no-cache=1490709493393 HTTP/1.1" 200 38
192.168.10.89 - - [28/Mar/2017:10:57:07 -0300] "GET /cormun/servlet/tratrazoscormun? HTTP/1.1" 200 9360
192.168.10.89 - - [28/Mar/2017:10:57:24 -0300] "GET /cormun/servlet/trrenunciasgenerales? HTTP/1.1" 200 8623
192.168.10.89 - - [28/Mar/2017:10:57:24 -0300] "GET /cormun/static/gxcfg.js?20173171157617 HTTP/1.1" 200 953
192.168.10.89 - - [28/Mar/2017:10:57:25 -0300] "GET /cormun/static/trrenunciasgenerales.js?201731711571132 HTTP/1.1" 200 25842
192.168.10.89 - - [28/Mar/2017:10:57:29 -0300] "GET /cormun/static/menuarrow.gif HTTP/1.1" 404 1015
192.168.10.89 - - [28/Mar/2017:10:57:33 -0300] "POST /cormun/servlet/trrenunciasgenerales?7031db5127bc564a47a5005297b39cfa,,gx-no-cache=1490712731735 HTTP/1.1" 200 6066
192.168.10.62 - - [28/Mar/2017:10:57:35 -0300] "GET /cormun/servlet/trconsultaempleado? HTTP/1.1" 200 8216
192.168.10.62 - - [28/Mar/2017:10:57:36 -0300] "GET /cormun/servlet/hlogin HTTP/1.1" 200 1746
192.168.10.89 - - [28/Mar/2017:10:57:36 -0300] "GET /cormun/servlet/trrenunciasadjuntos?9,19018720, HTTP/1.1" 200 6408
192.168.10.89 - - [28/Mar/2017:10:57:36 -0300] "GET /cormun/static/gxcfg.js?201731711565375 HTTP/1.1" 200 953
192.168.10.89 - - [28/Mar/2017:10:57:36 -0300] "GET /cormun/static/trrenunciasadjuntos.js?201731711565661 HTTP/1.1" 200 15159
192.168.10.62 - - [28/Mar/2017:10:57:36 -0300] "GET /cormun/servlet/trconsultaempleado? HTTP/1.1" 200 8214
192.168.10.13 - - [28/Mar/2017:10:57:38 -0300] "GET / HTTP/1.1" 200 11217
192.168.10.96 - - [28/Mar/2017:10:57:39 -0300] "GET /cormun/servlet/vesolicitudnombre?2017,5751,,SolicitudOTAdjuntos HTTP/1.1" 200 10259
192.168.10.96 - - [28/Mar/2017:10:57:40 -0300] "GET /cormun/servlet/vesolicitudnombre?2017,5751,,SolicitudOTAdjuntos HTTP/1.1" 200 10262
192.168.10.96 - - [28/Mar/2017:10:57:40 -0300] "POST /cormun/servlet/acontrolpreferencessavestate?None,DZAMUDIO,true HTTP/1.1" 200 35
192.168.10.96 - - [28/Mar/2017:10:57:41 -0300] "GET /cormun/servlet/trconsultaempleado? HTTP/1.1" 200 6554
192.168.10.96 - - [28/Mar/2017:10:57:41 -0300] "GET /cormun/servlet/trconsultaempleado? HTTP/1.1" 200 6536
186.79.27.240 - - [28/Mar/2017:10:57:42 -0300] "GET /cormun/servlet/solicitudot?f24ec5f2b138f93b3f1fc915f0afd7b0eca3c9ded0a8436c9b661e617e04dc9acf6066632f05c1d2501b01cbb1ea563704d3be334399ca4ea1a6939f4604c20836c2510b4974c8a86638f236adb92cdfb428d3b8ae905294e9285f8247eaf88267869a1489e7b227f5dacaf03994ea92,gx-no-cache=1490709529637 HTTP/1.1" 200 29
186.79.27.240 - - [28/Mar/2017:10:57:42 -0300] "POST /cormun/servlet/solicitudot?gx-no-cache=1490709529908 HTTP/1.1" 200 643
192.168.10.89 - - [28/Mar/2017:10:57:42 -0300] "GET /cormun/servlet/trrenunciasgenerales? HTTP/1.1" 200 9144
186.79.27.240 - - [28/Mar/2017:10:57:43 -0300] "POST /cormun/servlet/solicitudot?gx-no-cache=1490709531563 HTTP/1.1" 200 1157
192.168.10.62 - - [28/Mar/2017:10:57:45 -0300] "POST /cormun/servlet/hlogin?4cba5db2885080d577445daf047b99b5,gx-no-cache=1490712744324 HTTP/1.1" 200 90
192.168.10.62 - - [28/Mar/2017:10:57:45 -0300] "GET /cormun/servlet/hpexe_link HTTP/1.1" 200 964
192.168.10.62 - - [28/Mar/2017:10:57:46 -0300] "GET /cormun/servlet/trconsultaempleado HTTP/1.1" 200 8722
192.168.10.62 - - [28/Mar/2017:10:57:47 -0300] "GET /cormun/servlet/trconsultaempleado HTTP/1.1" 200 8720
192.168.10.96 - - [28/Mar/2017:10:57:49 -0300] "POST /cormun/servlet/trconsultaempleado?075044d6619b56bb19e87ec7614481f6,,gx-no-cache=1490712747993 HTTP/1.1" 200 4129
192.168.10.96 - - [28/Mar/2017:10:57:50 -0300] "GET /cormun/servlet/trsolicitudnombre?16879478, HTTP/1.1" 200 7239
192.168.10.96 - - [28/Mar/2017:10:57:51 -0300] "GET /cormun/servlet/trsolicitudnombre?16879478, HTTP/1.1" 200 7239
192.168.10.96 - - [28/Mar/2017:10:57:53 -0300] "GET /cormun/servlet/vesolicitudnombre?2017,5599,, HTTP/1.1" 200 8442
192.168.10.96 - - [28/Mar/2017:10:57:53 -0300] "GET /cormun/pexe_scrolldiv.js HTTP/1.1" 404 1009
192.168.10.96 - - [28/Mar/2017:10:57:53 -0300] "GET /cormun/pexe_scrolldiv.js HTTP/1.1" 404 1009
192.168.10.96 - - [28/Mar/2017:10:57:53 -0300] "GET /cormun/servlet/vesolicitudnombre?2017,5599,, HTTP/1.1" 200 8436
192.168.10.96 - - [28/Mar/2017:10:57:55 -0300] "GET /cormun/servlet/vesolicitudnombre?2017,5599,,SolicitudOTAdjuntos HTTP/1.1" 200 10593
192.168.10.96 - - [28/Mar/2017:10:57:55 -0300] "GET /cormun/pexe_scrolldiv.js HTTP/1.1" 404 1009
192.168.10.96 - - [28/Mar/2017:10:57:55 -0300] "GET /cormun/pexe_scrolldiv.js HTTP/1.1" 404 1009
192.168.10.96 - - [28/Mar/2017:10:57:56 -0300] "GET /cormun/servlet/vesolicitudnombre?2017,5599,,SolicitudOTAdjuntos HTTP/1.1" 200 10597
192.168.10.96 - - [28/Mar/2017:10:57:56 -0300] "POST /cormun/servlet/acontrolpreferencessavestate?None,DZAMUDIO,true HTTP/1.1" 200 35
192.168.10.96 - - [28/Mar/2017:10:58:01 -0300] "GET /cormun/PublicTempStorage/cedula_de_identidad1799188.pdf HTTP/1.1" 200 283755
192.168.10.89 - - [28/Mar/2017:10:58:01 -0300] "POST /cormun/servlet/trrenunciasgenerales?7031db5127bc564a47a5005297b39cfa,,gx-no-cache=1490712759949 HTTP/1.1" 200 6044
192.168.10.96 - - [28/Mar/2017:10:58:07 -0300] "GET /cormun/servlet/vesolicitudnombre?2017,5599,,SolicitudOTAdjuntos HTTP/1.1" 200 10590
192.168.10.96 - - [28/Mar/2017:10:58:08 -0300] "GET /cormun/servlet/vesolicitudnombre?2017,5599,,SolicitudOTAdjuntos HTTP/1.1" 200 10593
200.83.57.219 - - [28/Mar/2017:10:58:08 -0300] "GET /cormun/servlet/hlogin HTTP/1.1" 200 1732
192.168.10.96 - - [28/Mar/2017:10:58:08 -0300] "POST /cormun/servlet/acontrolpreferencessavestate?None,DZAMUDIO,true HTTP/1.1" 200 35
192.168.10.96 - - [28/Mar/2017:10:58:09 -0300] "GET /cormun/PublicTempStorage/cert._alumna_educ._parvularia8366040.pdf HTTP/1.1" 200 298090
192.168.10.96 - - [28/Mar/2017:10:58:13 -0300] "GET /cormun/servlet/vesolicitudnombre?2017,5599,,SolicitudOTAdjuntos HTTP/1.1" 200 10593
192.168.10.89 - - [28/Mar/2017:10:58:13 -0300] "POST /cormun/servlet/trrenunciasgenerales?7031db5127bc564a47a5005297b39cfa,,gx-no-cache=1490712772479 HTTP/1.1" 200 5591
192.168.10.96 - - [28/Mar/2017:10:58:14 -0300] "GET /cormun/servlet/vesolicitudnombre?2017,5599,,SolicitudOTAdjuntos HTTP/1.1" 200 10595
192.168.10.96 - - [28/Mar/2017:10:58:15 -0300] "POST /cormun/servlet/acontrolpreferencessavestate?None,DZAMUDIO,true HTTP/1.1" 200 35
192.168.10.96 - - [28/Mar/2017:10:58:15 -0300] "GET /cormun/PublicTempStorage/licencia_educ._media1660929.pdf HTTP/1.1" 200 332990
192.168.10.89 - - [28/Mar/2017:10:58:18 -0300] "POST /cormun/servlet/trrenunciasgenerales?7031db5127bc564a47a5005297b39cfa,,gx-no-cache=1490712776969 HTTP/1.1" 200 5589
192.168.10.96 - - [28/Mar/2017:10:58:19 -0300] "GET /cormun/servlet/vesolicitudnombre?2017,5599,,SolicitudOTAdjuntos HTTP/1.1" 200 10594
192.168.10.96 - - [28/Mar/2017:10:58:20 -0300] "GET /cormun/servlet/vesolicitudnombre?2017,5599,,SolicitudOTAdjuntos HTTP/1.1" 200 10594
192.168.10.96 - - [28/Mar/2017:10:58:21 -0300] "POST /cormun/servlet/acontrolpreferencessavestate?None,DZAMUDIO,true HTTP/1.1" 200 35
192.168.10.62 - - [28/Mar/2017:10:58:21 -0300] "POST /cormun/servlet/trconsultaempleado?4cba5db2885080d577445daf047b99b5,gx-no-cache=1490712780008 HTTP/1.1" 200 3491
192.168.10.96 - - [28/Mar/2017:10:58:21 -0300] "GET /cormun/PublicTempStorage/cert_afp8869747.pdf HTTP/1.1" 200 249869
200.83.57.219 - - [28/Mar/2017:10:58:25 -0300] "POST /cormun/servlet/hlogin?23746404f13ad8c14e14bc061800f185,gx-no-cache=1490709572159 HTTP/1.1" 200 90
200.83.57.219 - - [28/Mar/2017:10:58:25 -0300] "GET /cormun/servlet/hpexe_link HTTP/1.1" 200 969
192.168.10.96 - - [28/Mar/2017:10:58:25 -0300] "GET /cormun/servlet/vesolicitudnombre?2017,5599,,SolicitudOTAdjuntos HTTP/1.1" 200 10597
200.83.57.219 - - [28/Mar/2017:10:58:26 -0300] "GET /cormun/servlet/trcontratoobservaciondir HTTP/1.1" 200 8688
200.83.57.219 - - [28/Mar/2017:10:58:26 -0300] "GET /cormun/servlet/trcontratoobservaciondir HTTP/1.1" 200 8687
192.168.10.96 - - [28/Mar/2017:10:58:26 -0300] "GET /cormun/servlet/vesolicitudnombre?2017,5599,,SolicitudOTAdjuntos HTTP/1.1" 200 10597
192.168.10.96 - - [28/Mar/2017:10:58:27 -0300] "POST /cormun/servlet/acontrolpreferencessavestate?None,DZAMUDIO,true HTTP/1.1" 200 35
200.83.57.219 - - [28/Mar/2017:10:58:29 -0300] "GET /cormun/servlet/trcontratounov2? HTTP/1.1" 200 8175
192.168.10.96 - - [28/Mar/2017:10:58:29 -0300] "GET /cormun/PublicTempStorage/cert._fonasa1749748.pdf HTTP/1.1" 200 274703
200.83.57.219 - - [28/Mar/2017:10:58:29 -0300] "GET /cormun/servlet/trcontratounov2? HTTP/1.1" 200 8175
192.168.10.96 - - [28/Mar/2017:10:58:34 -0300] "GET /cormun/servlet/vesolicitudnombre?2017,5599,,SolicitudOTAdjuntos HTTP/1.1" 200 10595
192.168.10.96 - - [28/Mar/2017:10:58:35 -0300] "GET /cormun/servlet/vesolicitudnombre?2017,5599,,SolicitudOTAdjuntos HTTP/1.1" 200 10596
192.168.10.96 - - [28/Mar/2017:10:58:36 -0300] "POST /cormun/servlet/acontrolpreferencessavestate?None,DZAMUDIO,true HTTP/1.1" 200 35
192.168.10.96 - - [28/Mar/2017:10:58:36 -0300] "GET /cormun/PublicTempStorage/cert._antecedentes8060749.pdf HTTP/1.1" 200 411612
192.168.10.13 - - [28/Mar/2017:10:58:38 -0300] "GET / HTTP/1.1" 200 11217
192.168.10.96 - - [28/Mar/2017:10:58:42 -0300] "GET /cormun/servlet/vesolicitudnombre?2017,5599,,SolicitudOTAdjuntos HTTP/1.1" 200 10592
192.168.10.96 - - [28/Mar/2017:10:58:43 -0300] "GET /cormun/servlet/vesolicitudnombre?2017,5599,,SolicitudOTAdjuntos HTTP/1.1" 200 10595
192.168.10.96 - - [28/Mar/2017:10:58:43 -0300] "POST /cormun/servlet/acontrolpreferencessavestate?None,DZAMUDIO,true HTTP/1.1" 200 35
200.83.57.219 - - [28/Mar/2017:10:58:44 -0300] "POST /cormun/servlet/trcontratounov2?23746404f13ad8c14e14bc061800f185,,gx-no-cache=1490709590336 HTTP/1.1" 200 4041
200.83.57.219 - - [28/Mar/2017:10:58:48 -0300] "POST /cormun/servlet/trcontratounov2?23746404f13ad8c14e14bc061800f185,,gx-no-cache=1490709594650 HTTP/1.1" 200 3793
192.168.10.96 - - [28/Mar/2017:10:58:52 -0300] "GET /cormun/PublicTempStorage/curriculum7168636.pdf HTTP/1.1" 200 332664
192.168.10.96 - - [28/Mar/2017:10:58:56 -0300] "GET /cormun/servlet/vesolicitudnombre?2017,5599,,SolicitudOTAdjuntos HTTP/1.1" 200 10596
192.168.10.96 - - [28/Mar/2017:10:58:57 -0300] "GET /cormun/servlet/vesolicitudnombre?2017,5599,,SolicitudOTAdjuntos HTTP/1.1" 200 10594
192.168.10.96 - - [28/Mar/2017:10:58:58 -0300] "POST /cormun/servlet/acontrolpreferencessavestate?None,DZAMUDIO,true HTTP/1.1" 200 35
192.168.10.96 - - [28/Mar/2017:10:58:58 -0300] "GET /cormun/PublicTempStorage/cert_titulo5739951.pdf HTTP/1.1" 200 430931
192.168.10.62 - - [28/Mar/2017:10:59:18 -0300] "POST /cormun/servlet/trconsultaempleado?4cba5db2885080d577445daf047b99b5,gx-no-cache=1490712836716 HTTP/1.1" 200 3492
192.168.10.13 - - [28/Mar/2017:10:59:38 -0300] "GET / HTTP/1.1" 200 11217
192.168.10.62 - - [28/Mar/2017:10:59:41 -0300] "POST /cormun/servlet/trconsultaempleado?4cba5db2885080d577445daf047b99b5,gx-no-cache=1490712860420 HTTP/1.1" 200 3492
192.168.10.62 - - [28/Mar/2017:10:59:46 -0300] "POST /cormun/servlet/trconsultaempleado?4cba5db2885080d577445daf047b99b5,gx-no-cache=1490712864671 HTTP/1.1" 200 3497
186.79.27.240 - - [28/Mar/2017:10:59:46 -0300] "POST /cormun/servlet/solicitudot?eadaa7ea1ab2cc71d6570c797fbd9b8b,INS,0,0,,gx-no-cache=1490709652836 HTTP/1.1" 200 93
186.79.27.240 - - [28/Mar/2017:10:59:46 -0300] "GET /cormun/servlet/hpexe_return? HTTP/1.1" 200 1000
186.79.27.240 - - [28/Mar/2017:10:59:47 -0300] "GET /cormun/static/Resources/Spanish/PXTools.css?167811 HTTP/1.1" 304 -
186.79.27.240 - - [28/Mar/2017:10:59:47 -0300] "GET /cormun/static/gxcfg.js?2016101716175148 HTTP/1.1" 304 -
186.79.27.240 - - [28/Mar/2017:10:59:47 -0300] "GET /cormun/static/hpexe_return.js?2016101716175153 HTTP/1.1" 304 -
186.79.27.240 - - [28/Mar/2017:10:59:48 -0300] "GET /cormun/servlet/trsolicitudot HTTP/1.1" 200 8424
200.83.57.219 - - [28/Mar/2017:11:00:06 -0300] "POST /cormun/servlet/trcontratounov2?23746404f13ad8c14e14bc061800f185,,gx-no-cache=1490709672687 HTTP/1.1" 200 3800
200.111.191.210 - - [28/Mar/2017:11:00:09 -0300] "GET /cormun/servlet/trautorizarsolicitud? HTTP/1.1" 200 6623
192.168.10.62 - - [28/Mar/2017:11:00:09 -0300] "POST /cormun/servlet/trconsultaempleado?4cba5db2885080d577445daf047b99b5,gx-no-cache=1490712887886 HTTP/1.1" 200 3499
200.111.191.210 - - [28/Mar/2017:11:00:09 -0300] "GET /cormun/servlet/trautorizarsolicitud? HTTP/1.1" 200 6623
200.111.191.210 - - [28/Mar/2017:11:00:11 -0300] "POST /cormun/servlet/acontrolpreferencessavestate?None,CA-7,true HTTP/1.1" 200 35
200.111.191.210 - - [28/Mar/2017:11:00:12 -0300] "GET /cormun/static/menuarrow.gif HTTP/1.1" 404 1015
200.111.191.210 - - [28/Mar/2017:11:00:19 -0300] "POST /cormun/servlet/trautorizarsolicitud?3527729c138949bd1930f0dd8cc7f7ed,,gx-no-cache=1490713193520 HTTP/1.1" 200 3921
192.168.10.62 - - [28/Mar/2017:11:00:20 -0300] "POST /cormun/servlet/trconsultaempleado?4cba5db2885080d577445daf047b99b5,gx-no-cache=1490712898869 HTTP/1.1" 200 3497
192.168.10.62 - - [28/Mar/2017:11:00:24 -0300] "GET /cormun/servlet/trsolicitudgral? HTTP/1.1" 200 24529
200.111.191.210 - - [28/Mar/2017:11:00:25 -0300] "POST /cormun/servlet/trautorizarsolicitud?3527729c138949bd1930f0dd8cc7f7ed,,gx-no-cache=1490713199453 HTTP/1.1" 200 6679
192.168.10.62 - - [28/Mar/2017:11:00:25 -0300] "GET /cormun/servlet/trsolicitudgral? HTTP/1.1" 200 24528
192.168.10.13 - - [28/Mar/2017:11:00:38 -0300] "GET / HTTP/1.1" 200 11217
200.111.191.210 - - [28/Mar/2017:11:00:44 -0300] "POST /cormun/servlet/trautorizarsolicitud?3527729c138949bd1930f0dd8cc7f7ed,,gx-no-cache=1490713218411 HTTP/1.1" 200 3922
200.111.191.210 - - [28/Mar/2017:11:00:48 -0300] "POST /cormun/servlet/trautorizarsolicitud?3527729c138949bd1930f0dd8cc7f7ed,,gx-no-cache=1490713222139 HTTP/1.1" 200 3923
200.111.191.210 - - [28/Mar/2017:11:00:53 -0300] "POST /cormun/servlet/trautorizarsolicitud?3527729c138949bd1930f0dd8cc7f7ed,,gx-no-cache=1490713226986 HTTP/1.1" 200 20450
200.111.191.210 - - [28/Mar/2017:11:00:54 -0300] "GET /cormun/static/Resources/PXToolsGridNext.gif HTTP/1.1" 200 369
200.111.191.210 - - [28/Mar/2017:11:00:54 -0300] "GET /cormun/static/Resources/PXToolsGridLast.gif HTTP/1.1" 200 370
192.168.10.89 - - [28/Mar/2017:11:01:06 -0300] "GET /cormun/servlet/tratrazoscormun? HTTP/1.1" 200 9360
200.111.191.210 - - [28/Mar/2017:11:01:18 -0300] "GET /cormun/servlet/trpermisosgoce? HTTP/1.1" 200 8057
200.111.191.210 - - [28/Mar/2017:11:01:19 -0300] "GET /cormun/servlet/trpermisosgoce? HTTP/1.1" 200 8051
192.168.10.13 - - [28/Mar/2017:11:01:38 -0300] "GET / HTTP/1.1" 200 11217
186.79.132.190 - - [28/Mar/2017:11:01:45 -0300] "POST /cormun/servlet/trcontratounov2?424c7dbc49322b945385545221b6b9b3,,gx-no-cache=1490709772004 HTTP/1.1" 440 972
200.111.191.210 - - [28/Mar/2017:11:02:00 -0300] "GET /cormun/servlet/permisogoce?INS,0,,, HTTP/1.1" 200 6499
200.111.191.210 - - [28/Mar/2017:11:02:00 -0300] "GET /cormun/servlet/permisogoce?INS,0,,, HTTP/1.1" 200 6498
200.111.191.210 - - [28/Mar/2017:11:02:06 -0300] "GET /cormun/servlet/permisogoce?4cc687add6426862ad4dea207af2c7eb01f0bc6bfb0e332a5ea87a306f76a2cae32819811038f82c76ca07ebed4e1dfb,gx-no-cache=1490713300465 HTTP/1.1" 200 69
192.168.10.89 - - [28/Mar/2017:11:02:09 -0300] "GET /cormun/servlet/trpermisosingoceadjunto?26,15125097, HTTP/1.1" 200 6493
200.111.191.210 - - [28/Mar/2017:11:02:14 -0300] "GET /cormun/servlet/permisogoce?4cc687add6426862ad4dea207af2c7eb5cc3b747c2fdd5e85a6ad36a97baa20bd7613cd0a2c659d0eace8465d1b822060266ac758145ee3900d11c28874100b8,gx-no-cache=1490713308624 HTTP/1.1" 200 47
207.46.13.106 - - [28/Mar/2017:11:02:16 -0300] "GET /robots.txt HTTP/1.1" 404 981
192.168.10.89 - - [28/Mar/2017:11:02:18 -0300] "GET /cormun/servlet/tratrazoscormun? HTTP/1.1" 200 9360
207.46.13.157 - - [28/Mar/2017:11:02:21 -0300] "GET /cormun/servlet/hpexe_link HTTP/1.1" 200 990
186.79.132.190 - - [28/Mar/2017:11:02:34 -0300] "POST /cormun/servlet/trcontratounov2?424c7dbc49322b945385545221b6b9b3,,gx-no-cache=1490709820323 HTTP/1.1" 440 972
192.168.10.13 - - [28/Mar/2017:11:02:38 -0300] "GET / HTTP/1.1" 200 11217
200.111.191.210 - - [28/Mar/2017:11:02:39 -0300] "POST /cormun/servlet/permisogoce?3527729c138949bd1930f0dd8cc7f7ed,INS,0,,,,gx-no-cache=1490713332888 HTTP/1.1" 200 93
200.111.191.210 - - [28/Mar/2017:11:02:39 -0300] "GET /cormun/servlet/hpexe_return? HTTP/1.1" 200 1008
200.111.191.210 - - [28/Mar/2017:11:02:39 -0300] "GET /cormun/servlet/trpermisosgoce HTTP/1.1" 200 8288
200.111.191.210 - - [28/Mar/2017:11:02:39 -0300] "GET /cormun/servlet/trpermisosgoce HTTP/1.1" 200 8284
200.83.57.219 - - [28/Mar/2017:11:02:41 -0300] "POST /cormun/servlet/trcontratounov2?23746404f13ad8c14e14bc061800f185,,gx-no-cache=1490709827901 HTTP/1.1" 200 5054
186.79.132.190 - - [28/Mar/2017:11:02:42 -0300] "GET /cormun/servlet/trcontratounov2? HTTP/1.1" 200 15565
186.79.132.190 - - [28/Mar/2017:11:02:44 -0300] "GET /cormun/servlet/hlogin HTTP/1.1" 200 1736
186.79.132.190 - - [28/Mar/2017:11:02:44 -0300] "GET /cormun/servlet/trcontratounov2? HTTP/1.1" 200 15567
