186.103.159.182 - - [28/Mar/2017:16:53:31 -0300] "GET /cormun/servlet/permisogoce?6d6f4998211f04b2bdd9c5c348f6b511d92cf3eb653f4d1fa2e7241aee52f886e6de44f118ffc6189b2fcd9a578e261c,gx-no-cache=1490730878478 HTTP/1.1" 200 71
186.103.159.182 - - [28/Mar/2017:16:53:31 -0300] "GET /cormun/static/menuarrow.gif HTTP/1.1" 404 1015
192.168.10.13 - - [28/Mar/2017:16:53:38 -0300] "GET / HTTP/1.1" 200 11217
186.103.159.183 - - [28/Mar/2017:16:53:42 -0300] "POST /cormun/servlet/trautorizarsolicitud?64ff9bbaa5d7fad104a8ff823a76f924,,gx-no-cache=1490730891576 HTTP/1.1" 200 4324
186.103.159.183 - - [28/Mar/2017:16:53:42 -0300] "GET /cormun/static/Shared/jqueryui/images/ui-bg_highlight-soft_100_c6c2c8_1x100.png HTTP/1.1" 404 1117
186.103.159.183 - - [28/Mar/2017:16:53:42 -0300] "GET /cormun/static/Shared/jqueryui/images/ui-icons_82798d_256x240.png HTTP/1.1" 404 1089
186.103.159.183 - - [28/Mar/2017:16:53:42 -0300] "GET /cormun/static/Shared/jqueryui/images/ui-icons_8d78a5_256x240.png HTTP/1.1" 404 1089
186.103.159.183 - - [28/Mar/2017:16:53:42 -0300] "GET /cormun/static/Shared/jqueryui/images/ui-bg_flat_55_fafafa_40x100.png HTTP/1.1" 404 1097
186.103.159.183 - - [28/Mar/2017:16:53:42 -0300] "POST /cormun/servlet/trautorizarsolicitud?64ff9bbaa5d7fad104a8ff823a76f924,,gx-no-cache=1490730892374 HTTP/1.1" 200 4101
186.103.159.187 - - [28/Mar/2017:16:53:49 -0300] "GET /cormun/servlet/prfichaempleado?,MD,,gxPopupLevel%3D0%3B HTTP/1.1" 200 8790
186.79.27.240 - - [28/Mar/2017:16:54:06 -0300] "POST /cormun/servlet/trvisualizadoreventos?7c7c1062607b538d3e9cd1796f60c557,,gx-no-cache=1490730911634 HTTP/1.1" 200 111
186.79.27.240 - - [28/Mar/2017:16:54:06 -0300] "GET /cormun/VisualizadorEventos-7028.xls HTTP/1.1" 200 4608
186.103.159.187 - - [28/Mar/2017:16:54:14 -0300] "POST /cormun/servlet/prfichaempleado?490bfb06638b2f8816ed2bb4ce11c49c,,MD,,gxPopupLevel%3D0%3B,gx-no-cache=1490734518135 HTTP/1.1" 200 3407
186.103.159.187 - - [28/Mar/2017:16:54:32 -0300] "POST /cormun/servlet/solicitudot?gx-no-cache=1490734536758 HTTP/1.1" 200 1291
186.103.159.187 - - [28/Mar/2017:16:54:32 -0300] "GET /cormun/static/menuarrow.gif HTTP/1.1" 404 1015
192.168.10.13 - - [28/Mar/2017:16:54:38 -0300] "GET / HTTP/1.1" 200 11217
186.103.159.187 - - [28/Mar/2017:16:54:39 -0300] "POST /cormun/servlet/solicitudot?gx-no-cache=1490734543878 HTTP/1.1" 200 118
186.103.159.187 - - [28/Mar/2017:16:54:39 -0300] "GET /cormun/static/Shared/jqueryui/images/ui-icons_ebccce_256x240.png HTTP/1.1" 404 1089
186.103.159.187 - - [28/Mar/2017:16:54:39 -0300] "GET /cormun/static/Shared/jqueryui/images/ui-bg_flat_55_994d53_40x100.png HTTP/1.1" 404 1097
186.103.159.187 - - [28/Mar/2017:16:54:39 -0300] "GET /cormun/static/Shared/jqueryui/images/ui-icons_82798d_256x240.png HTTP/1.1" 404 1089
186.103.159.187 - - [28/Mar/2017:16:54:39 -0300] "GET /cormun/static/Shared/jqueryui/images/ui-bg_highlight-soft_100_c6c2c8_1x100.png HTTP/1.1" 404 1117
186.103.159.182 - - [28/Mar/2017:16:54:41 -0300] "GET /cormun/servlet/permisogoce?6d6f4998211f04b2bdd9c5c348f6b511936e8cab1bef5a88cef70151b983b3bfe4ae07714c3b3f7d774150c59cb856c5d0acc51fb623ef54aa1f2c732f188841,gx-no-cache=1490730947939 HTTP/1.1" 200 47
186.103.159.182 - - [28/Mar/2017:16:54:49 -0300] "POST /cormun/servlet/permisogoce?1439ecd93f21845a1af6b6d6b708c263,INS,0,,,,gx-no-cache=1490730955663 HTTP/1.1" 200 93
186.103.159.182 - - [28/Mar/2017:16:54:49 -0300] "GET /cormun/servlet/hpexe_return? HTTP/1.1" 200 1011
186.103.159.182 - - [28/Mar/2017:16:54:49 -0300] "GET /cormun/servlet/trpermisosgoce HTTP/1.1" 200 8517
186.103.159.182 - - [28/Mar/2017:16:54:51 -0300] "GET /cormun/servlet/trpermisosgoce HTTP/1.1" 200 8512
186.103.159.182 - - [28/Mar/2017:16:55:05 -0300] "GET /cormun/servlet/apermisogoceprn?12911556,P,20170328174927,PU HTTP/1.1" 200 1655
186.103.159.187 - - [28/Mar/2017:16:55:09 -0300] "GET /cormun/servlet/prfichaempleado?,MD,,gxPopupLevel%3D0%3B HTTP/1.1" 200 8790
186.103.159.187 - - [28/Mar/2017:16:55:26 -0300] "POST /cormun/servlet/prfichaempleado?490bfb06638b2f8816ed2bb4ce11c49c,,MD,,gxPopupLevel%3D0%3B,gx-no-cache=1490734591105 HTTP/1.1" 200 3173
192.168.10.62 - - [28/Mar/2017:16:55:31 -0300] "GET /cormun/servlet/trconsultaempleado? HTTP/1.1" 200 8837
186.103.159.187 - - [28/Mar/2017:16:55:32 -0300] "POST /cormun/servlet/prfichaempleado?490bfb06638b2f8816ed2bb4ce11c49c,,MD,,gxPopupLevel%3D0%3B,gx-no-cache=1490734597653 HTTP/1.1" 200 3173
192.168.10.62 - - [28/Mar/2017:16:55:33 -0300] "GET /cormun/servlet/trconsultaempleado? HTTP/1.1" 200 8836
186.103.159.187 - - [28/Mar/2017:16:55:34 -0300] "POST /cormun/servlet/prfichaempleado?490bfb06638b2f8816ed2bb4ce11c49c,,MD,,gxPopupLevel%3D0%3B,gx-no-cache=1490734598956 HTTP/1.1" 200 3173
192.168.10.13 - - [28/Mar/2017:16:55:38 -0300] "GET / HTTP/1.1" 200 11217
192.168.10.62 - - [28/Mar/2017:16:55:40 -0300] "POST /cormun/servlet/trconsultaempleado?69ff0031cbc5a88159407d6539e4aa9c,,gx-no-cache=1490734219144 HTTP/1.1" 200 3980
192.168.10.62 - - [28/Mar/2017:16:55:42 -0300] "GET /cormun/servlet/trsolicitudnombre?17521337, HTTP/1.1" 200 7652
186.103.159.187 - - [28/Mar/2017:16:55:42 -0300] "POST /cormun/servlet/prfichaempleado?490bfb06638b2f8816ed2bb4ce11c49c,,MD,,gxPopupLevel%3D0%3B,gx-no-cache=1490734607244 HTTP/1.1" 200 3173
192.168.10.62 - - [28/Mar/2017:16:55:42 -0300] "GET /cormun/servlet/trsolicitudnombre?17521337, HTTP/1.1" 200 7655
192.168.10.62 - - [28/Mar/2017:16:55:46 -0300] "GET /cormun/servlet/vesolicitudnombre?2017,4435,, HTTP/1.1" 200 8056
192.168.10.62 - - [28/Mar/2017:16:55:46 -0300] "GET /cormun/pexe_scrolldiv.js HTTP/1.1" 404 1009
192.168.10.62 - - [28/Mar/2017:16:55:46 -0300] "GET /cormun/pexe_scrolldiv.js HTTP/1.1" 404 1009
192.168.10.62 - - [28/Mar/2017:16:55:46 -0300] "GET /cormun/servlet/vesolicitudnombre?2017,4435,, HTTP/1.1" 200 8050
186.103.159.187 - - [28/Mar/2017:16:55:49 -0300] "POST /cormun/servlet/prfichaempleado?490bfb06638b2f8816ed2bb4ce11c49c,,MD,,gxPopupLevel%3D0%3B,gx-no-cache=1490734613779 HTTP/1.1" 200 3175
192.168.10.62 - - [28/Mar/2017:16:55:49 -0300] "POST /cormun/servlet/vesolicitudnombre?69ff0031cbc5a88159407d6539e4aa9c,2017,4435,,,gx-no-cache=1490734228433 HTTP/1.1" 200 90
192.168.10.62 - - [28/Mar/2017:16:55:50 -0300] "GET /cormun/servlet/hpexe_link HTTP/1.1" 200 982
192.168.10.62 - - [28/Mar/2017:16:55:50 -0300] "GET /cormun/servlet/trsolicitudnombre?17521337, HTTP/1.1" 200 7651
192.168.10.62 - - [28/Mar/2017:16:55:50 -0300] "GET /cormun/servlet/trsolicitudnombre?17521337, HTTP/1.1" 200 7654
192.168.10.62 - - [28/Mar/2017:16:55:52 -0300] "GET /cormun/servlet/vesolicitudnombre?2017,5661,, HTTP/1.1" 200 8039
192.168.10.62 - - [28/Mar/2017:16:55:52 -0300] "GET /cormun/pexe_scrolldiv.js HTTP/1.1" 404 1009
192.168.10.62 - - [28/Mar/2017:16:55:52 -0300] "GET /cormun/pexe_scrolldiv.js HTTP/1.1" 404 1009
192.168.10.62 - - [28/Mar/2017:16:55:52 -0300] "GET /cormun/servlet/vesolicitudnombre?2017,5661,, HTTP/1.1" 200 8032
192.168.10.62 - - [28/Mar/2017:16:55:54 -0300] "GET /cormun/servlet/vesolicitudnombre?2017,5661,,SolicitudOTLog HTTP/1.1" 200 8882
192.168.10.62 - - [28/Mar/2017:16:55:54 -0300] "GET /cormun/pexe_scrolldiv.js HTTP/1.1" 404 1009
192.168.10.62 - - [28/Mar/2017:16:55:54 -0300] "GET /cormun/pexe_scrolldiv.js HTTP/1.1" 404 1009
192.168.10.62 - - [28/Mar/2017:16:55:54 -0300] "GET /cormun/static/tbsolicitudnombre03.js?20173171132461 HTTP/1.1" 304 -
192.168.10.62 - - [28/Mar/2017:16:55:54 -0300] "GET /cormun/servlet/vesolicitudnombre?2017,5661,,SolicitudOTLog HTTP/1.1" 200 8883
192.168.10.62 - - [28/Mar/2017:16:55:55 -0300] "POST /cormun/servlet/acontrolpreferencessavestate?None,FGONZALEZG,true HTTP/1.1" 200 35
192.168.10.62 - - [28/Mar/2017:16:55:57 -0300] "POST /cormun/servlet/vesolicitudnombre?69ff0031cbc5a88159407d6539e4aa9c,2017,5661,,SolicitudOTLog,gx-no-cache=1490734235942 HTTP/1.1" 200 90
192.168.10.62 - - [28/Mar/2017:16:55:57 -0300] "GET /cormun/servlet/hpexe_link HTTP/1.1" 200 989
192.168.10.62 - - [28/Mar/2017:16:55:57 -0300] "GET /cormun/servlet/trsolicitudnombre?17521337, HTTP/1.1" 200 7652
192.168.10.62 - - [28/Mar/2017:16:55:58 -0300] "GET /cormun/servlet/trsolicitudnombre?17521337, HTTP/1.1" 200 7655
186.103.159.187 - - [28/Mar/2017:16:55:58 -0300] "POST /cormun/servlet/acontrolpreferencessavestate?None,CF-31,true HTTP/1.1" 200 35
186.103.159.187 - - [28/Mar/2017:16:56:00 -0300] "POST /cormun/servlet/acontrolpreferencessavestate?None,CF-31,true HTTP/1.1" 200 35
192.168.10.62 - - [28/Mar/2017:16:56:00 -0300] "GET /cormun/servlet/vesolicitudnombre?2017,4435,, HTTP/1.1" 200 8056
192.168.10.62 - - [28/Mar/2017:16:56:00 -0300] "GET /cormun/pexe_scrolldiv.js HTTP/1.1" 404 1009
192.168.10.62 - - [28/Mar/2017:16:56:00 -0300] "GET /cormun/pexe_scrolldiv.js HTTP/1.1" 404 1009
192.168.10.62 - - [28/Mar/2017:16:56:00 -0300] "GET /cormun/servlet/vesolicitudnombre?2017,4435,, HTTP/1.1" 200 8050
186.103.159.187 - - [28/Mar/2017:16:56:01 -0300] "POST /cormun/servlet/prfichaempleado?490bfb06638b2f8816ed2bb4ce11c49c,,MD,,gxPopupLevel%3D0%3B,gx-no-cache=1490734625957 HTTP/1.1" 200 3173
186.103.159.187 - - [28/Mar/2017:16:56:02 -0300] "POST /cormun/servlet/prfichaempleado?490bfb06638b2f8816ed2bb4ce11c49c,,MD,,gxPopupLevel%3D0%3B,gx-no-cache=1490734627095 HTTP/1.1" 200 3173
192.168.10.62 - - [28/Mar/2017:16:56:02 -0300] "GET /cormun/servlet/vesolicitudnombre?2017,4435,,SolicitudOTLog HTTP/1.1" 200 8691
192.168.10.62 - - [28/Mar/2017:16:56:02 -0300] "GET /cormun/pexe_scrolldiv.js HTTP/1.1" 404 1009
192.168.10.62 - - [28/Mar/2017:16:56:03 -0300] "GET /cormun/pexe_scrolldiv.js HTTP/1.1" 404 1009
192.168.10.62 - - [28/Mar/2017:16:56:03 -0300] "GET /cormun/servlet/vesolicitudnombre?2017,4435,,SolicitudOTLog HTTP/1.1" 200 8691
192.168.10.62 - - [28/Mar/2017:16:56:04 -0300] "POST /cormun/servlet/acontrolpreferencessavestate?None,FGONZALEZG,true HTTP/1.1" 200 35
186.103.159.187 - - [28/Mar/2017:16:56:06 -0300] "POST /cormun/servlet/prfichaempleado?490bfb06638b2f8816ed2bb4ce11c49c,,MD,,gxPopupLevel%3D0%3B,gx-no-cache=1490734630724 HTTP/1.1" 200 3165
192.168.10.62 - - [28/Mar/2017:16:56:09 -0300] "POST /cormun/servlet/vesolicitudnombre?69ff0031cbc5a88159407d6539e4aa9c,2017,4435,,SolicitudOTLog,gx-no-cache=1490734247858 HTTP/1.1" 200 90
192.168.10.62 - - [28/Mar/2017:16:56:09 -0300] "GET /cormun/servlet/hpexe_link HTTP/1.1" 200 989
192.168.10.62 - - [28/Mar/2017:16:56:09 -0300] "GET /cormun/servlet/trsolicitudnombre?17521337, HTTP/1.1" 200 7655
192.168.10.62 - - [28/Mar/2017:16:56:10 -0300] "GET /cormun/servlet/trsolicitudnombre?17521337, HTTP/1.1" 200 7657
192.168.10.62 - - [28/Mar/2017:16:56:15 -0300] "GET /cormun/servlet/trconsultaempleado? HTTP/1.1" 200 6188
192.168.10.62 - - [28/Mar/2017:16:56:16 -0300] "GET /cormun/servlet/trconsultaempleado? HTTP/1.1" 200 6187
186.103.159.187 - - [28/Mar/2017:16:56:16 -0300] "GET /cormun/servlet/trcontratoobservacion? HTTP/1.1" 200 5893
186.103.159.187 - - [28/Mar/2017:16:56:16 -0300] "GET /cormun/static/gxcfg.js?20161221855213 HTTP/1.1" 200 953
186.103.159.187 - - [28/Mar/2017:16:56:17 -0300] "GET /cormun/static/trcontratoobservacion.js?20161221855487 HTTP/1.1" 200 25085
186.103.159.187 - - [28/Mar/2017:16:56:21 -0300] "POST /cormun/servlet/trcontratoobservacion?490bfb06638b2f8816ed2bb4ce11c49c,,gx-no-cache=1490734646730 HTTP/1.1" 200 3584
192.168.10.62 - - [28/Mar/2017:16:56:23 -0300] "POST /cormun/servlet/trconsultaempleado?69ff0031cbc5a88159407d6539e4aa9c,,gx-no-cache=1490734261502 HTTP/1.1" 200 3983
192.168.10.62 - - [28/Mar/2017:16:56:24 -0300] "GET /cormun/servlet/trsolicitudnombre?17471409, HTTP/1.1" 200 7647
192.168.10.62 - - [28/Mar/2017:16:56:24 -0300] "GET /cormun/servlet/trsolicitudnombre?17471409, HTTP/1.1" 200 7650
192.168.10.62 - - [28/Mar/2017:16:56:27 -0300] "GET /cormun/servlet/vesolicitudnombre?2017,4383,, HTTP/1.1" 200 8073
192.168.10.62 - - [28/Mar/2017:16:56:27 -0300] "GET /cormun/pexe_scrolldiv.js HTTP/1.1" 404 1009
192.168.10.62 - - [28/Mar/2017:16:56:27 -0300] "GET /cormun/pexe_scrolldiv.js HTTP/1.1" 404 1009
192.168.10.62 - - [28/Mar/2017:16:56:28 -0300] "GET /cormun/servlet/vesolicitudnombre?2017,4383,, HTTP/1.1" 200 8066
186.103.159.187 - - [28/Mar/2017:16:56:31 -0300] "GET /cormun/servlet/trlicencias? HTTP/1.1" 200 6573
186.103.159.187 - - [28/Mar/2017:16:56:31 -0300] "GET /cormun/static/gxcfg.js?2016122619301429 HTTP/1.1" 200 953
192.168.10.62 - - [28/Mar/2017:16:56:31 -0300] "GET /cormun/servlet/vesolicitudnombre?2017,4383,,SolicitudOTLog HTTP/1.1" 200 8690
192.168.10.62 - - [28/Mar/2017:16:56:31 -0300] "GET /cormun/pexe_scrolldiv.js HTTP/1.1" 404 1009
192.168.10.62 - - [28/Mar/2017:16:56:31 -0300] "GET /cormun/pexe_scrolldiv.js HTTP/1.1" 404 1009
186.103.159.187 - - [28/Mar/2017:16:56:31 -0300] "GET /cormun/static/trlicencias.js?2016122619301919 HTTP/1.1" 200 37913
192.168.10.62 - - [28/Mar/2017:16:56:32 -0300] "GET /cormun/servlet/vesolicitudnombre?2017,4383,,SolicitudOTLog HTTP/1.1" 200 8691
192.168.10.62 - - [28/Mar/2017:16:56:32 -0300] "POST /cormun/servlet/acontrolpreferencessavestate?None,FGONZALEZG,true HTTP/1.1" 200 35
192.168.10.62 - - [28/Mar/2017:16:56:34 -0300] "POST /cormun/servlet/vesolicitudnombre?69ff0031cbc5a88159407d6539e4aa9c,2017,4383,,SolicitudOTLog,gx-no-cache=1490734273452 HTTP/1.1" 200 90
192.168.10.62 - - [28/Mar/2017:16:56:34 -0300] "GET /cormun/servlet/hpexe_link HTTP/1.1" 200 989
192.168.10.62 - - [28/Mar/2017:16:56:35 -0300] "GET /cormun/servlet/trsolicitudnombre?17471409, HTTP/1.1" 200 7649
192.168.10.62 - - [28/Mar/2017:16:56:35 -0300] "GET /cormun/servlet/trsolicitudnombre?17471409, HTTP/1.1" 200 7651
186.103.159.187 - - [28/Mar/2017:16:56:36 -0300] "GET /cormun/static/menuarrow.gif HTTP/1.1" 404 1015
192.168.10.62 - - [28/Mar/2017:16:56:37 -0300] "GET /cormun/servlet/vesolicitudnombre?2017,5662,, HTTP/1.1" 200 8053
192.168.10.62 - - [28/Mar/2017:16:56:37 -0300] "GET /cormun/pexe_scrolldiv.js HTTP/1.1" 404 1009
192.168.10.62 - - [28/Mar/2017:16:56:37 -0300] "GET /cormun/pexe_scrolldiv.js HTTP/1.1" 404 1009
192.168.10.62 - - [28/Mar/2017:16:56:37 -0300] "GET /cormun/servlet/vesolicitudnombre?2017,5662,, HTTP/1.1" 200 8047
186.103.159.183 - - [28/Mar/2017:16:56:37 -0300] "GET /cormun/servlet/hlogin HTTP/1.1" 200 1743
192.168.10.13 - - [28/Mar/2017:16:56:38 -0300] "GET / HTTP/1.1" 200 11217
192.168.10.62 - - [28/Mar/2017:16:56:39 -0300] "GET /cormun/servlet/vesolicitudnombre?2017,5662,,SolicitudOTLog HTTP/1.1" 200 8883
192.168.10.62 - - [28/Mar/2017:16:56:39 -0300] "GET /cormun/pexe_scrolldiv.js HTTP/1.1" 404 1009
192.168.10.62 - - [28/Mar/2017:16:56:39 -0300] "GET /cormun/pexe_scrolldiv.js HTTP/1.1" 404 1009
192.168.10.62 - - [28/Mar/2017:16:56:40 -0300] "GET /cormun/servlet/vesolicitudnombre?2017,5662,,SolicitudOTLog HTTP/1.1" 200 8883
192.168.10.62 - - [28/Mar/2017:16:56:41 -0300] "POST /cormun/servlet/acontrolpreferencessavestate?None,FGONZALEZG,true HTTP/1.1" 200 35
192.168.10.62 - - [28/Mar/2017:16:56:42 -0300] "POST /cormun/servlet/vesolicitudnombre?69ff0031cbc5a88159407d6539e4aa9c,2017,5662,,SolicitudOTLog,gx-no-cache=1490734280915 HTTP/1.1" 200 90
192.168.10.62 - - [28/Mar/2017:16:56:42 -0300] "GET /cormun/servlet/hpexe_link HTTP/1.1" 200 989
192.168.10.62 - - [28/Mar/2017:16:56:42 -0300] "GET /cormun/servlet/trsolicitudnombre?17471409, HTTP/1.1" 200 7649
192.168.10.62 - - [28/Mar/2017:16:56:43 -0300] "GET /cormun/servlet/trsolicitudnombre?17471409, HTTP/1.1" 200 7651
186.103.159.187 - - [28/Mar/2017:16:57:01 -0300] "POST /cormun/servlet/trlicencias?490bfb06638b2f8816ed2bb4ce11c49c,,gx-no-cache=1490734686211 HTTP/1.1" 200 3911
186.103.159.187 - - [28/Mar/2017:16:57:04 -0300] "POST /cormun/servlet/trlicencias?490bfb06638b2f8816ed2bb4ce11c49c,,gx-no-cache=1490734689324 HTTP/1.1" 200 3911
186.103.159.187 - - [28/Mar/2017:16:57:07 -0300] "POST /cormun/servlet/trlicencias?490bfb06638b2f8816ed2bb4ce11c49c,,gx-no-cache=1490734692556 HTTP/1.1" 200 3911
186.103.159.187 - - [28/Mar/2017:16:57:08 -0300] "POST /cormun/servlet/trlicencias?490bfb06638b2f8816ed2bb4ce11c49c,,gx-no-cache=1490734693092 HTTP/1.1" 200 3910
186.103.159.187 - - [28/Mar/2017:16:57:18 -0300] "POST /cormun/servlet/trlicencias?490bfb06638b2f8816ed2bb4ce11c49c,,gx-no-cache=1490734703600 HTTP/1.1" 200 3921
186.103.159.187 - - [28/Mar/2017:16:57:22 -0300] "POST /cormun/servlet/trlicencias?490bfb06638b2f8816ed2bb4ce11c49c,,gx-no-cache=1490734707252 HTTP/1.1" 200 3921
192.168.10.13 - - [28/Mar/2017:16:57:38 -0300] "GET / HTTP/1.1" 200 11217
192.168.10.13 - - [28/Mar/2017:16:58:38 -0300] "GET / HTTP/1.1" 200 11217
186.103.159.187 - - [28/Mar/2017:16:58:54 -0300] "GET /cormun/servlet/prfichaempleado?,MD,,gxPopupLevel%3D0%3B HTTP/1.1" 200 8790
192.168.10.96 - - [28/Mar/2017:16:58:56 -0300] "POST /cormun/servlet/trcontratoobservaciongral?c910cbf254bd355f1d1da9df9d15fb29,,gx-no-cache=1490734414518 HTTP/1.1" 200 6502
186.103.159.187 - - [28/Mar/2017:16:59:17 -0300] "GET /cormun/servlet/trsolicitudot? HTTP/1.1" 200 7944
186.103.159.187 - - [28/Mar/2017:16:59:23 -0300] "GET /cormun/servlet/trsolicitudot? HTTP/1.1" 200 7954
186.103.159.187 - - [28/Mar/2017:16:59:30 -0300] "GET /cormun/servlet/solicitudot?INS,0,0, HTTP/1.1" 200 12546
186.103.159.187 - - [28/Mar/2017:16:59:36 -0300] "POST /cormun/servlet/solicitudot?gx-no-cache=1490734841152 HTTP/1.1" 200 3141
186.103.159.187 - - [28/Mar/2017:16:59:36 -0300] "GET /cormun/servlet/solicitudot?5385e59c656427b2a5b9cf268d96751b7d260bd6c9a106fbba1fd00eb13608a8,gx-no-cache=1490734841334 HTTP/1.1" 200 111
186.103.159.187 - - [28/Mar/2017:16:59:36 -0300] "GET /cormun/static/Shared/jqueryui/images/ui-bg_flat_55_994d53_40x100.png HTTP/1.1" 404 1097
186.103.159.187 - - [28/Mar/2017:16:59:36 -0300] "GET /cormun/static/Shared/jqueryui/images/ui-icons_82798d_256x240.png HTTP/1.1" 404 1089
186.103.159.187 - - [28/Mar/2017:16:59:36 -0300] "GET /cormun/static/Shared/jqueryui/images/ui-bg_highlight-soft_100_c6c2c8_1x100.png HTTP/1.1" 404 1117
186.103.159.187 - - [28/Mar/2017:16:59:36 -0300] "GET /cormun/static/Shared/jqueryui/images/ui-icons_ebccce_256x240.png HTTP/1.1" 404 1089
192.168.10.13 - - [28/Mar/2017:16:59:38 -0300] "GET / HTTP/1.1" 200 11217
186.103.159.187 - - [28/Mar/2017:16:59:42 -0300] "GET /cormun/servlet/solicitudot?5385e59c656427b2a5b9cf268d96751b951b0814f8738f692511cbfe28ae0c4138aeac23c3c7b30ef63fffa7e4e609d085033af7aa7a3f9ec16e61000dc8ae9dbfa8174ea0a8d4d95e8948465ad66822c0e3fa10092b93a46b7885a265279b52038e129c6068f9f06b1e1d27e9c5e0952b4e45dad64c549b13c2d3a1745d81f530ccfca696bfc88ed959080aeb59c15a94085f175f25ee4ff4480c339cd2d824af284c9554c8d088dc497c09ef4399058631cc3e0423596745e4cd289bcd4a4350c0216b7d228e586faeba1300e69a001013e31bb9fc4578a4ce98beec64f1be90668915d64864c6dec6a507e562a70efa7166deae2ad444860f51b258ba89e3161566ed1e551d20c6ea916010245fc2447397e22619f2c56bb7351eca92aad8c4ac2fdf7e452aa21be9f8a1abd0a9257f11f66e364f93a97e3fcc333c8566158f555eca53f25eebb93a331b7f5290e0,gx-no-cache=1490734847473 HTTP/1.1" 200 297
192.168.10.96 - - [28/Mar/2017:16:59:47 -0300] "POST /cormun/servlet/trcontratoobservaciongral?c910cbf254bd355f1d1da9df9d15fb29,,gx-no-cache=1490734466157 HTTP/1.1" 200 7505
192.168.10.96 - - [28/Mar/2017:17:00:06 -0300] "POST /cormun/servlet/trcontratoobservaciongral?c910cbf254bd355f1d1da9df9d15fb29,,gx-no-cache=1490734484784 HTTP/1.1" 200 5635
192.168.10.96 - - [28/Mar/2017:17:00:12 -0300] "POST /cormun/servlet/trcontratoobservaciongral?c910cbf254bd355f1d1da9df9d15fb29,,gx-no-cache=1490734490444 HTTP/1.1" 200 8101
192.168.10.96 - - [28/Mar/2017:17:00:18 -0300] "GET /cormun/servlet/trsolicitudgral? HTTP/1.1" 200 11164
192.168.10.96 - - [28/Mar/2017:17:00:18 -0300] "GET /cormun/servlet/trsolicitudgral? HTTP/1.1" 200 11164
192.168.10.96 - - [28/Mar/2017:17:00:19 -0300] "GET /favicon.ico HTTP/1.1" 200 21630
192.168.10.13 - - [28/Mar/2017:17:00:38 -0300] "GET / HTTP/1.1" 200 11217
192.168.10.96 - - [28/Mar/2017:17:00:44 -0300] "POST /cormun/servlet/trsolicitudgral?c910cbf254bd355f1d1da9df9d15fb29,,gx-no-cache=1490734522749 HTTP/1.1" 200 7453
192.168.10.96 - - [28/Mar/2017:17:00:50 -0300] "POST /cormun/servlet/trsolicitudgral?c910cbf254bd355f1d1da9df9d15fb29,,gx-no-cache=1490734529117 HTTP/1.1" 200 5437
192.168.10.96 - - [28/Mar/2017:17:00:54 -0300] "POST /cormun/servlet/trsolicitudgral?c910cbf254bd355f1d1da9df9d15fb29,,gx-no-cache=1490734533288 HTTP/1.1" 200 5436
192.168.10.96 - - [28/Mar/2017:17:00:58 -0300] "POST /cormun/servlet/trsolicitudgral?c910cbf254bd355f1d1da9df9d15fb29,,gx-no-cache=1490734537377 HTTP/1.1" 200 6766
192.168.10.96 - - [28/Mar/2017:17:01:04 -0300] "POST /cormun/servlet/trsolicitudgral?c910cbf254bd355f1d1da9df9d15fb29,,gx-no-cache=1490734543194 HTTP/1.1" 200 7453
186.103.159.187 - - [28/Mar/2017:17:01:33 -0300] "GET /cormun/servlet/solicitudot?INS,0,0, HTTP/1.1" 200 12091
186.103.159.187 - - [28/Mar/2017:17:01:35 -0300] "GET /cormun/servlet/solicitudot?INS,0,0, HTTP/1.1" 200 12109
186.103.159.187 - - [28/Mar/2017:17:01:36 -0300] "GET /cormun/servlet/hlogin HTTP/1.1" 200 1744
192.168.10.13 - - [28/Mar/2017:17:01:38 -0300] "GET / HTTP/1.1" 200 11217
186.103.159.187 - - [28/Mar/2017:17:02:22 -0300] "POST /cormun/servlet/hlogin?43901c2d96eef85c62d7de101904b645,gx-no-cache=1490735007100 HTTP/1.1" 200 450
186.103.159.187 - - [28/Mar/2017:17:02:26 -0300] "POST /cormun/servlet/hlogin?43901c2d96eef85c62d7de101904b645,gx-no-cache=1490735011618 HTTP/1.1" 200 450
186.103.159.204 - - [28/Mar/2017:17:02:32 -0300] "GET /cormun/servlet/hlogin HTTP/1.1" 200 1729
186.103.159.204 - - [28/Mar/2017:17:02:33 -0300] "GET /cormun/static/Resources/ComunLogin.png HTTP/1.1" 304 -
186.103.159.204 - - [28/Mar/2017:17:02:33 -0300] "GET /cormun/static/Resources/PXToolsLoginBackground.png HTTP/1.1" 304 -
186.103.159.204 - - [28/Mar/2017:17:02:33 -0300] "GET /cormun/static/Resources/PXToolsLoginTop.png HTTP/1.1" 304 -
186.103.159.204 - - [28/Mar/2017:17:02:33 -0300] "GET /cormun/static/Resources/PXToolsButtonLeft21.png HTTP/1.1" 304 -
186.103.159.204 - - [28/Mar/2017:17:02:33 -0300] "GET /cormun/static/Resources/PXToolsButtonRight21.png HTTP/1.1" 304 -
186.103.159.204 - - [28/Mar/2017:17:02:33 -0300] "GET /cormun/static/Resources/PXToolsLoginBottom.png HTTP/1.1" 304 -
186.103.159.204 - - [28/Mar/2017:17:02:33 -0300] "GET /cormun/static/Resources/PXToolsButtonBackground2.png HTTP/1.1" 304 -
186.103.159.204 - - [28/Mar/2017:17:02:33 -0300] "GET /cormun/static/Resources/indicator.gif HTTP/1.1" 304 -
186.103.159.204 - - [28/Mar/2017:17:02:33 -0300] "GET /favicon.ico HTTP/1.1" 304 -
186.103.159.187 - - [28/Mar/2017:17:02:37 -0300] "POST /cormun/servlet/hlogin?43901c2d96eef85c62d7de101904b645,gx-no-cache=1490735022651 HTTP/1.1" 200 450
192.168.10.13 - - [28/Mar/2017:17:02:38 -0300] "GET / HTTP/1.1" 200 11217
186.103.159.187 - - [28/Mar/2017:17:02:50 -0300] "POST /cormun/servlet/hlogin?43901c2d96eef85c62d7de101904b645,gx-no-cache=1490735034767 HTTP/1.1" 200 90
186.103.159.187 - - [28/Mar/2017:17:02:50 -0300] "GET /cormun/servlet/hpexe_link HTTP/1.1" 200 962
186.103.159.187 - - [28/Mar/2017:17:02:50 -0300] "GET /cormun/servlet/solicitudot?INS,0,0, HTTP/1.1" 200 12544
186.103.159.187 - - [28/Mar/2017:17:02:52 -0300] "GET /cormun/servlet/solicitudot?INS,0,0, HTTP/1.1" 200 12548
186.103.159.187 - - [28/Mar/2017:17:03:19 -0300] "GET /cormun/servlet/prfichaempleado?,MD,,gxPopupLevel%3D0%3B HTTP/1.1" 200 8789
192.168.10.13 - - [28/Mar/2017:17:03:38 -0300] "GET / HTTP/1.1" 200 11217
192.168.10.89 - - [28/Mar/2017:17:03:41 -0300] "GET /cormun/static/menuarrow.gif HTTP/1.1" 404 1015
186.103.159.187 - - [28/Mar/2017:17:03:46 -0300] "POST /cormun/servlet/prfichaempleado?43901c2d96eef85c62d7de101904b645,,MD,,gxPopupLevel%3D0%3B,gx-no-cache=1490735091438 HTTP/1.1" 200 3670
192.168.10.89 - - [28/Mar/2017:17:03:49 -0300] "POST /cormun/servlet/trsolicitudgral?aba0b538d81856a282ed7cea1280f6b3,,gx-no-cache=1490734708120 HTTP/1.1" 440 972
192.168.10.89 - - [28/Mar/2017:17:03:51 -0300] "GET /cormun/servlet/trsolicitudgral? HTTP/1.1" 200 22287
192.168.10.89 - - [28/Mar/2017:17:03:53 -0300] "GET /cormun/servlet/hlogin HTTP/1.1" 200 1733
186.103.159.187 - - [28/Mar/2017:17:03:59 -0300] "POST /cormun/servlet/solicitudot?gx-no-cache=1490735104574 HTTP/1.1" 200 3183
186.103.159.187 - - [28/Mar/2017:17:03:59 -0300] "POST /cormun/servlet/solicitudot?43901c2d96eef85c62d7de101904b645,INS,0,0,,gx-no-cache=1490735104774 HTTP/1.1" 200 9780
186.103.159.187 - - [28/Mar/2017:17:04:00 -0300] "GET /cormun/servlet/solicitudot?75f5ea9f2d1db203f2dffba1cbac3be0fe721bfd128f2ba8ec3199b2a3ea9c6a2f32166df246bc0207e7effb99550f9c,gx-no-cache=1490735105042 HTTP/1.1" 200 30
192.168.10.89 - - [28/Mar/2017:17:04:05 -0300] "POST /cormun/servlet/hlogin?b955aa00c143e16e7aa9f91172d46ff6,gx-no-cache=1490734723858 HTTP/1.1" 200 90
192.168.10.89 - - [28/Mar/2017:17:04:05 -0300] "GET /cormun/servlet/hpexe_link HTTP/1.1" 200 951
192.168.10.89 - - [28/Mar/2017:17:04:07 -0300] "GET /cormun/servlet/trsolicitudgral HTTP/1.1" 200 23417
186.103.159.187 - - [28/Mar/2017:17:04:12 -0300] "POST /cormun/servlet/solicitudot?gx-no-cache=1490735117158 HTTP/1.1" 200 3175
186.103.159.187 - - [28/Mar/2017:17:04:12 -0300] "POST /cormun/servlet/solicitudot?43901c2d96eef85c62d7de101904b645,INS,0,0,,gx-no-cache=1490735117344 HTTP/1.1" 200 9807
186.103.159.187 - - [28/Mar/2017:17:04:16 -0300] "GET /cormun/servlet/solicitudot?75f5ea9f2d1db203f2dffba1cbac3be0322743013b08304e9aac523c12578dd1013f556eafb11c6046f3e894f95fac35,gx-no-cache=1490735121533 HTTP/1.1" 200 30
186.103.159.187 - - [28/Mar/2017:17:04:16 -0300] "POST /cormun/servlet/solicitudot?gx-no-cache=1490735121603 HTTP/1.1" 200 240
186.103.159.187 - - [28/Mar/2017:17:04:17 -0300] "GET /cormun/servlet/solicitudot?75f5ea9f2d1db203f2dffba1cbac3be011babcba27ce12f1ad036dc25b282e2425d12002f3b30a0ad66703b47043928e32e82221c4b3c6dafd0af6a595d2aa5868c69cdf5b836271bde14f5ca09881743111618f01fd169416d4d420519b4e1d574efa31d96b8705d60165e8dfb307ea19b0c49edf227e952cab1d5d3870b3814bdb5b9b96627355f21ea4faf24f9e1b6a9098bf5939514cc75266aa2da429bc24c3863ea0d48af73e76d44aff71482aee1cc62bb031dc320cc0459cbb1c818501f3ff5b89f13ad0eecc943de0c7c89b6ebd857e2263f12e8318efccb711bc7ad1267fbc756b6364bc9fb3ddaab5feac14cbc087c3273a4248a06ae34ee062717d9957b2ac485d861d1ba45d60228eae7282a7393c9edc692b887843c770ebf2b733e03657ea64a51b3e985b4a2208bb77d8a9cd21d68db2c7057f83411d5cead4af899fac6a330524ef3bbf77a11d2ed75a8af908c857cc48a48a452802df96191702fe507d0eafa8586b43e6593754b22fc6a293efa2062907cd831c828544,gx-no-cache=1490735121659 HTTP/1.1" 200 30
192.168.10.96 - - [28/Mar/2017:17:04:21 -0300] "POST /cormun/servlet/trsolicitudgral?c910cbf254bd355f1d1da9df9d15fb29,,gx-no-cache=1490734739215 HTTP/1.1" 200 19151
186.103.159.187 - - [28/Mar/2017:17:04:23 -0300] "POST /cormun/servlet/solicitudot?gx-no-cache=1490735128331 HTTP/1.1" 200 30
192.168.10.89 - - [28/Mar/2017:17:04:31 -0300] "POST /cormun/servlet/trsolicitudgral?b955aa00c143e16e7aa9f91172d46ff6,gx-no-cache=1490734749570 HTTP/1.1" 200 6470
186.103.159.187 - - [28/Mar/2017:17:04:34 -0300] "GET /cormun/servlet/prfichaempleado?,MD,,gxPopupLevel%3D0%3B HTTP/1.1" 200 8789
192.168.10.13 - - [28/Mar/2017:17:04:38 -0300] "GET / HTTP/1.1" 200 11217
186.103.159.187 - - [28/Mar/2017:17:04:41 -0300] "POST /cormun/servlet/prfichaempleado?43901c2d96eef85c62d7de101904b645,,MD,,gxPopupLevel%3D0%3B,gx-no-cache=1490735146684 HTTP/1.1" 200 3670
192.168.10.96 - - [28/Mar/2017:17:04:44 -0300] "GET /cormun/servlet/trrenunciasgenerales? HTTP/1.1" 200 8415
192.168.10.96 - - [28/Mar/2017:17:04:45 -0300] "GET /cormun/static/gxcfg.js?20173171157617 HTTP/1.1" 200 953
192.168.10.96 - - [28/Mar/2017:17:04:45 -0300] "GET /cormun/static/trrenunciasgenerales.js?201731711571132 HTTP/1.1" 200 25842
192.168.10.96 - - [28/Mar/2017:17:04:45 -0300] "GET /cormun/servlet/trrenunciasgenerales? HTTP/1.1" 200 8414
192.168.10.96 - - [28/Mar/2017:17:04:48 -0300] "POST /cormun/servlet/trrenunciasgenerales?c910cbf254bd355f1d1da9df9d15fb29,,gx-no-cache=1490734766682 HTTP/1.1" 200 6066
186.103.159.187 - - [28/Mar/2017:17:04:49 -0300] "POST /cormun/servlet/solicitudot?gx-no-cache=1490735154347 HTTP/1.1" 200 1291
192.168.10.96 - - [28/Mar/2017:17:04:50 -0300] "POST /cormun/servlet/trrenunciasgenerales?c910cbf254bd355f1d1da9df9d15fb29,,gx-no-cache=1490734769218 HTTP/1.1" 200 6066
186.103.159.187 - - [28/Mar/2017:17:04:51 -0300] "GET /cormun/servlet/prlicenciaspermisos?13592131,L,,MD,,gxPopupLevel%3D0%3B HTTP/1.1" 200 5989
186.103.159.187 - - [28/Mar/2017:17:04:51 -0300] "GET /cormun/static/gxcfg.js?20173171152124 HTTP/1.1" 200 953
186.103.159.187 - - [28/Mar/2017:17:04:51 -0300] "GET /cormun/static/prlicenciaspermisos.js?20173171152323 HTTP/1.1" 200 13360
109.173.52.191 - - [28/Mar/2017:17:04:53 -0300] "GET /cormun/servlet/trlicencias HTTP/1.1" 200 5955
109.173.52.191 - - [28/Mar/2017:17:04:54 -0300] "GET /cormun/static/gxui/gxui-all.css?120300 HTTP/1.1" 200 2179
109.173.52.191 - - [28/Mar/2017:17:04:55 -0300] "GET /cormun/static/calendar-system.css?85620 HTTP/1.1" 200 5572
109.173.52.191 - - [28/Mar/2017:17:04:56 -0300] "GET /cormun/static/Shared/ext/resources/css/ext-all.css?215870 HTTP/1.1" 200 416045
109.173.52.191 - - [28/Mar/2017:17:04:56 -0300] "GET /cormun/static/Resources/Spanish/PXTools.css?18365030 HTTP/1.1" 200 89042
109.173.52.191 - - [28/Mar/2017:17:04:57 -0300] "GET /cormun/static/SmoothNavMenu/resources/ddsmoothmenu.css?1012540 HTTP/1.1" 200 2223
109.173.52.191 - - [28/Mar/2017:17:04:58 -0300] "GET /cormun/static/Shared/jqueryui/jquery-ui.min.css?1245370 HTTP/1.1" 200 30288
109.173.52.191 - - [28/Mar/2017:17:04:58 -0300] "GET /cormun/static/SmoothNavMenu/resources/ddsmoothmenu-v.css?1012540 HTTP/1.1" 200 1188
109.173.52.191 - - [28/Mar/2017:17:04:58 -0300] "GET /cormun/static/scaMessage/css/jquery.pnotify.default.css?1716380 HTTP/1.1" 200 1707
186.103.159.187 - - [28/Mar/2017:17:04:58 -0300] "GET /cormun/servlet/prlicenciaspermisos?13592131,L,,MD,,gxPopupLevel%3D0%3B HTTP/1.1" 200 5989
109.173.52.191 - - [28/Mar/2017:17:04:59 -0300] "GET /cormun/static/gxtimezone.js?85251 HTTP/1.1" 200 5781
109.173.52.191 - - [28/Mar/2017:17:04:59 -0300] "GET /cormun/static/gxcfg.js?2016122619301429 HTTP/1.1" 200 953
109.173.52.191 - - [28/Mar/2017:17:05:00 -0300] "GET /cormun/static/calendar.js?85251 HTTP/1.1" 200 26246
109.173.52.191 - - [28/Mar/2017:17:05:01 -0300] "GET /cormun/static/gxgral.js?85251 HTTP/1.1" 200 384558
109.173.52.191 - - [28/Mar/2017:17:05:01 -0300] "GET /cormun/static/calendar-setup.js?85251 HTTP/1.1" 200 2588
109.173.52.191 - - [28/Mar/2017:17:05:01 -0300] "GET /cormun/static/calendar-es.js?85251 HTTP/1.1" 200 1901
109.173.52.191 - - [28/Mar/2017:17:05:03 -0300] "GET /cormun/static/gxui/gxui-all.js HTTP/1.1" 200 107772
109.173.52.191 - - [28/Mar/2017:17:05:04 -0300] "GET /cormun/static/RunJS/RunJS.js HTTP/1.1" 200 288
109.173.52.191 - - [28/Mar/2017:17:05:04 -0300] "GET /cormun/static/PXToolsJavascripts/pexe_autoreload.js HTTP/1.1" 200 1762
109.173.52.191 - - [28/Mar/2017:17:05:05 -0300] "GET /cormun/static/Shared/ext/ext-all.js HTTP/1.1" 200 1289687
109.173.52.191 - - [28/Mar/2017:17:05:05 -0300] "GET /cormun/static/PXToolsJavascripts/pexe_cookies.js HTTP/1.1" 200 792
109.173.52.191 - - [28/Mar/2017:17:05:06 -0300] "GET /cormun/static/PXToolsJavascripts/pexe_windows.js HTTP/1.1" 200 15207
109.173.52.191 - - [28/Mar/2017:17:05:07 -0300] "GET /cormun/static/PXToolsJavascripts/pexe_grid.js HTTP/1.1" 200 7559
109.173.52.191 - - [28/Mar/2017:17:05:07 -0300] "GET /cormun/static/PXToolsJavascripts/pexe_griddivfix.js HTTP/1.1" 200 6644
109.173.52.191 - - [28/Mar/2017:17:05:07 -0300] "GET /cormun/static/PXToolsJavascripts/pexe_link.js HTTP/1.1" 200 5671
109.173.52.191 - - [28/Mar/2017:17:05:07 -0300] "GET /cormun/static/PXToolsJavascripts/pexe_menudivfix.js HTTP/1.1" 200 333
109.173.52.191 - - [28/Mar/2017:17:05:08 -0300] "GET /cormun/static/PXToolsJavascripts/pexe_menus.js HTTP/1.1" 200 1286
109.173.52.191 - - [28/Mar/2017:17:05:08 -0300] "GET /cormun/static/PXToolsJavascripts/pexe_layers.js HTTP/1.1" 200 4114
109.173.52.191 - - [28/Mar/2017:17:05:09 -0300] "GET /cormun/static/PXToolsJavascripts/pexe_oav.js HTTP/1.1" 200 645
109.173.52.191 - - [28/Mar/2017:17:05:09 -0300] "GET /cormun/static/PXToolsJavascripts/pexe_oavdivfix.js HTTP/1.1" 200 639
109.173.52.191 - - [28/Mar/2017:17:05:09 -0300] "GET /cormun/static/PXToolsJavascripts/pexe_picture.js HTTP/1.1" 200 689
109.173.52.191 - - [28/Mar/2017:17:05:09 -0300] "GET /cormun/static/PXToolsJavascripts/pexe_popup.js HTTP/1.1" 200 13458
109.173.52.191 - - [28/Mar/2017:17:05:10 -0300] "GET /cormun/static/PXToolsJavascripts/pexe_scrolldiv.js HTTP/1.1" 200 4138
109.173.52.191 - - [28/Mar/2017:17:05:11 -0300] "GET /cormun/static/PXToolsJavascripts/pexe_tabdivfix.js HTTP/1.1" 200 876
109.173.52.191 - - [28/Mar/2017:17:05:11 -0300] "GET /cormun/static/PXToolsJavascripts/pexe_upload.js HTTP/1.1" 200 1423
109.173.52.191 - - [28/Mar/2017:17:05:11 -0300] "GET /cormun/static/PXToolsJavascripts/pexe_tabs.js HTTP/1.1" 200 3748
109.173.52.191 - - [28/Mar/2017:17:05:12 -0300] "GET /cormun/static/PXToolsJavascripts/PXToolsJavascriptsRender.js HTTP/1.1" 200 367
109.173.52.191 - - [28/Mar/2017:17:05:13 -0300] "GET /cormun/static/Shared/ext/locale/ext-lang-en.js HTTP/1.1" 200 10940
109.173.52.191 - - [28/Mar/2017:17:05:13 -0300] "GET /cormun/static/messages.spa.js?85251 HTTP/1.1" 200 30736
109.173.52.191 - - [28/Mar/2017:17:05:14 -0300] "GET /cormun/static/gxdec.js?85251 HTTP/1.1" 200 19579
109.173.52.191 - - [28/Mar/2017:17:05:14 -0300] "GET /cormun/static/trlicencias.js?2016122619301919 HTTP/1.1" 200 37913
109.173.52.191 - - [28/Mar/2017:17:05:14 -0300] "GET /cormun/static/hwchdr01.js?201731711335950 HTTP/1.1" 200 1183
109.173.52.191 - - [28/Mar/2017:17:05:15 -0300] "GET /cormun/static/hpexe_recentlink.js?201610171694390 HTTP/1.1" 200 2144
109.173.52.191 - - [28/Mar/2017:17:05:15 -0300] "GET /cormun/static/hpexe_scripts.js?201731711335890 HTTP/1.1" 200 1544
109.173.52.191 - - [28/Mar/2017:17:05:15 -0300] "GET /cormun/static/hpexe_messagecontroller.js?201610171694323 HTTP/1.1" 200 870
109.173.52.191 - - [28/Mar/2017:17:05:16 -0300] "GET /cormun/static/hpexe_messagepopupcomponent.js?20161017169425 HTTP/1.1" 200 605
109.173.52.191 - - [28/Mar/2017:17:05:16 -0300] "GET /cormun/static/hpexe_messagegenexuscomponent.js?201731711335537 HTTP/1.1" 200 587
109.173.52.191 - - [28/Mar/2017:17:05:16 -0300] "GET /cormun/static/cmcontrolpreferences.js?201731711335852 HTTP/1.1" 200 1375
109.173.52.191 - - [28/Mar/2017:17:05:17 -0300] "GET /cormun/static/Shared/jquery/jquery-1.4.2.min.js HTTP/1.1" 200 72174
109.173.52.191 - - [28/Mar/2017:17:05:18 -0300] "GET /cormun/static/Shared/jquery/jquery-1.10.2.min.js HTTP/1.1" 200 273199
109.173.52.191 - - [28/Mar/2017:17:05:19 -0300] "GET /cormun/static/SmoothNavMenu/resources/ddsmoothmenu.js HTTP/1.1" 200 12712
109.173.52.191 - - [28/Mar/2017:17:05:19 -0300] "GET /cormun/static/Shared/jqueryui/jquery-ui.min.js HTTP/1.1" 200 240427
109.173.52.191 - - [28/Mar/2017:17:05:20 -0300] "GET /cormun/static/SmoothNavMenu/resources/SmoothNavMenuRender.js HTTP/1.1" 200 5951
109.173.52.191 - - [28/Mar/2017:17:05:20 -0300] "GET /cormun/static/scaMessage/js/jquery.pnotify.min.js HTTP/1.1" 200 13038
109.173.52.191 - - [28/Mar/2017:17:05:20 -0300] "GET /cormun/static/scaMessage/scaMessageRender.js HTTP/1.1" 200 11977
109.173.52.191 - - [28/Mar/2017:17:05:21 -0300] "GET /cormun/static/hmpwkw03.js?201731711485354 HTTP/1.1" 200 3965
109.173.52.191 - - [28/Mar/2017:17:05:22 -0300] "GET /cormun/servlet/trlicencias HTTP/1.1" 200 5955
109.173.52.191 - - [28/Mar/2017:17:05:22 -0300] "GET /cormun/servlet/hlogin HTTP/1.1" 200 1727
109.173.52.191 - - [28/Mar/2017:17:05:22 -0300] "GET /cormun/static/gxtimezone.js?85251 HTTP/1.1" 200 5781
109.173.52.191 - - [28/Mar/2017:17:05:23 -0300] "GET /cormun/static/Resources/Spanish/PXTools.css?11294912 HTTP/1.1" 200 89042
186.103.159.187 - - [28/Mar/2017:17:05:23 -0300] "GET /cormun/servlet/prlicenciaspermisos?13592131,L,,MD,,gxPopupLevel%3D0%3B HTTP/1.1" 200 5989
109.173.52.191 - - [28/Mar/2017:17:05:24 -0300] "GET /cormun/static/gxcfg.js?201731711485472 HTTP/1.1" 200 953
109.173.52.191 - - [28/Mar/2017:17:05:25 -0300] "GET /cormun/static/gxgral.js?85251 HTTP/1.1" 200 384558
109.173.52.191 - - [28/Mar/2017:17:05:25 -0300] "GET /cormun/static/messages.spa.js?85251 HTTP/1.1" 200 30736
109.173.52.191 - - [28/Mar/2017:17:05:26 -0300] "GET /cormun/static/hlogin.js?201731711485490 HTTP/1.1" 200 2136
192.168.10.13 - - [28/Mar/2017:17:05:38 -0300] "GET / HTTP/1.1" 200 11217
186.103.159.187 - - [28/Mar/2017:17:05:39 -0300] "POST /cormun/servlet/solicitudot?gx-no-cache=1490735204281 HTTP/1.1" 200 41
186.103.159.187 - - [28/Mar/2017:17:06:13 -0300] "GET /cormun/servlet/solicitudot?75f5ea9f2d1db203f2dffba1cbac3be0639f337932d543de437d862adb4c980d8a477549ff9642c4cc1b5abf31ec6d4a8e18eff3bd3c3c530209df29981145b0464d5c68a8f0a41e80dd5b98b06ef4a06d06528e41186d5f8e676977111652392e78f3cd3aa2b80d7582453cc01b26837a9799a7179e6564895022b56aec07315484608897a0ead1ac3ef582f469dd3843e4d0a98aa75af4b188976feaa72c1b,gx-no-cache=1490735238552 HTTP/1.1" 200 29
186.103.159.187 - - [28/Mar/2017:17:06:13 -0300] "POST /cormun/servlet/solicitudot?gx-no-cache=1490735238615 HTTP/1.1" 200 1274
186.103.159.187 - - [28/Mar/2017:17:06:13 -0300] "POST /cormun/servlet/solicitudot?gx-no-cache=1490735238683 HTTP/1.1" 200 1157
186.103.159.187 - - [28/Mar/2017:17:06:13 -0300] "GET /cormun/static/menuarrow.gif HTTP/1.1" 404 1015
186.103.159.187 - - [28/Mar/2017:17:06:16 -0300] "POST /cormun/servlet/solicitudot?gx-no-cache=1490735241039 HTTP/1.1" 200 1274
186.103.159.187 - - [28/Mar/2017:17:06:16 -0300] "POST /cormun/servlet/solicitudot?gx-no-cache=1490735241087 HTTP/1.1" 200 1157
186.103.159.187 - - [28/Mar/2017:17:06:21 -0300] "GET /cormun/servlet/solicitudot?75f5ea9f2d1db203f2dffba1cbac3be04b19c44e0b478ab5a6db1f4949a5f981df21b01e543c8a4c3a64dbf5f62738d443826ca52693f199b088afd66b3ae8cacd207e4dbbdcacd92e7a7d9ed9f370b1cfaab5be64d6d6c652914b1a345d280339cd8b183d65f72c1d6376dcca0c47d7a9d5f62e4e908dcfd1778693fccd62df43e58b198ca38a7f58ba7cf9a563621c6d17dc2edab6809d357095901070e11c290520808f1353378f124245ce0c47f1798749b330312987a22f64cff93360bc,gx-no-cache=1490735246028 HTTP/1.1" 200 30
192.168.10.13 - - [28/Mar/2017:17:06:38 -0300] "GET / HTTP/1.1" 200 11217
186.103.159.187 - - [28/Mar/2017:17:06:47 -0300] "POST /cormun/servlet/solicitudot?43901c2d96eef85c62d7de101904b645,INS,0,0,,gx-no-cache=1490735271717 HTTP/1.1" 200 93
186.103.159.187 - - [28/Mar/2017:17:06:47 -0300] "GET /cormun/servlet/hpexe_return? HTTP/1.1" 200 1005
186.103.159.187 - - [28/Mar/2017:17:06:47 -0300] "GET /cormun/servlet/trsolicitudot HTTP/1.1" 200 8560
186.103.159.187 - - [28/Mar/2017:17:06:48 -0300] "GET /cormun/servlet/trsolicitudot HTTP/1.1" 200 8556
186.103.159.187 - - [28/Mar/2017:17:07:29 -0300] "POST /cormun/servlet/trsolicitudot?43901c2d96eef85c62d7de101904b645,gx-no-cache=1490735314056 HTTP/1.1" 200 106
186.103.159.187 - - [28/Mar/2017:17:07:29 -0300] "GET /cormun/servlet/trsolicitudadjuntos?2017,5788, HTTP/1.1" 200 5837
186.103.159.187 - - [28/Mar/2017:17:07:29 -0300] "GET /cormun/static/gxcfg.js?201731711504543 HTTP/1.1" 304 -
186.103.159.187 - - [28/Mar/2017:17:07:29 -0300] "GET /cormun/static/trsolicitudadjuntos.js?201731711504951 HTTP/1.1" 304 -
186.103.159.187 - - [28/Mar/2017:17:07:30 -0300] "GET /cormun/servlet/trsolicitudadjuntos?2017,5788, HTTP/1.1" 200 5837
186.103.159.187 - - [28/Mar/2017:17:07:33 -0300] "GET /cormun/servlet/solicitudotadjuntos?INS,2017,5788,,1, HTTP/1.1" 200 5772
186.103.159.187 - - [28/Mar/2017:17:07:33 -0300] "GET /cormun/static/solicitudotadjuntos.js?201612218465969 HTTP/1.1" 304 -
186.103.159.187 - - [28/Mar/2017:17:07:33 -0300] "GET /cormun/static/gxcfg.js?201612218465951 HTTP/1.1" 304 -
186.103.159.187 - - [28/Mar/2017:17:07:33 -0300] "GET /cormun/static/about:blank HTTP/1.1" 404 1011
186.103.159.187 - - [28/Mar/2017:17:07:33 -0300] "GET /cormun/servlet/solicitudotadjuntos?INS,2017,5788,,1, HTTP/1.1" 200 5766
186.103.159.187 - - [28/Mar/2017:17:07:34 -0300] "GET /cormun/servlet/solicitudotadjuntos?75f5ea9f2d1db203f2dffba1cbac3be0fa3c66241839e3baf9fbe0eaec629953bf1b72f95356c6497b632e6e04c8384e,gx-no-cache=1490735319343 HTTP/1.1" 200 30
186.103.159.187 - - [28/Mar/2017:17:07:34 -0300] "POST /cormun/servlet/solicitudotadjuntos?43901c2d96eef85c62d7de101904b645,INS,2017,5788,,1,,gx-no-cache=1490735319379 HTTP/1.1" 200 3671
186.103.159.187 - - [28/Mar/2017:17:07:37 -0300] "POST /cormun/servlet/solicitudotadjuntos?gx-no-cache=1490735322236 HTTP/1.1" 200 26
192.168.10.13 - - [28/Mar/2017:17:07:38 -0300] "GET / HTTP/1.1" 200 11217
186.103.159.187 - - [28/Mar/2017:17:07:42 -0300] "GET /cormun/servlet/solicitudotadjuntos?75f5ea9f2d1db203f2dffba1cbac3be0831da97235678e8e178f8ed576c5cf57,gx-no-cache=1490735327306 HTTP/1.1" 200 30
186.103.159.187 - - [28/Mar/2017:17:07:42 -0300] "GET /cormun/servlet/solicitudotadjuntos?75f5ea9f2d1db203f2dffba1cbac3be0831da97235678e8e178f8ed576c5cf57,gx-no-cache=1490735327322 HTTP/1.1" 200 30
186.103.159.187 - - [28/Mar/2017:17:07:43 -0300] "POST /cormun/servlet/solicitudotadjuntos?43901c2d96eef85c62d7de101904b645,INS,2017,5788,,1, HTTP/1.1" 200 116
186.103.159.187 - - [28/Mar/2017:17:07:43 -0300] "GET /cormun/servlet/hpexe_return? HTTP/1.1" 200 1024
186.103.159.187 - - [28/Mar/2017:17:07:43 -0300] "GET /cormun/servlet/trsolicitudadjuntos?2017,5788, HTTP/1.1" 200 7948
186.103.159.187 - - [28/Mar/2017:17:07:44 -0300] "GET /cormun/servlet/trsolicitudadjuntos?2017,5788, HTTP/1.1" 200 7945
186.103.159.187 - - [28/Mar/2017:17:07:47 -0300] "GET /cormun/servlet/solicitudotadjuntos?INS,2017,5788,,1, HTTP/1.1" 200 5772
186.103.159.187 - - [28/Mar/2017:17:07:47 -0300] "GET /cormun/static/about:blank HTTP/1.1" 404 1011
186.103.159.187 - - [28/Mar/2017:17:07:48 -0300] "GET /cormun/servlet/solicitudotadjuntos?INS,2017,5788,,1, HTTP/1.1" 200 5766
186.103.159.187 - - [28/Mar/2017:17:07:48 -0300] "GET /cormun/servlet/solicitudotadjuntos?75f5ea9f2d1db203f2dffba1cbac3be0fa3c66241839e3baf9fbe0eaec629953bf1b72f95356c6497b632e6e04c8384e,gx-no-cache=1490735333569 HTTP/1.1" 200 30
186.103.159.187 - - [28/Mar/2017:17:07:48 -0300] "POST /cormun/servlet/solicitudotadjuntos?43901c2d96eef85c62d7de101904b645,INS,2017,5788,,1,,gx-no-cache=1490735333605 HTTP/1.1" 200 3671
186.103.159.187 - - [28/Mar/2017:17:07:50 -0300] "POST /cormun/servlet/solicitudotadjuntos?gx-no-cache=1490735335820 HTTP/1.1" 200 26
186.103.159.187 - - [28/Mar/2017:17:08:01 -0300] "GET /cormun/servlet/solicitudotadjuntos?75f5ea9f2d1db203f2dffba1cbac3be0831da97235678e8e178f8ed576c5cf57,gx-no-cache=1490735346821 HTTP/1.1" 200 30
186.103.159.187 - - [28/Mar/2017:17:08:01 -0300] "GET /cormun/servlet/solicitudotadjuntos?75f5ea9f2d1db203f2dffba1cbac3be0831da97235678e8e178f8ed576c5cf57,gx-no-cache=1490735346837 HTTP/1.1" 200 30
186.103.159.187 - - [28/Mar/2017:17:08:02 -0300] "POST /cormun/servlet/solicitudotadjuntos?43901c2d96eef85c62d7de101904b645,INS,2017,5788,,1, HTTP/1.1" 200 116
186.103.159.187 - - [28/Mar/2017:17:08:03 -0300] "GET /cormun/servlet/hpexe_return? HTTP/1.1" 200 1024
186.103.159.187 - - [28/Mar/2017:17:08:03 -0300] "GET /cormun/servlet/trsolicitudadjuntos?2017,5788, HTTP/1.1" 200 8163
186.103.159.187 - - [28/Mar/2017:17:08:04 -0300] "GET /cormun/servlet/trsolicitudadjuntos?2017,5788, HTTP/1.1" 200 8156
186.103.159.187 - - [28/Mar/2017:17:08:07 -0300] "GET /cormun/servlet/solicitudotadjuntos?INS,2017,5788,,1, HTTP/1.1" 200 5772
186.103.159.187 - - [28/Mar/2017:17:08:08 -0300] "GET /cormun/static/about:blank HTTP/1.1" 404 1011
186.103.159.187 - - [28/Mar/2017:17:08:08 -0300] "GET /cormun/servlet/solicitudotadjuntos?INS,2017,5788,,1, HTTP/1.1" 200 5766
186.103.159.187 - - [28/Mar/2017:17:08:09 -0300] "GET /cormun/servlet/solicitudotadjuntos?75f5ea9f2d1db203f2dffba1cbac3be0fa3c66241839e3baf9fbe0eaec629953bf1b72f95356c6497b632e6e04c8384e,gx-no-cache=1490735354093 HTTP/1.1" 200 30
186.103.159.187 - - [28/Mar/2017:17:08:09 -0300] "POST /cormun/servlet/solicitudotadjuntos?43901c2d96eef85c62d7de101904b645,INS,2017,5788,,1,,gx-no-cache=1490735354129 HTTP/1.1" 200 3671
192.168.10.96 - - [28/Mar/2017:17:08:10 -0300] "GET /cormun/servlet/trcontratoobservaciongral? HTTP/1.1" 200 10783
192.168.10.96 - - [28/Mar/2017:17:08:11 -0300] "GET /cormun/servlet/trcontratoobservaciongral? HTTP/1.1" 200 10783
186.103.159.187 - - [28/Mar/2017:17:08:13 -0300] "POST /cormun/servlet/solicitudotadjuntos?gx-no-cache=1490735358915 HTTP/1.1" 200 26
186.103.159.187 - - [28/Mar/2017:17:08:20 -0300] "GET /cormun/servlet/solicitudotadjuntos?75f5ea9f2d1db203f2dffba1cbac3be0831da97235678e8e178f8ed576c5cf57,gx-no-cache=1490735365538 HTTP/1.1" 200 30
186.103.159.187 - - [28/Mar/2017:17:08:20 -0300] "GET /cormun/servlet/solicitudotadjuntos?75f5ea9f2d1db203f2dffba1cbac3be0831da97235678e8e178f8ed576c5cf57,gx-no-cache=1490735365573 HTTP/1.1" 200 30
186.103.159.187 - - [28/Mar/2017:17:08:21 -0300] "POST /cormun/servlet/solicitudotadjuntos?43901c2d96eef85c62d7de101904b645,INS,2017,5788,,1, HTTP/1.1" 200 116
186.103.159.187 - - [28/Mar/2017:17:08:21 -0300] "GET /cormun/servlet/hpexe_return? HTTP/1.1" 200 1024
186.103.159.187 - - [28/Mar/2017:17:08:22 -0300] "GET /cormun/servlet/trsolicitudadjuntos?2017,5788, HTTP/1.1" 200 8320
186.103.159.187 - - [28/Mar/2017:17:08:23 -0300] "GET /cormun/servlet/trsolicitudadjuntos?2017,5788, HTTP/1.1" 200 8317
186.103.159.187 - - [28/Mar/2017:17:08:25 -0300] "GET /cormun/servlet/solicitudotadjuntos?INS,2017,5788,,1, HTTP/1.1" 200 5772
186.103.159.187 - - [28/Mar/2017:17:08:25 -0300] "GET /cormun/static/about:blank HTTP/1.1" 404 1011
186.103.159.187 - - [28/Mar/2017:17:08:25 -0300] "GET /cormun/servlet/solicitudotadjuntos?INS,2017,5788,,1, HTTP/1.1" 200 5766
186.103.159.187 - - [28/Mar/2017:17:08:26 -0300] "GET /cormun/servlet/solicitudotadjuntos?75f5ea9f2d1db203f2dffba1cbac3be0fa3c66241839e3baf9fbe0eaec629953bf1b72f95356c6497b632e6e04c8384e,gx-no-cache=1490735371355 HTTP/1.1" 200 30
186.103.159.187 - - [28/Mar/2017:17:08:26 -0300] "POST /cormun/servlet/solicitudotadjuntos?43901c2d96eef85c62d7de101904b645,INS,2017,5788,,1,,gx-no-cache=1490735371395 HTTP/1.1" 200 3672
186.103.159.187 - - [28/Mar/2017:17:08:29 -0300] "POST /cormun/servlet/solicitudotadjuntos?gx-no-cache=1490735374335 HTTP/1.1" 200 26
186.103.159.187 - - [28/Mar/2017:17:08:37 -0300] "GET /cormun/servlet/solicitudotadjuntos?75f5ea9f2d1db203f2dffba1cbac3be0831da97235678e8e178f8ed576c5cf57,gx-no-cache=1490735382212 HTTP/1.1" 200 30
186.103.159.187 - - [28/Mar/2017:17:08:37 -0300] "GET /cormun/servlet/solicitudotadjuntos?75f5ea9f2d1db203f2dffba1cbac3be0831da97235678e8e178f8ed576c5cf57,gx-no-cache=1490735382260 HTTP/1.1" 200 30
192.168.10.13 - - [28/Mar/2017:17:08:38 -0300] "GET / HTTP/1.1" 200 11217
186.103.159.187 - - [28/Mar/2017:17:08:38 -0300] "POST /cormun/servlet/solicitudotadjuntos?43901c2d96eef85c62d7de101904b645,INS,2017,5788,,1, HTTP/1.1" 200 116
186.103.159.187 - - [28/Mar/2017:17:08:39 -0300] "GET /cormun/servlet/hpexe_return? HTTP/1.1" 200 1024
186.103.159.187 - - [28/Mar/2017:17:08:39 -0300] "GET /cormun/servlet/trsolicitudadjuntos?2017,5788, HTTP/1.1" 200 8469
186.103.159.187 - - [28/Mar/2017:17:08:41 -0300] "GET /cormun/servlet/trsolicitudadjuntos?2017,5788, HTTP/1.1" 200 8466
186.103.159.187 - - [28/Mar/2017:17:08:43 -0300] "GET /cormun/servlet/solicitudotadjuntos?INS,2017,5788,,1, HTTP/1.1" 200 5772
186.103.159.187 - - [28/Mar/2017:17:08:44 -0300] "GET /cormun/static/about:blank HTTP/1.1" 404 1011
186.103.159.187 - - [28/Mar/2017:17:08:44 -0300] "GET /cormun/servlet/solicitudotadjuntos?INS,2017,5788,,1, HTTP/1.1" 200 5766
186.103.159.187 - - [28/Mar/2017:17:08:45 -0300] "GET /cormun/servlet/solicitudotadjuntos?75f5ea9f2d1db203f2dffba1cbac3be0fa3c66241839e3baf9fbe0eaec629953bf1b72f95356c6497b632e6e04c8384e,gx-no-cache=1490735390050 HTTP/1.1" 200 30
186.103.159.187 - - [28/Mar/2017:17:08:45 -0300] "POST /cormun/servlet/solicitudotadjuntos?43901c2d96eef85c62d7de101904b645,INS,2017,5788,,1,,gx-no-cache=1490735390092 HTTP/1.1" 200 3672
186.103.159.187 - - [28/Mar/2017:17:08:48 -0300] "POST /cormun/servlet/solicitudotadjuntos?gx-no-cache=1490735393332 HTTP/1.1" 200 26
186.103.159.187 - - [28/Mar/2017:17:08:55 -0300] "GET /cormun/servlet/solicitudotadjuntos?75f5ea9f2d1db203f2dffba1cbac3be0831da97235678e8e178f8ed576c5cf57,gx-no-cache=1490735400444 HTTP/1.1" 200 30
186.103.159.187 - - [28/Mar/2017:17:08:55 -0300] "GET /cormun/servlet/solicitudotadjuntos?75f5ea9f2d1db203f2dffba1cbac3be0831da97235678e8e178f8ed576c5cf57,gx-no-cache=1490735400508 HTTP/1.1" 200 30
186.103.159.187 - - [28/Mar/2017:17:08:56 -0300] "POST /cormun/servlet/solicitudotadjuntos?43901c2d96eef85c62d7de101904b645,INS,2017,5788,,1, HTTP/1.1" 200 116
186.103.159.187 - - [28/Mar/2017:17:08:56 -0300] "GET /cormun/servlet/hpexe_return? HTTP/1.1" 200 1024
186.103.159.187 - - [28/Mar/2017:17:08:57 -0300] "GET /cormun/servlet/trsolicitudadjuntos?2017,5788, HTTP/1.1" 200 8641
186.103.159.187 - - [28/Mar/2017:17:08:58 -0300] "GET /cormun/servlet/trsolicitudadjuntos?2017,5788, HTTP/1.1" 200 8638
186.103.159.187 - - [28/Mar/2017:17:09:00 -0300] "GET /cormun/servlet/solicitudotadjuntos?INS,2017,5788,,1, HTTP/1.1" 200 5772
186.103.159.187 - - [28/Mar/2017:17:09:00 -0300] "GET /cormun/static/about:blank HTTP/1.1" 404 1011
186.103.159.187 - - [28/Mar/2017:17:09:01 -0300] "GET /cormun/servlet/solicitudotadjuntos?INS,2017,5788,,1, HTTP/1.1" 200 5766
186.103.159.187 - - [28/Mar/2017:17:09:01 -0300] "GET /cormun/servlet/solicitudotadjuntos?75f5ea9f2d1db203f2dffba1cbac3be0fa3c66241839e3baf9fbe0eaec629953bf1b72f95356c6497b632e6e04c8384e,gx-no-cache=1490735406903 HTTP/1.1" 200 30
186.103.159.187 - - [28/Mar/2017:17:09:02 -0300] "POST /cormun/servlet/solicitudotadjuntos?43901c2d96eef85c62d7de101904b645,INS,2017,5788,,1,,gx-no-cache=1490735406945 HTTP/1.1" 200 3672
186.103.159.187 - - [28/Mar/2017:17:09:04 -0300] "POST /cormun/servlet/solicitudotadjuntos?gx-no-cache=1490735409188 HTTP/1.1" 200 26
186.103.159.187 - - [28/Mar/2017:17:09:19 -0300] "GET /cormun/servlet/solicitudotadjuntos?75f5ea9f2d1db203f2dffba1cbac3be0831da97235678e8e178f8ed576c5cf57,gx-no-cache=1490735424707 HTTP/1.1" 200 30
