186.103.159.187 - - [28/Mar/2017:16:44:04 -0300] "GET /cormun/static/Resources/prompt.gif HTTP/1.1" 200 902
186.103.159.187 - - [28/Mar/2017:16:44:04 -0300] "GET /cormun/static/Resources/Spanish/PXTools.css?18365030 HTTP/1.1" 200 89042
186.103.159.187 - - [28/Mar/2017:16:44:04 -0300] "GET /cormun/static/gxcfg.js?20171191042720 HTTP/1.1" 200 953
186.103.159.187 - - [28/Mar/2017:16:44:05 -0300] "GET /cormun/static/solicitudot.js?2017119104297 HTTP/1.1" 200 63948
186.103.159.187 - - [28/Mar/2017:16:44:09 -0300] "GET /cormun/static/Resources/resize.gif HTTP/1.1" 200 77
186.103.159.187 - - [28/Mar/2017:16:44:16 -0300] "GET /cormun/servlet/prfichaempleado?,MD,,gxPopupLevel%3D0%3B HTTP/1.1" 200 8790
186.103.159.187 - - [28/Mar/2017:16:44:16 -0300] "GET /cormun/static/gxcfg.js?2016102420561687 HTTP/1.1" 200 953
186.103.159.187 - - [28/Mar/2017:16:44:16 -0300] "GET /cormun/static/gxui/gxui-all.css?120300 HTTP/1.1" 200 2179
186.103.159.187 - - [28/Mar/2017:16:44:16 -0300] "GET /cormun/static/Resources/Spanish/PXTools.css?167811 HTTP/1.1" 200 89042
186.103.159.187 - - [28/Mar/2017:16:44:16 -0300] "GET /cormun/static/Shared/ext/resources/css/ext-all.css?215870 HTTP/1.1" 200 416045
186.103.159.187 - - [28/Mar/2017:16:44:17 -0300] "GET /cormun/static/Resources/PXToolsMenuSearchCancel.png HTTP/1.1" 200 2972
186.103.159.187 - - [28/Mar/2017:16:44:17 -0300] "GET /cormun/static/Resources/PXToolsMenuSearch.png HTTP/1.1" 200 2914
186.103.159.187 - - [28/Mar/2017:16:44:17 -0300] "GET /cormun/static/menusearch.js?201610171694467 HTTP/1.1" 200 1424
186.103.159.187 - - [28/Mar/2017:16:44:17 -0300] "GET /cormun/static/hmpwkw011.js?201731711483558 HTTP/1.1" 200 1968
186.103.159.187 - - [28/Mar/2017:16:44:17 -0300] "GET /cormun/static/prfichaempleado.js?201610242056198 HTTP/1.1" 200 16015
192.168.10.13 - - [28/Mar/2017:16:44:38 -0300] "GET / HTTP/1.1" 200 11217
192.168.10.96 - - [28/Mar/2017:16:44:46 -0300] "POST /cormun/servlet/trcontratoobservaciongral?c910cbf254bd355f1d1da9df9d15fb29,,gx-no-cache=1490733565269 HTTP/1.1" 200 5636
186.103.159.187 - - [28/Mar/2017:16:44:47 -0300] "POST /cormun/servlet/prfichaempleado?490bfb06638b2f8816ed2bb4ce11c49c,,MD,,gxPopupLevel%3D0%3B,gx-no-cache=1490733951666 HTTP/1.1" 200 3449
186.103.159.187 - - [28/Mar/2017:16:44:50 -0300] "POST /cormun/servlet/prfichaempleado?490bfb06638b2f8816ed2bb4ce11c49c,,MD,,gxPopupLevel%3D0%3B,gx-no-cache=1490733955443 HTTP/1.1" 200 3449
192.168.10.96 - - [28/Mar/2017:16:44:51 -0300] "POST /cormun/servlet/trcontratoobservaciongral?c910cbf254bd355f1d1da9df9d15fb29,,gx-no-cache=1490733569870 HTTP/1.1" 200 6676
192.168.10.96 - - [28/Mar/2017:16:45:01 -0300] "POST /cormun/servlet/trcontratoobservaciongral?c910cbf254bd355f1d1da9df9d15fb29,,gx-no-cache=1490733579611 HTTP/1.1" 200 6943
186.103.159.182 - - [28/Mar/2017:16:45:04 -0300] "GET /cormun/servlet/licenciaspermisos?6d6f4998211f04b2bdd9c5c348f6b511069e39fc1486ef62aba541e28d8fcc7cbcef263ef687f0d9f77aa552a109b1ba9b5b986f88760e1e559d5f703e3ecbdb64cafe8cb4092d1ba94d52b85a02c20f1b032c655427fb88c59b4546095b775765a88808cf3d465e7e9e0213ecffc0789257fd9f16c50fc31ff5ab2fe3ada9a7b4837c7fee66123dbbd3da52e541e5ef034589018ddbb7ebe88a0b65fb9c6a88a77488cb323b65ace3cd5c3947f0c9dbd2c3740fe23c9f31cdc919cfc642acb30b8c433ef6b312122f71c6614016fdd43a78ef46ab80ef223e4960aa4788fd3f,gx-no-cache=1490730370644 HTTP/1.1" 200 30
186.103.159.182 - - [28/Mar/2017:16:45:05 -0300] "POST /cormun/servlet/licenciaspermisos?1439ecd93f21845a1af6b6d6b708c263,INS,0,,,,gx-no-cache=1490730371074 HTTP/1.1" 200 4458
186.103.159.187 - - [28/Mar/2017:16:45:13 -0300] "GET /cormun/servlet/trsolicitudot? HTTP/1.1" 200 7954
157.55.39.32 - - [28/Mar/2017:16:45:16 -0300] "GET /cormun/static/Shared/ext/ext-all.js HTTP/1.1" 200 1289687
186.103.159.187 - - [28/Mar/2017:16:45:19 -0300] "GET /cormun/servlet/solicitudot?INS,0,0, HTTP/1.1" 200 12546
157.55.39.32 - - [28/Mar/2017:16:45:23 -0300] "GET /cormun/static/calendar-system.css?85620 HTTP/1.1" 200 5572
192.168.10.13 - - [28/Mar/2017:16:45:38 -0300] "GET / HTTP/1.1" 200 11217
186.103.159.187 - - [28/Mar/2017:16:45:38 -0300] "GET /cormun/servlet/prfichaempleado?,MD,,gxPopupLevel%3D0%3B HTTP/1.1" 200 8790
186.103.159.187 - - [28/Mar/2017:16:45:58 -0300] "POST /cormun/servlet/prfichaempleado?490bfb06638b2f8816ed2bb4ce11c49c,,MD,,gxPopupLevel%3D0%3B,gx-no-cache=1490734022788 HTTP/1.1" 200 3449
186.103.159.187 - - [28/Mar/2017:16:46:01 -0300] "POST /cormun/servlet/prfichaempleado?490bfb06638b2f8816ed2bb4ce11c49c,,MD,,gxPopupLevel%3D0%3B,gx-no-cache=1490734025601 HTTP/1.1" 200 3449
186.103.159.187 - - [28/Mar/2017:16:46:35 -0300] "POST /cormun/servlet/solicitudot?gx-no-cache=1490734059811 HTTP/1.1" 200 3175
186.103.159.187 - - [28/Mar/2017:16:46:36 -0300] "POST /cormun/servlet/solicitudot?490bfb06638b2f8816ed2bb4ce11c49c,INS,0,0,,gx-no-cache=1490734060229 HTTP/1.1" 200 9755
186.103.159.187 - - [28/Mar/2017:16:46:36 -0300] "GET /cormun/servlet/solicitudot?5385e59c656427b2a5b9cf268d96751b831d189fb0886986ab0ae68bf39ac1178b657f7bf88b819431eadd8781961497,gx-no-cache=1490734061172 HTTP/1.1" 200 30
192.168.10.13 - - [28/Mar/2017:16:46:38 -0300] "GET / HTTP/1.1" 200 11217
186.103.159.187 - - [28/Mar/2017:16:46:39 -0300] "POST /cormun/servlet/solicitudot?gx-no-cache=1490734064637 HTTP/1.1" 200 240
186.103.159.187 - - [28/Mar/2017:16:46:40 -0300] "GET /cormun/servlet/solicitudot?5385e59c656427b2a5b9cf268d96751b1a9a264620fcc11ac806fed5f9c2ff6e45bf2d243879fd5d080508429ef93875a89bb627bf9c2e4714da096da0d9cb3adad901130351e1752b3b8c21847627a8a5f7d5141b7704323a02527e89a157ad0d81b3b4ffca7541b7c705e01a2b81f6b0d547043aee9353841e3afd831cd01b02c05d7971a29fb48202c773f4c41c4f2fbf2947a56623775d34a42851903d9d84575193bfcfe5970e95a27dd6e2ece5a1a00ba3a138fe39745c579f4ef9d6d8d66c92c06fec202df0f70820f38c8b1ea3f069781389d64501f1807cc904fae2291cd3f6a1d2dfcf677e0a8b59f32315048ae077a9485fe2da5021ca595e11d96f49baeac137c8ae2c6125f90db1d10c54e4bb0ec26b7a3cfb7d2d8be5d0afb65da0c843b15688ad6fc8004dc9b1a405ecee53509fd20d3626fd0ee9a0a99a70468ecdc5c6e8ef6efc8d99f452a321f99cd8d02d3fada16af9e73b4014058cd590dcb0b88c659d9ce50716d79266538b9fec345c236eab7865f29c11ad212f94,gx-no-cache=1490734064720 HTTP/1.1" 200 30
186.103.159.187 - - [28/Mar/2017:16:46:42 -0300] "POST /cormun/servlet/solicitudot?gx-no-cache=1490734067344 HTTP/1.1" 200 30
186.103.159.187 - - [28/Mar/2017:16:46:46 -0300] "POST /cormun/servlet/solicitudot?gx-no-cache=1490734070973 HTTP/1.1" 200 296
186.103.159.187 - - [28/Mar/2017:16:46:46 -0300] "GET /cormun/static/Shared/jqueryui/images/ui-icons_ebccce_256x240.png HTTP/1.1" 404 1089
186.103.159.187 - - [28/Mar/2017:16:46:46 -0300] "GET /cormun/static/Shared/jqueryui/images/ui-bg_flat_55_994d53_40x100.png HTTP/1.1" 404 1097
186.103.159.187 - - [28/Mar/2017:16:46:46 -0300] "GET /cormun/static/Shared/jqueryui/images/ui-bg_highlight-soft_100_c6c2c8_1x100.png HTTP/1.1" 404 1117
186.103.159.187 - - [28/Mar/2017:16:46:46 -0300] "GET /cormun/static/Shared/jqueryui/images/ui-icons_82798d_256x240.png HTTP/1.1" 404 1089
186.103.159.187 - - [28/Mar/2017:16:47:05 -0300] "GET /cormun/servlet/prfichaempleado?,MD,,gxPopupLevel%3D0%3B HTTP/1.1" 200 8790
186.103.159.187 - - [28/Mar/2017:16:47:17 -0300] "POST /cormun/servlet/prfichaempleado?490bfb06638b2f8816ed2bb4ce11c49c,,MD,,gxPopupLevel%3D0%3B,gx-no-cache=1490734102107 HTTP/1.1" 200 3407
192.168.10.13 - - [28/Mar/2017:16:47:38 -0300] "GET / HTTP/1.1" 200 11217
186.103.159.187 - - [28/Mar/2017:16:47:47 -0300] "POST /cormun/servlet/prfichaempleado?490bfb06638b2f8816ed2bb4ce11c49c,,MD,,gxPopupLevel%3D0%3B,gx-no-cache=1490734128775 HTTP/1.1" 200 3676
186.103.159.182 - - [28/Mar/2017:16:48:05 -0300] "GET /cormun/servlet/prfichaempleado?,MD,,gxPopupLevel%3D0%3B HTTP/1.1" 200 8920
186.103.159.187 - - [28/Mar/2017:16:48:06 -0300] "POST /cormun/servlet/prfichaempleado?490bfb06638b2f8816ed2bb4ce11c49c,,MD,,gxPopupLevel%3D0%3B,gx-no-cache=1490734143137 HTTP/1.1" 200 5970
186.103.159.187 - - [28/Mar/2017:16:48:06 -0300] "GET /cormun/static/Resources/PXToolsGridNext.gif HTTP/1.1" 200 369
186.103.159.187 - - [28/Mar/2017:16:48:06 -0300] "GET /cormun/static/Resources/PXToolsGridLast.gif HTTP/1.1" 200 370
186.79.27.240 - - [28/Mar/2017:16:48:16 -0300] "GET /cormun/servlet/trautorizarsolicitud? HTTP/1.1" 200 6866
186.79.27.240 - - [28/Mar/2017:16:48:16 -0300] "GET /cormun/servlet/trautorizarsolicitud? HTTP/1.1" 200 6866
131.253.27.69 - - [28/Mar/2017:16:48:17 -0300] "GET /cormun/static/rijndaelSD.js?85251 HTTP/1.1" 200 6763
186.79.27.240 - - [28/Mar/2017:16:48:19 -0300] "GET /cormun/servlet/trautorizarsolicitud? HTTP/1.1" 200 6866
186.79.27.240 - - [28/Mar/2017:16:48:20 -0300] "GET /cormun/servlet/trautorizarsolicitud? HTTP/1.1" 200 6866
186.103.159.187 - - [28/Mar/2017:16:48:22 -0300] "POST /cormun/servlet/prfichaempleado?490bfb06638b2f8816ed2bb4ce11c49c,,MD,,gxPopupLevel%3D0%3B,gx-no-cache=1490734159701 HTTP/1.1" 200 6047
186.79.27.240 - - [28/Mar/2017:16:48:25 -0300] "GET /cormun/servlet/trautorizarsolicitud? HTTP/1.1" 200 6866
186.79.27.240 - - [28/Mar/2017:16:48:25 -0300] "GET /cormun/servlet/trautorizarsolicitud? HTTP/1.1" 200 6866
186.103.159.182 - - [28/Mar/2017:16:48:27 -0300] "POST /cormun/servlet/prfichaempleado?1439ecd93f21845a1af6b6d6b708c263,,MD,,gxPopupLevel%3D0%3B,gx-no-cache=1490730573005 HTTP/1.1" 200 3411
186.103.159.187 - - [28/Mar/2017:16:48:31 -0300] "POST /cormun/servlet/prfichaempleado?490bfb06638b2f8816ed2bb4ce11c49c,,MD,,gxPopupLevel%3D0%3B,gx-no-cache=1490734169379 HTTP/1.1" 200 5970
186.79.27.240 - - [28/Mar/2017:16:48:32 -0300] "POST /cormun/servlet/acontrolpreferencessavestate?None,EVALENZUELA,true HTTP/1.1" 200 35
40.77.167.41 - - [28/Mar/2017:16:48:34 -0300] "GET /cormun/static/cmcontrolpreferences.js?201612218431999 HTTP/1.1" 200 1375
186.103.159.182 - - [28/Mar/2017:16:48:34 -0300] "GET /cormun/servlet/licenciaspermisos?6d6f4998211f04b2bdd9c5c348f6b5110b12080acc583b2fdb0f141ab4c68dbac50ad35c24c872fd61c33b0c86f6255ac8c646d77e572e5cf68ab7b757ccc79245fc4d5365f9a6fe77c2d253e02febb38b3c56dba7b7c9fab8aed4726ed8303afb91f2c3ccfce20a21a2a6448624a6978659d61f1e0a7e70543f7e27fe701300833b8aced13eedc774182ace7e95b98dd6265e84d874055b8a8701bd7aa65d845ee3b3d74ade80c09dcdcfd766eb583e0546b7f9461228e1c7f68a38b6e933ba155d8256bd9a7aaa023cd4b8e7704baf381eaed7b4f19c33ce59e8fead6cf3873a270b5f267aee255e64b7ce1b1b9dcb,gx-no-cache=1490730581574 HTTP/1.1" 200 67
186.103.159.182 - - [28/Mar/2017:16:48:35 -0300] "POST /cormun/servlet/licenciaspermisos?1439ecd93f21845a1af6b6d6b708c263,INS,0,,,,gx-no-cache=1490730581665 HTTP/1.1" 200 93
186.103.159.182 - - [28/Mar/2017:16:48:35 -0300] "GET /cormun/servlet/hpexe_return? HTTP/1.1" 200 1013
186.103.159.182 - - [28/Mar/2017:16:48:35 -0300] "GET /cormun/servlet/hhome HTTP/1.1" 200 4034
186.79.27.240 - - [28/Mar/2017:16:48:37 -0300] "GET /cormun/servlet/trautorizarsolicitud? HTTP/1.1" 200 6871
186.103.159.182 - - [28/Mar/2017:16:48:37 -0300] "GET /cormun/servlet/hhome HTTP/1.1" 200 4028
186.79.27.240 - - [28/Mar/2017:16:48:37 -0300] "GET /cormun/servlet/trautorizarsolicitud? HTTP/1.1" 200 6871
192.168.10.13 - - [28/Mar/2017:16:48:38 -0300] "GET / HTTP/1.1" 200 11217
207.46.13.36 - - [28/Mar/2017:16:48:41 -0300] "GET /cormun/static/trsolicitudot.js?20171191045625 HTTP/1.1" 200 53117
157.55.39.32 - - [28/Mar/2017:16:48:41 -0300] "GET /cormun/static/Shared/ext/ext-all.js HTTP/1.1" 200 1289687
131.253.25.144 - - [28/Mar/2017:16:48:41 -0300] "GET /cormun/static/solicitudot.js?2017119104297 HTTP/1.1" 200 63948
186.103.159.187 - - [28/Mar/2017:16:48:43 -0300] "POST /cormun/servlet/prfichaempleado?490bfb06638b2f8816ed2bb4ce11c49c,,MD,,gxPopupLevel%3D0%3B,gx-no-cache=1490734187706 HTTP/1.1" 200 3676
207.46.13.157 - - [28/Mar/2017:16:48:44 -0300] "GET /cormun/static/hpexe_messagegenexuscomponent.js?201612218431816 HTTP/1.1" 200 587
157.55.39.32 - - [28/Mar/2017:16:48:50 -0300] "GET /cormun/static/hmpwkw03.js?20161221852152 HTTP/1.1" 200 3965
157.55.39.32 - - [28/Mar/2017:16:48:51 -0300] "GET /cormun/static/hpexe_scripts.js?201612218432016 HTTP/1.1" 200 1544
157.55.39.32 - - [28/Mar/2017:16:48:52 -0300] "GET /cormun/static/hwchdr01.js?201612218432057 HTTP/1.1" 200 1183
186.79.27.240 - - [28/Mar/2017:16:48:52 -0300] "GET /cormun/servlet/hlogin HTTP/1.1" 200 1717
186.79.27.240 - - [28/Mar/2017:16:48:54 -0300] "POST /cormun/servlet/hlogin?6ea07561481fbdb0b3f24f0d2df96342,gx-no-cache=1490730600224 HTTP/1.1" 200 90
186.79.27.240 - - [28/Mar/2017:16:48:54 -0300] "GET /cormun/servlet/hpexe_link HTTP/1.1" 200 946
186.79.27.240 - - [28/Mar/2017:16:48:55 -0300] "GET /cormun/servlet/hhome HTTP/1.1" 200 3950
186.79.27.240 - - [28/Mar/2017:16:48:55 -0300] "GET /cormun/servlet/hhome HTTP/1.1" 200 3947
186.103.159.187 - - [28/Mar/2017:16:48:57 -0300] "POST /cormun/servlet/prfichaempleado?490bfb06638b2f8816ed2bb4ce11c49c,,MD,,gxPopupLevel%3D0%3B,gx-no-cache=1490734202209 HTTP/1.1" 200 3407
186.103.159.182 - - [28/Mar/2017:16:48:58 -0300] "GET /cormun/servlet/trlicencias? HTTP/1.1" 200 8103
186.79.27.240 - - [28/Mar/2017:16:48:59 -0300] "GET /cormun/servlet/trautorizarsolicitud? HTTP/1.1" 200 6866
186.79.27.240 - - [28/Mar/2017:16:48:59 -0300] "GET /cormun/servlet/trautorizarsolicitud? HTTP/1.1" 200 6866
186.103.159.182 - - [28/Mar/2017:16:49:00 -0300] "GET /cormun/servlet/trlicencias? HTTP/1.1" 200 8100
186.103.159.182 - - [28/Mar/2017:16:49:09 -0300] "GET /cormun/servlet/trlicenciaspermisosadjuntos?15068040,20170328000000,L, HTTP/1.1" 200 6379
186.103.159.182 - - [28/Mar/2017:16:49:09 -0300] "GET /cormun/static/gxcfg.js?20173171154619 HTTP/1.1" 200 953
186.103.159.182 - - [28/Mar/2017:16:49:10 -0300] "GET /cormun/servlet/trlicenciaspermisosadjuntos?15068040,20170328000000,L, HTTP/1.1" 200 6379
186.79.27.240 - - [28/Mar/2017:16:49:10 -0300] "GET /cormun/servlet/trautorizarsolicitud? HTTP/1.1" 200 6866
186.79.27.240 - - [28/Mar/2017:16:49:11 -0300] "GET /cormun/servlet/trautorizarsolicitud? HTTP/1.1" 200 6866
186.103.159.182 - - [28/Mar/2017:16:49:14 -0300] "GET /cormun/servlet/licenciaspermisosadjuntos?INS,15068040,L,20170328000000,, HTTP/1.1" 200 5677
186.103.159.182 - - [28/Mar/2017:16:49:14 -0300] "GET /cormun/static/gxcfg.js?201731711421170 HTTP/1.1" 200 953
186.103.159.182 - - [28/Mar/2017:16:49:14 -0300] "GET /cormun/static/about:blank HTTP/1.1" 404 1011
186.103.159.182 - - [28/Mar/2017:16:49:15 -0300] "GET /cormun/servlet/licenciaspermisosadjuntos?INS,15068040,L,20170328000000,, HTTP/1.1" 200 5667
186.103.159.187 - - [28/Mar/2017:16:49:23 -0300] "GET /cormun/servlet/prlicenciaspermisos?0,L,,MD,,gxPopupLevel%3D0%3B HTTP/1.1" 200 5082
186.103.159.187 - - [28/Mar/2017:16:49:23 -0300] "GET /cormun/static/gxcfg.js?20173171152124 HTTP/1.1" 200 953
186.103.159.187 - - [28/Mar/2017:16:49:24 -0300] "GET /cormun/static/prlicenciaspermisos.js?20173171152323 HTTP/1.1" 200 13360
186.103.159.187 - - [28/Mar/2017:16:49:33 -0300] "POST /cormun/servlet/solicitudot?gx-no-cache=1490734238017 HTTP/1.1" 200 296
186.103.159.182 - - [28/Mar/2017:16:49:33 -0300] "POST /cormun/servlet/licenciaspermisosadjuntos?1439ecd93f21845a1af6b6d6b708c263,INS,15068040,L,20170328000000,, HTTP/1.1" 200 116
186.103.159.182 - - [28/Mar/2017:16:49:33 -0300] "GET /cormun/servlet/hpexe_return? HTTP/1.1" 200 1044
186.79.27.240 - - [28/Mar/2017:16:49:33 -0300] "GET /cormun/servlet/hlogin HTTP/1.1" 200 1721
186.103.159.182 - - [28/Mar/2017:16:49:33 -0300] "GET /cormun/servlet/trlicenciaspermisosadjuntos?15068040,20170328000000,L, HTTP/1.1" 200 6856
186.103.159.182 - - [28/Mar/2017:16:49:35 -0300] "GET /cormun/servlet/trlicenciaspermisosadjuntos?15068040,20170328000000,L, HTTP/1.1" 200 6852
186.103.159.183 - - [28/Mar/2017:16:49:35 -0300] "GET /cormun/servlet/hlogin HTTP/1.1" 200 1720
186.103.159.183 - - [28/Mar/2017:16:49:35 -0300] "GET /cormun/static/gxtimezone.js?85251 HTTP/1.1" 200 5781
186.103.159.183 - - [28/Mar/2017:16:49:35 -0300] "GET /cormun/static/gxcfg.js?201731711485472 HTTP/1.1" 200 953
186.103.159.183 - - [28/Mar/2017:16:49:35 -0300] "GET /cormun/static/hlogin.js?201731711485490 HTTP/1.1" 200 2136
186.103.159.183 - - [28/Mar/2017:16:49:35 -0300] "GET /cormun/static/messages.spa.js?85251 HTTP/1.1" 200 30736
186.103.159.183 - - [28/Mar/2017:16:49:35 -0300] "GET /cormun/static/Resources/Spanish/PXTools.css?11294912 HTTP/1.1" 200 89042
186.103.159.183 - - [28/Mar/2017:16:49:35 -0300] "GET /cormun/static/gxgral.js?85251 HTTP/1.1" 200 384558
186.103.159.183 - - [28/Mar/2017:16:49:36 -0300] "GET /cormun/static/Resources/ComunLogin.png HTTP/1.1" 200 17326
186.103.159.183 - - [28/Mar/2017:16:49:36 -0300] "GET /cormun/static/Resources/PXToolsLoginTop.png HTTP/1.1" 200 1337
186.103.159.183 - - [28/Mar/2017:16:49:36 -0300] "GET /cormun/static/Resources/PXToolsLoginBackground.png HTTP/1.1" 200 1164
186.103.159.183 - - [28/Mar/2017:16:49:36 -0300] "GET /cormun/static/Resources/PXToolsButtonLeft21.png HTTP/1.1" 200 1287
186.103.159.183 - - [28/Mar/2017:16:49:36 -0300] "GET /cormun/static/Resources/PXToolsButtonRight21.png HTTP/1.1" 200 1283
186.103.159.183 - - [28/Mar/2017:16:49:36 -0300] "GET /cormun/static/Resources/PXToolsLoginBottom.png HTTP/1.1" 200 1389
186.103.159.183 - - [28/Mar/2017:16:49:36 -0300] "GET /cormun/static/Resources/PXToolsButtonBackground2.png HTTP/1.1" 200 1181
186.103.159.183 - - [28/Mar/2017:16:49:36 -0300] "GET /favicon.ico HTTP/1.1" 200 21630
186.103.159.183 - - [28/Mar/2017:16:49:36 -0300] "GET /cormun/static/Resources/indicator.gif HTTP/1.1" 200 1553
186.103.159.183 - - [28/Mar/2017:16:49:36 -0300] "GET /cormun/servlet/hlogin HTTP/1.1" 200 1731
186.79.27.240 - - [28/Mar/2017:16:49:36 -0300] "POST /cormun/servlet/hlogin?7c7c1062607b538d3e9cd1796f60c557,gx-no-cache=1490730642071 HTTP/1.1" 200 90
186.79.27.240 - - [28/Mar/2017:16:49:36 -0300] "GET /cormun/servlet/hpexe_link HTTP/1.1" 200 950
186.79.27.240 - - [28/Mar/2017:16:49:36 -0300] "GET /cormun/servlet/hhome HTTP/1.1" 200 3955
186.79.27.240 - - [28/Mar/2017:16:49:37 -0300] "GET /cormun/servlet/hhome HTTP/1.1" 200 3951
192.168.10.13 - - [28/Mar/2017:16:49:38 -0300] "GET / HTTP/1.1" 200 11217
186.79.27.240 - - [28/Mar/2017:16:49:42 -0300] "GET /cormun/servlet/trvisualizadoreventos? HTTP/1.1" 200 6685
186.79.27.240 - - [28/Mar/2017:16:49:43 -0300] "GET /cormun/static/gxcfg.js?201731711523419 HTTP/1.1" 304 -
186.79.27.240 - - [28/Mar/2017:16:49:43 -0300] "GET /cormun/static/trvisualizadoreventos.js?20173171152387 HTTP/1.1" 304 -
186.79.27.240 - - [28/Mar/2017:16:49:43 -0300] "GET /cormun/servlet/trvisualizadoreventos? HTTP/1.1" 200 6684
186.103.159.182 - - [28/Mar/2017:16:49:47 -0300] "POST /cormun/servlet/trlicenciaspermisosadjuntos?1439ecd93f21845a1af6b6d6b708c263,15068040,20170328000000,L,,gx-no-cache=1490730653986 HTTP/1.1" 200 90
186.103.159.183 - - [28/Mar/2017:16:49:47 -0300] "POST /cormun/servlet/hlogin?64ff9bbaa5d7fad104a8ff823a76f924,gx-no-cache=1490730657167 HTTP/1.1" 200 90
186.103.159.182 - - [28/Mar/2017:16:49:47 -0300] "GET /cormun/servlet/hpexe_link HTTP/1.1" 200 987
186.103.159.183 - - [28/Mar/2017:16:49:47 -0300] "GET /cormun/servlet/hpexe_link HTTP/1.1" 200 949
186.103.159.183 - - [28/Mar/2017:16:49:47 -0300] "GET /cormun/static/gxcfg.js?201731711483381 HTTP/1.1" 200 953
186.103.159.183 - - [28/Mar/2017:16:49:47 -0300] "GET /cormun/static/hpexe_link.js?201731711483384 HTTP/1.1" 200 625
186.103.159.182 - - [28/Mar/2017:16:49:47 -0300] "GET /cormun/servlet/trlicencias HTTP/1.1" 200 8102
186.103.159.183 - - [28/Mar/2017:16:49:48 -0300] "GET /cormun/servlet/hhome HTTP/1.1" 200 3990
186.103.159.183 - - [28/Mar/2017:16:49:48 -0300] "GET /cormun/static/Shared/jqueryui/jquery-ui.min.css?1245370 HTTP/1.1" 200 30288
186.103.159.183 - - [28/Mar/2017:16:49:48 -0300] "GET /cormun/static/SmoothNavMenu/resources/ddsmoothmenu-v.css?1012540 HTTP/1.1" 200 1188
186.103.159.183 - - [28/Mar/2017:16:49:48 -0300] "GET /cormun/static/scaMessage/css/jquery.pnotify.default.css?1716380 HTTP/1.1" 200 1707
186.103.159.183 - - [28/Mar/2017:16:49:48 -0300] "GET /cormun/static/gxcfg.js?201731711483497 HTTP/1.1" 200 953
186.103.159.183 - - [28/Mar/2017:16:49:48 -0300] "GET /cormun/static/PXToolsJavascripts/pexe_autoreload.js HTTP/1.1" 200 1762
186.103.159.183 - - [28/Mar/2017:16:49:48 -0300] "GET /cormun/static/PXToolsJavascripts/pexe_windows.js HTTP/1.1" 200 15207
186.103.159.183 - - [28/Mar/2017:16:49:48 -0300] "GET /cormun/static/PXToolsJavascripts/pexe_cookies.js HTTP/1.1" 200 792
186.103.159.183 - - [28/Mar/2017:16:49:48 -0300] "GET /cormun/static/PXToolsJavascripts/pexe_grid.js HTTP/1.1" 200 7559
186.103.159.183 - - [28/Mar/2017:16:49:48 -0300] "GET /cormun/static/PXToolsJavascripts/pexe_griddivfix.js HTTP/1.1" 200 6644
186.103.159.183 - - [28/Mar/2017:16:49:48 -0300] "GET /cormun/static/PXToolsJavascripts/pexe_link.js HTTP/1.1" 200 5671
186.103.159.183 - - [28/Mar/2017:16:49:48 -0300] "GET /cormun/static/PXToolsJavascripts/pexe_menudivfix.js HTTP/1.1" 200 333
186.103.159.183 - - [28/Mar/2017:16:49:48 -0300] "GET /cormun/static/PXToolsJavascripts/pexe_menus.js HTTP/1.1" 200 1286
186.103.159.183 - - [28/Mar/2017:16:49:48 -0300] "GET /cormun/static/PXToolsJavascripts/pexe_layers.js HTTP/1.1" 200 4114
186.103.159.183 - - [28/Mar/2017:16:49:48 -0300] "GET /cormun/static/SmoothNavMenu/resources/ddsmoothmenu.css?1012540 HTTP/1.1" 200 2223
186.103.159.183 - - [28/Mar/2017:16:49:48 -0300] "GET /cormun/static/PXToolsJavascripts/pexe_oav.js HTTP/1.1" 200 645
186.103.159.183 - - [28/Mar/2017:16:49:48 -0300] "GET /cormun/static/PXToolsJavascripts/pexe_oavdivfix.js HTTP/1.1" 200 639
186.103.159.183 - - [28/Mar/2017:16:49:48 -0300] "GET /cormun/static/PXToolsJavascripts/pexe_picture.js HTTP/1.1" 200 689
186.103.159.183 - - [28/Mar/2017:16:49:48 -0300] "GET /cormun/static/PXToolsJavascripts/pexe_popup.js HTTP/1.1" 200 13458
186.103.159.183 - - [28/Mar/2017:16:49:48 -0300] "GET /cormun/static/PXToolsJavascripts/pexe_tabdivfix.js HTTP/1.1" 200 876
186.103.159.183 - - [28/Mar/2017:16:49:48 -0300] "GET /cormun/static/PXToolsJavascripts/pexe_tabs.js HTTP/1.1" 200 3748
186.103.159.183 - - [28/Mar/2017:16:49:48 -0300] "GET /cormun/static/PXToolsJavascripts/pexe_upload.js HTTP/1.1" 200 1423
186.103.159.183 - - [28/Mar/2017:16:49:48 -0300] "GET /cormun/static/PXToolsJavascripts/PXToolsJavascriptsRender.js HTTP/1.1" 200 367
186.103.159.183 - - [28/Mar/2017:16:49:48 -0300] "GET /cormun/static/RunJS/RunJS.js HTTP/1.1" 200 288
186.103.159.183 - - [28/Mar/2017:16:49:49 -0300] "GET /cormun/static/Shared/ext/locale/ext-lang-en.js HTTP/1.1" 200 10940
186.103.159.183 - - [28/Mar/2017:16:49:49 -0300] "GET /cormun/static/hhome.js?20173171148352 HTTP/1.1" 200 777
186.103.159.183 - - [28/Mar/2017:16:49:49 -0300] "GET /cormun/static/hwchdr01.js?201731711335950 HTTP/1.1" 200 1183
186.103.159.183 - - [28/Mar/2017:16:49:49 -0300] "GET /cormun/static/gxui/gxui-all.js HTTP/1.1" 200 107772
186.103.159.183 - - [28/Mar/2017:16:49:49 -0300] "GET /cormun/static/hpexe_recentlink.js?201610171694390 HTTP/1.1" 200 2144
186.103.159.183 - - [28/Mar/2017:16:49:49 -0300] "GET /cormun/static/hpexe_scripts.js?201731711335890 HTTP/1.1" 200 1544
186.103.159.183 - - [28/Mar/2017:16:49:49 -0300] "GET /cormun/static/hpexe_messagecontroller.js?201610171694323 HTTP/1.1" 200 870
186.103.159.183 - - [28/Mar/2017:16:49:49 -0300] "GET /cormun/static/hpexe_messagepopupcomponent.js?20161017169425 HTTP/1.1" 200 605
186.103.159.183 - - [28/Mar/2017:16:49:49 -0300] "GET /cormun/static/hpexe_messagegenexuscomponent.js?201731711335537 HTTP/1.1" 200 587
186.103.159.183 - - [28/Mar/2017:16:49:49 -0300] "GET /cormun/static/Shared/jquery/jquery-1.4.2.min.js HTTP/1.1" 200 72174
186.103.159.182 - - [28/Mar/2017:16:49:49 -0300] "GET /cormun/servlet/trlicencias HTTP/1.1" 200 8100
186.103.159.183 - - [28/Mar/2017:16:49:49 -0300] "GET /cormun/static/Shared/jquery/jquery-1.10.2.min.js HTTP/1.1" 200 273199
186.103.159.183 - - [28/Mar/2017:16:49:49 -0300] "GET /cormun/static/cmcontrolpreferences.js?201731711335852 HTTP/1.1" 200 1375
186.103.159.183 - - [28/Mar/2017:16:49:49 -0300] "GET /cormun/static/Shared/jqueryui/jquery-ui.min.js HTTP/1.1" 200 240427
186.103.159.183 - - [28/Mar/2017:16:49:49 -0300] "GET /cormun/static/SmoothNavMenu/resources/ddsmoothmenu.js HTTP/1.1" 200 12712
186.103.159.183 - - [28/Mar/2017:16:49:49 -0300] "GET /cormun/static/PXToolsJavascripts/pexe_scrolldiv.js HTTP/1.1" 200 4138
186.103.159.183 - - [28/Mar/2017:16:49:49 -0300] "GET /cormun/static/SmoothNavMenu/resources/SmoothNavMenuRender.js HTTP/1.1" 200 5951
186.103.159.183 - - [28/Mar/2017:16:49:49 -0300] "GET /cormun/static/Resources/PXToolsFooterBackground2.png HTTP/1.1" 200 1172
186.103.159.183 - - [28/Mar/2017:16:49:49 -0300] "GET /cormun/static/Resources/PXToolsHeaderBackground2.png HTTP/1.1" 200 1174
186.103.159.183 - - [28/Mar/2017:16:49:49 -0300] "GET /cormun/static/Resources/PXToolsHeaderActionsBackground.png HTTP/1.1" 200 484
186.103.159.183 - - [28/Mar/2017:16:49:49 -0300] "GET /cormun/static/Resources/PXToolsDataTitle.png HTTP/1.1" 200 1173
186.103.159.183 - - [28/Mar/2017:16:49:50 -0300] "GET /cormun/static/Resources/PXToolsHeaderActionsLeft.png HTTP/1.1" 200 1118
186.103.159.183 - - [28/Mar/2017:16:49:50 -0300] "GET /cormun/static/Resources/PXToolsHeaderHome.png HTTP/1.1" 200 4147
186.103.159.183 - - [28/Mar/2017:16:49:50 -0300] "GET /cormun/static/Resources/PXToolsHeaderLogin.png HTTP/1.1" 200 4279
186.103.159.183 - - [28/Mar/2017:16:49:50 -0300] "GET /cormun/static/Resources/PXToolsHeaderPreferences.png HTTP/1.1" 200 4189
186.79.27.240 - - [28/Mar/2017:16:49:50 -0300] "GET /cormun/servlet/hhome HTTP/1.1" 200 3955
186.103.159.183 - - [28/Mar/2017:16:49:50 -0300] "GET /cormun/static/Shared/ext/ext-all.js HTTP/1.1" 200 1289687
186.103.159.183 - - [28/Mar/2017:16:49:50 -0300] "GET /cormun/static/Resources/PXToolsHeaderSecurity.png HTTP/1.1" 200 4166
186.103.159.183 - - [28/Mar/2017:16:49:50 -0300] "GET /cormun/static/Resources/PXToolsHeaderActionsRight.png HTTP/1.1" 200 1201
186.103.159.183 - - [28/Mar/2017:16:49:50 -0300] "GET /cormun/static/scaMessage/js/jquery.pnotify.min.js HTTP/1.1" 200 13038
186.103.159.183 - - [28/Mar/2017:16:49:50 -0300] "GET /cormun/static/scaMessage/scaMessageRender.js HTTP/1.1" 200 11977
186.103.159.183 - - [28/Mar/2017:16:49:50 -0300] "GET /cormun/static/hmpwkw03.js?201731711485354 HTTP/1.1" 200 3965
186.79.27.240 - - [28/Mar/2017:16:49:50 -0300] "GET /cormun/servlet/hhome HTTP/1.1" 200 3951
186.103.159.183 - - [28/Mar/2017:16:49:51 -0300] "GET /cormun/servlet/hhome HTTP/1.1" 200 3987
186.103.159.183 - - [28/Mar/2017:16:49:51 -0300] "GET /cormun/static/SmoothNavMenu/resources/images/down.gif HTTP/1.1" 200 854
186.103.159.183 - - [28/Mar/2017:16:49:51 -0300] "GET /cormun/static/SmoothNavMenu/resources/images/right.gif HTTP/1.1" 200 860
186.103.159.183 - - [28/Mar/2017:16:49:52 -0300] "GET /cormun/static/Resources/logo4.png HTTP/1.1" 200 6582
186.79.27.240 - - [28/Mar/2017:16:49:53 -0300] "GET /cormun/servlet/trvisualizadoreventos? HTTP/1.1" 200 6685
186.79.27.240 - - [28/Mar/2017:16:49:54 -0300] "GET /cormun/servlet/trvisualizadoreventos? HTTP/1.1" 200 6684
186.103.159.183 - - [28/Mar/2017:16:49:55 -0300] "GET /cormun/servlet/trsolicitudot? HTTP/1.1" 200 6961
186.103.159.183 - - [28/Mar/2017:16:49:55 -0300] "GET /cormun/static/gxui/gxui-all.css?110300 HTTP/1.1" 200 2179
186.103.159.183 - - [28/Mar/2017:16:49:55 -0300] "GET /cormun/static/calendar-system.css?75620 HTTP/1.1" 200 5572
186.103.159.183 - - [28/Mar/2017:16:49:55 -0300] "GET /cormun/static/gxcfg.js?201731711505139 HTTP/1.1" 200 953
186.103.159.183 - - [28/Mar/2017:16:49:55 -0300] "GET /cormun/static/calendar.js?85251 HTTP/1.1" 200 26246
186.103.159.183 - - [28/Mar/2017:16:49:55 -0300] "GET /cormun/static/calendar-setup.js?85251 HTTP/1.1" 200 2588
186.103.159.183 - - [28/Mar/2017:16:49:55 -0300] "GET /cormun/static/calendar-es.js?85251 HTTP/1.1" 200 1901
186.103.159.183 - - [28/Mar/2017:16:49:55 -0300] "GET /cormun/static/trsolicitudot.js?20173171151116 HTTP/1.1" 200 53117
186.103.159.183 - - [28/Mar/2017:16:49:55 -0300] "GET /cormun/static/gxdec.js?85251 HTTP/1.1" 200 19579
186.103.159.183 - - [28/Mar/2017:16:49:56 -0300] "GET /cormun/static/Shared/ext/resources/css/ext-all.css?205870 HTTP/1.1" 200 416045
186.103.159.183 - - [28/Mar/2017:16:49:56 -0300] "GET /cormun/static/Resources/PXTools/calendar.png HTTP/1.1" 200 1306
186.103.159.183 - - [28/Mar/2017:16:49:56 -0300] "GET /cormun/static/Resources/PXToolsGridNew.png HTTP/1.1" 200 2949
186.103.159.183 - - [28/Mar/2017:16:49:56 -0300] "GET /cormun/static/Resources/PXToolsDataSearch.png HTTP/1.1" 200 419
186.103.159.183 - - [28/Mar/2017:16:49:56 -0300] "GET /cormun/static/Resources/PXToolsGridFirstDisabled.gif HTTP/1.1" 200 100
186.103.159.183 - - [28/Mar/2017:16:49:56 -0300] "GET /cormun/static/Resources/PXToolsGridNextDisabled.gif HTTP/1.1" 200 90
186.103.159.183 - - [28/Mar/2017:16:49:56 -0300] "GET /cormun/static/Resources/PXToolsGridLastDisabled.gif HTTP/1.1" 200 98
186.103.159.183 - - [28/Mar/2017:16:49:56 -0300] "GET /cormun/static/Resources/PXToolsGridPreviousDisabled.gif HTTP/1.1" 200 90
186.103.159.183 - - [28/Mar/2017:16:49:56 -0300] "GET /cormun/static/Resources/PXToolsGridPage.gif HTTP/1.1" 200 725
186.103.159.183 - - [28/Mar/2017:16:49:56 -0300] "GET /cormun/static/Resources/PXToolsActionExcel.png HTTP/1.1" 200 3187
186.79.27.240 - - [28/Mar/2017:16:49:57 -0300] "POST /cormun/servlet/trvisualizadoreventos?7c7c1062607b538d3e9cd1796f60c557,,gx-no-cache=1490730662337 HTTP/1.1" 200 3961
186.103.159.183 - - [28/Mar/2017:16:49:57 -0300] "GET /cormun/static/Resources/asc.gif HTTP/1.1" 200 67
186.103.159.183 - - [28/Mar/2017:16:49:57 -0300] "GET /cormun/static/Resources/desc.gif HTTP/1.1" 200 65
186.103.159.183 - - [28/Mar/2017:16:49:57 -0300] "GET /cormun/static/Resources/asc.gif HTTP/1.1" 200 67
186.103.159.183 - - [28/Mar/2017:16:49:57 -0300] "GET /cormun/static/Resources/asc.gif HTTP/1.1" 200 67
186.103.159.183 - - [28/Mar/2017:16:49:57 -0300] "GET /cormun/static/Resources/desc.gif HTTP/1.1" 200 65
186.103.159.183 - - [28/Mar/2017:16:49:57 -0300] "GET /cormun/servlet/trsolicitudot? HTTP/1.1" 200 6960
186.103.159.183 - - [28/Mar/2017:16:49:57 -0300] "GET /cormun/static/Shared/ext/resources/themes/images/default/panel/bg-headersPanel.png HTTP/1.1" 200 255
186.103.159.183 - - [28/Mar/2017:16:49:57 -0300] "GET /cormun/static/Shared/ext/resources/themes/images/default/tools/tool-sprites.gif HTTP/1.1" 200 5434
186.103.159.187 - - [28/Mar/2017:16:49:57 -0300] "POST /cormun/servlet/solicitudot?gx-no-cache=1490734262638 HTTP/1.1" 200 1291
186.103.159.182 - - [28/Mar/2017:16:49:58 -0300] "POST /cormun/servlet/trlicencias?1439ecd93f21845a1af6b6d6b708c263,gx-no-cache=1490730664713 HTTP/1.1" 200 4264
186.103.159.182 - - [28/Mar/2017:16:49:58 -0300] "GET /cormun/static/Shared/jqueryui/images/ui-bg_highlight-soft_100_c6c2c8_1x100.png HTTP/1.1" 404 1117
186.103.159.182 - - [28/Mar/2017:16:49:58 -0300] "GET /cormun/static/Shared/jqueryui/images/ui-icons_82798d_256x240.png HTTP/1.1" 404 1089
186.103.159.182 - - [28/Mar/2017:16:49:58 -0300] "GET /cormun/static/Shared/jqueryui/images/ui-bg_flat_55_fafafa_40x100.png HTTP/1.1" 404 1097
186.103.159.182 - - [28/Mar/2017:16:49:58 -0300] "GET /cormun/static/Shared/jqueryui/images/ui-icons_8d78a5_256x240.png HTTP/1.1" 404 1089
186.79.27.240 - - [28/Mar/2017:16:49:59 -0300] "POST /cormun/servlet/trvisualizadoreventos?7c7c1062607b538d3e9cd1796f60c557,,gx-no-cache=1490730664642 HTTP/1.1" 200 3961
186.103.159.183 - - [28/Mar/2017:16:50:00 -0300] "GET /cormun/servlet/solicitudot?INS,0,0, HTTP/1.1" 200 12794
186.103.159.183 - - [28/Mar/2017:16:50:01 -0300] "GET /cormun/static/calendar-system.css?85620 HTTP/1.1" 200 5572
186.103.159.183 - - [28/Mar/2017:16:50:01 -0300] "GET /cormun/static/gxcfg.js?20171191042720 HTTP/1.1" 200 953
186.103.159.183 - - [28/Mar/2017:16:50:01 -0300] "GET /cormun/static/Resources/Spanish/PXTools.css?18365030 HTTP/1.1" 200 89042
186.103.159.183 - - [28/Mar/2017:16:50:01 -0300] "GET /cormun/static/Resources/prompt.gif HTTP/1.1" 200 902
186.103.159.183 - - [28/Mar/2017:16:50:01 -0300] "GET /cormun/static/solicitudot.js?2017119104297 HTTP/1.1" 200 63948
186.103.159.183 - - [28/Mar/2017:16:50:02 -0300] "GET /cormun/servlet/solicitudot?INS,0,0, HTTP/1.1" 200 12798
186.103.159.187 - - [28/Mar/2017:16:50:03 -0300] "GET /cormun/servlet/prlicenciaspermisos?13592131,L,,MD,,gxPopupLevel%3D0%3B HTTP/1.1" 200 5990
186.103.159.187 - - [28/Mar/2017:16:50:11 -0300] "GET /cormun/static/menuarrow.gif HTTP/1.1" 404 1015
186.79.27.240 - - [28/Mar/2017:16:50:14 -0300] "GET /cormun/servlet/trcontratosolicitud? HTTP/1.1" 200 13630
186.79.27.240 - - [28/Mar/2017:16:50:16 -0300] "GET /cormun/servlet/trcontratosolicitud? HTTP/1.1" 200 13640
192.168.10.96 - - [28/Mar/2017:16:50:19 -0300] "POST /cormun/servlet/trcontratoobservaciongral?c910cbf254bd355f1d1da9df9d15fb29,,gx-no-cache=1490733898093 HTTP/1.1" 200 12790
186.103.159.183 - - [28/Mar/2017:16:50:20 -0300] "POST /cormun/servlet/solicitudot?gx-no-cache=1490730689954 HTTP/1.1" 200 3178
186.103.159.183 - - [28/Mar/2017:16:50:20 -0300] "POST /cormun/servlet/solicitudot?64ff9bbaa5d7fad104a8ff823a76f924,INS,0,0,,gx-no-cache=1490730690388 HTTP/1.1" 200 9942
186.103.159.187 - - [28/Mar/2017:16:50:23 -0300] "POST /cormun/servlet/solicitudot?gx-no-cache=1490734287901 HTTP/1.1" 200 118
186.103.159.183 - - [28/Mar/2017:16:50:26 -0300] "GET /cormun/servlet/solicitudot?dcb17cf34a9fa27ca3196f13942f247f79ddbb6a03f715f6818f2ae4b892b6148c7dd27595c4580875f5c7dc4a126611,gx-no-cache=1490730696295 HTTP/1.1" 200 30
186.103.159.183 - - [28/Mar/2017:16:50:26 -0300] "POST /cormun/servlet/solicitudot?gx-no-cache=1490730696461 HTTP/1.1" 200 240
186.103.159.183 - - [28/Mar/2017:16:50:26 -0300] "GET /cormun/servlet/solicitudot?dcb17cf34a9fa27ca3196f13942f247f2f4429ad16b867e347f326a4ee9d96e771a16af4298a455101897323828198e52d0fb1c1c39a7f7b87200a36ce99a6f52ef87dc30821ef6692f1a71558e179536aba11307fefc1f838ebd964872c37a745501dc67fd67702b50b94f4fc5a056ca8e6f0892205ca544d20fe708da4ae4630af6910101edc77d4b7f6ac57e2cfc5ca925f43ce685fa37678c07958efc453346d38cb37cc73e3b447528aae67f5d8c2318d8e54e16554f09b44ab2117baa85bb5519b7547e29f27487592f2313cadaced7e45f1fd7067da47bff6ac3dfe8f9fd845d2ce2ce1dd94d260d000b36492c28313a44ed21c412a1586c97db197305a34a3c9a2e096925b61649cefb777ebefe0654388cd991f282c6da71e719f624ddc0569907040b1e3f0b76b3d45d9f6cc1460630aea67dae63278217b2c308c989a4bd6d659f85600ec7b556fdf4ef610c521fbd4cd4858dfea66614d66fe34334acba99f3f53ff5afdd5d5544b7944a06c361477de0da74f70d0576ed49aa4,gx-no-cache=1490730696595 HTTP/1.1" 200 30
186.103.159.183 - - [28/Mar/2017:16:50:26 -0300] "POST /cormun/servlet/solicitudot?gx-no-cache=1490730696679 HTTP/1.1" 200 30
186.103.159.183 - - [28/Mar/2017:16:50:27 -0300] "POST /cormun/servlet/solicitudot?gx-no-cache=1490730696814 HTTP/1.1" 200 1291
186.103.159.183 - - [28/Mar/2017:16:50:27 -0300] "POST /cormun/servlet/solicitudot?gx-no-cache=1490730697076 HTTP/1.1" 200 38
192.168.10.13 - - [28/Mar/2017:16:50:38 -0300] "GET / HTTP/1.1" 200 11217
186.79.27.240 - - [28/Mar/2017:16:50:41 -0300] "POST /cormun/servlet/acontrolpreferencessavestate?None,EVALENZUELA,true HTTP/1.1" 200 35
186.103.159.183 - - [28/Mar/2017:16:50:51 -0300] "POST /cormun/servlet/solicitudot?gx-no-cache=1490730721474 HTTP/1.1" 200 1290
186.103.159.183 - - [28/Mar/2017:16:50:52 -0300] "POST /cormun/servlet/solicitudot?gx-no-cache=1490730721811 HTTP/1.1" 200 38
186.103.159.183 - - [28/Mar/2017:16:50:52 -0300] "GET /cormun/servlet/solicitudot?dcb17cf34a9fa27ca3196f13942f247f6703b35a4390c9e53def54570b240e7d54bc36e2e26509cd6153d9210c2f01dec6779c78a0bf88ebff4e27d4bf397e4557d96991b931e85946981e31465b15b091e579147ee931923dd9a48dbf8a8ea9620f38127ff74fccd40187407175ae3b69d1a1778aa924caf636b66ab1e9bbb42fcb24858896f4372b431f79960cd215b280effb7d8eb7305f4760a10c053fcf,gx-no-cache=1490730721979 HTTP/1.1" 200 29
186.103.159.183 - - [28/Mar/2017:16:50:52 -0300] "POST /cormun/servlet/solicitudot?gx-no-cache=1490730722104 HTTP/1.1" 200 1273
186.103.159.183 - - [28/Mar/2017:16:50:53 -0300] "POST /cormun/servlet/solicitudot?gx-no-cache=1490730722247 HTTP/1.1" 200 1157
186.103.159.182 - - [28/Mar/2017:16:50:58 -0300] "GET /cormun/servlet/trpermisosgoce? HTTP/1.1" 200 8314
192.168.10.62 - - [28/Mar/2017:16:51:00 -0300] "GET /cormun/servlet/hlogin HTTP/1.1" 200 1754
186.103.159.182 - - [28/Mar/2017:16:51:00 -0300] "GET /cormun/servlet/trpermisosgoce? HTTP/1.1" 200 8314
186.79.27.240 - - [28/Mar/2017:16:51:06 -0300] "GET /cormun/servlet/hlogin HTTP/1.1" 200 1721
186.103.159.183 - - [28/Mar/2017:16:51:07 -0300] "POST /cormun/servlet/solicitudot?gx-no-cache=1490730737489 HTTP/1.1" 200 30
192.168.10.62 - - [28/Mar/2017:16:51:08 -0300] "POST /cormun/servlet/hlogin?69ff0031cbc5a88159407d6539e4aa9c,gx-no-cache=1490733946532 HTTP/1.1" 200 90
192.168.10.62 - - [28/Mar/2017:16:51:08 -0300] "GET /cormun/servlet/hpexe_link HTTP/1.1" 200 956
192.168.10.62 - - [28/Mar/2017:16:51:08 -0300] "GET /cormun/servlet/hhome HTTP/1.1" 200 3796
192.168.10.62 - - [28/Mar/2017:16:51:08 -0300] "GET /cormun/servlet/hhome HTTP/1.1" 200 3793
186.79.27.240 - - [28/Mar/2017:16:51:09 -0300] "POST /cormun/servlet/hlogin?7c7c1062607b538d3e9cd1796f60c557,gx-no-cache=1490730734212 HTTP/1.1" 200 90
186.79.27.240 - - [28/Mar/2017:16:51:09 -0300] "GET /cormun/servlet/hpexe_link HTTP/1.1" 200 958
186.79.27.240 - - [28/Mar/2017:16:51:09 -0300] "GET /cormun/servlet/trcontratosolicitud HTTP/1.1" 200 13628
186.79.27.240 - - [28/Mar/2017:16:51:10 -0300] "GET /cormun/servlet/trcontratosolicitud HTTP/1.1" 200 13632
192.168.10.62 - - [28/Mar/2017:16:51:11 -0300] "GET /cormun/servlet/trsolicitudgral? HTTP/1.1" 200 16367
192.168.10.62 - - [28/Mar/2017:16:51:12 -0300] "GET /cormun/servlet/trsolicitudgral? HTTP/1.1" 200 16364
186.103.159.183 - - [28/Mar/2017:16:51:12 -0300] "POST /cormun/servlet/solicitudot?gx-no-cache=1490730742325 HTTP/1.1" 200 1290
186.103.159.183 - - [28/Mar/2017:16:51:12 -0300] "POST /cormun/servlet/solicitudot?gx-no-cache=1490730742545 HTTP/1.1" 200 38
186.103.159.183 - - [28/Mar/2017:16:51:12 -0300] "POST /cormun/servlet/solicitudot?gx-no-cache=1490730742687 HTTP/1.1" 200 1273
186.103.159.183 - - [28/Mar/2017:16:51:13 -0300] "POST /cormun/servlet/solicitudot?gx-no-cache=1490730742839 HTTP/1.1" 200 1157
186.103.159.183 - - [28/Mar/2017:16:51:13 -0300] "GET /cormun/static/menuarrow.gif HTTP/1.1" 404 1015
192.168.10.62 - - [28/Mar/2017:16:51:13 -0300] "GET /cormun/static/menuarrow.gif HTTP/1.1" 404 1015
186.103.159.183 - - [28/Mar/2017:16:51:14 -0300] "POST /cormun/servlet/solicitudot?gx-no-cache=1490730744485 HTTP/1.1" 200 30
186.103.159.183 - - [28/Mar/2017:16:51:15 -0300] "POST /cormun/servlet/solicitudot?gx-no-cache=1490730744693 HTTP/1.1" 200 1290
186.103.159.183 - - [28/Mar/2017:16:51:15 -0300] "POST /cormun/servlet/solicitudot?gx-no-cache=1490730745272 HTTP/1.1" 200 38
186.103.159.183 - - [28/Mar/2017:16:51:16 -0300] "POST /cormun/servlet/solicitudot?gx-no-cache=1490730745819 HTTP/1.1" 200 1273
186.103.159.183 - - [28/Mar/2017:16:51:16 -0300] "POST /cormun/servlet/solicitudot?gx-no-cache=1490730746111 HTTP/1.1" 200 1157
186.79.27.240 - - [28/Mar/2017:16:51:26 -0300] "GET /cormun/servlet/trvisualizadoreventos? HTTP/1.1" 200 6683
186.79.27.240 - - [28/Mar/2017:16:51:27 -0300] "GET /cormun/servlet/trvisualizadoreventos? HTTP/1.1" 200 6682
186.103.159.187 - - [28/Mar/2017:16:51:27 -0300] "GET /cormun/servlet/prfichaempleado?,MD,,gxPopupLevel%3D0%3B HTTP/1.1" 200 8790
192.168.10.13 - - [28/Mar/2017:16:51:38 -0300] "GET / HTTP/1.1" 200 11217
186.79.27.240 - - [28/Mar/2017:16:51:39 -0300] "POST /cormun/servlet/trvisualizadoreventos?7c7c1062607b538d3e9cd1796f60c557,,gx-no-cache=1490730764076 HTTP/1.1" 200 4573
186.103.159.187 - - [28/Mar/2017:16:51:41 -0300] "GET /cormun/servlet/trsolicitudot? HTTP/1.1" 200 7954
186.103.159.187 - - [28/Mar/2017:16:51:42 -0300] "GET /cormun/servlet/trsolicitudot? HTTP/1.1" 200 7944
186.103.159.187 - - [28/Mar/2017:16:51:42 -0300] "GET /cormun/servlet/hhome HTTP/1.1" 200 3734
186.103.159.183 - - [28/Mar/2017:16:51:59 -0300] "GET /cormun/servlet/solicitudot?dcb17cf34a9fa27ca3196f13942f247f5b5194fe50d32dd61a37adb41544cd8aed789670c9e1824171fa58d56f7f0cf0502a136d736d881f43ab86eb86aa9ee26e9e80e2eb78b4e749d64425bb8ee40bc381c4a6cddaa6b6cf999299637139484109e93feb323db6f68af0c289f7db51c904a02fe2d0880962235afe24f2a7e0a666b7b57c5bab37a1848d66b29dba8914ce2945cb5a96bdcbafe9a04d88925bad0ee54f8a01780ee1407054a962775c,gx-no-cache=1490730788657 HTTP/1.1" 200 30
186.103.159.187 - - [28/Mar/2017:16:52:01 -0300] "GET /cormun/servlet/trsolicitudot? HTTP/1.1" 200 7956
186.103.159.187 - - [28/Mar/2017:16:52:05 -0300] "GET /cormun/servlet/solicitudot?INS,0,0, HTTP/1.1" 200 12546
186.79.27.240 - - [28/Mar/2017:16:52:11 -0300] "POST /cormun/servlet/trvisualizadoreventos?7c7c1062607b538d3e9cd1796f60c557,,gx-no-cache=1490730796650 HTTP/1.1" 200 4573
186.79.27.240 - - [28/Mar/2017:16:52:18 -0300] "POST /cormun/servlet/trvisualizadoreventos?7c7c1062607b538d3e9cd1796f60c557,,gx-no-cache=1490730803269 HTTP/1.1" 200 111
186.79.27.240 - - [28/Mar/2017:16:52:18 -0300] "GET /cormun/VisualizadorEventos-8286.xls HTTP/1.1" 200 4608
186.103.159.187 - - [28/Mar/2017:16:52:29 -0300] "GET /cormun/servlet/prfichaempleado?,MD,,gxPopupLevel%3D0%3B HTTP/1.1" 200 8790
186.103.159.182 - - [28/Mar/2017:16:52:36 -0300] "GET /cormun/servlet/trpermisosgoce? HTTP/1.1" 200 8316
192.168.10.13 - - [28/Mar/2017:16:52:38 -0300] "GET / HTTP/1.1" 200 11217
186.103.159.182 - - [28/Mar/2017:16:52:38 -0300] "GET /cormun/servlet/trpermisosgoce? HTTP/1.1" 200 8316
186.103.159.183 - - [28/Mar/2017:16:52:39 -0300] "POST /cormun/servlet/solicitudot?64ff9bbaa5d7fad104a8ff823a76f924,INS,0,0,,gx-no-cache=1490730828827 HTTP/1.1" 200 93
186.103.159.183 - - [28/Mar/2017:16:52:39 -0300] "GET /cormun/servlet/hpexe_return? HTTP/1.1" 200 1004
186.103.159.187 - - [28/Mar/2017:16:52:39 -0300] "POST /cormun/servlet/solicitudot?gx-no-cache=1490734424750 HTTP/1.1" 200 3175
186.103.159.183 - - [28/Mar/2017:16:52:40 -0300] "GET /cormun/static/hpexe_return.js?2016101716175153 HTTP/1.1" 200 1633
186.103.159.183 - - [28/Mar/2017:16:52:40 -0300] "GET /cormun/static/gxcfg.js?2016101716175148 HTTP/1.1" 200 953
186.103.159.183 - - [28/Mar/2017:16:52:40 -0300] "GET /cormun/static/Resources/Spanish/PXTools.css?167811 HTTP/1.1" 200 89042
186.103.159.183 - - [28/Mar/2017:16:52:40 -0300] "GET /cormun/servlet/trsolicitudot HTTP/1.1" 200 8247
186.103.159.187 - - [28/Mar/2017:16:52:40 -0300] "POST /cormun/servlet/solicitudot?490bfb06638b2f8816ed2bb4ce11c49c,INS,0,0,,gx-no-cache=1490734424962 HTTP/1.1" 200 9757
186.103.159.182 - - [28/Mar/2017:16:52:41 -0300] "GET /cormun/servlet/permisogoce?INS,0,,, HTTP/1.1" 200 6802
186.103.159.183 - - [28/Mar/2017:16:52:42 -0300] "GET /cormun//static/Resources/PXToolsGridDelete.png HTTP/1.1" 200 357
186.103.159.183 - - [28/Mar/2017:16:52:42 -0300] "GET /cormun//static/Resources/PXToolsRemoveAllAction.png HTTP/1.1" 200 3558
186.103.159.183 - - [28/Mar/2017:16:52:42 -0300] "GET /cormun//static/Resources/PXToolsGridUpdate.png HTTP/1.1" 200 2984
186.103.159.183 - - [28/Mar/2017:16:52:42 -0300] "GET /cormun//static/Resources/PXTools/ActionInsert.png HTTP/1.1" 200 1482
186.103.159.183 - - [28/Mar/2017:16:52:42 -0300] "GET /cormun//static/Resources/PXToolsActionView.png HTTP/1.1" 200 2995
186.103.159.183 - - [28/Mar/2017:16:52:42 -0300] "GET /cormun/servlet/trsolicitudot HTTP/1.1" 200 8242
186.103.159.182 - - [28/Mar/2017:16:52:43 -0300] "GET /cormun/servlet/permisogoce?INS,0,,, HTTP/1.1" 200 6802
186.103.159.187 - - [28/Mar/2017:16:52:43 -0300] "GET /cormun/servlet/solicitudot?5385e59c656427b2a5b9cf268d96751b831d189fb0886986ab0ae68bf39ac1178b657f7bf88b819431eadd8781961497,gx-no-cache=1490734428081 HTTP/1.1" 200 30
186.103.159.187 - - [28/Mar/2017:16:52:43 -0300] "POST /cormun/servlet/solicitudot?gx-no-cache=1490734428162 HTTP/1.1" 200 240
186.103.159.187 - - [28/Mar/2017:16:52:43 -0300] "GET /cormun/servlet/solicitudot?5385e59c656427b2a5b9cf268d96751b1a9a264620fcc11ac806fed5f9c2ff6e45bf2d243879fd5d080508429ef93875a89bb627bf9c2e4714da096da0d9cb3adad901130351e1752b3b8c21847627a8a5f7d5141b7704323a02527e89a157ad0d81b3b4ffca7541b7c705e01a2b81f6b0d547043aee9353841e3afd831cd01b02c05d7971a29fb48202c773f4c41c4f2fbf2947a56623775d34a42851903d9d84575193bfcfe5970e95a27dd6e2ece5a1a00ba3a138fe39745c579f4ef9d6d8d66c92c06fec202df0f70820f38c8b1ea3f069781389d64501f1807cc904fae2291cd3f6a1d2dfcf677e0a8b59f32315048ae077a9485fe2da5021ca595e11d96f49baeac137c8ae2c6125f90db1d10c54e4bb0ec26b7a3cfb7d2d8be5d0afb65da0c843b15688ad6fc8004dc9b1a405ecee53509fd20d3626fd0ee9a0a99a70468ecdc5c6e8ef6efc8d99f452a321f99cd8d02d3fada16af9e73b4014058cd590dcb0b88c659d9ce50716d79266538b9fec345c236eab7865f29c11ad212f94,gx-no-cache=1490734428246 HTTP/1.1" 200 30
186.103.159.187 - - [28/Mar/2017:16:52:46 -0300] "POST /cormun/servlet/solicitudot?gx-no-cache=1490734430928 HTTP/1.1" 200 30
186.103.159.182 - - [28/Mar/2017:16:52:53 -0300] "GET /cormun/servlet/prfichaempleado?,MD,,gxPopupLevel%3D0%3B HTTP/1.1" 200 8920
186.103.159.187 - - [28/Mar/2017:16:52:55 -0300] "GET /cormun/servlet/prfichaempleado?,MD,,gxPopupLevel%3D0%3B HTTP/1.1" 200 8790
186.103.159.183 - - [28/Mar/2017:16:53:08 -0300] "POST /cormun/servlet/trsolicitudot?64ff9bbaa5d7fad104a8ff823a76f924,gx-no-cache=1490730857882 HTTP/1.1" 200 105
186.103.159.183 - - [28/Mar/2017:16:53:08 -0300] "GET /cormun/servlet/solicitudot?UPD,2017,5787, HTTP/1.1" 200 14420
186.103.159.183 - - [28/Mar/2017:16:53:10 -0300] "GET /cormun/servlet/solicitudot?UPD,2017,5787, HTTP/1.1" 200 14429
186.103.159.183 - - [28/Mar/2017:16:53:10 -0300] "POST /cormun/servlet/solicitudot?gx-no-cache=1490730860294 HTTP/1.1" 200 3178
186.103.159.183 - - [28/Mar/2017:16:53:11 -0300] "POST /cormun/servlet/solicitudot?64ff9bbaa5d7fad104a8ff823a76f924,UPD,2017,5787,,gx-no-cache=1490730860722 HTTP/1.1" 200 11029
186.103.159.183 - - [28/Mar/2017:16:53:11 -0300] "GET /cormun/servlet/solicitudot?dcb17cf34a9fa27ca3196f13942f247f79ddbb6a03f715f6818f2ae4b892b614bf9c243a4ac9268dd987f2a773ea0500,gx-no-cache=1490730861114 HTTP/1.1" 200 30
186.103.159.183 - - [28/Mar/2017:16:53:11 -0300] "POST /cormun/servlet/solicitudot?gx-no-cache=1490730861201 HTTP/1.1" 200 238
186.103.159.183 - - [28/Mar/2017:16:53:11 -0300] "GET /cormun/servlet/solicitudot?dcb17cf34a9fa27ca3196f13942f247f2f4429ad16b867e347f326a4ee9d96e771a16af4298a455101897323828198e52d0fb1c1c39a7f7b87200a36ce99a6f52ef87dc30821ef6692f1a71558e179536aba11307fefc1f838ebd964872c37a745501dc67fd67702b50b94f4fc5a056ca8e6f0892205ca544d20fe708da4ae4630af6910101edc77d4b7f6ac57e2cfc5ca925f43ce685fa37678c07958efc453346d38cb37cc73e3b447528aae67f5d8c2318d8e54e16554f09b44ab2117baa85bb5519b7547e29f27487592f2313cadaced7e45f1fd7067da47bff6ac3dfe8f9fd845d2ce2ce1dd94d260d000b36492c28313a44ed21c412a1586c97db197305a34a3c9a2e096925b61649cefb777ebefe0654388cd991f282c6da71e719f624ddc0569907040b1e3f0b76b3d45d9f6cc1460630aea67dae63278217b2c308c989a4bd6d659f85600ec7b556fdf4ef610c521fbd4cd4858dfea66614d66fe34334acba99f3f53ff5afdd5d5544b794467340b630a524274233431af15b852b9,gx-no-cache=1490730861328 HTTP/1.1" 200 30
186.103.159.183 - - [28/Mar/2017:16:53:11 -0300] "POST /cormun/servlet/solicitudot?gx-no-cache=1490730861424 HTTP/1.1" 200 30
186.103.159.183 - - [28/Mar/2017:16:53:11 -0300] "POST /cormun/servlet/solicitudot?gx-no-cache=1490730861643 HTTP/1.1" 200 1290
186.103.159.183 - - [28/Mar/2017:16:53:12 -0300] "POST /cormun/servlet/solicitudot?gx-no-cache=1490730861870 HTTP/1.1" 200 41
186.103.159.187 - - [28/Mar/2017:16:53:13 -0300] "POST /cormun/servlet/prfichaempleado?490bfb06638b2f8816ed2bb4ce11c49c,,MD,,gxPopupLevel%3D0%3B,gx-no-cache=1490734457749 HTTP/1.1" 200 3407
186.103.159.183 - - [28/Mar/2017:16:53:18 -0300] "POST /cormun/servlet/solicitudot?64ff9bbaa5d7fad104a8ff823a76f924,UPD,2017,5787,,gx-no-cache=1490730868070 HTTP/1.1" 200 93
186.103.159.183 - - [28/Mar/2017:16:53:18 -0300] "GET /cormun/servlet/hpexe_return? HTTP/1.1" 200 1010
186.103.159.183 - - [28/Mar/2017:16:53:18 -0300] "GET /cormun/servlet/trsolicitudot HTTP/1.1" 200 8247
186.103.159.183 - - [28/Mar/2017:16:53:20 -0300] "GET /cormun/servlet/trsolicitudot HTTP/1.1" 200 8242
186.103.159.182 - - [28/Mar/2017:16:53:21 -0300] "POST /cormun/servlet/prfichaempleado?1439ecd93f21845a1af6b6d6b708c263,,MD,,gxPopupLevel%3D0%3B,gx-no-cache=1490730867217 HTTP/1.1" 200 3401
186.103.159.183 - - [28/Mar/2017:16:53:24 -0300] "POST /cormun/servlet/trsolicitudot?64ff9bbaa5d7fad104a8ff823a76f924,gx-no-cache=1490730873876 HTTP/1.1" 200 4349
186.103.159.183 - - [28/Mar/2017:16:53:24 -0300] "GET /cormun/static/Shared/jqueryui/images/ui-bg_highlight-soft_100_c6c2c8_1x100.png HTTP/1.1" 404 1117
186.103.159.183 - - [28/Mar/2017:16:53:24 -0300] "GET /cormun/static/Shared/jqueryui/images/ui-icons_82798d_256x240.png HTTP/1.1" 404 1089
186.103.159.183 - - [28/Mar/2017:16:53:24 -0300] "GET /cormun/static/Shared/jqueryui/images/ui-bg_flat_55_fafafa_40x100.png HTTP/1.1" 404 1097
186.103.159.183 - - [28/Mar/2017:16:53:24 -0300] "GET /cormun/static/Shared/jqueryui/images/ui-icons_8d78a5_256x240.png HTTP/1.1" 404 1089
186.103.159.183 - - [28/Mar/2017:16:53:24 -0300] "POST /cormun/servlet/trsolicitudot?64ff9bbaa5d7fad104a8ff823a76f924,gx-no-cache=1490730874277 HTTP/1.1" 200 4121
186.103.159.187 - - [28/Mar/2017:16:53:26 -0300] "POST /cormun/servlet/prfichaempleado?490bfb06638b2f8816ed2bb4ce11c49c,,MD,,gxPopupLevel%3D0%3B,gx-no-cache=1490734471624 HTTP/1.1" 200 3407
186.103.159.183 - - [28/Mar/2017:16:53:27 -0300] "GET /cormun/servlet/trautorizarsolicitud? HTTP/1.1" 200 8173
186.103.159.183 - - [28/Mar/2017:16:53:28 -0300] "GET /cormun/static/gxui/gxui-all.css?120300 HTTP/1.1" 200 2179
186.103.159.183 - - [28/Mar/2017:16:53:28 -0300] "GET /cormun/static/gxcfg.js?2017259112829 HTTP/1.1" 200 953
186.103.159.183 - - [28/Mar/2017:16:53:28 -0300] "GET /cormun/static/trautorizarsolicitud.js?2017259113483 HTTP/1.1" 200 53096
186.103.159.183 - - [28/Mar/2017:16:53:28 -0300] "GET /cormun/static/Shared/ext/resources/css/ext-all.css?215870 HTTP/1.1" 200 416045
186.103.159.183 - - [28/Mar/2017:16:53:29 -0300] "GET /cormun/servlet/trautorizarsolicitud? HTTP/1.1" 200 8173
