186.103.159.230 - - [28/Mar/2017:09:26:42 -0300] "GET /cormun/servlet/licenciaspermisos?8d775d1eb3d7b8d00c1967ad33371eb6068d1a10163c772f4242f752aac54cae6ca5205c2cd41a97cf369991d5cd45ca,gx-no-cache=1490704070861 HTTP/1.1" 200 64
186.103.159.230 - - [28/Mar/2017:09:26:43 -0300] "POST /cormun/servlet/licenciaspermisos?c1c83abeba16aeae822af286b4734c8d,INS,0,,,,gx-no-cache=1490704070943 HTTP/1.1" 200 4607
192.168.10.62 - - [28/Mar/2017:09:26:56 -0300] "POST /cormun/servlet/trsolicitudgral?b788ff355cdd1e6af67d5b26ebb5b9d7,gx-no-cache=1490707295283 HTTP/1.1" 200 4884
192.168.10.62 - - [28/Mar/2017:09:27:02 -0300] "POST /cormun/servlet/trsolicitudgral?b788ff355cdd1e6af67d5b26ebb5b9d7,gx-no-cache=1490707300550 HTTP/1.1" 200 7057
192.168.10.62 - - [28/Mar/2017:09:27:03 -0300] "POST /cormun/servlet/trsolicitudgral?b788ff355cdd1e6af67d5b26ebb5b9d7,gx-no-cache=1490707302035 HTTP/1.1" 200 105
192.168.10.62 - - [28/Mar/2017:09:27:03 -0300] "POST /cormun/servlet/trsolicitudgral?b788ff355cdd1e6af67d5b26ebb5b9d7,gx-no-cache=1490707302147 HTTP/1.1" 200 7041
192.168.10.62 - - [28/Mar/2017:09:27:03 -0300] "GET /cormun/SolicitudGral-3101.xls HTTP/1.1" 200 6144
200.54.247.69 - - [28/Mar/2017:09:27:28 -0300] "GET /cormun/servlet/hlogin HTTP/1.1" 200 1730
200.54.247.69 - - [28/Mar/2017:09:27:28 -0300] "GET /cormun/static/Resources/Spanish/PXTools.css?11294912 HTTP/1.1" 304 -
200.54.247.69 - - [28/Mar/2017:09:27:28 -0300] "GET /cormun/static/gxtimezone.js?85251 HTTP/1.1" 304 -
200.54.247.69 - - [28/Mar/2017:09:27:28 -0300] "GET /cormun/static/gxgral.js?85251 HTTP/1.1" 304 -
200.54.247.69 - - [28/Mar/2017:09:27:28 -0300] "GET /cormun/static/Resources/ComunLogin.png HTTP/1.1" 304 -
200.54.247.69 - - [28/Mar/2017:09:27:28 -0300] "GET /cormun/static/messages.spa.js?85251 HTTP/1.1" 304 -
200.54.247.69 - - [28/Mar/2017:09:27:28 -0300] "GET /cormun/static/hlogin.js?201731711485490 HTTP/1.1" 304 -
200.54.247.69 - - [28/Mar/2017:09:27:28 -0300] "GET /cormun/static/gxcfg.js?201731711485472 HTTP/1.1" 304 -
200.54.247.69 - - [28/Mar/2017:09:27:28 -0300] "GET /cormun/static/Resources/indicator.gif HTTP/1.1" 304 -
200.54.247.69 - - [28/Mar/2017:09:27:28 -0300] "GET /cormun/static/Resources/PXToolsLoginBackground.png HTTP/1.1" 304 -
200.54.247.69 - - [28/Mar/2017:09:27:28 -0300] "GET /cormun/servlet/hlogin HTTP/1.1" 200 1741
200.54.247.69 - - [28/Mar/2017:09:27:28 -0300] "GET /cormun/static/Resources/PXToolsButtonRight21.png HTTP/1.1" 304 -
200.54.247.69 - - [28/Mar/2017:09:27:28 -0300] "GET /cormun/static/Resources/PXToolsButtonLeft21.png HTTP/1.1" 304 -
200.54.247.69 - - [28/Mar/2017:09:27:28 -0300] "GET /cormun/static/Resources/PXToolsLoginTop.png HTTP/1.1" 304 -
200.54.247.69 - - [28/Mar/2017:09:27:28 -0300] "GET /cormun/static/Resources/PXToolsLoginBottom.png HTTP/1.1" 304 -
200.54.247.69 - - [28/Mar/2017:09:27:28 -0300] "GET /cormun/static/Resources/PXToolsButtonBackground2.png HTTP/1.1" 304 -
192.168.10.13 - - [28/Mar/2017:09:27:38 -0300] "GET / HTTP/1.1" 200 11217
200.54.247.69 - - [28/Mar/2017:09:27:40 -0300] "POST /cormun/servlet/hlogin?8f3501cf495c1155faab39cd798dc957,gx-no-cache=1490704121634 HTTP/1.1" 200 90
200.54.247.69 - - [28/Mar/2017:09:27:40 -0300] "GET /cormun/servlet/hpexe_link HTTP/1.1" 200 957
200.54.247.69 - - [28/Mar/2017:09:27:40 -0300] "GET /cormun/static/gxcfg.js?201731711483381 HTTP/1.1" 304 -
200.54.247.69 - - [28/Mar/2017:09:27:40 -0300] "GET /cormun/static/hpexe_link.js?201731711483384 HTTP/1.1" 304 -
200.54.247.69 - - [28/Mar/2017:09:27:41 -0300] "GET /cormun/servlet/hhome HTTP/1.1" 200 4017
200.54.247.69 - - [28/Mar/2017:09:27:41 -0300] "GET /cormun/static/gxcfg.js?201731711483497 HTTP/1.1" 304 -
200.54.247.69 - - [28/Mar/2017:09:27:41 -0300] "GET /cormun/static/hwchdr01.js?201731711335950 HTTP/1.1" 304 -
200.54.247.69 - - [28/Mar/2017:09:27:41 -0300] "GET /cormun/static/hhome.js?20173171148352 HTTP/1.1" 304 -
200.54.247.69 - - [28/Mar/2017:09:27:41 -0300] "GET /cormun/static/hpexe_recentlink.js?201610171694390 HTTP/1.1" 304 -
200.54.247.69 - - [28/Mar/2017:09:27:41 -0300] "GET /cormun/static/hpexe_messagecontroller.js?201610171694323 HTTP/1.1" 304 -
200.54.247.69 - - [28/Mar/2017:09:27:41 -0300] "GET /cormun/static/cmcontrolpreferences.js?201731711335852 HTTP/1.1" 304 -
200.54.247.69 - - [28/Mar/2017:09:27:41 -0300] "GET /cormun/static/hmpwkw03.js?201731711485354 HTTP/1.1" 304 -
200.54.247.69 - - [28/Mar/2017:09:27:41 -0300] "GET /cormun/static/hpexe_messagepopupcomponent.js?20161017169425 HTTP/1.1" 304 -
200.54.247.69 - - [28/Mar/2017:09:27:41 -0300] "GET /cormun/static/hpexe_messagegenexuscomponent.js?201731711335537 HTTP/1.1" 304 -
200.54.247.69 - - [28/Mar/2017:09:27:41 -0300] "GET /cormun/static/hpexe_scripts.js?201731711335890 HTTP/1.1" 304 -
192.168.10.13 - - [28/Mar/2017:09:28:38 -0300] "GET / HTTP/1.1" 200 11217
200.54.247.69 - - [28/Mar/2017:09:28:43 -0300] "GET /cormun/servlet/trsolicitudot? HTTP/1.1" 200 6987
192.168.10.13 - - [28/Mar/2017:09:29:38 -0300] "GET / HTTP/1.1" 200 11217
186.103.159.230 - - [28/Mar/2017:09:30:20 -0300] "GET /cormun/servlet/licenciaspermisos?8d775d1eb3d7b8d00c1967ad33371eb6ba4436ccad2796bb72f0465f5455d82f796b5f3cee5d660475d89a5ca674041c117239bc27fe9612de987215419c667b3fd19288c94c9c8cadd094643a090a458d163021eaa0fd9dec9f236d147abea1ceaae1eca5ee46753f507762eb910fff2b1823b289b6dd144c01e4f6ddd60f94dd8d23deb9840e77d08d88752531ec81b14606cc73f598a6c8cf2b3af7e2e790425ab1dd384bceab485087240490126a,gx-no-cache=1490704287963 HTTP/1.1" 200 30
186.103.159.230 - - [28/Mar/2017:09:30:20 -0300] "GET /cormun/servlet/licenciaspermisos?8d775d1eb3d7b8d00c1967ad33371eb6ea8f13a6addeee33b04d0ce1b140d0f395a5c4f60459e1ff8ec8e0368a8f19a7bd7418a33953d58b0ed038194d7e5c17caf36271e45dcf5ac0f08f45ee5d565973ad607743b4243d3201ae2fa8ddebb95db3ddd2ef33b99b528ede41b82e7538feaadb2b3d838e56dd483e6f9e588aa4cda5f838424b75f8fbf5a337adcfd90b37fcba56a4b39e658fd7de952f9ad1e4422ab376f223e8788f5a427668796994,gx-no-cache=1490704288281 HTTP/1.1" 200 29
186.103.159.230 - - [28/Mar/2017:09:30:20 -0300] "POST /cormun/servlet/licenciaspermisos?c1c83abeba16aeae822af286b4734c8d,INS,0,,,,gx-no-cache=1490704288337 HTTP/1.1" 200 93
186.103.159.230 - - [28/Mar/2017:09:30:20 -0300] "GET /cormun/servlet/hpexe_return? HTTP/1.1" 200 1010
186.103.159.230 - - [28/Mar/2017:09:30:20 -0300] "GET /cormun/static/gxcfg.js?2016101716175148 HTTP/1.1" 200 953
186.103.159.230 - - [28/Mar/2017:09:30:20 -0300] "GET /cormun/static/hpexe_return.js?2016101716175153 HTTP/1.1" 200 1633
186.103.159.230 - - [28/Mar/2017:09:30:20 -0300] "GET /cormun/servlet/trlicencias HTTP/1.1" 200 8002
186.103.159.230 - - [28/Mar/2017:09:30:21 -0300] "GET /cormun//static/Resources/PXToolsGridUpdate.png HTTP/1.1" 200 2984
186.103.159.230 - - [28/Mar/2017:09:30:21 -0300] "GET /cormun//static/Resources/PXToolsHeaderHelp.png HTTP/1.1" 200 4055
186.103.159.230 - - [28/Mar/2017:09:30:21 -0300] "GET /cormun//static/Resources/PXTools/ActionInsert.png HTTP/1.1" 200 1482
186.103.159.230 - - [28/Mar/2017:09:30:21 -0300] "GET /cormun//static/Resources/PXToolsActionPrint.png HTTP/1.1" 200 3317
186.103.159.230 - - [28/Mar/2017:09:30:21 -0300] "GET /cormun//static/Resources/PXToolsHeaderFavorites.png HTTP/1.1" 200 2744
186.103.159.230 - - [28/Mar/2017:09:30:21 -0300] "GET /cormun/servlet/trlicencias HTTP/1.1" 200 7997
186.103.159.230 - - [28/Mar/2017:09:30:21 -0300] "GET /cormun//static/Resources/PXToolsGridDelete.png HTTP/1.1" 200 357
186.103.159.230 - - [28/Mar/2017:09:30:21 -0300] "GET /cormun//static/Resources/PXToolsGridDisplay.png HTTP/1.1" 200 362
192.168.10.13 - - [28/Mar/2017:09:30:38 -0300] "GET / HTTP/1.1" 200 11217
186.103.159.230 - - [28/Mar/2017:09:30:38 -0300] "GET /cormun/servlet/trlicenciaspermisosadjuntos?9195811,20170328000000,L, HTTP/1.1" 200 6320
186.103.159.230 - - [28/Mar/2017:09:30:38 -0300] "GET /cormun/static/gxcfg.js?20173171154619 HTTP/1.1" 200 953
186.103.159.230 - - [28/Mar/2017:09:30:38 -0300] "GET /cormun/static/gxui/gxui-all.css?110300 HTTP/1.1" 200 2179
186.103.159.230 - - [28/Mar/2017:09:30:38 -0300] "GET /cormun/static/Shared/ext/resources/css/ext-all.css?205870 HTTP/1.1" 200 416045
186.103.159.230 - - [28/Mar/2017:09:30:38 -0300] "GET /cormun/static/trlicenciaspermisosadjuntos.js?20173171154971 HTTP/1.1" 200 21005
186.103.159.230 - - [28/Mar/2017:09:30:39 -0300] "GET /cormun/servlet/trlicenciaspermisosadjuntos?9195811,20170328000000,L, HTTP/1.1" 200 6320
186.103.159.230 - - [28/Mar/2017:09:30:44 -0300] "GET /cormun/servlet/licenciaspermisosadjuntos?INS,9195811,L,20170328000000,, HTTP/1.1" 200 5614
186.103.159.230 - - [28/Mar/2017:09:30:44 -0300] "GET /cormun/static/gxcfg.js?201731711421170 HTTP/1.1" 200 953
186.103.159.230 - - [28/Mar/2017:09:30:44 -0300] "GET /cormun/static/licenciaspermisosadjuntos.js?201731711421181 HTTP/1.1" 200 8757
186.103.159.230 - - [28/Mar/2017:09:30:44 -0300] "GET /cormun/static/about:blank HTTP/1.1" 404 1011
186.103.159.230 - - [28/Mar/2017:09:30:44 -0300] "GET /cormun/servlet/licenciaspermisosadjuntos?INS,9195811,L,20170328000000,, HTTP/1.1" 200 5604
192.168.10.62 - - [28/Mar/2017:09:31:16 -0300] "POST /cormun/servlet/trsolicitudgral?b788ff355cdd1e6af67d5b26ebb5b9d7,gx-no-cache=1490707554584 HTTP/1.1" 200 4914
186.103.159.230 - - [28/Mar/2017:09:31:16 -0300] "POST /cormun/servlet/licenciaspermisosadjuntos?c1c83abeba16aeae822af286b4734c8d,INS,9195811,L,20170328000000,, HTTP/1.1" 200 116
186.103.159.230 - - [28/Mar/2017:09:31:16 -0300] "GET /cormun/servlet/hpexe_return? HTTP/1.1" 200 1037
186.103.159.230 - - [28/Mar/2017:09:31:16 -0300] "GET /cormun/servlet/trlicenciaspermisosadjuntos?9195811,20170328000000,L, HTTP/1.1" 200 6797
186.103.159.230 - - [28/Mar/2017:09:31:17 -0300] "GET /cormun/servlet/trlicenciaspermisosadjuntos?9195811,20170328000000,L, HTTP/1.1" 200 6794
192.168.10.62 - - [28/Mar/2017:09:31:21 -0300] "POST /cormun/servlet/trsolicitudgral?b788ff355cdd1e6af67d5b26ebb5b9d7,gx-no-cache=1490707559694 HTTP/1.1" 200 4702
186.103.159.230 - - [28/Mar/2017:09:31:24 -0300] "GET /cormun/servlet/trlicencias? HTTP/1.1" 200 7998
186.103.159.230 - - [28/Mar/2017:09:31:25 -0300] "GET /cormun/servlet/trlicencias? HTTP/1.1" 200 7997
192.168.10.62 - - [28/Mar/2017:09:31:27 -0300] "POST /cormun/servlet/trsolicitudgral?b788ff355cdd1e6af67d5b26ebb5b9d7,gx-no-cache=1490707565895 HTTP/1.1" 200 4701
186.103.159.230 - - [28/Mar/2017:09:31:30 -0300] "POST /cormun/servlet/trlicencias?c1c83abeba16aeae822af286b4734c8d,,gx-no-cache=1490704358276 HTTP/1.1" 200 4242
186.103.159.230 - - [28/Mar/2017:09:31:30 -0300] "GET /cormun/static/Shared/jqueryui/images/ui-bg_highlight-soft_100_c6c2c8_1x100.png HTTP/1.1" 404 1117
186.103.159.230 - - [28/Mar/2017:09:31:30 -0300] "GET /cormun/static/Shared/jqueryui/images/ui-icons_82798d_256x240.png HTTP/1.1" 404 1089
186.103.159.230 - - [28/Mar/2017:09:31:30 -0300] "GET /cormun/static/Shared/jqueryui/images/ui-bg_flat_55_fafafa_40x100.png HTTP/1.1" 404 1097
186.103.159.230 - - [28/Mar/2017:09:31:30 -0300] "GET /cormun/static/Shared/jqueryui/images/ui-icons_8d78a5_256x240.png HTTP/1.1" 404 1089
192.168.10.62 - - [28/Mar/2017:09:31:31 -0300] "POST /cormun/servlet/trsolicitudgral?b788ff355cdd1e6af67d5b26ebb5b9d7,gx-no-cache=1490707570295 HTTP/1.1" 200 4700
192.168.10.62 - - [28/Mar/2017:09:31:36 -0300] "POST /cormun/servlet/trsolicitudgral?b788ff355cdd1e6af67d5b26ebb5b9d7,gx-no-cache=1490707574981 HTTP/1.1" 200 6012
192.168.10.13 - - [28/Mar/2017:09:31:38 -0300] "GET / HTTP/1.1" 200 11217
192.168.10.62 - - [28/Mar/2017:09:31:38 -0300] "POST /cormun/servlet/trsolicitudgral?b788ff355cdd1e6af67d5b26ebb5b9d7,gx-no-cache=1490707577217 HTTP/1.1" 200 105
192.168.10.62 - - [28/Mar/2017:09:31:38 -0300] "POST /cormun/servlet/trsolicitudgral?b788ff355cdd1e6af67d5b26ebb5b9d7,gx-no-cache=1490707577295 HTTP/1.1" 200 5995
192.168.10.62 - - [28/Mar/2017:09:31:38 -0300] "GET /cormun/SolicitudGral-1947.xls HTTP/1.1" 200 5632
186.103.158.250 - - [28/Mar/2017:09:32:02 -0300] "GET /cormun/servlet/hlogin HTTP/1.1" 200 1723
186.103.158.250 - - [28/Mar/2017:09:32:22 -0300] "POST /cormun/servlet/hlogin?33a2aef2d3a16ec24b5fa70f9b781244,gx-no-cache=1490704409705 HTTP/1.1" 200 90
186.103.158.250 - - [28/Mar/2017:09:32:22 -0300] "GET /cormun/servlet/hpexe_link HTTP/1.1" 200 953
186.103.158.250 - - [28/Mar/2017:09:32:22 -0300] "GET /cormun/servlet/hhome HTTP/1.1" 200 3764
186.103.158.250 - - [28/Mar/2017:09:32:24 -0300] "GET /cormun/servlet/hhome HTTP/1.1" 200 3760
186.103.158.250 - - [28/Mar/2017:09:32:27 -0300] "GET /cormun/servlet/trsolicitudot? HTTP/1.1" 200 8500
186.103.158.250 - - [28/Mar/2017:09:32:28 -0300] "GET /cormun/static/gxcfg.js?201731711505139 HTTP/1.1" 304 -
186.103.158.250 - - [28/Mar/2017:09:32:28 -0300] "GET /cormun/static/trsolicitudot.js?20173171151116 HTTP/1.1" 304 -
186.103.158.250 - - [28/Mar/2017:09:32:29 -0300] "GET /cormun/servlet/trsolicitudot? HTTP/1.1" 200 8498
186.103.158.250 - - [28/Mar/2017:09:32:33 -0300] "GET /cormun/servlet/solicitudot?INS,0,0, HTTP/1.1" 200 12568
186.103.158.250 - - [28/Mar/2017:09:32:33 -0300] "GET /cormun/static/Resources/Spanish/PXTools.css?18365030 HTTP/1.1" 200 89042
186.103.158.250 - - [28/Mar/2017:09:32:33 -0300] "GET /cormun/static/gxcfg.js?20171191042720 HTTP/1.1" 304 -
186.103.158.250 - - [28/Mar/2017:09:32:33 -0300] "GET /cormun/static/solicitudot.js?2017119104297 HTTP/1.1" 304 -
186.103.158.250 - - [28/Mar/2017:09:32:34 -0300] "GET /cormun/servlet/solicitudot?INS,0,0, HTTP/1.1" 200 12573
192.168.10.13 - - [28/Mar/2017:09:32:38 -0300] "GET / HTTP/1.1" 200 11217
186.103.158.250 - - [28/Mar/2017:09:32:50 -0300] "POST /cormun/servlet/solicitudot?gx-no-cache=1490704437713 HTTP/1.1" 200 3200
186.103.158.250 - - [28/Mar/2017:09:32:50 -0300] "GET /cormun/static/Shared/jqueryui/images/ui-bg_highlight-soft_100_c6c2c8_1x100.png HTTP/1.1" 404 1117
186.103.158.250 - - [28/Mar/2017:09:32:50 -0300] "GET /cormun/static/Shared/jqueryui/images/ui-icons_82798d_256x240.png HTTP/1.1" 404 1089
186.103.158.250 - - [28/Mar/2017:09:32:50 -0300] "GET /cormun/static/Shared/jqueryui/images/ui-bg_flat_55_994d53_40x100.png HTTP/1.1" 404 1097
186.103.158.250 - - [28/Mar/2017:09:32:50 -0300] "GET /cormun/static/Shared/jqueryui/images/ui-icons_ebccce_256x240.png HTTP/1.1" 404 1089
186.103.158.250 - - [28/Mar/2017:09:32:53 -0300] "POST /cormun/servlet/solicitudot?gx-no-cache=1490704440639 HTTP/1.1" 200 3200
186.103.158.250 - - [28/Mar/2017:09:32:53 -0300] "GET /cormun/servlet/solicitudot?c63351e63a636ca9282578168b9db58764b417e8caebf3e1b038127d0f4f50b69f30a92bd406ad69f25786ca3617d305,gx-no-cache=1490704440862 HTTP/1.1" 200 30
192.168.10.62 - - [28/Mar/2017:09:33:15 -0300] "POST /cormun/servlet/trsolicitudgral?b788ff355cdd1e6af67d5b26ebb5b9d7,gx-no-cache=1490707674041 HTTP/1.1" 200 4890
192.168.10.62 - - [28/Mar/2017:09:33:21 -0300] "POST /cormun/servlet/trsolicitudgral?b788ff355cdd1e6af67d5b26ebb5b9d7,gx-no-cache=1490707679985 HTTP/1.1" 200 6027
192.168.10.62 - - [28/Mar/2017:09:33:24 -0300] "POST /cormun/servlet/trsolicitudgral?b788ff355cdd1e6af67d5b26ebb5b9d7,gx-no-cache=1490707683133 HTTP/1.1" 200 105
192.168.10.62 - - [28/Mar/2017:09:33:24 -0300] "POST /cormun/servlet/trsolicitudgral?b788ff355cdd1e6af67d5b26ebb5b9d7,gx-no-cache=1490707683216 HTTP/1.1" 200 6009
192.168.10.62 - - [28/Mar/2017:09:33:24 -0300] "GET /cormun/SolicitudGral-8979.xls HTTP/1.1" 200 5632
192.168.10.13 - - [28/Mar/2017:09:33:38 -0300] "GET / HTTP/1.1" 200 11217
200.111.191.210 - - [28/Mar/2017:09:34:06 -0300] "GET /cormun/servlet/hlogin HTTP/1.1" 200 1729
200.111.191.210 - - [28/Mar/2017:09:34:06 -0300] "GET /cormun/static/Resources/Spanish/PXTools.css?11294912 HTTP/1.1" 304 -
200.111.191.210 - - [28/Mar/2017:09:34:06 -0300] "GET /cormun/static/gxcfg.js?201731711485472 HTTP/1.1" 304 -
200.111.191.210 - - [28/Mar/2017:09:34:06 -0300] "GET /cormun/static/messages.spa.js?85251 HTTP/1.1" 304 -
200.111.191.210 - - [28/Mar/2017:09:34:06 -0300] "GET /cormun/static/hlogin.js?201731711485490 HTTP/1.1" 304 -
200.111.191.210 - - [28/Mar/2017:09:34:07 -0300] "GET /cormun/servlet/hlogin HTTP/1.1" 200 1739
200.111.191.210 - - [28/Mar/2017:09:34:24 -0300] "POST /cormun/servlet/hlogin?dd5fe1401b102ccb6881bddf56f2837b,gx-no-cache=1490708038589 HTTP/1.1" 200 90
200.111.191.210 - - [28/Mar/2017:09:34:24 -0300] "GET /cormun/servlet/hpexe_link HTTP/1.1" 200 955
200.111.191.210 - - [28/Mar/2017:09:34:24 -0300] "GET /cormun/static/gxcfg.js?201731711483381 HTTP/1.1" 200 953
200.111.191.210 - - [28/Mar/2017:09:34:24 -0300] "GET /cormun/static/hpexe_link.js?201731711483384 HTTP/1.1" 200 625
200.111.191.210 - - [28/Mar/2017:09:34:24 -0300] "GET /cormun/servlet/hhome HTTP/1.1" 200 3949
200.111.191.210 - - [28/Mar/2017:09:34:24 -0300] "GET /cormun/static/gxcfg.js?201731711483497 HTTP/1.1" 200 953
200.111.191.210 - - [28/Mar/2017:09:34:24 -0300] "GET /cormun/static/hhome.js?20173171148352 HTTP/1.1" 200 777
200.111.191.210 - - [28/Mar/2017:09:34:25 -0300] "GET /cormun/static/hwchdr01.js?201731711335950 HTTP/1.1" 304 -
200.111.191.210 - - [28/Mar/2017:09:34:25 -0300] "GET /cormun/static/hpexe_recentlink.js?201610171694390 HTTP/1.1" 304 -
200.111.191.210 - - [28/Mar/2017:09:34:25 -0300] "GET /cormun/static/hpexe_scripts.js?201731711335890 HTTP/1.1" 304 -
200.111.191.210 - - [28/Mar/2017:09:34:25 -0300] "GET /cormun/static/hpexe_messagecontroller.js?201610171694323 HTTP/1.1" 304 -
200.111.191.210 - - [28/Mar/2017:09:34:25 -0300] "GET /cormun/static/hpexe_messagepopupcomponent.js?20161017169425 HTTP/1.1" 304 -
200.111.191.210 - - [28/Mar/2017:09:34:25 -0300] "GET /cormun/static/hpexe_messagegenexuscomponent.js?201731711335537 HTTP/1.1" 304 -
200.111.191.210 - - [28/Mar/2017:09:34:25 -0300] "GET /cormun/static/cmcontrolpreferences.js?201731711335852 HTTP/1.1" 304 -
200.111.191.210 - - [28/Mar/2017:09:34:25 -0300] "GET /cormun/static/hmpwkw03.js?201731711485354 HTTP/1.1" 304 -
200.111.191.210 - - [28/Mar/2017:09:34:25 -0300] "GET /cormun/servlet/hhome HTTP/1.1" 200 3945
200.111.191.210 - - [28/Mar/2017:09:34:25 -0300] "GET /cormun/static/SmoothNavMenu/resources/images/right.gif HTTP/1.1" 200 860
200.111.191.210 - - [28/Mar/2017:09:34:25 -0300] "GET /cormun/static/SmoothNavMenu/resources/images/down.gif HTTP/1.1" 200 854
192.168.10.89 - - [28/Mar/2017:09:34:28 -0300] "GET /cormun/servlet/trconsultaempleado? HTTP/1.1" 200 6688
200.111.191.210 - - [28/Mar/2017:09:34:35 -0300] "GET /cormun/servlet/trautorizarsolicitud? HTTP/1.1" 200 8146
200.111.191.210 - - [28/Mar/2017:09:34:35 -0300] "GET /cormun/static/gxui/gxui-all.css?120300 HTTP/1.1" 200 2179
200.111.191.210 - - [28/Mar/2017:09:34:35 -0300] "GET /cormun/static/calendar-system.css?85620 HTTP/1.1" 200 5572
200.111.191.210 - - [28/Mar/2017:09:34:35 -0300] "GET /cormun/static/gxcfg.js?2017259112829 HTTP/1.1" 200 953
200.111.191.210 - - [28/Mar/2017:09:34:35 -0300] "GET /cormun/static/Resources/Spanish/PXTools.css?18365030 HTTP/1.1" 200 89042
200.111.191.210 - - [28/Mar/2017:09:34:35 -0300] "GET /cormun/static/trautorizarsolicitud.js?2017259113483 HTTP/1.1" 200 53096
200.111.191.210 - - [28/Mar/2017:09:34:35 -0300] "GET /cormun/static/Shared/ext/resources/css/ext-all.css?215870 HTTP/1.1" 200 416045
200.111.191.210 - - [28/Mar/2017:09:34:36 -0300] "GET /cormun//static/Resources/PXToolsRemoveAllAction.png HTTP/1.1" 200 3558
200.111.191.210 - - [28/Mar/2017:09:34:36 -0300] "GET /cormun//static/Resources/PXToolsActionView.png HTTP/1.1" 200 2995
200.111.191.210 - - [28/Mar/2017:09:34:36 -0300] "GET /cormun/servlet/trautorizarsolicitud? HTTP/1.1" 200 8145
192.168.10.89 - - [28/Mar/2017:09:34:36 -0300] "POST /cormun/servlet/trconsultaempleado?7031db5127bc564a47a5005297b39cfa,,gx-no-cache=1490707755543 HTTP/1.1" 200 4121
192.168.10.89 - - [28/Mar/2017:09:34:38 -0300] "GET /cormun/servlet/trsolicitudnombre?15915422, HTTP/1.1" 200 7721
192.168.10.13 - - [28/Mar/2017:09:34:38 -0300] "GET / HTTP/1.1" 200 11217
200.111.191.210 - - [28/Mar/2017:09:34:38 -0300] "GET /cormun/servlet/trsolicitudot? HTTP/1.1" 200 6912
200.111.191.210 - - [28/Mar/2017:09:34:38 -0300] "GET /cormun/static/gxcfg.js?201731711505139 HTTP/1.1" 304 -
200.111.191.210 - - [28/Mar/2017:09:34:38 -0300] "GET /cormun/static/trsolicitudot.js?20173171151116 HTTP/1.1" 304 -
200.111.191.210 - - [28/Mar/2017:09:34:38 -0300] "GET /cormun/servlet/trsolicitudot? HTTP/1.1" 200 6912
200.111.191.210 - - [28/Mar/2017:09:34:40 -0300] "GET /cormun/static/menuarrow.gif HTTP/1.1" 404 1015
200.111.191.210 - - [28/Mar/2017:09:35:00 -0300] "POST /cormun/servlet/trsolicitudot?dd5fe1401b102ccb6881bddf56f2837b,,gx-no-cache=1490708074021 HTTP/1.1" 200 6895
200.111.191.210 - - [28/Mar/2017:09:35:09 -0300] "POST /cormun/servlet/trsolicitudot?dd5fe1401b102ccb6881bddf56f2837b,,gx-no-cache=1490708083252 HTTP/1.1" 200 6598
200.111.191.210 - - [28/Mar/2017:09:35:09 -0300] "GET /cormun/static/Shared/jqueryui/images/ui-bg_highlight-soft_100_c6c2c8_1x100.png HTTP/1.1" 404 1117
200.111.191.210 - - [28/Mar/2017:09:35:09 -0300] "GET /cormun/static/Shared/jqueryui/images/ui-icons_82798d_256x240.png HTTP/1.1" 404 1089
200.111.191.210 - - [28/Mar/2017:09:35:09 -0300] "GET /cormun/static/Shared/jqueryui/images/ui-bg_flat_55_fafafa_40x100.png HTTP/1.1" 404 1097
200.111.191.210 - - [28/Mar/2017:09:35:09 -0300] "GET /cormun/static/Shared/jqueryui/images/ui-icons_8d78a5_256x240.png HTTP/1.1" 404 1089
200.111.191.210 - - [28/Mar/2017:09:35:10 -0300] "POST /cormun/servlet/trsolicitudot?dd5fe1401b102ccb6881bddf56f2837b,,gx-no-cache=1490708083844 HTTP/1.1" 200 6541
192.168.10.89 - - [28/Mar/2017:09:35:18 -0300] "GET /cormun/servlet/trsolicitudgral? HTTP/1.1" 200 17509
192.168.10.89 - - [28/Mar/2017:09:35:18 -0300] "GET /cormun/static/Resources/Spanish/PXTools.css?18365030 HTTP/1.1" 304 -
186.103.158.250 - - [28/Mar/2017:09:35:34 -0300] "GET /cormun/servlet/solicitudot?c63351e63a636ca9282578168b9db587e40f6103c2037794b5414acca9956567b423291cdf3d2f8a6db8e222bb5fe4bc1c8bac37e250b9172b59927f5b4839ed465cebfe236b0b93f931b828c7adb3a583799c7e2fa701a656af922f7354f55c47d2cf64dd9039a9f8ac388c5eb39ee247523e8fc23a00d3586b0dda03c726264a3c6daa451229a604e96819854c8228e0b555978db7fd40c63df35850d9ca346b16fb25237a4a3e801c3c8a118edfb52c5416dfd63446483585361e411e98e7c9cbee7c26dab370e37d520569a9847cb724260592d937cf0aea10c2955b110421114eaac6a017201236840cfdf1361a6e8b8359953e3c966217acc9326049e1e3370bd4e14a95dfaa5accff66d5f5bb03e51d88b96c0adf2fcf59d2d4025f49c2023620ada2d329b89931667fc8a3731763185da20458dda7dc7cec9e859df73eb63dc1ae0dfc562b776a8e915e4787,gx-no-cache=1490704601846 HTTP/1.1" 200 297
186.103.158.250 - - [28/Mar/2017:09:35:34 -0300] "GET /cormun/servlet/solicitudot?c63351e63a636ca9282578168b9db58789c7aa97b0d54bbc9e9eb7455b36c9d8eb9de24f9c481c6fb7a68b3b7dbae77ad24e2546b998a1e196bb5c0361ddd4d1c908119fffe62821f198fffc73f474626c468a59ac339917db694e48aa9190210575adf02072fae05c6d2150a5606b6adc61bebf426aa82513930a8ee60b6a1960e08423de32bc26aeab37a01701cbf4994eac68882f69c5cf6b5d87449b226baa81389f3fe5b2679307c2d3272255490668cbfeb648ad04daa212a49fef871bfe31f1de9145a9850a508611247b13d770b80319bdbe1b730507978149467fcc9c7912afe73ad2eb0fa17126282daba276dc52a86101ace3d65cfa6c2381c8474c6d1fdebfe62698df54d16f9bea7f89d372109e9cf30722eda72dd12d525b37ff9dbcea8655db2b7e46f1ec03c16e18a375ded9b62698861247e38f96b30e9b0fe9d2411e02fbda87ea2398d75b0279f72ac04892fb59493cd7f178148f5f91ae8e2855386e8a7595d0450c01a947c8ded2ba0a389e007cf75f9b1ad07bc229d1ab90fe585028844213a9c63e4f82a1,gx-no-cache=1490704602006 HTTP/1.1" 200 30
192.168.10.13 - - [28/Mar/2017:09:35:38 -0300] "GET / HTTP/1.1" 200 11217
186.103.158.250 - - [28/Mar/2017:09:35:41 -0300] "POST /cormun/servlet/solicitudot?gx-no-cache=1490704608321 HTTP/1.1" 200 30
186.103.158.250 - - [28/Mar/2017:09:35:43 -0300] "POST /cormun/servlet/solicitudot?gx-no-cache=1490704610118 HTTP/1.1" 200 235
186.103.158.250 - - [28/Mar/2017:09:35:43 -0300] "POST /cormun/servlet/solicitudot?gx-no-cache=1490704610208 HTTP/1.1" 200 38
192.168.10.89 - - [28/Mar/2017:09:36:17 -0300] "POST /cormun/servlet/trsolicitudgral?7031db5127bc564a47a5005297b39cfa,,gx-no-cache=1490707855743 HTTP/1.1" 200 5412
192.168.10.89 - - [28/Mar/2017:09:36:28 -0300] "POST /cormun/servlet/trsolicitudgral?7031db5127bc564a47a5005297b39cfa,,gx-no-cache=1490707867153 HTTP/1.1" 200 5412
192.168.10.89 - - [28/Mar/2017:09:36:36 -0300] "GET /cormun/servlet/trsolicitudgral? HTTP/1.1" 200 8705
186.103.158.250 - - [28/Mar/2017:09:36:36 -0300] "GET /cormun/servlet/solicitudot?c63351e63a636ca9282578168b9db58789c7aa97b0d54bbc9e9eb7455b36c9d8eb9de24f9c481c6fb7a68b3b7dbae77ad24e2546b998a1e196bb5c0361ddd4d1c908119fffe62821f198fffc73f474626c468a59ac339917db694e48aa9190210575adf02072fae05c6d2150a5606b6adc61bebf426aa82513930a8ee60b6a1960e08423de32bc26aeab37a01701cbf4994eac68882f69c5cf6b5d87449b226baa81389f3fe5b2679307c2d3272255490668cbfeb648ad04daa212a49fef871bfe31f1de9145a9850a508611247b13d770b80319bdbe1b730507978149467fcc9c7912afe73ad2eb0fa17126282daba2a2c3a3289e6c85bee58deda238468a594c6d1fdebfe62698df54d16f9bea7f89d372109e9cf30722eda72dd12d525b37ff9dbcea8655db2b7e46f1ec03c16e18a375ded9b62698861247e38f96b30e9b0fe9d2411e02fbda87ea2398d75b0279f72ac04892fb59493cd7f178148f5f91ae8e2855386e8a7595d0450c01a947c8008fc45ad32a918bd3dac0f6ff3c3c02d1ab90fe585028844213a9c63e4f82a1,gx-no-cache=1490704664026 HTTP/1.1" 200 30
192.168.10.13 - - [28/Mar/2017:09:36:38 -0300] "GET / HTTP/1.1" 200 11217
192.168.10.62 - - [28/Mar/2017:09:36:41 -0300] "POST /cormun/servlet/trsolicitudgral?b788ff355cdd1e6af67d5b26ebb5b9d7,gx-no-cache=1490707879825 HTTP/1.1" 200 4904
192.168.10.89 - - [28/Mar/2017:09:36:43 -0300] "POST /cormun/servlet/trsolicitudgral?7031db5127bc564a47a5005297b39cfa,,gx-no-cache=1490707881649 HTTP/1.1" 200 5397
200.111.191.210 - - [28/Mar/2017:09:36:43 -0300] "POST /cormun/servlet/trsolicitudot?dd5fe1401b102ccb6881bddf56f2837b,,gx-no-cache=1490708176956 HTTP/1.1" 200 5449
186.103.158.250 - - [28/Mar/2017:09:36:46 -0300] "POST /cormun/servlet/solicitudot?gx-no-cache=1490704673386 HTTP/1.1" 200 30
186.103.158.250 - - [28/Mar/2017:09:36:46 -0300] "POST /cormun/servlet/solicitudot?gx-no-cache=1490704673487 HTTP/1.1" 200 656
186.103.158.250 - - [28/Mar/2017:09:36:46 -0300] "POST /cormun/servlet/solicitudot?gx-no-cache=1490704673593 HTTP/1.1" 200 38
200.111.191.210 - - [28/Mar/2017:09:36:50 -0300] "GET /cormun/servlet/trautorizarsolicitud? HTTP/1.1" 200 8146
200.111.191.210 - - [28/Mar/2017:09:36:50 -0300] "GET /cormun/servlet/trautorizarsolicitud? HTTP/1.1" 200 8145
200.111.191.210 - - [28/Mar/2017:09:36:54 -0300] "GET /cormun/static/menuarrow.gif HTTP/1.1" 404 1015
200.111.191.210 - - [28/Mar/2017:09:36:58 -0300] "POST /cormun/servlet/trautorizarsolicitud?dd5fe1401b102ccb6881bddf56f2837b,,gx-no-cache=1490708192157 HTTP/1.1" 200 5871
192.168.10.89 - - [28/Mar/2017:09:37:00 -0300] "POST /cormun/servlet/trsolicitudgral?7031db5127bc564a47a5005297b39cfa,,gx-no-cache=1490707898589 HTTP/1.1" 200 6665
200.111.191.210 - - [28/Mar/2017:09:37:01 -0300] "POST /cormun/servlet/trautorizarsolicitud?dd5fe1401b102ccb6881bddf56f2837b,,gx-no-cache=1490708195633 HTTP/1.1" 200 5462
200.111.191.210 - - [28/Mar/2017:09:37:01 -0300] "GET /cormun/static/Shared/jqueryui/images/ui-bg_highlight-soft_100_c6c2c8_1x100.png HTTP/1.1" 404 1117
200.111.191.210 - - [28/Mar/2017:09:37:01 -0300] "GET /cormun/static/Shared/jqueryui/images/ui-icons_82798d_256x240.png HTTP/1.1" 404 1089
200.111.191.210 - - [28/Mar/2017:09:37:01 -0300] "GET /cormun/static/Shared/jqueryui/images/ui-bg_flat_55_fafafa_40x100.png HTTP/1.1" 404 1097
200.111.191.210 - - [28/Mar/2017:09:37:01 -0300] "GET /cormun/static/Shared/jqueryui/images/ui-icons_8d78a5_256x240.png HTTP/1.1" 404 1089
200.111.191.210 - - [28/Mar/2017:09:37:02 -0300] "POST /cormun/servlet/trautorizarsolicitud?dd5fe1401b102ccb6881bddf56f2837b,,gx-no-cache=1490708195887 HTTP/1.1" 200 5407
192.168.10.62 - - [28/Mar/2017:09:37:02 -0300] "POST /cormun/servlet/trsolicitudgral?b788ff355cdd1e6af67d5b26ebb5b9d7,gx-no-cache=1490707901195 HTTP/1.1" 200 4701
192.168.10.62 - - [28/Mar/2017:09:37:06 -0300] "POST /cormun/servlet/trsolicitudgral?b788ff355cdd1e6af67d5b26ebb5b9d7,gx-no-cache=1490707905017 HTTP/1.1" 200 4699
192.168.10.89 - - [28/Mar/2017:09:37:09 -0300] "GET /cormun/servlet/trconsultaempleado? HTTP/1.1" 200 6671
200.111.191.210 - - [28/Mar/2017:09:37:12 -0300] "POST /cormun/servlet/trautorizarsolicitud?dd5fe1401b102ccb6881bddf56f2837b,,gx-no-cache=1490708206728 HTTP/1.1" 200 115
200.111.191.210 - - [28/Mar/2017:09:37:12 -0300] "GET /cormun/servlet/solicitudotlog?INS,2017,5572,0,REC, HTTP/1.1" 200 5741
200.111.191.210 - - [28/Mar/2017:09:37:13 -0300] "GET /cormun/static/gxcfg.js?201731711401563 HTTP/1.1" 200 953
200.111.191.210 - - [28/Mar/2017:09:37:13 -0300] "GET /cormun/static/solicitudotlog.js?201731711401579 HTTP/1.1" 200 8925
200.111.191.210 - - [28/Mar/2017:09:37:13 -0300] "GET /cormun/servlet/solicitudotlog?INS,2017,5572,0,REC, HTTP/1.1" 200 5741
200.111.191.210 - - [28/Mar/2017:09:37:13 -0300] "GET /cormun/servlet/solicitudotlog?1c9134bedfcb54b959de4c105ce1fa3b9cb31ed58236b0db768857479b7325c337c213018c0c5b8e2ab1970ea0b3387b614f3887c07862bca1023657af0d337ba264b0083913275a36177a4b056434436243d29ae1857203a5ce67a8e1844d3d0a540e8f01b3931c56360c41152f1f62c0b0f32941bef85b1f9ddd70d43cf4b5b69eb52821cec79b6ae7a056245094a629a33536344b46eea1b86658bff3ef52,gx-no-cache=1490708207810 HTTP/1.1" 200 94
192.168.10.62 - - [28/Mar/2017:09:37:14 -0300] "POST /cormun/servlet/trsolicitudgral?b788ff355cdd1e6af67d5b26ebb5b9d7,gx-no-cache=1490707912647 HTTP/1.1" 200 12221
192.168.10.89 - - [28/Mar/2017:09:37:14 -0300] "GET /cormun/servlet/trsolicitudnombre?15915422, HTTP/1.1" 200 7720
200.111.191.210 - - [28/Mar/2017:09:37:23 -0300] "POST /cormun/servlet/solicitudotlog?dd5fe1401b102ccb6881bddf56f2837b,INS,2017,5572,0,REC,,gx-no-cache=1490708217088 HTTP/1.1" 200 93
200.111.191.210 - - [28/Mar/2017:09:37:23 -0300] "GET /cormun/servlet/hpexe_return? HTTP/1.1" 200 1032
200.111.191.210 - - [28/Mar/2017:09:37:23 -0300] "GET /cormun/static/gxcfg.js?2016101716175148 HTTP/1.1" 200 953
200.111.191.210 - - [28/Mar/2017:09:37:23 -0300] "GET /cormun/static/hpexe_return.js?2016101716175153 HTTP/1.1" 304 -
200.111.191.210 - - [28/Mar/2017:09:37:23 -0300] "GET /cormun/static/Resources/Spanish/PXTools.css?167811 HTTP/1.1" 200 89042
200.111.191.210 - - [28/Mar/2017:09:37:23 -0300] "GET /cormun/servlet/trautorizarsolicitud? HTTP/1.1" 200 6869
186.103.158.250 - - [28/Mar/2017:09:37:23 -0300] "POST /cormun/servlet/solicitudot?gx-no-cache=1490704710993 HTTP/1.1" 200 257
200.111.191.210 - - [28/Mar/2017:09:37:23 -0300] "GET /cormun/servlet/trautorizarsolicitud? HTTP/1.1" 200 6866
192.168.10.89 - - [28/Mar/2017:09:37:27 -0300] "GET /cormun/servlet/trsolicitudgral? HTTP/1.1" 200 10402
192.168.10.89 - - [28/Mar/2017:09:37:32 -0300] "GET /cormun/static/menuarrow.gif HTTP/1.1" 404 1015
192.168.10.62 - - [28/Mar/2017:09:37:33 -0300] "POST /cormun/servlet/trsolicitudgral?b788ff355cdd1e6af67d5b26ebb5b9d7,gx-no-cache=1490707931724 HTTP/1.1" 200 6400
186.103.158.250 - - [28/Mar/2017:09:37:33 -0300] "POST /cormun/servlet/solicitudot?gx-no-cache=1490704720457 HTTP/1.1" 200 297
192.168.10.62 - - [28/Mar/2017:09:37:34 -0300] "POST /cormun/servlet/trsolicitudgral?b788ff355cdd1e6af67d5b26ebb5b9d7,gx-no-cache=1490707933086 HTTP/1.1" 200 105
192.168.10.62 - - [28/Mar/2017:09:37:34 -0300] "POST /cormun/servlet/trsolicitudgral?b788ff355cdd1e6af67d5b26ebb5b9d7,gx-no-cache=1490707933185 HTTP/1.1" 200 6381
192.168.10.62 - - [28/Mar/2017:09:37:34 -0300] "GET /cormun/SolicitudGral-9351.xls HTTP/1.1" 200 6144
192.168.10.13 - - [28/Mar/2017:09:37:38 -0300] "GET / HTTP/1.1" 200 11217
186.103.158.250 - - [28/Mar/2017:09:37:39 -0300] "GET /cormun/servlet/solicitudot?c63351e63a636ca9282578168b9db58789c7aa97b0d54bbc9e9eb7455b36c9d8eb9de24f9c481c6fb7a68b3b7dbae77ad24e2546b998a1e196bb5c0361ddd4d1c908119fffe62821f198fffc73f474626c468a59ac339917db694e48aa9190210575adf02072fae05c6d2150a5606b6adc61bebf426aa82513930a8ee60b6a1960e08423de32bc26aeab37a01701cbf4994eac68882f69c5cf6b5d87449b226baa81389f3fe5b2679307c2d3272255490668cbfeb648ad04daa212a49fef871bfe31f1de9145a9850a508611247b13d770b80319bdbe1b730507978149467fcc9c7912afe73ad2eb0fa17126282daba276dc52a86101ace3d65cfa6c2381c8474c6d1fdebfe62698df54d16f9bea7f89d372109e9cf30722eda72dd12d525b37ff9dbcea8655db2b7e46f1ec03c16e18a375ded9b62698861247e38f96b30e9b0fe9d2411e02fbda87ea2398d75b0279f72ac04892fb59493cd7f178148f5f91ae8e2855386e8a7595d0450c01a947c8008fc45ad32a918bd3dac0f6ff3c3c02d1ab90fe585028844213a9c63e4f82a1,gx-no-cache=1490704725782 HTTP/1.1" 200 30
186.103.158.250 - - [28/Mar/2017:09:37:39 -0300] "POST /cormun/servlet/solicitudot?gx-no-cache=1490704726231 HTTP/1.1" 200 30
186.103.158.250 - - [28/Mar/2017:09:37:39 -0300] "POST /cormun/servlet/solicitudot?gx-no-cache=1490704726372 HTTP/1.1" 200 656
192.168.10.89 - - [28/Mar/2017:09:37:39 -0300] "POST /cormun/servlet/trsolicitudgral?7031db5127bc564a47a5005297b39cfa,,gx-no-cache=1490707938192 HTTP/1.1" 200 6712
186.103.158.250 - - [28/Mar/2017:09:37:39 -0300] "POST /cormun/servlet/solicitudot?gx-no-cache=1490704726883 HTTP/1.1" 200 38
192.168.10.89 - - [28/Mar/2017:09:37:39 -0300] "GET /cormun/static/Shared/jqueryui/images/ui-icons_82798d_256x240.png HTTP/1.1" 404 1089
192.168.10.89 - - [28/Mar/2017:09:37:39 -0300] "GET /cormun/static/Shared/jqueryui/images/ui-bg_highlight-soft_100_c6c2c8_1x100.png HTTP/1.1" 404 1117
192.168.10.89 - - [28/Mar/2017:09:37:39 -0300] "GET /cormun/static/Shared/jqueryui/images/ui-bg_flat_55_fafafa_40x100.png HTTP/1.1" 404 1097
192.168.10.89 - - [28/Mar/2017:09:37:39 -0300] "GET /cormun/static/Shared/jqueryui/images/ui-icons_8d78a5_256x240.png HTTP/1.1" 404 1089
186.103.158.250 - - [28/Mar/2017:09:38:14 -0300] "GET /cormun/servlet/solicitudot?c63351e63a636ca9282578168b9db58794b6b438aec2f0bb5f6cf3088f6790186e8b8359953e3c966217acc9326049e1e3370bd4e14a95dfaa5accff66d5f5bb42453b08582ad7f3ebb32832592d5858,gx-no-cache=1490704761585 HTTP/1.1" 200 29
186.103.158.250 - - [28/Mar/2017:09:38:14 -0300] "POST /cormun/servlet/solicitudot?gx-no-cache=1490704761917 HTTP/1.1" 200 641
186.103.158.250 - - [28/Mar/2017:09:38:17 -0300] "POST /cormun/servlet/solicitudot?gx-no-cache=1490704764347 HTTP/1.1" 200 1157
186.103.158.250 - - [28/Mar/2017:09:38:31 -0300] "GET /cormun/static/menuarrow.gif HTTP/1.1" 404 1015
192.168.10.13 - - [28/Mar/2017:09:38:38 -0300] "GET / HTTP/1.1" 200 11217
186.103.158.250 - - [28/Mar/2017:09:38:52 -0300] "GET /cormun/servlet/solicitudot?c63351e63a636ca9282578168b9db587210c1f0568ad258b737931ef3f899239b7db58136ac8b005624007f05ecc0ff809f822a1b3844c42d78f4df04d7b8beae3370bd4e14a95dfaa5accff66d5f5bb97295f46ca70859fbb166117902c202812c7fec6450537ea842ac5e5e636e0c4155b23116c9f2c60f30a389d6511cb2d9584063bd1434a25e5c692d85cefc74d39e9d07778a0f9bc7a2a5f690b32e7e4f63aaa6e07e603ceec1e948e058a564c,gx-no-cache=1490704799699 HTTP/1.1" 200 30
186.103.158.250 - - [28/Mar/2017:09:39:16 -0300] "POST /cormun/servlet/solicitudot?33a2aef2d3a16ec24b5fa70f9b781244,INS,0,0,,gx-no-cache=1490704823863 HTTP/1.1" 200 11040
186.103.158.250 - - [28/Mar/2017:09:39:24 -0300] "POST /cormun/servlet/solicitudot?33a2aef2d3a16ec24b5fa70f9b781244,INS,0,0,,gx-no-cache=1490704831311 HTTP/1.1" 200 11095
192.168.10.13 - - [28/Mar/2017:09:39:38 -0300] "GET / HTTP/1.1" 200 11217
186.103.158.250 - - [28/Mar/2017:09:39:42 -0300] "GET /cormun/servlet/solicitudot?c63351e63a636ca9282578168b9db58789c7aa97b0d54bbc9e9eb7455b36c9d8eb9de24f9c481c6fb7a68b3b7dbae77ad24e2546b998a1e196bb5c0361ddd4d1c908119fffe62821f198fffc73f474626c468a59ac339917db694e48aa9190210575adf02072fae05c6d2150a5606b6adc61bebf426aa82513930a8ee60b6a1960e08423de32bc26aeab37a01701cbf4994eac68882f69c5cf6b5d87449b226baa81389f3fe5b2679307c2d3272255490668cbfeb648ad04daa212a49fef871bfe31f1de9145a9850a508611247b13d770b80319bdbe1b730507978149467fcc9c7912afe73ad2eb0fa17126282daba2a2c3a3289e6c85bee58deda238468a594c6d1fdebfe62698df54d16f9bea7f89fdbbfb36ad9212eaf4ae4554c57a1f3cc377c0ee1a497a9fe5a957ab466ed0d2265e48100f31744ea3de0f115d56c68dde99263d0728523bb38f44b8233874be,gx-no-cache=1490704849154 HTTP/1.1" 200 30
186.103.158.250 - - [28/Mar/2017:09:39:42 -0300] "POST /cormun/servlet/solicitudot?gx-no-cache=1490704849581 HTTP/1.1" 200 30
186.103.158.250 - - [28/Mar/2017:09:39:42 -0300] "POST /cormun/servlet/solicitudot?gx-no-cache=1490704849737 HTTP/1.1" 200 1286
186.103.158.250 - - [28/Mar/2017:09:39:42 -0300] "POST /cormun/servlet/solicitudot?gx-no-cache=1490704849862 HTTP/1.1" 200 41
186.103.158.250 - - [28/Mar/2017:09:40:00 -0300] "POST /cormun/servlet/solicitudot?gx-no-cache=1490704867889 HTTP/1.1" 200 1273
186.103.158.250 - - [28/Mar/2017:09:40:00 -0300] "POST /cormun/servlet/solicitudot?gx-no-cache=1490704867987 HTTP/1.1" 200 1157
186.103.158.250 - - [28/Mar/2017:09:40:01 -0300] "GET /cormun/servlet/solicitudot?c63351e63a636ca9282578168b9db587210c1f0568ad258b737931ef3f899239b7db58136ac8b005624007f05ecc0ff809f822a1b3844c42d78f4df04d7b8beae3370bd4e14a95dfaa5accff66d5f5bb97295f46ca70859fbb166117902c202812c7fec6450537ea842ac5e5e636e0c4155b23116c9f2c60f30a389d6511cb2d9584063bd1434a25e5c692d85cefc74d39e9d07778a0f9bc7a2a5f690b32e7e4f63aaa6e07e603ceec1e948e058a564c,gx-no-cache=1490704868105 HTTP/1.1" 200 30
186.103.158.250 - - [28/Mar/2017:09:40:01 -0300] "POST /cormun/servlet/solicitudot?33a2aef2d3a16ec24b5fa70f9b781244,INS,0,0,,gx-no-cache=1490704868211 HTTP/1.1" 200 11140
186.103.159.230 - - [28/Mar/2017:09:40:22 -0300] "GET /cormun/servlet/licenciaspermisos?INS,0,,, HTTP/1.1" 200 7358
186.103.159.230 - - [28/Mar/2017:09:40:23 -0300] "GET /cormun/servlet/licenciaspermisos?INS,0,,, HTTP/1.1" 200 7358
186.103.158.250 - - [28/Mar/2017:09:40:27 -0300] "GET /cormun/static/Resources/resize.gif HTTP/1.1" 200 77
186.103.159.230 - - [28/Mar/2017:09:40:33 -0300] "GET /cormun/servlet/prfichaempleado?,MD,,gxPopupLevel%3D0%3B HTTP/1.1" 200 8847
186.103.158.250 - - [28/Mar/2017:09:40:34 -0300] "GET /cormun/servlet/prfichaempleado?,MD,,gxPopupLevel%3D0%3B HTTP/1.1" 200 8823
186.103.158.250 - - [28/Mar/2017:09:40:34 -0300] "GET /cormun/static/Resources/Spanish/PXTools.css?167811 HTTP/1.1" 304 -
186.103.158.250 - - [28/Mar/2017:09:40:34 -0300] "GET /cormun/static/gxcfg.js?2016102420561687 HTTP/1.1" 200 953
186.103.158.250 - - [28/Mar/2017:09:40:34 -0300] "GET /cormun/static/prfichaempleado.js?201610242056198 HTTP/1.1" 200 16015
186.103.158.250 - - [28/Mar/2017:09:40:34 -0300] "GET /cormun/static/menusearch.js?201610171694467 HTTP/1.1" 200 1424
186.103.158.250 - - [28/Mar/2017:09:40:34 -0300] "GET /cormun/static/hmpwkw011.js?201731711483558 HTTP/1.1" 200 1968
186.103.158.250 - - [28/Mar/2017:09:40:34 -0300] "GET /cormun/static/Resources/PXToolsMenuSearch.png HTTP/1.1" 200 2914
186.103.158.250 - - [28/Mar/2017:09:40:34 -0300] "GET /cormun/static/Resources/PXToolsMenuSearchCancel.png HTTP/1.1" 200 2972
192.168.10.13 - - [28/Mar/2017:09:40:38 -0300] "GET / HTTP/1.1" 200 11217
186.103.159.230 - - [28/Mar/2017:09:40:47 -0300] "POST /cormun/servlet/prfichaempleado?c1c83abeba16aeae822af286b4734c8d,,MD,,gxPopupLevel%3D0%3B,gx-no-cache=1490704915666 HTTP/1.1" 200 5068
186.103.158.250 - - [28/Mar/2017:09:40:52 -0300] "POST /cormun/servlet/solicitudot?gx-no-cache=1490704919019 HTTP/1.1" 200 3226
186.103.158.250 - - [28/Mar/2017:09:40:52 -0300] "POST /cormun/servlet/solicitudot?gx-no-cache=1490704919335 HTTP/1.1" 200 297
186.103.158.250 - - [28/Mar/2017:09:40:52 -0300] "GET /cormun/servlet/solicitudot?c63351e63a636ca9282578168b9db58789c7aa97b0d54bbc9e9eb7455b36c9d8eb9de24f9c481c6fb7a68b3b7dbae77ad24e2546b998a1e196bb5c0361ddd4d1c908119fffe62821f198fffc73f474626c468a59ac339917db694e48aa9190210575adf02072fae05c6d2150a5606b6adc61bebf426aa82513930a8ee60b6a1960e08423de32bc26aeab37a01701cbf4994eac68882f69c5cf6b5d87449b226baa81389f3fe5b2679307c2d3272255490668cbfeb648ad04daa212a49fef871bfe31f1de9145a9850a508611247b13d770b80319bdbe1b730507978149467fcc9c7912afe73ad2eb0fa17126282daba2a2c3a3289e6c85bee58deda238468a594c6d1fdebfe62698df54d16f9bea7f89d372109e9cf30722eda72dd12d525b37ff9dbcea8655db2b7e46f1ec03c16e18a375ded9b62698861247e38f96b30e9b0fe9d2411e02fbda87ea2398d75b0279f72ac04892fb59493cd7f178148f5f91ae8e2855386e8a7595d0450c01a947c8008fc45ad32a918bd3dac0f6ff3c3c02d1ab90fe585028844213a9c63e4f82a1,gx-no-cache=1490704919392 HTTP/1.1" 200 30
186.103.158.250 - - [28/Mar/2017:09:40:52 -0300] "POST /cormun/servlet/solicitudot?gx-no-cache=1490704919620 HTTP/1.1" 200 30
186.103.158.250 - - [28/Mar/2017:09:40:52 -0300] "POST /cormun/servlet/solicitudot?gx-no-cache=1490704919732 HTTP/1.1" 200 1286
186.103.158.250 - - [28/Mar/2017:09:40:52 -0300] "POST /cormun/servlet/solicitudot?gx-no-cache=1490704919853 HTTP/1.1" 200 41
186.103.158.250 - - [28/Mar/2017:09:40:53 -0300] "POST /cormun/servlet/solicitudot?gx-no-cache=1490704919909 HTTP/1.1" 200 1273
186.103.158.250 - - [28/Mar/2017:09:40:53 -0300] "POST /cormun/servlet/solicitudot?gx-no-cache=1490704920346 HTTP/1.1" 200 1157
186.103.158.250 - - [28/Mar/2017:09:40:53 -0300] "GET /cormun/servlet/solicitudot?c63351e63a636ca9282578168b9db587210c1f0568ad258b737931ef3f899239b7db58136ac8b005624007f05ecc0ff809f822a1b3844c42d78f4df04d7b8beae3370bd4e14a95dfaa5accff66d5f5bb97295f46ca70859fbb166117902c202812c7fec6450537ea842ac5e5e636e0c4155b23116c9f2c60f30a389d6511cb2d9584063bd1434a25e5c692d85cefc74d39e9d07778a0f9bc7a2a5f690b32e7e4f63aaa6e07e603ceec1e948e058a564c,gx-no-cache=1490704920467 HTTP/1.1" 200 30
186.103.158.250 - - [28/Mar/2017:09:40:54 -0300] "POST /cormun/servlet/solicitudot?33a2aef2d3a16ec24b5fa70f9b781244,INS,0,0,,gx-no-cache=1490704920551 HTTP/1.1" 200 11192
186.103.159.230 - - [28/Mar/2017:09:40:57 -0300] "GET /cormun/servlet/licenciaspermisos?8d775d1eb3d7b8d00c1967ad33371eb68ab550a397a1e36ae97e10786b8405966ca5205c2cd41a97cf369991d5cd45ca,gx-no-cache=1490704925805 HTTP/1.1" 200 66
186.103.159.230 - - [28/Mar/2017:09:40:57 -0300] "POST /cormun/servlet/licenciaspermisos?c1c83abeba16aeae822af286b4734c8d,INS,0,,,,gx-no-cache=1490704925859 HTTP/1.1" 200 4624
192.168.10.96 - - [28/Mar/2017:09:40:58 -0300] "GET /cormun/servlet/vesolicitudnombre?2017,5370,,SolicitudOTAdjuntos HTTP/1.1" 200 10293
192.168.10.96 - - [28/Mar/2017:09:40:59 -0300] "GET /cormun/servlet/vesolicitudnombre?2017,5370,,SolicitudOTAdjuntos HTTP/1.1" 200 10295
192.168.10.96 - - [28/Mar/2017:09:41:00 -0300] "POST /cormun/servlet/acontrolpreferencessavestate?None,DZAMUDIO,true HTTP/1.1" 200 35
192.168.10.96 - - [28/Mar/2017:09:41:03 -0300] "GET /cormun/servlet/trinasistenciacormun? HTTP/1.1" 200 8459
192.168.10.96 - - [28/Mar/2017:09:41:03 -0300] "GET /cormun/static/gxcfg.js?201731711564076 HTTP/1.1" 200 953
192.168.10.96 - - [28/Mar/2017:09:41:03 -0300] "GET /cormun/static/trinasistenciacormun.js?201731711564619 HTTP/1.1" 200 29030
192.168.10.96 - - [28/Mar/2017:09:41:03 -0300] "GET /cormun/servlet/trinasistenciacormun? HTTP/1.1" 200 8436
192.168.10.96 - - [28/Mar/2017:09:41:04 -0300] "POST /cormun/servlet/acontrolpreferencessavestate?None,DZAMUDIO,true HTTP/1.1" 200 35
186.103.158.250 - - [28/Mar/2017:09:41:07 -0300] "GET /cormun/servlet/trautorizarsolicitud? HTTP/1.1" 200 6679
186.103.158.250 - - [28/Mar/2017:09:41:07 -0300] "GET /cormun/static/gxcfg.js?2017259112829 HTTP/1.1" 304 -
186.103.158.250 - - [28/Mar/2017:09:41:07 -0300] "GET /cormun/static/trautorizarsolicitud.js?2017259113483 HTTP/1.1" 304 -
186.103.158.250 - - [28/Mar/2017:09:41:08 -0300] "GET /cormun/servlet/trautorizarsolicitud? HTTP/1.1" 200 6679
192.168.10.96 - - [28/Mar/2017:09:41:12 -0300] "POST /cormun/servlet/trinasistenciacormun?830cba74cc17fc1d154698f886135b8d,,gx-no-cache=1490708151403 HTTP/1.1" 200 6561
192.168.10.96 - - [28/Mar/2017:09:41:12 -0300] "GET /cormun//static/Resources/PXToolsActionDisabled.gif HTTP/1.1" 200 53
186.103.158.250 - - [28/Mar/2017:09:41:17 -0300] "POST /cormun/servlet/solicitudot?33a2aef2d3a16ec24b5fa70f9b781244,INS,0,0,,gx-no-cache=1490704944873 HTTP/1.1" 200 93
186.103.158.250 - - [28/Mar/2017:09:41:18 -0300] "GET /cormun/servlet/hpexe_return? HTTP/1.1" 200 1005
186.103.158.250 - - [28/Mar/2017:09:41:18 -0300] "GET /cormun/static/gxcfg.js?2016101716175148 HTTP/1.1" 304 -
186.103.158.250 - - [28/Mar/2017:09:41:18 -0300] "GET /cormun/static/hpexe_return.js?2016101716175153 HTTP/1.1" 200 1633
186.103.158.250 - - [28/Mar/2017:09:41:18 -0300] "GET /cormun/servlet/solicitudot?INS,0,0, HTTP/1.1" 200 12574
186.103.158.250 - - [28/Mar/2017:09:41:19 -0300] "GET /cormun/servlet/solicitudot?INS,0,0, HTTP/1.1" 200 12575
186.103.158.250 - - [28/Mar/2017:09:41:23 -0300] "GET /cormun/servlet/solicitudot?INS,0,0, HTTP/1.1" 200 12570
186.103.158.250 - - [28/Mar/2017:09:41:25 -0300] "GET /cormun/servlet/solicitudot?INS,0,0, HTTP/1.1" 200 12575
192.168.10.96 - - [28/Mar/2017:09:41:31 -0300] "POST /cormun/servlet/trinasistenciacormun?830cba74cc17fc1d154698f886135b8d,,gx-no-cache=1490708170043 HTTP/1.1" 200 5643
186.103.158.250 - - [28/Mar/2017:09:41:32 -0300] "GET /cormun/servlet/trvisualizadoreventos? HTTP/1.1" 200 6507
186.103.158.250 - - [28/Mar/2017:09:41:32 -0300] "GET /cormun/static/gxcfg.js?201731711523419 HTTP/1.1" 200 953
186.103.158.250 - - [28/Mar/2017:09:41:32 -0300] "GET /cormun/static/Resources/PXToolsActionPrint.png HTTP/1.1" 200 3317
186.103.158.250 - - [28/Mar/2017:09:41:32 -0300] "GET /cormun/static/trvisualizadoreventos.js?20173171152387 HTTP/1.1" 200 19309
186.103.158.250 - - [28/Mar/2017:09:41:33 -0300] "GET /cormun/servlet/trvisualizadoreventos? HTTP/1.1" 200 6502
192.168.10.96 - - [28/Mar/2017:09:41:34 -0300] "POST /cormun/servlet/trinasistenciacormun?830cba74cc17fc1d154698f886135b8d,,gx-no-cache=1490708172639 HTTP/1.1" 200 5646
186.103.158.250 - - [28/Mar/2017:09:41:36 -0300] "GET /cormun/servlet/trsolicitudot? HTTP/1.1" 200 8498
192.168.10.96 - - [28/Mar/2017:09:41:36 -0300] "POST /cormun/servlet/trinasistenciacormun?830cba74cc17fc1d154698f886135b8d,,gx-no-cache=1490708175442 HTTP/1.1" 200 5645
186.103.158.250 - - [28/Mar/2017:09:41:37 -0300] "GET /cormun/servlet/trsolicitudot? HTTP/1.1" 200 8498
192.168.10.13 - - [28/Mar/2017:09:41:38 -0300] "GET / HTTP/1.1" 200 11217
192.168.10.96 - - [28/Mar/2017:09:41:39 -0300] "POST /cormun/servlet/trinasistenciacormun?830cba74cc17fc1d154698f886135b8d,,gx-no-cache=1490708177891 HTTP/1.1" 200 6561
192.168.10.96 - - [28/Mar/2017:09:41:45 -0300] "GET /cormun/servlet/trpermisosingoceadjunto?30,9519282, HTTP/1.1" 200 6660
192.168.10.96 - - [28/Mar/2017:09:41:45 -0300] "GET /cormun/static/Resources/Spanish/PXTools.css?167811 HTTP/1.1" 304 -
192.168.10.96 - - [28/Mar/2017:09:41:45 -0300] "GET /cormun/static/gxcfg.js?2016101716221623 HTTP/1.1" 200 953
192.168.10.96 - - [28/Mar/2017:09:41:45 -0300] "GET /cormun/static/trpermisosingoceadjunto.js?2016101716221846 HTTP/1.1" 200 16824
192.168.10.96 - - [28/Mar/2017:09:41:46 -0300] "GET /cormun/servlet/trpermisosingoceadjunto?30,9519282, HTTP/1.1" 200 6660
192.168.10.96 - - [28/Mar/2017:09:41:47 -0300] "POST /cormun/servlet/acontrolpreferencessavestate?None,DZAMUDIO,true HTTP/1.1" 200 35
192.168.10.96 - - [28/Mar/2017:09:41:48 -0300] "GET /cormun/PublicTempStorage/inasistencia6445000.pdf HTTP/1.1" 200 144022
192.168.10.13 - - [28/Mar/2017:09:42:38 -0300] "GET / HTTP/1.1" 200 11217
192.168.10.96 - - [28/Mar/2017:09:42:46 -0300] "GET /cormun/servlet/trpermisosingoceadjunto?30,9519282, HTTP/1.1" 200 6666
192.168.10.96 - - [28/Mar/2017:09:42:47 -0300] "GET /cormun/servlet/trpermisosingoceadjunto?30,9519282, HTTP/1.1" 200 6667
192.168.10.96 - - [28/Mar/2017:09:42:49 -0300] "POST /cormun/servlet/trpermisosingoceadjunto?830cba74cc17fc1d154698f886135b8d,30,9519282,,gx-no-cache=1490708248322 HTTP/1.1" 200 90
192.168.10.96 - - [28/Mar/2017:09:42:49 -0300] "GET /cormun/servlet/hpexe_link HTTP/1.1" 200 981
192.168.10.96 - - [28/Mar/2017:09:42:49 -0300] "GET /cormun/servlet/trinasistenciacormun? HTTP/1.1" 200 9328
192.168.10.96 - - [28/Mar/2017:09:42:50 -0300] "GET /cormun/servlet/trinasistenciacormun? HTTP/1.1" 200 9327
192.168.10.96 - - [28/Mar/2017:09:42:52 -0300] "GET /cormun/servlet/trpermisosingoceadjunto?31,18645705, HTTP/1.1" 200 6298
192.168.10.96 - - [28/Mar/2017:09:42:53 -0300] "GET /cormun/servlet/trpermisosingoceadjunto?31,18645705, HTTP/1.1" 200 6297
192.168.10.96 - - [28/Mar/2017:09:42:57 -0300] "GET /cormun/Manuales/ManualSolicitud.pdf HTTP/1.1" 200 850295
192.168.10.96 - - [28/Mar/2017:09:42:59 -0300] "GET /cormun/servlet/trpermisosingoceadjunto?31,18645705, HTTP/1.1" 200 6298
192.168.10.96 - - [28/Mar/2017:09:42:59 -0300] "GET /cormun/servlet/trpermisosingoceadjunto?31,18645705, HTTP/1.1" 200 6297
192.168.10.96 - - [28/Mar/2017:09:43:00 -0300] "POST /cormun/servlet/trpermisosingoceadjunto?830cba74cc17fc1d154698f886135b8d,31,18645705,,gx-no-cache=1490708259250 HTTP/1.1" 200 90
192.168.10.96 - - [28/Mar/2017:09:43:00 -0300] "GET /cormun/servlet/hpexe_link HTTP/1.1" 200 981
192.168.10.96 - - [28/Mar/2017:09:43:00 -0300] "GET /cormun/servlet/trinasistenciacormun HTTP/1.1" 200 9328
192.168.10.96 - - [28/Mar/2017:09:43:01 -0300] "GET /cormun/servlet/trinasistenciacormun HTTP/1.1" 200 9327
192.168.10.13 - - [28/Mar/2017:09:43:38 -0300] "GET / HTTP/1.1" 200 11217
200.73.230.173 - - [28/Mar/2017:09:43:42 -0300] "GET /cormun/servlet/licenciaspermisos?b9a811d561cdc2a797144be3fcc4c2b365e75369b867a4971dad18e098ecf1b43c7ec10e29d14dffa2893d6fd688c3ed635d9d518f2de68f99b6b563a04a49506d532f84170692a53545b1bbb130288ed5c644b8fed8909d08a04595f8c62caa7a4d81b405bc9b8ccef01f0bfe7977d11fe0399c884a8d105cd864c3b3c451ba06461656f9a79166339a9f683fc5be4787be03b95025392dbbf87d2b3b73f8124dfe8b17ea1c527e27ed01c779ab82ed,gx-no-cache=1490705816889 HTTP/1.1" 200 30
200.73.230.173 - - [28/Mar/2017:09:43:42 -0300] "GET /cormun/servlet/licenciaspermisos?b9a811d561cdc2a797144be3fcc4c2b3f93f14d72b60bb27e7e2044ef4bc3dea6685a394aa02c190522fa122b1e3653b20130c745d8a70acaa3ddf275daebf47bce272502278cc0fef9acd1b0ebb01945498af12f9173065eb3290f6ea679aff424c5b5724fb481afcb0be632157022a8701a06532cf22fedb1ecdf6066fa7cae872a77d70010d882cd579b0e11a6eae70bb6774bd451f19d3bc5e2bbc9d424cd21aa5ee5bbd32402873f181fefdf5b6,gx-no-cache=1490705817603 HTTP/1.1" 200 29
200.73.230.173 - - [28/Mar/2017:09:43:43 -0300] "POST /cormun/servlet/licenciaspermisos?f18d0eda649421befc5515c94c4c7486,INS,0,,,,gx-no-cache=1490705817689 HTTP/1.1" 200 93
