186.103.158.250 - - [28/Mar/2017:09:55:13 -0300] "GET /cormun/static/gxcfg.js?2016122619301429 HTTP/1.1" 304 -
186.103.158.250 - - [28/Mar/2017:09:55:13 -0300] "GET /cormun/static/trlicencias.js?2016122619301919 HTTP/1.1" 304 -
186.103.158.250 - - [28/Mar/2017:09:55:13 -0300] "GET /cormun/static/Resources/Spanish/PXTools.css?18365030 HTTP/1.1" 304 -
186.79.205.121 - - [28/Mar/2017:09:55:14 -0300] "POST /cormun/servlet/solicitudot?gx-no-cache=1490709226984 HTTP/1.1" 200 3191
200.54.247.69 - - [28/Mar/2017:09:55:14 -0300] "POST /cormun/servlet/solicitudotadjuntos?gx-no-cache=1490705775565 HTTP/1.1" 200 26
186.103.158.250 - - [28/Mar/2017:09:55:15 -0300] "GET /cormun/servlet/trlicencias? HTTP/1.1" 200 6602
186.79.205.121 - - [28/Mar/2017:09:55:16 -0300] "POST /cormun/servlet/solicitudot?ef10c7936e21597f8fc7bc24f271f187,INS,0,0,,gx-no-cache=1490709229069 HTTP/1.1" 200 9793
186.79.205.121 - - [28/Mar/2017:09:55:16 -0300] "GET /cormun/servlet/solicitudot?3445ffd253e83f138429e4339639be7b9c1f68567f6099d4993077e8e5910073a8aa3f9e3a66b69ef0b275d2a66155f3,gx-no-cache=1490709231324 HTTP/1.1" 200 30
192.168.10.89 - - [28/Mar/2017:09:55:17 -0300] "POST /cormun/servlet/trsolicitudnombre?7031db5127bc564a47a5005297b39cfa,17652402,,gx-no-cache=1490708996566 HTTP/1.1" 200 90
192.168.10.89 - - [28/Mar/2017:09:55:17 -0300] "GET /cormun/servlet/hpexe_link HTTP/1.1" 200 980
192.168.10.89 - - [28/Mar/2017:09:55:19 -0300] "GET /cormun/servlet/trconsultaempleado? HTTP/1.1" 200 6725
186.79.205.121 - - [28/Mar/2017:09:55:20 -0300] "POST /cormun/servlet/solicitudot?gx-no-cache=1490709234865 HTTP/1.1" 200 297
186.79.205.121 - - [28/Mar/2017:09:55:21 -0300] "GET /cormun/servlet/solicitudot?3445ffd253e83f138429e4339639be7bc68274ff5061b0119753c0da0abd05072e4bea763ec844e8ff459edd93d440794313fc6e58defa534580d7df84a6792f478cca80a0ad2071e51d3bc018c4ff96927fd36eaff3bb7f0af7598e3179ebe09b20a71d05f8a3bd1cdc26bcb868bf0f1f55ee99201ef8ca6da1b379d0a90f247f6b05592284c39a0c748e311b59c6320dfb89fe1ae4b4e1aab56dc4ac5b091594d70f1deba07880ffd62927b2cb78b20cca53f12446475f26804753e3290b55b252252add2aac5cc7159e0b2de6e275596bac38cce5f1d302faab36085c49ba5a7e35fd868c424af2b0927a843f19613078de0d1ed69004d6166dff6376ebe8a3954f77eac5a2e966e8ce95f6cca273d38544dc29b0620b0ae524885af3be37e346eba9c063b0191e82fe6a58cd7237a9d23c61e264001d4a3c3b2b41f8ac940576b76df6666fd32234e278bbee1e6604a165042e7c7e4ace231c3dfd1db812d170d3a7e3188c47a8e05359c57af9592614c1e49f12765cc55ec5572d35790df0c8e151ee810017d09693c9878bed30,gx-no-cache=1490709235507 HTTP/1.1" 200 30
200.54.247.69 - - [28/Mar/2017:09:55:23 -0300] "GET /cormun/servlet/solicitudotadjuntos?ce70a4ec40a8ef8de33a9adf2a637650d31a1ff4f340858f8c2705c23a35cd0b,gx-no-cache=1490705784605 HTTP/1.1" 200 30
200.54.247.69 - - [28/Mar/2017:09:55:23 -0300] "GET /cormun/servlet/solicitudotadjuntos?ce70a4ec40a8ef8de33a9adf2a637650d31a1ff4f340858f8c2705c23a35cd0b,gx-no-cache=1490705784670 HTTP/1.1" 200 30
186.79.205.121 - - [28/Mar/2017:09:55:24 -0300] "POST /cormun/servlet/solicitudot?gx-no-cache=1490709238940 HTTP/1.1" 200 30
200.54.247.69 - - [28/Mar/2017:09:55:25 -0300] "POST /cormun/servlet/solicitudotadjuntos?8f3501cf495c1155faab39cd798dc957,INS,2017,5772,,1, HTTP/1.1" 200 116
200.54.247.69 - - [28/Mar/2017:09:55:25 -0300] "GET /cormun/servlet/hpexe_return? HTTP/1.1" 200 1031
200.54.247.69 - - [28/Mar/2017:09:55:26 -0300] "GET /cormun/servlet/trsolicitudadjuntos?2017,5772, HTTP/1.1" 200 9182
186.79.27.240 - - [28/Mar/2017:09:55:28 -0300] "GET /cormun/servlet/solicitudot?3275ab2f4ca15add528afa77f83ef344c77aa952fd5608cd40c7177f04a1251424c74a8a464ef3509960f5f362fad12962cbf08c50eeb459b46e1a40802a1906d512073e33ac75b2445097a47bad7cc61e7133ffc12c0392071059a89668d83e0b6228f25f18d2299510671a6c8457d1334897a17ccd8d6002ea83f0677de6a3cd89f161e144717153ad6a338747681e2a6e87ab10f94a5c176363321a048eead78b32d4b3ad1802e3006a5154559882,gx-no-cache=1490705795669 HTTP/1.1" 200 30
186.79.205.121 - - [28/Mar/2017:09:55:29 -0300] "GET /cormun/servlet/prcontratosol?15114046,,,,,MD,,gxPopupLevel%3D0%3B HTTP/1.1" 200 5928
186.79.205.121 - - [28/Mar/2017:09:55:30 -0300] "GET /cormun/static/gxcfg.js?201731711522183 HTTP/1.1" 304 -
186.79.205.121 - - [28/Mar/2017:09:55:30 -0300] "GET /cormun/static/prcontratosol.js?201731711522419 HTTP/1.1" 304 -
200.54.247.69 - - [28/Mar/2017:09:55:35 -0300] "GET /cormun/servlet/trautorizarsolicitud? HTTP/1.1" 200 6945
186.79.205.121 - - [28/Mar/2017:09:55:37 -0300] "POST /cormun/servlet/solicitudot?gx-no-cache=1490709252218 HTTP/1.1" 200 1291
192.168.10.13 - - [28/Mar/2017:09:55:38 -0300] "GET / HTTP/1.1" 200 11217
186.79.205.121 - - [28/Mar/2017:09:55:38 -0300] "POST /cormun/servlet/solicitudot?gx-no-cache=1490709252864 HTTP/1.1" 200 38
186.79.205.121 - - [28/Mar/2017:09:55:39 -0300] "GET /cormun/servlet/solicitudot?3445ffd253e83f138429e4339639be7b99ec6132cd13b6d1f71c9988d1a891ebdfc1a9c80fde2f858ac0b02ca67a16a6d21db465ddfc649c388c292570202c5bcd47b5c89c3293f121636ac10da0c09ebe9a3241140ad04e9d929d027d3627dd0baff08e27b26e4bd2aa162dd7174697,gx-no-cache=1490709253370 HTTP/1.1" 200 29
200.54.247.69 - - [28/Mar/2017:09:55:39 -0300] "GET /cormun/servlet/trsolicitudot? HTTP/1.1" 200 8255
186.79.205.121 - - [28/Mar/2017:09:55:41 -0300] "POST /cormun/servlet/solicitudot?gx-no-cache=1490709254089 HTTP/1.1" 200 1274
186.79.205.121 - - [28/Mar/2017:09:55:45 -0300] "POST /cormun/servlet/solicitudot?gx-no-cache=1490709256475 HTTP/1.1" 200 1156
157.55.39.32 - - [28/Mar/2017:09:55:46 -0300] "GET /cormun/servlet/hpexe_return HTTP/1.1" 200 1041
200.54.247.69 - - [28/Mar/2017:09:55:50 -0300] "POST /cormun/servlet/trsolicitudot?8f3501cf495c1155faab39cd798dc957,,gx-no-cache=1490705811361 HTTP/1.1" 200 4357
200.54.247.69 - - [28/Mar/2017:09:55:50 -0300] "POST /cormun/servlet/trsolicitudot?8f3501cf495c1155faab39cd798dc957,,gx-no-cache=1490705811682 HTTP/1.1" 200 4130
200.54.247.69 - - [28/Mar/2017:09:55:51 -0300] "GET /cormun/static/Shared/jqueryui/images/ui-bg_flat_55_fafafa_40x100.png HTTP/1.1" 404 1097
200.54.247.69 - - [28/Mar/2017:09:55:51 -0300] "GET /cormun/static/Shared/jqueryui/images/ui-bg_highlight-soft_100_c6c2c8_1x100.png HTTP/1.1" 404 1117
200.54.247.69 - - [28/Mar/2017:09:55:51 -0300] "GET /cormun/static/Shared/jqueryui/images/ui-icons_8d78a5_256x240.png HTTP/1.1" 404 1089
200.54.247.69 - - [28/Mar/2017:09:55:51 -0300] "GET /cormun/static/Shared/jqueryui/images/ui-icons_82798d_256x240.png HTTP/1.1" 404 1089
200.54.247.69 - - [28/Mar/2017:09:55:55 -0300] "GET /cormun/servlet/trautorizarsolicitud? HTTP/1.1" 200 8185
186.79.205.121 - - [28/Mar/2017:09:55:58 -0300] "POST /cormun/servlet/solicitudot?gx-no-cache=1490709272131 HTTP/1.1" 200 1274
200.54.247.69 - - [28/Mar/2017:09:55:59 -0300] "POST /cormun/servlet/trautorizarsolicitud?8f3501cf495c1155faab39cd798dc957,,gx-no-cache=1490705819801 HTTP/1.1" 200 4330
186.79.205.121 - - [28/Mar/2017:09:55:59 -0300] "POST /cormun/servlet/solicitudot?gx-no-cache=1490709273279 HTTP/1.1" 200 1156
200.54.247.69 - - [28/Mar/2017:09:55:59 -0300] "POST /cormun/servlet/trautorizarsolicitud?8f3501cf495c1155faab39cd798dc957,,gx-no-cache=1490705820145 HTTP/1.1" 200 4104
200.54.247.69 - - [28/Mar/2017:09:55:59 -0300] "GET /cormun/static/Shared/jqueryui/images/ui-bg_flat_55_fafafa_40x100.png HTTP/1.1" 404 1097
200.54.247.69 - - [28/Mar/2017:09:55:59 -0300] "GET /cormun/static/Shared/jqueryui/images/ui-icons_82798d_256x240.png HTTP/1.1" 404 1089
200.54.247.69 - - [28/Mar/2017:09:55:59 -0300] "GET /cormun/static/Shared/jqueryui/images/ui-icons_8d78a5_256x240.png HTTP/1.1" 404 1089
200.54.247.69 - - [28/Mar/2017:09:55:59 -0300] "GET /cormun/static/Shared/jqueryui/images/ui-bg_highlight-soft_100_c6c2c8_1x100.png HTTP/1.1" 404 1117
186.79.205.121 - - [28/Mar/2017:09:56:00 -0300] "GET /cormun/servlet/solicitudot?3445ffd253e83f138429e4339639be7b664f9af651f0422e0e15548cee1671f6cad08f910bb71751569504316f0487640796ee055d6782d0c273e83da8e781175fe03b4679196fb2a1870b7c472352515e68f9c7446ac410e404ed3b6404d13d8e178cdcac96fb18da79559ab16741b388acd644971dfa4d122e08570da8b3835084d48518e0df41271f1c3d7c4ef2e85e72ad6029c3d028e8006a138228380152d9794bb3aeb5763eda52d939c90b6d,gx-no-cache=1490709274292 HTTP/1.1" 200 30
200.54.247.69 - - [28/Mar/2017:09:56:08 -0300] "GET /cormun/servlet/trsolicitudot? HTTP/1.1" 200 6987
200.83.57.219 - - [28/Mar/2017:09:56:12 -0300] "GET /cormun/servlet/permisogoce?DLT,10812480,P,20170308141638, HTTP/1.1" 200 6822
200.83.57.219 - - [28/Mar/2017:09:56:12 -0300] "GET /cormun/static/Shared/jqueryui/images/ui-bg_highlight-soft_100_c6c2c8_1x100.png HTTP/1.1" 404 1117
200.83.57.219 - - [28/Mar/2017:09:56:12 -0300] "GET /cormun/static/Shared/jqueryui/images/ui-icons_82798d_256x240.png HTTP/1.1" 404 1089
200.83.57.219 - - [28/Mar/2017:09:56:12 -0300] "GET /cormun/static/Shared/jqueryui/images/ui-bg_flat_55_fafafa_40x100.png HTTP/1.1" 404 1097
200.83.57.219 - - [28/Mar/2017:09:56:12 -0300] "GET /cormun/static/Shared/jqueryui/images/ui-icons_8d78a5_256x240.png HTTP/1.1" 404 1089
200.83.57.219 - - [28/Mar/2017:09:56:13 -0300] "GET /cormun/servlet/permisogoce?DLT,10812480,P,20170308141638, HTTP/1.1" 200 6824
186.79.27.240 - - [28/Mar/2017:09:56:14 -0300] "POST /cormun/servlet/solicitudot?78dbdc84da69fdff0a460c88a873a31c,INS,0,0,,gx-no-cache=1490705840389 HTTP/1.1" 200 93
186.79.27.240 - - [28/Mar/2017:09:56:14 -0300] "GET /cormun/servlet/hpexe_return? HTTP/1.1" 200 1005
186.79.27.240 - - [28/Mar/2017:09:56:14 -0300] "GET /cormun/servlet/trsolicitudot? HTTP/1.1" 200 9439
200.83.57.219 - - [28/Mar/2017:09:56:15 -0300] "GET /cormun/servlet/puconsultapgoce?10812480,MD,gxPopupLevel%3D0%3B HTTP/1.1" 200 4197
200.54.247.69 - - [28/Mar/2017:09:56:15 -0300] "GET /cormun/servlet/solicitudot?INS,0,0, HTTP/1.1" 200 12815
200.83.57.219 - - [28/Mar/2017:09:56:15 -0300] "GET /cormun/static/gxcfg.js?2016122619324821 HTTP/1.1" 304 -
200.83.57.219 - - [28/Mar/2017:09:56:15 -0300] "GET /cormun/pexe_menus.js HTTP/1.1" 404 1001
200.83.57.219 - - [28/Mar/2017:09:56:15 -0300] "GET /cormun/pexe_layers.js HTTP/1.1" 404 1003
200.83.57.219 - - [28/Mar/2017:09:56:15 -0300] "GET /cormun/pexe_windows.js HTTP/1.1" 404 1005
200.83.57.219 - - [28/Mar/2017:09:56:15 -0300] "GET /cormun/pexe_link.js HTTP/1.1" 404 999
200.83.57.219 - - [28/Mar/2017:09:56:15 -0300] "GET /cormun/pexe_cookies.js HTTP/1.1" 404 1005
200.83.57.219 - - [28/Mar/2017:09:56:15 -0300] "GET /cormun/pexe_griddivfix.js HTTP/1.1" 404 1011
200.83.57.219 - - [28/Mar/2017:09:56:15 -0300] "GET /cormun/pexe_grid.js HTTP/1.1" 404 999
200.83.57.219 - - [28/Mar/2017:09:56:15 -0300] "GET /cormun/pexe_picture.js HTTP/1.1" 404 1005
200.83.57.219 - - [28/Mar/2017:09:56:15 -0300] "GET /cormun/pexe_menudivfix.js HTTP/1.1" 404 1011
200.83.57.219 - - [28/Mar/2017:09:56:15 -0300] "GET /cormun/pexe_treedivfix.js HTTP/1.1" 404 1011
200.83.57.219 - - [28/Mar/2017:09:56:15 -0300] "GET /cormun/pexe_autoreload.js HTTP/1.1" 404 1011
200.83.57.219 - - [28/Mar/2017:09:56:15 -0300] "GET /cormun/static/puconsultapgoce.js?2016122619325082 HTTP/1.1" 304 -
200.83.57.219 - - [28/Mar/2017:09:56:15 -0300] "GET /cormun/static/mpprompt.js?201731711513941 HTTP/1.1" 304 -
200.83.57.219 - - [28/Mar/2017:09:56:15 -0300] "GET /cormun/pexe_griddivfix.js HTTP/1.1" 404 1011
200.83.57.219 - - [28/Mar/2017:09:56:15 -0300] "GET /cormun/pexe_picture.js HTTP/1.1" 404 1005
200.83.57.219 - - [28/Mar/2017:09:56:15 -0300] "GET /cormun/pexe_treedivfix.js HTTP/1.1" 404 1011
200.83.57.219 - - [28/Mar/2017:09:56:15 -0300] "GET /cormun/pexe_autoreload.js HTTP/1.1" 404 1011
186.79.27.240 - - [28/Mar/2017:09:56:15 -0300] "GET /cormun/servlet/trsolicitudot? HTTP/1.1" 200 9434
200.83.57.219 - - [28/Mar/2017:09:56:15 -0300] "GET /cormun/pexe_tabdivfix.js HTTP/1.1" 404 1009
200.83.57.219 - - [28/Mar/2017:09:56:15 -0300] "GET /cormun/pexe_menudivfix.js HTTP/1.1" 404 1011
200.83.57.219 - - [28/Mar/2017:09:56:15 -0300] "GET /cormun/pexe_tabdivfix.js HTTP/1.1" 404 1009
186.79.205.121 - - [28/Mar/2017:09:56:22 -0300] "POST /cormun/servlet/solicitudot?gx-no-cache=1490709295410 HTTP/1.1" 200 1273
200.83.57.219 - - [28/Mar/2017:09:56:23 -0300] "POST /cormun/servlet/puconsultapgoce?12f240625426936cdd205a93a18eb3da,10812480,MD,gxPopupLevel%3D0%3B,gx-no-cache=1490705851180 HTTP/1.1" 200 60
186.79.205.121 - - [28/Mar/2017:09:56:24 -0300] "POST /cormun/servlet/solicitudot?gx-no-cache=1490709297852 HTTP/1.1" 200 1156
186.79.205.121 - - [28/Mar/2017:09:56:24 -0300] "GET /cormun/servlet/solicitudot?3445ffd253e83f138429e4339639be7b664f9af651f0422e0e15548cee1671f6cad08f910bb71751569504316f0487640796ee055d6782d0c273e83da8e781175fe03b4679196fb2a1870b7c472352515e68f9c7446ac410e404ed3b6404d13d8e178cdcac96fb18da79559ab16741b388acd644971dfa4d122e08570da8b3835084d48518e0df41271f1c3d7c4ef2e85e72ad6029c3d028e8006a138228380152d9794bb3aeb5763eda52d939c90b6d,gx-no-cache=1490709298795 HTTP/1.1" 200 30
200.83.57.219 - - [28/Mar/2017:09:56:25 -0300] "POST /cormun/servlet/permisogoce?12f240625426936cdd205a93a18eb3da,DLT,10812480,P,20170308141638,,gx-no-cache=1490705853870 HTTP/1.1" 200 4394
200.83.57.219 - - [28/Mar/2017:09:56:26 -0300] "GET /cormun/static/Shared/jqueryui/images/ui-bg_flat_55_994d53_40x100.png HTTP/1.1" 404 1097
200.83.57.219 - - [28/Mar/2017:09:56:26 -0300] "GET /cormun/static/Shared/jqueryui/images/ui-icons_ebccce_256x240.png HTTP/1.1" 404 1089
186.103.158.250 - - [28/Mar/2017:09:56:26 -0300] "GET /cormun/servlet/licenciaspermisos?INS,0,,, HTTP/1.1" 200 7136
186.79.205.121 - - [28/Mar/2017:09:56:26 -0300] "POST /cormun/servlet/solicitudot?ef10c7936e21597f8fc7bc24f271f187,INS,0,0,,gx-no-cache=1490709299136 HTTP/1.1" 200 93
186.103.158.250 - - [28/Mar/2017:09:56:26 -0300] "GET /cormun/static/gxcfg.js?201731711384427 HTTP/1.1" 304 -
186.103.158.250 - - [28/Mar/2017:09:56:26 -0300] "GET /cormun/static/licenciaspermisos.js?201731711384498 HTTP/1.1" 304 -
186.79.205.121 - - [28/Mar/2017:09:56:27 -0300] "GET /cormun/servlet/hpexe_return? HTTP/1.1" 200 1003
186.79.205.121 - - [28/Mar/2017:09:56:27 -0300] "GET /cormun/static/gxcfg.js?2016101716175148 HTTP/1.1" 304 -
186.79.205.121 - - [28/Mar/2017:09:56:27 -0300] "GET /cormun/static/hpexe_return.js?2016101716175153 HTTP/1.1" 304 -
200.83.57.219 - - [28/Mar/2017:09:56:27 -0300] "POST /cormun/servlet/permisogoce?12f240625426936cdd205a93a18eb3da,DLT,10812480,P,20170308141638,,gx-no-cache=1490705855483 HTTP/1.1" 200 4357
186.103.158.250 - - [28/Mar/2017:09:56:28 -0300] "GET /cormun/servlet/licenciaspermisos?INS,0,,, HTTP/1.1" 200 7135
186.79.205.121 - - [28/Mar/2017:09:56:28 -0300] "GET /cormun/servlet/trsolicitudot HTTP/1.1" 200 7994
200.83.57.219 - - [28/Mar/2017:09:56:29 -0300] "POST /cormun/servlet/permisogoce?12f240625426936cdd205a93a18eb3da,DLT,10812480,P,20170308141638,,gx-no-cache=1490705857065 HTTP/1.1" 200 4357
200.83.57.219 - - [28/Mar/2017:09:56:30 -0300] "POST /cormun/servlet/permisogoce?12f240625426936cdd205a93a18eb3da,DLT,10812480,P,20170308141638,,gx-no-cache=1490705858350 HTTP/1.1" 200 90
200.83.57.219 - - [28/Mar/2017:09:56:30 -0300] "GET /cormun/servlet/hpexe_link HTTP/1.1" 200 982
200.83.57.219 - - [28/Mar/2017:09:56:30 -0300] "GET /cormun/servlet/trpermisosgoce HTTP/1.1" 200 9179
186.79.205.121 - - [28/Mar/2017:09:56:31 -0300] "GET /cormun/servlet/trsolicitudot HTTP/1.1" 200 7991
200.83.57.219 - - [28/Mar/2017:09:56:31 -0300] "GET /cormun/servlet/trpermisosgoce HTTP/1.1" 200 9180
200.83.57.219 - - [28/Mar/2017:09:56:33 -0300] "GET /cormun/servlet/permisogoce?UPD,10812480,P,20170308141638, HTTP/1.1" 200 6917
200.83.57.219 - - [28/Mar/2017:09:56:34 -0300] "GET /cormun/servlet/permisogoce?UPD,10812480,P,20170308141638, HTTP/1.1" 200 6918
200.83.57.219 - - [28/Mar/2017:09:56:34 -0300] "GET /cormun/servlet/permisogoce?b0bae0390589a8d2da544105de5ae736695790c255d29e1854cf2acddbd2041393bcc9ea5c93bb70e0fa4b0493d51f43,gx-no-cache=1490705862840 HTTP/1.1" 200 73
192.168.10.13 - - [28/Mar/2017:09:56:38 -0300] "GET / HTTP/1.1" 200 11217
200.83.57.219 - - [28/Mar/2017:09:56:40 -0300] "GET /cormun/servlet/permisogoce?b0bae0390589a8d2da544105de5ae7364b0fe60b4be8c049bacd5dba915ffe3c8f1fbc5c33bfcbe885812448f2848842fb2c64fda2201f445947c221aad5e0692648903800c1f9317389f6ac53b85a1d,gx-no-cache=1490705868707 HTTP/1.1" 200 132
200.83.57.219 - - [28/Mar/2017:09:56:40 -0300] "GET /cormun/static/Shared/jqueryui/images/ui-bg_highlight-soft_100_c6c2c8_1x100.png HTTP/1.1" 404 1117
200.83.57.219 - - [28/Mar/2017:09:56:40 -0300] "GET /cormun/static/Shared/jqueryui/images/ui-icons_82798d_256x240.png HTTP/1.1" 404 1089
200.83.57.219 - - [28/Mar/2017:09:56:40 -0300] "GET /cormun/static/Shared/jqueryui/images/ui-icons_ebccce_256x240.png HTTP/1.1" 404 1089
200.83.57.219 - - [28/Mar/2017:09:56:40 -0300] "GET /cormun/static/Shared/jqueryui/images/ui-bg_flat_55_994d53_40x100.png HTTP/1.1" 404 1097
200.83.57.219 - - [28/Mar/2017:09:56:40 -0300] "POST /cormun/servlet/permisogoce?12f240625426936cdd205a93a18eb3da,UPD,10812480,P,20170308141638,,gx-no-cache=1490705868817 HTTP/1.1" 200 4319
200.83.57.219 - - [28/Mar/2017:09:56:43 -0300] "POST /cormun/servlet/permisogoce?12f240625426936cdd205a93a18eb3da,UPD,10812480,P,20170308141638,,gx-no-cache=1490705871717 HTTP/1.1" 200 93
200.83.57.219 - - [28/Mar/2017:09:56:43 -0300] "GET /cormun/servlet/hpexe_return? HTTP/1.1" 200 1026
200.83.57.219 - - [28/Mar/2017:09:56:43 -0300] "GET /cormun/servlet/trpermisosgoce HTTP/1.1" 200 9184
200.83.57.219 - - [28/Mar/2017:09:56:44 -0300] "GET /cormun/servlet/trpermisosgoce HTTP/1.1" 200 9180
200.83.57.219 - - [28/Mar/2017:09:56:51 -0300] "GET /cormun/servlet/trlicenciaspermisoslog?10812480,P,20170308141638, HTTP/1.1" 200 6328
200.83.57.219 - - [28/Mar/2017:09:56:51 -0300] "GET /cormun/static/trlicenciaspermisoslog.js?201731711543510 HTTP/1.1" 304 -
200.83.57.219 - - [28/Mar/2017:09:56:51 -0300] "GET /cormun/static/gxcfg.js?201731711543185 HTTP/1.1" 304 -
200.83.57.219 - - [28/Mar/2017:09:56:52 -0300] "GET /cormun/servlet/trlicenciaspermisoslog?10812480,P,20170308141638, HTTP/1.1" 200 6329
200.83.57.219 - - [28/Mar/2017:09:56:54 -0300] "POST /cormun/servlet/trlicenciaspermisoslog?12f240625426936cdd205a93a18eb3da,10812480,P,20170308141638,,gx-no-cache=1490705881927 HTTP/1.1" 200 3956
200.83.57.219 - - [28/Mar/2017:09:56:56 -0300] "POST /cormun/servlet/trlicenciaspermisoslog?12f240625426936cdd205a93a18eb3da,10812480,P,20170308141638,,gx-no-cache=1490705884102 HTTP/1.1" 200 90
200.83.57.219 - - [28/Mar/2017:09:56:56 -0300] "GET /cormun/servlet/hpexe_link HTTP/1.1" 200 986
200.83.57.219 - - [28/Mar/2017:09:56:56 -0300] "GET /cormun/servlet/trpermisosgoce HTTP/1.1" 200 9181
200.83.57.219 - - [28/Mar/2017:09:56:56 -0300] "GET /cormun/servlet/trpermisosgoce HTTP/1.1" 200 9180
192.168.10.62 - - [28/Mar/2017:09:56:58 -0300] "POST /cormun/servlet/trsolicitudgral?b788ff355cdd1e6af67d5b26ebb5b9d7,gx-no-cache=1490709096660 HTTP/1.1" 200 6056
186.79.205.121 - - [28/Mar/2017:09:57:00 -0300] "GET /cormun/servlet/solicitudot?INS,0,0, HTTP/1.1" 200 12584
200.83.57.219 - - [28/Mar/2017:09:57:00 -0300] "GET /cormun/servlet/permisogoce?DLT,10812480,P,20170308141638, HTTP/1.1" 200 6822
200.83.57.219 - - [28/Mar/2017:09:57:01 -0300] "GET /cormun/static/Shared/jqueryui/images/ui-bg_highlight-soft_100_c6c2c8_1x100.png HTTP/1.1" 404 1117
200.83.57.219 - - [28/Mar/2017:09:57:01 -0300] "GET /cormun/static/Shared/jqueryui/images/ui-icons_82798d_256x240.png HTTP/1.1" 404 1089
200.83.57.219 - - [28/Mar/2017:09:57:01 -0300] "GET /cormun/static/Shared/jqueryui/images/ui-icons_8d78a5_256x240.png HTTP/1.1" 404 1089
200.83.57.219 - - [28/Mar/2017:09:57:01 -0300] "GET /cormun/static/Shared/jqueryui/images/ui-bg_flat_55_fafafa_40x100.png HTTP/1.1" 404 1097
200.83.57.219 - - [28/Mar/2017:09:57:01 -0300] "GET /cormun/servlet/permisogoce?DLT,10812480,P,20170308141638, HTTP/1.1" 200 6824
186.79.205.121 - - [28/Mar/2017:09:57:02 -0300] "GET /cormun/servlet/solicitudot?INS,0,0, HTTP/1.1" 200 12589
200.83.57.219 - - [28/Mar/2017:09:57:03 -0300] "POST /cormun/servlet/permisogoce?12f240625426936cdd205a93a18eb3da,DLT,10812480,P,20170308141638,,gx-no-cache=1490705890839 HTTP/1.1" 200 4394
200.83.57.219 - - [28/Mar/2017:09:57:03 -0300] "GET /cormun/static/Shared/jqueryui/images/ui-bg_flat_55_994d53_40x100.png HTTP/1.1" 404 1097
200.83.57.219 - - [28/Mar/2017:09:57:03 -0300] "GET /cormun/static/Shared/jqueryui/images/ui-icons_ebccce_256x240.png HTTP/1.1" 404 1089
200.83.57.219 - - [28/Mar/2017:09:57:05 -0300] "POST /cormun/servlet/permisogoce?12f240625426936cdd205a93a18eb3da,DLT,10812480,P,20170308141638,,gx-no-cache=1490705893085 HTTP/1.1" 200 93
200.83.57.219 - - [28/Mar/2017:09:57:05 -0300] "GET /cormun/servlet/hpexe_return? HTTP/1.1" 200 1026
200.83.57.219 - - [28/Mar/2017:09:57:05 -0300] "GET /cormun/servlet/trpermisosgoce HTTP/1.1" 200 9184
200.83.57.219 - - [28/Mar/2017:09:57:05 -0300] "GET /cormun/servlet/trpermisosgoce HTTP/1.1" 200 9180
186.103.159.230 - - [28/Mar/2017:09:57:11 -0300] "POST /cormun/servlet/trcontratounov2?b87d842fe11eda1790b585c73ded9e35,,gx-no-cache=1490705896846 HTTP/1.1" 440 972
186.79.205.121 - - [28/Mar/2017:09:57:15 -0300] "GET /cormun/servlet/prfichaempleado?,MD,,gxPopupLevel%3D0%3B HTTP/1.1" 200 8837
200.83.57.219 - - [28/Mar/2017:09:57:16 -0300] "GET /cormun/servlet/permisogoce?DLT,13945647,P,20170315173346, HTTP/1.1" 200 6848
200.83.57.219 - - [28/Mar/2017:09:57:16 -0300] "GET /cormun/static/Shared/jqueryui/images/ui-bg_highlight-soft_100_c6c2c8_1x100.png HTTP/1.1" 404 1117
200.83.57.219 - - [28/Mar/2017:09:57:16 -0300] "GET /cormun/static/Shared/jqueryui/images/ui-icons_82798d_256x240.png HTTP/1.1" 404 1089
200.83.57.219 - - [28/Mar/2017:09:57:16 -0300] "GET /cormun/static/Shared/jqueryui/images/ui-bg_flat_55_fafafa_40x100.png HTTP/1.1" 404 1097
200.83.57.219 - - [28/Mar/2017:09:57:16 -0300] "GET /cormun/static/Shared/jqueryui/images/ui-icons_8d78a5_256x240.png HTTP/1.1" 404 1089
200.83.57.219 - - [28/Mar/2017:09:57:16 -0300] "GET /cormun/servlet/permisogoce?DLT,13945647,P,20170315173346, HTTP/1.1" 200 6851
200.83.57.219 - - [28/Mar/2017:09:57:20 -0300] "GET /cormun/servlet/puconsultapgoce?13945647,MD,gxPopupLevel%3D0%3B HTTP/1.1" 200 4220
200.83.57.219 - - [28/Mar/2017:09:57:20 -0300] "GET /cormun/pexe_layers.js HTTP/1.1" 404 1003
200.83.57.219 - - [28/Mar/2017:09:57:20 -0300] "GET /cormun/pexe_menus.js HTTP/1.1" 404 1001
200.83.57.219 - - [28/Mar/2017:09:57:20 -0300] "GET /cormun/pexe_windows.js HTTP/1.1" 404 1005
200.83.57.219 - - [28/Mar/2017:09:57:20 -0300] "GET /cormun/pexe_link.js HTTP/1.1" 404 999
200.83.57.219 - - [28/Mar/2017:09:57:20 -0300] "GET /cormun/pexe_cookies.js HTTP/1.1" 404 1005
200.83.57.219 - - [28/Mar/2017:09:57:20 -0300] "GET /cormun/pexe_grid.js HTTP/1.1" 404 999
200.83.57.219 - - [28/Mar/2017:09:57:20 -0300] "GET /cormun/pexe_menudivfix.js HTTP/1.1" 404 1011
200.83.57.219 - - [28/Mar/2017:09:57:20 -0300] "GET /cormun/pexe_treedivfix.js HTTP/1.1" 404 1011
200.83.57.219 - - [28/Mar/2017:09:57:20 -0300] "GET /cormun/pexe_grid.js HTTP/1.1" 404 999
200.83.57.219 - - [28/Mar/2017:09:57:20 -0300] "GET /cormun/pexe_picture.js HTTP/1.1" 404 1005
200.83.57.219 - - [28/Mar/2017:09:57:20 -0300] "GET /cormun/pexe_griddivfix.js HTTP/1.1" 404 1011
200.83.57.219 - - [28/Mar/2017:09:57:20 -0300] "GET /cormun/pexe_tabdivfix.js HTTP/1.1" 404 1009
200.83.57.219 - - [28/Mar/2017:09:57:20 -0300] "GET /cormun/pexe_picture.js HTTP/1.1" 404 1005
200.83.57.219 - - [28/Mar/2017:09:57:20 -0300] "GET /cormun/pexe_treedivfix.js HTTP/1.1" 404 1011
200.83.57.219 - - [28/Mar/2017:09:57:21 -0300] "GET /cormun/pexe_autoreload.js HTTP/1.1" 404 1011
200.83.57.219 - - [28/Mar/2017:09:57:21 -0300] "GET /cormun/pexe_menudivfix.js HTTP/1.1" 404 1011
200.83.57.219 - - [28/Mar/2017:09:57:21 -0300] "GET /cormun/pexe_tabdivfix.js HTTP/1.1" 404 1009
186.103.159.230 - - [28/Mar/2017:09:57:21 -0300] "GET /cormun/servlet/trcontratounov2? HTTP/1.1" 200 15582
186.103.159.230 - - [28/Mar/2017:09:57:22 -0300] "GET /cormun/servlet/trcontratounov2? HTTP/1.1" 200 15562
186.103.159.230 - - [28/Mar/2017:09:57:22 -0300] "GET /cormun/servlet/hlogin HTTP/1.1" 200 1736
200.83.57.219 - - [28/Mar/2017:09:57:29 -0300] "POST /cormun/servlet/puconsultapgoce?12f240625426936cdd205a93a18eb3da,13945647,MD,gxPopupLevel%3D0%3B,gx-no-cache=1490705917722 HTTP/1.1" 200 60
200.83.57.219 - - [28/Mar/2017:09:57:32 -0300] "GET /cormun/servlet/puconsultapgoce?13945647,MD,gxPopupLevel%3D0%3B HTTP/1.1" 200 4220
200.83.57.219 - - [28/Mar/2017:09:57:32 -0300] "GET /cormun/pexe_layers.js HTTP/1.1" 404 1003
200.83.57.219 - - [28/Mar/2017:09:57:32 -0300] "GET /cormun/pexe_menus.js HTTP/1.1" 404 1001
200.83.57.219 - - [28/Mar/2017:09:57:32 -0300] "GET /cormun/pexe_link.js HTTP/1.1" 404 999
200.83.57.219 - - [28/Mar/2017:09:57:32 -0300] "GET /cormun/pexe_windows.js HTTP/1.1" 404 1005
200.83.57.219 - - [28/Mar/2017:09:57:32 -0300] "GET /cormun/pexe_grid.js HTTP/1.1" 404 999
200.83.57.219 - - [28/Mar/2017:09:57:32 -0300] "GET /cormun/pexe_cookies.js HTTP/1.1" 404 1005
200.83.57.219 - - [28/Mar/2017:09:57:32 -0300] "GET /cormun/pexe_griddivfix.js HTTP/1.1" 404 1011
200.83.57.219 - - [28/Mar/2017:09:57:32 -0300] "GET /cormun/pexe_picture.js HTTP/1.1" 404 1005
200.83.57.219 - - [28/Mar/2017:09:57:32 -0300] "GET /cormun/pexe_treedivfix.js HTTP/1.1" 404 1011
200.83.57.219 - - [28/Mar/2017:09:57:32 -0300] "GET /cormun/pexe_autoreload.js HTTP/1.1" 404 1011
200.83.57.219 - - [28/Mar/2017:09:57:32 -0300] "GET /cormun/pexe_menudivfix.js HTTP/1.1" 404 1011
200.83.57.219 - - [28/Mar/2017:09:57:32 -0300] "GET /cormun/pexe_tabdivfix.js HTTP/1.1" 404 1009
200.83.57.219 - - [28/Mar/2017:09:57:32 -0300] "GET /cormun/pexe_link.js HTTP/1.1" 404 999
200.83.57.219 - - [28/Mar/2017:09:57:32 -0300] "GET /cormun/pexe_cookies.js HTTP/1.1" 404 1005
200.83.57.219 - - [28/Mar/2017:09:57:32 -0300] "GET /cormun/pexe_grid.js HTTP/1.1" 404 999
200.83.57.219 - - [28/Mar/2017:09:57:33 -0300] "GET /cormun/pexe_griddivfix.js HTTP/1.1" 404 1011
200.83.57.219 - - [28/Mar/2017:09:57:33 -0300] "GET /cormun/pexe_picture.js HTTP/1.1" 404 1005
200.83.57.219 - - [28/Mar/2017:09:57:33 -0300] "GET /cormun/pexe_treedivfix.js HTTP/1.1" 404 1011
200.83.57.219 - - [28/Mar/2017:09:57:33 -0300] "GET /cormun/pexe_autoreload.js HTTP/1.1" 404 1011
200.83.57.219 - - [28/Mar/2017:09:57:33 -0300] "GET /cormun/pexe_menudivfix.js HTTP/1.1" 404 1011
200.83.57.219 - - [28/Mar/2017:09:57:33 -0300] "GET /cormun/pexe_tabdivfix.js HTTP/1.1" 404 1009
200.83.57.219 - - [28/Mar/2017:09:57:35 -0300] "POST /cormun/servlet/puconsultapgoce?12f240625426936cdd205a93a18eb3da,13945647,MD,gxPopupLevel%3D0%3B,gx-no-cache=1490705923355 HTTP/1.1" 200 60
200.83.57.219 - - [28/Mar/2017:09:57:36 -0300] "POST /cormun/servlet/permisogoce?12f240625426936cdd205a93a18eb3da,DLT,13945647,P,20170315173346,,gx-no-cache=1490705924517 HTTP/1.1" 200 4415
200.83.57.219 - - [28/Mar/2017:09:57:36 -0300] "GET /cormun/static/Shared/jqueryui/images/ui-icons_ebccce_256x240.png HTTP/1.1" 404 1089
200.83.57.219 - - [28/Mar/2017:09:57:37 -0300] "GET /cormun/static/Shared/jqueryui/images/ui-bg_flat_55_994d53_40x100.png HTTP/1.1" 404 1097
186.79.205.121 - - [28/Mar/2017:09:57:38 -0300] "POST /cormun/servlet/prfichaempleado?ef10c7936e21597f8fc7bc24f271f187,,MD,,gxPopupLevel%3D0%3B,gx-no-cache=1490709370458 HTTP/1.1" 200 3388
192.168.10.13 - - [28/Mar/2017:09:57:38 -0300] "GET / HTTP/1.1" 200 11217
200.83.57.219 - - [28/Mar/2017:09:57:42 -0300] "POST /cormun/servlet/permisogoce?12f240625426936cdd205a93a18eb3da,DLT,13945647,P,20170315173346,,gx-no-cache=1490705930155 HTTP/1.1" 200 90
200.83.57.219 - - [28/Mar/2017:09:57:42 -0300] "GET /cormun/servlet/hpexe_link HTTP/1.1" 200 983
200.83.57.219 - - [28/Mar/2017:09:57:42 -0300] "GET /cormun/servlet/trpermisosgoce HTTP/1.1" 200 9182
200.83.57.219 - - [28/Mar/2017:09:57:43 -0300] "GET /cormun/servlet/trpermisosgoce HTTP/1.1" 200 9180
186.79.205.121 - - [28/Mar/2017:09:57:45 -0300] "POST /cormun/servlet/solicitudot?gx-no-cache=1490709379822 HTTP/1.1" 200 3185
186.79.205.121 - - [28/Mar/2017:09:57:47 -0300] "POST /cormun/servlet/solicitudot?ef10c7936e21597f8fc7bc24f271f187,INS,0,0,,gx-no-cache=1490709380913 HTTP/1.1" 200 9781
186.79.205.121 - - [28/Mar/2017:09:57:48 -0300] "GET /cormun/servlet/solicitudot?3445ffd253e83f138429e4339639be7bf4bc764d1049847b8cd37c983b53e4f0a8aa3f9e3a66b69ef0b275d2a66155f3,gx-no-cache=1490709382478 HTTP/1.1" 200 30
186.103.158.250 - - [28/Mar/2017:09:57:52 -0300] "GET /cormun/servlet/licenciaspermisos?1aafd55d0a9611af73c120d9bd6a204432324f782eca7df1de20ab2a864ad2cd7ca845f801b0ef1cc526e7ada81c4a6b,gx-no-cache=1490709427867 HTTP/1.1" 200 31
186.103.158.250 - - [28/Mar/2017:09:57:52 -0300] "POST /cormun/servlet/licenciaspermisos?ce3e6625fdcf6459d578354c54b092a2,INS,0,,,,gx-no-cache=1490709427995 HTTP/1.1" 200 4402
186.79.205.121 - - [28/Mar/2017:09:57:53 -0300] "POST /cormun/servlet/solicitudot?gx-no-cache=1490709387701 HTTP/1.1" 200 255
186.79.205.121 - - [28/Mar/2017:09:57:53 -0300] "GET /cormun/servlet/solicitudot?3445ffd253e83f138429e4339639be7bc68274ff5061b0119753c0da0abd050757b93d3149fd25394283be6ae7085c254313fc6e58defa534580d7df84a6792f478cca80a0ad2071e51d3bc018c4ff96927fd36eaff3bb7f0af7598e3179ebe09b20a71d05f8a3bd1cdc26bcb868bf0f1f55ee99201ef8ca6da1b379d0a90f247f6b05592284c39a0c748e311b59c6320dfb89fe1ae4b4e1aab56dc4ac5b091594d70f1deba07880ffd62927b2cb78b20cca53f12446475f26804753e3290b55b252252add2aac5cc7159e0b2de6e275596bac38cce5f1d302faab36085c49ba5a7e35fd868c424af2b0927a843f19610dcb95d0bd4efb8fe681180113862caea3954f77eac5a2e966e8ce95f6cca273b2e5ac7e98412e1f46655ba98d0eea067c02908426bc87507d54618fec7c592287a2f4edc2dd1c93c03dfcb82fa02801b473d086d2b39d9f612ea7b0603c21ef088ed032e7b15375ecd56a3752126cb8d3dbabeef7584d3cc1858fa6c16af802f349b15345677c70f5fea3cdd602e52d,gx-no-cache=1490709388295 HTTP/1.1" 200 30
200.73.230.173 - - [28/Mar/2017:09:57:58 -0300] "GET /cormun/servlet/hlogin HTTP/1.1" 200 1717
200.73.230.173 - - [28/Mar/2017:09:57:59 -0300] "GET /cormun/static/Resources/Spanish/PXTools.css?11294912 HTTP/1.1" 304 -
200.73.230.173 - - [28/Mar/2017:09:57:59 -0300] "GET /cormun/static/gxtimezone.js?85251 HTTP/1.1" 304 -
200.73.230.173 - - [28/Mar/2017:09:57:59 -0300] "GET /cormun/static/gxcfg.js?201731711485472 HTTP/1.1" 304 -
200.73.230.173 - - [28/Mar/2017:09:57:59 -0300] "GET /cormun/static/messages.spa.js?85251 HTTP/1.1" 304 -
200.73.230.173 - - [28/Mar/2017:09:57:59 -0300] "GET /cormun/static/hlogin.js?201731711485490 HTTP/1.1" 304 -
200.73.230.173 - - [28/Mar/2017:09:57:59 -0300] "GET /cormun/servlet/hlogin HTTP/1.1" 200 1725
186.103.158.250 - - [28/Mar/2017:09:58:00 -0300] "GET /cormun/static/Resources/resize.gif HTTP/1.1" 200 77
186.103.158.250 - - [28/Mar/2017:09:58:07 -0300] "GET /cormun/servlet/prfichaempleado?,MD,,gxPopupLevel%3D0%3B HTTP/1.1" 200 8822
186.103.158.250 - - [28/Mar/2017:09:58:07 -0300] "GET /cormun/static/gxcfg.js?2016102420561687 HTTP/1.1" 200 953
186.103.158.250 - - [28/Mar/2017:09:58:07 -0300] "GET /cormun/static/Resources/PXToolsMenuSearch.png HTTP/1.1" 200 2914
186.103.158.250 - - [28/Mar/2017:09:58:07 -0300] "GET /cormun/static/Resources/PXToolsMenuSearchCancel.png HTTP/1.1" 200 2972
186.103.158.250 - - [28/Mar/2017:09:58:08 -0300] "GET /cormun/static/Resources/Spanish/PXTools.css?167811 HTTP/1.1" 304 -
200.73.230.173 - - [28/Mar/2017:09:58:09 -0300] "POST /cormun/servlet/hlogin?28c70702b6691604379e280ebb819a37,gx-no-cache=1490705962124 HTTP/1.1" 200 90
186.103.158.250 - - [28/Mar/2017:09:58:09 -0300] "GET /cormun/static/prfichaempleado.js?201610242056198 HTTP/1.1" 200 16015
186.103.158.250 - - [28/Mar/2017:09:58:09 -0300] "GET /cormun/static/menusearch.js?201610171694467 HTTP/1.1" 200 1424
186.103.158.250 - - [28/Mar/2017:09:58:09 -0300] "GET /cormun/static/hmpwkw011.js?201731711483558 HTTP/1.1" 200 1968
200.73.230.173 - - [28/Mar/2017:09:58:09 -0300] "GET /cormun/servlet/hpexe_link HTTP/1.1" 200 943
200.73.230.173 - - [28/Mar/2017:09:58:09 -0300] "GET /cormun/static/hpexe_link.js?201731711483384 HTTP/1.1" 304 -
200.73.230.173 - - [28/Mar/2017:09:58:10 -0300] "GET /cormun/static/gxcfg.js?201731711483381 HTTP/1.1" 304 -
200.73.230.173 - - [28/Mar/2017:09:58:10 -0300] "GET /cormun/servlet/hhome HTTP/1.1" 200 3798
200.73.230.173 - - [28/Mar/2017:09:58:10 -0300] "GET /cormun/static/gxcfg.js?201731711483497 HTTP/1.1" 304 -
200.73.230.173 - - [28/Mar/2017:09:58:10 -0300] "GET /cormun/static/hwchdr01.js?201731711335950 HTTP/1.1" 304 -
200.73.230.173 - - [28/Mar/2017:09:58:10 -0300] "GET /cormun/static/hhome.js?20173171148352 HTTP/1.1" 304 -
200.73.230.173 - - [28/Mar/2017:09:58:10 -0300] "GET /cormun/static/hpexe_recentlink.js?201610171694390 HTTP/1.1" 200 2144
200.73.230.173 - - [28/Mar/2017:09:58:10 -0300] "GET /cormun/static/hpexe_scripts.js?201731711335890 HTTP/1.1" 304 -
200.73.230.173 - - [28/Mar/2017:09:58:10 -0300] "GET /cormun/static/hpexe_messagecontroller.js?201610171694323 HTTP/1.1" 200 870
200.73.230.173 - - [28/Mar/2017:09:58:10 -0300] "GET /cormun/static/hpexe_messagepopupcomponent.js?20161017169425 HTTP/1.1" 200 605
200.73.230.173 - - [28/Mar/2017:09:58:10 -0300] "GET /cormun/static/hpexe_messagegenexuscomponent.js?201731711335537 HTTP/1.1" 304 -
200.73.230.173 - - [28/Mar/2017:09:58:10 -0300] "GET /cormun/static/cmcontrolpreferences.js?201731711335852 HTTP/1.1" 304 -
200.73.230.173 - - [28/Mar/2017:09:58:11 -0300] "GET /cormun/static/hmpwkw03.js?201731711485354 HTTP/1.1" 304 -
200.73.230.173 - - [28/Mar/2017:09:58:11 -0300] "GET /cormun/servlet/hhome HTTP/1.1" 200 3799
186.79.205.121 - - [28/Mar/2017:09:58:12 -0300] "POST /cormun/servlet/solicitudot?gx-no-cache=1490709405062 HTTP/1.1" 200 30
186.79.205.121 - - [28/Mar/2017:09:58:20 -0300] "POST /cormun/servlet/solicitudot?gx-no-cache=1490709413062 HTTP/1.1" 200 30
186.79.205.121 - - [28/Mar/2017:09:58:24 -0300] "GET /cormun/servlet/prcontratosol?13302577,,,,,MD,,gxPopupLevel%3D0%3B HTTP/1.1" 200 5929
186.79.205.121 - - [28/Mar/2017:09:58:31 -0300] "POST /cormun/servlet/solicitudot?gx-no-cache=1490709424826 HTTP/1.1" 200 1291
186.79.205.121 - - [28/Mar/2017:09:58:32 -0300] "POST /cormun/servlet/solicitudot?gx-no-cache=1490709427078 HTTP/1.1" 200 38
186.79.205.121 - - [28/Mar/2017:09:58:33 -0300] "GET /cormun/servlet/solicitudot?3445ffd253e83f138429e4339639be7b99ec6132cd13b6d1f71c9988d1a891ebdfc1a9c80fde2f858ac0b02ca67a16a68d8c66ec21c7764b751b0b4eb16f2bcde0c44a4d2d7e2f633f14213bc6f43f435f9ab3245451d958e23ccdfa150c618b39a5a9b356a67a00bf92720c064530401dfabb1fa02eac9db6d59962c5eca358abfa924c8a26d68322558716b03eff24443c40a521eaeabfd798dcd886f57461,gx-no-cache=1490709427336 HTTP/1.1" 200 29
186.79.205.121 - - [28/Mar/2017:09:58:33 -0300] "POST /cormun/servlet/solicitudot?gx-no-cache=1490709427782 HTTP/1.1" 200 1275
186.79.205.121 - - [28/Mar/2017:09:58:35 -0300] "POST /cormun/servlet/solicitudot?gx-no-cache=1490709428831 HTTP/1.1" 200 1157
186.103.159.230 - - [28/Mar/2017:09:58:37 -0300] "POST /cormun/servlet/hlogin?f3a1e10a14e5858e5232962ffe661b98,gx-no-cache=1490705983752 HTTP/1.1" 200 90
186.103.159.230 - - [28/Mar/2017:09:58:37 -0300] "GET /cormun/servlet/hpexe_link HTTP/1.1" 200 954
192.168.10.13 - - [28/Mar/2017:09:58:38 -0300] "GET / HTTP/1.1" 200 11217
186.103.159.230 - - [28/Mar/2017:09:58:38 -0300] "GET /cormun/servlet/trcontratounov2 HTTP/1.1" 200 16618
186.103.159.230 - - [28/Mar/2017:09:58:39 -0300] "GET /cormun/servlet/trcontratounov2 HTTP/1.1" 200 16621
186.103.158.250 - - [28/Mar/2017:09:58:44 -0300] "GET /cormun/servlet/licenciaspermisos?1aafd55d0a9611af73c120d9bd6a204432324f782eca7df1de20ab2a864ad2cda6c8666a27b54f9f9f1f5a48f38e0f5e,gx-no-cache=1490709480089 HTTP/1.1" 200 31
186.103.158.250 - - [28/Mar/2017:09:58:44 -0300] "POST /cormun/servlet/licenciaspermisos?ce3e6625fdcf6459d578354c54b092a2,INS,0,,,,gx-no-cache=1490709480144 HTTP/1.1" 200 4404
186.79.205.121 - - [28/Mar/2017:09:58:48 -0300] "POST /cormun/servlet/solicitudot?gx-no-cache=1490709442037 HTTP/1.1" 200 1273
186.79.205.121 - - [28/Mar/2017:09:58:49 -0300] "POST /cormun/servlet/solicitudot?gx-no-cache=1490709443424 HTTP/1.1" 200 1157
186.79.205.121 - - [28/Mar/2017:09:58:49 -0300] "GET /cormun/servlet/solicitudot?3445ffd253e83f138429e4339639be7ba3191fba6428b81f6eee7ea1cd031331fe2c80f69a076fc3a7266e2335febde10796ee055d6782d0c273e83da8e781175fe03b4679196fb2a1870b7c472352515e68f9c7446ac410e404ed3b6404d13d8e178cdcac96fb18da79559ab16741b388acd644971dfa4d122e08570da8b3835084d48518e0df41271f1c3d7c4ef2e85e72ad6029c3d028e8006a138228380152d9794bb3aeb5763eda52d939c90b6d,gx-no-cache=1490709444217 HTTP/1.1" 200 30
192.168.10.96 - - [28/Mar/2017:09:58:55 -0300] "GET /cormun/servlet/trinasistenciacormun? HTTP/1.1" 200 9329
192.168.10.96 - - [28/Mar/2017:09:58:55 -0300] "GET /cormun/servlet/trinasistenciacormun? HTTP/1.1" 200 9327
186.103.158.250 - - [28/Mar/2017:09:58:57 -0300] "GET /cormun/static/menuarrow.gif HTTP/1.1" 404 1015
200.73.230.173 - - [28/Mar/2017:09:59:11 -0300] "GET /cormun/servlet/licenciaspermisos?b9a811d561cdc2a797144be3fcc4c2b365e75369b867a4971dad18e098ecf1b43c7ec10e29d14dffa2893d6fd688c3ed635d9d518f2de68f99b6b563a04a49506d532f84170692a53545b1bbb130288ed5c644b8fed8909d08a04595f8c62caa7a4d81b405bc9b8ccef01f0bfe7977d11fe0399c884a8d105cd864c3b3c451ba06461656f9a79166339a9f683fc5be4787be03b95025392dbbf87d2b3b73f8124dfe8b17ea1c527e27ed01c779ab82ed,gx-no-cache=1490706745721 HTTP/1.1" 200 30
186.79.205.121 - - [28/Mar/2017:09:59:14 -0300] "POST /cormun/servlet/solicitudot?gx-no-cache=1490709466468 HTTP/1.1" 200 1273
186.79.205.121 - - [28/Mar/2017:09:59:14 -0300] "POST /cormun/servlet/solicitudot?gx-no-cache=1490709468818 HTTP/1.1" 200 1157
186.79.205.121 - - [28/Mar/2017:09:59:14 -0300] "GET /cormun/servlet/solicitudot?3445ffd253e83f138429e4339639be7ba3191fba6428b81f6eee7ea1cd031331fe2c80f69a076fc3a7266e2335febde10796ee055d6782d0c273e83da8e781175fe03b4679196fb2a1870b7c472352515e68f9c7446ac410e404ed3b6404d13d8e178cdcac96fb18da79559ab16741b388acd644971dfa4d122e08570da8b3835084d48518e0df41271f1c3d7c4ef2e85e72ad6029c3d028e8006a138228380152d9794bb3aeb5763eda52d939c90b6d,gx-no-cache=1490709469340 HTTP/1.1" 200 30
200.73.230.173 - - [28/Mar/2017:09:59:14 -0300] "GET /cormun/servlet/licenciaspermisos?b9a811d561cdc2a797144be3fcc4c2b3f93f14d72b60bb27e7e2044ef4bc3dea6685a394aa02c190522fa122b1e3653b20130c745d8a70acaa3ddf275daebf47bce272502278cc0fef9acd1b0ebb01945498af12f9173065eb3290f6ea679aff424c5b5724fb481afcb0be632157022a8701a06532cf22fedb1ecdf6066fa7cae872a77d70010d882cd579b0e11a6eaec53d132f3b8d3c782d0de37de0da86e59beee7126a0618cb40d6e258bcac38e6,gx-no-cache=1490706749640 HTTP/1.1" 200 29
200.73.230.173 - - [28/Mar/2017:09:59:15 -0300] "POST /cormun/servlet/licenciaspermisos?f18d0eda649421befc5515c94c4c7486,INS,0,,,,gx-no-cache=1490706749741 HTTP/1.1" 200 93
200.73.230.173 - - [28/Mar/2017:09:59:15 -0300] "GET /cormun/servlet/hpexe_return? HTTP/1.1" 200 1035
200.73.230.173 - - [28/Mar/2017:09:59:15 -0300] "GET /cormun/static/messages.spa.js?85251 HTTP/1.1" 304 -
200.73.230.173 - - [28/Mar/2017:09:59:15 -0300] "GET /cormun/servlet/trlicencias?gx-no-cache=1490705968385 HTTP/1.1" 200 7828
200.73.230.173 - - [28/Mar/2017:09:59:15 -0300] "GET /cormun/static/hwchdr01.js?201731711335950 HTTP/1.1" 304 -
200.73.230.173 - - [28/Mar/2017:09:59:15 -0300] "GET /cormun/static/hpexe_recentlink.js?201610171694390 HTTP/1.1" 304 -
200.73.230.173 - - [28/Mar/2017:09:59:15 -0300] "GET /cormun/static/hpexe_scripts.js?201731711335890 HTTP/1.1" 304 -
200.73.230.173 - - [28/Mar/2017:09:59:15 -0300] "GET /cormun/static/hpexe_messagecontroller.js?201610171694323 HTTP/1.1" 304 -
200.73.230.173 - - [28/Mar/2017:09:59:15 -0300] "GET /cormun/static/hpexe_messagepopupcomponent.js?20161017169425 HTTP/1.1" 304 -
200.73.230.173 - - [28/Mar/2017:09:59:15 -0300] "GET /cormun/static/hpexe_messagegenexuscomponent.js?201731711335537 HTTP/1.1" 304 -
200.73.230.173 - - [28/Mar/2017:09:59:15 -0300] "GET /cormun/static/cmcontrolpreferences.js?201731711335852 HTTP/1.1" 304 -
200.73.230.173 - - [28/Mar/2017:09:59:15 -0300] "GET /cormun/static/hmpwkw03.js?201731711485354 HTTP/1.1" 304 -
200.73.230.173 - - [28/Mar/2017:09:59:16 -0300] "GET /cormun/servlet/trlicencias?gx-no-cache=1490705968385 HTTP/1.1" 200 7845
186.79.205.121 - - [28/Mar/2017:09:59:16 -0300] "POST /cormun/servlet/solicitudot?ef10c7936e21597f8fc7bc24f271f187,INS,0,0,,gx-no-cache=1490709469848 HTTP/1.1" 200 93
186.79.205.121 - - [28/Mar/2017:09:59:17 -0300] "GET /cormun/servlet/hpexe_return? HTTP/1.1" 200 1003
186.79.205.121 - - [28/Mar/2017:09:59:17 -0300] "GET /cormun/servlet/trsolicitudot HTTP/1.1" 200 8476
186.79.205.121 - - [28/Mar/2017:09:59:20 -0300] "GET /cormun/servlet/trsolicitudot HTTP/1.1" 200 8472
200.73.230.173 - - [28/Mar/2017:09:59:28 -0300] "GET /cormun/servlet/trlicenciaspermisosadjuntos?13944665,20170328000000,L, HTTP/1.1" 200 6189
200.73.230.173 - - [28/Mar/2017:09:59:29 -0300] "GET /cormun/servlet/trlicenciaspermisosadjuntos?13944665,20170328000000,L, HTTP/1.1" 200 6168
200.73.230.173 - - [28/Mar/2017:09:59:32 -0300] "GET /cormun/servlet/licenciaspermisosadjuntos?INS,13944665,L,20170328000000,, HTTP/1.1" 200 5462
200.73.230.173 - - [28/Mar/2017:09:59:32 -0300] "GET /cormun/static/about:blank HTTP/1.1" 404 1011
200.73.230.173 - - [28/Mar/2017:09:59:32 -0300] "GET /cormun/servlet/licenciaspermisosadjuntos?INS,13944665,L,20170328000000,, HTTP/1.1" 200 5451
186.79.205.121 - - [28/Mar/2017:09:59:35 -0300] "POST /cormun/servlet/trsolicitudot?ef10c7936e21597f8fc7bc24f271f187,gx-no-cache=1490709488912 HTTP/1.1" 200 5277
186.79.205.121 - - [28/Mar/2017:09:59:35 -0300] "GET /cormun/static/Shared/jqueryui/images/ui-bg_highlight-soft_100_c6c2c8_1x100.png HTTP/1.1" 404 1117
186.79.205.121 - - [28/Mar/2017:09:59:35 -0300] "GET /cormun/static/Shared/jqueryui/images/ui-icons_82798d_256x240.png HTTP/1.1" 404 1089
186.79.205.121 - - [28/Mar/2017:09:59:35 -0300] "GET /cormun/static/Shared/jqueryui/images/ui-bg_flat_55_fafafa_40x100.png HTTP/1.1" 404 1097
186.79.205.121 - - [28/Mar/2017:09:59:35 -0300] "GET /cormun/static/Shared/jqueryui/images/ui-icons_8d78a5_256x240.png HTTP/1.1" 404 1089
200.54.247.69 - - [28/Mar/2017:09:59:35 -0300] "POST /cormun/servlet/solicitudot?gx-no-cache=1490706036353 HTTP/1.1" 200 3189
200.54.247.69 - - [28/Mar/2017:09:59:36 -0300] "POST /cormun/servlet/solicitudot?8f3501cf495c1155faab39cd798dc957,INS,0,0,,gx-no-cache=1490706036773 HTTP/1.1" 200 9983
186.79.205.121 - - [28/Mar/2017:09:59:36 -0300] "POST /cormun/servlet/trsolicitudot?ef10c7936e21597f8fc7bc24f271f187,gx-no-cache=1490709490114 HTTP/1.1" 200 5217
192.168.10.13 - - [28/Mar/2017:09:59:38 -0300] "GET / HTTP/1.1" 200 11217
186.79.205.121 - - [28/Mar/2017:09:59:46 -0300] "POST /cormun/servlet/trsolicitudot?ef10c7936e21597f8fc7bc24f271f187,gx-no-cache=1490709500537 HTTP/1.1" 200 4147
186.79.205.121 - - [28/Mar/2017:09:59:47 -0300] "POST /cormun/servlet/trsolicitudot?ef10c7936e21597f8fc7bc24f271f187,gx-no-cache=1490709501517 HTTP/1.1" 200 3924
200.54.247.69 - - [28/Mar/2017:09:59:48 -0300] "GET /cormun/servlet/solicitudot?ce70a4ec40a8ef8de33a9adf2a63765057bd59f273379e017e3de63235fa846ea49dd8c06a892744850b5ce4451ed679,gx-no-cache=1490706048940 HTTP/1.1" 200 30
200.54.247.69 - - [28/Mar/2017:09:59:48 -0300] "POST /cormun/servlet/solicitudot?gx-no-cache=1490706049015 HTTP/1.1" 200 255
200.54.247.69 - - [28/Mar/2017:09:59:48 -0300] "GET /cormun/servlet/solicitudot?ce70a4ec40a8ef8de33a9adf2a6376503d4be7950dc44a6ffb476c0a1bca661d8e58e8d51c161946c55ce32027f55bf9c9f4b405fe5b3efa009ec41f728b1356b6bdebf78632da96d012b96a7aec58255eb89d73bcff9fac7763ccdc769923ecdcc94d276e7bf3d9c3a1da01402f13718bfc579b61d4492f7446cbcbc3615c5b9b68ae41a5f707fcafa4e09546d8457e125c85d4818a3cc21e1be66f93558894a901a94dbf798eb2d174a5828a0376e1c90a07382a941184073351c9eeccecf63ac9e29219e4e2f5f5d432df1e6200ae610c8d828127b937c101f65555b483fefd43d424bb4ed454841ae266e441129e3069306dd9cc90c635c69c43298897563faff6612128131c6b1db17de7494c8eff3ccb046ef1eab958ffa87e14d67da657f1e0d8cac029edde17c87bb4b736e1f0810e0ce9899f5e9abf71ffc087604218334e3be2561027e870b11288b904b81e9a86fc44c7f93e75338d772e2128c65e010529f74f0315deed18ef19d896c481001f02126ce1fd819ca122b6b6cbaa,gx-no-cache=1490706049506 HTTP/1.1" 200 30
200.73.230.173 - - [28/Mar/2017:09:59:52 -0300] "POST /cormun/servlet/licenciaspermisosadjuntos?f18d0eda649421befc5515c94c4c7486,INS,13944665,L,20170328000000,, HTTP/1.1" 200 116
200.73.230.173 - - [28/Mar/2017:09:59:52 -0300] "GET /cormun/servlet/hpexe_return? HTTP/1.1" 200 1043
200.73.230.173 - - [28/Mar/2017:09:59:52 -0300] "GET /cormun/servlet/trlicenciaspermisosadjuntos?13944665,20170328000000,L, HTTP/1.1" 200 6650
200.73.230.173 - - [28/Mar/2017:09:59:52 -0300] "GET /cormun/static/Resources/Spanish/PXTools.css?11294912 HTTP/1.1" 304 -
200.73.230.173 - - [28/Mar/2017:09:59:53 -0300] "GET /cormun/servlet/trlicenciaspermisosadjuntos?13944665,20170328000000,L, HTTP/1.1" 200 6648
200.73.230.173 - - [28/Mar/2017:09:59:54 -0300] "GET /cormun/PublicTempStorage/20170328_081139_erika_8600956.jpg HTTP/1.1" 200 999571
200.54.247.69 - - [28/Mar/2017:09:59:55 -0300] "POST /cormun/servlet/solicitudot?gx-no-cache=1490706056163 HTTP/1.1" 200 30
186.79.205.121 - - [28/Mar/2017:10:00:00 -0300] "GET /cormun/servlet/hlogin HTTP/1.1" 200 1717
200.73.230.173 - - [28/Mar/2017:10:00:02 -0300] "GET /cormun/servlet/licenciaspermisosadjuntos?INS,13944665,L,20170328000000,, HTTP/1.1" 200 5462
200.73.230.173 - - [28/Mar/2017:10:00:03 -0300] "GET /cormun/servlet/licenciaspermisosadjuntos?INS,13944665,L,20170328000000,, HTTP/1.1" 200 5451
200.73.230.173 - - [28/Mar/2017:10:00:05 -0300] "GET /cormun/servlet/trlicenciaspermisosadjuntos?13944665,20170328000000,L, HTTP/1.1" 200 6667
200.73.230.173 - - [28/Mar/2017:10:00:06 -0300] "GET /cormun/servlet/trlicenciaspermisosadjuntos?13944665,20170328000000,L, HTTP/1.1" 200 6648
200.73.230.173 - - [28/Mar/2017:10:00:07 -0300] "GET /cormun/PublicTempStorage/20170328_081139_erika_83729976.jpg HTTP/1.1" 200 999571
200.73.230.173 - - [28/Mar/2017:10:00:08 -0300] "GET /cormun/servlet/trlicencias?gx-no-cache=1490705968385 HTTP/1.1" 200 7828
200.73.230.173 - - [28/Mar/2017:10:00:08 -0300] "GET /cormun/servlet/trlicencias?gx-no-cache=1490705968385 HTTP/1.1" 200 7845
192.168.10.62 - - [28/Mar/2017:10:00:09 -0300] "POST /cormun/servlet/trsolicitudgral?b788ff355cdd1e6af67d5b26ebb5b9d7,gx-no-cache=1490709287946 HTTP/1.1" 200 4890
200.73.230.173 - - [28/Mar/2017:10:00:13 -0300] "GET /cormun/servlet/alicenciaprn?13944665,L,20170328000000,PU HTTP/1.1" 200 1543
186.79.205.121 - - [28/Mar/2017:10:00:14 -0300] "POST /cormun/servlet/hlogin?ef10c7936e21597f8fc7bc24f271f187,gx-no-cache=1490709528747 HTTP/1.1" 200 90
186.79.205.121 - - [28/Mar/2017:10:00:14 -0300] "GET /cormun/servlet/hpexe_link HTTP/1.1" 200 948
186.79.205.121 - - [28/Mar/2017:10:00:14 -0300] "GET /cormun/servlet/hhome HTTP/1.1" 200 3966
186.79.205.121 - - [28/Mar/2017:10:00:16 -0300] "GET /cormun/servlet/hhome HTTP/1.1" 200 3962
200.54.247.69 - - [28/Mar/2017:10:00:18 -0300] "GET /cormun/servlet/prsolicitudot?12518057,,,,,MD,,gxPopupLevel%3D0%3B HTTP/1.1" 200 6314
186.79.27.240 - - [28/Mar/2017:10:00:22 -0300] "POST /cormun/servlet/trsolicitudot?78dbdc84da69fdff0a460c88a873a31c,,gx-no-cache=1490706089964 HTTP/1.1" 200 106
186.79.27.240 - - [28/Mar/2017:10:00:22 -0300] "GET /cormun/servlet/trsolicitudadjuntos?2017,5773, HTTP/1.1" 200 5854
186.79.27.240 - - [28/Mar/2017:10:00:23 -0300] "GET /cormun/servlet/trsolicitudadjuntos?2017,5773, HTTP/1.1" 200 5854
186.79.27.240 - - [28/Mar/2017:10:00:31 -0300] "GET /cormun/servlet/solicitudotadjuntos?INS,2017,5773,,2, HTTP/1.1" 200 5791
186.79.27.240 - - [28/Mar/2017:10:00:31 -0300] "GET /cormun/static/Resources/Spanish/PXTools.css?18365030 HTTP/1.1" 304 -
186.79.27.240 - - [28/Mar/2017:10:00:31 -0300] "GET /cormun/static/about:blank HTTP/1.1" 404 1011
186.79.27.240 - - [28/Mar/2017:10:00:32 -0300] "GET /cormun/servlet/solicitudotadjuntos?INS,2017,5773,,2, HTTP/1.1" 200 5784
186.79.27.240 - - [28/Mar/2017:10:00:32 -0300] "GET /cormun/servlet/solicitudotadjuntos?3275ab2f4ca15add528afa77f83ef34499dde2f8338998846eeef172205310e1bc67c4877c231256ff47e71866fc7a20,gx-no-cache=1490706100525 HTTP/1.1" 200 30
186.79.27.240 - - [28/Mar/2017:10:00:33 -0300] "POST /cormun/servlet/solicitudotadjuntos?78dbdc84da69fdff0a460c88a873a31c,INS,2017,5773,,2,,gx-no-cache=1490706100656 HTTP/1.1" 200 3815
186.79.27.240 - - [28/Mar/2017:10:00:37 -0300] "POST /cormun/servlet/solicitudotadjuntos?gx-no-cache=1490706105069 HTTP/1.1" 200 26
192.168.10.13 - - [28/Mar/2017:10:00:38 -0300] "GET / HTTP/1.1" 200 11217
186.79.205.121 - - [28/Mar/2017:10:00:40 -0300] "GET /cormun/servlet/trautorizarsolicitud? HTTP/1.1" 200 8598
200.54.247.69 - - [28/Mar/2017:10:00:40 -0300] "POST /cormun/servlet/solicitudot?gx-no-cache=1490706101775 HTTP/1.1" 200 1291
200.54.247.69 - - [28/Mar/2017:10:00:42 -0300] "POST /cormun/servlet/solicitudot?gx-no-cache=1490706101948 HTTP/1.1" 200 38
200.54.247.69 - - [28/Mar/2017:10:00:42 -0300] "GET /cormun/servlet/solicitudot?ce70a4ec40a8ef8de33a9adf2a63765051d3236c6ebd2e5824dae0ef5bf5b0eede14c23c6d7646555abf12ef360ae2cb6d26e4eeec52b13c6f292498fe070c7c20dbbf672376072cfdd50a4a2683b960280d6c0a339632d2996d019baef3b5f8d44eaf22efaa6edebaa3dd9524818060763a8a2db9f4aef3ff2219fdf2f2336049611d6c7329902c66a28861522b51714bce83173680370466d0202fe7d2f3ef,gx-no-cache=1490706102928 HTTP/1.1" 200 29
200.54.247.69 - - [28/Mar/2017:10:00:42 -0300] "POST /cormun/servlet/solicitudot?gx-no-cache=1490706103002 HTTP/1.1" 200 1274
186.79.205.121 - - [28/Mar/2017:10:00:42 -0300] "GET /cormun/servlet/trautorizarsolicitud? HTTP/1.1" 200 8596
200.54.247.69 - - [28/Mar/2017:10:00:42 -0300] "POST /cormun/servlet/solicitudot?gx-no-cache=1490706103292 HTTP/1.1" 200 1157
200.54.247.69 - - [28/Mar/2017:10:00:46 -0300] "GET /cormun/servlet/prcontratosol?12518057,,,,,MD,,gxPopupLevel%3D0%3B HTTP/1.1" 200 5981
200.54.247.69 - - [28/Mar/2017:10:00:47 -0300] "GET /cormun/static/gxcfg.js?201731711522183 HTTP/1.1" 200 953
200.54.247.69 - - [28/Mar/2017:10:00:47 -0300] "GET /cormun/static/prcontratosol.js?201731711522419 HTTP/1.1" 200 14084
200.54.247.69 - - [28/Mar/2017:10:00:52 -0300] "POST /cormun/servlet/solicitudot?gx-no-cache=1490706112833 HTTP/1.1" 200 1291
