186.103.159.187 - - [28/Mar/2017:15:36:37 -0300] "POST /cormun/servlet/solicitudot?gx-no-cache=1490729862472 HTTP/1.1" 200 255
186.103.159.187 - - [28/Mar/2017:15:36:38 -0300] "GET /cormun/servlet/solicitudot?a90d3b1c2df556e9baf96e65819eaf6ec46fa6063e1997a970815e59b56837b24922e82fb453023befcd2b6820ec005ebf13b045ca1afdabc1be70953a98167eaa3734fe56eb00b992f8700408fa966e32a2382e7f3e2c813ec426efd3ffbca1a6d0ea91e83464fdd95c2d600da471816bccc4b0255e1cb00b657ea31f33630d8072f62eca5d9157416926e6deadd2139a0b96908adbe2e899d235bf21162a901dba1737b9460c1c707dffe11e2a1f2c5db6251ad0b7822f85d61770cbad62ffb80e5525ac897082ae43f83249f21ad10a206cd814f3aff1dad4adf8d034d630640369340a18c2c10c82148db69f723ac538aaea486a4dd9b707468efa3de42d448e71fc4936968bf4ba766cf0df1f8735c6a61026d2b34ed3c44c3bfa7f44f06f6e56cb30b45d2ae251033a6bc55b356cf6546a58a2006692f5592b1f444ab556460acc701fbab4fd07ad86ce58897d571a0176648bd51d2ab72efe214dd886e5002b44828caac31ad04df9b9933d00b35b4fff69063ffc9b0cb3a79b8a457b,gx-no-cache=1490729862553 HTTP/1.1" 200 30
192.168.10.13 - - [28/Mar/2017:15:36:38 -0300] "GET / HTTP/1.1" 200 11217
192.168.10.96 - - [28/Mar/2017:15:36:38 -0300] "GET /cormun/servlet/trsecurityuserroles2?73, HTTP/1.1" 200 7571
192.168.10.96 - - [28/Mar/2017:15:36:38 -0300] "GET /cormun/servlet/trsecurityuserroles2?73, HTTP/1.1" 200 7571
186.103.159.187 - - [28/Mar/2017:15:36:40 -0300] "POST /cormun/servlet/solicitudot?gx-no-cache=1490729865689 HTTP/1.1" 200 30
186.103.159.187 - - [28/Mar/2017:15:36:42 -0300] "GET /cormun/servlet/prcontratosol?6743471,,,,,MD,,gxPopupLevel%3D0%3B HTTP/1.1" 200 5877
186.103.159.187 - - [28/Mar/2017:15:36:42 -0300] "GET /cormun/static/gxcfg.js?201731711522183 HTTP/1.1" 200 953
186.103.159.187 - - [28/Mar/2017:15:36:42 -0300] "GET /cormun/static/Resources/PXToolsGridFirst.gif HTTP/1.1" 200 379
186.103.159.187 - - [28/Mar/2017:15:36:42 -0300] "GET /cormun/static/Resources/PXToolsGridPrevious.gif HTTP/1.1" 200 369
186.103.159.187 - - [28/Mar/2017:15:36:42 -0300] "GET /cormun/static/Resources/PXToolsGridNext.gif HTTP/1.1" 200 369
186.103.159.187 - - [28/Mar/2017:15:36:42 -0300] "GET /cormun/static/Resources/PXToolsGridLast.gif HTTP/1.1" 200 370
186.103.159.187 - - [28/Mar/2017:15:36:42 -0300] "GET /cormun/static/prcontratosol.js?201731711522419 HTTP/1.1" 200 14084
186.103.159.187 - - [28/Mar/2017:15:36:48 -0300] "POST /cormun/servlet/solicitudot?gx-no-cache=1490729873130 HTTP/1.1" 200 1292
186.103.159.187 - - [28/Mar/2017:15:36:48 -0300] "POST /cormun/servlet/solicitudot?gx-no-cache=1490729873215 HTTP/1.1" 200 38
186.103.159.187 - - [28/Mar/2017:15:36:48 -0300] "GET /cormun/servlet/solicitudot?a90d3b1c2df556e9baf96e65819eaf6eb406fa686dae9dd29765e4422ea6d16a589e738acdce872266e3ad30cdd7ea37d8dd60781aeb801a6bfdc78084af04b6e7bf5b4af5c0fc46e6565d8b1002074f94369f26dd07ef9df83646a716e493c09ba666f2a4d91c725971b19e44a9f2c3e805f55197b234bbbaa535c5eee3e259b792b18846f93fe1cd74970f1af53d4f525e1ae52dca11abd5f62c6d1d946d27,gx-no-cache=1490729873293 HTTP/1.1" 200 29
186.103.159.187 - - [28/Mar/2017:15:36:48 -0300] "POST /cormun/servlet/solicitudot?gx-no-cache=1490729873359 HTTP/1.1" 200 1275
186.103.159.187 - - [28/Mar/2017:15:36:49 -0300] "POST /cormun/servlet/solicitudot?gx-no-cache=1490729873481 HTTP/1.1" 200 1157
186.79.58.119 - - [28/Mar/2017:15:36:53 -0300] "GET /cormun/servlet/solicitudotadjuntos?b6e2b49fb3c365ef8b7a9335aefc1dcf3883b75689bdd8c9e59ccc8aae25516a,gx-no-cache=1490726280592 HTTP/1.1" 200 30
186.79.58.119 - - [28/Mar/2017:15:36:53 -0300] "GET /cormun/servlet/solicitudotadjuntos?b6e2b49fb3c365ef8b7a9335aefc1dcf3883b75689bdd8c9e59ccc8aae25516a,gx-no-cache=1490726280708 HTTP/1.1" 200 30
192.168.10.96 - - [28/Mar/2017:15:36:58 -0300] "GET /cormun/servlet/trsecurityuser01 HTTP/1.1" 200 11964
192.168.10.96 - - [28/Mar/2017:15:36:59 -0300] "GET /cormun/servlet/trsecurityuser01 HTTP/1.1" 200 11960
186.103.159.187 - - [28/Mar/2017:15:37:03 -0300] "POST /cormun/servlet/solicitudot?gx-no-cache=1490729888396 HTTP/1.1" 200 1275
186.103.159.187 - - [28/Mar/2017:15:37:03 -0300] "POST /cormun/servlet/solicitudot?gx-no-cache=1490729888545 HTTP/1.1" 200 1157
186.103.159.187 - - [28/Mar/2017:15:37:03 -0300] "GET /cormun/static/menuarrow.gif HTTP/1.1" 404 1015
186.103.159.187 - - [28/Mar/2017:15:37:06 -0300] "POST /cormun/servlet/solicitudot?gx-no-cache=1490729890907 HTTP/1.1" 200 1275
186.103.159.187 - - [28/Mar/2017:15:37:06 -0300] "POST /cormun/servlet/solicitudot?gx-no-cache=1490729891017 HTTP/1.1" 200 1157
186.79.58.119 - - [28/Mar/2017:15:37:10 -0300] "POST /cormun/servlet/solicitudotadjuntos?cfad54076fbecb6f6eaa2a44752f0307,INS,2017,5783,,1, HTTP/1.1" 200 116
186.79.58.119 - - [28/Mar/2017:15:37:10 -0300] "GET /cormun/servlet/hpexe_return? HTTP/1.1" 200 1024
186.79.58.119 - - [28/Mar/2017:15:37:11 -0300] "GET /cormun/servlet/trsolicitudadjuntos?2017,5783, HTTP/1.1" 200 8471
192.168.10.96 - - [28/Mar/2017:15:37:12 -0300] "GET /cormun/servlet/securityusers?UPD,73, HTTP/1.1" 200 7324
192.168.10.96 - - [28/Mar/2017:15:37:13 -0300] "GET /cormun/servlet/securityusers?UPD,73, HTTP/1.1" 200 7325
186.79.58.119 - - [28/Mar/2017:15:37:13 -0300] "GET /cormun/servlet/trsolicitudadjuntos?2017,5783, HTTP/1.1" 200 8471
186.79.58.119 - - [28/Mar/2017:15:37:16 -0300] "GET /cormun/servlet/solicitudotadjuntos?INS,2017,5783,,1, HTTP/1.1" 200 5779
186.79.58.119 - - [28/Mar/2017:15:37:17 -0300] "GET /cormun/static/about:blank HTTP/1.1" 404 1011
186.79.58.119 - - [28/Mar/2017:15:37:18 -0300] "GET /cormun/servlet/solicitudotadjuntos?INS,2017,5783,,1, HTTP/1.1" 200 5773
186.79.58.119 - - [28/Mar/2017:15:37:18 -0300] "GET /cormun/servlet/solicitudotadjuntos?b6e2b49fb3c365ef8b7a9335aefc1dcfad802a22817504439fdae0767a19ac7474baaec604fe8a65d748372c4209ad4a,gx-no-cache=1490726305811 HTTP/1.1" 200 30
186.79.58.119 - - [28/Mar/2017:15:37:19 -0300] "POST /cormun/servlet/solicitudotadjuntos?cfad54076fbecb6f6eaa2a44752f0307,INS,2017,5783,,1,,gx-no-cache=1490726305937 HTTP/1.1" 200 3669
192.168.10.96 - - [28/Mar/2017:15:37:20 -0300] "POST /cormun/servlet/securityusers?c910cbf254bd355f1d1da9df9d15fb29,UPD,73,,gx-no-cache=1490729518876 HTTP/1.1" 200 93
192.168.10.96 - - [28/Mar/2017:15:37:20 -0300] "GET /cormun/servlet/hpexe_return? HTTP/1.1" 200 1010
192.168.10.96 - - [28/Mar/2017:15:37:20 -0300] "GET /cormun/servlet/trsecurityuser01 HTTP/1.1" 200 11964
192.168.10.96 - - [28/Mar/2017:15:37:21 -0300] "GET /cormun/servlet/trsecurityuser01 HTTP/1.1" 200 11960
186.79.58.119 - - [28/Mar/2017:15:37:26 -0300] "POST /cormun/servlet/solicitudotadjuntos?gx-no-cache=1490726313290 HTTP/1.1" 200 26
192.168.10.13 - - [28/Mar/2017:15:37:38 -0300] "GET / HTTP/1.1" 200 11217
186.103.159.187 - - [28/Mar/2017:15:37:46 -0300] "GET /cormun/servlet/solicitudot?a90d3b1c2df556e9baf96e65819eaf6ef85e00d58e21436c4620b6259a63dc12d70be4a55bdef3045c338d25ac0a3b16297bb082492ca3970266d37f23dd2fbb818eaf6200db4df64bcec65af76101cb0a9380e5323847a29c75ba2e166685307dcc132ccab6a796df504cbbad961bc99cbdba69d2a71978d4695ef955328f5e221c4eac63e7d95fe19f0cb6a7fe5a32d171567515b3d5a423d823ca4adba156b2a3739bc6c987dc66c733540cd826ee,gx-no-cache=1490729930621 HTTP/1.1" 200 30
186.79.58.119 - - [28/Mar/2017:15:37:52 -0300] "GET /cormun/servlet/solicitudotadjuntos?b6e2b49fb3c365ef8b7a9335aefc1dcf3883b75689bdd8c9e59ccc8aae25516a,gx-no-cache=1490726339322 HTTP/1.1" 200 30
186.79.58.119 - - [28/Mar/2017:15:37:52 -0300] "GET /cormun/servlet/solicitudotadjuntos?b6e2b49fb3c365ef8b7a9335aefc1dcf3883b75689bdd8c9e59ccc8aae25516a,gx-no-cache=1490726339460 HTTP/1.1" 200 30
186.103.159.187 - - [28/Mar/2017:15:37:59 -0300] "POST /cormun/servlet/solicitudot?b43d144fd9709c36315bc7bd30484c30,INS,0,0,,gx-no-cache=1490729943655 HTTP/1.1" 200 93
186.103.159.187 - - [28/Mar/2017:15:37:59 -0300] "GET /cormun/servlet/hpexe_return? HTTP/1.1" 200 1001
186.103.159.187 - - [28/Mar/2017:15:37:59 -0300] "GET /cormun/servlet/trsolicitudot HTTP/1.1" 200 8414
186.103.159.187 - - [28/Mar/2017:15:38:00 -0300] "GET /cormun/servlet/trsolicitudot HTTP/1.1" 200 8410
186.103.159.187 - - [28/Mar/2017:15:38:07 -0300] "POST /cormun/servlet/trsolicitudot?b43d144fd9709c36315bc7bd30484c30,gx-no-cache=1490729952289 HTTP/1.1" 200 5248
186.103.159.187 - - [28/Mar/2017:15:38:07 -0300] "GET /cormun/static/Shared/jqueryui/images/ui-bg_highlight-soft_100_c6c2c8_1x100.png HTTP/1.1" 404 1117
186.103.159.187 - - [28/Mar/2017:15:38:07 -0300] "GET /cormun/static/Shared/jqueryui/images/ui-icons_82798d_256x240.png HTTP/1.1" 404 1089
186.103.159.187 - - [28/Mar/2017:15:38:07 -0300] "GET /cormun/static/Shared/jqueryui/images/ui-bg_flat_55_fafafa_40x100.png HTTP/1.1" 404 1097
186.103.159.187 - - [28/Mar/2017:15:38:07 -0300] "GET /cormun/static/Shared/jqueryui/images/ui-icons_8d78a5_256x240.png HTTP/1.1" 404 1089
186.103.159.187 - - [28/Mar/2017:15:38:07 -0300] "POST /cormun/servlet/trsolicitudot?b43d144fd9709c36315bc7bd30484c30,gx-no-cache=1490729952624 HTTP/1.1" 200 5189
186.103.159.187 - - [28/Mar/2017:15:38:12 -0300] "POST /cormun/servlet/trsolicitudot?b43d144fd9709c36315bc7bd30484c30,gx-no-cache=1490729957458 HTTP/1.1" 200 90
186.103.159.187 - - [28/Mar/2017:15:38:12 -0300] "GET /cormun/servlet/hpexe_link HTTP/1.1" 200 950
186.103.159.187 - - [28/Mar/2017:15:38:12 -0300] "GET /cormun/servlet/hhome HTTP/1.1" 200 3729
192.168.10.96 - - [28/Mar/2017:15:38:13 -0300] "GET /cormun/servlet/hlogin HTTP/1.1" 200 1745
186.103.159.187 - - [28/Mar/2017:15:38:13 -0300] "GET /cormun/servlet/hhome HTTP/1.1" 200 3725
186.103.159.187 - - [28/Mar/2017:15:38:15 -0300] "GET /cormun/servlet/hlogin HTTP/1.1" 200 1730
186.79.58.119 - - [28/Mar/2017:15:38:21 -0300] "POST /cormun/servlet/solicitudotadjuntos?cfad54076fbecb6f6eaa2a44752f0307,INS,2017,5783,,1, HTTP/1.1" 200 6203
186.103.159.187 - - [28/Mar/2017:15:38:25 -0300] "POST /cormun/servlet/hlogin?b43d144fd9709c36315bc7bd30484c30,gx-no-cache=1490729970635 HTTP/1.1" 200 438
186.103.159.187 - - [28/Mar/2017:15:38:32 -0300] "POST /cormun/servlet/hlogin?b43d144fd9709c36315bc7bd30484c30,gx-no-cache=1490729976852 HTTP/1.1" 200 90
186.103.159.187 - - [28/Mar/2017:15:38:32 -0300] "GET /cormun/servlet/hpexe_link HTTP/1.1" 200 946
186.103.159.187 - - [28/Mar/2017:15:38:32 -0300] "GET /cormun/servlet/hhome HTTP/1.1" 200 3945
192.168.10.96 - - [28/Mar/2017:15:38:32 -0300] "POST /cormun/servlet/hlogin?c910cbf254bd355f1d1da9df9d15fb29,gx-no-cache=1490729591454 HTTP/1.1" 200 90
192.168.10.96 - - [28/Mar/2017:15:38:32 -0300] "GET /cormun/servlet/hpexe_link HTTP/1.1" 200 954
192.168.10.96 - - [28/Mar/2017:15:38:33 -0300] "GET /cormun/servlet/hhome HTTP/1.1" 200 4197
192.168.10.96 - - [28/Mar/2017:15:38:33 -0300] "GET /cormun/servlet/hhome HTTP/1.1" 200 4196
186.103.159.187 - - [28/Mar/2017:15:38:33 -0300] "GET /cormun/servlet/hhome HTTP/1.1" 200 3941
192.168.10.13 - - [28/Mar/2017:15:38:38 -0300] "GET / HTTP/1.1" 200 11217
186.103.159.187 - - [28/Mar/2017:15:38:44 -0300] "GET /cormun/servlet/trautorizarsolicitud? HTTP/1.1" 200 8101
186.103.159.187 - - [28/Mar/2017:15:38:45 -0300] "GET /cormun/servlet/trautorizarsolicitud? HTTP/1.1" 200 8099
186.103.159.187 - - [28/Mar/2017:15:38:53 -0300] "POST /cormun/servlet/trautorizarsolicitud?b43d144fd9709c36315bc7bd30484c30,,gx-no-cache=1490729997720 HTTP/1.1" 200 4283
186.103.159.187 - - [28/Mar/2017:15:38:53 -0300] "GET /cormun/static/Shared/jqueryui/images/ui-bg_highlight-soft_100_c6c2c8_1x100.png HTTP/1.1" 404 1117
186.103.159.187 - - [28/Mar/2017:15:38:53 -0300] "GET /cormun/static/Shared/jqueryui/images/ui-bg_flat_55_fafafa_40x100.png HTTP/1.1" 404 1097
186.103.159.187 - - [28/Mar/2017:15:38:53 -0300] "GET /cormun/static/Shared/jqueryui/images/ui-icons_8d78a5_256x240.png HTTP/1.1" 404 1089
186.103.159.187 - - [28/Mar/2017:15:38:53 -0300] "GET /cormun/static/Shared/jqueryui/images/ui-icons_82798d_256x240.png HTTP/1.1" 404 1089
186.103.159.187 - - [28/Mar/2017:15:38:53 -0300] "POST /cormun/servlet/trautorizarsolicitud?b43d144fd9709c36315bc7bd30484c30,,gx-no-cache=1490729998035 HTTP/1.1" 200 4086
192.168.10.13 - - [28/Mar/2017:15:39:38 -0300] "GET / HTTP/1.1" 200 11217
192.168.10.96 - - [28/Mar/2017:15:39:47 -0300] "POST /cormun/servlet/trsolicitudgral?075044d6619b56bb19e87ec7614481f6,,gx-no-cache=1490729666445 HTTP/1.1" 440 972
192.168.10.96 - - [28/Mar/2017:15:39:49 -0300] "GET /cormun/servlet/trsolicitudgral? HTTP/1.1" 200 22105
192.168.10.96 - - [28/Mar/2017:15:39:50 -0300] "GET /cormun/servlet/trsolicitudgral? HTTP/1.1" 200 22105
186.103.159.187 - - [28/Mar/2017:15:40:04 -0300] "GET /cormun/servlet/trcontratosolicitud? HTTP/1.1" 200 13747
186.103.159.187 - - [28/Mar/2017:15:40:04 -0300] "GET /cormun/static/gxcfg.js?20171317451682 HTTP/1.1" 200 953
186.103.159.187 - - [28/Mar/2017:15:40:04 -0300] "GET /cormun/static/trcontratosolicitud.js?20171317452124 HTTP/1.1" 200 28173
192.168.10.96 - - [28/Mar/2017:15:40:04 -0300] "POST /cormun/servlet/trsolicitudgral?c910cbf254bd355f1d1da9df9d15fb29,,gx-no-cache=1490729683217 HTTP/1.1" 200 15079
186.103.159.187 - - [28/Mar/2017:15:40:05 -0300] "GET /cormun//static/Resources/PXToolsGridNew.png HTTP/1.1" 200 2949
186.103.159.187 - - [28/Mar/2017:15:40:05 -0300] "GET /cormun/servlet/trcontratosolicitud? HTTP/1.1" 200 13758
186.103.159.187 - - [28/Mar/2017:15:40:06 -0300] "GET /cormun//static/Resources/PXToolsActionDisabled.gif HTTP/1.1" 200 53
40.77.167.41 - - [28/Mar/2017:15:40:20 -0300] "GET /cormun/static/PXToolsJavascripts/pexe_menus.js HTTP/1.1" 200 1286
40.77.167.41 - - [28/Mar/2017:15:40:20 -0300] "GET /cormun/static/PXToolsJavascripts/pexe_menus.js HTTP/1.1" 200 1286
192.168.10.13 - - [28/Mar/2017:15:40:38 -0300] "GET / HTTP/1.1" 200 11217
192.168.10.13 - - [28/Mar/2017:15:41:38 -0300] "GET / HTTP/1.1" 200 11217
192.168.10.89 - - [28/Mar/2017:15:41:58 -0300] "POST /cormun/servlet/hlogin?49bb2be69509c16b8b1539ed1db6a97e,gx-no-cache=1490729797470 HTTP/1.1" 440 972
192.168.10.89 - - [28/Mar/2017:15:41:59 -0300] "GET /cormun/servlet/hlogin HTTP/1.1" 200 1735
192.168.10.89 - - [28/Mar/2017:15:42:16 -0300] "POST /cormun/servlet/hlogin?aba0b538d81856a282ed7cea1280f6b3,gx-no-cache=1490729814994 HTTP/1.1" 200 90
192.168.10.89 - - [28/Mar/2017:15:42:16 -0300] "GET /cormun/servlet/hpexe_link HTTP/1.1" 200 956
192.168.10.89 - - [28/Mar/2017:15:42:17 -0300] "GET /cormun/servlet/hhome HTTP/1.1" 200 3959
192.168.10.89 - - [28/Mar/2017:15:42:20 -0300] "GET /cormun/servlet/trsolicitudot? HTTP/1.1" 200 9013
192.168.10.89 - - [28/Mar/2017:15:42:20 -0300] "GET /cormun/static/gxcfg.js?201731711505139 HTTP/1.1" 304 -
192.168.10.89 - - [28/Mar/2017:15:42:20 -0300] "GET /cormun/static/trsolicitudot.js?20173171151116 HTTP/1.1" 304 -
192.168.10.13 - - [28/Mar/2017:15:42:38 -0300] "GET / HTTP/1.1" 200 11217
186.103.159.187 - - [28/Mar/2017:15:42:39 -0300] "GET /cormun/servlet/trsolicitudot? HTTP/1.1" 200 8158
186.103.159.187 - - [28/Mar/2017:15:42:40 -0300] "GET /cormun/servlet/trsolicitudot? HTTP/1.1" 200 8157
192.168.10.89 - - [28/Mar/2017:15:42:47 -0300] "POST /cormun/servlet/trsolicitudot?aba0b538d81856a282ed7cea1280f6b3,,gx-no-cache=1490729846358 HTTP/1.1" 200 106
192.168.10.89 - - [28/Mar/2017:15:42:48 -0300] "GET /cormun/servlet/trsolicitudadjuntos?2017,5761, HTTP/1.1" 200 8881
192.168.10.89 - - [28/Mar/2017:15:42:48 -0300] "GET /cormun/static/gxcfg.js?201731711504543 HTTP/1.1" 304 -
192.168.10.89 - - [28/Mar/2017:15:42:48 -0300] "GET /cormun/static/trsolicitudadjuntos.js?201731711504951 HTTP/1.1" 304 -
192.168.10.89 - - [28/Mar/2017:15:43:05 -0300] "GET /cormun/servlet/trsolicitudot? HTTP/1.1" 200 9013
192.168.10.89 - - [28/Mar/2017:15:43:14 -0300] "POST /cormun/servlet/trsolicitudot?aba0b538d81856a282ed7cea1280f6b3,,gx-no-cache=1490729872933 HTTP/1.1" 200 107
192.168.10.89 - - [28/Mar/2017:15:43:15 -0300] "GET /cormun/servlet/trsolicitudadjuntos?2017,5738, HTTP/1.1" 200 9145
192.168.10.89 - - [28/Mar/2017:15:43:25 -0300] "GET /cormun/PublicTempStorage/masvida_14857967.pdf HTTP/1.1" 200 1233866
192.168.10.89 - - [28/Mar/2017:15:43:29 -0300] "GET /cormun/servlet/trsolicitudadjuntos?2017,5738, HTTP/1.1" 200 9143
192.168.10.89 - - [28/Mar/2017:15:43:34 -0300] "GET /cormun/servlet/trsolicitudot? HTTP/1.1" 200 9013
192.168.10.13 - - [28/Mar/2017:15:43:38 -0300] "GET / HTTP/1.1" 200 11217
192.168.10.13 - - [28/Mar/2017:15:44:38 -0300] "GET / HTTP/1.1" 200 11217
192.168.10.89 - - [28/Mar/2017:15:44:56 -0300] "GET /cormun/servlet/hlogin HTTP/1.1" 200 1745
192.168.10.89 - - [28/Mar/2017:15:45:03 -0300] "POST /cormun/servlet/hlogin?aba0b538d81856a282ed7cea1280f6b3,gx-no-cache=1490729981919 HTTP/1.1" 200 90
192.168.10.89 - - [28/Mar/2017:15:45:03 -0300] "GET /cormun/servlet/hpexe_link HTTP/1.1" 200 956
192.168.10.89 - - [28/Mar/2017:15:45:04 -0300] "GET /cormun/servlet/hhome HTTP/1.1" 200 4406
192.168.10.13 - - [28/Mar/2017:15:45:38 -0300] "GET / HTTP/1.1" 200 11217
186.79.71.7 - - [28/Mar/2017:15:46:20 -0300] "GET /cormun/servlet/hlogin HTTP/1.1" 200 1723
186.79.71.7 - - [28/Mar/2017:15:46:31 -0300] "POST /cormun/servlet/hlogin?cfad54076fbecb6f6eaa2a44752f0307,gx-no-cache=1490726858056 HTTP/1.1" 200 90
186.79.71.7 - - [28/Mar/2017:15:46:31 -0300] "GET /cormun/servlet/hpexe_link HTTP/1.1" 200 978
186.79.71.7 - - [28/Mar/2017:15:46:31 -0300] "GET /cormun/servlet/solicitudotadjuntos?INS,2017,5783,,1, HTTP/1.1" 200 5774
186.79.71.7 - - [28/Mar/2017:15:46:32 -0300] "GET /cormun/static/about:blank HTTP/1.1" 404 1011
186.79.71.7 - - [28/Mar/2017:15:46:33 -0300] "GET /cormun/servlet/solicitudotadjuntos?INS,2017,5783,,1, HTTP/1.1" 200 5773
186.79.71.7 - - [28/Mar/2017:15:46:34 -0300] "GET /cormun/servlet/solicitudotadjuntos?b6e2b49fb3c365ef8b7a9335aefc1dcfad802a22817504439fdae0767a19ac7474baaec604fe8a65d748372c4209ad4a,gx-no-cache=1490726861458 HTTP/1.1" 200 30
186.79.71.7 - - [28/Mar/2017:15:46:35 -0300] "POST /cormun/servlet/solicitudotadjuntos?cfad54076fbecb6f6eaa2a44752f0307,INS,2017,5783,,1,,gx-no-cache=1490726861874 HTTP/1.1" 200 3659
192.168.10.13 - - [28/Mar/2017:15:46:38 -0300] "GET / HTTP/1.1" 200 11217
186.79.71.7 - - [28/Mar/2017:15:46:59 -0300] "POST /cormun/servlet/solicitudotadjuntos?gx-no-cache=1490726885930 HTTP/1.1" 200 26
207.46.13.208 - - [28/Mar/2017:15:47:03 -0300] "GET /robots.txt HTTP/1.1" 404 981
186.79.71.7 - - [28/Mar/2017:15:47:09 -0300] "GET /cormun/servlet/solicitudotadjuntos?b6e2b49fb3c365ef8b7a9335aefc1dcf3883b75689bdd8c9e59ccc8aae25516a,gx-no-cache=1490726896291 HTTP/1.1" 200 30
186.79.71.7 - - [28/Mar/2017:15:47:09 -0300] "GET /cormun/servlet/solicitudotadjuntos?b6e2b49fb3c365ef8b7a9335aefc1dcf3883b75689bdd8c9e59ccc8aae25516a,gx-no-cache=1490726896391 HTTP/1.1" 200 30
40.77.167.41 - - [28/Mar/2017:15:47:13 -0300] "GET /cormun/static/PXToolsJavascripts/pexe_menus.js HTTP/1.1" 200 1286
157.55.39.32 - - [28/Mar/2017:15:47:14 -0300] "GET /cormun/static/Shared/ext/ext-all.js HTTP/1.1" 200 1289687
192.168.10.13 - - [28/Mar/2017:15:47:38 -0300] "GET / HTTP/1.1" 200 11217
186.79.71.7 - - [28/Mar/2017:15:47:43 -0300] "POST /cormun/servlet/solicitudotadjuntos?cfad54076fbecb6f6eaa2a44752f0307,INS,2017,5783,,1, HTTP/1.1" 200 116
186.79.71.7 - - [28/Mar/2017:15:47:43 -0300] "GET /cormun/servlet/hpexe_return? HTTP/1.1" 200 1024
186.79.71.7 - - [28/Mar/2017:15:47:44 -0300] "GET /cormun/servlet/trsolicitudadjuntos?2017,5783, HTTP/1.1" 200 8633
186.79.71.7 - - [28/Mar/2017:15:47:46 -0300] "GET /cormun/servlet/trsolicitudadjuntos?2017,5783, HTTP/1.1" 200 8634
186.79.71.7 - - [28/Mar/2017:15:47:53 -0300] "GET /cormun/servlet/solicitudotadjuntos?INS,2017,5783,,1, HTTP/1.1" 200 5779
186.79.71.7 - - [28/Mar/2017:15:47:53 -0300] "GET /cormun/static/about:blank HTTP/1.1" 404 1011
186.79.71.7 - - [28/Mar/2017:15:47:55 -0300] "GET /cormun/servlet/solicitudotadjuntos?INS,2017,5783,,1, HTTP/1.1" 200 5773
186.79.71.7 - - [28/Mar/2017:15:47:55 -0300] "GET /cormun/servlet/solicitudotadjuntos?b6e2b49fb3c365ef8b7a9335aefc1dcfad802a22817504439fdae0767a19ac7474baaec604fe8a65d748372c4209ad4a,gx-no-cache=1490726942513 HTTP/1.1" 200 30
186.79.71.7 - - [28/Mar/2017:15:47:55 -0300] "POST /cormun/servlet/solicitudotadjuntos?cfad54076fbecb6f6eaa2a44752f0307,INS,2017,5783,,1,,gx-no-cache=1490726942659 HTTP/1.1" 200 3669
186.79.71.7 - - [28/Mar/2017:15:48:01 -0300] "POST /cormun/servlet/solicitudotadjuntos?gx-no-cache=1490726948709 HTTP/1.1" 200 26
186.79.71.7 - - [28/Mar/2017:15:48:22 -0300] "GET /cormun/servlet/solicitudotadjuntos?b6e2b49fb3c365ef8b7a9335aefc1dcf3883b75689bdd8c9e59ccc8aae25516a,gx-no-cache=1490726968889 HTTP/1.1" 200 30
186.79.71.7 - - [28/Mar/2017:15:48:22 -0300] "GET /cormun/servlet/solicitudotadjuntos?b6e2b49fb3c365ef8b7a9335aefc1dcf3883b75689bdd8c9e59ccc8aae25516a,gx-no-cache=1490726969599 HTTP/1.1" 200 30
192.168.10.13 - - [28/Mar/2017:15:48:38 -0300] "GET / HTTP/1.1" 200 11217
192.168.10.96 - - [28/Mar/2017:15:48:46 -0300] "POST /cormun/servlet/trsolicitudgral?c910cbf254bd355f1d1da9df9d15fb29,,gx-no-cache=1490730204347 HTTP/1.1" 200 19396
192.168.10.96 - - [28/Mar/2017:15:48:56 -0300] "POST /cormun/servlet/trsolicitudgral?c910cbf254bd355f1d1da9df9d15fb29,,gx-no-cache=1490730214689 HTTP/1.1" 200 5426
192.168.10.96 - - [28/Mar/2017:15:48:59 -0300] "POST /cormun/servlet/trsolicitudgral?c910cbf254bd355f1d1da9df9d15fb29,,gx-no-cache=1490730218050 HTTP/1.1" 200 5428
192.168.10.96 - - [28/Mar/2017:15:49:02 -0300] "POST /cormun/servlet/trsolicitudgral?c910cbf254bd355f1d1da9df9d15fb29,,gx-no-cache=1490730220825 HTTP/1.1" 200 5428
192.168.10.96 - - [28/Mar/2017:15:49:05 -0300] "POST /cormun/servlet/trsolicitudgral?c910cbf254bd355f1d1da9df9d15fb29,,gx-no-cache=1490730224112 HTTP/1.1" 200 5425
186.79.71.7 - - [28/Mar/2017:15:49:07 -0300] "POST /cormun/servlet/solicitudotadjuntos?cfad54076fbecb6f6eaa2a44752f0307,INS,2017,5783,,1, HTTP/1.1" 200 116
186.79.71.7 - - [28/Mar/2017:15:49:08 -0300] "GET /cormun/servlet/hpexe_return? HTTP/1.1" 200 1024
186.79.71.7 - - [28/Mar/2017:15:49:09 -0300] "GET /cormun/servlet/trsolicitudadjuntos?2017,5783, HTTP/1.1" 200 8878
192.168.10.96 - - [28/Mar/2017:15:49:13 -0300] "POST /cormun/servlet/trsolicitudgral?c910cbf254bd355f1d1da9df9d15fb29,,gx-no-cache=1490730231562 HTTP/1.1" 200 5425
186.103.156.166 - - [28/Mar/2017:15:49:13 -0300] "GET /cormun/servlet/hlogin HTTP/1.1" 200 1723
186.103.156.166 - - [28/Mar/2017:15:49:13 -0300] "GET /cormun/static/gxcfg.js?201731711485472 HTTP/1.1" 304 -
186.103.156.166 - - [28/Mar/2017:15:49:13 -0300] "GET /cormun/static/Resources/Spanish/PXTools.css?11294912 HTTP/1.1" 304 -
186.103.156.166 - - [28/Mar/2017:15:49:13 -0300] "GET /cormun/static/messages.spa.js?85251 HTTP/1.1" 304 -
186.103.156.166 - - [28/Mar/2017:15:49:13 -0300] "GET /cormun/static/hlogin.js?201731711485490 HTTP/1.1" 304 -
186.103.156.166 - - [28/Mar/2017:15:49:14 -0300] "GET /cormun/servlet/hlogin HTTP/1.1" 200 1734
186.79.71.7 - - [28/Mar/2017:15:49:15 -0300] "GET /cormun/servlet/trsolicitudadjuntos?2017,5783, HTTP/1.1" 200 8876
192.168.10.96 - - [28/Mar/2017:15:49:16 -0300] "POST /cormun/servlet/trsolicitudgral?c910cbf254bd355f1d1da9df9d15fb29,,gx-no-cache=1490730235262 HTTP/1.1" 200 5425
192.168.10.96 - - [28/Mar/2017:15:49:19 -0300] "POST /cormun/servlet/trsolicitudgral?c910cbf254bd355f1d1da9df9d15fb29,,gx-no-cache=1490730238306 HTTP/1.1" 200 5427
186.103.156.166 - - [28/Mar/2017:15:49:24 -0300] "POST /cormun/servlet/hlogin?0e2c5a6eef90cc8367fc7f1eff3ed778,gx-no-cache=1490730629718 HTTP/1.1" 200 90
186.103.156.166 - - [28/Mar/2017:15:49:24 -0300] "GET /cormun/servlet/hpexe_link HTTP/1.1" 200 953
186.103.156.166 - - [28/Mar/2017:15:49:25 -0300] "GET /cormun/static/hpexe_link.js?201731711483384 HTTP/1.1" 304 -
186.103.156.166 - - [28/Mar/2017:15:49:25 -0300] "GET /cormun/static/gxcfg.js?201731711483381 HTTP/1.1" 304 -
186.103.156.166 - - [28/Mar/2017:15:49:25 -0300] "GET /cormun/servlet/hhome HTTP/1.1" 200 3957
186.103.156.166 - - [28/Mar/2017:15:49:26 -0300] "GET /cormun/static/hhome.js?20173171148352 HTTP/1.1" 304 -
186.103.156.166 - - [28/Mar/2017:15:49:26 -0300] "GET /cormun/static/hwchdr01.js?201731711335950 HTTP/1.1" 304 -
186.103.156.166 - - [28/Mar/2017:15:49:26 -0300] "GET /cormun/static/hpexe_recentlink.js?201610171694390 HTTP/1.1" 304 -
186.103.156.166 - - [28/Mar/2017:15:49:26 -0300] "GET /cormun/static/hpexe_scripts.js?201731711335890 HTTP/1.1" 304 -
186.103.156.166 - - [28/Mar/2017:15:49:26 -0300] "GET /cormun/static/hpexe_messagecontroller.js?201610171694323 HTTP/1.1" 304 -
186.103.156.166 - - [28/Mar/2017:15:49:26 -0300] "GET /cormun/static/hpexe_messagepopupcomponent.js?20161017169425 HTTP/1.1" 304 -
186.103.156.166 - - [28/Mar/2017:15:49:26 -0300] "GET /cormun/static/gxcfg.js?201731711483497 HTTP/1.1" 304 -
186.103.156.166 - - [28/Mar/2017:15:49:26 -0300] "GET /cormun/static/hpexe_messagegenexuscomponent.js?201731711335537 HTTP/1.1" 304 -
186.103.156.166 - - [28/Mar/2017:15:49:26 -0300] "GET /cormun/static/cmcontrolpreferences.js?201731711335852 HTTP/1.1" 304 -
186.103.156.166 - - [28/Mar/2017:15:49:26 -0300] "GET /cormun/static/hmpwkw03.js?201731711485354 HTTP/1.1" 304 -
192.168.10.96 - - [28/Mar/2017:15:49:27 -0300] "POST /cormun/servlet/trsolicitudgral?c910cbf254bd355f1d1da9df9d15fb29,,gx-no-cache=1490730245742 HTTP/1.1" 200 5427
186.103.156.166 - - [28/Mar/2017:15:49:27 -0300] "GET /cormun/servlet/hhome HTTP/1.1" 200 3953
192.168.10.96 - - [28/Mar/2017:15:49:30 -0300] "POST /cormun/servlet/trsolicitudgral?c910cbf254bd355f1d1da9df9d15fb29,,gx-no-cache=1490730249189 HTTP/1.1" 200 8078
186.103.156.166 - - [28/Mar/2017:15:49:32 -0300] "GET /cormun/servlet/trsolicitudot? HTTP/1.1" 200 9010
186.103.156.166 - - [28/Mar/2017:15:49:32 -0300] "GET /cormun/static/gxcfg.js?201731711505139 HTTP/1.1" 304 -
186.103.156.166 - - [28/Mar/2017:15:49:32 -0300] "GET /cormun/static/trsolicitudot.js?20173171151116 HTTP/1.1" 304 -
186.103.156.166 - - [28/Mar/2017:15:49:33 -0300] "GET /cormun/servlet/trsolicitudot? HTTP/1.1" 200 9007
186.79.71.7 - - [28/Mar/2017:15:49:34 -0300] "GET /cormun/servlet/trsolicitudot? HTTP/1.1" 200 8001
192.168.10.96 - - [28/Mar/2017:15:49:37 -0300] "POST /cormun/servlet/trsolicitudgral?c910cbf254bd355f1d1da9df9d15fb29,,gx-no-cache=1490730256439 HTTP/1.1" 200 5423
192.168.10.13 - - [28/Mar/2017:15:49:38 -0300] "GET / HTTP/1.1" 200 11217
192.168.10.96 - - [28/Mar/2017:15:49:41 -0300] "POST /cormun/servlet/trsolicitudgral?c910cbf254bd355f1d1da9df9d15fb29,,gx-no-cache=1490730260236 HTTP/1.1" 200 8079
186.79.71.7 - - [28/Mar/2017:15:49:47 -0300] "POST /cormun/servlet/trsolicitudot?cfad54076fbecb6f6eaa2a44752f0307,,gx-no-cache=1490727054027 HTTP/1.1" 200 4173
186.79.71.7 - - [28/Mar/2017:15:49:48 -0300] "GET /cormun/static/Shared/jqueryui/images/ui-bg_highlight-soft_100_c6c2c8_1x100.png HTTP/1.1" 404 1117
186.79.71.7 - - [28/Mar/2017:15:49:48 -0300] "GET /cormun/static/Shared/jqueryui/images/ui-icons_82798d_256x240.png HTTP/1.1" 404 1089
186.79.71.7 - - [28/Mar/2017:15:49:48 -0300] "GET /cormun/static/Shared/jqueryui/images/ui-icons_8d78a5_256x240.png HTTP/1.1" 404 1089
186.79.71.7 - - [28/Mar/2017:15:49:48 -0300] "GET /cormun/static/Shared/jqueryui/images/ui-bg_flat_55_fafafa_40x100.png HTTP/1.1" 404 1097
186.79.71.7 - - [28/Mar/2017:15:49:49 -0300] "POST /cormun/servlet/trsolicitudot?cfad54076fbecb6f6eaa2a44752f0307,,gx-no-cache=1490727055423 HTTP/1.1" 200 3945
192.168.10.96 - - [28/Mar/2017:15:49:51 -0300] "POST /cormun/servlet/trsolicitudgral?c910cbf254bd355f1d1da9df9d15fb29,,gx-no-cache=1490730269968 HTTP/1.1" 200 5427
192.168.10.96 - - [28/Mar/2017:15:49:53 -0300] "POST /cormun/servlet/trsolicitudgral?c910cbf254bd355f1d1da9df9d15fb29,,gx-no-cache=1490730272346 HTTP/1.1" 200 8076
186.103.156.166 - - [28/Mar/2017:15:49:56 -0300] "POST /cormun/servlet/trsolicitudot?0e2c5a6eef90cc8367fc7f1eff3ed778,,gx-no-cache=1490730660391 HTTP/1.1" 200 5920
186.103.156.166 - - [28/Mar/2017:15:49:56 -0300] "GET /cormun/static/Shared/jqueryui/images/ui-bg_flat_55_fafafa_40x100.png HTTP/1.1" 404 1097
186.103.156.166 - - [28/Mar/2017:15:49:56 -0300] "GET /cormun/static/Shared/jqueryui/images/ui-icons_8d78a5_256x240.png HTTP/1.1" 404 1089
186.103.156.166 - - [28/Mar/2017:15:49:57 -0300] "GET /cormun/static/Shared/jqueryui/images/ui-bg_highlight-soft_100_c6c2c8_1x100.png HTTP/1.1" 404 1117
186.103.156.166 - - [28/Mar/2017:15:49:57 -0300] "GET /cormun/static/Shared/jqueryui/images/ui-icons_82798d_256x240.png HTTP/1.1" 404 1089
186.103.156.166 - - [28/Mar/2017:15:49:57 -0300] "POST /cormun/servlet/trsolicitudot?0e2c5a6eef90cc8367fc7f1eff3ed778,,gx-no-cache=1490730662033 HTTP/1.1" 200 5863
186.79.71.7 - - [28/Mar/2017:15:49:58 -0300] "GET /cormun/servlet/hlogin HTTP/1.1" 200 1723
186.103.156.166 - - [28/Mar/2017:15:50:26 -0300] "POST /cormun/servlet/trsolicitudot?0e2c5a6eef90cc8367fc7f1eff3ed778,,gx-no-cache=1490730689691 HTTP/1.1" 200 5904
186.103.156.166 - - [28/Mar/2017:15:50:32 -0300] "POST /cormun/servlet/trsolicitudot?0e2c5a6eef90cc8367fc7f1eff3ed778,,gx-no-cache=1490730696278 HTTP/1.1" 200 106
186.103.156.166 - - [28/Mar/2017:15:50:34 -0300] "GET /cormun/servlet/trsolicitudadjuntos?2017,5761, HTTP/1.1" 200 8888
186.103.156.166 - - [28/Mar/2017:15:50:34 -0300] "GET /cormun/static/gxcfg.js?201731711504543 HTTP/1.1" 304 -
186.103.156.166 - - [28/Mar/2017:15:50:34 -0300] "GET /cormun/static/trsolicitudadjuntos.js?201731711504951 HTTP/1.1" 304 -
186.103.156.166 - - [28/Mar/2017:15:50:36 -0300] "GET /cormun/servlet/trsolicitudadjuntos?2017,5761, HTTP/1.1" 200 8892
192.168.10.13 - - [28/Mar/2017:15:50:38 -0300] "GET / HTTP/1.1" 200 11217
186.103.156.166 - - [28/Mar/2017:15:50:50 -0300] "GET /cormun/servlet/trsolicitudot? HTTP/1.1" 200 8679
186.103.156.166 - - [28/Mar/2017:15:50:51 -0300] "GET /cormun/servlet/trsolicitudot? HTTP/1.1" 200 8677
186.79.71.7 - - [28/Mar/2017:15:51:01 -0300] "POST /cormun/servlet/hlogin?cfad54076fbecb6f6eaa2a44752f0307,gx-no-cache=1490727128635 HTTP/1.1" 200 90
186.79.71.7 - - [28/Mar/2017:15:51:01 -0300] "GET /cormun/servlet/hpexe_link HTTP/1.1" 200 953
186.79.71.7 - - [28/Mar/2017:15:51:02 -0300] "GET /cormun/servlet/hhome HTTP/1.1" 200 3916
186.79.71.7 - - [28/Mar/2017:15:51:04 -0300] "GET /cormun/servlet/hhome HTTP/1.1" 200 3912
186.103.156.166 - - [28/Mar/2017:15:51:10 -0300] "GET /cormun/servlet/treventos?2017,5249, HTTP/1.1" 200 7781
186.103.156.166 - - [28/Mar/2017:15:51:10 -0300] "GET /cormun/static/Resources/Spanish/PXTools.css?167811 HTTP/1.1" 304 -
186.103.156.166 - - [28/Mar/2017:15:51:10 -0300] "GET /cormun/static/gxcfg.js?2016101716195975 HTTP/1.1" 304 -
186.103.156.166 - - [28/Mar/2017:15:51:11 -0300] "GET /cormun/static/treventos.js?201610171620222 HTTP/1.1" 304 -
186.103.156.166 - - [28/Mar/2017:15:51:11 -0300] "GET /cormun/servlet/treventos?2017,5249, HTTP/1.1" 200 7787
186.79.71.7 - - [28/Mar/2017:15:51:16 -0300] "GET /cormun/servlet/trautorizarsolicitud? HTTP/1.1" 200 8112
186.79.71.7 - - [28/Mar/2017:15:51:16 -0300] "GET /cormun/static/gxcfg.js?2017259112829 HTTP/1.1" 304 -
186.79.71.7 - - [28/Mar/2017:15:51:16 -0300] "GET /cormun/static/trautorizarsolicitud.js?2017259113483 HTTP/1.1" 304 -
186.79.71.7 - - [28/Mar/2017:15:51:17 -0300] "GET /cormun/servlet/trautorizarsolicitud? HTTP/1.1" 200 8110
192.168.10.13 - - [28/Mar/2017:15:51:38 -0300] "GET / HTTP/1.1" 200 11217
207.46.13.208 - - [28/Mar/2017:15:51:42 -0300] "GET /robots.txt HTTP/1.1" 404 981
186.79.71.7 - - [28/Mar/2017:15:51:42 -0300] "POST /cormun/servlet/trautorizarsolicitud?cfad54076fbecb6f6eaa2a44752f0307,,gx-no-cache=1490727169110 HTTP/1.1" 200 4321
186.79.71.7 - - [28/Mar/2017:15:51:43 -0300] "GET /cormun/static/Shared/jqueryui/images/ui-bg_highlight-soft_100_c6c2c8_1x100.png HTTP/1.1" 404 1117
186.79.71.7 - - [28/Mar/2017:15:51:43 -0300] "GET /cormun/static/Shared/jqueryui/images/ui-icons_82798d_256x240.png HTTP/1.1" 404 1089
186.79.71.7 - - [28/Mar/2017:15:51:43 -0300] "GET /cormun/static/Shared/jqueryui/images/ui-bg_flat_55_fafafa_40x100.png HTTP/1.1" 404 1097
186.79.71.7 - - [28/Mar/2017:15:51:43 -0300] "GET /cormun/static/Shared/jqueryui/images/ui-icons_8d78a5_256x240.png HTTP/1.1" 404 1089
186.79.71.7 - - [28/Mar/2017:15:51:44 -0300] "POST /cormun/servlet/trautorizarsolicitud?cfad54076fbecb6f6eaa2a44752f0307,,gx-no-cache=1490727170313 HTTP/1.1" 200 4091
186.79.71.7 - - [28/Mar/2017:15:51:50 -0300] "GET /cormun/static/Shared/jqueryui/images/ui-bg_highlight-soft_100_eae6ea_1x100.png HTTP/1.1" 404 1117
186.103.156.166 - - [28/Mar/2017:15:52:11 -0300] "GET /cormun/servlet/trsolicitudot? HTTP/1.1" 200 8677
186.103.156.166 - - [28/Mar/2017:15:52:11 -0300] "GET /cormun/servlet/trsolicitudot? HTTP/1.1" 200 8677
192.168.10.13 - - [28/Mar/2017:15:52:38 -0300] "GET / HTTP/1.1" 200 11217
192.168.10.13 - - [28/Mar/2017:15:53:38 -0300] "GET / HTTP/1.1" 200 11217
186.103.158.250 - - [28/Mar/2017:15:53:41 -0300] "GET /cormun/servlet/hlogin HTTP/1.1" 200 1725
192.168.10.13 - - [28/Mar/2017:15:54:38 -0300] "GET / HTTP/1.1" 200 11217
192.168.10.13 - - [28/Mar/2017:15:55:38 -0300] "GET / HTTP/1.1" 200 11217
192.168.10.13 - - [28/Mar/2017:15:56:38 -0300] "GET / HTTP/1.1" 200 11217
186.103.156.166 - - [28/Mar/2017:15:56:42 -0300] "GET /cormun/servlet/hlogin HTTP/1.1" 200 1731
186.103.156.166 - - [28/Mar/2017:15:56:43 -0300] "GET /cormun/static/Resources/Spanish/PXTools.css?11294912 HTTP/1.1" 304 -
186.103.156.166 - - [28/Mar/2017:15:56:43 -0300] "GET /cormun/static/gxcfg.js?201731711485472 HTTP/1.1" 304 -
186.103.156.166 - - [28/Mar/2017:15:56:43 -0300] "GET /cormun/static/messages.spa.js?85251 HTTP/1.1" 304 -
186.103.156.166 - - [28/Mar/2017:15:56:43 -0300] "GET /cormun/static/hlogin.js?201731711485490 HTTP/1.1" 304 -
186.103.156.166 - - [28/Mar/2017:15:56:43 -0300] "GET /cormun/servlet/hlogin HTTP/1.1" 200 1734
186.103.156.166 - - [28/Mar/2017:15:56:57 -0300] "POST /cormun/servlet/hlogin?bb91bc37a2e46b074f53ef6a6055c38f,gx-no-cache=1490731078427 HTTP/1.1" 200 90
186.103.156.166 - - [28/Mar/2017:15:56:57 -0300] "GET /cormun/servlet/hpexe_link HTTP/1.1" 200 954
186.103.156.166 - - [28/Mar/2017:15:56:57 -0300] "GET /cormun/static/gxcfg.js?201731711483381 HTTP/1.1" 304 -
186.103.156.166 - - [28/Mar/2017:15:56:57 -0300] "GET /cormun/static/hpexe_link.js?201731711483384 HTTP/1.1" 304 -
186.103.156.166 - - [28/Mar/2017:15:56:57 -0300] "GET /cormun/servlet/hhome HTTP/1.1" 200 3958
186.103.156.166 - - [28/Mar/2017:15:56:58 -0300] "GET /cormun/static/gxcfg.js?201731711483497 HTTP/1.1" 304 -
186.103.156.166 - - [28/Mar/2017:15:56:58 -0300] "GET /cormun/static/hhome.js?20173171148352 HTTP/1.1" 304 -
186.103.156.166 - - [28/Mar/2017:15:56:58 -0300] "GET /cormun/static/hwchdr01.js?201731711335950 HTTP/1.1" 304 -
186.103.156.166 - - [28/Mar/2017:15:56:58 -0300] "GET /cormun/static/hpexe_recentlink.js?201610171694390 HTTP/1.1" 304 -
186.103.156.166 - - [28/Mar/2017:15:56:58 -0300] "GET /cormun/static/hpexe_messagepopupcomponent.js?20161017169425 HTTP/1.1" 304 -
186.103.156.166 - - [28/Mar/2017:15:56:58 -0300] "GET /cormun/static/hpexe_messagegenexuscomponent.js?201731711335537 HTTP/1.1" 304 -
186.103.156.166 - - [28/Mar/2017:15:56:58 -0300] "GET /cormun/static/hpexe_scripts.js?201731711335890 HTTP/1.1" 304 -
186.103.156.166 - - [28/Mar/2017:15:56:58 -0300] "GET /cormun/static/hpexe_messagecontroller.js?201610171694323 HTTP/1.1" 304 -
186.103.156.166 - - [28/Mar/2017:15:56:58 -0300] "GET /cormun/static/cmcontrolpreferences.js?201731711335852 HTTP/1.1" 304 -
186.103.156.166 - - [28/Mar/2017:15:56:58 -0300] "GET /cormun/static/hmpwkw03.js?201731711485354 HTTP/1.1" 304 -
186.103.156.166 - - [28/Mar/2017:15:56:58 -0300] "GET /cormun/servlet/hhome HTTP/1.1" 200 3955
186.103.156.166 - - [28/Mar/2017:15:57:18 -0300] "GET /cormun/servlet/trautorizarsolicitud? HTTP/1.1" 200 8129
186.103.156.166 - - [28/Mar/2017:15:57:18 -0300] "GET /cormun/static/Resources/Spanish/PXTools.css?18365030 HTTP/1.1" 304 -
186.103.156.166 - - [28/Mar/2017:15:57:18 -0300] "GET /cormun/static/gxcfg.js?2017259112829 HTTP/1.1" 200 953
186.103.156.166 - - [28/Mar/2017:15:57:18 -0300] "GET /cormun/static/trautorizarsolicitud.js?2017259113483 HTTP/1.1" 200 53096
186.103.156.166 - - [28/Mar/2017:15:57:19 -0300] "GET /cormun/servlet/trautorizarsolicitud? HTTP/1.1" 200 8127
186.103.156.166 - - [28/Mar/2017:15:57:36 -0300] "POST /cormun/servlet/trautorizarsolicitud?bb91bc37a2e46b074f53ef6a6055c38f,,gx-no-cache=1490731115946 HTTP/1.1" 200 4302
186.103.156.166 - - [28/Mar/2017:15:57:36 -0300] "GET /cormun/static/Shared/jqueryui/images/ui-bg_highlight-soft_100_c6c2c8_1x100.png HTTP/1.1" 404 1117
186.103.156.166 - - [28/Mar/2017:15:57:36 -0300] "GET /cormun/static/Shared/jqueryui/images/ui-bg_flat_55_fafafa_40x100.png HTTP/1.1" 404 1097
192.168.10.13 - - [28/Mar/2017:15:57:38 -0300] "GET / HTTP/1.1" 200 11217
186.103.156.166 - - [28/Mar/2017:15:57:38 -0300] "POST /cormun/servlet/trautorizarsolicitud?bb91bc37a2e46b074f53ef6a6055c38f,,gx-no-cache=1490731118130 HTTP/1.1" 200 4089
186.103.156.166 - - [28/Mar/2017:15:57:39 -0300] "GET /cormun/static/Shared/jqueryui/images/ui-icons_8d78a5_256x240.png HTTP/1.1" 404 1089
192.168.10.62 - - [28/Mar/2017:15:57:53 -0300] "POST /cormun/servlet/hlogin?8386daa6ba9805fc1af57440cbf4174c,gx-no-cache=1490730752464 HTTP/1.1" 440 972
192.168.10.62 - - [28/Mar/2017:15:57:55 -0300] "GET /cormun/servlet/hlogin HTTP/1.1" 200 1737
186.103.156.166 - - [28/Mar/2017:15:57:57 -0300] "GET /cormun/static/Shared/jqueryui/images/ui-icons_82798d_256x240.png HTTP/1.1" 404 1089
192.168.10.62 - - [28/Mar/2017:15:58:06 -0300] "POST /cormun/servlet/hlogin?ccd23a74d04ae85ced568fe9b56a8c70,gx-no-cache=1490730765364 HTTP/1.1" 200 90
192.168.10.62 - - [28/Mar/2017:15:58:06 -0300] "GET /cormun/servlet/hpexe_link HTTP/1.1" 200 955
192.168.10.62 - - [28/Mar/2017:15:58:07 -0300] "GET /cormun/servlet/hhome HTTP/1.1" 200 3798
192.168.10.62 - - [28/Mar/2017:15:58:07 -0300] "GET /cormun/servlet/hhome HTTP/1.1" 200 3795
192.168.10.62 - - [28/Mar/2017:15:58:11 -0300] "GET /cormun/servlet/trsolicitudgral? HTTP/1.1" 200 16368
192.168.10.62 - - [28/Mar/2017:15:58:12 -0300] "GET /cormun/servlet/trsolicitudgral? HTTP/1.1" 200 16366
192.168.10.62 - - [28/Mar/2017:15:58:19 -0300] "POST /cormun/servlet/trsolicitudgral?ccd23a74d04ae85ced568fe9b56a8c70,,gx-no-cache=1490730777647 HTTP/1.1" 200 4997
192.168.10.62 - - [28/Mar/2017:15:58:21 -0300] "POST /cormun/servlet/trsolicitudgral?ccd23a74d04ae85ced568fe9b56a8c70,,gx-no-cache=1490730779530 HTTP/1.1" 200 4996
192.168.10.62 - - [28/Mar/2017:15:58:28 -0300] "GET /cormun/static/menuarrow.gif HTTP/1.1" 404 1015
192.168.10.62 - - [28/Mar/2017:15:58:34 -0300] "POST /cormun/servlet/trsolicitudgral?ccd23a74d04ae85ced568fe9b56a8c70,,gx-no-cache=1490730792727 HTTP/1.1" 200 4997
192.168.10.13 - - [28/Mar/2017:15:58:38 -0300] "GET / HTTP/1.1" 200 11217
192.168.10.13 - - [28/Mar/2017:15:59:38 -0300] "GET / HTTP/1.1" 200 11217
192.168.10.89 - - [28/Mar/2017:15:59:48 -0300] "GET /cormun/servlet/hlogin HTTP/1.1" 200 1737
192.168.10.62 - - [28/Mar/2017:15:59:49 -0300] "GET /cormun/servlet/trconsultaempleado? HTTP/1.1" 200 8840
192.168.10.62 - - [28/Mar/2017:15:59:50 -0300] "GET /cormun/servlet/trconsultaempleado? HTTP/1.1" 200 8840
192.168.10.89 - - [28/Mar/2017:15:59:58 -0300] "POST /cormun/servlet/hlogin?aba0b538d81856a282ed7cea1280f6b3,gx-no-cache=1490730876877 HTTP/1.1" 200 90
192.168.10.89 - - [28/Mar/2017:15:59:58 -0300] "GET /cormun/servlet/hpexe_link HTTP/1.1" 200 956
192.168.10.89 - - [28/Mar/2017:15:59:59 -0300] "GET /cormun/servlet/hhome HTTP/1.1" 200 3959
192.168.10.62 - - [28/Mar/2017:16:00:00 -0300] "POST /cormun/servlet/trconsultaempleado?ccd23a74d04ae85ced568fe9b56a8c70,,gx-no-cache=1490730878933 HTTP/1.1" 200 3983
192.168.10.62 - - [28/Mar/2017:16:00:02 -0300] "GET /cormun/servlet/trsolicitudnombre?17651152, HTTP/1.1" 200 6900
192.168.10.62 - - [28/Mar/2017:16:00:03 -0300] "GET /cormun/servlet/trsolicitudnombre?17651152, HTTP/1.1" 200 6900
192.168.10.62 - - [28/Mar/2017:16:00:05 -0300] "GET /cormun/servlet/vesolicitudnombre?2017,4836,, HTTP/1.1" 200 8044
192.168.10.62 - - [28/Mar/2017:16:00:05 -0300] "GET /cormun/static/gxcfg.js?20173171153010 HTTP/1.1" 304 -
192.168.10.62 - - [28/Mar/2017:16:00:05 -0300] "GET /cormun/pexe_scrolldiv.js HTTP/1.1" 404 1009
192.168.10.62 - - [28/Mar/2017:16:00:05 -0300] "GET /cormun/pexe_scrolldiv.js HTTP/1.1" 404 1009
192.168.10.62 - - [28/Mar/2017:16:00:05 -0300] "GET /cormun/static/vesolicitudnombre.js?20173171153072 HTTP/1.1" 304 -
192.168.10.62 - - [28/Mar/2017:16:00:05 -0300] "GET /cormun/static/tbsolicitudnombre01.js?2017110216261 HTTP/1.1" 304 -
192.168.10.62 - - [28/Mar/2017:16:00:05 -0300] "GET /cormun/servlet/vesolicitudnombre?2017,4836,, HTTP/1.1" 200 8038
192.168.10.89 - - [28/Mar/2017:16:00:17 -0300] "GET /cormun/servlet/trautorizarsolicitud? HTTP/1.1" 200 6880
192.168.10.89 - - [28/Mar/2017:16:00:17 -0300] "GET /cormun/static/gxcfg.js?2017259112829 HTTP/1.1" 304 -
192.168.10.89 - - [28/Mar/2017:16:00:17 -0300] "GET /cormun/static/trautorizarsolicitud.js?2017259113483 HTTP/1.1" 304 -
186.103.156.166 - - [28/Mar/2017:16:00:17 -0300] "GET /cormun/servlet/trautorizarsolicitud? HTTP/1.1" 200 6876
186.103.156.166 - - [28/Mar/2017:16:00:18 -0300] "GET /cormun/servlet/trautorizarsolicitud? HTTP/1.1" 200 6876
192.168.10.62 - - [28/Mar/2017:16:00:18 -0300] "POST /cormun/servlet/vesolicitudnombre?ccd23a74d04ae85ced568fe9b56a8c70,2017,4836,,,gx-no-cache=1490730897324 HTTP/1.1" 200 90
192.168.10.62 - - [28/Mar/2017:16:00:18 -0300] "GET /cormun/servlet/hpexe_link HTTP/1.1" 200 980
192.168.10.62 - - [28/Mar/2017:16:00:18 -0300] "GET /cormun/servlet/trsolicitudnombre?17651152, HTTP/1.1" 200 6902
192.168.10.62 - - [28/Mar/2017:16:00:19 -0300] "GET /cormun/servlet/trsolicitudnombre?17651152, HTTP/1.1" 200 6902
192.168.10.89 - - [28/Mar/2017:16:00:22 -0300] "POST /cormun/servlet/trautorizarsolicitud?aba0b538d81856a282ed7cea1280f6b3,,gx-no-cache=1490730900982 HTTP/1.1" 200 4109
186.103.156.166 - - [28/Mar/2017:16:00:27 -0300] "GET /cormun/servlet/trsolicitudot? HTTP/1.1" 200 8673
186.103.156.166 - - [28/Mar/2017:16:00:28 -0300] "GET /cormun/static/gxcfg.js?201731711505139 HTTP/1.1" 304 -
186.103.156.166 - - [28/Mar/2017:16:00:28 -0300] "GET /cormun/static/trsolicitudot.js?20173171151116 HTTP/1.1" 304 -
186.103.156.166 - - [28/Mar/2017:16:00:28 -0300] "GET /cormun/servlet/trsolicitudot? HTTP/1.1" 200 8672
192.168.10.89 - - [28/Mar/2017:16:00:29 -0300] "GET /cormun/servlet/trsolicitudot? HTTP/1.1" 200 8676
192.168.10.13 - - [28/Mar/2017:16:00:38 -0300] "GET / HTTP/1.1" 200 11217
192.168.10.89 - - [28/Mar/2017:16:00:39 -0300] "POST /cormun/servlet/trsolicitudot?aba0b538d81856a282ed7cea1280f6b3,,gx-no-cache=1490730918299 HTTP/1.1" 200 4140
192.168.10.89 - - [28/Mar/2017:16:00:46 -0300] "GET /cormun/servlet/hlogin HTTP/1.1" 200 1745
192.168.10.89 - - [28/Mar/2017:16:00:53 -0300] "POST /cormun/servlet/hlogin?aba0b538d81856a282ed7cea1280f6b3,gx-no-cache=1490730932337 HTTP/1.1" 200 90
192.168.10.89 - - [28/Mar/2017:16:00:53 -0300] "GET /cormun/servlet/hpexe_link HTTP/1.1" 200 956
192.168.10.89 - - [28/Mar/2017:16:00:55 -0300] "GET /cormun/servlet/hhome HTTP/1.1" 200 4406
192.168.10.89 - - [28/Mar/2017:16:00:59 -0300] "GET /cormun/servlet/trsolicitudgral? HTTP/1.1" 200 22838
192.168.10.89 - - [28/Mar/2017:16:01:11 -0300] "POST /cormun/servlet/trsolicitudgral?aba0b538d81856a282ed7cea1280f6b3,,gx-no-cache=1490730950352 HTTP/1.1" 200 6680
192.168.10.13 - - [28/Mar/2017:16:01:38 -0300] "GET / HTTP/1.1" 200 11217
192.168.10.13 - - [28/Mar/2017:16:02:38 -0300] "GET / HTTP/1.1" 200 11217
192.168.10.13 - - [28/Mar/2017:16:03:38 -0300] "GET / HTTP/1.1" 200 11217
192.168.10.13 - - [28/Mar/2017:16:04:38 -0300] "GET / HTTP/1.1" 200 11217
186.79.79.100 - - [28/Mar/2017:16:05:10 -0300] "GET /cormun/servlet/hlogin HTTP/1.1" 200 1723
186.79.27.240 - - [28/Mar/2017:16:05:14 -0300] "GET /cormun/servlet/hlogin HTTP/1.1" 200 1722
186.79.27.240 - - [28/Mar/2017:16:05:17 -0300] "POST /cormun/servlet/hlogin?53f4b0d18ac1087e5cb258e407468895,gx-no-cache=1490727985157 HTTP/1.1" 200 90
186.79.27.240 - - [28/Mar/2017:16:05:17 -0300] "GET /cormun/servlet/hpexe_link HTTP/1.1" 200 949
186.79.27.240 - - [28/Mar/2017:16:05:18 -0300] "GET /cormun/servlet/hhome HTTP/1.1" 200 3756
186.79.27.240 - - [28/Mar/2017:16:05:18 -0300] "GET /cormun/servlet/hhome HTTP/1.1" 200 3752
186.79.27.240 - - [28/Mar/2017:16:05:23 -0300] "GET /cormun/servlet/trsolicitudot? HTTP/1.1" 200 8425
186.79.27.240 - - [28/Mar/2017:16:05:24 -0300] "GET /cormun/servlet/trsolicitudot? HTTP/1.1" 200 8423
186.79.79.100 - - [28/Mar/2017:16:05:24 -0300] "POST /cormun/servlet/hlogin?cfad54076fbecb6f6eaa2a44752f0307,gx-no-cache=1490727991877 HTTP/1.1" 200 90
186.79.79.100 - - [28/Mar/2017:16:05:25 -0300] "GET /cormun/servlet/hpexe_link HTTP/1.1" 200 953
186.79.79.100 - - [28/Mar/2017:16:05:25 -0300] "GET /cormun/servlet/hhome HTTP/1.1" 200 3741
186.79.79.100 - - [28/Mar/2017:16:05:27 -0300] "GET /cormun/servlet/hhome HTTP/1.1" 200 3738
186.79.27.240 - - [28/Mar/2017:16:05:33 -0300] "GET /cormun/servlet/solicitudot?INS,0,0, HTTP/1.1" 200 12563
186.79.27.240 - - [28/Mar/2017:16:05:34 -0300] "GET /cormun/servlet/solicitudot?INS,0,0, HTTP/1.1" 200 12568
186.79.79.100 - - [28/Mar/2017:16:05:35 -0300] "GET /cormun/servlet/trpermisosgoce? HTTP/1.1" 200 7973
186.79.79.100 - - [28/Mar/2017:16:05:37 -0300] "GET /cormun/servlet/trpermisosgoce? HTTP/1.1" 200 7970
192.168.10.13 - - [28/Mar/2017:16:05:38 -0300] "GET / HTTP/1.1" 200 11217
186.79.79.100 - - [28/Mar/2017:16:05:47 -0300] "GET /cormun/servlet/permisogoce?UPD,13694232,P,20170328092301, HTTP/1.1" 200 6551
186.79.79.100 - - [28/Mar/2017:16:05:49 -0300] "GET /cormun/servlet/permisogoce?UPD,13694232,P,20170328092301, HTTP/1.1" 200 6551
186.79.79.100 - - [28/Mar/2017:16:05:49 -0300] "GET /cormun/servlet/permisogoce?67ea33adcd02b6950f9665f1b85a58f13eb6d5f9b8f9224eec9c7890b396c5583c696be53f6b8658fe0dd4ac0d18844f,gx-no-cache=1490728016771 HTTP/1.1" 200 73
186.79.79.100 - - [28/Mar/2017:16:06:01 -0300] "GET /cormun/servlet/permisogoce?67ea33adcd02b6950f9665f1b85a58f1f2645f0e6a9fb14164374286d54fa5a5c02a1525f6f8a81dc576f86a1d81a5a3fdc22550532c48cef9b7ec449b547df6833858e8c718fe8cab1ae3d114c190dc,gx-no-cache=1490728028699 HTTP/1.1" 200 48
186.79.79.100 - - [28/Mar/2017:16:06:01 -0300] "GET /cormun/static/menuarrow.gif HTTP/1.1" 404 1015
200.54.247.69 - - [28/Mar/2017:16:06:11 -0300] "GET /cormun/servlet/hlogin HTTP/1.1" 200 1726
200.54.247.69 - - [28/Mar/2017:16:06:11 -0300] "GET /cormun/static/gxtimezone.js?85251 HTTP/1.1" 304 -
200.54.247.69 - - [28/Mar/2017:16:06:11 -0300] "GET /cormun/static/gxgral.js?85251 HTTP/1.1" 304 -
200.54.247.69 - - [28/Mar/2017:16:06:11 -0300] "GET /cormun/static/Resources/ComunLogin.png HTTP/1.1" 304 -
200.54.247.69 - - [28/Mar/2017:16:06:11 -0300] "GET /cormun/static/Resources/Spanish/PXTools.css?11294912 HTTP/1.1" 304 -
200.54.247.69 - - [28/Mar/2017:16:06:11 -0300] "GET /cormun/static/messages.spa.js?85251 HTTP/1.1" 304 -
200.54.247.69 - - [28/Mar/2017:16:06:11 -0300] "GET /cormun/static/hlogin.js?201731711485490 HTTP/1.1" 304 -
200.54.247.69 - - [28/Mar/2017:16:06:12 -0300] "GET /cormun/static/gxcfg.js?201731711485472 HTTP/1.1" 304 -
200.54.247.69 - - [28/Mar/2017:16:06:14 -0300] "GET /cormun/static/Resources/indicator.gif HTTP/1.1" 304 -
186.79.27.240 - - [28/Mar/2017:16:06:15 -0300] "POST /cormun/servlet/solicitudot?gx-no-cache=1490728042554 HTTP/1.1" 200 3081
186.79.27.240 - - [28/Mar/2017:16:06:17 -0300] "POST /cormun/servlet/solicitudot?53f4b0d18ac1087e5cb258e407468895,INS,0,0,,gx-no-cache=1490728043564 HTTP/1.1" 200 9673
186.79.79.100 - - [28/Mar/2017:16:06:21 -0300] "POST /cormun/servlet/permisogoce?cfad54076fbecb6f6eaa2a44752f0307,UPD,13694232,P,20170328092301,,gx-no-cache=1490728047078 HTTP/1.1" 200 4165
186.79.79.100 - - [28/Mar/2017:16:06:21 -0300] "GET /cormun/static/Shared/jqueryui/images/ui-bg_highlight-soft_100_c6c2c8_1x100.png HTTP/1.1" 404 1117
186.79.79.100 - - [28/Mar/2017:16:06:21 -0300] "GET /cormun/static/Shared/jqueryui/images/ui-bg_flat_55_994d53_40x100.png HTTP/1.1" 404 1097
186.79.79.100 - - [28/Mar/2017:16:06:21 -0300] "GET /cormun/static/Shared/jqueryui/images/ui-icons_82798d_256x240.png HTTP/1.1" 404 1089
186.79.79.100 - - [28/Mar/2017:16:06:21 -0300] "GET /cormun/static/Shared/jqueryui/images/ui-icons_ebccce_256x240.png HTTP/1.1" 404 1089
200.54.247.69 - - [28/Mar/2017:16:06:23 -0300] "POST /cormun/servlet/hlogin?e3633180eb74feb4d063e277798b50dd,gx-no-cache=1490728043713 HTTP/1.1" 200 90
200.54.247.69 - - [28/Mar/2017:16:06:23 -0300] "GET /cormun/servlet/hpexe_link HTTP/1.1" 200 958
200.54.247.69 - - [28/Mar/2017:16:06:23 -0300] "GET /cormun/servlet/hhome HTTP/1.1" 200 4017
186.79.27.240 - - [28/Mar/2017:16:06:23 -0300] "GET /cormun/servlet/solicitudot?30f3b93e90d85038fea05061fe80bfacac35155bea355cd796dc469246ae3feccf1735e19d0dfa50488f834cce150b2d,gx-no-cache=1490728051058 HTTP/1.1" 200 30
200.54.247.69 - - [28/Mar/2017:16:06:30 -0300] "GET /cormun/servlet/trcontratosolicitud? HTTP/1.1" 200 13634
200.54.247.69 - - [28/Mar/2017:16:06:30 -0300] "GET /cormun/static/Resources/Spanish/PXTools.css?18365030 HTTP/1.1" 304 -
200.54.247.69 - - [28/Mar/2017:16:06:30 -0300] "GET /cormun/static/gxcfg.js?20171317451682 HTTP/1.1" 304 -
200.54.247.69 - - [28/Mar/2017:16:06:30 -0300] "GET /cormun/static/trcontratosolicitud.js?20171317452124 HTTP/1.1" 304 -
186.79.79.100 - - [28/Mar/2017:16:06:32 -0300] "POST /cormun/servlet/permisogoce?cfad54076fbecb6f6eaa2a44752f0307,UPD,13694232,P,20170328092301,,gx-no-cache=1490728057653 HTTP/1.1" 200 93
186.79.79.100 - - [28/Mar/2017:16:06:33 -0300] "GET /cormun/servlet/hpexe_return? HTTP/1.1" 200 1028
186.79.79.100 - - [28/Mar/2017:16:06:33 -0300] "GET /cormun/servlet/trpermisosgoce HTTP/1.1" 200 7974
186.79.79.100 - - [28/Mar/2017:16:06:35 -0300] "GET /cormun/servlet/trpermisosgoce HTTP/1.1" 200 7973
192.168.10.13 - - [28/Mar/2017:16:06:38 -0300] "GET / HTTP/1.1" 200 11217
186.79.79.100 - - [28/Mar/2017:16:06:41 -0300] "GET /cormun/servlet/apermisogoceprn?13694232,P,20170328092301,PU HTTP/1.1" 200 1648
186.79.79.100 - - [28/Mar/2017:16:07:00 -0300] "GET /cormun/servlet/permisogoce?DLT,13694232,P,20170328092301, HTTP/1.1" 200 6455
186.79.79.100 - - [28/Mar/2017:16:07:03 -0300] "GET /cormun/static/Shared/jqueryui/images/ui-bg_highlight-soft_100_c6c2c8_1x100.png HTTP/1.1" 404 1117
