186.79.79.100 - - [28/Mar/2017:16:07:04 -0300] "GET /cormun/static/Shared/jqueryui/images/ui-icons_82798d_256x240.png HTTP/1.1" 404 1089
186.79.79.100 - - [28/Mar/2017:16:07:04 -0300] "GET /cormun/static/Shared/jqueryui/images/ui-bg_flat_55_fafafa_40x100.png HTTP/1.1" 404 1097
186.79.79.100 - - [28/Mar/2017:16:07:04 -0300] "GET /cormun/static/Shared/jqueryui/images/ui-icons_8d78a5_256x240.png HTTP/1.1" 404 1089
186.79.79.100 - - [28/Mar/2017:16:07:04 -0300] "GET /cormun/servlet/permisogoce?DLT,13694232,P,20170328092301, HTTP/1.1" 200 6457
200.54.247.69 - - [28/Mar/2017:16:07:06 -0300] "POST /cormun/servlet/trcontratosolicitud?e3633180eb74feb4d063e277798b50dd,,gx-no-cache=1490728085761 HTTP/1.1" 200 4793
186.79.79.100 - - [28/Mar/2017:16:07:08 -0300] "POST /cormun/servlet/permisogoce?cfad54076fbecb6f6eaa2a44752f0307,DLT,13694232,P,20170328092301,,gx-no-cache=1490728094191 HTTP/1.1" 200 4196
186.79.79.100 - - [28/Mar/2017:16:07:08 -0300] "GET /cormun/static/Shared/jqueryui/images/ui-bg_flat_55_994d53_40x100.png HTTP/1.1" 404 1097
186.79.79.100 - - [28/Mar/2017:16:07:08 -0300] "GET /cormun/static/Shared/jqueryui/images/ui-icons_ebccce_256x240.png HTTP/1.1" 404 1089
186.79.79.100 - - [28/Mar/2017:16:07:19 -0300] "POST /cormun/servlet/permisogoce?cfad54076fbecb6f6eaa2a44752f0307,DLT,13694232,P,20170328092301,,gx-no-cache=1490728102126 HTTP/1.1" 200 4155
186.79.79.100 - - [28/Mar/2017:16:07:25 -0300] "POST /cormun/servlet/permisogoce?cfad54076fbecb6f6eaa2a44752f0307,DLT,13694232,P,20170328092301,,gx-no-cache=1490728111618 HTTP/1.1" 200 93
186.79.79.100 - - [28/Mar/2017:16:07:25 -0300] "GET /cormun/servlet/hpexe_return? HTTP/1.1" 200 1028
186.79.79.100 - - [28/Mar/2017:16:07:25 -0300] "GET /cormun/servlet/trpermisosgoce HTTP/1.1" 200 7974
200.54.247.69 - - [28/Mar/2017:16:07:25 -0300] "GET /cormun/servlet/solicitudotcontratos?INS,2017,0,15945720,6,2,2017,3125,LEY+SEP,,38,B, HTTP/1.1" 200 9604
200.54.247.69 - - [28/Mar/2017:16:07:26 -0300] "GET /cormun/servlet/solicitudotcontratos?a8b224490636c7a66436178fd9d586ca5fbeb956d009c91d9072a131138b0ab8411db1389f96f2dc048e665a7792f40d,gx-no-cache=1490728107463 HTTP/1.1" 200 30
186.79.79.100 - - [28/Mar/2017:16:07:26 -0300] "GET /cormun/servlet/trpermisosgoce HTTP/1.1" 200 7970
200.54.247.69 - - [28/Mar/2017:16:07:27 -0300] "GET /cormun/servlet/solicitudotcontratos?a8b224490636c7a66436178fd9d586ca271d745d47a2690fde26f6a2458c0aeb181a89844777dfa3238d943359a4356709803ed8e18d482ca36466ee241935358ebc58f9836b3f557bfab86d7c26fbbe5c65d5f720bec0f07936cc08de037ed20848ab7c3c192a5a0201456de5dd6192b1c6f2c905a0d59fbb56d9401168ad2a,gx-no-cache=1490728107548 HTTP/1.1" 200 48
200.54.247.69 - - [28/Mar/2017:16:07:28 -0300] "GET /cormun/servlet/solicitudotcontratos?a8b224490636c7a66436178fd9d586cacb01208bed53b45e284a9d69b37d44fef3c4b3f9e50bb4e3ac7ed362a83a41d7,gx-no-cache=1490728107935 HTTP/1.1" 200 30
200.54.247.69 - - [28/Mar/2017:16:07:28 -0300] "GET /cormun/servlet/solicitudotcontratos?a8b224490636c7a66436178fd9d586ca0f6b329992ffc8b88ddd24ce4c6de8cbc9ed073dcc33d86506a917da5a4395a8a9c1022a0a1d385fcb7f00048071247eb961cb3fabb74db138d372a4aa3c89f9d8f4127d55b1dfd3814baced981c6df0566f1094f683ba8eb29a3422729d8bba,gx-no-cache=1490728108919 HTTP/1.1" 200 30
200.54.247.69 - - [28/Mar/2017:16:07:28 -0300] "GET /cormun/servlet/solicitudotcontratos?a8b224490636c7a66436178fd9d586caf367f04cf9e46416acc298dba089a08551fd4125842fbdbe75510813cc81ccf3fede8e60f67e66b485935945f8723d19a9c1022a0a1d385fcb7f00048071247e07ab5ea793aaadeecae7924d8409b2625bb52fa707030e62fc68cbea08e0b0707214d4d031050c24b1eef08f77eebeebc9b637a579b80ca6a30f6dc37a91166c6d821f7240ac64168c7f989391bd567afede8e60f67e66b485935945f8723d19e3531b6e0b0b60083831fd01552986dce73f63d6e319e0454a0e880a5db54f7712d5f66d3bc0727e683f43ac26605d0e08dd88eb95d9667a8875870dd99392590a6c8118ddf214a1f1e093d5187725a18b13631b76120c1ab55a098c48d76f4c18a17d60ef3f7065a83072ef3f40f8842e686fa51a7c298f9e1140fc6488956bea1b6d957451a16f797c2d3a6bf77e426c0ce37d3aca5040eeb036780d7ae2b6c1c9ab71b1f6a7cf52fcc6669a52457496320fc6b1502095c131f2673e5c7bd4b765be429c24a278d295a59e047c31056b36424cc85c38390e3b6bd3e44f22877a0411bebadfc14241662c6e0e443d15450c2b584d75b44ba8b014a9b79643f4e3553bbd18c9a102b032c7cd2980d4f1403a707acb361d530a618ea4e008f18a85e3b7a5f864ac7769f7110e5f8052d468dcabc8814b7027f7a1e8fee117154e5a9bd53fb512e72212e7023da7208947b6f2086985eb3db5fd842f17d4c08801c7ecaf5515fa3ce2f7f4a8d4203d01ca1bfdb4f95d065705653c4d94b1c4fc3c2ade3a37f94bc31c52b02aae90d081b4,gx-no-cache=1490728108989 HTTP/1.1" 200 79
192.168.10.13 - - [28/Mar/2017:16:07:38 -0300] "GET / HTTP/1.1" 200 11217
186.79.79.100 - - [28/Mar/2017:16:07:39 -0300] "GET /cormun/servlet/permisogoce?UPD,13694232,P,20170328092301, HTTP/1.1" 200 6551
186.79.79.100 - - [28/Mar/2017:16:07:41 -0300] "GET /cormun/servlet/permisogoce?UPD,13694232,P,20170328092301, HTTP/1.1" 200 6551
186.79.79.100 - - [28/Mar/2017:16:07:41 -0300] "GET /cormun/servlet/permisogoce?67ea33adcd02b6950f9665f1b85a58f13eb6d5f9b8f9224eec9c7890b396c5583c696be53f6b8658fe0dd4ac0d18844f,gx-no-cache=1490728128793 HTTP/1.1" 200 73
186.79.79.100 - - [28/Mar/2017:16:07:56 -0300] "GET /cormun/static/menuarrow.gif HTTP/1.1" 404 1015
186.79.79.100 - - [28/Mar/2017:16:08:02 -0300] "GET /cormun/servlet/permisogoce?67ea33adcd02b6950f9665f1b85a58f1f2645f0e6a9fb14164374286d54fa5a5c02a1525f6f8a81dc576f86a1d81a5a3fdc22550532c48cef9b7ec449b547df6833858e8c718fe8cab1ae3d114c190dc,gx-no-cache=1490728149485 HTTP/1.1" 200 48
200.54.247.69 - - [28/Mar/2017:16:08:05 -0300] "GET /cormun/servlet/trcontratounov2? HTTP/1.1" 200 16637
186.79.79.100 - - [28/Mar/2017:16:08:08 -0300] "GET /cormun/servlet/permisogoce?67ea33adcd02b6950f9665f1b85a58f1f2645f0e6a9fb14164374286d54fa5a5c02a1525f6f8a81dc576f86a1d81a5a3fdc22550532c48cef9b7ec449b547df6833858e8c718fe8cab1ae3d114c190dc,gx-no-cache=1490728155662 HTTP/1.1" 200 48
186.79.27.240 - - [28/Mar/2017:16:08:15 -0300] "POST /cormun/servlet/solicitudot?gx-no-cache=1490728161944 HTTP/1.1" 200 297
186.79.79.100 - - [28/Mar/2017:16:08:18 -0300] "POST /cormun/servlet/permisogoce?cfad54076fbecb6f6eaa2a44752f0307,UPD,13694232,P,20170328092301,,gx-no-cache=1490728164274 HTTP/1.1" 200 4164
186.79.79.100 - - [28/Mar/2017:16:08:18 -0300] "GET /cormun/static/Shared/jqueryui/images/ui-bg_highlight-soft_100_c6c2c8_1x100.png HTTP/1.1" 404 1117
186.79.79.100 - - [28/Mar/2017:16:08:18 -0300] "GET /cormun/static/Shared/jqueryui/images/ui-icons_82798d_256x240.png HTTP/1.1" 404 1089
186.79.79.100 - - [28/Mar/2017:16:08:18 -0300] "GET /cormun/static/Shared/jqueryui/images/ui-icons_ebccce_256x240.png HTTP/1.1" 404 1089
186.79.79.100 - - [28/Mar/2017:16:08:18 -0300] "GET /cormun/static/Shared/jqueryui/images/ui-bg_flat_55_994d53_40x100.png HTTP/1.1" 404 1097
200.54.247.69 - - [28/Mar/2017:16:08:20 -0300] "POST /cormun/servlet/trcontratounov2?e3633180eb74feb4d063e277798b50dd,,gx-no-cache=1490728160357 HTTP/1.1" 200 7035
186.79.27.240 - - [28/Mar/2017:16:08:21 -0300] "GET /cormun/servlet/solicitudot?30f3b93e90d85038fea05061fe80bfac37c32ac7124fc6d1ec1fd76dfc54afe391190bd8502cc3c66b1a57d880fd21010cb19d0016abd65e795aee2f832bb4be8833ba146b0d3f0964859c8ca96e5be89ae3d0503873cbf9b188c42c7c16a5e305715d10eb5ecb5da398a66cdae4636e8a0cee14c944e5c6e56c41fd8b30c6990cb00c5d6c3af3e3ab6367d949208f7f68df873efe41b8488f4b3a26aa18a01bc7ecb952473e07a2f333680d20e43ae12a9551e5b37b39f3c582f5580989d51659bacdf94d5dbfc68a5b6e5756299a84222640b76a91339c1a9f1f52432a2022a442975ee32104f7e2923841f317d63ab4bcb1ba71c8c737aa77ebea22dfa80c85760549a4880f63abdefaeb280860516a3837fd76cd360a42fd8272d395a52b472553dcb59138b745d0424d088cf977154d7bf90e6cb1590da67603bc61aeaacd955d0becf85c8160b6ab125588c85bbe29ad65b6697bf84a2d2e50bde6667d6f90562a737456deac4dadf668b07504e62fef4b2743dd3efad54722cbdce12c7c8dc2f34056778fdc3bc32fcae207d8,gx-no-cache=1490728163173 HTTP/1.1" 200 30
186.79.79.100 - - [28/Mar/2017:16:08:22 -0300] "POST /cormun/servlet/permisogoce?cfad54076fbecb6f6eaa2a44752f0307,UPD,13694232,P,20170328092301,,gx-no-cache=1490728168861 HTTP/1.1" 200 4118
186.79.27.240 - - [28/Mar/2017:16:08:25 -0300] "POST /cormun/servlet/solicitudot?gx-no-cache=1490728173780 HTTP/1.1" 200 30
186.79.79.100 - - [28/Mar/2017:16:08:27 -0300] "POST /cormun/servlet/permisogoce?cfad54076fbecb6f6eaa2a44752f0307,UPD,13694232,P,20170328092301,,gx-no-cache=1490728173711 HTTP/1.1" 200 93
186.79.79.100 - - [28/Mar/2017:16:08:27 -0300] "GET /cormun/servlet/hpexe_return? HTTP/1.1" 200 1028
186.79.27.240 - - [28/Mar/2017:16:08:29 -0300] "POST /cormun/servlet/solicitudot?gx-no-cache=1490728177197 HTTP/1.1" 200 235
186.79.79.100 - - [28/Mar/2017:16:08:29 -0300] "GET /cormun/servlet/trpermisosgoce HTTP/1.1" 200 7974
186.79.27.240 - - [28/Mar/2017:16:08:29 -0300] "POST /cormun/servlet/solicitudot?gx-no-cache=1490728177640 HTTP/1.1" 200 38
186.79.79.100 - - [28/Mar/2017:16:08:31 -0300] "GET /cormun/servlet/trpermisosgoce HTTP/1.1" 200 7970
192.168.10.13 - - [28/Mar/2017:16:08:38 -0300] "GET / HTTP/1.1" 200 11217
200.54.247.69 - - [28/Mar/2017:16:08:57 -0300] "GET /cormun/servlet/trsolicitudot? HTTP/1.1" 200 6984
186.79.27.240 - - [28/Mar/2017:16:08:57 -0300] "GET /cormun/servlet/solicitudot?30f3b93e90d85038fea05061fe80bfac7c8de11b72d88928845c094cc7d619822d54a8419d0621fedbfd221a25557d243aef18c33be109e8fbf5dac900f4ed7ca344efef3e65f3ee22cf5af6966094aaca7c49e93ed9c5a7326e0f86a87ab98528032c96e42f1c660abe3122a6148ec0,gx-no-cache=1490728205716 HTTP/1.1" 200 29
200.54.247.69 - - [28/Mar/2017:16:08:57 -0300] "GET /cormun/static/gxcfg.js?201731711505139 HTTP/1.1" 304 -
186.79.27.240 - - [28/Mar/2017:16:08:57 -0300] "POST /cormun/servlet/solicitudot?gx-no-cache=1490728205927 HTTP/1.1" 200 643
200.54.247.69 - - [28/Mar/2017:16:08:58 -0300] "GET /cormun/static/trsolicitudot.js?20173171151116 HTTP/1.1" 304 -
186.79.27.240 - - [28/Mar/2017:16:08:59 -0300] "POST /cormun/servlet/solicitudot?gx-no-cache=1490728207234 HTTP/1.1" 200 1157
192.168.10.13 - - [28/Mar/2017:16:09:38 -0300] "GET / HTTP/1.1" 200 11217
186.79.27.240 - - [28/Mar/2017:16:10:18 -0300] "GET /cormun/servlet/solicitudot?30f3b93e90d85038fea05061fe80bfacc3aaae96cb8ac298f6bb610975f411d324bbae4a54b1ef18be410f654676d1f885bdd6067372be91137fd69b04946d00922fb2e3633f649c810f26066fb3698622de4740c251f604bb82bc2939851dcc7e99b060ffd31f1fba8a28246b57d47fe1f0228c1a81f492ce86bb80205eb029b035281f57722f2c14e706fa999848b55564cc5fc05430f0fbd4d7382e0d10af70927d1a979177e50b782afec46e2862,gx-no-cache=1490728285871 HTTP/1.1" 200 30
192.168.10.13 - - [28/Mar/2017:16:10:38 -0300] "GET / HTTP/1.1" 200 11217
186.79.27.240 - - [28/Mar/2017:16:10:57 -0300] "POST /cormun/servlet/solicitudot?53f4b0d18ac1087e5cb258e407468895,INS,0,0,,gx-no-cache=1490728323214 HTTP/1.1" 200 93
186.79.27.240 - - [28/Mar/2017:16:10:57 -0300] "GET /cormun/servlet/hpexe_return? HTTP/1.1" 200 1004
186.79.27.240 - - [28/Mar/2017:16:10:57 -0300] "GET /cormun/servlet/trsolicitudot HTTP/1.1" 200 8810
186.79.27.240 - - [28/Mar/2017:16:10:58 -0300] "GET /cormun/servlet/trsolicitudot HTTP/1.1" 200 8806
186.79.27.240 - - [28/Mar/2017:16:11:03 -0300] "POST /cormun/servlet/trsolicitudot?53f4b0d18ac1087e5cb258e407468895,gx-no-cache=1490728330070 HTTP/1.1" 200 106
186.79.27.240 - - [28/Mar/2017:16:11:03 -0300] "GET /cormun/servlet/trsolicitudadjuntos?2017,5785, HTTP/1.1" 200 5853
186.79.27.240 - - [28/Mar/2017:16:11:03 -0300] "GET /cormun/static/gxcfg.js?201731711504543 HTTP/1.1" 304 -
186.79.27.240 - - [28/Mar/2017:16:11:03 -0300] "GET /cormun/static/trsolicitudadjuntos.js?201731711504951 HTTP/1.1" 304 -
186.79.27.240 - - [28/Mar/2017:16:11:04 -0300] "GET /cormun/servlet/trsolicitudadjuntos?2017,5785, HTTP/1.1" 200 5853
186.79.27.240 - - [28/Mar/2017:16:11:07 -0300] "GET /cormun/servlet/solicitudotadjuntos?INS,2017,5785,,1, HTTP/1.1" 200 5791
186.79.27.240 - - [28/Mar/2017:16:11:08 -0300] "GET /cormun/static/solicitudotadjuntos.js?201612218465969 HTTP/1.1" 304 -
186.79.27.240 - - [28/Mar/2017:16:11:08 -0300] "GET /cormun/static/gxcfg.js?201612218465951 HTTP/1.1" 304 -
186.79.27.240 - - [28/Mar/2017:16:11:09 -0300] "GET /cormun/static/about:blank HTTP/1.1" 404 1011
186.79.27.240 - - [28/Mar/2017:16:11:09 -0300] "GET /cormun/servlet/solicitudotadjuntos?INS,2017,5785,,1, HTTP/1.1" 200 5784
186.79.27.240 - - [28/Mar/2017:16:11:10 -0300] "GET /cormun/servlet/solicitudotadjuntos?30f3b93e90d85038fea05061fe80bfac9c0f42ec9662de497291787d315637a27fb4824386db0caa64c621b57a81b028,gx-no-cache=1490728337821 HTTP/1.1" 200 30
186.79.27.240 - - [28/Mar/2017:16:11:11 -0300] "POST /cormun/servlet/solicitudotadjuntos?53f4b0d18ac1087e5cb258e407468895,INS,2017,5785,,1,,gx-no-cache=1490728338257 HTTP/1.1" 200 3638
186.79.27.240 - - [28/Mar/2017:16:11:16 -0300] "POST /cormun/servlet/solicitudotadjuntos?gx-no-cache=1490728344397 HTTP/1.1" 200 26
192.168.10.13 - - [28/Mar/2017:16:11:38 -0300] "GET / HTTP/1.1" 200 11217
192.168.10.13 - - [28/Mar/2017:16:12:38 -0300] "GET / HTTP/1.1" 200 11217
186.103.159.204 - - [28/Mar/2017:16:13:30 -0300] "GET /cormun/servlet/hlogin HTTP/1.1" 200 1724
186.103.159.204 - - [28/Mar/2017:16:13:30 -0300] "GET /cormun/static/Resources/Spanish/PXTools.css?11294912 HTTP/1.1" 304 -
186.103.159.204 - - [28/Mar/2017:16:13:30 -0300] "GET /cormun/static/gxcfg.js?201731711485472 HTTP/1.1" 304 -
186.103.159.204 - - [28/Mar/2017:16:13:30 -0300] "GET /cormun/static/hlogin.js?201731711485490 HTTP/1.1" 304 -
186.103.159.204 - - [28/Mar/2017:16:13:31 -0300] "GET /cormun/static/messages.spa.js?85251 HTTP/1.1" 304 -
186.103.159.204 - - [28/Mar/2017:16:13:31 -0300] "GET /cormun/servlet/hlogin HTTP/1.1" 200 1732
192.168.10.13 - - [28/Mar/2017:16:13:38 -0300] "GET / HTTP/1.1" 200 11217
186.103.159.204 - - [28/Mar/2017:16:13:46 -0300] "POST /cormun/servlet/hlogin?f3d7b40435e9999ef68fa017019b797e,gx-no-cache=1490728492510 HTTP/1.1" 200 90
186.103.159.204 - - [28/Mar/2017:16:13:47 -0300] "GET /cormun/servlet/hpexe_link HTTP/1.1" 200 949
186.103.159.204 - - [28/Mar/2017:16:13:47 -0300] "GET /cormun/static/gxcfg.js?201731711483381 HTTP/1.1" 304 -
186.103.159.204 - - [28/Mar/2017:16:13:47 -0300] "GET /cormun/servlet/hhome HTTP/1.1" 200 3985
186.103.159.204 - - [28/Mar/2017:16:13:47 -0300] "GET /cormun/static/gxcfg.js?201731711483497 HTTP/1.1" 304 -
186.103.159.204 - - [28/Mar/2017:16:13:47 -0300] "GET /cormun/static/hhome.js?20173171148352 HTTP/1.1" 304 -
186.103.159.204 - - [28/Mar/2017:16:13:47 -0300] "GET /cormun/static/hwchdr01.js?201731711335950 HTTP/1.1" 304 -
186.103.159.204 - - [28/Mar/2017:16:13:47 -0300] "GET /cormun/static/hpexe_recentlink.js?201610171694390 HTTP/1.1" 304 -
186.103.159.204 - - [28/Mar/2017:16:13:47 -0300] "GET /cormun/static/hpexe_scripts.js?201731711335890 HTTP/1.1" 304 -
186.103.159.204 - - [28/Mar/2017:16:13:47 -0300] "GET /cormun/static/hpexe_messagecontroller.js?201610171694323 HTTP/1.1" 304 -
186.103.159.204 - - [28/Mar/2017:16:13:47 -0300] "GET /cormun/static/hpexe_messagepopupcomponent.js?20161017169425 HTTP/1.1" 304 -
186.103.159.204 - - [28/Mar/2017:16:13:47 -0300] "GET /cormun/static/hpexe_messagegenexuscomponent.js?201731711335537 HTTP/1.1" 304 -
186.103.159.204 - - [28/Mar/2017:16:13:47 -0300] "GET /cormun/static/cmcontrolpreferences.js?201731711335852 HTTP/1.1" 304 -
186.103.159.204 - - [28/Mar/2017:16:13:48 -0300] "GET /cormun/static/hmpwkw03.js?201731711485354 HTTP/1.1" 304 -
186.103.159.204 - - [28/Mar/2017:16:13:48 -0300] "GET /cormun/servlet/hhome HTTP/1.1" 200 3982
186.103.159.204 - - [28/Mar/2017:16:13:49 -0300] "GET /cormun/static/hpexe_link.js?201731711483384 HTTP/1.1" 304 -
186.103.159.204 - - [28/Mar/2017:16:13:53 -0300] "GET /cormun/servlet/trlicencias? HTTP/1.1" 200 6852
186.103.159.204 - - [28/Mar/2017:16:13:53 -0300] "GET /cormun/static/gxcfg.js?2016122619301429 HTTP/1.1" 304 -
186.103.159.204 - - [28/Mar/2017:16:13:53 -0300] "GET /cormun/static/trlicencias.js?2016122619301919 HTTP/1.1" 304 -
186.103.159.204 - - [28/Mar/2017:16:13:54 -0300] "GET /cormun/static/Resources/Spanish/PXTools.css?18365030 HTTP/1.1" 304 -
186.103.159.204 - - [28/Mar/2017:16:13:57 -0300] "GET /cormun/servlet/trlicencias? HTTP/1.1" 200 6851
200.54.247.69 - - [28/Mar/2017:16:14:04 -0300] "GET /cormun/servlet/solicitudot?INS,0,0, HTTP/1.1" 200 12815
200.54.247.69 - - [28/Mar/2017:16:14:15 -0300] "POST /cormun/servlet/solicitudot?gx-no-cache=1490728515702 HTTP/1.1" 200 3167
200.54.247.69 - - [28/Mar/2017:16:14:16 -0300] "POST /cormun/servlet/solicitudot?e3633180eb74feb4d063e277798b50dd,INS,0,0,,gx-no-cache=1490728516553 HTTP/1.1" 200 9962
200.54.247.69 - - [28/Mar/2017:16:14:19 -0300] "GET /cormun/servlet/solicitudot?a8b224490636c7a66436178fd9d586cacca0c438c8a93051be0946f449cff4af566f1094f683ba8eb29a3422729d8bba,gx-no-cache=1490728520649 HTTP/1.1" 200 111
200.54.247.69 - - [28/Mar/2017:16:14:20 -0300] "POST /cormun/servlet/solicitudot?gx-no-cache=1490728520745 HTTP/1.1" 200 255
200.54.247.69 - - [28/Mar/2017:16:14:20 -0300] "GET /cormun/servlet/solicitudot?a8b224490636c7a66436178fd9d586ca68714481bbed89c851769f79872ba3d7bebbd4519ee13ead0f8faee3c7879fd016066571e7a3198cd8b2652e7de140e03d3eca8ada1e2baf6e11173a289050ae4445c95c07c4f459953fe0674adccfe12d3ebf6db9d6fa32689663c515b1a31099c4155f1f2cd49957bb7d04a7611d16a0f17694fc5094ec9c8a23aa9da659df3c0e21c1a116d310910913482d3599eed361fb97b27dc5f052f95ba5dea24795203e21dc3359c15917c624f67b48f6c6ee258246611ba3491288ad7a3c6c57d64dfbb78712a7d7c6f2f7d5945fb38e3217499ca090a83e839f266b5a3516efffe5d57218e9e08a31b47eb49ba51bdc1fec4e56678c3121f04105f9ed45348e59e351267e97635b10cb0230bda3b099717b29dea3669353f69dde49872f79ca85d38bbfe59fc91fa8958218cf04c59c609cbe7a5df3aad50db3a91143a6485b1e20989f4b257d747f5889cbafde22ab81e76fc0a30c471619fc33bb46950f1e73d9b707be720b4a32be1a3cd7e384fed9,gx-no-cache=1490728520822 HTTP/1.1" 200 30
200.54.247.69 - - [28/Mar/2017:16:14:20 -0300] "GET /cormun/static/Shared/jqueryui/images/ui-icons_ebccce_256x240.png HTTP/1.1" 404 1089
200.54.247.69 - - [28/Mar/2017:16:14:20 -0300] "GET /cormun/static/Shared/jqueryui/images/ui-icons_82798d_256x240.png HTTP/1.1" 404 1089
200.54.247.69 - - [28/Mar/2017:16:14:20 -0300] "GET /cormun/static/Shared/jqueryui/images/ui-bg_highlight-soft_100_c6c2c8_1x100.png HTTP/1.1" 404 1117
200.54.247.69 - - [28/Mar/2017:16:14:21 -0300] "GET /cormun/static/Shared/jqueryui/images/ui-bg_flat_55_994d53_40x100.png HTTP/1.1" 404 1097
200.54.247.69 - - [28/Mar/2017:16:14:22 -0300] "POST /cormun/servlet/solicitudot?gx-no-cache=1490728523561 HTTP/1.1" 200 30
200.54.247.69 - - [28/Mar/2017:16:14:37 -0300] "GET /cormun/servlet/prsolicitudot?15945720,,,,,MD,,gxPopupLevel%3D0%3B HTTP/1.1" 200 5963
192.168.10.13 - - [28/Mar/2017:16:14:38 -0300] "GET / HTTP/1.1" 200 11217
200.54.247.69 - - [28/Mar/2017:16:14:42 -0300] "GET /cormun/servlet/solicitudot?a8b224490636c7a66436178fd9d586ca5fbeb956d009c91d9072a131138b0ab8566f1094f683ba8eb29a3422729d8bba,gx-no-cache=1490728543421 HTTP/1.1" 200 30
200.54.247.69 - - [28/Mar/2017:16:14:43 -0300] "POST /cormun/servlet/solicitudot?gx-no-cache=1490728543513 HTTP/1.1" 200 256
200.54.247.69 - - [28/Mar/2017:16:14:43 -0300] "GET /cormun/servlet/solicitudot?a8b224490636c7a66436178fd9d586ca68714481bbed89c851769f79872ba3d7bebbd4519ee13ead0f8faee3c7879fd016066571e7a3198cd8b2652e7de140e03d3eca8ada1e2baf6e11173a289050ae4445c95c07c4f459953fe0674adccfe12d3ebf6db9d6fa32689663c515b1a31099c4155f1f2cd49957bb7d04a7611d16a0f17694fc5094ec9c8a23aa9da659df3c0e21c1a116d310910913482d3599eed361fb97b27dc5f052f95ba5dea24795203e21dc3359c15917c624f67b48f6c6ee258246611ba3491288ad7a3c6c57d64dfbb78712a7d7c6f2f7d5945fb38e3217499ca090a83e839f266b5a3516efffe5d57218e9e08a31b47eb49ba51bdc1fec4e56678c3121f04105f9ed45348e59e351267e97635b10cb0230bda3b099717b29dea3669353f69dde49872f79ca85d38bbfe59fc91fa8958218cf04c59c609cbe7a5df3aad50db3a91143a6485b1e20989f4b257d747f5889cbafde22ab81e76fc0a30c471619fc33bb46950f1e73ad496bf175058a0214598c4752fdee2b,gx-no-cache=1490728543984 HTTP/1.1" 200 30
200.54.247.69 - - [28/Mar/2017:16:14:43 -0300] "POST /cormun/servlet/solicitudot?gx-no-cache=1490728544051 HTTP/1.1" 200 30
200.54.247.69 - - [28/Mar/2017:16:14:43 -0300] "POST /cormun/servlet/solicitudot?gx-no-cache=1490728544129 HTTP/1.1" 200 1291
200.54.247.69 - - [28/Mar/2017:16:14:43 -0300] "POST /cormun/servlet/solicitudot?gx-no-cache=1490728544281 HTTP/1.1" 200 38
200.54.247.69 - - [28/Mar/2017:16:14:43 -0300] "GET /cormun/servlet/solicitudot?a8b224490636c7a66436178fd9d586ca31d9e24326adf968e8c0c7a9b2ec5a659fe4802b824a0d0c332e55859fb670a553648a9efddafdf1da29e18c3e856737f5ae8fdcc374883239bfc60f703531c2eaf376f5f426b3d49f93246a68bb9ab9e3581ee0a6495da734617c67021cb07e106d5fd3b2b2d7898e04b5181f8315482f97e75969fa40c06006e6228f93e02749faa811bee2e775c809bf3dbd430bed,gx-no-cache=1490728544346 HTTP/1.1" 200 29
200.54.247.69 - - [28/Mar/2017:16:14:43 -0300] "POST /cormun/servlet/solicitudot?gx-no-cache=1490728544422 HTTP/1.1" 200 1275
200.54.247.69 - - [28/Mar/2017:16:14:43 -0300] "POST /cormun/servlet/solicitudot?gx-no-cache=1490728544543 HTTP/1.1" 200 1158
186.79.27.240 - - [28/Mar/2017:16:14:50 -0300] "POST /cormun/servlet/solicitudotadjuntos?53f4b0d18ac1087e5cb258e407468895,INS,2017,5785,,1,,gx-no-cache=1490728558295 HTTP/1.1" 200 93
186.79.27.240 - - [28/Mar/2017:16:14:50 -0300] "GET /cormun/servlet/hpexe_return? HTTP/1.1" 200 1023
186.79.27.240 - - [28/Mar/2017:16:14:51 -0300] "GET /cormun/servlet/trsolicitudadjuntos?2017,5785, HTTP/1.1" 200 5857
186.79.27.240 - - [28/Mar/2017:16:14:52 -0300] "GET /cormun/servlet/trsolicitudadjuntos?2017,5785, HTTP/1.1" 200 5853
200.54.247.69 - - [28/Mar/2017:16:15:01 -0300] "POST /cormun/servlet/solicitudot?gx-no-cache=1490728562639 HTTP/1.1" 200 1275
200.54.247.69 - - [28/Mar/2017:16:15:02 -0300] "POST /cormun/servlet/solicitudot?gx-no-cache=1490728562728 HTTP/1.1" 200 1158
200.54.247.69 - - [28/Mar/2017:16:15:02 -0300] "GET /cormun/servlet/solicitudot?a8b224490636c7a66436178fd9d586ca0e4ffd78044593782760cf851379f180fccbdbd00ac94c7d9be93252f726753bced313b35c9c7cde9ad10fb9fcb58426b8061a987ab875843bfc7af341a0b89facaef3f6936b0f2a095391239793c4ed2b541c9f319314fcf9fc76de93ef6cd716e8fb8217c462f15057af61b7c351e98baed8444c1043bca1c6dfa3229313261e5c9d3cc2e2144152015db2b118563636aa0e53696dfa61c0c8830060c778f2,gx-no-cache=1490728562821 HTTP/1.1" 200 30
200.54.247.69 - - [28/Mar/2017:16:15:03 -0300] "POST /cormun/servlet/solicitudot?e3633180eb74feb4d063e277798b50dd,INS,0,0,,gx-no-cache=1490728562900 HTTP/1.1" 200 93
200.54.247.69 - - [28/Mar/2017:16:15:03 -0300] "GET /cormun/servlet/hpexe_return? HTTP/1.1" 200 1011
200.54.247.69 - - [28/Mar/2017:16:15:03 -0300] "GET /cormun/servlet/trsolicitudot HTTP/1.1" 200 8273
200.54.247.69 - - [28/Mar/2017:16:15:08 -0300] "POST /cormun/servlet/trsolicitudot?e3633180eb74feb4d063e277798b50dd,gx-no-cache=1490728568948 HTTP/1.1" 200 4338
200.54.247.69 - - [28/Mar/2017:16:15:08 -0300] "POST /cormun/servlet/trsolicitudot?e3633180eb74feb4d063e277798b50dd,gx-no-cache=1490728569369 HTTP/1.1" 200 4125
200.54.247.69 - - [28/Mar/2017:16:15:09 -0300] "GET /cormun/static/Shared/jqueryui/images/ui-bg_highlight-soft_100_c6c2c8_1x100.png HTTP/1.1" 404 1117
200.54.247.69 - - [28/Mar/2017:16:15:09 -0300] "GET /cormun/static/Shared/jqueryui/images/ui-icons_82798d_256x240.png HTTP/1.1" 404 1089
200.54.247.69 - - [28/Mar/2017:16:15:09 -0300] "GET /cormun/static/Shared/jqueryui/images/ui-icons_8d78a5_256x240.png HTTP/1.1" 404 1089
200.54.247.69 - - [28/Mar/2017:16:15:09 -0300] "GET /cormun/static/Shared/jqueryui/images/ui-bg_flat_55_fafafa_40x100.png HTTP/1.1" 404 1097
200.54.247.69 - - [28/Mar/2017:16:15:12 -0300] "GET /cormun/servlet/trautorizarsolicitud? HTTP/1.1" 200 8214
186.79.27.240 - - [28/Mar/2017:16:15:13 -0300] "GET /cormun/servlet/hlogin HTTP/1.1" 200 1719
186.79.27.240 - - [28/Mar/2017:16:15:16 -0300] "POST /cormun/servlet/hlogin?3106d902cc7bef799a8adb97ba96e8af,gx-no-cache=1490728583574 HTTP/1.1" 200 90
186.79.27.240 - - [28/Mar/2017:16:15:16 -0300] "GET /cormun/servlet/hpexe_link HTTP/1.1" 200 950
200.54.247.69 - - [28/Mar/2017:16:15:16 -0300] "POST /cormun/servlet/trautorizarsolicitud?e3633180eb74feb4d063e277798b50dd,,gx-no-cache=1490728576461 HTTP/1.1" 200 4311
186.79.27.240 - - [28/Mar/2017:16:15:16 -0300] "GET /cormun/servlet/hhome HTTP/1.1" 200 3756
200.54.247.69 - - [28/Mar/2017:16:15:16 -0300] "POST /cormun/servlet/trautorizarsolicitud?e3633180eb74feb4d063e277798b50dd,,gx-no-cache=1490728577122 HTTP/1.1" 200 4099
200.54.247.69 - - [28/Mar/2017:16:15:17 -0300] "GET /cormun/static/Shared/jqueryui/images/ui-bg_flat_55_fafafa_40x100.png HTTP/1.1" 404 1097
200.54.247.69 - - [28/Mar/2017:16:15:17 -0300] "GET /cormun/static/Shared/jqueryui/images/ui-icons_82798d_256x240.png HTTP/1.1" 404 1089
200.54.247.69 - - [28/Mar/2017:16:15:17 -0300] "GET /cormun/static/Shared/jqueryui/images/ui-bg_highlight-soft_100_c6c2c8_1x100.png HTTP/1.1" 404 1117
200.54.247.69 - - [28/Mar/2017:16:15:17 -0300] "GET /cormun/static/Shared/jqueryui/images/ui-icons_8d78a5_256x240.png HTTP/1.1" 404 1089
186.79.27.240 - - [28/Mar/2017:16:15:17 -0300] "GET /cormun/servlet/hhome HTTP/1.1" 200 3753
186.79.27.240 - - [28/Mar/2017:16:15:22 -0300] "GET /cormun/servlet/trsolicitudot? HTTP/1.1" 200 8808
186.79.27.240 - - [28/Mar/2017:16:15:23 -0300] "GET /cormun/servlet/trsolicitudot? HTTP/1.1" 200 8806
186.79.27.240 - - [28/Mar/2017:16:15:28 -0300] "POST /cormun/servlet/trsolicitudot?3106d902cc7bef799a8adb97ba96e8af,,gx-no-cache=1490728595305 HTTP/1.1" 200 106
186.79.27.240 - - [28/Mar/2017:16:15:28 -0300] "GET /cormun/servlet/trsolicitudadjuntos?2017,5785, HTTP/1.1" 200 5854
186.79.27.240 - - [28/Mar/2017:16:15:29 -0300] "GET /cormun/servlet/trsolicitudadjuntos?2017,5785, HTTP/1.1" 200 5854
192.168.10.13 - - [28/Mar/2017:16:15:38 -0300] "GET / HTTP/1.1" 200 11217
186.79.27.240 - - [28/Mar/2017:16:15:38 -0300] "GET /cormun/servlet/solicitudotadjuntos?INS,2017,5785,,1, HTTP/1.1" 200 5791
186.79.27.240 - - [28/Mar/2017:16:15:38 -0300] "GET /cormun/static/about:blank HTTP/1.1" 404 1011
186.79.27.240 - - [28/Mar/2017:16:15:38 -0300] "GET /cormun/servlet/solicitudotadjuntos?INS,2017,5785,,1, HTTP/1.1" 200 5785
186.79.27.240 - - [28/Mar/2017:16:15:39 -0300] "GET /cormun/servlet/solicitudotadjuntos?84fc84d729ea12577a6e3828b69c76d48938d9a2fd382550f000f69de6d4852d2f19e56497ec36b08156b73baa469f94,gx-no-cache=1490728607066 HTTP/1.1" 200 30
186.79.27.240 - - [28/Mar/2017:16:15:39 -0300] "POST /cormun/servlet/solicitudotadjuntos?3106d902cc7bef799a8adb97ba96e8af,INS,2017,5785,,1,,gx-no-cache=1490728607502 HTTP/1.1" 200 3640
186.79.27.240 - - [28/Mar/2017:16:16:00 -0300] "POST /cormun/servlet/solicitudotadjuntos?gx-no-cache=1490728628093 HTTP/1.1" 200 26
192.168.10.13 - - [28/Mar/2017:16:16:38 -0300] "GET / HTTP/1.1" 200 11217
186.103.159.204 - - [28/Mar/2017:16:17:32 -0300] "GET /cormun/servlet/hhome HTTP/1.1" 200 3985
186.103.159.204 - - [28/Mar/2017:16:17:32 -0300] "GET /cormun/servlet/hhome HTTP/1.1" 200 3982
186.79.27.240 - - [28/Mar/2017:16:17:32 -0300] "GET /cormun/servlet/solicitudotadjuntos?84fc84d729ea12577a6e3828b69c76d414cf98c00b517b37ec741f324ffda6b3,gx-no-cache=1490728720327 HTTP/1.1" 200 30
186.79.27.240 - - [28/Mar/2017:16:17:32 -0300] "GET /cormun/servlet/solicitudotadjuntos?84fc84d729ea12577a6e3828b69c76d414cf98c00b517b37ec741f324ffda6b3,gx-no-cache=1490728720919 HTTP/1.1" 200 30
186.103.159.204 - - [28/Mar/2017:16:17:35 -0300] "GET /cormun/servlet/hlogin HTTP/1.1" 200 1732
186.103.159.204 - - [28/Mar/2017:16:17:37 -0300] "GET /cormun/servlet/hlogin HTTP/1.1" 200 1724
192.168.10.13 - - [28/Mar/2017:16:17:38 -0300] "GET / HTTP/1.1" 200 11217
186.103.159.187 - - [28/Mar/2017:16:18:15 -0300] "GET /cormun/servlet/solicitudot?INS,0,0, HTTP/1.1" 200 11936
186.103.159.187 - - [28/Mar/2017:16:18:16 -0300] "GET /cormun/servlet/solicitudot?INS,0,0, HTTP/1.1" 200 11941
186.103.159.187 - - [28/Mar/2017:16:18:16 -0300] "GET /cormun/servlet/hlogin HTTP/1.1" 200 1744
186.103.159.187 - - [28/Mar/2017:16:18:27 -0300] "POST /cormun/servlet/hlogin?43901c2d96eef85c62d7de101904b645,gx-no-cache=1490732371658 HTTP/1.1" 200 450
186.103.159.204 - - [28/Mar/2017:16:18:28 -0300] "GET /cormun/servlet/hlogin HTTP/1.1" 200 1724
186.103.159.187 - - [28/Mar/2017:16:18:35 -0300] "POST /cormun/servlet/hlogin?43901c2d96eef85c62d7de101904b645,gx-no-cache=1490732380239 HTTP/1.1" 200 90
186.103.159.187 - - [28/Mar/2017:16:18:35 -0300] "GET /cormun/servlet/hpexe_link HTTP/1.1" 200 950
186.103.159.187 - - [28/Mar/2017:16:18:35 -0300] "GET /cormun/servlet/hhome HTTP/1.1" 200 3733
192.168.10.13 - - [28/Mar/2017:16:18:38 -0300] "GET / HTTP/1.1" 200 11217
186.79.27.240 - - [28/Mar/2017:16:18:38 -0300] "POST /cormun/servlet/solicitudotadjuntos?3106d902cc7bef799a8adb97ba96e8af,INS,2017,5785,,1, HTTP/1.1" 200 116
186.79.27.240 - - [28/Mar/2017:16:18:38 -0300] "GET /cormun/servlet/hpexe_return? HTTP/1.1" 200 1023
186.103.159.187 - - [28/Mar/2017:16:18:39 -0300] "GET /cormun/servlet/hhome HTTP/1.1" 200 3730
186.79.27.240 - - [28/Mar/2017:16:18:39 -0300] "GET /cormun/servlet/trsolicitudadjuntos?2017,5785, HTTP/1.1" 200 7961
186.79.27.240 - - [28/Mar/2017:16:18:40 -0300] "GET /cormun/servlet/trsolicitudadjuntos?2017,5785, HTTP/1.1" 200 7956
186.103.159.187 - - [28/Mar/2017:16:18:40 -0300] "GET /cormun/servlet/trsolicitudot? HTTP/1.1" 200 7954
186.103.159.187 - - [28/Mar/2017:16:18:41 -0300] "GET /cormun/servlet/trsolicitudot? HTTP/1.1" 200 7952
186.103.159.187 - - [28/Mar/2017:16:18:45 -0300] "GET /cormun/servlet/solicitudot?INS,0,0, HTTP/1.1" 200 12544
186.103.159.187 - - [28/Mar/2017:16:18:46 -0300] "GET /cormun/servlet/solicitudot?INS,0,0, HTTP/1.1" 200 12549
186.79.27.240 - - [28/Mar/2017:16:18:47 -0300] "GET /cormun/servlet/solicitudotadjuntos?INS,2017,5785,,1, HTTP/1.1" 200 5792
186.79.27.240 - - [28/Mar/2017:16:18:47 -0300] "GET /cormun/servlet/solicitudotadjuntos?INS,2017,5785,,1, HTTP/1.1" 200 5786
186.79.27.240 - - [28/Mar/2017:16:18:48 -0300] "GET /cormun/static/about:blank HTTP/1.1" 404 1011
186.79.27.240 - - [28/Mar/2017:16:18:48 -0300] "GET /cormun/servlet/solicitudotadjuntos?84fc84d729ea12577a6e3828b69c76d48938d9a2fd382550f000f69de6d4852d2f19e56497ec36b08156b73baa469f94,gx-no-cache=1490728796400 HTTP/1.1" 200 30
186.79.27.240 - - [28/Mar/2017:16:18:49 -0300] "POST /cormun/servlet/solicitudotadjuntos?3106d902cc7bef799a8adb97ba96e8af,INS,2017,5785,,1,,gx-no-cache=1490728796541 HTTP/1.1" 200 3640
186.79.27.240 - - [28/Mar/2017:16:18:52 -0300] "POST /cormun/servlet/solicitudotadjuntos?gx-no-cache=1490728800277 HTTP/1.1" 200 26
186.103.159.204 - - [28/Mar/2017:16:18:53 -0300] "POST /cormun/servlet/hlogin?f3d7b40435e9999ef68fa017019b797e,gx-no-cache=1490728798917 HTTP/1.1" 200 90
186.103.159.204 - - [28/Mar/2017:16:18:53 -0300] "GET /cormun/servlet/hpexe_link HTTP/1.1" 200 949
186.103.159.204 - - [28/Mar/2017:16:18:53 -0300] "GET /cormun/static/hpexe_link.js?201731711483384 HTTP/1.1" 200 625
186.103.159.204 - - [28/Mar/2017:16:18:54 -0300] "GET /cormun/servlet/hhome HTTP/1.1" 200 3985
186.103.159.204 - - [28/Mar/2017:16:18:54 -0300] "GET /cormun/servlet/hhome HTTP/1.1" 200 3982
186.103.159.204 - - [28/Mar/2017:16:18:58 -0300] "GET /cormun/servlet/trlicencias? HTTP/1.1" 200 6852
186.103.159.204 - - [28/Mar/2017:16:18:58 -0300] "GET /cormun/servlet/trlicencias? HTTP/1.1" 200 6852
186.103.159.204 - - [28/Mar/2017:16:18:58 -0300] "GET /cormun/servlet/trlicencias? HTTP/1.1" 200 6851
186.79.27.240 - - [28/Mar/2017:16:19:01 -0300] "GET /cormun/servlet/solicitudotadjuntos?84fc84d729ea12577a6e3828b69c76d414cf98c00b517b37ec741f324ffda6b3,gx-no-cache=1490728809727 HTTP/1.1" 200 30
186.79.27.240 - - [28/Mar/2017:16:19:01 -0300] "GET /cormun/servlet/solicitudotadjuntos?84fc84d729ea12577a6e3828b69c76d414cf98c00b517b37ec741f324ffda6b3,gx-no-cache=1490728809843 HTTP/1.1" 200 30
186.103.159.187 - - [28/Mar/2017:16:19:12 -0300] "GET /cormun/servlet/prfichaempleado?,MD,,gxPopupLevel%3D0%3B HTTP/1.1" 200 8789
186.103.159.187 - - [28/Mar/2017:16:19:26 -0300] "POST /cormun/servlet/solicitudot?gx-no-cache=1490732430251 HTTP/1.1" 200 3175
186.103.159.187 - - [28/Mar/2017:16:19:26 -0300] "POST /cormun/servlet/solicitudot?43901c2d96eef85c62d7de101904b645,INS,0,0,,gx-no-cache=1490732431095 HTTP/1.1" 200 9752
186.103.159.204 - - [28/Mar/2017:16:19:33 -0300] "GET /cormun/static/menuarrow.gif HTTP/1.1" 404 1015
192.168.10.96 - - [28/Mar/2017:16:19:35 -0300] "GET /cormun/servlet/trcontratoobservaciongral? HTTP/1.1" 200 16346
186.79.27.240 - - [28/Mar/2017:16:19:36 -0300] "POST /cormun/servlet/solicitudotadjuntos?3106d902cc7bef799a8adb97ba96e8af,INS,2017,5785,,1, HTTP/1.1" 200 116
186.79.27.240 - - [28/Mar/2017:16:19:36 -0300] "GET /cormun/servlet/hpexe_return? HTTP/1.1" 200 1023
186.103.159.187 - - [28/Mar/2017:16:19:37 -0300] "GET /cormun/servlet/solicitudot?75f5ea9f2d1db203f2dffba1cbac3be0322743013b08304e9aac523c12578dd12f32166df246bc0207e7effb99550f9c,gx-no-cache=1490732441916 HTTP/1.1" 200 30
186.103.159.187 - - [28/Mar/2017:16:19:37 -0300] "POST /cormun/servlet/solicitudot?gx-no-cache=1490732442006 HTTP/1.1" 200 240
186.79.27.240 - - [28/Mar/2017:16:19:37 -0300] "GET /cormun/servlet/trsolicitudadjuntos?2017,5785, HTTP/1.1" 200 8188
192.168.10.96 - - [28/Mar/2017:16:19:37 -0300] "GET /cormun/servlet/trcontratoobservaciongral? HTTP/1.1" 200 16345
192.168.10.13 - - [28/Mar/2017:16:19:38 -0300] "GET / HTTP/1.1" 200 11217
186.103.159.187 - - [28/Mar/2017:16:19:38 -0300] "GET /cormun/servlet/solicitudot?75f5ea9f2d1db203f2dffba1cbac3be011babcba27ce12f1ad036dc25b282e2425d12002f3b30a0ad66703b47043928e32e82221c4b3c6dafd0af6a595d2aa5868c69cdf5b836271bde14f5ca09881743111618f01fd169416d4d420519b4e1d574efa31d96b8705d60165e8dfb307ea19b0c49edf227e952cab1d5d3870b3814bdb5b9b96627355f21ea4faf24f9e1b6a9098bf5939514cc75266aa2da429bc24c3863ea0d48af73e76d44aff71482aee1cc62bb031dc320cc0459cbb1c818501f3ff5b89f13ad0eecc943de0c7c89b6ebd857e2263f12e8318efccb711bc7ad1267fbc756b6364bc9fb3ddaab5feac14cbc087c3273a4248a06ae34ee062717d9957b2ac485d861d1ba45d60228eae7282a7393c9edc692b887843c770ebf2b733e03657ea64a51b3e985b4a2208bb77d8a9cd21d68db2c7057f83411d5cead4af899fac6a330524ef3bbf77a11d2ed75a8af908c857cc48a48a452802df96191702fe507d0eafa8586b43e6593754b22fc6a293efa2062907cd831c828544,gx-no-cache=1490732442094 HTTP/1.1" 200 30
186.79.27.240 - - [28/Mar/2017:16:19:38 -0300] "GET /cormun/servlet/trsolicitudadjuntos?2017,5785, HTTP/1.1" 200 8180
186.103.159.187 - - [28/Mar/2017:16:19:44 -0300] "POST /cormun/servlet/solicitudot?gx-no-cache=1490732449755 HTTP/1.1" 200 30
192.168.10.96 - - [28/Mar/2017:16:19:45 -0300] "POST /cormun/servlet/trcontratoobservaciongral?c910cbf254bd355f1d1da9df9d15fb29,,gx-no-cache=1490732062804 HTTP/1.1" 200 13579
186.79.27.240 - - [28/Mar/2017:16:19:46 -0300] "GET /cormun/servlet/solicitudotadjuntos?INS,2017,5785,,1, HTTP/1.1" 200 5792
186.79.27.240 - - [28/Mar/2017:16:19:47 -0300] "GET /cormun/static/about:blank HTTP/1.1" 404 1011
186.79.27.240 - - [28/Mar/2017:16:19:47 -0300] "GET /cormun/servlet/solicitudotadjuntos?INS,2017,5785,,1, HTTP/1.1" 200 5786
186.79.27.240 - - [28/Mar/2017:16:19:48 -0300] "GET /cormun/servlet/solicitudotadjuntos?84fc84d729ea12577a6e3828b69c76d48938d9a2fd382550f000f69de6d4852d2f19e56497ec36b08156b73baa469f94,gx-no-cache=1490728856026 HTTP/1.1" 200 30
186.79.27.240 - - [28/Mar/2017:16:19:48 -0300] "POST /cormun/servlet/solicitudotadjuntos?3106d902cc7bef799a8adb97ba96e8af,INS,2017,5785,,1,,gx-no-cache=1490728856164 HTTP/1.1" 200 3640
186.79.27.240 - - [28/Mar/2017:16:19:49 -0300] "GET /cormun/servlet/solicitudotadjuntos?INS,2017,5785,,1, HTTP/1.1" 200 5792
192.168.10.96 - - [28/Mar/2017:16:19:51 -0300] "POST /cormun/servlet/trcontratoobservaciongral?c910cbf254bd355f1d1da9df9d15fb29,,gx-no-cache=1490732069339 HTTP/1.1" 200 13579
186.79.27.240 - - [28/Mar/2017:16:19:51 -0300] "POST /cormun/servlet/solicitudotadjuntos?gx-no-cache=1490728859419 HTTP/1.1" 200 26
186.79.27.240 - - [28/Mar/2017:16:20:01 -0300] "GET /cormun/servlet/solicitudotadjuntos?84fc84d729ea12577a6e3828b69c76d414cf98c00b517b37ec741f324ffda6b3,gx-no-cache=1490728869300 HTTP/1.1" 200 30
186.79.27.240 - - [28/Mar/2017:16:20:01 -0300] "GET /cormun/servlet/solicitudotadjuntos?84fc84d729ea12577a6e3828b69c76d414cf98c00b517b37ec741f324ffda6b3,gx-no-cache=1490728869416 HTTP/1.1" 200 30
192.168.10.96 - - [28/Mar/2017:16:20:03 -0300] "POST /cormun/servlet/trcontratoobservaciongral?c910cbf254bd355f1d1da9df9d15fb29,,gx-no-cache=1490732081915 HTTP/1.1" 200 5638
192.168.10.96 - - [28/Mar/2017:16:20:12 -0300] "POST /cormun/servlet/trcontratoobservaciongral?c910cbf254bd355f1d1da9df9d15fb29,,gx-no-cache=1490732091193 HTTP/1.1" 200 5638
186.103.159.187 - - [28/Mar/2017:16:20:15 -0300] "GET /cormun/servlet/prfichaempleado?,MD,,gxPopupLevel%3D0%3B HTTP/1.1" 200 8789
186.79.27.240 - - [28/Mar/2017:16:20:17 -0300] "POST /cormun/servlet/solicitudotadjuntos?3106d902cc7bef799a8adb97ba96e8af,INS,2017,5785,,1, HTTP/1.1" 200 116
186.79.27.240 - - [28/Mar/2017:16:20:17 -0300] "GET /cormun/servlet/hpexe_return? HTTP/1.1" 200 1023
192.168.10.96 - - [28/Mar/2017:16:20:18 -0300] "POST /cormun/servlet/trcontratoobservaciongral?c910cbf254bd355f1d1da9df9d15fb29,,gx-no-cache=1490732096610 HTTP/1.1" 200 5640
186.79.27.240 - - [28/Mar/2017:16:20:18 -0300] "GET /cormun/servlet/trsolicitudadjuntos?2017,5785, HTTP/1.1" 200 8344
186.79.27.240 - - [28/Mar/2017:16:20:19 -0300] "GET /cormun/servlet/trsolicitudadjuntos?2017,5785, HTTP/1.1" 200 8339
186.79.27.240 - - [28/Mar/2017:16:20:24 -0300] "GET /cormun/servlet/solicitudotadjuntos?INS,2017,5785,,1, HTTP/1.1" 200 5791
186.79.27.240 - - [28/Mar/2017:16:20:24 -0300] "GET /cormun/static/about:blank HTTP/1.1" 404 1011
186.79.27.240 - - [28/Mar/2017:16:20:24 -0300] "GET /cormun/servlet/solicitudotadjuntos?INS,2017,5785,,1, HTTP/1.1" 200 5785
186.79.27.240 - - [28/Mar/2017:16:20:25 -0300] "GET /cormun/servlet/solicitudotadjuntos?84fc84d729ea12577a6e3828b69c76d48938d9a2fd382550f000f69de6d4852d2f19e56497ec36b08156b73baa469f94,gx-no-cache=1490728893245 HTTP/1.1" 200 30
186.79.27.240 - - [28/Mar/2017:16:20:25 -0300] "POST /cormun/servlet/solicitudotadjuntos?3106d902cc7bef799a8adb97ba96e8af,INS,2017,5785,,1,,gx-no-cache=1490728893376 HTTP/1.1" 200 3639
186.103.159.187 - - [28/Mar/2017:16:20:26 -0300] "POST /cormun/servlet/prfichaempleado?43901c2d96eef85c62d7de101904b645,,MD,,gxPopupLevel%3D0%3B,gx-no-cache=1490732491061 HTTP/1.1" 200 3405
186.79.27.240 - - [28/Mar/2017:16:20:30 -0300] "POST /cormun/servlet/solicitudotadjuntos?gx-no-cache=1490728898105 HTTP/1.1" 200 26
192.168.10.96 - - [28/Mar/2017:16:20:31 -0300] "POST /cormun/servlet/trcontratoobservaciongral?c910cbf254bd355f1d1da9df9d15fb29,,gx-no-cache=1490732109520 HTTP/1.1" 200 6370
186.103.159.187 - - [28/Mar/2017:16:20:32 -0300] "POST /cormun/servlet/solicitudot?gx-no-cache=1490732497335 HTTP/1.1" 200 1291
186.103.159.187 - - [28/Mar/2017:16:20:33 -0300] "GET /cormun/static/menuarrow.gif HTTP/1.1" 404 1015
192.168.10.13 - - [28/Mar/2017:16:20:38 -0300] "GET / HTTP/1.1" 200 11217
186.103.159.204 - - [28/Mar/2017:16:20:38 -0300] "GET /cormun/servlet/licenciaspermisos?INS,0,,, HTTP/1.1" 200 7371
186.103.159.204 - - [28/Mar/2017:16:20:38 -0300] "GET /cormun/static/gxcfg.js?201731711384427 HTTP/1.1" 304 -
186.103.159.204 - - [28/Mar/2017:16:20:38 -0300] "GET /cormun/static/licenciaspermisos.js?201731711384498 HTTP/1.1" 304 -
186.103.159.204 - - [28/Mar/2017:16:20:38 -0300] "GET /cormun/servlet/licenciaspermisos?INS,0,,, HTTP/1.1" 200 7371
186.79.27.240 - - [28/Mar/2017:16:20:40 -0300] "GET /cormun/servlet/solicitudotadjuntos?84fc84d729ea12577a6e3828b69c76d414cf98c00b517b37ec741f324ffda6b3,gx-no-cache=1490728908052 HTTP/1.1" 200 30
186.79.27.240 - - [28/Mar/2017:16:20:40 -0300] "GET /cormun/servlet/solicitudotadjuntos?84fc84d729ea12577a6e3828b69c76d414cf98c00b517b37ec741f324ffda6b3,gx-no-cache=1490728908227 HTTP/1.1" 200 30
95.213.177.125 - - [28/Mar/2017:16:20:40 -0300] "CONNECT check.proxyradar.com:80 HTTP/1.1" 400 -
192.168.10.96 - - [28/Mar/2017:16:20:45 -0300] "POST /cormun/servlet/trcontratoobservaciongral?c910cbf254bd355f1d1da9df9d15fb29,,gx-no-cache=1490732123753 HTTP/1.1" 200 5638
192.168.10.96 - - [28/Mar/2017:16:20:52 -0300] "POST /cormun/servlet/trcontratoobservaciongral?c910cbf254bd355f1d1da9df9d15fb29,,gx-no-cache=1490732130617 HTTP/1.1" 200 10453
186.103.159.204 - - [28/Mar/2017:16:20:55 -0300] "GET /cormun/servlet/licenciaspermisos?e43b066f8028973147750542edf50222bef13852461123f1121740347b9a52b4bf1cbd342ec6eb385196b0c44a265d6d,gx-no-cache=1490728921569 HTTP/1.1" 200 65
186.103.159.204 - - [28/Mar/2017:16:20:56 -0300] "POST /cormun/servlet/licenciaspermisos?f3d7b40435e9999ef68fa017019b797e,INS,0,,,,gx-no-cache=1490728921648 HTTP/1.1" 200 4626
186.103.159.187 - - [28/Mar/2017:16:20:57 -0300] "POST /cormun/servlet/solicitudot?gx-no-cache=1490732521781 HTTP/1.1" 200 118
186.103.159.187 - - [28/Mar/2017:16:20:57 -0300] "GET /cormun/static/Shared/jqueryui/images/ui-bg_highlight-soft_100_c6c2c8_1x100.png HTTP/1.1" 404 1117
186.103.159.187 - - [28/Mar/2017:16:20:57 -0300] "GET /cormun/static/Shared/jqueryui/images/ui-icons_82798d_256x240.png HTTP/1.1" 404 1089
186.103.159.187 - - [28/Mar/2017:16:20:57 -0300] "GET /cormun/static/Shared/jqueryui/images/ui-bg_flat_55_994d53_40x100.png HTTP/1.1" 404 1097
186.103.159.187 - - [28/Mar/2017:16:20:57 -0300] "GET /cormun/static/Shared/jqueryui/images/ui-icons_ebccce_256x240.png HTTP/1.1" 404 1089
186.79.27.240 - - [28/Mar/2017:16:20:57 -0300] "POST /cormun/servlet/solicitudotadjuntos?3106d902cc7bef799a8adb97ba96e8af,INS,2017,5785,,1, HTTP/1.1" 200 116
186.79.27.240 - - [28/Mar/2017:16:20:57 -0300] "GET /cormun/servlet/hpexe_return? HTTP/1.1" 200 1023
186.79.27.240 - - [28/Mar/2017:16:20:58 -0300] "GET /cormun/servlet/trsolicitudadjuntos?2017,5785, HTTP/1.1" 200 8494
186.79.27.240 - - [28/Mar/2017:16:20:59 -0300] "GET /cormun/servlet/trsolicitudadjuntos?2017,5785, HTTP/1.1" 200 8493
186.79.27.240 - - [28/Mar/2017:16:21:02 -0300] "GET /cormun/servlet/solicitudotadjuntos?INS,2017,5785,,1, HTTP/1.1" 200 5791
186.79.27.240 - - [28/Mar/2017:16:21:02 -0300] "GET /cormun/static/about:blank HTTP/1.1" 404 1011
186.79.27.240 - - [28/Mar/2017:16:21:02 -0300] "GET /cormun/servlet/solicitudotadjuntos?INS,2017,5785,,1, HTTP/1.1" 200 5785
186.79.27.240 - - [28/Mar/2017:16:21:03 -0300] "GET /cormun/servlet/solicitudotadjuntos?84fc84d729ea12577a6e3828b69c76d48938d9a2fd382550f000f69de6d4852d2f19e56497ec36b08156b73baa469f94,gx-no-cache=1490728931430 HTTP/1.1" 200 30
186.79.27.240 - - [28/Mar/2017:16:21:04 -0300] "POST /cormun/servlet/solicitudotadjuntos?3106d902cc7bef799a8adb97ba96e8af,INS,2017,5785,,1,,gx-no-cache=1490728931545 HTTP/1.1" 200 3639
186.79.27.240 - - [28/Mar/2017:16:21:06 -0300] "POST /cormun/servlet/solicitudotadjuntos?gx-no-cache=1490728934494 HTTP/1.1" 200 26
186.79.27.240 - - [28/Mar/2017:16:21:15 -0300] "POST /cormun/servlet/solicitudotadjuntos?gx-no-cache=1490728942929 HTTP/1.1" 200 26
186.79.27.240 - - [28/Mar/2017:16:21:22 -0300] "GET /cormun/servlet/solicitudotadjuntos?84fc84d729ea12577a6e3828b69c76d414cf98c00b517b37ec741f324ffda6b3,gx-no-cache=1490728950758 HTTP/1.1" 200 30
186.79.27.240 - - [28/Mar/2017:16:21:22 -0300] "GET /cormun/servlet/solicitudotadjuntos?84fc84d729ea12577a6e3828b69c76d414cf98c00b517b37ec741f324ffda6b3,gx-no-cache=1490728950932 HTTP/1.1" 200 30
192.168.10.13 - - [28/Mar/2017:16:21:38 -0300] "GET / HTTP/1.1" 200 11217
186.79.27.240 - - [28/Mar/2017:16:21:43 -0300] "POST /cormun/servlet/solicitudotadjuntos?3106d902cc7bef799a8adb97ba96e8af,INS,2017,5785,,1, HTTP/1.1" 200 116
186.79.27.240 - - [28/Mar/2017:16:21:43 -0300] "GET /cormun/servlet/hpexe_return? HTTP/1.1" 200 1023
186.103.159.204 - - [28/Mar/2017:16:21:44 -0300] "GET /cormun/static/menuarrow.gif HTTP/1.1" 404 1015
186.79.27.240 - - [28/Mar/2017:16:21:44 -0300] "GET /cormun/servlet/trsolicitudadjuntos?2017,5785, HTTP/1.1" 200 8656
186.79.27.240 - - [28/Mar/2017:16:21:46 -0300] "GET /cormun/servlet/trsolicitudadjuntos?2017,5785, HTTP/1.1" 200 8651
131.253.27.144 - - [28/Mar/2017:16:21:50 -0300] "GET /cormun/static/Resources/PXToolsHeaderSecurity.png HTTP/1.1" 200 4166
131.253.27.144 - - [28/Mar/2017:16:21:51 -0300] "GET /cormun/static/Resources/PXToolsHeaderActionsRight.png HTTP/1.1" 200 1201
131.253.27.144 - - [28/Mar/2017:16:21:51 -0300] "GET /cormun/static/Resources/PXTools/calendar.png HTTP/1.1" 200 1306
186.79.27.240 - - [28/Mar/2017:16:21:51 -0300] "GET /cormun/servlet/solicitudotadjuntos?INS,2017,5785,,1, HTTP/1.1" 200 5792
186.79.27.240 - - [28/Mar/2017:16:21:52 -0300] "GET /cormun/static/about:blank HTTP/1.1" 404 1011
186.79.27.240 - - [28/Mar/2017:16:21:52 -0300] "GET /cormun/servlet/solicitudotadjuntos?INS,2017,5785,,1, HTTP/1.1" 200 5786
131.253.27.144 - - [28/Mar/2017:16:21:52 -0300] "GET /cormun/static/solicitudot.js?2017119104297 HTTP/1.1" 200 63948
186.79.27.240 - - [28/Mar/2017:16:21:53 -0300] "GET /cormun/servlet/solicitudotadjuntos?84fc84d729ea12577a6e3828b69c76d48938d9a2fd382550f000f69de6d4852d2f19e56497ec36b08156b73baa469f94,gx-no-cache=1490728981031 HTTP/1.1" 200 30
186.79.27.240 - - [28/Mar/2017:16:21:53 -0300] "POST /cormun/servlet/solicitudotadjuntos?3106d902cc7bef799a8adb97ba96e8af,INS,2017,5785,,1,,gx-no-cache=1490728981160 HTTP/1.1" 200 3640
131.253.27.144 - - [28/Mar/2017:16:21:56 -0300] "GET /cormun/static/Resources/PXToolsLoginTop.png HTTP/1.1" 200 1337
186.79.27.240 - - [28/Mar/2017:16:21:58 -0300] "POST /cormun/servlet/solicitudotadjuntos?gx-no-cache=1490728986265 HTTP/1.1" 200 26
186.79.27.240 - - [28/Mar/2017:16:22:16 -0300] "GET /cormun/servlet/solicitudotadjuntos?84fc84d729ea12577a6e3828b69c76d414cf98c00b517b37ec741f324ffda6b3,gx-no-cache=1490729003993 HTTP/1.1" 200 30
186.79.27.240 - - [28/Mar/2017:16:22:16 -0300] "GET /cormun/servlet/solicitudotadjuntos?84fc84d729ea12577a6e3828b69c76d414cf98c00b517b37ec741f324ffda6b3,gx-no-cache=1490729004156 HTTP/1.1" 200 30
186.103.159.187 - - [28/Mar/2017:16:22:29 -0300] "GET /cormun/servlet/solicitudot?75f5ea9f2d1db203f2dffba1cbac3be0639f337932d543de437d862adb4c980d8a477549ff9642c4cc1b5abf31ec6d4a8e18eff3bd3c3c530209df29981145b0464d5c68a8f0a41e80dd5b98b06ef4a06d06528e41186d5f8e676977111652392e78f3cd3aa2b80d7582453cc01b26837a9799a7179e6564895022b56aec07315484608897a0ead1ac3ef582f469dd3843e4d0a98aa75af4b188976feaa72c1b,gx-no-cache=1490732613630 HTTP/1.1" 200 29
186.103.159.187 - - [28/Mar/2017:16:22:29 -0300] "POST /cormun/servlet/solicitudot?gx-no-cache=1490732614121 HTTP/1.1" 200 1274
186.103.159.187 - - [28/Mar/2017:16:22:30 -0300] "POST /cormun/servlet/solicitudot?gx-no-cache=1490732614924 HTTP/1.1" 200 1157
192.168.10.13 - - [28/Mar/2017:16:22:38 -0300] "GET / HTTP/1.1" 200 11217
186.79.27.240 - - [28/Mar/2017:16:22:38 -0300] "POST /cormun/servlet/solicitudotadjuntos?3106d902cc7bef799a8adb97ba96e8af,INS,2017,5785,,1, HTTP/1.1" 200 116
186.79.27.240 - - [28/Mar/2017:16:22:39 -0300] "GET /cormun/servlet/hpexe_return? HTTP/1.1" 200 1023
186.79.27.240 - - [28/Mar/2017:16:22:43 -0300] "GET /cormun/servlet/trsolicitudadjuntos?2017,5785, HTTP/1.1" 200 8896
186.79.27.240 - - [28/Mar/2017:16:22:45 -0300] "GET /cormun/servlet/trsolicitudadjuntos?2017,5785, HTTP/1.1" 200 8896
186.79.27.240 - - [28/Mar/2017:16:23:00 -0300] "GET /cormun/servlet/hlogin HTTP/1.1" 200 1722
186.79.27.240 - - [28/Mar/2017:16:23:03 -0300] "POST /cormun/servlet/hlogin?1b25bf30949d3b373521b477c9fce9b7,gx-no-cache=1490729051114 HTTP/1.1" 200 90
186.79.27.240 - - [28/Mar/2017:16:23:03 -0300] "GET /cormun/servlet/hpexe_link HTTP/1.1" 200 952
186.79.27.240 - - [28/Mar/2017:16:23:03 -0300] "GET /cormun/servlet/hhome HTTP/1.1" 200 3756
186.79.27.240 - - [28/Mar/2017:16:23:04 -0300] "GET /cormun/servlet/hhome HTTP/1.1" 200 3753
186.79.27.240 - - [28/Mar/2017:16:23:10 -0300] "GET /cormun/servlet/trsolicitudot? HTTP/1.1" 200 8810
186.79.27.240 - - [28/Mar/2017:16:23:11 -0300] "GET /cormun/servlet/trsolicitudot? HTTP/1.1" 200 8807
186.103.159.187 - - [28/Mar/2017:16:23:15 -0300] "POST /cormun/servlet/solicitudot?gx-no-cache=1490732660261 HTTP/1.1" 200 1274
186.103.159.187 - - [28/Mar/2017:16:23:15 -0300] "POST /cormun/servlet/solicitudot?gx-no-cache=1490732660517 HTTP/1.1" 200 1157
186.79.27.240 - - [28/Mar/2017:16:23:16 -0300] "POST /cormun/servlet/trsolicitudot?1b25bf30949d3b373521b477c9fce9b7,,gx-no-cache=1490729063994 HTTP/1.1" 200 106
186.79.27.240 - - [28/Mar/2017:16:23:17 -0300] "GET /cormun/servlet/trsolicitudadjuntos?2017,5785, HTTP/1.1" 200 8896
186.79.27.240 - - [28/Mar/2017:16:23:19 -0300] "GET /cormun/servlet/trsolicitudadjuntos?2017,5785, HTTP/1.1" 200 8897
186.103.159.187 - - [28/Mar/2017:16:23:23 -0300] "GET /cormun/servlet/solicitudot?75f5ea9f2d1db203f2dffba1cbac3be04b19c44e0b478ab5a6db1f4949a5f981df21b01e543c8a4c3a64dbf5f62738d4556cee5233358138d3b6c318fdc3d445cd207e4dbbdcacd92e7a7d9ed9f370b1cfaab5be64d6d6c652914b1a345d280339cd8b183d65f72c1d6376dcca0c47d7a9d5f62e4e908dcfd1778693fccd62df43e58b198ca38a7f58ba7cf9a563621c6d17dc2edab6809d357095901070e11c290520808f1353378f124245ce0c47f1798749b330312987a22f64cff93360bc,gx-no-cache=1490732667561 HTTP/1.1" 200 30
192.168.10.13 - - [28/Mar/2017:16:23:38 -0300] "GET / HTTP/1.1" 200 11217
186.103.159.204 - - [28/Mar/2017:16:23:41 -0300] "GET /cormun/servlet/licenciaspermisos?e43b066f8028973147750542edf502223c52d512422cadee73af919c4c2f3b5f0078e9e3eaad14ba0e55c5d9860b8ca9d4dca84780eec76f84bbdcbbceb63fc5b5257b3a23cc76023e977f6b20f18055f3cf526940cdb4c22a7569fb443c5793e5950cad3f151b5d4a282a192282e7fc5b5ab238d2fcba999d3306929cf267bbad20359d34c87c4c593d72b072a532d899eced0811d7ff819cf75653c1a6a60d3806986957f4b3cd38e9b69eed2b529158e662f2ec23c44b5a275f8b61db1c31049550f81dc521ea38379ddd947b3a276702e3e9573ce7f019bb035d12f71cc5,gx-no-cache=1490729087232 HTTP/1.1" 200 30
186.103.159.204 - - [28/Mar/2017:16:23:42 -0300] "POST /cormun/servlet/licenciaspermisos?f3d7b40435e9999ef68fa017019b797e,INS,0,,,,gx-no-cache=1490729087460 HTTP/1.1" 200 4695
186.79.27.240 - - [28/Mar/2017:16:23:46 -0300] "GET /cormun/servlet/hlogin HTTP/1.1" 200 1723
186.79.27.240 - - [28/Mar/2017:16:23:48 -0300] "POST /cormun/servlet/hlogin?4ad205202f3502505a3a25ffad59c5fe,gx-no-cache=1490729096870 HTTP/1.1" 200 90
186.79.27.240 - - [28/Mar/2017:16:23:49 -0300] "GET /cormun/servlet/hpexe_link HTTP/1.1" 200 953
