192.168.10.96 - - [28/Mar/2017:13:28:07 -0300] "GET /cormun/servlet/vesolicitudnombre?2017,5273,,SolicitudOTAdjuntos HTTP/1.1" 200 10278
192.168.10.96 - - [28/Mar/2017:13:28:08 -0300] "GET /cormun/servlet/vesolicitudnombre?2017,5273,,SolicitudOTAdjuntos HTTP/1.1" 200 10276
192.168.10.96 - - [28/Mar/2017:13:28:09 -0300] "POST /cormun/servlet/acontrolpreferencessavestate?None,DZAMUDIO,true HTTP/1.1" 200 35
192.168.10.96 - - [28/Mar/2017:13:28:09 -0300] "GET /cormun/servlet/trsolicitudgral? HTTP/1.1" 200 13254
192.168.10.96 - - [28/Mar/2017:13:28:10 -0300] "GET /cormun/servlet/trsolicitudgral? HTTP/1.1" 200 13237
192.168.10.89 - - [28/Mar/2017:13:28:12 -0300] "GET /cormun/servlet/hlogin HTTP/1.1" 200 1761
186.103.159.182 - - [28/Mar/2017:13:28:14 -0300] "GET /cormun/servlet/trpermisosgoce? HTTP/1.1" 200 8072
186.103.159.182 - - [28/Mar/2017:13:28:16 -0300] "GET /cormun/servlet/trpermisosgoce? HTTP/1.1" 200 8071
192.168.10.96 - - [28/Mar/2017:13:28:17 -0300] "POST /cormun/servlet/trsolicitudgral?075044d6619b56bb19e87ec7614481f6,,gx-no-cache=1490721776066 HTTP/1.1" 200 15287
192.168.10.89 - - [28/Mar/2017:13:28:20 -0300] "POST /cormun/servlet/hlogin?49bb2be69509c16b8b1539ed1db6a97e,gx-no-cache=1490721778679 HTTP/1.1" 200 90
192.168.10.89 - - [28/Mar/2017:13:28:20 -0300] "GET /cormun/servlet/hpexe_link HTTP/1.1" 200 985
192.168.10.89 - - [28/Mar/2017:13:28:21 -0300] "GET /cormun/servlet/vesolicitudnombre?2017,5273,,SolicitudOTAdjuntos HTTP/1.1" 200 10379
192.168.10.89 - - [28/Mar/2017:13:28:21 -0300] "GET /cormun/pexe_scrolldiv.js HTTP/1.1" 404 1009
192.168.10.89 - - [28/Mar/2017:13:28:23 -0300] "POST /cormun/servlet/acontrolpreferencessavestate?None,CDROGUETT,true HTTP/1.1" 200 35
192.168.10.89 - - [28/Mar/2017:13:28:25 -0300] "GET /cormun/servlet/trsolicitudgral? HTTP/1.1" 200 21204
192.168.10.89 - - [28/Mar/2017:13:28:32 -0300] "GET /cormun/static/menuarrow.gif HTTP/1.1" 404 1015
192.168.10.96 - - [28/Mar/2017:13:28:37 -0300] "POST /cormun/servlet/trsolicitudgral?075044d6619b56bb19e87ec7614481f6,,gx-no-cache=1490721795718 HTTP/1.1" 200 5424
192.168.10.13 - - [28/Mar/2017:13:28:38 -0300] "GET / HTTP/1.1" 200 11217
192.168.10.89 - - [28/Mar/2017:13:28:39 -0300] "POST /cormun/servlet/trsolicitudgral?49bb2be69509c16b8b1539ed1db6a97e,,gx-no-cache=1490721797969 HTTP/1.1" 200 7163
192.168.10.96 - - [28/Mar/2017:13:28:41 -0300] "POST /cormun/servlet/trsolicitudgral?075044d6619b56bb19e87ec7614481f6,,gx-no-cache=1490721799981 HTTP/1.1" 200 5428
186.103.159.182 - - [28/Mar/2017:13:28:43 -0300] "POST /cormun/servlet/trpermisosgoce?7dbc08ed156401c7ca92ccfebad92dce,,gx-no-cache=1490718589354 HTTP/1.1" 200 5311
192.168.10.89 - - [28/Mar/2017:13:28:45 -0300] "POST /cormun/servlet/trsolicitudgral?49bb2be69509c16b8b1539ed1db6a97e,,gx-no-cache=1490721803701 HTTP/1.1" 200 5432
192.168.10.96 - - [28/Mar/2017:13:28:45 -0300] "POST /cormun/servlet/trsolicitudgral?075044d6619b56bb19e87ec7614481f6,,gx-no-cache=1490721803188 HTTP/1.1" 200 21567
186.79.23.161 - - [28/Mar/2017:13:28:45 -0300] "POST /cormun/servlet/trvisualizadoreventos?6f62e347b18371a0710ef97819912472,,gx-no-cache=1490718592137 HTTP/1.1" 200 4127
186.103.159.182 - - [28/Mar/2017:13:28:46 -0300] "POST /cormun/servlet/trpermisosgoce?7dbc08ed156401c7ca92ccfebad92dce,,gx-no-cache=1490718592808 HTTP/1.1" 200 5310
186.103.159.182 - - [28/Mar/2017:13:28:48 -0300] "POST /cormun/servlet/trpermisosgoce?7dbc08ed156401c7ca92ccfebad92dce,,gx-no-cache=1490718595239 HTTP/1.1" 200 5311
186.103.159.182 - - [28/Mar/2017:13:28:55 -0300] "GET /cormun/servlet/trpermisosadjuntos?15730716,20170316183712,P, HTTP/1.1" 200 6802
186.103.159.182 - - [28/Mar/2017:13:28:56 -0300] "GET /cormun/static/gxcfg.js?201731711542659 HTTP/1.1" 304 -
186.103.159.182 - - [28/Mar/2017:13:28:56 -0300] "GET /cormun/static/trpermisosadjuntos.js?201731711542990 HTTP/1.1" 304 -
186.103.159.182 - - [28/Mar/2017:13:28:57 -0300] "GET /cormun/servlet/trpermisosadjuntos?15730716,20170316183712,P, HTTP/1.1" 200 6802
186.79.23.161 - - [28/Mar/2017:13:28:58 -0300] "POST /cormun/servlet/trvisualizadoreventos?6f62e347b18371a0710ef97819912472,,gx-no-cache=1490718604879 HTTP/1.1" 200 111
186.79.23.161 - - [28/Mar/2017:13:28:58 -0300] "GET /cormun/VisualizadorEventos-5260.xls HTTP/1.1" 200 4608
186.103.159.182 - - [28/Mar/2017:13:29:00 -0300] "GET /cormun/PublicTempStorage/bolbaran7943537.pdf HTTP/1.1" 200 285832
192.168.10.96 - - [28/Mar/2017:13:29:01 -0300] "POST /cormun/servlet/trsolicitudgral?075044d6619b56bb19e87ec7614481f6,,gx-no-cache=1490721819547 HTTP/1.1" 200 5423
192.168.10.96 - - [28/Mar/2017:13:29:06 -0300] "POST /cormun/servlet/trsolicitudgral?075044d6619b56bb19e87ec7614481f6,,gx-no-cache=1490721825012 HTTP/1.1" 200 5423
192.168.10.96 - - [28/Mar/2017:13:29:10 -0300] "POST /cormun/servlet/trsolicitudgral?075044d6619b56bb19e87ec7614481f6,,gx-no-cache=1490721828731 HTTP/1.1" 200 5426
186.103.159.182 - - [28/Mar/2017:13:29:14 -0300] "GET /cormun/servlet/trpermisosadjuntos?15730716,20170316183712,P, HTTP/1.1" 200 6802
192.168.10.96 - - [28/Mar/2017:13:29:14 -0300] "POST /cormun/servlet/trsolicitudgral?075044d6619b56bb19e87ec7614481f6,,gx-no-cache=1490721832991 HTTP/1.1" 200 5425
186.103.159.182 - - [28/Mar/2017:13:29:15 -0300] "GET /cormun/servlet/trpermisosadjuntos?15730716,20170316183712,P, HTTP/1.1" 200 6802
192.168.10.96 - - [28/Mar/2017:13:29:17 -0300] "POST /cormun/servlet/trsolicitudgral?075044d6619b56bb19e87ec7614481f6,,gx-no-cache=1490721835979 HTTP/1.1" 200 5427
186.103.159.182 - - [28/Mar/2017:13:29:19 -0300] "GET /cormun/servlet/trlicencias? HTTP/1.1" 200 6924
186.103.159.182 - - [28/Mar/2017:13:29:19 -0300] "GET /cormun/static/gxcfg.js?2016122619301429 HTTP/1.1" 304 -
186.103.159.182 - - [28/Mar/2017:13:29:19 -0300] "GET /cormun/static/trlicencias.js?2016122619301919 HTTP/1.1" 304 -
186.103.159.182 - - [28/Mar/2017:13:29:21 -0300] "GET /cormun/servlet/trlicencias? HTTP/1.1" 200 6898
192.168.10.96 - - [28/Mar/2017:13:29:21 -0300] "POST /cormun/servlet/trsolicitudgral?075044d6619b56bb19e87ec7614481f6,,gx-no-cache=1490721839634 HTTP/1.1" 200 21568
186.79.23.161 - - [28/Mar/2017:13:29:21 -0300] "POST /cormun/servlet/trvisualizadoreventos?6f62e347b18371a0710ef97819912472,,gx-no-cache=1490718627993 HTTP/1.1" 200 4127
192.168.10.89 - - [28/Mar/2017:13:29:23 -0300] "POST /cormun/servlet/trsolicitudgral?49bb2be69509c16b8b1539ed1db6a97e,,gx-no-cache=1490721842018 HTTP/1.1" 200 7163
186.103.159.182 - - [28/Mar/2017:13:29:30 -0300] "GET /cormun/servlet/licenciaspermisos?INS,0,,, HTTP/1.1" 200 7430
192.168.10.89 - - [28/Mar/2017:13:29:30 -0300] "POST /cormun/servlet/trsolicitudgral?49bb2be69509c16b8b1539ed1db6a97e,,gx-no-cache=1490721849160 HTTP/1.1" 200 7120
186.103.159.182 - - [28/Mar/2017:13:29:30 -0300] "GET /cormun/static/gxcfg.js?201731711384427 HTTP/1.1" 200 953
186.103.159.182 - - [28/Mar/2017:13:29:30 -0300] "GET /cormun/static/licenciaspermisos.js?201731711384498 HTTP/1.1" 304 -
186.103.159.182 - - [28/Mar/2017:13:29:31 -0300] "GET /cormun/servlet/licenciaspermisos?INS,0,,, HTTP/1.1" 200 7428
186.79.23.161 - - [28/Mar/2017:13:29:32 -0300] "GET /cormun/servlet/trsolicitudot? HTTP/1.1" 200 6682
186.79.23.161 - - [28/Mar/2017:13:29:32 -0300] "GET /cormun/static/gxcfg.js?201731711505139 HTTP/1.1" 304 -
186.79.23.161 - - [28/Mar/2017:13:29:32 -0300] "GET /cormun/static/trsolicitudot.js?20173171151116 HTTP/1.1" 304 -
186.79.23.161 - - [28/Mar/2017:13:29:34 -0300] "GET /cormun/servlet/trsolicitudot? HTTP/1.1" 200 6681
192.168.10.89 - - [28/Mar/2017:13:29:35 -0300] "POST /cormun/servlet/trsolicitudgral?49bb2be69509c16b8b1539ed1db6a97e,,gx-no-cache=1490721854207 HTTP/1.1" 200 5430
192.168.10.13 - - [28/Mar/2017:13:29:38 -0300] "GET / HTTP/1.1" 200 11217
192.168.10.89 - - [28/Mar/2017:13:30:26 -0300] "POST /cormun/servlet/trsolicitudgral?49bb2be69509c16b8b1539ed1db6a97e,,gx-no-cache=1490721905239 HTTP/1.1" 200 7164
186.79.235.120 - - [28/Mar/2017:13:30:37 -0300] "GET /cormun/servlet/hlogin HTTP/1.1" 200 1720
186.79.235.120 - - [28/Mar/2017:13:30:37 -0300] "GET /cormun/static/Resources/Spanish/PXTools.css?11294912 HTTP/1.1" 304 -
186.79.235.120 - - [28/Mar/2017:13:30:37 -0300] "GET /cormun/static/gxcfg.js?201731711485472 HTTP/1.1" 200 953
186.79.235.120 - - [28/Mar/2017:13:30:37 -0300] "GET /cormun/static/hlogin.js?201731711485490 HTTP/1.1" 304 -
186.79.235.120 - - [28/Mar/2017:13:30:37 -0300] "GET /cormun/static/messages.spa.js?85251 HTTP/1.1" 304 -
186.79.235.120 - - [28/Mar/2017:13:30:37 -0300] "GET /cormun/servlet/hlogin HTTP/1.1" 200 1730
192.168.10.13 - - [28/Mar/2017:13:30:38 -0300] "GET / HTTP/1.1" 200 11217
186.79.235.120 - - [28/Mar/2017:13:30:39 -0300] "POST /cormun/servlet/hlogin?adcbec80fae883687fb1e47bc5167a98,gx-no-cache=1490718706614 HTTP/1.1" 200 90
186.79.235.120 - - [28/Mar/2017:13:30:39 -0300] "GET /cormun/servlet/hpexe_link HTTP/1.1" 200 949
186.79.235.120 - - [28/Mar/2017:13:30:39 -0300] "GET /cormun/static/gxcfg.js?201731711483381 HTTP/1.1" 200 953
186.79.235.120 - - [28/Mar/2017:13:30:39 -0300] "GET /cormun/static/hpexe_link.js?201731711483384 HTTP/1.1" 200 625
186.79.235.120 - - [28/Mar/2017:13:30:40 -0300] "GET /cormun/servlet/hhome HTTP/1.1" 200 3990
186.79.235.120 - - [28/Mar/2017:13:30:40 -0300] "GET /cormun/static/gxcfg.js?201731711483497 HTTP/1.1" 200 953
186.79.235.120 - - [28/Mar/2017:13:30:40 -0300] "GET /cormun/static/hhome.js?20173171148352 HTTP/1.1" 200 777
186.79.235.120 - - [28/Mar/2017:13:30:40 -0300] "GET /cormun/static/hwchdr01.js?201731711335950 HTTP/1.1" 304 -
186.79.235.120 - - [28/Mar/2017:13:30:40 -0300] "GET /cormun/static/hpexe_recentlink.js?201610171694390 HTTP/1.1" 304 -
186.79.235.120 - - [28/Mar/2017:13:30:40 -0300] "GET /cormun/static/hpexe_scripts.js?201731711335890 HTTP/1.1" 304 -
186.79.235.120 - - [28/Mar/2017:13:30:40 -0300] "GET /cormun/static/hpexe_messagecontroller.js?201610171694323 HTTP/1.1" 304 -
186.79.235.120 - - [28/Mar/2017:13:30:40 -0300] "GET /cormun/static/hpexe_messagegenexuscomponent.js?201731711335537 HTTP/1.1" 200 587
186.79.235.120 - - [28/Mar/2017:13:30:40 -0300] "GET /cormun/static/hpexe_messagepopupcomponent.js?20161017169425 HTTP/1.1" 304 -
186.79.235.120 - - [28/Mar/2017:13:30:40 -0300] "GET /cormun/static/cmcontrolpreferences.js?201731711335852 HTTP/1.1" 304 -
186.79.235.120 - - [28/Mar/2017:13:30:40 -0300] "GET /cormun/static/hmpwkw03.js?201731711485354 HTTP/1.1" 304 -
186.79.235.120 - - [28/Mar/2017:13:30:40 -0300] "GET /cormun/servlet/hhome HTTP/1.1" 200 3986
186.103.159.44 - - [28/Mar/2017:13:31:04 -0300] "GET /cormun/servlet/hlogin HTTP/1.1" 200 1719
186.79.235.120 - - [28/Mar/2017:13:31:06 -0300] "GET /cormun/servlet/trautorizarsolicitud? HTTP/1.1" 200 8959
186.79.235.120 - - [28/Mar/2017:13:31:06 -0300] "GET /cormun/static/Resources/Spanish/PXTools.css?18365030 HTTP/1.1" 304 -
186.79.235.120 - - [28/Mar/2017:13:31:06 -0300] "GET /cormun/static/gxcfg.js?2017259112829 HTTP/1.1" 304 -
186.79.235.120 - - [28/Mar/2017:13:31:06 -0300] "GET /cormun/static/trautorizarsolicitud.js?2017259113483 HTTP/1.1" 304 -
186.79.235.120 - - [28/Mar/2017:13:31:07 -0300] "GET /cormun/servlet/trautorizarsolicitud? HTTP/1.1" 200 8958
186.79.235.120 - - [28/Mar/2017:13:31:11 -0300] "POST /cormun/servlet/trautorizarsolicitud?adcbec80fae883687fb1e47bc5167a98,,gx-no-cache=1490718737849 HTTP/1.1" 200 5796
186.79.235.120 - - [28/Mar/2017:13:31:11 -0300] "GET /cormun/static/Shared/jqueryui/images/ui-bg_highlight-soft_100_c6c2c8_1x100.png HTTP/1.1" 404 1117
186.79.235.120 - - [28/Mar/2017:13:31:11 -0300] "GET /cormun/static/Shared/jqueryui/images/ui-icons_82798d_256x240.png HTTP/1.1" 404 1089
186.79.235.120 - - [28/Mar/2017:13:31:11 -0300] "GET /cormun/static/Shared/jqueryui/images/ui-bg_flat_55_fafafa_40x100.png HTTP/1.1" 404 1097
186.79.235.120 - - [28/Mar/2017:13:31:11 -0300] "GET /cormun/static/Shared/jqueryui/images/ui-icons_8d78a5_256x240.png HTTP/1.1" 404 1089
186.79.235.120 - - [28/Mar/2017:13:31:11 -0300] "POST /cormun/servlet/trautorizarsolicitud?adcbec80fae883687fb1e47bc5167a98,,gx-no-cache=1490718738472 HTTP/1.1" 200 5741
186.79.235.120 - - [28/Mar/2017:13:31:13 -0300] "POST /cormun/servlet/trautorizarsolicitud?adcbec80fae883687fb1e47bc5167a98,,gx-no-cache=1490718740414 HTTP/1.1" 200 5411
186.79.235.120 - - [28/Mar/2017:13:31:14 -0300] "POST /cormun/servlet/trautorizarsolicitud?adcbec80fae883687fb1e47bc5167a98,,gx-no-cache=1490718740924 HTTP/1.1" 200 5356
186.79.235.120 - - [28/Mar/2017:13:31:16 -0300] "POST /cormun/servlet/trautorizarsolicitud?adcbec80fae883687fb1e47bc5167a98,,gx-no-cache=1490718742917 HTTP/1.1" 200 4315
186.79.235.120 - - [28/Mar/2017:13:31:16 -0300] "POST /cormun/servlet/trautorizarsolicitud?adcbec80fae883687fb1e47bc5167a98,,gx-no-cache=1490718743467 HTTP/1.1" 200 4106
192.168.10.13 - - [28/Mar/2017:13:31:38 -0300] "GET / HTTP/1.1" 200 11217
207.46.13.36 - - [28/Mar/2017:13:31:55 -0300] "GET /cormun/servlet/solicitudot?INS,0,0, HTTP/1.1" 200 11967
207.46.13.36 - - [28/Mar/2017:13:32:00 -0300] "GET /cormun/servlet/solicitudot?INS,0,0, HTTP/1.1" 200 11971
192.168.10.13 - - [28/Mar/2017:13:32:38 -0300] "GET / HTTP/1.1" 200 11217
192.168.10.13 - - [28/Mar/2017:13:33:38 -0300] "GET / HTTP/1.1" 200 11217
186.103.159.44 - - [28/Mar/2017:13:34:18 -0300] "POST /cormun/servlet/hlogin?dba9c61c8792cb38f41cc7ae45d2b05e,gx-no-cache=1490718923413 HTTP/1.1" 200 90
186.103.159.44 - - [28/Mar/2017:13:34:18 -0300] "GET /cormun/servlet/hpexe_link HTTP/1.1" 200 949
186.103.159.44 - - [28/Mar/2017:13:34:18 -0300] "GET /cormun/servlet/hhome HTTP/1.1" 200 3766
192.168.10.96 - - [28/Mar/2017:13:34:22 -0300] "GET /cormun/servlet/trconsultaempleado? HTTP/1.1" 200 6591
186.103.159.44 - - [28/Mar/2017:13:34:22 -0300] "GET /cormun/servlet/trpermisosgoce? HTTP/1.1" 200 6521
192.168.10.96 - - [28/Mar/2017:13:34:22 -0300] "GET /cormun/servlet/trconsultaempleado? HTTP/1.1" 200 6591
186.103.159.44 - - [28/Mar/2017:13:34:26 -0300] "GET /cormun/servlet/permisogoce?INS,0,,, HTTP/1.1" 200 6526
192.168.10.96 - - [28/Mar/2017:13:34:30 -0300] "POST /cormun/servlet/trconsultaempleado?075044d6619b56bb19e87ec7614481f6,,gx-no-cache=1490722148729 HTTP/1.1" 200 4325
192.168.10.96 - - [28/Mar/2017:13:34:32 -0300] "GET /cormun/servlet/trsolicitudnombre?18446514, HTTP/1.1" 200 7256
192.168.10.96 - - [28/Mar/2017:13:34:32 -0300] "GET /cormun/servlet/trsolicitudnombre?18446514, HTTP/1.1" 200 7256
192.168.10.96 - - [28/Mar/2017:13:34:34 -0300] "GET /cormun/servlet/vesolicitudnombre?2017,5439,, HTTP/1.1" 200 8445
192.168.10.96 - - [28/Mar/2017:13:34:34 -0300] "GET /cormun/pexe_scrolldiv.js HTTP/1.1" 404 1009
192.168.10.96 - - [28/Mar/2017:13:34:34 -0300] "GET /cormun/pexe_scrolldiv.js HTTP/1.1" 404 1009
192.168.10.96 - - [28/Mar/2017:13:34:35 -0300] "GET /cormun/servlet/vesolicitudnombre?2017,5439,, HTTP/1.1" 200 8438
186.103.159.44 - - [28/Mar/2017:13:34:37 -0300] "GET /cormun/servlet/permisogoce?7131c7206e714eb84ed3086c5a0a15cac6ec0d44b81177c667fd8bc16c1939cf8effcf81a1a468cb80d05bdb092d006e,gx-no-cache=1490718941786 HTTP/1.1" 200 71
192.168.10.13 - - [28/Mar/2017:13:34:38 -0300] "GET / HTTP/1.1" 200 11217
186.103.159.44 - - [28/Mar/2017:13:34:40 -0300] "GET /cormun/static/menuarrow.gif HTTP/1.1" 404 1015
192.168.10.96 - - [28/Mar/2017:13:34:41 -0300] "GET /cormun/servlet/vesolicitudnombre?2017,5439,,SolicitudOTAdjuntos HTTP/1.1" 200 10274
192.168.10.96 - - [28/Mar/2017:13:34:41 -0300] "GET /cormun/pexe_scrolldiv.js HTTP/1.1" 404 1009
192.168.10.96 - - [28/Mar/2017:13:34:41 -0300] "GET /cormun/pexe_scrolldiv.js HTTP/1.1" 404 1009
192.168.10.96 - - [28/Mar/2017:13:34:41 -0300] "GET /cormun/servlet/vesolicitudnombre?2017,5439,,SolicitudOTAdjuntos HTTP/1.1" 200 10274
192.168.10.96 - - [28/Mar/2017:13:34:42 -0300] "POST /cormun/servlet/acontrolpreferencessavestate?None,DZAMUDIO,true HTTP/1.1" 200 35
192.168.10.96 - - [28/Mar/2017:13:34:42 -0300] "GET /cormun/PublicTempStorage/cadula_de_identidad2993269.pdf HTTP/1.1" 200 431575
157.55.39.32 - - [28/Mar/2017:13:34:45 -0300] "GET /cormun/servlet/hlogin HTTP/1.1" 200 1705
157.55.39.32 - - [28/Mar/2017:13:34:46 -0300] "GET /cormun/static/PXToolsJavascripts/pexe_griddivfix.js HTTP/1.1" 200 6644
186.103.159.44 - - [28/Mar/2017:13:34:46 -0300] "GET /cormun/servlet/permisogoce?7131c7206e714eb84ed3086c5a0a15cae8d8005f74bef098681f5551dac262095f07ae55ac834b7233b5ebd0a9bcbce3699ee98c5f29d9734608b82d8b7c281d,gx-no-cache=1490718951572 HTTP/1.1" 200 47
192.168.10.96 - - [28/Mar/2017:13:34:47 -0300] "GET /cormun/servlet/vesolicitudnombre?2017,5439,,SolicitudOTAdjuntos HTTP/1.1" 200 10273
192.168.10.96 - - [28/Mar/2017:13:34:48 -0300] "GET /cormun/servlet/vesolicitudnombre?2017,5439,,SolicitudOTAdjuntos HTTP/1.1" 200 10274
157.55.39.32 - - [28/Mar/2017:13:34:48 -0300] "GET /cormun/static/PXToolsJavascripts/pexe_scrolldiv.js HTTP/1.1" 200 4138
192.168.10.96 - - [28/Mar/2017:13:34:49 -0300] "POST /cormun/servlet/acontrolpreferencessavestate?None,DZAMUDIO,true HTTP/1.1" 200 35
192.168.10.96 - - [28/Mar/2017:13:34:49 -0300] "GET /cormun/PublicTempStorage/certificado_titulo1353414.pdf HTTP/1.1" 200 760292
186.103.159.44 - - [28/Mar/2017:13:34:51 -0300] "POST /cormun/servlet/permisogoce?dba9c61c8792cb38f41cc7ae45d2b05e,INS,0,,,,gx-no-cache=1490718956181 HTTP/1.1" 200 93
186.103.159.44 - - [28/Mar/2017:13:34:51 -0300] "GET /cormun/servlet/hpexe_return? HTTP/1.1" 200 1006
186.103.159.44 - - [28/Mar/2017:13:34:52 -0300] "GET /cormun/static/gxcfg.js?2016101716175148 HTTP/1.1" 304 -
186.103.159.44 - - [28/Mar/2017:13:34:52 -0300] "GET /cormun/static/Resources/Spanish/PXTools.css?167811 HTTP/1.1" 200 89042
186.103.159.44 - - [28/Mar/2017:13:34:52 -0300] "GET /cormun/static/hpexe_return.js?2016101716175153 HTTP/1.1" 304 -
186.103.159.44 - - [28/Mar/2017:13:34:52 -0300] "GET /cormun/servlet/trpermisosgoce HTTP/1.1" 200 7353
192.168.10.96 - - [28/Mar/2017:13:34:54 -0300] "GET /cormun/servlet/vesolicitudnombre?2017,5439,,SolicitudOTAdjuntos HTTP/1.1" 200 10272
192.168.10.96 - - [28/Mar/2017:13:34:55 -0300] "GET /cormun/servlet/vesolicitudnombre?2017,5439,,SolicitudOTAdjuntos HTTP/1.1" 200 10275
192.168.10.96 - - [28/Mar/2017:13:34:55 -0300] "POST /cormun/servlet/acontrolpreferencessavestate?None,DZAMUDIO,true HTTP/1.1" 200 35
192.168.10.96 - - [28/Mar/2017:13:34:56 -0300] "GET /cormun/PublicTempStorage/certificado_cotizacion_afp2123399.pdf HTTP/1.1" 200 775954
192.168.10.96 - - [28/Mar/2017:13:35:00 -0300] "GET /cormun/servlet/vesolicitudnombre?2017,5439,,SolicitudOTAdjuntos HTTP/1.1" 200 10273
186.103.159.44 - - [28/Mar/2017:13:35:00 -0300] "GET /cormun/servlet/apermisogoceprn?14332427,P,20170328142930,PU HTTP/1.1" 200 1647
192.168.10.96 - - [28/Mar/2017:13:35:01 -0300] "GET /cormun/servlet/vesolicitudnombre?2017,5439,,SolicitudOTAdjuntos HTTP/1.1" 200 10273
192.168.10.96 - - [28/Mar/2017:13:35:01 -0300] "POST /cormun/servlet/acontrolpreferencessavestate?None,DZAMUDIO,true HTTP/1.1" 200 35
192.168.10.96 - - [28/Mar/2017:13:35:02 -0300] "GET /cormun/PublicTempStorage/certificado_salud8825736.pdf HTTP/1.1" 200 308097
157.55.39.32 - - [28/Mar/2017:13:35:05 -0300] "GET /cormun/static/SmoothNavMenu/resources/ddsmoothmenu.css?1012540 HTTP/1.1" 200 2223
157.55.39.32 - - [28/Mar/2017:13:35:05 -0300] "GET /cormun/servlet/hlogin HTTP/1.1" 200 1713
157.55.39.32 - - [28/Mar/2017:13:35:05 -0300] "GET /cormun/static/PXToolsJavascripts/pexe_griddivfix.js HTTP/1.1" 200 6644
157.55.39.32 - - [28/Mar/2017:13:35:06 -0300] "GET /cormun/static/PXToolsJavascripts/pexe_scrolldiv.js HTTP/1.1" 200 4138
192.168.10.96 - - [28/Mar/2017:13:35:10 -0300] "GET /cormun/servlet/vesolicitudnombre?2017,5439,,SolicitudOTAdjuntos HTTP/1.1" 200 10273
192.168.10.96 - - [28/Mar/2017:13:35:11 -0300] "GET /cormun/servlet/vesolicitudnombre?2017,5439,,SolicitudOTAdjuntos HTTP/1.1" 200 10273
192.168.10.96 - - [28/Mar/2017:13:35:12 -0300] "POST /cormun/servlet/acontrolpreferencessavestate?None,DZAMUDIO,true HTTP/1.1" 200 35
192.168.10.96 - - [28/Mar/2017:13:35:12 -0300] "GET /cormun/PublicTempStorage/certificado_antecedentes5205334.pdf HTTP/1.1" 200 634706
192.168.10.96 - - [28/Mar/2017:13:35:18 -0300] "GET /cormun/servlet/vesolicitudnombre?2017,5439,,SolicitudOTAdjuntos HTTP/1.1" 200 10274
192.168.10.96 - - [28/Mar/2017:13:35:19 -0300] "GET /cormun/servlet/vesolicitudnombre?2017,5439,,SolicitudOTAdjuntos HTTP/1.1" 200 10273
192.168.10.96 - - [28/Mar/2017:13:35:20 -0300] "POST /cormun/servlet/acontrolpreferencessavestate?None,DZAMUDIO,true HTTP/1.1" 200 35
192.168.10.96 - - [28/Mar/2017:13:35:21 -0300] "GET /cormun/PublicTempStorage/curriculum_vitae7754136.pdf HTTP/1.1" 200 523749
186.79.27.240 - - [28/Mar/2017:13:35:23 -0300] "GET /cormun/servlet/hlogin HTTP/1.1" 200 1718
186.79.27.240 - - [28/Mar/2017:13:35:26 -0300] "POST /cormun/servlet/hlogin?9cee2e5ed7322eba43f6a0d596f2123b,gx-no-cache=1490718994405 HTTP/1.1" 200 90
186.79.27.240 - - [28/Mar/2017:13:35:26 -0300] "GET /cormun/servlet/hpexe_link HTTP/1.1" 200 948
186.79.27.240 - - [28/Mar/2017:13:35:26 -0300] "GET /cormun/servlet/hhome HTTP/1.1" 200 3755
186.79.27.240 - - [28/Mar/2017:13:35:27 -0300] "GET /cormun/servlet/hhome HTTP/1.1" 200 3751
192.168.10.13 - - [28/Mar/2017:13:35:38 -0300] "GET / HTTP/1.1" 200 11217
192.168.10.13 - - [28/Mar/2017:13:36:38 -0300] "GET / HTTP/1.1" 200 11217
186.103.159.44 - - [28/Mar/2017:13:36:54 -0300] "GET /cormun/servlet/permisogoce?INS,0,,, HTTP/1.1" 200 6527
192.168.10.13 - - [28/Mar/2017:13:37:38 -0300] "GET / HTTP/1.1" 200 11217
186.103.159.44 - - [28/Mar/2017:13:38:02 -0300] "GET /cormun/servlet/permisogoce?7131c7206e714eb84ed3086c5a0a15caf2273d3bd570d0f462d3bcef3c6c63a5408bc83a84b607c8f4fe79ccd08d659a,gx-no-cache=1490719147617 HTTP/1.1" 200 69
186.103.159.44 - - [28/Mar/2017:13:38:15 -0300] "GET /cormun/static/menuarrow.gif HTTP/1.1" 404 1015
186.103.159.44 - - [28/Mar/2017:13:38:21 -0300] "GET /cormun/servlet/permisogoce?7131c7206e714eb84ed3086c5a0a15ca66bd952992537a78fa227f56c9d458f1454d22c7b35e0d53a2ede00ca6f80b20ed0717dd73d2c818fee764f20dcbc9ba,gx-no-cache=1490719166226 HTTP/1.1" 200 47
186.103.159.44 - - [28/Mar/2017:13:38:24 -0300] "POST /cormun/servlet/permisogoce?dba9c61c8792cb38f41cc7ae45d2b05e,INS,0,,,,gx-no-cache=1490719169435 HTTP/1.1" 200 93
186.103.159.44 - - [28/Mar/2017:13:38:25 -0300] "GET /cormun/servlet/hpexe_return? HTTP/1.1" 200 1006
186.103.159.44 - - [28/Mar/2017:13:38:25 -0300] "GET /cormun/servlet/trpermisosgoce HTTP/1.1" 200 7595
186.103.159.44 - - [28/Mar/2017:13:38:32 -0300] "GET /cormun/servlet/apermisogoceprn?8137375,P,20170328143303,PU HTTP/1.1" 200 1653
192.168.10.13 - - [28/Mar/2017:13:38:38 -0300] "GET / HTTP/1.1" 200 11217
192.168.10.13 - - [28/Mar/2017:13:39:38 -0300] "GET / HTTP/1.1" 200 11217
40.77.167.41 - - [28/Mar/2017:13:39:47 -0300] "GET /cormun/servlet/trsolicitudot HTTP/1.1" 200 7349
192.168.10.13 - - [28/Mar/2017:13:40:38 -0300] "GET / HTTP/1.1" 200 11217
192.168.10.13 - - [28/Mar/2017:13:41:38 -0300] "GET / HTTP/1.1" 200 11217
192.168.10.13 - - [28/Mar/2017:13:42:38 -0300] "GET / HTTP/1.1" 200 11217
186.103.159.44 - - [28/Mar/2017:13:43:09 -0300] "GET /cormun/servlet/permisogoce?INS,0,,, HTTP/1.1" 200 6527
186.103.159.182 - - [28/Mar/2017:13:43:26 -0300] "GET /cormun/servlet/prfichaempleado?,MD,,gxPopupLevel%3D0%3B HTTP/1.1" 200 8922
186.103.159.182 - - [28/Mar/2017:13:43:26 -0300] "GET /cormun/static/gxcfg.js?2016102420561687 HTTP/1.1" 304 -
186.103.159.182 - - [28/Mar/2017:13:43:26 -0300] "GET /cormun/static/hmpwkw011.js?201731711483558 HTTP/1.1" 304 -
186.103.159.182 - - [28/Mar/2017:13:43:26 -0300] "GET /cormun/static/menusearch.js?201610171694467 HTTP/1.1" 304 -
186.103.159.182 - - [28/Mar/2017:13:43:26 -0300] "GET /cormun/static/prfichaempleado.js?201610242056198 HTTP/1.1" 304 -
192.168.10.13 - - [28/Mar/2017:13:43:38 -0300] "GET / HTTP/1.1" 200 11217
186.103.159.182 - - [28/Mar/2017:13:43:49 -0300] "POST /cormun/servlet/prfichaempleado?7dbc08ed156401c7ca92ccfebad92dce,,MD,,gxPopupLevel%3D0%3B,gx-no-cache=1490719495551 HTTP/1.1" 200 3460
186.103.159.182 - - [28/Mar/2017:13:44:04 -0300] "GET /cormun/servlet/licenciaspermisos?38d3faabc56b31c1eefdaaf96e896cb574bc23f20adc491ce428569039c80870c146d7fb4cb34d136d5e17835da4a081,gx-no-cache=1490719510663 HTTP/1.1" 200 61
186.103.159.182 - - [28/Mar/2017:13:44:04 -0300] "POST /cormun/servlet/licenciaspermisos?7dbc08ed156401c7ca92ccfebad92dce,INS,0,,,,gx-no-cache=1490719510772 HTTP/1.1" 200 4618
186.103.159.44 - - [28/Mar/2017:13:44:07 -0300] "GET /cormun/servlet/permisogoce?7131c7206e714eb84ed3086c5a0a15cac7dc2567b456cf6796a040c5d9c420078effcf81a1a468cb80d05bdb092d006e,gx-no-cache=1490719511881 HTTP/1.1" 200 71
186.103.159.44 - - [28/Mar/2017:13:44:09 -0300] "GET /cormun/static/menuarrow.gif HTTP/1.1" 404 1015
186.103.159.44 - - [28/Mar/2017:13:44:30 -0300] "GET /cormun/servlet/permisogoce?7131c7206e714eb84ed3086c5a0a15ca9169318abbc78db7d71c974a409f481a94bee605678394848f6f3cbfdd6fdba8c66bc503a8d2e37abff84e7d6ca93743,gx-no-cache=1490719535737 HTTP/1.1" 200 47
186.103.159.44 - - [28/Mar/2017:13:44:35 -0300] "POST /cormun/servlet/permisogoce?dba9c61c8792cb38f41cc7ae45d2b05e,INS,0,,,,gx-no-cache=1490719539764 HTTP/1.1" 200 93
186.103.159.44 - - [28/Mar/2017:13:44:35 -0300] "GET /cormun/servlet/hpexe_return? HTTP/1.1" 200 1006
186.103.159.44 - - [28/Mar/2017:13:44:36 -0300] "GET /cormun/servlet/trpermisosgoce HTTP/1.1" 200 7799
192.168.10.13 - - [28/Mar/2017:13:44:38 -0300] "GET / HTTP/1.1" 200 11217
186.103.159.44 - - [28/Mar/2017:13:44:42 -0300] "GET /cormun/servlet/apermisogoceprn?15992594,P,20170328143914,PU HTTP/1.1" 200 1655
192.168.10.96 - - [28/Mar/2017:13:45:04 -0300] "GET /cormun/servlet/hlogin HTTP/1.1" 200 1720
192.168.10.13 - - [28/Mar/2017:13:45:38 -0300] "GET / HTTP/1.1" 200 11217
186.103.156.24 - - [28/Mar/2017:13:46:08 -0300] "GET /cormun/servlet/trlicencias? HTTP/1.1" 200 7524
186.103.156.24 - - [28/Mar/2017:13:46:09 -0300] "GET /cormun//static/Resources/PXToolsHeaderHelp.png HTTP/1.1" 200 4055
186.103.156.24 - - [28/Mar/2017:13:46:09 -0300] "GET /cormun//static/Resources/PXToolsHeaderFavorites.png HTTP/1.1" 200 2744
186.103.156.24 - - [28/Mar/2017:13:46:09 -0300] "GET /cormun//static/Resources/PXToolsActionPrint.png HTTP/1.1" 200 3317
186.103.156.24 - - [28/Mar/2017:13:46:09 -0300] "GET /cormun//static/Resources/PXTools/ActionInsert.png HTTP/1.1" 200 1482
186.103.156.24 - - [28/Mar/2017:13:46:09 -0300] "GET /cormun//static/Resources/PXToolsGridUpdate.png HTTP/1.1" 200 2984
186.103.156.24 - - [28/Mar/2017:13:46:09 -0300] "GET /cormun//static/Resources/PXToolsGridDisplay.png HTTP/1.1" 200 362
186.103.156.24 - - [28/Mar/2017:13:46:09 -0300] "GET /cormun//static/Resources/PXToolsGridDelete.png HTTP/1.1" 200 357
186.103.156.24 - - [28/Mar/2017:13:46:09 -0300] "GET /cormun/servlet/trlicencias? HTTP/1.1" 200 7524
186.103.156.24 - - [28/Mar/2017:13:46:09 -0300] "GET /cormun/servlet/hlogin HTTP/1.1" 200 1738
186.103.159.182 - - [28/Mar/2017:13:46:16 -0300] "GET /cormun/static/menuarrow.gif HTTP/1.1" 404 1015
186.103.156.24 - - [28/Mar/2017:13:46:30 -0300] "POST /cormun/servlet/hlogin?14691babe2ee77cae71cf0275924aba1,gx-no-cache=1490719679487 HTTP/1.1" 200 90
186.103.156.24 - - [28/Mar/2017:13:46:30 -0300] "GET /cormun/servlet/hpexe_link HTTP/1.1" 200 957
186.103.156.24 - - [28/Mar/2017:13:46:30 -0300] "GET /cormun/servlet/trlicencias HTTP/1.1" 200 6687
186.103.156.24 - - [28/Mar/2017:13:46:31 -0300] "GET /cormun/servlet/trlicencias HTTP/1.1" 200 6685
192.168.10.13 - - [28/Mar/2017:13:46:38 -0300] "GET / HTTP/1.1" 200 11217
186.103.156.24 - - [28/Mar/2017:13:46:38 -0300] "GET /cormun/servlet/licenciaspermisos?INS,0,,, HTTP/1.1" 200 7383
186.103.156.24 - - [28/Mar/2017:13:46:39 -0300] "GET /cormun/servlet/licenciaspermisos?INS,0,,, HTTP/1.1" 200 7383
207.46.13.36 - - [28/Mar/2017:13:46:52 -0300] "GET /cormun/servlet/solicitudot?INS,0,0, HTTP/1.1" 200 11974
186.103.156.24 - - [28/Mar/2017:13:46:57 -0300] "GET /cormun/servlet/hlogin HTTP/1.1" 200 1724
207.46.13.157 - - [28/Mar/2017:13:47:25 -0300] "GET /cormun/static/PXToolsJavascripts/pexe_tabdivfix.js HTTP/1.1" 200 876
207.46.13.157 - - [28/Mar/2017:13:47:25 -0300] "GET /cormun/static/Resources/PXToolsFooterBackground2.png HTTP/1.1" 200 1172
207.46.13.36 - - [28/Mar/2017:13:47:29 -0300] "GET /cormun/static/PXToolsJavascripts/pexe_tabs.js HTTP/1.1" 200 3748
207.46.13.36 - - [28/Mar/2017:13:47:29 -0300] "GET /cormun/static/Resources/PXToolsDataTitle.png HTTP/1.1" 200 1173
157.55.39.32 - - [28/Mar/2017:13:47:34 -0300] "GET /cormun/static/Resources/PXToolsButtonRight21.png HTTP/1.1" 200 1283
157.55.39.32 - - [28/Mar/2017:13:47:34 -0300] "GET /cormun/static/Resources/PXToolsButtonLeft21.png HTTP/1.1" 200 1287
192.168.10.13 - - [28/Mar/2017:13:47:38 -0300] "GET / HTTP/1.1" 200 11217
40.77.167.41 - - [28/Mar/2017:13:47:38 -0300] "GET /cormun/static/PXToolsJavascripts/PXToolsJavascriptsRender.js HTTP/1.1" 200 367
40.77.167.41 - - [28/Mar/2017:13:47:39 -0300] "GET /cormun/static/PXToolsJavascripts/pexe_menus.js HTTP/1.1" 200 1286
40.77.167.41 - - [28/Mar/2017:13:47:39 -0300] "GET /cormun/static/Resources/PXToolsButtonBackground2.png HTTP/1.1" 200 1181
40.77.167.41 - - [28/Mar/2017:13:47:40 -0300] "GET /cormun/static/Shared/jqueryui/jquery-ui.min.js HTTP/1.1" 200 240427
192.168.10.13 - - [28/Mar/2017:13:48:38 -0300] "GET / HTTP/1.1" 200 11217
186.103.159.182 - - [28/Mar/2017:13:49:19 -0300] "GET /cormun/servlet/licenciaspermisos?38d3faabc56b31c1eefdaaf96e896cb50f20b70a27a894396c35c393a94e24c30adf09d83f4896d6ad722a750264d9fbe5e78f26170541de683b5c87462857357cf722415dccaa3087054034f613e8b69b806c089d968494ef4bec18c41bf6024cce3c7df4fdca58b07d9c7070896e434cc19984de1978d77bdd8a2cb791886fbe76e8b0be3887d794e1361915bddcce077f8c5f9a313721d1c07b03c9b2de0c8f3ebe07eb7e02be61dfaf9224e16865,gx-no-cache=1490719825873 HTTP/1.1" 200 30
186.103.159.182 - - [28/Mar/2017:13:49:19 -0300] "GET /cormun/servlet/licenciaspermisos?38d3faabc56b31c1eefdaaf96e896cb53749ef7c51668759e418afc28685b489ce1d73d6c7607f6fb9735316ec44eeebdec9fac82face92c4d5f8efba7486ac96dcc9d4a5989ea26283731d25bce23b94cd19797bccf48e78f498aed2b29667c7abecb4a7f097606cd281b8e35b8bd18be01fde4820ebbce29e030261df1192c7294dff4a200d485d8dca6eb36b2dc5827e4340cd548b3438cdf33e9dc400ba7531e222dc4dcd60f549fbff68aca0d53,gx-no-cache=1490719825932 HTTP/1.1" 200 29
186.103.159.182 - - [28/Mar/2017:13:49:19 -0300] "POST /cormun/servlet/licenciaspermisos?7dbc08ed156401c7ca92ccfebad92dce,INS,0,,,,gx-no-cache=1490719825998 HTTP/1.1" 200 93
186.103.159.182 - - [28/Mar/2017:13:49:19 -0300] "GET /cormun/servlet/hpexe_return? HTTP/1.1" 200 1015
186.103.159.182 - - [28/Mar/2017:13:49:19 -0300] "GET /cormun/servlet/trlicencias HTTP/1.1" 200 8071
186.103.159.182 - - [28/Mar/2017:13:49:21 -0300] "GET /cormun/servlet/trlicencias HTTP/1.1" 200 8068
186.103.159.182 - - [28/Mar/2017:13:49:35 -0300] "GET /cormun/servlet/trlicenciaspermisosadjuntos?14420810,20170328000000,L, HTTP/1.1" 200 6382
186.103.159.182 - - [28/Mar/2017:13:49:35 -0300] "GET /cormun/static/gxcfg.js?20173171154619 HTTP/1.1" 200 953
186.103.159.182 - - [28/Mar/2017:13:49:35 -0300] "GET /cormun/static/trlicenciaspermisosadjuntos.js?20173171154971 HTTP/1.1" 304 -
186.103.159.182 - - [28/Mar/2017:13:49:36 -0300] "GET /cormun/servlet/trlicenciaspermisosadjuntos?14420810,20170328000000,L, HTTP/1.1" 200 6382
192.168.10.13 - - [28/Mar/2017:13:49:38 -0300] "GET / HTTP/1.1" 200 11217
186.103.159.182 - - [28/Mar/2017:13:49:38 -0300] "GET /cormun/servlet/licenciaspermisosadjuntos?INS,14420810,L,20170328000000,, HTTP/1.1" 200 5677
186.103.159.182 - - [28/Mar/2017:13:49:38 -0300] "GET /cormun/static/gxcfg.js?201731711421170 HTTP/1.1" 200 953
186.103.159.182 - - [28/Mar/2017:13:49:38 -0300] "GET /cormun/static/licenciaspermisosadjuntos.js?201731711421181 HTTP/1.1" 304 -
186.103.159.182 - - [28/Mar/2017:13:49:39 -0300] "GET /cormun/static/about:blank HTTP/1.1" 404 1011
186.103.159.182 - - [28/Mar/2017:13:49:40 -0300] "GET /cormun/servlet/licenciaspermisosadjuntos?INS,14420810,L,20170328000000,, HTTP/1.1" 200 5666
186.103.159.182 - - [28/Mar/2017:13:50:03 -0300] "POST /cormun/servlet/licenciaspermisosadjuntos?7dbc08ed156401c7ca92ccfebad92dce,INS,14420810,L,20170328000000,, HTTP/1.1" 200 116
186.103.159.182 - - [28/Mar/2017:13:50:03 -0300] "GET /cormun/servlet/hpexe_return? HTTP/1.1" 200 1046
186.103.159.182 - - [28/Mar/2017:13:50:04 -0300] "GET /cormun/servlet/trlicenciaspermisosadjuntos?14420810,20170328000000,L, HTTP/1.1" 200 6856
186.103.159.182 - - [28/Mar/2017:13:50:05 -0300] "GET /cormun/servlet/trlicenciaspermisosadjuntos?14420810,20170328000000,L, HTTP/1.1" 200 6853
186.103.159.182 - - [28/Mar/2017:13:50:12 -0300] "POST /cormun/servlet/trlicenciaspermisosadjuntos?7dbc08ed156401c7ca92ccfebad92dce,14420810,20170328000000,L,,gx-no-cache=1490719879045 HTTP/1.1" 200 90
186.103.159.182 - - [28/Mar/2017:13:50:12 -0300] "GET /cormun/servlet/hpexe_link HTTP/1.1" 200 989
186.103.159.182 - - [28/Mar/2017:13:50:13 -0300] "GET /cormun/servlet/trlicencias HTTP/1.1" 200 8069
186.103.159.182 - - [28/Mar/2017:13:50:14 -0300] "GET /cormun/servlet/trlicencias HTTP/1.1" 200 8068
192.168.10.13 - - [28/Mar/2017:13:50:38 -0300] "GET / HTTP/1.1" 200 11217
186.103.159.182 - - [28/Mar/2017:13:50:42 -0300] "POST /cormun/servlet/trlicencias?7dbc08ed156401c7ca92ccfebad92dce,gx-no-cache=1490719908932 HTTP/1.1" 200 4241
186.103.159.182 - - [28/Mar/2017:13:50:42 -0300] "GET /cormun/static/Shared/jqueryui/images/ui-bg_highlight-soft_100_c6c2c8_1x100.png HTTP/1.1" 404 1117
186.103.159.182 - - [28/Mar/2017:13:50:42 -0300] "GET /cormun/static/Shared/jqueryui/images/ui-icons_82798d_256x240.png HTTP/1.1" 404 1089
186.103.159.182 - - [28/Mar/2017:13:50:42 -0300] "GET /cormun/static/Shared/jqueryui/images/ui-icons_8d78a5_256x240.png HTTP/1.1" 404 1089
186.103.159.182 - - [28/Mar/2017:13:50:42 -0300] "GET /cormun/static/Shared/jqueryui/images/ui-bg_flat_55_fafafa_40x100.png HTTP/1.1" 404 1097
186.103.159.182 - - [28/Mar/2017:13:50:56 -0300] "GET /cormun/servlet/licenciaspermisos?INS,0,,, HTTP/1.1" 200 7430
186.103.159.182 - - [28/Mar/2017:13:50:57 -0300] "GET /cormun/servlet/licenciaspermisos?INS,0,,, HTTP/1.1" 200 7428
192.168.10.99 - - [28/Mar/2017:13:51:01 -0300] "GET /cormun/servlet/hlogin HTTP/1.1" 200 1724
192.168.10.99 - - [28/Mar/2017:13:51:16 -0300] "POST /cormun/servlet/hlogin?0ea86593ec1ec78133f705cae9f0d0f2,gx-no-cache=1490723155004 HTTP/1.1" 200 90
192.168.10.99 - - [28/Mar/2017:13:51:16 -0300] "GET /cormun/servlet/hpexe_link HTTP/1.1" 200 955
192.168.10.99 - - [28/Mar/2017:13:51:16 -0300] "GET /cormun/servlet/hhome HTTP/1.1" 200 4397
192.168.10.99 - - [28/Mar/2017:13:51:16 -0300] "GET /cormun/servlet/hhome HTTP/1.1" 200 4393
192.168.10.99 - - [28/Mar/2017:13:51:22 -0300] "GET /cormun/servlet/trsecurityuser01? HTTP/1.1" 200 11529
192.168.10.99 - - [28/Mar/2017:13:51:22 -0300] "GET /cormun/static/gxcfg.js?20173171150263 HTTP/1.1" 200 953
192.168.10.99 - - [28/Mar/2017:13:51:22 -0300] "GET /cormun/static/trsecurityuser01.js?20173171150617 HTTP/1.1" 200 18619
192.168.10.99 - - [28/Mar/2017:13:51:22 -0300] "GET /cormun//static/Resources/PXToolsHeaderPreferences.png HTTP/1.1" 200 4189
192.168.10.99 - - [28/Mar/2017:13:51:22 -0300] "GET /cormun//static/Resources/PXToolsAddAllAction.png HTTP/1.1" 200 3624
192.168.10.99 - - [28/Mar/2017:13:51:22 -0300] "GET /cormun/servlet/trsecurityuser01? HTTP/1.1" 200 11526
192.168.10.99 - - [28/Mar/2017:13:51:26 -0300] "GET /cormun/servlet/securityusers?INS,0, HTTP/1.1" 200 7190
192.168.10.99 - - [28/Mar/2017:13:51:26 -0300] "GET /cormun/static/gxcfg.js?20173171138052 HTTP/1.1" 200 953
192.168.10.99 - - [28/Mar/2017:13:51:26 -0300] "GET /cormun/static/securityusers.js?2017317113813 HTTP/1.1" 200 19782
192.168.10.99 - - [28/Mar/2017:13:51:26 -0300] "GET /cormun/servlet/securityusers?INS,0, HTTP/1.1" 200 7189
186.103.159.182 - - [28/Mar/2017:13:51:28 -0300] "GET /cormun/servlet/prfichaempleado?,MD,,gxPopupLevel%3D0%3B HTTP/1.1" 200 8922
192.168.10.13 - - [28/Mar/2017:13:51:38 -0300] "GET / HTTP/1.1" 200 11217
192.168.10.99 - - [28/Mar/2017:13:52:24 -0300] "POST /cormun/servlet/securityusers?0ea86593ec1ec78133f705cae9f0d0f2,INS,0,,gx-no-cache=1490723222872 HTTP/1.1" 200 93
192.168.10.99 - - [28/Mar/2017:13:52:24 -0300] "GET /cormun/servlet/hpexe_return? HTTP/1.1" 200 1009
192.168.10.99 - - [28/Mar/2017:13:52:24 -0300] "GET /cormun/static/hpexe_return.js?2016101716175153 HTTP/1.1" 200 1633
192.168.10.99 - - [28/Mar/2017:13:52:24 -0300] "GET /cormun/static/gxcfg.js?2016101716175148 HTTP/1.1" 200 953
192.168.10.99 - - [28/Mar/2017:13:52:24 -0300] "GET /cormun/servlet/trsecurityuser01 HTTP/1.1" 200 11531
192.168.10.99 - - [28/Mar/2017:13:52:24 -0300] "GET /cormun/servlet/trsecurityuser01 HTTP/1.1" 200 11526
192.168.10.99 - - [28/Mar/2017:13:52:30 -0300] "GET /cormun/servlet/trsecurityrole? HTTP/1.1" 200 10195
192.168.10.99 - - [28/Mar/2017:13:52:30 -0300] "GET /cormun/static/gxcfg.js?20173171150830 HTTP/1.1" 200 953
192.168.10.99 - - [28/Mar/2017:13:52:30 -0300] "GET /cormun/static/trsecurityrole.js?201731711501145 HTTP/1.1" 200 15964
192.168.10.99 - - [28/Mar/2017:13:52:30 -0300] "GET /cormun/servlet/trsecurityrole? HTTP/1.1" 200 10195
192.168.10.13 - - [28/Mar/2017:13:52:38 -0300] "GET / HTTP/1.1" 200 11217
40.77.167.41 - - [28/Mar/2017:13:52:38 -0300] "GET /cormun/servlet/trsolicitudot HTTP/1.1" 200 7352
40.77.167.41 - - [28/Mar/2017:13:52:48 -0300] "GET /cormun/servlet/trsolicitudot HTTP/1.1" 200 7346
192.168.10.99 - - [28/Mar/2017:13:53:01 -0300] "GET /cormun/servlet/securityroles?INS,0, HTTP/1.1" 200 5927
192.168.10.99 - - [28/Mar/2017:13:53:01 -0300] "GET /cormun/static/gxcfg.js?2016101716124142 HTTP/1.1" 200 953
192.168.10.99 - - [28/Mar/2017:13:53:01 -0300] "GET /cormun/static/securityroles.js?2016101716124163 HTTP/1.1" 200 11674
192.168.10.99 - - [28/Mar/2017:13:53:01 -0300] "GET /cormun/servlet/securityroles?INS,0, HTTP/1.1" 200 5927
192.168.10.99 - - [28/Mar/2017:13:53:17 -0300] "POST /cormun/servlet/securityroles?0ea86593ec1ec78133f705cae9f0d0f2,INS,0,,gx-no-cache=1490723276052 HTTP/1.1" 200 93
192.168.10.99 - - [28/Mar/2017:13:53:17 -0300] "GET /cormun/servlet/hpexe_return? HTTP/1.1" 200 1008
192.168.10.99 - - [28/Mar/2017:13:53:17 -0300] "GET /cormun/servlet/trsecurityrole HTTP/1.1" 200 10199
192.168.10.99 - - [28/Mar/2017:13:53:18 -0300] "GET /cormun/servlet/trsecurityrole HTTP/1.1" 200 10195
192.168.10.99 - - [28/Mar/2017:13:53:24 -0300] "GET /cormun/servlet/securityroles?UPD,3808, HTTP/1.1" 200 6002
192.168.10.99 - - [28/Mar/2017:13:53:25 -0300] "GET /cormun/servlet/securityroles?UPD,3808, HTTP/1.1" 200 6002
192.168.10.99 - - [28/Mar/2017:13:53:35 -0300] "POST /cormun/servlet/securityroles?0ea86593ec1ec78133f705cae9f0d0f2,UPD,3808,,gx-no-cache=1490723293985 HTTP/1.1" 200 93
192.168.10.99 - - [28/Mar/2017:13:53:35 -0300] "GET /cormun/servlet/hpexe_return? HTTP/1.1" 200 1011
192.168.10.99 - - [28/Mar/2017:13:53:35 -0300] "GET /cormun/servlet/trsecurityrole HTTP/1.1" 200 10199
192.168.10.99 - - [28/Mar/2017:13:53:35 -0300] "GET /cormun/servlet/trsecurityrole HTTP/1.1" 200 10195
192.168.10.13 - - [28/Mar/2017:13:53:38 -0300] "GET / HTTP/1.1" 200 11217
186.103.156.24 - - [28/Mar/2017:13:53:56 -0300] "POST /cormun/servlet/hlogin?14691babe2ee77cae71cf0275924aba1,gx-no-cache=1490720131489 HTTP/1.1" 200 90
186.103.156.24 - - [28/Mar/2017:13:53:56 -0300] "GET /cormun/servlet/hpexe_link HTTP/1.1" 200 970
186.103.156.24 - - [28/Mar/2017:13:53:57 -0300] "GET /cormun/servlet/licenciaspermisos?INS,0,,, HTTP/1.1" 200 7384
186.103.156.24 - - [28/Mar/2017:13:53:58 -0300] "GET /cormun/servlet/licenciaspermisos?INS,0,,, HTTP/1.1" 200 7383
186.103.156.24 - - [28/Mar/2017:13:54:00 -0300] "GET /cormun/servlet/trlicencias? HTTP/1.1" 200 6686
186.103.156.24 - - [28/Mar/2017:13:54:00 -0300] "GET /cormun/servlet/trlicencias? HTTP/1.1" 200 6685
192.168.10.13 - - [28/Mar/2017:13:54:38 -0300] "GET / HTTP/1.1" 200 11217
207.46.13.36 - - [28/Mar/2017:13:54:58 -0300] "GET /cormun/servlet/solicitudot?INS,0,0, HTTP/1.1" 200 11971
207.46.13.36 - - [28/Mar/2017:13:55:03 -0300] "GET /cormun/servlet/solicitudot?INS,0,0, HTTP/1.1" 200 11966
192.168.10.13 - - [28/Mar/2017:13:55:38 -0300] "GET / HTTP/1.1" 200 11217
199.30.24.134 - - [28/Mar/2017:13:55:49 -0300] "GET /cormun/static/Resources/PXToolsHeaderPreferences.png HTTP/1.1" 200 4189
199.30.24.134 - - [28/Mar/2017:13:55:50 -0300] "GET /cormun/static/Resources/PXToolsButtonLeft21.png HTTP/1.1" 200 1287
199.30.24.134 - - [28/Mar/2017:13:55:50 -0300] "GET /cormun/static/Resources/PXToolsButtonRight21.png HTTP/1.1" 200 1283
199.30.24.134 - - [28/Mar/2017:13:55:51 -0300] "GET /cormun/static/solicitudot.js?2017119104297 HTTP/1.1" 200 63948
199.30.24.134 - - [28/Mar/2017:13:55:53 -0300] "GET /cormun/static/Resources/indicator.gif HTTP/1.1" 200 1553
199.30.24.134 - - [28/Mar/2017:13:55:54 -0300] "GET /cormun/servlet/hlogin HTTP/1.1" 200 5845
199.30.24.134 - - [28/Mar/2017:13:55:54 -0300] "GET /cormun/static/hlogin.js?201731711485490 HTTP/1.1" 200 2136
199.30.24.134 - - [28/Mar/2017:13:55:55 -0300] "GET /cormun/static/Resources/ComunLogin.png HTTP/1.1" 200 17326
199.30.24.134 - - [28/Mar/2017:13:55:55 -0300] "GET /cormun/static/Resources/PXToolsLoginTop.png HTTP/1.1" 200 1337
199.30.24.134 - - [28/Mar/2017:13:55:56 -0300] "GET /cormun/static/Resources/PXToolsLoginBackground.png HTTP/1.1" 200 1164
199.30.24.134 - - [28/Mar/2017:13:55:56 -0300] "GET /cormun/static/Resources/PXToolsLoginBottom.png HTTP/1.1" 200 1389
192.168.10.13 - - [28/Mar/2017:13:56:38 -0300] "GET / HTTP/1.1" 200 11217
192.168.10.13 - - [28/Mar/2017:13:57:38 -0300] "GET / HTTP/1.1" 200 11217
186.103.159.182 - - [28/Mar/2017:13:57:55 -0300] "POST /cormun/servlet/prfichaempleado?7dbc08ed156401c7ca92ccfebad92dce,,MD,,gxPopupLevel%3D0%3B,gx-no-cache=1490720341336 HTTP/1.1" 200 3402
186.103.159.182 - - [28/Mar/2017:13:58:01 -0300] "GET /cormun/servlet/licenciaspermisos?38d3faabc56b31c1eefdaaf96e896cb52a41b1a7eabcbfccf918e964e2515579c146d7fb4cb34d136d5e17835da4a081,gx-no-cache=1490720348560 HTTP/1.1" 200 61
186.103.159.182 - - [28/Mar/2017:13:58:02 -0300] "POST /cormun/servlet/licenciaspermisos?7dbc08ed156401c7ca92ccfebad92dce,INS,0,,,,gx-no-cache=1490720348622 HTTP/1.1" 200 4629
192.168.10.13 - - [28/Mar/2017:13:58:38 -0300] "GET / HTTP/1.1" 200 11217
192.168.10.89 - - [28/Mar/2017:13:58:39 -0300] "GET /cormun/servlet/hlogin HTTP/1.1" 200 1745
192.168.10.96 - - [28/Mar/2017:13:59:04 -0300] "POST /cormun/servlet/hlogin?075044d6619b56bb19e87ec7614481f6,gx-no-cache=1490723623081 HTTP/1.1" 200 424
192.168.10.96 - - [28/Mar/2017:13:59:08 -0300] "POST /cormun/servlet/hlogin?075044d6619b56bb19e87ec7614481f6,gx-no-cache=1490723626541 HTTP/1.1" 200 90
192.168.10.96 - - [28/Mar/2017:13:59:08 -0300] "GET /cormun/servlet/hpexe_link HTTP/1.1" 200 978
192.168.10.96 - - [28/Mar/2017:13:59:08 -0300] "GET /cormun/servlet/vesolicitudnombre?2017,5439,,SolicitudOTAdjuntos HTTP/1.1" 200 10263
192.168.10.96 - - [28/Mar/2017:13:59:08 -0300] "GET /cormun/pexe_scrolldiv.js HTTP/1.1" 404 1009
192.168.10.96 - - [28/Mar/2017:13:59:08 -0300] "GET /cormun/pexe_scrolldiv.js HTTP/1.1" 404 1009
192.168.10.96 - - [28/Mar/2017:13:59:09 -0300] "GET /cormun/servlet/vesolicitudnombre?2017,5439,,SolicitudOTAdjuntos HTTP/1.1" 200 10275
192.168.10.96 - - [28/Mar/2017:13:59:10 -0300] "POST /cormun/servlet/acontrolpreferencessavestate?None,DZAMUDIO,true HTTP/1.1" 200 35
192.168.10.96 - - [28/Mar/2017:13:59:11 -0300] "GET /cormun/servlet/trsolicitudgral? HTTP/1.1" 200 24068
192.168.10.96 - - [28/Mar/2017:13:59:12 -0300] "GET /cormun/servlet/trsolicitudgral? HTTP/1.1" 200 24051
40.77.167.41 - - [28/Mar/2017:13:59:19 -0300] "GET /cormun/servlet/trsolicitudot HTTP/1.1" 200 7353
40.77.167.41 - - [28/Mar/2017:13:59:24 -0300] "GET /cormun/servlet/trsolicitudot HTTP/1.1" 200 7351
40.77.167.41 - - [28/Mar/2017:13:59:29 -0300] "GET /cormun/servlet/trsolicitudot HTTP/1.1" 200 7356
192.168.10.96 - - [28/Mar/2017:13:59:29 -0300] "POST /cormun/servlet/trsolicitudgral?075044d6619b56bb19e87ec7614481f6,,gx-no-cache=1490723635781 HTTP/1.1" 200 22375
192.168.10.96 - - [28/Mar/2017:13:59:36 -0300] "POST /cormun/servlet/trsolicitudgral?075044d6619b56bb19e87ec7614481f6,,gx-no-cache=1490723655121 HTTP/1.1" 200 15105
192.168.10.13 - - [28/Mar/2017:13:59:38 -0300] "GET / HTTP/1.1" 200 11217
192.168.10.96 - - [28/Mar/2017:13:59:46 -0300] "POST /cormun/servlet/trsolicitudgral?075044d6619b56bb19e87ec7614481f6,,gx-no-cache=1490723664341 HTTP/1.1" 200 21500
192.168.10.96 - - [28/Mar/2017:13:59:56 -0300] "POST /cormun/servlet/trsolicitudgral?075044d6619b56bb19e87ec7614481f6,,gx-no-cache=1490723674159 HTTP/1.1" 200 105
192.168.10.96 - - [28/Mar/2017:13:59:56 -0300] "GET /cormun/SolicitudGral-5440.xls HTTP/1.1" 200 26624
186.103.159.46 - - [28/Mar/2017:13:59:56 -0300] "POST /cormun/servlet/trlicencias?87da22d65e2007c7fdc6643fb19cc123,,gx-no-cache=1490720462657 HTTP/1.1" 440 972
186.103.159.46 - - [28/Mar/2017:13:59:58 -0300] "GET /cormun/servlet/trlicencias? HTTP/1.1" 200 7529
186.103.159.46 - - [28/Mar/2017:13:59:59 -0300] "GET /cormun/servlet/trlicencias? HTTP/1.1" 200 7529
186.103.159.46 - - [28/Mar/2017:13:59:59 -0300] "GET /cormun/servlet/hlogin HTTP/1.1" 200 1741
186.103.159.46 - - [28/Mar/2017:14:00:09 -0300] "POST /cormun/servlet/hlogin?252a871e757497e5c41803f89cee772f,gx-no-cache=1490720475566 HTTP/1.1" 200 90
186.103.159.46 - - [28/Mar/2017:14:00:09 -0300] "GET /cormun/servlet/hpexe_link HTTP/1.1" 200 958
186.103.159.46 - - [28/Mar/2017:14:00:09 -0300] "GET /cormun/servlet/trlicencias HTTP/1.1" 200 6688
186.103.159.46 - - [28/Mar/2017:14:00:10 -0300] "GET /cormun/servlet/trlicencias HTTP/1.1" 200 6685
192.168.10.96 - - [28/Mar/2017:14:00:10 -0300] "POST /cormun/servlet/trsolicitudgral?075044d6619b56bb19e87ec7614481f6,,gx-no-cache=1490723688963 HTTP/1.1" 200 15105
192.168.10.96 - - [28/Mar/2017:14:00:12 -0300] "POST /cormun/servlet/trsolicitudgral?075044d6619b56bb19e87ec7614481f6,,gx-no-cache=1490723690899 HTTP/1.1" 200 105
192.168.10.96 - - [28/Mar/2017:14:00:12 -0300] "GET /cormun/SolicitudGral-4548.xls HTTP/1.1" 200 16896
186.103.159.46 - - [28/Mar/2017:14:00:14 -0300] "GET /cormun/servlet/trlicencias? HTTP/1.1" 200 6685
186.103.159.46 - - [28/Mar/2017:14:00:15 -0300] "GET /cormun/servlet/trlicencias? HTTP/1.1" 200 6685
186.103.159.182 - - [28/Mar/2017:14:00:15 -0300] "GET /cormun/static/menuarrow.gif HTTP/1.1" 404 1015
186.103.159.46 - - [28/Mar/2017:14:00:18 -0300] "POST /cormun/servlet/trlicencias?252a871e757497e5c41803f89cee772f,,gx-no-cache=1490720484482 HTTP/1.1" 200 3832
186.103.159.46 - - [28/Mar/2017:14:00:22 -0300] "POST /cormun/servlet/trlicencias?252a871e757497e5c41803f89cee772f,,gx-no-cache=1490720488709 HTTP/1.1" 200 3833
186.103.159.46 - - [28/Mar/2017:14:00:26 -0300] "POST /cormun/servlet/trlicencias?252a871e757497e5c41803f89cee772f,,gx-no-cache=1490720492503 HTTP/1.1" 200 3834
186.103.159.46 - - [28/Mar/2017:14:00:30 -0300] "POST /cormun/servlet/trlicencias?252a871e757497e5c41803f89cee772f,,gx-no-cache=1490720496561 HTTP/1.1" 200 5770
192.168.10.13 - - [28/Mar/2017:14:00:38 -0300] "GET / HTTP/1.1" 200 11217
192.168.10.13 - - [28/Mar/2017:14:01:38 -0300] "GET / HTTP/1.1" 200 11217
192.168.10.13 - - [28/Mar/2017:14:02:38 -0300] "GET / HTTP/1.1" 200 11217
207.46.13.36 - - [28/Mar/2017:14:02:39 -0300] "GET /cormun/servlet/solicitudot?INS,0,0, HTTP/1.1" 200 11974
192.168.10.13 - - [28/Mar/2017:14:03:38 -0300] "GET / HTTP/1.1" 200 11217
192.168.10.13 - - [28/Mar/2017:14:04:38 -0300] "GET / HTTP/1.1" 200 11217
186.103.159.46 - - [28/Mar/2017:14:04:54 -0300] "GET /cormun/servlet/hhome HTTP/1.1" 200 3298
186.103.159.46 - - [28/Mar/2017:14:04:57 -0300] "GET /cormun/servlet/hhome HTTP/1.1" 200 3309
186.103.159.46 - - [28/Mar/2017:14:04:57 -0300] "GET /cormun/servlet/hlogin HTTP/1.1" 200 1727
186.103.159.46 - - [28/Mar/2017:14:05:25 -0300] "POST /cormun/servlet/hlogin?45beb544ab3d94ea00c87dfc1c233295,gx-no-cache=1490724389784 HTTP/1.1" 200 90
186.103.159.46 - - [28/Mar/2017:14:05:25 -0300] "GET /cormun/servlet/hpexe_link HTTP/1.1" 200 946
186.103.159.46 - - [28/Mar/2017:14:05:26 -0300] "GET /cormun/servlet/hhome HTTP/1.1" 200 3768
186.103.159.46 - - [28/Mar/2017:14:05:29 -0300] "GET /cormun/servlet/hhome HTTP/1.1" 200 3765
186.103.159.46 - - [28/Mar/2017:14:05:36 -0300] "GET /cormun/servlet/trpermisosgoce? HTTP/1.1" 200 11994
192.168.10.13 - - [28/Mar/2017:14:05:38 -0300] "GET / HTTP/1.1" 200 11217
186.103.159.46 - - [28/Mar/2017:14:05:38 -0300] "GET /cormun/servlet/trpermisosgoce? HTTP/1.1" 200 11987
40.77.167.41 - - [28/Mar/2017:14:05:44 -0300] "GET /cormun/servlet/trsolicitudot HTTP/1.1" 200 7353
192.168.10.13 - - [28/Mar/2017:14:06:38 -0300] "GET / HTTP/1.1" 200 11217
192.168.10.13 - - [28/Mar/2017:14:07:38 -0300] "GET / HTTP/1.1" 200 11217
186.103.159.46 - - [28/Mar/2017:14:07:44 -0300] "GET /cormun/servlet/permisogoce?INS,0,,, HTTP/1.1" 200 6526
186.103.159.46 - - [28/Mar/2017:14:07:46 -0300] "GET /cormun/servlet/permisogoce?INS,0,,, HTTP/1.1" 200 6525
186.103.159.46 - - [28/Mar/2017:14:08:08 -0300] "GET /cormun/servlet/permisogoce?2b14bf13409f919f6758a424bafb6f958fcf0e4f114134ae5529a9b62ea1594e2e700aab05533edb2e8b321c0cc81950,gx-no-cache=1490724552272 HTTP/1.1" 200 72
186.103.159.46 - - [28/Mar/2017:14:08:08 -0300] "GET /cormun/static/menuarrow.gif HTTP/1.1" 404 1015
186.103.159.46 - - [28/Mar/2017:14:08:13 -0300] "GET /cormun/servlet/permisogoce?2b14bf13409f919f6758a424bafb6f957461e1df5c5f79be3a307b92ebe05302ef8e528f89ec5d7141eba5dc64a96975121e066e2b21a106fe1b557a8eee1aca,gx-no-cache=1490724557691 HTTP/1.1" 200 47
186.103.159.46 - - [28/Mar/2017:14:08:27 -0300] "POST /cormun/servlet/permisogoce?45beb544ab3d94ea00c87dfc1c233295,INS,0,,,,gx-no-cache=1490724570937 HTTP/1.1" 200 93
186.103.159.46 - - [28/Mar/2017:14:08:27 -0300] "GET /cormun/servlet/hpexe_return? HTTP/1.1" 200 1003
186.103.159.46 - - [28/Mar/2017:14:08:27 -0300] "GET /cormun/servlet/trpermisosgoce HTTP/1.1" 200 12205
186.103.159.46 - - [28/Mar/2017:14:08:29 -0300] "GET /cormun/servlet/trpermisosgoce HTTP/1.1" 200 12201
192.168.10.13 - - [28/Mar/2017:14:08:38 -0300] "GET / HTTP/1.1" 200 11217
186.103.159.46 - - [28/Mar/2017:14:08:40 -0300] "GET /cormun/servlet/trpermisosadjuntos?12912142,20170328150306,P, HTTP/1.1" 200 6085
