186.103.156.24 - - [28/Mar/2017:11:45:33 -0300] "GET /cormun/static/hpexe_messagecontroller.js?201610171694323 HTTP/1.1" 200 870
186.103.156.24 - - [28/Mar/2017:11:45:34 -0300] "GET /cormun/static/hpexe_messagepopupcomponent.js?20161017169425 HTTP/1.1" 200 605
186.103.156.24 - - [28/Mar/2017:11:45:34 -0300] "GET /cormun/static/hpexe_messagegenexuscomponent.js?201731711335537 HTTP/1.1" 200 587
186.103.156.24 - - [28/Mar/2017:11:45:34 -0300] "GET /cormun/static/cmcontrolpreferences.js?201731711335852 HTTP/1.1" 200 1375
192.168.10.96 - - [28/Mar/2017:11:45:34 -0300] "GET /cormun/servlet/vesolicitudnombre?2017,5504,,SolicitudOTAdjuntos HTTP/1.1" 200 10255
192.168.10.96 - - [28/Mar/2017:11:45:35 -0300] "POST /cormun/servlet/acontrolpreferencessavestate?None,DZAMUDIO,true HTTP/1.1" 200 35
186.103.156.24 - - [28/Mar/2017:11:45:35 -0300] "GET /cormun/static/gxui/gxui-all.js HTTP/1.1" 200 107772
192.168.10.89 - - [28/Mar/2017:11:45:35 -0300] "GET /cormun/servlet/hlogin HTTP/1.1" 200 1723
186.103.156.24 - - [28/Mar/2017:11:45:36 -0300] "GET /cormun/static/SmoothNavMenu/resources/ddsmoothmenu.js HTTP/1.1" 200 12712
192.168.10.96 - - [28/Mar/2017:11:45:36 -0300] "GET /cormun/PublicTempStorage/titulo_victoria_marchant3870566.pdf HTTP/1.1" 200 144229
186.103.156.24 - - [28/Mar/2017:11:45:37 -0300] "GET /cormun/static/Shared/jquery/jquery-1.4.2.min.js HTTP/1.1" 200 72174
186.103.156.24 - - [28/Mar/2017:11:45:38 -0300] "GET /cormun/static/SmoothNavMenu/resources/SmoothNavMenuRender.js HTTP/1.1" 200 5951
192.168.10.13 - - [28/Mar/2017:11:45:38 -0300] "GET / HTTP/1.1" 200 11217
186.103.156.24 - - [28/Mar/2017:11:45:38 -0300] "GET /cormun/static/scaMessage/js/jquery.pnotify.min.js HTTP/1.1" 200 13038
186.103.156.24 - - [28/Mar/2017:11:45:38 -0300] "GET /cormun/static/scaMessage/scaMessageRender.js HTTP/1.1" 200 11977
186.103.156.24 - - [28/Mar/2017:11:45:39 -0300] "GET /cormun/static/hmpwkw03.js?201731711485354 HTTP/1.1" 200 3965
186.103.156.24 - - [28/Mar/2017:11:45:39 -0300] "GET /cormun/static/Resources/PXToolsDataTitle.png HTTP/1.1" 200 1173
192.168.10.89 - - [28/Mar/2017:11:45:41 -0300] "POST /cormun/servlet/hlogin?6286fe598ca840baf5855b5ea8e374c5,gx-no-cache=1490715620176 HTTP/1.1" 200 90
192.168.10.89 - - [28/Mar/2017:11:45:41 -0300] "GET /cormun/servlet/hpexe_link HTTP/1.1" 200 954
192.168.10.89 - - [28/Mar/2017:11:45:41 -0300] "GET /cormun/servlet/hhome HTTP/1.1" 200 4396
192.168.10.89 - - [28/Mar/2017:11:45:41 -0300] "GET /cormun/static/gxcfg.js?201731711483497 HTTP/1.1" 304 -
192.168.10.89 - - [28/Mar/2017:11:45:41 -0300] "GET /cormun/static/hhome.js?20173171148352 HTTP/1.1" 304 -
192.168.10.89 - - [28/Mar/2017:11:45:44 -0300] "GET /cormun/servlet/trsolicitudgral? HTTP/1.1" 200 19489
186.103.156.24 - - [28/Mar/2017:11:45:48 -0300] "GET /cormun/static/Shared/jqueryui/jquery-ui.min.js HTTP/1.1" 200 240427
192.168.10.89 - - [28/Mar/2017:11:45:50 -0300] "GET /cormun/static/menuarrow.gif HTTP/1.1" 404 1015
186.103.156.24 - - [28/Mar/2017:11:45:58 -0300] "GET /cormun/static/Shared/jquery/jquery-1.10.2.min.js HTTP/1.1" 200 273199
186.67.172.234 - - [28/Mar/2017:11:46:25 -0300] "POST /cormun/servlet/trcontratosolicitud?cfd5e12d13505951c11bce6dd1712cc5,,gx-no-cache=1490712465578 HTTP/1.1" 200 11328
186.67.172.234 - - [28/Mar/2017:11:46:28 -0300] "POST /cormun/servlet/trcontratosolicitud?cfd5e12d13505951c11bce6dd1712cc5,,gx-no-cache=1490712468208 HTTP/1.1" 200 11322
192.168.10.89 - - [28/Mar/2017:11:46:31 -0300] "POST /cormun/servlet/trsolicitudgral?6286fe598ca840baf5855b5ea8e374c5,,gx-no-cache=1490715669930 HTTP/1.1" 200 18716
192.168.10.96 - - [28/Mar/2017:11:46:36 -0300] "GET /cormun/servlet/vesolicitudnombre?2017,5504,,SolicitudOTAdjuntos HTTP/1.1" 200 10251
192.168.10.96 - - [28/Mar/2017:11:46:37 -0300] "GET /cormun/servlet/vesolicitudnombre?2017,5504,,SolicitudOTAdjuntos HTTP/1.1" 200 10256
192.168.10.13 - - [28/Mar/2017:11:46:38 -0300] "GET / HTTP/1.1" 200 11217
186.103.156.24 - - [28/Mar/2017:11:46:39 -0300] "GET /cormun/static/Shared/ext/ext-all.js HTTP/1.1" 200 1289687
192.168.10.96 - - [28/Mar/2017:11:46:39 -0300] "POST /cormun/servlet/acontrolpreferencessavestate?None,DZAMUDIO,true HTTP/1.1" 200 35
186.103.156.24 - - [28/Mar/2017:11:46:40 -0300] "GET /cormun/servlet/hhome HTTP/1.1" 200 3981
186.103.156.24 - - [28/Mar/2017:11:46:40 -0300] "GET /cormun/static/SmoothNavMenu/resources/images/down.gif HTTP/1.1" 200 854
186.103.156.24 - - [28/Mar/2017:11:46:40 -0300] "GET /cormun/static/SmoothNavMenu/resources/images/right.gif HTTP/1.1" 200 860
192.168.10.89 - - [28/Mar/2017:11:46:40 -0300] "POST /cormun/servlet/trsolicitudgral?6286fe598ca840baf5855b5ea8e374c5,,gx-no-cache=1490715679058 HTTP/1.1" 200 5397
186.103.156.24 - - [28/Mar/2017:11:46:47 -0300] "GET /cormun/servlet/trlicencias? HTTP/1.1" 200 6851
186.103.156.24 - - [28/Mar/2017:11:46:47 -0300] "GET /cormun/static/gxui/gxui-all.css?120300 HTTP/1.1" 200 2179
186.103.156.24 - - [28/Mar/2017:11:46:47 -0300] "GET /cormun/static/calendar-system.css?85620 HTTP/1.1" 200 5572
186.103.156.24 - - [28/Mar/2017:11:46:47 -0300] "GET /cormun/static/gxcfg.js?2016122619301429 HTTP/1.1" 200 953
186.103.156.24 - - [28/Mar/2017:11:46:47 -0300] "GET /cormun/static/calendar-setup.js?85251 HTTP/1.1" 200 2588
186.103.156.24 - - [28/Mar/2017:11:46:47 -0300] "GET /cormun/static/calendar-es.js?85251 HTTP/1.1" 200 1901
186.103.156.24 - - [28/Mar/2017:11:46:47 -0300] "GET /cormun/static/Resources/Spanish/PXTools.css?18365030 HTTP/1.1" 200 89042
186.103.156.24 - - [28/Mar/2017:11:46:47 -0300] "GET /cormun/static/calendar.js?85251 HTTP/1.1" 200 26246
186.103.156.24 - - [28/Mar/2017:11:46:48 -0300] "GET /cormun/static/gxdec.js?85251 HTTP/1.1" 200 19579
186.103.156.24 - - [28/Mar/2017:11:46:50 -0300] "GET /cormun/static/trlicencias.js?2016122619301919 HTTP/1.1" 200 37913
186.103.156.24 - - [28/Mar/2017:11:46:52 -0300] "GET /cormun/static/Resources/PXTools/calendar.png HTTP/1.1" 200 1306
186.103.156.24 - - [28/Mar/2017:11:46:56 -0300] "GET /cormun/static/Resources/PXToolsDataSearch.png HTTP/1.1" 200 419
186.103.156.24 - - [28/Mar/2017:11:46:57 -0300] "GET /cormun/static/Resources/PXToolsGridFirstDisabled.gif HTTP/1.1" 200 100
186.103.156.24 - - [28/Mar/2017:11:46:57 -0300] "GET /cormun/static/Resources/PXToolsGridPreviousDisabled.gif HTTP/1.1" 200 90
186.103.156.24 - - [28/Mar/2017:11:46:57 -0300] "GET /cormun/static/Resources/PXToolsGridNextDisabled.gif HTTP/1.1" 200 90
186.103.156.24 - - [28/Mar/2017:11:46:57 -0300] "GET /cormun/static/Resources/PXToolsGridLastDisabled.gif HTTP/1.1" 200 98
186.103.156.24 - - [28/Mar/2017:11:46:57 -0300] "GET /cormun/static/Resources/PXToolsGridPage.gif HTTP/1.1" 200 725
186.103.156.24 - - [28/Mar/2017:11:46:57 -0300] "GET /cormun/static/Resources/PXToolsActionExcel.png HTTP/1.1" 200 3187
186.103.156.24 - - [28/Mar/2017:11:46:57 -0300] "GET /cormun/static/Resources/PXToolsGridNew.png HTTP/1.1" 200 2949
186.103.156.24 - - [28/Mar/2017:11:47:03 -0300] "GET /cormun/static/Shared/ext/resources/css/ext-all.css?215870 HTTP/1.1" 200 416045
186.103.156.24 - - [28/Mar/2017:11:47:04 -0300] "GET /cormun/static/Resources/asc.gif HTTP/1.1" 200 67
186.103.156.24 - - [28/Mar/2017:11:47:04 -0300] "GET /cormun/static/Resources/desc.gif HTTP/1.1" 200 65
186.103.156.24 - - [28/Mar/2017:11:47:04 -0300] "GET /cormun/servlet/trlicencias? HTTP/1.1" 200 6850
186.103.156.24 - - [28/Mar/2017:11:47:04 -0300] "GET /cormun/static/Shared/ext/resources/themes/images/default/tools/tool-sprites.gif HTTP/1.1" 200 5434
186.103.156.24 - - [28/Mar/2017:11:47:04 -0300] "GET /cormun/static/Shared/ext/resources/themes/images/default/panel/bg-headersPanel.png HTTP/1.1" 200 255
186.103.156.24 - - [28/Mar/2017:11:47:11 -0300] "GET /cormun/servlet/licenciaspermisos?INS,0,,, HTTP/1.1" 200 7368
186.103.156.24 - - [28/Mar/2017:11:47:11 -0300] "GET /cormun/static/calendar-system.css?75620 HTTP/1.1" 200 5572
186.103.156.24 - - [28/Mar/2017:11:47:11 -0300] "GET /cormun/static/gxcfg.js?201731711384427 HTTP/1.1" 200 953
186.103.156.24 - - [28/Mar/2017:11:47:11 -0300] "GET /cormun/static/Resources/prompt.gif HTTP/1.1" 200 902
186.103.156.24 - - [28/Mar/2017:11:47:11 -0300] "GET /cormun/static/licenciaspermisos.js?201731711384498 HTTP/1.1" 200 33773
186.103.156.24 - - [28/Mar/2017:11:47:12 -0300] "GET /cormun/servlet/licenciaspermisos?INS,0,,, HTTP/1.1" 200 7368
192.168.10.13 - - [28/Mar/2017:11:47:38 -0300] "GET / HTTP/1.1" 200 11217
186.103.156.24 - - [28/Mar/2017:11:47:55 -0300] "GET /cormun/servlet/licenciaspermisos?4335fbdcc2e942ccb68b2fd5be426b865465cf4ce708409bc22bef581f2a1aaa1982bfc3748dc396fc6c990ad2010236,gx-no-cache=1490712563425 HTTP/1.1" 200 31
186.103.156.24 - - [28/Mar/2017:11:47:55 -0300] "POST /cormun/servlet/licenciaspermisos?fd7d4c4801ecd4217b9aecd1d2ea2505,INS,0,,,,gx-no-cache=1490712563614 HTTP/1.1" 200 4595
186.67.172.234 - - [28/Mar/2017:11:48:22 -0300] "POST /cormun/servlet/trcontratosolicitud?cfd5e12d13505951c11bce6dd1712cc5,,gx-no-cache=1490712582650 HTTP/1.1" 200 11191
192.168.10.13 - - [28/Mar/2017:11:48:38 -0300] "GET / HTTP/1.1" 200 11217
186.67.172.234 - - [28/Mar/2017:11:48:39 -0300] "POST /cormun/servlet/trcontratosolicitud?cfd5e12d13505951c11bce6dd1712cc5,,gx-no-cache=1490712599094 HTTP/1.1" 200 11143
200.54.247.69 - - [28/Mar/2017:11:48:58 -0300] "GET /cormun/servlet/hlogin HTTP/1.1" 200 1727
200.54.247.69 - - [28/Mar/2017:11:48:58 -0300] "GET /cormun/static/Resources/Spanish/PXTools.css?11294912 HTTP/1.1" 304 -
200.54.247.69 - - [28/Mar/2017:11:48:58 -0300] "GET /cormun/static/messages.spa.js?85251 HTTP/1.1" 304 -
200.54.247.69 - - [28/Mar/2017:11:48:59 -0300] "GET /cormun/static/hlogin.js?201731711485490 HTTP/1.1" 304 -
200.54.247.69 - - [28/Mar/2017:11:48:59 -0300] "GET /cormun/static/gxcfg.js?201731711485472 HTTP/1.1" 304 -
200.54.247.69 - - [28/Mar/2017:11:48:59 -0300] "GET /cormun/servlet/hlogin HTTP/1.1" 200 1735
200.54.247.69 - - [28/Mar/2017:11:49:09 -0300] "POST /cormun/servlet/hlogin?73b80dfe551a55c7fe1262398edf2b29,gx-no-cache=1490712616236 HTTP/1.1" 200 90
200.54.247.69 - - [28/Mar/2017:11:49:09 -0300] "GET /cormun/servlet/hpexe_link HTTP/1.1" 200 952
200.54.247.69 - - [28/Mar/2017:11:49:09 -0300] "GET /cormun/static/gxcfg.js?201731711483381 HTTP/1.1" 304 -
200.54.247.69 - - [28/Mar/2017:11:49:09 -0300] "GET /cormun/static/hpexe_link.js?201731711483384 HTTP/1.1" 304 -
200.54.247.69 - - [28/Mar/2017:11:49:09 -0300] "GET /cormun/servlet/hhome HTTP/1.1" 200 4010
200.54.247.69 - - [28/Mar/2017:11:49:10 -0300] "GET /cormun/static/gxcfg.js?201731711483497 HTTP/1.1" 304 -
200.54.247.69 - - [28/Mar/2017:11:49:10 -0300] "GET /cormun/static/hhome.js?20173171148352 HTTP/1.1" 304 -
200.54.247.69 - - [28/Mar/2017:11:49:10 -0300] "GET /cormun/static/hwchdr01.js?201731711335950 HTTP/1.1" 304 -
200.54.247.69 - - [28/Mar/2017:11:49:10 -0300] "GET /cormun/static/hpexe_recentlink.js?201610171694390 HTTP/1.1" 304 -
200.54.247.69 - - [28/Mar/2017:11:49:10 -0300] "GET /cormun/static/hpexe_scripts.js?201731711335890 HTTP/1.1" 304 -
200.54.247.69 - - [28/Mar/2017:11:49:10 -0300] "GET /cormun/static/hpexe_messagecontroller.js?201610171694323 HTTP/1.1" 304 -
200.54.247.69 - - [28/Mar/2017:11:49:10 -0300] "GET /cormun/static/hpexe_messagepopupcomponent.js?20161017169425 HTTP/1.1" 304 -
200.54.247.69 - - [28/Mar/2017:11:49:10 -0300] "GET /cormun/static/hpexe_messagegenexuscomponent.js?201731711335537 HTTP/1.1" 304 -
200.54.247.69 - - [28/Mar/2017:11:49:10 -0300] "GET /cormun/static/cmcontrolpreferences.js?201731711335852 HTTP/1.1" 304 -
200.54.247.69 - - [28/Mar/2017:11:49:10 -0300] "GET /cormun/static/hmpwkw03.js?201731711485354 HTTP/1.1" 304 -
200.54.247.69 - - [28/Mar/2017:11:49:10 -0300] "GET /cormun/servlet/hhome HTTP/1.1" 200 4008
200.54.247.69 - - [28/Mar/2017:11:49:17 -0300] "GET /cormun/servlet/trpermisosgoce? HTTP/1.1" 200 9107
200.54.247.69 - - [28/Mar/2017:11:49:17 -0300] "GET /cormun/static/gxcfg.js?20173171154124 HTTP/1.1" 304 -
200.54.247.69 - - [28/Mar/2017:11:49:17 -0300] "GET /cormun/static/trpermisosgoce.js?20173171154177 HTTP/1.1" 304 -
200.54.247.69 - - [28/Mar/2017:11:49:18 -0300] "GET /cormun/servlet/trpermisosgoce? HTTP/1.1" 200 9105
200.54.247.69 - - [28/Mar/2017:11:49:20 -0300] "GET /cormun/servlet/permisogoce?INS,0,,, HTTP/1.1" 200 6767
200.54.247.69 - - [28/Mar/2017:11:49:20 -0300] "GET /cormun/static/permisogoce.js?20173171142217 HTTP/1.1" 304 -
200.54.247.69 - - [28/Mar/2017:11:49:21 -0300] "GET /cormun/static/gxcfg.js?201731711422032 HTTP/1.1" 304 -
200.54.247.69 - - [28/Mar/2017:11:49:21 -0300] "GET /cormun/servlet/permisogoce?INS,0,,, HTTP/1.1" 200 6767
192.168.10.13 - - [28/Mar/2017:11:49:38 -0300] "GET / HTTP/1.1" 200 11217
186.103.159.46 - - [28/Mar/2017:11:50:04 -0300] "POST /cormun/servlet/trlicencias?87da22d65e2007c7fdc6643fb19cc123,,gx-no-cache=1490712670981 HTTP/1.1" 200 5967
186.79.203.90 - - [28/Mar/2017:11:50:18 -0300] "POST /cormun/servlet/trcontratounov2?582d519a45e0cda4c32c935e8fdb8e18,,gx-no-cache=1490712682934 HTTP/1.1" 200 14631
186.79.203.90 - - [28/Mar/2017:11:50:19 -0300] "GET /cormun/static/Resources/PXToolsGridNext.gif HTTP/1.1" 200 369
186.79.203.90 - - [28/Mar/2017:11:50:19 -0300] "GET /cormun/static/Resources/PXToolsGridLast.gif HTTP/1.1" 200 370
200.54.247.69 - - [28/Mar/2017:11:50:29 -0300] "GET /cormun/servlet/hlogin HTTP/1.1" 200 1727
200.54.247.69 - - [28/Mar/2017:11:50:35 -0300] "GET /cormun/servlet/prfichaempleado?,MD,,gxPopupLevel%3D0%3B HTTP/1.1" 302 -
200.54.247.69 - - [28/Mar/2017:11:50:35 -0300] "GET /cormun/servlet/hlogin?gxPopupLevel%3D0%3B HTTP/1.1" 200 1772
192.168.10.13 - - [28/Mar/2017:11:50:38 -0300] "GET / HTTP/1.1" 200 11217
186.79.203.90 - - [28/Mar/2017:11:50:40 -0300] "GET /cormun/servlet/trcontratounov2? HTTP/1.1" 200 17014
186.79.203.90 - - [28/Mar/2017:11:50:41 -0300] "GET /cormun/servlet/trcontratounov2? HTTP/1.1" 200 17008
200.54.247.69 - - [28/Mar/2017:11:50:54 -0300] "POST /cormun/servlet/hlogin?73b80dfe551a55c7fe1262398edf2b29,gx-no-cache=1490712720786 HTTP/1.1" 200 90
200.54.247.69 - - [28/Mar/2017:11:50:54 -0300] "GET /cormun/servlet/hpexe_link HTTP/1.1" 200 966
200.54.247.69 - - [28/Mar/2017:11:50:54 -0300] "GET /cormun/servlet/permisogoce?INS,0,,, HTTP/1.1" 200 6769
200.54.247.69 - - [28/Mar/2017:11:50:55 -0300] "GET /cormun/servlet/permisogoce?INS,0,,, HTTP/1.1" 200 6767
186.103.156.24 - - [28/Mar/2017:11:51:02 -0300] "GET /cormun/servlet/licenciaspermisos?4335fbdcc2e942ccb68b2fd5be426b868ea190fe450b5481fe2e70784c0112ddf84600e88b3f641384a482a392073bcc208c35f4870e1404eee9002729a7bd98cfef46803cbdc6c3fb367db7068984307cb4a025bfd269ffc29e821ea3aed0eaf34c8148679af63a7b445e6b64fa73afbaca6b91aade7c55a0784b1d1af7a0ec9cda351bb511ea1325acaaad4ba832f81353322299bb6cce834f99cd21b187f34253401a148d5672c829eb5c8bd89bdd9562b93fbf9414f22c562853b141059ae1b1df2dc17eee3258b3371b2622231ff74761133f1062c474289bb36876e1b8,gx-no-cache=1490712772066 HTTP/1.1" 200 30
186.103.156.24 - - [28/Mar/2017:11:51:03 -0300] "POST /cormun/servlet/licenciaspermisos?fd7d4c4801ecd4217b9aecd1d2ea2505,INS,0,,,,gx-no-cache=1490712772297 HTTP/1.1" 200 4682
200.54.247.69 - - [28/Mar/2017:11:51:10 -0300] "GET /cormun/servlet/prfichaempleado?,MD,,gxPopupLevel%3D0%3B HTTP/1.1" 200 8887
200.54.247.69 - - [28/Mar/2017:11:51:10 -0300] "GET /cormun/static/gxcfg.js?2016102420561687 HTTP/1.1" 304 -
200.54.247.69 - - [28/Mar/2017:11:51:10 -0300] "GET /cormun/static/prfichaempleado.js?201610242056198 HTTP/1.1" 304 -
200.54.247.69 - - [28/Mar/2017:11:51:10 -0300] "GET /cormun/static/menusearch.js?201610171694467 HTTP/1.1" 304 -
200.54.247.69 - - [28/Mar/2017:11:51:10 -0300] "GET /cormun/static/hmpwkw011.js?201731711483558 HTTP/1.1" 304 -
200.54.247.69 - - [28/Mar/2017:11:51:10 -0300] "GET /cormun/static/Resources/Spanish/PXTools.css?167811 HTTP/1.1" 304 -
200.54.247.69 - - [28/Mar/2017:11:51:19 -0300] "POST /cormun/servlet/prfichaempleado?73b80dfe551a55c7fe1262398edf2b29,,MD,,gxPopupLevel%3D0%3B,gx-no-cache=1490712746347 HTTP/1.1" 200 3415
200.54.247.69 - - [28/Mar/2017:11:51:25 -0300] "GET /cormun/servlet/permisogoce?d8d90026e36466f47bf0590b9c9e169bc7fcbeaf00062825532ec5e7e6cc7b23a2769812800f9c325b2b3cc46a134a5e,gx-no-cache=1490712752038 HTTP/1.1" 200 74
192.168.10.89 - - [28/Mar/2017:11:51:31 -0300] "POST /cormun/servlet/trsolicitudgral?6286fe598ca840baf5855b5ea8e374c5,,gx-no-cache=1490715970115 HTTP/1.1" 200 5407
200.54.247.69 - - [28/Mar/2017:11:51:33 -0300] "GET /cormun/servlet/permisogoce?d8d90026e36466f47bf0590b9c9e169b2f9a994083dd08d0f54f5345257b54685b18ce895304acd131e067faeea8f14058bad68ec51956081becd06008f26340,gx-no-cache=1490712760142 HTTP/1.1" 200 47
192.168.10.89 - - [28/Mar/2017:11:51:35 -0300] "POST /cormun/servlet/trsolicitudgral?6286fe598ca840baf5855b5ea8e374c5,,gx-no-cache=1490715974131 HTTP/1.1" 200 6703
192.168.10.13 - - [28/Mar/2017:11:51:38 -0300] "GET / HTTP/1.1" 200 11217
192.168.10.89 - - [28/Mar/2017:11:51:40 -0300] "GET /cormun/servlet/solicitudgral?UPD,2017,4979, HTTP/1.1" 200 12252
192.168.10.89 - - [28/Mar/2017:11:51:40 -0300] "GET /cormun/static/gxcfg.js?2017261155185 HTTP/1.1" 304 -
192.168.10.89 - - [28/Mar/2017:11:51:40 -0300] "GET /cormun/static/solicitudgral.js?2017261155246 HTTP/1.1" 304 -
192.168.10.89 - - [28/Mar/2017:11:51:42 -0300] "POST /cormun/servlet/solicitudgral?gx-no-cache=1490715980600 HTTP/1.1" 200 3189
192.168.10.89 - - [28/Mar/2017:11:51:42 -0300] "GET /cormun/servlet/solicitudgral?5667e7bba96606ea4d5189ce97d000c286dacbf29cfddccef110696ce9bda755af26cb7c3d97930b61f95f444039ace78a58b056cad80cf2085fe8dbd4b3b2d49253ce42429ebd6265d18aa8484bd685d6933359e6ecce8c2427db8cfdcb17ff56dae51674cc0ce1ff77894a9ca59b82c6093df6f2ada1350ba9c97a70abfba3f28a97f060ac9613e006954a34e4ca85217e544e70e91ab009d41b0b48efcdd59430f3cc6861a1654590ad8f8c38aebf5f6f4dddda2e97ce22356e8cdb251854895a40910e1868999d95cc5177f9404aecc699d40485d9357a82ace7d3c779cad18b2ebab787d5a4a283125b70d1212f85b258892ac752ceef4374c3245490c77af9a4dfac174ac015cb2975910d5c595baa2a6e3a4102512a9eb18edc826db3e722ec8344c89f75a1e6dc48135dc153f4f33ab88a88a0288717bf6777896dadaf6d6eef6ecf385eb0d9e0fc8f5dfeb2,gx-no-cache=1490715980869 HTTP/1.1" 200 298
192.168.10.89 - - [28/Mar/2017:11:51:45 -0300] "GET /cormun/servlet/solicitudgral?5667e7bba96606ea4d5189ce97d000c2b4262df2bca8e28cac5a3264df4fe578216bc84fd648bf0d1909d8d6d2790ded87287f94712b47419a2ec37ae30e459e2d333315087b9154abdf3475d576c8ad83eebd0e8def2d63116f20e53e8a4632f41bd536a2a21ea5590ce20f378a83eb04d0d69e3422270b08f601e5c4effd704b7846b9f53ec91d6451ea4ae67b6661880812293f7a4a970da6ef8e7aba2f2d835efd2947472d3e1d0cf727e22731b9accadddf4c641719c27bf64c219f4ed3cd899d75a62b4d7b9813a791e451b2dd9bb15fb22600332c338faf9b98d0d597374bd10e4d03098e3c00627addd0fc4653aee15a5d3b6c8b478f03e9fc7065f75c009c3eaa6ff7aadf466f0c745ad92b8799666eaa14c15b147ad374c5f46e01edbf5d548db4d780b57b977cc0eb457c0c368c14716c0402696c1315da1ea555b8ddb0dd103eb8c2595545d2a78e9cba0101311ca7c36b19d8b555108cf9292f4b98c90d8a7994c49b8ba78575f8304f7ff0808306d687d4cf7f4dd345a8e2c82924bcc4639a521fc12cc70865c7134bf5f9812f36e89273f1858751af1d9412c0bcc8b35c1947189b596313fb26b45b5e5c3e72d9ee89a5dc4e12aca01b9cfaa8ffa869bf4617689c29cebdac3118837ff7970e5251d699f46c908e6cbd81ef192cd5886a37af24c29062e62022e460c3aee4b780b5d14b717f1dbbdf085c32a1c9fec9c5730bf2fa9a35bd03260ea5151f0b5838f461e34bc2392e481747365b98438616a73cc796e29142f3659352,gx-no-cache=1490715984588 HTTP/1.1" 200 48
192.168.10.89 - - [28/Mar/2017:11:51:47 -0300] "POST /cormun/servlet/solicitudgral?6286fe598ca840baf5855b5ea8e374c5,UPD,2017,4979,,gx-no-cache=1490715986396 HTTP/1.1" 200 10607
192.168.10.89 - - [28/Mar/2017:11:51:48 -0300] "GET /cormun/servlet/solicitudgral?5667e7bba96606ea4d5189ce97d000c2707997302d17ff015b92f50c5a86f40f2bb844f9538ff23392d9351aecd82bb6145d5b6fb7d3222848426c51766c9b585658c0469f6b17e8bb6e0c0e15ca5c43a1c9e36cea8c250e9d290ff05de5864a29453ab090f167dfbfc0d17d3ed871cf,gx-no-cache=1490715986919 HTTP/1.1" 200 29
192.168.10.89 - - [28/Mar/2017:11:51:48 -0300] "POST /cormun/servlet/solicitudgral?gx-no-cache=1490715986966 HTTP/1.1" 200 1251
192.168.10.89 - - [28/Mar/2017:11:51:48 -0300] "POST /cormun/servlet/solicitudgral?gx-no-cache=1490715987023 HTTP/1.1" 200 1154
200.54.247.69 - - [28/Mar/2017:11:51:49 -0300] "POST /cormun/servlet/permisogoce?73b80dfe551a55c7fe1262398edf2b29,INS,0,,,,gx-no-cache=1490712775122 HTTP/1.1" 200 93
200.54.247.69 - - [28/Mar/2017:11:51:49 -0300] "GET /cormun/servlet/hpexe_return? HTTP/1.1" 200 1010
200.54.247.69 - - [28/Mar/2017:11:51:50 -0300] "GET /cormun/static/gxcfg.js?2016101716175148 HTTP/1.1" 304 -
200.54.247.69 - - [28/Mar/2017:11:51:50 -0300] "GET /cormun/static/hpexe_return.js?2016101716175153 HTTP/1.1" 304 -
200.54.247.69 - - [28/Mar/2017:11:51:50 -0300] "GET /cormun/servlet/trpermisosgoce HTTP/1.1" 200 9293
192.168.10.89 - - [28/Mar/2017:11:51:50 -0300] "POST /cormun/servlet/solicitudgral?6286fe598ca840baf5855b5ea8e374c5,UPD,2017,4979,,gx-no-cache=1490715989128 HTTP/1.1" 200 93
192.168.10.89 - - [28/Mar/2017:11:51:50 -0300] "GET /cormun/servlet/hpexe_return? HTTP/1.1" 200 1015
192.168.10.89 - - [28/Mar/2017:11:51:50 -0300] "GET /cormun/static/gxcfg.js?2016101716175148 HTTP/1.1" 304 -
192.168.10.89 - - [28/Mar/2017:11:51:50 -0300] "GET /cormun/static/hpexe_return.js?2016101716175153 HTTP/1.1" 304 -
200.54.247.69 - - [28/Mar/2017:11:51:50 -0300] "GET /cormun/servlet/trpermisosgoce HTTP/1.1" 200 9295
192.168.10.89 - - [28/Mar/2017:11:51:50 -0300] "GET /cormun/servlet/trsolicitudgral? HTTP/1.1" 200 10017
192.168.10.89 - - [28/Mar/2017:11:51:58 -0300] "POST /cormun/servlet/trsolicitudgral?6286fe598ca840baf5855b5ea8e374c5,,gx-no-cache=1490715996379 HTTP/1.1" 200 22671
200.54.247.69 - - [28/Mar/2017:11:52:02 -0300] "GET /cormun/servlet/trpermisosadjuntos?10607785,20170328124628,P, HTTP/1.1" 200 6330
200.54.247.69 - - [28/Mar/2017:11:52:02 -0300] "GET /cormun/static/gxcfg.js?201731711542659 HTTP/1.1" 304 -
200.54.247.69 - - [28/Mar/2017:11:52:02 -0300] "GET /cormun/static/trpermisosadjuntos.js?201731711542990 HTTP/1.1" 304 -
200.54.247.69 - - [28/Mar/2017:11:52:02 -0300] "GET /cormun/servlet/trpermisosadjuntos?10607785,20170328124628,P, HTTP/1.1" 200 6330
200.54.247.69 - - [28/Mar/2017:11:52:04 -0300] "GET /cormun/servlet/permisosadjuntos?INS,10607785,P,20170328124628,, HTTP/1.1" 200 5650
200.54.247.69 - - [28/Mar/2017:11:52:04 -0300] "GET /cormun/static/Resources/Spanish/PXTools.css?18365030 HTTP/1.1" 304 -
200.54.247.69 - - [28/Mar/2017:11:52:04 -0300] "GET /cormun/static/gxcfg.js?2016122813135788 HTTP/1.1" 304 -
200.54.247.69 - - [28/Mar/2017:11:52:04 -0300] "GET /cormun/static/permisosadjuntos.js?2016122813135797 HTTP/1.1" 304 -
200.54.247.69 - - [28/Mar/2017:11:52:04 -0300] "GET /cormun/static/about:blank HTTP/1.1" 404 1011
200.54.247.69 - - [28/Mar/2017:11:52:04 -0300] "GET /cormun/servlet/permisosadjuntos?INS,10607785,P,20170328124628,, HTTP/1.1" 200 5640
186.103.156.24 - - [28/Mar/2017:11:52:34 -0300] "GET /cormun/servlet/licenciaspermisos?4335fbdcc2e942ccb68b2fd5be426b86973c77cb61992ffc7d92a5ae6de5acacd9c7c1ff02fc2346dc6327547ce45cfd46013519064d0df6817bfb156c53416e06bfa632b766cd26859f5edc34b4fb4e051190a391896b2b53423e5cd12ac34a146ae7a4b2ba763379a521c7e9f897b8b2f87db71dd1f3a4b106c4390fae870c1f30cb03f419cc084d0bcf89358aa532c240efb13f320b5d06a17816cb6db4b0e5c2294608115b644240d640568c2e74837ed89320a5059d1c4d845a34f19ac37d65db7db7e2aa3e01238af08b2c16f57bcdd31151fb362342442e2885b2d59530ffc23b5b1a6968ac79ae5944a5997f,gx-no-cache=1490712873532 HTTP/1.1" 200 29
186.103.156.24 - - [28/Mar/2017:11:52:34 -0300] "POST /cormun/servlet/licenciaspermisos?fd7d4c4801ecd4217b9aecd1d2ea2505,INS,0,,,,gx-no-cache=1490712873641 HTTP/1.1" 500 10
192.168.10.13 - - [28/Mar/2017:11:52:38 -0300] "GET / HTTP/1.1" 200 11217
186.103.159.187 - - [28/Mar/2017:11:52:40 -0300] "GET /cormun/servlet/hlogin HTTP/1.1" 200 1731
186.103.159.187 - - [28/Mar/2017:11:52:40 -0300] "GET /cormun/static/Resources/Spanish/PXTools.css?11294912 HTTP/1.1" 304 -
186.103.159.187 - - [28/Mar/2017:11:52:40 -0300] "GET /cormun/static/messages.spa.js?85251 HTTP/1.1" 304 -
186.103.159.187 - - [28/Mar/2017:11:52:40 -0300] "GET /cormun/static/hlogin.js?201731711485490 HTTP/1.1" 304 -
186.103.159.187 - - [28/Mar/2017:11:52:41 -0300] "GET /cormun/static/gxcfg.js?201731711485472 HTTP/1.1" 304 -
186.103.159.187 - - [28/Mar/2017:11:52:41 -0300] "GET /cormun/servlet/hlogin HTTP/1.1" 200 1734
186.103.159.187 - - [28/Mar/2017:11:52:42 -0300] "GET /favicon.ico HTTP/1.1" 200 21630
200.54.247.69 - - [28/Mar/2017:11:52:45 -0300] "POST /cormun/servlet/permisosadjuntos?73b80dfe551a55c7fe1262398edf2b29,INS,10607785,P,20170328124628,, HTTP/1.1" 200 116
200.54.247.69 - - [28/Mar/2017:11:52:45 -0300] "GET /cormun/servlet/hpexe_return? HTTP/1.1" 200 1038
200.54.247.69 - - [28/Mar/2017:11:52:46 -0300] "GET /cormun/servlet/trpermisosadjuntos?10607785,20170328124628,P, HTTP/1.1" 200 6776
200.54.247.69 - - [28/Mar/2017:11:52:47 -0300] "GET /cormun/servlet/trpermisosadjuntos?10607785,20170328124628,P, HTTP/1.1" 200 6773
186.103.156.24 - - [28/Mar/2017:11:52:47 -0300] "GET /cormun/servlet/trlicencias? HTTP/1.1" 200 6851
186.103.156.24 - - [28/Mar/2017:11:52:48 -0300] "GET /cormun/servlet/trlicencias? HTTP/1.1" 200 6850
200.54.247.69 - - [28/Mar/2017:11:52:51 -0300] "POST /cormun/servlet/trpermisosadjuntos?73b80dfe551a55c7fe1262398edf2b29,10607785,20170328124628,P,,gx-no-cache=1490712837780 HTTP/1.1" 200 90
200.54.247.69 - - [28/Mar/2017:11:52:51 -0300] "GET /cormun/servlet/hpexe_link HTTP/1.1" 200 982
200.54.247.69 - - [28/Mar/2017:11:52:51 -0300] "GET /cormun/servlet/trpermisosgoce HTTP/1.1" 200 9297
200.54.247.69 - - [28/Mar/2017:11:52:52 -0300] "GET /cormun/servlet/trpermisosgoce HTTP/1.1" 200 9290
186.103.159.187 - - [28/Mar/2017:11:52:53 -0300] "POST /cormun/servlet/hlogin?9ec482b9455fceae9e93ff1fb990bed3,gx-no-cache=1490716438262 HTTP/1.1" 200 90
186.103.159.187 - - [28/Mar/2017:11:52:53 -0300] "GET /cormun/servlet/hpexe_link HTTP/1.1" 200 953
186.103.159.187 - - [28/Mar/2017:11:52:53 -0300] "GET /cormun/static/gxcfg.js?201731711483381 HTTP/1.1" 304 -
186.103.159.187 - - [28/Mar/2017:11:52:53 -0300] "GET /cormun/static/hpexe_link.js?201731711483384 HTTP/1.1" 304 -
186.103.159.187 - - [28/Mar/2017:11:52:54 -0300] "GET /cormun/servlet/hhome HTTP/1.1" 200 3735
186.103.159.187 - - [28/Mar/2017:11:52:54 -0300] "GET /cormun/static/gxcfg.js?201731711483497 HTTP/1.1" 304 -
186.103.159.187 - - [28/Mar/2017:11:52:54 -0300] "GET /cormun/static/hhome.js?20173171148352 HTTP/1.1" 304 -
186.103.159.187 - - [28/Mar/2017:11:52:54 -0300] "GET /cormun/static/hwchdr01.js?201731711335950 HTTP/1.1" 304 -
186.103.159.187 - - [28/Mar/2017:11:52:54 -0300] "GET /cormun/static/hpexe_recentlink.js?201610171694390 HTTP/1.1" 304 -
186.103.159.187 - - [28/Mar/2017:11:52:54 -0300] "GET /cormun/static/hpexe_scripts.js?201731711335890 HTTP/1.1" 304 -
186.103.159.187 - - [28/Mar/2017:11:52:54 -0300] "GET /cormun/static/hpexe_messagepopupcomponent.js?20161017169425 HTTP/1.1" 304 -
186.103.159.187 - - [28/Mar/2017:11:52:54 -0300] "GET /cormun/static/hpexe_messagecontroller.js?201610171694323 HTTP/1.1" 304 -
186.103.159.187 - - [28/Mar/2017:11:52:54 -0300] "GET /cormun/static/hpexe_messagegenexuscomponent.js?201731711335537 HTTP/1.1" 304 -
186.103.159.187 - - [28/Mar/2017:11:52:54 -0300] "GET /cormun/static/cmcontrolpreferences.js?201731711335852 HTTP/1.1" 304 -
186.103.159.187 - - [28/Mar/2017:11:52:54 -0300] "GET /cormun/static/hmpwkw03.js?201731711485354 HTTP/1.1" 304 -
186.103.159.187 - - [28/Mar/2017:11:52:55 -0300] "GET /cormun/servlet/hhome HTTP/1.1" 200 3732
186.103.156.24 - - [28/Mar/2017:11:52:56 -0300] "GET /cormun/servlet/licenciaspermisos?INS,0,,, HTTP/1.1" 200 7368
186.103.156.24 - - [28/Mar/2017:11:52:56 -0300] "GET /cormun/servlet/licenciaspermisos?INS,0,,, HTTP/1.1" 200 7368
186.103.159.187 - - [28/Mar/2017:11:52:58 -0300] "GET /cormun/servlet/trsolicitudot? HTTP/1.1" 200 7956
186.103.159.187 - - [28/Mar/2017:11:52:58 -0300] "GET /cormun/static/gxcfg.js?201731711505139 HTTP/1.1" 304 -
186.103.159.187 - - [28/Mar/2017:11:52:58 -0300] "GET /cormun/static/trsolicitudot.js?20173171151116 HTTP/1.1" 304 -
186.103.159.187 - - [28/Mar/2017:11:52:59 -0300] "GET /cormun/servlet/trsolicitudot? HTTP/1.1" 200 7955
186.103.156.24 - - [28/Mar/2017:11:52:59 -0300] "GET /cormun/servlet/trlicencias? HTTP/1.1" 200 6851
186.103.156.24 - - [28/Mar/2017:11:53:01 -0300] "GET /cormun/servlet/trlicencias? HTTP/1.1" 200 6850
186.103.159.187 - - [28/Mar/2017:11:53:02 -0300] "GET /cormun/servlet/solicitudot?INS,0,0, HTTP/1.1" 200 12545
186.103.159.187 - - [28/Mar/2017:11:53:02 -0300] "GET /cormun/static/Resources/Spanish/PXTools.css?18365030 HTTP/1.1" 304 -
186.103.159.187 - - [28/Mar/2017:11:53:02 -0300] "GET /cormun/static/gxcfg.js?20171191042720 HTTP/1.1" 304 -
186.103.159.187 - - [28/Mar/2017:11:53:03 -0300] "GET /cormun/static/solicitudot.js?2017119104297 HTTP/1.1" 304 -
186.103.159.187 - - [28/Mar/2017:11:53:03 -0300] "GET /cormun/servlet/solicitudot?INS,0,0, HTTP/1.1" 200 12550
186.103.156.24 - - [28/Mar/2017:11:53:04 -0300] "POST /cormun/servlet/trlicencias?fd7d4c4801ecd4217b9aecd1d2ea2505,,gx-no-cache=1490712905283 HTTP/1.1" 200 101
186.103.156.24 - - [28/Mar/2017:11:53:05 -0300] "GET /cormun/Licencias-7286.xls HTTP/1.1" 200 4608
200.54.247.69 - - [28/Mar/2017:11:53:06 -0300] "POST /cormun/servlet/trpermisosgoce?73b80dfe551a55c7fe1262398edf2b29,gx-no-cache=1490712852768 HTTP/1.1" 200 104
200.54.247.69 - - [28/Mar/2017:11:53:06 -0300] "GET /cormun/PermisosGoce-8359.xls HTTP/1.1" 200 6144
192.168.10.60 - - [28/Mar/2017:11:53:08 -0300] "GET /cormun/servlet/hlogin HTTP/1.1" 200 1722
192.168.10.60 - - [28/Mar/2017:11:53:10 -0300] "POST /cormun/servlet/hlogin?ad595ce3f6b5d59e95cee1b1085fd42c,gx-no-cache=1490712032800 HTTP/1.1" 200 90
192.168.10.60 - - [28/Mar/2017:11:53:10 -0300] "GET /cormun/servlet/hpexe_link HTTP/1.1" 200 951
192.168.10.60 - - [28/Mar/2017:11:53:10 -0300] "GET /cormun/servlet/hhome HTTP/1.1" 200 3749
192.168.10.60 - - [28/Mar/2017:11:53:10 -0300] "GET /cormun/servlet/hhome HTTP/1.1" 200 3746
192.168.10.60 - - [28/Mar/2017:11:53:14 -0300] "GET /cormun/servlet/trautorizarot? HTTP/1.1" 200 24545
192.168.10.60 - - [28/Mar/2017:11:53:15 -0300] "GET /cormun/servlet/trautorizarot? HTTP/1.1" 200 24544
192.168.10.60 - - [28/Mar/2017:11:53:16 -0300] "GET /cormun/static/menuarrow.gif HTTP/1.1" 404 1015
186.103.159.187 - - [28/Mar/2017:11:53:24 -0300] "GET /cormun/servlet/prfichaempleado?,MD,,gxPopupLevel%3D0%3B HTTP/1.1" 200 8794
186.103.159.187 - - [28/Mar/2017:11:53:24 -0300] "GET /cormun/static/Resources/Spanish/PXTools.css?167811 HTTP/1.1" 304 -
186.103.159.187 - - [28/Mar/2017:11:53:24 -0300] "GET /cormun/static/gxcfg.js?2016102420561687 HTTP/1.1" 304 -
186.103.159.187 - - [28/Mar/2017:11:53:24 -0300] "GET /cormun/static/prfichaempleado.js?201610242056198 HTTP/1.1" 304 -
186.103.159.187 - - [28/Mar/2017:11:53:25 -0300] "GET /cormun/static/hmpwkw011.js?201731711483558 HTTP/1.1" 304 -
186.103.159.187 - - [28/Mar/2017:11:53:25 -0300] "GET /cormun/static/menusearch.js?201610171694467 HTTP/1.1" 304 -
192.168.10.60 - - [28/Mar/2017:11:53:26 -0300] "POST /cormun/servlet/trautorizarot?ad595ce3f6b5d59e95cee1b1085fd42c,,gx-no-cache=1490712048325 HTTP/1.1" 200 22262
192.168.10.13 - - [28/Mar/2017:11:53:38 -0300] "GET / HTTP/1.1" 200 11217
186.103.159.187 - - [28/Mar/2017:11:53:40 -0300] "POST /cormun/servlet/prfichaempleado?9ec482b9455fceae9e93ff1fb990bed3,,MD,,gxPopupLevel%3D0%3B,gx-no-cache=1490716484978 HTTP/1.1" 200 3391
186.103.159.187 - - [28/Mar/2017:11:53:50 -0300] "POST /cormun/servlet/solicitudot?gx-no-cache=1490716494018 HTTP/1.1" 200 3183
186.103.159.187 - - [28/Mar/2017:11:53:52 -0300] "POST /cormun/servlet/solicitudot?9ec482b9455fceae9e93ff1fb990bed3,INS,0,0,,gx-no-cache=1490716495079 HTTP/1.1" 200 9777
192.168.10.60 - - [28/Mar/2017:11:54:18 -0300] "POST /cormun/servlet/trautorizarot?ad595ce3f6b5d59e95cee1b1085fd42c,,gx-no-cache=1490712101553 HTTP/1.1" 200 7048
192.168.10.60 - - [28/Mar/2017:11:54:27 -0300] "POST /cormun/servlet/trautorizarot?ad595ce3f6b5d59e95cee1b1085fd42c,,gx-no-cache=1490712110243 HTTP/1.1" 200 5164
186.103.156.24 - - [28/Mar/2017:11:54:32 -0300] "GET /cormun/servlet/licenciaspermisos?INS,0,,, HTTP/1.1" 200 7368
186.103.156.24 - - [28/Mar/2017:11:54:33 -0300] "GET /cormun/servlet/licenciaspermisos?INS,0,,, HTTP/1.1" 200 7368
192.168.10.60 - - [28/Mar/2017:11:54:35 -0300] "POST /cormun/servlet/trautorizarot?ad595ce3f6b5d59e95cee1b1085fd42c,,gx-no-cache=1490712117439 HTTP/1.1" 200 22148
192.168.10.13 - - [28/Mar/2017:11:54:38 -0300] "GET / HTTP/1.1" 200 11217
192.168.10.60 - - [28/Mar/2017:11:54:46 -0300] "POST /cormun/servlet/trautorizarot?ad595ce3f6b5d59e95cee1b1085fd42c,,gx-no-cache=1490712128689 HTTP/1.1" 200 8051
186.103.156.24 - - [28/Mar/2017:11:54:57 -0300] "GET /cormun/servlet/licenciaspermisos?4335fbdcc2e942ccb68b2fd5be426b865465cf4ce708409bc22bef581f2a1aaa1982bfc3748dc396fc6c990ad2010236,gx-no-cache=1490713030367 HTTP/1.1" 200 31
186.103.156.24 - - [28/Mar/2017:11:54:58 -0300] "POST /cormun/servlet/licenciaspermisos?fd7d4c4801ecd4217b9aecd1d2ea2505,INS,0,,,,gx-no-cache=1490713030471 HTTP/1.1" 200 4595
192.168.10.60 - - [28/Mar/2017:11:54:59 -0300] "POST /cormun/servlet/trautorizarot?ad595ce3f6b5d59e95cee1b1085fd42c,,gx-no-cache=1490712142054 HTTP/1.1" 200 5146
186.103.156.24 - - [28/Mar/2017:11:55:02 -0300] "GET /cormun/servlet/trlicencias? HTTP/1.1" 200 6852
186.103.156.24 - - [28/Mar/2017:11:55:03 -0300] "GET /cormun/servlet/trlicencias? HTTP/1.1" 200 6850
186.103.156.24 - - [28/Mar/2017:11:55:08 -0300] "GET /cormun/servlet/licenciaspermisos?INS,0,,, HTTP/1.1" 200 7368
192.168.10.60 - - [28/Mar/2017:11:55:08 -0300] "POST /cormun/servlet/trautorizarot?ad595ce3f6b5d59e95cee1b1085fd42c,,gx-no-cache=1490712151210 HTTP/1.1" 200 22167
186.103.156.24 - - [28/Mar/2017:11:55:09 -0300] "GET /cormun/servlet/licenciaspermisos?INS,0,,, HTTP/1.1" 200 7368
186.103.156.24 - - [28/Mar/2017:11:55:17 -0300] "GET /cormun/servlet/trlicencias? HTTP/1.1" 200 6852
186.103.156.24 - - [28/Mar/2017:11:55:18 -0300] "GET /cormun/servlet/trlicencias? HTTP/1.1" 200 6850
186.103.159.187 - - [28/Mar/2017:11:55:29 -0300] "GET /cormun/servlet/solicitudot?6e716623424e4e105d91b979cd5d11cc26b7a742a34562e43fe729f0f7fad20b15cf904a52641fa32efaf8124baf261b,gx-no-cache=1490716594457 HTTP/1.1" 200 30
186.103.159.187 - - [28/Mar/2017:11:55:30 -0300] "POST /cormun/servlet/solicitudot?gx-no-cache=1490716594556 HTTP/1.1" 200 255
186.103.159.187 - - [28/Mar/2017:11:55:30 -0300] "GET /cormun/servlet/solicitudot?6e716623424e4e105d91b979cd5d11cc75683f1d84e8f14dbb3285135b721881be1d85423233dc5d23a14fa5b94e34e628636872a5d70c1f6d2f0c7e6b7302043963c079325829069b5d5710c869d3640768435fd617a6fcf1349acff0d53cef569bd933cfd9672d1f76d879eb92463ae072cfa4d45f8cc7d7c4dc16abb334e63cfbb1d4a6d982661412eb6c8792724a9d03c1530e7e1af5871a4e9cc5c0b6650e2a62ac090c80f03d45a6755f1438bfb24a7e509f8fe2814d1e2b61b2ab73245f2c46dd0453b2b3dc8f72d2ca66d3c9fe405f172afbf37d33872aee8a9123a9952572ee344000040cf305b11eb1ee10def9561924d46fd1d4c86d722c5ffa4d38898027bbb34d748aa9838d44e1cc6fb284f9bcd1c5f41b1195b5dd441eac9cf9a69fcf182cd0dd1c6d29b78ee2e9f301de0da560cb2d3264a9786f98a94b576aeaa087a13bc5b1ef1f290065c77e7966ad0d1e196029e3020985ed8d7616bf5be73e2845b926c12465b841bc4a11c05838c24234d1f3845f920e267d993f37,gx-no-cache=1490716594659 HTTP/1.1" 200 30
186.103.159.187 - - [28/Mar/2017:11:55:30 -0300] "POST /cormun/servlet/solicitudot?gx-no-cache=1490716595036 HTTP/1.1" 200 30
186.103.159.187 - - [28/Mar/2017:11:55:30 -0300] "POST /cormun/servlet/solicitudot?gx-no-cache=1490716595124 HTTP/1.1" 200 235
186.103.159.187 - - [28/Mar/2017:11:55:30 -0300] "POST /cormun/servlet/solicitudot?gx-no-cache=1490716595221 HTTP/1.1" 200 38
186.103.159.187 - - [28/Mar/2017:11:55:30 -0300] "GET /cormun/servlet/solicitudot?6e716623424e4e105d91b979cd5d11ccf922a051b9667a573198b593e4317615a692e3f55aa357a000498d420f1c5ab4b367c54c4329dfded1dac9933904b1ec82ed4094eb69600a6ca41a50ca0e180d59c01e4bd6ffdf26da41e71938731625255d4868bd093877c6aa5e8cc6ddb54138350e58d44f6c8442e0a7e123cd0cf369f4e525177d5cb7901135d3d0dc102da1734322a5a7333fcdca9eacb8d0a5fb,gx-no-cache=1490716595278 HTTP/1.1" 200 29
186.103.159.187 - - [28/Mar/2017:11:55:30 -0300] "POST /cormun/servlet/solicitudot?gx-no-cache=1490716595321 HTTP/1.1" 200 643
186.103.159.187 - - [28/Mar/2017:11:55:30 -0300] "POST /cormun/servlet/solicitudot?gx-no-cache=1490716595384 HTTP/1.1" 200 518
186.103.159.187 - - [28/Mar/2017:11:55:32 -0300] "GET /cormun/static/menuarrow.gif HTTP/1.1" 404 1015
186.103.159.187 - - [28/Mar/2017:11:55:36 -0300] "POST /cormun/servlet/solicitudot?gx-no-cache=1490716601402 HTTP/1.1" 200 255
186.103.159.187 - - [28/Mar/2017:11:55:37 -0300] "GET /cormun/servlet/solicitudot?6e716623424e4e105d91b979cd5d11cc75683f1d84e8f14dbb3285135b721881be1d85423233dc5d23a14fa5b94e34e628636872a5d70c1f6d2f0c7e6b7302043963c079325829069b5d5710c869d3640768435fd617a6fcf1349acff0d53cef569bd933cfd9672d1f76d879eb92463ae072cfa4d45f8cc7d7c4dc16abb334e63cfbb1d4a6d982661412eb6c8792724a9d03c1530e7e1af5871a4e9cc5c0b6650e2a62ac090c80f03d45a6755f1438bfb24a7e509f8fe2814d1e2b61b2ab73245f2c46dd0453b2b3dc8f72d2ca66d3c9fe405f172afbf37d33872aee8a9123a9952572ee344000040cf305b11eb1ee10def9561924d46fd1d4c86d722c5ffa4d38898027bbb34d748aa9838d44e1cc6fb284f9bcd1c5f41b1195b5dd441eac9cf9a69fcf182cd0dd1c6d29b78ee2e9f301de0da560cb2d3264a9786f98a94b576aeaa087a13bc5b1ef1f290065c77e7966ad0d1e196029e3020985ed8d7616bf5be73e2845b926c12465b841bc4a11c08b1bdf7f5e17b8287b2e10c40a51fa54,gx-no-cache=1490716601486 HTTP/1.1" 200 30
186.103.159.187 - - [28/Mar/2017:11:55:37 -0300] "POST /cormun/servlet/solicitudot?gx-no-cache=1490716601861 HTTP/1.1" 200 30
186.103.159.187 - - [28/Mar/2017:11:55:37 -0300] "POST /cormun/servlet/solicitudot?gx-no-cache=1490716602300 HTTP/1.1" 200 656
186.103.159.187 - - [28/Mar/2017:11:55:37 -0300] "POST /cormun/servlet/solicitudot?gx-no-cache=1490716602372 HTTP/1.1" 200 38
186.103.159.187 - - [28/Mar/2017:11:55:37 -0300] "POST /cormun/servlet/solicitudot?gx-no-cache=1490716602438 HTTP/1.1" 200 643
186.103.159.187 - - [28/Mar/2017:11:55:37 -0300] "POST /cormun/servlet/solicitudot?gx-no-cache=1490716602557 HTTP/1.1" 200 518
192.168.10.89 - - [28/Mar/2017:11:55:38 -0300] "POST /cormun/servlet/trsolicitudgral?6286fe598ca840baf5855b5ea8e374c5,,gx-no-cache=1490716216310 HTTP/1.1" 200 18718
192.168.10.13 - - [28/Mar/2017:11:55:38 -0300] "GET / HTTP/1.1" 200 11217
192.168.10.89 - - [28/Mar/2017:11:55:46 -0300] "POST /cormun/servlet/trsolicitudgral?6286fe598ca840baf5855b5ea8e374c5,,gx-no-cache=1490716224403 HTTP/1.1" 200 105
192.168.10.89 - - [28/Mar/2017:11:55:46 -0300] "GET /cormun/SolicitudGral-4737.xls HTTP/1.1" 200 22528
192.168.10.89 - - [28/Mar/2017:11:55:47 -0300] "OPTIONS /cormun/ HTTP/1.1" 200 -
192.168.10.89 - - [28/Mar/2017:11:55:47 -0300] "HEAD /cormun/SolicitudGral-4737.xls HTTP/1.1" 200 -
192.168.10.89 - - [28/Mar/2017:11:55:48 -0300] "OPTIONS /cormun HTTP/1.1" 302 -
192.168.10.89 - - [28/Mar/2017:11:55:48 -0300] "OPTIONS /cormun/ HTTP/1.1" 200 -
192.168.10.60 - - [28/Mar/2017:11:55:48 -0300] "POST /cormun/servlet/trautorizarot?ad595ce3f6b5d59e95cee1b1085fd42c,,gx-no-cache=1490712190537 HTTP/1.1" 200 13387
192.168.10.89 - - [28/Mar/2017:11:55:48 -0300] "PROPFIND /cormun HTTP/1.1" 302 -
192.168.10.89 - - [28/Mar/2017:11:55:48 -0300] "PROPFIND /cormun/ HTTP/1.1" 501 1141
192.168.10.89 - - [28/Mar/2017:11:55:48 -0300] "PROPFIND /cormun HTTP/1.1" 302 -
192.168.10.89 - - [28/Mar/2017:11:55:48 -0300] "PROPFIND /cormun/ HTTP/1.1" 501 1141
192.168.10.89 - - [28/Mar/2017:11:55:48 -0300] "HEAD /cormun/SolicitudGral-4737.xls HTTP/1.1" 200 -
192.168.10.89 - - [28/Mar/2017:11:55:49 -0300] "PROPFIND / HTTP/1.1" 200 11217
192.168.10.89 - - [28/Mar/2017:11:55:49 -0300] "PROPFIND / HTTP/1.1" 200 11217
186.103.159.187 - - [28/Mar/2017:11:55:59 -0300] "POST /cormun/servlet/solicitudot?gx-no-cache=1490716623442 HTTP/1.1" 200 30
186.103.159.187 - - [28/Mar/2017:11:56:03 -0300] "POST /cormun/servlet/solicitudot?gx-no-cache=1490716627753 HTTP/1.1" 200 656
186.103.159.187 - - [28/Mar/2017:11:56:03 -0300] "POST /cormun/servlet/solicitudot?gx-no-cache=1490716628278 HTTP/1.1" 200 38
186.103.159.187 - - [28/Mar/2017:11:56:11 -0300] "POST /cormun/servlet/solicitudot?gx-no-cache=1490716635693 HTTP/1.1" 200 643
186.103.159.187 - - [28/Mar/2017:11:56:12 -0300] "POST /cormun/servlet/solicitudot?gx-no-cache=1490716636659 HTTP/1.1" 200 1157
192.168.10.60 - - [28/Mar/2017:11:56:27 -0300] "POST /cormun/servlet/trautorizarot?ad595ce3f6b5d59e95cee1b1085fd42c,,gx-no-cache=1490712229975 HTTP/1.1" 200 5168
192.168.10.60 - - [28/Mar/2017:11:56:33 -0300] "POST /cormun/servlet/trautorizarot?ad595ce3f6b5d59e95cee1b1085fd42c,,gx-no-cache=1490712236034 HTTP/1.1" 200 17917
200.73.230.173 - - [28/Mar/2017:11:56:37 -0300] "GET /cormun/servlet/hlogin HTTP/1.1" 200 1719
200.73.230.173 - - [28/Mar/2017:11:56:37 -0300] "GET /cormun/static/gxcfg.js?201731711485472 HTTP/1.1" 304 -
200.73.230.173 - - [28/Mar/2017:11:56:37 -0300] "GET /cormun/static/hlogin.js?201731711485490 HTTP/1.1" 304 -
200.73.230.173 - - [28/Mar/2017:11:56:37 -0300] "GET /cormun/servlet/hlogin HTTP/1.1" 200 1729
192.168.10.13 - - [28/Mar/2017:11:56:38 -0300] "GET / HTTP/1.1" 200 11217
186.103.159.187 - - [28/Mar/2017:11:56:39 -0300] "GET /cormun/servlet/solicitudot?6e716623424e4e105d91b979cd5d11cca37642e8ab18cbe3f0dfedc470d20b044623fdc23d9711fffc48cc83a4184d830a0d63272376b0bcd68db88789dcdb1efc23b4d233e1d4a2845d142aedf0a606e4a968a25524d89f845c970e0675ec0f15d581c57ad02eb4fd9a3fa180aab574b751e78527ea3cb0d12c322f4c2e2bc36751badbda789462b73c78dd7524b475031677ed4e51e78e4f268237fe4116483da0d2b145cbca569665f26c864aac32,gx-no-cache=1490716663938 HTTP/1.1" 200 30
192.168.10.60 - - [28/Mar/2017:11:56:47 -0300] "POST /cormun/servlet/trautorizarot?ad595ce3f6b5d59e95cee1b1085fd42c,,gx-no-cache=1490712250121 HTTP/1.1" 200 6667
186.103.159.187 - - [28/Mar/2017:11:56:49 -0300] "POST /cormun/servlet/solicitudot?9ec482b9455fceae9e93ff1fb990bed3,INS,0,0,,gx-no-cache=1490716673433 HTTP/1.1" 200 93
186.103.159.187 - - [28/Mar/2017:11:56:49 -0300] "GET /cormun/servlet/hpexe_return? HTTP/1.1" 200 1006
186.103.159.187 - - [28/Mar/2017:11:56:49 -0300] "GET /cormun/static/gxcfg.js?2016101716175148 HTTP/1.1" 304 -
186.103.159.187 - - [28/Mar/2017:11:56:49 -0300] "GET /cormun/static/hpexe_return.js?2016101716175153 HTTP/1.1" 304 -
186.103.159.187 - - [28/Mar/2017:11:56:49 -0300] "GET /cormun/servlet/trsolicitudot HTTP/1.1" 200 8460
200.73.230.173 - - [28/Mar/2017:11:56:50 -0300] "POST /cormun/servlet/hlogin?99d211c4ff5d13b0b674fd023e4fde3d,gx-no-cache=1490713805218 HTTP/1.1" 200 90
200.73.230.173 - - [28/Mar/2017:11:56:50 -0300] "GET /cormun/servlet/hpexe_link HTTP/1.1" 200 950
200.73.230.173 - - [28/Mar/2017:11:56:50 -0300] "GET /cormun/static/gxcfg.js?201731711483381 HTTP/1.1" 304 -
200.73.230.173 - - [28/Mar/2017:11:56:51 -0300] "GET /cormun/static/hpexe_link.js?201731711483384 HTTP/1.1" 304 -
200.73.230.173 - - [28/Mar/2017:11:56:51 -0300] "GET /cormun/servlet/hhome HTTP/1.1" 200 3807
200.73.230.173 - - [28/Mar/2017:11:56:51 -0300] "GET /cormun/static/gxcfg.js?201731711483497 HTTP/1.1" 304 -
186.103.159.187 - - [28/Mar/2017:11:56:51 -0300] "GET /cormun/servlet/trsolicitudot HTTP/1.1" 200 8456
200.73.230.173 - - [28/Mar/2017:11:56:51 -0300] "GET /cormun/static/hhome.js?20173171148352 HTTP/1.1" 304 -
200.73.230.173 - - [28/Mar/2017:11:56:51 -0300] "GET /cormun/servlet/hhome HTTP/1.1" 200 3804
192.168.10.60 - - [28/Mar/2017:11:56:52 -0300] "POST /cormun/servlet/trautorizarot?ad595ce3f6b5d59e95cee1b1085fd42c,,gx-no-cache=1490712254730 HTTP/1.1" 200 5152
200.73.230.173 - - [28/Mar/2017:11:56:54 -0300] "GET /cormun/servlet/trlicencias? HTTP/1.1" 200 6652
200.73.230.173 - - [28/Mar/2017:11:56:54 -0300] "GET /cormun/static/Resources/Spanish/PXTools.css?18365030 HTTP/1.1" 304 -
200.73.230.173 - - [28/Mar/2017:11:56:55 -0300] "GET /cormun/servlet/trlicencias? HTTP/1.1" 200 6651
192.168.10.60 - - [28/Mar/2017:11:57:01 -0300] "POST /cormun/servlet/trautorizarot?ad595ce3f6b5d59e95cee1b1085fd42c,,gx-no-cache=1490712263916 HTTP/1.1" 200 17285
186.103.159.187 - - [28/Mar/2017:11:57:05 -0300] "POST /cormun/servlet/trsolicitudot?9ec482b9455fceae9e93ff1fb990bed3,gx-no-cache=1490716689286 HTTP/1.1" 200 5253
186.103.159.187 - - [28/Mar/2017:11:57:05 -0300] "GET /cormun/static/Shared/jqueryui/images/ui-icons_82798d_256x240.png HTTP/1.1" 404 1089
186.103.159.187 - - [28/Mar/2017:11:57:05 -0300] "GET /cormun/static/Shared/jqueryui/images/ui-bg_highlight-soft_100_c6c2c8_1x100.png HTTP/1.1" 404 1117
186.103.159.187 - - [28/Mar/2017:11:57:05 -0300] "GET /cormun/static/Shared/jqueryui/images/ui-bg_flat_55_fafafa_40x100.png HTTP/1.1" 404 1097
186.103.159.187 - - [28/Mar/2017:11:57:05 -0300] "GET /cormun/static/Shared/jqueryui/images/ui-icons_8d78a5_256x240.png HTTP/1.1" 404 1089
186.103.159.187 - - [28/Mar/2017:11:57:05 -0300] "POST /cormun/servlet/trsolicitudot?9ec482b9455fceae9e93ff1fb990bed3,gx-no-cache=1490716689994 HTTP/1.1" 200 5194
186.103.159.187 - - [28/Mar/2017:11:57:08 -0300] "POST /cormun/servlet/trsolicitudot?9ec482b9455fceae9e93ff1fb990bed3,gx-no-cache=1490716693037 HTTP/1.1" 200 90
186.103.159.187 - - [28/Mar/2017:11:57:08 -0300] "GET /cormun/servlet/hpexe_link HTTP/1.1" 200 957
186.103.159.187 - - [28/Mar/2017:11:57:09 -0300] "GET /cormun/servlet/hhome HTTP/1.1" 200 3735
186.103.159.187 - - [28/Mar/2017:11:57:10 -0300] "GET /cormun/servlet/hhome HTTP/1.1" 200 3732
192.168.10.60 - - [28/Mar/2017:11:57:24 -0300] "POST /cormun/servlet/trautorizarot?ad595ce3f6b5d59e95cee1b1085fd42c,,gx-no-cache=1490712286884 HTTP/1.1" 200 7669
186.103.159.187 - - [28/Mar/2017:11:57:30 -0300] "GET /cormun/servlet/hlogin HTTP/1.1" 200 1736
192.168.10.60 - - [28/Mar/2017:11:57:36 -0300] "POST /cormun/servlet/trautorizarot?ad595ce3f6b5d59e95cee1b1085fd42c,,gx-no-cache=1490712299508 HTTP/1.1" 200 5181
192.168.10.13 - - [28/Mar/2017:11:57:39 -0300] "GET / HTTP/1.1" 200 11217
192.168.10.60 - - [28/Mar/2017:11:57:42 -0300] "POST /cormun/servlet/trautorizarot?ad595ce3f6b5d59e95cee1b1085fd42c,,gx-no-cache=1490712305347 HTTP/1.1" 200 15786
192.168.10.60 - - [28/Mar/2017:11:57:52 -0300] "POST /cormun/servlet/trautorizarot?ad595ce3f6b5d59e95cee1b1085fd42c,,gx-no-cache=1490712314728 HTTP/1.1" 200 6878
192.168.10.60 - - [28/Mar/2017:11:57:58 -0300] "POST /cormun/servlet/trautorizarot?ad595ce3f6b5d59e95cee1b1085fd42c,,gx-no-cache=1490712321601 HTTP/1.1" 200 5153
192.168.10.60 - - [28/Mar/2017:11:58:10 -0300] "POST /cormun/servlet/trautorizarot?ad595ce3f6b5d59e95cee1b1085fd42c,,gx-no-cache=1490712333289 HTTP/1.1" 200 14919
186.103.159.187 - - [28/Mar/2017:11:58:10 -0300] "POST /cormun/servlet/hlogin?9ec482b9455fceae9e93ff1fb990bed3,gx-no-cache=1490716755331 HTTP/1.1" 200 445
186.103.159.187 - - [28/Mar/2017:11:58:16 -0300] "POST /cormun/servlet/hlogin?9ec482b9455fceae9e93ff1fb990bed3,gx-no-cache=1490716760531 HTTP/1.1" 200 90
186.103.159.187 - - [28/Mar/2017:11:58:16 -0300] "GET /cormun/servlet/hpexe_link HTTP/1.1" 200 953
186.103.159.187 - - [28/Mar/2017:11:58:16 -0300] "GET /cormun/servlet/hhome HTTP/1.1" 200 3953
186.103.159.187 - - [28/Mar/2017:11:58:17 -0300] "GET /cormun/servlet/hhome HTTP/1.1" 200 3949
186.103.159.187 - - [28/Mar/2017:11:58:24 -0300] "GET /cormun/servlet/trautorizarsolicitud? HTTP/1.1" 200 8129
186.103.159.187 - - [28/Mar/2017:11:58:24 -0300] "GET /cormun/static/gxcfg.js?2017259112829 HTTP/1.1" 304 -
186.103.159.187 - - [28/Mar/2017:11:58:24 -0300] "GET /cormun/static/trautorizarsolicitud.js?2017259113483 HTTP/1.1" 304 -
186.103.159.187 - - [28/Mar/2017:11:58:25 -0300] "GET /cormun/servlet/trautorizarsolicitud? HTTP/1.1" 200 8127
186.103.159.187 - - [28/Mar/2017:11:58:34 -0300] "POST /cormun/servlet/trautorizarsolicitud?9ec482b9455fceae9e93ff1fb990bed3,,gx-no-cache=1490716778128 HTTP/1.1" 200 4316
186.103.159.187 - - [28/Mar/2017:11:58:34 -0300] "GET /cormun/static/Shared/jqueryui/images/ui-bg_highlight-soft_100_c6c2c8_1x100.png HTTP/1.1" 404 1117
186.103.159.187 - - [28/Mar/2017:11:58:34 -0300] "GET /cormun/static/Shared/jqueryui/images/ui-icons_82798d_256x240.png HTTP/1.1" 404 1089
186.103.159.187 - - [28/Mar/2017:11:58:34 -0300] "GET /cormun/static/Shared/jqueryui/images/ui-bg_flat_55_fafafa_40x100.png HTTP/1.1" 404 1097
186.103.159.187 - - [28/Mar/2017:11:58:34 -0300] "GET /cormun/static/Shared/jqueryui/images/ui-icons_8d78a5_256x240.png HTTP/1.1" 404 1089
186.103.159.187 - - [28/Mar/2017:11:58:34 -0300] "POST /cormun/servlet/trautorizarsolicitud?9ec482b9455fceae9e93ff1fb990bed3,,gx-no-cache=1490716778852 HTTP/1.1" 200 4092
192.168.10.60 - - [28/Mar/2017:11:58:36 -0300] "POST /cormun/servlet/trautorizarot?ad595ce3f6b5d59e95cee1b1085fd42c,,gx-no-cache=1490712359423 HTTP/1.1" 200 4996
192.168.10.13 - - [28/Mar/2017:11:58:38 -0300] "GET / HTTP/1.1" 200 11217
192.168.10.60 - - [28/Mar/2017:11:58:40 -0300] "POST /cormun/servlet/trautorizarot?ad595ce3f6b5d59e95cee1b1085fd42c,,gx-no-cache=1490712363525 HTTP/1.1" 200 4996
192.168.10.60 - - [28/Mar/2017:11:58:46 -0300] "GET /cormun/servlet/trautorizarot? HTTP/1.1" 200 7888
192.168.10.60 - - [28/Mar/2017:11:58:47 -0300] "GET /cormun/servlet/trautorizarot? HTTP/1.1" 200 7888
192.168.10.60 - - [28/Mar/2017:11:58:57 -0300] "POST /cormun/servlet/trautorizarot?ad595ce3f6b5d59e95cee1b1085fd42c,,gx-no-cache=1490712380123 HTTP/1.1" 200 4995
192.168.10.60 - - [28/Mar/2017:11:59:01 -0300] "POST /cormun/servlet/trautorizarot?ad595ce3f6b5d59e95cee1b1085fd42c,,gx-no-cache=1490712383959 HTTP/1.1" 200 14931
192.168.10.60 - - [28/Mar/2017:11:59:23 -0300] "POST /cormun/servlet/trautorizarot?ad595ce3f6b5d59e95cee1b1085fd42c,,gx-no-cache=1490712405816 HTTP/1.1" 200 4989
192.168.10.13 - - [28/Mar/2017:11:59:38 -0300] "GET / HTTP/1.1" 200 11217
192.168.10.60 - - [28/Mar/2017:11:59:39 -0300] "POST /cormun/servlet/trautorizarot?ad595ce3f6b5d59e95cee1b1085fd42c,,gx-no-cache=1490712422409 HTTP/1.1" 200 14931
200.73.230.173 - - [28/Mar/2017:12:00:14 -0300] "GET /cormun/servlet/licenciaspermisos?INS,0,,, HTTP/1.1" 200 7183
192.168.10.60 - - [28/Mar/2017:12:00:14 -0300] "GET /cormun/servlet/veautorizarot?2017,5767,, HTTP/1.1" 200 8097
