192.168.10.62 - - [27/Mar/2017:16:59:57 -0300] "POST /cormun/servlet/trconsultaempleado?5e9baa4deca6bdb6b9c629376423346e,,gx-no-cache=1490648076150 HTTP/1.1" 200 90
192.168.10.62 - - [27/Mar/2017:16:59:57 -0300] "GET /cormun/servlet/hpexe_link HTTP/1.1" 200 983
192.168.10.62 - - [27/Mar/2017:16:59:57 -0300] "GET /cormun/servlet/trsolicitudgral?gx-no-cache=1490647537908 HTTP/1.1" 200 14018
192.168.10.62 - - [27/Mar/2017:16:59:58 -0300] "GET /cormun/servlet/trsolicitudgral?gx-no-cache=1490647537908 HTTP/1.1" 200 14037
192.168.10.62 - - [27/Mar/2017:17:00:03 -0300] "GET /cormun/servlet/vesolicitudgral?2017,5429,, HTTP/1.1" 200 8190
192.168.10.62 - - [27/Mar/2017:17:00:03 -0300] "GET /cormun/pexe_scrolldiv.js HTTP/1.1" 404 1009
192.168.10.62 - - [27/Mar/2017:17:00:03 -0300] "GET /cormun/pexe_scrolldiv.js HTTP/1.1" 404 1009
192.168.10.62 - - [27/Mar/2017:17:00:03 -0300] "GET /cormun/servlet/vesolicitudgral?2017,5429,, HTTP/1.1" 200 8170
192.168.10.62 - - [27/Mar/2017:17:00:05 -0300] "POST /cormun/servlet/vesolicitudgral?5e9baa4deca6bdb6b9c629376423346e,2017,5429,,,gx-no-cache=1490648084533 HTTP/1.1" 200 115
192.168.10.62 - - [27/Mar/2017:17:00:05 -0300] "GET /cormun/servlet/solicitudotlog?INS,2017,5429,0,REC, HTTP/1.1" 200 5586
192.168.10.62 - - [27/Mar/2017:17:00:06 -0300] "GET /cormun/servlet/solicitudotlog?INS,2017,5429,0,REC, HTTP/1.1" 200 5580
192.168.10.62 - - [27/Mar/2017:17:00:06 -0300] "GET /cormun/servlet/solicitudotlog?3bd0ff3d45433253e82a00a57cccfc04eb220f37d5d3d0087936d87f5bde875c8d0c291a22c6ca0ca90ddc425303f6716d250a3fd740b06fbd6bd53116e01800e09cd71f8412a6ab0adb88e43013c3535fe0fabc53cff78b4d1aa22ef67f32932750258bda1fd5d79630b489243fd57656435b320e22f171752040024c7bced2c52a1ebbc3654c55b195434fc0441870ee24baecbd93b99123757a7bcf6ee958,gx-no-cache=1490648085454 HTTP/1.1" 200 94
192.168.10.62 - - [27/Mar/2017:17:00:10 -0300] "POST /cormun/servlet/solicitudotlog?5e9baa4deca6bdb6b9c629376423346e,INS,2017,5429,0,REC,,gx-no-cache=1490648089117 HTTP/1.1" 200 93
192.168.10.62 - - [27/Mar/2017:17:00:10 -0300] "GET /cormun/servlet/hpexe_return? HTTP/1.1" 200 1022
192.168.10.62 - - [27/Mar/2017:17:00:10 -0300] "GET /cormun/servlet/vesolicitudgral?2017,5429,, HTTP/1.1" 200 8184
192.168.10.62 - - [27/Mar/2017:17:00:10 -0300] "GET /cormun/pexe_scrolldiv.js HTTP/1.1" 404 1009
192.168.10.62 - - [27/Mar/2017:17:00:10 -0300] "GET /cormun/pexe_scrolldiv.js HTTP/1.1" 404 1009
192.168.10.62 - - [27/Mar/2017:17:00:11 -0300] "GET /cormun/servlet/vesolicitudgral?2017,5429,, HTTP/1.1" 200 8181
192.168.10.62 - - [27/Mar/2017:17:00:35 -0300] "POST /cormun/servlet/vesolicitudgral?5e9baa4deca6bdb6b9c629376423346e,2017,5429,,,gx-no-cache=1490648114049 HTTP/1.1" 200 90
192.168.10.62 - - [27/Mar/2017:17:00:35 -0300] "GET /cormun/servlet/hpexe_link HTTP/1.1" 200 984
192.168.10.62 - - [27/Mar/2017:17:00:35 -0300] "GET /cormun/servlet/trsolicitudgral?gx-no-cache=1490647537908 HTTP/1.1" 200 13801
192.168.10.62 - - [27/Mar/2017:17:00:36 -0300] "GET /cormun/servlet/trsolicitudgral?gx-no-cache=1490647537908 HTTP/1.1" 200 13820
192.168.10.62 - - [27/Mar/2017:17:00:47 -0300] "POST /cormun/servlet/trsolicitudgral?5e9baa4deca6bdb6b9c629376423346e,gx-no-cache=1490647537908,gx-no-cache=1490648125898 HTTP/1.1" 200 5182
192.168.10.62 - - [27/Mar/2017:17:00:47 -0300] "GET /cormun/static/Shared/jqueryui/images/ui-bg_highlight-soft_100_c6c2c8_1x100.png HTTP/1.1" 404 1117
192.168.10.62 - - [27/Mar/2017:17:00:47 -0300] "GET /cormun/static/Shared/jqueryui/images/ui-icons_82798d_256x240.png HTTP/1.1" 404 1089
192.168.10.62 - - [27/Mar/2017:17:00:47 -0300] "GET /cormun/static/Shared/jqueryui/images/ui-icons_8d78a5_256x240.png HTTP/1.1" 404 1089
192.168.10.62 - - [27/Mar/2017:17:00:47 -0300] "GET /cormun/static/Shared/jqueryui/images/ui-bg_flat_55_fafafa_40x100.png HTTP/1.1" 404 1097
186.79.10.110 - - [27/Mar/2017:17:00:50 -0300] "GET /cormun/servlet/solicitudot?dee229754408c514684c695351296044807f4c22fd897367da30ec48be7d8178404c8b35d990f6f901c3144930c5fd4a04a2f780d31a8b43cc2fe098afc2d52050b7ed6ae9e3685d5b6386a75b16aef299e8bafb7d3d411bf78938f1fcc64174f6437e821e73edbbac541082eb4f6d39d9010099452d1c0ff8c5e82a91c944e4b68395961b5dc8c04a8760b2a8adc12beb2f670d69ed7bb83bf1f8587c15f18ac97a275d7954303b4d1a2d7a8660a420,gx-no-cache=1490644918680 HTTP/1.1" 200 30
192.168.10.62 - - [27/Mar/2017:17:00:54 -0300] "POST /cormun/servlet/trsolicitudgral?5e9baa4deca6bdb6b9c629376423346e,gx-no-cache=1490647537908,gx-no-cache=1490648132805 HTTP/1.1" 200 4962
192.168.10.62 - - [27/Mar/2017:17:00:56 -0300] "POST /cormun/servlet/trsolicitudgral?5e9baa4deca6bdb6b9c629376423346e,gx-no-cache=1490647537908,gx-no-cache=1490648134981 HTTP/1.1" 200 4963
192.168.10.62 - - [27/Mar/2017:17:00:59 -0300] "GET /cormun/servlet/hlogin HTTP/1.1" 200 1758
186.103.159.46 - - [27/Mar/2017:17:01:10 -0300] "GET /cormun/servlet/hhome HTTP/1.1" 200 3300
186.103.159.46 - - [27/Mar/2017:17:01:12 -0300] "GET /cormun/servlet/hhome HTTP/1.1" 200 3311
186.103.159.46 - - [27/Mar/2017:17:01:12 -0300] "GET /cormun/servlet/hlogin HTTP/1.1" 200 1729
186.103.159.46 - - [27/Mar/2017:17:01:25 -0300] "POST /cormun/servlet/hlogin?756564239a9438f7981a5c17e3ae47ee,gx-no-cache=1490648550724 HTTP/1.1" 200 90
186.103.159.46 - - [27/Mar/2017:17:01:26 -0300] "GET /cormun/servlet/hpexe_link HTTP/1.1" 200 947
186.103.159.46 - - [27/Mar/2017:17:01:26 -0300] "GET /cormun/servlet/hhome HTTP/1.1" 200 3770
186.103.159.46 - - [27/Mar/2017:17:01:27 -0300] "GET /cormun/servlet/hhome HTTP/1.1" 200 3766
186.79.10.110 - - [27/Mar/2017:17:01:38 -0300] "POST /cormun/servlet/solicitudot?408b78f6943b00e3b38971ddba6edfaa,INS,0,0,,gx-no-cache=1490644965252 HTTP/1.1" 200 93
186.79.10.110 - - [27/Mar/2017:17:01:38 -0300] "GET /cormun/servlet/hpexe_return? HTTP/1.1" 200 1000
186.79.10.110 - - [27/Mar/2017:17:01:38 -0300] "GET /cormun/servlet/trsolicitudot? HTTP/1.1" 200 8795
186.79.10.110 - - [27/Mar/2017:17:01:39 -0300] "GET /cormun/servlet/trsolicitudot? HTTP/1.1" 200 8791
186.79.10.110 - - [27/Mar/2017:17:01:48 -0300] "POST /cormun/servlet/trsolicitudot?408b78f6943b00e3b38971ddba6edfaa,,gx-no-cache=1490644975671 HTTP/1.1" 200 5676
186.79.10.110 - - [27/Mar/2017:17:01:48 -0300] "POST /cormun/servlet/trsolicitudot?408b78f6943b00e3b38971ddba6edfaa,,gx-no-cache=1490644976252 HTTP/1.1" 200 5617
186.103.159.46 - - [27/Mar/2017:17:02:06 -0300] "GET /cormun/servlet/trpermisosingoce? HTTP/1.1" 200 6552
186.103.159.46 - - [27/Mar/2017:17:02:06 -0300] "GET /cormun/static/gxcfg.js?2016111619312653 HTTP/1.1" 200 953
186.103.159.46 - - [27/Mar/2017:17:02:06 -0300] "GET /cormun/static/trpermisosingoce.js?2016111619313084 HTTP/1.1" 200 31498
186.103.159.46 - - [27/Mar/2017:17:02:08 -0300] "GET /cormun/servlet/trpermisosingoce? HTTP/1.1" 200 6554
186.103.159.46 - - [27/Mar/2017:17:02:11 -0300] "GET /cormun/servlet/permisosingoce?INS,0, HTTP/1.1" 200 6470
186.103.159.46 - - [27/Mar/2017:17:02:12 -0300] "GET /cormun/static/gxcfg.js?201731711424121 HTTP/1.1" 200 953
186.103.159.46 - - [27/Mar/2017:17:02:12 -0300] "GET /cormun/static/permisosingoce.js?201731711424184 HTTP/1.1" 200 23797
186.103.159.46 - - [27/Mar/2017:17:02:13 -0300] "GET /cormun/servlet/permisosingoce?INS,0, HTTP/1.1" 200 6471
192.168.10.96 - - [27/Mar/2017:17:02:39 -0300] "POST /cormun/servlet/hlogin?17845bfe3dd9aa6aeaa2a12e03365853,gx-no-cache=1490648238694 HTTP/1.1" 200 90
192.168.10.96 - - [27/Mar/2017:17:02:39 -0300] "GET /cormun/servlet/hpexe_link HTTP/1.1" 200 953
192.168.10.96 - - [27/Mar/2017:17:02:40 -0300] "GET /cormun/servlet/hhome HTTP/1.1" 200 4173
192.168.10.96 - - [27/Mar/2017:17:02:40 -0300] "GET /cormun/servlet/hhome HTTP/1.1" 200 4170
186.103.159.46 - - [27/Mar/2017:17:02:52 -0300] "GET /cormun/servlet/permisosingoce?6aa22feb09f0932a3fe9c15bcc67cd7a119d91fe2409f896ab1ac73a4624af2f335e166ab89f875400015b0b382aea0e,gx-no-cache=1490648637209 HTTP/1.1" 200 76
192.168.10.96 - - [27/Mar/2017:17:02:52 -0300] "GET /cormun/servlet/trconsultaempleado? HTTP/1.1" 200 6563
186.103.159.46 - - [27/Mar/2017:17:02:52 -0300] "GET /cormun/static/menuarrow.gif HTTP/1.1" 404 1015
192.168.10.96 - - [27/Mar/2017:17:02:53 -0300] "GET /cormun/servlet/trconsultaempleado? HTTP/1.1" 200 6563
186.103.159.46 - - [27/Mar/2017:17:03:02 -0300] "GET /cormun/servlet/permisosingoce?6aa22feb09f0932a3fe9c15bcc67cd7aff46a02e1d21c875bf3d33c60cfe98113277ed4d95ff9b0cf14f15c3622e8fbc,gx-no-cache=1490648647006 HTTP/1.1" 200 33
186.103.159.46 - - [27/Mar/2017:17:03:05 -0300] "GET /cormun/servlet/permisosingoce?6aa22feb09f0932a3fe9c15bcc67cd7a45223925314a9e2e615244e1c9b8e7fc0b5e82eac7a2ac50c758b851a4f0da7faafd15b22eb57a0facc5b8ec5122764e03f08b53b75e161ca97876d797f5c060270dfa32885a8bfccced9808a1ac252b321844cb464efb680ae48007629a4177a2e2acc91ed54ad679981de923b9288ae2403f7950da89c43d9e1f10d2953ac346bbb9971f4e97a7125f1d5362a7acd1,gx-no-cache=1490648650347 HTTP/1.1" 200 41
192.168.10.96 - - [27/Mar/2017:17:03:23 -0300] "POST /cormun/servlet/trconsultaempleado?17845bfe3dd9aa6aeaa2a12e03365853,,gx-no-cache=1490648281989 HTTP/1.1" 200 4329
192.168.10.96 - - [27/Mar/2017:17:03:25 -0300] "GET /cormun/servlet/trsolicitudnombre?11486634, HTTP/1.1" 200 7217
192.168.10.96 - - [27/Mar/2017:17:03:25 -0300] "GET /cormun/servlet/trsolicitudnombre?11486634, HTTP/1.1" 200 7217
192.168.10.96 - - [27/Mar/2017:17:03:41 -0300] "GET /cormun/servlet/vesolicitudnombre?2017,5708,, HTTP/1.1" 200 8397
192.168.10.96 - - [27/Mar/2017:17:03:41 -0300] "GET /cormun/pexe_scrolldiv.js HTTP/1.1" 404 1009
192.168.10.96 - - [27/Mar/2017:17:03:41 -0300] "GET /cormun/pexe_scrolldiv.js HTTP/1.1" 404 1009
192.168.10.96 - - [27/Mar/2017:17:03:41 -0300] "GET /cormun/servlet/vesolicitudnombre?2017,5708,, HTTP/1.1" 200 8391
186.103.159.46 - - [27/Mar/2017:17:03:42 -0300] "POST /cormun/servlet/permisosingoce?756564239a9438f7981a5c17e3ae47ee,INS,0,,gx-no-cache=1490648686947 HTTP/1.1" 200 93
186.103.159.46 - - [27/Mar/2017:17:03:42 -0300] "GET /cormun/servlet/hpexe_return? HTTP/1.1" 200 1002
186.103.159.46 - - [27/Mar/2017:17:03:43 -0300] "GET /cormun/servlet/trpermisosingoce HTTP/1.1" 200 7395
186.103.159.46 - - [27/Mar/2017:17:03:44 -0300] "GET /cormun/servlet/trpermisosingoce HTTP/1.1" 200 7391
192.168.10.96 - - [27/Mar/2017:17:04:20 -0300] "GET /cormun/servlet/trsolicitudgral? HTTP/1.1" 200 24579
192.168.10.96 - - [27/Mar/2017:17:04:21 -0300] "GET /cormun/servlet/trsolicitudgral? HTTP/1.1" 200 24569
186.103.159.46 - - [27/Mar/2017:17:04:28 -0300] "GET /cormun/servlet/permisosingoce?INS,0, HTTP/1.1" 200 6468
192.168.10.96 - - [27/Mar/2017:17:04:30 -0300] "POST /cormun/servlet/trsolicitudgral?17845bfe3dd9aa6aeaa2a12e03365853,,gx-no-cache=1490648348947 HTTP/1.1" 200 9000
186.103.159.46 - - [27/Mar/2017:17:04:30 -0300] "GET /cormun/servlet/permisosingoce?INS,0, HTTP/1.1" 200 6471
192.168.10.96 - - [27/Mar/2017:17:04:44 -0300] "POST /cormun/servlet/trsolicitudgral?17845bfe3dd9aa6aeaa2a12e03365853,,gx-no-cache=1490648362730 HTTP/1.1" 200 9660
186.103.159.46 - - [27/Mar/2017:17:05:01 -0300] "GET /cormun/servlet/prfichaempleado?,MD,,gxPopupLevel%3D0%3B HTTP/1.1" 200 8829
186.103.159.46 - - [27/Mar/2017:17:05:01 -0300] "GET /cormun/static/gxcfg.js?2016102420561687 HTTP/1.1" 304 -
186.103.159.46 - - [27/Mar/2017:17:05:01 -0300] "GET /cormun/static/hmpwkw011.js?201731711483558 HTTP/1.1" 304 -
186.103.159.46 - - [27/Mar/2017:17:05:01 -0300] "GET /cormun/static/prfichaempleado.js?201610242056198 HTTP/1.1" 304 -
186.103.159.46 - - [27/Mar/2017:17:05:01 -0300] "GET /cormun/static/menusearch.js?201610171694467 HTTP/1.1" 304 -
186.103.159.46 - - [27/Mar/2017:17:05:29 -0300] "POST /cormun/servlet/prfichaempleado?756564239a9438f7981a5c17e3ae47ee,,MD,,gxPopupLevel%3D0%3B,gx-no-cache=1490648786612 HTTP/1.1" 200 6035
186.103.159.46 - - [27/Mar/2017:17:05:30 -0300] "GET /cormun/static/Resources/PXToolsGridFirst.gif HTTP/1.1" 200 379
186.103.159.46 - - [27/Mar/2017:17:05:30 -0300] "GET /cormun/static/Resources/PXToolsGridPrevious.gif HTTP/1.1" 200 369
186.103.159.46 - - [27/Mar/2017:17:05:30 -0300] "GET /cormun/static/Resources/PXToolsGridNext.gif HTTP/1.1" 200 369
186.103.159.46 - - [27/Mar/2017:17:05:30 -0300] "GET /cormun/static/Resources/PXToolsGridLast.gif HTTP/1.1" 200 370
192.168.10.96 - - [27/Mar/2017:17:05:33 -0300] "GET /cormun/servlet/trconsultaempleado? HTTP/1.1" 200 6565
192.168.10.96 - - [27/Mar/2017:17:05:33 -0300] "GET /cormun/servlet/trconsultaempleado? HTTP/1.1" 200 6565
186.79.10.110 - - [27/Mar/2017:17:05:36 -0300] "GET /cormun/servlet/solicitudot?INS,0,0, HTTP/1.1" 200 12562
186.79.10.110 - - [27/Mar/2017:17:05:37 -0300] "GET /cormun/servlet/solicitudot?INS,0,0, HTTP/1.1" 200 12567
192.168.10.96 - - [27/Mar/2017:17:05:38 -0300] "GET /cormun/servlet/trsolicitudnombre?11486634, HTTP/1.1" 200 7217
192.168.10.96 - - [27/Mar/2017:17:05:38 -0300] "GET /cormun/servlet/trsolicitudnombre?11486634, HTTP/1.1" 200 7217
192.168.10.96 - - [27/Mar/2017:17:05:40 -0300] "GET /cormun/servlet/vesolicitudnombre?2017,5708,, HTTP/1.1" 200 8397
192.168.10.96 - - [27/Mar/2017:17:05:40 -0300] "GET /cormun/pexe_scrolldiv.js HTTP/1.1" 404 1009
192.168.10.96 - - [27/Mar/2017:17:05:40 -0300] "GET /cormun/pexe_scrolldiv.js HTTP/1.1" 404 1009
192.168.10.96 - - [27/Mar/2017:17:05:40 -0300] "GET /cormun/servlet/vesolicitudnombre?2017,5708,, HTTP/1.1" 200 8391
192.168.10.96 - - [27/Mar/2017:17:05:42 -0300] "GET /cormun/servlet/vesolicitudnombre?2017,5708,,SolicitudOTAdjuntos HTTP/1.1" 200 10238
192.168.10.96 - - [27/Mar/2017:17:05:42 -0300] "GET /cormun/pexe_scrolldiv.js HTTP/1.1" 404 1009
192.168.10.96 - - [27/Mar/2017:17:05:42 -0300] "GET /cormun/pexe_scrolldiv.js HTTP/1.1" 404 1009
192.168.10.96 - - [27/Mar/2017:17:05:42 -0300] "GET /cormun/servlet/vesolicitudnombre?2017,5708,,SolicitudOTAdjuntos HTTP/1.1" 200 10239
192.168.10.96 - - [27/Mar/2017:17:05:43 -0300] "POST /cormun/servlet/acontrolpreferencessavestate?None,DZAMUDIO,true HTTP/1.1" 200 35
192.168.10.96 - - [27/Mar/2017:17:05:44 -0300] "GET /cormun/PublicTempStorage/cedula_paula_rojas9131550.pdf HTTP/1.1" 200 154530
192.168.10.96 - - [27/Mar/2017:17:05:48 -0300] "GET /cormun/servlet/vesolicitudnombre?2017,5708,,SolicitudOTAdjuntos HTTP/1.1" 200 10234
192.168.10.96 - - [27/Mar/2017:17:05:49 -0300] "GET /cormun/servlet/vesolicitudnombre?2017,5708,,SolicitudOTAdjuntos HTTP/1.1" 200 10238
192.168.10.96 - - [27/Mar/2017:17:05:49 -0300] "POST /cormun/servlet/acontrolpreferencessavestate?None,DZAMUDIO,true HTTP/1.1" 200 35
192.168.10.96 - - [27/Mar/2017:17:05:50 -0300] "GET /cormun/PublicTempStorage/estudios_paula_rojas9217613.pdf HTTP/1.1" 200 372636
186.103.159.46 - - [27/Mar/2017:17:05:56 -0300] "POST /cormun/servlet/prfichaempleado?756564239a9438f7981a5c17e3ae47ee,,MD,,gxPopupLevel%3D0%3B,gx-no-cache=1490648812948 HTTP/1.1" 200 6038
186.79.10.110 - - [27/Mar/2017:17:05:56 -0300] "POST /cormun/servlet/solicitudot?gx-no-cache=1490645224306 HTTP/1.1" 200 3186
186.79.10.110 - - [27/Mar/2017:17:05:57 -0300] "POST /cormun/servlet/solicitudot?408b78f6943b00e3b38971ddba6edfaa,INS,0,0,,gx-no-cache=1490645224811 HTTP/1.1" 200 9754
192.168.10.96 - - [27/Mar/2017:17:05:57 -0300] "GET /cormun/servlet/vesolicitudnombre?2017,5708,,SolicitudOTAdjuntos HTTP/1.1" 200 10237
192.168.10.96 - - [27/Mar/2017:17:05:58 -0300] "GET /cormun/servlet/vesolicitudnombre?2017,5708,,SolicitudOTAdjuntos HTTP/1.1" 200 10235
192.168.10.96 - - [27/Mar/2017:17:05:59 -0300] "POST /cormun/servlet/acontrolpreferencessavestate?None,DZAMUDIO,true HTTP/1.1" 200 35
192.168.10.96 - - [27/Mar/2017:17:06:01 -0300] "GET /cormun/PublicTempStorage/afp_paula_rojas8250126.pdf HTTP/1.1" 200 159782
186.79.10.110 - - [27/Mar/2017:17:06:02 -0300] "GET /cormun/servlet/solicitudot?dee229754408c514684c69535129604489343663fc64df1fadd2368068743e4e40efb491e14ca670914e6507c7a882b7,gx-no-cache=1490645229988 HTTP/1.1" 200 30
186.79.10.110 - - [27/Mar/2017:17:06:02 -0300] "POST /cormun/servlet/solicitudot?gx-no-cache=1490645230128 HTTP/1.1" 200 240
186.79.10.110 - - [27/Mar/2017:17:06:02 -0300] "GET /cormun/servlet/solicitudot?dee229754408c514684c69535129604470aef4c0c8e7a7aebd6d167f485cda7f41efff5c9f010b9a498d8564e75704032ca92886675099bd678fcb30f5c6abc79aa0cedcf9d7ddb45c1d561bae91deacd8e86b1b66576fa1e82f6966738e57b182d6f710e5f4ad2ff3808cac81ab922438433b8b98d9eae089819d7dae616f5ae2bdd73020f90b3b708fe27ca85062d5ec5bd361c9fa00a81360fd81b22c698b14696c43b7d71170d22c0d6bcbd8b913a631df3622048c8a08de986c56ea1edc8d68d8c33e8483b06ede36f0a4583417f9594b398d80431aa73971de02a0d1cd5ae485b79b1f26567ea4b82bfac492cb9c125776f9d42b0aff303d45719dd9cc0851eb962c910ae22b833ff1fede1af970f17b7ba79ddb2fa96bef4aee431265895970b6915631729f896b22b01227c81c22fe0cc446f069e02b36c1edfa172258114752e8d1a05a4a622924c28311160998f04e9e388076b112a3cf7f8ac2375bfd9678321f0c3249bd1c946cb9ae571b8bdcdf1284ea19de6398cb68a3acb4,gx-no-cache=1490645230251 HTTP/1.1" 200 30
186.79.10.110 - - [27/Mar/2017:17:06:04 -0300] "POST /cormun/servlet/solicitudot?gx-no-cache=1490645232492 HTTP/1.1" 200 30
192.168.10.96 - - [27/Mar/2017:17:06:06 -0300] "GET /cormun/servlet/vesolicitudnombre?2017,5708,,SolicitudOTAdjuntos HTTP/1.1" 200 10234
192.168.10.96 - - [27/Mar/2017:17:06:06 -0300] "GET /cormun/servlet/vesolicitudnombre?2017,5708,,SolicitudOTAdjuntos HTTP/1.1" 200 10237
192.168.10.96 - - [27/Mar/2017:17:06:07 -0300] "POST /cormun/servlet/acontrolpreferencessavestate?None,DZAMUDIO,true HTTP/1.1" 200 35
192.168.10.96 - - [27/Mar/2017:17:06:09 -0300] "GET /cormun/PublicTempStorage/fonasa_paula_rojas1003902.pdf HTTP/1.1" 200 142700
192.168.10.96 - - [27/Mar/2017:17:06:13 -0300] "GET /cormun/servlet/vesolicitudnombre?2017,5708,,SolicitudOTAdjuntos HTTP/1.1" 200 10234
192.168.10.96 - - [27/Mar/2017:17:06:14 -0300] "GET /cormun/servlet/vesolicitudnombre?2017,5708,,SolicitudOTAdjuntos HTTP/1.1" 200 10236
192.168.10.96 - - [27/Mar/2017:17:06:14 -0300] "POST /cormun/servlet/acontrolpreferencessavestate?None,DZAMUDIO,true HTTP/1.1" 200 35
192.168.10.96 - - [27/Mar/2017:17:06:16 -0300] "GET /cormun/PublicTempStorage/antecedentes_paula_rojas5936449.pdf HTTP/1.1" 200 223404
186.103.159.46 - - [27/Mar/2017:17:06:19 -0300] "POST /cormun/servlet/prfichaempleado?756564239a9438f7981a5c17e3ae47ee,,MD,,gxPopupLevel%3D0%3B,gx-no-cache=1490648836309 HTTP/1.1" 200 5989
192.168.10.96 - - [27/Mar/2017:17:06:20 -0300] "GET /cormun/servlet/vesolicitudnombre?2017,5708,,SolicitudOTAdjuntos HTTP/1.1" 200 10232
192.168.10.96 - - [27/Mar/2017:17:06:21 -0300] "GET /cormun/servlet/vesolicitudnombre?2017,5708,,SolicitudOTAdjuntos HTTP/1.1" 200 10233
192.168.10.96 - - [27/Mar/2017:17:06:21 -0300] "POST /cormun/servlet/acontrolpreferencessavestate?None,DZAMUDIO,true HTTP/1.1" 200 35
192.168.10.96 - - [27/Mar/2017:17:06:22 -0300] "GET /cormun/PublicTempStorage/curriculum_paula_rojas1633142.pdf HTTP/1.1" 200 520702
186.79.10.110 - - [27/Mar/2017:17:06:30 -0300] "POST /cormun/servlet/solicitudot?gx-no-cache=1490645257876 HTTP/1.1" 200 235
186.79.10.110 - - [27/Mar/2017:17:06:30 -0300] "POST /cormun/servlet/solicitudot?gx-no-cache=1490645258089 HTTP/1.1" 200 38
186.79.86.105 - - [27/Mar/2017:17:06:41 -0300] "GET /cormun/servlet/hlogin HTTP/1.1" 200 1718
186.103.159.46 - - [27/Mar/2017:17:06:43 -0300] "POST /cormun/servlet/prfichaempleado?756564239a9438f7981a5c17e3ae47ee,,MD,,gxPopupLevel%3D0%3B,gx-no-cache=1490648860089 HTTP/1.1" 200 5985
186.79.86.105 - - [27/Mar/2017:17:06:49 -0300] "POST /cormun/servlet/hlogin?39d62634824658b049e271a9c9b05284,gx-no-cache=1490645276546 HTTP/1.1" 200 90
186.79.86.105 - - [27/Mar/2017:17:06:49 -0300] "GET /cormun/servlet/hpexe_link HTTP/1.1" 200 954
186.79.86.105 - - [27/Mar/2017:17:06:49 -0300] "GET /cormun/servlet/trsolicitudot HTTP/1.1" 200 6977
186.79.86.105 - - [27/Mar/2017:17:06:51 -0300] "GET /cormun/servlet/trsolicitudot HTTP/1.1" 200 6976
186.79.86.105 - - [27/Mar/2017:17:07:01 -0300] "POST /cormun/servlet/trsolicitudot?39d62634824658b049e271a9c9b05284,gx-no-cache=1490645288085 HTTP/1.1" 200 5841
186.79.10.110 - - [27/Mar/2017:17:07:10 -0300] "GET /cormun/servlet/solicitudot?dee229754408c514684c695351296044eb5fe529baae898ce107c6d723ae1cdbd9824d307566450c0fddb881626bd30a1e36e1d018138baf686eb53ec854bea0c9d2e2958b481d5983869e4b9e43f5c79794daf484c9a181faf49ced9ac9115d01f615938470d1636ae7cd18ce796d06c350f1fb9bfd8bd9622469b249d88df796b7d8137c5f9018b31dbd00b6a7ecd77797a5e4dc387604480d80431027288d,gx-no-cache=1490645298373 HTTP/1.1" 200 29
186.79.10.110 - - [27/Mar/2017:17:07:10 -0300] "POST /cormun/servlet/solicitudot?gx-no-cache=1490645298662 HTTP/1.1" 200 643
186.79.10.110 - - [27/Mar/2017:17:07:12 -0300] "POST /cormun/servlet/solicitudot?gx-no-cache=1490645299972 HTTP/1.1" 200 1157
186.103.159.46 - - [27/Mar/2017:17:07:21 -0300] "POST /cormun/servlet/prfichaempleado?756564239a9438f7981a5c17e3ae47ee,,MD,,gxPopupLevel%3D0%3B,gx-no-cache=1490648898560 HTTP/1.1" 200 5992
186.103.159.46 - - [27/Mar/2017:17:07:42 -0300] "POST /cormun/servlet/prfichaempleado?756564239a9438f7981a5c17e3ae47ee,,MD,,gxPopupLevel%3D0%3B,gx-no-cache=1490648920201 HTTP/1.1" 200 5981
186.79.86.105 - - [27/Mar/2017:17:07:48 -0300] "GET /cormun/servlet/trcontratounov2? HTTP/1.1" 200 16774
186.79.86.105 - - [27/Mar/2017:17:07:50 -0300] "GET /cormun/servlet/trcontratounov2? HTTP/1.1" 200 16772
186.103.159.46 - - [27/Mar/2017:17:08:06 -0300] "POST /cormun/servlet/prfichaempleado?756564239a9438f7981a5c17e3ae47ee,,MD,,gxPopupLevel%3D0%3B,gx-no-cache=1490648943974 HTTP/1.1" 200 5923
186.79.10.110 - - [27/Mar/2017:17:08:09 -0300] "POST /cormun/servlet/solicitudot?gx-no-cache=1490645357170 HTTP/1.1" 200 1275
186.79.10.110 - - [27/Mar/2017:17:08:10 -0300] "POST /cormun/servlet/solicitudot?gx-no-cache=1490645357508 HTTP/1.1" 200 1157
186.79.86.105 - - [27/Mar/2017:17:08:19 -0300] "GET /cormun/servlet/trsolicitudot? HTTP/1.1" 200 8668
186.79.86.105 - - [27/Mar/2017:17:08:21 -0300] "GET /cormun/servlet/trsolicitudot? HTTP/1.1" 200 8667
186.79.86.105 - - [27/Mar/2017:17:08:24 -0300] "GET /cormun/servlet/solicitudot?INS,0,0, HTTP/1.1" 200 12784
186.79.86.105 - - [27/Mar/2017:17:08:25 -0300] "GET /cormun/servlet/solicitudot?INS,0,0, HTTP/1.1" 200 12789
186.79.10.110 - - [27/Mar/2017:17:08:28 -0300] "GET /cormun/servlet/solicitudot?dee229754408c514684c695351296044c62c87ac844fc04693da2ccb396ef206501a456ba80523ad3b3533982ef6463a04a2f780d31a8b43cc2fe098afc2d52050b7ed6ae9e3685d5b6386a75b16aef299e8bafb7d3d411bf78938f1fcc64174f6437e821e73edbbac541082eb4f6d39d9010099452d1c0ff8c5e82a91c944e4b68395961b5dc8c04a8760b2a8adc12beb2f670d69ed7bb83bf1f8587c15f18ac97a275d7954303b4d1a2d7a8660a420,gx-no-cache=1490645376226 HTTP/1.1" 200 30
186.103.159.46 - - [27/Mar/2017:17:08:36 -0300] "POST /cormun/servlet/prfichaempleado?756564239a9438f7981a5c17e3ae47ee,,MD,,gxPopupLevel%3D0%3B,gx-no-cache=1490648973713 HTTP/1.1" 200 5992
186.79.86.105 - - [27/Mar/2017:17:08:37 -0300] "GET /cormun/servlet/trcontratounov2? HTTP/1.1" 200 16777
186.79.86.105 - - [27/Mar/2017:17:08:38 -0300] "GET /cormun/servlet/trcontratounov2? HTTP/1.1" 200 16772
186.103.159.46 - - [27/Mar/2017:17:08:57 -0300] "POST /cormun/servlet/prfichaempleado?756564239a9438f7981a5c17e3ae47ee,,MD,,gxPopupLevel%3D0%3B,gx-no-cache=1490648994133 HTTP/1.1" 200 5956
186.79.86.105 - - [27/Mar/2017:17:09:15 -0300] "GET /cormun/servlet/trsolicitudot? HTTP/1.1" 200 8668
186.79.86.105 - - [27/Mar/2017:17:09:17 -0300] "GET /cormun/servlet/trsolicitudot? HTTP/1.1" 200 8667
186.79.86.105 - - [27/Mar/2017:17:09:20 -0300] "GET /cormun/servlet/solicitudot?INS,0,0, HTTP/1.1" 200 12784
186.79.86.105 - - [27/Mar/2017:17:09:22 -0300] "GET /cormun/servlet/solicitudot?INS,0,0, HTTP/1.1" 200 12790
186.103.159.46 - - [27/Mar/2017:17:09:28 -0300] "POST /cormun/servlet/prfichaempleado?756564239a9438f7981a5c17e3ae47ee,,MD,,gxPopupLevel%3D0%3B,gx-no-cache=1490649025698 HTTP/1.1" 200 5999
186.79.86.105 - - [27/Mar/2017:17:09:32 -0300] "POST /cormun/servlet/solicitudot?gx-no-cache=1490645439502 HTTP/1.1" 200 3170
186.79.86.105 - - [27/Mar/2017:17:09:33 -0300] "POST /cormun/servlet/solicitudot?39d62634824658b049e271a9c9b05284,INS,0,0,,gx-no-cache=1490645440233 HTTP/1.1" 200 9946
186.79.86.105 - - [27/Mar/2017:17:09:40 -0300] "GET /cormun/servlet/solicitudot?c78847df1e56e69450e3acc665c083e7f0dfc68ad66ade7bb24ca4bba6e55aefd00e5bd9b02d7b4af369b004604f56d5,gx-no-cache=1490645448015 HTTP/1.1" 200 30
186.79.86.105 - - [27/Mar/2017:17:09:41 -0300] "POST /cormun/servlet/solicitudot?gx-no-cache=1490645448249 HTTP/1.1" 200 255
186.79.86.105 - - [27/Mar/2017:17:09:41 -0300] "GET /cormun/servlet/solicitudot?c78847df1e56e69450e3acc665c083e7bfacc81fcab3aa2d025142a0688e6fa6ebb73ca1097b9ee99eb5f6566d664831edf3c7f04d26fcb04d8dcbf379617a0949bf954aab096e99de4e07a859310845cdb0591c98da5b36f23560280e226877440082b96352a7bb8af407beabc752d935b8427460191d1fd2c4041ce52aabfef12dc991a8c022c2477d47db081006cd84bd034c156be4c4e0f3abb4c0a05bf6e2845321bc30e3edbbbfeac0502029ba9c3587d155d7656af78f77d8666f876bc03f9f2e4bd635c89d4cdf2596d5acc6f0f8fee5a89d151c5ffc0302e230a1c4267bf862a78fdcd7bef737c42c454f3fff516de0f513542b2347f20903d585922e8735ae742dc87dae0fd6afbce2f0047bf8257128960805269aa54e5eeef8fb36906c706ad873e023a88c255d23b9246472147cbcdc1a3813d3ec9fb2cfc450c2200259ebbbd9143b60af26b08dadc7aba36b29c863c5f8eecd761496e4f8f65c5b7968479f08738e2be4a8bc24c8f581cec064706046ff251c31ea81c19b38,gx-no-cache=1490645448501 HTTP/1.1" 200 30
186.103.159.46 - - [27/Mar/2017:17:09:58 -0300] "POST /cormun/servlet/prfichaempleado?756564239a9438f7981a5c17e3ae47ee,,MD,,gxPopupLevel%3D0%3B,gx-no-cache=1490649055644 HTTP/1.1" 200 5956
186.79.10.110 - - [27/Mar/2017:17:09:59 -0300] "POST /cormun/servlet/solicitudot?408b78f6943b00e3b38971ddba6edfaa,INS,0,0,,gx-no-cache=1490645466603 HTTP/1.1" 200 93
186.79.10.110 - - [27/Mar/2017:17:09:59 -0300] "GET /cormun/servlet/hpexe_return? HTTP/1.1" 200 1000
186.79.10.110 - - [27/Mar/2017:17:09:59 -0300] "GET /cormun/servlet/trsolicitudot? HTTP/1.1" 200 8782
186.79.10.110 - - [27/Mar/2017:17:10:00 -0300] "GET /cormun/servlet/trsolicitudot? HTTP/1.1" 200 8778
186.79.10.110 - - [27/Mar/2017:17:10:06 -0300] "POST /cormun/servlet/trsolicitudot?408b78f6943b00e3b38971ddba6edfaa,,gx-no-cache=1490645473376 HTTP/1.1" 200 106
186.79.10.110 - - [27/Mar/2017:17:10:06 -0300] "GET /cormun/servlet/trsolicitudadjuntos?2017,5765, HTTP/1.1" 200 5850
186.79.10.110 - - [27/Mar/2017:17:10:07 -0300] "GET /cormun/servlet/trsolicitudadjuntos?2017,5765, HTTP/1.1" 200 5851
186.79.86.105 - - [27/Mar/2017:17:10:25 -0300] "POST /cormun/servlet/solicitudot?gx-no-cache=1490645492454 HTTP/1.1" 200 30
186.79.86.105 - - [27/Mar/2017:17:10:28 -0300] "GET /cormun/servlet/prcontratosol?13938012,,,,,MD,,gxPopupLevel%3D0%3B HTTP/1.1" 200 5954
186.79.86.105 - - [27/Mar/2017:17:10:28 -0300] "GET /cormun/static/Resources/resize.gif HTTP/1.1" 200 77
186.79.86.105 - - [27/Mar/2017:17:10:28 -0300] "GET /cormun/static/gxcfg.js?201731711522183 HTTP/1.1" 200 953
186.79.86.105 - - [27/Mar/2017:17:10:28 -0300] "GET /cormun/static/Resources/PXToolsMenuSearch.png HTTP/1.1" 200 2914
186.79.86.105 - - [27/Mar/2017:17:10:28 -0300] "GET /cormun/static/Resources/PXToolsMenuSearchCancel.png HTTP/1.1" 200 2972
186.79.86.105 - - [27/Mar/2017:17:10:28 -0300] "GET /cormun/static/Resources/PXToolsGridFirst.gif HTTP/1.1" 200 379
186.79.86.105 - - [27/Mar/2017:17:10:28 -0300] "GET /cormun/static/Resources/PXToolsGridNext.gif HTTP/1.1" 200 369
186.79.86.105 - - [27/Mar/2017:17:10:28 -0300] "GET /cormun/static/Resources/PXToolsGridPrevious.gif HTTP/1.1" 200 369
186.79.86.105 - - [27/Mar/2017:17:10:28 -0300] "GET /cormun/static/Resources/PXToolsGridLast.gif HTTP/1.1" 200 370
186.79.86.105 - - [27/Mar/2017:17:10:28 -0300] "GET /cormun/static/prcontratosol.js?201731711522419 HTTP/1.1" 200 14084
186.79.86.105 - - [27/Mar/2017:17:10:28 -0300] "GET /cormun/static/menusearch.js?201610171694467 HTTP/1.1" 200 1424
186.79.86.105 - - [27/Mar/2017:17:10:28 -0300] "GET /cormun/static/hmpwkw011.js?201731711483558 HTTP/1.1" 200 1968
186.79.10.110 - - [27/Mar/2017:17:10:31 -0300] "GET /cormun/servlet/hlogin HTTP/1.1" 200 1724
186.79.86.105 - - [27/Mar/2017:17:10:33 -0300] "POST /cormun/servlet/solicitudot?gx-no-cache=1490645500346 HTTP/1.1" 200 1291
186.79.86.105 - - [27/Mar/2017:17:10:33 -0300] "POST /cormun/servlet/solicitudot?gx-no-cache=1490645500633 HTTP/1.1" 200 38
186.79.86.105 - - [27/Mar/2017:17:10:33 -0300] "GET /cormun/servlet/solicitudot?c78847df1e56e69450e3acc665c083e78306b5fc8871149e47d9410cb45dba3c088b9a7b2997c6673b5645912633ae5deae27e69528ce6a500f50f86e0ed752250bbcdb15ef9e54940e24220eaea36bdd5d033a322584d04dd47af787a3a5bb97201af22dfcce9a04cb10db93c4e6530df3f9b070fb17d0e361d84a4c656028bce9df776e80b45f28faa188c1d14ba1b742fb7dffc27dbd68c4290fee0f02712,gx-no-cache=1490645500909 HTTP/1.1" 200 29
186.79.10.110 - - [27/Mar/2017:17:10:33 -0300] "POST /cormun/servlet/hlogin?f12045f8a913a6552ec2b637cb100013,gx-no-cache=1490645501426 HTTP/1.1" 200 90
186.79.10.110 - - [27/Mar/2017:17:10:33 -0300] "GET /cormun/servlet/hpexe_link HTTP/1.1" 200 953
186.79.86.105 - - [27/Mar/2017:17:10:34 -0300] "POST /cormun/servlet/solicitudot?gx-no-cache=1490645501182 HTTP/1.1" 200 1274
186.79.10.110 - - [27/Mar/2017:17:10:34 -0300] "GET /cormun/servlet/hhome HTTP/1.1" 200 3760
186.79.86.105 - - [27/Mar/2017:17:10:34 -0300] "POST /cormun/servlet/solicitudot?gx-no-cache=1490645501453 HTTP/1.1" 200 1156
186.79.10.110 - - [27/Mar/2017:17:10:34 -0300] "GET /cormun/servlet/hhome HTTP/1.1" 200 3757
186.79.10.110 - - [27/Mar/2017:17:10:37 -0300] "GET /cormun/servlet/trsolicitudot? HTTP/1.1" 200 8787
186.79.10.110 - - [27/Mar/2017:17:10:38 -0300] "GET /cormun/servlet/trsolicitudot? HTTP/1.1" 200 8785
186.79.10.110 - - [27/Mar/2017:17:10:51 -0300] "POST /cormun/servlet/trsolicitudot?f12045f8a913a6552ec2b637cb100013,,gx-no-cache=1490645518535 HTTP/1.1" 200 106
186.79.10.110 - - [27/Mar/2017:17:10:51 -0300] "GET /cormun/servlet/trsolicitudadjuntos?2017,5765, HTTP/1.1" 200 5859
186.79.86.105 - - [27/Mar/2017:17:10:51 -0300] "POST /cormun/servlet/solicitudot?gx-no-cache=1490645518719 HTTP/1.1" 200 30
186.79.10.110 - - [27/Mar/2017:17:10:52 -0300] "GET /cormun/servlet/trsolicitudadjuntos?2017,5765, HTTP/1.1" 200 5859
186.79.86.105 - - [27/Mar/2017:17:10:52 -0300] "POST /cormun/servlet/solicitudot?gx-no-cache=1490645518919 HTTP/1.1" 200 1291
186.79.86.105 - - [27/Mar/2017:17:10:52 -0300] "POST /cormun/servlet/solicitudot?gx-no-cache=1490645519726 HTTP/1.1" 200 41
186.103.159.46 - - [27/Mar/2017:17:10:59 -0300] "GET /cormun/servlet/permisosingoce?6aa22feb09f0932a3fe9c15bcc67cd7a119d91fe2409f896ab1ac73a4624af2f335e166ab89f875400015b0b382aea0e,gx-no-cache=1490649124391 HTTP/1.1" 200 77
186.103.159.46 - - [27/Mar/2017:17:10:59 -0300] "GET /cormun/static/menuarrow.gif HTTP/1.1" 404 1015
186.79.10.110 - - [27/Mar/2017:17:11:04 -0300] "GET /cormun/servlet/hlogin HTTP/1.1" 200 1716
186.79.10.110 - - [27/Mar/2017:17:11:07 -0300] "POST /cormun/servlet/hlogin?313c8c86f789c13a77f92b2de272aa10,gx-no-cache=1490645534687 HTTP/1.1" 200 90
186.79.10.110 - - [27/Mar/2017:17:11:07 -0300] "GET /cormun/servlet/hpexe_link HTTP/1.1" 200 945
186.79.10.110 - - [27/Mar/2017:17:11:07 -0300] "GET /cormun/servlet/hhome HTTP/1.1" 200 3752
186.79.10.110 - - [27/Mar/2017:17:11:08 -0300] "GET /cormun/servlet/hhome HTTP/1.1" 200 3749
186.79.86.105 - - [27/Mar/2017:17:11:08 -0300] "POST /cormun/servlet/solicitudot?gx-no-cache=1490645535480 HTTP/1.1" 200 1273
186.79.86.105 - - [27/Mar/2017:17:11:08 -0300] "POST /cormun/servlet/solicitudot?gx-no-cache=1490645535704 HTTP/1.1" 200 1156
186.79.86.105 - - [27/Mar/2017:17:11:08 -0300] "GET /cormun/static/menuarrow.gif HTTP/1.1" 404 1015
186.79.86.105 - - [27/Mar/2017:17:11:11 -0300] "POST /cormun/servlet/solicitudot?gx-no-cache=1490645538292 HTTP/1.1" 200 1273
186.79.86.105 - - [27/Mar/2017:17:11:11 -0300] "POST /cormun/servlet/solicitudot?gx-no-cache=1490645538546 HTTP/1.1" 200 1156
186.79.10.110 - - [27/Mar/2017:17:11:12 -0300] "GET /cormun/servlet/trsolicitudot? HTTP/1.1" 200 8777
186.79.86.105 - - [27/Mar/2017:17:11:12 -0300] "GET /cormun/servlet/solicitudot?c78847df1e56e69450e3acc665c083e7494188a371a49d37b41b1d9e80852c67a58248b61f91dcff0330f80ba77c238aa8ae7f1bfdca3c7b28d965f451d84fb9c2c38fe528210f536ad588291b8112493c8931e9ff7d2adeb64138578121848afb843fec968e7231479cac2cffcffc9d98c80031a40276aad54c3ede7b8eecea27961ef6a91d7a339350084972ae3982b73d9e75ae4a66bfdc48328b03ec5408075506e2f392b87a0a98ad234b44ac3a,gx-no-cache=1490645540093 HTTP/1.1" 200 30
186.79.10.110 - - [27/Mar/2017:17:11:13 -0300] "GET /cormun/servlet/trsolicitudot? HTTP/1.1" 200 8775
186.103.159.46 - - [27/Mar/2017:17:11:14 -0300] "GET /cormun/servlet/permisosingoce?6aa22feb09f0932a3fe9c15bcc67cd7aff46a02e1d21c875bf3d33c60cfe98117862312bc9bb950797282a0b5dab7b63,gx-no-cache=1490649139773 HTTP/1.1" 200 33
186.103.159.46 - - [27/Mar/2017:17:11:18 -0300] "GET /cormun/servlet/permisosingoce?6aa22feb09f0932a3fe9c15bcc67cd7a45223925314a9e2e615244e1c9b8e7fc0b5e82eac7a2ac50c758b851a4f0da7faafd15b22eb57a0facc5b8ec5122764e03f08b53b75e161ca97876d797f5c060270dfa32885a8bfccced9808a1ac252b321844cb464efb680ae48007629a4177a2e2acc91ed54ad679981de923b9288a68805ead88d5a842e6ab30816e38b86a46bbb9971f4e97a7125f1d5362a7acd1,gx-no-cache=1490649143156 HTTP/1.1" 200 41
186.79.10.110 - - [27/Mar/2017:17:11:20 -0300] "POST /cormun/servlet/trsolicitudot?313c8c86f789c13a77f92b2de272aa10,,gx-no-cache=1490645547824 HTTP/1.1" 200 106
186.79.10.110 - - [27/Mar/2017:17:11:20 -0300] "GET /cormun/servlet/trsolicitudadjuntos?2017,5765, HTTP/1.1" 200 5848
186.79.10.110 - - [27/Mar/2017:17:11:21 -0300] "GET /cormun/servlet/trsolicitudadjuntos?2017,5765, HTTP/1.1" 200 5848
186.79.86.105 - - [27/Mar/2017:17:11:24 -0300] "POST /cormun/servlet/solicitudot?39d62634824658b049e271a9c9b05284,INS,0,0,,gx-no-cache=1490645550337 HTTP/1.1" 200 93
186.79.86.105 - - [27/Mar/2017:17:11:24 -0300] "GET /cormun/servlet/hpexe_return? HTTP/1.1" 200 1000
186.79.86.105 - - [27/Mar/2017:17:11:24 -0300] "GET /cormun/servlet/trsolicitudot HTTP/1.1" 200 9075
186.79.86.105 - - [27/Mar/2017:17:11:26 -0300] "GET /cormun/servlet/trsolicitudot HTTP/1.1" 200 9068
186.79.86.105 - - [27/Mar/2017:17:11:32 -0300] "POST /cormun/servlet/trsolicitudot?39d62634824658b049e271a9c9b05284,gx-no-cache=1490645559497 HTTP/1.1" 200 106
186.79.86.105 - - [27/Mar/2017:17:11:33 -0300] "GET /cormun/servlet/solicitudot?UPD,2017,5766, HTTP/1.1" 200 14444
186.79.86.105 - - [27/Mar/2017:17:11:34 -0300] "GET /cormun/servlet/solicitudot?UPD,2017,5766, HTTP/1.1" 200 14453
186.79.86.105 - - [27/Mar/2017:17:11:35 -0300] "POST /cormun/servlet/solicitudot?gx-no-cache=1490645562228 HTTP/1.1" 200 3170
186.79.86.105 - - [27/Mar/2017:17:11:37 -0300] "POST /cormun/servlet/solicitudot?39d62634824658b049e271a9c9b05284,UPD,2017,5766,,gx-no-cache=1490645563064 HTTP/1.1" 200 11042
186.79.86.105 - - [27/Mar/2017:17:11:38 -0300] "GET /cormun/servlet/solicitudot?c78847df1e56e69450e3acc665c083e7f0dfc68ad66ade7bb24ca4bba6e55aefda1b83f870dd87f6213548929a9590b5,gx-no-cache=1490645565227 HTTP/1.1" 200 30
186.79.86.105 - - [27/Mar/2017:17:11:38 -0300] "POST /cormun/servlet/solicitudot?gx-no-cache=1490645565435 HTTP/1.1" 200 256
186.79.86.105 - - [27/Mar/2017:17:11:38 -0300] "GET /cormun/servlet/solicitudot?c78847df1e56e69450e3acc665c083e7bfacc81fcab3aa2d025142a0688e6fa6ebb73ca1097b9ee99eb5f6566d664831edf3c7f04d26fcb04d8dcbf379617a0949bf954aab096e99de4e07a859310845cdb0591c98da5b36f23560280e226877440082b96352a7bb8af407beabc752d935b8427460191d1fd2c4041ce52aabfef12dc991a8c022c2477d47db081006cd84bd034c156be4c4e0f3abb4c0a05bf6e2845321bc30e3edbbbfeac0502029ba9c3587d155d7656af78f77d8666f876bc03f9f2e4bd635c89d4cdf2596d5acc6f0f8fee5a89d151c5ffc0302e230a1c4267bf862a78fdcd7bef737c42c454f3fff516de0f513542b2347f20903d585922e8735ae742dc87dae0fd6afbce2f0047bf8257128960805269aa54e5eeef8fb36906c706ad873e023a88c255d23b9246472147cbcdc1a3813d3ec9fb2cfc450c2200259ebbbd9143b60af26b08dadc7aba36b29c863c5f8eecd761496e4f8f65c5b7968479f08738e2be4a8bc24c8f5f96a31f0e4fe1ba5733dd72a3a6ea448,gx-no-cache=1490645565685 HTTP/1.1" 200 30
186.79.86.105 - - [27/Mar/2017:17:11:39 -0300] "POST /cormun/servlet/solicitudot?gx-no-cache=1490645565886 HTTP/1.1" 200 30
186.79.86.105 - - [27/Mar/2017:17:11:40 -0300] "POST /cormun/servlet/solicitudot?gx-no-cache=1490645566916 HTTP/1.1" 200 1289
186.79.86.105 - - [27/Mar/2017:17:11:41 -0300] "POST /cormun/servlet/solicitudot?gx-no-cache=1490645568256 HTTP/1.1" 200 41
186.79.86.105 - - [27/Mar/2017:17:11:41 -0300] "GET /cormun/servlet/prpersonalsolicitud?13938012,,,,,MD,,gxPopupLevel%3D0%3B HTTP/1.1" 200 5652
186.79.86.105 - - [27/Mar/2017:17:11:41 -0300] "GET /cormun/static/gxcfg.js?201731711525646 HTTP/1.1" 200 953
186.79.86.105 - - [27/Mar/2017:17:11:42 -0300] "GET /cormun/static/prpersonalsolicitud.js?201731711525838 HTTP/1.1" 200 13873
186.79.10.110 - - [27/Mar/2017:17:11:42 -0300] "GET /cormun/servlet/hlogin HTTP/1.1" 200 1725
186.79.86.105 - - [27/Mar/2017:17:11:45 -0300] "GET /cormun/servlet/solicitudot?c78847df1e56e69450e3acc665c083e7f091b599febfc5836abf30f93f2888c357e9b73097cb1b758fa623cb42583857d5dfd7c9d1a2d0c1523506bc72aad709124472411457f63807163295e35988a14f61b999ee46817d3839f9d6c0a0390d48edad67ea18273d2f47066c90910fd455078e5df372d3a2e7a615a5edebce2efb63b03f0b24c9baa42b706a43cdb7772ed976bb09b62030b219814b8e43ebb8,gx-no-cache=1490645572225 HTTP/1.1" 200 29
186.79.10.110 - - [27/Mar/2017:17:11:45 -0300] "POST /cormun/servlet/hlogin?0aff331de50c26de417a62e3e09dbff9,gx-no-cache=1490645572874 HTTP/1.1" 200 90
186.79.10.110 - - [27/Mar/2017:17:11:45 -0300] "GET /cormun/servlet/hpexe_link HTTP/1.1" 200 954
186.79.86.105 - - [27/Mar/2017:17:11:45 -0300] "POST /cormun/servlet/solicitudot?gx-no-cache=1490645572456 HTTP/1.1" 200 1273
186.79.10.110 - - [27/Mar/2017:17:11:45 -0300] "GET /cormun/servlet/hhome HTTP/1.1" 200 3759
186.79.86.105 - - [27/Mar/2017:17:11:45 -0300] "POST /cormun/servlet/solicitudot?gx-no-cache=1490645572692 HTTP/1.1" 200 1156
186.79.86.105 - - [27/Mar/2017:17:11:46 -0300] "GET /cormun/servlet/prpersonalsolicitud?13938012,,,,,MD,,gxPopupLevel%3D0%3B HTTP/1.1" 200 5652
186.79.10.110 - - [27/Mar/2017:17:11:46 -0300] "GET /cormun/servlet/hhome HTTP/1.1" 200 3756
186.79.10.110 - - [27/Mar/2017:17:11:50 -0300] "GET /cormun/servlet/trsolicitudot? HTTP/1.1" 200 8786
186.79.10.110 - - [27/Mar/2017:17:11:51 -0300] "GET /cormun/servlet/trsolicitudot? HTTP/1.1" 200 8784
186.79.86.105 - - [27/Mar/2017:17:11:59 -0300] "GET /cormun/servlet/solicitudot?c78847df1e56e69450e3acc665c083e7494188a371a49d37b41b1d9e80852c67a58248b61f91dcff0330f80ba77c238aa8ae7f1bfdca3c7b28d965f451d84fb9c2c38fe528210f536ad588291b8112493c8931e9ff7d2adeb64138578121848afb843fec968e7231479cac2cffcffc9d98c80031a40276aad54c3ede7b8eecea27961ef6a91d7a339350084972ae3982b73d9e75ae4a66bfdc48328b03ec54089568592b7ac174dcfbc698739d9a87ad,gx-no-cache=1490645586812 HTTP/1.1" 200 32
186.79.86.105 - - [27/Mar/2017:17:12:00 -0300] "POST /cormun/servlet/solicitudot?39d62634824658b049e271a9c9b05284,UPD,2017,5766,,gx-no-cache=1490645587051 HTTP/1.1" 200 93
186.79.86.105 - - [27/Mar/2017:17:12:00 -0300] "GET /cormun/servlet/hpexe_return? HTTP/1.1" 200 1007
186.79.86.105 - - [27/Mar/2017:17:12:01 -0300] "GET /cormun/servlet/trsolicitudot HTTP/1.1" 200 9075
186.79.86.105 - - [27/Mar/2017:17:12:02 -0300] "GET /cormun/servlet/trsolicitudot HTTP/1.1" 200 9068
186.79.10.110 - - [27/Mar/2017:17:12:02 -0300] "POST /cormun/servlet/trsolicitudot?0aff331de50c26de417a62e3e09dbff9,,gx-no-cache=1490645590307 HTTP/1.1" 200 5678
186.79.10.110 - - [27/Mar/2017:17:12:03 -0300] "GET /cormun/static/Shared/jqueryui/images/ui-bg_highlight-soft_100_c6c2c8_1x100.png HTTP/1.1" 404 1117
186.79.10.110 - - [27/Mar/2017:17:12:03 -0300] "GET /cormun/static/Shared/jqueryui/images/ui-icons_82798d_256x240.png HTTP/1.1" 404 1089
186.79.10.110 - - [27/Mar/2017:17:12:03 -0300] "GET /cormun/static/Shared/jqueryui/images/ui-bg_flat_55_fafafa_40x100.png HTTP/1.1" 404 1097
186.79.10.110 - - [27/Mar/2017:17:12:03 -0300] "GET /cormun/static/Shared/jqueryui/images/ui-icons_8d78a5_256x240.png HTTP/1.1" 404 1089
186.79.10.110 - - [27/Mar/2017:17:12:03 -0300] "POST /cormun/servlet/trsolicitudot?0aff331de50c26de417a62e3e09dbff9,,gx-no-cache=1490645590910 HTTP/1.1" 200 5620
186.79.86.105 - - [27/Mar/2017:17:12:09 -0300] "POST /cormun/servlet/trsolicitudot?39d62634824658b049e271a9c9b05284,gx-no-cache=1490645596569 HTTP/1.1" 200 5879
186.79.86.105 - - [27/Mar/2017:17:12:09 -0300] "GET /cormun/static/Shared/jqueryui/images/ui-bg_highlight-soft_100_c6c2c8_1x100.png HTTP/1.1" 404 1117
186.79.86.105 - - [27/Mar/2017:17:12:10 -0300] "GET /cormun/static/Shared/jqueryui/images/ui-icons_82798d_256x240.png HTTP/1.1" 404 1089
186.79.86.105 - - [27/Mar/2017:17:12:10 -0300] "GET /cormun/static/Shared/jqueryui/images/ui-bg_flat_55_fafafa_40x100.png HTTP/1.1" 404 1097
186.79.86.105 - - [27/Mar/2017:17:12:10 -0300] "GET /cormun/static/Shared/jqueryui/images/ui-icons_8d78a5_256x240.png HTTP/1.1" 404 1089
186.79.86.105 - - [27/Mar/2017:17:12:10 -0300] "POST /cormun/servlet/trsolicitudot?39d62634824658b049e271a9c9b05284,gx-no-cache=1490645597318 HTTP/1.1" 200 5819
186.79.86.105 - - [27/Mar/2017:17:12:13 -0300] "GET /cormun/servlet/solicitudot?INS,0,0, HTTP/1.1" 200 12784
186.79.86.105 - - [27/Mar/2017:17:12:14 -0300] "GET /cormun/servlet/solicitudot?INS,0,0, HTTP/1.1" 200 12789
186.103.159.46 - - [27/Mar/2017:17:12:15 -0300] "POST /cormun/servlet/permisosingoce?756564239a9438f7981a5c17e3ae47ee,INS,0,,gx-no-cache=1490649199633 HTTP/1.1" 200 93
186.103.159.46 - - [27/Mar/2017:17:12:15 -0300] "GET /cormun/servlet/hpexe_return? HTTP/1.1" 200 1002
186.103.159.46 - - [27/Mar/2017:17:12:15 -0300] "GET /cormun/servlet/trpermisosingoce HTTP/1.1" 200 7577
186.103.159.46 - - [27/Mar/2017:17:12:17 -0300] "GET /cormun/servlet/trpermisosingoce HTTP/1.1" 200 7573
186.79.86.105 - - [27/Mar/2017:17:12:24 -0300] "POST /cormun/servlet/solicitudot?gx-no-cache=1490645610962 HTTP/1.1" 200 3182
186.79.10.110 - - [27/Mar/2017:17:12:24 -0300] "POST /cormun/servlet/trsolicitudot?0aff331de50c26de417a62e3e09dbff9,,gx-no-cache=1490645611786 HTTP/1.1" 200 106
186.79.10.110 - - [27/Mar/2017:17:12:24 -0300] "GET /cormun/servlet/trsolicitudadjuntos?2017,5605, HTTP/1.1" 200 5857
186.79.86.105 - - [27/Mar/2017:17:12:24 -0300] "POST /cormun/servlet/solicitudot?39d62634824658b049e271a9c9b05284,INS,0,0,,gx-no-cache=1490645611429 HTTP/1.1" 200 9977
186.79.10.110 - - [27/Mar/2017:17:12:25 -0300] "GET /cormun/servlet/trsolicitudadjuntos?2017,5605, HTTP/1.1" 200 5857
186.79.10.110 - - [27/Mar/2017:17:12:28 -0300] "GET /cormun/servlet/solicitudotadjuntos?INS,2017,5605,,1, HTTP/1.1" 200 5795
186.79.10.110 - - [27/Mar/2017:17:12:29 -0300] "GET /cormun/static/about:blank HTTP/1.1" 404 1011
186.79.10.110 - - [27/Mar/2017:17:12:29 -0300] "GET /cormun/servlet/solicitudotadjuntos?INS,2017,5605,,1, HTTP/1.1" 200 5790
186.79.10.110 - - [27/Mar/2017:17:12:29 -0300] "GET /cormun/servlet/solicitudotadjuntos?c79503a39fa1da17eab2fb5dc444ad8fd85a010a25d8134d273804ee24b52a484c9821f19f981d1d3d500963856877a5,gx-no-cache=1490645617685 HTTP/1.1" 200 30
186.79.10.110 - - [27/Mar/2017:17:12:30 -0300] "POST /cormun/servlet/solicitudotadjuntos?0aff331de50c26de417a62e3e09dbff9,INS,2017,5605,,1,,gx-no-cache=1490645617792 HTTP/1.1" 200 3673
186.79.10.110 - - [27/Mar/2017:17:12:33 -0300] "POST /cormun/servlet/solicitudotadjuntos?gx-no-cache=1490645621228 HTTP/1.1" 200 26
186.79.86.105 - - [27/Mar/2017:17:12:36 -0300] "GET /cormun/servlet/solicitudot?c78847df1e56e69450e3acc665c083e704689e586b4a95d2e8ca6f9b93a78936d00e5bd9b02d7b4af369b004604f56d5,gx-no-cache=1490645623452 HTTP/1.1" 200 30
186.79.86.105 - - [27/Mar/2017:17:12:36 -0300] "POST /cormun/servlet/solicitudot?gx-no-cache=1490645623581 HTTP/1.1" 200 297
186.79.86.105 - - [27/Mar/2017:17:12:36 -0300] "GET /cormun/servlet/solicitudot?c78847df1e56e69450e3acc665c083e7bfacc81fcab3aa2d025142a0688e6fa6d2493082771561cc8dc41b767ea0f733edf3c7f04d26fcb04d8dcbf379617a0949bf954aab096e99de4e07a859310845cdb0591c98da5b36f23560280e226877440082b96352a7bb8af407beabc752d935b8427460191d1fd2c4041ce52aabfef12dc991a8c022c2477d47db081006cd84bd034c156be4c4e0f3abb4c0a05bf6e2845321bc30e3edbbbfeac0502029ba9c3587d155d7656af78f77d8666f876bc03f9f2e4bd635c89d4cdf2596d5acc6f0f8fee5a89d151c5ffc0302e230a1c4267bf862a78fdcd7bef737c42c454f3f901047cfc2432fdacc6f68ec46b3101f2e8735ae742dc87dae0fd6afbce2f0043ead3b29b352f7396ac374227b9d34a1928d7d4722f0b7691e50e885ad1980ef8f162a428140be6ed365e76cbce36f6bcd738e5d80c283d8fe37cea86372bd01aaf2da7316cc8ae1c2151834db271ae4c79807e3bcb64bd9f3a816669cc74949d38cdea09f5ff122035e1da515f5a431de7fddb5e1b6515ad38be438566900ef,gx-no-cache=1490645623728 HTTP/1.1" 200 30
186.79.86.105 - - [27/Mar/2017:17:12:39 -0300] "POST /cormun/servlet/solicitudot?gx-no-cache=1490645626880 HTTP/1.1" 200 30
186.79.86.105 - - [27/Mar/2017:17:12:41 -0300] "GET /cormun/servlet/prsolicitudot?17503191,,,,,MD,,gxPopupLevel%3D0%3B HTTP/1.1" 200 6211
186.79.86.105 - - [27/Mar/2017:17:12:42 -0300] "GET /cormun/static/gxcfg.js?201731711522567 HTTP/1.1" 200 953
186.79.86.105 - - [27/Mar/2017:17:12:42 -0300] "GET /cormun/static/prsolicitudot.js?201731711522786 HTTP/1.1" 200 13680
186.79.10.110 - - [27/Mar/2017:17:12:48 -0300] "GET /cormun/servlet/solicitudotadjuntos?c79503a39fa1da17eab2fb5dc444ad8f1c1add75e8f101796b72a803bb2bcae6,gx-no-cache=1490645635652 HTTP/1.1" 200 30
186.79.10.110 - - [27/Mar/2017:17:12:48 -0300] "GET /cormun/servlet/solicitudotadjuntos?c79503a39fa1da17eab2fb5dc444ad8f1c1add75e8f101796b72a803bb2bcae6,gx-no-cache=1490645635829 HTTP/1.1" 200 30
186.79.86.105 - - [27/Mar/2017:17:12:53 -0300] "POST /cormun/servlet/solicitudot?gx-no-cache=1490645640678 HTTP/1.1" 200 1292
186.79.86.105 - - [27/Mar/2017:17:12:53 -0300] "POST /cormun/servlet/solicitudot?gx-no-cache=1490645640905 HTTP/1.1" 200 38
186.79.86.105 - - [27/Mar/2017:17:12:53 -0300] "GET /cormun/servlet/solicitudot?c78847df1e56e69450e3acc665c083e78306b5fc8871149e47d9410cb45dba3c088b9a7b2997c6673b5645912633ae5d2eef72ad2bab13276da62e8a210bd4bca66b7c986e8010a7bb52677cdaf8a762fb63b03f0b24c9baa42b706a43cdb7772ed976bb09b62030b219814b8e43ebb8,gx-no-cache=1490645641084 HTTP/1.1" 200 29
186.79.86.105 - - [27/Mar/2017:17:12:54 -0300] "POST /cormun/servlet/solicitudot?gx-no-cache=1490645641256 HTTP/1.1" 200 1275
186.79.86.105 - - [27/Mar/2017:17:12:54 -0300] "POST /cormun/servlet/solicitudot?gx-no-cache=1490645641489 HTTP/1.1" 200 1157
186.79.86.105 - - [27/Mar/2017:17:12:57 -0300] "GET /cormun/servlet/trcontratounov2? HTTP/1.1" 200 16786
186.79.86.105 - - [27/Mar/2017:17:12:58 -0300] "GET /cormun/servlet/trcontratounov2? HTTP/1.1" 200 16770
186.79.10.110 - - [27/Mar/2017:17:13:04 -0300] "POST /cormun/servlet/solicitudotadjuntos?0aff331de50c26de417a62e3e09dbff9,INS,2017,5605,,1, HTTP/1.1" 200 116
186.79.10.110 - - [27/Mar/2017:17:13:04 -0300] "GET /cormun/servlet/hpexe_return? HTTP/1.1" 200 1026
186.79.10.110 - - [27/Mar/2017:17:13:04 -0300] "GET /cormun/servlet/trsolicitudadjuntos?2017,5605, HTTP/1.1" 200 7944
186.79.10.110 - - [27/Mar/2017:17:13:05 -0300] "GET /cormun/servlet/trsolicitudadjuntos?2017,5605, HTTP/1.1" 200 7941
186.79.10.110 - - [27/Mar/2017:17:13:10 -0300] "GET /cormun/servlet/solicitudotadjuntos?INS,2017,5605,,1, HTTP/1.1" 200 5795
186.79.10.110 - - [27/Mar/2017:17:13:11 -0300] "GET /cormun/static/about:blank HTTP/1.1" 404 1011
186.79.10.110 - - [27/Mar/2017:17:13:11 -0300] "GET /cormun/servlet/solicitudotadjuntos?INS,2017,5605,,1, HTTP/1.1" 200 5790
186.79.86.105 - - [27/Mar/2017:17:13:11 -0300] "GET /cormun/servlet/trsolicitudot? HTTP/1.1" 200 8668
186.79.10.110 - - [27/Mar/2017:17:13:12 -0300] "GET /cormun/servlet/solicitudotadjuntos?c79503a39fa1da17eab2fb5dc444ad8fd85a010a25d8134d273804ee24b52a484c9821f19f981d1d3d500963856877a5,gx-no-cache=1490645659810 HTTP/1.1" 200 30
186.79.10.110 - - [27/Mar/2017:17:13:12 -0300] "POST /cormun/servlet/solicitudotadjuntos?0aff331de50c26de417a62e3e09dbff9,INS,2017,5605,,1,,gx-no-cache=1490645659902 HTTP/1.1" 200 3673
186.79.86.105 - - [27/Mar/2017:17:13:13 -0300] "GET /cormun/servlet/trsolicitudot? HTTP/1.1" 200 8667
186.79.86.105 - - [27/Mar/2017:17:13:16 -0300] "GET /cormun/servlet/solicitudot?INS,0,0, HTTP/1.1" 200 12783
186.79.10.110 - - [27/Mar/2017:17:13:16 -0300] "POST /cormun/servlet/solicitudotadjuntos?gx-no-cache=1490645664046 HTTP/1.1" 200 26
186.79.86.105 - - [27/Mar/2017:17:13:17 -0300] "GET /cormun/servlet/solicitudot?INS,0,0, HTTP/1.1" 200 12788
186.79.10.110 - - [27/Mar/2017:17:13:23 -0300] "GET /cormun/servlet/solicitudotadjuntos?c79503a39fa1da17eab2fb5dc444ad8f1c1add75e8f101796b72a803bb2bcae6,gx-no-cache=1490645671250 HTTP/1.1" 200 30
186.79.10.110 - - [27/Mar/2017:17:13:23 -0300] "GET /cormun/servlet/solicitudotadjuntos?c79503a39fa1da17eab2fb5dc444ad8f1c1add75e8f101796b72a803bb2bcae6,gx-no-cache=1490645671358 HTTP/1.1" 200 30
186.79.86.105 - - [27/Mar/2017:17:13:26 -0300] "POST /cormun/servlet/solicitudot?gx-no-cache=1490645672662 HTTP/1.1" 200 3182
186.79.86.105 - - [27/Mar/2017:17:13:26 -0300] "POST /cormun/servlet/solicitudot?39d62634824658b049e271a9c9b05284,INS,0,0,,gx-no-cache=1490645673426 HTTP/1.1" 200 9976
186.79.86.105 - - [27/Mar/2017:17:13:28 -0300] "GET /cormun/servlet/solicitudot?c78847df1e56e69450e3acc665c083e704689e586b4a95d2e8ca6f9b93a78936d00e5bd9b02d7b4af369b004604f56d5,gx-no-cache=1490645675746 HTTP/1.1" 200 30
186.79.86.105 - - [27/Mar/2017:17:13:29 -0300] "POST /cormun/servlet/solicitudot?gx-no-cache=1490645676265 HTTP/1.1" 200 297
