200.54.247.69 - - [27/Mar/2017:09:21:41 -0300] "GET /cormun/static/gxcfg.js?201731711595461 HTTP/1.1" 304 -
200.54.247.69 - - [27/Mar/2017:09:21:41 -0300] "GET /cormun/static/Resources/PXToolsAddSelectedAction.png HTTP/1.1" 200 3660
200.54.247.69 - - [27/Mar/2017:09:21:41 -0300] "GET /cormun/static/trcontratounov2.js?2017317120150 HTTP/1.1" 304 -
200.54.247.69 - - [27/Mar/2017:09:21:41 -0300] "GET /cormun//static/Resources/PXToolsActionDisabled.gif HTTP/1.1" 200 53
200.86.95.220 - - [27/Mar/2017:09:21:42 -0300] "GET /cormun/servlet/prcontratosol?14011192,,,,,MD,,gxPopupLevel%3D0%3B HTTP/1.1" 200 5922
200.86.95.220 - - [27/Mar/2017:09:21:46 -0300] "POST /cormun/servlet/solicitudot?gx-no-cache=1490617376574 HTTP/1.1" 200 1291
200.86.95.220 - - [27/Mar/2017:09:21:46 -0300] "POST /cormun/servlet/solicitudot?gx-no-cache=1490617376692 HTTP/1.1" 200 38
200.86.95.220 - - [27/Mar/2017:09:21:46 -0300] "GET /cormun/servlet/solicitudot?fb7ab25644916dd2be407021513307128ef91016acc4f5d64cb7f542682ee050eb183be1b089794365d0ecde87429229f79a27712653eb4d1687eb73671f3ec28f18d7118108fe3bf755b8e10937f9d17a097d8161b173b800413ccf332e166a3f002ff4e8dc68c2173b22a9db4b7a6a582c662012c516cdb374f554eb870fa9d8f9ad68341181e7ba7417f8f3960e201c05ddad7d3cab158ff56762d63335f302ade7d6e7a0190cf5e34e3bf5606258bffc4d6aa6b9c41d9151fb759ccd7b5e428785d524a941a41853b7083fc3f5c9,gx-no-cache=1490617376817 HTTP/1.1" 200 29
200.86.95.220 - - [27/Mar/2017:09:21:46 -0300] "POST /cormun/servlet/solicitudot?gx-no-cache=1490617376878 HTTP/1.1" 200 1274
200.86.95.220 - - [27/Mar/2017:09:21:46 -0300] "POST /cormun/servlet/solicitudot?gx-no-cache=1490617376945 HTTP/1.1" 200 1157
186.103.159.230 - - [27/Mar/2017:09:21:52 -0300] "GET /cormun/servlet/trcontratoobservaciondir? HTTP/1.1" 200 6156
186.103.159.230 - - [27/Mar/2017:09:21:52 -0300] "GET /cormun/servlet/trcontratoobservaciondir? HTTP/1.1" 200 6156
200.54.247.69 - - [27/Mar/2017:09:21:57 -0300] "POST /cormun/servlet/trcontratounov2?80f88941c0fdef602f4b04ff60e15f26,,gx-no-cache=1490617378719 HTTP/1.1" 200 5814
186.103.159.230 - - [27/Mar/2017:09:21:58 -0300] "GET /cormun/servlet/trcontratounov2? HTTP/1.1" 200 16728
186.103.159.230 - - [27/Mar/2017:09:21:59 -0300] "GET /cormun/servlet/trcontratounov2? HTTP/1.1" 200 16735
200.86.95.220 - - [27/Mar/2017:09:22:01 -0300] "POST /cormun/servlet/solicitudot?gx-no-cache=1490617391477 HTTP/1.1" 200 1275
200.86.95.220 - - [27/Mar/2017:09:22:01 -0300] "POST /cormun/servlet/solicitudot?gx-no-cache=1490617392073 HTTP/1.1" 200 1157
200.86.95.220 - - [27/Mar/2017:09:22:01 -0300] "GET /cormun/servlet/solicitudot?fb7ab25644916dd2be4070215133071294097208a3599eea6056b33221e4d88fc60f42605fffe56e23afd28a26f2f426e49edec2eb950a49f55195569e790911f475c783dd4a5f182ef224aa0804d25c9d3c89b234b356d916e89b45ae76d278f4a601cd94e14cdf3cf4caf5ea959f0e8532d439fe2cb25c78edf577df238634f363a926781650efe98661d88b0d0621bd272b46c561f2689d8cceb61d723e09c383a9b96325aba3a408768325412f4e,gx-no-cache=1490617392207 HTTP/1.1" 200 30
200.54.247.69 - - [27/Mar/2017:09:22:07 -0300] "GET /cormun/servlet/trcontratounov2? HTTP/1.1" 200 6812
200.54.247.69 - - [27/Mar/2017:09:22:19 -0300] "GET /cormun/servlet/trcontratounov2? HTTP/1.1" 200 6812
200.86.95.220 - - [27/Mar/2017:09:22:36 -0300] "POST /cormun/servlet/solicitudot?ed805a9f1dcf50f99836850dd2781e69,INS,0,0,,gx-no-cache=1490617426532 HTTP/1.1" 200 93
200.86.95.220 - - [27/Mar/2017:09:22:36 -0300] "GET /cormun/servlet/hpexe_return? HTTP/1.1" 200 1033
200.86.95.220 - - [27/Mar/2017:09:22:37 -0300] "GET /cormun/servlet/trsolicitudot?gx-no-cache=1490616884196 HTTP/1.1" 200 8512
200.86.95.220 - - [27/Mar/2017:09:22:38 -0300] "GET /cormun/servlet/trsolicitudot?gx-no-cache=1490616884196 HTTP/1.1" 200 8530
200.86.95.220 - - [27/Mar/2017:09:22:52 -0300] "POST /cormun/servlet/trsolicitudot?ed805a9f1dcf50f99836850dd2781e69,gx-no-cache=1490616884196,gx-no-cache=1490617442727 HTTP/1.1" 200 5328
200.54.247.69 - - [27/Mar/2017:09:22:52 -0300] "POST /cormun/servlet/trcontratounov2?80f88941c0fdef602f4b04ff60e15f26,,gx-no-cache=1490617434220 HTTP/1.1" 200 4053
200.86.95.220 - - [27/Mar/2017:09:22:52 -0300] "GET /cormun/static/Shared/jqueryui/images/ui-bg_highlight-soft_100_c6c2c8_1x100.png HTTP/1.1" 404 1117
200.86.95.220 - - [27/Mar/2017:09:22:52 -0300] "GET /cormun/static/Shared/jqueryui/images/ui-icons_82798d_256x240.png HTTP/1.1" 404 1089
200.86.95.220 - - [27/Mar/2017:09:22:52 -0300] "GET /cormun/static/Shared/jqueryui/images/ui-bg_flat_55_fafafa_40x100.png HTTP/1.1" 404 1097
200.86.95.220 - - [27/Mar/2017:09:22:52 -0300] "GET /cormun/static/Shared/jqueryui/images/ui-icons_8d78a5_256x240.png HTTP/1.1" 404 1089
200.86.95.220 - - [27/Mar/2017:09:22:53 -0300] "POST /cormun/servlet/trsolicitudot?ed805a9f1dcf50f99836850dd2781e69,gx-no-cache=1490616884196,gx-no-cache=1490617443187 HTTP/1.1" 200 5270
200.54.247.69 - - [27/Mar/2017:09:22:56 -0300] "POST /cormun/servlet/trcontratounov2?80f88941c0fdef602f4b04ff60e15f26,,gx-no-cache=1490617437792 HTTP/1.1" 200 4053
192.168.10.89 - - [27/Mar/2017:09:22:57 -0300] "POST /cormun/servlet/trsolicitudot?dbe31d4517bc4ea3280824c7b9e16336,gx-no-cache=1490620656265 HTTP/1.1" 200 107
192.168.10.89 - - [27/Mar/2017:09:22:57 -0300] "GET /cormun/servlet/trsolicitudadjuntos?2017,5738, HTTP/1.1" 200 6062
192.168.10.89 - - [27/Mar/2017:09:22:57 -0300] "GET /cormun/static/gxcfg.js?201731711504543 HTTP/1.1" 304 -
192.168.10.89 - - [27/Mar/2017:09:22:57 -0300] "GET /cormun/static/trsolicitudadjuntos.js?201731711504951 HTTP/1.1" 304 -
192.168.10.89 - - [27/Mar/2017:09:23:11 -0300] "GET /cormun/servlet/solicitudotadjuntos?INS,2017,5738,,1, HTTP/1.1" 200 6000
192.168.10.89 - - [27/Mar/2017:09:23:11 -0300] "GET /cormun/static/gxcfg.js?201612218465951 HTTP/1.1" 304 -
192.168.10.89 - - [27/Mar/2017:09:23:11 -0300] "GET /cormun/static/solicitudotadjuntos.js?201612218465969 HTTP/1.1" 304 -
192.168.10.89 - - [27/Mar/2017:09:23:11 -0300] "HEAD /cormun/static/about:blank HTTP/1.1" 404 -
192.168.10.89 - - [27/Mar/2017:09:23:12 -0300] "GET /cormun/servlet/solicitudotadjuntos?3f6020001d6d6263353d148d3e78321a9a2f7361284bf3c0fea4bb272084304c29c81e015aad7156061520bb6743a8fc,gx-no-cache=1490620671346 HTTP/1.1" 200 30
192.168.10.89 - - [27/Mar/2017:09:23:12 -0300] "POST /cormun/servlet/solicitudotadjuntos?dbe31d4517bc4ea3280824c7b9e16336,INS,2017,5738,,1,,gx-no-cache=1490620671371 HTTP/1.1" 200 3856
192.168.10.89 - - [27/Mar/2017:09:23:16 -0300] "POST /cormun/servlet/solicitudotadjuntos?gx-no-cache=1490620675037 HTTP/1.1" 200 26
192.168.10.89 - - [27/Mar/2017:09:23:30 -0300] "GET /cormun/servlet/solicitudotadjuntos?3f6020001d6d6263353d148d3e78321ad6c164fa1433d029f06bbc1012d1d5f8,gx-no-cache=1490620689509 HTTP/1.1" 200 30
192.168.10.89 - - [27/Mar/2017:09:23:30 -0300] "GET /cormun/servlet/solicitudotadjuntos?3f6020001d6d6263353d148d3e78321ad6c164fa1433d029f06bbc1012d1d5f8,gx-no-cache=1490620689558 HTTP/1.1" 200 30
192.168.10.89 - - [27/Mar/2017:09:23:30 -0300] "POST /cormun/servlet/solicitudotadjuntos?dbe31d4517bc4ea3280824c7b9e16336,INS,2017,5738,,1, HTTP/1.1" 200 116
192.168.10.89 - - [27/Mar/2017:09:23:30 -0300] "GET /cormun/servlet/hpexe_return? HTTP/1.1" 200 1027
192.168.10.89 - - [27/Mar/2017:09:23:31 -0300] "GET /cormun/servlet/trsolicitudadjuntos?2017,5738, HTTP/1.1" 200 8222
192.168.10.89 - - [27/Mar/2017:09:23:34 -0300] "GET /cormun/PublicTempStorage/cedula_maria_guerrero5970457.pdf HTTP/1.1" 200 138778
192.168.10.89 - - [27/Mar/2017:09:23:38 -0300] "GET /cormun/servlet/trsolicitudadjuntos?2017,5738, HTTP/1.1" 200 8222
192.168.10.89 - - [27/Mar/2017:09:23:41 -0300] "GET /cormun/servlet/solicitudotadjuntos?INS,2017,5738,,1, HTTP/1.1" 200 6000
192.168.10.89 - - [27/Mar/2017:09:23:41 -0300] "HEAD /cormun/static/about:blank HTTP/1.1" 404 -
192.168.10.89 - - [27/Mar/2017:09:23:42 -0300] "GET /cormun/servlet/solicitudotadjuntos?3f6020001d6d6263353d148d3e78321a9a2f7361284bf3c0fea4bb272084304c29c81e015aad7156061520bb6743a8fc,gx-no-cache=1490620701286 HTTP/1.1" 200 30
192.168.10.89 - - [27/Mar/2017:09:23:42 -0300] "POST /cormun/servlet/solicitudotadjuntos?dbe31d4517bc4ea3280824c7b9e16336,INS,2017,5738,,1,,gx-no-cache=1490620701317 HTTP/1.1" 200 3857
192.168.10.89 - - [27/Mar/2017:09:23:48 -0300] "POST /cormun/servlet/solicitudotadjuntos?gx-no-cache=1490620707777 HTTP/1.1" 200 26
192.168.10.89 - - [27/Mar/2017:09:23:55 -0300] "POST /cormun/servlet/solicitudotadjuntos?dbe31d4517bc4ea3280824c7b9e16336,INS,2017,5738,,1, HTTP/1.1" 200 116
192.168.10.89 - - [27/Mar/2017:09:23:56 -0300] "GET /cormun/servlet/hpexe_return? HTTP/1.1" 200 1027
192.168.10.89 - - [27/Mar/2017:09:23:56 -0300] "GET /cormun/servlet/trsolicitudadjuntos?2017,5738, HTTP/1.1" 200 8222
192.168.10.89 - - [27/Mar/2017:09:23:58 -0300] "GET /cormun/servlet/solicitudotadjuntos?INS,2017,5738,,1, HTTP/1.1" 200 6000
192.168.10.89 - - [27/Mar/2017:09:23:58 -0300] "HEAD /cormun/static/about:blank HTTP/1.1" 404 -
192.168.10.89 - - [27/Mar/2017:09:23:59 -0300] "GET /cormun/servlet/solicitudotadjuntos?3f6020001d6d6263353d148d3e78321a9a2f7361284bf3c0fea4bb272084304c29c81e015aad7156061520bb6743a8fc,gx-no-cache=1490620718703 HTTP/1.1" 200 30
192.168.10.89 - - [27/Mar/2017:09:23:59 -0300] "POST /cormun/servlet/solicitudotadjuntos?dbe31d4517bc4ea3280824c7b9e16336,INS,2017,5738,,1,,gx-no-cache=1490620718727 HTTP/1.1" 200 3857
192.168.10.89 - - [27/Mar/2017:09:24:02 -0300] "POST /cormun/servlet/solicitudotadjuntos?gx-no-cache=1490620721578 HTTP/1.1" 200 26
192.168.10.89 - - [27/Mar/2017:09:24:08 -0300] "GET /cormun/servlet/solicitudotadjuntos?3f6020001d6d6263353d148d3e78321ad6c164fa1433d029f06bbc1012d1d5f8,gx-no-cache=1490620727850 HTTP/1.1" 200 30
192.168.10.89 - - [27/Mar/2017:09:24:08 -0300] "GET /cormun/servlet/solicitudotadjuntos?3f6020001d6d6263353d148d3e78321ad6c164fa1433d029f06bbc1012d1d5f8,gx-no-cache=1490620727867 HTTP/1.1" 200 30
192.168.10.89 - - [27/Mar/2017:09:24:09 -0300] "POST /cormun/servlet/solicitudotadjuntos?dbe31d4517bc4ea3280824c7b9e16336,INS,2017,5738,,1, HTTP/1.1" 200 116
192.168.10.89 - - [27/Mar/2017:09:24:09 -0300] "GET /cormun/servlet/hpexe_return? HTTP/1.1" 200 1027
192.168.10.89 - - [27/Mar/2017:09:24:09 -0300] "GET /cormun/servlet/trsolicitudadjuntos?2017,5738, HTTP/1.1" 200 8407
192.168.10.89 - - [27/Mar/2017:09:24:12 -0300] "GET /cormun/servlet/solicitudotadjuntos?INS,2017,5738,,1, HTTP/1.1" 200 6000
192.168.10.89 - - [27/Mar/2017:09:24:12 -0300] "HEAD /cormun/static/about:blank HTTP/1.1" 404 -
192.168.10.89 - - [27/Mar/2017:09:24:13 -0300] "GET /cormun/servlet/solicitudotadjuntos?3f6020001d6d6263353d148d3e78321a9a2f7361284bf3c0fea4bb272084304c29c81e015aad7156061520bb6743a8fc,gx-no-cache=1490620732213 HTTP/1.1" 200 30
192.168.10.89 - - [27/Mar/2017:09:24:13 -0300] "POST /cormun/servlet/solicitudotadjuntos?dbe31d4517bc4ea3280824c7b9e16336,INS,2017,5738,,1,,gx-no-cache=1490620732237 HTTP/1.1" 200 3857
192.168.10.89 - - [27/Mar/2017:09:24:16 -0300] "POST /cormun/servlet/solicitudotadjuntos?gx-no-cache=1490620735348 HTTP/1.1" 200 26
192.168.10.89 - - [27/Mar/2017:09:24:34 -0300] "GET /cormun/servlet/solicitudotadjuntos?3f6020001d6d6263353d148d3e78321ad6c164fa1433d029f06bbc1012d1d5f8,gx-no-cache=1490620753732 HTTP/1.1" 200 30
192.168.10.89 - - [27/Mar/2017:09:24:34 -0300] "GET /cormun/servlet/solicitudotadjuntos?3f6020001d6d6263353d148d3e78321ad6c164fa1433d029f06bbc1012d1d5f8,gx-no-cache=1490620753755 HTTP/1.1" 200 30
192.168.10.89 - - [27/Mar/2017:09:24:35 -0300] "POST /cormun/servlet/solicitudotadjuntos?dbe31d4517bc4ea3280824c7b9e16336,INS,2017,5738,,1, HTTP/1.1" 200 116
192.168.10.89 - - [27/Mar/2017:09:24:35 -0300] "GET /cormun/servlet/hpexe_return? HTTP/1.1" 200 1027
192.168.10.89 - - [27/Mar/2017:09:24:35 -0300] "GET /cormun/servlet/trsolicitudadjuntos?2017,5738, HTTP/1.1" 200 8567
192.168.10.89 - - [27/Mar/2017:09:24:38 -0300] "GET /cormun/servlet/solicitudotadjuntos?INS,2017,5738,,1, HTTP/1.1" 200 6001
192.168.10.89 - - [27/Mar/2017:09:24:38 -0300] "HEAD /cormun/static/about:blank HTTP/1.1" 404 -
192.168.10.89 - - [27/Mar/2017:09:24:39 -0300] "GET /cormun/servlet/solicitudotadjuntos?3f6020001d6d6263353d148d3e78321a9a2f7361284bf3c0fea4bb272084304c29c81e015aad7156061520bb6743a8fc,gx-no-cache=1490620758209 HTTP/1.1" 200 30
192.168.10.89 - - [27/Mar/2017:09:24:39 -0300] "POST /cormun/servlet/solicitudotadjuntos?dbe31d4517bc4ea3280824c7b9e16336,INS,2017,5738,,1,,gx-no-cache=1490620758238 HTTP/1.1" 200 3857
192.168.10.89 - - [27/Mar/2017:09:24:42 -0300] "POST /cormun/servlet/solicitudotadjuntos?gx-no-cache=1490620761269 HTTP/1.1" 200 26
200.86.95.220 - - [27/Mar/2017:09:24:46 -0300] "GET /cormun/servlet/solicitudot?INS,0,0, HTTP/1.1" 200 12592
200.86.95.220 - - [27/Mar/2017:09:24:47 -0300] "GET /cormun/servlet/solicitudot?INS,0,0, HTTP/1.1" 200 12574
192.168.10.89 - - [27/Mar/2017:09:24:47 -0300] "GET /cormun/servlet/solicitudotadjuntos?3f6020001d6d6263353d148d3e78321ad6c164fa1433d029f06bbc1012d1d5f8,gx-no-cache=1490620766870 HTTP/1.1" 200 30
192.168.10.89 - - [27/Mar/2017:09:24:47 -0300] "GET /cormun/servlet/solicitudotadjuntos?3f6020001d6d6263353d148d3e78321ad6c164fa1433d029f06bbc1012d1d5f8,gx-no-cache=1490620766889 HTTP/1.1" 200 30
192.168.10.89 - - [27/Mar/2017:09:24:48 -0300] "POST /cormun/servlet/solicitudotadjuntos?dbe31d4517bc4ea3280824c7b9e16336,INS,2017,5738,,1, HTTP/1.1" 200 116
192.168.10.89 - - [27/Mar/2017:09:24:48 -0300] "GET /cormun/servlet/hpexe_return? HTTP/1.1" 200 1027
192.168.10.89 - - [27/Mar/2017:09:24:49 -0300] "GET /cormun/servlet/trsolicitudadjuntos?2017,5738, HTTP/1.1" 200 8698
200.86.95.220 - - [27/Mar/2017:09:24:57 -0300] "POST /cormun/servlet/solicitudot?gx-no-cache=1490617568109 HTTP/1.1" 200 3180
200.86.95.220 - - [27/Mar/2017:09:24:58 -0300] "POST /cormun/servlet/solicitudot?ed805a9f1dcf50f99836850dd2781e69,INS,0,0,,gx-no-cache=1490617568415 HTTP/1.1" 200 9815
192.168.10.89 - - [27/Mar/2017:09:25:00 -0300] "POST /cormun/servlet/trsolicitudadjuntos?dbe31d4517bc4ea3280824c7b9e16336,2017,5738,,gx-no-cache=1490620779297 HTTP/1.1" 200 90
192.168.10.89 - - [27/Mar/2017:09:25:00 -0300] "GET /cormun/servlet/hpexe_link HTTP/1.1" 200 971
192.168.10.89 - - [27/Mar/2017:09:25:00 -0300] "GET /cormun/servlet/trsolicitudot HTTP/1.1" 200 8634
200.86.95.220 - - [27/Mar/2017:09:25:01 -0300] "GET /cormun/servlet/solicitudot?fb7ab25644916dd2be40702151330712059fc73f8c391ba2e112bbc9bec1a65b162a2f3bca6e96bc89eac26f4b9f5386,gx-no-cache=1490617571924 HTTP/1.1" 200 30
200.86.95.220 - - [27/Mar/2017:09:25:01 -0300] "POST /cormun/servlet/solicitudot?gx-no-cache=1490617572051 HTTP/1.1" 200 255
200.86.95.220 - - [27/Mar/2017:09:25:01 -0300] "GET /cormun/servlet/solicitudot?fb7ab25644916dd2be407021513307122a3f754466f17547ba4709ceee37ea6ccb91e78f90059ac29d7603a9e13b9aa89279b4007d463d234048e0f69cb099e50bed4f1534234d0f92c550c945f1caaa69ef41c8747a8c5b17693b1fd8ad10073b0657976467fd04d51d649a5c7d07b4a9a24cfe39d2fc15d27365fde7bc1816b25e33c65666f1b59b0fa66e97efbd5d62452e1f5129163cb31ef13cc22d9915f607d583f3342f8cc64e591b37ddf0c382f65f280afbcffff176479afce1d3a0ff0766b632731934dc1e46a24396dc25e336b2cede5e8cacccd6c483ec698ee36f18a17732fb4f12e8785045797569f7550786469695d890db7923d484669f2adcdbac683440915b107e9d1376d645f809d564c8171475a63ed314afad1ac83dae26b98c0155ccfa4e5ddc43da5a6f0579df8175188644970e6e32197c476d9867a9c4b6447b9a3dc878e3b5f57ad01e7aa52959632ab54d263ef82a6e9f7672e5395d225aff3d64cbaeba4684ba1ba27e46adbed4d709b939409ff72e54f1f7,gx-no-cache=1490617572139 HTTP/1.1" 200 30
200.86.95.220 - - [27/Mar/2017:09:25:03 -0300] "POST /cormun/servlet/solicitudot?gx-no-cache=1490617573840 HTTP/1.1" 200 30
200.86.95.220 - - [27/Mar/2017:09:25:05 -0300] "GET /cormun/servlet/prcontratosol?16090696,,,,,MD,,gxPopupLevel%3D0%3B HTTP/1.1" 200 5922
200.86.95.220 - - [27/Mar/2017:09:25:08 -0300] "POST /cormun/servlet/solicitudot?gx-no-cache=1490617578555 HTTP/1.1" 200 1291
200.86.95.220 - - [27/Mar/2017:09:25:08 -0300] "POST /cormun/servlet/solicitudot?gx-no-cache=1490617578689 HTTP/1.1" 200 38
200.86.95.220 - - [27/Mar/2017:09:25:08 -0300] "GET /cormun/servlet/solicitudot?fb7ab25644916dd2be407021513307128ef91016acc4f5d64cb7f542682ee050eb183be1b089794365d0ecde87429229f79a27712653eb4d1687eb73671f3ec28f18d7118108fe3bf755b8e10937f9d17a097d8161b173b800413ccf332e166a3f002ff4e8dc68c2173b22a9db4b7a6a582c662012c516cdb374f554eb870fa9d8f9ad68341181e7ba7417f8f3960e201c05ddad7d3cab158ff56762d63335f302ade7d6e7a0190cf5e34e3bf5606258bffc4d6aa6b9c41d9151fb759ccd7b5e428785d524a941a41853b7083fc3f5c9,gx-no-cache=1490617578781 HTTP/1.1" 200 29
200.86.95.220 - - [27/Mar/2017:09:25:08 -0300] "POST /cormun/servlet/solicitudot?gx-no-cache=1490617578839 HTTP/1.1" 200 1275
200.86.95.220 - - [27/Mar/2017:09:25:08 -0300] "POST /cormun/servlet/solicitudot?gx-no-cache=1490617578932 HTTP/1.1" 200 1156
200.86.95.220 - - [27/Mar/2017:09:25:23 -0300] "GET /cormun/servlet/solicitudot?fb7ab25644916dd2be407021513307128ef91016acc4f5d64cb7f542682ee050eb183be1b089794365d0ecde87429229bca584b5d505011fc02d4fc091d5383e8f18d7118108fe3bf755b8e10937f9d17a097d8161b173b800413ccf332e166a3f002ff4e8dc68c2173b22a9db4b7a6a582c662012c516cdb374f554eb870fa9d8f9ad68341181e7ba7417f8f3960e201c05ddad7d3cab158ff56762d63335f302ade7d6e7a0190cf5e34e3bf5606258bffc4d6aa6b9c41d9151fb759ccd7b5e428785d524a941a41853b7083fc3f5c9,gx-no-cache=1490617593675 HTTP/1.1" 200 29
200.86.95.220 - - [27/Mar/2017:09:25:25 -0300] "POST /cormun/servlet/solicitudot?gx-no-cache=1490617596233 HTTP/1.1" 200 1275
200.86.95.220 - - [27/Mar/2017:09:25:26 -0300] "POST /cormun/servlet/solicitudot?gx-no-cache=1490617596350 HTTP/1.1" 200 1156
200.86.95.220 - - [27/Mar/2017:09:25:26 -0300] "GET /cormun/servlet/solicitudot?fb7ab25644916dd2be40702151330712b618912d0dff5e096e53349e2abe4ca530c22a134bf5b04dbd84584cd0369d69e49edec2eb950a49f55195569e790911f475c783dd4a5f182ef224aa0804d25c9d3c89b234b356d916e89b45ae76d278f4a601cd94e14cdf3cf4caf5ea959f0e8532d439fe2cb25c78edf577df238634f363a926781650efe98661d88b0d0621bd272b46c561f2689d8cceb61d723e09c383a9b96325aba3a408768325412f4e,gx-no-cache=1490617596436 HTTP/1.1" 200 30
192.168.10.89 - - [27/Mar/2017:09:25:27 -0300] "GET /cormun/servlet/trautorizarsolicitud? HTTP/1.1" 200 6889
192.168.10.89 - - [27/Mar/2017:09:25:27 -0300] "GET /cormun/static/gxcfg.js?2017259112829 HTTP/1.1" 304 -
192.168.10.89 - - [27/Mar/2017:09:25:27 -0300] "GET /cormun/static/trautorizarsolicitud.js?2017259113483 HTTP/1.1" 304 -
200.86.95.220 - - [27/Mar/2017:09:25:43 -0300] "POST /cormun/servlet/solicitudot?ed805a9f1dcf50f99836850dd2781e69,INS,0,0,,gx-no-cache=1490617613710 HTTP/1.1" 200 93
200.86.95.220 - - [27/Mar/2017:09:25:43 -0300] "GET /cormun/servlet/hpexe_return? HTTP/1.1" 200 1033
200.86.95.220 - - [27/Mar/2017:09:25:44 -0300] "GET /cormun/servlet/trsolicitudot?gx-no-cache=1490616884196 HTTP/1.1" 200 8479
200.86.95.220 - - [27/Mar/2017:09:25:45 -0300] "GET /cormun/servlet/trsolicitudot?gx-no-cache=1490616884196 HTTP/1.1" 200 8497
200.86.95.220 - - [27/Mar/2017:09:25:57 -0300] "POST /cormun/servlet/trsolicitudot?ed805a9f1dcf50f99836850dd2781e69,gx-no-cache=1490616884196,gx-no-cache=1490617627339 HTTP/1.1" 200 5329
200.86.95.220 - - [27/Mar/2017:09:25:57 -0300] "GET /cormun/static/Shared/jqueryui/images/ui-bg_highlight-soft_100_c6c2c8_1x100.png HTTP/1.1" 404 1117
200.86.95.220 - - [27/Mar/2017:09:25:57 -0300] "GET /cormun/static/Shared/jqueryui/images/ui-icons_82798d_256x240.png HTTP/1.1" 404 1089
200.86.95.220 - - [27/Mar/2017:09:25:57 -0300] "GET /cormun/static/Shared/jqueryui/images/ui-bg_flat_55_fafafa_40x100.png HTTP/1.1" 404 1097
200.86.95.220 - - [27/Mar/2017:09:25:57 -0300] "GET /cormun/static/Shared/jqueryui/images/ui-icons_8d78a5_256x240.png HTTP/1.1" 404 1089
200.86.95.220 - - [27/Mar/2017:09:25:57 -0300] "POST /cormun/servlet/trsolicitudot?ed805a9f1dcf50f99836850dd2781e69,gx-no-cache=1490616884196,gx-no-cache=1490617627737 HTTP/1.1" 200 5270
192.168.10.89 - - [27/Mar/2017:09:26:09 -0300] "GET /cormun/servlet/hlogin HTTP/1.1" 200 1746
200.86.95.220 - - [27/Mar/2017:09:26:45 -0300] "GET /cormun/servlet/solicitudot?INS,0,0, HTTP/1.1" 200 12591
200.86.95.220 - - [27/Mar/2017:09:26:47 -0300] "GET /cormun/servlet/solicitudot?INS,0,0, HTTP/1.1" 200 12574
200.86.95.220 - - [27/Mar/2017:09:27:03 -0300] "POST /cormun/servlet/solicitudot?gx-no-cache=1490617692858 HTTP/1.1" 200 3158
200.86.95.220 - - [27/Mar/2017:09:27:03 -0300] "POST /cormun/servlet/solicitudot?ed805a9f1dcf50f99836850dd2781e69,INS,0,0,,gx-no-cache=1490617693527 HTTP/1.1" 200 9799
200.86.95.220 - - [27/Mar/2017:09:27:07 -0300] "GET /cormun/servlet/solicitudot?fb7ab25644916dd2be40702151330712897f29e39d16a270d2261e8ed8f24757f61426c545b19022bf2db67643c9a049,gx-no-cache=1490617698055 HTTP/1.1" 200 30
200.86.95.220 - - [27/Mar/2017:09:27:07 -0300] "POST /cormun/servlet/solicitudot?gx-no-cache=1490617698218 HTTP/1.1" 200 255
200.86.95.220 - - [27/Mar/2017:09:27:07 -0300] "GET /cormun/servlet/solicitudot?fb7ab25644916dd2be407021513307122a3f754466f17547ba4709ceee37ea6ccb91e78f90059ac29d7603a9e13b9aa89279b4007d463d234048e0f69cb099e50bed4f1534234d0f92c550c945f1caaa69ef41c8747a8c5b17693b1fd8ad10073b0657976467fd04d51d649a5c7d07b4a9a24cfe39d2fc15d27365fde7bc1816b25e33c65666f1b59b0fa66e97efbd5d62452e1f5129163cb31ef13cc22d9915f607d583f3342f8cc64e591b37ddf0c382f65f280afbcffff176479afce1d3a0ff0766b632731934dc1e46a24396dc25e336b2cede5e8cacccd6c483ec698ee36f18a17732fb4f12e8785045797569f7550786469695d890db7923d484669f2adcdbac683440915b107e9d1376d645f809d564c8171475a63ed314afad1ac83dae26b98c0155ccfa4e5ddc43da5a6f0579df8175188644970e6e32197c476d9867a9c4b6447b9a3dc878e3b5f57ad01e7aa52959632ab54d263ef82a6e9f7672e5395d225aff3d64cbaeba4684ba1ba27e46adbed4d709b939409ff72e54f1f7,gx-no-cache=1490617698281 HTTP/1.1" 200 30
200.86.95.220 - - [27/Mar/2017:09:27:09 -0300] "POST /cormun/servlet/solicitudot?gx-no-cache=1490617700253 HTTP/1.1" 200 30
200.86.95.220 - - [27/Mar/2017:09:27:11 -0300] "GET /cormun/servlet/prcontratosol?7714012,,,,,MD,,gxPopupLevel%3D0%3B HTTP/1.1" 200 5922
200.86.95.220 - - [27/Mar/2017:09:27:15 -0300] "POST /cormun/servlet/solicitudot?gx-no-cache=1490617705281 HTTP/1.1" 200 1291
200.86.95.220 - - [27/Mar/2017:09:27:15 -0300] "POST /cormun/servlet/solicitudot?gx-no-cache=1490617705456 HTTP/1.1" 200 38
200.86.95.220 - - [27/Mar/2017:09:27:15 -0300] "GET /cormun/servlet/solicitudot?fb7ab25644916dd2be407021513307128ef91016acc4f5d64cb7f542682ee050eb183be1b089794365d0ecde87429229f79a27712653eb4d1687eb73671f3ec28f18d7118108fe3bf755b8e10937f9d17a097d8161b173b800413ccf332e166a3f002ff4e8dc68c2173b22a9db4b7a6a582c662012c516cdb374f554eb870fa9d8f9ad68341181e7ba7417f8f3960e201c05ddad7d3cab158ff56762d63335f302ade7d6e7a0190cf5e34e3bf5606258bffc4d6aa6b9c41d9151fb759ccd7b5e428785d524a941a41853b7083fc3f5c9,gx-no-cache=1490617705559 HTTP/1.1" 200 29
200.86.95.220 - - [27/Mar/2017:09:27:15 -0300] "POST /cormun/servlet/solicitudot?gx-no-cache=1490617705656 HTTP/1.1" 200 1274
200.86.95.220 - - [27/Mar/2017:09:27:15 -0300] "POST /cormun/servlet/solicitudot?gx-no-cache=1490617705774 HTTP/1.1" 200 1157
200.86.95.220 - - [27/Mar/2017:09:27:23 -0300] "GET /cormun/servlet/solicitudot?fb7ab25644916dd2be407021513307128ef91016acc4f5d64cb7f542682ee050eb183be1b089794365d0ecde87429229bca584b5d505011fc02d4fc091d5383e8f18d7118108fe3bf755b8e10937f9d17a097d8161b173b800413ccf332e166a3f002ff4e8dc68c2173b22a9db4b7a6a582c662012c516cdb374f554eb870fa9d8f9ad68341181e7ba7417f8f3960e201c05ddad7d3cab158ff56762d63335f302ade7d6e7a0190cf5e34e3bf5606258bffc4d6aa6b9c41d9151fb759ccd7b5e428785d524a941a41853b7083fc3f5c9,gx-no-cache=1490617713455 HTTP/1.1" 200 29
200.86.95.220 - - [27/Mar/2017:09:27:34 -0300] "POST /cormun/servlet/solicitudot?gx-no-cache=1490617724962 HTTP/1.1" 200 1274
200.86.95.220 - - [27/Mar/2017:09:27:34 -0300] "POST /cormun/servlet/solicitudot?gx-no-cache=1490617725077 HTTP/1.1" 200 1157
200.86.95.220 - - [27/Mar/2017:09:27:34 -0300] "GET /cormun/static/menuarrow.gif HTTP/1.1" 404 1015
200.86.95.220 - - [27/Mar/2017:09:27:37 -0300] "POST /cormun/servlet/solicitudot?gx-no-cache=1490617727395 HTTP/1.1" 200 1274
200.86.95.220 - - [27/Mar/2017:09:27:37 -0300] "POST /cormun/servlet/solicitudot?gx-no-cache=1490617727504 HTTP/1.1" 200 1157
200.86.95.220 - - [27/Mar/2017:09:28:11 -0300] "GET /cormun/servlet/solicitudot?fb7ab25644916dd2be407021513307127afae082e1b2617384adc7e002bca96ff2844dfdab5b949078d3269bf292eb75fde32abbd392d7a440fd108c0746a744416f72ecd0b8a31f04d463da4c78c0be918f14ced230c72fb0e3c3c4e3a7648dcd068f4df18584d4eee76f2fc1ac4133cd65aae6276ab3048fd6cdc2e17464fd7e13dff402dba0d5bbae2bfe227b1326cfffe602947d7ccf1b390968ab03a0d4cf5ef6d20edddf221355bff1c76fd4ea,gx-no-cache=1490617761745 HTTP/1.1" 200 30
192.168.10.62 - - [27/Mar/2017:09:28:16 -0300] "POST /cormun/servlet/trsolicitudgral?eba6c09be562105411ddd335edda3912,,gx-no-cache=1490620975695 HTTP/1.1" 200 105
192.168.10.62 - - [27/Mar/2017:09:28:17 -0300] "POST /cormun/servlet/trsolicitudgral?eba6c09be562105411ddd335edda3912,,gx-no-cache=1490620975845 HTTP/1.1" 200 6239
192.168.10.62 - - [27/Mar/2017:09:28:17 -0300] "GET /cormun/SolicitudGral-7123.xls HTTP/1.1" 200 5632
192.168.10.62 - - [27/Mar/2017:09:28:31 -0300] "GET /cormun/servlet/vesolicitudgral?2017,5646,, HTTP/1.1" 200 8309
192.168.10.62 - - [27/Mar/2017:09:28:31 -0300] "GET /cormun/static/gxcfg.js?201612218543032 HTTP/1.1" 304 -
192.168.10.62 - - [27/Mar/2017:09:28:31 -0300] "GET /cormun/pexe_scrolldiv.js HTTP/1.1" 404 1009
192.168.10.62 - - [27/Mar/2017:09:28:31 -0300] "GET /cormun/static/vesolicitudgral.js?201612218543091 HTTP/1.1" 304 -
192.168.10.62 - - [27/Mar/2017:09:28:31 -0300] "GET /cormun/static/tbsolicitudgral01.js?201731711414126 HTTP/1.1" 304 -
192.168.10.62 - - [27/Mar/2017:09:28:31 -0300] "GET /cormun/pexe_scrolldiv.js HTTP/1.1" 404 1009
192.168.10.62 - - [27/Mar/2017:09:28:31 -0300] "GET /cormun/servlet/vesolicitudgral?2017,5646,, HTTP/1.1" 200 8308
192.168.10.62 - - [27/Mar/2017:09:28:34 -0300] "POST /cormun/servlet/vesolicitudgral?eba6c09be562105411ddd335edda3912,2017,5646,,,gx-no-cache=1490620992887 HTTP/1.1" 200 107
192.168.10.62 - - [27/Mar/2017:09:28:34 -0300] "GET /cormun/servlet/solicitudgral?UPD,2017,5646, HTTP/1.1" 200 11686
192.168.10.62 - - [27/Mar/2017:09:28:34 -0300] "GET /cormun/static/gxcfg.js?2017261155185 HTTP/1.1" 304 -
192.168.10.62 - - [27/Mar/2017:09:28:34 -0300] "GET /cormun/static/solicitudgral.js?2017261155246 HTTP/1.1" 304 -
192.168.10.62 - - [27/Mar/2017:09:28:34 -0300] "GET /cormun/servlet/solicitudgral?UPD,2017,5646, HTTP/1.1" 200 11686
192.168.10.62 - - [27/Mar/2017:09:28:35 -0300] "POST /cormun/servlet/solicitudgral?gx-no-cache=1490620994058 HTTP/1.1" 200 3200
192.168.10.62 - - [27/Mar/2017:09:28:35 -0300] "GET /cormun/servlet/solicitudgral?cc847b34946c075635c6ac8d9fddf991679672b6ee3786590a9d845e317895049fdebd1cb9247bcb396145776dcc81705e657cc6f97fae0d5f9d1284b2151298d810538ac62f94ec805a670908edeccdf8154bc6dab9cf502b46e8c20c9cf4091594cef0c4a0cf8566d62a43b3fa44cac846ef64f885faeecb43282ac110e57f7400c3a802c241021bee516bf69f75765c74b43b9d15f2ba148d73529a05ba04ecf93fabb51e3d820d249404bd52917dcc94a33fb537bc4be1a8540990a49d502e8238f7b65a9d2c22a80ed8d542848f76ef5f809687975afa0373d9c2fdacf2c23f88b4626abf8f573d48fbab06e59f99bd5e680adc9d4148be266c9e92f217adfc23ac7aae80eb749e0e2c06e355f63d206a45db59d5a5d037ca2f08219c615515a8a8ab78c4ed8877615a8646decc602c9f01d7f57f64323f2cb6943f0e0a3ea6f87a433502194155fa1a4803c85b,gx-no-cache=1490620994218 HTTP/1.1" 200 242
200.86.95.220 - - [27/Mar/2017:09:28:36 -0300] "POST /cormun/servlet/solicitudot?ed805a9f1dcf50f99836850dd2781e69,INS,0,0,,gx-no-cache=1490617786209 HTTP/1.1" 200 93
200.86.95.220 - - [27/Mar/2017:09:28:36 -0300] "GET /cormun/servlet/hpexe_return? HTTP/1.1" 200 1033
200.86.95.220 - - [27/Mar/2017:09:28:36 -0300] "GET /cormun/servlet/trsolicitudot?gx-no-cache=1490616884196 HTTP/1.1" 200 8496
200.86.95.220 - - [27/Mar/2017:09:28:37 -0300] "GET /cormun/servlet/trsolicitudot?gx-no-cache=1490616884196 HTTP/1.1" 200 8514
192.168.10.62 - - [27/Mar/2017:09:28:41 -0300] "GET /cormun/servlet/solicitudgral?cc847b34946c075635c6ac8d9fddf9919601df7c9fc4085868bf84d9aac5d4adaaf45b0e78984255f702c198c73b60e6e973f58c63dafa530ac07b451ac0ae4898cb39a2adb6a29ddc2cdd7df5f5c09d661635d09a3e375fe40d923de0cd9d42e130fa559342ff24d6e57bf251cc288aa03f7dd153cf6e95850650974516296483359602448162a3c8c74cefdd8f0117912ddcee4d75cb9f077c59300b42a15336fc0af2135567256a50497b30b9b9582e8238f7b65a9d2c22a80ed8d542848f434a315a1e3ff12f446a8ff4688c11ee102b05b8403f49083f8d95368523f97640638f080c63d7fca518759e48502bdf2f4e6901c03567d8b4f941f9a8067171191165728673d3a84a7c16e68e5ff0df424d3994de27d74128ef1efa2f4d963d0fc04c678d3df3a8b44f4d516c9abf90d3d405f93e8acfc24cc7ba9cdb81b822658cafcf10e2a8a02768fd81dcca189b60fd3f263ebd207469e07149b9ae88eff78a4cff467b4bf9b07aa5580eee9bc0ca0e3ca4290698ab88b3761d8dcf0d40ecda328a8bd3220f88f4cd81ab682b56bdec4df775c27143a0aefa3016fd4852e4db2cb413177a259645d9e369aa14af1df7cb561b03cecfef0829d7217739ae79f81c5ed2d7824e809a59480e39f96c129b14a5fa9b115af19de95fd987013801fc8fc4bd251f812a527c40ee2fa174bdec4df775c27143a0aefa3016fd4852ba2e6bcb24b7b3e0ea33f59c2bda38804d1298ec4f38a6e70dbdf11465b8cd3cae4c0c3a7362c089e07de1821e5593de,gx-no-cache=1490621000329 HTTP/1.1" 200 48
192.168.10.62 - - [27/Mar/2017:09:28:41 -0300] "POST /cormun/servlet/solicitudgral?eba6c09be562105411ddd335edda3912,UPD,2017,5646,,gx-no-cache=1490621000344 HTTP/1.1" 200 10284
192.168.10.62 - - [27/Mar/2017:09:28:41 -0300] "GET /cormun/servlet/solicitudgral?cc847b34946c075635c6ac8d9fddf991d89f0dd07684a1d02f0f655239727ea108474980f9cdf82e7b04a786925c9d6e0a2a7630ec6623bf12163a3e80e517ea445582877a456d22f4d44a7cd20eb05a18e1abb3ad604aae74510444f72ea3c9f7c97c2134e48cb90be3b182461779023d1cac191e66e3863a80f4da8c61b33ac383237b013771fd5245d68ab92b1f2635dc8b65c499a101e71da68e1bc19cb1,gx-no-cache=1490621000576 HTTP/1.1" 200 29
192.168.10.62 - - [27/Mar/2017:09:28:41 -0300] "POST /cormun/servlet/solicitudgral?gx-no-cache=1490621000592 HTTP/1.1" 200 1250
192.168.10.62 - - [27/Mar/2017:09:28:41 -0300] "POST /cormun/servlet/solicitudgral?gx-no-cache=1490621000619 HTTP/1.1" 200 1155
192.168.10.62 - - [27/Mar/2017:09:28:41 -0300] "GET /cormun/static/menuarrow.gif HTTP/1.1" 404 1015
200.86.95.220 - - [27/Mar/2017:09:28:53 -0300] "POST /cormun/servlet/trsolicitudot?ed805a9f1dcf50f99836850dd2781e69,gx-no-cache=1490616884196,gx-no-cache=1490617803546 HTTP/1.1" 200 5329
200.86.95.220 - - [27/Mar/2017:09:28:53 -0300] "GET /cormun/static/Shared/jqueryui/images/ui-bg_highlight-soft_100_c6c2c8_1x100.png HTTP/1.1" 404 1117
200.86.95.220 - - [27/Mar/2017:09:28:53 -0300] "GET /cormun/static/Shared/jqueryui/images/ui-icons_82798d_256x240.png HTTP/1.1" 404 1089
200.86.95.220 - - [27/Mar/2017:09:28:53 -0300] "GET /cormun/static/Shared/jqueryui/images/ui-bg_flat_55_fafafa_40x100.png HTTP/1.1" 404 1097
200.86.95.220 - - [27/Mar/2017:09:28:54 -0300] "GET /cormun/static/Shared/jqueryui/images/ui-icons_8d78a5_256x240.png HTTP/1.1" 404 1089
200.86.95.220 - - [27/Mar/2017:09:28:54 -0300] "POST /cormun/servlet/trsolicitudot?ed805a9f1dcf50f99836850dd2781e69,gx-no-cache=1490616884196,gx-no-cache=1490617804321 HTTP/1.1" 200 5270
186.103.157.42 - - [27/Mar/2017:09:29:07 -0300] "POST /cormun/servlet/trsolicitudot?90d9a4610407a7be040c0fbf1ec49a74,,gx-no-cache=1490617675042 HTTP/1.1" 200 4149
186.103.157.42 - - [27/Mar/2017:09:29:11 -0300] "POST /cormun/servlet/trsolicitudot?90d9a4610407a7be040c0fbf1ec49a74,,gx-no-cache=1490617678392 HTTP/1.1" 200 5400
200.86.95.220 - - [27/Mar/2017:09:29:14 -0300] "GET /cormun/servlet/solicitudot?INS,0,0, HTTP/1.1" 200 12592
200.86.95.220 - - [27/Mar/2017:09:29:16 -0300] "GET /cormun/servlet/solicitudot?INS,0,0, HTTP/1.1" 200 12574
200.86.95.220 - - [27/Mar/2017:09:29:26 -0300] "POST /cormun/servlet/solicitudot?gx-no-cache=1490617836986 HTTP/1.1" 200 3178
200.86.95.220 - - [27/Mar/2017:09:29:27 -0300] "POST /cormun/servlet/solicitudot?ed805a9f1dcf50f99836850dd2781e69,INS,0,0,,gx-no-cache=1490617837242 HTTP/1.1" 200 9810
186.103.157.42 - - [27/Mar/2017:09:29:27 -0300] "POST /cormun/servlet/trsolicitudot?90d9a4610407a7be040c0fbf1ec49a74,,gx-no-cache=1490617694780 HTTP/1.1" 200 18630
200.86.95.220 - - [27/Mar/2017:09:29:31 -0300] "GET /cormun/servlet/solicitudot?fb7ab25644916dd2be4070215133071268a8842a7240c1a3ae010f8b20bd3e02162a2f3bca6e96bc89eac26f4b9f5386,gx-no-cache=1490617841643 HTTP/1.1" 200 30
200.86.95.220 - - [27/Mar/2017:09:29:31 -0300] "POST /cormun/servlet/solicitudot?gx-no-cache=1490617841748 HTTP/1.1" 200 255
200.86.95.220 - - [27/Mar/2017:09:29:31 -0300] "GET /cormun/servlet/solicitudot?fb7ab25644916dd2be407021513307122a3f754466f17547ba4709ceee37ea6ccb91e78f90059ac29d7603a9e13b9aa89279b4007d463d234048e0f69cb099e50bed4f1534234d0f92c550c945f1caaa69ef41c8747a8c5b17693b1fd8ad10073b0657976467fd04d51d649a5c7d07b4a9a24cfe39d2fc15d27365fde7bc1816b25e33c65666f1b59b0fa66e97efbd5d62452e1f5129163cb31ef13cc22d9915f607d583f3342f8cc64e591b37ddf0c382f65f280afbcffff176479afce1d3a0ff0766b632731934dc1e46a24396dc25e336b2cede5e8cacccd6c483ec698ee36f18a17732fb4f12e8785045797569f7550786469695d890db7923d484669f2adcdbac683440915b107e9d1376d645f809d564c8171475a63ed314afad1ac83dae26b98c0155ccfa4e5ddc43da5a6f0579df8175188644970e6e32197c476d9867a9c4b6447b9a3dc878e3b5f57ad01e7aa52959632ab54d263ef82a6e9f7672e5395d225aff3d64cbaeba4684ba1ba27e46adbed4d709b939409ff72e54f1f7,gx-no-cache=1490617841808 HTTP/1.1" 200 30
200.86.95.220 - - [27/Mar/2017:09:29:33 -0300] "POST /cormun/servlet/solicitudot?gx-no-cache=1490617843711 HTTP/1.1" 200 30
200.86.95.220 - - [27/Mar/2017:09:29:35 -0300] "GET /cormun/servlet/prcontratosol?17196507,,,,,MD,,gxPopupLevel%3D0%3B HTTP/1.1" 200 5918
200.86.95.220 - - [27/Mar/2017:09:29:38 -0300] "POST /cormun/servlet/solicitudot?gx-no-cache=1490617848449 HTTP/1.1" 200 1291
200.86.95.220 - - [27/Mar/2017:09:29:38 -0300] "POST /cormun/servlet/solicitudot?gx-no-cache=1490617848594 HTTP/1.1" 200 38
200.86.95.220 - - [27/Mar/2017:09:29:38 -0300] "GET /cormun/servlet/solicitudot?fb7ab25644916dd2be407021513307128ef91016acc4f5d64cb7f542682ee050eb183be1b089794365d0ecde87429229f79a27712653eb4d1687eb73671f3ec28f18d7118108fe3bf755b8e10937f9d17a097d8161b173b800413ccf332e166a3f002ff4e8dc68c2173b22a9db4b7a6a582c662012c516cdb374f554eb870fa9d8f9ad68341181e7ba7417f8f3960e201c05ddad7d3cab158ff56762d63335f302ade7d6e7a0190cf5e34e3bf5606258bffc4d6aa6b9c41d9151fb759ccd7b5e428785d524a941a41853b7083fc3f5c9,gx-no-cache=1490617848712 HTTP/1.1" 200 29
200.86.95.220 - - [27/Mar/2017:09:29:38 -0300] "POST /cormun/servlet/solicitudot?gx-no-cache=1490617848786 HTTP/1.1" 200 1275
200.86.95.220 - - [27/Mar/2017:09:29:38 -0300] "POST /cormun/servlet/solicitudot?gx-no-cache=1490617848892 HTTP/1.1" 200 1157
200.86.95.220 - - [27/Mar/2017:09:29:47 -0300] "GET /cormun/servlet/solicitudot?fb7ab25644916dd2be407021513307128ef91016acc4f5d64cb7f542682ee050eb183be1b089794365d0ecde87429229bca584b5d505011fc02d4fc091d5383e8f18d7118108fe3bf755b8e10937f9d17a097d8161b173b800413ccf332e166a3f002ff4e8dc68c2173b22a9db4b7a6a582c662012c516cdb374f554eb870fa9d8f9ad68341181e7ba7417f8f3960e201c05ddad7d3cab158ff56762d63335f302ade7d6e7a0190cf5e34e3bf5606258bffc4d6aa6b9c41d9151fb759ccd7b5e428785d524a941a41853b7083fc3f5c9,gx-no-cache=1490617857385 HTTP/1.1" 200 29
200.86.95.220 - - [27/Mar/2017:09:29:54 -0300] "POST /cormun/servlet/solicitudot?gx-no-cache=1490617864347 HTTP/1.1" 200 1275
200.86.95.220 - - [27/Mar/2017:09:29:54 -0300] "POST /cormun/servlet/solicitudot?gx-no-cache=1490617864452 HTTP/1.1" 200 1157
200.86.95.220 - - [27/Mar/2017:09:29:54 -0300] "GET /cormun/servlet/solicitudot?fb7ab25644916dd2be4070215133071286d7f373242f4b358782a2ed6967945d6d3976dc5515fe8d25290b583a275ea0e49edec2eb950a49f55195569e790911f475c783dd4a5f182ef224aa0804d25c9d3c89b234b356d916e89b45ae76d278f4a601cd94e14cdf3cf4caf5ea959f0e8532d439fe2cb25c78edf577df238634f363a926781650efe98661d88b0d0621bd272b46c561f2689d8cceb61d723e09b57b730d293b93cb3d319e9bcc475b33,gx-no-cache=1490617864541 HTTP/1.1" 200 30
186.103.157.42 - - [27/Mar/2017:09:30:04 -0300] "GET /cormun/servlet/solicitudot?INS,0,0, HTTP/1.1" 200 12846
186.103.157.42 - - [27/Mar/2017:09:30:05 -0300] "GET /cormun/servlet/solicitudot?INS,0,0, HTTP/1.1" 200 12851
200.86.95.220 - - [27/Mar/2017:09:30:08 -0300] "POST /cormun/servlet/solicitudot?ed805a9f1dcf50f99836850dd2781e69,INS,0,0,,gx-no-cache=1490617879113 HTTP/1.1" 200 93
200.86.95.220 - - [27/Mar/2017:09:30:09 -0300] "GET /cormun/servlet/hpexe_return? HTTP/1.1" 200 1033
192.168.10.62 - - [27/Mar/2017:09:30:09 -0300] "GET /cormun/servlet/solicitudgral?cc847b34946c075635c6ac8d9fddf9919601df7c9fc4085868bf84d9aac5d4adaaf45b0e78984255f702c198c73b60e6e973f58c63dafa530ac07b451ac0ae4898cb39a2adb6a29ddc2cdd7df5f5c09d661635d09a3e375fe40d923de0cd9d42e130fa559342ff24d6e57bf251cc288aa03f7dd153cf6e95850650974516296483359602448162a3c8c74cefdd8f0117912ddcee4d75cb9f077c59300b42a15336fc0af2135567256a50497b30b9b9582e8238f7b65a9d2c22a80ed8d542848f434a315a1e3ff12f446a8ff4688c11ee102b05b8403f49083f8d95368523f97640638f080c63d7fca518759e48502bdf2f4e6901c03567d8b4f941f9a8067171191165728673d3a84a7c16e68e5ff0df424d3994de27d74128ef1efa2f4d963d0fc04c678d3df3a8b44f4d516c9abf90d3d405f93e8acfc24cc7ba9cdb81b822658cafcf10e2a8a02768fd81dcca189b60fd3f263ebd207469e07149b9ae88eff78a4cff467b4bf9b07aa5580eee9bc0ca0e3ca4290698ab88b3761d8dcf0d40ecda328a8bd3220f88f4cd81ab682b56bdec4df775c27143a0aefa3016fd4852e4db2cb413177a259645d9e369aa14af1df7cb561b03cecfef0829d7217739ae79f81c5ed2d7824e809a59480e39f96c129b14a5fa9b115af19de95fd987013801fc8fc4bd251f812a527c40ee2fa174bdec4df775c27143a0aefa3016fd4852ba2e6bcb24b7b3e0ea33f59c2bda38804d1298ec4f38a6e70dbdf11465b8cd3cad3ccd4ecfaeb24b1932060e8ecb382794a5ed27fc7a2b517cef7a12e7d8397b,gx-no-cache=1490621088168 HTTP/1.1" 200 48
192.168.10.62 - - [27/Mar/2017:09:30:09 -0300] "POST /cormun/servlet/solicitudgral?gx-no-cache=1490621088215 HTTP/1.1" 200 1250
192.168.10.62 - - [27/Mar/2017:09:30:09 -0300] "POST /cormun/servlet/solicitudgral?gx-no-cache=1490621088262 HTTP/1.1" 200 1155
200.86.95.220 - - [27/Mar/2017:09:30:09 -0300] "GET /cormun/servlet/trsolicitudot?gx-no-cache=1490616884196 HTTP/1.1" 200 8480
200.86.95.220 - - [27/Mar/2017:09:30:10 -0300] "GET /cormun/servlet/trsolicitudot?gx-no-cache=1490616884196 HTTP/1.1" 200 8497
186.103.157.42 - - [27/Mar/2017:09:30:11 -0300] "POST /cormun/servlet/solicitudot?gx-no-cache=1490617739211 HTTP/1.1" 200 3194
186.103.157.42 - - [27/Mar/2017:09:30:11 -0300] "POST /cormun/servlet/solicitudot?90d9a4610407a7be040c0fbf1ec49a74,INS,0,0,,gx-no-cache=1490617739349 HTTP/1.1" 200 9969
186.103.157.42 - - [27/Mar/2017:09:30:11 -0300] "GET /cormun/servlet/solicitudot?990dcc772e7bc9f010b46537633434264599714ee94276649148e8ccf617e4c5ab5fef3be2e440373074f50398a4c1b1,gx-no-cache=1490617739535 HTTP/1.1" 200 30
186.103.157.42 - - [27/Mar/2017:09:30:13 -0300] "POST /cormun/servlet/solicitudot?gx-no-cache=1490617741517 HTTP/1.1" 200 255
186.103.157.42 - - [27/Mar/2017:09:30:13 -0300] "GET /cormun/servlet/solicitudot?990dcc772e7bc9f010b46537633434262d3f524d6168010c614241fce5502ac9270618a6fbbef519b0953320b16d10045c9a4429b6f86d45665359417ef1bcb85878305ddfc4dfd41d6f37bbbbfb432e91455ff64cd6939a2c42cd7b9ffb3dd47ee7449f93a0412029dbac7c77988f504d1d32a80d92eab80a28b7feee1614a59ef61656dd6c3186d3cb74897b2c4d9523c7e46d6c1d2b392fb970068d483c3edaff4c96e61b23daf732e3fb8a3796761e5eba35a582548ccb6736c778c7251effee146f99b63822e29b450658b60ef189f6ab0c040d29f0b749d2e4d17791127a87cae54f40141d56a34db3966f13035820139ed022e7a963fa2a0ba90d7c3cee86462fefbf85ebff289f829357c330937532f0b2dc67ea04e1e0d47be04546e1fab1b12cf0f52987bf62cd63411ffa58384aa862fd1be03ebf32360800dd5d0f62b650b5e85e1a1f312b3874f32c77a5d64dbf0bf3c4d6113e2039af2b402a3cd38e5e6116aaf365016fc20d4ee8177478e67114fb7e27da81ad51d9c650e6,gx-no-cache=1490617741551 HTTP/1.1" 200 30
192.168.10.62 - - [27/Mar/2017:09:30:16 -0300] "POST /cormun/servlet/solicitudgral?eba6c09be562105411ddd335edda3912,UPD,2017,5646,,gx-no-cache=1490621094890 HTTP/1.1" 200 93
192.168.10.62 - - [27/Mar/2017:09:30:16 -0300] "GET /cormun/servlet/hpexe_return? HTTP/1.1" 200 1021
186.103.157.42 - - [27/Mar/2017:09:30:16 -0300] "POST /cormun/servlet/solicitudot?gx-no-cache=1490617743685 HTTP/1.1" 200 30
192.168.10.62 - - [27/Mar/2017:09:30:16 -0300] "GET /cormun/static/Resources/Spanish/PXTools.css?167811 HTTP/1.1" 304 -
192.168.10.62 - - [27/Mar/2017:09:30:16 -0300] "GET /cormun/static/hpexe_return.js?2016101716175153 HTTP/1.1" 304 -
192.168.10.62 - - [27/Mar/2017:09:30:16 -0300] "GET /cormun/static/gxcfg.js?2016101716175148 HTTP/1.1" 304 -
192.168.10.62 - - [27/Mar/2017:09:30:16 -0300] "GET /cormun/servlet/vesolicitudgral?2017,5646,, HTTP/1.1" 200 8310
192.168.10.62 - - [27/Mar/2017:09:30:16 -0300] "GET /cormun/pexe_scrolldiv.js HTTP/1.1" 404 1009
192.168.10.62 - - [27/Mar/2017:09:30:16 -0300] "GET /cormun/pexe_scrolldiv.js HTTP/1.1" 404 1009
192.168.10.62 - - [27/Mar/2017:09:30:16 -0300] "GET /cormun/servlet/vesolicitudgral?2017,5646,, HTTP/1.1" 200 8306
192.168.10.62 - - [27/Mar/2017:09:30:18 -0300] "POST /cormun/servlet/vesolicitudgral?eba6c09be562105411ddd335edda3912,2017,5646,,,gx-no-cache=1490621097164 HTTP/1.1" 200 90
192.168.10.62 - - [27/Mar/2017:09:30:18 -0300] "GET /cormun/servlet/hpexe_link HTTP/1.1" 200 972
192.168.10.62 - - [27/Mar/2017:09:30:18 -0300] "GET /cormun/servlet/trsolicitudgral? HTTP/1.1" 200 9296
186.103.157.42 - - [27/Mar/2017:09:30:18 -0300] "POST /cormun/servlet/solicitudot?gx-no-cache=1490617746289 HTTP/1.1" 200 1291
186.103.157.42 - - [27/Mar/2017:09:30:18 -0300] "POST /cormun/servlet/solicitudot?gx-no-cache=1490617746390 HTTP/1.1" 200 38
192.168.10.62 - - [27/Mar/2017:09:30:18 -0300] "GET /cormun/servlet/trsolicitudgral? HTTP/1.1" 200 9294
200.86.95.220 - - [27/Mar/2017:09:30:19 -0300] "POST /cormun/servlet/trsolicitudot?ed805a9f1dcf50f99836850dd2781e69,gx-no-cache=1490616884196,gx-no-cache=1490617889842 HTTP/1.1" 200 5329
200.86.95.220 - - [27/Mar/2017:09:30:19 -0300] "GET /cormun/static/Shared/jqueryui/images/ui-bg_highlight-soft_100_c6c2c8_1x100.png HTTP/1.1" 404 1117
200.86.95.220 - - [27/Mar/2017:09:30:19 -0300] "GET /cormun/static/Shared/jqueryui/images/ui-icons_82798d_256x240.png HTTP/1.1" 404 1089
200.86.95.220 - - [27/Mar/2017:09:30:19 -0300] "GET /cormun/static/Shared/jqueryui/images/ui-bg_flat_55_fafafa_40x100.png HTTP/1.1" 404 1097
200.86.95.220 - - [27/Mar/2017:09:30:19 -0300] "GET /cormun/static/Shared/jqueryui/images/ui-icons_8d78a5_256x240.png HTTP/1.1" 404 1089
200.86.95.220 - - [27/Mar/2017:09:30:20 -0300] "POST /cormun/servlet/trsolicitudot?ed805a9f1dcf50f99836850dd2781e69,gx-no-cache=1490616884196,gx-no-cache=1490617890245 HTTP/1.1" 200 5270
192.168.10.62 - - [27/Mar/2017:09:30:20 -0300] "POST /cormun/servlet/trsolicitudgral?eba6c09be562105411ddd335edda3912,,gx-no-cache=1490621099578 HTTP/1.1" 200 105
192.168.10.62 - - [27/Mar/2017:09:30:20 -0300] "POST /cormun/servlet/trsolicitudgral?eba6c09be562105411ddd335edda3912,,gx-no-cache=1490621099657 HTTP/1.1" 200 6236
192.168.10.62 - - [27/Mar/2017:09:30:20 -0300] "GET /cormun/SolicitudGral-1570.xls HTTP/1.1" 200 5632
186.103.157.42 - - [27/Mar/2017:09:30:23 -0300] "POST /cormun/servlet/solicitudot?gx-no-cache=1490617751475 HTTP/1.1" 200 30
186.103.157.42 - - [27/Mar/2017:09:30:25 -0300] "GET /cormun/servlet/prcontratosol?12315566,,,,,MD,,gxPopupLevel%3D0%3B HTTP/1.1" 200 6019
186.103.157.42 - - [27/Mar/2017:09:30:30 -0300] "POST /cormun/servlet/solicitudot?gx-no-cache=1490617757408 HTTP/1.1" 200 1291
186.103.157.42 - - [27/Mar/2017:09:30:30 -0300] "POST /cormun/servlet/solicitudot?gx-no-cache=1490617758439 HTTP/1.1" 200 38
186.103.157.42 - - [27/Mar/2017:09:30:30 -0300] "GET /cormun/servlet/solicitudot?990dcc772e7bc9f010b46537633434261b33b111f81bba431ff940c3de6838cae17a9ad5d832c5bb690f8b004f7b4779e3bfbf8cb9868b7aae8b83ec11fd8f2f336ddd6fd81b583475e2b0d94e8880f42f1360e91b756b072fbbc976a318199b87b002a347233d8b3523909dd42129a418d6be601bfb99f941c728f74d18030207d45529d6da64adbe2307012aea403bc2ff03dc117c658cd6f845fb016d03e3,gx-no-cache=1490617758468 HTTP/1.1" 200 29
186.103.157.42 - - [27/Mar/2017:09:30:30 -0300] "POST /cormun/servlet/solicitudot?gx-no-cache=1490617758492 HTTP/1.1" 200 1275
186.103.157.42 - - [27/Mar/2017:09:30:31 -0300] "POST /cormun/servlet/solicitudot?gx-no-cache=1490617758556 HTTP/1.1" 200 1157
186.103.157.42 - - [27/Mar/2017:09:30:40 -0300] "POST /cormun/servlet/solicitudot?gx-no-cache=1490617767784 HTTP/1.1" 200 1275
186.103.157.42 - - [27/Mar/2017:09:30:40 -0300] "POST /cormun/servlet/solicitudot?gx-no-cache=1490617767868 HTTP/1.1" 200 1157
186.103.157.42 - - [27/Mar/2017:09:30:40 -0300] "GET /cormun/servlet/solicitudot?990dcc772e7bc9f010b4653763343426acf7041def7f9b00c92c1aa0e8642a80327896f8a62a28e9c2973728ff1b0c9b118d1c5e2d8030e8c8d99b0b4b7efbc7e7f9f4e80cfa774123f8082c5a22472149177a43d6d3278023c61b69d3f6f4616322ba5178f71f7cd2506e61ccdeac82a766202c0feefcf8c1e710a48c7d6f079dc21a0e86a39d2775e300defa900a90320ff7a0b958aadddb85aee99f54d4a4f3f294b93c6122db53e3a26af7f4c5f2,gx-no-cache=1490617767911 HTTP/1.1" 200 30
186.103.157.42 - - [27/Mar/2017:09:30:46 -0300] "POST /cormun/servlet/solicitudot?90d9a4610407a7be040c0fbf1ec49a74,INS,0,0,,gx-no-cache=1490617773370 HTTP/1.1" 200 93
186.103.157.42 - - [27/Mar/2017:09:30:46 -0300] "GET /cormun/servlet/hpexe_return? HTTP/1.1" 200 1002
186.103.157.42 - - [27/Mar/2017:09:30:46 -0300] "GET /cormun/servlet/trsolicitudot? HTTP/1.1" 200 21300
186.79.86.105 - - [27/Mar/2017:09:30:46 -0300] "GET /cormun/servlet/hlogin HTTP/1.1" 200 1730
186.79.86.105 - - [27/Mar/2017:09:30:47 -0300] "GET /cormun/static/gxtimezone.js?85251 HTTP/1.1" 200 5781
186.79.86.105 - - [27/Mar/2017:09:30:47 -0300] "GET /cormun/static/gxcfg.js?201731711485472 HTTP/1.1" 200 953
186.79.86.105 - - [27/Mar/2017:09:30:47 -0300] "GET /cormun/static/Resources/Spanish/PXTools.css?11294912 HTTP/1.1" 200 89042
186.103.157.42 - - [27/Mar/2017:09:30:47 -0300] "GET /cormun/servlet/trsolicitudot? HTTP/1.1" 200 21295
186.79.86.105 - - [27/Mar/2017:09:30:48 -0300] "GET /cormun/static/messages.spa.js?85251 HTTP/1.1" 200 30736
186.79.86.105 - - [27/Mar/2017:09:30:48 -0300] "GET /cormun/static/hlogin.js?201731711485490 HTTP/1.1" 200 2136
186.79.86.105 - - [27/Mar/2017:09:30:49 -0300] "GET /cormun/static/Resources/PXToolsLoginTop.png HTTP/1.1" 200 1337
186.79.86.105 - - [27/Mar/2017:09:30:49 -0300] "GET /cormun/static/Resources/ComunLogin.png HTTP/1.1" 200 17326
186.79.86.105 - - [27/Mar/2017:09:30:49 -0300] "GET /cormun/static/Resources/PXToolsLoginBackground.png HTTP/1.1" 200 1164
186.79.86.105 - - [27/Mar/2017:09:30:49 -0300] "GET /cormun/static/Resources/PXToolsButtonRight21.png HTTP/1.1" 200 1283
186.79.86.105 - - [27/Mar/2017:09:30:49 -0300] "GET /cormun/static/Resources/PXToolsLoginBottom.png HTTP/1.1" 200 1389
186.79.86.105 - - [27/Mar/2017:09:30:49 -0300] "GET /cormun/static/Resources/PXToolsButtonBackground2.png HTTP/1.1" 200 1181
192.168.10.62 - - [27/Mar/2017:09:30:50 -0300] "POST /cormun/servlet/trsolicitudgral?eba6c09be562105411ddd335edda3912,,gx-no-cache=1490621128862 HTTP/1.1" 200 6255
186.79.86.105 - - [27/Mar/2017:09:30:50 -0300] "GET /cormun/servlet/hlogin HTTP/1.1" 200 1736
186.79.86.105 - - [27/Mar/2017:09:30:50 -0300] "GET /cormun/static/Resources/indicator.gif HTTP/1.1" 200 1553
186.79.86.105 - - [27/Mar/2017:09:30:50 -0300] "GET /cormun/static/Resources/PXToolsButtonLeft21.png HTTP/1.1" 200 1287
186.79.86.105 - - [27/Mar/2017:09:30:51 -0300] "GET /favicon.ico HTTP/1.1" 200 21630
186.79.86.105 - - [27/Mar/2017:09:30:51 -0300] "GET /cormun/static/Resources/PXToolsButtonLeft21.png HTTP/1.1" 200 1287
186.103.157.42 - - [27/Mar/2017:09:30:53 -0300] "POST /cormun/servlet/trsolicitudot?90d9a4610407a7be040c0fbf1ec49a74,,gx-no-cache=1490617780751 HTTP/1.1" 200 8958
192.168.10.62 - - [27/Mar/2017:09:30:55 -0300] "GET /cormun/servlet/vesolicitudgral?2017,3258,, HTTP/1.1" 200 8233
192.168.10.62 - - [27/Mar/2017:09:30:55 -0300] "GET /cormun/pexe_scrolldiv.js HTTP/1.1" 404 1009
192.168.10.62 - - [27/Mar/2017:09:30:55 -0300] "GET /cormun/pexe_scrolldiv.js HTTP/1.1" 404 1009
200.86.95.220 - - [27/Mar/2017:09:30:55 -0300] "GET /cormun/servlet/solicitudot?INS,0,0, HTTP/1.1" 200 12592
192.168.10.62 - - [27/Mar/2017:09:30:55 -0300] "GET /cormun/servlet/vesolicitudgral?2017,3258,, HTTP/1.1" 200 8233
186.103.157.42 - - [27/Mar/2017:09:30:56 -0300] "POST /cormun/servlet/trsolicitudot?90d9a4610407a7be040c0fbf1ec49a74,,gx-no-cache=1490617784183 HTTP/1.1" 200 8698
186.103.157.42 - - [27/Mar/2017:09:30:56 -0300] "GET /cormun/static/Shared/jqueryui/images/ui-bg_highlight-soft_100_c6c2c8_1x100.png HTTP/1.1" 404 1117
186.103.157.42 - - [27/Mar/2017:09:30:57 -0300] "GET /cormun/static/Shared/jqueryui/images/ui-icons_82798d_256x240.png HTTP/1.1" 404 1089
186.103.157.42 - - [27/Mar/2017:09:30:57 -0300] "GET /cormun/static/Shared/jqueryui/images/ui-bg_flat_55_fafafa_40x100.png HTTP/1.1" 404 1097
186.103.157.42 - - [27/Mar/2017:09:30:57 -0300] "GET /cormun/static/Shared/jqueryui/images/ui-icons_8d78a5_256x240.png HTTP/1.1" 404 1089
186.103.157.42 - - [27/Mar/2017:09:30:57 -0300] "POST /cormun/servlet/trsolicitudot?90d9a4610407a7be040c0fbf1ec49a74,,gx-no-cache=1490617784655 HTTP/1.1" 200 8640
200.86.95.220 - - [27/Mar/2017:09:30:57 -0300] "GET /cormun/servlet/solicitudot?INS,0,0, HTTP/1.1" 200 12574
186.103.157.42 - - [27/Mar/2017:09:30:59 -0300] "GET /cormun/servlet/trautorizarsolicitud? HTTP/1.1" 200 8269
186.103.157.42 - - [27/Mar/2017:09:30:59 -0300] "GET /cormun/servlet/trautorizarsolicitud? HTTP/1.1" 200 8269
192.168.10.62 - - [27/Mar/2017:09:31:00 -0300] "POST /cormun/servlet/vesolicitudgral?eba6c09be562105411ddd335edda3912,2017,3258,,,gx-no-cache=1490621139128 HTTP/1.1" 200 115
192.168.10.62 - - [27/Mar/2017:09:31:00 -0300] "GET /cormun/servlet/solicitudotlog?INS,2017,3258,0,REC, HTTP/1.1" 200 5596
192.168.10.62 - - [27/Mar/2017:09:31:00 -0300] "GET /cormun/static/gxcfg.js?201731711401563 HTTP/1.1" 304 -
192.168.10.62 - - [27/Mar/2017:09:31:00 -0300] "GET /cormun/static/solicitudotlog.js?201731711401579 HTTP/1.1" 304 -
192.168.10.62 - - [27/Mar/2017:09:31:00 -0300] "GET /cormun/servlet/solicitudotlog?INS,2017,3258,0,REC, HTTP/1.1" 200 5590
