186.79.85.247 - - [27/Mar/2017:12:10:13 -0300] "POST /cormun/servlet/trautorizarsolicitud?297e6febbdd92b089827315ab5b302a1,,gx-no-cache=1490630927516 HTTP/1.1" 200 6535
186.103.159.182 - - [27/Mar/2017:12:10:17 -0300] "POST /cormun/servlet/trpermisosgoce?dd166d6d701d101133712a9374e2b9b2,,gx-no-cache=1490627483810 HTTP/1.1" 200 5304
186.79.85.247 - - [27/Mar/2017:12:10:23 -0300] "POST /cormun/servlet/trautorizarsolicitud?297e6febbdd92b089827315ab5b302a1,,gx-no-cache=1490630938398 HTTP/1.1" 200 6547
186.79.85.247 - - [27/Mar/2017:12:10:28 -0300] "POST /cormun/servlet/trautorizarsolicitud?297e6febbdd92b089827315ab5b302a1,,gx-no-cache=1490630943042 HTTP/1.1" 200 6546
186.79.85.247 - - [27/Mar/2017:12:10:33 -0300] "POST /cormun/servlet/trautorizarsolicitud?297e6febbdd92b089827315ab5b302a1,,gx-no-cache=1490630947704 HTTP/1.1" 200 6547
186.79.85.247 - - [27/Mar/2017:12:10:38 -0300] "POST /cormun/servlet/trautorizarsolicitud?297e6febbdd92b089827315ab5b302a1,,gx-no-cache=1490630952977 HTTP/1.1" 200 6547
186.103.159.182 - - [27/Mar/2017:12:10:43 -0300] "GET /cormun/servlet/apermisogoceprn?11130975,P,20170321124038,PU HTTP/1.1" 200 1647
186.79.85.247 - - [27/Mar/2017:12:10:46 -0300] "POST /cormun/servlet/trautorizarsolicitud?297e6febbdd92b089827315ab5b302a1,,gx-no-cache=1490630960864 HTTP/1.1" 200 4118
186.79.85.247 - - [27/Mar/2017:12:10:55 -0300] "POST /cormun/servlet/trautorizarsolicitud?297e6febbdd92b089827315ab5b302a1,,gx-no-cache=1490630970624 HTTP/1.1" 200 7253
186.103.159.182 - - [27/Mar/2017:12:11:05 -0300] "GET /cormun/servlet/apermisogoceprn?11130975,P,20170321124038,PU HTTP/1.1" 200 1646
192.168.10.96 - - [27/Mar/2017:12:11:27 -0300] "POST /cormun/servlet/hlogin?e8856a1a30c2612d8f096858a3b1600e,gx-no-cache=1490630766386 HTTP/1.1" 200 90
192.168.10.96 - - [27/Mar/2017:12:11:27 -0300] "GET /cormun/servlet/hpexe_link HTTP/1.1" 200 976
192.168.10.96 - - [27/Mar/2017:12:11:28 -0300] "GET /cormun/servlet/vesolicitudnombre?2017,5679,,SolicitudOTAdjuntos HTTP/1.1" 200 10105
192.168.10.96 - - [27/Mar/2017:12:11:28 -0300] "GET /cormun/pexe_scrolldiv.js HTTP/1.1" 404 1009
192.168.10.96 - - [27/Mar/2017:12:11:28 -0300] "GET /cormun/pexe_scrolldiv.js HTTP/1.1" 404 1009
192.168.10.96 - - [27/Mar/2017:12:11:29 -0300] "GET /cormun/servlet/vesolicitudnombre?2017,5679,,SolicitudOTAdjuntos HTTP/1.1" 200 10118
192.168.10.96 - - [27/Mar/2017:12:11:29 -0300] "POST /cormun/servlet/acontrolpreferencessavestate?None,DZAMUDIO,true HTTP/1.1" 200 35
186.79.85.247 - - [27/Mar/2017:12:11:30 -0300] "POST /cormun/servlet/trautorizarsolicitud?297e6febbdd92b089827315ab5b302a1,,gx-no-cache=1490631001290 HTTP/1.1" 200 7273
192.168.10.96 - - [27/Mar/2017:12:11:31 -0300] "GET /cormun/servlet/trconsultaempleado? HTTP/1.1" 200 9257
192.168.10.96 - - [27/Mar/2017:12:11:32 -0300] "GET /cormun/servlet/trconsultaempleado? HTTP/1.1" 200 9242
186.79.85.247 - - [27/Mar/2017:12:11:41 -0300] "POST /cormun/servlet/trautorizarsolicitud?297e6febbdd92b089827315ab5b302a1,,gx-no-cache=1490631015811 HTTP/1.1" 200 7273
192.168.10.96 - - [27/Mar/2017:12:11:42 -0300] "POST /cormun/servlet/trconsultaempleado?e8856a1a30c2612d8f096858a3b1600e,,gx-no-cache=1490630781412 HTTP/1.1" 200 4360
192.168.10.96 - - [27/Mar/2017:12:11:43 -0300] "GET /cormun/servlet/trsolicitudnombre?17652303, HTTP/1.1" 200 7220
192.168.10.96 - - [27/Mar/2017:12:11:44 -0300] "GET /cormun/servlet/trsolicitudnombre?17652303, HTTP/1.1" 200 7221
192.168.10.96 - - [27/Mar/2017:12:11:47 -0300] "GET /cormun/servlet/vesolicitudnombre?2017,5698,, HTTP/1.1" 200 8316
192.168.10.96 - - [27/Mar/2017:12:11:47 -0300] "GET /cormun/pexe_scrolldiv.js HTTP/1.1" 404 1009
192.168.10.96 - - [27/Mar/2017:12:11:47 -0300] "GET /cormun/pexe_scrolldiv.js HTTP/1.1" 404 1009
192.168.10.96 - - [27/Mar/2017:12:11:48 -0300] "GET /cormun/servlet/vesolicitudnombre?2017,5698,, HTTP/1.1" 200 8310
186.79.85.247 - - [27/Mar/2017:12:11:49 -0300] "POST /cormun/servlet/trautorizarsolicitud?297e6febbdd92b089827315ab5b302a1,,gx-no-cache=1490631023971 HTTP/1.1" 200 7273
192.168.10.96 - - [27/Mar/2017:12:11:50 -0300] "GET /cormun/servlet/vesolicitudnombre?2017,5698,,SolicitudOTAdjuntos HTTP/1.1" 200 10286
192.168.10.96 - - [27/Mar/2017:12:11:50 -0300] "GET /cormun/pexe_scrolldiv.js HTTP/1.1" 404 1009
192.168.10.96 - - [27/Mar/2017:12:11:50 -0300] "GET /cormun/pexe_scrolldiv.js HTTP/1.1" 404 1009
192.168.10.96 - - [27/Mar/2017:12:11:51 -0300] "GET /cormun/servlet/vesolicitudnombre?2017,5698,,SolicitudOTAdjuntos HTTP/1.1" 200 10288
192.168.10.96 - - [27/Mar/2017:12:11:51 -0300] "POST /cormun/servlet/acontrolpreferencessavestate?None,DZAMUDIO,true HTTP/1.1" 200 35
192.168.10.96 - - [27/Mar/2017:12:11:52 -0300] "GET /cormun/PublicTempStorage/cedula6749702.jpg HTTP/1.1" 200 863631
192.168.10.62 - - [27/Mar/2017:12:12:05 -0300] "GET /cormun/servlet/trconsultaempleado? HTTP/1.1" 200 8841
192.168.10.62 - - [27/Mar/2017:12:12:07 -0300] "GET /cormun/servlet/trconsultaempleado? HTTP/1.1" 200 8841
192.168.10.96 - - [27/Mar/2017:12:12:08 -0300] "GET /cormun/servlet/vesolicitudnombre?2017,5698,,SolicitudOTAdjuntos HTTP/1.1" 200 10285
192.168.10.96 - - [27/Mar/2017:12:12:09 -0300] "GET /cormun/servlet/vesolicitudnombre?2017,5698,,SolicitudOTAdjuntos HTTP/1.1" 200 10284
192.168.10.96 - - [27/Mar/2017:12:12:10 -0300] "POST /cormun/servlet/acontrolpreferencessavestate?None,DZAMUDIO,true HTTP/1.1" 200 35
192.168.10.96 - - [27/Mar/2017:12:12:11 -0300] "GET /cormun/PublicTempStorage/proyecto1527996.jpg HTTP/1.1" 200 1027703
192.168.10.96 - - [27/Mar/2017:12:12:15 -0300] "GET /cormun/servlet/vesolicitudnombre?2017,5698,,SolicitudOTAdjuntos HTTP/1.1" 200 10284
192.168.10.96 - - [27/Mar/2017:12:12:16 -0300] "GET /cormun/servlet/vesolicitudnombre?2017,5698,,SolicitudOTAdjuntos HTTP/1.1" 200 10283
192.168.10.96 - - [27/Mar/2017:12:12:17 -0300] "POST /cormun/servlet/acontrolpreferencessavestate?None,DZAMUDIO,true HTTP/1.1" 200 35
192.168.10.96 - - [27/Mar/2017:12:12:17 -0300] "GET /cormun/PublicTempStorage/afp5141211.jpg HTTP/1.1" 200 569438
192.168.10.96 - - [27/Mar/2017:12:12:22 -0300] "GET /cormun/servlet/vesolicitudnombre?2017,5698,,SolicitudOTAdjuntos HTTP/1.1" 200 10285
192.168.10.96 - - [27/Mar/2017:12:12:23 -0300] "GET /cormun/servlet/vesolicitudnombre?2017,5698,,SolicitudOTAdjuntos HTTP/1.1" 200 10287
192.168.10.96 - - [27/Mar/2017:12:12:23 -0300] "POST /cormun/servlet/acontrolpreferencessavestate?None,DZAMUDIO,true HTTP/1.1" 200 35
192.168.10.96 - - [27/Mar/2017:12:12:24 -0300] "GET /cormun/PublicTempStorage/fonasa2300697.jpg HTTP/1.1" 200 462700
192.168.10.96 - - [27/Mar/2017:12:12:28 -0300] "GET /cormun/servlet/vesolicitudnombre?2017,5698,,SolicitudOTAdjuntos HTTP/1.1" 200 10286
192.168.10.96 - - [27/Mar/2017:12:12:29 -0300] "GET /cormun/servlet/vesolicitudnombre?2017,5698,,SolicitudOTAdjuntos HTTP/1.1" 200 10287
192.168.10.96 - - [27/Mar/2017:12:12:29 -0300] "POST /cormun/servlet/acontrolpreferencessavestate?None,DZAMUDIO,true HTTP/1.1" 200 35
192.168.10.96 - - [27/Mar/2017:12:12:30 -0300] "GET /cormun/PublicTempStorage/anteced.4309162.jpg HTTP/1.1" 200 682860
192.168.10.96 - - [27/Mar/2017:12:12:34 -0300] "GET /cormun/servlet/vesolicitudnombre?2017,5698,,SolicitudOTAdjuntos HTTP/1.1" 200 10282
192.168.10.96 - - [27/Mar/2017:12:12:35 -0300] "GET /cormun/servlet/vesolicitudnombre?2017,5698,,SolicitudOTAdjuntos HTTP/1.1" 200 10286
192.168.10.96 - - [27/Mar/2017:12:12:36 -0300] "POST /cormun/servlet/acontrolpreferencessavestate?None,DZAMUDIO,true HTTP/1.1" 200 35
192.168.10.96 - - [27/Mar/2017:12:12:37 -0300] "GET /cormun/PublicTempStorage/curric.3367352.jpg HTTP/1.1" 200 1088921
192.168.10.96 - - [27/Mar/2017:12:12:41 -0300] "GET /cormun/servlet/vesolicitudnombre?2017,5698,,SolicitudOTAdjuntos HTTP/1.1" 200 10284
192.168.10.96 - - [27/Mar/2017:12:12:42 -0300] "GET /cormun/servlet/vesolicitudnombre?2017,5698,,SolicitudOTAdjuntos HTTP/1.1" 200 10285
192.168.10.96 - - [27/Mar/2017:12:12:43 -0300] "POST /cormun/servlet/acontrolpreferencessavestate?None,DZAMUDIO,true HTTP/1.1" 200 35
192.168.10.96 - - [27/Mar/2017:12:12:43 -0300] "GET /cormun/PublicTempStorage/titulo3721994.jpg HTTP/1.1" 200 934577
192.168.10.62 - - [27/Mar/2017:12:12:44 -0300] "POST /cormun/servlet/trconsultaempleado?c7b2643e1279dfda50ac27b67e5f5b66,,gx-no-cache=1490630843530 HTTP/1.1" 200 3755
192.168.10.62 - - [27/Mar/2017:12:12:50 -0300] "POST /cormun/servlet/trconsultaempleado?c7b2643e1279dfda50ac27b67e5f5b66,,gx-no-cache=1490630849240 HTTP/1.1" 200 3755
192.168.10.62 - - [27/Mar/2017:12:13:23 -0300] "GET /cormun/servlet/trsolicitudgral? HTTP/1.1" 200 7807
192.168.10.62 - - [27/Mar/2017:12:13:23 -0300] "GET /cormun/servlet/trsolicitudgral? HTTP/1.1" 200 7807
192.168.10.62 - - [27/Mar/2017:12:13:30 -0300] "POST /cormun/servlet/trsolicitudgral?c7b2643e1279dfda50ac27b67e5f5b66,,gx-no-cache=1490630889178 HTTP/1.1" 200 10742
192.168.10.62 - - [27/Mar/2017:12:13:38 -0300] "POST /cormun/servlet/trsolicitudgral?c7b2643e1279dfda50ac27b67e5f5b66,,gx-no-cache=1490630897038 HTTP/1.1" 200 115
192.168.10.62 - - [27/Mar/2017:12:13:38 -0300] "GET /cormun/servlet/solicitudotlog?INS,2017,5360,0,REC, HTTP/1.1" 200 5582
192.168.10.62 - - [27/Mar/2017:12:13:38 -0300] "GET /cormun/servlet/solicitudotlog?INS,2017,5360,0,REC, HTTP/1.1" 200 5582
192.168.10.62 - - [27/Mar/2017:12:13:39 -0300] "GET /cormun/servlet/solicitudotlog?3e840e2bc7b3bf40bc41101cde503f97aa56efb33b4f9230082e00bdb191a898a4100d1ebbc8bc260bdfcbcc0fe722c932a321bbae9849131d51280766ee4b82e56eb85c458c3c3b725cfea27fa16a77d8ed39869045a87cad5bbfdb0db9b0d9ca21a8e03825f0b0b07e384b851f5f2f57410fddaeeefebffa61e9d77cebd63d3e58e75480ad32df3ce85f774604486e7c36450cb1eb1eea7509f4066be57c4d,gx-no-cache=1490630897970 HTTP/1.1" 200 94
192.168.10.62 - - [27/Mar/2017:12:13:49 -0300] "POST /cormun/servlet/solicitudotlog?c7b2643e1279dfda50ac27b67e5f5b66,INS,2017,5360,0,REC,,gx-no-cache=1490630908627 HTTP/1.1" 200 93
192.168.10.62 - - [27/Mar/2017:12:13:49 -0300] "GET /cormun/servlet/hpexe_return? HTTP/1.1" 200 1024
192.168.10.62 - - [27/Mar/2017:12:13:50 -0300] "GET /cormun/servlet/trsolicitudgral? HTTP/1.1" 200 13691
192.168.10.62 - - [27/Mar/2017:12:13:50 -0300] "GET /cormun/servlet/trsolicitudgral? HTTP/1.1" 200 13687
192.168.10.62 - - [27/Mar/2017:12:13:58 -0300] "GET /cormun/servlet/vesolicitudgral?2017,5359,, HTTP/1.1" 200 8181
192.168.10.62 - - [27/Mar/2017:12:13:58 -0300] "GET /cormun/pexe_scrolldiv.js HTTP/1.1" 404 1009
192.168.10.62 - - [27/Mar/2017:12:13:58 -0300] "GET /cormun/pexe_scrolldiv.js HTTP/1.1" 404 1009
192.168.10.62 - - [27/Mar/2017:12:13:59 -0300] "GET /cormun/servlet/vesolicitudgral?2017,5359,, HTTP/1.1" 200 8180
192.168.10.62 - - [27/Mar/2017:12:14:02 -0300] "POST /cormun/servlet/vesolicitudgral?c7b2643e1279dfda50ac27b67e5f5b66,2017,5359,,,gx-no-cache=1490630921216 HTTP/1.1" 200 115
192.168.10.62 - - [27/Mar/2017:12:14:02 -0300] "GET /cormun/servlet/solicitudotlog?INS,2017,5359,0,REC, HTTP/1.1" 200 5593
192.168.10.62 - - [27/Mar/2017:12:14:02 -0300] "GET /cormun/servlet/solicitudotlog?INS,2017,5359,0,REC, HTTP/1.1" 200 5588
192.168.10.62 - - [27/Mar/2017:12:14:03 -0300] "GET /cormun/servlet/solicitudotlog?3e840e2bc7b3bf40bc41101cde503f979e5ddc984823099a5a7b8b6ffceabbfca4100d1ebbc8bc260bdfcbcc0fe722c932a321bbae9849131d51280766ee4b82e56eb85c458c3c3b725cfea27fa16a77d8ed39869045a87cad5bbfdb0db9b0d9ca21a8e03825f0b0b07e384b851f5f2f57410fddaeeefebffa61e9d77cebd63d3e58e75480ad32df3ce85f774604486e7c36450cb1eb1eea7509f4066be57c4d,gx-no-cache=1490630922165 HTTP/1.1" 200 94
192.168.10.62 - - [27/Mar/2017:12:14:14 -0300] "POST /cormun/servlet/solicitudotlog?c7b2643e1279dfda50ac27b67e5f5b66,INS,2017,5359,0,REC,,gx-no-cache=1490630933554 HTTP/1.1" 200 93
192.168.10.62 - - [27/Mar/2017:12:14:14 -0300] "GET /cormun/servlet/hpexe_return? HTTP/1.1" 200 1028
192.168.10.62 - - [27/Mar/2017:12:14:14 -0300] "GET /cormun/servlet/vesolicitudgral?2017,5359,, HTTP/1.1" 200 8214
192.168.10.62 - - [27/Mar/2017:12:14:14 -0300] "GET /cormun/pexe_scrolldiv.js HTTP/1.1" 404 1009
192.168.10.62 - - [27/Mar/2017:12:14:14 -0300] "GET /cormun/pexe_scrolldiv.js HTTP/1.1" 404 1009
192.168.10.62 - - [27/Mar/2017:12:14:15 -0300] "GET /cormun/servlet/vesolicitudgral?2017,5359,, HTTP/1.1" 200 8192
192.168.10.62 - - [27/Mar/2017:12:15:48 -0300] "POST /cormun/servlet/vesolicitudgral?c7b2643e1279dfda50ac27b67e5f5b66,2017,5359,,,gx-no-cache=1490631027473 HTTP/1.1" 200 90
192.168.10.62 - - [27/Mar/2017:12:15:48 -0300] "GET /cormun/servlet/hpexe_link HTTP/1.1" 200 968
192.168.10.62 - - [27/Mar/2017:12:15:49 -0300] "GET /cormun/servlet/trsolicitudgral HTTP/1.1" 200 13317
192.168.10.62 - - [27/Mar/2017:12:15:49 -0300] "GET /cormun/servlet/trsolicitudgral HTTP/1.1" 200 13315
192.168.10.62 - - [27/Mar/2017:12:15:58 -0300] "GET /cormun/static/menuarrow.gif HTTP/1.1" 404 1015
192.168.10.62 - - [27/Mar/2017:12:16:03 -0300] "POST /cormun/servlet/trsolicitudgral?c7b2643e1279dfda50ac27b67e5f5b66,gx-no-cache=1490631042419 HTTP/1.1" 200 12063
192.168.10.62 - - [27/Mar/2017:12:16:07 -0300] "GET /cormun/servlet/vesolicitudgral?2017,4788,, HTTP/1.1" 200 8212
192.168.10.62 - - [27/Mar/2017:12:16:07 -0300] "GET /cormun/pexe_scrolldiv.js HTTP/1.1" 404 1009
192.168.10.62 - - [27/Mar/2017:12:16:07 -0300] "GET /cormun/pexe_scrolldiv.js HTTP/1.1" 404 1009
192.168.10.62 - - [27/Mar/2017:12:16:08 -0300] "GET /cormun/servlet/vesolicitudgral?2017,4788,, HTTP/1.1" 200 8212
192.168.10.62 - - [27/Mar/2017:12:16:10 -0300] "POST /cormun/servlet/vesolicitudgral?c7b2643e1279dfda50ac27b67e5f5b66,2017,4788,,,gx-no-cache=1490631049495 HTTP/1.1" 200 115
192.168.10.62 - - [27/Mar/2017:12:16:10 -0300] "GET /cormun/servlet/solicitudotlog?INS,2017,4788,0,REC, HTTP/1.1" 200 5593
192.168.10.62 - - [27/Mar/2017:12:16:11 -0300] "GET /cormun/servlet/solicitudotlog?INS,2017,4788,0,REC, HTTP/1.1" 200 5588
192.168.10.62 - - [27/Mar/2017:12:16:11 -0300] "GET /cormun/servlet/solicitudotlog?3e840e2bc7b3bf40bc41101cde503f97de46e8bfb2e3279ba467f52ae3cae1d4a4100d1ebbc8bc260bdfcbcc0fe722c932a321bbae9849131d51280766ee4b82e56eb85c458c3c3b725cfea27fa16a77d8ed39869045a87cad5bbfdb0db9b0d9ca21a8e03825f0b0b07e384b851f5f2f57410fddaeeefebffa61e9d77cebd63d3e58e75480ad32df3ce85f774604486e7c36450cb1eb1eea7509f4066be57c4d,gx-no-cache=1490631050419 HTTP/1.1" 200 94
192.168.10.62 - - [27/Mar/2017:12:16:16 -0300] "POST /cormun/servlet/solicitudotlog?c7b2643e1279dfda50ac27b67e5f5b66,INS,2017,4788,0,REC,,gx-no-cache=1490631055503 HTTP/1.1" 200 93
192.168.10.62 - - [27/Mar/2017:12:16:16 -0300] "GET /cormun/servlet/hpexe_return? HTTP/1.1" 200 1028
192.168.10.62 - - [27/Mar/2017:12:16:16 -0300] "GET /cormun/servlet/vesolicitudgral?2017,4788,, HTTP/1.1" 200 8227
192.168.10.62 - - [27/Mar/2017:12:16:16 -0300] "GET /cormun/pexe_scrolldiv.js HTTP/1.1" 404 1009
192.168.10.62 - - [27/Mar/2017:12:16:16 -0300] "GET /cormun/pexe_scrolldiv.js HTTP/1.1" 404 1009
192.168.10.62 - - [27/Mar/2017:12:16:17 -0300] "GET /cormun/servlet/vesolicitudgral?2017,4788,, HTTP/1.1" 200 8223
192.168.10.62 - - [27/Mar/2017:12:17:39 -0300] "POST /cormun/servlet/vesolicitudgral?c7b2643e1279dfda50ac27b67e5f5b66,2017,4788,,,gx-no-cache=1490631138544 HTTP/1.1" 200 90
192.168.10.62 - - [27/Mar/2017:12:17:39 -0300] "GET /cormun/servlet/hpexe_link HTTP/1.1" 200 988
192.168.10.62 - - [27/Mar/2017:12:17:40 -0300] "GET /cormun/servlet/trsolicitudgral?gx-no-cache=1490631042419 HTTP/1.1" 200 14922
192.168.10.62 - - [27/Mar/2017:12:17:40 -0300] "GET /cormun/servlet/trsolicitudgral?gx-no-cache=1490631042419 HTTP/1.1" 200 14942
192.168.10.62 - - [27/Mar/2017:12:17:53 -0300] "POST /cormun/servlet/trsolicitudgral?c7b2643e1279dfda50ac27b67e5f5b66,gx-no-cache=1490631042419,gx-no-cache=1490631151816 HTTP/1.1" 200 11776
192.168.10.62 - - [27/Mar/2017:12:18:17 -0300] "GET /cormun/static/menuarrow.gif HTTP/1.1" 404 1015
192.168.10.62 - - [27/Mar/2017:12:18:22 -0300] "POST /cormun/servlet/trsolicitudgral?c7b2643e1279dfda50ac27b67e5f5b66,gx-no-cache=1490631042419,gx-no-cache=1490631181096 HTTP/1.1" 200 11776
192.168.10.62 - - [27/Mar/2017:12:18:42 -0300] "GET /cormun/servlet/trconsultaempleado? HTTP/1.1" 200 5985
192.168.10.62 - - [27/Mar/2017:12:18:42 -0300] "GET /cormun/servlet/trconsultaempleado? HTTP/1.1" 200 5964
192.168.10.62 - - [27/Mar/2017:12:18:52 -0300] "POST /cormun/servlet/trconsultaempleado?c7b2643e1279dfda50ac27b67e5f5b66,,gx-no-cache=1490631211426 HTTP/1.1" 200 3986
192.168.10.62 - - [27/Mar/2017:12:18:54 -0300] "GET /cormun/servlet/trsolicitudnombre?17333497, HTTP/1.1" 200 7874
192.168.10.62 - - [27/Mar/2017:12:18:54 -0300] "GET /cormun/servlet/trsolicitudnombre?17333497, HTTP/1.1" 200 7877
192.168.10.62 - - [27/Mar/2017:12:18:57 -0300] "GET /cormun/servlet/vesolicitudnombre?2017,5216,, HTTP/1.1" 200 8057
192.168.10.62 - - [27/Mar/2017:12:18:57 -0300] "GET /cormun/pexe_scrolldiv.js HTTP/1.1" 404 1009
192.168.10.62 - - [27/Mar/2017:12:18:57 -0300] "GET /cormun/pexe_scrolldiv.js HTTP/1.1" 404 1009
192.168.10.62 - - [27/Mar/2017:12:18:58 -0300] "GET /cormun/servlet/vesolicitudnombre?2017,5216,, HTTP/1.1" 200 8047
192.168.10.62 - - [27/Mar/2017:12:19:02 -0300] "GET /cormun/servlet/vesolicitudnombre?2017,5216,,SolicitudOTLog HTTP/1.1" 200 9358
192.168.10.62 - - [27/Mar/2017:12:19:02 -0300] "GET /cormun/pexe_scrolldiv.js HTTP/1.1" 404 1009
192.168.10.62 - - [27/Mar/2017:12:19:02 -0300] "GET /cormun/pexe_scrolldiv.js HTTP/1.1" 404 1009
192.168.10.62 - - [27/Mar/2017:12:19:02 -0300] "GET /cormun/servlet/vesolicitudnombre?2017,5216,,SolicitudOTLog HTTP/1.1" 200 9360
192.168.10.62 - - [27/Mar/2017:12:19:03 -0300] "POST /cormun/servlet/acontrolpreferencessavestate?None,FGONZALEZG,true HTTP/1.1" 200 35
192.168.10.62 - - [27/Mar/2017:12:19:13 -0300] "POST /cormun/servlet/vesolicitudnombre?c7b2643e1279dfda50ac27b67e5f5b66,2017,5216,,SolicitudOTLog,gx-no-cache=1490631232127 HTTP/1.1" 200 90
192.168.10.62 - - [27/Mar/2017:12:19:13 -0300] "GET /cormun/servlet/hpexe_link HTTP/1.1" 200 987
192.168.10.62 - - [27/Mar/2017:12:19:13 -0300] "GET /cormun/servlet/trsolicitudnombre?17333497, HTTP/1.1" 200 7875
192.168.10.62 - - [27/Mar/2017:12:19:13 -0300] "GET /cormun/servlet/trsolicitudnombre?17333497, HTTP/1.1" 200 7877
192.168.10.62 - - [27/Mar/2017:12:19:16 -0300] "GET /cormun/servlet/vesolicitudnombre?2017,5216,, HTTP/1.1" 200 8057
192.168.10.62 - - [27/Mar/2017:12:19:16 -0300] "GET /cormun/pexe_scrolldiv.js HTTP/1.1" 404 1009
192.168.10.62 - - [27/Mar/2017:12:19:16 -0300] "GET /cormun/pexe_scrolldiv.js HTTP/1.1" 404 1009
192.168.10.62 - - [27/Mar/2017:12:19:16 -0300] "GET /cormun/servlet/vesolicitudnombre?2017,5216,, HTTP/1.1" 200 8047
192.168.10.62 - - [27/Mar/2017:12:19:24 -0300] "GET /cormun/servlet/vesolicitudnombre?2017,5216,,SolicitudOTLog HTTP/1.1" 200 9358
192.168.10.62 - - [27/Mar/2017:12:19:24 -0300] "GET /cormun/pexe_scrolldiv.js HTTP/1.1" 404 1009
192.168.10.62 - - [27/Mar/2017:12:19:24 -0300] "GET /cormun/pexe_scrolldiv.js HTTP/1.1" 404 1009
192.168.10.62 - - [27/Mar/2017:12:19:24 -0300] "GET /cormun/servlet/vesolicitudnombre?2017,5216,,SolicitudOTLog HTTP/1.1" 200 9360
192.168.10.62 - - [27/Mar/2017:12:19:25 -0300] "POST /cormun/servlet/acontrolpreferencessavestate?None,FGONZALEZG,true HTTP/1.1" 200 35
192.168.10.62 - - [27/Mar/2017:12:19:27 -0300] "POST /cormun/servlet/vesolicitudnombre?c7b2643e1279dfda50ac27b67e5f5b66,2017,5216,,SolicitudOTLog,gx-no-cache=1490631246441 HTTP/1.1" 200 90
192.168.10.62 - - [27/Mar/2017:12:19:27 -0300] "GET /cormun/servlet/hpexe_link HTTP/1.1" 200 987
192.168.10.62 - - [27/Mar/2017:12:19:27 -0300] "GET /cormun/servlet/trsolicitudnombre?17333497, HTTP/1.1" 200 7875
192.168.10.62 - - [27/Mar/2017:12:19:28 -0300] "GET /cormun/servlet/trsolicitudnombre?17333497, HTTP/1.1" 200 7878
192.168.10.62 - - [27/Mar/2017:12:19:32 -0300] "GET /cormun/servlet/vesolicitudnombre?2017,5216,, HTTP/1.1" 200 8057
192.168.10.62 - - [27/Mar/2017:12:19:32 -0300] "GET /cormun/pexe_scrolldiv.js HTTP/1.1" 404 1009
192.168.10.62 - - [27/Mar/2017:12:19:32 -0300] "GET /cormun/pexe_scrolldiv.js HTTP/1.1" 404 1009
192.168.10.62 - - [27/Mar/2017:12:19:32 -0300] "GET /cormun/servlet/vesolicitudnombre?2017,5216,, HTTP/1.1" 200 8047
192.168.10.62 - - [27/Mar/2017:12:20:15 -0300] "POST /cormun/servlet/vesolicitudnombre?c7b2643e1279dfda50ac27b67e5f5b66,2017,5216,,,gx-no-cache=1490631294552 HTTP/1.1" 200 90
192.168.10.62 - - [27/Mar/2017:12:20:15 -0300] "GET /cormun/servlet/hpexe_link HTTP/1.1" 200 979
192.168.10.62 - - [27/Mar/2017:12:20:15 -0300] "GET /cormun/servlet/trsolicitudnombre?17333497, HTTP/1.1" 200 7873
192.168.10.62 - - [27/Mar/2017:12:20:16 -0300] "GET /cormun/servlet/trsolicitudnombre?17333497, HTTP/1.1" 200 7877
192.168.10.62 - - [27/Mar/2017:12:20:18 -0300] "GET /cormun/servlet/vesolicitudnombre?2017,5180,, HTTP/1.1" 200 8068
192.168.10.62 - - [27/Mar/2017:12:20:18 -0300] "GET /cormun/pexe_scrolldiv.js HTTP/1.1" 404 1009
192.168.10.62 - - [27/Mar/2017:12:20:18 -0300] "GET /cormun/pexe_scrolldiv.js HTTP/1.1" 404 1009
192.168.10.62 - - [27/Mar/2017:12:20:19 -0300] "GET /cormun/servlet/vesolicitudnombre?2017,5180,, HTTP/1.1" 200 8062
192.168.10.62 - - [27/Mar/2017:12:20:22 -0300] "POST /cormun/servlet/vesolicitudnombre?c7b2643e1279dfda50ac27b67e5f5b66,2017,5180,,,gx-no-cache=1490631300764 HTTP/1.1" 200 90
192.168.10.62 - - [27/Mar/2017:12:20:22 -0300] "GET /cormun/servlet/hpexe_link HTTP/1.1" 200 979
192.168.10.62 - - [27/Mar/2017:12:20:22 -0300] "GET /cormun/servlet/trsolicitudnombre?17333497, HTTP/1.1" 200 7874
192.168.10.62 - - [27/Mar/2017:12:20:22 -0300] "GET /cormun/servlet/trsolicitudnombre?17333497, HTTP/1.1" 200 7876
192.168.10.62 - - [27/Mar/2017:12:20:26 -0300] "GET /cormun/servlet/vesolicitudnombre?2017,4796,, HTTP/1.1" 200 8071
192.168.10.62 - - [27/Mar/2017:12:20:26 -0300] "GET /cormun/pexe_scrolldiv.js HTTP/1.1" 404 1009
192.168.10.62 - - [27/Mar/2017:12:20:26 -0300] "GET /cormun/pexe_scrolldiv.js HTTP/1.1" 404 1009
192.168.10.62 - - [27/Mar/2017:12:20:26 -0300] "GET /cormun/servlet/vesolicitudnombre?2017,4796,, HTTP/1.1" 200 8065
192.168.10.62 - - [27/Mar/2017:12:20:31 -0300] "POST /cormun/servlet/vesolicitudnombre?c7b2643e1279dfda50ac27b67e5f5b66,2017,4796,,,gx-no-cache=1490631310079 HTTP/1.1" 200 90
192.168.10.62 - - [27/Mar/2017:12:20:31 -0300] "GET /cormun/servlet/hpexe_link HTTP/1.1" 200 979
192.168.10.62 - - [27/Mar/2017:12:20:31 -0300] "GET /cormun/servlet/trsolicitudnombre?17333497, HTTP/1.1" 200 7875
192.168.10.62 - - [27/Mar/2017:12:20:31 -0300] "GET /cormun/servlet/trsolicitudnombre?17333497, HTTP/1.1" 200 7877
192.168.10.62 - - [27/Mar/2017:12:20:33 -0300] "GET /cormun/servlet/vesolicitudnombre?2017,5180,, HTTP/1.1" 200 8068
192.168.10.62 - - [27/Mar/2017:12:20:33 -0300] "GET /cormun/pexe_scrolldiv.js HTTP/1.1" 404 1009
192.168.10.62 - - [27/Mar/2017:12:20:33 -0300] "GET /cormun/pexe_scrolldiv.js HTTP/1.1" 404 1009
192.168.10.62 - - [27/Mar/2017:12:20:34 -0300] "GET /cormun/servlet/vesolicitudnombre?2017,5180,, HTTP/1.1" 200 8062
192.168.10.62 - - [27/Mar/2017:12:20:39 -0300] "GET /cormun/servlet/vesolicitudnombre?2017,5180,,SolicitudOTLog HTTP/1.1" 200 9468
192.168.10.62 - - [27/Mar/2017:12:20:39 -0300] "GET /cormun/pexe_scrolldiv.js HTTP/1.1" 404 1009
192.168.10.62 - - [27/Mar/2017:12:20:39 -0300] "GET /cormun/pexe_scrolldiv.js HTTP/1.1" 404 1009
192.168.10.62 - - [27/Mar/2017:12:20:39 -0300] "GET /cormun/servlet/vesolicitudnombre?2017,5180,,SolicitudOTLog HTTP/1.1" 200 9470
192.168.10.62 - - [27/Mar/2017:12:20:40 -0300] "POST /cormun/servlet/acontrolpreferencessavestate?None,FGONZALEZG,true HTTP/1.1" 200 35
192.168.10.62 - - [27/Mar/2017:12:20:44 -0300] "POST /cormun/servlet/vesolicitudnombre?c7b2643e1279dfda50ac27b67e5f5b66,2017,5180,,SolicitudOTLog,gx-no-cache=1490631322890 HTTP/1.1" 200 90
192.168.10.62 - - [27/Mar/2017:12:20:44 -0300] "GET /cormun/servlet/hpexe_link HTTP/1.1" 200 986
192.168.10.62 - - [27/Mar/2017:12:20:44 -0300] "GET /cormun/servlet/trsolicitudnombre?17333497, HTTP/1.1" 200 7875
192.168.10.62 - - [27/Mar/2017:12:20:44 -0300] "GET /cormun/servlet/trsolicitudnombre?17333497, HTTP/1.1" 200 7877
192.168.10.62 - - [27/Mar/2017:12:20:47 -0300] "GET /cormun/servlet/vesolicitudnombre?2017,5216,, HTTP/1.1" 200 8057
192.168.10.62 - - [27/Mar/2017:12:20:47 -0300] "GET /cormun/pexe_scrolldiv.js HTTP/1.1" 404 1009
192.168.10.62 - - [27/Mar/2017:12:20:47 -0300] "GET /cormun/pexe_scrolldiv.js HTTP/1.1" 404 1009
192.168.10.62 - - [27/Mar/2017:12:20:47 -0300] "GET /cormun/servlet/vesolicitudnombre?2017,5216,, HTTP/1.1" 200 8047
192.168.10.96 - - [27/Mar/2017:12:21:20 -0300] "GET /cormun/servlet/vesolicitudnombre?2017,5698,,SolicitudOTAdjuntos HTTP/1.1" 200 10288
192.168.10.96 - - [27/Mar/2017:12:21:22 -0300] "GET /cormun/servlet/vesolicitudnombre?2017,5698,,SolicitudOTAdjuntos HTTP/1.1" 200 10290
192.168.10.96 - - [27/Mar/2017:12:21:23 -0300] "POST /cormun/servlet/acontrolpreferencessavestate?None,DZAMUDIO,true HTTP/1.1" 200 35
191.96.249.97 - - [27/Mar/2017:12:22:09 -0300] "GET /setup.cgi HTTP/1.1" 404 979
186.79.10.110 - - [27/Mar/2017:12:26:23 -0300] "GET /cormun/servlet/hlogin HTTP/1.1" 200 1716
192.168.10.62 - - [27/Mar/2017:12:26:23 -0300] "POST /cormun/servlet/vesolicitudnombre?c7b2643e1279dfda50ac27b67e5f5b66,2017,5216,,,gx-no-cache=1490631661909 HTTP/1.1" 200 90
192.168.10.62 - - [27/Mar/2017:12:26:23 -0300] "GET /cormun/servlet/hpexe_link HTTP/1.1" 200 979
192.168.10.62 - - [27/Mar/2017:12:26:23 -0300] "GET /cormun/servlet/trsolicitudnombre?17333497, HTTP/1.1" 200 7875
192.168.10.62 - - [27/Mar/2017:12:26:23 -0300] "GET /cormun/servlet/trsolicitudnombre?17333497, HTTP/1.1" 200 7877
192.168.10.62 - - [27/Mar/2017:12:26:26 -0300] "POST /cormun/servlet/trsolicitudnombre?c7b2643e1279dfda50ac27b67e5f5b66,17333497,,gx-no-cache=1490631665199 HTTP/1.1" 200 90
192.168.10.62 - - [27/Mar/2017:12:26:26 -0300] "GET /cormun/servlet/hpexe_link HTTP/1.1" 200 978
186.79.10.110 - - [27/Mar/2017:12:26:26 -0300] "POST /cormun/servlet/hlogin?d9b96c7517925af8271aff3c9279691b,gx-no-cache=1490628453879 HTTP/1.1" 200 90
192.168.10.62 - - [27/Mar/2017:12:26:26 -0300] "GET /cormun/servlet/trconsultaempleado? HTTP/1.1" 200 6184
186.79.10.110 - - [27/Mar/2017:12:26:26 -0300] "GET /cormun/servlet/hpexe_link HTTP/1.1" 200 946
186.79.10.110 - - [27/Mar/2017:12:26:26 -0300] "GET /cormun/servlet/hhome HTTP/1.1" 200 3752
192.168.10.62 - - [27/Mar/2017:12:26:26 -0300] "GET /cormun/servlet/trconsultaempleado? HTTP/1.1" 200 6182
186.79.10.110 - - [27/Mar/2017:12:26:27 -0300] "GET /cormun/servlet/hhome HTTP/1.1" 200 3749
192.168.10.62 - - [27/Mar/2017:12:26:28 -0300] "POST /cormun/servlet/trconsultaempleado?c7b2643e1279dfda50ac27b67e5f5b66,,gx-no-cache=1490631667769 HTTP/1.1" 200 90
192.168.10.62 - - [27/Mar/2017:12:26:28 -0300] "GET /cormun/servlet/hpexe_link HTTP/1.1" 200 988
192.168.10.62 - - [27/Mar/2017:12:26:29 -0300] "GET /cormun/servlet/trsolicitudgral?gx-no-cache=1490631042419 HTTP/1.1" 200 14921
192.168.10.62 - - [27/Mar/2017:12:26:29 -0300] "GET /cormun/servlet/trsolicitudgral?gx-no-cache=1490631042419 HTTP/1.1" 200 14941
186.79.10.110 - - [27/Mar/2017:12:26:31 -0300] "GET /cormun/servlet/trsolicitudot? HTTP/1.1" 200 8423
186.79.10.110 - - [27/Mar/2017:12:26:32 -0300] "GET /cormun/servlet/trsolicitudot? HTTP/1.1" 200 8420
192.168.10.62 - - [27/Mar/2017:12:26:33 -0300] "POST /cormun/servlet/trsolicitudgral?c7b2643e1279dfda50ac27b67e5f5b66,gx-no-cache=1490631042419,gx-no-cache=1490631672156 HTTP/1.1" 200 11776
186.79.10.110 - - [27/Mar/2017:12:26:48 -0300] "POST /cormun/servlet/trsolicitudot?d9b96c7517925af8271aff3c9279691b,,gx-no-cache=1490628475126 HTTP/1.1" 200 105
186.79.10.110 - - [27/Mar/2017:12:26:48 -0300] "GET /cormun/servlet/solicitudot?DLT,2017,5501, HTTP/1.1" 200 9297
186.79.10.110 - - [27/Mar/2017:12:26:49 -0300] "GET /cormun/static/Shared/jqueryui/images/ui-bg_highlight-soft_100_c6c2c8_1x100.png HTTP/1.1" 404 1117
186.79.10.110 - - [27/Mar/2017:12:26:49 -0300] "GET /cormun/static/Shared/jqueryui/images/ui-icons_82798d_256x240.png HTTP/1.1" 404 1089
186.79.10.110 - - [27/Mar/2017:12:26:49 -0300] "GET /cormun/static/Shared/jqueryui/images/ui-icons_8d78a5_256x240.png HTTP/1.1" 404 1089
186.79.10.110 - - [27/Mar/2017:12:26:49 -0300] "GET /cormun/static/Shared/jqueryui/images/ui-bg_flat_55_fafafa_40x100.png HTTP/1.1" 404 1097
186.79.10.110 - - [27/Mar/2017:12:26:49 -0300] "GET /cormun/servlet/solicitudot?DLT,2017,5501, HTTP/1.1" 200 9306
186.79.10.110 - - [27/Mar/2017:12:26:56 -0300] "GET /cormun/static/Shared/jqueryui/images/ui-bg_highlight-soft_100_eae6ea_1x100.png HTTP/1.1" 404 1117
192.168.10.62 - - [27/Mar/2017:12:27:05 -0300] "GET /cormun/servlet/vesolicitudgral?2017,4783,, HTTP/1.1" 200 8234
192.168.10.62 - - [27/Mar/2017:12:27:05 -0300] "GET /cormun/pexe_scrolldiv.js HTTP/1.1" 404 1009
192.168.10.62 - - [27/Mar/2017:12:27:05 -0300] "GET /cormun/pexe_scrolldiv.js HTTP/1.1" 404 1009
192.168.10.62 - - [27/Mar/2017:12:27:05 -0300] "GET /cormun/servlet/vesolicitudgral?2017,4783,, HTTP/1.1" 200 8214
186.79.10.110 - - [27/Mar/2017:12:27:07 -0300] "GET /cormun/servlet/hlogin HTTP/1.1" 200 1721
186.79.10.110 - - [27/Mar/2017:12:27:09 -0300] "POST /cormun/servlet/hlogin?6c6b95a750ab5c11179e9a8c625826ee,gx-no-cache=1490628497082 HTTP/1.1" 200 90
186.79.10.110 - - [27/Mar/2017:12:27:09 -0300] "GET /cormun/servlet/hpexe_link HTTP/1.1" 200 952
186.79.10.110 - - [27/Mar/2017:12:27:09 -0300] "GET /cormun/servlet/hhome HTTP/1.1" 200 3759
186.79.10.110 - - [27/Mar/2017:12:27:10 -0300] "GET /cormun/servlet/hhome HTTP/1.1" 200 3755
192.168.10.62 - - [27/Mar/2017:12:27:10 -0300] "POST /cormun/servlet/vesolicitudgral?c7b2643e1279dfda50ac27b67e5f5b66,2017,4783,,,gx-no-cache=1490631709650 HTTP/1.1" 200 115
192.168.10.62 - - [27/Mar/2017:12:27:10 -0300] "GET /cormun/servlet/solicitudotlog?INS,2017,4783,0,REC, HTTP/1.1" 200 5593
192.168.10.62 - - [27/Mar/2017:12:27:11 -0300] "GET /cormun/servlet/solicitudotlog?INS,2017,4783,0,REC, HTTP/1.1" 200 5589
192.168.10.62 - - [27/Mar/2017:12:27:11 -0300] "GET /cormun/servlet/solicitudotlog?3e840e2bc7b3bf40bc41101cde503f975a20e25541e8578283265baffcbc690aa4100d1ebbc8bc260bdfcbcc0fe722c932a321bbae9849131d51280766ee4b82e56eb85c458c3c3b725cfea27fa16a77d8ed39869045a87cad5bbfdb0db9b0d9ca21a8e03825f0b0b07e384b851f5f2f57410fddaeeefebffa61e9d77cebd63d3e58e75480ad32df3ce85f774604486e7c36450cb1eb1eea7509f4066be57c4d,gx-no-cache=1490631710577 HTTP/1.1" 200 94
186.79.10.110 - - [27/Mar/2017:12:27:13 -0300] "GET /cormun/servlet/trsolicitudot? HTTP/1.1" 200 8427
186.79.10.110 - - [27/Mar/2017:12:27:13 -0300] "GET /cormun/servlet/trsolicitudot? HTTP/1.1" 200 8424
192.168.10.62 - - [27/Mar/2017:12:27:15 -0300] "POST /cormun/servlet/solicitudotlog?c7b2643e1279dfda50ac27b67e5f5b66,INS,2017,4783,0,REC,,gx-no-cache=1490631714725 HTTP/1.1" 200 93
192.168.10.62 - - [27/Mar/2017:12:27:15 -0300] "GET /cormun/servlet/hpexe_return? HTTP/1.1" 200 1028
192.168.10.62 - - [27/Mar/2017:12:27:16 -0300] "GET /cormun/servlet/vesolicitudgral?2017,4783,, HTTP/1.1" 200 8228
192.168.10.62 - - [27/Mar/2017:12:27:16 -0300] "GET /cormun/pexe_scrolldiv.js HTTP/1.1" 404 1009
192.168.10.62 - - [27/Mar/2017:12:27:16 -0300] "GET /cormun/pexe_scrolldiv.js HTTP/1.1" 404 1009
192.168.10.62 - - [27/Mar/2017:12:27:16 -0300] "GET /cormun/servlet/vesolicitudgral?2017,4783,, HTTP/1.1" 200 8224
186.79.10.110 - - [27/Mar/2017:12:27:20 -0300] "GET /cormun/servlet/trsolicitudot? HTTP/1.1" 200 8424
186.79.10.110 - - [27/Mar/2017:12:27:21 -0300] "GET /cormun/servlet/trsolicitudot? HTTP/1.1" 200 8424
186.79.10.110 - - [27/Mar/2017:12:27:34 -0300] "GET /cormun/servlet/hlogin HTTP/1.1" 200 1727
186.79.10.110 - - [27/Mar/2017:12:27:36 -0300] "POST /cormun/servlet/hlogin?e1eb5ccd860b7133699e4ff41030da8b,gx-no-cache=1490628524187 HTTP/1.1" 200 90
186.79.10.110 - - [27/Mar/2017:12:27:36 -0300] "GET /cormun/servlet/hpexe_link HTTP/1.1" 200 955
186.79.10.110 - - [27/Mar/2017:12:27:37 -0300] "GET /cormun/servlet/hhome HTTP/1.1" 200 3761
186.79.10.110 - - [27/Mar/2017:12:27:37 -0300] "GET /cormun/servlet/hhome HTTP/1.1" 200 3758
186.79.10.110 - - [27/Mar/2017:12:27:41 -0300] "GET /cormun/servlet/trsolicitudot? HTTP/1.1" 200 8433
186.79.10.110 - - [27/Mar/2017:12:27:42 -0300] "GET /cormun/servlet/trsolicitudot? HTTP/1.1" 200 8430
186.79.10.110 - - [27/Mar/2017:12:27:49 -0300] "GET /cormun/servlet/solicitudot?INS,0,0, HTTP/1.1" 200 12570
186.79.10.110 - - [27/Mar/2017:12:27:49 -0300] "GET /cormun/servlet/solicitudot?INS,0,0, HTTP/1.1" 200 12575
192.168.10.62 - - [27/Mar/2017:12:28:34 -0300] "GET /cormun/servlet/trconsultaempleado? HTTP/1.1" 200 6203
192.168.10.62 - - [27/Mar/2017:12:28:35 -0300] "GET /cormun/servlet/trconsultaempleado? HTTP/1.1" 200 6192
192.168.10.62 - - [27/Mar/2017:12:28:44 -0300] "POST /cormun/servlet/trconsultaempleado?c7b2643e1279dfda50ac27b67e5f5b66,,gx-no-cache=1490631802876 HTTP/1.1" 200 3775
192.168.10.62 - - [27/Mar/2017:12:28:50 -0300] "POST /cormun/servlet/trconsultaempleado?c7b2643e1279dfda50ac27b67e5f5b66,,gx-no-cache=1490631809713 HTTP/1.1" 200 3775
186.79.10.110 - - [27/Mar/2017:12:29:48 -0300] "POST /cormun/servlet/solicitudot?gx-no-cache=1490628655672 HTTP/1.1" 200 3186
186.79.10.110 - - [27/Mar/2017:12:29:49 -0300] "POST /cormun/servlet/solicitudot?e1eb5ccd860b7133699e4ff41030da8b,INS,0,0,,gx-no-cache=1490628656168 HTTP/1.1" 200 9762
192.168.10.60 - - [27/Mar/2017:12:31:14 -0300] "GET /cormun/servlet/hlogin HTTP/1.1" 200 1723
192.168.10.60 - - [27/Mar/2017:12:31:15 -0300] "POST /cormun/servlet/hlogin?65f7625d50f0dc3c98052b5f1736bee8,gx-no-cache=1490627917019 HTTP/1.1" 200 90
192.168.10.60 - - [27/Mar/2017:12:31:16 -0300] "GET /cormun/servlet/hpexe_link HTTP/1.1" 200 952
192.168.10.60 - - [27/Mar/2017:12:31:16 -0300] "GET /cormun/servlet/hhome HTTP/1.1" 200 3751
192.168.10.60 - - [27/Mar/2017:12:31:16 -0300] "GET /cormun/servlet/hhome HTTP/1.1" 200 3747
192.168.10.60 - - [27/Mar/2017:12:31:20 -0300] "GET /cormun/servlet/trautorizarot? HTTP/1.1" 200 13778
192.168.10.60 - - [27/Mar/2017:12:31:21 -0300] "GET /cormun/servlet/trautorizarot? HTTP/1.1" 200 13776
192.168.10.60 - - [27/Mar/2017:12:31:25 -0300] "GET /cormun/static/menuarrow.gif HTTP/1.1" 404 1015
192.168.10.62 - - [27/Mar/2017:12:31:32 -0300] "GET /cormun/servlet/trconsultaempleado? HTTP/1.1" 200 5972
192.168.10.62 - - [27/Mar/2017:12:31:33 -0300] "GET /cormun/servlet/trconsultaempleado? HTTP/1.1" 200 5972
192.168.10.62 - - [27/Mar/2017:12:31:39 -0300] "GET /cormun/servlet/trsolicitudgral? HTTP/1.1" 200 14609
192.168.10.62 - - [27/Mar/2017:12:31:40 -0300] "GET /cormun/servlet/trsolicitudgral? HTTP/1.1" 200 14608
192.168.10.60 - - [27/Mar/2017:12:31:43 -0300] "POST /cormun/servlet/trautorizarot?65f7625d50f0dc3c98052b5f1736bee8,,gx-no-cache=1490627944606 HTTP/1.1" 200 4999
192.168.10.60 - - [27/Mar/2017:12:31:59 -0300] "POST /cormun/servlet/trautorizarot?65f7625d50f0dc3c98052b5f1736bee8,,gx-no-cache=1490627960019 HTTP/1.1" 200 15552
192.168.10.62 - - [27/Mar/2017:12:32:05 -0300] "GET /cormun/servlet/trconsultaempleado? HTTP/1.1" 200 5963
192.168.10.62 - - [27/Mar/2017:12:32:05 -0300] "GET /cormun/servlet/trconsultaempleado? HTTP/1.1" 200 5962
192.168.10.60 - - [27/Mar/2017:12:32:13 -0300] "POST /cormun/servlet/trautorizarot?65f7625d50f0dc3c98052b5f1736bee8,,gx-no-cache=1490627974515 HTTP/1.1" 200 4998
192.168.10.60 - - [27/Mar/2017:12:32:18 -0300] "POST /cormun/servlet/trautorizarot?65f7625d50f0dc3c98052b5f1736bee8,,gx-no-cache=1490627979248 HTTP/1.1" 200 8367
192.168.10.62 - - [27/Mar/2017:12:32:21 -0300] "POST /cormun/servlet/trconsultaempleado?c7b2643e1279dfda50ac27b67e5f5b66,,gx-no-cache=1490632020402 HTTP/1.1" 200 4658
192.168.10.62 - - [27/Mar/2017:12:32:26 -0300] "GET /cormun/servlet/trsolicitudnombre?12571209, HTTP/1.1" 200 7523
192.168.10.62 - - [27/Mar/2017:12:32:26 -0300] "GET /cormun/servlet/trsolicitudnombre?12571209, HTTP/1.1" 200 7526
192.168.10.62 - - [27/Mar/2017:12:32:33 -0300] "GET /cormun/servlet/vesolicitudnombre?2017,4797,, HTTP/1.1" 200 8074
192.168.10.62 - - [27/Mar/2017:12:32:34 -0300] "GET /cormun/pexe_scrolldiv.js HTTP/1.1" 404 1009
192.168.10.62 - - [27/Mar/2017:12:32:34 -0300] "GET /cormun/pexe_scrolldiv.js HTTP/1.1" 404 1009
192.168.10.62 - - [27/Mar/2017:12:32:34 -0300] "GET /cormun/servlet/vesolicitudnombre?2017,4797,, HTTP/1.1" 200 8069
192.168.10.60 - - [27/Mar/2017:12:32:51 -0300] "POST /cormun/servlet/trautorizarot?65f7625d50f0dc3c98052b5f1736bee8,,gx-no-cache=1490628012503 HTTP/1.1" 200 5169
192.168.10.60 - - [27/Mar/2017:12:32:56 -0300] "POST /cormun/servlet/trautorizarot?65f7625d50f0dc3c98052b5f1736bee8,,gx-no-cache=1490628017430 HTTP/1.1" 200 4996
192.168.10.60 - - [27/Mar/2017:12:33:02 -0300] "POST /cormun/servlet/trautorizarot?65f7625d50f0dc3c98052b5f1736bee8,,gx-no-cache=1490628023751 HTTP/1.1" 200 4995
186.79.10.110 - - [27/Mar/2017:12:33:06 -0300] "GET /cormun/servlet/solicitudot?b0559f31a9385b54ec6bac709b33d2ec89dd2c4707200e8644009eb6e7b65667e998738bcff31ca255ca322421802f92,gx-no-cache=1490628854311 HTTP/1.1" 200 30
186.79.10.110 - - [27/Mar/2017:12:33:07 -0300] "POST /cormun/servlet/solicitudot?gx-no-cache=1490628854483 HTTP/1.1" 200 240
186.79.10.110 - - [27/Mar/2017:12:33:07 -0300] "GET /cormun/servlet/solicitudot?b0559f31a9385b54ec6bac709b33d2ecf3a0e5bc0fd3c32984209b13448979aa2dfde317b39ae30bd036d2c9a1a8789d5ecfd1db4cea5eec051fcef48075e879d6e26056bef5978e775c2ac3e43727e7cf37c6eb21b152498eead1b673fb840e9e9bfe7f144ba6d8e83a097ec3aa47a4c105fc0b85e48027c342ab3afdba50a85a0bd9b0d0a09ab220ab5cfc11a368d57c15c8a7729e582f8a56149a1b387f2a6f185a256cdb4afefecf2693a82968804abe8b98c43099f2a7ed1f3a5792b565b9083a040bcbb6b779b9da46b4dc288839817ee0db8fabc3da871323cef4dca1f483008618e0bd613ced2d28ee681b326c1009dca1b518d6e0461bdefa8a76d38598d78e401e63aecd88be6d70f5c4a017c41740fb7e5fb007c35ceb40c00d97e4f11a7d90a5136895671ce14e5e6b411e4757cdf975428e494c9af5116e5361a978713dd385401ef5605ddd572e76f0eb1d87bd8f8bc5c0ed5144e5a003e61db680afcbe98faf41290d50041e0e9be28f600dfa54ee19814340c00dd0516090,gx-no-cache=1490628854603 HTTP/1.1" 200 30
192.168.10.60 - - [27/Mar/2017:12:33:12 -0300] "POST /cormun/servlet/trautorizarot?65f7625d50f0dc3c98052b5f1736bee8,,gx-no-cache=1490628033752 HTTP/1.1" 200 11989
186.79.10.110 - - [27/Mar/2017:12:33:15 -0300] "POST /cormun/servlet/solicitudot?gx-no-cache=1490628863248 HTTP/1.1" 200 30
192.168.10.62 - - [27/Mar/2017:12:33:17 -0300] "GET /cormun/servlet/vesolicitudnombre?2017,4797,,SolicitudOTLog HTTP/1.1" 200 8396
192.168.10.62 - - [27/Mar/2017:12:33:17 -0300] "GET /cormun/pexe_scrolldiv.js HTTP/1.1" 404 1009
192.168.10.62 - - [27/Mar/2017:12:33:17 -0300] "GET /cormun/pexe_scrolldiv.js HTTP/1.1" 404 1009
192.168.10.62 - - [27/Mar/2017:12:33:18 -0300] "GET /cormun/servlet/vesolicitudnombre?2017,4797,,SolicitudOTLog HTTP/1.1" 200 8397
192.168.10.62 - - [27/Mar/2017:12:33:19 -0300] "POST /cormun/servlet/acontrolpreferencessavestate?None,FGONZALEZG,true HTTP/1.1" 200 35
186.79.10.110 - - [27/Mar/2017:12:33:22 -0300] "POST /cormun/servlet/solicitudot?gx-no-cache=1490628870249 HTTP/1.1" 200 235
186.79.10.110 - - [27/Mar/2017:12:33:22 -0300] "POST /cormun/servlet/solicitudot?gx-no-cache=1490628870383 HTTP/1.1" 200 38
192.168.10.60 - - [27/Mar/2017:12:33:42 -0300] "POST /cormun/servlet/trautorizarot?65f7625d50f0dc3c98052b5f1736bee8,,gx-no-cache=1490628063411 HTTP/1.1" 200 11383
192.168.10.62 - - [27/Mar/2017:12:33:43 -0300] "POST /cormun/servlet/vesolicitudnombre?c7b2643e1279dfda50ac27b67e5f5b66,2017,4797,,SolicitudOTLog,gx-no-cache=1490632102309 HTTP/1.1" 200 90
192.168.10.62 - - [27/Mar/2017:12:33:43 -0300] "GET /cormun/servlet/hpexe_link HTTP/1.1" 200 987
192.168.10.62 - - [27/Mar/2017:12:33:43 -0300] "GET /cormun/servlet/trsolicitudnombre?12571209, HTTP/1.1" 200 7523
192.168.10.62 - - [27/Mar/2017:12:33:44 -0300] "GET /cormun/servlet/trsolicitudnombre?12571209, HTTP/1.1" 200 7525
192.168.10.62 - - [27/Mar/2017:12:33:46 -0300] "GET /cormun/servlet/vesolicitudnombre?2017,4797,, HTTP/1.1" 200 8074
192.168.10.62 - - [27/Mar/2017:12:33:46 -0300] "GET /cormun/pexe_scrolldiv.js HTTP/1.1" 404 1009
192.168.10.62 - - [27/Mar/2017:12:33:46 -0300] "GET /cormun/pexe_scrolldiv.js HTTP/1.1" 404 1009
192.168.10.62 - - [27/Mar/2017:12:33:47 -0300] "GET /cormun/servlet/vesolicitudnombre?2017,4797,, HTTP/1.1" 200 8069
186.79.10.110 - - [27/Mar/2017:12:34:07 -0300] "GET /cormun/servlet/solicitudot?b0559f31a9385b54ec6bac709b33d2ec0dd42d7ac5ab9657cd6aad9f4cefe12d1fee30de54f322e996b60d471e3a8e8faf83c72425a1daceeb063bd62a557c3003b23f86b9097c1dab4da05740ce572f77bbc0e0df8c340fc195db8c68e17e0d720ad6eba9d73e4f8bfbf6e95b4f677e7ba4bccb213f530d3bcd7a7bf5c21c23c2df18577d9059707f08a092e63219a79946c31efcc9ea3d2e00b0e2d8d9d7c5,gx-no-cache=1490628914807 HTTP/1.1" 200 29
186.79.10.110 - - [27/Mar/2017:12:34:07 -0300] "POST /cormun/servlet/solicitudot?gx-no-cache=1490628915064 HTTP/1.1" 200 643
192.168.10.60 - - [27/Mar/2017:12:34:08 -0300] "POST /cormun/servlet/trautorizarot?65f7625d50f0dc3c98052b5f1736bee8,,gx-no-cache=1490628088755 HTTP/1.1" 200 11088
186.79.10.110 - - [27/Mar/2017:12:34:09 -0300] "POST /cormun/servlet/solicitudot?gx-no-cache=1490628916916 HTTP/1.1" 200 1157
192.168.10.62 - - [27/Mar/2017:12:34:17 -0300] "POST /cormun/servlet/vesolicitudnombre?c7b2643e1279dfda50ac27b67e5f5b66,2017,4797,,,gx-no-cache=1490632135955 HTTP/1.1" 200 90
192.168.10.62 - - [27/Mar/2017:12:34:17 -0300] "GET /cormun/servlet/hpexe_link HTTP/1.1" 200 980
192.168.10.62 - - [27/Mar/2017:12:34:17 -0300] "GET /cormun/servlet/trsolicitudnombre?12571209, HTTP/1.1" 200 7523
192.168.10.62 - - [27/Mar/2017:12:34:17 -0300] "GET /cormun/servlet/trsolicitudnombre?12571209, HTTP/1.1" 200 7525
192.168.10.62 - - [27/Mar/2017:12:34:25 -0300] "POST /cormun/servlet/trsolicitudnombre?c7b2643e1279dfda50ac27b67e5f5b66,12571209,,gx-no-cache=1490632144528 HTTP/1.1" 200 90
192.168.10.62 - - [27/Mar/2017:12:34:25 -0300] "GET /cormun/servlet/hpexe_link HTTP/1.1" 200 978
192.168.10.62 - - [27/Mar/2017:12:34:25 -0300] "GET /cormun/servlet/trconsultaempleado? HTTP/1.1" 200 6878
192.168.10.62 - - [27/Mar/2017:12:34:26 -0300] "GET /cormun/servlet/trconsultaempleado? HTTP/1.1" 200 6876
192.168.10.62 - - [27/Mar/2017:12:34:28 -0300] "POST /cormun/servlet/trconsultaempleado?c7b2643e1279dfda50ac27b67e5f5b66,,gx-no-cache=1490632147630 HTTP/1.1" 200 90
192.168.10.62 - - [27/Mar/2017:12:34:28 -0300] "GET /cormun/servlet/hpexe_link HTTP/1.1" 200 967
192.168.10.62 - - [27/Mar/2017:12:34:29 -0300] "GET /cormun/servlet/trsolicitudgral HTTP/1.1" 200 14609
192.168.10.62 - - [27/Mar/2017:12:34:29 -0300] "GET /cormun/servlet/trsolicitudgral HTTP/1.1" 200 14608
192.168.10.60 - - [27/Mar/2017:12:34:32 -0300] "POST /cormun/servlet/trautorizarot?65f7625d50f0dc3c98052b5f1736bee8,,gx-no-cache=1490628113328 HTTP/1.1" 200 10038
186.79.10.110 - - [27/Mar/2017:12:35:02 -0300] "GET /cormun/servlet/solicitudot?b0559f31a9385b54ec6bac709b33d2ecf383c57f7bdd536c903d70b669d6b272ee2146bb8e53f406cd671c22783fcd69edf82a64a1cc4693ef3e8f05a658c74184f836fc417c07555c03b4fde15e5bf7986aec67201590cbc2c19fa58851b185e3a1e44aed0ff0364176432c8e01e69f9aaf649c56f093a4fcb8095c74c5d783691d0d57dedd533f9e05d8c21dde2b06dc0ecfc8b89b9723594d330973f119cffa4a16621aec2231aa7f1038c237cee9,gx-no-cache=1490628970166 HTTP/1.1" 200 30
186.79.10.110 - - [27/Mar/2017:12:36:19 -0300] "POST /cormun/servlet/solicitudot?e1eb5ccd860b7133699e4ff41030da8b,INS,0,0,,gx-no-cache=1490629045946 HTTP/1.1" 200 93
186.79.10.110 - - [27/Mar/2017:12:36:19 -0300] "GET /cormun/servlet/hpexe_return? HTTP/1.1" 200 1010
186.79.10.110 - - [27/Mar/2017:12:36:20 -0300] "GET /cormun/servlet/trsolicitudot HTTP/1.1" 200 8792
186.79.10.110 - - [27/Mar/2017:12:36:21 -0300] "GET /cormun/servlet/trsolicitudot HTTP/1.1" 200 8788
186.79.10.110 - - [27/Mar/2017:12:36:29 -0300] "POST /cormun/servlet/trsolicitudot?e1eb5ccd860b7133699e4ff41030da8b,gx-no-cache=1490629057009 HTTP/1.1" 200 106
186.79.10.110 - - [27/Mar/2017:12:36:30 -0300] "GET /cormun/servlet/trsolicitudadjuntos?2017,5759, HTTP/1.1" 200 5860
192.168.10.62 - - [27/Mar/2017:12:36:30 -0300] "POST /cormun/servlet/trsolicitudgral?c7b2643e1279dfda50ac27b67e5f5b66,gx-no-cache=1490632268990 HTTP/1.1" 200 104
192.168.10.62 - - [27/Mar/2017:12:36:30 -0300] "GET /cormun/SolicitudGral-881.xls HTTP/1.1" 200 12288
186.79.10.110 - - [27/Mar/2017:12:36:30 -0300] "GET /cormun/servlet/trsolicitudadjuntos?2017,5759, HTTP/1.1" 200 5860
186.79.10.110 - - [27/Mar/2017:12:36:36 -0300] "GET /cormun/servlet/solicitudotadjuntos?INS,2017,5759,,1, HTTP/1.1" 200 5799
186.79.10.110 - - [27/Mar/2017:12:36:37 -0300] "GET /cormun/static/about:blank HTTP/1.1" 404 1011
186.79.10.110 - - [27/Mar/2017:12:36:37 -0300] "GET /cormun/servlet/solicitudotadjuntos?INS,2017,5759,,1, HTTP/1.1" 200 5793
186.79.10.110 - - [27/Mar/2017:12:36:37 -0300] "GET /cormun/servlet/solicitudotadjuntos?b0559f31a9385b54ec6bac709b33d2ece0f041b74c1d6b620316e490cd25a0097982cb06841f4d94ed3c061d5616e996,gx-no-cache=1490629065278 HTTP/1.1" 200 30
186.79.10.110 - - [27/Mar/2017:12:36:38 -0300] "POST /cormun/servlet/solicitudotadjuntos?e1eb5ccd860b7133699e4ff41030da8b,INS,2017,5759,,1,,gx-no-cache=1490629065397 HTTP/1.1" 200 3675
186.79.10.110 - - [27/Mar/2017:12:36:42 -0300] "POST /cormun/servlet/solicitudotadjuntos?gx-no-cache=1490629070432 HTTP/1.1" 200 26
186.79.10.110 - - [27/Mar/2017:12:36:51 -0300] "POST /cormun/servlet/solicitudotadjuntos?e1eb5ccd860b7133699e4ff41030da8b,INS,2017,5759,,1,,gx-no-cache=1490629078487 HTTP/1.1" 200 93
186.79.10.110 - - [27/Mar/2017:12:36:51 -0300] "GET /cormun/servlet/hpexe_return? HTTP/1.1" 200 1030
186.79.10.110 - - [27/Mar/2017:12:36:51 -0300] "GET /cormun/servlet/trsolicitudadjuntos?2017,5759, HTTP/1.1" 200 5864
186.79.10.110 - - [27/Mar/2017:12:36:52 -0300] "GET /cormun/servlet/trsolicitudadjuntos?2017,5759, HTTP/1.1" 200 5860
192.168.10.62 - - [27/Mar/2017:12:42:13 -0300] "POST /cormun/servlet/trsolicitudgral?c7b2643e1279dfda50ac27b67e5f5b66,gx-no-cache=1490632611895 HTTP/1.1" 200 21951
192.168.10.62 - - [27/Mar/2017:12:42:19 -0300] "POST /cormun/servlet/trsolicitudgral?c7b2643e1279dfda50ac27b67e5f5b66,gx-no-cache=1490632617687 HTTP/1.1" 200 22230
192.168.10.62 - - [27/Mar/2017:12:45:55 -0300] "POST /cormun/servlet/trsolicitudgral?c7b2643e1279dfda50ac27b67e5f5b66,gx-no-cache=1490632834074 HTTP/1.1" 200 11481
186.103.156.166 - - [27/Mar/2017:12:46:51 -0300] "GET /cormun/servlet/hhome HTTP/1.1" 200 3313
186.103.156.166 - - [27/Mar/2017:12:46:51 -0300] "GET /cormun/servlet/hhome HTTP/1.1" 200 3300
186.103.156.166 - - [27/Mar/2017:12:46:51 -0300] "GET /cormun/servlet/hhome HTTP/1.1" 200 3311
186.103.156.166 - - [27/Mar/2017:12:46:52 -0300] "GET /cormun/servlet/hlogin HTTP/1.1" 200 1731
192.168.10.62 - - [27/Mar/2017:12:47:08 -0300] "POST /cormun/servlet/trsolicitudgral?c7b2643e1279dfda50ac27b67e5f5b66,gx-no-cache=1490632907370 HTTP/1.1" 200 11482
192.168.10.96 - - [27/Mar/2017:12:51:14 -0300] "GET /cormun/servlet/trsolicitudgral? HTTP/1.1" 200 24660
192.168.10.96 - - [27/Mar/2017:12:51:15 -0300] "GET /cormun/servlet/trsolicitudgral? HTTP/1.1" 200 24645
192.168.10.96 - - [27/Mar/2017:12:51:18 -0300] "GET /cormun/servlet/trconsultaempleado? HTTP/1.1" 200 6563
192.168.10.96 - - [27/Mar/2017:12:51:19 -0300] "GET /cormun/servlet/trconsultaempleado? HTTP/1.1" 200 6563
192.168.10.96 - - [27/Mar/2017:12:51:27 -0300] "POST /cormun/servlet/trconsultaempleado?e8856a1a30c2612d8f096858a3b1600e,,gx-no-cache=1490633166174 HTTP/1.1" 200 4323
192.168.10.96 - - [27/Mar/2017:12:51:29 -0300] "GET /cormun/servlet/trsolicitudnombre?15804580, HTTP/1.1" 200 8942
192.168.10.96 - - [27/Mar/2017:12:51:29 -0300] "GET /cormun/servlet/trsolicitudnombre?15804580, HTTP/1.1" 200 8945
192.168.10.96 - - [27/Mar/2017:12:51:31 -0300] "GET /cormun/servlet/vesolicitudnombre?2016,625,, HTTP/1.1" 200 8312
192.168.10.96 - - [27/Mar/2017:12:51:31 -0300] "GET /cormun/pexe_scrolldiv.js HTTP/1.1" 404 1009
192.168.10.96 - - [27/Mar/2017:12:51:31 -0300] "GET /cormun/pexe_scrolldiv.js HTTP/1.1" 404 1009
192.168.10.96 - - [27/Mar/2017:12:51:32 -0300] "GET /cormun/servlet/vesolicitudnombre?2016,625,, HTTP/1.1" 200 8306
192.168.10.96 - - [27/Mar/2017:12:51:34 -0300] "GET /cormun/servlet/vesolicitudnombre?2016,625,,SolicitudOTAdjuntos HTTP/1.1" 200 10373
192.168.10.96 - - [27/Mar/2017:12:51:34 -0300] "GET /cormun/pexe_scrolldiv.js HTTP/1.1" 404 1009
192.168.10.96 - - [27/Mar/2017:12:51:34 -0300] "GET /cormun/pexe_scrolldiv.js HTTP/1.1" 404 1009
192.168.10.96 - - [27/Mar/2017:12:51:34 -0300] "GET /cormun/servlet/vesolicitudnombre?2016,625,,SolicitudOTAdjuntos HTTP/1.1" 200 10373
192.168.10.96 - - [27/Mar/2017:12:51:35 -0300] "POST /cormun/servlet/acontrolpreferencessavestate?None,DZAMUDIO,true HTTP/1.1" 200 35
192.168.10.96 - - [27/Mar/2017:12:51:37 -0300] "GET /cormun/PublicTempStorage/sebastian_villegas_tejeda._titulo7902718.jpg HTTP/1.1" 200 84924
186.79.10.110 - - [27/Mar/2017:12:51:50 -0300] "GET /cormun/servlet/hlogin HTTP/1.1" 200 1722
186.79.10.110 - - [27/Mar/2017:12:51:52 -0300] "POST /cormun/servlet/hlogin?ba16148a0002f5404c7d4a6a8f5be91c,gx-no-cache=1490629979818 HTTP/1.1" 200 90
186.79.10.110 - - [27/Mar/2017:12:51:52 -0300] "GET /cormun/servlet/hpexe_link HTTP/1.1" 200 953
186.79.10.110 - - [27/Mar/2017:12:51:52 -0300] "GET /cormun/servlet/hhome HTTP/1.1" 200 3955
186.79.10.110 - - [27/Mar/2017:12:51:53 -0300] "GET /cormun/servlet/hhome HTTP/1.1" 200 3952
186.79.10.110 - - [27/Mar/2017:12:52:00 -0300] "GET /cormun/servlet/trautorizarsolicitud? HTTP/1.1" 200 8978
186.79.10.110 - - [27/Mar/2017:12:52:00 -0300] "GET /cormun/servlet/trautorizarsolicitud? HTTP/1.1" 200 8978
186.79.10.110 - - [27/Mar/2017:12:52:08 -0300] "POST /cormun/servlet/trautorizarsolicitud?ba16148a0002f5404c7d4a6a8f5be91c,,gx-no-cache=1490629994971 HTTP/1.1" 200 5861
186.79.10.110 - - [27/Mar/2017:12:52:08 -0300] "GET /cormun/static/Shared/jqueryui/images/ui-bg_highlight-soft_100_c6c2c8_1x100.png HTTP/1.1" 404 1117
186.79.10.110 - - [27/Mar/2017:12:52:08 -0300] "GET /cormun/static/Shared/jqueryui/images/ui-icons_82798d_256x240.png HTTP/1.1" 404 1089
186.79.10.110 - - [27/Mar/2017:12:52:08 -0300] "GET /cormun/static/Shared/jqueryui/images/ui-bg_flat_55_fafafa_40x100.png HTTP/1.1" 404 1097
186.79.10.110 - - [27/Mar/2017:12:52:08 -0300] "GET /cormun/static/Shared/jqueryui/images/ui-icons_8d78a5_256x240.png HTTP/1.1" 404 1089
