186.103.159.187 - - [27/Mar/2017:10:34:50 -0300] "GET /cormun/servlet/trsolicitudadjuntos?2017,5751, HTTP/1.1" 200 8152
186.103.159.187 - - [27/Mar/2017:10:34:51 -0300] "GET /cormun/servlet/solicitudotadjuntos?INS,2017,5751,,1, HTTP/1.1" 200 5777
186.103.159.187 - - [27/Mar/2017:10:34:52 -0300] "GET /cormun/static/about:blank HTTP/1.1" 404 1011
186.103.159.187 - - [27/Mar/2017:10:34:52 -0300] "GET /cormun/servlet/solicitudotadjuntos?INS,2017,5751,,1, HTTP/1.1" 200 5771
186.103.159.187 - - [27/Mar/2017:10:34:53 -0300] "GET /cormun/servlet/solicitudotadjuntos?ec9f02f6cef2d07bfb17a26e0a094fb28f5a5cb150390a4e555bc62ece17528eb7e4aff751a3e92b43696c36d95f2f4e,gx-no-cache=1490621760764 HTTP/1.1" 200 30
186.103.159.187 - - [27/Mar/2017:10:34:53 -0300] "POST /cormun/servlet/solicitudotadjuntos?63750316650370347c603952447b7fd6,INS,2017,5751,,1,,gx-no-cache=1490621760824 HTTP/1.1" 200 3648
186.103.159.187 - - [27/Mar/2017:10:34:59 -0300] "POST /cormun/servlet/solicitudotadjuntos?gx-no-cache=1490621766533 HTTP/1.1" 200 26
186.103.159.187 - - [27/Mar/2017:10:35:08 -0300] "GET /cormun/servlet/solicitudotadjuntos?ec9f02f6cef2d07bfb17a26e0a094fb2a31142b977562186f22006d7f4aa5a07,gx-no-cache=1490621775269 HTTP/1.1" 200 30
186.103.159.187 - - [27/Mar/2017:10:35:08 -0300] "GET /cormun/servlet/solicitudotadjuntos?ec9f02f6cef2d07bfb17a26e0a094fb2a31142b977562186f22006d7f4aa5a07,gx-no-cache=1490621775621 HTTP/1.1" 200 30
186.103.159.187 - - [27/Mar/2017:10:35:09 -0300] "POST /cormun/servlet/solicitudotadjuntos?63750316650370347c603952447b7fd6,INS,2017,5751,,1, HTTP/1.1" 200 116
186.103.159.187 - - [27/Mar/2017:10:35:09 -0300] "GET /cormun/servlet/hpexe_return? HTTP/1.1" 200 1027
186.103.159.187 - - [27/Mar/2017:10:35:09 -0300] "GET /cormun/servlet/trsolicitudadjuntos?2017,5751, HTTP/1.1" 200 8320
186.103.159.187 - - [27/Mar/2017:10:35:11 -0300] "GET /cormun/servlet/trsolicitudadjuntos?2017,5751, HTTP/1.1" 200 8317
186.103.159.187 - - [27/Mar/2017:10:35:13 -0300] "GET /cormun/servlet/solicitudotadjuntos?INS,2017,5751,,1, HTTP/1.1" 200 5777
186.103.159.187 - - [27/Mar/2017:10:35:13 -0300] "GET /cormun/static/about:blank HTTP/1.1" 404 1011
186.103.159.187 - - [27/Mar/2017:10:35:14 -0300] "GET /cormun/servlet/solicitudotadjuntos?INS,2017,5751,,1, HTTP/1.1" 200 5771
186.103.159.187 - - [27/Mar/2017:10:35:14 -0300] "GET /cormun/servlet/solicitudotadjuntos?ec9f02f6cef2d07bfb17a26e0a094fb28f5a5cb150390a4e555bc62ece17528eb7e4aff751a3e92b43696c36d95f2f4e,gx-no-cache=1490621782324 HTTP/1.1" 200 30
186.103.159.187 - - [27/Mar/2017:10:35:14 -0300] "POST /cormun/servlet/solicitudotadjuntos?63750316650370347c603952447b7fd6,INS,2017,5751,,1,,gx-no-cache=1490621782388 HTTP/1.1" 200 3648
186.103.159.187 - - [27/Mar/2017:10:35:19 -0300] "POST /cormun/servlet/solicitudotadjuntos?gx-no-cache=1490621786873 HTTP/1.1" 200 26
186.103.159.187 - - [27/Mar/2017:10:35:36 -0300] "GET /cormun/servlet/solicitudotadjuntos?ec9f02f6cef2d07bfb17a26e0a094fb2a31142b977562186f22006d7f4aa5a07,gx-no-cache=1490621803485 HTTP/1.1" 200 30
186.103.159.187 - - [27/Mar/2017:10:35:36 -0300] "GET /cormun/servlet/solicitudotadjuntos?ec9f02f6cef2d07bfb17a26e0a094fb2a31142b977562186f22006d7f4aa5a07,gx-no-cache=1490621803530 HTTP/1.1" 200 30
186.103.159.187 - - [27/Mar/2017:10:35:36 -0300] "POST /cormun/servlet/solicitudotadjuntos?63750316650370347c603952447b7fd6,INS,2017,5751,,1, HTTP/1.1" 200 116
186.103.159.187 - - [27/Mar/2017:10:35:36 -0300] "GET /cormun/servlet/hpexe_return? HTTP/1.1" 200 1027
186.103.159.187 - - [27/Mar/2017:10:35:37 -0300] "GET /cormun/servlet/trsolicitudadjuntos?2017,5751, HTTP/1.1" 200 8466
186.103.159.187 - - [27/Mar/2017:10:35:38 -0300] "GET /cormun/servlet/trsolicitudadjuntos?2017,5751, HTTP/1.1" 200 8469
186.103.159.187 - - [27/Mar/2017:10:35:40 -0300] "GET /cormun/servlet/solicitudotadjuntos?INS,2017,5751,,1, HTTP/1.1" 200 5779
186.103.159.187 - - [27/Mar/2017:10:35:41 -0300] "GET /cormun/static/about:blank HTTP/1.1" 404 1011
186.103.159.187 - - [27/Mar/2017:10:35:41 -0300] "GET /cormun/servlet/solicitudotadjuntos?INS,2017,5751,,1, HTTP/1.1" 200 5773
186.103.159.187 - - [27/Mar/2017:10:35:42 -0300] "GET /cormun/servlet/solicitudotadjuntos?ec9f02f6cef2d07bfb17a26e0a094fb28f5a5cb150390a4e555bc62ece17528eb7e4aff751a3e92b43696c36d95f2f4e,gx-no-cache=1490621809559 HTTP/1.1" 200 30
186.103.159.187 - - [27/Mar/2017:10:35:42 -0300] "POST /cormun/servlet/solicitudotadjuntos?63750316650370347c603952447b7fd6,INS,2017,5751,,1,,gx-no-cache=1490621809601 HTTP/1.1" 200 3647
186.103.159.187 - - [27/Mar/2017:10:35:45 -0300] "POST /cormun/servlet/solicitudotadjuntos?gx-no-cache=1490621813382 HTTP/1.1" 200 26
186.103.159.187 - - [27/Mar/2017:10:35:57 -0300] "GET /cormun/servlet/solicitudotadjuntos?ec9f02f6cef2d07bfb17a26e0a094fb2a31142b977562186f22006d7f4aa5a07,gx-no-cache=1490621825333 HTTP/1.1" 200 30
186.103.159.187 - - [27/Mar/2017:10:35:57 -0300] "GET /cormun/servlet/solicitudotadjuntos?ec9f02f6cef2d07bfb17a26e0a094fb2a31142b977562186f22006d7f4aa5a07,gx-no-cache=1490621825390 HTTP/1.1" 200 30
186.103.159.187 - - [27/Mar/2017:10:35:58 -0300] "POST /cormun/servlet/solicitudotadjuntos?63750316650370347c603952447b7fd6,INS,2017,5751,,1, HTTP/1.1" 200 116
186.103.159.187 - - [27/Mar/2017:10:35:58 -0300] "GET /cormun/servlet/hpexe_return? HTTP/1.1" 200 1027
186.103.159.187 - - [27/Mar/2017:10:35:59 -0300] "GET /cormun/servlet/trsolicitudadjuntos?2017,5751, HTTP/1.1" 200 8632
186.103.159.187 - - [27/Mar/2017:10:36:01 -0300] "GET /cormun/servlet/trsolicitudadjuntos?2017,5751, HTTP/1.1" 200 8627
186.103.159.187 - - [27/Mar/2017:10:36:02 -0300] "GET /cormun/servlet/solicitudotadjuntos?INS,2017,5751,,1, HTTP/1.1" 200 5779
186.103.159.187 - - [27/Mar/2017:10:36:03 -0300] "GET /cormun/static/about:blank HTTP/1.1" 404 1011
186.103.159.187 - - [27/Mar/2017:10:36:03 -0300] "GET /cormun/servlet/solicitudotadjuntos?INS,2017,5751,,1, HTTP/1.1" 200 5773
186.103.159.187 - - [27/Mar/2017:10:36:04 -0300] "GET /cormun/servlet/solicitudotadjuntos?ec9f02f6cef2d07bfb17a26e0a094fb28f5a5cb150390a4e555bc62ece17528eb7e4aff751a3e92b43696c36d95f2f4e,gx-no-cache=1490621831719 HTTP/1.1" 200 30
186.103.159.187 - - [27/Mar/2017:10:36:04 -0300] "POST /cormun/servlet/solicitudotadjuntos?63750316650370347c603952447b7fd6,INS,2017,5751,,1,,gx-no-cache=1490621831769 HTTP/1.1" 200 3647
186.103.159.187 - - [27/Mar/2017:10:36:07 -0300] "POST /cormun/servlet/solicitudotadjuntos?gx-no-cache=1490621835362 HTTP/1.1" 200 26
186.103.159.187 - - [27/Mar/2017:10:36:15 -0300] "GET /cormun/servlet/solicitudotadjuntos?ec9f02f6cef2d07bfb17a26e0a094fb2a31142b977562186f22006d7f4aa5a07,gx-no-cache=1490621843150 HTTP/1.1" 200 30
186.103.159.187 - - [27/Mar/2017:10:36:15 -0300] "GET /cormun/servlet/solicitudotadjuntos?ec9f02f6cef2d07bfb17a26e0a094fb2a31142b977562186f22006d7f4aa5a07,gx-no-cache=1490621843221 HTTP/1.1" 200 30
186.103.159.187 - - [27/Mar/2017:10:36:16 -0300] "POST /cormun/servlet/solicitudotadjuntos?63750316650370347c603952447b7fd6,INS,2017,5751,,1, HTTP/1.1" 200 116
186.103.159.187 - - [27/Mar/2017:10:36:17 -0300] "GET /cormun/servlet/hpexe_return? HTTP/1.1" 200 1027
186.103.159.187 - - [27/Mar/2017:10:36:17 -0300] "GET /cormun/servlet/trsolicitudadjuntos?2017,5751, HTTP/1.1" 200 8875
186.103.159.187 - - [27/Mar/2017:10:36:19 -0300] "GET /cormun/servlet/trsolicitudadjuntos?2017,5751, HTTP/1.1" 200 8871
186.103.159.187 - - [27/Mar/2017:10:36:23 -0300] "GET /cormun/servlet/solicitudotadjuntos?INS,2017,5751,,1, HTTP/1.1" 200 5777
186.103.159.187 - - [27/Mar/2017:10:36:23 -0300] "GET /cormun/static/about:blank HTTP/1.1" 404 1011
186.103.159.187 - - [27/Mar/2017:10:36:24 -0300] "GET /cormun/servlet/solicitudotadjuntos?INS,2017,5751,,1, HTTP/1.1" 200 5771
186.103.159.187 - - [27/Mar/2017:10:36:24 -0300] "GET /cormun/servlet/solicitudotadjuntos?ec9f02f6cef2d07bfb17a26e0a094fb28f5a5cb150390a4e555bc62ece17528eb7e4aff751a3e92b43696c36d95f2f4e,gx-no-cache=1490621852409 HTTP/1.1" 200 30
186.103.159.187 - - [27/Mar/2017:10:36:25 -0300] "POST /cormun/servlet/solicitudotadjuntos?63750316650370347c603952447b7fd6,INS,2017,5751,,1,,gx-no-cache=1490621852461 HTTP/1.1" 200 3646
186.103.159.187 - - [27/Mar/2017:10:36:28 -0300] "POST /cormun/servlet/solicitudotadjuntos?gx-no-cache=1490621856065 HTTP/1.1" 200 26
186.79.151.210 - - [27/Mar/2017:10:36:29 -0300] "POST /cormun/servlet/solicitudot?gx-no-cache=1490621851772 HTTP/1.1" 200 240
186.79.151.210 - - [27/Mar/2017:10:36:36 -0300] "GET /cormun/servlet/solicitudot?3157afc4a529bf0970972fcb3fc51cdaaa0f6837b454452b3a6364f393924ea9f4a2a381b16cb26dbdbe1d1ea29737b20a7a113fb8ba2975f3b7902b959dd7569baac7460350643e03a6aed8b5b7f4d473352c824c5c40049ccb08ca28bbc966b87379d5ba145011d2906a31a999713e6a6356697c834842aba77b4ae0e9e4d9386a555d7d245adaaef7e3ac50a557de82bbe72508d14787ea0ebbec55b8d8d3b2eb5c713c1010b676f46310861f2070c24cccdaa1825565ef9c5581a2b75675035058373047f29f2bd153de430006f1df4f6fdf37f38a04f9e33ebf3073135ae4956fc8ae471c43ff77067fed4ce9058d4281040f10cb3650917343beab4b763e844e14c8c87f259ecfb1702715cbd06c1fe244c59fefa6125698dc276f72de5407fd2c04c86f400b4d9150f65d130a1f7bfbefa2f9a80e04c3cb16a30e05563355df1e0fb30ab8af41dae8c7017677502c0e367aad0eb19ae6e2f9bf76d49f276bd832b194a161ad16818d7de65dd09fd29dda728cbde0535ed5eaf047e28d,gx-no-cache=1490621864295 HTTP/1.1" 200 30
186.79.151.210 - - [27/Mar/2017:10:36:45 -0300] "POST /cormun/servlet/solicitudot?gx-no-cache=1490621872717 HTTP/1.1" 200 30
186.103.159.187 - - [27/Mar/2017:10:36:51 -0300] "GET /cormun/servlet/solicitudotadjuntos?ec9f02f6cef2d07bfb17a26e0a094fb2a31142b977562186f22006d7f4aa5a07,gx-no-cache=1490621879167 HTTP/1.1" 200 30
186.103.159.187 - - [27/Mar/2017:10:36:51 -0300] "GET /cormun/servlet/solicitudotadjuntos?ec9f02f6cef2d07bfb17a26e0a094fb2a31142b977562186f22006d7f4aa5a07,gx-no-cache=1490621879288 HTTP/1.1" 200 30
186.103.159.187 - - [27/Mar/2017:10:36:52 -0300] "POST /cormun/servlet/solicitudotadjuntos?63750316650370347c603952447b7fd6,INS,2017,5751,,1, HTTP/1.1" 200 5878
186.103.159.187 - - [27/Mar/2017:10:36:52 -0300] "GET /cormun/static/Shared/jqueryui/images/ui-bg_highlight-soft_100_c6c2c8_1x100.png HTTP/1.1" 404 1117
186.103.159.187 - - [27/Mar/2017:10:36:52 -0300] "GET /cormun/static/Shared/jqueryui/images/ui-icons_ebccce_256x240.png HTTP/1.1" 404 1089
186.103.159.187 - - [27/Mar/2017:10:36:52 -0300] "GET /cormun/static/Shared/jqueryui/images/ui-icons_82798d_256x240.png HTTP/1.1" 404 1089
186.103.159.187 - - [27/Mar/2017:10:36:52 -0300] "GET /cormun/static/Shared/jqueryui/images/ui-bg_flat_55_994d53_40x100.png HTTP/1.1" 404 1097
186.103.159.187 - - [27/Mar/2017:10:36:52 -0300] "GET /cormun/PrivateTempStorage/upload_00003740.jpeg HTTP/1.1" 200 277656
186.103.159.230 - - [27/Mar/2017:10:37:02 -0300] "GET /cormun/servlet/solicitudot?14e2530ad2a2916861e9f82b30fe41b2556ea5ce2814941472d9b9f4240d8c4b302f9ee3e8c16f581d9d366fa40ad5fbca4ed7968c234b8ca05c2f8d3d2b3baa1f3dbc0cbb508b9ef7ba37f762a452e5f252e23d6395905de4a681ba39059b260caa99e0fdcba3cd863e0fc6ba9891d7b3a1e9593a616af1b7568c748bed9e592c90157865461fb63e84685abe37ce2888c86bdd3cd3f5511ddc90ddd63db3b6d65a2e8e6e4a34cbe7a31668f8b9ef2666ccae572fadf2760d1280427a455676c3eb6480fc64c9ea2e1d422bf27341ef67470301850db746fdca97dc427311e4d3f5a829c5132aa3fce1a871f6a0ab67483fee8c2af539e0241ceb01ef2464498e3938ea107cbe9cbbbb3e2edbf0a81d83d47f89f3dbbbc19fc7c0146b06041b97c984bb0be4809a874ad29018887e4ee4a405606986bdcb4a044177a56195ca56b5e604fc24dcacb95ae1018df87341524a03b30eb56f64c20c95e4a9186036fac9ed9beceaa41261e6ca0d2935846518844a5bf841d3b0072ce5f54680e153ffcfa7bcd1498da2aff8bd7f3a1bc7fe,gx-no-cache=1490621888872 HTTP/1.1" 440 972
186.103.159.187 - - [27/Mar/2017:10:37:08 -0300] "GET /cormun/servlet/trsolicitudadjuntos?2017,5751, HTTP/1.1" 200 8875
186.103.159.187 - - [27/Mar/2017:10:37:09 -0300] "GET /cormun/servlet/trsolicitudadjuntos?2017,5751, HTTP/1.1" 200 8873
186.103.159.230 - - [27/Mar/2017:10:37:14 -0300] "POST /cormun/servlet/solicitudot?gx-no-cache=1490621901797 HTTP/1.1" 440 972
186.103.159.187 - - [27/Mar/2017:10:37:16 -0300] "POST /cormun/servlet/trsolicitudadjuntos?63750316650370347c603952447b7fd6,2017,5751,,gx-no-cache=1490621903986 HTTP/1.1" 200 90
186.103.159.187 - - [27/Mar/2017:10:37:16 -0300] "GET /cormun/servlet/hpexe_link HTTP/1.1" 200 992
186.103.159.187 - - [27/Mar/2017:10:37:17 -0300] "GET /cormun/servlet/trsolicitudot?gx-no-cache=1490621017495 HTTP/1.1" 200 7967
186.103.159.187 - - [27/Mar/2017:10:37:17 -0300] "GET /cormun/servlet/trsolicitudot?gx-no-cache=1490621017495 HTTP/1.1" 200 7988
186.79.151.210 - - [27/Mar/2017:10:37:23 -0300] "POST /cormun/servlet/solicitudot?gx-no-cache=1490621908015 HTTP/1.1" 200 1291
186.103.159.230 - - [27/Mar/2017:10:37:23 -0300] "POST /cormun/servlet/solicitudot?gx-no-cache=1490621910987 HTTP/1.1" 440 972
186.103.159.230 - - [27/Mar/2017:10:37:26 -0300] "POST /cormun/servlet/solicitudot?gx-no-cache=1490621913968 HTTP/1.1" 440 972
186.103.159.230 - - [27/Mar/2017:10:37:27 -0300] "GET /cormun/servlet/solicitudot?INS,0,0, HTTP/1.1" 200 11944
186.103.159.230 - - [27/Mar/2017:10:37:28 -0300] "GET /cormun/servlet/hlogin HTTP/1.1" 200 1740
186.103.159.230 - - [27/Mar/2017:10:37:28 -0300] "GET /cormun/servlet/solicitudot?INS,0,0, HTTP/1.1" 200 11944
186.103.159.187 - - [27/Mar/2017:10:37:32 -0300] "POST /cormun/servlet/trsolicitudot?63750316650370347c603952447b7fd6,gx-no-cache=1490621017495,gx-no-cache=1490621919455 HTTP/1.1" 200 4158
186.103.159.187 - - [27/Mar/2017:10:37:32 -0300] "GET /cormun/static/Shared/jqueryui/images/ui-bg_highlight-soft_100_c6c2c8_1x100.png HTTP/1.1" 404 1117
186.103.159.187 - - [27/Mar/2017:10:37:32 -0300] "GET /cormun/static/Shared/jqueryui/images/ui-icons_82798d_256x240.png HTTP/1.1" 404 1089
186.103.159.187 - - [27/Mar/2017:10:37:32 -0300] "GET /cormun/static/Shared/jqueryui/images/ui-bg_flat_55_fafafa_40x100.png HTTP/1.1" 404 1097
186.103.159.187 - - [27/Mar/2017:10:37:32 -0300] "GET /cormun/static/Shared/jqueryui/images/ui-icons_8d78a5_256x240.png HTTP/1.1" 404 1089
186.103.159.187 - - [27/Mar/2017:10:37:32 -0300] "POST /cormun/servlet/trsolicitudot?63750316650370347c603952447b7fd6,gx-no-cache=1490621017495,gx-no-cache=1490621919769 HTTP/1.1" 200 3962
186.79.151.210 - - [27/Mar/2017:10:37:41 -0300] "GET /cormun/static/menuarrow.gif HTTP/1.1" 404 1015
186.103.159.187 - - [27/Mar/2017:10:37:43 -0300] "POST /cormun/servlet/trsolicitudot?63750316650370347c603952447b7fd6,gx-no-cache=1490621017495,gx-no-cache=1490621931199 HTTP/1.1" 200 90
186.103.159.187 - - [27/Mar/2017:10:37:43 -0300] "GET /cormun/servlet/hpexe_link HTTP/1.1" 200 981
186.103.159.187 - - [27/Mar/2017:10:37:44 -0300] "GET /cormun/servlet/hhome HTTP/1.1" 200 3740
186.103.159.230 - - [27/Mar/2017:10:37:44 -0300] "POST /cormun/servlet/hlogin?d82618ad1be460c11e65dad044bfdc1c,gx-no-cache=1490621931648 HTTP/1.1" 200 90
186.103.159.230 - - [27/Mar/2017:10:37:44 -0300] "GET /cormun/servlet/hpexe_link HTTP/1.1" 200 958
186.103.159.230 - - [27/Mar/2017:10:37:44 -0300] "GET /cormun/servlet/solicitudot?INS,0,0, HTTP/1.1" 200 12603
186.103.159.187 - - [27/Mar/2017:10:37:44 -0300] "GET /cormun/servlet/hhome HTTP/1.1" 200 3736
186.103.159.230 - - [27/Mar/2017:10:37:45 -0300] "GET /cormun/servlet/solicitudot?INS,0,0, HTTP/1.1" 200 12608
186.103.159.187 - - [27/Mar/2017:10:37:46 -0300] "GET /cormun/servlet/hlogin HTTP/1.1" 200 1741
186.103.159.187 - - [27/Mar/2017:10:37:56 -0300] "POST /cormun/servlet/hlogin?63750316650370347c603952447b7fd6,gx-no-cache=1490621944312 HTTP/1.1" 200 446
186.79.151.210 - - [27/Mar/2017:10:38:01 -0300] "POST /cormun/servlet/solicitudot?gx-no-cache=1490621949340 HTTP/1.1" 200 118
186.103.159.230 - - [27/Mar/2017:10:38:03 -0300] "POST /cormun/servlet/solicitudot?gx-no-cache=1490621950837 HTTP/1.1" 200 3081
186.103.159.230 - - [27/Mar/2017:10:38:03 -0300] "POST /cormun/servlet/solicitudot?d82618ad1be460c11e65dad044bfdc1c,INS,0,0,,gx-no-cache=1490621950967 HTTP/1.1" 200 9600
186.103.159.187 - - [27/Mar/2017:10:38:04 -0300] "POST /cormun/servlet/hlogin?63750316650370347c603952447b7fd6,gx-no-cache=1490621951448 HTTP/1.1" 200 90
186.103.159.187 - - [27/Mar/2017:10:38:04 -0300] "GET /cormun/servlet/hpexe_link HTTP/1.1" 200 956
186.103.159.187 - - [27/Mar/2017:10:38:04 -0300] "GET /cormun/servlet/hhome HTTP/1.1" 200 3954
186.103.159.187 - - [27/Mar/2017:10:38:04 -0300] "GET /cormun/servlet/hhome HTTP/1.1" 200 3950
186.103.159.187 - - [27/Mar/2017:10:38:04 -0300] "GET /cormun/static/SmoothNavMenu/resources/images/right.gif HTTP/1.1" 200 860
186.103.159.230 - - [27/Mar/2017:10:38:07 -0300] "GET /cormun/servlet/solicitudot?c1e4c842045e473c98e92366e3a4b30b719e94b73d5cf52a4f6c45be2386c9f7c0a12e4a036689989b8f97fd996f30be,gx-no-cache=1490621955073 HTTP/1.1" 200 30
186.103.159.187 - - [27/Mar/2017:10:38:08 -0300] "GET /cormun/servlet/trautorizarsolicitud? HTTP/1.1" 200 8100
186.103.159.187 - - [27/Mar/2017:10:38:08 -0300] "GET /cormun/static/gxcfg.js?2017259112829 HTTP/1.1" 200 953
186.103.159.187 - - [27/Mar/2017:10:38:08 -0300] "GET /cormun/static/trautorizarsolicitud.js?2017259113483 HTTP/1.1" 200 53096
186.103.159.187 - - [27/Mar/2017:10:38:09 -0300] "GET /cormun/servlet/trautorizarsolicitud? HTTP/1.1" 200 8098
186.103.159.187 - - [27/Mar/2017:10:38:16 -0300] "POST /cormun/servlet/trautorizarsolicitud?63750316650370347c603952447b7fd6,,gx-no-cache=1490621963427 HTTP/1.1" 200 4304
186.103.159.187 - - [27/Mar/2017:10:38:16 -0300] "GET /cormun/static/Shared/jqueryui/images/ui-bg_highlight-soft_100_c6c2c8_1x100.png HTTP/1.1" 404 1117
186.103.159.187 - - [27/Mar/2017:10:38:16 -0300] "GET /cormun/static/Shared/jqueryui/images/ui-icons_82798d_256x240.png HTTP/1.1" 404 1089
186.103.159.187 - - [27/Mar/2017:10:38:16 -0300] "GET /cormun/static/Shared/jqueryui/images/ui-bg_flat_55_fafafa_40x100.png HTTP/1.1" 404 1097
186.103.159.187 - - [27/Mar/2017:10:38:16 -0300] "GET /cormun/static/Shared/jqueryui/images/ui-icons_8d78a5_256x240.png HTTP/1.1" 404 1089
186.103.159.187 - - [27/Mar/2017:10:38:16 -0300] "POST /cormun/servlet/trautorizarsolicitud?63750316650370347c603952447b7fd6,,gx-no-cache=1490621963678 HTTP/1.1" 200 4095
186.79.151.210 - - [27/Mar/2017:10:38:19 -0300] "GET /cormun/static/Shared/jqueryui/images/ui-bg_highlight-soft_100_c6c2c8_1x100.png HTTP/1.1" 404 1117
186.79.151.210 - - [27/Mar/2017:10:38:20 -0300] "GET /cormun/static/Shared/jqueryui/images/ui-icons_82798d_256x240.png HTTP/1.1" 404 1089
186.79.151.210 - - [27/Mar/2017:10:38:22 -0300] "GET /cormun/static/Shared/jqueryui/images/ui-bg_flat_55_994d53_40x100.png HTTP/1.1" 404 1097
186.79.151.210 - - [27/Mar/2017:10:38:22 -0300] "GET /cormun/static/Shared/jqueryui/images/ui-icons_ebccce_256x240.png HTTP/1.1" 404 1089
186.79.151.210 - - [27/Mar/2017:10:38:22 -0300] "GET /cormun/servlet/trlicencias? HTTP/1.1" 200 6686
186.103.159.187 - - [27/Mar/2017:10:38:24 -0300] "GET /cormun/servlet/hhome HTTP/1.1" 200 3954
186.79.151.210 - - [27/Mar/2017:10:38:24 -0300] "GET /cormun/static/gxcfg.js?2016122619301429 HTTP/1.1" 304 -
186.79.151.210 - - [27/Mar/2017:10:38:24 -0300] "GET /cormun/static/trlicencias.js?2016122619301919 HTTP/1.1" 304 -
186.103.159.187 - - [27/Mar/2017:10:38:25 -0300] "GET /cormun/servlet/hhome HTTP/1.1" 200 3950
186.79.151.210 - - [27/Mar/2017:10:38:27 -0300] "GET /cormun/servlet/trlicencias? HTTP/1.1" 200 6680
186.79.151.210 - - [27/Mar/2017:10:38:29 -0300] "GET /cormun/servlet/licenciaspermisos?INS,0,,, HTTP/1.1" 200 7205
186.79.151.210 - - [27/Mar/2017:10:38:33 -0300] "GET /cormun/static/gxcfg.js?201731711384427 HTTP/1.1" 304 -
186.79.151.210 - - [27/Mar/2017:10:38:33 -0300] "GET /cormun/static/licenciaspermisos.js?201731711384498 HTTP/1.1" 304 -
186.79.151.210 - - [27/Mar/2017:10:38:36 -0300] "GET /cormun/servlet/licenciaspermisos?INS,0,,, HTTP/1.1" 200 7204
186.79.151.210 - - [27/Mar/2017:10:38:41 -0300] "GET /cormun/servlet/licenciaspermisos?5ceccd605ebd7f6b176223e6573e033c847a57a09012395f278d2ce765eba3ce70ea63cb78ad5d53485d535048358d9f,gx-no-cache=1490621988739 HTTP/1.1" 200 62
186.79.151.210 - - [27/Mar/2017:10:38:41 -0300] "POST /cormun/servlet/licenciaspermisos?827c49fa297f5255c9a04d131b06bc14,INS,0,,,,gx-no-cache=1490621988851 HTTP/1.1" 200 4433
186.79.151.210 - - [27/Mar/2017:10:40:08 -0300] "GET /cormun/static/menuarrow.gif HTTP/1.1" 404 1015
186.103.159.230 - - [27/Mar/2017:10:41:48 -0300] "POST /cormun/servlet/solicitudot?gx-no-cache=1490622176131 HTTP/1.1" 200 297
186.103.159.230 - - [27/Mar/2017:10:41:48 -0300] "GET /cormun/servlet/solicitudot?c1e4c842045e473c98e92366e3a4b30bf9fe213617f7eed72e25a5ca47bb36986a38c814c09e3b63445bdfeb424510859ae2eaea9c67102e26003bc1aaf10f9fefc1b0f68936fea0caddbdf4565344a69632b5828bf29289ce61cfd11afc384be91b49b7ec55ede067d2787683bd1d25f583dbb29b13f390dd90de34862a491ae66dbc9c69f3793ae621537615c4e7b398682f0c820539a7fbd92ecbb963b8ac55048534ae0880b4303558f1750dc2abfe5dc083dfe8911e1b83b49ab769bb6dbdd83b539062d729716a24ea6656fc68ab001315d5152115e6d28e19563e7292d736cda13db6f249d1071971729cddedc0b7aea4673b42297fb8c3fb2b3c38734fa1d9f2c28dc446eab25ae523cac40c85ce34ffbf34ebc1d8b247c422028348a2a87b6cdb86feb3f95b3819a097f9a45cd95bc4c60398e93acbe302237c064c993cbf025d705d1360e660002fc6710c3ce3db2f68013dfcba3b77fee8174a5e5eb2ee862c06b32609a205af1b7318d2f14b3e41d5e0e25e49b8ac0a8ce0f96e53b4538e3588219d9334b17ad1585da8,gx-no-cache=1490622176260 HTTP/1.1" 200 30
186.79.151.210 - - [27/Mar/2017:10:41:50 -0300] "GET /cormun/servlet/licenciaspermisos?5ceccd605ebd7f6b176223e6573e033cfcd3d483fab01348e2e5306d600a610b00118e106d384256e1a76b29a2f9392c3e844e14c8c87f259ecfb1702715cbd0fbf54943c9d3cc4a0677401721cf25cdc6828e1f71c8a90a3991d1543c150a15664b851662f578f5da83e65cac807bae77180c5b951b3cb65dd10586cc4f38d82ee99afaa67174e613bfdea987e0b8cf812fa6eddba32266b84e1c3005d9ccc711de1af9e8ea2b2e134c01e872c50907,gx-no-cache=1490622176926 HTTP/1.1" 200 30
186.103.159.230 - - [27/Mar/2017:10:41:53 -0300] "POST /cormun/servlet/solicitudot?gx-no-cache=1490622181227 HTTP/1.1" 200 30
186.79.151.210 - - [27/Mar/2017:10:41:53 -0300] "POST /cormun/servlet/licenciaspermisos?827c49fa297f5255c9a04d131b06bc14,INS,0,,,,gx-no-cache=1490622178868 HTTP/1.1" 200 4553
186.103.159.230 - - [27/Mar/2017:10:42:04 -0300] "GET /cormun/servlet/prfichaempleado?,MD,,gxPopupLevel%3D0%3B HTTP/1.1" 200 8830
186.79.151.210 - - [27/Mar/2017:10:42:05 -0300] "GET /cormun/servlet/licenciaspermisos?5ceccd605ebd7f6b176223e6573e033cfcd3d483fab01348e2e5306d600a610bf0082865a0b3e5cc82da857fc4e9359c3e844e14c8c87f259ecfb1702715cbd0fbf54943c9d3cc4a0677401721cf25cdc6828e1f71c8a90a3991d1543c150a15320e4cfff6a3e531015243fdfb883ec277180c5b951b3cb65dd10586cc4f38d8a32ed45dbc235053fa7f82ad01d29f3ab731499eacd62f093186bbcec21b0c8c1f951321c1bb43978af450fe0b97e6643ab8df6cff6b13f0de5b6a2a181f566c32ebfeed1df5279b7d91526edf98934a13641e814958aaa8a9675c6773dc6f90,gx-no-cache=1490622189798 HTTP/1.1" 200 30
186.79.151.210 - - [27/Mar/2017:10:42:09 -0300] "POST /cormun/servlet/licenciaspermisos?827c49fa297f5255c9a04d131b06bc14,INS,0,,,,gx-no-cache=1490622193477 HTTP/1.1" 200 4551
192.168.10.62 - - [27/Mar/2017:10:42:09 -0300] "POST /cormun/servlet/trsolicitudgral?eba6c09be562105411ddd335edda3912,,gx-no-cache=1490625408510 HTTP/1.1" 200 4976
192.168.10.62 - - [27/Mar/2017:10:42:12 -0300] "GET /cormun/servlet/trconsultaempleado? HTTP/1.1" 200 6179
186.79.151.210 - - [27/Mar/2017:10:42:12 -0300] "GET /cormun/servlet/licenciaspermisos?5ceccd605ebd7f6b176223e6573e033ceeae53d8545a383f925f429d32774659e6dc20f8b4dfb1531143eebe7b84735f52617278f4efce2ba0321d6520eb21f3fc577ef4917b8f99a60ea7d0c678b844ee8b88488ce740eb0a159bd89488c254d605631e9c024e3fa5b340b35f6edb8c79cc52cb49de3147f1c43925427470ed4246a4038e3fca24671b28eee0ad123468f6e2e40b2d4a9d41962c4706279ece16bedf863e9c2d7fe6577ab1c698078a19c0369321e57e160a103e7937a7d8cd461a129a2139e4c6644c01c2a6fdd9b152ea310be9d1cb775673fee2efec5b92,gx-no-cache=1490622200232 HTTP/1.1" 200 29
192.168.10.62 - - [27/Mar/2017:10:42:13 -0300] "GET /cormun/servlet/trconsultaempleado? HTTP/1.1" 200 6179
186.79.151.210 - - [27/Mar/2017:10:42:15 -0300] "POST /cormun/servlet/licenciaspermisos?827c49fa297f5255c9a04d131b06bc14,INS,0,,,,gx-no-cache=1490622201661 HTTP/1.1" 200 93
186.79.151.210 - - [27/Mar/2017:10:42:17 -0300] "GET /cormun/servlet/hpexe_return? HTTP/1.1" 200 1010
186.79.151.210 - - [27/Mar/2017:10:42:20 -0300] "GET /cormun/static/Resources/Spanish/PXTools.css?167811 HTTP/1.1" 304 -
186.79.151.210 - - [27/Mar/2017:10:42:22 -0300] "GET /cormun/static/gxcfg.js?2016101716175148 HTTP/1.1" 304 -
186.79.151.210 - - [27/Mar/2017:10:42:22 -0300] "GET /cormun/static/hpexe_return.js?2016101716175153 HTTP/1.1" 304 -
186.103.159.230 - - [27/Mar/2017:10:42:23 -0300] "POST /cormun/servlet/prfichaempleado?d82618ad1be460c11e65dad044bfdc1c,,MD,,gxPopupLevel%3D0%3B,gx-no-cache=1490622210625 HTTP/1.1" 200 3390
192.168.10.62 - - [27/Mar/2017:10:42:23 -0300] "POST /cormun/servlet/trconsultaempleado?eba6c09be562105411ddd335edda3912,,gx-no-cache=1490625422666 HTTP/1.1" 200 3757
186.79.151.210 - - [27/Mar/2017:10:42:25 -0300] "GET /cormun/servlet/trlicencias HTTP/1.1" 200 7881
186.79.151.210 - - [27/Mar/2017:10:42:29 -0300] "GET /cormun/servlet/trlicencias HTTP/1.1" 200 7876
192.168.10.62 - - [27/Mar/2017:10:42:32 -0300] "POST /cormun/servlet/trconsultaempleado?eba6c09be562105411ddd335edda3912,,gx-no-cache=1490625431480 HTTP/1.1" 200 3760
186.103.159.230 - - [27/Mar/2017:10:42:35 -0300] "GET /cormun/servlet/prlicenciaspermisos?13947428,L,,MD,,gxPopupLevel%3D0%3B HTTP/1.1" 200 6449
192.168.10.62 - - [27/Mar/2017:10:42:36 -0300] "POST /cormun/servlet/trconsultaempleado?eba6c09be562105411ddd335edda3912,,gx-no-cache=1490625434990 HTTP/1.1" 200 5338
186.79.151.210 - - [27/Mar/2017:10:42:37 -0300] "GET /cormun/servlet/trlicenciaspermisosadjuntos?15107983,20170327000000,L, HTTP/1.1" 200 6183
186.79.151.210 - - [27/Mar/2017:10:42:40 -0300] "GET /cormun/static/gxcfg.js?20173171154619 HTTP/1.1" 200 953
186.79.10.110 - - [27/Mar/2017:10:42:41 -0300] "GET /cormun/servlet/hlogin HTTP/1.1" 200 1722
186.79.151.210 - - [27/Mar/2017:10:42:43 -0300] "GET /cormun/static/trlicenciaspermisosadjuntos.js?20173171154971 HTTP/1.1" 304 -
186.103.159.230 - - [27/Mar/2017:10:42:44 -0300] "POST /cormun/servlet/solicitudot?gx-no-cache=1490622231398 HTTP/1.1" 200 1291
186.79.10.110 - - [27/Mar/2017:10:42:44 -0300] "POST /cormun/servlet/hlogin?7992a0f63129a28ced2b6c3fb0e86827,gx-no-cache=1490622231464 HTTP/1.1" 200 90
186.79.10.110 - - [27/Mar/2017:10:42:44 -0300] "GET /cormun/servlet/hpexe_link HTTP/1.1" 200 953
186.79.10.110 - - [27/Mar/2017:10:42:44 -0300] "GET /cormun/servlet/hhome HTTP/1.1" 200 3758
186.79.10.110 - - [27/Mar/2017:10:42:45 -0300] "GET /cormun/servlet/hhome HTTP/1.1" 200 3755
186.79.10.110 - - [27/Mar/2017:10:42:48 -0300] "GET /cormun/servlet/trsolicitudot? HTTP/1.1" 200 8429
186.79.10.110 - - [27/Mar/2017:10:42:49 -0300] "GET /cormun/servlet/trsolicitudot? HTTP/1.1" 200 8426
186.103.159.230 - - [27/Mar/2017:10:42:50 -0300] "POST /cormun/servlet/solicitudot?gx-no-cache=1490622237845 HTTP/1.1" 200 41
186.79.151.210 - - [27/Mar/2017:10:42:58 -0300] "GET /cormun/servlet/licenciaspermisosadjuntos?INS,15107983,L,20170327000000,, HTTP/1.1" 200 5477
186.79.10.110 - - [27/Mar/2017:10:43:00 -0300] "POST /cormun/servlet/trsolicitudot?7992a0f63129a28ced2b6c3fb0e86827,,gx-no-cache=1490622247505 HTTP/1.1" 200 105
186.79.10.110 - - [27/Mar/2017:10:43:00 -0300] "GET /cormun/servlet/solicitudot?DLT,2017,5605, HTTP/1.1" 200 9397
186.79.151.210 - - [27/Mar/2017:10:43:00 -0300] "GET /cormun/static/gxcfg.js?201731711421170 HTTP/1.1" 304 -
186.79.10.110 - - [27/Mar/2017:10:43:01 -0300] "GET /cormun/static/Shared/jqueryui/images/ui-bg_highlight-soft_100_c6c2c8_1x100.png HTTP/1.1" 404 1117
186.79.10.110 - - [27/Mar/2017:10:43:01 -0300] "GET /cormun/static/Shared/jqueryui/images/ui-icons_82798d_256x240.png HTTP/1.1" 404 1089
186.79.10.110 - - [27/Mar/2017:10:43:01 -0300] "GET /cormun/static/Shared/jqueryui/images/ui-bg_flat_55_fafafa_40x100.png HTTP/1.1" 404 1097
186.79.10.110 - - [27/Mar/2017:10:43:01 -0300] "GET /cormun/static/Shared/jqueryui/images/ui-icons_8d78a5_256x240.png HTTP/1.1" 404 1089
186.79.10.110 - - [27/Mar/2017:10:43:01 -0300] "GET /cormun/servlet/solicitudot?DLT,2017,5605, HTTP/1.1" 200 9406
186.79.151.210 - - [27/Mar/2017:10:43:03 -0300] "GET /cormun/static/licenciaspermisosadjuntos.js?201731711421181 HTTP/1.1" 304 -
186.79.151.210 - - [27/Mar/2017:10:43:03 -0300] "GET /cormun/static/about:blank HTTP/1.1" 404 1011
186.79.151.210 - - [27/Mar/2017:10:43:03 -0300] "GET /cormun/servlet/trlicenciaspermisosadjuntos?15107983,20170327000000,L, HTTP/1.1" 200 6183
186.79.151.210 - - [27/Mar/2017:10:43:05 -0300] "GET /cormun/servlet/licenciaspermisosadjuntos?INS,15107983,L,20170327000000,, HTTP/1.1" 200 5467
186.79.10.110 - - [27/Mar/2017:10:43:10 -0300] "POST /cormun/servlet/solicitudot?7992a0f63129a28ced2b6c3fb0e86827,DLT,2017,5605,,gx-no-cache=1490622257377 HTTP/1.1" 200 90
186.79.10.110 - - [27/Mar/2017:10:43:10 -0300] "GET /cormun/servlet/hpexe_link HTTP/1.1" 200 970
186.79.10.110 - - [27/Mar/2017:10:43:10 -0300] "GET /cormun/servlet/trsolicitudot HTTP/1.1" 200 8427
186.79.10.110 - - [27/Mar/2017:10:43:11 -0300] "GET /cormun/servlet/trsolicitudot HTTP/1.1" 200 8426
186.79.10.110 - - [27/Mar/2017:10:43:18 -0300] "GET /cormun/servlet/solicitudot?INS,0,0, HTTP/1.1" 200 12567
186.79.10.110 - - [27/Mar/2017:10:43:19 -0300] "GET /cormun/servlet/solicitudot?INS,0,0, HTTP/1.1" 200 12572
192.168.10.96 - - [27/Mar/2017:10:43:22 -0300] "POST /cormun/servlet/hlogin?44cc42e212fe1d1561b9d5c697a0338c,gx-no-cache=1490625481281 HTTP/1.1" 440 972
192.168.10.96 - - [27/Mar/2017:10:43:23 -0300] "GET /cormun/servlet/hlogin HTTP/1.1" 200 1733
192.168.10.96 - - [27/Mar/2017:10:43:30 -0300] "POST /cormun/servlet/hlogin?3289a6b370eede19218546305cb3e939,gx-no-cache=1490625489046 HTTP/1.1" 200 90
192.168.10.96 - - [27/Mar/2017:10:43:30 -0300] "GET /cormun/servlet/hpexe_link HTTP/1.1" 200 953
192.168.10.96 - - [27/Mar/2017:10:43:30 -0300] "GET /cormun/servlet/hhome HTTP/1.1" 200 4171
192.168.10.96 - - [27/Mar/2017:10:43:30 -0300] "GET /cormun/servlet/hhome HTTP/1.1" 200 4168
186.103.159.230 - - [27/Mar/2017:10:43:32 -0300] "GET /cormun/servlet/solicitudot?c1e4c842045e473c98e92366e3a4b30ba50ee93f54b2662ef37967bd92068afa7633335c142dbe0d7f408b32d5fbae8b4d526ccd6b63fa90e7fb1bec52aca555beb1694438d6ea80046041034ccddd74e3c73afd32c1e8c1c943234ff95bd819fea1630bccf949e33f5eb320c9f5a20a,gx-no-cache=1490622279287 HTTP/1.1" 200 29
186.103.159.230 - - [27/Mar/2017:10:43:32 -0300] "POST /cormun/servlet/solicitudot?gx-no-cache=1490622279568 HTTP/1.1" 200 1275
192.168.10.96 - - [27/Mar/2017:10:43:33 -0300] "GET /cormun/servlet/trconsultaempleado? HTTP/1.1" 200 9246
192.168.10.96 - - [27/Mar/2017:10:43:34 -0300] "GET /cormun/servlet/trconsultaempleado? HTTP/1.1" 200 9244
186.103.159.230 - - [27/Mar/2017:10:43:36 -0300] "POST /cormun/servlet/solicitudot?gx-no-cache=1490622283391 HTTP/1.1" 200 1156
186.103.159.230 - - [27/Mar/2017:10:43:36 -0300] "GET /cormun/static/menuarrow.gif HTTP/1.1" 404 1015
186.79.10.110 - - [27/Mar/2017:10:43:40 -0300] "POST /cormun/servlet/solicitudot?gx-no-cache=1490622287187 HTTP/1.1" 200 3081
186.79.10.110 - - [27/Mar/2017:10:43:40 -0300] "POST /cormun/servlet/solicitudot?7992a0f63129a28ced2b6c3fb0e86827,INS,0,0,,gx-no-cache=1490622287706 HTTP/1.1" 200 9678
186.79.10.110 - - [27/Mar/2017:10:43:44 -0300] "GET /cormun/servlet/solicitudot?d946e32ce4d11aa32444d487e6e67e20c791fffed4be40d5e1ce93a1738a33c8dcc520bb4293d08c76245d9542dd9f66,gx-no-cache=1490622291958 HTTP/1.1" 200 30
192.168.10.96 - - [27/Mar/2017:10:43:46 -0300] "POST /cormun/servlet/trconsultaempleado?3289a6b370eede19218546305cb3e939,,gx-no-cache=1490625504941 HTTP/1.1" 200 4335
192.168.10.96 - - [27/Mar/2017:10:43:48 -0300] "GET /cormun/servlet/trsolicitudnombre?16817323, HTTP/1.1" 200 7229
192.168.10.96 - - [27/Mar/2017:10:43:48 -0300] "GET /cormun/servlet/trsolicitudnombre?16817323, HTTP/1.1" 200 7229
192.168.10.96 - - [27/Mar/2017:10:43:50 -0300] "GET /cormun/servlet/vesolicitudnombre?2017,5272,, HTTP/1.1" 200 8424
192.168.10.96 - - [27/Mar/2017:10:43:50 -0300] "GET /cormun/pexe_scrolldiv.js HTTP/1.1" 404 1009
192.168.10.96 - - [27/Mar/2017:10:43:50 -0300] "GET /cormun/pexe_scrolldiv.js HTTP/1.1" 404 1009
192.168.10.96 - - [27/Mar/2017:10:43:50 -0300] "GET /cormun/servlet/vesolicitudnombre?2017,5272,, HTTP/1.1" 200 8418
192.168.10.96 - - [27/Mar/2017:10:43:52 -0300] "GET /cormun/servlet/vesolicitudnombre?2017,5272,,SolicitudOTAdjuntos HTTP/1.1" 200 10193
192.168.10.96 - - [27/Mar/2017:10:43:52 -0300] "GET /cormun/pexe_scrolldiv.js HTTP/1.1" 404 1009
192.168.10.96 - - [27/Mar/2017:10:43:52 -0300] "GET /cormun/pexe_scrolldiv.js HTTP/1.1" 404 1009
192.168.10.96 - - [27/Mar/2017:10:43:53 -0300] "GET /cormun/servlet/vesolicitudnombre?2017,5272,,SolicitudOTAdjuntos HTTP/1.1" 200 10195
192.168.10.96 - - [27/Mar/2017:10:43:53 -0300] "POST /cormun/servlet/acontrolpreferencessavestate?None,DZAMUDIO,true HTTP/1.1" 200 35
192.168.10.96 - - [27/Mar/2017:10:43:55 -0300] "GET /cormun/PublicTempStorage/c.i3859781.pdf HTTP/1.1" 200 320248
186.103.159.230 - - [27/Mar/2017:10:43:55 -0300] "GET /cormun/servlet/solicitudot?c1e4c842045e473c98e92366e3a4b30bc4dbfb63d215fc01ea72277567a119cc53755bf4856dfadd60fb3fa5e4dacdc63389d7c4b42f521c07283c7c390e324d0902f8ef6f31d8d7304242a8ed3a653dbad6773907e4c1bbf1b7f34e1a135731513e9c8f92ef4704bd569a27ba6f3896eb52f75f2080bf1fedf50a5dd088eb2715ae2c32b047e85e7b5454db6a8427a62ccfb9ea0d08d1c089306aa69d34cd51b35c470f51807dec53ad523052c77650000f8579b65e96ee747d66e5244ce3b0,gx-no-cache=1490622302681 HTTP/1.1" 200 30
186.79.85.247 - - [27/Mar/2017:10:43:57 -0300] "GET /cormun/servlet/trsolicitudadjuntos?2017,5747, HTTP/1.1" 200 5205
186.79.85.247 - - [27/Mar/2017:10:43:59 -0300] "GET /cormun/servlet/trsolicitudadjuntos?2017,5747, HTTP/1.1" 200 5204
186.79.85.247 - - [27/Mar/2017:10:43:59 -0300] "GET /cormun/servlet/hlogin HTTP/1.1" 200 1750
192.168.10.96 - - [27/Mar/2017:10:44:02 -0300] "GET /cormun/servlet/vesolicitudnombre?2017,5272,,SolicitudOTAdjuntos HTTP/1.1" 200 10195
192.168.10.96 - - [27/Mar/2017:10:44:02 -0300] "GET /cormun/servlet/vesolicitudnombre?2017,5272,,SolicitudOTAdjuntos HTTP/1.1" 200 10197
192.168.10.96 - - [27/Mar/2017:10:44:03 -0300] "POST /cormun/servlet/acontrolpreferencessavestate?None,DZAMUDIO,true HTTP/1.1" 200 35
192.168.10.96 - - [27/Mar/2017:10:44:04 -0300] "GET /cormun/PublicTempStorage/cert._estudio854647.pdf HTTP/1.1" 200 415776
192.168.10.96 - - [27/Mar/2017:10:44:09 -0300] "GET /cormun/servlet/vesolicitudnombre?2017,5272,,SolicitudOTAdjuntos HTTP/1.1" 200 10195
192.168.10.96 - - [27/Mar/2017:10:44:09 -0300] "GET /cormun/servlet/vesolicitudnombre?2017,5272,,SolicitudOTAdjuntos HTTP/1.1" 200 10197
192.168.10.96 - - [27/Mar/2017:10:44:10 -0300] "POST /cormun/servlet/acontrolpreferencessavestate?None,DZAMUDIO,true HTTP/1.1" 200 35
192.168.10.96 - - [27/Mar/2017:10:44:11 -0300] "GET /cormun/PublicTempStorage/afp3917500.pdf HTTP/1.1" 200 273163
192.168.10.96 - - [27/Mar/2017:10:44:16 -0300] "GET /cormun/servlet/vesolicitudnombre?2017,5272,,SolicitudOTAdjuntos HTTP/1.1" 200 10195
192.168.10.96 - - [27/Mar/2017:10:44:16 -0300] "GET /cormun/servlet/vesolicitudnombre?2017,5272,,SolicitudOTAdjuntos HTTP/1.1" 200 10198
192.168.10.96 - - [27/Mar/2017:10:44:17 -0300] "POST /cormun/servlet/acontrolpreferencessavestate?None,DZAMUDIO,true HTTP/1.1" 200 35
192.168.10.96 - - [27/Mar/2017:10:44:21 -0300] "GET /cormun/PublicTempStorage/fonasa3574350.pdf HTTP/1.1" 200 278506
186.103.159.230 - - [27/Mar/2017:10:44:43 -0300] "POST /cormun/servlet/solicitudot?d82618ad1be460c11e65dad044bfdc1c,INS,0,0,,gx-no-cache=1490622350150 HTTP/1.1" 200 93
186.103.159.230 - - [27/Mar/2017:10:44:43 -0300] "GET /cormun/servlet/hpexe_return? HTTP/1.1" 200 1000
186.103.159.230 - - [27/Mar/2017:10:44:43 -0300] "GET /cormun/static/gxcfg.js?2016101716175148 HTTP/1.1" 304 -
186.103.159.230 - - [27/Mar/2017:10:44:43 -0300] "GET /cormun/static/hpexe_return.js?2016101716175153 HTTP/1.1" 304 -
186.103.159.230 - - [27/Mar/2017:10:44:43 -0300] "GET /cormun/servlet/hhome HTTP/1.1" 200 3968
186.103.159.230 - - [27/Mar/2017:10:44:44 -0300] "GET /cormun/servlet/hhome HTTP/1.1" 200 3962
192.168.10.96 - - [27/Mar/2017:10:44:44 -0300] "GET /cormun/servlet/vesolicitudnombre?2017,5272,,SolicitudOTAdjuntos HTTP/1.1" 200 10197
192.168.10.96 - - [27/Mar/2017:10:44:45 -0300] "GET /cormun/servlet/vesolicitudnombre?2017,5272,,SolicitudOTAdjuntos HTTP/1.1" 200 10197
192.168.10.96 - - [27/Mar/2017:10:44:46 -0300] "POST /cormun/servlet/acontrolpreferencessavestate?None,DZAMUDIO,true HTTP/1.1" 200 35
192.168.10.96 - - [27/Mar/2017:10:44:48 -0300] "GET /cormun/PublicTempStorage/cert._antecedentes1354263.pdf HTTP/1.1" 200 429145
186.103.159.230 - - [27/Mar/2017:10:44:58 -0300] "GET /cormun/servlet/trautorizarsolicitud? HTTP/1.1" 200 6888
186.103.159.230 - - [27/Mar/2017:10:44:58 -0300] "GET /cormun/static/gxcfg.js?2017259112829 HTTP/1.1" 304 -
186.103.159.230 - - [27/Mar/2017:10:44:59 -0300] "GET /cormun/static/trautorizarsolicitud.js?2017259113483 HTTP/1.1" 304 -
186.103.159.230 - - [27/Mar/2017:10:44:59 -0300] "GET /cormun/servlet/trautorizarsolicitud? HTTP/1.1" 200 6887
186.103.159.230 - - [27/Mar/2017:10:45:05 -0300] "GET /cormun/servlet/hhome HTTP/1.1" 200 3968
186.103.159.230 - - [27/Mar/2017:10:45:05 -0300] "GET /cormun/servlet/hhome HTTP/1.1" 200 3962
192.168.10.96 - - [27/Mar/2017:10:45:08 -0300] "GET /cormun/servlet/vesolicitudnombre?2017,5272,,SolicitudOTAdjuntos HTTP/1.1" 200 10195
192.168.10.96 - - [27/Mar/2017:10:45:09 -0300] "GET /cormun/servlet/vesolicitudnombre?2017,5272,,SolicitudOTAdjuntos HTTP/1.1" 200 10196
192.168.10.96 - - [27/Mar/2017:10:45:10 -0300] "POST /cormun/servlet/acontrolpreferencessavestate?None,DZAMUDIO,true HTTP/1.1" 200 35
192.168.10.96 - - [27/Mar/2017:10:45:10 -0300] "GET /cormun/PublicTempStorage/curriculum3617382.pdf HTTP/1.1" 200 457572
186.103.159.230 - - [27/Mar/2017:10:45:10 -0300] "GET /cormun/servlet/trsolicitudot? HTTP/1.1" 200 8238
186.103.159.230 - - [27/Mar/2017:10:45:11 -0300] "GET /cormun/servlet/trsolicitudot? HTTP/1.1" 200 8236
186.103.159.230 - - [27/Mar/2017:10:45:42 -0300] "POST /cormun/servlet/trsolicitudot?d82618ad1be460c11e65dad044bfdc1c,,gx-no-cache=1490622409997 HTTP/1.1" 200 5647
186.103.159.230 - - [27/Mar/2017:10:45:42 -0300] "GET /cormun/static/Shared/jqueryui/images/ui-bg_highlight-soft_100_c6c2c8_1x100.png HTTP/1.1" 404 1117
186.103.159.230 - - [27/Mar/2017:10:45:42 -0300] "GET /cormun/static/Shared/jqueryui/images/ui-icons_82798d_256x240.png HTTP/1.1" 404 1089
186.103.159.230 - - [27/Mar/2017:10:45:42 -0300] "GET /cormun/static/Shared/jqueryui/images/ui-bg_flat_55_fafafa_40x100.png HTTP/1.1" 404 1097
186.103.159.230 - - [27/Mar/2017:10:45:42 -0300] "GET /cormun/static/Shared/jqueryui/images/ui-icons_8d78a5_256x240.png HTTP/1.1" 404 1089
186.103.159.230 - - [27/Mar/2017:10:46:31 -0300] "POST /cormun/servlet/trsolicitudot?d82618ad1be460c11e65dad044bfdc1c,,gx-no-cache=1490622458995 HTTP/1.1" 200 106
186.103.159.230 - - [27/Mar/2017:10:46:31 -0300] "GET /cormun/servlet/trsolicitudadjuntos?2017,5753, HTTP/1.1" 200 6068
186.103.159.230 - - [27/Mar/2017:10:46:32 -0300] "GET /cormun/static/gxcfg.js?201731711504543 HTTP/1.1" 200 953
186.103.159.230 - - [27/Mar/2017:10:46:32 -0300] "GET /cormun/static/trsolicitudadjuntos.js?201731711504951 HTTP/1.1" 200 17913
186.103.159.230 - - [27/Mar/2017:10:46:32 -0300] "GET /cormun/servlet/trsolicitudadjuntos?2017,5753, HTTP/1.1" 200 6068
186.79.151.210 - - [27/Mar/2017:10:46:40 -0300] "POST /cormun/servlet/licenciaspermisosadjuntos?827c49fa297f5255c9a04d131b06bc14,INS,15107983,L,20170327000000,, HTTP/1.1" 200 116
186.103.159.230 - - [27/Mar/2017:10:46:40 -0300] "GET /cormun/servlet/solicitudotadjuntos?INS,2017,5753,,1, HTTP/1.1" 200 6002
186.103.159.230 - - [27/Mar/2017:10:46:40 -0300] "GET /cormun/static/gxcfg.js?201612218465951 HTTP/1.1" 200 953
186.103.159.230 - - [27/Mar/2017:10:46:40 -0300] "GET /cormun/static/solicitudotadjuntos.js?201612218465969 HTTP/1.1" 200 11762
186.79.151.210 - - [27/Mar/2017:10:46:41 -0300] "GET /cormun/servlet/hpexe_return? HTTP/1.1" 200 1041
186.103.159.230 - - [27/Mar/2017:10:46:41 -0300] "GET /cormun/servlet/solicitudotadjuntos?INS,2017,5753,,1, HTTP/1.1" 200 5996
186.103.159.230 - - [27/Mar/2017:10:46:41 -0300] "GET /cormun/static/about:blank HTTP/1.1" 404 1011
186.103.159.230 - - [27/Mar/2017:10:46:41 -0300] "GET /cormun/servlet/solicitudotadjuntos?c1e4c842045e473c98e92366e3a4b30bcff546714429a9f3549c9d7e0442234fe8cdc74fb30137e3e0c89c2017980267,gx-no-cache=1490622469108 HTTP/1.1" 200 30
186.79.151.210 - - [27/Mar/2017:10:46:42 -0300] "GET /cormun/servlet/trlicenciaspermisosadjuntos?15107983,20170327000000,L, HTTP/1.1" 200 6668
186.103.159.230 - - [27/Mar/2017:10:46:42 -0300] "POST /cormun/servlet/solicitudotadjuntos?d82618ad1be460c11e65dad044bfdc1c,INS,2017,5753,,1,,gx-no-cache=1490622469188 HTTP/1.1" 200 3818
186.79.151.210 - - [27/Mar/2017:10:46:43 -0300] "GET /cormun/servlet/trlicenciaspermisosadjuntos?15107983,20170327000000,L, HTTP/1.1" 200 6665
186.103.159.230 - - [27/Mar/2017:10:46:49 -0300] "POST /cormun/servlet/solicitudotadjuntos?gx-no-cache=1490622476820 HTTP/1.1" 200 26
186.79.151.210 - - [27/Mar/2017:10:46:50 -0300] "POST /cormun/servlet/trlicenciaspermisosadjuntos?827c49fa297f5255c9a04d131b06bc14,15107983,20170327000000,L,,gx-no-cache=1490622475906 HTTP/1.1" 200 90
186.79.151.210 - - [27/Mar/2017:10:46:50 -0300] "GET /cormun/servlet/hpexe_link HTTP/1.1" 200 984
186.79.151.210 - - [27/Mar/2017:10:46:51 -0300] "GET /cormun/servlet/trlicencias HTTP/1.1" 200 7878
186.79.151.210 - - [27/Mar/2017:10:46:53 -0300] "GET /cormun/servlet/trlicencias HTTP/1.1" 200 7876
186.79.10.110 - - [27/Mar/2017:10:46:54 -0300] "POST /cormun/servlet/solicitudot?gx-no-cache=1490622481891 HTTP/1.1" 200 297
186.79.151.210 - - [27/Mar/2017:10:46:58 -0300] "GET /cormun/servlet/trsolicitudot? HTTP/1.1" 200 8075
186.79.10.110 - - [27/Mar/2017:10:46:59 -0300] "GET /cormun/servlet/solicitudot?d946e32ce4d11aa32444d487e6e67e206b8b54606d81e90c194f0f3f6400f1744200ec21bd0563ade666029d6a27cd8f3457388d1169b2bcf738204fc04e22f535ac3c54e30700d169789365b02af6012b87589fe00859170b2c72405762301ee88960e11640c130b8b129f4f15ab04dd9f280e2c8c7d7ee56c16fd09126c801a3ac6195bba5c676a1251ee8752a233c5d8fe278f24fb87a1e4c9737c5fe819b287a72377a7bd8b142f9929a31607f0e3760518def80f70ac099b41576ee15d797ee3a08ce945d58cd7ee1778cff24c2dab8d2595aa093eb491ff445bc33b91933952249b5166b9955e51eda411673505717fa836e4404986d3cc83070d0dc3e03c98deecb6ac5478a895891d46c55980a7c1800571bcb4258eb13d53410a5143ff48b6c555d0c5a1ab52153020fc5281e96918834937b78f9ea4fc3f0a2d608bab1b6ca2ecbe7d88471a6bbde8c7ba1d43bfc0612f58efebaa16d1d14b6c8e3783d283458340047f2875c6eb7cf1e6a88f5b22d66547b82cf856f159df5f117e9b6fcf0f65640b2e0fecec4ab3ff896,gx-no-cache=1490622486671 HTTP/1.1" 200 30
186.79.151.210 - - [27/Mar/2017:10:47:00 -0300] "GET /cormun/servlet/trsolicitudot? HTTP/1.1" 200 8075
186.79.10.110 - - [27/Mar/2017:10:47:02 -0300] "POST /cormun/servlet/solicitudot?gx-no-cache=1490622489278 HTTP/1.1" 200 30
186.79.151.210 - - [27/Mar/2017:10:47:05 -0300] "GET /cormun/servlet/solicitudot?INS,0,0, HTTP/1.1" 200 12635
186.79.10.110 - - [27/Mar/2017:10:47:07 -0300] "POST /cormun/servlet/solicitudot?gx-no-cache=1490622495013 HTTP/1.1" 200 235
186.79.10.110 - - [27/Mar/2017:10:47:07 -0300] "POST /cormun/servlet/solicitudot?gx-no-cache=1490622495167 HTTP/1.1" 200 38
186.79.151.210 - - [27/Mar/2017:10:47:08 -0300] "GET /cormun/servlet/solicitudot?INS,0,0, HTTP/1.1" 200 12638
186.103.196.84 - - [27/Mar/2017:10:47:23 -0300] "GET /cormun/servlet/trsolicitudot? HTTP/1.1" 200 6935
186.103.196.84 - - [27/Mar/2017:10:47:24 -0300] "GET /cormun/servlet/trsolicitudot? HTTP/1.1" 200 6934
186.79.151.210 - - [27/Mar/2017:10:47:33 -0300] "POST /cormun/servlet/solicitudot?gx-no-cache=1490622519675 HTTP/1.1" 200 3081
186.79.151.210 - - [27/Mar/2017:10:47:34 -0300] "POST /cormun/servlet/solicitudot?827c49fa297f5255c9a04d131b06bc14,INS,0,0,,gx-no-cache=1490622521430 HTTP/1.1" 200 9672
186.79.151.210 - - [27/Mar/2017:10:47:52 -0300] "GET /cormun/servlet/solicitudot?3157afc4a529bf0970972fcb3fc51cda1f5dc02898f09617f47975b75eede75b7ffcc7cb8d865dd30d5566e161d25afd,gx-no-cache=1490622539640 HTTP/1.1" 200 30
190.151.124.170 - - [27/Mar/2017:10:48:24 -0300] "GET /cormun/servlet/hlogin HTTP/1.1" 200 1729
186.67.84.234 - - [27/Mar/2017:10:48:27 -0300] "POST /cormun/servlet/hlogin?2aa23a1876e5d781e22aa4f501e470aa,gx-no-cache=1490622573187 HTTP/1.1" 200 90
186.67.84.234 - - [27/Mar/2017:10:48:27 -0300] "GET /cormun/servlet/hpexe_link HTTP/1.1" 200 958
186.67.84.234 - - [27/Mar/2017:10:48:27 -0300] "GET /cormun/servlet/trsolicitudot HTTP/1.1" 200 6936
186.67.84.234 - - [27/Mar/2017:10:48:28 -0300] "GET /cormun/servlet/trsolicitudot HTTP/1.1" 200 6934
186.67.84.234 - - [27/Mar/2017:10:48:30 -0300] "GET /cormun/servlet/solicitudot?INS,0,0, HTTP/1.1" 200 12771
186.67.84.234 - - [27/Mar/2017:10:48:30 -0300] "GET /cormun/servlet/solicitudot?INS,0,0, HTTP/1.1" 200 12776
186.67.84.234 - - [27/Mar/2017:10:48:40 -0300] "POST /cormun/servlet/solicitudot?gx-no-cache=1490622586447 HTTP/1.1" 200 3174
186.67.84.234 - - [27/Mar/2017:10:48:40 -0300] "POST /cormun/servlet/solicitudot?2aa23a1876e5d781e22aa4f501e470aa,INS,0,0,,gx-no-cache=1490622586729 HTTP/1.1" 200 9936
190.151.99.26 - - [27/Mar/2017:10:48:50 -0300] "GET /cormun/servlet/solicitudot?0b8e7496a7cccc5aa2d3509eedeec776cd8c1014aa38415019a543d5adbd2410102465bc4d99032209ed71b04b2046dc,gx-no-cache=1490622596143 HTTP/1.1" 200 30
190.151.99.26 - - [27/Mar/2017:10:48:50 -0300] "POST /cormun/servlet/solicitudot?gx-no-cache=1490622596643 HTTP/1.1" 200 240
190.151.99.26 - - [27/Mar/2017:10:48:50 -0300] "GET /cormun/servlet/solicitudot?0b8e7496a7cccc5aa2d3509eedeec7765265d489a1d0beeb48c689bb1ec97632aaafa2cdea5da85998714c31bd3756aafe8e71d110b87c0d168d6a19645165e937332dd2cfbadee4b64dc0dfce9e0b5878082dc8d78a3e8bbebc7e931f9d8bc491b47084112a9f4a7fb99026593242b0a4bb69b0f44300432413005484fdf2c9f46e324f23afd6f29d872b147e09ede73b14d294e1f8fd490f611cb769a4071cac53d22870bb86108a56017d3470ea10994a466eb43db0a3b11a33bbcd86ac3f9523c01515d5873283a2a6d838a20249f628dfad1868e93825bdc1e2e49e4cfd4f706650936d15254fbaa6eacbf17ac85d8a973e028ef144cdf573cd3ad9be6fc70ba9b6bf6a30c2d317e85b4d2c74095da580b0a58989eedcbf018d817aa41a1870f04c749abd0370e73fda6e4eb3d32863c60a60fc719c0152f4082e17ce4021755f05f2fa13e1cadf6600cb29a20fcebe27fe5ff9b4f2ef3dfc0099272c41beb19ea73a5ca9406fcd2c8825ec4a14ec67a9f246174b88fba2321115210679,gx-no-cache=1490622596731 HTTP/1.1" 200 30
190.151.124.170 - - [27/Mar/2017:10:49:06 -0300] "POST /cormun/servlet/solicitudot?gx-no-cache=1490622612608 HTTP/1.1" 200 30
186.79.10.110 - - [27/Mar/2017:10:49:24 -0300] "GET /cormun/servlet/solicitudot?d946e32ce4d11aa32444d487e6e67e204280942bb518f9fcb1f8faf2d40572b9de5c53e101b6eb8b63b781007d302f208bdde5aeb04251087fbb459c2aa7dd5bc0db9f38b44aff648ad68aabedb2a0f1dda988496cd964df20405d5b979ac5e4825e5ec4e2d2e779bfd8d08b5b423abb,gx-no-cache=1490622631928 HTTP/1.1" 200 29
186.79.10.110 - - [27/Mar/2017:10:49:24 -0300] "POST /cormun/servlet/solicitudot?gx-no-cache=1490622632121 HTTP/1.1" 200 643
186.79.10.110 - - [27/Mar/2017:10:49:27 -0300] "POST /cormun/servlet/solicitudot?gx-no-cache=1490622634694 HTTP/1.1" 200 1157
186.103.196.84 - - [27/Mar/2017:10:49:27 -0300] "GET /cormun/servlet/prfichaempleado?,MD,,gxPopupLevel%3D0%3B HTTP/1.1" 200 8819
186.79.151.210 - - [27/Mar/2017:10:49:39 -0300] "POST /cormun/servlet/solicitudot?gx-no-cache=1490622639045 HTTP/1.1" 200 240
186.79.151.210 - - [27/Mar/2017:10:49:47 -0300] "GET /cormun/servlet/solicitudot?3157afc4a529bf0970972fcb3fc51cdaaa0f6837b454452b3a6364f393924ea9f4a2a381b16cb26dbdbe1d1ea29737b20a7a113fb8ba2975f3b7902b959dd7569baac7460350643e03a6aed8b5b7f4d473352c824c5c40049ccb08ca28bbc966b87379d5ba145011d2906a31a999713e6a6356697c834842aba77b4ae0e9e4d9386a555d7d245adaaef7e3ac50a557de82bbe72508d14787ea0ebbec55b8d8d3b2eb5c713c1010b676f46310861f2070c24cccdaa1825565ef9c5581a2b75675035058373047f29f2bd153de430006f1df4f6fdf37f38a04f9e33ebf3073135ae4956fc8ae471c43ff77067fed4ce9058d4281040f10cb3650917343beab4b763e844e14c8c87f259ecfb1702715cbd06c1fe244c59fefa6125698dc276f72de5407fd2c04c86f400b4d9150f65d130a1f7bfbefa2f9a80e04c3cb16a30e05563355df1e0fb30ab8af41dae8c7017677502c0e367aad0eb19ae6e2f9bf76d49f276bd832b194a161ad16818d7de65dd09fd29dda728cbde0535ed5eaf047e28d,gx-no-cache=1490622655208 HTTP/1.1" 200 30
186.67.84.234 - - [27/Mar/2017:10:49:49 -0300] "POST /cormun/servlet/prfichaempleado?2aa23a1876e5d781e22aa4f501e470aa,,MD,,gxPopupLevel%3D0%3B,gx-no-cache=1490622655072 HTTP/1.1" 200 3409
186.79.151.210 - - [27/Mar/2017:10:49:53 -0300] "POST /cormun/servlet/solicitudot?gx-no-cache=1490622660785 HTTP/1.1" 200 30
186.79.10.110 - - [27/Mar/2017:10:49:55 -0300] "GET /cormun/servlet/solicitudot?d946e32ce4d11aa32444d487e6e67e2035e1ce1b4f0430830c20b12a0e2b47d728fcaae87e7b0e2c1b09da5416ae05d64d2bfec7dbf7887f4cdd761fdaab7341071667902e30817801cdd8d6c94109080e31badccdfb2e9ae79e22817ac4da2a36f6341081aa252276f056681803bb5698065110f5368df8fbb79e7678de9f24ca580af49258f12ad62b8034cba5e28401c2d4b3e95eda55254bb593794eb9a7d1fa62ae291545b8dcf28f1988673ef0,gx-no-cache=1490622662383 HTTP/1.1" 200 30
186.103.196.84 - - [27/Mar/2017:10:49:58 -0300] "GET /cormun/servlet/prlicenciaspermisos?15730984,L,,MD,,gxPopupLevel%3D0%3B HTTP/1.1" 200 6154
186.103.196.84 - - [27/Mar/2017:10:50:01 -0300] "POST /cormun/servlet/solicitudot?gx-no-cache=1490622667626 HTTP/1.1" 200 1291
186.103.196.84 - - [27/Mar/2017:10:50:04 -0300] "POST /cormun/servlet/solicitudot?gx-no-cache=1490622670526 HTTP/1.1" 200 41
186.67.84.234 - - [27/Mar/2017:10:50:12 -0300] "GET /cormun/servlet/solicitudot?0b8e7496a7cccc5aa2d3509eedeec776976559e4ab213adb112153cb91bde297a39381c025cf11459601d99f11175953686c8d06aa7ad2b4d1873a1d777267ce3a507052522b89352e0ddb6167a0cdbe2cf332c08bb16580a760a6da349ec2d888c4d275c9d38d5ebd6c5ff155be8f988bc5e3785e833a4f45ab026a82e93acb09c2072881f6548819e9ef8595b87f96685d6fc27eba1a6e5cba441805ccedbd,gx-no-cache=1490622678191 HTTP/1.1" 200 29
