186.103.159.183 - - [27/Mar/2017:16:32:25 -0300] "GET /cormun/static/Resources/PXToolsHeaderActionsBackground.png HTTP/1.1" 200 484
186.103.159.183 - - [27/Mar/2017:16:32:25 -0300] "GET /cormun/static/Resources/PXToolsHeaderSecurity.png HTTP/1.1" 200 4166
186.103.159.183 - - [27/Mar/2017:16:32:25 -0300] "GET /cormun/static/Resources/PXToolsHeaderActionsRight.png HTTP/1.1" 200 1201
186.103.159.183 - - [27/Mar/2017:16:32:26 -0300] "GET /cormun/static/Resources/PXToolsDataTitle.png HTTP/1.1" 200 1173
186.103.159.183 - - [27/Mar/2017:16:32:26 -0300] "GET /cormun/static/Shared/jqueryui/jquery-ui.min.js HTTP/1.1" 200 240427
186.103.159.183 - - [27/Mar/2017:16:32:26 -0300] "GET /cormun/servlet/hhome HTTP/1.1" 200 3983
186.103.159.183 - - [27/Mar/2017:16:32:26 -0300] "GET /cormun/static/SmoothNavMenu/resources/images/down.gif HTTP/1.1" 200 854
186.103.159.183 - - [27/Mar/2017:16:32:26 -0300] "GET /cormun/static/SmoothNavMenu/resources/images/right.gif HTTP/1.1" 200 860
186.103.159.183 - - [27/Mar/2017:16:32:26 -0300] "GET /cormun/static/Resources/PXToolsHeaderLogin.png HTTP/1.1" 200 4279
186.103.159.183 - - [27/Mar/2017:16:32:26 -0300] "GET /cormun/static/Resources/PXToolsHeaderPreferences.png HTTP/1.1" 200 4189
186.103.159.183 - - [27/Mar/2017:16:32:27 -0300] "GET /cormun/static/Resources/PXToolsHeaderHome.png HTTP/1.1" 200 4147
186.103.159.183 - - [27/Mar/2017:16:32:29 -0300] "GET /cormun/servlet/trpermisosgoce? HTTP/1.1" 200 7576
186.103.159.183 - - [27/Mar/2017:16:32:29 -0300] "GET /cormun/static/gxui/gxui-all.css?110300 HTTP/1.1" 200 2179
186.103.159.183 - - [27/Mar/2017:16:32:29 -0300] "GET /cormun/static/calendar-system.css?75620 HTTP/1.1" 200 5572
186.103.159.183 - - [27/Mar/2017:16:32:30 -0300] "GET /cormun/static/gxcfg.js?20173171154124 HTTP/1.1" 200 953
186.103.159.183 - - [27/Mar/2017:16:32:30 -0300] "GET /cormun/static/calendar-es.js?85251 HTTP/1.1" 200 1901
186.103.159.183 - - [27/Mar/2017:16:32:30 -0300] "GET /cormun/static/calendar.js?85251 HTTP/1.1" 200 26246
186.103.159.183 - - [27/Mar/2017:16:32:30 -0300] "GET /cormun/static/calendar-setup.js?85251 HTTP/1.1" 200 2588
186.103.159.183 - - [27/Mar/2017:16:32:30 -0300] "GET /cormun/static/Shared/ext/resources/css/ext-all.css?205870 HTTP/1.1" 200 416045
186.103.159.183 - - [27/Mar/2017:16:32:30 -0300] "GET /cormun/static/trpermisosgoce.js?20173171154177 HTTP/1.1" 200 31906
186.103.159.183 - - [27/Mar/2017:16:32:30 -0300] "GET /cormun/static/Resources/PXToolsGridNew.png HTTP/1.1" 200 2949
186.103.159.183 - - [27/Mar/2017:16:32:30 -0300] "GET /cormun/static/Resources/PXTools/calendar.png HTTP/1.1" 200 1306
186.103.159.183 - - [27/Mar/2017:16:32:31 -0300] "GET /cormun/static/Resources/PXToolsDataSearch.png HTTP/1.1" 200 419
186.103.159.183 - - [27/Mar/2017:16:32:31 -0300] "GET /cormun/static/Resources/PXToolsGridFirstDisabled.gif HTTP/1.1" 200 100
186.103.159.183 - - [27/Mar/2017:16:32:31 -0300] "GET /cormun/static/Resources/PXToolsGridPreviousDisabled.gif HTTP/1.1" 200 90
186.103.159.183 - - [27/Mar/2017:16:32:31 -0300] "GET /cormun/static/Resources/PXToolsGridNextDisabled.gif HTTP/1.1" 200 90
186.103.159.183 - - [27/Mar/2017:16:32:31 -0300] "GET /cormun/static/Resources/PXToolsGridPage.gif HTTP/1.1" 200 725
186.103.159.183 - - [27/Mar/2017:16:32:31 -0300] "GET /cormun/static/Resources/PXToolsGridLastDisabled.gif HTTP/1.1" 200 98
186.103.159.183 - - [27/Mar/2017:16:32:31 -0300] "GET /cormun/static/Resources/PXToolsActionExcel.png HTTP/1.1" 200 3187
186.103.159.183 - - [27/Mar/2017:16:32:31 -0300] "GET /cormun/static/Resources/asc.gif HTTP/1.1" 200 67
186.103.159.183 - - [27/Mar/2017:16:32:31 -0300] "GET /cormun/static/Resources/desc.gif HTTP/1.1" 200 65
186.103.159.183 - - [27/Mar/2017:16:32:31 -0300] "GET /cormun/static/Resources/asc.gif HTTP/1.1" 200 67
186.103.159.183 - - [27/Mar/2017:16:32:31 -0300] "GET /cormun/static/Resources/desc.gif HTTP/1.1" 200 65
186.103.159.183 - - [27/Mar/2017:16:32:31 -0300] "GET /cormun/static/Resources/asc.gif HTTP/1.1" 200 67
186.103.159.183 - - [27/Mar/2017:16:32:31 -0300] "GET /cormun/static/Resources/desc.gif HTTP/1.1" 200 65
186.103.159.183 - - [27/Mar/2017:16:32:31 -0300] "GET /cormun/static/Resources/desc.gif HTTP/1.1" 200 65
186.103.159.183 - - [27/Mar/2017:16:32:31 -0300] "GET /cormun/static/Resources/asc.gif HTTP/1.1" 200 67
186.103.159.183 - - [27/Mar/2017:16:32:31 -0300] "GET /cormun/static/Resources/desc.gif HTTP/1.1" 200 65
186.103.159.183 - - [27/Mar/2017:16:32:31 -0300] "GET /cormun/static/Resources/desc.gif HTTP/1.1" 200 65
186.103.159.183 - - [27/Mar/2017:16:32:31 -0300] "GET /cormun/static/Resources/asc.gif HTTP/1.1" 200 67
186.103.159.183 - - [27/Mar/2017:16:32:31 -0300] "GET /cormun/static/Resources/asc.gif HTTP/1.1" 200 67
186.103.159.183 - - [27/Mar/2017:16:32:31 -0300] "GET /cormun/static/Resources/asc.gif HTTP/1.1" 200 67
186.103.159.183 - - [27/Mar/2017:16:32:31 -0300] "GET /cormun/static/Resources/desc.gif HTTP/1.1" 200 65
186.103.159.183 - - [27/Mar/2017:16:32:31 -0300] "GET /cormun/static/Resources/asc.gif HTTP/1.1" 200 67
186.103.159.183 - - [27/Mar/2017:16:32:31 -0300] "GET /cormun/static/Resources/desc.gif HTTP/1.1" 200 65
186.103.159.183 - - [27/Mar/2017:16:32:31 -0300] "GET /cormun/static/Resources/asc.gif HTTP/1.1" 200 67
186.103.159.183 - - [27/Mar/2017:16:32:31 -0300] "GET /cormun/static/Resources/desc.gif HTTP/1.1" 200 65
186.103.159.183 - - [27/Mar/2017:16:32:31 -0300] "GET /cormun//static/Resources/PXToolsGridUpdate.png HTTP/1.1" 200 2984
186.103.159.183 - - [27/Mar/2017:16:32:31 -0300] "GET /cormun//static/Resources/PXToolsGridDelete.png HTTP/1.1" 200 357
186.103.159.183 - - [27/Mar/2017:16:32:31 -0300] "GET /cormun//static/Resources/PXTools/ActionInsert.png HTTP/1.1" 200 1482
186.103.159.183 - - [27/Mar/2017:16:32:31 -0300] "GET /cormun//static/Resources/PXToolsGridDisplay.png HTTP/1.1" 200 362
186.103.159.183 - - [27/Mar/2017:16:32:31 -0300] "GET /cormun//static/Resources/PXToolsActionPrint.png HTTP/1.1" 200 3317
186.103.159.183 - - [27/Mar/2017:16:32:31 -0300] "GET /cormun//static/Resources/PXToolsHeaderFavorites.png HTTP/1.1" 200 2744
186.103.159.183 - - [27/Mar/2017:16:32:31 -0300] "GET /cormun//static/Resources/PXToolsHeaderHelp.png HTTP/1.1" 200 4055
186.103.159.183 - - [27/Mar/2017:16:32:31 -0300] "GET /cormun/servlet/trpermisosgoce? HTTP/1.1" 200 7575
186.103.159.183 - - [27/Mar/2017:16:32:31 -0300] "GET /cormun/static/Shared/ext/resources/themes/images/default/panel/bg-headersPanel.png HTTP/1.1" 200 255
186.103.159.183 - - [27/Mar/2017:16:32:31 -0300] "GET /cormun/static/Shared/ext/resources/themes/images/default/tools/tool-sprites.gif HTTP/1.1" 200 5434
186.103.159.183 - - [27/Mar/2017:16:32:36 -0300] "GET /cormun/servlet/permisogoce?INS,0,,, HTTP/1.1" 200 6748
186.103.159.183 - - [27/Mar/2017:16:32:37 -0300] "GET /cormun/static/gxcfg.js?201731711422032 HTTP/1.1" 200 953
186.103.159.183 - - [27/Mar/2017:16:32:37 -0300] "GET /cormun/static/Resources/prompt.gif HTTP/1.1" 200 902
186.103.159.183 - - [27/Mar/2017:16:32:37 -0300] "GET /cormun/static/gxdec.js?85251 HTTP/1.1" 200 19579
186.103.159.183 - - [27/Mar/2017:16:32:37 -0300] "GET /cormun/static/permisogoce.js?20173171142217 HTTP/1.1" 200 26144
186.103.159.183 - - [27/Mar/2017:16:32:38 -0300] "GET /cormun/servlet/permisogoce?INS,0,,, HTTP/1.1" 200 6748
186.79.92.157 - - [27/Mar/2017:16:32:44 -0300] "POST /cormun/servlet/solicitudot?gx-no-cache=1490643230606 HTTP/1.1" 200 3170
186.79.92.157 - - [27/Mar/2017:16:32:44 -0300] "POST /cormun/servlet/solicitudot?0fb168d65325ec6cd870f2d09bb38630,INS,0,0,,gx-no-cache=1490643231341 HTTP/1.1" 200 9770
186.103.159.183 - - [27/Mar/2017:16:32:47 -0300] "GET /cormun/servlet/permisogoce?ea1626bd76a5bb7a6ef0efcd02c25bec1481f2e7daad9eba332b60544f99e64f59c96d45f3087c4570383e5875bbc4bd,gx-no-cache=1490643236935 HTTP/1.1" 200 70
186.79.92.157 - - [27/Mar/2017:16:32:50 -0300] "GET /cormun/servlet/solicitudot?e1502309920a4420a8937b11db9a6117728f993272bcdc394c9a04407e4310c8631be64b3dcb538e73c811655d506326,gx-no-cache=1490643237677 HTTP/1.1" 200 30
186.79.92.157 - - [27/Mar/2017:16:32:51 -0300] "POST /cormun/servlet/solicitudot?gx-no-cache=1490643237817 HTTP/1.1" 200 255
186.79.92.157 - - [27/Mar/2017:16:32:51 -0300] "GET /cormun/servlet/solicitudot?e1502309920a4420a8937b11db9a6117828e2d424df679df0b07ef7351cb1ffd6c58eea780388f2aba46950b9b7740a3e0dfe0fcf4ba19c288a81192f01f6b999d93309c9aadd2f68f5d800fb05fd815564fd60c3ccc4b66bf81975fc32bdc0a2a13c5bc170f677f605b79768f0c3f7e9c381c33b771da239f1f232c4cd5997e629ddb21923003e5075792a3b0243f14bd2c276b33a81a14fd19333e485eff57a04a71f35ad45bc7d3c0f98330f472b4e76bee0aa229ab8c8de11c886c90740f20ce027621cff7f38d65c3046a683c1c036522e36f034ee9d5edef076944c50a0a5f659cff6df4a7b5a4e9f3e6411492c90891d018ffb85ad5f5949341256e01158539edc11963201f03eb6a42aacc589aeba270c30f8a4f30d88347e2f418ff7ad5230e7d801d52e0147fe04aea543c05e0e44c8616adb15231be632863e23e3ccb66f0d3b45d1ed5022400d6ec6aabf13c6c6353d4e1f3cf948deacd91837984d9555bbd6bf0f51c8211b33eba450b6b775e31332ea7c604f5420c4d143ec6,gx-no-cache=1490643237957 HTTP/1.1" 200 30
186.103.159.183 - - [27/Mar/2017:16:32:53 -0300] "GET /cormun/static/menuarrow.gif HTTP/1.1" 404 1015
186.79.92.157 - - [27/Mar/2017:16:32:56 -0300] "POST /cormun/servlet/solicitudot?gx-no-cache=1490643242750 HTTP/1.1" 200 30
186.79.92.157 - - [27/Mar/2017:16:32:59 -0300] "GET /cormun/servlet/prcontratosol?14202567,,,,,MD,,gxPopupLevel%3D0%3B HTTP/1.1" 200 5555
186.79.92.157 - - [27/Mar/2017:16:32:59 -0300] "GET /cormun/static/gxcfg.js?201731711522183 HTTP/1.1" 200 953
186.79.92.157 - - [27/Mar/2017:16:32:59 -0300] "GET /cormun/static/prcontratosol.js?201731711522419 HTTP/1.1" 200 14084
186.79.92.157 - - [27/Mar/2017:16:32:59 -0300] "GET /cormun/static/Resources/PXToolsGridFirst.gif HTTP/1.1" 200 379
186.79.92.157 - - [27/Mar/2017:16:32:59 -0300] "GET /cormun/static/Resources/PXToolsGridLast.gif HTTP/1.1" 200 370
186.79.92.157 - - [27/Mar/2017:16:32:59 -0300] "GET /cormun/static/Resources/PXToolsGridNext.gif HTTP/1.1" 200 369
186.79.92.157 - - [27/Mar/2017:16:32:59 -0300] "GET /cormun/static/Resources/PXToolsGridPrevious.gif HTTP/1.1" 200 369
186.103.159.183 - - [27/Mar/2017:16:33:00 -0300] "GET /cormun/servlet/permisogoce?ea1626bd76a5bb7a6ef0efcd02c25bec5c57e9bb90d111db03973f74fba6410a57b48c71a36ca22b4f2c74eb5b5ceebdc9fd2eaef2bcdb64b2bd77940cebee00,gx-no-cache=1490643249605 HTTP/1.1" 200 47
186.103.159.183 - - [27/Mar/2017:16:33:13 -0300] "POST /cormun/servlet/permisogoce?c93c57ab618efa4b66b32d9fb08f9ab2,INS,0,,,,gx-no-cache=1490643262971 HTTP/1.1" 200 93
186.103.159.183 - - [27/Mar/2017:16:33:13 -0300] "GET /cormun/servlet/hpexe_return? HTTP/1.1" 200 1003
186.103.159.183 - - [27/Mar/2017:16:33:14 -0300] "GET /cormun/static/gxcfg.js?2016101716175148 HTTP/1.1" 200 953
186.103.159.183 - - [27/Mar/2017:16:33:14 -0300] "GET /cormun/static/Resources/Spanish/PXTools.css?167811 HTTP/1.1" 200 89042
186.103.159.183 - - [27/Mar/2017:16:33:14 -0300] "GET /cormun/static/hpexe_return.js?2016101716175153 HTTP/1.1" 200 1633
186.103.159.183 - - [27/Mar/2017:16:33:14 -0300] "GET /cormun/servlet/trpermisosgoce HTTP/1.1" 200 7829
186.103.159.183 - - [27/Mar/2017:16:33:16 -0300] "GET /cormun/servlet/trpermisosgoce HTTP/1.1" 200 7825
186.103.159.183 - - [27/Mar/2017:16:33:22 -0300] "GET /cormun/servlet/apermisogoceprn?8266428,P,20170327172752,PU HTTP/1.1" 200 1658
186.79.92.157 - - [27/Mar/2017:16:33:43 -0300] "POST /cormun/servlet/solicitudot?gx-no-cache=1490643290307 HTTP/1.1" 200 235
186.79.92.157 - - [27/Mar/2017:16:33:44 -0300] "POST /cormun/servlet/solicitudot?gx-no-cache=1490643290742 HTTP/1.1" 200 38
186.79.92.157 - - [27/Mar/2017:16:33:44 -0300] "GET /cormun/servlet/solicitudot?e1502309920a4420a8937b11db9a61173051e184b6e4842ab564f9e6c7316cc068dd972f6a374faf24ff8e7b15e7e144bd1c32255cf161de456aa79918c61b9f12251107fba490bb35442908ea4cec4c27c4426ef0b01e4f218423cdd01c4cb15a85378716da4f29f50157c57a1174f7d8b216a883a916eea536b7aeeb4710d228a4b076e39a90f0c9189ad831048d3c4340aec543480113ec430edc8061ca3a8079bfc871db2acb173603e3f077fce103bed5a156a69f8167d060336565a004a91118ce650c0cc4710e3500fe0d6ff1,gx-no-cache=1490643290867 HTTP/1.1" 200 29
186.79.92.157 - - [27/Mar/2017:16:33:44 -0300] "POST /cormun/servlet/solicitudot?gx-no-cache=1490643290985 HTTP/1.1" 200 643
186.79.92.157 - - [27/Mar/2017:16:33:44 -0300] "POST /cormun/servlet/solicitudot?gx-no-cache=1490643291112 HTTP/1.1" 200 518
186.79.92.157 - - [27/Mar/2017:16:33:48 -0300] "GET /cormun/servlet/prcontratosol?14202567,,,,,MD,,gxPopupLevel%3D0%3B HTTP/1.1" 200 5555
186.79.92.157 - - [27/Mar/2017:16:34:48 -0300] "GET /cormun/servlet/prcontratosol?14202567,,,,,MD,,gxPopupLevel%3D0%3B HTTP/1.1" 200 5555
186.79.92.157 - - [27/Mar/2017:16:36:43 -0300] "GET /cormun/servlet/hlogin HTTP/1.1" 200 1720
186.79.92.157 - - [27/Mar/2017:16:36:56 -0300] "POST /cormun/servlet/hlogin?0fb168d65325ec6cd870f2d09bb38630,gx-no-cache=1490643482688 HTTP/1.1" 200 90
186.79.92.157 - - [27/Mar/2017:16:36:56 -0300] "GET /cormun/servlet/hpexe_link HTTP/1.1" 200 968
186.79.92.157 - - [27/Mar/2017:16:36:56 -0300] "GET /cormun/servlet/prcontratosol?14202567,,,,,MD, HTTP/1.1" 200 5552
186.79.92.157 - - [27/Mar/2017:16:37:10 -0300] "GET /cormun/servlet/hlogin HTTP/1.1" 200 1749
186.79.92.157 - - [27/Mar/2017:16:37:22 -0300] "POST /cormun/servlet/hlogin?0fb168d65325ec6cd870f2d09bb38630,gx-no-cache=1490643509146 HTTP/1.1" 200 90
186.79.92.157 - - [27/Mar/2017:16:37:22 -0300] "GET /cormun/servlet/hpexe_link HTTP/1.1" 200 968
186.79.92.157 - - [27/Mar/2017:16:37:22 -0300] "GET /cormun/servlet/prcontratosol?14202567,,,,,MD, HTTP/1.1" 200 5552
186.79.92.157 - - [27/Mar/2017:16:37:46 -0300] "GET /cormun/servlet/hlogin HTTP/1.1" 200 1749
46.174.191.32 - - [27/Mar/2017:16:38:54 -0300] "GET / HTTP/1.0" 200 11197
186.103.159.183 - - [27/Mar/2017:16:38:58 -0300] "GET /cormun/servlet/permisogoce?DLT,8266428,P,20170327172752, HTTP/1.1" 200 6713
186.103.159.183 - - [27/Mar/2017:16:39:00 -0300] "GET /cormun/static/Shared/jqueryui/images/ui-bg_highlight-soft_100_c6c2c8_1x100.png HTTP/1.1" 404 1117
186.103.159.183 - - [27/Mar/2017:16:39:00 -0300] "GET /cormun/static/Shared/jqueryui/images/ui-bg_flat_55_fafafa_40x100.png HTTP/1.1" 404 1097
186.103.159.183 - - [27/Mar/2017:16:39:00 -0300] "GET /cormun/static/Shared/jqueryui/images/ui-icons_8d78a5_256x240.png HTTP/1.1" 404 1089
186.103.159.183 - - [27/Mar/2017:16:39:00 -0300] "GET /cormun/servlet/permisogoce?DLT,8266428,P,20170327172752, HTTP/1.1" 200 6715
186.103.159.183 - - [27/Mar/2017:16:39:01 -0300] "GET /cormun/static/Shared/jqueryui/images/ui-icons_82798d_256x240.png HTTP/1.1" 404 1089
186.79.92.157 - - [27/Mar/2017:16:39:03 -0300] "POST /cormun/servlet/hlogin?0fb168d65325ec6cd870f2d09bb38630,gx-no-cache=1490643610394 HTTP/1.1" 200 90
186.79.92.157 - - [27/Mar/2017:16:39:03 -0300] "GET /cormun/servlet/hpexe_link HTTP/1.1" 200 968
186.79.92.157 - - [27/Mar/2017:16:39:04 -0300] "GET /cormun/servlet/prcontratosol?14202567,,,,,MD, HTTP/1.1" 200 5552
186.103.159.183 - - [27/Mar/2017:16:39:04 -0300] "POST /cormun/servlet/permisogoce?c93c57ab618efa4b66b32d9fb08f9ab2,DLT,8266428,P,20170327172752,,gx-no-cache=1490643614351 HTTP/1.1" 200 93
186.103.159.183 - - [27/Mar/2017:16:39:05 -0300] "GET /cormun/servlet/hpexe_return? HTTP/1.1" 200 1021
186.103.159.183 - - [27/Mar/2017:16:39:05 -0300] "GET /cormun/servlet/trpermisosgoce HTTP/1.1" 200 7829
186.103.159.183 - - [27/Mar/2017:16:39:07 -0300] "GET /cormun/servlet/trpermisosgoce HTTP/1.1" 200 7825
186.103.159.183 - - [27/Mar/2017:16:39:10 -0300] "GET /cormun/servlet/permisogoce?DLT,9459169,P,20170321173036, HTTP/1.1" 200 6710
186.103.159.183 - - [27/Mar/2017:16:39:12 -0300] "GET /cormun/static/Shared/jqueryui/images/ui-bg_highlight-soft_100_c6c2c8_1x100.png HTTP/1.1" 404 1117
186.103.159.183 - - [27/Mar/2017:16:39:12 -0300] "GET /cormun/static/Shared/jqueryui/images/ui-icons_82798d_256x240.png HTTP/1.1" 404 1089
186.103.159.183 - - [27/Mar/2017:16:39:12 -0300] "GET /cormun/static/Shared/jqueryui/images/ui-bg_flat_55_fafafa_40x100.png HTTP/1.1" 404 1097
186.103.159.183 - - [27/Mar/2017:16:39:12 -0300] "GET /cormun/static/Shared/jqueryui/images/ui-icons_8d78a5_256x240.png HTTP/1.1" 404 1089
186.79.92.157 - - [27/Mar/2017:16:39:12 -0300] "POST /cormun/servlet/acontrolpreferencessavestate?None,CA-36,true HTTP/1.1" 200 35
186.103.159.183 - - [27/Mar/2017:16:39:12 -0300] "GET /cormun/servlet/permisogoce?DLT,9459169,P,20170321173036, HTTP/1.1" 200 6712
186.103.159.183 - - [27/Mar/2017:16:39:13 -0300] "POST /cormun/servlet/permisogoce?c93c57ab618efa4b66b32d9fb08f9ab2,DLT,9459169,P,20170321173036,,gx-no-cache=1490643623043 HTTP/1.1" 200 4384
186.103.159.183 - - [27/Mar/2017:16:39:13 -0300] "GET /cormun/static/Shared/jqueryui/images/ui-bg_flat_55_994d53_40x100.png HTTP/1.1" 404 1097
186.103.159.183 - - [27/Mar/2017:16:39:13 -0300] "GET /cormun/static/Shared/jqueryui/images/ui-icons_ebccce_256x240.png HTTP/1.1" 404 1089
186.79.92.157 - - [27/Mar/2017:16:39:15 -0300] "POST /cormun/servlet/prcontratosol?0fb168d65325ec6cd870f2d09bb38630,14202567,,,,,MD,,gx-no-cache=1490643622156 HTTP/1.1" 200 2942
186.79.92.157 - - [27/Mar/2017:16:39:18 -0300] "POST /cormun/servlet/prcontratosol?0fb168d65325ec6cd870f2d09bb38630,14202567,,,,,MD,,gx-no-cache=1490643624754 HTTP/1.1" 200 2942
186.79.92.157 - - [27/Mar/2017:16:39:21 -0300] "POST /cormun/servlet/prcontratosol?0fb168d65325ec6cd870f2d09bb38630,14202567,,,,,MD,,gx-no-cache=1490643627645 HTTP/1.1" 200 2943
192.168.10.62 - - [27/Mar/2017:16:40:33 -0300] "GET /cormun/servlet/hlogin HTTP/1.1" 200 1748
192.168.10.62 - - [27/Mar/2017:16:40:45 -0300] "POST /cormun/servlet/hlogin?5e9baa4deca6bdb6b9c629376423346e,gx-no-cache=1490646924380 HTTP/1.1" 200 90
192.168.10.62 - - [27/Mar/2017:16:40:45 -0300] "GET /cormun/servlet/hpexe_link HTTP/1.1" 200 948
192.168.10.62 - - [27/Mar/2017:16:40:45 -0300] "GET /cormun/servlet/hhome HTTP/1.1" 200 3788
192.168.10.62 - - [27/Mar/2017:16:40:46 -0300] "GET /cormun/servlet/hhome HTTP/1.1" 200 3785
186.79.92.157 - - [27/Mar/2017:16:40:47 -0300] "GET /cormun/servlet/hlogin HTTP/1.1" 200 1720
192.168.10.62 - - [27/Mar/2017:16:40:48 -0300] "GET /cormun/servlet/trsolicitudgral? HTTP/1.1" 200 24728
192.168.10.62 - - [27/Mar/2017:16:40:49 -0300] "GET /cormun/servlet/trsolicitudgral? HTTP/1.1" 200 24726
192.168.10.62 - - [27/Mar/2017:16:41:00 -0300] "GET /cormun/static/menuarrow.gif HTTP/1.1" 404 1015
192.168.10.62 - - [27/Mar/2017:16:41:05 -0300] "POST /cormun/servlet/trsolicitudgral?5e9baa4deca6bdb6b9c629376423346e,,gx-no-cache=1490646944198 HTTP/1.1" 200 7876
192.168.10.62 - - [27/Mar/2017:16:41:08 -0300] "POST /cormun/servlet/trsolicitudgral?5e9baa4deca6bdb6b9c629376423346e,,gx-no-cache=1490646946715 HTTP/1.1" 200 105
192.168.10.62 - - [27/Mar/2017:16:41:08 -0300] "GET /cormun/SolicitudGral-6545.xls HTTP/1.1" 200 7168
186.79.86.105 - - [27/Mar/2017:16:41:12 -0300] "GET /cormun/servlet/hlogin HTTP/1.1" 200 1718
186.79.86.105 - - [27/Mar/2017:16:41:21 -0300] "POST /cormun/servlet/hlogin?39d62634824658b049e271a9c9b05284,gx-no-cache=1490643748602 HTTP/1.1" 200 90
186.79.86.105 - - [27/Mar/2017:16:41:21 -0300] "GET /cormun/servlet/hpexe_link HTTP/1.1" 200 959
186.79.92.157 - - [27/Mar/2017:16:41:22 -0300] "POST /cormun/servlet/hlogin?0fb168d65325ec6cd870f2d09bb38630,gx-no-cache=1490643748567 HTTP/1.1" 200 90
186.79.86.105 - - [27/Mar/2017:16:41:22 -0300] "GET /cormun/servlet/solicitudot?INS,0,0, HTTP/1.1" 200 12786
186.79.92.157 - - [27/Mar/2017:16:41:22 -0300] "GET /cormun/servlet/hpexe_link HTTP/1.1" 200 968
186.79.92.157 - - [27/Mar/2017:16:41:22 -0300] "GET /cormun/servlet/prcontratosol?14202567,,,,,MD, HTTP/1.1" 200 5569
186.79.86.105 - - [27/Mar/2017:16:41:24 -0300] "GET /cormun/servlet/solicitudot?INS,0,0, HTTP/1.1" 200 12790
186.79.86.105 - - [27/Mar/2017:16:41:31 -0300] "GET /cormun/Manuales/ManualSolicitud.pdf HTTP/1.1" 200 850295
186.79.86.105 - - [27/Mar/2017:16:43:12 -0300] "GET /cormun/servlet/solicitudot?INS,0,0, HTTP/1.1" 200 12785
186.79.86.105 - - [27/Mar/2017:16:43:13 -0300] "GET /cormun/servlet/solicitudot?INS,0,0, HTTP/1.1" 200 12788
186.79.86.105 - - [27/Mar/2017:16:43:29 -0300] "GET /cormun/servlet/trcontratounov2? HTTP/1.1" 200 16777
186.79.86.105 - - [27/Mar/2017:16:43:31 -0300] "GET /cormun/servlet/trcontratounov2? HTTP/1.1" 200 16768
186.79.92.157 - - [27/Mar/2017:16:43:52 -0300] "GET /cormun/servlet/hlogin HTTP/1.1" 200 1720
186.79.92.157 - - [27/Mar/2017:16:44:08 -0300] "POST /cormun/servlet/hlogin?0fb168d65325ec6cd870f2d09bb38630,gx-no-cache=1490643915601 HTTP/1.1" 200 90
186.79.92.157 - - [27/Mar/2017:16:44:09 -0300] "GET /cormun/servlet/hpexe_link HTTP/1.1" 200 968
186.79.92.157 - - [27/Mar/2017:16:44:09 -0300] "GET /cormun/servlet/prcontratosol?14202567,,,,,MD, HTTP/1.1" 200 5569
186.79.92.157 - - [27/Mar/2017:16:44:16 -0300] "POST /cormun/servlet/acontrolpreferencessavestate?None,CA-36,true HTTP/1.1" 200 35
186.79.86.105 - - [27/Mar/2017:16:44:30 -0300] "GET /cormun/servlet/trcontratounov2? HTTP/1.1" 200 16779
186.79.86.105 - - [27/Mar/2017:16:44:32 -0300] "GET /cormun/servlet/trcontratounov2? HTTP/1.1" 200 16774
186.79.92.157 - - [27/Mar/2017:16:44:33 -0300] "GET /cormun/servlet/hlogin HTTP/1.1" 200 1720
186.79.86.105 - - [27/Mar/2017:16:44:38 -0300] "GET /cormun/servlet/trsolicitudot? HTTP/1.1" 200 8243
186.79.86.105 - - [27/Mar/2017:16:44:40 -0300] "GET /cormun/servlet/trsolicitudot? HTTP/1.1" 200 8242
186.79.86.105 - - [27/Mar/2017:16:44:54 -0300] "POST /cormun/servlet/trsolicitudot?39d62634824658b049e271a9c9b05284,,gx-no-cache=1490643961584 HTTP/1.1" 200 4147
186.79.86.105 - - [27/Mar/2017:16:45:03 -0300] "GET /cormun/servlet/trvisualizadoreventos? HTTP/1.1" 200 6735
186.79.86.105 - - [27/Mar/2017:16:45:04 -0300] "GET /cormun/servlet/trvisualizadoreventos? HTTP/1.1" 200 6735
186.79.92.157 - - [27/Mar/2017:16:45:22 -0300] "POST /cormun/servlet/hlogin?0fb168d65325ec6cd870f2d09bb38630,gx-no-cache=1490643988739 HTTP/1.1" 200 425
186.79.86.105 - - [27/Mar/2017:16:45:25 -0300] "POST /cormun/servlet/trvisualizadoreventos?39d62634824658b049e271a9c9b05284,,gx-no-cache=1490643992402 HTTP/1.1" 200 3975
186.79.92.157 - - [27/Mar/2017:16:45:29 -0300] "POST /cormun/servlet/hlogin?0fb168d65325ec6cd870f2d09bb38630,gx-no-cache=1490643995741 HTTP/1.1" 200 90
186.79.92.157 - - [27/Mar/2017:16:45:29 -0300] "GET /cormun/servlet/hpexe_link HTTP/1.1" 200 951
186.79.86.105 - - [27/Mar/2017:16:45:29 -0300] "GET /cormun/static/menuarrow.gif HTTP/1.1" 404 1015
186.79.92.157 - - [27/Mar/2017:16:45:29 -0300] "GET /cormun/servlet/hhome HTTP/1.1" 200 3917
186.79.92.157 - - [27/Mar/2017:16:45:31 -0300] "GET /cormun/servlet/hhome HTTP/1.1" 200 3913
186.79.92.157 - - [27/Mar/2017:16:45:35 -0300] "GET /cormun/servlet/trautorizarsolicitud? HTTP/1.1" 200 6837
186.79.92.157 - - [27/Mar/2017:16:45:37 -0300] "GET /cormun/servlet/trautorizarsolicitud? HTTP/1.1" 200 6837
186.79.86.105 - - [27/Mar/2017:16:45:37 -0300] "POST /cormun/servlet/trvisualizadoreventos?39d62634824658b049e271a9c9b05284,,gx-no-cache=1490644004499 HTTP/1.1" 200 3981
192.168.10.62 - - [27/Mar/2017:16:45:38 -0300] "GET /cormun/servlet/vesolicitudgral?2017,3370,, HTTP/1.1" 200 8251
192.168.10.62 - - [27/Mar/2017:16:45:38 -0300] "GET /cormun/pexe_scrolldiv.js HTTP/1.1" 404 1009
192.168.10.62 - - [27/Mar/2017:16:45:38 -0300] "GET /cormun/pexe_scrolldiv.js HTTP/1.1" 404 1009
192.168.10.62 - - [27/Mar/2017:16:45:39 -0300] "GET /cormun/servlet/vesolicitudgral?2017,3370,, HTTP/1.1" 200 8251
192.168.10.62 - - [27/Mar/2017:16:45:41 -0300] "POST /cormun/servlet/vesolicitudgral?5e9baa4deca6bdb6b9c629376423346e,2017,3370,,,gx-no-cache=1490647220503 HTTP/1.1" 200 115
192.168.10.62 - - [27/Mar/2017:16:45:41 -0300] "GET /cormun/servlet/solicitudotlog?INS,2017,3370,0,REC, HTTP/1.1" 200 5585
192.168.10.62 - - [27/Mar/2017:16:45:42 -0300] "GET /cormun/servlet/solicitudotlog?INS,2017,3370,0,REC, HTTP/1.1" 200 5579
192.168.10.62 - - [27/Mar/2017:16:45:42 -0300] "GET /cormun/servlet/solicitudotlog?3bd0ff3d45433253e82a00a57cccfc048019062d43595779d8ccf234bc12404e8d0c291a22c6ca0ca90ddc425303f6716d250a3fd740b06fbd6bd53116e01800e09cd71f8412a6ab0adb88e43013c3535fe0fabc53cff78b4d1aa22ef67f32932750258bda1fd5d79630b489243fd57656435b320e22f171752040024c7bced2c52a1ebbc3654c55b195434fc0441870ee24baecbd93b99123757a7bcf6ee958,gx-no-cache=1490647221438 HTTP/1.1" 200 94
186.79.92.157 - - [27/Mar/2017:16:45:46 -0300] "GET /cormun/servlet/hlogin HTTP/1.1" 200 1720
186.79.86.105 - - [27/Mar/2017:16:45:51 -0300] "POST /cormun/servlet/trvisualizadoreventos?39d62634824658b049e271a9c9b05284,,gx-no-cache=1490644018491 HTTP/1.1" 200 3985
192.168.10.62 - - [27/Mar/2017:16:45:57 -0300] "POST /cormun/servlet/solicitudotlog?5e9baa4deca6bdb6b9c629376423346e,INS,2017,3370,0,REC,,gx-no-cache=1490647235926 HTTP/1.1" 200 93
192.168.10.62 - - [27/Mar/2017:16:45:57 -0300] "GET /cormun/servlet/hpexe_return? HTTP/1.1" 200 1022
186.79.86.105 - - [27/Mar/2017:16:45:57 -0300] "POST /cormun/servlet/trvisualizadoreventos?39d62634824658b049e271a9c9b05284,,gx-no-cache=1490644023931 HTTP/1.1" 200 90
186.79.86.105 - - [27/Mar/2017:16:45:57 -0300] "GET /cormun/servlet/hpexe_link HTTP/1.1" 200 964
192.168.10.62 - - [27/Mar/2017:16:45:57 -0300] "GET /cormun/servlet/vesolicitudgral?2017,3370,, HTTP/1.1" 200 8266
192.168.10.62 - - [27/Mar/2017:16:45:57 -0300] "GET /cormun/pexe_scrolldiv.js HTTP/1.1" 404 1009
192.168.10.62 - - [27/Mar/2017:16:45:57 -0300] "GET /cormun/pexe_scrolldiv.js HTTP/1.1" 404 1009
186.79.86.105 - - [27/Mar/2017:16:45:57 -0300] "GET /cormun/servlet/trsolicitudot? HTTP/1.1" 200 6977
192.168.10.62 - - [27/Mar/2017:16:45:57 -0300] "GET /cormun/servlet/vesolicitudgral?2017,3370,, HTTP/1.1" 200 8260
186.79.86.105 - - [27/Mar/2017:16:45:59 -0300] "GET /cormun/servlet/trsolicitudot? HTTP/1.1" 200 6975
192.168.10.62 - - [27/Mar/2017:16:45:59 -0300] "POST /cormun/servlet/vesolicitudgral?5e9baa4deca6bdb6b9c629376423346e,2017,3370,,,gx-no-cache=1490647238469 HTTP/1.1" 200 90
192.168.10.62 - - [27/Mar/2017:16:45:59 -0300] "GET /cormun/servlet/hpexe_link HTTP/1.1" 200 964
192.168.10.62 - - [27/Mar/2017:16:45:59 -0300] "GET /cormun/servlet/trsolicitudgral? HTTP/1.1" 200 10536
192.168.10.62 - - [27/Mar/2017:16:46:00 -0300] "GET /cormun/servlet/trsolicitudgral? HTTP/1.1" 200 10535
186.79.92.157 - - [27/Mar/2017:16:46:01 -0300] "POST /cormun/servlet/hlogin?0fb168d65325ec6cd870f2d09bb38630,gx-no-cache=1490644028195 HTTP/1.1" 200 90
186.79.92.157 - - [27/Mar/2017:16:46:01 -0300] "GET /cormun/servlet/hpexe_link HTTP/1.1" 200 951
186.79.92.157 - - [27/Mar/2017:16:46:01 -0300] "GET /cormun/servlet/hhome HTTP/1.1" 200 3742
186.79.92.157 - - [27/Mar/2017:16:46:03 -0300] "GET /cormun/servlet/hhome HTTP/1.1" 200 3738
186.79.92.157 - - [27/Mar/2017:16:46:11 -0300] "GET /cormun/servlet/trsolicitudot? HTTP/1.1" 200 8471
186.79.92.157 - - [27/Mar/2017:16:46:13 -0300] "GET /cormun/servlet/trsolicitudot? HTTP/1.1" 200 8470
186.79.86.105 - - [27/Mar/2017:16:46:14 -0300] "GET /cormun/servlet/trcontratounov2? HTTP/1.1" 200 16771
192.168.10.96 - - [27/Mar/2017:16:46:16 -0300] "GET /cormun/servlet/vesolicitudnombre?2017,5195,,SolicitudOTAdjuntos HTTP/1.1" 200 10222
186.79.86.105 - - [27/Mar/2017:16:46:16 -0300] "GET /cormun/servlet/trcontratounov2? HTTP/1.1" 200 16770
186.79.92.157 - - [27/Mar/2017:16:46:16 -0300] "GET /cormun/servlet/solicitudot?INS,0,0, HTTP/1.1" 200 12534
192.168.10.96 - - [27/Mar/2017:16:46:16 -0300] "GET /cormun/servlet/vesolicitudnombre?2017,5195,,SolicitudOTAdjuntos HTTP/1.1" 200 10224
186.79.92.157 - - [27/Mar/2017:16:46:18 -0300] "GET /cormun/servlet/solicitudot?INS,0,0, HTTP/1.1" 200 12539
192.168.10.96 - - [27/Mar/2017:16:46:19 -0300] "POST /cormun/servlet/acontrolpreferencessavestate?None,DZAMUDIO,true HTTP/1.1" 200 35
192.168.10.96 - - [27/Mar/2017:16:46:22 -0300] "GET /cormun/servlet/trconsultaempleado? HTTP/1.1" 200 6578
192.168.10.96 - - [27/Mar/2017:16:46:23 -0300] "GET /cormun/servlet/trconsultaempleado? HTTP/1.1" 200 6560
192.168.10.96 - - [27/Mar/2017:16:46:29 -0300] "POST /cormun/servlet/trconsultaempleado?17845bfe3dd9aa6aeaa2a12e03365853,,gx-no-cache=1490647268439 HTTP/1.1" 200 4349
186.79.92.157 - - [27/Mar/2017:16:46:30 -0300] "POST /cormun/servlet/solicitudot?gx-no-cache=1490644057025 HTTP/1.1" 200 3170
192.168.10.96 - - [27/Mar/2017:16:46:30 -0300] "GET /cormun/servlet/trsolicitudnombre?16934789, HTTP/1.1" 200 7230
186.79.92.157 - - [27/Mar/2017:16:46:31 -0300] "POST /cormun/servlet/solicitudot?0fb168d65325ec6cd870f2d09bb38630,INS,0,0,,gx-no-cache=1490644057536 HTTP/1.1" 200 9770
192.168.10.96 - - [27/Mar/2017:16:46:31 -0300] "GET /cormun/servlet/trsolicitudnombre?16934789, HTTP/1.1" 200 7229
192.168.10.96 - - [27/Mar/2017:16:46:32 -0300] "GET /cormun/servlet/vesolicitudnombre?2017,5604,, HTTP/1.1" 200 8412
192.168.10.96 - - [27/Mar/2017:16:46:32 -0300] "GET /cormun/pexe_scrolldiv.js HTTP/1.1" 404 1009
192.168.10.96 - - [27/Mar/2017:16:46:32 -0300] "GET /cormun/pexe_scrolldiv.js HTTP/1.1" 404 1009
192.168.10.96 - - [27/Mar/2017:16:46:33 -0300] "GET /cormun/servlet/vesolicitudnombre?2017,5604,, HTTP/1.1" 200 8406
186.79.92.157 - - [27/Mar/2017:16:46:34 -0300] "GET /cormun/servlet/solicitudot?e1502309920a4420a8937b11db9a6117728f993272bcdc394c9a04407e4310c8631be64b3dcb538e73c811655d506326,gx-no-cache=1490644061085 HTTP/1.1" 200 30
192.168.10.96 - - [27/Mar/2017:16:46:34 -0300] "GET /cormun/servlet/vesolicitudnombre?2017,5604,,SolicitudOTAdjuntos HTTP/1.1" 200 10151
186.79.92.157 - - [27/Mar/2017:16:46:34 -0300] "POST /cormun/servlet/solicitudot?gx-no-cache=1490644061490 HTTP/1.1" 200 255
192.168.10.96 - - [27/Mar/2017:16:46:34 -0300] "GET /cormun/pexe_scrolldiv.js HTTP/1.1" 404 1009
192.168.10.96 - - [27/Mar/2017:16:46:34 -0300] "GET /cormun/pexe_scrolldiv.js HTTP/1.1" 404 1009
186.79.92.157 - - [27/Mar/2017:16:46:34 -0300] "GET /cormun/servlet/solicitudot?e1502309920a4420a8937b11db9a6117828e2d424df679df0b07ef7351cb1ffd6c58eea780388f2aba46950b9b7740a3e0dfe0fcf4ba19c288a81192f01f6b999d93309c9aadd2f68f5d800fb05fd815564fd60c3ccc4b66bf81975fc32bdc0a2a13c5bc170f677f605b79768f0c3f7e9c381c33b771da239f1f232c4cd5997e629ddb21923003e5075792a3b0243f14bd2c276b33a81a14fd19333e485eff57a04a71f35ad45bc7d3c0f98330f472b4e76bee0aa229ab8c8de11c886c90740f20ce027621cff7f38d65c3046a683c1c036522e36f034ee9d5edef076944c50a0a5f659cff6df4a7b5a4e9f3e6411492c90891d018ffb85ad5f5949341256e01158539edc11963201f03eb6a42aacc589aeba270c30f8a4f30d88347e2f418ff7ad5230e7d801d52e0147fe04aea543c05e0e44c8616adb15231be632863e23e3ccb66f0d3b45d1ed5022400d6ec6aabf13c6c6353d4e1f3cf948deacd91837984d9555bbd6bf0f51c8211b33eba450b6b775e31332ea7c604f5420c4d143ec6,gx-no-cache=1490644061665 HTTP/1.1" 200 30
192.168.10.96 - - [27/Mar/2017:16:46:35 -0300] "GET /cormun/servlet/vesolicitudnombre?2017,5604,,SolicitudOTAdjuntos HTTP/1.1" 200 10153
192.168.10.96 - - [27/Mar/2017:16:46:36 -0300] "POST /cormun/servlet/acontrolpreferencessavestate?None,DZAMUDIO,true HTTP/1.1" 200 35
186.79.86.105 - - [27/Mar/2017:16:46:37 -0300] "GET /cormun/servlet/trsolicitudot? HTTP/1.1" 200 6976
192.168.10.96 - - [27/Mar/2017:16:46:37 -0300] "GET /cormun/PublicTempStorage/img0232199461.jpg HTTP/1.1" 200 660262
186.79.92.157 - - [27/Mar/2017:16:46:38 -0300] "POST /cormun/servlet/solicitudot?gx-no-cache=1490644064864 HTTP/1.1" 200 30
186.79.86.105 - - [27/Mar/2017:16:46:39 -0300] "GET /cormun/servlet/trsolicitudot? HTTP/1.1" 200 6975
186.79.92.157 - - [27/Mar/2017:16:46:40 -0300] "GET /cormun/servlet/prcontratosol?14202567,,,,,MD,,gxPopupLevel%3D0%3B HTTP/1.1" 200 5555
192.168.10.96 - - [27/Mar/2017:16:46:43 -0300] "GET /cormun/servlet/vesolicitudnombre?2017,5604,,SolicitudOTAdjuntos HTTP/1.1" 200 10147
192.168.10.96 - - [27/Mar/2017:16:46:44 -0300] "GET /cormun/servlet/vesolicitudnombre?2017,5604,,SolicitudOTAdjuntos HTTP/1.1" 200 10152
192.168.10.96 - - [27/Mar/2017:16:46:44 -0300] "POST /cormun/servlet/acontrolpreferencessavestate?None,DZAMUDIO,true HTTP/1.1" 200 35
192.168.10.96 - - [27/Mar/2017:16:46:45 -0300] "GET /cormun/PublicTempStorage/img0247115243.jpg HTTP/1.1" 200 409769
186.79.86.105 - - [27/Mar/2017:16:46:47 -0300] "GET /cormun/servlet/solicitudot?INS,0,0, HTTP/1.1" 200 12784
186.79.86.105 - - [27/Mar/2017:16:46:49 -0300] "GET /cormun/servlet/solicitudot?INS,0,0, HTTP/1.1" 200 12789
192.168.10.96 - - [27/Mar/2017:16:46:50 -0300] "GET /cormun/servlet/vesolicitudnombre?2017,5604,,SolicitudOTAdjuntos HTTP/1.1" 200 10151
192.168.10.96 - - [27/Mar/2017:16:46:51 -0300] "GET /cormun/servlet/vesolicitudnombre?2017,5604,,SolicitudOTAdjuntos HTTP/1.1" 200 10152
192.168.10.96 - - [27/Mar/2017:16:46:52 -0300] "POST /cormun/servlet/acontrolpreferencessavestate?None,DZAMUDIO,true HTTP/1.1" 200 35
192.168.10.96 - - [27/Mar/2017:16:46:52 -0300] "GET /cormun/PublicTempStorage/img0251892341.jpg HTTP/1.1" 200 332847
192.168.10.96 - - [27/Mar/2017:16:46:56 -0300] "GET /cormun/servlet/vesolicitudnombre?2017,5604,,SolicitudOTAdjuntos HTTP/1.1" 200 10154
192.168.10.96 - - [27/Mar/2017:16:46:57 -0300] "GET /cormun/servlet/vesolicitudnombre?2017,5604,,SolicitudOTAdjuntos HTTP/1.1" 200 10152
192.168.10.96 - - [27/Mar/2017:16:46:57 -0300] "POST /cormun/servlet/acontrolpreferencessavestate?None,DZAMUDIO,true HTTP/1.1" 200 35
192.168.10.96 - - [27/Mar/2017:16:47:00 -0300] "GET /cormun/PublicTempStorage/img0268864213.jpg HTTP/1.1" 200 359554
192.168.10.62 - - [27/Mar/2017:16:47:05 -0300] "GET /cormun/servlet/vesolicitudgral?2017,3890,, HTTP/1.1" 200 8188
192.168.10.62 - - [27/Mar/2017:16:47:05 -0300] "GET /cormun/pexe_scrolldiv.js HTTP/1.1" 404 1009
192.168.10.62 - - [27/Mar/2017:16:47:05 -0300] "GET /cormun/pexe_scrolldiv.js HTTP/1.1" 404 1009
192.168.10.62 - - [27/Mar/2017:16:47:06 -0300] "GET /cormun/servlet/vesolicitudgral?2017,3890,, HTTP/1.1" 200 8188
192.168.10.96 - - [27/Mar/2017:16:47:06 -0300] "GET /cormun/servlet/vesolicitudnombre?2017,5604,,SolicitudOTAdjuntos HTTP/1.1" 200 10150
192.168.10.96 - - [27/Mar/2017:16:47:07 -0300] "GET /cormun/servlet/vesolicitudnombre?2017,5604,,SolicitudOTAdjuntos HTTP/1.1" 200 10152
192.168.10.96 - - [27/Mar/2017:16:47:07 -0300] "POST /cormun/servlet/acontrolpreferencessavestate?None,DZAMUDIO,true HTTP/1.1" 200 35
192.168.10.96 - - [27/Mar/2017:16:47:09 -0300] "GET /cormun/PublicTempStorage/img0228658059.jpg HTTP/1.1" 200 782216
192.168.10.62 - - [27/Mar/2017:16:47:09 -0300] "POST /cormun/servlet/vesolicitudgral?5e9baa4deca6bdb6b9c629376423346e,2017,3890,,,gx-no-cache=1490647308532 HTTP/1.1" 200 115
192.168.10.62 - - [27/Mar/2017:16:47:09 -0300] "GET /cormun/servlet/solicitudotlog?INS,2017,3890,0,REC, HTTP/1.1" 200 5586
186.79.86.105 - - [27/Mar/2017:16:47:10 -0300] "POST /cormun/servlet/solicitudot?gx-no-cache=1490644088412 HTTP/1.1" 200 3175
192.168.10.62 - - [27/Mar/2017:16:47:10 -0300] "GET /cormun/servlet/solicitudotlog?INS,2017,3890,0,REC, HTTP/1.1" 200 5580
192.168.10.62 - - [27/Mar/2017:16:47:10 -0300] "GET /cormun/servlet/solicitudotlog?3bd0ff3d45433253e82a00a57cccfc0464385f112e4185c99721b7d2a4cbebdc8d0c291a22c6ca0ca90ddc425303f6716d250a3fd740b06fbd6bd53116e01800e09cd71f8412a6ab0adb88e43013c3535fe0fabc53cff78b4d1aa22ef67f32932750258bda1fd5d79630b489243fd57656435b320e22f171752040024c7bced2c52a1ebbc3654c55b195434fc0441870ee24baecbd93b99123757a7bcf6ee958,gx-no-cache=1490647309519 HTTP/1.1" 200 94
192.168.10.96 - - [27/Mar/2017:16:47:12 -0300] "GET /cormun/servlet/vesolicitudnombre?2017,5604,,SolicitudOTAdjuntos HTTP/1.1" 200 10150
192.168.10.96 - - [27/Mar/2017:16:47:13 -0300] "GET /cormun/servlet/vesolicitudnombre?2017,5604,,SolicitudOTAdjuntos HTTP/1.1" 200 10149
192.168.10.96 - - [27/Mar/2017:16:47:14 -0300] "POST /cormun/servlet/acontrolpreferencessavestate?None,DZAMUDIO,true HTTP/1.1" 200 35
192.168.10.96 - - [27/Mar/2017:16:47:14 -0300] "GET /cormun/PublicTempStorage/img0214266418.jpg HTTP/1.1" 200 606808
186.79.86.105 - - [27/Mar/2017:16:47:14 -0300] "POST /cormun/servlet/solicitudot?39d62634824658b049e271a9c9b05284,INS,0,0,,gx-no-cache=1490644097498 HTTP/1.1" 200 9969
186.79.86.105 - - [27/Mar/2017:16:47:23 -0300] "GET /cormun/servlet/solicitudot?c78847df1e56e69450e3acc665c083e758d24e030f9f8036b6af0e73fb1cb8c8d00e5bd9b02d7b4af369b004604f56d5,gx-no-cache=1490644111043 HTTP/1.1" 200 30
186.79.86.105 - - [27/Mar/2017:16:47:24 -0300] "POST /cormun/servlet/solicitudot?gx-no-cache=1490644111198 HTTP/1.1" 200 297
186.79.86.105 - - [27/Mar/2017:16:47:24 -0300] "GET /cormun/servlet/solicitudot?c78847df1e56e69450e3acc665c083e7bfacc81fcab3aa2d025142a0688e6fa6d2493082771561cc8dc41b767ea0f733edf3c7f04d26fcb04d8dcbf379617a0949bf954aab096e99de4e07a859310845cdb0591c98da5b36f23560280e226877440082b96352a7bb8af407beabc752d935b8427460191d1fd2c4041ce52aabfef12dc991a8c022c2477d47db081006cd84bd034c156be4c4e0f3abb4c0a05bf6e2845321bc30e3edbbbfeac0502029ba9c3587d155d7656af78f77d8666f876bc03f9f2e4bd635c89d4cdf2596d5acc6f0f8fee5a89d151c5ffc0302e230a1c4267bf862a78fdcd7bef737c42c454f3f901047cfc2432fdacc6f68ec46b3101f2e8735ae742dc87dae0fd6afbce2f0043ead3b29b352f7396ac374227b9d34a1928d7d4722f0b7691e50e885ad1980ef8f162a428140be6ed365e76cbce36f6bcd738e5d80c283d8fe37cea86372bd01aaf2da7316cc8ae1c2151834db271ae4c79807e3bcb64bd9f3a816669cc74949d38cdea09f5ff122035e1da515f5a431de7fddb5e1b6515ad38be438566900ef,gx-no-cache=1490644111365 HTTP/1.1" 200 30
192.168.10.62 - - [27/Mar/2017:16:47:27 -0300] "POST /cormun/servlet/solicitudotlog?5e9baa4deca6bdb6b9c629376423346e,INS,2017,3890,0,REC,,gx-no-cache=1490647326236 HTTP/1.1" 200 93
192.168.10.62 - - [27/Mar/2017:16:47:27 -0300] "GET /cormun/servlet/hpexe_return? HTTP/1.1" 200 1022
192.168.10.62 - - [27/Mar/2017:16:47:27 -0300] "GET /cormun/servlet/vesolicitudgral?2017,3890,, HTTP/1.1" 200 8220
192.168.10.62 - - [27/Mar/2017:16:47:27 -0300] "GET /cormun/pexe_scrolldiv.js HTTP/1.1" 404 1009
192.168.10.62 - - [27/Mar/2017:16:47:27 -0300] "GET /cormun/pexe_scrolldiv.js HTTP/1.1" 404 1009
192.168.10.62 - - [27/Mar/2017:16:47:28 -0300] "GET /cormun/servlet/vesolicitudgral?2017,3890,, HTTP/1.1" 200 8216
186.79.86.105 - - [27/Mar/2017:16:47:29 -0300] "POST /cormun/servlet/solicitudot?gx-no-cache=1490644111511 HTTP/1.1" 200 30
186.79.86.105 - - [27/Mar/2017:16:47:29 -0300] "POST /cormun/servlet/solicitudot?gx-no-cache=1490644116342 HTTP/1.1" 200 1292
192.168.10.62 - - [27/Mar/2017:16:47:29 -0300] "POST /cormun/servlet/vesolicitudgral?5e9baa4deca6bdb6b9c629376423346e,2017,3890,,,gx-no-cache=1490647328791 HTTP/1.1" 200 90
192.168.10.62 - - [27/Mar/2017:16:47:30 -0300] "GET /cormun/servlet/hpexe_link HTTP/1.1" 200 963
192.168.10.62 - - [27/Mar/2017:16:47:30 -0300] "GET /cormun/servlet/trsolicitudgral HTTP/1.1" 200 10268
186.79.86.105 - - [27/Mar/2017:16:47:30 -0300] "POST /cormun/servlet/solicitudot?gx-no-cache=1490644116549 HTTP/1.1" 200 38
192.168.10.62 - - [27/Mar/2017:16:47:30 -0300] "GET /cormun/servlet/trsolicitudgral HTTP/1.1" 200 10267
186.79.86.105 - - [27/Mar/2017:16:47:30 -0300] "GET /cormun/servlet/solicitudot?c78847df1e56e69450e3acc665c083e78306b5fc8871149e47d9410cb45dba3c088b9a7b2997c6673b5645912633ae5d2eef72ad2bab13276da62e8a210bd4bca66b7c986e8010a7bb52677cdaf8a762fb63b03f0b24c9baa42b706a43cdb7772ed976bb09b62030b219814b8e43ebb8,gx-no-cache=1490644117919 HTTP/1.1" 200 29
186.79.86.105 - - [27/Mar/2017:16:47:31 -0300] "POST /cormun/servlet/solicitudot?gx-no-cache=1490644118054 HTTP/1.1" 200 1275
186.79.86.105 - - [27/Mar/2017:16:47:31 -0300] "POST /cormun/servlet/solicitudot?gx-no-cache=1490644118284 HTTP/1.1" 200 1158
186.79.86.105 - - [27/Mar/2017:16:47:31 -0300] "GET /cormun/servlet/solicitudot?c78847df1e56e69450e3acc665c083e7e0a22f13eeaf7f7389aa5a9fa8c1a91327d339eeb0e0583e0e44a88dd5f9ca122aee57fefe8f1a0eb6aab9e9cbbf5e9614b7d5b3a35bbadd91b153607e631826ead8a28cff5c423e9be06000826987a9122c8d3b499e10dc7d650cf1dd7b94cd4c70503513185320aa7ca540a4d09e6d3623af6865517902bdc1e693c9929d1578fa8b642e7e2350829dcd31e3056dd0,gx-no-cache=1490644118502 HTTP/1.1" 200 30
186.79.86.105 - - [27/Mar/2017:16:47:32 -0300] "POST /cormun/servlet/solicitudot?39d62634824658b049e271a9c9b05284,INS,0,0,,gx-no-cache=1490644118654 HTTP/1.1" 200 11283
186.79.86.105 - - [27/Mar/2017:16:47:32 -0300] "GET /cormun/static/Shared/jqueryui/images/ui-bg_highlight-soft_100_c6c2c8_1x100.png HTTP/1.1" 404 1117
186.79.86.105 - - [27/Mar/2017:16:47:32 -0300] "GET /cormun/static/Shared/jqueryui/images/ui-icons_82798d_256x240.png HTTP/1.1" 404 1089
186.79.86.105 - - [27/Mar/2017:16:47:32 -0300] "GET /cormun/static/Shared/jqueryui/images/ui-bg_flat_55_994d53_40x100.png HTTP/1.1" 404 1097
186.79.86.105 - - [27/Mar/2017:16:47:33 -0300] "GET /cormun/static/Shared/jqueryui/images/ui-icons_ebccce_256x240.png HTTP/1.1" 404 1089
186.79.86.105 - - [27/Mar/2017:16:47:45 -0300] "POST /cormun/servlet/solicitudot?39d62634824658b049e271a9c9b05284,INS,0,0,,gx-no-cache=1490644131793 HTTP/1.1" 200 93
186.79.86.105 - - [27/Mar/2017:16:47:45 -0300] "GET /cormun/servlet/hpexe_return? HTTP/1.1" 200 1000
186.79.86.105 - - [27/Mar/2017:16:47:45 -0300] "GET /cormun/static/hpexe_return.js?2016101716175153 HTTP/1.1" 200 1633
186.79.86.105 - - [27/Mar/2017:16:47:45 -0300] "GET /cormun/static/Resources/Spanish/PXTools.css?167811 HTTP/1.1" 200 89042
186.79.86.105 - - [27/Mar/2017:16:47:45 -0300] "GET /cormun/static/gxcfg.js?2016101716175148 HTTP/1.1" 200 953
186.79.86.105 - - [27/Mar/2017:16:47:46 -0300] "GET /cormun/servlet/trsolicitudot HTTP/1.1" 200 6979
186.79.86.105 - - [27/Mar/2017:16:47:47 -0300] "GET /cormun/servlet/trsolicitudot HTTP/1.1" 200 6976
192.168.10.62 - - [27/Mar/2017:16:47:57 -0300] "GET /cormun/servlet/vesolicitudgral?2017,3639,, HTTP/1.1" 200 8174
192.168.10.62 - - [27/Mar/2017:16:47:58 -0300] "GET /cormun/pexe_scrolldiv.js HTTP/1.1" 404 1009
192.168.10.62 - - [27/Mar/2017:16:47:58 -0300] "GET /cormun/pexe_scrolldiv.js HTTP/1.1" 404 1009
192.168.10.62 - - [27/Mar/2017:16:47:58 -0300] "GET /cormun/servlet/vesolicitudgral?2017,3639,, HTTP/1.1" 200 8174
192.168.10.62 - - [27/Mar/2017:16:47:59 -0300] "POST /cormun/servlet/vesolicitudgral?5e9baa4deca6bdb6b9c629376423346e,2017,3639,,,gx-no-cache=1490647358556 HTTP/1.1" 200 115
192.168.10.62 - - [27/Mar/2017:16:47:59 -0300] "GET /cormun/servlet/solicitudotlog?INS,2017,3639,0,REC, HTTP/1.1" 200 5586
192.168.10.62 - - [27/Mar/2017:16:48:00 -0300] "GET /cormun/servlet/solicitudotlog?INS,2017,3639,0,REC, HTTP/1.1" 200 5580
192.168.10.62 - - [27/Mar/2017:16:48:00 -0300] "GET /cormun/servlet/solicitudotlog?3bd0ff3d45433253e82a00a57cccfc04035e844f9ef73b534f8420a98bb1c6ca8d0c291a22c6ca0ca90ddc425303f6716d250a3fd740b06fbd6bd53116e01800e09cd71f8412a6ab0adb88e43013c3535fe0fabc53cff78b4d1aa22ef67f32932750258bda1fd5d79630b489243fd57656435b320e22f171752040024c7bced2c52a1ebbc3654c55b195434fc0441870ee24baecbd93b99123757a7bcf6ee958,gx-no-cache=1490647359503 HTTP/1.1" 200 94
192.168.10.62 - - [27/Mar/2017:16:48:07 -0300] "POST /cormun/servlet/solicitudotlog?5e9baa4deca6bdb6b9c629376423346e,INS,2017,3639,0,REC,,gx-no-cache=1490647366238 HTTP/1.1" 200 93
192.168.10.62 - - [27/Mar/2017:16:48:07 -0300] "GET /cormun/servlet/hpexe_return? HTTP/1.1" 200 1022
192.168.10.62 - - [27/Mar/2017:16:48:07 -0300] "GET /cormun/servlet/vesolicitudgral?2017,3639,, HTTP/1.1" 200 8189
192.168.10.62 - - [27/Mar/2017:16:48:07 -0300] "GET /cormun/pexe_scrolldiv.js HTTP/1.1" 404 1009
192.168.10.62 - - [27/Mar/2017:16:48:07 -0300] "GET /cormun/pexe_scrolldiv.js HTTP/1.1" 404 1009
192.168.10.62 - - [27/Mar/2017:16:48:08 -0300] "GET /cormun/servlet/vesolicitudgral?2017,3639,, HTTP/1.1" 200 8185
186.79.86.105 - - [27/Mar/2017:16:48:10 -0300] "GET /cormun/servlet/hlogin HTTP/1.1" 200 1735
192.168.10.62 - - [27/Mar/2017:16:48:27 -0300] "POST /cormun/servlet/vesolicitudgral?5e9baa4deca6bdb6b9c629376423346e,2017,3639,,,gx-no-cache=1490647386285 HTTP/1.1" 200 90
192.168.10.62 - - [27/Mar/2017:16:48:27 -0300] "GET /cormun/servlet/hpexe_link HTTP/1.1" 200 963
192.168.10.62 - - [27/Mar/2017:16:48:27 -0300] "GET /cormun/servlet/trsolicitudgral HTTP/1.1" 200 10002
192.168.10.62 - - [27/Mar/2017:16:48:28 -0300] "GET /cormun/servlet/trsolicitudgral HTTP/1.1" 200 10001
192.168.10.62 - - [27/Mar/2017:16:50:59 -0300] "POST /cormun/servlet/trsolicitudgral?5e9baa4deca6bdb6b9c629376423346e,gx-no-cache=1490647537908 HTTP/1.1" 200 6991
192.168.10.62 - - [27/Mar/2017:16:51:10 -0300] "GET /cormun/servlet/trconsultaempleado? HTTP/1.1" 200 8837
192.168.10.62 - - [27/Mar/2017:16:51:11 -0300] "GET /cormun/servlet/trconsultaempleado? HTTP/1.1" 200 8836
192.168.10.62 - - [27/Mar/2017:16:51:18 -0300] "POST /cormun/servlet/trconsultaempleado?5e9baa4deca6bdb6b9c629376423346e,,gx-no-cache=1490647557440 HTTP/1.1" 200 3961
192.168.10.96 - - [27/Mar/2017:16:51:19 -0300] "GET /cormun/servlet/vesolicitudnombre?2017,5604,,SolicitudOTAdjuntos HTTP/1.1" 200 10149
192.168.10.62 - - [27/Mar/2017:16:51:20 -0300] "GET /cormun/servlet/trsolicitudnombre?17503191, HTTP/1.1" 200 8319
192.168.10.62 - - [27/Mar/2017:16:51:20 -0300] "GET /cormun/servlet/trsolicitudnombre?17503191, HTTP/1.1" 200 8319
192.168.10.96 - - [27/Mar/2017:16:51:20 -0300] "GET /cormun/servlet/vesolicitudnombre?2017,5604,,SolicitudOTAdjuntos HTTP/1.1" 200 10156
192.168.10.96 - - [27/Mar/2017:16:51:21 -0300] "POST /cormun/servlet/acontrolpreferencessavestate?None,DZAMUDIO,true HTTP/1.1" 200 35
192.168.10.96 - - [27/Mar/2017:16:51:21 -0300] "GET /cormun/servlet/hlogin HTTP/1.1" 200 1762
192.168.10.62 - - [27/Mar/2017:16:51:26 -0300] "GET /cormun/servlet/vesolicitudnombre?2017,3346,, HTTP/1.1" 200 8043
192.168.10.62 - - [27/Mar/2017:16:51:26 -0300] "GET /cormun/pexe_scrolldiv.js HTTP/1.1" 404 1009
192.168.10.62 - - [27/Mar/2017:16:51:26 -0300] "GET /cormun/pexe_scrolldiv.js HTTP/1.1" 404 1009
192.168.10.62 - - [27/Mar/2017:16:51:26 -0300] "GET /cormun/servlet/vesolicitudnombre?2017,3346,, HTTP/1.1" 200 8037
186.79.92.157 - - [27/Mar/2017:16:51:26 -0300] "POST /cormun/servlet/solicitudot?gx-no-cache=1490644353489 HTTP/1.1" 200 235
186.79.92.157 - - [27/Mar/2017:16:51:27 -0300] "POST /cormun/servlet/solicitudot?gx-no-cache=1490644353770 HTTP/1.1" 200 38
186.79.92.157 - - [27/Mar/2017:16:51:27 -0300] "GET /cormun/servlet/solicitudot?e1502309920a4420a8937b11db9a61173051e184b6e4842ab564f9e6c7316cc068dd972f6a374faf24ff8e7b15e7e144bd1c32255cf161de456aa79918c61b9f12251107fba490bb35442908ea4cec4c27c4426ef0b01e4f218423cdd01c4cb15a85378716da4f29f50157c57a1174f7d8b216a883a916eea536b7aeeb4710d228a4b076e39a90f0c9189ad831048d3c4340aec543480113ec430edc8061ca3a8079bfc871db2acb173603e3f077fce103bed5a156a69f8167d060336565a004a91118ce650c0cc4710e3500fe0d6ff1,gx-no-cache=1490644353913 HTTP/1.1" 200 29
186.79.92.157 - - [27/Mar/2017:16:51:27 -0300] "POST /cormun/servlet/solicitudot?gx-no-cache=1490644354029 HTTP/1.1" 200 643
186.79.92.157 - - [27/Mar/2017:16:51:27 -0300] "POST /cormun/servlet/solicitudot?gx-no-cache=1490644354142 HTTP/1.1" 200 518
192.168.10.62 - - [27/Mar/2017:16:51:29 -0300] "POST /cormun/servlet/vesolicitudnombre?5e9baa4deca6bdb6b9c629376423346e,2017,3346,,,gx-no-cache=1490647567875 HTTP/1.1" 200 90
192.168.10.62 - - [27/Mar/2017:16:51:29 -0300] "GET /cormun/servlet/hpexe_link HTTP/1.1" 200 974
192.168.10.62 - - [27/Mar/2017:16:51:29 -0300] "GET /cormun/servlet/trsolicitudnombre?17503191, HTTP/1.1" 200 8320
192.168.10.62 - - [27/Mar/2017:16:51:29 -0300] "GET /cormun/servlet/trsolicitudnombre?17503191, HTTP/1.1" 200 8321
192.168.10.62 - - [27/Mar/2017:16:51:31 -0300] "GET /cormun/servlet/vesolicitudnombre?2017,3347,, HTTP/1.1" 200 8034
192.168.10.62 - - [27/Mar/2017:16:51:31 -0300] "GET /cormun/pexe_scrolldiv.js HTTP/1.1" 404 1009
192.168.10.62 - - [27/Mar/2017:16:51:31 -0300] "GET /cormun/pexe_scrolldiv.js HTTP/1.1" 404 1009
192.168.10.62 - - [27/Mar/2017:16:51:31 -0300] "GET /cormun/servlet/vesolicitudnombre?2017,3347,, HTTP/1.1" 200 8028
192.168.10.62 - - [27/Mar/2017:16:51:34 -0300] "POST /cormun/servlet/vesolicitudnombre?5e9baa4deca6bdb6b9c629376423346e,2017,3347,,,gx-no-cache=1490647573046 HTTP/1.1" 200 90
192.168.10.62 - - [27/Mar/2017:16:51:34 -0300] "GET /cormun/servlet/hpexe_link HTTP/1.1" 200 974
192.168.10.62 - - [27/Mar/2017:16:51:34 -0300] "GET /cormun/servlet/trsolicitudnombre?17503191, HTTP/1.1" 200 8318
192.168.10.62 - - [27/Mar/2017:16:51:34 -0300] "GET /cormun/servlet/trsolicitudnombre?17503191, HTTP/1.1" 200 8320
192.168.10.62 - - [27/Mar/2017:16:51:36 -0300] "GET /cormun/servlet/vesolicitudnombre?2017,5215,, HTTP/1.1" 200 8018
192.168.10.62 - - [27/Mar/2017:16:51:36 -0300] "GET /cormun/pexe_scrolldiv.js HTTP/1.1" 404 1009
192.168.10.62 - - [27/Mar/2017:16:51:36 -0300] "GET /cormun/pexe_scrolldiv.js HTTP/1.1" 404 1009
192.168.10.96 - - [27/Mar/2017:16:51:36 -0300] "POST /cormun/servlet/hlogin?17845bfe3dd9aa6aeaa2a12e03365853,gx-no-cache=1490647575474 HTTP/1.1" 200 471
192.168.10.62 - - [27/Mar/2017:16:51:36 -0300] "GET /cormun/servlet/vesolicitudnombre?2017,5215,, HTTP/1.1" 200 8012
192.168.10.96 - - [27/Mar/2017:16:51:40 -0300] "POST /cormun/servlet/hlogin?17845bfe3dd9aa6aeaa2a12e03365853,gx-no-cache=1490647578867 HTTP/1.1" 200 471
192.168.10.62 - - [27/Mar/2017:16:51:44 -0300] "GET /cormun/servlet/vesolicitudnombre?2017,5215,,SolicitudOTLog HTTP/1.1" 200 8859
192.168.10.62 - - [27/Mar/2017:16:51:44 -0300] "GET /cormun/pexe_scrolldiv.js HTTP/1.1" 404 1009
192.168.10.62 - - [27/Mar/2017:16:51:44 -0300] "GET /cormun/pexe_scrolldiv.js HTTP/1.1" 404 1009
192.168.10.62 - - [27/Mar/2017:16:51:44 -0300] "GET /cormun/servlet/vesolicitudnombre?2017,5215,,SolicitudOTLog HTTP/1.1" 200 8860
192.168.10.62 - - [27/Mar/2017:16:51:45 -0300] "POST /cormun/servlet/acontrolpreferencessavestate?None,FGONZALEZG,true HTTP/1.1" 200 35
192.168.10.62 - - [27/Mar/2017:16:51:48 -0300] "POST /cormun/servlet/vesolicitudnombre?5e9baa4deca6bdb6b9c629376423346e,2017,5215,,SolicitudOTLog,gx-no-cache=1490647586874 HTTP/1.1" 200 90
192.168.10.62 - - [27/Mar/2017:16:51:48 -0300] "GET /cormun/servlet/hpexe_link HTTP/1.1" 200 982
192.168.10.62 - - [27/Mar/2017:16:51:48 -0300] "GET /cormun/servlet/trsolicitudnombre?17503191, HTTP/1.1" 200 8319
192.168.10.62 - - [27/Mar/2017:16:51:48 -0300] "GET /cormun/servlet/trsolicitudnombre?17503191, HTTP/1.1" 200 8321
192.168.10.96 - - [27/Mar/2017:16:51:50 -0300] "POST /cormun/servlet/hlogin?17845bfe3dd9aa6aeaa2a12e03365853,gx-no-cache=1490647589517 HTTP/1.1" 200 471
