192.168.10.96 - - [27/Mar/2017:11:18:53 -0300] "GET /cormun/servlet/vesolicitudnombre?2017,5352,,SolicitudOTAdjuntos HTTP/1.1" 200 10194
192.168.10.96 - - [27/Mar/2017:11:18:53 -0300] "GET /cormun/pexe_scrolldiv.js HTTP/1.1" 404 1009
192.168.10.96 - - [27/Mar/2017:11:18:53 -0300] "GET /cormun/pexe_scrolldiv.js HTTP/1.1" 404 1009
192.168.10.96 - - [27/Mar/2017:11:18:53 -0300] "GET /cormun/servlet/vesolicitudnombre?2017,5352,,SolicitudOTAdjuntos HTTP/1.1" 200 10196
192.168.10.96 - - [27/Mar/2017:11:18:54 -0300] "POST /cormun/servlet/acontrolpreferencessavestate?None,DZAMUDIO,true HTTP/1.1" 200 35
192.168.10.96 - - [27/Mar/2017:11:18:57 -0300] "GET /cormun/PublicTempStorage/c.i4048888.pdf HTTP/1.1" 200 221434
186.79.151.210 - - [27/Mar/2017:11:18:57 -0300] "POST /cormun/servlet/trautorizarsolicitud?7eea65c70dc5f9c64a49f34469f9413d,,gx-no-cache=1490624404110 HTTP/1.1" 200 6320
186.79.151.210 - - [27/Mar/2017:11:18:57 -0300] "GET /cormun/static/Shared/jqueryui/images/ui-bg_highlight-soft_100_c6c2c8_1x100.png HTTP/1.1" 404 1117
186.79.151.210 - - [27/Mar/2017:11:18:57 -0300] "GET /cormun/static/Shared/jqueryui/images/ui-icons_82798d_256x240.png HTTP/1.1" 404 1089
186.79.151.210 - - [27/Mar/2017:11:18:57 -0300] "GET /cormun/static/Shared/jqueryui/images/ui-bg_flat_55_fafafa_40x100.png HTTP/1.1" 404 1097
186.79.151.210 - - [27/Mar/2017:11:18:57 -0300] "GET /cormun/static/Shared/jqueryui/images/ui-icons_8d78a5_256x240.png HTTP/1.1" 404 1089
186.79.151.210 - - [27/Mar/2017:11:18:58 -0300] "POST /cormun/servlet/trautorizarsolicitud?7eea65c70dc5f9c64a49f34469f9413d,,gx-no-cache=1490624405152 HTTP/1.1" 200 6264
192.168.10.96 - - [27/Mar/2017:11:19:01 -0300] "GET /cormun/servlet/vesolicitudnombre?2017,5352,,SolicitudOTAdjuntos HTTP/1.1" 200 10193
186.79.151.210 - - [27/Mar/2017:11:19:01 -0300] "POST /cormun/servlet/trautorizarsolicitud?7eea65c70dc5f9c64a49f34469f9413d,,gx-no-cache=1490624408206 HTTP/1.1" 200 5876
186.79.151.210 - - [27/Mar/2017:11:19:01 -0300] "POST /cormun/servlet/trautorizarsolicitud?7eea65c70dc5f9c64a49f34469f9413d,,gx-no-cache=1490624408815 HTTP/1.1" 200 5823
192.168.10.96 - - [27/Mar/2017:11:19:01 -0300] "GET /cormun/servlet/vesolicitudnombre?2017,5352,,SolicitudOTAdjuntos HTTP/1.1" 200 10196
192.168.10.96 - - [27/Mar/2017:11:19:02 -0300] "POST /cormun/servlet/acontrolpreferencessavestate?None,DZAMUDIO,true HTTP/1.1" 200 35
186.79.151.210 - - [27/Mar/2017:11:19:06 -0300] "POST /cormun/servlet/trautorizarsolicitud?7eea65c70dc5f9c64a49f34469f9413d,,gx-no-cache=1490624414049 HTTP/1.1" 200 5530
186.79.151.210 - - [27/Mar/2017:11:19:07 -0300] "POST /cormun/servlet/trautorizarsolicitud?7eea65c70dc5f9c64a49f34469f9413d,,gx-no-cache=1490624414573 HTTP/1.1" 200 5477
192.168.10.96 - - [27/Mar/2017:11:19:07 -0300] "GET /cormun/servlet/trconsultaempleado? HTTP/1.1" 200 6587
192.168.10.96 - - [27/Mar/2017:11:19:07 -0300] "GET /cormun/servlet/trconsultaempleado? HTTP/1.1" 200 6570
186.79.151.210 - - [27/Mar/2017:11:19:10 -0300] "POST /cormun/servlet/trautorizarsolicitud?7eea65c70dc5f9c64a49f34469f9413d,,gx-no-cache=1490624417873 HTTP/1.1" 200 4372
186.79.151.210 - - [27/Mar/2017:11:19:11 -0300] "POST /cormun/servlet/trautorizarsolicitud?7eea65c70dc5f9c64a49f34469f9413d,,gx-no-cache=1490624418372 HTTP/1.1" 200 4107
186.79.10.110 - - [27/Mar/2017:11:19:14 -0300] "GET /cormun/servlet/hlogin HTTP/1.1" 200 1724
192.168.10.96 - - [27/Mar/2017:11:19:15 -0300] "POST /cormun/servlet/trconsultaempleado?3289a6b370eede19218546305cb3e939,,gx-no-cache=1490627633915 HTTP/1.1" 200 4348
192.168.10.96 - - [27/Mar/2017:11:19:16 -0300] "GET /cormun/servlet/trsolicitudnombre?19203342, HTTP/1.1" 200 7218
186.79.10.110 - - [27/Mar/2017:11:19:16 -0300] "POST /cormun/servlet/hlogin?a1356c01886899e1f7e4d343b994d37d,gx-no-cache=1490624423960 HTTP/1.1" 200 90
186.79.10.110 - - [27/Mar/2017:11:19:16 -0300] "GET /cormun/servlet/hpexe_link HTTP/1.1" 200 953
192.168.10.96 - - [27/Mar/2017:11:19:16 -0300] "GET /cormun/servlet/trsolicitudnombre?19203342, HTTP/1.1" 200 7218
186.79.10.110 - - [27/Mar/2017:11:19:16 -0300] "GET /cormun/servlet/hhome HTTP/1.1" 200 3759
186.79.10.110 - - [27/Mar/2017:11:19:17 -0300] "GET /cormun/servlet/hhome HTTP/1.1" 200 3756
186.79.10.110 - - [27/Mar/2017:11:19:22 -0300] "GET /cormun/servlet/trsolicitudot? HTTP/1.1" 200 8812
186.79.10.110 - - [27/Mar/2017:11:19:22 -0300] "GET /cormun/servlet/trsolicitudot? HTTP/1.1" 200 8810
192.168.10.96 - - [27/Mar/2017:11:19:23 -0300] "GET /cormun/servlet/vesolicitudnombre?2017,5679,, HTTP/1.1" 200 8380
192.168.10.96 - - [27/Mar/2017:11:19:23 -0300] "GET /cormun/pexe_scrolldiv.js HTTP/1.1" 404 1009
192.168.10.96 - - [27/Mar/2017:11:19:23 -0300] "GET /cormun/pexe_scrolldiv.js HTTP/1.1" 404 1009
192.168.10.96 - - [27/Mar/2017:11:19:23 -0300] "GET /cormun/servlet/vesolicitudnombre?2017,5679,, HTTP/1.1" 200 8374
186.79.151.210 - - [27/Mar/2017:11:19:28 -0300] "GET /cormun/servlet/trlicencias? HTTP/1.1" 200 6853
186.79.10.110 - - [27/Mar/2017:11:19:28 -0300] "POST /cormun/servlet/trsolicitudot?a1356c01886899e1f7e4d343b994d37d,,gx-no-cache=1490624436027 HTTP/1.1" 200 6146
186.79.151.210 - - [27/Mar/2017:11:19:28 -0300] "GET /cormun/static/gxcfg.js?2016122619301429 HTTP/1.1" 200 953
186.79.151.210 - - [27/Mar/2017:11:19:29 -0300] "GET /cormun/static/trlicencias.js?2016122619301919 HTTP/1.1" 200 37913
186.79.10.110 - - [27/Mar/2017:11:19:29 -0300] "GET /cormun/static/Shared/jqueryui/images/ui-bg_highlight-soft_100_c6c2c8_1x100.png HTTP/1.1" 404 1117
186.79.10.110 - - [27/Mar/2017:11:19:29 -0300] "GET /cormun/static/Shared/jqueryui/images/ui-icons_82798d_256x240.png HTTP/1.1" 404 1089
186.79.151.210 - - [27/Mar/2017:11:19:29 -0300] "GET /cormun/static/Resources/PXToolsGridNew.png HTTP/1.1" 200 2949
186.79.10.110 - - [27/Mar/2017:11:19:29 -0300] "GET /cormun/static/Shared/jqueryui/images/ui-bg_flat_55_fafafa_40x100.png HTTP/1.1" 404 1097
186.79.10.110 - - [27/Mar/2017:11:19:29 -0300] "GET /cormun/static/Shared/jqueryui/images/ui-icons_8d78a5_256x240.png HTTP/1.1" 404 1089
186.79.151.210 - - [27/Mar/2017:11:19:29 -0300] "GET /cormun/servlet/trlicencias? HTTP/1.1" 200 6852
192.168.10.96 - - [27/Mar/2017:11:19:34 -0300] "GET /cormun/servlet/vesolicitudnombre?2017,5679,,SolicitudOTAdjuntos HTTP/1.1" 200 10217
192.168.10.96 - - [27/Mar/2017:11:19:34 -0300] "GET /cormun/pexe_scrolldiv.js HTTP/1.1" 404 1009
192.168.10.96 - - [27/Mar/2017:11:19:34 -0300] "GET /cormun/pexe_scrolldiv.js HTTP/1.1" 404 1009
192.168.10.96 - - [27/Mar/2017:11:19:35 -0300] "GET /cormun/servlet/vesolicitudnombre?2017,5679,,SolicitudOTAdjuntos HTTP/1.1" 200 10216
192.168.10.96 - - [27/Mar/2017:11:19:35 -0300] "POST /cormun/servlet/acontrolpreferencessavestate?None,DZAMUDIO,true HTTP/1.1" 200 35
192.168.10.96 - - [27/Mar/2017:11:19:36 -0300] "GET /cormun/PublicTempStorage/ci_carla_diaz5222666.pdf HTTP/1.1" 200 229828
192.168.10.96 - - [27/Mar/2017:11:19:41 -0300] "GET /cormun/servlet/vesolicitudnombre?2017,5679,,SolicitudOTAdjuntos HTTP/1.1" 200 10213
192.168.10.96 - - [27/Mar/2017:11:19:42 -0300] "GET /cormun/servlet/vesolicitudnombre?2017,5679,,SolicitudOTAdjuntos HTTP/1.1" 200 10217
192.168.10.96 - - [27/Mar/2017:11:19:42 -0300] "POST /cormun/servlet/acontrolpreferencessavestate?None,DZAMUDIO,true HTTP/1.1" 200 35
192.168.10.96 - - [27/Mar/2017:11:19:43 -0300] "GET /cormun/PublicTempStorage/titulo_carla_diaz3832135.pdf HTTP/1.1" 200 766298
186.79.10.110 - - [27/Mar/2017:11:19:44 -0300] "POST /cormun/servlet/trsolicitudot?a1356c01886899e1f7e4d343b994d37d,,gx-no-cache=1490624451323 HTTP/1.1" 200 106
186.79.10.110 - - [27/Mar/2017:11:19:44 -0300] "GET /cormun/servlet/trsolicitudadjuntos?2017,5755, HTTP/1.1" 200 8320
186.79.10.110 - - [27/Mar/2017:11:19:45 -0300] "GET /cormun/servlet/trsolicitudadjuntos?2017,5755, HTTP/1.1" 200 8323
186.79.151.210 - - [27/Mar/2017:11:19:45 -0300] "GET /cormun/servlet/trautorizarsolicitud? HTTP/1.1" 200 6909
186.79.151.210 - - [27/Mar/2017:11:19:46 -0300] "GET /cormun/servlet/trautorizarsolicitud? HTTP/1.1" 200 6909
192.168.10.96 - - [27/Mar/2017:11:19:48 -0300] "GET /cormun/servlet/vesolicitudnombre?2017,5679,,SolicitudOTAdjuntos HTTP/1.1" 200 10216
192.168.10.96 - - [27/Mar/2017:11:19:49 -0300] "GET /cormun/servlet/vesolicitudnombre?2017,5679,,SolicitudOTAdjuntos HTTP/1.1" 200 10215
192.168.10.96 - - [27/Mar/2017:11:19:49 -0300] "POST /cormun/servlet/acontrolpreferencessavestate?None,DZAMUDIO,true HTTP/1.1" 200 35
192.168.10.96 - - [27/Mar/2017:11:19:50 -0300] "GET /cormun/PublicTempStorage/carla_diaz7986089.pdf HTTP/1.1" 200 558701
186.79.10.110 - - [27/Mar/2017:11:19:53 -0300] "GET /cormun/servlet/solicitudotadjuntos?INS,2017,5755,,1, HTTP/1.1" 200 5797
186.79.10.110 - - [27/Mar/2017:11:19:53 -0300] "GET /cormun/static/about:blank HTTP/1.1" 404 1011
186.79.10.110 - - [27/Mar/2017:11:19:53 -0300] "GET /cormun/servlet/solicitudotadjuntos?INS,2017,5755,,1, HTTP/1.1" 200 5791
186.79.10.110 - - [27/Mar/2017:11:19:54 -0300] "GET /cormun/servlet/solicitudotadjuntos?8802c28d90684a1142f47666839c41c6bcb70f88f53a2ebe83ca409a6b9a988ea3604d862b0352dfff2fa082dbd9fec4,gx-no-cache=1490624461674 HTTP/1.1" 200 30
192.168.10.96 - - [27/Mar/2017:11:19:54 -0300] "GET /cormun/servlet/vesolicitudnombre?2017,5679,,SolicitudOTAdjuntos HTTP/1.1" 200 10216
186.79.10.110 - - [27/Mar/2017:11:19:55 -0300] "POST /cormun/servlet/solicitudotadjuntos?a1356c01886899e1f7e4d343b994d37d,INS,2017,5755,,1,,gx-no-cache=1490624461980 HTTP/1.1" 200 3644
192.168.10.96 - - [27/Mar/2017:11:19:55 -0300] "GET /cormun/servlet/vesolicitudnombre?2017,5679,,SolicitudOTAdjuntos HTTP/1.1" 200 10216
192.168.10.96 - - [27/Mar/2017:11:19:56 -0300] "POST /cormun/servlet/acontrolpreferencessavestate?None,DZAMUDIO,true HTTP/1.1" 200 35
186.79.10.110 - - [27/Mar/2017:11:19:57 -0300] "POST /cormun/servlet/solicitudotadjuntos?gx-no-cache=1490624464887 HTTP/1.1" 200 26
192.168.10.96 - - [27/Mar/2017:11:19:58 -0300] "GET /cormun/PublicTempStorage/fonasa_carla_diaz5549869.pdf HTTP/1.1" 200 249820
192.168.10.96 - - [27/Mar/2017:11:20:02 -0300] "GET /cormun/servlet/vesolicitudnombre?2017,5679,,SolicitudOTAdjuntos HTTP/1.1" 200 10214
186.79.151.210 - - [27/Mar/2017:11:20:03 -0300] "GET /cormun/servlet/trsolicitudot? HTTP/1.1" 200 8075
192.168.10.96 - - [27/Mar/2017:11:20:03 -0300] "GET /cormun/servlet/vesolicitudnombre?2017,5679,,SolicitudOTAdjuntos HTTP/1.1" 200 10216
192.168.10.96 - - [27/Mar/2017:11:20:03 -0300] "POST /cormun/servlet/acontrolpreferencessavestate?None,DZAMUDIO,true HTTP/1.1" 200 35
186.79.151.210 - - [27/Mar/2017:11:20:04 -0300] "GET /cormun/servlet/trsolicitudot? HTTP/1.1" 200 8075
192.168.10.96 - - [27/Mar/2017:11:20:06 -0300] "GET /cormun/PublicTempStorage/antecedentes_carla_diaz5303664.pdf HTTP/1.1" 200 346731
192.168.10.96 - - [27/Mar/2017:11:20:11 -0300] "GET /cormun/servlet/vesolicitudnombre?2017,5679,,SolicitudOTAdjuntos HTTP/1.1" 200 10213
192.168.10.96 - - [27/Mar/2017:11:20:12 -0300] "GET /cormun/servlet/vesolicitudnombre?2017,5679,,SolicitudOTAdjuntos HTTP/1.1" 200 10216
192.168.10.96 - - [27/Mar/2017:11:20:12 -0300] "POST /cormun/servlet/acontrolpreferencessavestate?None,DZAMUDIO,true HTTP/1.1" 200 35
192.168.10.96 - - [27/Mar/2017:11:20:14 -0300] "GET /cormun/PublicTempStorage/cv_caral_diaz7192383.pdf HTTP/1.1" 200 710122
186.79.10.110 - - [27/Mar/2017:11:20:16 -0300] "GET /cormun/servlet/solicitudotadjuntos?8802c28d90684a1142f47666839c41c6d153f9c693123b7354e6ff489e2bebc1,gx-no-cache=1490624483850 HTTP/1.1" 200 30
186.79.10.110 - - [27/Mar/2017:11:20:16 -0300] "GET /cormun/servlet/solicitudotadjuntos?8802c28d90684a1142f47666839c41c6d153f9c693123b7354e6ff489e2bebc1,gx-no-cache=1490624484003 HTTP/1.1" 200 30
186.67.172.234 - - [27/Mar/2017:11:20:16 -0300] "GET /cormun/servlet/hlogin HTTP/1.1" 200 1723
186.67.172.234 - - [27/Mar/2017:11:20:16 -0300] "GET /cormun/static/gxtimezone.js?85251 HTTP/1.1" 200 5781
186.67.172.234 - - [27/Mar/2017:11:20:16 -0300] "GET /cormun/static/gxcfg.js?201731711485472 HTTP/1.1" 200 953
186.67.172.234 - - [27/Mar/2017:11:20:16 -0300] "GET /cormun/static/Resources/Spanish/PXTools.css?11294912 HTTP/1.1" 200 89042
186.67.172.234 - - [27/Mar/2017:11:20:17 -0300] "GET /cormun/static/messages.spa.js?85251 HTTP/1.1" 200 30736
186.67.172.234 - - [27/Mar/2017:11:20:17 -0300] "GET /cormun/static/hlogin.js?201731711485490 HTTP/1.1" 200 2136
186.67.172.234 - - [27/Mar/2017:11:20:17 -0300] "GET /cormun/static/Resources/ComunLogin.png HTTP/1.1" 200 17326
186.67.172.234 - - [27/Mar/2017:11:20:21 -0300] "GET /cormun/static/gxgral.js?85251 HTTP/1.1" 200 384558
186.67.172.234 - - [27/Mar/2017:11:20:22 -0300] "GET /cormun/static/Resources/PXToolsLoginBackground.png HTTP/1.1" 200 1164
186.67.172.234 - - [27/Mar/2017:11:20:22 -0300] "GET /cormun/static/Resources/PXToolsLoginTop.png HTTP/1.1" 200 1337
186.67.172.234 - - [27/Mar/2017:11:20:22 -0300] "GET /cormun/static/Resources/PXToolsButtonLeft21.png HTTP/1.1" 200 1287
186.67.172.234 - - [27/Mar/2017:11:20:22 -0300] "GET /cormun/static/Resources/PXToolsButtonBackground2.png HTTP/1.1" 200 1181
186.67.172.234 - - [27/Mar/2017:11:20:22 -0300] "GET /cormun/static/Resources/PXToolsButtonRight21.png HTTP/1.1" 200 1283
186.67.172.234 - - [27/Mar/2017:11:20:22 -0300] "GET /cormun/static/Resources/PXToolsLoginBottom.png HTTP/1.1" 200 1389
186.67.172.234 - - [27/Mar/2017:11:20:22 -0300] "GET /cormun/static/Resources/indicator.gif HTTP/1.1" 200 1553
186.67.172.234 - - [27/Mar/2017:11:20:22 -0300] "GET /cormun/servlet/hlogin HTTP/1.1" 200 1733
186.67.172.234 - - [27/Mar/2017:11:20:22 -0300] "GET /cormun/static/Resources/PXToolsLoginBackground.png HTTP/1.1" 200 1164
186.67.172.234 - - [27/Mar/2017:11:20:22 -0300] "GET /favicon.ico HTTP/1.1" 200 21630
186.79.10.110 - - [27/Mar/2017:11:20:25 -0300] "POST /cormun/servlet/solicitudotadjuntos?a1356c01886899e1f7e4d343b994d37d,INS,2017,5755,,1, HTTP/1.1" 200 5833
186.79.10.110 - - [27/Mar/2017:11:20:26 -0300] "GET /cormun/static/Shared/jqueryui/images/ui-bg_highlight-soft_100_c6c2c8_1x100.png HTTP/1.1" 404 1117
186.79.10.110 - - [27/Mar/2017:11:20:26 -0300] "GET /cormun/static/Shared/jqueryui/images/ui-icons_82798d_256x240.png HTTP/1.1" 404 1089
186.79.10.110 - - [27/Mar/2017:11:20:26 -0300] "GET /cormun/static/Shared/jqueryui/images/ui-bg_flat_55_994d53_40x100.png HTTP/1.1" 404 1097
186.79.10.110 - - [27/Mar/2017:11:20:26 -0300] "GET /cormun/static/Shared/jqueryui/images/ui-icons_ebccce_256x240.png HTTP/1.1" 404 1089
186.79.10.110 - - [27/Mar/2017:11:20:27 -0300] "GET /cormun/PrivateTempStorage/upload_00004117.jpg HTTP/1.1" 200 538335
186.79.151.210 - - [27/Mar/2017:11:20:39 -0300] "GET /cormun/servlet/solicitudot?INS,0,0, HTTP/1.1" 200 12635
186.79.151.210 - - [27/Mar/2017:11:20:39 -0300] "GET /cormun/servlet/solicitudot?INS,0,0, HTTP/1.1" 200 12638
186.79.10.110 - - [27/Mar/2017:11:20:46 -0300] "GET /cormun/servlet/hlogin HTTP/1.1" 200 1717
186.79.10.110 - - [27/Mar/2017:11:20:48 -0300] "POST /cormun/servlet/hlogin?072b9deeaf9bc3c98cf9a34d0f106d84,gx-no-cache=1490624515781 HTTP/1.1" 200 90
186.79.10.110 - - [27/Mar/2017:11:20:48 -0300] "GET /cormun/servlet/hpexe_link HTTP/1.1" 200 945
186.79.10.110 - - [27/Mar/2017:11:20:48 -0300] "GET /cormun/servlet/hhome HTTP/1.1" 200 3750
186.79.151.210 - - [27/Mar/2017:11:20:49 -0300] "POST /cormun/servlet/solicitudot?gx-no-cache=1490624516358 HTTP/1.1" 200 3081
186.79.10.110 - - [27/Mar/2017:11:20:49 -0300] "GET /cormun/servlet/hhome HTTP/1.1" 200 3748
186.79.151.210 - - [27/Mar/2017:11:20:49 -0300] "POST /cormun/servlet/solicitudot?827c49fa297f5255c9a04d131b06bc14,INS,0,0,,gx-no-cache=1490624516912 HTTP/1.1" 200 9672
192.168.10.62 - - [27/Mar/2017:11:20:50 -0300] "GET /cormun/servlet/vesolicitudgral?2017,4793,, HTTP/1.1" 200 8236
192.168.10.62 - - [27/Mar/2017:11:20:50 -0300] "GET /cormun/pexe_scrolldiv.js HTTP/1.1" 404 1009
192.168.10.62 - - [27/Mar/2017:11:20:50 -0300] "GET /cormun/pexe_scrolldiv.js HTTP/1.1" 404 1009
192.168.10.62 - - [27/Mar/2017:11:20:50 -0300] "GET /cormun/servlet/vesolicitudgral?2017,4793,, HTTP/1.1" 200 8237
186.79.151.210 - - [27/Mar/2017:11:20:51 -0300] "GET /cormun/servlet/solicitudot?3157afc4a529bf0970972fcb3fc51cdaa74ba039915323b9e0b99328aa6bfed67ffcc7cb8d865dd30d5566e161d25afd,gx-no-cache=1490624519289 HTTP/1.1" 200 111
186.79.151.210 - - [27/Mar/2017:11:20:51 -0300] "GET /cormun/static/Shared/jqueryui/images/ui-bg_highlight-soft_100_c6c2c8_1x100.png HTTP/1.1" 404 1117
186.79.151.210 - - [27/Mar/2017:11:20:51 -0300] "GET /cormun/static/Shared/jqueryui/images/ui-icons_82798d_256x240.png HTTP/1.1" 404 1089
186.79.151.210 - - [27/Mar/2017:11:20:51 -0300] "GET /cormun/static/Shared/jqueryui/images/ui-bg_flat_55_994d53_40x100.png HTTP/1.1" 404 1097
186.79.151.210 - - [27/Mar/2017:11:20:51 -0300] "GET /cormun/static/Shared/jqueryui/images/ui-icons_ebccce_256x240.png HTTP/1.1" 404 1089
186.79.10.110 - - [27/Mar/2017:11:20:52 -0300] "GET /cormun/servlet/trsolicitudot? HTTP/1.1" 200 8802
186.79.10.110 - - [27/Mar/2017:11:20:52 -0300] "GET /cormun/servlet/trsolicitudot? HTTP/1.1" 200 8801
192.168.10.62 - - [27/Mar/2017:11:20:54 -0300] "POST /cormun/servlet/vesolicitudgral?eba6c09be562105411ddd335edda3912,2017,4793,,,gx-no-cache=1490627733789 HTTP/1.1" 200 115
192.168.10.62 - - [27/Mar/2017:11:20:55 -0300] "GET /cormun/servlet/solicitudotlog?INS,2017,4793,0,REC, HTTP/1.1" 200 5596
192.168.10.62 - - [27/Mar/2017:11:20:55 -0300] "GET /cormun/servlet/solicitudotlog?INS,2017,4793,0,REC, HTTP/1.1" 200 5590
192.168.10.62 - - [27/Mar/2017:11:20:55 -0300] "GET /cormun/servlet/solicitudotlog?cc847b34946c075635c6ac8d9fddf991f2755d277b1155f47807908bae5e0f3386203479755ccf87d3472fcbbaf52d5f02a0d1a45e209c117b281bcf6748d7521331d112b5fd8e2dae12d66c2e82bf72727fd5e3847fc08a2149c14f77bb137fde5d072e36cd930c247baefd8d4ee5e0ed06ac58eb51a970f1bb76d617c3cdd036b13fb11e380faad5a6a3570b911e7986bc5cc7aa2902ebb10d13d77882e6aa,gx-no-cache=1490627734826 HTTP/1.1" 200 94
186.79.151.210 - - [27/Mar/2017:11:20:57 -0300] "GET /cormun/servlet/solicitudot?3157afc4a529bf0970972fcb3fc51cda1f5dc02898f09617f47975b75eede75b7ffcc7cb8d865dd30d5566e161d25afd,gx-no-cache=1490624524593 HTTP/1.1" 200 30
186.67.172.234 - - [27/Mar/2017:11:21:10 -0300] "POST /cormun/servlet/hlogin?7a76ca4729766aff3edb40b51916d10f,gx-no-cache=1490624497227 HTTP/1.1" 200 90
186.67.172.234 - - [27/Mar/2017:11:21:10 -0300] "GET /cormun/servlet/hpexe_link HTTP/1.1" 200 952
186.67.172.234 - - [27/Mar/2017:11:21:10 -0300] "GET /cormun/static/gxcfg.js?201731711483381 HTTP/1.1" 200 953
186.67.172.234 - - [27/Mar/2017:11:21:10 -0300] "GET /cormun/static/hpexe_link.js?201731711483384 HTTP/1.1" 200 625
186.67.172.234 - - [27/Mar/2017:11:21:10 -0300] "GET /cormun/servlet/hhome HTTP/1.1" 200 4042
186.67.172.234 - - [27/Mar/2017:11:21:10 -0300] "GET /cormun/static/SmoothNavMenu/resources/ddsmoothmenu.css?1012540 HTTP/1.1" 200 2223
186.67.172.234 - - [27/Mar/2017:11:21:10 -0300] "GET /cormun/static/Shared/jqueryui/jquery-ui.min.css?1245370 HTTP/1.1" 200 30288
186.67.172.234 - - [27/Mar/2017:11:21:11 -0300] "GET /cormun/static/scaMessage/css/jquery.pnotify.default.css?1716380 HTTP/1.1" 200 1707
186.67.172.234 - - [27/Mar/2017:11:21:11 -0300] "GET /cormun/static/SmoothNavMenu/resources/ddsmoothmenu-v.css?1012540 HTTP/1.1" 200 1188
186.67.172.234 - - [27/Mar/2017:11:21:11 -0300] "GET /cormun/static/gxcfg.js?201731711483497 HTTP/1.1" 200 953
186.67.172.234 - - [27/Mar/2017:11:21:11 -0300] "GET /cormun/static/PXToolsJavascripts/pexe_autoreload.js HTTP/1.1" 200 1762
186.67.172.234 - - [27/Mar/2017:11:21:11 -0300] "GET /cormun/static/PXToolsJavascripts/pexe_cookies.js HTTP/1.1" 200 792
186.67.172.234 - - [27/Mar/2017:11:21:11 -0300] "GET /cormun/static/PXToolsJavascripts/pexe_windows.js HTTP/1.1" 200 15207
186.67.172.234 - - [27/Mar/2017:11:21:11 -0300] "GET /cormun/static/PXToolsJavascripts/pexe_grid.js HTTP/1.1" 200 7559
186.67.172.234 - - [27/Mar/2017:11:21:11 -0300] "GET /cormun/static/PXToolsJavascripts/pexe_griddivfix.js HTTP/1.1" 200 6644
186.67.172.234 - - [27/Mar/2017:11:21:11 -0300] "GET /cormun/static/PXToolsJavascripts/pexe_link.js HTTP/1.1" 200 5671
186.67.172.234 - - [27/Mar/2017:11:21:11 -0300] "GET /cormun/static/PXToolsJavascripts/pexe_menudivfix.js HTTP/1.1" 200 333
186.67.172.234 - - [27/Mar/2017:11:21:11 -0300] "GET /cormun/static/PXToolsJavascripts/pexe_menus.js HTTP/1.1" 200 1286
186.67.172.234 - - [27/Mar/2017:11:21:11 -0300] "GET /cormun/static/PXToolsJavascripts/pexe_layers.js HTTP/1.1" 200 4114
186.67.172.234 - - [27/Mar/2017:11:21:11 -0300] "GET /cormun/static/PXToolsJavascripts/pexe_oav.js HTTP/1.1" 200 645
186.67.172.234 - - [27/Mar/2017:11:21:11 -0300] "GET /cormun/static/PXToolsJavascripts/pexe_oavdivfix.js HTTP/1.1" 200 639
186.67.172.234 - - [27/Mar/2017:11:21:11 -0300] "GET /cormun/static/PXToolsJavascripts/pexe_picture.js HTTP/1.1" 200 689
186.67.172.234 - - [27/Mar/2017:11:21:11 -0300] "GET /cormun/static/PXToolsJavascripts/pexe_popup.js HTTP/1.1" 200 13458
186.67.172.234 - - [27/Mar/2017:11:21:11 -0300] "GET /cormun/static/PXToolsJavascripts/pexe_scrolldiv.js HTTP/1.1" 200 4138
186.67.172.234 - - [27/Mar/2017:11:21:11 -0300] "GET /cormun/static/PXToolsJavascripts/pexe_tabdivfix.js HTTP/1.1" 200 876
186.67.172.234 - - [27/Mar/2017:11:21:11 -0300] "GET /cormun/static/PXToolsJavascripts/pexe_tabs.js HTTP/1.1" 200 3748
186.67.172.234 - - [27/Mar/2017:11:21:11 -0300] "GET /cormun/static/PXToolsJavascripts/pexe_upload.js HTTP/1.1" 200 1423
186.67.172.234 - - [27/Mar/2017:11:21:11 -0300] "GET /cormun/static/PXToolsJavascripts/PXToolsJavascriptsRender.js HTTP/1.1" 200 367
186.67.172.234 - - [27/Mar/2017:11:21:11 -0300] "GET /cormun/static/RunJS/RunJS.js HTTP/1.1" 200 288
186.67.172.234 - - [27/Mar/2017:11:21:11 -0300] "GET /cormun/static/hpexe_recentlink.js?201610171694390 HTTP/1.1" 200 2144
186.67.172.234 - - [27/Mar/2017:11:21:12 -0300] "GET /cormun/static/Resources/PXToolsHeaderBackground2.png HTTP/1.1" 200 1174
186.67.172.234 - - [27/Mar/2017:11:21:12 -0300] "GET /cormun/static/hhome.js?20173171148352 HTTP/1.1" 200 777
186.67.172.234 - - [27/Mar/2017:11:21:12 -0300] "GET /cormun/static/Shared/ext/locale/ext-lang-en.js HTTP/1.1" 200 10940
186.67.172.234 - - [27/Mar/2017:11:21:12 -0300] "GET /cormun/static/Resources/PXToolsHeaderActionsLeft.png HTTP/1.1" 200 1118
186.67.172.234 - - [27/Mar/2017:11:21:12 -0300] "GET /cormun/static/hwchdr01.js?201731711335950 HTTP/1.1" 200 1183
186.67.172.234 - - [27/Mar/2017:11:21:12 -0300] "GET /cormun/static/Resources/logo4.png HTTP/1.1" 200 6582
186.67.172.234 - - [27/Mar/2017:11:21:12 -0300] "GET /cormun/static/Resources/PXToolsHeaderLogin.png HTTP/1.1" 200 4279
186.67.172.234 - - [27/Mar/2017:11:21:12 -0300] "GET /cormun/static/Resources/PXToolsDataTitle.png HTTP/1.1" 200 1173
186.67.172.234 - - [27/Mar/2017:11:21:12 -0300] "GET /cormun/static/Resources/PXToolsHeaderActionsBackground.png HTTP/1.1" 200 484
186.67.172.234 - - [27/Mar/2017:11:21:12 -0300] "GET /cormun/static/Resources/PXToolsFooterBackground2.png HTTP/1.1" 200 1172
186.67.172.234 - - [27/Mar/2017:11:21:12 -0300] "GET /cormun/static/Resources/PXToolsHeaderSecurity.png HTTP/1.1" 200 4166
186.67.172.234 - - [27/Mar/2017:11:21:12 -0300] "GET /cormun/static/Resources/PXToolsHeaderActionsRight.png HTTP/1.1" 200 1201
186.67.172.234 - - [27/Mar/2017:11:21:12 -0300] "GET /cormun/static/Resources/PXToolsHeaderPreferences.png HTTP/1.1" 200 4189
186.67.172.234 - - [27/Mar/2017:11:21:12 -0300] "GET /cormun/static/Resources/PXToolsHeaderHome.png HTTP/1.1" 200 4147
186.67.172.234 - - [27/Mar/2017:11:21:12 -0300] "GET /cormun/static/hpexe_scripts.js?201731711335890 HTTP/1.1" 200 1544
186.67.172.234 - - [27/Mar/2017:11:21:12 -0300] "GET /cormun/static/hpexe_messagecontroller.js?201610171694323 HTTP/1.1" 200 870
186.67.172.234 - - [27/Mar/2017:11:21:12 -0300] "GET /cormun/static/hpexe_messagepopupcomponent.js?20161017169425 HTTP/1.1" 200 605
186.67.172.234 - - [27/Mar/2017:11:21:12 -0300] "GET /cormun/static/hpexe_messagegenexuscomponent.js?201731711335537 HTTP/1.1" 200 587
186.67.172.234 - - [27/Mar/2017:11:21:12 -0300] "GET /cormun/static/cmcontrolpreferences.js?201731711335852 HTTP/1.1" 200 1375
186.67.172.234 - - [27/Mar/2017:11:21:12 -0300] "GET /cormun/static/SmoothNavMenu/resources/ddsmoothmenu.js HTTP/1.1" 200 12712
186.67.172.234 - - [27/Mar/2017:11:21:12 -0300] "GET /cormun/static/Shared/jquery/jquery-1.4.2.min.js HTTP/1.1" 200 72174
186.67.172.234 - - [27/Mar/2017:11:21:13 -0300] "GET /cormun/static/SmoothNavMenu/resources/SmoothNavMenuRender.js HTTP/1.1" 200 5951
186.67.172.234 - - [27/Mar/2017:11:21:13 -0300] "GET /cormun/static/scaMessage/js/jquery.pnotify.min.js HTTP/1.1" 200 13038
186.67.172.234 - - [27/Mar/2017:11:21:13 -0300] "GET /cormun/static/scaMessage/scaMessageRender.js HTTP/1.1" 200 11977
186.67.172.234 - - [27/Mar/2017:11:21:13 -0300] "GET /cormun/static/hmpwkw03.js?201731711485354 HTTP/1.1" 200 3965
186.67.172.234 - - [27/Mar/2017:11:21:14 -0300] "GET /cormun/static/gxui/gxui-all.js HTTP/1.1" 200 107772
186.79.10.110 - - [27/Mar/2017:11:21:15 -0300] "POST /cormun/servlet/trsolicitudot?072b9deeaf9bc3c98cf9a34d0f106d84,,gx-no-cache=1490624542222 HTTP/1.1" 200 106
186.67.172.234 - - [27/Mar/2017:11:21:15 -0300] "GET /cormun/static/Shared/jquery/jquery-1.10.2.min.js HTTP/1.1" 200 273199
186.79.10.110 - - [27/Mar/2017:11:21:15 -0300] "GET /cormun/servlet/trsolicitudadjuntos?2017,5755, HTTP/1.1" 200 8312
186.67.172.234 - - [27/Mar/2017:11:21:15 -0300] "GET /cormun/static/Shared/jqueryui/jquery-ui.min.js HTTP/1.1" 200 240427
186.79.10.110 - - [27/Mar/2017:11:21:16 -0300] "GET /cormun/servlet/trsolicitudadjuntos?2017,5755, HTTP/1.1" 200 8313
192.168.10.62 - - [27/Mar/2017:11:21:19 -0300] "POST /cormun/servlet/solicitudotlog?eba6c09be562105411ddd335edda3912,INS,2017,4793,0,REC,,gx-no-cache=1490627757892 HTTP/1.1" 200 93
192.168.10.62 - - [27/Mar/2017:11:21:19 -0300] "GET /cormun/servlet/hpexe_return? HTTP/1.1" 200 1030
192.168.10.62 - - [27/Mar/2017:11:21:19 -0300] "GET /cormun/servlet/vesolicitudgral?2017,4793,, HTTP/1.1" 200 8249
192.168.10.62 - - [27/Mar/2017:11:21:19 -0300] "GET /cormun/pexe_scrolldiv.js HTTP/1.1" 404 1009
192.168.10.62 - - [27/Mar/2017:11:21:19 -0300] "GET /cormun/pexe_scrolldiv.js HTTP/1.1" 404 1009
192.168.10.62 - - [27/Mar/2017:11:21:19 -0300] "GET /cormun/servlet/vesolicitudgral?2017,4793,, HTTP/1.1" 200 8246
186.79.10.110 - - [27/Mar/2017:11:21:22 -0300] "GET /cormun/servlet/solicitudotadjuntos?DLT,2017,5755,CARNET,0, HTTP/1.1" 200 5747
186.79.10.110 - - [27/Mar/2017:11:21:23 -0300] "GET /cormun/static/Shared/jqueryui/images/ui-bg_highlight-soft_100_c6c2c8_1x100.png HTTP/1.1" 404 1117
186.79.10.110 - - [27/Mar/2017:11:21:23 -0300] "GET /cormun/static/Shared/jqueryui/images/ui-icons_82798d_256x240.png HTTP/1.1" 404 1089
186.79.10.110 - - [27/Mar/2017:11:21:23 -0300] "GET /cormun/static/Shared/jqueryui/images/ui-icons_8d78a5_256x240.png HTTP/1.1" 404 1089
186.79.10.110 - - [27/Mar/2017:11:21:23 -0300] "GET /cormun/static/Shared/jqueryui/images/ui-bg_flat_55_fafafa_40x100.png HTTP/1.1" 404 1097
186.79.10.110 - - [27/Mar/2017:11:21:23 -0300] "GET /cormun/servlet/solicitudotadjuntos?DLT,2017,5755,CARNET,0, HTTP/1.1" 200 5741
192.168.10.62 - - [27/Mar/2017:11:21:24 -0300] "POST /cormun/servlet/vesolicitudgral?eba6c09be562105411ddd335edda3912,2017,4793,,,gx-no-cache=1490627763227 HTTP/1.1" 200 90
192.168.10.62 - - [27/Mar/2017:11:21:24 -0300] "GET /cormun/servlet/hpexe_link HTTP/1.1" 200 972
192.168.10.62 - - [27/Mar/2017:11:21:24 -0300] "GET /cormun/servlet/trsolicitudgral? HTTP/1.1" 200 15656
186.79.10.110 - - [27/Mar/2017:11:21:25 -0300] "GET /cormun/PublicTempStorage/cedula6661279.jpg HTTP/1.1" 200 652600
192.168.10.62 - - [27/Mar/2017:11:21:25 -0300] "GET /cormun/servlet/trsolicitudgral? HTTP/1.1" 200 15655
186.79.10.110 - - [27/Mar/2017:11:21:26 -0300] "POST /cormun/servlet/solicitudotadjuntos?072b9deeaf9bc3c98cf9a34d0f106d84,DLT,2017,5755,CARNET,0,,gx-no-cache=1490624553117 HTTP/1.1" 200 93
186.79.10.110 - - [27/Mar/2017:11:21:26 -0300] "GET /cormun/servlet/hpexe_return? HTTP/1.1" 200 1022
186.79.10.110 - - [27/Mar/2017:11:21:26 -0300] "GET /cormun/servlet/trsolicitudadjuntos?2017,5755, HTTP/1.1" 200 8158
186.79.10.110 - - [27/Mar/2017:11:21:27 -0300] "GET /cormun/servlet/trsolicitudadjuntos?2017,5755, HTTP/1.1" 200 8152
186.79.10.110 - - [27/Mar/2017:11:21:29 -0300] "GET /cormun/servlet/solicitudotadjuntos?DLT,2017,5755,CERTIF2,0, HTTP/1.1" 200 5758
186.67.172.234 - - [27/Mar/2017:11:21:29 -0300] "GET /cormun/static/Shared/ext/ext-all.js HTTP/1.1" 200 1289687
186.67.172.234 - - [27/Mar/2017:11:21:30 -0300] "GET /cormun/static/SmoothNavMenu/resources/images/down.gif HTTP/1.1" 200 854
186.67.172.234 - - [27/Mar/2017:11:21:30 -0300] "GET /cormun/static/SmoothNavMenu/resources/images/right.gif HTTP/1.1" 200 860
186.67.172.234 - - [27/Mar/2017:11:21:30 -0300] "GET /cormun/servlet/hhome HTTP/1.1" 200 4038
186.79.10.110 - - [27/Mar/2017:11:21:30 -0300] "GET /cormun/static/Shared/jqueryui/images/ui-icons_82798d_256x240.png HTTP/1.1" 404 1089
186.79.10.110 - - [27/Mar/2017:11:21:30 -0300] "GET /cormun/static/Shared/jqueryui/images/ui-bg_highlight-soft_100_c6c2c8_1x100.png HTTP/1.1" 404 1117
186.79.10.110 - - [27/Mar/2017:11:21:30 -0300] "GET /cormun/static/Shared/jqueryui/images/ui-bg_flat_55_fafafa_40x100.png HTTP/1.1" 404 1097
186.79.10.110 - - [27/Mar/2017:11:21:30 -0300] "GET /cormun/static/Shared/jqueryui/images/ui-icons_8d78a5_256x240.png HTTP/1.1" 404 1089
186.79.10.110 - - [27/Mar/2017:11:21:30 -0300] "GET /cormun/servlet/solicitudotadjuntos?DLT,2017,5755,CERTIF2,0, HTTP/1.1" 200 5753
186.79.10.110 - - [27/Mar/2017:11:21:31 -0300] "GET /cormun/PublicTempStorage/licencia__media6906900.jpg HTTP/1.1" 200 731228
186.79.10.110 - - [27/Mar/2017:11:21:32 -0300] "POST /cormun/servlet/solicitudotadjuntos?072b9deeaf9bc3c98cf9a34d0f106d84,DLT,2017,5755,CERTIF2,0,,gx-no-cache=1490624559478 HTTP/1.1" 200 93
186.79.10.110 - - [27/Mar/2017:11:21:32 -0300] "GET /cormun/servlet/hpexe_return? HTTP/1.1" 200 1023
186.79.10.110 - - [27/Mar/2017:11:21:32 -0300] "GET /cormun/servlet/trsolicitudadjuntos?2017,5755, HTTP/1.1" 200 7933
201.236.59.243 - - [27/Mar/2017:11:21:33 -0300] "GET /cormun/servlet/hlogin HTTP/1.1" 200 1731
201.236.59.243 - - [27/Mar/2017:11:21:33 -0300] "GET /cormun/static/Resources/Spanish/PXTools.css?11294912 HTTP/1.1" 304 -
201.236.59.243 - - [27/Mar/2017:11:21:33 -0300] "GET /cormun/static/gxcfg.js?201731711485472 HTTP/1.1" 304 -
201.236.59.243 - - [27/Mar/2017:11:21:33 -0300] "GET /cormun/static/gxtimezone.js?85251 HTTP/1.1" 304 -
201.236.59.243 - - [27/Mar/2017:11:21:33 -0300] "GET /cormun/static/messages.spa.js?85251 HTTP/1.1" 304 -
201.236.59.243 - - [27/Mar/2017:11:21:33 -0300] "GET /cormun/static/hlogin.js?201731711485490 HTTP/1.1" 304 -
186.79.10.110 - - [27/Mar/2017:11:21:33 -0300] "GET /cormun/servlet/trsolicitudadjuntos?2017,5755, HTTP/1.1" 200 7930
201.236.59.243 - - [27/Mar/2017:11:21:33 -0300] "GET /cormun/servlet/hlogin HTTP/1.1" 200 1735
186.79.10.110 - - [27/Mar/2017:11:21:35 -0300] "GET /cormun/servlet/solicitudotadjuntos?DLT,2017,5755,CERTIF3,0, HTTP/1.1" 200 5745
186.79.10.110 - - [27/Mar/2017:11:21:36 -0300] "GET /cormun/static/Shared/jqueryui/images/ui-bg_highlight-soft_100_c6c2c8_1x100.png HTTP/1.1" 404 1117
186.79.10.110 - - [27/Mar/2017:11:21:36 -0300] "GET /cormun/static/Shared/jqueryui/images/ui-icons_82798d_256x240.png HTTP/1.1" 404 1089
186.79.10.110 - - [27/Mar/2017:11:21:36 -0300] "GET /cormun/static/Shared/jqueryui/images/ui-bg_flat_55_fafafa_40x100.png HTTP/1.1" 404 1097
186.79.10.110 - - [27/Mar/2017:11:21:36 -0300] "GET /cormun/static/Shared/jqueryui/images/ui-icons_8d78a5_256x240.png HTTP/1.1" 404 1089
186.79.10.110 - - [27/Mar/2017:11:21:36 -0300] "GET /cormun/servlet/solicitudotadjuntos?DLT,2017,5755,CERTIF3,0, HTTP/1.1" 200 5738
186.79.10.110 - - [27/Mar/2017:11:21:39 -0300] "POST /cormun/servlet/solicitudotadjuntos?072b9deeaf9bc3c98cf9a34d0f106d84,DLT,2017,5755,CERTIF3,0,,gx-no-cache=1490624566101 HTTP/1.1" 200 93
186.79.10.110 - - [27/Mar/2017:11:21:40 -0300] "GET /cormun/servlet/hpexe_return? HTTP/1.1" 200 1023
186.79.10.110 - - [27/Mar/2017:11:21:40 -0300] "GET /cormun/PublicTempStorage/afp9003539.jpg HTTP/1.1" 200 510667
186.79.10.110 - - [27/Mar/2017:11:21:40 -0300] "GET /cormun/servlet/trsolicitudadjuntos?2017,5755, HTTP/1.1" 200 5852
186.79.10.110 - - [27/Mar/2017:11:21:41 -0300] "GET /cormun/servlet/trsolicitudadjuntos?2017,5755, HTTP/1.1" 200 5848
186.79.10.110 - - [27/Mar/2017:11:21:46 -0300] "GET /cormun/servlet/trsolicitudot? HTTP/1.1" 200 8807
186.79.10.110 - - [27/Mar/2017:11:21:46 -0300] "GET /cormun/servlet/trsolicitudot? HTTP/1.1" 200 8801
186.79.10.110 - - [27/Mar/2017:11:21:52 -0300] "POST /cormun/servlet/trsolicitudot?072b9deeaf9bc3c98cf9a34d0f106d84,,gx-no-cache=1490624580035 HTTP/1.1" 200 106
186.79.10.110 - - [27/Mar/2017:11:21:53 -0300] "GET /cormun/servlet/trsolicitudadjuntos?2017,5755, HTTP/1.1" 200 5848
186.79.10.110 - - [27/Mar/2017:11:21:53 -0300] "GET /cormun/servlet/trsolicitudadjuntos?2017,5755, HTTP/1.1" 200 5848
186.67.172.234 - - [27/Mar/2017:11:21:53 -0300] "GET /cormun/servlet/trautorizarsolicitud? HTTP/1.1" 200 8213
186.67.172.234 - - [27/Mar/2017:11:21:53 -0300] "GET /cormun/static/calendar-system.css?85620 HTTP/1.1" 200 5572
186.67.172.234 - - [27/Mar/2017:11:21:53 -0300] "GET /cormun/static/gxui/gxui-all.css?120300 HTTP/1.1" 200 2179
186.67.172.234 - - [27/Mar/2017:11:21:53 -0300] "GET /cormun/static/gxcfg.js?2017259112829 HTTP/1.1" 200 953
186.67.172.234 - - [27/Mar/2017:11:21:53 -0300] "GET /cormun/static/calendar-setup.js?85251 HTTP/1.1" 200 2588
186.67.172.234 - - [27/Mar/2017:11:21:54 -0300] "GET /cormun/static/calendar.js?85251 HTTP/1.1" 200 26246
186.67.172.234 - - [27/Mar/2017:11:21:54 -0300] "GET /cormun/static/Resources/Spanish/PXTools.css?18365030 HTTP/1.1" 200 89042
186.67.172.234 - - [27/Mar/2017:11:21:54 -0300] "GET /cormun/static/calendar-es.js?85251 HTTP/1.1" 200 1901
186.67.172.234 - - [27/Mar/2017:11:21:54 -0300] "GET /cormun/static/gxdec.js?85251 HTTP/1.1" 200 19579
201.236.59.243 - - [27/Mar/2017:11:21:55 -0300] "POST /cormun/servlet/hlogin?b8c672d91ab6fa8711ab12f0691fe86b,gx-no-cache=1490624585582 HTTP/1.1" 200 90
186.67.172.234 - - [27/Mar/2017:11:21:55 -0300] "GET /cormun/static/trautorizarsolicitud.js?2017259113483 HTTP/1.1" 200 53096
201.236.59.243 - - [27/Mar/2017:11:21:55 -0300] "GET /cormun/servlet/hpexe_link HTTP/1.1" 200 954
186.67.172.234 - - [27/Mar/2017:11:21:55 -0300] "GET /cormun/static/Resources/PXTools/calendar.png HTTP/1.1" 200 1306
201.236.59.243 - - [27/Mar/2017:11:21:55 -0300] "GET /cormun/static/hpexe_link.js?201731711483384 HTTP/1.1" 304 -
186.67.172.234 - - [27/Mar/2017:11:21:55 -0300] "GET /cormun/static/Resources/PXToolsDataSearch.png HTTP/1.1" 200 419
186.67.172.234 - - [27/Mar/2017:11:21:55 -0300] "GET /cormun/static/Resources/PXToolsGridFirstDisabled.gif HTTP/1.1" 200 100
201.236.59.243 - - [27/Mar/2017:11:21:55 -0300] "GET /cormun/static/gxcfg.js?201731711483381 HTTP/1.1" 304 -
186.67.172.234 - - [27/Mar/2017:11:21:55 -0300] "GET /cormun/static/Resources/PXToolsGridPreviousDisabled.gif HTTP/1.1" 200 90
186.67.172.234 - - [27/Mar/2017:11:21:55 -0300] "GET /cormun/static/Resources/PXToolsGridNextDisabled.gif HTTP/1.1" 200 90
186.67.172.234 - - [27/Mar/2017:11:21:55 -0300] "GET /cormun/static/Resources/PXToolsGridLastDisabled.gif HTTP/1.1" 200 98
186.67.172.234 - - [27/Mar/2017:11:21:55 -0300] "GET /cormun/static/Resources/PXToolsGridPage.gif HTTP/1.1" 200 725
201.236.59.243 - - [27/Mar/2017:11:21:55 -0300] "GET /cormun/servlet/hhome HTTP/1.1" 200 3935
186.67.172.234 - - [27/Mar/2017:11:21:55 -0300] "GET /cormun/static/Resources/PXToolsActionExcel.png HTTP/1.1" 200 3187
201.236.59.243 - - [27/Mar/2017:11:21:55 -0300] "GET /cormun/static/gxcfg.js?201731711483497 HTTP/1.1" 304 -
201.236.59.243 - - [27/Mar/2017:11:21:55 -0300] "GET /cormun/static/hhome.js?20173171148352 HTTP/1.1" 304 -
201.236.59.243 - - [27/Mar/2017:11:21:55 -0300] "GET /cormun/static/hpexe_recentlink.js?201610171694390 HTTP/1.1" 200 2144
201.236.59.243 - - [27/Mar/2017:11:21:55 -0300] "GET /cormun/static/hwchdr01.js?201731711335950 HTTP/1.1" 304 -
201.236.59.243 - - [27/Mar/2017:11:21:55 -0300] "GET /cormun/static/hpexe_scripts.js?201731711335890 HTTP/1.1" 304 -
201.236.59.243 - - [27/Mar/2017:11:21:56 -0300] "GET /cormun/static/hpexe_messagecontroller.js?201610171694323 HTTP/1.1" 200 870
201.236.59.243 - - [27/Mar/2017:11:21:56 -0300] "GET /cormun/static/hpexe_messagepopupcomponent.js?20161017169425 HTTP/1.1" 200 605
201.236.59.243 - - [27/Mar/2017:11:21:56 -0300] "GET /cormun/static/hpexe_messagegenexuscomponent.js?201731711335537 HTTP/1.1" 304 -
201.236.59.243 - - [27/Mar/2017:11:21:56 -0300] "GET /cormun/static/cmcontrolpreferences.js?201731711335852 HTTP/1.1" 304 -
201.236.59.243 - - [27/Mar/2017:11:21:56 -0300] "GET /cormun/static/hmpwkw03.js?201731711485354 HTTP/1.1" 304 -
201.236.59.243 - - [27/Mar/2017:11:21:57 -0300] "GET /cormun/servlet/hhome HTTP/1.1" 200 3931
186.67.172.234 - - [27/Mar/2017:11:21:57 -0300] "GET /cormun/static/Shared/ext/resources/css/ext-all.css?215870 HTTP/1.1" 200 416045
186.67.172.234 - - [27/Mar/2017:11:21:58 -0300] "GET /cormun/static/Resources/asc.gif HTTP/1.1" 200 67
186.67.172.234 - - [27/Mar/2017:11:21:58 -0300] "GET /cormun/static/Resources/desc.gif HTTP/1.1" 200 65
186.67.172.234 - - [27/Mar/2017:11:21:58 -0300] "GET /cormun//static/Resources/PXToolsActionView.png HTTP/1.1" 200 2995
186.67.172.234 - - [27/Mar/2017:11:21:58 -0300] "GET /cormun//static/Resources/PXToolsRemoveAllAction.png HTTP/1.1" 200 3558
186.67.172.234 - - [27/Mar/2017:11:21:58 -0300] "GET /cormun//static/Resources/PXToolsGridDelete.png HTTP/1.1" 200 357
186.67.172.234 - - [27/Mar/2017:11:21:58 -0300] "GET /cormun//static/Resources/PXToolsGridUpdate.png HTTP/1.1" 200 2984
186.67.172.234 - - [27/Mar/2017:11:21:58 -0300] "GET /cormun/servlet/trautorizarsolicitud? HTTP/1.1" 200 8212
186.67.172.234 - - [27/Mar/2017:11:21:58 -0300] "GET /cormun//static/Resources/PXTools/ActionInsert.png HTTP/1.1" 200 1482
186.67.172.234 - - [27/Mar/2017:11:21:58 -0300] "GET /cormun/static/Shared/ext/resources/themes/images/default/panel/bg-headersPanel.png HTTP/1.1" 200 255
186.67.172.234 - - [27/Mar/2017:11:21:58 -0300] "GET /cormun/static/Shared/ext/resources/themes/images/default/tools/tool-sprites.gif HTTP/1.1" 200 5434
201.236.59.243 - - [27/Mar/2017:11:22:03 -0300] "GET /cormun/servlet/trautorizarpermisogoce? HTTP/1.1" 200 6659
201.236.59.243 - - [27/Mar/2017:11:22:03 -0300] "GET /cormun/static/gxcfg.js?201731711543713 HTTP/1.1" 304 -
201.236.59.243 - - [27/Mar/2017:11:22:03 -0300] "GET /cormun/static/calendar-setup.js?85251 HTTP/1.1" 304 -
201.236.59.243 - - [27/Mar/2017:11:22:03 -0300] "GET /cormun/static/calendar.js?85251 HTTP/1.1" 304 -
201.236.59.243 - - [27/Mar/2017:11:22:03 -0300] "GET /cormun/static/calendar-es.js?85251 HTTP/1.1" 304 -
201.236.59.243 - - [27/Mar/2017:11:22:04 -0300] "GET /cormun/static/trautorizarpermisogoce.js?201731711544173 HTTP/1.1" 304 -
201.236.59.243 - - [27/Mar/2017:11:22:05 -0300] "GET /cormun/servlet/trautorizarpermisogoce? HTTP/1.1" 200 6658
186.79.151.210 - - [27/Mar/2017:11:22:07 -0300] "POST /cormun/servlet/solicitudot?gx-no-cache=1490624594605 HTTP/1.1" 200 240
201.236.59.243 - - [27/Mar/2017:11:22:08 -0300] "GET /cormun/static/menuarrow.gif HTTP/1.1" 404 1015
186.79.151.210 - - [27/Mar/2017:11:22:09 -0300] "GET /cormun/servlet/solicitudot?3157afc4a529bf0970972fcb3fc51cdaaa0f6837b454452b3a6364f393924ea9f4a2a381b16cb26dbdbe1d1ea29737b20a7a113fb8ba2975f3b7902b959dd7569baac7460350643e03a6aed8b5b7f4d473352c824c5c40049ccb08ca28bbc966b87379d5ba145011d2906a31a999713e6a6356697c834842aba77b4ae0e9e4d9386a555d7d245adaaef7e3ac50a557de82bbe72508d14787ea0ebbec55b8d8d3b2eb5c713c1010b676f46310861f2070c24cccdaa1825565ef9c5581a2b75675035058373047f29f2bd153de430006f1df4f6fdf37f38a04f9e33ebf3073135ae4956fc8ae471c43ff77067fed4ce9058d4281040f10cb3650917343beab4b763e844e14c8c87f259ecfb1702715cbd06c1fe244c59fefa6125698dc276f72de5407fd2c04c86f400b4d9150f65d130a1f7bfbefa2f9a80e04c3cb16a30e05563355df1e0fb30ab8af41dae8c7017677502c0e367aad0eb19ae6e2f9bf76d49f276bd832b194a161ad16818d7de65dd09fd29dda728cbde0535ed5eaf047e28d,gx-no-cache=1490624596993 HTTP/1.1" 200 30
201.236.59.243 - - [27/Mar/2017:11:22:12 -0300] "POST /cormun/servlet/trautorizarpermisogoce?b8c672d91ab6fa8711ab12f0691fe86b,,gx-no-cache=1490624602735 HTTP/1.1" 200 4067
186.67.172.234 - - [27/Mar/2017:11:22:15 -0300] "POST /cormun/servlet/trautorizarsolicitud?7a76ca4729766aff3edb40b51916d10f,,gx-no-cache=1490624561767 HTTP/1.1" 200 4319
186.67.172.234 - - [27/Mar/2017:11:22:15 -0300] "GET /cormun/static/Shared/jqueryui/images/ui-bg_highlight-soft_100_c6c2c8_1x100.png HTTP/1.1" 404 1117
186.67.172.234 - - [27/Mar/2017:11:22:15 -0300] "GET /cormun/static/Shared/jqueryui/images/ui-icons_82798d_256x240.png HTTP/1.1" 404 1089
186.67.172.234 - - [27/Mar/2017:11:22:15 -0300] "GET /cormun/static/Shared/jqueryui/images/ui-bg_flat_55_fafafa_40x100.png HTTP/1.1" 404 1097
186.67.172.234 - - [27/Mar/2017:11:22:15 -0300] "GET /cormun/static/Shared/jqueryui/images/ui-icons_8d78a5_256x240.png HTTP/1.1" 404 1089
186.67.172.234 - - [27/Mar/2017:11:22:15 -0300] "POST /cormun/servlet/trautorizarsolicitud?7a76ca4729766aff3edb40b51916d10f,,gx-no-cache=1490624562149 HTTP/1.1" 200 4093
186.79.151.210 - - [27/Mar/2017:11:22:17 -0300] "POST /cormun/servlet/solicitudot?gx-no-cache=1490624604876 HTTP/1.1" 200 30
201.236.59.243 - - [27/Mar/2017:11:22:18 -0300] "POST /cormun/servlet/trautorizarpermisogoce?b8c672d91ab6fa8711ab12f0691fe86b,,gx-no-cache=1490624608455 HTTP/1.1" 200 5342
186.79.151.210 - - [27/Mar/2017:11:22:18 -0300] "GET /cormun/servlet/prsolicitudot?16611842,,,,,MD,,gxPopupLevel%3D0%3B HTTP/1.1" 200 5963
186.79.151.210 - - [27/Mar/2017:11:22:19 -0300] "GET /cormun/static/gxcfg.js?201731711522567 HTTP/1.1" 304 -
186.79.151.210 - - [27/Mar/2017:11:22:19 -0300] "GET /cormun/static/prsolicitudot.js?201731711522786 HTTP/1.1" 304 -
186.79.151.210 - - [27/Mar/2017:11:22:24 -0300] "POST /cormun/servlet/solicitudot?gx-no-cache=1490624611803 HTTP/1.1" 200 296
186.79.151.210 - - [27/Mar/2017:11:22:24 -0300] "POST /cormun/servlet/solicitudot?gx-no-cache=1490624611937 HTTP/1.1" 200 117
186.79.151.210 - - [27/Mar/2017:11:22:24 -0300] "GET /cormun/servlet/solicitudot?3157afc4a529bf0970972fcb3fc51cdaa8f2a52b90c1328dbfc1b39b02726b1c58d5d169ebdcdecb870e4d35e3e426f087aa42915f1fe8321b58a460330010866b1d71d8d8c72f6f170cba78522a31336c8dda7c605c7aa4497dbb495fc7d3b47083f0ac830965a4ff488446ece7a9a9,gx-no-cache=1490624612042 HTTP/1.1" 200 29
186.79.151.210 - - [27/Mar/2017:11:22:24 -0300] "GET /cormun/servlet/solicitudot?3157afc4a529bf0970972fcb3fc51cda921908aaaebfbeaa65563ab5f692969e4bbec60c7d1e9a0957d3c3780898f00fd79be5764a4d0c60b843520b82e12f3eca15e25d10c891af6a0a33bf542570ca9e014d6f5af6888ca67f754baf40a624da44e7fcdda9a2586abfa93c3eaaa6182182b61844c3739a23a74a5a39ab0c82e3284ffc5619be9ebd044d3a1a38490478b9c989c63a293655f836018fbad52a,gx-no-cache=1490624612126 HTTP/1.1" 200 57
186.79.151.210 - - [27/Mar/2017:11:22:24 -0300] "GET /cormun/servlet/solicitudot?3157afc4a529bf0970972fcb3fc51cda1a34469562d373172555f9ed3fc817844bbec60c7d1e9a0957d3c3780898f00fd79be5764a4d0c60b843520b82e12f3e90b83c95689faabdc8881115284f23963c22a0e585bda1d15f5bc5d4d1145b3f6e498c471738bbdb290a8d36d27cbfc911de1af9e8ea2b2e134c01e872c50907,gx-no-cache=1490624612215 HTTP/1.1" 200 57
186.79.10.110 - - [27/Mar/2017:11:22:31 -0300] "GET /cormun/servlet/hlogin HTTP/1.1" 200 1719
186.79.10.110 - - [27/Mar/2017:11:22:33 -0300] "POST /cormun/servlet/hlogin?5271df1fb0f4eca65aaee2902b90978c,gx-no-cache=1490624621345 HTTP/1.1" 200 90
186.79.10.110 - - [27/Mar/2017:11:22:34 -0300] "GET /cormun/servlet/hpexe_link HTTP/1.1" 200 949
186.79.10.110 - - [27/Mar/2017:11:22:34 -0300] "GET /cormun/servlet/hhome HTTP/1.1" 200 3755
186.79.10.110 - - [27/Mar/2017:11:22:34 -0300] "GET /cormun/servlet/hhome HTTP/1.1" 200 3752
186.79.151.210 - - [27/Mar/2017:11:22:36 -0300] "GET /cormun/servlet/solicitudot?3157afc4a529bf0970972fcb3fc51cda94f19a67f07be99508f55e3574a4af943ea5ec5774af8bab9b197e00bae7d26fc0015b5c265348b7549d28e0edf61895752726e2cc8a7f7105c74c0782163c736c3c59a36bd15deb278daec2ecd882361691276a7bc8b34c73718bc71a652a73d8f197bdd7db6ec26a9934c398c55de81e038e51c0af495a7abca7547476d8b9a61a1323904bbd38ef0a351c0c8890b0a324c980047cc503c1546f40123c8812,gx-no-cache=1490624624027 HTTP/1.1" 200 30
186.79.10.110 - - [27/Mar/2017:11:22:37 -0300] "GET /cormun/servlet/trsolicitudot? HTTP/1.1" 200 8809
186.79.10.110 - - [27/Mar/2017:11:22:38 -0300] "GET /cormun/servlet/trsolicitudot? HTTP/1.1" 200 8807
201.236.59.243 - - [27/Mar/2017:11:22:40 -0300] "POST /cormun/servlet/trautorizarpermisogoce?b8c672d91ab6fa8711ab12f0691fe86b,,gx-no-cache=1490624626580 HTTP/1.1" 200 5359
201.236.59.243 - - [27/Mar/2017:11:22:40 -0300] "GET /cormun/static/Shared/jqueryui/images/ui-bg_highlight-soft_100_c6c2c8_1x100.png HTTP/1.1" 404 1117
201.236.59.243 - - [27/Mar/2017:11:22:41 -0300] "GET /cormun/static/Shared/jqueryui/images/ui-icons_82798d_256x240.png HTTP/1.1" 404 1089
201.236.59.243 - - [27/Mar/2017:11:22:41 -0300] "GET /cormun/static/Shared/jqueryui/images/ui-bg_flat_55_fafafa_40x100.png HTTP/1.1" 404 1097
201.236.59.243 - - [27/Mar/2017:11:22:41 -0300] "GET /cormun/static/Shared/jqueryui/images/ui-icons_8d78a5_256x240.png HTTP/1.1" 404 1089
186.79.10.110 - - [27/Mar/2017:11:22:42 -0300] "POST /cormun/servlet/trsolicitudot?5271df1fb0f4eca65aaee2902b90978c,,gx-no-cache=1490624629509 HTTP/1.1" 200 106
186.79.10.110 - - [27/Mar/2017:11:22:42 -0300] "GET /cormun/servlet/trsolicitudadjuntos?2017,5755, HTTP/1.1" 200 5853
186.79.151.210 - - [27/Mar/2017:11:22:42 -0300] "POST /cormun/servlet/solicitudot?gx-no-cache=1490624630096 HTTP/1.1" 200 1291
186.79.10.110 - - [27/Mar/2017:11:22:43 -0300] "GET /cormun/servlet/trsolicitudadjuntos?2017,5755, HTTP/1.1" 200 5853
186.79.10.110 - - [27/Mar/2017:11:22:46 -0300] "GET /cormun/servlet/solicitudotadjuntos?INS,2017,5755,,1, HTTP/1.1" 200 5791
186.79.151.210 - - [27/Mar/2017:11:22:46 -0300] "GET /cormun/servlet/prlicenciaspermisos?15107983,L,,MD,,gxPopupLevel%3D0%3B HTTP/1.1" 200 6119
186.79.10.110 - - [27/Mar/2017:11:22:46 -0300] "GET /cormun/static/about:blank HTTP/1.1" 404 1011
201.236.59.243 - - [27/Mar/2017:11:22:46 -0300] "GET /cormun/servlet/trpermisosadjuntos?15024877,20170322182315,P, HTTP/1.1" 200 6249
201.236.59.243 - - [27/Mar/2017:11:22:47 -0300] "GET /cormun/static/gxcfg.js?201731711542659 HTTP/1.1" 304 -
186.79.10.110 - - [27/Mar/2017:11:22:47 -0300] "GET /cormun/servlet/solicitudotadjuntos?INS,2017,5755,,1, HTTP/1.1" 200 5785
201.236.59.243 - - [27/Mar/2017:11:22:47 -0300] "GET /cormun/static/trpermisosadjuntos.js?201731711542990 HTTP/1.1" 304 -
186.67.172.234 - - [27/Mar/2017:11:22:47 -0300] "GET /cormun/servlet/trautorizarsolicitud? HTTP/1.1" 200 6951
186.79.10.110 - - [27/Mar/2017:11:22:47 -0300] "GET /cormun/servlet/solicitudotadjuntos?94f83811f18bbdd4c0b0993bf38499b557b314d49a4f73a6764ab516567047765112f48b4aa0f1e5e852c22cf81fd3ff,gx-no-cache=1490624635087 HTTP/1.1" 200 30
186.79.10.110 - - [27/Mar/2017:11:22:47 -0300] "POST /cormun/servlet/solicitudotadjuntos?5271df1fb0f4eca65aaee2902b90978c,INS,2017,5755,,1,,gx-no-cache=1490624635203 HTTP/1.1" 200 3639
186.67.172.234 - - [27/Mar/2017:11:22:47 -0300] "GET /cormun/servlet/trautorizarsolicitud? HTTP/1.1" 200 6961
201.236.59.243 - - [27/Mar/2017:11:22:48 -0300] "GET /cormun/servlet/trpermisosadjuntos?15024877,20170322182315,P, HTTP/1.1" 200 6250
201.236.59.243 - - [27/Mar/2017:11:22:51 -0300] "GET /cormun/servlet/permisosadjuntos?INS,15024877,P,20170322182315,, HTTP/1.1" 200 5576
201.236.59.243 - - [27/Mar/2017:11:22:52 -0300] "GET /cormun/static/gxcfg.js?2016122813135788 HTTP/1.1" 304 -
201.236.59.243 - - [27/Mar/2017:11:22:52 -0300] "GET /cormun/static/permisosadjuntos.js?2016122813135797 HTTP/1.1" 304 -
201.236.59.243 - - [27/Mar/2017:11:22:52 -0300] "GET /cormun/static/Resources/Spanish/PXTools.css?18365030 HTTP/1.1" 200 89042
186.79.10.110 - - [27/Mar/2017:11:22:52 -0300] "POST /cormun/servlet/solicitudotadjuntos?gx-no-cache=1490624639927 HTTP/1.1" 200 26
201.236.59.243 - - [27/Mar/2017:11:22:52 -0300] "GET /cormun/static/about:blank HTTP/1.1" 404 1011
201.236.59.243 - - [27/Mar/2017:11:22:53 -0300] "GET /cormun/servlet/permisosadjuntos?INS,15024877,P,20170322182315,, HTTP/1.1" 200 5567
186.79.10.110 - - [27/Mar/2017:11:22:58 -0300] "GET /cormun/servlet/solicitudotadjuntos?94f83811f18bbdd4c0b0993bf38499b5d9e75460a7e881d5f584bf1549a128a0,gx-no-cache=1490624645738 HTTP/1.1" 200 30
186.79.10.110 - - [27/Mar/2017:11:22:58 -0300] "GET /cormun/servlet/solicitudotadjuntos?94f83811f18bbdd4c0b0993bf38499b5d9e75460a7e881d5f584bf1549a128a0,gx-no-cache=1490624645853 HTTP/1.1" 200 30
186.67.172.234 - - [27/Mar/2017:11:23:00 -0300] "GET /cormun/servlet/trautorizarsolicitud? HTTP/1.1" 200 6951
186.79.151.210 - - [27/Mar/2017:11:23:00 -0300] "POST /cormun/servlet/solicitudot?gx-no-cache=1490624648401 HTTP/1.1" 200 41
186.67.172.234 - - [27/Mar/2017:11:23:01 -0300] "GET /cormun/servlet/trautorizarsolicitud? HTTP/1.1" 200 6961
186.79.10.110 - - [27/Mar/2017:11:23:06 -0300] "POST /cormun/servlet/solicitudotadjuntos?5271df1fb0f4eca65aaee2902b90978c,INS,2017,5755,,1, HTTP/1.1" 200 116
186.79.10.110 - - [27/Mar/2017:11:23:06 -0300] "GET /cormun/servlet/hpexe_return? HTTP/1.1" 200 1024
186.79.10.110 - - [27/Mar/2017:11:23:07 -0300] "GET /cormun/servlet/trsolicitudadjuntos?2017,5755, HTTP/1.1" 200 7939
201.236.59.243 - - [27/Mar/2017:11:23:08 -0300] "POST /cormun/servlet/permisosadjuntos?b8c672d91ab6fa8711ab12f0691fe86b,INS,15024877,P,20170322182315,, HTTP/1.1" 200 116
186.79.10.110 - - [27/Mar/2017:11:23:08 -0300] "GET /cormun/servlet/trsolicitudadjuntos?2017,5755, HTTP/1.1" 200 7935
201.236.59.243 - - [27/Mar/2017:11:23:08 -0300] "GET /cormun/servlet/hpexe_return? HTTP/1.1" 200 1039
201.236.59.243 - - [27/Mar/2017:11:23:08 -0300] "GET /cormun/static/Resources/Spanish/PXTools.css?167811 HTTP/1.1" 304 -
