186.67.84.234 - - [27/Mar/2017:10:50:12 -0300] "POST /cormun/servlet/solicitudot?gx-no-cache=1490622678360 HTTP/1.1" 200 1273
186.67.84.234 - - [27/Mar/2017:10:50:12 -0300] "POST /cormun/servlet/solicitudot?gx-no-cache=1490622678455 HTTP/1.1" 200 1157
186.67.84.234 - - [27/Mar/2017:10:50:12 -0300] "GET /cormun/static/menuarrow.gif HTTP/1.1" 404 1015
186.67.84.234 - - [27/Mar/2017:10:50:14 -0300] "POST /cormun/servlet/solicitudot?gx-no-cache=1490622680670 HTTP/1.1" 200 1273
186.67.84.234 - - [27/Mar/2017:10:50:14 -0300] "POST /cormun/servlet/solicitudot?gx-no-cache=1490622680732 HTTP/1.1" 200 1157
186.67.84.234 - - [27/Mar/2017:10:50:19 -0300] "GET /cormun/servlet/solicitudot?0b8e7496a7cccc5aa2d3509eedeec776456d51418b08cddea0e3c3ae9d376ac5c3adf48d2b1fe8791c5948dea63fdfbea99e995a673b8211dfe4073a6a98edeaa043d5c72d87979969d82bf71f447f450a4d80b8e7b3dbdf25febd6f1fabe3a75e5f24f504146f479784fd6c94a2eec8f859f0ae14c3583d3c9ed5ff42add436f85e6ba1eef922a80d26c58026d8e6cef3a2f905c5631ef801274b51fa0369183185598074a44fa151b121319381f478235d8d6c9c0dc72cd3eb6da3ed6e17dd,gx-no-cache=1490622685548 HTTP/1.1" 200 30
186.67.84.234 - - [27/Mar/2017:10:50:19 -0300] "POST /cormun/servlet/solicitudot?2aa23a1876e5d781e22aa4f501e470aa,INS,0,0,,gx-no-cache=1490622685601 HTTP/1.1" 200 93
186.67.84.234 - - [27/Mar/2017:10:50:19 -0300] "GET /cormun/servlet/hpexe_return? HTTP/1.1" 200 1007
186.67.84.234 - - [27/Mar/2017:10:50:19 -0300] "GET /cormun/static/gxcfg.js?2016101716175148 HTTP/1.1" 304 -
186.67.84.234 - - [27/Mar/2017:10:50:19 -0300] "GET /cormun/static/hpexe_return.js?2016101716175153 HTTP/1.1" 304 -
186.67.84.234 - - [27/Mar/2017:10:50:20 -0300] "GET /cormun/servlet/trsolicitudot HTTP/1.1" 200 8271
186.67.84.234 - - [27/Mar/2017:10:50:20 -0300] "GET /cormun/servlet/trsolicitudot HTTP/1.1" 200 8267
190.151.99.26 - - [27/Mar/2017:10:50:31 -0300] "POST /cormun/servlet/trsolicitudot?2aa23a1876e5d781e22aa4f501e470aa,gx-no-cache=1490622697773 HTTP/1.1" 200 4376
190.151.99.26 - - [27/Mar/2017:10:50:31 -0300] "GET /cormun/static/Shared/jqueryui/images/ui-bg_highlight-soft_100_c6c2c8_1x100.png HTTP/1.1" 404 1117
186.103.196.84 - - [27/Mar/2017:10:50:31 -0300] "GET /cormun/static/Shared/jqueryui/images/ui-icons_82798d_256x240.png HTTP/1.1" 404 1089
190.151.99.26 - - [27/Mar/2017:10:50:32 -0300] "GET /cormun/static/Shared/jqueryui/images/ui-bg_flat_55_fafafa_40x100.png HTTP/1.1" 404 1097
186.103.196.84 - - [27/Mar/2017:10:50:32 -0300] "GET /cormun/static/Shared/jqueryui/images/ui-icons_8d78a5_256x240.png HTTP/1.1" 404 1089
190.151.99.26 - - [27/Mar/2017:10:50:32 -0300] "POST /cormun/servlet/trsolicitudot?2aa23a1876e5d781e22aa4f501e470aa,gx-no-cache=1490622698065 HTTP/1.1" 200 4126
186.79.151.210 - - [27/Mar/2017:10:50:35 -0300] "POST /cormun/servlet/solicitudot?gx-no-cache=1490622700846 HTTP/1.1" 200 1291
186.79.151.210 - - [27/Mar/2017:10:50:38 -0300] "GET /cormun/static/menuarrow.gif HTTP/1.1" 404 1015
186.103.159.230 - - [27/Mar/2017:10:50:42 -0300] "GET /cormun/servlet/trsolicitudadjuntos?2017,5753, HTTP/1.1" 200 6068
186.103.159.230 - - [27/Mar/2017:10:50:42 -0300] "GET /cormun/servlet/trsolicitudadjuntos?2017,5753, HTTP/1.1" 200 6068
186.79.151.210 - - [27/Mar/2017:10:50:44 -0300] "POST /cormun/servlet/solicitudot?gx-no-cache=1490622712438 HTTP/1.1" 200 118
186.103.159.230 - - [27/Mar/2017:10:50:45 -0300] "GET /cormun/servlet/trsolicitudot? HTTP/1.1" 200 8238
186.103.159.230 - - [27/Mar/2017:10:50:45 -0300] "GET /cormun/servlet/trsolicitudot? HTTP/1.1" 200 8236
186.79.151.210 - - [27/Mar/2017:10:50:46 -0300] "GET /cormun/static/Shared/jqueryui/images/ui-bg_highlight-soft_100_c6c2c8_1x100.png HTTP/1.1" 404 1117
186.79.151.210 - - [27/Mar/2017:10:50:47 -0300] "GET /cormun/static/Shared/jqueryui/images/ui-icons_ebccce_256x240.png HTTP/1.1" 404 1089
186.79.151.210 - - [27/Mar/2017:10:50:51 -0300] "GET /cormun/static/Shared/jqueryui/images/ui-icons_82798d_256x240.png HTTP/1.1" 404 1089
186.79.151.210 - - [27/Mar/2017:10:50:51 -0300] "GET /cormun/static/Shared/jqueryui/images/ui-bg_flat_55_994d53_40x100.png HTTP/1.1" 404 1097
186.79.10.110 - - [27/Mar/2017:10:51:07 -0300] "GET /cormun/servlet/solicitudot?d946e32ce4d11aa32444d487e6e67e206b8b54606d81e90c194f0f3f6400f1744200ec21bd0563ade666029d6a27cd8f3457388d1169b2bcf738204fc04e22f535ac3c54e30700d169789365b02af6012b87589fe00859170b2c72405762301ee88960e11640c130b8b129f4f15ab04dd9f280e2c8c7d7ee56c16fd09126c801a3ac6195bba5c676a1251ee8752a233c5d8fe278f24fb87a1e4c9737c5fe819b287a72377a7bd8b142f9929a31607f0e3760518def80f70ac099b41576ee15d797ee3a08ce945d58cd7ee1778cff24c2dab8d2595aa093eb491ff445bc33b91933952249b5166b9955e51eda411673505717fa836e4404986d3cc83070d0dc3e03c98deecb6ac5478a895891d46c55980a7c1800571bcb4258eb13d53410a5143ff48b6c555d0c5a1ab52153020fc5281e96918834937b78f9ea4fc3f0a2d608bab1b6ca2ecbe7d88471a6bbde8c7ba1d43bfc0612f58efebaa16d1d14b6c8e3783d283458340047f2875c6eb7cf1e6a04ad11a4d0360c1702b04de9f86f6326e9b6fcf0f65640b2e0fecec4ab3ff896,gx-no-cache=1490622735060 HTTP/1.1" 200 30
186.79.10.110 - - [27/Mar/2017:10:51:07 -0300] "POST /cormun/servlet/solicitudot?gx-no-cache=1490622735239 HTTP/1.1" 200 30
186.79.10.110 - - [27/Mar/2017:10:51:08 -0300] "POST /cormun/servlet/solicitudot?gx-no-cache=1490622735352 HTTP/1.1" 200 1287
186.79.10.110 - - [27/Mar/2017:10:51:08 -0300] "POST /cormun/servlet/solicitudot?gx-no-cache=1490622735578 HTTP/1.1" 200 41
186.79.10.110 - - [27/Mar/2017:10:51:08 -0300] "POST /cormun/servlet/solicitudot?gx-no-cache=1490622735717 HTTP/1.1" 200 1275
186.79.10.110 - - [27/Mar/2017:10:51:08 -0300] "POST /cormun/servlet/solicitudot?gx-no-cache=1490622735940 HTTP/1.1" 200 1157
192.168.10.96 - - [27/Mar/2017:10:51:27 -0300] "GET /cormun/servlet/vesolicitudnombre?2017,5272,,SolicitudOTAdjuntos HTTP/1.1" 200 10202
192.168.10.96 - - [27/Mar/2017:10:51:28 -0300] "GET /cormun/servlet/vesolicitudnombre?2017,5272,,SolicitudOTAdjuntos HTTP/1.1" 200 10202
192.168.10.96 - - [27/Mar/2017:10:51:29 -0300] "POST /cormun/servlet/acontrolpreferencessavestate?None,DZAMUDIO,true HTTP/1.1" 200 35
192.168.10.96 - - [27/Mar/2017:10:51:29 -0300] "GET /cormun/servlet/trconsultaempleado? HTTP/1.1" 200 6588
192.168.10.96 - - [27/Mar/2017:10:51:30 -0300] "GET /cormun/servlet/trconsultaempleado? HTTP/1.1" 200 6570
186.79.85.247 - - [27/Mar/2017:10:51:32 -0300] "POST /cormun/servlet/hlogin?c4c7cd65e5b71f85e9bc57c0f296ddc2,gx-no-cache=1490626208044 HTTP/1.1" 200 90
186.79.85.247 - - [27/Mar/2017:10:51:33 -0300] "GET /cormun/servlet/hpexe_link HTTP/1.1" 200 968
186.79.85.247 - - [27/Mar/2017:10:51:33 -0300] "GET /cormun/servlet/trsolicitudadjuntos?2017,5747, HTTP/1.1" 200 5698
186.79.85.247 - - [27/Mar/2017:10:51:35 -0300] "GET /cormun/servlet/trsolicitudadjuntos?2017,5747, HTTP/1.1" 200 5696
192.168.10.96 - - [27/Mar/2017:10:51:37 -0300] "POST /cormun/servlet/trconsultaempleado?3289a6b370eede19218546305cb3e939,,gx-no-cache=1490625976386 HTTP/1.1" 200 4417
186.79.10.110 - - [27/Mar/2017:10:51:40 -0300] "GET /cormun/servlet/solicitudot?d946e32ce4d11aa32444d487e6e67e2035e1ce1b4f0430830c20b12a0e2b47d728fcaae87e7b0e2c1b09da5416ae05d64d2bfec7dbf7887f4cdd761fdaab7341071667902e30817801cdd8d6c94109080e31badccdfb2e9ae79e22817ac4da2a36f6341081aa252276f056681803bb5698065110f5368df8fbb79e7678de9f24ca580af49258f12ad62b8034cba5e28401c2d4b3e95eda55254bb593794eb9a7d1fa62ae291545b8dcf28f1988673ef0,gx-no-cache=1490622767635 HTTP/1.1" 200 30
186.79.10.110 - - [27/Mar/2017:10:51:40 -0300] "POST /cormun/servlet/solicitudot?7992a0f63129a28ced2b6c3fb0e86827,INS,0,0,,gx-no-cache=1490622767774 HTTP/1.1" 200 93
186.79.10.110 - - [27/Mar/2017:10:51:41 -0300] "GET /cormun/servlet/hpexe_return? HTTP/1.1" 200 1007
186.79.10.110 - - [27/Mar/2017:10:51:41 -0300] "GET /cormun/static/Resources/Spanish/PXTools.css?167811 HTTP/1.1" 304 -
186.79.10.110 - - [27/Mar/2017:10:51:41 -0300] "GET /cormun/static/gxcfg.js?2016101716175148 HTTP/1.1" 304 -
186.79.10.110 - - [27/Mar/2017:10:51:41 -0300] "GET /cormun/static/hpexe_return.js?2016101716175153 HTTP/1.1" 304 -
186.79.10.110 - - [27/Mar/2017:10:51:41 -0300] "GET /cormun/servlet/trsolicitudot HTTP/1.1" 200 8814
192.168.10.96 - - [27/Mar/2017:10:51:41 -0300] "GET /cormun/servlet/trsolicitudnombre?12915201, HTTP/1.1" 200 7225
186.79.10.110 - - [27/Mar/2017:10:51:42 -0300] "GET /cormun/servlet/trsolicitudot HTTP/1.1" 200 8810
192.168.10.96 - - [27/Mar/2017:10:51:42 -0300] "GET /cormun/servlet/trsolicitudnombre?12915201, HTTP/1.1" 200 7226
192.168.10.96 - - [27/Mar/2017:10:51:44 -0300] "GET /cormun/servlet/vesolicitudnombre?2017,5294,, HTTP/1.1" 200 8422
192.168.10.96 - - [27/Mar/2017:10:51:44 -0300] "GET /cormun/pexe_scrolldiv.js HTTP/1.1" 404 1009
192.168.10.96 - - [27/Mar/2017:10:51:44 -0300] "GET /cormun/pexe_scrolldiv.js HTTP/1.1" 404 1009
192.168.10.96 - - [27/Mar/2017:10:51:45 -0300] "GET /cormun/servlet/vesolicitudnombre?2017,5294,, HTTP/1.1" 200 8416
192.168.10.96 - - [27/Mar/2017:10:51:47 -0300] "GET /cormun/servlet/vesolicitudnombre?2017,5294,,SolicitudOTAdjuntos HTTP/1.1" 200 10190
192.168.10.96 - - [27/Mar/2017:10:51:47 -0300] "GET /cormun/pexe_scrolldiv.js HTTP/1.1" 404 1009
192.168.10.96 - - [27/Mar/2017:10:51:47 -0300] "GET /cormun/pexe_scrolldiv.js HTTP/1.1" 404 1009
192.168.10.96 - - [27/Mar/2017:10:51:48 -0300] "GET /cormun/servlet/vesolicitudnombre?2017,5294,,SolicitudOTAdjuntos HTTP/1.1" 200 10190
192.168.10.96 - - [27/Mar/2017:10:51:48 -0300] "POST /cormun/servlet/acontrolpreferencessavestate?None,DZAMUDIO,true HTTP/1.1" 200 35
192.168.10.96 - - [27/Mar/2017:10:51:49 -0300] "GET /cormun/PublicTempStorage/c.i1710950.pdf HTTP/1.1" 200 320248
186.79.10.110 - - [27/Mar/2017:10:51:53 -0300] "POST /cormun/servlet/trsolicitudot?7992a0f63129a28ced2b6c3fb0e86827,gx-no-cache=1490622780595 HTTP/1.1" 200 106
186.79.10.110 - - [27/Mar/2017:10:51:53 -0300] "GET /cormun/servlet/trsolicitudadjuntos?2017,5755, HTTP/1.1" 200 5857
186.79.10.110 - - [27/Mar/2017:10:51:53 -0300] "GET /cormun/static/gxcfg.js?201731711504543 HTTP/1.1" 304 -
186.79.10.110 - - [27/Mar/2017:10:51:53 -0300] "GET /cormun/static/trsolicitudadjuntos.js?201731711504951 HTTP/1.1" 304 -
186.79.10.110 - - [27/Mar/2017:10:51:54 -0300] "GET /cormun/servlet/trsolicitudadjuntos?2017,5755, HTTP/1.1" 200 5857
192.168.10.96 - - [27/Mar/2017:10:51:54 -0300] "GET /cormun/servlet/vesolicitudnombre?2017,5294,,SolicitudOTAdjuntos HTTP/1.1" 200 10190
192.168.10.96 - - [27/Mar/2017:10:51:55 -0300] "GET /cormun/servlet/vesolicitudnombre?2017,5294,,SolicitudOTAdjuntos HTTP/1.1" 200 10195
192.168.10.96 - - [27/Mar/2017:10:51:56 -0300] "POST /cormun/servlet/acontrolpreferencessavestate?None,DZAMUDIO,true HTTP/1.1" 200 35
192.168.10.96 - - [27/Mar/2017:10:52:00 -0300] "GET /cormun/PublicTempStorage/cert._estudio2755992.pdf HTTP/1.1" 200 415776
186.79.10.110 - - [27/Mar/2017:10:52:00 -0300] "GET /cormun/servlet/solicitudotadjuntos?INS,2017,5755,,2, HTTP/1.1" 200 5795
186.79.10.110 - - [27/Mar/2017:10:52:01 -0300] "GET /cormun/static/gxcfg.js?201612218465951 HTTP/1.1" 304 -
186.79.10.110 - - [27/Mar/2017:10:52:01 -0300] "GET /cormun/static/solicitudotadjuntos.js?201612218465969 HTTP/1.1" 304 -
186.79.10.110 - - [27/Mar/2017:10:52:01 -0300] "GET /cormun/static/about:blank HTTP/1.1" 404 1011
186.79.10.110 - - [27/Mar/2017:10:52:01 -0300] "GET /cormun/servlet/solicitudotadjuntos?INS,2017,5755,,2, HTTP/1.1" 200 5789
186.79.10.110 - - [27/Mar/2017:10:52:02 -0300] "GET /cormun/servlet/solicitudotadjuntos?d946e32ce4d11aa32444d487e6e67e200a7acf65cdabc98a834aeee21038e0a31be96ecb6a11f0ae88aed5373146fb73,gx-no-cache=1490622789535 HTTP/1.1" 200 30
186.79.10.110 - - [27/Mar/2017:10:52:03 -0300] "POST /cormun/servlet/solicitudotadjuntos?7992a0f63129a28ced2b6c3fb0e86827,INS,2017,5755,,2,,gx-no-cache=1490622789644 HTTP/1.1" 200 3856
192.168.10.96 - - [27/Mar/2017:10:52:05 -0300] "GET /cormun/servlet/vesolicitudnombre?2017,5294,,SolicitudOTAdjuntos HTTP/1.1" 200 10190
192.168.10.96 - - [27/Mar/2017:10:52:06 -0300] "GET /cormun/servlet/vesolicitudnombre?2017,5294,,SolicitudOTAdjuntos HTTP/1.1" 200 10194
192.168.10.96 - - [27/Mar/2017:10:52:07 -0300] "POST /cormun/servlet/acontrolpreferencessavestate?None,DZAMUDIO,true HTTP/1.1" 200 35
192.168.10.96 - - [27/Mar/2017:10:52:07 -0300] "GET /cormun/PublicTempStorage/afp9586315.pdf HTTP/1.1" 200 273163
186.79.10.110 - - [27/Mar/2017:10:52:08 -0300] "POST /cormun/servlet/solicitudotadjuntos?gx-no-cache=1490622795637 HTTP/1.1" 200 26
186.79.151.210 - - [27/Mar/2017:10:52:08 -0300] "GET /cormun/servlet/solicitudot?3157afc4a529bf0970972fcb3fc51cdaa8f2a52b90c1328dbfc1b39b02726b1c58d5d169ebdcdecb870e4d35e3e426f087aa42915f1fe8321b58a460330010866b1d71d8d8c72f6f170cba78522a31336c8dda7c605c7aa4497dbb495fc7d3b47083f0ac830965a4ff488446ece7a9a9,gx-no-cache=1490622792527 HTTP/1.1" 200 29
192.168.10.96 - - [27/Mar/2017:10:52:13 -0300] "GET /cormun/servlet/vesolicitudnombre?2017,5294,,SolicitudOTAdjuntos HTTP/1.1" 200 10192
192.168.10.96 - - [27/Mar/2017:10:52:14 -0300] "GET /cormun/servlet/vesolicitudnombre?2017,5294,,SolicitudOTAdjuntos HTTP/1.1" 200 10192
192.168.10.96 - - [27/Mar/2017:10:52:14 -0300] "POST /cormun/servlet/acontrolpreferencessavestate?None,DZAMUDIO,true HTTP/1.1" 200 35
192.168.10.96 - - [27/Mar/2017:10:52:15 -0300] "GET /cormun/PublicTempStorage/curriculum1963937.pdf HTTP/1.1" 200 457572
192.168.10.96 - - [27/Mar/2017:10:52:18 -0300] "GET /cormun/servlet/vesolicitudnombre?2017,5294,,SolicitudOTAdjuntos HTTP/1.1" 200 10191
186.79.151.210 - - [27/Mar/2017:10:52:19 -0300] "POST /cormun/servlet/solicitudot?gx-no-cache=1490622799511 HTTP/1.1" 200 1274
192.168.10.96 - - [27/Mar/2017:10:52:19 -0300] "GET /cormun/servlet/vesolicitudnombre?2017,5294,,SolicitudOTAdjuntos HTTP/1.1" 200 10191
192.168.10.96 - - [27/Mar/2017:10:52:19 -0300] "POST /cormun/servlet/acontrolpreferencessavestate?None,DZAMUDIO,true HTTP/1.1" 200 35
192.168.10.96 - - [27/Mar/2017:10:52:20 -0300] "GET /cormun/servlet/vesolicitudnombre?2017,5294,, HTTP/1.1" 200 8422
192.168.10.96 - - [27/Mar/2017:10:52:20 -0300] "GET /cormun/servlet/vesolicitudnombre?2017,5294,, HTTP/1.1" 200 8416
186.79.151.210 - - [27/Mar/2017:10:52:25 -0300] "POST /cormun/servlet/solicitudot?gx-no-cache=1490622810374 HTTP/1.1" 200 1156
192.168.10.96 - - [27/Mar/2017:10:52:25 -0300] "GET /cormun/servlet/trsolicitudnombre?12915201, HTTP/1.1" 200 7227
192.168.10.96 - - [27/Mar/2017:10:52:26 -0300] "GET /cormun/servlet/trsolicitudnombre?12915201, HTTP/1.1" 200 7226
186.79.151.210 - - [27/Mar/2017:10:52:37 -0300] "POST /cormun/servlet/solicitudot?gx-no-cache=1490622823714 HTTP/1.1" 200 1274
186.79.151.210 - - [27/Mar/2017:10:52:38 -0300] "POST /cormun/servlet/solicitudot?gx-no-cache=1490622825765 HTTP/1.1" 200 1156
186.79.151.210 - - [27/Mar/2017:10:52:57 -0300] "GET /cormun/servlet/solicitudot?3157afc4a529bf0970972fcb3fc51cda94f19a67f07be99508f55e3574a4af94c8b64e730f7b5ab87b0a01a23ccb1f208041324e1fd165b90ad96a4377df9e6d669b7b27d45e7c4de2cd5fbaa2c125d6e7507835ef5d90abf72c41523c20cf0fd723f837ed0370b3930c6c760813377729e1c6ca024be25bbfb1c7d691a3ae43eac04c76ec63e54848e84506ce6c5ece2af7b26250041c8ee45f8e0caa1892f7e00651995c7587e38fbde7baf1bf7ca519a2bfc4fe0df59a540068a50910fbed,gx-no-cache=1490622843610 HTTP/1.1" 200 30
192.168.10.96 - - [27/Mar/2017:10:52:58 -0300] "GET /cormun/servlet/trconsultaempleado? HTTP/1.1" 200 6637
192.168.10.96 - - [27/Mar/2017:10:52:58 -0300] "GET /cormun/servlet/trconsultaempleado? HTTP/1.1" 200 6636
186.79.10.110 - - [27/Mar/2017:10:53:00 -0300] "GET /cormun/servlet/solicitudotadjuntos?d946e32ce4d11aa32444d487e6e67e2090ed1892e083372bcf87e0c0de08309a,gx-no-cache=1490622847397 HTTP/1.1" 200 30
186.79.10.110 - - [27/Mar/2017:10:53:00 -0300] "GET /cormun/servlet/solicitudotadjuntos?d946e32ce4d11aa32444d487e6e67e2090ed1892e083372bcf87e0c0de08309a,gx-no-cache=1490622847561 HTTP/1.1" 200 30
192.168.10.96 - - [27/Mar/2017:10:53:05 -0300] "POST /cormun/servlet/trconsultaempleado?3289a6b370eede19218546305cb3e939,,gx-no-cache=1490626064694 HTTP/1.1" 200 4346
192.168.10.96 - - [27/Mar/2017:10:53:07 -0300] "GET /cormun/servlet/trsolicitudnombre?17401409, HTTP/1.1" 200 7204
192.168.10.96 - - [27/Mar/2017:10:53:08 -0300] "GET /cormun/servlet/trsolicitudnombre?17401409, HTTP/1.1" 200 7204
186.79.10.110 - - [27/Mar/2017:10:53:12 -0300] "POST /cormun/servlet/solicitudotadjuntos?7992a0f63129a28ced2b6c3fb0e86827,INS,2017,5755,,2, HTTP/1.1" 200 116
192.168.10.96 - - [27/Mar/2017:10:53:12 -0300] "GET /cormun/servlet/vesolicitudnombre?2017,5351,, HTTP/1.1" 200 8405
192.168.10.96 - - [27/Mar/2017:10:53:12 -0300] "GET /cormun/pexe_scrolldiv.js HTTP/1.1" 404 1009
192.168.10.96 - - [27/Mar/2017:10:53:12 -0300] "GET /cormun/pexe_scrolldiv.js HTTP/1.1" 404 1009
186.79.10.110 - - [27/Mar/2017:10:53:12 -0300] "GET /cormun/servlet/hpexe_return? HTTP/1.1" 200 1026
192.168.10.96 - - [27/Mar/2017:10:53:12 -0300] "GET /cormun/servlet/vesolicitudnombre?2017,5351,, HTTP/1.1" 200 8399
186.79.10.110 - - [27/Mar/2017:10:53:13 -0300] "GET /cormun/servlet/trsolicitudadjuntos?2017,5755, HTTP/1.1" 200 7941
186.79.10.110 - - [27/Mar/2017:10:53:13 -0300] "GET /cormun/servlet/trsolicitudadjuntos?2017,5755, HTTP/1.1" 200 7938
192.168.10.96 - - [27/Mar/2017:10:53:16 -0300] "GET /cormun/servlet/vesolicitudnombre?2017,5351,,SolicitudOTAdjuntos HTTP/1.1" 200 10186
192.168.10.96 - - [27/Mar/2017:10:53:16 -0300] "GET /cormun/pexe_scrolldiv.js HTTP/1.1" 404 1009
192.168.10.96 - - [27/Mar/2017:10:53:16 -0300] "GET /cormun/pexe_scrolldiv.js HTTP/1.1" 404 1009
192.168.10.96 - - [27/Mar/2017:10:53:17 -0300] "GET /cormun/servlet/vesolicitudnombre?2017,5351,,SolicitudOTAdjuntos HTTP/1.1" 200 10189
192.168.10.96 - - [27/Mar/2017:10:53:17 -0300] "POST /cormun/servlet/acontrolpreferencessavestate?None,DZAMUDIO,true HTTP/1.1" 200 35
192.168.10.96 - - [27/Mar/2017:10:53:18 -0300] "GET /cormun/PublicTempStorage/c.i4162529.pdf HTTP/1.1" 200 323483
186.79.151.210 - - [27/Mar/2017:10:53:20 -0300] "POST /cormun/servlet/solicitudot?827c49fa297f5255c9a04d131b06bc14,INS,0,0,,gx-no-cache=1490622867151 HTTP/1.1" 200 11119
192.168.10.96 - - [27/Mar/2017:10:53:25 -0300] "GET /cormun/servlet/vesolicitudnombre?2017,5351,,SolicitudOTAdjuntos HTTP/1.1" 200 10185
192.168.10.96 - - [27/Mar/2017:10:53:25 -0300] "GET /cormun/servlet/vesolicitudnombre?2017,5351,,SolicitudOTAdjuntos HTTP/1.1" 200 10188
192.168.10.96 - - [27/Mar/2017:10:53:26 -0300] "POST /cormun/servlet/acontrolpreferencessavestate?None,DZAMUDIO,true HTTP/1.1" 200 35
192.168.10.96 - - [27/Mar/2017:10:53:27 -0300] "GET /cormun/PublicTempStorage/estudios2851132.pdf HTTP/1.1" 200 441294
186.79.151.210 - - [27/Mar/2017:10:53:30 -0300] "GET /cormun/servlet/trsolicitudot? HTTP/1.1" 200 8076
186.79.151.210 - - [27/Mar/2017:10:53:30 -0300] "GET /cormun/servlet/trsolicitudot? HTTP/1.1" 200 8075
192.168.10.96 - - [27/Mar/2017:10:53:33 -0300] "GET /cormun/servlet/vesolicitudnombre?2017,5351,,SolicitudOTAdjuntos HTTP/1.1" 200 10187
192.168.10.96 - - [27/Mar/2017:10:53:34 -0300] "GET /cormun/servlet/vesolicitudnombre?2017,5351,,SolicitudOTAdjuntos HTTP/1.1" 200 10189
186.79.151.210 - - [27/Mar/2017:10:53:34 -0300] "GET /cormun/servlet/trlicencias? HTTP/1.1" 200 7877
192.168.10.96 - - [27/Mar/2017:10:53:35 -0300] "POST /cormun/servlet/acontrolpreferencessavestate?None,DZAMUDIO,true HTTP/1.1" 200 35
186.79.151.210 - - [27/Mar/2017:10:53:35 -0300] "GET /cormun/servlet/trlicencias? HTTP/1.1" 200 7876
192.168.10.96 - - [27/Mar/2017:10:53:35 -0300] "GET /cormun/PublicTempStorage/afp715156.pdf HTTP/1.1" 200 376799
186.79.10.110 - - [27/Mar/2017:10:53:37 -0300] "GET /cormun/servlet/solicitudotadjuntos?DLT,2017,5755,CERTIF1,0, HTTP/1.1" 200 5755
186.79.10.110 - - [27/Mar/2017:10:53:38 -0300] "GET /cormun/static/Shared/jqueryui/images/ui-icons_82798d_256x240.png HTTP/1.1" 404 1089
186.79.10.110 - - [27/Mar/2017:10:53:38 -0300] "GET /cormun/static/Shared/jqueryui/images/ui-icons_8d78a5_256x240.png HTTP/1.1" 404 1089
186.79.10.110 - - [27/Mar/2017:10:53:38 -0300] "GET /cormun/static/Shared/jqueryui/images/ui-bg_highlight-soft_100_c6c2c8_1x100.png HTTP/1.1" 404 1117
186.79.10.110 - - [27/Mar/2017:10:53:38 -0300] "GET /cormun/static/Shared/jqueryui/images/ui-bg_flat_55_fafafa_40x100.png HTTP/1.1" 404 1097
186.79.10.110 - - [27/Mar/2017:10:53:38 -0300] "GET /cormun/servlet/solicitudotadjuntos?DLT,2017,5755,CERTIF1,0, HTTP/1.1" 200 5749
186.79.10.110 - - [27/Mar/2017:10:53:38 -0300] "GET /cormun/PublicTempStorage/cedula7675557.jpg HTTP/1.1" 200 652600
192.168.10.96 - - [27/Mar/2017:10:53:43 -0300] "GET /cormun/servlet/vesolicitudnombre?2017,5351,,SolicitudOTAdjuntos HTTP/1.1" 200 10187
192.168.10.96 - - [27/Mar/2017:10:53:44 -0300] "GET /cormun/servlet/vesolicitudnombre?2017,5351,,SolicitudOTAdjuntos HTTP/1.1" 200 10186
186.103.159.230 - - [27/Mar/2017:10:53:44 -0300] "POST /cormun/servlet/trsolicitudot?d82618ad1be460c11e65dad044bfdc1c,,gx-no-cache=1490622892117 HTTP/1.1" 200 106
186.103.159.230 - - [27/Mar/2017:10:53:44 -0300] "GET /cormun/servlet/trsolicitudadjuntos?2017,5753, HTTP/1.1" 200 6068
192.168.10.96 - - [27/Mar/2017:10:53:45 -0300] "POST /cormun/servlet/acontrolpreferencessavestate?None,DZAMUDIO,true HTTP/1.1" 200 35
186.103.159.230 - - [27/Mar/2017:10:53:45 -0300] "GET /cormun/servlet/trsolicitudadjuntos?2017,5753, HTTP/1.1" 200 6068
192.168.10.96 - - [27/Mar/2017:10:53:46 -0300] "GET /cormun/PublicTempStorage/fonasa1326370.pdf HTTP/1.1" 200 365010
186.79.10.110 - - [27/Mar/2017:10:53:49 -0300] "POST /cormun/servlet/solicitudotadjuntos?7992a0f63129a28ced2b6c3fb0e86827,DLT,2017,5755,CERTIF1,0,,gx-no-cache=1490622896964 HTTP/1.1" 200 93
186.79.10.110 - - [27/Mar/2017:10:53:50 -0300] "GET /cormun/servlet/hpexe_return? HTTP/1.1" 200 1033
186.103.159.230 - - [27/Mar/2017:10:53:50 -0300] "GET /cormun/servlet/solicitudotadjuntos?INS,2017,5753,,1, HTTP/1.1" 200 6003
186.79.10.110 - - [27/Mar/2017:10:53:50 -0300] "GET /cormun/servlet/trsolicitudadjuntos?2017,5755, HTTP/1.1" 200 5861
186.103.159.230 - - [27/Mar/2017:10:53:50 -0300] "GET /cormun/static/about:blank HTTP/1.1" 404 1011
186.103.159.230 - - [27/Mar/2017:10:53:50 -0300] "GET /cormun/servlet/solicitudotadjuntos?INS,2017,5753,,1, HTTP/1.1" 200 5998
186.103.159.230 - - [27/Mar/2017:10:53:51 -0300] "GET /cormun/servlet/solicitudotadjuntos?c1e4c842045e473c98e92366e3a4b30bcff546714429a9f3549c9d7e0442234fe8cdc74fb30137e3e0c89c2017980267,gx-no-cache=1490622898486 HTTP/1.1" 200 30
186.79.10.110 - - [27/Mar/2017:10:53:51 -0300] "GET /cormun/servlet/trsolicitudadjuntos?2017,5755, HTTP/1.1" 200 5857
186.103.159.230 - - [27/Mar/2017:10:53:51 -0300] "POST /cormun/servlet/solicitudotadjuntos?d82618ad1be460c11e65dad044bfdc1c,INS,2017,5753,,1,,gx-no-cache=1490622898522 HTTP/1.1" 200 3817
192.168.10.96 - - [27/Mar/2017:10:53:51 -0300] "GET /cormun/servlet/vesolicitudnombre?2017,5351,,SolicitudOTAdjuntos HTTP/1.1" 200 10185
192.168.10.96 - - [27/Mar/2017:10:53:52 -0300] "GET /cormun/servlet/vesolicitudnombre?2017,5351,,SolicitudOTAdjuntos HTTP/1.1" 200 10189
192.168.10.96 - - [27/Mar/2017:10:53:53 -0300] "POST /cormun/servlet/acontrolpreferencessavestate?None,DZAMUDIO,true HTTP/1.1" 200 35
192.168.10.96 - - [27/Mar/2017:10:53:53 -0300] "GET /cormun/PublicTempStorage/antecedentes5955862.pdf HTTP/1.1" 200 425604
186.79.10.110 - - [27/Mar/2017:10:53:54 -0300] "GET /cormun/servlet/solicitudotadjuntos?INS,2017,5755,,2, HTTP/1.1" 200 5795
186.79.10.110 - - [27/Mar/2017:10:53:54 -0300] "GET /cormun/static/about:blank HTTP/1.1" 404 1011
186.79.10.110 - - [27/Mar/2017:10:53:54 -0300] "GET /cormun/servlet/solicitudotadjuntos?INS,2017,5755,,2, HTTP/1.1" 200 5789
186.79.10.110 - - [27/Mar/2017:10:53:55 -0300] "GET /cormun/servlet/solicitudotadjuntos?d946e32ce4d11aa32444d487e6e67e200a7acf65cdabc98a834aeee21038e0a31be96ecb6a11f0ae88aed5373146fb73,gx-no-cache=1490622902546 HTTP/1.1" 200 30
186.79.10.110 - - [27/Mar/2017:10:53:55 -0300] "POST /cormun/servlet/solicitudotadjuntos?7992a0f63129a28ced2b6c3fb0e86827,INS,2017,5755,,2,,gx-no-cache=1490622902668 HTTP/1.1" 200 3856
186.103.159.230 - - [27/Mar/2017:10:53:55 -0300] "POST /cormun/servlet/solicitudotadjuntos?gx-no-cache=1490622903128 HTTP/1.1" 200 26
192.168.10.96 - - [27/Mar/2017:10:53:59 -0300] "GET /cormun/servlet/vesolicitudnombre?2017,5351,,SolicitudOTAdjuntos HTTP/1.1" 200 10186
186.79.10.110 - - [27/Mar/2017:10:53:59 -0300] "POST /cormun/servlet/solicitudotadjuntos?gx-no-cache=1490622907094 HTTP/1.1" 200 26
192.168.10.96 - - [27/Mar/2017:10:53:59 -0300] "GET /cormun/servlet/vesolicitudnombre?2017,5351,,SolicitudOTAdjuntos HTTP/1.1" 200 10188
192.168.10.96 - - [27/Mar/2017:10:54:00 -0300] "POST /cormun/servlet/acontrolpreferencessavestate?None,DZAMUDIO,true HTTP/1.1" 200 35
192.168.10.96 - - [27/Mar/2017:10:54:01 -0300] "GET /cormun/PublicTempStorage/antecedentes7564734.pdf HTTP/1.1" 200 425604
192.168.10.96 - - [27/Mar/2017:10:54:06 -0300] "GET /cormun/servlet/vesolicitudnombre?2017,5351,,SolicitudOTAdjuntos HTTP/1.1" 200 10185
192.168.10.96 - - [27/Mar/2017:10:54:07 -0300] "GET /cormun/servlet/vesolicitudnombre?2017,5351,,SolicitudOTAdjuntos HTTP/1.1" 200 10188
192.168.10.96 - - [27/Mar/2017:10:54:08 -0300] "POST /cormun/servlet/acontrolpreferencessavestate?None,DZAMUDIO,true HTTP/1.1" 200 35
192.168.10.96 - - [27/Mar/2017:10:54:08 -0300] "GET /cormun/PublicTempStorage/curriculum5474132.pdf HTTP/1.1" 200 314537
186.79.85.247 - - [27/Mar/2017:10:54:30 -0300] "GET /cormun/servlet/trsolicitudot? HTTP/1.1" 200 9160
186.79.85.247 - - [27/Mar/2017:10:54:32 -0300] "GET /cormun/servlet/trsolicitudot? HTTP/1.1" 200 9153
186.79.85.247 - - [27/Mar/2017:10:54:38 -0300] "POST /cormun/servlet/trsolicitudot?c4c7cd65e5b71f85e9bc57c0f296ddc2,,gx-no-cache=1490626393107 HTTP/1.1" 200 107
186.79.85.247 - - [27/Mar/2017:10:54:38 -0300] "GET /cormun/servlet/trsolicitudadjuntos?2017,5746, HTTP/1.1" 200 5696
186.79.85.247 - - [27/Mar/2017:10:54:39 -0300] "GET /cormun/servlet/trsolicitudadjuntos?2017,5746, HTTP/1.1" 200 5696
186.79.85.247 - - [27/Mar/2017:10:54:41 -0300] "GET /cormun/servlet/solicitudotadjuntos?INS,2017,5746,,1, HTTP/1.1" 200 5818
186.79.85.247 - - [27/Mar/2017:10:54:42 -0300] "GET /cormun/static/about:blank HTTP/1.1" 404 1011
186.79.85.247 - - [27/Mar/2017:10:54:43 -0300] "GET /cormun/servlet/solicitudotadjuntos?INS,2017,5746,,1, HTTP/1.1" 200 5812
186.79.85.247 - - [27/Mar/2017:10:54:43 -0300] "GET /cormun/servlet/solicitudotadjuntos?bd6d84f579ebe68336503c37ffb6b2acf2b04abb44ca7a361c950bdeb0534821ed1c7f6b5467f3530eddb24705e1d693,gx-no-cache=1490626399185 HTTP/1.1" 200 30
186.79.85.247 - - [27/Mar/2017:10:54:44 -0300] "POST /cormun/servlet/solicitudotadjuntos?c4c7cd65e5b71f85e9bc57c0f296ddc2,INS,2017,5746,,1,,gx-no-cache=1490626399365 HTTP/1.1" 200 3635
186.79.85.247 - - [27/Mar/2017:10:54:49 -0300] "POST /cormun/servlet/solicitudotadjuntos?gx-no-cache=1490626404326 HTTP/1.1" 200 26
186.79.85.247 - - [27/Mar/2017:10:55:08 -0300] "GET /cormun/servlet/solicitudotadjuntos?bd6d84f579ebe68336503c37ffb6b2acfb572b5964a28240a0d59a4a3dbef49a,gx-no-cache=1490626423559 HTTP/1.1" 200 30
186.79.85.247 - - [27/Mar/2017:10:55:08 -0300] "GET /cormun/servlet/solicitudotadjuntos?bd6d84f579ebe68336503c37ffb6b2acfb572b5964a28240a0d59a4a3dbef49a,gx-no-cache=1490626423638 HTTP/1.1" 200 30
186.79.85.247 - - [27/Mar/2017:10:55:12 -0300] "POST /cormun/servlet/solicitudotadjuntos?c4c7cd65e5b71f85e9bc57c0f296ddc2,INS,2017,5746,,1, HTTP/1.1" 200 116
186.79.85.247 - - [27/Mar/2017:10:55:12 -0300] "GET /cormun/servlet/hpexe_return? HTTP/1.1" 200 1022
186.79.85.247 - - [27/Mar/2017:10:55:12 -0300] "GET /cormun/servlet/trsolicitudadjuntos?2017,5746, HTTP/1.1" 200 7857
186.79.85.247 - - [27/Mar/2017:10:55:14 -0300] "GET /cormun/servlet/trsolicitudadjuntos?2017,5746, HTTP/1.1" 200 7854
186.79.85.247 - - [27/Mar/2017:10:55:19 -0300] "GET /cormun/servlet/solicitudotadjuntos?INS,2017,5746,,1, HTTP/1.1" 200 5818
192.168.10.96 - - [27/Mar/2017:10:55:19 -0300] "GET /cormun/servlet/vesolicitudnombre?2017,5351,,SolicitudOTAdjuntos HTTP/1.1" 200 10187
186.79.85.247 - - [27/Mar/2017:10:55:20 -0300] "GET /cormun/static/about:blank HTTP/1.1" 404 1011
192.168.10.96 - - [27/Mar/2017:10:55:20 -0300] "GET /cormun/servlet/vesolicitudnombre?2017,5351,,SolicitudOTAdjuntos HTTP/1.1" 200 10189
186.79.85.247 - - [27/Mar/2017:10:55:21 -0300] "GET /cormun/servlet/solicitudotadjuntos?INS,2017,5746,,1, HTTP/1.1" 200 5812
192.168.10.96 - - [27/Mar/2017:10:55:21 -0300] "POST /cormun/servlet/acontrolpreferencessavestate?None,DZAMUDIO,true HTTP/1.1" 200 35
186.79.85.247 - - [27/Mar/2017:10:55:21 -0300] "GET /cormun/servlet/solicitudotadjuntos?bd6d84f579ebe68336503c37ffb6b2acf2b04abb44ca7a361c950bdeb0534821ed1c7f6b5467f3530eddb24705e1d693,gx-no-cache=1490626437043 HTTP/1.1" 200 30
186.79.85.247 - - [27/Mar/2017:10:55:22 -0300] "POST /cormun/servlet/solicitudotadjuntos?c4c7cd65e5b71f85e9bc57c0f296ddc2,INS,2017,5746,,1,,gx-no-cache=1490626437205 HTTP/1.1" 200 3635
186.79.85.247 - - [27/Mar/2017:10:55:26 -0300] "POST /cormun/servlet/solicitudotadjuntos?gx-no-cache=1490626441712 HTTP/1.1" 200 26
186.79.10.110 - - [27/Mar/2017:10:55:28 -0300] "GET /cormun/servlet/solicitudotadjuntos?d946e32ce4d11aa32444d487e6e67e2090ed1892e083372bcf87e0c0de08309a,gx-no-cache=1490622995575 HTTP/1.1" 200 30
186.79.10.110 - - [27/Mar/2017:10:55:28 -0300] "GET /cormun/servlet/solicitudotadjuntos?d946e32ce4d11aa32444d487e6e67e2090ed1892e083372bcf87e0c0de08309a,gx-no-cache=1490622995726 HTTP/1.1" 200 30
186.79.85.247 - - [27/Mar/2017:10:55:33 -0300] "GET /cormun/servlet/solicitudotadjuntos?bd6d84f579ebe68336503c37ffb6b2acfb572b5964a28240a0d59a4a3dbef49a,gx-no-cache=1490626448555 HTTP/1.1" 200 30
186.79.85.247 - - [27/Mar/2017:10:55:33 -0300] "GET /cormun/servlet/solicitudotadjuntos?bd6d84f579ebe68336503c37ffb6b2acfb572b5964a28240a0d59a4a3dbef49a,gx-no-cache=1490626448656 HTTP/1.1" 200 30
186.79.85.247 - - [27/Mar/2017:10:55:40 -0300] "POST /cormun/servlet/solicitudotadjuntos?c4c7cd65e5b71f85e9bc57c0f296ddc2,INS,2017,5746,,1, HTTP/1.1" 200 116
186.79.85.247 - - [27/Mar/2017:10:55:40 -0300] "GET /cormun/servlet/hpexe_return? HTTP/1.1" 200 1022
186.79.85.247 - - [27/Mar/2017:10:55:40 -0300] "GET /cormun/servlet/trsolicitudadjuntos?2017,5746, HTTP/1.1" 200 8061
186.79.10.110 - - [27/Mar/2017:10:55:40 -0300] "POST /cormun/servlet/solicitudotadjuntos?7992a0f63129a28ced2b6c3fb0e86827,INS,2017,5755,,2, HTTP/1.1" 200 116
186.79.10.110 - - [27/Mar/2017:10:55:40 -0300] "GET /cormun/servlet/hpexe_return? HTTP/1.1" 200 1026
192.168.10.62 - - [27/Mar/2017:10:55:41 -0300] "GET /cormun/servlet/trsolicitudgral? HTTP/1.1" 200 7983
186.79.10.110 - - [27/Mar/2017:10:55:41 -0300] "GET /cormun/servlet/trsolicitudadjuntos?2017,5755, HTTP/1.1" 200 7954
192.168.10.62 - - [27/Mar/2017:10:55:41 -0300] "GET /cormun/servlet/trsolicitudgral? HTTP/1.1" 200 7983
186.79.10.110 - - [27/Mar/2017:10:55:42 -0300] "GET /cormun/servlet/trsolicitudadjuntos?2017,5755, HTTP/1.1" 200 7951
186.79.85.247 - - [27/Mar/2017:10:55:42 -0300] "GET /cormun/servlet/trsolicitudadjuntos?2017,5746, HTTP/1.1" 200 8054
192.168.10.62 - - [27/Mar/2017:10:55:52 -0300] "POST /cormun/servlet/trsolicitudgral?eba6c09be562105411ddd335edda3912,,gx-no-cache=1490626231202 HTTP/1.1" 200 6714
186.79.10.110 - - [27/Mar/2017:10:55:52 -0300] "GET /cormun/servlet/solicitudotadjuntos?INS,2017,5755,,1, HTTP/1.1" 200 5796
186.79.10.110 - - [27/Mar/2017:10:55:53 -0300] "GET /cormun/static/about:blank HTTP/1.1" 404 1011
186.79.10.110 - - [27/Mar/2017:10:55:53 -0300] "GET /cormun/servlet/solicitudotadjuntos?INS,2017,5755,,1, HTTP/1.1" 200 5790
186.79.10.110 - - [27/Mar/2017:10:55:53 -0300] "GET /cormun/servlet/solicitudotadjuntos?d946e32ce4d11aa32444d487e6e67e200a7acf65cdabc98a834aeee21038e0a31be96ecb6a11f0ae88aed5373146fb73,gx-no-cache=1490623021355 HTTP/1.1" 200 30
186.79.10.110 - - [27/Mar/2017:10:55:54 -0300] "POST /cormun/servlet/solicitudotadjuntos?7992a0f63129a28ced2b6c3fb0e86827,INS,2017,5755,,1,,gx-no-cache=1490623021448 HTTP/1.1" 200 3642
192.168.10.62 - - [27/Mar/2017:10:55:58 -0300] "POST /cormun/servlet/trsolicitudgral?eba6c09be562105411ddd335edda3912,,gx-no-cache=1490626236998 HTTP/1.1" 200 105
192.168.10.62 - - [27/Mar/2017:10:55:58 -0300] "POST /cormun/servlet/trsolicitudgral?eba6c09be562105411ddd335edda3912,,gx-no-cache=1490626237113 HTTP/1.1" 200 6696
192.168.10.62 - - [27/Mar/2017:10:55:58 -0300] "GET /cormun/SolicitudGral-1967.xls HTTP/1.1" 200 6144
186.79.85.247 - - [27/Mar/2017:10:56:21 -0300] "GET /cormun/servlet/solicitudotadjuntos?INS,2017,5746,,1, HTTP/1.1" 200 5818
186.79.85.247 - - [27/Mar/2017:10:56:21 -0300] "GET /cormun/static/about:blank HTTP/1.1" 404 1011
186.79.85.247 - - [27/Mar/2017:10:56:22 -0300] "GET /cormun/servlet/solicitudotadjuntos?INS,2017,5746,,1, HTTP/1.1" 200 5812
186.79.85.247 - - [27/Mar/2017:10:56:23 -0300] "GET /cormun/servlet/solicitudotadjuntos?bd6d84f579ebe68336503c37ffb6b2acf2b04abb44ca7a361c950bdeb0534821ed1c7f6b5467f3530eddb24705e1d693,gx-no-cache=1490626498856 HTTP/1.1" 200 30
186.79.85.247 - - [27/Mar/2017:10:56:23 -0300] "POST /cormun/servlet/solicitudotadjuntos?c4c7cd65e5b71f85e9bc57c0f296ddc2,INS,2017,5746,,1,,gx-no-cache=1490626498987 HTTP/1.1" 200 3635
186.79.85.247 - - [27/Mar/2017:10:56:33 -0300] "POST /cormun/servlet/solicitudotadjuntos?gx-no-cache=1490626509037 HTTP/1.1" 200 26
186.79.10.110 - - [27/Mar/2017:10:56:35 -0300] "POST /cormun/servlet/solicitudotadjuntos?gx-no-cache=1490623062961 HTTP/1.1" 200 26
186.79.10.110 - - [27/Mar/2017:10:56:43 -0300] "GET /cormun/servlet/solicitudotadjuntos?d946e32ce4d11aa32444d487e6e67e2090ed1892e083372bcf87e0c0de08309a,gx-no-cache=1490623070453 HTTP/1.1" 200 30
186.79.10.110 - - [27/Mar/2017:10:56:43 -0300] "GET /cormun/servlet/solicitudotadjuntos?d946e32ce4d11aa32444d487e6e67e2090ed1892e083372bcf87e0c0de08309a,gx-no-cache=1490623070583 HTTP/1.1" 200 30
186.79.85.247 - - [27/Mar/2017:10:56:44 -0300] "GET /cormun/servlet/solicitudotadjuntos?bd6d84f579ebe68336503c37ffb6b2acfb572b5964a28240a0d59a4a3dbef49a,gx-no-cache=1490626519961 HTTP/1.1" 200 30
186.79.85.247 - - [27/Mar/2017:10:56:44 -0300] "GET /cormun/servlet/solicitudotadjuntos?bd6d84f579ebe68336503c37ffb6b2acfb572b5964a28240a0d59a4a3dbef49a,gx-no-cache=1490626520051 HTTP/1.1" 200 30
186.79.151.210 - - [27/Mar/2017:10:56:44 -0300] "GET /cormun/servlet/alicenciaprn?15107983,L,20170327000000,PU HTTP/1.1" 200 1563
186.79.85.247 - - [27/Mar/2017:10:56:53 -0300] "POST /cormun/servlet/solicitudotadjuntos?c4c7cd65e5b71f85e9bc57c0f296ddc2,INS,2017,5746,,1, HTTP/1.1" 200 116
186.79.85.247 - - [27/Mar/2017:10:56:53 -0300] "GET /cormun/servlet/hpexe_return? HTTP/1.1" 200 1022
186.79.85.247 - - [27/Mar/2017:10:56:53 -0300] "GET /cormun/servlet/trsolicitudadjuntos?2017,5746, HTTP/1.1" 200 8244
186.79.10.110 - - [27/Mar/2017:10:56:54 -0300] "POST /cormun/servlet/solicitudotadjuntos?7992a0f63129a28ced2b6c3fb0e86827,INS,2017,5755,,1, HTTP/1.1" 200 116
186.79.10.110 - - [27/Mar/2017:10:56:54 -0300] "GET /cormun/servlet/hpexe_return? HTTP/1.1" 200 1026
186.79.10.110 - - [27/Mar/2017:10:56:55 -0300] "GET /cormun/servlet/trsolicitudadjuntos?2017,5755, HTTP/1.1" 200 8172
186.79.85.247 - - [27/Mar/2017:10:56:55 -0300] "GET /cormun/servlet/trsolicitudadjuntos?2017,5746, HTTP/1.1" 200 8242
186.79.10.110 - - [27/Mar/2017:10:56:56 -0300] "GET /cormun/servlet/trsolicitudadjuntos?2017,5755, HTTP/1.1" 200 8164
186.79.85.247 - - [27/Mar/2017:10:56:58 -0300] "GET /cormun/servlet/solicitudotadjuntos?INS,2017,5746,,1, HTTP/1.1" 200 5818
186.79.85.247 - - [27/Mar/2017:10:56:59 -0300] "GET /cormun/static/about:blank HTTP/1.1" 404 1011
186.79.85.247 - - [27/Mar/2017:10:56:59 -0300] "GET /cormun/servlet/solicitudotadjuntos?INS,2017,5746,,1, HTTP/1.1" 200 5812
186.79.85.247 - - [27/Mar/2017:10:56:59 -0300] "GET /cormun/servlet/solicitudotadjuntos?bd6d84f579ebe68336503c37ffb6b2acf2b04abb44ca7a361c950bdeb0534821ed1c7f6b5467f3530eddb24705e1d693,gx-no-cache=1490626535276 HTTP/1.1" 200 30
186.79.85.247 - - [27/Mar/2017:10:57:00 -0300] "POST /cormun/servlet/solicitudotadjuntos?c4c7cd65e5b71f85e9bc57c0f296ddc2,INS,2017,5746,,1,,gx-no-cache=1490626535391 HTTP/1.1" 200 3635
186.79.10.110 - - [27/Mar/2017:10:57:01 -0300] "GET /cormun/servlet/solicitudotadjuntos?INS,2017,5755,,1, HTTP/1.1" 200 5796
186.79.10.110 - - [27/Mar/2017:10:57:01 -0300] "GET /cormun/static/about:blank HTTP/1.1" 404 1011
186.79.10.110 - - [27/Mar/2017:10:57:01 -0300] "GET /cormun/servlet/solicitudotadjuntos?INS,2017,5755,,1, HTTP/1.1" 200 5790
186.79.10.110 - - [27/Mar/2017:10:57:02 -0300] "GET /cormun/servlet/solicitudotadjuntos?d946e32ce4d11aa32444d487e6e67e200a7acf65cdabc98a834aeee21038e0a31be96ecb6a11f0ae88aed5373146fb73,gx-no-cache=1490623089618 HTTP/1.1" 200 30
186.79.10.110 - - [27/Mar/2017:10:57:02 -0300] "POST /cormun/servlet/solicitudotadjuntos?7992a0f63129a28ced2b6c3fb0e86827,INS,2017,5755,,1,,gx-no-cache=1490623089707 HTTP/1.1" 200 3642
186.79.85.247 - - [27/Mar/2017:10:57:04 -0300] "POST /cormun/servlet/solicitudotadjuntos?gx-no-cache=1490626539437 HTTP/1.1" 200 26
186.79.85.247 - - [27/Mar/2017:10:57:10 -0300] "POST /cormun/servlet/solicitudotadjuntos?gx-no-cache=1490626546268 HTTP/1.1" 200 26
186.79.10.110 - - [27/Mar/2017:10:57:16 -0300] "POST /cormun/servlet/solicitudotadjuntos?gx-no-cache=1490623103480 HTTP/1.1" 200 26
186.79.85.247 - - [27/Mar/2017:10:57:20 -0300] "GET /cormun/servlet/solicitudotadjuntos?bd6d84f579ebe68336503c37ffb6b2acfb572b5964a28240a0d59a4a3dbef49a,gx-no-cache=1490626555863 HTTP/1.1" 200 30
186.79.85.247 - - [27/Mar/2017:10:57:20 -0300] "GET /cormun/servlet/solicitudotadjuntos?bd6d84f579ebe68336503c37ffb6b2acfb572b5964a28240a0d59a4a3dbef49a,gx-no-cache=1490626555941 HTTP/1.1" 200 30
186.79.10.110 - - [27/Mar/2017:10:57:22 -0300] "GET /cormun/servlet/solicitudotadjuntos?d946e32ce4d11aa32444d487e6e67e2090ed1892e083372bcf87e0c0de08309a,gx-no-cache=1490623110255 HTTP/1.1" 200 30
186.79.10.110 - - [27/Mar/2017:10:57:22 -0300] "GET /cormun/servlet/solicitudotadjuntos?d946e32ce4d11aa32444d487e6e67e2090ed1892e083372bcf87e0c0de08309a,gx-no-cache=1490623110364 HTTP/1.1" 200 30
186.79.85.247 - - [27/Mar/2017:10:57:28 -0300] "POST /cormun/servlet/solicitudotadjuntos?c4c7cd65e5b71f85e9bc57c0f296ddc2,INS,2017,5746,,1, HTTP/1.1" 200 116
186.79.85.247 - - [27/Mar/2017:10:57:28 -0300] "GET /cormun/servlet/hpexe_return? HTTP/1.1" 200 1022
186.79.85.247 - - [27/Mar/2017:10:57:29 -0300] "GET /cormun/servlet/trsolicitudadjuntos?2017,5746, HTTP/1.1" 200 8397
186.79.85.247 - - [27/Mar/2017:10:57:31 -0300] "GET /cormun/servlet/trsolicitudadjuntos?2017,5746, HTTP/1.1" 200 8396
186.79.10.110 - - [27/Mar/2017:10:57:33 -0300] "POST /cormun/servlet/solicitudotadjuntos?7992a0f63129a28ced2b6c3fb0e86827,INS,2017,5755,,1, HTTP/1.1" 200 116
186.79.10.110 - - [27/Mar/2017:10:57:33 -0300] "GET /cormun/servlet/hpexe_return? HTTP/1.1" 200 1026
186.79.10.110 - - [27/Mar/2017:10:57:33 -0300] "GET /cormun/servlet/trsolicitudadjuntos?2017,5755, HTTP/1.1" 200 8333
186.79.85.247 - - [27/Mar/2017:10:57:34 -0300] "GET /cormun/servlet/solicitudotadjuntos?INS,2017,5746,,1, HTTP/1.1" 200 5818
186.79.85.247 - - [27/Mar/2017:10:57:34 -0300] "GET /cormun/static/about:blank HTTP/1.1" 404 1011
186.79.10.110 - - [27/Mar/2017:10:57:34 -0300] "GET /cormun/servlet/trsolicitudadjuntos?2017,5755, HTTP/1.1" 200 8330
186.79.85.247 - - [27/Mar/2017:10:57:35 -0300] "GET /cormun/servlet/solicitudotadjuntos?INS,2017,5746,,1, HTTP/1.1" 200 5812
186.79.85.247 - - [27/Mar/2017:10:57:35 -0300] "GET /cormun/servlet/solicitudotadjuntos?bd6d84f579ebe68336503c37ffb6b2acf2b04abb44ca7a361c950bdeb0534821ed1c7f6b5467f3530eddb24705e1d693,gx-no-cache=1490626571293 HTTP/1.1" 200 30
186.79.10.110 - - [27/Mar/2017:10:57:40 -0300] "GET /cormun/servlet/solicitudotadjuntos?INS,2017,5755,,1, HTTP/1.1" 200 5795
186.79.10.110 - - [27/Mar/2017:10:57:41 -0300] "GET /cormun/static/about:blank HTTP/1.1" 404 1011
186.79.10.110 - - [27/Mar/2017:10:57:41 -0300] "GET /cormun/servlet/solicitudotadjuntos?INS,2017,5755,,1, HTTP/1.1" 200 5789
186.79.10.110 - - [27/Mar/2017:10:57:41 -0300] "GET /cormun/servlet/solicitudotadjuntos?d946e32ce4d11aa32444d487e6e67e200a7acf65cdabc98a834aeee21038e0a31be96ecb6a11f0ae88aed5373146fb73,gx-no-cache=1490623129335 HTTP/1.1" 200 30
186.79.10.110 - - [27/Mar/2017:10:57:42 -0300] "POST /cormun/servlet/solicitudotadjuntos?7992a0f63129a28ced2b6c3fb0e86827,INS,2017,5755,,1,,gx-no-cache=1490623129424 HTTP/1.1" 200 3641
186.79.85.247 - - [27/Mar/2017:10:57:42 -0300] "POST /cormun/servlet/solicitudotadjuntos?c4c7cd65e5b71f85e9bc57c0f296ddc2,INS,2017,5746,,1,,gx-no-cache=1490626571401 HTTP/1.1" 200 3634
186.79.151.210 - - [27/Mar/2017:10:57:43 -0300] "POST /cormun/servlet/trlicencias?827c49fa297f5255c9a04d131b06bc14,,gx-no-cache=1490623127428 HTTP/1.1" 200 4071
186.79.10.110 - - [27/Mar/2017:10:57:43 -0300] "POST /cormun/servlet/solicitudotadjuntos?gx-no-cache=1490623130832 HTTP/1.1" 200 26
186.79.151.210 - - [27/Mar/2017:10:57:43 -0300] "GET /cormun/static/Shared/jqueryui/images/ui-icons_82798d_256x240.png HTTP/1.1" 404 1089
186.79.151.210 - - [27/Mar/2017:10:57:44 -0300] "GET /cormun/static/Shared/jqueryui/images/ui-bg_flat_55_fafafa_40x100.png HTTP/1.1" 404 1097
186.79.151.210 - - [27/Mar/2017:10:57:45 -0300] "GET /cormun/static/Shared/jqueryui/images/ui-icons_8d78a5_256x240.png HTTP/1.1" 404 1089
186.79.151.210 - - [27/Mar/2017:10:57:45 -0300] "GET /cormun/static/Shared/jqueryui/images/ui-bg_highlight-soft_100_c6c2c8_1x100.png HTTP/1.1" 404 1117
186.79.151.210 - - [27/Mar/2017:10:57:45 -0300] "GET /cormun/servlet/trsolicitudot? HTTP/1.1" 200 8075
186.79.85.247 - - [27/Mar/2017:10:57:46 -0300] "POST /cormun/servlet/solicitudotadjuntos?gx-no-cache=1490626581878 HTTP/1.1" 200 26
186.79.151.210 - - [27/Mar/2017:10:57:48 -0300] "GET /cormun/servlet/trsolicitudot? HTTP/1.1" 200 8075
186.79.151.210 - - [27/Mar/2017:10:57:49 -0300] "GET /cormun/servlet/solicitudot?INS,0,0, HTTP/1.1" 200 12635
186.79.151.210 - - [27/Mar/2017:10:57:50 -0300] "GET /cormun/servlet/solicitudot?INS,0,0, HTTP/1.1" 200 12638
186.79.151.210 - - [27/Mar/2017:10:58:02 -0300] "POST /cormun/servlet/solicitudot?gx-no-cache=1490623146995 HTTP/1.1" 200 3081
186.79.151.210 - - [27/Mar/2017:10:58:11 -0300] "POST /cormun/servlet/solicitudot?827c49fa297f5255c9a04d131b06bc14,INS,0,0,,gx-no-cache=1490623150222 HTTP/1.1" 200 9671
186.79.151.210 - - [27/Mar/2017:10:58:14 -0300] "GET /cormun/servlet/solicitudot?3157afc4a529bf0970972fcb3fc51cda1f5dc02898f09617f47975b75eede75b7ffcc7cb8d865dd30d5566e161d25afd,gx-no-cache=1490623161574 HTTP/1.1" 200 30
186.79.151.210 - - [27/Mar/2017:10:59:21 -0300] "POST /cormun/servlet/solicitudot?gx-no-cache=1490623227285 HTTP/1.1" 200 240
186.79.151.210 - - [27/Mar/2017:10:59:22 -0300] "GET /cormun/servlet/solicitudot?3157afc4a529bf0970972fcb3fc51cdaaa0f6837b454452b3a6364f393924ea9f4a2a381b16cb26dbdbe1d1ea29737b20a7a113fb8ba2975f3b7902b959dd7569baac7460350643e03a6aed8b5b7f4d473352c824c5c40049ccb08ca28bbc966b87379d5ba145011d2906a31a999713e6a6356697c834842aba77b4ae0e9e4d9386a555d7d245adaaef7e3ac50a557de82bbe72508d14787ea0ebbec55b8d8d3b2eb5c713c1010b676f46310861f2070c24cccdaa1825565ef9c5581a2b75675035058373047f29f2bd153de430006f1df4f6fdf37f38a04f9e33ebf3073135ae4956fc8ae471c43ff77067fed4ce9058d4281040f10cb3650917343beab4b763e844e14c8c87f259ecfb1702715cbd06c1fe244c59fefa6125698dc276f72de5407fd2c04c86f400b4d9150f65d130a1f7bfbefa2f9a80e04c3cb16a30e05563355df1e0fb30ab8af41dae8c7017677502c0e367aad0eb19ae6e2f9bf76d49f276bd832b194a161ad16818d7de65dd09fd29dda728cbde0535ed5eaf047e28d,gx-no-cache=1490623230517 HTTP/1.1" 200 30
186.79.151.210 - - [27/Mar/2017:10:59:25 -0300] "POST /cormun/servlet/solicitudot?gx-no-cache=1490623233299 HTTP/1.1" 200 30
186.79.10.110 - - [27/Mar/2017:11:00:06 -0300] "GET /cormun/servlet/solicitudotadjuntos?d946e32ce4d11aa32444d487e6e67e2090ed1892e083372bcf87e0c0de08309a,gx-no-cache=1490623273814 HTTP/1.1" 200 30
186.79.10.110 - - [27/Mar/2017:11:00:06 -0300] "GET /cormun/servlet/solicitudotadjuntos?d946e32ce4d11aa32444d487e6e67e2090ed1892e083372bcf87e0c0de08309a,gx-no-cache=1490623273948 HTTP/1.1" 200 30
186.79.10.110 - - [27/Mar/2017:11:00:15 -0300] "POST /cormun/servlet/solicitudotadjuntos?7992a0f63129a28ced2b6c3fb0e86827,INS,2017,5755,,1, HTTP/1.1" 200 5831
186.79.10.110 - - [27/Mar/2017:11:00:15 -0300] "GET /cormun/static/Shared/jqueryui/images/ui-bg_highlight-soft_100_c6c2c8_1x100.png HTTP/1.1" 404 1117
186.79.10.110 - - [27/Mar/2017:11:00:15 -0300] "GET /cormun/static/Shared/jqueryui/images/ui-icons_82798d_256x240.png HTTP/1.1" 404 1089
186.79.10.110 - - [27/Mar/2017:11:00:15 -0300] "GET /cormun/static/Shared/jqueryui/images/ui-bg_flat_55_994d53_40x100.png HTTP/1.1" 404 1097
186.79.10.110 - - [27/Mar/2017:11:00:15 -0300] "GET /cormun/static/Shared/jqueryui/images/ui-icons_ebccce_256x240.png HTTP/1.1" 404 1089
186.79.10.110 - - [27/Mar/2017:11:00:16 -0300] "GET /cormun/PrivateTempStorage/upload_00003853.jpg HTTP/1.1" 200 538335
186.79.10.110 - - [27/Mar/2017:11:00:49 -0300] "GET /cormun/servlet/hlogin HTTP/1.1" 200 1723
186.79.10.110 - - [27/Mar/2017:11:00:51 -0300] "POST /cormun/servlet/hlogin?10c69f4fd3a6ae08111402b3670b0b8a,gx-no-cache=1490623318776 HTTP/1.1" 200 90
186.79.10.110 - - [27/Mar/2017:11:00:51 -0300] "GET /cormun/servlet/hpexe_link HTTP/1.1" 200 950
186.79.10.110 - - [27/Mar/2017:11:00:51 -0300] "GET /cormun/servlet/hhome HTTP/1.1" 200 3757
186.79.10.110 - - [27/Mar/2017:11:00:52 -0300] "GET /cormun/servlet/hhome HTTP/1.1" 200 3754
186.79.10.110 - - [27/Mar/2017:11:00:55 -0300] "GET /cormun/servlet/trsolicitudot? HTTP/1.1" 200 8812
186.79.10.110 - - [27/Mar/2017:11:00:55 -0300] "GET /cormun/servlet/trsolicitudot? HTTP/1.1" 200 8810
186.79.10.110 - - [27/Mar/2017:11:01:01 -0300] "POST /cormun/servlet/trsolicitudot?10c69f4fd3a6ae08111402b3670b0b8a,,gx-no-cache=1490623328348 HTTP/1.1" 200 106
186.79.10.110 - - [27/Mar/2017:11:01:01 -0300] "GET /cormun/servlet/trsolicitudadjuntos?2017,5755, HTTP/1.1" 200 8327
186.79.10.110 - - [27/Mar/2017:11:01:02 -0300] "GET /cormun/servlet/trsolicitudadjuntos?2017,5755, HTTP/1.1" 200 8328
186.79.10.110 - - [27/Mar/2017:11:01:23 -0300] "GET /cormun/servlet/solicitudotadjuntos?INS,2017,5755,,1, HTTP/1.1" 200 5796
186.79.10.110 - - [27/Mar/2017:11:01:24 -0300] "GET /cormun/static/about:blank HTTP/1.1" 404 1011
186.79.10.110 - - [27/Mar/2017:11:01:24 -0300] "GET /cormun/servlet/solicitudotadjuntos?INS,2017,5755,,1, HTTP/1.1" 200 5790
186.79.10.110 - - [27/Mar/2017:11:01:24 -0300] "GET /cormun/servlet/solicitudotadjuntos?9f143f402c76d4029c39db18e6c94bd45d061cafe69998b218b44e87809d614b34f85649d6c0a6e93bd08316b79ed4d6,gx-no-cache=1490623352309 HTTP/1.1" 200 30
186.79.10.110 - - [27/Mar/2017:11:01:25 -0300] "POST /cormun/servlet/solicitudotadjuntos?10c69f4fd3a6ae08111402b3670b0b8a,INS,2017,5755,,1,,gx-no-cache=1490623352429 HTTP/1.1" 200 3642
186.79.85.247 - - [27/Mar/2017:11:01:39 -0300] "POST /cormun/servlet/solicitudotadjuntos?gx-no-cache=1490626814378 HTTP/1.1" 200 26
186.79.10.110 - - [27/Mar/2017:11:01:39 -0300] "POST /cormun/servlet/solicitudotadjuntos?gx-no-cache=1490623367138 HTTP/1.1" 200 26
192.168.10.96 - - [27/Mar/2017:11:01:45 -0300] "GET /cormun/servlet/trconsultaempleado? HTTP/1.1" 200 6590
186.79.10.110 - - [27/Mar/2017:11:01:45 -0300] "GET /cormun/servlet/solicitudotadjuntos?9f143f402c76d4029c39db18e6c94bd44a04a85e9030a838be2384ac87aaef8e,gx-no-cache=1490623372923 HTTP/1.1" 200 30
186.79.10.110 - - [27/Mar/2017:11:01:45 -0300] "GET /cormun/servlet/solicitudotadjuntos?9f143f402c76d4029c39db18e6c94bd44a04a85e9030a838be2384ac87aaef8e,gx-no-cache=1490623372972 HTTP/1.1" 200 30
192.168.10.96 - - [27/Mar/2017:11:01:46 -0300] "GET /cormun/servlet/trconsultaempleado? HTTP/1.1" 200 6573
186.79.10.110 - - [27/Mar/2017:11:01:54 -0300] "POST /cormun/servlet/solicitudotadjuntos?10c69f4fd3a6ae08111402b3670b0b8a,INS,2017,5755,,1, HTTP/1.1" 200 5826
186.79.10.110 - - [27/Mar/2017:11:01:54 -0300] "GET /cormun/static/Shared/jqueryui/images/ui-bg_highlight-soft_100_c6c2c8_1x100.png HTTP/1.1" 404 1117
186.79.10.110 - - [27/Mar/2017:11:01:54 -0300] "GET /cormun/static/Shared/jqueryui/images/ui-icons_82798d_256x240.png HTTP/1.1" 404 1089
186.79.10.110 - - [27/Mar/2017:11:01:54 -0300] "GET /cormun/static/Shared/jqueryui/images/ui-bg_flat_55_994d53_40x100.png HTTP/1.1" 404 1097
186.79.10.110 - - [27/Mar/2017:11:01:54 -0300] "GET /cormun/static/Shared/jqueryui/images/ui-icons_ebccce_256x240.png HTTP/1.1" 404 1089
186.79.10.110 - - [27/Mar/2017:11:01:55 -0300] "GET /cormun/PrivateTempStorage/upload_00003865.jpg HTTP/1.1" 200 538335
192.168.10.96 - - [27/Mar/2017:11:02:05 -0300] "POST /cormun/servlet/trconsultaempleado?3289a6b370eede19218546305cb3e939,,gx-no-cache=1490626604420 HTTP/1.1" 200 4351
192.168.10.96 - - [27/Mar/2017:11:02:07 -0300] "GET /cormun/servlet/trsolicitudnombre?18528726, HTTP/1.1" 200 7223
192.168.10.96 - - [27/Mar/2017:11:02:07 -0300] "GET /cormun/servlet/trsolicitudnombre?18528726, HTTP/1.1" 200 7222
192.168.10.96 - - [27/Mar/2017:11:02:09 -0300] "GET /cormun/servlet/vesolicitudnombre?2017,5352,, HTTP/1.1" 200 8414
192.168.10.96 - - [27/Mar/2017:11:02:09 -0300] "GET /cormun/pexe_scrolldiv.js HTTP/1.1" 404 1009
192.168.10.96 - - [27/Mar/2017:11:02:09 -0300] "GET /cormun/pexe_scrolldiv.js HTTP/1.1" 404 1009
192.168.10.96 - - [27/Mar/2017:11:02:09 -0300] "GET /cormun/servlet/vesolicitudnombre?2017,5352,, HTTP/1.1" 200 8409
192.168.10.96 - - [27/Mar/2017:11:02:11 -0300] "GET /cormun/servlet/vesolicitudnombre?2017,5352,,SolicitudOTAdjuntos HTTP/1.1" 200 10190
192.168.10.96 - - [27/Mar/2017:11:02:11 -0300] "GET /cormun/pexe_scrolldiv.js HTTP/1.1" 404 1009
192.168.10.96 - - [27/Mar/2017:11:02:11 -0300] "GET /cormun/pexe_scrolldiv.js HTTP/1.1" 404 1009
192.168.10.96 - - [27/Mar/2017:11:02:11 -0300] "GET /cormun/servlet/vesolicitudnombre?2017,5352,,SolicitudOTAdjuntos HTTP/1.1" 200 10190
186.79.10.110 - - [27/Mar/2017:11:02:12 -0300] "GET /cormun/servlet/hlogin HTTP/1.1" 200 1716
192.168.10.96 - - [27/Mar/2017:11:02:12 -0300] "POST /cormun/servlet/acontrolpreferencessavestate?None,DZAMUDIO,true HTTP/1.1" 200 35
192.168.10.96 - - [27/Mar/2017:11:02:13 -0300] "GET /cormun/PublicTempStorage/c.i8945591.pdf HTTP/1.1" 200 221434
