186.103.157.42 - - [27/Mar/2017:08:16:20 -0300] "GET /cormun/static/hpexe_scripts.js?201731711335890 HTTP/1.1" 304 -
186.103.157.42 - - [27/Mar/2017:08:16:20 -0300] "GET /cormun/static/hpexe_messagegenexuscomponent.js?201731711335537 HTTP/1.1" 304 -
186.103.157.42 - - [27/Mar/2017:08:16:20 -0300] "GET /cormun/static/hpexe_messagepopupcomponent.js?20161017169425 HTTP/1.1" 200 605
186.103.157.42 - - [27/Mar/2017:08:16:20 -0300] "GET /cormun/static/cmcontrolpreferences.js?201731711335852 HTTP/1.1" 304 -
186.103.157.42 - - [27/Mar/2017:08:16:20 -0300] "GET /cormun/static/hmpwkw03.js?201731711485354 HTTP/1.1" 304 -
186.103.157.42 - - [27/Mar/2017:08:16:20 -0300] "GET /cormun/servlet/hhome HTTP/1.1" 200 4035
186.103.157.42 - - [27/Mar/2017:08:16:28 -0300] "GET /cormun/servlet/trcontratosolicitud? HTTP/1.1" 200 13712
186.103.157.42 - - [27/Mar/2017:08:16:28 -0300] "GET /cormun/static/calendar-system.css?85620 HTTP/1.1" 200 5572
186.103.157.42 - - [27/Mar/2017:08:16:28 -0300] "GET /cormun/static/gxcfg.js?20171317451682 HTTP/1.1" 200 953
186.103.157.42 - - [27/Mar/2017:08:16:28 -0300] "GET /cormun/static/calendar-es.js?85251 HTTP/1.1" 304 -
186.103.157.42 - - [27/Mar/2017:08:16:28 -0300] "GET /cormun/static/calendar-setup.js?85251 HTTP/1.1" 304 -
186.103.157.42 - - [27/Mar/2017:08:16:28 -0300] "GET /cormun/static/calendar.js?85251 HTTP/1.1" 304 -
186.103.157.42 - - [27/Mar/2017:08:16:28 -0300] "GET /cormun/static/gxdec.js?85251 HTTP/1.1" 304 -
186.103.157.42 - - [27/Mar/2017:08:16:28 -0300] "GET /cormun/static/trcontratosolicitud.js?20171317452124 HTTP/1.1" 200 28173
186.103.157.42 - - [27/Mar/2017:08:16:29 -0300] "GET /cormun/static/Resources/Spanish/PXTools.css?18365030 HTTP/1.1" 200 89042
186.103.157.42 - - [27/Mar/2017:08:16:29 -0300] "GET /cormun//static/Resources/PXToolsGridNew.png HTTP/1.1" 200 2949
186.103.157.42 - - [27/Mar/2017:08:16:29 -0300] "GET /cormun//static/Resources/PXToolsActionDisabled.gif HTTP/1.1" 200 53
181.73.125.167 - - [27/Mar/2017:08:16:29 -0300] "POST /cormun/servlet/solicitudot?gx-no-cache=1490531395429 HTTP/1.1" 200 3081
186.103.157.42 - - [27/Mar/2017:08:16:30 -0300] "GET /cormun/servlet/trcontratosolicitud? HTTP/1.1" 200 13705
181.73.125.167 - - [27/Mar/2017:08:16:31 -0300] "POST /cormun/servlet/solicitudot?73acd01c3545d4264a65aca7736ba613,INS,0,0,,gx-no-cache=1490531396915 HTTP/1.1" 200 9869
181.73.125.167 - - [27/Mar/2017:08:16:33 -0300] "GET /cormun/servlet/solicitudot?f3b219e74947519f4659375ccc7bedcfc5ff37fa65c956eb7606f8fe1653fa368f164c1034b1a59500785c5904bd7579,gx-no-cache=1490531399993 HTTP/1.1" 200 30
186.103.157.42 - - [27/Mar/2017:08:17:16 -0300] "GET /cormun/servlet/trcontratounov2? HTTP/1.1" 200 16611
186.103.157.42 - - [27/Mar/2017:08:17:16 -0300] "GET /cormun/static/gxcfg.js?201731711595461 HTTP/1.1" 200 953
186.103.157.42 - - [27/Mar/2017:08:17:16 -0300] "GET /cormun/static/trcontratounov2.js?2017317120150 HTTP/1.1" 200 38423
186.103.157.42 - - [27/Mar/2017:08:17:16 -0300] "GET /cormun/static/Resources/PXToolsAddSelectedAction.png HTTP/1.1" 200 3660
186.103.157.42 - - [27/Mar/2017:08:17:17 -0300] "GET /cormun/servlet/trcontratounov2? HTTP/1.1" 200 16605
186.103.157.42 - - [27/Mar/2017:08:17:23 -0300] "POST /cormun/servlet/trcontratounov2?279d3bee0b3f7da56262f416fb62e90d,,gx-no-cache=1490613369737 HTTP/1.1" 200 105
186.103.157.42 - - [27/Mar/2017:08:17:23 -0300] "GET /cormun/ContratoUnoV3-3481.xls HTTP/1.1" 200 19456
186.79.85.247 - - [27/Mar/2017:08:17:26 -0300] "GET /cormun/servlet/hlogin HTTP/1.1" 200 1724
186.79.85.247 - - [27/Mar/2017:08:17:26 -0300] "GET /cormun/static/Resources/Spanish/PXTools.css?11294912 HTTP/1.1" 304 -
186.79.85.247 - - [27/Mar/2017:08:17:26 -0300] "GET /cormun/static/gxcfg.js?201731711485472 HTTP/1.1" 304 -
186.79.85.247 - - [27/Mar/2017:08:17:27 -0300] "GET /cormun/static/messages.spa.js?85251 HTTP/1.1" 304 -
186.79.85.247 - - [27/Mar/2017:08:17:27 -0300] "GET /cormun/static/hlogin.js?201731711485490 HTTP/1.1" 304 -
192.168.10.96 - - [27/Mar/2017:08:17:29 -0300] "GET /cormun/servlet/hlogin HTTP/1.1" 200 1721
192.168.10.96 - - [27/Mar/2017:08:17:29 -0300] "GET /cormun/static/Resources/Spanish/PXTools.css?11294912 HTTP/1.1" 304 -
192.168.10.96 - - [27/Mar/2017:08:17:29 -0300] "GET /cormun/static/gxcfg.js?201731711485472 HTTP/1.1" 304 -
192.168.10.96 - - [27/Mar/2017:08:17:29 -0300] "GET /cormun/static/messages.spa.js?85251 HTTP/1.1" 304 -
192.168.10.96 - - [27/Mar/2017:08:17:29 -0300] "GET /cormun/static/hlogin.js?201731711485490 HTTP/1.1" 304 -
192.168.10.96 - - [27/Mar/2017:08:17:29 -0300] "GET /cormun/servlet/hlogin HTTP/1.1" 200 1731
186.79.85.247 - - [27/Mar/2017:08:17:52 -0300] "GET /cormun/servlet/hlogin HTTP/1.1" 200 1724
192.168.10.60 - - [27/Mar/2017:08:18:17 -0300] "GET /cormun/servlet/hlogin HTTP/1.1" 200 1724
192.168.10.60 - - [27/Mar/2017:08:18:17 -0300] "GET /cormun/static/gxcfg.js?201731711485472 HTTP/1.1" 304 -
192.168.10.60 - - [27/Mar/2017:08:18:17 -0300] "GET /cormun/static/Resources/Spanish/PXTools.css?11294912 HTTP/1.1" 304 -
192.168.10.60 - - [27/Mar/2017:08:18:17 -0300] "GET /cormun/static/messages.spa.js?85251 HTTP/1.1" 304 -
192.168.10.60 - - [27/Mar/2017:08:18:17 -0300] "GET /cormun/static/hlogin.js?201731711485490 HTTP/1.1" 304 -
192.168.10.60 - - [27/Mar/2017:08:18:18 -0300] "GET /cormun/servlet/hlogin HTTP/1.1" 200 1735
186.79.85.247 - - [27/Mar/2017:08:18:18 -0300] "POST /cormun/servlet/hlogin?572d1d51f1cd7002846739eee4c2170b,gx-no-cache=1490617013827 HTTP/1.1" 200 90
186.79.85.247 - - [27/Mar/2017:08:18:19 -0300] "GET /cormun/servlet/hpexe_link HTTP/1.1" 200 952
186.79.85.247 - - [27/Mar/2017:08:18:19 -0300] "GET /cormun/static/gxcfg.js?201731711483381 HTTP/1.1" 304 -
186.79.85.247 - - [27/Mar/2017:08:18:19 -0300] "GET /cormun/static/hpexe_link.js?201731711483384 HTTP/1.1" 304 -
186.79.85.247 - - [27/Mar/2017:08:18:19 -0300] "GET /cormun/servlet/hhome HTTP/1.1" 200 3782
186.79.85.247 - - [27/Mar/2017:08:18:19 -0300] "GET /cormun/static/gxcfg.js?201731711483497 HTTP/1.1" 304 -
186.79.85.247 - - [27/Mar/2017:08:18:19 -0300] "GET /cormun/static/hhome.js?20173171148352 HTTP/1.1" 304 -
186.79.85.247 - - [27/Mar/2017:08:18:19 -0300] "GET /cormun/static/hwchdr01.js?201731711335950 HTTP/1.1" 304 -
186.79.85.247 - - [27/Mar/2017:08:18:19 -0300] "GET /cormun/static/hpexe_recentlink.js?201610171694390 HTTP/1.1" 304 -
186.79.85.247 - - [27/Mar/2017:08:18:19 -0300] "GET /cormun/static/hpexe_scripts.js?201731711335890 HTTP/1.1" 304 -
186.79.85.247 - - [27/Mar/2017:08:18:19 -0300] "GET /cormun/static/hpexe_messagecontroller.js?201610171694323 HTTP/1.1" 304 -
186.79.85.247 - - [27/Mar/2017:08:18:19 -0300] "GET /cormun/static/hpexe_messagepopupcomponent.js?20161017169425 HTTP/1.1" 304 -
186.79.85.247 - - [27/Mar/2017:08:18:19 -0300] "GET /cormun/static/hpexe_messagegenexuscomponent.js?201731711335537 HTTP/1.1" 304 -
186.79.85.247 - - [27/Mar/2017:08:18:20 -0300] "GET /cormun/static/cmcontrolpreferences.js?201731711335852 HTTP/1.1" 304 -
186.79.85.247 - - [27/Mar/2017:08:18:20 -0300] "GET /cormun/static/hmpwkw03.js?201731711485354 HTTP/1.1" 304 -
192.168.10.60 - - [27/Mar/2017:08:18:21 -0300] "POST /cormun/servlet/hlogin?632546baac41908342786e40d7bcec84,gx-no-cache=1490612741879 HTTP/1.1" 200 90
192.168.10.60 - - [27/Mar/2017:08:18:21 -0300] "GET /cormun/servlet/hpexe_link HTTP/1.1" 200 954
192.168.10.60 - - [27/Mar/2017:08:18:21 -0300] "GET /cormun/static/gxcfg.js?201731711483381 HTTP/1.1" 304 -
192.168.10.60 - - [27/Mar/2017:08:18:21 -0300] "GET /cormun/static/hpexe_link.js?201731711483384 HTTP/1.1" 304 -
192.168.10.60 - - [27/Mar/2017:08:18:21 -0300] "GET /cormun/servlet/hhome HTTP/1.1" 200 3754
192.168.10.60 - - [27/Mar/2017:08:18:21 -0300] "GET /cormun/static/gxcfg.js?201731711483497 HTTP/1.1" 304 -
186.79.85.247 - - [27/Mar/2017:08:18:21 -0300] "GET /cormun/servlet/hhome HTTP/1.1" 200 3782
192.168.10.60 - - [27/Mar/2017:08:18:21 -0300] "GET /cormun/static/hwchdr01.js?201731711335950 HTTP/1.1" 304 -
192.168.10.60 - - [27/Mar/2017:08:18:21 -0300] "GET /cormun/static/hhome.js?20173171148352 HTTP/1.1" 304 -
192.168.10.60 - - [27/Mar/2017:08:18:21 -0300] "GET /cormun/static/hpexe_recentlink.js?201610171694390 HTTP/1.1" 304 -
192.168.10.60 - - [27/Mar/2017:08:18:21 -0300] "GET /cormun/static/hpexe_scripts.js?201731711335890 HTTP/1.1" 304 -
192.168.10.60 - - [27/Mar/2017:08:18:21 -0300] "GET /cormun/static/hpexe_messagecontroller.js?201610171694323 HTTP/1.1" 304 -
192.168.10.60 - - [27/Mar/2017:08:18:21 -0300] "GET /cormun/static/hpexe_messagepopupcomponent.js?20161017169425 HTTP/1.1" 304 -
192.168.10.60 - - [27/Mar/2017:08:18:21 -0300] "GET /cormun/static/cmcontrolpreferences.js?201731711335852 HTTP/1.1" 304 -
192.168.10.60 - - [27/Mar/2017:08:18:21 -0300] "GET /cormun/static/hpexe_messagegenexuscomponent.js?201731711335537 HTTP/1.1" 304 -
192.168.10.60 - - [27/Mar/2017:08:18:21 -0300] "GET /cormun/static/hmpwkw03.js?201731711485354 HTTP/1.1" 304 -
192.168.10.60 - - [27/Mar/2017:08:18:21 -0300] "GET /cormun/servlet/hhome HTTP/1.1" 200 3755
192.168.10.60 - - [27/Mar/2017:08:18:29 -0300] "GET /cormun/servlet/trautorizarot? HTTP/1.1" 200 16719
192.168.10.60 - - [27/Mar/2017:08:18:29 -0300] "GET /cormun/static/Resources/Spanish/PXTools.css?18365030 HTTP/1.1" 304 -
192.168.10.60 - - [27/Mar/2017:08:18:29 -0300] "GET /cormun/static/gxcfg.js?2017321102544 HTTP/1.1" 304 -
192.168.10.60 - - [27/Mar/2017:08:18:29 -0300] "GET /cormun/static/trautorizarot.js?2017321103456 HTTP/1.1" 304 -
192.168.10.60 - - [27/Mar/2017:08:18:30 -0300] "GET /cormun/servlet/trautorizarot? HTTP/1.1" 200 16717
192.168.10.60 - - [27/Mar/2017:08:18:32 -0300] "GET /cormun/static/menuarrow.gif HTTP/1.1" 404 1015
186.79.85.247 - - [27/Mar/2017:08:18:35 -0300] "GET /cormun/servlet/trsolicitudot? HTTP/1.1" 200 8032
186.79.85.247 - - [27/Mar/2017:08:18:35 -0300] "GET /cormun/static/gxcfg.js?201731711505139 HTTP/1.1" 304 -
186.79.85.247 - - [27/Mar/2017:08:18:35 -0300] "GET /cormun/static/trsolicitudot.js?20173171151116 HTTP/1.1" 304 -
186.79.85.247 - - [27/Mar/2017:08:18:37 -0300] "GET /cormun/servlet/trsolicitudot? HTTP/1.1" 200 8030
192.168.10.60 - - [27/Mar/2017:08:18:45 -0300] "POST /cormun/servlet/trautorizarot?632546baac41908342786e40d7bcec84,,gx-no-cache=1490612766449 HTTP/1.1" 200 6257
186.79.85.247 - - [27/Mar/2017:08:18:51 -0300] "POST /cormun/servlet/trsolicitudot?572d1d51f1cd7002846739eee4c2170b,,gx-no-cache=1490617046034 HTTP/1.1" 200 105
186.79.85.247 - - [27/Mar/2017:08:18:51 -0300] "GET /cormun/servlet/solicitudot?UPD,2017,5707, HTTP/1.1" 200 14296
186.79.85.247 - - [27/Mar/2017:08:18:51 -0300] "GET /cormun/static/Resources/Spanish/PXTools.css?18365030 HTTP/1.1" 304 -
186.79.85.247 - - [27/Mar/2017:08:18:51 -0300] "GET /cormun/static/gxcfg.js?20171191042720 HTTP/1.1" 304 -
186.79.85.247 - - [27/Mar/2017:08:18:51 -0300] "GET /cormun/static/solicitudot.js?2017119104297 HTTP/1.1" 304 -
186.79.85.247 - - [27/Mar/2017:08:18:53 -0300] "GET /cormun/servlet/solicitudot?UPD,2017,5707, HTTP/1.1" 200 14305
186.79.85.247 - - [27/Mar/2017:08:18:54 -0300] "POST /cormun/servlet/solicitudot?gx-no-cache=1490617048951 HTTP/1.1" 200 3190
186.79.85.247 - - [27/Mar/2017:08:18:54 -0300] "POST /cormun/servlet/solicitudot?572d1d51f1cd7002846739eee4c2170b,UPD,2017,5707,,gx-no-cache=1490617049637 HTTP/1.1" 200 10898
186.79.85.247 - - [27/Mar/2017:08:18:55 -0300] "GET /cormun/servlet/solicitudot?b63593178cd0dc2a145243aee247464bc10b990cdee9ec9abe531123811c33887cc7af500aeb6fa6d2a604cd7ba0618d,gx-no-cache=1490617050419 HTTP/1.1" 200 30
186.79.85.247 - - [27/Mar/2017:08:18:55 -0300] "POST /cormun/servlet/solicitudot?gx-no-cache=1490617050617 HTTP/1.1" 200 256
186.79.85.247 - - [27/Mar/2017:08:18:55 -0300] "GET /cormun/servlet/solicitudot?b63593178cd0dc2a145243aee247464b82fe12e0415d0e6acdf05fc8e5a48649022c49e79708d421a741e6e8c1bee6d44fe54a90ce642ea8582ac704b653d9a1541682d467ccea733912f016dc7386abfd2b17df3a57e6056c4a1fd196da223bd9cf0cd335b7392ad4c503f1af06297b3e48ae69591107bc082856a7e5551c062320ea255c8d3bf42873de85cccdda9cab3686a23c199d4c2a41f4aa1c441d48384bec7527b39518c84cd757c1b7121ecd9e687eb7ad222695925809f4d4fca6e437268b5f35e88c3a491401026f152fcda8300132d7d6506627f6ff7d32e8b3d5d7a3b4e0d1f82a3b67d7984b0be50d2c0ec78e940a0663083b8e3662fb53fd5813bd860052017c5656d60bb11b7bd7da5d554fa772a74a53308388015dda6e040c646e29303f0fc3cf6f7ca9e8fdb5fa8dc7b3cc384a7e097b6a8acf87bd88d810c263a7ac8057903ff3574de21ee22d4398e2749f42d69cf6f0c3d5ec9ed63b973d76c893a1bf1ec7df5089f2b1cc3a106c9af400f64b04a96e9278635064,gx-no-cache=1490617050829 HTTP/1.1" 200 30
186.79.85.247 - - [27/Mar/2017:08:18:55 -0300] "POST /cormun/servlet/solicitudot?gx-no-cache=1490617050984 HTTP/1.1" 200 30
186.79.85.247 - - [27/Mar/2017:08:18:56 -0300] "POST /cormun/servlet/solicitudot?gx-no-cache=1490617051525 HTTP/1.1" 200 1291
186.79.85.247 - - [27/Mar/2017:08:18:56 -0300] "POST /cormun/servlet/solicitudot?gx-no-cache=1490617051852 HTTP/1.1" 200 41
186.79.85.247 - - [27/Mar/2017:08:18:57 -0300] "GET /cormun/servlet/solicitudot?b63593178cd0dc2a145243aee247464b4056fa2e6de07895edf64aa2ae8ae957366c581e757f39e20f11c5c56a0275946bc0531c46a814304fdd245f5b524e5c5ee594112ffb7196babde4593cbc683326dc396696b4eb6698fb8bd6e552aa34eae98fd2d1329d1e09fff0ca1d6b1b04c8b6fb064899c28144a3aa13d6ac289abb20faada2635e589d9f7dbb8583b1aa4c17478263ad89b49f99c1eb48ae36ea,gx-no-cache=1490617052869 HTTP/1.1" 200 29
186.79.85.247 - - [27/Mar/2017:08:18:57 -0300] "POST /cormun/servlet/solicitudot?gx-no-cache=1490617052992 HTTP/1.1" 200 1275
186.79.85.247 - - [27/Mar/2017:08:18:58 -0300] "POST /cormun/servlet/solicitudot?gx-no-cache=1490617053254 HTTP/1.1" 200 1157
186.79.85.247 - - [27/Mar/2017:08:18:58 -0300] "GET /cormun/servlet/solicitudot?b63593178cd0dc2a145243aee247464b8dfdcdf9989ef95d6b8dc57035958159b970965b97694680f396438f51cfe65727cc8e6dfd144e962d3f2709502f65ea976d7cd0d569f6b026a2c5540899e9106215517d87e3f46689cab82f7f5f46f56f16c54cc8dde9be344efba41254fd9e5218ca969e08c009f2eb4fd6752d09ff4c425bd87ce4f078e59f10cb08fa41d93548b1aeb7c3fcdc51f71f291e6fad77003273352ab31e34fd364b02cb1130a2,gx-no-cache=1490617053524 HTTP/1.1" 200 32
181.73.125.167 - - [27/Mar/2017:08:19:06 -0300] "POST /cormun/servlet/solicitudot?gx-no-cache=1490531553035 HTTP/1.1" 200 297
181.73.125.167 - - [27/Mar/2017:08:19:13 -0300] "GET /cormun/servlet/solicitudot?f3b219e74947519f4659375ccc7bedcfa8a929564f42b53fc2fd448f3f115431292e973ecf6469313aa911fd2b04eaf58a5c3a04fe1a311fc32656ccc3d749e9cae6149e2716d87706d8e51cddccc72b19c0886b0f3c5c0734845e774976851aa2c7f1c8d58552248750daec15868d9135e123caf1aa569c8455faec0c2335a0a7b59084f5416d662164d95b16836eeba9d14b1cd3cc6728881258b22d1efd74e440c169628db72e5a5f1e0841083a85717675e2a0f8a71853030771d984db9a882eea93c1d817727c3861270017ffedbc94ceb67f372ef4be818f4f75a82e079e3ce67d386e3cfde0330e2a8d9d6ebd4e3e575d8e8a79c83440f559844e5dcbbd01fb4f64d9b69ead6d5f6e7a8abf9a333c9506d9951692efe216d7c05be5ab92bdd6bcf1fac8a5fcc9fa44431aa2cb41bbdd5afb9eaf00f998a6815a5c7bd6e5bb8aeee8dc29837546764c837bae94068f7dc4fd398e4f68429a989f3849ffbb8438e8a00001baeeb877e3fe1391df8b51e541c33ae4e227df4db4a328afd561419505df569e7027682c35ed7dc7a6,gx-no-cache=1490531559528 HTTP/1.1" 200 30
181.73.125.167 - - [27/Mar/2017:08:19:16 -0300] "POST /cormun/servlet/solicitudot?gx-no-cache=1490531562328 HTTP/1.1" 200 30
186.79.85.247 - - [27/Mar/2017:08:19:19 -0300] "POST /cormun/servlet/solicitudot?572d1d51f1cd7002846739eee4c2170b,UPD,2017,5707,,gx-no-cache=1490617073409 HTTP/1.1" 200 93
186.79.85.247 - - [27/Mar/2017:08:19:19 -0300] "GET /cormun/servlet/hpexe_return? HTTP/1.1" 200 1012
186.79.85.247 - - [27/Mar/2017:08:19:19 -0300] "GET /cormun/static/Resources/Spanish/PXTools.css?167811 HTTP/1.1" 304 -
186.79.85.247 - - [27/Mar/2017:08:19:19 -0300] "GET /cormun/static/gxcfg.js?2016101716175148 HTTP/1.1" 304 -
186.79.85.247 - - [27/Mar/2017:08:19:19 -0300] "GET /cormun/static/hpexe_return.js?2016101716175153 HTTP/1.1" 304 -
186.79.85.247 - - [27/Mar/2017:08:19:19 -0300] "GET /cormun/servlet/trsolicitudot HTTP/1.1" 200 8034
186.79.85.247 - - [27/Mar/2017:08:19:21 -0300] "GET /cormun/servlet/trsolicitudot HTTP/1.1" 200 8030
181.73.125.167 - - [27/Mar/2017:08:19:23 -0300] "POST /cormun/servlet/solicitudot?gx-no-cache=1490531569133 HTTP/1.1" 200 235
181.73.125.167 - - [27/Mar/2017:08:19:24 -0300] "POST /cormun/servlet/solicitudot?gx-no-cache=1490531571013 HTTP/1.1" 200 38
186.79.85.247 - - [27/Mar/2017:08:19:25 -0300] "GET /cormun/servlet/solicitudot?INS,0,0, HTTP/1.1" 200 12587
186.79.85.247 - - [27/Mar/2017:08:19:26 -0300] "GET /cormun/servlet/solicitudot?INS,0,0, HTTP/1.1" 200 12592
181.73.125.167 - - [27/Mar/2017:08:19:44 -0300] "GET /cormun/servlet/solicitudot?f3b219e74947519f4659375ccc7bedcfd84cb6ca141c2a916127282d28a31ed945b6a1fd0e5e8d4507edbcdc9a1f907b0506f3895298199019003fa11c83f149f561cfe6acd8ebf6de26e14556ac41a0649262afc0418d1698d17a87fb9e93f9036226d758295a881f8ce29b292a16b4,gx-no-cache=1490531590238 HTTP/1.1" 200 29
181.73.125.167 - - [27/Mar/2017:08:19:44 -0300] "POST /cormun/servlet/solicitudot?gx-no-cache=1490531590492 HTTP/1.1" 200 643
181.73.125.167 - - [27/Mar/2017:08:19:45 -0300] "POST /cormun/servlet/solicitudot?gx-no-cache=1490531592061 HTTP/1.1" 200 1157
186.79.85.247 - - [27/Mar/2017:08:19:46 -0300] "GET /cormun/servlet/prfichaempleado?,MD,,gxPopupLevel%3D0%3B HTTP/1.1" 200 8828
186.79.85.247 - - [27/Mar/2017:08:19:46 -0300] "GET /cormun/static/menusearch.js?201610171694467 HTTP/1.1" 304 -
186.79.85.247 - - [27/Mar/2017:08:19:46 -0300] "GET /cormun/static/prfichaempleado.js?201610242056198 HTTP/1.1" 304 -
186.79.85.247 - - [27/Mar/2017:08:19:46 -0300] "GET /cormun/static/hmpwkw011.js?201731711483558 HTTP/1.1" 304 -
186.79.85.247 - - [27/Mar/2017:08:19:46 -0300] "GET /cormun/static/gxcfg.js?2016102420561687 HTTP/1.1" 304 -
186.79.85.247 - - [27/Mar/2017:08:19:55 -0300] "POST /cormun/servlet/prfichaempleado?572d1d51f1cd7002846739eee4c2170b,,MD,,gxPopupLevel%3D0%3B,gx-no-cache=1490617110233 HTTP/1.1" 200 3490
181.73.125.167 - - [27/Mar/2017:08:19:59 -0300] "GET /cormun/static/menuarrow.gif HTTP/1.1" 404 1015
192.168.10.60 - - [27/Mar/2017:08:20:00 -0300] "POST /cormun/servlet/trautorizarot?632546baac41908342786e40d7bcec84,,gx-no-cache=1490612841193 HTTP/1.1" 200 5158
186.79.85.247 - - [27/Mar/2017:08:20:13 -0300] "POST /cormun/servlet/solicitudot?gx-no-cache=1490617128708 HTTP/1.1" 200 3171
186.79.85.247 - - [27/Mar/2017:08:20:14 -0300] "POST /cormun/servlet/solicitudot?572d1d51f1cd7002846739eee4c2170b,INS,0,0,,gx-no-cache=1490617129387 HTTP/1.1" 200 9791
192.168.10.60 - - [27/Mar/2017:08:20:18 -0300] "POST /cormun/servlet/trautorizarot?632546baac41908342786e40d7bcec84,,gx-no-cache=1490612859023 HTTP/1.1" 200 8814
181.73.125.167 - - [27/Mar/2017:08:20:18 -0300] "GET /cormun/servlet/solicitudot?f3b219e74947519f4659375ccc7bedcf920d687b4c174beb7fd45f08dc9b5e10215ec5afdf9a5687d826ecdaa07511bbd7026a12113e92e6a5b5d9bccca1fc3de4fd799d7cdc7b4889063701c1e8271c03365177bacacf3075c94c333131f93f5cdf3ce3673c0ef787d0d656f738cd9dd46d729e19a2dd8dbfe66ae39409b18a1ae1fe3c2312d8ad599a86575c34d75f83aa19a1aaa0073cefd75779dd61fb2bb8944d64657410615f3a6abf56623f6d,gx-no-cache=1490531624954 HTTP/1.1" 200 30
186.79.85.247 - - [27/Mar/2017:08:20:19 -0300] "GET /cormun/servlet/solicitudot?b63593178cd0dc2a145243aee247464bdbc32dd7a02caaf812b5aa71d766bfb260ebe4f2ece898314f94b17b7be46240,gx-no-cache=1490617134851 HTTP/1.1" 200 30
186.79.85.247 - - [27/Mar/2017:08:20:19 -0300] "POST /cormun/servlet/solicitudot?gx-no-cache=1490617135040 HTTP/1.1" 200 297
186.79.85.247 - - [27/Mar/2017:08:20:20 -0300] "GET /cormun/servlet/solicitudot?b63593178cd0dc2a145243aee247464b82fe12e0415d0e6acdf05fc8e5a48649eb0606c4145aa0a35ee82267c3d43f694fe54a90ce642ea8582ac704b653d9a1541682d467ccea733912f016dc7386abfd2b17df3a57e6056c4a1fd196da223bd9cf0cd335b7392ad4c503f1af06297b3e48ae69591107bc082856a7e5551c062320ea255c8d3bf42873de85cccdda9cab3686a23c199d4c2a41f4aa1c441d48384bec7527b39518c84cd757c1b7121ecd9e687eb7ad222695925809f4d4fca6e437268b5f35e88c3a491401026f152fcda8300132d7d6506627f6ff7d32e8b3d5d7a3b4e0d1f82a3b67d7984b0be50dbb41d4e20df7f1afbec58b58719d61315813bd860052017c5656d60bb11b7bd73bf1c16bff3df562ce6ba768ee15de93e612333e5024e566070a6e6bdaefc507e5ba48118c8db267df0899162c22ea7519c3132c1d7e650fbd1003f0ed0a50f1cec0ecf878634ab750975f0a8722a974dd8ed33c144a451e0cb3229e74ab583cd5cbc3c00a7ee050f576356cc1523175a55293410dc44b89f9eb490702eb600f,gx-no-cache=1490617135205 HTTP/1.1" 200 30
186.79.85.247 - - [27/Mar/2017:08:20:20 -0300] "POST /cormun/servlet/solicitudot?gx-no-cache=1490617135364 HTTP/1.1" 200 30
186.79.85.247 - - [27/Mar/2017:08:20:20 -0300] "POST /cormun/servlet/solicitudot?gx-no-cache=1490617135531 HTTP/1.1" 200 1291
186.79.85.247 - - [27/Mar/2017:08:20:20 -0300] "POST /cormun/servlet/solicitudot?gx-no-cache=1490617135794 HTTP/1.1" 200 38
186.79.85.247 - - [27/Mar/2017:08:20:26 -0300] "GET /cormun/servlet/solicitudot?b63593178cd0dc2a145243aee247464b4be9736316e368688c0d2bd8a718dafc97278c4735d7147b6761d5e2f5c19988ce32c681a8ec6982305487dc6ef3d16ef257de81b8e30235e950e1b5501fb052dd26905837e69eb92c03052361fcafa3b3d55957b3030360fbb8061dcd62bb3f,gx-no-cache=1490617141978 HTTP/1.1" 200 29
186.79.85.247 - - [27/Mar/2017:08:20:27 -0300] "POST /cormun/servlet/solicitudot?gx-no-cache=1490617142240 HTTP/1.1" 200 1274
186.79.85.247 - - [27/Mar/2017:08:20:28 -0300] "POST /cormun/servlet/solicitudot?gx-no-cache=1490617142639 HTTP/1.1" 200 1157
186.79.85.247 - - [27/Mar/2017:08:20:28 -0300] "GET /cormun/static/menuarrow.gif HTTP/1.1" 404 1015
186.79.85.247 - - [27/Mar/2017:08:20:32 -0300] "POST /cormun/servlet/solicitudot?gx-no-cache=1490617147023 HTTP/1.1" 200 1274
186.79.85.247 - - [27/Mar/2017:08:20:32 -0300] "POST /cormun/servlet/solicitudot?gx-no-cache=1490617147520 HTTP/1.1" 200 1157
192.168.10.60 - - [27/Mar/2017:08:20:33 -0300] "POST /cormun/servlet/trautorizarot?632546baac41908342786e40d7bcec84,,gx-no-cache=1490612873915 HTTP/1.1" 200 7711
192.168.10.60 - - [27/Mar/2017:08:20:43 -0300] "POST /cormun/servlet/trautorizarot?632546baac41908342786e40d7bcec84,,gx-no-cache=1490612884115 HTTP/1.1" 200 6279
192.168.10.60 - - [27/Mar/2017:08:20:47 -0300] "POST /cormun/servlet/trautorizarot?632546baac41908342786e40d7bcec84,,gx-no-cache=1490612888184 HTTP/1.1" 200 5162
186.79.85.247 - - [27/Mar/2017:08:20:55 -0300] "POST /cormun/servlet/solicitudot?gx-no-cache=1490617170031 HTTP/1.1" 200 30
192.168.10.60 - - [27/Mar/2017:08:20:57 -0300] "POST /cormun/servlet/trautorizarot?632546baac41908342786e40d7bcec84,,gx-no-cache=1490612897688 HTTP/1.1" 200 6273
186.79.85.247 - - [27/Mar/2017:08:21:00 -0300] "GET /cormun/servlet/prcontratosol?11274732,,,,,MD,,gxPopupLevel%3D0%3B HTTP/1.1" 200 5931
186.79.85.247 - - [27/Mar/2017:08:21:00 -0300] "GET /cormun/static/gxcfg.js?201731711522183 HTTP/1.1" 304 -
186.79.85.247 - - [27/Mar/2017:08:21:01 -0300] "GET /cormun/static/prcontratosol.js?201731711522419 HTTP/1.1" 304 -
192.168.10.60 - - [27/Mar/2017:08:21:05 -0300] "POST /cormun/servlet/trautorizarot?632546baac41908342786e40d7bcec84,,gx-no-cache=1490612906088 HTTP/1.1" 200 5164
186.79.85.247 - - [27/Mar/2017:08:21:07 -0300] "POST /cormun/servlet/solicitudot?gx-no-cache=1490617182001 HTTP/1.1" 200 1291
186.79.85.247 - - [27/Mar/2017:08:21:07 -0300] "POST /cormun/servlet/solicitudot?gx-no-cache=1490617182428 HTTP/1.1" 200 41
186.79.85.247 - - [27/Mar/2017:08:21:07 -0300] "POST /cormun/servlet/solicitudot?gx-no-cache=1490617182676 HTTP/1.1" 200 1274
186.79.85.247 - - [27/Mar/2017:08:21:08 -0300] "POST /cormun/servlet/solicitudot?gx-no-cache=1490617183078 HTTP/1.1" 200 1157
192.168.10.60 - - [27/Mar/2017:08:21:14 -0300] "POST /cormun/servlet/trautorizarot?632546baac41908342786e40d7bcec84,,gx-no-cache=1490612914877 HTTP/1.1" 200 10538
181.73.125.167 - - [27/Mar/2017:08:21:20 -0300] "POST /cormun/servlet/solicitudot?gx-no-cache=1490531686686 HTTP/1.1" 200 30
186.79.85.247 - - [27/Mar/2017:08:21:21 -0300] "GET /cormun/servlet/solicitudot?b63593178cd0dc2a145243aee247464b4d4742061ed0069c5910ec9a40831db73d6dc8f5f0ee10b0dd156f131fef579327cc8e6dfd144e962d3f2709502f65ea976d7cd0d569f6b026a2c5540899e9106215517d87e3f46689cab82f7f5f46f56f16c54cc8dde9be344efba41254fd9e5218ca969e08c009f2eb4fd6752d09ff4c425bd87ce4f078e59f10cb08fa41d93548b1aeb7c3fcdc51f71f291e6fad7796646a8f4b5d6a5e62be22a2880a58a0,gx-no-cache=1490617196656 HTTP/1.1" 200 30
181.73.125.167 - - [27/Mar/2017:08:21:22 -0300] "POST /cormun/servlet/solicitudot?gx-no-cache=1490531687640 HTTP/1.1" 200 1287
181.73.125.167 - - [27/Mar/2017:08:21:22 -0300] "POST /cormun/servlet/solicitudot?gx-no-cache=1490531689158 HTTP/1.1" 200 41
181.73.125.167 - - [27/Mar/2017:08:21:30 -0300] "POST /cormun/servlet/solicitudot?gx-no-cache=1490531696444 HTTP/1.1" 200 1273
181.73.125.167 - - [27/Mar/2017:08:21:30 -0300] "POST /cormun/servlet/solicitudot?gx-no-cache=1490531696851 HTTP/1.1" 200 1157
181.73.125.167 - - [27/Mar/2017:08:21:30 -0300] "GET /cormun/servlet/solicitudot?f3b219e74947519f4659375ccc7bedcf920d687b4c174beb7fd45f08dc9b5e10215ec5afdf9a5687d826ecdaa07511bbd7026a12113e92e6a5b5d9bccca1fc3de4fd799d7cdc7b4889063701c1e8271c03365177bacacf3075c94c333131f93f5cdf3ce3673c0ef787d0d656f738cd9dd46d729e19a2dd8dbfe66ae39409b18a1ae1fe3c2312d8ad599a86575c34d75f83aa19a1aaa0073cefd75779dd61fb2bb8944d64657410615f3a6abf56623f6d,gx-no-cache=1490531697133 HTTP/1.1" 200 30
181.73.125.167 - - [27/Mar/2017:08:21:36 -0300] "POST /cormun/servlet/solicitudot?73acd01c3545d4264a65aca7736ba613,INS,0,0,,gx-no-cache=1490531702397 HTTP/1.1" 200 93
181.73.125.167 - - [27/Mar/2017:08:21:36 -0300] "GET /cormun/servlet/hpexe_return? HTTP/1.1" 200 1007
192.168.10.60 - - [27/Mar/2017:08:21:37 -0300] "POST /cormun/servlet/trautorizarot?632546baac41908342786e40d7bcec84,,gx-no-cache=1490612937644 HTTP/1.1" 200 9873
181.73.125.167 - - [27/Mar/2017:08:21:37 -0300] "GET /cormun/static/hpexe_return.js?2016101716175153 HTTP/1.1" 200 1633
181.73.125.167 - - [27/Mar/2017:08:21:37 -0300] "GET /cormun/static/gxcfg.js?2016101716175148 HTTP/1.1" 200 953
181.73.125.167 - - [27/Mar/2017:08:21:37 -0300] "GET /cormun/static/Resources/Spanish/PXTools.css?167811 HTTP/1.1" 200 89042
181.73.125.167 - - [27/Mar/2017:08:21:38 -0300] "GET /cormun/servlet/trsolicitudot HTTP/1.1" 200 8167
181.73.125.167 - - [27/Mar/2017:08:21:43 -0300] "GET /cormun/static/Resources/desc.gif HTTP/1.1" 200 65
181.73.125.167 - - [27/Mar/2017:08:21:43 -0300] "GET /cormun/static/Resources/asc.gif HTTP/1.1" 200 67
181.73.125.167 - - [27/Mar/2017:08:21:43 -0300] "GET /cormun/static/Resources/asc.gif HTTP/1.1" 200 67
181.73.125.167 - - [27/Mar/2017:08:21:43 -0300] "GET /cormun/static/Resources/asc.gif HTTP/1.1" 200 67
181.73.125.167 - - [27/Mar/2017:08:21:44 -0300] "GET /cormun/static/Resources/asc.gif HTTP/1.1" 200 67
181.73.125.167 - - [27/Mar/2017:08:21:44 -0300] "GET /cormun/static/Resources/desc.gif HTTP/1.1" 200 65
181.73.125.167 - - [27/Mar/2017:08:21:44 -0300] "GET /cormun//static/Resources/PXToolsGridDelete.png HTTP/1.1" 200 357
181.73.125.167 - - [27/Mar/2017:08:21:44 -0300] "GET /cormun//static/Resources/PXToolsGridUpdate.png HTTP/1.1" 200 2984
181.73.125.167 - - [27/Mar/2017:08:21:44 -0300] "GET /cormun//static/Resources/PXToolsRemoveAllAction.png HTTP/1.1" 200 3558
181.73.125.167 - - [27/Mar/2017:08:21:44 -0300] "GET /cormun//static/Resources/PXTools/ActionInsert.png HTTP/1.1" 200 1482
181.73.125.167 - - [27/Mar/2017:08:21:44 -0300] "GET /cormun/servlet/trsolicitudot HTTP/1.1" 200 8163
181.73.125.167 - - [27/Mar/2017:08:21:44 -0300] "GET /cormun//static/Resources/PXToolsActionView.png HTTP/1.1" 200 2995
186.79.85.247 - - [27/Mar/2017:08:21:47 -0300] "POST /cormun/servlet/solicitudot?572d1d51f1cd7002846739eee4c2170b,INS,0,0,,gx-no-cache=1490617222272 HTTP/1.1" 200 93
186.79.85.247 - - [27/Mar/2017:08:21:48 -0300] "GET /cormun/servlet/hpexe_return? HTTP/1.1" 200 1005
186.79.85.247 - - [27/Mar/2017:08:21:48 -0300] "GET /cormun/servlet/trsolicitudot HTTP/1.1" 200 8510
186.79.85.247 - - [27/Mar/2017:08:21:50 -0300] "GET /cormun/servlet/trsolicitudot HTTP/1.1" 200 8506
192.168.10.60 - - [27/Mar/2017:08:21:52 -0300] "POST /cormun/servlet/trautorizarot?632546baac41908342786e40d7bcec84,,gx-no-cache=1490612953318 HTTP/1.1" 200 8425
181.73.125.167 - - [27/Mar/2017:08:22:13 -0300] "POST /cormun/servlet/trsolicitudot?73acd01c3545d4264a65aca7736ba613,gx-no-cache=1490531739800 HTTP/1.1" 200 106
181.73.125.167 - - [27/Mar/2017:08:22:14 -0300] "GET /cormun/servlet/trsolicitudadjuntos?2017,5728, HTTP/1.1" 200 6052
181.73.125.167 - - [27/Mar/2017:08:22:14 -0300] "GET /cormun/static/gxcfg.js?201731711504543 HTTP/1.1" 200 953
181.73.125.167 - - [27/Mar/2017:08:22:14 -0300] "GET /cormun/static/trsolicitudadjuntos.js?201731711504951 HTTP/1.1" 200 17913
181.73.125.167 - - [27/Mar/2017:08:22:20 -0300] "GET /cormun/static/Resources/desc.gif HTTP/1.1" 200 65
181.73.125.167 - - [27/Mar/2017:08:22:20 -0300] "GET /cormun/servlet/trsolicitudadjuntos?2017,5728, HTTP/1.1" 200 6052
192.168.10.60 - - [27/Mar/2017:08:22:24 -0300] "POST /cormun/servlet/trautorizarot?632546baac41908342786e40d7bcec84,,gx-no-cache=1490612984684 HTTP/1.1" 200 7030
192.168.10.60 - - [27/Mar/2017:08:22:30 -0300] "POST /cormun/servlet/trautorizarot?632546baac41908342786e40d7bcec84,,gx-no-cache=1490612991144 HTTP/1.1" 200 5172
181.73.125.167 - - [27/Mar/2017:08:22:31 -0300] "GET /cormun/servlet/solicitudotadjuntos?INS,2017,5728,,1, HTTP/1.1" 200 5991
181.73.125.167 - - [27/Mar/2017:08:22:31 -0300] "GET /cormun/static/gxcfg.js?201612218465951 HTTP/1.1" 200 953
181.73.125.167 - - [27/Mar/2017:08:22:31 -0300] "GET /cormun/static/solicitudotadjuntos.js?201612218465969 HTTP/1.1" 200 11762
181.73.125.167 - - [27/Mar/2017:08:22:32 -0300] "GET /cormun/static/about:blank HTTP/1.1" 404 1011
181.73.125.167 - - [27/Mar/2017:08:22:37 -0300] "GET /cormun/servlet/solicitudotadjuntos?INS,2017,5728,,1, HTTP/1.1" 200 5985
192.168.10.60 - - [27/Mar/2017:08:22:37 -0300] "POST /cormun/servlet/trautorizarot?632546baac41908342786e40d7bcec84,,gx-no-cache=1490612997766 HTTP/1.1" 200 15429
181.73.125.167 - - [27/Mar/2017:08:22:38 -0300] "GET /cormun/servlet/solicitudotadjuntos?f3b219e74947519f4659375ccc7bedcf83f6d5a76015be07b8e7dd10d86a8c447df1a609aeab3967ec2a8b99814c1981,gx-no-cache=1490531764804 HTTP/1.1" 200 30
181.73.125.167 - - [27/Mar/2017:08:22:38 -0300] "POST /cormun/servlet/solicitudotadjuntos?73acd01c3545d4264a65aca7736ba613,INS,2017,5728,,1,,gx-no-cache=1490531764983 HTTP/1.1" 200 3824
181.73.125.167 - - [27/Mar/2017:08:22:39 -0300] "GET /cormun/static/about:blank HTTP/1.1" 404 1011
181.73.125.167 - - [27/Mar/2017:08:22:42 -0300] "POST /cormun/servlet/solicitudotadjuntos?gx-no-cache=1490531768668 HTTP/1.1" 200 26
192.168.10.60 - - [27/Mar/2017:08:23:31 -0300] "POST /cormun/servlet/trautorizarot?632546baac41908342786e40d7bcec84,,gx-no-cache=1490613051325 HTTP/1.1" 200 13998
192.168.10.60 - - [27/Mar/2017:08:23:59 -0300] "POST /cormun/servlet/trautorizarot?632546baac41908342786e40d7bcec84,,gx-no-cache=1490613079182 HTTP/1.1" 200 13084
192.168.10.60 - - [27/Mar/2017:08:24:19 -0300] "POST /cormun/servlet/trautorizarot?632546baac41908342786e40d7bcec84,,gx-no-cache=1490613099842 HTTP/1.1" 200 11889
192.168.10.60 - - [27/Mar/2017:08:24:47 -0300] "POST /cormun/servlet/trautorizarot?632546baac41908342786e40d7bcec84,,gx-no-cache=1490613127909 HTTP/1.1" 200 7437
192.168.10.60 - - [27/Mar/2017:08:24:57 -0300] "POST /cormun/servlet/trautorizarot?632546baac41908342786e40d7bcec84,,gx-no-cache=1490613138143 HTTP/1.1" 200 5170
192.168.10.60 - - [27/Mar/2017:08:25:16 -0300] "POST /cormun/servlet/trautorizarot?632546baac41908342786e40d7bcec84,,gx-no-cache=1490613157297 HTTP/1.1" 200 4999
192.168.10.60 - - [27/Mar/2017:08:25:22 -0300] "POST /cormun/servlet/trautorizarot?632546baac41908342786e40d7bcec84,,gx-no-cache=1490613163543 HTTP/1.1" 200 4998
192.168.10.62 - - [27/Mar/2017:08:31:09 -0300] "GET /cormun/servlet/hlogin HTTP/1.1" 200 1727
192.168.10.62 - - [27/Mar/2017:08:31:09 -0300] "GET /cormun/static/gxcfg.js?201731711485472 HTTP/1.1" 304 -
192.168.10.62 - - [27/Mar/2017:08:31:09 -0300] "GET /cormun/static/Resources/Spanish/PXTools.css?11294912 HTTP/1.1" 304 -
192.168.10.62 - - [27/Mar/2017:08:31:09 -0300] "GET /cormun/static/messages.spa.js?85251 HTTP/1.1" 304 -
192.168.10.62 - - [27/Mar/2017:08:31:09 -0300] "GET /cormun/static/hlogin.js?201731711485490 HTTP/1.1" 304 -
192.168.10.62 - - [27/Mar/2017:08:31:09 -0300] "GET /cormun/servlet/hlogin HTTP/1.1" 200 1737
192.168.10.62 - - [27/Mar/2017:08:31:18 -0300] "POST /cormun/servlet/hlogin?eba6c09be562105411ddd335edda3912,gx-no-cache=1490617560559 HTTP/1.1" 200 453
192.168.10.62 - - [27/Mar/2017:08:31:39 -0300] "POST /cormun/servlet/hlogin?eba6c09be562105411ddd335edda3912,gx-no-cache=1490617581448 HTTP/1.1" 200 90
192.168.10.62 - - [27/Mar/2017:08:31:39 -0300] "GET /cormun/servlet/hpexe_link HTTP/1.1" 200 957
192.168.10.62 - - [27/Mar/2017:08:31:39 -0300] "GET /cormun/static/gxcfg.js?201731711483381 HTTP/1.1" 304 -
192.168.10.62 - - [27/Mar/2017:08:31:39 -0300] "GET /cormun/static/hpexe_link.js?201731711483384 HTTP/1.1" 304 -
192.168.10.62 - - [27/Mar/2017:08:31:40 -0300] "GET /cormun/servlet/hhome HTTP/1.1" 200 3798
192.168.10.62 - - [27/Mar/2017:08:31:40 -0300] "GET /cormun/static/gxcfg.js?201731711483497 HTTP/1.1" 304 -
192.168.10.62 - - [27/Mar/2017:08:31:40 -0300] "GET /cormun/static/hwchdr01.js?201731711335950 HTTP/1.1" 304 -
192.168.10.62 - - [27/Mar/2017:08:31:40 -0300] "GET /cormun/static/hhome.js?20173171148352 HTTP/1.1" 304 -
192.168.10.62 - - [27/Mar/2017:08:31:40 -0300] "GET /cormun/static/hpexe_recentlink.js?201610171694390 HTTP/1.1" 304 -
192.168.10.62 - - [27/Mar/2017:08:31:40 -0300] "GET /cormun/static/hpexe_scripts.js?201731711335890 HTTP/1.1" 304 -
192.168.10.62 - - [27/Mar/2017:08:31:40 -0300] "GET /cormun/static/hpexe_messagecontroller.js?201610171694323 HTTP/1.1" 304 -
192.168.10.62 - - [27/Mar/2017:08:31:40 -0300] "GET /cormun/static/hpexe_messagepopupcomponent.js?20161017169425 HTTP/1.1" 304 -
192.168.10.62 - - [27/Mar/2017:08:31:40 -0300] "GET /cormun/static/hpexe_messagegenexuscomponent.js?201731711335537 HTTP/1.1" 304 -
192.168.10.62 - - [27/Mar/2017:08:31:40 -0300] "GET /cormun/static/cmcontrolpreferences.js?201731711335852 HTTP/1.1" 304 -
192.168.10.62 - - [27/Mar/2017:08:31:41 -0300] "GET /cormun/static/hmpwkw03.js?201731711485354 HTTP/1.1" 304 -
192.168.10.62 - - [27/Mar/2017:08:31:41 -0300] "GET /cormun/servlet/hhome HTTP/1.1" 200 3795
192.168.10.62 - - [27/Mar/2017:08:32:16 -0300] "GET /cormun/servlet/trsolicitudgral? HTTP/1.1" 200 24387
192.168.10.62 - - [27/Mar/2017:08:32:16 -0300] "GET /cormun/static/Resources/Spanish/PXTools.css?18365030 HTTP/1.1" 304 -
192.168.10.62 - - [27/Mar/2017:08:32:16 -0300] "GET /cormun/static/gxcfg.js?201732110400 HTTP/1.1" 304 -
192.168.10.62 - - [27/Mar/2017:08:32:16 -0300] "GET /cormun/static/trsolicitudgral.js?2017321104863 HTTP/1.1" 304 -
192.168.10.62 - - [27/Mar/2017:08:32:18 -0300] "GET /cormun/servlet/trsolicitudgral? HTTP/1.1" 200 24384
192.168.10.62 - - [27/Mar/2017:08:32:26 -0300] "GET /cormun/static/menuarrow.gif HTTP/1.1" 404 1015
192.168.10.62 - - [27/Mar/2017:08:32:31 -0300] "POST /cormun/servlet/trsolicitudgral?eba6c09be562105411ddd335edda3912,,gx-no-cache=1490617632541 HTTP/1.1" 200 4975
192.168.10.62 - - [27/Mar/2017:08:32:34 -0300] "POST /cormun/servlet/trsolicitudgral?eba6c09be562105411ddd335edda3912,,gx-no-cache=1490617635771 HTTP/1.1" 200 4975
192.168.10.62 - - [27/Mar/2017:08:32:37 -0300] "POST /cormun/servlet/trsolicitudgral?eba6c09be562105411ddd335edda3912,,gx-no-cache=1490617638287 HTTP/1.1" 200 4977
192.168.10.62 - - [27/Mar/2017:08:32:39 -0300] "POST /cormun/servlet/trsolicitudgral?eba6c09be562105411ddd335edda3912,,gx-no-cache=1490617640536 HTTP/1.1" 200 4976
192.168.10.62 - - [27/Mar/2017:08:32:42 -0300] "POST /cormun/servlet/trsolicitudgral?eba6c09be562105411ddd335edda3912,,gx-no-cache=1490617643623 HTTP/1.1" 200 4974
192.168.10.62 - - [27/Mar/2017:08:32:45 -0300] "POST /cormun/servlet/trsolicitudgral?eba6c09be562105411ddd335edda3912,,gx-no-cache=1490617646169 HTTP/1.1" 200 12888
186.103.157.39 - - [27/Mar/2017:08:32:48 -0300] "GET /cormun/servlet/hlogin HTTP/1.1" 200 1722
186.103.157.39 - - [27/Mar/2017:08:32:49 -0300] "GET /cormun/static/Resources/Spanish/PXTools.css?11294912 HTTP/1.1" 304 -
186.103.157.39 - - [27/Mar/2017:08:32:49 -0300] "GET /cormun/static/gxcfg.js?201731711485472 HTTP/1.1" 304 -
186.103.157.39 - - [27/Mar/2017:08:32:49 -0300] "GET /cormun/static/messages.spa.js?85251 HTTP/1.1" 304 -
186.103.157.39 - - [27/Mar/2017:08:32:49 -0300] "GET /cormun/static/hlogin.js?201731711485490 HTTP/1.1" 304 -
192.168.10.62 - - [27/Mar/2017:08:32:49 -0300] "POST /cormun/servlet/trsolicitudgral?eba6c09be562105411ddd335edda3912,,gx-no-cache=1490617650913 HTTP/1.1" 200 4975
186.103.157.39 - - [27/Mar/2017:08:32:50 -0300] "GET /cormun/servlet/hlogin HTTP/1.1" 200 1732
186.103.159.204 - - [27/Mar/2017:08:32:51 -0300] "GET /cormun/servlet/hlogin HTTP/1.1" 200 1724
192.168.10.62 - - [27/Mar/2017:08:32:52 -0300] "POST /cormun/servlet/trsolicitudgral?eba6c09be562105411ddd335edda3912,,gx-no-cache=1490617653960 HTTP/1.1" 200 4977
192.168.10.62 - - [27/Mar/2017:08:32:55 -0300] "POST /cormun/servlet/trsolicitudgral?eba6c09be562105411ddd335edda3912,,gx-no-cache=1490617656632 HTTP/1.1" 200 4976
186.103.159.204 - - [27/Mar/2017:08:32:56 -0300] "GET /cormun/servlet/hlogin HTTP/1.1" 200 1724
186.103.159.204 - - [27/Mar/2017:08:32:56 -0300] "GET /cormun/static/Resources/Spanish/PXTools.css?11294912 HTTP/1.1" 304 -
186.103.159.204 - - [27/Mar/2017:08:32:56 -0300] "GET /cormun/static/gxtimezone.js?85251 HTTP/1.1" 304 -
186.103.159.204 - - [27/Mar/2017:08:32:56 -0300] "GET /cormun/static/gxcfg.js?201731711485472 HTTP/1.1" 304 -
186.103.159.204 - - [27/Mar/2017:08:32:56 -0300] "GET /cormun/static/messages.spa.js?85251 HTTP/1.1" 304 -
186.103.159.204 - - [27/Mar/2017:08:32:56 -0300] "GET /cormun/static/hlogin.js?201731711485490 HTTP/1.1" 304 -
186.103.159.204 - - [27/Mar/2017:08:32:56 -0300] "GET /cormun/servlet/hlogin HTTP/1.1" 200 1730
192.168.10.62 - - [27/Mar/2017:08:33:01 -0300] "POST /cormun/servlet/trsolicitudgral?eba6c09be562105411ddd335edda3912,,gx-no-cache=1490617662720 HTTP/1.1" 200 6881
186.103.157.39 - - [27/Mar/2017:08:33:07 -0300] "POST /cormun/servlet/hlogin?5927f8d7d7a125ef1a1cebb341c6aaad,gx-no-cache=1490614455995 HTTP/1.1" 200 90
186.103.157.39 - - [27/Mar/2017:08:33:07 -0300] "GET /cormun/servlet/hpexe_link HTTP/1.1" 200 952
186.103.157.39 - - [27/Mar/2017:08:33:07 -0300] "GET /cormun/static/gxcfg.js?201731711483381 HTTP/1.1" 304 -
186.103.157.39 - - [27/Mar/2017:08:33:07 -0300] "GET /cormun/static/hpexe_link.js?201731711483384 HTTP/1.1" 304 -
186.103.157.39 - - [27/Mar/2017:08:33:07 -0300] "GET /cormun/servlet/hhome HTTP/1.1" 200 3725
186.103.157.39 - - [27/Mar/2017:08:33:07 -0300] "GET /cormun/static/gxcfg.js?201731711483497 HTTP/1.1" 304 -
186.103.157.39 - - [27/Mar/2017:08:33:07 -0300] "GET /cormun/static/hhome.js?20173171148352 HTTP/1.1" 304 -
186.103.157.39 - - [27/Mar/2017:08:33:07 -0300] "GET /cormun/static/hwchdr01.js?201731711335950 HTTP/1.1" 304 -
186.103.157.39 - - [27/Mar/2017:08:33:07 -0300] "GET /cormun/static/hpexe_recentlink.js?201610171694390 HTTP/1.1" 304 -
186.103.157.39 - - [27/Mar/2017:08:33:08 -0300] "GET /cormun/static/hpexe_messagecontroller.js?201610171694323 HTTP/1.1" 304 -
186.103.157.39 - - [27/Mar/2017:08:33:08 -0300] "GET /cormun/static/hpexe_scripts.js?201731711335890 HTTP/1.1" 304 -
186.103.157.39 - - [27/Mar/2017:08:33:08 -0300] "GET /cormun/static/hpexe_messagepopupcomponent.js?20161017169425 HTTP/1.1" 304 -
186.103.157.39 - - [27/Mar/2017:08:33:08 -0300] "GET /cormun/static/hpexe_messagegenexuscomponent.js?201731711335537 HTTP/1.1" 304 -
186.103.157.39 - - [27/Mar/2017:08:33:08 -0300] "GET /cormun/static/cmcontrolpreferences.js?201731711335852 HTTP/1.1" 304 -
186.103.157.39 - - [27/Mar/2017:08:33:08 -0300] "GET /cormun/static/hmpwkw03.js?201731711485354 HTTP/1.1" 304 -
192.168.10.62 - - [27/Mar/2017:08:33:08 -0300] "POST /cormun/servlet/trsolicitudgral?eba6c09be562105411ddd335edda3912,,gx-no-cache=1490617669895 HTTP/1.1" 200 4978
186.103.157.39 - - [27/Mar/2017:08:33:09 -0300] "GET /cormun/servlet/hhome HTTP/1.1" 200 3725
192.168.10.62 - - [27/Mar/2017:08:33:12 -0300] "POST /cormun/servlet/trsolicitudgral?eba6c09be562105411ddd335edda3912,,gx-no-cache=1490617673551 HTTP/1.1" 200 4976
192.168.10.62 - - [27/Mar/2017:08:33:15 -0300] "POST /cormun/servlet/trsolicitudgral?eba6c09be562105411ddd335edda3912,,gx-no-cache=1490617675937 HTTP/1.1" 200 4976
192.168.10.62 - - [27/Mar/2017:08:33:18 -0300] "POST /cormun/servlet/trsolicitudgral?eba6c09be562105411ddd335edda3912,,gx-no-cache=1490617678607 HTTP/1.1" 200 4977
186.103.157.39 - - [27/Mar/2017:08:33:20 -0300] "GET /cormun/servlet/trsolicitudot? HTTP/1.1" 200 9075
186.103.157.39 - - [27/Mar/2017:08:33:20 -0300] "GET /cormun/static/gxcfg.js?201731711505139 HTTP/1.1" 304 -
186.103.157.39 - - [27/Mar/2017:08:33:20 -0300] "GET /cormun/static/trsolicitudot.js?20173171151116 HTTP/1.1" 304 -
186.103.157.39 - - [27/Mar/2017:08:33:21 -0300] "GET /cormun/servlet/trsolicitudot? HTTP/1.1" 200 9072
192.168.10.62 - - [27/Mar/2017:08:33:22 -0300] "POST /cormun/servlet/trsolicitudgral?eba6c09be562105411ddd335edda3912,,gx-no-cache=1490617682805 HTTP/1.1" 200 4976
192.168.10.62 - - [27/Mar/2017:08:33:26 -0300] "POST /cormun/servlet/trsolicitudgral?eba6c09be562105411ddd335edda3912,,gx-no-cache=1490617686818 HTTP/1.1" 200 4977
192.168.10.62 - - [27/Mar/2017:08:33:30 -0300] "POST /cormun/servlet/trsolicitudgral?eba6c09be562105411ddd335edda3912,,gx-no-cache=1490617690638 HTTP/1.1" 200 6635
192.168.10.62 - - [27/Mar/2017:08:33:33 -0300] "POST /cormun/servlet/trsolicitudgral?eba6c09be562105411ddd335edda3912,,gx-no-cache=1490617693536 HTTP/1.1" 200 105
192.168.10.62 - - [27/Mar/2017:08:33:33 -0300] "GET /cormun/SolicitudGral-8689.xls HTTP/1.1" 200 6144
186.103.157.39 - - [27/Mar/2017:08:33:37 -0300] "GET /cormun/servlet/solicitudot?INS,0,0, HTTP/1.1" 200 12523
186.103.157.39 - - [27/Mar/2017:08:33:37 -0300] "GET /cormun/static/Resources/Spanish/PXTools.css?18365030 HTTP/1.1" 304 -
186.103.157.39 - - [27/Mar/2017:08:33:37 -0300] "GET /cormun/static/gxcfg.js?20171191042720 HTTP/1.1" 304 -
186.103.157.39 - - [27/Mar/2017:08:33:37 -0300] "GET /cormun/static/solicitudot.js?2017119104297 HTTP/1.1" 304 -
186.103.157.39 - - [27/Mar/2017:08:33:38 -0300] "GET /cormun/servlet/solicitudot?INS,0,0, HTTP/1.1" 200 12528
186.103.159.204 - - [27/Mar/2017:08:33:43 -0300] "POST /cormun/servlet/hlogin?44285b2ab95def330f8529099d45b2a8,gx-no-cache=1490614490852 HTTP/1.1" 200 90
186.103.159.204 - - [27/Mar/2017:08:33:43 -0300] "GET /cormun/servlet/hpexe_link HTTP/1.1" 200 950
186.103.159.204 - - [27/Mar/2017:08:33:43 -0300] "GET /cormun/static/gxcfg.js?201731711483381 HTTP/1.1" 304 -
186.103.159.204 - - [27/Mar/2017:08:33:43 -0300] "GET /cormun/static/hpexe_link.js?201731711483384 HTTP/1.1" 304 -
186.103.159.204 - - [27/Mar/2017:08:33:43 -0300] "GET /cormun/servlet/hhome HTTP/1.1" 200 3985
186.103.159.204 - - [27/Mar/2017:08:33:43 -0300] "GET /cormun/static/gxcfg.js?201731711483497 HTTP/1.1" 304 -
186.103.159.204 - - [27/Mar/2017:08:33:43 -0300] "GET /cormun/static/hwchdr01.js?201731711335950 HTTP/1.1" 304 -
186.103.159.204 - - [27/Mar/2017:08:33:43 -0300] "GET /cormun/static/hhome.js?20173171148352 HTTP/1.1" 304 -
186.103.159.204 - - [27/Mar/2017:08:33:43 -0300] "GET /cormun/static/hpexe_recentlink.js?201610171694390 HTTP/1.1" 304 -
186.103.159.204 - - [27/Mar/2017:08:33:43 -0300] "GET /cormun/static/hpexe_scripts.js?201731711335890 HTTP/1.1" 304 -
186.103.159.204 - - [27/Mar/2017:08:33:44 -0300] "GET /cormun/static/hpexe_messagecontroller.js?201610171694323 HTTP/1.1" 304 -
186.103.159.204 - - [27/Mar/2017:08:33:44 -0300] "GET /cormun/static/hpexe_messagepopupcomponent.js?20161017169425 HTTP/1.1" 304 -
186.103.159.204 - - [27/Mar/2017:08:33:44 -0300] "GET /cormun/static/hpexe_messagegenexuscomponent.js?201731711335537 HTTP/1.1" 304 -
186.103.159.204 - - [27/Mar/2017:08:33:44 -0300] "GET /cormun/static/cmcontrolpreferences.js?201731711335852 HTTP/1.1" 304 -
186.103.159.204 - - [27/Mar/2017:08:33:44 -0300] "GET /cormun/static/hmpwkw03.js?201731711485354 HTTP/1.1" 304 -
186.103.159.204 - - [27/Mar/2017:08:33:44 -0300] "GET /cormun/servlet/hhome HTTP/1.1" 200 3981
186.103.157.39 - - [27/Mar/2017:08:33:58 -0300] "POST /cormun/servlet/solicitudot?gx-no-cache=1490614506617 HTTP/1.1" 200 3182
186.103.157.39 - - [27/Mar/2017:08:33:59 -0300] "POST /cormun/servlet/solicitudot?5927f8d7d7a125ef1a1cebb341c6aaad,INS,0,0,,gx-no-cache=1490614506906 HTTP/1.1" 200 9778
186.103.157.39 - - [27/Mar/2017:08:34:10 -0300] "GET /cormun/servlet/solicitudot?d1dc75565c4b5ed4db2a14ed8606bd208c99b1f8a9b4fa7a24a00a5e2c838c61475dd234e77fd5392859d402994bd83b,gx-no-cache=1490614519182 HTTP/1.1" 200 30
186.103.157.39 - - [27/Mar/2017:08:34:10 -0300] "POST /cormun/servlet/solicitudot?gx-no-cache=1490614519298 HTTP/1.1" 200 240
186.103.157.39 - - [27/Mar/2017:08:34:10 -0300] "GET /cormun/servlet/solicitudot?d1dc75565c4b5ed4db2a14ed8606bd20340b282946e67730baa118f172e3d5aa771350367a797ec6a0edb66e33c52702d8958f2e6114f5735c15ef7b30e7c65e17830898f36cc78c17fbaf56c421ff844b84aa19674e1aebf92d4ef1c5aa468c2a615b7f87b0e212f00df0194e0932985fe460b321df98415e7218e9d280de80158b6485fd8b21eacb99359ef85a33fed379ca20e2c10c90d9278313bc71a7bdb84de3964f0f464dda68fd5a3f645299efe05b4e3faa97b005ff0056310b1ba281a91c2b6a64a51552c825c49cd9369f066340dc79d69b6af02ff386848a772d7ff0050538e9241b1c319d2245adf3c8784ad68357d00b9784294113c58630ddd1db2603ddd1466a39809c9a7c5383e8892deb7ad4004e1df3f1e13e071fc55c5edd5511cd7ca91f6c703ac4055b96adb4f96f77ccfdd0e9506f67b410ecc21f30301a6676a8b0b83dc3f1abbb0424a34fb67c684a468376be82919f1406a727302c9ec0d6eb86da66776f9dc429b28a732079e4c5210e582106d0e1a1751592,gx-no-cache=1490614519390 HTTP/1.1" 200 30
186.103.157.39 - - [27/Mar/2017:08:34:22 -0300] "POST /cormun/servlet/solicitudot?gx-no-cache=1490614531364 HTTP/1.1" 200 30
186.103.159.204 - - [27/Mar/2017:08:34:49 -0300] "GET /cormun/servlet/trlicencias? HTTP/1.1" 200 6851
186.103.159.204 - - [27/Mar/2017:08:34:49 -0300] "GET /cormun/servlet/trlicencias? HTTP/1.1" 200 6851
186.103.159.204 - - [27/Mar/2017:08:34:49 -0300] "GET /cormun/static/Resources/Spanish/PXTools.css?18365030 HTTP/1.1" 304 -
186.103.159.204 - - [27/Mar/2017:08:34:49 -0300] "GET /cormun/static/calendar.js?85251 HTTP/1.1" 304 -
186.103.159.204 - - [27/Mar/2017:08:34:49 -0300] "GET /cormun/static/calendar-setup.js?85251 HTTP/1.1" 304 -
186.103.159.204 - - [27/Mar/2017:08:34:49 -0300] "GET /cormun/static/gxcfg.js?2016122619301429 HTTP/1.1" 304 -
186.103.159.204 - - [27/Mar/2017:08:34:49 -0300] "GET /cormun/static/calendar-es.js?85251 HTTP/1.1" 304 -
186.103.159.204 - - [27/Mar/2017:08:34:49 -0300] "GET /cormun/static/gxdec.js?85251 HTTP/1.1" 304 -
186.103.159.204 - - [27/Mar/2017:08:34:49 -0300] "GET /cormun/static/trlicencias.js?2016122619301919 HTTP/1.1" 304 -
186.103.159.204 - - [27/Mar/2017:08:34:49 -0300] "GET /cormun/servlet/trlicencias? HTTP/1.1" 200 6850
186.103.157.39 - - [27/Mar/2017:08:34:59 -0300] "POST /cormun/servlet/solicitudot?gx-no-cache=1490614568366 HTTP/1.1" 200 235
186.103.157.39 - - [27/Mar/2017:08:34:59 -0300] "POST /cormun/servlet/solicitudot?gx-no-cache=1490614568533 HTTP/1.1" 200 38
186.103.157.39 - - [27/Mar/2017:08:35:38 -0300] "GET /cormun/servlet/solicitudot?d1dc75565c4b5ed4db2a14ed8606bd20f6b1f6f198ac4302d985c4bf0a31af6c2bb61894cc061dea84d767259bc6cae7020283465caf260bd2f4e63f013034df7a282481c0e6259dd9c078d3603d3280f9001cfa5df575c33500160f2219de432e48297dfd286de23fd0e26ba7e9d570ccd32e5fc628126198693eb078c9c5188dc52fe10957cf35b0c417d7d24d485347bc30fc6be8fea6d9ffafe0756da01e831a94f04cfa044afd398df86b07351b0ccea61f8cdee0d2953fe54a1efd29ad8d63721a6626532744554bb7d0c5d4a6,gx-no-cache=1490614607042 HTTP/1.1" 200 29
186.103.157.39 - - [27/Mar/2017:08:35:38 -0300] "POST /cormun/servlet/solicitudot?gx-no-cache=1490614607179 HTTP/1.1" 200 643
186.103.157.39 - - [27/Mar/2017:08:35:38 -0300] "POST /cormun/servlet/solicitudot?gx-no-cache=1490614607304 HTTP/1.1" 200 518
186.103.157.39 - - [27/Mar/2017:08:35:40 -0300] "GET /cormun/static/menuarrow.gif HTTP/1.1" 404 1015
186.103.157.39 - - [27/Mar/2017:08:35:54 -0300] "GET /cormun/servlet/solicitudot?d1dc75565c4b5ed4db2a14ed8606bd2056e4d6998dfefcc8105c6f0bedeb7f468b3a4e5a8b50c9d9a44e2916bf3cb93488d1f5d422d24c020d2965b4ce20a1a9247c9c6f8f26d8a74dac27eec280bcfa8d239fd99a3866589f198fe7a0e6c368ca4440de141a315f97d6b8ffa1b70b0b788d042f9c2746b053e53134ca8af7c9fb6215077754ab8c99058d8c763bf32322c562c0fd338b8900889ef6e748ec57c889cd9fbbe858c9cf6dc30379ecb329,gx-no-cache=1490614623324 HTTP/1.1" 200 30
186.103.159.204 - - [27/Mar/2017:08:36:02 -0300] "GET /cormun/static/menuarrow.gif HTTP/1.1" 404 1015
186.103.157.39 - - [27/Mar/2017:08:36:10 -0300] "POST /cormun/servlet/solicitudot?5927f8d7d7a125ef1a1cebb341c6aaad,INS,0,0,,gx-no-cache=1490614639261 HTTP/1.1" 200 93
186.103.157.39 - - [27/Mar/2017:08:36:11 -0300] "GET /cormun/servlet/hpexe_return? HTTP/1.1" 200 1007
186.103.157.39 - - [27/Mar/2017:08:36:11 -0300] "GET /cormun/static/Resources/Spanish/PXTools.css?167811 HTTP/1.1" 304 -
186.103.157.39 - - [27/Mar/2017:08:36:11 -0300] "GET /cormun/static/gxcfg.js?2016101716175148 HTTP/1.1" 304 -
186.103.157.39 - - [27/Mar/2017:08:36:11 -0300] "GET /cormun/static/hpexe_return.js?2016101716175153 HTTP/1.1" 304 -
186.103.157.39 - - [27/Mar/2017:08:36:11 -0300] "GET /cormun/servlet/trsolicitudot HTTP/1.1" 200 9454
186.103.157.39 - - [27/Mar/2017:08:36:12 -0300] "GET /cormun/servlet/trsolicitudot HTTP/1.1" 200 9450
192.168.10.96 - - [27/Mar/2017:08:36:17 -0300] "POST /cormun/servlet/hlogin?b47ab546a3d0fe0c4ccc0e21741c537c,gx-no-cache=1490617855846 HTTP/1.1" 200 90
192.168.10.96 - - [27/Mar/2017:08:36:17 -0300] "GET /cormun/servlet/hpexe_link HTTP/1.1" 200 951
192.168.10.96 - - [27/Mar/2017:08:36:17 -0300] "GET /cormun/static/gxcfg.js?201731711483381 HTTP/1.1" 304 -
192.168.10.96 - - [27/Mar/2017:08:36:17 -0300] "GET /cormun/static/hpexe_link.js?201731711483384 HTTP/1.1" 304 -
