201.236.59.243 - - [27/Mar/2017:11:23:08 -0300] "GET /cormun/static/gxcfg.js?2016101716175148 HTTP/1.1" 304 -
201.236.59.243 - - [27/Mar/2017:11:23:08 -0300] "GET /cormun/static/hpexe_return.js?2016101716175153 HTTP/1.1" 200 1633
201.236.59.243 - - [27/Mar/2017:11:23:09 -0300] "GET /cormun/servlet/trpermisosadjuntos?15024877,20170322182315,P, HTTP/1.1" 200 6742
201.236.59.243 - - [27/Mar/2017:11:23:10 -0300] "GET /cormun/servlet/trpermisosadjuntos?15024877,20170322182315,P, HTTP/1.1" 200 6739
186.103.159.230 - - [27/Mar/2017:11:23:11 -0300] "GET /cormun/servlet/solicitudotadjuntos?c1e4c842045e473c98e92366e3a4b30b3516dcfe8946c673167d376cb0f478bb,gx-no-cache=1490624658630 HTTP/1.1" 200 30
186.103.159.230 - - [27/Mar/2017:11:23:11 -0300] "GET /cormun/servlet/solicitudotadjuntos?c1e4c842045e473c98e92366e3a4b30b3516dcfe8946c673167d376cb0f478bb,gx-no-cache=1490624658846 HTTP/1.1" 200 30
186.103.159.230 - - [27/Mar/2017:11:23:12 -0300] "POST /cormun/servlet/solicitudotadjuntos?d82618ad1be460c11e65dad044bfdc1c,INS,2017,5753,,1, HTTP/1.1" 200 116
186.103.159.230 - - [27/Mar/2017:11:23:12 -0300] "GET /cormun/servlet/hpexe_return? HTTP/1.1" 200 1018
186.79.10.110 - - [27/Mar/2017:11:23:12 -0300] "GET /cormun/servlet/solicitudotadjuntos?INS,2017,5755,,1, HTTP/1.1" 200 5791
186.103.159.230 - - [27/Mar/2017:11:23:12 -0300] "GET /cormun/servlet/trsolicitudadjuntos?2017,5753, HTTP/1.1" 200 8192
186.79.10.110 - - [27/Mar/2017:11:23:13 -0300] "GET /cormun/static/about:blank HTTP/1.1" 404 1011
186.79.10.110 - - [27/Mar/2017:11:23:13 -0300] "GET /cormun/servlet/solicitudotadjuntos?INS,2017,5755,,1, HTTP/1.1" 200 5785
186.103.159.230 - - [27/Mar/2017:11:23:13 -0300] "GET /cormun/servlet/trsolicitudadjuntos?2017,5753, HTTP/1.1" 200 8189
186.79.10.110 - - [27/Mar/2017:11:23:13 -0300] "GET /cormun/servlet/solicitudotadjuntos?94f83811f18bbdd4c0b0993bf38499b557b314d49a4f73a6764ab516567047765112f48b4aa0f1e5e852c22cf81fd3ff,gx-no-cache=1490624661273 HTTP/1.1" 200 30
186.79.10.110 - - [27/Mar/2017:11:23:14 -0300] "POST /cormun/servlet/solicitudotadjuntos?5271df1fb0f4eca65aaee2902b90978c,INS,2017,5755,,1,,gx-no-cache=1490624661409 HTTP/1.1" 200 3639
201.236.59.243 - - [27/Mar/2017:11:23:15 -0300] "POST /cormun/servlet/trpermisosadjuntos?b8c672d91ab6fa8711ab12f0691fe86b,15024877,20170322182315,P,,gx-no-cache=1490624666126 HTTP/1.1" 200 90
201.236.59.243 - - [27/Mar/2017:11:23:15 -0300] "GET /cormun/servlet/hpexe_link HTTP/1.1" 200 994
201.236.59.243 - - [27/Mar/2017:11:23:16 -0300] "GET /cormun/servlet/trautorizarpermisogoce? HTTP/1.1" 200 7949
201.236.59.243 - - [27/Mar/2017:11:23:17 -0300] "GET /cormun/servlet/trautorizarpermisogoce? HTTP/1.1" 200 7947
186.79.10.110 - - [27/Mar/2017:11:23:18 -0300] "POST /cormun/servlet/solicitudotadjuntos?gx-no-cache=1490624666323 HTTP/1.1" 200 26
186.103.159.230 - - [27/Mar/2017:11:23:19 -0300] "GET /cormun/servlet/solicitudotadjuntos?INS,2017,5753,,2, HTTP/1.1" 200 6001
186.103.159.230 - - [27/Mar/2017:11:23:19 -0300] "GET /cormun/static/about:blank HTTP/1.1" 404 1011
186.103.159.230 - - [27/Mar/2017:11:23:19 -0300] "GET /cormun/servlet/solicitudotadjuntos?INS,2017,5753,,2, HTTP/1.1" 200 5995
186.103.159.230 - - [27/Mar/2017:11:23:20 -0300] "GET /cormun/servlet/solicitudotadjuntos?c1e4c842045e473c98e92366e3a4b30bcff546714429a9f3549c9d7e0442234fe8cdc74fb30137e3e0c89c2017980267,gx-no-cache=1490624667673 HTTP/1.1" 200 30
186.103.159.230 - - [27/Mar/2017:11:23:20 -0300] "POST /cormun/servlet/solicitudotadjuntos?d82618ad1be460c11e65dad044bfdc1c,INS,2017,5753,,2,,gx-no-cache=1490624667749 HTTP/1.1" 200 4033
186.79.10.110 - - [27/Mar/2017:11:23:25 -0300] "GET /cormun/servlet/solicitudotadjuntos?94f83811f18bbdd4c0b0993bf38499b5d9e75460a7e881d5f584bf1549a128a0,gx-no-cache=1490624672655 HTTP/1.1" 200 30
186.79.10.110 - - [27/Mar/2017:11:23:25 -0300] "GET /cormun/servlet/solicitudotadjuntos?94f83811f18bbdd4c0b0993bf38499b5d9e75460a7e881d5f584bf1549a128a0,gx-no-cache=1490624672733 HTTP/1.1" 200 30
186.103.159.230 - - [27/Mar/2017:11:23:27 -0300] "POST /cormun/servlet/solicitudotadjuntos?gx-no-cache=1490624674813 HTTP/1.1" 200 26
186.79.151.210 - - [27/Mar/2017:11:23:28 -0300] "POST /cormun/servlet/solicitudot?gx-no-cache=1490624675349 HTTP/1.1" 200 1275
186.79.151.210 - - [27/Mar/2017:11:23:29 -0300] "POST /cormun/servlet/solicitudot?gx-no-cache=1490624676794 HTTP/1.1" 200 1156
186.79.151.210 - - [27/Mar/2017:11:23:29 -0300] "GET /cormun/servlet/solicitudot?3157afc4a529bf0970972fcb3fc51cda94f19a67f07be99508f55e3574a4af943ea5ec5774af8bab9b197e00bae7d26fcd9ef141dfed65122820c6d86d2c656a058080ec2a723400f9862e9d6b06e062e3284ffc5619be9ebd044d3a1a384904566e866fd20f420b63b54eac594f21659095cbf2d6d3d3f40e23165e57ed30aa241923402ef537b8edada7eaba69c517aa25898546aba65aae5b30b68e99e27f61dd819ef9eb82f7202de623e4b79838dc7ec918c7db643c375aa455272e113f,gx-no-cache=1490624676976 HTTP/1.1" 200 30
201.236.59.243 - - [27/Mar/2017:11:23:31 -0300] "POST /cormun/servlet/trautorizarpermisogoce?b8c672d91ab6fa8711ab12f0691fe86b,,gx-no-cache=1490624682016 HTTP/1.1" 200 5359
201.236.59.243 - - [27/Mar/2017:11:23:31 -0300] "GET /cormun/static/Shared/jqueryui/images/ui-bg_highlight-soft_100_c6c2c8_1x100.png HTTP/1.1" 404 1117
201.236.59.243 - - [27/Mar/2017:11:23:31 -0300] "GET /cormun/static/Shared/jqueryui/images/ui-icons_82798d_256x240.png HTTP/1.1" 404 1089
201.236.59.243 - - [27/Mar/2017:11:23:31 -0300] "GET /cormun/static/Shared/jqueryui/images/ui-bg_flat_55_fafafa_40x100.png HTTP/1.1" 404 1097
201.236.59.243 - - [27/Mar/2017:11:23:31 -0300] "GET /cormun/static/Shared/jqueryui/images/ui-icons_8d78a5_256x240.png HTTP/1.1" 404 1089
186.103.159.230 - - [27/Mar/2017:11:23:33 -0300] "GET /cormun/servlet/solicitudotadjuntos?c1e4c842045e473c98e92366e3a4b30b3516dcfe8946c673167d376cb0f478bb,gx-no-cache=1490624680892 HTTP/1.1" 200 30
186.103.159.230 - - [27/Mar/2017:11:23:33 -0300] "GET /cormun/servlet/solicitudotadjuntos?c1e4c842045e473c98e92366e3a4b30b3516dcfe8946c673167d376cb0f478bb,gx-no-cache=1490624680934 HTTP/1.1" 200 30
186.103.159.230 - - [27/Mar/2017:11:23:35 -0300] "POST /cormun/servlet/solicitudotadjuntos?d82618ad1be460c11e65dad044bfdc1c,INS,2017,5753,,2, HTTP/1.1" 200 116
186.103.159.230 - - [27/Mar/2017:11:23:35 -0300] "GET /cormun/servlet/hpexe_return? HTTP/1.1" 200 1018
186.103.159.230 - - [27/Mar/2017:11:23:36 -0300] "GET /cormun/servlet/trsolicitudadjuntos?2017,5753, HTTP/1.1" 200 8411
186.103.159.230 - - [27/Mar/2017:11:23:37 -0300] "GET /cormun/servlet/trsolicitudadjuntos?2017,5753, HTTP/1.1" 200 8410
186.79.10.110 - - [27/Mar/2017:11:23:39 -0300] "POST /cormun/servlet/solicitudotadjuntos?5271df1fb0f4eca65aaee2902b90978c,INS,2017,5755,,1, HTTP/1.1" 200 5847
186.79.10.110 - - [27/Mar/2017:11:23:39 -0300] "GET /cormun/static/Shared/jqueryui/images/ui-bg_highlight-soft_100_c6c2c8_1x100.png HTTP/1.1" 404 1117
186.79.10.110 - - [27/Mar/2017:11:23:39 -0300] "GET /cormun/static/Shared/jqueryui/images/ui-icons_82798d_256x240.png HTTP/1.1" 404 1089
186.79.10.110 - - [27/Mar/2017:11:23:39 -0300] "GET /cormun/static/Shared/jqueryui/images/ui-bg_flat_55_994d53_40x100.png HTTP/1.1" 404 1097
186.79.10.110 - - [27/Mar/2017:11:23:39 -0300] "GET /cormun/static/Shared/jqueryui/images/ui-icons_ebccce_256x240.png HTTP/1.1" 404 1089
186.79.10.110 - - [27/Mar/2017:11:23:41 -0300] "GET /cormun/PrivateTempStorage/upload_00004158.jpg HTTP/1.1" 200 860672
186.103.159.230 - - [27/Mar/2017:11:23:41 -0300] "GET /cormun/servlet/solicitudotadjuntos?INS,2017,5753,,2, HTTP/1.1" 200 6002
186.103.159.230 - - [27/Mar/2017:11:23:41 -0300] "GET /cormun/static/about:blank HTTP/1.1" 404 1011
186.103.159.230 - - [27/Mar/2017:11:23:41 -0300] "GET /cormun/servlet/solicitudotadjuntos?INS,2017,5753,,2, HTTP/1.1" 200 5996
186.103.159.230 - - [27/Mar/2017:11:23:42 -0300] "GET /cormun/servlet/solicitudotadjuntos?c1e4c842045e473c98e92366e3a4b30bcff546714429a9f3549c9d7e0442234fe8cdc74fb30137e3e0c89c2017980267,gx-no-cache=1490624689703 HTTP/1.1" 200 30
186.103.159.230 - - [27/Mar/2017:11:23:42 -0300] "POST /cormun/servlet/solicitudotadjuntos?d82618ad1be460c11e65dad044bfdc1c,INS,2017,5753,,2,,gx-no-cache=1490624689763 HTTP/1.1" 200 4034
186.79.151.210 - - [27/Mar/2017:11:23:46 -0300] "POST /cormun/servlet/solicitudot?827c49fa297f5255c9a04d131b06bc14,INS,0,0,,gx-no-cache=1490624693658 HTTP/1.1" 200 93
186.79.151.210 - - [27/Mar/2017:11:23:46 -0300] "GET /cormun/servlet/hpexe_return? HTTP/1.1" 200 1005
186.79.151.210 - - [27/Mar/2017:11:23:47 -0300] "GET /cormun/servlet/trsolicitudot HTTP/1.1" 200 8614
186.79.151.210 - - [27/Mar/2017:11:23:47 -0300] "GET /cormun/servlet/trsolicitudot HTTP/1.1" 200 8610
201.236.59.243 - - [27/Mar/2017:11:23:49 -0300] "GET /cormun/servlet/trautorizarpermisogoce? HTTP/1.1" 200 7947
186.79.10.110 - - [27/Mar/2017:11:23:51 -0300] "GET /cormun/servlet/hlogin HTTP/1.1" 200 1719
201.236.59.243 - - [27/Mar/2017:11:23:51 -0300] "GET /cormun/servlet/trautorizarpermisogoce? HTTP/1.1" 200 7947
186.79.10.110 - - [27/Mar/2017:11:23:53 -0300] "POST /cormun/servlet/hlogin?05147c82d8b05f2ed0668c28c28a755c,gx-no-cache=1490624700482 HTTP/1.1" 200 90
186.79.10.110 - - [27/Mar/2017:11:23:53 -0300] "GET /cormun/servlet/hpexe_link HTTP/1.1" 200 950
186.79.10.110 - - [27/Mar/2017:11:23:53 -0300] "GET /cormun/servlet/hhome HTTP/1.1" 200 3755
186.79.10.110 - - [27/Mar/2017:11:23:54 -0300] "GET /cormun/servlet/hhome HTTP/1.1" 200 3751
186.103.159.230 - - [27/Mar/2017:11:23:54 -0300] "POST /cormun/servlet/solicitudotadjuntos?gx-no-cache=1490624701769 HTTP/1.1" 200 26
186.79.10.110 - - [27/Mar/2017:11:23:57 -0300] "GET /cormun/servlet/trsolicitudot? HTTP/1.1" 200 8809
186.79.10.110 - - [27/Mar/2017:11:23:57 -0300] "GET /cormun/servlet/trsolicitudot? HTTP/1.1" 200 8807
201.236.59.243 - - [27/Mar/2017:11:23:58 -0300] "POST /cormun/servlet/trautorizarpermisogoce?b8c672d91ab6fa8711ab12f0691fe86b,,gx-no-cache=1490624709108 HTTP/1.1" 200 5360
201.236.59.243 - - [27/Mar/2017:11:23:58 -0300] "GET /cormun/static/Shared/jqueryui/images/ui-bg_highlight-soft_100_c6c2c8_1x100.png HTTP/1.1" 404 1117
201.236.59.243 - - [27/Mar/2017:11:23:59 -0300] "GET /cormun/static/Shared/jqueryui/images/ui-icons_82798d_256x240.png HTTP/1.1" 404 1089
201.236.59.243 - - [27/Mar/2017:11:23:59 -0300] "GET /cormun/static/Shared/jqueryui/images/ui-bg_flat_55_fafafa_40x100.png HTTP/1.1" 404 1097
201.236.59.243 - - [27/Mar/2017:11:23:59 -0300] "GET /cormun/static/Shared/jqueryui/images/ui-icons_8d78a5_256x240.png HTTP/1.1" 404 1089
186.79.10.110 - - [27/Mar/2017:11:24:01 -0300] "POST /cormun/servlet/trsolicitudot?05147c82d8b05f2ed0668c28c28a755c,,gx-no-cache=1490624708780 HTTP/1.1" 200 106
186.79.10.110 - - [27/Mar/2017:11:24:02 -0300] "GET /cormun/servlet/trsolicitudadjuntos?2017,5755, HTTP/1.1" 200 7935
186.79.151.210 - - [27/Mar/2017:11:24:02 -0300] "GET /cormun/servlet/solicitudot?INS,0,0, HTTP/1.1" 200 12635
186.79.10.110 - - [27/Mar/2017:11:24:02 -0300] "GET /cormun/servlet/trsolicitudadjuntos?2017,5755, HTTP/1.1" 200 7934
186.79.151.210 - - [27/Mar/2017:11:24:03 -0300] "GET /cormun/servlet/solicitudot?INS,0,0, HTTP/1.1" 200 12638
186.79.151.210 - - [27/Mar/2017:11:24:10 -0300] "POST /cormun/servlet/solicitudot?gx-no-cache=1490624717916 HTTP/1.1" 200 3081
201.236.59.243 - - [27/Mar/2017:11:24:10 -0300] "POST /cormun/servlet/trautorizarpermisogoce?b8c672d91ab6fa8711ab12f0691fe86b,,gx-no-cache=1490624721220 HTTP/1.1" 200 5360
186.103.159.230 - - [27/Mar/2017:11:24:11 -0300] "GET /cormun/servlet/solicitudotadjuntos?c1e4c842045e473c98e92366e3a4b30b3516dcfe8946c673167d376cb0f478bb,gx-no-cache=1490624718560 HTTP/1.1" 200 30
186.79.151.210 - - [27/Mar/2017:11:24:11 -0300] "POST /cormun/servlet/solicitudot?827c49fa297f5255c9a04d131b06bc14,INS,0,0,,gx-no-cache=1490624718390 HTTP/1.1" 200 9672
186.103.159.230 - - [27/Mar/2017:11:24:11 -0300] "GET /cormun/servlet/solicitudotadjuntos?c1e4c842045e473c98e92366e3a4b30b3516dcfe8946c673167d376cb0f478bb,gx-no-cache=1490624718606 HTTP/1.1" 200 30
186.103.159.230 - - [27/Mar/2017:11:24:12 -0300] "POST /cormun/servlet/solicitudotadjuntos?d82618ad1be460c11e65dad044bfdc1c,INS,2017,5753,,2, HTTP/1.1" 200 116
186.103.159.230 - - [27/Mar/2017:11:24:12 -0300] "GET /cormun/servlet/hpexe_return? HTTP/1.1" 200 1018
186.103.159.230 - - [27/Mar/2017:11:24:13 -0300] "GET /cormun/servlet/trsolicitudadjuntos?2017,5753, HTTP/1.1" 200 8557
186.79.151.210 - - [27/Mar/2017:11:24:13 -0300] "GET /cormun/servlet/solicitudot?3157afc4a529bf0970972fcb3fc51cda1f5dc02898f09617f47975b75eede75b7ffcc7cb8d865dd30d5566e161d25afd,gx-no-cache=1490624721371 HTTP/1.1" 200 30
186.103.159.230 - - [27/Mar/2017:11:24:13 -0300] "GET /cormun/servlet/trsolicitudadjuntos?2017,5753, HTTP/1.1" 200 8555
186.79.10.110 - - [27/Mar/2017:11:24:15 -0300] "GET /cormun/servlet/solicitudotadjuntos?DLT,2017,5755,CARNET,0, HTTP/1.1" 200 5750
186.79.10.110 - - [27/Mar/2017:11:24:15 -0300] "GET /cormun/static/Shared/jqueryui/images/ui-bg_highlight-soft_100_c6c2c8_1x100.png HTTP/1.1" 404 1117
186.79.10.110 - - [27/Mar/2017:11:24:16 -0300] "GET /cormun/static/Shared/jqueryui/images/ui-icons_82798d_256x240.png HTTP/1.1" 404 1089
186.79.10.110 - - [27/Mar/2017:11:24:16 -0300] "GET /cormun/static/Shared/jqueryui/images/ui-bg_flat_55_fafafa_40x100.png HTTP/1.1" 404 1097
186.79.10.110 - - [27/Mar/2017:11:24:16 -0300] "GET /cormun/static/Shared/jqueryui/images/ui-icons_8d78a5_256x240.png HTTP/1.1" 404 1089
186.79.10.110 - - [27/Mar/2017:11:24:16 -0300] "GET /cormun/servlet/solicitudotadjuntos?DLT,2017,5755,CARNET,0, HTTP/1.1" 200 5744
186.79.10.110 - - [27/Mar/2017:11:24:16 -0300] "GET /cormun/PublicTempStorage/curric.1220583.jpg HTTP/1.1" 200 462669
186.79.10.110 - - [27/Mar/2017:11:24:19 -0300] "POST /cormun/servlet/solicitudotadjuntos?05147c82d8b05f2ed0668c28c28a755c,DLT,2017,5755,CARNET,0,,gx-no-cache=1490624726256 HTTP/1.1" 200 93
186.79.10.110 - - [27/Mar/2017:11:24:19 -0300] "GET /cormun/servlet/hpexe_return? HTTP/1.1" 200 1028
186.79.10.110 - - [27/Mar/2017:11:24:19 -0300] "GET /cormun/servlet/trsolicitudadjuntos?2017,5755, HTTP/1.1" 200 5855
186.79.10.110 - - [27/Mar/2017:11:24:20 -0300] "GET /cormun/servlet/trsolicitudadjuntos?2017,5755, HTTP/1.1" 200 5852
201.236.59.243 - - [27/Mar/2017:11:24:22 -0300] "POST /cormun/servlet/trautorizarpermisogoce?b8c672d91ab6fa8711ab12f0691fe86b,,gx-no-cache=1490624732604 HTTP/1.1" 200 5359
186.79.10.110 - - [27/Mar/2017:11:24:28 -0300] "GET /cormun/servlet/solicitudotadjuntos?INS,2017,5755,,1, HTTP/1.1" 200 5791
186.79.10.110 - - [27/Mar/2017:11:24:28 -0300] "GET /cormun/static/about:blank HTTP/1.1" 404 1011
186.103.159.230 - - [27/Mar/2017:11:24:29 -0300] "GET /cormun/servlet/solicitudotadjuntos?INS,2017,5753,,1, HTTP/1.1" 200 6003
186.79.10.110 - - [27/Mar/2017:11:24:29 -0300] "GET /cormun/servlet/solicitudotadjuntos?INS,2017,5755,,1, HTTP/1.1" 200 5785
186.103.159.230 - - [27/Mar/2017:11:24:29 -0300] "GET /cormun/static/about:blank HTTP/1.1" 404 1011
186.79.10.110 - - [27/Mar/2017:11:24:29 -0300] "GET /cormun/servlet/solicitudotadjuntos?904e17e0bb8f4d02a101a3c2975e11b572df2522a0969973c9534b1fa987666a3e40ac2fad7452bd8d4a79fcefa376a3,gx-no-cache=1490624737179 HTTP/1.1" 200 30
186.103.159.230 - - [27/Mar/2017:11:24:29 -0300] "GET /cormun/servlet/solicitudotadjuntos?INS,2017,5753,,1, HTTP/1.1" 200 5996
186.79.10.110 - - [27/Mar/2017:11:24:30 -0300] "POST /cormun/servlet/solicitudotadjuntos?05147c82d8b05f2ed0668c28c28a755c,INS,2017,5755,,1,,gx-no-cache=1490624737264 HTTP/1.1" 200 3639
186.103.159.230 - - [27/Mar/2017:11:24:30 -0300] "GET /cormun/servlet/solicitudotadjuntos?c1e4c842045e473c98e92366e3a4b30bcff546714429a9f3549c9d7e0442234fe8cdc74fb30137e3e0c89c2017980267,gx-no-cache=1490624737627 HTTP/1.1" 200 30
186.103.159.230 - - [27/Mar/2017:11:24:30 -0300] "POST /cormun/servlet/solicitudotadjuntos?d82618ad1be460c11e65dad044bfdc1c,INS,2017,5753,,1,,gx-no-cache=1490624737663 HTTP/1.1" 200 3817
201.236.59.243 - - [27/Mar/2017:11:24:33 -0300] "POST /cormun/servlet/trautorizarpermisogoce?b8c672d91ab6fa8711ab12f0691fe86b,,gx-no-cache=1490624744178 HTTP/1.1" 200 5360
186.103.159.230 - - [27/Mar/2017:11:24:35 -0300] "POST /cormun/servlet/solicitudotadjuntos?gx-no-cache=1490624742693 HTTP/1.1" 200 26
186.79.10.110 - - [27/Mar/2017:11:24:37 -0300] "POST /cormun/servlet/solicitudotadjuntos?gx-no-cache=1490624744560 HTTP/1.1" 200 26
186.79.10.110 - - [27/Mar/2017:11:24:44 -0300] "GET /cormun/servlet/solicitudotadjuntos?904e17e0bb8f4d02a101a3c2975e11b5b99d1af08b7b427bda4b2c8cab082922,gx-no-cache=1490624752030 HTTP/1.1" 200 30
186.79.10.110 - - [27/Mar/2017:11:24:44 -0300] "GET /cormun/servlet/solicitudotadjuntos?904e17e0bb8f4d02a101a3c2975e11b5b99d1af08b7b427bda4b2c8cab082922,gx-no-cache=1490624752148 HTTP/1.1" 200 30
186.103.159.230 - - [27/Mar/2017:11:24:46 -0300] "GET /cormun/servlet/solicitudotadjuntos?c1e4c842045e473c98e92366e3a4b30b3516dcfe8946c673167d376cb0f478bb,gx-no-cache=1490624754205 HTTP/1.1" 200 30
186.103.159.230 - - [27/Mar/2017:11:24:46 -0300] "GET /cormun/servlet/solicitudotadjuntos?c1e4c842045e473c98e92366e3a4b30b3516dcfe8946c673167d376cb0f478bb,gx-no-cache=1490624754221 HTTP/1.1" 200 30
186.103.159.230 - - [27/Mar/2017:11:24:52 -0300] "POST /cormun/servlet/solicitudotadjuntos?d82618ad1be460c11e65dad044bfdc1c,INS,2017,5753,,1, HTTP/1.1" 200 116
186.103.159.230 - - [27/Mar/2017:11:24:52 -0300] "GET /cormun/servlet/hpexe_return? HTTP/1.1" 200 1018
186.103.159.230 - - [27/Mar/2017:11:24:52 -0300] "GET /cormun/servlet/trsolicitudadjuntos?2017,5753, HTTP/1.1" 200 8694
186.103.159.230 - - [27/Mar/2017:11:24:53 -0300] "GET /cormun/servlet/trsolicitudadjuntos?2017,5753, HTTP/1.1" 200 8692
186.79.10.110 - - [27/Mar/2017:11:24:59 -0300] "POST /cormun/servlet/solicitudotadjuntos?05147c82d8b05f2ed0668c28c28a755c,INS,2017,5755,,1, HTTP/1.1" 200 116
186.79.10.110 - - [27/Mar/2017:11:24:59 -0300] "GET /cormun/servlet/hpexe_return? HTTP/1.1" 200 1023
186.79.10.110 - - [27/Mar/2017:11:25:00 -0300] "GET /cormun/servlet/trsolicitudadjuntos?2017,5755, HTTP/1.1" 200 7938
186.79.10.110 - - [27/Mar/2017:11:25:01 -0300] "GET /cormun/servlet/trsolicitudadjuntos?2017,5755, HTTP/1.1" 200 7935
201.236.59.243 - - [27/Mar/2017:11:25:04 -0300] "GET /cormun/servlet/trautorizarpermisogoce? HTTP/1.1" 200 7947
186.79.10.110 - - [27/Mar/2017:11:25:05 -0300] "GET /cormun/servlet/solicitudotadjuntos?INS,2017,5755,,1, HTTP/1.1" 200 5791
186.79.10.110 - - [27/Mar/2017:11:25:05 -0300] "GET /cormun/static/about:blank HTTP/1.1" 404 1011
201.236.59.243 - - [27/Mar/2017:11:25:06 -0300] "GET /cormun/servlet/trautorizarpermisogoce? HTTP/1.1" 200 7947
186.79.10.110 - - [27/Mar/2017:11:25:06 -0300] "GET /cormun/servlet/solicitudotadjuntos?INS,2017,5755,,1, HTTP/1.1" 200 5785
186.79.10.110 - - [27/Mar/2017:11:25:06 -0300] "GET /cormun/servlet/solicitudotadjuntos?904e17e0bb8f4d02a101a3c2975e11b572df2522a0969973c9534b1fa987666a3e40ac2fad7452bd8d4a79fcefa376a3,gx-no-cache=1490624774037 HTTP/1.1" 200 30
186.79.10.110 - - [27/Mar/2017:11:25:06 -0300] "POST /cormun/servlet/solicitudotadjuntos?05147c82d8b05f2ed0668c28c28a755c,INS,2017,5755,,1,,gx-no-cache=1490624774145 HTTP/1.1" 200 3639
186.79.10.110 - - [27/Mar/2017:11:25:08 -0300] "POST /cormun/servlet/solicitudotadjuntos?gx-no-cache=1490624775992 HTTP/1.1" 200 26
201.236.59.243 - - [27/Mar/2017:11:25:17 -0300] "GET /cormun/servlet/autorizarpermisogoce?DSP,15024877,P,20170322182315, HTTP/1.1" 200 5943
201.236.59.243 - - [27/Mar/2017:11:25:17 -0300] "GET /cormun/static/gxcfg.js?201731711423546 HTTP/1.1" 304 -
201.236.59.243 - - [27/Mar/2017:11:25:17 -0300] "GET /cormun/static/gxdec.js?85251 HTTP/1.1" 304 -
201.236.59.243 - - [27/Mar/2017:11:25:17 -0300] "GET /cormun/static/autorizarpermisogoce.js?201731711423569 HTTP/1.1" 304 -
201.236.59.243 - - [27/Mar/2017:11:25:18 -0300] "GET /cormun/servlet/autorizarpermisogoce?DSP,15024877,P,20170322182315, HTTP/1.1" 200 5944
201.236.59.243 - - [27/Mar/2017:11:25:28 -0300] "POST /cormun/servlet/autorizarpermisogoce?b8c672d91ab6fa8711ab12f0691fe86b,DSP,15024877,P,20170322182315,,gx-no-cache=1490624799226 HTTP/1.1" 200 90
201.236.59.243 - - [27/Mar/2017:11:25:28 -0300] "GET /cormun/servlet/hpexe_link HTTP/1.1" 200 990
201.236.59.243 - - [27/Mar/2017:11:25:29 -0300] "GET /cormun/servlet/trautorizarpermisogoce HTTP/1.1" 200 7949
201.236.59.243 - - [27/Mar/2017:11:25:30 -0300] "GET /cormun/servlet/trautorizarpermisogoce HTTP/1.1" 200 7947
186.79.10.110 - - [27/Mar/2017:11:25:33 -0300] "POST /cormun/servlet/solicitudotadjuntos?gx-no-cache=1490624800823 HTTP/1.1" 200 26
201.236.59.243 - - [27/Mar/2017:11:25:35 -0300] "GET /cormun/servlet/trlicenciaspermisoslog?15024877,P,20170322182315, HTTP/1.1" 200 6165
201.236.59.243 - - [27/Mar/2017:11:25:35 -0300] "GET /cormun/static/gxcfg.js?201731711543185 HTTP/1.1" 304 -
201.236.59.243 - - [27/Mar/2017:11:25:35 -0300] "GET /cormun/static/trlicenciaspermisoslog.js?201731711543510 HTTP/1.1" 304 -
201.236.59.243 - - [27/Mar/2017:11:25:36 -0300] "GET /cormun/servlet/trlicenciaspermisoslog?15024877,P,20170322182315, HTTP/1.1" 200 6165
186.79.10.110 - - [27/Mar/2017:11:25:36 -0300] "GET /cormun/servlet/solicitudotadjuntos?904e17e0bb8f4d02a101a3c2975e11b5b99d1af08b7b427bda4b2c8cab082922,gx-no-cache=1490624804092 HTTP/1.1" 200 30
186.79.10.110 - - [27/Mar/2017:11:25:36 -0300] "GET /cormun/servlet/solicitudotadjuntos?904e17e0bb8f4d02a101a3c2975e11b5b99d1af08b7b427bda4b2c8cab082922,gx-no-cache=1490624804186 HTTP/1.1" 200 30
186.103.159.230 - - [27/Mar/2017:11:25:44 -0300] "GET /cormun/servlet/solicitudotadjuntos?DLT,2017,5753,FOTO,0, HTTP/1.1" 200 5989
201.236.59.243 - - [27/Mar/2017:11:25:44 -0300] "POST /cormun/servlet/trlicenciaspermisoslog?b8c672d91ab6fa8711ab12f0691fe86b,15024877,P,20170322182315,,gx-no-cache=1490624815170 HTTP/1.1" 200 90
186.103.159.230 - - [27/Mar/2017:11:25:44 -0300] "GET /cormun/static/Shared/jqueryui/images/ui-bg_highlight-soft_100_c6c2c8_1x100.png HTTP/1.1" 404 1117
186.103.159.230 - - [27/Mar/2017:11:25:44 -0300] "GET /cormun/static/Shared/jqueryui/images/ui-icons_82798d_256x240.png HTTP/1.1" 404 1089
186.103.159.230 - - [27/Mar/2017:11:25:44 -0300] "GET /cormun/static/Shared/jqueryui/images/ui-bg_flat_55_fafafa_40x100.png HTTP/1.1" 404 1097
186.103.159.230 - - [27/Mar/2017:11:25:44 -0300] "GET /cormun/static/Shared/jqueryui/images/ui-icons_8d78a5_256x240.png HTTP/1.1" 404 1089
201.236.59.243 - - [27/Mar/2017:11:25:44 -0300] "GET /cormun/servlet/hpexe_link HTTP/1.1" 200 996
186.103.159.230 - - [27/Mar/2017:11:25:44 -0300] "GET /cormun/PublicTempStorage/c._indentidad5907415.pdf HTTP/1.1" 200 754584
186.103.159.230 - - [27/Mar/2017:11:25:44 -0300] "GET /cormun/servlet/solicitudotadjuntos?DLT,2017,5753,FOTO,0, HTTP/1.1" 200 5982
201.236.59.243 - - [27/Mar/2017:11:25:45 -0300] "GET /cormun/servlet/trautorizarpermisogoce HTTP/1.1" 200 7949
201.236.59.243 - - [27/Mar/2017:11:25:46 -0300] "GET /cormun/servlet/trautorizarpermisogoce HTTP/1.1" 200 7947
186.103.159.230 - - [27/Mar/2017:11:25:51 -0300] "POST /cormun/servlet/solicitudotadjuntos?d82618ad1be460c11e65dad044bfdc1c,DLT,2017,5753,FOTO,0,,gx-no-cache=1490624818967 HTTP/1.1" 200 93
186.103.159.230 - - [27/Mar/2017:11:25:51 -0300] "GET /cormun/servlet/hpexe_return? HTTP/1.1" 200 1022
186.103.159.230 - - [27/Mar/2017:11:25:52 -0300] "GET /cormun/servlet/trsolicitudadjuntos?2017,5753, HTTP/1.1" 200 8568
186.103.159.230 - - [27/Mar/2017:11:25:53 -0300] "GET /cormun/servlet/trsolicitudadjuntos?2017,5753, HTTP/1.1" 200 8567
186.79.10.110 - - [27/Mar/2017:11:25:53 -0300] "POST /cormun/servlet/solicitudotadjuntos?05147c82d8b05f2ed0668c28c28a755c,INS,2017,5755,,1, HTTP/1.1" 200 116
186.79.10.110 - - [27/Mar/2017:11:25:53 -0300] "GET /cormun/servlet/hpexe_return? HTTP/1.1" 200 1023
186.79.10.110 - - [27/Mar/2017:11:25:54 -0300] "GET /cormun/servlet/trsolicitudadjuntos?2017,5755, HTTP/1.1" 200 8159
186.79.10.110 - - [27/Mar/2017:11:25:56 -0300] "GET /cormun/servlet/trsolicitudadjuntos?2017,5755, HTTP/1.1" 200 8152
186.79.10.110 - - [27/Mar/2017:11:25:59 -0300] "GET /cormun/servlet/solicitudotadjuntos?INS,2017,5755,,1, HTTP/1.1" 200 5791
186.79.10.110 - - [27/Mar/2017:11:25:59 -0300] "GET /cormun/static/about:blank HTTP/1.1" 404 1011
186.79.10.110 - - [27/Mar/2017:11:25:59 -0300] "GET /cormun/servlet/solicitudotadjuntos?INS,2017,5755,,1, HTTP/1.1" 200 5785
186.79.10.110 - - [27/Mar/2017:11:26:00 -0300] "GET /cormun/servlet/solicitudotadjuntos?904e17e0bb8f4d02a101a3c2975e11b572df2522a0969973c9534b1fa987666a3e40ac2fad7452bd8d4a79fcefa376a3,gx-no-cache=1490624827681 HTTP/1.1" 200 30
186.79.10.110 - - [27/Mar/2017:11:26:00 -0300] "POST /cormun/servlet/solicitudotadjuntos?05147c82d8b05f2ed0668c28c28a755c,INS,2017,5755,,1,,gx-no-cache=1490624827762 HTTP/1.1" 200 3639
186.103.159.230 - - [27/Mar/2017:11:26:00 -0300] "GET /cormun/servlet/solicitudotadjuntos?INS,2017,5753,,1, HTTP/1.1" 200 6004
186.103.159.230 - - [27/Mar/2017:11:26:00 -0300] "GET /cormun/static/about:blank HTTP/1.1" 404 1011
186.103.159.230 - - [27/Mar/2017:11:26:01 -0300] "GET /cormun/servlet/solicitudotadjuntos?INS,2017,5753,,1, HTTP/1.1" 200 5997
186.103.159.230 - - [27/Mar/2017:11:26:01 -0300] "GET /cormun/servlet/solicitudotadjuntos?c1e4c842045e473c98e92366e3a4b30bcff546714429a9f3549c9d7e0442234fe8cdc74fb30137e3e0c89c2017980267,gx-no-cache=1490624828891 HTTP/1.1" 200 30
186.103.159.230 - - [27/Mar/2017:11:26:01 -0300] "POST /cormun/servlet/solicitudotadjuntos?d82618ad1be460c11e65dad044bfdc1c,INS,2017,5753,,1,,gx-no-cache=1490624828920 HTTP/1.1" 200 3817
186.79.10.110 - - [27/Mar/2017:11:26:12 -0300] "POST /cormun/servlet/solicitudotadjuntos?gx-no-cache=1490624840202 HTTP/1.1" 200 26
201.236.59.243 - - [27/Mar/2017:11:26:13 -0300] "POST /cormun/servlet/trautorizarpermisogoce?b8c672d91ab6fa8711ab12f0691fe86b,gx-no-cache=1490624843694 HTTP/1.1" 200 5359
201.236.59.243 - - [27/Mar/2017:11:26:13 -0300] "GET /cormun/static/Shared/jqueryui/images/ui-bg_highlight-soft_100_c6c2c8_1x100.png HTTP/1.1" 404 1117
201.236.59.243 - - [27/Mar/2017:11:26:13 -0300] "GET /cormun/static/Shared/jqueryui/images/ui-icons_82798d_256x240.png HTTP/1.1" 404 1089
201.236.59.243 - - [27/Mar/2017:11:26:13 -0300] "GET /cormun/static/Shared/jqueryui/images/ui-bg_flat_55_fafafa_40x100.png HTTP/1.1" 404 1097
201.236.59.243 - - [27/Mar/2017:11:26:13 -0300] "GET /cormun/static/Shared/jqueryui/images/ui-icons_8d78a5_256x240.png HTTP/1.1" 404 1089
186.103.159.230 - - [27/Mar/2017:11:26:18 -0300] "POST /cormun/servlet/solicitudotadjuntos?gx-no-cache=1490624846322 HTTP/1.1" 200 26
186.79.10.110 - - [27/Mar/2017:11:26:20 -0300] "GET /cormun/servlet/solicitudotadjuntos?904e17e0bb8f4d02a101a3c2975e11b5b99d1af08b7b427bda4b2c8cab082922,gx-no-cache=1490624847986 HTTP/1.1" 200 30
186.79.10.110 - - [27/Mar/2017:11:26:20 -0300] "GET /cormun/servlet/solicitudotadjuntos?904e17e0bb8f4d02a101a3c2975e11b5b99d1af08b7b427bda4b2c8cab082922,gx-no-cache=1490624848094 HTTP/1.1" 200 30
186.79.10.110 - - [27/Mar/2017:11:26:32 -0300] "POST /cormun/servlet/solicitudotadjuntos?05147c82d8b05f2ed0668c28c28a755c,INS,2017,5755,,1, HTTP/1.1" 200 116
186.79.10.110 - - [27/Mar/2017:11:26:32 -0300] "GET /cormun/servlet/hpexe_return? HTTP/1.1" 200 1023
186.79.10.110 - - [27/Mar/2017:11:26:33 -0300] "GET /cormun/servlet/trsolicitudadjuntos?2017,5755, HTTP/1.1" 200 8322
186.79.10.110 - - [27/Mar/2017:11:26:34 -0300] "GET /cormun/servlet/trsolicitudadjuntos?2017,5755, HTTP/1.1" 200 8321
186.103.159.230 - - [27/Mar/2017:11:26:36 -0300] "GET /cormun/servlet/solicitudotadjuntos?c1e4c842045e473c98e92366e3a4b30b3516dcfe8946c673167d376cb0f478bb,gx-no-cache=1490624864039 HTTP/1.1" 200 30
186.103.159.230 - - [27/Mar/2017:11:26:36 -0300] "GET /cormun/servlet/solicitudotadjuntos?c1e4c842045e473c98e92366e3a4b30b3516dcfe8946c673167d376cb0f478bb,gx-no-cache=1490624864094 HTTP/1.1" 200 30
186.103.159.230 - - [27/Mar/2017:11:26:37 -0300] "POST /cormun/servlet/solicitudotadjuntos?d82618ad1be460c11e65dad044bfdc1c,INS,2017,5753,,1, HTTP/1.1" 200 6124
186.103.159.230 - - [27/Mar/2017:11:26:37 -0300] "GET /home/sistema/apache-tomcat-7.0.65/webapps/cormun/PrivateTempStorage/upload_00004242.pdf HTTP/1.1" 404 1135
186.103.159.230 - - [27/Mar/2017:11:26:37 -0300] "GET /cormun/static/Shared/jqueryui/images/ui-icons_ebccce_256x240.png HTTP/1.1" 404 1089
186.103.159.230 - - [27/Mar/2017:11:26:37 -0300] "GET /cormun/static/Shared/jqueryui/images/ui-bg_highlight-soft_100_c6c2c8_1x100.png HTTP/1.1" 404 1117
186.103.159.230 - - [27/Mar/2017:11:26:37 -0300] "GET /cormun/static/Shared/jqueryui/images/ui-icons_82798d_256x240.png HTTP/1.1" 404 1089
186.103.159.230 - - [27/Mar/2017:11:26:37 -0300] "GET /cormun/static/Shared/jqueryui/images/ui-bg_flat_55_994d53_40x100.png HTTP/1.1" 404 1097
186.103.159.230 - - [27/Mar/2017:11:26:37 -0300] "GET /cormun/PrivateTempStorage/upload_00004242.pdf HTTP/1.1" 200 16384
186.79.10.110 - - [27/Mar/2017:11:26:37 -0300] "GET /cormun/servlet/solicitudotadjuntos?INS,2017,5755,,1, HTTP/1.1" 200 5791
186.103.159.230 - - [27/Mar/2017:11:26:37 -0300] "GET /cormun/PrivateTempStorage/upload_00004242.pdf HTTP/1.1" 200 199705
186.79.10.110 - - [27/Mar/2017:11:26:38 -0300] "GET /cormun/static/about:blank HTTP/1.1" 404 1011
186.79.10.110 - - [27/Mar/2017:11:26:38 -0300] "GET /cormun/servlet/solicitudotadjuntos?INS,2017,5755,,1, HTTP/1.1" 200 5785
186.79.10.110 - - [27/Mar/2017:11:26:38 -0300] "GET /cormun/servlet/solicitudotadjuntos?904e17e0bb8f4d02a101a3c2975e11b572df2522a0969973c9534b1fa987666a3e40ac2fad7452bd8d4a79fcefa376a3,gx-no-cache=1490624866204 HTTP/1.1" 200 30
186.79.10.110 - - [27/Mar/2017:11:26:39 -0300] "POST /cormun/servlet/solicitudotadjuntos?05147c82d8b05f2ed0668c28c28a755c,INS,2017,5755,,1,,gx-no-cache=1490624866297 HTTP/1.1" 200 3639
186.79.10.110 - - [27/Mar/2017:11:26:40 -0300] "POST /cormun/servlet/solicitudotadjuntos?gx-no-cache=1490624867872 HTTP/1.1" 200 26
186.103.159.230 - - [27/Mar/2017:11:26:40 -0300] "GET /cormun/servlet/solicitudotadjuntos?c1e4c842045e473c98e92366e3a4b30bfe5927b1f1cb54ab4fc99cdf8ada7fb353b4538e3588219d9334b17ad1585da8,gx-no-cache=1490624868192 HTTP/1.1" 200 30
186.103.159.230 - - [27/Mar/2017:11:26:41 -0300] "POST /cormun/servlet/solicitudotadjuntos?d82618ad1be460c11e65dad044bfdc1c,INS,2017,5753,,1, HTTP/1.1" 200 6122
186.103.159.230 - - [27/Mar/2017:11:26:41 -0300] "GET /home/sistema/apache-tomcat-7.0.65/webapps/cormun/PrivateTempStorage/upload_00004254.pdf HTTP/1.1" 404 1135
186.103.159.230 - - [27/Mar/2017:11:26:41 -0300] "GET /home/sistema/apache-tomcat-7.0.65/webapps/cormun/PrivateTempStorage/upload_00004254.pdf HTTP/1.1" 404 1135
186.103.159.230 - - [27/Mar/2017:11:26:41 -0300] "GET /cormun/PrivateTempStorage/upload_00004254.pdf HTTP/1.1" 200 199705
186.103.159.230 - - [27/Mar/2017:11:26:41 -0300] "GET /cormun/PrivateTempStorage/upload_00004254.pdf HTTP/1.1" 304 -
186.103.159.230 - - [27/Mar/2017:11:26:54 -0300] "GET /cormun/servlet/solicitudotadjuntos?c1e4c842045e473c98e92366e3a4b30be9ab00b02ded92b2b41a350df743e8bc53b4538e3588219d9334b17ad1585da8,gx-no-cache=1490624882048 HTTP/1.1" 200 30
186.103.159.230 - - [27/Mar/2017:11:26:54 -0300] "GET /cormun/servlet/solicitudotadjuntos?c1e4c842045e473c98e92366e3a4b30be9ab00b02ded92b2b41a350df743e8bc53b4538e3588219d9334b17ad1585da8,gx-no-cache=1490624882088 HTTP/1.1" 200 30
186.103.159.230 - - [27/Mar/2017:11:26:55 -0300] "POST /cormun/servlet/solicitudotadjuntos?d82618ad1be460c11e65dad044bfdc1c,INS,2017,5753,,1, HTTP/1.1" 200 6124
186.103.159.230 - - [27/Mar/2017:11:26:55 -0300] "GET /home/sistema/apache-tomcat-7.0.65/webapps/cormun/PrivateTempStorage/upload_00004266.pdf HTTP/1.1" 404 1135
186.103.159.230 - - [27/Mar/2017:11:26:55 -0300] "GET /home/sistema/apache-tomcat-7.0.65/webapps/cormun/PrivateTempStorage/upload_00004266.pdf HTTP/1.1" 404 1135
186.103.159.230 - - [27/Mar/2017:11:26:55 -0300] "GET /cormun/PrivateTempStorage/upload_00004266.pdf HTTP/1.1" 200 16384
186.103.159.230 - - [27/Mar/2017:11:26:56 -0300] "GET /cormun/PrivateTempStorage/upload_00004266.pdf HTTP/1.1" 200 199705
186.103.159.230 - - [27/Mar/2017:11:27:10 -0300] "POST /cormun/servlet/solicitudotadjuntos?gx-no-cache=1490624897929 HTTP/1.1" 200 26
186.79.10.110 - - [27/Mar/2017:11:27:10 -0300] "POST /cormun/servlet/solicitudotadjuntos?gx-no-cache=1490624898152 HTTP/1.1" 200 26
186.79.10.110 - - [27/Mar/2017:11:27:16 -0300] "GET /cormun/servlet/solicitudotadjuntos?904e17e0bb8f4d02a101a3c2975e11b5b99d1af08b7b427bda4b2c8cab082922,gx-no-cache=1490624903989 HTTP/1.1" 200 30
186.79.10.110 - - [27/Mar/2017:11:27:16 -0300] "GET /cormun/servlet/solicitudotadjuntos?904e17e0bb8f4d02a101a3c2975e11b5b99d1af08b7b427bda4b2c8cab082922,gx-no-cache=1490624904164 HTTP/1.1" 200 30
186.103.159.230 - - [27/Mar/2017:11:27:18 -0300] "GET /cormun/servlet/solicitudotadjuntos?c1e4c842045e473c98e92366e3a4b30be9ab00b02ded92b2b41a350df743e8bc53b4538e3588219d9334b17ad1585da8,gx-no-cache=1490624905800 HTTP/1.1" 200 30
186.103.159.230 - - [27/Mar/2017:11:27:18 -0300] "GET /cormun/servlet/solicitudotadjuntos?c1e4c842045e473c98e92366e3a4b30be9ab00b02ded92b2b41a350df743e8bc53b4538e3588219d9334b17ad1585da8,gx-no-cache=1490624905847 HTTP/1.1" 200 30
186.103.159.230 - - [27/Mar/2017:11:27:18 -0300] "POST /cormun/servlet/solicitudotadjuntos?d82618ad1be460c11e65dad044bfdc1c,INS,2017,5753,,1, HTTP/1.1" 200 116
186.103.159.230 - - [27/Mar/2017:11:27:19 -0300] "GET /cormun/servlet/hpexe_return? HTTP/1.1" 200 1018
186.103.159.230 - - [27/Mar/2017:11:27:19 -0300] "GET /cormun/servlet/trsolicitudadjuntos?2017,5753, HTTP/1.1" 200 8713
186.103.159.230 - - [27/Mar/2017:11:27:20 -0300] "GET /cormun/servlet/trsolicitudadjuntos?2017,5753, HTTP/1.1" 200 8714
186.79.10.110 - - [27/Mar/2017:11:27:27 -0300] "POST /cormun/servlet/solicitudotadjuntos?05147c82d8b05f2ed0668c28c28a755c,INS,2017,5755,,1, HTTP/1.1" 200 116
186.79.10.110 - - [27/Mar/2017:11:27:27 -0300] "GET /cormun/servlet/hpexe_return? HTTP/1.1" 200 1023
186.79.10.110 - - [27/Mar/2017:11:27:28 -0300] "GET /cormun/servlet/trsolicitudadjuntos?2017,5755, HTTP/1.1" 200 8460
186.79.10.110 - - [27/Mar/2017:11:27:29 -0300] "GET /cormun/servlet/trsolicitudadjuntos?2017,5755, HTTP/1.1" 200 8460
186.79.10.110 - - [27/Mar/2017:11:27:32 -0300] "GET /cormun/servlet/solicitudotadjuntos?INS,2017,5755,,1, HTTP/1.1" 200 5790
186.79.10.110 - - [27/Mar/2017:11:27:32 -0300] "GET /cormun/static/about:blank HTTP/1.1" 404 1011
186.79.10.110 - - [27/Mar/2017:11:27:33 -0300] "GET /cormun/servlet/solicitudotadjuntos?INS,2017,5755,,1, HTTP/1.1" 200 5784
186.79.10.110 - - [27/Mar/2017:11:27:33 -0300] "GET /cormun/servlet/solicitudotadjuntos?904e17e0bb8f4d02a101a3c2975e11b572df2522a0969973c9534b1fa987666a3e40ac2fad7452bd8d4a79fcefa376a3,gx-no-cache=1490624921118 HTTP/1.1" 200 30
186.79.10.110 - - [27/Mar/2017:11:27:34 -0300] "POST /cormun/servlet/solicitudotadjuntos?05147c82d8b05f2ed0668c28c28a755c,INS,2017,5755,,1,,gx-no-cache=1490624921241 HTTP/1.1" 200 3639
186.79.10.110 - - [27/Mar/2017:11:27:38 -0300] "POST /cormun/servlet/solicitudotadjuntos?gx-no-cache=1490624926117 HTTP/1.1" 200 26
186.103.159.230 - - [27/Mar/2017:11:27:52 -0300] "GET /cormun/servlet/solicitudotadjuntos?INS,2017,5753,,1, HTTP/1.1" 200 6002
186.103.159.230 - - [27/Mar/2017:11:27:52 -0300] "GET /cormun/static/about:blank HTTP/1.1" 404 1011
186.103.159.230 - - [27/Mar/2017:11:27:52 -0300] "GET /cormun/servlet/solicitudotadjuntos?INS,2017,5753,,1, HTTP/1.1" 200 5996
186.103.159.230 - - [27/Mar/2017:11:27:53 -0300] "GET /cormun/servlet/solicitudotadjuntos?c1e4c842045e473c98e92366e3a4b30bcff546714429a9f3549c9d7e0442234fe8cdc74fb30137e3e0c89c2017980267,gx-no-cache=1490624940490 HTTP/1.1" 200 30
186.103.159.230 - - [27/Mar/2017:11:27:53 -0300] "POST /cormun/servlet/solicitudotadjuntos?d82618ad1be460c11e65dad044bfdc1c,INS,2017,5753,,1,,gx-no-cache=1490624940552 HTTP/1.1" 200 3816
186.79.10.110 - - [27/Mar/2017:11:28:10 -0300] "GET /cormun/servlet/solicitudotadjuntos?904e17e0bb8f4d02a101a3c2975e11b5b99d1af08b7b427bda4b2c8cab082922,gx-no-cache=1490624957730 HTTP/1.1" 200 30
186.79.10.110 - - [27/Mar/2017:11:28:10 -0300] "GET /cormun/servlet/solicitudotadjuntos?904e17e0bb8f4d02a101a3c2975e11b5b99d1af08b7b427bda4b2c8cab082922,gx-no-cache=1490624957875 HTTP/1.1" 200 30
186.79.10.110 - - [27/Mar/2017:11:28:33 -0300] "POST /cormun/servlet/solicitudotadjuntos?05147c82d8b05f2ed0668c28c28a755c,INS,2017,5755,,1, HTTP/1.1" 200 116
186.79.10.110 - - [27/Mar/2017:11:28:33 -0300] "GET /cormun/servlet/hpexe_return? HTTP/1.1" 200 1023
186.79.10.110 - - [27/Mar/2017:11:28:34 -0300] "GET /cormun/servlet/trsolicitudadjuntos?2017,5755, HTTP/1.1" 200 8623
186.103.159.230 - - [27/Mar/2017:11:28:35 -0300] "POST /cormun/servlet/solicitudotadjuntos?gx-no-cache=1490624982969 HTTP/1.1" 200 26
186.103.159.230 - - [27/Mar/2017:11:28:35 -0300] "GET /cormun/servlet/solicitudotadjuntos?c1e4c842045e473c98e92366e3a4b30b3516dcfe8946c673167d376cb0f478bb,gx-no-cache=1490624983202 HTTP/1.1" 200 30
186.103.159.230 - - [27/Mar/2017:11:28:35 -0300] "GET /cormun/servlet/solicitudotadjuntos?c1e4c842045e473c98e92366e3a4b30b3516dcfe8946c673167d376cb0f478bb,gx-no-cache=1490624983264 HTTP/1.1" 200 30
186.79.10.110 - - [27/Mar/2017:11:28:35 -0300] "GET /cormun/servlet/trsolicitudadjuntos?2017,5755, HTTP/1.1" 200 8619
186.103.159.230 - - [27/Mar/2017:11:28:36 -0300] "POST /cormun/servlet/solicitudotadjuntos?d82618ad1be460c11e65dad044bfdc1c,INS,2017,5753,,1,,gx-no-cache=1490624983327 HTTP/1.1" 200 3660
186.103.159.230 - - [27/Mar/2017:11:28:36 -0300] "GET /cormun/static/Shared/jqueryui/images/ui-bg_highlight-soft_100_c6c2c8_1x100.png HTTP/1.1" 404 1117
186.103.159.230 - - [27/Mar/2017:11:28:36 -0300] "GET /cormun/static/Shared/jqueryui/images/ui-icons_82798d_256x240.png HTTP/1.1" 404 1089
186.103.159.230 - - [27/Mar/2017:11:28:36 -0300] "GET /cormun/static/Shared/jqueryui/images/ui-bg_flat_55_994d53_40x100.png HTTP/1.1" 404 1097
186.103.159.230 - - [27/Mar/2017:11:28:36 -0300] "GET /cormun/static/Shared/jqueryui/images/ui-icons_ebccce_256x240.png HTTP/1.1" 404 1089
186.79.10.110 - - [27/Mar/2017:11:28:47 -0300] "GET /cormun/servlet/solicitudotadjuntos?INS,2017,5755,,1, HTTP/1.1" 200 5790
186.103.159.230 - - [27/Mar/2017:11:28:47 -0300] "GET /cormun/servlet/trautorizarsolicitud? HTTP/1.1" 200 6900
186.79.10.110 - - [27/Mar/2017:11:28:47 -0300] "GET /cormun/static/about:blank HTTP/1.1" 404 1011
186.79.10.110 - - [27/Mar/2017:11:28:47 -0300] "GET /cormun/servlet/solicitudotadjuntos?INS,2017,5755,,1, HTTP/1.1" 200 5785
186.103.159.230 - - [27/Mar/2017:11:28:47 -0300] "GET /cormun/servlet/trautorizarsolicitud? HTTP/1.1" 200 6881
186.79.10.110 - - [27/Mar/2017:11:28:48 -0300] "GET /cormun/servlet/solicitudotadjuntos?904e17e0bb8f4d02a101a3c2975e11b572df2522a0969973c9534b1fa987666a3e40ac2fad7452bd8d4a79fcefa376a3,gx-no-cache=1490624995756 HTTP/1.1" 200 30
186.79.10.110 - - [27/Mar/2017:11:28:48 -0300] "POST /cormun/servlet/solicitudotadjuntos?05147c82d8b05f2ed0668c28c28a755c,INS,2017,5755,,1,,gx-no-cache=1490624995909 HTTP/1.1" 200 3639
186.79.10.110 - - [27/Mar/2017:11:28:54 -0300] "POST /cormun/servlet/solicitudotadjuntos?gx-no-cache=1490625001208 HTTP/1.1" 200 26
186.79.10.110 - - [27/Mar/2017:11:28:59 -0300] "GET /cormun/servlet/solicitudotadjuntos?904e17e0bb8f4d02a101a3c2975e11b5b99d1af08b7b427bda4b2c8cab082922,gx-no-cache=1490625007066 HTTP/1.1" 200 30
186.79.10.110 - - [27/Mar/2017:11:28:59 -0300] "GET /cormun/servlet/solicitudotadjuntos?904e17e0bb8f4d02a101a3c2975e11b5b99d1af08b7b427bda4b2c8cab082922,gx-no-cache=1490625007157 HTTP/1.1" 200 30
186.103.159.230 - - [27/Mar/2017:11:29:04 -0300] "GET /cormun/servlet/trautorizarsolicitud? HTTP/1.1" 200 6881
186.103.159.230 - - [27/Mar/2017:11:29:04 -0300] "GET /cormun/servlet/trautorizarsolicitud? HTTP/1.1" 200 6881
186.103.159.230 - - [27/Mar/2017:11:29:07 -0300] "GET /cormun/servlet/solicitudotadjuntos?INS,2017,5753,,1, HTTP/1.1" 200 6002
186.103.159.230 - - [27/Mar/2017:11:29:08 -0300] "GET /cormun/servlet/solicitudotadjuntos?INS,2017,5753,,1, HTTP/1.1" 200 5995
186.103.159.230 - - [27/Mar/2017:11:29:08 -0300] "GET /cormun/servlet/solicitudotadjuntos?c1e4c842045e473c98e92366e3a4b30bcff546714429a9f3549c9d7e0442234fe8cdc74fb30137e3e0c89c2017980267,gx-no-cache=1490625015924 HTTP/1.1" 200 30
186.103.159.230 - - [27/Mar/2017:11:29:08 -0300] "POST /cormun/servlet/solicitudotadjuntos?d82618ad1be460c11e65dad044bfdc1c,INS,2017,5753,,1,,gx-no-cache=1490625015951 HTTP/1.1" 200 3816
186.79.10.110 - - [27/Mar/2017:11:29:11 -0300] "POST /cormun/servlet/solicitudotadjuntos?05147c82d8b05f2ed0668c28c28a755c,INS,2017,5755,,1, HTTP/1.1" 200 116
186.79.10.110 - - [27/Mar/2017:11:29:11 -0300] "GET /cormun/servlet/hpexe_return? HTTP/1.1" 200 1023
186.79.10.110 - - [27/Mar/2017:11:29:12 -0300] "GET /cormun/servlet/trsolicitudadjuntos?2017,5755, HTTP/1.1" 200 8853
186.79.10.110 - - [27/Mar/2017:11:29:13 -0300] "GET /cormun/servlet/trsolicitudadjuntos?2017,5755, HTTP/1.1" 200 8852
186.103.159.230 - - [27/Mar/2017:11:29:14 -0300] "POST /cormun/servlet/solicitudotadjuntos?d82618ad1be460c11e65dad044bfdc1c,INS,2017,5753,,1,,gx-no-cache=1490625021902 HTTP/1.1" 200 93
186.103.159.230 - - [27/Mar/2017:11:29:14 -0300] "GET /cormun/servlet/hpexe_return? HTTP/1.1" 200 1018
186.103.159.230 - - [27/Mar/2017:11:29:15 -0300] "GET /cormun/servlet/trsolicitudadjuntos?2017,5753, HTTP/1.1" 200 8716
186.103.159.230 - - [27/Mar/2017:11:29:15 -0300] "GET /cormun/servlet/trsolicitudadjuntos?2017,5753, HTTP/1.1" 200 8714
186.103.159.230 - - [27/Mar/2017:11:29:28 -0300] "GET /cormun/servlet/solicitudotadjuntos?INS,2017,5753,,1, HTTP/1.1" 200 6003
186.103.159.230 - - [27/Mar/2017:11:29:28 -0300] "GET /cormun/servlet/solicitudotadjuntos?INS,2017,5753,,1, HTTP/1.1" 200 5996
186.103.159.230 - - [27/Mar/2017:11:29:29 -0300] "GET /cormun/servlet/solicitudotadjuntos?c1e4c842045e473c98e92366e3a4b30bcff546714429a9f3549c9d7e0442234fe8cdc74fb30137e3e0c89c2017980267,gx-no-cache=1490625036518 HTTP/1.1" 200 30
186.103.159.230 - - [27/Mar/2017:11:29:29 -0300] "POST /cormun/servlet/solicitudotadjuntos?d82618ad1be460c11e65dad044bfdc1c,INS,2017,5753,,1,,gx-no-cache=1490625036545 HTTP/1.1" 200 3817
186.103.159.230 - - [27/Mar/2017:11:29:32 -0300] "GET /cormun/servlet/trsolicitudadjuntos?2017,5753, HTTP/1.1" 200 8715
186.103.159.230 - - [27/Mar/2017:11:29:33 -0300] "GET /cormun/servlet/trsolicitudadjuntos?2017,5753, HTTP/1.1" 200 8713
186.79.151.210 - - [27/Mar/2017:11:29:52 -0300] "POST /cormun/servlet/solicitudot?gx-no-cache=1490625059999 HTTP/1.1" 200 240
186.79.151.210 - - [27/Mar/2017:11:29:54 -0300] "GET /cormun/servlet/solicitudot?3157afc4a529bf0970972fcb3fc51cdaaa0f6837b454452b3a6364f393924ea9f4a2a381b16cb26dbdbe1d1ea29737b20a7a113fb8ba2975f3b7902b959dd7569baac7460350643e03a6aed8b5b7f4d473352c824c5c40049ccb08ca28bbc966b87379d5ba145011d2906a31a999713e6a6356697c834842aba77b4ae0e9e4d9386a555d7d245adaaef7e3ac50a557de82bbe72508d14787ea0ebbec55b8d8d3b2eb5c713c1010b676f46310861f2070c24cccdaa1825565ef9c5581a2b75675035058373047f29f2bd153de430006f1df4f6fdf37f38a04f9e33ebf3073135ae4956fc8ae471c43ff77067fed4ce9058d4281040f10cb3650917343beab4b763e844e14c8c87f259ecfb1702715cbd06c1fe244c59fefa6125698dc276f72de5407fd2c04c86f400b4d9150f65d130a1f7bfbefa2f9a80e04c3cb16a30e05563355df1e0fb30ab8af41dae8c7017677502c0e367aad0eb19ae6e2f9bf76d49f276bd832b194a161ad16818d7de65dd09fd29dda728cbde0535ed5eaf047e28d,gx-no-cache=1490625062419 HTTP/1.1" 200 30
186.79.151.210 - - [27/Mar/2017:11:30:01 -0300] "POST /cormun/servlet/solicitudot?gx-no-cache=1490625068927 HTTP/1.1" 200 30
186.79.151.210 - - [27/Mar/2017:11:30:08 -0300] "GET /cormun/servlet/prsolicitudot?16611842,,,,,MD,,gxPopupLevel%3D0%3B HTTP/1.1" 200 6004
186.79.151.210 - - [27/Mar/2017:11:30:19 -0300] "POST /cormun/servlet/solicitudot?gx-no-cache=1490625086613 HTTP/1.1" 200 296
186.79.151.210 - - [27/Mar/2017:11:30:19 -0300] "GET /cormun/static/Shared/jqueryui/images/ui-bg_highlight-soft_100_c6c2c8_1x100.png HTTP/1.1" 404 1117
186.79.151.210 - - [27/Mar/2017:11:30:19 -0300] "POST /cormun/servlet/solicitudot?gx-no-cache=1490625087030 HTTP/1.1" 200 117
186.79.151.210 - - [27/Mar/2017:11:30:19 -0300] "GET /cormun/static/Shared/jqueryui/images/ui-icons_82798d_256x240.png HTTP/1.1" 404 1089
186.79.151.210 - - [27/Mar/2017:11:30:19 -0300] "GET /cormun/static/Shared/jqueryui/images/ui-bg_flat_55_994d53_40x100.png HTTP/1.1" 404 1097
186.79.151.210 - - [27/Mar/2017:11:30:19 -0300] "GET /cormun/static/Shared/jqueryui/images/ui-icons_ebccce_256x240.png HTTP/1.1" 404 1089
186.79.151.210 - - [27/Mar/2017:11:30:20 -0300] "GET /cormun/servlet/solicitudot?3157afc4a529bf0970972fcb3fc51cdaa8f2a52b90c1328dbfc1b39b02726b1c58d5d169ebdcdecb870e4d35e3e426f087aa42915f1fe8321b58a460330010866b1d71d8d8c72f6f170cba78522a31336c8dda7c605c7aa4497dbb495fc7d3b47083f0ac830965a4ff488446ece7a9a9,gx-no-cache=1490625087650 HTTP/1.1" 200 29
186.79.151.210 - - [27/Mar/2017:11:30:20 -0300] "GET /cormun/servlet/solicitudot?3157afc4a529bf0970972fcb3fc51cda921908aaaebfbeaa65563ab5f692969e4bbec60c7d1e9a0957d3c3780898f00fd79be5764a4d0c60b843520b82e12f3eca15e25d10c891af6a0a33bf542570ca9e014d6f5af6888ca67f754baf40a624da44e7fcdda9a2586abfa93c3eaaa6182182b61844c3739a23a74a5a39ab0c82e3284ffc5619be9ebd044d3a1a38490478b9c989c63a293655f836018fbad52a,gx-no-cache=1490625088001 HTTP/1.1" 200 57
186.79.151.210 - - [27/Mar/2017:11:30:20 -0300] "GET /cormun/servlet/solicitudot?3157afc4a529bf0970972fcb3fc51cda1a34469562d373172555f9ed3fc817844bbec60c7d1e9a0957d3c3780898f00fd79be5764a4d0c60b843520b82e12f3e90b83c95689faabdc8881115284f23963c22a0e585bda1d15f5bc5d4d1145b3f6e498c471738bbdb290a8d36d27cbfc911de1af9e8ea2b2e134c01e872c50907,gx-no-cache=1490625088091 HTTP/1.1" 200 57
186.79.151.210 - - [27/Mar/2017:11:30:31 -0300] "POST /cormun/servlet/solicitudot?gx-no-cache=1490625099082 HTTP/1.1" 200 1291
186.79.151.210 - - [27/Mar/2017:11:30:34 -0300] "GET /cormun/servlet/prlicenciaspermisos?15107983,L,,MD,,gxPopupLevel%3D0%3B HTTP/1.1" 200 6119
186.79.151.210 - - [27/Mar/2017:11:30:40 -0300] "POST /cormun/servlet/solicitudot?gx-no-cache=1490625108062 HTTP/1.1" 200 41
186.79.10.110 - - [27/Mar/2017:11:30:55 -0300] "GET /cormun/servlet/hlogin HTTP/1.1" 200 1720
186.79.10.110 - - [27/Mar/2017:11:30:57 -0300] "POST /cormun/servlet/hlogin?cdb62448b9f6f34134083db093aed082,gx-no-cache=1490625124570 HTTP/1.1" 200 90
186.79.10.110 - - [27/Mar/2017:11:30:57 -0300] "GET /cormun/servlet/hpexe_link HTTP/1.1" 200 951
186.79.10.110 - - [27/Mar/2017:11:30:57 -0300] "GET /cormun/servlet/hhome HTTP/1.1" 200 3757
186.79.10.110 - - [27/Mar/2017:11:30:58 -0300] "GET /cormun/servlet/hhome HTTP/1.1" 200 3753
186.79.10.110 - - [27/Mar/2017:11:31:04 -0300] "GET /cormun/servlet/trsolicitudot? HTTP/1.1" 200 8811
186.79.10.110 - - [27/Mar/2017:11:31:05 -0300] "GET /cormun/servlet/trsolicitudot? HTTP/1.1" 200 8809
186.79.10.110 - - [27/Mar/2017:11:31:07 -0300] "POST /cormun/servlet/trsolicitudot?cdb62448b9f6f34134083db093aed082,,gx-no-cache=1490625135005 HTTP/1.1" 200 106
186.79.10.110 - - [27/Mar/2017:11:31:08 -0300] "GET /cormun/servlet/trsolicitudadjuntos?2017,5755, HTTP/1.1" 200 8853
186.79.10.110 - - [27/Mar/2017:11:31:09 -0300] "GET /cormun/servlet/trsolicitudadjuntos?2017,5755, HTTP/1.1" 200 8852
186.79.151.210 - - [27/Mar/2017:11:31:37 -0300] "POST /cormun/servlet/solicitudot?gx-no-cache=1490625164483 HTTP/1.1" 200 1273
186.79.151.210 - - [27/Mar/2017:11:31:38 -0300] "POST /cormun/servlet/solicitudot?gx-no-cache=1490625165308 HTTP/1.1" 200 1156
186.79.151.210 - - [27/Mar/2017:11:31:38 -0300] "GET /cormun/servlet/solicitudot?3157afc4a529bf0970972fcb3fc51cda94f19a67f07be99508f55e3574a4af943ea5ec5774af8bab9b197e00bae7d26fcd9ef141dfed65122820c6d86d2c656a058080ec2a723400f9862e9d6b06e062e3284ffc5619be9ebd044d3a1a384904566e866fd20f420b63b54eac594f21659095cbf2d6d3d3f40e23165e57ed30aa241923402ef537b8edada7eaba69c517aa25898546aba65aae5b30b68e99e27f61dd819ef9eb82f7202de623e4b79838dc7ec918c7db643c375aa455272e113f,gx-no-cache=1490625165613 HTTP/1.1" 200 30
186.79.151.210 - - [27/Mar/2017:11:31:54 -0300] "POST /cormun/servlet/solicitudot?827c49fa297f5255c9a04d131b06bc14,INS,0,0,,gx-no-cache=1490625180680 HTTP/1.1" 200 93
186.79.151.210 - - [27/Mar/2017:11:31:55 -0300] "GET /cormun/servlet/hpexe_return? HTTP/1.1" 200 1005
186.79.151.210 - - [27/Mar/2017:11:31:55 -0300] "GET /cormun/servlet/trsolicitudot HTTP/1.1" 200 8891
186.79.151.210 - - [27/Mar/2017:11:31:56 -0300] "GET /cormun/servlet/trsolicitudot HTTP/1.1" 200 8886
186.79.151.210 - - [27/Mar/2017:11:32:02 -0300] "POST /cormun/servlet/trsolicitudot?827c49fa297f5255c9a04d131b06bc14,gx-no-cache=1490625189190 HTTP/1.1" 200 5812
186.79.151.210 - - [27/Mar/2017:11:32:02 -0300] "GET /cormun/static/Shared/jqueryui/images/ui-bg_highlight-soft_100_c6c2c8_1x100.png HTTP/1.1" 404 1117
186.79.151.210 - - [27/Mar/2017:11:32:02 -0300] "GET /cormun/static/Shared/jqueryui/images/ui-icons_82798d_256x240.png HTTP/1.1" 404 1089
186.79.151.210 - - [27/Mar/2017:11:32:02 -0300] "GET /cormun/static/Shared/jqueryui/images/ui-bg_flat_55_fafafa_40x100.png HTTP/1.1" 404 1097
186.79.151.210 - - [27/Mar/2017:11:32:02 -0300] "GET /cormun/static/Shared/jqueryui/images/ui-icons_8d78a5_256x240.png HTTP/1.1" 404 1089
186.79.151.210 - - [27/Mar/2017:11:32:02 -0300] "POST /cormun/servlet/trsolicitudot?827c49fa297f5255c9a04d131b06bc14,gx-no-cache=1490625189747 HTTP/1.1" 200 5754
186.79.151.210 - - [27/Mar/2017:11:32:04 -0300] "POST /cormun/servlet/trsolicitudot?827c49fa297f5255c9a04d131b06bc14,gx-no-cache=1490625191409 HTTP/1.1" 200 5309
186.79.151.210 - - [27/Mar/2017:11:32:04 -0300] "POST /cormun/servlet/trsolicitudot?827c49fa297f5255c9a04d131b06bc14,gx-no-cache=1490625191889 HTTP/1.1" 200 5251
186.103.159.230 - - [27/Mar/2017:11:32:16 -0300] "GET /cormun/servlet/solicitudotadjuntos?INS,2017,5753,,1, HTTP/1.1" 200 6003
186.103.159.230 - - [27/Mar/2017:11:32:16 -0300] "GET /cormun/servlet/solicitudotadjuntos?INS,2017,5753,,1, HTTP/1.1" 200 5996
186.103.159.230 - - [27/Mar/2017:11:32:17 -0300] "GET /cormun/servlet/solicitudotadjuntos?c1e4c842045e473c98e92366e3a4b30bcff546714429a9f3549c9d7e0442234fe8cdc74fb30137e3e0c89c2017980267,gx-no-cache=1490625204744 HTTP/1.1" 200 30
