186.79.86.105 - - [27/Mar/2017:17:13:29 -0300] "GET /cormun/servlet/solicitudot?c78847df1e56e69450e3acc665c083e7bfacc81fcab3aa2d025142a0688e6fa6d2493082771561cc8dc41b767ea0f733edf3c7f04d26fcb04d8dcbf379617a0949bf954aab096e99de4e07a859310845cdb0591c98da5b36f23560280e226877440082b96352a7bb8af407beabc752d935b8427460191d1fd2c4041ce52aabfef12dc991a8c022c2477d47db081006cd84bd034c156be4c4e0f3abb4c0a05bf6e2845321bc30e3edbbbfeac0502029ba9c3587d155d7656af78f77d8666f876bc03f9f2e4bd635c89d4cdf2596d5acc6f0f8fee5a89d151c5ffc0302e230a1c4267bf862a78fdcd7bef737c42c454f3f901047cfc2432fdacc6f68ec46b3101f2e8735ae742dc87dae0fd6afbce2f0043ead3b29b352f7396ac374227b9d34a1928d7d4722f0b7691e50e885ad1980ef8f162a428140be6ed365e76cbce36f6bcd738e5d80c283d8fe37cea86372bd01aaf2da7316cc8ae1c2151834db271ae4c79807e3bcb64bd9f3a816669cc74949d38cdea09f5ff122035e1da515f5a431de7fddb5e1b6515ad38be438566900ef,gx-no-cache=1490645676472 HTTP/1.1" 200 30
186.79.10.110 - - [27/Mar/2017:17:13:31 -0300] "POST /cormun/servlet/solicitudotadjuntos?0aff331de50c26de417a62e3e09dbff9,INS,2017,5605,,1, HTTP/1.1" 200 116
186.79.10.110 - - [27/Mar/2017:17:13:31 -0300] "GET /cormun/servlet/hpexe_return? HTTP/1.1" 200 1026
186.79.10.110 - - [27/Mar/2017:17:13:32 -0300] "GET /cormun/servlet/trsolicitudadjuntos?2017,5605, HTTP/1.1" 200 8157
186.79.10.110 - - [27/Mar/2017:17:13:33 -0300] "GET /cormun/servlet/trsolicitudadjuntos?2017,5605, HTTP/1.1" 200 8151
186.79.10.110 - - [27/Mar/2017:17:13:38 -0300] "GET /cormun/servlet/solicitudotadjuntos?INS,2017,5605,,1, HTTP/1.1" 200 5795
186.79.10.110 - - [27/Mar/2017:17:13:39 -0300] "GET /cormun/static/about:blank HTTP/1.1" 404 1011
186.79.10.110 - - [27/Mar/2017:17:13:39 -0300] "GET /cormun/servlet/solicitudotadjuntos?INS,2017,5605,,1, HTTP/1.1" 200 5789
186.79.10.110 - - [27/Mar/2017:17:13:39 -0300] "GET /cormun/servlet/solicitudotadjuntos?c79503a39fa1da17eab2fb5dc444ad8fd85a010a25d8134d273804ee24b52a484c9821f19f981d1d3d500963856877a5,gx-no-cache=1490645687450 HTTP/1.1" 200 30
186.79.10.110 - - [27/Mar/2017:17:13:40 -0300] "POST /cormun/servlet/solicitudotadjuntos?0aff331de50c26de417a62e3e09dbff9,INS,2017,5605,,1,,gx-no-cache=1490645687566 HTTP/1.1" 200 3674
186.79.86.105 - - [27/Mar/2017:17:13:44 -0300] "POST /cormun/servlet/solicitudot?gx-no-cache=1490645691570 HTTP/1.1" 200 30
186.79.10.110 - - [27/Mar/2017:17:13:45 -0300] "POST /cormun/servlet/solicitudotadjuntos?gx-no-cache=1490645693499 HTTP/1.1" 200 26
186.79.86.105 - - [27/Mar/2017:17:13:48 -0300] "GET /cormun/servlet/prcontratosol?17503191,,,,,MD,,gxPopupLevel%3D0%3B HTTP/1.1" 200 5956
186.79.10.110 - - [27/Mar/2017:17:13:53 -0300] "GET /cormun/servlet/solicitudotadjuntos?c79503a39fa1da17eab2fb5dc444ad8f1c1add75e8f101796b72a803bb2bcae6,gx-no-cache=1490645701116 HTTP/1.1" 200 30
186.79.10.110 - - [27/Mar/2017:17:13:53 -0300] "GET /cormun/servlet/solicitudotadjuntos?c79503a39fa1da17eab2fb5dc444ad8f1c1add75e8f101796b72a803bb2bcae6,gx-no-cache=1490645701176 HTTP/1.1" 200 30
186.79.86.105 - - [27/Mar/2017:17:13:55 -0300] "POST /cormun/servlet/solicitudot?gx-no-cache=1490645701982 HTTP/1.1" 200 1292
186.79.86.105 - - [27/Mar/2017:17:13:55 -0300] "POST /cormun/servlet/solicitudot?gx-no-cache=1490645702446 HTTP/1.1" 200 38
186.79.86.105 - - [27/Mar/2017:17:13:55 -0300] "GET /cormun/servlet/solicitudot?c78847df1e56e69450e3acc665c083e78306b5fc8871149e47d9410cb45dba3c088b9a7b2997c6673b5645912633ae5d2eef72ad2bab13276da62e8a210bd4bca66b7c986e8010a7bb52677cdaf8a762fb63b03f0b24c9baa42b706a43cdb7772ed976bb09b62030b219814b8e43ebb8,gx-no-cache=1490645702876 HTTP/1.1" 200 29
186.79.86.105 - - [27/Mar/2017:17:13:56 -0300] "POST /cormun/servlet/solicitudot?gx-no-cache=1490645703226 HTTP/1.1" 200 1275
186.79.86.105 - - [27/Mar/2017:17:13:56 -0300] "POST /cormun/servlet/solicitudot?gx-no-cache=1490645703670 HTTP/1.1" 200 1157
186.79.86.105 - - [27/Mar/2017:17:13:56 -0300] "GET /cormun/servlet/prsolicitudot?17503191,,,,,MD,,gxPopupLevel%3D0%3B HTTP/1.1" 200 6211
186.79.10.110 - - [27/Mar/2017:17:14:04 -0300] "POST /cormun/servlet/solicitudotadjuntos?0aff331de50c26de417a62e3e09dbff9,INS,2017,5605,,1, HTTP/1.1" 200 116
186.79.10.110 - - [27/Mar/2017:17:14:04 -0300] "GET /cormun/servlet/hpexe_return? HTTP/1.1" 200 1026
186.79.10.110 - - [27/Mar/2017:17:14:05 -0300] "GET /cormun/servlet/trsolicitudadjuntos?2017,5605, HTTP/1.1" 200 8315
186.79.10.110 - - [27/Mar/2017:17:14:06 -0300] "GET /cormun/servlet/trsolicitudadjuntos?2017,5605, HTTP/1.1" 200 8314
186.79.10.110 - - [27/Mar/2017:17:14:08 -0300] "GET /cormun/servlet/solicitudotadjuntos?INS,2017,5605,,1, HTTP/1.1" 200 5795
186.79.10.110 - - [27/Mar/2017:17:14:09 -0300] "GET /cormun/static/about:blank HTTP/1.1" 404 1011
186.79.10.110 - - [27/Mar/2017:17:14:09 -0300] "GET /cormun/servlet/solicitudotadjuntos?INS,2017,5605,,1, HTTP/1.1" 200 5789
186.79.10.110 - - [27/Mar/2017:17:14:09 -0300] "GET /cormun/servlet/solicitudotadjuntos?c79503a39fa1da17eab2fb5dc444ad8fd85a010a25d8134d273804ee24b52a484c9821f19f981d1d3d500963856877a5,gx-no-cache=1490645717324 HTTP/1.1" 200 30
186.79.10.110 - - [27/Mar/2017:17:14:09 -0300] "POST /cormun/servlet/solicitudotadjuntos?0aff331de50c26de417a62e3e09dbff9,INS,2017,5605,,1,,gx-no-cache=1490645717431 HTTP/1.1" 200 3674
186.79.10.110 - - [27/Mar/2017:17:14:14 -0300] "POST /cormun/servlet/solicitudotadjuntos?gx-no-cache=1490645722259 HTTP/1.1" 200 26
186.79.10.110 - - [27/Mar/2017:17:14:22 -0300] "GET /cormun/servlet/solicitudotadjuntos?c79503a39fa1da17eab2fb5dc444ad8f1c1add75e8f101796b72a803bb2bcae6,gx-no-cache=1490645730551 HTTP/1.1" 200 30
186.79.10.110 - - [27/Mar/2017:17:14:23 -0300] "GET /cormun/servlet/solicitudotadjuntos?c79503a39fa1da17eab2fb5dc444ad8f1c1add75e8f101796b72a803bb2bcae6,gx-no-cache=1490645730728 HTTP/1.1" 200 30
186.79.10.110 - - [27/Mar/2017:17:14:39 -0300] "POST /cormun/servlet/solicitudotadjuntos?0aff331de50c26de417a62e3e09dbff9,INS,2017,5605,,1, HTTP/1.1" 200 116
186.79.10.110 - - [27/Mar/2017:17:14:39 -0300] "GET /cormun/servlet/hpexe_return? HTTP/1.1" 200 1026
186.79.10.110 - - [27/Mar/2017:17:14:40 -0300] "GET /cormun/servlet/trsolicitudadjuntos?2017,5605, HTTP/1.1" 200 8460
186.79.10.110 - - [27/Mar/2017:17:14:41 -0300] "GET /cormun/servlet/trsolicitudadjuntos?2017,5605, HTTP/1.1" 200 8459
186.79.10.110 - - [27/Mar/2017:17:14:46 -0300] "GET /cormun/servlet/solicitudotadjuntos?INS,2017,5605,,1, HTTP/1.1" 200 5795
186.79.10.110 - - [27/Mar/2017:17:14:46 -0300] "GET /cormun/static/about:blank HTTP/1.1" 404 1011
186.79.10.110 - - [27/Mar/2017:17:14:47 -0300] "GET /cormun/servlet/solicitudotadjuntos?INS,2017,5605,,1, HTTP/1.1" 200 5789
186.79.10.110 - - [27/Mar/2017:17:14:47 -0300] "GET /cormun/servlet/solicitudotadjuntos?c79503a39fa1da17eab2fb5dc444ad8fd85a010a25d8134d273804ee24b52a484c9821f19f981d1d3d500963856877a5,gx-no-cache=1490645755485 HTTP/1.1" 200 30
186.79.10.110 - - [27/Mar/2017:17:14:48 -0300] "POST /cormun/servlet/solicitudotadjuntos?0aff331de50c26de417a62e3e09dbff9,INS,2017,5605,,1,,gx-no-cache=1490645755625 HTTP/1.1" 200 3674
186.79.10.110 - - [27/Mar/2017:17:14:52 -0300] "POST /cormun/servlet/solicitudotadjuntos?gx-no-cache=1490645760313 HTTP/1.1" 200 26
186.79.10.110 - - [27/Mar/2017:17:15:01 -0300] "GET /cormun/servlet/solicitudotadjuntos?c79503a39fa1da17eab2fb5dc444ad8f1c1add75e8f101796b72a803bb2bcae6,gx-no-cache=1490645769004 HTTP/1.1" 200 30
186.79.10.110 - - [27/Mar/2017:17:15:01 -0300] "GET /cormun/servlet/solicitudotadjuntos?c79503a39fa1da17eab2fb5dc444ad8f1c1add75e8f101796b72a803bb2bcae6,gx-no-cache=1490645769174 HTTP/1.1" 200 30
186.79.10.110 - - [27/Mar/2017:17:15:14 -0300] "POST /cormun/servlet/solicitudotadjuntos?0aff331de50c26de417a62e3e09dbff9,INS,2017,5605,,1, HTTP/1.1" 200 116
186.79.10.110 - - [27/Mar/2017:17:15:15 -0300] "GET /cormun/servlet/hpexe_return? HTTP/1.1" 200 1026
186.79.10.110 - - [27/Mar/2017:17:15:16 -0300] "GET /cormun/servlet/trsolicitudadjuntos?2017,5605, HTTP/1.1" 200 8611
186.79.10.110 - - [27/Mar/2017:17:15:17 -0300] "GET /cormun/servlet/trsolicitudadjuntos?2017,5605, HTTP/1.1" 200 8607
186.79.10.110 - - [27/Mar/2017:17:15:21 -0300] "GET /cormun/servlet/solicitudotadjuntos?INS,2017,5605,,1, HTTP/1.1" 200 5794
186.79.10.110 - - [27/Mar/2017:17:15:21 -0300] "GET /cormun/static/about:blank HTTP/1.1" 404 1011
186.79.10.110 - - [27/Mar/2017:17:15:22 -0300] "GET /cormun/servlet/solicitudotadjuntos?INS,2017,5605,,1, HTTP/1.1" 200 5789
186.79.10.110 - - [27/Mar/2017:17:15:22 -0300] "GET /cormun/servlet/solicitudotadjuntos?c79503a39fa1da17eab2fb5dc444ad8fd85a010a25d8134d273804ee24b52a484c9821f19f981d1d3d500963856877a5,gx-no-cache=1490645790338 HTTP/1.1" 200 30
186.79.10.110 - - [27/Mar/2017:17:15:22 -0300] "POST /cormun/servlet/solicitudotadjuntos?0aff331de50c26de417a62e3e09dbff9,INS,2017,5605,,1,,gx-no-cache=1490645790432 HTTP/1.1" 200 3674
186.79.86.105 - - [27/Mar/2017:17:15:24 -0300] "GET /cormun/servlet/prsolicitudot?17503191,,,,,MD,,gxPopupLevel%3D0%3B HTTP/1.1" 200 6211
186.79.10.110 - - [27/Mar/2017:17:15:26 -0300] "POST /cormun/servlet/solicitudotadjuntos?gx-no-cache=1490645793603 HTTP/1.1" 200 26
186.79.10.110 - - [27/Mar/2017:17:15:32 -0300] "GET /cormun/servlet/solicitudotadjuntos?c79503a39fa1da17eab2fb5dc444ad8f1c1add75e8f101796b72a803bb2bcae6,gx-no-cache=1490645800344 HTTP/1.1" 200 30
186.79.10.110 - - [27/Mar/2017:17:15:32 -0300] "GET /cormun/servlet/solicitudotadjuntos?c79503a39fa1da17eab2fb5dc444ad8f1c1add75e8f101796b72a803bb2bcae6,gx-no-cache=1490645800437 HTTP/1.1" 200 30
186.79.10.110 - - [27/Mar/2017:17:15:41 -0300] "POST /cormun/servlet/solicitudotadjuntos?0aff331de50c26de417a62e3e09dbff9,INS,2017,5605,,1, HTTP/1.1" 200 116
186.79.10.110 - - [27/Mar/2017:17:15:42 -0300] "GET /cormun/servlet/hpexe_return? HTTP/1.1" 200 1026
186.79.10.110 - - [27/Mar/2017:17:15:44 -0300] "GET /cormun/servlet/trsolicitudadjuntos?2017,5605, HTTP/1.1" 200 8842
186.79.10.110 - - [27/Mar/2017:17:15:45 -0300] "GET /cormun/servlet/trsolicitudadjuntos?2017,5605, HTTP/1.1" 200 8841
186.79.86.105 - - [27/Mar/2017:17:15:45 -0300] "GET /cormun/servlet/prpersonalsolicitud?17503191,,,,,MD,,gxPopupLevel%3D0%3B HTTP/1.1" 200 5964
186.79.86.105 - - [27/Mar/2017:17:15:52 -0300] "GET /cormun/servlet/prsolicitudot?17503191,,,,,MD,,gxPopupLevel%3D0%3B HTTP/1.1" 200 6211
186.79.10.110 - - [27/Mar/2017:17:16:06 -0300] "GET /cormun/servlet/trsolicitudot? HTTP/1.1" 200 8433
186.79.10.110 - - [27/Mar/2017:17:16:07 -0300] "GET /cormun/servlet/trsolicitudot? HTTP/1.1" 200 8427
186.79.86.105 - - [27/Mar/2017:17:16:07 -0300] "GET /cormun/servlet/prcontratosol?17503191,,,,,MD,,gxPopupLevel%3D0%3B HTTP/1.1" 200 5956
186.79.86.105 - - [27/Mar/2017:17:16:13 -0300] "POST /cormun/servlet/solicitudot?gx-no-cache=1490645840809 HTTP/1.1" 200 1292
186.79.86.105 - - [27/Mar/2017:17:16:13 -0300] "POST /cormun/servlet/solicitudot?gx-no-cache=1490645841038 HTTP/1.1" 200 38
186.79.86.105 - - [27/Mar/2017:17:16:14 -0300] "POST /cormun/servlet/solicitudot?gx-no-cache=1490645841172 HTTP/1.1" 200 1275
186.79.86.105 - - [27/Mar/2017:17:16:14 -0300] "POST /cormun/servlet/solicitudot?gx-no-cache=1490645841381 HTTP/1.1" 200 1157
186.103.159.46 - - [27/Mar/2017:17:16:14 -0300] "GET /cormun/servlet/trpermisosingoceadjunto?35,13300331, HTTP/1.1" 200 5879
186.103.159.46 - - [27/Mar/2017:17:16:15 -0300] "GET /cormun/static/gxcfg.js?2016101716221623 HTTP/1.1" 200 953
186.103.159.46 - - [27/Mar/2017:17:16:15 -0300] "GET /cormun/static/trpermisosingoceadjunto.js?2016101716221846 HTTP/1.1" 200 16824
186.103.159.46 - - [27/Mar/2017:17:16:16 -0300] "GET /cormun/servlet/trpermisosingoceadjunto?35,13300331, HTTP/1.1" 200 5879
186.103.159.46 - - [27/Mar/2017:17:16:20 -0300] "GET /cormun/servlet/permisosingoceadjunto?INS,35,, HTTP/1.1" 200 5253
186.103.159.46 - - [27/Mar/2017:17:16:20 -0300] "GET /cormun/static/gxcfg.js?201731711424593 HTTP/1.1" 200 953
186.103.159.46 - - [27/Mar/2017:17:16:20 -0300] "GET /cormun/static/permisosingoceadjunto.js?20173171142462 HTTP/1.1" 200 6939
186.79.10.110 - - [27/Mar/2017:17:16:20 -0300] "POST /cormun/servlet/trsolicitudot?0aff331de50c26de417a62e3e09dbff9,,gx-no-cache=1490645847678 HTTP/1.1" 200 105
186.103.159.46 - - [27/Mar/2017:17:16:20 -0300] "GET /cormun/static/about:blank HTTP/1.1" 404 1011
186.79.10.110 - - [27/Mar/2017:17:16:21 -0300] "GET /cormun/servlet/solicitudot?DLT,2017,5605, HTTP/1.1" 200 9399
186.103.159.46 - - [27/Mar/2017:17:16:21 -0300] "GET /cormun/servlet/permisosingoceadjunto?INS,35,, HTTP/1.1" 200 5242
186.79.10.110 - - [27/Mar/2017:17:16:21 -0300] "GET /cormun/static/Shared/jqueryui/images/ui-bg_highlight-soft_100_c6c2c8_1x100.png HTTP/1.1" 404 1117
186.79.10.110 - - [27/Mar/2017:17:16:21 -0300] "GET /cormun/static/Shared/jqueryui/images/ui-icons_82798d_256x240.png HTTP/1.1" 404 1089
186.79.10.110 - - [27/Mar/2017:17:16:21 -0300] "GET /cormun/static/Shared/jqueryui/images/ui-bg_flat_55_fafafa_40x100.png HTTP/1.1" 404 1097
186.79.10.110 - - [27/Mar/2017:17:16:21 -0300] "GET /cormun/static/Shared/jqueryui/images/ui-icons_8d78a5_256x240.png HTTP/1.1" 404 1089
186.79.10.110 - - [27/Mar/2017:17:16:21 -0300] "GET /cormun/servlet/solicitudot?DLT,2017,5605, HTTP/1.1" 200 9409
186.103.159.46 - - [27/Mar/2017:17:16:22 -0300] "GET /cormun/servlet/permisosingoceadjunto?6aa22feb09f0932a3fe9c15bcc67cd7a812435b8506d80b42dab97e4e0d11624,gx-no-cache=1490649446913 HTTP/1.1" 200 26
186.79.86.105 - - [27/Mar/2017:17:16:30 -0300] "POST /cormun/servlet/solicitudot?gx-no-cache=1490645857180 HTTP/1.1" 200 1273
186.79.86.105 - - [27/Mar/2017:17:16:30 -0300] "POST /cormun/servlet/solicitudot?gx-no-cache=1490645857386 HTTP/1.1" 200 1157
186.79.86.105 - - [27/Mar/2017:17:16:30 -0300] "GET /cormun/static/menuarrow.gif HTTP/1.1" 404 1015
186.79.86.105 - - [27/Mar/2017:17:16:32 -0300] "POST /cormun/servlet/solicitudot?gx-no-cache=1490645859760 HTTP/1.1" 200 1273
186.79.86.105 - - [27/Mar/2017:17:16:33 -0300] "POST /cormun/servlet/solicitudot?gx-no-cache=1490645860096 HTTP/1.1" 200 1157
186.79.86.105 - - [27/Mar/2017:17:16:34 -0300] "GET /cormun/servlet/solicitudot?c78847df1e56e69450e3acc665c083e79c37b8526765efbfb2c187c4713f13d4be3d53f4abd4c69657ec87709da9273aa8ae7f1bfdca3c7b28d965f451d84fb9c2c38fe528210f536ad588291b8112493c8931e9ff7d2adeb64138578121848afb843fec968e7231479cac2cffcffc9d98c80031a40276aad54c3ede7b8eecea27961ef6a91d7a339350084972ae3982b73d9e75ae4a66bfdc48328b03ec5408075506e2f392b87a0a98ad234b44ac3a,gx-no-cache=1490645861394 HTTP/1.1" 200 30
186.79.10.110 - - [27/Mar/2017:17:16:43 -0300] "GET /cormun/servlet/trsolicitudot? HTTP/1.1" 200 8433
186.79.10.110 - - [27/Mar/2017:17:16:44 -0300] "GET /cormun/servlet/trsolicitudot? HTTP/1.1" 200 8427
186.103.159.46 - - [27/Mar/2017:17:16:46 -0300] "POST /cormun/servlet/permisosingoceadjunto?756564239a9438f7981a5c17e3ae47ee,INS,35,, HTTP/1.1" 200 116
186.103.159.46 - - [27/Mar/2017:17:16:46 -0300] "GET /cormun/servlet/hpexe_return? HTTP/1.1" 200 1020
186.103.159.46 - - [27/Mar/2017:17:16:46 -0300] "GET /cormun/servlet/trpermisosingoceadjunto?35,13300331, HTTP/1.1" 200 6275
186.103.159.46 - - [27/Mar/2017:17:16:48 -0300] "GET /cormun/servlet/trpermisosingoceadjunto?35,13300331, HTTP/1.1" 200 6272
186.79.86.105 - - [27/Mar/2017:17:16:49 -0300] "POST /cormun/servlet/solicitudot?39d62634824658b049e271a9c9b05284,INS,0,0,,gx-no-cache=1490645875137 HTTP/1.1" 200 93
186.79.86.105 - - [27/Mar/2017:17:16:49 -0300] "GET /cormun/servlet/hpexe_return? HTTP/1.1" 200 1000
186.79.86.105 - - [27/Mar/2017:17:16:49 -0300] "GET /cormun/servlet/trsolicitudot HTTP/1.1" 200 9033
186.79.10.110 - - [27/Mar/2017:17:16:50 -0300] "GET /cormun/servlet/solicitudot?INS,0,0, HTTP/1.1" 200 12570
186.103.159.46 - - [27/Mar/2017:17:16:50 -0300] "GET /cormun/servlet/permisosingoceadjunto?INS,35,, HTTP/1.1" 200 5254
186.103.159.46 - - [27/Mar/2017:17:16:50 -0300] "GET /cormun/static/about:blank HTTP/1.1" 404 1011
186.79.86.105 - - [27/Mar/2017:17:16:51 -0300] "GET /cormun/servlet/trsolicitudot HTTP/1.1" 200 9029
186.79.10.110 - - [27/Mar/2017:17:16:51 -0300] "GET /cormun/servlet/solicitudot?INS,0,0, HTTP/1.1" 200 12575
186.103.159.46 - - [27/Mar/2017:17:16:51 -0300] "GET /cormun/servlet/permisosingoceadjunto?INS,35,, HTTP/1.1" 200 5242
186.103.159.46 - - [27/Mar/2017:17:16:52 -0300] "GET /cormun/servlet/permisosingoceadjunto?6aa22feb09f0932a3fe9c15bcc67cd7a812435b8506d80b42dab97e4e0d11624,gx-no-cache=1490649477158 HTTP/1.1" 200 26
186.79.86.105 - - [27/Mar/2017:17:17:14 -0300] "POST /cormun/servlet/trsolicitudot?39d62634824658b049e271a9c9b05284,gx-no-cache=1490645899906 HTTP/1.1" 200 5877
186.79.86.105 - - [27/Mar/2017:17:17:14 -0300] "GET /cormun/static/Shared/jqueryui/images/ui-bg_highlight-soft_100_c6c2c8_1x100.png HTTP/1.1" 404 1117
186.79.86.105 - - [27/Mar/2017:17:17:14 -0300] "GET /cormun/static/Shared/jqueryui/images/ui-icons_82798d_256x240.png HTTP/1.1" 404 1089
186.79.86.105 - - [27/Mar/2017:17:17:15 -0300] "GET /cormun/static/Shared/jqueryui/images/ui-bg_flat_55_fafafa_40x100.png HTTP/1.1" 404 1097
186.79.86.105 - - [27/Mar/2017:17:17:15 -0300] "POST /cormun/servlet/trsolicitudot?39d62634824658b049e271a9c9b05284,gx-no-cache=1490645901580 HTTP/1.1" 200 5820
186.79.86.105 - - [27/Mar/2017:17:17:15 -0300] "GET /cormun/static/Shared/jqueryui/images/ui-icons_8d78a5_256x240.png HTTP/1.1" 404 1089
186.79.86.105 - - [27/Mar/2017:17:17:19 -0300] "GET /cormun/servlet/trautorizarsolicitud? HTTP/1.1" 200 8627
186.79.86.105 - - [27/Mar/2017:17:17:19 -0300] "GET /cormun/static/gxui/gxui-all.css?120300 HTTP/1.1" 200 2179
186.79.86.105 - - [27/Mar/2017:17:17:19 -0300] "GET /cormun/static/gxcfg.js?2017259112829 HTTP/1.1" 200 953
186.103.159.46 - - [27/Mar/2017:17:17:20 -0300] "POST /cormun/servlet/permisosingoceadjunto?756564239a9438f7981a5c17e3ae47ee,INS,35,, HTTP/1.1" 200 116
186.103.159.46 - - [27/Mar/2017:17:17:20 -0300] "GET /cormun/servlet/hpexe_return? HTTP/1.1" 200 1020
186.103.159.46 - - [27/Mar/2017:17:17:20 -0300] "GET /cormun/servlet/trpermisosingoceadjunto?35,13300331, HTTP/1.1" 200 6365
186.79.86.105 - - [27/Mar/2017:17:17:21 -0300] "GET /cormun/static/trautorizarsolicitud.js?2017259113483 HTTP/1.1" 200 53096
186.103.159.46 - - [27/Mar/2017:17:17:22 -0300] "GET /cormun/servlet/trpermisosingoceadjunto?35,13300331, HTTP/1.1" 200 6361
186.79.86.105 - - [27/Mar/2017:17:17:25 -0300] "GET /cormun/static/Shared/ext/resources/css/ext-all.css?215870 HTTP/1.1" 200 416045
186.79.86.105 - - [27/Mar/2017:17:17:27 -0300] "GET /cormun/servlet/trautorizarsolicitud? HTTP/1.1" 200 8626
186.103.159.46 - - [27/Mar/2017:17:17:37 -0300] "POST /cormun/servlet/trpermisosingoceadjunto?756564239a9438f7981a5c17e3ae47ee,35,13300331,,gx-no-cache=1490649522511 HTTP/1.1" 200 90
186.103.159.46 - - [27/Mar/2017:17:17:37 -0300] "GET /cormun/servlet/hpexe_link HTTP/1.1" 200 968
186.103.159.46 - - [27/Mar/2017:17:17:38 -0300] "GET /cormun/servlet/trpermisosingoce HTTP/1.1" 200 7574
186.103.159.46 - - [27/Mar/2017:17:17:39 -0300] "GET /cormun/servlet/trpermisosingoce HTTP/1.1" 200 7573
186.103.159.46 - - [27/Mar/2017:17:17:48 -0300] "POST /cormun/servlet/trpermisosingoce?756564239a9438f7981a5c17e3ae47ee,gx-no-cache=1490649533475 HTTP/1.1" 200 4751
186.103.159.46 - - [27/Mar/2017:17:17:48 -0300] "GET /cormun/static/Shared/jqueryui/images/ui-bg_highlight-soft_100_c6c2c8_1x100.png HTTP/1.1" 404 1117
186.103.159.46 - - [27/Mar/2017:17:17:48 -0300] "GET /cormun/static/Shared/jqueryui/images/ui-icons_82798d_256x240.png HTTP/1.1" 404 1089
186.103.159.46 - - [27/Mar/2017:17:17:48 -0300] "GET /cormun/static/Shared/jqueryui/images/ui-bg_flat_55_fafafa_40x100.png HTTP/1.1" 404 1097
186.103.159.46 - - [27/Mar/2017:17:17:49 -0300] "GET /cormun/static/Shared/jqueryui/images/ui-icons_8d78a5_256x240.png HTTP/1.1" 404 1089
186.79.86.105 - - [27/Mar/2017:17:17:54 -0300] "POST /cormun/servlet/trautorizarsolicitud?39d62634824658b049e271a9c9b05284,,gx-no-cache=1490645940719 HTTP/1.1" 200 5452
186.79.86.105 - - [27/Mar/2017:17:17:54 -0300] "GET /cormun/static/Shared/jqueryui/images/ui-bg_highlight-soft_100_c6c2c8_1x100.png HTTP/1.1" 404 1117
186.79.86.105 - - [27/Mar/2017:17:17:54 -0300] "GET /cormun/static/Shared/jqueryui/images/ui-icons_82798d_256x240.png HTTP/1.1" 404 1089
186.79.86.105 - - [27/Mar/2017:17:17:55 -0300] "GET /cormun/static/Shared/jqueryui/images/ui-bg_flat_55_fafafa_40x100.png HTTP/1.1" 404 1097
186.79.86.105 - - [27/Mar/2017:17:17:55 -0300] "GET /cormun/static/Shared/jqueryui/images/ui-icons_8d78a5_256x240.png HTTP/1.1" 404 1089
186.79.86.105 - - [27/Mar/2017:17:17:55 -0300] "POST /cormun/servlet/trautorizarsolicitud?39d62634824658b049e271a9c9b05284,,gx-no-cache=1490645941877 HTTP/1.1" 200 5396
186.103.159.46 - - [27/Mar/2017:17:17:56 -0300] "POST /cormun/servlet/trpermisosingoce?756564239a9438f7981a5c17e3ae47ee,gx-no-cache=1490649541094 HTTP/1.1" 200 3978
186.79.86.105 - - [27/Mar/2017:17:17:56 -0300] "POST /cormun/servlet/trautorizarsolicitud?39d62634824658b049e271a9c9b05284,,gx-no-cache=1490645943466 HTTP/1.1" 200 4331
186.79.86.105 - - [27/Mar/2017:17:17:57 -0300] "POST /cormun/servlet/trautorizarsolicitud?39d62634824658b049e271a9c9b05284,,gx-no-cache=1490645944117 HTTP/1.1" 200 4093
186.79.86.105 - - [27/Mar/2017:17:18:01 -0300] "GET /cormun/servlet/trsolicitudot? HTTP/1.1" 200 8668
186.103.159.46 - - [27/Mar/2017:17:18:03 -0300] "GET /cormun/servlet/trpermisosgoce? HTTP/1.1" 200 11547
186.79.86.105 - - [27/Mar/2017:17:18:03 -0300] "GET /cormun/servlet/trsolicitudot? HTTP/1.1" 200 8667
186.103.159.46 - - [27/Mar/2017:17:18:05 -0300] "GET /cormun/servlet/trpermisosgoce? HTTP/1.1" 200 11548
186.79.86.105 - - [27/Mar/2017:17:18:08 -0300] "POST /cormun/servlet/trsolicitudot?39d62634824658b049e271a9c9b05284,,gx-no-cache=1490645955512 HTTP/1.1" 200 106
186.79.86.105 - - [27/Mar/2017:17:18:08 -0300] "GET /cormun/servlet/solicitudot?UPD,2017,5429, HTTP/1.1" 200 14440
186.79.86.105 - - [27/Mar/2017:17:18:10 -0300] "GET /cormun/servlet/solicitudot?UPD,2017,5429, HTTP/1.1" 200 14449
186.79.86.105 - - [27/Mar/2017:17:18:10 -0300] "POST /cormun/servlet/solicitudot?gx-no-cache=1490645957810 HTTP/1.1" 200 3182
186.79.86.105 - - [27/Mar/2017:17:18:11 -0300] "POST /cormun/servlet/solicitudot?39d62634824658b049e271a9c9b05284,UPD,2017,5429,,gx-no-cache=1490645958438 HTTP/1.1" 200 11016
186.79.86.105 - - [27/Mar/2017:17:18:12 -0300] "GET /cormun/servlet/solicitudot?c78847df1e56e69450e3acc665c083e7d7d2a2a363997478d88087dace2e1ef8da1b83f870dd87f6213548929a9590b5,gx-no-cache=1490645959292 HTTP/1.1" 200 30
186.79.86.105 - - [27/Mar/2017:17:18:12 -0300] "POST /cormun/servlet/solicitudot?gx-no-cache=1490645959527 HTTP/1.1" 200 241
186.79.86.105 - - [27/Mar/2017:17:18:12 -0300] "GET /cormun/servlet/solicitudot?c78847df1e56e69450e3acc665c083e7bfacc81fcab3aa2d025142a0688e6fa6666ebcab798c9c7bfa6ac8b992f0c76eedf3c7f04d26fcb04d8dcbf379617a0949bf954aab096e99de4e07a859310845cdb0591c98da5b36f23560280e226877440082b96352a7bb8af407beabc752d935b8427460191d1fd2c4041ce52aabfef12dc991a8c022c2477d47db081006cd84bd034c156be4c4e0f3abb4c0a05bf6e2845321bc30e3edbbbfeac0502029ba9c3587d155d7656af78f77d8666f876bc03f9f2e4bd635c89d4cdf2596d5acc6f0f8fee5a89d151c5ffc0302e230a1c4267bf862a78fdcd7bef737c42c454f3f901047cfc2432fdacc6f68ec46b3101f2e8735ae742dc87dae0fd6afbce2f0043ead3b29b352f7396ac374227b9d34a1928d7d4722f0b7691e50e885ad1980ef8f162a428140be6ed365e76cbce36f6bc6d3c81097551460fee8620d8e09a4d5d85eb88bbf281755a97ced34d9fa6434176aab8a02c01ace1b68423890eed987e4867da73111c4e279b89e7a5505c34d,gx-no-cache=1490645959816 HTTP/1.1" 200 30
186.79.86.105 - - [27/Mar/2017:17:18:12 -0300] "POST /cormun/servlet/solicitudot?gx-no-cache=1490645960010 HTTP/1.1" 200 30
186.79.86.105 - - [27/Mar/2017:17:18:13 -0300] "POST /cormun/servlet/solicitudot?gx-no-cache=1490645960254 HTTP/1.1" 200 1286
186.79.86.105 - - [27/Mar/2017:17:18:13 -0300] "POST /cormun/servlet/solicitudot?gx-no-cache=1490645960502 HTTP/1.1" 200 41
186.103.159.46 - - [27/Mar/2017:17:18:13 -0300] "POST /cormun/servlet/trpermisosgoce?756564239a9438f7981a5c17e3ae47ee,,gx-no-cache=1490649558423 HTTP/1.1" 200 8804
186.103.159.46 - - [27/Mar/2017:17:18:18 -0300] "POST /cormun/servlet/trpermisosgoce?756564239a9438f7981a5c17e3ae47ee,,gx-no-cache=1490649563426 HTTP/1.1" 200 8807
186.79.86.105 - - [27/Mar/2017:17:18:26 -0300] "POST /cormun/servlet/solicitudot?39d62634824658b049e271a9c9b05284,UPD,2017,5429,,gx-no-cache=1490645973128 HTTP/1.1" 200 93
186.79.86.105 - - [27/Mar/2017:17:18:26 -0300] "GET /cormun/servlet/hpexe_return? HTTP/1.1" 200 1007
186.79.86.105 - - [27/Mar/2017:17:18:26 -0300] "GET /cormun/servlet/trsolicitudot HTTP/1.1" 200 8671
186.79.86.105 - - [27/Mar/2017:17:18:28 -0300] "GET /cormun/servlet/trsolicitudot HTTP/1.1" 200 8667
186.79.86.105 - - [27/Mar/2017:17:18:31 -0300] "GET /cormun/servlet/trcontratounov2? HTTP/1.1" 200 16771
186.79.86.105 - - [27/Mar/2017:17:18:33 -0300] "GET /cormun/servlet/trcontratounov2? HTTP/1.1" 200 16775
186.79.86.105 - - [27/Mar/2017:17:18:41 -0300] "POST /cormun/servlet/trcontratounov2?39d62634824658b049e271a9c9b05284,,gx-no-cache=1490645987811 HTTP/1.1" 200 15204
186.79.86.105 - - [27/Mar/2017:17:20:01 -0300] "GET /cormun/servlet/trsolicitudot? HTTP/1.1" 200 8668
186.79.86.105 - - [27/Mar/2017:17:20:02 -0300] "GET /cormun/servlet/trsolicitudot? HTTP/1.1" 200 8667
186.79.86.105 - - [27/Mar/2017:17:20:23 -0300] "POST /cormun/servlet/trsolicitudot?39d62634824658b049e271a9c9b05284,,gx-no-cache=1490646088969 HTTP/1.1" 200 106
186.79.86.105 - - [27/Mar/2017:17:20:28 -0300] "GET /cormun/servlet/solicitudot?DLT,2017,5431, HTTP/1.1" 200 9565
186.79.86.105 - - [27/Mar/2017:17:20:49 -0300] "GET /cormun/static/Shared/jqueryui/images/ui-bg_highlight-soft_100_c6c2c8_1x100.png HTTP/1.1" 404 1117
186.79.86.105 - - [27/Mar/2017:17:20:49 -0300] "GET /cormun/servlet/solicitudot?DLT,2017,5431, HTTP/1.1" 200 9575
186.79.86.105 - - [27/Mar/2017:17:20:49 -0300] "GET /cormun/static/Shared/jqueryui/images/ui-icons_82798d_256x240.png HTTP/1.1" 404 1089
186.79.86.105 - - [27/Mar/2017:17:20:50 -0300] "GET /cormun/static/Shared/jqueryui/images/ui-bg_flat_55_fafafa_40x100.png HTTP/1.1" 404 1097
186.79.86.105 - - [27/Mar/2017:17:20:50 -0300] "GET /cormun/static/Shared/jqueryui/images/ui-icons_8d78a5_256x240.png HTTP/1.1" 404 1089
186.79.86.105 - - [27/Mar/2017:17:21:03 -0300] "GET /cormun/servlet/trsolicitudot? HTTP/1.1" 200 8674
186.79.86.105 - - [27/Mar/2017:17:21:04 -0300] "GET /cormun/servlet/trsolicitudot? HTTP/1.1" 200 8667
186.79.86.105 - - [27/Mar/2017:17:21:33 -0300] "POST /cormun/servlet/trsolicitudot?39d62634824658b049e271a9c9b05284,,gx-no-cache=1490646159868 HTTP/1.1" 200 107
186.79.86.105 - - [27/Mar/2017:17:21:33 -0300] "GET /cormun/servlet/trsolicitudadjuntos?2017,5429, HTTP/1.1" 200 6093
186.79.86.105 - - [27/Mar/2017:17:21:33 -0300] "GET /cormun/static/gxcfg.js?201731711504543 HTTP/1.1" 200 953
186.79.86.105 - - [27/Mar/2017:17:21:33 -0300] "GET /cormun/static/trsolicitudadjuntos.js?201731711504951 HTTP/1.1" 200 17913
186.79.86.105 - - [27/Mar/2017:17:21:34 -0300] "GET /cormun/servlet/trsolicitudadjuntos?2017,5429, HTTP/1.1" 200 6093
186.79.86.105 - - [27/Mar/2017:17:21:37 -0300] "GET /cormun/servlet/solicitudotadjuntos?INS,2017,5429,,1, HTTP/1.1" 200 6033
186.79.86.105 - - [27/Mar/2017:17:21:38 -0300] "GET /cormun/static/gxcfg.js?201612218465951 HTTP/1.1" 200 953
186.79.86.105 - - [27/Mar/2017:17:21:38 -0300] "GET /cormun/static/solicitudotadjuntos.js?201612218465969 HTTP/1.1" 200 11762
186.79.86.105 - - [27/Mar/2017:17:21:38 -0300] "GET /cormun/static/about:blank HTTP/1.1" 404 1011
186.79.86.105 - - [27/Mar/2017:17:21:38 -0300] "GET /cormun/servlet/solicitudotadjuntos?INS,2017,5429,,1, HTTP/1.1" 200 6026
186.79.86.105 - - [27/Mar/2017:17:21:39 -0300] "GET /cormun/servlet/solicitudotadjuntos?c78847df1e56e69450e3acc665c083e7497e4ba57d0232950a0768fad1a53e1137c9ca4a601a0bc3977a3076a2a5f4fc,gx-no-cache=1490646166676 HTTP/1.1" 200 30
186.79.86.105 - - [27/Mar/2017:17:21:39 -0300] "POST /cormun/servlet/solicitudotadjuntos?39d62634824658b049e271a9c9b05284,INS,2017,5429,,1,,gx-no-cache=1490646166949 HTTP/1.1" 200 3825
192.168.10.96 - - [27/Mar/2017:17:22:03 -0300] "GET /cormun/servlet/vesolicitudnombre?2017,5708,,SolicitudOTAdjuntos HTTP/1.1" 200 10240
192.168.10.96 - - [27/Mar/2017:17:22:04 -0300] "GET /cormun/servlet/vesolicitudnombre?2017,5708,,SolicitudOTAdjuntos HTTP/1.1" 200 10243
192.168.10.96 - - [27/Mar/2017:17:22:04 -0300] "POST /cormun/servlet/acontrolpreferencessavestate?None,DZAMUDIO,true HTTP/1.1" 200 35
192.168.10.96 - - [27/Mar/2017:17:22:05 -0300] "GET /cormun/servlet/trsolicitudgral? HTTP/1.1" 200 12696
192.168.10.96 - - [27/Mar/2017:17:22:06 -0300] "GET /cormun/servlet/trsolicitudgral? HTTP/1.1" 200 12680
192.168.10.96 - - [27/Mar/2017:17:22:15 -0300] "POST /cormun/servlet/trsolicitudgral?17845bfe3dd9aa6aeaa2a12e03365853,,gx-no-cache=1490649414581 HTTP/1.1" 200 9826
186.79.86.105 - - [27/Mar/2017:17:22:36 -0300] "POST /cormun/servlet/solicitudotadjuntos?gx-no-cache=1490646224121 HTTP/1.1" 200 26
192.168.10.96 - - [27/Mar/2017:17:22:46 -0300] "GET /cormun/servlet/solicitudgral2?UPD,2017,5749, HTTP/1.1" 200 12099
192.168.10.96 - - [27/Mar/2017:17:22:46 -0300] "GET /cormun/static/gxcfg.js?201731711475340 HTTP/1.1" 200 953
192.168.10.96 - - [27/Mar/2017:17:22:46 -0300] "GET /cormun/static/solicitudgral2.js?201731711475418 HTTP/1.1" 200 40641
192.168.10.96 - - [27/Mar/2017:17:22:47 -0300] "GET /cormun/servlet/solicitudgral2?UPD,2017,5749, HTTP/1.1" 200 12109
192.168.10.96 - - [27/Mar/2017:17:22:47 -0300] "POST /cormun/servlet/solicitudgral2?gx-no-cache=1490649446564 HTTP/1.1" 200 3179
192.168.10.96 - - [27/Mar/2017:17:22:47 -0300] "GET /cormun/servlet/solicitudgral2?813fc062e3cfad4deb0b92ac358aa30c6317199358f177cf145799e3c59df299b041265e574ac337a91e4407df02f382c41ca3d4b50becbb8aa75e1b0c4c92f5855af2f9bd622f3c96c318b18ace3b49cd01ef1e638790bc4043735be357206c7f01b53d8c71384b706f344438222ebc8e09ee31659f6ea01a4c45662d90bf5b7fc8754a6b3674e117689bcfe8374aeda9c9dddffab1edfd2b6c5e958f2c7cb60a4d8e806c6abb02e2398004ea2eb707d33e2dc6ac1e45b2fe6d07bba1de5c66459c5dba6c16faaa450a89dc70537594f522d57d45ecf78e45b70cd9439df73325ed4e0b7f5d7d5d8e055d2a27b0cb61d2c0f6a3b477b765da5dea6c1c239cd74e47aee76ab45b548d09f0ae4ebbcd3eff5dcddae035562fe6566cef5beef3eee9b5f7dce7c5ae3c934f16ee04af9a2020be21bce5c20e0a8f405ca6af2f1326aa24ff77f5318374e9737b92957f8ab0,gx-no-cache=1490649446734 HTTP/1.1" 200 298
192.168.10.96 - - [27/Mar/2017:17:22:47 -0300] "POST /cormun/servlet/solicitudgral2?gx-no-cache=1490649446757 HTTP/1.1" 200 1353
192.168.10.96 - - [27/Mar/2017:17:22:48 -0300] "GET /cormun/servlet/solicitudgral2?813fc062e3cfad4deb0b92ac358aa30cfdda7b1c24d8c80c8edadd48ea7619a5fb2a17d7819aa71a071cb3f45a400f76c41ca3d4b50becbb8aa75e1b0c4c92f5de6958faef8607a59d6f1d9ae1c5430ccbac382bc57c4ce171a51b9f08d39b68bbc5ee292bcf9bb9fdd2be01b1876964,gx-no-cache=1490649446793 HTTP/1.1" 200 41
192.168.10.96 - - [27/Mar/2017:17:23:13 -0300] "POST /cormun/servlet/solicitudgral2?17845bfe3dd9aa6aeaa2a12e03365853,UPD,2017,5749,,gx-no-cache=1490649472282 HTTP/1.1" 200 90
192.168.10.96 - - [27/Mar/2017:17:23:13 -0300] "GET /cormun/servlet/hpexe_link HTTP/1.1" 200 973
192.168.10.96 - - [27/Mar/2017:17:23:13 -0300] "GET /cormun/servlet/trsolicitudgral? HTTP/1.1" 200 12835
192.168.10.96 - - [27/Mar/2017:17:23:14 -0300] "GET /cormun/servlet/trsolicitudgral? HTTP/1.1" 200 12833
186.79.86.105 - - [27/Mar/2017:17:23:21 -0300] "GET /cormun/servlet/solicitudotadjuntos?c78847df1e56e69450e3acc665c083e737ad1c0855b59b640edc71079039c3da,gx-no-cache=1490646268138 HTTP/1.1" 200 30
186.79.86.105 - - [27/Mar/2017:17:23:21 -0300] "GET /cormun/servlet/solicitudotadjuntos?c78847df1e56e69450e3acc665c083e737ad1c0855b59b640edc71079039c3da,gx-no-cache=1490646268420 HTTP/1.1" 200 30
186.79.86.105 - - [27/Mar/2017:17:23:24 -0300] "POST /cormun/servlet/solicitudotadjuntos?39d62634824658b049e271a9c9b05284,INS,2017,5429,,1, HTTP/1.1" 200 116
186.79.86.105 - - [27/Mar/2017:17:23:25 -0300] "GET /cormun/servlet/hpexe_return? HTTP/1.1" 200 1019
186.79.86.105 - - [27/Mar/2017:17:23:25 -0300] "GET /cormun/servlet/trsolicitudadjuntos?2017,5429, HTTP/1.1" 200 8242
186.79.86.105 - - [27/Mar/2017:17:23:26 -0300] "GET /cormun/servlet/trsolicitudadjuntos?2017,5429, HTTP/1.1" 200 8238
186.79.86.105 - - [27/Mar/2017:17:23:46 -0300] "GET /cormun/servlet/solicitudotadjuntos?INS,2017,5429,,1, HTTP/1.1" 200 6033
186.79.86.105 - - [27/Mar/2017:17:23:48 -0300] "GET /cormun/static/about:blank HTTP/1.1" 404 1011
186.79.86.105 - - [27/Mar/2017:17:23:48 -0300] "GET /cormun/servlet/solicitudotadjuntos?INS,2017,5429,,1, HTTP/1.1" 200 6027
186.79.86.105 - - [27/Mar/2017:17:23:48 -0300] "GET /cormun/servlet/solicitudotadjuntos?c78847df1e56e69450e3acc665c083e7497e4ba57d0232950a0768fad1a53e1137c9ca4a601a0bc3977a3076a2a5f4fc,gx-no-cache=1490646296097 HTTP/1.1" 200 30
186.79.86.105 - - [27/Mar/2017:17:23:49 -0300] "POST /cormun/servlet/solicitudotadjuntos?39d62634824658b049e271a9c9b05284,INS,2017,5429,,1,,gx-no-cache=1490646296269 HTTP/1.1" 200 3824
186.79.86.105 - - [27/Mar/2017:17:23:52 -0300] "POST /cormun/servlet/solicitudotadjuntos?gx-no-cache=1490646299391 HTTP/1.1" 200 26
186.79.86.105 - - [27/Mar/2017:17:23:59 -0300] "GET /cormun/servlet/solicitudotadjuntos?c78847df1e56e69450e3acc665c083e737ad1c0855b59b640edc71079039c3da,gx-no-cache=1490646306311 HTTP/1.1" 200 30
186.79.86.105 - - [27/Mar/2017:17:23:59 -0300] "GET /cormun/servlet/solicitudotadjuntos?c78847df1e56e69450e3acc665c083e737ad1c0855b59b640edc71079039c3da,gx-no-cache=1490646306508 HTTP/1.1" 200 30
186.103.157.42 - - [27/Mar/2017:17:24:06 -0300] "GET /cormun/servlet/hlogin HTTP/1.1" 200 1724
186.103.157.42 - - [27/Mar/2017:17:24:08 -0300] "POST /cormun/servlet/hlogin?7fcecb6e8a553090faaca39ee612b7d8,gx-no-cache=1490646176577 HTTP/1.1" 200 90
186.103.157.42 - - [27/Mar/2017:17:24:09 -0300] "GET /cormun/servlet/hpexe_link HTTP/1.1" 200 951
186.103.157.42 - - [27/Mar/2017:17:24:09 -0300] "GET /cormun/servlet/hhome HTTP/1.1" 200 4039
186.103.157.42 - - [27/Mar/2017:17:24:09 -0300] "GET /cormun/servlet/hhome HTTP/1.1" 200 4035
186.79.86.105 - - [27/Mar/2017:17:24:10 -0300] "POST /cormun/servlet/solicitudotadjuntos?39d62634824658b049e271a9c9b05284,INS,2017,5429,,1, HTTP/1.1" 200 116
186.79.86.105 - - [27/Mar/2017:17:24:10 -0300] "GET /cormun/servlet/hpexe_return? HTTP/1.1" 200 1019
186.79.86.105 - - [27/Mar/2017:17:24:10 -0300] "GET /cormun/servlet/trsolicitudadjuntos?2017,5429, HTTP/1.1" 200 8408
186.103.157.42 - - [27/Mar/2017:17:24:12 -0300] "GET /cormun/servlet/trsolicitudot? HTTP/1.1" 200 11271
186.103.157.42 - - [27/Mar/2017:17:24:12 -0300] "GET /cormun/servlet/trsolicitudot? HTTP/1.1" 200 11269
186.79.86.105 - - [27/Mar/2017:17:24:13 -0300] "GET /cormun/servlet/trsolicitudadjuntos?2017,5429, HTTP/1.1" 200 8407
186.79.86.105 - - [27/Mar/2017:17:24:15 -0300] "GET /cormun/servlet/solicitudotadjuntos?INS,2017,5429,,1, HTTP/1.1" 200 6033
186.103.157.42 - - [27/Mar/2017:17:24:15 -0300] "GET /cormun/servlet/solicitudot?INS,0,0, HTTP/1.1" 200 12845
186.79.86.105 - - [27/Mar/2017:17:24:15 -0300] "GET /cormun/static/about:blank HTTP/1.1" 404 1011
186.103.157.42 - - [27/Mar/2017:17:24:16 -0300] "GET /cormun/servlet/solicitudot?INS,0,0, HTTP/1.1" 200 12850
186.79.86.105 - - [27/Mar/2017:17:24:16 -0300] "GET /cormun/servlet/solicitudotadjuntos?INS,2017,5429,,1, HTTP/1.1" 200 6027
186.79.86.105 - - [27/Mar/2017:17:24:16 -0300] "GET /cormun/servlet/solicitudotadjuntos?c78847df1e56e69450e3acc665c083e7497e4ba57d0232950a0768fad1a53e1137c9ca4a601a0bc3977a3076a2a5f4fc,gx-no-cache=1490646324121 HTTP/1.1" 200 30
186.79.86.105 - - [27/Mar/2017:17:24:17 -0300] "POST /cormun/servlet/solicitudotadjuntos?39d62634824658b049e271a9c9b05284,INS,2017,5429,,1,,gx-no-cache=1490646324229 HTTP/1.1" 200 3824
186.79.86.105 - - [27/Mar/2017:17:24:22 -0300] "POST /cormun/servlet/solicitudotadjuntos?gx-no-cache=1490646329848 HTTP/1.1" 200 26
186.103.157.42 - - [27/Mar/2017:17:24:29 -0300] "POST /cormun/servlet/solicitudot?gx-no-cache=1490646197084 HTTP/1.1" 200 3180
186.103.157.42 - - [27/Mar/2017:17:24:30 -0300] "POST /cormun/servlet/solicitudot?7fcecb6e8a553090faaca39ee612b7d8,INS,0,0,,gx-no-cache=1490646197359 HTTP/1.1" 200 9968
186.103.157.42 - - [27/Mar/2017:17:24:30 -0300] "GET /cormun/servlet/solicitudot?ae7ecbd5a54a4392900710e6e929dff1913eae111df4f28e1d1caab9f684dcd43815e680416b1d94365a26fb180448aa,gx-no-cache=1490646198221 HTTP/1.1" 200 30
186.103.157.42 - - [27/Mar/2017:17:24:33 -0300] "POST /cormun/servlet/solicitudot?gx-no-cache=1490646201065 HTTP/1.1" 200 297
186.103.157.42 - - [27/Mar/2017:17:24:33 -0300] "GET /cormun/servlet/solicitudot?ae7ecbd5a54a4392900710e6e929dff1bfee4d5a0142ff4d268f3303eda5476ef2564b333fa908b914bce8e50a6b9976a8314ed16f8bec49d244e25f25c807efe85b8692ea09f3e52114f706466456bf45b5807af5c5fb36f063924200e20d0b715c519b2825e989fe3688d2abc7edc40e16292a6ce7727f065da2aede14141b9bd0611c3773226db14fdbb38c14020c4344bc1905c0186882a4f5fcc27833ffbbf05977eb975ff62c97f768c142cffc9e949918a8e8e96dc2e18007f92c83c4ab593a6267fcbda3c59ae77aa36e26f25403d836674f339667db51478a83e9f5f01d77ae6ed0ca57e3df5094aadfcf1542ccf39927166373a1bec74ae3151faf94fee72260c12131206a2fcaa70336a33eb4dc6866f1b50404b19ebac634e95932d64ed4231b0d64fc0dd71f265ed1262cc230c4f7df745fed4f585eac45e2de7fba2ef4af45f6bca38c42a1a7487764ab3f70506a3fabc6da64d243918451bd394a83583539ab94b791f8678db1d5b7cff6c937ff819fbff79befcb515731dab437c7f8fd5c1545dea06d750654586d,gx-no-cache=1490646201098 HTTP/1.1" 200 30
186.103.157.42 - - [27/Mar/2017:17:24:35 -0300] "POST /cormun/servlet/solicitudot?gx-no-cache=1490646202612 HTTP/1.1" 200 30
186.103.157.42 - - [27/Mar/2017:17:24:35 -0300] "POST /cormun/servlet/solicitudot?gx-no-cache=1490646203575 HTTP/1.1" 200 235
186.103.157.42 - - [27/Mar/2017:17:24:35 -0300] "POST /cormun/servlet/solicitudot?gx-no-cache=1490646203620 HTTP/1.1" 200 38
186.79.86.105 - - [27/Mar/2017:17:24:40 -0300] "GET /cormun/servlet/solicitudotadjuntos?c78847df1e56e69450e3acc665c083e737ad1c0855b59b640edc71079039c3da,gx-no-cache=1490646347586 HTTP/1.1" 200 30
186.79.86.105 - - [27/Mar/2017:17:24:40 -0300] "GET /cormun/servlet/solicitudotadjuntos?c78847df1e56e69450e3acc665c083e737ad1c0855b59b640edc71079039c3da,gx-no-cache=1490646347664 HTTP/1.1" 200 30
186.103.157.42 - - [27/Mar/2017:17:24:44 -0300] "GET /cormun/servlet/solicitudot?ae7ecbd5a54a4392900710e6e929dff1a1709e792269effd55e7d9057d6bb57a84fd7faf84f0805c5a1aa0137ba2193f9e70a51691c35d8cb103ad7db6971a23fe521e462ea229b8957d4b38063943d4389950430c3c03af5a8125e9534726d0eb60d63adaccb3d44d5cf8d5c0c660d4,gx-no-cache=1490646212099 HTTP/1.1" 200 29
186.103.157.42 - - [27/Mar/2017:17:24:44 -0300] "POST /cormun/servlet/solicitudot?gx-no-cache=1490646212164 HTTP/1.1" 200 643
186.79.86.105 - - [27/Mar/2017:17:24:44 -0300] "POST /cormun/servlet/solicitudotadjuntos?39d62634824658b049e271a9c9b05284,INS,2017,5429,,1, HTTP/1.1" 200 116
186.79.86.105 - - [27/Mar/2017:17:24:45 -0300] "GET /cormun/servlet/hpexe_return? HTTP/1.1" 200 1019
186.79.86.105 - - [27/Mar/2017:17:24:45 -0300] "GET /cormun/servlet/trsolicitudadjuntos?2017,5429, HTTP/1.1" 200 8555
186.103.157.42 - - [27/Mar/2017:17:24:45 -0300] "POST /cormun/servlet/solicitudot?gx-no-cache=1490646213210 HTTP/1.1" 200 1157
186.79.86.105 - - [27/Mar/2017:17:24:46 -0300] "GET /cormun/servlet/trsolicitudadjuntos?2017,5429, HTTP/1.1" 200 8555
186.79.86.105 - - [27/Mar/2017:17:24:50 -0300] "GET /cormun/servlet/solicitudotadjuntos?INS,2017,5429,,1, HTTP/1.1" 200 6032
186.79.86.105 - - [27/Mar/2017:17:24:51 -0300] "GET /cormun/static/about:blank HTTP/1.1" 404 1011
186.79.86.105 - - [27/Mar/2017:17:24:51 -0300] "GET /cormun/servlet/solicitudotadjuntos?INS,2017,5429,,1, HTTP/1.1" 200 6025
186.103.157.42 - - [27/Mar/2017:17:24:51 -0300] "GET /cormun/static/menuarrow.gif HTTP/1.1" 404 1015
186.79.86.105 - - [27/Mar/2017:17:24:52 -0300] "GET /cormun/servlet/solicitudotadjuntos?c78847df1e56e69450e3acc665c083e7497e4ba57d0232950a0768fad1a53e1137c9ca4a601a0bc3977a3076a2a5f4fc,gx-no-cache=1490646358999 HTTP/1.1" 200 30
186.79.86.105 - - [27/Mar/2017:17:24:52 -0300] "POST /cormun/servlet/solicitudotadjuntos?39d62634824658b049e271a9c9b05284,INS,2017,5429,,1,,gx-no-cache=1490646359686 HTTP/1.1" 200 3823
186.79.86.105 - - [27/Mar/2017:17:24:56 -0300] "POST /cormun/servlet/solicitudotadjuntos?gx-no-cache=1490646363767 HTTP/1.1" 200 26
186.79.86.105 - - [27/Mar/2017:17:25:04 -0300] "GET /cormun/servlet/solicitudotadjuntos?c78847df1e56e69450e3acc665c083e737ad1c0855b59b640edc71079039c3da,gx-no-cache=1490646371745 HTTP/1.1" 200 30
186.79.86.105 - - [27/Mar/2017:17:25:04 -0300] "GET /cormun/servlet/solicitudotadjuntos?c78847df1e56e69450e3acc665c083e737ad1c0855b59b640edc71079039c3da,gx-no-cache=1490646371954 HTTP/1.1" 200 30
186.79.86.105 - - [27/Mar/2017:17:25:09 -0300] "POST /cormun/servlet/solicitudotadjuntos?39d62634824658b049e271a9c9b05284,INS,2017,5429,,1, HTTP/1.1" 200 116
186.79.86.105 - - [27/Mar/2017:17:25:09 -0300] "GET /cormun/servlet/hpexe_return? HTTP/1.1" 200 1019
186.79.86.105 - - [27/Mar/2017:17:25:10 -0300] "GET /cormun/servlet/trsolicitudadjuntos?2017,5429, HTTP/1.1" 200 8684
186.79.86.105 - - [27/Mar/2017:17:25:11 -0300] "GET /cormun/servlet/trsolicitudadjuntos?2017,5429, HTTP/1.1" 200 8683
186.103.157.42 - - [27/Mar/2017:17:25:12 -0300] "GET /cormun/servlet/solicitudot?ae7ecbd5a54a4392900710e6e929dff187397dca41120de631c6ddfa3ad5557a201176709ffb4677ee94382441c53c4a683cc58b52e947fb284b3e9ff3958d3f8f222f8456d38915e4771c2ab6b1d4998defa8367ee17b20f547ee1582660b30a81b6014588a30860b90b47c6ba31b7dfd1aaa6266ab80cac0ff7f9fbfb23b9728867237fe6bff840b5f1202c2884efe85b2ea9a7bc9a3c52ae6bd09b81131d0c14b801b9b9819ff3466615a586ac71f,gx-no-cache=1490646239681 HTTP/1.1" 200 30
186.79.86.105 - - [27/Mar/2017:17:25:13 -0300] "GET /cormun/servlet/solicitudotadjuntos?INS,2017,5429,,1, HTTP/1.1" 200 6032
186.79.86.105 - - [27/Mar/2017:17:25:14 -0300] "GET /cormun/static/about:blank HTTP/1.1" 404 1011
186.79.86.105 - - [27/Mar/2017:17:25:14 -0300] "GET /cormun/servlet/solicitudotadjuntos?INS,2017,5429,,1, HTTP/1.1" 200 6025
186.79.86.105 - - [27/Mar/2017:17:25:15 -0300] "GET /cormun/servlet/solicitudotadjuntos?c78847df1e56e69450e3acc665c083e7497e4ba57d0232950a0768fad1a53e1137c9ca4a601a0bc3977a3076a2a5f4fc,gx-no-cache=1490646382666 HTTP/1.1" 200 30
186.79.86.105 - - [27/Mar/2017:17:25:15 -0300] "POST /cormun/servlet/solicitudotadjuntos?39d62634824658b049e271a9c9b05284,INS,2017,5429,,1,,gx-no-cache=1490646382868 HTTP/1.1" 200 3823
186.103.157.42 - - [27/Mar/2017:17:25:16 -0300] "POST /cormun/servlet/solicitudot?7fcecb6e8a553090faaca39ee612b7d8,INS,0,0,,gx-no-cache=1490646243535 HTTP/1.1" 200 93
186.103.157.42 - - [27/Mar/2017:17:25:16 -0300] "GET /cormun/servlet/hpexe_return? HTTP/1.1" 200 1006
186.103.157.42 - - [27/Mar/2017:17:25:16 -0300] "GET /cormun/servlet/trsolicitudot HTTP/1.1" 200 11535
186.103.157.42 - - [27/Mar/2017:17:25:17 -0300] "GET /cormun/servlet/trsolicitudot HTTP/1.1" 200 11530
186.79.86.105 - - [27/Mar/2017:17:25:19 -0300] "POST /cormun/servlet/solicitudotadjuntos?gx-no-cache=1490646387039 HTTP/1.1" 200 26
186.103.157.42 - - [27/Mar/2017:17:25:26 -0300] "POST /cormun/servlet/trsolicitudot?7fcecb6e8a553090faaca39ee612b7d8,gx-no-cache=1490646252949 HTTP/1.1" 200 8380
186.79.86.105 - - [27/Mar/2017:17:25:26 -0300] "GET /cormun/servlet/solicitudotadjuntos?c78847df1e56e69450e3acc665c083e737ad1c0855b59b640edc71079039c3da,gx-no-cache=1490646393283 HTTP/1.1" 200 30
186.103.157.42 - - [27/Mar/2017:17:25:26 -0300] "GET /cormun/static/Shared/jqueryui/images/ui-bg_highlight-soft_100_c6c2c8_1x100.png HTTP/1.1" 404 1117
186.103.157.42 - - [27/Mar/2017:17:25:26 -0300] "GET /cormun/static/Shared/jqueryui/images/ui-icons_82798d_256x240.png HTTP/1.1" 404 1089
186.103.157.42 - - [27/Mar/2017:17:25:26 -0300] "GET /cormun/static/Shared/jqueryui/images/ui-bg_flat_55_fafafa_40x100.png HTTP/1.1" 404 1097
186.103.157.42 - - [27/Mar/2017:17:25:26 -0300] "GET /cormun/static/Shared/jqueryui/images/ui-icons_8d78a5_256x240.png HTTP/1.1" 404 1089
186.79.86.105 - - [27/Mar/2017:17:25:26 -0300] "GET /cormun/servlet/solicitudotadjuntos?c78847df1e56e69450e3acc665c083e737ad1c0855b59b640edc71079039c3da,gx-no-cache=1490646393462 HTTP/1.1" 200 30
186.103.157.42 - - [27/Mar/2017:17:25:26 -0300] "POST /cormun/servlet/trsolicitudot?7fcecb6e8a553090faaca39ee612b7d8,gx-no-cache=1490646253850 HTTP/1.1" 200 8321
186.103.157.42 - - [27/Mar/2017:17:25:29 -0300] "GET /cormun/servlet/trautorizarsolicitud? HTTP/1.1" 200 8217
186.103.157.42 - - [27/Mar/2017:17:25:30 -0300] "GET /cormun/servlet/trautorizarsolicitud? HTTP/1.1" 200 8217
186.103.157.42 - - [27/Mar/2017:17:25:33 -0300] "POST /cormun/servlet/trautorizarsolicitud?7fcecb6e8a553090faaca39ee612b7d8,,gx-no-cache=1490646260548 HTTP/1.1" 200 4312
186.103.157.42 - - [27/Mar/2017:17:25:33 -0300] "GET /cormun/static/Shared/jqueryui/images/ui-icons_82798d_256x240.png HTTP/1.1" 404 1089
186.103.157.42 - - [27/Mar/2017:17:25:33 -0300] "GET /cormun/static/Shared/jqueryui/images/ui-bg_highlight-soft_100_c6c2c8_1x100.png HTTP/1.1" 404 1117
186.103.157.42 - - [27/Mar/2017:17:25:33 -0300] "GET /cormun/static/Shared/jqueryui/images/ui-bg_flat_55_fafafa_40x100.png HTTP/1.1" 404 1097
186.103.157.42 - - [27/Mar/2017:17:25:33 -0300] "GET /cormun/static/Shared/jqueryui/images/ui-icons_8d78a5_256x240.png HTTP/1.1" 404 1089
186.103.157.42 - - [27/Mar/2017:17:25:33 -0300] "POST /cormun/servlet/trautorizarsolicitud?7fcecb6e8a553090faaca39ee612b7d8,,gx-no-cache=1490646261067 HTTP/1.1" 200 4100
186.79.86.105 - - [27/Mar/2017:17:25:35 -0300] "POST /cormun/servlet/solicitudotadjuntos?39d62634824658b049e271a9c9b05284,INS,2017,5429,,1, HTTP/1.1" 200 116
186.79.86.105 - - [27/Mar/2017:17:25:35 -0300] "GET /cormun/servlet/hpexe_return? HTTP/1.1" 200 1019
186.79.86.105 - - [27/Mar/2017:17:25:35 -0300] "GET /cormun/servlet/trsolicitudadjuntos?2017,5429, HTTP/1.1" 200 8889
186.79.86.105 - - [27/Mar/2017:17:25:37 -0300] "GET /cormun/servlet/trsolicitudadjuntos?2017,5429, HTTP/1.1" 200 8888
186.79.86.105 - - [27/Mar/2017:17:25:39 -0300] "GET /cormun/servlet/solicitudotadjuntos?INS,2017,5429,,1, HTTP/1.1" 200 6034
186.79.86.105 - - [27/Mar/2017:17:25:39 -0300] "GET /cormun/static/about:blank HTTP/1.1" 404 1011
186.79.86.105 - - [27/Mar/2017:17:25:40 -0300] "GET /cormun/servlet/solicitudotadjuntos?INS,2017,5429,,1, HTTP/1.1" 200 6027
186.79.86.105 - - [27/Mar/2017:17:25:41 -0300] "GET /cormun/servlet/solicitudotadjuntos?c78847df1e56e69450e3acc665c083e7497e4ba57d0232950a0768fad1a53e1137c9ca4a601a0bc3977a3076a2a5f4fc,gx-no-cache=1490646408280 HTTP/1.1" 200 30
186.79.86.105 - - [27/Mar/2017:17:25:41 -0300] "POST /cormun/servlet/solicitudotadjuntos?39d62634824658b049e271a9c9b05284,INS,2017,5429,,1,,gx-no-cache=1490646408482 HTTP/1.1" 200 3824
186.79.86.105 - - [27/Mar/2017:17:25:44 -0300] "POST /cormun/servlet/solicitudotadjuntos?gx-no-cache=1490646411551 HTTP/1.1" 200 26
186.79.86.105 - - [27/Mar/2017:17:25:49 -0300] "GET /cormun/servlet/solicitudotadjuntos?c78847df1e56e69450e3acc665c083e737ad1c0855b59b640edc71079039c3da,gx-no-cache=1490646416402 HTTP/1.1" 200 30
186.79.86.105 - - [27/Mar/2017:17:25:49 -0300] "GET /cormun/servlet/solicitudotadjuntos?c78847df1e56e69450e3acc665c083e737ad1c0855b59b640edc71079039c3da,gx-no-cache=1490646416609 HTTP/1.1" 200 30
186.79.86.105 - - [27/Mar/2017:17:25:55 -0300] "POST /cormun/servlet/solicitudotadjuntos?39d62634824658b049e271a9c9b05284,INS,2017,5429,,1, HTTP/1.1" 200 116
186.79.86.105 - - [27/Mar/2017:17:25:55 -0300] "GET /cormun/servlet/hpexe_return? HTTP/1.1" 200 1019
186.79.86.105 - - [27/Mar/2017:17:25:56 -0300] "GET /cormun/servlet/trsolicitudadjuntos?2017,5429, HTTP/1.1" 200 9079
186.79.86.105 - - [27/Mar/2017:17:25:57 -0300] "GET /cormun/servlet/trsolicitudadjuntos?2017,5429, HTTP/1.1" 200 9076
186.79.86.105 - - [27/Mar/2017:17:26:01 -0300] "GET /cormun/servlet/trsolicitudot? HTTP/1.1" 200 8673
186.79.86.105 - - [27/Mar/2017:17:26:02 -0300] "GET /cormun/servlet/trsolicitudot? HTTP/1.1" 200 8667
186.79.86.105 - - [27/Mar/2017:17:26:06 -0300] "POST /cormun/servlet/trsolicitudot?39d62634824658b049e271a9c9b05284,,gx-no-cache=1490646433458 HTTP/1.1" 200 5468
186.79.86.105 - - [27/Mar/2017:17:26:06 -0300] "GET /cormun/static/Shared/jqueryui/images/ui-bg_highlight-soft_100_c6c2c8_1x100.png HTTP/1.1" 404 1117
186.79.86.105 - - [27/Mar/2017:17:26:06 -0300] "GET /cormun/static/Shared/jqueryui/images/ui-icons_82798d_256x240.png HTTP/1.1" 404 1089
186.79.86.105 - - [27/Mar/2017:17:26:06 -0300] "GET /cormun/static/Shared/jqueryui/images/ui-bg_flat_55_fafafa_40x100.png HTTP/1.1" 404 1097
186.79.86.105 - - [27/Mar/2017:17:26:06 -0300] "GET /cormun/static/Shared/jqueryui/images/ui-icons_8d78a5_256x240.png HTTP/1.1" 404 1089
186.79.86.105 - - [27/Mar/2017:17:26:07 -0300] "POST /cormun/servlet/trsolicitudot?39d62634824658b049e271a9c9b05284,,gx-no-cache=1490646434101 HTTP/1.1" 200 5412
186.79.86.105 - - [27/Mar/2017:17:26:10 -0300] "GET /cormun/servlet/trautorizarsolicitud? HTTP/1.1" 200 8146
186.79.86.105 - - [27/Mar/2017:17:26:12 -0300] "GET /cormun/servlet/trautorizarsolicitud? HTTP/1.1" 200 8146
186.79.86.105 - - [27/Mar/2017:17:26:16 -0300] "POST /cormun/servlet/trautorizarsolicitud?39d62634824658b049e271a9c9b05284,,gx-no-cache=1490646443294 HTTP/1.1" 200 4311
186.79.86.105 - - [27/Mar/2017:17:26:16 -0300] "GET /cormun/static/Shared/jqueryui/images/ui-bg_highlight-soft_100_c6c2c8_1x100.png HTTP/1.1" 404 1117
186.79.86.105 - - [27/Mar/2017:17:26:16 -0300] "GET /cormun/static/Shared/jqueryui/images/ui-icons_82798d_256x240.png HTTP/1.1" 404 1089
186.79.86.105 - - [27/Mar/2017:17:26:16 -0300] "GET /cormun/static/Shared/jqueryui/images/ui-bg_flat_55_fafafa_40x100.png HTTP/1.1" 404 1097
186.79.86.105 - - [27/Mar/2017:17:26:16 -0300] "GET /cormun/static/Shared/jqueryui/images/ui-icons_8d78a5_256x240.png HTTP/1.1" 404 1089
186.79.86.105 - - [27/Mar/2017:17:26:17 -0300] "POST /cormun/servlet/trautorizarsolicitud?39d62634824658b049e271a9c9b05284,,gx-no-cache=1490646443966 HTTP/1.1" 200 4096
186.79.86.105 - - [27/Mar/2017:17:26:21 -0300] "GET /cormun/servlet/trsolicitudot? HTTP/1.1" 200 8243
186.79.86.105 - - [27/Mar/2017:17:26:22 -0300] "GET /cormun/servlet/trsolicitudot? HTTP/1.1" 200 8242
