186.79.10.110 - - [27/Mar/2017:11:02:14 -0300] "POST /cormun/servlet/hlogin?b3948644497cf9da50069a4a2fc06fc0,gx-no-cache=1490623402042 HTTP/1.1" 200 90
186.79.10.110 - - [27/Mar/2017:11:02:14 -0300] "GET /cormun/servlet/hpexe_link HTTP/1.1" 200 946
186.79.10.110 - - [27/Mar/2017:11:02:14 -0300] "GET /cormun/servlet/hhome HTTP/1.1" 200 3751
186.79.10.110 - - [27/Mar/2017:11:02:15 -0300] "GET /cormun/servlet/hhome HTTP/1.1" 200 3748
186.79.10.110 - - [27/Mar/2017:11:02:18 -0300] "GET /cormun/servlet/trsolicitudot? HTTP/1.1" 200 8805
186.79.85.247 - - [27/Mar/2017:11:02:18 -0300] "GET /cormun/servlet/solicitudotadjuntos?bd6d84f579ebe68336503c37ffb6b2acfb572b5964a28240a0d59a4a3dbef49a,gx-no-cache=1490626847836 HTTP/1.1" 200 30
186.79.85.247 - - [27/Mar/2017:11:02:18 -0300] "GET /cormun/servlet/solicitudotadjuntos?bd6d84f579ebe68336503c37ffb6b2acfb572b5964a28240a0d59a4a3dbef49a,gx-no-cache=1490626854075 HTTP/1.1" 200 30
186.79.10.110 - - [27/Mar/2017:11:02:18 -0300] "GET /cormun/servlet/trsolicitudot? HTTP/1.1" 200 8802
192.168.10.96 - - [27/Mar/2017:11:02:20 -0300] "GET /cormun/servlet/vesolicitudnombre?2017,5352,,SolicitudOTAdjuntos HTTP/1.1" 200 10188
192.168.10.96 - - [27/Mar/2017:11:02:21 -0300] "GET /cormun/servlet/vesolicitudnombre?2017,5352,,SolicitudOTAdjuntos HTTP/1.1" 200 10190
186.79.10.110 - - [27/Mar/2017:11:02:21 -0300] "POST /cormun/servlet/trsolicitudot?b3948644497cf9da50069a4a2fc06fc0,,gx-no-cache=1490623408671 HTTP/1.1" 200 106
192.168.10.96 - - [27/Mar/2017:11:02:21 -0300] "POST /cormun/servlet/acontrolpreferencessavestate?None,DZAMUDIO,true HTTP/1.1" 200 35
186.79.10.110 - - [27/Mar/2017:11:02:21 -0300] "GET /cormun/servlet/trsolicitudadjuntos?2017,5755, HTTP/1.1" 200 8322
192.168.10.96 - - [27/Mar/2017:11:02:22 -0300] "GET /cormun/PublicTempStorage/cert._estudios4887827.pdf HTTP/1.1" 200 308627
186.79.10.110 - - [27/Mar/2017:11:02:22 -0300] "GET /cormun/servlet/trsolicitudadjuntos?2017,5755, HTTP/1.1" 200 8323
186.79.10.110 - - [27/Mar/2017:11:02:25 -0300] "GET /cormun/servlet/solicitudotadjuntos?DLT,2017,5755,CARNET,0, HTTP/1.1" 200 5745
186.79.10.110 - - [27/Mar/2017:11:02:26 -0300] "GET /cormun/static/Shared/jqueryui/images/ui-bg_highlight-soft_100_c6c2c8_1x100.png HTTP/1.1" 404 1117
186.79.10.110 - - [27/Mar/2017:11:02:26 -0300] "GET /cormun/static/Shared/jqueryui/images/ui-icons_82798d_256x240.png HTTP/1.1" 404 1089
186.79.10.110 - - [27/Mar/2017:11:02:26 -0300] "GET /cormun/static/Shared/jqueryui/images/ui-bg_flat_55_fafafa_40x100.png HTTP/1.1" 404 1097
186.79.10.110 - - [27/Mar/2017:11:02:26 -0300] "GET /cormun/static/Shared/jqueryui/images/ui-icons_8d78a5_256x240.png HTTP/1.1" 404 1089
186.79.10.110 - - [27/Mar/2017:11:02:26 -0300] "GET /cormun/servlet/solicitudotadjuntos?DLT,2017,5755,CARNET,0, HTTP/1.1" 200 5739
186.79.10.110 - - [27/Mar/2017:11:02:26 -0300] "GET /cormun/PublicTempStorage/cedula1868508.jpg HTTP/1.1" 200 652600
192.168.10.96 - - [27/Mar/2017:11:02:27 -0300] "GET /cormun/servlet/vesolicitudnombre?2017,5352,,SolicitudOTAdjuntos HTTP/1.1" 200 10189
192.168.10.96 - - [27/Mar/2017:11:02:27 -0300] "GET /cormun/servlet/vesolicitudnombre?2017,5352,,SolicitudOTAdjuntos HTTP/1.1" 200 10192
186.79.85.247 - - [27/Mar/2017:11:02:28 -0300] "POST /cormun/servlet/solicitudotadjuntos?c4c7cd65e5b71f85e9bc57c0f296ddc2,INS,2017,5746,,1, HTTP/1.1" 200 116
192.168.10.96 - - [27/Mar/2017:11:02:28 -0300] "POST /cormun/servlet/acontrolpreferencessavestate?None,DZAMUDIO,true HTTP/1.1" 200 35
186.79.85.247 - - [27/Mar/2017:11:02:28 -0300] "GET /cormun/servlet/hpexe_return? HTTP/1.1" 200 1022
186.79.10.110 - - [27/Mar/2017:11:02:29 -0300] "POST /cormun/servlet/solicitudotadjuntos?b3948644497cf9da50069a4a2fc06fc0,DLT,2017,5755,CARNET,0,,gx-no-cache=1490623416352 HTTP/1.1" 200 93
186.79.85.247 - - [27/Mar/2017:11:02:29 -0300] "GET /cormun/servlet/trsolicitudadjuntos?2017,5746, HTTP/1.1" 200 8590
186.79.10.110 - - [27/Mar/2017:11:02:29 -0300] "GET /cormun/servlet/hpexe_return? HTTP/1.1" 200 1023
186.79.10.110 - - [27/Mar/2017:11:02:29 -0300] "GET /cormun/servlet/trsolicitudadjuntos?2017,5755, HTTP/1.1" 200 8158
192.168.10.96 - - [27/Mar/2017:11:02:29 -0300] "GET /cormun/PublicTempStorage/afp6179769.pdf HTTP/1.1" 200 251893
186.79.10.110 - - [27/Mar/2017:11:02:30 -0300] "GET /cormun/servlet/trsolicitudadjuntos?2017,5755, HTTP/1.1" 200 8151
186.79.85.247 - - [27/Mar/2017:11:02:31 -0300] "GET /cormun/servlet/trsolicitudadjuntos?2017,5746, HTTP/1.1" 200 8590
186.79.10.110 - - [27/Mar/2017:11:02:32 -0300] "GET /cormun/servlet/solicitudotadjuntos?DLT,2017,5755,CERTIF1,0, HTTP/1.1" 200 5758
186.79.10.110 - - [27/Mar/2017:11:02:33 -0300] "GET /cormun/servlet/solicitudotadjuntos?DLT,2017,5755,CERTIF1,0, HTTP/1.1" 200 5751
192.168.10.96 - - [27/Mar/2017:11:02:33 -0300] "GET /cormun/servlet/vesolicitudnombre?2017,5352,,SolicitudOTAdjuntos HTTP/1.1" 200 10190
186.79.10.110 - - [27/Mar/2017:11:02:33 -0300] "GET /cormun/PublicTempStorage/licencia__media9731090.jpg HTTP/1.1" 200 731228
192.168.10.96 - - [27/Mar/2017:11:02:34 -0300] "GET /cormun/servlet/vesolicitudnombre?2017,5352,,SolicitudOTAdjuntos HTTP/1.1" 200 10191
192.168.10.96 - - [27/Mar/2017:11:02:35 -0300] "POST /cormun/servlet/acontrolpreferencessavestate?None,DZAMUDIO,true HTTP/1.1" 200 35
186.79.10.110 - - [27/Mar/2017:11:02:35 -0300] "POST /cormun/servlet/solicitudotadjuntos?b3948644497cf9da50069a4a2fc06fc0,DLT,2017,5755,CERTIF1,0,,gx-no-cache=1490623422556 HTTP/1.1" 200 93
186.79.10.110 - - [27/Mar/2017:11:02:35 -0300] "GET /cormun/servlet/hpexe_return? HTTP/1.1" 200 1023
192.168.10.96 - - [27/Mar/2017:11:02:35 -0300] "GET /cormun/PublicTempStorage/fonasa2088352.pdf HTTP/1.1" 200 279485
186.79.10.110 - - [27/Mar/2017:11:02:35 -0300] "GET /cormun/servlet/trsolicitudadjuntos?2017,5755, HTTP/1.1" 200 7934
186.79.10.110 - - [27/Mar/2017:11:02:36 -0300] "GET /cormun/servlet/trsolicitudadjuntos?2017,5755, HTTP/1.1" 200 7931
186.79.85.247 - - [27/Mar/2017:11:02:38 -0300] "GET /cormun/servlet/solicitudotadjuntos?INS,2017,5746,,1, HTTP/1.1" 200 5818
186.79.85.247 - - [27/Mar/2017:11:02:39 -0300] "GET /cormun/static/about:blank HTTP/1.1" 404 1011
186.79.85.247 - - [27/Mar/2017:11:02:40 -0300] "GET /cormun/servlet/solicitudotadjuntos?INS,2017,5746,,1, HTTP/1.1" 200 5812
186.79.85.247 - - [27/Mar/2017:11:02:40 -0300] "GET /cormun/servlet/solicitudotadjuntos?bd6d84f579ebe68336503c37ffb6b2acf2b04abb44ca7a361c950bdeb0534821ed1c7f6b5467f3530eddb24705e1d693,gx-no-cache=1490626875999 HTTP/1.1" 200 30
186.79.85.247 - - [27/Mar/2017:11:02:41 -0300] "POST /cormun/servlet/solicitudotadjuntos?c4c7cd65e5b71f85e9bc57c0f296ddc2,INS,2017,5746,,1,,gx-no-cache=1490626876134 HTTP/1.1" 200 3634
192.168.10.96 - - [27/Mar/2017:11:02:42 -0300] "GET /cormun/servlet/vesolicitudnombre?2017,5352,,SolicitudOTAdjuntos HTTP/1.1" 200 10188
192.168.10.96 - - [27/Mar/2017:11:02:42 -0300] "GET /cormun/servlet/vesolicitudnombre?2017,5352,,SolicitudOTAdjuntos HTTP/1.1" 200 10190
192.168.10.96 - - [27/Mar/2017:11:02:43 -0300] "POST /cormun/servlet/acontrolpreferencessavestate?None,DZAMUDIO,true HTTP/1.1" 200 35
192.168.10.96 - - [27/Mar/2017:11:02:44 -0300] "GET /cormun/PublicTempStorage/antecedentes7090226.pdf HTTP/1.1" 200 417304
186.79.10.110 - - [27/Mar/2017:11:02:44 -0300] "GET /cormun/servlet/solicitudotadjuntos?DLT,2017,5755,CERTIF3,0, HTTP/1.1" 200 5740
186.79.10.110 - - [27/Mar/2017:11:02:45 -0300] "GET /cormun/servlet/solicitudotadjuntos?DLT,2017,5755,CERTIF3,0, HTTP/1.1" 200 5734
186.79.10.110 - - [27/Mar/2017:11:02:45 -0300] "GET /cormun/PublicTempStorage/afp4464660.jpg HTTP/1.1" 200 510667
186.79.10.110 - - [27/Mar/2017:11:02:48 -0300] "POST /cormun/servlet/solicitudotadjuntos?b3948644497cf9da50069a4a2fc06fc0,DLT,2017,5755,CERTIF3,0,,gx-no-cache=1490623435273 HTTP/1.1" 200 93
186.79.10.110 - - [27/Mar/2017:11:02:48 -0300] "GET /cormun/servlet/hpexe_return? HTTP/1.1" 200 1024
186.79.10.110 - - [27/Mar/2017:11:02:48 -0300] "GET /cormun/servlet/trsolicitudadjuntos?2017,5755, HTTP/1.1" 200 5853
192.168.10.96 - - [27/Mar/2017:11:02:48 -0300] "GET /cormun/servlet/vesolicitudnombre?2017,5352,,SolicitudOTAdjuntos HTTP/1.1" 200 10189
186.79.10.110 - - [27/Mar/2017:11:02:49 -0300] "GET /cormun/servlet/trsolicitudadjuntos?2017,5755, HTTP/1.1" 200 5849
192.168.10.96 - - [27/Mar/2017:11:02:49 -0300] "GET /cormun/servlet/vesolicitudnombre?2017,5352,,SolicitudOTAdjuntos HTTP/1.1" 200 10191
192.168.10.96 - - [27/Mar/2017:11:02:50 -0300] "POST /cormun/servlet/acontrolpreferencessavestate?None,DZAMUDIO,true HTTP/1.1" 200 35
192.168.10.96 - - [27/Mar/2017:11:02:51 -0300] "GET /cormun/PublicTempStorage/curriculum1882123.pdf HTTP/1.1" 200 450818
186.79.85.247 - - [27/Mar/2017:11:02:57 -0300] "POST /cormun/servlet/solicitudotadjuntos?c4c7cd65e5b71f85e9bc57c0f296ddc2,INS,2017,5746,,1,,gx-no-cache=1490626892314 HTTP/1.1" 200 90
186.79.85.247 - - [27/Mar/2017:11:02:57 -0300] "GET /cormun/servlet/hpexe_link HTTP/1.1" 200 978
186.79.85.247 - - [27/Mar/2017:11:02:58 -0300] "GET /cormun/servlet/trsolicitudadjuntos?2017,5746, HTTP/1.1" 200 8588
186.79.85.247 - - [27/Mar/2017:11:02:59 -0300] "GET /cormun/servlet/trsolicitudadjuntos?2017,5746, HTTP/1.1" 200 8587
186.79.85.247 - - [27/Mar/2017:11:03:01 -0300] "GET /cormun/servlet/solicitudotadjuntos?INS,2017,5746,,2, HTTP/1.1" 200 5818
186.79.85.247 - - [27/Mar/2017:11:03:02 -0300] "GET /cormun/static/about:blank HTTP/1.1" 404 1011
186.79.85.247 - - [27/Mar/2017:11:03:03 -0300] "GET /cormun/servlet/solicitudotadjuntos?INS,2017,5746,,2, HTTP/1.1" 200 5812
186.79.85.247 - - [27/Mar/2017:11:03:04 -0300] "GET /cormun/servlet/solicitudotadjuntos?bd6d84f579ebe68336503c37ffb6b2acf2b04abb44ca7a361c950bdeb0534821ed1c7f6b5467f3530eddb24705e1d693,gx-no-cache=1490626899569 HTTP/1.1" 200 30
186.79.85.247 - - [27/Mar/2017:11:03:05 -0300] "POST /cormun/servlet/solicitudotadjuntos?c4c7cd65e5b71f85e9bc57c0f296ddc2,INS,2017,5746,,2,,gx-no-cache=1490626899969 HTTP/1.1" 200 3846
192.168.10.96 - - [27/Mar/2017:11:03:05 -0300] "GET /cormun/servlet/vesolicitudnombre?2017,5352,,SolicitudOTAdjuntos HTTP/1.1" 200 10188
186.79.10.110 - - [27/Mar/2017:11:03:05 -0300] "GET /cormun/servlet/solicitudotadjuntos?INS,2017,5755,,1, HTTP/1.1" 200 5787
186.79.10.110 - - [27/Mar/2017:11:03:06 -0300] "GET /cormun/static/about:blank HTTP/1.1" 404 1011
186.79.10.110 - - [27/Mar/2017:11:03:06 -0300] "GET /cormun/servlet/solicitudotadjuntos?INS,2017,5755,,1, HTTP/1.1" 200 5780
192.168.10.96 - - [27/Mar/2017:11:03:06 -0300] "GET /cormun/servlet/vesolicitudnombre?2017,5352,,SolicitudOTAdjuntos HTTP/1.1" 200 10190
186.79.10.110 - - [27/Mar/2017:11:03:06 -0300] "GET /cormun/servlet/solicitudotadjuntos?ac572a93a792b0075cf5fc8d0ab46ea6d2811ccf8cb26f9a3ffe8294c509d011383848bf1adfd391ea30a3774299d7b9,gx-no-cache=1490623453970 HTTP/1.1" 200 30
192.168.10.96 - - [27/Mar/2017:11:03:07 -0300] "POST /cormun/servlet/acontrolpreferencessavestate?None,DZAMUDIO,true HTTP/1.1" 200 35
186.79.10.110 - - [27/Mar/2017:11:03:07 -0300] "POST /cormun/servlet/solicitudotadjuntos?b3948644497cf9da50069a4a2fc06fc0,INS,2017,5755,,1,,gx-no-cache=1490623454317 HTTP/1.1" 200 3636
186.79.10.110 - - [27/Mar/2017:11:03:10 -0300] "POST /cormun/servlet/solicitudotadjuntos?gx-no-cache=1490623457440 HTTP/1.1" 200 26
186.79.10.110 - - [27/Mar/2017:11:03:14 -0300] "GET /cormun/servlet/solicitudotadjuntos?ac572a93a792b0075cf5fc8d0ab46ea6c2088736f4bc5d3136bd50a8a971ebe9,gx-no-cache=1490623462083 HTTP/1.1" 200 30
186.79.10.110 - - [27/Mar/2017:11:03:14 -0300] "GET /cormun/servlet/solicitudotadjuntos?ac572a93a792b0075cf5fc8d0ab46ea6c2088736f4bc5d3136bd50a8a971ebe9,gx-no-cache=1490623462149 HTTP/1.1" 200 30
186.79.85.247 - - [27/Mar/2017:11:03:24 -0300] "POST /cormun/servlet/solicitudotadjuntos?gx-no-cache=1490626919634 HTTP/1.1" 200 26
186.79.10.110 - - [27/Mar/2017:11:03:26 -0300] "POST /cormun/servlet/solicitudotadjuntos?b3948644497cf9da50069a4a2fc06fc0,INS,2017,5755,,1, HTTP/1.1" 200 116
186.79.10.110 - - [27/Mar/2017:11:03:26 -0300] "GET /cormun/servlet/hpexe_return? HTTP/1.1" 200 1017
186.79.10.110 - - [27/Mar/2017:11:03:26 -0300] "GET /cormun/servlet/trsolicitudadjuntos?2017,5755, HTTP/1.1" 200 7936
186.79.10.110 - - [27/Mar/2017:11:03:27 -0300] "GET /cormun/servlet/trsolicitudadjuntos?2017,5755, HTTP/1.1" 200 7933
186.79.10.110 - - [27/Mar/2017:11:03:34 -0300] "GET /cormun/servlet/solicitudotadjuntos?INS,2017,5755,,1, HTTP/1.1" 200 5786
186.79.10.110 - - [27/Mar/2017:11:03:35 -0300] "GET /cormun/static/about:blank HTTP/1.1" 404 1011
186.79.10.110 - - [27/Mar/2017:11:03:35 -0300] "GET /cormun/servlet/solicitudotadjuntos?INS,2017,5755,,1, HTTP/1.1" 200 5779
186.79.10.110 - - [27/Mar/2017:11:03:35 -0300] "GET /cormun/servlet/solicitudotadjuntos?ac572a93a792b0075cf5fc8d0ab46ea6d2811ccf8cb26f9a3ffe8294c509d011383848bf1adfd391ea30a3774299d7b9,gx-no-cache=1490623483004 HTTP/1.1" 200 30
186.79.10.110 - - [27/Mar/2017:11:03:35 -0300] "POST /cormun/servlet/solicitudotadjuntos?b3948644497cf9da50069a4a2fc06fc0,INS,2017,5755,,1,,gx-no-cache=1490623483101 HTTP/1.1" 200 3637
186.79.85.247 - - [27/Mar/2017:11:03:36 -0300] "GET /cormun/servlet/solicitudotadjuntos?bd6d84f579ebe68336503c37ffb6b2acfb572b5964a28240a0d59a4a3dbef49a,gx-no-cache=1490626932227 HTTP/1.1" 200 30
186.79.85.247 - - [27/Mar/2017:11:03:37 -0300] "GET /cormun/servlet/solicitudotadjuntos?bd6d84f579ebe68336503c37ffb6b2acfb572b5964a28240a0d59a4a3dbef49a,gx-no-cache=1490626932318 HTTP/1.1" 200 30
186.79.151.210 - - [27/Mar/2017:11:03:39 -0300] "POST /cormun/servlet/solicitudot?gx-no-cache=1490623485876 HTTP/1.1" 200 1291
186.79.85.247 - - [27/Mar/2017:11:03:40 -0300] "POST /cormun/servlet/solicitudotadjuntos?c4c7cd65e5b71f85e9bc57c0f296ddc2,INS,2017,5746,,2, HTTP/1.1" 200 116
186.79.85.247 - - [27/Mar/2017:11:03:40 -0300] "GET /cormun/servlet/hpexe_return? HTTP/1.1" 200 1022
186.79.85.247 - - [27/Mar/2017:11:03:41 -0300] "GET /cormun/servlet/trsolicitudadjuntos?2017,5746, HTTP/1.1" 200 8828
186.79.10.110 - - [27/Mar/2017:11:03:41 -0300] "POST /cormun/servlet/solicitudotadjuntos?gx-no-cache=1490623488946 HTTP/1.1" 200 26
186.79.151.210 - - [27/Mar/2017:11:03:42 -0300] "GET /cormun/servlet/prlicenciaspermisos?15107983,L,,MD,,gxPopupLevel%3D0%3B HTTP/1.1" 200 6119
186.79.151.210 - - [27/Mar/2017:11:03:42 -0300] "GET /cormun/static/gxcfg.js?20173171152124 HTTP/1.1" 200 953
186.79.151.210 - - [27/Mar/2017:11:03:42 -0300] "GET /cormun/static/hmpwkw011.js?201731711483558 HTTP/1.1" 304 -
186.79.151.210 - - [27/Mar/2017:11:03:42 -0300] "GET /cormun/static/menusearch.js?201610171694467 HTTP/1.1" 304 -
186.79.151.210 - - [27/Mar/2017:11:03:42 -0300] "GET /cormun/static/prlicenciaspermisos.js?20173171152323 HTTP/1.1" 304 -
186.79.85.247 - - [27/Mar/2017:11:03:43 -0300] "GET /cormun/servlet/trsolicitudadjuntos?2017,5746, HTTP/1.1" 200 8830
186.79.10.110 - - [27/Mar/2017:11:03:48 -0300] "GET /cormun/servlet/solicitudotadjuntos?ac572a93a792b0075cf5fc8d0ab46ea6c2088736f4bc5d3136bd50a8a971ebe9,gx-no-cache=1490623495780 HTTP/1.1" 200 30
186.79.10.110 - - [27/Mar/2017:11:03:48 -0300] "GET /cormun/servlet/solicitudotadjuntos?ac572a93a792b0075cf5fc8d0ab46ea6c2088736f4bc5d3136bd50a8a971ebe9,gx-no-cache=1490623495865 HTTP/1.1" 200 30
186.79.85.247 - - [27/Mar/2017:11:03:52 -0300] "GET /cormun/servlet/trsolicitudot? HTTP/1.1" 200 9160
186.79.85.247 - - [27/Mar/2017:11:03:54 -0300] "GET /cormun/servlet/trsolicitudot? HTTP/1.1" 200 9153
186.79.151.210 - - [27/Mar/2017:11:03:55 -0300] "GET /cormun/static/menuarrow.gif HTTP/1.1" 404 1015
186.79.10.110 - - [27/Mar/2017:11:04:00 -0300] "POST /cormun/servlet/solicitudotadjuntos?b3948644497cf9da50069a4a2fc06fc0,INS,2017,5755,,1, HTTP/1.1" 200 116
186.79.10.110 - - [27/Mar/2017:11:04:00 -0300] "GET /cormun/servlet/hpexe_return? HTTP/1.1" 200 1017
186.79.10.110 - - [27/Mar/2017:11:04:01 -0300] "GET /cormun/servlet/trsolicitudadjuntos?2017,5755, HTTP/1.1" 200 8156
186.79.10.110 - - [27/Mar/2017:11:04:02 -0300] "GET /cormun/servlet/trsolicitudadjuntos?2017,5755, HTTP/1.1" 200 8150
186.79.10.110 - - [27/Mar/2017:11:04:06 -0300] "GET /cormun/servlet/solicitudotadjuntos?INS,2017,5755,,1, HTTP/1.1" 200 5786
186.79.10.110 - - [27/Mar/2017:11:04:06 -0300] "GET /cormun/static/about:blank HTTP/1.1" 404 1011
186.79.10.110 - - [27/Mar/2017:11:04:06 -0300] "GET /cormun/servlet/solicitudotadjuntos?INS,2017,5755,,1, HTTP/1.1" 200 5779
186.79.10.110 - - [27/Mar/2017:11:04:07 -0300] "GET /cormun/servlet/solicitudotadjuntos?ac572a93a792b0075cf5fc8d0ab46ea6d2811ccf8cb26f9a3ffe8294c509d011383848bf1adfd391ea30a3774299d7b9,gx-no-cache=1490623514556 HTTP/1.1" 200 30
186.79.10.110 - - [27/Mar/2017:11:04:07 -0300] "POST /cormun/servlet/solicitudotadjuntos?b3948644497cf9da50069a4a2fc06fc0,INS,2017,5755,,1,,gx-no-cache=1490623514658 HTTP/1.1" 200 3637
186.79.85.247 - - [27/Mar/2017:11:04:10 -0300] "POST /cormun/servlet/trsolicitudot?c4c7cd65e5b71f85e9bc57c0f296ddc2,,gx-no-cache=1490626965187 HTTP/1.1" 200 5973
186.79.85.247 - - [27/Mar/2017:11:04:11 -0300] "GET /cormun/static/Shared/jqueryui/images/ui-bg_highlight-soft_100_c6c2c8_1x100.png HTTP/1.1" 404 1117
186.79.85.247 - - [27/Mar/2017:11:04:11 -0300] "GET /cormun/static/Shared/jqueryui/images/ui-icons_82798d_256x240.png HTTP/1.1" 404 1089
186.79.85.247 - - [27/Mar/2017:11:04:11 -0300] "GET /cormun/static/Shared/jqueryui/images/ui-bg_flat_55_fafafa_40x100.png HTTP/1.1" 404 1097
186.79.85.247 - - [27/Mar/2017:11:04:11 -0300] "GET /cormun/static/Shared/jqueryui/images/ui-icons_8d78a5_256x240.png HTTP/1.1" 404 1089
186.79.10.110 - - [27/Mar/2017:11:04:11 -0300] "POST /cormun/servlet/solicitudotadjuntos?gx-no-cache=1490623518775 HTTP/1.1" 200 26
186.79.85.247 - - [27/Mar/2017:11:04:14 -0300] "POST /cormun/servlet/trsolicitudot?c4c7cd65e5b71f85e9bc57c0f296ddc2,,gx-no-cache=1490626966756 HTTP/1.1" 200 5914
186.79.85.247 - - [27/Mar/2017:11:04:20 -0300] "POST /cormun/servlet/trsolicitudot?c4c7cd65e5b71f85e9bc57c0f296ddc2,,gx-no-cache=1490626975614 HTTP/1.1" 200 5559
186.79.85.247 - - [27/Mar/2017:11:04:21 -0300] "POST /cormun/servlet/trsolicitudot?c4c7cd65e5b71f85e9bc57c0f296ddc2,,gx-no-cache=1490626976588 HTTP/1.1" 200 5501
186.79.10.110 - - [27/Mar/2017:11:04:22 -0300] "GET /cormun/servlet/solicitudotadjuntos?ac572a93a792b0075cf5fc8d0ab46ea6c2088736f4bc5d3136bd50a8a971ebe9,gx-no-cache=1490623529774 HTTP/1.1" 200 30
186.79.10.110 - - [27/Mar/2017:11:04:22 -0300] "GET /cormun/servlet/solicitudotadjuntos?ac572a93a792b0075cf5fc8d0ab46ea6c2088736f4bc5d3136bd50a8a971ebe9,gx-no-cache=1490623529920 HTTP/1.1" 200 30
186.79.85.247 - - [27/Mar/2017:11:04:24 -0300] "POST /cormun/servlet/trsolicitudot?c4c7cd65e5b71f85e9bc57c0f296ddc2,,gx-no-cache=1490626979241 HTTP/1.1" 200 5566
186.79.10.110 - - [27/Mar/2017:11:04:30 -0300] "POST /cormun/servlet/solicitudotadjuntos?b3948644497cf9da50069a4a2fc06fc0,INS,2017,5755,,1, HTTP/1.1" 200 116
186.79.10.110 - - [27/Mar/2017:11:04:30 -0300] "GET /cormun/servlet/hpexe_return? HTTP/1.1" 200 1017
186.79.10.110 - - [27/Mar/2017:11:04:31 -0300] "GET /cormun/servlet/trsolicitudadjuntos?2017,5755, HTTP/1.1" 200 8316
186.79.10.110 - - [27/Mar/2017:11:04:32 -0300] "GET /cormun/servlet/trsolicitudadjuntos?2017,5755, HTTP/1.1" 200 8315
186.79.85.247 - - [27/Mar/2017:11:04:34 -0300] "POST /cormun/servlet/trsolicitudot?c4c7cd65e5b71f85e9bc57c0f296ddc2,,gx-no-cache=1490626987013 HTTP/1.1" 200 107
186.79.85.247 - - [27/Mar/2017:11:04:34 -0300] "GET /cormun/servlet/trsolicitudadjuntos?2017,5746, HTTP/1.1" 200 8826
186.79.10.110 - - [27/Mar/2017:11:04:35 -0300] "GET /cormun/servlet/solicitudotadjuntos?INS,2017,5755,,1, HTTP/1.1" 200 5787
186.79.10.110 - - [27/Mar/2017:11:04:35 -0300] "GET /cormun/static/about:blank HTTP/1.1" 404 1011
186.79.10.110 - - [27/Mar/2017:11:04:35 -0300] "GET /cormun/servlet/solicitudotadjuntos?INS,2017,5755,,1, HTTP/1.1" 200 5780
186.79.10.110 - - [27/Mar/2017:11:04:36 -0300] "GET /cormun/servlet/solicitudotadjuntos?ac572a93a792b0075cf5fc8d0ab46ea6d2811ccf8cb26f9a3ffe8294c509d011383848bf1adfd391ea30a3774299d7b9,gx-no-cache=1490623543701 HTTP/1.1" 200 30
186.79.10.110 - - [27/Mar/2017:11:04:36 -0300] "POST /cormun/servlet/solicitudotadjuntos?b3948644497cf9da50069a4a2fc06fc0,INS,2017,5755,,1,,gx-no-cache=1490623543787 HTTP/1.1" 200 3637
186.79.85.247 - - [27/Mar/2017:11:04:37 -0300] "GET /cormun/servlet/trsolicitudadjuntos?2017,5746, HTTP/1.1" 200 8828
186.79.85.247 - - [27/Mar/2017:11:04:42 -0300] "GET /cormun/servlet/solicitudotadjuntos?INS,2017,5746,,1, HTTP/1.1" 200 5818
186.79.85.247 - - [27/Mar/2017:11:04:43 -0300] "GET /cormun/static/about:blank HTTP/1.1" 404 1011
186.79.10.110 - - [27/Mar/2017:11:04:43 -0300] "POST /cormun/servlet/solicitudotadjuntos?gx-no-cache=1490623550709 HTTP/1.1" 200 26
186.79.85.247 - - [27/Mar/2017:11:04:44 -0300] "GET /cormun/servlet/solicitudotadjuntos?INS,2017,5746,,1, HTTP/1.1" 200 5812
186.79.85.247 - - [27/Mar/2017:11:04:44 -0300] "GET /cormun/servlet/solicitudotadjuntos?bd6d84f579ebe68336503c37ffb6b2acf2b04abb44ca7a361c950bdeb0534821ed1c7f6b5467f3530eddb24705e1d693,gx-no-cache=1490627000086 HTTP/1.1" 200 30
186.79.85.247 - - [27/Mar/2017:11:04:45 -0300] "POST /cormun/servlet/solicitudotadjuntos?c4c7cd65e5b71f85e9bc57c0f296ddc2,INS,2017,5746,,1,,gx-no-cache=1490627000273 HTTP/1.1" 200 3635
186.79.10.110 - - [27/Mar/2017:11:04:48 -0300] "GET /cormun/servlet/solicitudotadjuntos?ac572a93a792b0075cf5fc8d0ab46ea6c2088736f4bc5d3136bd50a8a971ebe9,gx-no-cache=1490623555993 HTTP/1.1" 200 30
186.79.10.110 - - [27/Mar/2017:11:04:48 -0300] "GET /cormun/servlet/solicitudotadjuntos?ac572a93a792b0075cf5fc8d0ab46ea6c2088736f4bc5d3136bd50a8a971ebe9,gx-no-cache=1490623556105 HTTP/1.1" 200 30
186.79.151.210 - - [27/Mar/2017:11:04:50 -0300] "GET /cormun/servlet/prlicenciaspermisos?15107983,L,,MD,,gxPopupLevel%3D0%3B HTTP/1.1" 200 6119
186.79.85.247 - - [27/Mar/2017:11:04:54 -0300] "POST /cormun/servlet/solicitudotadjuntos?gx-no-cache=1490627009482 HTTP/1.1" 200 26
186.79.10.110 - - [27/Mar/2017:11:04:58 -0300] "POST /cormun/servlet/solicitudotadjuntos?b3948644497cf9da50069a4a2fc06fc0,INS,2017,5755,,1, HTTP/1.1" 200 116
186.79.10.110 - - [27/Mar/2017:11:04:58 -0300] "GET /cormun/servlet/hpexe_return? HTTP/1.1" 200 1017
186.79.10.110 - - [27/Mar/2017:11:04:59 -0300] "GET /cormun/servlet/trsolicitudadjuntos?2017,5755, HTTP/1.1" 200 8456
186.79.10.110 - - [27/Mar/2017:11:05:00 -0300] "GET /cormun/servlet/trsolicitudadjuntos?2017,5755, HTTP/1.1" 200 8452
186.79.85.247 - - [27/Mar/2017:11:05:05 -0300] "GET /cormun/servlet/solicitudotadjuntos?bd6d84f579ebe68336503c37ffb6b2acfb572b5964a28240a0d59a4a3dbef49a,gx-no-cache=1490627020674 HTTP/1.1" 200 30
186.79.85.247 - - [27/Mar/2017:11:05:05 -0300] "GET /cormun/servlet/solicitudotadjuntos?bd6d84f579ebe68336503c37ffb6b2acfb572b5964a28240a0d59a4a3dbef49a,gx-no-cache=1490627020772 HTTP/1.1" 200 30
186.79.10.110 - - [27/Mar/2017:11:05:16 -0300] "GET /cormun/servlet/solicitudotadjuntos?INS,2017,5755,,1, HTTP/1.1" 200 5787
186.79.10.110 - - [27/Mar/2017:11:05:16 -0300] "GET /cormun/static/about:blank HTTP/1.1" 404 1011
186.79.10.110 - - [27/Mar/2017:11:05:17 -0300] "GET /cormun/servlet/solicitudotadjuntos?INS,2017,5755,,1, HTTP/1.1" 200 5780
186.79.10.110 - - [27/Mar/2017:11:05:17 -0300] "GET /cormun/servlet/solicitudotadjuntos?ac572a93a792b0075cf5fc8d0ab46ea6d2811ccf8cb26f9a3ffe8294c509d011383848bf1adfd391ea30a3774299d7b9,gx-no-cache=1490623585099 HTTP/1.1" 200 30
186.79.10.110 - - [27/Mar/2017:11:05:17 -0300] "POST /cormun/servlet/solicitudotadjuntos?b3948644497cf9da50069a4a2fc06fc0,INS,2017,5755,,1,,gx-no-cache=1490623585189 HTTP/1.1" 200 3637
186.79.10.110 - - [27/Mar/2017:11:05:21 -0300] "POST /cormun/servlet/solicitudotadjuntos?gx-no-cache=1490623588880 HTTP/1.1" 200 26
186.79.85.247 - - [27/Mar/2017:11:05:25 -0300] "POST /cormun/servlet/solicitudotadjuntos?c4c7cd65e5b71f85e9bc57c0f296ddc2,INS,2017,5746,,1, HTTP/1.1" 200 116
157.55.39.136 - - [27/Mar/2017:11:05:25 -0300] "GET /cormun/servlet/hlogin?_escaped_fragment_= HTTP/1.1" 200 1709
186.79.85.247 - - [27/Mar/2017:11:05:25 -0300] "GET /cormun/servlet/hpexe_return? HTTP/1.1" 200 1022
186.79.85.247 - - [27/Mar/2017:11:05:26 -0300] "GET /cormun/servlet/trsolicitudadjuntos?2017,5746, HTTP/1.1" 200 9083
186.79.151.210 - - [27/Mar/2017:11:05:26 -0300] "POST /cormun/servlet/solicitudot?gx-no-cache=1490623594398 HTTP/1.1" 200 41
186.79.10.110 - - [27/Mar/2017:11:05:27 -0300] "GET /cormun/servlet/solicitudotadjuntos?ac572a93a792b0075cf5fc8d0ab46ea6c2088736f4bc5d3136bd50a8a971ebe9,gx-no-cache=1490623595322 HTTP/1.1" 200 30
186.79.85.247 - - [27/Mar/2017:11:05:28 -0300] "GET /cormun/servlet/trsolicitudadjuntos?2017,5746, HTTP/1.1" 200 9080
186.79.10.110 - - [27/Mar/2017:11:05:29 -0300] "GET /cormun/servlet/solicitudotadjuntos?ac572a93a792b0075cf5fc8d0ab46ea6c2088736f4bc5d3136bd50a8a971ebe9,gx-no-cache=1490623595384 HTTP/1.1" 200 30
192.168.10.89 - - [27/Mar/2017:11:05:32 -0300] "GET /cormunbeta/servlet/hlogin HTTP/1.1" 200 1719
192.168.10.89 - - [27/Mar/2017:11:05:37 -0300] "GET /cormun/servlet/hlogin HTTP/1.1" 200 1722
186.79.151.210 - - [27/Mar/2017:11:05:41 -0300] "GET /cormun/servlet/solicitudot?3157afc4a529bf0970972fcb3fc51cdaa8f2a52b90c1328dbfc1b39b02726b1c58d5d169ebdcdecb870e4d35e3e426f087aa42915f1fe8321b58a460330010866b1d71d8d8c72f6f170cba78522a31336c8dda7c605c7aa4497dbb495fc7d3b47083f0ac830965a4ff488446ece7a9a9,gx-no-cache=1490623609035 HTTP/1.1" 200 29
186.79.151.210 - - [27/Mar/2017:11:05:41 -0300] "POST /cormun/servlet/solicitudot?gx-no-cache=1490623609122 HTTP/1.1" 200 1274
186.79.151.210 - - [27/Mar/2017:11:05:41 -0300] "POST /cormun/servlet/solicitudot?gx-no-cache=1490623609294 HTTP/1.1" 200 1156
192.168.10.89 - - [27/Mar/2017:11:05:42 -0300] "POST /cormun/servlet/hlogin?07f9b7cf22e072995662fc52943f4421,gx-no-cache=1490626821751 HTTP/1.1" 200 90
192.168.10.89 - - [27/Mar/2017:11:05:42 -0300] "GET /cormun/servlet/hpexe_link HTTP/1.1" 200 952
192.168.10.89 - - [27/Mar/2017:11:05:43 -0300] "GET /cormun/servlet/hhome HTTP/1.1" 200 4397
186.79.151.210 - - [27/Mar/2017:11:05:43 -0300] "POST /cormun/servlet/solicitudot?gx-no-cache=1490623610568 HTTP/1.1" 200 1274
186.79.151.210 - - [27/Mar/2017:11:05:43 -0300] "POST /cormun/servlet/solicitudot?gx-no-cache=1490623611014 HTTP/1.1" 200 1156
186.79.10.110 - - [27/Mar/2017:11:05:44 -0300] "POST /cormun/servlet/solicitudotadjuntos?b3948644497cf9da50069a4a2fc06fc0,INS,2017,5755,,1, HTTP/1.1" 200 5848
186.79.10.110 - - [27/Mar/2017:11:05:45 -0300] "GET /cormun/static/Shared/jqueryui/images/ui-bg_flat_55_994d53_40x100.png HTTP/1.1" 404 1097
186.79.10.110 - - [27/Mar/2017:11:05:45 -0300] "GET /cormun/static/Shared/jqueryui/images/ui-icons_ebccce_256x240.png HTTP/1.1" 404 1089
186.79.10.110 - - [27/Mar/2017:11:05:46 -0300] "GET /cormun/PrivateTempStorage/upload_00003961.jpg HTTP/1.1" 200 860672
192.168.10.89 - - [27/Mar/2017:11:05:47 -0300] "GET /cormun/servlet/trsolicitudgral? HTTP/1.1" 200 24801
192.168.10.89 - - [27/Mar/2017:11:05:47 -0300] "GET /cormun/static/gxcfg.js?201732110400 HTTP/1.1" 304 -
192.168.10.89 - - [27/Mar/2017:11:05:47 -0300] "GET /cormun/static/trsolicitudgral.js?2017321104863 HTTP/1.1" 304 -
186.79.151.210 - - [27/Mar/2017:11:05:50 -0300] "GET /cormun/servlet/solicitudot?3157afc4a529bf0970972fcb3fc51cda94f19a67f07be99508f55e3574a4af94c8b64e730f7b5ab87b0a01a23ccb1f202b21df0a4ae0f8ae6278e2d15c6127e7669b7b27d45e7c4de2cd5fbaa2c125d6e7507835ef5d90abf72c41523c20cf0fd723f837ed0370b3930c6c760813377729e1c6ca024be25bbfb1c7d691a3ae43eac04c76ec63e54848e84506ce6c5ece2af7b26250041c8ee45f8e0caa1892f7e00651995c7587e38fbde7baf1bf7ca5822afcdff6be52e6f7f5970af1a3aaa7,gx-no-cache=1490623617814 HTTP/1.1" 200 30
192.168.10.89 - - [27/Mar/2017:11:05:54 -0300] "GET /cormun/static/menuarrow.gif HTTP/1.1" 404 1015
186.79.10.110 - - [27/Mar/2017:11:06:00 -0300] "POST /cormun/servlet/solicitudotadjuntos?gx-no-cache=1490623627743 HTTP/1.1" 200 26
192.168.10.89 - - [27/Mar/2017:11:06:01 -0300] "POST /cormun/servlet/trsolicitudgral?07f9b7cf22e072995662fc52943f4421,,gx-no-cache=1490626840444 HTTP/1.1" 200 15930
192.168.10.89 - - [27/Mar/2017:11:06:12 -0300] "POST /cormun/servlet/trsolicitudgral?07f9b7cf22e072995662fc52943f4421,,gx-no-cache=1490626851379 HTTP/1.1" 200 6670
186.79.10.110 - - [27/Mar/2017:11:06:17 -0300] "GET /cormun/servlet/hlogin HTTP/1.1" 200 1715
186.79.10.110 - - [27/Mar/2017:11:06:20 -0300] "POST /cormun/servlet/hlogin?60e198726a361c5d0d6d14fe27534400,gx-no-cache=1490623647945 HTTP/1.1" 200 90
186.79.10.110 - - [27/Mar/2017:11:06:20 -0300] "GET /cormun/servlet/hpexe_link HTTP/1.1" 200 947
186.79.10.110 - - [27/Mar/2017:11:06:20 -0300] "GET /cormun/servlet/hhome HTTP/1.1" 200 3750
186.79.10.110 - - [27/Mar/2017:11:06:21 -0300] "GET /cormun/servlet/hhome HTTP/1.1" 200 3747
186.79.10.110 - - [27/Mar/2017:11:06:24 -0300] "GET /cormun/servlet/trsolicitudot? HTTP/1.1" 200 8805
186.79.10.110 - - [27/Mar/2017:11:06:25 -0300] "GET /cormun/servlet/trsolicitudot? HTTP/1.1" 200 8803
186.79.10.110 - - [27/Mar/2017:11:06:28 -0300] "POST /cormun/servlet/trsolicitudot?60e198726a361c5d0d6d14fe27534400,,gx-no-cache=1490623655652 HTTP/1.1" 200 106
186.79.10.110 - - [27/Mar/2017:11:06:28 -0300] "GET /cormun/servlet/trsolicitudadjuntos?2017,5755, HTTP/1.1" 200 8450
186.79.10.110 - - [27/Mar/2017:11:06:29 -0300] "GET /cormun/servlet/trsolicitudadjuntos?2017,5755, HTTP/1.1" 200 8454
186.79.10.110 - - [27/Mar/2017:11:06:40 -0300] "GET /cormun/servlet/solicitudotadjuntos?INS,2017,5755,,1, HTTP/1.1" 200 5788
186.79.10.110 - - [27/Mar/2017:11:06:41 -0300] "GET /cormun/static/about:blank HTTP/1.1" 404 1011
186.79.10.110 - - [27/Mar/2017:11:06:41 -0300] "GET /cormun/servlet/solicitudotadjuntos?INS,2017,5755,,1, HTTP/1.1" 200 5782
186.79.10.110 - - [27/Mar/2017:11:06:41 -0300] "GET /cormun/servlet/solicitudotadjuntos?3da640be9236f1d65c783bbe3436c4afff4ee9251a7684ba615f5c789e56b7c7c2ccde92fedc6f1734515dd1e5e8bc48,gx-no-cache=1490623669396 HTTP/1.1" 200 30
186.79.10.110 - - [27/Mar/2017:11:06:44 -0300] "POST /cormun/servlet/solicitudotadjuntos?60e198726a361c5d0d6d14fe27534400,INS,2017,5755,,1,,gx-no-cache=1490623671125 HTTP/1.1" 200 3637
186.79.10.110 - - [27/Mar/2017:11:06:46 -0300] "POST /cormun/servlet/solicitudotadjuntos?gx-no-cache=1490623674223 HTTP/1.1" 200 26
186.79.10.110 - - [27/Mar/2017:11:06:52 -0300] "GET /cormun/servlet/solicitudotadjuntos?3da640be9236f1d65c783bbe3436c4afd67b3a7487e401a438558bc8a9a6329a,gx-no-cache=1490623680067 HTTP/1.1" 200 30
186.79.10.110 - - [27/Mar/2017:11:06:52 -0300] "GET /cormun/servlet/solicitudotadjuntos?3da640be9236f1d65c783bbe3436c4afd67b3a7487e401a438558bc8a9a6329a,gx-no-cache=1490623680131 HTTP/1.1" 200 30
186.79.151.210 - - [27/Mar/2017:11:07:03 -0300] "POST /cormun/servlet/solicitudot?827c49fa297f5255c9a04d131b06bc14,INS,0,0,,gx-no-cache=1490623690378 HTTP/1.1" 200 93
186.79.151.210 - - [27/Mar/2017:11:07:03 -0300] "GET /cormun/servlet/hpexe_return? HTTP/1.1" 200 1005
186.79.151.210 - - [27/Mar/2017:11:07:03 -0300] "GET /cormun/servlet/trsolicitudot HTTP/1.1" 200 8632
186.79.151.210 - - [27/Mar/2017:11:07:04 -0300] "GET /cormun/servlet/trsolicitudot HTTP/1.1" 200 8628
186.79.10.110 - - [27/Mar/2017:11:07:07 -0300] "POST /cormun/servlet/solicitudotadjuntos?60e198726a361c5d0d6d14fe27534400,INS,2017,5755,,1, HTTP/1.1" 200 5849
186.79.10.110 - - [27/Mar/2017:11:07:07 -0300] "GET /cormun/static/Shared/jqueryui/images/ui-bg_highlight-soft_100_c6c2c8_1x100.png HTTP/1.1" 404 1117
186.79.10.110 - - [27/Mar/2017:11:07:07 -0300] "GET /cormun/static/Shared/jqueryui/images/ui-icons_82798d_256x240.png HTTP/1.1" 404 1089
186.79.10.110 - - [27/Mar/2017:11:07:07 -0300] "GET /cormun/static/Shared/jqueryui/images/ui-bg_flat_55_994d53_40x100.png HTTP/1.1" 404 1097
186.79.10.110 - - [27/Mar/2017:11:07:07 -0300] "GET /cormun/static/Shared/jqueryui/images/ui-icons_ebccce_256x240.png HTTP/1.1" 404 1089
186.79.10.110 - - [27/Mar/2017:11:07:08 -0300] "GET /cormun/PrivateTempStorage/upload_00003973.jpg HTTP/1.1" 200 860672
186.79.10.110 - - [27/Mar/2017:11:07:21 -0300] "POST /cormun/servlet/solicitudotadjuntos?gx-no-cache=1490623709232 HTTP/1.1" 200 26
186.79.151.210 - - [27/Mar/2017:11:07:32 -0300] "POST /cormun/servlet/trsolicitudot?827c49fa297f5255c9a04d131b06bc14,gx-no-cache=1490623719752 HTTP/1.1" 200 106
186.79.151.210 - - [27/Mar/2017:11:07:32 -0300] "GET /cormun/servlet/trsolicitudadjuntos?2017,5756, HTTP/1.1" 200 5933
186.79.151.210 - - [27/Mar/2017:11:07:32 -0300] "GET /cormun/static/trsolicitudadjuntos.js?201731711504951 HTTP/1.1" 304 -
186.79.151.210 - - [27/Mar/2017:11:07:33 -0300] "GET /cormun/static/gxcfg.js?201731711504543 HTTP/1.1" 200 953
186.79.151.210 - - [27/Mar/2017:11:07:33 -0300] "GET /cormun/servlet/trsolicitudadjuntos?2017,5756, HTTP/1.1" 200 5933
186.79.10.110 - - [27/Mar/2017:11:07:37 -0300] "GET /cormun/servlet/hlogin HTTP/1.1" 200 1723
186.79.151.210 - - [27/Mar/2017:11:07:37 -0300] "GET /cormun/servlet/solicitudotadjuntos?INS,2017,5756,,1, HTTP/1.1" 200 5867
186.79.151.210 - - [27/Mar/2017:11:07:38 -0300] "GET /cormun/static/gxcfg.js?201612218465951 HTTP/1.1" 200 953
186.79.151.210 - - [27/Mar/2017:11:07:38 -0300] "GET /cormun/static/solicitudotadjuntos.js?201612218465969 HTTP/1.1" 304 -
186.79.151.210 - - [27/Mar/2017:11:07:38 -0300] "GET /cormun/static/about:blank HTTP/1.1" 404 1011
186.79.151.210 - - [27/Mar/2017:11:07:38 -0300] "GET /cormun/servlet/solicitudotadjuntos?INS,2017,5756,,1, HTTP/1.1" 200 5861
186.79.151.210 - - [27/Mar/2017:11:07:38 -0300] "GET /cormun/servlet/solicitudotadjuntos?3157afc4a529bf0970972fcb3fc51cdaa375377b67995560045f3d415c89b7dac80f73ee85bb2ad798f9e6a46c3ecc05,gx-no-cache=1490623726431 HTTP/1.1" 200 30
186.79.10.110 - - [27/Mar/2017:11:07:39 -0300] "POST /cormun/servlet/hlogin?de909f4949d27bc87b16acd468134662,gx-no-cache=1490623726753 HTTP/1.1" 200 90
186.79.10.110 - - [27/Mar/2017:11:07:39 -0300] "GET /cormun/servlet/hpexe_link HTTP/1.1" 200 952
186.79.10.110 - - [27/Mar/2017:11:07:39 -0300] "GET /cormun/servlet/hhome HTTP/1.1" 200 3760
186.79.151.210 - - [27/Mar/2017:11:07:39 -0300] "POST /cormun/servlet/solicitudotadjuntos?827c49fa297f5255c9a04d131b06bc14,INS,2017,5756,,1,,gx-no-cache=1490623726718 HTTP/1.1" 200 3686
186.79.10.110 - - [27/Mar/2017:11:07:40 -0300] "GET /cormun/servlet/hhome HTTP/1.1" 200 3757
186.79.10.110 - - [27/Mar/2017:11:07:42 -0300] "GET /cormun/servlet/trsolicitudot? HTTP/1.1" 200 8813
186.79.10.110 - - [27/Mar/2017:11:07:43 -0300] "GET /cormun/servlet/trsolicitudot? HTTP/1.1" 200 8811
186.79.10.110 - - [27/Mar/2017:11:07:46 -0300] "POST /cormun/servlet/trsolicitudot?de909f4949d27bc87b16acd468134662,,gx-no-cache=1490623734017 HTTP/1.1" 200 106
186.79.10.110 - - [27/Mar/2017:11:07:47 -0300] "GET /cormun/servlet/trsolicitudadjuntos?2017,5755, HTTP/1.1" 200 8460
186.79.10.110 - - [27/Mar/2017:11:07:48 -0300] "GET /cormun/servlet/trsolicitudadjuntos?2017,5755, HTTP/1.1" 200 8461
186.79.10.110 - - [27/Mar/2017:11:08:00 -0300] "GET /cormun/servlet/solicitudotadjuntos?INS,2017,5755,,1, HTTP/1.1" 200 5795
186.79.10.110 - - [27/Mar/2017:11:08:00 -0300] "GET /cormun/static/about:blank HTTP/1.1" 404 1011
186.79.10.110 - - [27/Mar/2017:11:08:00 -0300] "GET /cormun/servlet/solicitudotadjuntos?INS,2017,5755,,1, HTTP/1.1" 200 5789
186.79.10.110 - - [27/Mar/2017:11:08:01 -0300] "GET /cormun/servlet/solicitudotadjuntos?f4f0f54d59efe1f8e40a7d57ce4598540e16fd889846e83abe757593f6108b4b8f006208c6f24dc7a9da1c622fc5cc1d,gx-no-cache=1490623748662 HTTP/1.1" 200 30
186.79.10.110 - - [27/Mar/2017:11:08:01 -0300] "POST /cormun/servlet/solicitudotadjuntos?de909f4949d27bc87b16acd468134662,INS,2017,5755,,1,,gx-no-cache=1490623748748 HTTP/1.1" 200 3643
186.79.10.110 - - [27/Mar/2017:11:08:05 -0300] "POST /cormun/servlet/solicitudotadjuntos?gx-no-cache=1490623752503 HTTP/1.1" 200 26
192.168.10.62 - - [27/Mar/2017:11:08:20 -0300] "POST /cormun/servlet/trsolicitudgral?eba6c09be562105411ddd335edda3912,,gx-no-cache=1490626979204 HTTP/1.1" 200 5181
192.168.10.62 - - [27/Mar/2017:11:08:20 -0300] "GET /cormun/static/Shared/jqueryui/images/ui-bg_highlight-soft_100_c6c2c8_1x100.png HTTP/1.1" 404 1117
192.168.10.62 - - [27/Mar/2017:11:08:20 -0300] "GET /cormun/static/Shared/jqueryui/images/ui-icons_82798d_256x240.png HTTP/1.1" 404 1089
192.168.10.62 - - [27/Mar/2017:11:08:20 -0300] "GET /cormun/static/Shared/jqueryui/images/ui-bg_flat_55_fafafa_40x100.png HTTP/1.1" 404 1097
192.168.10.62 - - [27/Mar/2017:11:08:20 -0300] "GET /cormun/static/Shared/jqueryui/images/ui-icons_8d78a5_256x240.png HTTP/1.1" 404 1089
192.168.10.62 - - [27/Mar/2017:11:08:26 -0300] "POST /cormun/servlet/trsolicitudgral?eba6c09be562105411ddd335edda3912,,gx-no-cache=1490626985631 HTTP/1.1" 200 4979
192.168.10.62 - - [27/Mar/2017:11:08:33 -0300] "POST /cormun/servlet/trsolicitudgral?eba6c09be562105411ddd335edda3912,,gx-no-cache=1490626992383 HTTP/1.1" 200 12405
192.168.10.62 - - [27/Mar/2017:11:08:35 -0300] "POST /cormun/servlet/trsolicitudgral?eba6c09be562105411ddd335edda3912,,gx-no-cache=1490626994120 HTTP/1.1" 200 105
192.168.10.62 - - [27/Mar/2017:11:08:35 -0300] "GET /cormun/SolicitudGral-1822.xls HTTP/1.1" 200 13312
186.79.10.110 - - [27/Mar/2017:11:08:48 -0300] "GET /cormun/servlet/solicitudotadjuntos?f4f0f54d59efe1f8e40a7d57ce459854f660a35370a9f91f4b94dd2ea6f88f86,gx-no-cache=1490623796273 HTTP/1.1" 200 30
186.79.10.110 - - [27/Mar/2017:11:08:48 -0300] "GET /cormun/servlet/solicitudotadjuntos?f4f0f54d59efe1f8e40a7d57ce459854f660a35370a9f91f4b94dd2ea6f88f86,gx-no-cache=1490623796368 HTTP/1.1" 200 30
186.79.10.110 - - [27/Mar/2017:11:08:58 -0300] "POST /cormun/servlet/solicitudotadjuntos?de909f4949d27bc87b16acd468134662,INS,2017,5755,,1, HTTP/1.1" 200 5831
186.79.10.110 - - [27/Mar/2017:11:08:58 -0300] "GET /cormun/static/Shared/jqueryui/images/ui-bg_highlight-soft_100_c6c2c8_1x100.png HTTP/1.1" 404 1117
186.79.10.110 - - [27/Mar/2017:11:08:58 -0300] "GET /cormun/static/Shared/jqueryui/images/ui-icons_82798d_256x240.png HTTP/1.1" 404 1089
186.79.10.110 - - [27/Mar/2017:11:08:58 -0300] "GET /cormun/static/Shared/jqueryui/images/ui-bg_flat_55_994d53_40x100.png HTTP/1.1" 404 1097
186.79.10.110 - - [27/Mar/2017:11:08:58 -0300] "GET /cormun/static/Shared/jqueryui/images/ui-icons_ebccce_256x240.png HTTP/1.1" 404 1089
186.79.10.110 - - [27/Mar/2017:11:08:59 -0300] "GET /cormun/PrivateTempStorage/upload_00003985.jpg HTTP/1.1" 200 538335
186.79.10.110 - - [27/Mar/2017:11:09:30 -0300] "GET /cormun/servlet/hlogin HTTP/1.1" 200 1724
186.79.10.110 - - [27/Mar/2017:11:09:33 -0300] "POST /cormun/servlet/hlogin?3670fc0f0ac11c9b7a30c9475334ff41,gx-no-cache=1490623840497 HTTP/1.1" 200 90
186.79.10.110 - - [27/Mar/2017:11:09:33 -0300] "GET /cormun/servlet/hpexe_link HTTP/1.1" 200 954
186.79.10.110 - - [27/Mar/2017:11:09:33 -0300] "GET /cormun/servlet/hhome HTTP/1.1" 200 3759
186.79.10.110 - - [27/Mar/2017:11:09:34 -0300] "GET /cormun/servlet/hhome HTTP/1.1" 200 3756
186.103.159.182 - - [27/Mar/2017:11:09:36 -0300] "GET /cormun/servlet/hlogin HTTP/1.1" 200 1727
186.103.159.182 - - [27/Mar/2017:11:09:36 -0300] "GET /cormun/static/gxtimezone.js?85251 HTTP/1.1" 200 5781
186.103.159.182 - - [27/Mar/2017:11:09:36 -0300] "GET /cormun/static/gxcfg.js?201731711485472 HTTP/1.1" 200 953
186.103.159.182 - - [27/Mar/2017:11:09:37 -0300] "GET /cormun/static/Resources/Spanish/PXTools.css?11294912 HTTP/1.1" 200 89042
186.103.159.182 - - [27/Mar/2017:11:09:37 -0300] "GET /cormun/static/messages.spa.js?85251 HTTP/1.1" 200 30736
186.103.159.182 - - [27/Mar/2017:11:09:37 -0300] "GET /cormun/static/hlogin.js?201731711485490 HTTP/1.1" 200 2136
186.103.159.182 - - [27/Mar/2017:11:09:37 -0300] "GET /cormun/static/gxgral.js?85251 HTTP/1.1" 200 384558
186.103.159.182 - - [27/Mar/2017:11:09:37 -0300] "GET /cormun/static/Resources/ComunLogin.png HTTP/1.1" 200 17326
186.103.159.182 - - [27/Mar/2017:11:09:37 -0300] "GET /cormun/static/Resources/PXToolsLoginTop.png HTTP/1.1" 200 1337
186.103.159.182 - - [27/Mar/2017:11:09:37 -0300] "GET /cormun/static/Resources/PXToolsLoginBackground.png HTTP/1.1" 200 1164
186.103.159.182 - - [27/Mar/2017:11:09:37 -0300] "GET /cormun/static/Resources/PXToolsButtonLeft21.png HTTP/1.1" 200 1287
186.103.159.182 - - [27/Mar/2017:11:09:37 -0300] "GET /cormun/static/Resources/PXToolsButtonRight21.png HTTP/1.1" 200 1283
186.103.159.182 - - [27/Mar/2017:11:09:37 -0300] "GET /cormun/static/Resources/PXToolsButtonBackground2.png HTTP/1.1" 200 1181
186.103.159.182 - - [27/Mar/2017:11:09:37 -0300] "GET /cormun/static/Resources/PXToolsLoginBottom.png HTTP/1.1" 200 1389
186.103.159.182 - - [27/Mar/2017:11:09:37 -0300] "GET /cormun/static/Resources/indicator.gif HTTP/1.1" 200 1553
186.103.159.182 - - [27/Mar/2017:11:09:37 -0300] "GET /cormun/servlet/hlogin HTTP/1.1" 200 1737
186.79.10.110 - - [27/Mar/2017:11:09:41 -0300] "GET /cormun/servlet/trsolicitudot? HTTP/1.1" 200 8813
186.79.10.110 - - [27/Mar/2017:11:09:41 -0300] "GET /cormun/servlet/trsolicitudot? HTTP/1.1" 200 8811
186.103.159.182 - - [27/Mar/2017:11:09:43 -0300] "POST /cormun/servlet/hlogin?094ff0064cd7d86a9924297bcf45d02d,gx-no-cache=1490624054619 HTTP/1.1" 200 90
186.103.159.182 - - [27/Mar/2017:11:09:43 -0300] "GET /cormun/servlet/hpexe_link HTTP/1.1" 200 957
186.103.159.182 - - [27/Mar/2017:11:09:43 -0300] "GET /cormun/static/gxcfg.js?201731711483381 HTTP/1.1" 200 953
186.103.159.182 - - [27/Mar/2017:11:09:43 -0300] "GET /cormun/static/hpexe_link.js?201731711483384 HTTP/1.1" 200 625
186.103.159.182 - - [27/Mar/2017:11:09:43 -0300] "GET /cormun/servlet/hhome HTTP/1.1" 200 4036
186.103.159.182 - - [27/Mar/2017:11:09:43 -0300] "GET /cormun/static/gxcfg.js?201731711483497 HTTP/1.1" 200 953
186.103.159.182 - - [27/Mar/2017:11:09:43 -0300] "GET /cormun/static/Shared/jqueryui/jquery-ui.min.css?1245370 HTTP/1.1" 200 30288
186.103.159.182 - - [27/Mar/2017:11:09:43 -0300] "GET /cormun/static/SmoothNavMenu/resources/ddsmoothmenu.css?1012540 HTTP/1.1" 200 2223
186.103.159.182 - - [27/Mar/2017:11:09:43 -0300] "GET /cormun/static/scaMessage/css/jquery.pnotify.default.css?1716380 HTTP/1.1" 200 1707
186.103.159.182 - - [27/Mar/2017:11:09:43 -0300] "GET /cormun/static/SmoothNavMenu/resources/ddsmoothmenu-v.css?1012540 HTTP/1.1" 200 1188
186.79.151.210 - - [27/Mar/2017:11:09:43 -0300] "POST /cormun/servlet/solicitudotadjuntos?gx-no-cache=1490623850825 HTTP/1.1" 200 26
186.103.159.182 - - [27/Mar/2017:11:09:43 -0300] "GET /cormun/static/PXToolsJavascripts/pexe_autoreload.js HTTP/1.1" 200 1762
186.103.159.182 - - [27/Mar/2017:11:09:43 -0300] "GET /cormun/static/PXToolsJavascripts/pexe_cookies.js HTTP/1.1" 200 792
186.103.159.182 - - [27/Mar/2017:11:09:43 -0300] "GET /cormun/static/PXToolsJavascripts/pexe_windows.js HTTP/1.1" 200 15207
186.103.159.182 - - [27/Mar/2017:11:09:43 -0300] "GET /cormun/static/PXToolsJavascripts/pexe_grid.js HTTP/1.1" 200 7559
186.103.159.182 - - [27/Mar/2017:11:09:43 -0300] "GET /cormun/static/PXToolsJavascripts/pexe_griddivfix.js HTTP/1.1" 200 6644
186.103.159.182 - - [27/Mar/2017:11:09:43 -0300] "GET /cormun/static/PXToolsJavascripts/pexe_link.js HTTP/1.1" 200 5671
186.103.159.182 - - [27/Mar/2017:11:09:43 -0300] "GET /cormun/static/PXToolsJavascripts/pexe_menudivfix.js HTTP/1.1" 200 333
186.103.159.182 - - [27/Mar/2017:11:09:43 -0300] "GET /cormun/static/PXToolsJavascripts/pexe_menus.js HTTP/1.1" 200 1286
186.103.159.182 - - [27/Mar/2017:11:09:43 -0300] "GET /cormun/static/PXToolsJavascripts/pexe_oav.js HTTP/1.1" 200 645
186.103.159.182 - - [27/Mar/2017:11:09:43 -0300] "GET /cormun/static/PXToolsJavascripts/pexe_layers.js HTTP/1.1" 200 4114
186.103.159.182 - - [27/Mar/2017:11:09:43 -0300] "GET /cormun/static/PXToolsJavascripts/pexe_oavdivfix.js HTTP/1.1" 200 639
186.103.159.182 - - [27/Mar/2017:11:09:43 -0300] "GET /cormun/static/PXToolsJavascripts/pexe_popup.js HTTP/1.1" 200 13458
186.103.159.182 - - [27/Mar/2017:11:09:43 -0300] "GET /cormun/static/PXToolsJavascripts/pexe_scrolldiv.js HTTP/1.1" 200 4138
186.103.159.182 - - [27/Mar/2017:11:09:43 -0300] "GET /cormun/static/PXToolsJavascripts/pexe_tabs.js HTTP/1.1" 200 3748
186.103.159.182 - - [27/Mar/2017:11:09:43 -0300] "GET /cormun/static/PXToolsJavascripts/pexe_tabdivfix.js HTTP/1.1" 200 876
186.103.159.182 - - [27/Mar/2017:11:09:43 -0300] "GET /cormun/static/PXToolsJavascripts/pexe_upload.js HTTP/1.1" 200 1423
186.103.159.182 - - [27/Mar/2017:11:09:43 -0300] "GET /cormun/static/PXToolsJavascripts/PXToolsJavascriptsRender.js HTTP/1.1" 200 367
186.103.159.182 - - [27/Mar/2017:11:09:43 -0300] "GET /cormun/static/RunJS/RunJS.js HTTP/1.1" 200 288
186.103.159.182 - - [27/Mar/2017:11:09:43 -0300] "GET /cormun/static/PXToolsJavascripts/pexe_picture.js HTTP/1.1" 200 689
186.103.159.182 - - [27/Mar/2017:11:09:43 -0300] "GET /cormun/static/hpexe_recentlink.js?201610171694390 HTTP/1.1" 200 2144
186.103.159.182 - - [27/Mar/2017:11:09:43 -0300] "GET /cormun/static/Shared/ext/locale/ext-lang-en.js HTTP/1.1" 200 10940
186.103.159.182 - - [27/Mar/2017:11:09:43 -0300] "GET /cormun/static/hhome.js?20173171148352 HTTP/1.1" 200 777
186.103.159.182 - - [27/Mar/2017:11:09:43 -0300] "GET /cormun/static/hwchdr01.js?201731711335950 HTTP/1.1" 200 1183
186.103.159.182 - - [27/Mar/2017:11:09:43 -0300] "GET /cormun/static/Resources/PXToolsHeaderBackground2.png HTTP/1.1" 200 1174
186.103.159.182 - - [27/Mar/2017:11:09:43 -0300] "GET /cormun/static/Resources/PXToolsHeaderActionsLeft.png HTTP/1.1" 200 1118
186.103.159.182 - - [27/Mar/2017:11:09:43 -0300] "GET /cormun/static/Resources/logo4.png HTTP/1.1" 200 6582
186.103.159.182 - - [27/Mar/2017:11:09:43 -0300] "GET /cormun/static/Resources/PXToolsHeaderLogin.png HTTP/1.1" 200 4279
186.103.159.182 - - [27/Mar/2017:11:09:43 -0300] "GET /cormun/static/Resources/PXToolsHeaderActionsBackground.png HTTP/1.1" 200 484
186.103.159.182 - - [27/Mar/2017:11:09:43 -0300] "GET /cormun/static/Resources/PXToolsFooterBackground2.png HTTP/1.1" 200 1172
186.103.159.182 - - [27/Mar/2017:11:09:43 -0300] "GET /cormun/static/Resources/PXToolsDataTitle.png HTTP/1.1" 200 1173
186.103.159.182 - - [27/Mar/2017:11:09:43 -0300] "GET /cormun/static/Resources/PXToolsHeaderSecurity.png HTTP/1.1" 200 4166
186.103.159.182 - - [27/Mar/2017:11:09:43 -0300] "GET /cormun/static/gxui/gxui-all.js HTTP/1.1" 200 107772
186.103.159.182 - - [27/Mar/2017:11:09:43 -0300] "GET /cormun/static/Resources/PXToolsHeaderActionsRight.png HTTP/1.1" 200 1201
186.103.159.182 - - [27/Mar/2017:11:09:43 -0300] "GET /cormun/static/Resources/PXToolsHeaderPreferences.png HTTP/1.1" 200 4189
186.103.159.182 - - [27/Mar/2017:11:09:43 -0300] "GET /cormun/static/Resources/PXToolsHeaderHome.png HTTP/1.1" 200 4147
186.103.159.182 - - [27/Mar/2017:11:09:43 -0300] "GET /cormun/static/hpexe_scripts.js?201731711335890 HTTP/1.1" 200 1544
186.103.159.182 - - [27/Mar/2017:11:09:44 -0300] "GET /cormun/static/hpexe_messagecontroller.js?201610171694323 HTTP/1.1" 200 870
186.103.159.182 - - [27/Mar/2017:11:09:44 -0300] "GET /cormun/static/hpexe_messagepopupcomponent.js?20161017169425 HTTP/1.1" 200 605
186.103.159.182 - - [27/Mar/2017:11:09:44 -0300] "GET /cormun/static/cmcontrolpreferences.js?201731711335852 HTTP/1.1" 200 1375
186.103.159.182 - - [27/Mar/2017:11:09:44 -0300] "GET /cormun/static/hpexe_messagegenexuscomponent.js?201731711335537 HTTP/1.1" 200 587
186.103.159.182 - - [27/Mar/2017:11:09:44 -0300] "GET /cormun/static/SmoothNavMenu/resources/ddsmoothmenu.js HTTP/1.1" 200 12712
186.103.159.182 - - [27/Mar/2017:11:09:44 -0300] "GET /cormun/static/SmoothNavMenu/resources/SmoothNavMenuRender.js HTTP/1.1" 200 5951
186.103.159.182 - - [27/Mar/2017:11:09:44 -0300] "GET /cormun/static/scaMessage/scaMessageRender.js HTTP/1.1" 200 11977
186.103.159.182 - - [27/Mar/2017:11:09:44 -0300] "GET /cormun/static/scaMessage/js/jquery.pnotify.min.js HTTP/1.1" 200 13038
186.103.159.182 - - [27/Mar/2017:11:09:44 -0300] "GET /cormun/static/hmpwkw03.js?201731711485354 HTTP/1.1" 200 3965
186.103.159.182 - - [27/Mar/2017:11:09:44 -0300] "GET /cormun/static/Shared/ext/ext-all.js HTTP/1.1" 200 1289687
186.103.159.182 - - [27/Mar/2017:11:09:44 -0300] "GET /cormun/static/Shared/jquery/jquery-1.4.2.min.js HTTP/1.1" 200 72174
186.103.159.182 - - [27/Mar/2017:11:09:45 -0300] "GET /cormun/static/Shared/jqueryui/jquery-ui.min.js HTTP/1.1" 200 240427
186.79.10.110 - - [27/Mar/2017:11:09:45 -0300] "POST /cormun/servlet/trsolicitudot?3670fc0f0ac11c9b7a30c9475334ff41,,gx-no-cache=1490623852158 HTTP/1.1" 200 106
186.103.159.182 - - [27/Mar/2017:11:09:45 -0300] "GET /cormun/static/Shared/jquery/jquery-1.10.2.min.js HTTP/1.1" 200 273199
186.79.10.110 - - [27/Mar/2017:11:09:45 -0300] "GET /cormun/servlet/trsolicitudadjuntos?2017,5755, HTTP/1.1" 200 8458
186.103.159.182 - - [27/Mar/2017:11:09:46 -0300] "GET /cormun/servlet/hhome HTTP/1.1" 200 4033
186.103.159.182 - - [27/Mar/2017:11:09:46 -0300] "GET /cormun/static/SmoothNavMenu/resources/images/down.gif HTTP/1.1" 200 854
186.103.159.182 - - [27/Mar/2017:11:09:46 -0300] "GET /cormun/static/SmoothNavMenu/resources/images/right.gif HTTP/1.1" 200 860
186.79.10.110 - - [27/Mar/2017:11:09:46 -0300] "GET /cormun/servlet/trsolicitudadjuntos?2017,5755, HTTP/1.1" 200 8459
186.103.159.182 - - [27/Mar/2017:11:09:56 -0300] "GET /cormun/servlet/trautorizarpermisogoce? HTTP/1.1" 200 6780
186.103.159.182 - - [27/Mar/2017:11:09:56 -0300] "GET /cormun/static/calendar-system.css?75620 HTTP/1.1" 200 5572
186.103.159.182 - - [27/Mar/2017:11:09:56 -0300] "GET /cormun/static/gxui/gxui-all.css?110300 HTTP/1.1" 200 2179
186.103.159.182 - - [27/Mar/2017:11:09:56 -0300] "GET /cormun/static/gxcfg.js?201731711543713 HTTP/1.1" 200 953
186.103.159.182 - - [27/Mar/2017:11:09:56 -0300] "GET /cormun/static/calendar-setup.js?85251 HTTP/1.1" 200 2588
186.103.159.182 - - [27/Mar/2017:11:09:56 -0300] "GET /cormun/static/calendar-es.js?85251 HTTP/1.1" 200 1901
186.103.159.182 - - [27/Mar/2017:11:09:56 -0300] "GET /cormun/static/calendar.js?85251 HTTP/1.1" 200 26246
186.103.159.182 - - [27/Mar/2017:11:09:56 -0300] "GET /cormun/static/Resources/PXTools/calendar.png HTTP/1.1" 200 1306
186.103.159.182 - - [27/Mar/2017:11:09:56 -0300] "GET /cormun/static/trautorizarpermisogoce.js?201731711544173 HTTP/1.1" 200 31036
186.103.159.182 - - [27/Mar/2017:11:09:56 -0300] "GET /cormun/static/Shared/ext/resources/css/ext-all.css?205870 HTTP/1.1" 200 416045
