186.103.156.166 - - [27/Mar/2017:10:05:32 -0300] "GET /cormun/servlet/solicitudot?8a0b4e527feafd5839493402eb058913ece6bb0b7aff9e81284aa880170e3726c611030ae016d191aec5e684d2365d6bdc5ca07f086ddcc3e8cfadeea895a4cb175a188d7bb9e3210d7fd62114a6995cd8fe93e5c533c0f56f7d10b0ebaf01fb73445aec13538beab16676234b5bbebb097c6ccb10708e5921ca05b2d0d4bd06c8a883d214b2c9732e30ef9024104a79f5690e036469bba820f3bf590e1ea0b267a8eff1d7df4584ab756ff640e7b502fe065f6663bee3e10dfcb3146919c4c6ae5b2fe7a172244f6f083f086cd47aee37ef91ef6335208a3b922964f207f17f1137eb38de7501e4cb66013c2eb3ac91db99e84d9dc2fca1783737862c7c0d479090712ec372f8a2926119ff54da2d2b4cab468f7540db22af46772a4d190ae3ccb22b5c0c05e8b502aeecdb196cbecf269c2fa1d0f35bede30ff0ea87fba69dc13592f39a4104286613f7ce64c27550b9c6bda7d32b22796f95f8f3f9e32977a720a069d89496de7479cee47a2ee17b9e61d65f93febcd06048bfb127679234,gx-no-cache=1490623595091 HTTP/1.1" 200 30
186.103.156.166 - - [27/Mar/2017:10:05:32 -0300] "POST /cormun/servlet/solicitudot?gx-no-cache=1490623595457 HTTP/1.1" 200 30
186.103.156.166 - - [27/Mar/2017:10:05:33 -0300] "POST /cormun/servlet/solicitudot?gx-no-cache=1490623595559 HTTP/1.1" 200 1290
186.103.156.166 - - [27/Mar/2017:10:05:33 -0300] "POST /cormun/servlet/solicitudot?gx-no-cache=1490623596114 HTTP/1.1" 200 41
186.103.159.187 - - [27/Mar/2017:10:05:34 -0300] "GET /cormun/servlet/solicitudot?INS,0,0, HTTP/1.1" 200 12550
186.103.159.187 - - [27/Mar/2017:10:05:35 -0300] "GET /cormun/servlet/solicitudot?INS,0,0, HTTP/1.1" 200 12555
186.103.156.166 - - [27/Mar/2017:10:05:45 -0300] "GET /cormun/servlet/solicitudot?8a0b4e527feafd5839493402eb058913110165852536d70f699d5eefd8aca46a951bc8d0178a7312c38fcfb8c4a931f8f8e34723f2d09dc04d3795d6b35a86152ec3212d04a179daf7028af56e122dc1a2d54caf957c36c64473cd5721e6610d4bfc4d15444bf21f41d158d1815a31ff61246beb3f1050509f8051a4579434dfccb02d8d6faf0428f4ca1b1195aa99417250226c32a6df7c0c6265906512ddd9,gx-no-cache=1490623608541 HTTP/1.1" 200 29
186.103.156.166 - - [27/Mar/2017:10:05:45 -0300] "POST /cormun/servlet/solicitudot?gx-no-cache=1490623608580 HTTP/1.1" 200 1274
186.103.156.166 - - [27/Mar/2017:10:05:45 -0300] "POST /cormun/servlet/solicitudot?gx-no-cache=1490623608664 HTTP/1.1" 200 1155
186.103.156.166 - - [27/Mar/2017:10:05:45 -0300] "GET /cormun/servlet/solicitudot?8a0b4e527feafd5839493402eb05891335a1ffd4fa3620ede9e64cada4fd8a576f647b099a0f4e923c49b5421de42f6fa763d05105452506c09fbb2ec75fbfca9d123b25bd0134ff2b08f218386a24239f15d32542a5f94a61360949a51ceaf824d2b9661dca0a056241a360d18ee28ab2560b14ae0e71915dc9e069d790902fa289824a6fe929580f7cc6fa76666b86a7130f246428c392054b0383e13124f4587b89d21bc548ddc0f437f9572afd32,gx-no-cache=1490623608762 HTTP/1.1" 200 32
186.103.156.166 - - [27/Mar/2017:10:05:45 -0300] "POST /cormun/servlet/solicitudot?ab94eaaba87bb3d94055f32eb6878d2d,UPD,2017,5249,,gx-no-cache=1490623608802 HTTP/1.1" 200 93
186.103.156.166 - - [27/Mar/2017:10:05:46 -0300] "GET /cormun/servlet/hpexe_return? HTTP/1.1" 200 1010
186.103.156.166 - - [27/Mar/2017:10:05:46 -0300] "GET /cormun/static/Resources/Spanish/PXTools.css?167811 HTTP/1.1" 304 -
186.103.156.166 - - [27/Mar/2017:10:05:46 -0300] "GET /cormun/static/gxcfg.js?2016101716175148 HTTP/1.1" 304 -
186.103.156.166 - - [27/Mar/2017:10:05:46 -0300] "GET /cormun/static/hpexe_return.js?2016101716175153 HTTP/1.1" 304 -
186.103.156.166 - - [27/Mar/2017:10:05:46 -0300] "GET /cormun/servlet/trsolicitudot HTTP/1.1" 200 8632
186.103.156.166 - - [27/Mar/2017:10:05:46 -0300] "GET /cormun/servlet/trsolicitudot HTTP/1.1" 200 8628
192.168.10.62 - - [27/Mar/2017:10:05:47 -0300] "POST /cormun/servlet/trsolicitudgral?eba6c09be562105411ddd335edda3912,,gx-no-cache=1490623226647 HTTP/1.1" 200 8365
186.103.159.230 - - [27/Mar/2017:10:05:51 -0300] "GET /cormun/servlet/solicitudot?14e2530ad2a2916861e9f82b30fe41b20087df5107c4081afae761d123471064046fde1f360f07e5871d6b36003d1de5c5ea30c43a1b8730ab0f09e7416ca4fd14079257b81af501d19846d1adbb51432258f1d1533af70711949fdffe30de9fceba82ad138fc272c0d1fb9c1cd13677ffa588ace1f32834606d8d904e69d64bea75ae6116aa0dfeb5e1e22cc066e79cee14d6e4cef8ff1719a60b244915b5fcebc3c6ade0dc3b1df260d1774042a36417882a7436c4144d38727a31d59d9b5d,gx-no-cache=1490620018906 HTTP/1.1" 200 30
186.103.156.166 - - [27/Mar/2017:10:05:55 -0300] "GET /cormun/servlet/solicitudot?UPD,2017,5249, HTTP/1.1" 200 14380
186.103.156.166 - - [27/Mar/2017:10:05:55 -0300] "GET /cormun/servlet/trsolicitudot? HTTP/1.1" 200 8630
186.103.156.166 - - [27/Mar/2017:10:05:56 -0300] "GET /cormun/servlet/trsolicitudot? HTTP/1.1" 200 8628
192.168.10.62 - - [27/Mar/2017:10:05:56 -0300] "POST /cormun/servlet/trsolicitudgral?eba6c09be562105411ddd335edda3912,,gx-no-cache=1490623235145 HTTP/1.1" 200 105
186.103.159.187 - - [27/Mar/2017:10:05:56 -0300] "GET /cormun/servlet/prfichaempleado?,MD,,gxPopupLevel%3D0%3B HTTP/1.1" 200 8783
192.168.10.62 - - [27/Mar/2017:10:05:56 -0300] "POST /cormun/servlet/trsolicitudgral?eba6c09be562105411ddd335edda3912,,gx-no-cache=1490623235308 HTTP/1.1" 200 8347
192.168.10.62 - - [27/Mar/2017:10:05:56 -0300] "GET /cormun/SolicitudGral-5028.xls HTTP/1.1" 200 7680
186.103.156.166 - - [27/Mar/2017:10:05:56 -0300] "GET /cormun/servlet/hhome HTTP/1.1" 200 3954
186.103.156.166 - - [27/Mar/2017:10:05:56 -0300] "GET /cormun/servlet/hlogin HTTP/1.1" 200 1732
186.103.159.187 - - [27/Mar/2017:10:06:09 -0300] "POST /cormun/servlet/prfichaempleado?63750316650370347c603952447b7fd6,,MD,,gxPopupLevel%3D0%3B,gx-no-cache=1490620036476 HTTP/1.1" 200 3207
186.103.159.230 - - [27/Mar/2017:10:06:15 -0300] "POST /cormun/servlet/solicitudot?gx-no-cache=1490620042983 HTTP/1.1" 200 1274
186.103.159.230 - - [27/Mar/2017:10:06:15 -0300] "POST /cormun/servlet/solicitudot?gx-no-cache=1490620043050 HTTP/1.1" 200 1156
186.103.159.230 - - [27/Mar/2017:10:06:15 -0300] "GET /cormun/servlet/solicitudot?14e2530ad2a2916861e9f82b30fe41b20087df5107c4081afae761d123471064046fde1f360f07e5871d6b36003d1de5c5ea30c43a1b8730ab0f09e7416ca4fd14079257b81af501d19846d1adbb51432258f1d1533af70711949fdffe30de9fceba82ad138fc272c0d1fb9c1cd13677ffa588ace1f32834606d8d904e69d64bea75ae6116aa0dfeb5e1e22cc066e79cee14d6e4cef8ff1719a60b244915b5fcebc3c6ade0dc3b1df260d1774042a36417882a7436c4144d38727a31d59d9b5d,gx-no-cache=1490620043107 HTTP/1.1" 200 30
186.103.159.187 - - [27/Mar/2017:10:06:28 -0300] "POST /cormun/servlet/prfichaempleado?63750316650370347c603952447b7fd6,,MD,,gxPopupLevel%3D0%3B,gx-no-cache=1490620055579 HTTP/1.1" 200 3207
186.103.159.187 - - [27/Mar/2017:10:06:44 -0300] "GET /cormun/servlet/prfichaempleado?,MD,,gxPopupLevel%3D0%3B HTTP/1.1" 200 8783
186.103.159.187 - - [27/Mar/2017:10:07:00 -0300] "POST /cormun/servlet/solicitudot?gx-no-cache=1490620084772 HTTP/1.1" 200 3141
186.103.159.187 - - [27/Mar/2017:10:07:00 -0300] "GET /cormun/static/Shared/jqueryui/images/ui-bg_highlight-soft_100_c6c2c8_1x100.png HTTP/1.1" 404 1117
186.103.159.187 - - [27/Mar/2017:10:07:00 -0300] "GET /cormun/servlet/solicitudot?ec9f02f6cef2d07bfb17a26e0a094fb2e4dd55cf85c8d143fcd8023dbc07600f,gx-no-cache=1490620088085 HTTP/1.1" 200 111
186.103.159.187 - - [27/Mar/2017:10:07:00 -0300] "GET /cormun/static/Shared/jqueryui/images/ui-icons_82798d_256x240.png HTTP/1.1" 404 1089
186.103.159.187 - - [27/Mar/2017:10:07:00 -0300] "GET /cormun/static/Shared/jqueryui/images/ui-bg_flat_55_994d53_40x100.png HTTP/1.1" 404 1097
186.103.159.187 - - [27/Mar/2017:10:07:00 -0300] "GET /cormun/static/Shared/jqueryui/images/ui-icons_ebccce_256x240.png HTTP/1.1" 404 1089
186.103.159.187 - - [27/Mar/2017:10:07:14 -0300] "POST /cormun/servlet/solicitudot?gx-no-cache=1490620101309 HTTP/1.1" 200 3081
186.103.159.187 - - [27/Mar/2017:10:07:16 -0300] "POST /cormun/servlet/solicitudot?63750316650370347c603952447b7fd6,INS,0,0,,gx-no-cache=1490620102099 HTTP/1.1" 200 9684
186.103.159.187 - - [27/Mar/2017:10:07:21 -0300] "GET /cormun/servlet/solicitudot?ec9f02f6cef2d07bfb17a26e0a094fb26dd297ac6827aec83b2b8e7fc6b2bcd925e91bbe2c4b4f045d0042c64341200f,gx-no-cache=1490620108775 HTTP/1.1" 200 30
192.168.10.62 - - [27/Mar/2017:10:07:23 -0300] "POST /cormun/servlet/trsolicitudgral?eba6c09be562105411ddd335edda3912,,gx-no-cache=1490623322393 HTTP/1.1" 200 8365
186.103.157.42 - - [27/Mar/2017:10:07:30 -0300] "GET /cormun/servlet/trautorizarsolicitud? HTTP/1.1" 200 6966
186.103.157.42 - - [27/Mar/2017:10:07:30 -0300] "GET /cormun/servlet/trautorizarsolicitud? HTTP/1.1" 200 6966
186.103.156.166 - - [27/Mar/2017:10:07:48 -0300] "GET /cormun/servlet/hhome HTTP/1.1" 200 3307
186.103.156.166 - - [27/Mar/2017:10:07:50 -0300] "GET /cormun/servlet/hhome HTTP/1.1" 200 3317
186.103.156.166 - - [27/Mar/2017:10:07:50 -0300] "GET /cormun/servlet/hlogin HTTP/1.1" 200 1737
192.168.10.62 - - [27/Mar/2017:10:08:15 -0300] "GET /cormun/servlet/vesolicitudgral?2017,5177,, HTTP/1.1" 200 8149
192.168.10.62 - - [27/Mar/2017:10:08:16 -0300] "GET /cormun/pexe_scrolldiv.js HTTP/1.1" 404 1009
192.168.10.62 - - [27/Mar/2017:10:08:16 -0300] "GET /cormun/pexe_scrolldiv.js HTTP/1.1" 404 1009
192.168.10.62 - - [27/Mar/2017:10:08:16 -0300] "GET /cormun/servlet/vesolicitudgral?2017,5177,, HTTP/1.1" 200 8149
192.168.10.62 - - [27/Mar/2017:10:08:18 -0300] "POST /cormun/servlet/vesolicitudgral?eba6c09be562105411ddd335edda3912,2017,5177,,,gx-no-cache=1490623377557 HTTP/1.1" 200 115
192.168.10.62 - - [27/Mar/2017:10:08:18 -0300] "GET /cormun/servlet/solicitudotlog?INS,2017,5177,0,REC, HTTP/1.1" 200 5597
192.168.10.62 - - [27/Mar/2017:10:08:19 -0300] "GET /cormun/servlet/solicitudotlog?INS,2017,5177,0,REC, HTTP/1.1" 200 5592
192.168.10.62 - - [27/Mar/2017:10:08:19 -0300] "GET /cormun/servlet/solicitudotlog?cc847b34946c075635c6ac8d9fddf9916128803fc54b9908e28ef89fcbbaf2ec86203479755ccf87d3472fcbbaf52d5f02a0d1a45e209c117b281bcf6748d7521331d112b5fd8e2dae12d66c2e82bf72727fd5e3847fc08a2149c14f77bb137fde5d072e36cd930c247baefd8d4ee5e0ed06ac58eb51a970f1bb76d617c3cdd036b13fb11e380faad5a6a3570b911e7986bc5cc7aa2902ebb10d13d77882e6aa,gx-no-cache=1490623378540 HTTP/1.1" 200 94
192.168.10.62 - - [27/Mar/2017:10:08:31 -0300] "POST /cormun/servlet/solicitudotlog?eba6c09be562105411ddd335edda3912,INS,2017,5177,0,REC,,gx-no-cache=1490623389991 HTTP/1.1" 200 93
192.168.10.62 - - [27/Mar/2017:10:08:31 -0300] "GET /cormun/servlet/hpexe_return? HTTP/1.1" 200 1030
192.168.10.62 - - [27/Mar/2017:10:08:31 -0300] "GET /cormun/servlet/vesolicitudgral?2017,5177,, HTTP/1.1" 200 8164
192.168.10.62 - - [27/Mar/2017:10:08:31 -0300] "GET /cormun/pexe_scrolldiv.js HTTP/1.1" 404 1009
192.168.10.62 - - [27/Mar/2017:10:08:31 -0300] "GET /cormun/pexe_scrolldiv.js HTTP/1.1" 404 1009
192.168.10.62 - - [27/Mar/2017:10:08:31 -0300] "GET /cormun/servlet/vesolicitudgral?2017,5177,, HTTP/1.1" 200 8160
192.168.10.62 - - [27/Mar/2017:10:08:36 -0300] "POST /cormun/servlet/vesolicitudgral?eba6c09be562105411ddd335edda3912,2017,5177,,,gx-no-cache=1490623395768 HTTP/1.1" 200 90
192.168.10.62 - - [27/Mar/2017:10:08:36 -0300] "GET /cormun/servlet/hpexe_link HTTP/1.1" 200 972
192.168.10.62 - - [27/Mar/2017:10:08:37 -0300] "GET /cormun/servlet/trsolicitudgral? HTTP/1.1" 200 11082
192.168.10.62 - - [27/Mar/2017:10:08:37 -0300] "GET /cormun/servlet/trsolicitudgral? HTTP/1.1" 200 11081
186.103.159.187 - - [27/Mar/2017:10:09:31 -0300] "POST /cormun/servlet/solicitudot?gx-no-cache=1490620238932 HTTP/1.1" 200 256
186.103.159.187 - - [27/Mar/2017:10:09:40 -0300] "GET /cormun/servlet/solicitudot?ec9f02f6cef2d07bfb17a26e0a094fb2412522847658a036fb7f18b680fe0cc30e36c4b8d5d049fd6d7c5387f620531a1d09d2a47505a17674b0cfcaebcf0eb3562eb8929080a9f2fdd6fa2fea562a7fbbab46861ddc25932de5ce5ccc3f5244be1215d869c5e60501055bfc6f8662bd2b4cd1dbfbf61bfc4650fca19458d38537f73a783aac5f84db3baff75c4667fdcc7af9c197cadbfbafabbf37e7430caf96cb04cb30ae6af1d9ad71c2541a727dfb06e176622ca2bbf17bdeada1b6de7e0996c7d18e059e7d925618a7186a0f4b27f84429f846c0cc3a02d3e9965da1e774ea3897ae2d386eb9f4a76ae23115957e8cc6d72534002ab92df449b99b360cf6aacfedb730f04f4e2b4937c9af379502fee5cbb3d73c086d1b8deb9cbe9559683221cfadac94839ffce2a50fda095fc8569f6976a96210d9e4689ead58e0466e3571fa001e0d93d92e88a1e86d6323f832d3b5b8ef1d8b95bbebfcac25f089ddcc202f81883079a88be7dd53ea91bf6a4a7124f33d273abac1231f0249b3ae,gx-no-cache=1490620247991 HTTP/1.1" 200 30
186.103.159.187 - - [27/Mar/2017:10:09:44 -0300] "POST /cormun/servlet/solicitudot?gx-no-cache=1490620251513 HTTP/1.1" 200 30
186.103.159.187 - - [27/Mar/2017:10:09:46 -0300] "POST /cormun/servlet/solicitudot?gx-no-cache=1490620253924 HTTP/1.1" 200 235
186.103.159.187 - - [27/Mar/2017:10:09:47 -0300] "POST /cormun/servlet/solicitudot?gx-no-cache=1490620254372 HTTP/1.1" 200 38
186.79.85.247 - - [27/Mar/2017:10:10:16 -0300] "POST /cormun/servlet/trsolicitudot?0ed2247c62f440f224dac79c84680c67,gx-no-cache=1490623730100 HTTP/1.1" 200 106
186.79.85.247 - - [27/Mar/2017:10:10:17 -0300] "GET /cormun/servlet/trsolicitudadjuntos?2017,5747, HTTP/1.1" 200 5881
186.79.85.247 - - [27/Mar/2017:10:10:17 -0300] "GET /cormun/static/gxcfg.js?201731711504543 HTTP/1.1" 304 -
186.79.85.247 - - [27/Mar/2017:10:10:17 -0300] "GET /cormun/static/trsolicitudadjuntos.js?201731711504951 HTTP/1.1" 304 -
186.79.85.247 - - [27/Mar/2017:10:10:19 -0300] "GET /cormun/servlet/trsolicitudadjuntos?2017,5747, HTTP/1.1" 200 5881
186.79.85.247 - - [27/Mar/2017:10:10:22 -0300] "GET /cormun/servlet/solicitudotadjuntos?INS,2017,5747,,1, HTTP/1.1" 200 5819
186.79.85.247 - - [27/Mar/2017:10:10:23 -0300] "GET /cormun/static/solicitudotadjuntos.js?201612218465969 HTTP/1.1" 304 -
186.79.85.247 - - [27/Mar/2017:10:10:29 -0300] "GET /cormun/static/gxcfg.js?201612218465951 HTTP/1.1" 304 -
186.79.85.247 - - [27/Mar/2017:10:10:29 -0300] "GET /cormun/static/about:blank HTTP/1.1" 404 1011
186.79.85.247 - - [27/Mar/2017:10:10:30 -0300] "GET /cormun/servlet/solicitudotadjuntos?INS,2017,5747,,1, HTTP/1.1" 200 5813
186.79.85.247 - - [27/Mar/2017:10:10:31 -0300] "GET /cormun/servlet/solicitudotadjuntos?3c4b4f4d390dc30eb72afef96fc33f9c0ba96521b4291bf6958edaf18a17a962925129d790d500afd75ee6c069c6c2a7,gx-no-cache=1490623746263 HTTP/1.1" 200 30
186.79.85.247 - - [27/Mar/2017:10:10:32 -0300] "POST /cormun/servlet/solicitudotadjuntos?0ed2247c62f440f224dac79c84680c67,INS,2017,5747,,1,,gx-no-cache=1490623746430 HTTP/1.1" 200 3634
186.79.85.247 - - [27/Mar/2017:10:11:00 -0300] "POST /cormun/servlet/solicitudotadjuntos?0ed2247c62f440f224dac79c84680c67,INS,2017,5747,,1,,gx-no-cache=1490623774909 HTTP/1.1" 200 90
186.79.85.247 - - [27/Mar/2017:10:11:01 -0300] "GET /cormun/servlet/hpexe_link HTTP/1.1" 200 978
186.79.85.247 - - [27/Mar/2017:10:11:01 -0300] "GET /cormun/servlet/trsolicitudadjuntos?2017,5747, HTTP/1.1" 200 5882
186.79.85.247 - - [27/Mar/2017:10:11:03 -0300] "GET /cormun/servlet/trsolicitudadjuntos?2017,5747, HTTP/1.1" 200 5881
186.79.85.247 - - [27/Mar/2017:10:11:06 -0300] "GET /cormun/servlet/solicitudotadjuntos?INS,2017,5747,,2, HTTP/1.1" 200 5819
186.79.85.247 - - [27/Mar/2017:10:11:07 -0300] "GET /cormun/static/about:blank HTTP/1.1" 404 1011
186.79.85.247 - - [27/Mar/2017:10:11:08 -0300] "GET /cormun/servlet/solicitudotadjuntos?INS,2017,5747,,2, HTTP/1.1" 200 5813
186.79.85.247 - - [27/Mar/2017:10:11:08 -0300] "GET /cormun/servlet/solicitudotadjuntos?3c4b4f4d390dc30eb72afef96fc33f9c0ba96521b4291bf6958edaf18a17a962925129d790d500afd75ee6c069c6c2a7,gx-no-cache=1490623783823 HTTP/1.1" 200 30
186.79.85.247 - - [27/Mar/2017:10:11:09 -0300] "POST /cormun/servlet/solicitudotadjuntos?0ed2247c62f440f224dac79c84680c67,INS,2017,5747,,2,,gx-no-cache=1490623784012 HTTP/1.1" 200 3846
186.103.248.213 - - [27/Mar/2017:10:11:48 -0300] "GET /cormun/servlet/hlogin HTTP/1.1" 200 1729
186.103.248.213 - - [27/Mar/2017:10:11:48 -0300] "GET /cormun/static/gxcfg.js?201731711485472 HTTP/1.1" 304 -
186.103.248.213 - - [27/Mar/2017:10:11:48 -0300] "GET /cormun/static/Resources/Spanish/PXTools.css?11294912 HTTP/1.1" 304 -
186.103.248.213 - - [27/Mar/2017:10:11:48 -0300] "GET /cormun/static/messages.spa.js?85251 HTTP/1.1" 304 -
186.103.248.213 - - [27/Mar/2017:10:11:48 -0300] "GET /cormun/static/hlogin.js?201731711485490 HTTP/1.1" 304 -
186.103.248.213 - - [27/Mar/2017:10:11:48 -0300] "GET /cormun/servlet/hlogin HTTP/1.1" 200 1740
186.103.248.213 - - [27/Mar/2017:10:11:50 -0300] "POST /cormun/servlet/hlogin?d31a8bdaf60b583d5956b7f6234c3dd3,gx-no-cache=1490620369954 HTTP/1.1" 200 90
186.103.248.213 - - [27/Mar/2017:10:11:50 -0300] "GET /cormun/servlet/hpexe_link HTTP/1.1" 200 957
186.103.248.213 - - [27/Mar/2017:10:11:51 -0300] "GET /cormun/static/hpexe_link.js?201731711483384 HTTP/1.1" 304 -
186.103.248.213 - - [27/Mar/2017:10:11:51 -0300] "GET /cormun/static/gxcfg.js?201731711483381 HTTP/1.1" 304 -
186.103.248.213 - - [27/Mar/2017:10:11:51 -0300] "GET /cormun/servlet/hhome HTTP/1.1" 200 3985
186.103.248.213 - - [27/Mar/2017:10:11:51 -0300] "GET /cormun/static/gxcfg.js?201731711483497 HTTP/1.1" 304 -
186.103.248.213 - - [27/Mar/2017:10:11:51 -0300] "GET /cormun/static/hhome.js?20173171148352 HTTP/1.1" 304 -
186.103.248.213 - - [27/Mar/2017:10:11:51 -0300] "GET /cormun/static/hpexe_scripts.js?201731711335890 HTTP/1.1" 304 -
186.103.248.213 - - [27/Mar/2017:10:11:51 -0300] "GET /cormun/static/hpexe_recentlink.js?201610171694390 HTTP/1.1" 304 -
186.103.248.213 - - [27/Mar/2017:10:11:51 -0300] "GET /cormun/static/hwchdr01.js?201731711335950 HTTP/1.1" 304 -
186.103.248.213 - - [27/Mar/2017:10:11:51 -0300] "GET /cormun/static/hpexe_messagepopupcomponent.js?20161017169425 HTTP/1.1" 304 -
186.103.248.213 - - [27/Mar/2017:10:11:51 -0300] "GET /cormun/static/hpexe_messagegenexuscomponent.js?201731711335537 HTTP/1.1" 304 -
186.103.248.213 - - [27/Mar/2017:10:11:51 -0300] "GET /cormun/static/cmcontrolpreferences.js?201731711335852 HTTP/1.1" 304 -
186.103.248.213 - - [27/Mar/2017:10:11:51 -0300] "GET /cormun/static/hmpwkw03.js?201731711485354 HTTP/1.1" 304 -
186.103.248.213 - - [27/Mar/2017:10:11:51 -0300] "GET /cormun/static/hpexe_messagecontroller.js?201610171694323 HTTP/1.1" 304 -
186.103.248.213 - - [27/Mar/2017:10:11:52 -0300] "GET /cormun/servlet/hhome HTTP/1.1" 200 3981
186.103.248.213 - - [27/Mar/2017:10:11:55 -0300] "GET /cormun/servlet/trpermisosgoce? HTTP/1.1" 200 7587
186.103.248.213 - - [27/Mar/2017:10:11:56 -0300] "GET /cormun/static/gxcfg.js?20173171154124 HTTP/1.1" 200 953
186.103.248.213 - - [27/Mar/2017:10:11:56 -0300] "GET /cormun/static/calendar.js?85251 HTTP/1.1" 304 -
186.103.248.213 - - [27/Mar/2017:10:11:56 -0300] "GET /cormun/static/calendar-setup.js?85251 HTTP/1.1" 304 -
186.103.248.213 - - [27/Mar/2017:10:11:56 -0300] "GET /cormun/static/calendar-es.js?85251 HTTP/1.1" 304 -
186.103.248.213 - - [27/Mar/2017:10:11:56 -0300] "GET /cormun/static/trpermisosgoce.js?20173171154177 HTTP/1.1" 200 31906
186.103.248.213 - - [27/Mar/2017:10:11:56 -0300] "GET /cormun/servlet/trpermisosgoce? HTTP/1.1" 200 7587
186.103.248.213 - - [27/Mar/2017:10:12:13 -0300] "GET /cormun/servlet/permisogoce?INS,0,,, HTTP/1.1" 200 6754
186.103.248.213 - - [27/Mar/2017:10:12:13 -0300] "GET /cormun/static/gxcfg.js?201731711422032 HTTP/1.1" 200 953
186.103.248.213 - - [27/Mar/2017:10:12:13 -0300] "GET /cormun/static/gxdec.js?85251 HTTP/1.1" 304 -
186.103.248.213 - - [27/Mar/2017:10:12:13 -0300] "GET /cormun/static/permisogoce.js?20173171142217 HTTP/1.1" 200 26144
186.103.248.213 - - [27/Mar/2017:10:12:13 -0300] "GET /cormun/servlet/permisogoce?INS,0,,, HTTP/1.1" 200 6754
186.103.248.213 - - [27/Mar/2017:10:12:23 -0300] "POST /cormun/servlet/permisogoce?d31a8bdaf60b583d5956b7f6234c3dd3,INS,0,,,,gx-no-cache=1490620402506 HTTP/1.1" 200 4358
186.103.248.213 - - [27/Mar/2017:10:12:23 -0300] "GET /cormun/static/Shared/jqueryui/images/ui-bg_highlight-soft_100_c6c2c8_1x100.png HTTP/1.1" 404 1117
186.103.248.213 - - [27/Mar/2017:10:12:23 -0300] "GET /cormun/static/Shared/jqueryui/images/ui-icons_82798d_256x240.png HTTP/1.1" 404 1089
186.103.248.213 - - [27/Mar/2017:10:12:23 -0300] "GET /cormun/static/Shared/jqueryui/images/ui-bg_flat_55_994d53_40x100.png HTTP/1.1" 404 1097
186.103.248.213 - - [27/Mar/2017:10:12:23 -0300] "GET /cormun/static/Shared/jqueryui/images/ui-icons_ebccce_256x240.png HTTP/1.1" 404 1089
186.103.248.213 - - [27/Mar/2017:10:12:26 -0300] "GET /cormun/servlet/permisogoce?f787b3e884e26a9d734828f5a00775fdc0ca9d8696f8cf4d07d22db365bdb638e4222475ef9081d2810efccbaf6a04f6214ca371562d50fd8331e60cf3b2a70d124db64232e43851e42b7d3099699bf1e64936a185d609623d694f0d0dd208a2,gx-no-cache=1490620405790 HTTP/1.1" 200 71
186.103.248.213 - - [27/Mar/2017:10:12:26 -0300] "GET /cormun/static/menuarrow.gif HTTP/1.1" 404 1015
186.103.248.213 - - [27/Mar/2017:10:12:29 -0300] "GET /cormun/servlet/permisogoce?f787b3e884e26a9d734828f5a00775fd2c21caf4b91687cd402f515027d4c1bd68573136b041fd660a1493a21dd2860eae00ff860d413237eee7e104b7a5efa6,gx-no-cache=1490620408861 HTTP/1.1" 200 129
186.103.248.213 - - [27/Mar/2017:10:12:42 -0300] "POST /cormun/servlet/permisogoce?d31a8bdaf60b583d5956b7f6234c3dd3,INS,0,,,,gx-no-cache=1490620421459 HTTP/1.1" 200 93
186.103.248.213 - - [27/Mar/2017:10:12:42 -0300] "GET /cormun/servlet/hpexe_return? HTTP/1.1" 200 1014
186.103.248.213 - - [27/Mar/2017:10:12:42 -0300] "GET /cormun/static/Resources/Spanish/PXTools.css?167811 HTTP/1.1" 304 -
186.103.248.213 - - [27/Mar/2017:10:12:42 -0300] "GET /cormun/static/gxcfg.js?2016101716175148 HTTP/1.1" 304 -
186.103.248.213 - - [27/Mar/2017:10:12:42 -0300] "GET /cormun/static/hpexe_return.js?2016101716175153 HTTP/1.1" 304 -
186.103.248.213 - - [27/Mar/2017:10:12:42 -0300] "GET /cormun/servlet/trpermisosgoce HTTP/1.1" 200 7591
186.103.248.213 - - [27/Mar/2017:10:12:43 -0300] "GET /cormun/servlet/trpermisosgoce HTTP/1.1" 200 7587
186.103.159.187 - - [27/Mar/2017:10:13:36 -0300] "GET /cormun/servlet/solicitudot?ec9f02f6cef2d07bfb17a26e0a094fb24ebd4d1d402220194a4f734af23e07cf2810167ab295b72b5814f340a7e3b7f179bdedda01a34c5bf51b5e1d2ac2bc15578eea47f28dc822723a346a685ee9a2fbc6ac68c0b5ff64c1c45e3e01dd75a09117d8e595f2f68bb1b358aa1181cfb0,gx-no-cache=1490620484004 HTTP/1.1" 200 29
186.103.159.187 - - [27/Mar/2017:10:13:36 -0300] "POST /cormun/servlet/solicitudot?gx-no-cache=1490620484190 HTTP/1.1" 200 643
186.103.159.187 - - [27/Mar/2017:10:13:37 -0300] "POST /cormun/servlet/solicitudot?gx-no-cache=1490620485316 HTTP/1.1" 200 1157
186.79.10.110 - - [27/Mar/2017:10:14:09 -0300] "POST /cormun/servlet/solicitudot?gx-no-cache=1490620516964 HTTP/1.1" 200 3081
186.79.10.110 - - [27/Mar/2017:10:14:10 -0300] "POST /cormun/servlet/solicitudot?1d261ff7c23082ff923f9d17f00f10a7,INS,0,0,,gx-no-cache=1490620517484 HTTP/1.1" 200 9679
186.79.10.110 - - [27/Mar/2017:10:14:15 -0300] "GET /cormun/servlet/solicitudot?91359813e46baa496e00aa2b6e10dc3a96b9caab2740aa77944216cd24b113c9440c0b51d57280e05c491019760e8f49,gx-no-cache=1490620522565 HTTP/1.1" 200 30
192.168.10.62 - - [27/Mar/2017:10:15:28 -0300] "POST /cormun/servlet/trsolicitudgral?eba6c09be562105411ddd335edda3912,,gx-no-cache=1490623807478 HTTP/1.1" 200 6650
190.151.99.26 - - [27/Mar/2017:10:15:41 -0300] "GET /cormun/servlet/hlogin HTTP/1.1" 200 1729
190.151.99.26 - - [27/Mar/2017:10:15:41 -0300] "GET /cormun/static/Resources/Spanish/PXTools.css?11294912 HTTP/1.1" 304 -
190.151.99.26 - - [27/Mar/2017:10:15:41 -0300] "GET /cormun/static/gxcfg.js?201731711485472 HTTP/1.1" 304 -
190.151.99.26 - - [27/Mar/2017:10:15:41 -0300] "GET /cormun/static/messages.spa.js?85251 HTTP/1.1" 304 -
190.151.99.26 - - [27/Mar/2017:10:15:41 -0300] "GET /cormun/static/hlogin.js?201731711485490 HTTP/1.1" 304 -
190.151.99.26 - - [27/Mar/2017:10:15:41 -0300] "GET /cormun/servlet/hlogin HTTP/1.1" 200 1732
190.151.99.26 - - [27/Mar/2017:10:15:43 -0300] "POST /cormun/servlet/hlogin?2aa23a1876e5d781e22aa4f501e470aa,gx-no-cache=1490620609038 HTTP/1.1" 200 90
190.151.99.26 - - [27/Mar/2017:10:15:43 -0300] "GET /cormun/servlet/hpexe_link HTTP/1.1" 200 953
190.151.99.26 - - [27/Mar/2017:10:15:43 -0300] "GET /cormun/static/hpexe_link.js?201731711483384 HTTP/1.1" 304 -
190.151.99.26 - - [27/Mar/2017:10:15:43 -0300] "GET /cormun/static/gxcfg.js?201731711483381 HTTP/1.1" 304 -
190.151.99.26 - - [27/Mar/2017:10:15:43 -0300] "GET /cormun/servlet/hhome HTTP/1.1" 200 3963
190.151.99.26 - - [27/Mar/2017:10:15:43 -0300] "GET /cormun/static/gxcfg.js?201731711483497 HTTP/1.1" 304 -
190.151.99.26 - - [27/Mar/2017:10:15:43 -0300] "GET /cormun/static/hhome.js?20173171148352 HTTP/1.1" 304 -
190.151.99.26 - - [27/Mar/2017:10:15:43 -0300] "GET /cormun/static/hpexe_recentlink.js?201610171694390 HTTP/1.1" 304 -
190.151.99.26 - - [27/Mar/2017:10:15:43 -0300] "GET /cormun/static/hpexe_scripts.js?201731711335890 HTTP/1.1" 304 -
186.103.196.90 - - [27/Mar/2017:10:15:43 -0300] "GET /cormun/static/hpexe_messagecontroller.js?201610171694323 HTTP/1.1" 304 -
190.151.99.26 - - [27/Mar/2017:10:15:44 -0300] "GET /cormun/static/hpexe_messagepopupcomponent.js?20161017169425 HTTP/1.1" 304 -
190.151.99.26 - - [27/Mar/2017:10:15:44 -0300] "GET /cormun/static/hpexe_messagegenexuscomponent.js?201731711335537 HTTP/1.1" 304 -
186.103.196.90 - - [27/Mar/2017:10:15:44 -0300] "GET /cormun/static/cmcontrolpreferences.js?201731711335852 HTTP/1.1" 304 -
186.103.196.90 - - [27/Mar/2017:10:15:44 -0300] "GET /cormun/static/hmpwkw03.js?201731711485354 HTTP/1.1" 304 -
190.151.124.170 - - [27/Mar/2017:10:15:44 -0300] "GET /cormun/static/hwchdr01.js?201731711335950 HTTP/1.1" 304 -
190.151.124.170 - - [27/Mar/2017:10:15:44 -0300] "GET /cormun/servlet/hhome HTTP/1.1" 200 3959
186.103.196.90 - - [27/Mar/2017:10:15:47 -0300] "GET /cormun/servlet/trsolicitudot? HTTP/1.1" 200 6935
190.151.99.26 - - [27/Mar/2017:10:15:47 -0300] "GET /cormun/static/gxcfg.js?201731711505139 HTTP/1.1" 304 -
190.151.99.26 - - [27/Mar/2017:10:15:48 -0300] "GET /cormun/static/trsolicitudot.js?20173171151116 HTTP/1.1" 304 -
190.151.99.26 - - [27/Mar/2017:10:15:48 -0300] "GET /cormun/servlet/trsolicitudot? HTTP/1.1" 200 6934
190.151.99.26 - - [27/Mar/2017:10:15:52 -0300] "GET /cormun/servlet/solicitudot?INS,0,0, HTTP/1.1" 200 12770
186.103.196.90 - - [27/Mar/2017:10:15:52 -0300] "GET /cormun/static/Resources/Spanish/PXTools.css?18365030 HTTP/1.1" 304 -
190.151.99.26 - - [27/Mar/2017:10:15:52 -0300] "GET /cormun/static/gxcfg.js?20171191042720 HTTP/1.1" 304 -
190.151.99.26 - - [27/Mar/2017:10:15:52 -0300] "GET /cormun/static/solicitudot.js?2017119104297 HTTP/1.1" 304 -
190.151.99.26 - - [27/Mar/2017:10:15:52 -0300] "GET /cormun/servlet/solicitudot?INS,0,0, HTTP/1.1" 200 12775
190.151.99.26 - - [27/Mar/2017:10:16:11 -0300] "POST /cormun/servlet/solicitudot?gx-no-cache=1490620637224 HTTP/1.1" 200 3167
190.151.99.26 - - [27/Mar/2017:10:16:11 -0300] "POST /cormun/servlet/solicitudot?2aa23a1876e5d781e22aa4f501e470aa,INS,0,0,,gx-no-cache=1490620637588 HTTP/1.1" 200 9947
186.103.196.84 - - [27/Mar/2017:10:16:17 -0300] "GET /cormun/servlet/solicitudot?0b8e7496a7cccc5aa2d3509eedeec776cd8c1014aa38415019a543d5adbd2410102465bc4d99032209ed71b04b2046dc,gx-no-cache=1490620643135 HTTP/1.1" 200 30
186.103.196.84 - - [27/Mar/2017:10:16:17 -0300] "POST /cormun/servlet/solicitudot?gx-no-cache=1490620643313 HTTP/1.1" 200 255
186.103.196.84 - - [27/Mar/2017:10:16:17 -0300] "GET /cormun/servlet/solicitudot?0b8e7496a7cccc5aa2d3509eedeec7765265d489a1d0beeb48c689bb1ec9763216f4a2a11cc48557be088542e7021d6dfe8e71d110b87c0d168d6a19645165e937332dd2cfbadee4b64dc0dfce9e0b5878082dc8d78a3e8bbebc7e931f9d8bc491b47084112a9f4a7fb99026593242b0a4bb69b0f44300432413005484fdf2c9f46e324f23afd6f29d872b147e09ede73b14d294e1f8fd490f611cb769a4071cac53d22870bb86108a56017d3470ea10994a466eb43db0a3b11a33bbcd86ac3f9523c01515d5873283a2a6d838a20249f628dfad1868e93825bdc1e2e49e4cfd4f706650936d15254fbaa6eacbf17ac85d8a973e028ef144cdf573cd3ad9be6fc70ba9b6bf6a30c2d317e85b4d2c7409d6982391bd2299b93826398c728fce076d4c788bc3965b1421fd8d223e1e1bdc1c613cafdd8fb063c95c8f0477dfa8e73b489fd80ddadd89c74c5a2263528909ededa97c4f8934b622311cdb471073427ef29593155f8bc5b0dd4b5176bd5bc35dba92379f45195ea50647df14111fe8,gx-no-cache=1490620643398 HTTP/1.1" 200 30
186.103.248.213 - - [27/Mar/2017:10:16:26 -0300] "GET /cormun/servlet/trpermisosadjuntos?15739045,20170317094501,P, HTTP/1.1" 200 6963
186.103.248.213 - - [27/Mar/2017:10:16:26 -0300] "GET /cormun/static/gxcfg.js?201731711542659 HTTP/1.1" 200 953
186.103.248.213 - - [27/Mar/2017:10:16:26 -0300] "GET /cormun/static/trpermisosadjuntos.js?201731711542990 HTTP/1.1" 200 20045
186.103.248.213 - - [27/Mar/2017:10:16:27 -0300] "GET /cormun/servlet/trpermisosadjuntos?15739045,20170317094501,P, HTTP/1.1" 200 6966
186.103.248.213 - - [27/Mar/2017:10:16:28 -0300] "GET /cormun/PublicTempStorage/francisca_rosales_27-03-2017895292.jpg HTTP/1.1" 200 568637
186.67.84.234 - - [27/Mar/2017:10:16:28 -0300] "POST /cormun/servlet/solicitudot?gx-no-cache=1490620654710 HTTP/1.1" 200 30
186.67.84.234 - - [27/Mar/2017:10:16:28 -0300] "POST /cormun/servlet/solicitudot?gx-no-cache=1490620654887 HTTP/1.1" 200 235
186.67.84.234 - - [27/Mar/2017:10:16:28 -0300] "POST /cormun/servlet/solicitudot?gx-no-cache=1490620655011 HTTP/1.1" 200 38
186.103.248.213 - - [27/Mar/2017:10:16:29 -0300] "GET /cormun/PublicTempStorage/francisca_rosales_27-03-20176234381.jpg HTTP/1.1" 200 568637
186.103.248.213 - - [27/Mar/2017:10:16:30 -0300] "GET /cormun/PublicTempStorage/francisca_rosales_27-03-20178144080.jpg HTTP/1.1" 200 568637
186.103.157.42 - - [27/Mar/2017:10:16:38 -0300] "POST /cormun/servlet/trautorizarsolicitud?6b01745fc01d2c575929570955b62138,,gx-no-cache=1490620526245 HTTP/1.1" 200 109
186.103.157.42 - - [27/Mar/2017:10:16:38 -0300] "POST /cormun/servlet/trautorizarsolicitud?6b01745fc01d2c575929570955b62138,,gx-no-cache=1490620526443 HTTP/1.1" 200 4096
186.103.157.42 - - [27/Mar/2017:10:16:39 -0300] "GET /cormun/AutorizarSolicitud-8989.xls HTTP/1.1" 200 5120
186.103.157.42 - - [27/Mar/2017:10:16:41 -0300] "GET /cormun/servlet/trsolicitudot? HTTP/1.1" 200 11267
186.103.157.42 - - [27/Mar/2017:10:16:42 -0300] "GET /cormun/servlet/trsolicitudot? HTTP/1.1" 200 11266
186.103.157.42 - - [27/Mar/2017:10:16:47 -0300] "GET /cormun/servlet/solicitudot?INS,0,0, HTTP/1.1" 200 12847
186.103.248.213 - - [27/Mar/2017:10:16:47 -0300] "GET /cormun/servlet/trautorizarsolicitud? HTTP/1.1" 200 6931
186.103.248.213 - - [27/Mar/2017:10:16:47 -0300] "GET /cormun/static/Resources/Spanish/PXTools.css?18365030 HTTP/1.1" 304 -
186.103.248.213 - - [27/Mar/2017:10:16:48 -0300] "GET /cormun/static/trautorizarsolicitud.js?2017259113483 HTTP/1.1" 304 -
186.103.157.42 - - [27/Mar/2017:10:16:48 -0300] "GET /cormun/servlet/solicitudot?INS,0,0, HTTP/1.1" 200 12852
186.103.248.213 - - [27/Mar/2017:10:16:48 -0300] "GET /cormun/SmoothNavMenu/resources/images/down.gif HTTP/1.1" 404 1053
186.103.248.213 - - [27/Mar/2017:10:16:48 -0300] "GET /cormun/servlet/trautorizarsolicitud? HTTP/1.1" 200 6907
186.103.248.213 - - [27/Mar/2017:10:16:48 -0300] "GET /cormun/SmoothNavMenu/resources/images/right.gif HTTP/1.1" 404 1055
186.103.248.213 - - [27/Mar/2017:10:16:52 -0300] "GET /cormun/servlet/hlogin HTTP/1.1" 200 1749
186.103.157.42 - - [27/Mar/2017:10:16:57 -0300] "POST /cormun/servlet/solicitudot?gx-no-cache=1490620544629 HTTP/1.1" 200 3180
186.103.196.84 - - [27/Mar/2017:10:16:57 -0300] "POST /cormun/servlet/solicitudot?gx-no-cache=1490620683271 HTTP/1.1" 200 656
186.103.157.42 - - [27/Mar/2017:10:16:57 -0300] "POST /cormun/servlet/solicitudot?6b01745fc01d2c575929570955b62138,INS,0,0,,gx-no-cache=1490620544792 HTTP/1.1" 200 9971
186.103.196.84 - - [27/Mar/2017:10:16:57 -0300] "POST /cormun/servlet/solicitudot?gx-no-cache=1490620683412 HTTP/1.1" 200 38
186.103.157.42 - - [27/Mar/2017:10:17:01 -0300] "GET /cormun/servlet/solicitudot?d4a68c0419cf19ab12ebfcededdf474c745aa56466b7a672ee667117e4f640c47224d842d463dabe45c3d271baf536da,gx-no-cache=1490620548983 HTTP/1.1" 200 30
186.103.157.42 - - [27/Mar/2017:10:17:01 -0300] "POST /cormun/servlet/solicitudot?gx-no-cache=1490620549050 HTTP/1.1" 200 297
186.103.157.42 - - [27/Mar/2017:10:17:01 -0300] "GET /cormun/servlet/solicitudot?d4a68c0419cf19ab12ebfcededdf474c297de50ad0ce1d33632fe311f88c0b86d33e2c98b805872a87c87f0f0383f931f2c73a13fd9653c7cb90791dd61ba6ace3395f14b5be18e1da35788bc72656d59fcc88427e525c02b4853f5c4ee6f75d78e0bfb6d1fdf61f5006648ac87806dde2afb28221480f9c97db706d2d9aec2da0c04bde7e31ef4bc8437cc65d14e8c6ece27fe3f2ad0d70125546eb93e7a8770062f0070d2f223bf99c92c4d06517a6b3edc988db09e49af8c825d7589e267587505f7d8b973a766d583456597624a31f8e395eeac92f9e3ef154e5b4a9dd8765fa3dd866f2cf2ed6e18fec3437e39ae5778935d893ba2cc42d560152c059da9ee2d1bb73c8aab50512c0f539bbd2558c82abaaa4c35df393ebda124bda4a8a28e9dd49e56bb0ba1e5f52ca3c92617c09e91a0f81736e615710e38da36c2a54ec2455cfd109557851ad949d7d7c6762d8dfd6f5bed028e207e6f2e18d0d2f4f0b81b2874dfc770909c5f0ecec2e8c4a9dde7c14b06f753be6a1666587e1b4803b44d45095e5588cf45072a68b6e747a,gx-no-cache=1490620549121 HTTP/1.1" 200 30
186.103.157.42 - - [27/Mar/2017:10:17:03 -0300] "POST /cormun/servlet/solicitudot?gx-no-cache=1490620550845 HTTP/1.1" 200 30
186.103.157.42 - - [27/Mar/2017:10:17:04 -0300] "GET /cormun/servlet/prcontratosol?15106083,,,,,MD,,gxPopupLevel%3D0%3B HTTP/1.1" 200 5687
186.103.157.42 - - [27/Mar/2017:10:17:06 -0300] "POST /cormun/servlet/solicitudot?gx-no-cache=1490620554335 HTTP/1.1" 200 235
186.103.157.42 - - [27/Mar/2017:10:17:06 -0300] "POST /cormun/servlet/solicitudot?gx-no-cache=1490620554409 HTTP/1.1" 200 38
186.103.157.42 - - [27/Mar/2017:10:17:06 -0300] "GET /cormun/servlet/solicitudot?d4a68c0419cf19ab12ebfcededdf474c4f5c3847e28a75d2a68dd09c07949810a40141964e7835f8a550794c3112d7b5df0ff3fddd9663f8606158b856391d814008c0eb361059d1062b55a362813ca240fad91a01e7253a1d509eacf582b16fd1e4b2ad2829f3d65ba168c90d12ca52,gx-no-cache=1490620554438 HTTP/1.1" 200 29
186.103.157.42 - - [27/Mar/2017:10:17:06 -0300] "POST /cormun/servlet/solicitudot?gx-no-cache=1490620554534 HTTP/1.1" 200 643
186.103.157.42 - - [27/Mar/2017:10:17:07 -0300] "POST /cormun/servlet/solicitudot?gx-no-cache=1490620554593 HTTP/1.1" 200 518
186.103.157.42 - - [27/Mar/2017:10:17:07 -0300] "GET /cormun/servlet/prsolicitudot?15106083,,,,,MD,,gxPopupLevel%3D0%3B HTTP/1.1" 200 6080
186.103.196.84 - - [27/Mar/2017:10:17:11 -0300] "GET /cormun/servlet/solicitudot?0b8e7496a7cccc5aa2d3509eedeec776976559e4ab213adb112153cb91bde297a39381c025cf11459601d99f11175953686c8d06aa7ad2b4d1873a1d777267ce3a507052522b89352e0ddb6167a0cdbe2cf332c08bb16580a760a6da349ec2d888c4d275c9d38d5ebd6c5ff155be8f988bc5e3785e833a4f45ab026a82e93acb09c2072881f6548819e9ef8595b87f96685d6fc27eba1a6e5cba441805ccedbd,gx-no-cache=1490620697200 HTTP/1.1" 200 29
186.103.196.84 - - [27/Mar/2017:10:17:11 -0300] "POST /cormun/servlet/solicitudot?gx-no-cache=1490620697378 HTTP/1.1" 200 641
186.103.196.84 - - [27/Mar/2017:10:17:12 -0300] "POST /cormun/servlet/solicitudot?gx-no-cache=1490620698847 HTTP/1.1" 200 1157
186.79.10.110 - - [27/Mar/2017:10:17:15 -0300] "GET /cormun/servlet/hlogin HTTP/1.1" 200 1720
186.79.10.110 - - [27/Mar/2017:10:17:15 -0300] "GET /cormun/static/Resources/Spanish/PXTools.css?11294912 HTTP/1.1" 304 -
186.79.10.110 - - [27/Mar/2017:10:17:15 -0300] "GET /cormun/static/gxtimezone.js?85251 HTTP/1.1" 304 -
186.79.10.110 - - [27/Mar/2017:10:17:15 -0300] "GET /cormun/static/gxcfg.js?201731711485472 HTTP/1.1" 304 -
186.79.10.110 - - [27/Mar/2017:10:17:15 -0300] "GET /cormun/static/messages.spa.js?85251 HTTP/1.1" 304 -
186.79.10.110 - - [27/Mar/2017:10:17:15 -0300] "GET /cormun/static/hlogin.js?201731711485490 HTTP/1.1" 304 -
186.79.10.110 - - [27/Mar/2017:10:17:15 -0300] "GET /cormun/servlet/hlogin HTTP/1.1" 200 1730
186.79.10.110 - - [27/Mar/2017:10:17:15 -0300] "GET /favicon.ico HTTP/1.1" 200 21630
186.103.157.42 - - [27/Mar/2017:10:17:21 -0300] "POST /cormun/servlet/solicitudot?gx-no-cache=1490620568687 HTTP/1.1" 200 656
186.103.157.42 - - [27/Mar/2017:10:17:21 -0300] "POST /cormun/servlet/solicitudot?gx-no-cache=1490620568752 HTTP/1.1" 200 38
186.103.157.42 - - [27/Mar/2017:10:17:21 -0300] "POST /cormun/servlet/solicitudot?gx-no-cache=1490620568815 HTTP/1.1" 200 643
186.79.10.110 - - [27/Mar/2017:10:17:21 -0300] "POST /cormun/servlet/hlogin?f05a219b6d018c84d61229c943b4f991,gx-no-cache=1490620708369 HTTP/1.1" 200 90
186.103.157.42 - - [27/Mar/2017:10:17:21 -0300] "POST /cormun/servlet/solicitudot?gx-no-cache=1490620568880 HTTP/1.1" 200 518
186.79.10.110 - - [27/Mar/2017:10:17:21 -0300] "GET /cormun/servlet/hpexe_link HTTP/1.1" 200 948
186.79.10.110 - - [27/Mar/2017:10:17:21 -0300] "GET /cormun/static/hpexe_link.js?201731711483384 HTTP/1.1" 304 -
186.79.10.110 - - [27/Mar/2017:10:17:21 -0300] "GET /cormun/static/gxcfg.js?201731711483381 HTTP/1.1" 304 -
186.79.10.110 - - [27/Mar/2017:10:17:21 -0300] "GET /cormun/servlet/hhome HTTP/1.1" 200 3951
186.79.10.110 - - [27/Mar/2017:10:17:21 -0300] "GET /cormun/static/gxcfg.js?201731711483497 HTTP/1.1" 304 -
186.79.10.110 - - [27/Mar/2017:10:17:21 -0300] "GET /cormun/static/hhome.js?20173171148352 HTTP/1.1" 304 -
186.79.10.110 - - [27/Mar/2017:10:17:21 -0300] "GET /cormun/static/hwchdr01.js?201731711335950 HTTP/1.1" 304 -
186.79.10.110 - - [27/Mar/2017:10:17:21 -0300] "GET /cormun/static/hpexe_recentlink.js?201610171694390 HTTP/1.1" 304 -
186.79.10.110 - - [27/Mar/2017:10:17:21 -0300] "GET /cormun/static/hpexe_messagegenexuscomponent.js?201731711335537 HTTP/1.1" 304 -
186.79.10.110 - - [27/Mar/2017:10:17:21 -0300] "GET /cormun/static/cmcontrolpreferences.js?201731711335852 HTTP/1.1" 304 -
186.79.10.110 - - [27/Mar/2017:10:17:21 -0300] "GET /cormun/static/hpexe_scripts.js?201731711335890 HTTP/1.1" 304 -
186.79.10.110 - - [27/Mar/2017:10:17:22 -0300] "GET /cormun/static/hpexe_messagecontroller.js?201610171694323 HTTP/1.1" 304 -
186.79.10.110 - - [27/Mar/2017:10:17:22 -0300] "GET /cormun/static/hpexe_messagepopupcomponent.js?20161017169425 HTTP/1.1" 304 -
186.79.10.110 - - [27/Mar/2017:10:17:22 -0300] "GET /cormun/static/hmpwkw03.js?201731711485354 HTTP/1.1" 304 -
186.79.10.110 - - [27/Mar/2017:10:17:22 -0300] "GET /cormun/servlet/hhome HTTP/1.1" 200 3948
186.103.157.42 - - [27/Mar/2017:10:17:31 -0300] "POST /cormun/servlet/solicitudot?gx-no-cache=1490620578870 HTTP/1.1" 200 641
186.79.10.110 - - [27/Mar/2017:10:17:31 -0300] "GET /cormun/servlet/trautorizarsolicitud? HTTP/1.1" 200 9246
186.79.10.110 - - [27/Mar/2017:10:17:31 -0300] "GET /cormun/static/Resources/Spanish/PXTools.css?18365030 HTTP/1.1" 304 -
186.79.10.110 - - [27/Mar/2017:10:17:31 -0300] "GET /cormun/static/gxcfg.js?2017259112829 HTTP/1.1" 304 -
186.79.10.110 - - [27/Mar/2017:10:17:31 -0300] "GET /cormun/static/calendar.js?85251 HTTP/1.1" 304 -
186.79.10.110 - - [27/Mar/2017:10:17:31 -0300] "GET /cormun/static/calendar-setup.js?85251 HTTP/1.1" 304 -
186.79.10.110 - - [27/Mar/2017:10:17:31 -0300] "GET /cormun/static/calendar-es.js?85251 HTTP/1.1" 304 -
186.79.10.110 - - [27/Mar/2017:10:17:31 -0300] "GET /cormun/static/gxdec.js?85251 HTTP/1.1" 304 -
186.79.10.110 - - [27/Mar/2017:10:17:31 -0300] "GET /cormun/static/trautorizarsolicitud.js?2017259113483 HTTP/1.1" 304 -
186.103.157.42 - - [27/Mar/2017:10:17:32 -0300] "POST /cormun/servlet/solicitudot?gx-no-cache=1490620579580 HTTP/1.1" 200 1157
186.79.10.110 - - [27/Mar/2017:10:17:32 -0300] "GET /cormun/servlet/trautorizarsolicitud? HTTP/1.1" 200 9244
186.103.196.84 - - [27/Mar/2017:10:17:33 -0300] "GET /cormun/static/menuarrow.gif HTTP/1.1" 404 1015
186.103.157.42 - - [27/Mar/2017:10:17:39 -0300] "GET /cormun/servlet/solicitudot?d4a68c0419cf19ab12ebfcededdf474c43d9cec165f76969735a6e92e383771127dbb7685e8224385fa331d5774f8947657a524f8a2868a2d04ef9aea6c1ac80869d4da3162ee8493ff3c5b9a23b290bfadffc708f7b840c02645e48f806ff23862ee1cf413099bf9f5703c022c5aef9c67bbfd7f86def56c5f44bb773d24470dff0fe696dc3891be0174c9323d1b968464a691162a4a19c8d16b083fc3b20e5f622502317400790e99a59da4fec6a32,gx-no-cache=1490620586868 HTTP/1.1" 200 30
186.79.10.110 - - [27/Mar/2017:10:17:44 -0300] "POST /cormun/servlet/trautorizarsolicitud?f05a219b6d018c84d61229c943b4f991,,gx-no-cache=1490620730825 HTTP/1.1" 200 115
186.103.157.42 - - [27/Mar/2017:10:17:44 -0300] "POST /cormun/servlet/solicitudot?6b01745fc01d2c575929570955b62138,INS,0,0,,gx-no-cache=1490620591525 HTTP/1.1" 200 93
186.103.157.42 - - [27/Mar/2017:10:17:44 -0300] "GET /cormun/servlet/hpexe_return? HTTP/1.1" 200 1006
186.79.10.110 - - [27/Mar/2017:10:17:44 -0300] "GET /cormun/servlet/solicitudotlog?INS,2017,5605,0,REC, HTTP/1.1" 200 5738
186.79.10.110 - - [27/Mar/2017:10:17:44 -0300] "GET /cormun/static/gxcfg.js?201731711401563 HTTP/1.1" 304 -
186.103.157.42 - - [27/Mar/2017:10:17:44 -0300] "GET /cormun/servlet/trsolicitudot HTTP/1.1" 200 11581
186.79.10.110 - - [27/Mar/2017:10:17:44 -0300] "GET /cormun/static/solicitudotlog.js?201731711401579 HTTP/1.1" 304 -
186.79.10.110 - - [27/Mar/2017:10:17:44 -0300] "GET /cormun/servlet/solicitudotlog?INS,2017,5605,0,REC, HTTP/1.1" 200 5737
186.103.157.42 - - [27/Mar/2017:10:17:45 -0300] "GET /cormun/servlet/trsolicitudot HTTP/1.1" 200 11577
186.79.10.110 - - [27/Mar/2017:10:17:45 -0300] "GET /cormun/servlet/solicitudotlog?0ee7473c5ad7484932aff25629b75167d8756235e56841510d746590d2567fb0376b0690a15abb9977e9d307de42bde2977da9f156dd39e425945cda6b6d59c42e8c85581c34eba5c1a35c9c3859171d79346b99f88d3ae8d8870a7d871d6d0e37a318a2b84b708d955edcff57e5277451fa03834b0eecab00aad13b3a3eca837d2e3df98509cdfa73130535536b76ae7b80ab23dbbd4fd9740901312917440f,gx-no-cache=1490620732549 HTTP/1.1" 200 94
186.103.157.42 - - [27/Mar/2017:10:17:48 -0300] "GET /cormun/servlet/solicitudot?INS,0,0, HTTP/1.1" 200 12847
186.103.157.42 - - [27/Mar/2017:10:17:49 -0300] "GET /cormun/servlet/solicitudot?INS,0,0, HTTP/1.1" 200 12852
186.67.84.234 - - [27/Mar/2017:10:18:06 -0300] "GET /cormun/servlet/solicitudot?0b8e7496a7cccc5aa2d3509eedeec776456d51418b08cddea0e3c3ae9d376ac5988cbbb37cb00e4cf5c484ed3cc89b803d3711f494c6abb2524fe604f68cc85ab4ea9e7283201703ae6c795c5b232b61127f8b36b77de86d119188e06463b93c00bd67a800dedc1a125f2c474636f6ab26d914e805fae88818e226b5693fb76fff4e19354261f98e2b7732367479981c8dd58a59deb6ff6af9a233243bb9558b09557c777e1ab5a52403361d8e880c3f,gx-no-cache=1490620752285 HTTP/1.1" 200 30
186.79.10.110 - - [27/Mar/2017:10:18:07 -0300] "POST /cormun/servlet/solicitudotlog?f05a219b6d018c84d61229c943b4f991,INS,2017,5605,0,REC,,gx-no-cache=1490620754530 HTTP/1.1" 200 93
186.79.10.110 - - [27/Mar/2017:10:18:07 -0300] "GET /cormun/servlet/hpexe_return? HTTP/1.1" 200 1022
186.79.10.110 - - [27/Mar/2017:10:18:08 -0300] "GET /cormun/static/Resources/Spanish/PXTools.css?167811 HTTP/1.1" 304 -
186.79.10.110 - - [27/Mar/2017:10:18:08 -0300] "GET /cormun/static/hpexe_return.js?2016101716175153 HTTP/1.1" 304 -
186.79.10.110 - - [27/Mar/2017:10:18:08 -0300] "GET /cormun/static/gxcfg.js?2016101716175148 HTTP/1.1" 304 -
186.79.10.110 - - [27/Mar/2017:10:18:08 -0300] "GET /cormun/servlet/trautorizarsolicitud HTTP/1.1" 200 8937
186.79.10.110 - - [27/Mar/2017:10:18:08 -0300] "GET /cormun/servlet/trautorizarsolicitud HTTP/1.1" 200 8933
186.103.157.42 - - [27/Mar/2017:10:18:15 -0300] "POST /cormun/servlet/solicitudot?gx-no-cache=1490620622836 HTTP/1.1" 200 3180
186.103.157.42 - - [27/Mar/2017:10:18:16 -0300] "POST /cormun/servlet/solicitudot?6b01745fc01d2c575929570955b62138,INS,0,0,,gx-no-cache=1490620623516 HTTP/1.1" 200 9971
186.103.157.42 - - [27/Mar/2017:10:18:16 -0300] "GET /cormun/servlet/solicitudot?d4a68c0419cf19ab12ebfcededdf474c745aa56466b7a672ee667117e4f640c47224d842d463dabe45c3d271baf536da,gx-no-cache=1490620623931 HTTP/1.1" 200 30
186.79.10.110 - - [27/Mar/2017:10:18:17 -0300] "POST /cormun/servlet/trautorizarsolicitud?f05a219b6d018c84d61229c943b4f991,gx-no-cache=1490620764001 HTTP/1.1" 200 115
186.79.10.110 - - [27/Mar/2017:10:18:17 -0300] "GET /cormun/servlet/solicitudotlog?INS,2017,5501,0,REC, HTTP/1.1" 200 5738
186.79.10.110 - - [27/Mar/2017:10:18:18 -0300] "GET /cormun/servlet/solicitudotlog?INS,2017,5501,0,REC, HTTP/1.1" 200 5737
186.103.157.42 - - [27/Mar/2017:10:18:18 -0300] "POST /cormun/servlet/solicitudot?gx-no-cache=1490620625644 HTTP/1.1" 200 297
186.103.157.42 - - [27/Mar/2017:10:18:18 -0300] "GET /cormun/servlet/solicitudot?d4a68c0419cf19ab12ebfcededdf474c297de50ad0ce1d33632fe311f88c0b86d33e2c98b805872a87c87f0f0383f931f2c73a13fd9653c7cb90791dd61ba6ace3395f14b5be18e1da35788bc72656d59fcc88427e525c02b4853f5c4ee6f75d78e0bfb6d1fdf61f5006648ac87806dde2afb28221480f9c97db706d2d9aec2da0c04bde7e31ef4bc8437cc65d14e8c6ece27fe3f2ad0d70125546eb93e7a8770062f0070d2f223bf99c92c4d06517a6b3edc988db09e49af8c825d7589e267587505f7d8b973a766d583456597624a31f8e395eeac92f9e3ef154e5b4a9dd8765fa3dd866f2cf2ed6e18fec3437e39ae5778935d893ba2cc42d560152c059da9ee2d1bb73c8aab50512c0f539bbd2558c82abaaa4c35df393ebda124bda4a8a28e9dd49e56bb0ba1e5f52ca3c92617c09e91a0f81736e615710e38da36c2a54ec2455cfd109557851ad949d7d7c6762d8dfd6f5bed028e207e6f2e18d0d2f4f0b81b2874dfc770909c5f0ecec2e8c4a9dde7c14b06f753be6a1666587e1b4803b44d45095e5588cf45072a68b6e747a,gx-no-cache=1490620625734 HTTP/1.1" 200 30
186.79.10.110 - - [27/Mar/2017:10:18:18 -0300] "GET /cormun/servlet/solicitudotlog?0ee7473c5ad7484932aff25629b751672f8f5ee3399e93591e587387504ae162376b0690a15abb9977e9d307de42bde2977da9f156dd39e425945cda6b6d59c42e8c85581c34eba5c1a35c9c3859171d79346b99f88d3ae8d8870a7d871d6d0e37a318a2b84b708d955edcff57e5277451fa03834b0eecab00aad13b3a3eca837d2e3df98509cdfa73130535536b76ae7b80ab23dbbd4fd9740901312917440f,gx-no-cache=1490620765745 HTTP/1.1" 200 94
186.103.157.42 - - [27/Mar/2017:10:18:21 -0300] "POST /cormun/servlet/solicitudot?gx-no-cache=1490620628348 HTTP/1.1" 200 30
186.103.157.42 - - [27/Mar/2017:10:18:22 -0300] "GET /cormun/servlet/prsolicitudot?15106083,,,,,MD,,gxPopupLevel%3D0%3B HTTP/1.1" 200 6117
186.103.157.42 - - [27/Mar/2017:10:18:26 -0300] "POST /cormun/servlet/solicitudot?gx-no-cache=1490620633758 HTTP/1.1" 200 235
186.103.157.42 - - [27/Mar/2017:10:18:26 -0300] "POST /cormun/servlet/solicitudot?gx-no-cache=1490620633836 HTTP/1.1" 200 38
186.103.157.42 - - [27/Mar/2017:10:18:26 -0300] "GET /cormun/servlet/solicitudot?d4a68c0419cf19ab12ebfcededdf474c4f5c3847e28a75d2a68dd09c07949810a40141964e7835f8a550794c3112d7b5df0ff3fddd9663f8606158b856391d814008c0eb361059d1062b55a362813ca240fad91a01e7253a1d509eacf582b16fd1e4b2ad2829f3d65ba168c90d12ca52,gx-no-cache=1490620633905 HTTP/1.1" 200 29
186.103.157.42 - - [27/Mar/2017:10:18:26 -0300] "POST /cormun/servlet/solicitudot?gx-no-cache=1490620633980 HTTP/1.1" 200 643
186.103.157.42 - - [27/Mar/2017:10:18:26 -0300] "POST /cormun/servlet/solicitudot?gx-no-cache=1490620634067 HTTP/1.1" 200 518
186.103.157.42 - - [27/Mar/2017:10:18:34 -0300] "POST /cormun/servlet/solicitudot?gx-no-cache=1490620642018 HTTP/1.1" 200 643
186.103.157.42 - - [27/Mar/2017:10:18:36 -0300] "POST /cormun/servlet/solicitudot?gx-no-cache=1490620644149 HTTP/1.1" 200 1157
186.79.10.110 - - [27/Mar/2017:10:18:36 -0300] "POST /cormun/servlet/solicitudotlog?f05a219b6d018c84d61229c943b4f991,INS,2017,5501,0,REC,,gx-no-cache=1490620783643 HTTP/1.1" 200 93
186.79.10.110 - - [27/Mar/2017:10:18:36 -0300] "GET /cormun/servlet/hpexe_return? HTTP/1.1" 200 1022
186.79.10.110 - - [27/Mar/2017:10:18:36 -0300] "GET /cormun/servlet/trautorizarsolicitud HTTP/1.1" 200 8580
186.79.10.110 - - [27/Mar/2017:10:18:37 -0300] "GET /cormun/servlet/trautorizarsolicitud HTTP/1.1" 200 8576
192.168.10.62 - - [27/Mar/2017:10:18:41 -0300] "POST /cormun/servlet/trsolicitudgral?eba6c09be562105411ddd335edda3912,,gx-no-cache=1490624000261 HTTP/1.1" 200 6710
186.103.159.187 - - [27/Mar/2017:10:18:43 -0300] "GET /cormun/static/menuarrow.gif HTTP/1.1" 404 1015
192.168.10.62 - - [27/Mar/2017:10:18:43 -0300] "POST /cormun/servlet/trsolicitudgral?eba6c09be562105411ddd335edda3912,,gx-no-cache=1490624002558 HTTP/1.1" 200 105
192.168.10.62 - - [27/Mar/2017:10:18:43 -0300] "POST /cormun/servlet/trsolicitudgral?eba6c09be562105411ddd335edda3912,,gx-no-cache=1490624002647 HTTP/1.1" 200 6693
192.168.10.62 - - [27/Mar/2017:10:18:43 -0300] "GET /cormun/SolicitudGral-7650.xls HTTP/1.1" 200 6144
186.103.157.42 - - [27/Mar/2017:10:18:47 -0300] "GET /cormun/servlet/solicitudot?d4a68c0419cf19ab12ebfcededdf474c43d9cec165f76969735a6e92e383771127dbb7685e8224385fa331d5774f8947657a524f8a2868a2d04ef9aea6c1ac80869d4da3162ee8493ff3c5b9a23b290bfadffc708f7b840c02645e48f806ff23862ee1cf413099bf9f5703c022c5aef9c67bbfd7f86def56c5f44bb773d24470dff0fe696dc3891be0174c9323d1b968464a691162a4a19c8d16b083fc3b20e5f622502317400790e99a59da4fec6a32,gx-no-cache=1490620654951 HTTP/1.1" 200 30
190.151.124.170 - - [27/Mar/2017:10:18:48 -0300] "POST /cormun/servlet/solicitudot?gx-no-cache=1490620793716 HTTP/1.1" 200 30
186.79.10.110 - - [27/Mar/2017:10:18:49 -0300] "GET /cormun/servlet/trcontratosolicitud? HTTP/1.1" 200 13601
186.79.10.110 - - [27/Mar/2017:10:18:49 -0300] "GET /cormun/static/trcontratosolicitud.js?20171317452124 HTTP/1.1" 304 -
186.79.10.110 - - [27/Mar/2017:10:18:49 -0300] "GET /cormun/static/gxcfg.js?20171317451682 HTTP/1.1" 304 -
186.79.10.110 - - [27/Mar/2017:10:18:50 -0300] "GET /cormun/servlet/trcontratosolicitud? HTTP/1.1" 200 13594
186.103.157.42 - - [27/Mar/2017:10:18:55 -0300] "POST /cormun/servlet/solicitudot?6b01745fc01d2c575929570955b62138,INS,0,0,,gx-no-cache=1490620662304 HTTP/1.1" 200 93
186.103.157.42 - - [27/Mar/2017:10:18:55 -0300] "GET /cormun/servlet/hpexe_return? HTTP/1.1" 200 1006
186.103.157.42 - - [27/Mar/2017:10:18:55 -0300] "GET /cormun/servlet/trsolicitudot HTTP/1.1" 200 11867
186.103.157.42 - - [27/Mar/2017:10:18:56 -0300] "GET /cormun/servlet/trsolicitudot HTTP/1.1" 200 11863
190.151.124.170 - - [27/Mar/2017:10:18:59 -0300] "GET /cormun/servlet/prfichaempleado?,MD,,gxPopupLevel%3D0%3B HTTP/1.1" 200 8818
190.151.124.170 - - [27/Mar/2017:10:18:59 -0300] "GET /cormun/static/Resources/Spanish/PXTools.css?167811 HTTP/1.1" 304 -
186.103.196.84 - - [27/Mar/2017:10:18:59 -0300] "GET /cormun/static/gxcfg.js?2016102420561687 HTTP/1.1" 304 -
190.151.124.170 - - [27/Mar/2017:10:18:59 -0300] "GET /cormun/static/prfichaempleado.js?201610242056198 HTTP/1.1" 304 -
190.151.124.170 - - [27/Mar/2017:10:18:59 -0300] "GET /cormun/static/menusearch.js?201610171694467 HTTP/1.1" 304 -
190.151.99.26 - - [27/Mar/2017:10:18:59 -0300] "GET /cormun/static/hmpwkw011.js?201731711483558 HTTP/1.1" 304 -
190.151.99.26 - - [27/Mar/2017:10:19:14 -0300] "POST /cormun/servlet/prfichaempleado?2aa23a1876e5d781e22aa4f501e470aa,,MD,,gxPopupLevel%3D0%3B,gx-no-cache=1490620819922 HTTP/1.1" 200 3409
