192.168.10.62 - - [27/Mar/2017:16:51:50 -0300] "GET /cormun/servlet/vesolicitudnombre?2017,3347,, HTTP/1.1" 200 8034
192.168.10.62 - - [27/Mar/2017:16:51:50 -0300] "GET /cormun/pexe_scrolldiv.js HTTP/1.1" 404 1009
192.168.10.62 - - [27/Mar/2017:16:51:50 -0300] "GET /cormun/pexe_scrolldiv.js HTTP/1.1" 404 1009
192.168.10.62 - - [27/Mar/2017:16:51:51 -0300] "GET /cormun/servlet/vesolicitudnombre?2017,3347,, HTTP/1.1" 200 8028
192.168.10.62 - - [27/Mar/2017:16:51:52 -0300] "GET /cormun/servlet/vesolicitudnombre?2017,3347,,SolicitudOTLog HTTP/1.1" 200 8654
192.168.10.62 - - [27/Mar/2017:16:51:52 -0300] "GET /cormun/pexe_scrolldiv.js HTTP/1.1" 404 1009
192.168.10.62 - - [27/Mar/2017:16:51:52 -0300] "GET /cormun/pexe_scrolldiv.js HTTP/1.1" 404 1009
192.168.10.62 - - [27/Mar/2017:16:51:53 -0300] "GET /cormun/servlet/vesolicitudnombre?2017,3347,,SolicitudOTLog HTTP/1.1" 200 8655
192.168.10.62 - - [27/Mar/2017:16:51:54 -0300] "POST /cormun/servlet/acontrolpreferencessavestate?None,FGONZALEZG,true HTTP/1.1" 200 35
192.168.10.96 - - [27/Mar/2017:16:51:54 -0300] "POST /cormun/servlet/hlogin?17845bfe3dd9aa6aeaa2a12e03365853,gx-no-cache=1490647593048 HTTP/1.1" 200 90
192.168.10.96 - - [27/Mar/2017:16:51:54 -0300] "GET /cormun/servlet/hpexe_link HTTP/1.1" 200 953
192.168.10.96 - - [27/Mar/2017:16:51:54 -0300] "GET /cormun/servlet/hhome HTTP/1.1" 200 3745
192.168.10.96 - - [27/Mar/2017:16:51:54 -0300] "GET /cormun/servlet/hhome HTTP/1.1" 200 3742
192.168.10.96 - - [27/Mar/2017:16:51:57 -0300] "GET /cormun/servlet/trsolicitudot? HTTP/1.1" 200 8476
192.168.10.96 - - [27/Mar/2017:16:51:57 -0300] "GET /cormun/servlet/trsolicitudot? HTTP/1.1" 200 8474
192.168.10.96 - - [27/Mar/2017:16:52:02 -0300] "GET /cormun/servlet/solicitudot?INS,0,0, HTTP/1.1" 200 12539
192.168.10.96 - - [27/Mar/2017:16:52:02 -0300] "GET /cormun/static/gxcfg.js?20171191042720 HTTP/1.1" 200 953
192.168.10.96 - - [27/Mar/2017:16:52:02 -0300] "GET /cormun/static/solicitudot.js?2017119104297 HTTP/1.1" 200 63948
192.168.10.96 - - [27/Mar/2017:16:52:02 -0300] "GET /cormun/static/Resources/prompt.gif HTTP/1.1" 200 902
192.168.10.96 - - [27/Mar/2017:16:52:03 -0300] "GET /cormun/servlet/solicitudot?INS,0,0, HTTP/1.1" 200 12544
192.168.10.62 - - [27/Mar/2017:16:52:06 -0300] "POST /cormun/servlet/vesolicitudnombre?5e9baa4deca6bdb6b9c629376423346e,2017,3347,,SolicitudOTLog,gx-no-cache=1490647604839 HTTP/1.1" 200 90
192.168.10.62 - - [27/Mar/2017:16:52:06 -0300] "GET /cormun/servlet/hpexe_link HTTP/1.1" 200 982
192.168.10.62 - - [27/Mar/2017:16:52:06 -0300] "GET /cormun/servlet/trsolicitudnombre?17503191, HTTP/1.1" 200 8320
192.168.10.62 - - [27/Mar/2017:16:52:06 -0300] "GET /cormun/servlet/trsolicitudnombre?17503191, HTTP/1.1" 200 8321
192.168.10.62 - - [27/Mar/2017:16:52:08 -0300] "POST /cormun/servlet/trsolicitudnombre?5e9baa4deca6bdb6b9c629376423346e,17503191,,gx-no-cache=1490647607105 HTTP/1.1" 200 90
192.168.10.62 - - [27/Mar/2017:16:52:08 -0300] "GET /cormun/servlet/hpexe_link HTTP/1.1" 200 973
192.168.10.62 - - [27/Mar/2017:16:52:08 -0300] "GET /cormun/servlet/trconsultaempleado? HTTP/1.1" 200 6172
192.168.10.62 - - [27/Mar/2017:16:52:08 -0300] "GET /cormun/servlet/trconsultaempleado? HTTP/1.1" 200 6171
192.168.10.62 - - [27/Mar/2017:16:52:10 -0300] "POST /cormun/servlet/trconsultaempleado?5e9baa4deca6bdb6b9c629376423346e,,gx-no-cache=1490647609136 HTTP/1.1" 200 90
192.168.10.62 - - [27/Mar/2017:16:52:10 -0300] "GET /cormun/servlet/hpexe_link HTTP/1.1" 200 983
192.168.10.62 - - [27/Mar/2017:16:52:10 -0300] "GET /cormun/servlet/trsolicitudgral?gx-no-cache=1490647537908 HTTP/1.1" 200 10002
192.168.10.96 - - [27/Mar/2017:16:52:10 -0300] "POST /cormun/servlet/solicitudot?gx-no-cache=1490647609618 HTTP/1.1" 200 3170
192.168.10.62 - - [27/Mar/2017:16:52:10 -0300] "GET /cormun/servlet/trsolicitudgral?gx-no-cache=1490647537908 HTTP/1.1" 200 10021
192.168.10.96 - - [27/Mar/2017:16:52:11 -0300] "POST /cormun/servlet/solicitudot?17845bfe3dd9aa6aeaa2a12e03365853,INS,0,0,,gx-no-cache=1490647609777 HTTP/1.1" 200 9773
192.168.10.96 - - [27/Mar/2017:16:52:18 -0300] "GET /cormun/servlet/solicitudot?813fc062e3cfad4deb0b92ac358aa30ccbaa86da1c815451c95260346f7fac29e1403e7b0bd268250b31ce8dd7446b3b,gx-no-cache=1490647616892 HTTP/1.1" 200 30
192.168.10.96 - - [27/Mar/2017:16:52:18 -0300] "POST /cormun/servlet/solicitudot?gx-no-cache=1490647616930 HTTP/1.1" 200 255
192.168.10.96 - - [27/Mar/2017:16:52:18 -0300] "GET /cormun/servlet/solicitudot?813fc062e3cfad4deb0b92ac358aa30c8b09d77f790959984913cafeafef3385f62a59337d56277bbef5efd5e4c1ef3a11619978fcb40eb36bc4fcc9f945550c0e20ab4e4ab42b24bef9b3adaf3a40cf2f9a8195408db52c33d59c06a6ebfefeec52c3dd04a0fba0741ae17c6d12c4b2a21babc10c9f5a31ba98b266f50a704b9f860f6dee22c370d8ac7a03ca2bafd5f98e5788d4619d8153fa52eaaf573e590f79cbf0fdbe86ec8984cdebf199ed735c0a2b5ce520b2da7786e45e3707c7627e88ecda465e61c865ffa93e1c12f26a28c2f736d01e1766ab1f5e176fba7bedfa795279bd4b93f820bb06095eb606ab3d9850b9a1e0ec2ec99882f94b083acf36aff0beed22af1daaa7650a809902d63446b483610ec4c0f3297faed151752d5a619515c92c1a843bcd8a94cea37b6f242b8f06beac30bb70546629658e2cea6b392a7a71bdbb39567eec0ac0b2ced89a922c0f29630176aa922f4b64bc05c6f6eb1c2a2e2c5017a05172120f6ddb70293f96c9eb12a8376d196cdf5283ec34,gx-no-cache=1490647616954 HTTP/1.1" 200 30
192.168.10.96 - - [27/Mar/2017:16:52:22 -0300] "POST /cormun/servlet/solicitudot?gx-no-cache=1490647621599 HTTP/1.1" 200 30
192.168.10.96 - - [27/Mar/2017:16:52:26 -0300] "GET /cormun/static/Resources/resize.gif HTTP/1.1" 200 77
192.168.10.96 - - [27/Mar/2017:16:52:26 -0300] "GET /cormun/servlet/prcontratosol?14202567,,,,,MD,,gxPopupLevel%3D0%3B HTTP/1.1" 200 5557
192.168.10.96 - - [27/Mar/2017:16:52:26 -0300] "GET /cormun/static/gxcfg.js?201731711522183 HTTP/1.1" 200 953
192.168.10.96 - - [27/Mar/2017:16:52:26 -0300] "GET /cormun/static/Resources/PXToolsMenuSearch.png HTTP/1.1" 200 2914
192.168.10.96 - - [27/Mar/2017:16:52:26 -0300] "GET /cormun/static/Resources/PXToolsGridPrevious.gif HTTP/1.1" 200 369
192.168.10.96 - - [27/Mar/2017:16:52:26 -0300] "GET /cormun/static/Resources/PXToolsGridFirst.gif HTTP/1.1" 200 379
192.168.10.96 - - [27/Mar/2017:16:52:26 -0300] "GET /cormun/static/Resources/PXToolsMenuSearchCancel.png HTTP/1.1" 200 2972
192.168.10.96 - - [27/Mar/2017:16:52:26 -0300] "GET /cormun/static/prcontratosol.js?201731711522419 HTTP/1.1" 200 14084
192.168.10.96 - - [27/Mar/2017:16:52:26 -0300] "GET /cormun/static/menusearch.js?201610171694467 HTTP/1.1" 200 1424
192.168.10.96 - - [27/Mar/2017:16:52:26 -0300] "GET /cormun/static/hmpwkw011.js?201731711483558 HTTP/1.1" 200 1968
192.168.10.96 - - [27/Mar/2017:16:52:28 -0300] "POST /cormun/servlet/solicitudot?gx-no-cache=1490647627367 HTTP/1.1" 200 235
192.168.10.96 - - [27/Mar/2017:16:52:28 -0300] "POST /cormun/servlet/solicitudot?gx-no-cache=1490647627403 HTTP/1.1" 200 38
192.168.10.96 - - [27/Mar/2017:16:52:28 -0300] "GET /cormun/servlet/solicitudot?813fc062e3cfad4deb0b92ac358aa30c34239308425870e043230d30438e7806eb63bbc915e35f6013cb684416cc4e0bd9a28b546298ad6c5ec681370b2c6a9bfd7e401222410804828b8659e2b6b156ece386f1b664f1706e5414924b5b63cb51ee64cb6bcce663f67ea3b5fcd0b435c88d45a3985949a6881d5a867b9e82ffd693c85e0036508fe581767e05a605bcc7d3635458ac2797cf6f02af2babaf7bfef10b490cf340aeca5456a65f6b397ffe7c5982b633d54a4d21ac66f6951711c228f94ec902c2bc653c4b6012e047cc,gx-no-cache=1490647627428 HTTP/1.1" 200 29
192.168.10.96 - - [27/Mar/2017:16:52:28 -0300] "POST /cormun/servlet/solicitudot?gx-no-cache=1490647627447 HTTP/1.1" 200 643
192.168.10.96 - - [27/Mar/2017:16:52:28 -0300] "POST /cormun/servlet/solicitudot?gx-no-cache=1490647627472 HTTP/1.1" 200 518
192.168.10.96 - - [27/Mar/2017:16:52:30 -0300] "GET /cormun/servlet/prsolicitudot?14202567,,,,,MD,,gxPopupLevel%3D0%3B HTTP/1.1" 200 5952
192.168.10.96 - - [27/Mar/2017:16:52:30 -0300] "GET /cormun/static/gxcfg.js?201731711522567 HTTP/1.1" 200 953
192.168.10.96 - - [27/Mar/2017:16:52:30 -0300] "GET /cormun/static/prsolicitudot.js?201731711522786 HTTP/1.1" 200 13680
192.168.10.96 - - [27/Mar/2017:16:52:36 -0300] "POST /cormun/servlet/solicitudot?gx-no-cache=1490647635634 HTTP/1.1" 200 656
192.168.10.96 - - [27/Mar/2017:16:52:36 -0300] "POST /cormun/servlet/solicitudot?gx-no-cache=1490647635664 HTTP/1.1" 200 38
192.168.10.96 - - [27/Mar/2017:16:52:36 -0300] "POST /cormun/servlet/solicitudot?gx-no-cache=1490647635683 HTTP/1.1" 200 643
192.168.10.96 - - [27/Mar/2017:16:52:36 -0300] "POST /cormun/servlet/solicitudot?gx-no-cache=1490647635708 HTTP/1.1" 200 518
192.168.10.96 - - [27/Mar/2017:16:53:07 -0300] "GET /cormun/servlet/solicitudot?813fc062e3cfad4deb0b92ac358aa30c34239308425870e043230d30438e7806eb63bbc915e35f6013cb684416cc4e0bf3ea0b9ab42a0d1e2637e37bff4373f1fd7e401222410804828b8659e2b6b156ece386f1b664f1706e5414924b5b63cb51ee64cb6bcce663f67ea3b5fcd0b435c88d45a3985949a6881d5a867b9e82ffd693c85e0036508fe581767e05a605bcc7d3635458ac2797cf6f02af2babaf7bfef10b490cf340aeca5456a65f6b397ffe7c5982b633d54a4d21ac66f6951711c228f94ec902c2bc653c4b6012e047cc,gx-no-cache=1490647665870 HTTP/1.1" 200 29
192.168.10.96 - - [27/Mar/2017:16:53:09 -0300] "POST /cormun/servlet/solicitudot?gx-no-cache=1490647668168 HTTP/1.1" 200 641
192.168.10.96 - - [27/Mar/2017:16:53:10 -0300] "POST /cormun/servlet/solicitudot?gx-no-cache=1490647669228 HTTP/1.1" 200 1157
192.168.10.62 - - [27/Mar/2017:16:53:25 -0300] "POST /cormun/servlet/trsolicitudgral?5e9baa4deca6bdb6b9c629376423346e,gx-no-cache=1490647537908,gx-no-cache=1490647683804 HTTP/1.1" 200 5150
192.168.10.62 - - [27/Mar/2017:16:53:25 -0300] "GET /cormun/static/Shared/jqueryui/images/ui-bg_highlight-soft_100_c6c2c8_1x100.png HTTP/1.1" 404 1117
192.168.10.62 - - [27/Mar/2017:16:53:25 -0300] "GET /cormun/static/Shared/jqueryui/images/ui-icons_82798d_256x240.png HTTP/1.1" 404 1089
192.168.10.62 - - [27/Mar/2017:16:53:25 -0300] "GET /cormun/static/Shared/jqueryui/images/ui-bg_flat_55_fafafa_40x100.png HTTP/1.1" 404 1097
192.168.10.62 - - [27/Mar/2017:16:53:25 -0300] "GET /cormun/static/Shared/jqueryui/images/ui-icons_8d78a5_256x240.png HTTP/1.1" 404 1089
192.168.10.96 - - [27/Mar/2017:16:53:29 -0300] "GET /cormun/servlet/solicitudot?813fc062e3cfad4deb0b92ac358aa30cd75611f9674a2e65183f0efbb1e416006548eff2f47420ee36859a9bb6e9060aee85529b517c34c9bd0fce1cf99560afd25fe5efc20e59468794a9a21d305502226d973ccdbe3ef273e775a62d576e9d6400bc7ab6987fbea329415e5398aa7b0bdd955bd6f60f116233e5914c0cff05d805d91f1821c8db2e715c3997789104d62f5c632a70246340791065be211667bb68aebab917a1ed41e0b430766bf178,gx-no-cache=1490647688255 HTTP/1.1" 200 30
192.168.10.62 - - [27/Mar/2017:16:53:30 -0300] "POST /cormun/servlet/trsolicitudgral?5e9baa4deca6bdb6b9c629376423346e,gx-no-cache=1490647537908,gx-no-cache=1490647688855 HTTP/1.1" 200 11352
192.168.10.62 - - [27/Mar/2017:16:53:32 -0300] "POST /cormun/servlet/trsolicitudgral?5e9baa4deca6bdb6b9c629376423346e,gx-no-cache=1490647537908,gx-no-cache=1490647691635 HTTP/1.1" 200 105
192.168.10.62 - - [27/Mar/2017:16:53:33 -0300] "POST /cormun/servlet/trsolicitudgral?5e9baa4deca6bdb6b9c629376423346e,gx-no-cache=1490647537908,gx-no-cache=1490647691835 HTTP/1.1" 200 11330
192.168.10.62 - - [27/Mar/2017:16:53:33 -0300] "GET /cormun/SolicitudGral-3455.xls HTTP/1.1" 200 12288
192.168.10.96 - - [27/Mar/2017:16:53:35 -0300] "POST /cormun/servlet/solicitudot?17845bfe3dd9aa6aeaa2a12e03365853,INS,0,0,,gx-no-cache=1490647693885 HTTP/1.1" 200 93
192.168.10.96 - - [27/Mar/2017:16:53:35 -0300] "GET /cormun/servlet/hpexe_return? HTTP/1.1" 200 1008
192.168.10.96 - - [27/Mar/2017:16:53:35 -0300] "GET /cormun/servlet/trsolicitudot HTTP/1.1" 200 8856
192.168.10.96 - - [27/Mar/2017:16:53:36 -0300] "GET /cormun/servlet/trsolicitudot HTTP/1.1" 200 8852
192.168.10.96 - - [27/Mar/2017:16:53:47 -0300] "POST /cormun/servlet/trsolicitudot?17845bfe3dd9aa6aeaa2a12e03365853,gx-no-cache=1490647705825 HTTP/1.1" 200 5760
192.168.10.96 - - [27/Mar/2017:16:53:47 -0300] "GET /cormun/static/Shared/jqueryui/images/ui-icons_82798d_256x240.png HTTP/1.1" 404 1089
192.168.10.96 - - [27/Mar/2017:16:53:47 -0300] "GET /cormun/static/Shared/jqueryui/images/ui-bg_highlight-soft_100_c6c2c8_1x100.png HTTP/1.1" 404 1117
192.168.10.96 - - [27/Mar/2017:16:53:47 -0300] "GET /cormun/static/Shared/jqueryui/images/ui-bg_flat_55_fafafa_40x100.png HTTP/1.1" 404 1097
192.168.10.96 - - [27/Mar/2017:16:53:47 -0300] "GET /cormun/static/Shared/jqueryui/images/ui-icons_8d78a5_256x240.png HTTP/1.1" 404 1089
192.168.10.96 - - [27/Mar/2017:16:53:47 -0300] "POST /cormun/servlet/trsolicitudot?17845bfe3dd9aa6aeaa2a12e03365853,gx-no-cache=1490647706043 HTTP/1.1" 200 5700
192.168.10.96 - - [27/Mar/2017:16:53:48 -0300] "POST /cormun/servlet/trsolicitudot?17845bfe3dd9aa6aeaa2a12e03365853,gx-no-cache=1490647707034 HTTP/1.1" 200 5314
192.168.10.96 - - [27/Mar/2017:16:53:48 -0300] "POST /cormun/servlet/trsolicitudot?17845bfe3dd9aa6aeaa2a12e03365853,gx-no-cache=1490647707233 HTTP/1.1" 200 5256
192.168.10.62 - - [27/Mar/2017:16:53:49 -0300] "POST /cormun/servlet/trsolicitudgral?5e9baa4deca6bdb6b9c629376423346e,gx-no-cache=1490647537908,gx-no-cache=1490647708246 HTTP/1.1" 200 105
192.168.10.62 - - [27/Mar/2017:16:53:49 -0300] "GET /cormun/SolicitudGral-2700.xls HTTP/1.1" 200 12288
192.168.10.96 - - [27/Mar/2017:16:53:55 -0300] "POST /cormun/servlet/trsolicitudot?17845bfe3dd9aa6aeaa2a12e03365853,gx-no-cache=1490647714507 HTTP/1.1" 200 4167
192.168.10.96 - - [27/Mar/2017:16:53:55 -0300] "POST /cormun/servlet/trsolicitudot?17845bfe3dd9aa6aeaa2a12e03365853,gx-no-cache=1490647714694 HTTP/1.1" 200 3933
192.168.10.96 - - [27/Mar/2017:16:54:01 -0300] "GET /cormun/servlet/solicitudot?INS,0,0, HTTP/1.1" 200 12539
192.168.10.96 - - [27/Mar/2017:16:54:01 -0300] "GET /cormun/servlet/solicitudot?INS,0,0, HTTP/1.1" 200 12544
192.168.10.96 - - [27/Mar/2017:16:54:19 -0300] "GET /cormun/servlet/prfichaempleado?,MD,,gxPopupLevel%3D0%3B HTTP/1.1" 200 8799
192.168.10.96 - - [27/Mar/2017:16:54:19 -0300] "GET /cormun/static/gxcfg.js?2016102420561687 HTTP/1.1" 200 953
192.168.10.96 - - [27/Mar/2017:16:54:19 -0300] "GET /cormun/static/prfichaempleado.js?201610242056198 HTTP/1.1" 200 16015
192.168.10.96 - - [27/Mar/2017:16:54:26 -0300] "POST /cormun/servlet/prfichaempleado?17845bfe3dd9aa6aeaa2a12e03365853,,MD,,gxPopupLevel%3D0%3B,gx-no-cache=1490647745715 HTTP/1.1" 200 3388
192.168.10.96 - - [27/Mar/2017:16:54:29 -0300] "POST /cormun/servlet/solicitudot?gx-no-cache=1490647747976 HTTP/1.1" 200 3169
192.168.10.96 - - [27/Mar/2017:16:54:29 -0300] "POST /cormun/servlet/solicitudot?17845bfe3dd9aa6aeaa2a12e03365853,INS,0,0,,gx-no-cache=1490647748136 HTTP/1.1" 200 9768
192.168.10.96 - - [27/Mar/2017:16:54:31 -0300] "GET /cormun/servlet/solicitudot?813fc062e3cfad4deb0b92ac358aa30c14a39eac692d7251c6be7b4138afe8c3e1403e7b0bd268250b31ce8dd7446b3b,gx-no-cache=1490647750745 HTTP/1.1" 200 30
192.168.10.96 - - [27/Mar/2017:16:54:32 -0300] "POST /cormun/servlet/solicitudot?gx-no-cache=1490647750801 HTTP/1.1" 200 255
192.168.10.96 - - [27/Mar/2017:16:54:32 -0300] "GET /cormun/servlet/solicitudot?813fc062e3cfad4deb0b92ac358aa30c8b09d77f790959984913cafeafef3385f62a59337d56277bbef5efd5e4c1ef3a11619978fcb40eb36bc4fcc9f945550c0e20ab4e4ab42b24bef9b3adaf3a40cf2f9a8195408db52c33d59c06a6ebfefeec52c3dd04a0fba0741ae17c6d12c4b2a21babc10c9f5a31ba98b266f50a704b9f860f6dee22c370d8ac7a03ca2bafd5f98e5788d4619d8153fa52eaaf573e590f79cbf0fdbe86ec8984cdebf199ed735c0a2b5ce520b2da7786e45e3707c7627e88ecda465e61c865ffa93e1c12f26a28c2f736d01e1766ab1f5e176fba7bedfa795279bd4b93f820bb06095eb606ab3d9850b9a1e0ec2ec99882f94b083acf36aff0beed22af1daaa7650a809902d63446b483610ec4c0f3297faed151752d5a619515c92c1a843bcd8a94cea37b6f242b8f06beac30bb70546629658e2cea6b392a7a71bdbb39567eec0ac0b2ced89a922c0f29630176aa922f4b64bc05c6f6eb1c2a2e2c5017a05172120f6ddb70293f96c9eb12a8376d196cdf5283ec34,gx-no-cache=1490647750829 HTTP/1.1" 200 30
192.168.10.96 - - [27/Mar/2017:16:54:33 -0300] "POST /cormun/servlet/solicitudot?gx-no-cache=1490647752514 HTTP/1.1" 200 30
192.168.10.96 - - [27/Mar/2017:16:54:35 -0300] "GET /cormun/servlet/prcontratosol?10804638,,,,,MD,,gxPopupLevel%3D0%3B HTTP/1.1" 200 5557
192.168.10.96 - - [27/Mar/2017:16:54:37 -0300] "POST /cormun/servlet/solicitudot?gx-no-cache=1490647756266 HTTP/1.1" 200 235
192.168.10.96 - - [27/Mar/2017:16:54:37 -0300] "POST /cormun/servlet/solicitudot?gx-no-cache=1490647756297 HTTP/1.1" 200 38
192.168.10.96 - - [27/Mar/2017:16:54:37 -0300] "GET /cormun/servlet/solicitudot?813fc062e3cfad4deb0b92ac358aa30c34239308425870e043230d30438e7806eb63bbc915e35f6013cb684416cc4e0bd9a28b546298ad6c5ec681370b2c6a9bfd7e401222410804828b8659e2b6b156ece386f1b664f1706e5414924b5b63cb51ee64cb6bcce663f67ea3b5fcd0b435c88d45a3985949a6881d5a867b9e82ffd693c85e0036508fe581767e05a605bcc7d3635458ac2797cf6f02af2babaf7bfef10b490cf340aeca5456a65f6b397ffe7c5982b633d54a4d21ac66f6951711c228f94ec902c2bc653c4b6012e047cc,gx-no-cache=1490647756317 HTTP/1.1" 200 29
192.168.10.96 - - [27/Mar/2017:16:54:37 -0300] "POST /cormun/servlet/solicitudot?gx-no-cache=1490647756333 HTTP/1.1" 200 643
192.168.10.96 - - [27/Mar/2017:16:54:37 -0300] "POST /cormun/servlet/solicitudot?gx-no-cache=1490647756354 HTTP/1.1" 200 518
192.168.10.96 - - [27/Mar/2017:16:54:38 -0300] "GET /cormun/servlet/prsolicitudot?10804638,,,,,MD,,gxPopupLevel%3D0%3B HTTP/1.1" 200 5869
192.168.10.96 - - [27/Mar/2017:16:54:41 -0300] "POST /cormun/servlet/solicitudot?gx-no-cache=1490647759770 HTTP/1.1" 200 656
192.168.10.96 - - [27/Mar/2017:16:54:41 -0300] "POST /cormun/servlet/solicitudot?gx-no-cache=1490647759800 HTTP/1.1" 200 38
192.168.10.96 - - [27/Mar/2017:16:54:41 -0300] "POST /cormun/servlet/solicitudot?gx-no-cache=1490647759819 HTTP/1.1" 200 643
192.168.10.96 - - [27/Mar/2017:16:54:41 -0300] "POST /cormun/servlet/solicitudot?gx-no-cache=1490647759842 HTTP/1.1" 200 518
200.83.57.219 - - [27/Mar/2017:16:54:47 -0300] "GET /cormun/servlet/trlicenciaspermisosadjuntos?10955447,20170327000000,L, HTTP/1.1" 200 6015
200.83.57.219 - - [27/Mar/2017:16:54:48 -0300] "GET /cormun/servlet/hlogin HTTP/1.1" 200 1768
200.83.57.219 - - [27/Mar/2017:16:54:48 -0300] "GET /cormun/servlet/trlicenciaspermisosadjuntos?10955447,20170327000000,L, HTTP/1.1" 200 6017
200.83.57.219 - - [27/Mar/2017:16:54:49 -0300] "POST /cormun/servlet/hlogin?a9290e8b6f9f3ccb60e73e11e60bbc95,gx-no-cache=1490644557738 HTTP/1.1" 200 90
200.83.57.219 - - [27/Mar/2017:16:54:49 -0300] "GET /cormun/servlet/hpexe_link HTTP/1.1" 200 986
200.83.57.219 - - [27/Mar/2017:16:54:49 -0300] "GET /cormun/servlet/trlicenciaspermisosadjuntos?10955447,20170327000000,L, HTTP/1.1" 200 6850
200.83.57.219 - - [27/Mar/2017:16:54:50 -0300] "GET /cormun/servlet/trlicenciaspermisosadjuntos?10955447,20170327000000,L, HTTP/1.1" 200 6848
192.168.10.96 - - [27/Mar/2017:16:54:53 -0300] "GET /cormun/servlet/solicitudot?813fc062e3cfad4deb0b92ac358aa30c34239308425870e043230d30438e7806eb63bbc915e35f6013cb684416cc4e0bf3ea0b9ab42a0d1e2637e37bff4373f1fd7e401222410804828b8659e2b6b156ece386f1b664f1706e5414924b5b63cb51ee64cb6bcce663f67ea3b5fcd0b435c88d45a3985949a6881d5a867b9e82ffd693c85e0036508fe581767e05a605bcc7d3635458ac2797cf6f02af2babaf7bfef10b490cf340aeca5456a65f6b397ffe7c5982b633d54a4d21ac66f6951711c228f94ec902c2bc653c4b6012e047cc,gx-no-cache=1490647772758 HTTP/1.1" 200 29
192.168.10.96 - - [27/Mar/2017:16:54:55 -0300] "POST /cormun/servlet/solicitudot?gx-no-cache=1490647774471 HTTP/1.1" 200 641
192.168.10.96 - - [27/Mar/2017:16:54:56 -0300] "POST /cormun/servlet/solicitudot?gx-no-cache=1490647775608 HTTP/1.1" 200 1157
200.83.57.219 - - [27/Mar/2017:16:54:58 -0300] "GET /cormun/servlet/trlicencias? HTTP/1.1" 200 8484
200.83.57.219 - - [27/Mar/2017:16:54:59 -0300] "GET /cormun/servlet/trlicencias? HTTP/1.1" 200 8482
192.168.10.96 - - [27/Mar/2017:16:55:10 -0300] "GET /cormun/servlet/solicitudot?813fc062e3cfad4deb0b92ac358aa30c77012af8516215bc4a92e9c253f7d4f7d9bb775ede3959300874045887e193a8dc2c7782e29c2f79ad1635575ee704e9d25fe5efc20e59468794a9a21d305502226d973ccdbe3ef273e775a62d576e9d6400bc7ab6987fbea329415e5398aa7b0bdd955bd6f60f116233e5914c0cff05d805d91f1821c8db2e715c3997789104d62f5c632a70246340791065be211667bb68aebab917a1ed41e0b430766bf178,gx-no-cache=1490647789617 HTTP/1.1" 200 30
192.168.10.96 - - [27/Mar/2017:16:55:16 -0300] "POST /cormun/servlet/solicitudot?17845bfe3dd9aa6aeaa2a12e03365853,INS,0,0,,gx-no-cache=1490647795013 HTTP/1.1" 200 93
192.168.10.96 - - [27/Mar/2017:16:55:16 -0300] "GET /cormun/servlet/hpexe_return? HTTP/1.1" 200 1028
192.168.10.96 - - [27/Mar/2017:16:55:16 -0300] "GET /cormun/servlet/trsolicitudot?gx-no-cache=1490647714694 HTTP/1.1" 200 7999
192.168.10.96 - - [27/Mar/2017:16:55:17 -0300] "GET /cormun/servlet/trsolicitudot?gx-no-cache=1490647714694 HTTP/1.1" 200 8015
192.168.10.96 - - [27/Mar/2017:16:55:19 -0300] "POST /cormun/servlet/trsolicitudot?17845bfe3dd9aa6aeaa2a12e03365853,gx-no-cache=1490647714694,gx-no-cache=1490647797805 HTTP/1.1" 200 4146
192.168.10.96 - - [27/Mar/2017:16:55:19 -0300] "GET /cormun/static/Shared/jqueryui/images/ui-icons_82798d_256x240.png HTTP/1.1" 404 1089
192.168.10.96 - - [27/Mar/2017:16:55:19 -0300] "GET /cormun/static/Shared/jqueryui/images/ui-bg_highlight-soft_100_c6c2c8_1x100.png HTTP/1.1" 404 1117
192.168.10.96 - - [27/Mar/2017:16:55:19 -0300] "GET /cormun/static/Shared/jqueryui/images/ui-icons_8d78a5_256x240.png HTTP/1.1" 404 1089
192.168.10.96 - - [27/Mar/2017:16:55:19 -0300] "GET /cormun/static/Shared/jqueryui/images/ui-bg_flat_55_fafafa_40x100.png HTTP/1.1" 404 1097
192.168.10.96 - - [27/Mar/2017:16:55:19 -0300] "POST /cormun/servlet/trsolicitudot?17845bfe3dd9aa6aeaa2a12e03365853,gx-no-cache=1490647714694,gx-no-cache=1490647797982 HTTP/1.1" 200 3933
192.168.10.62 - - [27/Mar/2017:16:55:28 -0300] "GET /cormun/servlet/vesolicitudgral?2017,3324,, HTTP/1.1" 200 8243
192.168.10.62 - - [27/Mar/2017:16:55:29 -0300] "GET /cormun/pexe_scrolldiv.js HTTP/1.1" 404 1009
192.168.10.62 - - [27/Mar/2017:16:55:29 -0300] "GET /cormun/pexe_scrolldiv.js HTTP/1.1" 404 1009
192.168.10.62 - - [27/Mar/2017:16:55:29 -0300] "GET /cormun/servlet/vesolicitudgral?2017,3324,, HTTP/1.1" 200 8221
192.168.10.96 - - [27/Mar/2017:16:55:31 -0300] "GET /cormun/servlet/trsolicitudot? HTTP/1.1" 200 6706
192.168.10.62 - - [27/Mar/2017:16:55:31 -0300] "POST /cormun/servlet/vesolicitudgral?5e9baa4deca6bdb6b9c629376423346e,2017,3324,,,gx-no-cache=1490647810418 HTTP/1.1" 200 115
192.168.10.62 - - [27/Mar/2017:16:55:31 -0300] "GET /cormun/servlet/solicitudotlog?INS,2017,3324,0,REC, HTTP/1.1" 200 5585
192.168.10.96 - - [27/Mar/2017:16:55:31 -0300] "GET /cormun/servlet/trsolicitudot? HTTP/1.1" 200 6685
192.168.10.62 - - [27/Mar/2017:16:55:32 -0300] "GET /cormun/servlet/solicitudotlog?INS,2017,3324,0,REC, HTTP/1.1" 200 5579
192.168.10.62 - - [27/Mar/2017:16:55:32 -0300] "GET /cormun/servlet/solicitudotlog?3bd0ff3d45433253e82a00a57cccfc04422e1598d4806156ec6aea541b292e4b8d0c291a22c6ca0ca90ddc425303f6716d250a3fd740b06fbd6bd53116e01800e09cd71f8412a6ab0adb88e43013c3535fe0fabc53cff78b4d1aa22ef67f32932750258bda1fd5d79630b489243fd57656435b320e22f171752040024c7bced2c52a1ebbc3654c55b195434fc0441870ee24baecbd93b99123757a7bcf6ee958,gx-no-cache=1490647811350 HTTP/1.1" 200 94
192.168.10.96 - - [27/Mar/2017:16:55:33 -0300] "GET /cormun/servlet/hlogin HTTP/1.1" 200 1743
192.168.10.62 - - [27/Mar/2017:16:55:42 -0300] "POST /cormun/servlet/solicitudotlog?5e9baa4deca6bdb6b9c629376423346e,INS,2017,3324,0,REC,,gx-no-cache=1490647821283 HTTP/1.1" 200 93
192.168.10.62 - - [27/Mar/2017:16:55:42 -0300] "GET /cormun/servlet/hpexe_return? HTTP/1.1" 200 1022
192.168.10.62 - - [27/Mar/2017:16:55:42 -0300] "GET /cormun/servlet/vesolicitudgral?2017,3324,, HTTP/1.1" 200 8236
192.168.10.62 - - [27/Mar/2017:16:55:42 -0300] "GET /cormun/pexe_scrolldiv.js HTTP/1.1" 404 1009
192.168.10.62 - - [27/Mar/2017:16:55:42 -0300] "GET /cormun/pexe_scrolldiv.js HTTP/1.1" 404 1009
192.168.10.62 - - [27/Mar/2017:16:55:43 -0300] "GET /cormun/servlet/vesolicitudgral?2017,3324,, HTTP/1.1" 200 8233
192.168.10.62 - - [27/Mar/2017:16:55:44 -0300] "POST /cormun/servlet/vesolicitudgral?5e9baa4deca6bdb6b9c629376423346e,2017,3324,,,gx-no-cache=1490647823242 HTTP/1.1" 200 90
192.168.10.62 - - [27/Mar/2017:16:55:44 -0300] "GET /cormun/servlet/hpexe_link HTTP/1.1" 200 984
192.168.10.62 - - [27/Mar/2017:16:55:44 -0300] "GET /cormun/servlet/trsolicitudgral?gx-no-cache=1490647537908 HTTP/1.1" 200 14018
192.168.10.62 - - [27/Mar/2017:16:55:45 -0300] "GET /cormun/servlet/trsolicitudgral?gx-no-cache=1490647537908 HTTP/1.1" 200 14037
192.168.10.96 - - [27/Mar/2017:16:55:48 -0300] "POST /cormun/servlet/hlogin?17845bfe3dd9aa6aeaa2a12e03365853,gx-no-cache=1490647827021 HTTP/1.1" 200 449
192.168.10.96 - - [27/Mar/2017:16:56:02 -0300] "POST /cormun/servlet/hlogin?17845bfe3dd9aa6aeaa2a12e03365853,gx-no-cache=1490647841503 HTTP/1.1" 200 449
192.168.10.96 - - [27/Mar/2017:16:56:17 -0300] "POST /cormun/servlet/hlogin?17845bfe3dd9aa6aeaa2a12e03365853,gx-no-cache=1490647855986 HTTP/1.1" 200 90
192.168.10.96 - - [27/Mar/2017:16:56:17 -0300] "GET /cormun/servlet/hpexe_link HTTP/1.1" 200 953
192.168.10.96 - - [27/Mar/2017:16:56:17 -0300] "GET /cormun/servlet/hhome HTTP/1.1" 200 3921
192.168.10.96 - - [27/Mar/2017:16:56:17 -0300] "GET /cormun/servlet/hhome HTTP/1.1" 200 3917
192.168.10.96 - - [27/Mar/2017:16:56:19 -0300] "GET /cormun/servlet/trautorizarsolicitud? HTTP/1.1" 200 9307
192.168.10.96 - - [27/Mar/2017:16:56:20 -0300] "GET /cormun/servlet/trautorizarsolicitud? HTTP/1.1" 200 9306
192.168.10.62 - - [27/Mar/2017:16:56:21 -0300] "GET /cormun/servlet/trconsultaempleado? HTTP/1.1" 200 6191
192.168.10.62 - - [27/Mar/2017:16:56:22 -0300] "GET /cormun/servlet/trconsultaempleado? HTTP/1.1" 200 6171
192.168.10.96 - - [27/Mar/2017:16:56:23 -0300] "POST /cormun/servlet/trautorizarsolicitud?17845bfe3dd9aa6aeaa2a12e03365853,,gx-no-cache=1490647862420 HTTP/1.1" 200 6303
192.168.10.96 - - [27/Mar/2017:16:56:23 -0300] "GET /cormun/static/Shared/jqueryui/images/ui-icons_82798d_256x240.png HTTP/1.1" 404 1089
192.168.10.96 - - [27/Mar/2017:16:56:23 -0300] "GET /cormun/static/Shared/jqueryui/images/ui-bg_highlight-soft_100_c6c2c8_1x100.png HTTP/1.1" 404 1117
192.168.10.96 - - [27/Mar/2017:16:56:23 -0300] "GET /cormun/static/Shared/jqueryui/images/ui-bg_flat_55_fafafa_40x100.png HTTP/1.1" 404 1097
192.168.10.96 - - [27/Mar/2017:16:56:23 -0300] "GET /cormun/static/Shared/jqueryui/images/ui-icons_8d78a5_256x240.png HTTP/1.1" 404 1089
192.168.10.96 - - [27/Mar/2017:16:56:23 -0300] "POST /cormun/servlet/trautorizarsolicitud?17845bfe3dd9aa6aeaa2a12e03365853,,gx-no-cache=1490647862663 HTTP/1.1" 200 6245
186.79.10.110 - - [27/Mar/2017:16:56:24 -0300] "GET /cormun/servlet/hlogin HTTP/1.1" 200 1720
192.168.10.96 - - [27/Mar/2017:16:56:25 -0300] "POST /cormun/servlet/trautorizarsolicitud?17845bfe3dd9aa6aeaa2a12e03365853,,gx-no-cache=1490647864140 HTTP/1.1" 200 5910
192.168.10.96 - - [27/Mar/2017:16:56:25 -0300] "POST /cormun/servlet/trautorizarsolicitud?17845bfe3dd9aa6aeaa2a12e03365853,,gx-no-cache=1490647864385 HTTP/1.1" 200 5855
186.79.10.110 - - [27/Mar/2017:16:56:26 -0300] "POST /cormun/servlet/hlogin?408b78f6943b00e3b38971ddba6edfaa,gx-no-cache=1490644654113 HTTP/1.1" 200 90
186.79.10.110 - - [27/Mar/2017:16:56:26 -0300] "GET /cormun/servlet/hpexe_link HTTP/1.1" 200 946
186.79.10.110 - - [27/Mar/2017:16:56:26 -0300] "GET /cormun/servlet/hhome HTTP/1.1" 200 3753
186.79.10.110 - - [27/Mar/2017:16:56:27 -0300] "GET /cormun/servlet/hhome HTTP/1.1" 200 3750
192.168.10.96 - - [27/Mar/2017:16:56:28 -0300] "POST /cormun/servlet/trautorizarsolicitud?17845bfe3dd9aa6aeaa2a12e03365853,,gx-no-cache=1490647866952 HTTP/1.1" 200 115
192.168.10.96 - - [27/Mar/2017:16:56:28 -0300] "GET /cormun/servlet/solicitudotlog?INS,2017,5134,0,ANU, HTTP/1.1" 200 5722
192.168.10.96 - - [27/Mar/2017:16:56:28 -0300] "GET /cormun/static/gxcfg.js?201731711401563 HTTP/1.1" 304 -
192.168.10.96 - - [27/Mar/2017:16:56:28 -0300] "GET /cormun/static/solicitudotlog.js?201731711401579 HTTP/1.1" 304 -
192.168.10.96 - - [27/Mar/2017:16:56:28 -0300] "GET /cormun/servlet/solicitudotlog?INS,2017,5134,0,ANU, HTTP/1.1" 200 5722
192.168.10.96 - - [27/Mar/2017:16:56:29 -0300] "GET /cormun/servlet/solicitudotlog?813fc062e3cfad4deb0b92ac358aa30ca5d139348092b87f9b36f5df64c9c4daeb63bbc915e35f6013cb684416cc4e0bccdd553c2876ae8f674e9766ea3663872ecfa57a534ea77b11e61075e44ddd814ca7f717683770eba22a4b757e1a21ef8260e345cab2c748b408a909847d65c91e81367328ca8c5bfcbeb01a373cf0a894492d65de31ee87eba66db3e938527a472e8a3bd59a607e74f3e26b73c545b7,gx-no-cache=1490647867929 HTTP/1.1" 200 94
186.79.10.110 - - [27/Mar/2017:16:56:30 -0300] "GET /cormun/servlet/trsolicitudot? HTTP/1.1" 200 8771
192.168.10.62 - - [27/Mar/2017:16:56:31 -0300] "POST /cormun/servlet/trconsultaempleado?5e9baa4deca6bdb6b9c629376423346e,,gx-no-cache=1490647870116 HTTP/1.1" 200 3980
186.79.10.110 - - [27/Mar/2017:16:56:31 -0300] "GET /cormun/servlet/trsolicitudot? HTTP/1.1" 200 8769
192.168.10.96 - - [27/Mar/2017:16:56:32 -0300] "POST /cormun/servlet/solicitudotlog?17845bfe3dd9aa6aeaa2a12e03365853,INS,2017,5134,0,ANU,,gx-no-cache=1490647871334 HTTP/1.1" 200 93
192.168.10.96 - - [27/Mar/2017:16:56:32 -0300] "GET /cormun/servlet/hpexe_return? HTTP/1.1" 200 1030
192.168.10.96 - - [27/Mar/2017:16:56:32 -0300] "GET /cormun/servlet/trautorizarsolicitud? HTTP/1.1" 200 8132
192.168.10.62 - - [27/Mar/2017:16:56:32 -0300] "GET /cormun/servlet/trsolicitudnombre?9448944, HTTP/1.1" 200 7115
192.168.10.96 - - [27/Mar/2017:16:56:33 -0300] "GET /cormun/servlet/trautorizarsolicitud? HTTP/1.1" 200 8128
192.168.10.62 - - [27/Mar/2017:16:56:33 -0300] "GET /cormun/servlet/trsolicitudnombre?9448944, HTTP/1.1" 200 7116
192.168.10.96 - - [27/Mar/2017:16:56:34 -0300] "POST /cormun/servlet/trautorizarsolicitud?17845bfe3dd9aa6aeaa2a12e03365853,,gx-no-cache=1490647873688 HTTP/1.1" 200 115
192.168.10.96 - - [27/Mar/2017:16:56:34 -0300] "GET /cormun/servlet/solicitudotlog?INS,2017,5399,0,ANU, HTTP/1.1" 200 5721
192.168.10.96 - - [27/Mar/2017:16:56:35 -0300] "GET /cormun/servlet/solicitudotlog?INS,2017,5399,0,ANU, HTTP/1.1" 200 5722
192.168.10.96 - - [27/Mar/2017:16:56:35 -0300] "GET /cormun/servlet/solicitudotlog?813fc062e3cfad4deb0b92ac358aa30c784f94295ca39707b523aa8e65307484eb63bbc915e35f6013cb684416cc4e0bccdd553c2876ae8f674e9766ea3663872ecfa57a534ea77b11e61075e44ddd814ca7f717683770eba22a4b757e1a21ef8260e345cab2c748b408a909847d65c91e81367328ca8c5bfcbeb01a373cf0a894492d65de31ee87eba66db3e938527a472e8a3bd59a607e74f3e26b73c545b7,gx-no-cache=1490647874594 HTTP/1.1" 200 94
192.168.10.62 - - [27/Mar/2017:16:56:36 -0300] "GET /cormun/servlet/vesolicitudnombre?2017,3367,, HTTP/1.1" 200 8022
192.168.10.62 - - [27/Mar/2017:16:56:36 -0300] "GET /cormun/pexe_scrolldiv.js HTTP/1.1" 404 1009
192.168.10.62 - - [27/Mar/2017:16:56:36 -0300] "GET /cormun/pexe_scrolldiv.js HTTP/1.1" 404 1009
192.168.10.62 - - [27/Mar/2017:16:56:37 -0300] "GET /cormun/servlet/vesolicitudnombre?2017,3367,, HTTP/1.1" 200 8016
192.168.10.62 - - [27/Mar/2017:16:56:39 -0300] "POST /cormun/servlet/vesolicitudnombre?5e9baa4deca6bdb6b9c629376423346e,2017,3367,,,gx-no-cache=1490647878192 HTTP/1.1" 200 90
192.168.10.62 - - [27/Mar/2017:16:56:39 -0300] "GET /cormun/servlet/hpexe_link HTTP/1.1" 200 973
192.168.10.96 - - [27/Mar/2017:16:56:39 -0300] "POST /cormun/servlet/solicitudotlog?17845bfe3dd9aa6aeaa2a12e03365853,INS,2017,5399,0,ANU,,gx-no-cache=1490647878295 HTTP/1.1" 200 93
192.168.10.96 - - [27/Mar/2017:16:56:39 -0300] "GET /cormun/servlet/hpexe_return? HTTP/1.1" 200 1029
192.168.10.62 - - [27/Mar/2017:16:56:39 -0300] "GET /cormun/servlet/trsolicitudnombre?9448944, HTTP/1.1" 200 7118
192.168.10.96 - - [27/Mar/2017:16:56:39 -0300] "GET /cormun/servlet/trautorizarsolicitud HTTP/1.1" 200 6844
192.168.10.62 - - [27/Mar/2017:16:56:39 -0300] "GET /cormun/servlet/trsolicitudnombre?9448944, HTTP/1.1" 200 7117
192.168.10.96 - - [27/Mar/2017:16:56:40 -0300] "GET /cormun/servlet/trautorizarsolicitud HTTP/1.1" 200 6840
186.79.92.157 - - [27/Mar/2017:16:56:40 -0300] "POST /cormun/servlet/solicitudot?0fb168d65325ec6cd870f2d09bb38630,INS,0,0,,gx-no-cache=1490644666540 HTTP/1.1" 200 93
186.79.92.157 - - [27/Mar/2017:16:56:40 -0300] "GET /cormun/servlet/hpexe_return? HTTP/1.1" 200 1005
186.79.92.157 - - [27/Mar/2017:16:56:40 -0300] "GET /cormun/servlet/trsolicitudot HTTP/1.1" 200 6685
192.168.10.62 - - [27/Mar/2017:16:56:41 -0300] "GET /cormun/servlet/vesolicitudnombre?2017,3390,, HTTP/1.1" 200 8027
192.168.10.62 - - [27/Mar/2017:16:56:41 -0300] "GET /cormun/pexe_scrolldiv.js HTTP/1.1" 404 1009
192.168.10.62 - - [27/Mar/2017:16:56:41 -0300] "GET /cormun/pexe_scrolldiv.js HTTP/1.1" 404 1009
192.168.10.62 - - [27/Mar/2017:16:56:41 -0300] "GET /cormun/servlet/vesolicitudnombre?2017,3390,, HTTP/1.1" 200 8021
186.79.92.157 - - [27/Mar/2017:16:56:42 -0300] "GET /cormun/servlet/trsolicitudot HTTP/1.1" 200 6681
192.168.10.62 - - [27/Mar/2017:16:56:44 -0300] "POST /cormun/servlet/vesolicitudnombre?5e9baa4deca6bdb6b9c629376423346e,2017,3390,,,gx-no-cache=1490647883196 HTTP/1.1" 200 90
192.168.10.62 - - [27/Mar/2017:16:56:44 -0300] "GET /cormun/servlet/hpexe_link HTTP/1.1" 200 973
192.168.10.62 - - [27/Mar/2017:16:56:44 -0300] "GET /cormun/servlet/trsolicitudnombre?9448944, HTTP/1.1" 200 7115
192.168.10.62 - - [27/Mar/2017:16:56:44 -0300] "GET /cormun/servlet/trsolicitudnombre?9448944, HTTP/1.1" 200 7114
186.79.10.110 - - [27/Mar/2017:16:56:45 -0300] "POST /cormun/servlet/trsolicitudot?408b78f6943b00e3b38971ddba6edfaa,,gx-no-cache=1490644672881 HTTP/1.1" 200 106
186.79.10.110 - - [27/Mar/2017:16:56:46 -0300] "GET /cormun/servlet/trsolicitudadjuntos?2017,5759, HTTP/1.1" 200 8835
186.79.10.110 - - [27/Mar/2017:16:56:47 -0300] "GET /cormun/servlet/trsolicitudadjuntos?2017,5759, HTTP/1.1" 200 8839
192.168.10.96 - - [27/Mar/2017:16:56:47 -0300] "GET /cormun/servlet/hlogin HTTP/1.1" 200 1747
192.168.10.62 - - [27/Mar/2017:16:56:48 -0300] "POST /cormun/servlet/trsolicitudnombre?5e9baa4deca6bdb6b9c629376423346e,9448944,,gx-no-cache=1490647887008 HTTP/1.1" 200 90
192.168.10.62 - - [27/Mar/2017:16:56:48 -0300] "GET /cormun/servlet/hpexe_link HTTP/1.1" 200 973
192.168.10.62 - - [27/Mar/2017:16:56:48 -0300] "GET /cormun/servlet/trconsultaempleado? HTTP/1.1" 200 6179
192.168.10.62 - - [27/Mar/2017:16:56:48 -0300] "GET /cormun/servlet/trconsultaempleado? HTTP/1.1" 200 6177
186.79.10.110 - - [27/Mar/2017:16:56:54 -0300] "GET /cormun/servlet/trsolicitudot? HTTP/1.1" 200 8775
186.79.10.110 - - [27/Mar/2017:16:56:55 -0300] "GET /cormun/servlet/trsolicitudot? HTTP/1.1" 200 8769
192.168.10.62 - - [27/Mar/2017:16:57:02 -0300] "POST /cormun/servlet/trconsultaempleado?5e9baa4deca6bdb6b9c629376423346e,,gx-no-cache=1490647901170 HTTP/1.1" 200 3743
192.168.10.62 - - [27/Mar/2017:16:57:07 -0300] "POST /cormun/servlet/trconsultaempleado?5e9baa4deca6bdb6b9c629376423346e,,gx-no-cache=1490647906443 HTTP/1.1" 200 3742
192.168.10.62 - - [27/Mar/2017:16:57:12 -0300] "POST /cormun/servlet/trconsultaempleado?5e9baa4deca6bdb6b9c629376423346e,,gx-no-cache=1490647911460 HTTP/1.1" 200 3966
192.168.10.62 - - [27/Mar/2017:16:57:14 -0300] "GET /cormun/servlet/trsolicitudnombre?15036142, HTTP/1.1" 200 7101
186.79.10.110 - - [27/Mar/2017:16:57:14 -0300] "POST /cormun/servlet/trsolicitudot?408b78f6943b00e3b38971ddba6edfaa,,gx-no-cache=1490644701861 HTTP/1.1" 200 105
192.168.10.62 - - [27/Mar/2017:16:57:14 -0300] "GET /cormun/servlet/trsolicitudnombre?15036142, HTTP/1.1" 200 7101
186.79.10.110 - - [27/Mar/2017:16:57:14 -0300] "GET /cormun/servlet/solicitudot?UPD,2017,5759, HTTP/1.1" 200 14241
186.79.10.110 - - [27/Mar/2017:16:57:15 -0300] "GET /cormun/servlet/solicitudot?UPD,2017,5759, HTTP/1.1" 200 14250
186.79.10.110 - - [27/Mar/2017:16:57:16 -0300] "POST /cormun/servlet/solicitudot?gx-no-cache=1490644703790 HTTP/1.1" 200 3186
186.79.10.110 - - [27/Mar/2017:16:57:16 -0300] "POST /cormun/servlet/solicitudot?408b78f6943b00e3b38971ddba6edfaa,UPD,2017,5759,,gx-no-cache=1490644704274 HTTP/1.1" 200 10860
192.168.10.62 - - [27/Mar/2017:16:57:17 -0300] "GET /cormun/servlet/vesolicitudnombre?2017,3331,, HTTP/1.1" 200 8045
192.168.10.62 - - [27/Mar/2017:16:57:17 -0300] "GET /cormun/pexe_scrolldiv.js HTTP/1.1" 404 1009
192.168.10.62 - - [27/Mar/2017:16:57:17 -0300] "GET /cormun/pexe_scrolldiv.js HTTP/1.1" 404 1009
186.79.10.110 - - [27/Mar/2017:16:57:17 -0300] "GET /cormun/servlet/solicitudot?dee229754408c514684c69535129604489343663fc64df1fadd2368068743e4e9e48a9968243c16d4cfca6bfa37f120c,gx-no-cache=1490644704821 HTTP/1.1" 200 30
186.79.10.110 - - [27/Mar/2017:16:57:17 -0300] "POST /cormun/servlet/solicitudot?gx-no-cache=1490644704923 HTTP/1.1" 200 238
186.79.10.110 - - [27/Mar/2017:16:57:17 -0300] "GET /cormun/servlet/solicitudot?dee229754408c514684c69535129604470aef4c0c8e7a7aebd6d167f485cda7f41efff5c9f010b9a498d8564e75704032ca92886675099bd678fcb30f5c6abc79aa0cedcf9d7ddb45c1d561bae91deacd8e86b1b66576fa1e82f6966738e57b182d6f710e5f4ad2ff3808cac81ab922438433b8b98d9eae089819d7dae616f5ae2bdd73020f90b3b708fe27ca85062d5ec5bd361c9fa00a81360fd81b22c698b14696c43b7d71170d22c0d6bcbd8b913a631df3622048c8a08de986c56ea1edc8d68d8c33e8483b06ede36f0a4583417f9594b398d80431aa73971de02a0d1cd5ae485b79b1f26567ea4b82bfac492cb9c125776f9d42b0aff303d45719dd9cc0851eb962c910ae22b833ff1fede1af970f17b7ba79ddb2fa96bef4aee431265895970b6915631729f896b22b01227c81c22fe0cc446f069e02b36c1edfa172258114752e8d1a05a4a622924c28311160998f04e9e388076b112a3cf7f8ac2375bfd9678321f0c3249bd1c946cb9ae57ebc8c3c2f449e8c57cf3f03c28c9c0bc,gx-no-cache=1490644705029 HTTP/1.1" 200 30
186.79.10.110 - - [27/Mar/2017:16:57:17 -0300] "POST /cormun/servlet/solicitudot?gx-no-cache=1490644705117 HTTP/1.1" 200 30
192.168.10.62 - - [27/Mar/2017:16:57:17 -0300] "GET /cormun/servlet/vesolicitudnombre?2017,3331,, HTTP/1.1" 200 8039
186.79.10.110 - - [27/Mar/2017:16:57:17 -0300] "POST /cormun/servlet/solicitudot?gx-no-cache=1490644705243 HTTP/1.1" 200 1287
186.79.10.110 - - [27/Mar/2017:16:57:17 -0300] "POST /cormun/servlet/solicitudot?gx-no-cache=1490644705445 HTTP/1.1" 200 41
192.168.10.62 - - [27/Mar/2017:16:57:19 -0300] "POST /cormun/servlet/vesolicitudnombre?5e9baa4deca6bdb6b9c629376423346e,2017,3331,,,gx-no-cache=1490647918167 HTTP/1.1" 200 90
192.168.10.62 - - [27/Mar/2017:16:57:19 -0300] "GET /cormun/servlet/hpexe_link HTTP/1.1" 200 974
192.168.10.62 - - [27/Mar/2017:16:57:19 -0300] "GET /cormun/servlet/trsolicitudnombre?15036142, HTTP/1.1" 200 7101
192.168.10.62 - - [27/Mar/2017:16:57:19 -0300] "GET /cormun/servlet/trsolicitudnombre?15036142, HTTP/1.1" 200 7100
192.168.10.62 - - [27/Mar/2017:16:57:22 -0300] "POST /cormun/servlet/trsolicitudnombre?5e9baa4deca6bdb6b9c629376423346e,15036142,,gx-no-cache=1490647921629 HTTP/1.1" 200 90
192.168.10.62 - - [27/Mar/2017:16:57:22 -0300] "GET /cormun/servlet/hpexe_link HTTP/1.1" 200 973
192.168.10.62 - - [27/Mar/2017:16:57:22 -0300] "GET /cormun/servlet/trconsultaempleado? HTTP/1.1" 200 6180
192.168.10.62 - - [27/Mar/2017:16:57:23 -0300] "GET /cormun/servlet/trconsultaempleado? HTTP/1.1" 200 6178
192.168.10.62 - - [27/Mar/2017:16:57:33 -0300] "POST /cormun/servlet/trconsultaempleado?5e9baa4deca6bdb6b9c629376423346e,,gx-no-cache=1490647932072 HTTP/1.1" 200 4300
192.168.10.62 - - [27/Mar/2017:16:57:36 -0300] "GET /cormun/servlet/trsolicitudnombre?13795220, HTTP/1.1" 200 8970
192.168.10.62 - - [27/Mar/2017:16:57:36 -0300] "GET /cormun/servlet/trsolicitudnombre?13795220, HTTP/1.1" 200 8973
192.168.10.62 - - [27/Mar/2017:16:57:38 -0300] "GET /cormun/servlet/vesolicitudnombre?2017,3368,, HTTP/1.1" 200 8072
192.168.10.62 - - [27/Mar/2017:16:57:38 -0300] "GET /cormun/pexe_scrolldiv.js HTTP/1.1" 404 1009
192.168.10.62 - - [27/Mar/2017:16:57:38 -0300] "GET /cormun/pexe_scrolldiv.js HTTP/1.1" 404 1009
192.168.10.62 - - [27/Mar/2017:16:57:39 -0300] "GET /cormun/servlet/vesolicitudnombre?2017,3368,, HTTP/1.1" 200 8066
192.168.10.62 - - [27/Mar/2017:16:57:41 -0300] "POST /cormun/servlet/vesolicitudnombre?5e9baa4deca6bdb6b9c629376423346e,2017,3368,,,gx-no-cache=1490647940470 HTTP/1.1" 200 90
192.168.10.62 - - [27/Mar/2017:16:57:41 -0300] "GET /cormun/servlet/hpexe_link HTTP/1.1" 200 975
192.168.10.62 - - [27/Mar/2017:16:57:41 -0300] "GET /cormun/servlet/trsolicitudnombre?13795220, HTTP/1.1" 200 8972
192.168.10.62 - - [27/Mar/2017:16:57:42 -0300] "GET /cormun/servlet/trsolicitudnombre?13795220, HTTP/1.1" 200 8973
192.168.10.62 - - [27/Mar/2017:16:57:44 -0300] "POST /cormun/servlet/trsolicitudnombre?5e9baa4deca6bdb6b9c629376423346e,13795220,,gx-no-cache=1490647942974 HTTP/1.1" 200 90
192.168.10.62 - - [27/Mar/2017:16:57:44 -0300] "GET /cormun/servlet/hpexe_link HTTP/1.1" 200 973
192.168.10.62 - - [27/Mar/2017:16:57:44 -0300] "GET /cormun/servlet/trconsultaempleado? HTTP/1.1" 200 6515
192.168.10.62 - - [27/Mar/2017:16:57:44 -0300] "GET /cormun/servlet/trconsultaempleado? HTTP/1.1" 200 6513
186.79.10.110 - - [27/Mar/2017:16:57:47 -0300] "GET /cormun/servlet/trsolicitudot? HTTP/1.1" 200 8775
186.79.10.110 - - [27/Mar/2017:16:57:47 -0300] "GET /cormun/servlet/trsolicitudot? HTTP/1.1" 200 8769
186.79.10.110 - - [27/Mar/2017:16:57:59 -0300] "POST /cormun/servlet/trsolicitudot?408b78f6943b00e3b38971ddba6edfaa,,gx-no-cache=1490644746684 HTTP/1.1" 200 106
186.79.10.110 - - [27/Mar/2017:16:57:59 -0300] "GET /cormun/servlet/trsolicitudadjuntos?2017,5759, HTTP/1.1" 200 8836
186.79.10.110 - - [27/Mar/2017:16:58:01 -0300] "GET /cormun/servlet/trsolicitudadjuntos?2017,5759, HTTP/1.1" 200 8837
186.79.10.110 - - [27/Mar/2017:16:58:24 -0300] "GET /cormun/servlet/trsolicitudot? HTTP/1.1" 200 8775
186.79.10.110 - - [27/Mar/2017:16:58:25 -0300] "GET /cormun/servlet/trsolicitudot? HTTP/1.1" 200 8769
192.168.10.62 - - [27/Mar/2017:16:58:27 -0300] "POST /cormun/servlet/trconsultaempleado?5e9baa4deca6bdb6b9c629376423346e,,gx-no-cache=1490647986489 HTTP/1.1" 200 5361
186.79.10.110 - - [27/Mar/2017:16:58:31 -0300] "POST /cormun/servlet/trsolicitudot?408b78f6943b00e3b38971ddba6edfaa,,gx-no-cache=1490644779059 HTTP/1.1" 200 5688
186.79.10.110 - - [27/Mar/2017:16:58:31 -0300] "GET /cormun/static/Shared/jqueryui/images/ui-bg_highlight-soft_100_c6c2c8_1x100.png HTTP/1.1" 404 1117
186.79.10.110 - - [27/Mar/2017:16:58:31 -0300] "GET /cormun/static/Shared/jqueryui/images/ui-icons_82798d_256x240.png HTTP/1.1" 404 1089
186.79.10.110 - - [27/Mar/2017:16:58:31 -0300] "GET /cormun/static/Shared/jqueryui/images/ui-bg_flat_55_fafafa_40x100.png HTTP/1.1" 404 1097
186.79.10.110 - - [27/Mar/2017:16:58:31 -0300] "GET /cormun/static/Shared/jqueryui/images/ui-icons_8d78a5_256x240.png HTTP/1.1" 404 1089
186.79.10.110 - - [27/Mar/2017:16:58:32 -0300] "POST /cormun/servlet/trsolicitudot?408b78f6943b00e3b38971ddba6edfaa,,gx-no-cache=1490644779722 HTTP/1.1" 200 5629
192.168.10.62 - - [27/Mar/2017:16:58:34 -0300] "GET /cormun/servlet/trsolicitudnombre?13938012, HTTP/1.1" 200 6817
192.168.10.62 - - [27/Mar/2017:16:58:34 -0300] "GET /cormun/servlet/trsolicitudnombre?13938012, HTTP/1.1" 200 6817
192.168.10.62 - - [27/Mar/2017:16:58:36 -0300] "GET /cormun/servlet/vesolicitudnombre?2017,5450,, HTTP/1.1" 200 8012
192.168.10.62 - - [27/Mar/2017:16:58:36 -0300] "GET /cormun/pexe_scrolldiv.js HTTP/1.1" 404 1009
192.168.10.62 - - [27/Mar/2017:16:58:36 -0300] "GET /cormun/pexe_scrolldiv.js HTTP/1.1" 404 1009
192.168.10.62 - - [27/Mar/2017:16:58:37 -0300] "GET /cormun/servlet/vesolicitudnombre?2017,5450,, HTTP/1.1" 200 8006
192.168.10.62 - - [27/Mar/2017:16:58:40 -0300] "POST /cormun/servlet/vesolicitudnombre?5e9baa4deca6bdb6b9c629376423346e,2017,5450,,,gx-no-cache=1490647998870 HTTP/1.1" 200 90
192.168.10.62 - - [27/Mar/2017:16:58:40 -0300] "GET /cormun/servlet/hpexe_link HTTP/1.1" 200 974
192.168.10.62 - - [27/Mar/2017:16:58:40 -0300] "GET /cormun/servlet/trsolicitudnombre?13938012, HTTP/1.1" 200 6819
186.79.10.110 - - [27/Mar/2017:16:58:40 -0300] "GET /cormun/servlet/solicitudot?INS,0,0, HTTP/1.1" 200 12564
192.168.10.62 - - [27/Mar/2017:16:58:40 -0300] "GET /cormun/servlet/trsolicitudnombre?13938012, HTTP/1.1" 200 6817
186.79.10.110 - - [27/Mar/2017:16:58:41 -0300] "GET /cormun/servlet/solicitudot?INS,0,0, HTTP/1.1" 200 12569
192.168.10.62 - - [27/Mar/2017:16:58:49 -0300] "POST /cormun/servlet/trsolicitudnombre?5e9baa4deca6bdb6b9c629376423346e,13938012,,gx-no-cache=1490648007847 HTTP/1.1" 200 90
192.168.10.62 - - [27/Mar/2017:16:58:49 -0300] "GET /cormun/servlet/hpexe_link HTTP/1.1" 200 973
192.168.10.62 - - [27/Mar/2017:16:58:49 -0300] "GET /cormun/servlet/trconsultaempleado? HTTP/1.1" 200 7630
192.168.10.62 - - [27/Mar/2017:16:58:49 -0300] "GET /cormun/servlet/trconsultaempleado? HTTP/1.1" 200 7629
192.168.10.62 - - [27/Mar/2017:16:58:51 -0300] "POST /cormun/servlet/trconsultaempleado?5e9baa4deca6bdb6b9c629376423346e,,gx-no-cache=1490648010464 HTTP/1.1" 200 5361
192.168.10.62 - - [27/Mar/2017:16:58:55 -0300] "GET /cormun/servlet/trsolicitudnombre?13938012, HTTP/1.1" 200 6818
192.168.10.62 - - [27/Mar/2017:16:58:55 -0300] "GET /cormun/servlet/trsolicitudnombre?13938012, HTTP/1.1" 200 6818
192.168.10.62 - - [27/Mar/2017:16:58:57 -0300] "GET /cormun/servlet/vesolicitudnombre?2017,5450,, HTTP/1.1" 200 8012
192.168.10.62 - - [27/Mar/2017:16:58:57 -0300] "GET /cormun/pexe_scrolldiv.js HTTP/1.1" 404 1009
192.168.10.62 - - [27/Mar/2017:16:58:57 -0300] "GET /cormun/pexe_scrolldiv.js HTTP/1.1" 404 1009
192.168.10.62 - - [27/Mar/2017:16:58:57 -0300] "GET /cormun/servlet/vesolicitudnombre?2017,5450,, HTTP/1.1" 200 8006
186.79.10.110 - - [27/Mar/2017:16:59:02 -0300] "POST /cormun/servlet/solicitudot?gx-no-cache=1490644809661 HTTP/1.1" 200 3175
186.79.10.110 - - [27/Mar/2017:16:59:02 -0300] "POST /cormun/servlet/solicitudot?408b78f6943b00e3b38971ddba6edfaa,INS,0,0,,gx-no-cache=1490644810147 HTTP/1.1" 200 9781
192.168.10.62 - - [27/Mar/2017:16:59:03 -0300] "POST /cormun/servlet/vesolicitudnombre?5e9baa4deca6bdb6b9c629376423346e,2017,5450,,,gx-no-cache=1490648022033 HTTP/1.1" 200 90
192.168.10.62 - - [27/Mar/2017:16:59:03 -0300] "GET /cormun/servlet/hpexe_link HTTP/1.1" 200 974
192.168.10.62 - - [27/Mar/2017:16:59:03 -0300] "GET /cormun/servlet/trsolicitudnombre?13938012, HTTP/1.1" 200 6817
192.168.10.62 - - [27/Mar/2017:16:59:03 -0300] "GET /cormun/servlet/trsolicitudnombre?13938012, HTTP/1.1" 200 6816
200.83.57.219 - - [27/Mar/2017:16:59:10 -0300] "GET /cormun/servlet/trlicenciaspermisosadjuntos?9462067,20170327000000,L, HTTP/1.1" 200 6290
200.83.57.219 - - [27/Mar/2017:16:59:11 -0300] "GET /cormun/servlet/trlicenciaspermisosadjuntos?9462067,20170327000000,L, HTTP/1.1" 200 6290
200.83.57.219 - - [27/Mar/2017:16:59:12 -0300] "GET /cormun/servlet/licenciaspermisosadjuntos?INS,9462067,L,20170327000000,, HTTP/1.1" 200 5755
200.83.57.219 - - [27/Mar/2017:16:59:13 -0300] "GET /cormun/static/about:blank HTTP/1.1" 404 1011
200.83.57.219 - - [27/Mar/2017:16:59:13 -0300] "GET /cormun/servlet/licenciaspermisosadjuntos?INS,9462067,L,20170327000000,, HTTP/1.1" 200 5744
186.79.10.110 - - [27/Mar/2017:16:59:15 -0300] "GET /cormun/servlet/solicitudot?dee229754408c514684c69535129604463cc465c071018f3e93fca36d03e8aa440efb491e14ca670914e6507c7a882b7,gx-no-cache=1490644823458 HTTP/1.1" 200 30
186.79.10.110 - - [27/Mar/2017:16:59:15 -0300] "POST /cormun/servlet/solicitudot?gx-no-cache=1490644823605 HTTP/1.1" 200 297
186.79.10.110 - - [27/Mar/2017:16:59:16 -0300] "GET /cormun/servlet/solicitudot?dee229754408c514684c69535129604470aef4c0c8e7a7aebd6d167f485cda7f93698d4b6847003e38f2b5dfd59d1a232ca92886675099bd678fcb30f5c6abc79aa0cedcf9d7ddb45c1d561bae91deacd8e86b1b66576fa1e82f6966738e57b182d6f710e5f4ad2ff3808cac81ab922438433b8b98d9eae089819d7dae616f5ae2bdd73020f90b3b708fe27ca85062d5ec5bd361c9fa00a81360fd81b22c698b14696c43b7d71170d22c0d6bcbd8b913a631df3622048c8a08de986c56ea1edc8d68d8c33e8483b06ede36f0a4583417f9594b398d80431aa73971de02a0d1cd5ae485b79b1f26567ea4b82bfac492cb8853203bc0fcca189e0c873ff58b7d330851eb962c910ae22b833ff1fede1af970f17b7ba79ddb2fa96bef4aee431265895970b6915631729f896b22b01227c81c22fe0cc446f069e02b36c1edfa1722ca20f2019e67b9f9262d75026e75f7f447780c12eedf6e061ae4f1f802aae4574549022523b4a1f763b0cfc3add5d153a7eceaec99d87ae60368c9655bf7342b2ee8dca249a0b4d6ad88ef10349837ff,gx-no-cache=1490644823737 HTTP/1.1" 200 30
186.79.10.110 - - [27/Mar/2017:16:59:18 -0300] "POST /cormun/servlet/solicitudot?gx-no-cache=1490644825974 HTTP/1.1" 200 30
186.79.10.110 - - [27/Mar/2017:16:59:28 -0300] "POST /cormun/servlet/solicitudot?gx-no-cache=1490644835823 HTTP/1.1" 200 235
186.79.10.110 - - [27/Mar/2017:16:59:28 -0300] "POST /cormun/servlet/solicitudot?gx-no-cache=1490644835986 HTTP/1.1" 200 38
200.83.57.219 - - [27/Mar/2017:16:59:32 -0300] "POST /cormun/servlet/licenciaspermisosadjuntos?a9290e8b6f9f3ccb60e73e11e60bbc95,INS,9462067,L,20170327000000,, HTTP/1.1" 200 116
200.83.57.219 - - [27/Mar/2017:16:59:32 -0300] "GET /cormun/servlet/hpexe_return? HTTP/1.1" 200 1040
200.83.57.219 - - [27/Mar/2017:16:59:33 -0300] "GET /cormun/servlet/trlicenciaspermisosadjuntos?9462067,20170327000000,L, HTTP/1.1" 200 6857
200.83.57.219 - - [27/Mar/2017:16:59:34 -0300] "GET /cormun/servlet/trlicenciaspermisosadjuntos?9462067,20170327000000,L, HTTP/1.1" 200 6854
186.79.10.110 - - [27/Mar/2017:16:59:48 -0300] "GET /cormun/servlet/solicitudot?dee229754408c514684c695351296044eb5fe529baae898ce107c6d723ae1cdbd9824d307566450c0fddb881626bd30aa2910a1c4056de95be67339b492cd2faafa85efdd44ce699c3ac4d7023429526612a04e6dce700e7447d8c9ea973bcad9a355efc8edb231ba3f5b5b1e0274863,gx-no-cache=1490644856456 HTTP/1.1" 200 29
186.79.10.110 - - [27/Mar/2017:16:59:48 -0300] "POST /cormun/servlet/solicitudot?gx-no-cache=1490644856566 HTTP/1.1" 200 641
186.79.10.110 - - [27/Mar/2017:16:59:50 -0300] "POST /cormun/servlet/solicitudot?gx-no-cache=1490644857770 HTTP/1.1" 200 1157
192.168.10.62 - - [27/Mar/2017:16:59:55 -0300] "POST /cormun/servlet/trsolicitudnombre?5e9baa4deca6bdb6b9c629376423346e,13938012,,gx-no-cache=1490648073811 HTTP/1.1" 200 90
192.168.10.62 - - [27/Mar/2017:16:59:55 -0300] "GET /cormun/servlet/hpexe_link HTTP/1.1" 200 973
192.168.10.62 - - [27/Mar/2017:16:59:55 -0300] "GET /cormun/servlet/trconsultaempleado? HTTP/1.1" 200 7630
192.168.10.62 - - [27/Mar/2017:16:59:55 -0300] "GET /cormun/servlet/trconsultaempleado? HTTP/1.1" 200 7629
