200.73.230.173 - - [24/Mar/2017:09:05:09 -0300] "GET /cormun/static/hhome.js?20173171148352 HTTP/1.1" 304 -
200.73.230.173 - - [24/Mar/2017:09:05:09 -0300] "GET /cormun/static/hwchdr01.js?201731711335950 HTTP/1.1" 304 -
200.73.230.173 - - [24/Mar/2017:09:05:09 -0300] "GET /cormun/static/hpexe_recentlink.js?201610171694390 HTTP/1.1" 304 -
200.73.230.173 - - [24/Mar/2017:09:05:09 -0300] "GET /cormun/static/hpexe_scripts.js?201731711335890 HTTP/1.1" 304 -
200.73.230.173 - - [24/Mar/2017:09:05:09 -0300] "GET /cormun/static/hpexe_messagecontroller.js?201610171694323 HTTP/1.1" 304 -
200.73.230.173 - - [24/Mar/2017:09:05:09 -0300] "GET /cormun/static/hpexe_messagepopupcomponent.js?20161017169425 HTTP/1.1" 304 -
200.73.230.173 - - [24/Mar/2017:09:05:09 -0300] "GET /cormun/static/hpexe_messagegenexuscomponent.js?201731711335537 HTTP/1.1" 304 -
200.73.230.173 - - [24/Mar/2017:09:05:09 -0300] "GET /cormun/static/cmcontrolpreferences.js?201731711335852 HTTP/1.1" 304 -
200.73.230.173 - - [24/Mar/2017:09:05:09 -0300] "GET /cormun/static/hmpwkw03.js?201731711485354 HTTP/1.1" 304 -
200.73.230.173 - - [24/Mar/2017:09:05:09 -0300] "GET /cormun/servlet/hhome HTTP/1.1" 200 3812
186.103.159.44 - - [24/Mar/2017:09:05:14 -0300] "GET /cormun/servlet/licenciaspermisos?6e72968a1008b3021bb0bd3c97a24e36d228fada58265427866e88498d2db4bc417e5265f8ef78436748b655111ecf6a84c6ca4182b8fb11df09b96096a1daa1ffb749efd9fd0d1de276770fe246e5b814388e019b09c2b860ee1afc7e77ecb22a14b8952770f33d7a4fcd1e13213abd808832bd475215afec50fa395d1901e77e28bcac2ac1753dc4bbfd0a16cdd880467ac65101147c3ee410b97783ac30c85e100080dd4869a0da8311aea554d1161f1f8834cc17dd678aad1a4c683a59c7c2b1b02a40833ccdc601c1b3ae1a0fa8dd5bd4f3ffe1d1ca609a3c328fb84bf1b99a4fe81d5258bc5ce1031b5d22f312,gx-no-cache=1490357173407 HTTP/1.1" 200 61
200.73.230.173 - - [24/Mar/2017:09:05:14 -0300] "GET /cormun/servlet/trlicencias? HTTP/1.1" 200 6659
200.73.230.173 - - [24/Mar/2017:09:05:15 -0300] "GET /cormun/static/Resources/Spanish/PXTools.css?18365030 HTTP/1.1" 304 -
200.73.230.173 - - [24/Mar/2017:09:05:15 -0300] "GET /cormun/static/gxcfg.js?2016122619301429 HTTP/1.1" 304 -
200.73.230.173 - - [24/Mar/2017:09:05:15 -0300] "GET /cormun/static/trlicencias.js?2016122619301919 HTTP/1.1" 304 -
200.73.230.173 - - [24/Mar/2017:09:05:15 -0300] "GET /cormun/servlet/trlicencias? HTTP/1.1" 200 6657
186.103.159.44 - - [24/Mar/2017:09:05:17 -0300] "POST /cormun/servlet/licenciaspermisos?c02d54f0a3c049ed96a7b40b444a7a2b,INS,0,,,,gx-no-cache=1490357176495 HTTP/1.1" 200 93
186.103.159.44 - - [24/Mar/2017:09:05:17 -0300] "GET /cormun/servlet/hpexe_return? HTTP/1.1" 200 1008
186.103.159.44 - - [24/Mar/2017:09:05:18 -0300] "GET /cormun/static/gxcfg.js?2016101716175148 HTTP/1.1" 304 -
186.103.159.44 - - [24/Mar/2017:09:05:18 -0300] "GET /cormun/static/hpexe_return.js?2016101716175153 HTTP/1.1" 304 -
186.103.159.44 - - [24/Mar/2017:09:05:18 -0300] "GET /cormun/servlet/trlicencias HTTP/1.1" 200 7825
200.73.230.173 - - [24/Mar/2017:09:05:19 -0300] "GET /cormun/servlet/licenciaspermisos?INS,0,,, HTTP/1.1" 200 7189
200.73.230.173 - - [24/Mar/2017:09:05:19 -0300] "GET /cormun/static/gxcfg.js?201731711384427 HTTP/1.1" 304 -
200.73.230.173 - - [24/Mar/2017:09:05:19 -0300] "GET /cormun/static/licenciaspermisos.js?201731711384498 HTTP/1.1" 304 -
200.73.230.173 - - [24/Mar/2017:09:05:20 -0300] "GET /cormun/servlet/licenciaspermisos?INS,0,,, HTTP/1.1" 200 7189
186.103.159.44 - - [24/Mar/2017:09:05:23 -0300] "GET /cormun/servlet/trlicenciaspermisosadjuntos?14070981,20170324000000,L, HTTP/1.1" 200 6122
186.103.159.44 - - [24/Mar/2017:09:05:24 -0300] "GET /cormun/static/gxcfg.js?20173171154619 HTTP/1.1" 304 -
186.103.159.44 - - [24/Mar/2017:09:05:24 -0300] "GET /cormun/static/trlicenciaspermisosadjuntos.js?20173171154971 HTTP/1.1" 304 -
186.103.159.44 - - [24/Mar/2017:09:05:31 -0300] "GET /cormun/servlet/licenciaspermisosadjuntos?INS,14070981,L,20170324000000,, HTTP/1.1" 200 5416
186.103.159.44 - - [24/Mar/2017:09:05:32 -0300] "GET /cormun/static/gxcfg.js?201731711421170 HTTP/1.1" 304 -
186.103.159.44 - - [24/Mar/2017:09:05:32 -0300] "GET /cormun/static/licenciaspermisosadjuntos.js?201731711421181 HTTP/1.1" 304 -
186.103.159.44 - - [24/Mar/2017:09:05:32 -0300] "HEAD /cormun/static/about:blank HTTP/1.1" 404 -
192.168.10.89 - - [24/Mar/2017:09:05:41 -0300] "POST /cormun/servlet/trsolicitudgral?74041dfe265cc23a342fc685899c7cde,,gx-no-cache=1490360420792 HTTP/1.1" 200 105
192.168.10.89 - - [24/Mar/2017:09:05:41 -0300] "GET /cormun/SolicitudGral-6469.xls HTTP/1.1" 200 24064
192.168.10.89 - - [24/Mar/2017:09:05:44 -0300] "OPTIONS /cormun/ HTTP/1.1" 200 -
192.168.10.89 - - [24/Mar/2017:09:05:44 -0300] "HEAD /cormun/SolicitudGral-6469.xls HTTP/1.1" 200 -
186.103.159.44 - - [24/Mar/2017:09:05:48 -0300] "POST /cormun/servlet/licenciaspermisosadjuntos?c02d54f0a3c049ed96a7b40b444a7a2b,INS,14070981,L,20170324000000,, HTTP/1.1" 200 116
186.103.159.44 - - [24/Mar/2017:09:05:48 -0300] "GET /cormun/servlet/hpexe_return? HTTP/1.1" 200 1038
186.103.159.44 - - [24/Mar/2017:09:05:49 -0300] "GET /cormun/servlet/trlicenciaspermisosadjuntos?14070981,20170324000000,L, HTTP/1.1" 200 6608
186.103.159.44 - - [24/Mar/2017:09:05:50 -0300] "GET /cormun/PublicTempStorage/licencia_carolina_aburto9795197.pdf HTTP/1.1" 200 894923
200.73.230.173 - - [24/Mar/2017:09:05:52 -0300] "GET /cormun/servlet/prfichaempleado?,MD,,gxPopupLevel%3D0%3B HTTP/1.1" 200 8874
200.73.230.173 - - [24/Mar/2017:09:05:52 -0300] "GET /cormun/static/Resources/Spanish/PXTools.css?167811 HTTP/1.1" 304 -
200.73.230.173 - - [24/Mar/2017:09:05:52 -0300] "GET /cormun/static/gxcfg.js?2016102420561687 HTTP/1.1" 304 -
200.73.230.173 - - [24/Mar/2017:09:05:52 -0300] "GET /cormun/static/prfichaempleado.js?201610242056198 HTTP/1.1" 304 -
200.73.230.173 - - [24/Mar/2017:09:05:52 -0300] "GET /cormun/static/menusearch.js?201610171694467 HTTP/1.1" 304 -
200.73.230.173 - - [24/Mar/2017:09:05:52 -0300] "GET /cormun/static/hmpwkw011.js?201731711483558 HTTP/1.1" 304 -
186.103.159.44 - - [24/Mar/2017:09:05:55 -0300] "GET /cormun/servlet/trlicencias? HTTP/1.1" 200 7822
186.103.159.44 - - [24/Mar/2017:09:06:00 -0300] "GET /cormun/servlet/alicenciaprn?14070981,L,20170324000000,PU HTTP/1.1" 200 1580
192.168.10.89 - - [24/Mar/2017:09:06:00 -0300] "OPTIONS / HTTP/1.1" 200 11217
200.73.230.173 - - [24/Mar/2017:09:06:04 -0300] "GET /cormun/servlet/licenciaspermisos?b4c3a740ffc5fc210f98c1c4afb5755cf78870b458a16b4d39d224259591a718ed8a78acfde9b8d5d66fcf1d909d4de0,gx-no-cache=1490357954193 HTTP/1.1" 200 60
200.73.230.173 - - [24/Mar/2017:09:06:05 -0300] "POST /cormun/servlet/licenciaspermisos?53a8090c7770f96fb413e853717f5f71,INS,0,,,,gx-no-cache=1490357954250 HTTP/1.1" 200 4415
192.168.10.89 - - [24/Mar/2017:09:06:15 -0300] "OPTIONS / HTTP/1.1" 200 11217
192.168.10.89 - - [24/Mar/2017:09:06:21 -0300] "OPTIONS /cormun HTTP/1.1" 302 -
192.168.10.89 - - [24/Mar/2017:09:06:21 -0300] "OPTIONS /cormun/ HTTP/1.1" 200 -
192.168.10.89 - - [24/Mar/2017:09:06:21 -0300] "PROPFIND /cormun HTTP/1.1" 302 -
192.168.10.89 - - [24/Mar/2017:09:06:21 -0300] "PROPFIND /cormun/ HTTP/1.1" 501 1141
192.168.10.89 - - [24/Mar/2017:09:06:21 -0300] "HEAD /cormun/SolicitudGral-6469.xls HTTP/1.1" 200 -
192.168.10.89 - - [24/Mar/2017:09:06:22 -0300] "PROPFIND / HTTP/1.1" 200 11217
192.168.10.89 - - [24/Mar/2017:09:06:22 -0300] "PROPFIND / HTTP/1.1" 200 11217
192.168.10.62 - - [24/Mar/2017:09:06:23 -0300] "POST /cormun/servlet/vesolicitudgral?d70241a6cd35db617999326e5db53c09,2017,4838,,General,gx-no-cache=1490360462340 HTTP/1.1" 200 107
192.168.10.62 - - [24/Mar/2017:09:06:23 -0300] "GET /cormun/servlet/solicitudgral?UPD,2017,4838, HTTP/1.1" 200 11575
192.168.10.62 - - [24/Mar/2017:09:06:23 -0300] "GET /cormun/static/gxcfg.js?2017261155185 HTTP/1.1" 200 953
192.168.10.62 - - [24/Mar/2017:09:06:23 -0300] "GET /cormun/static/solicitudgral.js?2017261155246 HTTP/1.1" 200 38261
192.168.10.62 - - [24/Mar/2017:09:06:24 -0300] "GET /cormun/servlet/solicitudgral?UPD,2017,4838, HTTP/1.1" 200 11573
192.168.10.62 - - [24/Mar/2017:09:06:24 -0300] "POST /cormun/servlet/solicitudgral?gx-no-cache=1490360463751 HTTP/1.1" 200 3159
192.168.10.62 - - [24/Mar/2017:09:06:24 -0300] "GET /cormun/servlet/solicitudgral?7eb90a9949f997a32d2ee412f3215fa6fce670161fe13ff6320f9c6bea4747c0aede880718f2501f38fe19ac7a81166989416b141231f7bff367e7d5ccab9967851348e579f09bc35e72e17fd53bc021c28a8e2464cd10c6a8823b4235a15f6d3b9dc2b8b47fa6ca2a398398952d0967ec9bf872d1360e0e346253ac1f86a50e56770a170079c676703bb3e1b7d4ff6df3398ac8ad04130620ae3844d7908c5345c3a8874f9e5ca8ceb911b333b63585f9931cca58028209a54e6ad58edb9795a73666c8ce329a34ab49f94f3bc01fa3b3ec694aae12563d46f04537f58cb0bf1afc55a3cdc182b6d6b123de63e59dacd039d0d6b2bfe99a69f9464f9dab8f4e2bcfff11c3d6677da14dc561e4eaf33be3eb6e5bb9d847a40bdadef9f38f3f4c66a2270fdc68133d7f91a800dd5ae2d2c4ccb403ffd83791810655171c20ae36abd8db86124f47c6c45708173edea266,gx-no-cache=1490360463888 HTTP/1.1" 200 298
192.168.10.89 - - [24/Mar/2017:09:06:25 -0300] "PROPFIND /cormun HTTP/1.1" 302 -
192.168.10.89 - - [24/Mar/2017:09:06:25 -0300] "PROPFIND /cormun/ HTTP/1.1" 501 1141
192.168.10.89 - - [24/Mar/2017:09:06:25 -0300] "PROPFIND /cormun HTTP/1.1" 302 -
192.168.10.89 - - [24/Mar/2017:09:06:25 -0300] "PROPFIND /cormun/ HTTP/1.1" 501 1141
192.168.10.89 - - [24/Mar/2017:09:06:25 -0300] "GET /cormun/SolicitudGral-6469.xls HTTP/1.1" 200 24064
192.168.10.89 - - [24/Mar/2017:09:06:25 -0300] "HEAD /cormun/SolicitudGral-6469.xls HTTP/1.1" 200 -
192.168.10.62 - - [24/Mar/2017:09:06:30 -0300] "GET /cormun/servlet/solicitudgral?7eb90a9949f997a32d2ee412f3215fa60e439cb6dcc0f53f51887ba00301bbf64a82d3870f8b9631a2e3f585343421e687dc96bcdfb0a83e7363e42180d50d26a468a1d5b98034516693eec2b12f4b011e12fe5b16fed710e5f2cf165311104fc31592fb055332744975c7547926d59b8cd0a1ff858bd299eaab6de585b8756e1220558c479b8aa47145307f3ea6e513eb463441dd81c9488a12527ed2b052a13f4ba3af816ec3e9e1258746382a6bb5f6516b3706b7f8dfce45554d005ca10fe08d378a8f924c3ae3a45905f3e6255c999c7a17ccacca23c1ee207f63d41ba6a74c5b5f9018597bdc5501974b588a5690a929237edab6ecabf4339ffaf733370723e425e42b093c97ea7fd340dcd0ab1060d2b27520de13d6586d27f307c4d8ca9962f8ce7fc0ca1ed2269c9a2e288daaf0b4c0bac57f30a81a454f9094ab6d92e57f3a04d3ab15f29dcbf9112d317b47c04004094b2cbd429061ebc66bba65ec0c26c3c7c6a784c544496a19019c1865244232a2e5faa49030e46fb2ffba66e4cf86437ceaeb6d6cd7df9ecd8a88ac0fa25ff21cc2a038adb914d2be3312b1a8e8498fbcfc59824dfc1310ebb66e5cf74ddd1ed4c27891b0e10f46f239c88cdd351c89652a74d76ae7363edb1ba75177b4c54ad89a272727c7def11f6936809f36f4fc39931bd7d516d882130f412a0fa25ff21cc2a038adb914d2be3312b1955fd7997ca169e4fecbeff0c4b4eaa9660442e6144aab6c89097e8b7441103aff26f98bfe1c66c44bc018fdaa269f5ba0b7ef78d623f2d44b2ff9a78490e911,gx-no-cache=1490360469382 HTTP/1.1" 200 48
192.168.10.62 - - [24/Mar/2017:09:06:30 -0300] "POST /cormun/servlet/solicitudgral?d70241a6cd35db617999326e5db53c09,UPD,2017,4838,,gx-no-cache=1490360469408 HTTP/1.1" 200 10234
192.168.10.62 - - [24/Mar/2017:09:06:30 -0300] "GET /cormun/servlet/solicitudgral?7eb90a9949f997a32d2ee412f3215fa60160abee67de338320d2a6a14a402baffb03ceeb15a95fde31db99b50b6b89e92bda4e510c1d4f398697ba989887247e2ee12d90217498224e02fc77d7c4eb9e1a5daffb8e851c0b11be2f88046e4e350b50a1c75d3d53347f9fda62f0c52bfd,gx-no-cache=1490360469587 HTTP/1.1" 200 29
192.168.10.62 - - [24/Mar/2017:09:06:30 -0300] "POST /cormun/servlet/solicitudgral?gx-no-cache=1490360469603 HTTP/1.1" 200 1250
192.168.10.62 - - [24/Mar/2017:09:06:30 -0300] "POST /cormun/servlet/solicitudgral?gx-no-cache=1490360469630 HTTP/1.1" 200 1154
192.168.10.62 - - [24/Mar/2017:09:06:30 -0300] "GET /cormun/static/menuarrow.gif HTTP/1.1" 404 1015
192.168.10.62 - - [24/Mar/2017:09:06:32 -0300] "GET /cormun/servlet/solicitudgral?7eb90a9949f997a32d2ee412f3215fa60e439cb6dcc0f53f51887ba00301bbf64a82d3870f8b9631a2e3f585343421e687dc96bcdfb0a83e7363e42180d50d26a468a1d5b98034516693eec2b12f4b011e12fe5b16fed710e5f2cf165311104fc31592fb055332744975c7547926d59b8cd0a1ff858bd299eaab6de585b8756e1220558c479b8aa47145307f3ea6e513eb463441dd81c9488a12527ed2b052a13f4ba3af816ec3e9e1258746382a6bb5f6516b3706b7f8dfce45554d005ca10fe08d378a8f924c3ae3a45905f3e6255c999c7a17ccacca23c1ee207f63d41ba6a74c5b5f9018597bdc5501974b588a5690a929237edab6ecabf4339ffaf733370723e425e42b093c97ea7fd340dcd0ab1060d2b27520de13d6586d27f307c4d8ca9962f8ce7fc0ca1ed2269c9a2e288daaf0b4c0bac57f30a81a454f9094ab6d92e57f3a04d3ab15f29dcbf9112d317b47c04004094b2cbd429061ebc66bba65ec0c26c3c7c6a784c544496a19019c1865244232a2e5faa49030e46fb2ffba66e4cf86437ceaeb6d6cd7df9ecd8a88ac0fa25ff21cc2a038adb914d2be3312b1a8e8498fbcfc59824dfc1310ebb66e5cf74ddd1ed4c27891b0e10f46f239c88cdd351c89652a74d76ae7363edb1ba75177b4c54ad89a272727c7def11f6936809f36f4fc39931bd7d516d882130f412a0fa25ff21cc2a038adb914d2be3312b1955fd7997ca169e4fecbeff0c4b4eaa9660442e6144aab6c89097e8b7441103aff26f98bfe1c66c44bc018fdaa269f5be6cb52707dbaf66b26e47551d130b8bf70f6408bee29eb4c323ca5e2f71986fc,gx-no-cache=1490360471347 HTTP/1.1" 200 48
192.168.10.62 - - [24/Mar/2017:09:06:32 -0300] "POST /cormun/servlet/solicitudgral?gx-no-cache=1490360471381 HTTP/1.1" 200 1250
192.168.10.62 - - [24/Mar/2017:09:06:32 -0300] "POST /cormun/servlet/solicitudgral?gx-no-cache=1490360471425 HTTP/1.1" 200 1154
192.168.10.62 - - [24/Mar/2017:09:06:38 -0300] "POST /cormun/servlet/solicitudgral?d70241a6cd35db617999326e5db53c09,UPD,2017,4838,,gx-no-cache=1490360477332 HTTP/1.1" 200 93
192.168.10.62 - - [24/Mar/2017:09:06:38 -0300] "GET /cormun/servlet/hpexe_return? HTTP/1.1" 200 1022
192.168.10.62 - - [24/Mar/2017:09:06:38 -0300] "GET /cormun/static/gxcfg.js?2016101716175148 HTTP/1.1" 200 953
192.168.10.62 - - [24/Mar/2017:09:06:38 -0300] "GET /cormun/static/hpexe_return.js?2016101716175153 HTTP/1.1" 200 1633
192.168.10.62 - - [24/Mar/2017:09:06:38 -0300] "GET /cormun/static/Resources/Spanish/PXTools.css?167811 HTTP/1.1" 200 89042
192.168.10.62 - - [24/Mar/2017:09:06:38 -0300] "GET /cormun/servlet/vesolicitudgral?2017,4838,,General HTTP/1.1" 200 8185
192.168.10.62 - - [24/Mar/2017:09:06:38 -0300] "GET /cormun/pexe_scrolldiv.js HTTP/1.1" 404 1009
192.168.10.62 - - [24/Mar/2017:09:06:38 -0300] "GET /cormun/pexe_scrolldiv.js HTTP/1.1" 404 1009
192.168.10.62 - - [24/Mar/2017:09:06:38 -0300] "GET /cormun/servlet/vesolicitudgral?2017,4838,,General HTTP/1.1" 200 8181
192.168.10.62 - - [24/Mar/2017:09:06:44 -0300] "POST /cormun/servlet/vesolicitudgral?d70241a6cd35db617999326e5db53c09,2017,4838,,General,gx-no-cache=1490360483763 HTTP/1.1" 200 90
192.168.10.62 - - [24/Mar/2017:09:06:44 -0300] "GET /cormun/servlet/hpexe_link HTTP/1.1" 200 972
192.168.10.62 - - [24/Mar/2017:09:06:44 -0300] "GET /cormun/servlet/trsolicitudgral HTTP/1.1" 200 9856
192.168.10.62 - - [24/Mar/2017:09:06:45 -0300] "GET /cormun/servlet/trsolicitudgral HTTP/1.1" 200 9855
192.168.10.62 - - [24/Mar/2017:09:06:47 -0300] "POST /cormun/servlet/trsolicitudgral?d70241a6cd35db617999326e5db53c09,gx-no-cache=1490360486173 HTTP/1.1" 200 105
192.168.10.62 - - [24/Mar/2017:09:06:47 -0300] "GET /cormun/SolicitudGral-4960.xls HTTP/1.1" 200 6144
186.103.159.44 - - [24/Mar/2017:09:06:49 -0300] "POST /cormun/servlet/trlicencias?c02d54f0a3c049ed96a7b40b444a7a2b,,gx-no-cache=1490357267803 HTTP/1.1" 200 4072
186.103.159.44 - - [24/Mar/2017:09:06:49 -0300] "GET /cormun/static/Shared/jqueryui/images/ui-bg_highlight-soft_100_c6c2c8_1x100.png HTTP/1.1" 404 1117
186.103.159.44 - - [24/Mar/2017:09:06:49 -0300] "GET /cormun/static/Shared/jqueryui/images/ui-icons_8d78a5_256x240.png HTTP/1.1" 404 1089
186.103.159.44 - - [24/Mar/2017:09:06:49 -0300] "GET /cormun/static/Shared/jqueryui/images/ui-icons_82798d_256x240.png HTTP/1.1" 404 1089
186.103.159.44 - - [24/Mar/2017:09:06:49 -0300] "GET /cormun/static/Shared/jqueryui/images/ui-bg_flat_55_fafafa_40x100.png HTTP/1.1" 404 1097
192.168.10.68 - - [24/Mar/2017:09:06:54 -0300] "GET /cormun/static/Resources/ComunLogin.png HTTP/1.1" 200 17326
191.125.187.147 - - [24/Mar/2017:09:07:36 -0300] "POST /cormun/servlet/trautorizarsolicitud?20975e8a7a8e00eec5c2438e2df71008,,gx-no-cache=1490357322437 HTTP/1.1" 200 107
191.125.187.147 - - [24/Mar/2017:09:07:36 -0300] "GET /cormun/servlet/trsolicitudadjuntos?2017,5686, HTTP/1.1" 200 8080
191.125.187.147 - - [24/Mar/2017:09:07:36 -0300] "GET /cormun/static/gxcfg.js?201731711504543 HTTP/1.1" 200 953
191.125.187.147 - - [24/Mar/2017:09:07:37 -0300] "GET /cormun/static/trsolicitudadjuntos.js?201731711504951 HTTP/1.1" 200 17913
191.125.187.147 - - [24/Mar/2017:09:07:37 -0300] "GET /cormun//static/Resources/PXToolsActionDisabled.gif HTTP/1.1" 200 53
191.125.187.147 - - [24/Mar/2017:09:07:37 -0300] "GET /cormun/servlet/trsolicitudadjuntos?2017,5686, HTTP/1.1" 200 8080
191.125.187.147 - - [24/Mar/2017:09:07:45 -0300] "GET /cormun/servlet/trsolicitudot? HTTP/1.1" 200 6939
191.125.187.147 - - [24/Mar/2017:09:07:45 -0300] "GET /cormun/servlet/trsolicitudot? HTTP/1.1" 200 6927
191.125.187.147 - - [24/Mar/2017:09:07:50 -0300] "GET /cormun/servlet/solicitudot?INS,0,0, HTTP/1.1" 200 12767
191.125.187.147 - - [24/Mar/2017:09:07:51 -0300] "GET /cormun/servlet/solicitudot?INS,0,0, HTTP/1.1" 200 12772
191.125.187.147 - - [24/Mar/2017:09:07:55 -0300] "GET /cormun/servlet/trsolicitudot? HTTP/1.1" 200 6928
191.125.187.147 - - [24/Mar/2017:09:07:56 -0300] "GET /cormun/servlet/trsolicitudot? HTTP/1.1" 200 6927
191.125.187.147 - - [24/Mar/2017:09:07:58 -0300] "GET /cormun/servlet/trautorizarsolicitud? HTTP/1.1" 200 8911
191.125.187.147 - - [24/Mar/2017:09:07:59 -0300] "GET /cormun/servlet/trautorizarsolicitud? HTTP/1.1" 200 8910
200.54.247.69 - - [24/Mar/2017:09:08:01 -0300] "POST /cormun/servlet/trpermisosgoce?a42614c2f19f4232936fa281c2729da4,gx-no-cache=1490357349250 HTTP/1.1" 200 4062
192.168.10.89 - - [24/Mar/2017:09:08:04 -0300] "POST /cormun/servlet/trsolicitudgral?74041dfe265cc23a342fc685899c7cde,,gx-no-cache=1490360564434 HTTP/1.1" 200 5422
200.54.247.69 - - [24/Mar/2017:09:08:04 -0300] "POST /cormun/servlet/trpermisosgoce?a42614c2f19f4232936fa281c2729da4,gx-no-cache=1490357352874 HTTP/1.1" 200 4063
200.54.247.69 - - [24/Mar/2017:09:08:07 -0300] "POST /cormun/servlet/trpermisosgoce?a42614c2f19f4232936fa281c2729da4,gx-no-cache=1490357355409 HTTP/1.1" 200 4063
192.168.10.62 - - [24/Mar/2017:09:08:07 -0300] "POST /cormun/servlet/trsolicitudgral?d70241a6cd35db617999326e5db53c09,gx-no-cache=1490360566686 HTTP/1.1" 200 4895
192.168.10.62 - - [24/Mar/2017:09:08:07 -0300] "GET /cormun/static/Shared/jqueryui/images/ui-bg_highlight-soft_100_c6c2c8_1x100.png HTTP/1.1" 404 1117
192.168.10.62 - - [24/Mar/2017:09:08:07 -0300] "GET /cormun/static/Shared/jqueryui/images/ui-icons_82798d_256x240.png HTTP/1.1" 404 1089
192.168.10.62 - - [24/Mar/2017:09:08:07 -0300] "GET /cormun/static/Shared/jqueryui/images/ui-icons_8d78a5_256x240.png HTTP/1.1" 404 1089
192.168.10.62 - - [24/Mar/2017:09:08:07 -0300] "GET /cormun/static/Shared/jqueryui/images/ui-bg_flat_55_fafafa_40x100.png HTTP/1.1" 404 1097
192.168.10.89 - - [24/Mar/2017:09:08:12 -0300] "POST /cormun/servlet/trsolicitudgral?74041dfe265cc23a342fc685899c7cde,,gx-no-cache=1490360571832 HTTP/1.1" 200 7035
192.168.10.89 - - [24/Mar/2017:09:08:17 -0300] "POST /cormun/servlet/trsolicitudgral?74041dfe265cc23a342fc685899c7cde,,gx-no-cache=1490360577239 HTTP/1.1" 200 5663
200.54.247.69 - - [24/Mar/2017:09:08:17 -0300] "POST /cormun/servlet/trpermisosgoce?a42614c2f19f4232936fa281c2729da4,gx-no-cache=1490357365986 HTTP/1.1" 200 4063
192.168.10.89 - - [24/Mar/2017:09:08:18 -0300] "GET /cormun/static/Shared/jqueryui/images/ui-icons_8d78a5_256x240.png HTTP/1.1" 404 1089
192.168.10.89 - - [24/Mar/2017:09:08:18 -0300] "GET /cormun/static/Shared/jqueryui/images/ui-icons_82798d_256x240.png HTTP/1.1" 404 1089
192.168.10.89 - - [24/Mar/2017:09:08:18 -0300] "GET /cormun/static/Shared/jqueryui/images/ui-bg_flat_55_fafafa_40x100.png HTTP/1.1" 404 1097
192.168.10.89 - - [24/Mar/2017:09:08:18 -0300] "GET /cormun/static/Shared/jqueryui/images/ui-bg_highlight-soft_100_c6c2c8_1x100.png HTTP/1.1" 404 1117
192.168.10.62 - - [24/Mar/2017:09:08:19 -0300] "POST /cormun/servlet/trsolicitudgral?d70241a6cd35db617999326e5db53c09,gx-no-cache=1490360578543 HTTP/1.1" 200 6366
200.54.247.69 - - [24/Mar/2017:09:08:30 -0300] "POST /cormun/servlet/trpermisosgoce?a42614c2f19f4232936fa281c2729da4,gx-no-cache=1490357378252 HTTP/1.1" 200 4063
191.125.187.147 - - [24/Mar/2017:09:08:34 -0300] "GET /cormun/servlet/treventos?2017,5687, HTTP/1.1" 200 7401
191.125.187.147 - - [24/Mar/2017:09:08:34 -0300] "GET /cormun/static/gxcfg.js?2016101716195975 HTTP/1.1" 200 953
191.125.187.147 - - [24/Mar/2017:09:08:34 -0300] "GET /cormun/static/treventos.js?201610171620222 HTTP/1.1" 200 16055
191.125.187.147 - - [24/Mar/2017:09:08:35 -0300] "GET /cormun/servlet/treventos?2017,5687, HTTP/1.1" 200 7401
200.54.247.69 - - [24/Mar/2017:09:08:38 -0300] "GET /cormun/servlet/trpermisosgoce? HTTP/1.1" 200 6780
200.54.247.69 - - [24/Mar/2017:09:08:38 -0300] "GET /cormun/servlet/trpermisosgoce? HTTP/1.1" 200 6780
191.125.187.147 - - [24/Mar/2017:09:08:40 -0300] "GET /cormun/servlet/trsolicitudot? HTTP/1.1" 200 6936
191.125.187.147 - - [24/Mar/2017:09:08:41 -0300] "GET /cormun/servlet/trsolicitudot? HTTP/1.1" 200 6927
186.103.156.24 - - [24/Mar/2017:09:08:41 -0300] "GET /cormun/servlet/hlogin HTTP/1.1" 200 1714
186.103.156.24 - - [24/Mar/2017:09:08:42 -0300] "GET /cormun/static/Resources/Spanish/PXTools.css?11294912 HTTP/1.1" 304 -
186.103.156.24 - - [24/Mar/2017:09:08:42 -0300] "GET /cormun/static/gxcfg.js?201731711485472 HTTP/1.1" 304 -
186.103.156.24 - - [24/Mar/2017:09:08:42 -0300] "GET /cormun/static/messages.spa.js?85251 HTTP/1.1" 304 -
186.103.156.24 - - [24/Mar/2017:09:08:42 -0300] "GET /cormun/static/hlogin.js?201731711485490 HTTP/1.1" 304 -
200.54.247.69 - - [24/Mar/2017:09:08:42 -0300] "POST /cormun/servlet/trpermisosgoce?a42614c2f19f4232936fa281c2729da4,,gx-no-cache=1490357390296 HTTP/1.1" 200 4065
186.103.156.24 - - [24/Mar/2017:09:08:42 -0300] "GET /cormun/servlet/hlogin HTTP/1.1" 200 1725
191.125.187.147 - - [24/Mar/2017:09:08:43 -0300] "GET /cormun/servlet/trautorizarsolicitud? HTTP/1.1" 200 8911
191.125.187.147 - - [24/Mar/2017:09:08:43 -0300] "GET /cormun/servlet/trautorizarsolicitud? HTTP/1.1" 200 8910
200.54.247.69 - - [24/Mar/2017:09:09:06 -0300] "POST /cormun/servlet/trpermisosgoce?a42614c2f19f4232936fa281c2729da4,,gx-no-cache=1490357414746 HTTP/1.1" 200 4065
200.54.247.69 - - [24/Mar/2017:09:09:21 -0300] "GET /cormun/servlet/trpermisosgoce? HTTP/1.1" 200 6780
200.54.247.69 - - [24/Mar/2017:09:09:21 -0300] "GET /cormun/servlet/trpermisosgoce? HTTP/1.1" 200 6780
200.54.247.69 - - [24/Mar/2017:09:09:26 -0300] "POST /cormun/servlet/trpermisosgoce?a42614c2f19f4232936fa281c2729da4,,gx-no-cache=1490357434374 HTTP/1.1" 200 4063
186.103.156.24 - - [24/Mar/2017:09:09:34 -0300] "POST /cormun/servlet/hlogin?a1745e1eec7a4feb607af2b3a90998d3,gx-no-cache=1490357504535 HTTP/1.1" 200 90
186.103.156.24 - - [24/Mar/2017:09:09:34 -0300] "GET /cormun/servlet/hpexe_link HTTP/1.1" 200 944
186.103.156.24 - - [24/Mar/2017:09:09:34 -0300] "GET /cormun/static/gxcfg.js?201731711483381 HTTP/1.1" 304 -
186.103.156.24 - - [24/Mar/2017:09:09:34 -0300] "GET /cormun/static/hpexe_link.js?201731711483384 HTTP/1.1" 304 -
186.103.156.24 - - [24/Mar/2017:09:09:34 -0300] "GET /cormun/servlet/hhome HTTP/1.1" 200 3972
186.103.156.24 - - [24/Mar/2017:09:09:35 -0300] "GET /cormun/static/gxcfg.js?201731711483497 HTTP/1.1" 304 -
186.103.156.24 - - [24/Mar/2017:09:09:35 -0300] "GET /cormun/static/hhome.js?20173171148352 HTTP/1.1" 304 -
186.103.156.24 - - [24/Mar/2017:09:09:35 -0300] "GET /cormun/static/hwchdr01.js?201731711335950 HTTP/1.1" 304 -
186.103.156.24 - - [24/Mar/2017:09:09:35 -0300] "GET /cormun/static/hpexe_messagecontroller.js?201610171694323 HTTP/1.1" 304 -
186.103.156.24 - - [24/Mar/2017:09:09:35 -0300] "GET /cormun/static/hpexe_scripts.js?201731711335890 HTTP/1.1" 304 -
186.103.156.24 - - [24/Mar/2017:09:09:35 -0300] "GET /cormun/static/hpexe_recentlink.js?201610171694390 HTTP/1.1" 304 -
186.103.156.24 - - [24/Mar/2017:09:09:35 -0300] "GET /cormun/static/hpexe_messagegenexuscomponent.js?201731711335537 HTTP/1.1" 304 -
186.103.156.24 - - [24/Mar/2017:09:09:35 -0300] "GET /cormun/static/hpexe_messagepopupcomponent.js?20161017169425 HTTP/1.1" 304 -
186.103.156.24 - - [24/Mar/2017:09:09:35 -0300] "GET /cormun/static/cmcontrolpreferences.js?201731711335852 HTTP/1.1" 304 -
186.103.156.24 - - [24/Mar/2017:09:09:35 -0300] "GET /cormun/static/hmpwkw03.js?201731711485354 HTTP/1.1" 304 -
186.103.156.24 - - [24/Mar/2017:09:09:35 -0300] "GET /cormun/servlet/hhome HTTP/1.1" 200 3969
200.54.247.69 - - [24/Mar/2017:09:09:46 -0300] "GET /cormun/servlet/trpermisosgoce? HTTP/1.1" 200 6780
200.54.247.69 - - [24/Mar/2017:09:09:47 -0300] "GET /cormun/servlet/trpermisosgoce? HTTP/1.1" 200 6780
200.54.247.69 - - [24/Mar/2017:09:09:55 -0300] "POST /cormun/servlet/trpermisosgoce?a42614c2f19f4232936fa281c2729da4,,gx-no-cache=1490357463848 HTTP/1.1" 200 4063
191.125.187.147 - - [24/Mar/2017:09:10:09 -0300] "POST /cormun/servlet/trautorizarsolicitud?20975e8a7a8e00eec5c2438e2df71008,,gx-no-cache=1490357474985 HTTP/1.1" 200 5887
191.125.187.147 - - [24/Mar/2017:09:10:09 -0300] "GET /cormun/static/Shared/jqueryui/images/ui-bg_highlight-soft_100_c6c2c8_1x100.png HTTP/1.1" 404 1117
191.125.187.147 - - [24/Mar/2017:09:10:09 -0300] "GET /cormun/static/Shared/jqueryui/images/ui-bg_flat_55_fafafa_40x100.png HTTP/1.1" 404 1097
191.125.187.147 - - [24/Mar/2017:09:10:09 -0300] "GET /cormun/static/Shared/jqueryui/images/ui-icons_82798d_256x240.png HTTP/1.1" 404 1089
191.125.187.147 - - [24/Mar/2017:09:10:09 -0300] "GET /cormun/static/Shared/jqueryui/images/ui-icons_8d78a5_256x240.png HTTP/1.1" 404 1089
191.125.187.147 - - [24/Mar/2017:09:10:09 -0300] "POST /cormun/servlet/trautorizarsolicitud?20975e8a7a8e00eec5c2438e2df71008,,gx-no-cache=1490357475477 HTTP/1.1" 200 5828
191.125.187.147 - - [24/Mar/2017:09:10:13 -0300] "POST /cormun/servlet/trautorizarsolicitud?20975e8a7a8e00eec5c2438e2df71008,,gx-no-cache=1490357479974 HTTP/1.1" 200 5408
191.125.187.147 - - [24/Mar/2017:09:10:14 -0300] "POST /cormun/servlet/trautorizarsolicitud?20975e8a7a8e00eec5c2438e2df71008,,gx-no-cache=1490357480286 HTTP/1.1" 200 5353
191.125.187.147 - - [24/Mar/2017:09:10:33 -0300] "POST /cormun/servlet/trautorizarsolicitud?20975e8a7a8e00eec5c2438e2df71008,,gx-no-cache=1490357499286 HTTP/1.1" 200 4318
191.125.187.147 - - [24/Mar/2017:09:10:33 -0300] "POST /cormun/servlet/trautorizarsolicitud?20975e8a7a8e00eec5c2438e2df71008,,gx-no-cache=1490357499780 HTTP/1.1" 200 4098
200.54.247.69 - - [24/Mar/2017:09:10:37 -0300] "GET /cormun/servlet/trpermisosgoce? HTTP/1.1" 200 6780
200.54.247.69 - - [24/Mar/2017:09:10:38 -0300] "GET /cormun/servlet/trpermisosgoce? HTTP/1.1" 200 6780
200.73.230.173 - - [24/Mar/2017:09:10:40 -0300] "GET /cormun/servlet/licenciaspermisos?b4c3a740ffc5fc210f98c1c4afb5755cda3c4955d6c20186a600fbae0644d28070e1b47abc7cdd3c4e42fe65306f589e67fcb9fb8a627aaf4e8cb85a5032c9637fba04a3de4e9509769630af1448a5fb5601e2948dc47d26170d9e2887fa72fdb81c775b3ec509e679719a8f39d7093a151a58fffb1f19cf3649e90882ea0b529faa1e8d187dbc140ca96c1a9c7f6c0593a446f89496080bc811db696400e6dfedb1938d649be821b6ee279932589074,gx-no-cache=1490358229922 HTTP/1.1" 200 30
200.73.230.173 - - [24/Mar/2017:09:10:40 -0300] "GET /cormun/servlet/licenciaspermisos?b4c3a740ffc5fc210f98c1c4afb5755ca526fd32ed35f287f509c1e481c53701812f5429311ea519e5248e42cd2375a94a560c6a13dc135f68cfb120ebe84f23ddc1164d5fdc6e6b5734b5f759babacfe3b66cf775ebb6cb0a7615d22e917d305fc7855b2d21465cc69d2c548fdee7f64b0e0d866dbb25ce06cca9fe56e0edcc0a1fe40775e3faad2b9ff3e1d5ff813bc82ea46fdf90d9792bf6a3def39536b11bf050c3d649a053f8e326cad0ec1c72,gx-no-cache=1490358230034 HTTP/1.1" 200 29
200.73.230.173 - - [24/Mar/2017:09:10:40 -0300] "POST /cormun/servlet/licenciaspermisos?53a8090c7770f96fb413e853717f5f71,INS,0,,,,gx-no-cache=1490358230086 HTTP/1.1" 200 93
200.73.230.173 - - [24/Mar/2017:09:10:40 -0300] "GET /cormun/servlet/hpexe_return? HTTP/1.1" 200 1014
200.73.230.173 - - [24/Mar/2017:09:10:41 -0300] "GET /cormun/static/gxcfg.js?2016101716175148 HTTP/1.1" 304 -
200.73.230.173 - - [24/Mar/2017:09:10:41 -0300] "GET /cormun/static/hpexe_return.js?2016101716175153 HTTP/1.1" 304 -
200.73.230.173 - - [24/Mar/2017:09:10:41 -0300] "GET /cormun/servlet/trlicencias HTTP/1.1" 200 7818
200.73.230.173 - - [24/Mar/2017:09:10:41 -0300] "GET /cormun/servlet/trlicencias HTTP/1.1" 200 7814
200.54.247.69 - - [24/Mar/2017:09:10:49 -0300] "GET /cormun/servlet/trpermisosingoce? HTTP/1.1" 200 6805
200.54.247.69 - - [24/Mar/2017:09:10:49 -0300] "GET /cormun/static/gxcfg.js?2016111619312653 HTTP/1.1" 200 953
200.54.247.69 - - [24/Mar/2017:09:10:49 -0300] "GET /cormun/static/trpermisosingoce.js?2016111619313084 HTTP/1.1" 200 31498
200.54.247.69 - - [24/Mar/2017:09:10:50 -0300] "GET /cormun/servlet/trpermisosingoce? HTTP/1.1" 200 6805
200.73.230.173 - - [24/Mar/2017:09:10:53 -0300] "GET /cormun/servlet/trlicenciaspermisosadjuntos?9148656,20170324000000,L, HTTP/1.1" 200 6165
200.73.230.173 - - [24/Mar/2017:09:10:53 -0300] "GET /cormun/static/gxcfg.js?20173171154619 HTTP/1.1" 304 -
200.73.230.173 - - [24/Mar/2017:09:10:53 -0300] "GET /cormun/static/trlicenciaspermisosadjuntos.js?20173171154971 HTTP/1.1" 304 -
200.73.230.173 - - [24/Mar/2017:09:10:53 -0300] "GET /cormun/servlet/trlicenciaspermisosadjuntos?9148656,20170324000000,L, HTTP/1.1" 200 6165
200.73.230.173 - - [24/Mar/2017:09:10:58 -0300] "GET /cormun/servlet/licenciaspermisosadjuntos?INS,9148656,L,20170324000000,, HTTP/1.1" 200 5456
200.73.230.173 - - [24/Mar/2017:09:10:58 -0300] "GET /cormun/static/gxcfg.js?201731711421170 HTTP/1.1" 304 -
200.73.230.173 - - [24/Mar/2017:09:10:58 -0300] "GET /cormun/static/licenciaspermisosadjuntos.js?201731711421181 HTTP/1.1" 304 -
200.73.230.173 - - [24/Mar/2017:09:10:58 -0300] "GET /cormun/static/about:blank HTTP/1.1" 404 1011
200.73.230.173 - - [24/Mar/2017:09:10:58 -0300] "GET /cormun/servlet/licenciaspermisosadjuntos?INS,9148656,L,20170324000000,, HTTP/1.1" 200 5445
200.54.247.69 - - [24/Mar/2017:09:11:17 -0300] "POST /cormun/servlet/trpermisosingoce?a42614c2f19f4232936fa281c2729da4,,gx-no-cache=1490357545316 HTTP/1.1" 200 4067
200.73.230.173 - - [24/Mar/2017:09:11:30 -0300] "POST /cormun/servlet/licenciaspermisosadjuntos?53a8090c7770f96fb413e853717f5f71,INS,9148656,L,20170324000000,, HTTP/1.1" 200 116
200.73.230.173 - - [24/Mar/2017:09:11:30 -0300] "GET /cormun/servlet/hpexe_return? HTTP/1.1" 200 1044
200.73.230.173 - - [24/Mar/2017:09:11:30 -0300] "GET /cormun/servlet/trlicenciaspermisosadjuntos?9148656,20170324000000,L, HTTP/1.1" 200 6646
200.54.247.69 - - [24/Mar/2017:09:11:30 -0300] "POST /cormun/servlet/trpermisosingoce?a42614c2f19f4232936fa281c2729da4,,gx-no-cache=1490357558665 HTTP/1.1" 200 4084
200.73.230.173 - - [24/Mar/2017:09:11:31 -0300] "GET /cormun/servlet/trlicenciaspermisosadjuntos?9148656,20170324000000,L, HTTP/1.1" 200 6643
200.73.230.173 - - [24/Mar/2017:09:11:31 -0300] "GET /cormun/PublicTempStorage/20170324_090203_clara_67991376.jpg HTTP/1.1" 200 1173726
200.54.247.69 - - [24/Mar/2017:09:11:33 -0300] "GET /cormun/servlet/permisosingoce?INS,0, HTTP/1.1" 200 6705
200.54.247.69 - - [24/Mar/2017:09:11:33 -0300] "GET /cormun/static/gxcfg.js?201731711424121 HTTP/1.1" 200 953
200.54.247.69 - - [24/Mar/2017:09:11:33 -0300] "GET /cormun/static/permisosingoce.js?201731711424184 HTTP/1.1" 200 23797
200.54.247.69 - - [24/Mar/2017:09:11:33 -0300] "GET /cormun/static/Resources/prompt.gif HTTP/1.1" 200 902
200.54.247.69 - - [24/Mar/2017:09:11:33 -0300] "GET /cormun/servlet/permisosingoce?INS,0, HTTP/1.1" 200 6705
200.54.247.69 - - [24/Mar/2017:09:11:46 -0300] "GET /cormun/static/Resources/resize.gif HTTP/1.1" 200 77
200.73.230.173 - - [24/Mar/2017:09:11:47 -0300] "GET /cormun/servlet/licenciaspermisosadjuntos?INS,9148656,L,20170324000000,, HTTP/1.1" 200 5456
200.73.230.173 - - [24/Mar/2017:09:11:47 -0300] "GET /cormun/servlet/licenciaspermisosadjuntos?INS,9148656,L,20170324000000,, HTTP/1.1" 200 5445
200.73.230.173 - - [24/Mar/2017:09:11:50 -0300] "GET /cormun/servlet/trlicenciaspermisosadjuntos?9148656,20170324000000,L, HTTP/1.1" 200 6643
200.73.230.173 - - [24/Mar/2017:09:11:51 -0300] "GET /cormun/servlet/trlicenciaspermisosadjuntos?9148656,20170324000000,L, HTTP/1.1" 200 6641
200.73.230.173 - - [24/Mar/2017:09:11:52 -0300] "GET /cormun/PublicTempStorage/20170324_090203_clara_61835964.jpg HTTP/1.1" 200 1173726
200.54.247.69 - - [24/Mar/2017:09:11:54 -0300] "GET /cormun/servlet/prfichaempleado?,MD,,gxPopupLevel%3D0%3B HTTP/1.1" 200 8870
200.54.247.69 - - [24/Mar/2017:09:11:54 -0300] "GET /cormun/static/gxcfg.js?2016102420561687 HTTP/1.1" 200 953
200.54.247.69 - - [24/Mar/2017:09:11:54 -0300] "GET /cormun/static/Resources/PXToolsMenuSearchCancel.png HTTP/1.1" 200 2972
200.54.247.69 - - [24/Mar/2017:09:11:54 -0300] "GET /cormun/static/Resources/PXToolsMenuSearch.png HTTP/1.1" 200 2914
200.54.247.69 - - [24/Mar/2017:09:11:54 -0300] "GET /cormun/static/menusearch.js?201610171694467 HTTP/1.1" 200 1424
200.54.247.69 - - [24/Mar/2017:09:11:54 -0300] "GET /cormun/static/hmpwkw011.js?201731711483558 HTTP/1.1" 200 1968
200.54.247.69 - - [24/Mar/2017:09:11:54 -0300] "GET /cormun/static/prfichaempleado.js?201610242056198 HTTP/1.1" 200 16015
200.73.230.173 - - [24/Mar/2017:09:11:55 -0300] "GET /cormun/servlet/trlicencias HTTP/1.1" 200 7818
200.73.230.173 - - [24/Mar/2017:09:11:56 -0300] "GET /cormun/servlet/trlicencias HTTP/1.1" 200 7814
200.73.230.173 - - [24/Mar/2017:09:12:15 -0300] "GET /cormun/servlet/alicenciaprn?9148656,L,20170324000000,PU HTTP/1.1" 200 1526
200.54.247.69 - - [24/Mar/2017:09:12:25 -0300] "POST /cormun/servlet/prfichaempleado?a42614c2f19f4232936fa281c2729da4,,MD,,gxPopupLevel%3D0%3B,gx-no-cache=1490357613700 HTTP/1.1" 200 3455
200.54.247.69 - - [24/Mar/2017:09:13:13 -0300] "GET /cormun/servlet/permisosingoce?52697ab96ce2afc2ddecdf42b96a6f41b876983af67888236bdfbc017c4c1b2e0831ead4b34d6772806ed266bdefae96,gx-no-cache=1490357660915 HTTP/1.1" 200 69
200.54.247.69 - - [24/Mar/2017:09:13:36 -0300] "GET /cormun/servlet/permisosingoce?52697ab96ce2afc2ddecdf42b96a6f41b45276f17eb19f65d0af8fd829d0bc57335b097863fb62af388a319844a43302,gx-no-cache=1490357684524 HTTP/1.1" 200 33
200.54.247.69 - - [24/Mar/2017:09:13:38 -0300] "GET /cormun/servlet/permisosingoce?52697ab96ce2afc2ddecdf42b96a6f4109d274b7507b95f395d2d8840b4e03b905bd27c6166c13d756cc3a9846a60ee7a3ccbd05ff0dfba75e59e4d84756555475c2f39f32919c6ebbf8ff0c1966b59a2e0e7b23e3fa02b6ed3848e70ecd0d46c469f9197627959576125ec2ab2702acd2bdc1f97b19c44e94baf26e2bef77b8dfae46da59dbb7dae4701f01dd10048d4265c04ddb80e2f0e1b303869a2db93a,gx-no-cache=1490357686790 HTTP/1.1" 200 41
200.54.247.69 - - [24/Mar/2017:09:13:54 -0300] "POST /cormun/servlet/permisosingoce?a42614c2f19f4232936fa281c2729da4,INS,0,,gx-no-cache=1490357702368 HTTP/1.1" 200 93
200.54.247.69 - - [24/Mar/2017:09:13:54 -0300] "GET /cormun/servlet/hpexe_return? HTTP/1.1" 200 1006
200.54.247.69 - - [24/Mar/2017:09:13:54 -0300] "GET /cormun/servlet/trpermisosingoce? HTTP/1.1" 200 6816
200.54.247.69 - - [24/Mar/2017:09:13:55 -0300] "GET /cormun/servlet/trpermisosingoce? HTTP/1.1" 200 6812
200.54.247.69 - - [24/Mar/2017:09:14:04 -0300] "POST /cormun/servlet/trpermisosingoce?a42614c2f19f4232936fa281c2729da4,,gx-no-cache=1490357712563 HTTP/1.1" 200 90
200.54.247.69 - - [24/Mar/2017:09:14:04 -0300] "GET /cormun/servlet/hpexe_link HTTP/1.1" 200 958
200.54.247.69 - - [24/Mar/2017:09:14:04 -0300] "GET /cormun/servlet/trpermisosgoce HTTP/1.1" 200 6782
200.54.247.69 - - [24/Mar/2017:09:14:05 -0300] "GET /cormun/servlet/trpermisosgoce HTTP/1.1" 200 6780
200.54.247.69 - - [24/Mar/2017:09:14:10 -0300] "GET /cormun/servlet/permisogoce?INS,0,,, HTTP/1.1" 200 6757
200.54.247.69 - - [24/Mar/2017:09:14:10 -0300] "GET /cormun/static/gxcfg.js?201731711422032 HTTP/1.1" 200 953
200.54.247.69 - - [24/Mar/2017:09:14:10 -0300] "GET /cormun/static/permisogoce.js?20173171142217 HTTP/1.1" 200 26144
200.54.247.69 - - [24/Mar/2017:09:14:11 -0300] "GET /cormun/servlet/permisogoce?INS,0,,, HTTP/1.1" 200 6757
200.54.247.69 - - [24/Mar/2017:09:14:29 -0300] "GET /cormun/servlet/prfichaempleado?,MD,,gxPopupLevel%3D0%3B HTTP/1.1" 200 8870
200.54.247.69 - - [24/Mar/2017:09:14:36 -0300] "POST /cormun/servlet/prfichaempleado?a42614c2f19f4232936fa281c2729da4,,MD,,gxPopupLevel%3D0%3B,gx-no-cache=1490357744923 HTTP/1.1" 200 3450
200.54.247.69 - - [24/Mar/2017:09:14:40 -0300] "GET /cormun/servlet/permisogoce?28f9806c807e3ef110b627ebe967da6900b24a8985cb9baab36d5c74de608a224bde9db23a9e3ef4c2afefc885fbdd7b,gx-no-cache=1490357748632 HTTP/1.1" 200 69
200.54.247.69 - - [24/Mar/2017:09:14:47 -0300] "GET /cormun/servlet/permisogoce?28f9806c807e3ef110b627ebe967da69a00984415f66b8c5b7614036fc52102eaeafb3c4faa15c4b3083e8516f4982167ebe6d15f20f04187dde2069d3197b08,gx-no-cache=1490357755131 HTTP/1.1" 200 47
200.54.247.69 - - [24/Mar/2017:09:15:05 -0300] "GET /cormun/servlet/puconsultapgoce?12293676,MD,gxPopupLevel%3D0%3B HTTP/1.1" 200 3767
200.54.247.69 - - [24/Mar/2017:09:15:05 -0300] "GET /cormun/static/gxcfg.js?2016122619324821 HTTP/1.1" 200 953
200.54.247.69 - - [24/Mar/2017:09:15:05 -0300] "GET /cormun/pexe_menus.js HTTP/1.1" 404 1001
200.54.247.69 - - [24/Mar/2017:09:15:05 -0300] "GET /cormun/pexe_layers.js HTTP/1.1" 404 1003
200.54.247.69 - - [24/Mar/2017:09:15:05 -0300] "GET /cormun/pexe_link.js HTTP/1.1" 404 999
200.54.247.69 - - [24/Mar/2017:09:15:05 -0300] "GET /cormun/pexe_windows.js HTTP/1.1" 404 1005
200.54.247.69 - - [24/Mar/2017:09:15:05 -0300] "GET /cormun/pexe_grid.js HTTP/1.1" 404 999
200.54.247.69 - - [24/Mar/2017:09:15:05 -0300] "GET /cormun/pexe_cookies.js HTTP/1.1" 404 1005
200.54.247.69 - - [24/Mar/2017:09:15:05 -0300] "GET /cormun/pexe_griddivfix.js HTTP/1.1" 404 1011
200.54.247.69 - - [24/Mar/2017:09:15:05 -0300] "GET /cormun/pexe_picture.js HTTP/1.1" 404 1005
200.54.247.69 - - [24/Mar/2017:09:15:05 -0300] "GET /cormun/pexe_treedivfix.js HTTP/1.1" 404 1011
200.54.247.69 - - [24/Mar/2017:09:15:05 -0300] "GET /cormun/pexe_autoreload.js HTTP/1.1" 404 1011
200.54.247.69 - - [24/Mar/2017:09:15:05 -0300] "GET /cormun/pexe_menudivfix.js HTTP/1.1" 404 1011
200.54.247.69 - - [24/Mar/2017:09:15:05 -0300] "GET /cormun/pexe_tabdivfix.js HTTP/1.1" 404 1009
200.54.247.69 - - [24/Mar/2017:09:15:05 -0300] "GET /cormun/static/mpprompt.js?201731711513941 HTTP/1.1" 200 940
200.54.247.69 - - [24/Mar/2017:09:15:05 -0300] "GET /cormun/static/puconsultapgoce.js?2016122619325082 HTTP/1.1" 200 22423
200.54.247.69 - - [24/Mar/2017:09:15:06 -0300] "GET /cormun/pexe_link.js HTTP/1.1" 404 999
200.54.247.69 - - [24/Mar/2017:09:15:06 -0300] "GET /cormun/pexe_cookies.js HTTP/1.1" 404 1005
200.54.247.69 - - [24/Mar/2017:09:15:06 -0300] "GET /cormun/pexe_grid.js HTTP/1.1" 404 999
200.54.247.69 - - [24/Mar/2017:09:15:06 -0300] "GET /cormun/pexe_griddivfix.js HTTP/1.1" 404 1011
200.54.247.69 - - [24/Mar/2017:09:15:06 -0300] "GET /cormun/pexe_picture.js HTTP/1.1" 404 1005
200.54.247.69 - - [24/Mar/2017:09:15:06 -0300] "GET /cormun/pexe_treedivfix.js HTTP/1.1" 404 1011
200.54.247.69 - - [24/Mar/2017:09:15:06 -0300] "GET /cormun/pexe_autoreload.js HTTP/1.1" 404 1011
200.54.247.69 - - [24/Mar/2017:09:15:06 -0300] "GET /cormun/pexe_menudivfix.js HTTP/1.1" 404 1011
200.54.247.69 - - [24/Mar/2017:09:15:06 -0300] "GET /cormun/pexe_tabdivfix.js HTTP/1.1" 404 1009
200.54.247.69 - - [24/Mar/2017:09:15:12 -0300] "POST /cormun/servlet/puconsultapgoce?a42614c2f19f4232936fa281c2729da4,12293676,MD,gxPopupLevel%3D0%3B,gx-no-cache=1490357780525 HTTP/1.1" 200 60
200.54.247.69 - - [24/Mar/2017:09:15:17 -0300] "POST /cormun/servlet/permisogoce?a42614c2f19f4232936fa281c2729da4,INS,0,,,,gx-no-cache=1490357785519 HTTP/1.1" 200 93
200.54.247.69 - - [24/Mar/2017:09:15:17 -0300] "GET /cormun/servlet/hpexe_return? HTTP/1.1" 200 1006
200.54.247.69 - - [24/Mar/2017:09:15:17 -0300] "GET /cormun/servlet/trpermisosgoce HTTP/1.1" 200 6784
200.54.247.69 - - [24/Mar/2017:09:15:18 -0300] "GET /cormun/servlet/trpermisosgoce HTTP/1.1" 200 6780
200.54.247.69 - - [24/Mar/2017:09:15:28 -0300] "GET /cormun/servlet/trautorizarpermisogoce? HTTP/1.1" 200 6725
200.54.247.69 - - [24/Mar/2017:09:15:28 -0300] "GET /cormun/static/gxcfg.js?201731711543713 HTTP/1.1" 200 953
200.54.247.69 - - [24/Mar/2017:09:15:28 -0300] "GET /cormun/static/trautorizarpermisogoce.js?201731711544173 HTTP/1.1" 200 31036
200.54.247.69 - - [24/Mar/2017:09:15:28 -0300] "GET /cormun/servlet/trautorizarpermisogoce? HTTP/1.1" 200 6737
200.54.247.69 - - [24/Mar/2017:09:15:52 -0300] "GET /cormun/servlet/trpermisosgoce? HTTP/1.1" 200 6781
200.54.247.69 - - [24/Mar/2017:09:15:52 -0300] "GET /cormun/servlet/trpermisosgoce? HTTP/1.1" 200 6780
200.54.247.69 - - [24/Mar/2017:09:15:58 -0300] "POST /cormun/servlet/trpermisosgoce?a42614c2f19f4232936fa281c2729da4,,gx-no-cache=1490357826458 HTTP/1.1" 200 4067
200.54.247.69 - - [24/Mar/2017:09:16:00 -0300] "POST /cormun/servlet/trpermisosgoce?a42614c2f19f4232936fa281c2729da4,,gx-no-cache=1490357828572 HTTP/1.1" 200 4065
200.54.247.69 - - [24/Mar/2017:09:16:03 -0300] "GET /cormun/servlet/permisogoce?INS,0,,, HTTP/1.1" 200 6757
200.54.247.69 - - [24/Mar/2017:09:16:04 -0300] "GET /cormun/servlet/permisogoce?INS,0,,, HTTP/1.1" 200 6757
192.168.10.62 - - [24/Mar/2017:09:16:17 -0300] "GET /cormun/servlet/trconsultaempleado? HTTP/1.1" 200 8839
192.168.10.62 - - [24/Mar/2017:09:16:17 -0300] "GET /cormun/static/gxcfg.js?20173171153942 HTTP/1.1" 200 953
192.168.10.62 - - [24/Mar/2017:09:16:17 -0300] "GET /cormun/static/gxui/gxui-all.css?110300 HTTP/1.1" 200 2179
192.168.10.62 - - [24/Mar/2017:09:16:17 -0300] "GET /cormun/static/Shared/ext/resources/css/ext-all.css?205870 HTTP/1.1" 200 416045
192.168.10.62 - - [24/Mar/2017:09:16:17 -0300] "GET /cormun/static/trconsultaempleado.js?201731711531223 HTTP/1.1" 200 15811
192.168.10.62 - - [24/Mar/2017:09:16:18 -0300] "GET /cormun//static/Resources/PXToolsActionView.png HTTP/1.1" 200 2995
192.168.10.62 - - [24/Mar/2017:09:16:19 -0300] "GET /cormun/servlet/trconsultaempleado? HTTP/1.1" 200 8839
200.54.247.69 - - [24/Mar/2017:09:16:24 -0300] "GET /cormun/servlet/prfichaempleado?,MD,,gxPopupLevel%3D0%3B HTTP/1.1" 200 8870
192.168.10.62 - - [24/Mar/2017:09:16:30 -0300] "POST /cormun/servlet/trconsultaempleado?d70241a6cd35db617999326e5db53c09,,gx-no-cache=1490361069862 HTTP/1.1" 200 3750
200.54.247.69 - - [24/Mar/2017:09:16:34 -0300] "POST /cormun/servlet/prfichaempleado?a42614c2f19f4232936fa281c2729da4,,MD,,gxPopupLevel%3D0%3B,gx-no-cache=1490357862779 HTTP/1.1" 200 3448
200.54.247.69 - - [24/Mar/2017:09:16:41 -0300] "GET /cormun/servlet/permisogoce?28f9806c807e3ef110b627ebe967da6900b24a8985cb9baab36d5c74de608a224bde9db23a9e3ef4c2afefc885fbdd7b,gx-no-cache=1490357868991 HTTP/1.1" 200 72
192.168.10.62 - - [24/Mar/2017:09:16:41 -0300] "POST /cormun/servlet/trconsultaempleado?d70241a6cd35db617999326e5db53c09,,gx-no-cache=1490361081294 HTTP/1.1" 200 3974
192.168.10.62 - - [24/Mar/2017:09:16:43 -0300] "GET /cormun/servlet/trsolicitudnombre?16882610, HTTP/1.1" 200 8363
192.168.10.62 - - [24/Mar/2017:09:16:43 -0300] "GET /cormun/static/calendar-system.css?75620 HTTP/1.1" 200 5572
192.168.10.62 - - [24/Mar/2017:09:16:43 -0300] "GET /cormun/static/gxcfg.js?20173171153130 HTTP/1.1" 200 953
192.168.10.62 - - [24/Mar/2017:09:16:43 -0300] "GET /cormun/static/trsolicitudnombre.js?2017317115367 HTTP/1.1" 200 43570
192.168.10.62 - - [24/Mar/2017:09:16:43 -0300] "GET /cormun/servlet/trsolicitudnombre?16882610, HTTP/1.1" 200 8365
192.168.10.62 - - [24/Mar/2017:09:16:47 -0300] "GET /cormun/servlet/vesolicitudnombre?2017,4765,, HTTP/1.1" 200 8018
192.168.10.62 - - [24/Mar/2017:09:16:47 -0300] "GET /cormun/static/gxcfg.js?20173171153010 HTTP/1.1" 200 953
192.168.10.62 - - [24/Mar/2017:09:16:47 -0300] "GET /cormun/pexe_scrolldiv.js HTTP/1.1" 404 1009
192.168.10.62 - - [24/Mar/2017:09:16:47 -0300] "GET /cormun/static/vesolicitudnombre.js?20173171153072 HTTP/1.1" 200 6119
192.168.10.62 - - [24/Mar/2017:09:16:47 -0300] "GET /cormun/pexe_scrolldiv.js HTTP/1.1" 404 1009
192.168.10.62 - - [24/Mar/2017:09:16:47 -0300] "GET /cormun/static/tbsolicitudnombre01.js?2017110216261 HTTP/1.1" 200 28971
192.168.10.62 - - [24/Mar/2017:09:16:47 -0300] "GET /cormun/servlet/vesolicitudnombre?2017,4765,, HTTP/1.1" 200 8011
200.54.247.69 - - [24/Mar/2017:09:16:48 -0300] "GET /cormun/servlet/permisogoce?28f9806c807e3ef110b627ebe967da69a00984415f66b8c5b7614036fc52102eaeafb3c4faa15c4b3083e8516f4982167ebe6d15f20f04187dde2069d3197b08,gx-no-cache=1490357876991 HTTP/1.1" 200 47
192.168.10.62 - - [24/Mar/2017:09:16:51 -0300] "GET /cormun/servlet/vesolicitudnombre?2017,4765,,SolicitudOTLog HTTP/1.1" 200 8887
192.168.10.62 - - [24/Mar/2017:09:16:51 -0300] "GET /cormun/pexe_scrolldiv.js HTTP/1.1" 404 1009
192.168.10.62 - - [24/Mar/2017:09:16:51 -0300] "GET /cormun/pexe_scrolldiv.js HTTP/1.1" 404 1009
192.168.10.62 - - [24/Mar/2017:09:16:51 -0300] "GET /cormun/static/tbsolicitudnombre03.js?20173171132461 HTTP/1.1" 200 13343
192.168.10.62 - - [24/Mar/2017:09:16:51 -0300] "GET /cormun/static/Resources/PXToolsTabLastSelected.png HTTP/1.1" 200 1262
192.168.10.62 - - [24/Mar/2017:09:16:51 -0300] "GET /cormun/servlet/vesolicitudnombre?2017,4765,,SolicitudOTLog HTTP/1.1" 200 8888
192.168.10.62 - - [24/Mar/2017:09:16:52 -0300] "POST /cormun/servlet/acontrolpreferencessavestate?None,FGONZALEZG,true HTTP/1.1" 200 35
192.168.10.62 - - [24/Mar/2017:09:16:56 -0300] "POST /cormun/servlet/vesolicitudnombre?d70241a6cd35db617999326e5db53c09,2017,4765,,SolicitudOTLog,gx-no-cache=1490361095932 HTTP/1.1" 200 90
192.168.10.62 - - [24/Mar/2017:09:16:56 -0300] "GET /cormun/servlet/hpexe_link HTTP/1.1" 200 987
192.168.10.62 - - [24/Mar/2017:09:16:56 -0300] "GET /cormun/servlet/trsolicitudnombre?16882610, HTTP/1.1" 200 8362
192.168.10.62 - - [24/Mar/2017:09:16:57 -0300] "GET /cormun/servlet/trsolicitudnombre?16882610, HTTP/1.1" 200 8364
192.168.10.62 - - [24/Mar/2017:09:16:59 -0300] "GET /cormun/servlet/trsolicitudgral? HTTP/1.1" 200 9489
192.168.10.62 - - [24/Mar/2017:09:17:00 -0300] "GET /cormun/servlet/trsolicitudgral? HTTP/1.1" 200 9481
191.125.187.147 - - [24/Mar/2017:09:17:06 -0300] "GET /cormun/servlet/trvisualizadoreventos? HTTP/1.1" 200 6687
191.125.187.147 - - [24/Mar/2017:09:17:06 -0300] "GET /cormun/static/gxcfg.js?201731711523419 HTTP/1.1" 200 953
191.125.187.147 - - [24/Mar/2017:09:17:06 -0300] "GET /cormun/static/Resources/PXToolsActionPrint.png HTTP/1.1" 200 3317
191.125.187.147 - - [24/Mar/2017:09:17:07 -0300] "GET /cormun/static/trvisualizadoreventos.js?20173171152387 HTTP/1.1" 200 19309
191.125.187.147 - - [24/Mar/2017:09:17:07 -0300] "GET /cormun/servlet/trvisualizadoreventos? HTTP/1.1" 200 6686
191.125.187.147 - - [24/Mar/2017:09:17:11 -0300] "GET /cormun/servlet/trautorizarsolicitud? HTTP/1.1" 200 6884
191.125.187.147 - - [24/Mar/2017:09:17:11 -0300] "GET /cormun/servlet/trautorizarsolicitud? HTTP/1.1" 200 6884
200.54.247.69 - - [24/Mar/2017:09:17:17 -0300] "POST /cormun/servlet/permisogoce?a42614c2f19f4232936fa281c2729da4,INS,0,,,,gx-no-cache=1490357905568 HTTP/1.1" 200 93
200.54.247.69 - - [24/Mar/2017:09:17:17 -0300] "GET /cormun/servlet/hpexe_return? HTTP/1.1" 200 1007
200.54.247.69 - - [24/Mar/2017:09:17:17 -0300] "GET /cormun/servlet/trpermisosgoce? HTTP/1.1" 200 6784
200.54.247.69 - - [24/Mar/2017:09:17:18 -0300] "GET /cormun/servlet/trpermisosgoce? HTTP/1.1" 200 6780
191.125.187.147 - - [24/Mar/2017:09:17:23 -0300] "GET /cormun/servlet/trvisualizadoreventos? HTTP/1.1" 200 6687
191.125.187.147 - - [24/Mar/2017:09:17:24 -0300] "GET /cormun/servlet/trvisualizadoreventos? HTTP/1.1" 200 6686
200.54.247.69 - - [24/Mar/2017:09:17:29 -0300] "POST /cormun/servlet/trpermisosgoce?a42614c2f19f4232936fa281c2729da4,,gx-no-cache=1490357917961 HTTP/1.1" 200 4067
186.103.158.250 - - [24/Mar/2017:09:17:30 -0300] "GET /cormun/servlet/hlogin HTTP/1.1" 200 1726
200.54.247.69 - - [24/Mar/2017:09:17:31 -0300] "POST /cormun/servlet/trpermisosgoce?a42614c2f19f4232936fa281c2729da4,,gx-no-cache=1490357919067 HTTP/1.1" 200 4067
191.125.187.147 - - [24/Mar/2017:09:17:33 -0300] "POST /cormun/servlet/trvisualizadoreventos?20975e8a7a8e00eec5c2438e2df71008,,gx-no-cache=1490357919078 HTTP/1.1" 200 4432
200.54.247.69 - - [24/Mar/2017:09:17:33 -0300] "GET /cormun/servlet/hlogin HTTP/1.1" 200 1739
200.73.230.173 - - [24/Mar/2017:09:17:35 -0300] "POST /cormun/servlet/trlicencias?53a8090c7770f96fb413e853717f5f71,gx-no-cache=1490358644268 HTTP/1.1" 200 4024
200.73.230.173 - - [24/Mar/2017:09:17:35 -0300] "GET /cormun/static/Shared/jqueryui/images/ui-bg_highlight-soft_100_c6c2c8_1x100.png HTTP/1.1" 404 1117
200.73.230.173 - - [24/Mar/2017:09:17:35 -0300] "GET /cormun/static/Shared/jqueryui/images/ui-bg_flat_55_fafafa_40x100.png HTTP/1.1" 404 1097
200.73.230.173 - - [24/Mar/2017:09:17:35 -0300] "GET /cormun/static/Shared/jqueryui/images/ui-icons_82798d_256x240.png HTTP/1.1" 404 1089
200.73.230.173 - - [24/Mar/2017:09:17:35 -0300] "GET /cormun/static/Shared/jqueryui/images/ui-icons_8d78a5_256x240.png HTTP/1.1" 404 1089
200.54.247.69 - - [24/Mar/2017:09:17:41 -0300] "POST /cormun/servlet/hlogin?a42614c2f19f4232936fa281c2729da4,gx-no-cache=1490357929415 HTTP/1.1" 200 90
200.54.247.69 - - [24/Mar/2017:09:17:41 -0300] "GET /cormun/servlet/hpexe_link HTTP/1.1" 200 958
200.54.247.69 - - [24/Mar/2017:09:17:41 -0300] "GET /cormun/servlet/trpermisosgoce? HTTP/1.1" 200 6782
200.54.247.69 - - [24/Mar/2017:09:17:42 -0300] "GET /cormun/servlet/trpermisosgoce? HTTP/1.1" 200 6780
191.125.187.147 - - [24/Mar/2017:09:17:43 -0300] "POST /cormun/servlet/trvisualizadoreventos?20975e8a7a8e00eec5c2438e2df71008,,gx-no-cache=1490357929566 HTTP/1.1" 200 111
191.125.187.147 - - [24/Mar/2017:09:17:44 -0300] "GET /cormun/VisualizadorEventos-9135.xls HTTP/1.1" 200 4608
200.54.247.69 - - [24/Mar/2017:09:17:48 -0300] "GET /cormun/servlet/trautorizarpermisogoce? HTTP/1.1" 200 6737
192.168.10.62 - - [24/Mar/2017:09:17:48 -0300] "POST /cormun/servlet/trsolicitudgral?d70241a6cd35db617999326e5db53c09,,gx-no-cache=1490361148085 HTTP/1.1" 200 105
