186.79.30.147 - - [24/Mar/2017:13:30:27 -0300] "POST /cormun/servlet/trsolicitudadjuntos?e59dcce40f1c38ddacce30923964dfe9,2017,5710,,gx-no-cache=1490376696985 HTTP/1.1" 200 6940
186.79.30.147 - - [24/Mar/2017:13:30:30 -0300] "POST /cormun/servlet/trsolicitudadjuntos?e59dcce40f1c38ddacce30923964dfe9,2017,5710,,gx-no-cache=1490376700014 HTTP/1.1" 200 6940
186.79.30.147 - - [24/Mar/2017:13:30:31 -0300] "POST /cormun/servlet/trsolicitudadjuntos?e59dcce40f1c38ddacce30923964dfe9,2017,5710,,gx-no-cache=1490376701173 HTTP/1.1" 200 6940
192.168.10.62 - - [24/Mar/2017:13:30:32 -0300] "POST /cormun/servlet/trsolicitudgral?e5cf7f5fe86af1bb358f3c4f46550ee7,gx-no-cache=1490375860407,gx-no-cache=1490376311714 HTTP/1.1" 200 7665
186.79.30.147 - - [24/Mar/2017:13:30:33 -0300] "POST /cormun/servlet/trsolicitudadjuntos?e59dcce40f1c38ddacce30923964dfe9,2017,5710,,gx-no-cache=1490376702325 HTTP/1.1" 200 6941
186.79.30.147 - - [24/Mar/2017:13:30:39 -0300] "GET /cormun/servlet/trautorizarsolicitud? HTTP/1.1" 200 8142
186.79.30.147 - - [24/Mar/2017:13:30:39 -0300] "GET /cormun/servlet/trautorizarsolicitud? HTTP/1.1" 200 8136
186.79.30.147 - - [24/Mar/2017:13:30:43 -0300] "GET /cormun/servlet/veautorizarsolicitud?2017,5710,, HTTP/1.1" 200 8175
186.79.30.147 - - [24/Mar/2017:13:30:43 -0300] "GET /cormun/pexe_scrolldiv.js HTTP/1.1" 404 1009
186.79.30.147 - - [24/Mar/2017:13:30:44 -0300] "GET /cormun/servlet/veautorizarsolicitud?2017,5710,, HTTP/1.1" 200 8174
192.168.10.62 - - [24/Mar/2017:13:31:09 -0300] "POST /cormun/servlet/trsolicitudgral?e5cf7f5fe86af1bb358f3c4f46550ee7,gx-no-cache=1490375860407,gx-no-cache=1490376348883 HTTP/1.1" 200 105
192.168.10.62 - - [24/Mar/2017:13:31:09 -0300] "POST /cormun/servlet/trsolicitudgral?e5cf7f5fe86af1bb358f3c4f46550ee7,gx-no-cache=1490375860407,gx-no-cache=1490376349015 HTTP/1.1" 200 7647
192.168.10.62 - - [24/Mar/2017:13:31:09 -0300] "GET /cormun/SolicitudGral-7154.xls HTTP/1.1" 200 6656
186.79.30.147 - - [24/Mar/2017:13:32:18 -0300] "GET /cormun/servlet/trautorizarsolicitud? HTTP/1.1" 200 8142
200.83.57.219 - - [24/Mar/2017:13:32:19 -0300] "GET /cormun/servlet/hlogin HTTP/1.1" 200 1717
186.79.30.147 - - [24/Mar/2017:13:32:19 -0300] "GET /cormun/servlet/trautorizarsolicitud? HTTP/1.1" 200 8136
186.79.30.147 - - [24/Mar/2017:13:32:28 -0300] "POST /cormun/servlet/trautorizarsolicitud?e59dcce40f1c38ddacce30923964dfe9,,gx-no-cache=1490376817387 HTTP/1.1" 200 115
186.79.30.147 - - [24/Mar/2017:13:32:28 -0300] "GET /cormun/servlet/solicitudotlog?INS,2017,5710,0,ANU, HTTP/1.1" 200 5738
186.79.30.147 - - [24/Mar/2017:13:32:28 -0300] "GET /cormun/static/gxcfg.js?201731711401563 HTTP/1.1" 200 953
186.79.30.147 - - [24/Mar/2017:13:32:29 -0300] "GET /cormun/static/solicitudotlog.js?201731711401579 HTTP/1.1" 200 8925
186.79.30.147 - - [24/Mar/2017:13:32:29 -0300] "GET /cormun/servlet/solicitudotlog?INS,2017,5710,0,ANU, HTTP/1.1" 200 5738
186.79.30.147 - - [24/Mar/2017:13:32:30 -0300] "GET /cormun/servlet/solicitudotlog?69e07359cfbcabdc02d0026ace370a6b38903654903a8321357e6dae76420eae0a0c7063a0785f97d6849203638f7d0925652771e5aec5bdc7fd4bf280aa84f07467cae1e4368e341ad74341cef477a685eb7514ecb461eae66c59363b481fe4b3b9cf63b71aa003dc1fa2da250cb0e8da67311494e4d05fe449d97e5186a258fcff551f345f9985a0d987fd73b8b9931302e9caedb7fb093e303ee1ebca52a1,gx-no-cache=1490376819478 HTTP/1.1" 200 94
200.83.57.219 - - [24/Mar/2017:13:32:38 -0300] "GET /cormun/servlet/hlogin HTTP/1.1" 200 1721
186.79.30.147 - - [24/Mar/2017:13:32:39 -0300] "POST /cormun/servlet/solicitudotlog?e59dcce40f1c38ddacce30923964dfe9,INS,2017,5710,0,ANU,,gx-no-cache=1490376828570 HTTP/1.1" 200 93
186.79.30.147 - - [24/Mar/2017:13:32:39 -0300] "GET /cormun/servlet/hpexe_return? HTTP/1.1" 200 1027
200.83.57.219 - - [24/Mar/2017:13:32:40 -0300] "GET /cormun/servlet/hlogin HTTP/1.1" 200 1721
186.79.30.147 - - [24/Mar/2017:13:32:40 -0300] "GET /cormun/servlet/trautorizarsolicitud HTTP/1.1" 200 6880
186.79.30.147 - - [24/Mar/2017:13:32:41 -0300] "GET /cormun/servlet/trautorizarsolicitud HTTP/1.1" 200 6883
186.79.30.147 - - [24/Mar/2017:13:32:51 -0300] "GET /cormun/static/menuarrow.gif HTTP/1.1" 404 1015
192.168.10.96 - - [24/Mar/2017:13:33:07 -0300] "GET /cormun/servlet/trsolicitudgral? HTTP/1.1" 200 24229
192.168.10.96 - - [24/Mar/2017:13:33:07 -0300] "GET /cormun/servlet/hlogin HTTP/1.1" 200 1748
192.168.10.96 - - [24/Mar/2017:13:33:08 -0300] "GET /cormun/servlet/trsolicitudgral? HTTP/1.1" 200 24207
192.168.10.96 - - [24/Mar/2017:13:33:17 -0300] "POST /cormun/servlet/hlogin?322d9c8c6c902e3fc81a710671fa058a,gx-no-cache=1490376476846 HTTP/1.1" 200 90
192.168.10.96 - - [24/Mar/2017:13:33:17 -0300] "GET /cormun/servlet/hpexe_link HTTP/1.1" 200 963
192.168.10.96 - - [24/Mar/2017:13:33:18 -0300] "GET /cormun/servlet/trsolicitudgral HTTP/1.1" 200 25121
192.168.10.96 - - [24/Mar/2017:13:33:19 -0300] "GET /cormun/servlet/trsolicitudgral HTTP/1.1" 200 25119
186.79.30.147 - - [24/Mar/2017:13:33:39 -0300] "POST /cormun/servlet/trautorizarsolicitud?e59dcce40f1c38ddacce30923964dfe9,gx-no-cache=1490376888555 HTTP/1.1" 200 4159
186.79.30.147 - - [24/Mar/2017:13:33:42 -0300] "POST /cormun/servlet/trautorizarsolicitud?e59dcce40f1c38ddacce30923964dfe9,gx-no-cache=1490376891774 HTTP/1.1" 200 4158
186.79.30.147 - - [24/Mar/2017:13:33:47 -0300] "POST /cormun/servlet/trautorizarsolicitud?e59dcce40f1c38ddacce30923964dfe9,gx-no-cache=1490376896493 HTTP/1.1" 200 4159
200.83.57.219 - - [24/Mar/2017:13:33:51 -0300] "POST /cormun/servlet/hlogin?ad70af34c4aafc54a31c7d5775f42cb8,gx-no-cache=1490373303463 HTTP/1.1" 200 90
200.83.57.219 - - [24/Mar/2017:13:33:51 -0300] "GET /cormun/servlet/hpexe_link HTTP/1.1" 200 948
200.83.57.219 - - [24/Mar/2017:13:33:51 -0300] "GET /cormun/static/gxcfg.js?201731711483381 HTTP/1.1" 200 953
200.83.57.219 - - [24/Mar/2017:13:33:51 -0300] "GET /cormun/static/hpexe_link.js?201731711483384 HTTP/1.1" 200 625
200.83.57.219 - - [24/Mar/2017:13:33:51 -0300] "GET /cormun/servlet/hhome HTTP/1.1" 200 4102
200.83.57.219 - - [24/Mar/2017:13:33:51 -0300] "GET /cormun/static/SmoothNavMenu/resources/ddsmoothmenu.css?1012540 HTTP/1.1" 200 2223
200.83.57.219 - - [24/Mar/2017:13:33:51 -0300] "GET /cormun/static/SmoothNavMenu/resources/ddsmoothmenu-v.css?1012540 HTTP/1.1" 200 1188
200.83.57.219 - - [24/Mar/2017:13:33:51 -0300] "GET /cormun/static/Shared/jqueryui/jquery-ui.min.css?1245370 HTTP/1.1" 200 30288
200.83.57.219 - - [24/Mar/2017:13:33:51 -0300] "GET /cormun/static/gxcfg.js?201731711483497 HTTP/1.1" 200 953
200.83.57.219 - - [24/Mar/2017:13:33:51 -0300] "GET /cormun/static/scaMessage/css/jquery.pnotify.default.css?1716380 HTTP/1.1" 200 1707
200.83.57.219 - - [24/Mar/2017:13:33:51 -0300] "GET /cormun/static/hhome.js?20173171148352 HTTP/1.1" 200 777
200.83.57.219 - - [24/Mar/2017:13:33:51 -0300] "GET /cormun/static/hwchdr01.js?201731711335950 HTTP/1.1" 200 1183
200.83.57.219 - - [24/Mar/2017:13:33:51 -0300] "GET /cormun/static/hpexe_recentlink.js?201610171694390 HTTP/1.1" 200 2144
186.79.30.147 - - [24/Mar/2017:13:33:51 -0300] "GET /cormun/servlet/trsolicitudot? HTTP/1.1" 200 6927
200.83.57.219 - - [24/Mar/2017:13:33:51 -0300] "GET /cormun/static/hpexe_scripts.js?201731711335890 HTTP/1.1" 200 1544
200.83.57.219 - - [24/Mar/2017:13:33:51 -0300] "GET /cormun/static/hpexe_messagepopupcomponent.js?20161017169425 HTTP/1.1" 200 605
200.83.57.219 - - [24/Mar/2017:13:33:51 -0300] "GET /cormun/static/hpexe_messagegenexuscomponent.js?201731711335537 HTTP/1.1" 200 587
200.83.57.219 - - [24/Mar/2017:13:33:51 -0300] "GET /cormun/static/cmcontrolpreferences.js?201731711335852 HTTP/1.1" 200 1375
200.83.57.219 - - [24/Mar/2017:13:33:51 -0300] "GET /cormun/static/hpexe_messagecontroller.js?201610171694323 HTTP/1.1" 200 870
200.83.57.219 - - [24/Mar/2017:13:33:52 -0300] "GET /cormun/static/hmpwkw03.js?201731711485354 HTTP/1.1" 200 3965
200.83.57.219 - - [24/Mar/2017:13:33:52 -0300] "GET /cormun/static/SmoothNavMenu/resources/images/right.gif HTTP/1.1" 200 860
200.83.57.219 - - [24/Mar/2017:13:33:52 -0300] "GET /cormun/static/SmoothNavMenu/resources/images/down.gif HTTP/1.1" 200 854
200.83.57.219 - - [24/Mar/2017:13:33:52 -0300] "GET /cormun/servlet/hhome HTTP/1.1" 200 4098
186.79.30.147 - - [24/Mar/2017:13:33:52 -0300] "GET /cormun/servlet/trsolicitudot? HTTP/1.1" 200 6926
186.79.30.147 - - [24/Mar/2017:13:33:55 -0300] "GET /cormun/static/menuarrow.gif HTTP/1.1" 404 1015
200.83.57.219 - - [24/Mar/2017:13:34:02 -0300] "GET /cormun/servlet/trcontratoobservaciondir? HTTP/1.1" 200 7350
200.83.57.219 - - [24/Mar/2017:13:34:02 -0300] "GET /cormun/static/gxcfg.js?201731711533885 HTTP/1.1" 200 953
200.83.57.219 - - [24/Mar/2017:13:34:02 -0300] "GET /cormun/static/calendar-system.css?75620 HTTP/1.1" 200 5572
200.83.57.219 - - [24/Mar/2017:13:34:02 -0300] "GET /cormun/static/gxui/gxui-all.css?110300 HTTP/1.1" 200 2179
200.83.57.219 - - [24/Mar/2017:13:34:02 -0300] "GET /cormun/static/calendar-setup.js?85251 HTTP/1.1" 304 -
200.83.57.219 - - [24/Mar/2017:13:34:02 -0300] "GET /cormun/static/calendar.js?85251 HTTP/1.1" 304 -
200.83.57.219 - - [24/Mar/2017:13:34:02 -0300] "GET /cormun/static/calendar-es.js?85251 HTTP/1.1" 304 -
200.83.57.219 - - [24/Mar/2017:13:34:02 -0300] "GET /cormun/static/gxdec.js?85251 HTTP/1.1" 304 -
200.83.57.219 - - [24/Mar/2017:13:34:02 -0300] "GET /cormun/static/trcontratoobservaciondir.js?201731711534245 HTTP/1.1" 200 27122
200.83.57.219 - - [24/Mar/2017:13:34:02 -0300] "GET /cormun/static/Shared/ext/resources/css/ext-all.css?205870 HTTP/1.1" 200 416045
200.83.57.219 - - [24/Mar/2017:13:34:02 -0300] "GET /cormun//static/Resources/PXToolsActionDisabled.gif HTTP/1.1" 200 53
200.83.57.219 - - [24/Mar/2017:13:34:02 -0300] "GET /cormun/servlet/trcontratoobservaciondir? HTTP/1.1" 200 7349
200.83.57.219 - - [24/Mar/2017:13:34:09 -0300] "GET /cormun/servlet/trcontratosolicitud? HTTP/1.1" 200 13766
200.83.57.219 - - [24/Mar/2017:13:34:10 -0300] "GET /cormun/static/Resources/Spanish/PXTools.css?18365030 HTTP/1.1" 200 89042
200.83.57.219 - - [24/Mar/2017:13:34:10 -0300] "GET /cormun/static/gxcfg.js?20171317451682 HTTP/1.1" 200 953
200.83.57.219 - - [24/Mar/2017:13:34:10 -0300] "GET /cormun/static/trcontratosolicitud.js?20171317452124 HTTP/1.1" 200 28173
200.83.57.219 - - [24/Mar/2017:13:34:10 -0300] "GET /cormun//static/Resources/PXToolsGridNew.png HTTP/1.1" 200 2949
200.83.57.219 - - [24/Mar/2017:13:34:10 -0300] "GET /cormun/servlet/trcontratosolicitud? HTTP/1.1" 200 13752
186.79.30.147 - - [24/Mar/2017:13:34:33 -0300] "POST /cormun/servlet/trsolicitudot?e59dcce40f1c38ddacce30923964dfe9,,gx-no-cache=1490376942173 HTTP/1.1" 200 4184
186.79.30.147 - - [24/Mar/2017:13:34:35 -0300] "POST /cormun/servlet/trsolicitudot?e59dcce40f1c38ddacce30923964dfe9,,gx-no-cache=1490376944641 HTTP/1.1" 200 4184
186.79.30.147 - - [24/Mar/2017:13:34:36 -0300] "GET /cormun/servlet/solicitudot?INS,0,0, HTTP/1.1" 200 12764
186.79.30.147 - - [24/Mar/2017:13:34:38 -0300] "GET /cormun/servlet/solicitudot?INS,0,0, HTTP/1.1" 200 12769
186.79.30.147 - - [24/Mar/2017:13:34:49 -0300] "POST /cormun/servlet/solicitudot?gx-no-cache=1490376958363 HTTP/1.1" 200 3183
186.79.30.147 - - [24/Mar/2017:13:34:50 -0300] "POST /cormun/servlet/solicitudot?e59dcce40f1c38ddacce30923964dfe9,INS,0,0,,gx-no-cache=1490376958925 HTTP/1.1" 200 9960
200.83.57.219 - - [24/Mar/2017:13:34:52 -0300] "GET /cormun/servlet/trcontratounov2? HTTP/1.1" 200 16693
200.83.57.219 - - [24/Mar/2017:13:34:52 -0300] "GET /cormun/static/gxcfg.js?201731711595461 HTTP/1.1" 200 953
200.83.57.219 - - [24/Mar/2017:13:34:52 -0300] "GET /cormun/static/trcontratounov2.js?2017317120150 HTTP/1.1" 200 38423
200.83.57.219 - - [24/Mar/2017:13:34:52 -0300] "GET /cormun/static/Resources/PXToolsAddSelectedAction.png HTTP/1.1" 200 3660
200.83.57.219 - - [24/Mar/2017:13:34:52 -0300] "GET /cormun/servlet/trcontratounov2? HTTP/1.1" 200 16688
186.79.30.147 - - [24/Mar/2017:13:34:55 -0300] "GET /cormun/servlet/solicitudot?69e07359cfbcabdc02d0026ace370a6b52ca4e21393ad6a23e54f43540d4bae9f2936d809f31e0721b019bf3ab6e0d14,gx-no-cache=1490376964599 HTTP/1.1" 200 30
186.79.30.147 - - [24/Mar/2017:13:34:55 -0300] "POST /cormun/servlet/solicitudot?gx-no-cache=1490376964719 HTTP/1.1" 200 255
186.79.30.147 - - [24/Mar/2017:13:34:55 -0300] "GET /cormun/servlet/solicitudot?69e07359cfbcabdc02d0026ace370a6b67a399e8489423001f727dd0b18b077c1346f148334c2439d0df29576b64c6d2eed918ecc5ceb387b80e113ab462595b404db611f24f3ff7dd063b07938899d69d0c0bccf8ead0e45dff26a9ad3c6eb028e5fedcc00f491de60c8c8ec7eb02bde2076609fbcecbcd6617c6beb35467e653217bc643bda897f4ca15882336165bb6f9afc36b38d468fb2337b6411c20a69931f5c763d621d613d75ce0ff4a0c9ec9c3da5513dbf576bacf835ed29c1cc781b1088a6087e9b129346f8ae5aaf4d4921ab66ac2763847eba040894f31e96fce72ad7d27ce155d750742f64421c8ec73b77674307d75fa6de60cfb16749fbb8b8677c7f012a2d477b45d0c58c225e18706eeb4d5c3d087aa38673db60ce8b6546f0ab5702fde3429c775fbb216073cf48fff6f1c7359c43523bae7020507c4d097a09661f8a5d620d7db3403164a777894facbee7d663263125720edaf7a83db4dc35f0b24d9c0e843e9f3812933f898181cbc17c6aa9c1cb517a9bc777d62,gx-no-cache=1490376964807 HTTP/1.1" 200 30
186.79.30.147 - - [24/Mar/2017:13:35:08 -0300] "POST /cormun/servlet/solicitudot?gx-no-cache=1490376977392 HTTP/1.1" 200 30
186.79.30.147 - - [24/Mar/2017:13:35:10 -0300] "POST /cormun/servlet/solicitudot?gx-no-cache=1490376979462 HTTP/1.1" 200 235
186.79.30.147 - - [24/Mar/2017:13:35:10 -0300] "POST /cormun/servlet/solicitudot?gx-no-cache=1490376979769 HTTP/1.1" 200 38
200.83.57.219 - - [24/Mar/2017:13:35:10 -0300] "POST /cormun/servlet/trcontratounov2?ad70af34c4aafc54a31c7d5775f42cb8,,gx-no-cache=1490373382491 HTTP/1.1" 200 105
200.83.57.219 - - [24/Mar/2017:13:35:11 -0300] "GET /cormun/ContratoUnoV3-1624.xls HTTP/1.1" 200 33280
186.79.30.147 - - [24/Mar/2017:13:35:45 -0300] "GET /cormun/servlet/solicitudot?69e07359cfbcabdc02d0026ace370a6bd603acdbd8c77279481f40fa8ed148a40a0c7063a0785f97d6849203638f7d09572e2b85b7f5086cc440edafa321149dfccdeaef019c9b002f8de6bd9f55dca085054c10ed3deb080e70c17bb56530de5499fce215d00d1b49d1a9576925e26c93c8b26d70c89aadd08678e562443435accdb25f45e3253594a802afd0869e5626871105645a04a3eb6ea26b85152a61,gx-no-cache=1490377014496 HTTP/1.1" 200 29
186.79.30.147 - - [24/Mar/2017:13:35:45 -0300] "POST /cormun/servlet/solicitudot?gx-no-cache=1490377015055 HTTP/1.1" 200 643
186.79.30.147 - - [24/Mar/2017:13:35:47 -0300] "POST /cormun/servlet/solicitudot?gx-no-cache=1490377017196 HTTP/1.1" 200 1157
186.79.30.147 - - [24/Mar/2017:13:35:58 -0300] "GET /cormun/static/menuarrow.gif HTTP/1.1" 404 1015
186.79.30.147 - - [24/Mar/2017:13:36:08 -0300] "GET /cormun/servlet/solicitudot?69e07359cfbcabdc02d0026ace370a6b73e14aef0703135aa3c21cb4cefc8ce57561585dc33f8473100e504fbc6e01253ae1faa9441db9b628fb3944170ca43d5b1967fb2a166f6b5149899c939d1ff863643f1692fd000eaf47403b8b3f091218f828e4d75e1906d06e69cfc460b0ed51ce54593291cca4fc1cb4a36511d6a0074bdeab527f7c19d2ace23715b8348236348ffe11c1884c2af14662b14f1daa71df5c6a363532bd7629091a5854fcde,gx-no-cache=1490377037771 HTTP/1.1" 200 30
186.79.30.147 - - [24/Mar/2017:13:36:24 -0300] "POST /cormun/servlet/solicitudot?e59dcce40f1c38ddacce30923964dfe9,INS,0,0,,gx-no-cache=1490377052804 HTTP/1.1" 200 93
186.79.30.147 - - [24/Mar/2017:13:36:24 -0300] "GET /cormun/servlet/hpexe_return? HTTP/1.1" 200 1006
186.79.30.147 - - [24/Mar/2017:13:36:24 -0300] "GET /cormun/servlet/trsolicitudot? HTTP/1.1" 200 6973
40.77.167.35 - - [24/Mar/2017:13:36:24 -0300] "GET /cormun/servlet/trautorizarsolicitud HTTP/1.1" 200 7331
186.79.30.147 - - [24/Mar/2017:13:36:25 -0300] "GET /cormun/servlet/trsolicitudot? HTTP/1.1" 200 6969
207.46.13.240 - - [24/Mar/2017:13:36:54 -0300] "GET /robots.txt HTTP/1.1" 404 981
40.77.167.105 - - [24/Mar/2017:13:36:57 -0300] "GET /cormun/static/Shared/ext/resources/css/ext-all.css?215870 HTTP/1.1" 200 416045
40.77.167.35 - - [24/Mar/2017:13:37:03 -0300] "GET /cormun/static/calendar.js?85251 HTTP/1.1" 200 26246
40.77.167.35 - - [24/Mar/2017:13:37:04 -0300] "GET /cormun/static/hpexe_recentlink.js?201610171694390 HTTP/1.1" 200 2144
40.77.167.103 - - [24/Mar/2017:13:37:06 -0300] "GET /cormun/static/Resources/PXToolsActionExcel.png HTTP/1.1" 200 3187
40.77.167.103 - - [24/Mar/2017:13:37:06 -0300] "GET /cormun/static/Resources/PXToolsGridLastDisabled.gif HTTP/1.1" 200 98
40.77.167.103 - - [24/Mar/2017:13:37:06 -0300] "GET /cormun/static/cmcontrolpreferences.js?201731711335852 HTTP/1.1" 200 1375
40.77.167.103 - - [24/Mar/2017:13:37:07 -0300] "GET /cormun/static/gxdec.js?85251 HTTP/1.1" 200 19579
40.77.167.103 - - [24/Mar/2017:13:37:07 -0300] "GET /cormun/static/gxui/gxui-all.css?120300 HTTP/1.1" 200 2179
186.79.30.147 - - [24/Mar/2017:13:38:10 -0300] "GET /cormun/servlet/hhome HTTP/1.1" 200 3297
186.79.30.147 - - [24/Mar/2017:13:38:12 -0300] "GET /cormun/servlet/hhome HTTP/1.1" 200 3309
186.79.30.147 - - [24/Mar/2017:13:38:12 -0300] "GET /cormun/servlet/hlogin HTTP/1.1" 200 1739
186.79.30.147 - - [24/Mar/2017:13:38:39 -0300] "POST /cormun/servlet/hlogin?174c7b5c9e8b9ea8f68c95e7f2acf309,gx-no-cache=1490377188666 HTTP/1.1" 200 90
186.79.30.147 - - [24/Mar/2017:13:38:39 -0300] "GET /cormun/servlet/hpexe_link HTTP/1.1" 200 957
186.79.30.147 - - [24/Mar/2017:13:38:39 -0300] "GET /cormun/servlet/hhome HTTP/1.1" 200 3958
186.79.30.147 - - [24/Mar/2017:13:38:40 -0300] "GET /cormun/servlet/hhome HTTP/1.1" 200 3955
186.79.30.147 - - [24/Mar/2017:13:38:46 -0300] "GET /cormun/servlet/trsolicitudot? HTTP/1.1" 200 8213
186.79.30.147 - - [24/Mar/2017:13:38:47 -0300] "GET /cormun/servlet/trsolicitudot? HTTP/1.1" 200 8211
186.79.30.147 - - [24/Mar/2017:13:38:56 -0300] "GET /cormun/servlet/solicitudot?INS,0,0, HTTP/1.1" 200 12768
186.79.30.147 - - [24/Mar/2017:13:38:57 -0300] "GET /cormun/servlet/solicitudot?INS,0,0, HTTP/1.1" 200 12773
186.79.30.147 - - [24/Mar/2017:13:39:04 -0300] "GET /cormun/servlet/trsolicitudot? HTTP/1.1" 200 8212
186.79.30.147 - - [24/Mar/2017:13:39:05 -0300] "GET /cormun/servlet/trsolicitudot? HTTP/1.1" 200 8211
186.79.30.147 - - [24/Mar/2017:13:39:07 -0300] "GET /cormun/servlet/vesolicitudot?2017,5712,, HTTP/1.1" 200 8139
186.79.30.147 - - [24/Mar/2017:13:39:07 -0300] "GET /cormun/static/gxcfg.js?201731711515882 HTTP/1.1" 200 953
186.79.30.147 - - [24/Mar/2017:13:39:07 -0300] "GET /cormun/pexe_scrolldiv.js HTTP/1.1" 404 1009
186.79.30.147 - - [24/Mar/2017:13:39:07 -0300] "GET /cormun/static/vesolicitudot.js?201731711515955 HTTP/1.1" 200 6091
186.79.30.147 - - [24/Mar/2017:13:39:07 -0300] "GET /cormun/static/tbsolicitudot01.js?201731711332949 HTTP/1.1" 200 28340
186.79.30.147 - - [24/Mar/2017:13:39:08 -0300] "GET /cormun/servlet/vesolicitudot?2017,5712,, HTTP/1.1" 200 8138
192.168.10.96 - - [24/Mar/2017:13:39:12 -0300] "POST /cormun/servlet/trsolicitudgral?322d9c8c6c902e3fc81a710671fa058a,gx-no-cache=1490376832184 HTTP/1.1" 200 12420
186.79.30.147 - - [24/Mar/2017:13:39:17 -0300] "GET /cormun/servlet/trsolicitudot? HTTP/1.1" 200 8211
186.79.30.147 - - [24/Mar/2017:13:39:18 -0300] "GET /cormun/servlet/trsolicitudot? HTTP/1.1" 200 8211
192.168.10.62 - - [24/Mar/2017:13:39:18 -0300] "GET /cormun/servlet/vesolicitudgral?2017,4756,, HTTP/1.1" 200 8222
192.168.10.62 - - [24/Mar/2017:13:39:18 -0300] "GET /cormun/pexe_scrolldiv.js HTTP/1.1" 404 1009
192.168.10.62 - - [24/Mar/2017:13:39:18 -0300] "GET /cormun/pexe_scrolldiv.js HTTP/1.1" 404 1009
192.168.10.62 - - [24/Mar/2017:13:39:19 -0300] "GET /cormun/servlet/vesolicitudgral?2017,4756,, HTTP/1.1" 200 8182
192.168.10.62 - - [24/Mar/2017:13:39:20 -0300] "POST /cormun/servlet/vesolicitudgral?e5cf7f5fe86af1bb358f3c4f46550ee7,2017,4756,,,gx-no-cache=1490376840227 HTTP/1.1" 200 115
192.168.10.62 - - [24/Mar/2017:13:39:20 -0300] "GET /cormun/servlet/solicitudotlog?INS,2017,4756,0,REC, HTTP/1.1" 200 5585
192.168.10.62 - - [24/Mar/2017:13:39:21 -0300] "GET /cormun/servlet/solicitudotlog?INS,2017,4756,0,REC, HTTP/1.1" 200 5579
192.168.10.62 - - [24/Mar/2017:13:39:21 -0300] "GET /cormun/servlet/solicitudotlog?34ec5368a4fda7cf23c7e6986e7dcd4932fd6d4fbefb51b2072b7c019e42774f814f77719862ed5ff6f5da6eac51437bd32f8b2409dd4b933be751f58e76d8f6e7de03de60752f2c34c2880a681b4e87d2d8472c2ae3b23934118867ddb29267d3a2bf19d0766e5d31c50e0617d73fe65099ccfa6379d165e9c1dae739f64a9b7649b295ea8dbf4a458aee002c95ae2bad130ab97270b11e510388d04f994609,gx-no-cache=1490376841192 HTTP/1.1" 200 94
192.168.10.96 - - [24/Mar/2017:13:39:23 -0300] "POST /cormun/servlet/trsolicitudgral?322d9c8c6c902e3fc81a710671fa058a,gx-no-cache=1490376843079 HTTP/1.1" 200 7328
192.168.10.96 - - [24/Mar/2017:13:39:27 -0300] "POST /cormun/servlet/trsolicitudgral?322d9c8c6c902e3fc81a710671fa058a,gx-no-cache=1490376847480 HTTP/1.1" 200 6816
192.168.10.62 - - [24/Mar/2017:13:39:31 -0300] "POST /cormun/servlet/solicitudotlog?e5cf7f5fe86af1bb358f3c4f46550ee7,INS,2017,4756,0,REC,,gx-no-cache=1490376851304 HTTP/1.1" 200 93
192.168.10.62 - - [24/Mar/2017:13:39:31 -0300] "GET /cormun/servlet/hpexe_return? HTTP/1.1" 200 1024
192.168.10.62 - - [24/Mar/2017:13:39:31 -0300] "GET /cormun/servlet/vesolicitudgral?2017,4756,, HTTP/1.1" 200 8215
192.168.10.62 - - [24/Mar/2017:13:39:31 -0300] "GET /cormun/pexe_scrolldiv.js HTTP/1.1" 404 1009
192.168.10.62 - - [24/Mar/2017:13:39:32 -0300] "GET /cormun/pexe_scrolldiv.js HTTP/1.1" 404 1009
192.168.10.62 - - [24/Mar/2017:13:39:32 -0300] "GET /cormun/servlet/vesolicitudgral?2017,4756,, HTTP/1.1" 200 8211
192.168.10.62 - - [24/Mar/2017:13:39:33 -0300] "POST /cormun/servlet/vesolicitudgral?e5cf7f5fe86af1bb358f3c4f46550ee7,2017,4756,,,gx-no-cache=1490376853524 HTTP/1.1" 200 90
192.168.10.62 - - [24/Mar/2017:13:39:33 -0300] "GET /cormun/servlet/hpexe_link HTTP/1.1" 200 985
192.168.10.62 - - [24/Mar/2017:13:39:34 -0300] "GET /cormun/servlet/trsolicitudgral?gx-no-cache=1490375860407 HTTP/1.1" 200 10362
192.168.10.62 - - [24/Mar/2017:13:39:34 -0300] "GET /cormun/servlet/trsolicitudgral?gx-no-cache=1490375860407 HTTP/1.1" 200 10383
186.79.30.147 - - [24/Mar/2017:13:39:45 -0300] "GET /cormun/static/menuarrow.gif HTTP/1.1" 404 1015
192.168.10.96 - - [24/Mar/2017:13:40:00 -0300] "POST /cormun/servlet/trsolicitudgral?322d9c8c6c902e3fc81a710671fa058a,gx-no-cache=1490376879656 HTTP/1.1" 200 13982
192.168.10.62 - - [24/Mar/2017:13:40:22 -0300] "POST /cormun/servlet/trsolicitudgral?e5cf7f5fe86af1bb358f3c4f46550ee7,gx-no-cache=1490375860407,gx-no-cache=1490376901769 HTTP/1.1" 200 103
192.168.10.62 - - [24/Mar/2017:13:40:22 -0300] "POST /cormun/servlet/trsolicitudgral?e5cf7f5fe86af1bb358f3c4f46550ee7,gx-no-cache=1490375860407,gx-no-cache=1490376901911 HTTP/1.1" 200 7344
192.168.10.62 - - [24/Mar/2017:13:40:22 -0300] "GET /cormun/SolicitudGral-83.xls HTTP/1.1" 200 6656
186.79.30.147 - - [24/Mar/2017:13:40:48 -0300] "POST /cormun/servlet/trsolicitudot?174c7b5c9e8b9ea8f68c95e7f2acf309,,gx-no-cache=1490377317812 HTTP/1.1" 200 4198
192.168.10.96 - - [24/Mar/2017:13:40:49 -0300] "POST /cormun/servlet/trsolicitudgral?322d9c8c6c902e3fc81a710671fa058a,gx-no-cache=1490376927943 HTTP/1.1" 200 22254
186.79.30.147 - - [24/Mar/2017:13:40:51 -0300] "GET /cormun/servlet/solicitudot?INS,0,0, HTTP/1.1" 200 12768
186.79.30.147 - - [24/Mar/2017:13:40:52 -0300] "GET /cormun/servlet/solicitudot?INS,0,0, HTTP/1.1" 200 12773
192.168.10.89 - - [24/Mar/2017:13:40:56 -0300] "POST /cormun/servlet/hlogin?9775e5be945faaca97d6b7e03c813d34,gx-no-cache=1490376936170 HTTP/1.1" 200 453
186.79.30.147 - - [24/Mar/2017:13:41:01 -0300] "POST /cormun/servlet/solicitudot?gx-no-cache=1490377330378 HTTP/1.1" 200 3183
186.79.30.147 - - [24/Mar/2017:13:41:01 -0300] "POST /cormun/servlet/solicitudot?174c7b5c9e8b9ea8f68c95e7f2acf309,INS,0,0,,gx-no-cache=1490377331154 HTTP/1.1" 200 9965
192.168.10.89 - - [24/Mar/2017:13:41:02 -0300] "POST /cormun/servlet/hlogin?9775e5be945faaca97d6b7e03c813d34,gx-no-cache=1490376942020 HTTP/1.1" 200 90
192.168.10.89 - - [24/Mar/2017:13:41:02 -0300] "GET /cormun/servlet/hpexe_link HTTP/1.1" 200 947
192.168.10.89 - - [24/Mar/2017:13:41:04 -0300] "GET /cormun/servlet/hhome HTTP/1.1" 200 4390
186.79.30.147 - - [24/Mar/2017:13:41:05 -0300] "GET /cormun/servlet/solicitudot?fe1bb9e8cc171482bac7834389c9f2cb0ab680da1be3fae0f522866895a9c292acbaa768ef5ce303773c05abff146091,gx-no-cache=1490377334909 HTTP/1.1" 200 30
186.79.30.147 - - [24/Mar/2017:13:41:05 -0300] "POST /cormun/servlet/solicitudot?gx-no-cache=1490377335270 HTTP/1.1" 200 255
186.79.30.147 - - [24/Mar/2017:13:41:05 -0300] "GET /cormun/servlet/solicitudot?fe1bb9e8cc171482bac7834389c9f2cb9c0e4c6f9e1eccc8a6bb7adb12f7834829aec1b758c21fd883934e7e20ededc105007b6f461780b4dcaffe0a4bc1c182c3038c1a81de10d355ebdd92c5e480b30fc7277c9737af941a7846bb21295b3e8d40a996017db985eccc1e03f2e593b62398bb2830855df5e3fb69a1d0578e363c9a57bff5e4cc950bdedb8b52afc2ed6e711bb662aeb4a49421833bbe08800033d7176f1e4d915f315d2173f7f43ed833831eb4c7441f2004bb223d94e55dc88938b48ac7afaf71b30bbf25a7cfc841f41c63035fb37638d26d54f5f3922e1d0d91d3cd2afa68b19115a5462c7ef06bcccf09fbc3fe901007ceedf6df02ad18b564267040f5a01e30a2ba523b53e40ffda38eefca2c11612f5f3b8085e73c53f0e93bf0c8813d9cc4adceb636289a5a0dc279a388d576c58160a2d108eeacd82835c9044f9e3463ccf7185dcac6514925e626de5e36c6ad55d0b445b4626b9ee873c04277e77784a1a221d5df7e27716a7a1bc8568ecfd8c87b14f39aecbe90,gx-no-cache=1490377335527 HTTP/1.1" 200 30
192.168.10.96 - - [24/Mar/2017:13:41:06 -0300] "POST /cormun/servlet/trsolicitudgral?322d9c8c6c902e3fc81a710671fa058a,gx-no-cache=1490376945071 HTTP/1.1" 200 22253
186.79.30.147 - - [24/Mar/2017:13:41:08 -0300] "POST /cormun/servlet/solicitudot?gx-no-cache=1490377338568 HTTP/1.1" 200 30
186.79.30.147 - - [24/Mar/2017:13:41:18 -0300] "GET /cormun/servlet/prcontratosol?10726376,,,,,MD,,gxPopupLevel%3D0%3B HTTP/1.1" 200 5590
186.79.30.147 - - [24/Mar/2017:13:41:18 -0300] "GET /cormun/static/gxcfg.js?201731711522183 HTTP/1.1" 200 953
186.79.30.147 - - [24/Mar/2017:13:41:18 -0300] "GET /cormun/static/prcontratosol.js?201731711522419 HTTP/1.1" 200 14084
186.79.30.147 - - [24/Mar/2017:13:41:18 -0300] "GET /cormun/static/menusearch.js?201610171694467 HTTP/1.1" 304 -
186.79.30.147 - - [24/Mar/2017:13:41:18 -0300] "GET /cormun/static/Resources/PXToolsGridFirst.gif HTTP/1.1" 200 379
186.79.30.147 - - [24/Mar/2017:13:41:18 -0300] "GET /cormun/static/Resources/PXToolsGridPrevious.gif HTTP/1.1" 200 369
186.79.30.147 - - [24/Mar/2017:13:41:18 -0300] "GET /cormun/static/Resources/PXToolsGridNext.gif HTTP/1.1" 200 369
186.79.30.147 - - [24/Mar/2017:13:41:18 -0300] "GET /cormun/static/hmpwkw011.js?201731711483558 HTTP/1.1" 304 -
186.79.30.147 - - [24/Mar/2017:13:41:18 -0300] "GET /cormun/static/Resources/PXToolsGridLast.gif HTTP/1.1" 200 370
186.79.30.147 - - [24/Mar/2017:13:41:22 -0300] "POST /cormun/servlet/solicitudot?gx-no-cache=1490377351992 HTTP/1.1" 200 235
186.79.30.147 - - [24/Mar/2017:13:41:22 -0300] "POST /cormun/servlet/solicitudot?gx-no-cache=1490377352187 HTTP/1.1" 200 38
186.79.30.147 - - [24/Mar/2017:13:41:22 -0300] "GET /cormun/servlet/solicitudot?fe1bb9e8cc171482bac7834389c9f2cb6aa4d89610b414caccb6f07a2f82fd42b7698b5fd6cd4ad59360f0d11a953a93474e7965cd32c678ced243248749933b317f324c7215d0090664ea3fa66e5838faa068ed790d255882023604a22a88cd89787d3efe57829d7b6b96583d5d27e2d3d5aaf7ae8fcc6655136b1529b962226f332ab031a4715138be120b978e135fb98177f5df931871be2345adf81cd470,gx-no-cache=1490377352453 HTTP/1.1" 200 29
186.79.30.147 - - [24/Mar/2017:13:41:22 -0300] "POST /cormun/servlet/solicitudot?gx-no-cache=1490377352661 HTTP/1.1" 200 643
186.79.30.147 - - [24/Mar/2017:13:41:23 -0300] "POST /cormun/servlet/solicitudot?gx-no-cache=1490377352861 HTTP/1.1" 200 518
192.168.10.62 - - [24/Mar/2017:13:41:29 -0300] "POST /cormun/servlet/trsolicitudgral?e5cf7f5fe86af1bb358f3c4f46550ee7,gx-no-cache=1490375860407,gx-no-cache=1490376969474 HTTP/1.1" 200 5173
192.168.10.62 - - [24/Mar/2017:13:41:30 -0300] "GET /cormun/static/Shared/jqueryui/images/ui-bg_highlight-soft_100_c6c2c8_1x100.png HTTP/1.1" 404 1117
192.168.10.62 - - [24/Mar/2017:13:41:30 -0300] "GET /cormun/static/Shared/jqueryui/images/ui-icons_82798d_256x240.png HTTP/1.1" 404 1089
192.168.10.62 - - [24/Mar/2017:13:41:30 -0300] "GET /cormun/static/Shared/jqueryui/images/ui-icons_8d78a5_256x240.png HTTP/1.1" 404 1089
192.168.10.62 - - [24/Mar/2017:13:41:30 -0300] "GET /cormun/static/Shared/jqueryui/images/ui-bg_flat_55_fafafa_40x100.png HTTP/1.1" 404 1097
192.168.10.62 - - [24/Mar/2017:13:41:34 -0300] "POST /cormun/servlet/trsolicitudgral?e5cf7f5fe86af1bb358f3c4f46550ee7,gx-no-cache=1490375860407,gx-no-cache=1490376973975 HTTP/1.1" 200 4966
186.79.30.147 - - [24/Mar/2017:13:41:43 -0300] "POST /cormun/servlet/solicitudot?gx-no-cache=1490377373129 HTTP/1.1" 200 656
186.79.30.147 - - [24/Mar/2017:13:41:43 -0300] "POST /cormun/servlet/solicitudot?gx-no-cache=1490377373690 HTTP/1.1" 200 38
186.79.30.147 - - [24/Mar/2017:13:41:56 -0300] "POST /cormun/servlet/solicitudot?gx-no-cache=1490377385797 HTTP/1.1" 200 643
186.79.30.147 - - [24/Mar/2017:13:41:57 -0300] "POST /cormun/servlet/solicitudot?gx-no-cache=1490377387208 HTTP/1.1" 200 1157
192.168.10.96 - - [24/Mar/2017:13:42:32 -0300] "POST /cormun/servlet/trsolicitudgral?322d9c8c6c902e3fc81a710671fa058a,gx-no-cache=1490377032145 HTTP/1.1" 200 8188
192.168.10.96 - - [24/Mar/2017:13:42:43 -0300] "POST /cormun/servlet/trsolicitudgral?322d9c8c6c902e3fc81a710671fa058a,gx-no-cache=1490377042829 HTTP/1.1" 200 8365
192.168.10.96 - - [24/Mar/2017:13:42:49 -0300] "POST /cormun/servlet/trsolicitudgral?322d9c8c6c902e3fc81a710671fa058a,gx-no-cache=1490377049140 HTTP/1.1" 200 6455
192.168.10.96 - - [24/Mar/2017:13:42:57 -0300] "POST /cormun/servlet/trsolicitudgral?322d9c8c6c902e3fc81a710671fa058a,gx-no-cache=1490377056258 HTTP/1.1" 200 21297
186.79.30.147 - - [24/Mar/2017:13:43:08 -0300] "GET /cormun/static/menuarrow.gif HTTP/1.1" 404 1015
192.168.10.96 - - [24/Mar/2017:13:43:14 -0300] "POST /cormun/servlet/trsolicitudgral?322d9c8c6c902e3fc81a710671fa058a,gx-no-cache=1490377074091 HTTP/1.1" 200 5133
192.168.10.96 - - [24/Mar/2017:13:43:18 -0300] "POST /cormun/servlet/trsolicitudgral?322d9c8c6c902e3fc81a710671fa058a,gx-no-cache=1490377077699 HTTP/1.1" 200 8187
192.168.10.96 - - [24/Mar/2017:13:43:24 -0300] "POST /cormun/servlet/trsolicitudgral?322d9c8c6c902e3fc81a710671fa058a,gx-no-cache=1490377083971 HTTP/1.1" 200 6456
192.168.10.96 - - [24/Mar/2017:13:43:28 -0300] "POST /cormun/servlet/trsolicitudgral?322d9c8c6c902e3fc81a710671fa058a,gx-no-cache=1490377087804 HTTP/1.1" 200 8365
186.79.30.147 - - [24/Mar/2017:13:43:28 -0300] "GET /cormun/servlet/solicitudot?fe1bb9e8cc171482bac7834389c9f2cb85e03986b79b860d7bf2453ac26e9f430b3bcad76d2014980430a69a741d2b8d27a27365a4d964529ef4208f2785ececd189f0c1a2c4600c5dd955979a4c7bd993e8d9d5f85fd91ca9c55f55c8c403c4143d60edf46612b2aa68f2a750b38dd3c5531131212db989c4ef8163b4fa406ba53eeb7c9219a702248fdd912ba2fd6afe5e214e3aacb4e687cc4ed3a27a3ff0892951818b56d8839c7b921938479c66,gx-no-cache=1490377478722 HTTP/1.1" 200 30
186.79.30.147 - - [24/Mar/2017:13:43:50 -0300] "POST /cormun/servlet/solicitudot?gx-no-cache=1490377500035 HTTP/1.1" 200 1287
186.79.30.147 - - [24/Mar/2017:13:43:50 -0300] "POST /cormun/servlet/solicitudot?gx-no-cache=1490377500574 HTTP/1.1" 200 41
186.79.30.147 - - [24/Mar/2017:13:43:51 -0300] "POST /cormun/servlet/solicitudot?gx-no-cache=1490377500847 HTTP/1.1" 200 1274
186.79.30.147 - - [24/Mar/2017:13:43:51 -0300] "POST /cormun/servlet/solicitudot?gx-no-cache=1490377501129 HTTP/1.1" 200 1157
186.79.30.147 - - [24/Mar/2017:13:43:51 -0300] "GET /cormun/servlet/solicitudot?fe1bb9e8cc171482bac7834389c9f2cb85e03986b79b860d7bf2453ac26e9f43322a5dafc0faa36657a61e5405e3710327a27365a4d964529ef4208f2785ececd189f0c1a2c4600c5dd955979a4c7bd993e8d9d5f85fd91ca9c55f55c8c403c4143d60edf46612b2aa68f2a750b38dd3c5531131212db989c4ef8163b4fa406ba53eeb7c9219a702248fdd912ba2fd6afe5e214e3aacb4e687cc4ed3a27a3ff0892951818b56d8839c7b921938479c66,gx-no-cache=1490377501522 HTTP/1.1" 200 30
186.79.30.147 - - [24/Mar/2017:13:43:52 -0300] "POST /cormun/servlet/solicitudot?174c7b5c9e8b9ea8f68c95e7f2acf309,INS,0,0,,gx-no-cache=1490377501866 HTTP/1.1" 200 11308
186.79.30.147 - - [24/Mar/2017:13:43:52 -0300] "GET /cormun/static/Shared/jqueryui/images/ui-bg_highlight-soft_100_c6c2c8_1x100.png HTTP/1.1" 404 1117
186.79.30.147 - - [24/Mar/2017:13:43:52 -0300] "GET /cormun/static/Shared/jqueryui/images/ui-icons_82798d_256x240.png HTTP/1.1" 404 1089
186.79.30.147 - - [24/Mar/2017:13:43:52 -0300] "GET /cormun/static/Shared/jqueryui/images/ui-bg_flat_55_994d53_40x100.png HTTP/1.1" 404 1097
186.79.30.147 - - [24/Mar/2017:13:43:52 -0300] "GET /cormun/static/Shared/jqueryui/images/ui-icons_ebccce_256x240.png HTTP/1.1" 404 1089
186.79.30.147 - - [24/Mar/2017:13:44:24 -0300] "GET /cormun/servlet/trsolicitudot? HTTP/1.1" 200 6985
186.79.30.147 - - [24/Mar/2017:13:44:25 -0300] "GET /cormun/servlet/trsolicitudot? HTTP/1.1" 200 6974
186.79.30.147 - - [24/Mar/2017:13:44:31 -0300] "GET /cormun/static/menuarrow.gif HTTP/1.1" 404 1015
186.79.30.147 - - [24/Mar/2017:13:44:44 -0300] "GET /cormun/servlet/solicitudot?INS,0,0, HTTP/1.1" 200 12768
186.79.30.147 - - [24/Mar/2017:13:44:45 -0300] "GET /cormun/servlet/solicitudot?INS,0,0, HTTP/1.1" 200 12773
186.79.30.147 - - [24/Mar/2017:13:44:53 -0300] "GET /cormun/servlet/trsolicitudot? HTTP/1.1" 200 6975
186.79.30.147 - - [24/Mar/2017:13:44:54 -0300] "GET /cormun/servlet/trsolicitudot? HTTP/1.1" 200 6974
186.79.30.147 - - [24/Mar/2017:13:45:00 -0300] "GET /cormun/servlet/solicitudot?INS,0,0, HTTP/1.1" 200 12768
186.79.30.147 - - [24/Mar/2017:13:45:01 -0300] "GET /cormun/servlet/solicitudot?INS,0,0, HTTP/1.1" 200 12773
192.168.10.96 - - [24/Mar/2017:13:45:06 -0300] "POST /cormun/servlet/trsolicitudgral?322d9c8c6c902e3fc81a710671fa058a,gx-no-cache=1490377186207 HTTP/1.1" 200 7341
186.79.30.147 - - [24/Mar/2017:13:45:12 -0300] "POST /cormun/servlet/solicitudot?gx-no-cache=1490377581609 HTTP/1.1" 200 3183
186.79.30.147 - - [24/Mar/2017:13:45:13 -0300] "POST /cormun/servlet/solicitudot?174c7b5c9e8b9ea8f68c95e7f2acf309,INS,0,0,,gx-no-cache=1490377582297 HTTP/1.1" 200 9965
186.79.30.147 - - [24/Mar/2017:13:45:15 -0300] "GET /cormun/servlet/solicitudot?fe1bb9e8cc171482bac7834389c9f2cb0ab680da1be3fae0f522866895a9c292acbaa768ef5ce303773c05abff146091,gx-no-cache=1490377585294 HTTP/1.1" 200 30
186.79.30.147 - - [24/Mar/2017:13:45:15 -0300] "POST /cormun/servlet/solicitudot?gx-no-cache=1490377585427 HTTP/1.1" 200 255
186.79.30.147 - - [24/Mar/2017:13:45:15 -0300] "GET /cormun/servlet/solicitudot?fe1bb9e8cc171482bac7834389c9f2cb9c0e4c6f9e1eccc8a6bb7adb12f7834829aec1b758c21fd883934e7e20ededc105007b6f461780b4dcaffe0a4bc1c182c3038c1a81de10d355ebdd92c5e480b30fc7277c9737af941a7846bb21295b3e8d40a996017db985eccc1e03f2e593b62398bb2830855df5e3fb69a1d0578e363c9a57bff5e4cc950bdedb8b52afc2ed6e711bb662aeb4a49421833bbe08800033d7176f1e4d915f315d2173f7f43ed833831eb4c7441f2004bb223d94e55dc88938b48ac7afaf71b30bbf25a7cfc841f41c63035fb37638d26d54f5f3922e1d0d91d3cd2afa68b19115a5462c7ef06bcccf09fbc3fe901007ceedf6df02ad18b564267040f5a01e30a2ba523b53e40ffda38eefca2c11612f5f3b8085e73c53f0e93bf0c8813d9cc4adceb636289a5a0dc279a388d576c58160a2d108eeacd82835c9044f9e3463ccf7185dcac6514925e626de5e36c6ad55d0b445b4626b9ee873c04277e77784a1a221d5df7e27716a7a1bc8568ecfd8c87b14f39aecbe90,gx-no-cache=1490377585641 HTTP/1.1" 200 30
186.79.30.147 - - [24/Mar/2017:13:45:17 -0300] "POST /cormun/servlet/solicitudot?gx-no-cache=1490377587742 HTTP/1.1" 200 30
192.168.10.96 - - [24/Mar/2017:13:45:22 -0300] "POST /cormun/servlet/trsolicitudgral?322d9c8c6c902e3fc81a710671fa058a,gx-no-cache=1490377202498 HTTP/1.1" 200 6840
192.168.10.96 - - [24/Mar/2017:13:45:28 -0300] "POST /cormun/servlet/trsolicitudgral?322d9c8c6c902e3fc81a710671fa058a,gx-no-cache=1490377208513 HTTP/1.1" 200 6450
186.79.30.147 - - [24/Mar/2017:13:45:32 -0300] "POST /cormun/servlet/solicitudot?gx-no-cache=1490377601890 HTTP/1.1" 200 235
186.79.30.147 - - [24/Mar/2017:13:45:32 -0300] "POST /cormun/servlet/solicitudot?gx-no-cache=1490377602053 HTTP/1.1" 200 38
192.168.10.96 - - [24/Mar/2017:13:45:33 -0300] "POST /cormun/servlet/trsolicitudgral?322d9c8c6c902e3fc81a710671fa058a,gx-no-cache=1490377212628 HTTP/1.1" 200 6464
192.168.10.96 - - [24/Mar/2017:13:45:51 -0300] "POST /cormun/servlet/trsolicitudgral?322d9c8c6c902e3fc81a710671fa058a,gx-no-cache=1490377231258 HTTP/1.1" 200 6450
192.168.10.96 - - [24/Mar/2017:13:45:55 -0300] "POST /cormun/servlet/trsolicitudgral?322d9c8c6c902e3fc81a710671fa058a,gx-no-cache=1490377235157 HTTP/1.1" 200 6464
186.79.30.147 - - [24/Mar/2017:13:45:58 -0300] "GET /cormun/servlet/solicitudot?fe1bb9e8cc171482bac7834389c9f2cb6aa4d89610b414caccb6f07a2f82fd42b7698b5fd6cd4ad59360f0d11a953a93474e7965cd32c678ced243248749933b317f324c7215d0090664ea3fa66e5838faa068ed790d255882023604a22a88cd89787d3efe57829d7b6b96583d5d27e2d3d5aaf7ae8fcc6655136b1529b962226f332ab031a4715138be120b978e135fb98177f5df931871be2345adf81cd470,gx-no-cache=1490377627818 HTTP/1.1" 200 29
186.79.30.147 - - [24/Mar/2017:13:45:58 -0300] "POST /cormun/servlet/solicitudot?gx-no-cache=1490377628134 HTTP/1.1" 200 643
192.168.10.96 - - [24/Mar/2017:13:45:59 -0300] "POST /cormun/servlet/trsolicitudgral?322d9c8c6c902e3fc81a710671fa058a,gx-no-cache=1490377238538 HTTP/1.1" 200 6841
186.79.30.147 - - [24/Mar/2017:13:46:01 -0300] "POST /cormun/servlet/solicitudot?gx-no-cache=1490377631677 HTTP/1.1" 200 1157
192.168.10.96 - - [24/Mar/2017:13:46:02 -0300] "POST /cormun/servlet/trsolicitudgral?322d9c8c6c902e3fc81a710671fa058a,gx-no-cache=1490377241894 HTTP/1.1" 200 21061
186.79.30.147 - - [24/Mar/2017:13:46:17 -0300] "GET /cormun/static/menuarrow.gif HTTP/1.1" 404 1015
192.168.10.96 - - [24/Mar/2017:13:46:17 -0300] "POST /cormun/servlet/trsolicitudgral?322d9c8c6c902e3fc81a710671fa058a,gx-no-cache=1490377257396 HTTP/1.1" 200 6450
192.168.10.96 - - [24/Mar/2017:13:46:25 -0300] "POST /cormun/servlet/trsolicitudgral?322d9c8c6c902e3fc81a710671fa058a,gx-no-cache=1490377264606 HTTP/1.1" 200 6464
192.168.10.96 - - [24/Mar/2017:13:46:29 -0300] "POST /cormun/servlet/trsolicitudgral?322d9c8c6c902e3fc81a710671fa058a,gx-no-cache=1490377269374 HTTP/1.1" 200 6841
186.79.30.147 - - [24/Mar/2017:13:46:31 -0300] "GET /cormun/servlet/solicitudot?fe1bb9e8cc171482bac7834389c9f2cb85e03986b79b860d7bf2453ac26e9f43322a5dafc0faa36657a61e5405e3710327a27365a4d964529ef4208f2785ececd189f0c1a2c4600c5dd955979a4c7bd993e8d9d5f85fd91ca9c55f55c8c403c4143d60edf46612b2aa68f2a750b38dd3c5531131212db989c4ef8163b4fa406ba53eeb7c9219a702248fdd912ba2fd6afe5e214e3aacb4e687cc4ed3a27a3ff0892951818b56d8839c7b921938479c66,gx-no-cache=1490377660850 HTTP/1.1" 200 30
192.168.10.96 - - [24/Mar/2017:13:46:43 -0300] "POST /cormun/servlet/trsolicitudgral?322d9c8c6c902e3fc81a710671fa058a,gx-no-cache=1490377283321 HTTP/1.1" 200 5151
186.79.30.147 - - [24/Mar/2017:13:46:45 -0300] "POST /cormun/servlet/solicitudot?174c7b5c9e8b9ea8f68c95e7f2acf309,INS,0,0,,gx-no-cache=1490377674654 HTTP/1.1" 200 11307
186.79.30.147 - - [24/Mar/2017:13:46:45 -0300] "GET /cormun/static/Shared/jqueryui/images/ui-bg_highlight-soft_100_c6c2c8_1x100.png HTTP/1.1" 404 1117
186.79.30.147 - - [24/Mar/2017:13:46:45 -0300] "GET /cormun/static/Shared/jqueryui/images/ui-icons_82798d_256x240.png HTTP/1.1" 404 1089
186.79.30.147 - - [24/Mar/2017:13:46:45 -0300] "GET /cormun/static/Shared/jqueryui/images/ui-bg_flat_55_994d53_40x100.png HTTP/1.1" 404 1097
186.79.30.147 - - [24/Mar/2017:13:46:45 -0300] "GET /cormun/static/Shared/jqueryui/images/ui-icons_ebccce_256x240.png HTTP/1.1" 404 1089
192.168.10.96 - - [24/Mar/2017:13:46:51 -0300] "POST /cormun/servlet/trsolicitudgral?322d9c8c6c902e3fc81a710671fa058a,gx-no-cache=1490377290584 HTTP/1.1" 200 5152
186.79.30.147 - - [24/Mar/2017:13:47:15 -0300] "GET /cormun/servlet/solicitudot?fe1bb9e8cc171482bac7834389c9f2cb85e03986b79b860d7bf2453ac26e9f43322a5dafc0faa36657a61e5405e3710327a27365a4d964529ef4208f2785ececd189f0c1a2c4600c5dd955979a4c7bd993e8d9d5f85fd91ca9c55f55c8c403c4143d60edf46612b2aa68f2a750b38dd3c5531131212db989c4ef8163b4fa406ba53eeb7c9219a702248fdd912ba2fd6afe5e214e3aacb4e687cc4ed3a27a3ff0892951818b56d8839c7b921938479c66,gx-no-cache=1490377705720 HTTP/1.1" 200 30
186.79.30.147 - - [24/Mar/2017:13:47:16 -0300] "POST /cormun/servlet/solicitudot?174c7b5c9e8b9ea8f68c95e7f2acf309,INS,0,0,,gx-no-cache=1490377705881 HTTP/1.1" 200 11356
192.168.10.96 - - [24/Mar/2017:13:47:21 -0300] "POST /cormun/servlet/trsolicitudgral?322d9c8c6c902e3fc81a710671fa058a,gx-no-cache=1490377320966 HTTP/1.1" 200 5152
192.168.10.96 - - [24/Mar/2017:13:47:22 -0300] "POST /cormun/servlet/trsolicitudgral?322d9c8c6c902e3fc81a710671fa058a,gx-no-cache=1490377321939 HTTP/1.1" 200 5153
186.79.30.147 - - [24/Mar/2017:13:47:25 -0300] "GET /cormun/servlet/trsolicitudot? HTTP/1.1" 200 6975
186.79.30.147 - - [24/Mar/2017:13:47:26 -0300] "GET /cormun/servlet/trsolicitudot? HTTP/1.1" 200 6974
192.168.10.96 - - [24/Mar/2017:13:47:28 -0300] "POST /cormun/servlet/trsolicitudgral?322d9c8c6c902e3fc81a710671fa058a,gx-no-cache=1490377327786 HTTP/1.1" 200 6450
192.168.10.96 - - [24/Mar/2017:13:47:32 -0300] "POST /cormun/servlet/trsolicitudgral?322d9c8c6c902e3fc81a710671fa058a,gx-no-cache=1490377331520 HTTP/1.1" 200 6464
192.168.10.96 - - [24/Mar/2017:13:47:34 -0300] "POST /cormun/servlet/trsolicitudgral?322d9c8c6c902e3fc81a710671fa058a,gx-no-cache=1490377334102 HTTP/1.1" 200 6840
186.79.30.147 - - [24/Mar/2017:13:47:38 -0300] "GET /cormun/servlet/solicitudot?INS,0,0, HTTP/1.1" 200 12768
192.168.10.96 - - [24/Mar/2017:13:47:39 -0300] "POST /cormun/servlet/trsolicitudgral?322d9c8c6c902e3fc81a710671fa058a,gx-no-cache=1490377338654 HTTP/1.1" 200 21061
186.79.30.147 - - [24/Mar/2017:13:47:39 -0300] "GET /cormun/servlet/solicitudot?INS,0,0, HTTP/1.1" 200 12773
192.168.10.96 - - [24/Mar/2017:13:47:53 -0300] "POST /cormun/servlet/trsolicitudgral?322d9c8c6c902e3fc81a710671fa058a,gx-no-cache=1490377353053 HTTP/1.1" 200 5135
192.168.10.96 - - [24/Mar/2017:13:47:56 -0300] "POST /cormun/servlet/trsolicitudgral?322d9c8c6c902e3fc81a710671fa058a,gx-no-cache=1490377355869 HTTP/1.1" 200 8156
186.79.30.147 - - [24/Mar/2017:13:47:59 -0300] "POST /cormun/servlet/solicitudot?gx-no-cache=1490377749316 HTTP/1.1" 200 3183
186.79.30.147 - - [24/Mar/2017:13:48:00 -0300] "POST /cormun/servlet/solicitudot?174c7b5c9e8b9ea8f68c95e7f2acf309,INS,0,0,,gx-no-cache=1490377749811 HTTP/1.1" 200 9965
186.79.30.147 - - [24/Mar/2017:13:48:08 -0300] "GET /cormun/servlet/solicitudot?fe1bb9e8cc171482bac7834389c9f2cb0ab680da1be3fae0f522866895a9c292acbaa768ef5ce303773c05abff146091,gx-no-cache=1490377758210 HTTP/1.1" 200 30
186.79.30.147 - - [24/Mar/2017:13:48:08 -0300] "POST /cormun/servlet/solicitudot?gx-no-cache=1490377758337 HTTP/1.1" 200 255
186.79.30.147 - - [24/Mar/2017:13:48:08 -0300] "GET /cormun/servlet/solicitudot?fe1bb9e8cc171482bac7834389c9f2cb9c0e4c6f9e1eccc8a6bb7adb12f7834829aec1b758c21fd883934e7e20ededc105007b6f461780b4dcaffe0a4bc1c182c3038c1a81de10d355ebdd92c5e480b30fc7277c9737af941a7846bb21295b3e8d40a996017db985eccc1e03f2e593b62398bb2830855df5e3fb69a1d0578e363c9a57bff5e4cc950bdedb8b52afc2ed6e711bb662aeb4a49421833bbe08800033d7176f1e4d915f315d2173f7f43ed833831eb4c7441f2004bb223d94e55dc88938b48ac7afaf71b30bbf25a7cfc841f41c63035fb37638d26d54f5f3922e1d0d91d3cd2afa68b19115a5462c7ef06bcccf09fbc3fe901007ceedf6df02ad18b564267040f5a01e30a2ba523b53e40ffda38eefca2c11612f5f3b8085e73c53f0e93bf0c8813d9cc4adceb636289a5a0dc279a388d576c58160a2d108eeacd82835c9044f9e3463ccf7185dcac6514925e626de5e36c6ad55d0b445b4626b9ee873c04277e77784a1a221d5df7e27716a7a1bc8568ecfd8c87b14f39aecbe90,gx-no-cache=1490377758465 HTTP/1.1" 200 30
186.79.30.147 - - [24/Mar/2017:13:48:10 -0300] "POST /cormun/servlet/solicitudot?gx-no-cache=1490377760769 HTTP/1.1" 200 30
186.79.30.147 - - [24/Mar/2017:13:48:29 -0300] "POST /cormun/servlet/solicitudot?gx-no-cache=1490377778906 HTTP/1.1" 200 235
186.79.30.147 - - [24/Mar/2017:13:48:29 -0300] "POST /cormun/servlet/solicitudot?gx-no-cache=1490377779030 HTTP/1.1" 200 38
192.168.10.62 - - [24/Mar/2017:13:48:33 -0300] "POST /cormun/servlet/trsolicitudgral?e5cf7f5fe86af1bb358f3c4f46550ee7,gx-no-cache=1490375860407,gx-no-cache=1490377392895 HTTP/1.1" 200 22131
186.67.172.234 - - [24/Mar/2017:13:48:36 -0300] "GET /cormun/servlet/hlogin HTTP/1.1" 200 1719
186.67.172.234 - - [24/Mar/2017:13:48:36 -0300] "GET /cormun/static/Resources/Spanish/PXTools.css?11294912 HTTP/1.1" 304 -
186.67.172.234 - - [24/Mar/2017:13:48:36 -0300] "GET /cormun/static/gxcfg.js?201731711485472 HTTP/1.1" 304 -
186.67.172.234 - - [24/Mar/2017:13:48:36 -0300] "GET /cormun/static/messages.spa.js?85251 HTTP/1.1" 304 -
186.67.172.234 - - [24/Mar/2017:13:48:36 -0300] "GET /cormun/static/hlogin.js?201731711485490 HTTP/1.1" 304 -
186.67.172.234 - - [24/Mar/2017:13:48:36 -0300] "GET /cormun/servlet/hlogin HTTP/1.1" 200 1729
192.168.10.62 - - [24/Mar/2017:13:48:42 -0300] "POST /cormun/servlet/trsolicitudgral?e5cf7f5fe86af1bb358f3c4f46550ee7,gx-no-cache=1490375860407,gx-no-cache=1490377401159 HTTP/1.1" 200 22281
186.67.172.234 - - [24/Mar/2017:13:48:45 -0300] "POST /cormun/servlet/hlogin?bf591cbe357cff3f2adae8cfefac139c,gx-no-cache=1490374193629 HTTP/1.1" 200 442
186.67.172.234 - - [24/Mar/2017:13:48:53 -0300] "POST /cormun/servlet/hlogin?bf591cbe357cff3f2adae8cfefac139c,gx-no-cache=1490374201675 HTTP/1.1" 200 90
186.67.172.234 - - [24/Mar/2017:13:48:53 -0300] "GET /cormun/servlet/hpexe_link HTTP/1.1" 200 948
186.67.172.234 - - [24/Mar/2017:13:48:53 -0300] "GET /cormun/static/gxcfg.js?201731711483381 HTTP/1.1" 304 -
186.67.172.234 - - [24/Mar/2017:13:48:53 -0300] "GET /cormun/static/hpexe_link.js?201731711483384 HTTP/1.1" 304 -
186.67.172.234 - - [24/Mar/2017:13:48:53 -0300] "GET /cormun/servlet/hhome HTTP/1.1" 200 4040
186.67.172.234 - - [24/Mar/2017:13:48:53 -0300] "GET /cormun/static/gxcfg.js?201731711483497 HTTP/1.1" 304 -
186.67.172.234 - - [24/Mar/2017:13:48:54 -0300] "GET /cormun/static/hhome.js?20173171148352 HTTP/1.1" 304 -
186.67.172.234 - - [24/Mar/2017:13:48:54 -0300] "GET /cormun/static/hpexe_scripts.js?201731711335890 HTTP/1.1" 304 -
186.67.172.234 - - [24/Mar/2017:13:48:54 -0300] "GET /cormun/static/hwchdr01.js?201731711335950 HTTP/1.1" 304 -
186.67.172.234 - - [24/Mar/2017:13:48:54 -0300] "GET /cormun/static/hpexe_recentlink.js?201610171694390 HTTP/1.1" 304 -
186.67.172.234 - - [24/Mar/2017:13:48:54 -0300] "GET /cormun/static/hpexe_messagecontroller.js?201610171694323 HTTP/1.1" 304 -
186.67.172.234 - - [24/Mar/2017:13:48:54 -0300] "GET /cormun/static/hpexe_messagegenexuscomponent.js?201731711335537 HTTP/1.1" 304 -
186.67.172.234 - - [24/Mar/2017:13:48:54 -0300] "GET /cormun/static/hpexe_messagepopupcomponent.js?20161017169425 HTTP/1.1" 304 -
186.67.172.234 - - [24/Mar/2017:13:48:54 -0300] "GET /cormun/static/cmcontrolpreferences.js?201731711335852 HTTP/1.1" 304 -
186.67.172.234 - - [24/Mar/2017:13:48:54 -0300] "GET /cormun/static/hmpwkw03.js?201731711485354 HTTP/1.1" 304 -
186.67.172.234 - - [24/Mar/2017:13:48:54 -0300] "GET /cormun/servlet/hhome HTTP/1.1" 200 4037
186.67.172.234 - - [24/Mar/2017:13:49:05 -0300] "GET /cormun/servlet/trautorizarsolicitud? HTTP/1.1" 200 8212
186.67.172.234 - - [24/Mar/2017:13:49:05 -0300] "GET /cormun/static/gxcfg.js?2017259112829 HTTP/1.1" 304 -
186.67.172.234 - - [24/Mar/2017:13:49:05 -0300] "GET /cormun/static/Resources/Spanish/PXTools.css?18365030 HTTP/1.1" 304 -
186.67.172.234 - - [24/Mar/2017:13:49:05 -0300] "GET /cormun/static/trautorizarsolicitud.js?2017259113483 HTTP/1.1" 304 -
186.67.172.234 - - [24/Mar/2017:13:49:06 -0300] "GET /cormun/servlet/trautorizarsolicitud? HTTP/1.1" 200 8192
186.67.172.234 - - [24/Mar/2017:13:49:21 -0300] "GET /cormun/servlet/trvisualizadoreventos? HTTP/1.1" 200 6785
186.67.172.234 - - [24/Mar/2017:13:49:21 -0300] "GET /cormun/static/gxcfg.js?201731711523419 HTTP/1.1" 200 953
186.67.172.234 - - [24/Mar/2017:13:49:21 -0300] "GET /cormun/static/trvisualizadoreventos.js?20173171152387 HTTP/1.1" 304 -
186.67.172.234 - - [24/Mar/2017:13:49:21 -0300] "GET /cormun/static/Resources/PXToolsActionPrint.png HTTP/1.1" 200 3317
186.67.172.234 - - [24/Mar/2017:13:49:22 -0300] "GET /cormun/servlet/trvisualizadoreventos? HTTP/1.1" 200 6784
186.67.172.234 - - [24/Mar/2017:13:49:27 -0300] "GET /cormun/servlet/trcontratoobservaciondir? HTTP/1.1" 200 6817
186.67.172.234 - - [24/Mar/2017:13:49:27 -0300] "GET /cormun/static/gxcfg.js?201731711533885 HTTP/1.1" 200 953
186.67.172.234 - - [24/Mar/2017:13:49:27 -0300] "GET /cormun/static/trcontratoobservaciondir.js?201731711534245 HTTP/1.1" 200 27122
186.67.172.234 - - [24/Mar/2017:13:49:27 -0300] "GET /cormun/servlet/trcontratoobservaciondir? HTTP/1.1" 200 6816
186.67.172.234 - - [24/Mar/2017:13:49:33 -0300] "GET /cormun/servlet/trlicencias? HTTP/1.1" 200 8417
186.67.172.234 - - [24/Mar/2017:13:49:33 -0300] "GET /cormun/static/gxcfg.js?2016122619301429 HTTP/1.1" 200 953
186.67.172.234 - - [24/Mar/2017:13:49:33 -0300] "GET /cormun/static/trlicencias.js?2016122619301919 HTTP/1.1" 200 37913
186.67.172.234 - - [24/Mar/2017:13:49:50 -0300] "GET /cormun/servlet/trlicencias? HTTP/1.1" 200 8416
186.67.172.234 - - [24/Mar/2017:13:49:50 -0300] "GET /cormun//static/Resources/PXToolsGridDisplay.png HTTP/1.1" 200 362
186.67.172.234 - - [24/Mar/2017:13:49:50 -0300] "GET /cormun//static/Resources/PXToolsActionPrint.png HTTP/1.1" 200 3317
186.67.172.234 - - [24/Mar/2017:13:49:50 -0300] "GET /cormun//static/Resources/PXToolsHeaderHelp.png HTTP/1.1" 200 4055
186.67.172.234 - - [24/Mar/2017:13:49:51 -0300] "GET /cormun//static/Resources/PXToolsHeaderFavorites.png HTTP/1.1" 200 2744
186.67.172.234 - - [24/Mar/2017:13:49:54 -0300] "GET /cormun/servlet/licenciaspermisos?INS,0,,, HTTP/1.1" 200 7427
186.67.172.234 - - [24/Mar/2017:13:49:54 -0300] "GET /cormun/static/gxcfg.js?201731711384427 HTTP/1.1" 200 953
186.67.172.234 - - [24/Mar/2017:13:49:55 -0300] "GET /cormun/static/licenciaspermisos.js?201731711384498 HTTP/1.1" 200 33773
186.67.172.234 - - [24/Mar/2017:13:49:56 -0300] "GET /cormun/servlet/licenciaspermisos?INS,0,,, HTTP/1.1" 200 7425
