200.83.57.219 - - [24/Mar/2017:15:02:13 -0300] "GET /cormun/servlet/solicitudot?075f0c42c66555d44e40dbb989f69e01f3d730794c019845facd80e4c7731e0f0a0e2ea1df6a340772d8ef5ada0f98b1284424a31342d15ec5f1743630def7f29e808961e2eabb13230f456672e266921abadc016d30a2a44381b87c40a156b0f9ed7d43a088051206a09c149df3ea88681cae09c313399c41cc326e951b6d090725e6b90b8eb1df7137d478d71c5911f3fe13e40d686f34a1f81f32c7240af4f8b26b3a655aca99d3cdbb65e216c6b4fd299f3fc222a600ff353a60a0fba4d543e8acbe74627366c621a3a86b24f0982c82bfbc56fadac5571741dc9fb7e6648099d1ef4bf445cb042ce235f4108fab604041e85e311cdd322b4938a1fab69111d698d006bc8892c86ad84ba006716cd955c59a0f08f1c88af47d28174324d0d83d948a1bc832671ec26f9176e89c3c256e0bcf57dd8858deb4249e70b5806cc336bf0d13e03844b2bed39c2c914e22a655e4cfb46871dde22a7426956119d5d4d4e0990de97b92f42941e4408b01ed8a7aeead92ed93c65ab848b02f04ad3d,gx-no-cache=1490378598996 HTTP/1.1" 200 30
200.83.57.219 - - [24/Mar/2017:15:02:13 -0300] "POST /cormun/servlet/solicitudot?gx-no-cache=1490378599070 HTTP/1.1" 200 30
200.83.57.219 - - [24/Mar/2017:15:02:13 -0300] "POST /cormun/servlet/solicitudot?gx-no-cache=1490378599147 HTTP/1.1" 200 1290
200.83.57.219 - - [24/Mar/2017:15:02:13 -0300] "POST /cormun/servlet/solicitudot?gx-no-cache=1490378599248 HTTP/1.1" 200 41
200.83.57.219 - - [24/Mar/2017:15:02:13 -0300] "POST /cormun/servlet/solicitudot?gx-no-cache=1490378599317 HTTP/1.1" 200 1274
200.83.57.219 - - [24/Mar/2017:15:02:13 -0300] "POST /cormun/servlet/solicitudot?gx-no-cache=1490378599444 HTTP/1.1" 200 1157
200.83.57.219 - - [24/Mar/2017:15:02:13 -0300] "GET /cormun/servlet/solicitudot?075f0c42c66555d44e40dbb989f69e013503008fa7b6eb16b04db381ce1b084926b6886b85f4ea4db05e78584f7f41b4464ffcd65452af4c691b3c6358fe617453d45a86a17e0744246acf13f95fa4366ff163173acdff1cf564e1e199f6ddc27504544e26a7c877773623693905dbc5d228de7f9b28589c229184f86b251c4c6530d97f1057aef53c7767714d42917d975860d27c4ae2a60dccc68bc854e5cf006c9e4a74cfc8d043d0dd537358f15f,gx-no-cache=1490378599551 HTTP/1.1" 200 30
200.83.57.219 - - [24/Mar/2017:15:02:14 -0300] "POST /cormun/servlet/solicitudot?6b8e16f77053d68629d8d8818fcc5a95,INS,0,0,,gx-no-cache=1490378599635 HTTP/1.1" 200 11282
200.83.57.219 - - [24/Mar/2017:15:02:14 -0300] "GET /cormun/static/Shared/jqueryui/images/ui-bg_highlight-soft_100_c6c2c8_1x100.png HTTP/1.1" 404 1117
200.83.57.219 - - [24/Mar/2017:15:02:14 -0300] "GET /cormun/static/Shared/jqueryui/images/ui-icons_82798d_256x240.png HTTP/1.1" 404 1089
200.83.57.219 - - [24/Mar/2017:15:02:14 -0300] "GET /cormun/static/Shared/jqueryui/images/ui-bg_flat_55_994d53_40x100.png HTTP/1.1" 404 1097
200.83.57.219 - - [24/Mar/2017:15:02:14 -0300] "GET /cormun/static/Shared/jqueryui/images/ui-icons_ebccce_256x240.png HTTP/1.1" 404 1089
192.168.10.98 - - [24/Mar/2017:15:02:18 -0300] "GET /cormunbeta/servlet/trsystemobject01? HTTP/1.1" 200 7292
192.168.10.98 - - [24/Mar/2017:15:02:18 -0300] "GET /cormunbeta/static/gxui/gxui-all.css?120300 HTTP/1.1" 200 2179
192.168.10.98 - - [24/Mar/2017:15:02:18 -0300] "GET /cormunbeta/static/gxcfg.js?2016101716185969 HTTP/1.1" 200 953
192.168.10.98 - - [24/Mar/2017:15:02:18 -0300] "GET /cormunbeta/static/Resources/Spanish/PXTools.css?167811 HTTP/1.1" 200 89042
192.168.10.98 - - [24/Mar/2017:15:02:18 -0300] "GET /cormunbeta/static/trsystemobject01.js?201610171619174 HTTP/1.1" 200 13927
192.168.10.98 - - [24/Mar/2017:15:02:18 -0300] "GET /cormunbeta/static/Shared/ext/resources/css/ext-all.css?215870 HTTP/1.1" 200 416045
192.168.10.98 - - [24/Mar/2017:15:02:18 -0300] "GET /cormunbeta/static/Resources/PXToolsGridNew.png HTTP/1.1" 200 2949
192.168.10.98 - - [24/Mar/2017:15:02:19 -0300] "GET /cormunbeta/static/Resources/PXToolsGridNextDisabled.gif HTTP/1.1" 200 90
192.168.10.98 - - [24/Mar/2017:15:02:19 -0300] "GET /cormunbeta/static/Resources/PXToolsDataSearch.png HTTP/1.1" 200 419
192.168.10.98 - - [24/Mar/2017:15:02:19 -0300] "GET /cormunbeta/static/Resources/PXToolsGridLastDisabled.gif HTTP/1.1" 200 98
192.168.10.98 - - [24/Mar/2017:15:02:19 -0300] "GET /cormunbeta/static/Resources/PXToolsGridFirstDisabled.gif HTTP/1.1" 200 100
192.168.10.98 - - [24/Mar/2017:15:02:19 -0300] "GET /cormunbeta/static/Resources/PXToolsGridPreviousDisabled.gif HTTP/1.1" 200 90
192.168.10.98 - - [24/Mar/2017:15:02:19 -0300] "GET /cormunbeta/static/Resources/PXToolsGridPage.gif HTTP/1.1" 200 725
192.168.10.98 - - [24/Mar/2017:15:02:19 -0300] "GET /cormunbeta/static/Resources/asc.gif HTTP/1.1" 200 67
192.168.10.98 - - [24/Mar/2017:15:02:19 -0300] "GET /cormunbeta//static/Resources/PXToolsGridDelete.png HTTP/1.1" 200 357
192.168.10.98 - - [24/Mar/2017:15:02:19 -0300] "GET /cormunbeta/static/Resources/desc.gif HTTP/1.1" 200 65
192.168.10.98 - - [24/Mar/2017:15:02:19 -0300] "GET /cormunbeta/static/Resources/desc.gif HTTP/1.1" 200 65
192.168.10.98 - - [24/Mar/2017:15:02:19 -0300] "GET /cormunbeta//static/Resources/PXToolsGridUpdate.png HTTP/1.1" 200 2984
192.168.10.98 - - [24/Mar/2017:15:02:19 -0300] "GET /cormunbeta/static/Resources/asc.gif HTTP/1.1" 200 67
192.168.10.98 - - [24/Mar/2017:15:02:19 -0300] "GET /cormunbeta/servlet/trsystemobject01? HTTP/1.1" 200 7292
192.168.10.98 - - [24/Mar/2017:15:02:19 -0300] "GET /cormunbeta/static/Shared/ext/resources/themes/images/default/panel/bg-headersPanel.png HTTP/1.1" 200 255
192.168.10.98 - - [24/Mar/2017:15:02:19 -0300] "GET /cormunbeta/static/Shared/ext/resources/themes/images/default/tools/tool-sprites.gif HTTP/1.1" 200 5434
192.168.10.98 - - [24/Mar/2017:15:02:30 -0300] "GET /cormunbeta/servlet/hhome HTTP/1.1" 200 4278
192.168.10.98 - - [24/Mar/2017:15:02:31 -0300] "GET /cormunbeta/servlet/hhome HTTP/1.1" 200 4275
200.83.57.219 - - [24/Mar/2017:15:02:31 -0300] "POST /cormun/servlet/solicitudot?6b8e16f77053d68629d8d8818fcc5a95,INS,0,0,,gx-no-cache=1490378616883 HTTP/1.1" 200 93
200.83.57.219 - - [24/Mar/2017:15:02:31 -0300] "GET /cormun/servlet/hpexe_return? HTTP/1.1" 200 1005
200.83.57.219 - - [24/Mar/2017:15:02:31 -0300] "GET /cormun/servlet/trsolicitudot HTTP/1.1" 200 9716
200.83.57.219 - - [24/Mar/2017:15:02:32 -0300] "GET /cormun/servlet/trsolicitudot HTTP/1.1" 200 9711
192.168.10.98 - - [24/Mar/2017:15:02:39 -0300] "GET /cormunbeta/servlet/trsecurityuser01? HTTP/1.1" 200 11363
192.168.10.98 - - [24/Mar/2017:15:02:39 -0300] "GET /cormunbeta/static/gxui/gxui-all.css?110300 HTTP/1.1" 200 2179
192.168.10.98 - - [24/Mar/2017:15:02:39 -0300] "GET /cormunbeta/static/gxcfg.js?20173171150263 HTTP/1.1" 200 953
192.168.10.98 - - [24/Mar/2017:15:02:39 -0300] "GET /cormunbeta/static/trsecurityuser01.js?20173171150617 HTTP/1.1" 200 18619
192.168.10.98 - - [24/Mar/2017:15:02:39 -0300] "GET /cormunbeta/static/Shared/ext/resources/css/ext-all.css?205870 HTTP/1.1" 200 416045
192.168.10.98 - - [24/Mar/2017:15:02:39 -0300] "GET /cormunbeta/static/Resources/PXToolsActionExcel.png HTTP/1.1" 200 3187
192.168.10.98 - - [24/Mar/2017:15:02:40 -0300] "GET /cormunbeta//static/Resources/PXToolsHeaderPreferences.png HTTP/1.1" 200 4189
192.168.10.98 - - [24/Mar/2017:15:02:40 -0300] "GET /cormunbeta//static/Resources/PXToolsAddAllAction.png HTTP/1.1" 200 3624
192.168.10.98 - - [24/Mar/2017:15:02:40 -0300] "GET /cormunbeta/servlet/trsecurityuser01? HTTP/1.1" 200 11360
192.168.10.98 - - [24/Mar/2017:15:02:56 -0300] "POST /cormunbeta/servlet/trsecurityuser01?11aea4b1a093dd81cc5d69030ee1c34a,,gx-no-cache=1490381856090 HTTP/1.1" 200 4651
192.168.10.98 - - [24/Mar/2017:15:03:19 -0300] "GET /cormunbeta/servlet/securityusers?UPD,11, HTTP/1.1" 200 7188
192.168.10.98 - - [24/Mar/2017:15:03:19 -0300] "GET /cormunbeta/static/gxcfg.js?20173171138052 HTTP/1.1" 200 953
192.168.10.98 - - [24/Mar/2017:15:03:19 -0300] "GET /cormunbeta/static/securityusers.js?2017317113813 HTTP/1.1" 200 19782
192.168.10.98 - - [24/Mar/2017:15:03:20 -0300] "GET /cormunbeta/servlet/securityusers?UPD,11, HTTP/1.1" 200 7188
192.168.10.98 - - [24/Mar/2017:15:03:48 -0300] "POST /cormunbeta/servlet/securityusers?11aea4b1a093dd81cc5d69030ee1c34a,UPD,11,,gx-no-cache=1490381908161 HTTP/1.1" 200 93
192.168.10.98 - - [24/Mar/2017:15:03:48 -0300] "GET /cormunbeta/servlet/hpexe_return? HTTP/1.1" 200 1010
192.168.10.98 - - [24/Mar/2017:15:03:48 -0300] "GET /cormunbeta/static/gxcfg.js?2016101716175148 HTTP/1.1" 200 953
192.168.10.98 - - [24/Mar/2017:15:03:48 -0300] "GET /cormunbeta/static/hpexe_return.js?2016101716175153 HTTP/1.1" 200 1633
192.168.10.98 - - [24/Mar/2017:15:03:49 -0300] "GET /cormunbeta/servlet/trsecurityuser01? HTTP/1.1" 200 7047
192.168.10.98 - - [24/Mar/2017:15:03:49 -0300] "GET /cormunbeta/servlet/trsecurityuser01? HTTP/1.1" 200 7043
192.168.10.98 - - [24/Mar/2017:15:03:52 -0300] "GET /cormunbeta/servlet/hlogin HTTP/1.1" 200 1718
192.168.10.98 - - [24/Mar/2017:15:04:09 -0300] "POST /cormunbeta/servlet/hlogin?11aea4b1a093dd81cc5d69030ee1c34a,gx-no-cache=1490381928643 HTTP/1.1" 200 424
192.168.10.98 - - [24/Mar/2017:15:04:10 -0300] "POST /cormunbeta/servlet/hlogin?11aea4b1a093dd81cc5d69030ee1c34a,gx-no-cache=1490381930210 HTTP/1.1" 200 423
192.168.10.98 - - [24/Mar/2017:15:04:22 -0300] "POST /cormunbeta/servlet/hlogin?11aea4b1a093dd81cc5d69030ee1c34a,gx-no-cache=1490381942012 HTTP/1.1" 200 424
192.168.10.98 - - [24/Mar/2017:15:04:41 -0300] "POST /cormunbeta/servlet/hlogin?11aea4b1a093dd81cc5d69030ee1c34a,gx-no-cache=1490381961202 HTTP/1.1" 200 424
192.168.10.98 - - [24/Mar/2017:15:04:49 -0300] "POST /cormunbeta/servlet/hlogin?11aea4b1a093dd81cc5d69030ee1c34a,gx-no-cache=1490381968899 HTTP/1.1" 200 424
192.168.10.98 - - [24/Mar/2017:15:05:04 -0300] "GET /cormunbeta/servlet/securityusers?UPD,11, HTTP/1.1" 200 6207
192.168.10.98 - - [24/Mar/2017:15:05:05 -0300] "GET /cormunbeta/servlet/hlogin HTTP/1.1" 200 1741
192.168.10.98 - - [24/Mar/2017:15:05:05 -0300] "GET /cormunbeta/servlet/securityusers?UPD,11, HTTP/1.1" 200 6202
192.168.10.98 - - [24/Mar/2017:15:05:12 -0300] "GET /cormunbeta/servlet/securityusers?UPD,11, HTTP/1.1" 200 6207
192.168.10.98 - - [24/Mar/2017:15:05:12 -0300] "GET /cormunbeta/servlet/hlogin HTTP/1.1" 200 1741
192.168.10.98 - - [24/Mar/2017:15:05:13 -0300] "GET /cormunbeta/servlet/securityusers?UPD,11, HTTP/1.1" 200 6202
192.168.10.98 - - [24/Mar/2017:15:05:15 -0300] "GET /cormunbeta/servlet/securityusers?UPD,11, HTTP/1.1" 200 6207
192.168.10.98 - - [24/Mar/2017:15:05:18 -0300] "GET /cormunbeta/servlet/hlogin HTTP/1.1" 200 1741
192.168.10.98 - - [24/Mar/2017:15:05:18 -0300] "GET /cormunbeta/servlet/securityusers?UPD,11, HTTP/1.1" 200 6202
192.168.10.98 - - [24/Mar/2017:15:05:20 -0300] "GET /cormunbeta/servlet/securityusers?UPD,11, HTTP/1.1" 200 6207
192.168.10.98 - - [24/Mar/2017:15:05:21 -0300] "GET /cormunbeta/servlet/hlogin HTTP/1.1" 200 1741
192.168.10.98 - - [24/Mar/2017:15:05:21 -0300] "GET /cormunbeta/servlet/securityusers?UPD,11, HTTP/1.1" 200 6202
192.168.10.98 - - [24/Mar/2017:15:05:35 -0300] "POST /cormunbeta/servlet/hlogin?11aea4b1a093dd81cc5d69030ee1c34a,gx-no-cache=1490382015073 HTTP/1.1" 200 424
192.168.10.98 - - [24/Mar/2017:15:05:52 -0300] "POST /cormunbeta/servlet/hlogin?11aea4b1a093dd81cc5d69030ee1c34a,gx-no-cache=1490382032112 HTTP/1.1" 200 425
192.168.10.98 - - [24/Mar/2017:15:05:59 -0300] "POST /cormunbeta/servlet/hlogin?11aea4b1a093dd81cc5d69030ee1c34a,gx-no-cache=1490382039116 HTTP/1.1" 200 90
192.168.10.98 - - [24/Mar/2017:15:05:59 -0300] "GET /cormunbeta/servlet/hpexe_link HTTP/1.1" 200 966
192.168.10.98 - - [24/Mar/2017:15:05:59 -0300] "GET /cormunbeta/servlet/securityusers?UPD,11, HTTP/1.1" 200 7190
192.168.10.98 - - [24/Mar/2017:15:06:00 -0300] "GET /cormunbeta/static/SmoothNavMenu/resources/images/right.gif HTTP/1.1" 200 860
192.168.10.98 - - [24/Mar/2017:15:06:00 -0300] "GET /cormunbeta/servlet/securityusers?UPD,11, HTTP/1.1" 200 7188
192.168.10.98 - - [24/Mar/2017:15:06:17 -0300] "GET /cormunbeta/servlet/hlogin HTTP/1.1" 200 1718
192.168.10.98 - - [24/Mar/2017:15:06:26 -0300] "POST /cormunbeta/servlet/hlogin?11aea4b1a093dd81cc5d69030ee1c34a,gx-no-cache=1490382066279 HTTP/1.1" 200 424
192.168.10.98 - - [24/Mar/2017:15:06:31 -0300] "POST /cormunbeta/servlet/hlogin?11aea4b1a093dd81cc5d69030ee1c34a,gx-no-cache=1490382071233 HTTP/1.1" 200 424
192.168.10.98 - - [24/Mar/2017:15:06:35 -0300] "POST /cormunbeta/servlet/hlogin?11aea4b1a093dd81cc5d69030ee1c34a,gx-no-cache=1490382075004 HTTP/1.1" 200 423
192.168.10.98 - - [24/Mar/2017:15:06:52 -0300] "POST /cormunbeta/servlet/securityusers?11aea4b1a093dd81cc5d69030ee1c34a,UPD,11,,gx-no-cache=1490382092187 HTTP/1.1" 200 93
192.168.10.98 - - [24/Mar/2017:15:06:52 -0300] "GET /cormunbeta/servlet/hpexe_return? HTTP/1.1" 200 1009
192.168.10.98 - - [24/Mar/2017:15:06:52 -0300] "GET /cormunbeta/servlet/trsecurityuser01 HTTP/1.1" 200 6019
192.168.10.98 - - [24/Mar/2017:15:06:53 -0300] "GET /cormunbeta/static/Resources/desc.gif HTTP/1.1" 200 65
192.168.10.98 - - [24/Mar/2017:15:06:53 -0300] "GET /cormunbeta/servlet/hlogin HTTP/1.1" 200 1737
192.168.10.98 - - [24/Mar/2017:15:06:53 -0300] "GET /cormunbeta/servlet/trsecurityuser01 HTTP/1.1" 200 6016
192.168.10.98 - - [24/Mar/2017:15:07:05 -0300] "POST /cormunbeta/servlet/hlogin?11aea4b1a093dd81cc5d69030ee1c34a,gx-no-cache=1490382104862 HTTP/1.1" 200 450
192.168.10.98 - - [24/Mar/2017:15:07:06 -0300] "POST /cormunbeta/servlet/hlogin?11aea4b1a093dd81cc5d69030ee1c34a,gx-no-cache=1490382106391 HTTP/1.1" 200 449
192.168.10.98 - - [24/Mar/2017:15:08:09 -0300] "POST /cormunbeta/servlet/hlogin?11aea4b1a093dd81cc5d69030ee1c34a,gx-no-cache=1490382168880 HTTP/1.1" 200 90
192.168.10.98 - - [24/Mar/2017:15:08:09 -0300] "GET /cormunbeta/servlet/hpexe_link HTTP/1.1" 200 961
192.168.10.98 - - [24/Mar/2017:15:08:09 -0300] "GET /cormunbeta/servlet/trsecurityuser01 HTTP/1.1" 200 7044
192.168.10.98 - - [24/Mar/2017:15:08:10 -0300] "GET /cormunbeta/static/Resources/asc.gif HTTP/1.1" 200 67
192.168.10.98 - - [24/Mar/2017:15:08:10 -0300] "GET /cormunbeta/static/Resources/asc.gif HTTP/1.1" 200 67
192.168.10.98 - - [24/Mar/2017:15:08:10 -0300] "GET /cormunbeta/static/Resources/desc.gif HTTP/1.1" 200 65
192.168.10.98 - - [24/Mar/2017:15:08:10 -0300] "GET /cormunbeta/servlet/trsecurityuser01 HTTP/1.1" 200 7043
192.168.10.98 - - [24/Mar/2017:15:08:10 -0300] "GET /cormunbeta/static/SmoothNavMenu/resources/images/right.gif HTTP/1.1" 200 860
192.168.10.98 - - [24/Mar/2017:15:08:21 -0300] "GET /cormunbeta/servlet/trcontratoobservaciongral? HTTP/1.1" 200 17773
192.168.10.98 - - [24/Mar/2017:15:08:21 -0300] "GET /cormunbeta/static/gxcfg.js?201731711533132 HTTP/1.1" 200 953
192.168.10.98 - - [24/Mar/2017:15:08:21 -0300] "GET /cormunbeta/static/calendar.js?85251 HTTP/1.1" 200 26246
192.168.10.98 - - [24/Mar/2017:15:08:21 -0300] "GET /cormunbeta/static/calendar-setup.js?85251 HTTP/1.1" 200 2588
192.168.10.98 - - [24/Mar/2017:15:08:21 -0300] "GET /cormunbeta/static/calendar-system.css?75620 HTTP/1.1" 200 5572
192.168.10.98 - - [24/Mar/2017:15:08:21 -0300] "GET /cormunbeta/static/calendar-es.js?85251 HTTP/1.1" 200 1901
192.168.10.98 - - [24/Mar/2017:15:08:21 -0300] "GET /cormunbeta/static/gxdec.js?85251 HTTP/1.1" 200 19579
192.168.10.98 - - [24/Mar/2017:15:08:21 -0300] "GET /cormunbeta/static/trcontratoobservaciongral.js?201731711533610 HTTP/1.1" 200 29791
192.168.10.98 - - [24/Mar/2017:15:08:22 -0300] "GET /cormunbeta/static/Resources/PXToolsActionPrint.png HTTP/1.1" 200 3317
192.168.10.98 - - [24/Mar/2017:15:08:22 -0300] "GET /cormunbeta//static/Resources/PXToolsHeaderFavorites.png HTTP/1.1" 200 2744
192.168.10.98 - - [24/Mar/2017:15:08:23 -0300] "GET /cormunbeta/servlet/trcontratoobservaciongral? HTTP/1.1" 200 17773
200.83.57.219 - - [24/Mar/2017:15:09:02 -0300] "GET /cormun/servlet/solicitudot?INS,0,0, HTTP/1.1" 200 12916
200.83.57.219 - - [24/Mar/2017:15:09:02 -0300] "GET /cormun/servlet/solicitudot?INS,0,0, HTTP/1.1" 200 12921
200.83.57.219 - - [24/Mar/2017:15:09:12 -0300] "POST /cormun/servlet/solicitudot?gx-no-cache=1490379017649 HTTP/1.1" 200 3185
200.83.57.219 - - [24/Mar/2017:15:09:12 -0300] "POST /cormun/servlet/solicitudot?6b8e16f77053d68629d8d8818fcc5a95,INS,0,0,,gx-no-cache=1490379017936 HTTP/1.1" 200 9950
200.83.57.219 - - [24/Mar/2017:15:09:16 -0300] "GET /cormun/servlet/solicitudot?075f0c42c66555d44e40dbb989f69e01d2a93bdb02b4a785cc93db1c326df5bca7a4bfe9506753ed2308220a2eaa22d1,gx-no-cache=1490379021686 HTTP/1.1" 200 30
200.83.57.219 - - [24/Mar/2017:15:09:16 -0300] "POST /cormun/servlet/solicitudot?gx-no-cache=1490379021772 HTTP/1.1" 200 240
200.83.57.219 - - [24/Mar/2017:15:09:16 -0300] "GET /cormun/servlet/solicitudot?075f0c42c66555d44e40dbb989f69e01f3d730794c019845facd80e4c7731e0f0458858d0702a4545cfe12a949763ee8284424a31342d15ec5f1743630def7f29e808961e2eabb13230f456672e266921abadc016d30a2a44381b87c40a156b0f9ed7d43a088051206a09c149df3ea88681cae09c313399c41cc326e951b6d090725e6b90b8eb1df7137d478d71c5911f3fe13e40d686f34a1f81f32c7240af4f8b26b3a655aca99d3cdbb65e216c6b4fd299f3fc222a600ff353a60a0fba4d543e8acbe74627366c621a3a86b24f0982c82bfbc56fadac5571741dc9fb7e6648099d1ef4bf445cb042ce235f4108fab604041e85e311cdd322b4938a1fab69111d698d006bc8892c86ad84ba006716c9bff1c8917e270096ed9df016107a154300d6ac73c3ea338d73990fdfd268ccbc11e5fbe795ac195efdcef0188e4ad633800faaa83c8548cbc6b12118c83d06884e05e1ae4d6a443f04b9a4793a977a62e3e5e78aab1c6a251e4d1f3db6cc741dae9fe788f85695a1e893015acc03674,gx-no-cache=1490379021870 HTTP/1.1" 200 30
200.83.57.219 - - [24/Mar/2017:15:09:50 -0300] "GET /cormun/servlet/trcontratounov2? HTTP/1.1" 200 7796
200.83.57.219 - - [24/Mar/2017:15:09:50 -0300] "GET /cormun/servlet/trcontratounov2? HTTP/1.1" 200 7790
192.168.10.98 - - [24/Mar/2017:15:10:13 -0300] "POST /cormunbeta/servlet/trcontratoobservaciongral?11aea4b1a093dd81cc5d69030ee1c34a,,gx-no-cache=1490382292587 HTTP/1.1" 200 5621
192.168.10.98 - - [24/Mar/2017:15:10:26 -0300] "GET /cormunbeta/servlet/trcontratoobservaciongral? HTTP/1.1" 200 8395
192.168.10.98 - - [24/Mar/2017:15:10:27 -0300] "GET /cormunbeta/servlet/trcontratoobservaciongral? HTTP/1.1" 200 8395
192.168.10.98 - - [24/Mar/2017:15:10:31 -0300] "POST /cormunbeta/servlet/trcontratoobservaciongral?11aea4b1a093dd81cc5d69030ee1c34a,,gx-no-cache=1490382311415 HTTP/1.1" 200 5621
200.83.57.219 - - [24/Mar/2017:15:10:34 -0300] "POST /cormun/servlet/trcontratounov2?6b8e16f77053d68629d8d8818fcc5a95,,gx-no-cache=1490379099596 HTTP/1.1" 200 5098
200.83.57.219 - - [24/Mar/2017:15:10:42 -0300] "POST /cormun/servlet/trcontratounov2?6b8e16f77053d68629d8d8818fcc5a95,,gx-no-cache=1490379107881 HTTP/1.1" 200 5108
192.168.10.98 - - [24/Mar/2017:15:10:46 -0300] "POST /cormunbeta/servlet/trcontratoobservaciongral?11aea4b1a093dd81cc5d69030ee1c34a,,gx-no-cache=1490382326137 HTTP/1.1" 200 14938
192.168.10.98 - - [24/Mar/2017:15:10:46 -0300] "GET /cormunbeta/static/Resources/PXToolsGridNext.gif HTTP/1.1" 200 369
192.168.10.98 - - [24/Mar/2017:15:10:46 -0300] "GET /cormunbeta/static/Resources/PXToolsGridLast.gif HTTP/1.1" 200 370
200.83.57.219 - - [24/Mar/2017:15:11:02 -0300] "GET /cormun/servlet/trcontratounov2? HTTP/1.1" 200 7782
200.83.57.219 - - [24/Mar/2017:15:11:03 -0300] "GET /cormun/servlet/trcontratounov2? HTTP/1.1" 200 7782
192.168.10.98 - - [24/Mar/2017:15:11:31 -0300] "GET /cormunbeta/servlet/trsecurityuser01? HTTP/1.1" 200 7043
192.168.10.98 - - [24/Mar/2017:15:11:32 -0300] "GET /cormunbeta/servlet/trsecurityuser01? HTTP/1.1" 200 7043
200.83.57.219 - - [24/Mar/2017:15:11:44 -0300] "POST /cormun/servlet/trcontratounov2?6b8e16f77053d68629d8d8818fcc5a95,,gx-no-cache=1490379170023 HTTP/1.1" 200 5085
200.83.57.219 - - [24/Mar/2017:15:11:51 -0300] "GET /cormun/servlet/trcontratounov2? HTTP/1.1" 200 7782
200.83.57.219 - - [24/Mar/2017:15:11:51 -0300] "GET /cormun/servlet/trcontratounov2? HTTP/1.1" 200 7782
192.168.10.98 - - [24/Mar/2017:15:11:53 -0300] "POST /cormunbeta/servlet/trsecurityuser01?11aea4b1a093dd81cc5d69030ee1c34a,,gx-no-cache=1490382393401 HTTP/1.1" 200 4669
200.83.57.219 - - [24/Mar/2017:15:11:59 -0300] "POST /cormun/servlet/trcontratounov2?6b8e16f77053d68629d8d8818fcc5a95,,gx-no-cache=1490379184489 HTTP/1.1" 200 5165
192.168.10.98 - - [24/Mar/2017:15:12:00 -0300] "GET /cormunbeta/servlet/hlogin HTTP/1.1" 200 1718
192.168.10.98 - - [24/Mar/2017:15:12:07 -0300] "GET /cormunbeta/servlet/securityusers?UPD,4, HTTP/1.1" 200 6213
192.168.10.98 - - [24/Mar/2017:15:12:09 -0300] "GET /cormunbeta/servlet/hlogin HTTP/1.1" 200 1741
192.168.10.98 - - [24/Mar/2017:15:12:09 -0300] "GET /cormunbeta/servlet/securityusers?UPD,4, HTTP/1.1" 200 6207
186.103.156.211 - - [24/Mar/2017:15:12:13 -0300] "GET /cormun/servlet/licenciaspermisos?INS,0,,, HTTP/1.1" 200 6480
186.103.156.211 - - [24/Mar/2017:15:12:13 -0300] "GET /cormun/static/Resources/Spanish/PXTools.css?11294912 HTTP/1.1" 304 -
186.103.156.211 - - [24/Mar/2017:15:12:13 -0300] "GET /cormun/static/gxcfg.js?201731711384427 HTTP/1.1" 304 -
186.103.156.211 - - [24/Mar/2017:15:12:13 -0300] "GET /cormun/static/messages.spa.js?85251 HTTP/1.1" 304 -
186.103.156.211 - - [24/Mar/2017:15:12:13 -0300] "GET /cormun/static/licenciaspermisos.js?201731711384498 HTTP/1.1" 304 -
186.103.156.211 - - [24/Mar/2017:15:12:13 -0300] "GET /cormun/static/hwchdr01.js?201731711335950 HTTP/1.1" 304 -
186.103.156.211 - - [24/Mar/2017:15:12:13 -0300] "GET /cormun/static/hpexe_recentlink.js?201610171694390 HTTP/1.1" 200 2144
186.103.156.211 - - [24/Mar/2017:15:12:13 -0300] "GET /cormun/static/hpexe_scripts.js?201731711335890 HTTP/1.1" 304 -
186.103.156.211 - - [24/Mar/2017:15:12:13 -0300] "GET /cormun/static/hpexe_messagepopupcomponent.js?20161017169425 HTTP/1.1" 200 605
186.103.156.211 - - [24/Mar/2017:15:12:13 -0300] "GET /cormun/static/hpexe_messagecontroller.js?201610171694323 HTTP/1.1" 200 870
186.103.156.211 - - [24/Mar/2017:15:12:13 -0300] "GET /cormun/static/hpexe_messagegenexuscomponent.js?201731711335537 HTTP/1.1" 304 -
186.103.156.211 - - [24/Mar/2017:15:12:13 -0300] "GET /cormun/static/cmcontrolpreferences.js?201731711335852 HTTP/1.1" 304 -
186.103.156.211 - - [24/Mar/2017:15:12:14 -0300] "GET /cormun/static/hmpwkw03.js?201731711485354 HTTP/1.1" 304 -
186.103.156.211 - - [24/Mar/2017:15:12:14 -0300] "GET /cormun/servlet/hlogin HTTP/1.1" 200 1745
186.103.156.211 - - [24/Mar/2017:15:12:14 -0300] "GET /cormun/servlet/licenciaspermisos?INS,0,,, HTTP/1.1" 200 6491
186.103.156.211 - - [24/Mar/2017:15:12:14 -0300] "GET /cormun/static/gxcfg.js?201731711485472 HTTP/1.1" 304 -
186.103.156.211 - - [24/Mar/2017:15:12:14 -0300] "GET /cormun/static/hlogin.js?201731711485490 HTTP/1.1" 304 -
192.168.10.98 - - [24/Mar/2017:15:12:28 -0300] "POST /cormunbeta/servlet/hlogin?11aea4b1a093dd81cc5d69030ee1c34a,gx-no-cache=1490382428378 HTTP/1.1" 200 90
192.168.10.98 - - [24/Mar/2017:15:12:28 -0300] "GET /cormunbeta/servlet/hpexe_link HTTP/1.1" 200 965
192.168.10.98 - - [24/Mar/2017:15:12:29 -0300] "GET /cormunbeta/servlet/securityusers?UPD,4, HTTP/1.1" 200 7191
192.168.10.98 - - [24/Mar/2017:15:12:29 -0300] "GET /cormunbeta/servlet/securityusers?UPD,4, HTTP/1.1" 200 7189
186.103.156.211 - - [24/Mar/2017:15:12:41 -0300] "POST /cormun/servlet/hlogin?caa9d1491f687706809bc8166e62bb12,gx-no-cache=1490379230246 HTTP/1.1" 200 460
200.83.57.219 - - [24/Mar/2017:15:12:47 -0300] "POST /cormun/servlet/trcontratounov2?6b8e16f77053d68629d8d8818fcc5a95,,gx-no-cache=1490379232561 HTTP/1.1" 200 5074
192.168.10.98 - - [24/Mar/2017:15:12:58 -0300] "POST /cormunbeta/servlet/hlogin?11aea4b1a093dd81cc5d69030ee1c34a,gx-no-cache=1490382457982 HTTP/1.1" 200 455
192.168.10.98 - - [24/Mar/2017:15:13:00 -0300] "POST /cormunbeta/servlet/hlogin?11aea4b1a093dd81cc5d69030ee1c34a,gx-no-cache=1490382459747 HTTP/1.1" 200 454
192.168.10.98 - - [24/Mar/2017:15:13:04 -0300] "POST /cormunbeta/servlet/hlogin?11aea4b1a093dd81cc5d69030ee1c34a,gx-no-cache=1490382464404 HTTP/1.1" 200 455
192.168.10.98 - - [24/Mar/2017:15:13:26 -0300] "POST /cormunbeta/servlet/securityusers?11aea4b1a093dd81cc5d69030ee1c34a,UPD,4,,gx-no-cache=1490382486101 HTTP/1.1" 200 93
192.168.10.98 - - [24/Mar/2017:15:13:26 -0300] "GET /cormunbeta/servlet/hpexe_return? HTTP/1.1" 200 1008
192.168.10.98 - - [24/Mar/2017:15:13:26 -0300] "GET /cormunbeta/servlet/trsecurityuser01? HTTP/1.1" 200 6028
192.168.10.98 - - [24/Mar/2017:15:13:27 -0300] "GET /cormunbeta/static/Resources/asc.gif HTTP/1.1" 200 67
192.168.10.98 - - [24/Mar/2017:15:13:27 -0300] "GET /cormunbeta/static/Resources/desc.gif HTTP/1.1" 200 65
192.168.10.98 - - [24/Mar/2017:15:13:27 -0300] "GET /cormunbeta/servlet/hlogin HTTP/1.1" 200 1738
192.168.10.98 - - [24/Mar/2017:15:13:27 -0300] "GET /cormunbeta/servlet/trsecurityuser01? HTTP/1.1" 200 6024
186.103.156.211 - - [24/Mar/2017:15:13:27 -0300] "POST /cormun/servlet/hlogin?caa9d1491f687706809bc8166e62bb12,gx-no-cache=1490379275928 HTTP/1.1" 200 459
186.103.156.211 - - [24/Mar/2017:15:13:29 -0300] "POST /cormun/servlet/hlogin?caa9d1491f687706809bc8166e62bb12,gx-no-cache=1490379277433 HTTP/1.1" 200 459
192.168.10.98 - - [24/Mar/2017:15:13:34 -0300] "POST /cormunbeta/servlet/hlogin?11aea4b1a093dd81cc5d69030ee1c34a,gx-no-cache=1490382494186 HTTP/1.1" 200 455
200.83.57.219 - - [24/Mar/2017:15:13:35 -0300] "GET /cormun/servlet/trcontratounov2? HTTP/1.1" 200 7760
200.83.57.219 - - [24/Mar/2017:15:13:35 -0300] "GET /cormun/servlet/trcontratounov2? HTTP/1.1" 200 7760
186.103.156.211 - - [24/Mar/2017:15:13:50 -0300] "POST /cormun/servlet/hlogin?caa9d1491f687706809bc8166e62bb12,gx-no-cache=1490379298280 HTTP/1.1" 200 460
200.83.57.219 - - [24/Mar/2017:15:13:50 -0300] "POST /cormun/servlet/trcontratounov2?6b8e16f77053d68629d8d8818fcc5a95,,gx-no-cache=1490379295429 HTTP/1.1" 200 3994
200.83.57.219 - - [24/Mar/2017:15:13:54 -0300] "GET /cormun/servlet/trsolicitudot? HTTP/1.1" 200 9712
200.83.57.219 - - [24/Mar/2017:15:13:54 -0300] "GET /cormun/servlet/trsolicitudot? HTTP/1.1" 200 9711
186.103.156.211 - - [24/Mar/2017:15:13:56 -0300] "POST /cormun/servlet/hlogin?caa9d1491f687706809bc8166e62bb12,gx-no-cache=1490379304674 HTTP/1.1" 200 448
200.83.57.219 - - [24/Mar/2017:15:13:56 -0300] "GET /cormun/servlet/solicitudot?INS,0,0, HTTP/1.1" 200 12916
200.83.57.219 - - [24/Mar/2017:15:13:57 -0300] "GET /cormun/servlet/solicitudot?INS,0,0, HTTP/1.1" 200 12921
192.168.10.98 - - [24/Mar/2017:15:14:01 -0300] "POST /cormunbeta/servlet/hlogin?11aea4b1a093dd81cc5d69030ee1c34a,gx-no-cache=1490382520787 HTTP/1.1" 200 90
192.168.10.98 - - [24/Mar/2017:15:14:01 -0300] "GET /cormunbeta/servlet/hpexe_link HTTP/1.1" 200 961
192.168.10.98 - - [24/Mar/2017:15:14:01 -0300] "GET /cormunbeta/servlet/trsecurityuser01 HTTP/1.1" 200 7051
192.168.10.98 - - [24/Mar/2017:15:14:02 -0300] "GET /cormunbeta/servlet/trsecurityuser01 HTTP/1.1" 200 7049
192.168.10.98 - - [24/Mar/2017:15:14:14 -0300] "GET /cormunbeta/servlet/securityusers?UPD,4, HTTP/1.1" 200 7189
200.83.57.219 - - [24/Mar/2017:15:14:14 -0300] "POST /cormun/servlet/solicitudot?gx-no-cache=1490379320151 HTTP/1.1" 200 3193
200.83.57.219 - - [24/Mar/2017:15:14:15 -0300] "POST /cormun/servlet/solicitudot?6b8e16f77053d68629d8d8818fcc5a95,INS,0,0,,gx-no-cache=1490379320676 HTTP/1.1" 200 9968
192.168.10.98 - - [24/Mar/2017:15:14:15 -0300] "GET /cormunbeta/servlet/securityusers?UPD,4, HTTP/1.1" 200 7189
200.83.57.219 - - [24/Mar/2017:15:14:18 -0300] "GET /cormun/servlet/solicitudot?075f0c42c66555d44e40dbb989f69e0174695ab6a157ee5a2d0a70e82ab4cce5a7a4bfe9506753ed2308220a2eaa22d1,gx-no-cache=1490379324251 HTTP/1.1" 200 30
200.83.57.219 - - [24/Mar/2017:15:14:18 -0300] "POST /cormun/servlet/solicitudot?gx-no-cache=1490379324379 HTTP/1.1" 200 255
200.83.57.219 - - [24/Mar/2017:15:14:18 -0300] "GET /cormun/servlet/solicitudot?075f0c42c66555d44e40dbb989f69e01f3d730794c019845facd80e4c7731e0f0a0e2ea1df6a340772d8ef5ada0f98b1284424a31342d15ec5f1743630def7f29e808961e2eabb13230f456672e266921abadc016d30a2a44381b87c40a156b0f9ed7d43a088051206a09c149df3ea88681cae09c313399c41cc326e951b6d090725e6b90b8eb1df7137d478d71c5911f3fe13e40d686f34a1f81f32c7240af4f8b26b3a655aca99d3cdbb65e216c6b4fd299f3fc222a600ff353a60a0fba4d543e8acbe74627366c621a3a86b24f0982c82bfbc56fadac5571741dc9fb7e6648099d1ef4bf445cb042ce235f4108fab604041e85e311cdd322b4938a1fab69111d698d006bc8892c86ad84ba006716cd955c59a0f08f1c88af47d28174324d0d83d948a1bc832671ec26f9176e89c3c256e0bcf57dd8858deb4249e70b5806cc336bf0d13e03844b2bed39c2c914e22a655e4cfb46871dde22a7426956119d5d4d4e0990de97b92f42941e4408b01edc71525279f72ae279f14dd1acd761ea3,gx-no-cache=1490379324463 HTTP/1.1" 200 30
186.103.156.211 - - [24/Mar/2017:15:14:19 -0300] "POST /cormun/servlet/hlogin?caa9d1491f687706809bc8166e62bb12,gx-no-cache=1490379327845 HTTP/1.1" 200 459
200.83.57.219 - - [24/Mar/2017:15:14:21 -0300] "POST /cormun/servlet/solicitudot?gx-no-cache=1490379327157 HTTP/1.1" 200 30
200.83.57.219 - - [24/Mar/2017:15:14:23 -0300] "POST /cormun/servlet/solicitudot?gx-no-cache=1490379328788 HTTP/1.1" 200 235
200.83.57.219 - - [24/Mar/2017:15:14:23 -0300] "POST /cormun/servlet/solicitudot?gx-no-cache=1490379328920 HTTP/1.1" 200 38
192.168.10.98 - - [24/Mar/2017:15:14:34 -0300] "POST /cormunbeta/servlet/hlogin?11aea4b1a093dd81cc5d69030ee1c34a,gx-no-cache=1490382554264 HTTP/1.1" 200 452
186.103.156.211 - - [24/Mar/2017:15:14:58 -0300] "GET /cormun/servlet/licenciaspermisos?INS,0,,, HTTP/1.1" 200 6480
186.103.156.211 - - [24/Mar/2017:15:14:59 -0300] "GET /cormun/servlet/hlogin HTTP/1.1" 200 1747
186.103.156.211 - - [24/Mar/2017:15:14:59 -0300] "GET /cormun/servlet/licenciaspermisos?INS,0,,, HTTP/1.1" 200 6490
192.168.10.98 - - [24/Mar/2017:15:15:00 -0300] "POST /cormunbeta/servlet/hlogin?11aea4b1a093dd81cc5d69030ee1c34a,gx-no-cache=1490382579877 HTTP/1.1" 200 452
200.83.57.219 - - [24/Mar/2017:15:15:19 -0300] "GET /cormun/servlet/solicitudot?075f0c42c66555d44e40dbb989f69e01e400e11d2389fb1eae5b1d7707e2028196cae545f50ea8bc73631d70ffb461e52fedb81a6d5a8cee4ef2faf941b126df34e895b587e64d2c1be3c4560dce593e54d04a22273e9e58e89f8dbc90554bdb8cc73f3b440e2033214f88597adf2eaa686de166750b32e09e3864c342886ae99b00d81b149e124f997488784b9289adbb6ba45af79bcb55b5b844d51b2229ab,gx-no-cache=1490379384528 HTTP/1.1" 200 29
200.83.57.219 - - [24/Mar/2017:15:15:19 -0300] "POST /cormun/servlet/solicitudot?gx-no-cache=1490379384770 HTTP/1.1" 200 643
200.83.57.219 - - [24/Mar/2017:15:15:21 -0300] "POST /cormun/servlet/solicitudot?gx-no-cache=1490379387328 HTTP/1.1" 200 1157
186.103.156.211 - - [24/Mar/2017:15:15:24 -0300] "POST /cormun/servlet/hlogin?469290677e5e214471f985571f08fe79,gx-no-cache=1490379392759 HTTP/1.1" 200 460
192.168.10.98 - - [24/Mar/2017:15:15:38 -0300] "POST /cormunbeta/servlet/hlogin?11aea4b1a093dd81cc5d69030ee1c34a,gx-no-cache=1490382618295 HTTP/1.1" 200 452
192.168.10.98 - - [24/Mar/2017:15:15:45 -0300] "POST /cormunbeta/servlet/hlogin?11aea4b1a093dd81cc5d69030ee1c34a,gx-no-cache=1490382625259 HTTP/1.1" 200 452
200.83.57.219 - - [24/Mar/2017:15:15:50 -0300] "GET /cormun/static/menuarrow.gif HTTP/1.1" 404 1015
200.83.57.219 - - [24/Mar/2017:15:16:02 -0300] "GET /cormun/servlet/solicitudot?075f0c42c66555d44e40dbb989f69e01b01c98b950b75099993f5bda7021502ee0aa1795acfffe45db3b06e6819b413f8f947f07209db600ccc335fccf84231615406f3b8177d0794fb6c00a72e1ff9f8e7a251d0952b8ca3c77acef1598b5193c907d59d2078086365fd5fd251bc4475ebd13da53f6ae0bca8fca4062d418aaedfb051b1a86af5aeddb73fd62cf9be0178517a9cb84097ad2215d21fb604715e4e60e21382e1054c1ebcb83f8c03122,gx-no-cache=1490379427998 HTTP/1.1" 200 30
192.168.10.98 - - [24/Mar/2017:15:16:02 -0300] "POST /cormunbeta/servlet/hlogin?11aea4b1a093dd81cc5d69030ee1c34a,gx-no-cache=1490382642246 HTTP/1.1" 200 452
200.83.57.219 - - [24/Mar/2017:15:16:07 -0300] "POST /cormun/servlet/solicitudot?6b8e16f77053d68629d8d8818fcc5a95,INS,0,0,,gx-no-cache=1490379432954 HTTP/1.1" 200 93
200.83.57.219 - - [24/Mar/2017:15:16:07 -0300] "GET /cormun/servlet/hpexe_return? HTTP/1.1" 200 1005
200.83.57.219 - - [24/Mar/2017:15:16:07 -0300] "GET /cormun/servlet/trsolicitudot HTTP/1.1" 200 10070
200.83.57.219 - - [24/Mar/2017:15:16:08 -0300] "GET /cormun/servlet/trsolicitudot HTTP/1.1" 200 10066
200.83.57.219 - - [24/Mar/2017:15:16:26 -0300] "POST /cormun/servlet/trsolicitudot?6b8e16f77053d68629d8d8818fcc5a95,gx-no-cache=1490379451462 HTTP/1.1" 200 104
200.83.57.219 - - [24/Mar/2017:15:16:26 -0300] "GET /cormun/servlet/solicitudot?UPD,2017,5717, HTTP/1.1" 200 14590
200.83.57.219 - - [24/Mar/2017:15:16:26 -0300] "GET /cormun/servlet/solicitudot?UPD,2017,5717, HTTP/1.1" 200 14600
200.83.57.219 - - [24/Mar/2017:15:16:27 -0300] "POST /cormun/servlet/solicitudot?gx-no-cache=1490379452815 HTTP/1.1" 200 3193
200.83.57.219 - - [24/Mar/2017:15:16:27 -0300] "POST /cormun/servlet/solicitudot?6b8e16f77053d68629d8d8818fcc5a95,UPD,2017,5717,,gx-no-cache=1490379453023 HTTP/1.1" 200 11054
200.83.57.219 - - [24/Mar/2017:15:16:27 -0300] "GET /cormun/servlet/solicitudot?075f0c42c66555d44e40dbb989f69e0174695ab6a157ee5a2d0a70e82ab4cce52b1d8b4dca4608de19ec5a39c885ebd0,gx-no-cache=1490379453269 HTTP/1.1" 200 30
200.83.57.219 - - [24/Mar/2017:15:16:27 -0300] "POST /cormun/servlet/solicitudot?gx-no-cache=1490379453352 HTTP/1.1" 200 254
200.83.57.219 - - [24/Mar/2017:15:16:27 -0300] "GET /cormun/servlet/solicitudot?075f0c42c66555d44e40dbb989f69e01f3d730794c019845facd80e4c7731e0f0a0e2ea1df6a340772d8ef5ada0f98b1284424a31342d15ec5f1743630def7f29e808961e2eabb13230f456672e266921abadc016d30a2a44381b87c40a156b0f9ed7d43a088051206a09c149df3ea88681cae09c313399c41cc326e951b6d090725e6b90b8eb1df7137d478d71c5911f3fe13e40d686f34a1f81f32c7240af4f8b26b3a655aca99d3cdbb65e216c6b4fd299f3fc222a600ff353a60a0fba4d543e8acbe74627366c621a3a86b24f0982c82bfbc56fadac5571741dc9fb7e6648099d1ef4bf445cb042ce235f4108fab604041e85e311cdd322b4938a1fab69111d698d006bc8892c86ad84ba006716cd955c59a0f08f1c88af47d28174324d0d83d948a1bc832671ec26f9176e89c3c256e0bcf57dd8858deb4249e70b5806cc336bf0d13e03844b2bed39c2c914e22a655e4cfb46871dde22a7426956119d5d4d4e0990de97b92f42941e4408b01ed8a7aeead92ed93c65ab848b02f04ad3d,gx-no-cache=1490379453443 HTTP/1.1" 200 30
200.83.57.219 - - [24/Mar/2017:15:16:27 -0300] "POST /cormun/servlet/solicitudot?gx-no-cache=1490379453523 HTTP/1.1" 200 30
200.83.57.219 - - [24/Mar/2017:15:16:27 -0300] "POST /cormun/servlet/solicitudot?gx-no-cache=1490379453602 HTTP/1.1" 200 1287
200.83.57.219 - - [24/Mar/2017:15:16:28 -0300] "POST /cormun/servlet/solicitudot?gx-no-cache=1490379453705 HTTP/1.1" 200 41
186.103.156.211 - - [24/Mar/2017:15:16:42 -0300] "POST /cormun/servlet/hlogin?469290677e5e214471f985571f08fe79,gx-no-cache=1490379470737 HTTP/1.1" 200 90
186.103.156.211 - - [24/Mar/2017:15:16:42 -0300] "GET /cormun/servlet/hpexe_link HTTP/1.1" 200 965
186.103.156.211 - - [24/Mar/2017:15:16:42 -0300] "GET /cormun/static/gxcfg.js?201731711483381 HTTP/1.1" 304 -
186.103.156.211 - - [24/Mar/2017:15:16:42 -0300] "GET /cormun/static/hpexe_link.js?201731711483384 HTTP/1.1" 304 -
186.103.156.211 - - [24/Mar/2017:15:16:42 -0300] "GET /cormun/servlet/licenciaspermisos?INS,0,,, HTTP/1.1" 200 7219
186.103.156.211 - - [24/Mar/2017:15:16:43 -0300] "GET /cormun/servlet/licenciaspermisos?INS,0,,, HTTP/1.1" 200 7217
200.83.57.219 - - [24/Mar/2017:15:16:52 -0300] "GET /cormun/servlet/solicitudot?075f0c42c66555d44e40dbb989f69e015b16f56b80219570904c58c44bd53d24cad6e61780a324fff2c5c3b7fabcd3676756cbba771ce2adac30ba016b8c3c77171f71dc2a0cb69a9ba86e1755caa0bee9b24bf06e73ed95dc8818cdf330f7975c39c239f316ed04f6d397a5738dbca4d228de7f9b28589c229184f86b251c4c08816d75b7a3fe7a3fa2799df153873adb25ebcec681b96779f15864f8d6df37,gx-no-cache=1490379478255 HTTP/1.1" 200 29
200.83.57.219 - - [24/Mar/2017:15:16:52 -0300] "POST /cormun/servlet/solicitudot?gx-no-cache=1490379478429 HTTP/1.1" 200 1274
200.83.57.219 - - [24/Mar/2017:15:16:52 -0300] "POST /cormun/servlet/solicitudot?gx-no-cache=1490379478586 HTTP/1.1" 200 1157
200.83.57.219 - - [24/Mar/2017:15:16:53 -0300] "GET /cormun/servlet/solicitudot?075f0c42c66555d44e40dbb989f69e01b01c98b950b75099993f5bda7021502ee0aa1795acfffe45db3b06e6819b413f8f947f07209db600ccc335fccf84231615406f3b8177d0794fb6c00a72e1ff9f8e7a251d0952b8ca3c77acef1598b5193c907d59d2078086365fd5fd251bc4475ebd13da53f6ae0bca8fca4062d418aaedfb051b1a86af5aeddb73fd62cf9be0178517a9cb84097ad2215d21fb604715e4e60e21382e1054c1ebcb83f8c03122,gx-no-cache=1490379478681 HTTP/1.1" 200 30
200.83.57.219 - - [24/Mar/2017:15:16:53 -0300] "POST /cormun/servlet/solicitudot?6b8e16f77053d68629d8d8818fcc5a95,UPD,2017,5717,,gx-no-cache=1490379478775 HTTP/1.1" 200 93
200.83.57.219 - - [24/Mar/2017:15:16:53 -0300] "GET /cormun/servlet/hpexe_return? HTTP/1.1" 200 1009
200.83.57.219 - - [24/Mar/2017:15:16:53 -0300] "GET /cormun/servlet/trsolicitudot HTTP/1.1" 200 10072
200.83.57.219 - - [24/Mar/2017:15:16:54 -0300] "GET /cormun/servlet/trsolicitudot HTTP/1.1" 200 10068
200.83.57.219 - - [24/Mar/2017:15:17:03 -0300] "POST /cormun/servlet/trsolicitudot?6b8e16f77053d68629d8d8818fcc5a95,gx-no-cache=1490379488821 HTTP/1.1" 200 6823
200.83.57.219 - - [24/Mar/2017:15:17:03 -0300] "GET /cormun/static/Shared/jqueryui/images/ui-bg_highlight-soft_100_c6c2c8_1x100.png HTTP/1.1" 404 1117
200.83.57.219 - - [24/Mar/2017:15:17:03 -0300] "GET /cormun/static/Shared/jqueryui/images/ui-icons_82798d_256x240.png HTTP/1.1" 404 1089
200.83.57.219 - - [24/Mar/2017:15:17:03 -0300] "GET /cormun/static/Shared/jqueryui/images/ui-icons_8d78a5_256x240.png HTTP/1.1" 404 1089
200.83.57.219 - - [24/Mar/2017:15:17:03 -0300] "GET /cormun/static/Shared/jqueryui/images/ui-bg_flat_55_fafafa_40x100.png HTTP/1.1" 404 1097
200.83.57.219 - - [24/Mar/2017:15:17:03 -0300] "POST /cormun/servlet/trsolicitudot?6b8e16f77053d68629d8d8818fcc5a95,gx-no-cache=1490379489396 HTTP/1.1" 200 6768
200.83.57.219 - - [24/Mar/2017:15:17:06 -0300] "GET /cormun/servlet/trautorizarsolicitud? HTTP/1.1" 200 8315
200.83.57.219 - - [24/Mar/2017:15:17:06 -0300] "GET /cormun/servlet/trautorizarsolicitud? HTTP/1.1" 200 8315
200.83.57.219 - - [24/Mar/2017:15:17:10 -0300] "POST /cormun/servlet/trautorizarsolicitud?6b8e16f77053d68629d8d8818fcc5a95,,gx-no-cache=1490379496190 HTTP/1.1" 200 4319
200.83.57.219 - - [24/Mar/2017:15:17:10 -0300] "GET /cormun/static/Shared/jqueryui/images/ui-bg_highlight-soft_100_c6c2c8_1x100.png HTTP/1.1" 404 1117
200.83.57.219 - - [24/Mar/2017:15:17:10 -0300] "GET /cormun/static/Shared/jqueryui/images/ui-icons_82798d_256x240.png HTTP/1.1" 404 1089
200.83.57.219 - - [24/Mar/2017:15:17:10 -0300] "GET /cormun/static/Shared/jqueryui/images/ui-icons_8d78a5_256x240.png HTTP/1.1" 404 1089
200.83.57.219 - - [24/Mar/2017:15:17:10 -0300] "GET /cormun/static/Shared/jqueryui/images/ui-bg_flat_55_fafafa_40x100.png HTTP/1.1" 404 1097
200.83.57.219 - - [24/Mar/2017:15:17:11 -0300] "POST /cormun/servlet/trautorizarsolicitud?6b8e16f77053d68629d8d8818fcc5a95,,gx-no-cache=1490379496558 HTTP/1.1" 200 4106
200.83.57.219 - - [24/Mar/2017:15:17:15 -0300] "GET /cormun/servlet/trsolicitudot? HTTP/1.1" 200 9712
200.83.57.219 - - [24/Mar/2017:15:17:16 -0300] "GET /cormun/servlet/trsolicitudot? HTTP/1.1" 200 9711
200.83.57.219 - - [24/Mar/2017:15:17:19 -0300] "GET /cormun/servlet/solicitudot?INS,0,0, HTTP/1.1" 200 12915
200.83.57.219 - - [24/Mar/2017:15:17:19 -0300] "GET /cormun/servlet/solicitudot?INS,0,0, HTTP/1.1" 200 12920
200.83.57.219 - - [24/Mar/2017:15:17:29 -0300] "POST /cormun/servlet/solicitudot?gx-no-cache=1490379514787 HTTP/1.1" 200 3193
200.83.57.219 - - [24/Mar/2017:15:17:29 -0300] "POST /cormun/servlet/solicitudot?6b8e16f77053d68629d8d8818fcc5a95,INS,0,0,,gx-no-cache=1490379515118 HTTP/1.1" 200 9967
200.83.57.219 - - [24/Mar/2017:15:17:34 -0300] "GET /cormun/servlet/solicitudot?075f0c42c66555d44e40dbb989f69e0174695ab6a157ee5a2d0a70e82ab4cce5a7a4bfe9506753ed2308220a2eaa22d1,gx-no-cache=1490379520139 HTTP/1.1" 200 30
200.83.57.219 - - [24/Mar/2017:15:17:34 -0300] "POST /cormun/servlet/solicitudot?gx-no-cache=1490379520257 HTTP/1.1" 200 255
200.83.57.219 - - [24/Mar/2017:15:17:34 -0300] "GET /cormun/servlet/solicitudot?075f0c42c66555d44e40dbb989f69e01f3d730794c019845facd80e4c7731e0f0a0e2ea1df6a340772d8ef5ada0f98b1284424a31342d15ec5f1743630def7f29e808961e2eabb13230f456672e266921abadc016d30a2a44381b87c40a156b0f9ed7d43a088051206a09c149df3ea88681cae09c313399c41cc326e951b6d090725e6b90b8eb1df7137d478d71c5911f3fe13e40d686f34a1f81f32c7240af4f8b26b3a655aca99d3cdbb65e216c6b4fd299f3fc222a600ff353a60a0fba4d543e8acbe74627366c621a3a86b24f0982c82bfbc56fadac5571741dc9fb7e6648099d1ef4bf445cb042ce235f4108fab604041e85e311cdd322b4938a1fab69111d698d006bc8892c86ad84ba006716cd955c59a0f08f1c88af47d28174324d0d83d948a1bc832671ec26f9176e89c3c256e0bcf57dd8858deb4249e70b5806cc336bf0d13e03844b2bed39c2c914e22a655e4cfb46871dde22a7426956119d5d4d4e0990de97b92f42941e4408b01edc71525279f72ae279f14dd1acd761ea3,gx-no-cache=1490379520347 HTTP/1.1" 200 30
200.83.57.219 - - [24/Mar/2017:15:17:37 -0300] "POST /cormun/servlet/solicitudot?gx-no-cache=1490379523281 HTTP/1.1" 200 30
186.103.156.211 - - [24/Mar/2017:15:18:02 -0300] "GET /cormun/servlet/trsolicitudot? HTTP/1.1" 200 8677
186.103.156.211 - - [24/Mar/2017:15:18:02 -0300] "GET /cormun/static/gxcfg.js?201731711505139 HTTP/1.1" 304 -
186.103.156.211 - - [24/Mar/2017:15:18:02 -0300] "GET /cormun/static/trsolicitudot.js?20173171151116 HTTP/1.1" 304 -
186.103.156.211 - - [24/Mar/2017:15:18:02 -0300] "GET /cormun/servlet/trsolicitudot? HTTP/1.1" 200 8669
186.103.156.211 - - [24/Mar/2017:15:18:12 -0300] "GET /cormun/servlet/solicitudot?INS,0,0, HTTP/1.1" 200 12796
186.103.156.211 - - [24/Mar/2017:15:18:12 -0300] "GET /cormun/static/gxcfg.js?20171191042720 HTTP/1.1" 304 -
186.103.156.211 - - [24/Mar/2017:15:18:12 -0300] "GET /cormun/static/solicitudot.js?2017119104297 HTTP/1.1" 304 -
186.103.156.211 - - [24/Mar/2017:15:18:12 -0300] "GET /cormun/static/Resources/Spanish/PXTools.css?18365030 HTTP/1.1" 200 89042
186.103.156.211 - - [24/Mar/2017:15:18:13 -0300] "GET /cormun/servlet/solicitudot?INS,0,0, HTTP/1.1" 200 12801
186.103.156.211 - - [24/Mar/2017:15:18:46 -0300] "POST /cormun/servlet/solicitudot?gx-no-cache=1490379594402 HTTP/1.1" 200 3081
186.103.156.211 - - [24/Mar/2017:15:18:46 -0300] "POST /cormun/servlet/solicitudot?469290677e5e214471f985571f08fe79,INS,0,0,,gx-no-cache=1490379594674 HTTP/1.1" 200 9863
186.103.156.211 - - [24/Mar/2017:15:18:51 -0300] "GET /cormun/servlet/solicitudot?ec6ca79f4c48cf791c8a1a3477dd7b6126ee38203a4fb842a70597efccd6957985e596ca34e88214f513aa9145c7b860,gx-no-cache=1490379599441 HTTP/1.1" 200 30
186.103.156.211 - - [24/Mar/2017:15:20:51 -0300] "POST /cormun/servlet/solicitudot?gx-no-cache=1490379720134 HTTP/1.1" 200 256
186.103.156.211 - - [24/Mar/2017:15:20:59 -0300] "GET /cormun/servlet/solicitudot?ec6ca79f4c48cf791c8a1a3477dd7b6116c13b0279ef31d64d87dc95fa06ccafefd3f384cfd85d60c90b3a624fee95faba8fcce7ddd2fa62148842580a014deb3dc7b3246ee831f1c0f548e4fd638452c8c677e59057a0181442b1e486592f0321aa87452440aed6f6832d3d4ad5039effd95310b879f4b7ef18e540cee37f961fdae4e24aba84d4461eb5562f6b2d68b732fc525a888414df70a4cbe97ee0acbb4f8da17bc36df89a32b71b07a209dd4c5cf095b694a1dd83dbcff409da6f499d8dfa410eee9bf661714a67b83326d10cb1bb14d996b78deaf2e9d8ce8effe7e4033f6920693aa0b46305ab59b14b87976a2d3340ba643cc7b271ed304b847cf26689d12de6ab8520c7d9d76b9a07116ab7a29a2b20d8b2ae823c44fe70dc3a660d473f361016f8f6234ebd094a6535e6104f9002bfbf1b94bb9eb80cbc1db85d4888d45f80566b75a6f44d679151c51e1b46c6088392f4e01ad718db28eafc8d671c2907631ab8c9fd2782de1d03e26a982dbd5836382533cd7f2cbed4a7d3,gx-no-cache=1490379727691 HTTP/1.1" 200 30
186.103.156.211 - - [24/Mar/2017:15:21:04 -0300] "POST /cormun/servlet/solicitudot?gx-no-cache=1490379732446 HTTP/1.1" 200 30
186.103.156.211 - - [24/Mar/2017:15:21:08 -0300] "POST /cormun/servlet/solicitudot?gx-no-cache=1490379736895 HTTP/1.1" 200 235
186.103.156.211 - - [24/Mar/2017:15:21:08 -0300] "POST /cormun/servlet/solicitudot?gx-no-cache=1490379737039 HTTP/1.1" 200 38
192.168.10.98 - - [24/Mar/2017:15:21:13 -0300] "GET /cormunbeta/servlet/hlogin HTTP/1.1" 200 1718
200.83.57.219 - - [24/Mar/2017:15:21:16 -0300] "POST /cormun/servlet/solicitudot?gx-no-cache=1490379741737 HTTP/1.1" 200 235
200.83.57.219 - - [24/Mar/2017:15:21:16 -0300] "POST /cormun/servlet/solicitudot?gx-no-cache=1490379741984 HTTP/1.1" 200 38
192.168.10.98 - - [24/Mar/2017:15:21:35 -0300] "POST /cormunbeta/servlet/hlogin?11aea4b1a093dd81cc5d69030ee1c34a,gx-no-cache=1490382974808 HTTP/1.1" 200 424
186.103.156.211 - - [24/Mar/2017:15:21:43 -0300] "GET /cormun/servlet/solicitudot?ec6ca79f4c48cf791c8a1a3477dd7b61685356f71ba4a93debe9cba8f0c01bf10c1b26b9ae19c44e94b1e7790283469f9ed6e54346681b0945a02d0a1d43bd0ef4effbaefdebba5f02c61eb8dc39e1e96f24da722429266caa058e706c94d2f2f1942f8bcae30f61650396964061369b,gx-no-cache=1490379771749 HTTP/1.1" 200 29
186.103.156.211 - - [24/Mar/2017:15:21:43 -0300] "POST /cormun/servlet/solicitudot?gx-no-cache=1490379771838 HTTP/1.1" 200 643
186.103.156.211 - - [24/Mar/2017:15:21:47 -0300] "POST /cormun/servlet/solicitudot?gx-no-cache=1490379775677 HTTP/1.1" 200 1157
192.168.10.98 - - [24/Mar/2017:15:21:49 -0300] "POST /cormunbeta/servlet/hlogin?11aea4b1a093dd81cc5d69030ee1c34a,gx-no-cache=1490382988767 HTTP/1.1" 200 424
200.83.57.219 - - [24/Mar/2017:15:22:04 -0300] "POST /cormun/servlet/solicitudot?gx-no-cache=1490379790325 HTTP/1.1" 200 30
200.83.57.219 - - [24/Mar/2017:15:22:04 -0300] "POST /cormun/servlet/solicitudot?gx-no-cache=1490379790525 HTTP/1.1" 200 656
200.83.57.219 - - [24/Mar/2017:15:22:04 -0300] "POST /cormun/servlet/solicitudot?gx-no-cache=1490379790639 HTTP/1.1" 200 38
192.168.10.98 - - [24/Mar/2017:15:22:07 -0300] "POST /cormunbeta/servlet/hlogin?11aea4b1a093dd81cc5d69030ee1c34a,gx-no-cache=1490383006617 HTTP/1.1" 200 422
200.83.57.219 - - [24/Mar/2017:15:22:08 -0300] "GET /cormun/servlet/solicitudot?075f0c42c66555d44e40dbb989f69e01e400e11d2389fb1eae5b1d7707e2028196cae545f50ea8bc73631d70ffb461e52fedb81a6d5a8cee4ef2faf941b126df34e895b587e64d2c1be3c4560dce593e54d04a22273e9e58e89f8dbc90554bdb8cc73f3b440e2033214f88597adf2eaa686de166750b32e09e3864c342886ae99b00d81b149e124f997488784b9289adbb6ba45af79bcb55b5b844d51b2229ab,gx-no-cache=1490379794379 HTTP/1.1" 200 29
200.83.57.219 - - [24/Mar/2017:15:22:08 -0300] "POST /cormun/servlet/solicitudot?gx-no-cache=1490379794451 HTTP/1.1" 200 643
200.83.57.219 - - [24/Mar/2017:15:22:10 -0300] "POST /cormun/servlet/solicitudot?gx-no-cache=1490379795730 HTTP/1.1" 200 1157
192.168.10.98 - - [24/Mar/2017:15:22:14 -0300] "POST /cormunbeta/servlet/hlogin?11aea4b1a093dd81cc5d69030ee1c34a,gx-no-cache=1490383013724 HTTP/1.1" 200 424
200.83.57.219 - - [24/Mar/2017:15:22:18 -0300] "GET /cormun/static/menuarrow.gif HTTP/1.1" 404 1015
186.103.156.211 - - [24/Mar/2017:15:22:20 -0300] "GET /cormun/static/menuarrow.gif HTTP/1.1" 404 1015
200.83.57.219 - - [24/Mar/2017:15:22:28 -0300] "GET /cormun/servlet/solicitudot?075f0c42c66555d44e40dbb989f69e01b01c98b950b75099993f5bda7021502e2bfa787c8c79e321febeb3c45e415fa026e4be09015bb31b787c191e70515941d47043fae8627e63a21c5d134d3c60c9d6f0c7526bd941edd6f48d61fbf5f237e7057e036445abf6e16fc81612c4cd07c5faf4aea2bd4b71a3afff848e912a3bdd6f73a4199a113d4ff2aea888ff214c2c667a256373bf414428e3d895e0dcb0e3ef900d7a3490f71a51cd74b3b0e718,gx-no-cache=1490379814589 HTTP/1.1" 200 30
192.168.10.98 - - [24/Mar/2017:15:22:29 -0300] "POST /cormunbeta/servlet/hlogin?11aea4b1a093dd81cc5d69030ee1c34a,gx-no-cache=1490383029084 HTTP/1.1" 200 424
200.83.57.219 - - [24/Mar/2017:15:22:37 -0300] "POST /cormun/servlet/solicitudot?6b8e16f77053d68629d8d8818fcc5a95,INS,0,0,,gx-no-cache=1490379822987 HTTP/1.1" 200 93
200.83.57.219 - - [24/Mar/2017:15:22:37 -0300] "GET /cormun/servlet/hpexe_return? HTTP/1.1" 200 1005
200.83.57.219 - - [24/Mar/2017:15:22:37 -0300] "GET /cormun/servlet/trsolicitudot HTTP/1.1" 200 10088
200.83.57.219 - - [24/Mar/2017:15:22:38 -0300] "GET /cormun/servlet/trsolicitudot HTTP/1.1" 200 10084
200.83.57.219 - - [24/Mar/2017:15:22:43 -0300] "POST /cormun/servlet/trsolicitudot?6b8e16f77053d68629d8d8818fcc5a95,gx-no-cache=1490379828967 HTTP/1.1" 200 6825
200.83.57.219 - - [24/Mar/2017:15:22:43 -0300] "GET /cormun/static/Shared/jqueryui/images/ui-bg_highlight-soft_100_c6c2c8_1x100.png HTTP/1.1" 404 1117
200.83.57.219 - - [24/Mar/2017:15:22:43 -0300] "GET /cormun/static/Shared/jqueryui/images/ui-icons_82798d_256x240.png HTTP/1.1" 404 1089
200.83.57.219 - - [24/Mar/2017:15:22:43 -0300] "GET /cormun/static/Shared/jqueryui/images/ui-bg_flat_55_fafafa_40x100.png HTTP/1.1" 404 1097
200.83.57.219 - - [24/Mar/2017:15:22:43 -0300] "GET /cormun/static/Shared/jqueryui/images/ui-icons_8d78a5_256x240.png HTTP/1.1" 404 1089
200.83.57.219 - - [24/Mar/2017:15:22:44 -0300] "POST /cormun/servlet/trsolicitudot?6b8e16f77053d68629d8d8818fcc5a95,gx-no-cache=1490379829412 HTTP/1.1" 200 6767
200.83.57.219 - - [24/Mar/2017:15:22:46 -0300] "GET /cormun/servlet/trautorizarsolicitud? HTTP/1.1" 200 8304
200.83.57.219 - - [24/Mar/2017:15:22:46 -0300] "GET /cormun/servlet/trautorizarsolicitud? HTTP/1.1" 200 8306
192.168.10.98 - - [24/Mar/2017:15:22:48 -0300] "GET /cormunbeta/servlet/hlogin HTTP/1.1" 200 1718
200.83.57.219 - - [24/Mar/2017:15:22:48 -0300] "POST /cormun/servlet/trautorizarsolicitud?6b8e16f77053d68629d8d8818fcc5a95,,gx-no-cache=1490379834185 HTTP/1.1" 200 4307
200.83.57.219 - - [24/Mar/2017:15:22:48 -0300] "GET /cormun/static/Shared/jqueryui/images/ui-bg_highlight-soft_100_c6c2c8_1x100.png HTTP/1.1" 404 1117
200.83.57.219 - - [24/Mar/2017:15:22:48 -0300] "GET /cormun/static/Shared/jqueryui/images/ui-icons_82798d_256x240.png HTTP/1.1" 404 1089
200.83.57.219 - - [24/Mar/2017:15:22:48 -0300] "GET /cormun/static/Shared/jqueryui/images/ui-bg_flat_55_fafafa_40x100.png HTTP/1.1" 404 1097
200.83.57.219 - - [24/Mar/2017:15:22:48 -0300] "GET /cormun/static/Shared/jqueryui/images/ui-icons_8d78a5_256x240.png HTTP/1.1" 404 1089
200.83.57.219 - - [24/Mar/2017:15:22:48 -0300] "POST /cormun/servlet/trautorizarsolicitud?6b8e16f77053d68629d8d8818fcc5a95,,gx-no-cache=1490379834383 HTTP/1.1" 200 4104
200.83.57.219 - - [24/Mar/2017:15:22:52 -0300] "GET /cormun/servlet/trsolicitudot? HTTP/1.1" 200 9712
200.83.57.219 - - [24/Mar/2017:15:22:52 -0300] "GET /cormun/servlet/trsolicitudot? HTTP/1.1" 200 9711
