186.103.157.42 - - [24/Mar/2017:12:14:35 -0300] "GET /cormun/static/hhome.js?20173171148352 HTTP/1.1" 304 -
186.103.157.42 - - [24/Mar/2017:12:14:36 -0300] "GET /cormun/servlet/hhome HTTP/1.1" 200 4042
186.103.157.42 - - [24/Mar/2017:12:14:39 -0300] "GET /cormun/servlet/trlicencias? HTTP/1.1" 200 6914
186.103.157.42 - - [24/Mar/2017:12:14:39 -0300] "GET /cormun/static/gxcfg.js?2016122619301429 HTTP/1.1" 200 953
186.103.157.42 - - [24/Mar/2017:12:14:39 -0300] "GET /cormun/static/Resources/Spanish/PXTools.css?18365030 HTTP/1.1" 304 -
186.103.157.42 - - [24/Mar/2017:12:14:39 -0300] "GET /cormun/static/trlicencias.js?2016122619301919 HTTP/1.1" 200 37913
192.168.10.60 - - [24/Mar/2017:12:14:39 -0300] "GET /cormun/static/menuarrow.gif HTTP/1.1" 404 1015
186.103.157.42 - - [24/Mar/2017:12:14:40 -0300] "GET /cormun/static/Shared/ext/resources/css/ext-all.css?215870 HTTP/1.1" 200 416045
186.103.157.42 - - [24/Mar/2017:12:14:42 -0300] "GET /cormun/servlet/trlicencias? HTTP/1.1" 200 6913
192.168.10.60 - - [24/Mar/2017:12:14:52 -0300] "POST /cormun/servlet/trautorizarot?67ea05d96934936f7c8fd9276c321b0d,,gx-no-cache=1490367735557 HTTP/1.1" 200 12634
186.103.157.42 - - [24/Mar/2017:12:15:19 -0300] "GET /cormun/servlet/licenciaspermisos?INS,0,,, HTTP/1.1" 200 7432
186.103.157.42 - - [24/Mar/2017:12:15:20 -0300] "GET /cormun/static/gxcfg.js?201731711384427 HTTP/1.1" 200 953
186.103.157.42 - - [24/Mar/2017:12:15:20 -0300] "GET /cormun/static/licenciaspermisos.js?201731711384498 HTTP/1.1" 200 33773
186.103.157.42 - - [24/Mar/2017:12:15:20 -0300] "GET /cormun/servlet/licenciaspermisos?INS,0,,, HTTP/1.1" 200 7430
186.103.157.42 - - [24/Mar/2017:12:15:28 -0300] "GET /cormun/servlet/licenciaspermisos?93b27ec7ed1e4d25e8ff448c3fdd7d641f6b7026d3af04b4d03bc1a574f977f58d3942b973818967fe4148902cab1f25,gx-no-cache=1490368604150 HTTP/1.1" 200 55
186.103.157.42 - - [24/Mar/2017:12:15:29 -0300] "POST /cormun/servlet/licenciaspermisos?1bbacde9d6ffc68953cd0d7052a28b11,INS,0,,,,gx-no-cache=1490368604248 HTTP/1.1" 200 4612
186.103.157.42 - - [24/Mar/2017:12:15:48 -0300] "GET /cormun/static/menuarrow.gif HTTP/1.1" 404 1015
192.168.10.60 - - [24/Mar/2017:12:16:09 -0300] "POST /cormun/servlet/trautorizarot?67ea05d96934936f7c8fd9276c321b0d,,gx-no-cache=1490367812233 HTTP/1.1" 200 10387
192.168.10.60 - - [24/Mar/2017:12:16:51 -0300] "POST /cormun/servlet/trautorizarot?67ea05d96934936f7c8fd9276c321b0d,,gx-no-cache=1490367854786 HTTP/1.1" 200 9732
192.168.10.89 - - [24/Mar/2017:12:16:54 -0300] "POST /cormun/servlet/trsolicitudgral?9775e5be945faaca97d6b7e03c813d34,,gx-no-cache=1490371894352 HTTP/1.1" 200 6671
192.168.10.60 - - [24/Mar/2017:12:17:05 -0300] "POST /cormun/servlet/trautorizarot?67ea05d96934936f7c8fd9276c321b0d,,gx-no-cache=1490367868928 HTTP/1.1" 200 8302
192.168.10.60 - - [24/Mar/2017:12:17:09 -0300] "POST /cormun/servlet/trautorizarot?67ea05d96934936f7c8fd9276c321b0d,,gx-no-cache=1490367872284 HTTP/1.1" 200 7937
186.103.157.42 - - [24/Mar/2017:12:17:13 -0300] "GET /cormun/servlet/licenciaspermisos?93b27ec7ed1e4d25e8ff448c3fdd7d64bd733fcc041421c653bf6e9b5bcff1eb01bbd0d396cf1702844f65b707429da2458485ec5ef1a0d061ea751d55f3e93944786e8019c83da00249a686ec971a55ae6670ce241792ee36053b83d5d39fb9bcdc7fba3c7d31652e5170c496359d99e5f756cfb64f8748fab4d9010780c485194f73574dd923de7bec916431370b4eb9ae65db9f4a2153ae72123e13354567a7237d92cb454de63c2cde0c4a212b4d,gx-no-cache=1490368708837 HTTP/1.1" 200 30
186.103.157.42 - - [24/Mar/2017:12:17:13 -0300] "GET /cormun/servlet/licenciaspermisos?93b27ec7ed1e4d25e8ff448c3fdd7d64f3d794f8a8c904007b5fb9335ced6544211d565989cec142ad0bd321a6ede1ca6a34c22ed61e3d8895c097a294b439e507ff9f5ff8c9e2dfead6109c13d4477499a36c5379c79548a7c01bf9a40f837e11210499cd255e4a7f3beff25b5c5732c8afc3191860ec26850bed5e8ce2be96d3c4ab45f59b7412768c89410ec4b13243379b35dec9cfc048c17cb405f8889797d1eb1d2c42f7af605eb22e09b4a70c,gx-no-cache=1490368708882 HTTP/1.1" 200 29
186.103.157.42 - - [24/Mar/2017:12:17:13 -0300] "POST /cormun/servlet/licenciaspermisos?1bbacde9d6ffc68953cd0d7052a28b11,INS,0,,,,gx-no-cache=1490368708930 HTTP/1.1" 200 93
186.103.157.42 - - [24/Mar/2017:12:17:13 -0300] "GET /cormun/servlet/hpexe_return? HTTP/1.1" 200 1015
186.103.157.42 - - [24/Mar/2017:12:17:13 -0300] "GET /cormun/static/Resources/Spanish/PXTools.css?167811 HTTP/1.1" 304 -
186.103.157.42 - - [24/Mar/2017:12:17:13 -0300] "GET /cormun/static/gxcfg.js?2016101716175148 HTTP/1.1" 304 -
186.103.157.42 - - [24/Mar/2017:12:17:13 -0300] "GET /cormun/static/hpexe_return.js?2016101716175153 HTTP/1.1" 304 -
186.103.157.42 - - [24/Mar/2017:12:17:13 -0300] "GET /cormun/servlet/trlicencias HTTP/1.1" 200 8052
186.103.157.42 - - [24/Mar/2017:12:17:14 -0300] "GET /cormun/servlet/trlicencias HTTP/1.1" 200 8048
186.103.157.42 - - [24/Mar/2017:12:17:17 -0300] "GET /cormun/servlet/trlicenciaspermisosadjuntos?15804866,20170324000000,L, HTTP/1.1" 200 6389
186.103.157.42 - - [24/Mar/2017:12:17:17 -0300] "GET /cormun/static/gxcfg.js?20173171154619 HTTP/1.1" 200 953
186.103.157.42 - - [24/Mar/2017:12:17:17 -0300] "GET /cormun/static/trlicenciaspermisosadjuntos.js?20173171154971 HTTP/1.1" 200 21005
186.103.157.42 - - [24/Mar/2017:12:17:18 -0300] "GET /cormun/servlet/trlicenciaspermisosadjuntos?15804866,20170324000000,L, HTTP/1.1" 200 6390
192.168.10.60 - - [24/Mar/2017:12:17:18 -0300] "POST /cormun/servlet/trautorizarot?67ea05d96934936f7c8fd9276c321b0d,,gx-no-cache=1490367881333 HTTP/1.1" 200 5162
186.103.157.42 - - [24/Mar/2017:12:17:19 -0300] "GET /cormun/servlet/licenciaspermisosadjuntos?INS,15804866,L,20170324000000,, HTTP/1.1" 200 5684
186.103.157.42 - - [24/Mar/2017:12:17:19 -0300] "GET /cormun/static/gxcfg.js?201731711421170 HTTP/1.1" 200 953
186.103.157.42 - - [24/Mar/2017:12:17:19 -0300] "GET /cormun/static/licenciaspermisosadjuntos.js?201731711421181 HTTP/1.1" 200 8757
186.103.157.42 - - [24/Mar/2017:12:17:19 -0300] "GET /cormun/static/about:blank HTTP/1.1" 404 1011
186.103.157.42 - - [24/Mar/2017:12:17:20 -0300] "GET /cormun/servlet/licenciaspermisosadjuntos?INS,15804866,L,20170324000000,, HTTP/1.1" 200 5674
192.168.10.60 - - [24/Mar/2017:12:17:25 -0300] "POST /cormun/servlet/trautorizarot?67ea05d96934936f7c8fd9276c321b0d,,gx-no-cache=1490367888997 HTTP/1.1" 200 13099
186.103.157.42 - - [24/Mar/2017:12:17:30 -0300] "POST /cormun/servlet/licenciaspermisosadjuntos?1bbacde9d6ffc68953cd0d7052a28b11,INS,15804866,L,20170324000000,, HTTP/1.1" 200 116
186.103.157.42 - - [24/Mar/2017:12:17:30 -0300] "GET /cormun/servlet/hpexe_return? HTTP/1.1" 200 1045
186.103.157.42 - - [24/Mar/2017:12:17:30 -0300] "GET /cormun/servlet/trlicenciaspermisosadjuntos?15804866,20170324000000,L, HTTP/1.1" 200 6885
186.103.157.42 - - [24/Mar/2017:12:17:31 -0300] "GET /cormun/servlet/trlicenciaspermisosadjuntos?15804866,20170324000000,L, HTTP/1.1" 200 6880
186.103.157.42 - - [24/Mar/2017:12:17:36 -0300] "POST /cormun/servlet/trlicenciaspermisosadjuntos?1bbacde9d6ffc68953cd0d7052a28b11,15804866,20170324000000,L,,gx-no-cache=1490368731844 HTTP/1.1" 200 90
186.103.157.42 - - [24/Mar/2017:12:17:36 -0300] "GET /cormun/servlet/hpexe_link HTTP/1.1" 200 989
186.103.157.42 - - [24/Mar/2017:12:17:36 -0300] "GET /cormun/servlet/trlicencias HTTP/1.1" 200 8050
186.103.157.42 - - [24/Mar/2017:12:17:37 -0300] "GET /cormun/servlet/trlicencias HTTP/1.1" 200 8048
186.103.157.42 - - [24/Mar/2017:12:17:43 -0300] "GET /cormun/servlet/alicenciaprn?15804866,L,20170324000000,PU HTTP/1.1" 200 1519
186.103.157.42 - - [24/Mar/2017:12:17:43 -0300] "GET /cormun/servlet/alicenciaprn?15804866,L,20170324000000,PU HTTP/1.1" 200 1519
192.168.10.60 - - [24/Mar/2017:12:17:59 -0300] "POST /cormun/servlet/trautorizarot?67ea05d96934936f7c8fd9276c321b0d,,gx-no-cache=1490367922481 HTTP/1.1" 200 7693
192.168.10.60 - - [24/Mar/2017:12:18:07 -0300] "POST /cormun/servlet/trautorizarot?67ea05d96934936f7c8fd9276c321b0d,,gx-no-cache=1490367930576 HTTP/1.1" 200 6664
192.168.10.60 - - [24/Mar/2017:12:18:11 -0300] "POST /cormun/servlet/trautorizarot?67ea05d96934936f7c8fd9276c321b0d,,gx-no-cache=1490367934662 HTTP/1.1" 200 5164
192.168.10.60 - - [24/Mar/2017:12:18:18 -0300] "POST /cormun/servlet/trautorizarot?67ea05d96934936f7c8fd9276c321b0d,,gx-no-cache=1490367941511 HTTP/1.1" 200 12628
186.103.157.246 - - [24/Mar/2017:12:18:24 -0300] "POST /cormun/servlet/trsolicitudot?331768848a460545d2b566eadbde358d,gx-no-cache=1490372370319 HTTP/1.1" 200 106
186.103.157.246 - - [24/Mar/2017:12:18:24 -0300] "GET /cormun/servlet/trsolicitudadjuntos?2017,5709, HTTP/1.1" 200 5809
186.103.157.246 - - [24/Mar/2017:12:18:25 -0300] "GET /cormun/static/gxcfg.js?201731711504543 HTTP/1.1" 200 953
186.103.157.246 - - [24/Mar/2017:12:18:25 -0300] "GET /cormun/static/trsolicitudadjuntos.js?201731711504951 HTTP/1.1" 200 17913
186.103.157.246 - - [24/Mar/2017:12:18:29 -0300] "GET /cormun/servlet/solicitudotadjuntos?INS,2017,5709,,1, HTTP/1.1" 200 5743
186.103.157.246 - - [24/Mar/2017:12:18:29 -0300] "GET /cormun/static/gxcfg.js?201612218465951 HTTP/1.1" 200 953
186.103.157.246 - - [24/Mar/2017:12:18:29 -0300] "GET /cormun/static/about:blank HTTP/1.1" 404 1011
186.103.157.246 - - [24/Mar/2017:12:18:29 -0300] "GET /cormun/static/about:blank HTTP/1.1" 404 1011
186.103.157.246 - - [24/Mar/2017:12:18:30 -0300] "GET /cormun/static/solicitudotadjuntos.js?201612218465969 HTTP/1.1" 200 11762
186.103.157.246 - - [24/Mar/2017:12:18:31 -0300] "GET /cormun/servlet/solicitudotadjuntos?ce00ba2472ab63a496755eb3ec65cefb66586e18df54827b834caefa38e08ae2dd66916a5525a4454832207a574863ed,gx-no-cache=1490372377026 HTTP/1.1" 200 30
186.103.157.246 - - [24/Mar/2017:12:18:31 -0300] "POST /cormun/servlet/solicitudotadjuntos?331768848a460545d2b566eadbde358d,INS,2017,5709,,1,,gx-no-cache=1490372377400 HTTP/1.1" 200 3628
186.103.157.246 - - [24/Mar/2017:12:18:32 -0300] "POST /cormun/servlet/solicitudotadjuntos?gx-no-cache=1490372378149 HTTP/1.1" 200 26
192.168.10.60 - - [24/Mar/2017:12:18:34 -0300] "POST /cormun/servlet/trautorizarot?67ea05d96934936f7c8fd9276c321b0d,,gx-no-cache=1490367957886 HTTP/1.1" 200 11349
192.168.10.60 - - [24/Mar/2017:12:18:45 -0300] "POST /cormun/servlet/trautorizarot?67ea05d96934936f7c8fd9276c321b0d,,gx-no-cache=1490367968753 HTTP/1.1" 200 10642
186.103.157.246 - - [24/Mar/2017:12:18:50 -0300] "GET /cormun/servlet/solicitudotadjuntos?ce00ba2472ab63a496755eb3ec65cefbffb82231a3c64923ec7bae4724cf4cd1,gx-no-cache=1490372396370 HTTP/1.1" 200 30
186.103.157.246 - - [24/Mar/2017:12:18:50 -0300] "GET /cormun/servlet/solicitudotadjuntos?ce00ba2472ab63a496755eb3ec65cefbffb82231a3c64923ec7bae4724cf4cd1,gx-no-cache=1490372396432 HTTP/1.1" 200 30
186.103.157.246 - - [24/Mar/2017:12:18:51 -0300] "POST /cormun/servlet/solicitudotadjuntos?331768848a460545d2b566eadbde358d,INS,2017,5709,,1, HTTP/1.1" 200 116
186.103.157.246 - - [24/Mar/2017:12:18:51 -0300] "GET /cormun/servlet/hpexe_return? HTTP/1.1" 200 1008
186.103.157.246 - - [24/Mar/2017:12:18:51 -0300] "GET /cormun/servlet/trsolicitudadjuntos?2017,5709, HTTP/1.1" 200 7892
186.103.157.42 - - [24/Mar/2017:12:18:56 -0300] "POST /cormun/servlet/trlicencias?1bbacde9d6ffc68953cd0d7052a28b11,gx-no-cache=1490368811967 HTTP/1.1" 200 4223
186.103.157.42 - - [24/Mar/2017:12:18:56 -0300] "GET /cormun/static/Shared/jqueryui/images/ui-bg_highlight-soft_100_c6c2c8_1x100.png HTTP/1.1" 404 1117
186.103.157.42 - - [24/Mar/2017:12:18:56 -0300] "GET /cormun/static/Shared/jqueryui/images/ui-icons_82798d_256x240.png HTTP/1.1" 404 1089
186.103.157.42 - - [24/Mar/2017:12:18:56 -0300] "GET /cormun/static/Shared/jqueryui/images/ui-bg_flat_55_fafafa_40x100.png HTTP/1.1" 404 1097
186.103.157.42 - - [24/Mar/2017:12:18:56 -0300] "GET /cormun/static/Shared/jqueryui/images/ui-icons_8d78a5_256x240.png HTTP/1.1" 404 1089
186.103.157.246 - - [24/Mar/2017:12:18:57 -0300] "GET /cormun/servlet/solicitudotadjuntos?INS,2017,5709,,1, HTTP/1.1" 200 5743
186.103.157.246 - - [24/Mar/2017:12:18:57 -0300] "GET /cormun/static/about:blank HTTP/1.1" 404 1011
186.103.157.246 - - [24/Mar/2017:12:18:57 -0300] "GET /cormun/static/about:blank HTTP/1.1" 404 1011
186.103.157.246 - - [24/Mar/2017:12:18:58 -0300] "GET /cormun/servlet/solicitudotadjuntos?ce00ba2472ab63a496755eb3ec65cefb66586e18df54827b834caefa38e08ae2dd66916a5525a4454832207a574863ed,gx-no-cache=1490372404444 HTTP/1.1" 200 30
186.103.157.246 - - [24/Mar/2017:12:18:59 -0300] "POST /cormun/servlet/solicitudotadjuntos?331768848a460545d2b566eadbde358d,INS,2017,5709,,1,,gx-no-cache=1490372404818 HTTP/1.1" 200 3628
192.168.10.60 - - [24/Mar/2017:12:19:00 -0300] "POST /cormun/servlet/trautorizarot?67ea05d96934936f7c8fd9276c321b0d,,gx-no-cache=1490367983255 HTTP/1.1" 200 8886
186.103.157.246 - - [24/Mar/2017:12:19:08 -0300] "POST /cormun/servlet/solicitudotadjuntos?gx-no-cache=1490372414163 HTTP/1.1" 200 26
186.103.157.246 - - [24/Mar/2017:12:19:13 -0300] "GET /cormun/servlet/solicitudotadjuntos?ce00ba2472ab63a496755eb3ec65cefbffb82231a3c64923ec7bae4724cf4cd1,gx-no-cache=1490372419826 HTTP/1.1" 200 30
186.103.157.246 - - [24/Mar/2017:12:19:13 -0300] "GET /cormun/servlet/solicitudotadjuntos?ce00ba2472ab63a496755eb3ec65cefbffb82231a3c64923ec7bae4724cf4cd1,gx-no-cache=1490372419857 HTTP/1.1" 200 30
186.103.157.246 - - [24/Mar/2017:12:19:14 -0300] "POST /cormun/servlet/solicitudotadjuntos?331768848a460545d2b566eadbde358d,INS,2017,5709,,1, HTTP/1.1" 200 116
186.103.157.246 - - [24/Mar/2017:12:19:14 -0300] "GET /cormun/servlet/hpexe_return? HTTP/1.1" 200 1008
192.168.10.60 - - [24/Mar/2017:12:19:14 -0300] "POST /cormun/servlet/trautorizarot?67ea05d96934936f7c8fd9276c321b0d,,gx-no-cache=1490367997922 HTTP/1.1" 200 8439
186.103.157.246 - - [24/Mar/2017:12:19:14 -0300] "GET /cormun/servlet/trsolicitudadjuntos?2017,5709, HTTP/1.1" 200 8103
186.103.157.246 - - [24/Mar/2017:12:19:18 -0300] "GET /cormun/servlet/solicitudotadjuntos?INS,2017,5709,,1, HTTP/1.1" 200 5743
186.103.157.246 - - [24/Mar/2017:12:19:18 -0300] "GET /cormun/static/about:blank HTTP/1.1" 404 1011
186.103.157.246 - - [24/Mar/2017:12:19:18 -0300] "GET /cormun/static/about:blank HTTP/1.1" 404 1011
186.103.157.246 - - [24/Mar/2017:12:19:20 -0300] "GET /cormun/servlet/solicitudotadjuntos?ce00ba2472ab63a496755eb3ec65cefb66586e18df54827b834caefa38e08ae2dd66916a5525a4454832207a574863ed,gx-no-cache=1490372425652 HTTP/1.1" 200 30
186.103.157.246 - - [24/Mar/2017:12:19:20 -0300] "POST /cormun/servlet/solicitudotadjuntos?331768848a460545d2b566eadbde358d,INS,2017,5709,,1,,gx-no-cache=1490372426026 HTTP/1.1" 200 3628
186.103.157.246 - - [24/Mar/2017:12:19:22 -0300] "POST /cormun/servlet/solicitudotadjuntos?gx-no-cache=1490372428101 HTTP/1.1" 200 26
186.103.157.246 - - [24/Mar/2017:12:19:29 -0300] "POST /cormun/servlet/solicitudotadjuntos?gx-no-cache=1490372435183 HTTP/1.1" 200 26
186.103.157.246 - - [24/Mar/2017:12:19:34 -0300] "GET /cormun/servlet/solicitudotadjuntos?ce00ba2472ab63a496755eb3ec65cefbffb82231a3c64923ec7bae4724cf4cd1,gx-no-cache=1490372440830 HTTP/1.1" 200 30
186.103.157.246 - - [24/Mar/2017:12:19:34 -0300] "GET /cormun/servlet/solicitudotadjuntos?ce00ba2472ab63a496755eb3ec65cefbffb82231a3c64923ec7bae4724cf4cd1,gx-no-cache=1490372440877 HTTP/1.1" 200 30
186.103.157.246 - - [24/Mar/2017:12:19:35 -0300] "POST /cormun/servlet/solicitudotadjuntos?331768848a460545d2b566eadbde358d,INS,2017,5709,,1, HTTP/1.1" 200 116
186.103.157.246 - - [24/Mar/2017:12:19:35 -0300] "GET /cormun/servlet/hpexe_return? HTTP/1.1" 200 1008
186.103.157.246 - - [24/Mar/2017:12:19:35 -0300] "GET /cormun/servlet/trsolicitudadjuntos?2017,5709, HTTP/1.1" 200 8261
186.103.157.246 - - [24/Mar/2017:12:19:39 -0300] "GET /cormun/servlet/solicitudotadjuntos?INS,2017,5709,,1, HTTP/1.1" 200 5743
186.103.157.246 - - [24/Mar/2017:12:19:40 -0300] "GET /cormun/static/about:blank HTTP/1.1" 404 1011
186.103.157.246 - - [24/Mar/2017:12:19:40 -0300] "GET /cormun/static/about:blank HTTP/1.1" 404 1011
186.103.157.246 - - [24/Mar/2017:12:19:41 -0300] "GET /cormun/servlet/solicitudotadjuntos?ce00ba2472ab63a496755eb3ec65cefb66586e18df54827b834caefa38e08ae2dd66916a5525a4454832207a574863ed,gx-no-cache=1490372447190 HTTP/1.1" 200 30
186.103.157.246 - - [24/Mar/2017:12:19:42 -0300] "POST /cormun/servlet/solicitudotadjuntos?331768848a460545d2b566eadbde358d,INS,2017,5709,,1,,gx-no-cache=1490372447564 HTTP/1.1" 200 3628
186.103.157.246 - - [24/Mar/2017:12:19:47 -0300] "POST /cormun/servlet/solicitudotadjuntos?gx-no-cache=1490372453851 HTTP/1.1" 200 26
192.168.10.60 - - [24/Mar/2017:12:19:50 -0300] "POST /cormun/servlet/trautorizarot?67ea05d96934936f7c8fd9276c321b0d,,gx-no-cache=1490368033941 HTTP/1.1" 200 8033
186.103.157.246 - - [24/Mar/2017:12:19:53 -0300] "GET /cormun/servlet/solicitudotadjuntos?ce00ba2472ab63a496755eb3ec65cefbffb82231a3c64923ec7bae4724cf4cd1,gx-no-cache=1490372459842 HTTP/1.1" 200 30
186.103.157.246 - - [24/Mar/2017:12:19:54 -0300] "GET /cormun/servlet/solicitudotadjuntos?ce00ba2472ab63a496755eb3ec65cefbffb82231a3c64923ec7bae4724cf4cd1,gx-no-cache=1490372459904 HTTP/1.1" 200 30
186.103.157.246 - - [24/Mar/2017:12:19:54 -0300] "POST /cormun/servlet/solicitudotadjuntos?331768848a460545d2b566eadbde358d,INS,2017,5709,,1, HTTP/1.1" 200 116
186.103.157.246 - - [24/Mar/2017:12:19:54 -0300] "GET /cormun/servlet/hpexe_return? HTTP/1.1" 200 1008
186.103.157.246 - - [24/Mar/2017:12:19:55 -0300] "GET /cormun/servlet/trsolicitudadjuntos?2017,5709, HTTP/1.1" 200 8404
192.168.10.60 - - [24/Mar/2017:12:19:56 -0300] "POST /cormun/servlet/trautorizarot?67ea05d96934936f7c8fd9276c321b0d,,gx-no-cache=1490368039990 HTTP/1.1" 200 7738
186.103.157.246 - - [24/Mar/2017:12:19:59 -0300] "GET /cormun/servlet/solicitudotadjuntos?INS,2017,5709,,1, HTTP/1.1" 200 5743
186.103.157.246 - - [24/Mar/2017:12:19:59 -0300] "GET /cormun/static/about:blank HTTP/1.1" 404 1011
186.103.157.246 - - [24/Mar/2017:12:19:59 -0300] "GET /cormun/static/about:blank HTTP/1.1" 404 1011
186.103.157.246 - - [24/Mar/2017:12:20:01 -0300] "GET /cormun/servlet/solicitudotadjuntos?ce00ba2472ab63a496755eb3ec65cefb66586e18df54827b834caefa38e08ae2dd66916a5525a4454832207a574863ed,gx-no-cache=1490372466689 HTTP/1.1" 200 30
186.103.157.246 - - [24/Mar/2017:12:20:01 -0300] "POST /cormun/servlet/solicitudotadjuntos?331768848a460545d2b566eadbde358d,INS,2017,5709,,1,,gx-no-cache=1490372467095 HTTP/1.1" 200 3628
186.103.157.246 - - [24/Mar/2017:12:20:05 -0300] "POST /cormun/servlet/solicitudotadjuntos?gx-no-cache=1490372471588 HTTP/1.1" 200 26
192.168.10.60 - - [24/Mar/2017:12:20:07 -0300] "POST /cormun/servlet/trautorizarot?67ea05d96934936f7c8fd9276c321b0d,,gx-no-cache=1490368050264 HTTP/1.1" 200 7409
186.103.157.246 - - [24/Mar/2017:12:20:11 -0300] "GET /cormun/servlet/solicitudotadjuntos?ce00ba2472ab63a496755eb3ec65cefbffb82231a3c64923ec7bae4724cf4cd1,gx-no-cache=1490372477718 HTTP/1.1" 200 30
186.103.157.246 - - [24/Mar/2017:12:20:11 -0300] "GET /cormun/servlet/solicitudotadjuntos?ce00ba2472ab63a496755eb3ec65cefbffb82231a3c64923ec7bae4724cf4cd1,gx-no-cache=1490372477796 HTTP/1.1" 200 30
186.103.157.246 - - [24/Mar/2017:12:20:13 -0300] "POST /cormun/servlet/solicitudotadjuntos?331768848a460545d2b566eadbde358d,INS,2017,5709,,1, HTTP/1.1" 200 116
186.103.157.246 - - [24/Mar/2017:12:20:13 -0300] "GET /cormun/servlet/hpexe_return? HTTP/1.1" 200 1008
186.103.157.246 - - [24/Mar/2017:12:20:13 -0300] "GET /cormun/servlet/trsolicitudadjuntos?2017,5709, HTTP/1.1" 200 8558
192.168.10.60 - - [24/Mar/2017:12:20:15 -0300] "POST /cormun/servlet/trautorizarot?67ea05d96934936f7c8fd9276c321b0d,,gx-no-cache=1490368059236 HTTP/1.1" 200 7029
186.103.157.246 - - [24/Mar/2017:12:20:17 -0300] "GET /cormun/servlet/solicitudotadjuntos?INS,2017,5709,,1, HTTP/1.1" 200 5743
186.103.157.246 - - [24/Mar/2017:12:20:17 -0300] "GET /cormun/static/about:blank HTTP/1.1" 404 1011
186.103.157.246 - - [24/Mar/2017:12:20:17 -0300] "GET /cormun/static/about:blank HTTP/1.1" 404 1011
186.103.157.246 - - [24/Mar/2017:12:20:19 -0300] "GET /cormun/servlet/solicitudotadjuntos?ce00ba2472ab63a496755eb3ec65cefb66586e18df54827b834caefa38e08ae2dd66916a5525a4454832207a574863ed,gx-no-cache=1490372484904 HTTP/1.1" 200 30
186.103.157.246 - - [24/Mar/2017:12:20:19 -0300] "POST /cormun/servlet/solicitudotadjuntos?331768848a460545d2b566eadbde358d,INS,2017,5709,,1,,gx-no-cache=1490372485278 HTTP/1.1" 200 3628
186.103.157.246 - - [24/Mar/2017:12:20:23 -0300] "POST /cormun/servlet/solicitudotadjuntos?gx-no-cache=1490372489693 HTTP/1.1" 200 26
186.103.157.246 - - [24/Mar/2017:12:20:29 -0300] "GET /cormun/servlet/solicitudotadjuntos?ce00ba2472ab63a496755eb3ec65cefbffb82231a3c64923ec7bae4724cf4cd1,gx-no-cache=1490372494950 HTTP/1.1" 200 30
186.103.157.246 - - [24/Mar/2017:12:20:29 -0300] "GET /cormun/servlet/solicitudotadjuntos?ce00ba2472ab63a496755eb3ec65cefbffb82231a3c64923ec7bae4724cf4cd1,gx-no-cache=1490372495013 HTTP/1.1" 200 30
186.103.157.246 - - [24/Mar/2017:12:20:29 -0300] "POST /cormun/servlet/solicitudotadjuntos?331768848a460545d2b566eadbde358d,INS,2017,5709,,1, HTTP/1.1" 200 116
186.103.157.246 - - [24/Mar/2017:12:20:29 -0300] "GET /cormun/servlet/hpexe_return? HTTP/1.1" 200 1008
186.103.157.246 - - [24/Mar/2017:12:20:30 -0300] "GET /cormun/servlet/trsolicitudadjuntos?2017,5709, HTTP/1.1" 200 8801
192.168.10.60 - - [24/Mar/2017:12:20:31 -0300] "POST /cormun/servlet/trautorizarot?67ea05d96934936f7c8fd9276c321b0d,,gx-no-cache=1490368075236 HTTP/1.1" 200 5165
192.168.10.60 - - [24/Mar/2017:12:20:35 -0300] "POST /cormun/servlet/trautorizarot?67ea05d96934936f7c8fd9276c321b0d,,gx-no-cache=1490368079141 HTTP/1.1" 200 4996
186.103.157.246 - - [24/Mar/2017:12:20:38 -0300] "POST /cormun/servlet/trsolicitudadjuntos?331768848a460545d2b566eadbde358d,2017,5709,,gx-no-cache=1490372504493 HTTP/1.1" 200 90
186.103.157.246 - - [24/Mar/2017:12:20:38 -0300] "GET /cormun/servlet/hpexe_link HTTP/1.1" 200 952
192.168.10.60 - - [24/Mar/2017:12:20:39 -0300] "POST /cormun/servlet/trautorizarot?67ea05d96934936f7c8fd9276c321b0d,,gx-no-cache=1490368082943 HTTP/1.1" 200 4998
186.103.157.246 - - [24/Mar/2017:12:20:39 -0300] "GET /cormun/servlet/trsolicitudot HTTP/1.1" 200 7922
192.168.10.60 - - [24/Mar/2017:12:20:44 -0300] "POST /cormun/servlet/trautorizarot?67ea05d96934936f7c8fd9276c321b0d,,gx-no-cache=1490368087902 HTTP/1.1" 200 4998
186.103.157.246 - - [24/Mar/2017:12:20:49 -0300] "POST /cormun/servlet/trsolicitudot?331768848a460545d2b566eadbde358d,gx-no-cache=1490372514557 HTTP/1.1" 200 4134
186.103.157.246 - - [24/Mar/2017:12:20:49 -0300] "GET /cormun/static/Shared/jqueryui/images/ui-bg_highlight-soft_100_c6c2c8_1x100.png HTTP/1.1" 404 1117
186.103.157.246 - - [24/Mar/2017:12:20:49 -0300] "GET /cormun/static/Shared/jqueryui/images/ui-bg_flat_55_fafafa_40x100.png HTTP/1.1" 404 1097
186.103.157.246 - - [24/Mar/2017:12:20:49 -0300] "GET /cormun/static/Shared/jqueryui/images/ui-icons_82798d_256x240.png HTTP/1.1" 404 1089
186.103.157.246 - - [24/Mar/2017:12:20:49 -0300] "GET /cormun/static/Shared/jqueryui/images/ui-icons_8d78a5_256x240.png HTTP/1.1" 404 1089
186.103.157.246 - - [24/Mar/2017:12:20:50 -0300] "POST /cormun/servlet/trsolicitudot?331768848a460545d2b566eadbde358d,gx-no-cache=1490372515883 HTTP/1.1" 200 3917
192.168.10.62 - - [24/Mar/2017:12:21:39 -0300] "POST /cormun/servlet/trsolicitudgral?e5cf7f5fe86af1bb358f3c4f46550ee7,,gx-no-cache=1490372178638 HTTP/1.1" 200 5160
192.168.10.62 - - [24/Mar/2017:12:21:43 -0300] "POST /cormun/servlet/trsolicitudgral?e5cf7f5fe86af1bb358f3c4f46550ee7,,gx-no-cache=1490372182806 HTTP/1.1" 200 6599
192.168.10.62 - - [24/Mar/2017:12:25:56 -0300] "POST /cormun/servlet/trsolicitudgral?e5cf7f5fe86af1bb358f3c4f46550ee7,,gx-no-cache=1490372435813 HTTP/1.1" 200 5169
192.168.10.62 - - [24/Mar/2017:12:26:00 -0300] "POST /cormun/servlet/trsolicitudgral?e5cf7f5fe86af1bb358f3c4f46550ee7,,gx-no-cache=1490372440394 HTTP/1.1" 200 4966
192.168.10.62 - - [24/Mar/2017:12:26:03 -0300] "POST /cormun/servlet/trsolicitudgral?e5cf7f5fe86af1bb358f3c4f46550ee7,,gx-no-cache=1490372442708 HTTP/1.1" 200 4966
200.54.247.69 - - [24/Mar/2017:12:26:39 -0300] "GET /cormun/servlet/hlogin HTTP/1.1" 200 1724
200.54.247.69 - - [24/Mar/2017:12:26:39 -0300] "GET /cormun/static/Resources/Spanish/PXTools.css?11294912 HTTP/1.1" 304 -
200.54.247.69 - - [24/Mar/2017:12:26:39 -0300] "GET /cormun/static/gxtimezone.js?85251 HTTP/1.1" 304 -
200.54.247.69 - - [24/Mar/2017:12:26:39 -0300] "GET /cormun/static/gxcfg.js?201731711485472 HTTP/1.1" 304 -
200.54.247.69 - - [24/Mar/2017:12:26:39 -0300] "GET /cormun/static/Resources/ComunLogin.png HTTP/1.1" 304 -
200.54.247.69 - - [24/Mar/2017:12:26:39 -0300] "GET /cormun/static/messages.spa.js?85251 HTTP/1.1" 304 -
200.54.247.69 - - [24/Mar/2017:12:26:39 -0300] "GET /cormun/static/gxgral.js?85251 HTTP/1.1" 304 -
200.54.247.69 - - [24/Mar/2017:12:26:39 -0300] "GET /cormun/static/hlogin.js?201731711485490 HTTP/1.1" 304 -
200.54.247.69 - - [24/Mar/2017:12:26:39 -0300] "GET /cormun/servlet/hlogin HTTP/1.1" 200 1734
200.54.247.69 - - [24/Mar/2017:12:26:39 -0300] "GET /cormun/static/Resources/indicator.gif HTTP/1.1" 304 -
200.54.247.69 - - [24/Mar/2017:12:26:39 -0300] "GET /cormun/static/Resources/PXToolsLoginBackground.png HTTP/1.1" 304 -
200.54.247.69 - - [24/Mar/2017:12:26:39 -0300] "GET /cormun/static/Resources/PXToolsButtonRight21.png HTTP/1.1" 304 -
200.54.247.69 - - [24/Mar/2017:12:26:39 -0300] "GET /cormun/static/Resources/PXToolsButtonLeft21.png HTTP/1.1" 304 -
200.54.247.69 - - [24/Mar/2017:12:26:40 -0300] "GET /cormun/static/Resources/PXToolsButtonBackground2.png HTTP/1.1" 304 -
200.54.247.69 - - [24/Mar/2017:12:26:40 -0300] "GET /cormun/static/Resources/PXToolsLoginTop.png HTTP/1.1" 304 -
200.54.247.69 - - [24/Mar/2017:12:26:40 -0300] "GET /cormun/static/Resources/PXToolsLoginBottom.png HTTP/1.1" 304 -
200.54.247.69 - - [24/Mar/2017:12:26:54 -0300] "POST /cormun/servlet/hlogin?c6883753c7c41e29a1752b38ffd422b6,gx-no-cache=1490369280073 HTTP/1.1" 200 90
200.54.247.69 - - [24/Mar/2017:12:26:54 -0300] "GET /cormun/servlet/hpexe_link HTTP/1.1" 200 953
200.54.247.69 - - [24/Mar/2017:12:26:54 -0300] "GET /cormun/static/gxcfg.js?201731711483381 HTTP/1.1" 304 -
200.54.247.69 - - [24/Mar/2017:12:26:54 -0300] "GET /cormun/static/hpexe_link.js?201731711483384 HTTP/1.1" 304 -
200.54.247.69 - - [24/Mar/2017:12:26:55 -0300] "GET /cormun/servlet/hhome HTTP/1.1" 200 4012
200.54.247.69 - - [24/Mar/2017:12:26:55 -0300] "GET /cormun/static/gxcfg.js?201731711483497 HTTP/1.1" 304 -
200.54.247.69 - - [24/Mar/2017:12:26:55 -0300] "GET /cormun/static/hhome.js?20173171148352 HTTP/1.1" 304 -
200.54.247.69 - - [24/Mar/2017:12:26:55 -0300] "GET /cormun/static/hwchdr01.js?201731711335950 HTTP/1.1" 304 -
200.54.247.69 - - [24/Mar/2017:12:26:55 -0300] "GET /cormun/static/hpexe_recentlink.js?201610171694390 HTTP/1.1" 304 -
200.54.247.69 - - [24/Mar/2017:12:26:55 -0300] "GET /cormun/static/hpexe_scripts.js?201731711335890 HTTP/1.1" 304 -
200.54.247.69 - - [24/Mar/2017:12:26:55 -0300] "GET /cormun/static/hpexe_messagecontroller.js?201610171694323 HTTP/1.1" 304 -
200.54.247.69 - - [24/Mar/2017:12:26:55 -0300] "GET /cormun/static/hpexe_messagepopupcomponent.js?20161017169425 HTTP/1.1" 304 -
200.54.247.69 - - [24/Mar/2017:12:26:55 -0300] "GET /cormun/static/hpexe_messagegenexuscomponent.js?201731711335537 HTTP/1.1" 304 -
200.54.247.69 - - [24/Mar/2017:12:26:55 -0300] "GET /cormun/static/cmcontrolpreferences.js?201731711335852 HTTP/1.1" 304 -
200.54.247.69 - - [24/Mar/2017:12:26:55 -0300] "GET /cormun/static/hmpwkw03.js?201731711485354 HTTP/1.1" 304 -
200.54.247.69 - - [24/Mar/2017:12:27:03 -0300] "GET /cormun/servlet/trcontratounov2? HTTP/1.1" 200 16484
200.54.247.69 - - [24/Mar/2017:12:27:03 -0300] "GET /cormun/static/gxcfg.js?201731711595461 HTTP/1.1" 200 953
200.54.247.69 - - [24/Mar/2017:12:27:03 -0300] "GET /cormun/static/Resources/PXToolsGridFirstDisabled.gif HTTP/1.1" 304 -
200.54.247.69 - - [24/Mar/2017:12:27:03 -0300] "GET /cormun/static/Resources/PXToolsGridPreviousDisabled.gif HTTP/1.1" 304 -
200.54.247.69 - - [24/Mar/2017:12:27:03 -0300] "GET /cormun/static/Resources/PXToolsGridNextDisabled.gif HTTP/1.1" 304 -
200.54.247.69 - - [24/Mar/2017:12:27:03 -0300] "GET /cormun/static/Resources/PXToolsGridLastDisabled.gif HTTP/1.1" 304 -
200.54.247.69 - - [24/Mar/2017:12:27:03 -0300] "GET /cormun/static/trcontratounov2.js?2017317120150 HTTP/1.1" 200 38423
200.54.247.69 - - [24/Mar/2017:12:27:29 -0300] "POST /cormun/servlet/trcontratounov2?c6883753c7c41e29a1752b38ffd422b6,,gx-no-cache=1490369314460 HTTP/1.1" 200 6916
200.54.247.69 - - [24/Mar/2017:12:29:24 -0300] "POST /cormun/servlet/trcontratounov2?c6883753c7c41e29a1752b38ffd422b6,,gx-no-cache=1490369428684 HTTP/1.1" 200 5292
200.54.247.69 - - [24/Mar/2017:12:29:51 -0300] "POST /cormun/servlet/trcontratounov2?c6883753c7c41e29a1752b38ffd422b6,,gx-no-cache=1490369456381 HTTP/1.1" 200 5286
192.168.10.62 - - [24/Mar/2017:12:29:54 -0300] "POST /cormun/servlet/trsolicitudgral?e5cf7f5fe86af1bb358f3c4f46550ee7,,gx-no-cache=1490372673977 HTTP/1.1" 200 4965
192.168.10.62 - - [24/Mar/2017:12:29:57 -0300] "POST /cormun/servlet/trsolicitudgral?e5cf7f5fe86af1bb358f3c4f46550ee7,,gx-no-cache=1490372677244 HTTP/1.1" 200 4967
192.168.10.62 - - [24/Mar/2017:12:30:00 -0300] "POST /cormun/servlet/trsolicitudgral?e5cf7f5fe86af1bb358f3c4f46550ee7,,gx-no-cache=1490372679942 HTTP/1.1" 200 4965
192.168.10.62 - - [24/Mar/2017:12:30:04 -0300] "POST /cormun/servlet/trsolicitudgral?e5cf7f5fe86af1bb358f3c4f46550ee7,,gx-no-cache=1490372684158 HTTP/1.1" 200 12879
200.54.247.69 - - [24/Mar/2017:12:30:07 -0300] "GET /cormun/servlet/trcontratounov2? HTTP/1.1" 200 7782
192.168.10.62 - - [24/Mar/2017:12:30:11 -0300] "POST /cormun/servlet/trsolicitudgral?e5cf7f5fe86af1bb358f3c4f46550ee7,,gx-no-cache=1490372690591 HTTP/1.1" 200 4965
192.168.10.62 - - [24/Mar/2017:12:30:14 -0300] "POST /cormun/servlet/trsolicitudgral?e5cf7f5fe86af1bb358f3c4f46550ee7,,gx-no-cache=1490372693675 HTTP/1.1" 200 4967
192.168.10.62 - - [24/Mar/2017:12:30:17 -0300] "POST /cormun/servlet/trsolicitudgral?e5cf7f5fe86af1bb358f3c4f46550ee7,,gx-no-cache=1490372696784 HTTP/1.1" 200 6234
200.54.247.69 - - [24/Mar/2017:12:30:22 -0300] "POST /cormun/servlet/trcontratounov2?c6883753c7c41e29a1752b38ffd422b6,,gx-no-cache=1490369487298 HTTP/1.1" 200 5260
192.168.10.62 - - [24/Mar/2017:12:30:25 -0300] "POST /cormun/servlet/trsolicitudgral?e5cf7f5fe86af1bb358f3c4f46550ee7,,gx-no-cache=1490372704869 HTTP/1.1" 200 105
192.168.10.62 - - [24/Mar/2017:12:30:25 -0300] "POST /cormun/servlet/trsolicitudgral?e5cf7f5fe86af1bb358f3c4f46550ee7,,gx-no-cache=1490372704958 HTTP/1.1" 200 6217
192.168.10.62 - - [24/Mar/2017:12:30:25 -0300] "GET /cormun/SolicitudGral-7387.xls HTTP/1.1" 200 5632
192.168.10.89 - - [24/Mar/2017:12:30:25 -0300] "POST /cormun/servlet/trsolicitudgral?9775e5be945faaca97d6b7e03c813d34,,gx-no-cache=1490372705374 HTTP/1.1" 200 9536
200.83.57.219 - - [24/Mar/2017:12:31:51 -0300] "GET /cormun/servlet/hlogin HTTP/1.1" 200 1733
200.83.57.219 - - [24/Mar/2017:12:31:51 -0300] "GET /cormun/static/Resources/Spanish/PXTools.css?11294912 HTTP/1.1" 304 -
200.83.57.219 - - [24/Mar/2017:12:31:51 -0300] "GET /cormun/static/gxcfg.js?201731711485472 HTTP/1.1" 304 -
200.83.57.219 - - [24/Mar/2017:12:31:51 -0300] "GET /cormun/static/messages.spa.js?85251 HTTP/1.1" 304 -
200.83.57.219 - - [24/Mar/2017:12:31:51 -0300] "GET /cormun/static/hlogin.js?201731711485490 HTTP/1.1" 304 -
200.83.57.219 - - [24/Mar/2017:12:31:51 -0300] "GET /cormun/servlet/hlogin HTTP/1.1" 200 1737
192.168.10.89 - - [24/Mar/2017:12:33:25 -0300] "GET /cormun/servlet/solicitudgral?UPD,2017,5264, HTTP/1.1" 200 12188
192.168.10.89 - - [24/Mar/2017:12:33:27 -0300] "POST /cormun/servlet/solicitudgral?gx-no-cache=1490372886980 HTTP/1.1" 200 3196
192.168.10.89 - - [24/Mar/2017:12:33:27 -0300] "GET /cormun/servlet/solicitudgral?512b5bfb3566656ff4042ce57c4d8e4e65d6265d6fb1b5f23906ebb8622b64a3040fa3200b7876103e5ebe6c20864230aaf17492cbab417dc9d9e23c0156830b29998ef7becccbd58fd44ba116b31fc72e8280009d5ac522256f198dad3060ba06f7f0751376efed08d912df282abde55ad862b24ad0cc1024498137fb03c5a8f33dc56b3130cb2ff4707efce430f80efc5f5b459c84183fde173b7ffce5e987306bc03cb59a861d79f182301d142b2b15c676e731e3ef0339d63b80f86c79e5ec45f0b4edd91cef81e23650b1e430a2a2e77936c0fb35a5ed24df90f5f35fca20e11a667b364348ae3bd63c58d1410f53303871c7508532cfc58c2ff4ed0f5a191ca0a67717e1effd0306f0c3dc2796f4416324e61e2883df7b9609f954a31f7f1cf54b5df067309dd82b7dad30c04f83e4210f308a42b01369fe6cfa7fba18336fd8777c047b7aed5bf85a00fabdc6,gx-no-cache=1490372887186 HTTP/1.1" 200 257
192.168.10.89 - - [24/Mar/2017:12:33:31 -0300] "GET /cormun/servlet/solicitudgral?512b5bfb3566656ff4042ce57c4d8e4ebe854314c31cbbce64aba7336554c17cc52dd269b9dd325986e41920f2a25dfc138e3931225843d8e6509eae96d42661e6a4e46359fdab20349c69e52e37164221e76df48129a7f73bef9847f2bebb3ab3e2655ec6653975397abcf51f25a1f59561b62e6fcdb26894d6ad7a0f302f81feaba6fa88dd8274e33a2e16f02a35b1b0abb298fb0970363f75f0dc125cd416f9ab485eb44473b284411bf42e637014381e8acdc60d6800e25f0dd274b5886ebc9b9075d3c0ea86e34488c183af3eafa689b2e28b8ee99bca9f0aefcb807e38d5f81f2975e27ce8e11aceff842308477027ddf64746405d2e9b14a3bf856a16529833d1af299cda1fcab52df9a88f2d28257876e72631f392be0d99837936b8fac3026a5df84c20989d804a090f43c600a68cc37a808e2508706d7215d92c7e1b165fbd207adc44f715eb15c449dfc46c97e3f568470e7951a2291db08c97a1c9d4e47d5b388a8558b5557323cbdbf4bbaf4219c0055e58776014112b755456863ee512a67704e5dbd3816c40a0e3147f1a05ea545c3ee9409f1d04f223303ae9a54d1fe48ebb2ff76d85e3375aea3e5f9a17074aa8f8161c898211ccb33e56d749b14c7dd35e7c67290b2cbcaf345ecc252991005ecc27bd3b9a2f7038953dea63fe257e2a1ab9e0e0db57f4d9f90590f531eb706896d9d3b31be202853f0953c2258dc15a2daaea422ee1496d2f684a5dab023af00b650af34c2866e2bfb656c581ea6c429bd8695bfc0c3d387fd2,gx-no-cache=1490372891289 HTTP/1.1" 200 48
192.168.10.89 - - [24/Mar/2017:12:33:32 -0300] "POST /cormun/servlet/solicitudgral?9775e5be945faaca97d6b7e03c813d34,UPD,2017,5264,,gx-no-cache=1490372891518 HTTP/1.1" 200 10562
192.168.10.89 - - [24/Mar/2017:12:33:32 -0300] "GET /cormun/servlet/solicitudgral?512b5bfb3566656ff4042ce57c4d8e4e63078d965131bee2b00e97f44d2c48d67599ca06b2f749882caeb0df8244c547f466c398c4db8b87dc5d3c8ad7276e4233a3f1c99f028c91f9a83eefc55a97a594c07d68b4833554a7e4def87ead1d02f8ead9fac1573e74937d425fbe9e463e34075c783b6d40c8a580e8c9ad6ef0707a1c488f27e6f077e446d8775224e82d2281a00a9ba1eb219e1408a1ae0d2bc6d04a0a577a7c4486b5de77c03387309d412f72994206ba7a8ff76354e237f969856df0a1bac876626d87a1841d96da9f,gx-no-cache=1490372892549 HTTP/1.1" 200 29
192.168.10.89 - - [24/Mar/2017:12:33:33 -0300] "POST /cormun/servlet/solicitudgral?gx-no-cache=1490372892597 HTTP/1.1" 200 1249
192.168.10.89 - - [24/Mar/2017:12:33:33 -0300] "POST /cormun/servlet/solicitudgral?gx-no-cache=1490372892638 HTTP/1.1" 200 1153
192.168.10.89 - - [24/Mar/2017:12:33:37 -0300] "POST /cormun/servlet/solicitudgral?9775e5be945faaca97d6b7e03c813d34,UPD,2017,5264,,gx-no-cache=1490372897483 HTTP/1.1" 200 93
192.168.10.89 - - [24/Mar/2017:12:33:38 -0300] "GET /cormun/servlet/hpexe_return? HTTP/1.1" 200 1009
192.168.10.89 - - [24/Mar/2017:12:33:39 -0300] "GET /cormun/servlet/trsolicitudgral? HTTP/1.1" 200 12827
192.168.10.62 - - [24/Mar/2017:12:34:28 -0300] "POST /cormun/servlet/trsolicitudgral?e5cf7f5fe86af1bb358f3c4f46550ee7,,gx-no-cache=1490372948214 HTTP/1.1" 200 5161
192.168.10.89 - - [24/Mar/2017:12:34:32 -0300] "POST /cormun/servlet/trsolicitudgral?9775e5be945faaca97d6b7e03c813d34,,gx-no-cache=1490372952297 HTTP/1.1" 200 8886
192.168.10.89 - - [24/Mar/2017:12:34:33 -0300] "GET /cormun/static/Shared/jqueryui/images/ui-icons_8d78a5_256x240.png HTTP/1.1" 404 1089
192.168.10.89 - - [24/Mar/2017:12:34:33 -0300] "GET /cormun/static/Shared/jqueryui/images/ui-icons_82798d_256x240.png HTTP/1.1" 404 1089
192.168.10.89 - - [24/Mar/2017:12:34:33 -0300] "GET /cormun/static/Shared/jqueryui/images/ui-bg_highlight-soft_100_c6c2c8_1x100.png HTTP/1.1" 404 1117
192.168.10.89 - - [24/Mar/2017:12:34:33 -0300] "GET /cormun/static/Shared/jqueryui/images/ui-bg_flat_55_fafafa_40x100.png HTTP/1.1" 404 1097
192.168.10.62 - - [24/Mar/2017:12:34:33 -0300] "POST /cormun/servlet/trsolicitudgral?e5cf7f5fe86af1bb358f3c4f46550ee7,,gx-no-cache=1490372952910 HTTP/1.1" 200 6871
192.168.10.62 - - [24/Mar/2017:12:34:35 -0300] "POST /cormun/servlet/trsolicitudgral?e5cf7f5fe86af1bb358f3c4f46550ee7,,gx-no-cache=1490372954612 HTTP/1.1" 200 105
192.168.10.62 - - [24/Mar/2017:12:34:35 -0300] "POST /cormun/servlet/trsolicitudgral?e5cf7f5fe86af1bb358f3c4f46550ee7,,gx-no-cache=1490372954718 HTTP/1.1" 200 6855
192.168.10.62 - - [24/Mar/2017:12:34:35 -0300] "GET /cormun/SolicitudGral-7840.xls HTTP/1.1" 200 6144
192.168.10.89 - - [24/Mar/2017:12:34:55 -0300] "GET /cormun/servlet/solicitudgral?UPD,2017,3766, HTTP/1.1" 200 12157
192.168.10.89 - - [24/Mar/2017:12:34:57 -0300] "POST /cormun/servlet/solicitudgral?gx-no-cache=1490372977342 HTTP/1.1" 200 3150
192.168.10.89 - - [24/Mar/2017:12:34:57 -0300] "GET /cormun/servlet/solicitudgral?512b5bfb3566656ff4042ce57c4d8e4e65d6265d6fb1b5f23906ebb8622b64a3040fa3200b7876103e5ebe6c20864230aaf17492cbab417dc9d9e23c0156830b29998ef7becccbd58fd44ba116b31fc72e8280009d5ac522256f198dad3060ba06f7f0751376efed08d912df282abde55ad862b24ad0cc1024498137fb03c5a8f33dc56b3130cb2ff4707efce430f80efc5f5b459c84183fde173b7ffce5e987306bc03cb59a861d79f182301d142b2b15c676e731e3ef0339d63b80f86c79e5ec45f0b4edd91cef81e23650b1e430a2a2e77936c0fb35a5ed24df90f5f35fca20e11a667b364348ae3bd63c58d1410f53303871c7508532cfc58c2ff4ed0f5a191ca0a67717e1effd0306f0c3dc2796f4416324e61e2883df7b9609f954a31f7f1cf54b5df067309dd82b7dad30c04f83e4210f308a42b01369fe6cfa7fba18336fd8777c047b7aed5bf85a00fabdc6,gx-no-cache=1490372977552 HTTP/1.1" 200 257
192.168.10.89 - - [24/Mar/2017:12:34:58 -0300] "GET /cormun/servlet/solicitudgral?512b5bfb3566656ff4042ce57c4d8e4ebe854314c31cbbce64aba7336554c17c861fcbbda2d901d0ab1c6a25046fb11a138e3931225843d8e6509eae96d42661e6a4e46359fdab20349c69e52e37164221e76df48129a7f73bef9847f2bebb3ab3e2655ec6653975397abcf51f25a1f59561b62e6fcdb26894d6ad7a0f302f81feaba6fa88dd8274e33a2e16f02a35b1b0abb298fb0970363f75f0dc125cd416f9ab485eb44473b284411bf42e637014381e8acdc60d6800e25f0dd274b5886ebc9b9075d3c0ea86e34488c183af3eafa689b2e28b8ee99bca9f0aefcb807e38d5f81f2975e27ce8e11aceff842308477027ddf64746405d2e9b14a3bf856a16529833d1af299cda1fcab52df9a88f2d28257876e72631f392be0d99837936b8fac3026a5df84c20989d804a090f43c600a68cc37a808e2508706d7215d92c7e1b165fbd207adc44f715eb15c449dfc46c97e3f568470e7951a2291db08c97a1c9d4e47d5b388a8558b5557323cbdbf4bbaf4219c0055e58776014112b755456863ee512a67704e5dbd3816c40a0e3147f1a05ea545c3ee9409f1d04f223303ae9a54d1fe48ebb2ff76d85e3375aea3e5f9a17074aa8f8161c898211ccb33e56d749b14c7dd35e7c67290b2cbcaf345ecc252991005ecc27bd3b9a2f7038953dea63fe257e2a1ab9e0e0db57f4d9f90590f531eb706896d9d3b31be202853f0953c2258dc15a2daaea422ee1496d2f684a5dab023af00b650af34c2866e2bfb656c581ea6c429bd8695bfc0c3d387fd2,gx-no-cache=1490372978302 HTTP/1.1" 200 48
192.168.10.89 - - [24/Mar/2017:12:35:00 -0300] "POST /cormun/servlet/solicitudgral?9775e5be945faaca97d6b7e03c813d34,UPD,2017,3766,,gx-no-cache=1490372979989 HTTP/1.1" 200 10557
186.79.30.147 - - [24/Mar/2017:12:35:02 -0300] "GET /cormun/servlet/hhome HTTP/1.1" 200 3285
186.79.30.147 - - [24/Mar/2017:12:35:03 -0300] "GET /cormun/static/Resources/Spanish/PXTools.css?11294912 HTTP/1.1" 304 -
186.79.30.147 - - [24/Mar/2017:12:35:03 -0300] "GET /cormun/static/gxcfg.js?201731711483497 HTTP/1.1" 304 -
186.79.30.147 - - [24/Mar/2017:12:35:03 -0300] "GET /cormun/static/messages.spa.js?85251 HTTP/1.1" 304 -
186.79.30.147 - - [24/Mar/2017:12:35:03 -0300] "GET /cormun/static/hhome.js?20173171148352 HTTP/1.1" 304 -
186.79.30.147 - - [24/Mar/2017:12:35:03 -0300] "GET /cormun/static/hwchdr01.js?201731711335950 HTTP/1.1" 304 -
186.79.30.147 - - [24/Mar/2017:12:35:03 -0300] "GET /cormun/static/hpexe_recentlink.js?201610171694390 HTTP/1.1" 304 -
186.79.30.147 - - [24/Mar/2017:12:35:03 -0300] "GET /cormun/static/hpexe_scripts.js?201731711335890 HTTP/1.1" 304 -
186.79.30.147 - - [24/Mar/2017:12:35:03 -0300] "GET /cormun/static/hpexe_messagecontroller.js?201610171694323 HTTP/1.1" 304 -
186.79.30.147 - - [24/Mar/2017:12:35:03 -0300] "GET /cormun/static/hpexe_messagepopupcomponent.js?20161017169425 HTTP/1.1" 304 -
186.79.30.147 - - [24/Mar/2017:12:35:03 -0300] "GET /cormun/static/hpexe_messagegenexuscomponent.js?201731711335537 HTTP/1.1" 304 -
186.79.30.147 - - [24/Mar/2017:12:35:03 -0300] "GET /cormun/static/cmcontrolpreferences.js?201731711335852 HTTP/1.1" 304 -
186.79.30.147 - - [24/Mar/2017:12:35:04 -0300] "GET /cormun/static/hmpwkw03.js?201731711485354 HTTP/1.1" 304 -
186.79.30.147 - - [24/Mar/2017:12:35:04 -0300] "GET /cormun/servlet/hhome HTTP/1.1" 200 3296
186.79.30.147 - - [24/Mar/2017:12:35:04 -0300] "GET /cormun/servlet/hlogin HTTP/1.1" 200 1727
186.79.30.147 - - [24/Mar/2017:12:35:04 -0300] "GET /cormun/static/gxcfg.js?201731711485472 HTTP/1.1" 304 -
186.79.30.147 - - [24/Mar/2017:12:35:04 -0300] "GET /cormun/static/hlogin.js?201731711485490 HTTP/1.1" 304 -
192.168.10.89 - - [24/Mar/2017:12:35:06 -0300] "GET /cormun/servlet/solicitudgral?512b5bfb3566656ff4042ce57c4d8e4ebe854314c31cbbce64aba7336554c17cc52dd269b9dd325986e41920f2a25dfc138e3931225843d8e6509eae96d42661e6a4e46359fdab20349c69e52e37164221e76df48129a7f73bef9847f2bebb3ab3e2655ec6653975397abcf51f25a1f59561b62e6fcdb26894d6ad7a0f302f81feaba6fa88dd8274e33a2e16f02a35b1b0abb298fb0970363f75f0dc125cd416f9ab485eb44473b284411bf42e637014381e8acdc60d6800e25f0dd274b5886ebc9b9075d3c0ea86e34488c183af3eafa689b2e28b8ee99bca9f0aefcb807e38d5f81f2975e27ce8e11aceff842308477027ddf64746405d2e9b14a3bf856a16529833d1af299cda1fcab52df9a88f2d28257876e72631f392be0d99837936b8fac3026a5df84c20989d804a090f43c600a68cc37a808e2508706d7215d92c7e1b165fbd207adc44f715eb15c449dfc46c97e3f568470e7951a2291db08c97a1c9d4e47d5b388a8558b5557323cbdbf4bbaf4219c0055e58776014112b755456863ee512a67704e5dbd3816c40a0e3147f1a05ea545c3ee9409f1d04f223303ae9a54d1fe48ebb2ff76d85e3375aea3e5f9a17074aa8f8161c898211ccb33e56d749b14c7dd35e7c67290b2cbcaf345ecc252991005ecc27bd3b9a2f7038953dea63fe257e2a1ab9e0e0db57f4d9f90590f531eb706896d9d3b31be202853f0953c2258dc15a2daaea422ee1496d2f684a5dab023af00b650af34c2866e2bfb6d9b200d722f3c7e3fb3fc6840d44ade3f9dbeba79bb1d1a8c3061889ede47241,gx-no-cache=1490372985741 HTTP/1.1" 200 48
192.168.10.89 - - [24/Mar/2017:12:35:07 -0300] "GET /cormun/servlet/solicitudgral?512b5bfb3566656ff4042ce57c4d8e4e63078d965131bee2b00e97f44d2c48d67599ca06b2f749882caeb0df8244c547f466c398c4db8b87dc5d3c8ad7276e4233a3f1c99f028c91f9a83eefc55a97a594c07d68b4833554a7e4def87ead1d02f8ead9fac1573e74937d425fbe9e463e34075c783b6d40c8a580e8c9ad6ef0707a1c488f27e6f077e446d8775224e82d2281a00a9ba1eb219e1408a1ae0d2bc6d04a0a577a7c4486b5de77c03387309d412f72994206ba7a8ff76354e237f969856df0a1bac876626d87a1841d96da9f,gx-no-cache=1490372986852 HTTP/1.1" 200 29
192.168.10.89 - - [24/Mar/2017:12:35:07 -0300] "POST /cormun/servlet/solicitudgral?gx-no-cache=1490372986876 HTTP/1.1" 200 1250
192.168.10.89 - - [24/Mar/2017:12:35:07 -0300] "POST /cormun/servlet/solicitudgral?gx-no-cache=1490372986912 HTTP/1.1" 200 1154
192.168.10.89 - - [24/Mar/2017:12:35:08 -0300] "POST /cormun/servlet/solicitudgral?9775e5be945faaca97d6b7e03c813d34,UPD,2017,3766,,gx-no-cache=1490372988005 HTTP/1.1" 200 93
192.168.10.89 - - [24/Mar/2017:12:35:08 -0300] "GET /cormun/servlet/hpexe_return? HTTP/1.1" 200 1008
192.168.10.89 - - [24/Mar/2017:12:35:09 -0300] "GET /cormun/servlet/trsolicitudgral? HTTP/1.1" 200 12110
192.168.10.89 - - [24/Mar/2017:12:35:13 -0300] "POST /cormun/servlet/trsolicitudgral?9775e5be945faaca97d6b7e03c813d34,,gx-no-cache=1490372993377 HTTP/1.1" 200 8522
192.168.10.89 - - [24/Mar/2017:12:35:14 -0300] "GET /cormun/static/Shared/jqueryui/images/ui-bg_flat_55_fafafa_40x100.png HTTP/1.1" 404 1097
192.168.10.89 - - [24/Mar/2017:12:35:14 -0300] "GET /cormun/static/Shared/jqueryui/images/ui-icons_8d78a5_256x240.png HTTP/1.1" 404 1089
192.168.10.89 - - [24/Mar/2017:12:35:14 -0300] "GET /cormun/static/Shared/jqueryui/images/ui-icons_82798d_256x240.png HTTP/1.1" 404 1089
192.168.10.89 - - [24/Mar/2017:12:35:14 -0300] "GET /cormun/static/Shared/jqueryui/images/ui-bg_highlight-soft_100_c6c2c8_1x100.png HTTP/1.1" 404 1117
192.168.10.89 - - [24/Mar/2017:12:35:24 -0300] "GET /cormun/servlet/solicitudgral2?UPD,2017,3685, HTTP/1.1" 200 12335
192.168.10.89 - - [24/Mar/2017:12:35:26 -0300] "POST /cormun/servlet/solicitudgral2?gx-no-cache=1490373006436 HTTP/1.1" 200 3182
192.168.10.89 - - [24/Mar/2017:12:35:27 -0300] "GET /cormun/servlet/solicitudgral2?512b5bfb3566656ff4042ce57c4d8e4e65d6265d6fb1b5f23906ebb8622b64a3040fa3200b7876103e5ebe6c20864230aaf17492cbab417dc9d9e23c0156830b29998ef7becccbd58fd44ba116b31fc72e8280009d5ac522256f198dad3060ba06f7f0751376efed08d912df282abde55ad862b24ad0cc1024498137fb03c5a8f33dc56b3130cb2ff4707efce430f80efc5f5b459c84183fde173b7ffce5e987306bc03cb59a861d79f182301d142b2b15c676e731e3ef0339d63b80f86c79e5ec45f0b4edd91cef81e23650b1e430a2a2e77936c0fb35a5ed24df90f5f35fca20e11a667b364348ae3bd63c58d1410f53303871c7508532cfc58c2ff4ed0f5a191ca0a67717e1effd0306f0c3dc2796f4416324e61e2883df7b9609f954a31f7f1cf54b5df067309dd82b7dad30c04f83e4210f308a42b01369fe6cfa7fba18336fd8777c047b7aed5bf85a00fabdc6,gx-no-cache=1490373006665 HTTP/1.1" 200 257
192.168.10.89 - - [24/Mar/2017:12:35:27 -0300] "POST /cormun/servlet/solicitudgral2?gx-no-cache=1490373006693 HTTP/1.1" 200 1355
192.168.10.89 - - [24/Mar/2017:12:35:27 -0300] "GET /cormun/servlet/solicitudgral2?512b5bfb3566656ff4042ce57c4d8e4eee2c9596f0a4542f33916d7edd7e6ffd5bac3e7c32ce5576f0c62d9506434b1eaaf17492cbab417dc9d9e23c0156830bf5f509fbcd0ad026d15eab511c11e7ff287ebb0a9ad7597ce12b1f5a8037c386f0a6c4c5e67e9c6b3b2bff3d05cf0f3b,gx-no-cache=1490373006735 HTTP/1.1" 200 41
192.168.10.89 - - [24/Mar/2017:12:35:29 -0300] "POST /cormun/servlet/solicitudgral2?9775e5be945faaca97d6b7e03c813d34,UPD,2017,3685,,gx-no-cache=1490373008599 HTTP/1.1" 200 10611
192.168.10.89 - - [24/Mar/2017:12:35:29 -0300] "GET /cormun/servlet/solicitudgral2?512b5bfb3566656ff4042ce57c4d8e4e63078d965131bee2b00e97f44d2c48d67599ca06b2f749882caeb0df8244c547f466c398c4db8b87dc5d3c8ad7276e4233a3f1c99f028c91f9a83eefc55a97a594c07d68b4833554a7e4def87ead1d02f8ead9fac1573e74937d425fbe9e463e34075c783b6d40c8a580e8c9ad6ef0707a1c488f27e6f077e446d8775224e82d2281a00a9ba1eb219e1408a1ae0d2bc6d04a0a577a7c4486b5de77c03387309d412f72994206ba7a8ff76354e237f969856df0a1bac876626d87a1841d96da9f,gx-no-cache=1490373008870 HTTP/1.1" 200 29
192.168.10.89 - - [24/Mar/2017:12:35:29 -0300] "POST /cormun/servlet/solicitudgral2?gx-no-cache=1490373008891 HTTP/1.1" 200 1251
192.168.10.89 - - [24/Mar/2017:12:35:29 -0300] "POST /cormun/servlet/solicitudgral2?gx-no-cache=1490373008926 HTTP/1.1" 200 1155
192.168.10.89 - - [24/Mar/2017:12:35:29 -0300] "GET /cormun/servlet/solicitudgral2?512b5bfb3566656ff4042ce57c4d8e4ef18d9288d9a048daa774ccd1bb2d3faa37ac8bf3d3bba1b2f0339eed2fc8d15838ee1fff999966051fcb19cc23f26f85a89c504fb354d652964c9515c5545a3274f03e19d7abed70e4f6b327898ba0c2486962790a437825418a7361baaff425b5e57461ada0c49db47c0180545db334,gx-no-cache=1490373008958 HTTP/1.1" 200 30
192.168.10.89 - - [24/Mar/2017:12:35:29 -0300] "POST /cormun/servlet/solicitudgral2?9775e5be945faaca97d6b7e03c813d34,UPD,2017,3685,,gx-no-cache=1490373008980 HTTP/1.1" 200 93
192.168.10.89 - - [24/Mar/2017:12:35:29 -0300] "GET /cormun/servlet/hpexe_return? HTTP/1.1" 200 1011
192.168.10.89 - - [24/Mar/2017:12:35:30 -0300] "GET /cormun/servlet/trsolicitudgral? HTTP/1.1" 200 11794
186.79.30.147 - - [24/Mar/2017:12:35:52 -0300] "POST /cormun/servlet/hlogin?2d73a09ef5c96780acb579cf98758283,gx-no-cache=1490373421757 HTTP/1.1" 200 90
186.79.30.147 - - [24/Mar/2017:12:35:52 -0300] "GET /cormun/servlet/hpexe_link HTTP/1.1" 200 945
186.79.30.147 - - [24/Mar/2017:12:35:52 -0300] "GET /cormun/static/gxcfg.js?201731711483381 HTTP/1.1" 304 -
186.79.30.147 - - [24/Mar/2017:12:35:53 -0300] "GET /cormun/static/hpexe_link.js?201731711483384 HTTP/1.1" 304 -
186.79.30.147 - - [24/Mar/2017:12:35:53 -0300] "GET /cormun/servlet/hhome HTTP/1.1" 200 3930
186.79.30.147 - - [24/Mar/2017:12:35:54 -0300] "GET /cormun/servlet/hhome HTTP/1.1" 200 3926
186.79.30.147 - - [24/Mar/2017:12:36:00 -0300] "GET /cormun/servlet/trsolicitudot? HTTP/1.1" 200 6894
186.79.30.147 - - [24/Mar/2017:12:36:00 -0300] "GET /cormun/static/gxcfg.js?201731711505139 HTTP/1.1" 304 -
186.79.30.147 - - [24/Mar/2017:12:36:00 -0300] "GET /cormun/static/trsolicitudot.js?20173171151116 HTTP/1.1" 304 -
186.79.30.147 - - [24/Mar/2017:12:36:01 -0300] "GET /cormun/servlet/trsolicitudot? HTTP/1.1" 200 6894
186.79.30.147 - - [24/Mar/2017:12:36:10 -0300] "GET /cormun/static/menuarrow.gif HTTP/1.1" 404 1015
192.168.10.89 - - [24/Mar/2017:12:36:13 -0300] "POST /cormun/servlet/trsolicitudgral?9775e5be945faaca97d6b7e03c813d34,,gx-no-cache=1490373052912 HTTP/1.1" 200 6715
192.168.10.89 - - [24/Mar/2017:12:36:13 -0300] "GET /cormun/static/Shared/jqueryui/images/ui-icons_82798d_256x240.png HTTP/1.1" 404 1089
192.168.10.89 - - [24/Mar/2017:12:36:13 -0300] "GET /cormun/static/Shared/jqueryui/images/ui-icons_8d78a5_256x240.png HTTP/1.1" 404 1089
192.168.10.89 - - [24/Mar/2017:12:36:13 -0300] "GET /cormun/static/Shared/jqueryui/images/ui-bg_highlight-soft_100_c6c2c8_1x100.png HTTP/1.1" 404 1117
192.168.10.89 - - [24/Mar/2017:12:36:13 -0300] "GET /cormun/static/Shared/jqueryui/images/ui-bg_flat_55_fafafa_40x100.png HTTP/1.1" 404 1097
192.168.10.89 - - [24/Mar/2017:12:37:14 -0300] "POST /cormun/servlet/trsolicitudgral?9775e5be945faaca97d6b7e03c813d34,,gx-no-cache=1490373113628 HTTP/1.1" 200 7136
186.79.30.147 - - [24/Mar/2017:12:37:16 -0300] "POST /cormun/servlet/trsolicitudot?2d73a09ef5c96780acb579cf98758283,,gx-no-cache=1490373505506 HTTP/1.1" 200 4173
186.79.30.147 - - [24/Mar/2017:12:37:18 -0300] "GET /cormun/servlet/solicitudot?INS,0,0, HTTP/1.1" 200 12739
186.79.30.147 - - [24/Mar/2017:12:37:18 -0300] "GET /cormun/static/Resources/Spanish/PXTools.css?18365030 HTTP/1.1" 304 -
186.79.30.147 - - [24/Mar/2017:12:37:18 -0300] "GET /cormun/static/gxcfg.js?20171191042720 HTTP/1.1" 200 953
186.79.30.147 - - [24/Mar/2017:12:37:19 -0300] "GET /cormun/static/solicitudot.js?2017119104297 HTTP/1.1" 200 63948
