186.103.156.211 - - [24/Mar/2017:15:22:54 -0300] "GET /cormun/servlet/solicitudot?ec6ca79f4c48cf791c8a1a3477dd7b619a5e3fb085d0120ea831042afc131fc056f272eb3143eaf767114b0d3ecafe2398383cdfd0f8bd761ef9eadea721416e1aac024d9aa4b8bc4f14d079c5058f8913251048ede4b9f6650d3905bb8c5c0c0fc85e1b6eab7e93bb85f4d2e8a9d95ddc9533f5954ba2745f972d765b0f3d6d6a6742e1428bb73ea4be22d2d9097a44073637375cfe819e68affc25a20306a617af1fdc53f0bc6a70b1e021bb18834d,gx-no-cache=1490379842649 HTTP/1.1" 200 30
200.83.57.219 - - [24/Mar/2017:15:22:59 -0300] "GET /cormun/servlet/solicitudot?INS,0,0, HTTP/1.1" 200 12913
200.83.57.219 - - [24/Mar/2017:15:22:59 -0300] "GET /cormun/servlet/solicitudot?INS,0,0, HTTP/1.1" 200 12918
200.83.57.219 - - [24/Mar/2017:15:23:10 -0300] "POST /cormun/servlet/solicitudot?gx-no-cache=1490379856207 HTTP/1.1" 200 3193
200.83.57.219 - - [24/Mar/2017:15:23:10 -0300] "POST /cormun/servlet/solicitudot?6b8e16f77053d68629d8d8818fcc5a95,INS,0,0,,gx-no-cache=1490379856495 HTTP/1.1" 200 9966
200.83.57.219 - - [24/Mar/2017:15:23:13 -0300] "GET /cormun/servlet/solicitudot?075f0c42c66555d44e40dbb989f69e0174695ab6a157ee5a2d0a70e82ab4cce5a7a4bfe9506753ed2308220a2eaa22d1,gx-no-cache=1490379859607 HTTP/1.1" 200 30
200.83.57.219 - - [24/Mar/2017:15:23:14 -0300] "POST /cormun/servlet/solicitudot?gx-no-cache=1490379859715 HTTP/1.1" 200 255
200.83.57.219 - - [24/Mar/2017:15:23:14 -0300] "GET /cormun/servlet/solicitudot?075f0c42c66555d44e40dbb989f69e01f3d730794c019845facd80e4c7731e0f0a0e2ea1df6a340772d8ef5ada0f98b1284424a31342d15ec5f1743630def7f29e808961e2eabb13230f456672e266921abadc016d30a2a44381b87c40a156b0f9ed7d43a088051206a09c149df3ea88681cae09c313399c41cc326e951b6d090725e6b90b8eb1df7137d478d71c5911f3fe13e40d686f34a1f81f32c7240af4f8b26b3a655aca99d3cdbb65e216c6b4fd299f3fc222a600ff353a60a0fba4d543e8acbe74627366c621a3a86b24f0982c82bfbc56fadac5571741dc9fb7e6648099d1ef4bf445cb042ce235f4108fab604041e85e311cdd322b4938a1fab69111d698d006bc8892c86ad84ba006716cd955c59a0f08f1c88af47d28174324d0d83d948a1bc832671ec26f9176e89c3c256e0bcf57dd8858deb4249e70b5806cc336bf0d13e03844b2bed39c2c914e22a655e4cfb46871dde22a7426956119d5d4d4e0990de97b92f42941e4408b01edc71525279f72ae279f14dd1acd761ea3,gx-no-cache=1490379859811 HTTP/1.1" 200 30
200.83.57.219 - - [24/Mar/2017:15:23:17 -0300] "POST /cormun/servlet/solicitudot?gx-no-cache=1490379863088 HTTP/1.1" 200 30
186.103.156.211 - - [24/Mar/2017:15:23:24 -0300] "POST /cormun/servlet/solicitudot?469290677e5e214471f985571f08fe79,INS,0,0,,gx-no-cache=1490379872102 HTTP/1.1" 200 93
186.103.156.211 - - [24/Mar/2017:15:23:24 -0300] "GET /cormun/servlet/hpexe_return? HTTP/1.1" 200 1003
186.103.156.211 - - [24/Mar/2017:15:23:24 -0300] "GET /cormun/static/gxcfg.js?2016101716175148 HTTP/1.1" 304 -
186.103.156.211 - - [24/Mar/2017:15:23:24 -0300] "GET /cormun/static/hpexe_return.js?2016101716175153 HTTP/1.1" 200 1633
186.103.156.211 - - [24/Mar/2017:15:23:24 -0300] "GET /cormun/static/Resources/Spanish/PXTools.css?167811 HTTP/1.1" 200 89042
186.103.156.211 - - [24/Mar/2017:15:23:25 -0300] "GET /cormun/servlet/trsolicitudot HTTP/1.1" 200 9025
186.103.156.211 - - [24/Mar/2017:15:23:25 -0300] "GET /cormun/servlet/trsolicitudot HTTP/1.1" 200 9021
200.83.57.219 - - [24/Mar/2017:15:23:33 -0300] "POST /cormun/servlet/solicitudot?gx-no-cache=1490379879156 HTTP/1.1" 200 235
200.83.57.219 - - [24/Mar/2017:15:23:33 -0300] "POST /cormun/servlet/solicitudot?gx-no-cache=1490379879253 HTTP/1.1" 200 38
186.103.156.211 - - [24/Mar/2017:15:23:36 -0300] "POST /cormun/servlet/trsolicitudot?469290677e5e214471f985571f08fe79,gx-no-cache=1490379884390 HTTP/1.1" 200 107
186.103.156.211 - - [24/Mar/2017:15:23:36 -0300] "GET /cormun/servlet/trsolicitudadjuntos?2017,5473, HTTP/1.1" 200 8245
186.103.156.211 - - [24/Mar/2017:15:23:36 -0300] "GET /cormun/static/gxcfg.js?201731711504543 HTTP/1.1" 200 953
186.103.156.211 - - [24/Mar/2017:15:23:36 -0300] "GET /cormun/static/trsolicitudadjuntos.js?201731711504951 HTTP/1.1" 200 17913
186.103.156.211 - - [24/Mar/2017:15:23:37 -0300] "GET /cormun/servlet/trsolicitudadjuntos?2017,5473, HTTP/1.1" 200 8245
186.103.156.211 - - [24/Mar/2017:15:23:47 -0300] "GET /cormun/servlet/solicitudotadjuntos?INS,2017,5473,,2, HTTP/1.1" 200 6029
186.103.156.211 - - [24/Mar/2017:15:23:47 -0300] "GET /cormun/static/gxcfg.js?201612218465951 HTTP/1.1" 200 953
186.103.156.211 - - [24/Mar/2017:15:23:47 -0300] "GET /cormun/static/solicitudotadjuntos.js?201612218465969 HTTP/1.1" 200 11762
186.103.156.211 - - [24/Mar/2017:15:23:47 -0300] "GET /cormun/static/about:blank HTTP/1.1" 404 1011
186.103.156.211 - - [24/Mar/2017:15:23:47 -0300] "GET /cormun/servlet/solicitudotadjuntos?INS,2017,5473,,2, HTTP/1.1" 200 6022
186.103.156.211 - - [24/Mar/2017:15:23:48 -0300] "GET /cormun/servlet/solicitudotadjuntos?ec6ca79f4c48cf791c8a1a3477dd7b616ec4f8f25161dbd8b2d8f5e17aea7473ed25676d5554ae3c0267359215e3c475,gx-no-cache=1490379896530 HTTP/1.1" 200 30
186.103.156.211 - - [24/Mar/2017:15:23:48 -0300] "POST /cormun/servlet/solicitudotadjuntos?469290677e5e214471f985571f08fe79,INS,2017,5473,,2,,gx-no-cache=1490379896644 HTTP/1.1" 200 4052
200.83.57.219 - - [24/Mar/2017:15:23:49 -0300] "GET /cormun/servlet/solicitudot?075f0c42c66555d44e40dbb989f69e01e400e11d2389fb1eae5b1d7707e2028196cae545f50ea8bc73631d70ffb461e52fedb81a6d5a8cee4ef2faf941b126df34e895b587e64d2c1be3c4560dce593e54d04a22273e9e58e89f8dbc90554bdb8cc73f3b440e2033214f88597adf2eaa686de166750b32e09e3864c342886ae99b00d81b149e124f997488784b9289adbb6ba45af79bcb55b5b844d51b2229ab,gx-no-cache=1490379894992 HTTP/1.1" 200 29
200.83.57.219 - - [24/Mar/2017:15:23:49 -0300] "POST /cormun/servlet/solicitudot?gx-no-cache=1490379895085 HTTP/1.1" 200 641
200.83.57.219 - - [24/Mar/2017:15:23:51 -0300] "POST /cormun/servlet/solicitudot?gx-no-cache=1490379897081 HTTP/1.1" 200 1157
200.83.57.219 - - [24/Mar/2017:15:24:33 -0300] "GET /cormun/static/menuarrow.gif HTTP/1.1" 404 1015
200.83.57.219 - - [24/Mar/2017:15:24:45 -0300] "GET /cormun/servlet/solicitudot?075f0c42c66555d44e40dbb989f69e01b01c98b950b75099993f5bda7021502e2bfa787c8c79e321febeb3c45e415fa026e4be09015bb31b787c191e70515941d47043fae8627e63a21c5d134d3c60c9d6f0c7526bd941edd6f48d61fbf5f237e7057e036445abf6e16fc81612c4cd07c5faf4aea2bd4b71a3afff848e912a3bdd6f73a4199a113d4ff2aea888ff214c2c667a256373bf414428e3d895e0dcb0e3ef900d7a3490f71a51cd74b3b0e718,gx-no-cache=1490379950814 HTTP/1.1" 200 30
200.83.57.219 - - [24/Mar/2017:15:24:53 -0300] "POST /cormun/servlet/solicitudot?6b8e16f77053d68629d8d8818fcc5a95,INS,0,0,,gx-no-cache=1490379958520 HTTP/1.1" 200 93
200.83.57.219 - - [24/Mar/2017:15:24:53 -0300] "GET /cormun/servlet/hpexe_return? HTTP/1.1" 200 1005
200.83.57.219 - - [24/Mar/2017:15:24:53 -0300] "GET /cormun/servlet/trsolicitudot HTTP/1.1" 200 10088
200.83.57.219 - - [24/Mar/2017:15:24:54 -0300] "GET /cormun/servlet/trsolicitudot HTTP/1.1" 200 10084
200.83.57.219 - - [24/Mar/2017:15:25:04 -0300] "POST /cormun/servlet/trsolicitudot?6b8e16f77053d68629d8d8818fcc5a95,gx-no-cache=1490379969929 HTTP/1.1" 200 105
200.83.57.219 - - [24/Mar/2017:15:25:04 -0300] "GET /cormun/servlet/solicitudot?UPD,2017,5720, HTTP/1.1" 200 14607
200.83.57.219 - - [24/Mar/2017:15:25:05 -0300] "GET /cormun/servlet/solicitudot?UPD,2017,5720, HTTP/1.1" 200 14616
200.83.57.219 - - [24/Mar/2017:15:25:06 -0300] "POST /cormun/servlet/solicitudot?gx-no-cache=1490379971380 HTTP/1.1" 200 3193
200.83.57.219 - - [24/Mar/2017:15:25:06 -0300] "POST /cormun/servlet/solicitudot?6b8e16f77053d68629d8d8818fcc5a95,UPD,2017,5720,,gx-no-cache=1490379971779 HTTP/1.1" 200 11064
200.83.57.219 - - [24/Mar/2017:15:25:06 -0300] "GET /cormun/servlet/solicitudot?075f0c42c66555d44e40dbb989f69e0174695ab6a157ee5a2d0a70e82ab4cce52b1d8b4dca4608de19ec5a39c885ebd0,gx-no-cache=1490379972079 HTTP/1.1" 200 30
200.83.57.219 - - [24/Mar/2017:15:25:06 -0300] "POST /cormun/servlet/solicitudot?gx-no-cache=1490379972172 HTTP/1.1" 200 256
200.83.57.219 - - [24/Mar/2017:15:25:06 -0300] "GET /cormun/servlet/solicitudot?075f0c42c66555d44e40dbb989f69e01f3d730794c019845facd80e4c7731e0f0a0e2ea1df6a340772d8ef5ada0f98b1284424a31342d15ec5f1743630def7f29e808961e2eabb13230f456672e266921abadc016d30a2a44381b87c40a156b0f9ed7d43a088051206a09c149df3ea88681cae09c313399c41cc326e951b6d090725e6b90b8eb1df7137d478d71c5911f3fe13e40d686f34a1f81f32c7240af4f8b26b3a655aca99d3cdbb65e216c6b4fd299f3fc222a600ff353a60a0fba4d543e8acbe74627366c621a3a86b24f0982c82bfbc56fadac5571741dc9fb7e6648099d1ef4bf445cb042ce235f4108fab604041e85e311cdd322b4938a1fab69111d698d006bc8892c86ad84ba006716cd955c59a0f08f1c88af47d28174324d0d83d948a1bc832671ec26f9176e89c3c256e0bcf57dd8858deb4249e70b5806cc336bf0d13e03844b2bed39c2c914e22a655e4cfb46871dde22a7426956119d5d4d4e0990de97b92f42941e4408b01ed8a7aeead92ed93c65ab848b02f04ad3d,gx-no-cache=1490379972242 HTTP/1.1" 200 30
200.83.57.219 - - [24/Mar/2017:15:25:06 -0300] "POST /cormun/servlet/solicitudot?gx-no-cache=1490379972312 HTTP/1.1" 200 30
200.83.57.219 - - [24/Mar/2017:15:25:06 -0300] "POST /cormun/servlet/solicitudot?gx-no-cache=1490379972399 HTTP/1.1" 200 1286
200.83.57.219 - - [24/Mar/2017:15:25:06 -0300] "POST /cormun/servlet/solicitudot?gx-no-cache=1490379972503 HTTP/1.1" 200 41
192.168.10.89 - - [24/Mar/2017:15:25:22 -0300] "POST /cormun/servlet/trsolicitudgral?9bb74a349300e56fa46c9f4ddffa73f4,gx-no-cache=1490383202017 HTTP/1.1" 440 972
200.83.57.219 - - [24/Mar/2017:15:25:22 -0300] "GET /cormun/servlet/solicitudot?075f0c42c66555d44e40dbb989f69e015b16f56b80219570904c58c44bd53d24cad6e61780a324fff2c5c3b7fabcd3676756cbba771ce2adac30ba016b8c3c77171f71dc2a0cb69a9ba86e1755caa0bee9b24bf06e73ed95dc8818cdf330f7975c39c239f316ed04f6d397a5738dbca4d228de7f9b28589c229184f86b251c4c08816d75b7a3fe7a3fa2799df153873adb25ebcec681b96779f15864f8d6df37,gx-no-cache=1490379988508 HTTP/1.1" 200 29
200.83.57.219 - - [24/Mar/2017:15:25:22 -0300] "POST /cormun/servlet/solicitudot?gx-no-cache=1490379988577 HTTP/1.1" 200 1273
200.83.57.219 - - [24/Mar/2017:15:25:23 -0300] "POST /cormun/servlet/solicitudot?gx-no-cache=1490379988670 HTTP/1.1" 200 1157
200.83.57.219 - - [24/Mar/2017:15:25:23 -0300] "GET /cormun/servlet/solicitudot?075f0c42c66555d44e40dbb989f69e01b01c98b950b75099993f5bda7021502e2bfa787c8c79e321febeb3c45e415fa026e4be09015bb31b787c191e70515941d47043fae8627e63a21c5d134d3c60c9d6f0c7526bd941edd6f48d61fbf5f237e7057e036445abf6e16fc81612c4cd07c5faf4aea2bd4b71a3afff848e912a3bdd6f73a4199a113d4ff2aea888ff214c2c667a256373bf414428e3d895e0dcb0ef3206e41c0c2c551e71f2e09b337b5e,gx-no-cache=1490379988764 HTTP/1.1" 200 32
200.83.57.219 - - [24/Mar/2017:15:25:23 -0300] "POST /cormun/servlet/solicitudot?6b8e16f77053d68629d8d8818fcc5a95,UPD,2017,5720,,gx-no-cache=1490379988841 HTTP/1.1" 200 93
200.83.57.219 - - [24/Mar/2017:15:25:23 -0300] "GET /cormun/servlet/hpexe_return? HTTP/1.1" 200 1010
200.83.57.219 - - [24/Mar/2017:15:25:23 -0300] "GET /cormun/servlet/trsolicitudot HTTP/1.1" 200 10089
200.83.57.219 - - [24/Mar/2017:15:25:24 -0300] "GET /cormun/servlet/trsolicitudot HTTP/1.1" 200 10085
192.168.10.89 - - [24/Mar/2017:15:25:24 -0300] "POST /cormun/servlet/trsolicitudgral?9bb74a349300e56fa46c9f4ddffa73f4,gx-no-cache=1490383204413 HTTP/1.1" 440 972
192.168.10.89 - - [24/Mar/2017:15:25:26 -0300] "GET /cormun/servlet/trsolicitudgral HTTP/1.1" 200 23886
192.168.10.89 - - [24/Mar/2017:15:25:28 -0300] "GET /cormun/servlet/hlogin HTTP/1.1" 200 1748
200.83.57.219 - - [24/Mar/2017:15:25:32 -0300] "POST /cormun/servlet/trsolicitudot?6b8e16f77053d68629d8d8818fcc5a95,gx-no-cache=1490379998051 HTTP/1.1" 200 6824
200.83.57.219 - - [24/Mar/2017:15:25:32 -0300] "GET /cormun/static/Shared/jqueryui/images/ui-bg_highlight-soft_100_c6c2c8_1x100.png HTTP/1.1" 404 1117
200.83.57.219 - - [24/Mar/2017:15:25:32 -0300] "GET /cormun/static/Shared/jqueryui/images/ui-icons_82798d_256x240.png HTTP/1.1" 404 1089
200.83.57.219 - - [24/Mar/2017:15:25:32 -0300] "GET /cormun/static/Shared/jqueryui/images/ui-icons_8d78a5_256x240.png HTTP/1.1" 404 1089
200.83.57.219 - - [24/Mar/2017:15:25:32 -0300] "GET /cormun/static/Shared/jqueryui/images/ui-bg_flat_55_fafafa_40x100.png HTTP/1.1" 404 1097
200.83.57.219 - - [24/Mar/2017:15:25:33 -0300] "POST /cormun/servlet/trsolicitudot?6b8e16f77053d68629d8d8818fcc5a95,gx-no-cache=1490379998601 HTTP/1.1" 200 6767
192.168.10.89 - - [24/Mar/2017:15:25:35 -0300] "POST /cormun/servlet/hlogin?5b6711626938527bd18ec9a0c1433335,gx-no-cache=1490383215401 HTTP/1.1" 200 90
192.168.10.89 - - [24/Mar/2017:15:25:35 -0300] "GET /cormun/servlet/hpexe_link HTTP/1.1" 200 963
200.83.57.219 - - [24/Mar/2017:15:25:36 -0300] "GET /cormun/servlet/trautorizarsolicitud? HTTP/1.1" 200 8329
200.83.57.219 - - [24/Mar/2017:15:25:36 -0300] "GET /cormun/servlet/trautorizarsolicitud? HTTP/1.1" 200 8329
192.168.10.89 - - [24/Mar/2017:15:25:38 -0300] "GET /cormun/servlet/trsolicitudgral HTTP/1.1" 200 25041
192.168.10.98 - - [24/Mar/2017:15:25:41 -0300] "GET /cormunbeta/servlet/hlogin HTTP/1.1" 200 1718
200.83.57.219 - - [24/Mar/2017:15:25:42 -0300] "POST /cormun/servlet/trautorizarsolicitud?6b8e16f77053d68629d8d8818fcc5a95,,gx-no-cache=1490380007513 HTTP/1.1" 200 4326
200.83.57.219 - - [24/Mar/2017:15:25:42 -0300] "GET /cormun/static/Shared/jqueryui/images/ui-bg_highlight-soft_100_c6c2c8_1x100.png HTTP/1.1" 404 1117
200.83.57.219 - - [24/Mar/2017:15:25:42 -0300] "GET /cormun/static/Shared/jqueryui/images/ui-bg_flat_55_fafafa_40x100.png HTTP/1.1" 404 1097
200.83.57.219 - - [24/Mar/2017:15:25:42 -0300] "GET /cormun/static/Shared/jqueryui/images/ui-icons_82798d_256x240.png HTTP/1.1" 404 1089
200.83.57.219 - - [24/Mar/2017:15:25:42 -0300] "GET /cormun/static/Shared/jqueryui/images/ui-icons_8d78a5_256x240.png HTTP/1.1" 404 1089
200.83.57.219 - - [24/Mar/2017:15:25:42 -0300] "POST /cormun/servlet/trautorizarsolicitud?6b8e16f77053d68629d8d8818fcc5a95,,gx-no-cache=1490380007830 HTTP/1.1" 200 4103
192.168.10.89 - - [24/Mar/2017:15:25:45 -0300] "GET /cormun/static/menuarrow.gif HTTP/1.1" 404 1015
192.168.10.89 - - [24/Mar/2017:15:25:54 -0300] "POST /cormun/servlet/trsolicitudgral?5b6711626938527bd18ec9a0c1433335,gx-no-cache=1490383233940 HTTP/1.1" 200 8644
192.168.10.89 - - [24/Mar/2017:15:26:03 -0300] "POST /cormun/servlet/trsolicitudgral?5b6711626938527bd18ec9a0c1433335,gx-no-cache=1490383243011 HTTP/1.1" 200 5137
192.168.10.98 - - [24/Mar/2017:15:26:08 -0300] "GET /cormunbeta/servlet/hlogin HTTP/1.1" 200 1718
186.103.156.211 - - [24/Mar/2017:15:26:40 -0300] "POST /cormun/servlet/solicitudotadjuntos?gx-no-cache=1490380069043 HTTP/1.1" 200 26
186.103.156.211 - - [24/Mar/2017:15:27:11 -0300] "GET /cormun/servlet/solicitudotadjuntos?ec6ca79f4c48cf791c8a1a3477dd7b613d6bb9f855333ad531a104a226bd3a32,gx-no-cache=1490380100248 HTTP/1.1" 200 30
186.103.156.211 - - [24/Mar/2017:15:27:12 -0300] "GET /cormun/servlet/solicitudotadjuntos?ec6ca79f4c48cf791c8a1a3477dd7b613d6bb9f855333ad531a104a226bd3a32,gx-no-cache=1490380100325 HTTP/1.1" 200 30
186.103.156.211 - - [24/Mar/2017:15:27:20 -0300] "POST /cormun/servlet/solicitudotadjuntos?469290677e5e214471f985571f08fe79,INS,2017,5473,,2, HTTP/1.1" 200 6181
186.103.156.211 - - [24/Mar/2017:15:27:20 -0300] "GET /home/sistema/apache-tomcat-7.0.65/webapps/cormun/PrivateTempStorage/upload_00003459.pdf HTTP/1.1" 404 1135
186.103.156.211 - - [24/Mar/2017:15:27:20 -0300] "GET /cormun/static/Shared/jqueryui/images/ui-bg_highlight-soft_100_c6c2c8_1x100.png HTTP/1.1" 404 1117
186.103.156.211 - - [24/Mar/2017:15:27:20 -0300] "GET /cormun/static/Shared/jqueryui/images/ui-icons_82798d_256x240.png HTTP/1.1" 404 1089
186.103.156.211 - - [24/Mar/2017:15:27:20 -0300] "GET /cormun/static/Shared/jqueryui/images/ui-bg_flat_55_994d53_40x100.png HTTP/1.1" 404 1097
186.103.156.211 - - [24/Mar/2017:15:27:20 -0300] "GET /cormun/static/Shared/jqueryui/images/ui-icons_ebccce_256x240.png HTTP/1.1" 404 1089
186.103.156.211 - - [24/Mar/2017:15:27:20 -0300] "GET /home/sistema/apache-tomcat-7.0.65/webapps/cormun/PrivateTempStorage/upload_00003459.pdf HTTP/1.1" 404 1135
186.103.156.211 - - [24/Mar/2017:15:27:24 -0300] "GET /cormun/PrivateTempStorage/upload_00003459.pdf HTTP/1.1" 200 799550
186.103.156.211 - - [24/Mar/2017:15:27:24 -0300] "GET /cormun/PrivateTempStorage/upload_00003459.pdf HTTP/1.1" 304 -
200.83.57.219 - - [24/Mar/2017:15:27:49 -0300] "GET /cormun/servlet/trcontratounov2? HTTP/1.1" 200 6729
200.83.57.219 - - [24/Mar/2017:15:27:50 -0300] "GET /cormun/servlet/trcontratounov2? HTTP/1.1" 200 6728
200.83.57.219 - - [24/Mar/2017:15:28:18 -0300] "GET /cormun/servlet/trsolicitudot? HTTP/1.1" 200 9712
200.83.57.219 - - [24/Mar/2017:15:28:18 -0300] "GET /cormun/servlet/trsolicitudot? HTTP/1.1" 200 9711
200.83.57.219 - - [24/Mar/2017:15:28:21 -0300] "GET /cormun/servlet/solicitudot?INS,0,0, HTTP/1.1" 200 12916
200.83.57.219 - - [24/Mar/2017:15:28:21 -0300] "GET /cormun/servlet/solicitudot?INS,0,0, HTTP/1.1" 200 12921
200.83.57.219 - - [24/Mar/2017:15:28:35 -0300] "POST /cormun/servlet/solicitudot?gx-no-cache=1490380180742 HTTP/1.1" 200 3152
200.83.57.219 - - [24/Mar/2017:15:28:35 -0300] "POST /cormun/servlet/solicitudot?6b8e16f77053d68629d8d8818fcc5a95,INS,0,0,,gx-no-cache=1490380181121 HTTP/1.1" 200 9932
200.83.57.219 - - [24/Mar/2017:15:28:40 -0300] "GET /cormun/servlet/solicitudot?075f0c42c66555d44e40dbb989f69e01f2433c5336f98b0349ee39efec5776cfd61bc2df01bd46b91ed5158a841274d5,gx-no-cache=1490380186169 HTTP/1.1" 200 30
186.103.156.211 - - [24/Mar/2017:15:29:06 -0300] "GET /cormun/servlet/solicitudotadjuntos?ec6ca79f4c48cf791c8a1a3477dd7b61d088d1309f8c6694f400ed3efe30537e86c1d6e9b2e49247fb9c639671e7b398,gx-no-cache=1490380214585 HTTP/1.1" 200 30
200.83.57.219 - - [24/Mar/2017:15:29:12 -0300] "POST /cormun/servlet/solicitudot?gx-no-cache=1490380218010 HTTP/1.1" 200 255
200.83.57.219 - - [24/Mar/2017:15:29:12 -0300] "GET /cormun/servlet/solicitudot?075f0c42c66555d44e40dbb989f69e01f3d730794c019845facd80e4c7731e0f0a0e2ea1df6a340772d8ef5ada0f98b1284424a31342d15ec5f1743630def7f29e808961e2eabb13230f456672e266921abadc016d30a2a44381b87c40a156b0f9ed7d43a088051206a09c149df3ea88681cae09c313399c41cc326e951b6d090725e6b90b8eb1df7137d478d71c5911f3fe13e40d686f34a1f81f32c7240af4f8b26b3a655aca99d3cdbb65e216c6b4fd299f3fc222a600ff353a60a0fba4d543e8acbe74627366c621a3a86b24f0982c82bfbc56fadac5571741dc9fb7e6648099d1ef4bf445cb042ce235f4108fab604041e85e311cdd322b4938a1fab69111d698d006bc8892c86ad84ba006716cd955c59a0f08f1c88af47d28174324d0d83d948a1bc832671ec26f9176e89c3c256e0bcf57dd8858deb4249e70b5806cc336bf0d13e03844b2bed39c2c914e22a655e4cfb46871dde22a7426956119d5d4d4e0990de97b92f42941e4408b01edc71525279f72ae279f14dd1acd761ea3,gx-no-cache=1490380218191 HTTP/1.1" 200 30
200.83.57.219 - - [24/Mar/2017:15:29:17 -0300] "POST /cormun/servlet/solicitudot?gx-no-cache=1490380223107 HTTP/1.1" 200 30
186.103.156.211 - - [24/Mar/2017:15:29:34 -0300] "GET /cormun/servlet/solicitudotadjuntos?ec6ca79f4c48cf791c8a1a3477dd7b612be32d6cabdaad7b9ee770ad30147fea86c1d6e9b2e49247fb9c639671e7b398,gx-no-cache=1490380242676 HTTP/1.1" 200 30
186.103.156.211 - - [24/Mar/2017:15:29:34 -0300] "GET /cormun/servlet/solicitudotadjuntos?ec6ca79f4c48cf791c8a1a3477dd7b612be32d6cabdaad7b9ee770ad30147fea86c1d6e9b2e49247fb9c639671e7b398,gx-no-cache=1490380242752 HTTP/1.1" 200 30
200.83.57.219 - - [24/Mar/2017:15:29:35 -0300] "POST /cormun/servlet/solicitudot?gx-no-cache=1490380240696 HTTP/1.1" 200 1291
200.83.57.219 - - [24/Mar/2017:15:29:35 -0300] "POST /cormun/servlet/solicitudot?gx-no-cache=1490380240804 HTTP/1.1" 200 38
186.103.156.211 - - [24/Mar/2017:15:29:38 -0300] "POST /cormun/servlet/solicitudotadjuntos?469290677e5e214471f985571f08fe79,INS,2017,5473,,2, HTTP/1.1" 200 6171
186.103.156.211 - - [24/Mar/2017:15:29:38 -0300] "GET /home/sistema/apache-tomcat-7.0.65/webapps/cormun/PrivateTempStorage/upload_00003471.pdf HTTP/1.1" 404 1135
186.103.156.211 - - [24/Mar/2017:15:29:38 -0300] "GET /home/sistema/apache-tomcat-7.0.65/webapps/cormun/PrivateTempStorage/upload_00003471.pdf HTTP/1.1" 404 1135
186.103.156.211 - - [24/Mar/2017:15:29:38 -0300] "GET /cormun/PrivateTempStorage/upload_00003471.pdf HTTP/1.1" 200 24576
186.103.156.211 - - [24/Mar/2017:15:29:40 -0300] "GET /cormun/PrivateTempStorage/upload_00003471.pdf HTTP/1.1" 200 445182
200.83.57.219 - - [24/Mar/2017:15:29:43 -0300] "GET /cormun/servlet/solicitudot?075f0c42c66555d44e40dbb989f69e01e400e11d2389fb1eae5b1d7707e2028196cae545f50ea8bc73631d70ffb461e52fedb81a6d5a8cee4ef2faf941b126df34e895b587e64d2c1be3c4560dce593e54d04a22273e9e58e89f8dbc90554bdb8cc73f3b440e2033214f88597adf2eaa686de166750b32e09e3864c342886ae99b00d81b149e124f997488784b9289adbb6ba45af79bcb55b5b844d51b2229ab,gx-no-cache=1490380248851 HTTP/1.1" 200 29
200.83.57.219 - - [24/Mar/2017:15:29:43 -0300] "POST /cormun/servlet/solicitudot?gx-no-cache=1490380248957 HTTP/1.1" 200 1275
200.83.57.219 - - [24/Mar/2017:15:29:43 -0300] "POST /cormun/servlet/solicitudot?gx-no-cache=1490380249039 HTTP/1.1" 200 1157
200.83.57.219 - - [24/Mar/2017:15:29:43 -0300] "GET /cormun/static/menuarrow.gif HTTP/1.1" 404 1015
200.83.57.219 - - [24/Mar/2017:15:29:45 -0300] "POST /cormun/servlet/solicitudot?gx-no-cache=1490380250668 HTTP/1.1" 200 1275
200.83.57.219 - - [24/Mar/2017:15:29:45 -0300] "POST /cormun/servlet/solicitudot?gx-no-cache=1490380250793 HTTP/1.1" 200 1157
200.83.57.219 - - [24/Mar/2017:15:29:58 -0300] "GET /cormun/servlet/solicitudot?075f0c42c66555d44e40dbb989f69e01d3f65ba587759db41e2b316e69addacc93c36857ac88650c069cfe8889baa9f2dbe5008c6ef71e3c30feff80d9f7724890343a106644e177c5325c3bd738bb6b9bb2953c04efd27d5ccf6d6d895cff8a4e25eb8bb2e27f71577e350dc9309987e7559c9f33735ea8a28becdda3c7a3dc0be4c4f1f4488af3a84ee0c098db303c13013d4db52aff1ef4722e697c05886438083968172d7a9e2ca7bf2e9ca2336c,gx-no-cache=1490380263836 HTTP/1.1" 200 30
200.83.57.219 - - [24/Mar/2017:15:30:01 -0300] "POST /cormun/servlet/solicitudot?6b8e16f77053d68629d8d8818fcc5a95,INS,0,0,,gx-no-cache=1490380267287 HTTP/1.1" 200 11283
200.83.57.219 - - [24/Mar/2017:15:30:01 -0300] "GET /cormun/static/Shared/jqueryui/images/ui-bg_highlight-soft_100_c6c2c8_1x100.png HTTP/1.1" 404 1117
200.83.57.219 - - [24/Mar/2017:15:30:02 -0300] "GET /cormun/static/Shared/jqueryui/images/ui-icons_82798d_256x240.png HTTP/1.1" 404 1089
200.83.57.219 - - [24/Mar/2017:15:30:02 -0300] "GET /cormun/static/Shared/jqueryui/images/ui-bg_flat_55_994d53_40x100.png HTTP/1.1" 404 1097
200.83.57.219 - - [24/Mar/2017:15:30:02 -0300] "GET /cormun/static/Shared/jqueryui/images/ui-icons_ebccce_256x240.png HTTP/1.1" 404 1089
200.83.57.219 - - [24/Mar/2017:15:30:10 -0300] "GET /cormun/servlet/trcontratounov2? HTTP/1.1" 200 6736
200.83.57.219 - - [24/Mar/2017:15:30:10 -0300] "GET /cormun/servlet/trcontratounov2? HTTP/1.1" 200 6728
200.83.57.219 - - [24/Mar/2017:15:30:22 -0300] "POST /cormun/servlet/trcontratounov2?6b8e16f77053d68629d8d8818fcc5a95,,gx-no-cache=1490380287975 HTTP/1.1" 200 5264
186.103.156.211 - - [24/Mar/2017:15:31:17 -0300] "GET /cormun/servlet/solicitudotadjuntos?ec6ca79f4c48cf791c8a1a3477dd7b612be32d6cabdaad7b9ee770ad30147fea86c1d6e9b2e49247fb9c639671e7b398,gx-no-cache=1490380345478 HTTP/1.1" 200 30
200.83.57.219 - - [24/Mar/2017:15:31:25 -0300] "POST /cormun/servlet/trcontratounov2?6b8e16f77053d68629d8d8818fcc5a95,,gx-no-cache=1490380350977 HTTP/1.1" 200 5325
186.103.156.211 - - [24/Mar/2017:15:31:30 -0300] "GET /cormun/servlet/solicitudotadjuntos?ec6ca79f4c48cf791c8a1a3477dd7b612be32d6cabdaad7b9ee770ad30147fea86c1d6e9b2e49247fb9c639671e7b398,gx-no-cache=1490380358949 HTTP/1.1" 200 30
186.103.156.211 - - [24/Mar/2017:15:31:30 -0300] "GET /cormun/servlet/solicitudotadjuntos?ec6ca79f4c48cf791c8a1a3477dd7b612be32d6cabdaad7b9ee770ad30147fea86c1d6e9b2e49247fb9c639671e7b398,gx-no-cache=1490380359009 HTTP/1.1" 200 30
186.103.156.211 - - [24/Mar/2017:15:31:34 -0300] "POST /cormun/servlet/solicitudotadjuntos?469290677e5e214471f985571f08fe79,INS,2017,5473,,2, HTTP/1.1" 200 6166
186.103.156.211 - - [24/Mar/2017:15:31:34 -0300] "GET /home/sistema/apache-tomcat-7.0.65/webapps/cormun/PrivateTempStorage/upload_00003483.pdf HTTP/1.1" 404 1135
186.103.156.211 - - [24/Mar/2017:15:31:34 -0300] "GET /home/sistema/apache-tomcat-7.0.65/webapps/cormun/PrivateTempStorage/upload_00003483.pdf HTTP/1.1" 404 1135
186.103.156.211 - - [24/Mar/2017:15:31:34 -0300] "GET /cormun/PrivateTempStorage/upload_00003483.pdf HTTP/1.1" 200 32768
186.103.156.211 - - [24/Mar/2017:15:31:35 -0300] "GET /cormun/PrivateTempStorage/upload_00003483.pdf HTTP/1.1" 200 275795
192.168.10.89 - - [24/Mar/2017:15:32:02 -0300] "GET /cormun/servlet/hlogin HTTP/1.1" 200 1748
186.103.156.211 - - [24/Mar/2017:15:33:07 -0300] "GET /cormun/servlet/solicitudotadjuntos?ec6ca79f4c48cf791c8a1a3477dd7b612be32d6cabdaad7b9ee770ad30147fea86c1d6e9b2e49247fb9c639671e7b398,gx-no-cache=1490380456081 HTTP/1.1" 200 30
186.103.156.211 - - [24/Mar/2017:15:33:33 -0300] "GET /cormun/servlet/solicitudotadjuntos?ec6ca79f4c48cf791c8a1a3477dd7b612be32d6cabdaad7b9ee770ad30147fea86c1d6e9b2e49247fb9c639671e7b398,gx-no-cache=1490380481637 HTTP/1.1" 200 30
186.103.156.211 - - [24/Mar/2017:15:33:33 -0300] "GET /cormun/servlet/solicitudotadjuntos?ec6ca79f4c48cf791c8a1a3477dd7b612be32d6cabdaad7b9ee770ad30147fea86c1d6e9b2e49247fb9c639671e7b398,gx-no-cache=1490380481694 HTTP/1.1" 200 30
186.103.156.211 - - [24/Mar/2017:15:33:40 -0300] "POST /cormun/servlet/solicitudotadjuntos?469290677e5e214471f985571f08fe79,INS,2017,5473,,2, HTTP/1.1" 200 6171
186.103.156.211 - - [24/Mar/2017:15:33:40 -0300] "GET /home/sistema/apache-tomcat-7.0.65/webapps/cormun/PrivateTempStorage/upload_00003495.pdf HTTP/1.1" 404 1135
186.103.156.211 - - [24/Mar/2017:15:33:40 -0300] "GET /home/sistema/apache-tomcat-7.0.65/webapps/cormun/PrivateTempStorage/upload_00003495.pdf HTTP/1.1" 404 1135
186.103.156.211 - - [24/Mar/2017:15:33:44 -0300] "GET /cormun/PrivateTempStorage/upload_00003495.pdf HTTP/1.1" 200 730788
200.83.57.219 - - [24/Mar/2017:15:35:09 -0300] "GET /cormun/servlet/trcontratounov2? HTTP/1.1" 200 7996
200.83.57.219 - - [24/Mar/2017:15:35:09 -0300] "GET /cormun/servlet/trcontratounov2? HTTP/1.1" 200 8000
200.83.57.219 - - [24/Mar/2017:15:35:16 -0300] "POST /cormun/servlet/trcontratounov2?6b8e16f77053d68629d8d8818fcc5a95,,gx-no-cache=1490380582332 HTTP/1.1" 200 5451
200.83.57.219 - - [24/Mar/2017:15:35:53 -0300] "POST /cormun/servlet/trcontratounov2?6b8e16f77053d68629d8d8818fcc5a95,,gx-no-cache=1490380618700 HTTP/1.1" 200 5316
200.83.57.219 - - [24/Mar/2017:15:36:15 -0300] "GET /cormun/servlet/trsolicitudot? HTTP/1.1" 200 9712
200.83.57.219 - - [24/Mar/2017:15:36:16 -0300] "GET /cormun/servlet/trsolicitudot? HTTP/1.1" 200 9711
200.83.57.219 - - [24/Mar/2017:15:36:20 -0300] "GET /cormun/servlet/solicitudot?INS,0,0, HTTP/1.1" 200 12916
200.83.57.219 - - [24/Mar/2017:15:36:20 -0300] "GET /cormun/servlet/solicitudot?INS,0,0, HTTP/1.1" 200 12921
186.103.156.211 - - [24/Mar/2017:15:36:30 -0300] "GET /cormun/servlet/solicitudotadjuntos?ec6ca79f4c48cf791c8a1a3477dd7b612be32d6cabdaad7b9ee770ad30147fea86c1d6e9b2e49247fb9c639671e7b398,gx-no-cache=1490380658518 HTTP/1.1" 200 30
200.83.57.219 - - [24/Mar/2017:15:36:34 -0300] "POST /cormun/servlet/solicitudot?gx-no-cache=1490380659500 HTTP/1.1" 200 3194
200.83.57.219 - - [24/Mar/2017:15:36:34 -0300] "POST /cormun/servlet/solicitudot?6b8e16f77053d68629d8d8818fcc5a95,INS,0,0,,gx-no-cache=1490380659812 HTTP/1.1" 200 9977
200.83.57.219 - - [24/Mar/2017:15:36:36 -0300] "GET /cormun/servlet/solicitudot?075f0c42c66555d44e40dbb989f69e014c385f8e5b1074fa51742d1bbcf62366a7a4bfe9506753ed2308220a2eaa22d1,gx-no-cache=1490380662417 HTTP/1.1" 200 30
200.83.57.219 - - [24/Mar/2017:15:36:36 -0300] "POST /cormun/servlet/solicitudot?gx-no-cache=1490380662521 HTTP/1.1" 200 255
200.83.57.219 - - [24/Mar/2017:15:36:36 -0300] "GET /cormun/servlet/solicitudot?075f0c42c66555d44e40dbb989f69e01f3d730794c019845facd80e4c7731e0f0a0e2ea1df6a340772d8ef5ada0f98b1284424a31342d15ec5f1743630def7f29e808961e2eabb13230f456672e266921abadc016d30a2a44381b87c40a156b0f9ed7d43a088051206a09c149df3ea88681cae09c313399c41cc326e951b6d090725e6b90b8eb1df7137d478d71c5911f3fe13e40d686f34a1f81f32c7240af4f8b26b3a655aca99d3cdbb65e216c6b4fd299f3fc222a600ff353a60a0fba4d543e8acbe74627366c621a3a86b24f0982c82bfbc56fadac5571741dc9fb7e6648099d1ef4bf445cb042ce235f4108fab604041e85e311cdd322b4938a1fab69111d698d006bc8892c86ad84ba006716cd955c59a0f08f1c88af47d28174324d0d83d948a1bc832671ec26f9176e89c3c256e0bcf57dd8858deb4249e70b5806cc336bf0d13e03844b2bed39c2c914e22a655e4cfb46871dde22a7426956119d5d4d4e0990de97b92f42941e4408b01edc71525279f72ae279f14dd1acd761ea3,gx-no-cache=1490380662594 HTTP/1.1" 200 30
200.83.57.219 - - [24/Mar/2017:15:36:39 -0300] "POST /cormun/servlet/solicitudot?gx-no-cache=1490380664678 HTTP/1.1" 200 30
200.83.57.219 - - [24/Mar/2017:15:36:49 -0300] "POST /cormun/servlet/solicitudot?gx-no-cache=1490380674919 HTTP/1.1" 200 1291
200.83.57.219 - - [24/Mar/2017:15:36:49 -0300] "POST /cormun/servlet/solicitudot?gx-no-cache=1490380675131 HTTP/1.1" 200 38
200.83.57.219 - - [24/Mar/2017:15:36:55 -0300] "GET /cormun/servlet/solicitudot?075f0c42c66555d44e40dbb989f69e01e400e11d2389fb1eae5b1d7707e2028196cae545f50ea8bc73631d70ffb461e52fedb81a6d5a8cee4ef2faf941b126df34e895b587e64d2c1be3c4560dce593e54d04a22273e9e58e89f8dbc90554bdb8cc73f3b440e2033214f88597adf2eaa686de166750b32e09e3864c342886ae99b00d81b149e124f997488784b9289adbb6ba45af79bcb55b5b844d51b2229ab,gx-no-cache=1490380681168 HTTP/1.1" 200 29
200.83.57.219 - - [24/Mar/2017:15:36:55 -0300] "POST /cormun/servlet/solicitudot?gx-no-cache=1490380681248 HTTP/1.1" 200 1275
200.83.57.219 - - [24/Mar/2017:15:36:55 -0300] "POST /cormun/servlet/solicitudot?gx-no-cache=1490380681331 HTTP/1.1" 200 1157
200.83.57.219 - - [24/Mar/2017:15:36:55 -0300] "GET /cormun/static/menuarrow.gif HTTP/1.1" 404 1015
200.83.57.219 - - [24/Mar/2017:15:36:56 -0300] "POST /cormun/servlet/solicitudot?gx-no-cache=1490380682607 HTTP/1.1" 200 1275
200.83.57.219 - - [24/Mar/2017:15:36:57 -0300] "POST /cormun/servlet/solicitudot?gx-no-cache=1490380682716 HTTP/1.1" 200 1157
200.83.57.219 - - [24/Mar/2017:15:37:05 -0300] "GET /cormun/servlet/solicitudot?075f0c42c66555d44e40dbb989f69e01fcb36b4df9c4c617ee5f4be199626fbbaae2f6ceb9e341e61c548555a254ea7826e4be09015bb31b787c191e70515941d47043fae8627e63a21c5d134d3c60c9d6f0c7526bd941edd6f48d61fbf5f237e7057e036445abf6e16fc81612c4cd07c5faf4aea2bd4b71a3afff848e912a3bdd6f73a4199a113d4ff2aea888ff214c2c667a256373bf414428e3d895e0dcb0e3ef900d7a3490f71a51cd74b3b0e718,gx-no-cache=1490380690687 HTTP/1.1" 200 30
200.83.57.219 - - [24/Mar/2017:15:37:09 -0300] "POST /cormun/servlet/solicitudot?6b8e16f77053d68629d8d8818fcc5a95,INS,0,0,,gx-no-cache=1490380694878 HTTP/1.1" 200 11321
200.83.57.219 - - [24/Mar/2017:15:37:09 -0300] "GET /cormun/static/Shared/jqueryui/images/ui-bg_highlight-soft_100_c6c2c8_1x100.png HTTP/1.1" 404 1117
200.83.57.219 - - [24/Mar/2017:15:37:09 -0300] "GET /cormun/static/Shared/jqueryui/images/ui-bg_flat_55_994d53_40x100.png HTTP/1.1" 404 1097
200.83.57.219 - - [24/Mar/2017:15:37:09 -0300] "GET /cormun/static/Shared/jqueryui/images/ui-icons_82798d_256x240.png HTTP/1.1" 404 1089
200.83.57.219 - - [24/Mar/2017:15:37:09 -0300] "GET /cormun/static/Shared/jqueryui/images/ui-icons_ebccce_256x240.png HTTP/1.1" 404 1089
186.103.156.211 - - [24/Mar/2017:15:37:15 -0300] "GET /cormun/servlet/solicitudotadjuntos?ec6ca79f4c48cf791c8a1a3477dd7b612be32d6cabdaad7b9ee770ad30147fea86c1d6e9b2e49247fb9c639671e7b398,gx-no-cache=1490380703880 HTTP/1.1" 200 30
186.103.156.211 - - [24/Mar/2017:15:37:15 -0300] "GET /cormun/servlet/solicitudotadjuntos?ec6ca79f4c48cf791c8a1a3477dd7b612be32d6cabdaad7b9ee770ad30147fea86c1d6e9b2e49247fb9c639671e7b398,gx-no-cache=1490380703934 HTTP/1.1" 200 30
186.103.156.211 - - [24/Mar/2017:15:37:23 -0300] "POST /cormun/servlet/solicitudotadjuntos?469290677e5e214471f985571f08fe79,INS,2017,5473,,2, HTTP/1.1" 200 6107
186.103.156.211 - - [24/Mar/2017:15:37:23 -0300] "GET /home/sistema/apache-tomcat-7.0.65/webapps/cormun/PrivateTempStorage/upload_00003507.pdf HTTP/1.1" 404 1135
186.103.156.211 - - [24/Mar/2017:15:37:23 -0300] "GET /home/sistema/apache-tomcat-7.0.65/webapps/cormun/PrivateTempStorage/upload_00003507.pdf HTTP/1.1" 404 1135
186.103.156.211 - - [24/Mar/2017:15:37:26 -0300] "GET /cormun/PrivateTempStorage/upload_00003507.pdf HTTP/1.1" 200 717586
200.83.57.219 - - [24/Mar/2017:15:37:31 -0300] "POST /cormun/servlet/solicitudot?6b8e16f77053d68629d8d8818fcc5a95,INS,0,0,,gx-no-cache=1490380716448 HTTP/1.1" 200 11369
200.83.57.219 - - [24/Mar/2017:15:37:35 -0300] "GET /cormun/servlet/trcontratounov2? HTTP/1.1" 200 8051
200.83.57.219 - - [24/Mar/2017:15:37:36 -0300] "GET /cormun/servlet/trcontratounov2? HTTP/1.1" 200 8045
200.83.57.219 - - [24/Mar/2017:15:37:46 -0300] "POST /cormun/servlet/trcontratounov2?6b8e16f77053d68629d8d8818fcc5a95,,gx-no-cache=1490380731715 HTTP/1.1" 200 5237
192.168.10.98 - - [24/Mar/2017:15:37:53 -0300] "GET /cormun/servlet/hlogin HTTP/1.1" 200 1724
192.168.10.98 - - [24/Mar/2017:15:37:53 -0300] "GET /cormun/static/gxcfg.js?201731711485472 HTTP/1.1" 200 953
192.168.10.98 - - [24/Mar/2017:15:37:53 -0300] "GET /cormun/static/gxtimezone.js?85251 HTTP/1.1" 200 5781
192.168.10.98 - - [24/Mar/2017:15:37:53 -0300] "GET /cormun/static/hlogin.js?201731711485490 HTTP/1.1" 200 2136
192.168.10.98 - - [24/Mar/2017:15:37:53 -0300] "GET /cormun/static/messages.spa.js?85251 HTTP/1.1" 200 30736
192.168.10.98 - - [24/Mar/2017:15:37:53 -0300] "GET /cormun/static/Resources/Spanish/PXTools.css?11294912 HTTP/1.1" 200 89042
192.168.10.98 - - [24/Mar/2017:15:37:54 -0300] "GET /cormun/static/gxgral.js?85251 HTTP/1.1" 200 384558
192.168.10.98 - - [24/Mar/2017:15:37:54 -0300] "GET /cormun/static/Resources/ComunLogin.png HTTP/1.1" 200 17326
192.168.10.98 - - [24/Mar/2017:15:37:54 -0300] "GET /cormun/static/Resources/PXToolsLoginBackground.png HTTP/1.1" 200 1164
192.168.10.98 - - [24/Mar/2017:15:37:54 -0300] "GET /cormun/static/Resources/PXToolsLoginTop.png HTTP/1.1" 200 1337
192.168.10.98 - - [24/Mar/2017:15:37:54 -0300] "GET /cormun/static/Resources/PXToolsButtonLeft21.png HTTP/1.1" 200 1287
192.168.10.98 - - [24/Mar/2017:15:37:54 -0300] "GET /cormun/static/Resources/PXToolsButtonRight21.png HTTP/1.1" 200 1283
192.168.10.98 - - [24/Mar/2017:15:37:54 -0300] "GET /cormun/static/Resources/PXToolsLoginBottom.png HTTP/1.1" 200 1389
192.168.10.98 - - [24/Mar/2017:15:37:54 -0300] "GET /cormun/static/Resources/PXToolsButtonBackground2.png HTTP/1.1" 200 1181
192.168.10.98 - - [24/Mar/2017:15:37:54 -0300] "GET /cormun/static/Resources/indicator.gif HTTP/1.1" 200 1553
192.168.10.98 - - [24/Mar/2017:15:37:54 -0300] "GET /cormun/servlet/hlogin HTTP/1.1" 200 1734
200.83.57.219 - - [24/Mar/2017:15:38:23 -0300] "POST /cormun/servlet/trcontratounov2?6b8e16f77053d68629d8d8818fcc5a95,,gx-no-cache=1490380769008 HTTP/1.1" 200 5088
200.83.57.219 - - [24/Mar/2017:15:38:34 -0300] "GET /cormun/servlet/trsolicitudot? HTTP/1.1" 200 9712
200.83.57.219 - - [24/Mar/2017:15:38:34 -0300] "GET /cormun/servlet/trsolicitudot? HTTP/1.1" 200 9711
200.83.57.219 - - [24/Mar/2017:15:38:37 -0300] "GET /cormun/servlet/solicitudot?INS,0,0, HTTP/1.1" 200 12915
200.83.57.219 - - [24/Mar/2017:15:38:38 -0300] "GET /cormun/servlet/solicitudot?INS,0,0, HTTP/1.1" 200 12920
186.103.156.211 - - [24/Mar/2017:15:38:52 -0300] "GET /cormun/servlet/solicitudotadjuntos?ec6ca79f4c48cf791c8a1a3477dd7b612be32d6cabdaad7b9ee770ad30147fea86c1d6e9b2e49247fb9c639671e7b398,gx-no-cache=1490380800363 HTTP/1.1" 200 30
200.83.57.219 - - [24/Mar/2017:15:39:05 -0300] "POST /cormun/servlet/solicitudot?gx-no-cache=1490380810828 HTTP/1.1" 200 3174
200.83.57.219 - - [24/Mar/2017:15:39:05 -0300] "POST /cormun/servlet/solicitudot?6b8e16f77053d68629d8d8818fcc5a95,INS,0,0,,gx-no-cache=1490380811187 HTTP/1.1" 200 9965
200.83.57.219 - - [24/Mar/2017:15:39:08 -0300] "GET /cormun/servlet/solicitudot?075f0c42c66555d44e40dbb989f69e011f9f9689335d4b5b61af3fbd21774d5ed61bc2df01bd46b91ed5158a841274d5,gx-no-cache=1490380813649 HTTP/1.1" 200 30
200.83.57.219 - - [24/Mar/2017:15:39:08 -0300] "POST /cormun/servlet/solicitudot?gx-no-cache=1490380813738 HTTP/1.1" 200 255
200.83.57.219 - - [24/Mar/2017:15:39:08 -0300] "GET /cormun/servlet/solicitudot?075f0c42c66555d44e40dbb989f69e01f3d730794c019845facd80e4c7731e0f0a0e2ea1df6a340772d8ef5ada0f98b1284424a31342d15ec5f1743630def7f29e808961e2eabb13230f456672e266921abadc016d30a2a44381b87c40a156b0f9ed7d43a088051206a09c149df3ea88681cae09c313399c41cc326e951b6d090725e6b90b8eb1df7137d478d71c5911f3fe13e40d686f34a1f81f32c7240af4f8b26b3a655aca99d3cdbb65e216c6b4fd299f3fc222a600ff353a60a0fba4d543e8acbe74627366c621a3a86b24f0982c82bfbc56fadac5571741dc9fb7e6648099d1ef4bf445cb042ce235f4108fab604041e85e311cdd322b4938a1fab69111d698d006bc8892c86ad84ba006716cd955c59a0f08f1c88af47d28174324d0d83d948a1bc832671ec26f9176e89c3c256e0bcf57dd8858deb4249e70b5806cc336bf0d13e03844b2bed39c2c914e22a655e4cfb46871dde22a7426956119d5d4d4e0990de97b92f42941e4408b01edc71525279f72ae279f14dd1acd761ea3,gx-no-cache=1490380813808 HTTP/1.1" 200 30
200.83.57.219 - - [24/Mar/2017:15:39:10 -0300] "POST /cormun/servlet/solicitudot?gx-no-cache=1490380815729 HTTP/1.1" 200 30
186.103.156.211 - - [24/Mar/2017:15:39:12 -0300] "GET /cormun/servlet/solicitudotadjuntos?ec6ca79f4c48cf791c8a1a3477dd7b612be32d6cabdaad7b9ee770ad30147fea86c1d6e9b2e49247fb9c639671e7b398,gx-no-cache=1490380821088 HTTP/1.1" 200 30
186.103.156.211 - - [24/Mar/2017:15:39:12 -0300] "GET /cormun/servlet/solicitudotadjuntos?ec6ca79f4c48cf791c8a1a3477dd7b612be32d6cabdaad7b9ee770ad30147fea86c1d6e9b2e49247fb9c639671e7b398,gx-no-cache=1490380821145 HTTP/1.1" 200 30
200.83.57.219 - - [24/Mar/2017:15:39:19 -0300] "POST /cormun/servlet/solicitudot?gx-no-cache=1490380825176 HTTP/1.1" 200 1291
200.83.57.219 - - [24/Mar/2017:15:39:19 -0300] "POST /cormun/servlet/solicitudot?gx-no-cache=1490380825276 HTTP/1.1" 200 38
186.103.156.211 - - [24/Mar/2017:15:39:20 -0300] "POST /cormun/servlet/solicitudotadjuntos?469290677e5e214471f985571f08fe79,INS,2017,5473,,2, HTTP/1.1" 200 6176
186.103.156.211 - - [24/Mar/2017:15:39:20 -0300] "GET /home/sistema/apache-tomcat-7.0.65/webapps/cormun/PrivateTempStorage/upload_00003519.pdf HTTP/1.1" 404 1135
186.103.156.211 - - [24/Mar/2017:15:39:20 -0300] "GET /home/sistema/apache-tomcat-7.0.65/webapps/cormun/PrivateTempStorage/upload_00003519.pdf HTTP/1.1" 404 1135
186.103.156.211 - - [24/Mar/2017:15:39:22 -0300] "GET /cormun/PrivateTempStorage/upload_00003519.pdf HTTP/1.1" 200 630343
200.83.57.219 - - [24/Mar/2017:15:39:25 -0300] "GET /cormun/servlet/solicitudot?075f0c42c66555d44e40dbb989f69e01e400e11d2389fb1eae5b1d7707e2028196cae545f50ea8bc73631d70ffb461e52fedb81a6d5a8cee4ef2faf941b126df34e895b587e64d2c1be3c4560dce593e54d04a22273e9e58e89f8dbc90554bdb8cc73f3b440e2033214f88597adf2eaa686de166750b32e09e3864c342886ae99b00d81b149e124f997488784b9289adbb6ba45af79bcb55b5b844d51b2229ab,gx-no-cache=1490380830674 HTTP/1.1" 200 29
200.83.57.219 - - [24/Mar/2017:15:39:25 -0300] "POST /cormun/servlet/solicitudot?gx-no-cache=1490380830760 HTTP/1.1" 200 1275
200.83.57.219 - - [24/Mar/2017:15:39:25 -0300] "POST /cormun/servlet/solicitudot?gx-no-cache=1490380830871 HTTP/1.1" 200 1157
200.83.57.219 - - [24/Mar/2017:15:39:25 -0300] "GET /cormun/static/menuarrow.gif HTTP/1.1" 404 1015
200.83.57.219 - - [24/Mar/2017:15:39:26 -0300] "POST /cormun/servlet/solicitudot?gx-no-cache=1490380832539 HTTP/1.1" 200 1275
200.83.57.219 - - [24/Mar/2017:15:39:27 -0300] "POST /cormun/servlet/solicitudot?gx-no-cache=1490380832632 HTTP/1.1" 200 1157
186.103.156.211 - - [24/Mar/2017:15:39:31 -0300] "GET /cormun/servlet/trautorizarsolicitud? HTTP/1.1" 200 6926
186.103.156.211 - - [24/Mar/2017:15:39:31 -0300] "GET /cormun/static/gxcfg.js?2017259112829 HTTP/1.1" 304 -
186.103.156.211 - - [24/Mar/2017:15:39:31 -0300] "GET /cormun/static/trautorizarsolicitud.js?2017259113483 HTTP/1.1" 304 -
186.103.156.211 - - [24/Mar/2017:15:39:32 -0300] "GET /cormun/servlet/trautorizarsolicitud? HTTP/1.1" 200 6907
200.83.57.219 - - [24/Mar/2017:15:39:34 -0300] "GET /cormun/servlet/solicitudot?075f0c42c66555d44e40dbb989f69e0136b32cc7adfd9ff3f1f00be22b55aa49e527dbcf2a9b1e43e7e17721767a8eb3464ffcd65452af4c691b3c6358fe617453d45a86a17e0744246acf13f95fa4366ff163173acdff1cf564e1e199f6ddc27504544e26a7c877773623693905dbc5d228de7f9b28589c229184f86b251c4c6530d97f1057aef53c7767714d42917d975860d27c4ae2a60dccc68bc854e5cf006c9e4a74cfc8d043d0dd537358f15f,gx-no-cache=1490380839979 HTTP/1.1" 200 30
186.103.156.211 - - [24/Mar/2017:15:39:36 -0300] "GET /cormun/servlet/trsolicitudot? HTTP/1.1" 200 9021
186.103.156.211 - - [24/Mar/2017:15:39:37 -0300] "GET /cormun/servlet/trsolicitudot? HTTP/1.1" 200 9021
200.83.57.219 - - [24/Mar/2017:15:39:37 -0300] "POST /cormun/servlet/solicitudot?6b8e16f77053d68629d8d8818fcc5a95,INS,0,0,,gx-no-cache=1490380842950 HTTP/1.1" 200 93
200.83.57.219 - - [24/Mar/2017:15:39:37 -0300] "GET /cormun/servlet/hpexe_return? HTTP/1.1" 200 1005
200.83.57.219 - - [24/Mar/2017:15:39:37 -0300] "GET /cormun/servlet/trsolicitudot HTTP/1.1" 200 10090
200.83.57.219 - - [24/Mar/2017:15:39:38 -0300] "GET /cormun/servlet/trsolicitudot HTTP/1.1" 200 10085
200.83.57.219 - - [24/Mar/2017:15:39:49 -0300] "POST /cormun/servlet/trsolicitudot?6b8e16f77053d68629d8d8818fcc5a95,gx-no-cache=1490380854600 HTTP/1.1" 200 6825
200.83.57.219 - - [24/Mar/2017:15:39:49 -0300] "GET /cormun/static/Shared/jqueryui/images/ui-bg_highlight-soft_100_c6c2c8_1x100.png HTTP/1.1" 404 1117
200.83.57.219 - - [24/Mar/2017:15:39:49 -0300] "GET /cormun/static/Shared/jqueryui/images/ui-icons_82798d_256x240.png HTTP/1.1" 404 1089
200.83.57.219 - - [24/Mar/2017:15:39:49 -0300] "GET /cormun/static/Shared/jqueryui/images/ui-icons_8d78a5_256x240.png HTTP/1.1" 404 1089
200.83.57.219 - - [24/Mar/2017:15:39:49 -0300] "GET /cormun/static/Shared/jqueryui/images/ui-bg_flat_55_fafafa_40x100.png HTTP/1.1" 404 1097
200.83.57.219 - - [24/Mar/2017:15:39:49 -0300] "POST /cormun/servlet/trsolicitudot?6b8e16f77053d68629d8d8818fcc5a95,gx-no-cache=1490380855143 HTTP/1.1" 200 6767
200.83.57.219 - - [24/Mar/2017:15:39:54 -0300] "GET /cormun/servlet/trautorizarsolicitud? HTTP/1.1" 200 8326
200.83.57.219 - - [24/Mar/2017:15:39:55 -0300] "GET /cormun/servlet/trautorizarsolicitud? HTTP/1.1" 200 8325
186.103.156.211 - - [24/Mar/2017:15:39:56 -0300] "POST /cormun/servlet/trsolicitudot?469290677e5e214471f985571f08fe79,,gx-no-cache=1490380864628 HTTP/1.1" 200 6417
186.103.156.211 - - [24/Mar/2017:15:39:56 -0300] "GET /cormun/static/Shared/jqueryui/images/ui-bg_highlight-soft_100_c6c2c8_1x100.png HTTP/1.1" 404 1117
186.103.156.211 - - [24/Mar/2017:15:39:56 -0300] "GET /cormun/static/Shared/jqueryui/images/ui-bg_flat_55_fafafa_40x100.png HTTP/1.1" 404 1097
186.103.156.211 - - [24/Mar/2017:15:39:56 -0300] "GET /cormun/static/Shared/jqueryui/images/ui-icons_8d78a5_256x240.png HTTP/1.1" 404 1089
186.103.156.211 - - [24/Mar/2017:15:39:57 -0300] "GET /cormun/static/Shared/jqueryui/images/ui-icons_82798d_256x240.png HTTP/1.1" 404 1089
200.83.57.219 - - [24/Mar/2017:15:40:00 -0300] "POST /cormun/servlet/trautorizarsolicitud?6b8e16f77053d68629d8d8818fcc5a95,,gx-no-cache=1490380865789 HTTP/1.1" 200 4324
200.83.57.219 - - [24/Mar/2017:15:40:00 -0300] "GET /cormun/static/Shared/jqueryui/images/ui-bg_highlight-soft_100_c6c2c8_1x100.png HTTP/1.1" 404 1117
200.83.57.219 - - [24/Mar/2017:15:40:00 -0300] "GET /cormun/static/Shared/jqueryui/images/ui-icons_82798d_256x240.png HTTP/1.1" 404 1089
200.83.57.219 - - [24/Mar/2017:15:40:00 -0300] "GET /cormun/static/Shared/jqueryui/images/ui-bg_flat_55_fafafa_40x100.png HTTP/1.1" 404 1097
200.83.57.219 - - [24/Mar/2017:15:40:00 -0300] "GET /cormun/static/Shared/jqueryui/images/ui-icons_8d78a5_256x240.png HTTP/1.1" 404 1089
200.83.57.219 - - [24/Mar/2017:15:40:00 -0300] "POST /cormun/servlet/trautorizarsolicitud?6b8e16f77053d68629d8d8818fcc5a95,,gx-no-cache=1490380866003 HTTP/1.1" 200 4105
186.103.156.211 - - [24/Mar/2017:15:40:05 -0300] "GET /cormun/servlet/solicitudot?INS,0,0, HTTP/1.1" 200 12797
186.103.156.211 - - [24/Mar/2017:15:40:06 -0300] "GET /cormun/servlet/solicitudot?INS,0,0, HTTP/1.1" 200 12802
200.83.57.219 - - [24/Mar/2017:15:41:39 -0300] "GET /cormun/servlet/trsolicitudot? HTTP/1.1" 200 9712
200.83.57.219 - - [24/Mar/2017:15:41:40 -0300] "GET /cormun/servlet/trsolicitudot? HTTP/1.1" 200 9711
200.83.57.219 - - [24/Mar/2017:15:41:43 -0300] "GET /cormun/servlet/solicitudot?INS,0,0, HTTP/1.1" 200 12916
200.83.57.219 - - [24/Mar/2017:15:41:43 -0300] "GET /cormun/servlet/solicitudot?INS,0,0, HTTP/1.1" 200 12921
200.83.57.219 - - [24/Mar/2017:15:41:54 -0300] "POST /cormun/servlet/solicitudot?gx-no-cache=1490380979602 HTTP/1.1" 200 3178
200.83.57.219 - - [24/Mar/2017:15:41:54 -0300] "POST /cormun/servlet/solicitudot?6b8e16f77053d68629d8d8818fcc5a95,INS,0,0,,gx-no-cache=1490380979945 HTTP/1.1" 200 9962
200.83.57.219 - - [24/Mar/2017:15:41:56 -0300] "GET /cormun/servlet/solicitudot?075f0c42c66555d44e40dbb989f69e014537d4e5823b8495a6eb8575459c81b4d61bc2df01bd46b91ed5158a841274d5,gx-no-cache=1490380982141 HTTP/1.1" 200 30
200.83.57.219 - - [24/Mar/2017:15:41:56 -0300] "POST /cormun/servlet/solicitudot?gx-no-cache=1490380982246 HTTP/1.1" 200 255
200.83.57.219 - - [24/Mar/2017:15:41:56 -0300] "GET /cormun/servlet/solicitudot?075f0c42c66555d44e40dbb989f69e01f3d730794c019845facd80e4c7731e0f0a0e2ea1df6a340772d8ef5ada0f98b1284424a31342d15ec5f1743630def7f29e808961e2eabb13230f456672e266921abadc016d30a2a44381b87c40a156b0f9ed7d43a088051206a09c149df3ea88681cae09c313399c41cc326e951b6d090725e6b90b8eb1df7137d478d71c5911f3fe13e40d686f34a1f81f32c7240af4f8b26b3a655aca99d3cdbb65e216c6b4fd299f3fc222a600ff353a60a0fba4d543e8acbe74627366c621a3a86b24f0982c82bfbc56fadac5571741dc9fb7e6648099d1ef4bf445cb042ce235f4108fab604041e85e311cdd322b4938a1fab69111d698d006bc8892c86ad84ba006716cd955c59a0f08f1c88af47d28174324d0d83d948a1bc832671ec26f9176e89c3c256e0bcf57dd8858deb4249e70b5806cc336bf0d13e03844b2bed39c2c914e22a655e4cfb46871dde22a7426956119d5d4d4e0990de97b92f42941e4408b01edc71525279f72ae279f14dd1acd761ea3,gx-no-cache=1490380982340 HTTP/1.1" 200 30
200.83.57.219 - - [24/Mar/2017:15:41:58 -0300] "POST /cormun/servlet/solicitudot?gx-no-cache=1490380983935 HTTP/1.1" 200 30
200.83.57.219 - - [24/Mar/2017:15:42:11 -0300] "POST /cormun/servlet/solicitudot?gx-no-cache=1490380997612 HTTP/1.1" 200 1291
200.83.57.219 - - [24/Mar/2017:15:42:12 -0300] "POST /cormun/servlet/solicitudot?gx-no-cache=1490380997745 HTTP/1.1" 200 38
200.83.57.219 - - [24/Mar/2017:15:42:17 -0300] "GET /cormun/servlet/solicitudot?075f0c42c66555d44e40dbb989f69e01e400e11d2389fb1eae5b1d7707e2028196cae545f50ea8bc73631d70ffb461e52fedb81a6d5a8cee4ef2faf941b126df34e895b587e64d2c1be3c4560dce593e54d04a22273e9e58e89f8dbc90554bdb8cc73f3b440e2033214f88597adf2eaa686de166750b32e09e3864c342886ae99b00d81b149e124f997488784b9289adbb6ba45af79bcb55b5b844d51b2229ab,gx-no-cache=1490381003636 HTTP/1.1" 200 29
200.83.57.219 - - [24/Mar/2017:15:42:18 -0300] "POST /cormun/servlet/solicitudot?gx-no-cache=1490381003734 HTTP/1.1" 200 1275
200.83.57.219 - - [24/Mar/2017:15:42:18 -0300] "POST /cormun/servlet/solicitudot?gx-no-cache=1490381003828 HTTP/1.1" 200 1157
200.83.57.219 - - [24/Mar/2017:15:42:18 -0300] "GET /cormun/static/menuarrow.gif HTTP/1.1" 404 1015
200.83.57.219 - - [24/Mar/2017:15:42:19 -0300] "POST /cormun/servlet/solicitudot?gx-no-cache=1490381005025 HTTP/1.1" 200 1275
200.83.57.219 - - [24/Mar/2017:15:42:19 -0300] "POST /cormun/servlet/solicitudot?gx-no-cache=1490381005144 HTTP/1.1" 200 1157
192.168.10.89 - - [24/Mar/2017:15:42:25 -0300] "POST /cormun/servlet/hlogin?5b6711626938527bd18ec9a0c1433335,gx-no-cache=1490384225209 HTTP/1.1" 200 90
192.168.10.89 - - [24/Mar/2017:15:42:25 -0300] "GET /cormun/servlet/hpexe_link HTTP/1.1" 200 985
200.83.57.219 - - [24/Mar/2017:15:42:27 -0300] "GET /cormun/servlet/solicitudot?075f0c42c66555d44e40dbb989f69e0170ca95a8ae46a798f46ebb7629088242fb7c68dae9360c77bab69e3acb83bf4b464ffcd65452af4c691b3c6358fe617453d45a86a17e0744246acf13f95fa4366ff163173acdff1cf564e1e199f6ddc27504544e26a7c877773623693905dbc5d228de7f9b28589c229184f86b251c4c6530d97f1057aef53c7767714d42917d975860d27c4ae2a60dccc68bc854e5cf006c9e4a74cfc8d043d0dd537358f15f,gx-no-cache=1490381012831 HTTP/1.1" 200 30
192.168.10.89 - - [24/Mar/2017:15:42:27 -0300] "GET /cormun/servlet/trsolicitudgral?gx-no-cache=1490383243011 HTTP/1.1" 200 8538
200.83.57.219 - - [24/Mar/2017:15:42:30 -0300] "POST /cormun/servlet/solicitudot?6b8e16f77053d68629d8d8818fcc5a95,INS,0,0,,gx-no-cache=1490381016448 HTTP/1.1" 200 93
200.83.57.219 - - [24/Mar/2017:15:42:31 -0300] "GET /cormun/servlet/hpexe_return? HTTP/1.1" 200 1005
200.83.57.219 - - [24/Mar/2017:15:42:31 -0300] "GET /cormun/servlet/trsolicitudot HTTP/1.1" 200 10095
200.83.57.219 - - [24/Mar/2017:15:42:31 -0300] "GET /cormun/servlet/trsolicitudot HTTP/1.1" 200 10091
200.83.57.219 - - [24/Mar/2017:15:42:37 -0300] "POST /cormun/servlet/trsolicitudot?6b8e16f77053d68629d8d8818fcc5a95,gx-no-cache=1490381023260 HTTP/1.1" 200 6825
200.83.57.219 - - [24/Mar/2017:15:42:38 -0300] "GET /cormun/static/Shared/jqueryui/images/ui-bg_highlight-soft_100_c6c2c8_1x100.png HTTP/1.1" 404 1117
192.168.10.89 - - [24/Mar/2017:15:42:38 -0300] "POST /cormun/servlet/trsolicitudgral?5b6711626938527bd18ec9a0c1433335,gx-no-cache=1490383243011,gx-no-cache=1490384237472 HTTP/1.1" 200 10746
200.83.57.219 - - [24/Mar/2017:15:42:38 -0300] "GET /cormun/static/Shared/jqueryui/images/ui-icons_82798d_256x240.png HTTP/1.1" 404 1089
200.83.57.219 - - [24/Mar/2017:15:42:38 -0300] "GET /cormun/static/Shared/jqueryui/images/ui-icons_8d78a5_256x240.png HTTP/1.1" 404 1089
200.83.57.219 - - [24/Mar/2017:15:42:38 -0300] "GET /cormun/static/Shared/jqueryui/images/ui-bg_flat_55_fafafa_40x100.png HTTP/1.1" 404 1097
200.83.57.219 - - [24/Mar/2017:15:42:38 -0300] "POST /cormun/servlet/trsolicitudot?6b8e16f77053d68629d8d8818fcc5a95,gx-no-cache=1490381023747 HTTP/1.1" 200 6767
200.83.57.219 - - [24/Mar/2017:15:42:40 -0300] "GET /cormun/servlet/trautorizarsolicitud? HTTP/1.1" 200 8322
200.83.57.219 - - [24/Mar/2017:15:42:41 -0300] "GET /cormun/servlet/trautorizarsolicitud? HTTP/1.1" 200 8321
