186.103.159.44 - - [22/Mar/2017:08:58:54 -0300] "POST /cormun/servlet/solicitudotadjuntos?gx-no-cache=1490183997104 HTTP/1.1" 200 26
186.103.159.188 - - [22/Mar/2017:08:58:54 -0300] "GET /cormun/static/menuarrow.gif HTTP/1.1" 404 1015
186.103.159.188 - - [22/Mar/2017:08:58:58 -0300] "GET /cormun/servlet/permisosingoce?a2d05fd82f941abcbe9a0c3bf32eeef973362066ab00a86fa3f2c225fcdf7f53ee19ed0da507fd6b6099197663aadf6e,gx-no-cache=1490184006260 HTTP/1.1" 200 33
192.168.10.96 - - [22/Mar/2017:08:59:00 -0300] "POST /cormun/servlet/trsolicitudgral?ea73f540b356a1ef584b4dbc41d1f4e8,,gx-no-cache=1490187220165 HTTP/1.1" 200 6709
186.103.159.188 - - [22/Mar/2017:08:59:00 -0300] "GET /cormun/servlet/permisosingoce?a2d05fd82f941abcbe9a0c3bf32eeef91aaa41902bf5ce3027b701a195023575bdfefbb3514c4d4e36cb98b87f1e85115b61eb370b96bebb187c48098fb24a6a7f7468767b8d13256db47e11791edd3315689af8664f15fdfbc349a2182221f64191c1e96af530afc691e2af44f5d3d02ba4f9b1ad5fac9531dd40a5ec63d7adf7c0aafcd0877231ffc1db3951abb3a43b1275d5bc4ab14b49d1ab2c850c6517,gx-no-cache=1490184008490 HTTP/1.1" 200 41
186.103.159.44 - - [22/Mar/2017:08:59:00 -0300] "GET /cormun/servlet/solicitudotadjuntos?4de89d9e18e3c6e10abb36fbe988ca0c821e36e2a4461758548675475470093d,gx-no-cache=1490184003808 HTTP/1.1" 200 30
186.103.159.44 - - [22/Mar/2017:08:59:00 -0300] "GET /cormun/servlet/solicitudotadjuntos?4de89d9e18e3c6e10abb36fbe988ca0c821e36e2a4461758548675475470093d,gx-no-cache=1490184003852 HTTP/1.1" 200 30
186.103.159.44 - - [22/Mar/2017:08:59:02 -0300] "POST /cormun/servlet/solicitudotadjuntos?1726c585a988bef5855bd2f9ec506451,INS,2017,5674,,1, HTTP/1.1" 200 116
186.103.159.44 - - [22/Mar/2017:08:59:02 -0300] "GET /cormun/servlet/hpexe_return? HTTP/1.1" 200 1015
186.103.159.44 - - [22/Mar/2017:08:59:03 -0300] "GET /cormun/servlet/trsolicitudadjuntos?2017,5674, HTTP/1.1" 200 8928
186.103.159.44 - - [22/Mar/2017:08:59:14 -0300] "GET /cormun/servlet/solicitudotadjuntos?INS,2017,5674,,2, HTTP/1.1" 200 5802
186.103.159.44 - - [22/Mar/2017:08:59:15 -0300] "HEAD /cormun/static/about:blank HTTP/1.1" 404 -
186.103.159.44 - - [22/Mar/2017:08:59:16 -0300] "GET /cormun/servlet/solicitudotadjuntos?4de89d9e18e3c6e10abb36fbe988ca0c4dc49ddc948ad2e4a6e0911187eeab140a558c6a55d9cc98bd986fa19e94f816,gx-no-cache=1490184019333 HTTP/1.1" 200 30
186.103.159.44 - - [22/Mar/2017:08:59:16 -0300] "POST /cormun/servlet/solicitudotadjuntos?1726c585a988bef5855bd2f9ec506451,INS,2017,5674,,2,,gx-no-cache=1490184019416 HTTP/1.1" 200 3845
186.103.159.44 - - [22/Mar/2017:08:59:19 -0300] "POST /cormun/servlet/solicitudotadjuntos?gx-no-cache=1490184022727 HTTP/1.1" 200 26
186.103.159.188 - - [22/Mar/2017:08:59:23 -0300] "POST /cormun/servlet/permisosingoce?574bbdd0d7804b4b3c9f99c7d5304c8d,INS,0,,gx-no-cache=1490184031204 HTTP/1.1" 200 93
186.103.159.188 - - [22/Mar/2017:08:59:23 -0300] "GET /cormun/servlet/hpexe_return? HTTP/1.1" 200 1006
186.103.159.188 - - [22/Mar/2017:08:59:24 -0300] "GET /cormun/static/gxcfg.js?2016101716175148 HTTP/1.1" 304 -
186.103.159.188 - - [22/Mar/2017:08:59:24 -0300] "GET /cormun/static/hpexe_return.js?2016101716175153 HTTP/1.1" 304 -
186.103.159.188 - - [22/Mar/2017:08:59:24 -0300] "GET /cormun/servlet/trpermisosingoce? HTTP/1.1" 200 7388
186.103.159.188 - - [22/Mar/2017:08:59:24 -0300] "GET /cormun/servlet/trpermisosingoce? HTTP/1.1" 200 7385
186.103.159.44 - - [22/Mar/2017:08:59:25 -0300] "GET /cormun/servlet/solicitudotadjuntos?4de89d9e18e3c6e10abb36fbe988ca0c821e36e2a4461758548675475470093d,gx-no-cache=1490184028191 HTTP/1.1" 200 30
186.103.159.44 - - [22/Mar/2017:08:59:25 -0300] "GET /cormun/servlet/solicitudotadjuntos?4de89d9e18e3c6e10abb36fbe988ca0c821e36e2a4461758548675475470093d,gx-no-cache=1490184028226 HTTP/1.1" 200 30
186.103.159.44 - - [22/Mar/2017:08:59:25 -0300] "POST /cormun/servlet/solicitudotadjuntos?1726c585a988bef5855bd2f9ec506451,INS,2017,5674,,2, HTTP/1.1" 200 116
186.103.159.44 - - [22/Mar/2017:08:59:25 -0300] "GET /cormun/servlet/hpexe_return? HTTP/1.1" 200 1016
186.103.159.44 - - [22/Mar/2017:08:59:26 -0300] "GET /cormun/servlet/trsolicitudadjuntos?2017,5674, HTTP/1.1" 200 9136
186.103.159.188 - - [22/Mar/2017:08:59:27 -0300] "GET /cormun/servlet/apermisosingoceprn?33,PU HTTP/1.1" 200 1638
186.103.159.44 - - [22/Mar/2017:08:59:32 -0300] "GET /cormun/servlet/trsolicitudot? HTTP/1.1" 200 10636
200.111.191.210 - - [22/Mar/2017:08:59:35 -0300] "POST /cormun/servlet/hlogin?94bc0d67305e8831a9edd09c663c12ea,gx-no-cache=1490187552633 HTTP/1.1" 200 90
200.111.191.210 - - [22/Mar/2017:08:59:35 -0300] "GET /cormun/servlet/hpexe_link HTTP/1.1" 200 954
200.111.191.210 - - [22/Mar/2017:08:59:35 -0300] "GET /cormun/servlet/hhome HTTP/1.1" 200 3738
200.111.191.210 - - [22/Mar/2017:08:59:35 -0300] "GET /cormun/static/gxcfg.js?201731711483497 HTTP/1.1" 304 -
200.111.191.210 - - [22/Mar/2017:08:59:35 -0300] "GET /cormun/static/hhome.js?20173171148352 HTTP/1.1" 304 -
200.111.191.210 - - [22/Mar/2017:08:59:38 -0300] "GET /cormun/servlet/trlicencias? HTTP/1.1" 200 6574
200.111.191.210 - - [22/Mar/2017:08:59:38 -0300] "GET /cormun/static/Resources/Spanish/PXTools.css?18365030 HTTP/1.1" 304 -
200.111.191.210 - - [22/Mar/2017:08:59:38 -0300] "GET /cormun/static/gxcfg.js?2016122619301429 HTTP/1.1" 304 -
200.111.191.210 - - [22/Mar/2017:08:59:38 -0300] "GET /cormun/static/trlicencias.js?2016122619301919 HTTP/1.1" 304 -
200.111.191.210 - - [22/Mar/2017:08:59:41 -0300] "GET /cormun/servlet/licenciaspermisos?INS,0,,, HTTP/1.1" 200 7106
186.103.159.44 - - [22/Mar/2017:08:59:43 -0300] "POST /cormun/servlet/trsolicitudot?1726c585a988bef5855bd2f9ec506451,,gx-no-cache=1490184046037 HTTP/1.1" 200 7387
186.103.159.44 - - [22/Mar/2017:08:59:44 -0300] "POST /cormun/servlet/trsolicitudot?1726c585a988bef5855bd2f9ec506451,,gx-no-cache=1490184047148 HTTP/1.1" 200 7330
186.103.159.44 - - [22/Mar/2017:08:59:45 -0300] "GET /cormun/static/Shared/jqueryui/images/ui-icons_8d78a5_256x240.png HTTP/1.1" 404 1089
186.103.159.44 - - [22/Mar/2017:08:59:45 -0300] "GET /cormun/static/Shared/jqueryui/images/ui-bg_highlight-soft_100_c6c2c8_1x100.png HTTP/1.1" 404 1117
186.103.159.44 - - [22/Mar/2017:08:59:45 -0300] "GET /cormun/static/Shared/jqueryui/images/ui-icons_82798d_256x240.png HTTP/1.1" 404 1089
186.103.159.44 - - [22/Mar/2017:08:59:45 -0300] "GET /cormun/static/Shared/jqueryui/images/ui-bg_flat_55_fafafa_40x100.png HTTP/1.1" 404 1097
200.111.191.210 - - [22/Mar/2017:08:59:49 -0300] "GET /cormun/servlet/licenciaspermisos?2dbc6ffcbab5d7e45de546089290a5493b9d79d1f1c6efd68247e42d17b00d3b65a91839eef24b5aff83ed4329f6add4,gx-no-cache=1490187566871 HTTP/1.1" 200 69
200.111.191.210 - - [22/Mar/2017:08:59:49 -0300] "POST /cormun/servlet/licenciaspermisos?94bc0d67305e8831a9edd09c663c12ea,INS,0,,,,gx-no-cache=1490187566956 HTTP/1.1" 200 4416
200.111.191.210 - - [22/Mar/2017:09:00:01 -0300] "GET /cormun/static/menuarrow.gif HTTP/1.1" 404 1015
200.111.191.210 - - [22/Mar/2017:09:01:08 -0300] "GET /cormun/servlet/licenciaspermisos?2dbc6ffcbab5d7e45de546089290a549ef3c5e9d4fc9de70924b138366cc7dcd9233c0a54208bbb688f63a716c17a5a69025436464b6cbbd75569913cc37b879da2d79c435b045cc737597c0d001a6b85837b9bb89bddcf3e2a38071233bdce8e60cb5178b92cc6db2bb4f40755f98123905ed2e6b7100e09eb5180fcc3904dd7a6b034b5cedf658b078fbf9f050e79a0b7f08ee450b243df80618741dbf88d3e709629c8d027771fc86769776f5428c,gx-no-cache=1490187645217 HTTP/1.1" 200 30
200.111.191.210 - - [22/Mar/2017:09:01:08 -0300] "GET /cormun/servlet/licenciaspermisos?2dbc6ffcbab5d7e45de546089290a54907b2983122ed42e54c9901b4f04fd40fbd2e6f0ecf36f533cd3174bc855539dba15ec8e11dea8a6bda910be5e78ba05eb624c973400d8efe7e6d08dd1a1d728bdabedb1d668698752634a47caa1bdec45c67858067a224a16d3b331be44483fa385e9a3aa4c5b5aa61e5ce49de1bd8414efa6f502dfeead97d7b365ddf04ee5359b8d8b06e43607e17b55a819f235b2032ac58cc97948d199e22a703ab32a737,gx-no-cache=1490187645289 HTTP/1.1" 200 29
200.111.191.210 - - [22/Mar/2017:09:01:08 -0300] "POST /cormun/servlet/licenciaspermisos?94bc0d67305e8831a9edd09c663c12ea,INS,0,,,,gx-no-cache=1490187645331 HTTP/1.1" 500 10
186.103.159.182 - - [22/Mar/2017:09:01:15 -0300] "GET /cormun/servlet/licenciaspermisos?INS,0,,, HTTP/1.1" 200 7426
186.103.159.182 - - [22/Mar/2017:09:01:15 -0300] "GET /cormun/static/gxcfg.js?201731711384427 HTTP/1.1" 200 953
186.103.159.182 - - [22/Mar/2017:09:01:15 -0300] "GET /cormun/static/licenciaspermisos.js?201731711384498 HTTP/1.1" 304 -
186.103.159.182 - - [22/Mar/2017:09:01:17 -0300] "GET /cormun/servlet/licenciaspermisos?INS,0,,, HTTP/1.1" 200 7424
186.103.159.182 - - [22/Mar/2017:09:01:17 -0300] "GET /favicon.ico HTTP/1.1" 200 21630
186.103.159.182 - - [22/Mar/2017:09:01:26 -0300] "GET /cormun/servlet/prfichaempleado?,MD,,gxPopupLevel%3D0%3B HTTP/1.1" 200 8914
186.103.159.182 - - [22/Mar/2017:09:01:26 -0300] "GET /cormun/static/Resources/Spanish/PXTools.css?167811 HTTP/1.1" 304 -
186.103.159.182 - - [22/Mar/2017:09:01:26 -0300] "GET /cormun/static/gxcfg.js?2016102420561687 HTTP/1.1" 304 -
186.103.159.182 - - [22/Mar/2017:09:01:26 -0300] "GET /cormun/static/prfichaempleado.js?201610242056198 HTTP/1.1" 304 -
186.103.159.182 - - [22/Mar/2017:09:01:26 -0300] "GET /cormun/static/menusearch.js?201610171694467 HTTP/1.1" 304 -
186.103.159.182 - - [22/Mar/2017:09:01:26 -0300] "GET /cormun/static/hmpwkw011.js?201731711483558 HTTP/1.1" 304 -
200.54.247.69 - - [22/Mar/2017:09:01:38 -0300] "GET /cormun/servlet/hlogin HTTP/1.1" 200 1725
200.54.247.69 - - [22/Mar/2017:09:01:38 -0300] "GET /cormun/static/Resources/Spanish/PXTools.css?11294912 HTTP/1.1" 304 -
200.54.247.69 - - [22/Mar/2017:09:01:38 -0300] "GET /cormun/static/gxtimezone.js?85251 HTTP/1.1" 304 -
200.54.247.69 - - [22/Mar/2017:09:01:38 -0300] "GET /cormun/static/messages.spa.js?85251 HTTP/1.1" 304 -
200.54.247.69 - - [22/Mar/2017:09:01:38 -0300] "GET /cormun/static/gxgral.js?85251 HTTP/1.1" 304 -
200.54.247.69 - - [22/Mar/2017:09:01:38 -0300] "GET /cormun/static/gxcfg.js?201731711485472 HTTP/1.1" 304 -
200.54.247.69 - - [22/Mar/2017:09:01:38 -0300] "GET /cormun/static/Resources/ComunLogin.png HTTP/1.1" 304 -
200.54.247.69 - - [22/Mar/2017:09:01:38 -0300] "GET /cormun/static/hlogin.js?201731711485490 HTTP/1.1" 304 -
200.54.247.69 - - [22/Mar/2017:09:01:38 -0300] "GET /cormun/static/Resources/indicator.gif HTTP/1.1" 304 -
186.103.159.182 - - [22/Mar/2017:09:01:50 -0300] "POST /cormun/servlet/prfichaempleado?6917a967f9643d1b819a8f77cbf1be01,,MD,,gxPopupLevel%3D0%3B,gx-no-cache=1490184177831 HTTP/1.1" 200 3406
200.54.247.69 - - [22/Mar/2017:09:02:03 -0300] "POST /cormun/servlet/hlogin?89e414d1dd7263eb6458db7254d519d2,gx-no-cache=1490184191569 HTTP/1.1" 200 90
200.54.247.69 - - [22/Mar/2017:09:02:03 -0300] "GET /cormun/servlet/hpexe_link HTTP/1.1" 200 953
200.54.247.69 - - [22/Mar/2017:09:02:03 -0300] "GET /cormun/static/gxcfg.js?201731711483381 HTTP/1.1" 304 -
200.54.247.69 - - [22/Mar/2017:09:02:03 -0300] "GET /cormun/static/hpexe_link.js?201731711483384 HTTP/1.1" 304 -
200.54.247.69 - - [22/Mar/2017:09:02:04 -0300] "GET /cormun/servlet/hhome HTTP/1.1" 200 3998
200.54.247.69 - - [22/Mar/2017:09:02:04 -0300] "GET /cormun/static/gxcfg.js?201731711483497 HTTP/1.1" 304 -
200.54.247.69 - - [22/Mar/2017:09:02:04 -0300] "GET /cormun/static/hwchdr01.js?201731711335950 HTTP/1.1" 304 -
200.54.247.69 - - [22/Mar/2017:09:02:04 -0300] "GET /cormun/static/hpexe_recentlink.js?201610171694390 HTTP/1.1" 304 -
200.54.247.69 - - [22/Mar/2017:09:02:04 -0300] "GET /cormun/static/hpexe_scripts.js?201731711335890 HTTP/1.1" 304 -
200.54.247.69 - - [22/Mar/2017:09:02:04 -0300] "GET /cormun/static/hhome.js?20173171148352 HTTP/1.1" 304 -
200.54.247.69 - - [22/Mar/2017:09:02:04 -0300] "GET /cormun/static/hpexe_messagecontroller.js?201610171694323 HTTP/1.1" 304 -
200.54.247.69 - - [22/Mar/2017:09:02:04 -0300] "GET /cormun/static/hpexe_messagepopupcomponent.js?20161017169425 HTTP/1.1" 304 -
200.54.247.69 - - [22/Mar/2017:09:02:04 -0300] "GET /cormun/static/hpexe_messagegenexuscomponent.js?201731711335537 HTTP/1.1" 304 -
200.54.247.69 - - [22/Mar/2017:09:02:04 -0300] "GET /cormun/static/hmpwkw03.js?201731711485354 HTTP/1.1" 304 -
200.54.247.69 - - [22/Mar/2017:09:02:04 -0300] "GET /cormun/static/cmcontrolpreferences.js?201731711335852 HTTP/1.1" 304 -
186.79.0.224 - - [22/Mar/2017:09:02:21 -0300] "POST /cormun/servlet/trlicencias?ba13228cf043ef921305eaa6c607329c,gx-no-cache=1490187660727 HTTP/1.1" 200 4031
186.79.0.224 - - [22/Mar/2017:09:02:21 -0300] "GET /cormun/static/Shared/jqueryui/images/ui-bg_highlight-soft_100_c6c2c8_1x100.png HTTP/1.1" 404 1117
186.79.0.224 - - [22/Mar/2017:09:02:21 -0300] "GET /cormun/static/Shared/jqueryui/images/ui-icons_82798d_256x240.png HTTP/1.1" 404 1089
186.79.0.224 - - [22/Mar/2017:09:02:21 -0300] "GET /cormun/static/Shared/jqueryui/images/ui-bg_flat_55_fafafa_40x100.png HTTP/1.1" 404 1097
186.79.0.224 - - [22/Mar/2017:09:02:21 -0300] "GET /cormun/static/Shared/jqueryui/images/ui-icons_8d78a5_256x240.png HTTP/1.1" 404 1089
186.103.159.182 - - [22/Mar/2017:09:02:21 -0300] "GET /cormun/servlet/licenciaspermisos?488b05c6acc4315198b09a3d68f7baa1246e24e6d1fbff21dbcbfe99a8ab5f7678059094314819a11175ff05bf160d5d,gx-no-cache=1490184209757 HTTP/1.1" 200 68
186.103.159.182 - - [22/Mar/2017:09:02:22 -0300] "POST /cormun/servlet/licenciaspermisos?6917a967f9643d1b819a8f77cbf1be01,INS,0,,,,gx-no-cache=1490184209908 HTTP/1.1" 200 4622
186.79.0.224 - - [22/Mar/2017:09:02:30 -0300] "GET /cormun/servlet/trpermisosgoce? HTTP/1.1" 200 7372
186.79.0.224 - - [22/Mar/2017:09:02:30 -0300] "GET /cormun/static/gxcfg.js?20173171154124 HTTP/1.1" 304 -
186.79.0.224 - - [22/Mar/2017:09:02:30 -0300] "GET /cormun/static/trpermisosgoce.js?20173171154177 HTTP/1.1" 304 -
186.79.0.224 - - [22/Mar/2017:09:02:32 -0300] "GET /cormun/servlet/trpermisosgoce? HTTP/1.1" 200 7372
192.168.10.89 - - [22/Mar/2017:09:02:35 -0300] "POST /cormun/servlet/hlogin?94d4e7c90a99c38f71e33df352e8e12d,gx-no-cache=1490187436084 HTTP/1.1" 200 90
192.168.10.89 - - [22/Mar/2017:09:02:35 -0300] "GET /cormun/servlet/hpexe_link HTTP/1.1" 200 958
192.168.10.89 - - [22/Mar/2017:09:02:36 -0300] "GET /cormun/servlet/trsolicitudgral? HTTP/1.1" 200 9978
186.79.0.224 - - [22/Mar/2017:09:02:36 -0300] "POST /cormun/servlet/trpermisosgoce?ba13228cf043ef921305eaa6c607329c,,gx-no-cache=1490187676121 HTTP/1.1" 200 4672
186.79.0.224 - - [22/Mar/2017:09:02:38 -0300] "POST /cormun/servlet/trpermisosgoce?ba13228cf043ef921305eaa6c607329c,,gx-no-cache=1490187678400 HTTP/1.1" 200 4672
192.168.10.89 - - [22/Mar/2017:09:02:43 -0300] "POST /cormun/servlet/trsolicitudgral?94d4e7c90a99c38f71e33df352e8e12d,,gx-no-cache=1490187443364 HTTP/1.1" 200 7037
192.168.10.89 - - [22/Mar/2017:09:02:49 -0300] "POST /cormun/servlet/trsolicitudgral?94d4e7c90a99c38f71e33df352e8e12d,,gx-no-cache=1490187449550 HTTP/1.1" 200 5398
186.103.159.46 - - [22/Mar/2017:09:02:50 -0300] "GET /cormun/servlet/trsolicitudot? HTTP/1.1" 200 8022
186.103.159.46 - - [22/Mar/2017:09:02:52 -0300] "GET /cormun/servlet/trsolicitudot? HTTP/1.1" 200 8022
186.103.159.46 - - [22/Mar/2017:09:02:56 -0300] "GET /cormun/servlet/solicitudot?INS,0,0, HTTP/1.1" 200 12573
186.103.157.235 - - [22/Mar/2017:09:02:57 -0300] "GET /cormun/servlet/hlogin HTTP/1.1" 200 1726
186.103.157.235 - - [22/Mar/2017:09:02:57 -0300] "GET /cormun/static/gxtimezone.js?85251 HTTP/1.1" 200 5781
186.103.157.235 - - [22/Mar/2017:09:02:57 -0300] "GET /cormun/static/gxcfg.js?201731711485472 HTTP/1.1" 200 953
186.103.157.235 - - [22/Mar/2017:09:02:57 -0300] "GET /cormun/static/hlogin.js?201731711485490 HTTP/1.1" 200 2136
186.103.157.235 - - [22/Mar/2017:09:02:57 -0300] "GET /cormun/static/messages.spa.js?85251 HTTP/1.1" 200 30736
186.103.157.235 - - [22/Mar/2017:09:02:57 -0300] "GET /cormun/static/Resources/Spanish/PXTools.css?11294912 HTTP/1.1" 200 89042
186.103.157.235 - - [22/Mar/2017:09:02:58 -0300] "GET /cormun/servlet/hlogin HTTP/1.1" 200 1737
186.103.159.46 - - [22/Mar/2017:09:02:58 -0300] "GET /cormun/servlet/solicitudot?INS,0,0, HTTP/1.1" 200 12578
186.103.159.183 - - [22/Mar/2017:09:03:03 -0300] "POST /cormun/servlet/trautorizarpermisogoce?e9252c8c6ecc8dd316121f775f93e9c3,,gx-no-cache=1490184252259 HTTP/1.1" 200 4846
192.168.10.89 - - [22/Mar/2017:09:03:04 -0300] "GET /cormun/servlet/hlogin HTTP/1.1" 200 1742
200.54.247.69 - - [22/Mar/2017:09:03:13 -0300] "GET /cormun/servlet/trsolicitudot? HTTP/1.1" 200 6970
186.103.159.46 - - [22/Mar/2017:09:03:13 -0300] "POST /cormun/servlet/solicitudot?gx-no-cache=1490184260856 HTTP/1.1" 200 3081
200.54.247.69 - - [22/Mar/2017:09:03:13 -0300] "GET /cormun/static/gxcfg.js?201731711505139 HTTP/1.1" 304 -
200.54.247.69 - - [22/Mar/2017:09:03:13 -0300] "GET /cormun/static/trsolicitudot.js?20173171151116 HTTP/1.1" 304 -
186.103.159.46 - - [22/Mar/2017:09:03:13 -0300] "POST /cormun/servlet/solicitudot?c846a776f762ebc38a938c3ac75ac178,INS,0,0,,gx-no-cache=1490184261196 HTTP/1.1" 200 9674
192.168.10.89 - - [22/Mar/2017:09:03:13 -0300] "POST /cormun/servlet/hlogin?94d4e7c90a99c38f71e33df352e8e12d,gx-no-cache=1490187473520 HTTP/1.1" 200 90
192.168.10.89 - - [22/Mar/2017:09:03:13 -0300] "GET /cormun/servlet/hpexe_link HTTP/1.1" 200 950
192.168.10.89 - - [22/Mar/2017:09:03:13 -0300] "GET /cormun/servlet/hhome HTTP/1.1" 200 3963
192.168.10.89 - - [22/Mar/2017:09:03:15 -0300] "GET /cormun/servlet/trsolicitudot? HTTP/1.1" 200 6934
192.168.10.89 - - [22/Mar/2017:09:03:15 -0300] "GET /cormun/static/gxcfg.js?201731711505139 HTTP/1.1" 304 -
192.168.10.89 - - [22/Mar/2017:09:03:16 -0300] "GET /cormun/static/trsolicitudot.js?20173171151116 HTTP/1.1" 304 -
192.168.10.89 - - [22/Mar/2017:09:03:18 -0300] "GET /cormun/static/menuarrow.gif HTTP/1.1" 404 1015
186.103.159.46 - - [22/Mar/2017:09:03:18 -0300] "GET /cormun/servlet/solicitudot?4ab28fa7d6773362e2f073c0e2fbdf0061ae6a266f3271a7ffcd82676fcea41f542757f43ba0ce4acc35101dbbdf2e23,gx-no-cache=1490184266106 HTTP/1.1" 200 30
186.103.157.235 - - [22/Mar/2017:09:03:18 -0300] "POST /cormun/servlet/hlogin?a02f57888d496017732e5a76805cfa86,gx-no-cache=1490184267596 HTTP/1.1" 200 90
186.103.157.235 - - [22/Mar/2017:09:03:18 -0300] "GET /cormun/servlet/hpexe_link HTTP/1.1" 200 953
186.103.157.235 - - [22/Mar/2017:09:03:19 -0300] "GET /cormun/static/gxcfg.js?201731711483381 HTTP/1.1" 200 953
186.103.157.235 - - [22/Mar/2017:09:03:19 -0300] "GET /cormun/static/hpexe_link.js?201731711483384 HTTP/1.1" 200 625
186.103.157.235 - - [22/Mar/2017:09:03:19 -0300] "GET /cormun/servlet/hhome HTTP/1.1" 200 3955
186.103.157.235 - - [22/Mar/2017:09:03:19 -0300] "GET /cormun/static/gxcfg.js?201731711483497 HTTP/1.1" 200 953
186.103.159.183 - - [22/Mar/2017:09:03:19 -0300] "GET /cormun/servlet/trlicenciaspermisoslog?9459169,P,20170321173036, HTTP/1.1" 200 6205
186.103.157.235 - - [22/Mar/2017:09:03:19 -0300] "GET /cormun/static/hhome.js?20173171148352 HTTP/1.1" 200 777
186.103.157.235 - - [22/Mar/2017:09:03:19 -0300] "GET /cormun/static/hwchdr01.js?201731711335950 HTTP/1.1" 200 1183
186.103.157.235 - - [22/Mar/2017:09:03:19 -0300] "GET /cormun/static/hpexe_recentlink.js?201610171694390 HTTP/1.1" 200 2144
186.103.157.235 - - [22/Mar/2017:09:03:19 -0300] "GET /cormun/static/hpexe_scripts.js?201731711335890 HTTP/1.1" 200 1544
186.103.157.235 - - [22/Mar/2017:09:03:19 -0300] "GET /cormun/static/hpexe_messagecontroller.js?201610171694323 HTTP/1.1" 200 870
186.103.157.235 - - [22/Mar/2017:09:03:19 -0300] "GET /cormun/static/hpexe_messagepopupcomponent.js?20161017169425 HTTP/1.1" 200 605
186.103.157.235 - - [22/Mar/2017:09:03:19 -0300] "GET /cormun/static/hpexe_messagegenexuscomponent.js?201731711335537 HTTP/1.1" 200 587
186.103.159.183 - - [22/Mar/2017:09:03:19 -0300] "GET /cormun/static/gxcfg.js?201731711543185 HTTP/1.1" 200 953
186.103.159.183 - - [22/Mar/2017:09:03:20 -0300] "GET /cormun/static/trlicenciaspermisoslog.js?201731711543510 HTTP/1.1" 200 20014
186.103.157.235 - - [22/Mar/2017:09:03:20 -0300] "GET /cormun/static/cmcontrolpreferences.js?201731711335852 HTTP/1.1" 200 1375
186.103.159.183 - - [22/Mar/2017:09:03:21 -0300] "GET /cormun/servlet/trlicenciaspermisoslog?9459169,P,20170321173036, HTTP/1.1" 200 6206
200.54.247.69 - - [22/Mar/2017:09:03:21 -0300] "GET /cormun/servlet/solicitudot?INS,0,0, HTTP/1.1" 200 12799
200.54.247.69 - - [22/Mar/2017:09:03:21 -0300] "GET /cormun/static/Resources/Spanish/PXTools.css?18365030 HTTP/1.1" 304 -
200.54.247.69 - - [22/Mar/2017:09:03:21 -0300] "GET /cormun/static/gxcfg.js?20171191042720 HTTP/1.1" 304 -
200.54.247.69 - - [22/Mar/2017:09:03:21 -0300] "GET /cormun/static/solicitudot.js?2017119104297 HTTP/1.1" 304 -
186.103.157.235 - - [22/Mar/2017:09:03:21 -0300] "GET /cormun/static/hmpwkw03.js?201731711485354 HTTP/1.1" 200 3965
192.168.10.89 - - [22/Mar/2017:09:03:21 -0300] "POST /cormun/servlet/trsolicitudot?94d4e7c90a99c38f71e33df352e8e12d,,gx-no-cache=1490187481600 HTTP/1.1" 200 4138
186.103.157.235 - - [22/Mar/2017:09:03:22 -0300] "GET /cormun/servlet/hhome HTTP/1.1" 200 3951
186.103.159.183 - - [22/Mar/2017:09:03:22 -0300] "POST /cormun/servlet/acontrolpreferencessavestate?None,PANDRADE,true HTTP/1.1" 200 35
192.168.10.89 - - [22/Mar/2017:09:03:23 -0300] "GET /cormun/servlet/trautorizarsolicitud? HTTP/1.1" 200 8834
192.168.10.89 - - [22/Mar/2017:09:03:23 -0300] "GET /cormun/static/gxcfg.js?2017259112829 HTTP/1.1" 304 -
192.168.10.89 - - [22/Mar/2017:09:03:23 -0300] "GET /cormun/static/trautorizarsolicitud.js?2017259113483 HTTP/1.1" 304 -
186.103.159.183 - - [22/Mar/2017:09:03:30 -0300] "POST /cormun/servlet/trlicenciaspermisoslog?e9252c8c6ecc8dd316121f775f93e9c3,9459169,P,20170321173036,,gx-no-cache=1490184279993 HTTP/1.1" 200 90
186.103.159.183 - - [22/Mar/2017:09:03:30 -0300] "GET /cormun/servlet/hpexe_link HTTP/1.1" 200 991
186.103.159.183 - - [22/Mar/2017:09:03:31 -0300] "GET /cormun/servlet/trautorizarpermisogoce? HTTP/1.1" 200 7496
186.103.159.183 - - [22/Mar/2017:09:03:32 -0300] "GET /cormun/servlet/trautorizarpermisogoce? HTTP/1.1" 200 7494
186.103.159.182 - - [22/Mar/2017:09:03:34 -0300] "GET /cormun/static/menuarrow.gif HTTP/1.1" 404 1015
192.168.10.89 - - [22/Mar/2017:09:03:35 -0300] "GET /cormun/servlet/trsolicitudot? HTTP/1.1" 200 6933
186.103.159.183 - - [22/Mar/2017:09:03:36 -0300] "POST /cormun/servlet/trautorizarpermisogoce?e9252c8c6ecc8dd316121f775f93e9c3,,gx-no-cache=1490184286360 HTTP/1.1" 200 4844
186.103.157.235 - - [22/Mar/2017:09:03:37 -0300] "GET /cormun/servlet/trpermisosgoce? HTTP/1.1" 200 8652
186.103.159.183 - - [22/Mar/2017:09:03:37 -0300] "GET /cormun/static/Shared/jqueryui/images/ui-bg_highlight-soft_100_c6c2c8_1x100.png HTTP/1.1" 404 1117
186.103.159.183 - - [22/Mar/2017:09:03:37 -0300] "GET /cormun/static/Shared/jqueryui/images/ui-icons_82798d_256x240.png HTTP/1.1" 404 1089
186.103.159.183 - - [22/Mar/2017:09:03:37 -0300] "GET /cormun/static/Shared/jqueryui/images/ui-bg_flat_55_fafafa_40x100.png HTTP/1.1" 404 1097
186.103.159.183 - - [22/Mar/2017:09:03:37 -0300] "GET /cormun/static/Shared/jqueryui/images/ui-icons_8d78a5_256x240.png HTTP/1.1" 404 1089
186.103.157.235 - - [22/Mar/2017:09:03:37 -0300] "GET /cormun/static/gxcfg.js?20173171154124 HTTP/1.1" 200 953
186.103.157.235 - - [22/Mar/2017:09:03:37 -0300] "GET /cormun/static/calendar.js?85251 HTTP/1.1" 200 26246
186.103.157.235 - - [22/Mar/2017:09:03:37 -0300] "GET /cormun/static/calendar-setup.js?85251 HTTP/1.1" 200 2588
186.103.157.235 - - [22/Mar/2017:09:03:37 -0300] "GET /cormun/static/calendar-es.js?85251 HTTP/1.1" 200 1901
186.103.157.235 - - [22/Mar/2017:09:03:38 -0300] "GET /cormun/static/trpermisosgoce.js?20173171154177 HTTP/1.1" 200 31906
186.103.157.235 - - [22/Mar/2017:09:03:38 -0300] "GET /cormun/servlet/trpermisosgoce? HTTP/1.1" 200 8650
186.103.159.183 - - [22/Mar/2017:09:03:39 -0300] "GET /cormun/servlet/trpermisosadjuntos?9459169,20170321173036,P, HTTP/1.1" 200 6852
192.168.10.89 - - [22/Mar/2017:09:03:40 -0300] "GET /cormun/servlet/trautorizarsolicitud? HTTP/1.1" 200 8834
186.103.159.183 - - [22/Mar/2017:09:03:41 -0300] "GET /cormun/servlet/trpermisosadjuntos?9459169,20170321173036,P, HTTP/1.1" 200 6853
186.103.159.183 - - [22/Mar/2017:09:03:41 -0300] "GET /cormun/PublicTempStorage/img0962191797.jpg HTTP/1.1" 200 414854
186.103.159.183 - - [22/Mar/2017:09:03:41 -0300] "GET /cormun/PublicTempStorage/img0965531899.jpg HTTP/1.1" 200 414854
186.103.159.183 - - [22/Mar/2017:09:03:43 -0300] "GET /cormun/servlet/permisosadjuntos?INS,9459169,P,20170321173036,, HTTP/1.1" 200 5630
186.103.159.183 - - [22/Mar/2017:09:03:44 -0300] "GET /cormun/static/about:blank HTTP/1.1" 404 1011
186.103.159.183 - - [22/Mar/2017:09:03:44 -0300] "GET /cormun/servlet/permisosadjuntos?INS,9459169,P,20170321173036,, HTTP/1.1" 200 5620
186.103.157.235 - - [22/Mar/2017:09:03:51 -0300] "POST /cormun/servlet/trpermisosgoce?a02f57888d496017732e5a76805cfa86,,gx-no-cache=1490184300106 HTTP/1.1" 200 104
186.103.157.235 - - [22/Mar/2017:09:03:51 -0300] "GET /cormun/PermisosGoce-7974.xls HTTP/1.1" 200 5632
186.103.159.183 - - [22/Mar/2017:09:03:56 -0300] "POST /cormun/servlet/permisosadjuntos?e9252c8c6ecc8dd316121f775f93e9c3,INS,9459169,P,20170321173036,, HTTP/1.1" 200 116
186.103.159.183 - - [22/Mar/2017:09:03:56 -0300] "GET /cormun/servlet/hpexe_return? HTTP/1.1" 200 1033
186.103.159.183 - - [22/Mar/2017:09:03:57 -0300] "GET /cormun/servlet/trpermisosadjuntos?9459169,20170321173036,P, HTTP/1.1" 200 6956
186.103.159.183 - - [22/Mar/2017:09:03:58 -0300] "GET /cormun/servlet/trpermisosadjuntos?9459169,20170321173036,P, HTTP/1.1" 200 6954
186.103.159.183 - - [22/Mar/2017:09:03:59 -0300] "GET /cormun/PublicTempStorage/img0963784136.jpg HTTP/1.1" 200 414854
186.103.159.183 - - [22/Mar/2017:09:03:59 -0300] "GET /cormun/PublicTempStorage/img0963107664.jpg HTTP/1.1" 200 414854
186.103.159.183 - - [22/Mar/2017:09:03:59 -0300] "GET /cormun/PublicTempStorage/img0967703538.jpg HTTP/1.1" 200 414854
186.103.159.183 - - [22/Mar/2017:09:04:01 -0300] "GET /cormun/servlet/permisosadjuntos?INS,9459169,P,20170321173036,, HTTP/1.1" 200 5630
186.103.159.183 - - [22/Mar/2017:09:04:02 -0300] "GET /cormun/static/about:blank HTTP/1.1" 404 1011
186.103.159.183 - - [22/Mar/2017:09:04:03 -0300] "GET /cormun/servlet/permisosadjuntos?INS,9459169,P,20170321173036,, HTTP/1.1" 200 5620
186.103.159.183 - - [22/Mar/2017:09:04:05 -0300] "POST /cormun/servlet/permisosadjuntos?e9252c8c6ecc8dd316121f775f93e9c3,INS,9459169,P,20170321173036,,,gx-no-cache=1490184314954 HTTP/1.1" 200 93
186.103.159.183 - - [22/Mar/2017:09:04:05 -0300] "GET /cormun/servlet/hpexe_return? HTTP/1.1" 200 1033
186.103.159.183 - - [22/Mar/2017:09:04:06 -0300] "GET /cormun/servlet/trpermisosadjuntos?9459169,20170321173036,P, HTTP/1.1" 200 6957
186.103.159.183 - - [22/Mar/2017:09:04:07 -0300] "GET /cormun/servlet/trpermisosadjuntos?9459169,20170321173036,P, HTTP/1.1" 200 6954
186.103.159.183 - - [22/Mar/2017:09:04:08 -0300] "GET /cormun/PublicTempStorage/img0962397605.jpg HTTP/1.1" 200 414854
186.103.159.183 - - [22/Mar/2017:09:04:08 -0300] "GET /cormun/PublicTempStorage/img0966938649.jpg HTTP/1.1" 200 414854
186.103.159.183 - - [22/Mar/2017:09:04:08 -0300] "GET /cormun/PublicTempStorage/img0963411528.jpg HTTP/1.1" 200 414854
186.103.159.183 - - [22/Mar/2017:09:04:11 -0300] "GET /cormun/servlet/permisosadjuntos?DLT,9459169,P,20170321173036,20170322095824, HTTP/1.1" 200 5639
186.103.159.183 - - [22/Mar/2017:09:04:12 -0300] "GET /cormun/PublicTempStorage/img0968647274.jpg HTTP/1.1" 200 414854
186.103.159.183 - - [22/Mar/2017:09:04:12 -0300] "GET /cormun/static/Shared/jqueryui/images/ui-bg_highlight-soft_100_c6c2c8_1x100.png HTTP/1.1" 404 1117
186.103.159.183 - - [22/Mar/2017:09:04:12 -0300] "GET /cormun/static/Shared/jqueryui/images/ui-icons_82798d_256x240.png HTTP/1.1" 404 1089
186.103.159.183 - - [22/Mar/2017:09:04:12 -0300] "GET /cormun/static/Shared/jqueryui/images/ui-bg_flat_55_fafafa_40x100.png HTTP/1.1" 404 1097
186.103.159.183 - - [22/Mar/2017:09:04:12 -0300] "GET /cormun/static/Shared/jqueryui/images/ui-icons_8d78a5_256x240.png HTTP/1.1" 404 1089
186.103.159.183 - - [22/Mar/2017:09:04:13 -0300] "GET /cormun/servlet/permisosadjuntos?DLT,9459169,P,20170321173036,20170322095824, HTTP/1.1" 200 5629
186.103.159.183 - - [22/Mar/2017:09:04:14 -0300] "POST /cormun/servlet/permisosadjuntos?e9252c8c6ecc8dd316121f775f93e9c3,DLT,9459169,P,20170321173036,20170322095824,,gx-no-cache=1490184324028 HTTP/1.1" 200 93
186.103.159.183 - - [22/Mar/2017:09:04:14 -0300] "GET /cormun/servlet/hpexe_return? HTTP/1.1" 200 1040
186.103.159.183 - - [22/Mar/2017:09:04:15 -0300] "GET /cormun/servlet/trpermisosadjuntos?9459169,20170321173036,P, HTTP/1.1" 200 6856
186.103.157.235 - - [22/Mar/2017:09:04:16 -0300] "GET /cormun/servlet/permisogoce?INS,0,,, HTTP/1.1" 200 6717
186.103.157.235 - - [22/Mar/2017:09:04:16 -0300] "GET /cormun/static/gxcfg.js?201731711422032 HTTP/1.1" 200 953
186.103.159.183 - - [22/Mar/2017:09:04:16 -0300] "GET /cormun/servlet/trpermisosadjuntos?9459169,20170321173036,P, HTTP/1.1" 200 6852
186.103.159.183 - - [22/Mar/2017:09:04:17 -0300] "GET /cormun/PublicTempStorage/img0961261680.jpg HTTP/1.1" 200 414854
186.103.159.183 - - [22/Mar/2017:09:04:17 -0300] "GET /cormun/PublicTempStorage/img0969978821.jpg HTTP/1.1" 200 414854
186.103.157.235 - - [22/Mar/2017:09:04:17 -0300] "GET /cormun/static/permisogoce.js?20173171142217 HTTP/1.1" 200 26144
186.103.157.235 - - [22/Mar/2017:09:04:17 -0300] "GET /cormun/static/gxdec.js?85251 HTTP/1.1" 200 19579
186.103.157.235 - - [22/Mar/2017:09:04:17 -0300] "GET /cormun/servlet/permisogoce?INS,0,,, HTTP/1.1" 200 6717
186.103.159.183 - - [22/Mar/2017:09:04:18 -0300] "GET /cormun/servlet/permisosadjuntos?INS,9459169,P,20170321173036,, HTTP/1.1" 200 5630
186.103.159.183 - - [22/Mar/2017:09:04:19 -0300] "GET /cormun/static/about:blank HTTP/1.1" 404 1011
186.103.159.183 - - [22/Mar/2017:09:04:19 -0300] "GET /cormun/servlet/permisosadjuntos?INS,9459169,P,20170321173036,, HTTP/1.1" 200 5617
186.103.159.183 - - [22/Mar/2017:09:04:22 -0300] "POST /cormun/servlet/permisosadjuntos?e9252c8c6ecc8dd316121f775f93e9c3,INS,9459169,P,20170321173036,,,gx-no-cache=1490184331459 HTTP/1.1" 200 93
186.103.159.183 - - [22/Mar/2017:09:04:22 -0300] "GET /cormun/servlet/hpexe_return? HTTP/1.1" 200 1033
186.103.159.183 - - [22/Mar/2017:09:04:22 -0300] "GET /cormun/servlet/trpermisosadjuntos?9459169,20170321173036,P, HTTP/1.1" 200 6855
186.103.159.183 - - [22/Mar/2017:09:04:24 -0300] "GET /cormun/servlet/trpermisosadjuntos?9459169,20170321173036,P, HTTP/1.1" 200 6853
186.103.159.183 - - [22/Mar/2017:09:04:24 -0300] "GET /cormun/PublicTempStorage/img0961214910.jpg HTTP/1.1" 200 414854
186.103.159.183 - - [22/Mar/2017:09:04:24 -0300] "GET /cormun/PublicTempStorage/img0969187336.jpg HTTP/1.1" 200 414854
186.103.159.183 - - [22/Mar/2017:09:04:28 -0300] "POST /cormun/servlet/trpermisosadjuntos?e9252c8c6ecc8dd316121f775f93e9c3,9459169,20170321173036,P,,gx-no-cache=1490184337014 HTTP/1.1" 200 4608
192.168.10.89 - - [22/Mar/2017:09:04:28 -0300] "POST /cormun/servlet/trautorizarsolicitud?94d4e7c90a99c38f71e33df352e8e12d,,gx-no-cache=1490187548329 HTTP/1.1" 200 115
192.168.10.89 - - [22/Mar/2017:09:04:28 -0300] "GET /cormun/servlet/solicitudotlog?INS,2017,5376,0,REC, HTTP/1.1" 200 5746
192.168.10.89 - - [22/Mar/2017:09:04:28 -0300] "GET /cormun/static/gxcfg.js?201731711401563 HTTP/1.1" 304 -
186.103.159.183 - - [22/Mar/2017:09:04:28 -0300] "GET /cormun/PublicTempStorage/img0961673948.jpg HTTP/1.1" 200 414854
192.168.10.89 - - [22/Mar/2017:09:04:28 -0300] "GET /cormun/static/solicitudotlog.js?201731711401579 HTTP/1.1" 304 -
186.103.159.183 - - [22/Mar/2017:09:04:28 -0300] "GET /cormun/PublicTempStorage/img0967842931.jpg HTTP/1.1" 200 414854
192.168.10.89 - - [22/Mar/2017:09:04:29 -0300] "GET /cormun/servlet/solicitudotlog?e4c66ade7a2d8dde2deab7a2192c5e38293aeb2eb566cc82afaacb6f7e092c18b63286eedae736d9ed084174e12791a624a5c815d9fed00dc2d6a0ea2a10468e6afde7d2b7ce5fed44dedc199c40c5757c536af69a0c4c4782a03a9385ae5ea8e641bd3bab287d843efdbd9db836a0ec3c2e5612170a56cce70d130291adcc2478183a86c09371bd2da519edf9e347fc05c41aee3de8f5138daebd1e197db839,gx-no-cache=1490187549628 HTTP/1.1" 200 94
186.103.159.183 - - [22/Mar/2017:09:04:31 -0300] "GET /cormun/servlet/permisosadjuntos?DLT,9459169,P,20170321173036,20170322095122, HTTP/1.1" 200 5639
186.103.159.183 - - [22/Mar/2017:09:04:32 -0300] "GET /cormun/PublicTempStorage/img0961346057.jpg HTTP/1.1" 200 414854
186.103.159.183 - - [22/Mar/2017:09:04:32 -0300] "GET /cormun/static/Shared/jqueryui/images/ui-bg_highlight-soft_100_c6c2c8_1x100.png HTTP/1.1" 404 1117
186.103.159.183 - - [22/Mar/2017:09:04:32 -0300] "GET /cormun/static/Shared/jqueryui/images/ui-icons_82798d_256x240.png HTTP/1.1" 404 1089
186.103.159.183 - - [22/Mar/2017:09:04:32 -0300] "GET /cormun/static/Shared/jqueryui/images/ui-bg_flat_55_fafafa_40x100.png HTTP/1.1" 404 1097
186.103.159.183 - - [22/Mar/2017:09:04:32 -0300] "GET /cormun/static/Shared/jqueryui/images/ui-icons_8d78a5_256x240.png HTTP/1.1" 404 1089
186.103.159.183 - - [22/Mar/2017:09:04:32 -0300] "GET /cormun/servlet/permisosadjuntos?DLT,9459169,P,20170321173036,20170322095122, HTTP/1.1" 200 5629
186.103.157.235 - - [22/Mar/2017:09:04:32 -0300] "GET /cormun/servlet/prfichaempleado?,MD,,gxPopupLevel%3D0%3B HTTP/1.1" 200 8826
186.103.157.235 - - [22/Mar/2017:09:04:33 -0300] "GET /cormun/static/gxcfg.js?2016102420561687 HTTP/1.1" 200 953
186.103.157.235 - - [22/Mar/2017:09:04:33 -0300] "GET /cormun/static/Resources/Spanish/PXTools.css?167811 HTTP/1.1" 200 89042
192.168.10.89 - - [22/Mar/2017:09:04:33 -0300] "POST /cormun/servlet/solicitudotlog?94d4e7c90a99c38f71e33df352e8e12d,INS,2017,5376,0,REC,,gx-no-cache=1490187553484 HTTP/1.1" 200 93
192.168.10.89 - - [22/Mar/2017:09:04:33 -0300] "GET /cormun/servlet/hpexe_return? HTTP/1.1" 200 1026
192.168.10.89 - - [22/Mar/2017:09:04:33 -0300] "GET /cormun/static/Resources/Spanish/PXTools.css?167811 HTTP/1.1" 304 -
192.168.10.89 - - [22/Mar/2017:09:04:33 -0300] "GET /cormun/static/gxcfg.js?2016101716175148 HTTP/1.1" 304 -
192.168.10.89 - - [22/Mar/2017:09:04:33 -0300] "GET /cormun/static/hpexe_return.js?2016101716175153 HTTP/1.1" 304 -
192.168.10.89 - - [22/Mar/2017:09:04:33 -0300] "GET /cormun/servlet/trautorizarsolicitud HTTP/1.1" 200 8567
186.103.157.235 - - [22/Mar/2017:09:04:34 -0300] "GET /cormun/static/prfichaempleado.js?201610242056198 HTTP/1.1" 200 16015
186.103.157.235 - - [22/Mar/2017:09:04:34 -0300] "GET /cormun/static/menusearch.js?201610171694467 HTTP/1.1" 200 1424
186.103.157.235 - - [22/Mar/2017:09:04:34 -0300] "GET /cormun/static/hmpwkw011.js?201731711483558 HTTP/1.1" 200 1968
186.103.159.183 - - [22/Mar/2017:09:04:36 -0300] "POST /cormun/servlet/permisosadjuntos?e9252c8c6ecc8dd316121f775f93e9c3,DLT,9459169,P,20170321173036,20170322095122,,gx-no-cache=1490184345174 HTTP/1.1" 200 93
186.103.159.183 - - [22/Mar/2017:09:04:36 -0300] "GET /cormun/servlet/hpexe_return? HTTP/1.1" 200 1040
186.103.159.183 - - [22/Mar/2017:09:04:36 -0300] "GET /cormun/servlet/trpermisosadjuntos?9459169,20170321173036,P, HTTP/1.1" 200 6760
192.168.10.89 - - [22/Mar/2017:09:04:37 -0300] "POST /cormun/servlet/trautorizarsolicitud?94d4e7c90a99c38f71e33df352e8e12d,gx-no-cache=1490187557797 HTTP/1.1" 200 115
192.168.10.89 - - [22/Mar/2017:09:04:37 -0300] "GET /cormun/servlet/solicitudotlog?INS,2017,5375,0,REC, HTTP/1.1" 200 5746
186.103.159.183 - - [22/Mar/2017:09:04:38 -0300] "GET /cormun/servlet/trpermisosadjuntos?9459169,20170321173036,P, HTTP/1.1" 200 6757
186.103.159.183 - - [22/Mar/2017:09:04:38 -0300] "GET /cormun/PublicTempStorage/img0963340582.jpg HTTP/1.1" 200 414854
192.168.10.89 - - [22/Mar/2017:09:04:38 -0300] "GET /cormun/servlet/solicitudotlog?e4c66ade7a2d8dde2deab7a2192c5e388db176377a5c99299d6a73de23e3dda1b63286eedae736d9ed084174e12791a624a5c815d9fed00dc2d6a0ea2a10468e6afde7d2b7ce5fed44dedc199c40c5757c536af69a0c4c4782a03a9385ae5ea8e641bd3bab287d843efdbd9db836a0ec3c2e5612170a56cce70d130291adcc2478183a86c09371bd2da519edf9e347fc05c41aee3de8f5138daebd1e197db839,gx-no-cache=1490187558994 HTTP/1.1" 200 94
186.103.159.183 - - [22/Mar/2017:09:04:40 -0300] "POST /cormun/servlet/trpermisosadjuntos?e9252c8c6ecc8dd316121f775f93e9c3,9459169,20170321173036,P,,gx-no-cache=1490184349851 HTTP/1.1" 200 4509
186.103.159.183 - - [22/Mar/2017:09:04:41 -0300] "GET /cormun/PublicTempStorage/img0969325631.jpg HTTP/1.1" 200 414854
192.168.10.89 - - [22/Mar/2017:09:04:41 -0300] "POST /cormun/servlet/solicitudotlog?94d4e7c90a99c38f71e33df352e8e12d,INS,2017,5375,0,REC,,gx-no-cache=1490187561649 HTTP/1.1" 200 93
192.168.10.89 - - [22/Mar/2017:09:04:41 -0300] "GET /cormun/servlet/hpexe_return? HTTP/1.1" 200 1027
192.168.10.89 - - [22/Mar/2017:09:04:41 -0300] "GET /cormun/servlet/trautorizarsolicitud HTTP/1.1" 200 8123
186.103.159.183 - - [22/Mar/2017:09:04:43 -0300] "GET /cormun/PublicTempStorage/img0969325631.jpg HTTP/1.1" 304 -
192.168.10.89 - - [22/Mar/2017:09:04:44 -0300] "GET /cormun/servlet/trsolicitudot? HTTP/1.1" 200 8485
192.168.10.89 - - [22/Mar/2017:09:04:48 -0300] "POST /cormun/servlet/trsolicitudot?94d4e7c90a99c38f71e33df352e8e12d,,gx-no-cache=1490187569071 HTTP/1.1" 200 106
192.168.10.89 - - [22/Mar/2017:09:04:49 -0300] "GET /cormun/servlet/solicitudot?UPD,2017,5376, HTTP/1.1" 200 14404
192.168.10.89 - - [22/Mar/2017:09:04:49 -0300] "GET /cormun/static/gxcfg.js?20171191042720 HTTP/1.1" 304 -
186.103.159.183 - - [22/Mar/2017:09:04:49 -0300] "GET /cormun/servlet/trpermisosadjuntos?9459169,20170321173036,P, HTTP/1.1" 200 6759
192.168.10.89 - - [22/Mar/2017:09:04:49 -0300] "GET /cormun/static/solicitudot.js?2017119104297 HTTP/1.1" 304 -
192.168.10.89 - - [22/Mar/2017:09:04:50 -0300] "POST /cormun/servlet/solicitudot?gx-no-cache=1490187570604 HTTP/1.1" 200 3171
186.103.159.183 - - [22/Mar/2017:09:04:50 -0300] "GET /cormun/servlet/trpermisosadjuntos?9459169,20170321173036,P, HTTP/1.1" 200 6758
192.168.10.89 - - [22/Mar/2017:09:04:50 -0300] "POST /cormun/servlet/solicitudot?94d4e7c90a99c38f71e33df352e8e12d,UPD,2017,5376,,gx-no-cache=1490187570885 HTTP/1.1" 200 11019
186.103.159.183 - - [22/Mar/2017:09:04:50 -0300] "GET /cormun/PublicTempStorage/img096874434.jpg HTTP/1.1" 200 414854
192.168.10.89 - - [22/Mar/2017:09:04:50 -0300] "GET /cormun/servlet/solicitudot?e4c66ade7a2d8dde2deab7a2192c5e3846fb7c44f48a20cb891d301cc2904c70c3ba0d6c2573edfa2c4768a43c4b6ea0,gx-no-cache=1490187571177 HTTP/1.1" 200 30
192.168.10.89 - - [22/Mar/2017:09:04:51 -0300] "POST /cormun/servlet/solicitudot?gx-no-cache=1490187571255 HTTP/1.1" 200 256
192.168.10.89 - - [22/Mar/2017:09:04:51 -0300] "GET /cormun/servlet/solicitudot?e4c66ade7a2d8dde2deab7a2192c5e38508e9027a570f2cf7dfe3f8067d53ed4b025005fd6ef591ce4c5f4aabc8a1bd08a96a8cfbf1f40878790e1411d74c53fb6e9f695a32f230e002f84f3ec2292a8c6b59ef7284e131ad26af4b392bed9e3a6d27349fc9544e87c133844cf5ec6618f55811c5e541ff3535d48c8f62b67c5af3d27319f2a12305520d713733560116a3d024fea5a239a14b9c118fe224563b3e6650c144a25ac2eb5790a3067118191b1391cdf1aa5f0bc43eb49351943096194f9dc462cd2f4055d1b7af2d3a6ac2f174629dbd8d28334c9ceb36788e4306493e987bb467269d1be142b15a525d27649b2ace70b91dcdf5cd35f1b723e446745adf91e9cf9af25f23f39ec99d6ab5e1401f6c0e0ea0a99c07e1561bfc7aaf4d6c8d5b3915c6cc6de9907b5b2cade7053043767936e4776182d9df97a8e63c1386ecc44e71784c7e9258b347b520c2ccdc9035f6bd8d950e6b2330d00b760989e52b16a6ad8efff5e2bbe4ff41da20ef90b2996ed9b21cbb798f6fae831f7,gx-no-cache=1490187571283 HTTP/1.1" 200 30
192.168.10.89 - - [22/Mar/2017:09:04:51 -0300] "POST /cormun/servlet/solicitudot?gx-no-cache=1490187571301 HTTP/1.1" 200 30
192.168.10.89 - - [22/Mar/2017:09:04:51 -0300] "POST /cormun/servlet/solicitudot?gx-no-cache=1490187571342 HTTP/1.1" 200 1286
192.168.10.89 - - [22/Mar/2017:09:04:51 -0300] "POST /cormun/servlet/solicitudot?gx-no-cache=1490187571379 HTTP/1.1" 200 41
186.103.157.235 - - [22/Mar/2017:09:04:51 -0300] "POST /cormun/servlet/prfichaempleado?a02f57888d496017732e5a76805cfa86,,MD,,gxPopupLevel%3D0%3B,gx-no-cache=1490184360616 HTTP/1.1" 200 3412
192.168.10.89 - - [22/Mar/2017:09:04:55 -0300] "GET /cormun/servlet/solicitudot?e4c66ade7a2d8dde2deab7a2192c5e38e4fa5285abc9f97b3822379ec03cda575f05066d0937b07571a204ee393dd3ecb7eacb7dda41d0f7d4494704523eec5f90a58407fb2aefc7921bd9d8f06fcff6e9cb03ce8c95a9f86d5fbc48dbd49c2650c5016d4e2bc5f616be53d3d1083e1f,gx-no-cache=1490187575440 HTTP/1.1" 200 29
192.168.10.89 - - [22/Mar/2017:09:04:55 -0300] "POST /cormun/servlet/solicitudot?gx-no-cache=1490187575469 HTTP/1.1" 200 1273
192.168.10.89 - - [22/Mar/2017:09:04:55 -0300] "POST /cormun/servlet/solicitudot?gx-no-cache=1490187575507 HTTP/1.1" 200 1157
192.168.10.89 - - [22/Mar/2017:09:04:55 -0300] "GET /cormun/servlet/solicitudot?e4c66ade7a2d8dde2deab7a2192c5e38ed3763e7bd3b209b3caeca34d52b5b64416dd369252d31aa363478bd01faad14279607bdc7f1ce75d202a1350f878149fb1adb5c3d073372a9b1e429fa8afbcc4b48079f074318cca2baa7c927cee182c3768ece3d7f7bc16b298e3d074296bc6cfdf164c087b69db890f315e5517c81be72dcaa53825e102972e891e5a3e914df5f61036283b14f7a633e24a14390e6db607f08e391f35dbafe72eaaea11cd8,gx-no-cache=1490187575542 HTTP/1.1" 200 30
192.168.10.89 - - [22/Mar/2017:09:04:59 -0300] "POST /cormun/servlet/solicitudot?94d4e7c90a99c38f71e33df352e8e12d,UPD,2017,5376,,gx-no-cache=1490187579261 HTTP/1.1" 200 93
192.168.10.89 - - [22/Mar/2017:09:04:59 -0300] "GET /cormun/servlet/hpexe_return? HTTP/1.1" 200 1011
192.168.10.89 - - [22/Mar/2017:09:04:59 -0300] "GET /cormun/servlet/trsolicitudot HTTP/1.1" 200 8489
192.168.10.89 - - [22/Mar/2017:09:05:02 -0300] "POST /cormun/servlet/trsolicitudot?94d4e7c90a99c38f71e33df352e8e12d,gx-no-cache=1490187583118 HTTP/1.1" 200 106
192.168.10.89 - - [22/Mar/2017:09:05:03 -0300] "GET /cormun/servlet/solicitudot?UPD,2017,5376, HTTP/1.1" 200 14407
192.168.10.89 - - [22/Mar/2017:09:05:04 -0300] "POST /cormun/servlet/solicitudot?gx-no-cache=1490187584614 HTTP/1.1" 200 3171
192.168.10.89 - - [22/Mar/2017:09:05:04 -0300] "POST /cormun/servlet/solicitudot?94d4e7c90a99c38f71e33df352e8e12d,UPD,2017,5376,,gx-no-cache=1490187584848 HTTP/1.1" 200 11021
192.168.10.89 - - [22/Mar/2017:09:05:04 -0300] "GET /cormun/servlet/solicitudot?e4c66ade7a2d8dde2deab7a2192c5e3846fb7c44f48a20cb891d301cc2904c70c3ba0d6c2573edfa2c4768a43c4b6ea0,gx-no-cache=1490187585087 HTTP/1.1" 200 30
192.168.10.89 - - [22/Mar/2017:09:05:04 -0300] "POST /cormun/servlet/solicitudot?gx-no-cache=1490187585162 HTTP/1.1" 200 256
192.168.10.89 - - [22/Mar/2017:09:05:04 -0300] "GET /cormun/servlet/solicitudot?e4c66ade7a2d8dde2deab7a2192c5e38508e9027a570f2cf7dfe3f8067d53ed4b025005fd6ef591ce4c5f4aabc8a1bd08a96a8cfbf1f40878790e1411d74c53fb6e9f695a32f230e002f84f3ec2292a8c6b59ef7284e131ad26af4b392bed9e3a6d27349fc9544e87c133844cf5ec6618f55811c5e541ff3535d48c8f62b67c5af3d27319f2a12305520d713733560116a3d024fea5a239a14b9c118fe224563b3e6650c144a25ac2eb5790a3067118191b1391cdf1aa5f0bc43eb49351943096194f9dc462cd2f4055d1b7af2d3a6ac2f174629dbd8d28334c9ceb36788e4306493e987bb467269d1be142b15a525d27649b2ace70b91dcdf5cd35f1b723e446745adf91e9cf9af25f23f39ec99d6ab5e1401f6c0e0ea0a99c07e1561bfc7aaf4d6c8d5b3915c6cc6de9907b5b2cade7053043767936e4776182d9df97a8e63c1386ecc44e71784c7e9258b347b520c2ccdc9035f6bd8d950e6b2330d00b760989e52b16a6ad8efff5e2bbe4ff41da20ef90b2996ed9b21cbb798f6fae831f7,gx-no-cache=1490187585190 HTTP/1.1" 200 30
192.168.10.89 - - [22/Mar/2017:09:05:04 -0300] "POST /cormun/servlet/solicitudot?gx-no-cache=1490187585208 HTTP/1.1" 200 30
192.168.10.89 - - [22/Mar/2017:09:05:05 -0300] "POST /cormun/servlet/solicitudot?gx-no-cache=1490187585249 HTTP/1.1" 200 1286
192.168.10.89 - - [22/Mar/2017:09:05:05 -0300] "POST /cormun/servlet/solicitudot?gx-no-cache=1490187585287 HTTP/1.1" 200 41
192.168.10.89 - - [22/Mar/2017:09:05:09 -0300] "GET /cormun/servlet/solicitudot?e4c66ade7a2d8dde2deab7a2192c5e38e4fa5285abc9f97b3822379ec03cda575f05066d0937b07571a204ee393dd3ecb7eacb7dda41d0f7d4494704523eec5f90a58407fb2aefc7921bd9d8f06fcff6e9cb03ce8c95a9f86d5fbc48dbd49c2650c5016d4e2bc5f616be53d3d1083e1f,gx-no-cache=1490187589646 HTTP/1.1" 200 29
192.168.10.89 - - [22/Mar/2017:09:05:09 -0300] "POST /cormun/servlet/solicitudot?gx-no-cache=1490187589682 HTTP/1.1" 200 1273
192.168.10.89 - - [22/Mar/2017:09:05:09 -0300] "POST /cormun/servlet/solicitudot?gx-no-cache=1490187589987 HTTP/1.1" 200 1157
200.54.247.69 - - [22/Mar/2017:09:05:13 -0300] "POST /cormun/servlet/solicitudot?gx-no-cache=1490184381497 HTTP/1.1" 200 3081
200.54.247.69 - - [22/Mar/2017:09:05:14 -0300] "POST /cormun/servlet/solicitudot?89e414d1dd7263eb6458db7254d519d2,INS,0,0,,gx-no-cache=1490184381835 HTTP/1.1" 200 9869
192.168.10.89 - - [22/Mar/2017:09:05:14 -0300] "GET /cormun/servlet/solicitudot?e4c66ade7a2d8dde2deab7a2192c5e38ed3763e7bd3b209b3caeca34d52b5b64637840a1c457d7fbe1fa9f7811a8c6c3279607bdc7f1ce75d202a1350f878149fb1adb5c3d073372a9b1e429fa8afbcc4b48079f074318cca2baa7c927cee182c3768ece3d7f7bc16b298e3d074296bc6cfdf164c087b69db890f315e5517c81be72dcaa53825e102972e891e5a3e914df5f61036283b14f7a633e24a14390e6db607f08e391f35dbafe72eaaea11cd8,gx-no-cache=1490187594335 HTTP/1.1" 200 30
192.168.10.89 - - [22/Mar/2017:09:05:14 -0300] "POST /cormun/servlet/solicitudot?94d4e7c90a99c38f71e33df352e8e12d,UPD,2017,5376,,gx-no-cache=1490187594368 HTTP/1.1" 200 93
186.103.159.183 - - [22/Mar/2017:09:05:14 -0300] "GET /cormun/servlet/trautorizarsolicitud? HTTP/1.1" 200 6931
192.168.10.89 - - [22/Mar/2017:09:05:14 -0300] "GET /cormun/servlet/hpexe_return? HTTP/1.1" 200 1011
186.103.159.183 - - [22/Mar/2017:09:05:14 -0300] "GET /cormun/static/gxui/gxui-all.css?120300 HTTP/1.1" 200 2179
186.103.159.183 - - [22/Mar/2017:09:05:14 -0300] "GET /cormun/static/gxcfg.js?2017259112829 HTTP/1.1" 200 953
186.103.159.183 - - [22/Mar/2017:09:05:14 -0300] "GET /cormun/static/trautorizarsolicitud.js?2017259113483 HTTP/1.1" 200 53096
192.168.10.89 - - [22/Mar/2017:09:05:14 -0300] "GET /cormun/servlet/trsolicitudot HTTP/1.1" 200 8492
186.103.159.183 - - [22/Mar/2017:09:05:14 -0300] "GET /cormun/static/Shared/ext/resources/css/ext-all.css?215870 HTTP/1.1" 200 416045
186.103.157.235 - - [22/Mar/2017:09:05:15 -0300] "GET /cormun/servlet/prfichaempleado?,MD,,gxPopupLevel%3D0%3B HTTP/1.1" 200 8826
186.103.159.183 - - [22/Mar/2017:09:05:16 -0300] "GET /cormun/servlet/trautorizarsolicitud? HTTP/1.1" 200 6908
200.54.247.69 - - [22/Mar/2017:09:05:17 -0300] "GET /cormun/servlet/solicitudot?c1673b02f62db617ec7b2045c1438d021e5ab00335d2d73ff533f236f8d3bd8c5c90ae4ec3cfb150a665e9597a065bc8,gx-no-cache=1490184385431 HTTP/1.1" 200 30
190.101.9.138 - - [22/Mar/2017:09:05:19 -0300] "GET /cormun/servlet/trpermisosgoce? HTTP/1.1" 200 8078
190.101.9.138 - - [22/Mar/2017:09:05:19 -0300] "GET /cormun/static/gxcfg.js?20173171154124 HTTP/1.1" 304 -
190.101.9.138 - - [22/Mar/2017:09:05:19 -0300] "GET /cormun/static/trpermisosgoce.js?20173171154177 HTTP/1.1" 304 -
190.101.9.138 - - [22/Mar/2017:09:05:20 -0300] "GET /cormun/servlet/trpermisosgoce? HTTP/1.1" 200 8083
192.168.10.89 - - [22/Mar/2017:09:05:21 -0300] "POST /cormun/servlet/trsolicitudot?94d4e7c90a99c38f71e33df352e8e12d,gx-no-cache=1490187601787 HTTP/1.1" 200 106
192.168.10.89 - - [22/Mar/2017:09:05:21 -0300] "GET /cormun/servlet/solicitudot?UPD,2017,5375, HTTP/1.1" 200 14408
186.103.159.183 - - [22/Mar/2017:09:05:22 -0300] "POST /cormun/servlet/trautorizarsolicitud?e9252c8c6ecc8dd316121f775f93e9c3,,gx-no-cache=1490184391872 HTTP/1.1" 200 4134
192.168.10.89 - - [22/Mar/2017:09:05:23 -0300] "POST /cormun/servlet/solicitudot?gx-no-cache=1490187603271 HTTP/1.1" 200 3171
192.168.10.89 - - [22/Mar/2017:09:05:23 -0300] "POST /cormun/servlet/solicitudot?94d4e7c90a99c38f71e33df352e8e12d,UPD,2017,5375,,gx-no-cache=1490187603554 HTTP/1.1" 200 11018
192.168.10.89 - - [22/Mar/2017:09:05:23 -0300] "GET /cormun/servlet/solicitudot?e4c66ade7a2d8dde2deab7a2192c5e3846fb7c44f48a20cb891d301cc2904c70c3ba0d6c2573edfa2c4768a43c4b6ea0,gx-no-cache=1490187603835 HTTP/1.1" 200 30
192.168.10.89 - - [22/Mar/2017:09:05:23 -0300] "POST /cormun/servlet/solicitudot?gx-no-cache=1490187603912 HTTP/1.1" 200 256
192.168.10.89 - - [22/Mar/2017:09:05:23 -0300] "GET /cormun/servlet/solicitudot?e4c66ade7a2d8dde2deab7a2192c5e38508e9027a570f2cf7dfe3f8067d53ed4b025005fd6ef591ce4c5f4aabc8a1bd08a96a8cfbf1f40878790e1411d74c53fb6e9f695a32f230e002f84f3ec2292a8c6b59ef7284e131ad26af4b392bed9e3a6d27349fc9544e87c133844cf5ec6618f55811c5e541ff3535d48c8f62b67c5af3d27319f2a12305520d713733560116a3d024fea5a239a14b9c118fe224563b3e6650c144a25ac2eb5790a3067118191b1391cdf1aa5f0bc43eb49351943096194f9dc462cd2f4055d1b7af2d3a6ac2f174629dbd8d28334c9ceb36788e4306493e987bb467269d1be142b15a525d27649b2ace70b91dcdf5cd35f1b723e446745adf91e9cf9af25f23f39ec99d6ab5e1401f6c0e0ea0a99c07e1561bfc7aaf4d6c8d5b3915c6cc6de9907b5b2cade7053043767936e4776182d9df97a8e63c1386ecc44e71784c7e9258b347b520c2ccdc9035f6bd8d950e6b2330d00b760989e52b16a6ad8efff5e2bbe4ff41da20ef90b2996ed9b21cbb798f6fae831f7,gx-no-cache=1490187603940 HTTP/1.1" 200 30
192.168.10.89 - - [22/Mar/2017:09:05:23 -0300] "POST /cormun/servlet/solicitudot?gx-no-cache=1490187603959 HTTP/1.1" 200 30
192.168.10.89 - - [22/Mar/2017:09:05:23 -0300] "POST /cormun/servlet/solicitudot?gx-no-cache=1490187604001 HTTP/1.1" 200 1287
192.168.10.89 - - [22/Mar/2017:09:05:23 -0300] "POST /cormun/servlet/solicitudot?gx-no-cache=1490187604039 HTTP/1.1" 200 41
186.103.159.183 - - [22/Mar/2017:09:05:26 -0300] "GET /cormun/static/menuarrow.gif HTTP/1.1" 404 1015
192.168.10.89 - - [22/Mar/2017:09:05:29 -0300] "GET /cormun/servlet/solicitudot?e4c66ade7a2d8dde2deab7a2192c5e38e4fa5285abc9f97b3822379ec03cda575f05066d0937b07571a204ee393dd3ecb7eacb7dda41d0f7d4494704523eec5f90a58407fb2aefc7921bd9d8f06fcff6e9cb03ce8c95a9f86d5fbc48dbd49c2650c5016d4e2bc5f616be53d3d1083e1f,gx-no-cache=1490187609932 HTTP/1.1" 200 29
192.168.10.89 - - [22/Mar/2017:09:05:29 -0300] "POST /cormun/servlet/solicitudot?gx-no-cache=1490187609978 HTTP/1.1" 200 1275
192.168.10.89 - - [22/Mar/2017:09:05:30 -0300] "POST /cormun/servlet/solicitudot?gx-no-cache=1490187610348 HTTP/1.1" 200 1157
186.103.159.183 - - [22/Mar/2017:09:05:31 -0300] "POST /cormun/servlet/trautorizarsolicitud?e9252c8c6ecc8dd316121f775f93e9c3,,gx-no-cache=1490184401015 HTTP/1.1" 200 4133
