186.103.159.46 - - [22/Mar/2017:16:58:06 -0300] "GET /cormun/servlet/trlicenciaspermisosadjuntos?7392062,20170322000000,L, HTTP/1.1" 200 6111
186.103.159.46 - - [22/Mar/2017:16:58:07 -0300] "GET /cormun/servlet/trlicenciaspermisosadjuntos?7392062,20170322000000,L, HTTP/1.1" 200 6111
186.103.159.46 - - [22/Mar/2017:16:58:10 -0300] "GET /cormun/servlet/licenciaspermisosadjuntos?INS,7392062,L,20170322000000,, HTTP/1.1" 200 5408
186.103.159.46 - - [22/Mar/2017:16:58:10 -0300] "GET /cormun/static/gxcfg.js?201731711421170 HTTP/1.1" 200 953
186.103.159.46 - - [22/Mar/2017:16:58:10 -0300] "GET /cormun/static/licenciaspermisosadjuntos.js?201731711421181 HTTP/1.1" 200 8757
186.103.159.46 - - [22/Mar/2017:16:58:10 -0300] "GET /cormun/static/about:blank HTTP/1.1" 404 1011
186.67.172.234 - - [22/Mar/2017:16:58:10 -0300] "GET /cormun/servlet/trlicencias? HTTP/1.1" 200 7520
186.67.172.234 - - [22/Mar/2017:16:58:11 -0300] "GET /cormun/servlet/hlogin HTTP/1.1" 200 1740
186.103.159.46 - - [22/Mar/2017:16:58:11 -0300] "GET /cormun/servlet/licenciaspermisosadjuntos?INS,7392062,L,20170322000000,, HTTP/1.1" 200 5398
186.103.159.187 - - [22/Mar/2017:16:58:15 -0300] "POST /cormun/servlet/solicitudot?gx-no-cache=1490216358020 HTTP/1.1" 200 30
186.103.159.187 - - [22/Mar/2017:16:58:20 -0300] "POST /cormun/servlet/solicitudot?gx-no-cache=1490216362821 HTTP/1.1" 200 30
186.103.159.230 - - [22/Mar/2017:16:58:26 -0300] "POST /cormun/servlet/solicitudot?gx-no-cache=1490212772602 HTTP/1.1" 200 3143
186.103.159.230 - - [22/Mar/2017:16:58:26 -0300] "POST /cormun/servlet/solicitudot?ba751aae36b987eb11e01464f7021f39,INS,0,0,,gx-no-cache=1490212773767 HTTP/1.1" 200 9973
186.103.159.187 - - [22/Mar/2017:16:58:30 -0300] "POST /cormun/servlet/solicitudot?gx-no-cache=1490216372814 HTTP/1.1" 200 30
186.67.172.234 - - [22/Mar/2017:16:58:31 -0300] "POST /cormun/servlet/hlogin?8f97502394fe3c9b558d8d159a1041af,gx-no-cache=1490212777152 HTTP/1.1" 200 90
186.67.172.234 - - [22/Mar/2017:16:58:31 -0300] "GET /cormun/servlet/hpexe_link HTTP/1.1" 200 957
186.67.172.234 - - [22/Mar/2017:16:58:31 -0300] "GET /cormun/servlet/trlicencias HTTP/1.1" 200 7999
186.103.159.230 - - [22/Mar/2017:16:58:36 -0300] "GET /cormun/servlet/solicitudot?545957c5539bf0e7c9511221e819a817acf10e986bf79cf99fcaccdc69cc1b3767094551c123c0864e35994bf9755c4b,gx-no-cache=1490212783736 HTTP/1.1" 200 30
186.103.159.230 - - [22/Mar/2017:16:58:36 -0300] "POST /cormun/servlet/solicitudot?gx-no-cache=1490212783780 HTTP/1.1" 200 255
186.103.159.230 - - [22/Mar/2017:16:58:36 -0300] "GET /cormun/servlet/solicitudot?545957c5539bf0e7c9511221e819a817182f9249b54859daae00f82541659b7f58ee831b089fb4608512929d5b680ef1d9607a4698628198bf7f45e62a874b425647c7cac29677b5f8defec9777aeb614ec461f62bd71cbbccc75a5e4bd7d0eb57c487bb706b6db7848f8fda704267299b99132d0e9bcd5e3c2037ea899191497225f0ec39626e757431d6b7a31f56c131cd4007fc92c85b88ae3af8b55e8a2b26250b8745b9151bb787a2eb5b07210ae346e28b12c63faffd04691078ef84dc56be6179488963bacda8a4817599a4408d0daa46489674b0a2ae2c746d1e24e1b60058b1a30ec93175db38b79a8cc71a589b66f1295a3ea7c11287077bb2929eaf0bcb0a81fcb3b6cf67cb98cd420e11daa8293a4d362b10f78e6b9dd45e1bea387502e2474bedb54121a3631b9b6e7d4ed88284ff6de257651df7adb84f711143da5d1c18310fb38845b77fcb3025e63d604307915aa740280ed35546b54777ef2d2fe7eed5f1de775317230fc9291539c3ee89418bc6a70367a5df82889b6c,gx-no-cache=1490212783816 HTTP/1.1" 200 30
186.103.159.230 - - [22/Mar/2017:16:58:38 -0300] "POST /cormun/servlet/solicitudot?gx-no-cache=1490212785815 HTTP/1.1" 200 30
186.103.159.187 - - [22/Mar/2017:16:58:39 -0300] "POST /cormun/servlet/solicitudot?gx-no-cache=1490216381454 HTTP/1.1" 200 1291
186.103.159.230 - - [22/Mar/2017:16:58:42 -0300] "POST /cormun/servlet/solicitudot?gx-no-cache=1490212788904 HTTP/1.1" 200 1291
186.103.159.230 - - [22/Mar/2017:16:58:42 -0300] "POST /cormun/servlet/solicitudot?gx-no-cache=1490212788965 HTTP/1.1" 200 38
186.103.159.230 - - [22/Mar/2017:16:58:53 -0300] "GET /cormun/servlet/solicitudot?545957c5539bf0e7c9511221e819a817c385fac35450e7e1c46d1b1782642d42b0e335a067cf4b5259074984320d2f0dac86c4a27fdab3fdb71284e00c54229d1a81859acd88516d42b8d221f86b7c72c5fee1656186c7b19e0b54175a0631762d2dc07255b5834308e3679d8ea10bb53afde56b0b95871d2885faf6743e0ff3c82fe1cabc57f8ec91491d763f4dae491aef408b30abf6d6dbc23b5d1295db5d,gx-no-cache=1490212800102 HTTP/1.1" 200 29
186.103.159.230 - - [22/Mar/2017:16:58:53 -0300] "POST /cormun/servlet/solicitudot?gx-no-cache=1490212800135 HTTP/1.1" 200 1273
186.103.159.230 - - [22/Mar/2017:16:58:58 -0300] "POST /cormun/servlet/solicitudot?gx-no-cache=1490212805257 HTTP/1.1" 200 1157
186.103.159.230 - - [22/Mar/2017:16:58:58 -0300] "GET /cormun/static/menuarrow.gif HTTP/1.1" 404 1015
186.103.159.187 - - [22/Mar/2017:16:59:01 -0300] "POST /cormun/servlet/solicitudot?gx-no-cache=1490216403567 HTTP/1.1" 200 122
186.103.159.187 - - [22/Mar/2017:16:59:01 -0300] "POST /cormun/servlet/solicitudot?gx-no-cache=1490216403646 HTTP/1.1" 200 1274
186.103.159.187 - - [22/Mar/2017:16:59:01 -0300] "POST /cormun/servlet/solicitudot?gx-no-cache=1490216403704 HTTP/1.1" 200 1157
186.103.159.187 - - [22/Mar/2017:16:59:04 -0300] "POST /cormun/servlet/solicitudot?gx-no-cache=1490216407054 HTTP/1.1" 200 30
186.103.159.187 - - [22/Mar/2017:16:59:04 -0300] "POST /cormun/servlet/solicitudot?gx-no-cache=1490216407133 HTTP/1.1" 200 1291
186.103.159.187 - - [22/Mar/2017:16:59:04 -0300] "POST /cormun/servlet/solicitudot?gx-no-cache=1490216407242 HTTP/1.1" 200 122
186.103.159.187 - - [22/Mar/2017:16:59:04 -0300] "POST /cormun/servlet/solicitudot?gx-no-cache=1490216407288 HTTP/1.1" 200 1274
186.103.159.187 - - [22/Mar/2017:16:59:04 -0300] "POST /cormun/servlet/solicitudot?gx-no-cache=1490216407368 HTTP/1.1" 200 1157
186.103.159.46 - - [22/Mar/2017:16:59:10 -0300] "POST /cormun/servlet/licenciaspermisosadjuntos?5152b37d141038cc14c05d5953ee79d0,INS,7392062,L,20170322000000,, HTTP/1.1" 200 116
186.103.159.46 - - [22/Mar/2017:16:59:10 -0300] "GET /cormun/servlet/hpexe_return? HTTP/1.1" 200 1039
186.103.159.46 - - [22/Mar/2017:16:59:11 -0300] "GET /cormun/servlet/trlicenciaspermisosadjuntos?7392062,20170322000000,L, HTTP/1.1" 200 6595
186.103.159.46 - - [22/Mar/2017:16:59:12 -0300] "GET /cormun/servlet/trlicenciaspermisosadjuntos?7392062,20170322000000,L, HTTP/1.1" 200 6592
186.103.159.230 - - [22/Mar/2017:16:59:14 -0300] "GET /cormun/servlet/solicitudot?545957c5539bf0e7c9511221e819a8175fdc3eb088ce870eb8ac69cff657b27bed2ef8b25eb10c2ff27d69a03ad67e8d056dff7a2b1dfc4a8dd564d2ff8f4e119aef2dab3c343e3b07904b3a058d12f7b819f62bff6c47b6a405ea2afcf102e46afe6a517b87e530b5e87c7327728d57da7a64be6980f7af6fe115ffcc5ec548ecaf74269a582a6cffa8fdc225877c77266d1eae7a78d9ab92c04c93758f3abf54681c50508044c9b9e5dfee1325b66b,gx-no-cache=1490212821157 HTTP/1.1" 200 30
186.103.159.46 - - [22/Mar/2017:16:59:17 -0300] "POST /cormun/servlet/trlicenciaspermisosadjuntos?5152b37d141038cc14c05d5953ee79d0,7392062,20170322000000,L,,gx-no-cache=1490216423554 HTTP/1.1" 200 90
186.103.159.46 - - [22/Mar/2017:16:59:17 -0300] "GET /cormun/servlet/hpexe_link HTTP/1.1" 200 983
186.103.159.46 - - [22/Mar/2017:16:59:18 -0300] "GET /cormun/servlet/trlicencias HTTP/1.1" 200 7796
186.103.159.46 - - [22/Mar/2017:16:59:19 -0300] "GET /cormun/servlet/trlicencias HTTP/1.1" 200 7794
186.103.159.187 - - [22/Mar/2017:16:59:20 -0300] "GET /cormun/servlet/solicitudot?56c2f4de90d354063ced134496bd4afea3f013245ffd5c49256e889a083a157956c53defb93b6fcdce59e03c0140c73cfa823e45eca8457e0b8ca24b14722b2833dfc7a5cb526a6f37095fbdc1069cd6a5862b9252b3f9de68054c9a592fda9c4e329dc551f9364aa6c4a10197593ea59e8237e827b55ab91ae80a1ae30a9a22a23e081e1cf86744b39499fadc8426474c035026bbb279feb8a703a292b147932a3ec3f9c3902f7739f773b871f0d3ee4050d7bdc6344fdbe6530f3a49153f92,gx-no-cache=1490216422533 HTTP/1.1" 200 32
186.103.159.187 - - [22/Mar/2017:16:59:20 -0300] "POST /cormun/servlet/solicitudot?0d87a70cb3a762e6b1048ccca5d6c25a,INS,0,0,,gx-no-cache=1490216422588 HTTP/1.1" 200 11252
186.67.172.234 - - [22/Mar/2017:16:59:22 -0300] "GET /cormun/servlet/licenciaspermisos?INS,0,,, HTTP/1.1" 200 7146
186.67.172.234 - - [22/Mar/2017:16:59:33 -0300] "GET /cormun/servlet/prfichaempleado?,MD,,gxPopupLevel%3D0%3B HTTP/1.1" 200 8811
186.103.159.230 - - [22/Mar/2017:16:59:42 -0300] "POST /cormun/servlet/solicitudot?ba751aae36b987eb11e01464f7021f39,INS,0,0,,gx-no-cache=1490212848899 HTTP/1.1" 200 93
186.103.159.230 - - [22/Mar/2017:16:59:42 -0300] "GET /cormun/servlet/hpexe_return? HTTP/1.1" 200 1003
186.103.159.46 - - [22/Mar/2017:16:59:42 -0300] "POST /cormun/servlet/trlicencias?5152b37d141038cc14c05d5953ee79d0,gx-no-cache=1490216448124 HTTP/1.1" 200 4034
186.103.159.46 - - [22/Mar/2017:16:59:42 -0300] "GET /cormun/static/Shared/jqueryui/images/ui-bg_highlight-soft_100_c6c2c8_1x100.png HTTP/1.1" 404 1117
186.103.159.230 - - [22/Mar/2017:16:59:42 -0300] "GET /cormun/servlet/trsolicitudot HTTP/1.1" 200 8214
186.103.159.46 - - [22/Mar/2017:16:59:42 -0300] "GET /cormun/static/Shared/jqueryui/images/ui-icons_82798d_256x240.png HTTP/1.1" 404 1089
186.103.159.46 - - [22/Mar/2017:16:59:42 -0300] "GET /cormun/static/Shared/jqueryui/images/ui-icons_8d78a5_256x240.png HTTP/1.1" 404 1089
186.103.159.46 - - [22/Mar/2017:16:59:42 -0300] "GET /cormun/static/Shared/jqueryui/images/ui-bg_flat_55_fafafa_40x100.png HTTP/1.1" 404 1097
186.103.159.230 - - [22/Mar/2017:16:59:43 -0300] "GET /cormun/servlet/trsolicitudot HTTP/1.1" 200 8192
186.103.159.187 - - [22/Mar/2017:16:59:48 -0300] "GET /cormun/servlet/solicitudot?56c2f4de90d354063ced134496bd4afea3f013245ffd5c49256e889a083a157956c53defb93b6fcdce59e03c0140c73cd50d487017d22849e212597c2852636733dfc7a5cb526a6f37095fbdc1069cd6a5862b9252b3f9de68054c9a592fda9c4e329dc551f9364aa6c4a10197593ea59e8237e827b55ab91ae80a1ae30a9a22a23e081e1cf86744b39499fadc8426474c035026bbb279feb8a703a292b147932a3ec3f9c3902f7739f773b871f0d3ee4050d7bdc6344fdbe6530f3a49153f92,gx-no-cache=1490216451445 HTTP/1.1" 200 32
186.103.159.187 - - [22/Mar/2017:16:59:49 -0300] "POST /cormun/servlet/solicitudot?0d87a70cb3a762e6b1048ccca5d6c25a,INS,0,0,,gx-no-cache=1490216451508 HTTP/1.1" 200 11296
186.103.159.230 - - [22/Mar/2017:16:59:50 -0300] "POST /cormun/servlet/trsolicitudot?ba751aae36b987eb11e01464f7021f39,gx-no-cache=1490212857244 HTTP/1.1" 200 4332
186.103.159.230 - - [22/Mar/2017:16:59:50 -0300] "GET /cormun/static/Shared/jqueryui/images/ui-bg_highlight-soft_100_c6c2c8_1x100.png HTTP/1.1" 404 1117
186.103.159.230 - - [22/Mar/2017:16:59:50 -0300] "GET /cormun/static/Shared/jqueryui/images/ui-icons_82798d_256x240.png HTTP/1.1" 404 1089
186.103.159.230 - - [22/Mar/2017:16:59:50 -0300] "GET /cormun/static/Shared/jqueryui/images/ui-bg_flat_55_fafafa_40x100.png HTTP/1.1" 404 1097
186.103.159.230 - - [22/Mar/2017:16:59:50 -0300] "GET /cormun/static/Shared/jqueryui/images/ui-icons_8d78a5_256x240.png HTTP/1.1" 404 1089
186.103.159.230 - - [22/Mar/2017:16:59:50 -0300] "POST /cormun/servlet/trsolicitudot?ba751aae36b987eb11e01464f7021f39,gx-no-cache=1490212857422 HTTP/1.1" 200 4114
186.67.172.234 - - [22/Mar/2017:16:59:57 -0300] "POST /cormun/servlet/prfichaempleado?8f97502394fe3c9b558d8d159a1041af,,MD,,gxPopupLevel%3D0%3B,gx-no-cache=1490212863433 HTTP/1.1" 200 3413
186.67.172.234 - - [22/Mar/2017:17:00:02 -0300] "GET /cormun/servlet/licenciaspermisos?170722228ecea17be9688931e9a83dff3707cc0fae2b03de27d22b1e90d6fa549fc9b936744ccb003a483586030d38aa,gx-no-cache=1490212868429 HTTP/1.1" 200 66
186.67.172.234 - - [22/Mar/2017:17:00:03 -0300] "POST /cormun/servlet/licenciaspermisos?8f97502394fe3c9b558d8d159a1041af,INS,0,,,,gx-no-cache=1490212868479 HTTP/1.1" 200 4427
186.103.159.230 - - [22/Mar/2017:17:00:07 -0300] "GET /cormun/servlet/trautorizarsolicitud? HTTP/1.1" 200 8138
186.103.159.230 - - [22/Mar/2017:17:00:07 -0300] "GET /cormun/servlet/trautorizarsolicitud? HTTP/1.1" 200 8138
186.103.159.46 - - [22/Mar/2017:17:00:23 -0300] "GET /cormun/servlet/hlogin HTTP/1.1" 200 1727
186.103.159.46 - - [22/Mar/2017:17:00:23 -0300] "GET /cormun/static/gxcfg.js?201731711485472 HTTP/1.1" 200 953
186.103.159.46 - - [22/Mar/2017:17:00:23 -0300] "GET /cormun/static/Resources/Spanish/PXTools.css?11294912 HTTP/1.1" 200 89042
186.103.159.230 - - [22/Mar/2017:17:00:26 -0300] "POST /cormun/servlet/trautorizarsolicitud?ba751aae36b987eb11e01464f7021f39,,gx-no-cache=1490212893766 HTTP/1.1" 200 4308
186.103.159.230 - - [22/Mar/2017:17:00:27 -0300] "GET /cormun/static/Shared/jqueryui/images/ui-bg_highlight-soft_100_c6c2c8_1x100.png HTTP/1.1" 404 1117
186.103.159.230 - - [22/Mar/2017:17:00:27 -0300] "GET /cormun/static/Shared/jqueryui/images/ui-icons_82798d_256x240.png HTTP/1.1" 404 1089
186.103.159.230 - - [22/Mar/2017:17:00:27 -0300] "GET /cormun/static/Shared/jqueryui/images/ui-icons_8d78a5_256x240.png HTTP/1.1" 404 1089
186.103.159.230 - - [22/Mar/2017:17:00:27 -0300] "GET /cormun/static/Shared/jqueryui/images/ui-bg_flat_55_fafafa_40x100.png HTTP/1.1" 404 1097
186.103.159.230 - - [22/Mar/2017:17:00:27 -0300] "POST /cormun/servlet/trautorizarsolicitud?ba751aae36b987eb11e01464f7021f39,,gx-no-cache=1490212893951 HTTP/1.1" 200 4095
186.103.159.230 - - [22/Mar/2017:17:00:32 -0300] "GET /cormun/servlet/trsolicitudot? HTTP/1.1" 200 6941
186.103.159.230 - - [22/Mar/2017:17:00:33 -0300] "GET /cormun/servlet/trsolicitudot? HTTP/1.1" 200 6941
186.103.159.46 - - [22/Mar/2017:17:00:34 -0300] "POST /cormun/servlet/hlogin?36f1bc1478aa00edc23d95fbb99ee2a3,gx-no-cache=1490212900452 HTTP/1.1" 200 90
186.103.159.46 - - [22/Mar/2017:17:00:34 -0300] "GET /cormun/servlet/hpexe_link HTTP/1.1" 200 951
186.103.159.46 - - [22/Mar/2017:17:00:34 -0300] "GET /cormun/static/gxcfg.js?201731711483381 HTTP/1.1" 200 953
186.103.159.46 - - [22/Mar/2017:17:00:34 -0300] "GET /cormun/static/hpexe_link.js?201731711483384 HTTP/1.1" 200 625
186.103.159.46 - - [22/Mar/2017:17:00:34 -0300] "GET /cormun/servlet/hhome HTTP/1.1" 200 3994
186.103.159.46 - - [22/Mar/2017:17:00:34 -0300] "GET /cormun/static/gxcfg.js?201731711483497 HTTP/1.1" 200 953
186.103.159.46 - - [22/Mar/2017:17:00:34 -0300] "GET /cormun/static/hhome.js?20173171148352 HTTP/1.1" 200 777
186.103.159.46 - - [22/Mar/2017:17:00:34 -0300] "GET /cormun/static/hpexe_messagegenexuscomponent.js?201731711335537 HTTP/1.1" 200 587
186.103.159.46 - - [22/Mar/2017:17:00:35 -0300] "GET /cormun/servlet/hhome HTTP/1.1" 200 3990
186.103.159.46 - - [22/Mar/2017:17:00:41 -0300] "GET /cormun/servlet/trautorizarsolicitud? HTTP/1.1" 200 6917
186.103.159.46 - - [22/Mar/2017:17:00:42 -0300] "GET /cormun/servlet/trautorizarsolicitud? HTTP/1.1" 200 6916
186.103.159.46 - - [22/Mar/2017:17:00:45 -0300] "GET /cormun/servlet/trlicencias? HTTP/1.1" 200 6858
186.103.159.46 - - [22/Mar/2017:17:00:45 -0300] "GET /cormun/static/gxcfg.js?2016122619301429 HTTP/1.1" 200 953
186.103.159.46 - - [22/Mar/2017:17:00:45 -0300] "GET /cormun/static/trlicencias.js?2016122619301919 HTTP/1.1" 200 37913
186.103.159.46 - - [22/Mar/2017:17:00:45 -0300] "GET /cormun/servlet/trlicencias? HTTP/1.1" 200 6857
186.103.159.46 - - [22/Mar/2017:17:00:48 -0300] "GET /cormun/servlet/trlicencias? HTTP/1.1" 200 6857
186.103.159.46 - - [22/Mar/2017:17:00:49 -0300] "GET /cormun/servlet/trlicencias? HTTP/1.1" 200 6857
186.103.159.46 - - [22/Mar/2017:17:00:51 -0300] "GET /cormun/servlet/trautorizarsolicitud? HTTP/1.1" 200 6916
186.103.159.46 - - [22/Mar/2017:17:00:52 -0300] "GET /cormun/servlet/trautorizarsolicitud? HTTP/1.1" 200 6916
186.103.159.46 - - [22/Mar/2017:17:00:55 -0300] "GET /cormun/servlet/trvisualizadoreventos? HTTP/1.1" 200 6720
186.103.159.46 - - [22/Mar/2017:17:00:55 -0300] "GET /cormun/static/gxcfg.js?201731711523419 HTTP/1.1" 200 953
186.103.159.46 - - [22/Mar/2017:17:00:55 -0300] "GET /cormun/static/trvisualizadoreventos.js?20173171152387 HTTP/1.1" 200 19309
186.103.159.46 - - [22/Mar/2017:17:00:55 -0300] "GET /cormun/static/Resources/PXToolsActionPrint.png HTTP/1.1" 200 3317
186.103.159.46 - - [22/Mar/2017:17:00:55 -0300] "GET /cormun/servlet/trvisualizadoreventos? HTTP/1.1" 200 6720
186.103.159.46 - - [22/Mar/2017:17:00:58 -0300] "GET /cormun/servlet/trlicencias? HTTP/1.1" 200 6857
186.103.159.46 - - [22/Mar/2017:17:00:58 -0300] "GET /cormun/servlet/trlicencias? HTTP/1.1" 200 6856
186.103.159.46 - - [22/Mar/2017:17:01:02 -0300] "POST /cormun/servlet/trlicencias?36f1bc1478aa00edc23d95fbb99ee2a3,,gx-no-cache=1490212928531 HTTP/1.1" 200 4092
186.103.159.187 - - [22/Mar/2017:17:01:06 -0300] "POST /cormun/servlet/solicitudot?gx-no-cache=1490216529281 HTTP/1.1" 200 30
186.103.159.187 - - [22/Mar/2017:17:01:15 -0300] "POST /cormun/servlet/solicitudot?gx-no-cache=1490216537524 HTTP/1.1" 200 1291
186.103.159.187 - - [22/Mar/2017:17:01:15 -0300] "POST /cormun/servlet/solicitudot?gx-no-cache=1490216537640 HTTP/1.1" 200 41
186.103.159.187 - - [22/Mar/2017:17:01:15 -0300] "POST /cormun/servlet/solicitudot?gx-no-cache=1490216537674 HTTP/1.1" 200 1274
186.103.159.187 - - [22/Mar/2017:17:01:15 -0300] "POST /cormun/servlet/solicitudot?gx-no-cache=1490216537722 HTTP/1.1" 200 1157
186.103.159.187 - - [22/Mar/2017:17:01:15 -0300] "GET /cormun/servlet/solicitudot?56c2f4de90d354063ced134496bd4afea3f013245ffd5c49256e889a083a157956c53defb93b6fcdce59e03c0140c73cd50d487017d22849e212597c2852636733dfc7a5cb526a6f37095fbdc1069cd6a5862b9252b3f9de68054c9a592fda9c4e329dc551f9364aa6c4a10197593ea59e8237e827b55ab91ae80a1ae30a9a22a23e081e1cf86744b39499fadc8426474c035026bbb279feb8a703a292b147932a3ec3f9c3902f7739f773b871f0d3ee4050d7bdc6344fdbe6530f3a49153f92,gx-no-cache=1490216537774 HTTP/1.1" 200 32
186.103.159.187 - - [22/Mar/2017:17:01:15 -0300] "POST /cormun/servlet/solicitudot?0d87a70cb3a762e6b1048ccca5d6c25a,INS,0,0,,gx-no-cache=1490216537814 HTTP/1.1" 200 11418
186.67.172.234 - - [22/Mar/2017:17:01:18 -0300] "GET /cormun/static/menuarrow.gif HTTP/1.1" 404 1015
91.196.50.33 - - [22/Mar/2017:17:01:24 -0300] "GET /testproxy.php HTTP/1.1" 404 987
186.103.159.187 - - [22/Mar/2017:17:01:29 -0300] "GET /cormun/servlet/solicitudot?56c2f4de90d354063ced134496bd4afea3f013245ffd5c49256e889a083a157956c53defb93b6fcdce59e03c0140c73cd50d487017d22849e212597c2852636733dfc7a5cb526a6f37095fbdc1069cd6a5862b9252b3f9de68054c9a592fda9c4e329dc551f9364aa6c4a10197593ea59e8237e827b55ab91ae80a1ae30a9a22a23e081e1cf86744b39499fadc8426474c035026bbb279feb8a703a292b147932a3ec3f9c3902f7739f773b871f0d3ee4050d7bdc6344fdbe6530f3a49153f92,gx-no-cache=1490216551650 HTTP/1.1" 200 32
186.103.159.187 - - [22/Mar/2017:17:01:29 -0300] "POST /cormun/servlet/solicitudot?0d87a70cb3a762e6b1048ccca5d6c25a,INS,0,0,,gx-no-cache=1490216551713 HTTP/1.1" 200 11488
186.103.159.46 - - [22/Mar/2017:17:01:31 -0300] "POST /cormun/servlet/trlicencias?36f1bc1478aa00edc23d95fbb99ee2a3,,gx-no-cache=1490212957915 HTTP/1.1" 200 4102
186.103.159.187 - - [22/Mar/2017:17:01:45 -0300] "GET /cormun/servlet/solicitudot?56c2f4de90d354063ced134496bd4afea3f013245ffd5c49256e889a083a157956c53defb93b6fcdce59e03c0140c73cd50d487017d22849e212597c2852636733dfc7a5cb526a6f37095fbdc1069cd6a5862b9252b3f9de68054c9a592fda9c4e329dc551f9364aa6c4a10197593ea59e8237e827b55ab91ae80a1ae30a9a22a23e081e1cf86744b39499fadc8426474c035026bbb279feb8a703a292b147932a3ec3f9c3902f7739f773b871f0d3ee4050d7bdc6344fdbe6530f3a49153f92,gx-no-cache=1490216567541 HTTP/1.1" 200 32
186.103.159.187 - - [22/Mar/2017:17:01:45 -0300] "POST /cormun/servlet/solicitudot?0d87a70cb3a762e6b1048ccca5d6c25a,INS,0,0,,gx-no-cache=1490216567620 HTTP/1.1" 200 11547
186.103.159.187 - - [22/Mar/2017:17:01:55 -0300] "POST /cormun/servlet/solicitudot?gx-no-cache=1490216578308 HTTP/1.1" 200 30
186.103.159.187 - - [22/Mar/2017:17:01:58 -0300] "POST /cormun/servlet/solicitudot?gx-no-cache=1490216580508 HTTP/1.1" 200 1291
186.103.159.187 - - [22/Mar/2017:17:01:58 -0300] "POST /cormun/servlet/solicitudot?gx-no-cache=1490216580606 HTTP/1.1" 200 118
186.103.159.187 - - [22/Mar/2017:17:01:58 -0300] "POST /cormun/servlet/solicitudot?gx-no-cache=1490216580648 HTTP/1.1" 200 1274
186.103.159.187 - - [22/Mar/2017:17:01:58 -0300] "POST /cormun/servlet/solicitudot?gx-no-cache=1490216580699 HTTP/1.1" 200 1157
186.103.159.187 - - [22/Mar/2017:17:02:01 -0300] "POST /cormun/servlet/solicitudot?gx-no-cache=1490216583669 HTTP/1.1" 200 30
186.103.159.187 - - [22/Mar/2017:17:02:01 -0300] "POST /cormun/servlet/solicitudot?gx-no-cache=1490216583717 HTTP/1.1" 200 1291
186.103.159.187 - - [22/Mar/2017:17:02:01 -0300] "POST /cormun/servlet/solicitudot?gx-no-cache=1490216583809 HTTP/1.1" 200 118
186.103.159.187 - - [22/Mar/2017:17:02:01 -0300] "POST /cormun/servlet/solicitudot?gx-no-cache=1490216583849 HTTP/1.1" 200 1274
186.103.159.187 - - [22/Mar/2017:17:02:01 -0300] "POST /cormun/servlet/solicitudot?gx-no-cache=1490216583897 HTTP/1.1" 200 1157
186.103.159.187 - - [22/Mar/2017:17:02:08 -0300] "GET /cormun/servlet/solicitudot?56c2f4de90d354063ced134496bd4afea3f013245ffd5c49256e889a083a157956c53defb93b6fcdce59e03c0140c73cd50d487017d22849e212597c2852636733dfc7a5cb526a6f37095fbdc1069cd6a5862b9252b3f9de68054c9a592fda9c4e329dc551f9364aa6c4a10197593ea59e8237e827b55ab91ae80a1ae30a9a22a23e081e1cf86744b39499fadc8426474c035026bbb279feb8a703a292b147932a3ec3f9c3902f7739f773b871f0d3ee4050d7bdc6344fdbe6530f3a49153f92,gx-no-cache=1490216591204 HTTP/1.1" 200 32
186.103.159.187 - - [22/Mar/2017:17:02:08 -0300] "POST /cormun/servlet/solicitudot?0d87a70cb3a762e6b1048ccca5d6c25a,INS,0,0,,gx-no-cache=1490216591244 HTTP/1.1" 200 11586
186.103.159.46 - - [22/Mar/2017:17:02:10 -0300] "POST /cormun/servlet/trlicencias?36f1bc1478aa00edc23d95fbb99ee2a3,,gx-no-cache=1490212996627 HTTP/1.1" 200 4103
200.73.230.173 - - [22/Mar/2017:17:02:24 -0300] "GET /cormun/servlet/hlogin HTTP/1.1" 200 1717
186.103.159.46 - - [22/Mar/2017:17:02:30 -0300] "POST /cormun/servlet/trlicencias?36f1bc1478aa00edc23d95fbb99ee2a3,,gx-no-cache=1490213016722 HTTP/1.1" 200 4113
186.103.159.46 - - [22/Mar/2017:17:02:38 -0300] "POST /cormun/servlet/trlicencias?36f1bc1478aa00edc23d95fbb99ee2a3,,gx-no-cache=1490213024425 HTTP/1.1" 200 101
186.103.159.46 - - [22/Mar/2017:17:02:38 -0300] "GET /cormun/Licencias-8593.xls HTTP/1.1" 200 4608
186.103.159.230 - - [22/Mar/2017:17:02:43 -0300] "GET /cormun/servlet/solicitudot?INS,0,0, HTTP/1.1" 200 12773
186.103.159.230 - - [22/Mar/2017:17:02:44 -0300] "GET /cormun/servlet/solicitudot?INS,0,0, HTTP/1.1" 200 12778
200.73.230.173 - - [22/Mar/2017:17:02:45 -0300] "POST /cormun/servlet/hlogin?f4e8d24644f3290dc270ef299d8daaa8,gx-no-cache=1490213751290 HTTP/1.1" 200 90
200.73.230.173 - - [22/Mar/2017:17:02:45 -0300] "GET /cormun/servlet/hpexe_link HTTP/1.1" 200 947
200.73.230.173 - - [22/Mar/2017:17:02:45 -0300] "GET /cormun/servlet/hhome HTTP/1.1" 200 3805
200.73.230.173 - - [22/Mar/2017:17:02:45 -0300] "GET /cormun/servlet/hhome HTTP/1.1" 200 3805
186.79.155.38 - - [22/Mar/2017:17:02:48 -0300] "GET /cormun/servlet/hhome HTTP/1.1" 200 3294
186.79.155.38 - - [22/Mar/2017:17:02:48 -0300] "GET /cormun/static/Resources/Spanish/PXTools.css?11294912 HTTP/1.1" 304 -
186.79.155.38 - - [22/Mar/2017:17:02:48 -0300] "GET /cormun/static/gxcfg.js?201731711483497 HTTP/1.1" 304 -
186.79.155.38 - - [22/Mar/2017:17:02:48 -0300] "GET /cormun/static/gxtimezone.js?85251 HTTP/1.1" 304 -
186.79.155.38 - - [22/Mar/2017:17:02:48 -0300] "GET /cormun/static/hhome.js?20173171148352 HTTP/1.1" 304 -
186.79.155.38 - - [22/Mar/2017:17:02:48 -0300] "GET /cormun/static/hwchdr01.js?201731711335950 HTTP/1.1" 304 -
186.79.155.38 - - [22/Mar/2017:17:02:48 -0300] "GET /cormun/static/messages.spa.js?85251 HTTP/1.1" 200 30736
186.79.155.38 - - [22/Mar/2017:17:02:49 -0300] "GET /cormun/static/hpexe_recentlink.js?201610171694390 HTTP/1.1" 200 2144
186.79.155.38 - - [22/Mar/2017:17:02:49 -0300] "GET /cormun/static/hpexe_scripts.js?201731711335890 HTTP/1.1" 304 -
186.79.155.38 - - [22/Mar/2017:17:02:49 -0300] "GET /cormun/static/hpexe_messagecontroller.js?201610171694323 HTTP/1.1" 200 870
186.79.155.38 - - [22/Mar/2017:17:02:49 -0300] "GET /cormun/static/hpexe_messagepopupcomponent.js?20161017169425 HTTP/1.1" 200 605
186.79.155.38 - - [22/Mar/2017:17:02:49 -0300] "GET /cormun/static/hpexe_messagegenexuscomponent.js?201731711335537 HTTP/1.1" 304 -
186.79.155.38 - - [22/Mar/2017:17:02:49 -0300] "GET /cormun/static/cmcontrolpreferences.js?201731711335852 HTTP/1.1" 304 -
186.79.155.38 - - [22/Mar/2017:17:02:49 -0300] "GET /cormun/static/hmpwkw03.js?201731711485354 HTTP/1.1" 304 -
186.79.155.38 - - [22/Mar/2017:17:02:49 -0300] "GET /cormun/servlet/hhome HTTP/1.1" 200 3305
186.79.155.38 - - [22/Mar/2017:17:02:49 -0300] "GET /cormun/servlet/hlogin HTTP/1.1" 200 1738
186.79.155.38 - - [22/Mar/2017:17:02:49 -0300] "GET /cormun/static/gxcfg.js?201731711485472 HTTP/1.1" 304 -
186.79.155.38 - - [22/Mar/2017:17:02:49 -0300] "GET /cormun/static/hlogin.js?201731711485490 HTTP/1.1" 304 -
186.79.155.38 - - [22/Mar/2017:17:02:50 -0300] "GET /favicon.ico HTTP/1.1" 200 21630
186.79.155.38 - - [22/Mar/2017:17:02:52 -0300] "POST /cormun/servlet/hlogin?e40cd7ec115bbe300e8640a956b20bdc,gx-no-cache=1490216640978 HTTP/1.1" 200 90
186.79.155.38 - - [22/Mar/2017:17:02:53 -0300] "GET /cormun/servlet/hpexe_link HTTP/1.1" 200 953
186.79.155.38 - - [22/Mar/2017:17:02:53 -0300] "GET /cormun/static/gxcfg.js?201731711483381 HTTP/1.1" 304 -
186.79.155.38 - - [22/Mar/2017:17:02:53 -0300] "GET /cormun/static/hpexe_link.js?201731711483384 HTTP/1.1" 304 -
186.79.155.38 - - [22/Mar/2017:17:02:53 -0300] "GET /cormun/servlet/hhome HTTP/1.1" 200 3717
186.79.155.38 - - [22/Mar/2017:17:02:54 -0300] "GET /cormun/servlet/hhome HTTP/1.1" 200 3713
200.73.230.173 - - [22/Mar/2017:17:02:55 -0300] "GET /cormun/servlet/trcontratoobservacion? HTTP/1.1" 200 6783
186.103.159.46 - - [22/Mar/2017:17:02:55 -0300] "POST /cormun/servlet/trlicencias?36f1bc1478aa00edc23d95fbb99ee2a3,,gx-no-cache=1490213041815 HTTP/1.1" 200 4113
200.73.230.173 - - [22/Mar/2017:17:02:56 -0300] "GET /cormun/servlet/trcontratoobservacion? HTTP/1.1" 200 6782
186.79.155.38 - - [22/Mar/2017:17:02:57 -0300] "GET /cormun/servlet/trlicencias? HTTP/1.1" 200 6556
186.79.155.38 - - [22/Mar/2017:17:02:58 -0300] "GET /cormun/static/gxcfg.js?2016122619301429 HTTP/1.1" 200 953
186.79.155.38 - - [22/Mar/2017:17:02:58 -0300] "GET /cormun/static/calendar.js?85251 HTTP/1.1" 304 -
186.79.155.38 - - [22/Mar/2017:17:02:58 -0300] "GET /cormun/static/calendar-setup.js?85251 HTTP/1.1" 304 -
186.79.155.38 - - [22/Mar/2017:17:02:58 -0300] "GET /cormun/static/calendar-es.js?85251 HTTP/1.1" 304 -
186.79.155.38 - - [22/Mar/2017:17:02:58 -0300] "GET /cormun/static/gxdec.js?85251 HTTP/1.1" 304 -
186.79.155.38 - - [22/Mar/2017:17:02:58 -0300] "GET /cormun/static/Resources/Spanish/PXTools.css?18365030 HTTP/1.1" 200 89042
186.79.155.38 - - [22/Mar/2017:17:02:58 -0300] "GET /cormun/static/trlicencias.js?2016122619301919 HTTP/1.1" 200 37913
186.79.155.38 - - [22/Mar/2017:17:02:59 -0300] "GET /cormun/servlet/trlicencias? HTTP/1.1" 200 6555
200.73.230.173 - - [22/Mar/2017:17:03:01 -0300] "GET /cormun/servlet/trsolicitudot? HTTP/1.1" 200 6762
200.73.230.173 - - [22/Mar/2017:17:03:01 -0300] "GET /cormun/servlet/trsolicitudot? HTTP/1.1" 200 6761
186.103.159.46 - - [22/Mar/2017:17:03:11 -0300] "GET /cormun/servlet/trvisualizadoreventos? HTTP/1.1" 200 6720
186.103.159.46 - - [22/Mar/2017:17:03:11 -0300] "GET /cormun/servlet/trvisualizadoreventos? HTTP/1.1" 200 6720
186.103.159.230 - - [22/Mar/2017:17:03:14 -0300] "POST /cormun/servlet/solicitudot?gx-no-cache=1490213061308 HTTP/1.1" 200 3180
186.103.159.230 - - [22/Mar/2017:17:03:14 -0300] "POST /cormun/servlet/solicitudot?ba751aae36b987eb11e01464f7021f39,INS,0,0,,gx-no-cache=1490213061465 HTTP/1.1" 200 9965
186.103.159.46 - - [22/Mar/2017:17:03:14 -0300] "GET /cormun/servlet/trautorizarsolicitud? HTTP/1.1" 200 6917
186.103.159.46 - - [22/Mar/2017:17:03:15 -0300] "GET /cormun/servlet/trautorizarsolicitud? HTTP/1.1" 200 6916
186.103.159.46 - - [22/Mar/2017:17:03:19 -0300] "GET /cormun/servlet/trsolicitudot? HTTP/1.1" 200 8253
186.103.159.46 - - [22/Mar/2017:17:03:19 -0300] "GET /cormun/static/gxcfg.js?201731711505139 HTTP/1.1" 200 953
186.103.159.46 - - [22/Mar/2017:17:03:19 -0300] "GET /cormun/static/trsolicitudot.js?20173171151116 HTTP/1.1" 200 53117
186.103.159.46 - - [22/Mar/2017:17:03:20 -0300] "GET /cormun/servlet/trsolicitudot? HTTP/1.1" 200 8252
186.103.159.46 - - [22/Mar/2017:17:03:31 -0300] "POST /cormun/servlet/trsolicitudot?36f1bc1478aa00edc23d95fbb99ee2a3,,gx-no-cache=1490213077287 HTTP/1.1" 200 105
186.103.159.46 - - [22/Mar/2017:17:03:31 -0300] "GET /cormun/servlet/solicitudot?DLT,2017,5315, HTTP/1.1" 200 9512
186.103.159.46 - - [22/Mar/2017:17:03:31 -0300] "GET /cormun/static/gxcfg.js?20171191042720 HTTP/1.1" 200 953
186.103.159.46 - - [22/Mar/2017:17:03:31 -0300] "GET /cormun/static/solicitudot.js?2017119104297 HTTP/1.1" 200 63948
186.103.159.46 - - [22/Mar/2017:17:03:31 -0300] "GET /cormun/static/Resources/prompt.gif HTTP/1.1" 200 902
186.103.159.46 - - [22/Mar/2017:17:03:32 -0300] "GET /cormun/static/Shared/jqueryui/images/ui-bg_highlight-soft_100_c6c2c8_1x100.png HTTP/1.1" 404 1117
186.103.159.46 - - [22/Mar/2017:17:03:32 -0300] "GET /cormun/static/Shared/jqueryui/images/ui-icons_82798d_256x240.png HTTP/1.1" 404 1089
186.103.159.46 - - [22/Mar/2017:17:03:32 -0300] "GET /cormun/static/Shared/jqueryui/images/ui-bg_flat_55_fafafa_40x100.png HTTP/1.1" 404 1097
186.103.159.46 - - [22/Mar/2017:17:03:32 -0300] "GET /cormun/static/Shared/jqueryui/images/ui-icons_8d78a5_256x240.png HTTP/1.1" 404 1089
186.103.159.46 - - [22/Mar/2017:17:03:32 -0300] "GET /cormun/servlet/solicitudot?DLT,2017,5315, HTTP/1.1" 200 9521
186.103.159.46 - - [22/Mar/2017:17:03:45 -0300] "GET /cormun/servlet/trlicencias? HTTP/1.1" 200 6898
186.103.159.46 - - [22/Mar/2017:17:03:46 -0300] "GET /cormun/servlet/trlicencias? HTTP/1.1" 200 6886
186.103.159.46 - - [22/Mar/2017:17:03:55 -0300] "GET /cormun/servlet/trpermisosgoce? HTTP/1.1" 200 11391
186.103.159.46 - - [22/Mar/2017:17:03:55 -0300] "GET /cormun/static/gxcfg.js?20173171154124 HTTP/1.1" 200 953
186.103.159.46 - - [22/Mar/2017:17:03:55 -0300] "GET /cormun/static/trpermisosgoce.js?20173171154177 HTTP/1.1" 200 31906
186.103.159.46 - - [22/Mar/2017:17:03:56 -0300] "GET /cormun//static/Resources/PXToolsHeaderHelp.png HTTP/1.1" 200 4055
186.103.159.46 - - [22/Mar/2017:17:03:56 -0300] "GET /cormun//static/Resources/PXToolsActionPrint.png HTTP/1.1" 200 3317
186.103.159.46 - - [22/Mar/2017:17:03:56 -0300] "GET /cormun//static/Resources/PXToolsHeaderFavorites.png HTTP/1.1" 200 2744
186.103.159.46 - - [22/Mar/2017:17:03:56 -0300] "GET /cormun//static/Resources/PXToolsGridDisplay.png HTTP/1.1" 200 362
186.103.159.46 - - [22/Mar/2017:17:03:56 -0300] "GET /cormun/servlet/trpermisosgoce? HTTP/1.1" 200 11391
186.103.159.46 - - [22/Mar/2017:17:04:23 -0300] "GET /cormun/servlet/trvisualizadoreventos? HTTP/1.1" 200 6497
186.103.159.46 - - [22/Mar/2017:17:04:25 -0300] "GET /cormun/servlet/trvisualizadoreventos? HTTP/1.1" 200 6498
186.103.159.46 - - [22/Mar/2017:17:04:29 -0300] "GET /cormun/servlet/trlicencias? HTTP/1.1" 200 6615
186.103.159.46 - - [22/Mar/2017:17:04:30 -0300] "GET /cormun/servlet/trlicencias? HTTP/1.1" 200 6614
186.103.159.46 - - [22/Mar/2017:17:04:34 -0300] "GET /cormun/servlet/licenciaspermisos?INS,0,,, HTTP/1.1" 200 7144
186.103.159.46 - - [22/Mar/2017:17:04:35 -0300] "GET /cormun/servlet/licenciaspermisos?INS,0,,, HTTP/1.1" 200 7144
186.103.159.204 - - [22/Mar/2017:17:05:01 -0300] "GET /cormun/servlet/hpexe_return? HTTP/1.1" 200 984
186.103.159.204 - - [22/Mar/2017:17:05:01 -0300] "GET /cormun/static/gxtimezone.js?85251 HTTP/1.1" 200 5781
186.103.159.204 - - [22/Mar/2017:17:05:01 -0300] "GET /cormun/static/gxcfg.js?2016101716175148 HTTP/1.1" 200 953
186.103.159.204 - - [22/Mar/2017:17:05:01 -0300] "GET /cormun/static/RunJS/RunJS.js HTTP/1.1" 200 288
186.103.159.204 - - [22/Mar/2017:17:05:01 -0300] "GET /cormun/static/messages.spa.js?85251 HTTP/1.1" 200 30736
186.103.159.204 - - [22/Mar/2017:17:05:01 -0300] "GET /cormun/static/hpexe_return.js?2016101716175153 HTTP/1.1" 200 1633
186.103.159.204 - - [22/Mar/2017:17:05:01 -0300] "GET /cormun/static/Resources/Spanish/PXTools.css?167811 HTTP/1.1" 200 89042
186.103.159.204 - - [22/Mar/2017:17:05:01 -0300] "GET /cormun/static/gxgral.js?85251 HTTP/1.1" 200 384558
186.103.159.204 - - [22/Mar/2017:17:05:01 -0300] "GET /cormun/static/Resources/indicator.gif HTTP/1.1" 200 1553
186.103.159.204 - - [22/Mar/2017:17:05:01 -0300] "GET /cormun/servlet/hhome HTTP/1.1" 200 3309
186.79.155.38 - - [22/Mar/2017:17:05:23 -0300] "GET /cormun/static/menuarrow.gif HTTP/1.1" 404 1015
186.67.172.234 - - [22/Mar/2017:17:05:24 -0300] "GET /cormun/servlet/licenciaspermisos?170722228ecea17be9688931e9a83dff68834832738c6e6d0d34cd738cf06b55c934051978ec96bfca0088839b1fb3bcb84405a08b8ebab88e90d75f95aa841cb492f6ed7f83c26f25b58013506ffd362830e1e87f108f692040f8d4a3e661b46ab85a97fd853d36833f71dfb0e97039d1c2d3228fde5c157749fc6096a78ef79f3ef3d24350dfe28d8a3092927940ec128d75683dc812b04beb8a7156c319727c5790d846b9b484b0ff4f3ba06a723c,gx-no-cache=1490213190801 HTTP/1.1" 200 30
186.67.172.234 - - [22/Mar/2017:17:05:29 -0300] "GET /cormun/servlet/licenciaspermisos?170722228ecea17be9688931e9a83dff68834832738c6e6d0d34cd738cf06b55ff798734bd2665efaf4821c88de401eab84405a08b8ebab88e90d75f95aa841cb492f6ed7f83c26f25b58013506ffd362830e1e87f108f692040f8d4a3e661b46ab85a97fd853d36833f71dfb0e97039d1c2d3228fde5c157749fc6096a78ef79f3ef3d24350dfe28d8a3092927940ec128d75683dc812b04beb8a7156c319727c5790d846b9b484b0ff4f3ba06a723c,gx-no-cache=1490213195763 HTTP/1.1" 200 30
186.67.172.234 - - [22/Mar/2017:17:05:30 -0300] "POST /cormun/servlet/licenciaspermisos?8f97502394fe3c9b558d8d159a1041af,INS,0,,,,gx-no-cache=1490213195781 HTTP/1.1" 200 4530
186.79.155.38 - - [22/Mar/2017:17:05:51 -0300] "POST /cormun/servlet/trlicencias?e40cd7ec115bbe300e8640a956b20bdc,,gx-no-cache=1490216819022 HTTP/1.1" 200 3935
186.79.155.38 - - [22/Mar/2017:17:05:53 -0300] "GET /cormun/servlet/licenciaspermisos?INS,0,,, HTTP/1.1" 200 7100
186.79.155.38 - - [22/Mar/2017:17:05:53 -0300] "GET /cormun/static/gxcfg.js?201731711384427 HTTP/1.1" 200 953
186.79.155.38 - - [22/Mar/2017:17:05:53 -0300] "GET /cormun/static/licenciaspermisos.js?201731711384498 HTTP/1.1" 200 33773
186.79.155.38 - - [22/Mar/2017:17:05:54 -0300] "GET /cormun/servlet/licenciaspermisos?INS,0,,, HTTP/1.1" 200 7099
186.67.172.234 - - [22/Mar/2017:17:05:57 -0300] "GET /cormun/servlet/licenciaspermisos?170722228ecea17be9688931e9a83dff3707cc0fae2b03de27d22b1e90d6fa543122debe8884965f015d8c021355ed3dc3fe8e8daabd43a11f9f94d818e7017f6b8fb33fd53d1d3ef4a5a9834bcd3d4a,gx-no-cache=1490213222931 HTTP/1.1" 200 66
186.67.172.234 - - [22/Mar/2017:17:05:57 -0300] "POST /cormun/servlet/licenciaspermisos?8f97502394fe3c9b558d8d159a1041af,INS,0,,,,gx-no-cache=1490213223051 HTTP/1.1" 200 4519
186.67.172.234 - - [22/Mar/2017:17:05:57 -0300] "GET /cormun/servlet/licenciaspermisos?170722228ecea17be9688931e9a83dffe1c05f985afdcefea6b8484dc078e25f42f85c8cfea2ddd700b296e5f3ad28df8181bc3810f85e6753fc5bc72012510324150b61b860f07384688d4306ba31b5d249857e6dd7c1ea8e6acbe0d7e5836b747816020820bdcced3deb6f23c6c0981a6ee45c894548a7e231c6126b8df7e36646c622317e9217c418e74a4d46ab33c5b27ceb48c92f00a27724e48514fe0c7551eaa93728bfb4d7ef183ddf33b71a,gx-no-cache=1490213223245 HTTP/1.1" 200 108
186.67.172.234 - - [22/Mar/2017:17:05:57 -0300] "GET /cormun/static/Shared/jqueryui/images/ui-icons_ebccce_256x240.png HTTP/1.1" 404 1089
186.67.172.234 - - [22/Mar/2017:17:05:57 -0300] "GET /cormun/static/Shared/jqueryui/images/ui-icons_82798d_256x240.png HTTP/1.1" 404 1089
186.67.172.234 - - [22/Mar/2017:17:05:57 -0300] "GET /cormun/static/Shared/jqueryui/images/ui-bg_highlight-soft_100_c6c2c8_1x100.png HTTP/1.1" 404 1117
186.67.172.234 - - [22/Mar/2017:17:05:57 -0300] "GET /cormun/static/Shared/jqueryui/images/ui-bg_flat_55_994d53_40x100.png HTTP/1.1" 404 1097
186.67.172.234 - - [22/Mar/2017:17:05:57 -0300] "POST /cormun/servlet/licenciaspermisos?8f97502394fe3c9b558d8d159a1041af,INS,0,,,,gx-no-cache=1490213223314 HTTP/1.1" 200 4601
186.79.155.38 - - [22/Mar/2017:17:06:03 -0300] "GET /cormun/servlet/prfichaempleado?,MD,,gxPopupLevel%3D0%3B HTTP/1.1" 200 8753
186.79.155.38 - - [22/Mar/2017:17:06:03 -0300] "GET /cormun/static/gxcfg.js?2016102420561687 HTTP/1.1" 200 953
186.79.155.38 - - [22/Mar/2017:17:06:03 -0300] "GET /cormun/static/hmpwkw011.js?201731711483558 HTTP/1.1" 304 -
186.79.155.38 - - [22/Mar/2017:17:06:03 -0300] "GET /cormun/static/menusearch.js?201610171694467 HTTP/1.1" 200 1424
186.79.155.38 - - [22/Mar/2017:17:06:03 -0300] "GET /cormun/static/Resources/Spanish/PXTools.css?167811 HTTP/1.1" 200 89042
186.79.155.38 - - [22/Mar/2017:17:06:03 -0300] "GET /cormun/static/prfichaempleado.js?201610242056198 HTTP/1.1" 200 16015
186.67.172.234 - - [22/Mar/2017:17:06:08 -0300] "GET /cormun/servlet/licenciaspermisos?170722228ecea17be9688931e9a83dff68834832738c6e6d0d34cd738cf06b551d0006aace192364b2bf3bbdcfc1309cb84405a08b8ebab88e90d75f95aa841cb492f6ed7f83c26f25b58013506ffd362830e1e87f108f692040f8d4a3e661b49ab7cb7b4f354ca4af77e044d9e27d42d1c2d3228fde5c157749fc6096a78ef71096aa7dab35dc43068eac97955974cb8fb15b256a06ba56166c48d0a8c34c4018e0237bf7f18983fc220017bfbfc23742b0e4598c222d899b31c3f79d99b239f0d397bc0de9f6e64fba1e1b572441634fb808697a3af3eeef48ed0848777f56,gx-no-cache=1490213234363 HTTP/1.1" 200 157
186.67.172.234 - - [22/Mar/2017:17:06:08 -0300] "POST /cormun/servlet/licenciaspermisos?8f97502394fe3c9b558d8d159a1041af,INS,0,,,,gx-no-cache=1490213234422 HTTP/1.1" 200 4527
186.79.155.38 - - [22/Mar/2017:17:06:13 -0300] "POST /cormun/servlet/prfichaempleado?e40cd7ec115bbe300e8640a956b20bdc,,MD,,gxPopupLevel%3D0%3B,gx-no-cache=1490216841254 HTTP/1.1" 200 3410
186.67.172.234 - - [22/Mar/2017:17:06:15 -0300] "GET /cormun/servlet/licenciaspermisos?170722228ecea17be9688931e9a83dff3707cc0fae2b03de27d22b1e90d6fa543122debe8884965f015d8c021355ed3dc3fe8e8daabd43a11f9f94d818e7017f6b8fb33fd53d1d3ef4a5a9834bcd3d4a,gx-no-cache=1490213241746 HTTP/1.1" 200 66
186.67.172.234 - - [22/Mar/2017:17:06:16 -0300] "POST /cormun/servlet/licenciaspermisos?8f97502394fe3c9b558d8d159a1041af,INS,0,,,,gx-no-cache=1490213241797 HTTP/1.1" 200 4515
186.79.155.38 - - [22/Mar/2017:17:06:18 -0300] "GET /cormun/servlet/licenciaspermisos?e467545ee370010c2340762315eeacb672e3c27efed5eb639847fce8e0397107bf7a624993a96c97bb0213f5e005c5ed,gx-no-cache=1490216846154 HTTP/1.1" 200 66
186.79.155.38 - - [22/Mar/2017:17:06:18 -0300] "POST /cormun/servlet/licenciaspermisos?e40cd7ec115bbe300e8640a956b20bdc,INS,0,,,,gx-no-cache=1490216846272 HTTP/1.1" 200 4433
186.67.172.234 - - [22/Mar/2017:17:06:23 -0300] "GET /cormun/servlet/licenciaspermisos?170722228ecea17be9688931e9a83dff68834832738c6e6d0d34cd738cf06b55c934051978ec96bfca0088839b1fb3bcb84405a08b8ebab88e90d75f95aa841cb492f6ed7f83c26f25b58013506ffd362830e1e87f108f692040f8d4a3e661b46ab85a97fd853d36833f71dfb0e97039d1c2d3228fde5c157749fc6096a78ef79f3ef3d24350dfe28d8a3092927940ec128d75683dc812b04beb8a7156c319727c5790d846b9b484b0ff4f3ba06a723c,gx-no-cache=1490213249635 HTTP/1.1" 200 30
186.67.172.234 - - [22/Mar/2017:17:06:23 -0300] "GET /cormun/servlet/licenciaspermisos?170722228ecea17be9688931e9a83dffe1c05f985afdcefea6b8484dc078e25f868942e5cb179d1e508e0ac63cd6b6b68181bc3810f85e6753fc5bc72012510324150b61b860f07384688d4306ba31b5d249857e6dd7c1ea8e6acbe0d7e5836b747816020820bdcced3deb6f23c6c0981a6ee45c894548a7e231c6126b8df7e36646c622317e9217c418e74a4d46ab33c5b27ceb48c92f00a27724e48514fe0c7551eaa93728bfb4d7ef183ddf33b71a,gx-no-cache=1490213249647 HTTP/1.1" 200 29
186.67.172.234 - - [22/Mar/2017:17:06:23 -0300] "POST /cormun/servlet/licenciaspermisos?8f97502394fe3c9b558d8d159a1041af,INS,0,,,,gx-no-cache=1490213249662 HTTP/1.1" 200 93
186.67.172.234 - - [22/Mar/2017:17:06:24 -0300] "GET /cormun/servlet/hpexe_return? HTTP/1.1" 200 1011
186.67.172.234 - - [22/Mar/2017:17:06:24 -0300] "GET /cormun/servlet/trlicencias HTTP/1.1" 200 8319
186.79.155.38 - - [22/Mar/2017:17:06:36 -0300] "GET /cormun/static/menuarrow.gif HTTP/1.1" 404 1015
186.103.159.204 - - [22/Mar/2017:17:07:25 -0300] "GET /cormun/servlet/hpexe_return? HTTP/1.1" 200 986
186.103.159.204 - - [22/Mar/2017:17:07:25 -0300] "GET /cormun/static/gxtimezone.js?85251 HTTP/1.1" 200 5781
186.103.159.204 - - [22/Mar/2017:17:07:25 -0300] "GET /cormun/static/RunJS/RunJS.js HTTP/1.1" 200 288
186.103.159.204 - - [22/Mar/2017:17:07:25 -0300] "GET /cormun/static/gxcfg.js?2016101716175148 HTTP/1.1" 200 953
186.103.159.204 - - [22/Mar/2017:17:07:25 -0300] "GET /cormun/static/messages.spa.js?85251 HTTP/1.1" 200 30736
186.103.159.204 - - [22/Mar/2017:17:07:25 -0300] "GET /cormun/static/hpexe_return.js?2016101716175153 HTTP/1.1" 200 1633
186.103.159.204 - - [22/Mar/2017:17:07:25 -0300] "GET /cormun/static/Resources/Spanish/PXTools.css?167811 HTTP/1.1" 200 89042
186.103.159.204 - - [22/Mar/2017:17:07:25 -0300] "GET /cormun/static/gxgral.js?85251 HTTP/1.1" 200 384558
186.103.159.204 - - [22/Mar/2017:17:07:25 -0300] "GET /cormun/static/Resources/indicator.gif HTTP/1.1" 200 1553
186.103.159.204 - - [22/Mar/2017:17:07:25 -0300] "GET /cormun/servlet/hhome HTTP/1.1" 200 3303
186.103.159.187 - - [22/Mar/2017:17:08:05 -0300] "POST /cormun/servlet/solicitudot?gx-no-cache=1490216948275 HTTP/1.1" 200 122
186.79.155.38 - - [22/Mar/2017:17:09:17 -0300] "GET /cormun/servlet/licenciaspermisos?e467545ee370010c2340762315eeacb6031b364fb35c1a251380159b8744ee407411a5148a893a1ff53a6e82b33c670d568d996d64562452ccae2b508fa90b625081ba6934baf381a43eb8d71bfa7bd8cce9474220911e2339fb3d1d5cb244f446a9e2af707ad23f9a4fbf451cb82a39cab58ddabd5d8eef0b5c968d3d4da804011a3224603faf697aa8081757f9f95fcab7688d4eedbc8810ec0db5c2e49426e9d50f216d9a659e56b0b4731e9e71fa,gx-no-cache=1490217025348 HTTP/1.1" 200 30
186.79.155.38 - - [22/Mar/2017:17:09:17 -0300] "GET /cormun/servlet/licenciaspermisos?e467545ee370010c2340762315eeacb622d25ffae14f00eac3fde1b0e874bc185ff8071754b88f710566a9c91fb3460adb41ac0cb5d4f41e5d2f3af339841301d9c835423d0176e48b2ba882e9f51d80fffaabbc2006d9a4bca00af59ba3fcda952d39fa48107a7a82297ae728733b71de7e038e746e04ca87b37a27b28f957b745a1d4af01be5670232f35509c6749ef0261c4857e3bc8a724112bcfcbe8ea8ed58b9a6aaa60a8a3602a180a8984c36,gx-no-cache=1490217025539 HTTP/1.1" 200 29
186.79.155.38 - - [22/Mar/2017:17:09:17 -0300] "POST /cormun/servlet/licenciaspermisos?e40cd7ec115bbe300e8640a956b20bdc,INS,0,,,,gx-no-cache=1490217025618 HTTP/1.1" 200 93
186.79.155.38 - - [22/Mar/2017:17:09:18 -0300] "GET /cormun/servlet/hpexe_return? HTTP/1.1" 200 1015
186.79.155.38 - - [22/Mar/2017:17:09:18 -0300] "GET /cormun/static/gxcfg.js?2016101716175148 HTTP/1.1" 200 953
186.79.155.38 - - [22/Mar/2017:17:09:18 -0300] "GET /cormun/static/hpexe_return.js?2016101716175153 HTTP/1.1" 200 1633
186.79.155.38 - - [22/Mar/2017:17:09:18 -0300] "GET /cormun/servlet/trlicencias? HTTP/1.1" 200 6587
186.79.155.38 - - [22/Mar/2017:17:09:19 -0300] "GET /cormun/servlet/trlicencias? HTTP/1.1" 200 6582
186.103.159.187 - - [22/Mar/2017:17:09:23 -0300] "POST /cormun/servlet/solicitudot?gx-no-cache=1490217026020 HTTP/1.1" 200 122
186.103.159.187 - - [22/Mar/2017:17:09:24 -0300] "POST /cormun/servlet/solicitudot?gx-no-cache=1490217026094 HTTP/1.1" 200 1274
186.103.159.187 - - [22/Mar/2017:17:09:24 -0300] "POST /cormun/servlet/solicitudot?gx-no-cache=1490217026561 HTTP/1.1" 200 1157
186.103.159.187 - - [22/Mar/2017:17:09:24 -0300] "GET /cormun/servlet/solicitudot?56c2f4de90d354063ced134496bd4afea3f013245ffd5c49256e889a083a157956c53defb93b6fcdce59e03c0140c73cd50d487017d22849e212597c2852636733dfc7a5cb526a6f37095fbdc1069cd6a5862b9252b3f9de68054c9a592fda9c4e329dc551f9364aa6c4a10197593ea59e8237e827b55ab91ae80a1ae30a9a22a23e081e1cf86744b39499fadc8426474c035026bbb279feb8a703a292b147932a3ec3f9c3902f7739f773b871f0d3ee4050d7bdc6344fdbe6530f3a49153f92,gx-no-cache=1490217026735 HTTP/1.1" 200 32
186.103.159.187 - - [22/Mar/2017:17:09:24 -0300] "POST /cormun/servlet/solicitudot?0d87a70cb3a762e6b1048ccca5d6c25a,INS,0,0,,gx-no-cache=1490217026782 HTTP/1.1" 200 11628
186.103.159.187 - - [22/Mar/2017:17:09:51 -0300] "POST /cormun/servlet/solicitudot?0d87a70cb3a762e6b1048ccca5d6c25a,INS,0,0,,gx-no-cache=1490217053749 HTTP/1.1" 200 93
186.103.159.187 - - [22/Mar/2017:17:09:51 -0300] "GET /cormun/servlet/hpexe_return? HTTP/1.1" 200 996
186.103.159.187 - - [22/Mar/2017:17:09:51 -0300] "GET /cormun/static/Resources/Spanish/PXTools.css?167811 HTTP/1.1" 304 -
186.103.159.187 - - [22/Mar/2017:17:09:51 -0300] "GET /cormun/static/gxcfg.js?2016101716175148 HTTP/1.1" 304 -
186.103.159.187 - - [22/Mar/2017:17:09:51 -0300] "GET /cormun/static/hpexe_return.js?2016101716175153 HTTP/1.1" 304 -
186.103.159.187 - - [22/Mar/2017:17:09:52 -0300] "GET /cormun/servlet/trsolicitudot HTTP/1.1" 200 7946
186.103.159.187 - - [22/Mar/2017:17:09:53 -0300] "GET /cormun/servlet/trsolicitudot HTTP/1.1" 200 7942
186.103.159.187 - - [22/Mar/2017:17:09:56 -0300] "GET /cormun/servlet/hlogin HTTP/1.1" 200 1731
186.103.159.46 - - [22/Mar/2017:17:10:19 -0300] "GET /cormun/servlet/trautorizarsolicitud? HTTP/1.1" 200 6916
186.103.159.46 - - [22/Mar/2017:17:10:20 -0300] "GET /cormun/servlet/trautorizarsolicitud? HTTP/1.1" 200 6916
186.103.159.187 - - [22/Mar/2017:17:10:22 -0300] "POST /cormun/servlet/hlogin?0d87a70cb3a762e6b1048ccca5d6c25a,gx-no-cache=1490217085166 HTTP/1.1" 200 90
186.103.159.187 - - [22/Mar/2017:17:10:22 -0300] "GET /cormun/servlet/hpexe_link HTTP/1.1" 200 947
186.103.159.187 - - [22/Mar/2017:17:10:22 -0300] "GET /cormun/servlet/trsolicitudot HTTP/1.1" 200 7944
186.103.159.46 - - [22/Mar/2017:17:10:23 -0300] "GET /cormun/servlet/trlicencias? HTTP/1.1" 200 6880
186.103.159.187 - - [22/Mar/2017:17:10:23 -0300] "GET /cormun/servlet/trsolicitudot HTTP/1.1" 200 7942
186.103.159.46 - - [22/Mar/2017:17:10:24 -0300] "GET /cormun/servlet/trlicencias? HTTP/1.1" 200 6879
186.103.159.46 - - [22/Mar/2017:17:10:29 -0300] "POST /cormun/servlet/trlicencias?36f1bc1478aa00edc23d95fbb99ee2a3,,gx-no-cache=1490213495923 HTTP/1.1" 200 4114
186.103.159.187 - - [22/Mar/2017:17:10:30 -0300] "GET /cormun/servlet/solicitudot?INS,0,0, HTTP/1.1" 200 12535
186.103.159.187 - - [22/Mar/2017:17:10:31 -0300] "GET /cormun/servlet/solicitudot?INS,0,0, HTTP/1.1" 200 12540
186.103.159.46 - - [22/Mar/2017:17:10:36 -0300] "POST /cormun/servlet/trlicencias?36f1bc1478aa00edc23d95fbb99ee2a3,,gx-no-cache=1490213502513 HTTP/1.1" 200 4111
186.103.159.46 - - [22/Mar/2017:17:10:41 -0300] "POST /cormun/servlet/trlicencias?36f1bc1478aa00edc23d95fbb99ee2a3,,gx-no-cache=1490213507613 HTTP/1.1" 200 4112
186.103.159.46 - - [22/Mar/2017:17:10:47 -0300] "POST /cormun/servlet/trlicencias?36f1bc1478aa00edc23d95fbb99ee2a3,,gx-no-cache=1490213513791 HTTP/1.1" 200 4113
186.103.159.46 - - [22/Mar/2017:17:10:51 -0300] "POST /cormun/servlet/trlicencias?36f1bc1478aa00edc23d95fbb99ee2a3,,gx-no-cache=1490213517393 HTTP/1.1" 200 4112
186.103.159.230 - - [22/Mar/2017:17:11:37 -0300] "GET /cormun/servlet/solicitudot?545957c5539bf0e7c9511221e819a817546ce4cd2c8ba1146727b0888fc82e8267094551c123c0864e35994bf9755c4b,gx-no-cache=1490213564315 HTTP/1.1" 200 30
186.103.159.230 - - [22/Mar/2017:17:11:37 -0300] "POST /cormun/servlet/solicitudot?gx-no-cache=1490213564529 HTTP/1.1" 200 255
186.103.159.230 - - [22/Mar/2017:17:11:37 -0300] "GET /cormun/servlet/solicitudot?545957c5539bf0e7c9511221e819a817182f9249b54859daae00f82541659b7f58ee831b089fb4608512929d5b680ef1d9607a4698628198bf7f45e62a874b425647c7cac29677b5f8defec9777aeb614ec461f62bd71cbbccc75a5e4bd7d0eb57c487bb706b6db7848f8fda704267299b99132d0e9bcd5e3c2037ea899191497225f0ec39626e757431d6b7a31f56c131cd4007fc92c85b88ae3af8b55e8a2b26250b8745b9151bb787a2eb5b07210ae346e28b12c63faffd04691078ef84dc56be6179488963bacda8a4817599a4408d0daa46489674b0a2ae2c746d1e24e1b60058b1a30ec93175db38b79a8cc71a589b66f1295a3ea7c11287077bb2929eaf0bcb0a81fcb3b6cf67cb98cd420e11daa8293a4d362b10f78e6b9dd45e1bea387502e2474bedb54121a3631b9b6e7d4ed88284ff6de257651df7adb84f711143da5d1c18310fb38845b77fcb3025e63d604307915aa740280ed35546b54777ef2d2fe7eed5f1de775317230fc9291539c3ee89418bc6a70367a5df82889b6c,gx-no-cache=1490213564567 HTTP/1.1" 200 30
186.103.159.230 - - [22/Mar/2017:17:11:39 -0300] "POST /cormun/servlet/solicitudot?gx-no-cache=1490213566786 HTTP/1.1" 200 30
186.103.159.230 - - [22/Mar/2017:17:11:42 -0300] "POST /cormun/servlet/solicitudot?gx-no-cache=1490213569594 HTTP/1.1" 200 1291
186.103.159.230 - - [22/Mar/2017:17:11:42 -0300] "POST /cormun/servlet/solicitudot?gx-no-cache=1490213569664 HTTP/1.1" 200 38
186.103.159.230 - - [22/Mar/2017:17:11:55 -0300] "GET /cormun/servlet/solicitudot?545957c5539bf0e7c9511221e819a817c385fac35450e7e1c46d1b1782642d42b0e335a067cf4b5259074984320d2f0dac86c4a27fdab3fdb71284e00c54229d1a81859acd88516d42b8d221f86b7c72c5fee1656186c7b19e0b54175a0631762d2dc07255b5834308e3679d8ea10bb53afde56b0b95871d2885faf6743e0ff3c82fe1cabc57f8ec91491d763f4dae491aef408b30abf6d6dbc23b5d1295db5d,gx-no-cache=1490213582777 HTTP/1.1" 200 29
186.103.159.230 - - [22/Mar/2017:17:11:55 -0300] "POST /cormun/servlet/solicitudot?gx-no-cache=1490213582809 HTTP/1.1" 200 1273
186.103.159.230 - - [22/Mar/2017:17:11:55 -0300] "POST /cormun/servlet/solicitudot?gx-no-cache=1490213582858 HTTP/1.1" 200 1157
186.103.159.230 - - [22/Mar/2017:17:12:07 -0300] "GET /cormun/static/menuarrow.gif HTTP/1.1" 404 1015
186.103.159.230 - - [22/Mar/2017:17:12:25 -0300] "GET /cormun/servlet/solicitudot?545957c5539bf0e7c9511221e819a817401b3f8ab43d8a6905ed02e8942148d2ed2ef8b25eb10c2ff27d69a03ad67e8d056dff7a2b1dfc4a8dd564d2ff8f4e119aef2dab3c343e3b07904b3a058d12f7b819f62bff6c47b6a405ea2afcf102e46afe6a517b87e530b5e87c7327728d57da7a64be6980f7af6fe115ffcc5ec548ecaf74269a582a6cffa8fdc225877c77266d1eae7a78d9ab92c04c93758f3abf54681c50508044c9b9e5dfee1325b66b,gx-no-cache=1490213611991 HTTP/1.1" 200 30
186.103.159.230 - - [22/Mar/2017:17:12:44 -0300] "POST /cormun/servlet/solicitudot?ba751aae36b987eb11e01464f7021f39,INS,0,0,,gx-no-cache=1490213631327 HTTP/1.1" 200 93
186.103.159.230 - - [22/Mar/2017:17:12:44 -0300] "GET /cormun/servlet/hpexe_return? HTTP/1.1" 200 1003
186.103.159.230 - - [22/Mar/2017:17:12:44 -0300] "GET /cormun/servlet/trsolicitudot HTTP/1.1" 200 8229
186.103.159.230 - - [22/Mar/2017:17:12:45 -0300] "GET /cormun/servlet/trsolicitudot HTTP/1.1" 200 8224
