200.111.191.210 - - [22/Mar/2017:11:02:23 -0300] "GET /cormun/servlet/hlogin HTTP/1.1" 200 1740
200.111.191.210 - - [22/Mar/2017:11:02:23 -0300] "GET /cormun/servlet/trsolicitudot? HTTP/1.1" 200 6048
200.111.191.210 - - [22/Mar/2017:11:02:27 -0300] "POST /cormun/servlet/hlogin?d994605a9b5c393d48a707c0ed53c932,gx-no-cache=1490194924996 HTTP/1.1" 200 90
200.111.191.210 - - [22/Mar/2017:11:02:27 -0300] "GET /cormun/servlet/hpexe_link HTTP/1.1" 200 953
200.111.191.210 - - [22/Mar/2017:11:02:27 -0300] "GET /cormun/servlet/trsolicitudot HTTP/1.1" 200 6487
200.111.191.210 - - [22/Mar/2017:11:02:28 -0300] "GET /cormun/servlet/trsolicitudot HTTP/1.1" 200 6485
192.168.10.96 - - [22/Mar/2017:11:02:29 -0300] "GET /cormun/PublicTempStorage/cv_blanca_sanchez4627727.jpg HTTP/1.1" 200 730658
200.111.191.210 - - [22/Mar/2017:11:02:31 -0300] "GET /cormun/servlet/trlicencias? HTTP/1.1" 200 6571
200.111.191.210 - - [22/Mar/2017:11:02:32 -0300] "GET /cormun/servlet/trlicencias? HTTP/1.1" 200 6570
200.111.191.210 - - [22/Mar/2017:11:02:34 -0300] "GET /cormun/servlet/licenciaspermisos?INS,0,,, HTTP/1.1" 200 7098
200.111.191.210 - - [22/Mar/2017:11:02:34 -0300] "GET /cormun/servlet/licenciaspermisos?INS,0,,, HTTP/1.1" 200 7097
200.111.191.210 - - [22/Mar/2017:11:02:40 -0300] "GET /cormun/servlet/licenciaspermisos?59b12bc4679a11e963ea27006aac2c579c266d928e896d7dbb535ae5fa40c050e50ec3153440aa888252170681a0e7f9,gx-no-cache=1490194937598 HTTP/1.1" 200 69
200.111.191.210 - - [22/Mar/2017:11:02:41 -0300] "POST /cormun/servlet/licenciaspermisos?d994605a9b5c393d48a707c0ed53c932,INS,0,,,,gx-no-cache=1490194937661 HTTP/1.1" 200 4412
186.103.159.44 - - [22/Mar/2017:11:03:06 -0300] "GET /cormun/servlet/hlogin HTTP/1.1" 200 1729
200.111.191.210 - - [22/Mar/2017:11:03:27 -0300] "GET /cormun/servlet/licenciaspermisos?59b12bc4679a11e963ea27006aac2c578fcd95931af3ec682d8a0b2b03ab74d13a986d447c7e56f5ac5033c6c854ee4f5f1e8d542d473f228f9035610e8556ae08d04ed65c666e7950ef780e094648e068f40dd447375e4efcb3f1989509ade9d074ed35a6ad16058f18beda2fe0d64b0639eaaa3eb27f171353ea5330d690e34fa1e87a3ce7395484bee51bf487e79ab9733ee85f73e910eb3c65be2565ecccf5e7304de2436c5e634aaa528accacb6,gx-no-cache=1490194984949 HTTP/1.1" 200 30
200.111.191.210 - - [22/Mar/2017:11:03:27 -0300] "GET /cormun/servlet/licenciaspermisos?59b12bc4679a11e963ea27006aac2c574f9410c25e2c0b46a80b6dd14cfe632c3ef2657f96154394146c7cc94d6caea1291ccd626826ed90e821e446b34ebc5d79ff2241c8faabe9f62707b77775881b513ec0199871e2419836b25dc6299f1cca9b45875d6d97f1f1944ec74befbe44f61b44c2672ff7ff501a2bc1e5a07ccdb3d4ea04d3c58b89bdefb700832b810dc272fcc22b2d21d0873bc6ffb5320126f545c0787d0656766c76914c0b217ef4,gx-no-cache=1490194985034 HTTP/1.1" 200 29
200.111.191.210 - - [22/Mar/2017:11:03:28 -0300] "POST /cormun/servlet/licenciaspermisos?d994605a9b5c393d48a707c0ed53c932,INS,0,,,,gx-no-cache=1490194985074 HTTP/1.1" 500 10
186.103.159.44 - - [22/Mar/2017:11:04:10 -0300] "GET /cormun/servlet/hlogin HTTP/1.1" 200 1727
186.103.156.24 - - [22/Mar/2017:11:05:00 -0300] "GET /cormun/servlet/hlogin HTTP/1.1" 200 1719
186.103.156.24 - - [22/Mar/2017:11:05:16 -0300] "POST /cormun/servlet/hlogin?2754dc2bd8f23945af35d572bfc9c4d8,gx-no-cache=1490191592386 HTTP/1.1" 200 425
186.103.156.24 - - [22/Mar/2017:11:05:26 -0300] "POST /cormun/servlet/hlogin?2754dc2bd8f23945af35d572bfc9c4d8,gx-no-cache=1490191603507 HTTP/1.1" 200 423
186.103.156.24 - - [22/Mar/2017:11:05:27 -0300] "POST /cormun/servlet/hlogin?2754dc2bd8f23945af35d572bfc9c4d8,gx-no-cache=1490191604663 HTTP/1.1" 200 423
186.103.156.24 - - [22/Mar/2017:11:05:34 -0300] "POST /cormun/servlet/hlogin?2754dc2bd8f23945af35d572bfc9c4d8,gx-no-cache=1490191612186 HTTP/1.1" 200 90
186.103.156.24 - - [22/Mar/2017:11:05:34 -0300] "GET /cormun/servlet/hpexe_link HTTP/1.1" 200 950
186.103.156.24 - - [22/Mar/2017:11:05:34 -0300] "GET /cormun/static/gxcfg.js?201731711483381 HTTP/1.1" 304 -
186.103.156.24 - - [22/Mar/2017:11:05:34 -0300] "GET /cormun/static/hpexe_link.js?201731711483384 HTTP/1.1" 304 -
186.103.156.24 - - [22/Mar/2017:11:05:34 -0300] "GET /cormun/servlet/hhome HTTP/1.1" 200 3981
186.103.156.24 - - [22/Mar/2017:11:05:34 -0300] "GET /cormun/static/gxcfg.js?201731711483497 HTTP/1.1" 304 -
186.103.156.24 - - [22/Mar/2017:11:05:34 -0300] "GET /cormun/static/hhome.js?20173171148352 HTTP/1.1" 304 -
186.103.156.24 - - [22/Mar/2017:11:05:35 -0300] "GET /cormun/static/hpexe_recentlink.js?201610171694390 HTTP/1.1" 304 -
186.103.156.24 - - [22/Mar/2017:11:05:35 -0300] "GET /cormun/static/hwchdr01.js?201731711335950 HTTP/1.1" 304 -
186.103.156.24 - - [22/Mar/2017:11:05:35 -0300] "GET /cormun/static/hpexe_scripts.js?201731711335890 HTTP/1.1" 304 -
186.103.156.24 - - [22/Mar/2017:11:05:35 -0300] "GET /cormun/static/hpexe_messagecontroller.js?201610171694323 HTTP/1.1" 304 -
186.103.156.24 - - [22/Mar/2017:11:05:35 -0300] "GET /cormun/static/hpexe_messagegenexuscomponent.js?201731711335537 HTTP/1.1" 304 -
186.103.156.24 - - [22/Mar/2017:11:05:35 -0300] "GET /cormun/static/hpexe_messagepopupcomponent.js?20161017169425 HTTP/1.1" 304 -
186.103.156.24 - - [22/Mar/2017:11:05:35 -0300] "GET /cormun/static/cmcontrolpreferences.js?201731711335852 HTTP/1.1" 304 -
186.103.156.24 - - [22/Mar/2017:11:05:35 -0300] "GET /cormun/static/hmpwkw03.js?201731711485354 HTTP/1.1" 304 -
186.103.156.24 - - [22/Mar/2017:11:05:35 -0300] "GET /cormun/servlet/hhome HTTP/1.1" 200 3977
186.103.156.24 - - [22/Mar/2017:11:05:40 -0300] "GET /cormun/servlet/trlicencias? HTTP/1.1" 200 6847
186.103.156.24 - - [22/Mar/2017:11:05:40 -0300] "GET /cormun/static/gxcfg.js?2016122619301429 HTTP/1.1" 304 -
186.103.156.24 - - [22/Mar/2017:11:05:40 -0300] "GET /cormun/static/Resources/Spanish/PXTools.css?18365030 HTTP/1.1" 304 -
186.103.156.24 - - [22/Mar/2017:11:05:40 -0300] "GET /cormun/static/calendar.js?85251 HTTP/1.1" 304 -
186.103.156.24 - - [22/Mar/2017:11:05:40 -0300] "GET /cormun/static/calendar-es.js?85251 HTTP/1.1" 304 -
186.103.156.24 - - [22/Mar/2017:11:05:40 -0300] "GET /cormun/static/calendar-setup.js?85251 HTTP/1.1" 304 -
186.103.156.24 - - [22/Mar/2017:11:05:40 -0300] "GET /cormun/static/gxdec.js?85251 HTTP/1.1" 304 -
186.103.156.24 - - [22/Mar/2017:11:05:41 -0300] "GET /cormun/static/trlicencias.js?2016122619301919 HTTP/1.1" 304 -
186.103.156.24 - - [22/Mar/2017:11:05:41 -0300] "GET /cormun/servlet/trlicencias? HTTP/1.1" 200 6846
186.103.156.24 - - [22/Mar/2017:11:05:47 -0300] "GET /cormun/servlet/licenciaspermisos?INS,0,,, HTTP/1.1" 200 7366
186.103.156.24 - - [22/Mar/2017:11:05:47 -0300] "GET /cormun/static/gxcfg.js?201731711384427 HTTP/1.1" 304 -
186.103.156.24 - - [22/Mar/2017:11:05:47 -0300] "GET /cormun/static/licenciaspermisos.js?201731711384498 HTTP/1.1" 304 -
186.103.156.24 - - [22/Mar/2017:11:05:47 -0300] "GET /cormun/servlet/licenciaspermisos?INS,0,,, HTTP/1.1" 200 7366
186.103.156.24 - - [22/Mar/2017:11:05:56 -0300] "GET /cormun/servlet/prfichaempleado?,MD,,gxPopupLevel%3D0%3B HTTP/1.1" 200 8847
186.103.156.24 - - [22/Mar/2017:11:05:56 -0300] "GET /cormun/static/Resources/Spanish/PXTools.css?167811 HTTP/1.1" 304 -
186.103.156.24 - - [22/Mar/2017:11:05:56 -0300] "GET /cormun/static/gxcfg.js?2016102420561687 HTTP/1.1" 304 -
186.103.156.24 - - [22/Mar/2017:11:05:56 -0300] "GET /cormun/static/menusearch.js?201610171694467 HTTP/1.1" 304 -
186.103.156.24 - - [22/Mar/2017:11:05:56 -0300] "GET /cormun/static/prfichaempleado.js?201610242056198 HTTP/1.1" 304 -
186.103.156.24 - - [22/Mar/2017:11:05:56 -0300] "GET /cormun/static/hmpwkw011.js?201731711483558 HTTP/1.1" 304 -
186.103.156.24 - - [22/Mar/2017:11:06:05 -0300] "POST /cormun/servlet/prfichaempleado?2754dc2bd8f23945af35d572bfc9c4d8,,MD,,gxPopupLevel%3D0%3B,gx-no-cache=1490191643995 HTTP/1.1" 200 3407
186.103.156.24 - - [22/Mar/2017:11:06:08 -0300] "GET /cormun/servlet/licenciaspermisos?9cd66768bba0ea09b0e28dd8f7146d97bbf59ae22024afb9f3912fa77b954caef204a52fd742b17145bf4ccf2282d9b9,gx-no-cache=1490191647707 HTTP/1.1" 200 63
186.103.156.24 - - [22/Mar/2017:11:06:08 -0300] "POST /cormun/servlet/licenciaspermisos?2754dc2bd8f23945af35d572bfc9c4d8,INS,0,,,,gx-no-cache=1490191647764 HTTP/1.1" 200 4615
192.168.10.62 - - [22/Mar/2017:11:07:01 -0300] "POST /cormun/servlet/trsolicitudgral?269d127010653efc92c7381c4e32d2d1,,gx-no-cache=1490194901768 HTTP/1.1" 200 105
192.168.10.62 - - [22/Mar/2017:11:07:01 -0300] "POST /cormun/servlet/trsolicitudgral?269d127010653efc92c7381c4e32d2d1,,gx-no-cache=1490194901969 HTTP/1.1" 200 9925
192.168.10.62 - - [22/Mar/2017:11:07:02 -0300] "GET /cormun/SolicitudGral-7302.xls HTTP/1.1" 200 10240
186.103.159.44 - - [22/Mar/2017:11:07:05 -0300] "POST /cormun/servlet/hlogin?8ffe37cf1026298f7841cf276033ee0b,gx-no-cache=1490191688200 HTTP/1.1" 200 90
186.103.159.44 - - [22/Mar/2017:11:07:05 -0300] "GET /cormun/servlet/hpexe_link HTTP/1.1" 200 956
186.103.159.44 - - [22/Mar/2017:11:07:06 -0300] "GET /cormun/servlet/hhome HTTP/1.1" 200 3773
186.103.159.44 - - [22/Mar/2017:11:07:10 -0300] "GET /cormun/servlet/trsolicitudot? HTTP/1.1" 200 10140
186.103.159.44 - - [22/Mar/2017:11:07:15 -0300] "GET /cormun/servlet/solicitudot?INS,0,0, HTTP/1.1" 200 12579
186.103.156.24 - - [22/Mar/2017:11:07:33 -0300] "GET /cormun/servlet/licenciaspermisos?9cd66768bba0ea09b0e28dd8f7146d9782f087fe5bd81638f5843552dbb936f663841906e9ed0c499f9af67f45ccbe6103f95595244d2243c217993e39063f13f0638d773ecdb63a8a5ec1080c6a80002804b7b6df41078cbbcaae6f10f7abc0f80a4469cdba87203c2dce40ae9d3d705495b254a623a5eaaa1e8f08781fb9fc6a5e1068b5b64a7198879abe33b9d4317d4e46ebbd43024100c6b8356b34fee6080367b9badb3cb89230987e050c899b,gx-no-cache=1490191742411 HTTP/1.1" 200 30
186.103.156.24 - - [22/Mar/2017:11:07:33 -0300] "GET /cormun/servlet/licenciaspermisos?9cd66768bba0ea09b0e28dd8f7146d97f164b1706d75f2bde7af367e61ef309ed3709dabb100792d11fa419fb2291e565c19d40dcfc5cd8dd5b5481954e5d36755027c43912ddfd22c136c1e4bcc06f06cb610d8d7c7fce8c930026f33add151d5a04381c656ac286406c23f4ac480a56dd893f894d8aadcad7c245f73ce7b409a24a866c186a1393b1c2f751a8df113afb53582283a7fcd3fe72e0a27d121e75866aff929bc1faa028c665a3270e96f,gx-no-cache=1490191742501 HTTP/1.1" 200 29
186.103.156.24 - - [22/Mar/2017:11:07:33 -0300] "POST /cormun/servlet/licenciaspermisos?2754dc2bd8f23945af35d572bfc9c4d8,INS,0,,,,gx-no-cache=1490191742558 HTTP/1.1" 200 93
186.103.156.24 - - [22/Mar/2017:11:07:33 -0300] "GET /cormun/servlet/hpexe_return? HTTP/1.1" 200 1009
186.103.156.24 - - [22/Mar/2017:11:07:33 -0300] "GET /cormun/static/gxcfg.js?2016101716175148 HTTP/1.1" 304 -
186.103.156.24 - - [22/Mar/2017:11:07:34 -0300] "GET /cormun/static/hpexe_return.js?2016101716175153 HTTP/1.1" 304 -
186.103.156.24 - - [22/Mar/2017:11:07:34 -0300] "GET /cormun/servlet/trlicencias HTTP/1.1" 200 8015
186.103.156.24 - - [22/Mar/2017:11:07:35 -0300] "GET /cormun/servlet/trlicencias HTTP/1.1" 200 8011
186.103.156.24 - - [22/Mar/2017:11:07:41 -0300] "GET /cormun/servlet/trlicenciaspermisosadjuntos?16816675,20170322000000,L, HTTP/1.1" 200 6331
186.103.156.24 - - [22/Mar/2017:11:07:41 -0300] "GET /cormun/static/gxcfg.js?20173171154619 HTTP/1.1" 304 -
186.103.156.24 - - [22/Mar/2017:11:07:41 -0300] "GET /cormun/static/trlicenciaspermisosadjuntos.js?20173171154971 HTTP/1.1" 304 -
186.103.159.44 - - [22/Mar/2017:11:07:42 -0300] "POST /cormun/servlet/solicitudot?gx-no-cache=1490191724548 HTTP/1.1" 200 3081
186.103.156.24 - - [22/Mar/2017:11:07:42 -0300] "GET /cormun/servlet/trlicenciaspermisosadjuntos?16816675,20170322000000,L, HTTP/1.1" 200 6332
186.103.159.44 - - [22/Mar/2017:11:07:43 -0300] "POST /cormun/servlet/solicitudot?8ffe37cf1026298f7841cf276033ee0b,INS,0,0,,gx-no-cache=1490191725498 HTTP/1.1" 200 9681
192.168.10.96 - - [22/Mar/2017:11:07:44 -0300] "GET /cormun/servlet/vesolicitudnombre?2017,5071,,SolicitudOTAdjuntos HTTP/1.1" 200 10160
192.168.10.96 - - [22/Mar/2017:11:07:45 -0300] "GET /cormun/servlet/vesolicitudnombre?2017,5071,,SolicitudOTAdjuntos HTTP/1.1" 200 10163
192.168.10.96 - - [22/Mar/2017:11:07:45 -0300] "POST /cormun/servlet/acontrolpreferencessavestate?None,DZAMUDIO,true HTTP/1.1" 200 35
186.103.159.44 - - [22/Mar/2017:11:07:51 -0300] "GET /cormun/servlet/solicitudot?600c0a83451e46965af226b2e97ec98dc88df718c8b7089f8e861d52f1cc5c5624ac2f9f0bfa49f89453906e3a9f476a,gx-no-cache=1490191734194 HTTP/1.1" 200 30
186.103.156.24 - - [22/Mar/2017:11:07:55 -0300] "GET /cormun/servlet/licenciaspermisosadjuntos?INS,16816675,L,20170322000000,, HTTP/1.1" 200 5626
186.103.156.24 - - [22/Mar/2017:11:07:55 -0300] "GET /cormun/static/gxcfg.js?201731711421170 HTTP/1.1" 304 -
186.103.156.24 - - [22/Mar/2017:11:07:55 -0300] "GET /cormun/static/licenciaspermisosadjuntos.js?201731711421181 HTTP/1.1" 304 -
186.103.156.24 - - [22/Mar/2017:11:07:55 -0300] "GET /cormun/static/about:blank HTTP/1.1" 404 1011
186.103.156.24 - - [22/Mar/2017:11:07:56 -0300] "GET /cormun/servlet/licenciaspermisosadjuntos?INS,16816675,L,20170322000000,, HTTP/1.1" 200 5615
186.103.157.235 - - [22/Mar/2017:11:08:36 -0300] "GET /cormun/servlet/trvisualizadoreventos? HTTP/1.1" 200 5849
186.103.157.235 - - [22/Mar/2017:11:08:36 -0300] "GET /cormun/static/gxcfg.js?201731711523419 HTTP/1.1" 200 953
186.103.157.235 - - [22/Mar/2017:11:08:37 -0300] "GET /cormun/static/trvisualizadoreventos.js?20173171152387 HTTP/1.1" 200 19309
186.103.157.235 - - [22/Mar/2017:11:08:37 -0300] "GET /cormun/static/Resources/PXToolsActionPrint.png HTTP/1.1" 200 3317
186.103.157.235 - - [22/Mar/2017:11:08:38 -0300] "GET /cormun/servlet/trvisualizadoreventos? HTTP/1.1" 200 5841
186.103.157.235 - - [22/Mar/2017:11:08:38 -0300] "GET /cormun/servlet/hlogin HTTP/1.1" 200 1744
200.54.247.69 - - [22/Mar/2017:11:09:01 -0300] "POST /cormun/servlet/solicitudot?gx-no-cache=1490191809150 HTTP/1.1" 200 3081
200.54.247.69 - - [22/Mar/2017:11:09:01 -0300] "POST /cormun/servlet/solicitudot?7ea028641f2e4cf443d4a0ac42d3cd14,INS,0,0,,gx-no-cache=1490191809582 HTTP/1.1" 200 9870
200.54.247.69 - - [22/Mar/2017:11:09:06 -0300] "GET /cormun/servlet/solicitudot?cbb770e1ace0773c7c1a306815fbc7b66d0536010384ef8ae7abdf73801673b5c84cc667d6f4380e06d81d6ed976cfca,gx-no-cache=1490191813985 HTTP/1.1" 200 30
186.103.159.44 - - [22/Mar/2017:11:09:54 -0300] "POST /cormun/servlet/solicitudot?gx-no-cache=1490191857731 HTTP/1.1" 200 297
186.103.159.44 - - [22/Mar/2017:11:09:55 -0300] "GET /cormun/servlet/solicitudot?600c0a83451e46965af226b2e97ec98d5197ed1fed18a80aabe07a41b8b87f859198adb4fc05e70846312a5ea7e085d4953d3804e6797a3a8b6b04948c60bf01b89b3fba3c231a0de407ec47ad929bafe28bcd1835b7fc64b37faf5cc3b8ced7df65e755e3a6ff41a28ba50c2450f1b03ac20fdac65e40dfc58ef6540a64d3f464e0eb101fbdd9ad80b9767db6f7eb2bc51f7dbacda4f506edb08da545c7df849e1f9bdb63ea82c817f4d3a5977778293e72d388797aa6c9ef9ae1dac4a2d685a09c75b0c3fc0295673278a526d7213875debda3950cf61efbc1fb0aa59fb5a66de09b22e2c8bc38aea8fe79a8e53ae25ef4da7e6d4bf6e8a1b59721024087fc9cc80e463f398f575a88826b67efd65b5bc206f48bdbf00178d863acaf3aeae942ca6494988b8a03ad8e9b0625f869ba9b46ac8caddd73fb70fec12a146045276bfa1477a5cb684f2765d1811d014ffe5f5492ccf6da544caafd9f66173f12ecd2ee920104981bbbeee39bf20e0c4ef1a4745b9350d94e31dc7d1ff89e878e71deceed2ff4b32b334487e5b3dba1b41f,gx-no-cache=1490191857875 HTTP/1.1" 200 30
186.103.159.44 - - [22/Mar/2017:11:09:57 -0300] "POST /cormun/servlet/solicitudot?gx-no-cache=1490191860837 HTTP/1.1" 200 30
186.103.159.44 - - [22/Mar/2017:11:10:00 -0300] "POST /cormun/servlet/solicitudot?gx-no-cache=1490191862981 HTTP/1.1" 200 235
186.103.159.44 - - [22/Mar/2017:11:10:00 -0300] "POST /cormun/servlet/solicitudot?gx-no-cache=1490191863106 HTTP/1.1" 200 38
186.103.159.44 - - [22/Mar/2017:11:10:07 -0300] "GET /cormun/servlet/solicitudot?600c0a83451e46965af226b2e97ec98d0d200a8de30fcc075ed0b002d6d0c62f16a056664eddb910cd14a9d0b6372612c068f9c4a09696f5523b53568d1b1809f10090a1508a7b16c5fce39b33f41185c4e9b5ec94728d118270c6d5c85115de87b7faf1ee189da2e074fd7dc310fbe8,gx-no-cache=1490191870660 HTTP/1.1" 200 29
186.103.159.44 - - [22/Mar/2017:11:10:08 -0300] "POST /cormun/servlet/solicitudot?gx-no-cache=1490191871041 HTTP/1.1" 200 643
186.103.159.44 - - [22/Mar/2017:11:10:09 -0300] "POST /cormun/servlet/solicitudot?gx-no-cache=1490191872565 HTTP/1.1" 200 1157
186.103.159.44 - - [22/Mar/2017:11:10:22 -0300] "GET /cormun/static/menuarrow.gif HTTP/1.1" 404 1015
186.103.159.44 - - [22/Mar/2017:11:10:33 -0300] "GET /cormun/servlet/solicitudot?600c0a83451e46965af226b2e97ec98da8a550d3be0ecf0b04315ff8100397613b8f69dc18a9b6ec4579cd90362ec071cf9572709088837e69e5bc26f0c00b8311030ea182c216ee76e23b07f20dd1f63730809c5816289a4e61fd6f0dbd8027a29dea880212d97eed5b1cdf97cafca178968d674e4752e61e764b788ed95cfe967df8f036c6bf25e466004358f24ef25a6206dc98bdd2e9943b58b75035b183f8288ddc035a0e09af290dded863668f,gx-no-cache=1490191895899 HTTP/1.1" 200 30
186.103.159.44 - - [22/Mar/2017:11:10:43 -0300] "POST /cormun/servlet/solicitudot?8ffe37cf1026298f7841cf276033ee0b,INS,0,0,,gx-no-cache=1490191905406 HTTP/1.1" 200 93
186.103.159.44 - - [22/Mar/2017:11:10:43 -0300] "GET /cormun/servlet/hpexe_return? HTTP/1.1" 200 1010
186.103.159.44 - - [22/Mar/2017:11:10:43 -0300] "GET /cormun/servlet/trsolicitudot HTTP/1.1" 200 10475
186.103.159.230 - - [22/Mar/2017:11:10:49 -0300] "POST /cormun/servlet/hlogin?5ef3b7987a5d04f77ca42a2a86f7f44e,gx-no-cache=1490191920505 HTTP/1.1" 200 90
186.103.159.230 - - [22/Mar/2017:11:10:49 -0300] "GET /cormun/servlet/hpexe_link HTTP/1.1" 200 952
186.103.159.230 - - [22/Mar/2017:11:10:49 -0300] "GET /cormun/static/gxcfg.js?201731711483381 HTTP/1.1" 200 953
186.103.159.230 - - [22/Mar/2017:11:10:49 -0300] "GET /cormun/static/hpexe_link.js?201731711483384 HTTP/1.1" 200 625
186.103.159.230 - - [22/Mar/2017:11:10:49 -0300] "GET /cormun/servlet/hhome HTTP/1.1" 200 3969
186.103.159.230 - - [22/Mar/2017:11:10:49 -0300] "GET /cormun/static/gxcfg.js?201731711483497 HTTP/1.1" 200 953
186.103.159.230 - - [22/Mar/2017:11:10:49 -0300] "GET /cormun/static/Shared/jqueryui/jquery-ui.min.css?1245370 HTTP/1.1" 200 30288
186.103.159.230 - - [22/Mar/2017:11:10:49 -0300] "GET /cormun/static/PXToolsJavascripts/pexe_autoreload.js HTTP/1.1" 200 1762
186.103.159.230 - - [22/Mar/2017:11:10:49 -0300] "GET /cormun/static/scaMessage/css/jquery.pnotify.default.css?1716380 HTTP/1.1" 200 1707
186.103.159.230 - - [22/Mar/2017:11:10:49 -0300] "GET /cormun/static/SmoothNavMenu/resources/ddsmoothmenu.css?1012540 HTTP/1.1" 200 2223
186.103.159.230 - - [22/Mar/2017:11:10:49 -0300] "GET /cormun/static/PXToolsJavascripts/pexe_cookies.js HTTP/1.1" 200 792
186.103.159.230 - - [22/Mar/2017:11:10:49 -0300] "GET /cormun/static/SmoothNavMenu/resources/ddsmoothmenu-v.css?1012540 HTTP/1.1" 200 1188
186.103.159.230 - - [22/Mar/2017:11:10:49 -0300] "GET /cormun/static/PXToolsJavascripts/pexe_grid.js HTTP/1.1" 200 7559
186.103.159.230 - - [22/Mar/2017:11:10:49 -0300] "GET /cormun/static/PXToolsJavascripts/pexe_griddivfix.js HTTP/1.1" 200 6644
186.103.159.230 - - [22/Mar/2017:11:10:49 -0300] "GET /cormun/static/PXToolsJavascripts/pexe_windows.js HTTP/1.1" 200 15207
186.103.159.230 - - [22/Mar/2017:11:10:49 -0300] "GET /cormun/static/PXToolsJavascripts/pexe_menudivfix.js HTTP/1.1" 200 333
186.103.159.230 - - [22/Mar/2017:11:10:49 -0300] "GET /cormun/static/PXToolsJavascripts/pexe_link.js HTTP/1.1" 200 5671
186.103.159.230 - - [22/Mar/2017:11:10:49 -0300] "GET /cormun/static/PXToolsJavascripts/pexe_menus.js HTTP/1.1" 200 1286
186.103.159.230 - - [22/Mar/2017:11:10:49 -0300] "GET /cormun/static/PXToolsJavascripts/pexe_layers.js HTTP/1.1" 200 4114
186.103.159.230 - - [22/Mar/2017:11:10:49 -0300] "GET /cormun/static/PXToolsJavascripts/pexe_oav.js HTTP/1.1" 200 645
186.103.159.230 - - [22/Mar/2017:11:10:49 -0300] "GET /cormun/static/PXToolsJavascripts/pexe_oavdivfix.js HTTP/1.1" 200 639
186.103.159.230 - - [22/Mar/2017:11:10:49 -0300] "GET /cormun/static/PXToolsJavascripts/pexe_picture.js HTTP/1.1" 200 689
186.103.159.230 - - [22/Mar/2017:11:10:49 -0300] "GET /cormun/static/PXToolsJavascripts/pexe_popup.js HTTP/1.1" 200 13458
186.103.159.230 - - [22/Mar/2017:11:10:49 -0300] "GET /cormun/static/PXToolsJavascripts/pexe_scrolldiv.js HTTP/1.1" 200 4138
186.103.159.230 - - [22/Mar/2017:11:10:49 -0300] "GET /cormun/static/PXToolsJavascripts/pexe_tabdivfix.js HTTP/1.1" 200 876
186.103.159.230 - - [22/Mar/2017:11:10:49 -0300] "GET /cormun/static/PXToolsJavascripts/pexe_upload.js HTTP/1.1" 200 1423
186.103.159.230 - - [22/Mar/2017:11:10:49 -0300] "GET /cormun/static/PXToolsJavascripts/PXToolsJavascriptsRender.js HTTP/1.1" 200 367
186.103.159.230 - - [22/Mar/2017:11:10:49 -0300] "GET /cormun/static/PXToolsJavascripts/pexe_tabs.js HTTP/1.1" 200 3748
186.103.159.230 - - [22/Mar/2017:11:10:49 -0300] "GET /cormun/static/RunJS/RunJS.js HTTP/1.1" 200 288
186.103.159.230 - - [22/Mar/2017:11:10:49 -0300] "GET /cormun/static/hhome.js?20173171148352 HTTP/1.1" 200 777
186.103.159.230 - - [22/Mar/2017:11:10:49 -0300] "GET /cormun/static/hwchdr01.js?201731711335950 HTTP/1.1" 200 1183
186.103.159.230 - - [22/Mar/2017:11:10:49 -0300] "GET /cormun/static/Shared/ext/locale/ext-lang-en.js HTTP/1.1" 200 10940
186.103.159.230 - - [22/Mar/2017:11:10:49 -0300] "GET /cormun/static/Resources/PXToolsHeaderBackground2.png HTTP/1.1" 200 1174
186.103.159.230 - - [22/Mar/2017:11:10:49 -0300] "GET /cormun/static/Resources/PXToolsHeaderActionsLeft.png HTTP/1.1" 200 1118
186.103.159.230 - - [22/Mar/2017:11:10:49 -0300] "GET /cormun/static/Resources/logo4.png HTTP/1.1" 200 6582
186.103.159.230 - - [22/Mar/2017:11:10:49 -0300] "GET /cormun/static/Resources/PXToolsHeaderLogin.png HTTP/1.1" 200 4279
186.103.159.230 - - [22/Mar/2017:11:10:49 -0300] "GET /cormun/static/Resources/PXToolsDataTitle.png HTTP/1.1" 200 1173
186.103.159.230 - - [22/Mar/2017:11:10:49 -0300] "GET /cormun/static/Resources/PXToolsHeaderActionsBackground.png HTTP/1.1" 200 484
186.103.159.230 - - [22/Mar/2017:11:10:49 -0300] "GET /cormun/static/gxui/gxui-all.js HTTP/1.1" 200 107772
186.103.159.230 - - [22/Mar/2017:11:10:49 -0300] "GET /cormun/static/Resources/PXToolsHeaderSecurity.png HTTP/1.1" 200 4166
186.103.159.230 - - [22/Mar/2017:11:10:49 -0300] "GET /cormun/static/Resources/PXToolsHeaderActionsRight.png HTTP/1.1" 200 1201
186.103.159.230 - - [22/Mar/2017:11:10:49 -0300] "GET /cormun/static/Resources/PXToolsHeaderPreferences.png HTTP/1.1" 200 4189
186.103.159.230 - - [22/Mar/2017:11:10:49 -0300] "GET /cormun/static/Resources/PXToolsFooterBackground2.png HTTP/1.1" 200 1172
186.103.159.230 - - [22/Mar/2017:11:10:49 -0300] "GET /cormun/static/Resources/PXToolsHeaderHome.png HTTP/1.1" 200 4147
186.103.159.230 - - [22/Mar/2017:11:10:49 -0300] "GET /cormun/static/hpexe_messagecontroller.js?201610171694323 HTTP/1.1" 200 870
186.103.159.230 - - [22/Mar/2017:11:10:49 -0300] "GET /cormun/static/hpexe_recentlink.js?201610171694390 HTTP/1.1" 200 2144
186.103.159.230 - - [22/Mar/2017:11:10:49 -0300] "GET /cormun/static/hpexe_scripts.js?201731711335890 HTTP/1.1" 200 1544
186.103.159.230 - - [22/Mar/2017:11:10:49 -0300] "GET /cormun/static/hpexe_messagepopupcomponent.js?20161017169425 HTTP/1.1" 200 605
186.103.159.230 - - [22/Mar/2017:11:10:49 -0300] "GET /cormun/static/hpexe_messagegenexuscomponent.js?201731711335537 HTTP/1.1" 200 587
186.103.159.230 - - [22/Mar/2017:11:10:49 -0300] "GET /cormun/static/cmcontrolpreferences.js?201731711335852 HTTP/1.1" 200 1375
186.103.159.230 - - [22/Mar/2017:11:10:49 -0300] "GET /cormun/static/SmoothNavMenu/resources/ddsmoothmenu.js HTTP/1.1" 200 12712
186.103.159.230 - - [22/Mar/2017:11:10:49 -0300] "GET /cormun/static/SmoothNavMenu/resources/SmoothNavMenuRender.js HTTP/1.1" 200 5951
186.103.159.230 - - [22/Mar/2017:11:10:49 -0300] "GET /cormun/static/scaMessage/js/jquery.pnotify.min.js HTTP/1.1" 200 13038
186.103.159.230 - - [22/Mar/2017:11:10:50 -0300] "GET /cormun/static/scaMessage/scaMessageRender.js HTTP/1.1" 200 11977
186.103.159.230 - - [22/Mar/2017:11:10:50 -0300] "GET /cormun/static/Shared/jquery/jquery-1.4.2.min.js HTTP/1.1" 200 72174
186.103.159.230 - - [22/Mar/2017:11:10:50 -0300] "GET /cormun/static/hmpwkw03.js?201731711485354 HTTP/1.1" 200 3965
186.103.159.230 - - [22/Mar/2017:11:10:50 -0300] "GET /cormun/static/Shared/jqueryui/jquery-ui.min.js HTTP/1.1" 200 240427
186.103.159.230 - - [22/Mar/2017:11:10:50 -0300] "GET /cormun/static/Shared/jquery/jquery-1.10.2.min.js HTTP/1.1" 200 273199
186.103.159.230 - - [22/Mar/2017:11:10:51 -0300] "GET /cormun/static/Shared/ext/ext-all.js HTTP/1.1" 200 1289687
186.103.159.230 - - [22/Mar/2017:11:10:51 -0300] "GET /cormun/servlet/hhome HTTP/1.1" 200 3966
186.103.159.230 - - [22/Mar/2017:11:10:51 -0300] "GET /cormun/static/SmoothNavMenu/resources/images/right.gif HTTP/1.1" 200 860
186.103.159.230 - - [22/Mar/2017:11:10:51 -0300] "GET /cormun/static/SmoothNavMenu/resources/images/down.gif HTTP/1.1" 200 854
186.103.159.230 - - [22/Mar/2017:11:10:58 -0300] "GET /cormun/servlet/trlicencias? HTTP/1.1" 200 6835
186.103.159.230 - - [22/Mar/2017:11:10:58 -0300] "GET /cormun/static/gxui/gxui-all.css?120300 HTTP/1.1" 200 2179
186.103.159.230 - - [22/Mar/2017:11:10:58 -0300] "GET /cormun/static/calendar-system.css?85620 HTTP/1.1" 200 5572
186.103.159.230 - - [22/Mar/2017:11:10:58 -0300] "GET /cormun/static/gxcfg.js?2016122619301429 HTTP/1.1" 200 953
186.103.159.230 - - [22/Mar/2017:11:10:58 -0300] "GET /cormun/static/calendar-setup.js?85251 HTTP/1.1" 200 2588
186.103.159.230 - - [22/Mar/2017:11:10:58 -0300] "GET /cormun/static/calendar-es.js?85251 HTTP/1.1" 200 1901
186.103.159.230 - - [22/Mar/2017:11:10:58 -0300] "GET /cormun/static/calendar.js?85251 HTTP/1.1" 200 26246
186.103.159.230 - - [22/Mar/2017:11:10:59 -0300] "GET /cormun/static/Resources/Spanish/PXTools.css?18365030 HTTP/1.1" 200 89042
186.103.159.230 - - [22/Mar/2017:11:10:59 -0300] "GET /cormun/static/gxdec.js?85251 HTTP/1.1" 200 19579
186.103.159.230 - - [22/Mar/2017:11:10:59 -0300] "GET /cormun/static/trlicencias.js?2016122619301919 HTTP/1.1" 200 37913
186.103.159.230 - - [22/Mar/2017:11:10:59 -0300] "GET /cormun/static/Resources/PXTools/calendar.png HTTP/1.1" 200 1306
186.103.159.230 - - [22/Mar/2017:11:10:59 -0300] "GET /cormun/static/Resources/PXToolsDataSearch.png HTTP/1.1" 200 419
186.103.159.230 - - [22/Mar/2017:11:10:59 -0300] "GET /cormun/static/Resources/PXToolsGridFirstDisabled.gif HTTP/1.1" 200 100
186.103.159.230 - - [22/Mar/2017:11:10:59 -0300] "GET /cormun/static/Resources/PXToolsGridPreviousDisabled.gif HTTP/1.1" 200 90
186.103.159.230 - - [22/Mar/2017:11:10:59 -0300] "GET /cormun/static/Resources/PXToolsGridNextDisabled.gif HTTP/1.1" 200 90
186.103.159.230 - - [22/Mar/2017:11:10:59 -0300] "GET /cormun/static/Resources/PXToolsGridLastDisabled.gif HTTP/1.1" 200 98
186.103.159.230 - - [22/Mar/2017:11:10:59 -0300] "GET /cormun/static/Resources/PXToolsGridPage.gif HTTP/1.1" 200 725
186.103.159.230 - - [22/Mar/2017:11:10:59 -0300] "GET /cormun/static/Resources/PXToolsActionExcel.png HTTP/1.1" 200 3187
186.103.159.230 - - [22/Mar/2017:11:10:59 -0300] "GET /cormun/static/Resources/PXToolsGridNew.png HTTP/1.1" 200 2949
186.103.159.230 - - [22/Mar/2017:11:11:00 -0300] "GET /cormun/static/Shared/ext/resources/css/ext-all.css?215870 HTTP/1.1" 200 416045
186.103.159.230 - - [22/Mar/2017:11:11:00 -0300] "GET /cormun/static/Resources/asc.gif HTTP/1.1" 200 67
186.103.159.230 - - [22/Mar/2017:11:11:00 -0300] "GET /cormun/static/Resources/desc.gif HTTP/1.1" 200 65
186.103.159.230 - - [22/Mar/2017:11:11:00 -0300] "GET /cormun/servlet/trlicencias? HTTP/1.1" 200 6834
186.103.159.230 - - [22/Mar/2017:11:11:00 -0300] "GET /cormun/static/Shared/ext/resources/themes/images/default/panel/bg-headersPanel.png HTTP/1.1" 200 255
186.103.159.230 - - [22/Mar/2017:11:11:00 -0300] "GET /cormun/static/Shared/ext/resources/themes/images/default/tools/tool-sprites.gif HTTP/1.1" 200 5434
186.103.159.230 - - [22/Mar/2017:11:11:05 -0300] "GET /cormun/servlet/licenciaspermisos?INS,0,,, HTTP/1.1" 200 7357
186.103.159.230 - - [22/Mar/2017:11:11:05 -0300] "GET /cormun/static/calendar-system.css?75620 HTTP/1.1" 200 5572
186.103.159.230 - - [22/Mar/2017:11:11:05 -0300] "GET /cormun/static/gxcfg.js?201731711384427 HTTP/1.1" 200 953
186.103.159.230 - - [22/Mar/2017:11:11:05 -0300] "GET /cormun/static/licenciaspermisos.js?201731711384498 HTTP/1.1" 200 33773
186.103.159.230 - - [22/Mar/2017:11:11:05 -0300] "GET /cormun/static/Resources/prompt.gif HTTP/1.1" 200 902
186.103.159.230 - - [22/Mar/2017:11:11:05 -0300] "GET /cormun/servlet/licenciaspermisos?INS,0,,, HTTP/1.1" 200 7357
186.103.159.44 - - [22/Mar/2017:11:11:08 -0300] "POST /cormun/servlet/trsolicitudot?8ffe37cf1026298f7841cf276033ee0b,gx-no-cache=1490191930663 HTTP/1.1" 200 107
186.103.159.44 - - [22/Mar/2017:11:11:08 -0300] "GET /cormun/servlet/trsolicitudadjuntos?2017,5678, HTTP/1.1" 200 5880
186.103.159.44 - - [22/Mar/2017:11:11:11 -0300] "GET /cormun/servlet/solicitudotadjuntos?INS,2017,5678,,1, HTTP/1.1" 200 5816
186.103.159.44 - - [22/Mar/2017:11:11:12 -0300] "HEAD /cormun/static/about:blank HTTP/1.1" 404 -
186.103.159.44 - - [22/Mar/2017:11:11:13 -0300] "GET /cormun/servlet/solicitudotadjuntos?600c0a83451e46965af226b2e97ec98deb43b4290e0d46853a0fa01c54173bfd328a579b7f01d29d149a6c408c5928e5,gx-no-cache=1490191936503 HTTP/1.1" 200 30
186.103.159.44 - - [22/Mar/2017:11:11:14 -0300] "POST /cormun/servlet/solicitudotadjuntos?8ffe37cf1026298f7841cf276033ee0b,INS,2017,5678,,1,,gx-no-cache=1490191936710 HTTP/1.1" 200 3644
186.103.159.44 - - [22/Mar/2017:11:11:17 -0300] "POST /cormun/servlet/solicitudotadjuntos?gx-no-cache=1490191939961 HTTP/1.1" 200 26
186.67.172.234 - - [22/Mar/2017:11:11:28 -0300] "GET /cormun/servlet/hlogin HTTP/1.1" 200 1727
186.67.172.234 - - [22/Mar/2017:11:11:28 -0300] "GET /cormun/static/Resources/Spanish/PXTools.css?11294912 HTTP/1.1" 304 -
186.67.172.234 - - [22/Mar/2017:11:11:28 -0300] "GET /cormun/static/gxcfg.js?201731711485472 HTTP/1.1" 304 -
186.67.172.234 - - [22/Mar/2017:11:11:28 -0300] "GET /cormun/static/messages.spa.js?85251 HTTP/1.1" 304 -
186.67.172.234 - - [22/Mar/2017:11:11:28 -0300] "GET /cormun/static/hlogin.js?201731711485490 HTTP/1.1" 304 -
186.67.172.234 - - [22/Mar/2017:11:11:28 -0300] "GET /cormun/servlet/hlogin HTTP/1.1" 200 1738
186.67.172.234 - - [22/Mar/2017:11:11:40 -0300] "POST /cormun/servlet/hlogin?ea8b736566feea61b444a503f61575c6,gx-no-cache=1490191966430 HTTP/1.1" 200 90
186.67.172.234 - - [22/Mar/2017:11:11:40 -0300] "GET /cormun/servlet/hpexe_link HTTP/1.1" 200 955
186.67.172.234 - - [22/Mar/2017:11:11:40 -0300] "GET /cormun/static/hpexe_link.js?201731711483384 HTTP/1.1" 304 -
186.67.172.234 - - [22/Mar/2017:11:11:40 -0300] "GET /cormun/static/gxcfg.js?201731711483381 HTTP/1.1" 304 -
186.67.172.234 - - [22/Mar/2017:11:11:40 -0300] "GET /cormun/servlet/hhome HTTP/1.1" 200 3779
186.67.172.234 - - [22/Mar/2017:11:11:40 -0300] "GET /cormun/static/gxcfg.js?201731711483497 HTTP/1.1" 304 -
186.67.172.234 - - [22/Mar/2017:11:11:40 -0300] "GET /cormun/static/hhome.js?20173171148352 HTTP/1.1" 304 -
186.67.172.234 - - [22/Mar/2017:11:11:40 -0300] "GET /cormun/static/hwchdr01.js?201731711335950 HTTP/1.1" 304 -
186.67.172.234 - - [22/Mar/2017:11:11:40 -0300] "GET /cormun/static/hpexe_recentlink.js?201610171694390 HTTP/1.1" 304 -
186.67.172.234 - - [22/Mar/2017:11:11:41 -0300] "GET /cormun/static/hpexe_messagecontroller.js?201610171694323 HTTP/1.1" 304 -
186.67.172.234 - - [22/Mar/2017:11:11:41 -0300] "GET /cormun/static/hpexe_scripts.js?201731711335890 HTTP/1.1" 304 -
186.67.172.234 - - [22/Mar/2017:11:11:41 -0300] "GET /cormun/static/hpexe_messagepopupcomponent.js?20161017169425 HTTP/1.1" 304 -
186.67.172.234 - - [22/Mar/2017:11:11:41 -0300] "GET /cormun/static/cmcontrolpreferences.js?201731711335852 HTTP/1.1" 304 -
186.67.172.234 - - [22/Mar/2017:11:11:41 -0300] "GET /cormun/static/hpexe_messagegenexuscomponent.js?201731711335537 HTTP/1.1" 304 -
186.67.172.234 - - [22/Mar/2017:11:11:41 -0300] "GET /cormun/static/hmpwkw03.js?201731711485354 HTTP/1.1" 304 -
186.67.172.234 - - [22/Mar/2017:11:11:41 -0300] "GET /cormun/servlet/hhome HTTP/1.1" 200 3776
186.103.159.44 - - [22/Mar/2017:11:11:44 -0300] "GET /cormun/servlet/solicitudotadjuntos?600c0a83451e46965af226b2e97ec98d0c16d8de587f2262f48fdaad2ac039d4,gx-no-cache=1490191967587 HTTP/1.1" 200 30
186.103.159.44 - - [22/Mar/2017:11:11:44 -0300] "GET /cormun/servlet/solicitudotadjuntos?600c0a83451e46965af226b2e97ec98d0c16d8de587f2262f48fdaad2ac039d4,gx-no-cache=1490191967634 HTTP/1.1" 200 30
186.103.159.44 - - [22/Mar/2017:11:11:45 -0300] "POST /cormun/servlet/solicitudotadjuntos?8ffe37cf1026298f7841cf276033ee0b,INS,2017,5678,,1, HTTP/1.1" 200 116
186.103.159.44 - - [22/Mar/2017:11:11:45 -0300] "GET /cormun/servlet/hpexe_return? HTTP/1.1" 200 1028
186.103.159.44 - - [22/Mar/2017:11:11:46 -0300] "GET /cormun/servlet/trsolicitudadjuntos?2017,5678, HTTP/1.1" 200 7989
186.67.172.234 - - [22/Mar/2017:11:11:46 -0300] "GET /cormun/servlet/trlicencias? HTTP/1.1" 200 8420
186.67.172.234 - - [22/Mar/2017:11:11:47 -0300] "GET /cormun/static/Resources/Spanish/PXTools.css?18365030 HTTP/1.1" 304 -
186.67.172.234 - - [22/Mar/2017:11:11:47 -0300] "GET /cormun/static/gxcfg.js?2016122619301429 HTTP/1.1" 304 -
186.67.172.234 - - [22/Mar/2017:11:11:48 -0300] "GET /cormun/static/trlicencias.js?2016122619301919 HTTP/1.1" 304 -
186.67.172.234 - - [22/Mar/2017:11:11:50 -0300] "GET /cormun/servlet/trlicencias? HTTP/1.1" 200 8417
186.103.159.44 - - [22/Mar/2017:11:11:52 -0300] "GET /cormun/servlet/solicitudotadjuntos?INS,2017,5678,,1, HTTP/1.1" 200 5816
186.103.159.44 - - [22/Mar/2017:11:11:53 -0300] "HEAD /cormun/static/about:blank HTTP/1.1" 404 -
186.103.159.44 - - [22/Mar/2017:11:11:54 -0300] "GET /cormun/servlet/solicitudotadjuntos?600c0a83451e46965af226b2e97ec98deb43b4290e0d46853a0fa01c54173bfd328a579b7f01d29d149a6c408c5928e5,gx-no-cache=1490191977249 HTTP/1.1" 200 30
186.103.159.44 - - [22/Mar/2017:11:11:54 -0300] "POST /cormun/servlet/solicitudotadjuntos?8ffe37cf1026298f7841cf276033ee0b,INS,2017,5678,,1,,gx-no-cache=1490191977311 HTTP/1.1" 200 3644
186.103.159.44 - - [22/Mar/2017:11:11:56 -0300] "POST /cormun/servlet/solicitudotadjuntos?gx-no-cache=1490191979703 HTTP/1.1" 200 26
186.103.159.230 - - [22/Mar/2017:11:11:59 -0300] "GET /cormun/static/Resources/resize.gif HTTP/1.1" 200 77
186.103.159.44 - - [22/Mar/2017:11:12:02 -0300] "GET /cormun/servlet/solicitudotadjuntos?600c0a83451e46965af226b2e97ec98d0c16d8de587f2262f48fdaad2ac039d4,gx-no-cache=1490191985263 HTTP/1.1" 200 30
186.103.159.44 - - [22/Mar/2017:11:12:02 -0300] "GET /cormun/servlet/solicitudotadjuntos?600c0a83451e46965af226b2e97ec98d0c16d8de587f2262f48fdaad2ac039d4,gx-no-cache=1490191985363 HTTP/1.1" 200 30
186.103.159.44 - - [22/Mar/2017:11:12:03 -0300] "POST /cormun/servlet/solicitudotadjuntos?8ffe37cf1026298f7841cf276033ee0b,INS,2017,5678,,1, HTTP/1.1" 200 116
186.103.159.44 - - [22/Mar/2017:11:12:03 -0300] "GET /cormun/servlet/hpexe_return? HTTP/1.1" 200 1028
200.54.247.69 - - [22/Mar/2017:11:12:03 -0300] "POST /cormun/servlet/solicitudot?gx-no-cache=1490191991465 HTTP/1.1" 200 297
200.54.247.69 - - [22/Mar/2017:11:12:03 -0300] "GET /cormun/servlet/solicitudot?cbb770e1ace0773c7c1a306815fbc7b675d662bf6f49bac29f370e02e4a032c920566febe93f2669bb2e2cc88998970593fe98aaecfd282a6bb404ecae8398e048d53adf79d935708fa959c78f15d406b5d6488773fae0521d63bef1b2e08bd718b126a25e22d9cae071769308ccb5e3f7dcc1b8f8440b6ac256216ec6121c0ddfcd0fa14b82b458ff659d5db764a2c552c2a070d776904b2233a359a63040746dfc483f5446ffb11ba7c4120b386d83f987e50bc80abc8e6735bbceb20486e1f064ff1a4a5a8e2656ed57563cdfa84a3cdd1e4766364e3a3ba5750bd56e0f83cf6a408fd09235ccfa7a47051f705e9f0b20023927576ea096347aaf9b8f75349e69f0f8065555798ef33099a13da1366dd7404c5d743540df9a8bc14fe0345cf95b0109c194694c09c229b8ca97bedbd37782d6e356bc9a0afd161a6a67479d80052235ef335e843e63f45bc89d47ccf53b462b541d7d7583e8d90f75eb58a98480875f4871b23da0ca5bf7b3135c8c8541ae81d9173a637ad23ea7f661c12f6c9e199c72f4041a2aff69e6629e3ea0,gx-no-cache=1490191991627 HTTP/1.1" 200 30
186.103.159.44 - - [22/Mar/2017:11:12:04 -0300] "GET /cormun/servlet/trsolicitudadjuntos?2017,5678, HTTP/1.1" 200 8242
200.54.247.69 - - [22/Mar/2017:11:12:05 -0300] "POST /cormun/servlet/solicitudot?gx-no-cache=1490191993070 HTTP/1.1" 200 30
200.54.247.69 - - [22/Mar/2017:11:12:06 -0300] "POST /cormun/servlet/solicitudot?gx-no-cache=1490191994597 HTTP/1.1" 200 235
186.103.159.230 - - [22/Mar/2017:11:12:06 -0300] "GET /cormun/servlet/prfichaempleado?,MD,,gxPopupLevel%3D0%3B HTTP/1.1" 200 8842
200.54.247.69 - - [22/Mar/2017:11:12:06 -0300] "POST /cormun/servlet/solicitudot?gx-no-cache=1490191994653 HTTP/1.1" 200 38
186.103.159.230 - - [22/Mar/2017:11:12:06 -0300] "GET /cormun/static/gxcfg.js?2016102420561687 HTTP/1.1" 200 953
186.103.159.230 - - [22/Mar/2017:11:12:06 -0300] "GET /cormun/static/menusearch.js?201610171694467 HTTP/1.1" 200 1424
186.103.159.230 - - [22/Mar/2017:11:12:06 -0300] "GET /cormun/static/Resources/PXToolsMenuSearch.png HTTP/1.1" 200 2914
186.103.159.230 - - [22/Mar/2017:11:12:06 -0300] "GET /cormun/static/Resources/PXToolsMenuSearchCancel.png HTTP/1.1" 200 2972
186.103.159.230 - - [22/Mar/2017:11:12:06 -0300] "GET /cormun/static/hmpwkw011.js?201731711483558 HTTP/1.1" 200 1968
186.103.159.230 - - [22/Mar/2017:11:12:06 -0300] "GET /cormun/static/prfichaempleado.js?201610242056198 HTTP/1.1" 200 16015
186.103.159.230 - - [22/Mar/2017:11:12:06 -0300] "GET /cormun/static/Resources/Spanish/PXTools.css?167811 HTTP/1.1" 200 89042
186.103.159.44 - - [22/Mar/2017:11:12:12 -0300] "GET /cormun/servlet/solicitudotadjuntos?INS,2017,5678,,1, HTTP/1.1" 200 5816
186.103.159.44 - - [22/Mar/2017:11:12:12 -0300] "HEAD /cormun/static/about:blank HTTP/1.1" 404 -
186.103.159.44 - - [22/Mar/2017:11:12:13 -0300] "GET /cormun/servlet/solicitudotadjuntos?600c0a83451e46965af226b2e97ec98deb43b4290e0d46853a0fa01c54173bfd328a579b7f01d29d149a6c408c5928e5,gx-no-cache=1490191996866 HTTP/1.1" 200 30
186.103.159.44 - - [22/Mar/2017:11:12:14 -0300] "POST /cormun/servlet/solicitudotadjuntos?8ffe37cf1026298f7841cf276033ee0b,INS,2017,5678,,1,,gx-no-cache=1490191996989 HTTP/1.1" 200 3644
186.103.159.44 - - [22/Mar/2017:11:12:19 -0300] "POST /cormun/servlet/solicitudotadjuntos?gx-no-cache=1490192002017 HTTP/1.1" 200 26
186.103.156.24 - - [22/Mar/2017:11:12:19 -0300] "POST /cormun/servlet/licenciaspermisosadjuntos?2754dc2bd8f23945af35d572bfc9c4d8,INS,16816675,L,20170322000000,, HTTP/1.1" 200 116
186.103.156.24 - - [22/Mar/2017:11:12:19 -0300] "GET /cormun/servlet/hpexe_return? HTTP/1.1" 200 1039
186.103.159.230 - - [22/Mar/2017:11:12:21 -0300] "POST /cormun/servlet/prfichaempleado?5ef3b7987a5d04f77ca42a2a86f7f44e,,MD,,gxPopupLevel%3D0%3B,gx-no-cache=1490192012955 HTTP/1.1" 200 5907
186.103.156.24 - - [22/Mar/2017:11:12:21 -0300] "GET /cormun/servlet/trlicenciaspermisosadjuntos?16816675,20170322000000,L, HTTP/1.1" 200 6830
186.103.159.230 - - [22/Mar/2017:11:12:22 -0300] "GET /cormun/static/Resources/PXToolsGridNext.gif HTTP/1.1" 200 369
186.103.159.230 - - [22/Mar/2017:11:12:22 -0300] "GET /cormun/static/Resources/PXToolsGridLast.gif HTTP/1.1" 200 370
186.103.159.44 - - [22/Mar/2017:11:12:23 -0300] "GET /cormun/servlet/solicitudotadjuntos?600c0a83451e46965af226b2e97ec98d0c16d8de587f2262f48fdaad2ac039d4,gx-no-cache=1490192006969 HTTP/1.1" 200 30
186.103.159.44 - - [22/Mar/2017:11:12:24 -0300] "GET /cormun/servlet/solicitudotadjuntos?600c0a83451e46965af226b2e97ec98d0c16d8de587f2262f48fdaad2ac039d4,gx-no-cache=1490192007012 HTTP/1.1" 200 30
186.103.156.24 - - [22/Mar/2017:11:12:24 -0300] "GET /cormun/servlet/trlicenciaspermisosadjuntos?16816675,20170322000000,L, HTTP/1.1" 200 6829
186.103.159.44 - - [22/Mar/2017:11:12:25 -0300] "POST /cormun/servlet/solicitudotadjuntos?8ffe37cf1026298f7841cf276033ee0b,INS,2017,5678,,1, HTTP/1.1" 200 116
186.103.159.44 - - [22/Mar/2017:11:12:25 -0300] "GET /cormun/servlet/hpexe_return? HTTP/1.1" 200 1028
186.103.159.44 - - [22/Mar/2017:11:12:25 -0300] "GET /cormun/servlet/trsolicitudadjuntos?2017,5678, HTTP/1.1" 200 8395
200.54.247.69 - - [22/Mar/2017:11:13:01 -0300] "GET /cormun/servlet/solicitudot?cbb770e1ace0773c7c1a306815fbc7b6fdc0a2b187238b5ccbff413f73acb9882f570a8b6ee83c79f6417ebac5cd9c66930b1073e89b25f41762f3637b236d692c8567a61227101541956dfe7c4787503fe753c31ae97ea6129bcd11e72c5126923b58b74748c2e1195e9a9f9ef7a47c,gx-no-cache=1490192049640 HTTP/1.1" 200 29
200.54.247.69 - - [22/Mar/2017:11:13:01 -0300] "POST /cormun/servlet/solicitudot?gx-no-cache=1490192049710 HTTP/1.1" 200 643
200.54.247.69 - - [22/Mar/2017:11:13:02 -0300] "POST /cormun/servlet/solicitudot?gx-no-cache=1490192050663 HTTP/1.1" 200 1157
186.103.159.230 - - [22/Mar/2017:11:13:08 -0300] "GET /cormun/servlet/prfichaempleado?,MD,,gxPopupLevel%3D0%3B HTTP/1.1" 200 8842
186.103.156.24 - - [22/Mar/2017:11:13:08 -0300] "GET /cormun/servlet/trlicencias? HTTP/1.1" 200 8012
186.103.159.44 - - [22/Mar/2017:11:13:09 -0300] "GET /cormun/servlet/solicitudotadjuntos?INS,2017,5678,,1, HTTP/1.1" 200 5816
186.103.156.24 - - [22/Mar/2017:11:13:09 -0300] "GET /cormun/servlet/trlicencias? HTTP/1.1" 200 8011
186.103.159.44 - - [22/Mar/2017:11:13:09 -0300] "HEAD /cormun/static/about:blank HTTP/1.1" 404 -
186.103.159.44 - - [22/Mar/2017:11:13:11 -0300] "GET /cormun/servlet/solicitudotadjuntos?600c0a83451e46965af226b2e97ec98deb43b4290e0d46853a0fa01c54173bfd328a579b7f01d29d149a6c408c5928e5,gx-no-cache=1490192054085 HTTP/1.1" 200 30
186.103.159.44 - - [22/Mar/2017:11:13:11 -0300] "POST /cormun/servlet/solicitudotadjuntos?8ffe37cf1026298f7841cf276033ee0b,INS,2017,5678,,1,,gx-no-cache=1490192054150 HTTP/1.1" 200 3643
186.103.159.44 - - [22/Mar/2017:11:13:13 -0300] "POST /cormun/servlet/solicitudotadjuntos?gx-no-cache=1490192056981 HTTP/1.1" 200 26
200.54.247.69 - - [22/Mar/2017:11:13:15 -0300] "GET /cormun/static/menuarrow.gif HTTP/1.1" 404 1015
186.103.159.44 - - [22/Mar/2017:11:13:19 -0300] "GET /cormun/servlet/solicitudotadjuntos?600c0a83451e46965af226b2e97ec98d0c16d8de587f2262f48fdaad2ac039d4,gx-no-cache=1490192062085 HTTP/1.1" 200 30
186.103.159.44 - - [22/Mar/2017:11:13:19 -0300] "GET /cormun/servlet/solicitudotadjuntos?600c0a83451e46965af226b2e97ec98d0c16d8de587f2262f48fdaad2ac039d4,gx-no-cache=1490192062153 HTTP/1.1" 200 30
186.103.159.44 - - [22/Mar/2017:11:13:19 -0300] "POST /cormun/servlet/solicitudotadjuntos?8ffe37cf1026298f7841cf276033ee0b,INS,2017,5678,,1, HTTP/1.1" 200 116
186.103.159.44 - - [22/Mar/2017:11:13:19 -0300] "GET /cormun/servlet/hpexe_return? HTTP/1.1" 200 1028
186.103.156.24 - - [22/Mar/2017:11:13:20 -0300] "POST /cormun/servlet/trlicencias?2754dc2bd8f23945af35d572bfc9c4d8,,gx-no-cache=1490192101271 HTTP/1.1" 200 4256
186.103.156.24 - - [22/Mar/2017:11:13:20 -0300] "GET /cormun/static/Shared/jqueryui/images/ui-bg_highlight-soft_100_c6c2c8_1x100.png HTTP/1.1" 404 1117
186.103.156.24 - - [22/Mar/2017:11:13:20 -0300] "GET /cormun/static/Shared/jqueryui/images/ui-bg_flat_55_fafafa_40x100.png HTTP/1.1" 404 1097
186.103.156.24 - - [22/Mar/2017:11:13:20 -0300] "GET /cormun/static/Shared/jqueryui/images/ui-icons_82798d_256x240.png HTTP/1.1" 404 1089
186.103.156.24 - - [22/Mar/2017:11:13:20 -0300] "GET /cormun/static/Shared/jqueryui/images/ui-icons_8d78a5_256x240.png HTTP/1.1" 404 1089
186.103.159.44 - - [22/Mar/2017:11:13:20 -0300] "GET /cormun/servlet/trsolicitudadjuntos?2017,5678, HTTP/1.1" 200 8535
186.103.159.230 - - [22/Mar/2017:11:13:25 -0300] "POST /cormun/servlet/prfichaempleado?5ef3b7987a5d04f77ca42a2a86f7f44e,,MD,,gxPopupLevel%3D0%3B,gx-no-cache=1490192076480 HTTP/1.1" 200 3177
186.103.159.44 - - [22/Mar/2017:11:13:29 -0300] "GET /cormun/servlet/solicitudotadjuntos?INS,2017,5678,,1, HTTP/1.1" 200 5815
186.103.159.44 - - [22/Mar/2017:11:13:29 -0300] "HEAD /cormun/static/about:blank HTTP/1.1" 404 -
186.103.159.44 - - [22/Mar/2017:11:13:31 -0300] "GET /cormun/servlet/solicitudotadjuntos?600c0a83451e46965af226b2e97ec98deb43b4290e0d46853a0fa01c54173bfd328a579b7f01d29d149a6c408c5928e5,gx-no-cache=1490192073959 HTTP/1.1" 200 30
186.103.159.44 - - [22/Mar/2017:11:13:31 -0300] "POST /cormun/servlet/solicitudotadjuntos?8ffe37cf1026298f7841cf276033ee0b,INS,2017,5678,,1,,gx-no-cache=1490192074066 HTTP/1.1" 200 3643
186.103.159.44 - - [22/Mar/2017:11:13:34 -0300] "POST /cormun/servlet/solicitudotadjuntos?gx-no-cache=1490192077127 HTTP/1.1" 200 26
200.54.247.69 - - [22/Mar/2017:11:13:35 -0300] "GET /cormun/servlet/solicitudot?cbb770e1ace0773c7c1a306815fbc7b62b31e49b4017036e94311fa0d4bd8dc2d2599badfe8d2bdbee333e27d3b31b3152c03c22c7a26ed4d916fa48e206156a94f7eb99e6574853dea5d27c2ff455be5dfb6a186acf2bef4cd4c479aa593ada3b00a728255fb5669860f8bc11d5e1de1f8b32bad6bc7d75fa883050be58eed115302e25942dcb17729852dbfa006af75ce00a785abbdc943ad40934cb3ebf127e9feb6ef8dfbff04fdbdfdaa4401659,gx-no-cache=1490192083383 HTTP/1.1" 200 30
200.54.247.69 - - [22/Mar/2017:11:13:35 -0300] "POST /cormun/servlet/solicitudot?7ea028641f2e4cf443d4a0ac42d3cd14,INS,0,0,,gx-no-cache=1490192083418 HTTP/1.1" 200 93
200.54.247.69 - - [22/Mar/2017:11:13:35 -0300] "GET /cormun/servlet/hpexe_return? HTTP/1.1" 200 1007
200.54.247.69 - - [22/Mar/2017:11:13:36 -0300] "GET /cormun/servlet/trsolicitudot HTTP/1.1" 200 8238
186.103.159.44 - - [22/Mar/2017:11:13:39 -0300] "GET /cormun/servlet/solicitudotadjuntos?600c0a83451e46965af226b2e97ec98d0c16d8de587f2262f48fdaad2ac039d4,gx-no-cache=1490192082054 HTTP/1.1" 200 30
186.103.159.44 - - [22/Mar/2017:11:13:39 -0300] "GET /cormun/servlet/solicitudotadjuntos?600c0a83451e46965af226b2e97ec98d0c16d8de587f2262f48fdaad2ac039d4,gx-no-cache=1490192082097 HTTP/1.1" 200 30
200.54.247.69 - - [22/Mar/2017:11:13:39 -0300] "POST /cormun/servlet/trsolicitudot?7ea028641f2e4cf443d4a0ac42d3cd14,gx-no-cache=1490192087436 HTTP/1.1" 200 107
200.54.247.69 - - [22/Mar/2017:11:13:39 -0300] "GET /cormun/servlet/trsolicitudadjuntos?2017,5679, HTTP/1.1" 200 6100
186.103.159.44 - - [22/Mar/2017:11:13:39 -0300] "POST /cormun/servlet/solicitudotadjuntos?8ffe37cf1026298f7841cf276033ee0b,INS,2017,5678,,1, HTTP/1.1" 200 116
186.103.159.44 - - [22/Mar/2017:11:13:39 -0300] "GET /cormun/servlet/hpexe_return? HTTP/1.1" 200 1028
186.103.159.44 - - [22/Mar/2017:11:13:40 -0300] "GET /cormun/servlet/trsolicitudadjuntos?2017,5678, HTTP/1.1" 200 8695
200.54.247.69 - - [22/Mar/2017:11:13:42 -0300] "GET /cormun/servlet/solicitudotadjuntos?INS,2017,5679,,1, HTTP/1.1" 200 6038
200.54.247.69 - - [22/Mar/2017:11:13:42 -0300] "HEAD /cormun/static/about:blank HTTP/1.1" 404 -
200.54.247.69 - - [22/Mar/2017:11:13:43 -0300] "GET /cormun/servlet/solicitudotadjuntos?cbb770e1ace0773c7c1a306815fbc7b6e90e3a7c4b849a5534753a426ad8de72624845f6b829bd670ce0d6d1b87bbcb0,gx-no-cache=1490192091345 HTTP/1.1" 200 30
200.54.247.69 - - [22/Mar/2017:11:13:43 -0300] "POST /cormun/servlet/solicitudotadjuntos?7ea028641f2e4cf443d4a0ac42d3cd14,INS,2017,5679,,1,,gx-no-cache=1490192091374 HTTP/1.1" 200 3828
186.103.159.44 - - [22/Mar/2017:11:13:44 -0300] "GET /cormun/servlet/solicitudotadjuntos?INS,2017,5678,,1, HTTP/1.1" 200 5815
186.103.159.44 - - [22/Mar/2017:11:13:45 -0300] "HEAD /cormun/static/about:blank HTTP/1.1" 404 -
186.103.159.230 - - [22/Mar/2017:11:13:46 -0300] "GET /cormun/servlet/prfichaempleado?,MD,,gxPopupLevel%3D0%3B HTTP/1.1" 200 8842
186.103.159.44 - - [22/Mar/2017:11:13:46 -0300] "GET /cormun/servlet/solicitudotadjuntos?600c0a83451e46965af226b2e97ec98deb43b4290e0d46853a0fa01c54173bfd328a579b7f01d29d149a6c408c5928e5,gx-no-cache=1490192089710 HTTP/1.1" 200 30
186.103.159.44 - - [22/Mar/2017:11:13:46 -0300] "POST /cormun/servlet/solicitudotadjuntos?8ffe37cf1026298f7841cf276033ee0b,INS,2017,5678,,1,,gx-no-cache=1490192089789 HTTP/1.1" 200 3643
186.103.159.44 - - [22/Mar/2017:11:13:49 -0300] "POST /cormun/servlet/solicitudotadjuntos?gx-no-cache=1490192092928 HTTP/1.1" 200 26
186.103.157.39 - - [22/Mar/2017:11:13:53 -0300] "GET /cormun/servlet/hlogin HTTP/1.1" 200 1725
186.103.157.39 - - [22/Mar/2017:11:13:53 -0300] "GET /cormun/static/gxtimezone.js?85251 HTTP/1.1" 200 5781
186.103.157.39 - - [22/Mar/2017:11:13:53 -0300] "GET /cormun/static/gxcfg.js?201731711485472 HTTP/1.1" 200 953
186.103.157.39 - - [22/Mar/2017:11:13:53 -0300] "GET /cormun/static/Resources/Spanish/PXTools.css?11294912 HTTP/1.1" 200 89042
186.103.157.39 - - [22/Mar/2017:11:13:53 -0300] "GET /cormun/static/messages.spa.js?85251 HTTP/1.1" 200 30736
186.103.157.39 - - [22/Mar/2017:11:13:53 -0300] "GET /cormun/static/gxgral.js?85251 HTTP/1.1" 200 384558
186.103.157.39 - - [22/Mar/2017:11:13:53 -0300] "GET /cormun/static/hlogin.js?201731711485490 HTTP/1.1" 200 2136
186.103.157.39 - - [22/Mar/2017:11:13:53 -0300] "GET /cormun/static/Resources/ComunLogin.png HTTP/1.1" 200 17326
186.103.159.230 - - [22/Mar/2017:11:13:54 -0300] "POST /cormun/servlet/prfichaempleado?5ef3b7987a5d04f77ca42a2a86f7f44e,,MD,,gxPopupLevel%3D0%3B,gx-no-cache=1490192105597 HTTP/1.1" 200 5907
186.103.159.44 - - [22/Mar/2017:11:13:54 -0300] "GET /cormun/servlet/solicitudotadjuntos?600c0a83451e46965af226b2e97ec98d0c16d8de587f2262f48fdaad2ac039d4,gx-no-cache=1490192097456 HTTP/1.1" 200 30
186.103.159.44 - - [22/Mar/2017:11:13:54 -0300] "GET /cormun/servlet/solicitudotadjuntos?600c0a83451e46965af226b2e97ec98d0c16d8de587f2262f48fdaad2ac039d4,gx-no-cache=1490192097490 HTTP/1.1" 200 30
186.103.157.39 - - [22/Mar/2017:11:13:54 -0300] "GET /cormun/static/Resources/PXToolsLoginTop.png HTTP/1.1" 200 1337
186.103.157.39 - - [22/Mar/2017:11:13:54 -0300] "GET /cormun/static/Resources/PXToolsLoginBackground.png HTTP/1.1" 200 1164
186.103.157.39 - - [22/Mar/2017:11:13:55 -0300] "GET /cormun/static/Resources/PXToolsButtonLeft21.png HTTP/1.1" 200 1287
186.103.157.39 - - [22/Mar/2017:11:13:55 -0300] "GET /cormun/static/Resources/PXToolsButtonRight21.png HTTP/1.1" 200 1283
186.103.157.39 - - [22/Mar/2017:11:13:55 -0300] "GET /cormun/static/Resources/PXToolsButtonBackground2.png HTTP/1.1" 200 1181
186.103.157.39 - - [22/Mar/2017:11:13:55 -0300] "GET /cormun/static/Resources/PXToolsLoginBottom.png HTTP/1.1" 200 1389
186.103.159.44 - - [22/Mar/2017:11:13:55 -0300] "POST /cormun/servlet/solicitudotadjuntos?8ffe37cf1026298f7841cf276033ee0b,INS,2017,5678,,1, HTTP/1.1" 200 116
186.103.159.44 - - [22/Mar/2017:11:13:55 -0300] "GET /cormun/servlet/hpexe_return? HTTP/1.1" 200 1028
186.103.157.39 - - [22/Mar/2017:11:13:55 -0300] "GET /cormun/static/Resources/indicator.gif HTTP/1.1" 200 1553
