192.168.10.89 - - [22/Mar/2017:09:05:33 -0300] "GET /cormun/servlet/solicitudot?e4c66ade7a2d8dde2deab7a2192c5e38ed3763e7bd3b209b3caeca34d52b5b64637840a1c457d7fbe1fa9f7811a8c6c3279607bdc7f1ce75d202a1350f878149fb1adb5c3d073372a9b1e429fa8afbcc4b48079f074318cca2baa7c927cee182c3768ece3d7f7bc16b298e3d074296bc6cfdf164c087b69db890f315e5517c81be72dcaa53825e102972e891e5a3e914df5f61036283b14f7a633e24a14390e6db607f08e391f35dbafe72eaaea11cd8,gx-no-cache=1490187613813 HTTP/1.1" 200 30
192.168.10.89 - - [22/Mar/2017:09:05:36 -0300] "POST /cormun/servlet/solicitudot?94d4e7c90a99c38f71e33df352e8e12d,UPD,2017,5375,,gx-no-cache=1490187616797 HTTP/1.1" 200 93
192.168.10.89 - - [22/Mar/2017:09:05:36 -0300] "GET /cormun/servlet/hpexe_return? HTTP/1.1" 200 1012
192.168.10.89 - - [22/Mar/2017:09:05:37 -0300] "GET /cormun/servlet/trsolicitudot HTTP/1.1" 200 8490
186.103.159.183 - - [22/Mar/2017:09:05:38 -0300] "POST /cormun/servlet/trautorizarsolicitud?e9252c8c6ecc8dd316121f775f93e9c3,,gx-no-cache=1490184407469 HTTP/1.1" 200 4134
192.168.10.89 - - [22/Mar/2017:09:05:40 -0300] "POST /cormun/servlet/trsolicitudot?94d4e7c90a99c38f71e33df352e8e12d,gx-no-cache=1490187620416 HTTP/1.1" 200 5426
192.168.10.89 - - [22/Mar/2017:09:05:40 -0300] "POST /cormun/servlet/trsolicitudot?94d4e7c90a99c38f71e33df352e8e12d,gx-no-cache=1490187620766 HTTP/1.1" 200 5370
192.168.10.89 - - [22/Mar/2017:09:05:40 -0300] "GET /cormun/static/Shared/jqueryui/images/ui-bg_flat_55_fafafa_40x100.png HTTP/1.1" 404 1097
192.168.10.89 - - [22/Mar/2017:09:05:40 -0300] "GET /cormun/static/Shared/jqueryui/images/ui-icons_8d78a5_256x240.png HTTP/1.1" 404 1089
192.168.10.89 - - [22/Mar/2017:09:05:40 -0300] "GET /cormun/static/Shared/jqueryui/images/ui-icons_82798d_256x240.png HTTP/1.1" 404 1089
192.168.10.89 - - [22/Mar/2017:09:05:40 -0300] "GET /cormun/static/Shared/jqueryui/images/ui-bg_highlight-soft_100_c6c2c8_1x100.png HTTP/1.1" 404 1117
192.168.10.89 - - [22/Mar/2017:09:05:41 -0300] "POST /cormun/servlet/trsolicitudot?94d4e7c90a99c38f71e33df352e8e12d,gx-no-cache=1490187621565 HTTP/1.1" 200 4333
192.168.10.89 - - [22/Mar/2017:09:05:42 -0300] "POST /cormun/servlet/trsolicitudot?94d4e7c90a99c38f71e33df352e8e12d,gx-no-cache=1490187622033 HTTP/1.1" 200 4122
186.103.157.235 - - [22/Mar/2017:09:05:42 -0300] "POST /cormun/servlet/prfichaempleado?a02f57888d496017732e5a76805cfa86,,MD,,gxPopupLevel%3D0%3B,gx-no-cache=1490184410415 HTTP/1.1" 200 3412
192.168.10.89 - - [22/Mar/2017:09:05:44 -0300] "GET /cormun/servlet/trautorizarsolicitud? HTTP/1.1" 200 8832
192.168.10.89 - - [22/Mar/2017:09:05:51 -0300] "POST /cormun/servlet/trautorizarsolicitud?94d4e7c90a99c38f71e33df352e8e12d,,gx-no-cache=1490187631880 HTTP/1.1" 200 5820
192.168.10.89 - - [22/Mar/2017:09:05:52 -0300] "POST /cormun/servlet/trautorizarsolicitud?94d4e7c90a99c38f71e33df352e8e12d,,gx-no-cache=1490187632255 HTTP/1.1" 200 5764
192.168.10.89 - - [22/Mar/2017:09:05:52 -0300] "GET /cormun/static/Shared/jqueryui/images/ui-icons_82798d_256x240.png HTTP/1.1" 404 1089
192.168.10.89 - - [22/Mar/2017:09:05:52 -0300] "GET /cormun/static/Shared/jqueryui/images/ui-bg_highlight-soft_100_c6c2c8_1x100.png HTTP/1.1" 404 1117
192.168.10.89 - - [22/Mar/2017:09:05:52 -0300] "GET /cormun/static/Shared/jqueryui/images/ui-bg_flat_55_fafafa_40x100.png HTTP/1.1" 404 1097
192.168.10.89 - - [22/Mar/2017:09:05:52 -0300] "GET /cormun/static/Shared/jqueryui/images/ui-icons_8d78a5_256x240.png HTTP/1.1" 404 1089
192.168.10.89 - - [22/Mar/2017:09:05:52 -0300] "POST /cormun/servlet/trautorizarsolicitud?94d4e7c90a99c38f71e33df352e8e12d,,gx-no-cache=1490187633086 HTTP/1.1" 200 5409
192.168.10.89 - - [22/Mar/2017:09:05:53 -0300] "POST /cormun/servlet/trautorizarsolicitud?94d4e7c90a99c38f71e33df352e8e12d,,gx-no-cache=1490187633718 HTTP/1.1" 200 5354
192.168.10.89 - - [22/Mar/2017:09:06:03 -0300] "GET /cormun/servlet/hlogin HTTP/1.1" 200 1744
192.168.10.89 - - [22/Mar/2017:09:06:09 -0300] "POST /cormun/servlet/hlogin?94d4e7c90a99c38f71e33df352e8e12d,gx-no-cache=1490187649880 HTTP/1.1" 200 90
192.168.10.89 - - [22/Mar/2017:09:06:09 -0300] "GET /cormun/servlet/hpexe_link HTTP/1.1" 200 950
192.168.10.89 - - [22/Mar/2017:09:06:10 -0300] "GET /cormun/servlet/hhome HTTP/1.1" 200 4393
192.168.10.89 - - [22/Mar/2017:09:06:13 -0300] "GET /cormun/servlet/trsolicitudgral? HTTP/1.1" 200 8700
192.168.10.89 - - [22/Mar/2017:09:06:22 -0300] "POST /cormun/servlet/trsolicitudgral?94d4e7c90a99c38f71e33df352e8e12d,,gx-no-cache=1490187662274 HTTP/1.1" 200 6951
192.168.10.89 - - [22/Mar/2017:09:06:34 -0300] "GET /cormun/servlet/hlogin HTTP/1.1" 200 1742
186.103.157.235 - - [22/Mar/2017:09:06:35 -0300] "GET /cormun/servlet/permisogoce?b9fb56d2005c37f4ddf84c913f434132a48e569e6cbf624af355f3755bed8d0998e1654b7e2c18d8fb21c97697b1379d,gx-no-cache=1490184463958 HTTP/1.1" 200 71
186.103.157.235 - - [22/Mar/2017:09:06:40 -0300] "GET /cormun/static/menuarrow.gif HTTP/1.1" 404 1015
186.103.159.183 - - [22/Mar/2017:09:06:43 -0300] "GET /cormun/servlet/trautorizarpermisogoce? HTTP/1.1" 200 7495
186.103.159.183 - - [22/Mar/2017:09:06:44 -0300] "GET /cormun/servlet/trautorizarpermisogoce? HTTP/1.1" 200 7494
186.103.159.183 - - [22/Mar/2017:09:06:48 -0300] "POST /cormun/servlet/trautorizarpermisogoce?e9252c8c6ecc8dd316121f775f93e9c3,,gx-no-cache=1490184477605 HTTP/1.1" 200 4843
186.103.159.183 - - [22/Mar/2017:09:06:48 -0300] "GET /cormun/static/Shared/jqueryui/images/ui-bg_highlight-soft_100_c6c2c8_1x100.png HTTP/1.1" 404 1117
186.103.159.183 - - [22/Mar/2017:09:06:48 -0300] "GET /cormun/static/Shared/jqueryui/images/ui-bg_flat_55_fafafa_40x100.png HTTP/1.1" 404 1097
186.103.159.183 - - [22/Mar/2017:09:06:48 -0300] "GET /cormun/static/Shared/jqueryui/images/ui-icons_8d78a5_256x240.png HTTP/1.1" 404 1089
186.103.159.183 - - [22/Mar/2017:09:06:48 -0300] "GET /cormun/static/Shared/jqueryui/images/ui-icons_82798d_256x240.png HTTP/1.1" 404 1089
186.103.157.235 - - [22/Mar/2017:09:06:56 -0300] "GET /cormun/servlet/permisogoce?b9fb56d2005c37f4ddf84c913f434132965542f287456521a6438951d8e34327c94698b6e1685c7042f8bd089e44825b8308a0abfda15e215e8026f24c90304c,gx-no-cache=1490184484987 HTTP/1.1" 200 47
186.103.159.182 - - [22/Mar/2017:09:07:02 -0300] "GET /cormun/servlet/licenciaspermisos?488b05c6acc4315198b09a3d68f7baa1c066362c89c19ce6967b501c7bd95e9ec32e15d9b48be89362fcbb2660eabe6e779b50d734effb634e39b8bdc261ca9079494ca70f66c8416e8562a7bcc712d41f353c702109c25b6d808a2ba52da98d3b5b39c6df052db6ee596947058ba03cae9f6d19cef75599936aab71fcd0d1fac8d5668e159f08cf86119bab134822d36aee42125a1e2d04bf7fa3b253a310b5891c8f0bb15435e6fb442963fe484ca0,gx-no-cache=1490184490056 HTTP/1.1" 200 30
186.103.159.182 - - [22/Mar/2017:09:07:02 -0300] "POST /cormun/servlet/licenciaspermisos?6917a967f9643d1b819a8f77cbf1be01,INS,0,,,,gx-no-cache=1490184490182 HTTP/1.1" 200 4728
186.103.157.235 - - [22/Mar/2017:09:07:13 -0300] "POST /cormun/servlet/permisogoce?a02f57888d496017732e5a76805cfa86,INS,0,,,,gx-no-cache=1490184502412 HTTP/1.1" 200 93
186.103.157.235 - - [22/Mar/2017:09:07:13 -0300] "GET /cormun/servlet/hpexe_return? HTTP/1.1" 200 1012
186.103.157.235 - - [22/Mar/2017:09:07:14 -0300] "GET /cormun/static/gxcfg.js?2016101716175148 HTTP/1.1" 200 953
186.103.157.235 - - [22/Mar/2017:09:07:14 -0300] "GET /cormun/static/hpexe_return.js?2016101716175153 HTTP/1.1" 200 1633
186.103.157.235 - - [22/Mar/2017:09:07:14 -0300] "GET /cormun/servlet/trpermisosgoce HTTP/1.1" 200 8851
186.103.157.235 - - [22/Mar/2017:09:07:16 -0300] "GET /cormun/servlet/trpermisosgoce HTTP/1.1" 200 8850
186.103.157.235 - - [22/Mar/2017:09:07:33 -0300] "GET /cormun/servlet/apermisogoceprn?19017202,P,20170322100154,PU HTTP/1.1" 200 1655
200.83.57.219 - - [22/Mar/2017:09:08:27 -0300] "GET /cormun/servlet/licenciaspermisos?49d67f4af083d72110d01d1fc59ec01edb4c3c9606d0470ce2af0d7ce1dd233e388bef9eed8793f23260fd26227bcf476830809aca965b2efbedd1affa695897c3d0168575b640af9d252552125cc1a35ff41a8726ebf0b6541083bd2c4cdfa1424b74779e60103eb94effae42689f75b344ebb1e3887857ab4bdbce540995ddeaedb96b8cd1fd2d5b17e170b5e4dd4dedaba5a9c5fa5cd34cdc9b701c557c18f1b9eb0d49b914303a44c211fc4bd317,gx-no-cache=1490184576983 HTTP/1.1" 440 972
200.83.57.219 - - [22/Mar/2017:09:08:29 -0300] "GET /cormun/servlet/licenciaspermisos?49d67f4af083d72110d01d1fc59ec01e64967d93f205e6ed4b83a0e35142a7893e49fb0f07d5159894fe1f60ee049605f8beb78465baf59fdfac96e25617751b037eb7fa99e5b3f8fcb5cd87a067ecc92b57c4ed0eb8740313c4bd9b9d95034154bc677e4acf7011ab7fcfd4473aa7632952ae01ea8e035ca4be51536e5f4c8fa54f6866a59be4b3ae8494065e026e85feff95c7861faa825d8ab6560d0c4efe5e6019bd8cb2af41c4d869053cfb8c4b,gx-no-cache=1490184578697 HTTP/1.1" 440 972
200.83.57.219 - - [22/Mar/2017:09:08:30 -0300] "POST /cormun/servlet/licenciaspermisos?55aec406a0c52add7cb129423e4379f8,INS,0,,,,gx-no-cache=1490184580358 HTTP/1.1" 440 972
200.83.57.219 - - [22/Mar/2017:09:08:30 -0300] "GET /cormun/servlet/licenciaspermisos?INS,0,,, HTTP/1.1" 200 6502
200.54.247.69 - - [22/Mar/2017:09:08:32 -0300] "POST /cormun/servlet/solicitudot?gx-no-cache=1490184580376 HTTP/1.1" 200 256
200.83.57.219 - - [22/Mar/2017:09:08:34 -0300] "GET /cormun/servlet/hlogin HTTP/1.1" 200 1758
200.83.57.219 - - [22/Mar/2017:09:08:34 -0300] "GET /cormun/servlet/licenciaspermisos?INS,0,,, HTTP/1.1" 200 6502
200.54.247.69 - - [22/Mar/2017:09:08:37 -0300] "GET /cormun/servlet/solicitudot?c1673b02f62db617ec7b2045c1438d024d81fc74b233d3acb55e132c4880eda7afcfb54167ba5922d97fc3fa89c2e5905dc2f3657cae6409b7ddc7a6fd3a4bc570a89a70d657a24835def504447eb1bd38488f05fc646fe4978e31406146ff8b0347cc19dc06d359826d0c4135efe7a53a78464d417f0b62418a35c4c23446a43bd07fc7374bbf0ddc7911253058e7ee09f3159daf8f1b3fe71b8631e8466c061effd6a17189537310ad3580e718a83af628019f0c724a8e0d7eec95a18b03a7079705a88c6aec8785c9ae948e528225ffd995c02fcbf6d11c3d05f9f7b3562d440262d2affc175de972b7af47c6db18500fdc65d588bbdde42a572b472ee0bb769f59c39002df68ba8d95769d9ba0ac9bb19e166460de04ed02c0a2d03a6616b0bbec99f842bd11fbe3cf0607f33fd2fc8f9d557695532409824312d64e65e99a2b65d67206813bf7a6ba1580b971774db577dc08df1550a1199967c39a8a36da81067122d92f3a2774e586d0c7ad2a4138156cf6af4d740ac37214d5fda1f5,gx-no-cache=1490184585113 HTTP/1.1" 200 30
200.54.247.69 - - [22/Mar/2017:09:08:38 -0300] "POST /cormun/servlet/solicitudot?gx-no-cache=1490184586696 HTTP/1.1" 200 30
200.54.247.69 - - [22/Mar/2017:09:08:40 -0300] "POST /cormun/servlet/solicitudot?gx-no-cache=1490184588887 HTTP/1.1" 200 235
200.54.247.69 - - [22/Mar/2017:09:08:41 -0300] "POST /cormun/servlet/solicitudot?gx-no-cache=1490184588959 HTTP/1.1" 200 38
186.103.159.183 - - [22/Mar/2017:09:08:47 -0300] "POST /cormun/servlet/trautorizarpermisogoce?e9252c8c6ecc8dd316121f775f93e9c3,,gx-no-cache=1490184596218 HTTP/1.1" 200 4843
200.54.247.69 - - [22/Mar/2017:09:08:55 -0300] "GET /cormun/servlet/solicitudot?c1673b02f62db617ec7b2045c1438d0209412f28b0e35c755be9c631efe238773ed89c2186684131747ba61e4c5bf9bfb07e92b85bcf34575c4673c4db301de039605520f642e30ce254440db0622f8c5e0eadfec6306df3932be4a0762c02b819fcd21a6c27227c8fb08b70e8019976,gx-no-cache=1490184603337 HTTP/1.1" 200 29
200.54.247.69 - - [22/Mar/2017:09:08:55 -0300] "POST /cormun/servlet/solicitudot?gx-no-cache=1490184603408 HTTP/1.1" 200 643
200.54.247.69 - - [22/Mar/2017:09:08:56 -0300] "POST /cormun/servlet/solicitudot?gx-no-cache=1490184604513 HTTP/1.1" 200 1157
186.103.159.183 - - [22/Mar/2017:09:09:05 -0300] "GET /cormun/servlet/trsolicitudot? HTTP/1.1" 200 6965
186.103.159.183 - - [22/Mar/2017:09:09:06 -0300] "GET /cormun/static/gxcfg.js?201731711505139 HTTP/1.1" 200 953
186.103.159.183 - - [22/Mar/2017:09:09:06 -0300] "GET /cormun/static/trsolicitudot.js?20173171151116 HTTP/1.1" 200 53117
186.103.159.183 - - [22/Mar/2017:09:09:07 -0300] "GET /cormun/servlet/trsolicitudot? HTTP/1.1" 200 6965
186.103.159.46 - - [22/Mar/2017:09:09:08 -0300] "POST /cormun/servlet/solicitudot?gx-no-cache=1490184616087 HTTP/1.1" 200 256
186.103.159.183 - - [22/Mar/2017:09:09:10 -0300] "GET /cormun/static/menuarrow.gif HTTP/1.1" 404 1015
186.103.159.183 - - [22/Mar/2017:09:09:14 -0300] "POST /cormun/servlet/trsolicitudot?e9252c8c6ecc8dd316121f775f93e9c3,,gx-no-cache=1490184623406 HTTP/1.1" 200 4149
186.103.159.46 - - [22/Mar/2017:09:09:16 -0300] "GET /cormun/servlet/solicitudot?4ab28fa7d6773362e2f073c0e2fbdf00ca2af518f6fb0331415f6d6d2961c1bcd803deae265c3a06cbbdef2d9c70c298fe1a39b15da1567f40e21f8f5326ece064db61458339a2819b4ebd183fe55731e38d48877d819aeaf9a29793b58417ae509df43982d9785ad290fdfd93cee4b8d2e0e2168b39450e606b0a047c6469870ed0da134ba0776fe146962d9a333d2a9d1516c846fdba99346b1c3f81ab7219ae0361cea860292675f701e9fc8b4fbe4a3c08147af97ab1c1a811c6b0401eaddb9e36e5a7e18620c451ee06d3f758624ffd04fef18becf8ca721302d8f65b56d0d9c898f422c143e9934a32b25d8b72a3797cd5d130bef2601f80d35369eac4f33421287cb4a3b9d2249124cbc4338e242283e02d7bcce7da4770e5cf7999f106baeb7fe4d48618cde89109d1a82868e63e64ae60855a268bcbfc88c263c1ba4a55de804cf845e1a8e54643952c1dafb865b8ce39eceb4ab70c5104b1546dfb5e29a89add177c70d87573fc1c8ff2f26c066840d9eced4828fffc101e427dc5,gx-no-cache=1490184624582 HTTP/1.1" 200 30
186.103.159.183 - - [22/Mar/2017:09:09:17 -0300] "POST /cormun/servlet/trsolicitudot?e9252c8c6ecc8dd316121f775f93e9c3,,gx-no-cache=1490184626775 HTTP/1.1" 200 4148
200.54.247.69 - - [22/Mar/2017:09:09:18 -0300] "GET /cormun/static/menuarrow.gif HTTP/1.1" 404 1015
186.103.159.183 - - [22/Mar/2017:09:09:21 -0300] "POST /cormun/servlet/trsolicitudot?e9252c8c6ecc8dd316121f775f93e9c3,,gx-no-cache=1490184630642 HTTP/1.1" 200 4149
186.103.159.46 - - [22/Mar/2017:09:09:22 -0300] "POST /cormun/servlet/solicitudot?gx-no-cache=1490184630332 HTTP/1.1" 200 30
186.103.159.46 - - [22/Mar/2017:09:09:24 -0300] "POST /cormun/servlet/solicitudot?gx-no-cache=1490184631974 HTTP/1.1" 200 235
186.103.159.46 - - [22/Mar/2017:09:09:24 -0300] "POST /cormun/servlet/solicitudot?gx-no-cache=1490184632123 HTTP/1.1" 200 38
186.103.159.183 - - [22/Mar/2017:09:09:25 -0300] "POST /cormun/servlet/trsolicitudot?e9252c8c6ecc8dd316121f775f93e9c3,,gx-no-cache=1490184635263 HTTP/1.1" 200 4151
186.103.159.183 - - [22/Mar/2017:09:09:32 -0300] "GET /cormun/servlet/hlogin HTTP/1.1" 200 1736
200.54.247.69 - - [22/Mar/2017:09:09:40 -0300] "GET /cormun/servlet/solicitudot?c1673b02f62db617ec7b2045c1438d022775aab3665fa53b2ca757ee4adf16091671b9e24eff95b572637946d7d4d960c1fbf2204b2fdaaa172a71cc05796acf62e6d0260df7af280001e8de404887057fce17be358eba66b783acc8390a532bdac444d15042f492132698a25d84a80d9085ae85a3d8be76ee0da8880831c98478c1c65951bdd2a23e789ac1917f243d72736ca7adba0fbfd8123967fba9e619fc04c00ad444ebd30ca9ea083ac4a73b,gx-no-cache=1490184648497 HTTP/1.1" 200 30
200.54.247.69 - - [22/Mar/2017:09:09:41 -0300] "POST /cormun/servlet/solicitudot?89e414d1dd7263eb6458db7254d519d2,INS,0,0,,gx-no-cache=1490184648630 HTTP/1.1" 200 93
200.54.247.69 - - [22/Mar/2017:09:09:41 -0300] "GET /cormun/servlet/hpexe_return? HTTP/1.1" 200 1008
200.54.247.69 - - [22/Mar/2017:09:09:41 -0300] "GET /cormun/static/gxcfg.js?2016101716175148 HTTP/1.1" 304 -
200.54.247.69 - - [22/Mar/2017:09:09:41 -0300] "GET /cormun/static/hpexe_return.js?2016101716175153 HTTP/1.1" 304 -
200.54.247.69 - - [22/Mar/2017:09:09:41 -0300] "GET /cormun/servlet/trsolicitudot HTTP/1.1" 200 8214
200.54.247.69 - - [22/Mar/2017:09:09:44 -0300] "POST /cormun/servlet/trsolicitudot?89e414d1dd7263eb6458db7254d519d2,gx-no-cache=1490184652379 HTTP/1.1" 200 106
200.54.247.69 - - [22/Mar/2017:09:09:44 -0300] "GET /cormun/servlet/trsolicitudadjuntos?2017,5675, HTTP/1.1" 200 6097
200.54.247.69 - - [22/Mar/2017:09:09:44 -0300] "GET /cormun/static/gxcfg.js?201731711504543 HTTP/1.1" 304 -
200.54.247.69 - - [22/Mar/2017:09:09:44 -0300] "GET /cormun/static/trsolicitudadjuntos.js?201731711504951 HTTP/1.1" 304 -
200.54.247.69 - - [22/Mar/2017:09:09:48 -0300] "GET /cormun/servlet/solicitudotadjuntos?INS,2017,5675,,1, HTTP/1.1" 200 6036
200.54.247.69 - - [22/Mar/2017:09:09:48 -0300] "GET /cormun/static/gxcfg.js?201612218465951 HTTP/1.1" 304 -
200.54.247.69 - - [22/Mar/2017:09:09:48 -0300] "GET /cormun/static/solicitudotadjuntos.js?201612218465969 HTTP/1.1" 304 -
200.54.247.69 - - [22/Mar/2017:09:09:48 -0300] "HEAD /cormun/static/about:blank HTTP/1.1" 404 -
200.54.247.69 - - [22/Mar/2017:09:09:49 -0300] "GET /cormun/servlet/solicitudotadjuntos?c1673b02f62db617ec7b2045c1438d02110f26b98d2e13a1c95e44dec1337d49e55fc627ddf7d8e55f9c9c5ca4f79edb,gx-no-cache=1490184657092 HTTP/1.1" 200 30
200.54.247.69 - - [22/Mar/2017:09:09:49 -0300] "POST /cormun/servlet/solicitudotadjuntos?89e414d1dd7263eb6458db7254d519d2,INS,2017,5675,,1,,gx-no-cache=1490184657139 HTTP/1.1" 200 3824
200.54.247.69 - - [22/Mar/2017:09:09:51 -0300] "POST /cormun/servlet/solicitudotadjuntos?gx-no-cache=1490184659883 HTTP/1.1" 200 26
186.103.159.46 - - [22/Mar/2017:09:09:56 -0300] "GET /cormun/servlet/solicitudot?4ab28fa7d6773362e2f073c0e2fbdf00a7017866bf054aad98636480606bf207896d84d1c0f0bf21236a1ce461aeac89a6e8eafae67cad1e6bb88a964e89a5279efed960e9f62498630f438814f54185d447e9ad4bc9d000ef7795b266a72b28d5bab6af11728fe22192e1aaee0e2dbd,gx-no-cache=1490184664581 HTTP/1.1" 200 29
186.103.159.46 - - [22/Mar/2017:09:09:56 -0300] "POST /cormun/servlet/solicitudot?gx-no-cache=1490184664724 HTTP/1.1" 200 643
186.103.159.46 - - [22/Mar/2017:09:10:00 -0300] "POST /cormun/servlet/solicitudot?gx-no-cache=1490184668329 HTTP/1.1" 200 1157
186.103.159.46 - - [22/Mar/2017:09:10:12 -0300] "GET /cormun/static/menuarrow.gif HTTP/1.1" 404 1015
200.54.247.69 - - [22/Mar/2017:09:10:15 -0300] "GET /cormun/servlet/solicitudotadjuntos?c1673b02f62db617ec7b2045c1438d02665658276691fa2efd9881b2f90bc86d,gx-no-cache=1490184683078 HTTP/1.1" 200 30
200.54.247.69 - - [22/Mar/2017:09:10:15 -0300] "GET /cormun/servlet/solicitudotadjuntos?c1673b02f62db617ec7b2045c1438d02665658276691fa2efd9881b2f90bc86d,gx-no-cache=1490184683110 HTTP/1.1" 200 30
200.54.247.69 - - [22/Mar/2017:09:10:15 -0300] "POST /cormun/servlet/solicitudotadjuntos?89e414d1dd7263eb6458db7254d519d2,INS,2017,5675,,1, HTTP/1.1" 200 116
200.54.247.69 - - [22/Mar/2017:09:10:15 -0300] "GET /cormun/servlet/hpexe_return? HTTP/1.1" 200 1027
200.54.247.69 - - [22/Mar/2017:09:10:15 -0300] "GET /cormun/servlet/trsolicitudadjuntos?2017,5675, HTTP/1.1" 200 8256
200.54.247.69 - - [22/Mar/2017:09:10:18 -0300] "GET /cormun/servlet/solicitudotadjuntos?INS,2017,5675,,1, HTTP/1.1" 200 6036
200.54.247.69 - - [22/Mar/2017:09:10:18 -0300] "HEAD /cormun/static/about:blank HTTP/1.1" 404 -
200.54.247.69 - - [22/Mar/2017:09:10:19 -0300] "GET /cormun/servlet/solicitudotadjuntos?c1673b02f62db617ec7b2045c1438d02110f26b98d2e13a1c95e44dec1337d49e55fc627ddf7d8e55f9c9c5ca4f79edb,gx-no-cache=1490184687448 HTTP/1.1" 200 30
200.54.247.69 - - [22/Mar/2017:09:10:19 -0300] "POST /cormun/servlet/solicitudotadjuntos?89e414d1dd7263eb6458db7254d519d2,INS,2017,5675,,1,,gx-no-cache=1490184687498 HTTP/1.1" 200 3824
200.54.247.69 - - [22/Mar/2017:09:10:22 -0300] "POST /cormun/servlet/solicitudotadjuntos?gx-no-cache=1490184690335 HTTP/1.1" 200 26
200.54.247.69 - - [22/Mar/2017:09:10:30 -0300] "GET /cormun/servlet/solicitudotadjuntos?c1673b02f62db617ec7b2045c1438d02665658276691fa2efd9881b2f90bc86d,gx-no-cache=1490184697999 HTTP/1.1" 200 30
200.54.247.69 - - [22/Mar/2017:09:10:30 -0300] "GET /cormun/servlet/solicitudotadjuntos?c1673b02f62db617ec7b2045c1438d02665658276691fa2efd9881b2f90bc86d,gx-no-cache=1490184698042 HTTP/1.1" 200 30
200.54.247.69 - - [22/Mar/2017:09:10:31 -0300] "POST /cormun/servlet/solicitudotadjuntos?89e414d1dd7263eb6458db7254d519d2,INS,2017,5675,,1, HTTP/1.1" 200 116
200.54.247.69 - - [22/Mar/2017:09:10:31 -0300] "GET /cormun/servlet/hpexe_return? HTTP/1.1" 200 1027
200.54.247.69 - - [22/Mar/2017:09:10:31 -0300] "GET /cormun/servlet/trsolicitudadjuntos?2017,5675, HTTP/1.1" 200 8432
200.54.247.69 - - [22/Mar/2017:09:10:34 -0300] "GET /cormun/servlet/solicitudotadjuntos?INS,2017,5675,,1, HTTP/1.1" 200 6035
200.54.247.69 - - [22/Mar/2017:09:10:34 -0300] "HEAD /cormun/static/about:blank HTTP/1.1" 404 -
200.54.247.69 - - [22/Mar/2017:09:10:34 -0300] "GET /cormun/servlet/solicitudotadjuntos?c1673b02f62db617ec7b2045c1438d02110f26b98d2e13a1c95e44dec1337d49e55fc627ddf7d8e55f9c9c5ca4f79edb,gx-no-cache=1490184702929 HTTP/1.1" 200 30
200.54.247.69 - - [22/Mar/2017:09:10:35 -0300] "POST /cormun/servlet/solicitudotadjuntos?89e414d1dd7263eb6458db7254d519d2,INS,2017,5675,,1,,gx-no-cache=1490184702972 HTTP/1.1" 200 3824
200.54.247.69 - - [22/Mar/2017:09:10:38 -0300] "POST /cormun/servlet/solicitudotadjuntos?gx-no-cache=1490184706079 HTTP/1.1" 200 26
200.54.247.69 - - [22/Mar/2017:09:10:45 -0300] "GET /cormun/servlet/solicitudotadjuntos?c1673b02f62db617ec7b2045c1438d02665658276691fa2efd9881b2f90bc86d,gx-no-cache=1490184713839 HTTP/1.1" 200 30
200.54.247.69 - - [22/Mar/2017:09:10:45 -0300] "GET /cormun/servlet/solicitudotadjuntos?c1673b02f62db617ec7b2045c1438d02665658276691fa2efd9881b2f90bc86d,gx-no-cache=1490184713879 HTTP/1.1" 200 30
200.54.247.69 - - [22/Mar/2017:09:10:47 -0300] "POST /cormun/servlet/solicitudotadjuntos?89e414d1dd7263eb6458db7254d519d2,INS,2017,5675,,1, HTTP/1.1" 200 116
200.54.247.69 - - [22/Mar/2017:09:10:47 -0300] "GET /cormun/servlet/hpexe_return? HTTP/1.1" 200 1027
200.54.247.69 - - [22/Mar/2017:09:10:47 -0300] "GET /cormun/servlet/trsolicitudadjuntos?2017,5675, HTTP/1.1" 200 8596
186.103.159.46 - - [22/Mar/2017:09:10:48 -0300] "GET /cormun/servlet/solicitudot?4ab28fa7d6773362e2f073c0e2fbdf0046b3277ffc69cf5eb782158048cb90249220c25382c789217d86259276e5abcc2ae33a2a0e1c3d62659bd543d24dd7d4b1055c4edc2774404a337651283f620534b68851b1a6d2101b5e51de029bfac8819dd5e2ecd221ceee49f474e385c9791eb190997a6c2978523a4980b3cceda2081ac148046e0bd1d8c1c9a20f3cda1cd69358d0ef518c9d1579b6fc1d447a0d251da8043725e085b460ba030c16a222,gx-no-cache=1490184716626 HTTP/1.1" 200 30
200.54.247.69 - - [22/Mar/2017:09:10:50 -0300] "GET /cormun/servlet/solicitudotadjuntos?INS,2017,5675,,1, HTTP/1.1" 200 6035
200.54.247.69 - - [22/Mar/2017:09:10:51 -0300] "HEAD /cormun/static/about:blank HTTP/1.1" 404 -
200.54.247.69 - - [22/Mar/2017:09:10:51 -0300] "GET /cormun/servlet/solicitudotadjuntos?c1673b02f62db617ec7b2045c1438d02110f26b98d2e13a1c95e44dec1337d49e55fc627ddf7d8e55f9c9c5ca4f79edb,gx-no-cache=1490184719858 HTTP/1.1" 200 30
200.54.247.69 - - [22/Mar/2017:09:10:52 -0300] "POST /cormun/servlet/solicitudotadjuntos?89e414d1dd7263eb6458db7254d519d2,INS,2017,5675,,1,,gx-no-cache=1490184719912 HTTP/1.1" 200 3824
200.54.247.69 - - [22/Mar/2017:09:10:55 -0300] "POST /cormun/servlet/solicitudotadjuntos?gx-no-cache=1490184723455 HTTP/1.1" 200 26
200.54.247.69 - - [22/Mar/2017:09:11:00 -0300] "GET /cormun/servlet/solicitudotadjuntos?c1673b02f62db617ec7b2045c1438d02665658276691fa2efd9881b2f90bc86d,gx-no-cache=1490184728783 HTTP/1.1" 200 30
200.54.247.69 - - [22/Mar/2017:09:11:00 -0300] "GET /cormun/servlet/solicitudotadjuntos?c1673b02f62db617ec7b2045c1438d02665658276691fa2efd9881b2f90bc86d,gx-no-cache=1490184728799 HTTP/1.1" 200 30
200.54.247.69 - - [22/Mar/2017:09:11:00 -0300] "POST /cormun/servlet/solicitudotadjuntos?89e414d1dd7263eb6458db7254d519d2,INS,2017,5675,,1, HTTP/1.1" 200 116
200.54.247.69 - - [22/Mar/2017:09:11:00 -0300] "GET /cormun/servlet/hpexe_return? HTTP/1.1" 200 1027
200.54.247.69 - - [22/Mar/2017:09:11:01 -0300] "GET /cormun/servlet/trsolicitudadjuntos?2017,5675, HTTP/1.1" 200 8740
200.54.247.69 - - [22/Mar/2017:09:11:05 -0300] "GET /cormun/servlet/solicitudotadjuntos?INS,2017,5675,,1, HTTP/1.1" 200 6035
200.54.247.69 - - [22/Mar/2017:09:11:06 -0300] "HEAD /cormun/static/about:blank HTTP/1.1" 404 -
200.54.247.69 - - [22/Mar/2017:09:11:06 -0300] "GET /cormun/servlet/solicitudotadjuntos?c1673b02f62db617ec7b2045c1438d02110f26b98d2e13a1c95e44dec1337d49e55fc627ddf7d8e55f9c9c5ca4f79edb,gx-no-cache=1490184734926 HTTP/1.1" 200 30
200.54.247.69 - - [22/Mar/2017:09:11:07 -0300] "POST /cormun/servlet/solicitudotadjuntos?89e414d1dd7263eb6458db7254d519d2,INS,2017,5675,,1,,gx-no-cache=1490184734989 HTTP/1.1" 200 3824
200.54.247.69 - - [22/Mar/2017:09:11:09 -0300] "POST /cormun/servlet/solicitudotadjuntos?gx-no-cache=1490184737919 HTTP/1.1" 200 26
200.54.247.69 - - [22/Mar/2017:09:11:15 -0300] "GET /cormun/servlet/solicitudotadjuntos?c1673b02f62db617ec7b2045c1438d02665658276691fa2efd9881b2f90bc86d,gx-no-cache=1490184743967 HTTP/1.1" 200 30
200.54.247.69 - - [22/Mar/2017:09:11:16 -0300] "GET /cormun/servlet/solicitudotadjuntos?c1673b02f62db617ec7b2045c1438d02665658276691fa2efd9881b2f90bc86d,gx-no-cache=1490184743982 HTTP/1.1" 200 30
200.54.247.69 - - [22/Mar/2017:09:11:16 -0300] "POST /cormun/servlet/solicitudotadjuntos?89e414d1dd7263eb6458db7254d519d2,INS,2017,5675,,1, HTTP/1.1" 200 116
200.54.247.69 - - [22/Mar/2017:09:11:16 -0300] "GET /cormun/servlet/hpexe_return? HTTP/1.1" 200 1027
200.54.247.69 - - [22/Mar/2017:09:11:16 -0300] "GET /cormun/servlet/trsolicitudadjuntos?2017,5675, HTTP/1.1" 200 8949
186.103.159.46 - - [22/Mar/2017:09:11:19 -0300] "POST /cormun/servlet/solicitudot?c846a776f762ebc38a938c3ac75ac178,INS,0,0,,gx-no-cache=1490184746596 HTTP/1.1" 200 93
186.103.159.46 - - [22/Mar/2017:09:11:19 -0300] "GET /cormun/servlet/hpexe_return? HTTP/1.1" 200 1008
186.103.159.46 - - [22/Mar/2017:09:11:19 -0300] "GET /cormun/servlet/trsolicitudot HTTP/1.1" 200 8451
200.54.247.69 - - [22/Mar/2017:09:11:20 -0300] "GET /cormun/servlet/solicitudotadjuntos?INS,2017,5675,,1, HTTP/1.1" 200 6036
200.54.247.69 - - [22/Mar/2017:09:11:20 -0300] "HEAD /cormun/static/about:blank HTTP/1.1" 404 -
200.54.247.69 - - [22/Mar/2017:09:11:21 -0300] "GET /cormun/servlet/solicitudotadjuntos?c1673b02f62db617ec7b2045c1438d02110f26b98d2e13a1c95e44dec1337d49e55fc627ddf7d8e55f9c9c5ca4f79edb,gx-no-cache=1490184749322 HTTP/1.1" 200 30
200.54.247.69 - - [22/Mar/2017:09:11:21 -0300] "POST /cormun/servlet/solicitudotadjuntos?89e414d1dd7263eb6458db7254d519d2,INS,2017,5675,,1,,gx-no-cache=1490184749384 HTTP/1.1" 200 3824
186.103.159.46 - - [22/Mar/2017:09:11:21 -0300] "GET /cormun/servlet/trsolicitudot HTTP/1.1" 200 8447
200.54.247.69 - - [22/Mar/2017:09:11:22 -0300] "POST /cormun/servlet/solicitudotadjuntos?gx-no-cache=1490184750655 HTTP/1.1" 200 26
186.103.159.46 - - [22/Mar/2017:09:11:25 -0300] "POST /cormun/servlet/trsolicitudot?c846a776f762ebc38a938c3ac75ac178,gx-no-cache=1490184752876 HTTP/1.1" 200 106
186.103.159.46 - - [22/Mar/2017:09:11:25 -0300] "GET /cormun/servlet/trsolicitudadjuntos?2017,5315, HTTP/1.1" 200 5877
186.103.159.46 - - [22/Mar/2017:09:11:26 -0300] "GET /cormun/servlet/trsolicitudadjuntos?2017,5315, HTTP/1.1" 200 5877
200.54.247.69 - - [22/Mar/2017:09:11:28 -0300] "POST /cormun/servlet/solicitudotadjuntos?gx-no-cache=1490184756886 HTTP/1.1" 200 26
186.103.159.46 - - [22/Mar/2017:09:11:30 -0300] "GET /cormun/servlet/trsolicitudot HTTP/1.1" 200 8451
186.103.159.46 - - [22/Mar/2017:09:11:31 -0300] "GET /cormun/servlet/trsolicitudot HTTP/1.1" 200 8447
186.103.159.46 - - [22/Mar/2017:09:11:34 -0300] "POST /cormun/servlet/trsolicitudot?c846a776f762ebc38a938c3ac75ac178,gx-no-cache=1490184762198 HTTP/1.1" 200 106
186.103.159.46 - - [22/Mar/2017:09:11:34 -0300] "GET /cormun/servlet/trsolicitudadjuntos?2017,5676, HTTP/1.1" 200 5877
200.54.247.69 - - [22/Mar/2017:09:11:35 -0300] "GET /cormun/servlet/solicitudotadjuntos?c1673b02f62db617ec7b2045c1438d02665658276691fa2efd9881b2f90bc86d,gx-no-cache=1490184763055 HTTP/1.1" 200 30
200.54.247.69 - - [22/Mar/2017:09:11:35 -0300] "GET /cormun/servlet/solicitudotadjuntos?c1673b02f62db617ec7b2045c1438d02665658276691fa2efd9881b2f90bc86d,gx-no-cache=1490184763110 HTTP/1.1" 200 30
186.103.159.46 - - [22/Mar/2017:09:11:35 -0300] "GET /cormun/servlet/trsolicitudadjuntos?2017,5676, HTTP/1.1" 200 5877
200.54.247.69 - - [22/Mar/2017:09:11:36 -0300] "POST /cormun/servlet/solicitudotadjuntos?89e414d1dd7263eb6458db7254d519d2,INS,2017,5675,,1, HTTP/1.1" 200 116
200.54.247.69 - - [22/Mar/2017:09:11:36 -0300] "GET /cormun/servlet/hpexe_return? HTTP/1.1" 200 1027
200.54.247.69 - - [22/Mar/2017:09:11:36 -0300] "GET /cormun/servlet/trsolicitudadjuntos?2017,5675, HTTP/1.1" 200 9172
186.103.159.46 - - [22/Mar/2017:09:11:38 -0300] "GET /cormun/servlet/solicitudotadjuntos?INS,2017,5676,,1, HTTP/1.1" 200 5811
186.103.159.46 - - [22/Mar/2017:09:11:39 -0300] "GET /cormun/static/about:blank HTTP/1.1" 404 1011
186.103.159.46 - - [22/Mar/2017:09:11:40 -0300] "GET /cormun/servlet/solicitudotadjuntos?INS,2017,5676,,1, HTTP/1.1" 200 5805
186.103.159.46 - - [22/Mar/2017:09:11:40 -0300] "GET /cormun/servlet/solicitudotadjuntos?4ab28fa7d6773362e2f073c0e2fbdf0086daddb4dcd56ff2b690646a87028d397a511d0528ed95241ed02c1e2150cf10,gx-no-cache=1490184768445 HTTP/1.1" 200 30
186.103.159.46 - - [22/Mar/2017:09:11:40 -0300] "POST /cormun/servlet/solicitudotadjuntos?c846a776f762ebc38a938c3ac75ac178,INS,2017,5676,,1,,gx-no-cache=1490184768540 HTTP/1.1" 200 3641
200.54.247.69 - - [22/Mar/2017:09:11:40 -0300] "GET /cormun/servlet/trsolicitudot? HTTP/1.1" 200 8216
200.54.247.69 - - [22/Mar/2017:09:11:44 -0300] "POST /cormun/servlet/trsolicitudot?89e414d1dd7263eb6458db7254d519d2,,gx-no-cache=1490184772147 HTTP/1.1" 200 4335
200.54.247.69 - - [22/Mar/2017:09:11:44 -0300] "POST /cormun/servlet/trsolicitudot?89e414d1dd7263eb6458db7254d519d2,,gx-no-cache=1490184772456 HTTP/1.1" 200 4134
200.54.247.69 - - [22/Mar/2017:09:11:44 -0300] "GET /cormun/static/Shared/jqueryui/images/ui-bg_flat_55_fafafa_40x100.png HTTP/1.1" 404 1097
200.54.247.69 - - [22/Mar/2017:09:11:44 -0300] "GET /cormun/static/Shared/jqueryui/images/ui-icons_82798d_256x240.png HTTP/1.1" 404 1089
200.54.247.69 - - [22/Mar/2017:09:11:44 -0300] "GET /cormun/static/Shared/jqueryui/images/ui-bg_highlight-soft_100_c6c2c8_1x100.png HTTP/1.1" 404 1117
200.54.247.69 - - [22/Mar/2017:09:11:44 -0300] "GET /cormun/static/Shared/jqueryui/images/ui-icons_8d78a5_256x240.png HTTP/1.1" 404 1089
186.103.159.46 - - [22/Mar/2017:09:11:48 -0300] "POST /cormun/servlet/solicitudotadjuntos?gx-no-cache=1490184776627 HTTP/1.1" 200 26
186.103.159.182 - - [22/Mar/2017:09:11:59 -0300] "GET /cormun/servlet/licenciaspermisos?488b05c6acc4315198b09a3d68f7baa1246e24e6d1fbff21dbcbfe99a8ab5f764ca8cdae262162a926d55372ce5d00e9d01fc2ce5cb63094b9bf2d3c5c1a86bed158dd3a43af415be78b19ca269521f6,gx-no-cache=1490184787288 HTTP/1.1" 200 68
186.103.159.182 - - [22/Mar/2017:09:11:59 -0300] "POST /cormun/servlet/licenciaspermisos?6917a967f9643d1b819a8f77cbf1be01,INS,0,,,,gx-no-cache=1490184787428 HTTP/1.1" 200 4717
46.176.185.92 - - [22/Mar/2017:09:12:04 -0300] "GET / HTTP/1.0" 200 11197
200.54.247.69 - - [22/Mar/2017:09:12:07 -0300] "GET /cormun/servlet/trautorizarsolicitud? HTTP/1.1" 200 8142
200.54.247.69 - - [22/Mar/2017:09:12:07 -0300] "GET /cormun/static/gxcfg.js?2017259112829 HTTP/1.1" 304 -
200.54.247.69 - - [22/Mar/2017:09:12:07 -0300] "GET /cormun/static/trautorizarsolicitud.js?2017259113483 HTTP/1.1" 304 -
186.103.159.182 - - [22/Mar/2017:09:12:08 -0300] "GET /cormun/servlet/prfichaempleado?,MD,,gxPopupLevel%3D0%3B HTTP/1.1" 200 8914
200.54.247.69 - - [22/Mar/2017:09:12:33 -0300] "POST /cormun/servlet/trautorizarsolicitud?89e414d1dd7263eb6458db7254d519d2,,gx-no-cache=1490184821623 HTTP/1.1" 200 4299
200.54.247.69 - - [22/Mar/2017:09:12:34 -0300] "POST /cormun/servlet/trautorizarsolicitud?89e414d1dd7263eb6458db7254d519d2,,gx-no-cache=1490184822079 HTTP/1.1" 200 4096
200.54.247.69 - - [22/Mar/2017:09:12:34 -0300] "GET /cormun/static/Shared/jqueryui/images/ui-icons_8d78a5_256x240.png HTTP/1.1" 404 1089
200.54.247.69 - - [22/Mar/2017:09:12:34 -0300] "GET /cormun/static/Shared/jqueryui/images/ui-bg_highlight-soft_100_c6c2c8_1x100.png HTTP/1.1" 404 1117
200.54.247.69 - - [22/Mar/2017:09:12:34 -0300] "GET /cormun/static/Shared/jqueryui/images/ui-bg_flat_55_fafafa_40x100.png HTTP/1.1" 404 1097
200.54.247.69 - - [22/Mar/2017:09:12:34 -0300] "GET /cormun/static/Shared/jqueryui/images/ui-icons_82798d_256x240.png HTTP/1.1" 404 1089
186.103.159.182 - - [22/Mar/2017:09:12:41 -0300] "POST /cormun/servlet/prfichaempleado?6917a967f9643d1b819a8f77cbf1be01,,MD,,gxPopupLevel%3D0%3B,gx-no-cache=1490184829668 HTTP/1.1" 200 3407
186.103.159.46 - - [22/Mar/2017:09:12:50 -0300] "GET /cormun/servlet/solicitudotadjuntos?4ab28fa7d6773362e2f073c0e2fbdf002cfd0849574e6560f0ab1c766ca4e428,gx-no-cache=1490184838441 HTTP/1.1" 200 30
186.103.159.46 - - [22/Mar/2017:09:12:50 -0300] "GET /cormun/servlet/solicitudotadjuntos?4ab28fa7d6773362e2f073c0e2fbdf002cfd0849574e6560f0ab1c766ca4e428,gx-no-cache=1490184838609 HTTP/1.1" 200 30
186.103.159.46 - - [22/Mar/2017:09:12:52 -0300] "POST /cormun/servlet/solicitudotadjuntos?c846a776f762ebc38a938c3ac75ac178,INS,2017,5676,,1, HTTP/1.1" 200 116
186.103.159.46 - - [22/Mar/2017:09:12:52 -0300] "GET /cormun/servlet/hpexe_return? HTTP/1.1" 200 1028
186.103.159.46 - - [22/Mar/2017:09:12:53 -0300] "GET /cormun/servlet/trsolicitudadjuntos?2017,5676, HTTP/1.1" 200 8009
186.103.159.46 - - [22/Mar/2017:09:12:54 -0300] "GET /cormun/servlet/trsolicitudadjuntos?2017,5676, HTTP/1.1" 200 8021
186.103.159.182 - - [22/Mar/2017:09:12:56 -0300] "GET /cormun/servlet/licenciaspermisos?488b05c6acc4315198b09a3d68f7baa1d5263d8d72372a51318694bf2de7599753cdded4ce9ef30c1292c5d19e84d8dbf2aac5c1e76ea7844d4c4b8ae2f6f3f680698c0238edbf783a55c0a6e29675705c5005e2b26f5dd79b4380a587f8e444b5cc7cad07299508314f08c6df535a434e9855d36f564e3f301c452df7a00d1f7fce222016af04cbc2f5480331e7997fb537d224f9a9bbb6d77dff8f2edda19b5dbb138ce036ea3c0723318a329e9791,gx-no-cache=1490184844763 HTTP/1.1" 200 63
186.103.159.182 - - [22/Mar/2017:09:12:57 -0300] "POST /cormun/servlet/licenciaspermisos?6917a967f9643d1b819a8f77cbf1be01,INS,0,,,,gx-no-cache=1490184844842 HTTP/1.1" 200 93
186.103.159.182 - - [22/Mar/2017:09:12:57 -0300] "GET /cormun/servlet/hpexe_return? HTTP/1.1" 200 1013
186.103.159.182 - - [22/Mar/2017:09:12:57 -0300] "GET /cormun/static/gxcfg.js?2016101716175148 HTTP/1.1" 304 -
186.103.159.182 - - [22/Mar/2017:09:12:57 -0300] "GET /cormun/static/hpexe_return.js?2016101716175153 HTTP/1.1" 304 -
186.103.159.182 - - [22/Mar/2017:09:12:57 -0300] "GET /cormun/servlet/trlicencias HTTP/1.1" 200 8108
186.103.159.46 - - [22/Mar/2017:09:12:58 -0300] "GET /cormun/servlet/solicitudotadjuntos?INS,2017,5676,,1, HTTP/1.1" 200 5811
186.103.159.46 - - [22/Mar/2017:09:12:58 -0300] "GET /cormun/static/about:blank HTTP/1.1" 404 1011
186.103.159.182 - - [22/Mar/2017:09:12:59 -0300] "GET /cormun/servlet/trlicencias HTTP/1.1" 200 8104
186.103.159.46 - - [22/Mar/2017:09:12:59 -0300] "GET /cormun/servlet/solicitudotadjuntos?INS,2017,5676,,1, HTTP/1.1" 200 5805
186.103.159.46 - - [22/Mar/2017:09:12:59 -0300] "GET /cormun/servlet/solicitudotadjuntos?4ab28fa7d6773362e2f073c0e2fbdf0086daddb4dcd56ff2b690646a87028d397a511d0528ed95241ed02c1e2150cf10,gx-no-cache=1490184847857 HTTP/1.1" 200 30
186.103.159.46 - - [22/Mar/2017:09:13:00 -0300] "POST /cormun/servlet/solicitudotadjuntos?c846a776f762ebc38a938c3ac75ac178,INS,2017,5676,,1,,gx-no-cache=1490184847964 HTTP/1.1" 200 3640
186.103.159.46 - - [22/Mar/2017:09:13:05 -0300] "POST /cormun/servlet/solicitudotadjuntos?gx-no-cache=1490184853089 HTTP/1.1" 200 26
186.103.159.46 - - [22/Mar/2017:09:13:37 -0300] "GET /cormun/servlet/solicitudotadjuntos?4ab28fa7d6773362e2f073c0e2fbdf002cfd0849574e6560f0ab1c766ca4e428,gx-no-cache=1490184884867 HTTP/1.1" 200 30
186.103.159.46 - - [22/Mar/2017:09:13:37 -0300] "GET /cormun/servlet/solicitudotadjuntos?4ab28fa7d6773362e2f073c0e2fbdf002cfd0849574e6560f0ab1c766ca4e428,gx-no-cache=1490184885034 HTTP/1.1" 200 30
186.103.159.46 - - [22/Mar/2017:09:13:39 -0300] "POST /cormun/servlet/solicitudotadjuntos?c846a776f762ebc38a938c3ac75ac178,INS,2017,5676,,1, HTTP/1.1" 200 116
186.103.159.46 - - [22/Mar/2017:09:13:39 -0300] "GET /cormun/servlet/hpexe_return? HTTP/1.1" 200 1028
186.103.159.46 - - [22/Mar/2017:09:13:39 -0300] "GET /cormun/servlet/trsolicitudadjuntos?2017,5676, HTTP/1.1" 200 8238
186.103.159.46 - - [22/Mar/2017:09:13:41 -0300] "GET /cormun/servlet/trsolicitudadjuntos?2017,5676, HTTP/1.1" 200 8239
186.103.159.46 - - [22/Mar/2017:09:13:45 -0300] "GET /cormun/servlet/solicitudotadjuntos?INS,2017,5676,,1, HTTP/1.1" 200 5812
186.103.159.46 - - [22/Mar/2017:09:13:45 -0300] "GET /cormun/static/about:blank HTTP/1.1" 404 1011
186.103.159.46 - - [22/Mar/2017:09:13:46 -0300] "GET /cormun/servlet/solicitudotadjuntos?INS,2017,5676,,1, HTTP/1.1" 200 5806
186.103.159.46 - - [22/Mar/2017:09:13:46 -0300] "GET /cormun/servlet/solicitudotadjuntos?4ab28fa7d6773362e2f073c0e2fbdf0086daddb4dcd56ff2b690646a87028d397a511d0528ed95241ed02c1e2150cf10,gx-no-cache=1490184894776 HTTP/1.1" 200 30
186.103.159.46 - - [22/Mar/2017:09:13:47 -0300] "POST /cormun/servlet/solicitudotadjuntos?c846a776f762ebc38a938c3ac75ac178,INS,2017,5676,,1,,gx-no-cache=1490184894880 HTTP/1.1" 200 3642
186.103.159.46 - - [22/Mar/2017:09:13:54 -0300] "POST /cormun/servlet/solicitudotadjuntos?gx-no-cache=1490184902452 HTTP/1.1" 200 26
186.103.159.182 - - [22/Mar/2017:09:13:55 -0300] "GET /cormun/servlet/trlicenciaspermisosadjuntos?14149898,20170322000000,L, HTTP/1.1" 200 6384
186.103.159.182 - - [22/Mar/2017:09:13:56 -0300] "GET /cormun/static/gxcfg.js?20173171154619 HTTP/1.1" 200 953
186.103.159.182 - - [22/Mar/2017:09:13:56 -0300] "GET /cormun/static/trlicenciaspermisosadjuntos.js?20173171154971 HTTP/1.1" 304 -
186.103.159.182 - - [22/Mar/2017:09:13:57 -0300] "GET /cormun/servlet/trlicenciaspermisosadjuntos?14149898,20170322000000,L, HTTP/1.1" 200 6385
186.103.159.182 - - [22/Mar/2017:09:14:00 -0300] "GET /cormun/servlet/licenciaspermisosadjuntos?INS,14149898,L,20170322000000,, HTTP/1.1" 200 5679
186.103.159.182 - - [22/Mar/2017:09:14:00 -0300] "GET /cormun/static/gxcfg.js?201731711421170 HTTP/1.1" 200 953
186.103.159.182 - - [22/Mar/2017:09:14:00 -0300] "GET /cormun/static/licenciaspermisosadjuntos.js?201731711421181 HTTP/1.1" 304 -
186.103.159.182 - - [22/Mar/2017:09:14:00 -0300] "GET /cormun/static/about:blank HTTP/1.1" 404 1011
186.103.159.182 - - [22/Mar/2017:09:14:01 -0300] "GET /cormun/servlet/licenciaspermisosadjuntos?INS,14149898,L,20170322000000,, HTTP/1.1" 200 5668
186.103.159.46 - - [22/Mar/2017:09:14:08 -0300] "GET /cormun/servlet/solicitudotadjuntos?4ab28fa7d6773362e2f073c0e2fbdf002cfd0849574e6560f0ab1c766ca4e428,gx-no-cache=1490184916630 HTTP/1.1" 200 30
186.103.159.46 - - [22/Mar/2017:09:14:08 -0300] "GET /cormun/servlet/solicitudotadjuntos?4ab28fa7d6773362e2f073c0e2fbdf002cfd0849574e6560f0ab1c766ca4e428,gx-no-cache=1490184916762 HTTP/1.1" 200 30
186.103.159.46 - - [22/Mar/2017:09:14:09 -0300] "POST /cormun/servlet/solicitudotadjuntos?c846a776f762ebc38a938c3ac75ac178,INS,2017,5676,,1, HTTP/1.1" 200 116
186.103.159.46 - - [22/Mar/2017:09:14:09 -0300] "GET /cormun/servlet/hpexe_return? HTTP/1.1" 200 1028
186.103.159.46 - - [22/Mar/2017:09:14:09 -0300] "GET /cormun/servlet/trsolicitudadjuntos?2017,5676, HTTP/1.1" 200 8386
186.103.159.46 - - [22/Mar/2017:09:14:11 -0300] "GET /cormun/servlet/trsolicitudadjuntos?2017,5676, HTTP/1.1" 200 8384
186.103.159.46 - - [22/Mar/2017:09:14:16 -0300] "GET /cormun/servlet/solicitudotadjuntos?INS,2017,5676,,1, HTTP/1.1" 200 5812
186.103.159.46 - - [22/Mar/2017:09:14:16 -0300] "GET /cormun/static/about:blank HTTP/1.1" 404 1011
186.103.159.46 - - [22/Mar/2017:09:14:17 -0300] "GET /cormun/servlet/solicitudotadjuntos?INS,2017,5676,,1, HTTP/1.1" 200 5806
186.103.159.46 - - [22/Mar/2017:09:14:17 -0300] "GET /cormun/servlet/solicitudotadjuntos?4ab28fa7d6773362e2f073c0e2fbdf0086daddb4dcd56ff2b690646a87028d397a511d0528ed95241ed02c1e2150cf10,gx-no-cache=1490184925909 HTTP/1.1" 200 30
186.103.159.46 - - [22/Mar/2017:09:14:18 -0300] "POST /cormun/servlet/solicitudotadjuntos?c846a776f762ebc38a938c3ac75ac178,INS,2017,5676,,1,,gx-no-cache=1490184925999 HTTP/1.1" 200 3642
186.103.159.182 - - [22/Mar/2017:09:14:18 -0300] "POST /cormun/servlet/licenciaspermisosadjuntos?6917a967f9643d1b819a8f77cbf1be01,INS,14149898,L,20170322000000,, HTTP/1.1" 200 116
186.103.159.182 - - [22/Mar/2017:09:14:19 -0300] "GET /cormun/servlet/hpexe_return? HTTP/1.1" 200 1043
186.103.159.182 - - [22/Mar/2017:09:14:19 -0300] "GET /cormun/servlet/trlicenciaspermisosadjuntos?14149898,20170322000000,L, HTTP/1.1" 200 6868
186.103.159.182 - - [22/Mar/2017:09:14:20 -0300] "GET /cormun/servlet/trlicenciaspermisosadjuntos?14149898,20170322000000,L, HTTP/1.1" 200 6881
186.103.159.182 - - [22/Mar/2017:09:14:25 -0300] "POST /cormun/servlet/trlicenciaspermisosadjuntos?6917a967f9643d1b819a8f77cbf1be01,14149898,20170322000000,L,,gx-no-cache=1490184932718 HTTP/1.1" 200 90
186.103.159.182 - - [22/Mar/2017:09:14:25 -0300] "GET /cormun/servlet/hpexe_link HTTP/1.1" 200 987
186.103.159.182 - - [22/Mar/2017:09:14:25 -0300] "GET /cormun/servlet/trlicencias HTTP/1.1" 200 8106
186.103.159.46 - - [22/Mar/2017:09:14:26 -0300] "POST /cormun/servlet/solicitudotadjuntos?gx-no-cache=1490184934436 HTTP/1.1" 200 26
186.103.159.182 - - [22/Mar/2017:09:14:26 -0300] "GET /cormun/servlet/trlicencias HTTP/1.1" 200 8104
186.67.172.234 - - [22/Mar/2017:09:14:29 -0300] "GET /cormun/servlet/hlogin HTTP/1.1" 200 1722
186.67.172.234 - - [22/Mar/2017:09:14:29 -0300] "GET /cormun/static/Resources/Spanish/PXTools.css?11294912 HTTP/1.1" 304 -
186.67.172.234 - - [22/Mar/2017:09:14:29 -0300] "GET /cormun/static/gxcfg.js?201731711485472 HTTP/1.1" 304 -
186.67.172.234 - - [22/Mar/2017:09:14:29 -0300] "GET /cormun/static/messages.spa.js?85251 HTTP/1.1" 304 -
186.67.172.234 - - [22/Mar/2017:09:14:29 -0300] "GET /cormun/static/hlogin.js?201731711485490 HTTP/1.1" 304 -
186.103.159.182 - - [22/Mar/2017:09:14:32 -0300] "POST /cormun/servlet/trlicencias?6917a967f9643d1b819a8f77cbf1be01,gx-no-cache=1490184939888 HTTP/1.1" 200 4271
186.103.159.182 - - [22/Mar/2017:09:14:32 -0300] "GET /cormun/static/Shared/jqueryui/images/ui-bg_highlight-soft_100_c6c2c8_1x100.png HTTP/1.1" 404 1117
186.103.159.182 - - [22/Mar/2017:09:14:32 -0300] "GET /cormun/static/Shared/jqueryui/images/ui-icons_82798d_256x240.png HTTP/1.1" 404 1089
186.103.159.182 - - [22/Mar/2017:09:14:32 -0300] "GET /cormun/static/Shared/jqueryui/images/ui-bg_flat_55_fafafa_40x100.png HTTP/1.1" 404 1097
186.103.159.182 - - [22/Mar/2017:09:14:32 -0300] "GET /cormun/static/Shared/jqueryui/images/ui-icons_8d78a5_256x240.png HTTP/1.1" 404 1089
186.67.172.234 - - [22/Mar/2017:09:14:40 -0300] "POST /cormun/servlet/hlogin?b559d2e7f5fd628d1c168e748957259a,gx-no-cache=1490184947298 HTTP/1.1" 200 90
186.67.172.234 - - [22/Mar/2017:09:14:40 -0300] "GET /cormun/servlet/hpexe_link HTTP/1.1" 200 954
186.67.172.234 - - [22/Mar/2017:09:14:41 -0300] "GET /cormun/static/gxcfg.js?201731711483381 HTTP/1.1" 304 -
186.67.172.234 - - [22/Mar/2017:09:14:41 -0300] "GET /cormun/static/hpexe_link.js?201731711483384 HTTP/1.1" 304 -
186.67.172.234 - - [22/Mar/2017:09:14:41 -0300] "GET /cormun/servlet/hhome HTTP/1.1" 200 4045
186.67.172.234 - - [22/Mar/2017:09:14:41 -0300] "GET /cormun/static/gxcfg.js?201731711483497 HTTP/1.1" 304 -
186.67.172.234 - - [22/Mar/2017:09:14:41 -0300] "GET /cormun/static/hhome.js?20173171148352 HTTP/1.1" 304 -
186.67.172.234 - - [22/Mar/2017:09:14:41 -0300] "GET /cormun/static/hwchdr01.js?201731711335950 HTTP/1.1" 304 -
186.67.172.234 - - [22/Mar/2017:09:14:41 -0300] "GET /cormun/static/hpexe_recentlink.js?201610171694390 HTTP/1.1" 304 -
186.67.172.234 - - [22/Mar/2017:09:14:41 -0300] "GET /cormun/static/hpexe_scripts.js?201731711335890 HTTP/1.1" 304 -
186.67.172.234 - - [22/Mar/2017:09:14:41 -0300] "GET /cormun/static/hpexe_messagecontroller.js?201610171694323 HTTP/1.1" 304 -
186.67.172.234 - - [22/Mar/2017:09:14:41 -0300] "GET /cormun/static/hpexe_messagegenexuscomponent.js?201731711335537 HTTP/1.1" 304 -
186.67.172.234 - - [22/Mar/2017:09:14:41 -0300] "GET /cormun/static/hpexe_messagepopupcomponent.js?20161017169425 HTTP/1.1" 304 -
186.67.172.234 - - [22/Mar/2017:09:14:41 -0300] "GET /cormun/static/cmcontrolpreferences.js?201731711335852 HTTP/1.1" 304 -
186.67.172.234 - - [22/Mar/2017:09:14:41 -0300] "GET /cormun/static/hmpwkw03.js?201731711485354 HTTP/1.1" 304 -
186.67.172.234 - - [22/Mar/2017:09:14:42 -0300] "GET /cormun/servlet/hhome HTTP/1.1" 200 4041
186.103.159.46 - - [22/Mar/2017:09:14:56 -0300] "GET /cormun/servlet/solicitudotadjuntos?4ab28fa7d6773362e2f073c0e2fbdf002cfd0849574e6560f0ab1c766ca4e428,gx-no-cache=1490184964527 HTTP/1.1" 200 30
186.103.159.46 - - [22/Mar/2017:09:14:56 -0300] "GET /cormun/servlet/solicitudotadjuntos?4ab28fa7d6773362e2f073c0e2fbdf002cfd0849574e6560f0ab1c766ca4e428,gx-no-cache=1490184964895 HTTP/1.1" 200 30
186.103.159.46 - - [22/Mar/2017:09:14:57 -0300] "POST /cormun/servlet/solicitudotadjuntos?c846a776f762ebc38a938c3ac75ac178,INS,2017,5676,,1, HTTP/1.1" 200 116
186.103.159.46 - - [22/Mar/2017:09:14:57 -0300] "GET /cormun/servlet/hpexe_return? HTTP/1.1" 200 1028
186.103.159.46 - - [22/Mar/2017:09:14:58 -0300] "GET /cormun/servlet/trsolicitudadjuntos?2017,5676, HTTP/1.1" 200 8524
186.103.159.46 - - [22/Mar/2017:09:14:59 -0300] "GET /cormun/servlet/trsolicitudadjuntos?2017,5676, HTTP/1.1" 200 8523
186.103.159.46 - - [22/Mar/2017:09:15:03 -0300] "GET /cormun/servlet/solicitudotadjuntos?INS,2017,5676,,1, HTTP/1.1" 200 5812
186.103.159.46 - - [22/Mar/2017:09:15:03 -0300] "GET /cormun/static/about:blank HTTP/1.1" 404 1011
186.103.159.46 - - [22/Mar/2017:09:15:04 -0300] "GET /cormun/servlet/solicitudotadjuntos?INS,2017,5676,,1, HTTP/1.1" 200 5806
186.103.159.46 - - [22/Mar/2017:09:15:05 -0300] "GET /cormun/servlet/solicitudotadjuntos?4ab28fa7d6773362e2f073c0e2fbdf0086daddb4dcd56ff2b690646a87028d397a511d0528ed95241ed02c1e2150cf10,gx-no-cache=1490184973308 HTTP/1.1" 200 30
186.103.159.46 - - [22/Mar/2017:09:15:05 -0300] "POST /cormun/servlet/solicitudotadjuntos?c846a776f762ebc38a938c3ac75ac178,INS,2017,5676,,1,,gx-no-cache=1490184973378 HTTP/1.1" 200 3642
186.103.159.46 - - [22/Mar/2017:09:15:15 -0300] "POST /cormun/servlet/solicitudotadjuntos?gx-no-cache=1490184983662 HTTP/1.1" 200 26
186.67.172.234 - - [22/Mar/2017:09:15:18 -0300] "GET /cormun/servlet/trsolicitudot? HTTP/1.1" 200 7013
186.67.172.234 - - [22/Mar/2017:09:15:18 -0300] "GET /cormun/static/gxcfg.js?201731711505139 HTTP/1.1" 304 -
186.67.172.234 - - [22/Mar/2017:09:15:19 -0300] "GET /cormun/static/trsolicitudot.js?20173171151116 HTTP/1.1" 304 -
186.67.172.234 - - [22/Mar/2017:09:15:19 -0300] "GET /cormun/servlet/trsolicitudot? HTTP/1.1" 200 7012
186.67.172.234 - - [22/Mar/2017:09:15:24 -0300] "GET /cormun/servlet/solicitudot?INS,0,0, HTTP/1.1" 200 12833
186.67.172.234 - - [22/Mar/2017:09:15:24 -0300] "GET /cormun/static/Resources/Spanish/PXTools.css?18365030 HTTP/1.1" 304 -
186.67.172.234 - - [22/Mar/2017:09:15:24 -0300] "GET /cormun/static/gxcfg.js?20171191042720 HTTP/1.1" 304 -
186.67.172.234 - - [22/Mar/2017:09:15:24 -0300] "GET /cormun/static/solicitudot.js?2017119104297 HTTP/1.1" 304 -
186.67.172.234 - - [22/Mar/2017:09:15:24 -0300] "GET /cormun/servlet/solicitudot?INS,0,0, HTTP/1.1" 200 12838
200.111.191.210 - - [22/Mar/2017:09:15:38 -0300] "GET /cormun/servlet/trsolicitudot? HTTP/1.1" 200 6481
200.111.191.210 - - [22/Mar/2017:09:15:39 -0300] "GET /cormun/servlet/trsolicitudot? HTTP/1.1" 200 6491
200.111.191.210 - - [22/Mar/2017:09:15:42 -0300] "GET /cormun/servlet/solicitudot?INS,0,0, HTTP/1.1" 200 12526
200.111.191.210 - - [22/Mar/2017:09:15:42 -0300] "GET /cormun/servlet/solicitudot?INS,0,0, HTTP/1.1" 200 12531
186.67.172.234 - - [22/Mar/2017:09:15:51 -0300] "POST /cormun/servlet/solicitudot?gx-no-cache=1490185018476 HTTP/1.1" 200 3081
186.67.172.234 - - [22/Mar/2017:09:15:52 -0300] "POST /cormun/servlet/solicitudot?b559d2e7f5fd628d1c168e748957259a,INS,0,0,,gx-no-cache=1490185018770 HTTP/1.1" 200 9858
186.67.172.234 - - [22/Mar/2017:09:16:05 -0300] "POST /cormun/servlet/solicitudot?gx-no-cache=1490185032141 HTTP/1.1" 200 3185
186.67.172.234 - - [22/Mar/2017:09:16:05 -0300] "POST /cormun/servlet/solicitudot?b559d2e7f5fd628d1c168e748957259a,INS,0,0,,gx-no-cache=1490185032399 HTTP/1.1" 200 10031
200.111.191.210 - - [22/Mar/2017:09:16:05 -0300] "GET /cormun/servlet/trlicencias? HTTP/1.1" 200 6584
200.111.191.210 - - [22/Mar/2017:09:16:06 -0300] "GET /cormun/servlet/trlicencias? HTTP/1.1" 200 6578
200.111.191.210 - - [22/Mar/2017:09:16:08 -0300] "GET /cormun/servlet/licenciaspermisos?INS,0,,, HTTP/1.1" 200 7103
200.111.191.210 - - [22/Mar/2017:09:16:09 -0300] "GET /cormun/servlet/licenciaspermisos?INS,0,,, HTTP/1.1" 200 7103
186.103.159.46 - - [22/Mar/2017:09:16:15 -0300] "GET /cormun/servlet/solicitudotadjuntos?4ab28fa7d6773362e2f073c0e2fbdf002cfd0849574e6560f0ab1c766ca4e428,gx-no-cache=1490185043097 HTTP/1.1" 200 30
186.103.159.46 - - [22/Mar/2017:09:16:15 -0300] "GET /cormun/servlet/solicitudotadjuntos?4ab28fa7d6773362e2f073c0e2fbdf002cfd0849574e6560f0ab1c766ca4e428,gx-no-cache=1490185043173 HTTP/1.1" 200 30
186.103.159.46 - - [22/Mar/2017:09:16:15 -0300] "POST /cormun/servlet/solicitudotadjuntos?c846a776f762ebc38a938c3ac75ac178,INS,2017,5676,,1, HTTP/1.1" 200 116
186.103.159.46 - - [22/Mar/2017:09:16:15 -0300] "GET /cormun/servlet/hpexe_return? HTTP/1.1" 200 1028
186.103.159.46 - - [22/Mar/2017:09:16:16 -0300] "GET /cormun/servlet/trsolicitudadjuntos?2017,5676, HTTP/1.1" 200 8697
200.111.191.210 - - [22/Mar/2017:09:16:17 -0300] "GET /cormun/servlet/licenciaspermisos?913e50c3df97af1b34c4e77e0df51c3dea5da1dbd605e3019f14353db5aeb404c42e7394e5319b862f0579d9b27b637a,gx-no-cache=1490188554363 HTTP/1.1" 200 69
200.111.191.210 - - [22/Mar/2017:09:16:17 -0300] "POST /cormun/servlet/licenciaspermisos?32d7d578c326020d981f81f2e9647124,INS,0,,,,gx-no-cache=1490188554498 HTTP/1.1" 200 4417
186.103.159.46 - - [22/Mar/2017:09:16:18 -0300] "GET /cormun/servlet/trsolicitudadjuntos?2017,5676, HTTP/1.1" 200 8691
186.103.159.46 - - [22/Mar/2017:09:16:21 -0300] "GET /cormun/servlet/solicitudotadjuntos?INS,2017,5676,,1, HTTP/1.1" 200 5812
186.67.172.234 - - [22/Mar/2017:09:16:22 -0300] "GET /cormun/servlet/solicitudot?c001ecf70d7d92980aa34d4ed3f362261b822d38314c2952439b2be1f6636a3b26b1564d544d52289ed86b7f48435142,gx-no-cache=1490185049478 HTTP/1.1" 200 30
186.103.159.46 - - [22/Mar/2017:09:16:22 -0300] "GET /cormun/static/about:blank HTTP/1.1" 404 1011
186.67.172.234 - - [22/Mar/2017:09:16:22 -0300] "POST /cormun/servlet/solicitudot?gx-no-cache=1490185049560 HTTP/1.1" 200 255
