186.103.159.44 - - [22/Mar/2017:08:52:58 -0300] "GET /cormun/servlet/solicitudot?INS,0,0, HTTP/1.1" 200 12565
186.103.159.183 - - [22/Mar/2017:08:53:11 -0300] "GET /cormun/servlet/permisosadjuntos?INS,9459169,P,20170321173036,, HTTP/1.1" 200 5623
186.103.159.183 - - [22/Mar/2017:08:53:11 -0300] "GET /cormun/static/calendar-system.css?85620 HTTP/1.1" 200 5572
186.103.159.183 - - [22/Mar/2017:08:53:12 -0300] "GET /cormun/static/gxcfg.js?2016122813135788 HTTP/1.1" 200 953
186.103.159.183 - - [22/Mar/2017:08:53:12 -0300] "GET /cormun/static/permisosadjuntos.js?2016122813135797 HTTP/1.1" 200 8721
186.103.159.183 - - [22/Mar/2017:08:53:12 -0300] "GET /cormun/static/Resources/Spanish/PXTools.css?18365030 HTTP/1.1" 200 89042
186.103.159.183 - - [22/Mar/2017:08:53:12 -0300] "GET /cormun/static/about:blank HTTP/1.1" 404 1011
186.103.159.183 - - [22/Mar/2017:08:53:13 -0300] "GET /cormun/servlet/permisosadjuntos?INS,9459169,P,20170321173036,, HTTP/1.1" 200 5613
186.103.159.44 - - [22/Mar/2017:08:53:18 -0300] "POST /cormun/servlet/solicitudot?gx-no-cache=1490183660898 HTTP/1.1" 200 3081
186.103.159.44 - - [22/Mar/2017:08:53:18 -0300] "POST /cormun/servlet/solicitudot?1726c585a988bef5855bd2f9ec506451,INS,0,0,,gx-no-cache=1490183661509 HTTP/1.1" 200 9669
192.168.10.93 - - [22/Mar/2017:08:53:23 -0300] "GET /cormunbeta/servlet/hlogin HTTP/1.1" 200 1750
186.103.159.44 - - [22/Mar/2017:08:53:25 -0300] "GET /cormun/servlet/solicitudot?4de89d9e18e3c6e10abb36fbe988ca0ccf35f4fe7d81715f38818fc60d0e08d24b80b7d7b73ad989bcf254e26aa2d5fc,gx-no-cache=1490183668519 HTTP/1.1" 200 30
192.168.10.93 - - [22/Mar/2017:08:53:31 -0300] "POST /cormunbeta/servlet/hlogin?b8bb5f283852e8b30b42cbe4812e6340,gx-no-cache=1490186891179 HTTP/1.1" 200 90
192.168.10.93 - - [22/Mar/2017:08:53:31 -0300] "GET /cormunbeta/servlet/hpexe_link HTTP/1.1" 200 960
192.168.10.93 - - [22/Mar/2017:08:53:31 -0300] "GET /cormunbeta/servlet/hhome HTTP/1.1" 200 4294
192.168.10.93 - - [22/Mar/2017:08:53:31 -0300] "GET /cormunbeta/servlet/hhome HTTP/1.1" 200 4290
192.168.10.93 - - [22/Mar/2017:08:53:39 -0300] "GET /cormunbeta/servlet/trvisualizadoreventossalud? HTTP/1.1" 200 7064
192.168.10.93 - - [22/Mar/2017:08:53:39 -0300] "GET /cormunbeta/servlet/trvisualizadoreventossalud? HTTP/1.1" 200 7063
192.168.10.93 - - [22/Mar/2017:08:53:41 -0300] "POST /cormunbeta/servlet/trvisualizadoreventossalud?b8bb5f283852e8b30b42cbe4812e6340,,gx-no-cache=1490186901447 HTTP/1.1" 200 4285
192.168.10.93 - - [22/Mar/2017:08:53:48 -0300] "POST /cormunbeta/servlet/trvisualizadoreventossalud?b8bb5f283852e8b30b42cbe4812e6340,,gx-no-cache=1490186908279 HTTP/1.1" 200 4288
192.168.10.96 - - [22/Mar/2017:08:53:49 -0300] "GET /cormun/servlet/hlogin HTTP/1.1" 200 1725
192.168.10.96 - - [22/Mar/2017:08:53:49 -0300] "GET /cormun/static/Resources/Spanish/PXTools.css?11294912 HTTP/1.1" 304 -
192.168.10.96 - - [22/Mar/2017:08:53:50 -0300] "GET /cormun/static/gxcfg.js?201731711485472 HTTP/1.1" 304 -
192.168.10.96 - - [22/Mar/2017:08:53:50 -0300] "GET /cormun/static/messages.spa.js?85251 HTTP/1.1" 304 -
192.168.10.96 - - [22/Mar/2017:08:53:50 -0300] "GET /cormun/static/hlogin.js?201731711485490 HTTP/1.1" 304 -
192.168.10.93 - - [22/Mar/2017:08:53:53 -0300] "POST /cormunbeta/servlet/trvisualizadoreventossalud?b8bb5f283852e8b30b42cbe4812e6340,,gx-no-cache=1490186913289 HTTP/1.1" 200 4287
192.168.10.93 - - [22/Mar/2017:08:53:54 -0300] "POST /cormunbeta/servlet/trvisualizadoreventossalud?b8bb5f283852e8b30b42cbe4812e6340,,gx-no-cache=1490186914239 HTTP/1.1" 200 4287
192.168.10.93 - - [22/Mar/2017:08:53:54 -0300] "POST /cormunbeta/servlet/trvisualizadoreventossalud?b8bb5f283852e8b30b42cbe4812e6340,,gx-no-cache=1490186914729 HTTP/1.1" 200 4288
192.168.10.93 - - [22/Mar/2017:08:53:57 -0300] "POST /cormunbeta/servlet/trvisualizadoreventossalud?b8bb5f283852e8b30b42cbe4812e6340,,gx-no-cache=1490186918029 HTTP/1.1" 200 4290
186.103.159.183 - - [22/Mar/2017:08:53:57 -0300] "POST /cormun/servlet/permisosadjuntos?e9252c8c6ecc8dd316121f775f93e9c3,INS,9459169,P,20170321173036,, HTTP/1.1" 200 116
186.103.159.183 - - [22/Mar/2017:08:53:58 -0300] "GET /cormun/servlet/hpexe_return? HTTP/1.1" 200 1033
186.103.159.183 - - [22/Mar/2017:08:53:58 -0300] "GET /cormun/static/gxcfg.js?2016101716175148 HTTP/1.1" 200 953
186.103.159.183 - - [22/Mar/2017:08:53:58 -0300] "GET /cormun/static/hpexe_return.js?2016101716175153 HTTP/1.1" 200 1633
186.103.159.183 - - [22/Mar/2017:08:53:58 -0300] "GET /cormun/static/Resources/Spanish/PXTools.css?167811 HTTP/1.1" 200 89042
186.103.159.183 - - [22/Mar/2017:08:53:58 -0300] "GET /cormun/servlet/trpermisosadjuntos?9459169,20170321173036,P, HTTP/1.1" 200 6749
192.168.10.93 - - [22/Mar/2017:08:53:58 -0300] "POST /cormunbeta/servlet/trvisualizadoreventossalud?b8bb5f283852e8b30b42cbe4812e6340,,gx-no-cache=1490186919137 HTTP/1.1" 200 4289
192.168.10.93 - - [22/Mar/2017:08:53:59 -0300] "POST /cormunbeta/servlet/trvisualizadoreventossalud?b8bb5f283852e8b30b42cbe4812e6340,,gx-no-cache=1490186919341 HTTP/1.1" 200 4290
192.168.10.96 - - [22/Mar/2017:08:53:59 -0300] "POST /cormun/servlet/hlogin?ea73f540b356a1ef584b4dbc41d1f4e8,gx-no-cache=1490186919826 HTTP/1.1" 200 90
192.168.10.96 - - [22/Mar/2017:08:53:59 -0300] "GET /cormun/servlet/hpexe_link HTTP/1.1" 200 954
192.168.10.96 - - [22/Mar/2017:08:53:59 -0300] "GET /cormun/static/gxcfg.js?201731711483381 HTTP/1.1" 304 -
192.168.10.96 - - [22/Mar/2017:08:53:59 -0300] "GET /cormun/static/hpexe_link.js?201731711483384 HTTP/1.1" 304 -
192.168.10.96 - - [22/Mar/2017:08:53:59 -0300] "GET /cormun/servlet/hhome HTTP/1.1" 200 4169
192.168.10.96 - - [22/Mar/2017:08:53:59 -0300] "GET /cormun/static/gxcfg.js?201731711483497 HTTP/1.1" 304 -
192.168.10.96 - - [22/Mar/2017:08:54:00 -0300] "GET /cormun/static/hhome.js?20173171148352 HTTP/1.1" 304 -
192.168.10.96 - - [22/Mar/2017:08:54:00 -0300] "GET /cormun/static/hwchdr01.js?201731711335950 HTTP/1.1" 304 -
192.168.10.96 - - [22/Mar/2017:08:54:00 -0300] "GET /cormun/static/hpexe_recentlink.js?201610171694390 HTTP/1.1" 304 -
192.168.10.96 - - [22/Mar/2017:08:54:00 -0300] "GET /cormun/static/hpexe_scripts.js?201731711335890 HTTP/1.1" 304 -
192.168.10.96 - - [22/Mar/2017:08:54:00 -0300] "GET /cormun/static/hpexe_messagecontroller.js?201610171694323 HTTP/1.1" 304 -
192.168.10.96 - - [22/Mar/2017:08:54:00 -0300] "GET /cormun/static/hpexe_messagepopupcomponent.js?20161017169425 HTTP/1.1" 304 -
192.168.10.96 - - [22/Mar/2017:08:54:00 -0300] "GET /cormun/static/hpexe_messagegenexuscomponent.js?201731711335537 HTTP/1.1" 304 -
192.168.10.96 - - [22/Mar/2017:08:54:00 -0300] "GET /cormun/static/cmcontrolpreferences.js?201731711335852 HTTP/1.1" 304 -
192.168.10.96 - - [22/Mar/2017:08:54:00 -0300] "GET /cormun/static/hmpwkw03.js?201731711485354 HTTP/1.1" 304 -
186.103.159.183 - - [22/Mar/2017:08:54:00 -0300] "GET /cormun/servlet/trpermisosadjuntos?9459169,20170321173036,P, HTTP/1.1" 200 6746
186.103.159.183 - - [22/Mar/2017:08:54:00 -0300] "GET /cormun/PublicTempStorage/img096757673.jpg HTTP/1.1" 200 414854
192.168.10.96 - - [22/Mar/2017:08:54:00 -0300] "GET /cormun/servlet/hhome HTTP/1.1" 200 4165
192.168.10.93 - - [22/Mar/2017:08:54:02 -0300] "POST /cormunbeta/servlet/trvisualizadoreventossalud?b8bb5f283852e8b30b42cbe4812e6340,,gx-no-cache=1490186922252 HTTP/1.1" 200 4289
192.168.10.93 - - [22/Mar/2017:08:54:02 -0300] "POST /cormunbeta/servlet/trvisualizadoreventossalud?b8bb5f283852e8b30b42cbe4812e6340,,gx-no-cache=1490186922737 HTTP/1.1" 200 4289
186.103.159.183 - - [22/Mar/2017:08:54:07 -0300] "POST /cormun/servlet/trpermisosadjuntos?e9252c8c6ecc8dd316121f775f93e9c3,9459169,20170321173036,P,,gx-no-cache=1490183716294 HTTP/1.1" 200 90
186.103.159.183 - - [22/Mar/2017:08:54:07 -0300] "GET /cormun/servlet/hpexe_link HTTP/1.1" 200 979
186.103.159.183 - - [22/Mar/2017:08:54:07 -0300] "GET /cormun/servlet/trpermisosgoce HTTP/1.1" 200 7569
192.168.10.93 - - [22/Mar/2017:08:54:08 -0300] "POST /cormunbeta/servlet/trvisualizadoreventossalud?b8bb5f283852e8b30b42cbe4812e6340,,gx-no-cache=1490186928817 HTTP/1.1" 200 4285
192.168.10.96 - - [22/Mar/2017:08:54:09 -0300] "GET /cormun/servlet/trsolicitudgral? HTTP/1.1" 200 24977
192.168.10.96 - - [22/Mar/2017:08:54:09 -0300] "GET /cormun/static/Resources/Spanish/PXTools.css?18365030 HTTP/1.1" 304 -
192.168.10.96 - - [22/Mar/2017:08:54:09 -0300] "GET /cormun/static/gxcfg.js?201732110400 HTTP/1.1" 304 -
192.168.10.96 - - [22/Mar/2017:08:54:09 -0300] "GET /cormun/static/trsolicitudgral.js?2017321104863 HTTP/1.1" 304 -
186.103.159.183 - - [22/Mar/2017:08:54:09 -0300] "GET /cormun/servlet/trpermisosgoce HTTP/1.1" 200 7568
192.168.10.96 - - [22/Mar/2017:08:54:11 -0300] "GET /cormun/servlet/trsolicitudgral? HTTP/1.1" 200 24975
192.168.10.93 - - [22/Mar/2017:08:54:13 -0300] "GET /cormunbeta/servlet/trautorizarsolicitudsalud? HTTP/1.1" 200 7215
192.168.10.93 - - [22/Mar/2017:08:54:14 -0300] "GET /cormunbeta/servlet/trautorizarsolicitudsalud? HTTP/1.1" 200 7215
186.103.159.183 - - [22/Mar/2017:08:54:14 -0300] "POST /cormun/servlet/trpermisosgoce?e9252c8c6ecc8dd316121f775f93e9c3,gx-no-cache=1490183724001 HTTP/1.1" 200 4855
192.168.10.96 - - [22/Mar/2017:08:54:19 -0300] "POST /cormun/servlet/trsolicitudgral?ea73f540b356a1ef584b4dbc41d1f4e8,,gx-no-cache=1490186939324 HTTP/1.1" 200 5401
192.168.10.93 - - [22/Mar/2017:08:54:19 -0300] "POST /cormunbeta/servlet/trautorizarsolicitudsalud?b8bb5f283852e8b30b42cbe4812e6340,,gx-no-cache=1490186940046 HTTP/1.1" 200 4355
192.168.10.93 - - [22/Mar/2017:08:54:24 -0300] "POST /cormunbeta/servlet/trautorizarsolicitudsalud?b8bb5f283852e8b30b42cbe4812e6340,,gx-no-cache=1490186944829 HTTP/1.1" 200 4357
192.168.10.96 - - [22/Mar/2017:08:54:26 -0300] "POST /cormun/servlet/trsolicitudgral?ea73f540b356a1ef584b4dbc41d1f4e8,,gx-no-cache=1490186946238 HTTP/1.1" 200 5400
192.168.10.93 - - [22/Mar/2017:08:54:29 -0300] "POST /cormunbeta/servlet/trautorizarsolicitudsalud?b8bb5f283852e8b30b42cbe4812e6340,,gx-no-cache=1490186949196 HTTP/1.1" 200 4357
186.103.159.183 - - [22/Mar/2017:08:54:30 -0300] "GET /cormun/servlet/permisogoce?DSP,9459169,P,20170321173036, HTTP/1.1" 200 6605
186.103.159.183 - - [22/Mar/2017:08:54:31 -0300] "GET /cormun/static/gxcfg.js?201731711422032 HTTP/1.1" 200 953
186.103.159.183 - - [22/Mar/2017:08:54:31 -0300] "GET /cormun/static/Resources/prompt.gif HTTP/1.1" 200 902
186.103.159.183 - - [22/Mar/2017:08:54:31 -0300] "GET /cormun/static/gxdec.js?85251 HTTP/1.1" 200 19579
186.103.159.183 - - [22/Mar/2017:08:54:31 -0300] "GET /cormun/static/permisogoce.js?20173171142217 HTTP/1.1" 200 26144
192.168.10.96 - - [22/Mar/2017:08:54:31 -0300] "POST /cormun/servlet/trsolicitudgral?ea73f540b356a1ef584b4dbc41d1f4e8,,gx-no-cache=1490186951539 HTTP/1.1" 200 11096
186.103.159.183 - - [22/Mar/2017:08:54:32 -0300] "GET /cormun/servlet/permisogoce?DSP,9459169,P,20170321173036, HTTP/1.1" 200 6608
186.103.159.44 - - [22/Mar/2017:08:54:32 -0300] "POST /cormun/servlet/solicitudot?gx-no-cache=1490183735464 HTTP/1.1" 200 297
186.103.159.44 - - [22/Mar/2017:08:54:32 -0300] "GET /cormun/servlet/solicitudot?4de89d9e18e3c6e10abb36fbe988ca0c158dabf4f5612da3d82e298a9db04b047deeed4ea66ec47ae038cc8761a4ac2cfdee7992924cc8695671a1137aa0efcf76e282dff8bf9ca433d700d9d8dbe3a7fcb18f0b0068ac489b2474f105ba4d8a629ca7319d2b97595d26ff6bcf0ed04d9472d96ff6b2fc5691413d20620c67c5836975ab7e8ef4db36211a93733f26179ccae953f7878b02409f0433db3ae860308836b52308820322fadfa6b19e783cfe25e075c2292d49a100ef0bfe576723b84b4ce666babecd2ae2ff86f178cff62fdcb24f30ba6b3a8d7a62143bfc8ef18c2b8f86e382685b255388246066fcc3b5817ce68fc0e234e68708a9a688787f22434e5e3547d2d615d199c84abbfd740ecc9466e7847f4c74077da3c1effa096dd8fc4258df9c9d9b6aaa8afbb2fb297a6c39a7b78474e5b8b1501a4eab86286c0728c75bbc150ee8a3d8cc9daa436adcd9e8c9b3e19d2ec224913153e6e5ec5901f6d4d13a1f648ad36b5d870802b76cddff5c79e335ed7749637daeaf717e9481960784d06ec785f3283cb9a43c59,gx-no-cache=1490183735664 HTTP/1.1" 200 30
186.103.159.44 - - [22/Mar/2017:08:54:34 -0300] "POST /cormun/servlet/solicitudot?gx-no-cache=1490183737927 HTTP/1.1" 200 30
192.168.10.93 - - [22/Mar/2017:08:54:35 -0300] "POST /cormunbeta/servlet/trautorizarsolicitudsalud?b8bb5f283852e8b30b42cbe4812e6340,,gx-no-cache=1490186956046 HTTP/1.1" 200 4357
186.103.159.183 - - [22/Mar/2017:08:54:36 -0300] "POST /cormun/servlet/permisogoce?e9252c8c6ecc8dd316121f775f93e9c3,DSP,9459169,P,20170321173036,,gx-no-cache=1490183745998 HTTP/1.1" 200 93
186.103.159.183 - - [22/Mar/2017:08:54:36 -0300] "GET /cormun/servlet/hpexe_return? HTTP/1.1" 200 1045
186.103.159.183 - - [22/Mar/2017:08:54:37 -0300] "GET /cormun/servlet/trpermisosgoce?gx-no-cache=1490183724001 HTTP/1.1" 200 7572
186.103.159.183 - - [22/Mar/2017:08:54:38 -0300] "GET /cormun/servlet/trpermisosgoce?gx-no-cache=1490183724001 HTTP/1.1" 200 7589
192.168.10.93 - - [22/Mar/2017:08:54:39 -0300] "POST /cormunbeta/servlet/trautorizarsolicitudsalud?b8bb5f283852e8b30b42cbe4812e6340,,gx-no-cache=1490186959426 HTTP/1.1" 200 4359
192.168.10.96 - - [22/Mar/2017:08:54:41 -0300] "POST /cormun/servlet/trsolicitudgral?ea73f540b356a1ef584b4dbc41d1f4e8,,gx-no-cache=1490186961423 HTTP/1.1" 200 5400
192.168.10.93 - - [22/Mar/2017:08:54:41 -0300] "POST /cormunbeta/servlet/trautorizarsolicitudsalud?b8bb5f283852e8b30b42cbe4812e6340,,gx-no-cache=1490186961815 HTTP/1.1" 200 4358
192.168.10.93 - - [22/Mar/2017:08:54:44 -0300] "POST /cormunbeta/servlet/trautorizarsolicitudsalud?b8bb5f283852e8b30b42cbe4812e6340,,gx-no-cache=1490186964937 HTTP/1.1" 200 4357
186.103.159.44 - - [22/Mar/2017:08:54:46 -0300] "POST /cormun/servlet/solicitudot?gx-no-cache=1490183749723 HTTP/1.1" 200 1291
186.103.159.183 - - [22/Mar/2017:08:54:47 -0300] "POST /cormun/servlet/trpermisosgoce?e9252c8c6ecc8dd316121f775f93e9c3,gx-no-cache=1490183724001,gx-no-cache=1490183756906 HTTP/1.1" 200 4857
192.168.10.96 - - [22/Mar/2017:08:54:48 -0300] "POST /cormun/servlet/trsolicitudgral?ea73f540b356a1ef584b4dbc41d1f4e8,,gx-no-cache=1490186967911 HTTP/1.1" 200 11096
186.103.159.44 - - [22/Mar/2017:08:54:51 -0300] "GET /cormun/servlet/prlicenciaspermisos?17135699,L,,MD,,gxPopupLevel%3D0%3B HTTP/1.1" 200 5596
186.103.159.44 - - [22/Mar/2017:08:55:31 -0300] "GET /cormun/static/menuarrow.gif HTTP/1.1" 404 1015
186.103.159.44 - - [22/Mar/2017:08:55:39 -0300] "POST /cormun/servlet/solicitudot?gx-no-cache=1490183802669 HTTP/1.1" 200 118
186.103.159.44 - - [22/Mar/2017:08:55:39 -0300] "GET /cormun/static/Shared/jqueryui/images/ui-bg_highlight-soft_100_c6c2c8_1x100.png HTTP/1.1" 404 1117
186.103.159.44 - - [22/Mar/2017:08:55:39 -0300] "GET /cormun/static/Shared/jqueryui/images/ui-icons_82798d_256x240.png HTTP/1.1" 404 1089
186.103.159.44 - - [22/Mar/2017:08:55:39 -0300] "GET /cormun/static/Shared/jqueryui/images/ui-bg_flat_55_994d53_40x100.png HTTP/1.1" 404 1097
186.103.159.44 - - [22/Mar/2017:08:55:39 -0300] "GET /cormun/static/Shared/jqueryui/images/ui-icons_ebccce_256x240.png HTTP/1.1" 404 1089
186.103.159.183 - - [22/Mar/2017:08:55:48 -0300] "POST /cormun/servlet/trpermisosgoce?e9252c8c6ecc8dd316121f775f93e9c3,gx-no-cache=1490183724001,gx-no-cache=1490183817366 HTTP/1.1" 200 4059
186.103.159.44 - - [22/Mar/2017:08:55:52 -0300] "POST /cormun/servlet/solicitudot?gx-no-cache=1490183816037 HTTP/1.1" 200 41
192.168.10.96 - - [22/Mar/2017:08:55:54 -0300] "POST /cormun/servlet/trsolicitudgral?ea73f540b356a1ef584b4dbc41d1f4e8,,gx-no-cache=1490187034028 HTTP/1.1" 200 6709
186.103.159.183 - - [22/Mar/2017:08:55:57 -0300] "GET /cormun/servlet/trautorizarpermisogoce? HTTP/1.1" 200 6724
186.103.159.183 - - [22/Mar/2017:08:55:58 -0300] "GET /cormun/static/gxcfg.js?201731711543713 HTTP/1.1" 200 953
186.103.159.183 - - [22/Mar/2017:08:55:58 -0300] "GET /cormun/static/trautorizarpermisogoce.js?201731711544173 HTTP/1.1" 200 31036
186.103.159.183 - - [22/Mar/2017:08:55:59 -0300] "GET /cormun/servlet/trautorizarpermisogoce? HTTP/1.1" 200 6702
192.168.10.96 - - [22/Mar/2017:08:56:01 -0300] "POST /cormun/servlet/trsolicitudgral?ea73f540b356a1ef584b4dbc41d1f4e8,,gx-no-cache=1490187040929 HTTP/1.1" 200 11096
186.103.159.44 - - [22/Mar/2017:08:56:04 -0300] "GET /cormun/servlet/solicitudot?4de89d9e18e3c6e10abb36fbe988ca0cce857a79f86d2db33228e8fa4386676304e0666ca5238523a1dd45193c9cd813b970baa19f8ab0f4b3b9937e170f51910af2acf1331f18400d2ecf17d98c104892a4fcf8b6e828ff267ffebe052e4b4fedc6403942e9ec8b96495a49ef92effa,gx-no-cache=1490183826914 HTTP/1.1" 200 29
186.103.159.44 - - [22/Mar/2017:08:56:04 -0300] "POST /cormun/servlet/solicitudot?gx-no-cache=1490183827345 HTTP/1.1" 200 1275
186.103.159.183 - - [22/Mar/2017:08:56:07 -0300] "POST /cormun/servlet/trautorizarpermisogoce?e9252c8c6ecc8dd316121f775f93e9c3,,gx-no-cache=1490183836480 HTTP/1.1" 200 4059
186.103.159.44 - - [22/Mar/2017:08:56:09 -0300] "POST /cormun/servlet/solicitudot?gx-no-cache=1490183832831 HTTP/1.1" 200 1156
186.103.159.183 - - [22/Mar/2017:08:56:11 -0300] "POST /cormun/servlet/trautorizarpermisogoce?e9252c8c6ecc8dd316121f775f93e9c3,,gx-no-cache=1490183840604 HTTP/1.1" 200 4832
186.103.159.183 - - [22/Mar/2017:08:56:11 -0300] "GET /cormun//static/Resources/PXToolsActionDisabled.gif HTTP/1.1" 200 53
186.103.159.44 - - [22/Mar/2017:08:56:14 -0300] "GET /cormun/servlet/solicitudot?4de89d9e18e3c6e10abb36fbe988ca0cf249b3151ef489536f25f14b4426319aee4f71bab1f95355074cff0186eaa8656a11978f08cd5b6348a618bf41bac74fa00f19b9f1f03b2e3bbcea5aedfa6c92872e30225c89f1cd13148f2b311d3f21853df654200fd70a3dac90b54767d80841211c7ab2ce3986c09467ddc5de2e31ecc9d0cbb00b4ac9020db96e13e1fafdbf01f9fb1929389127f343969202c36a1b53650a395c956218d1fefd613739b4f24105505e938317ec426a94dd14d92c,gx-no-cache=1490183837067 HTTP/1.1" 200 30
186.103.159.183 - - [22/Mar/2017:08:56:19 -0300] "POST /cormun/servlet/trautorizarpermisogoce?e9252c8c6ecc8dd316121f775f93e9c3,,gx-no-cache=1490183849260 HTTP/1.1" 200 4852
186.103.159.183 - - [22/Mar/2017:08:56:20 -0300] "GET /cormun/static/Shared/jqueryui/images/ui-bg_highlight-soft_100_c6c2c8_1x100.png HTTP/1.1" 404 1117
186.103.159.183 - - [22/Mar/2017:08:56:20 -0300] "GET /cormun/static/Shared/jqueryui/images/ui-icons_82798d_256x240.png HTTP/1.1" 404 1089
186.103.159.183 - - [22/Mar/2017:08:56:20 -0300] "GET /cormun/static/Shared/jqueryui/images/ui-icons_8d78a5_256x240.png HTTP/1.1" 404 1089
186.103.159.183 - - [22/Mar/2017:08:56:20 -0300] "GET /cormun/static/Shared/jqueryui/images/ui-bg_flat_55_fafafa_40x100.png HTTP/1.1" 404 1097
186.103.159.183 - - [22/Mar/2017:08:56:24 -0300] "GET /cormun/servlet/trpermisosadjuntos?9459169,20170321173036,P, HTTP/1.1" 200 6750
186.103.159.44 - - [22/Mar/2017:08:56:24 -0300] "POST /cormun/servlet/solicitudot?1726c585a988bef5855bd2f9ec506451,INS,0,0,,gx-no-cache=1490183847156 HTTP/1.1" 200 93
186.103.159.44 - - [22/Mar/2017:08:56:24 -0300] "GET /cormun/servlet/hpexe_return? HTTP/1.1" 200 996
186.103.159.44 - - [22/Mar/2017:08:56:25 -0300] "GET /cormun/static/gxcfg.js?2016101716175148 HTTP/1.1" 304 -
186.103.159.44 - - [22/Mar/2017:08:56:25 -0300] "GET /cormun/static/hpexe_return.js?2016101716175153 HTTP/1.1" 304 -
186.103.159.44 - - [22/Mar/2017:08:56:25 -0300] "GET /cormun/servlet/trsolicitudot HTTP/1.1" 200 10634
186.103.159.183 - - [22/Mar/2017:08:56:26 -0300] "GET /cormun/servlet/trpermisosadjuntos?9459169,20170321173036,P, HTTP/1.1" 200 6750
186.103.159.183 - - [22/Mar/2017:08:56:26 -0300] "GET /cormun/PublicTempStorage/img0961084640.jpg HTTP/1.1" 200 414854
186.103.159.183 - - [22/Mar/2017:08:56:30 -0300] "GET /cormun/PublicTempStorage/img0961084640.jpg HTTP/1.1" 304 -
186.103.159.44 - - [22/Mar/2017:08:56:33 -0300] "POST /cormun/servlet/trsolicitudot?1726c585a988bef5855bd2f9ec506451,gx-no-cache=1490183856357 HTTP/1.1" 200 107
186.103.159.44 - - [22/Mar/2017:08:56:34 -0300] "GET /cormun/servlet/trsolicitudadjuntos?2017,5674, HTTP/1.1" 200 5867
186.103.159.44 - - [22/Mar/2017:08:56:34 -0300] "GET /cormun/static/gxcfg.js?201731711504543 HTTP/1.1" 200 953
186.103.159.44 - - [22/Mar/2017:08:56:34 -0300] "GET /cormun/static/trsolicitudadjuntos.js?201731711504951 HTTP/1.1" 200 17913
186.103.159.183 - - [22/Mar/2017:08:56:36 -0300] "GET /cormun/servlet/trpermisosadjuntos?9459169,20170321173036,P, HTTP/1.1" 200 6748
186.103.159.183 - - [22/Mar/2017:08:56:37 -0300] "GET /cormun/servlet/trpermisosadjuntos?9459169,20170321173036,P, HTTP/1.1" 200 6750
186.103.159.183 - - [22/Mar/2017:08:56:37 -0300] "GET /cormun/PublicTempStorage/img096314923.jpg HTTP/1.1" 200 414854
186.103.159.44 - - [22/Mar/2017:08:56:39 -0300] "GET /cormun/servlet/solicitudotadjuntos?INS,2017,5674,,1, HTTP/1.1" 200 5802
186.103.159.44 - - [22/Mar/2017:08:56:39 -0300] "GET /cormun/static/gxcfg.js?201612218465951 HTTP/1.1" 200 953
186.103.159.44 - - [22/Mar/2017:08:56:39 -0300] "HEAD /cormun/static/about:blank HTTP/1.1" 404 -
186.103.159.44 - - [22/Mar/2017:08:56:39 -0300] "GET /cormun/static/solicitudotadjuntos.js?201612218465969 HTTP/1.1" 200 11762
186.103.159.44 - - [22/Mar/2017:08:56:40 -0300] "GET /cormun/servlet/solicitudotadjuntos?4de89d9e18e3c6e10abb36fbe988ca0c4dc49ddc948ad2e4a6e0911187eeab140a558c6a55d9cc98bd986fa19e94f816,gx-no-cache=1490183863914 HTTP/1.1" 200 30
186.103.159.44 - - [22/Mar/2017:08:56:41 -0300] "POST /cormun/servlet/solicitudotadjuntos?1726c585a988bef5855bd2f9ec506451,INS,2017,5674,,1,,gx-no-cache=1490183864094 HTTP/1.1" 200 3632
186.103.159.183 - - [22/Mar/2017:08:56:41 -0300] "GET /cormun/servlet/permisosadjuntos?INS,9459169,P,20170321173036,, HTTP/1.1" 200 5624
186.103.159.183 - - [22/Mar/2017:08:56:42 -0300] "GET /cormun/static/about:blank HTTP/1.1" 404 1011
186.103.159.183 - - [22/Mar/2017:08:56:43 -0300] "GET /cormun/servlet/permisosadjuntos?INS,9459169,P,20170321173036,, HTTP/1.1" 200 5614
200.111.191.210 - - [22/Mar/2017:08:56:50 -0300] "GET /cormun/servlet/trsolicitudot? HTTP/1.1" 200 6043
200.111.191.210 - - [22/Mar/2017:08:56:50 -0300] "GET /cormun/static/gxcfg.js?201731711505139 HTTP/1.1" 304 -
200.111.191.210 - - [22/Mar/2017:08:56:50 -0300] "GET /cormun/static/trsolicitudot.js?20173171151116 HTTP/1.1" 304 -
200.111.191.210 - - [22/Mar/2017:08:56:50 -0300] "GET /cormun/servlet/hlogin HTTP/1.1" 200 1742
200.111.191.210 - - [22/Mar/2017:08:56:51 -0300] "GET /cormun/servlet/trsolicitudot? HTTP/1.1" 200 6053
186.103.159.44 - - [22/Mar/2017:08:56:52 -0300] "POST /cormun/servlet/solicitudotadjuntos?gx-no-cache=1490183875402 HTTP/1.1" 200 26
186.103.159.183 - - [22/Mar/2017:08:56:57 -0300] "POST /cormun/servlet/permisosadjuntos?e9252c8c6ecc8dd316121f775f93e9c3,INS,9459169,P,20170321173036,, HTTP/1.1" 200 116
186.103.159.183 - - [22/Mar/2017:08:56:58 -0300] "GET /cormun/servlet/hpexe_return? HTTP/1.1" 200 1033
186.103.159.183 - - [22/Mar/2017:08:56:58 -0300] "GET /cormun/servlet/trpermisosadjuntos?9459169,20170321173036,P, HTTP/1.1" 200 6848
186.103.159.183 - - [22/Mar/2017:08:57:00 -0300] "GET /cormun/PublicTempStorage/img0961797876.jpg HTTP/1.1" 200 414854
186.103.159.183 - - [22/Mar/2017:08:57:00 -0300] "GET /cormun/servlet/trpermisosadjuntos?9459169,20170321173036,P, HTTP/1.1" 200 6845
186.103.159.183 - - [22/Mar/2017:08:57:00 -0300] "GET /cormun/PublicTempStorage/img096851103.jpg HTTP/1.1" 200 414854
200.111.191.210 - - [22/Mar/2017:08:57:00 -0300] "POST /cormun/servlet/hlogin?32d7d578c326020d981f81f2e9647124,gx-no-cache=1490187397494 HTTP/1.1" 200 90
200.111.191.210 - - [22/Mar/2017:08:57:00 -0300] "GET /cormun/servlet/hpexe_link HTTP/1.1" 200 960
200.111.191.210 - - [22/Mar/2017:08:57:00 -0300] "GET /cormun/servlet/trsolicitudot HTTP/1.1" 200 6493
200.111.191.210 - - [22/Mar/2017:08:57:01 -0300] "GET /cormun/servlet/trsolicitudot HTTP/1.1" 200 6491
200.111.191.210 - - [22/Mar/2017:08:57:04 -0300] "GET /cormun/servlet/solicitudot?INS,0,0, HTTP/1.1" 200 12527
200.111.191.210 - - [22/Mar/2017:08:57:04 -0300] "GET /cormun/static/gxcfg.js?20171191042720 HTTP/1.1" 304 -
200.111.191.210 - - [22/Mar/2017:08:57:04 -0300] "GET /cormun/static/solicitudot.js?2017119104297 HTTP/1.1" 304 -
200.111.191.210 - - [22/Mar/2017:08:57:04 -0300] "GET /cormun/servlet/solicitudot?INS,0,0, HTTP/1.1" 200 12532
200.111.191.210 - - [22/Mar/2017:08:57:07 -0300] "GET /cormun/servlet/trlicencias? HTTP/1.1" 200 6584
200.111.191.210 - - [22/Mar/2017:08:57:08 -0300] "GET /cormun/servlet/trlicencias? HTTP/1.1" 200 6578
200.111.191.210 - - [22/Mar/2017:08:57:10 -0300] "GET /cormun/servlet/licenciaspermisos?INS,0,,, HTTP/1.1" 200 7103
200.111.191.210 - - [22/Mar/2017:08:57:10 -0300] "GET /cormun/servlet/licenciaspermisos?INS,0,,, HTTP/1.1" 200 7103
186.103.159.44 - - [22/Mar/2017:08:57:11 -0300] "GET /cormun/servlet/solicitudotadjuntos?4de89d9e18e3c6e10abb36fbe988ca0c821e36e2a4461758548675475470093d,gx-no-cache=1490183894334 HTTP/1.1" 200 30
186.103.159.44 - - [22/Mar/2017:08:57:11 -0300] "GET /cormun/servlet/solicitudotadjuntos?4de89d9e18e3c6e10abb36fbe988ca0c821e36e2a4461758548675475470093d,gx-no-cache=1490183894420 HTTP/1.1" 200 30
186.103.159.183 - - [22/Mar/2017:08:57:14 -0300] "GET /cormun/servlet/trpermisosadjuntos?9459169,20170321173036,P, HTTP/1.1" 200 6848
186.103.159.44 - - [22/Mar/2017:08:57:14 -0300] "POST /cormun/servlet/solicitudotadjuntos?1726c585a988bef5855bd2f9ec506451,INS,2017,5674,,1, HTTP/1.1" 200 116
186.103.159.44 - - [22/Mar/2017:08:57:14 -0300] "GET /cormun/servlet/hpexe_return? HTTP/1.1" 200 1015
186.103.159.183 - - [22/Mar/2017:08:57:14 -0300] "GET /cormun/static/Shared/ext/resources/css/ext-all.css?205870 HTTP/1.1" 304 -
186.103.159.183 - - [22/Mar/2017:08:57:14 -0300] "GET /cormun/static/gxui/gxui-all.css?110300 HTTP/1.1" 304 -
186.103.159.183 - - [22/Mar/2017:08:57:14 -0300] "GET /cormun/static/calendar-system.css?75620 HTTP/1.1" 304 -
186.103.159.183 - - [22/Mar/2017:08:57:14 -0300] "GET /cormun/static/Resources/Spanish/PXTools.css?11294912 HTTP/1.1" 304 -
186.103.159.183 - - [22/Mar/2017:08:57:14 -0300] "GET /cormun/static/Shared/jqueryui/jquery-ui.min.css?1245370 HTTP/1.1" 304 -
186.103.159.183 - - [22/Mar/2017:08:57:14 -0300] "GET /cormun/static/SmoothNavMenu/resources/ddsmoothmenu.css?1012540 HTTP/1.1" 304 -
186.103.159.183 - - [22/Mar/2017:08:57:14 -0300] "GET /cormun/static/SmoothNavMenu/resources/ddsmoothmenu-v.css?1012540 HTTP/1.1" 304 -
186.103.159.183 - - [22/Mar/2017:08:57:14 -0300] "GET /cormun/static/gxtimezone.js?85251 HTTP/1.1" 304 -
186.103.159.183 - - [22/Mar/2017:08:57:14 -0300] "GET /cormun/static/scaMessage/css/jquery.pnotify.default.css?1716380 HTTP/1.1" 304 -
186.103.159.183 - - [22/Mar/2017:08:57:14 -0300] "GET /cormun/static/gxgral.js?85251 HTTP/1.1" 304 -
186.103.159.183 - - [22/Mar/2017:08:57:14 -0300] "GET /cormun/static/gxcfg.js?201731711542659 HTTP/1.1" 304 -
186.103.159.183 - - [22/Mar/2017:08:57:14 -0300] "GET /cormun/static/calendar-setup.js?85251 HTTP/1.1" 304 -
186.103.159.183 - - [22/Mar/2017:08:57:14 -0300] "GET /cormun/static/calendar.js?85251 HTTP/1.1" 304 -
186.103.159.183 - - [22/Mar/2017:08:57:14 -0300] "GET /cormun/static/calendar-es.js?85251 HTTP/1.1" 304 -
186.103.159.183 - - [22/Mar/2017:08:57:14 -0300] "GET /cormun/static/Shared/ext/ext-all.js HTTP/1.1" 304 -
186.103.159.183 - - [22/Mar/2017:08:57:14 -0300] "GET /cormun/static/gxui/gxui-all.js HTTP/1.1" 304 -
186.103.159.183 - - [22/Mar/2017:08:57:14 -0300] "GET /cormun/static/PXToolsJavascripts/pexe_autoreload.js HTTP/1.1" 304 -
186.103.159.183 - - [22/Mar/2017:08:57:14 -0300] "GET /cormun/static/PXToolsJavascripts/pexe_grid.js HTTP/1.1" 304 -
186.103.159.183 - - [22/Mar/2017:08:57:14 -0300] "GET /cormun/static/PXToolsJavascripts/pexe_windows.js HTTP/1.1" 304 -
186.103.159.183 - - [22/Mar/2017:08:57:15 -0300] "GET /cormun/static/RunJS/RunJS.js HTTP/1.1" 304 -
186.103.159.183 - - [22/Mar/2017:08:57:15 -0300] "GET /cormun/static/PXToolsJavascripts/pexe_cookies.js HTTP/1.1" 304 -
186.103.159.183 - - [22/Mar/2017:08:57:15 -0300] "GET /cormun/static/PXToolsJavascripts/pexe_griddivfix.js HTTP/1.1" 304 -
186.103.159.183 - - [22/Mar/2017:08:57:15 -0300] "GET /cormun/static/PXToolsJavascripts/pexe_link.js HTTP/1.1" 304 -
186.103.159.183 - - [22/Mar/2017:08:57:15 -0300] "GET /cormun/static/PXToolsJavascripts/pexe_menudivfix.js HTTP/1.1" 304 -
186.103.159.183 - - [22/Mar/2017:08:57:15 -0300] "GET /cormun/static/PXToolsJavascripts/pexe_menus.js HTTP/1.1" 304 -
186.103.159.183 - - [22/Mar/2017:08:57:15 -0300] "GET /cormun/static/PXToolsJavascripts/pexe_layers.js HTTP/1.1" 304 -
186.103.159.183 - - [22/Mar/2017:08:57:15 -0300] "GET /cormun/static/PXToolsJavascripts/pexe_oav.js HTTP/1.1" 304 -
186.103.159.183 - - [22/Mar/2017:08:57:15 -0300] "GET /cormun/static/PXToolsJavascripts/pexe_oavdivfix.js HTTP/1.1" 304 -
186.103.159.183 - - [22/Mar/2017:08:57:15 -0300] "GET /cormun/static/PXToolsJavascripts/pexe_picture.js HTTP/1.1" 304 -
186.103.159.183 - - [22/Mar/2017:08:57:15 -0300] "GET /cormun/static/PXToolsJavascripts/pexe_popup.js HTTP/1.1" 304 -
186.103.159.183 - - [22/Mar/2017:08:57:15 -0300] "GET /cormun/static/PXToolsJavascripts/pexe_scrolldiv.js HTTP/1.1" 304 -
186.103.159.183 - - [22/Mar/2017:08:57:15 -0300] "GET /cormun/static/PXToolsJavascripts/pexe_tabs.js HTTP/1.1" 304 -
186.103.159.183 - - [22/Mar/2017:08:57:15 -0300] "GET /cormun/static/PXToolsJavascripts/PXToolsJavascriptsRender.js HTTP/1.1" 304 -
186.103.159.183 - - [22/Mar/2017:08:57:15 -0300] "GET /cormun/static/messages.spa.js?85251 HTTP/1.1" 304 -
186.103.159.183 - - [22/Mar/2017:08:57:15 -0300] "GET /cormun/static/Shared/ext/locale/ext-lang-en.js HTTP/1.1" 304 -
186.103.159.183 - - [22/Mar/2017:08:57:15 -0300] "GET /cormun/static/hwchdr01.js?201731711335950 HTTP/1.1" 304 -
186.103.159.183 - - [22/Mar/2017:08:57:15 -0300] "GET /cormun/static/hpexe_recentlink.js?201610171694390 HTTP/1.1" 304 -
186.103.159.183 - - [22/Mar/2017:08:57:15 -0300] "GET /cormun/static/PXToolsJavascripts/pexe_upload.js HTTP/1.1" 304 -
186.103.159.183 - - [22/Mar/2017:08:57:15 -0300] "GET /cormun/static/trpermisosadjuntos.js?201731711542990 HTTP/1.1" 304 -
186.103.159.183 - - [22/Mar/2017:08:57:15 -0300] "GET /cormun/static/hpexe_scripts.js?201731711335890 HTTP/1.1" 304 -
186.103.159.183 - - [22/Mar/2017:08:57:15 -0300] "GET /cormun/static/hpexe_messagecontroller.js?201610171694323 HTTP/1.1" 304 -
186.103.159.44 - - [22/Mar/2017:08:57:15 -0300] "GET /cormun/servlet/trsolicitudadjuntos?2017,5674, HTTP/1.1" 200 7979
186.103.159.183 - - [22/Mar/2017:08:57:15 -0300] "GET /cormun/static/hpexe_messagepopupcomponent.js?20161017169425 HTTP/1.1" 304 -
186.103.159.183 - - [22/Mar/2017:08:57:15 -0300] "GET /cormun/static/hpexe_messagegenexuscomponent.js?201731711335537 HTTP/1.1" 304 -
186.103.159.183 - - [22/Mar/2017:08:57:15 -0300] "GET /cormun/static/cmcontrolpreferences.js?201731711335852 HTTP/1.1" 304 -
186.103.159.183 - - [22/Mar/2017:08:57:15 -0300] "GET /cormun/static/Shared/jquery/jquery-1.4.2.min.js HTTP/1.1" 304 -
186.103.159.183 - - [22/Mar/2017:08:57:15 -0300] "GET /cormun/static/Shared/jquery/jquery-1.10.2.min.js HTTP/1.1" 304 -
186.103.159.183 - - [22/Mar/2017:08:57:15 -0300] "GET /cormun/static/Shared/jqueryui/jquery-ui.min.js HTTP/1.1" 304 -
186.103.159.183 - - [22/Mar/2017:08:57:15 -0300] "GET /cormun/static/SmoothNavMenu/resources/ddsmoothmenu.js HTTP/1.1" 304 -
186.103.159.183 - - [22/Mar/2017:08:57:15 -0300] "GET /cormun/static/scaMessage/js/jquery.pnotify.min.js HTTP/1.1" 304 -
186.103.159.183 - - [22/Mar/2017:08:57:15 -0300] "GET /cormun/static/scaMessage/scaMessageRender.js HTTP/1.1" 304 -
186.103.159.183 - - [22/Mar/2017:08:57:15 -0300] "GET /cormun/static/hmpwkw03.js?201731711485354 HTTP/1.1" 304 -
186.103.159.183 - - [22/Mar/2017:08:57:15 -0300] "GET /cormun/static/PXToolsJavascripts/pexe_tabdivfix.js HTTP/1.1" 304 -
186.103.159.183 - - [22/Mar/2017:08:57:15 -0300] "GET /cormun/static/SmoothNavMenu/resources/SmoothNavMenuRender.js HTTP/1.1" 304 -
186.103.159.183 - - [22/Mar/2017:08:57:15 -0300] "GET /cormun/static/Resources/logo4.png HTTP/1.1" 304 -
186.103.159.183 - - [22/Mar/2017:08:57:15 -0300] "GET /cormun/static/Resources/PXToolsHeaderActionsLeft.png HTTP/1.1" 304 -
186.103.159.183 - - [22/Mar/2017:08:57:15 -0300] "GET /cormun/static/Resources/PXToolsHeaderHome.png HTTP/1.1" 304 -
186.103.159.183 - - [22/Mar/2017:08:57:15 -0300] "GET /cormun/static/Resources/PXToolsHeaderPreferences.png HTTP/1.1" 304 -
186.103.159.183 - - [22/Mar/2017:08:57:15 -0300] "GET /cormun/static/Resources/PXToolsHeaderSecurity.png HTTP/1.1" 304 -
186.103.159.183 - - [22/Mar/2017:08:57:15 -0300] "GET /cormun/static/Resources/PXToolsHeaderLogin.png HTTP/1.1" 304 -
186.103.159.183 - - [22/Mar/2017:08:57:15 -0300] "GET /cormun/static/Resources/PXTools/calendar.png HTTP/1.1" 304 -
186.103.159.183 - - [22/Mar/2017:08:57:15 -0300] "GET /cormun/static/Resources/PXToolsGridFirstDisabled.gif HTTP/1.1" 304 -
186.103.159.183 - - [22/Mar/2017:08:57:15 -0300] "GET /cormun/static/Resources/PXToolsHeaderActionsRight.png HTTP/1.1" 304 -
186.103.159.183 - - [22/Mar/2017:08:57:15 -0300] "GET /cormun/static/Resources/PXToolsGridLastDisabled.gif HTTP/1.1" 304 -
186.103.159.183 - - [22/Mar/2017:08:57:15 -0300] "GET /cormun/static/Resources/PXToolsGridNew.png HTTP/1.1" 304 -
186.103.159.183 - - [22/Mar/2017:08:57:15 -0300] "GET /cormun/static/Resources/PXToolsGridPage.gif HTTP/1.1" 304 -
186.103.159.183 - - [22/Mar/2017:08:57:15 -0300] "GET /cormun/static/Resources/PXToolsGridPreviousDisabled.gif HTTP/1.1" 304 -
186.103.159.183 - - [22/Mar/2017:08:57:15 -0300] "GET /cormun/static/Resources/PXToolsGridNextDisabled.gif HTTP/1.1" 304 -
186.103.159.183 - - [22/Mar/2017:08:57:15 -0300] "GET /cormun/static/Resources/PXToolsFooterBackground2.png HTTP/1.1" 304 -
186.103.159.183 - - [22/Mar/2017:08:57:15 -0300] "GET /cormun/static/Resources/PXToolsHeaderActionsBackground.png HTTP/1.1" 304 -
186.103.159.183 - - [22/Mar/2017:08:57:15 -0300] "GET /cormun/static/Resources/PXToolsHeaderBackground2.png HTTP/1.1" 304 -
186.103.159.183 - - [22/Mar/2017:08:57:15 -0300] "GET /cormun/static/Resources/PXToolsDataTitle.png HTTP/1.1" 304 -
186.103.159.183 - - [22/Mar/2017:08:57:15 -0300] "GET /cormun/static/Resources/indicator.gif HTTP/1.1" 304 -
186.103.159.183 - - [22/Mar/2017:08:57:15 -0300] "GET /cormun/static/Resources/asc.gif HTTP/1.1" 304 -
186.103.159.183 - - [22/Mar/2017:08:57:16 -0300] "GET /cormun/static/Resources/desc.gif HTTP/1.1" 304 -
186.103.159.183 - - [22/Mar/2017:08:57:16 -0300] "GET /cormun//static/Resources/PXToolsGridDelete.png HTTP/1.1" 304 -
186.103.159.183 - - [22/Mar/2017:08:57:16 -0300] "GET /cormun/static/SmoothNavMenu/resources/images/down.gif HTTP/1.1" 304 -
186.103.159.183 - - [22/Mar/2017:08:57:16 -0300] "GET /cormun/static/SmoothNavMenu/resources/images/right.gif HTTP/1.1" 304 -
186.103.159.183 - - [22/Mar/2017:08:57:16 -0300] "GET /cormun/PublicTempStorage/img0964126968.jpg HTTP/1.1" 200 414854
186.103.159.183 - - [22/Mar/2017:08:57:16 -0300] "GET /cormun/servlet/trpermisosadjuntos?9459169,20170321173036,P, HTTP/1.1" 200 6845
186.103.159.183 - - [22/Mar/2017:08:57:16 -0300] "GET /cormun/PublicTempStorage/img0966939821.jpg HTTP/1.1" 200 414854
186.103.159.183 - - [22/Mar/2017:08:57:16 -0300] "GET /cormun/static/Shared/ext/resources/themes/images/default/tools/tool-sprites.gif HTTP/1.1" 304 -
186.103.159.183 - - [22/Mar/2017:08:57:16 -0300] "GET /cormun/static/Shared/ext/resources/themes/images/default/panel/bg-headersPanel.png HTTP/1.1" 304 -
186.103.159.44 - - [22/Mar/2017:08:57:18 -0300] "GET /cormun/servlet/solicitudotadjuntos?INS,2017,5674,,1, HTTP/1.1" 200 5802
186.103.159.44 - - [22/Mar/2017:08:57:19 -0300] "HEAD /cormun/static/about:blank HTTP/1.1" 404 -
186.103.159.44 - - [22/Mar/2017:08:57:20 -0300] "GET /cormun/servlet/solicitudotadjuntos?4de89d9e18e3c6e10abb36fbe988ca0c4dc49ddc948ad2e4a6e0911187eeab140a558c6a55d9cc98bd986fa19e94f816,gx-no-cache=1490183903354 HTTP/1.1" 200 30
186.103.159.44 - - [22/Mar/2017:08:57:20 -0300] "POST /cormun/servlet/solicitudotadjuntos?1726c585a988bef5855bd2f9ec506451,INS,2017,5674,,1,,gx-no-cache=1490183903430 HTTP/1.1" 200 3632
200.111.191.210 - - [22/Mar/2017:08:57:22 -0300] "GET /cormun/servlet/licenciaspermisos?913e50c3df97af1b34c4e77e0df51c3dea5da1dbd605e3019f14353db5aeb404c42e7394e5319b862f0579d9b27b637a,gx-no-cache=1490187419476 HTTP/1.1" 200 69
200.111.191.210 - - [22/Mar/2017:08:57:22 -0300] "POST /cormun/servlet/licenciaspermisos?32d7d578c326020d981f81f2e9647124,INS,0,,,,gx-no-cache=1490187419548 HTTP/1.1" 200 4417
186.103.159.44 - - [22/Mar/2017:08:57:22 -0300] "POST /cormun/servlet/solicitudotadjuntos?gx-no-cache=1490183905974 HTTP/1.1" 200 26
186.103.159.183 - - [22/Mar/2017:08:57:24 -0300] "GET /cormun/servlet/trautorizarpermisogoce? HTTP/1.1" 200 7488
186.103.159.183 - - [22/Mar/2017:08:57:25 -0300] "GET /cormun/servlet/trautorizarpermisogoce? HTTP/1.1" 200 7487
186.103.159.44 - - [22/Mar/2017:08:57:31 -0300] "GET /cormun/servlet/solicitudotadjuntos?4de89d9e18e3c6e10abb36fbe988ca0c821e36e2a4461758548675475470093d,gx-no-cache=1490183914511 HTTP/1.1" 200 30
186.103.159.44 - - [22/Mar/2017:08:57:31 -0300] "GET /cormun/servlet/solicitudotadjuntos?4de89d9e18e3c6e10abb36fbe988ca0c821e36e2a4461758548675475470093d,gx-no-cache=1490183914560 HTTP/1.1" 200 30
186.103.159.44 - - [22/Mar/2017:08:57:32 -0300] "POST /cormun/servlet/solicitudotadjuntos?1726c585a988bef5855bd2f9ec506451,INS,2017,5674,,1, HTTP/1.1" 200 116
186.103.159.44 - - [22/Mar/2017:08:57:32 -0300] "GET /cormun/servlet/hpexe_return? HTTP/1.1" 200 1015
186.103.159.44 - - [22/Mar/2017:08:57:33 -0300] "GET /cormun/servlet/trsolicitudadjuntos?2017,5674, HTTP/1.1" 200 8239
186.103.159.183 - - [22/Mar/2017:08:57:34 -0300] "POST /cormun/servlet/trautorizarpermisogoce?e9252c8c6ecc8dd316121f775f93e9c3,,gx-no-cache=1490183924077 HTTP/1.1" 200 4845
186.103.159.183 - - [22/Mar/2017:08:57:34 -0300] "GET /cormun/static/Shared/jqueryui/images/ui-bg_highlight-soft_100_c6c2c8_1x100.png HTTP/1.1" 404 1117
186.103.159.183 - - [22/Mar/2017:08:57:34 -0300] "GET /cormun/static/Shared/jqueryui/images/ui-icons_82798d_256x240.png HTTP/1.1" 404 1089
186.103.159.183 - - [22/Mar/2017:08:57:34 -0300] "GET /cormun/static/Shared/jqueryui/images/ui-bg_flat_55_fafafa_40x100.png HTTP/1.1" 404 1097
186.103.159.183 - - [22/Mar/2017:08:57:34 -0300] "GET /cormun/static/Shared/jqueryui/images/ui-icons_8d78a5_256x240.png HTTP/1.1" 404 1089
186.103.159.44 - - [22/Mar/2017:08:57:38 -0300] "GET /cormun/servlet/solicitudotadjuntos?INS,2017,5674,,1, HTTP/1.1" 200 5803
186.103.159.44 - - [22/Mar/2017:08:57:38 -0300] "HEAD /cormun/static/about:blank HTTP/1.1" 404 -
190.101.9.138 - - [22/Mar/2017:08:57:39 -0300] "GET /cormun/servlet/hlogin HTTP/1.1" 200 1725
186.103.159.188 - - [22/Mar/2017:08:57:39 -0300] "GET /cormun/static/messages.spa.js?85251 HTTP/1.1" 304 -
190.101.9.138 - - [22/Mar/2017:08:57:39 -0300] "GET /cormun/static/Resources/Spanish/PXTools.css?11294912 HTTP/1.1" 304 -
190.101.9.138 - - [22/Mar/2017:08:57:39 -0300] "GET /cormun/static/hlogin.js?201731711485490 HTTP/1.1" 304 -
186.103.159.188 - - [22/Mar/2017:08:57:39 -0300] "GET /cormun/static/gxcfg.js?201731711485472 HTTP/1.1" 304 -
186.103.159.44 - - [22/Mar/2017:08:57:40 -0300] "GET /cormun/servlet/solicitudotadjuntos?4de89d9e18e3c6e10abb36fbe988ca0c4dc49ddc948ad2e4a6e0911187eeab140a558c6a55d9cc98bd986fa19e94f816,gx-no-cache=1490183923292 HTTP/1.1" 200 30
186.103.159.44 - - [22/Mar/2017:08:57:40 -0300] "POST /cormun/servlet/solicitudotadjuntos?1726c585a988bef5855bd2f9ec506451,INS,2017,5674,,1,,gx-no-cache=1490183923377 HTTP/1.1" 200 3633
186.103.159.44 - - [22/Mar/2017:08:57:43 -0300] "POST /cormun/servlet/solicitudotadjuntos?gx-no-cache=1490183926327 HTTP/1.1" 200 26
186.103.159.188 - - [22/Mar/2017:08:57:48 -0300] "POST /cormun/servlet/hlogin?574bbdd0d7804b4b3c9f99c7d5304c8d,gx-no-cache=1490183936697 HTTP/1.1" 200 90
186.103.159.188 - - [22/Mar/2017:08:57:49 -0300] "GET /cormun/servlet/hpexe_link HTTP/1.1" 200 951
186.103.159.188 - - [22/Mar/2017:08:57:49 -0300] "GET /cormun/static/gxcfg.js?201731711483381 HTTP/1.1" 304 -
190.101.9.138 - - [22/Mar/2017:08:57:49 -0300] "GET /cormun/static/hpexe_link.js?201731711483384 HTTP/1.1" 200 625
186.103.159.188 - - [22/Mar/2017:08:57:49 -0300] "GET /cormun/servlet/hhome HTTP/1.1" 200 3771
186.103.159.188 - - [22/Mar/2017:08:57:50 -0300] "GET /cormun/static/gxcfg.js?201731711483497 HTTP/1.1" 304 -
186.103.159.188 - - [22/Mar/2017:08:57:50 -0300] "GET /cormun/static/hpexe_recentlink.js?201610171694390 HTTP/1.1" 304 -
190.101.9.138 - - [22/Mar/2017:08:57:50 -0300] "GET /cormun/static/hwchdr01.js?201731711335950 HTTP/1.1" 304 -
186.103.159.188 - - [22/Mar/2017:08:57:50 -0300] "GET /cormun/static/hpexe_scripts.js?201731711335890 HTTP/1.1" 304 -
186.103.159.188 - - [22/Mar/2017:08:57:50 -0300] "GET /cormun/static/hpexe_messagecontroller.js?201610171694323 HTTP/1.1" 304 -
190.101.9.138 - - [22/Mar/2017:08:57:50 -0300] "GET /cormun/static/hpexe_messagepopupcomponent.js?20161017169425 HTTP/1.1" 304 -
186.103.159.188 - - [22/Mar/2017:08:57:50 -0300] "GET /cormun/static/cmcontrolpreferences.js?201731711335852 HTTP/1.1" 304 -
186.103.159.188 - - [22/Mar/2017:08:57:50 -0300] "GET /cormun/static/hhome.js?20173171148352 HTTP/1.1" 304 -
190.101.9.138 - - [22/Mar/2017:08:57:50 -0300] "GET /cormun/static/hpexe_messagegenexuscomponent.js?201731711335537 HTTP/1.1" 304 -
186.103.159.188 - - [22/Mar/2017:08:57:51 -0300] "GET /cormun/static/hmpwkw03.js?201731711485354 HTTP/1.1" 304 -
186.103.159.188 - - [22/Mar/2017:08:57:51 -0300] "GET /cormun/servlet/hhome HTTP/1.1" 200 3768
186.103.159.44 - - [22/Mar/2017:08:57:52 -0300] "GET /cormun/servlet/solicitudotadjuntos?4de89d9e18e3c6e10abb36fbe988ca0c821e36e2a4461758548675475470093d,gx-no-cache=1490183935430 HTTP/1.1" 200 30
186.103.159.44 - - [22/Mar/2017:08:57:52 -0300] "GET /cormun/servlet/solicitudotadjuntos?4de89d9e18e3c6e10abb36fbe988ca0c821e36e2a4461758548675475470093d,gx-no-cache=1490183935502 HTTP/1.1" 200 30
186.103.159.44 - - [22/Mar/2017:08:57:55 -0300] "POST /cormun/servlet/solicitudotadjuntos?1726c585a988bef5855bd2f9ec506451,INS,2017,5674,,1, HTTP/1.1" 200 116
186.103.159.44 - - [22/Mar/2017:08:57:55 -0300] "GET /cormun/servlet/hpexe_return? HTTP/1.1" 200 1015
186.103.159.44 - - [22/Mar/2017:08:57:56 -0300] "GET /cormun/servlet/trsolicitudadjuntos?2017,5674, HTTP/1.1" 200 8385
186.103.159.188 - - [22/Mar/2017:08:57:57 -0300] "GET /cormun/servlet/trpermisosingoce? HTTP/1.1" 200 6555
190.101.9.138 - - [22/Mar/2017:08:57:57 -0300] "GET /cormun/static/gxcfg.js?2016111619312653 HTTP/1.1" 200 953
186.103.159.188 - - [22/Mar/2017:08:57:58 -0300] "GET /cormun/static/Resources/Spanish/PXTools.css?167811 HTTP/1.1" 304 -
186.103.159.188 - - [22/Mar/2017:08:57:58 -0300] "GET /cormun/static/trpermisosingoce.js?2016111619313084 HTTP/1.1" 200 31498
186.103.159.188 - - [22/Mar/2017:08:57:58 -0300] "GET /cormun/servlet/trpermisosingoce? HTTP/1.1" 200 6554
186.103.159.188 - - [22/Mar/2017:08:57:59 -0300] "POST /cormun/servlet/acontrolpreferencessavestate?None,CD-29,true HTTP/1.1" 200 35
186.103.159.44 - - [22/Mar/2017:08:58:00 -0300] "GET /cormun/servlet/solicitudotadjuntos?INS,2017,5674,,1, HTTP/1.1" 200 5803
186.103.159.44 - - [22/Mar/2017:08:58:01 -0300] "HEAD /cormun/static/about:blank HTTP/1.1" 404 -
186.103.159.44 - - [22/Mar/2017:08:58:02 -0300] "GET /cormun/servlet/solicitudotadjuntos?4de89d9e18e3c6e10abb36fbe988ca0c4dc49ddc948ad2e4a6e0911187eeab140a558c6a55d9cc98bd986fa19e94f816,gx-no-cache=1490183945482 HTTP/1.1" 200 30
186.103.159.44 - - [22/Mar/2017:08:58:02 -0300] "POST /cormun/servlet/solicitudotadjuntos?1726c585a988bef5855bd2f9ec506451,INS,2017,5674,,1,,gx-no-cache=1490183945605 HTTP/1.1" 200 3633
186.103.159.44 - - [22/Mar/2017:08:58:05 -0300] "POST /cormun/servlet/solicitudotadjuntos?gx-no-cache=1490183948255 HTTP/1.1" 200 26
186.103.159.188 - - [22/Mar/2017:08:58:10 -0300] "POST /cormun/servlet/trpermisosingoce?574bbdd0d7804b4b3c9f99c7d5304c8d,,gx-no-cache=1490183957960 HTTP/1.1" 200 3894
186.103.159.188 - - [22/Mar/2017:08:58:12 -0300] "GET /cormun/servlet/permisosingoce?INS,0, HTTP/1.1" 200 6477
186.103.159.188 - - [22/Mar/2017:08:58:12 -0300] "GET /cormun/static/gxcfg.js?201731711424121 HTTP/1.1" 200 953
186.103.159.188 - - [22/Mar/2017:08:58:13 -0300] "GET /cormun/static/permisosingoce.js?201731711424184 HTTP/1.1" 200 23797
186.103.159.188 - - [22/Mar/2017:08:58:13 -0300] "GET /cormun/servlet/permisosingoce?INS,0, HTTP/1.1" 200 6477
186.103.159.183 - - [22/Mar/2017:08:58:13 -0300] "POST /cormun/servlet/trautorizarpermisogoce?e9252c8c6ecc8dd316121f775f93e9c3,,gx-no-cache=1490183962505 HTTP/1.1" 200 4845
186.103.159.44 - - [22/Mar/2017:08:58:16 -0300] "GET /cormun/servlet/solicitudotadjuntos?4de89d9e18e3c6e10abb36fbe988ca0c821e36e2a4461758548675475470093d,gx-no-cache=1490183959695 HTTP/1.1" 200 30
186.103.159.44 - - [22/Mar/2017:08:58:16 -0300] "GET /cormun/servlet/solicitudotadjuntos?4de89d9e18e3c6e10abb36fbe988ca0c821e36e2a4461758548675475470093d,gx-no-cache=1490183959764 HTTP/1.1" 200 30
186.103.159.44 - - [22/Mar/2017:08:58:18 -0300] "POST /cormun/servlet/solicitudotadjuntos?1726c585a988bef5855bd2f9ec506451,INS,2017,5674,,1, HTTP/1.1" 200 116
186.103.159.44 - - [22/Mar/2017:08:58:18 -0300] "GET /cormun/servlet/hpexe_return? HTTP/1.1" 200 1015
186.103.159.44 - - [22/Mar/2017:08:58:19 -0300] "GET /cormun/servlet/trsolicitudadjuntos?2017,5674, HTTP/1.1" 200 8524
192.168.10.62 - - [22/Mar/2017:08:58:23 -0300] "POST /cormun/servlet/trsolicitudgral?dd66ca705b118e12c2db051a15bd0ac4,,gx-no-cache=1490187183520 HTTP/1.1" 200 6221
186.103.159.44 - - [22/Mar/2017:08:58:26 -0300] "GET /cormun/servlet/solicitudotadjuntos?INS,2017,5674,,1, HTTP/1.1" 200 5803
192.168.10.62 - - [22/Mar/2017:08:58:26 -0300] "POST /cormun/servlet/trsolicitudgral?dd66ca705b118e12c2db051a15bd0ac4,,gx-no-cache=1490187186630 HTTP/1.1" 200 105
192.168.10.62 - - [22/Mar/2017:08:58:26 -0300] "POST /cormun/servlet/trsolicitudgral?dd66ca705b118e12c2db051a15bd0ac4,,gx-no-cache=1490187186766 HTTP/1.1" 200 6205
192.168.10.62 - - [22/Mar/2017:08:58:26 -0300] "GET /cormun/SolicitudGral-5282.xls HTTP/1.1" 200 5632
186.103.159.44 - - [22/Mar/2017:08:58:26 -0300] "HEAD /cormun/static/about:blank HTTP/1.1" 404 -
186.103.159.44 - - [22/Mar/2017:08:58:28 -0300] "GET /cormun/servlet/solicitudotadjuntos?4de89d9e18e3c6e10abb36fbe988ca0c4dc49ddc948ad2e4a6e0911187eeab140a558c6a55d9cc98bd986fa19e94f816,gx-no-cache=1490183971246 HTTP/1.1" 200 30
186.103.159.44 - - [22/Mar/2017:08:58:28 -0300] "POST /cormun/servlet/solicitudotadjuntos?1726c585a988bef5855bd2f9ec506451,INS,2017,5674,,1,,gx-no-cache=1490183971318 HTTP/1.1" 200 3633
186.103.159.188 - - [22/Mar/2017:08:58:30 -0300] "GET /cormun/servlet/prfichaempleado?,MD,,gxPopupLevel%3D0%3B HTTP/1.1" 200 8826
186.103.159.188 - - [22/Mar/2017:08:58:30 -0300] "GET /cormun/static/gxcfg.js?2016102420561687 HTTP/1.1" 304 -
186.103.159.188 - - [22/Mar/2017:08:58:31 -0300] "GET /cormun/static/prfichaempleado.js?201610242056198 HTTP/1.1" 304 -
186.103.159.188 - - [22/Mar/2017:08:58:31 -0300] "GET /cormun/static/menusearch.js?201610171694467 HTTP/1.1" 304 -
186.103.159.188 - - [22/Mar/2017:08:58:31 -0300] "GET /cormun/static/hmpwkw011.js?201731711483558 HTTP/1.1" 304 -
186.103.159.44 - - [22/Mar/2017:08:58:31 -0300] "POST /cormun/servlet/solicitudotadjuntos?gx-no-cache=1490183974544 HTTP/1.1" 200 26
200.111.191.210 - - [22/Mar/2017:08:58:31 -0300] "GET /cormun/servlet/licenciaspermisos?913e50c3df97af1b34c4e77e0df51c3db6158cac8e8ce96b6a2b98701db43c03e7dc9dd512243d45bfa7d07e1d0e2888071ce7147f1919bf7cd537b4eb8f33c2f15a9662a282e0015710f6202db05dcda1ea3104c1aab307e2238edbcf934941d4e74a73c7cc6160f2a8079056009d6fd6e21a9cda022ef69ed89a932d02e49acfe97ff427aee9bc707da0fd961b3f37bfe7c8aee011a56976f244dc8e39f6ef04f8d7229ed6e67b4434c46a50c5a4dc,gx-no-cache=1490187488816 HTTP/1.1" 200 30
200.111.191.210 - - [22/Mar/2017:08:58:31 -0300] "GET /cormun/servlet/licenciaspermisos?913e50c3df97af1b34c4e77e0df51c3d051fc16202580053c44921b88f139e6b865e819e139c9d45f819dfcdfe4137400db19f6a73c5226c667995fba64601c7204e59a9d702b568641d57497936c79e91e0929ea1e454f3696cd7bb6bf66af6998bfb24666aa42129245a9fb20f6f898586c3edc1ca4b86abcff18811670719f536a6502acd8d42599eb5a4d0badfe39866a20f0b583db52ee59f0bd7feb083f39a89e064a909225b61c9f2a43b9f63,gx-no-cache=1490187488996 HTTP/1.1" 200 29
200.111.191.210 - - [22/Mar/2017:08:58:32 -0300] "POST /cormun/servlet/licenciaspermisos?32d7d578c326020d981f81f2e9647124,INS,0,,,,gx-no-cache=1490187489063 HTTP/1.1" 500 10
186.103.159.44 - - [22/Mar/2017:08:58:40 -0300] "GET /cormun/servlet/solicitudotadjuntos?4de89d9e18e3c6e10abb36fbe988ca0c821e36e2a4461758548675475470093d,gx-no-cache=1490183983680 HTTP/1.1" 200 30
186.103.159.44 - - [22/Mar/2017:08:58:40 -0300] "GET /cormun/servlet/solicitudotadjuntos?4de89d9e18e3c6e10abb36fbe988ca0c821e36e2a4461758548675475470093d,gx-no-cache=1490183983752 HTTP/1.1" 200 30
186.103.159.188 - - [22/Mar/2017:08:58:42 -0300] "POST /cormun/servlet/prfichaempleado?574bbdd0d7804b4b3c9f99c7d5304c8d,,MD,,gxPopupLevel%3D0%3B,gx-no-cache=1490183989677 HTTP/1.1" 200 3389
186.103.159.44 - - [22/Mar/2017:08:58:44 -0300] "POST /cormun/servlet/solicitudotadjuntos?1726c585a988bef5855bd2f9ec506451,INS,2017,5674,,1, HTTP/1.1" 200 116
186.103.159.44 - - [22/Mar/2017:08:58:44 -0300] "GET /cormun/servlet/hpexe_return? HTTP/1.1" 200 1015
186.103.159.44 - - [22/Mar/2017:08:58:45 -0300] "GET /cormun/servlet/trsolicitudadjuntos?2017,5674, HTTP/1.1" 200 8690
186.103.159.188 - - [22/Mar/2017:08:58:46 -0300] "GET /cormun/servlet/permisosingoce?a2d05fd82f941abcbe9a0c3bf32eeef9f666a5031b6a24402602567c4ebff99ae15805ab3e250c00fb09968cc780975a,gx-no-cache=1490183994575 HTTP/1.1" 200 66
186.103.159.44 - - [22/Mar/2017:08:58:49 -0300] "GET /cormun/servlet/solicitudotadjuntos?INS,2017,5674,,1, HTTP/1.1" 200 5803
186.103.159.44 - - [22/Mar/2017:08:58:49 -0300] "HEAD /cormun/static/about:blank HTTP/1.1" 404 -
186.103.159.44 - - [22/Mar/2017:08:58:51 -0300] "GET /cormun/servlet/solicitudotadjuntos?4de89d9e18e3c6e10abb36fbe988ca0c4dc49ddc948ad2e4a6e0911187eeab140a558c6a55d9cc98bd986fa19e94f816,gx-no-cache=1490183994278 HTTP/1.1" 200 30
186.103.159.44 - - [22/Mar/2017:08:58:51 -0300] "POST /cormun/servlet/solicitudotadjuntos?1726c585a988bef5855bd2f9ec506451,INS,2017,5674,,1,,gx-no-cache=1490183994377 HTTP/1.1" 200 3633
