186.103.157.39 - - [22/Mar/2017:11:13:55 -0300] "GET /cormun/servlet/hlogin HTTP/1.1" 200 1735
186.103.157.39 - - [22/Mar/2017:11:13:55 -0300] "GET /favicon.ico HTTP/1.1" 200 21630
186.103.159.44 - - [22/Mar/2017:11:13:56 -0300] "GET /cormun/servlet/trsolicitudadjuntos?2017,5678, HTTP/1.1" 200 8934
186.103.159.44 - - [22/Mar/2017:11:14:00 -0300] "GET /cormun/servlet/solicitudotadjuntos?INS,2017,5678,,2, HTTP/1.1" 200 5815
186.103.159.44 - - [22/Mar/2017:11:14:00 -0300] "HEAD /cormun/static/about:blank HTTP/1.1" 404 -
186.103.159.44 - - [22/Mar/2017:11:14:01 -0300] "GET /cormun/servlet/solicitudotadjuntos?600c0a83451e46965af226b2e97ec98deb43b4290e0d46853a0fa01c54173bfd328a579b7f01d29d149a6c408c5928e5,gx-no-cache=1490192104963 HTTP/1.1" 200 30
186.103.159.44 - - [22/Mar/2017:11:14:02 -0300] "POST /cormun/servlet/solicitudotadjuntos?8ffe37cf1026298f7841cf276033ee0b,INS,2017,5678,,2,,gx-no-cache=1490192105025 HTTP/1.1" 200 3855
186.103.159.44 - - [22/Mar/2017:11:14:04 -0300] "POST /cormun/servlet/solicitudotadjuntos?gx-no-cache=1490192107565 HTTP/1.1" 200 26
200.54.247.69 - - [22/Mar/2017:11:14:04 -0300] "POST /cormun/servlet/solicitudotadjuntos?gx-no-cache=1490192112774 HTTP/1.1" 200 26
200.54.247.69 - - [22/Mar/2017:11:14:05 -0300] "GET /cormun/servlet/solicitudotadjuntos?cbb770e1ace0773c7c1a306815fbc7b60ac7c888ac5f6597824b2d661d58fa11,gx-no-cache=1490192112875 HTTP/1.1" 200 30
200.54.247.69 - - [22/Mar/2017:11:14:05 -0300] "GET /cormun/servlet/solicitudotadjuntos?cbb770e1ace0773c7c1a306815fbc7b60ac7c888ac5f6597824b2d661d58fa11,gx-no-cache=1490192112936 HTTP/1.1" 200 30
200.54.247.69 - - [22/Mar/2017:11:14:05 -0300] "POST /cormun/servlet/solicitudotadjuntos?7ea028641f2e4cf443d4a0ac42d3cd14,INS,2017,5679,,1,,gx-no-cache=1490192112994 HTTP/1.1" 200 93
200.54.247.69 - - [22/Mar/2017:11:14:05 -0300] "GET /cormun/servlet/hpexe_return? HTTP/1.1" 200 1026
200.54.247.69 - - [22/Mar/2017:11:14:05 -0300] "GET /cormun/servlet/trsolicitudadjuntos?2017,5679, HTTP/1.1" 200 8115
186.103.159.230 - - [22/Mar/2017:11:14:09 -0300] "GET /cormun/servlet/licenciaspermisos?11cd20aed88d1331ab193ae476a4dde268df4eb9d2aafac39799b99ef5ac732103bea8ae4f1b65b2c868c27d9acefa58,gx-no-cache=1490192120677 HTTP/1.1" 200 62
186.103.159.230 - - [22/Mar/2017:11:14:09 -0300] "POST /cormun/servlet/licenciaspermisos?5ef3b7987a5d04f77ca42a2a86f7f44e,INS,0,,,,gx-no-cache=1490192120772 HTTP/1.1" 200 4622
200.54.247.69 - - [22/Mar/2017:11:14:10 -0300] "GET /cormun/servlet/solicitudotadjuntos?DLT,2017,5679,CARNET,0, HTTP/1.1" 200 5932
200.54.247.69 - - [22/Mar/2017:11:14:10 -0300] "HEAD /cormun/static/about:blank HTTP/1.1" 404 -
200.54.247.69 - - [22/Mar/2017:11:14:10 -0300] "GET /cormun/static/Shared/jqueryui/images/ui-icons_82798d_256x240.png HTTP/1.1" 404 1089
200.54.247.69 - - [22/Mar/2017:11:14:10 -0300] "GET /cormun/static/Shared/jqueryui/images/ui-bg_flat_55_fafafa_40x100.png HTTP/1.1" 404 1097
200.54.247.69 - - [22/Mar/2017:11:14:10 -0300] "GET /cormun/static/Shared/jqueryui/images/ui-bg_highlight-soft_100_c6c2c8_1x100.png HTTP/1.1" 404 1117
200.54.247.69 - - [22/Mar/2017:11:14:10 -0300] "GET /cormun/static/Shared/jqueryui/images/ui-icons_8d78a5_256x240.png HTTP/1.1" 404 1089
186.103.159.44 - - [22/Mar/2017:11:14:11 -0300] "GET /cormun/servlet/solicitudotadjuntos?600c0a83451e46965af226b2e97ec98d0c16d8de587f2262f48fdaad2ac039d4,gx-no-cache=1490192114723 HTTP/1.1" 200 30
186.103.159.44 - - [22/Mar/2017:11:14:11 -0300] "GET /cormun/servlet/solicitudotadjuntos?600c0a83451e46965af226b2e97ec98d0c16d8de587f2262f48fdaad2ac039d4,gx-no-cache=1490192114759 HTTP/1.1" 200 30
186.103.159.44 - - [22/Mar/2017:11:14:11 -0300] "POST /cormun/servlet/solicitudotadjuntos?8ffe37cf1026298f7841cf276033ee0b,INS,2017,5678,,2, HTTP/1.1" 200 116
186.103.159.44 - - [22/Mar/2017:11:14:11 -0300] "GET /cormun/servlet/hpexe_return? HTTP/1.1" 200 1028
186.103.159.44 - - [22/Mar/2017:11:14:13 -0300] "GET /cormun/servlet/trsolicitudadjuntos?2017,5678, HTTP/1.1" 200 9138
186.103.157.39 - - [22/Mar/2017:11:14:13 -0300] "POST /cormun/servlet/hlogin?7a06e483dd0822d5fbfc55ef1d4ef977,gx-no-cache=1490192121830 HTTP/1.1" 200 90
186.103.157.39 - - [22/Mar/2017:11:14:13 -0300] "GET /cormun/servlet/hpexe_link HTTP/1.1" 200 954
186.103.157.39 - - [22/Mar/2017:11:14:13 -0300] "GET /cormun/static/hpexe_link.js?201731711483384 HTTP/1.1" 200 625
186.103.157.39 - - [22/Mar/2017:11:14:13 -0300] "GET /cormun/static/gxcfg.js?201731711483381 HTTP/1.1" 200 953
186.103.157.39 - - [22/Mar/2017:11:14:14 -0300] "GET /cormun/servlet/hhome HTTP/1.1" 200 3727
186.103.157.39 - - [22/Mar/2017:11:14:14 -0300] "GET /cormun/static/Shared/jqueryui/jquery-ui.min.css?1245370 HTTP/1.1" 200 30288
186.103.157.39 - - [22/Mar/2017:11:14:14 -0300] "GET /cormun/static/SmoothNavMenu/resources/ddsmoothmenu.css?1012540 HTTP/1.1" 200 2223
186.103.157.39 - - [22/Mar/2017:11:14:14 -0300] "GET /cormun/static/SmoothNavMenu/resources/ddsmoothmenu-v.css?1012540 HTTP/1.1" 200 1188
186.103.157.39 - - [22/Mar/2017:11:14:14 -0300] "GET /cormun/static/scaMessage/css/jquery.pnotify.default.css?1716380 HTTP/1.1" 200 1707
186.103.157.39 - - [22/Mar/2017:11:14:14 -0300] "GET /cormun/static/gxcfg.js?201731711483497 HTTP/1.1" 200 953
186.103.157.39 - - [22/Mar/2017:11:14:14 -0300] "GET /cormun/static/PXToolsJavascripts/pexe_autoreload.js HTTP/1.1" 200 1762
186.103.157.39 - - [22/Mar/2017:11:14:14 -0300] "GET /cormun/static/PXToolsJavascripts/pexe_cookies.js HTTP/1.1" 200 792
186.103.157.39 - - [22/Mar/2017:11:14:14 -0300] "GET /cormun/static/PXToolsJavascripts/pexe_windows.js HTTP/1.1" 200 15207
186.103.157.39 - - [22/Mar/2017:11:14:14 -0300] "GET /cormun/static/PXToolsJavascripts/pexe_griddivfix.js HTTP/1.1" 200 6644
186.103.157.39 - - [22/Mar/2017:11:14:14 -0300] "GET /cormun/static/PXToolsJavascripts/pexe_grid.js HTTP/1.1" 200 7559
186.103.157.39 - - [22/Mar/2017:11:14:14 -0300] "GET /cormun/static/PXToolsJavascripts/pexe_link.js HTTP/1.1" 200 5671
186.103.157.39 - - [22/Mar/2017:11:14:14 -0300] "GET /cormun/static/PXToolsJavascripts/pexe_menudivfix.js HTTP/1.1" 200 333
186.103.157.39 - - [22/Mar/2017:11:14:14 -0300] "GET /cormun/static/PXToolsJavascripts/pexe_menus.js HTTP/1.1" 200 1286
186.103.157.39 - - [22/Mar/2017:11:14:14 -0300] "GET /cormun/static/PXToolsJavascripts/pexe_layers.js HTTP/1.1" 200 4114
186.103.157.39 - - [22/Mar/2017:11:14:14 -0300] "GET /cormun/static/PXToolsJavascripts/pexe_oav.js HTTP/1.1" 200 645
186.103.157.39 - - [22/Mar/2017:11:14:14 -0300] "GET /cormun/static/PXToolsJavascripts/pexe_oavdivfix.js HTTP/1.1" 200 639
186.103.157.39 - - [22/Mar/2017:11:14:14 -0300] "GET /cormun/static/PXToolsJavascripts/pexe_picture.js HTTP/1.1" 200 689
186.103.157.39 - - [22/Mar/2017:11:14:14 -0300] "GET /cormun/static/PXToolsJavascripts/pexe_scrolldiv.js HTTP/1.1" 200 4138
186.103.157.39 - - [22/Mar/2017:11:14:14 -0300] "GET /cormun/static/PXToolsJavascripts/pexe_popup.js HTTP/1.1" 200 13458
186.103.157.39 - - [22/Mar/2017:11:14:14 -0300] "GET /cormun/static/PXToolsJavascripts/pexe_tabdivfix.js HTTP/1.1" 200 876
186.103.157.39 - - [22/Mar/2017:11:14:14 -0300] "GET /cormun/static/PXToolsJavascripts/pexe_tabs.js HTTP/1.1" 200 3748
186.103.157.39 - - [22/Mar/2017:11:14:14 -0300] "GET /cormun/static/PXToolsJavascripts/pexe_upload.js HTTP/1.1" 200 1423
186.103.157.39 - - [22/Mar/2017:11:14:14 -0300] "GET /cormun/static/PXToolsJavascripts/PXToolsJavascriptsRender.js HTTP/1.1" 200 367
186.103.157.39 - - [22/Mar/2017:11:14:14 -0300] "GET /cormun/static/RunJS/RunJS.js HTTP/1.1" 200 288
186.103.157.39 - - [22/Mar/2017:11:14:14 -0300] "GET /cormun/static/Shared/ext/locale/ext-lang-en.js HTTP/1.1" 200 10940
186.103.157.39 - - [22/Mar/2017:11:14:14 -0300] "GET /cormun/static/hhome.js?20173171148352 HTTP/1.1" 200 777
186.103.157.39 - - [22/Mar/2017:11:14:14 -0300] "GET /cormun/static/gxui/gxui-all.js HTTP/1.1" 200 107772
186.103.157.39 - - [22/Mar/2017:11:14:14 -0300] "GET /cormun/static/hwchdr01.js?201731711335950 HTTP/1.1" 200 1183
186.103.157.39 - - [22/Mar/2017:11:14:14 -0300] "GET /cormun/static/hpexe_recentlink.js?201610171694390 HTTP/1.1" 200 2144
186.103.157.39 - - [22/Mar/2017:11:14:14 -0300] "GET /cormun/static/hpexe_scripts.js?201731711335890 HTTP/1.1" 200 1544
186.103.157.39 - - [22/Mar/2017:11:14:14 -0300] "GET /cormun/static/hpexe_messagecontroller.js?201610171694323 HTTP/1.1" 200 870
186.103.157.39 - - [22/Mar/2017:11:14:14 -0300] "GET /cormun/static/hpexe_messagepopupcomponent.js?20161017169425 HTTP/1.1" 200 605
186.103.157.39 - - [22/Mar/2017:11:14:14 -0300] "GET /cormun/static/hpexe_messagegenexuscomponent.js?201731711335537 HTTP/1.1" 200 587
186.103.157.39 - - [22/Mar/2017:11:14:14 -0300] "GET /cormun/static/cmcontrolpreferences.js?201731711335852 HTTP/1.1" 200 1375
186.103.157.39 - - [22/Mar/2017:11:14:14 -0300] "GET /cormun/static/SmoothNavMenu/resources/ddsmoothmenu.js HTTP/1.1" 200 12712
186.103.157.39 - - [22/Mar/2017:11:14:14 -0300] "GET /cormun/static/Resources/PXToolsHeaderBackground2.png HTTP/1.1" 200 1174
186.103.157.39 - - [22/Mar/2017:11:14:14 -0300] "GET /cormun/static/Shared/jquery/jquery-1.4.2.min.js HTTP/1.1" 200 72174
186.103.157.39 - - [22/Mar/2017:11:14:14 -0300] "GET /cormun/static/Resources/PXToolsHeaderActionsLeft.png HTTP/1.1" 200 1118
186.103.157.39 - - [22/Mar/2017:11:14:14 -0300] "GET /cormun/static/Resources/logo4.png HTTP/1.1" 200 6582
186.103.157.39 - - [22/Mar/2017:11:14:14 -0300] "GET /cormun/static/Resources/PXToolsHeaderLogin.png HTTP/1.1" 200 4279
186.103.157.39 - - [22/Mar/2017:11:14:14 -0300] "GET /cormun/static/Shared/jqueryui/jquery-ui.min.js HTTP/1.1" 200 240427
186.103.157.39 - - [22/Mar/2017:11:14:14 -0300] "GET /cormun/static/Resources/PXToolsDataTitle.png HTTP/1.1" 200 1173
186.103.157.39 - - [22/Mar/2017:11:14:14 -0300] "GET /cormun/static/Resources/PXToolsHeaderActionsBackground.png HTTP/1.1" 200 484
186.103.157.39 - - [22/Mar/2017:11:14:14 -0300] "GET /cormun/static/Resources/PXToolsFooterBackground2.png HTTP/1.1" 200 1172
186.103.157.39 - - [22/Mar/2017:11:14:14 -0300] "GET /cormun/static/Resources/PXToolsHeaderSecurity.png HTTP/1.1" 200 4166
186.103.157.39 - - [22/Mar/2017:11:14:14 -0300] "GET /cormun/static/Resources/PXToolsHeaderActionsRight.png HTTP/1.1" 200 1201
186.103.157.39 - - [22/Mar/2017:11:14:15 -0300] "GET /cormun/static/Resources/PXToolsHeaderPreferences.png HTTP/1.1" 200 4189
186.103.157.39 - - [22/Mar/2017:11:14:15 -0300] "GET /cormun/static/Resources/PXToolsHeaderHome.png HTTP/1.1" 200 4147
186.103.157.39 - - [22/Mar/2017:11:14:15 -0300] "GET /cormun/static/SmoothNavMenu/resources/SmoothNavMenuRender.js HTTP/1.1" 200 5951
186.103.157.39 - - [22/Mar/2017:11:14:15 -0300] "GET /cormun/static/scaMessage/js/jquery.pnotify.min.js HTTP/1.1" 200 13038
186.103.157.39 - - [22/Mar/2017:11:14:15 -0300] "GET /cormun/static/scaMessage/scaMessageRender.js HTTP/1.1" 200 11977
186.103.157.39 - - [22/Mar/2017:11:14:15 -0300] "GET /cormun/static/hmpwkw03.js?201731711485354 HTTP/1.1" 200 3965
186.103.157.39 - - [22/Mar/2017:11:14:15 -0300] "GET /cormun/static/Shared/jquery/jquery-1.10.2.min.js HTTP/1.1" 200 273199
186.103.157.39 - - [22/Mar/2017:11:14:15 -0300] "GET /cormun/static/Shared/ext/ext-all.js HTTP/1.1" 200 1289687
186.103.159.44 - - [22/Mar/2017:11:14:18 -0300] "GET /cormun/servlet/trsolicitudot? HTTP/1.1" 200 10476
200.54.247.69 - - [22/Mar/2017:11:14:19 -0300] "POST /cormun/servlet/solicitudotadjuntos?7ea028641f2e4cf443d4a0ac42d3cd14,DLT,2017,5679,CARNET,0,,gx-no-cache=1490192127254 HTTP/1.1" 200 93
200.54.247.69 - - [22/Mar/2017:11:14:19 -0300] "GET /cormun/servlet/hpexe_return? HTTP/1.1" 200 1031
186.103.157.39 - - [22/Mar/2017:11:14:19 -0300] "GET /cormun/servlet/hhome HTTP/1.1" 200 3727
200.54.247.69 - - [22/Mar/2017:11:14:19 -0300] "GET /cormun/servlet/trsolicitudadjuntos?2017,5679, HTTP/1.1" 200 6103
186.103.157.39 - - [22/Mar/2017:11:14:19 -0300] "GET /cormun/static/SmoothNavMenu/resources/images/down.gif HTTP/1.1" 200 854
200.54.247.69 - - [22/Mar/2017:11:14:22 -0300] "GET /cormun/servlet/solicitudotadjuntos?INS,2017,5679,,1, HTTP/1.1" 200 6037
200.54.247.69 - - [22/Mar/2017:11:14:22 -0300] "HEAD /cormun/static/about:blank HTTP/1.1" 404 -
200.54.247.69 - - [22/Mar/2017:11:14:23 -0300] "GET /cormun/servlet/solicitudotadjuntos?cbb770e1ace0773c7c1a306815fbc7b6e90e3a7c4b849a5534753a426ad8de72624845f6b829bd670ce0d6d1b87bbcb0,gx-no-cache=1490192131192 HTTP/1.1" 200 30
200.54.247.69 - - [22/Mar/2017:11:14:23 -0300] "POST /cormun/servlet/solicitudotadjuntos?7ea028641f2e4cf443d4a0ac42d3cd14,INS,2017,5679,,1,,gx-no-cache=1490192131219 HTTP/1.1" 200 3827
186.103.157.39 - - [22/Mar/2017:11:14:24 -0300] "GET /cormun/servlet/trsolicitudot? HTTP/1.1" 200 8412
186.103.157.39 - - [22/Mar/2017:11:14:25 -0300] "GET /cormun/static/gxui/gxui-all.css?110300 HTTP/1.1" 200 2179
186.103.157.39 - - [22/Mar/2017:11:14:25 -0300] "GET /cormun/static/calendar-system.css?75620 HTTP/1.1" 200 5572
186.103.157.39 - - [22/Mar/2017:11:14:25 -0300] "GET /cormun/static/gxcfg.js?201731711505139 HTTP/1.1" 200 953
186.103.157.39 - - [22/Mar/2017:11:14:25 -0300] "GET /cormun/static/calendar.js?85251 HTTP/1.1" 200 26246
186.103.157.39 - - [22/Mar/2017:11:14:25 -0300] "GET /cormun/static/calendar-setup.js?85251 HTTP/1.1" 200 2588
186.103.157.39 - - [22/Mar/2017:11:14:25 -0300] "GET /cormun/static/calendar-es.js?85251 HTTP/1.1" 200 1901
186.103.157.39 - - [22/Mar/2017:11:14:25 -0300] "GET /cormun/static/gxdec.js?85251 HTTP/1.1" 200 19579
186.103.157.39 - - [22/Mar/2017:11:14:25 -0300] "GET /cormun/static/Shared/ext/resources/css/ext-all.css?205870 HTTP/1.1" 200 416045
186.103.157.39 - - [22/Mar/2017:11:14:25 -0300] "GET /cormun/static/trsolicitudot.js?20173171151116 HTTP/1.1" 200 53117
200.54.247.69 - - [22/Mar/2017:11:14:25 -0300] "POST /cormun/servlet/solicitudotadjuntos?gx-no-cache=1490192133533 HTTP/1.1" 200 26
186.103.157.39 - - [22/Mar/2017:11:14:25 -0300] "GET /cormun/static/Resources/PXTools/calendar.png HTTP/1.1" 200 1306
186.103.157.39 - - [22/Mar/2017:11:14:25 -0300] "GET /cormun/static/Resources/PXToolsDataSearch.png HTTP/1.1" 200 419
186.103.157.39 - - [22/Mar/2017:11:14:25 -0300] "GET /cormun/static/Resources/PXToolsGridFirstDisabled.gif HTTP/1.1" 200 100
186.103.157.39 - - [22/Mar/2017:11:14:25 -0300] "GET /cormun/static/Resources/PXToolsGridPreviousDisabled.gif HTTP/1.1" 200 90
186.103.157.39 - - [22/Mar/2017:11:14:25 -0300] "GET /cormun/static/Resources/PXToolsGridNextDisabled.gif HTTP/1.1" 200 90
186.103.157.39 - - [22/Mar/2017:11:14:26 -0300] "GET /cormun/static/Resources/PXToolsGridLastDisabled.gif HTTP/1.1" 200 98
186.103.157.39 - - [22/Mar/2017:11:14:26 -0300] "GET /cormun/static/Resources/PXToolsGridPage.gif HTTP/1.1" 200 725
186.103.157.39 - - [22/Mar/2017:11:14:26 -0300] "GET /cormun/static/Resources/PXToolsActionExcel.png HTTP/1.1" 200 3187
186.103.157.39 - - [22/Mar/2017:11:14:26 -0300] "GET /cormun/static/Resources/PXToolsGridNew.png HTTP/1.1" 200 2949
186.103.159.44 - - [22/Mar/2017:11:14:26 -0300] "POST /cormun/servlet/trsolicitudot?8ffe37cf1026298f7841cf276033ee0b,,gx-no-cache=1490192129350 HTTP/1.1" 200 7398
186.103.159.44 - - [22/Mar/2017:11:14:27 -0300] "POST /cormun/servlet/trsolicitudot?8ffe37cf1026298f7841cf276033ee0b,,gx-no-cache=1490192130408 HTTP/1.1" 200 7339
186.103.159.44 - - [22/Mar/2017:11:14:28 -0300] "GET /cormun/static/Shared/jqueryui/images/ui-icons_82798d_256x240.png HTTP/1.1" 404 1089
186.103.159.44 - - [22/Mar/2017:11:14:28 -0300] "GET /cormun/static/Shared/jqueryui/images/ui-bg_flat_55_fafafa_40x100.png HTTP/1.1" 404 1097
186.103.159.44 - - [22/Mar/2017:11:14:28 -0300] "GET /cormun/static/Shared/jqueryui/images/ui-bg_highlight-soft_100_c6c2c8_1x100.png HTTP/1.1" 404 1117
186.103.159.44 - - [22/Mar/2017:11:14:28 -0300] "GET /cormun/static/Shared/jqueryui/images/ui-icons_8d78a5_256x240.png HTTP/1.1" 404 1089
186.103.157.39 - - [22/Mar/2017:11:14:31 -0300] "GET /cormun/servlet/trsolicitudot? HTTP/1.1" 200 8409
186.103.157.39 - - [22/Mar/2017:11:14:31 -0300] "GET /cormun/static/Resources/asc.gif HTTP/1.1" 200 67
186.103.157.39 - - [22/Mar/2017:11:14:31 -0300] "GET /cormun/static/Resources/desc.gif HTTP/1.1" 200 65
186.103.157.39 - - [22/Mar/2017:11:14:31 -0300] "GET /cormun//static/Resources/PXToolsActionView.png HTTP/1.1" 200 2995
186.103.157.39 - - [22/Mar/2017:11:14:31 -0300] "GET /cormun//static/Resources/PXToolsRemoveAllAction.png HTTP/1.1" 200 3558
186.103.157.39 - - [22/Mar/2017:11:14:31 -0300] "GET /cormun//static/Resources/PXToolsGridDelete.png HTTP/1.1" 200 357
186.103.157.39 - - [22/Mar/2017:11:14:31 -0300] "GET /cormun//static/Resources/PXToolsGridUpdate.png HTTP/1.1" 200 2984
186.103.157.39 - - [22/Mar/2017:11:14:31 -0300] "GET /cormun//static/Resources/PXTools/ActionInsert.png HTTP/1.1" 200 1482
186.103.157.39 - - [22/Mar/2017:11:14:31 -0300] "GET /cormun/static/Shared/ext/resources/themes/images/default/panel/bg-headersPanel.png HTTP/1.1" 200 255
186.103.157.39 - - [22/Mar/2017:11:14:31 -0300] "GET /cormun/static/Shared/ext/resources/themes/images/default/tools/tool-sprites.gif HTTP/1.1" 200 5434
200.54.247.69 - - [22/Mar/2017:11:14:39 -0300] "GET /cormun/servlet/solicitudotadjuntos?cbb770e1ace0773c7c1a306815fbc7b60ac7c888ac5f6597824b2d661d58fa11,gx-no-cache=1490192147244 HTTP/1.1" 200 30
200.54.247.69 - - [22/Mar/2017:11:14:39 -0300] "GET /cormun/servlet/solicitudotadjuntos?cbb770e1ace0773c7c1a306815fbc7b60ac7c888ac5f6597824b2d661d58fa11,gx-no-cache=1490192147260 HTTP/1.1" 200 30
200.54.247.69 - - [22/Mar/2017:11:14:39 -0300] "POST /cormun/servlet/solicitudotadjuntos?7ea028641f2e4cf443d4a0ac42d3cd14,INS,2017,5679,,1, HTTP/1.1" 200 116
200.54.247.69 - - [22/Mar/2017:11:14:39 -0300] "GET /cormun/servlet/hpexe_return? HTTP/1.1" 200 1026
200.54.247.69 - - [22/Mar/2017:11:14:39 -0300] "GET /cormun/servlet/trsolicitudadjuntos?2017,5679, HTTP/1.1" 200 8256
200.54.247.69 - - [22/Mar/2017:11:14:44 -0300] "GET /cormun/servlet/solicitudotadjuntos?INS,2017,5679,,1, HTTP/1.1" 200 6037
200.54.247.69 - - [22/Mar/2017:11:14:44 -0300] "HEAD /cormun/static/about:blank HTTP/1.1" 404 -
200.54.247.69 - - [22/Mar/2017:11:14:45 -0300] "GET /cormun/servlet/solicitudotadjuntos?cbb770e1ace0773c7c1a306815fbc7b6e90e3a7c4b849a5534753a426ad8de72624845f6b829bd670ce0d6d1b87bbcb0,gx-no-cache=1490192153170 HTTP/1.1" 200 30
200.54.247.69 - - [22/Mar/2017:11:14:45 -0300] "POST /cormun/servlet/solicitudotadjuntos?7ea028641f2e4cf443d4a0ac42d3cd14,INS,2017,5679,,1,,gx-no-cache=1490192153197 HTTP/1.1" 200 3827
200.54.247.69 - - [22/Mar/2017:11:14:50 -0300] "POST /cormun/servlet/solicitudotadjuntos?gx-no-cache=1490192158303 HTTP/1.1" 200 26
186.67.172.234 - - [22/Mar/2017:11:15:06 -0300] "POST /cormun/servlet/trlicencias?ea8b736566feea61b444a503f61575c6,,gx-no-cache=1490192171282 HTTP/1.1" 200 5853
186.67.172.234 - - [22/Mar/2017:11:15:06 -0300] "GET /cormun/static/Shared/jqueryui/images/ui-icons_82798d_256x240.png HTTP/1.1" 404 1089
186.67.172.234 - - [22/Mar/2017:11:15:06 -0300] "GET /cormun/static/Shared/jqueryui/images/ui-bg_highlight-soft_100_c6c2c8_1x100.png HTTP/1.1" 404 1117
186.67.172.234 - - [22/Mar/2017:11:15:06 -0300] "GET /cormun/static/Shared/jqueryui/images/ui-icons_8d78a5_256x240.png HTTP/1.1" 404 1089
186.67.172.234 - - [22/Mar/2017:11:15:06 -0300] "GET /cormun/static/Shared/jqueryui/images/ui-bg_flat_55_fafafa_40x100.png HTTP/1.1" 404 1097
186.103.157.39 - - [22/Mar/2017:11:15:07 -0300] "GET /cormun/servlet/solicitudot?INS,0,0, HTTP/1.1" 200 12526
186.103.157.39 - - [22/Mar/2017:11:15:07 -0300] "GET /cormun/static/calendar-system.css?85620 HTTP/1.1" 200 5572
186.103.157.39 - - [22/Mar/2017:11:15:07 -0300] "GET /cormun/static/gxcfg.js?20171191042720 HTTP/1.1" 200 953
186.103.157.39 - - [22/Mar/2017:11:15:08 -0300] "GET /cormun/static/Resources/Spanish/PXTools.css?18365030 HTTP/1.1" 200 89042
186.103.157.39 - - [22/Mar/2017:11:15:08 -0300] "GET /cormun/static/solicitudot.js?2017119104297 HTTP/1.1" 200 63948
186.103.157.39 - - [22/Mar/2017:11:15:08 -0300] "GET /cormun/static/Resources/prompt.gif HTTP/1.1" 200 902
200.54.247.69 - - [22/Mar/2017:11:15:09 -0300] "GET /cormun/servlet/solicitudotadjuntos?cbb770e1ace0773c7c1a306815fbc7b60ac7c888ac5f6597824b2d661d58fa11,gx-no-cache=1490192176911 HTTP/1.1" 200 30
200.54.247.69 - - [22/Mar/2017:11:15:09 -0300] "GET /cormun/servlet/solicitudotadjuntos?cbb770e1ace0773c7c1a306815fbc7b60ac7c888ac5f6597824b2d661d58fa11,gx-no-cache=1490192176927 HTTP/1.1" 200 30
200.54.247.69 - - [22/Mar/2017:11:15:09 -0300] "POST /cormun/servlet/solicitudotadjuntos?7ea028641f2e4cf443d4a0ac42d3cd14,INS,2017,5679,,1, HTTP/1.1" 200 116
200.54.247.69 - - [22/Mar/2017:11:15:09 -0300] "GET /cormun/servlet/hpexe_return? HTTP/1.1" 200 1026
200.54.247.69 - - [22/Mar/2017:11:15:10 -0300] "GET /cormun/servlet/trsolicitudadjuntos?2017,5679, HTTP/1.1" 200 8428
186.103.157.39 - - [22/Mar/2017:11:15:11 -0300] "GET /cormun/servlet/solicitudot?INS,0,0, HTTP/1.1" 200 12531
200.54.247.69 - - [22/Mar/2017:11:15:13 -0300] "GET /cormun/servlet/solicitudotadjuntos?INS,2017,5679,,1, HTTP/1.1" 200 6037
200.54.247.69 - - [22/Mar/2017:11:15:13 -0300] "HEAD /cormun/static/about:blank HTTP/1.1" 404 -
200.54.247.69 - - [22/Mar/2017:11:15:14 -0300] "GET /cormun/servlet/solicitudotadjuntos?cbb770e1ace0773c7c1a306815fbc7b6e90e3a7c4b849a5534753a426ad8de72624845f6b829bd670ce0d6d1b87bbcb0,gx-no-cache=1490192182260 HTTP/1.1" 200 30
200.54.247.69 - - [22/Mar/2017:11:15:14 -0300] "POST /cormun/servlet/solicitudotadjuntos?7ea028641f2e4cf443d4a0ac42d3cd14,INS,2017,5679,,1,,gx-no-cache=1490192182291 HTTP/1.1" 200 3827
186.67.172.234 - - [22/Mar/2017:11:15:17 -0300] "GET /cormun/servlet/licenciaspermisos?INS,0,,, HTTP/1.1" 200 7151
186.67.172.234 - - [22/Mar/2017:11:15:17 -0300] "GET /cormun/static/gxcfg.js?201731711384427 HTTP/1.1" 304 -
186.67.172.234 - - [22/Mar/2017:11:15:17 -0300] "GET /cormun/static/licenciaspermisos.js?201731711384498 HTTP/1.1" 304 -
200.54.247.69 - - [22/Mar/2017:11:15:17 -0300] "POST /cormun/servlet/solicitudotadjuntos?gx-no-cache=1490192185276 HTTP/1.1" 200 26
186.67.172.234 - - [22/Mar/2017:11:15:17 -0300] "GET /cormun/servlet/licenciaspermisos?INS,0,,, HTTP/1.1" 200 7151
186.103.159.44 - - [22/Mar/2017:11:15:20 -0300] "GET /cormun/servlet/trlicencias? HTTP/1.1" 200 6623
186.103.159.44 - - [22/Mar/2017:11:15:21 -0300] "GET /cormun/static/gxcfg.js?2016122619301429 HTTP/1.1" 304 -
186.103.159.44 - - [22/Mar/2017:11:15:21 -0300] "GET /cormun/static/trlicencias.js?2016122619301919 HTTP/1.1" 200 37913
186.67.172.234 - - [22/Mar/2017:11:15:28 -0300] "GET /cormun/servlet/prfichaempleado?,MD,,gxPopupLevel%3D0%3B HTTP/1.1" 200 8824
186.67.172.234 - - [22/Mar/2017:11:15:28 -0300] "GET /cormun/static/Resources/Spanish/PXTools.css?167811 HTTP/1.1" 304 -
186.67.172.234 - - [22/Mar/2017:11:15:28 -0300] "GET /cormun/static/gxcfg.js?2016102420561687 HTTP/1.1" 304 -
186.67.172.234 - - [22/Mar/2017:11:15:28 -0300] "GET /cormun/static/menusearch.js?201610171694467 HTTP/1.1" 304 -
186.67.172.234 - - [22/Mar/2017:11:15:28 -0300] "GET /cormun/static/hmpwkw011.js?201731711483558 HTTP/1.1" 304 -
186.67.172.234 - - [22/Mar/2017:11:15:28 -0300] "GET /cormun/static/prfichaempleado.js?201610242056198 HTTP/1.1" 304 -
186.103.157.39 - - [22/Mar/2017:11:15:31 -0300] "POST /cormun/servlet/solicitudot?gx-no-cache=1490192199659 HTTP/1.1" 200 3144
186.103.157.39 - - [22/Mar/2017:11:15:32 -0300] "POST /cormun/servlet/solicitudot?7a06e483dd0822d5fbfc55ef1d4ef977,INS,0,0,,gx-no-cache=1490192200259 HTTP/1.1" 200 9771
186.103.159.44 - - [22/Mar/2017:11:15:35 -0300] "GET /cormun/servlet/licenciaspermisos?INS,0,,, HTTP/1.1" 200 7144
186.103.159.44 - - [22/Mar/2017:11:15:35 -0300] "GET /cormun/static/gxcfg.js?201731711384427 HTTP/1.1" 304 -
186.103.159.44 - - [22/Mar/2017:11:15:35 -0300] "GET /cormun/static/licenciaspermisos.js?201731711384498 HTTP/1.1" 304 -
186.103.157.39 - - [22/Mar/2017:11:15:46 -0300] "GET /cormun/servlet/solicitudot?d58e77fa141fe20eca265d0b6cc34768f2463084dcbaed03583188470cafea68500d195efab5e094f629ae1d73ea3e8c,gx-no-cache=1490192214461 HTTP/1.1" 200 30
200.54.247.69 - - [22/Mar/2017:11:15:47 -0300] "GET /cormun/servlet/solicitudotadjuntos?cbb770e1ace0773c7c1a306815fbc7b60ac7c888ac5f6597824b2d661d58fa11,gx-no-cache=1490192215387 HTTP/1.1" 200 30
200.54.247.69 - - [22/Mar/2017:11:15:47 -0300] "GET /cormun/servlet/solicitudotadjuntos?cbb770e1ace0773c7c1a306815fbc7b60ac7c888ac5f6597824b2d661d58fa11,gx-no-cache=1490192215467 HTTP/1.1" 200 30
200.54.247.69 - - [22/Mar/2017:11:15:48 -0300] "POST /cormun/servlet/solicitudotadjuntos?7ea028641f2e4cf443d4a0ac42d3cd14,INS,2017,5679,,1, HTTP/1.1" 200 116
200.54.247.69 - - [22/Mar/2017:11:15:48 -0300] "GET /cormun/servlet/hpexe_return? HTTP/1.1" 200 1026
200.54.247.69 - - [22/Mar/2017:11:15:48 -0300] "GET /cormun/servlet/trsolicitudadjuntos?2017,5679, HTTP/1.1" 200 8573
200.54.247.69 - - [22/Mar/2017:11:15:52 -0300] "GET /cormun/servlet/solicitudotadjuntos?INS,2017,5679,,1, HTTP/1.1" 200 6038
200.54.247.69 - - [22/Mar/2017:11:15:52 -0300] "HEAD /cormun/static/about:blank HTTP/1.1" 404 -
186.67.172.234 - - [22/Mar/2017:11:15:52 -0300] "POST /cormun/servlet/prfichaempleado?ea8b736566feea61b444a503f61575c6,,MD,,gxPopupLevel%3D0%3B,gx-no-cache=1490192218729 HTTP/1.1" 200 3417
200.54.247.69 - - [22/Mar/2017:11:15:53 -0300] "GET /cormun/servlet/solicitudotadjuntos?cbb770e1ace0773c7c1a306815fbc7b6e90e3a7c4b849a5534753a426ad8de72624845f6b829bd670ce0d6d1b87bbcb0,gx-no-cache=1490192221087 HTTP/1.1" 200 30
200.54.247.69 - - [22/Mar/2017:11:15:53 -0300] "POST /cormun/servlet/solicitudotadjuntos?7ea028641f2e4cf443d4a0ac42d3cd14,INS,2017,5679,,1,,gx-no-cache=1490192221114 HTTP/1.1" 200 3828
200.54.247.69 - - [22/Mar/2017:11:15:58 -0300] "POST /cormun/servlet/solicitudotadjuntos?gx-no-cache=1490192226656 HTTP/1.1" 200 26
200.54.247.69 - - [22/Mar/2017:11:16:04 -0300] "GET /cormun/servlet/solicitudotadjuntos?cbb770e1ace0773c7c1a306815fbc7b60ac7c888ac5f6597824b2d661d58fa11,gx-no-cache=1490192232528 HTTP/1.1" 200 30
200.54.247.69 - - [22/Mar/2017:11:16:04 -0300] "GET /cormun/servlet/solicitudotadjuntos?cbb770e1ace0773c7c1a306815fbc7b60ac7c888ac5f6597824b2d661d58fa11,gx-no-cache=1490192232875 HTTP/1.1" 200 30
200.54.247.69 - - [22/Mar/2017:11:16:06 -0300] "POST /cormun/servlet/solicitudotadjuntos?7ea028641f2e4cf443d4a0ac42d3cd14,INS,2017,5679,,1, HTTP/1.1" 200 116
200.54.247.69 - - [22/Mar/2017:11:16:06 -0300] "GET /cormun/servlet/hpexe_return? HTTP/1.1" 200 1026
200.54.247.69 - - [22/Mar/2017:11:16:06 -0300] "GET /cormun/servlet/trsolicitudadjuntos?2017,5679, HTTP/1.1" 200 8705
186.67.172.234 - - [22/Mar/2017:11:16:07 -0300] "GET /cormun/servlet/licenciaspermisos?03d9404a01acb07187d37c860bca2aedc14b3b448526d582a935a860ecd05f1fe9b1cddaebfbda5f6db58fc8014ba310,gx-no-cache=1490192233333 HTTP/1.1" 200 71
186.67.172.234 - - [22/Mar/2017:11:16:07 -0300] "POST /cormun/servlet/licenciaspermisos?ea8b736566feea61b444a503f61575c6,INS,0,,,,gx-no-cache=1490192233393 HTTP/1.1" 200 4431
200.54.247.69 - - [22/Mar/2017:11:16:10 -0300] "GET /cormun/servlet/solicitudotadjuntos?INS,2017,5679,,1, HTTP/1.1" 200 6038
200.54.247.69 - - [22/Mar/2017:11:16:10 -0300] "HEAD /cormun/static/about:blank HTTP/1.1" 404 -
200.54.247.69 - - [22/Mar/2017:11:16:11 -0300] "GET /cormun/servlet/solicitudotadjuntos?cbb770e1ace0773c7c1a306815fbc7b6e90e3a7c4b849a5534753a426ad8de72624845f6b829bd670ce0d6d1b87bbcb0,gx-no-cache=1490192239394 HTTP/1.1" 200 30
200.54.247.69 - - [22/Mar/2017:11:16:12 -0300] "POST /cormun/servlet/solicitudotadjuntos?7ea028641f2e4cf443d4a0ac42d3cd14,INS,2017,5679,,1,,gx-no-cache=1490192239454 HTTP/1.1" 200 3828
200.54.247.69 - - [22/Mar/2017:11:16:16 -0300] "POST /cormun/servlet/solicitudotadjuntos?gx-no-cache=1490192244115 HTTP/1.1" 200 26
186.103.157.39 - - [22/Mar/2017:11:16:20 -0300] "POST /cormun/servlet/solicitudot?gx-no-cache=1490192248952 HTTP/1.1" 200 255
186.103.157.39 - - [22/Mar/2017:11:16:20 -0300] "GET /cormun/servlet/solicitudot?d58e77fa141fe20eca265d0b6cc347685831c81b2447c34502f4f382ca879eb04ca9a29cc3ab04f8b8a4797277dfd7339c82dade5b23217acdd66e6740730c4748b9e0161bb38233bd772661ee512aa1bf6b25b4be117a64a57dab599a195cf53a692b5b8499183d4554caf89c9def7a967a2513527f26d181bdf2aab300559074a80656992bc0e09687c355938d212db3c3403efa4c33da6629e126f020bc04dbe49f5165ac9d57c8c5f7cadab2e2f8277a1b6d87c91e374048b495399cc9201473815830c6a4c7706c314e589eb9f091551482dd1ef201ffe6ce790176b9415bae327cb9063dc10af3ed6084a73d4630acea1c18f1fe59ac838d94fc36c77091e70dc90be6ef3389269a19dd21ef3f268d95e0742451e90b2a6f22c6dc4706202f58aa25344252f8b9563476143c02efc9e21022f296120ed6e7b5ae37367ca04b4ef03ffc1fe4e57502b455547393ce1e0c54bdf2b5d318c9db99dee227377c336c49cb8da2d65c76b318540ccbdb4dc1a309332fa30821df1f2b8441ca03,gx-no-cache=1490192249124 HTTP/1.1" 200 30
200.54.247.69 - - [22/Mar/2017:11:16:22 -0300] "GET /cormun/servlet/solicitudotadjuntos?cbb770e1ace0773c7c1a306815fbc7b60ac7c888ac5f6597824b2d661d58fa11,gx-no-cache=1490192250235 HTTP/1.1" 200 30
200.54.247.69 - - [22/Mar/2017:11:16:22 -0300] "GET /cormun/servlet/solicitudotadjuntos?cbb770e1ace0773c7c1a306815fbc7b60ac7c888ac5f6597824b2d661d58fa11,gx-no-cache=1490192250251 HTTP/1.1" 200 30
200.54.247.69 - - [22/Mar/2017:11:16:22 -0300] "POST /cormun/servlet/solicitudotadjuntos?7ea028641f2e4cf443d4a0ac42d3cd14,INS,2017,5679,,1, HTTP/1.1" 200 116
200.54.247.69 - - [22/Mar/2017:11:16:22 -0300] "GET /cormun/servlet/hpexe_return? HTTP/1.1" 200 1026
200.54.247.69 - - [22/Mar/2017:11:16:23 -0300] "GET /cormun/servlet/trsolicitudadjuntos?2017,5679, HTTP/1.1" 200 8912
200.54.247.69 - - [22/Mar/2017:11:16:30 -0300] "GET /cormun/servlet/solicitudotadjuntos?INS,2017,5679,,1, HTTP/1.1" 200 6037
200.54.247.69 - - [22/Mar/2017:11:16:31 -0300] "HEAD /cormun/static/about:blank HTTP/1.1" 404 -
200.54.247.69 - - [22/Mar/2017:11:16:31 -0300] "GET /cormun/servlet/solicitudotadjuntos?cbb770e1ace0773c7c1a306815fbc7b6e90e3a7c4b849a5534753a426ad8de72624845f6b829bd670ce0d6d1b87bbcb0,gx-no-cache=1490192259738 HTTP/1.1" 200 30
200.54.247.69 - - [22/Mar/2017:11:16:31 -0300] "POST /cormun/servlet/solicitudotadjuntos?7ea028641f2e4cf443d4a0ac42d3cd14,INS,2017,5679,,1,,gx-no-cache=1490192259764 HTTP/1.1" 200 3827
200.54.247.69 - - [22/Mar/2017:11:16:35 -0300] "POST /cormun/servlet/solicitudotadjuntos?gx-no-cache=1490192263053 HTTP/1.1" 200 26
192.168.10.89 - - [22/Mar/2017:11:16:39 -0300] "POST /cormun/servlet/trsolicitudgral?80ef4fd0327055129e0432e9db0c390f,gx-no-cache=1490195480154 HTTP/1.1" 440 972
200.54.247.69 - - [22/Mar/2017:11:16:40 -0300] "GET /cormun/servlet/solicitudotadjuntos?cbb770e1ace0773c7c1a306815fbc7b60ac7c888ac5f6597824b2d661d58fa11,gx-no-cache=1490192268709 HTTP/1.1" 200 30
200.54.247.69 - - [22/Mar/2017:11:16:40 -0300] "GET /cormun/servlet/solicitudotadjuntos?cbb770e1ace0773c7c1a306815fbc7b60ac7c888ac5f6597824b2d661d58fa11,gx-no-cache=1490192268748 HTTP/1.1" 200 30
200.54.247.69 - - [22/Mar/2017:11:16:41 -0300] "POST /cormun/servlet/solicitudotadjuntos?7ea028641f2e4cf443d4a0ac42d3cd14,INS,2017,5679,,1, HTTP/1.1" 200 116
200.54.247.69 - - [22/Mar/2017:11:16:42 -0300] "GET /cormun/servlet/hpexe_return? HTTP/1.1" 200 1026
200.54.247.69 - - [22/Mar/2017:11:16:42 -0300] "GET /cormun/servlet/trsolicitudadjuntos?2017,5679, HTTP/1.1" 200 9117
192.168.10.89 - - [22/Mar/2017:11:16:43 -0300] "GET /cormun/servlet/trsolicitudgral HTTP/1.1" 200 24012
186.103.157.39 - - [22/Mar/2017:11:16:43 -0300] "POST /cormun/servlet/solicitudot?gx-no-cache=1490192271950 HTTP/1.1" 200 30
192.168.10.89 - - [22/Mar/2017:11:16:44 -0300] "GET /cormun/servlet/hlogin HTTP/1.1" 200 1740
200.54.247.69 - - [22/Mar/2017:11:16:48 -0300] "GET /cormun/servlet/trsolicitudot? HTTP/1.1" 200 8240
186.103.159.44 - - [22/Mar/2017:11:16:48 -0300] "GET /cormun/servlet/licenciaspermisos?ee3a6eca9258272783517fa67fe4cc0547e32a61f16224ebef17ffba06478d89d1fbf7a580031b58a2c9671a620a0408,gx-no-cache=1490192271519 HTTP/1.1" 200 67
186.103.159.44 - - [22/Mar/2017:11:16:48 -0300] "POST /cormun/servlet/licenciaspermisos?8ffe37cf1026298f7841cf276033ee0b,INS,0,,,,gx-no-cache=1490192271689 HTTP/1.1" 200 4425
186.103.157.39 - - [22/Mar/2017:11:16:50 -0300] "GET /cormun/static/Resources/resize.gif HTTP/1.1" 200 77
186.103.157.39 - - [22/Mar/2017:11:16:50 -0300] "GET /cormun/servlet/prcontratosol?8333876,,,,,MD,,gxPopupLevel%3D0%3B HTTP/1.1" 200 5872
186.103.157.39 - - [22/Mar/2017:11:16:50 -0300] "GET /cormun/static/gxcfg.js?201731711522183 HTTP/1.1" 200 953
186.103.157.39 - - [22/Mar/2017:11:16:50 -0300] "GET /cormun/static/Resources/PXToolsMenuSearch.png HTTP/1.1" 200 2914
186.103.157.39 - - [22/Mar/2017:11:16:50 -0300] "GET /cormun/static/menusearch.js?201610171694467 HTTP/1.1" 200 1424
186.103.157.39 - - [22/Mar/2017:11:16:50 -0300] "GET /cormun/static/prcontratosol.js?201731711522419 HTTP/1.1" 200 14084
186.103.157.39 - - [22/Mar/2017:11:16:50 -0300] "GET /cormun/static/hmpwkw011.js?201731711483558 HTTP/1.1" 200 1968
186.103.157.39 - - [22/Mar/2017:11:16:50 -0300] "GET /cormun/static/Resources/PXToolsMenuSearchCancel.png HTTP/1.1" 200 2972
186.103.157.39 - - [22/Mar/2017:11:16:50 -0300] "GET /cormun/static/Resources/PXToolsGridNext.gif HTTP/1.1" 200 369
186.103.157.39 - - [22/Mar/2017:11:16:50 -0300] "GET /cormun/static/Resources/PXToolsGridLast.gif HTTP/1.1" 200 370
186.103.157.39 - - [22/Mar/2017:11:16:50 -0300] "GET /cormun/static/Resources/PXToolsGridPrevious.gif HTTP/1.1" 200 369
186.103.157.39 - - [22/Mar/2017:11:16:51 -0300] "GET /cormun/static/Resources/PXToolsGridFirst.gif HTTP/1.1" 200 379
200.54.247.69 - - [22/Mar/2017:11:16:51 -0300] "POST /cormun/servlet/trsolicitudot?7ea028641f2e4cf443d4a0ac42d3cd14,,gx-no-cache=1490192279028 HTTP/1.1" 200 4353
192.168.10.89 - - [22/Mar/2017:11:16:51 -0300] "POST /cormun/servlet/hlogin?bc0908c8140909b50e28d51a5c1089c1,gx-no-cache=1490195491428 HTTP/1.1" 200 90
192.168.10.89 - - [22/Mar/2017:11:16:51 -0300] "GET /cormun/servlet/hpexe_link HTTP/1.1" 200 961
200.54.247.69 - - [22/Mar/2017:11:16:51 -0300] "POST /cormun/servlet/trsolicitudot?7ea028641f2e4cf443d4a0ac42d3cd14,,gx-no-cache=1490192279356 HTTP/1.1" 200 4137
200.54.247.69 - - [22/Mar/2017:11:16:51 -0300] "GET /cormun/static/Shared/jqueryui/images/ui-icons_82798d_256x240.png HTTP/1.1" 404 1089
200.54.247.69 - - [22/Mar/2017:11:16:51 -0300] "GET /cormun/static/Shared/jqueryui/images/ui-bg_highlight-soft_100_c6c2c8_1x100.png HTTP/1.1" 404 1117
200.54.247.69 - - [22/Mar/2017:11:16:51 -0300] "GET /cormun/static/Shared/jqueryui/images/ui-bg_flat_55_fafafa_40x100.png HTTP/1.1" 404 1097
200.54.247.69 - - [22/Mar/2017:11:16:51 -0300] "GET /cormun/static/Shared/jqueryui/images/ui-icons_8d78a5_256x240.png HTTP/1.1" 404 1089
192.168.10.89 - - [22/Mar/2017:11:16:52 -0300] "GET /cormun/servlet/trsolicitudgral HTTP/1.1" 200 25162
186.103.157.39 - - [22/Mar/2017:11:16:58 -0300] "POST /cormun/servlet/solicitudot?gx-no-cache=1490192286646 HTTP/1.1" 200 1290
186.103.157.39 - - [22/Mar/2017:11:16:58 -0300] "POST /cormun/servlet/solicitudot?gx-no-cache=1490192286911 HTTP/1.1" 200 38
186.103.157.39 - - [22/Mar/2017:11:16:58 -0300] "GET /cormun/servlet/solicitudot?d58e77fa141fe20eca265d0b6cc34768b03d10aaabc53f3afdb3b0b4abb02726445cd05c9379d231cf589f317a1bed4683d314179880e7a658985772e2135206406738e4c1b63b68c06760d1ee00d226087ff67bef2192836148e41a8909f0da6c518d5871be9ef67e0026c8def73dea9f626f57c12d014bebc5ebf1cbaff2fadb6a3bba518682fc51f0a338d677fdf8fb5c07903736cea45db2e71c895081fc9fa3c6b9cadfd4b3ee1aa3046fc07c08c3f0f44a8cfce5d9cfa865492e6b3d3d857cedc7b6b673293badaa83a23ee179,gx-no-cache=1490192287052 HTTP/1.1" 200 29
186.103.157.39 - - [22/Mar/2017:11:16:58 -0300] "POST /cormun/servlet/solicitudot?gx-no-cache=1490192287159 HTTP/1.1" 200 1273
186.103.157.39 - - [22/Mar/2017:11:16:59 -0300] "POST /cormun/servlet/solicitudot?gx-no-cache=1490192287274 HTTP/1.1" 200 1156
192.168.10.89 - - [22/Mar/2017:11:16:59 -0300] "GET /cormun/static/menuarrow.gif HTTP/1.1" 404 1015
192.168.10.89 - - [22/Mar/2017:11:17:00 -0300] "GET /cormun/servlet/trsolicitudgral? HTTP/1.1" 200 25161
192.168.10.89 - - [22/Mar/2017:11:17:06 -0300] "GET /cormun/static/menuarrow.gif HTTP/1.1" 404 1015
186.67.172.234 - - [22/Mar/2017:11:17:06 -0300] "GET /cormun/static/menuarrow.gif HTTP/1.1" 404 1015
200.54.247.69 - - [22/Mar/2017:11:17:07 -0300] "GET /cormun/servlet/trautorizarsolicitud? HTTP/1.1" 200 8164
186.103.159.182 - - [22/Mar/2017:11:17:08 -0300] "GET /cormun/servlet/trautorizarpermisogoce? HTTP/1.1" 200 6662
186.103.159.182 - - [22/Mar/2017:11:17:09 -0300] "GET /cormun/static/gxcfg.js?201731711543713 HTTP/1.1" 304 -
186.103.159.182 - - [22/Mar/2017:11:17:09 -0300] "GET /cormun/static/trautorizarpermisogoce.js?201731711544173 HTTP/1.1" 304 -
186.103.159.182 - - [22/Mar/2017:11:17:10 -0300] "GET /cormun/servlet/trautorizarpermisogoce? HTTP/1.1" 200 6662
186.103.159.182 - - [22/Mar/2017:11:17:10 -0300] "GET /cormun/servlet/hlogin HTTP/1.1" 200 1740
186.103.159.44 - - [22/Mar/2017:11:17:10 -0300] "GET /cormun/static/menuarrow.gif HTTP/1.1" 404 1015
186.103.159.182 - - [22/Mar/2017:11:17:11 -0300] "GET /cormun/static/gxcfg.js?201731711485472 HTTP/1.1" 200 953
186.103.159.182 - - [22/Mar/2017:11:17:13 -0300] "POST /cormun/servlet/hlogin?1adc5067d70f6c9ceef147bacea384e7,gx-no-cache=1490192301372 HTTP/1.1" 200 90
186.103.159.182 - - [22/Mar/2017:11:17:13 -0300] "GET /cormun/servlet/hpexe_link HTTP/1.1" 200 959
186.103.159.182 - - [22/Mar/2017:11:17:13 -0300] "GET /cormun/servlet/trautorizarpermisogoce HTTP/1.1" 200 6577
186.103.159.182 - - [22/Mar/2017:11:17:14 -0300] "GET /cormun/servlet/trautorizarpermisogoce HTTP/1.1" 200 6574
192.168.10.89 - - [22/Mar/2017:11:17:16 -0300] "POST /cormun/servlet/trsolicitudgral?bc0908c8140909b50e28d51a5c1089c1,,gx-no-cache=1490195516178 HTTP/1.1" 200 5137
186.103.157.39 - - [22/Mar/2017:11:17:20 -0300] "POST /cormun/servlet/solicitudot?gx-no-cache=1490192309158 HTTP/1.1" 200 1274
186.103.157.39 - - [22/Mar/2017:11:17:21 -0300] "POST /cormun/servlet/solicitudot?gx-no-cache=1490192309330 HTTP/1.1" 200 1156
192.168.10.89 - - [22/Mar/2017:11:17:21 -0300] "POST /cormun/servlet/trsolicitudgral?bc0908c8140909b50e28d51a5c1089c1,,gx-no-cache=1490195521608 HTTP/1.1" 200 5139
186.103.159.182 - - [22/Mar/2017:11:17:22 -0300] "GET /cormun/static/menuarrow.gif HTTP/1.1" 404 1015
200.54.247.69 - - [22/Mar/2017:11:17:24 -0300] "POST /cormun/servlet/trautorizarsolicitud?7ea028641f2e4cf443d4a0ac42d3cd14,,gx-no-cache=1490192312372 HTTP/1.1" 200 4316
200.54.247.69 - - [22/Mar/2017:11:17:24 -0300] "POST /cormun/servlet/trautorizarsolicitud?7ea028641f2e4cf443d4a0ac42d3cd14,,gx-no-cache=1490192312644 HTTP/1.1" 200 4100
200.54.247.69 - - [22/Mar/2017:11:17:24 -0300] "GET /cormun/static/Shared/jqueryui/images/ui-icons_82798d_256x240.png HTTP/1.1" 404 1089
200.54.247.69 - - [22/Mar/2017:11:17:24 -0300] "GET /cormun/static/Shared/jqueryui/images/ui-icons_8d78a5_256x240.png HTTP/1.1" 404 1089
200.54.247.69 - - [22/Mar/2017:11:17:24 -0300] "GET /cormun/static/Shared/jqueryui/images/ui-bg_highlight-soft_100_c6c2c8_1x100.png HTTP/1.1" 404 1117
200.54.247.69 - - [22/Mar/2017:11:17:24 -0300] "GET /cormun/static/Shared/jqueryui/images/ui-bg_flat_55_fafafa_40x100.png HTTP/1.1" 404 1097
186.103.159.182 - - [22/Mar/2017:11:17:31 -0300] "POST /cormun/servlet/trautorizarpermisogoce?1adc5067d70f6c9ceef147bacea384e7,gx-no-cache=1490192318948 HTTP/1.1" 200 3790
186.103.159.182 - - [22/Mar/2017:11:17:35 -0300] "GET /cormun/servlet/trpermisosgoce? HTTP/1.1" 200 8065
186.103.159.182 - - [22/Mar/2017:11:17:36 -0300] "GET /cormun/static/gxcfg.js?20173171154124 HTTP/1.1" 304 -
186.103.159.182 - - [22/Mar/2017:11:17:36 -0300] "GET /cormun/static/trpermisosgoce.js?20173171154177 HTTP/1.1" 304 -
186.103.159.182 - - [22/Mar/2017:11:17:37 -0300] "GET /cormun/servlet/trpermisosgoce? HTTP/1.1" 200 8065
186.103.159.182 - - [22/Mar/2017:11:17:41 -0300] "POST /cormun/servlet/trpermisosgoce?1adc5067d70f6c9ceef147bacea384e7,,gx-no-cache=1490192329676 HTTP/1.1" 200 5304
186.103.159.182 - - [22/Mar/2017:11:17:43 -0300] "POST /cormun/servlet/trpermisosgoce?1adc5067d70f6c9ceef147bacea384e7,,gx-no-cache=1490192331811 HTTP/1.1" 200 5300
186.103.157.39 - - [22/Mar/2017:11:17:50 -0300] "GET /cormun/servlet/solicitudot?d58e77fa141fe20eca265d0b6cc347685d32214919644c7f63ecb3fc0643bbec5b96e43dc95bafb8f5de0d58501be6b0a73cbee29f12f55fd1f3a8b0e92f0f41cfd6acdcafd31dab44d5fdd789d7c4954bcd23f8bef9a48428baf2b18d8ab17b4f960982cefba99928dc95527d3b93f9a02484bef729517760fc9d5e980e923e18df708b6a65bd94a0ff2b581afd3dcd06785582081653ee153abbd111b9cd9cbff2b91c0da8c0c7e61e9879a34a2e79,gx-no-cache=1490192338384 HTTP/1.1" 200 30
186.103.159.182 - - [22/Mar/2017:11:17:51 -0300] "POST /cormun/servlet/trpermisosgoce?1adc5067d70f6c9ceef147bacea384e7,,gx-no-cache=1490192338824 HTTP/1.1" 200 5300
186.103.159.182 - - [22/Mar/2017:11:17:52 -0300] "POST /cormun/servlet/trpermisosgoce?1adc5067d70f6c9ceef147bacea384e7,,gx-no-cache=1490192340525 HTTP/1.1" 200 5300
186.103.159.182 - - [22/Mar/2017:11:17:54 -0300] "GET /cormun/servlet/trpermisosadjuntos?15730716,20170316183712,P, HTTP/1.1" 200 6793
186.103.159.182 - - [22/Mar/2017:11:17:54 -0300] "GET /cormun/static/gxcfg.js?201731711542659 HTTP/1.1" 304 -
186.103.159.182 - - [22/Mar/2017:11:17:54 -0300] "GET /cormun/static/trpermisosadjuntos.js?201731711542990 HTTP/1.1" 304 -
186.103.159.182 - - [22/Mar/2017:11:17:56 -0300] "GET /cormun/servlet/trpermisosadjuntos?15730716,20170316183712,P, HTTP/1.1" 200 6791
186.103.159.182 - - [22/Mar/2017:11:18:00 -0300] "POST /cormun/servlet/trpermisosadjuntos?1adc5067d70f6c9ceef147bacea384e7,15730716,20170316183712,P,,gx-no-cache=1490192348528 HTTP/1.1" 200 90
186.103.159.182 - - [22/Mar/2017:11:18:00 -0300] "GET /cormun/servlet/hpexe_link HTTP/1.1" 200 981
186.103.157.39 - - [22/Mar/2017:11:18:00 -0300] "POST /cormun/servlet/solicitudot?7a06e483dd0822d5fbfc55ef1d4ef977,INS,0,0,,gx-no-cache=1490192348864 HTTP/1.1" 200 93
186.103.157.39 - - [22/Mar/2017:11:18:01 -0300] "GET /cormun/servlet/hpexe_return? HTTP/1.1" 200 1008
186.103.159.182 - - [22/Mar/2017:11:18:01 -0300] "GET /cormun/servlet/trpermisosgoce? HTTP/1.1" 200 8071
189.5.52.127 - - [22/Mar/2017:11:18:01 -0300] "GET / HTTP/1.0" 200 11197
186.103.157.39 - - [22/Mar/2017:11:18:01 -0300] "GET /cormun/static/gxcfg.js?2016101716175148 HTTP/1.1" 200 953
186.103.157.39 - - [22/Mar/2017:11:18:01 -0300] "GET /cormun/static/hpexe_return.js?2016101716175153 HTTP/1.1" 200 1633
186.103.157.39 - - [22/Mar/2017:11:18:01 -0300] "GET /cormun/static/Resources/Spanish/PXTools.css?167811 HTTP/1.1" 200 89042
186.103.157.39 - - [22/Mar/2017:11:18:02 -0300] "GET /cormun/servlet/trsolicitudot HTTP/1.1" 200 8798
186.103.159.182 - - [22/Mar/2017:11:18:02 -0300] "GET /cormun/servlet/trpermisosgoce? HTTP/1.1" 200 8065
186.103.157.39 - - [22/Mar/2017:11:18:06 -0300] "GET /cormun/servlet/trsolicitudot HTTP/1.1" 200 8794
186.103.159.182 - - [22/Mar/2017:11:18:07 -0300] "GET /cormun/servlet/trautorizarpermisogoce? HTTP/1.1" 200 6573
186.103.159.182 - - [22/Mar/2017:11:18:08 -0300] "GET /cormun/servlet/trautorizarpermisogoce? HTTP/1.1" 200 6572
186.103.157.39 - - [22/Mar/2017:11:18:12 -0300] "POST /cormun/servlet/trsolicitudot?7a06e483dd0822d5fbfc55ef1d4ef977,gx-no-cache=1490192360550 HTTP/1.1" 200 5701
186.103.157.39 - - [22/Mar/2017:11:18:12 -0300] "GET /cormun/static/Shared/jqueryui/images/ui-bg_highlight-soft_100_c6c2c8_1x100.png HTTP/1.1" 404 1117
186.103.157.39 - - [22/Mar/2017:11:18:12 -0300] "GET /cormun/static/Shared/jqueryui/images/ui-icons_82798d_256x240.png HTTP/1.1" 404 1089
186.103.157.39 - - [22/Mar/2017:11:18:12 -0300] "GET /cormun/static/Shared/jqueryui/images/ui-bg_flat_55_fafafa_40x100.png HTTP/1.1" 404 1097
186.103.157.39 - - [22/Mar/2017:11:18:12 -0300] "GET /cormun/static/Shared/jqueryui/images/ui-icons_8d78a5_256x240.png HTTP/1.1" 404 1089
186.103.159.182 - - [22/Mar/2017:11:18:13 -0300] "POST /cormun/servlet/trautorizarpermisogoce?1adc5067d70f6c9ceef147bacea384e7,,gx-no-cache=1490192360236 HTTP/1.1" 200 3789
186.103.157.39 - - [22/Mar/2017:11:18:13 -0300] "POST /cormun/servlet/trsolicitudot?7a06e483dd0822d5fbfc55ef1d4ef977,gx-no-cache=1490192361748 HTTP/1.1" 200 5643
186.103.159.182 - - [22/Mar/2017:11:18:22 -0300] "POST /cormun/servlet/trautorizarpermisogoce?1adc5067d70f6c9ceef147bacea384e7,,gx-no-cache=1490192370724 HTTP/1.1" 200 4626
186.103.159.182 - - [22/Mar/2017:11:18:29 -0300] "POST /cormun/servlet/trautorizarpermisogoce?1adc5067d70f6c9ceef147bacea384e7,,gx-no-cache=1490192376812 HTTP/1.1" 200 3790
186.103.159.182 - - [22/Mar/2017:11:18:33 -0300] "POST /cormun/servlet/trautorizarpermisogoce?1adc5067d70f6c9ceef147bacea384e7,,gx-no-cache=1490192381714 HTTP/1.1" 200 3791
186.103.157.39 - - [22/Mar/2017:11:18:36 -0300] "GET /cormun/servlet/hlogin HTTP/1.1" 200 1741
186.103.159.182 - - [22/Mar/2017:11:18:38 -0300] "POST /cormun/servlet/trautorizarpermisogoce?1adc5067d70f6c9ceef147bacea384e7,,gx-no-cache=1490192386257 HTTP/1.1" 200 3792
186.103.159.230 - - [22/Mar/2017:11:18:42 -0300] "GET /cormun/servlet/licenciaspermisos?11cd20aed88d1331ab193ae476a4dde2bced195dc5c47cf35c07c0dddd0a9db938fede634b34a0a805802f6fcd10b3f3aadfe206c82e2436c51dbdfadeaf0f5e2bca1dacf3804cf6989d9c84d45507a68112f362bc51f3913806ac1fe5b30e2e9aa592ffa6e2c945592fecd55d13a8562540e16cf57da538110944501cff628c6e10b5d5c00adafb5b724777c9d0ddf090c6c2c5ed85424ffff1aa55480dc304eb37233485ac7cc9967328b8751f48b242a052843b153bc196ddb6fecc3cfb9677d7b277c4ea07baf77845dfdca3d44bdc1a87b68bea2661937fa1eb975067a5,gx-no-cache=1490192393530 HTTP/1.1" 200 30
186.103.159.230 - - [22/Mar/2017:11:18:42 -0300] "GET /cormun/servlet/licenciaspermisos?11cd20aed88d1331ab193ae476a4dde2d48f4daebdf6f6a3da31e90651b031e85990965eb666a4de258a67e65059798da3a7332194189351ca18504981dfdc722471ff743c79aee95894fdebb0e8b04a67d9b503d378dd80e61c11202617a5156b2676dce41f1f7c1be2d5ecc44744205e3df71df4ad4610b1470fbfac04568d942e0111fc7d674514772f5562502727ac3de0b489b2afd871e8867cedc1572f9167bb13d92384e3b474d098540ec979ac02aab945eb135d0169d5c248f0a5d8898a3301d84c8640b80d6aee62786a7db2dd9651e37c871b25f06c7867f6a5b1,gx-no-cache=1490192393620 HTTP/1.1" 200 29
186.103.159.230 - - [22/Mar/2017:11:18:42 -0300] "POST /cormun/servlet/licenciaspermisos?5ef3b7987a5d04f77ca42a2a86f7f44e,INS,0,,,,gx-no-cache=1490192393675 HTTP/1.1" 200 4759
186.103.159.230 - - [22/Mar/2017:11:18:42 -0300] "GET /cormun/static/Shared/jqueryui/images/ui-bg_highlight-soft_100_c6c2c8_1x100.png HTTP/1.1" 404 1117
186.103.159.230 - - [22/Mar/2017:11:18:42 -0300] "GET /cormun/static/Shared/jqueryui/images/ui-icons_82798d_256x240.png HTTP/1.1" 404 1089
186.103.159.230 - - [22/Mar/2017:11:18:42 -0300] "GET /cormun/static/Shared/jqueryui/images/ui-bg_flat_55_994d53_40x100.png HTTP/1.1" 404 1097
186.103.159.230 - - [22/Mar/2017:11:18:42 -0300] "GET /cormun/static/Shared/jqueryui/images/ui-icons_ebccce_256x240.png HTTP/1.1" 404 1089
157.55.39.193 - - [22/Mar/2017:11:18:43 -0300] "GET /cormun/servlet/trvisualizadoreventos HTTP/1.1" 200 5876
186.103.159.182 - - [22/Mar/2017:11:18:45 -0300] "GET /cormun/servlet/trautorizarsolicitud? HTTP/1.1" 200 6950
186.103.159.182 - - [22/Mar/2017:11:18:46 -0300] "GET /cormun/static/gxcfg.js?2017259112829 HTTP/1.1" 304 -
186.103.159.182 - - [22/Mar/2017:11:18:46 -0300] "GET /cormun/static/trautorizarsolicitud.js?2017259113483 HTTP/1.1" 304 -
186.103.159.182 - - [22/Mar/2017:11:18:47 -0300] "GET /cormun/servlet/trautorizarsolicitud? HTTP/1.1" 200 6950
186.103.159.182 - - [22/Mar/2017:11:18:49 -0300] "GET /cormun/static/menuarrow.gif HTTP/1.1" 404 1015
186.103.157.39 - - [22/Mar/2017:11:18:55 -0300] "POST /cormun/servlet/hlogin?7a06e483dd0822d5fbfc55ef1d4ef977,gx-no-cache=1490192403893 HTTP/1.1" 200 90
186.103.157.39 - - [22/Mar/2017:11:18:55 -0300] "GET /cormun/servlet/hpexe_link HTTP/1.1" 200 954
186.103.157.39 - - [22/Mar/2017:11:18:56 -0300] "GET /cormun/servlet/hhome HTTP/1.1" 200 3953
186.103.159.182 - - [22/Mar/2017:11:18:57 -0300] "POST /cormun/servlet/trautorizarsolicitud?1adc5067d70f6c9ceef147bacea384e7,,gx-no-cache=1490192405229 HTTP/1.1" 200 4113
186.103.157.39 - - [22/Mar/2017:11:19:00 -0300] "GET /cormun/servlet/hhome HTTP/1.1" 200 3950
186.103.157.39 - - [22/Mar/2017:11:19:00 -0300] "GET /cormun/static/SmoothNavMenu/resources/images/right.gif HTTP/1.1" 200 860
186.103.159.182 - - [22/Mar/2017:11:19:05 -0300] "POST /cormun/servlet/trautorizarsolicitud?1adc5067d70f6c9ceef147bacea384e7,,gx-no-cache=1490192413022 HTTP/1.1" 200 4112
186.103.157.39 - - [22/Mar/2017:11:19:06 -0300] "GET /cormun/servlet/trautorizarsolicitud? HTTP/1.1" 200 8155
186.103.157.39 - - [22/Mar/2017:11:19:06 -0300] "GET /cormun/static/gxui/gxui-all.css?120300 HTTP/1.1" 200 2179
186.103.157.39 - - [22/Mar/2017:11:19:06 -0300] "GET /cormun/static/gxcfg.js?2017259112829 HTTP/1.1" 200 953
186.103.157.39 - - [22/Mar/2017:11:19:06 -0300] "GET /cormun/static/trautorizarsolicitud.js?2017259113483 HTTP/1.1" 200 53096
186.103.157.39 - - [22/Mar/2017:11:19:06 -0300] "GET /cormun/static/Shared/ext/resources/css/ext-all.css?215870 HTTP/1.1" 200 416045
186.103.159.230 - - [22/Mar/2017:11:19:09 -0300] "GET /cormun/servlet/licenciaspermisos?11cd20aed88d1331ab193ae476a4dde2bced195dc5c47cf35c07c0dddd0a9db938fede634b34a0a805802f6fcd10b3f3aadfe206c82e2436c51dbdfadeaf0f5e2bca1dacf3804cf6989d9c84d45507a68112f362bc51f3913806ac1fe5b30e2e9aa592ffa6e2c945592fecd55d13a8562540e16cf57da538110944501cff628c6e10b5d5c00adafb5b724777c9d0ddf090c6c2c5ed85424ffff1aa55480dc304eb37233485ac7cc9967328b8751f48b242a052843b153bc196ddb6fecc3cfb9677d7b277c4ea07baf77845dfdca3d44bdc1a87b68bea2661937fa1eb975067a5,gx-no-cache=1490192420423 HTTP/1.1" 200 30
186.103.159.230 - - [22/Mar/2017:11:19:09 -0300] "GET /cormun/servlet/licenciaspermisos?11cd20aed88d1331ab193ae476a4dde2d48f4daebdf6f6a3da31e90651b031e85990965eb666a4de258a67e65059798da3a7332194189351ca18504981dfdc722471ff743c79aee95894fdebb0e8b04a67d9b503d378dd80e61c11202617a5156b2676dce41f1f7c1be2d5ecc44744205e3df71df4ad4610b1470fbfac04568d942e0111fc7d674514772f5562502727ac3de0b489b2afd871e8867cedc1572f9167bb13d92384e3b474d098540ec979ac02aab945eb135d0169d5c248f0a5d8898a3301d84c8640b80d6aee62786a7db2dd9651e37c871b25f06c7867f6a5b1,gx-no-cache=1490192420513 HTTP/1.1" 200 29
