186.79.211.64 - - [21/Mar/2017:11:01:45 -0300] "GET /cormun/static/gxcfg.js?201731711485472 HTTP/1.1" 200 953
186.79.211.64 - - [21/Mar/2017:11:01:45 -0300] "GET /cormun/static/Resources/Spanish/PXTools.css?11294912 HTTP/1.1" 200 89042
186.79.211.64 - - [21/Mar/2017:11:01:45 -0300] "GET /cormun/static/gxtimezone.js?85251 HTTP/1.1" 200 5781
186.79.211.64 - - [21/Mar/2017:11:01:45 -0300] "GET /cormun/static/messages.spa.js?85251 HTTP/1.1" 200 30736
186.103.159.187 - - [21/Mar/2017:11:01:45 -0300] "GET /cormun//static/Resources/PXToolsGridDisplay.png HTTP/1.1" 200 362
186.103.159.187 - - [21/Mar/2017:11:01:45 -0300] "GET /cormun//static/Resources/PXToolsActionPrint.png HTTP/1.1" 200 3317
186.103.159.187 - - [21/Mar/2017:11:01:45 -0300] "GET /cormun/servlet/trlicencias HTTP/1.1" 200 7788
186.103.159.187 - - [21/Mar/2017:11:01:45 -0300] "GET /cormun//static/Resources/PXToolsHeaderHelp.png HTTP/1.1" 200 4055
186.79.211.64 - - [21/Mar/2017:11:01:45 -0300] "GET /cormun/static/hlogin.js?201731711485490 HTTP/1.1" 200 2136
186.103.159.187 - - [21/Mar/2017:11:01:45 -0300] "GET /cormun//static/Resources/PXToolsHeaderFavorites.png HTTP/1.1" 200 2744
186.79.211.64 - - [21/Mar/2017:11:01:46 -0300] "GET /cormun/servlet/hlogin HTTP/1.1" 200 1728
186.103.159.187 - - [21/Mar/2017:11:01:57 -0300] "GET /cormun/servlet/trlicenciaspermisosadjuntos?15805102,20170321000000,L, HTTP/1.1" 200 6083
186.103.159.187 - - [21/Mar/2017:11:01:57 -0300] "GET /cormun/static/gxcfg.js?20173171154619 HTTP/1.1" 200 953
186.103.159.187 - - [21/Mar/2017:11:01:57 -0300] "GET /cormun/static/trlicenciaspermisosadjuntos.js?20173171154971 HTTP/1.1" 200 21005
186.103.159.187 - - [21/Mar/2017:11:01:57 -0300] "GET /cormun/servlet/trlicenciaspermisosadjuntos?15805102,20170321000000,L, HTTP/1.1" 200 6083
186.103.159.187 - - [21/Mar/2017:11:02:00 -0300] "GET /cormun/servlet/licenciaspermisosadjuntos?INS,15805102,L,20170321000000,, HTTP/1.1" 200 5379
186.103.159.187 - - [21/Mar/2017:11:02:00 -0300] "GET /cormun/static/gxcfg.js?201731711421170 HTTP/1.1" 200 953
186.103.159.187 - - [21/Mar/2017:11:02:00 -0300] "GET /cormun/static/licenciaspermisosadjuntos.js?201731711421181 HTTP/1.1" 200 8757
186.103.159.187 - - [21/Mar/2017:11:02:00 -0300] "GET /cormun/static/about:blank HTTP/1.1" 404 1011
186.103.159.187 - - [21/Mar/2017:11:02:01 -0300] "GET /cormun/servlet/licenciaspermisosadjuntos?INS,15805102,L,20170321000000,, HTTP/1.1" 200 5369
186.79.211.64 - - [21/Mar/2017:11:02:01 -0300] "POST /cormun/servlet/hlogin?1980509f708fad337667c429709adb0f,gx-no-cache=1490104988101 HTTP/1.1" 200 90
192.168.10.89 - - [21/Mar/2017:11:02:02 -0300] "POST /cormun/servlet/trsolicitudgral?fa4280126941856885fa8fed30de3b7f,,gx-no-cache=1490108202384 HTTP/1.1" 200 8527
186.79.211.64 - - [21/Mar/2017:11:02:02 -0300] "GET /cormun/servlet/hpexe_link HTTP/1.1" 200 948
186.79.211.64 - - [21/Mar/2017:11:02:02 -0300] "GET /cormun/static/hpexe_link.js?201731711483384 HTTP/1.1" 200 625
186.79.211.64 - - [21/Mar/2017:11:02:02 -0300] "GET /cormun/static/gxcfg.js?201731711483381 HTTP/1.1" 200 953
186.79.211.64 - - [21/Mar/2017:11:02:02 -0300] "GET /cormun/servlet/hhome HTTP/1.1" 200 3740
186.79.211.64 - - [21/Mar/2017:11:02:02 -0300] "GET /cormun/static/gxcfg.js?201731711483497 HTTP/1.1" 200 953
186.79.211.64 - - [21/Mar/2017:11:02:03 -0300] "GET /cormun/static/hhome.js?20173171148352 HTTP/1.1" 200 777
186.79.211.64 - - [21/Mar/2017:11:02:03 -0300] "GET /cormun/static/hwchdr01.js?201731711335950 HTTP/1.1" 200 1183
186.79.211.64 - - [21/Mar/2017:11:02:03 -0300] "GET /cormun/static/hpexe_recentlink.js?201610171694390 HTTP/1.1" 200 2144
186.79.211.64 - - [21/Mar/2017:11:02:03 -0300] "GET /cormun/static/hpexe_scripts.js?201731711335890 HTTP/1.1" 200 1544
186.79.211.64 - - [21/Mar/2017:11:02:03 -0300] "GET /cormun/static/hpexe_messagecontroller.js?201610171694323 HTTP/1.1" 200 870
186.79.211.64 - - [21/Mar/2017:11:02:03 -0300] "GET /cormun/static/hpexe_messagepopupcomponent.js?20161017169425 HTTP/1.1" 200 605
186.79.211.64 - - [21/Mar/2017:11:02:03 -0300] "GET /cormun/static/hpexe_messagegenexuscomponent.js?201731711335537 HTTP/1.1" 200 587
186.79.211.64 - - [21/Mar/2017:11:02:03 -0300] "GET /cormun/static/cmcontrolpreferences.js?201731711335852 HTTP/1.1" 200 1375
186.79.211.64 - - [21/Mar/2017:11:02:03 -0300] "GET /cormun/static/hmpwkw03.js?201731711485354 HTTP/1.1" 200 3965
186.79.211.64 - - [21/Mar/2017:11:02:04 -0300] "GET /cormun/servlet/hhome HTTP/1.1" 200 3736
186.103.159.187 - - [21/Mar/2017:11:02:17 -0300] "POST /cormun/servlet/licenciaspermisosadjuntos?84708b113d2de6a4d2ceae44e09d6d1a,INS,15805102,L,20170321000000,, HTTP/1.1" 200 116
186.103.159.187 - - [21/Mar/2017:11:02:17 -0300] "GET /cormun/servlet/hpexe_return? HTTP/1.1" 200 1039
186.103.159.187 - - [21/Mar/2017:11:02:18 -0300] "GET /cormun/servlet/trlicenciaspermisosadjuntos?15805102,20170321000000,L, HTTP/1.1" 200 6581
186.103.159.187 - - [21/Mar/2017:11:02:19 -0300] "GET /cormun/servlet/trlicenciaspermisosadjuntos?15805102,20170321000000,L, HTTP/1.1" 200 6578
186.103.159.187 - - [21/Mar/2017:11:02:19 -0300] "GET /cormun/PublicTempStorage/licencia_medica_fancisca_rojas8243584.jpeg HTTP/1.1" 200 1046095
186.103.159.187 - - [21/Mar/2017:11:02:22 -0300] "POST /cormun/servlet/trlicenciaspermisosadjuntos?84708b113d2de6a4d2ceae44e09d6d1a,15805102,20170321000000,L,,gx-no-cache=1490108605481 HTTP/1.1" 200 90
186.79.211.64 - - [21/Mar/2017:11:02:22 -0300] "GET /cormun/servlet/trsolicitudot? HTTP/1.1" 200 8341
186.103.159.187 - - [21/Mar/2017:11:02:23 -0300] "GET /cormun/servlet/hpexe_link HTTP/1.1" 200 982
186.79.211.64 - - [21/Mar/2017:11:02:23 -0300] "GET /cormun/static/gxcfg.js?201731711505139 HTTP/1.1" 200 953
186.79.211.64 - - [21/Mar/2017:11:02:23 -0300] "GET /cormun/static/calendar-setup.js?85251 HTTP/1.1" 200 2588
186.79.211.64 - - [21/Mar/2017:11:02:23 -0300] "GET /cormun/static/calendar-es.js?85251 HTTP/1.1" 200 1901
186.79.211.64 - - [21/Mar/2017:11:02:23 -0300] "GET /cormun/static/calendar.js?85251 HTTP/1.1" 200 26246
186.79.211.64 - - [21/Mar/2017:11:02:23 -0300] "GET /cormun/static/gxdec.js?85251 HTTP/1.1" 200 19579
186.103.159.187 - - [21/Mar/2017:11:02:23 -0300] "GET /cormun/servlet/trlicencias HTTP/1.1" 200 7790
186.79.211.64 - - [21/Mar/2017:11:02:23 -0300] "GET /cormun/static/trsolicitudot.js?20173171151116 HTTP/1.1" 200 53117
186.103.159.187 - - [21/Mar/2017:11:02:24 -0300] "GET /cormun/servlet/trlicencias HTTP/1.1" 200 7788
186.79.211.64 - - [21/Mar/2017:11:02:24 -0300] "GET /cormun/servlet/trsolicitudot? HTTP/1.1" 200 8339
186.103.159.187 - - [21/Mar/2017:11:02:29 -0300] "GET /cormun/servlet/alicenciaprn?15805102,L,20170321000000,PU HTTP/1.1" 200 1586
192.168.10.89 - - [21/Mar/2017:11:04:11 -0300] "POST /cormun/servlet/trsolicitudgral?fa4280126941856885fa8fed30de3b7f,,gx-no-cache=1490108331412 HTTP/1.1" 200 9460
192.168.10.89 - - [21/Mar/2017:11:04:22 -0300] "POST /cormun/servlet/trsolicitudgral?fa4280126941856885fa8fed30de3b7f,,gx-no-cache=1490108343245 HTTP/1.1" 200 5396
192.168.10.89 - - [21/Mar/2017:11:04:50 -0300] "POST /cormun/servlet/trsolicitudgral?fa4280126941856885fa8fed30de3b7f,,gx-no-cache=1490108370797 HTTP/1.1" 200 9461
192.168.10.89 - - [21/Mar/2017:11:05:12 -0300] "POST /cormun/servlet/trsolicitudgral?fa4280126941856885fa8fed30de3b7f,,gx-no-cache=1490108392918 HTTP/1.1" 200 5396
186.79.211.64 - - [21/Mar/2017:11:05:42 -0300] "POST /cormun/servlet/trsolicitudot?1980509f708fad337667c429709adb0f,,gx-no-cache=1490105208864 HTTP/1.1" 200 106
186.79.211.64 - - [21/Mar/2017:11:05:43 -0300] "GET /cormun/servlet/solicitudot?DLT,2017,5399, HTTP/1.1" 200 9325
186.79.211.64 - - [21/Mar/2017:11:05:43 -0300] "GET /cormun/static/gxcfg.js?20171191042720 HTTP/1.1" 200 953
186.79.211.64 - - [21/Mar/2017:11:05:43 -0300] "GET /cormun/static/Resources/Spanish/PXTools.css?18365030 HTTP/1.1" 200 89042
186.79.211.64 - - [21/Mar/2017:11:05:43 -0300] "GET /cormun/static/solicitudot.js?2017119104297 HTTP/1.1" 200 63948
186.79.211.64 - - [21/Mar/2017:11:05:45 -0300] "GET /cormun/static/Shared/jqueryui/images/ui-bg_highlight-soft_100_c6c2c8_1x100.png HTTP/1.1" 404 1117
186.79.211.64 - - [21/Mar/2017:11:05:45 -0300] "GET /cormun/static/Shared/jqueryui/images/ui-icons_82798d_256x240.png HTTP/1.1" 404 1089
186.79.211.64 - - [21/Mar/2017:11:05:45 -0300] "GET /cormun/static/Shared/jqueryui/images/ui-bg_flat_55_fafafa_40x100.png HTTP/1.1" 404 1097
186.79.211.64 - - [21/Mar/2017:11:05:45 -0300] "GET /cormun/static/Shared/jqueryui/images/ui-icons_8d78a5_256x240.png HTTP/1.1" 404 1089
186.79.211.64 - - [21/Mar/2017:11:05:45 -0300] "GET /cormun/servlet/solicitudot?DLT,2017,5399, HTTP/1.1" 200 9334
192.168.10.89 - - [21/Mar/2017:11:05:46 -0300] "POST /cormun/servlet/trsolicitudgral?fa4280126941856885fa8fed30de3b7f,,gx-no-cache=1490108426930 HTTP/1.1" 200 9460
186.103.159.187 - - [21/Mar/2017:11:06:13 -0300] "POST /cormun/servlet/trlicencias?84708b113d2de6a4d2ceae44e09d6d1a,gx-no-cache=1490108835996 HTTP/1.1" 200 4062
186.103.159.187 - - [21/Mar/2017:11:06:13 -0300] "GET /cormun/static/Shared/jqueryui/images/ui-bg_highlight-soft_100_c6c2c8_1x100.png HTTP/1.1" 404 1117
186.103.159.187 - - [21/Mar/2017:11:06:13 -0300] "GET /cormun/static/Shared/jqueryui/images/ui-icons_82798d_256x240.png HTTP/1.1" 404 1089
186.103.159.187 - - [21/Mar/2017:11:06:13 -0300] "GET /cormun/static/Shared/jqueryui/images/ui-bg_flat_55_fafafa_40x100.png HTTP/1.1" 404 1097
186.103.159.187 - - [21/Mar/2017:11:06:13 -0300] "GET /cormun/static/Shared/jqueryui/images/ui-icons_8d78a5_256x240.png HTTP/1.1" 404 1089
192.168.10.89 - - [21/Mar/2017:11:06:16 -0300] "POST /cormun/servlet/trsolicitudgral?fa4280126941856885fa8fed30de3b7f,,gx-no-cache=1490108456927 HTTP/1.1" 200 5396
186.103.159.187 - - [21/Mar/2017:11:06:20 -0300] "GET /cormun/servlet/trsolicitudot? HTTP/1.1" 200 7950
186.103.159.187 - - [21/Mar/2017:11:06:20 -0300] "GET /cormun/static/gxcfg.js?201731711505139 HTTP/1.1" 304 -
186.103.159.187 - - [21/Mar/2017:11:06:20 -0300] "GET /cormun/static/trsolicitudot.js?20173171151116 HTTP/1.1" 304 -
186.103.159.187 - - [21/Mar/2017:11:06:21 -0300] "GET /cormun/servlet/trsolicitudot? HTTP/1.1" 200 7950
186.79.211.64 - - [21/Mar/2017:11:06:32 -0300] "POST /cormun/servlet/solicitudot?1980509f708fad337667c429709adb0f,DLT,2017,5399,,gx-no-cache=1490105257929 HTTP/1.1" 200 12429
186.79.211.64 - - [21/Mar/2017:11:06:32 -0300] "GET /cormun/static/Shared/jqueryui/images/ui-bg_flat_55_994d53_40x100.png HTTP/1.1" 404 1097
186.79.211.64 - - [21/Mar/2017:11:06:32 -0300] "GET /cormun/static/Shared/jqueryui/images/ui-icons_ebccce_256x240.png HTTP/1.1" 404 1089
186.79.211.64 - - [21/Mar/2017:11:06:37 -0300] "POST /cormun/servlet/solicitudot?1980509f708fad337667c429709adb0f,DLT,2017,5399,,gx-no-cache=1490105263142 HTTP/1.1" 200 93
186.79.211.64 - - [21/Mar/2017:11:06:37 -0300] "GET /cormun/servlet/hpexe_return? HTTP/1.1" 200 1008
186.79.211.64 - - [21/Mar/2017:11:06:37 -0300] "GET /cormun/static/gxcfg.js?2016101716175148 HTTP/1.1" 200 953
186.79.211.64 - - [21/Mar/2017:11:06:38 -0300] "GET /cormun/servlet/trsolicitudot HTTP/1.1" 200 8343
186.79.211.64 - - [21/Mar/2017:11:06:39 -0300] "GET /cormun/servlet/trsolicitudot HTTP/1.1" 200 8339
186.103.159.187 - - [21/Mar/2017:11:06:43 -0300] "GET /cormun/servlet/solicitudot?INS,0,0, HTTP/1.1" 200 12543
186.103.159.187 - - [21/Mar/2017:11:06:43 -0300] "GET /cormun/static/gxcfg.js?20171191042720 HTTP/1.1" 304 -
186.103.159.187 - - [21/Mar/2017:11:06:43 -0300] "GET /cormun/static/solicitudot.js?2017119104297 HTTP/1.1" 304 -
186.103.159.187 - - [21/Mar/2017:11:06:44 -0300] "GET /cormun/servlet/solicitudot?INS,0,0, HTTP/1.1" 200 12548
186.79.211.64 - - [21/Mar/2017:11:06:49 -0300] "POST /cormun/servlet/trsolicitudot?1980509f708fad337667c429709adb0f,gx-no-cache=1490105274922 HTTP/1.1" 200 5303
186.79.211.64 - - [21/Mar/2017:11:06:49 -0300] "GET /cormun/static/Shared/jqueryui/images/ui-bg_highlight-soft_100_c6c2c8_1x100.png HTTP/1.1" 404 1117
186.79.211.64 - - [21/Mar/2017:11:06:49 -0300] "GET /cormun/static/Shared/jqueryui/images/ui-icons_82798d_256x240.png HTTP/1.1" 404 1089
186.79.211.64 - - [21/Mar/2017:11:06:49 -0300] "GET /cormun/static/Shared/jqueryui/images/ui-bg_flat_55_fafafa_40x100.png HTTP/1.1" 404 1097
186.79.211.64 - - [21/Mar/2017:11:06:49 -0300] "GET /cormun/static/Shared/jqueryui/images/ui-icons_8d78a5_256x240.png HTTP/1.1" 404 1089
186.79.211.64 - - [21/Mar/2017:11:06:49 -0300] "POST /cormun/servlet/trsolicitudot?1980509f708fad337667c429709adb0f,gx-no-cache=1490105275682 HTTP/1.1" 200 5245
186.79.211.64 - - [21/Mar/2017:11:06:54 -0300] "GET /cormun/servlet/solicitudot?INS,0,0, HTTP/1.1" 200 12530
186.79.211.64 - - [21/Mar/2017:11:06:55 -0300] "GET /cormun/servlet/solicitudot?INS,0,0, HTTP/1.1" 200 12535
186.79.211.64 - - [21/Mar/2017:11:07:12 -0300] "POST /cormun/servlet/solicitudot?gx-no-cache=1490105298712 HTTP/1.1" 200 3169
186.79.211.64 - - [21/Mar/2017:11:07:13 -0300] "POST /cormun/servlet/solicitudot?1980509f708fad337667c429709adb0f,INS,0,0,,gx-no-cache=1490105299244 HTTP/1.1" 200 9763
186.79.211.64 - - [21/Mar/2017:11:07:18 -0300] "GET /cormun/servlet/solicitudot?714fd9467f1f01fbf1405b15c334001e312ae1f274ab911a74c144ed8edd7fdfd5a0accc9729922298eb2f1adc0ac3de,gx-no-cache=1490105304360 HTTP/1.1" 200 30
186.79.211.64 - - [21/Mar/2017:11:07:18 -0300] "POST /cormun/servlet/solicitudot?gx-no-cache=1490105304520 HTTP/1.1" 200 255
186.79.211.64 - - [21/Mar/2017:11:07:18 -0300] "GET /cormun/servlet/solicitudot?714fd9467f1f01fbf1405b15c334001ea4e413c6c6538f7783d9ed36c1d834377ce841d2305797163ee60c651ad016e54e92bb41f847e1bd50d22a2776d83352640587fdbe4d76881279812d447fef69f63f68085b55700f23a5037aeaaadd31cf2836bf5f2a8db74d7fd5e0d207d44d6f41d785553ae747756177655df1d8d1782a0a43df3ec312a04a6a2844dbe6c2a17df233350b788f140fba2b413e016485dbf282591ffc6be7519e6dadf437a60cb86cf9125a6f793b3405fc8e7c96bc0255657c16b1c024fe7c5d147b9c8ad213d95b0f6064d1a9d6f8b144132e5ace2bd9c786089d8a83728bb65fea1dedc936e28d14e2ab4dc08ea2f6a0bc84ddfa52d3c2fa06452961cffaf21f6acb90b7205950535d6aac8b0489841a3ae6698d5a8dadb5568538667d47ccff8b4b164e432e49508095c2227494238422a742196aa33f186329dd88bf91dbc74fa1fc43102cf9957dc389fb08641ce9dfc4e117f4cc8df9eea09894a22a30f5a62001096c2242181d18d266dc75ddc4c9289a9b,gx-no-cache=1490105304690 HTTP/1.1" 200 30
186.79.211.64 - - [21/Mar/2017:11:07:21 -0300] "POST /cormun/servlet/solicitudot?gx-no-cache=1490105307303 HTTP/1.1" 200 30
186.79.211.64 - - [21/Mar/2017:11:07:24 -0300] "POST /cormun/servlet/solicitudot?gx-no-cache=1490105310917 HTTP/1.1" 200 235
186.79.211.64 - - [21/Mar/2017:11:07:24 -0300] "POST /cormun/servlet/solicitudot?gx-no-cache=1490105311092 HTTP/1.1" 200 38
186.103.159.187 - - [21/Mar/2017:11:07:25 -0300] "GET /cormun/servlet/prfichaempleado?,MD,,gxPopupLevel%3D0%3B HTTP/1.1" 200 8784
186.103.159.187 - - [21/Mar/2017:11:07:37 -0300] "POST /cormun/servlet/prfichaempleado?84708b113d2de6a4d2ceae44e09d6d1a,,MD,,gxPopupLevel%3D0%3B,gx-no-cache=1490108920436 HTTP/1.1" 200 3402
186.103.159.187 - - [21/Mar/2017:11:07:42 -0300] "POST /cormun/servlet/solicitudot?gx-no-cache=1490108925565 HTTP/1.1" 200 3195
186.103.159.187 - - [21/Mar/2017:11:07:42 -0300] "POST /cormun/servlet/solicitudot?84708b113d2de6a4d2ceae44e09d6d1a,INS,0,0,,gx-no-cache=1490108925754 HTTP/1.1" 200 9780
186.79.211.64 - - [21/Mar/2017:11:07:49 -0300] "GET /cormun/servlet/solicitudot?714fd9467f1f01fbf1405b15c334001e5c7abe9d8c4657f9f556b2e75104b31e9340411fc82f02970d03ae83b412a44f7e9e06385763c497f3691198c8b09f5425351adef688b4b73d6b7e06040c51cd34d077c8fee44e8e1af130ffb76c07f63d8736ae534ab9dbc43826baa4c9a4680ff7c71a01edba8611ac192a2b81c5e4a380d6bf069268220fff9ecb4deed830a1880a4ebced0cc2005c5a1d99b9600dbcd6d710b3a6b6b3c49ce5c4f18e6dff07f0db086b6447137fda623e1cc1d3b22bccd3a140ec5f1b69ac66433c10ad1d,gx-no-cache=1490105335224 HTTP/1.1" 200 29
186.79.211.64 - - [21/Mar/2017:11:07:49 -0300] "POST /cormun/servlet/solicitudot?gx-no-cache=1490105335515 HTTP/1.1" 200 641
186.79.211.64 - - [21/Mar/2017:11:07:51 -0300] "POST /cormun/servlet/solicitudot?gx-no-cache=1490105337575 HTTP/1.1" 200 1157
186.103.159.187 - - [21/Mar/2017:11:08:00 -0300] "GET /cormun/servlet/solicitudot?915dbd7a8162bc5670e22cf4c0e9f18b2766029e801603ac2e8a9236534e1483192834185137bcb8d5fd718a2b0d21c3,gx-no-cache=1490108943286 HTTP/1.1" 200 30
186.103.159.187 - - [21/Mar/2017:11:08:00 -0300] "POST /cormun/servlet/solicitudot?gx-no-cache=1490108943680 HTTP/1.1" 200 240
186.103.159.187 - - [21/Mar/2017:11:08:00 -0300] "GET /cormun/servlet/solicitudot?915dbd7a8162bc5670e22cf4c0e9f18b707e385c44264d446ecb8770812d9cb7c1cea186a8d318f1efc9ea2672bd008be3054d0d8d045e237aafb2decad5eccb4617b0a7786ff9789821e8de92cb41a896375a4b0847ab363c5fd045d264fce8c2dff785a6deb6058454ca46b4276cd0dbb4aa4d7dc93a58f67dc468d47c9e01324faaaf867e790535fe1bb1444cd395856270e3436bf242023461c38cb54c5205b0706dd397b671a5d70308d22eadcb7eeb43fff5682501b5645c4213890ad37546c816a3a3f67a365882d679579ea5c5e078e27a3707e0da9c22e686d582bb787f5e6db9ef1cac43e29707ca2b9579596df187325d3340563ea5b79fdef62d61b213d796dd83ac5eb04dbdcecdada0feaddaf6588b748142485f1d6d069770baf10449e0a81dfb811c186fc414ef5871641dc371fdc6d9a656ca3415be3fe121f0ab81868542d602d1979d7a32366a36652b18cb95c4fb1cda17702c65cfa2cc091608c8df9e469daa2ecec2f0257ca24c9d0cd715437a404aa69e7f0eb6f8,gx-no-cache=1490108943761 HTTP/1.1" 200 30
186.103.159.187 - - [21/Mar/2017:11:08:00 -0300] "POST /cormun/servlet/solicitudot?gx-no-cache=1490108943829 HTTP/1.1" 200 30
186.103.159.187 - - [21/Mar/2017:11:08:01 -0300] "POST /cormun/servlet/solicitudot?gx-no-cache=1490108943921 HTTP/1.1" 200 1291
186.103.159.187 - - [21/Mar/2017:11:08:01 -0300] "POST /cormun/servlet/solicitudot?gx-no-cache=1490108944008 HTTP/1.1" 200 38
186.103.159.187 - - [21/Mar/2017:11:08:22 -0300] "POST /cormun/servlet/solicitudot?gx-no-cache=1490108965332 HTTP/1.1" 200 30
186.103.159.187 - - [21/Mar/2017:11:08:24 -0300] "GET /cormun/servlet/prcontratosol?17503462,,,,,MD,,gxPopupLevel%3D0%3B HTTP/1.1" 200 5551
186.103.159.187 - - [21/Mar/2017:11:08:24 -0300] "GET /cormun/static/gxcfg.js?201731711522183 HTTP/1.1" 200 953
186.103.159.187 - - [21/Mar/2017:11:08:24 -0300] "GET /cormun/static/Resources/PXToolsGridFirst.gif HTTP/1.1" 200 379
186.103.159.187 - - [21/Mar/2017:11:08:24 -0300] "GET /cormun/static/Resources/PXToolsGridPrevious.gif HTTP/1.1" 200 369
186.103.159.187 - - [21/Mar/2017:11:08:24 -0300] "GET /cormun/static/Resources/PXToolsGridNext.gif HTTP/1.1" 200 369
186.103.159.187 - - [21/Mar/2017:11:08:24 -0300] "GET /cormun/static/Resources/PXToolsGridLast.gif HTTP/1.1" 200 370
186.103.159.187 - - [21/Mar/2017:11:08:24 -0300] "GET /cormun/static/prcontratosol.js?201731711522419 HTTP/1.1" 200 14084
186.79.211.64 - - [21/Mar/2017:11:08:28 -0300] "GET /cormun/static/menuarrow.gif HTTP/1.1" 404 1015
186.79.211.64 - - [21/Mar/2017:11:08:43 -0300] "GET /cormun/servlet/solicitudot?714fd9467f1f01fbf1405b15c334001ed62aa8cc73a53c0c7678327bca3a134d49b9a259f8fcacfef4b3211c4a5519b2e4f57843690738551cadfba73aceafb4ca2fdc8f374baf6e4d70968f45b3f36abb7cc6eabb309d06a3c8df2aa44c97de8a50c4167f1b06beff1a5c4eaf36d8eb2304cb1b43e212c4bfdec97d540b87d5c9c327658256892d12bc40ade37c21bf5c70e44d253bfe567ba7d085292123802396c64ad3e53743db034234a65170a3,gx-no-cache=1490105389514 HTTP/1.1" 200 30
186.79.211.64 - - [21/Mar/2017:11:08:55 -0300] "POST /cormun/servlet/solicitudot?1980509f708fad337667c429709adb0f,INS,0,0,,gx-no-cache=1490105400837 HTTP/1.1" 200 93
186.79.211.64 - - [21/Mar/2017:11:08:55 -0300] "GET /cormun/servlet/hpexe_return? HTTP/1.1" 200 1023
186.79.211.64 - - [21/Mar/2017:11:08:55 -0300] "GET /cormun/servlet/trsolicitudot?gx-no-cache=1490105275682 HTTP/1.1" 200 8436
186.79.211.64 - - [21/Mar/2017:11:08:57 -0300] "GET /cormun/servlet/trsolicitudot?gx-no-cache=1490105275682 HTTP/1.1" 200 8458
186.79.211.64 - - [21/Mar/2017:11:09:09 -0300] "POST /cormun/servlet/trsolicitudot?1980509f708fad337667c429709adb0f,gx-no-cache=1490105275682,gx-no-cache=1490105415657 HTTP/1.1" 200 107
186.79.211.64 - - [21/Mar/2017:11:09:09 -0300] "GET /cormun/servlet/trsolicitudadjuntos?2017,5663, HTTP/1.1" 200 5860
186.103.159.187 - - [21/Mar/2017:11:09:09 -0300] "POST /cormun/servlet/solicitudot?gx-no-cache=1490109012784 HTTP/1.1" 200 1372
186.103.159.187 - - [21/Mar/2017:11:09:09 -0300] "GET /cormun/static/Shared/jqueryui/images/ui-bg_highlight-soft_100_c6c2c8_1x100.png HTTP/1.1" 404 1117
186.103.159.187 - - [21/Mar/2017:11:09:10 -0300] "GET /cormun/static/Shared/jqueryui/images/ui-icons_82798d_256x240.png HTTP/1.1" 404 1089
186.103.159.187 - - [21/Mar/2017:11:09:10 -0300] "GET /cormun/static/Shared/jqueryui/images/ui-icons_ebccce_256x240.png HTTP/1.1" 404 1089
186.103.159.187 - - [21/Mar/2017:11:09:10 -0300] "GET /cormun/static/Shared/jqueryui/images/ui-bg_flat_55_994d53_40x100.png HTTP/1.1" 404 1097
186.79.211.64 - - [21/Mar/2017:11:09:10 -0300] "GET /cormun/static/gxcfg.js?201731711504543 HTTP/1.1" 200 953
186.103.159.187 - - [21/Mar/2017:11:09:10 -0300] "POST /cormun/servlet/solicitudot?gx-no-cache=1490109012937 HTTP/1.1" 200 117
186.103.159.187 - - [21/Mar/2017:11:09:10 -0300] "GET /cormun/servlet/solicitudot?915dbd7a8162bc5670e22cf4c0e9f18bbad086162ca7cbcc95671f8bd885155a71cf8b8181694a8ff390211af27cc5782af3ab2cb81a5c72b0113f54ba4076b81dce680fe8d41f42cc13be16e9a8bff4916f326bf9e0a3d2ed6c5aeefab9283fb15a36ed91d9325fadd29fd18776d267e08b2b69bef8a79d638a2a4cbfb6c4c58642e7bfc75af00e00dd6bcd05f2565ec867764bc23f95440efac9599443c6e9,gx-no-cache=1490109012991 HTTP/1.1" 200 29
186.79.211.64 - - [21/Mar/2017:11:09:10 -0300] "GET /cormun/static/trsolicitudadjuntos.js?201731711504951 HTTP/1.1" 200 17913
186.103.159.187 - - [21/Mar/2017:11:09:10 -0300] "POST /cormun/servlet/solicitudot?gx-no-cache=1490109013026 HTTP/1.1" 200 1274
186.103.159.187 - - [21/Mar/2017:11:09:10 -0300] "POST /cormun/servlet/solicitudot?gx-no-cache=1490109013092 HTTP/1.1" 200 1157
186.79.211.64 - - [21/Mar/2017:11:09:11 -0300] "GET /cormun/servlet/trsolicitudadjuntos?2017,5663, HTTP/1.1" 200 5838
186.79.211.64 - - [21/Mar/2017:11:09:14 -0300] "GET /cormun/servlet/solicitudotadjuntos?INS,2017,5663,,1, HTTP/1.1" 200 5774
186.79.211.64 - - [21/Mar/2017:11:09:15 -0300] "GET /cormun/static/gxcfg.js?201612218465951 HTTP/1.1" 200 953
186.79.211.64 - - [21/Mar/2017:11:09:15 -0300] "GET /cormun/static/about:blank HTTP/1.1" 404 1011
186.79.211.64 - - [21/Mar/2017:11:09:16 -0300] "GET /cormun/servlet/solicitudotadjuntos?INS,2017,5663,,1, HTTP/1.1" 200 5768
186.79.211.64 - - [21/Mar/2017:11:09:16 -0300] "GET /cormun/servlet/solicitudotadjuntos?714fd9467f1f01fbf1405b15c334001ea2130e4568ebaef663f20d411d7a864de5ca6ee6116a22a72e1a919853b472f8,gx-no-cache=1490105422997 HTTP/1.1" 200 30
186.79.211.64 - - [21/Mar/2017:11:09:17 -0300] "POST /cormun/servlet/solicitudotadjuntos?1980509f708fad337667c429709adb0f,INS,2017,5663,,1,,gx-no-cache=1490105423151 HTTP/1.1" 200 3663
186.79.211.64 - - [21/Mar/2017:11:09:25 -0300] "POST /cormun/servlet/solicitudotadjuntos?gx-no-cache=1490105432146 HTTP/1.1" 200 26
186.79.211.64 - - [21/Mar/2017:11:09:40 -0300] "GET /cormun/servlet/solicitudotadjuntos?714fd9467f1f01fbf1405b15c334001e3503731404dbb94b8971168fab4683af,gx-no-cache=1490105446577 HTTP/1.1" 200 30
186.79.211.64 - - [21/Mar/2017:11:09:40 -0300] "GET /cormun/servlet/solicitudotadjuntos?714fd9467f1f01fbf1405b15c334001e3503731404dbb94b8971168fab4683af,gx-no-cache=1490105446695 HTTP/1.1" 200 30
186.67.172.234 - - [21/Mar/2017:11:09:48 -0300] "GET /cormun/servlet/hlogin HTTP/1.1" 200 1730
186.79.211.64 - - [21/Mar/2017:11:10:05 -0300] "POST /cormun/servlet/solicitudotadjuntos?1980509f708fad337667c429709adb0f,INS,2017,5663,,1, HTTP/1.1" 200 116
186.79.211.64 - - [21/Mar/2017:11:10:05 -0300] "GET /cormun/servlet/hpexe_return? HTTP/1.1" 200 1021
186.79.211.64 - - [21/Mar/2017:11:10:06 -0300] "GET /cormun/servlet/trsolicitudadjuntos?2017,5663, HTTP/1.1" 200 7921
186.103.159.187 - - [21/Mar/2017:11:10:06 -0300] "GET /cormun/servlet/prcontratosol?17503462,,,,,MD,,gxPopupLevel%3D0%3B HTTP/1.1" 200 5551
186.79.211.64 - - [21/Mar/2017:11:10:07 -0300] "GET /cormun/servlet/trsolicitudadjuntos?2017,5663, HTTP/1.1" 200 7918
186.67.172.234 - - [21/Mar/2017:11:10:10 -0300] "POST /cormun/servlet/hlogin?6d1617ba75ebae937907e8607ee4a7e2,gx-no-cache=1490109075868 HTTP/1.1" 200 90
186.67.172.234 - - [21/Mar/2017:11:10:10 -0300] "GET /cormun/servlet/hpexe_link HTTP/1.1" 200 954
186.67.172.234 - - [21/Mar/2017:11:10:10 -0300] "GET /cormun/servlet/hhome HTTP/1.1" 200 4053
186.67.172.234 - - [21/Mar/2017:11:10:11 -0300] "GET /cormun/servlet/hhome HTTP/1.1" 200 4050
186.79.211.64 - - [21/Mar/2017:11:10:11 -0300] "GET /cormun/servlet/solicitudotadjuntos?INS,2017,5663,,1, HTTP/1.1" 200 5775
186.79.211.64 - - [21/Mar/2017:11:10:11 -0300] "GET /cormun/static/about:blank HTTP/1.1" 404 1011
186.79.211.64 - - [21/Mar/2017:11:10:12 -0300] "GET /cormun/servlet/solicitudotadjuntos?INS,2017,5663,,1, HTTP/1.1" 200 5769
186.79.211.64 - - [21/Mar/2017:11:10:13 -0300] "GET /cormun/servlet/solicitudotadjuntos?714fd9467f1f01fbf1405b15c334001ea2130e4568ebaef663f20d411d7a864de5ca6ee6116a22a72e1a919853b472f8,gx-no-cache=1490105479205 HTTP/1.1" 200 30
186.79.211.64 - - [21/Mar/2017:11:10:13 -0300] "POST /cormun/servlet/solicitudotadjuntos?1980509f708fad337667c429709adb0f,INS,2017,5663,,1,,gx-no-cache=1490105479342 HTTP/1.1" 200 3664
186.67.172.234 - - [21/Mar/2017:11:10:16 -0300] "GET /cormun/servlet/trautorizarsolicitud? HTTP/1.1" 200 8236
186.67.172.234 - - [21/Mar/2017:11:10:16 -0300] "GET /cormun/servlet/trautorizarsolicitud? HTTP/1.1" 200 8235
186.79.211.64 - - [21/Mar/2017:11:10:17 -0300] "POST /cormun/servlet/solicitudotadjuntos?gx-no-cache=1490105483727 HTTP/1.1" 200 26
186.67.172.234 - - [21/Mar/2017:11:10:21 -0300] "POST /cormun/servlet/trautorizarsolicitud?6d1617ba75ebae937907e8607ee4a7e2,,gx-no-cache=1490109086420 HTTP/1.1" 200 107
186.67.172.234 - - [21/Mar/2017:11:10:21 -0300] "GET /cormun/servlet/trsolicitudadjuntos?2017,5433, HTTP/1.1" 200 8968
186.67.172.234 - - [21/Mar/2017:11:10:22 -0300] "GET /cormun//static/Resources/PXToolsActionDisabled.gif HTTP/1.1" 200 53
186.67.172.234 - - [21/Mar/2017:11:10:22 -0300] "GET /cormun/servlet/trsolicitudadjuntos?2017,5433, HTTP/1.1" 200 8975
186.67.172.234 - - [21/Mar/2017:11:10:31 -0300] "GET /cormun/servlet/trautorizarsolicitud? HTTP/1.1" 200 8236
186.67.172.234 - - [21/Mar/2017:11:10:31 -0300] "GET /cormun/servlet/trautorizarsolicitud? HTTP/1.1" 200 8235
186.79.211.64 - - [21/Mar/2017:11:10:41 -0300] "GET /cormun/servlet/solicitudotadjuntos?714fd9467f1f01fbf1405b15c334001e3503731404dbb94b8971168fab4683af,gx-no-cache=1490105507498 HTTP/1.1" 200 30
186.79.211.64 - - [21/Mar/2017:11:10:41 -0300] "GET /cormun/servlet/solicitudotadjuntos?714fd9467f1f01fbf1405b15c334001e3503731404dbb94b8971168fab4683af,gx-no-cache=1490105507624 HTTP/1.1" 200 30
186.79.211.64 - - [21/Mar/2017:11:10:53 -0300] "POST /cormun/servlet/solicitudotadjuntos?1980509f708fad337667c429709adb0f,INS,2017,5663,,1, HTTP/1.1" 200 116
186.79.211.64 - - [21/Mar/2017:11:10:53 -0300] "GET /cormun/servlet/hpexe_return? HTTP/1.1" 200 1021
186.79.211.64 - - [21/Mar/2017:11:10:53 -0300] "GET /cormun/servlet/trsolicitudadjuntos?2017,5663, HTTP/1.1" 200 8134
186.79.211.64 - - [21/Mar/2017:11:10:55 -0300] "GET /cormun/servlet/trsolicitudadjuntos?2017,5663, HTTP/1.1" 200 8130
186.79.211.64 - - [21/Mar/2017:11:10:58 -0300] "GET /cormun/servlet/solicitudotadjuntos?INS,2017,5663,,1, HTTP/1.1" 200 5774
186.79.211.64 - - [21/Mar/2017:11:10:58 -0300] "GET /cormun/static/about:blank HTTP/1.1" 404 1011
186.79.211.64 - - [21/Mar/2017:11:10:59 -0300] "GET /cormun/servlet/solicitudotadjuntos?INS,2017,5663,,1, HTTP/1.1" 200 5768
186.79.211.64 - - [21/Mar/2017:11:11:00 -0300] "GET /cormun/servlet/solicitudotadjuntos?714fd9467f1f01fbf1405b15c334001ea2130e4568ebaef663f20d411d7a864de5ca6ee6116a22a72e1a919853b472f8,gx-no-cache=1490105526483 HTTP/1.1" 200 30
186.79.211.64 - - [21/Mar/2017:11:11:00 -0300] "POST /cormun/servlet/solicitudotadjuntos?1980509f708fad337667c429709adb0f,INS,2017,5663,,1,,gx-no-cache=1490105526637 HTTP/1.1" 200 3663
186.79.211.64 - - [21/Mar/2017:11:11:04 -0300] "POST /cormun/servlet/solicitudotadjuntos?gx-no-cache=1490105530484 HTTP/1.1" 200 26
186.79.211.64 - - [21/Mar/2017:11:11:13 -0300] "GET /cormun/servlet/solicitudotadjuntos?714fd9467f1f01fbf1405b15c334001e3503731404dbb94b8971168fab4683af,gx-no-cache=1490105539946 HTTP/1.1" 200 30
186.79.211.64 - - [21/Mar/2017:11:11:13 -0300] "GET /cormun/servlet/solicitudotadjuntos?714fd9467f1f01fbf1405b15c334001e3503731404dbb94b8971168fab4683af,gx-no-cache=1490105540037 HTTP/1.1" 200 30
186.103.159.182 - - [21/Mar/2017:11:11:25 -0300] "GET /cormun/servlet/trautorizarsolicitud? HTTP/1.1" 200 6947
186.103.159.182 - - [21/Mar/2017:11:11:25 -0300] "GET /cormun/static/gxcfg.js?2017259112829 HTTP/1.1" 200 953
186.103.159.182 - - [21/Mar/2017:11:11:25 -0300] "GET /cormun/static/Resources/Spanish/PXTools.css?18365030 HTTP/1.1" 200 89042
186.103.159.182 - - [21/Mar/2017:11:11:25 -0300] "GET /cormun/static/trautorizarsolicitud.js?2017259113483 HTTP/1.1" 200 53096
186.103.159.182 - - [21/Mar/2017:11:11:27 -0300] "GET /cormun/servlet/trautorizarsolicitud? HTTP/1.1" 200 6947
186.79.211.64 - - [21/Mar/2017:11:11:28 -0300] "POST /cormun/servlet/solicitudotadjuntos?1980509f708fad337667c429709adb0f,INS,2017,5663,,1, HTTP/1.1" 200 116
186.79.211.64 - - [21/Mar/2017:11:11:29 -0300] "GET /cormun/servlet/hpexe_return? HTTP/1.1" 200 1021
186.79.211.64 - - [21/Mar/2017:11:11:29 -0300] "GET /cormun/servlet/trsolicitudadjuntos?2017,5663, HTTP/1.1" 200 8299
186.79.211.64 - - [21/Mar/2017:11:11:31 -0300] "GET /cormun/servlet/trsolicitudadjuntos?2017,5663, HTTP/1.1" 200 8295
186.79.211.64 - - [21/Mar/2017:11:11:35 -0300] "GET /cormun/servlet/solicitudotadjuntos?INS,2017,5663,,1, HTTP/1.1" 200 5775
186.79.211.64 - - [21/Mar/2017:11:11:35 -0300] "GET /cormun/static/about:blank HTTP/1.1" 404 1011
186.79.211.64 - - [21/Mar/2017:11:11:36 -0300] "GET /cormun/servlet/solicitudotadjuntos?INS,2017,5663,,1, HTTP/1.1" 200 5769
186.79.211.64 - - [21/Mar/2017:11:11:36 -0300] "GET /cormun/servlet/solicitudotadjuntos?714fd9467f1f01fbf1405b15c334001ea2130e4568ebaef663f20d411d7a864de5ca6ee6116a22a72e1a919853b472f8,gx-no-cache=1490105563062 HTTP/1.1" 200 30
186.79.211.64 - - [21/Mar/2017:11:11:37 -0300] "POST /cormun/servlet/solicitudotadjuntos?1980509f708fad337667c429709adb0f,INS,2017,5663,,1,,gx-no-cache=1490105563166 HTTP/1.1" 200 3664
192.168.10.89 - - [21/Mar/2017:11:11:40 -0300] "POST /cormun/servlet/trsolicitudgral?fa4280126941856885fa8fed30de3b7f,,gx-no-cache=1490108779081 HTTP/1.1" 200 22737
186.103.159.182 - - [21/Mar/2017:11:11:42 -0300] "GET /cormun/servlet/trvisualizadoreventos? HTTP/1.1" 200 6771
186.103.159.182 - - [21/Mar/2017:11:11:42 -0300] "GET /cormun/static/gxcfg.js?201731711523419 HTTP/1.1" 200 953
186.103.159.182 - - [21/Mar/2017:11:11:42 -0300] "GET /cormun/static/trvisualizadoreventos.js?20173171152387 HTTP/1.1" 200 19309
186.103.159.182 - - [21/Mar/2017:11:11:42 -0300] "GET /cormun/static/Resources/PXToolsActionPrint.png HTTP/1.1" 200 3317
186.79.211.64 - - [21/Mar/2017:11:11:43 -0300] "POST /cormun/servlet/solicitudotadjuntos?gx-no-cache=1490105569759 HTTP/1.1" 200 26
186.103.159.182 - - [21/Mar/2017:11:11:43 -0300] "GET /cormun/servlet/trvisualizadoreventos? HTTP/1.1" 200 6771
186.79.211.64 - - [21/Mar/2017:11:11:53 -0300] "GET /cormun/servlet/solicitudotadjuntos?714fd9467f1f01fbf1405b15c334001e3503731404dbb94b8971168fab4683af,gx-no-cache=1490105579803 HTTP/1.1" 200 30
186.79.211.64 - - [21/Mar/2017:11:11:53 -0300] "GET /cormun/servlet/solicitudotadjuntos?714fd9467f1f01fbf1405b15c334001e3503731404dbb94b8971168fab4683af,gx-no-cache=1490105579926 HTTP/1.1" 200 30
186.79.211.64 - - [21/Mar/2017:11:12:12 -0300] "POST /cormun/servlet/solicitudotadjuntos?1980509f708fad337667c429709adb0f,INS,2017,5663,,1, HTTP/1.1" 200 116
186.79.211.64 - - [21/Mar/2017:11:12:13 -0300] "GET /cormun/servlet/hpexe_return? HTTP/1.1" 200 1021
186.79.211.64 - - [21/Mar/2017:11:12:13 -0300] "GET /cormun/servlet/trsolicitudadjuntos?2017,5663, HTTP/1.1" 200 8436
186.79.211.64 - - [21/Mar/2017:11:12:15 -0300] "GET /cormun/servlet/trsolicitudadjuntos?2017,5663, HTTP/1.1" 200 8433
186.79.211.64 - - [21/Mar/2017:11:12:18 -0300] "GET /cormun/servlet/solicitudotadjuntos?INS,2017,5663,,1, HTTP/1.1" 200 5775
186.79.211.64 - - [21/Mar/2017:11:12:18 -0300] "GET /cormun/static/about:blank HTTP/1.1" 404 1011
186.79.211.64 - - [21/Mar/2017:11:12:19 -0300] "GET /cormun/servlet/solicitudotadjuntos?INS,2017,5663,,1, HTTP/1.1" 200 5770
186.79.211.64 - - [21/Mar/2017:11:12:20 -0300] "GET /cormun/servlet/solicitudotadjuntos?714fd9467f1f01fbf1405b15c334001ea2130e4568ebaef663f20d411d7a864de5ca6ee6116a22a72e1a919853b472f8,gx-no-cache=1490105606453 HTTP/1.1" 200 30
186.79.211.64 - - [21/Mar/2017:11:12:20 -0300] "POST /cormun/servlet/solicitudotadjuntos?1980509f708fad337667c429709adb0f,INS,2017,5663,,1,,gx-no-cache=1490105606565 HTTP/1.1" 200 3664
186.79.211.64 - - [21/Mar/2017:11:12:28 -0300] "POST /cormun/servlet/solicitudotadjuntos?gx-no-cache=1490105614636 HTTP/1.1" 200 26
186.79.211.64 - - [21/Mar/2017:11:12:36 -0300] "GET /cormun/servlet/solicitudotadjuntos?714fd9467f1f01fbf1405b15c334001e3503731404dbb94b8971168fab4683af,gx-no-cache=1490105622884 HTTP/1.1" 200 30
186.79.211.64 - - [21/Mar/2017:11:12:36 -0300] "GET /cormun/servlet/solicitudotadjuntos?714fd9467f1f01fbf1405b15c334001e3503731404dbb94b8971168fab4683af,gx-no-cache=1490105622977 HTTP/1.1" 200 30
186.79.211.64 - - [21/Mar/2017:11:12:52 -0300] "POST /cormun/servlet/solicitudotadjuntos?1980509f708fad337667c429709adb0f,INS,2017,5663,,1, HTTP/1.1" 200 116
186.79.211.64 - - [21/Mar/2017:11:12:52 -0300] "GET /cormun/servlet/hpexe_return? HTTP/1.1" 200 1021
186.79.211.64 - - [21/Mar/2017:11:12:53 -0300] "GET /cormun/servlet/trsolicitudadjuntos?2017,5663, HTTP/1.1" 200 8584
186.79.211.64 - - [21/Mar/2017:11:12:55 -0300] "GET /cormun/servlet/trsolicitudadjuntos?2017,5663, HTTP/1.1" 200 8584
186.79.211.64 - - [21/Mar/2017:11:12:58 -0300] "GET /cormun/servlet/solicitudotadjuntos?INS,2017,5663,,1, HTTP/1.1" 200 5776
186.79.211.64 - - [21/Mar/2017:11:12:58 -0300] "GET /cormun/static/about:blank HTTP/1.1" 404 1011
186.79.211.64 - - [21/Mar/2017:11:13:00 -0300] "GET /cormun/servlet/solicitudotadjuntos?INS,2017,5663,,1, HTTP/1.1" 200 5770
186.79.211.64 - - [21/Mar/2017:11:13:00 -0300] "GET /cormun/servlet/solicitudotadjuntos?714fd9467f1f01fbf1405b15c334001ea2130e4568ebaef663f20d411d7a864de5ca6ee6116a22a72e1a919853b472f8,gx-no-cache=1490105646405 HTTP/1.1" 200 30
186.79.211.64 - - [21/Mar/2017:11:13:00 -0300] "POST /cormun/servlet/solicitudotadjuntos?1980509f708fad337667c429709adb0f,INS,2017,5663,,1,,gx-no-cache=1490105646519 HTTP/1.1" 200 3663
186.79.211.64 - - [21/Mar/2017:11:13:04 -0300] "POST /cormun/servlet/solicitudotadjuntos?gx-no-cache=1490105651143 HTTP/1.1" 200 26
186.79.211.64 - - [21/Mar/2017:11:13:27 -0300] "GET /cormun/servlet/solicitudotadjuntos?714fd9467f1f01fbf1405b15c334001e3503731404dbb94b8971168fab4683af,gx-no-cache=1490105673233 HTTP/1.1" 200 30
186.79.211.64 - - [21/Mar/2017:11:13:27 -0300] "GET /cormun/servlet/solicitudotadjuntos?714fd9467f1f01fbf1405b15c334001e3503731404dbb94b8971168fab4683af,gx-no-cache=1490105673438 HTTP/1.1" 200 30
186.79.211.64 - - [21/Mar/2017:11:13:44 -0300] "POST /cormun/servlet/solicitudotadjuntos?1980509f708fad337667c429709adb0f,INS,2017,5663,,1, HTTP/1.1" 200 116
186.79.211.64 - - [21/Mar/2017:11:13:44 -0300] "GET /cormun/servlet/hpexe_return? HTTP/1.1" 200 1021
186.79.211.64 - - [21/Mar/2017:11:13:45 -0300] "GET /cormun/servlet/trsolicitudadjuntos?2017,5663, HTTP/1.1" 200 8822
186.79.211.64 - - [21/Mar/2017:11:13:47 -0300] "GET /cormun/servlet/trsolicitudadjuntos?2017,5663, HTTP/1.1" 200 8820
186.103.159.187 - - [21/Mar/2017:11:13:56 -0300] "POST /cormun/servlet/solicitudot?84708b113d2de6a4d2ceae44e09d6d1a,INS,0,0,,gx-no-cache=1490109299009 HTTP/1.1" 200 93
186.103.159.187 - - [21/Mar/2017:11:13:56 -0300] "GET /cormun/servlet/hpexe_return? HTTP/1.1" 200 1004
186.103.159.187 - - [21/Mar/2017:11:13:56 -0300] "GET /cormun/servlet/trsolicitudot HTTP/1.1" 200 7954
186.103.159.187 - - [21/Mar/2017:11:13:57 -0300] "GET /cormun/servlet/trsolicitudot HTTP/1.1" 200 7950
186.103.159.187 - - [21/Mar/2017:11:14:02 -0300] "GET /cormun/servlet/solicitudot?INS,0,0, HTTP/1.1" 200 12544
186.103.159.187 - - [21/Mar/2017:11:14:03 -0300] "GET /cormun/servlet/solicitudot?INS,0,0, HTTP/1.1" 200 12549
186.79.211.64 - - [21/Mar/2017:11:14:25 -0300] "GET /cormun/servlet/hlogin HTTP/1.1" 200 1718
186.103.159.187 - - [21/Mar/2017:11:14:32 -0300] "GET /cormun/servlet/prfichaempleado?,MD,,gxPopupLevel%3D0%3B HTTP/1.1" 200 8784
186.103.159.187 - - [21/Mar/2017:11:14:43 -0300] "POST /cormun/servlet/prfichaempleado?84708b113d2de6a4d2ceae44e09d6d1a,,MD,,gxPopupLevel%3D0%3B,gx-no-cache=1490109346745 HTTP/1.1" 200 3458
186.103.159.187 - - [21/Mar/2017:11:14:54 -0300] "POST /cormun/servlet/solicitudot?gx-no-cache=1490109357286 HTTP/1.1" 200 3182
186.79.211.64 - - [21/Mar/2017:11:14:54 -0300] "POST /cormun/servlet/hlogin?1980509f708fad337667c429709adb0f,gx-no-cache=1490105760709 HTTP/1.1" 200 422
186.103.159.187 - - [21/Mar/2017:11:14:54 -0300] "POST /cormun/servlet/solicitudot?84708b113d2de6a4d2ceae44e09d6d1a,INS,0,0,,gx-no-cache=1490109357470 HTTP/1.1" 200 9781
186.103.159.187 - - [21/Mar/2017:11:15:01 -0300] "GET /cormun/servlet/solicitudot?915dbd7a8162bc5670e22cf4c0e9f18bda70671ecb7fcd719928df79d000e764192834185137bcb8d5fd718a2b0d21c3,gx-no-cache=1490109364411 HTTP/1.1" 200 30
186.103.159.187 - - [21/Mar/2017:11:15:01 -0300] "POST /cormun/servlet/solicitudot?gx-no-cache=1490109364820 HTTP/1.1" 200 255
186.103.159.187 - - [21/Mar/2017:11:15:02 -0300] "GET /cormun/servlet/solicitudot?915dbd7a8162bc5670e22cf4c0e9f18b707e385c44264d446ecb8770812d9cb766d25fa8a58bf18fd9eac669879d5bf3e3054d0d8d045e237aafb2decad5eccb4617b0a7786ff9789821e8de92cb41a896375a4b0847ab363c5fd045d264fce8c2dff785a6deb6058454ca46b4276cd0dbb4aa4d7dc93a58f67dc468d47c9e01324faaaf867e790535fe1bb1444cd395856270e3436bf242023461c38cb54c5205b0706dd397b671a5d70308d22eadcb7eeb43fff5682501b5645c4213890ad37546c816a3a3f67a365882d679579ea5c5e078e27a3707e0da9c22e686d582bb787f5e6db9ef1cac43e29707ca2b9579596df187325d3340563ea5b79fdef62d61b213d796dd83ac5eb04dbdcecdada09259cc6efcf5e33611c226365f7f88a3cb75ec47f96d25cabde290c887f993c504ffebd37aa9c19151a6efa66113b71316ec2060191c94c90f46e92ae87f21ef59b82f28cd2dabc0da0c5b2279204b85867536e630972d3f39e67740cf559d8f2043b220826dc9381718692625b2c170,gx-no-cache=1490109364907 HTTP/1.1" 200 30
186.79.211.64 - - [21/Mar/2017:11:15:04 -0300] "POST /cormun/servlet/hlogin?1980509f708fad337667c429709adb0f,gx-no-cache=1490105770396 HTTP/1.1" 200 90
186.79.211.64 - - [21/Mar/2017:11:15:04 -0300] "GET /cormun/servlet/hpexe_link HTTP/1.1" 200 948
186.79.211.64 - - [21/Mar/2017:11:15:04 -0300] "GET /cormun/servlet/hhome HTTP/1.1" 200 3915
186.79.211.64 - - [21/Mar/2017:11:15:06 -0300] "GET /cormun/servlet/hhome HTTP/1.1" 200 3911
186.103.159.187 - - [21/Mar/2017:11:15:08 -0300] "POST /cormun/servlet/solicitudot?gx-no-cache=1490109371451 HTTP/1.1" 200 30
186.103.159.187 - - [21/Mar/2017:11:15:09 -0300] "GET /cormun/servlet/prcontratosol?17505935,,,,,MD,,gxPopupLevel%3D0%3B HTTP/1.1" 200 5882
186.79.211.64 - - [21/Mar/2017:11:15:11 -0300] "GET /cormun/servlet/trautorizarsolicitud? HTTP/1.1" 200 8124
186.79.211.64 - - [21/Mar/2017:11:15:11 -0300] "GET /cormun/static/gxcfg.js?2017259112829 HTTP/1.1" 200 953
186.79.211.64 - - [21/Mar/2017:11:15:11 -0300] "GET /cormun/static/trautorizarsolicitud.js?2017259113483 HTTP/1.1" 200 53096
186.79.211.64 - - [21/Mar/2017:11:15:12 -0300] "GET /cormun/servlet/trautorizarsolicitud? HTTP/1.1" 200 8122
186.103.159.187 - - [21/Mar/2017:11:15:14 -0300] "POST /cormun/servlet/solicitudot?gx-no-cache=1490109377249 HTTP/1.1" 200 1373
186.103.159.187 - - [21/Mar/2017:11:15:14 -0300] "GET /cormun/static/Shared/jqueryui/images/ui-bg_highlight-soft_100_c6c2c8_1x100.png HTTP/1.1" 404 1117
186.103.159.187 - - [21/Mar/2017:11:15:14 -0300] "POST /cormun/servlet/solicitudot?gx-no-cache=1490109377365 HTTP/1.1" 200 117
186.103.159.187 - - [21/Mar/2017:11:15:14 -0300] "GET /cormun/static/Shared/jqueryui/images/ui-icons_ebccce_256x240.png HTTP/1.1" 404 1089
186.103.159.187 - - [21/Mar/2017:11:15:14 -0300] "GET /cormun/static/Shared/jqueryui/images/ui-icons_82798d_256x240.png HTTP/1.1" 404 1089
186.103.159.187 - - [21/Mar/2017:11:15:14 -0300] "GET /cormun/static/Shared/jqueryui/images/ui-bg_flat_55_994d53_40x100.png HTTP/1.1" 404 1097
186.103.159.187 - - [21/Mar/2017:11:15:14 -0300] "GET /cormun/servlet/solicitudot?915dbd7a8162bc5670e22cf4c0e9f18bbad086162ca7cbcc95671f8bd885155a71cf8b8181694a8ff390211af27cc5782af3ab2cb81a5c72b0113f54ba4076b81dce680fe8d41f42cc13be16e9a8bff4916f326bf9e0a3d2ed6c5aeefab9283fb15a36ed91d9325fadd29fd18776d267e08b2b69bef8a79d638a2a4cbfb6c4c58642e7bfc75af00e00dd6bcd05f2565ec867764bc23f95440efac9599443c6e9,gx-no-cache=1490109377446 HTTP/1.1" 200 29
186.103.159.187 - - [21/Mar/2017:11:15:14 -0300] "GET /cormun/servlet/solicitudot?915dbd7a8162bc5670e22cf4c0e9f18b501c0029e228d2b53d42b0c36d525c807861e9ef7f9558f4a365d11b706300427e2fbf603c0a077736bc4c481f74e5d9e1ba262155eaedb11ccfe2e0f432d94a4d805fd23a918935558f17a486073003ef30970ccab15cb3c72336328d3b2b82a67edf33349ad25d42d3fd8b138f7f70b523241bd2629c3e1e68f4efa8b790f69b0d8389154bcb5aa70b632b95f59bbf,gx-no-cache=1490109377498 HTTP/1.1" 200 57
186.103.159.187 - - [21/Mar/2017:11:15:14 -0300] "GET /cormun/servlet/solicitudot?915dbd7a8162bc5670e22cf4c0e9f18b172073927a94eb3db02f95b428e285597861e9ef7f9558f4a365d11b706300427e2fbf603c0a077736bc4c481f74e5d9c7f049679424d3f96256ccfafc2ce066ccc66952dc71c25692303b1fd564844bcb5e85d9fd633f8e6d4bc4ecec1bbfd810878866d7be5a212890890feefc69a5,gx-no-cache=1490109377537 HTTP/1.1" 200 57
186.79.211.64 - - [21/Mar/2017:11:15:19 -0300] "POST /cormun/servlet/trautorizarsolicitud?1980509f708fad337667c429709adb0f,,gx-no-cache=1490105785221 HTTP/1.1" 200 4315
186.79.211.64 - - [21/Mar/2017:11:15:19 -0300] "GET /cormun/static/Shared/jqueryui/images/ui-bg_highlight-soft_100_c6c2c8_1x100.png HTTP/1.1" 404 1117
186.79.211.64 - - [21/Mar/2017:11:15:19 -0300] "GET /cormun/static/Shared/jqueryui/images/ui-icons_82798d_256x240.png HTTP/1.1" 404 1089
186.79.211.64 - - [21/Mar/2017:11:15:19 -0300] "GET /cormun/static/Shared/jqueryui/images/ui-bg_flat_55_fafafa_40x100.png HTTP/1.1" 404 1097
186.79.211.64 - - [21/Mar/2017:11:15:19 -0300] "GET /cormun/static/Shared/jqueryui/images/ui-icons_8d78a5_256x240.png HTTP/1.1" 404 1089
186.79.211.64 - - [21/Mar/2017:11:15:19 -0300] "POST /cormun/servlet/trautorizarsolicitud?1980509f708fad337667c429709adb0f,,gx-no-cache=1490105785850 HTTP/1.1" 200 4085
192.168.10.89 - - [21/Mar/2017:11:15:27 -0300] "POST /cormun/servlet/trsolicitudgral?fa4280126941856885fa8fed30de3b7f,,gx-no-cache=1490109007836 HTTP/1.1" 200 5393
192.168.10.89 - - [21/Mar/2017:11:15:31 -0300] "POST /cormun/servlet/trsolicitudgral?fa4280126941856885fa8fed30de3b7f,,gx-no-cache=1490109012011 HTTP/1.1" 200 5393
186.79.211.64 - - [21/Mar/2017:11:15:33 -0300] "GET /cormun/servlet/hlogin HTTP/1.1" 200 1718
186.103.159.187 - - [21/Mar/2017:11:15:34 -0300] "POST /cormun/servlet/solicitudot?gx-no-cache=1490109396687 HTTP/1.1" 200 1291
186.103.159.187 - - [21/Mar/2017:11:15:34 -0300] "GET /cormun/static/menuarrow.gif HTTP/1.1" 404 1015
192.168.10.89 - - [21/Mar/2017:11:15:35 -0300] "POST /cormun/servlet/trsolicitudgral?fa4280126941856885fa8fed30de3b7f,,gx-no-cache=1490109015624 HTTP/1.1" 200 5395
186.103.159.187 - - [21/Mar/2017:11:15:45 -0300] "POST /cormun/servlet/solicitudot?gx-no-cache=1490109408703 HTTP/1.1" 200 122
192.168.10.89 - - [21/Mar/2017:11:15:51 -0300] "POST /cormun/servlet/trsolicitudgral?fa4280126941856885fa8fed30de3b7f,,gx-no-cache=1490109031644 HTTP/1.1" 200 5393
186.79.211.64 - - [21/Mar/2017:11:15:51 -0300] "POST /cormun/servlet/hlogin?1980509f708fad337667c429709adb0f,gx-no-cache=1490105818086 HTTP/1.1" 200 90
186.79.211.64 - - [21/Mar/2017:11:15:52 -0300] "GET /cormun/servlet/hpexe_link HTTP/1.1" 200 948
186.103.159.187 - - [21/Mar/2017:11:15:52 -0300] "POST /cormun/servlet/solicitudot?gx-no-cache=1490109415054 HTTP/1.1" 200 1274
186.79.211.64 - - [21/Mar/2017:11:15:52 -0300] "GET /cormun/servlet/hhome HTTP/1.1" 200 3740
186.103.159.187 - - [21/Mar/2017:11:15:52 -0300] "POST /cormun/servlet/solicitudot?gx-no-cache=1490109415159 HTTP/1.1" 200 1157
186.79.211.64 - - [21/Mar/2017:11:15:54 -0300] "GET /cormun/servlet/hhome HTTP/1.1" 200 3736
186.103.159.187 - - [21/Mar/2017:11:15:57 -0300] "POST /cormun/servlet/solicitudot?gx-no-cache=1490109420465 HTTP/1.1" 200 1274
186.103.159.187 - - [21/Mar/2017:11:15:57 -0300] "POST /cormun/servlet/solicitudot?gx-no-cache=1490109420560 HTTP/1.1" 200 1157
186.79.211.64 - - [21/Mar/2017:11:15:58 -0300] "GET /cormun/servlet/trsolicitudot? HTTP/1.1" 200 8434
186.79.211.64 - - [21/Mar/2017:11:15:59 -0300] "GET /cormun/servlet/trsolicitudot? HTTP/1.1" 200 8432
186.103.159.187 - - [21/Mar/2017:11:16:04 -0300] "GET /cormun/servlet/solicitudot?915dbd7a8162bc5670e22cf4c0e9f18b7374b5285dc2376c3565c3ed6a189f50751f7d2af48de548cff8fa3f32d64e13b9ce60888047f92320b98e483b7573273cfc8e8f6845be98a3009a4b2f0c6773b523241bd2629c3e1e68f4efa8b790f67fc031144823507637a2f31205ca18be0d05bbe980d2a5754bf6d9b51d5aa76f49a575b36bc9e428a5bfaaf539721c4f8f7ffc7144abca0080a03abfb95f65b4ff672ffdf0700cfcd504cec834cf86377b7295a32c16194284432444f7908b36,gx-no-cache=1490109427829 HTTP/1.1" 200 30
186.79.211.64 - - [21/Mar/2017:11:16:13 -0300] "POST /cormun/servlet/trsolicitudot?1980509f708fad337667c429709adb0f,,gx-no-cache=1490105839807 HTTP/1.1" 200 5301
186.79.211.64 - - [21/Mar/2017:11:16:14 -0300] "GET /cormun/static/Shared/jqueryui/images/ui-bg_highlight-soft_100_c6c2c8_1x100.png HTTP/1.1" 404 1117
186.79.211.64 - - [21/Mar/2017:11:16:14 -0300] "GET /cormun/static/Shared/jqueryui/images/ui-icons_82798d_256x240.png HTTP/1.1" 404 1089
186.79.211.64 - - [21/Mar/2017:11:16:14 -0300] "GET /cormun/static/Shared/jqueryui/images/ui-bg_flat_55_fafafa_40x100.png HTTP/1.1" 404 1097
186.79.211.64 - - [21/Mar/2017:11:16:14 -0300] "GET /cormun/static/Shared/jqueryui/images/ui-icons_8d78a5_256x240.png HTTP/1.1" 404 1089
186.79.211.64 - - [21/Mar/2017:11:16:14 -0300] "POST /cormun/servlet/trsolicitudot?1980509f708fad337667c429709adb0f,,gx-no-cache=1490105840527 HTTP/1.1" 200 5242
186.103.159.187 - - [21/Mar/2017:11:16:21 -0300] "POST /cormun/servlet/solicitudot?84708b113d2de6a4d2ceae44e09d6d1a,INS,0,0,,gx-no-cache=1490109444578 HTTP/1.1" 200 11164
186.103.159.187 - - [21/Mar/2017:11:16:28 -0300] "POST /cormun/servlet/solicitudot?84708b113d2de6a4d2ceae44e09d6d1a,INS,0,0,,gx-no-cache=1490109451382 HTTP/1.1" 200 11210
186.79.211.64 - - [21/Mar/2017:11:16:34 -0300] "GET /cormun/servlet/solicitudot?INS,0,0, HTTP/1.1" 200 12531
186.79.211.64 - - [21/Mar/2017:11:16:36 -0300] "GET /cormun/servlet/solicitudot?INS,0,0, HTTP/1.1" 200 12536
186.103.159.187 - - [21/Mar/2017:11:16:54 -0300] "POST /cormun/servlet/solicitudot?gx-no-cache=1490109477010 HTTP/1.1" 200 122
186.103.159.187 - - [21/Mar/2017:11:16:54 -0300] "POST /cormun/servlet/solicitudot?gx-no-cache=1490109477108 HTTP/1.1" 200 1274
186.103.159.187 - - [21/Mar/2017:11:16:54 -0300] "POST /cormun/servlet/solicitudot?gx-no-cache=1490109477201 HTTP/1.1" 200 1157
186.103.159.187 - - [21/Mar/2017:11:16:54 -0300] "GET /cormun/servlet/solicitudot?915dbd7a8162bc5670e22cf4c0e9f18b7374b5285dc2376c3565c3ed6a189f50751f7d2af48de548cff8fa3f32d64e13d5c06a6e0d8c9606e2ac489237c1a9f83cfc8e8f6845be98a3009a4b2f0c6773b523241bd2629c3e1e68f4efa8b790f67fc031144823507637a2f31205ca18be0d05bbe980d2a5754bf6d9b51d5aa76f49a575b36bc9e428a5bfaaf539721c4f8f7ffc7144abca0080a03abfb95f65b4ff672ffdf0700cfcd504cec834cf8637f01f13fc3f8e4f1b43a66346f2eed0de,gx-no-cache=1490109477274 HTTP/1.1" 200 32
186.103.159.187 - - [21/Mar/2017:11:16:54 -0300] "POST /cormun/servlet/solicitudot?84708b113d2de6a4d2ceae44e09d6d1a,INS,0,0,,gx-no-cache=1490109477330 HTTP/1.1" 200 11266
186.79.211.64 - - [21/Mar/2017:11:17:05 -0300] "POST /cormun/servlet/solicitudot?gx-no-cache=1490105890920 HTTP/1.1" 200 3192
186.79.211.64 - - [21/Mar/2017:11:17:05 -0300] "POST /cormun/servlet/solicitudot?1980509f708fad337667c429709adb0f,INS,0,0,,gx-no-cache=1490105891687 HTTP/1.1" 200 9747
186.79.211.64 - - [21/Mar/2017:11:17:09 -0300] "GET /cormun/servlet/solicitudot?714fd9467f1f01fbf1405b15c334001e48e20bab4f2ee295ef97551e4f13873dd5a0accc9729922298eb2f1adc0ac3de,gx-no-cache=1490105895465 HTTP/1.1" 200 30
186.79.211.64 - - [21/Mar/2017:11:17:09 -0300] "POST /cormun/servlet/solicitudot?gx-no-cache=1490105895588 HTTP/1.1" 200 240
186.79.211.64 - - [21/Mar/2017:11:17:09 -0300] "GET /cormun/servlet/solicitudot?714fd9467f1f01fbf1405b15c334001ea4e413c6c6538f7783d9ed36c1d834373e68c15a2d56bc5fcea6e16cac8280724e92bb41f847e1bd50d22a2776d83352640587fdbe4d76881279812d447fef69f63f68085b55700f23a5037aeaaadd31cf2836bf5f2a8db74d7fd5e0d207d44d6f41d785553ae747756177655df1d8d1782a0a43df3ec312a04a6a2844dbe6c2a17df233350b788f140fba2b413e016485dbf282591ffc6be7519e6dadf437a60cb86cf9125a6f793b3405fc8e7c96bc0255657c16b1c024fe7c5d147b9c8ad213d95b0f6064d1a9d6f8b144132e5ace2bd9c786089d8a83728bb65fea1dedc9e90765e660dd0dec67d7dfe27e400c8952d3c2fa06452961cffaf21f6acb90b730a60b015d1bfb0ec7d4d227c402a10b56719cedd72a6ba9a8eb5a140c42b2a189380816fbfbce2609633cfe36c22ab49ebeb7533ebb3c1f449b326f4a73943a38931a443abf6c76a098b382d7294353b88f2a831b1371d97a82123baa00b16781db2f43dafb4931e68932ba55e3ae3e,gx-no-cache=1490105895723 HTTP/1.1" 200 30
186.79.211.64 - - [21/Mar/2017:11:17:20 -0300] "POST /cormun/servlet/solicitudot?gx-no-cache=1490105906513 HTTP/1.1" 200 30
186.79.211.64 - - [21/Mar/2017:11:17:44 -0300] "GET /cormun/servlet/prfichaempleado?,MD,,gxPopupLevel%3D0%3B HTTP/1.1" 200 8789
186.79.211.64 - - [21/Mar/2017:11:17:44 -0300] "GET /cormun/static/gxcfg.js?2016102420561687 HTTP/1.1" 200 953
186.79.211.64 - - [21/Mar/2017:11:17:44 -0300] "GET /cormun/static/hmpwkw011.js?201731711483558 HTTP/1.1" 200 1968
