186.103.159.188 - - [21/Mar/2017:13:09:39 -0300] "GET /cormun/servlet/hhome HTTP/1.1" 200 3781
186.103.159.188 - - [21/Mar/2017:13:09:39 -0300] "GET /cormun/servlet/hhome HTTP/1.1" 200 3770
192.168.10.96 - - [21/Mar/2017:13:09:41 -0300] "GET /cormun/servlet/trconsultaempleado? HTTP/1.1" 200 6586
192.168.10.96 - - [21/Mar/2017:13:09:42 -0300] "GET /cormun/servlet/trconsultaempleado? HTTP/1.1" 200 6568
186.103.159.188 - - [21/Mar/2017:13:09:44 -0300] "GET /cormun/servlet/trpermisosgoce? HTTP/1.1" 200 6537
186.103.159.188 - - [21/Mar/2017:13:09:44 -0300] "GET /cormun/servlet/trpermisosgoce? HTTP/1.1" 200 6536
192.168.10.89 - - [21/Mar/2017:13:09:45 -0300] "POST /cormun/servlet/trsolicitudgral?fa4280126941856885fa8fed30de3b7f,,gx-no-cache=1490115865660 HTTP/1.1" 200 6672
192.168.10.96 - - [21/Mar/2017:13:09:48 -0300] "POST /cormun/servlet/trconsultaempleado?e31e8f76276b469b93ffc19b6c4386a8,,gx-no-cache=1490115869365 HTTP/1.1" 200 4356
192.168.10.96 - - [21/Mar/2017:13:09:50 -0300] "GET /cormun/servlet/trsolicitudnombre?18689076, HTTP/1.1" 200 7223
192.168.10.96 - - [21/Mar/2017:13:09:51 -0300] "GET /cormun/servlet/trsolicitudnombre?18689076, HTTP/1.1" 200 7223
186.103.159.188 - - [21/Mar/2017:13:09:53 -0300] "GET /cormun/servlet/permisogoce?INS,0,,, HTTP/1.1" 200 6529
192.168.10.96 - - [21/Mar/2017:13:09:53 -0300] "GET /cormun/servlet/vesolicitudnombre?2017,5201,, HTTP/1.1" 200 8399
192.168.10.96 - - [21/Mar/2017:13:09:53 -0300] "GET /cormun/pexe_scrolldiv.js HTTP/1.1" 404 1009
186.103.159.188 - - [21/Mar/2017:13:09:53 -0300] "GET /cormun/servlet/permisogoce?INS,0,,, HTTP/1.1" 200 6529
192.168.10.96 - - [21/Mar/2017:13:09:53 -0300] "GET /cormun/pexe_scrolldiv.js HTTP/1.1" 404 1009
192.168.10.96 - - [21/Mar/2017:13:09:53 -0300] "GET /cormun/servlet/vesolicitudnombre?2017,5201,, HTTP/1.1" 200 8393
192.168.10.96 - - [21/Mar/2017:13:09:57 -0300] "GET /cormun/servlet/vesolicitudnombre?2017,5201,,SolicitudOTAdjuntos HTTP/1.1" 200 10229
192.168.10.96 - - [21/Mar/2017:13:09:57 -0300] "GET /cormun/pexe_scrolldiv.js HTTP/1.1" 404 1009
192.168.10.96 - - [21/Mar/2017:13:09:57 -0300] "GET /cormun/pexe_scrolldiv.js HTTP/1.1" 404 1009
186.67.84.234 - - [21/Mar/2017:13:09:57 -0300] "POST /cormun/servlet/licenciaspermisosadjuntos?bdd836e262676fce66d0698246bbfb4b,INS,11171677,L,20170321000000,, HTTP/1.1" 200 116
186.67.84.234 - - [21/Mar/2017:13:09:58 -0300] "GET /cormun/servlet/hpexe_return? HTTP/1.1" 200 1031
192.168.10.96 - - [21/Mar/2017:13:09:58 -0300] "GET /cormun/servlet/vesolicitudnombre?2017,5201,,SolicitudOTAdjuntos HTTP/1.1" 200 10232
186.67.84.234 - - [21/Mar/2017:13:09:58 -0300] "GET /cormun/servlet/trlicenciaspermisosadjuntos?11171677,20170321000000,L, HTTP/1.1" 200 6764
192.168.10.96 - - [21/Mar/2017:13:09:58 -0300] "POST /cormun/servlet/acontrolpreferencessavestate?None,DZAMUDIO,true HTTP/1.1" 200 35
186.67.84.234 - - [21/Mar/2017:13:09:58 -0300] "GET /cormun/servlet/trlicenciaspermisosadjuntos?11171677,20170321000000,L, HTTP/1.1" 200 6762
192.168.10.96 - - [21/Mar/2017:13:10:01 -0300] "GET /cormun/PublicTempStorage/carnet602419.jpg HTTP/1.1" 200 193395
192.168.10.96 - - [21/Mar/2017:13:10:06 -0300] "GET /cormun/servlet/vesolicitudnombre?2017,5201,,SolicitudOTAdjuntos HTTP/1.1" 200 10233
186.67.84.234 - - [21/Mar/2017:13:10:07 -0300] "GET /cormun/servlet/trlicencias? HTTP/1.1" 200 8015
192.168.10.96 - - [21/Mar/2017:13:10:07 -0300] "GET /cormun/servlet/vesolicitudnombre?2017,5201,,SolicitudOTAdjuntos HTTP/1.1" 200 10234
186.67.84.234 - - [21/Mar/2017:13:10:07 -0300] "GET /cormun/servlet/trlicencias? HTTP/1.1" 200 8015
192.168.10.96 - - [21/Mar/2017:13:10:08 -0300] "POST /cormun/servlet/acontrolpreferencessavestate?None,DZAMUDIO,true HTTP/1.1" 200 35
192.168.10.89 - - [21/Mar/2017:13:10:08 -0300] "POST /cormun/servlet/trsolicitudgral?fa4280126941856885fa8fed30de3b7f,,gx-no-cache=1490115888986 HTTP/1.1" 200 6970
192.168.10.96 - - [21/Mar/2017:13:10:08 -0300] "GET /cormun/PublicTempStorage/licencia_jacqueline1984668.pdf HTTP/1.1" 200 60134
186.67.84.234 - - [21/Mar/2017:13:10:14 -0300] "POST /cormun/servlet/trlicencias?bdd836e262676fce66d0698246bbfb4b,,gx-no-cache=1490112680999 HTTP/1.1" 200 4273
186.67.84.234 - - [21/Mar/2017:13:10:14 -0300] "GET /cormun/static/Shared/jqueryui/images/ui-bg_highlight-soft_100_c6c2c8_1x100.png HTTP/1.1" 404 1117
186.67.84.234 - - [21/Mar/2017:13:10:14 -0300] "GET /cormun/static/Shared/jqueryui/images/ui-icons_82798d_256x240.png HTTP/1.1" 404 1089
186.67.84.234 - - [21/Mar/2017:13:10:14 -0300] "GET /cormun/static/Shared/jqueryui/images/ui-bg_flat_55_fafafa_40x100.png HTTP/1.1" 404 1097
186.67.84.234 - - [21/Mar/2017:13:10:14 -0300] "GET /cormun/static/Shared/jqueryui/images/ui-icons_8d78a5_256x240.png HTTP/1.1" 404 1089
190.101.9.138 - - [21/Mar/2017:13:10:22 -0300] "GET /cormun/servlet/prfichaempleado?,MD,,gxPopupLevel%3D0%3B HTTP/1.1" 200 8822
190.101.9.138 - - [21/Mar/2017:13:10:31 -0300] "POST /cormun/servlet/prfichaempleado?efab046a60640bb4a2a7c69f0ac57d76,,MD,,gxPopupLevel%3D0%3B,gx-no-cache=1490112699051 HTTP/1.1" 200 3400
192.168.10.96 - - [21/Mar/2017:13:10:51 -0300] "GET /cormun/servlet/vesolicitudnombre?2017,5201,,SolicitudOTAdjuntos HTTP/1.1" 200 10232
192.168.10.96 - - [21/Mar/2017:13:10:52 -0300] "GET /cormun/servlet/vesolicitudnombre?2017,5201,,SolicitudOTAdjuntos HTTP/1.1" 200 10237
192.168.10.96 - - [21/Mar/2017:13:10:52 -0300] "POST /cormun/servlet/acontrolpreferencessavestate?None,DZAMUDIO,true HTTP/1.1" 200 35
192.168.10.96 - - [21/Mar/2017:13:10:54 -0300] "GET /cormun/PublicTempStorage/afp6023396.jpg HTTP/1.1" 200 252766
190.101.9.138 - - [21/Mar/2017:13:10:54 -0300] "GET /cormun/servlet/prfichaempleado?,MD,,gxPopupLevel%3D0%3B HTTP/1.1" 200 8822
192.168.10.89 - - [21/Mar/2017:13:10:57 -0300] "POST /cormun/servlet/trsolicitudgral?fa4280126941856885fa8fed30de3b7f,,gx-no-cache=1490115938171 HTTP/1.1" 200 5398
192.168.10.96 - - [21/Mar/2017:13:11:02 -0300] "GET /cormun/servlet/vesolicitudnombre?2017,5201,,SolicitudOTAdjuntos HTTP/1.1" 200 10232
192.168.10.96 - - [21/Mar/2017:13:11:03 -0300] "GET /cormun/servlet/vesolicitudnombre?2017,5201,,SolicitudOTAdjuntos HTTP/1.1" 200 10234
192.168.10.96 - - [21/Mar/2017:13:11:04 -0300] "POST /cormun/servlet/acontrolpreferencessavestate?None,DZAMUDIO,true HTTP/1.1" 200 35
190.101.9.138 - - [21/Mar/2017:13:11:05 -0300] "POST /cormun/servlet/prfichaempleado?efab046a60640bb4a2a7c69f0ac57d76,,MD,,gxPopupLevel%3D0%3B,gx-no-cache=1490112731874 HTTP/1.1" 200 3400
192.168.10.96 - - [21/Mar/2017:13:11:06 -0300] "GET /cormun/PublicTempStorage/fonasa4726731.jpg HTTP/1.1" 200 239970
190.101.9.138 - - [21/Mar/2017:13:11:09 -0300] "GET /cormun/servlet/permisogoce?009840cd2c7000eb40c1da6ad8260e4069affc6653203aed7062eeabb1460fcdd1a5a84cabcf001567e788ab44aa82e5,gx-no-cache=1490112737443 HTTP/1.1" 200 70
192.168.10.96 - - [21/Mar/2017:13:11:11 -0300] "GET /cormun/servlet/vesolicitudnombre?2017,5201,,SolicitudOTAdjuntos HTTP/1.1" 200 10233
192.168.10.96 - - [21/Mar/2017:13:11:11 -0300] "GET /cormun/servlet/vesolicitudnombre?2017,5201,,SolicitudOTAdjuntos HTTP/1.1" 200 10231
192.168.10.96 - - [21/Mar/2017:13:11:12 -0300] "POST /cormun/servlet/acontrolpreferencessavestate?None,DZAMUDIO,true HTTP/1.1" 200 35
192.168.10.96 - - [21/Mar/2017:13:11:13 -0300] "GET /cormun/PublicTempStorage/antecedentes9291488.jpg HTTP/1.1" 200 334851
192.168.10.96 - - [21/Mar/2017:13:11:19 -0300] "GET /cormun/servlet/vesolicitudnombre?2017,5201,,SolicitudOTAdjuntos HTTP/1.1" 200 10230
192.168.10.96 - - [21/Mar/2017:13:11:19 -0300] "GET /cormun/servlet/vesolicitudnombre?2017,5201,,SolicitudOTAdjuntos HTTP/1.1" 200 10231
192.168.10.96 - - [21/Mar/2017:13:11:20 -0300] "POST /cormun/servlet/acontrolpreferencessavestate?None,DZAMUDIO,true HTTP/1.1" 200 35
192.168.10.96 - - [21/Mar/2017:13:11:21 -0300] "GET /cormun/PublicTempStorage/curriculum9019068.docx HTTP/1.1" 200 963890
186.103.159.188 - - [21/Mar/2017:13:11:52 -0300] "GET /cormun/servlet/permisogoce?009840cd2c7000eb40c1da6ad8260e40e58aafbc6c40525e79e2c2c920d03184491445bf1285b6008b8a48f4c0395564eadb80f3c3d1798283002bcdc3b72c08,gx-no-cache=1490112779806 HTTP/1.1" 200 129
186.103.159.188 - - [21/Mar/2017:13:11:52 -0300] "GET /cormun/static/Shared/jqueryui/images/ui-bg_highlight-soft_100_c6c2c8_1x100.png HTTP/1.1" 404 1117
186.103.159.188 - - [21/Mar/2017:13:11:52 -0300] "GET /cormun/static/Shared/jqueryui/images/ui-icons_82798d_256x240.png HTTP/1.1" 404 1089
186.103.159.188 - - [21/Mar/2017:13:11:52 -0300] "GET /cormun/static/Shared/jqueryui/images/ui-bg_flat_55_994d53_40x100.png HTTP/1.1" 404 1097
190.101.9.138 - - [21/Mar/2017:13:11:52 -0300] "GET /cormun/static/Shared/jqueryui/images/ui-icons_ebccce_256x240.png HTTP/1.1" 404 1089
186.103.159.188 - - [21/Mar/2017:13:12:32 -0300] "GET /cormun/servlet/permisogoce?009840cd2c7000eb40c1da6ad8260e40e58aafbc6c40525e79e2c2c920d03184491445bf1285b6008b8a48f4c03955642c07be988589fed9166b7aab8d5e89c6,gx-no-cache=1490112819963 HTTP/1.1" 200 47
192.168.10.89 - - [21/Mar/2017:13:13:16 -0300] "POST /cormun/servlet/trsolicitudgral?fa4280126941856885fa8fed30de3b7f,,gx-no-cache=1490116077168 HTTP/1.1" 200 5396
192.168.10.89 - - [21/Mar/2017:13:13:22 -0300] "POST /cormun/servlet/trsolicitudgral?fa4280126941856885fa8fed30de3b7f,,gx-no-cache=1490116082801 HTTP/1.1" 200 5399
190.101.9.138 - - [21/Mar/2017:13:13:24 -0300] "GET /cormun/servlet/puconsultapgoce?12365931,MD,gxPopupLevel%3D0%3B HTTP/1.1" 200 3769
190.101.9.138 - - [21/Mar/2017:13:13:24 -0300] "GET /cormun/static/calendar-system.css?85620 HTTP/1.1" 200 5572
190.101.9.138 - - [21/Mar/2017:13:13:24 -0300] "GET /cormun/static/gxcfg.js?2016122619324821 HTTP/1.1" 200 953
186.103.159.188 - - [21/Mar/2017:13:13:24 -0300] "GET /cormun/static/Resources/Spanish/PXTools.css?18365030 HTTP/1.1" 200 89042
186.103.159.188 - - [21/Mar/2017:13:13:24 -0300] "GET /cormun/pexe_menus.js HTTP/1.1" 404 1001
186.103.159.188 - - [21/Mar/2017:13:13:24 -0300] "GET /cormun/pexe_link.js HTTP/1.1" 404 999
186.103.159.188 - - [21/Mar/2017:13:13:24 -0300] "GET /cormun/pexe_grid.js HTTP/1.1" 404 999
186.103.159.188 - - [21/Mar/2017:13:13:24 -0300] "GET /cormun/pexe_cookies.js HTTP/1.1" 404 1005
190.101.9.138 - - [21/Mar/2017:13:13:24 -0300] "GET /cormun/pexe_windows.js HTTP/1.1" 404 1005
186.103.159.188 - - [21/Mar/2017:13:13:24 -0300] "GET /cormun/pexe_griddivfix.js HTTP/1.1" 404 1011
186.103.159.188 - - [21/Mar/2017:13:13:24 -0300] "GET /cormun/pexe_treedivfix.js HTTP/1.1" 404 1011
186.103.159.188 - - [21/Mar/2017:13:13:24 -0300] "GET /cormun/pexe_picture.js HTTP/1.1" 404 1005
190.101.9.138 - - [21/Mar/2017:13:13:24 -0300] "GET /cormun/pexe_layers.js HTTP/1.1" 404 1003
186.103.159.188 - - [21/Mar/2017:13:13:24 -0300] "GET /cormun/pexe_menudivfix.js HTTP/1.1" 404 1011
186.103.159.188 - - [21/Mar/2017:13:13:24 -0300] "GET /cormun/pexe_tabdivfix.js HTTP/1.1" 404 1009
190.101.9.138 - - [21/Mar/2017:13:13:24 -0300] "GET /cormun/static/mpprompt.js?201731711513941 HTTP/1.1" 200 940
190.101.9.138 - - [21/Mar/2017:13:13:24 -0300] "GET /cormun/pexe_autoreload.js HTTP/1.1" 404 1011
186.103.159.188 - - [21/Mar/2017:13:13:24 -0300] "GET /cormun/static/puconsultapgoce.js?2016122619325082 HTTP/1.1" 200 22423
186.103.157.98 - - [21/Mar/2017:13:13:27 -0300] "GET /cormun/servlet/hpexe_return? HTTP/1.1" 200 983
186.103.157.98 - - [21/Mar/2017:13:13:27 -0300] "GET /cormun/servlet/hhome HTTP/1.1" 200 3305
186.103.159.188 - - [21/Mar/2017:13:13:28 -0300] "POST /cormun/servlet/puconsultapgoce?efab046a60640bb4a2a7c69f0ac57d76,12365931,MD,gxPopupLevel%3D0%3B,gx-no-cache=1490112875899 HTTP/1.1" 200 60
186.103.157.98 - - [21/Mar/2017:13:13:28 -0300] "GET /cormun/servlet/hhome HTTP/1.1" 200 3302
186.103.157.98 - - [21/Mar/2017:13:13:28 -0300] "GET /cormun/servlet/hlogin HTTP/1.1" 200 1734
186.103.157.98 - - [21/Mar/2017:13:13:29 -0300] "POST /cormun/servlet/hlogin?448affc49f7a8203f0f8af0ad3879477,gx-no-cache=1490112877836 HTTP/1.1" 200 90
186.103.157.98 - - [21/Mar/2017:13:13:29 -0300] "GET /cormun/servlet/hpexe_link HTTP/1.1" 200 951
186.103.157.98 - - [21/Mar/2017:13:13:29 -0300] "GET /cormun/servlet/hhome HTTP/1.1" 200 4004
186.103.157.98 - - [21/Mar/2017:13:13:30 -0300] "GET /cormun/servlet/hhome HTTP/1.1" 200 4002
186.103.159.188 - - [21/Mar/2017:13:13:31 -0300] "POST /cormun/servlet/permisogoce?efab046a60640bb4a2a7c69f0ac57d76,INS,0,,,,gx-no-cache=1490112878738 HTTP/1.1" 200 93
186.103.159.188 - - [21/Mar/2017:13:13:31 -0300] "GET /cormun/servlet/hpexe_return? HTTP/1.1" 200 1009
186.103.159.188 - - [21/Mar/2017:13:13:31 -0300] "GET /cormun/static/gxcfg.js?2016101716175148 HTTP/1.1" 200 953
190.101.9.138 - - [21/Mar/2017:13:13:31 -0300] "GET /cormun/static/hpexe_return.js?2016101716175153 HTTP/1.1" 200 1633
190.101.9.138 - - [21/Mar/2017:13:13:31 -0300] "GET /cormun/servlet/trpermisosgoce HTTP/1.1" 200 7360
190.101.9.138 - - [21/Mar/2017:13:13:31 -0300] "GET /cormun/servlet/trpermisosgoce HTTP/1.1" 200 7356
190.101.9.138 - - [21/Mar/2017:13:13:39 -0300] "GET /cormun/servlet/apermisogoceprn?12365931,P,20170321140811,PU HTTP/1.1" 200 1656
186.103.159.46 - - [21/Mar/2017:13:13:40 -0300] "GET /cormun/servlet/hhome HTTP/1.1" 200 3297
186.103.159.46 - - [21/Mar/2017:13:13:42 -0300] "GET /cormun/servlet/hhome HTTP/1.1" 200 3306
186.103.159.46 - - [21/Mar/2017:13:13:42 -0300] "GET /cormun/servlet/hlogin HTTP/1.1" 200 1737
186.103.157.98 - - [21/Mar/2017:13:13:42 -0300] "GET /cormun/servlet/trsolicitudot? HTTP/1.1" 200 8264
186.103.157.98 - - [21/Mar/2017:13:13:43 -0300] "GET /cormun/servlet/trsolicitudot? HTTP/1.1" 200 8263
186.103.157.98 - - [21/Mar/2017:13:13:47 -0300] "GET /cormun/servlet/hhome HTTP/1.1" 200 4004
186.103.157.98 - - [21/Mar/2017:13:13:47 -0300] "GET /cormun/servlet/hhome HTTP/1.1" 200 4002
186.103.159.46 - - [21/Mar/2017:13:13:58 -0300] "POST /cormun/servlet/hlogin?3cf55a8c8af672d1bd3411837251c412,gx-no-cache=1490116504451 HTTP/1.1" 200 90
186.103.159.46 - - [21/Mar/2017:13:13:58 -0300] "GET /cormun/servlet/hpexe_link HTTP/1.1" 200 954
186.103.159.46 - - [21/Mar/2017:13:13:58 -0300] "GET /cormun/servlet/hhome HTTP/1.1" 200 3778
186.103.159.46 - - [21/Mar/2017:13:13:59 -0300] "GET /cormun/servlet/hhome HTTP/1.1" 200 3775
186.103.159.46 - - [21/Mar/2017:13:14:05 -0300] "GET /cormun/servlet/trpermisosgoce? HTTP/1.1" 200 10517
186.103.159.46 - - [21/Mar/2017:13:14:06 -0300] "GET /cormun/servlet/trpermisosgoce? HTTP/1.1" 200 10513
192.168.10.89 - - [21/Mar/2017:13:15:39 -0300] "POST /cormun/servlet/trsolicitudgral?fa4280126941856885fa8fed30de3b7f,,gx-no-cache=1490116219666 HTTP/1.1" 200 5395
192.168.10.89 - - [21/Mar/2017:13:15:42 -0300] "POST /cormun/servlet/trsolicitudgral?fa4280126941856885fa8fed30de3b7f,,gx-no-cache=1490116223345 HTTP/1.1" 200 5398
192.168.10.89 - - [21/Mar/2017:13:15:56 -0300] "POST /cormun/servlet/trsolicitudgral?fa4280126941856885fa8fed30de3b7f,,gx-no-cache=1490116236628 HTTP/1.1" 200 5394
192.168.10.89 - - [21/Mar/2017:13:16:00 -0300] "POST /cormun/servlet/trsolicitudgral?fa4280126941856885fa8fed30de3b7f,,gx-no-cache=1490116240755 HTTP/1.1" 200 5396
186.67.172.234 - - [21/Mar/2017:13:18:05 -0300] "GET /cormun/servlet/trlicencias? HTTP/1.1" 200 7782
186.67.172.234 - - [21/Mar/2017:13:18:05 -0300] "GET /cormun/static/gxcfg.js?2016122619301429 HTTP/1.1" 200 953
186.103.159.188 - - [21/Mar/2017:13:18:05 -0300] "GET /cormun/servlet/trpermisosadjuntos?12365931,20170321140811,P, HTTP/1.1" 200 6085
186.103.159.188 - - [21/Mar/2017:13:18:05 -0300] "GET /cormun/static/gxcfg.js?201731711542659 HTTP/1.1" 200 953
186.103.159.188 - - [21/Mar/2017:13:18:05 -0300] "GET /cormun/static/trpermisosadjuntos.js?201731711542990 HTTP/1.1" 200 20045
186.103.159.188 - - [21/Mar/2017:13:18:06 -0300] "GET /cormun/servlet/trpermisosadjuntos?12365931,20170321140811,P, HTTP/1.1" 200 6085
186.67.172.234 - - [21/Mar/2017:13:18:06 -0300] "GET /cormun/static/trlicencias.js?2016122619301919 HTTP/1.1" 200 37913
186.67.172.234 - - [21/Mar/2017:13:18:07 -0300] "GET /cormun//static/Resources/PXToolsActionPrint.png HTTP/1.1" 200 3317
186.67.172.234 - - [21/Mar/2017:13:18:07 -0300] "GET /cormun//static/Resources/PXToolsHeaderHelp.png HTTP/1.1" 200 4055
186.67.172.234 - - [21/Mar/2017:13:18:07 -0300] "GET /cormun//static/Resources/PXToolsHeaderFavorites.png HTTP/1.1" 200 2744
186.67.172.234 - - [21/Mar/2017:13:18:07 -0300] "GET /cormun/servlet/hlogin HTTP/1.1" 200 1735
186.67.172.234 - - [21/Mar/2017:13:18:07 -0300] "GET /cormun/servlet/trlicencias? HTTP/1.1" 200 7775
186.67.172.234 - - [21/Mar/2017:13:18:08 -0300] "GET /cormun//static/Resources/PXToolsGridDisplay.png HTTP/1.1" 200 362
186.103.159.188 - - [21/Mar/2017:13:18:10 -0300] "GET /cormun/servlet/permisosadjuntos?INS,12365931,P,20170321140811,, HTTP/1.1" 200 5414
186.103.159.188 - - [21/Mar/2017:13:18:10 -0300] "GET /cormun/static/gxcfg.js?2016122813135788 HTTP/1.1" 200 953
186.103.159.188 - - [21/Mar/2017:13:18:10 -0300] "GET /cormun/static/about:blank HTTP/1.1" 404 1011
186.103.159.188 - - [21/Mar/2017:13:18:10 -0300] "GET /cormun/static/permisosadjuntos.js?2016122813135797 HTTP/1.1" 200 8721
186.103.159.188 - - [21/Mar/2017:13:18:10 -0300] "GET /cormun/servlet/permisosadjuntos?INS,12365931,P,20170321140811,, HTTP/1.1" 200 5405
186.67.172.234 - - [21/Mar/2017:13:18:23 -0300] "POST /cormun/servlet/hlogin?0c5390632f1c5fe574f77cda22c25d65,gx-no-cache=1490113170653 HTTP/1.1" 200 90
186.67.172.234 - - [21/Mar/2017:13:18:23 -0300] "GET /cormun/servlet/hpexe_link HTTP/1.1" 200 954
186.67.172.234 - - [21/Mar/2017:13:18:23 -0300] "GET /cormun/servlet/trlicencias HTTP/1.1" 200 8286
186.67.172.234 - - [21/Mar/2017:13:18:24 -0300] "GET /cormun//static/Resources/PXToolsGridDisplay.png HTTP/1.1" 200 362
186.67.172.234 - - [21/Mar/2017:13:18:24 -0300] "GET /cormun//static/Resources/PXToolsHeaderHelp.png HTTP/1.1" 206 1
186.67.172.234 - - [21/Mar/2017:13:18:24 -0300] "GET /cormun//static/Resources/PXToolsHeaderHelp.png HTTP/1.1" 206 83
186.67.172.234 - - [21/Mar/2017:13:18:24 -0300] "GET /cormun/servlet/trlicencias HTTP/1.1" 200 8284
186.103.159.188 - - [21/Mar/2017:13:18:27 -0300] "POST /cormun/servlet/permisosadjuntos?efab046a60640bb4a2a7c69f0ac57d76,INS,12365931,P,20170321140811,, HTTP/1.1" 200 116
186.103.159.188 - - [21/Mar/2017:13:18:27 -0300] "GET /cormun/servlet/hpexe_return? HTTP/1.1" 200 1036
186.103.159.188 - - [21/Mar/2017:13:18:27 -0300] "GET /cormun/servlet/trpermisosadjuntos?12365931,20170321140811,P, HTTP/1.1" 200 6551
186.103.159.188 - - [21/Mar/2017:13:18:27 -0300] "GET /cormun/servlet/trpermisosadjuntos?12365931,20170321140811,P, HTTP/1.1" 200 6548
186.103.159.188 - - [21/Mar/2017:13:18:32 -0300] "GET /cormun/servlet/hhome HTTP/1.1" 200 3798
186.103.159.188 - - [21/Mar/2017:13:18:33 -0300] "GET /cormun/servlet/hhome HTTP/1.1" 200 3770
186.103.159.188 - - [21/Mar/2017:13:18:36 -0300] "GET /cormun/servlet/trpermisosgoce? HTTP/1.1" 200 7356
186.103.159.188 - - [21/Mar/2017:13:18:36 -0300] "GET /cormun/servlet/trpermisosgoce? HTTP/1.1" 200 7356
186.67.172.234 - - [21/Mar/2017:13:18:38 -0300] "GET /cormun/servlet/licenciaspermisos?INS,0,,, HTTP/1.1" 200 7145
186.67.172.234 - - [21/Mar/2017:13:18:38 -0300] "GET /cormun/static/gxcfg.js?201731711384427 HTTP/1.1" 200 953
186.67.172.234 - - [21/Mar/2017:13:18:38 -0300] "GET /cormun/static/licenciaspermisos.js?201731711384498 HTTP/1.1" 200 33773
186.67.172.234 - - [21/Mar/2017:13:18:38 -0300] "GET /cormun/servlet/licenciaspermisos?INS,0,,, HTTP/1.1" 200 7144
186.103.159.188 - - [21/Mar/2017:13:18:46 -0300] "POST /cormun/servlet/trpermisosgoce?efab046a60640bb4a2a7c69f0ac57d76,,gx-no-cache=1490113194444 HTTP/1.1" 200 4659
186.67.172.234 - - [21/Mar/2017:13:18:52 -0300] "GET /cormun/servlet/prfichaempleado?,MD,,gxPopupLevel%3D0%3B HTTP/1.1" 200 8817
186.67.172.234 - - [21/Mar/2017:13:18:53 -0300] "GET /cormun/static/gxcfg.js?2016102420561687 HTTP/1.1" 304 -
186.67.172.234 - - [21/Mar/2017:13:18:53 -0300] "GET /cormun/static/prfichaempleado.js?201610242056198 HTTP/1.1" 304 -
186.67.172.234 - - [21/Mar/2017:13:18:53 -0300] "GET /cormun/static/menusearch.js?201610171694467 HTTP/1.1" 304 -
186.67.172.234 - - [21/Mar/2017:13:18:53 -0300] "GET /cormun/static/hmpwkw011.js?201731711483558 HTTP/1.1" 304 -
186.67.172.234 - - [21/Mar/2017:13:19:19 -0300] "POST /cormun/servlet/prfichaempleado?0c5390632f1c5fe574f77cda22c25d65,,MD,,gxPopupLevel%3D0%3B,gx-no-cache=1490113226142 HTTP/1.1" 200 3401
186.67.172.234 - - [21/Mar/2017:13:19:35 -0300] "GET /cormun/servlet/licenciaspermisos?895955e141f0c3531e12d9dd409e7008acc75f23baa9547463114226dd72e028a853d14e5b443ab476f7218c16fbbb63,gx-no-cache=1490113242701 HTTP/1.1" 200 62
186.67.172.234 - - [21/Mar/2017:13:19:35 -0300] "POST /cormun/servlet/licenciaspermisos?0c5390632f1c5fe574f77cda22c25d65,INS,0,,,,gx-no-cache=1490113242748 HTTP/1.1" 200 4417
186.67.172.234 - - [21/Mar/2017:13:20:15 -0300] "GET /cormun/static/menuarrow.gif HTTP/1.1" 404 1015
192.168.10.89 - - [21/Mar/2017:13:20:34 -0300] "POST /cormun/servlet/trsolicitudgral?fa4280126941856885fa8fed30de3b7f,,gx-no-cache=1490116514658 HTTP/1.1" 200 8524
190.101.9.138 - - [21/Mar/2017:13:21:58 -0300] "POST /cormun/servlet/trpermisosgoce?efab046a60640bb4a2a7c69f0ac57d76,,gx-no-cache=1490113385984 HTTP/1.1" 200 4660
186.103.159.46 - - [21/Mar/2017:13:22:27 -0300] "POST /cormun/servlet/trpermisosgoce?3cf55a8c8af672d1bd3411837251c412,,gx-no-cache=1490117013570 HTTP/1.1" 200 7839
186.103.159.46 - - [21/Mar/2017:13:22:31 -0300] "POST /cormun/servlet/trpermisosgoce?3cf55a8c8af672d1bd3411837251c412,,gx-no-cache=1490117017376 HTTP/1.1" 200 7845
186.103.159.46 - - [21/Mar/2017:13:22:36 -0300] "POST /cormun/servlet/trpermisosgoce?3cf55a8c8af672d1bd3411837251c412,,gx-no-cache=1490117022067 HTTP/1.1" 200 7847
186.103.159.46 - - [21/Mar/2017:13:22:38 -0300] "POST /cormun/servlet/trpermisosgoce?3cf55a8c8af672d1bd3411837251c412,,gx-no-cache=1490117024972 HTTP/1.1" 200 7847
186.67.172.234 - - [21/Mar/2017:13:22:50 -0300] "GET /cormun/servlet/licenciaspermisos?895955e141f0c3531e12d9dd409e7008b5d0060c33b8ee558b5c3bf744e6c1d4c9c79c184ca9861dc7b0d9682a79de135d61788751605e5796ee23baeff97f361522f56510f902c8b4a6689e510ae33d818bb6e2eb723a9d13ec23623d7f9e57d99808d5df885f04618fc6edf04f13d091270950fad65093bdd2bc365ff115ecc95a3e085d65a35b36a5f6fcd67e28fadf6772e6474b756867c6909061e2224b118bf3ae0743dca3b1998bc9d3760037,gx-no-cache=1490113437974 HTTP/1.1" 200 30
186.67.172.234 - - [21/Mar/2017:13:22:51 -0300] "GET /cormun/servlet/licenciaspermisos?895955e141f0c3531e12d9dd409e7008260f86b161df8a2d5bd7bcf9048ccd24815041b1c799a511d77a50a952049c05f84a56d21ecfb4a0e1556aaef16eb1bae48d066c47ddf6d48390bceb56a1189ceb0d3a5c845ed3076ba82706d2806d535f1fee72ffa1c61fb276d6a95770c589fcad3c17a5948f5ada56ba6e9f4590008f6701430e56f03ed921093a4bc55a4fba3641297d339b05ff714737aed6049241e28ccd61057f81fc4cd9597b592499,gx-no-cache=1490113438090 HTTP/1.1" 200 29
192.168.10.89 - - [21/Mar/2017:13:22:51 -0300] "POST /cormun/servlet/trsolicitudgral?fa4280126941856885fa8fed30de3b7f,,gx-no-cache=1490116652231 HTTP/1.1" 200 6662
186.67.172.234 - - [21/Mar/2017:13:22:51 -0300] "POST /cormun/servlet/licenciaspermisos?0c5390632f1c5fe574f77cda22c25d65,INS,0,,,,gx-no-cache=1490113438416 HTTP/1.1" 200 93
186.67.172.234 - - [21/Mar/2017:13:22:52 -0300] "GET /cormun/servlet/hpexe_return? HTTP/1.1" 200 1010
186.67.172.234 - - [21/Mar/2017:13:22:52 -0300] "GET /cormun/servlet/trlicencias HTTP/1.1" 200 8590
186.67.172.234 - - [21/Mar/2017:13:22:53 -0300] "GET /cormun/servlet/trlicencias HTTP/1.1" 200 8586
186.67.172.234 - - [21/Mar/2017:13:23:01 -0300] "GET /cormun/servlet/alicenciaprn?15774663,L,20170321000000,PU HTTP/1.1" 200 1543
192.168.10.89 - - [21/Mar/2017:13:23:02 -0300] "POST /cormun/servlet/trsolicitudgral?fa4280126941856885fa8fed30de3b7f,,gx-no-cache=1490116662980 HTTP/1.1" 200 7233
192.168.10.89 - - [21/Mar/2017:13:23:29 -0300] "POST /cormun/servlet/trsolicitudgral?fa4280126941856885fa8fed30de3b7f,,gx-no-cache=1490116690112 HTTP/1.1" 200 6670
192.168.10.89 - - [21/Mar/2017:13:23:47 -0300] "POST /cormun/servlet/trsolicitudgral?fa4280126941856885fa8fed30de3b7f,,gx-no-cache=1490116708094 HTTP/1.1" 200 6680
192.168.10.89 - - [21/Mar/2017:13:24:03 -0300] "POST /cormun/servlet/trsolicitudgral?fa4280126941856885fa8fed30de3b7f,,gx-no-cache=1490116723571 HTTP/1.1" 200 7249
192.168.10.89 - - [21/Mar/2017:13:24:16 -0300] "POST /cormun/servlet/trsolicitudgral?fa4280126941856885fa8fed30de3b7f,,gx-no-cache=1490116736786 HTTP/1.1" 200 5397
192.168.10.89 - - [21/Mar/2017:13:25:28 -0300] "POST /cormun/servlet/trsolicitudgral?fa4280126941856885fa8fed30de3b7f,,gx-no-cache=1490116808790 HTTP/1.1" 200 5396
192.168.10.89 - - [21/Mar/2017:13:26:29 -0300] "POST /cormun/servlet/trsolicitudgral?fa4280126941856885fa8fed30de3b7f,,gx-no-cache=1490116870153 HTTP/1.1" 200 5391
186.103.159.187 - - [21/Mar/2017:13:26:46 -0300] "GET /cormun/servlet/hlogin HTTP/1.1" 200 1727
192.168.10.89 - - [21/Mar/2017:13:27:02 -0300] "POST /cormun/servlet/trsolicitudgral?fa4280126941856885fa8fed30de3b7f,,gx-no-cache=1490116902576 HTTP/1.1" 200 6691
192.168.10.89 - - [21/Mar/2017:13:27:25 -0300] "POST /cormun/servlet/trsolicitudgral?fa4280126941856885fa8fed30de3b7f,,gx-no-cache=1490116926030 HTTP/1.1" 200 5396
186.103.159.187 - - [21/Mar/2017:13:27:42 -0300] "POST /cormun/servlet/hlogin?1b47b4e9e79bd8e4b5fa220c94fd264c,gx-no-cache=1490117325188 HTTP/1.1" 200 433
186.103.159.187 - - [21/Mar/2017:13:27:47 -0300] "POST /cormun/servlet/hlogin?1b47b4e9e79bd8e4b5fa220c94fd264c,gx-no-cache=1490117330737 HTTP/1.1" 200 90
186.103.159.187 - - [21/Mar/2017:13:27:47 -0300] "GET /cormun/servlet/hpexe_link HTTP/1.1" 200 953
186.103.159.187 - - [21/Mar/2017:13:27:48 -0300] "GET /cormun/servlet/hhome HTTP/1.1" 200 3736
186.103.159.187 - - [21/Mar/2017:13:27:49 -0300] "GET /cormun/servlet/hhome HTTP/1.1" 200 3733
192.168.10.89 - - [21/Mar/2017:13:27:53 -0300] "POST /cormun/servlet/trsolicitudgral?fa4280126941856885fa8fed30de3b7f,,gx-no-cache=1490116953809 HTTP/1.1" 200 6645
186.103.159.187 - - [21/Mar/2017:13:27:54 -0300] "GET /cormun/servlet/trpermisosgoce? HTTP/1.1" 200 6489
186.103.159.187 - - [21/Mar/2017:13:27:54 -0300] "GET /cormun/static/gxcfg.js?20173171154124 HTTP/1.1" 200 953
186.103.159.187 - - [21/Mar/2017:13:27:54 -0300] "GET /cormun/static/trpermisosgoce.js?20173171154177 HTTP/1.1" 200 31906
186.103.159.187 - - [21/Mar/2017:13:27:55 -0300] "GET /cormun/servlet/trpermisosgoce? HTTP/1.1" 200 6489
186.103.159.187 - - [21/Mar/2017:13:27:58 -0300] "GET /cormun/servlet/permisogoce?INS,0,,, HTTP/1.1" 200 6496
186.103.159.187 - - [21/Mar/2017:13:27:58 -0300] "GET /cormun/static/gxcfg.js?201731711422032 HTTP/1.1" 200 953
186.103.159.187 - - [21/Mar/2017:13:27:58 -0300] "GET /cormun/static/permisogoce.js?20173171142217 HTTP/1.1" 200 26144
186.103.159.187 - - [21/Mar/2017:13:27:59 -0300] "GET /cormun/servlet/permisogoce?INS,0,,, HTTP/1.1" 200 6496
186.103.159.187 - - [21/Mar/2017:13:28:44 -0300] "GET /cormun/servlet/prfichaempleado?,MD,,gxPopupLevel%3D0%3B HTTP/1.1" 200 8788
186.103.159.187 - - [21/Mar/2017:13:28:58 -0300] "POST /cormun/servlet/prfichaempleado?1b47b4e9e79bd8e4b5fa220c94fd264c,,MD,,gxPopupLevel%3D0%3B,gx-no-cache=1490117401713 HTTP/1.1" 200 3393
186.103.159.187 - - [21/Mar/2017:13:29:04 -0300] "GET /cormun/servlet/permisogoce?ad324e18c9b3cdda60ca6658a76cb2ec689372e27d13b1df53b5fb4b1cf5920215cca37b2f05785e6f4df142dbf5578d,gx-no-cache=1490117406991 HTTP/1.1" 200 67
186.103.159.187 - - [21/Mar/2017:13:29:04 -0300] "GET /cormun/static/menuarrow.gif HTTP/1.1" 404 1015
186.103.159.187 - - [21/Mar/2017:13:29:13 -0300] "GET /cormun/servlet/permisogoce?ad324e18c9b3cdda60ca6658a76cb2ece898592c56fe7957379145011a6efff1df1a0112df3f9ec9a74e81e4f64ac2908ef45489315dd094ac25f6282a11f55b,gx-no-cache=1490117416723 HTTP/1.1" 200 47
186.103.159.187 - - [21/Mar/2017:13:30:00 -0300] "POST /cormun/servlet/permisogoce?1b47b4e9e79bd8e4b5fa220c94fd264c,INS,0,,,,gx-no-cache=1490117463427 HTTP/1.1" 200 93
186.103.159.187 - - [21/Mar/2017:13:30:00 -0300] "GET /cormun/servlet/hpexe_return? HTTP/1.1" 200 1011
186.103.159.187 - - [21/Mar/2017:13:30:01 -0300] "GET /cormun/servlet/trpermisosgoce HTTP/1.1" 200 7350
186.103.159.187 - - [21/Mar/2017:13:30:02 -0300] "GET /cormun/servlet/trpermisosgoce HTTP/1.1" 200 7346
186.103.159.187 - - [21/Mar/2017:13:30:14 -0300] "GET /cormun/servlet/apermisogoceprn?6829535,P,20170321142441,PU HTTP/1.1" 200 1677
186.67.172.234 - - [21/Mar/2017:13:30:35 -0300] "GET /cormun/servlet/alicenciaprn?168075472,L,20170301000000,PU HTTP/1.1" 200 1506
192.168.10.89 - - [21/Mar/2017:13:31:14 -0300] "POST /cormun/servlet/trsolicitudgral?fa4280126941856885fa8fed30de3b7f,,gx-no-cache=1490117154584 HTTP/1.1" 200 5393
192.168.10.89 - - [21/Mar/2017:13:31:36 -0300] "POST /cormun/servlet/trsolicitudgral?fa4280126941856885fa8fed30de3b7f,,gx-no-cache=1490117176543 HTTP/1.1" 200 6956
192.168.10.89 - - [21/Mar/2017:13:32:21 -0300] "POST /cormun/servlet/trsolicitudgral?fa4280126941856885fa8fed30de3b7f,,gx-no-cache=1490117222350 HTTP/1.1" 200 5395
192.168.10.89 - - [21/Mar/2017:13:32:51 -0300] "POST /cormun/servlet/trsolicitudgral?fa4280126941856885fa8fed30de3b7f,,gx-no-cache=1490117252209 HTTP/1.1" 200 6712
192.168.10.89 - - [21/Mar/2017:13:32:59 -0300] "GET /cormun/servlet/solicitudgral2?UPD,2017,5216, HTTP/1.1" 200 12336
192.168.10.89 - - [21/Mar/2017:13:32:59 -0300] "GET /cormun/static/gxcfg.js?201731711475340 HTTP/1.1" 304 -
192.168.10.89 - - [21/Mar/2017:13:32:59 -0300] "GET /cormun/static/solicitudgral2.js?201731711475418 HTTP/1.1" 304 -
192.168.10.89 - - [21/Mar/2017:13:33:01 -0300] "POST /cormun/servlet/solicitudgral2?gx-no-cache=1490117262068 HTTP/1.1" 200 3193
192.168.10.89 - - [21/Mar/2017:13:33:01 -0300] "GET /cormun/servlet/solicitudgral2?89f0870ea8d0def700db07056518a5fc9a186ddb1c17c4d28df246e416ccfa7f7fcf58075960f99c004441fd9f1a1f0e8a4d7890ca6e4c4e123295809f6f20a8503fe6b923f5105819504ec77ad2cb5beed9ee10793d3cb542993e191832eca772f0eac4b338ce74c0aebe6e7210413e61046962ada1dcc1113230ce61bc9c58a13cb3598ca6b4673c55c89043d07e3088360cd89fff2f044f76fcb126c1c27171e37b4cacc1d321681ae3e125d7eb2e74880406c2a324ebe188c7d29bbffe729cd82675c9d31190d7b33d5deb4634aef07390bd2ff03eb024a03e323cbfbf2b128258da406febe13d325133b4decaf28703c59ee73dd8b9adf2793fe7fe93d0c245e8c3bcbd1f8860a3eb81d03ca9f03b42836b896ed4dab075a1adc2e0598e803d16bd898b506c97ae4b68223d267e615ff6b4a19445dc8e4375d2215aeb4a53f49f4edadf5c5bea4bc4b6a2bb02ec,gx-no-cache=1490117262320 HTTP/1.1" 200 298
192.168.10.89 - - [21/Mar/2017:13:33:01 -0300] "POST /cormun/servlet/solicitudgral2?gx-no-cache=1490117262350 HTTP/1.1" 200 1353
192.168.10.89 - - [21/Mar/2017:13:33:01 -0300] "GET /cormun/servlet/solicitudgral2?89f0870ea8d0def700db07056518a5fccaf51a285b577cb1194b8e608b1edc230d07a0461186fff50c5e44741f5b43ec8a4d7890ca6e4c4e123295809f6f20a8a49d3b87f27a28eb2ab0668ff0f5e17452b251ff0d3edca357dd459b73993f1f79fefc7ff4941d4d80a0b7c107ff510f,gx-no-cache=1490117262393 HTTP/1.1" 200 41
192.168.10.89 - - [21/Mar/2017:13:33:04 -0300] "POST /cormun/servlet/solicitudgral2?fa4280126941856885fa8fed30de3b7f,UPD,2017,5216,,gx-no-cache=1490117265413 HTTP/1.1" 200 93
192.168.10.89 - - [21/Mar/2017:13:33:04 -0300] "GET /cormun/servlet/hpexe_return? HTTP/1.1" 200 1009
192.168.10.89 - - [21/Mar/2017:13:33:06 -0300] "GET /cormun/servlet/trsolicitudgral? HTTP/1.1" 200 10008
192.168.10.89 - - [21/Mar/2017:13:33:10 -0300] "POST /cormun/servlet/trsolicitudgral?fa4280126941856885fa8fed30de3b7f,,gx-no-cache=1490117270878 HTTP/1.1" 200 5619
192.168.10.89 - - [21/Mar/2017:13:33:10 -0300] "GET /cormun/static/Shared/jqueryui/images/ui-icons_8d78a5_256x240.png HTTP/1.1" 404 1089
192.168.10.89 - - [21/Mar/2017:13:33:10 -0300] "GET /cormun/static/Shared/jqueryui/images/ui-bg_flat_55_fafafa_40x100.png HTTP/1.1" 404 1097
192.168.10.89 - - [21/Mar/2017:13:33:10 -0300] "GET /cormun/static/Shared/jqueryui/images/ui-icons_82798d_256x240.png HTTP/1.1" 404 1089
192.168.10.89 - - [21/Mar/2017:13:33:10 -0300] "GET /cormun/static/Shared/jqueryui/images/ui-bg_highlight-soft_100_c6c2c8_1x100.png HTTP/1.1" 404 1117
186.103.159.187 - - [21/Mar/2017:13:33:36 -0300] "GET /cormun/servlet/trpermisosadjuntos?6829535,20170321142441,P, HTTP/1.1" 200 6045
186.103.159.187 - - [21/Mar/2017:13:33:36 -0300] "GET /cormun/static/gxcfg.js?201731711542659 HTTP/1.1" 200 953
186.103.159.187 - - [21/Mar/2017:13:33:36 -0300] "GET /cormun/static/trpermisosadjuntos.js?201731711542990 HTTP/1.1" 200 20045
186.103.159.187 - - [21/Mar/2017:13:33:37 -0300] "GET /cormun/servlet/trpermisosadjuntos?6829535,20170321142441,P, HTTP/1.1" 200 6046
186.103.159.187 - - [21/Mar/2017:13:33:40 -0300] "GET /cormun/servlet/permisosadjuntos?INS,6829535,P,20170321142441,, HTTP/1.1" 200 5371
186.103.159.187 - - [21/Mar/2017:13:33:40 -0300] "GET /cormun/static/permisosadjuntos.js?2016122813135797 HTTP/1.1" 200 8721
186.103.159.187 - - [21/Mar/2017:13:33:40 -0300] "GET /cormun/static/gxcfg.js?2016122813135788 HTTP/1.1" 200 953
186.103.159.187 - - [21/Mar/2017:13:33:41 -0300] "GET /cormun/static/about:blank HTTP/1.1" 404 1011
186.103.159.187 - - [21/Mar/2017:13:33:41 -0300] "GET /cormun/servlet/permisosadjuntos?INS,6829535,P,20170321142441,, HTTP/1.1" 200 5361
192.168.10.89 - - [21/Mar/2017:13:33:48 -0300] "POST /cormun/servlet/trsolicitudgral?fa4280126941856885fa8fed30de3b7f,,gx-no-cache=1490117309198 HTTP/1.1" 200 5401
186.103.159.187 - - [21/Mar/2017:13:33:51 -0300] "POST /cormun/servlet/permisosadjuntos?1b47b4e9e79bd8e4b5fa220c94fd264c,INS,6829535,P,20170321142441,, HTTP/1.1" 200 116
186.103.159.187 - - [21/Mar/2017:13:33:51 -0300] "GET /cormun/servlet/hpexe_return? HTTP/1.1" 200 1038
186.103.159.187 - - [21/Mar/2017:13:33:51 -0300] "GET /cormun/servlet/trpermisosadjuntos?6829535,20170321142441,P, HTTP/1.1" 200 6509
186.103.159.187 - - [21/Mar/2017:13:33:52 -0300] "GET /cormun/servlet/trpermisosadjuntos?6829535,20170321142441,P, HTTP/1.1" 200 6506
186.103.159.187 - - [21/Mar/2017:13:33:52 -0300] "GET /cormun/PublicTempStorage/permiso_administrativo5751117.jpeg HTTP/1.1" 200 372817
186.103.159.187 - - [21/Mar/2017:13:33:57 -0300] "POST /cormun/servlet/trpermisosadjuntos?1b47b4e9e79bd8e4b5fa220c94fd264c,6829535,20170321142441,P,,gx-no-cache=1490117700466 HTTP/1.1" 200 90
186.103.159.187 - - [21/Mar/2017:13:33:57 -0300] "GET /cormun/servlet/hpexe_link HTTP/1.1" 200 984
186.103.159.187 - - [21/Mar/2017:13:33:57 -0300] "GET /cormun/servlet/trpermisosgoce HTTP/1.1" 200 7348
186.103.159.187 - - [21/Mar/2017:13:33:58 -0300] "GET /cormun/servlet/trpermisosgoce HTTP/1.1" 200 7346
186.103.159.187 - - [21/Mar/2017:13:34:02 -0300] "POST /cormun/servlet/trpermisosgoce?1b47b4e9e79bd8e4b5fa220c94fd264c,gx-no-cache=1490117705967 HTTP/1.1" 200 4695
186.67.172.234 - - [21/Mar/2017:13:34:04 -0300] "GET /cormun/servlet/hlogin HTTP/1.1" 200 1734
192.168.10.89 - - [21/Mar/2017:13:34:10 -0300] "POST /cormun/servlet/trsolicitudgral?fa4280126941856885fa8fed30de3b7f,,gx-no-cache=1490117331126 HTTP/1.1" 200 6681
186.67.172.234 - - [21/Mar/2017:13:34:32 -0300] "GET /cormun/servlet/hlogin HTTP/1.1" 200 1728
186.67.172.234 - - [21/Mar/2017:13:34:32 -0300] "GET /cormun/static/Resources/Spanish/PXTools.css?11294912 HTTP/1.1" 304 -
186.67.172.234 - - [21/Mar/2017:13:34:32 -0300] "GET /cormun/static/gxcfg.js?201731711485472 HTTP/1.1" 304 -
186.67.172.234 - - [21/Mar/2017:13:34:33 -0300] "GET /cormun/static/messages.spa.js?85251 HTTP/1.1" 304 -
186.67.172.234 - - [21/Mar/2017:13:34:33 -0300] "GET /cormun/static/hlogin.js?201731711485490 HTTP/1.1" 304 -
186.67.172.234 - - [21/Mar/2017:13:34:33 -0300] "GET /cormun/servlet/hlogin HTTP/1.1" 200 1736
186.67.172.234 - - [21/Mar/2017:13:34:36 -0300] "POST /cormun/servlet/hlogin?0c5390632f1c5fe574f77cda22c25d65,gx-no-cache=1490114143504 HTTP/1.1" 200 443
192.168.10.89 - - [21/Mar/2017:13:34:41 -0300] "POST /cormun/servlet/trsolicitudgral?fa4280126941856885fa8fed30de3b7f,,gx-no-cache=1490117362050 HTTP/1.1" 200 5400
186.67.172.234 - - [21/Mar/2017:13:34:51 -0300] "POST /cormun/servlet/hlogin?420d5adb427f72271d85afe21202139b,gx-no-cache=1490114172287 HTTP/1.1" 200 90
186.67.172.234 - - [21/Mar/2017:13:34:51 -0300] "GET /cormun/servlet/hpexe_link HTTP/1.1" 200 953
186.67.172.234 - - [21/Mar/2017:13:34:51 -0300] "GET /cormun/static/gxcfg.js?201731711483381 HTTP/1.1" 304 -
186.67.172.234 - - [21/Mar/2017:13:34:51 -0300] "GET /cormun/static/hpexe_link.js?201731711483384 HTTP/1.1" 304 -
186.67.172.234 - - [21/Mar/2017:13:34:51 -0300] "GET /cormun/servlet/hhome HTTP/1.1" 200 4049
186.67.172.234 - - [21/Mar/2017:13:34:51 -0300] "GET /cormun/static/gxcfg.js?201731711483497 HTTP/1.1" 200 953
186.67.172.234 - - [21/Mar/2017:13:34:51 -0300] "GET /cormun/static/hhome.js?20173171148352 HTTP/1.1" 200 777
186.67.172.234 - - [21/Mar/2017:13:34:51 -0300] "GET /cormun/static/hwchdr01.js?201731711335950 HTTP/1.1" 304 -
186.67.172.234 - - [21/Mar/2017:13:34:51 -0300] "GET /cormun/static/hpexe_scripts.js?201731711335890 HTTP/1.1" 304 -
186.67.172.234 - - [21/Mar/2017:13:34:51 -0300] "GET /cormun/static/hpexe_messagegenexuscomponent.js?201731711335537 HTTP/1.1" 304 -
186.67.172.234 - - [21/Mar/2017:13:34:51 -0300] "GET /cormun/static/cmcontrolpreferences.js?201731711335852 HTTP/1.1" 304 -
186.67.172.234 - - [21/Mar/2017:13:34:51 -0300] "GET /cormun/static/hmpwkw03.js?201731711485354 HTTP/1.1" 304 -
186.67.172.234 - - [21/Mar/2017:13:34:52 -0300] "GET /cormun/servlet/hhome HTTP/1.1" 200 4045
186.67.172.234 - - [21/Mar/2017:13:34:59 -0300] "GET /cormun/servlet/trcontratosolicitud? HTTP/1.1" 200 13872
186.67.172.234 - - [21/Mar/2017:13:34:59 -0300] "GET /cormun/static/gxcfg.js?20171317451682 HTTP/1.1" 304 -
186.67.172.234 - - [21/Mar/2017:13:34:59 -0300] "GET /cormun/static/trcontratosolicitud.js?20171317452124 HTTP/1.1" 200 28173
186.67.172.234 - - [21/Mar/2017:13:35:00 -0300] "GET /cormun/servlet/trcontratosolicitud? HTTP/1.1" 200 13871
192.168.10.89 - - [21/Mar/2017:13:35:11 -0300] "POST /cormun/servlet/trsolicitudgral?fa4280126941856885fa8fed30de3b7f,,gx-no-cache=1490117392032 HTTP/1.1" 200 5400
192.168.10.96 - - [21/Mar/2017:13:35:21 -0300] "GET /cormun/servlet/trsolicitudgral? HTTP/1.1" 200 25086
192.168.10.96 - - [21/Mar/2017:13:35:23 -0300] "GET /cormun/servlet/trsolicitudgral? HTTP/1.1" 200 25086
192.168.10.96 - - [21/Mar/2017:13:35:25 -0300] "GET /cormun/servlet/trsolicitudgral? HTTP/1.1" 200 25070
186.67.172.234 - - [21/Mar/2017:13:35:30 -0300] "POST /cormun/servlet/trcontratosolicitud?420d5adb427f72271d85afe21202139b,,gx-no-cache=1490114210401 HTTP/1.1" 200 11528
186.67.172.234 - - [21/Mar/2017:13:36:40 -0300] "POST /cormun/servlet/hlogin?0c5390632f1c5fe574f77cda22c25d65,gx-no-cache=1490114267245 HTTP/1.1" 200 444
186.67.172.234 - - [21/Mar/2017:13:36:44 -0300] "POST /cormun/servlet/hlogin?0c5390632f1c5fe574f77cda22c25d65,gx-no-cache=1490114271492 HTTP/1.1" 200 444
186.67.172.234 - - [21/Mar/2017:13:36:46 -0300] "POST /cormun/servlet/hlogin?0c5390632f1c5fe574f77cda22c25d65,gx-no-cache=1490114273397 HTTP/1.1" 200 444
186.67.172.234 - - [21/Mar/2017:13:37:06 -0300] "POST /cormun/servlet/hlogin?0c5390632f1c5fe574f77cda22c25d65,gx-no-cache=1490114293237 HTTP/1.1" 200 446
186.67.172.234 - - [21/Mar/2017:13:37:22 -0300] "POST /cormun/servlet/hlogin?0c5390632f1c5fe574f77cda22c25d65,gx-no-cache=1490114309924 HTTP/1.1" 200 444
186.67.172.234 - - [21/Mar/2017:13:37:44 -0300] "POST /cormun/servlet/hlogin?0c5390632f1c5fe574f77cda22c25d65,gx-no-cache=1490114331333 HTTP/1.1" 200 444
192.168.10.96 - - [21/Mar/2017:13:37:57 -0300] "POST /cormun/servlet/trsolicitudgral?e31e8f76276b469b93ffc19b6c4386a8,,gx-no-cache=1490117557465 HTTP/1.1" 200 5438
192.168.10.96 - - [21/Mar/2017:13:38:02 -0300] "POST /cormun/servlet/trsolicitudgral?e31e8f76276b469b93ffc19b6c4386a8,,gx-no-cache=1490117562923 HTTP/1.1" 200 5438
192.168.10.96 - - [21/Mar/2017:13:38:05 -0300] "POST /cormun/servlet/trsolicitudgral?e31e8f76276b469b93ffc19b6c4386a8,,gx-no-cache=1490117565657 HTTP/1.1" 200 5438
192.168.10.96 - - [21/Mar/2017:13:38:09 -0300] "POST /cormun/servlet/trsolicitudgral?e31e8f76276b469b93ffc19b6c4386a8,,gx-no-cache=1490117569524 HTTP/1.1" 200 7024
186.67.172.234 - - [21/Mar/2017:13:38:34 -0300] "POST /cormun/servlet/hlogin?0c5390632f1c5fe574f77cda22c25d65,gx-no-cache=1490114381693 HTTP/1.1" 200 446
186.67.172.234 - - [21/Mar/2017:13:38:54 -0300] "POST /cormun/servlet/hlogin?0c5390632f1c5fe574f77cda22c25d65,gx-no-cache=1490114401524 HTTP/1.1" 200 446
186.67.172.234 - - [21/Mar/2017:13:39:10 -0300] "POST /cormun/servlet/hlogin?0c5390632f1c5fe574f77cda22c25d65,gx-no-cache=1490114417428 HTTP/1.1" 200 444
186.67.172.234 - - [21/Mar/2017:13:39:20 -0300] "POST /cormun/servlet/hlogin?0c5390632f1c5fe574f77cda22c25d65,gx-no-cache=1490114427300 HTTP/1.1" 200 444
186.67.172.234 - - [21/Mar/2017:13:40:34 -0300] "POST /cormun/servlet/hlogin?0c5390632f1c5fe574f77cda22c25d65,gx-no-cache=1490114501884 HTTP/1.1" 200 90
186.67.172.234 - - [21/Mar/2017:13:40:35 -0300] "GET /cormun/servlet/hpexe_link HTTP/1.1" 200 954
186.67.172.234 - - [21/Mar/2017:13:40:35 -0300] "GET /cormun/servlet/trlicencias HTTP/1.1" 200 8588
186.67.172.234 - - [21/Mar/2017:13:40:35 -0300] "GET /cormun/servlet/trlicencias HTTP/1.1" 200 8586
186.67.172.234 - - [21/Mar/2017:13:40:41 -0300] "GET /cormun/servlet/trvisualizadoreventos? HTTP/1.1" 200 6493
186.67.172.234 - - [21/Mar/2017:13:40:41 -0300] "GET /cormun/servlet/trvisualizadoreventos? HTTP/1.1" 200 6494
186.67.172.234 - - [21/Mar/2017:13:40:46 -0300] "POST /cormun/servlet/trvisualizadoreventos?0c5390632f1c5fe574f77cda22c25d65,,gx-no-cache=1490114513288 HTTP/1.1" 200 3756
186.67.172.234 - - [21/Mar/2017:13:40:58 -0300] "GET /cormun/servlet/trvisualizadoreventos? HTTP/1.1" 200 6494
186.67.172.234 - - [21/Mar/2017:13:40:59 -0300] "GET /cormun/servlet/trvisualizadoreventos? HTTP/1.1" 200 6494
186.67.172.234 - - [21/Mar/2017:13:41:03 -0300] "POST /cormun/servlet/trvisualizadoreventos?0c5390632f1c5fe574f77cda22c25d65,,gx-no-cache=1490114529929 HTTP/1.1" 200 3757
186.103.159.187 - - [21/Mar/2017:13:41:35 -0300] "POST /cormun/servlet/trpermisosgoce?1b47b4e9e79bd8e4b5fa220c94fd264c,gx-no-cache=1490118158696 HTTP/1.1" 200 4696
186.103.159.187 - - [21/Mar/2017:13:41:40 -0300] "POST /cormun/servlet/trpermisosgoce?1b47b4e9e79bd8e4b5fa220c94fd264c,gx-no-cache=1490118163057 HTTP/1.1" 200 4694
192.168.10.96 - - [21/Mar/2017:13:41:44 -0300] "GET /cormun/servlet/wbconsulta? HTTP/1.1" 200 5061
192.168.10.96 - - [21/Mar/2017:13:41:44 -0300] "GET /cormun/servlet/wbconsulta? HTTP/1.1" 200 5061
192.168.10.96 - - [21/Mar/2017:13:41:49 -0300] "GET /cormun/servlet/trconsultaempleado? HTTP/1.1" 200 6562
186.103.159.187 - - [21/Mar/2017:13:41:50 -0300] "POST /cormun/servlet/trpermisosgoce?1b47b4e9e79bd8e4b5fa220c94fd264c,gx-no-cache=1490118173065 HTTP/1.1" 200 4695
192.168.10.96 - - [21/Mar/2017:13:41:50 -0300] "GET /cormun/servlet/trconsultaempleado? HTTP/1.1" 200 6562
186.103.159.187 - - [21/Mar/2017:13:41:52 -0300] "POST /cormun/servlet/trpermisosgoce?1b47b4e9e79bd8e4b5fa220c94fd264c,gx-no-cache=1490118175832 HTTP/1.1" 200 4694
186.103.159.187 - - [21/Mar/2017:13:41:53 -0300] "POST /cormun/servlet/trpermisosgoce?1b47b4e9e79bd8e4b5fa220c94fd264c,gx-no-cache=1490118176171 HTTP/1.1" 200 4694
186.103.159.187 - - [21/Mar/2017:13:41:57 -0300] "POST /cormun/servlet/trpermisosgoce?1b47b4e9e79bd8e4b5fa220c94fd264c,gx-no-cache=1490118180315 HTTP/1.1" 200 90
186.103.159.187 - - [21/Mar/2017:13:41:57 -0300] "GET /cormun/servlet/hpexe_link HTTP/1.1" 200 959
186.103.159.187 - - [21/Mar/2017:13:41:57 -0300] "GET /cormun/servlet/hhome HTTP/1.1" 200 3736
186.103.159.187 - - [21/Mar/2017:13:41:58 -0300] "GET /cormun/servlet/hhome HTTP/1.1" 200 3733
186.103.159.187 - - [21/Mar/2017:13:42:03 -0300] "GET /cormun/servlet/trpermisosgoce? HTTP/1.1" 200 7347
186.103.159.187 - - [21/Mar/2017:13:42:04 -0300] "GET /cormun/servlet/trpermisosgoce? HTTP/1.1" 200 7346
192.168.10.96 - - [21/Mar/2017:13:42:07 -0300] "POST /cormun/servlet/trconsultaempleado?e31e8f76276b469b93ffc19b6c4386a8,,gx-no-cache=1490117807926 HTTP/1.1" 200 4113
186.103.159.187 - - [21/Mar/2017:13:42:08 -0300] "POST /cormun/servlet/trpermisosgoce?1b47b4e9e79bd8e4b5fa220c94fd264c,,gx-no-cache=1490118191726 HTTP/1.1" 200 4695
186.67.172.234 - - [21/Mar/2017:13:42:10 -0300] "GET /cormun/servlet/hlogin HTTP/1.1" 200 1741
186.103.159.187 - - [21/Mar/2017:13:42:12 -0300] "POST /cormun/servlet/trpermisosgoce?1b47b4e9e79bd8e4b5fa220c94fd264c,,gx-no-cache=1490118195623 HTTP/1.1" 200 4695
186.103.159.187 - - [21/Mar/2017:13:42:14 -0300] "POST /cormun/servlet/trpermisosgoce?1b47b4e9e79bd8e4b5fa220c94fd264c,,gx-no-cache=1490118197456 HTTP/1.1" 200 4695
186.103.159.187 - - [21/Mar/2017:13:42:14 -0300] "POST /cormun/servlet/trpermisosgoce?1b47b4e9e79bd8e4b5fa220c94fd264c,,gx-no-cache=1490118197791 HTTP/1.1" 200 4695
192.168.10.96 - - [21/Mar/2017:13:42:18 -0300] "POST /cormun/servlet/trconsultaempleado?e31e8f76276b469b93ffc19b6c4386a8,,gx-no-cache=1490117818878 HTTP/1.1" 200 4467
192.168.10.96 - - [21/Mar/2017:13:42:20 -0300] "GET /cormun/servlet/trsolicitudnombre?7992920, HTTP/1.1" 200 8749
192.168.10.96 - - [21/Mar/2017:13:42:21 -0300] "GET /cormun/servlet/trsolicitudnombre?7992920, HTTP/1.1" 200 8754
192.168.10.96 - - [21/Mar/2017:13:42:23 -0300] "GET /cormun/servlet/vesolicitudnombre?2017,4715,, HTTP/1.1" 200 8428
192.168.10.96 - - [21/Mar/2017:13:42:23 -0300] "GET /cormun/pexe_scrolldiv.js HTTP/1.1" 404 1009
192.168.10.96 - - [21/Mar/2017:13:42:23 -0300] "GET /cormun/pexe_scrolldiv.js HTTP/1.1" 404 1009
192.168.10.96 - - [21/Mar/2017:13:42:24 -0300] "GET /cormun/servlet/vesolicitudnombre?2017,4715,, HTTP/1.1" 200 8423
192.168.10.96 - - [21/Mar/2017:13:42:26 -0300] "GET /cormun/servlet/vesolicitudnombre?2017,4715,,SolicitudOTAdjuntos HTTP/1.1" 200 10224
192.168.10.96 - - [21/Mar/2017:13:42:26 -0300] "GET /cormun/pexe_scrolldiv.js HTTP/1.1" 404 1009
192.168.10.96 - - [21/Mar/2017:13:42:26 -0300] "GET /cormun/pexe_scrolldiv.js HTTP/1.1" 404 1009
192.168.10.96 - - [21/Mar/2017:13:42:26 -0300] "GET /cormun/servlet/vesolicitudnombre?2017,4715,,SolicitudOTAdjuntos HTTP/1.1" 200 10226
192.168.10.96 - - [21/Mar/2017:13:42:27 -0300] "POST /cormun/servlet/acontrolpreferencessavestate?None,DZAMUDIO,true HTTP/1.1" 200 35
192.168.10.96 - - [21/Mar/2017:13:42:29 -0300] "GET /cormun/PublicTempStorage/carnet1549518.jpg HTTP/1.1" 200 524666
192.168.10.96 - - [21/Mar/2017:13:42:47 -0300] "GET /cormun/servlet/vesolicitudnombre?2017,4715,,SolicitudOTAdjuntos HTTP/1.1" 200 10226
192.168.10.96 - - [21/Mar/2017:13:42:48 -0300] "GET /cormun/servlet/vesolicitudnombre?2017,4715,,SolicitudOTAdjuntos HTTP/1.1" 200 10227
192.168.10.96 - - [21/Mar/2017:13:42:48 -0300] "POST /cormun/servlet/acontrolpreferencessavestate?None,DZAMUDIO,true HTTP/1.1" 200 35
192.168.10.96 - - [21/Mar/2017:13:42:49 -0300] "GET /cormun/PublicTempStorage/afp1873538.jpg HTTP/1.1" 200 440019
192.168.10.96 - - [21/Mar/2017:13:42:53 -0300] "GET /cormun/servlet/vesolicitudnombre?2017,4715,,SolicitudOTAdjuntos HTTP/1.1" 200 10225
192.168.10.96 - - [21/Mar/2017:13:42:53 -0300] "GET /cormun/servlet/vesolicitudnombre?2017,4715,,SolicitudOTAdjuntos HTTP/1.1" 200 10225
192.168.10.96 - - [21/Mar/2017:13:42:54 -0300] "POST /cormun/servlet/acontrolpreferencessavestate?None,DZAMUDIO,true HTTP/1.1" 200 35
192.168.10.96 - - [21/Mar/2017:13:42:55 -0300] "GET /cormun/PublicTempStorage/isapre_alicia7033320.docx HTTP/1.1" 200 247174
192.168.10.96 - - [21/Mar/2017:13:43:26 -0300] "GET /cormun/PublicTempStorage/antecedentes3439307.jpg HTTP/1.1" 200 351659
192.168.10.96 - - [21/Mar/2017:13:43:29 -0300] "GET /cormun/servlet/vesolicitudnombre?2017,4715,,SolicitudOTAdjuntos HTTP/1.1" 200 10225
192.168.10.96 - - [21/Mar/2017:13:43:30 -0300] "GET /cormun/servlet/vesolicitudnombre?2017,4715,,SolicitudOTAdjuntos HTTP/1.1" 200 10227
192.168.10.96 - - [21/Mar/2017:13:43:31 -0300] "POST /cormun/servlet/acontrolpreferencessavestate?None,DZAMUDIO,true HTTP/1.1" 200 35
192.168.10.96 - - [21/Mar/2017:13:43:32 -0300] "GET /cormun/PublicTempStorage/curriculum_alicia7901676.docx HTTP/1.1" 200 16133
192.168.10.96 - - [21/Mar/2017:13:43:48 -0300] "GET /cormun/PublicTempStorage/titulo5587069.jpg HTTP/1.1" 200 704104
186.67.172.234 - - [21/Mar/2017:13:44:55 -0300] "GET /cormun/servlet/hlogin HTTP/1.1" 200 1726
186.67.172.234 - - [21/Mar/2017:13:44:55 -0300] "GET /favicon.ico HTTP/1.1" 200 21630
186.67.172.234 - - [21/Mar/2017:13:45:22 -0300] "POST /cormun/servlet/hlogin?9cb7fc77ecb869f928c19c709f181a9a,gx-no-cache=1490118387312 HTTP/1.1" 200 90
186.67.172.234 - - [21/Mar/2017:13:45:22 -0300] "GET /cormun/servlet/hpexe_link HTTP/1.1" 200 951
186.67.172.234 - - [21/Mar/2017:13:45:22 -0300] "GET /cormun/servlet/hhome HTTP/1.1" 200 4049
186.67.172.234 - - [21/Mar/2017:13:45:22 -0300] "GET /cormun/servlet/hhome HTTP/1.1" 200 4045
186.67.172.234 - - [21/Mar/2017:13:46:09 -0300] "GET /cormun/servlet/trautorizarsolicitud? HTTP/1.1" 200 8233
186.67.172.234 - - [21/Mar/2017:13:46:10 -0300] "GET /cormun/servlet/trautorizarsolicitud? HTTP/1.1" 200 8231
186.67.172.234 - - [21/Mar/2017:13:46:19 -0300] "POST /cormun/servlet/trautorizarsolicitud?9cb7fc77ecb869f928c19c709f181a9a,,gx-no-cache=1490118444684 HTTP/1.1" 200 4324
186.67.172.234 - - [21/Mar/2017:13:46:21 -0300] "GET /cormun/static/Shared/jqueryui/images/ui-bg_highlight-soft_100_c6c2c8_1x100.png HTTP/1.1" 404 1117
186.67.172.234 - - [21/Mar/2017:13:46:21 -0300] "GET /cormun/static/Shared/jqueryui/images/ui-icons_82798d_256x240.png HTTP/1.1" 404 1089
186.67.172.234 - - [21/Mar/2017:13:46:21 -0300] "GET /cormun/static/Shared/jqueryui/images/ui-bg_flat_55_fafafa_40x100.png HTTP/1.1" 404 1097
186.67.172.234 - - [21/Mar/2017:13:46:21 -0300] "GET /cormun/static/Shared/jqueryui/images/ui-icons_8d78a5_256x240.png HTTP/1.1" 404 1089
186.67.172.234 - - [21/Mar/2017:13:46:21 -0300] "POST /cormun/servlet/trautorizarsolicitud?9cb7fc77ecb869f928c19c709f181a9a,,gx-no-cache=1490118446678 HTTP/1.1" 200 4092
192.168.10.96 - - [21/Mar/2017:13:56:27 -0300] "GET /cormun/servlet/vesolicitudnombre?2017,4715,,SolicitudOTAdjuntos HTTP/1.1" 200 10224
192.168.10.96 - - [21/Mar/2017:13:56:28 -0300] "GET /cormun/servlet/vesolicitudnombre?2017,4715,,SolicitudOTAdjuntos HTTP/1.1" 200 10226
