186.103.159.182 - - [21/Mar/2017:16:20:53 -0300] "GET /cormun/servlet/hpexe_link HTTP/1.1" 200 1006
186.103.159.182 - - [21/Mar/2017:16:20:53 -0300] "GET /cormun/servlet/trautorizarpermisogoce?gx-no-cache=1490124305472 HTTP/1.1" 200 7952
186.79.167.77 - - [21/Mar/2017:16:20:53 -0300] "GET /cormun/servlet/hpexe_return? HTTP/1.1" 200 1029
186.79.167.77 - - [21/Mar/2017:16:20:54 -0300] "GET /cormun/servlet/trpermisosgoce HTTP/1.1" 200 8311
186.103.159.182 - - [21/Mar/2017:16:20:55 -0300] "GET /cormun/servlet/trautorizarpermisogoce?gx-no-cache=1490124305472 HTTP/1.1" 200 7971
186.79.167.77 - - [21/Mar/2017:16:20:55 -0300] "GET /cormun/servlet/trpermisosgoce HTTP/1.1" 200 8311
186.103.159.182 - - [21/Mar/2017:16:20:58 -0300] "GET /cormun/servlet/trpermisosadjuntos?15730716,20170316183712,P, HTTP/1.1" 200 6813
186.103.159.182 - - [21/Mar/2017:16:20:59 -0300] "GET /cormun/servlet/trpermisosadjuntos?15730716,20170316183712,P, HTTP/1.1" 200 6793
186.103.159.182 - - [21/Mar/2017:16:21:05 -0300] "POST /cormun/servlet/trpermisosadjuntos?fed7af5378d4baa795cf730be7e10dc4,15730716,20170316183712,P,,gx-no-cache=1490124340024 HTTP/1.1" 200 90
186.103.159.182 - - [21/Mar/2017:16:21:05 -0300] "GET /cormun/servlet/hpexe_link HTTP/1.1" 200 1009
186.103.159.182 - - [21/Mar/2017:16:21:06 -0300] "GET /cormun/servlet/trautorizarpermisogoce?gx-no-cache=1490124305472 HTTP/1.1" 200 7952
186.103.159.182 - - [21/Mar/2017:16:21:07 -0300] "GET /cormun/servlet/trautorizarpermisogoce?gx-no-cache=1490124305472 HTTP/1.1" 200 7971
186.103.159.182 - - [21/Mar/2017:16:21:10 -0300] "POST /cormun/servlet/trautorizarpermisogoce?fed7af5378d4baa795cf730be7e10dc4,gx-no-cache=1490124305472,gx-no-cache=1490124344801 HTTP/1.1" 200 5271
186.103.159.182 - - [21/Mar/2017:16:21:10 -0300] "GET /cormun/static/Shared/jqueryui/images/ui-icons_82798d_256x240.png HTTP/1.1" 404 1089
186.103.159.182 - - [21/Mar/2017:16:21:10 -0300] "GET /cormun/static/Shared/jqueryui/images/ui-bg_flat_55_fafafa_40x100.png HTTP/1.1" 404 1097
186.103.159.182 - - [21/Mar/2017:16:21:10 -0300] "GET /cormun/static/Shared/jqueryui/images/ui-icons_8d78a5_256x240.png HTTP/1.1" 404 1089
186.103.159.182 - - [21/Mar/2017:16:21:11 -0300] "GET /cormun/static/Shared/jqueryui/images/ui-bg_highlight-soft_100_c6c2c8_1x100.png HTTP/1.1" 404 1117
186.79.167.77 - - [21/Mar/2017:16:21:13 -0300] "POST /cormun/servlet/trpermisosgoce?74a27c8133fee2c44a61ef32da93a0e0,gx-no-cache=1490124142495 HTTP/1.1" 200 5568
186.9.134.195 - - [21/Mar/2017:16:21:15 -0300] "POST /cormun/servlet/trsolicitudgral?8d4abbf9d24a0648bf2512851f3fe685,,gx-no-cache=1490124168185 HTTP/1.1" 200 5162
186.79.167.77 - - [21/Mar/2017:16:21:15 -0300] "POST /cormun/servlet/trpermisosgoce?74a27c8133fee2c44a61ef32da93a0e0,gx-no-cache=1490124145039 HTTP/1.1" 200 5568
186.79.167.77 - - [21/Mar/2017:16:21:18 -0300] "POST /cormun/servlet/trpermisosgoce?74a27c8133fee2c44a61ef32da93a0e0,gx-no-cache=1490124147254 HTTP/1.1" 200 5568
186.103.159.182 - - [21/Mar/2017:16:21:21 -0300] "GET /cormun/servlet/trautorizarsolicitud? HTTP/1.1" 200 6960
186.79.167.77 - - [21/Mar/2017:16:21:22 -0300] "POST /cormun/servlet/trpermisosgoce?74a27c8133fee2c44a61ef32da93a0e0,gx-no-cache=1490124150837 HTTP/1.1" 200 5568
186.103.159.182 - - [21/Mar/2017:16:21:22 -0300] "GET /cormun/servlet/trautorizarsolicitud? HTTP/1.1" 200 6939
186.79.167.77 - - [21/Mar/2017:16:21:25 -0300] "POST /cormun/servlet/trpermisosgoce?74a27c8133fee2c44a61ef32da93a0e0,gx-no-cache=1490124154276 HTTP/1.1" 200 5568
186.79.167.77 - - [21/Mar/2017:16:21:30 -0300] "GET /cormun/servlet/trpermisosadjuntos?17058015,20170320163031,P, HTTP/1.1" 200 6123
186.103.159.182 - - [21/Mar/2017:16:21:31 -0300] "GET /cormun/servlet/trautorizarsolicitud? HTTP/1.1" 200 6939
186.79.167.77 - - [21/Mar/2017:16:21:32 -0300] "GET /cormun/servlet/trpermisosadjuntos?17058015,20170320163031,P, HTTP/1.1" 200 6123
186.103.159.182 - - [21/Mar/2017:16:21:33 -0300] "GET /cormun/servlet/trautorizarsolicitud? HTTP/1.1" 200 6939
186.79.167.77 - - [21/Mar/2017:16:21:34 -0300] "GET /cormun/servlet/permisosadjuntos?INS,17058015,P,20170320163031,, HTTP/1.1" 200 5453
186.79.167.77 - - [21/Mar/2017:16:21:35 -0300] "GET /cormun/static/about:blank HTTP/1.1" 404 1011
186.79.167.77 - - [21/Mar/2017:16:21:35 -0300] "GET /cormun/servlet/permisosadjuntos?INS,17058015,P,20170320163031,, HTTP/1.1" 200 5442
186.103.159.182 - - [21/Mar/2017:16:21:41 -0300] "GET /cormun/servlet/trautorizarpermisogoce? HTTP/1.1" 200 7957
186.103.159.182 - - [21/Mar/2017:16:21:43 -0300] "GET /cormun/servlet/trautorizarpermisogoce? HTTP/1.1" 200 7956
186.103.159.182 - - [21/Mar/2017:16:21:45 -0300] "POST /cormun/servlet/trautorizarpermisogoce?fed7af5378d4baa795cf730be7e10dc4,,gx-no-cache=1490124379567 HTTP/1.1" 200 5278
186.103.159.182 - - [21/Mar/2017:16:21:45 -0300] "GET /cormun/static/Shared/jqueryui/images/ui-bg_highlight-soft_100_c6c2c8_1x100.png HTTP/1.1" 404 1117
186.103.159.182 - - [21/Mar/2017:16:21:45 -0300] "GET /cormun/static/Shared/jqueryui/images/ui-icons_82798d_256x240.png HTTP/1.1" 404 1089
186.103.159.182 - - [21/Mar/2017:16:21:45 -0300] "GET /cormun/static/Shared/jqueryui/images/ui-bg_flat_55_fafafa_40x100.png HTTP/1.1" 404 1097
186.103.159.182 - - [21/Mar/2017:16:21:45 -0300] "GET /cormun/static/Shared/jqueryui/images/ui-icons_8d78a5_256x240.png HTTP/1.1" 404 1089
186.103.159.182 - - [21/Mar/2017:16:21:47 -0300] "POST /cormun/servlet/trautorizarpermisogoce?fed7af5378d4baa795cf730be7e10dc4,,gx-no-cache=1490124381007 HTTP/1.1" 200 5278
186.79.167.77 - - [21/Mar/2017:16:22:06 -0300] "POST /cormun/servlet/permisosadjuntos?74a27c8133fee2c44a61ef32da93a0e0,INS,17058015,P,20170320163031,, HTTP/1.1" 200 116
186.79.167.77 - - [21/Mar/2017:16:22:07 -0300] "GET /cormun/servlet/hpexe_return? HTTP/1.1" 200 1037
186.79.167.77 - - [21/Mar/2017:16:22:07 -0300] "GET /cormun/servlet/trpermisosadjuntos?17058015,20170320163031,P, HTTP/1.1" 200 6595
186.79.167.77 - - [21/Mar/2017:16:22:08 -0300] "GET /cormun/servlet/trpermisosadjuntos?17058015,20170320163031,P, HTTP/1.1" 200 6592
186.103.159.182 - - [21/Mar/2017:16:22:11 -0300] "GET /cormun/servlet/apermisogoceprn?15730716,P,20170316183712,PU HTTP/1.1" 200 1643
186.103.159.182 - - [21/Mar/2017:16:22:32 -0300] "GET /cormun/servlet/hlogin HTTP/1.1" 200 1748
186.103.159.182 - - [21/Mar/2017:16:22:33 -0300] "POST /cormun/servlet/hlogin?fed7af5378d4baa795cf730be7e10dc4,gx-no-cache=1490124428036 HTTP/1.1" 200 90
186.103.159.182 - - [21/Mar/2017:16:22:33 -0300] "GET /cormun/servlet/hpexe_link HTTP/1.1" 200 966
186.103.159.182 - - [21/Mar/2017:16:22:34 -0300] "GET /cormun/servlet/trautorizarpermisogoce? HTTP/1.1" 200 7958
186.103.159.182 - - [21/Mar/2017:16:22:36 -0300] "GET /cormun/servlet/trautorizarpermisogoce? HTTP/1.1" 200 7956
186.103.159.182 - - [21/Mar/2017:16:22:46 -0300] "POST /cormun/servlet/trautorizarpermisogoce?fed7af5378d4baa795cf730be7e10dc4,,gx-no-cache=1490124440352 HTTP/1.1" 200 5276
186.103.159.182 - - [21/Mar/2017:16:22:46 -0300] "GET /cormun/static/Shared/jqueryui/images/ui-bg_highlight-soft_100_c6c2c8_1x100.png HTTP/1.1" 404 1117
186.103.159.182 - - [21/Mar/2017:16:22:46 -0300] "GET /cormun/static/Shared/jqueryui/images/ui-icons_82798d_256x240.png HTTP/1.1" 404 1089
186.103.159.182 - - [21/Mar/2017:16:22:46 -0300] "GET /cormun/static/Shared/jqueryui/images/ui-bg_flat_55_fafafa_40x100.png HTTP/1.1" 404 1097
186.103.159.182 - - [21/Mar/2017:16:22:46 -0300] "GET /cormun/static/Shared/jqueryui/images/ui-icons_8d78a5_256x240.png HTTP/1.1" 404 1089
186.79.167.77 - - [21/Mar/2017:16:22:48 -0300] "GET /cormun/PublicTempStorage/franchesca_gajardo6122442.pdf HTTP/1.1" 200 777551
186.103.159.182 - - [21/Mar/2017:16:22:48 -0300] "GET /cormun/servlet/autorizarpermisogoce?DSP,15730716,P,20170316183712, HTTP/1.1" 200 5987
186.103.159.182 - - [21/Mar/2017:16:22:49 -0300] "GET /cormun/servlet/autorizarpermisogoce?DSP,15730716,P,20170316183712, HTTP/1.1" 200 5988
186.103.159.182 - - [21/Mar/2017:16:22:55 -0300] "POST /cormun/servlet/autorizarpermisogoce?fed7af5378d4baa795cf730be7e10dc4,DSP,15730716,P,20170316183712,,gx-no-cache=1490124449514 HTTP/1.1" 200 90
186.103.159.182 - - [21/Mar/2017:16:22:55 -0300] "GET /cormun/servlet/hpexe_link HTTP/1.1" 200 988
186.103.159.182 - - [21/Mar/2017:16:22:55 -0300] "GET /cormun/servlet/trautorizarpermisogoce? HTTP/1.1" 200 7958
186.103.159.182 - - [21/Mar/2017:16:22:57 -0300] "GET /cormun/servlet/trautorizarpermisogoce? HTTP/1.1" 200 7956
186.103.159.182 - - [21/Mar/2017:16:22:59 -0300] "GET /cormun/servlet/autorizarpermisogoce?DSP,9682951,P,20170316184013, HTTP/1.1" 200 5990
186.103.159.182 - - [21/Mar/2017:16:23:00 -0300] "GET /cormun/servlet/autorizarpermisogoce?DSP,9682951,P,20170316184013, HTTP/1.1" 200 5990
186.79.167.77 - - [21/Mar/2017:16:23:02 -0300] "GET /cormun/servlet/trpermisosadjuntos?17058015,20170320163031,P, HTTP/1.1" 200 6595
186.79.167.77 - - [21/Mar/2017:16:23:04 -0300] "GET /cormun/servlet/trpermisosadjuntos?17058015,20170320163031,P, HTTP/1.1" 200 6592
186.103.159.182 - - [21/Mar/2017:16:23:05 -0300] "POST /cormun/servlet/autorizarpermisogoce?fed7af5378d4baa795cf730be7e10dc4,DSP,9682951,P,20170316184013,,gx-no-cache=1490124459881 HTTP/1.1" 200 90
186.103.159.182 - - [21/Mar/2017:16:23:05 -0300] "GET /cormun/servlet/hpexe_link HTTP/1.1" 200 987
186.103.159.182 - - [21/Mar/2017:16:23:06 -0300] "GET /cormun/servlet/trautorizarpermisogoce HTTP/1.1" 200 7958
186.103.159.182 - - [21/Mar/2017:16:23:07 -0300] "GET /cormun/servlet/trautorizarpermisogoce HTTP/1.1" 200 7956
186.79.167.77 - - [21/Mar/2017:16:23:08 -0300] "GET /cormun/servlet/trpermisosgoce? HTTP/1.1" 200 8309
186.79.167.77 - - [21/Mar/2017:16:23:10 -0300] "GET /cormun/servlet/trpermisosgoce? HTTP/1.1" 200 8307
186.103.159.182 - - [21/Mar/2017:16:23:10 -0300] "GET /cormun/servlet/autorizarpermisogoce?DSP,11130975,P,20170321124038, HTTP/1.1" 200 5998
186.103.159.182 - - [21/Mar/2017:16:23:11 -0300] "GET /cormun/servlet/autorizarpermisogoce?DSP,11130975,P,20170321124038, HTTP/1.1" 200 6001
186.103.159.182 - - [21/Mar/2017:16:23:14 -0300] "POST /cormun/servlet/autorizarpermisogoce?fed7af5378d4baa795cf730be7e10dc4,DSP,11130975,P,20170321124038,,gx-no-cache=1490124468219 HTTP/1.1" 200 90
186.103.159.182 - - [21/Mar/2017:16:23:14 -0300] "GET /cormun/servlet/hpexe_link HTTP/1.1" 200 986
186.103.159.182 - - [21/Mar/2017:16:23:14 -0300] "GET /cormun/servlet/trautorizarpermisogoce HTTP/1.1" 200 7958
186.79.167.77 - - [21/Mar/2017:16:23:15 -0300] "POST /cormun/servlet/trpermisosgoce?74a27c8133fee2c44a61ef32da93a0e0,,gx-no-cache=1490124262592 HTTP/1.1" 200 5569
186.103.159.182 - - [21/Mar/2017:16:23:15 -0300] "GET /cormun/servlet/trautorizarpermisogoce HTTP/1.1" 200 7956
186.103.159.182 - - [21/Mar/2017:16:23:20 -0300] "GET /cormun/servlet/trlicenciaspermisoslog?11130975,P,20170321124038, HTTP/1.1" 200 6250
186.103.159.182 - - [21/Mar/2017:16:23:20 -0300] "GET /cormun/static/gxcfg.js?201731711543185 HTTP/1.1" 200 953
186.103.159.182 - - [21/Mar/2017:16:23:20 -0300] "GET /cormun/static/trlicenciaspermisoslog.js?201731711543510 HTTP/1.1" 200 20014
186.79.167.77 - - [21/Mar/2017:16:23:21 -0300] "POST /cormun/servlet/trpermisosgoce?74a27c8133fee2c44a61ef32da93a0e0,,gx-no-cache=1490124269318 HTTP/1.1" 200 5570
186.103.159.182 - - [21/Mar/2017:16:23:21 -0300] "GET /cormun/servlet/trlicenciaspermisoslog?11130975,P,20170321124038, HTTP/1.1" 200 6250
186.103.159.182 - - [21/Mar/2017:16:23:22 -0300] "POST /cormun/servlet/acontrolpreferencessavestate?None,SGONGORA,true HTTP/1.1" 200 35
186.79.167.77 - - [21/Mar/2017:16:23:25 -0300] "GET /cormun/servlet/trpermisosadjuntos?9650706,20170309165947,P, HTTP/1.1" 200 6123
186.79.167.77 - - [21/Mar/2017:16:23:26 -0300] "GET /cormun/servlet/trpermisosadjuntos?9650706,20170309165947,P, HTTP/1.1" 200 6123
186.103.159.182 - - [21/Mar/2017:16:23:27 -0300] "GET /cormun/servlet/trautorizarpermisogoce HTTP/1.1" 200 7965
186.103.159.182 - - [21/Mar/2017:16:23:28 -0300] "GET /cormun/servlet/trautorizarpermisogoce HTTP/1.1" 200 7964
186.79.167.77 - - [21/Mar/2017:16:23:30 -0300] "GET /cormun/servlet/permisosadjuntos?INS,9650706,P,20170309165947,, HTTP/1.1" 200 5453
186.79.167.77 - - [21/Mar/2017:16:23:32 -0300] "GET /cormun/static/about:blank HTTP/1.1" 404 1011
186.79.167.77 - - [21/Mar/2017:16:23:32 -0300] "GET /cormun/servlet/permisosadjuntos?INS,9650706,P,20170309165947,, HTTP/1.1" 200 5443
186.103.159.182 - - [21/Mar/2017:16:23:53 -0300] "GET /cormun/servlet/trlicenciaspermisoslog?9682951,P,20170316184013, HTTP/1.1" 200 6254
186.103.159.182 - - [21/Mar/2017:16:23:55 -0300] "GET /cormun/servlet/trlicenciaspermisoslog?9682951,P,20170316184013, HTTP/1.1" 200 6254
186.103.159.182 - - [21/Mar/2017:16:23:57 -0300] "GET /cormun/servlet/trautorizarpermisogoce HTTP/1.1" 200 7965
186.103.159.182 - - [21/Mar/2017:16:23:59 -0300] "GET /cormun/servlet/trautorizarpermisogoce HTTP/1.1" 200 7964
186.79.167.77 - - [21/Mar/2017:16:24:18 -0300] "POST /cormun/servlet/permisosadjuntos?74a27c8133fee2c44a61ef32da93a0e0,INS,9650706,P,20170309165947,, HTTP/1.1" 200 116
186.79.167.77 - - [21/Mar/2017:16:24:19 -0300] "GET /cormun/servlet/hpexe_return? HTTP/1.1" 200 1039
186.79.167.77 - - [21/Mar/2017:16:24:19 -0300] "GET /cormun/servlet/trpermisosadjuntos?9650706,20170309165947,P, HTTP/1.1" 200 6595
186.79.167.77 - - [21/Mar/2017:16:24:20 -0300] "GET /cormun/servlet/trpermisosadjuntos?9650706,20170309165947,P, HTTP/1.1" 200 6591
186.79.167.77 - - [21/Mar/2017:16:24:28 -0300] "GET /cormun/servlet/trpermisosgoce? HTTP/1.1" 200 8312
186.79.167.77 - - [21/Mar/2017:16:24:29 -0300] "GET /cormun/servlet/trpermisosgoce? HTTP/1.1" 200 8307
186.79.167.77 - - [21/Mar/2017:16:24:33 -0300] "POST /cormun/servlet/trpermisosgoce?74a27c8133fee2c44a61ef32da93a0e0,,gx-no-cache=1490124341473 HTTP/1.1" 200 5576
186.79.167.77 - - [21/Mar/2017:16:24:35 -0300] "GET /cormun/servlet/trpermisosadjuntos?5764028,20170306173359,P, HTTP/1.1" 200 6118
186.79.167.77 - - [21/Mar/2017:16:24:35 -0300] "GET /cormun/servlet/trpermisosadjuntos?5764028,20170306173359,P, HTTP/1.1" 200 6117
186.79.167.77 - - [21/Mar/2017:16:24:37 -0300] "GET /cormun/servlet/permisosadjuntos?INS,5764028,P,20170306173359,, HTTP/1.1" 200 5445
186.79.167.77 - - [21/Mar/2017:16:24:38 -0300] "GET /cormun/static/about:blank HTTP/1.1" 404 1011
186.79.167.77 - - [21/Mar/2017:16:24:38 -0300] "GET /cormun/servlet/permisosadjuntos?INS,5764028,P,20170306173359,, HTTP/1.1" 200 5434
186.9.134.195 - - [21/Mar/2017:16:24:40 -0300] "POST /cormun/servlet/trsolicitudgral?8d4abbf9d24a0648bf2512851f3fe685,,gx-no-cache=1490124367700 HTTP/1.1" 200 6224
186.9.134.195 - - [21/Mar/2017:16:25:19 -0300] "POST /cormun/servlet/trsolicitudgral?8d4abbf9d24a0648bf2512851f3fe685,,gx-no-cache=1490124384096 HTTP/1.1" 500 10
186.79.167.77 - - [21/Mar/2017:16:25:26 -0300] "POST /cormun/servlet/permisosadjuntos?74a27c8133fee2c44a61ef32da93a0e0,INS,5764028,P,20170306173359,, HTTP/1.1" 200 116
186.79.167.77 - - [21/Mar/2017:16:25:26 -0300] "GET /cormun/servlet/hpexe_return? HTTP/1.1" 200 1039
186.79.167.77 - - [21/Mar/2017:16:25:27 -0300] "GET /cormun/servlet/trpermisosadjuntos?5764028,20170306173359,P, HTTP/1.1" 200 6590
186.79.167.77 - - [21/Mar/2017:16:25:28 -0300] "GET /cormun/servlet/trpermisosadjuntos?5764028,20170306173359,P, HTTP/1.1" 200 6586
186.79.167.77 - - [21/Mar/2017:16:26:09 -0300] "GET /cormun/servlet/trpermisosgoce? HTTP/1.1" 200 8308
186.79.167.77 - - [21/Mar/2017:16:26:10 -0300] "GET /cormun/servlet/trpermisosgoce? HTTP/1.1" 200 8311
186.79.167.77 - - [21/Mar/2017:16:26:14 -0300] "POST /cormun/servlet/trpermisosgoce?74a27c8133fee2c44a61ef32da93a0e0,,gx-no-cache=1490124443667 HTTP/1.1" 200 5577
186.79.167.77 - - [21/Mar/2017:16:26:20 -0300] "GET /cormun/servlet/hlogin HTTP/1.1" 200 1741
186.79.167.77 - - [21/Mar/2017:16:26:34 -0300] "POST /cormun/servlet/hlogin?74a27c8133fee2c44a61ef32da93a0e0,gx-no-cache=1490124463197 HTTP/1.1" 200 90
186.79.167.77 - - [21/Mar/2017:16:26:35 -0300] "GET /cormun/servlet/hpexe_link HTTP/1.1" 200 953
186.79.167.77 - - [21/Mar/2017:16:26:35 -0300] "GET /cormun/servlet/hhome HTTP/1.1" 200 3975
186.79.167.77 - - [21/Mar/2017:16:26:36 -0300] "GET /cormun/servlet/hhome HTTP/1.1" 200 3971
186.79.167.77 - - [21/Mar/2017:16:26:37 -0300] "GET /cormun/static/SmoothNavMenu/resources/images/right.gif HTTP/1.1" 200 860
186.79.167.77 - - [21/Mar/2017:16:26:43 -0300] "GET /cormun/servlet/trpermisosingoce? HTTP/1.1" 200 6778
186.79.167.77 - - [21/Mar/2017:16:26:44 -0300] "GET /cormun/static/gxcfg.js?2016111619312653 HTTP/1.1" 200 953
186.79.167.77 - - [21/Mar/2017:16:26:44 -0300] "GET /cormun/static/trpermisosingoce.js?2016111619313084 HTTP/1.1" 200 31498
186.79.167.77 - - [21/Mar/2017:16:26:45 -0300] "GET /cormun/servlet/trpermisosingoce? HTTP/1.1" 200 6777
186.79.167.77 - - [21/Mar/2017:16:26:47 -0300] "POST /cormun/servlet/acontrolpreferencessavestate?None,HPINTO,true HTTP/1.1" 200 35
186.79.167.77 - - [21/Mar/2017:16:26:49 -0300] "GET /cormun/servlet/trautorizarpermisogoce? HTTP/1.1" 200 6733
186.79.167.77 - - [21/Mar/2017:16:26:50 -0300] "GET /cormun/static/gxcfg.js?201731711543713 HTTP/1.1" 200 953
186.79.167.77 - - [21/Mar/2017:16:26:50 -0300] "GET /cormun/static/trautorizarpermisogoce.js?201731711544173 HTTP/1.1" 200 31036
186.79.167.77 - - [21/Mar/2017:16:26:51 -0300] "GET /cormun/servlet/trautorizarpermisogoce? HTTP/1.1" 200 6731
186.79.167.77 - - [21/Mar/2017:16:26:59 -0300] "GET /cormun/servlet/hlogin HTTP/1.1" 200 1747
186.103.159.182 - - [21/Mar/2017:16:28:09 -0300] "GET /cormun/servlet/hlogin HTTP/1.1" 200 1720
186.103.159.182 - - [21/Mar/2017:16:28:09 -0300] "GET /cormun/static/gxtimezone.js?85251 HTTP/1.1" 304 -
186.103.159.182 - - [21/Mar/2017:16:28:09 -0300] "GET /cormun/static/gxcfg.js?201731711485472 HTTP/1.1" 200 953
186.103.159.182 - - [21/Mar/2017:16:28:13 -0300] "POST /cormun/servlet/hlogin?f4bfafc385f00b94df81c269aa42e9c2,gx-no-cache=1490124561150 HTTP/1.1" 200 90
186.103.159.182 - - [21/Mar/2017:16:28:13 -0300] "GET /cormun/servlet/hpexe_link HTTP/1.1" 200 948
186.103.159.182 - - [21/Mar/2017:16:28:14 -0300] "GET /cormun/servlet/hhome HTTP/1.1" 200 4025
186.103.159.182 - - [21/Mar/2017:16:28:14 -0300] "GET /cormun/static/gxcfg.js?201731711483497 HTTP/1.1" 200 953
186.103.159.182 - - [21/Mar/2017:16:28:14 -0300] "GET /cormun/static/hhome.js?20173171148352 HTTP/1.1" 200 777
186.103.159.182 - - [21/Mar/2017:16:28:14 -0300] "GET /cormun/static/hpexe_messagegenexuscomponent.js?201731711335537 HTTP/1.1" 200 587
186.103.159.182 - - [21/Mar/2017:16:28:16 -0300] "GET /cormun/servlet/hhome HTTP/1.1" 200 4022
186.103.159.182 - - [21/Mar/2017:16:28:16 -0300] "GET /cormun/static/SmoothNavMenu/resources/images/down.gif HTTP/1.1" 200 854
186.103.159.182 - - [21/Mar/2017:16:28:16 -0300] "GET /cormun/static/SmoothNavMenu/resources/images/right.gif HTTP/1.1" 200 860
186.9.134.195 - - [21/Mar/2017:16:28:29 -0300] "GET /cormun/servlet/trsolicitudgral? HTTP/1.1" 200 9254
186.9.134.195 - - [21/Mar/2017:16:28:29 -0300] "GET /cormun/servlet/trsolicitudgral? HTTP/1.1" 200 9265
186.103.159.182 - - [21/Mar/2017:16:28:32 -0300] "GET /cormun/servlet/trpermisosgoce? HTTP/1.1" 200 8063
186.103.159.182 - - [21/Mar/2017:16:28:32 -0300] "GET /cormun/static/calendar.js?85251 HTTP/1.1" 304 -
186.103.159.182 - - [21/Mar/2017:16:28:32 -0300] "GET /cormun/static/calendar-setup.js?85251 HTTP/1.1" 304 -
186.103.159.182 - - [21/Mar/2017:16:28:32 -0300] "GET /cormun/static/calendar-es.js?85251 HTTP/1.1" 304 -
186.103.159.182 - - [21/Mar/2017:16:28:34 -0300] "GET /cormun/servlet/trpermisosgoce? HTTP/1.1" 200 8061
186.9.134.195 - - [21/Mar/2017:16:28:41 -0300] "POST /cormun/servlet/trsolicitudgral?8d4abbf9d24a0648bf2512851f3fe685,,gx-no-cache=1490124612670 HTTP/1.1" 200 22093
186.9.134.195 - - [21/Mar/2017:16:28:41 -0300] "GET /cormun/static/Resources/PXToolsGridNext.gif HTTP/1.1" 200 369
186.9.134.195 - - [21/Mar/2017:16:28:41 -0300] "GET /cormun/static/Resources/PXToolsGridLast.gif HTTP/1.1" 200 370
186.103.159.182 - - [21/Mar/2017:16:28:45 -0300] "GET /cormun/servlet/trpermisosadjuntos?15730716,20170316183712,P, HTTP/1.1" 200 6791
186.103.159.182 - - [21/Mar/2017:16:28:46 -0300] "GET /cormun/servlet/trpermisosadjuntos?15730716,20170316183712,P, HTTP/1.1" 200 6791
186.103.159.182 - - [21/Mar/2017:16:28:50 -0300] "POST /cormun/servlet/trpermisosadjuntos?f4bfafc385f00b94df81c269aa42e9c2,15730716,20170316183712,P,,gx-no-cache=1490124597357 HTTP/1.1" 200 90
186.103.159.182 - - [21/Mar/2017:16:28:50 -0300] "GET /cormun/servlet/hpexe_link HTTP/1.1" 200 979
186.103.159.182 - - [21/Mar/2017:16:28:50 -0300] "GET /cormun/servlet/trpermisosgoce HTTP/1.1" 200 8062
186.103.159.182 - - [21/Mar/2017:16:28:51 -0300] "GET /cormun/servlet/trpermisosgoce HTTP/1.1" 200 8061
186.103.159.182 - - [21/Mar/2017:16:28:55 -0300] "POST /cormun/servlet/trpermisosgoce?f4bfafc385f00b94df81c269aa42e9c2,gx-no-cache=1490124602309 HTTP/1.1" 200 5298
186.103.159.182 - - [21/Mar/2017:16:28:58 -0300] "POST /cormun/servlet/trpermisosgoce?f4bfafc385f00b94df81c269aa42e9c2,gx-no-cache=1490124605316 HTTP/1.1" 200 5298
186.103.159.182 - - [21/Mar/2017:16:29:04 -0300] "GET /cormun/servlet/trautorizarpermisogoce? HTTP/1.1" 200 6765
186.103.159.182 - - [21/Mar/2017:16:29:06 -0300] "GET /cormun/servlet/trautorizarpermisogoce? HTTP/1.1" 200 6765
186.103.159.182 - - [21/Mar/2017:16:29:09 -0300] "POST /cormun/servlet/trautorizarpermisogoce?f4bfafc385f00b94df81c269aa42e9c2,,gx-no-cache=1490124617119 HTTP/1.1" 200 4050
186.103.159.182 - - [21/Mar/2017:16:29:20 -0300] "POST /cormun/servlet/trautorizarpermisogoce?f4bfafc385f00b94df81c269aa42e9c2,,gx-no-cache=1490124626944 HTTP/1.1" 200 5250
186.103.159.182 - - [21/Mar/2017:16:29:26 -0300] "POST /cormun/servlet/trautorizarpermisogoce?f4bfafc385f00b94df81c269aa42e9c2,,gx-no-cache=1490124633919 HTTP/1.1" 200 5269
186.103.159.182 - - [21/Mar/2017:16:29:26 -0300] "GET /cormun/static/Shared/jqueryui/images/ui-bg_highlight-soft_100_c6c2c8_1x100.png HTTP/1.1" 404 1117
186.103.159.182 - - [21/Mar/2017:16:29:26 -0300] "GET /cormun/static/Shared/jqueryui/images/ui-icons_82798d_256x240.png HTTP/1.1" 404 1089
186.103.159.182 - - [21/Mar/2017:16:29:26 -0300] "GET /cormun/static/Shared/jqueryui/images/ui-bg_flat_55_fafafa_40x100.png HTTP/1.1" 404 1097
186.103.159.182 - - [21/Mar/2017:16:29:26 -0300] "GET /cormun/static/Shared/jqueryui/images/ui-icons_8d78a5_256x240.png HTTP/1.1" 404 1089
186.103.159.182 - - [21/Mar/2017:16:29:38 -0300] "GET /cormun/servlet/trpermisosgoce? HTTP/1.1" 200 8061
186.103.159.182 - - [21/Mar/2017:16:29:40 -0300] "GET /cormun/servlet/trpermisosgoce? HTTP/1.1" 200 8061
186.103.159.183 - - [21/Mar/2017:16:29:44 -0300] "GET /cormun/servlet/hlogin HTTP/1.1" 200 1723
186.103.159.183 - - [21/Mar/2017:16:29:44 -0300] "GET /cormun/static/gxcfg.js?201731711485472 HTTP/1.1" 200 953
186.103.159.183 - - [21/Mar/2017:16:29:44 -0300] "GET /cormun/static/gxtimezone.js?85251 HTTP/1.1" 200 5781
186.103.159.183 - - [21/Mar/2017:16:29:44 -0300] "GET /cormun/static/hlogin.js?201731711485490 HTTP/1.1" 200 2136
186.103.159.183 - - [21/Mar/2017:16:29:44 -0300] "GET /cormun/static/messages.spa.js?85251 HTTP/1.1" 200 30736
186.103.159.183 - - [21/Mar/2017:16:29:44 -0300] "GET /cormun/static/Resources/Spanish/PXTools.css?11294912 HTTP/1.1" 200 89042
186.103.159.183 - - [21/Mar/2017:16:29:44 -0300] "GET /cormun/static/gxgral.js?85251 HTTP/1.1" 200 384558
186.103.159.183 - - [21/Mar/2017:16:29:44 -0300] "GET /cormun/static/Resources/ComunLogin.png HTTP/1.1" 200 17326
186.103.159.183 - - [21/Mar/2017:16:29:44 -0300] "GET /cormun/static/Resources/PXToolsLoginTop.png HTTP/1.1" 200 1337
186.103.159.183 - - [21/Mar/2017:16:29:44 -0300] "GET /cormun/static/Resources/PXToolsLoginBackground.png HTTP/1.1" 200 1164
186.103.159.183 - - [21/Mar/2017:16:29:44 -0300] "GET /cormun/static/Resources/PXToolsButtonLeft21.png HTTP/1.1" 200 1287
186.103.159.183 - - [21/Mar/2017:16:29:44 -0300] "GET /cormun/static/Resources/PXToolsButtonRight21.png HTTP/1.1" 200 1283
186.103.159.183 - - [21/Mar/2017:16:29:44 -0300] "GET /cormun/static/Resources/PXToolsButtonBackground2.png HTTP/1.1" 200 1181
186.103.159.183 - - [21/Mar/2017:16:29:44 -0300] "GET /cormun/static/Resources/PXToolsLoginBottom.png HTTP/1.1" 200 1389
186.103.159.183 - - [21/Mar/2017:16:29:44 -0300] "GET /cormun/static/Resources/indicator.gif HTTP/1.1" 200 1553
186.103.159.183 - - [21/Mar/2017:16:29:44 -0300] "GET /cormun/servlet/hlogin HTTP/1.1" 200 1732
186.103.159.183 - - [21/Mar/2017:16:29:44 -0300] "GET /favicon.ico HTTP/1.1" 200 21630
186.103.159.183 - - [21/Mar/2017:16:29:45 -0300] "GET /favicon.ico HTTP/1.1" 200 21630
186.103.159.183 - - [21/Mar/2017:16:29:45 -0300] "GET /favicon.ico HTTP/1.1" 200 21630
186.103.159.182 - - [21/Mar/2017:16:29:45 -0300] "GET /cormun/servlet/trpermisosadjuntos?15730716,20170316183712,P, HTTP/1.1" 200 6792
186.103.159.182 - - [21/Mar/2017:16:29:47 -0300] "GET /cormun/servlet/trpermisosadjuntos?15730716,20170316183712,P, HTTP/1.1" 200 6792
186.103.159.182 - - [21/Mar/2017:16:29:50 -0300] "GET /cormun/servlet/permisosadjuntos?DLT,15730716,P,20170316183712,20170321130116, HTTP/1.1" 200 5696
186.103.159.182 - - [21/Mar/2017:16:29:51 -0300] "GET /cormun/PublicTempStorage/bolbaran4622531.pdf HTTP/1.1" 200 285832
186.103.159.182 - - [21/Mar/2017:16:29:52 -0300] "GET /cormun/static/Shared/jqueryui/images/ui-bg_highlight-soft_100_c6c2c8_1x100.png HTTP/1.1" 404 1117
186.103.159.182 - - [21/Mar/2017:16:29:52 -0300] "GET /cormun/static/Shared/jqueryui/images/ui-icons_82798d_256x240.png HTTP/1.1" 404 1089
186.103.159.182 - - [21/Mar/2017:16:29:52 -0300] "GET /cormun/static/Shared/jqueryui/images/ui-bg_flat_55_fafafa_40x100.png HTTP/1.1" 404 1097
186.103.159.182 - - [21/Mar/2017:16:29:52 -0300] "GET /cormun/static/Shared/jqueryui/images/ui-icons_8d78a5_256x240.png HTTP/1.1" 404 1089
186.103.159.182 - - [21/Mar/2017:16:29:52 -0300] "GET /cormun/servlet/permisosadjuntos?DLT,15730716,P,20170316183712,20170321130116, HTTP/1.1" 200 5687
186.103.159.182 - - [21/Mar/2017:16:29:54 -0300] "POST /cormun/servlet/permisosadjuntos?f4bfafc385f00b94df81c269aa42e9c2,DLT,15730716,P,20170316183712,20170321130116,,gx-no-cache=1490124662041 HTTP/1.1" 200 93
186.103.159.182 - - [21/Mar/2017:16:29:54 -0300] "GET /cormun/servlet/hpexe_return? HTTP/1.1" 200 1040
186.103.159.182 - - [21/Mar/2017:16:29:55 -0300] "GET /cormun/servlet/trpermisosadjuntos?15730716,20170316183712,P, HTTP/1.1" 200 6338
186.103.159.182 - - [21/Mar/2017:16:29:56 -0300] "GET /cormun/servlet/trpermisosadjuntos?15730716,20170316183712,P, HTTP/1.1" 200 6335
186.103.159.182 - - [21/Mar/2017:16:30:02 -0300] "GET /cormun/servlet/permisosadjuntos?INS,15730716,P,20170316183712,, HTTP/1.1" 200 5666
186.103.159.182 - - [21/Mar/2017:16:30:02 -0300] "GET /cormun/static/about:blank HTTP/1.1" 404 1011
186.103.159.182 - - [21/Mar/2017:16:30:03 -0300] "GET /cormun/servlet/permisosadjuntos?INS,15730716,P,20170316183712,, HTTP/1.1" 200 5656
186.103.159.182 - - [21/Mar/2017:16:30:12 -0300] "POST /cormun/servlet/permisosadjuntos?f4bfafc385f00b94df81c269aa42e9c2,INS,15730716,P,20170316183712,, HTTP/1.1" 200 116
186.103.159.182 - - [21/Mar/2017:16:30:12 -0300] "GET /cormun/servlet/hpexe_return? HTTP/1.1" 200 1033
186.103.159.182 - - [21/Mar/2017:16:30:13 -0300] "GET /cormun/servlet/trpermisosadjuntos?15730716,20170316183712,P, HTTP/1.1" 200 6795
186.103.159.182 - - [21/Mar/2017:16:30:14 -0300] "GET /cormun/servlet/trpermisosadjuntos?15730716,20170316183712,P, HTTP/1.1" 200 6792
186.103.159.182 - - [21/Mar/2017:16:30:18 -0300] "POST /cormun/servlet/trpermisosadjuntos?f4bfafc385f00b94df81c269aa42e9c2,15730716,20170316183712,P,,gx-no-cache=1490124686024 HTTP/1.1" 200 90
186.103.159.182 - - [21/Mar/2017:16:30:18 -0300] "GET /cormun/servlet/hpexe_link HTTP/1.1" 200 979
186.103.159.182 - - [21/Mar/2017:16:30:19 -0300] "GET /cormun/servlet/trpermisosgoce HTTP/1.1" 200 8065
186.103.159.182 - - [21/Mar/2017:16:30:20 -0300] "GET /cormun/servlet/trpermisosgoce HTTP/1.1" 200 8061
186.103.159.182 - - [21/Mar/2017:16:30:28 -0300] "POST /cormun/servlet/trpermisosgoce?f4bfafc385f00b94df81c269aa42e9c2,gx-no-cache=1490124695480 HTTP/1.1" 200 5299
192.168.10.89 - - [21/Mar/2017:16:30:36 -0300] "GET /cormun/servlet/hlogin HTTP/1.1" 200 1741
186.103.159.182 - - [21/Mar/2017:16:30:37 -0300] "GET /cormun/servlet/trpermisosadjuntos?15730716,20170316183712,P, HTTP/1.1" 200 6793
186.103.159.182 - - [21/Mar/2017:16:30:39 -0300] "GET /cormun/servlet/trpermisosadjuntos?15730716,20170316183712,P, HTTP/1.1" 200 6792
192.168.10.89 - - [21/Mar/2017:16:30:43 -0300] "POST /cormun/servlet/hlogin?2b0f50ea279b6f0d544c7dee0c3d0d18,gx-no-cache=1490127923605 HTTP/1.1" 200 90
192.168.10.89 - - [21/Mar/2017:16:30:43 -0300] "GET /cormun/servlet/hpexe_link HTTP/1.1" 200 947
192.168.10.89 - - [21/Mar/2017:16:30:44 -0300] "GET /cormun/servlet/hhome HTTP/1.1" 200 4391
186.103.159.182 - - [21/Mar/2017:16:30:45 -0300] "POST /cormun/servlet/trpermisosadjuntos?f4bfafc385f00b94df81c269aa42e9c2,15730716,20170316183712,P,,gx-no-cache=1490124712861 HTTP/1.1" 200 90
186.103.159.182 - - [21/Mar/2017:16:30:45 -0300] "GET /cormun/servlet/hpexe_link HTTP/1.1" 200 1001
186.103.159.182 - - [21/Mar/2017:16:30:46 -0300] "GET /cormun/servlet/trpermisosgoce?gx-no-cache=1490124695480 HTTP/1.1" 200 8062
186.103.159.182 - - [21/Mar/2017:16:30:47 -0300] "GET /cormun/servlet/trpermisosgoce?gx-no-cache=1490124695480 HTTP/1.1" 200 8082
192.168.10.89 - - [21/Mar/2017:16:30:49 -0300] "GET /cormun/servlet/trsolicitudgral? HTTP/1.1" 200 25331
186.103.159.182 - - [21/Mar/2017:16:30:50 -0300] "POST /cormun/servlet/trpermisosgoce?f4bfafc385f00b94df81c269aa42e9c2,gx-no-cache=1490124695480,gx-no-cache=1490124718000 HTTP/1.1" 200 5299
192.168.10.89 - - [21/Mar/2017:16:30:55 -0300] "GET /cormun/static/menuarrow.gif HTTP/1.1" 404 1015
186.103.159.182 - - [21/Mar/2017:16:30:57 -0300] "GET /cormun/servlet/trpermisosadjuntos?9682951,20170316184013,P, HTTP/1.1" 200 6808
186.103.159.182 - - [21/Mar/2017:16:30:58 -0300] "GET /cormun/servlet/trpermisosadjuntos?9682951,20170316184013,P, HTTP/1.1" 200 6788
186.103.159.182 - - [21/Mar/2017:16:31:01 -0300] "GET /cormun/servlet/permisosadjuntos?DLT,9682951,P,20170316184013,20170321130431, HTTP/1.1" 200 5691
186.103.159.182 - - [21/Mar/2017:16:31:01 -0300] "GET /cormun/PublicTempStorage/donoso3006895.pdf HTTP/1.1" 200 283134
186.103.159.182 - - [21/Mar/2017:16:31:02 -0300] "GET /cormun/static/Shared/jqueryui/images/ui-bg_highlight-soft_100_c6c2c8_1x100.png HTTP/1.1" 404 1117
186.103.159.182 - - [21/Mar/2017:16:31:02 -0300] "GET /cormun/static/Shared/jqueryui/images/ui-bg_flat_55_fafafa_40x100.png HTTP/1.1" 404 1097
186.103.159.182 - - [21/Mar/2017:16:31:02 -0300] "GET /cormun/static/Shared/jqueryui/images/ui-icons_8d78a5_256x240.png HTTP/1.1" 404 1089
186.103.159.182 - - [21/Mar/2017:16:31:02 -0300] "GET /cormun/static/Shared/jqueryui/images/ui-icons_82798d_256x240.png HTTP/1.1" 404 1089
186.103.159.182 - - [21/Mar/2017:16:31:02 -0300] "GET /cormun/servlet/permisosadjuntos?DLT,9682951,P,20170316184013,20170321130431, HTTP/1.1" 200 5681
192.168.10.89 - - [21/Mar/2017:16:31:04 -0300] "POST /cormun/servlet/trsolicitudgral?2b0f50ea279b6f0d544c7dee0c3d0d18,,gx-no-cache=1490127944735 HTTP/1.1" 200 5393
186.103.159.182 - - [21/Mar/2017:16:31:06 -0300] "POST /cormun/servlet/permisosadjuntos?f4bfafc385f00b94df81c269aa42e9c2,DLT,9682951,P,20170316184013,20170321130431,,gx-no-cache=1490124733231 HTTP/1.1" 200 93
186.103.159.182 - - [21/Mar/2017:16:31:06 -0300] "GET /cormun/servlet/hpexe_return? HTTP/1.1" 200 1039
186.103.159.182 - - [21/Mar/2017:16:31:06 -0300] "GET /cormun/servlet/trpermisosadjuntos?9682951,20170316184013,P, HTTP/1.1" 200 6333
186.103.159.182 - - [21/Mar/2017:16:31:08 -0300] "GET /cormun/servlet/trpermisosadjuntos?9682951,20170316184013,P, HTTP/1.1" 200 6330
186.103.159.182 - - [21/Mar/2017:16:31:10 -0300] "GET /cormun/servlet/permisosadjuntos?INS,9682951,P,20170316184013,, HTTP/1.1" 200 5662
186.103.159.182 - - [21/Mar/2017:16:31:10 -0300] "GET /cormun/static/about:blank HTTP/1.1" 404 1011
192.168.10.89 - - [21/Mar/2017:16:31:11 -0300] "POST /cormun/servlet/trsolicitudgral?2b0f50ea279b6f0d544c7dee0c3d0d18,,gx-no-cache=1490127951827 HTTP/1.1" 200 5395
186.103.159.182 - - [21/Mar/2017:16:31:12 -0300] "GET /cormun/servlet/permisosadjuntos?INS,9682951,P,20170316184013,, HTTP/1.1" 200 5652
186.103.159.182 - - [21/Mar/2017:16:31:20 -0300] "POST /cormun/servlet/permisosadjuntos?f4bfafc385f00b94df81c269aa42e9c2,INS,9682951,P,20170316184013,, HTTP/1.1" 200 116
186.103.159.182 - - [21/Mar/2017:16:31:20 -0300] "GET /cormun/servlet/hpexe_return? HTTP/1.1" 200 1030
186.103.159.182 - - [21/Mar/2017:16:31:20 -0300] "GET /cormun/servlet/trpermisosadjuntos?9682951,20170316184013,P, HTTP/1.1" 200 6788
186.103.159.182 - - [21/Mar/2017:16:31:22 -0300] "GET /cormun/servlet/trpermisosadjuntos?9682951,20170316184013,P, HTTP/1.1" 200 6787
192.168.10.89 - - [21/Mar/2017:16:31:23 -0300] "POST /cormun/servlet/trsolicitudgral?2b0f50ea279b6f0d544c7dee0c3d0d18,,gx-no-cache=1490127964178 HTTP/1.1" 200 5392
186.103.159.182 - - [21/Mar/2017:16:31:25 -0300] "POST /cormun/servlet/trpermisosadjuntos?f4bfafc385f00b94df81c269aa42e9c2,9682951,20170316184013,P,,gx-no-cache=1490124752703 HTTP/1.1" 200 90
186.103.159.182 - - [21/Mar/2017:16:31:25 -0300] "GET /cormun/servlet/hpexe_link HTTP/1.1" 200 998
186.103.159.182 - - [21/Mar/2017:16:31:25 -0300] "GET /cormun/servlet/trpermisosgoce?gx-no-cache=1490124695480 HTTP/1.1" 200 8062
186.103.159.182 - - [21/Mar/2017:16:31:27 -0300] "GET /cormun/servlet/trpermisosgoce?gx-no-cache=1490124695480 HTTP/1.1" 200 8082
186.103.159.182 - - [21/Mar/2017:16:31:31 -0300] "POST /cormun/servlet/trpermisosgoce?f4bfafc385f00b94df81c269aa42e9c2,gx-no-cache=1490124695480,gx-no-cache=1490124758322 HTTP/1.1" 200 5302
192.168.10.89 - - [21/Mar/2017:16:31:31 -0300] "POST /cormun/servlet/trsolicitudgral?2b0f50ea279b6f0d544c7dee0c3d0d18,,gx-no-cache=1490127971679 HTTP/1.1" 200 5392
186.103.159.182 - - [21/Mar/2017:16:31:33 -0300] "POST /cormun/servlet/trpermisosgoce?f4bfafc385f00b94df81c269aa42e9c2,gx-no-cache=1490124695480,gx-no-cache=1490124760517 HTTP/1.1" 200 5299
186.103.159.182 - - [21/Mar/2017:16:31:38 -0300] "GET /cormun/servlet/trautorizarpermisogoce? HTTP/1.1" 200 7973
186.103.159.182 - - [21/Mar/2017:16:31:40 -0300] "GET /cormun/servlet/trautorizarpermisogoce? HTTP/1.1" 200 7952
186.103.159.182 - - [21/Mar/2017:16:31:46 -0300] "POST /cormun/servlet/trautorizarpermisogoce?f4bfafc385f00b94df81c269aa42e9c2,,gx-no-cache=1490124773584 HTTP/1.1" 200 5275
186.103.159.182 - - [21/Mar/2017:16:31:46 -0300] "GET /cormun/static/Shared/jqueryui/images/ui-bg_highlight-soft_100_c6c2c8_1x100.png HTTP/1.1" 404 1117
186.103.159.182 - - [21/Mar/2017:16:31:46 -0300] "GET /cormun/static/Shared/jqueryui/images/ui-icons_82798d_256x240.png HTTP/1.1" 404 1089
186.103.159.182 - - [21/Mar/2017:16:31:46 -0300] "GET /cormun/static/Shared/jqueryui/images/ui-bg_flat_55_fafafa_40x100.png HTTP/1.1" 404 1097
186.103.159.182 - - [21/Mar/2017:16:31:46 -0300] "GET /cormun/static/Shared/jqueryui/images/ui-icons_8d78a5_256x240.png HTTP/1.1" 404 1089
186.103.159.182 - - [21/Mar/2017:16:31:58 -0300] "GET /cormun/servlet/trpermisosadjuntos?15730716,20170316183712,P, HTTP/1.1" 200 6797
186.103.159.182 - - [21/Mar/2017:16:32:00 -0300] "GET /cormun/servlet/trpermisosadjuntos?15730716,20170316183712,P, HTTP/1.1" 200 6797
186.103.159.182 - - [21/Mar/2017:16:32:03 -0300] "GET /cormun/PublicTempStorage/bolbaran9839200.pdf HTTP/1.1" 200 285832
186.103.159.182 - - [21/Mar/2017:16:32:22 -0300] "GET /cormun/servlet/trpermisosadjuntos?15730716,20170316183712,P, HTTP/1.1" 200 6797
186.103.159.182 - - [21/Mar/2017:16:32:23 -0300] "GET /cormun/servlet/trpermisosadjuntos?15730716,20170316183712,P, HTTP/1.1" 200 6797
186.103.159.182 - - [21/Mar/2017:16:32:27 -0300] "POST /cormun/servlet/trpermisosadjuntos?f4bfafc385f00b94df81c269aa42e9c2,15730716,20170316183712,P,,gx-no-cache=1490124814929 HTTP/1.1" 200 90
186.103.159.182 - - [21/Mar/2017:16:32:27 -0300] "GET /cormun/servlet/hpexe_link HTTP/1.1" 200 988
186.103.159.182 - - [21/Mar/2017:16:32:27 -0300] "GET /cormun/servlet/trautorizarpermisogoce? HTTP/1.1" 200 7953
186.103.159.182 - - [21/Mar/2017:16:32:29 -0300] "GET /cormun/servlet/trautorizarpermisogoce? HTTP/1.1" 200 7952
186.103.159.182 - - [21/Mar/2017:16:32:33 -0300] "POST /cormun/servlet/trautorizarpermisogoce?f4bfafc385f00b94df81c269aa42e9c2,,gx-no-cache=1490124821059 HTTP/1.1" 200 5266
186.103.159.182 - - [21/Mar/2017:16:32:33 -0300] "GET /cormun/static/Shared/jqueryui/images/ui-bg_highlight-soft_100_c6c2c8_1x100.png HTTP/1.1" 404 1117
186.103.159.182 - - [21/Mar/2017:16:32:33 -0300] "GET /cormun/static/Shared/jqueryui/images/ui-icons_82798d_256x240.png HTTP/1.1" 404 1089
186.103.159.182 - - [21/Mar/2017:16:32:33 -0300] "GET /cormun/static/Shared/jqueryui/images/ui-icons_8d78a5_256x240.png HTTP/1.1" 404 1089
186.103.159.182 - - [21/Mar/2017:16:32:33 -0300] "GET /cormun/static/Shared/jqueryui/images/ui-bg_flat_55_fafafa_40x100.png HTTP/1.1" 404 1097
186.103.159.182 - - [21/Mar/2017:16:32:36 -0300] "POST /cormun/servlet/trautorizarpermisogoce?f4bfafc385f00b94df81c269aa42e9c2,,gx-no-cache=1490124824107 HTTP/1.1" 200 5266
186.103.159.182 - - [21/Mar/2017:16:32:39 -0300] "GET /cormun/servlet/trpermisosadjuntos?15730716,20170316183712,P, HTTP/1.1" 200 6797
186.103.159.182 - - [21/Mar/2017:16:32:41 -0300] "GET /cormun/servlet/trpermisosadjuntos?15730716,20170316183712,P, HTTP/1.1" 200 6798
186.103.159.182 - - [21/Mar/2017:16:32:43 -0300] "GET /cormun/servlet/permisosadjuntos?INS,15730716,P,20170316183712,, HTTP/1.1" 200 5665
200.111.191.210 - - [21/Mar/2017:16:32:43 -0300] "GET /cormun/servlet/hlogin HTTP/1.1" 200 1717
186.103.159.182 - - [21/Mar/2017:16:32:44 -0300] "GET /cormun/static/about:blank HTTP/1.1" 404 1011
186.103.159.182 - - [21/Mar/2017:16:32:45 -0300] "GET /cormun/servlet/permisosadjuntos?INS,15730716,P,20170316183712,, HTTP/1.1" 200 5655
200.111.191.210 - - [21/Mar/2017:16:32:48 -0300] "POST /cormun/servlet/hlogin?4bf99674eaa7be9da7c54c94c8a71e1e,gx-no-cache=1490128346377 HTTP/1.1" 200 90
200.111.191.210 - - [21/Mar/2017:16:32:48 -0300] "GET /cormun/servlet/hpexe_link HTTP/1.1" 200 964
200.111.191.210 - - [21/Mar/2017:16:32:48 -0300] "GET /cormun/servlet/licenciaspermisos?INS,0,,, HTTP/1.1" 200 7099
200.111.191.210 - - [21/Mar/2017:16:32:54 -0300] "GET /cormun/servlet/trlicencias? HTTP/1.1" 200 6568
186.103.159.182 - - [21/Mar/2017:16:32:57 -0300] "POST /cormun/servlet/permisosadjuntos?f4bfafc385f00b94df81c269aa42e9c2,INS,15730716,P,20170316183712,, HTTP/1.1" 200 116
186.103.159.182 - - [21/Mar/2017:16:32:57 -0300] "GET /cormun/servlet/hpexe_return? HTTP/1.1" 200 1033
186.103.159.182 - - [21/Mar/2017:16:32:57 -0300] "GET /cormun/servlet/trpermisosadjuntos?15730716,20170316183712,P, HTTP/1.1" 200 6918
200.111.191.210 - - [21/Mar/2017:16:32:57 -0300] "GET /cormun/servlet/licenciaspermisos?INS,0,,, HTTP/1.1" 200 7098
186.103.159.182 - - [21/Mar/2017:16:32:59 -0300] "GET /cormun/servlet/trpermisosadjuntos?15730716,20170316183712,P, HTTP/1.1" 200 6914
186.103.159.182 - - [21/Mar/2017:16:33:03 -0300] "POST /cormun/servlet/trpermisosadjuntos?f4bfafc385f00b94df81c269aa42e9c2,15730716,20170316183712,P,,gx-no-cache=1490124851106 HTTP/1.1" 200 90
186.103.159.182 - - [21/Mar/2017:16:33:03 -0300] "GET /cormun/servlet/hpexe_link HTTP/1.1" 200 988
186.103.159.182 - - [21/Mar/2017:16:33:04 -0300] "GET /cormun/servlet/trautorizarpermisogoce? HTTP/1.1" 200 7953
186.103.159.182 - - [21/Mar/2017:16:33:05 -0300] "GET /cormun/servlet/trautorizarpermisogoce? HTTP/1.1" 200 7952
200.111.191.210 - - [21/Mar/2017:16:33:05 -0300] "GET /cormun/servlet/licenciaspermisos?f6e032df485f9b6249a5e70a6c47c161e1fa29d87712d26a482879aca92fa08cf469190e76f24d8eaf28b625f91e1c7a,gx-no-cache=1490128363561 HTTP/1.1" 200 69
200.111.191.210 - - [21/Mar/2017:16:33:05 -0300] "POST /cormun/servlet/licenciaspermisos?4bf99674eaa7be9da7c54c94c8a71e1e,INS,0,,,,gx-no-cache=1490128363595 HTTP/1.1" 200 4411
186.103.159.182 - - [21/Mar/2017:16:33:12 -0300] "POST /cormun/servlet/trautorizarpermisogoce?f4bfafc385f00b94df81c269aa42e9c2,,gx-no-cache=1490124859548 HTTP/1.1" 200 5267
186.103.159.182 - - [21/Mar/2017:16:33:12 -0300] "GET /cormun/static/Shared/jqueryui/images/ui-bg_highlight-soft_100_c6c2c8_1x100.png HTTP/1.1" 404 1117
186.103.159.182 - - [21/Mar/2017:16:33:12 -0300] "GET /cormun/static/Shared/jqueryui/images/ui-icons_82798d_256x240.png HTTP/1.1" 404 1089
186.103.159.182 - - [21/Mar/2017:16:33:12 -0300] "GET /cormun/static/Shared/jqueryui/images/ui-bg_flat_55_fafafa_40x100.png HTTP/1.1" 404 1097
186.103.159.182 - - [21/Mar/2017:16:33:12 -0300] "GET /cormun/static/Shared/jqueryui/images/ui-icons_8d78a5_256x240.png HTTP/1.1" 404 1089
186.103.159.182 - - [21/Mar/2017:16:33:21 -0300] "GET /cormun/static/menuarrow.gif HTTP/1.1" 404 1015
186.103.159.182 - - [21/Mar/2017:16:33:29 -0300] "POST /cormun/servlet/trautorizarpermisogoce?f4bfafc385f00b94df81c269aa42e9c2,,gx-no-cache=1490124876271 HTTP/1.1" 200 4832
186.103.159.183 - - [21/Mar/2017:16:33:37 -0300] "POST /cormun/servlet/hlogin?0b3d26e11580f5df833f5b45270d769d,gx-no-cache=1490124886728 HTTP/1.1" 200 90
186.103.159.183 - - [21/Mar/2017:16:33:37 -0300] "GET /cormun/servlet/hpexe_link HTTP/1.1" 200 954
186.103.159.183 - - [21/Mar/2017:16:33:37 -0300] "GET /cormun/static/gxcfg.js?201731711483381 HTTP/1.1" 200 953
186.103.159.183 - - [21/Mar/2017:16:33:37 -0300] "GET /cormun/static/hpexe_link.js?201731711483384 HTTP/1.1" 200 625
186.103.159.183 - - [21/Mar/2017:16:33:37 -0300] "GET /cormun/servlet/hhome HTTP/1.1" 200 3987
186.103.159.183 - - [21/Mar/2017:16:33:38 -0300] "GET /cormun/static/Shared/jqueryui/jquery-ui.min.css?1245370 HTTP/1.1" 200 30288
186.103.159.183 - - [21/Mar/2017:16:33:38 -0300] "GET /cormun/static/SmoothNavMenu/resources/ddsmoothmenu.css?1012540 HTTP/1.1" 200 2223
186.103.159.183 - - [21/Mar/2017:16:33:38 -0300] "GET /cormun/static/SmoothNavMenu/resources/ddsmoothmenu-v.css?1012540 HTTP/1.1" 200 1188
186.103.159.183 - - [21/Mar/2017:16:33:38 -0300] "GET /cormun/static/gxcfg.js?201731711483497 HTTP/1.1" 200 953
186.103.159.183 - - [21/Mar/2017:16:33:38 -0300] "GET /cormun/static/PXToolsJavascripts/pexe_autoreload.js HTTP/1.1" 200 1762
186.103.159.183 - - [21/Mar/2017:16:33:38 -0300] "GET /cormun/static/PXToolsJavascripts/pexe_cookies.js HTTP/1.1" 200 792
186.103.159.183 - - [21/Mar/2017:16:33:38 -0300] "GET /cormun/static/scaMessage/css/jquery.pnotify.default.css?1716380 HTTP/1.1" 200 1707
186.103.159.183 - - [21/Mar/2017:16:33:38 -0300] "GET /cormun/static/PXToolsJavascripts/pexe_windows.js HTTP/1.1" 200 15207
186.103.159.183 - - [21/Mar/2017:16:33:38 -0300] "GET /cormun/static/PXToolsJavascripts/pexe_griddivfix.js HTTP/1.1" 200 6644
186.103.159.183 - - [21/Mar/2017:16:33:38 -0300] "GET /cormun/static/PXToolsJavascripts/pexe_menudivfix.js HTTP/1.1" 200 333
186.103.159.183 - - [21/Mar/2017:16:33:38 -0300] "GET /cormun/static/PXToolsJavascripts/pexe_link.js HTTP/1.1" 200 5671
186.103.159.183 - - [21/Mar/2017:16:33:38 -0300] "GET /cormun/static/PXToolsJavascripts/pexe_menus.js HTTP/1.1" 200 1286
186.103.159.183 - - [21/Mar/2017:16:33:38 -0300] "GET /cormun/static/PXToolsJavascripts/pexe_layers.js HTTP/1.1" 200 4114
186.103.159.183 - - [21/Mar/2017:16:33:38 -0300] "GET /cormun/static/PXToolsJavascripts/pexe_grid.js HTTP/1.1" 200 7559
186.103.159.183 - - [21/Mar/2017:16:33:38 -0300] "GET /cormun/static/PXToolsJavascripts/pexe_oav.js HTTP/1.1" 200 645
186.103.159.183 - - [21/Mar/2017:16:33:38 -0300] "GET /cormun/static/PXToolsJavascripts/pexe_oavdivfix.js HTTP/1.1" 200 639
186.103.159.183 - - [21/Mar/2017:16:33:38 -0300] "GET /cormun/static/PXToolsJavascripts/pexe_picture.js HTTP/1.1" 200 689
186.103.159.183 - - [21/Mar/2017:16:33:38 -0300] "GET /cormun/static/PXToolsJavascripts/pexe_popup.js HTTP/1.1" 200 13458
186.103.159.183 - - [21/Mar/2017:16:33:38 -0300] "GET /cormun/static/PXToolsJavascripts/pexe_scrolldiv.js HTTP/1.1" 200 4138
186.103.159.183 - - [21/Mar/2017:16:33:38 -0300] "GET /cormun/static/PXToolsJavascripts/pexe_tabdivfix.js HTTP/1.1" 200 876
186.103.159.183 - - [21/Mar/2017:16:33:38 -0300] "GET /cormun/static/PXToolsJavascripts/pexe_tabs.js HTTP/1.1" 200 3748
186.103.159.183 - - [21/Mar/2017:16:33:38 -0300] "GET /cormun/static/PXToolsJavascripts/pexe_upload.js HTTP/1.1" 200 1423
186.103.159.183 - - [21/Mar/2017:16:33:38 -0300] "GET /cormun/static/PXToolsJavascripts/PXToolsJavascriptsRender.js HTTP/1.1" 200 367
186.103.159.183 - - [21/Mar/2017:16:33:38 -0300] "GET /cormun/static/RunJS/RunJS.js HTTP/1.1" 200 288
186.103.159.183 - - [21/Mar/2017:16:33:38 -0300] "GET /cormun/static/Shared/ext/locale/ext-lang-en.js HTTP/1.1" 200 10940
186.103.159.183 - - [21/Mar/2017:16:33:38 -0300] "GET /cormun/static/hhome.js?20173171148352 HTTP/1.1" 200 777
186.103.159.183 - - [21/Mar/2017:16:33:38 -0300] "GET /cormun/static/Resources/logo4.png HTTP/1.1" 200 6582
186.103.159.183 - - [21/Mar/2017:16:33:38 -0300] "GET /cormun/static/Resources/PXToolsHeaderActionsLeft.png HTTP/1.1" 200 1118
186.103.159.183 - - [21/Mar/2017:16:33:38 -0300] "GET /cormun/static/gxui/gxui-all.js HTTP/1.1" 200 107772
186.103.159.183 - - [21/Mar/2017:16:33:38 -0300] "GET /cormun/static/Resources/PXToolsHeaderHome.png HTTP/1.1" 200 4147
186.103.159.183 - - [21/Mar/2017:16:33:38 -0300] "GET /cormun/static/Resources/PXToolsHeaderPreferences.png HTTP/1.1" 200 4189
186.103.159.183 - - [21/Mar/2017:16:33:38 -0300] "GET /cormun/static/Resources/PXToolsHeaderLogin.png HTTP/1.1" 200 4279
186.103.159.183 - - [21/Mar/2017:16:33:38 -0300] "GET /cormun/static/Resources/PXToolsFooterBackground2.png HTTP/1.1" 200 1172
186.103.159.183 - - [21/Mar/2017:16:33:38 -0300] "GET /cormun/static/Resources/PXToolsHeaderBackground2.png HTTP/1.1" 200 1174
186.103.159.183 - - [21/Mar/2017:16:33:38 -0300] "GET /cormun/static/Resources/PXToolsHeaderActionsBackground.png HTTP/1.1" 200 484
186.103.159.183 - - [21/Mar/2017:16:33:38 -0300] "GET /cormun/static/Resources/PXToolsDataTitle.png HTTP/1.1" 200 1173
186.103.159.183 - - [21/Mar/2017:16:33:38 -0300] "GET /cormun/static/Resources/PXToolsHeaderActionsRight.png HTTP/1.1" 200 1201
186.103.159.183 - - [21/Mar/2017:16:33:38 -0300] "GET /cormun/static/hwchdr01.js?201731711335950 HTTP/1.1" 200 1183
186.103.159.183 - - [21/Mar/2017:16:33:38 -0300] "GET /cormun/static/hpexe_recentlink.js?201610171694390 HTTP/1.1" 200 2144
186.103.159.183 - - [21/Mar/2017:16:33:38 -0300] "GET /cormun/static/hpexe_scripts.js?201731711335890 HTTP/1.1" 200 1544
186.103.159.183 - - [21/Mar/2017:16:33:38 -0300] "GET /cormun/static/hpexe_messagecontroller.js?201610171694323 HTTP/1.1" 200 870
186.103.159.183 - - [21/Mar/2017:16:33:38 -0300] "GET /cormun/static/hpexe_messagepopupcomponent.js?20161017169425 HTTP/1.1" 200 605
186.103.159.183 - - [21/Mar/2017:16:33:38 -0300] "GET /cormun/static/hpexe_messagegenexuscomponent.js?201731711335537 HTTP/1.1" 200 587
186.103.159.183 - - [21/Mar/2017:16:33:38 -0300] "GET /cormun/static/cmcontrolpreferences.js?201731711335852 HTTP/1.1" 200 1375
186.103.159.183 - - [21/Mar/2017:16:33:38 -0300] "GET /cormun/static/SmoothNavMenu/resources/ddsmoothmenu.js HTTP/1.1" 200 12712
186.103.159.183 - - [21/Mar/2017:16:33:38 -0300] "GET /cormun/static/SmoothNavMenu/resources/SmoothNavMenuRender.js HTTP/1.1" 200 5951
186.103.159.183 - - [21/Mar/2017:16:33:38 -0300] "GET /cormun/static/Resources/PXToolsHeaderSecurity.png HTTP/1.1" 200 4166
186.103.159.183 - - [21/Mar/2017:16:33:38 -0300] "GET /cormun/static/scaMessage/js/jquery.pnotify.min.js HTTP/1.1" 200 13038
186.103.159.183 - - [21/Mar/2017:16:33:39 -0300] "GET /cormun/static/scaMessage/scaMessageRender.js HTTP/1.1" 200 11977
186.103.159.183 - - [21/Mar/2017:16:33:39 -0300] "GET /cormun/static/Shared/jquery/jquery-1.4.2.min.js HTTP/1.1" 200 72174
186.103.159.183 - - [21/Mar/2017:16:33:39 -0300] "GET /cormun/static/hmpwkw03.js?201731711485354 HTTP/1.1" 200 3965
186.103.159.183 - - [21/Mar/2017:16:33:39 -0300] "GET /cormun/static/Shared/jqueryui/jquery-ui.min.js HTTP/1.1" 200 240427
186.103.159.183 - - [21/Mar/2017:16:33:39 -0300] "GET /cormun/static/Shared/jquery/jquery-1.10.2.min.js HTTP/1.1" 200 273199
186.103.159.183 - - [21/Mar/2017:16:33:39 -0300] "GET /cormun/static/Shared/ext/ext-all.js HTTP/1.1" 200 1289687
186.103.159.183 - - [21/Mar/2017:16:33:40 -0300] "GET /cormun/servlet/hhome HTTP/1.1" 200 3983
186.103.159.183 - - [21/Mar/2017:16:33:40 -0300] "GET /cormun/static/SmoothNavMenu/resources/images/down.gif HTTP/1.1" 200 854
186.103.159.183 - - [21/Mar/2017:16:33:40 -0300] "GET /cormun/static/SmoothNavMenu/resources/images/right.gif HTTP/1.1" 200 860
186.103.159.183 - - [21/Mar/2017:16:33:44 -0300] "GET /cormun/servlet/trpermisosgoce? HTTP/1.1" 200 6746
186.103.159.183 - - [21/Mar/2017:16:33:45 -0300] "GET /cormun/static/gxui/gxui-all.css?110300 HTTP/1.1" 200 2179
186.103.159.183 - - [21/Mar/2017:16:33:45 -0300] "GET /cormun/static/calendar-system.css?75620 HTTP/1.1" 200 5572
186.103.159.183 - - [21/Mar/2017:16:33:45 -0300] "GET /cormun/static/gxcfg.js?20173171154124 HTTP/1.1" 200 953
186.103.159.183 - - [21/Mar/2017:16:33:45 -0300] "GET /cormun/static/calendar.js?85251 HTTP/1.1" 200 26246
186.103.159.183 - - [21/Mar/2017:16:33:45 -0300] "GET /cormun/static/calendar-setup.js?85251 HTTP/1.1" 200 2588
186.103.159.183 - - [21/Mar/2017:16:33:45 -0300] "GET /cormun/static/calendar-es.js?85251 HTTP/1.1" 200 1901
186.103.159.183 - - [21/Mar/2017:16:33:45 -0300] "GET /cormun/static/trpermisosgoce.js?20173171154177 HTTP/1.1" 200 31906
186.103.159.183 - - [21/Mar/2017:16:33:45 -0300] "GET /cormun/static/Shared/ext/resources/css/ext-all.css?205870 HTTP/1.1" 200 416045
186.103.159.183 - - [21/Mar/2017:16:33:45 -0300] "GET /cormun/static/Resources/PXToolsGridNew.png HTTP/1.1" 200 2949
186.103.159.183 - - [21/Mar/2017:16:33:45 -0300] "GET /cormun/static/Resources/PXTools/calendar.png HTTP/1.1" 200 1306
186.103.159.183 - - [21/Mar/2017:16:33:45 -0300] "GET /cormun/static/Resources/PXToolsDataSearch.png HTTP/1.1" 200 419
