200.111.191.210 - - [20/Mar/2017:16:04:08 -0300] "GET /cormun/static/gxcfg.js?201731711384427 HTTP/1.1" 200 953
200.111.191.210 - - [20/Mar/2017:16:04:08 -0300] "GET /cormun/static/licenciaspermisos.js?201731711384498 HTTP/1.1" 200 33773
200.111.191.210 - - [20/Mar/2017:16:04:15 -0300] "GET /cormun/servlet/licenciaspermisos?2998b3f26b5709b828994336c3f91535d192458ed3a954a291a869c1db8240ead3e129598f7fb44bdaff1bea91665644,gx-no-cache=1490040233331 HTTP/1.1" 200 62
200.111.191.210 - - [20/Mar/2017:16:04:16 -0300] "POST /cormun/servlet/licenciaspermisos?5da21469c596637bd8e351d96d706567,INS,0,,,,gx-no-cache=1490040233367 HTTP/1.1" 200 4421
186.67.172.234 - - [20/Mar/2017:16:04:23 -0300] "POST /cormun/servlet/prfichaempleado?f953318ddf10b7864c80c01af6d2899c,,MD,,gxPopupLevel%3D0%3B,gx-no-cache=1490036730996 HTTP/1.1" 200 3398
192.168.10.60 - - [20/Mar/2017:16:04:28 -0300] "POST /cormun/servlet/trautorizarot?ad3760e7efb50aa028d1b0ffe6f8cc18,,gx-no-cache=1490035917522 HTTP/1.1" 200 5197
192.168.10.60 - - [20/Mar/2017:16:04:34 -0300] "POST /cormun/servlet/trautorizarot?ad3760e7efb50aa028d1b0ffe6f8cc18,,gx-no-cache=1490035923189 HTTP/1.1" 200 4994
186.79.177.200 - - [20/Mar/2017:16:04:37 -0300] "GET /cormun/servlet/renuncias?81be9093e8692b651c1bb03f01717c5106f58c44e7dc2603b9d4ebb7893e0f5eea5151061e372ae048047cbe8fe5609d,gx-no-cache=1490036744070 HTTP/1.1" 200 54
186.79.177.200 - - [20/Mar/2017:16:04:37 -0300] "POST /cormun/servlet/renuncias?92f7ade0b2b37b780b0916dcf591934c,UPD,11,,gx-no-cache=1490036744297 HTTP/1.1" 200 93
186.79.177.200 - - [20/Mar/2017:16:04:37 -0300] "GET /cormun/servlet/hpexe_return? HTTP/1.1" 200 1003
186.79.177.200 - - [20/Mar/2017:16:04:37 -0300] "GET /cormun/servlet/trrenuncias HTTP/1.1" 200 7129
186.79.177.200 - - [20/Mar/2017:16:04:38 -0300] "GET /cormun/servlet/trrenuncias HTTP/1.1" 200 7125
192.168.10.60 - - [20/Mar/2017:16:04:40 -0300] "POST /cormun/servlet/trautorizarot?ad3760e7efb50aa028d1b0ffe6f8cc18,,gx-no-cache=1490035929490 HTTP/1.1" 200 4992
200.111.191.210 - - [20/Mar/2017:16:04:44 -0300] "GET /cormun/static/menuarrow.gif HTTP/1.1" 404 1015
186.67.172.234 - - [20/Mar/2017:16:05:01 -0300] "GET /cormun/servlet/prfichaempleado?,MD,,gxPopupLevel%3D0%3B HTTP/1.1" 200 8816
186.79.177.200 - - [20/Mar/2017:16:05:06 -0300] "GET /cormun/servlet/trrenunciasadjuntos?11,13345620, HTTP/1.1" 200 6232
186.79.177.200 - - [20/Mar/2017:16:05:06 -0300] "GET /cormun/servlet/trrenunciasadjuntos?11,13345620, HTTP/1.1" 200 6231
186.79.177.200 - - [20/Mar/2017:16:05:11 -0300] "POST /cormun/servlet/trrenunciasadjuntos?92f7ade0b2b37b780b0916dcf591934c,11,13345620,,gx-no-cache=1490036777890 HTTP/1.1" 200 90
186.79.177.200 - - [20/Mar/2017:16:05:11 -0300] "GET /cormun/servlet/hpexe_link HTTP/1.1" 200 969
186.79.177.200 - - [20/Mar/2017:16:05:11 -0300] "GET /cormun/servlet/trrenuncias HTTP/1.1" 200 7126
186.79.177.200 - - [20/Mar/2017:16:05:12 -0300] "GET /cormun/servlet/trrenuncias HTTP/1.1" 200 7125
186.79.177.200 - - [20/Mar/2017:16:05:14 -0300] "GET /cormun/servlet/arenunciaprn?11,PU HTTP/1.1" 200 1572
186.67.172.234 - - [20/Mar/2017:16:05:16 -0300] "GET /cormun/servlet/vacaciones?c1a1fecf0039935b5d66c70e8dcfc413b83560ad6cbe3f9f656a9777f2e290d8850e984ce1a4cd64ea0d3033b245fcf8,gx-no-cache=1490036784179 HTTP/1.1" 200 76
186.67.172.234 - - [20/Mar/2017:16:05:17 -0300] "GET /cormun/static/menuarrow.gif HTTP/1.1" 404 1015
186.67.172.234 - - [20/Mar/2017:16:05:35 -0300] "GET /cormun/servlet/prvacacionesperiodo?10466645,MD,,gxPopupLevel%3D0%3B HTTP/1.1" 200 5464
186.67.172.234 - - [20/Mar/2017:16:05:35 -0300] "GET /cormun/static/gxcfg.js?201612141702499 HTTP/1.1" 200 953
186.67.172.234 - - [20/Mar/2017:16:05:35 -0300] "GET /cormun/static/prvacacionesperiodo.js?201612141702653 HTTP/1.1" 200 14529
186.67.172.234 - - [20/Mar/2017:16:05:35 -0300] "GET /cormun/static/Resources/Spanish/PXTools.css?18365030 HTTP/1.1" 200 89042
186.67.172.234 - - [20/Mar/2017:16:05:53 -0300] "GET /cormun/servlet/vacaciones?c1a1fecf0039935b5d66c70e8dcfc41343177e22b6a2ad2ca1f20e292fb872a373419cc8f938565fcaeaf95eb102fb00218da7585dfc182a978a7ea57532c1e6,gx-no-cache=1490036821826 HTTP/1.1" 200 132
186.67.172.234 - - [20/Mar/2017:16:05:54 -0300] "GET /cormun/static/Shared/jqueryui/images/ui-icons_82798d_256x240.png HTTP/1.1" 404 1089
186.67.172.234 - - [20/Mar/2017:16:05:54 -0300] "GET /cormun/static/Shared/jqueryui/images/ui-bg_highlight-soft_100_c6c2c8_1x100.png HTTP/1.1" 404 1117
186.67.172.234 - - [20/Mar/2017:16:05:54 -0300] "GET /cormun/static/Shared/jqueryui/images/ui-bg_flat_55_994d53_40x100.png HTTP/1.1" 404 1097
186.67.172.234 - - [20/Mar/2017:16:05:54 -0300] "GET /cormun/static/Shared/jqueryui/images/ui-icons_ebccce_256x240.png HTTP/1.1" 404 1089
186.67.172.234 - - [20/Mar/2017:16:05:54 -0300] "POST /cormun/servlet/vacaciones?f953318ddf10b7864c80c01af6d2899c,INS,0,,gx-no-cache=1490036822243 HTTP/1.1" 200 3884
186.67.172.234 - - [20/Mar/2017:16:06:40 -0300] "POST /cormun/servlet/vacaciones?f953318ddf10b7864c80c01af6d2899c,INS,0,,gx-no-cache=1490036868113 HTTP/1.1" 200 3894
192.168.10.89 - - [20/Mar/2017:16:06:41 -0300] "POST /cormun/servlet/trsolicitudgral?b26284eb3d79a4493a19dc8600751347,,gx-no-cache=1490040081991 HTTP/1.1" 200 6668
186.79.177.200 - - [20/Mar/2017:16:06:47 -0300] "GET /cormun/servlet/renuncias?UPD,11, HTTP/1.1" 200 5971
186.79.177.200 - - [20/Mar/2017:16:06:48 -0300] "GET /cormun/servlet/renuncias?UPD,11, HTTP/1.1" 200 5971
186.79.177.200 - - [20/Mar/2017:16:06:55 -0300] "GET /cormun/static/menuarrow.gif HTTP/1.1" 404 1015
186.79.177.200 - - [20/Mar/2017:16:07:01 -0300] "GET /cormun/servlet/renuncias?81be9093e8692b651c1bb03f01717c513704c44303e10d7b97a77038c99fcbc6c392bab0f49ba603aea2a31b333cd1e3,gx-no-cache=1490036887996 HTTP/1.1" 200 33
186.79.177.200 - - [20/Mar/2017:16:07:01 -0300] "GET /cormun/servlet/renuncias?81be9093e8692b651c1bb03f01717c5106f58c44e7dc2603b9d4ebb7893e0f5eea5151061e372ae048047cbe8fe5609d,gx-no-cache=1490036888098 HTTP/1.1" 200 54
186.79.177.200 - - [20/Mar/2017:16:07:01 -0300] "POST /cormun/servlet/renuncias?92f7ade0b2b37b780b0916dcf591934c,UPD,11,,gx-no-cache=1490036888254 HTTP/1.1" 200 93
186.79.177.200 - - [20/Mar/2017:16:07:01 -0300] "GET /cormun/servlet/hpexe_return? HTTP/1.1" 200 1003
186.79.177.200 - - [20/Mar/2017:16:07:01 -0300] "GET /cormun/servlet/trrenuncias HTTP/1.1" 200 6383
186.79.177.200 - - [20/Mar/2017:16:07:02 -0300] "GET /cormun/servlet/trrenuncias HTTP/1.1" 200 6380
186.79.177.200 - - [20/Mar/2017:16:07:10 -0300] "POST /cormun/servlet/trrenuncias?92f7ade0b2b37b780b0916dcf591934c,gx-no-cache=1490036896826 HTTP/1.1" 200 3589
186.79.177.200 - - [20/Mar/2017:16:07:19 -0300] "GET /cormun/servlet/renuncias?UPD,11, HTTP/1.1" 200 5975
186.79.177.200 - - [20/Mar/2017:16:07:19 -0300] "GET /cormun/servlet/renuncias?UPD,11, HTTP/1.1" 200 5975
192.168.10.89 - - [20/Mar/2017:16:07:32 -0300] "GET /cormun/servlet/solicitudgral2?UPD,2017,4997, HTTP/1.1" 200 12269
192.168.10.89 - - [20/Mar/2017:16:07:34 -0300] "POST /cormun/servlet/solicitudgral2?gx-no-cache=1490040134922 HTTP/1.1" 200 3145
192.168.10.89 - - [20/Mar/2017:16:07:34 -0300] "GET /cormun/servlet/solicitudgral2?831700b9bc5d6f6b1b33b5ac19c6db24a9544298a507f650be643c45179c6ea120604bf3a8f69024303a2946170e131c6239e9e7a8dfa0e768e7c434b0e378abd147ad781e1aa7424a7ab878374eb8641251eb9c4f87914306b1b9c28478123ff93f3af30ed1bbb74e685b1c557dba41cb18e83ec33a02a77483e2cfb9bc1506f7c31098d5ca1cf09a63d3647976be34fd301038d15e9a2809a9e42ef6775dd2fe15636e386149a6a6d09f30fb78a03e68daa08d119a9a3263fde1ae182e65b9c856e5eae59025c25dbb2219f3cd79c8aa7314d1821d81be53d88d0b6c195f9fc570a1b8e34e5c38acd25f98d188c62b95492a5311a621f1fa3fda18c1768aeb621e4b9141cc4379251ee6f670cb84dc6a13fb9752259e3cfc943e468a8c96698ccc88d17a12784cc79d15ef7509d908792cafcc599a4c259becf08e1021033f61311293f3ee39302cc6b9ae2fd79ac2,gx-no-cache=1490040135157 HTTP/1.1" 200 257
192.168.10.89 - - [20/Mar/2017:16:07:34 -0300] "POST /cormun/servlet/solicitudgral2?gx-no-cache=1490040135189 HTTP/1.1" 200 1354
192.168.10.89 - - [20/Mar/2017:16:07:34 -0300] "GET /cormun/servlet/solicitudgral2?831700b9bc5d6f6b1b33b5ac19c6db248ce21c8d384d2561ff2c72bba9a0c4e2688ff76473b75577c5b601cecb3edbd76239e9e7a8dfa0e768e7c434b0e378abd770061da1248177d8e55083407997ddcc0c8eee8b22563f4a64701b0ac5b67b03ea6e6bebaa863a73518adc5c639f92,gx-no-cache=1490040135234 HTTP/1.1" 200 41
186.79.177.200 - - [20/Mar/2017:16:07:36 -0300] "POST /cormun/servlet/renuncias?92f7ade0b2b37b780b0916dcf591934c,UPD,11,,gx-no-cache=1490036922897 HTTP/1.1" 200 93
186.79.177.200 - - [20/Mar/2017:16:07:36 -0300] "GET /cormun/servlet/hpexe_return? HTTP/1.1" 200 1025
186.79.177.200 - - [20/Mar/2017:16:07:36 -0300] "GET /cormun/servlet/trrenuncias?gx-no-cache=1490036896826 HTTP/1.1" 200 6383
186.79.177.200 - - [20/Mar/2017:16:07:36 -0300] "GET /cormun/servlet/trrenuncias?gx-no-cache=1490036896826 HTTP/1.1" 200 6401
192.168.10.89 - - [20/Mar/2017:16:07:38 -0300] "POST /cormun/servlet/solicitudgral2?b26284eb3d79a4493a19dc8600751347,UPD,2017,4997,,gx-no-cache=1490040139220 HTTP/1.1" 200 10563
192.168.10.89 - - [20/Mar/2017:16:07:40 -0300] "GET /cormun/servlet/solicitudgral2?831700b9bc5d6f6b1b33b5ac19c6db24f1dba84b8211185108ee1c4427784db8117d51c75f3d5a8a31fa6098006a293b13dc614a7438de083121bf2716f0270b08a21db64de51f956caacbd205f002939dc0abd3bdb371d1baa4752f10222ee680fd77c65fbed8766962999a8d2535c892935061d85c42ea8376d1d7175931cde3ffa7b6ea0cfd4b765c81ec237c32a7c25886126ef3b1933abf527e3686e30e,gx-no-cache=1490040141411 HTTP/1.1" 200 29
192.168.10.89 - - [20/Mar/2017:16:07:40 -0300] "POST /cormun/servlet/solicitudgral2?gx-no-cache=1490040141439 HTTP/1.1" 200 1249
192.168.10.89 - - [20/Mar/2017:16:07:40 -0300] "POST /cormun/servlet/solicitudgral2?gx-no-cache=1490040141479 HTTP/1.1" 200 1155
192.168.10.89 - - [20/Mar/2017:16:07:40 -0300] "GET /cormun/servlet/solicitudgral2?831700b9bc5d6f6b1b33b5ac19c6db24ae07280b0d1f06922e63e37a83879f871792384db8e75223606bf3f8cb4ee54e66f586928213207ee88b3a3a243c0a2f5c170da898f9ebbbb07a696235b4b2a572a924953be27b44009a18e9626626a4aba49940b2323bafdce2c35ef05a430c29db3d5915ae8f92f225a13dda0184cc,gx-no-cache=1490040141514 HTTP/1.1" 200 30
186.79.177.200 - - [20/Mar/2017:16:07:40 -0300] "GET /cormun/servlet/trrenuncias? HTTP/1.1" 200 6401
186.79.177.200 - - [20/Mar/2017:16:07:41 -0300] "GET /cormun/servlet/trrenuncias? HTTP/1.1" 200 6380
186.79.177.200 - - [20/Mar/2017:16:07:43 -0300] "GET /cormun/servlet/trrenuncias? HTTP/1.1" 200 6380
186.79.177.200 - - [20/Mar/2017:16:07:43 -0300] "GET /cormun/servlet/trrenuncias? HTTP/1.1" 200 6380
192.168.10.89 - - [20/Mar/2017:16:07:44 -0300] "POST /cormun/servlet/solicitudgral2?b26284eb3d79a4493a19dc8600751347,UPD,2017,4997,,gx-no-cache=1490040144841 HTTP/1.1" 200 93
192.168.10.89 - - [20/Mar/2017:16:07:44 -0300] "GET /cormun/servlet/hpexe_return? HTTP/1.1" 200 1016
192.168.10.89 - - [20/Mar/2017:16:07:44 -0300] "GET /cormun/servlet/trsolicitudgral? HTTP/1.1" 200 9969
192.168.10.89 - - [20/Mar/2017:16:08:24 -0300] "POST /cormun/servlet/trsolicitudgral?b26284eb3d79a4493a19dc8600751347,,gx-no-cache=1490040185112 HTTP/1.1" 200 8143
200.111.191.210 - - [20/Mar/2017:16:08:59 -0300] "GET /cormun/servlet/licenciaspermisos?2998b3f26b5709b828994336c3f91535969bf838759553fe1b04c1c6ed1f88124d0a2aaac7ac7a98b1d40d6a50f854dc9f2f9422c9897eda0b7686c1d135e33684d22e6a2db58f5bd000dc8c4cb9601ca9fb32b9201d0dae333580013ed9bbe1532e7ec8751d6a61a88f312481e88c60afd58e7b580101b5dbfdfa256b275be4c6606c9a2b8ed03ff88ea90b6a88808b3267fc2e0005a66dd6a32b1caff03351b475c22cae913175003ae9ebd7fc9ab0e2e46fb168e646a58d52ea4f8d0269a541f93b367bd42f185a839eca96a7d315e46681eeb2d843266f30db183a41d438,gx-no-cache=1490040517219 HTTP/1.1" 200 30
200.111.191.210 - - [20/Mar/2017:16:08:59 -0300] "GET /cormun/servlet/licenciaspermisos?2998b3f26b5709b828994336c3f915354d182e4d7530004799444034e4816e3bda300014e38d711b652b2e8a39e8db9469c0e459a3a86f6a718ccf9515fdef88e0d1661ca204dd414a2d2da9b1fa168be6d280e79e155bb6b00177945cf1a85b46a168c08729746cf1eef391319e4b06e8511ad26283584a1417be5daab86b4d020af31943ae2b4e54c9726f21fa2399ac2ca79d649500faa29bd0ebc1d3b08741d8c26a8bde6fefc07be23894a3d852c1570b4f10747328c590bc2f24e63b964d545628922ae4b4f914e9d8221de55e49673cba64de03c1c323a1061efa12a4,gx-no-cache=1490040517248 HTTP/1.1" 200 29
200.111.191.210 - - [20/Mar/2017:16:09:00 -0300] "POST /cormun/servlet/licenciaspermisos?5da21469c596637bd8e351d96d706567,INS,0,,,,gx-no-cache=1490040517282 HTTP/1.1" 200 93
200.111.191.210 - - [20/Mar/2017:16:09:00 -0300] "GET /cormun/servlet/hpexe_return? HTTP/1.1" 200 1012
200.111.191.210 - - [20/Mar/2017:16:09:00 -0300] "GET /cormun/static/gxcfg.js?2016101716175148 HTTP/1.1" 304 -
200.111.191.210 - - [20/Mar/2017:16:09:00 -0300] "GET /cormun/static/hpexe_return.js?2016101716175153 HTTP/1.1" 304 -
200.111.191.210 - - [20/Mar/2017:16:09:00 -0300] "GET /cormun/static/Resources/Spanish/PXTools.css?167811 HTTP/1.1" 200 89042
200.111.191.210 - - [20/Mar/2017:16:09:00 -0300] "GET /cormun/servlet/trlicencias HTTP/1.1" 200 7744
200.111.191.210 - - [20/Mar/2017:16:09:00 -0300] "GET /cormun//static/Resources/PXToolsHeaderFavorites.png HTTP/1.1" 200 2744
200.111.191.210 - - [20/Mar/2017:16:09:00 -0300] "GET /cormun//static/Resources/PXToolsActionPrint.png HTTP/1.1" 200 3317
200.111.191.210 - - [20/Mar/2017:16:09:01 -0300] "GET /cormun//static/Resources/PXToolsGridDisplay.png HTTP/1.1" 200 362
200.111.191.210 - - [20/Mar/2017:16:09:01 -0300] "GET /cormun//static/Resources/PXToolsHeaderHelp.png HTTP/1.1" 200 4055
192.168.10.89 - - [20/Mar/2017:16:09:01 -0300] "POST /cormun/servlet/trsolicitudgral?b26284eb3d79a4493a19dc8600751347,,gx-no-cache=1490040222341 HTTP/1.1" 200 7901
192.168.10.89 - - [20/Mar/2017:16:09:02 -0300] "GET /cormun/static/Shared/jqueryui/images/ui-icons_8d78a5_256x240.png HTTP/1.1" 404 1089
192.168.10.89 - - [20/Mar/2017:16:09:02 -0300] "GET /cormun/static/Shared/jqueryui/images/ui-bg_highlight-soft_100_c6c2c8_1x100.png HTTP/1.1" 404 1117
192.168.10.89 - - [20/Mar/2017:16:09:02 -0300] "GET /cormun/static/Shared/jqueryui/images/ui-bg_flat_55_fafafa_40x100.png HTTP/1.1" 404 1097
192.168.10.89 - - [20/Mar/2017:16:09:02 -0300] "GET /cormun/static/Shared/jqueryui/images/ui-icons_82798d_256x240.png HTTP/1.1" 404 1089
200.111.191.210 - - [20/Mar/2017:16:09:07 -0300] "GET /cormun/servlet/alicenciaprn?10750927,L,20170320000000,PU HTTP/1.1" 200 1554
200.111.191.210 - - [20/Mar/2017:16:09:07 -0300] "GET /cormun/servlet/alicenciaprn?10750927,L,20170320000000,PU HTTP/1.1" 200 1552
192.168.10.89 - - [20/Mar/2017:16:09:15 -0300] "POST /cormun/servlet/trsolicitudgral?b26284eb3d79a4493a19dc8600751347,,gx-no-cache=1490040236071 HTTP/1.1" 200 6721
192.168.10.89 - - [20/Mar/2017:16:09:22 -0300] "POST /cormun/servlet/trsolicitudgral?b26284eb3d79a4493a19dc8600751347,,gx-no-cache=1490040242692 HTTP/1.1" 200 5625
200.111.191.210 - - [20/Mar/2017:16:09:22 -0300] "GET /cormun/servlet/trpermisosgoce? HTTP/1.1" 200 6474
200.111.191.210 - - [20/Mar/2017:16:09:22 -0300] "GET /cormun/static/gxcfg.js?20173171154124 HTTP/1.1" 200 953
200.111.191.210 - - [20/Mar/2017:16:09:22 -0300] "GET /cormun/static/trpermisosgoce.js?20173171154177 HTTP/1.1" 200 31906
200.111.191.210 - - [20/Mar/2017:16:09:26 -0300] "GET /cormun/servlet/permisogoce?INS,0,,, HTTP/1.1" 200 6490
200.111.191.210 - - [20/Mar/2017:16:09:26 -0300] "GET /cormun/static/gxcfg.js?201731711422032 HTTP/1.1" 200 953
200.111.191.210 - - [20/Mar/2017:16:09:26 -0300] "GET /cormun/static/permisogoce.js?20173171142217 HTTP/1.1" 200 26144
186.79.75.161 - - [20/Mar/2017:16:10:27 -0300] "GET /cormun/servlet/hlogin HTTP/1.1" 200 1727
186.79.75.161 - - [20/Mar/2017:16:10:30 -0300] "POST /cormun/servlet/hlogin?a83f2612c4c2776750b72804e578e175,gx-no-cache=1490037090078 HTTP/1.1" 200 90
186.79.75.161 - - [20/Mar/2017:16:10:30 -0300] "GET /cormun/servlet/hpexe_link HTTP/1.1" 200 956
186.79.75.161 - - [20/Mar/2017:16:10:30 -0300] "GET /cormun/servlet/hhome HTTP/1.1" 200 3960
186.79.75.161 - - [20/Mar/2017:16:10:31 -0300] "GET /cormun/servlet/hhome HTTP/1.1" 200 3956
192.168.10.89 - - [20/Mar/2017:16:10:35 -0300] "POST /cormun/servlet/trsolicitudgral?b26284eb3d79a4493a19dc8600751347,,gx-no-cache=1490040315989 HTTP/1.1" 200 7490
186.79.75.161 - - [20/Mar/2017:16:10:35 -0300] "GET /cormun/servlet/trcontratosolicitud? HTTP/1.1" 200 13480
186.79.75.161 - - [20/Mar/2017:16:10:36 -0300] "GET /cormun/servlet/trcontratosolicitud? HTTP/1.1" 200 13465
192.168.10.62 - - [20/Mar/2017:16:11:18 -0300] "GET /cormun/servlet/hlogin HTTP/1.1" 200 1738
186.79.75.161 - - [20/Mar/2017:16:11:27 -0300] "POST /cormun/servlet/acontrolpreferencessavestate?None,EVALENZUELA,true HTTP/1.1" 200 35
186.79.75.161 - - [20/Mar/2017:16:11:52 -0300] "POST /cormun/servlet/acontrolpreferencessavestate?None,EVALENZUELA,true HTTP/1.1" 200 35
200.111.191.210 - - [20/Mar/2017:16:12:28 -0300] "GET /cormun/servlet/permisogoce?2998b3f26b5709b828994336c3f91535413af767360ed01ec5c61d4338cd6c4d7d2cdec0c282dbe9b7fccc70410405b4,gx-no-cache=1490040726200 HTTP/1.1" 200 76
200.111.191.210 - - [20/Mar/2017:16:12:35 -0300] "GET /cormun/static/menuarrow.gif HTTP/1.1" 404 1015
200.111.191.210 - - [20/Mar/2017:16:12:41 -0300] "GET /cormun/servlet/permisogoce?2998b3f26b5709b828994336c3f915359166303c4368bcc3c660b3ccf55cf50fa5837088872c797a55bd4109c01cbd9e8e6dc22c621cbdbb17e3e58761c9e763,gx-no-cache=1490040738580 HTTP/1.1" 200 47
192.168.10.89 - - [20/Mar/2017:16:12:52 -0300] "POST /cormun/servlet/trsolicitudgral?b26284eb3d79a4493a19dc8600751347,,gx-no-cache=1490040452955 HTTP/1.1" 200 6658
200.111.191.210 - - [20/Mar/2017:16:13:05 -0300] "POST /cormun/servlet/permisogoce?5da21469c596637bd8e351d96d706567,INS,0,,,,gx-no-cache=1490040762229 HTTP/1.1" 200 93
200.111.191.210 - - [20/Mar/2017:16:13:05 -0300] "GET /cormun/servlet/hpexe_return? HTTP/1.1" 200 1010
200.111.191.210 - - [20/Mar/2017:16:13:05 -0300] "GET /cormun/servlet/trpermisosgoce HTTP/1.1" 200 7316
192.168.10.89 - - [20/Mar/2017:16:13:06 -0300] "POST /cormun/servlet/trsolicitudgral?b26284eb3d79a4493a19dc8600751347,,gx-no-cache=1490040466872 HTTP/1.1" 200 5586
200.111.191.210 - - [20/Mar/2017:16:13:09 -0300] "GET /cormun/servlet/apermisogoceprn?18798648,P,20170320170745,PU HTTP/1.1" 200 1662
200.111.191.210 - - [20/Mar/2017:16:13:09 -0300] "GET /cormun/servlet/apermisogoceprn?18798648,P,20170320170745,PU HTTP/1.1" 200 1663
192.168.10.89 - - [20/Mar/2017:16:15:19 -0300] "POST /cormun/servlet/trsolicitudgral?b26284eb3d79a4493a19dc8600751347,,gx-no-cache=1490040599579 HTTP/1.1" 200 7669
192.168.10.89 - - [20/Mar/2017:16:16:04 -0300] "POST /cormun/servlet/trsolicitudgral?b26284eb3d79a4493a19dc8600751347,,gx-no-cache=1490040644666 HTTP/1.1" 200 11559
186.103.157.235 - - [20/Mar/2017:16:20:08 -0300] "GET /cormun/servlet/hlogin HTTP/1.1" 200 1722
186.103.157.235 - - [20/Mar/2017:16:20:08 -0300] "GET /cormun/static/gxtimezone.js?85251 HTTP/1.1" 200 5781
186.103.157.235 - - [20/Mar/2017:16:20:08 -0300] "GET /cormun/static/gxcfg.js?201731711485472 HTTP/1.1" 200 953
186.103.157.235 - - [20/Mar/2017:16:20:08 -0300] "GET /cormun/static/Resources/Spanish/PXTools.css?11294912 HTTP/1.1" 200 89042
186.103.157.235 - - [20/Mar/2017:16:20:08 -0300] "GET /cormun/static/messages.spa.js?85251 HTTP/1.1" 200 30736
186.103.157.235 - - [20/Mar/2017:16:20:08 -0300] "GET /cormun/static/hlogin.js?201731711485490 HTTP/1.1" 200 2136
186.103.157.235 - - [20/Mar/2017:16:20:10 -0300] "GET /cormun/servlet/hlogin HTTP/1.1" 200 1733
192.168.10.89 - - [20/Mar/2017:16:21:55 -0300] "POST /cormun/servlet/trsolicitudgral?b26284eb3d79a4493a19dc8600751347,,gx-no-cache=1490040994203 HTTP/1.1" 200 22624
200.111.191.210 - - [20/Mar/2017:16:22:02 -0300] "GET /cormun/servlet/trlicencias? HTTP/1.1" 200 7740
200.111.191.210 - - [20/Mar/2017:16:22:14 -0300] "GET /cormun/servlet/trlicenciaspermisosadjuntos?10750927,20170320000000,L, HTTP/1.1" 200 6074
200.111.191.210 - - [20/Mar/2017:16:22:14 -0300] "GET /cormun/static/gxcfg.js?20173171154619 HTTP/1.1" 200 953
200.111.191.210 - - [20/Mar/2017:16:22:15 -0300] "GET /cormun/static/trlicenciaspermisosadjuntos.js?20173171154971 HTTP/1.1" 200 21005
200.111.191.210 - - [20/Mar/2017:16:22:17 -0300] "GET /cormun/servlet/licenciaspermisosadjuntos?INS,10750927,L,20170320000000,, HTTP/1.1" 200 5371
200.111.191.210 - - [20/Mar/2017:16:22:17 -0300] "GET /cormun/static/gxcfg.js?201731711421170 HTTP/1.1" 200 953
200.111.191.210 - - [20/Mar/2017:16:22:17 -0300] "GET /cormun/static/licenciaspermisosadjuntos.js?201731711421181 HTTP/1.1" 200 8757
200.111.191.210 - - [20/Mar/2017:16:22:17 -0300] "HEAD /cormun/static/about:blank HTTP/1.1" 404 -
200.111.191.210 - - [20/Mar/2017:16:22:31 -0300] "POST /cormun/servlet/licenciaspermisosadjuntos?5da21469c596637bd8e351d96d706567,INS,10750927,L,20170320000000,, HTTP/1.1" 200 116
200.111.191.210 - - [20/Mar/2017:16:22:32 -0300] "GET /cormun/servlet/hpexe_return? HTTP/1.1" 200 1042
200.111.191.210 - - [20/Mar/2017:16:22:32 -0300] "GET /cormun/servlet/trlicenciaspermisosadjuntos?10750927,20170320000000,L, HTTP/1.1" 200 6542
200.111.191.210 - - [20/Mar/2017:16:22:32 -0300] "GET /cormun/PublicTempStorage/1347479650992.PDF HTTP/1.1" 200 576856
200.111.191.210 - - [20/Mar/2017:16:22:35 -0300] "GET /cormun/PublicTempStorage/1347479650992.PDF HTTP/1.1" 304 -
200.111.191.210 - - [20/Mar/2017:16:22:40 -0300] "GET /cormun/servlet/trlicenciaspermisosadjuntos?10750927,20170320000000,L, HTTP/1.1" 200 6543
200.111.191.210 - - [20/Mar/2017:16:22:40 -0300] "GET /cormun/PublicTempStorage/1347479899529.PDF HTTP/1.1" 200 576856
200.111.191.210 - - [20/Mar/2017:16:22:43 -0300] "GET /cormun/servlet/trlicencias? HTTP/1.1" 200 7741
200.111.191.210 - - [20/Mar/2017:16:22:48 -0300] "POST /cormun/servlet/trlicencias?5da21469c596637bd8e351d96d706567,,gx-no-cache=1490041345526 HTTP/1.1" 200 4050
200.111.191.210 - - [20/Mar/2017:16:22:49 -0300] "GET /cormun/static/Shared/jqueryui/images/ui-icons_82798d_256x240.png HTTP/1.1" 404 1089
200.111.191.210 - - [20/Mar/2017:16:22:49 -0300] "GET /cormun/static/Shared/jqueryui/images/ui-bg_highlight-soft_100_c6c2c8_1x100.png HTTP/1.1" 404 1117
200.111.191.210 - - [20/Mar/2017:16:22:49 -0300] "GET /cormun/static/Shared/jqueryui/images/ui-bg_flat_55_fafafa_40x100.png HTTP/1.1" 404 1097
200.111.191.210 - - [20/Mar/2017:16:22:49 -0300] "GET /cormun/static/Shared/jqueryui/images/ui-icons_8d78a5_256x240.png HTTP/1.1" 404 1089
192.168.10.89 - - [20/Mar/2017:16:23:07 -0300] "POST /cormun/servlet/trsolicitudgral?b26284eb3d79a4493a19dc8600751347,,gx-no-cache=1490041067978 HTTP/1.1" 200 6970
192.168.10.89 - - [20/Mar/2017:16:24:56 -0300] "POST /cormun/servlet/trsolicitudgral?b26284eb3d79a4493a19dc8600751347,,gx-no-cache=1490041176937 HTTP/1.1" 200 6691
192.168.10.89 - - [20/Mar/2017:16:25:12 -0300] "POST /cormun/servlet/trsolicitudgral?b26284eb3d79a4493a19dc8600751347,,gx-no-cache=1490041193491 HTTP/1.1" 200 5612
200.111.191.210 - - [20/Mar/2017:16:26:46 -0300] "GET /cormun/servlet/trpermisosgoce? HTTP/1.1" 200 7312
200.111.191.210 - - [20/Mar/2017:16:26:51 -0300] "GET /cormun/servlet/trpermisosadjuntos?18798648,20170320170745,P, HTTP/1.1" 200 6042
200.111.191.210 - - [20/Mar/2017:16:26:51 -0300] "GET /cormun/static/gxcfg.js?201731711542659 HTTP/1.1" 200 953
200.111.191.210 - - [20/Mar/2017:16:26:51 -0300] "GET /cormun/static/trpermisosadjuntos.js?201731711542990 HTTP/1.1" 200 20045
200.111.191.210 - - [20/Mar/2017:16:26:54 -0300] "GET /cormun/servlet/permisosadjuntos?INS,18798648,P,20170320170745,, HTTP/1.1" 200 5372
200.111.191.210 - - [20/Mar/2017:16:26:54 -0300] "GET /cormun/static/gxcfg.js?2016122813135788 HTTP/1.1" 200 953
200.111.191.210 - - [20/Mar/2017:16:26:54 -0300] "GET /cormun/static/permisosadjuntos.js?2016122813135797 HTTP/1.1" 200 8721
200.111.191.210 - - [20/Mar/2017:16:26:54 -0300] "HEAD /cormun/static/about:blank HTTP/1.1" 404 -
200.111.191.210 - - [20/Mar/2017:16:27:03 -0300] "POST /cormun/servlet/permisosadjuntos?5da21469c596637bd8e351d96d706567,INS,18798648,P,20170320170745,, HTTP/1.1" 200 116
200.111.191.210 - - [20/Mar/2017:16:27:03 -0300] "GET /cormun/servlet/hpexe_return? HTTP/1.1" 200 1037
200.111.191.210 - - [20/Mar/2017:16:27:03 -0300] "GET /cormun/servlet/trpermisosadjuntos?18798648,20170320170745,P, HTTP/1.1" 200 6492
200.111.191.210 - - [20/Mar/2017:16:27:04 -0300] "GET /cormun/PublicTempStorage/1350577034622.PDF HTTP/1.1" 200 668809
200.111.191.210 - - [20/Mar/2017:16:27:06 -0300] "GET /cormun/PublicTempStorage/1350577034622.PDF HTTP/1.1" 304 -
200.111.191.210 - - [20/Mar/2017:16:27:13 -0300] "GET /cormun/servlet/trpermisosadjuntos?18798648,20170320170745,P, HTTP/1.1" 200 6493
200.111.191.210 - - [20/Mar/2017:16:27:14 -0300] "GET /cormun/PublicTempStorage/1350574653947.PDF HTTP/1.1" 200 668809
200.111.191.210 - - [20/Mar/2017:16:27:18 -0300] "GET /cormun/servlet/trpermisosgoce? HTTP/1.1" 200 7313
200.111.191.210 - - [20/Mar/2017:16:27:21 -0300] "POST /cormun/servlet/trpermisosgoce?5da21469c596637bd8e351d96d706567,,gx-no-cache=1490041619155 HTTP/1.1" 200 4667
200.111.191.210 - - [20/Mar/2017:16:27:26 -0300] "POST /cormun/servlet/trpermisosgoce?5da21469c596637bd8e351d96d706567,,gx-no-cache=1490041623509 HTTP/1.1" 200 4668
200.111.191.210 - - [20/Mar/2017:16:27:32 -0300] "GET /cormun/servlet/trlicenciaspermisoslog?18798648,P,20170320170745, HTTP/1.1" 200 5953
200.111.191.210 - - [20/Mar/2017:16:27:32 -0300] "GET /cormun/static/gxcfg.js?201731711543185 HTTP/1.1" 200 953
200.111.191.210 - - [20/Mar/2017:16:27:32 -0300] "GET /cormun/static/trlicenciaspermisoslog.js?201731711543510 HTTP/1.1" 200 20014
200.111.191.210 - - [20/Mar/2017:16:27:35 -0300] "GET /cormun/servlet/trpermisosgoce? HTTP/1.1" 200 7313
200.111.191.210 - - [20/Mar/2017:16:27:40 -0300] "POST /cormun/servlet/trpermisosgoce?5da21469c596637bd8e351d96d706567,,gx-no-cache=1490041637294 HTTP/1.1" 200 4667
200.111.191.210 - - [20/Mar/2017:16:27:42 -0300] "GET /cormun/servlet/trpermisosadjuntos?18798648,20170320170745,P, HTTP/1.1" 200 6488
186.79.75.161 - - [20/Mar/2017:16:27:43 -0300] "POST /cormun/servlet/trcontratosolicitud?a83f2612c4c2776750b72804e578e175,,gx-no-cache=1490038121534 HTTP/1.1" 200 11202
200.111.191.210 - - [20/Mar/2017:16:27:43 -0300] "GET /cormun/PublicTempStorage/1350574758986.PDF HTTP/1.1" 200 668809
200.111.191.210 - - [20/Mar/2017:16:27:46 -0300] "GET /cormun/servlet/trpermisosgoce? HTTP/1.1" 200 7313
186.79.75.161 - - [20/Mar/2017:16:27:48 -0300] "POST /cormun/servlet/trcontratosolicitud?a83f2612c4c2776750b72804e578e175,,gx-no-cache=1490038126931 HTTP/1.1" 200 6731
192.168.10.89 - - [20/Mar/2017:16:28:01 -0300] "POST /cormun/servlet/trsolicitudgral?b26284eb3d79a4493a19dc8600751347,,gx-no-cache=1490041362333 HTTP/1.1" 200 7338
192.168.10.89 - - [20/Mar/2017:16:28:11 -0300] "POST /cormun/servlet/trsolicitudgral?b26284eb3d79a4493a19dc8600751347,,gx-no-cache=1490041372013 HTTP/1.1" 200 7099
192.168.10.89 - - [20/Mar/2017:16:29:19 -0300] "POST /cormun/servlet/trsolicitudgral?b26284eb3d79a4493a19dc8600751347,,gx-no-cache=1490041440115 HTTP/1.1" 200 7021
192.168.10.89 - - [20/Mar/2017:16:29:27 -0300] "POST /cormun/servlet/trsolicitudgral?b26284eb3d79a4493a19dc8600751347,,gx-no-cache=1490041448265 HTTP/1.1" 200 6744
200.111.191.210 - - [20/Mar/2017:16:29:50 -0300] "GET /cormun/servlet/trpermisosadjuntos?18798648,20170320170745,P, HTTP/1.1" 200 6489
192.168.10.89 - - [20/Mar/2017:16:29:50 -0300] "POST /cormun/servlet/trsolicitudgral?b26284eb3d79a4493a19dc8600751347,,gx-no-cache=1490041471311 HTTP/1.1" 200 7418
200.111.191.210 - - [20/Mar/2017:16:29:51 -0300] "GET /cormun/PublicTempStorage/1350575078253.PDF HTTP/1.1" 200 668809
200.111.191.210 - - [20/Mar/2017:16:29:52 -0300] "GET /cormun/PublicTempStorage/1350575078253.PDF HTTP/1.1" 304 -
200.111.191.210 - - [20/Mar/2017:16:29:55 -0300] "GET /cormun/servlet/trpermisosadjuntos?18798648,20170320170745,P, HTTP/1.1" 200 6489
200.111.191.210 - - [20/Mar/2017:16:29:56 -0300] "GET /cormun/PublicTempStorage/1350575766228.PDF HTTP/1.1" 200 668809
200.111.191.210 - - [20/Mar/2017:16:29:57 -0300] "GET /cormun/servlet/trpermisosgoce? HTTP/1.1" 200 7313
200.111.191.210 - - [20/Mar/2017:16:30:28 -0300] "GET /cormun/servlet/hlogin HTTP/1.1" 200 1744
200.111.191.210 - - [20/Mar/2017:16:30:30 -0300] "POST /cormun/servlet/hlogin?5da21469c596637bd8e351d96d706567,gx-no-cache=1490041807946 HTTP/1.1" 200 445
200.111.191.210 - - [20/Mar/2017:16:30:35 -0300] "POST /cormun/servlet/hlogin?5da21469c596637bd8e351d96d706567,gx-no-cache=1490041813166 HTTP/1.1" 200 90
200.111.191.210 - - [20/Mar/2017:16:30:35 -0300] "GET /cormun/servlet/hpexe_link HTTP/1.1" 200 954
200.111.191.210 - - [20/Mar/2017:16:30:36 -0300] "GET /cormun/servlet/hhome HTTP/1.1" 200 3931
200.111.191.210 - - [20/Mar/2017:16:30:41 -0300] "GET /cormun/servlet/trautorizarpermisogoce? HTTP/1.1" 200 6647
200.111.191.210 - - [20/Mar/2017:16:30:41 -0300] "GET /cormun/static/gxcfg.js?201731711543713 HTTP/1.1" 200 953
200.111.191.210 - - [20/Mar/2017:16:30:41 -0300] "GET /cormun/static/trautorizarpermisogoce.js?201731711544173 HTTP/1.1" 200 31036
192.168.10.89 - - [20/Mar/2017:16:30:52 -0300] "POST /cormun/servlet/trsolicitudgral?b26284eb3d79a4493a19dc8600751347,,gx-no-cache=1490041532966 HTTP/1.1" 200 5600
200.111.191.210 - - [20/Mar/2017:16:30:59 -0300] "GET /cormun/servlet/hlogin HTTP/1.1" 200 1749
200.111.191.210 - - [20/Mar/2017:16:31:06 -0300] "POST /cormun/servlet/hlogin?5da21469c596637bd8e351d96d706567,gx-no-cache=1490041843717 HTTP/1.1" 200 90
200.111.191.210 - - [20/Mar/2017:16:31:06 -0300] "GET /cormun/servlet/hpexe_link HTTP/1.1" 200 954
200.111.191.210 - - [20/Mar/2017:16:31:06 -0300] "GET /cormun/servlet/hhome HTTP/1.1" 200 3729
200.111.191.210 - - [20/Mar/2017:16:31:10 -0300] "GET /cormun/servlet/trpermisosgoce? HTTP/1.1" 200 7317
186.79.75.161 - - [20/Mar/2017:16:31:14 -0300] "GET /cormun/servlet/hlogin HTTP/1.1" 200 1727
186.79.75.161 - - [20/Mar/2017:16:31:17 -0300] "POST /cormun/servlet/hlogin?a83f2612c4c2776750b72804e578e175,gx-no-cache=1490038337332 HTTP/1.1" 200 90
186.79.75.161 - - [20/Mar/2017:16:31:17 -0300] "GET /cormun/servlet/hpexe_link HTTP/1.1" 200 966
186.79.75.161 - - [20/Mar/2017:16:31:18 -0300] "GET /cormun/servlet/trcontratosolicitud? HTTP/1.1" 200 9187
186.79.75.161 - - [20/Mar/2017:16:31:18 -0300] "GET /cormun/servlet/trcontratosolicitud? HTTP/1.1" 200 9181
200.111.191.210 - - [20/Mar/2017:16:31:34 -0300] "POST /cormun/servlet/trpermisosgoce?5da21469c596637bd8e351d96d706567,,gx-no-cache=1490041871729 HTTP/1.1" 200 4671
200.111.191.210 - - [20/Mar/2017:16:31:36 -0300] "POST /cormun/servlet/trpermisosgoce?5da21469c596637bd8e351d96d706567,,gx-no-cache=1490041873404 HTTP/1.1" 200 4669
192.168.10.89 - - [20/Mar/2017:16:32:11 -0300] "POST /cormun/servlet/trsolicitudgral?b26284eb3d79a4493a19dc8600751347,,gx-no-cache=1490041611939 HTTP/1.1" 200 6670
186.79.75.161 - - [20/Mar/2017:16:32:13 -0300] "POST /cormun/servlet/trcontratosolicitud?a83f2612c4c2776750b72804e578e175,,gx-no-cache=1490038391525 HTTP/1.1" 200 3994
192.168.10.89 - - [20/Mar/2017:16:32:16 -0300] "POST /cormun/servlet/trsolicitudgral?b26284eb3d79a4493a19dc8600751347,,gx-no-cache=1490041617415 HTTP/1.1" 200 5598
200.111.191.210 - - [20/Mar/2017:16:32:21 -0300] "GET /cormun/servlet/hlogin HTTP/1.1" 200 1744
186.79.75.161 - - [20/Mar/2017:16:32:25 -0300] "POST /cormun/servlet/trcontratosolicitud?a83f2612c4c2776750b72804e578e175,,gx-no-cache=1490038404339 HTTP/1.1" 200 3990
186.79.75.161 - - [20/Mar/2017:16:32:36 -0300] "POST /cormun/servlet/acontrolpreferencessavestate?None,EVALENZUELA,true HTTP/1.1" 200 35
186.79.75.161 - - [20/Mar/2017:16:32:38 -0300] "POST /cormun/servlet/acontrolpreferencessavestate?None,EVALENZUELA,true HTTP/1.1" 200 35
186.67.172.234 - - [20/Mar/2017:16:33:17 -0300] "HEAD /cormun/servlet/solicitudotcontratos?INS,2017,0,13947301,9,6,2017,1147,NADA,,1,M, HTTP/1.1" 200 -
186.67.172.234 - - [20/Mar/2017:16:33:17 -0300] "GET /cormun/servlet/solicitudotcontratos?INS,2017,0,13947301,9,6,2017,1147,NADA,,1,M, HTTP/1.1" 200 7347
186.67.172.234 - - [20/Mar/2017:16:33:18 -0300] "GET /cormun/servlet/solicitudotcontratos?INS,2017,0,13947301,9,6,2017,1147,NADA,,1,M, HTTP/1.1" 200 7356
186.67.172.234 - - [20/Mar/2017:16:33:18 -0300] "GET /cormun/static/gxcfg.js?20173171147937 HTTP/1.1" 200 953
186.67.172.234 - - [20/Mar/2017:16:33:18 -0300] "GET /cormun/static/solicitudotcontratos.js?201731711471071 HTTP/1.1" 200 42790
186.67.172.234 - - [20/Mar/2017:16:33:18 -0300] "GET /cormun/servlet/hlogin HTTP/1.1" 200 1781
186.67.172.234 - - [20/Mar/2017:16:33:18 -0300] "GET /cormun/servlet/solicitudotcontratos?INS,2017,0,13947301,9,6,2017,1147,NADA,,1,M, HTTP/1.1" 200 7392
186.67.172.234 - - [20/Mar/2017:16:33:19 -0300] "GET /favicon.ico HTTP/1.1" 200 21630
186.67.172.234 - - [20/Mar/2017:16:33:43 -0300] "POST /cormun/servlet/hlogin?2689b932f25e4bf4bfb64dc50d90a336,gx-no-cache=1490038503293 HTTP/1.1" 200 90
186.67.172.234 - - [20/Mar/2017:16:33:43 -0300] "GET /cormun/servlet/hpexe_link HTTP/1.1" 200 996
186.67.172.234 - - [20/Mar/2017:16:33:43 -0300] "GET /cormun/servlet/solicitudotcontratos?INS,2017,0,13947301,9,6,2017,1147,NADA,,1,M, HTTP/1.1" 200 9491
186.67.172.234 - - [20/Mar/2017:16:33:43 -0300] "GET /cormun/servlet/solicitudotcontratos?INS,2017,0,13947301,9,6,2017,1147,NADA,,1,M, HTTP/1.1" 200 9517
186.67.172.234 - - [20/Mar/2017:16:33:44 -0300] "GET /cormun/servlet/solicitudotcontratos?20ee776c782ccd51b9b2cf6d29fa0c9ebd0e3155013be0330455a1a8bad366bdad746cea7a8756c384162b2a91e3a187,gx-no-cache=1490038504569 HTTP/1.1" 200 30
186.67.172.234 - - [20/Mar/2017:16:33:44 -0300] "GET /cormun/servlet/solicitudotcontratos?20ee776c782ccd51b9b2cf6d29fa0c9e6e72e9131a60fb71706274f92ca065e257c1c2f27f5aa134ccb02c3e5dfc398aa7316fbe3803b00ac059d39c2b7e421a190a6b648e14f5fb858e7e569e781b290d1b6085d36f12a16683df9c37791ea4ff5a233cf0faaacec8dc02b4157bd183f86ad13ab2da9e11bb0ae9dded6e5011,gx-no-cache=1490038504612 HTTP/1.1" 200 50
186.67.172.234 - - [20/Mar/2017:16:33:44 -0300] "GET /cormun/servlet/solicitudotcontratos?20ee776c782ccd51b9b2cf6d29fa0c9e149ed25f565413d069a8399a12ad01eb23f3e660068f0e185ef73a520a5686a4,gx-no-cache=1490038504636 HTTP/1.1" 200 30
186.67.172.234 - - [20/Mar/2017:16:33:44 -0300] "GET /cormun/servlet/solicitudotcontratos?20ee776c782ccd51b9b2cf6d29fa0c9e62c7122ab5eff435b62e8a5617c6661479d0f322b62fb1ed0d7e8dd0a671b8e05c97b4ee59332aff9011eb9f82dc9547ace9916a2d6eecb7048cfe114b5331d9e263d1235acf804e033d166cd6b4de1d6471cb73385e176921f6ca9e8c26a7c7,gx-no-cache=1490038504679 HTTP/1.1" 200 30
186.67.172.234 - - [20/Mar/2017:16:33:44 -0300] "GET /cormun/servlet/solicitudotcontratos?20ee776c782ccd51b9b2cf6d29fa0c9e29b7b2657b9d74d77f0ece82ae579d2b581f161cb41a4140b1d4839da9e95a44d258ecb7507810aa2de2e7a4e8ea472134d86378c36c72686e767620b6b6587a3a94e725d8a2185a284d9cdf8e9ebff72963fc08e881ac430833dbb731e313370479024ce8dc7f91a192c39209cf18369ee481ec7969d4467be0fd9512a04cc7708572f93cd62046e779bc9c7d004f5ee06e8fb01f8f49fce155af1a2c8a6e1b4472136d48cac7cafa10dfe91a9ea093cada01dba8d3bd975c8dced753d08864594217066dcdd3283b59d0804f7ae5df8acdab2142ef917368836e8e1685cf54df22dcbe4942c5cfac19b3834085a1b316cdd7baf68854ed9a6d666d87660445fdc9b0b11814885200eecf065279333476788c2724d9292ff9e208252ae5c57ace51de22e53d65844501561ff809c99895e766bf5352f40fd31f27af24ecf6463e30b8fa2b2b6baec6f5420b038b0903d607d3a5c91515e63a3570dce59d73ea66badc0fa76a10051e8be5f6443339181114f7af2b1d6a4a7cd94e7aa4ccf90687237e7a8786bd308097d523ac0395a82911d1adcd710f9ed3e29cd2b8e52b0065d3099646bebd8a80c836f9b8dfa3f741db6851eaf4e8715141463cc18748b4b01b62543301e08cb7a1b2a7574bbc57a97ec4b06445e8c69a9e10b180b13e4987237e7a8786bd308097d523ac0395a8e2d62a8ed17854857fb82279beb835b6ef7ebc38a9d53230a9df94a12d7a01e4feb3d2446715d63b3c26f5e3bb19e952237b03b6d837a908bcf6a87fd3678ca1,gx-no-cache=1490038504721 HTTP/1.1" 200 72
186.67.172.234 - - [20/Mar/2017:16:33:46 -0300] "GET /cormun/servlet/hlogin HTTP/1.1" 200 1781
200.111.191.210 - - [20/Mar/2017:16:33:49 -0300] "POST /cormun/servlet/hlogin?5da21469c596637bd8e351d96d706567,gx-no-cache=1490042006871 HTTP/1.1" 200 457
186.67.172.234 - - [20/Mar/2017:16:33:54 -0300] "POST /cormun/servlet/hlogin?2689b932f25e4bf4bfb64dc50d90a336,gx-no-cache=1490038514388 HTTP/1.1" 200 486
186.67.172.234 - - [20/Mar/2017:16:34:00 -0300] "POST /cormun/servlet/hlogin?2689b932f25e4bf4bfb64dc50d90a336,gx-no-cache=1490038520842 HTTP/1.1" 200 90
186.67.172.234 - - [20/Mar/2017:16:34:00 -0300] "GET /cormun/servlet/hpexe_link HTTP/1.1" 200 996
186.67.172.234 - - [20/Mar/2017:16:34:00 -0300] "GET /cormun/servlet/solicitudotcontratos?INS,2017,0,13947301,9,6,2017,1147,NADA,,1,M, HTTP/1.1" 200 9491
186.67.172.234 - - [20/Mar/2017:16:34:01 -0300] "GET /cormun/servlet/solicitudotcontratos?INS,2017,0,13947301,9,6,2017,1147,NADA,,1,M, HTTP/1.1" 200 9517
186.67.172.234 - - [20/Mar/2017:16:34:01 -0300] "GET /cormun/servlet/solicitudotcontratos?20ee776c782ccd51b9b2cf6d29fa0c9ebd0e3155013be0330455a1a8bad366bdad746cea7a8756c384162b2a91e3a187,gx-no-cache=1490038522040 HTTP/1.1" 200 30
186.67.172.234 - - [20/Mar/2017:16:34:01 -0300] "GET /cormun/servlet/solicitudotcontratos?20ee776c782ccd51b9b2cf6d29fa0c9e6e72e9131a60fb71706274f92ca065e257c1c2f27f5aa134ccb02c3e5dfc398aa7316fbe3803b00ac059d39c2b7e421a190a6b648e14f5fb858e7e569e781b290d1b6085d36f12a16683df9c37791ea4ff5a233cf0faaacec8dc02b4157bd183f86ad13ab2da9e11bb0ae9dded6e5011,gx-no-cache=1490038522184 HTTP/1.1" 200 50
186.67.172.234 - - [20/Mar/2017:16:34:02 -0300] "GET /cormun/servlet/solicitudotcontratos?20ee776c782ccd51b9b2cf6d29fa0c9e149ed25f565413d069a8399a12ad01eb23f3e660068f0e185ef73a520a5686a4,gx-no-cache=1490038522251 HTTP/1.1" 200 30
186.67.172.234 - - [20/Mar/2017:16:34:02 -0300] "GET /cormun/servlet/solicitudotcontratos?20ee776c782ccd51b9b2cf6d29fa0c9e62c7122ab5eff435b62e8a5617c6661479d0f322b62fb1ed0d7e8dd0a671b8e05c97b4ee59332aff9011eb9f82dc9547ace9916a2d6eecb7048cfe114b5331d9e263d1235acf804e033d166cd6b4de1d6471cb73385e176921f6ca9e8c26a7c7,gx-no-cache=1490038522316 HTTP/1.1" 200 30
186.67.172.234 - - [20/Mar/2017:16:34:02 -0300] "GET /cormun/servlet/solicitudotcontratos?20ee776c782ccd51b9b2cf6d29fa0c9e29b7b2657b9d74d77f0ece82ae579d2b581f161cb41a4140b1d4839da9e95a44d258ecb7507810aa2de2e7a4e8ea472134d86378c36c72686e767620b6b6587a3a94e725d8a2185a284d9cdf8e9ebff72963fc08e881ac430833dbb731e313370479024ce8dc7f91a192c39209cf18369ee481ec7969d4467be0fd9512a04cc7708572f93cd62046e779bc9c7d004f5ee06e8fb01f8f49fce155af1a2c8a6e1b4472136d48cac7cafa10dfe91a9ea093cada01dba8d3bd975c8dced753d08864594217066dcdd3283b59d0804f7ae5df8acdab2142ef917368836e8e1685cf54df22dcbe4942c5cfac19b3834085a1b316cdd7baf68854ed9a6d666d87660445fdc9b0b11814885200eecf065279333476788c2724d9292ff9e208252ae5c57ace51de22e53d65844501561ff809c99895e766bf5352f40fd31f27af24ecf6463e30b8fa2b2b6baec6f5420b038b0903d607d3a5c91515e63a3570dce59d73ea66badc0fa76a10051e8be5f6443339181114f7af2b1d6a4a7cd94e7aa4ccf90687237e7a8786bd308097d523ac0395a82911d1adcd710f9ed3e29cd2b8e52b0065d3099646bebd8a80c836f9b8dfa3f741db6851eaf4e8715141463cc18748b4b01b62543301e08cb7a1b2a7574bbc57a97ec4b06445e8c69a9e10b180b13e4987237e7a8786bd308097d523ac0395a8e2d62a8ed17854857fb82279beb835b6ef7ebc38a9d53230a9df94a12d7a01e4feb3d2446715d63b3c26f5e3bb19e952237b03b6d837a908bcf6a87fd3678ca1,gx-no-cache=1490038522413 HTTP/1.1" 200 72
200.111.191.210 - - [20/Mar/2017:16:34:03 -0300] "POST /cormun/servlet/hlogin?5da21469c596637bd8e351d96d706567,gx-no-cache=1490042020968 HTTP/1.1" 200 90
200.111.191.210 - - [20/Mar/2017:16:34:03 -0300] "GET /cormun/servlet/hpexe_link HTTP/1.1" 200 954
200.111.191.210 - - [20/Mar/2017:16:34:03 -0300] "GET /cormun/servlet/hhome HTTP/1.1" 200 3931
200.111.191.210 - - [20/Mar/2017:16:34:08 -0300] "GET /cormun/servlet/trpermisosgoce? HTTP/1.1" 200 7521
200.111.191.210 - - [20/Mar/2017:16:34:12 -0300] "POST /cormun/servlet/trpermisosgoce?5da21469c596637bd8e351d96d706567,,gx-no-cache=1490042029831 HTTP/1.1" 200 4861
200.111.191.210 - - [20/Mar/2017:16:34:13 -0300] "POST /cormun/servlet/trpermisosgoce?5da21469c596637bd8e351d96d706567,,gx-no-cache=1490042030905 HTTP/1.1" 200 4861
200.111.191.210 - - [20/Mar/2017:16:34:13 -0300] "POST /cormun/servlet/trpermisosgoce?5da21469c596637bd8e351d96d706567,,gx-no-cache=1490042031145 HTTP/1.1" 200 4861
200.111.191.210 - - [20/Mar/2017:16:34:14 -0300] "POST /cormun/servlet/trpermisosgoce?5da21469c596637bd8e351d96d706567,,gx-no-cache=1490042031528 HTTP/1.1" 200 4861
200.111.191.210 - - [20/Mar/2017:16:34:17 -0300] "GET /cormun/servlet/trautorizarpermisogoce? HTTP/1.1" 200 6643
192.168.10.89 - - [20/Mar/2017:16:35:04 -0300] "POST /cormun/servlet/trsolicitudgral?b26284eb3d79a4493a19dc8600751347,,gx-no-cache=1490041784818 HTTP/1.1" 200 6699
192.168.10.89 - - [20/Mar/2017:16:35:14 -0300] "POST /cormun/servlet/trsolicitudgral?b26284eb3d79a4493a19dc8600751347,,gx-no-cache=1490041795387 HTTP/1.1" 200 115
192.168.10.89 - - [20/Mar/2017:16:35:14 -0300] "GET /cormun/servlet/solicitudotlog?INS,2017,5564,0,REC, HTTP/1.1" 200 6157
192.168.10.89 - - [20/Mar/2017:16:35:16 -0300] "GET /cormun/servlet/solicitudotlog?831700b9bc5d6f6b1b33b5ac19c6db246a20b2d6ebdc008864bf31e5a54c9d1a61dfbd1c05bb5bbb7fcfb4517123084326f060b0eca89f5246943a4c6193c21c39d894fd4cdc94b3bda38c6a40115993f7854ac7973a585acfebf7f6742a83768a94e77595f6bdeb105f497ff823cae97e0c2baff1a87579700ed05b5dd293dbb85172b0c553c776cb3cf17e0c51caa46ca1e6e5721ba923ee41233e2d928bd0,gx-no-cache=1490041797128 HTTP/1.1" 200 94
192.168.10.89 - - [20/Mar/2017:16:35:28 -0300] "GET /cormun/servlet/trsolicitudgral? HTTP/1.1" 200 9996
192.168.10.89 - - [20/Mar/2017:16:35:49 -0300] "POST /cormun/servlet/trsolicitudgral?b26284eb3d79a4493a19dc8600751347,,gx-no-cache=1490041830635 HTTP/1.1" 200 115
192.168.10.89 - - [20/Mar/2017:16:35:50 -0300] "GET /cormun/servlet/solicitudotlog?INS,2017,5564,0,REC, HTTP/1.1" 200 6156
192.168.10.89 - - [20/Mar/2017:16:35:51 -0300] "GET /cormun/servlet/solicitudotlog?831700b9bc5d6f6b1b33b5ac19c6db246a20b2d6ebdc008864bf31e5a54c9d1a61dfbd1c05bb5bbb7fcfb4517123084326f060b0eca89f5246943a4c6193c21c39d894fd4cdc94b3bda38c6a40115993f7854ac7973a585acfebf7f6742a83768a94e77595f6bdeb105f497ff823cae97e0c2baff1a87579700ed05b5dd293dbb85172b0c553c776cb3cf17e0c51caa46ca1e6e5721ba923ee41233e2d928bd0,gx-no-cache=1490041832239 HTTP/1.1" 200 94
192.168.10.89 - - [20/Mar/2017:16:35:54 -0300] "POST /cormun/servlet/solicitudotlog?b26284eb3d79a4493a19dc8600751347,INS,2017,5564,0,REC,,gx-no-cache=1490041835227 HTTP/1.1" 200 93
192.168.10.89 - - [20/Mar/2017:16:35:54 -0300] "GET /cormun/servlet/hpexe_return? HTTP/1.1" 200 1022
192.168.10.89 - - [20/Mar/2017:16:35:55 -0300] "GET /cormun/servlet/trsolicitudgral HTTP/1.1" 200 8715
186.103.157.235 - - [20/Mar/2017:16:35:56 -0300] "POST /cormun/servlet/hlogin?e8cf67e0f83b2fc9a996b3f59178d812,gx-no-cache=1490038624435 HTTP/1.1" 200 90
186.103.157.235 - - [20/Mar/2017:16:35:56 -0300] "GET /cormun/servlet/hpexe_link HTTP/1.1" 200 953
186.103.157.235 - - [20/Mar/2017:16:35:56 -0300] "GET /cormun/static/gxcfg.js?201731711483381 HTTP/1.1" 200 953
186.103.157.235 - - [20/Mar/2017:16:35:56 -0300] "GET /cormun/static/hpexe_link.js?201731711483384 HTTP/1.1" 200 625
186.103.157.235 - - [20/Mar/2017:16:35:56 -0300] "GET /cormun/servlet/hhome HTTP/1.1" 200 3954
186.103.157.235 - - [20/Mar/2017:16:35:57 -0300] "GET /cormun/static/Shared/jqueryui/jquery-ui.min.css?1245370 HTTP/1.1" 200 30288
186.103.157.235 - - [20/Mar/2017:16:35:57 -0300] "GET /cormun/static/SmoothNavMenu/resources/ddsmoothmenu.css?1012540 HTTP/1.1" 200 2223
186.103.157.235 - - [20/Mar/2017:16:35:57 -0300] "GET /cormun/static/SmoothNavMenu/resources/ddsmoothmenu-v.css?1012540 HTTP/1.1" 200 1188
186.103.157.235 - - [20/Mar/2017:16:35:57 -0300] "GET /cormun/static/scaMessage/css/jquery.pnotify.default.css?1716380 HTTP/1.1" 200 1707
186.103.157.235 - - [20/Mar/2017:16:35:57 -0300] "GET /cormun/static/gxcfg.js?201731711483497 HTTP/1.1" 200 953
186.103.157.235 - - [20/Mar/2017:16:35:57 -0300] "GET /cormun/static/hhome.js?20173171148352 HTTP/1.1" 200 777
186.103.157.235 - - [20/Mar/2017:16:35:57 -0300] "GET /cormun/static/hwchdr01.js?201731711335950 HTTP/1.1" 200 1183
186.103.157.235 - - [20/Mar/2017:16:35:57 -0300] "GET /cormun/static/hpexe_recentlink.js?201610171694390 HTTP/1.1" 200 2144
186.103.157.235 - - [20/Mar/2017:16:35:57 -0300] "GET /cormun/static/hpexe_scripts.js?201731711335890 HTTP/1.1" 200 1544
186.103.157.235 - - [20/Mar/2017:16:35:57 -0300] "GET /cormun/static/hpexe_messagecontroller.js?201610171694323 HTTP/1.1" 200 870
186.103.157.235 - - [20/Mar/2017:16:35:57 -0300] "GET /cormun/static/hpexe_messagepopupcomponent.js?20161017169425 HTTP/1.1" 200 605
186.103.157.235 - - [20/Mar/2017:16:35:57 -0300] "GET /cormun/static/hpexe_messagegenexuscomponent.js?201731711335537 HTTP/1.1" 200 587
186.103.157.235 - - [20/Mar/2017:16:35:57 -0300] "GET /cormun/static/cmcontrolpreferences.js?201731711335852 HTTP/1.1" 200 1375
186.103.157.235 - - [20/Mar/2017:16:35:57 -0300] "GET /cormun/static/hmpwkw03.js?201731711485354 HTTP/1.1" 200 3965
186.103.157.235 - - [20/Mar/2017:16:35:58 -0300] "GET /cormun/servlet/hhome HTTP/1.1" 200 3950
192.168.10.89 - - [20/Mar/2017:16:36:00 -0300] "POST /cormun/servlet/trsolicitudgral?b26284eb3d79a4493a19dc8600751347,gx-no-cache=1490041841324 HTTP/1.1" 200 6688
192.168.10.89 - - [20/Mar/2017:16:36:07 -0300] "POST /cormun/servlet/trsolicitudgral?b26284eb3d79a4493a19dc8600751347,gx-no-cache=1490041847915 HTTP/1.1" 200 115
192.168.10.89 - - [20/Mar/2017:16:36:07 -0300] "GET /cormun/servlet/solicitudotlog?INS,2017,5565,0,REC, HTTP/1.1" 200 6156
192.168.10.89 - - [20/Mar/2017:16:36:08 -0300] "GET /cormun/servlet/solicitudotlog?831700b9bc5d6f6b1b33b5ac19c6db24e81e139147c56aa092b9efda2fe4a53e61dfbd1c05bb5bbb7fcfb4517123084326f060b0eca89f5246943a4c6193c21c39d894fd4cdc94b3bda38c6a40115993f7854ac7973a585acfebf7f6742a83768a94e77595f6bdeb105f497ff823cae97e0c2baff1a87579700ed05b5dd293dbb85172b0c553c776cb3cf17e0c51caa46ca1e6e5721ba923ee41233e2d928bd0,gx-no-cache=1490041849359 HTTP/1.1" 200 94
192.168.10.89 - - [20/Mar/2017:16:36:12 -0300] "POST /cormun/servlet/solicitudotlog?b26284eb3d79a4493a19dc8600751347,INS,2017,5565,0,REC,,gx-no-cache=1490041852933 HTTP/1.1" 200 93
192.168.10.89 - - [20/Mar/2017:16:36:12 -0300] "GET /cormun/servlet/hpexe_return? HTTP/1.1" 200 1044
192.168.10.89 - - [20/Mar/2017:16:36:13 -0300] "GET /cormun/servlet/trsolicitudgral?gx-no-cache=1490041841324 HTTP/1.1" 200 8705
192.168.10.89 - - [20/Mar/2017:16:36:41 -0300] "POST /cormun/servlet/trsolicitudgral?b26284eb3d79a4493a19dc8600751347,gx-no-cache=1490041841324,gx-no-cache=1490041882493 HTTP/1.1" 200 6965
192.168.10.89 - - [20/Mar/2017:16:36:54 -0300] "POST /cormun/servlet/trsolicitudgral?b26284eb3d79a4493a19dc8600751347,gx-no-cache=1490041841324,gx-no-cache=1490041895412 HTTP/1.1" 200 6718
192.168.10.89 - - [20/Mar/2017:16:36:55 -0300] "GET /cormun/static/Shared/jqueryui/images/ui-icons_8d78a5_256x240.png HTTP/1.1" 404 1089
192.168.10.89 - - [20/Mar/2017:16:36:55 -0300] "GET /cormun/static/Shared/jqueryui/images/ui-bg_highlight-soft_100_c6c2c8_1x100.png HTTP/1.1" 404 1117
192.168.10.89 - - [20/Mar/2017:16:36:55 -0300] "GET /cormun/static/Shared/jqueryui/images/ui-bg_flat_55_fafafa_40x100.png HTTP/1.1" 404 1097
192.168.10.89 - - [20/Mar/2017:16:36:55 -0300] "GET /cormun/static/Shared/jqueryui/images/ui-icons_82798d_256x240.png HTTP/1.1" 404 1089
192.168.10.89 - - [20/Mar/2017:16:37:46 -0300] "POST /cormun/servlet/trsolicitudgral?b26284eb3d79a4493a19dc8600751347,gx-no-cache=1490041841324,gx-no-cache=1490041946563 HTTP/1.1" 200 6969
192.168.10.89 - - [20/Mar/2017:16:39:20 -0300] "GET /cormun/servlet/hlogin HTTP/1.1" 200 1762
192.168.10.89 - - [20/Mar/2017:16:39:20 -0300] "GET /cormun/static/gxcfg.js?201731711485472 HTTP/1.1" 304 -
192.168.10.89 - - [20/Mar/2017:16:39:20 -0300] "GET /cormun/static/hlogin.js?201731711485490 HTTP/1.1" 304 -
200.83.57.219 - - [20/Mar/2017:16:41:57 -0300] "GET /cormun/servlet/hlogin HTTP/1.1" 200 1722
200.83.57.219 - - [20/Mar/2017:16:41:57 -0300] "GET /cormun/static/gxcfg.js?201731711485472 HTTP/1.1" 200 953
200.83.57.219 - - [20/Mar/2017:16:41:57 -0300] "GET /cormun/static/gxtimezone.js?85251 HTTP/1.1" 200 5781
200.83.57.219 - - [20/Mar/2017:16:41:57 -0300] "GET /cormun/static/gxgral.js?85251 HTTP/1.1" 200 40960
200.83.57.219 - - [20/Mar/2017:16:41:57 -0300] "GET /cormun/static/Resources/Spanish/PXTools.css?11294912 HTTP/1.1" 200 89042
200.83.57.219 - - [20/Mar/2017:16:41:57 -0300] "GET /cormun/static/messages.spa.js?85251 HTTP/1.1" 200 30736
200.83.57.219 - - [20/Mar/2017:16:41:57 -0300] "GET /cormun/static/Resources/PXToolsLoginTop.png HTTP/1.1" 200 1337
200.83.57.219 - - [20/Mar/2017:16:41:57 -0300] "GET /cormun/static/Resources/PXToolsLoginBackground.png HTTP/1.1" 200 1164
200.83.57.219 - - [20/Mar/2017:16:41:57 -0300] "GET /cormun/static/Resources/ComunLogin.png HTTP/1.1" 200 17326
200.83.57.219 - - [20/Mar/2017:16:41:57 -0300] "GET /cormun/static/Resources/PXToolsButtonBackground2.png HTTP/1.1" 200 1181
200.83.57.219 - - [20/Mar/2017:16:41:58 -0300] "GET /cormun/static/Resources/PXToolsButtonLeft21.png HTTP/1.1" 200 1287
200.83.57.219 - - [20/Mar/2017:16:41:58 -0300] "GET /cormun/static/Resources/PXToolsLoginBottom.png HTTP/1.1" 200 1389
200.83.57.219 - - [20/Mar/2017:16:41:58 -0300] "GET /cormun/static/hlogin.js?201731711485490 HTTP/1.1" 200 2136
200.83.57.219 - - [20/Mar/2017:16:41:58 -0300] "GET /cormun/static/Resources/PXToolsButtonRight21.png HTTP/1.1" 200 1283
200.83.57.219 - - [20/Mar/2017:16:41:58 -0300] "GET /cormun/static/Resources/indicator.gif HTTP/1.1" 200 1553
200.83.57.219 - - [20/Mar/2017:16:41:58 -0300] "GET /cormun/servlet/hlogin HTTP/1.1" 200 1733
200.83.57.219 - - [20/Mar/2017:16:41:58 -0300] "GET /favicon.ico HTTP/1.1" 200 21630
200.83.57.219 - - [20/Mar/2017:16:42:15 -0300] "POST /cormun/servlet/hlogin?b3abf2157a1a498f4bf8df4a6cf152ec,gx-no-cache=1490039004431 HTTP/1.1" 200 90
200.83.57.219 - - [20/Mar/2017:16:42:15 -0300] "GET /cormun/servlet/hpexe_link HTTP/1.1" 200 953
200.83.57.219 - - [20/Mar/2017:16:42:16 -0300] "GET /cormun/static/gxcfg.js?201731711483381 HTTP/1.1" 200 953
200.83.57.219 - - [20/Mar/2017:16:42:16 -0300] "GET /cormun/static/hpexe_link.js?201731711483384 HTTP/1.1" 200 625
