186.79.177.200 - - [20/Mar/2017:10:20:23 -0300] "GET /cormun/servlet/hpexe_return? HTTP/1.1" 200 1011
186.79.177.200 - - [20/Mar/2017:10:20:23 -0300] "GET /cormun/static/Resources/Spanish/PXTools.css?167811 HTTP/1.1" 304 -
186.79.177.200 - - [20/Mar/2017:10:20:24 -0300] "GET /cormun/static/gxcfg.js?2016101716175148 HTTP/1.1" 304 -
186.79.177.200 - - [20/Mar/2017:10:20:24 -0300] "GET /cormun/static/hpexe_return.js?2016101716175153 HTTP/1.1" 304 -
186.79.177.200 - - [20/Mar/2017:10:20:24 -0300] "GET /cormun/servlet/trlicencias HTTP/1.1" 200 7877
186.79.177.200 - - [20/Mar/2017:10:20:24 -0300] "GET /cormun/servlet/trlicencias HTTP/1.1" 200 7872
192.168.10.89 - - [20/Mar/2017:10:20:27 -0300] "POST /cormun/servlet/trsolicitudgral?c2afcf69d6cd3eb5e79b2b2e71b995e6,gx-no-cache=1490019227720,gx-no-cache=1490019307780 HTTP/1.1" 200 6870
186.103.156.24 - - [20/Mar/2017:10:20:28 -0300] "GET /cormun/servlet/trlicenciaspermisoslog?12516208,L,20170317000000, HTTP/1.1" 200 6187
186.103.156.24 - - [20/Mar/2017:10:20:28 -0300] "GET /cormun/static/gxcfg.js?201731711543185 HTTP/1.1" 200 953
186.103.156.24 - - [20/Mar/2017:10:20:28 -0300] "GET /cormun/static/trlicenciaspermisoslog.js?201731711543510 HTTP/1.1" 200 20014
186.103.156.24 - - [20/Mar/2017:10:20:29 -0300] "GET /cormun/servlet/trlicenciaspermisoslog?12516208,L,20170317000000, HTTP/1.1" 200 6187
186.79.177.200 - - [20/Mar/2017:10:20:29 -0300] "GET /cormun/servlet/alicenciaprn?13901635,L,20170320000000,PU HTTP/1.1" 200 1622
186.103.156.24 - - [20/Mar/2017:10:20:36 -0300] "POST /cormun/servlet/trlicenciaspermisoslog?2bbe3743861fa225c0ad215555f26cf6,12516208,L,20170317000000,,gx-no-cache=1490016236047 HTTP/1.1" 200 3937
186.103.156.24 - - [20/Mar/2017:10:20:45 -0300] "GET /cormun/servlet/trlicencias? HTTP/1.1" 200 8050
186.103.156.24 - - [20/Mar/2017:10:20:45 -0300] "GET /cormun/servlet/trlicencias? HTTP/1.1" 200 8050
186.103.156.24 - - [20/Mar/2017:10:20:49 -0300] "GET /cormun/servlet/licenciaspermisos?INS,0,,, HTTP/1.1" 200 7370
186.103.156.24 - - [20/Mar/2017:10:20:49 -0300] "GET /cormun/static/gxcfg.js?201731711384427 HTTP/1.1" 200 953
186.103.156.24 - - [20/Mar/2017:10:20:49 -0300] "GET /cormun/static/licenciaspermisos.js?201731711384498 HTTP/1.1" 200 33773
186.103.156.24 - - [20/Mar/2017:10:20:49 -0300] "GET /cormun/servlet/licenciaspermisos?INS,0,,, HTTP/1.1" 200 7370
192.168.10.89 - - [20/Mar/2017:10:20:50 -0300] "POST /cormun/servlet/trsolicitudgral?c2afcf69d6cd3eb5e79b2b2e71b995e6,gx-no-cache=1490019227720,gx-no-cache=1490019331165 HTTP/1.1" 200 6511
192.168.10.89 - - [20/Mar/2017:10:20:58 -0300] "POST /cormun/servlet/trsolicitudgral?c2afcf69d6cd3eb5e79b2b2e71b995e6,gx-no-cache=1490019227720,gx-no-cache=1490019339519 HTTP/1.1" 200 5365
186.103.156.24 - - [20/Mar/2017:10:20:59 -0300] "GET /cormun/servlet/prfichaempleado?,MD,,gxPopupLevel%3D0%3B HTTP/1.1" 200 8853
186.103.156.24 - - [20/Mar/2017:10:20:59 -0300] "GET /cormun/static/Resources/Spanish/PXTools.css?167811 HTTP/1.1" 304 -
186.103.156.24 - - [20/Mar/2017:10:20:59 -0300] "GET /cormun/static/gxcfg.js?2016102420561687 HTTP/1.1" 304 -
186.103.156.24 - - [20/Mar/2017:10:21:00 -0300] "GET /cormun/static/menusearch.js?201610171694467 HTTP/1.1" 304 -
186.103.156.24 - - [20/Mar/2017:10:21:00 -0300] "GET /cormun/static/hmpwkw011.js?201731711483558 HTTP/1.1" 304 -
186.79.177.200 - - [20/Mar/2017:10:21:00 -0300] "GET /cormun/servlet/trlicenciaspermisosadjuntos?13901635,20170320000000,L, HTTP/1.1" 200 6170
186.79.177.200 - - [20/Mar/2017:10:21:00 -0300] "GET /cormun/static/gxcfg.js?20173171154619 HTTP/1.1" 200 953
186.103.156.24 - - [20/Mar/2017:10:21:00 -0300] "GET /cormun/static/prfichaempleado.js?201610242056198 HTTP/1.1" 304 -
186.79.177.200 - - [20/Mar/2017:10:21:00 -0300] "GET /cormun/static/trlicenciaspermisosadjuntos.js?20173171154971 HTTP/1.1" 200 21005
186.79.177.200 - - [20/Mar/2017:10:21:00 -0300] "GET /cormun/servlet/trlicenciaspermisosadjuntos?13901635,20170320000000,L, HTTP/1.1" 200 6170
186.79.177.200 - - [20/Mar/2017:10:21:02 -0300] "GET /cormun/servlet/licenciaspermisosadjuntos?INS,13901635,L,20170320000000,, HTTP/1.1" 200 5460
186.79.177.200 - - [20/Mar/2017:10:21:03 -0300] "GET /cormun/static/gxcfg.js?201731711421170 HTTP/1.1" 200 953
186.79.177.200 - - [20/Mar/2017:10:21:03 -0300] "GET /cormun/static/licenciaspermisosadjuntos.js?201731711421181 HTTP/1.1" 200 8757
186.79.177.200 - - [20/Mar/2017:10:21:03 -0300] "GET /cormun/static/about:blank HTTP/1.1" 404 1011
186.79.177.200 - - [20/Mar/2017:10:21:03 -0300] "GET /cormun/servlet/licenciaspermisosadjuntos?INS,13901635,L,20170320000000,, HTTP/1.1" 200 5450
192.168.10.89 - - [20/Mar/2017:10:21:15 -0300] "POST /cormun/servlet/trsolicitudgral?c2afcf69d6cd3eb5e79b2b2e71b995e6,gx-no-cache=1490019227720,gx-no-cache=1490019356322 HTTP/1.1" 200 6863
186.103.156.24 - - [20/Mar/2017:10:21:22 -0300] "POST /cormun/servlet/prfichaempleado?2bbe3743861fa225c0ad215555f26cf6,,MD,,gxPopupLevel%3D0%3B,gx-no-cache=1490016150994 HTTP/1.1" 200 3191
192.168.10.89 - - [20/Mar/2017:10:21:25 -0300] "POST /cormun/servlet/trsolicitudgral?c2afcf69d6cd3eb5e79b2b2e71b995e6,gx-no-cache=1490019227720,gx-no-cache=1490019365682 HTTP/1.1" 200 6559
186.103.156.24 - - [20/Mar/2017:10:21:30 -0300] "POST /cormun/servlet/prfichaempleado?2bbe3743861fa225c0ad215555f26cf6,,MD,,gxPopupLevel%3D0%3B,gx-no-cache=1490016158591 HTTP/1.1" 200 3191
186.103.156.24 - - [20/Mar/2017:10:21:33 -0300] "POST /cormun/servlet/prfichaempleado?2bbe3743861fa225c0ad215555f26cf6,,MD,,gxPopupLevel%3D0%3B,gx-no-cache=1490016162360 HTTP/1.1" 200 3191
186.103.156.24 - - [20/Mar/2017:10:21:46 -0300] "POST /cormun/servlet/prfichaempleado?2bbe3743861fa225c0ad215555f26cf6,,MD,,gxPopupLevel%3D0%3B,gx-no-cache=1490016175032 HTTP/1.1" 200 3423
186.103.156.24 - - [20/Mar/2017:10:22:04 -0300] "GET /cormun/servlet/licenciaspermisos?aac61d0b0966ff4ac36dd3239c3118b076fb9b81f37021106cb5c1da079f16467ee940d2d9e9e03204c4d0e0ff1a57a9,gx-no-cache=1490016193554 HTTP/1.1" 200 64
186.103.156.24 - - [20/Mar/2017:10:22:05 -0300] "POST /cormun/servlet/licenciaspermisos?2bbe3743861fa225c0ad215555f26cf6,INS,0,,,,gx-no-cache=1490016193592 HTTP/1.1" 200 4614
186.79.177.200 - - [20/Mar/2017:10:22:11 -0300] "POST /cormun/servlet/licenciaspermisosadjuntos?8d285206c717582bd391a37deae35657,INS,13901635,L,20170320000000,, HTTP/1.1" 200 116
186.79.177.200 - - [20/Mar/2017:10:22:11 -0300] "GET /cormun/servlet/hpexe_return? HTTP/1.1" 200 1040
186.79.177.200 - - [20/Mar/2017:10:22:11 -0300] "GET /cormun/servlet/trlicenciaspermisosadjuntos?13901635,20170320000000,L, HTTP/1.1" 200 6662
186.79.177.200 - - [20/Mar/2017:10:22:12 -0300] "GET /cormun/servlet/trlicenciaspermisosadjuntos?13901635,20170320000000,L, HTTP/1.1" 200 6658
186.79.177.200 - - [20/Mar/2017:10:22:24 -0300] "POST /cormun/servlet/trlicenciaspermisosadjuntos?8d285206c717582bd391a37deae35657,13901635,20170320000000,L,,gx-no-cache=1490016212059 HTTP/1.1" 200 90
186.79.177.200 - - [20/Mar/2017:10:22:24 -0300] "GET /cormun/servlet/hpexe_link HTTP/1.1" 200 984
186.79.177.200 - - [20/Mar/2017:10:22:24 -0300] "GET /cormun/servlet/trlicencias HTTP/1.1" 200 7874
186.79.177.200 - - [20/Mar/2017:10:22:25 -0300] "GET /cormun/servlet/trlicencias HTTP/1.1" 200 7872
186.79.177.200 - - [20/Mar/2017:10:22:31 -0300] "POST /cormun/servlet/trlicencias?8d285206c717582bd391a37deae35657,gx-no-cache=1490016219277 HTTP/1.1" 200 4078
186.79.177.200 - - [20/Mar/2017:10:22:31 -0300] "GET /cormun/static/Shared/jqueryui/images/ui-bg_highlight-soft_100_c6c2c8_1x100.png HTTP/1.1" 404 1117
186.79.177.200 - - [20/Mar/2017:10:22:31 -0300] "GET /cormun/static/Shared/jqueryui/images/ui-icons_82798d_256x240.png HTTP/1.1" 404 1089
186.79.177.200 - - [20/Mar/2017:10:22:31 -0300] "GET /cormun/static/Shared/jqueryui/images/ui-bg_flat_55_fafafa_40x100.png HTTP/1.1" 404 1097
186.79.177.200 - - [20/Mar/2017:10:22:31 -0300] "GET /cormun/static/Shared/jqueryui/images/ui-icons_8d78a5_256x240.png HTTP/1.1" 404 1089
186.79.177.200 - - [20/Mar/2017:10:22:35 -0300] "GET /cormun/servlet/trrenuncias? HTTP/1.1" 200 6545
186.79.177.200 - - [20/Mar/2017:10:22:35 -0300] "GET /cormun/static/gxcfg.js?201731711553383 HTTP/1.1" 200 953
186.79.177.200 - - [20/Mar/2017:10:22:35 -0300] "GET /cormun/static/trrenuncias.js?201731711553833 HTTP/1.1" 200 28329
186.79.177.200 - - [20/Mar/2017:10:22:35 -0300] "GET /cormun/servlet/trrenuncias? HTTP/1.1" 200 6545
186.79.177.200 - - [20/Mar/2017:10:22:36 -0300] "POST /cormun/servlet/acontrolpreferencessavestate?None,CD-33,true HTTP/1.1" 200 35
186.79.177.200 - - [20/Mar/2017:10:22:39 -0300] "GET /cormun/servlet/renuncias?INS,0, HTTP/1.1" 200 5922
186.79.177.200 - - [20/Mar/2017:10:22:39 -0300] "GET /cormun/static/renuncias.js?201610171616612 HTTP/1.1" 200 13629
186.79.177.200 - - [20/Mar/2017:10:22:39 -0300] "GET /cormun/static/gxcfg.js?201610171616599 HTTP/1.1" 200 953
186.79.177.200 - - [20/Mar/2017:10:22:40 -0300] "GET /cormun/servlet/renuncias?INS,0, HTTP/1.1" 200 5921
192.168.10.96 - - [20/Mar/2017:10:23:25 -0300] "GET /cormun/servlet/vesolicitudnombre?2017,5248,,SolicitudOTAdjuntos HTTP/1.1" 200 10156
192.168.10.96 - - [20/Mar/2017:10:23:26 -0300] "GET /cormun/servlet/vesolicitudnombre?2017,5248,,SolicitudOTAdjuntos HTTP/1.1" 200 10159
192.168.10.96 - - [20/Mar/2017:10:23:26 -0300] "POST /cormun/servlet/acontrolpreferencessavestate?None,DZAMUDIO,true HTTP/1.1" 200 35
192.168.10.96 - - [20/Mar/2017:10:23:29 -0300] "GET /cormun/servlet/trsolicitudgral? HTTP/1.1" 200 24806
192.168.10.96 - - [20/Mar/2017:10:23:31 -0300] "GET /cormun/servlet/trsolicitudgral? HTTP/1.1" 200 24790
192.168.10.96 - - [20/Mar/2017:10:23:39 -0300] "POST /cormun/servlet/trsolicitudgral?6ea1ebce7f598125972f827dc85fe2d5,,gx-no-cache=1490019500416 HTTP/1.1" 200 5431
192.168.10.96 - - [20/Mar/2017:10:23:40 -0300] "POST /cormun/servlet/trsolicitudgral?6ea1ebce7f598125972f827dc85fe2d5,,gx-no-cache=1490019500785 HTTP/1.1" 200 5432
192.168.10.96 - - [20/Mar/2017:10:23:46 -0300] "POST /cormun/servlet/trsolicitudgral?6ea1ebce7f598125972f827dc85fe2d5,,gx-no-cache=1490019507433 HTTP/1.1" 200 5431
192.168.10.96 - - [20/Mar/2017:10:23:48 -0300] "POST /cormun/servlet/trsolicitudgral?6ea1ebce7f598125972f827dc85fe2d5,,gx-no-cache=1490019509281 HTTP/1.1" 200 5431
192.168.10.96 - - [20/Mar/2017:10:23:48 -0300] "POST /cormun/servlet/trsolicitudgral?6ea1ebce7f598125972f827dc85fe2d5,,gx-no-cache=1490019509506 HTTP/1.1" 200 5430
192.168.10.96 - - [20/Mar/2017:10:23:59 -0300] "POST /cormun/servlet/trsolicitudgral?6ea1ebce7f598125972f827dc85fe2d5,,gx-no-cache=1490019519752 HTTP/1.1" 200 5433
192.168.10.96 - - [20/Mar/2017:10:24:04 -0300] "POST /cormun/servlet/trsolicitudgral?6ea1ebce7f598125972f827dc85fe2d5,,gx-no-cache=1490019525561 HTTP/1.1" 200 5429
192.168.10.96 - - [20/Mar/2017:10:24:08 -0300] "POST /cormun/servlet/trsolicitudgral?6ea1ebce7f598125972f827dc85fe2d5,,gx-no-cache=1490019529041 HTTP/1.1" 200 5431
192.168.10.96 - - [20/Mar/2017:10:24:09 -0300] "POST /cormun/servlet/trsolicitudgral?6ea1ebce7f598125972f827dc85fe2d5,,gx-no-cache=1490019530348 HTTP/1.1" 200 5432
192.168.10.96 - - [20/Mar/2017:10:24:09 -0300] "POST /cormun/servlet/trsolicitudgral?6ea1ebce7f598125972f827dc85fe2d5,,gx-no-cache=1490019530551 HTTP/1.1" 200 5432
192.168.10.96 - - [20/Mar/2017:10:24:10 -0300] "POST /cormun/servlet/trsolicitudgral?6ea1ebce7f598125972f827dc85fe2d5,,gx-no-cache=1490019530746 HTTP/1.1" 200 5432
192.168.10.96 - - [20/Mar/2017:10:24:10 -0300] "POST /cormun/servlet/trsolicitudgral?6ea1ebce7f598125972f827dc85fe2d5,,gx-no-cache=1490019531056 HTTP/1.1" 200 5432
192.168.10.96 - - [20/Mar/2017:10:24:10 -0300] "POST /cormun/servlet/trsolicitudgral?6ea1ebce7f598125972f827dc85fe2d5,,gx-no-cache=1490019531251 HTTP/1.1" 200 5432
192.168.10.96 - - [20/Mar/2017:10:24:29 -0300] "POST /cormun/servlet/trsolicitudgral?6ea1ebce7f598125972f827dc85fe2d5,,gx-no-cache=1490019549810 HTTP/1.1" 200 5441
192.168.10.96 - - [20/Mar/2017:10:24:29 -0300] "POST /cormun/servlet/trsolicitudgral?6ea1ebce7f598125972f827dc85fe2d5,,gx-no-cache=1490019550644 HTTP/1.1" 200 5441
192.168.10.96 - - [20/Mar/2017:10:24:30 -0300] "POST /cormun/servlet/trsolicitudgral?6ea1ebce7f598125972f827dc85fe2d5,,gx-no-cache=1490019550847 HTTP/1.1" 200 5440
192.168.10.96 - - [20/Mar/2017:10:24:30 -0300] "POST /cormun/servlet/trsolicitudgral?6ea1ebce7f598125972f827dc85fe2d5,,gx-no-cache=1490019551062 HTTP/1.1" 200 5441
192.168.10.96 - - [20/Mar/2017:10:24:30 -0300] "POST /cormun/servlet/trsolicitudgral?6ea1ebce7f598125972f827dc85fe2d5,,gx-no-cache=1490019551270 HTTP/1.1" 200 5441
192.168.10.96 - - [20/Mar/2017:10:24:30 -0300] "POST /cormun/servlet/trsolicitudgral?6ea1ebce7f598125972f827dc85fe2d5,,gx-no-cache=1490019551503 HTTP/1.1" 200 5441
192.168.10.96 - - [20/Mar/2017:10:24:31 -0300] "POST /cormun/servlet/trsolicitudgral?6ea1ebce7f598125972f827dc85fe2d5,,gx-no-cache=1490019551705 HTTP/1.1" 200 5440
192.168.10.96 - - [20/Mar/2017:10:24:35 -0300] "POST /cormun/servlet/trsolicitudgral?6ea1ebce7f598125972f827dc85fe2d5,,gx-no-cache=1490019555710 HTTP/1.1" 200 5440
192.168.10.96 - - [20/Mar/2017:10:24:35 -0300] "POST /cormun/servlet/trsolicitudgral?6ea1ebce7f598125972f827dc85fe2d5,,gx-no-cache=1490019556543 HTTP/1.1" 200 5440
192.168.10.96 - - [20/Mar/2017:10:24:36 -0300] "POST /cormun/servlet/trsolicitudgral?6ea1ebce7f598125972f827dc85fe2d5,,gx-no-cache=1490019556801 HTTP/1.1" 200 5439
192.168.10.96 - - [20/Mar/2017:10:24:36 -0300] "POST /cormun/servlet/trsolicitudgral?6ea1ebce7f598125972f827dc85fe2d5,,gx-no-cache=1490019556998 HTTP/1.1" 200 5440
192.168.10.96 - - [20/Mar/2017:10:24:40 -0300] "POST /cormun/servlet/trsolicitudgral?6ea1ebce7f598125972f827dc85fe2d5,,gx-no-cache=1490019561043 HTTP/1.1" 200 5424
192.168.10.96 - - [20/Mar/2017:10:24:41 -0300] "POST /cormun/servlet/trsolicitudgral?6ea1ebce7f598125972f827dc85fe2d5,,gx-no-cache=1490019561896 HTTP/1.1" 200 5425
192.168.10.96 - - [20/Mar/2017:10:24:44 -0300] "POST /cormun/servlet/trsolicitudgral?6ea1ebce7f598125972f827dc85fe2d5,,gx-no-cache=1490019564908 HTTP/1.1" 200 5425
186.79.177.200 - - [20/Mar/2017:10:24:47 -0300] "GET /cormun/static/menuarrow.gif HTTP/1.1" 404 1015
186.79.177.200 - - [20/Mar/2017:10:24:51 -0300] "GET /cormun/servlet/renuncias?01656b926247287e74eaa7b030b21548b146c3aff90e9ef6e3306b5977fafa3cb3a6855c848186fa56f9817ac808bdc9,gx-no-cache=1490016359066 HTTP/1.1" 200 33
186.79.177.200 - - [20/Mar/2017:10:25:13 -0300] "GET /cormun/servlet/renuncias?01656b926247287e74eaa7b030b21548033f97996919742f27023c0cb1f1cba30d5c2a65372dfe2fcbf21061b325576c,gx-no-cache=1490016381497 HTTP/1.1" 200 54
186.103.156.24 - - [20/Mar/2017:10:25:37 -0300] "GET /cormun/servlet/licenciaspermisos?aac61d0b0966ff4ac36dd3239c3118b0e346a2f5bb0e26c6d0e809558808f666335625b76025e3f02b8287678d23ea58fde421a93582a4f17468633ee66b5c024020a358c93aa92f373d0c04ac28b691b975141e3ed86b7b145cbee7b09ffbc519e6a368aa01f1313fb7b89f7b5da708ea175a31a698100f4508fae84a25a694e67fb3a809c859ce8475a3e556bfa6c8125e6022bc1698bb268ff28493e8648157da58af2d4c26d942c6454e7d0dad80,gx-no-cache=1490016411818 HTTP/1.1" 200 30
186.103.156.24 - - [20/Mar/2017:10:25:38 -0300] "POST /cormun/servlet/licenciaspermisos?2bbe3743861fa225c0ad215555f26cf6,INS,0,,,,gx-no-cache=1490016412357 HTTP/1.1" 200 4695
186.103.156.24 - - [20/Mar/2017:10:25:42 -0300] "GET /cormun/servlet/licenciaspermisos?aac61d0b0966ff4ac36dd3239c3118b076fb9b81f37021106cb5c1da079f1646dabc614545c85f82c8bd9a8dc6ae8d10bbe166ad06b2f956d8fff1c9faeaaa055e7704c8a7c359560647a119171eac9b,gx-no-cache=1490016417049 HTTP/1.1" 200 64
186.103.156.24 - - [20/Mar/2017:10:25:42 -0300] "POST /cormun/servlet/licenciaspermisos?2bbe3743861fa225c0ad215555f26cf6,INS,0,,,,gx-no-cache=1490016417105 HTTP/1.1" 200 4684
192.168.10.89 - - [20/Mar/2017:10:26:01 -0300] "POST /cormun/servlet/trsolicitudgral?c2afcf69d6cd3eb5e79b2b2e71b995e6,gx-no-cache=1490019227720,gx-no-cache=1490019642359 HTTP/1.1" 200 6444
186.103.156.24 - - [20/Mar/2017:10:26:17 -0300] "GET /cormun/static/menuarrow.gif HTTP/1.1" 404 1015
192.168.10.89 - - [20/Mar/2017:10:26:51 -0300] "POST /cormun/servlet/trsolicitudgral?c2afcf69d6cd3eb5e79b2b2e71b995e6,gx-no-cache=1490019227720,gx-no-cache=1490019692479 HTTP/1.1" 200 115
192.168.10.89 - - [20/Mar/2017:10:26:51 -0300] "GET /cormun/servlet/solicitudotlog?INS,2017,5545,0,REC, HTTP/1.1" 200 6169
192.168.10.89 - - [20/Mar/2017:10:26:53 -0300] "GET /cormun/servlet/solicitudotlog?87fd08b5c6664032375090a2a0dbaea9af039dcc3555ea587a54cd7f174608f772e94dee9b01df028f5e5e0d3e56ded22f49c6b710f13a197f93d525ad66b30da412f7de781f2d14d67a838709a9691565ff474ac17296372c86194529e1924ff5dcfd2675e220634cf3c76998de589feafa1385b053231ba76a6104af72a6e9ad2efebe37e9ce1e47cbae394494e9fc1b9425ca56a766610e567db11750df08,gx-no-cache=1490019693727 HTTP/1.1" 200 94
192.168.10.89 - - [20/Mar/2017:10:26:58 -0300] "POST /cormun/servlet/solicitudotlog?c2afcf69d6cd3eb5e79b2b2e71b995e6,INS,2017,5545,0,REC,,gx-no-cache=1490019699282 HTTP/1.1" 200 93
192.168.10.89 - - [20/Mar/2017:10:26:58 -0300] "GET /cormun/servlet/hpexe_return? HTTP/1.1" 200 1037
192.168.10.89 - - [20/Mar/2017:10:26:58 -0300] "GET /cormun/servlet/trsolicitudgral?gx-no-cache=1490019227720 HTTP/1.1" 200 8526
186.103.156.24 - - [20/Mar/2017:10:27:04 -0300] "GET /cormun/servlet/prfichaempleado?,MD,,gxPopupLevel%3D0%3B HTTP/1.1" 200 8853
186.103.156.24 - - [20/Mar/2017:10:27:25 -0300] "POST /cormun/servlet/prfichaempleado?2bbe3743861fa225c0ad215555f26cf6,,MD,,gxPopupLevel%3D0%3B,gx-no-cache=1490016530359 HTTP/1.1" 200 3410
186.103.156.24 - - [20/Mar/2017:10:27:33 -0300] "GET /cormun/servlet/licenciaspermisos?aac61d0b0966ff4ac36dd3239c3118b0fb55820388ac22adc8c018310c662c8020dec95ed29c50b130adb42a8ec80aca2c9eddd2b1d58041ca3ae4823e13a4e4bb99fd0b18533e2e8008d66f320dfb7d6e73f56734756a53afbb0fe6671e24726ef8847e8f49506f74fd60d2008d6d01146cd72cbeeef1762fdd92939e286d4f50cf68664ceadb9ef1a8e7b22712582ca47ca572d9f1b37d2da21f20b15d613584f5a57719f7c9152369a03c2e43ece9,gx-no-cache=1490016538861 HTTP/1.1" 200 62
186.103.156.24 - - [20/Mar/2017:10:27:33 -0300] "POST /cormun/servlet/licenciaspermisos?2bbe3743861fa225c0ad215555f26cf6,INS,0,,,,gx-no-cache=1490016538906 HTTP/1.1" 200 93
186.103.156.24 - - [20/Mar/2017:10:27:33 -0300] "GET /cormun/servlet/hpexe_return? HTTP/1.1" 200 1015
186.103.156.24 - - [20/Mar/2017:10:27:33 -0300] "GET /cormun/static/gxcfg.js?2016101716175148 HTTP/1.1" 304 -
186.103.156.24 - - [20/Mar/2017:10:27:33 -0300] "GET /cormun/static/hpexe_return.js?2016101716175153 HTTP/1.1" 304 -
186.103.156.24 - - [20/Mar/2017:10:27:34 -0300] "GET /cormun/servlet/trlicencias HTTP/1.1" 200 8455
186.103.156.24 - - [20/Mar/2017:10:27:35 -0300] "GET /cormun/servlet/trlicencias HTTP/1.1" 200 8451
186.103.159.187 - - [20/Mar/2017:10:27:50 -0300] "GET /cormun/servlet/hlogin HTTP/1.1" 200 1732
186.103.159.187 - - [20/Mar/2017:10:27:50 -0300] "GET /cormun/static/gxtimezone.js?85251 HTTP/1.1" 200 5781
186.103.159.187 - - [20/Mar/2017:10:27:50 -0300] "GET /cormun/static/gxcfg.js?201731711485472 HTTP/1.1" 200 953
186.103.159.187 - - [20/Mar/2017:10:27:50 -0300] "GET /cormun/static/Resources/Spanish/PXTools.css?11294912 HTTP/1.1" 200 89042
186.103.159.187 - - [20/Mar/2017:10:27:50 -0300] "GET /cormun/static/messages.spa.js?85251 HTTP/1.1" 200 30736
186.103.159.187 - - [20/Mar/2017:10:27:50 -0300] "GET /cormun/static/hlogin.js?201731711485490 HTTP/1.1" 200 2136
186.103.159.187 - - [20/Mar/2017:10:27:50 -0300] "GET /cormun/static/Resources/ComunLogin.png HTTP/1.1" 200 17326
186.103.159.187 - - [20/Mar/2017:10:27:50 -0300] "GET /cormun/static/gxgral.js?85251 HTTP/1.1" 200 384558
186.103.159.187 - - [20/Mar/2017:10:27:50 -0300] "GET /cormun/static/Resources/PXToolsLoginTop.png HTTP/1.1" 200 1337
186.103.159.187 - - [20/Mar/2017:10:27:50 -0300] "GET /cormun/static/Resources/PXToolsLoginBackground.png HTTP/1.1" 200 1164
186.103.159.187 - - [20/Mar/2017:10:27:51 -0300] "GET /cormun/static/Resources/PXToolsButtonRight21.png HTTP/1.1" 200 1283
186.103.159.187 - - [20/Mar/2017:10:27:51 -0300] "GET /cormun/static/Resources/PXToolsButtonLeft21.png HTTP/1.1" 200 1287
186.103.159.187 - - [20/Mar/2017:10:27:51 -0300] "GET /cormun/static/Resources/PXToolsButtonBackground2.png HTTP/1.1" 200 1181
186.103.159.187 - - [20/Mar/2017:10:27:51 -0300] "GET /cormun/static/Resources/PXToolsLoginBottom.png HTTP/1.1" 200 1389
186.103.159.187 - - [20/Mar/2017:10:27:51 -0300] "GET /cormun/static/Resources/indicator.gif HTTP/1.1" 200 1553
186.103.159.187 - - [20/Mar/2017:10:27:51 -0300] "GET /cormun/servlet/hlogin HTTP/1.1" 200 1739
186.79.177.200 - - [20/Mar/2017:10:27:56 -0300] "GET /cormun/servlet/prcontrato?13345620,,,MD,,gxPopupLevel%3D0%3B HTTP/1.1" 200 5928
186.79.177.200 - - [20/Mar/2017:10:27:56 -0300] "GET /cormun/static/gxcfg.js?201731711504186 HTTP/1.1" 200 953
186.79.177.200 - - [20/Mar/2017:10:27:57 -0300] "GET /cormun/static/prcontrato.js?20173171150446 HTTP/1.1" 200 13820
186.79.177.200 - - [20/Mar/2017:10:27:57 -0300] "GET /cormun/static/menusearch.js?201610171694467 HTTP/1.1" 304 -
186.79.177.200 - - [20/Mar/2017:10:27:57 -0300] "GET /cormun/static/hmpwkw011.js?201731711483558 HTTP/1.1" 304 -
186.103.159.187 - - [20/Mar/2017:10:27:58 -0300] "POST /cormun/servlet/hlogin?fe7c2e0c51be400de8baff9d50d0c10d,gx-no-cache=1490016546277 HTTP/1.1" 200 446
186.79.177.200 - - [20/Mar/2017:10:27:58 -0300] "POST /cormun/servlet/acontrolpreferencessavestate?None,CD-33,true HTTP/1.1" 200 35
186.103.156.24 - - [20/Mar/2017:10:28:01 -0300] "GET /cormun/servlet/licenciaspermisos?DSP,11671556,L,20170320000000, HTTP/1.1" 200 6982
186.103.156.24 - - [20/Mar/2017:10:28:02 -0300] "GET /cormun/servlet/licenciaspermisos?DSP,11671556,L,20170320000000, HTTP/1.1" 200 6982
186.103.159.187 - - [20/Mar/2017:10:28:03 -0300] "POST /cormun/servlet/hlogin?fe7c2e0c51be400de8baff9d50d0c10d,gx-no-cache=1490016550958 HTTP/1.1" 200 90
186.103.159.187 - - [20/Mar/2017:10:28:03 -0300] "GET /cormun/servlet/hpexe_link HTTP/1.1" 200 957
186.103.159.187 - - [20/Mar/2017:10:28:03 -0300] "GET /cormun/static/gxcfg.js?201731711483381 HTTP/1.1" 200 953
186.103.159.187 - - [20/Mar/2017:10:28:03 -0300] "GET /cormun/static/hpexe_link.js?201731711483384 HTTP/1.1" 200 625
186.103.159.187 - - [20/Mar/2017:10:28:03 -0300] "GET /cormun/servlet/hhome HTTP/1.1" 200 3739
186.103.159.187 - - [20/Mar/2017:10:28:03 -0300] "GET /cormun/static/Shared/jqueryui/jquery-ui.min.css?1245370 HTTP/1.1" 200 30288
186.103.159.187 - - [20/Mar/2017:10:28:03 -0300] "GET /cormun/static/SmoothNavMenu/resources/ddsmoothmenu.css?1012540 HTTP/1.1" 200 2223
186.103.159.187 - - [20/Mar/2017:10:28:03 -0300] "GET /cormun/static/SmoothNavMenu/resources/ddsmoothmenu-v.css?1012540 HTTP/1.1" 200 1188
186.103.159.187 - - [20/Mar/2017:10:28:03 -0300] "GET /cormun/static/scaMessage/css/jquery.pnotify.default.css?1716380 HTTP/1.1" 200 1707
186.103.159.187 - - [20/Mar/2017:10:28:03 -0300] "GET /cormun/static/PXToolsJavascripts/pexe_autoreload.js HTTP/1.1" 200 1762
186.103.159.187 - - [20/Mar/2017:10:28:03 -0300] "GET /cormun/static/gxcfg.js?201731711483497 HTTP/1.1" 200 953
186.103.159.187 - - [20/Mar/2017:10:28:03 -0300] "GET /cormun/static/PXToolsJavascripts/pexe_cookies.js HTTP/1.1" 200 792
186.103.159.187 - - [20/Mar/2017:10:28:03 -0300] "GET /cormun/static/PXToolsJavascripts/pexe_windows.js HTTP/1.1" 200 15207
186.103.159.187 - - [20/Mar/2017:10:28:03 -0300] "GET /cormun/static/PXToolsJavascripts/pexe_griddivfix.js HTTP/1.1" 200 6644
186.103.159.187 - - [20/Mar/2017:10:28:03 -0300] "GET /cormun/static/PXToolsJavascripts/pexe_grid.js HTTP/1.1" 200 7559
186.103.159.187 - - [20/Mar/2017:10:28:03 -0300] "GET /cormun/static/PXToolsJavascripts/pexe_menudivfix.js HTTP/1.1" 200 333
186.103.159.187 - - [20/Mar/2017:10:28:03 -0300] "GET /cormun/static/PXToolsJavascripts/pexe_link.js HTTP/1.1" 200 5671
186.103.159.187 - - [20/Mar/2017:10:28:03 -0300] "GET /cormun/static/PXToolsJavascripts/pexe_menus.js HTTP/1.1" 200 1286
186.103.159.187 - - [20/Mar/2017:10:28:03 -0300] "GET /cormun/static/PXToolsJavascripts/pexe_oav.js HTTP/1.1" 200 645
186.103.159.187 - - [20/Mar/2017:10:28:03 -0300] "GET /cormun/static/PXToolsJavascripts/pexe_oavdivfix.js HTTP/1.1" 200 639
186.103.159.187 - - [20/Mar/2017:10:28:03 -0300] "GET /cormun/static/PXToolsJavascripts/pexe_picture.js HTTP/1.1" 200 689
186.103.159.187 - - [20/Mar/2017:10:28:03 -0300] "GET /cormun/static/PXToolsJavascripts/pexe_popup.js HTTP/1.1" 200 13458
186.103.159.187 - - [20/Mar/2017:10:28:03 -0300] "GET /cormun/static/PXToolsJavascripts/pexe_scrolldiv.js HTTP/1.1" 200 4138
186.103.159.187 - - [20/Mar/2017:10:28:03 -0300] "GET /cormun/static/PXToolsJavascripts/pexe_tabdivfix.js HTTP/1.1" 200 876
186.103.159.187 - - [20/Mar/2017:10:28:03 -0300] "GET /cormun/static/PXToolsJavascripts/pexe_tabs.js HTTP/1.1" 200 3748
186.103.159.187 - - [20/Mar/2017:10:28:03 -0300] "GET /cormun/static/PXToolsJavascripts/pexe_upload.js HTTP/1.1" 200 1423
186.103.159.187 - - [20/Mar/2017:10:28:03 -0300] "GET /cormun/static/PXToolsJavascripts/PXToolsJavascriptsRender.js HTTP/1.1" 200 367
186.103.159.187 - - [20/Mar/2017:10:28:04 -0300] "GET /cormun/static/RunJS/RunJS.js HTTP/1.1" 200 288
186.103.159.187 - - [20/Mar/2017:10:28:04 -0300] "GET /cormun/static/PXToolsJavascripts/pexe_layers.js HTTP/1.1" 200 4114
186.103.159.187 - - [20/Mar/2017:10:28:04 -0300] "GET /cormun/static/Shared/ext/locale/ext-lang-en.js HTTP/1.1" 200 10940
186.103.159.187 - - [20/Mar/2017:10:28:04 -0300] "GET /cormun/static/hhome.js?20173171148352 HTTP/1.1" 200 777
186.103.159.187 - - [20/Mar/2017:10:28:04 -0300] "GET /cormun/static/hpexe_recentlink.js?201610171694390 HTTP/1.1" 200 2144
186.103.159.187 - - [20/Mar/2017:10:28:04 -0300] "GET /cormun/static/hwchdr01.js?201731711335950 HTTP/1.1" 200 1183
186.103.159.187 - - [20/Mar/2017:10:28:04 -0300] "GET /cormun/static/Resources/PXToolsHeaderActionsLeft.png HTTP/1.1" 200 1118
186.103.159.187 - - [20/Mar/2017:10:28:04 -0300] "GET /cormun/static/Resources/PXToolsFooterBackground2.png HTTP/1.1" 200 1172
186.103.159.187 - - [20/Mar/2017:10:28:04 -0300] "GET /cormun/static/gxui/gxui-all.js HTTP/1.1" 200 107772
186.103.159.187 - - [20/Mar/2017:10:28:04 -0300] "GET /cormun/static/Resources/logo4.png HTTP/1.1" 200 6582
186.103.159.187 - - [20/Mar/2017:10:28:04 -0300] "GET /cormun/static/Resources/PXToolsHeaderLogin.png HTTP/1.1" 200 4279
186.103.159.187 - - [20/Mar/2017:10:28:04 -0300] "GET /cormun/static/Resources/PXToolsDataTitle.png HTTP/1.1" 200 1173
186.103.159.187 - - [20/Mar/2017:10:28:04 -0300] "GET /cormun/static/Resources/PXToolsHeaderActionsBackground.png HTTP/1.1" 200 484
186.103.159.187 - - [20/Mar/2017:10:28:04 -0300] "GET /cormun/static/Resources/PXToolsHeaderBackground2.png HTTP/1.1" 200 1174
186.103.159.187 - - [20/Mar/2017:10:28:04 -0300] "GET /cormun/static/Resources/PXToolsHeaderSecurity.png HTTP/1.1" 200 4166
186.103.159.187 - - [20/Mar/2017:10:28:04 -0300] "GET /cormun/static/Resources/PXToolsHeaderActionsRight.png HTTP/1.1" 200 1201
186.103.159.187 - - [20/Mar/2017:10:28:04 -0300] "GET /cormun/static/Resources/PXToolsHeaderPreferences.png HTTP/1.1" 200 4189
186.103.159.187 - - [20/Mar/2017:10:28:04 -0300] "GET /cormun/static/Resources/PXToolsHeaderHome.png HTTP/1.1" 200 4147
186.103.159.187 - - [20/Mar/2017:10:28:04 -0300] "GET /cormun/static/hpexe_scripts.js?201731711335890 HTTP/1.1" 200 1544
186.103.159.187 - - [20/Mar/2017:10:28:04 -0300] "GET /cormun/static/hpexe_messagecontroller.js?201610171694323 HTTP/1.1" 200 870
186.103.159.187 - - [20/Mar/2017:10:28:04 -0300] "GET /cormun/static/hpexe_messagepopupcomponent.js?20161017169425 HTTP/1.1" 200 605
186.103.159.187 - - [20/Mar/2017:10:28:04 -0300] "GET /cormun/static/hpexe_messagegenexuscomponent.js?201731711335537 HTTP/1.1" 200 587
186.103.159.187 - - [20/Mar/2017:10:28:04 -0300] "GET /cormun/static/cmcontrolpreferences.js?201731711335852 HTTP/1.1" 200 1375
186.103.159.187 - - [20/Mar/2017:10:28:04 -0300] "GET /cormun/static/Shared/jquery/jquery-1.4.2.min.js HTTP/1.1" 200 72174
186.103.159.187 - - [20/Mar/2017:10:28:05 -0300] "GET /cormun/static/Shared/jqueryui/jquery-ui.min.js HTTP/1.1" 200 240427
186.103.159.187 - - [20/Mar/2017:10:28:05 -0300] "GET /cormun/static/SmoothNavMenu/resources/ddsmoothmenu.js HTTP/1.1" 200 12712
186.103.159.187 - - [20/Mar/2017:10:28:05 -0300] "GET /cormun/static/SmoothNavMenu/resources/SmoothNavMenuRender.js HTTP/1.1" 200 5951
186.103.159.187 - - [20/Mar/2017:10:28:05 -0300] "GET /cormun/static/scaMessage/js/jquery.pnotify.min.js HTTP/1.1" 200 13038
186.103.159.187 - - [20/Mar/2017:10:28:05 -0300] "GET /cormun/static/scaMessage/scaMessageRender.js HTTP/1.1" 200 11977
186.103.159.187 - - [20/Mar/2017:10:28:05 -0300] "GET /cormun/static/hmpwkw03.js?201731711485354 HTTP/1.1" 200 3965
186.103.159.187 - - [20/Mar/2017:10:28:05 -0300] "GET /cormun/static/Shared/jquery/jquery-1.10.2.min.js HTTP/1.1" 200 273199
186.103.159.187 - - [20/Mar/2017:10:28:06 -0300] "GET /cormun/static/Shared/ext/ext-all.js HTTP/1.1" 200 1289687
186.103.159.187 - - [20/Mar/2017:10:28:06 -0300] "GET /cormun/servlet/hhome HTTP/1.1" 200 3736
186.103.159.187 - - [20/Mar/2017:10:28:06 -0300] "GET /cormun/static/SmoothNavMenu/resources/images/down.gif HTTP/1.1" 200 854
46.174.191.32 - - [20/Mar/2017:10:28:07 -0300] "GET / HTTP/1.0" 200 11197
186.103.156.24 - - [20/Mar/2017:10:28:07 -0300] "POST /cormun/servlet/licenciaspermisos?2bbe3743861fa225c0ad215555f26cf6,DSP,11671556,L,20170320000000,,gx-no-cache=1490016576431 HTTP/1.1" 200 93
186.103.156.24 - - [20/Mar/2017:10:28:07 -0300] "GET /cormun/servlet/hpexe_return? HTTP/1.1" 200 1031
186.103.156.24 - - [20/Mar/2017:10:28:07 -0300] "GET /cormun/servlet/trlicencias HTTP/1.1" 200 8455
186.103.156.24 - - [20/Mar/2017:10:28:08 -0300] "GET /cormun/servlet/trlicencias HTTP/1.1" 200 8451
186.103.156.24 - - [20/Mar/2017:10:28:19 -0300] "POST /cormun/servlet/trlicencias?2bbe3743861fa225c0ad215555f26cf6,gx-no-cache=1490016590310 HTTP/1.1" 200 5842
186.103.156.24 - - [20/Mar/2017:10:28:19 -0300] "GET /cormun/static/Shared/jqueryui/images/ui-bg_highlight-soft_100_c6c2c8_1x100.png HTTP/1.1" 404 1117
186.103.156.24 - - [20/Mar/2017:10:28:19 -0300] "GET /cormun/static/Shared/jqueryui/images/ui-icons_82798d_256x240.png HTTP/1.1" 404 1089
186.103.156.24 - - [20/Mar/2017:10:28:19 -0300] "GET /cormun/static/Shared/jqueryui/images/ui-bg_flat_55_fafafa_40x100.png HTTP/1.1" 404 1097
186.103.156.24 - - [20/Mar/2017:10:28:19 -0300] "GET /cormun/static/Shared/jqueryui/images/ui-icons_8d78a5_256x240.png HTTP/1.1" 404 1089
186.79.177.200 - - [20/Mar/2017:10:28:31 -0300] "POST /cormun/servlet/renuncias?8d285206c717582bd391a37deae35657,INS,0,,gx-no-cache=1490016578797 HTTP/1.1" 200 93
186.79.177.200 - - [20/Mar/2017:10:28:31 -0300] "GET /cormun/servlet/hpexe_return? HTTP/1.1" 200 1004
192.168.10.89 - - [20/Mar/2017:10:28:31 -0300] "POST /cormun/servlet/trsolicitudgral?c2afcf69d6cd3eb5e79b2b2e71b995e6,gx-no-cache=1490019227720,gx-no-cache=1490019792214 HTTP/1.1" 200 6833
186.79.177.200 - - [20/Mar/2017:10:28:31 -0300] "GET /cormun/servlet/trrenuncias HTTP/1.1" 200 6555
186.79.177.200 - - [20/Mar/2017:10:28:32 -0300] "GET /cormun/servlet/trrenuncias HTTP/1.1" 200 6552
186.103.156.24 - - [20/Mar/2017:10:28:33 -0300] "GET /cormun/servlet/trlicenciaspermisosadjuntos?11671556,20170320000000,L, HTTP/1.1" 200 6336
186.103.156.24 - - [20/Mar/2017:10:28:33 -0300] "GET /cormun/static/gxcfg.js?20173171154619 HTTP/1.1" 304 -
186.103.156.24 - - [20/Mar/2017:10:28:33 -0300] "GET /cormun/static/trlicenciaspermisosadjuntos.js?20173171154971 HTTP/1.1" 304 -
186.103.156.24 - - [20/Mar/2017:10:28:34 -0300] "GET /cormun/servlet/trlicenciaspermisosadjuntos?11671556,20170320000000,L, HTTP/1.1" 200 6336
192.168.10.89 - - [20/Mar/2017:10:28:36 -0300] "GET /cormun/servlet/solicitudgral3?UPD,2017,4909, HTTP/1.1" 200 12994
192.168.10.89 - - [20/Mar/2017:10:28:36 -0300] "GET /cormun/static/gxcfg.js?201731711481654 HTTP/1.1" 200 953
192.168.10.89 - - [20/Mar/2017:10:28:36 -0300] "GET /cormun/static/solicitudgral3.js?201731711481732 HTTP/1.1" 200 42550
192.168.10.89 - - [20/Mar/2017:10:28:37 -0300] "POST /cormun/servlet/solicitudgral3?gx-no-cache=1490019798169 HTTP/1.1" 200 3353
192.168.10.89 - - [20/Mar/2017:10:28:37 -0300] "GET /cormun/servlet/solicitudgral3?87fd08b5c6664032375090a2a0dbaea93c11157de4cb6bf0a06c96e96e9e7ffb5c90e4ae96e77d390876dca159791c86bbfb8f571769b1cf85bc50c560eca2dead9f3cff92582d5544ec214c1a120446c9b2b8c3d3c2e889cbf081583d197360c4a8b05ec3e7a2ac09bbf354c3beae5b510f1e32ae40b0269ee80a074b8818a78a235dac7d090301903ff5d0a175ac05dc7c7b0a0df6dc6e6dbc30b0cf6a23dbe055c249f692c933742c3ab1324db7022188b45d1f50889082ff7fef32e3b3d214f1a47d724d2dc4adf86b421f71f4c64e9afe177bcd401d691a16a157bb152f3693df111cb55c373823591fe667b0cada1b5f14ebc574a5576164106ac2f5cf74e2eaeef124b7e8d9d0c88a09b91df3c6a340c45407b6de9ba2031390158b823fbd059ee467a675a35df11924a25dc467215e4067369475a808b4319c8e76529b589d72cf773b72d80cf2b37f1b3e62,gx-no-cache=1490019798411 HTTP/1.1" 200 257
192.168.10.89 - - [20/Mar/2017:10:28:37 -0300] "POST /cormun/servlet/solicitudgral3?gx-no-cache=1490019798457 HTTP/1.1" 200 1356
192.168.10.89 - - [20/Mar/2017:10:28:37 -0300] "GET /cormun/servlet/solicitudgral3?87fd08b5c6664032375090a2a0dbaea9ddc7fecc17dda079b23d053fe0d6af0f57281be0ca81cd8086dc2ef782717f20bbfb8f571769b1cf85bc50c560eca2de33593ab57bd74e285def66381663bbcbbce728977f209a9c5b12682083edbc0331d8425dda480c6dc3768075cf1fe89d79cae4dc9f720b9b718040151d42b942,gx-no-cache=1490019798563 HTTP/1.1" 200 41
192.168.10.89 - - [20/Mar/2017:10:28:40 -0300] "POST /cormun/servlet/solicitudgral3?c2afcf69d6cd3eb5e79b2b2e71b995e6,UPD,2017,4909,,gx-no-cache=1490019800801 HTTP/1.1" 200 11026
192.168.10.89 - - [20/Mar/2017:10:28:41 -0300] "GET /cormun/servlet/solicitudgral3?87fd08b5c6664032375090a2a0dbaea9dc0c6396bdd124dc0d49803ebfa8cd846d537a9a4ed9e4841c11a94953b4d94995b63463da614fc6893cf690b43c42bfe025455fba791c73a8840192b95e970ad26c77a58544a5e673842697c911f551e58a4018c251c7a238160f8b94ba89f391f67115f6902e2889da524449d6a4ed7eb764fb6a30a73d5a1b5b09f51c49bf7ee0db23c93bbd38417a221d28b79bbd,gx-no-cache=1490019801736 HTTP/1.1" 200 29
192.168.10.89 - - [20/Mar/2017:10:28:41 -0300] "POST /cormun/servlet/solicitudgral3?gx-no-cache=1490019801772 HTTP/1.1" 200 1249
192.168.10.89 - - [20/Mar/2017:10:28:41 -0300] "POST /cormun/servlet/solicitudgral3?gx-no-cache=1490019801815 HTTP/1.1" 200 1155
186.103.156.24 - - [20/Mar/2017:10:28:42 -0300] "GET /cormun/servlet/licenciaspermisosadjuntos?INS,11671556,L,20170320000000,, HTTP/1.1" 200 5633
186.103.156.24 - - [20/Mar/2017:10:28:42 -0300] "GET /cormun/static/licenciaspermisosadjuntos.js?201731711421181 HTTP/1.1" 304 -
186.103.156.24 - - [20/Mar/2017:10:28:42 -0300] "GET /cormun/static/gxcfg.js?201731711421170 HTTP/1.1" 304 -
192.168.10.89 - - [20/Mar/2017:10:28:43 -0300] "GET /cormun/servlet/solicitudgral3?87fd08b5c6664032375090a2a0dbaea9d2358ca272e3334c381ed9fa3f1aa1949e95d6b866aa6e58d725a8681027a02478ba403e31dec6a6fe233f660f56dbe967215e4067369475a808b4319c8e7652fd46cd67002fc7aab8576ff325c03cee79b1c7dc0204e5b1059c9e1b8c979e9a50ca5f83cc19ac32b561ded56f53157a525a5e83c661a69f549e7b6df27f77cc,gx-no-cache=1490019803865 HTTP/1.1" 200 30
186.103.156.24 - - [20/Mar/2017:10:28:43 -0300] "GET /cormun/static/about:blank HTTP/1.1" 404 1011
186.103.156.24 - - [20/Mar/2017:10:28:43 -0300] "GET /cormun/servlet/licenciaspermisosadjuntos?INS,11671556,L,20170320000000,, HTTP/1.1" 200 5624
186.79.177.200 - - [20/Mar/2017:10:28:46 -0300] "GET /cormun/servlet/trrenuncias? HTTP/1.1" 200 6552
186.79.177.200 - - [20/Mar/2017:10:28:46 -0300] "GET /cormun/servlet/trrenuncias? HTTP/1.1" 200 6552
186.79.177.200 - - [20/Mar/2017:10:28:50 -0300] "GET /cormun/servlet/trsolicitudot? HTTP/1.1" 200 6778
186.79.177.200 - - [20/Mar/2017:10:28:51 -0300] "GET /cormun/static/gxcfg.js?201731711505139 HTTP/1.1" 304 -
186.79.177.200 - - [20/Mar/2017:10:28:51 -0300] "GET /cormun/static/trsolicitudot.js?20173171151116 HTTP/1.1" 304 -
186.79.177.200 - - [20/Mar/2017:10:28:51 -0300] "GET /cormun/servlet/trsolicitudot? HTTP/1.1" 200 6777
192.168.10.89 - - [20/Mar/2017:10:29:03 -0300] "POST /cormun/servlet/solicitudgral3?c2afcf69d6cd3eb5e79b2b2e71b995e6,UPD,2017,4909,,gx-no-cache=1490019824528 HTTP/1.1" 200 93
192.168.10.89 - - [20/Mar/2017:10:29:04 -0300] "GET /cormun/servlet/hpexe_return? HTTP/1.1" 200 1029
192.168.10.89 - - [20/Mar/2017:10:29:04 -0300] "GET /cormun/servlet/trsolicitudgral?gx-no-cache=1490019227720 HTTP/1.1" 200 10218
192.168.10.89 - - [20/Mar/2017:10:29:11 -0300] "GET /cormun/servlet/solicitudgral?UPD,2017,5520, HTTP/1.1" 200 12159
192.168.10.89 - - [20/Mar/2017:10:29:11 -0300] "GET /cormun/static/gxcfg.js?2017261155185 HTTP/1.1" 304 -
192.168.10.89 - - [20/Mar/2017:10:29:11 -0300] "GET /cormun/static/solicitudgral.js?2017261155246 HTTP/1.1" 304 -
192.168.10.89 - - [20/Mar/2017:10:29:12 -0300] "POST /cormun/servlet/solicitudgral?gx-no-cache=1490019833290 HTTP/1.1" 200 3180
192.168.10.89 - - [20/Mar/2017:10:29:12 -0300] "GET /cormun/servlet/solicitudgral?87fd08b5c6664032375090a2a0dbaea93c11157de4cb6bf0a06c96e96e9e7ffb5c90e4ae96e77d390876dca159791c86bbfb8f571769b1cf85bc50c560eca2dead9f3cff92582d5544ec214c1a120446c9b2b8c3d3c2e889cbf081583d197360c4a8b05ec3e7a2ac09bbf354c3beae5b510f1e32ae40b0269ee80a074b8818a78a235dac7d090301903ff5d0a175ac05dc7c7b0a0df6dc6e6dbc30b0cf6a23dbe055c249f692c933742c3ab1324db7022188b45d1f50889082ff7fef32e3b3d214f1a47d724d2dc4adf86b421f71f4c64e9afe177bcd401d691a16a157bb152f3693df111cb55c373823591fe667b0cada1b5f14ebc574a5576164106ac2f5cf74e2eaeef124b7e8d9d0c88a09b91df3c6a340c45407b6de9ba2031390158b823fbd059ee467a675a35df11924a25dc467215e4067369475a808b4319c8e76529b589d72cf773b72d80cf2b37f1b3e62,gx-no-cache=1490019833498 HTTP/1.1" 200 257
192.168.10.89 - - [20/Mar/2017:10:29:16 -0300] "GET /cormun/servlet/solicitudgral?87fd08b5c6664032375090a2a0dbaea9ccc9c7c53662423739d4c6117eeb799737b2aeec63e05cd86f117843e1c76d96982ffc0fe5128fc9c812332adf558b601ae7d02053657d9fa86967989744e5c24653ea03f99dd23bd88e6d677bf3e8ab98e707630b87cc760fcf99934a780a2f533b33de0d3cdf5b2a43d0629a50be6e4ecbbdb292c993c67f1d402f0036777877611a3a18d8d0c1f3c2a9d0b8df2254d05348ac89512d490cd689c3cd4d2dcc14f1a47d724d2dc4adf86b421f71f4c656e79896e76260c34e72eae930e773f6191f9aa17a03c454f1f6cbb34d3050564afb8f896181459bb38a09b1b627e5a799d0b63f6d9f623628e9689b4852e842f0b6f572df97b2d7305e770f248f73808457a476b215a2069c94d7cbdb9600100b54403af2dfd2cf368b195711cdd1e37b62aa13f5d468d672e3c17167cd4b7385b0db9944afc287ac4460833f37895868d52094d7c784e42e2d5d31dc6b42119d7a7d0e05140d33b8f0e9e911c89e8dfe7dd543f8d1bde97067606338722d1cdc5a0ea1e32b783b8490d93d2fdab9049857e9c046c0be452372624f28106d22ed17f6009708cb20ff121f48098d01484475c5f7ca50e7511d060b66f04c21ff281bd46db6c7be4f412b25ced8690c55f876b0739c6fb4a18b1ad2a36e130ead576d5e6cf29333665fef1f0ee306fe249857e9c046c0be452372624f28106d229fbf02796c8cf8387c19f974b877976ae8a1e34f70e5475489ec02530e89ccde44752614cfb99085d442697243d49e2c,gx-no-cache=1490019837648 HTTP/1.1" 200 48
192.168.10.89 - - [20/Mar/2017:10:29:18 -0300] "POST /cormun/servlet/solicitudgral?c2afcf69d6cd3eb5e79b2b2e71b995e6,UPD,2017,5520,,gx-no-cache=1490019838630 HTTP/1.1" 200 10548
192.168.10.89 - - [20/Mar/2017:10:29:18 -0300] "GET /cormun/servlet/solicitudgral?87fd08b5c6664032375090a2a0dbaea9dc0c6396bdd124dc0d49803ebfa8cd846d537a9a4ed9e4841c11a94953b4d94995b63463da614fc6893cf690b43c42bfe025455fba791c73a8840192b95e970ad26c77a58544a5e673842697c911f551e58a4018c251c7a238160f8b94ba89f391f67115f6902e2889da524449d6a4ed7eb764fb6a30a73d5a1b5b09f51c49bf7ee0db23c93bbd38417a221d28b79bbd,gx-no-cache=1490019838929 HTTP/1.1" 200 29
192.168.10.89 - - [20/Mar/2017:10:29:18 -0300] "POST /cormun/servlet/solicitudgral?gx-no-cache=1490019838951 HTTP/1.1" 200 1250
192.168.10.89 - - [20/Mar/2017:10:29:18 -0300] "POST /cormun/servlet/solicitudgral?gx-no-cache=1490019838989 HTTP/1.1" 200 1155
192.168.10.89 - - [20/Mar/2017:10:29:30 -0300] "POST /cormun/servlet/solicitudgral?c2afcf69d6cd3eb5e79b2b2e71b995e6,UPD,2017,5520,,gx-no-cache=1490019850622 HTTP/1.1" 200 93
192.168.10.89 - - [20/Mar/2017:10:29:30 -0300] "GET /cormun/servlet/hpexe_return? HTTP/1.1" 200 1027
192.168.10.89 - - [20/Mar/2017:10:29:30 -0300] "GET /cormun/servlet/trsolicitudgral?gx-no-cache=1490019227720 HTTP/1.1" 200 9895
192.168.10.89 - - [20/Mar/2017:10:29:48 -0300] "POST /cormun/servlet/trsolicitudgral?c2afcf69d6cd3eb5e79b2b2e71b995e6,gx-no-cache=1490019227720,gx-no-cache=1490019869641 HTTP/1.1" 200 6446
192.168.10.89 - - [20/Mar/2017:10:29:54 -0300] "POST /cormun/servlet/trsolicitudgral?c2afcf69d6cd3eb5e79b2b2e71b995e6,gx-no-cache=1490019227720,gx-no-cache=1490019875211 HTTP/1.1" 200 5324
192.168.10.89 - - [20/Mar/2017:10:29:54 -0300] "GET /cormun/static/Shared/jqueryui/images/ui-icons_8d78a5_256x240.png HTTP/1.1" 404 1089
192.168.10.89 - - [20/Mar/2017:10:29:54 -0300] "GET /cormun/static/Shared/jqueryui/images/ui-bg_highlight-soft_100_c6c2c8_1x100.png HTTP/1.1" 404 1117
192.168.10.89 - - [20/Mar/2017:10:29:54 -0300] "GET /cormun/static/Shared/jqueryui/images/ui-icons_82798d_256x240.png HTTP/1.1" 404 1089
192.168.10.89 - - [20/Mar/2017:10:29:54 -0300] "GET /cormun/static/Shared/jqueryui/images/ui-bg_flat_55_fafafa_40x100.png HTTP/1.1" 404 1097
192.168.10.89 - - [20/Mar/2017:10:29:57 -0300] "POST /cormun/servlet/trsolicitudgral?c2afcf69d6cd3eb5e79b2b2e71b995e6,gx-no-cache=1490019227720,gx-no-cache=1490019878207 HTTP/1.1" 200 6506
192.168.10.89 - - [20/Mar/2017:10:29:59 -0300] "POST /cormun/servlet/trsolicitudgral?c2afcf69d6cd3eb5e79b2b2e71b995e6,gx-no-cache=1490019227720,gx-no-cache=1490019880489 HTTP/1.1" 200 5355
186.103.159.187 - - [20/Mar/2017:10:30:19 -0300] "GET /cormun/servlet/trsolicitudot? HTTP/1.1" 200 8841
186.103.159.187 - - [20/Mar/2017:10:30:20 -0300] "GET /cormun/static/gxui/gxui-all.css?110300 HTTP/1.1" 200 2179
186.103.159.187 - - [20/Mar/2017:10:30:20 -0300] "GET /cormun/static/calendar-system.css?75620 HTTP/1.1" 200 5572
186.103.159.187 - - [20/Mar/2017:10:30:20 -0300] "GET /cormun/static/calendar-setup.js?85251 HTTP/1.1" 200 2588
186.103.159.187 - - [20/Mar/2017:10:30:20 -0300] "GET /cormun/static/gxcfg.js?201731711505139 HTTP/1.1" 200 953
186.103.159.187 - - [20/Mar/2017:10:30:20 -0300] "GET /cormun/static/calendar.js?85251 HTTP/1.1" 200 26246
186.103.159.187 - - [20/Mar/2017:10:30:20 -0300] "GET /cormun/static/calendar-es.js?85251 HTTP/1.1" 200 1901
186.103.159.187 - - [20/Mar/2017:10:30:20 -0300] "GET /cormun/static/gxdec.js?85251 HTTP/1.1" 200 19579
186.103.159.187 - - [20/Mar/2017:10:30:20 -0300] "GET /cormun/static/trsolicitudot.js?20173171151116 HTTP/1.1" 200 53117
186.103.159.187 - - [20/Mar/2017:10:30:20 -0300] "GET /cormun/static/Resources/PXTools/calendar.png HTTP/1.1" 200 1306
186.103.159.187 - - [20/Mar/2017:10:30:20 -0300] "GET /cormun/static/Resources/PXToolsDataSearch.png HTTP/1.1" 200 419
186.103.159.187 - - [20/Mar/2017:10:30:20 -0300] "GET /cormun/static/Resources/PXToolsGridFirstDisabled.gif HTTP/1.1" 200 100
186.103.159.187 - - [20/Mar/2017:10:30:20 -0300] "GET /cormun/static/Resources/PXToolsGridPreviousDisabled.gif HTTP/1.1" 200 90
186.103.159.187 - - [20/Mar/2017:10:30:20 -0300] "GET /cormun/static/Resources/PXToolsGridNextDisabled.gif HTTP/1.1" 200 90
186.103.159.187 - - [20/Mar/2017:10:30:20 -0300] "GET /cormun/static/Resources/PXToolsGridLastDisabled.gif HTTP/1.1" 200 98
186.103.159.187 - - [20/Mar/2017:10:30:20 -0300] "GET /cormun/static/Resources/PXToolsGridPage.gif HTTP/1.1" 200 725
186.103.159.187 - - [20/Mar/2017:10:30:20 -0300] "GET /cormun/static/Resources/PXToolsActionExcel.png HTTP/1.1" 200 3187
186.103.159.187 - - [20/Mar/2017:10:30:20 -0300] "GET /cormun/static/Resources/PXToolsGridNew.png HTTP/1.1" 200 2949
186.103.159.187 - - [20/Mar/2017:10:30:20 -0300] "GET /cormun/static/Shared/ext/resources/css/ext-all.css?205870 HTTP/1.1" 200 416045
186.103.159.187 - - [20/Mar/2017:10:30:21 -0300] "GET /cormun/static/Resources/asc.gif HTTP/1.1" 200 67
186.103.159.187 - - [20/Mar/2017:10:30:21 -0300] "GET /cormun/static/Resources/desc.gif HTTP/1.1" 200 65
186.103.159.187 - - [20/Mar/2017:10:30:21 -0300] "GET /cormun//static/Resources/PXToolsGridUpdate.png HTTP/1.1" 200 2984
186.103.159.187 - - [20/Mar/2017:10:30:21 -0300] "GET /cormun//static/Resources/PXToolsActionView.png HTTP/1.1" 200 2995
186.103.159.187 - - [20/Mar/2017:10:30:21 -0300] "GET /cormun//static/Resources/PXToolsGridDelete.png HTTP/1.1" 200 357
186.103.159.187 - - [20/Mar/2017:10:30:21 -0300] "GET /cormun//static/Resources/PXTools/ActionInsert.png HTTP/1.1" 200 1482
186.103.159.187 - - [20/Mar/2017:10:30:21 -0300] "GET /cormun/servlet/trsolicitudot? HTTP/1.1" 200 8838
186.103.159.187 - - [20/Mar/2017:10:30:21 -0300] "GET /cormun//static/Resources/PXToolsRemoveAllAction.png HTTP/1.1" 200 3558
186.103.159.187 - - [20/Mar/2017:10:30:22 -0300] "GET /cormun/static/Shared/ext/resources/themes/images/default/panel/bg-headersPanel.png HTTP/1.1" 200 255
186.103.159.187 - - [20/Mar/2017:10:30:22 -0300] "GET /cormun/static/Shared/ext/resources/themes/images/default/tools/tool-sprites.gif HTTP/1.1" 200 5434
186.79.177.200 - - [20/Mar/2017:10:30:34 -0300] "POST /cormun/servlet/trsolicitudot?8d285206c717582bd391a37deae35657,,gx-no-cache=1490016701903 HTTP/1.1" 200 3964
186.103.156.24 - - [20/Mar/2017:10:30:34 -0300] "POST /cormun/servlet/licenciaspermisosadjuntos?2bbe3743861fa225c0ad215555f26cf6,INS,11671556,L,20170320000000,, HTTP/1.1" 200 116
186.103.156.24 - - [20/Mar/2017:10:30:34 -0300] "GET /cormun/servlet/hpexe_return? HTTP/1.1" 200 1045
186.103.156.24 - - [20/Mar/2017:10:30:37 -0300] "GET /cormun/servlet/trlicenciaspermisosadjuntos?11671556,20170320000000,L, HTTP/1.1" 200 6846
186.79.177.200 - - [20/Mar/2017:10:30:37 -0300] "GET /cormun/servlet/trrenuncias? HTTP/1.1" 200 6552
186.79.177.200 - - [20/Mar/2017:10:30:39 -0300] "GET /cormun/servlet/trrenuncias? HTTP/1.1" 200 6552
186.103.156.24 - - [20/Mar/2017:10:30:40 -0300] "GET /cormun/servlet/trlicenciaspermisosadjuntos?11671556,20170320000000,L, HTTP/1.1" 200 6843
186.103.156.24 - - [20/Mar/2017:10:30:43 -0300] "GET /cormun/servlet/trlicencias? HTTP/1.1" 200 8451
186.103.156.24 - - [20/Mar/2017:10:30:43 -0300] "GET /cormun/servlet/trlicencias? HTTP/1.1" 200 8451
186.103.159.187 - - [20/Mar/2017:10:30:45 -0300] "POST /cormun/servlet/trsolicitudot?fe7c2e0c51be400de8baff9d50d0c10d,,gx-no-cache=1490016713145 HTTP/1.1" 200 105
186.103.159.187 - - [20/Mar/2017:10:30:45 -0300] "GET /cormun/servlet/solicitudot?DLT,2017,5545, HTTP/1.1" 200 9308
186.103.159.187 - - [20/Mar/2017:10:30:45 -0300] "GET /cormun/static/calendar-system.css?85620 HTTP/1.1" 200 5572
186.103.159.187 - - [20/Mar/2017:10:30:45 -0300] "GET /cormun/static/gxcfg.js?20171191042720 HTTP/1.1" 200 953
186.103.159.187 - - [20/Mar/2017:10:30:45 -0300] "GET /cormun/static/Resources/Spanish/PXTools.css?18365030 HTTP/1.1" 200 89042
186.103.159.187 - - [20/Mar/2017:10:30:45 -0300] "GET /cormun/static/solicitudot.js?2017119104297 HTTP/1.1" 200 63948
186.103.159.187 - - [20/Mar/2017:10:30:45 -0300] "GET /cormun/static/Resources/prompt.gif HTTP/1.1" 200 902
186.79.177.200 - - [20/Mar/2017:10:30:46 -0300] "POST /cormun/servlet/trrenuncias?8d285206c717582bd391a37deae35657,,gx-no-cache=1490016714085 HTTP/1.1" 200 3854
186.103.159.187 - - [20/Mar/2017:10:30:46 -0300] "GET /cormun/static/Shared/jqueryui/images/ui-bg_highlight-soft_100_c6c2c8_1x100.png HTTP/1.1" 404 1117
186.103.159.187 - - [20/Mar/2017:10:30:46 -0300] "GET /cormun/static/Shared/jqueryui/images/ui-icons_82798d_256x240.png HTTP/1.1" 404 1089
186.103.159.187 - - [20/Mar/2017:10:30:46 -0300] "GET /cormun/static/Shared/jqueryui/images/ui-bg_flat_55_fafafa_40x100.png HTTP/1.1" 404 1097
186.103.159.187 - - [20/Mar/2017:10:30:46 -0300] "GET /cormun/static/Shared/jqueryui/images/ui-icons_8d78a5_256x240.png HTTP/1.1" 404 1089
186.103.159.187 - - [20/Mar/2017:10:30:47 -0300] "GET /cormun/servlet/solicitudot?DLT,2017,5545, HTTP/1.1" 200 9317
186.79.177.200 - - [20/Mar/2017:10:30:52 -0300] "POST /cormun/servlet/trrenuncias?8d285206c717582bd391a37deae35657,,gx-no-cache=1490016719937 HTTP/1.1" 200 3853
186.103.156.24 - - [20/Mar/2017:10:30:57 -0300] "GET /cormun/servlet/licenciaspermisos?DSP,12516208,L,20170317000000, HTTP/1.1" 200 6986
186.79.177.200 - - [20/Mar/2017:10:30:57 -0300] "POST /cormun/servlet/trrenuncias?8d285206c717582bd391a37deae35657,,gx-no-cache=1490016725393 HTTP/1.1" 200 3852
186.103.156.24 - - [20/Mar/2017:10:30:58 -0300] "GET /cormun/servlet/licenciaspermisos?DSP,12516208,L,20170317000000, HTTP/1.1" 200 6987
186.79.177.200 - - [20/Mar/2017:10:31:02 -0300] "POST /cormun/servlet/trrenuncias?8d285206c717582bd391a37deae35657,,gx-no-cache=1490016730281 HTTP/1.1" 200 3851
186.103.159.187 - - [20/Mar/2017:10:31:04 -0300] "POST /cormun/servlet/solicitudot?fe7c2e0c51be400de8baff9d50d0c10d,DLT,2017,5545,,gx-no-cache=1490016732662 HTTP/1.1" 200 12402
186.103.159.187 - - [20/Mar/2017:10:31:05 -0300] "GET /cormun/static/Shared/jqueryui/images/ui-bg_flat_55_994d53_40x100.png HTTP/1.1" 404 1097
186.103.159.187 - - [20/Mar/2017:10:31:05 -0300] "GET /cormun/static/Shared/jqueryui/images/ui-icons_ebccce_256x240.png HTTP/1.1" 404 1089
186.103.159.187 - - [20/Mar/2017:10:31:07 -0300] "POST /cormun/servlet/solicitudot?fe7c2e0c51be400de8baff9d50d0c10d,DLT,2017,5545,,gx-no-cache=1490016735585 HTTP/1.1" 200 12513
186.103.156.24 - - [20/Mar/2017:10:31:11 -0300] "POST /cormun/servlet/licenciaspermisos?2bbe3743861fa225c0ad215555f26cf6,DSP,12516208,L,20170317000000,,gx-no-cache=1490016770617 HTTP/1.1" 200 93
186.103.156.24 - - [20/Mar/2017:10:31:11 -0300] "GET /cormun/servlet/hpexe_return? HTTP/1.1" 200 1030
186.103.156.24 - - [20/Mar/2017:10:31:11 -0300] "GET /cormun/servlet/trlicencias HTTP/1.1" 200 8455
186.79.177.200 - - [20/Mar/2017:10:31:12 -0300] "GET /cormun/servlet/trrenuncias? HTTP/1.1" 200 6552
186.103.156.24 - - [20/Mar/2017:10:31:12 -0300] "GET /cormun/servlet/trlicencias HTTP/1.1" 200 8451
186.79.177.200 - - [20/Mar/2017:10:31:12 -0300] "GET /cormun/servlet/trrenuncias? HTTP/1.1" 200 6552
186.103.159.187 - - [20/Mar/2017:10:31:16 -0300] "POST /cormun/servlet/solicitudot?fe7c2e0c51be400de8baff9d50d0c10d,DLT,2017,5545,,gx-no-cache=1490016744022 HTTP/1.1" 200 93
