186.103.156.24 - - [17/Mar/2017:09:14:40 -0300] "GET /cormun/servlet/licenciaspermisos?564f65e6bbc1136ce8449bf8ed16250a1042b86d89099907a41450dc5061737df37e3242e0f2429a442b72be75942b5105787cfa50e1277d307ccd73c08e7611b8583b7e114922b38e1a76645706bc6b4272375528ebe793bfc73f143ad0a0569e7a44dcfb965ff4405b665efa26fac8e4fbf7ce145386bc956b32a0db98bee570ab575aa0317a4ba5e1d181297fe00689cdbd4bff24e82d33f5a8379b61bb9cb6f9fa48fa2f6d588ec6868dd20c4580,gx-no-cache=1489756592267 HTTP/1.1" 200 29
186.103.156.24 - - [17/Mar/2017:09:14:40 -0300] "POST /cormun/servlet/licenciaspermisos?461cd1227f73e6389749d118b7807039,INS,0,,,,gx-no-cache=1489756592298 HTTP/1.1" 200 4751
186.103.156.24 - - [17/Mar/2017:09:14:40 -0300] "GET /cormun/static/Shared/jqueryui/images/ui-bg_highlight-soft_100_c6c2c8_1x100.png HTTP/1.1" 404 1117
186.103.156.24 - - [17/Mar/2017:09:14:40 -0300] "GET /cormun/static/Shared/jqueryui/images/ui-icons_82798d_256x240.png HTTP/1.1" 404 1089
186.103.156.24 - - [17/Mar/2017:09:14:40 -0300] "GET /cormun/static/Shared/jqueryui/images/ui-bg_flat_55_994d53_40x100.png HTTP/1.1" 404 1097
186.103.156.24 - - [17/Mar/2017:09:14:40 -0300] "GET /cormun/static/Shared/jqueryui/images/ui-icons_ebccce_256x240.png HTTP/1.1" 404 1089
186.103.156.24 - - [17/Mar/2017:09:14:47 -0300] "POST /cormun/servlet/licenciaspermisos?461cd1227f73e6389749d118b7807039,INS,0,,,,gx-no-cache=1489756598960 HTTP/1.1" 200 93
186.103.156.24 - - [17/Mar/2017:09:14:47 -0300] "GET /cormun/servlet/hpexe_return? HTTP/1.1" 200 1007
186.103.156.24 - - [17/Mar/2017:09:14:47 -0300] "GET /cormun/servlet/trlicencias HTTP/1.1" 200 6872
186.103.156.24 - - [17/Mar/2017:09:14:48 -0300] "GET /cormun/servlet/trlicencias HTTP/1.1" 200 6867
186.67.172.234 - - [17/Mar/2017:09:14:57 -0300] "GET /cormun/servlet/hlogin HTTP/1.1" 200 1732
186.67.172.234 - - [17/Mar/2017:09:14:57 -0300] "GET /cormun/static/Resources/Spanish/PXTools.css?1242369 HTTP/1.1" 304 -
186.67.172.234 - - [17/Mar/2017:09:14:57 -0300] "GET /cormun/static/gxcfg.js?20173151305376 HTTP/1.1" 200 953
186.67.172.234 - - [17/Mar/2017:09:14:57 -0300] "GET /cormun/static/hlogin.js?20173151305393 HTTP/1.1" 304 -
186.67.172.234 - - [17/Mar/2017:09:15:17 -0300] "POST /cormun/servlet/hlogin?0211e441203bad4b0879b5fdcfd42556,gx-no-cache=1489752997727 HTTP/1.1" 200 90
186.67.172.234 - - [17/Mar/2017:09:15:17 -0300] "GET /cormun/servlet/hpexe_link HTTP/1.1" 200 957
186.67.172.234 - - [17/Mar/2017:09:15:17 -0300] "GET /cormun/static/gxcfg.js?20173151304587 HTTP/1.1" 200 953
186.67.172.234 - - [17/Mar/2017:09:15:17 -0300] "GET /cormun/static/hpexe_link.js?20173151304590 HTTP/1.1" 200 625
186.67.172.234 - - [17/Mar/2017:09:15:17 -0300] "GET /cormun/servlet/hhome HTTP/1.1" 200 4056
186.67.172.234 - - [17/Mar/2017:09:15:17 -0300] "GET /cormun/static/SmoothNavMenu/resources/ddsmoothmenu.css?1012540 HTTP/1.1" 200 2223
186.67.172.234 - - [17/Mar/2017:09:15:17 -0300] "GET /cormun/static/Shared/jqueryui/jquery-ui.min.css?1245370 HTTP/1.1" 200 30288
186.67.172.234 - - [17/Mar/2017:09:15:17 -0300] "GET /cormun/static/SmoothNavMenu/resources/ddsmoothmenu-v.css?1012540 HTTP/1.1" 200 1188
186.67.172.234 - - [17/Mar/2017:09:15:17 -0300] "GET /cormun/static/gxcfg.js?20173151304618 HTTP/1.1" 200 953
186.67.172.234 - - [17/Mar/2017:09:15:17 -0300] "GET /cormun/static/scaMessage/css/jquery.pnotify.default.css?1716380 HTTP/1.1" 200 1707
186.67.172.234 - - [17/Mar/2017:09:15:18 -0300] "GET /cormun/static/hhome.js?20173151304624 HTTP/1.1" 200 777
186.67.172.234 - - [17/Mar/2017:09:15:18 -0300] "GET /cormun/static/hwchdr01.js?201731512453822 HTTP/1.1" 200 1183
186.67.172.234 - - [17/Mar/2017:09:15:18 -0300] "GET /cormun/static/hpexe_scripts.js?201731512453784 HTTP/1.1" 200 1544
186.67.172.234 - - [17/Mar/2017:09:15:18 -0300] "GET /cormun/static/hpexe_messagegenexuscomponent.js?201731512453548 HTTP/1.1" 200 587
186.67.172.234 - - [17/Mar/2017:09:15:18 -0300] "GET /cormun/static/cmcontrolpreferences.js?201731512453759 HTTP/1.1" 200 1375
186.67.172.234 - - [17/Mar/2017:09:15:18 -0300] "GET /cormun/static/Resources/PXToolsHeaderBackground2.png HTTP/1.1" 200 1174
186.67.172.234 - - [17/Mar/2017:09:15:18 -0300] "GET /cormun/static/Resources/logo4.png HTTP/1.1" 200 6582
186.67.172.234 - - [17/Mar/2017:09:15:18 -0300] "GET /cormun/static/Resources/PXToolsFooterBackground2.png HTTP/1.1" 200 1172
186.67.172.234 - - [17/Mar/2017:09:15:18 -0300] "GET /cormun/static/hmpwkw03.js?20173151305292 HTTP/1.1" 200 3965
186.67.172.234 - - [17/Mar/2017:09:15:18 -0300] "GET /cormun/servlet/hhome HTTP/1.1" 200 4052
192.168.10.96 - - [17/Mar/2017:09:15:41 -0300] "GET /cormun/servlet/hlogin HTTP/1.1" 200 1742
192.168.10.96 - - [17/Mar/2017:09:15:52 -0300] "POST /cormun/servlet/hlogin?6b2310dc7ed7289c9b84a53864c617c2,gx-no-cache=1489756233871 HTTP/1.1" 200 90
192.168.10.96 - - [17/Mar/2017:09:15:52 -0300] "GET /cormun/servlet/hpexe_link HTTP/1.1" 200 962
192.168.10.96 - - [17/Mar/2017:09:15:53 -0300] "GET /cormun/servlet/trsolicitudgral? HTTP/1.1" 200 23397
192.168.10.96 - - [17/Mar/2017:09:15:54 -0300] "GET /cormun/servlet/trsolicitudgral? HTTP/1.1" 200 23396
192.168.10.96 - - [17/Mar/2017:09:15:58 -0300] "GET /cormun/servlet/hlogin HTTP/1.1" 200 1742
192.168.10.96 - - [17/Mar/2017:09:16:09 -0300] "POST /cormun/servlet/hlogin?6b2310dc7ed7289c9b84a53864c617c2,gx-no-cache=1489756250862 HTTP/1.1" 200 90
192.168.10.96 - - [17/Mar/2017:09:16:09 -0300] "GET /cormun/servlet/hpexe_link HTTP/1.1" 200 954
192.168.10.96 - - [17/Mar/2017:09:16:09 -0300] "GET /cormun/servlet/hhome HTTP/1.1" 200 4108
192.168.10.96 - - [17/Mar/2017:09:16:09 -0300] "GET /cormun/servlet/hhome HTTP/1.1" 200 4106
192.168.10.96 - - [17/Mar/2017:09:16:12 -0300] "GET /cormun/servlet/trsolicitudot? HTTP/1.1" 200 7077
192.168.10.96 - - [17/Mar/2017:09:16:12 -0300] "GET /cormun/static/gxcfg.js?20173151322457 HTTP/1.1" 304 -
192.168.10.96 - - [17/Mar/2017:09:16:12 -0300] "GET /cormun/static/trsolicitudot.js?20173151323318 HTTP/1.1" 304 -
192.168.10.96 - - [17/Mar/2017:09:16:12 -0300] "GET /cormun/servlet/trsolicitudot? HTTP/1.1" 200 7076
186.103.156.24 - - [17/Mar/2017:09:16:13 -0300] "GET /cormun/servlet/licenciaspermisos?INS,0,,, HTTP/1.1" 200 7360
186.103.156.24 - - [17/Mar/2017:09:16:14 -0300] "GET /cormun/servlet/licenciaspermisos?INS,0,,, HTTP/1.1" 200 7360
186.103.156.24 - - [17/Mar/2017:09:16:18 -0300] "GET /cormun/servlet/licenciaspermisos?564f65e6bbc1136ce8449bf8ed16250a83cffb6f7ea8cdf82b140275b8d1f024,gx-no-cache=1489756701627 HTTP/1.1" 200 107
186.103.156.24 - - [17/Mar/2017:09:16:18 -0300] "GET /cormun/static/Shared/jqueryui/images/ui-bg_highlight-soft_100_c6c2c8_1x100.png HTTP/1.1" 404 1117
186.103.156.24 - - [17/Mar/2017:09:16:18 -0300] "GET /cormun/static/Shared/jqueryui/images/ui-icons_82798d_256x240.png HTTP/1.1" 404 1089
186.103.156.24 - - [17/Mar/2017:09:16:18 -0300] "GET /cormun/static/Shared/jqueryui/images/ui-bg_flat_55_994d53_40x100.png HTTP/1.1" 404 1097
186.103.156.24 - - [17/Mar/2017:09:16:18 -0300] "GET /cormun/static/Shared/jqueryui/images/ui-icons_ebccce_256x240.png HTTP/1.1" 404 1089
186.103.156.24 - - [17/Mar/2017:09:16:18 -0300] "GET /cormun/servlet/licenciaspermisos?564f65e6bbc1136ce8449bf8ed16250ae07c4880180073834fdc6a0549d306e40a9e6718f3e8e68f4cb30966390f0694965528182c1e4c220777caa4ca6469423cf9b3c4a68549cf778ee43088fc3c263643485390b12503cad8fc0cda2cf27483340af0dbe4b3da09e5110680fe3ef661fc7ebc8dd6718dd33bd035521451039b1d9f42dbe79a22e6c2b20682ce46fcde78e6367c40fa9990862254475095628fb07726a9d53e94938472ae4d882ae74440b09d2af41cd2b0c6eb297cbfb1b8d07b651b1bb07edef60ab6ef5270836d5fe039cc8afd6100172cba847db0e317,gx-no-cache=1489756701723 HTTP/1.1" 200 30
186.103.156.24 - - [17/Mar/2017:09:16:18 -0300] "GET /cormun/servlet/licenciaspermisos?564f65e6bbc1136ce8449bf8ed16250a1042b86d89099907a41450dc5061737df37e3242e0f2429a442b72be75942b5105787cfa50e1277d307ccd73c08e7611b8583b7e114922b38e1a76645706bc6b4272375528ebe793bfc73f143ad0a0562479c3b9e01e95d23893a051db89323ee4fbf7ce145386bc956b32a0db98bee579791b7fae0c4aadbe1594dee8b300a0aca664182950c21764a9bdce43278bfefa945d6b58d1fc04c4f00e12f177cc9c34a392874269250b184ee209b8b4a4e265a24703d255ae7e3b7f20dd41827eebbd49819af1b2f64416fecc1edac50009,gx-no-cache=1489756701757 HTTP/1.1" 200 29
186.103.156.24 - - [17/Mar/2017:09:16:18 -0300] "POST /cormun/servlet/licenciaspermisos?461cd1227f73e6389749d118b7807039,INS,0,,,,gx-no-cache=1489756701790 HTTP/1.1" 200 4771
192.168.10.96 - - [17/Mar/2017:09:16:23 -0300] "POST /cormun/servlet/trsolicitudot?6b2310dc7ed7289c9b84a53864c617c2,,gx-no-cache=1489756264702 HTTP/1.1" 200 7550
192.168.10.96 - - [17/Mar/2017:09:16:29 -0300] "GET /cormun/servlet/solicitudot?INS,0,0, HTTP/1.1" 200 12923
192.168.10.96 - - [17/Mar/2017:09:16:29 -0300] "GET /cormun/static/gxcfg.js?20171191042720 HTTP/1.1" 304 -
192.168.10.96 - - [17/Mar/2017:09:16:29 -0300] "GET /cormun/static/solicitudot.js?2017119104297 HTTP/1.1" 304 -
192.168.10.96 - - [17/Mar/2017:09:16:30 -0300] "GET /cormun/servlet/solicitudot?INS,0,0, HTTP/1.1" 200 12928
186.103.156.24 - - [17/Mar/2017:09:16:31 -0300] "GET /cormun/servlet/licenciaspermisos?564f65e6bbc1136ce8449bf8ed16250ae07c4880180073834fdc6a0549d306e4f7aac02079a286a7109245b4b1871628965528182c1e4c220777caa4ca6469423cf9b3c4a68549cf778ee43088fc3c263643485390b12503cad8fc0cda2cf27483340af0dbe4b3da09e5110680fe3ef661fc7ebc8dd6718dd33bd035521451039b1d9f42dbe79a22e6c2b20682ce46fcde78e6367c40fa9990862254475095628fb07726a9d53e94938472ae4d882ae74440b09d2af41cd2b0c6eb297cbfb1b8d07b651b1bb07edef60ab6ef5270836d5fe039cc8afd6100172cba847db0e317,gx-no-cache=1489756716948 HTTP/1.1" 200 30
186.103.156.24 - - [17/Mar/2017:09:16:31 -0300] "POST /cormun/servlet/licenciaspermisos?461cd1227f73e6389749d118b7807039,INS,0,,,,gx-no-cache=1489756716986 HTTP/1.1" 200 4576
186.103.156.24 - - [17/Mar/2017:09:16:35 -0300] "GET /cormun/servlet/licenciaspermisos?564f65e6bbc1136ce8449bf8ed16250a83cffb6f7ea8cdf82b140275b8d1f024,gx-no-cache=1489756720812 HTTP/1.1" 200 107
192.168.10.96 - - [17/Mar/2017:09:16:39 -0300] "GET /cormun/servlet/prfichaempleado?,MD,,gxPopupLevel%3D0%3B HTTP/1.1" 200 9003
192.168.10.96 - - [17/Mar/2017:09:16:39 -0300] "GET /cormun/static/Resources/Spanish/PXTools.css?167811 HTTP/1.1" 304 -
192.168.10.96 - - [17/Mar/2017:09:16:39 -0300] "GET /cormun/static/gxcfg.js?2016102420561687 HTTP/1.1" 304 -
192.168.10.96 - - [17/Mar/2017:09:16:39 -0300] "GET /cormun/static/prfichaempleado.js?201610242056198 HTTP/1.1" 304 -
192.168.10.96 - - [17/Mar/2017:09:16:39 -0300] "GET /cormun/static/hmpwkw011.js?20173151304635 HTTP/1.1" 304 -
192.168.10.96 - - [17/Mar/2017:09:16:39 -0300] "GET /cormun/static/menusearch.js?201610171694467 HTTP/1.1" 304 -
192.168.10.96 - - [17/Mar/2017:09:16:48 -0300] "POST /cormun/servlet/prfichaempleado?6b2310dc7ed7289c9b84a53864c617c2,,MD,,gxPopupLevel%3D0%3B,gx-no-cache=1489756289803 HTTP/1.1" 200 3400
192.168.10.96 - - [17/Mar/2017:09:16:51 -0300] "POST /cormun/servlet/solicitudot?gx-no-cache=1489756292982 HTTP/1.1" 200 3184
192.168.10.96 - - [17/Mar/2017:09:16:51 -0300] "POST /cormun/servlet/solicitudot?6b2310dc7ed7289c9b84a53864c617c2,INS,0,0,,gx-no-cache=1489756293135 HTTP/1.1" 200 9959
192.168.10.96 - - [17/Mar/2017:09:16:54 -0300] "GET /cormun/servlet/solicitudot?1b63cf81999f625e9913f0de04bdcd0d0f6ccfb2a6fd71ddcea94564d5c606077841e062799e03a93a7c9f954e2f0ffd,gx-no-cache=1489756296218 HTTP/1.1" 200 30
192.168.10.96 - - [17/Mar/2017:09:16:54 -0300] "POST /cormun/servlet/solicitudot?gx-no-cache=1489756296281 HTTP/1.1" 200 240
192.168.10.96 - - [17/Mar/2017:09:16:54 -0300] "GET /cormun/servlet/solicitudot?1b63cf81999f625e9913f0de04bdcd0dd9a151ddb181a0c87728a86287c0616b34c025a0b877284de4d823b91c4a7e2287748cd13cb0f9b0422cdee6ab382e4cbdf50aae1221d550fc33ac41634e0935734c3ae32de8f332e73657ee577697677ed8e68b7a0cc6a3a3b209ca497ed8b215b9de289d03b078d4ba9ee2bd7f58709fcf29c5ae19c71e2a5abd58d9c8d7786dd60283061753aa10cb82b230479a40168b7ac3961c1921414809fb0c414d75b4047cfc6e81de03d30626b1aa0e11c4b510802b60d4196b5b4974008350b2e2ff5e4c7d22f3bf012bec8d9d4f414f66ef32056ca0a14f4ed594570c04ff84fdbc3cb602c90a52b49827c63d6fa565e31f6c548da474437e85dc3f88e0e3da21a0590f0101b5461e4111ce0d9ae44952718ff67a39833e8bd031cbe6a39cf22c91038ecc2629b46067d47b235b2b761950beb2fb8040f43be89b71cec124d4795bd7ecba35d943960ad3796554a8234aa9ad2b32f247a1e884bcd15303f65ace74e2b5289a190f6d1ab3f85385760923,gx-no-cache=1489756296313 HTTP/1.1" 200 30
192.168.10.96 - - [17/Mar/2017:09:16:55 -0300] "POST /cormun/servlet/solicitudot?gx-no-cache=1489756297332 HTTP/1.1" 200 30
186.103.156.24 - - [17/Mar/2017:09:16:56 -0300] "GET /cormun/servlet/prfichaempleado?,MD,,gxPopupLevel%3D0%3B HTTP/1.1" 200 8852
192.168.10.96 - - [17/Mar/2017:09:17:05 -0300] "GET /cormun/servlet/prfichaempleado?,MD,,gxPopupLevel%3D0%3B HTTP/1.1" 200 9003
186.103.156.24 - - [17/Mar/2017:09:17:10 -0300] "POST /cormun/servlet/prfichaempleado?461cd1227f73e6389749d118b7807039,,MD,,gxPopupLevel%3D0%3B,gx-no-cache=1489756757849 HTTP/1.1" 200 3405
192.168.10.96 - - [17/Mar/2017:09:17:14 -0300] "POST /cormun/servlet/prfichaempleado?6b2310dc7ed7289c9b84a53864c617c2,,MD,,gxPopupLevel%3D0%3B,gx-no-cache=1489756316040 HTTP/1.1" 200 3460
192.168.10.96 - - [17/Mar/2017:09:17:18 -0300] "POST /cormun/servlet/solicitudot?gx-no-cache=1489756319836 HTTP/1.1" 200 1291
192.168.10.96 - - [17/Mar/2017:09:17:20 -0300] "GET /cormun/servlet/prlicenciaspermisos?13946144,L,,MD,,gxPopupLevel%3D0%3B HTTP/1.1" 200 6799
192.168.10.96 - - [17/Mar/2017:09:17:20 -0300] "GET /cormun/static/gxcfg.js?20173151332098 HTTP/1.1" 304 -
192.168.10.96 - - [17/Mar/2017:09:17:20 -0300] "GET /cormun/static/prlicenciaspermisos.js?20173151332259 HTTP/1.1" 304 -
192.168.10.96 - - [17/Mar/2017:09:17:25 -0300] "POST /cormun/servlet/solicitudot?gx-no-cache=1489756326640 HTTP/1.1" 200 20
192.168.10.96 - - [17/Mar/2017:09:17:45 -0300] "GET /cormun/servlet/solicitudot?1b63cf81999f625e9913f0de04bdcd0dab6b5471116c922ec3cfd0250eec8062a774d47d1d166d6e3c63eccdd981672a02f7589406d74f175ca8c42e2033d57cf5612655744089c12795decc4ad94634620b7521aede7d0edda8aed70ffd8ea178039011f7285ed0b63899a24deea6d57bf266a638b08ad95a5d692ab0ec3d4531fe7ed9af12a4ff9bb70eb24cf90fef3b86c7692417ae729b613ad2146b8bbc,gx-no-cache=1489756347223 HTTP/1.1" 200 29
192.168.10.96 - - [17/Mar/2017:09:17:45 -0300] "POST /cormun/servlet/solicitudot?gx-no-cache=1489756347269 HTTP/1.1" 200 1274
192.168.10.96 - - [17/Mar/2017:09:17:46 -0300] "POST /cormun/servlet/solicitudot?gx-no-cache=1489756347812 HTTP/1.1" 200 1157
186.103.156.24 - - [17/Mar/2017:09:17:47 -0300] "GET /cormun/static/menuarrow.gif HTTP/1.1" 404 1015
192.168.10.96 - - [17/Mar/2017:09:17:53 -0300] "GET /cormun/servlet/solicitudot?1b63cf81999f625e9913f0de04bdcd0dd5b0c30ed1b7c99bed05ebedb8be9224875669dfe7e3e242b567c6b113063cacf413221a5de67f891a64f06c1402d22a3d5a6095b048ebf8ed06fce1eff3acec05bafb3922559ec616cd6a62f9607e5bd3e2b49ca517f9ad2adde5f493d27fee5176053775cb8355d14601fe79625181050fd9132c1c04677ade41df79bb4cd6562919bc140a7e7a3f20c600abacc79d4f228cc2d77c3a5c2b2cdfde21bff339333ffa500979068f1bf7f13765ec553e,gx-no-cache=1489756354914 HTTP/1.1" 200 30
192.168.10.96 - - [17/Mar/2017:09:17:57 -0300] "POST /cormun/servlet/solicitudot?6b2310dc7ed7289c9b84a53864c617c2,INS,0,0,,gx-no-cache=1489756358495 HTTP/1.1" 500 10
192.168.10.96 - - [17/Mar/2017:09:18:00 -0300] "GET /cormun/servlet/trsolicitudot? HTTP/1.1" 200 10479
192.168.10.96 - - [17/Mar/2017:09:18:01 -0300] "GET /cormun/servlet/trsolicitudot? HTTP/1.1" 200 10477
192.168.10.96 - - [17/Mar/2017:09:18:03 -0300] "GET /cormun/servlet/hlogin HTTP/1.1" 200 1741
192.168.10.96 - - [17/Mar/2017:09:18:09 -0300] "POST /cormun/servlet/hlogin?6b2310dc7ed7289c9b84a53864c617c2,gx-no-cache=1489756371032 HTTP/1.1" 200 90
192.168.10.96 - - [17/Mar/2017:09:18:09 -0300] "GET /cormun/servlet/hpexe_link HTTP/1.1" 200 954
192.168.10.96 - - [17/Mar/2017:09:18:09 -0300] "GET /cormun/servlet/hhome HTTP/1.1" 200 3819
192.168.10.96 - - [17/Mar/2017:09:18:09 -0300] "GET /cormun/servlet/hhome HTTP/1.1" 200 3816
192.168.10.96 - - [17/Mar/2017:09:18:11 -0300] "GET /cormun/servlet/trsolicitudot? HTTP/1.1" 200 8071
192.168.10.96 - - [17/Mar/2017:09:18:12 -0300] "GET /cormun/servlet/trsolicitudot? HTTP/1.1" 200 8068
192.168.10.96 - - [17/Mar/2017:09:18:14 -0300] "POST /cormun/servlet/trsolicitudot?6b2310dc7ed7289c9b84a53864c617c2,,gx-no-cache=1489756376481 HTTP/1.1" 200 105
192.168.10.96 - - [17/Mar/2017:09:18:15 -0300] "GET /cormun/servlet/solicitudot?UPD,2017,5509, HTTP/1.1" 200 14309
192.168.10.96 - - [17/Mar/2017:09:18:15 -0300] "GET /cormun/servlet/solicitudot?UPD,2017,5509, HTTP/1.1" 200 14318
192.168.10.96 - - [17/Mar/2017:09:18:16 -0300] "POST /cormun/servlet/solicitudot?gx-no-cache=1489756377563 HTTP/1.1" 200 3168
192.168.10.96 - - [17/Mar/2017:09:18:16 -0300] "POST /cormun/servlet/solicitudot?6b2310dc7ed7289c9b84a53864c617c2,UPD,2017,5509,,gx-no-cache=1489756377690 HTTP/1.1" 200 10850
192.168.10.96 - - [17/Mar/2017:09:18:16 -0300] "GET /cormun/servlet/solicitudot?1b63cf81999f625e9913f0de04bdcd0d536cc0dd1d5d3ea3379f8a039bf380b52956b8f566395acc68fed19d28d12ef5,gx-no-cache=1489756377910 HTTP/1.1" 200 30
192.168.10.96 - - [17/Mar/2017:09:18:16 -0300] "POST /cormun/servlet/solicitudot?gx-no-cache=1489756377934 HTTP/1.1" 200 254
192.168.10.96 - - [17/Mar/2017:09:18:16 -0300] "GET /cormun/servlet/solicitudot?1b63cf81999f625e9913f0de04bdcd0dd9a151ddb181a0c87728a86287c0616b104271bfd33befba06dfad3ebb705ca687748cd13cb0f9b0422cdee6ab382e4cbdf50aae1221d550fc33ac41634e0935734c3ae32de8f332e73657ee577697677ed8e68b7a0cc6a3a3b209ca497ed8b215b9de289d03b078d4ba9ee2bd7f58709fcf29c5ae19c71e2a5abd58d9c8d7786dd60283061753aa10cb82b230479a40168b7ac3961c1921414809fb0c414d75b4047cfc6e81de03d30626b1aa0e11c4b510802b60d4196b5b4974008350b2e2ff5e4c7d22f3bf012bec8d9d4f414f66ef32056ca0a14f4ed594570c04ff84fdbc3cb602c90a52b49827c63d6fa565e31f6c548da474437e85dc3f88e0e3da21e165e34992f5f8ce939e5f26d565d2979de94c4f82a3f468482c81c68c62c2258bacc9d625ef2d9f795c9cc07702de96a88dc74f2b3c504e34979082f92e7691c875d5a4e267db0084bdf3f1a0c9b8f103069240f6c6564d3065252a56d1385e78ea72ac480920e168a945fdfd90c7a7,gx-no-cache=1489756377955 HTTP/1.1" 200 30
192.168.10.96 - - [17/Mar/2017:09:18:16 -0300] "POST /cormun/servlet/solicitudot?gx-no-cache=1489756377971 HTTP/1.1" 200 30
192.168.10.96 - - [17/Mar/2017:09:18:16 -0300] "POST /cormun/servlet/solicitudot?gx-no-cache=1489756377993 HTTP/1.1" 200 1287
192.168.10.96 - - [17/Mar/2017:09:18:16 -0300] "POST /cormun/servlet/solicitudot?gx-no-cache=1489756378028 HTTP/1.1" 200 41
192.168.10.89 - - [17/Mar/2017:09:18:20 -0300] "GET /cormun/servlet/hlogin HTTP/1.1" 200 1747
192.168.10.96 - - [17/Mar/2017:09:18:25 -0300] "POST /cormun/servlet/solicitudot?gx-no-cache=1489756386848 HTTP/1.1" 200 238
186.103.156.24 - - [17/Mar/2017:09:18:26 -0300] "GET /cormun/servlet/prfichaempleado?,MD,,gxPopupLevel%3D0%3B HTTP/1.1" 200 8852
192.168.10.96 - - [17/Mar/2017:09:18:26 -0300] "GET /cormun/servlet/solicitudot?1b63cf81999f625e9913f0de04bdcd0dd9a151ddb181a0c87728a86287c0616b34c025a0b877284de4d823b91c4a7e2287748cd13cb0f9b0422cdee6ab382e4cbdf50aae1221d550fc33ac41634e0935734c3ae32de8f332e73657ee577697677ed8e68b7a0cc6a3a3b209ca497ed8b215b9de289d03b078d4ba9ee2bd7f58709fcf29c5ae19c71e2a5abd58d9c8d7786dd60283061753aa10cb82b230479a40168b7ac3961c1921414809fb0c414d75b4047cfc6e81de03d30626b1aa0e11c4b510802b60d4196b5b4974008350b2e2ff5e4c7d22f3bf012bec8d9d4f414f66ef32056ca0a14f4ed594570c04ff84fdbc3cb602c90a52b49827c63d6fa565e31f6c548da474437e85dc3f88e0e3da21a0590f0101b5461e4111ce0d9ae44952718ff67a39833e8bd031cbe6a39cf22c91038ecc2629b46067d47b235b2b761950beb2fb8040f43be89b71cec124d4795bd7ecba35d943960ad3796554a8234aa9ad2b32f247a1e884bcd15303f65ace907efbbd4cd0606ac072347da0ebf8ab,gx-no-cache=1489756387647 HTTP/1.1" 200 30
200.112.48.193 - - [17/Mar/2017:09:18:26 -0300] "GET /cormun/servlet/trsolicitudot? HTTP/1.1" 200 6862
192.168.10.96 - - [17/Mar/2017:09:18:28 -0300] "POST /cormun/servlet/solicitudot?gx-no-cache=1489756389580 HTTP/1.1" 200 30
200.112.48.193 - - [17/Mar/2017:09:18:28 -0300] "GET /cormun/servlet/trsolicitudot? HTTP/1.1" 200 6861
200.112.48.193 - - [17/Mar/2017:09:18:32 -0300] "GET /cormun/servlet/solicitudot?INS,0,0, HTTP/1.1" 200 12717
200.112.48.193 - - [17/Mar/2017:09:18:33 -0300] "GET /cormun/servlet/solicitudot?INS,0,0, HTTP/1.1" 200 12722
192.168.10.96 - - [17/Mar/2017:09:18:37 -0300] "GET /cormun/servlet/prfichaempleado?,MD,,gxPopupLevel%3D0%3B HTTP/1.1" 200 8889
186.103.156.24 - - [17/Mar/2017:09:18:39 -0300] "POST /cormun/servlet/prfichaempleado?461cd1227f73e6389749d118b7807039,,MD,,gxPopupLevel%3D0%3B,gx-no-cache=1489756856195 HTTP/1.1" 200 3403
186.103.156.24 - - [17/Mar/2017:09:18:45 -0300] "GET /cormun/servlet/licenciaspermisos?564f65e6bbc1136ce8449bf8ed16250a38fde92573e10a6241e627f53be87f2e5fcd03e7f0aba5360a7d523328899121,gx-no-cache=1489756863242 HTTP/1.1" 200 63
186.103.156.24 - - [17/Mar/2017:09:18:45 -0300] "POST /cormun/servlet/licenciaspermisos?461cd1227f73e6389749d118b7807039,INS,0,,,,gx-no-cache=1489756863316 HTTP/1.1" 200 4621
186.103.158.250 - - [17/Mar/2017:09:18:46 -0300] "POST /cormun/servlet/solicitudot?gx-no-cache=1489753194370 HTTP/1.1" 200 3165
186.103.158.250 - - [17/Mar/2017:09:18:46 -0300] "POST /cormun/servlet/solicitudot?c677f60a4435977e4a1927e385bfbcd1,INS,0,0,,gx-no-cache=1489753194820 HTTP/1.1" 200 9788
186.103.158.250 - - [17/Mar/2017:09:19:00 -0300] "GET /cormun/servlet/solicitudot?a86e56ddde2855abe6a5a49134ae02cf60a43fa1a3d977e8228ce335cf904e2b4029e1b091f5c520b67841c2773296d5,gx-no-cache=1489753208819 HTTP/1.1" 200 30
186.103.158.250 - - [17/Mar/2017:09:19:01 -0300] "POST /cormun/servlet/solicitudot?gx-no-cache=1489753208918 HTTP/1.1" 200 297
186.103.158.250 - - [17/Mar/2017:09:19:01 -0300] "GET /cormun/servlet/solicitudot?a86e56ddde2855abe6a5a49134ae02cf3a68e6c6f81bd6965afe130d7c81b81a88d79b285ab2dfaa760dead1ad8fb60acda0782042c65e1b0210b2405326c7a02bf053b992efa55c7343d16ad06a1632dd258d62d8aa7e630808486f79ce6b7873c864f16c0a59ca6b022eaa8fa5e9396a3d3c40aa52b8c3b00a3c30383ffb7e434ea61f7d2e05b5fdbe6790b6f1b4d62d0d43f4482ce1cd7f5de229e9f40b245f84f22ed386eef547de1d2f344a77e96d873b61e960cbebdb7c4aac9d78da3ea3ee634df419d9eed528e99e5bb3627627aad7898c1bc6eba38ee8b71c3d847e39205bb3905adbc1f3bcff58fda7a87651b91a60bcf9133730fdefda458d9bad1c59ec8192195a7599ce727766880b93381a740b2b49b879e0b680d9d98c612e5ca5a082c7af0dc848b1804b037b120f58d10f57bd92f7c386a24750f7fa58066334c212b1e14c8b163fbac6104529c293cbcc9426bf317c8f58469f3eca4c5959c9177849f9bfc9fd94ca4a71ac9a47e1ee42e2e2fbeb7259da036a241d2dc8ab43e1d2189539917f118b915ca98975,gx-no-cache=1489753209011 HTTP/1.1" 200 30
186.103.158.250 - - [17/Mar/2017:09:19:01 -0300] "POST /cormun/servlet/solicitudot?gx-no-cache=1489753209387 HTTP/1.1" 200 30
186.103.158.250 - - [17/Mar/2017:09:19:01 -0300] "POST /cormun/servlet/solicitudot?gx-no-cache=1489753209494 HTTP/1.1" 200 1291
186.103.158.250 - - [17/Mar/2017:09:19:01 -0300] "POST /cormun/servlet/solicitudot?gx-no-cache=1489753209627 HTTP/1.1" 200 38
207.46.13.19 - - [17/Mar/2017:09:19:08 -0300] "GET /cormun/static/PXToolsJavascripts/pexe_grid.js HTTP/1.1" 200 7559
207.46.13.19 - - [17/Mar/2017:09:19:08 -0300] "GET /cormun/static/PXToolsJavascripts/pexe_link.js HTTP/1.1" 200 5671
207.46.13.19 - - [17/Mar/2017:09:19:08 -0300] "GET /cormun/static/PXToolsJavascripts/pexe_menudivfix.js HTTP/1.1" 200 333
207.46.13.19 - - [17/Mar/2017:09:19:08 -0300] "GET /cormun/static/PXToolsJavascripts/pexe_oav.js HTTP/1.1" 200 645
207.46.13.19 - - [17/Mar/2017:09:19:09 -0300] "GET /cormun/static/PXToolsJavascripts/pexe_popup.js HTTP/1.1" 200 13458
207.46.13.19 - - [17/Mar/2017:09:19:09 -0300] "GET /cormun/static/PXToolsJavascripts/pexe_tabdivfix.js HTTP/1.1" 200 876
207.46.13.19 - - [17/Mar/2017:09:19:09 -0300] "GET /cormun/static/Resources/PXToolsFooterBackground2.png HTTP/1.1" 200 1172
207.46.13.19 - - [17/Mar/2017:09:19:10 -0300] "GET /cormun/static/Resources/logo4.png HTTP/1.1" 200 6582
207.46.13.19 - - [17/Mar/2017:09:19:10 -0300] "GET /cormun/static/SmoothNavMenu/resources/SmoothNavMenuRender.js HTTP/1.1" 200 5951
207.46.13.19 - - [17/Mar/2017:09:19:10 -0300] "GET /cormun/static/cmcontrolpreferences.js?201731512453759 HTTP/1.1" 200 1375
186.103.158.250 - - [17/Mar/2017:09:19:10 -0300] "GET /cormun/servlet/solicitudot?a86e56ddde2855abe6a5a49134ae02cf148c9aebe87734b97912f03472b3900126ba5d06152390bbb77dd169ff71a4e29f303c40bb19ee171dc93603da0ad689abb1dab206fcd4925dcf845638cf6d921702f3154161af6dde5cb1e1dc12e79d9203c840842dd6ebd06caf20a0e06e68,gx-no-cache=1489753218750 HTTP/1.1" 200 29
207.46.13.19 - - [17/Mar/2017:09:19:10 -0300] "GET /cormun/static/gxfxSD.js?85251 HTTP/1.1" 200 15384
186.103.158.250 - - [17/Mar/2017:09:19:10 -0300] "POST /cormun/servlet/solicitudot?gx-no-cache=1489753218790 HTTP/1.1" 200 1273
186.103.158.250 - - [17/Mar/2017:09:19:10 -0300] "POST /cormun/servlet/solicitudot?gx-no-cache=1489753218872 HTTP/1.1" 200 1156
207.46.13.19 - - [17/Mar/2017:09:19:11 -0300] "GET /cormun/static/hpexe_messagegenexuscomponent.js?201731512453548 HTTP/1.1" 200 587
207.46.13.19 - - [17/Mar/2017:09:19:11 -0300] "GET /cormun/static/hpexe_scripts.js?201731512453784 HTTP/1.1" 200 1544
192.168.10.89 - - [17/Mar/2017:09:19:14 -0300] "POST /cormun/servlet/hlogin?93107feadc37a59d185ec601937b643b,gx-no-cache=1489756436154 HTTP/1.1" 200 456
186.103.158.250 - - [17/Mar/2017:09:19:15 -0300] "GET /cormun/static/menuarrow.gif HTTP/1.1" 404 1015
192.168.10.89 - - [17/Mar/2017:09:19:18 -0300] "POST /cormun/servlet/hlogin?93107feadc37a59d185ec601937b643b,gx-no-cache=1489756440424 HTTP/1.1" 200 456
192.168.10.96 - - [17/Mar/2017:09:19:20 -0300] "POST /cormun/servlet/solicitudot?gx-no-cache=1489756441952 HTTP/1.1" 200 1291
192.168.10.96 - - [17/Mar/2017:09:19:23 -0300] "GET /cormun/servlet/prlicenciaspermisos?15805170,P,,MD,,gxPopupLevel%3D0%3B HTTP/1.1" 200 5445
207.46.13.205 - - [17/Mar/2017:09:19:24 -0300] "GET /cormun/static/PXToolsJavascripts/pexe_autoreload.js HTTP/1.1" 200 1762
207.46.13.205 - - [17/Mar/2017:09:19:25 -0300] "GET /cormun/static/PXToolsJavascripts/pexe_tabs.js HTTP/1.1" 200 3748
207.46.13.205 - - [17/Mar/2017:09:19:25 -0300] "GET /cormun/static/PXToolsJavascripts/pexe_windows.js HTTP/1.1" 200 15207
192.168.10.89 - - [17/Mar/2017:09:19:25 -0300] "POST /cormun/servlet/hlogin?93107feadc37a59d185ec601937b643b,gx-no-cache=1489756447468 HTTP/1.1" 200 456
207.46.13.205 - - [17/Mar/2017:09:19:25 -0300] "GET /cormun/static/Resources/PXToolsHeaderActionsLeft.png HTTP/1.1" 200 1118
207.46.13.205 - - [17/Mar/2017:09:19:26 -0300] "GET /cormun/static/Resources/Spanish/PXTools.css?1242369 HTTP/1.1" 200 89042
207.46.13.205 - - [17/Mar/2017:09:19:27 -0300] "GET /cormun/static/RunJS/RunJS.js HTTP/1.1" 200 288
192.168.10.96 - - [17/Mar/2017:09:19:27 -0300] "POST /cormun/servlet/solicitudot?gx-no-cache=1489756448942 HTTP/1.1" 200 122
192.168.10.96 - - [17/Mar/2017:09:19:27 -0300] "GET /cormun/static/Shared/jqueryui/images/ui-bg_highlight-soft_100_c6c2c8_1x100.png HTTP/1.1" 404 1117
192.168.10.96 - - [17/Mar/2017:09:19:27 -0300] "GET /cormun/static/Shared/jqueryui/images/ui-icons_82798d_256x240.png HTTP/1.1" 404 1089
192.168.10.96 - - [17/Mar/2017:09:19:27 -0300] "GET /cormun/static/Shared/jqueryui/images/ui-icons_ebccce_256x240.png HTTP/1.1" 404 1089
192.168.10.96 - - [17/Mar/2017:09:19:27 -0300] "GET /cormun/static/Shared/jqueryui/images/ui-bg_flat_55_994d53_40x100.png HTTP/1.1" 404 1097
207.46.13.205 - - [17/Mar/2017:09:19:27 -0300] "GET /cormun/static/Shared/ext/locale/ext-lang-en.js HTTP/1.1" 200 10940
207.46.13.205 - - [17/Mar/2017:09:19:27 -0300] "GET /cormun/static/gxpopupSD.js?85251 HTTP/1.1" 200 22377
207.46.13.205 - - [17/Mar/2017:09:19:28 -0300] "GET /cormun/static/gxtimezone.js?85251 HTTP/1.1" 200 5781
207.46.13.205 - - [17/Mar/2017:09:19:28 -0300] "GET /cormun/static/hmpwkw03.js?20173151305292 HTTP/1.1" 200 3965
207.46.13.205 - - [17/Mar/2017:09:19:28 -0300] "GET /cormun/static/hpexe_messagecontroller.js?201610171694323 HTTP/1.1" 200 870
207.46.13.205 - - [17/Mar/2017:09:19:28 -0300] "GET /cormun/static/hpexe_recentlink.js?201610171694390 HTTP/1.1" 200 2144
207.46.13.205 - - [17/Mar/2017:09:19:29 -0300] "GET /cormun/static/hwchdr01.js?201731512453822 HTTP/1.1" 200 1183
207.46.13.205 - - [17/Mar/2017:09:19:29 -0300] "GET /cormun/static/rijndaelSD.js?85251 HTTP/1.1" 200 6763
192.168.10.89 - - [17/Mar/2017:09:19:30 -0300] "POST /cormun/servlet/hlogin?93107feadc37a59d185ec601937b643b,gx-no-cache=1489756452469 HTTP/1.1" 200 456
207.46.13.212 - - [17/Mar/2017:09:19:34 -0300] "GET /cormun/static/PXToolsJavascripts/pexe_cookies.js HTTP/1.1" 200 792
207.46.13.212 - - [17/Mar/2017:09:19:34 -0300] "GET /cormun/static/PXToolsJavascripts/pexe_griddivfix.js HTTP/1.1" 200 6644
207.46.13.212 - - [17/Mar/2017:09:19:34 -0300] "GET /cormun/static/PXToolsJavascripts/pexe_layers.js HTTP/1.1" 200 4114
207.46.13.212 - - [17/Mar/2017:09:19:35 -0300] "GET /cormun/static/PXToolsJavascripts/pexe_picture.js HTTP/1.1" 200 689
207.46.13.212 - - [17/Mar/2017:09:19:35 -0300] "GET /cormun/static/PXToolsJavascripts/pexe_scrolldiv.js HTTP/1.1" 200 4138
192.168.10.96 - - [17/Mar/2017:09:19:35 -0300] "POST /cormun/servlet/solicitudot?6b2310dc7ed7289c9b84a53864c617c2,UPD,2017,5509,,gx-no-cache=1489756456852 HTTP/1.1" 200 90
192.168.10.96 - - [17/Mar/2017:09:19:35 -0300] "GET /cormun/servlet/hpexe_link HTTP/1.1" 200 970
192.168.10.96 - - [17/Mar/2017:09:19:35 -0300] "GET /cormun/servlet/trsolicitudot HTTP/1.1" 200 8070
207.46.13.212 - - [17/Mar/2017:09:19:35 -0300] "GET /cormun/static/PXToolsJavascripts/pexe_upload.js HTTP/1.1" 200 1423
207.46.13.212 - - [17/Mar/2017:09:19:35 -0300] "GET /cormun/static/Resources/PXToolsHeaderActionsBackground.png HTTP/1.1" 200 484
192.168.10.96 - - [17/Mar/2017:09:19:35 -0300] "GET /cormun/servlet/trsolicitudot HTTP/1.1" 200 8069
200.112.48.193 - - [17/Mar/2017:09:19:38 -0300] "GET /cormun/servlet/hlogin HTTP/1.1" 200 1730
192.168.10.96 - - [17/Mar/2017:09:19:39 -0300] "GET /cormun/servlet/hlogin HTTP/1.1" 200 1738
192.168.10.89 - - [17/Mar/2017:09:19:42 -0300] "POST /cormun/servlet/hlogin?93107feadc37a59d185ec601937b643b,gx-no-cache=1489756463546 HTTP/1.1" 200 90
192.168.10.89 - - [17/Mar/2017:09:19:42 -0300] "GET /cormun/servlet/hpexe_link HTTP/1.1" 200 958
207.46.13.212 - - [17/Mar/2017:09:19:42 -0300] "GET /cormun/static/Shared/ext/ext-all.js HTTP/1.1" 200 1289687
192.168.10.89 - - [17/Mar/2017:09:19:42 -0300] "GET /cormun/servlet/hhome HTTP/1.1" 200 3910
192.168.10.89 - - [17/Mar/2017:09:19:44 -0300] "GET /cormun/servlet/trsolicitudot? HTTP/1.1" 200 6864
192.168.10.89 - - [17/Mar/2017:09:19:45 -0300] "GET /cormun/static/gxcfg.js?20173151322457 HTTP/1.1" 304 -
192.168.10.89 - - [17/Mar/2017:09:19:45 -0300] "GET /cormun/static/trsolicitudot.js?20173151323318 HTTP/1.1" 304 -
207.46.13.212 - - [17/Mar/2017:09:19:46 -0300] "GET /cormun/static/Shared/jquery/jquery-1.10.2.min.js HTTP/1.1" 200 273199
207.46.13.212 - - [17/Mar/2017:09:19:48 -0300] "GET /cormun/static/Shared/jquery/jquery-1.4.2.min.js HTTP/1.1" 200 72174
192.168.10.89 - - [17/Mar/2017:09:19:48 -0300] "GET /cormun/servlet/solicitudot?INS,0,0, HTTP/1.1" 200 12719
192.168.10.89 - - [17/Mar/2017:09:19:49 -0300] "GET /cormun/static/gxcfg.js?20171191042720 HTTP/1.1" 200 953
207.46.13.212 - - [17/Mar/2017:09:19:49 -0300] "GET /cormun/static/Shared/jqueryui/jquery-ui.min.css?1245370 HTTP/1.1" 200 30288
207.46.13.212 - - [17/Mar/2017:09:19:50 -0300] "GET /cormun/static/SmoothNavMenu/resources/ddsmoothmenu-v.css?1012540 HTTP/1.1" 200 1188
207.46.13.212 - - [17/Mar/2017:09:19:50 -0300] "GET /cormun/static/SmoothNavMenu/resources/ddsmoothmenu.css?1012540 HTTP/1.1" 200 2223
207.46.13.212 - - [17/Mar/2017:09:19:50 -0300] "GET /cormun/static/gxcfg.js?85251 HTTP/1.1" 200 953
207.46.13.212 - - [17/Mar/2017:09:19:51 -0300] "GET /cormun/static/gxfrmutlSD.js?85251 HTTP/1.1" 200 89044
207.46.13.212 - - [17/Mar/2017:09:19:51 -0300] "GET /cormun/static/gxgridSD.js?85251 HTTP/1.1" 200 50735
207.46.13.212 - - [17/Mar/2017:09:19:52 -0300] "GET /cormun/static/gxhtmlSD.js?85251 HTTP/1.1" 200 50424
207.46.13.212 - - [17/Mar/2017:09:19:52 -0300] "GET /cormun/static/gxui/gxui-all.js HTTP/1.1" 200 107772
207.46.13.212 - - [17/Mar/2017:09:19:54 -0300] "GET /cormun/static/hpexe_messagepopupcomponent.js?20161017169425 HTTP/1.1" 200 605
207.46.13.212 - - [17/Mar/2017:09:19:55 -0300] "GET /cormun/static/messages.spa.js?85251 HTTP/1.1" 200 30736
207.46.13.212 - - [17/Mar/2017:09:19:55 -0300] "GET /cormun/static/scaMessage/js/jquery.pnotify.min.js HTTP/1.1" 200 13038
207.46.13.212 - - [17/Mar/2017:09:19:55 -0300] "GET /cormun/static/scaMessage/css/jquery.pnotify.default.css?1716380 HTTP/1.1" 200 1707
192.168.10.89 - - [17/Mar/2017:09:19:59 -0300] "POST /cormun/servlet/solicitudot?gx-no-cache=1489756480689 HTTP/1.1" 200 3081
192.168.10.89 - - [17/Mar/2017:09:19:59 -0300] "POST /cormun/servlet/solicitudot?93107feadc37a59d185ec601937b643b,INS,0,0,,gx-no-cache=1489756480882 HTTP/1.1" 200 9878
192.168.10.89 - - [17/Mar/2017:09:20:01 -0300] "GET /cormun/servlet/solicitudot?cb00fb666f4b3c6f3754d7b57b375ba00eb5e4ab8b63bb5d585bd740deb21da151afec1627e99ff1c451787119ea8c0b,gx-no-cache=1489756482749 HTTP/1.1" 200 30
192.168.10.96 - - [17/Mar/2017:09:20:08 -0300] "POST /cormun/servlet/hlogin?6b2310dc7ed7289c9b84a53864c617c2,gx-no-cache=1489756489937 HTTP/1.1" 200 90
192.168.10.96 - - [17/Mar/2017:09:20:08 -0300] "GET /cormun/servlet/hpexe_link HTTP/1.1" 200 954
192.168.10.96 - - [17/Mar/2017:09:20:08 -0300] "GET /cormun/servlet/hhome HTTP/1.1" 200 4108
192.168.10.96 - - [17/Mar/2017:09:20:09 -0300] "GET /cormun/servlet/hhome HTTP/1.1" 200 4106
186.103.158.250 - - [17/Mar/2017:09:20:10 -0300] "GET /cormun/servlet/solicitudot?a86e56ddde2855abe6a5a49134ae02cfbfe8fd3b9c6ec7909304b69718b8c638f2516188b4ff38d39ba1fb8281f6dfb6ad6fadebae541967947ea94547585589547d6c88f2634c672a52e9e90dca65a719483bc6a0f085b9675ec1c8d78410964c455332ce013e7a9a63eb2da921a0aa429bfb3be8b2e57b22978f5286c6b9d65f70414e83f78c05ac7009a15c6b149379ef615e66c83d9b4036e0ec75333141417e9643b6a4f8085efa0db4998b2d36,gx-no-cache=1489753277985 HTTP/1.1" 200 30
192.168.10.96 - - [17/Mar/2017:09:20:12 -0300] "GET /cormun/servlet/trsolicitudot? HTTP/1.1" 200 10479
192.168.10.96 - - [17/Mar/2017:09:20:13 -0300] "GET /cormun/servlet/trsolicitudot? HTTP/1.1" 200 10477
186.103.156.24 - - [17/Mar/2017:09:20:18 -0300] "GET /cormun/servlet/licenciaspermisos?564f65e6bbc1136ce8449bf8ed16250ae07c4880180073834fdc6a0549d306e43a11616100ea0d7b310c4b66ab0f2f38965528182c1e4c220777caa4ca6469423cf9b3c4a68549cf778ee43088fc3c263643485390b12503cad8fc0cda2cf27492102c9942cecce3b9de56d1bad959dc61fc7ebc8dd6718dd33bd03552145103776de1069a1f24f46602f9d6ed01a5398ced135493b489e8064f377c89523c68bd75171c57f7e80bb712f7f323adbee3,gx-no-cache=1489756969614 HTTP/1.1" 200 30
186.103.156.24 - - [17/Mar/2017:09:20:18 -0300] "POST /cormun/servlet/licenciaspermisos?461cd1227f73e6389749d118b7807039,INS,0,,,,gx-no-cache=1489756969669 HTTP/1.1" 200 4718
186.103.156.24 - - [17/Mar/2017:09:20:21 -0300] "GET /cormun/servlet/licenciaspermisos?564f65e6bbc1136ce8449bf8ed16250a38fde92573e10a6241e627f53be87f2efb83d3dcfd8306eb99317b4d8c7dd7bc0e756cc1e1b0b0c32bf0e9a9eebee8345e4bf3460ecce0869718520d7dfa6fa5,gx-no-cache=1489756972812 HTTP/1.1" 200 63
192.168.10.89 - - [17/Mar/2017:09:20:21 -0300] "POST /cormun/servlet/solicitudot?93107feadc37a59d185ec601937b643b,INS,0,0,,gx-no-cache=1489756503100 HTTP/1.1" 200 10310
186.103.156.24 - - [17/Mar/2017:09:20:21 -0300] "POST /cormun/servlet/licenciaspermisos?461cd1227f73e6389749d118b7807039,INS,0,,,,gx-no-cache=1489756972895 HTTP/1.1" 200 4707
192.168.10.89 - - [17/Mar/2017:09:20:21 -0300] "GET /cormun/static/Shared/jqueryui/images/ui-icons_82798d_256x240.png HTTP/1.1" 404 1089
192.168.10.89 - - [17/Mar/2017:09:20:21 -0300] "GET /cormun/static/Shared/jqueryui/images/ui-bg_highlight-soft_100_c6c2c8_1x100.png HTTP/1.1" 404 1117
192.168.10.89 - - [17/Mar/2017:09:20:21 -0300] "GET /cormun/static/Shared/jqueryui/images/ui-icons_ebccce_256x240.png HTTP/1.1" 404 1089
192.168.10.89 - - [17/Mar/2017:09:20:21 -0300] "GET /cormun/static/Shared/jqueryui/images/ui-bg_flat_55_994d53_40x100.png HTTP/1.1" 404 1097
207.46.13.250 - - [17/Mar/2017:09:20:28 -0300] "GET /robots.txt HTTP/1.1" 404 981
186.103.156.24 - - [17/Mar/2017:09:20:35 -0300] "GET /cormun/servlet/prfichaempleado?,MD,,gxPopupLevel%3D0%3B HTTP/1.1" 200 8852
186.103.156.24 - - [17/Mar/2017:09:20:41 -0300] "POST /cormun/servlet/prfichaempleado?461cd1227f73e6389749d118b7807039,,MD,,gxPopupLevel%3D0%3B,gx-no-cache=1489756994031 HTTP/1.1" 200 3684
192.168.10.96 - - [17/Mar/2017:09:20:46 -0300] "GET /cormun/servlet/hlogin HTTP/1.1" 200 1725
192.168.10.96 - - [17/Mar/2017:09:20:46 -0300] "GET /cormun/static/Resources/Spanish/PXTools.css?1242369 HTTP/1.1" 304 -
192.168.10.96 - - [17/Mar/2017:09:20:47 -0300] "GET /cormun/static/gxcfg.js?20173151305376 HTTP/1.1" 304 -
192.168.10.96 - - [17/Mar/2017:09:20:47 -0300] "GET /cormun/static/messages.spa.js?85251 HTTP/1.1" 304 -
192.168.10.96 - - [17/Mar/2017:09:20:47 -0300] "GET /cormun/static/hlogin.js?20173151305393 HTTP/1.1" 304 -
186.103.156.24 - - [17/Mar/2017:09:20:53 -0300] "GET /cormun/servlet/licenciaspermisos?564f65e6bbc1136ce8449bf8ed16250a1042b86d89099907a41450dc5061737d3f9254b643a35e4a910b10e6b6bc019705787cfa50e1277d307ccd73c08e7611b8583b7e114922b38e1a76645706bc6b4272375528ebe793bfc73f143ad0a0569e7a44dcfb965ff4405b665efa26fac8e4fbf7ce145386bc956b32a0db98bee570ab575aa0317a4ba5e1d181297fe006ce06ad532bb619371ac7d80ca895d2c8b7d436d6e4295664df8de62a1db50386,gx-no-cache=1489757006932 HTTP/1.1" 200 64
186.103.156.24 - - [17/Mar/2017:09:20:53 -0300] "POST /cormun/servlet/licenciaspermisos?461cd1227f73e6389749d118b7807039,INS,0,,,,gx-no-cache=1489757006978 HTTP/1.1" 200 4803
192.168.10.96 - - [17/Mar/2017:09:20:53 -0300] "POST /cormun/servlet/hlogin?077e5ea5d175e57d3908850587d6636d,gx-no-cache=1489756535213 HTTP/1.1" 200 90
192.168.10.96 - - [17/Mar/2017:09:20:53 -0300] "GET /cormun/servlet/hpexe_link HTTP/1.1" 200 956
192.168.10.96 - - [17/Mar/2017:09:20:53 -0300] "GET /cormun/static/gxcfg.js?20173151304587 HTTP/1.1" 304 -
192.168.10.96 - - [17/Mar/2017:09:20:53 -0300] "GET /cormun/static/hpexe_link.js?20173151304590 HTTP/1.1" 304 -
192.168.10.96 - - [17/Mar/2017:09:20:53 -0300] "GET /cormun/servlet/hhome HTTP/1.1" 200 4156
192.168.10.96 - - [17/Mar/2017:09:20:54 -0300] "GET /cormun/static/gxcfg.js?20173151304618 HTTP/1.1" 304 -
192.168.10.96 - - [17/Mar/2017:09:20:54 -0300] "GET /cormun/static/hhome.js?20173151304624 HTTP/1.1" 304 -
192.168.10.96 - - [17/Mar/2017:09:20:54 -0300] "GET /cormun/static/hwchdr01.js?201731512453822 HTTP/1.1" 304 -
192.168.10.96 - - [17/Mar/2017:09:20:54 -0300] "GET /cormun/static/hpexe_recentlink.js?201610171694390 HTTP/1.1" 304 -
192.168.10.96 - - [17/Mar/2017:09:20:54 -0300] "GET /cormun/static/hpexe_scripts.js?201731512453784 HTTP/1.1" 304 -
192.168.10.96 - - [17/Mar/2017:09:20:54 -0300] "GET /cormun/static/hpexe_messagecontroller.js?201610171694323 HTTP/1.1" 304 -
192.168.10.96 - - [17/Mar/2017:09:20:54 -0300] "GET /cormun/static/hpexe_messagepopupcomponent.js?20161017169425 HTTP/1.1" 304 -
192.168.10.96 - - [17/Mar/2017:09:20:54 -0300] "GET /cormun/static/hpexe_messagegenexuscomponent.js?201731512453548 HTTP/1.1" 304 -
192.168.10.96 - - [17/Mar/2017:09:20:54 -0300] "GET /cormun/static/cmcontrolpreferences.js?201731512453759 HTTP/1.1" 304 -
192.168.10.96 - - [17/Mar/2017:09:20:54 -0300] "GET /cormun/static/hmpwkw03.js?20173151305292 HTTP/1.1" 304 -
192.168.10.96 - - [17/Mar/2017:09:20:58 -0300] "GET /cormun/servlet/trsolicitudgral? HTTP/1.1" 200 24635
192.168.10.96 - - [17/Mar/2017:09:20:58 -0300] "GET /cormun/static/Resources/Spanish/PXTools.css?18365030 HTTP/1.1" 304 -
192.168.10.96 - - [17/Mar/2017:09:20:58 -0300] "GET /cormun/static/gxcfg.js?201732110400 HTTP/1.1" 200 953
192.168.10.96 - - [17/Mar/2017:09:20:59 -0300] "GET /cormun/static/Resources/PXToolsRemoveAllStandardAction.png HTTP/1.1" 200 495
192.168.10.96 - - [17/Mar/2017:09:20:59 -0300] "GET /cormun/static/Resources/PXToolsAddAllStandardAction.png HTTP/1.1" 200 628
192.168.10.96 - - [17/Mar/2017:09:20:59 -0300] "GET /cormun/static/trsolicitudgral.js?2017321104863 HTTP/1.1" 200 54259
192.168.10.96 - - [17/Mar/2017:09:20:59 -0300] "GET /cormun//static/Resources/PXToolsGridDelete.png HTTP/1.1" 200 357
192.168.10.96 - - [17/Mar/2017:09:20:59 -0300] "GET /cormun//static/Resources/PXToolsGridUpdate.png HTTP/1.1" 200 2984
192.168.10.89 - - [17/Mar/2017:09:21:04 -0300] "POST /cormun/servlet/solicitudot?gx-no-cache=1489756545571 HTTP/1.1" 200 240
186.103.158.250 - - [17/Mar/2017:09:21:05 -0300] "POST /cormun/servlet/solicitudot?gx-no-cache=1489753333027 HTTP/1.1" 200 30
192.168.10.89 - - [17/Mar/2017:09:21:05 -0300] "GET /cormun/servlet/solicitudot?cb00fb666f4b3c6f3754d7b57b375ba04e5577e49f97247da593ab68e76502e3f04cceb070e0423c09c8d1666bd100d4975ea681bc06c2d82aa3b048d384ecace799e7e1b06704794da2eb3a3e82f4c6e8c58f37d3b776145ca7b41b6032679efd09f15a2024fde80c6ffa4d95dcedb759b91294185b238d42b887efd5f0449864035f8c69f6bcf4472765fd8a2e9b930e87a2d658668ca8976440563ebbb5b67df26487094456789e8047fbc9eaf4ef82388034c9a1e05b3bcd93f4ad46ecd106dfb2572e1aa92ae833726fe1fe9aee1f96c0caf38da21c55140861af4fee33dc14c0bd527251c0e0c5ffd6f7fad7419274d0408c7308aeaa20a47faee44e7786ed010e67809961f086b0194e6a3d7dc4154b462d4a020db792c1a2939a72f57b9a9c5ee639d6fd3715893ff218b10a5616b4c4fe5fd48543a2040958ce40b04f743b260538c64f485b073979ff44c9fd7c351782d27d8e20a1710db90d5cbb168ad1ac8aea6b3025fa0aff4c9232460e77a9002efaf9314093298efd983739,gx-no-cache=1489756547510 HTTP/1.1" 200 30
192.168.10.89 - - [17/Mar/2017:09:21:08 -0300] "POST /cormun/servlet/solicitudot?gx-no-cache=1489756549983 HTTP/1.1" 200 30
186.103.156.24 - - [17/Mar/2017:09:21:14 -0300] "POST /cormun/servlet/licenciaspermisos?461cd1227f73e6389749d118b7807039,INS,0,,,,gx-no-cache=1489757030716 HTTP/1.1" 200 93
186.103.156.24 - - [17/Mar/2017:09:21:15 -0300] "GET /cormun/servlet/hpexe_return? HTTP/1.1" 200 1007
186.103.156.24 - - [17/Mar/2017:09:21:15 -0300] "GET /cormun/servlet/trlicencias HTTP/1.1" 200 6872
186.103.156.24 - - [17/Mar/2017:09:21:16 -0300] "GET /cormun/servlet/trlicencias HTTP/1.1" 200 6867
192.168.10.89 - - [17/Mar/2017:09:21:17 -0300] "GET /cormun/servlet/prfichaempleado?,MD,,gxPopupLevel%3D0%3B HTTP/1.1" 200 8769
192.168.10.89 - - [17/Mar/2017:09:21:17 -0300] "GET /cormun/static/gxcfg.js?2016102420561687 HTTP/1.1" 200 953
192.168.10.89 - - [17/Mar/2017:09:21:17 -0300] "GET /cormun/static/prfichaempleado.js?201610242056198 HTTP/1.1" 304 -
192.168.10.89 - - [17/Mar/2017:09:21:17 -0300] "GET /cormun/static/menusearch.js?201610171694467 HTTP/1.1" 304 -
192.168.10.89 - - [17/Mar/2017:09:21:17 -0300] "GET /cormun/static/hmpwkw011.js?20173151304635 HTTP/1.1" 304 -
186.103.156.24 - - [17/Mar/2017:09:21:23 -0300] "GET /cormun/servlet/trlicencias? HTTP/1.1" 200 6867
192.168.10.96 - - [17/Mar/2017:09:21:23 -0300] "POST /cormun/servlet/trsolicitudgral?077e5ea5d175e57d3908850587d6636d,,gx-no-cache=1489756565144 HTTP/1.1" 200 12743
186.103.156.24 - - [17/Mar/2017:09:21:24 -0300] "GET /cormun/servlet/trlicencias? HTTP/1.1" 200 6867
186.67.172.234 - - [17/Mar/2017:09:21:29 -0300] "GET /cormun/servlet/trsolicitudot? HTTP/1.1" 200 8296
186.67.172.234 - - [17/Mar/2017:09:21:29 -0300] "GET /cormun/static/gxui/gxui-all.css?110300 HTTP/1.1" 200 2179
186.67.172.234 - - [17/Mar/2017:09:21:29 -0300] "GET /cormun/static/calendar-system.css?75620 HTTP/1.1" 200 5572
186.67.172.234 - - [17/Mar/2017:09:21:29 -0300] "GET /cormun/static/gxcfg.js?20173151322457 HTTP/1.1" 200 953
186.67.172.234 - - [17/Mar/2017:09:21:29 -0300] "GET /cormun/static/trsolicitudot.js?20173151323318 HTTP/1.1" 200 53117
186.67.172.234 - - [17/Mar/2017:09:21:29 -0300] "GET /cormun/static/Shared/ext/resources/css/ext-all.css?205870 HTTP/1.1" 200 416045
192.168.10.89 - - [17/Mar/2017:09:21:29 -0300] "POST /cormun/servlet/prfichaempleado?93107feadc37a59d185ec601937b643b,,MD,,gxPopupLevel%3D0%3B,gx-no-cache=1489756571332 HTTP/1.1" 200 3422
186.67.172.234 - - [17/Mar/2017:09:21:30 -0300] "GET /cormun//static/Resources/PXToolsGridUpdate.png HTTP/1.1" 200 2984
186.67.172.234 - - [17/Mar/2017:09:21:30 -0300] "GET /cormun//static/Resources/PXToolsActionView.png HTTP/1.1" 200 2995
186.67.172.234 - - [17/Mar/2017:09:21:30 -0300] "GET /cormun//static/Resources/PXToolsGridDelete.png HTTP/1.1" 200 357
186.67.172.234 - - [17/Mar/2017:09:21:30 -0300] "GET /cormun//static/Resources/PXToolsRemoveAllAction.png HTTP/1.1" 200 3558
186.67.172.234 - - [17/Mar/2017:09:21:30 -0300] "GET /cormun/servlet/trsolicitudot? HTTP/1.1" 200 8294
186.103.156.24 - - [17/Mar/2017:09:21:32 -0300] "POST /cormun/servlet/trlicencias?461cd1227f73e6389749d118b7807039,,gx-no-cache=1489757050515 HTTP/1.1" 200 101
192.168.10.89 - - [17/Mar/2017:09:21:32 -0300] "POST /cormun/servlet/solicitudot?gx-no-cache=1489756574044 HTTP/1.1" 200 1289
186.103.156.24 - - [17/Mar/2017:09:21:32 -0300] "POST /cormun/servlet/trlicencias?461cd1227f73e6389749d118b7807039,,gx-no-cache=1489757050711 HTTP/1.1" 200 4080
186.103.156.24 - - [17/Mar/2017:09:21:32 -0300] "GET /cormun/Licencias-5859.xls HTTP/1.1" 200 4608
192.168.10.89 - - [17/Mar/2017:09:21:33 -0300] "GET /cormun/servlet/prlicenciaspermisos?13719734,L,,MD,,gxPopupLevel%3D0%3B HTTP/1.1" 200 6748
192.168.10.89 - - [17/Mar/2017:09:21:33 -0300] "GET /cormun/static/gxcfg.js?20173151332098 HTTP/1.1" 304 -
192.168.10.89 - - [17/Mar/2017:09:21:33 -0300] "GET /cormun/static/prlicenciaspermisos.js?20173151332259 HTTP/1.1" 304 -
192.168.10.89 - - [17/Mar/2017:09:21:37 -0300] "POST /cormun/servlet/solicitudot?gx-no-cache=1489756579499 HTTP/1.1" 200 20
186.103.158.250 - - [17/Mar/2017:09:21:38 -0300] "POST /cormun/servlet/solicitudot?gx-no-cache=1489753365714 HTTP/1.1" 200 30
192.168.10.96 - - [17/Mar/2017:09:21:40 -0300] "POST /cormun/servlet/trsolicitudgral?077e5ea5d175e57d3908850587d6636d,,gx-no-cache=1489756581803 HTTP/1.1" 200 5405
186.103.158.250 - - [17/Mar/2017:09:21:43 -0300] "POST /cormun/servlet/solicitudot?gx-no-cache=1489753371719 HTTP/1.1" 200 1289
186.103.158.250 - - [17/Mar/2017:09:21:43 -0300] "POST /cormun/servlet/solicitudot?gx-no-cache=1489753371820 HTTP/1.1" 200 41
186.103.158.250 - - [17/Mar/2017:09:21:44 -0300] "POST /cormun/servlet/solicitudot?gx-no-cache=1489753371887 HTTP/1.1" 200 1273
186.103.158.250 - - [17/Mar/2017:09:21:44 -0300] "POST /cormun/servlet/solicitudot?gx-no-cache=1489753371971 HTTP/1.1" 200 1156
186.103.158.250 - - [17/Mar/2017:09:21:44 -0300] "GET /cormun/servlet/solicitudot?a86e56ddde2855abe6a5a49134ae02cfbfe8fd3b9c6ec7909304b69718b8c6387e7dd1bb8d76272209f4c8dd72aa177c213b33d113e70599a23f38c22ac1856145918b60a49a018a7d307fc454a2c6b7412c5630c8373afc5fdf8eb37a39b91d01f27760ec274ce53b5d956499e783487408fc5ce38ed398f387a83573bc415ad01a99a2292af2895808e1def3e370ef5433d73be2ec747ae57cd7cecaa26de4605b9f225ec5073963c799e3130daf50,gx-no-cache=1489753372044 HTTP/1.1" 200 30
186.103.158.250 - - [17/Mar/2017:09:21:44 -0300] "POST /cormun/servlet/solicitudot?c677f60a4435977e4a1927e385bfbcd1,INS,0,0,,gx-no-cache=1489753372116 HTTP/1.1" 200 93
186.103.158.250 - - [17/Mar/2017:09:21:44 -0300] "GET /cormun/servlet/hpexe_return? HTTP/1.1" 200 1007
186.103.158.250 - - [17/Mar/2017:09:21:44 -0300] "GET /cormun/static/gxcfg.js?2016101716175148 HTTP/1.1" 200 953
192.168.10.96 - - [17/Mar/2017:09:21:44 -0300] "POST /cormun/servlet/trsolicitudgral?077e5ea5d175e57d3908850587d6636d,,gx-no-cache=1489756586263 HTTP/1.1" 200 8240
186.103.158.250 - - [17/Mar/2017:09:21:44 -0300] "GET /cormun/servlet/trsolicitudot HTTP/1.1" 200 8859
186.103.156.24 - - [17/Mar/2017:09:21:46 -0300] "POST /cormun/servlet/trlicencias?461cd1227f73e6389749d118b7807039,,gx-no-cache=1489757065117 HTTP/1.1" 200 4104
186.103.158.250 - - [17/Mar/2017:09:21:46 -0300] "GET /cormun/servlet/trsolicitudot HTTP/1.1" 200 8855
157.55.39.171 - - [17/Mar/2017:09:21:55 -0300] "GET /cormun/static/PXToolsJavascripts/PXToolsJavascriptsRender.js HTTP/1.1" 200 367
157.55.39.171 - - [17/Mar/2017:09:21:55 -0300] "GET /cormun/static/PXToolsJavascripts/pexe_menus.js HTTP/1.1" 200 1286
157.55.39.171 - - [17/Mar/2017:09:21:56 -0300] "GET /cormun/static/PXToolsJavascripts/pexe_oavdivfix.js HTTP/1.1" 200 639
157.55.39.171 - - [17/Mar/2017:09:21:56 -0300] "GET /cormun/static/Resources/PXToolsHeaderPreferences.png HTTP/1.1" 200 4189
186.103.158.250 - - [17/Mar/2017:09:21:56 -0300] "POST /cormun/servlet/trsolicitudot?c677f60a4435977e4a1927e385bfbcd1,gx-no-cache=1489753384778 HTTP/1.1" 200 5744
186.103.158.250 - - [17/Mar/2017:09:21:57 -0300] "GET /cormun/static/Shared/jqueryui/images/ui-bg_highlight-soft_100_c6c2c8_1x100.png HTTP/1.1" 404 1117
186.103.158.250 - - [17/Mar/2017:09:21:57 -0300] "GET /cormun/static/Shared/jqueryui/images/ui-icons_82798d_256x240.png HTTP/1.1" 404 1089
186.103.158.250 - - [17/Mar/2017:09:21:57 -0300] "GET /cormun/static/Shared/jqueryui/images/ui-bg_flat_55_fafafa_40x100.png HTTP/1.1" 404 1097
186.103.158.250 - - [17/Mar/2017:09:21:57 -0300] "GET /cormun/static/Shared/jqueryui/images/ui-icons_8d78a5_256x240.png HTTP/1.1" 404 1089
186.103.158.250 - - [17/Mar/2017:09:21:57 -0300] "POST /cormun/servlet/trsolicitudot?c677f60a4435977e4a1927e385bfbcd1,gx-no-cache=1489753385266 HTTP/1.1" 200 5685
157.55.39.171 - - [17/Mar/2017:09:21:57 -0300] "GET /cormun/static/Shared/jqueryui/jquery-ui.min.js HTTP/1.1" 200 240427
157.55.39.171 - - [17/Mar/2017:09:22:00 -0300] "GET /cormun/static/SmoothNavMenu/resources/ddsmoothmenu.js HTTP/1.1" 200 12712
157.55.39.171 - - [17/Mar/2017:09:22:00 -0300] "GET /cormun/static/gxgralSD.js?85251 HTTP/1.1" 200 20927
157.55.39.171 - - [17/Mar/2017:09:22:01 -0300] "GET /cormun/static/gxtypesSD.js?85251 HTTP/1.1" 200 24551
157.55.39.171 - - [17/Mar/2017:09:22:01 -0300] "GET /cormun/static/hhome.js?20173151304624 HTTP/1.1" 200 777
157.55.39.171 - - [17/Mar/2017:09:22:02 -0300] "GET /cormun/static/scaMessage/scaMessageRender.js HTTP/1.1" 200 11977
157.55.39.171 - - [17/Mar/2017:09:22:02 -0300] "GET /cormun/static/gxapiSD.js?85251 HTTP/1.1" 200 78773
186.103.158.250 - - [17/Mar/2017:09:22:04 -0300] "GET /cormun/servlet/trsolicitudot? HTTP/1.1" 200 8500
