186.67.84.234 - - [17/Mar/2017:11:10:00 -0300] "GET /cormun/static/SmoothNavMenu/resources/ddsmoothmenu.css?1012540 HTTP/1.1" 200 2223
186.67.84.234 - - [17/Mar/2017:11:10:00 -0300] "GET /cormun/static/PXToolsJavascripts/pexe_autoreload.js HTTP/1.1" 200 1762
186.103.157.98 - - [17/Mar/2017:11:10:00 -0300] "GET /cormun/servlet/solicitudotadjuntos?84f0ff2a736ab045a06d843d752257cfad661ce81da2d8e4ca7f420c6d4756ec0b59f84b0b8857ebc0a0a59b9fd6eee2,gx-no-cache=1489759870316 HTTP/1.1" 200 30
186.67.84.234 - - [17/Mar/2017:11:10:00 -0300] "GET /cormun/static/PXToolsJavascripts/pexe_cookies.js HTTP/1.1" 200 792
186.67.84.234 - - [17/Mar/2017:11:10:00 -0300] "GET /cormun/static/PXToolsJavascripts/pexe_windows.js HTTP/1.1" 200 15207
186.103.157.98 - - [17/Mar/2017:11:10:00 -0300] "POST /cormun/servlet/solicitudotadjuntos?7d58d9cc60333a0856e7e3512ae518d8,INS,2017,5615,,1,,gx-no-cache=1489759870368 HTTP/1.1" 200 3823
186.67.84.234 - - [17/Mar/2017:11:10:00 -0300] "GET /cormun/static/PXToolsJavascripts/pexe_grid.js HTTP/1.1" 200 7559
186.67.84.234 - - [17/Mar/2017:11:10:00 -0300] "GET /cormun/static/PXToolsJavascripts/pexe_griddivfix.js HTTP/1.1" 200 6644
186.67.84.234 - - [17/Mar/2017:11:10:00 -0300] "GET /cormun/static/PXToolsJavascripts/pexe_link.js HTTP/1.1" 200 5671
186.67.84.234 - - [17/Mar/2017:11:10:00 -0300] "GET /cormun/static/PXToolsJavascripts/pexe_menudivfix.js HTTP/1.1" 200 333
186.67.84.234 - - [17/Mar/2017:11:10:00 -0300] "GET /cormun/static/PXToolsJavascripts/pexe_menus.js HTTP/1.1" 200 1286
186.67.84.234 - - [17/Mar/2017:11:10:00 -0300] "GET /cormun/static/PXToolsJavascripts/pexe_layers.js HTTP/1.1" 200 4114
186.67.84.234 - - [17/Mar/2017:11:10:00 -0300] "GET /cormun/static/PXToolsJavascripts/pexe_oav.js HTTP/1.1" 200 645
186.67.84.234 - - [17/Mar/2017:11:10:00 -0300] "GET /cormun/static/PXToolsJavascripts/pexe_oavdivfix.js HTTP/1.1" 200 639
186.67.84.234 - - [17/Mar/2017:11:10:00 -0300] "GET /cormun/static/PXToolsJavascripts/pexe_picture.js HTTP/1.1" 200 689
186.67.84.234 - - [17/Mar/2017:11:10:00 -0300] "GET /cormun/static/PXToolsJavascripts/pexe_popup.js HTTP/1.1" 200 13458
186.67.84.234 - - [17/Mar/2017:11:10:00 -0300] "GET /cormun/static/PXToolsJavascripts/pexe_scrolldiv.js HTTP/1.1" 200 4138
186.67.84.234 - - [17/Mar/2017:11:10:00 -0300] "GET /cormun/static/PXToolsJavascripts/pexe_tabdivfix.js HTTP/1.1" 200 876
186.67.84.234 - - [17/Mar/2017:11:10:00 -0300] "GET /cormun/static/PXToolsJavascripts/pexe_tabs.js HTTP/1.1" 200 3748
186.67.84.234 - - [17/Mar/2017:11:10:01 -0300] "GET /cormun/static/PXToolsJavascripts/pexe_upload.js HTTP/1.1" 200 1423
186.67.84.234 - - [17/Mar/2017:11:10:01 -0300] "GET /cormun/static/PXToolsJavascripts/PXToolsJavascriptsRender.js HTTP/1.1" 200 367
186.67.84.234 - - [17/Mar/2017:11:10:01 -0300] "GET /cormun/static/RunJS/RunJS.js HTTP/1.1" 200 288
186.67.84.234 - - [17/Mar/2017:11:10:01 -0300] "GET /cormun/static/hhome.js?20173151304624 HTTP/1.1" 200 777
186.67.84.234 - - [17/Mar/2017:11:10:01 -0300] "GET /cormun/static/Shared/ext/locale/ext-lang-en.js HTTP/1.1" 200 10940
186.67.84.234 - - [17/Mar/2017:11:10:01 -0300] "GET /cormun/static/Resources/PXToolsHeaderBackground2.png HTTP/1.1" 200 1174
186.67.84.234 - - [17/Mar/2017:11:10:01 -0300] "GET /cormun/static/Resources/PXToolsHeaderActionsLeft.png HTTP/1.1" 200 1118
186.67.84.234 - - [17/Mar/2017:11:10:01 -0300] "GET /cormun/static/Resources/logo4.png HTTP/1.1" 200 6582
186.103.157.98 - - [17/Mar/2017:11:10:01 -0300] "POST /cormun/servlet/solicitudotadjuntos?gx-no-cache=1489759872127 HTTP/1.1" 200 26
186.67.84.234 - - [17/Mar/2017:11:10:01 -0300] "GET /cormun/static/Resources/PXToolsHeaderLogin.png HTTP/1.1" 200 4279
186.67.84.234 - - [17/Mar/2017:11:10:02 -0300] "GET /cormun/static/Resources/PXToolsDataTitle.png HTTP/1.1" 200 1173
186.67.84.234 - - [17/Mar/2017:11:10:02 -0300] "GET /cormun/static/Resources/PXToolsHeaderActionsBackground.png HTTP/1.1" 200 484
186.67.84.234 - - [17/Mar/2017:11:10:02 -0300] "GET /cormun/static/Resources/PXToolsFooterBackground2.png HTTP/1.1" 200 1172
186.67.84.234 - - [17/Mar/2017:11:10:02 -0300] "GET /cormun/static/Resources/PXToolsHeaderSecurity.png HTTP/1.1" 200 4166
186.67.84.234 - - [17/Mar/2017:11:10:02 -0300] "GET /cormun/static/Resources/PXToolsHeaderActionsRight.png HTTP/1.1" 200 1201
186.67.84.234 - - [17/Mar/2017:11:10:02 -0300] "GET /cormun/static/Resources/PXToolsHeaderPreferences.png HTTP/1.1" 200 4189
186.67.84.234 - - [17/Mar/2017:11:10:02 -0300] "GET /cormun/static/Resources/PXToolsHeaderHome.png HTTP/1.1" 200 4147
186.67.84.234 - - [17/Mar/2017:11:10:02 -0300] "GET /cormun/static/hwchdr01.js?201731512453822 HTTP/1.1" 200 1183
186.67.84.234 - - [17/Mar/2017:11:10:02 -0300] "GET /cormun/static/hpexe_recentlink.js?201610171694390 HTTP/1.1" 200 2144
186.67.84.234 - - [17/Mar/2017:11:10:02 -0300] "GET /cormun/static/hpexe_scripts.js?201731512453784 HTTP/1.1" 200 1544
186.67.84.234 - - [17/Mar/2017:11:10:02 -0300] "GET /cormun/static/hpexe_messagecontroller.js?201610171694323 HTTP/1.1" 200 870
186.67.84.234 - - [17/Mar/2017:11:10:02 -0300] "GET /cormun/static/hpexe_messagepopupcomponent.js?20161017169425 HTTP/1.1" 200 605
186.67.84.234 - - [17/Mar/2017:11:10:02 -0300] "GET /cormun/static/hpexe_messagegenexuscomponent.js?201731512453548 HTTP/1.1" 200 587
186.67.84.234 - - [17/Mar/2017:11:10:02 -0300] "GET /cormun/static/cmcontrolpreferences.js?201731512453759 HTTP/1.1" 200 1375
186.67.84.234 - - [17/Mar/2017:11:10:02 -0300] "GET /cormun/static/gxui/gxui-all.js HTTP/1.1" 200 107772
186.67.84.234 - - [17/Mar/2017:11:10:02 -0300] "GET /cormun/static/SmoothNavMenu/resources/ddsmoothmenu.js HTTP/1.1" 200 12712
186.67.84.234 - - [17/Mar/2017:11:10:03 -0300] "GET /cormun/static/SmoothNavMenu/resources/SmoothNavMenuRender.js HTTP/1.1" 200 5951
186.67.84.234 - - [17/Mar/2017:11:10:04 -0300] "GET /cormun/static/scaMessage/js/jquery.pnotify.min.js HTTP/1.1" 200 13038
186.67.84.234 - - [17/Mar/2017:11:10:04 -0300] "GET /cormun/static/Shared/jqueryui/jquery-ui.min.js HTTP/1.1" 200 240427
186.67.84.234 - - [17/Mar/2017:11:10:04 -0300] "GET /cormun/static/scaMessage/scaMessageRender.js HTTP/1.1" 200 11977
186.67.84.234 - - [17/Mar/2017:11:10:04 -0300] "GET /cormun/static/hmpwkw03.js?20173151305292 HTTP/1.1" 200 3965
186.67.84.234 - - [17/Mar/2017:11:10:04 -0300] "GET /cormun/static/Shared/jquery/jquery-1.4.2.min.js HTTP/1.1" 200 72174
186.67.84.234 - - [17/Mar/2017:11:10:05 -0300] "GET /cormun/static/Shared/jquery/jquery-1.10.2.min.js HTTP/1.1" 200 273199
186.67.84.234 - - [17/Mar/2017:11:10:05 -0300] "GET /cormun/static/Shared/ext/ext-all.js HTTP/1.1" 200 1289687
186.67.84.234 - - [17/Mar/2017:11:10:06 -0300] "GET /cormun/servlet/hhome HTTP/1.1" 200 3958
186.67.84.234 - - [17/Mar/2017:11:10:06 -0300] "GET /cormun/static/SmoothNavMenu/resources/images/down.gif HTTP/1.1" 200 854
186.67.84.234 - - [17/Mar/2017:11:10:06 -0300] "GET /cormun/static/SmoothNavMenu/resources/images/right.gif HTTP/1.1" 200 860
186.103.157.98 - - [17/Mar/2017:11:10:13 -0300] "POST /cormun/servlet/solicitudotadjuntos?gx-no-cache=1489759883520 HTTP/1.1" 200 26
192.168.10.89 - - [17/Mar/2017:11:10:15 -0300] "GET /cormun/servlet/trsolicitudgral? HTTP/1.1" 200 8699
192.168.10.89 - - [17/Mar/2017:11:10:22 -0300] "POST /cormun/servlet/trsolicitudgral?fbd7a8bf6f3bb1ca6f7d391e164ada6f,,gx-no-cache=1489763103727 HTTP/1.1" 200 6672
186.67.84.234 - - [17/Mar/2017:11:10:22 -0300] "GET /cormun/servlet/trsolicitudot? HTTP/1.1" 200 6933
186.67.84.234 - - [17/Mar/2017:11:10:23 -0300] "GET /cormun/static/gxui/gxui-all.css?110300 HTTP/1.1" 200 2179
186.67.84.234 - - [17/Mar/2017:11:10:23 -0300] "GET /cormun/static/gxcfg.js?20173151322457 HTTP/1.1" 200 953
186.67.84.234 - - [17/Mar/2017:11:10:23 -0300] "GET /cormun/static/calendar-system.css?75620 HTTP/1.1" 200 5572
186.67.84.234 - - [17/Mar/2017:11:10:23 -0300] "GET /cormun/static/calendar-setup.js?85251 HTTP/1.1" 200 2588
186.67.84.234 - - [17/Mar/2017:11:10:23 -0300] "GET /cormun/static/calendar.js?85251 HTTP/1.1" 200 26246
186.67.84.234 - - [17/Mar/2017:11:10:23 -0300] "GET /cormun/static/calendar-es.js?85251 HTTP/1.1" 200 1901
186.67.84.234 - - [17/Mar/2017:11:10:23 -0300] "GET /cormun/static/gxdec.js?85251 HTTP/1.1" 200 19579
186.67.84.234 - - [17/Mar/2017:11:10:24 -0300] "GET /cormun/static/trsolicitudot.js?20173151323318 HTTP/1.1" 200 53117
186.67.84.234 - - [17/Mar/2017:11:10:24 -0300] "GET /cormun/static/Resources/PXTools/calendar.png HTTP/1.1" 200 1306
186.67.84.234 - - [17/Mar/2017:11:10:24 -0300] "GET /cormun/static/Resources/PXToolsDataSearch.png HTTP/1.1" 200 419
186.67.84.234 - - [17/Mar/2017:11:10:24 -0300] "GET /cormun/static/Resources/PXToolsGridFirstDisabled.gif HTTP/1.1" 200 100
186.67.84.234 - - [17/Mar/2017:11:10:24 -0300] "GET /cormun/static/Resources/PXToolsGridPreviousDisabled.gif HTTP/1.1" 200 90
186.67.84.234 - - [17/Mar/2017:11:10:25 -0300] "GET /cormun/static/Resources/PXToolsGridNextDisabled.gif HTTP/1.1" 200 90
186.67.84.234 - - [17/Mar/2017:11:10:25 -0300] "GET /cormun/static/Resources/PXToolsGridLastDisabled.gif HTTP/1.1" 200 98
192.168.10.89 - - [17/Mar/2017:11:10:25 -0300] "POST /cormun/servlet/trsolicitudgral?fbd7a8bf6f3bb1ca6f7d391e164ada6f,,gx-no-cache=1489763106537 HTTP/1.1" 200 5593
186.67.84.234 - - [17/Mar/2017:11:10:25 -0300] "GET /cormun/static/Resources/PXToolsGridPage.gif HTTP/1.1" 200 725
186.67.84.234 - - [17/Mar/2017:11:10:25 -0300] "GET /cormun/static/Resources/PXToolsActionExcel.png HTTP/1.1" 200 3187
186.67.84.234 - - [17/Mar/2017:11:10:25 -0300] "GET /cormun/static/Resources/PXToolsGridNew.png HTTP/1.1" 200 2949
192.168.10.89 - - [17/Mar/2017:11:10:25 -0300] "GET /cormun/static/Shared/jqueryui/images/ui-icons_8d78a5_256x240.png HTTP/1.1" 404 1089
192.168.10.89 - - [17/Mar/2017:11:10:25 -0300] "GET /cormun/static/Shared/jqueryui/images/ui-icons_82798d_256x240.png HTTP/1.1" 404 1089
192.168.10.89 - - [17/Mar/2017:11:10:25 -0300] "GET /cormun/static/Shared/jqueryui/images/ui-bg_highlight-soft_100_c6c2c8_1x100.png HTTP/1.1" 404 1117
192.168.10.89 - - [17/Mar/2017:11:10:25 -0300] "GET /cormun/static/Shared/jqueryui/images/ui-bg_flat_55_fafafa_40x100.png HTTP/1.1" 404 1097
186.67.84.234 - - [17/Mar/2017:11:10:25 -0300] "GET /cormun/static/Shared/ext/resources/css/ext-all.css?205870 HTTP/1.1" 200 416045
186.67.84.234 - - [17/Mar/2017:11:10:26 -0300] "GET /cormun/static/Resources/asc.gif HTTP/1.1" 200 67
186.67.84.234 - - [17/Mar/2017:11:10:26 -0300] "GET /cormun/static/Resources/desc.gif HTTP/1.1" 200 65
186.67.84.234 - - [17/Mar/2017:11:10:26 -0300] "GET /cormun/servlet/trsolicitudot? HTTP/1.1" 200 6932
186.67.84.234 - - [17/Mar/2017:11:10:26 -0300] "GET /cormun/static/Shared/ext/resources/themes/images/default/panel/bg-headersPanel.png HTTP/1.1" 200 255
186.67.84.234 - - [17/Mar/2017:11:10:26 -0300] "GET /cormun/static/Shared/ext/resources/themes/images/default/tools/tool-sprites.gif HTTP/1.1" 200 5434
186.67.84.234 - - [17/Mar/2017:11:10:28 -0300] "GET /cormun/servlet/solicitudot?INS,0,0, HTTP/1.1" 200 12776
186.67.84.234 - - [17/Mar/2017:11:10:29 -0300] "GET /cormun/static/calendar-system.css?85620 HTTP/1.1" 200 5572
186.67.84.234 - - [17/Mar/2017:11:10:29 -0300] "GET /cormun/static/gxcfg.js?20171191042720 HTTP/1.1" 200 953
186.67.84.234 - - [17/Mar/2017:11:10:29 -0300] "GET /cormun/static/Resources/Spanish/PXTools.css?18365030 HTTP/1.1" 200 89042
186.67.84.234 - - [17/Mar/2017:11:10:29 -0300] "GET /cormun/static/solicitudot.js?2017119104297 HTTP/1.1" 200 63948
186.67.84.234 - - [17/Mar/2017:11:10:29 -0300] "GET /cormun/static/Resources/prompt.gif HTTP/1.1" 200 902
186.67.84.234 - - [17/Mar/2017:11:10:30 -0300] "GET /cormun/servlet/solicitudot?INS,0,0, HTTP/1.1" 200 12781
186.103.157.98 - - [17/Mar/2017:11:10:33 -0300] "GET /cormun/servlet/solicitudotadjuntos?84f0ff2a736ab045a06d843d752257cf57aed71860e7340ce517e89a3068b5a9,gx-no-cache=1489759903239 HTTP/1.1" 200 30
186.103.157.98 - - [17/Mar/2017:11:10:33 -0300] "GET /cormun/servlet/solicitudotadjuntos?84f0ff2a736ab045a06d843d752257cf57aed71860e7340ce517e89a3068b5a9,gx-no-cache=1489759903263 HTTP/1.1" 200 30
186.103.157.98 - - [17/Mar/2017:11:10:34 -0300] "POST /cormun/servlet/solicitudotadjuntos?7d58d9cc60333a0856e7e3512ae518d8,INS,2017,5615,,1, HTTP/1.1" 200 116
186.103.157.98 - - [17/Mar/2017:11:10:34 -0300] "GET /cormun/servlet/hpexe_return? HTTP/1.1" 200 1016
186.103.157.98 - - [17/Mar/2017:11:10:34 -0300] "GET /cormun/servlet/trsolicitudadjuntos?2017,5615, HTTP/1.1" 200 8433
186.103.157.98 - - [17/Mar/2017:11:10:35 -0300] "GET /cormun/servlet/trsolicitudadjuntos?2017,5615, HTTP/1.1" 200 8429
186.103.157.98 - - [17/Mar/2017:11:10:39 -0300] "GET /cormun/servlet/solicitudotadjuntos?INS,2017,5615,,1, HTTP/1.1" 200 6036
186.103.157.98 - - [17/Mar/2017:11:10:39 -0300] "GET /cormun/static/about:blank HTTP/1.1" 404 1011
186.103.157.98 - - [17/Mar/2017:11:10:39 -0300] "GET /cormun/servlet/solicitudotadjuntos?INS,2017,5615,,1, HTTP/1.1" 200 6029
186.103.157.98 - - [17/Mar/2017:11:10:40 -0300] "GET /cormun/servlet/solicitudotadjuntos?84f0ff2a736ab045a06d843d752257cfad661ce81da2d8e4ca7f420c6d4756ec0b59f84b0b8857ebc0a0a59b9fd6eee2,gx-no-cache=1489759910393 HTTP/1.1" 200 30
186.103.157.98 - - [17/Mar/2017:11:10:40 -0300] "POST /cormun/servlet/solicitudotadjuntos?7d58d9cc60333a0856e7e3512ae518d8,INS,2017,5615,,1,,gx-no-cache=1489759910452 HTTP/1.1" 200 3821
192.168.10.89 - - [17/Mar/2017:11:10:42 -0300] "POST /cormun/servlet/trsolicitudgral?fbd7a8bf6f3bb1ca6f7d391e164ada6f,,gx-no-cache=1489763124419 HTTP/1.1" 200 6638
186.103.157.98 - - [17/Mar/2017:11:10:44 -0300] "POST /cormun/servlet/solicitudotadjuntos?gx-no-cache=1489759914419 HTTP/1.1" 200 26
186.103.157.98 - - [17/Mar/2017:11:10:55 -0300] "GET /cormun/servlet/solicitudotadjuntos?84f0ff2a736ab045a06d843d752257cf57aed71860e7340ce517e89a3068b5a9,gx-no-cache=1489759925835 HTTP/1.1" 200 30
186.103.157.98 - - [17/Mar/2017:11:10:55 -0300] "GET /cormun/servlet/solicitudotadjuntos?84f0ff2a736ab045a06d843d752257cf57aed71860e7340ce517e89a3068b5a9,gx-no-cache=1489759925859 HTTP/1.1" 200 30
186.103.157.98 - - [17/Mar/2017:11:10:57 -0300] "POST /cormun/servlet/solicitudotadjuntos?7d58d9cc60333a0856e7e3512ae518d8,INS,2017,5615,,1, HTTP/1.1" 200 116
186.103.157.98 - - [17/Mar/2017:11:10:57 -0300] "GET /cormun/servlet/hpexe_return? HTTP/1.1" 200 1016
186.103.157.98 - - [17/Mar/2017:11:10:57 -0300] "GET /cormun/servlet/trsolicitudadjuntos?2017,5615, HTTP/1.1" 200 8572
186.103.157.98 - - [17/Mar/2017:11:10:58 -0300] "GET /cormun/servlet/trsolicitudadjuntos?2017,5615, HTTP/1.1" 200 8569
186.103.157.98 - - [17/Mar/2017:11:11:00 -0300] "GET /cormun/servlet/solicitudotadjuntos?INS,2017,5615,,1, HTTP/1.1" 200 6036
192.168.10.89 - - [17/Mar/2017:11:11:00 -0300] "POST /cormun/servlet/trsolicitudgral?fbd7a8bf6f3bb1ca6f7d391e164ada6f,,gx-no-cache=1489763142417 HTTP/1.1" 200 5393
186.103.157.98 - - [17/Mar/2017:11:11:01 -0300] "GET /cormun/static/about:blank HTTP/1.1" 404 1011
186.103.157.98 - - [17/Mar/2017:11:11:01 -0300] "GET /cormun/servlet/solicitudotadjuntos?INS,2017,5615,,1, HTTP/1.1" 200 6029
186.103.157.98 - - [17/Mar/2017:11:11:01 -0300] "GET /cormun/servlet/solicitudotadjuntos?84f0ff2a736ab045a06d843d752257cfad661ce81da2d8e4ca7f420c6d4756ec0b59f84b0b8857ebc0a0a59b9fd6eee2,gx-no-cache=1489759931901 HTTP/1.1" 200 30
186.103.157.98 - - [17/Mar/2017:11:11:01 -0300] "POST /cormun/servlet/solicitudotadjuntos?7d58d9cc60333a0856e7e3512ae518d8,INS,2017,5615,,1,,gx-no-cache=1489759931964 HTTP/1.1" 200 3821
186.67.84.234 - - [17/Mar/2017:11:11:03 -0300] "POST /cormun/servlet/solicitudot?gx-no-cache=1489759931408 HTTP/1.1" 200 3174
186.67.84.234 - - [17/Mar/2017:11:11:03 -0300] "POST /cormun/servlet/solicitudot?711adf195a27c45cb218940bef6a594a,INS,0,0,,gx-no-cache=1489759931696 HTTP/1.1" 200 9937
186.103.157.98 - - [17/Mar/2017:11:11:04 -0300] "POST /cormun/servlet/solicitudotadjuntos?gx-no-cache=1489759934701 HTTP/1.1" 200 26
192.168.10.89 - - [17/Mar/2017:11:11:06 -0300] "POST /cormun/servlet/trsolicitudgral?fbd7a8bf6f3bb1ca6f7d391e164ada6f,,gx-no-cache=1489763148431 HTTP/1.1" 200 5394
192.168.10.89 - - [17/Mar/2017:11:11:09 -0300] "POST /cormun/servlet/trsolicitudgral?fbd7a8bf6f3bb1ca6f7d391e164ada6f,,gx-no-cache=1489763150728 HTTP/1.1" 200 5396
186.67.84.234 - - [17/Mar/2017:11:11:09 -0300] "POST /cormun/servlet/solicitudot?711adf195a27c45cb218940bef6a594a,INS,0,0,,gx-no-cache=1489759937702 HTTP/1.1" 200 93
186.67.84.234 - - [17/Mar/2017:11:11:09 -0300] "GET /cormun/servlet/hpexe_return? HTTP/1.1" 200 1004
186.67.84.234 - - [17/Mar/2017:11:11:09 -0300] "GET /cormun/static/gxcfg.js?2016101716175148 HTTP/1.1" 200 953
186.67.84.234 - - [17/Mar/2017:11:11:09 -0300] "GET /cormun/static/hpexe_return.js?2016101716175153 HTTP/1.1" 200 1633
186.67.84.234 - - [17/Mar/2017:11:11:09 -0300] "GET /cormun/static/Resources/Spanish/PXTools.css?167811 HTTP/1.1" 200 89042
186.67.84.234 - - [17/Mar/2017:11:11:10 -0300] "GET /cormun/servlet/trsolicitudot HTTP/1.1" 200 6937
186.67.84.234 - - [17/Mar/2017:11:11:10 -0300] "GET /cormun/servlet/trsolicitudot HTTP/1.1" 200 6932
186.103.157.235 - - [17/Mar/2017:11:11:12 -0300] "GET /cormun/servlet/hlogin HTTP/1.1" 200 1725
186.103.157.235 - - [17/Mar/2017:11:11:12 -0300] "GET /cormun/static/Resources/Spanish/PXTools.css?1242369 HTTP/1.1" 200 89042
186.103.157.235 - - [17/Mar/2017:11:11:12 -0300] "GET /cormun/static/gxcfg.js?20173151305376 HTTP/1.1" 200 953
186.103.157.235 - - [17/Mar/2017:11:11:13 -0300] "GET /cormun/static/hlogin.js?20173151305393 HTTP/1.1" 200 2136
186.103.157.235 - - [17/Mar/2017:11:11:13 -0300] "GET /cormun/servlet/hlogin HTTP/1.1" 200 1736
186.67.84.234 - - [17/Mar/2017:11:11:13 -0300] "GET /cormun/servlet/solicitudot?INS,0,0, HTTP/1.1" 200 12776
186.67.84.234 - - [17/Mar/2017:11:11:14 -0300] "GET /cormun/servlet/solicitudot?INS,0,0, HTTP/1.1" 200 12781
186.103.157.98 - - [17/Mar/2017:11:11:16 -0300] "GET /cormun/servlet/solicitudotadjuntos?84f0ff2a736ab045a06d843d752257cf57aed71860e7340ce517e89a3068b5a9,gx-no-cache=1489759946619 HTTP/1.1" 200 30
186.103.157.98 - - [17/Mar/2017:11:11:16 -0300] "GET /cormun/servlet/solicitudotadjuntos?84f0ff2a736ab045a06d843d752257cf57aed71860e7340ce517e89a3068b5a9,gx-no-cache=1489759946661 HTTP/1.1" 200 30
186.103.157.98 - - [17/Mar/2017:11:11:17 -0300] "POST /cormun/servlet/solicitudotadjuntos?7d58d9cc60333a0856e7e3512ae518d8,INS,2017,5615,,1, HTTP/1.1" 200 116
186.103.157.98 - - [17/Mar/2017:11:11:17 -0300] "GET /cormun/servlet/hpexe_return? HTTP/1.1" 200 1016
186.103.157.98 - - [17/Mar/2017:11:11:18 -0300] "GET /cormun/servlet/trsolicitudadjuntos?2017,5615, HTTP/1.1" 200 8696
186.103.157.98 - - [17/Mar/2017:11:11:19 -0300] "GET /cormun/servlet/trsolicitudadjuntos?2017,5615, HTTP/1.1" 200 8694
186.67.84.234 - - [17/Mar/2017:11:11:23 -0300] "POST /cormun/servlet/solicitudot?gx-no-cache=1489759951061 HTTP/1.1" 200 3174
186.67.84.234 - - [17/Mar/2017:11:11:23 -0300] "POST /cormun/servlet/solicitudot?711adf195a27c45cb218940bef6a594a,INS,0,0,,gx-no-cache=1489759951463 HTTP/1.1" 200 9937
186.103.157.98 - - [17/Mar/2017:11:11:24 -0300] "GET /cormun/servlet/solicitudotadjuntos?INS,2017,5615,,1, HTTP/1.1" 200 6037
186.103.157.98 - - [17/Mar/2017:11:11:24 -0300] "GET /cormun/static/about:blank HTTP/1.1" 404 1011
186.103.157.98 - - [17/Mar/2017:11:11:24 -0300] "GET /cormun/servlet/solicitudotadjuntos?INS,2017,5615,,1, HTTP/1.1" 200 6030
186.103.157.98 - - [17/Mar/2017:11:11:24 -0300] "GET /cormun/servlet/solicitudotadjuntos?84f0ff2a736ab045a06d843d752257cfad661ce81da2d8e4ca7f420c6d4756ec0b59f84b0b8857ebc0a0a59b9fd6eee2,gx-no-cache=1489759955013 HTTP/1.1" 200 30
186.103.157.98 - - [17/Mar/2017:11:11:24 -0300] "POST /cormun/servlet/solicitudotadjuntos?7d58d9cc60333a0856e7e3512ae518d8,INS,2017,5615,,1,,gx-no-cache=1489759955098 HTTP/1.1" 200 3823
186.103.157.235 - - [17/Mar/2017:11:11:25 -0300] "POST /cormun/servlet/hlogin?dba6c462a6f5c91d9a7ab8ba6c453bec,gx-no-cache=1489760130272 HTTP/1.1" 200 90
186.103.157.235 - - [17/Mar/2017:11:11:25 -0300] "GET /cormun/servlet/hpexe_link HTTP/1.1" 200 956
186.103.157.235 - - [17/Mar/2017:11:11:25 -0300] "GET /cormun/static/gxcfg.js?20173151304587 HTTP/1.1" 200 953
186.103.157.235 - - [17/Mar/2017:11:11:25 -0300] "GET /cormun/static/hpexe_link.js?20173151304590 HTTP/1.1" 200 625
186.103.157.235 - - [17/Mar/2017:11:11:25 -0300] "GET /cormun/servlet/hhome HTTP/1.1" 200 3960
186.103.157.235 - - [17/Mar/2017:11:11:25 -0300] "GET /cormun/static/SmoothNavMenu/resources/ddsmoothmenu.css?1012540 HTTP/1.1" 200 2223
186.103.157.235 - - [17/Mar/2017:11:11:25 -0300] "GET /cormun/static/SmoothNavMenu/resources/ddsmoothmenu-v.css?1012540 HTTP/1.1" 200 1188
186.103.157.235 - - [17/Mar/2017:11:11:25 -0300] "GET /cormun/static/scaMessage/css/jquery.pnotify.default.css?1716380 HTTP/1.1" 200 1707
186.103.157.235 - - [17/Mar/2017:11:11:25 -0300] "GET /cormun/static/gxcfg.js?20173151304618 HTTP/1.1" 200 953
186.103.157.235 - - [17/Mar/2017:11:11:25 -0300] "GET /cormun/static/Shared/jqueryui/jquery-ui.min.css?1245370 HTTP/1.1" 200 30288
186.103.157.235 - - [17/Mar/2017:11:11:26 -0300] "GET /cormun/static/hwchdr01.js?201731512453822 HTTP/1.1" 200 1183
186.103.157.235 - - [17/Mar/2017:11:11:26 -0300] "GET /cormun/static/hhome.js?20173151304624 HTTP/1.1" 200 777
186.103.157.235 - - [17/Mar/2017:11:11:26 -0300] "GET /cormun/static/hpexe_scripts.js?201731512453784 HTTP/1.1" 200 1544
186.103.157.235 - - [17/Mar/2017:11:11:26 -0300] "GET /cormun/static/hpexe_messagegenexuscomponent.js?201731512453548 HTTP/1.1" 200 587
186.103.157.235 - - [17/Mar/2017:11:11:26 -0300] "GET /cormun/static/cmcontrolpreferences.js?201731512453759 HTTP/1.1" 200 1375
186.103.157.235 - - [17/Mar/2017:11:11:26 -0300] "GET /cormun/static/hmpwkw03.js?20173151305292 HTTP/1.1" 200 3965
186.103.157.235 - - [17/Mar/2017:11:11:26 -0300] "GET /cormun/servlet/hhome HTTP/1.1" 200 3956
186.103.157.98 - - [17/Mar/2017:11:11:28 -0300] "POST /cormun/servlet/solicitudotadjuntos?gx-no-cache=1489759958440 HTTP/1.1" 200 26
186.103.157.235 - - [17/Mar/2017:11:11:34 -0300] "GET /cormun/servlet/trlicencias? HTTP/1.1" 200 7995
186.103.157.235 - - [17/Mar/2017:11:11:34 -0300] "GET /cormun/servlet/trlicencias? HTTP/1.1" 200 7993
186.103.157.98 - - [17/Mar/2017:11:11:37 -0300] "GET /cormun/servlet/solicitudotadjuntos?84f0ff2a736ab045a06d843d752257cf57aed71860e7340ce517e89a3068b5a9,gx-no-cache=1489759967620 HTTP/1.1" 200 30
186.103.157.98 - - [17/Mar/2017:11:11:37 -0300] "GET /cormun/servlet/solicitudotadjuntos?84f0ff2a736ab045a06d843d752257cf57aed71860e7340ce517e89a3068b5a9,gx-no-cache=1489759967654 HTTP/1.1" 200 30
186.103.157.235 - - [17/Mar/2017:11:11:37 -0300] "GET /cormun/servlet/trlicenciaspermisosadjuntos?18645705,20170316000000,L, HTTP/1.1" 200 6312
186.103.157.235 - - [17/Mar/2017:11:11:37 -0300] "GET /cormun/static/gxui/gxui-all.css?110300 HTTP/1.1" 200 2179
186.103.157.235 - - [17/Mar/2017:11:11:37 -0300] "GET /cormun/static/calendar-system.css?75620 HTTP/1.1" 200 5572
186.103.157.235 - - [17/Mar/2017:11:11:37 -0300] "GET /cormun/static/gxcfg.js?2017315135259 HTTP/1.1" 200 953
186.103.157.235 - - [17/Mar/2017:11:11:38 -0300] "GET /cormun/static/trlicenciaspermisosadjuntos.js?2017315135563 HTTP/1.1" 200 21008
186.103.157.235 - - [17/Mar/2017:11:11:39 -0300] "GET /cormun/static/Shared/ext/resources/css/ext-all.css?205870 HTTP/1.1" 200 416045
186.103.157.98 - - [17/Mar/2017:11:11:39 -0300] "POST /cormun/servlet/solicitudotadjuntos?7d58d9cc60333a0856e7e3512ae518d8,INS,2017,5615,,1, HTTP/1.1" 200 116
186.103.157.98 - - [17/Mar/2017:11:11:39 -0300] "GET /cormun/servlet/hpexe_return? HTTP/1.1" 200 1016
186.103.157.235 - - [17/Mar/2017:11:11:39 -0300] "GET /cormun/servlet/trlicenciaspermisosadjuntos?18645705,20170316000000,L, HTTP/1.1" 200 6313
186.103.157.98 - - [17/Mar/2017:11:11:40 -0300] "GET /cormun/servlet/trsolicitudadjuntos?2017,5615, HTTP/1.1" 200 8898
186.103.157.98 - - [17/Mar/2017:11:11:41 -0300] "GET /cormun/servlet/trsolicitudadjuntos?2017,5615, HTTP/1.1" 200 8892
186.103.157.235 - - [17/Mar/2017:11:11:42 -0300] "GET /cormun/servlet/licenciaspermisosadjuntos?INS,18645705,L,20170316000000,, HTTP/1.1" 200 5619
186.103.157.235 - - [17/Mar/2017:11:11:42 -0300] "GET /cormun/static/gxcfg.js?201731512553221 HTTP/1.1" 200 953
186.103.157.235 - - [17/Mar/2017:11:11:42 -0300] "GET /cormun/static/licenciaspermisosadjuntos.js?201731512553234 HTTP/1.1" 200 8757
186.103.157.235 - - [17/Mar/2017:11:11:43 -0300] "GET /cormun/static/about:blank HTTP/1.1" 404 1011
186.103.157.235 - - [17/Mar/2017:11:11:43 -0300] "GET /cormun/servlet/licenciaspermisosadjuntos?INS,18645705,L,20170316000000,, HTTP/1.1" 200 5608
186.103.157.98 - - [17/Mar/2017:11:11:45 -0300] "GET /cormun/servlet/solicitudotadjuntos?INS,2017,5615,,1, HTTP/1.1" 200 6037
186.103.157.98 - - [17/Mar/2017:11:11:45 -0300] "GET /cormun/static/about:blank HTTP/1.1" 404 1011
186.103.157.98 - - [17/Mar/2017:11:11:45 -0300] "GET /cormun/servlet/solicitudotadjuntos?INS,2017,5615,,1, HTTP/1.1" 200 6030
186.67.84.234 - - [17/Mar/2017:11:11:45 -0300] "GET /cormun/servlet/solicitudot?6c6038c0e6fd7a925a0a2dc9c87e6ce3c53f32c7df793c65cc671cf991f84060ee30d7613b09c3a6b530326ad64c484e,gx-no-cache=1489759974188 HTTP/1.1" 200 30
186.67.84.234 - - [17/Mar/2017:11:11:46 -0300] "POST /cormun/servlet/solicitudot?gx-no-cache=1489759974284 HTTP/1.1" 200 256
186.103.157.98 - - [17/Mar/2017:11:11:46 -0300] "GET /cormun/servlet/solicitudotadjuntos?84f0ff2a736ab045a06d843d752257cfad661ce81da2d8e4ca7f420c6d4756ec0b59f84b0b8857ebc0a0a59b9fd6eee2,gx-no-cache=1489759976329 HTTP/1.1" 200 30
186.67.84.234 - - [17/Mar/2017:11:11:46 -0300] "GET /cormun/servlet/solicitudot?6c6038c0e6fd7a925a0a2dc9c87e6ce36417e97e401cd1b899a328ff69bd76a772f50e7fc9b55d9192c80b1eeb706e2874aa61a72297e4c5b524efb26014231dcc70dadf0aa47589c48163cca201cae8910117d8ddaa0796954f7ff38d28bf15f28f3572241091f920e778d077dcd8b032ce8660c1a138fba9a4b47fc507a762fc240b6193905ff8a0546212bd13e5cb5d2ea29ecb4d282fef1ea0192af553e290cab0c28197f6c680255f09d62b1a9797bd1790bb8869c2f431e8684735d12daf165592455f53540e0a09126496096c1d32c7ba2e8f5d97959a24fda772641f219b109de4b45e74446051def3bfcb2ef48ee0b8a0e95ba5bf7ee8452aec14d1e46985d88a94333f8c42c015c6fdf9bf75c019764f5da92108b8bd21cb301af9338def1072f85bae53b29431f993a7a678fc7f83272198499b6b1afe5f68f85c98a422aebee7af84eef8aa9881c536700569c6620ebcd0e8749f08122deba14f13dbc0e54411d77b9dfede07a12c74ee3bc302a170e0c52740ac9168908cc995,gx-no-cache=1489759974382 HTTP/1.1" 200 30
186.103.157.98 - - [17/Mar/2017:11:11:46 -0300] "POST /cormun/servlet/solicitudotadjuntos?7d58d9cc60333a0856e7e3512ae518d8,INS,2017,5615,,1,,gx-no-cache=1489759976367 HTTP/1.1" 200 3823
186.103.157.98 - - [17/Mar/2017:11:11:49 -0300] "POST /cormun/servlet/solicitudotadjuntos?gx-no-cache=1489759979625 HTTP/1.1" 200 26
186.67.84.234 - - [17/Mar/2017:11:11:49 -0300] "POST /cormun/servlet/solicitudot?gx-no-cache=1489759977662 HTTP/1.1" 200 30
186.67.84.234 - - [17/Mar/2017:11:11:56 -0300] "POST /cormun/servlet/solicitudot?gx-no-cache=1489759984331 HTTP/1.1" 200 235
186.67.84.234 - - [17/Mar/2017:11:11:56 -0300] "POST /cormun/servlet/solicitudot?gx-no-cache=1489759984712 HTTP/1.1" 200 38
186.103.157.98 - - [17/Mar/2017:11:12:00 -0300] "GET /cormun/servlet/solicitudotadjuntos?84f0ff2a736ab045a06d843d752257cf57aed71860e7340ce517e89a3068b5a9,gx-no-cache=1489759990867 HTTP/1.1" 200 30
186.103.157.98 - - [17/Mar/2017:11:12:00 -0300] "GET /cormun/servlet/solicitudotadjuntos?84f0ff2a736ab045a06d843d752257cf57aed71860e7340ce517e89a3068b5a9,gx-no-cache=1489759990898 HTTP/1.1" 200 30
186.103.157.98 - - [17/Mar/2017:11:12:02 -0300] "POST /cormun/servlet/solicitudotadjuntos?7d58d9cc60333a0856e7e3512ae518d8,INS,2017,5615,,1, HTTP/1.1" 200 116
186.103.157.98 - - [17/Mar/2017:11:12:02 -0300] "GET /cormun/servlet/hpexe_return? HTTP/1.1" 200 1016
186.103.157.98 - - [17/Mar/2017:11:12:03 -0300] "GET /cormun/servlet/trsolicitudadjuntos?2017,5615, HTTP/1.1" 200 9079
186.103.157.98 - - [17/Mar/2017:11:12:04 -0300] "GET /cormun/servlet/trsolicitudadjuntos?2017,5615, HTTP/1.1" 200 9075
186.67.84.234 - - [17/Mar/2017:11:12:05 -0300] "GET /cormun/servlet/solicitudot?6c6038c0e6fd7a925a0a2dc9c87e6ce3bc2801de61a620fe3e91f9677283a0357b206677acf4e9248f83439a66ef6fdc9415801f5a0ed9145a0bd6e3678901ade6d995a822d981d9942ff1962a7d1a806d7ef24bf32d45059bb82986092fd9d023d2327524551d300dfdfef324e719c8,gx-no-cache=1489759993922 HTTP/1.1" 200 29
186.67.84.234 - - [17/Mar/2017:11:12:05 -0300] "POST /cormun/servlet/solicitudot?gx-no-cache=1489759994011 HTTP/1.1" 200 643
186.67.84.234 - - [17/Mar/2017:11:12:07 -0300] "POST /cormun/servlet/solicitudot?gx-no-cache=1489759995906 HTTP/1.1" 200 1157
186.103.157.98 - - [17/Mar/2017:11:12:07 -0300] "POST /cormun/servlet/trsolicitudadjuntos?7d58d9cc60333a0856e7e3512ae518d8,2017,5615,,gx-no-cache=1489759998097 HTTP/1.1" 200 90
186.103.157.98 - - [17/Mar/2017:11:12:07 -0300] "GET /cormun/servlet/hpexe_link HTTP/1.1" 200 960
186.103.157.98 - - [17/Mar/2017:11:12:08 -0300] "GET /cormun/servlet/trsolicitudot HTTP/1.1" 200 8709
186.103.157.98 - - [17/Mar/2017:11:12:08 -0300] "GET /cormun/servlet/trsolicitudot HTTP/1.1" 200 8708
186.103.157.235 - - [17/Mar/2017:11:12:14 -0300] "POST /cormun/servlet/licenciaspermisosadjuntos?dba6c462a6f5c91d9a7ab8ba6c453bec,INS,18645705,L,20170316000000,, HTTP/1.1" 200 116
186.103.157.235 - - [17/Mar/2017:11:12:14 -0300] "GET /cormun/servlet/hpexe_return? HTTP/1.1" 200 1047
186.103.157.235 - - [17/Mar/2017:11:12:14 -0300] "GET /cormun/servlet/trlicenciaspermisosadjuntos?18645705,20170316000000,L, HTTP/1.1" 200 6805
186.103.157.235 - - [17/Mar/2017:11:12:15 -0300] "GET /cormun/servlet/trlicenciaspermisosadjuntos?18645705,20170316000000,L, HTTP/1.1" 200 6802
186.103.157.98 - - [17/Mar/2017:11:12:18 -0300] "POST /cormun/servlet/trsolicitudot?7d58d9cc60333a0856e7e3512ae518d8,gx-no-cache=1489760008198 HTTP/1.1" 200 5465
186.103.157.98 - - [17/Mar/2017:11:12:18 -0300] "GET /cormun/static/Shared/jqueryui/images/ui-bg_highlight-soft_100_c6c2c8_1x100.png HTTP/1.1" 404 1117
186.103.157.98 - - [17/Mar/2017:11:12:18 -0300] "GET /cormun/static/Shared/jqueryui/images/ui-icons_82798d_256x240.png HTTP/1.1" 404 1089
186.103.157.98 - - [17/Mar/2017:11:12:18 -0300] "GET /cormun/static/Shared/jqueryui/images/ui-bg_flat_55_fafafa_40x100.png HTTP/1.1" 404 1097
186.103.157.98 - - [17/Mar/2017:11:12:18 -0300] "GET /cormun/static/Shared/jqueryui/images/ui-icons_8d78a5_256x240.png HTTP/1.1" 404 1089
186.103.157.98 - - [17/Mar/2017:11:12:18 -0300] "POST /cormun/servlet/trsolicitudot?7d58d9cc60333a0856e7e3512ae518d8,gx-no-cache=1489760008444 HTTP/1.1" 200 5408
186.103.157.235 - - [17/Mar/2017:11:12:19 -0300] "POST /cormun/servlet/trlicenciaspermisosadjuntos?dba6c462a6f5c91d9a7ab8ba6c453bec,18645705,20170316000000,L,,gx-no-cache=1489760183557 HTTP/1.1" 200 90
186.103.157.235 - - [17/Mar/2017:11:12:19 -0300] "GET /cormun/servlet/hpexe_link HTTP/1.1" 200 989
186.103.157.235 - - [17/Mar/2017:11:12:19 -0300] "GET /cormun/static/hpexe_link.js?20173151304590 HTTP/1.1" 200 625
186.103.157.235 - - [17/Mar/2017:11:12:20 -0300] "GET /cormun/servlet/trlicencias HTTP/1.1" 200 7995
186.103.157.235 - - [17/Mar/2017:11:12:20 -0300] "GET /cormun/servlet/trlicencias HTTP/1.1" 200 7993
186.103.157.235 - - [17/Mar/2017:11:12:26 -0300] "POST /cormun/servlet/trlicencias?dba6c462a6f5c91d9a7ab8ba6c453bec,gx-no-cache=1489760190924 HTTP/1.1" 200 4243
186.103.157.235 - - [17/Mar/2017:11:12:26 -0300] "GET /cormun/static/Shared/jqueryui/images/ui-bg_highlight-soft_100_c6c2c8_1x100.png HTTP/1.1" 404 1117
186.103.157.235 - - [17/Mar/2017:11:12:26 -0300] "GET /cormun/static/Shared/jqueryui/images/ui-icons_82798d_256x240.png HTTP/1.1" 404 1089
186.103.157.235 - - [17/Mar/2017:11:12:26 -0300] "GET /cormun/static/Shared/jqueryui/images/ui-icons_8d78a5_256x240.png HTTP/1.1" 404 1089
186.103.157.235 - - [17/Mar/2017:11:12:26 -0300] "GET /cormun/static/Shared/jqueryui/images/ui-bg_flat_55_fafafa_40x100.png HTTP/1.1" 404 1097
186.103.157.235 - - [17/Mar/2017:11:12:34 -0300] "GET /cormun/servlet/trinasistencia? HTTP/1.1" 200 6738
186.103.157.235 - - [17/Mar/2017:11:12:34 -0300] "GET /cormun/static/gxcfg.js?20173151362944 HTTP/1.1" 200 953
186.103.157.235 - - [17/Mar/2017:11:12:34 -0300] "GET /cormun/static/trinasistencia.js?20173151363346 HTTP/1.1" 200 31481
186.103.157.235 - - [17/Mar/2017:11:12:34 -0300] "GET /cormun/servlet/trinasistencia? HTTP/1.1" 200 6739
192.168.10.96 - - [17/Mar/2017:11:12:36 -0300] "GET /cormun/servlet/vesolicitudnombre?2017,5270,,SolicitudOTAdjuntos HTTP/1.1" 200 10233
192.168.10.96 - - [17/Mar/2017:11:12:37 -0300] "GET /cormun/servlet/vesolicitudnombre?2017,5270,,SolicitudOTAdjuntos HTTP/1.1" 200 10234
192.168.10.96 - - [17/Mar/2017:11:12:37 -0300] "POST /cormun/servlet/acontrolpreferencessavestate?None,DZAMUDIO,true HTTP/1.1" 200 35
192.168.10.96 - - [17/Mar/2017:11:12:38 -0300] "GET /cormun/servlet/trconsultaempleado? HTTP/1.1" 200 6562
192.168.10.96 - - [17/Mar/2017:11:12:38 -0300] "GET /cormun/servlet/trconsultaempleado? HTTP/1.1" 200 6545
186.103.157.235 - - [17/Mar/2017:11:12:40 -0300] "GET /cormun/servlet/inasistencia?INS,0, HTTP/1.1" 200 6678
186.103.157.235 - - [17/Mar/2017:11:12:40 -0300] "GET /cormun/static/gxcfg.js?201731512563698 HTTP/1.1" 200 953
186.103.157.98 - - [17/Mar/2017:11:12:40 -0300] "POST /cormun/servlet/trsolicitudot?7d58d9cc60333a0856e7e3512ae518d8,gx-no-cache=1489760030175 HTTP/1.1" 200 90
186.103.157.98 - - [17/Mar/2017:11:12:40 -0300] "GET /cormun/servlet/hpexe_link HTTP/1.1" 200 948
186.103.157.235 - - [17/Mar/2017:11:12:40 -0300] "GET /cormun/static/inasistencia.js?201731512563750 HTTP/1.1" 200 25055
192.168.10.89 - - [17/Mar/2017:11:12:40 -0300] "POST /cormun/servlet/trsolicitudgral?fbd7a8bf6f3bb1ca6f7d391e164ada6f,,gx-no-cache=1489763241878 HTTP/1.1" 200 5393
186.103.157.98 - - [17/Mar/2017:11:12:40 -0300] "GET /cormun/servlet/hhome HTTP/1.1" 200 4000
186.103.157.235 - - [17/Mar/2017:11:12:40 -0300] "GET /cormun/servlet/inasistencia?INS,0, HTTP/1.1" 200 6679
186.103.157.98 - - [17/Mar/2017:11:12:40 -0300] "GET /cormun/servlet/hhome HTTP/1.1" 200 3996
192.168.10.89 - - [17/Mar/2017:11:12:45 -0300] "POST /cormun/servlet/trsolicitudgral?fbd7a8bf6f3bb1ca6f7d391e164ada6f,,gx-no-cache=1489763246874 HTTP/1.1" 200 5395
192.168.10.96 - - [17/Mar/2017:11:12:47 -0300] "POST /cormun/servlet/trconsultaempleado?6b2310dc7ed7289c9b84a53864c617c2,,gx-no-cache=1489763249212 HTTP/1.1" 200 4350
192.168.10.96 - - [17/Mar/2017:11:12:49 -0300] "GET /cormun/servlet/trsolicitudnombre?14374979, HTTP/1.1" 200 7628
192.168.10.96 - - [17/Mar/2017:11:12:49 -0300] "GET /cormun/servlet/trsolicitudnombre?14374979, HTTP/1.1" 200 7631
186.103.157.235 - - [17/Mar/2017:11:12:54 -0300] "GET /cormun/servlet/inasistencia?6c2a88d51456b191495ab80e65fac505fae1d21d96adb3d8501359f6997094732072b78acec2fd1ca895521d7d47ca591a7c0992b05429e1cb10b0cb85ca0e4336fb8fda6d973da2afa65a6d226432a0442b833fb5ff904ddf53b6abd50518d9bcac656753f12cd56e5e46b1b6396a84a1571b1da9825d038ddd57e5108bf139871fd8cd64f96183d3ca2b71f5ba505ba541af34300502847eed6bae80e9b339,gx-no-cache=1489760219371 HTTP/1.1" 200 124
186.103.157.235 - - [17/Mar/2017:11:12:54 -0300] "GET /cormun/static/menuarrow.gif HTTP/1.1" 404 1015
192.168.10.96 - - [17/Mar/2017:11:12:56 -0300] "GET /cormun/servlet/vesolicitudnombre?2017,5367,, HTTP/1.1" 200 8365
192.168.10.96 - - [17/Mar/2017:11:12:56 -0300] "GET /cormun/pexe_scrolldiv.js HTTP/1.1" 404 1009
192.168.10.96 - - [17/Mar/2017:11:12:56 -0300] "GET /cormun/pexe_scrolldiv.js HTTP/1.1" 404 1009
192.168.10.96 - - [17/Mar/2017:11:12:56 -0300] "GET /cormun/servlet/vesolicitudnombre?2017,5367,, HTTP/1.1" 200 8358
192.168.10.96 - - [17/Mar/2017:11:12:59 -0300] "GET /cormun/servlet/vesolicitudnombre?2017,5367,,SolicitudOTAdjuntos HTTP/1.1" 200 9390
192.168.10.96 - - [17/Mar/2017:11:12:59 -0300] "GET /cormun/pexe_scrolldiv.js HTTP/1.1" 404 1009
192.168.10.96 - - [17/Mar/2017:11:12:59 -0300] "GET /cormun/pexe_scrolldiv.js HTTP/1.1" 404 1009
192.168.10.96 - - [17/Mar/2017:11:13:00 -0300] "GET /cormun/servlet/vesolicitudnombre?2017,5367,,SolicitudOTAdjuntos HTTP/1.1" 200 9390
192.168.10.96 - - [17/Mar/2017:11:13:00 -0300] "POST /cormun/servlet/acontrolpreferencessavestate?None,DZAMUDIO,true HTTP/1.1" 200 35
192.168.10.96 - - [17/Mar/2017:11:13:02 -0300] "GET /cormun/PublicTempStorage/c._ant._liseth_olmos4284336.pdf HTTP/1.1" 200 322477
186.67.84.234 - - [17/Mar/2017:11:13:27 -0300] "GET /cormun/servlet/solicitudot?6c6038c0e6fd7a925a0a2dc9c87e6ce3aadf409addb76d771cc9286654705247fa4bc3b232a3fab1b869d911f84719df0869c90c3de9e853c666ba52983a4f02acdf6ea98a9ae3b9a733ac2663b386e398cbec868dc7354faeff40a33ac074e6679be3aa81f7269dad03312b6a6b15496e1a02217ff26441cb410dfcc04835b853d7505a963895c518f816c852e2e16f9df994d666ab7864c5d9fbf76400437767305b94534f22f298f2290e8480d725,gx-no-cache=1489760075424 HTTP/1.1" 200 30
186.67.84.234 - - [17/Mar/2017:11:13:27 -0300] "POST /cormun/servlet/solicitudot?711adf195a27c45cb218940bef6a594a,INS,0,0,,gx-no-cache=1489760075607 HTTP/1.1" 200 93
186.67.84.234 - - [17/Mar/2017:11:13:27 -0300] "GET /cormun/servlet/hpexe_return? HTTP/1.1" 200 1004
186.67.84.234 - - [17/Mar/2017:11:13:27 -0300] "GET /cormun/servlet/trsolicitudot HTTP/1.1" 200 8173
186.67.84.234 - - [17/Mar/2017:11:13:28 -0300] "GET /cormun//static/Resources/PXTools/ActionInsert.png HTTP/1.1" 200 1482
186.67.84.234 - - [17/Mar/2017:11:13:28 -0300] "GET /cormun//static/Resources/PXToolsActionView.png HTTP/1.1" 200 2995
186.67.84.234 - - [17/Mar/2017:11:13:28 -0300] "GET /cormun//static/Resources/PXToolsGridUpdate.png HTTP/1.1" 200 2984
186.67.84.234 - - [17/Mar/2017:11:13:28 -0300] "GET /cormun//static/Resources/PXToolsGridDelete.png HTTP/1.1" 200 357
186.67.84.234 - - [17/Mar/2017:11:13:28 -0300] "GET /cormun//static/Resources/PXToolsRemoveAllAction.png HTTP/1.1" 200 3558
186.67.84.234 - - [17/Mar/2017:11:13:28 -0300] "GET /cormun/servlet/trsolicitudot HTTP/1.1" 200 8169
186.67.84.234 - - [17/Mar/2017:11:13:36 -0300] "POST /cormun/servlet/trsolicitudot?711adf195a27c45cb218940bef6a594a,gx-no-cache=1489760084740 HTTP/1.1" 200 107
186.67.84.234 - - [17/Mar/2017:11:13:36 -0300] "GET /cormun/servlet/trsolicitudadjuntos?2017,5617, HTTP/1.1" 200 6062
186.67.84.234 - - [17/Mar/2017:11:13:36 -0300] "GET /cormun/static/gxcfg.js?20173151321943 HTTP/1.1" 200 953
186.103.157.235 - - [17/Mar/2017:11:13:36 -0300] "GET /cormun/servlet/inasistencia?6c2a88d51456b191495ab80e65fac5059cd637a682e8aa364abb2c3cdd2e2650bff576b1c031df4772ad932f8395fa97,gx-no-cache=1489760261754 HTTP/1.1" 200 33
186.67.84.234 - - [17/Mar/2017:11:13:36 -0300] "GET /cormun/static/trsolicitudadjuntos.js?20173151322278 HTTP/1.1" 200 17913
186.67.84.234 - - [17/Mar/2017:11:13:37 -0300] "GET /cormun/servlet/trsolicitudadjuntos?2017,5617, HTTP/1.1" 200 6062
186.103.157.235 - - [17/Mar/2017:11:13:40 -0300] "GET /cormun/servlet/inasistencia?6c2a88d51456b191495ab80e65fac505282ac6f254246bac4a97e22b1b38a2795944be9f1c5f233920e63219a00b0d75e694b7831e2e734ea37d8f76476ef231832eb5a3b24a3948ff6f86b8d4e9bbe097fd0938c5c97bdd777440dafee862de77e104c752c0dba6c2a65a10e56e534f670c549cce65c9f1be2d9e478fc13a9e1bec84914c6201b210410b81977e8c54106e55f35367b2d33658d32be90613b8,gx-no-cache=1489760264977 HTTP/1.1" 200 46
186.67.84.234 - - [17/Mar/2017:11:13:41 -0300] "GET /cormun/servlet/trsolicitudot? HTTP/1.1" 200 8175
186.67.84.234 - - [17/Mar/2017:11:13:42 -0300] "GET /cormun/servlet/trsolicitudot? HTTP/1.1" 200 8169
186.67.84.234 - - [17/Mar/2017:11:13:47 -0300] "POST /cormun/servlet/trsolicitudot?711adf195a27c45cb218940bef6a594a,,gx-no-cache=1489760095133 HTTP/1.1" 200 4354
186.67.84.234 - - [17/Mar/2017:11:13:47 -0300] "GET /cormun/static/Shared/jqueryui/images/ui-bg_highlight-soft_100_c6c2c8_1x100.png HTTP/1.1" 404 1117
186.67.84.234 - - [17/Mar/2017:11:13:47 -0300] "GET /cormun/static/Shared/jqueryui/images/ui-icons_82798d_256x240.png HTTP/1.1" 404 1089
186.67.84.234 - - [17/Mar/2017:11:13:47 -0300] "GET /cormun/static/Shared/jqueryui/images/ui-bg_flat_55_fafafa_40x100.png HTTP/1.1" 404 1097
186.67.84.234 - - [17/Mar/2017:11:13:47 -0300] "GET /cormun/static/Shared/jqueryui/images/ui-icons_8d78a5_256x240.png HTTP/1.1" 404 1089
186.67.84.234 - - [17/Mar/2017:11:13:47 -0300] "POST /cormun/servlet/trsolicitudot?711adf195a27c45cb218940bef6a594a,,gx-no-cache=1489760095863 HTTP/1.1" 200 4133
186.103.157.235 - - [17/Mar/2017:11:13:57 -0300] "POST /cormun/servlet/inasistencia?dba6c462a6f5c91d9a7ab8ba6c453bec,INS,0,,gx-no-cache=1489760282484 HTTP/1.1" 200 93
186.103.157.235 - - [17/Mar/2017:11:13:57 -0300] "GET /cormun/servlet/hpexe_return? HTTP/1.1" 200 1010
186.103.157.235 - - [17/Mar/2017:11:13:57 -0300] "GET /cormun/servlet/trinasistencia HTTP/1.1" 200 7554
186.103.157.235 - - [17/Mar/2017:11:13:58 -0300] "GET /cormun/servlet/trinasistencia HTTP/1.1" 200 7550
186.103.157.235 - - [17/Mar/2017:11:14:13 -0300] "POST /cormun/servlet/trinasistencia?dba6c462a6f5c91d9a7ab8ba6c453bec,gx-no-cache=1489760298642 HTTP/1.1" 200 4165
186.103.157.235 - - [17/Mar/2017:11:14:14 -0300] "GET /cormun/static/Shared/jqueryui/images/ui-bg_highlight-soft_100_c6c2c8_1x100.png HTTP/1.1" 404 1117
186.103.157.235 - - [17/Mar/2017:11:14:14 -0300] "GET /cormun/static/Shared/jqueryui/images/ui-icons_82798d_256x240.png HTTP/1.1" 404 1089
186.103.157.235 - - [17/Mar/2017:11:14:14 -0300] "GET /cormun/static/Shared/jqueryui/images/ui-bg_flat_55_fafafa_40x100.png HTTP/1.1" 404 1097
186.103.157.235 - - [17/Mar/2017:11:14:14 -0300] "GET /cormun/static/Shared/jqueryui/images/ui-icons_8d78a5_256x240.png HTTP/1.1" 404 1089
186.103.157.235 - - [17/Mar/2017:11:14:48 -0300] "GET /cormun/servlet/trpermisosgoce? HTTP/1.1" 200 8433
186.103.157.235 - - [17/Mar/2017:11:14:48 -0300] "GET /cormun/static/gxcfg.js?2017315135730 HTTP/1.1" 200 953
186.103.157.235 - - [17/Mar/2017:11:14:48 -0300] "GET /cormun/static/trpermisosgoce.js?20173151351159 HTTP/1.1" 200 31909
186.103.157.235 - - [17/Mar/2017:11:14:49 -0300] "GET /cormun/servlet/trpermisosgoce? HTTP/1.1" 200 8433
186.103.157.235 - - [17/Mar/2017:11:14:59 -0300] "GET /cormun/servlet/permisogoce?INS,0,,, HTTP/1.1" 200 6721
186.103.157.235 - - [17/Mar/2017:11:14:59 -0300] "GET /cormun/static/gxcfg.js?20173151255406 HTTP/1.1" 200 953
186.103.157.235 - - [17/Mar/2017:11:14:59 -0300] "GET /cormun/static/permisogoce.js?201731512554075 HTTP/1.1" 200 26147
186.103.157.235 - - [17/Mar/2017:11:14:59 -0300] "GET /cormun/servlet/permisogoce?INS,0,,, HTTP/1.1" 200 6722
186.103.157.235 - - [17/Mar/2017:11:15:10 -0300] "GET /cormun/servlet/prfichaempleado?,MD,,gxPopupLevel%3D0%3B HTTP/1.1" 200 8838
186.103.157.235 - - [17/Mar/2017:11:15:10 -0300] "GET /cormun/static/gxcfg.js?2016102420561687 HTTP/1.1" 200 953
186.103.157.235 - - [17/Mar/2017:11:15:11 -0300] "GET /cormun/static/hmpwkw011.js?20173151304635 HTTP/1.1" 200 1968
186.103.157.235 - - [17/Mar/2017:11:15:19 -0300] "POST /cormun/servlet/prfichaempleado?dba6c462a6f5c91d9a7ab8ba6c453bec,,MD,,gxPopupLevel%3D0%3B,gx-no-cache=1489760364157 HTTP/1.1" 200 3471
186.103.157.235 - - [17/Mar/2017:11:15:50 -0300] "GET /cormun/servlet/permisogoce?6a31f70449eae9fc3fc70f88c2c43dd419dfe9a658f8197d8fbea638dc63c3de625ec21eb76331e1b46da15b2065b84f,gx-no-cache=1489760395375 HTTP/1.1" 200 75
186.103.157.235 - - [17/Mar/2017:11:15:50 -0300] "GET /cormun/static/menuarrow.gif HTTP/1.1" 404 1015
186.103.159.44 - - [17/Mar/2017:11:16:06 -0300] "GET /cormun/servlet/licenciaspermisos?INS,0,,, HTTP/1.1" 200 7134
186.103.157.235 - - [17/Mar/2017:11:16:08 -0300] "GET /cormun/servlet/permisogoce?6a31f70449eae9fc3fc70f88c2c43dd40c31edf278b0078728a11f91f36843b10a7c1be5ed6d160283f30f0185c7ff38922f8f176d6e6b06d9f234f980107813,gx-no-cache=1489760413449 HTTP/1.1" 200 47
186.103.157.235 - - [17/Mar/2017:11:16:36 -0300] "POST /cormun/servlet/permisogoce?dba6c462a6f5c91d9a7ab8ba6c453bec,INS,0,,,,gx-no-cache=1489760441554 HTTP/1.1" 200 93
186.103.157.235 - - [17/Mar/2017:11:16:36 -0300] "GET /cormun/servlet/hpexe_return? HTTP/1.1" 200 1014
186.103.157.235 - - [17/Mar/2017:11:16:37 -0300] "GET /cormun/servlet/trpermisosgoce HTTP/1.1" 200 8678
186.103.157.235 - - [17/Mar/2017:11:16:37 -0300] "GET /cormun/servlet/trpermisosgoce HTTP/1.1" 200 8674
186.103.159.44 - - [17/Mar/2017:11:16:48 -0300] "GET /cormun/servlet/licenciaspermisos?b409aa4c4901b2ea7adac246cb9577262f516825daa91867cc3643bab81c0c16f159badfdca398fbec3d21c2290e0755,gx-no-cache=1489760268362 HTTP/1.1" 200 68
186.103.159.44 - - [17/Mar/2017:11:16:48 -0300] "POST /cormun/servlet/licenciaspermisos?fe866230ba3fbbde3931e3dae5d6023a,INS,0,,,,gx-no-cache=1489760268468 HTTP/1.1" 200 4411
192.168.10.96 - - [17/Mar/2017:11:16:57 -0300] "GET /cormun/servlet/vesolicitudnombre?2017,5367,,SolicitudOTAdjuntos HTTP/1.1" 200 9395
192.168.10.96 - - [17/Mar/2017:11:16:58 -0300] "GET /cormun/servlet/vesolicitudnombre?2017,5367,,SolicitudOTAdjuntos HTTP/1.1" 200 9395
192.168.10.96 - - [17/Mar/2017:11:16:58 -0300] "POST /cormun/servlet/acontrolpreferencessavestate?None,DZAMUDIO,true HTTP/1.1" 200 35
192.168.10.96 - - [17/Mar/2017:11:16:59 -0300] "GET /cormun/servlet/trconsultaempleado? HTTP/1.1" 200 6568
192.168.10.96 - - [17/Mar/2017:11:16:59 -0300] "GET /cormun/servlet/trconsultaempleado? HTTP/1.1" 200 6551
186.103.159.44 - - [17/Mar/2017:11:17:08 -0300] "GET /cormun/static/menuarrow.gif HTTP/1.1" 404 1015
192.168.10.96 - - [17/Mar/2017:11:17:13 -0300] "POST /cormun/servlet/trconsultaempleado?6b2310dc7ed7289c9b84a53864c617c2,,gx-no-cache=1489763514767 HTTP/1.1" 200 4353
186.103.157.235 - - [17/Mar/2017:11:17:17 -0300] "GET /cormun/servlet/trpermisosadjuntos?9520836,20170317121118,P, HTTP/1.1" 200 6269
186.103.157.235 - - [17/Mar/2017:11:17:17 -0300] "GET /cormun/static/trpermisosadjuntos.js?20173151352322 HTTP/1.1" 200 20048
186.103.157.235 - - [17/Mar/2017:11:17:18 -0300] "GET /cormun/static/gxcfg.js?20173151352052 HTTP/1.1" 200 953
186.103.157.235 - - [17/Mar/2017:11:17:18 -0300] "GET /cormun/servlet/trpermisosadjuntos?9520836,20170317121118,P, HTTP/1.1" 200 6270
186.103.157.235 - - [17/Mar/2017:11:17:21 -0300] "GET /cormun/servlet/permisosadjuntos?INS,9520836,P,20170317121118,, HTTP/1.1" 200 5605
186.103.157.235 - - [17/Mar/2017:11:17:21 -0300] "GET /cormun/static/about:blank HTTP/1.1" 404 1011
186.103.157.235 - - [17/Mar/2017:11:17:21 -0300] "GET /cormun/servlet/permisosadjuntos?INS,9520836,P,20170317121118,, HTTP/1.1" 200 5594
192.168.10.96 - - [17/Mar/2017:11:17:23 -0300] "GET /cormun/servlet/trsolicitudnombre?13947371, HTTP/1.1" 200 7184
192.168.10.96 - - [17/Mar/2017:11:17:24 -0300] "GET /cormun/servlet/trsolicitudnombre?13947371, HTTP/1.1" 200 7184
192.168.10.96 - - [17/Mar/2017:11:17:26 -0300] "GET /cormun/servlet/vesolicitudnombre?2017,5428,, HTTP/1.1" 200 8384
192.168.10.96 - - [17/Mar/2017:11:17:26 -0300] "GET /cormun/pexe_scrolldiv.js HTTP/1.1" 404 1009
192.168.10.96 - - [17/Mar/2017:11:17:26 -0300] "GET /cormun/pexe_scrolldiv.js HTTP/1.1" 404 1009
192.168.10.96 - - [17/Mar/2017:11:17:27 -0300] "GET /cormun/servlet/vesolicitudnombre?2017,5428,, HTTP/1.1" 200 8378
192.168.10.96 - - [17/Mar/2017:11:17:28 -0300] "GET /cormun/servlet/vesolicitudnombre?2017,5428,,SolicitudOTAdjuntos HTTP/1.1" 200 10230
192.168.10.96 - - [17/Mar/2017:11:17:28 -0300] "GET /cormun/pexe_scrolldiv.js HTTP/1.1" 404 1009
192.168.10.96 - - [17/Mar/2017:11:17:28 -0300] "GET /cormun/pexe_scrolldiv.js HTTP/1.1" 404 1009
192.168.10.96 - - [17/Mar/2017:11:17:29 -0300] "GET /cormun/servlet/vesolicitudnombre?2017,5428,,SolicitudOTAdjuntos HTTP/1.1" 200 10232
192.168.10.96 - - [17/Mar/2017:11:17:30 -0300] "POST /cormun/servlet/acontrolpreferencessavestate?None,DZAMUDIO,true HTTP/1.1" 200 35
192.168.10.96 - - [17/Mar/2017:11:17:31 -0300] "GET /cormun/PublicTempStorage/carnet_%281%299641538.pdf HTTP/1.1" 200 22682
192.168.10.96 - - [17/Mar/2017:11:17:37 -0300] "GET /cormun/servlet/vesolicitudnombre?2017,5428,,SolicitudOTAdjuntos HTTP/1.1" 200 10229
192.168.10.96 - - [17/Mar/2017:11:17:37 -0300] "GET /cormun/servlet/vesolicitudnombre?2017,5428,,SolicitudOTAdjuntos HTTP/1.1" 200 10231
192.168.10.96 - - [17/Mar/2017:11:17:38 -0300] "POST /cormun/servlet/acontrolpreferencessavestate?None,DZAMUDIO,true HTTP/1.1" 200 35
192.168.10.96 - - [17/Mar/2017:11:17:39 -0300] "GET /cormun/PublicTempStorage/certificado_cotizaciones_%281%295784069.pdf HTTP/1.1" 200 80301
192.168.10.96 - - [17/Mar/2017:11:17:44 -0300] "GET /cormun/servlet/vesolicitudnombre?2017,5428,,SolicitudOTAdjuntos HTTP/1.1" 200 10227
192.168.10.96 - - [17/Mar/2017:11:17:45 -0300] "GET /cormun/servlet/vesolicitudnombre?2017,5428,,SolicitudOTAdjuntos HTTP/1.1" 200 10233
192.168.10.96 - - [17/Mar/2017:11:17:45 -0300] "POST /cormun/servlet/acontrolpreferencessavestate?None,DZAMUDIO,true HTTP/1.1" 200 35
192.168.10.96 - - [17/Mar/2017:11:17:46 -0300] "GET /cormun/PublicTempStorage/afiliacion_isapre4402183.pdf HTTP/1.1" 200 117219
192.168.10.96 - - [17/Mar/2017:11:17:55 -0300] "GET /cormun/servlet/vesolicitudnombre?2017,5428,,SolicitudOTAdjuntos HTTP/1.1" 200 10232
192.168.10.96 - - [17/Mar/2017:11:17:55 -0300] "GET /cormun/servlet/vesolicitudnombre?2017,5428,,SolicitudOTAdjuntos HTTP/1.1" 200 10232
192.168.10.96 - - [17/Mar/2017:11:17:56 -0300] "POST /cormun/servlet/acontrolpreferencessavestate?None,DZAMUDIO,true HTTP/1.1" 200 35
192.168.10.96 - - [17/Mar/2017:11:17:56 -0300] "GET /cormun/PublicTempStorage/certificado_antecedentes6536628.pdf HTTP/1.1" 200 34471
186.103.157.235 - - [17/Mar/2017:11:17:57 -0300] "POST /cormun/servlet/permisosadjuntos?dba6c462a6f5c91d9a7ab8ba6c453bec,INS,9520836,P,20170317121118,, HTTP/1.1" 200 6481
192.168.10.96 - - [17/Mar/2017:11:18:01 -0300] "GET /cormun/servlet/vesolicitudnombre?2017,5428,,SolicitudOTAdjuntos HTTP/1.1" 200 10227
192.168.10.96 - - [17/Mar/2017:11:18:02 -0300] "GET /cormun/servlet/vesolicitudnombre?2017,5428,,SolicitudOTAdjuntos HTTP/1.1" 200 10231
192.168.10.96 - - [17/Mar/2017:11:18:03 -0300] "POST /cormun/servlet/acontrolpreferencessavestate?None,DZAMUDIO,true HTTP/1.1" 200 35
192.168.10.96 - - [17/Mar/2017:11:18:04 -0300] "GET /cormun/PublicTempStorage/curriculum_patricia_%281%2913679.pdf HTTP/1.1" 200 256510
