200.111.191.210 - - [17/Mar/2017:13:53:52 -0300] "GET /cormun/servlet/trsolicitudot? HTTP/1.1" 200 6663
200.111.191.210 - - [17/Mar/2017:13:53:52 -0300] "GET /cormun/static/gxcfg.js?201731711505139 HTTP/1.1" 200 953
186.103.157.235 - - [17/Mar/2017:13:53:52 -0300] "GET /cormun/static/trsolicitudadjuntos.js?201731711504951 HTTP/1.1" 200 17913
200.111.191.210 - - [17/Mar/2017:13:53:53 -0300] "GET /cormun/static/trsolicitudot.js?20173171151116 HTTP/1.1" 200 53117
186.103.157.235 - - [17/Mar/2017:13:53:53 -0300] "GET /cormun/servlet/trsolicitudadjuntos?2017,5626, HTTP/1.1" 200 6058
186.103.157.235 - - [17/Mar/2017:13:53:55 -0300] "GET /cormun/servlet/solicitudotadjuntos?INS,2017,5626,,1, HTTP/1.1" 200 5994
186.103.157.235 - - [17/Mar/2017:13:53:55 -0300] "GET /cormun/static/about:blank HTTP/1.1" 404 1011
186.103.157.235 - - [17/Mar/2017:13:53:55 -0300] "GET /cormun/servlet/solicitudotadjuntos?INS,2017,5626,,1, HTTP/1.1" 200 5987
186.103.157.235 - - [17/Mar/2017:13:53:56 -0300] "GET /cormun/servlet/solicitudotadjuntos?6e53b95f4b14c114d9f1efe6df925b944530831178f89d2fbda2850ed685773bd8827fae3a857f89f98c0640ffac4f72,gx-no-cache=1489769881378 HTTP/1.1" 200 30
186.103.157.235 - - [17/Mar/2017:13:53:56 -0300] "POST /cormun/servlet/solicitudotadjuntos?c1f914b92d574d7a45a8516d71ad3fc4,INS,2017,5626,,1,,gx-no-cache=1489769881478 HTTP/1.1" 200 3863
186.103.157.235 - - [17/Mar/2017:13:53:58 -0300] "POST /cormun/servlet/solicitudotadjuntos?gx-no-cache=1489769883707 HTTP/1.1" 200 26
192.168.10.96 - - [17/Mar/2017:13:54:01 -0300] "GET /cormun/servlet/trsolicitudgral? HTTP/1.1" 200 9735
192.168.10.96 - - [17/Mar/2017:13:54:01 -0300] "GET /cormun/static/Resources/Spanish/PXTools.css?18365030 HTTP/1.1" 304 -
192.168.10.96 - - [17/Mar/2017:13:54:01 -0300] "GET /cormun/static/gxcfg.js?201732110400 HTTP/1.1" 304 -
192.168.10.96 - - [17/Mar/2017:13:54:01 -0300] "GET /cormun/static/messages.spa.js?85251 HTTP/1.1" 304 -
192.168.10.96 - - [17/Mar/2017:13:54:01 -0300] "GET /cormun/static/trsolicitudgral.js?2017321104863 HTTP/1.1" 304 -
192.168.10.96 - - [17/Mar/2017:13:54:01 -0300] "GET /cormun/static/hwchdr01.js?201731711335950 HTTP/1.1" 304 -
192.168.10.96 - - [17/Mar/2017:13:54:01 -0300] "GET /cormun/static/hpexe_recentlink.js?201610171694390 HTTP/1.1" 304 -
192.168.10.96 - - [17/Mar/2017:13:54:01 -0300] "GET /cormun/static/hpexe_scripts.js?201731711335890 HTTP/1.1" 304 -
192.168.10.96 - - [17/Mar/2017:13:54:01 -0300] "GET /cormun/static/hpexe_messagecontroller.js?201610171694323 HTTP/1.1" 304 -
192.168.10.96 - - [17/Mar/2017:13:54:01 -0300] "GET /cormun/static/hpexe_messagepopupcomponent.js?20161017169425 HTTP/1.1" 304 -
192.168.10.96 - - [17/Mar/2017:13:54:01 -0300] "GET /cormun/static/hpexe_messagegenexuscomponent.js?201731711335537 HTTP/1.1" 304 -
192.168.10.96 - - [17/Mar/2017:13:54:01 -0300] "GET /cormun/static/cmcontrolpreferences.js?201731711335852 HTTP/1.1" 304 -
192.168.10.96 - - [17/Mar/2017:13:54:01 -0300] "GET /cormun/static/hmpwkw03.js?201731711485354 HTTP/1.1" 304 -
192.168.10.96 - - [17/Mar/2017:13:54:02 -0300] "GET /cormun/servlet/trsolicitudgral? HTTP/1.1" 200 9734
186.103.157.235 - - [17/Mar/2017:13:54:09 -0300] "GET /cormun/servlet/solicitudotadjuntos?6e53b95f4b14c114d9f1efe6df925b9425050cafa6dc780c0fe6bf91f9c35998,gx-no-cache=1489769894027 HTTP/1.1" 200 30
186.103.157.235 - - [17/Mar/2017:13:54:09 -0300] "GET /cormun/servlet/solicitudotadjuntos?6e53b95f4b14c114d9f1efe6df925b9425050cafa6dc780c0fe6bf91f9c35998,gx-no-cache=1489769894774 HTTP/1.1" 200 30
200.112.2.48 - - [17/Mar/2017:13:54:10 -0300] "GET /cormun/servlet/hlogin HTTP/1.1" 200 1728
186.103.157.235 - - [17/Mar/2017:13:54:10 -0300] "POST /cormun/servlet/solicitudotadjuntos?c1f914b92d574d7a45a8516d71ad3fc4,INS,2017,5626,,1, HTTP/1.1" 200 116
186.103.157.235 - - [17/Mar/2017:13:54:11 -0300] "GET /cormun/servlet/hpexe_return? HTTP/1.1" 200 1029
186.103.157.235 - - [17/Mar/2017:13:54:11 -0300] "GET /cormun/servlet/trsolicitudadjuntos?2017,5626, HTTP/1.1" 200 8212
186.103.157.235 - - [17/Mar/2017:13:54:11 -0300] "GET /cormun/servlet/trsolicitudadjuntos?2017,5626, HTTP/1.1" 200 8189
192.168.10.96 - - [17/Mar/2017:13:54:14 -0300] "POST /cormun/servlet/trsolicitudgral?8f097fcf97250bca64fc32aa264b9ba9,,gx-no-cache=1489772935470 HTTP/1.1" 200 5417
186.103.157.235 - - [17/Mar/2017:13:54:14 -0300] "GET /cormun/servlet/solicitudotadjuntos?INS,2017,5626,,1, HTTP/1.1" 200 5994
186.103.157.235 - - [17/Mar/2017:13:54:15 -0300] "GET /cormun/static/about:blank HTTP/1.1" 404 1011
186.103.157.235 - - [17/Mar/2017:13:54:15 -0300] "GET /cormun/servlet/solicitudotadjuntos?INS,2017,5626,,1, HTTP/1.1" 200 5987
186.103.157.235 - - [17/Mar/2017:13:54:15 -0300] "GET /cormun/servlet/solicitudotadjuntos?6e53b95f4b14c114d9f1efe6df925b944530831178f89d2fbda2850ed685773bd8827fae3a857f89f98c0640ffac4f72,gx-no-cache=1489769900572 HTTP/1.1" 200 30
186.103.157.235 - - [17/Mar/2017:13:54:16 -0300] "POST /cormun/servlet/solicitudotadjuntos?c1f914b92d574d7a45a8516d71ad3fc4,INS,2017,5626,,1,,gx-no-cache=1489769900804 HTTP/1.1" 200 3863
192.168.10.96 - - [17/Mar/2017:13:54:17 -0300] "POST /cormun/servlet/trsolicitudgral?8f097fcf97250bca64fc32aa264b9ba9,,gx-no-cache=1489772938587 HTTP/1.1" 200 14797
200.111.191.210 - - [17/Mar/2017:13:54:17 -0300] "GET /cormun/servlet/solicitudot?INS,0,0, HTTP/1.1" 200 12522
186.103.157.235 - - [17/Mar/2017:13:54:19 -0300] "POST /cormun/servlet/solicitudotadjuntos?gx-no-cache=1489769904146 HTTP/1.1" 200 26
192.168.10.96 - - [17/Mar/2017:13:54:21 -0300] "POST /cormun/servlet/trsolicitudgral?8f097fcf97250bca64fc32aa264b9ba9,,gx-no-cache=1489772943237 HTTP/1.1" 200 11674
200.111.191.210 - - [17/Mar/2017:13:54:24 -0300] "POST /cormun/servlet/solicitudot?gx-no-cache=1489773243604 HTTP/1.1" 200 3081
200.111.191.210 - - [17/Mar/2017:13:54:24 -0300] "POST /cormun/servlet/solicitudot?3dea09dc9100dda32ef80e621a335c36,INS,0,0,,gx-no-cache=1489773243771 HTTP/1.1" 200 9678
200.111.191.210 - - [17/Mar/2017:13:54:26 -0300] "GET /cormun/servlet/solicitudot?c502d325b2c5e0f5eb2fd8f3e51004d6f7bf6207a9b5e8d3b9c71e46ea63fe91dae0ab885375bd12dd922874beb145b6,gx-no-cache=1489773246241 HTTP/1.1" 200 30
186.103.157.235 - - [17/Mar/2017:13:54:27 -0300] "GET /cormun/servlet/solicitudotadjuntos?6e53b95f4b14c114d9f1efe6df925b9425050cafa6dc780c0fe6bf91f9c35998,gx-no-cache=1489769912391 HTTP/1.1" 200 30
186.103.157.235 - - [17/Mar/2017:13:54:27 -0300] "GET /cormun/servlet/solicitudotadjuntos?6e53b95f4b14c114d9f1efe6df925b9425050cafa6dc780c0fe6bf91f9c35998,gx-no-cache=1489769912614 HTTP/1.1" 200 30
192.168.10.96 - - [17/Mar/2017:13:54:28 -0300] "POST /cormun/servlet/trsolicitudgral?8f097fcf97250bca64fc32aa264b9ba9,,gx-no-cache=1489772949458 HTTP/1.1" 200 7124
186.103.157.235 - - [17/Mar/2017:13:54:29 -0300] "POST /cormun/servlet/solicitudotadjuntos?c1f914b92d574d7a45a8516d71ad3fc4,INS,2017,5626,,1, HTTP/1.1" 200 116
186.103.157.235 - - [17/Mar/2017:13:54:30 -0300] "GET /cormun/servlet/hpexe_return? HTTP/1.1" 200 1029
186.103.157.235 - - [17/Mar/2017:13:54:30 -0300] "GET /cormun/servlet/trsolicitudadjuntos?2017,5626, HTTP/1.1" 200 8393
186.103.157.235 - - [17/Mar/2017:13:54:31 -0300] "GET /cormun/servlet/trsolicitudadjuntos?2017,5626, HTTP/1.1" 200 8394
186.103.157.235 - - [17/Mar/2017:13:54:34 -0300] "GET /cormun/servlet/solicitudotadjuntos?INS,2017,5626,,1, HTTP/1.1" 200 5995
186.103.157.235 - - [17/Mar/2017:13:54:34 -0300] "GET /cormun/static/about:blank HTTP/1.1" 404 1011
186.103.157.235 - - [17/Mar/2017:13:54:35 -0300] "GET /cormun/servlet/solicitudotadjuntos?INS,2017,5626,,1, HTTP/1.1" 200 5988
186.103.157.235 - - [17/Mar/2017:13:54:35 -0300] "GET /cormun/servlet/solicitudotadjuntos?6e53b95f4b14c114d9f1efe6df925b944530831178f89d2fbda2850ed685773bd8827fae3a857f89f98c0640ffac4f72,gx-no-cache=1489769920588 HTTP/1.1" 200 30
186.103.157.235 - - [17/Mar/2017:13:54:36 -0300] "POST /cormun/servlet/solicitudotadjuntos?c1f914b92d574d7a45a8516d71ad3fc4,INS,2017,5626,,1,,gx-no-cache=1489769920801 HTTP/1.1" 200 3864
186.103.157.235 - - [17/Mar/2017:13:54:39 -0300] "POST /cormun/servlet/solicitudotadjuntos?gx-no-cache=1489769924825 HTTP/1.1" 200 26
192.168.10.96 - - [17/Mar/2017:13:54:56 -0300] "POST /cormun/servlet/trsolicitudgral?8f097fcf97250bca64fc32aa264b9ba9,,gx-no-cache=1489772977975 HTTP/1.1" 200 9298
186.103.157.235 - - [17/Mar/2017:13:54:58 -0300] "GET /cormun/servlet/solicitudotadjuntos?6e53b95f4b14c114d9f1efe6df925b9425050cafa6dc780c0fe6bf91f9c35998,gx-no-cache=1489769943651 HTTP/1.1" 200 30
186.103.157.235 - - [17/Mar/2017:13:54:58 -0300] "GET /cormun/servlet/solicitudotadjuntos?6e53b95f4b14c114d9f1efe6df925b9425050cafa6dc780c0fe6bf91f9c35998,gx-no-cache=1489769943832 HTTP/1.1" 200 30
186.103.157.235 - - [17/Mar/2017:13:54:59 -0300] "POST /cormun/servlet/solicitudotadjuntos?c1f914b92d574d7a45a8516d71ad3fc4,INS,2017,5626,,1, HTTP/1.1" 200 116
186.103.157.235 - - [17/Mar/2017:13:54:59 -0300] "GET /cormun/servlet/hpexe_return? HTTP/1.1" 200 1029
186.103.157.235 - - [17/Mar/2017:13:55:00 -0300] "GET /cormun/servlet/trsolicitudadjuntos?2017,5626, HTTP/1.1" 200 8546
186.103.157.235 - - [17/Mar/2017:13:55:00 -0300] "GET /cormun/static/hwchdr01.js?201731711335950 HTTP/1.1" 304 -
186.103.157.235 - - [17/Mar/2017:13:55:00 -0300] "GET /cormun/static/hpexe_scripts.js?201731711335890 HTTP/1.1" 304 -
186.103.157.235 - - [17/Mar/2017:13:55:00 -0300] "GET /cormun/static/hpexe_messagegenexuscomponent.js?201731711335537 HTTP/1.1" 304 -
186.103.157.235 - - [17/Mar/2017:13:55:01 -0300] "GET /cormun/servlet/trsolicitudadjuntos?2017,5626, HTTP/1.1" 200 8546
186.103.157.235 - - [17/Mar/2017:13:55:03 -0300] "GET /cormun/servlet/solicitudotadjuntos?INS,2017,5626,,1, HTTP/1.1" 200 5995
192.168.10.96 - - [17/Mar/2017:13:55:04 -0300] "POST /cormun/servlet/trsolicitudgral?8f097fcf97250bca64fc32aa264b9ba9,,gx-no-cache=1489772985278 HTTP/1.1" 200 15756
186.103.157.235 - - [17/Mar/2017:13:55:04 -0300] "GET /cormun/static/cmcontrolpreferences.js?201731711335852 HTTP/1.1" 304 -
186.103.157.235 - - [17/Mar/2017:13:55:04 -0300] "GET /cormun/static/hmpwkw03.js?201731711485354 HTTP/1.1" 304 -
186.103.157.235 - - [17/Mar/2017:13:55:04 -0300] "GET /cormun/static/about:blank HTTP/1.1" 404 1011
186.103.157.235 - - [17/Mar/2017:13:55:04 -0300] "GET /cormun/servlet/solicitudotadjuntos?INS,2017,5626,,1, HTTP/1.1" 200 5988
186.103.157.235 - - [17/Mar/2017:13:55:05 -0300] "GET /cormun/servlet/solicitudotadjuntos?6e53b95f4b14c114d9f1efe6df925b944530831178f89d2fbda2850ed685773bd8827fae3a857f89f98c0640ffac4f72,gx-no-cache=1489769949927 HTTP/1.1" 200 30
186.103.157.235 - - [17/Mar/2017:13:55:05 -0300] "POST /cormun/servlet/solicitudotadjuntos?c1f914b92d574d7a45a8516d71ad3fc4,INS,2017,5626,,1,,gx-no-cache=1489769950179 HTTP/1.1" 200 3864
186.103.157.235 - - [17/Mar/2017:13:55:08 -0300] "POST /cormun/servlet/solicitudotadjuntos?gx-no-cache=1489769953240 HTTP/1.1" 200 26
186.103.157.235 - - [17/Mar/2017:13:55:16 -0300] "GET /cormun/servlet/solicitudotadjuntos?6e53b95f4b14c114d9f1efe6df925b9425050cafa6dc780c0fe6bf91f9c35998,gx-no-cache=1489769961410 HTTP/1.1" 200 30
186.103.157.235 - - [17/Mar/2017:13:55:16 -0300] "GET /cormun/servlet/solicitudotadjuntos?6e53b95f4b14c114d9f1efe6df925b9425050cafa6dc780c0fe6bf91f9c35998,gx-no-cache=1489769961631 HTTP/1.1" 200 30
186.103.157.235 - - [17/Mar/2017:13:55:23 -0300] "POST /cormun/servlet/solicitudotadjuntos?c1f914b92d574d7a45a8516d71ad3fc4,INS,2017,5626,,1, HTTP/1.1" 200 116
186.103.157.235 - - [17/Mar/2017:13:55:23 -0300] "GET /cormun/servlet/hpexe_return? HTTP/1.1" 200 1029
186.103.157.235 - - [17/Mar/2017:13:55:24 -0300] "GET /cormun/servlet/trsolicitudadjuntos?2017,5626, HTTP/1.1" 200 8682
186.103.157.235 - - [17/Mar/2017:13:55:25 -0300] "GET /cormun/servlet/trsolicitudadjuntos?2017,5626, HTTP/1.1" 200 8679
186.103.157.235 - - [17/Mar/2017:13:55:27 -0300] "GET /cormun/servlet/solicitudotadjuntos?INS,2017,5626,,1, HTTP/1.1" 200 5995
186.103.157.235 - - [17/Mar/2017:13:55:27 -0300] "GET /cormun/static/about:blank HTTP/1.1" 404 1011
186.103.157.235 - - [17/Mar/2017:13:55:27 -0300] "GET /cormun/servlet/solicitudotadjuntos?INS,2017,5626,,1, HTTP/1.1" 200 5988
186.103.157.235 - - [17/Mar/2017:13:55:28 -0300] "GET /cormun/servlet/solicitudotadjuntos?6e53b95f4b14c114d9f1efe6df925b944530831178f89d2fbda2850ed685773bd8827fae3a857f89f98c0640ffac4f72,gx-no-cache=1489769973287 HTTP/1.1" 200 30
186.103.157.235 - - [17/Mar/2017:13:55:29 -0300] "POST /cormun/servlet/solicitudotadjuntos?c1f914b92d574d7a45a8516d71ad3fc4,INS,2017,5626,,1,,gx-no-cache=1489769973413 HTTP/1.1" 200 3864
200.111.191.210 - - [17/Mar/2017:13:55:32 -0300] "POST /cormun/servlet/solicitudot?gx-no-cache=1489773311500 HTTP/1.1" 200 240
186.103.157.235 - - [17/Mar/2017:13:55:32 -0300] "POST /cormun/servlet/solicitudotadjuntos?gx-no-cache=1489769977821 HTTP/1.1" 200 26
200.111.191.210 - - [17/Mar/2017:13:55:34 -0300] "GET /cormun/servlet/solicitudot?c502d325b2c5e0f5eb2fd8f3e51004d6e51abf615aa3af7c430a86e2d0ba5af742f55e784a196d892c54356949a2118378126e853a4163ac7008b6edca49c2384c6bbfc187bccb524818bb299c1065b2f0045f9e383e545d686fe5df6be55bd2b943027e3040c796a5c3087deec5464a73faa29a1e4e49d7935072141828f7c24b239aa5c30b38a6d83e894bff94d5f1757fe00ee9ac827d45aebb25b12ba322d1c9919c3e56bfaa97e197d8e0482d7196b1f2f97291d7d21276e56e60c083ee81b6a8e68d3367144379b980c7a894b4ddc0740872c1e2508bf72c1b6001cf9a4aa7d0d1a3541c8b0a0b4824fad0b92a1cd60f32dd9ec2755fc09bc903ec647a3b581ec65e8c315e43c6f6e419be63e8f2d2372e9b37d95642b5d603a8120b92bb0a96f8804ab8840bff1c3368e41c6f364fcd98e9471387ea709bbb44fd2c7b0825e8b750cc4100595c648800a932c123241224a4bf886b277c4694883ba56ff4bd41dd93e03a6fd46359c9976e7f61d71026c8457b754f6e773aaf2dc1f336,gx-no-cache=1489773313623 HTTP/1.1" 200 30
200.111.191.210 - - [17/Mar/2017:13:55:37 -0300] "POST /cormun/servlet/solicitudot?gx-no-cache=1489773316956 HTTP/1.1" 200 30
186.103.157.235 - - [17/Mar/2017:13:55:41 -0300] "GET /cormun/servlet/solicitudotadjuntos?6e53b95f4b14c114d9f1efe6df925b9425050cafa6dc780c0fe6bf91f9c35998,gx-no-cache=1489769986342 HTTP/1.1" 200 30
186.103.157.235 - - [17/Mar/2017:13:55:41 -0300] "GET /cormun/servlet/solicitudotadjuntos?6e53b95f4b14c114d9f1efe6df925b9425050cafa6dc780c0fe6bf91f9c35998,gx-no-cache=1489769986539 HTTP/1.1" 200 30
186.103.157.235 - - [17/Mar/2017:13:55:42 -0300] "POST /cormun/servlet/solicitudotadjuntos?c1f914b92d574d7a45a8516d71ad3fc4,INS,2017,5626,,1, HTTP/1.1" 200 116
186.103.157.235 - - [17/Mar/2017:13:55:42 -0300] "GET /cormun/servlet/hpexe_return? HTTP/1.1" 200 1029
186.103.157.235 - - [17/Mar/2017:13:55:43 -0300] "GET /cormun/servlet/trsolicitudadjuntos?2017,5626, HTTP/1.1" 200 8875
186.103.157.235 - - [17/Mar/2017:13:55:44 -0300] "GET /cormun/servlet/trsolicitudadjuntos?2017,5626, HTTP/1.1" 200 8872
186.103.157.235 - - [17/Mar/2017:13:55:47 -0300] "GET /cormun/servlet/solicitudotadjuntos?INS,2017,5626,,1, HTTP/1.1" 200 5995
200.111.191.210 - - [17/Mar/2017:13:55:47 -0300] "GET /cormun/servlet/prfichaempleado?,MD,,gxPopupLevel%3D0%3B HTTP/1.1" 200 8784
200.111.191.210 - - [17/Mar/2017:13:55:47 -0300] "GET /cormun/static/hmpwkw011.js?201731711483558 HTTP/1.1" 200 1968
186.103.157.235 - - [17/Mar/2017:13:55:47 -0300] "GET /cormun/static/about:blank HTTP/1.1" 404 1011
186.103.157.235 - - [17/Mar/2017:13:55:47 -0300] "GET /cormun/servlet/solicitudotadjuntos?INS,2017,5626,,1, HTTP/1.1" 200 5988
186.103.157.235 - - [17/Mar/2017:13:55:48 -0300] "GET /cormun/servlet/solicitudotadjuntos?6e53b95f4b14c114d9f1efe6df925b944530831178f89d2fbda2850ed685773bd8827fae3a857f89f98c0640ffac4f72,gx-no-cache=1489769993241 HTTP/1.1" 200 30
186.103.157.235 - - [17/Mar/2017:13:55:48 -0300] "POST /cormun/servlet/solicitudotadjuntos?c1f914b92d574d7a45a8516d71ad3fc4,INS,2017,5626,,1,,gx-no-cache=1489769993390 HTTP/1.1" 200 3864
186.103.157.235 - - [17/Mar/2017:13:55:51 -0300] "POST /cormun/servlet/solicitudotadjuntos?gx-no-cache=1489769996786 HTTP/1.1" 200 26
200.111.191.210 - - [17/Mar/2017:13:55:52 -0300] "POST /cormun/servlet/prfichaempleado?3dea09dc9100dda32ef80e621a335c36,,MD,,gxPopupLevel%3D0%3B,gx-no-cache=1489773331886 HTTP/1.1" 200 5593
192.168.10.96 - - [17/Mar/2017:13:56:02 -0300] "POST /cormun/servlet/trsolicitudgral?8f097fcf97250bca64fc32aa264b9ba9,,gx-no-cache=1489773043495 HTTP/1.1" 200 11674
200.111.191.210 - - [17/Mar/2017:13:56:02 -0300] "POST /cormun/servlet/prfichaempleado?3dea09dc9100dda32ef80e621a335c36,,MD,,gxPopupLevel%3D0%3B,gx-no-cache=1489773342280 HTTP/1.1" 200 3492
186.103.157.235 - - [17/Mar/2017:13:56:03 -0300] "GET /cormun/servlet/solicitudotadjuntos?6e53b95f4b14c114d9f1efe6df925b9425050cafa6dc780c0fe6bf91f9c35998,gx-no-cache=1489770008677 HTTP/1.1" 200 30
186.103.157.235 - - [17/Mar/2017:13:56:03 -0300] "GET /cormun/servlet/solicitudotadjuntos?6e53b95f4b14c114d9f1efe6df925b9425050cafa6dc780c0fe6bf91f9c35998,gx-no-cache=1489770008766 HTTP/1.1" 200 30
186.103.157.235 - - [17/Mar/2017:13:56:07 -0300] "POST /cormun/servlet/solicitudotadjuntos?c1f914b92d574d7a45a8516d71ad3fc4,INS,2017,5626,,1, HTTP/1.1" 200 116
186.103.157.235 - - [17/Mar/2017:13:56:07 -0300] "GET /cormun/servlet/hpexe_return? HTTP/1.1" 200 1029
200.111.191.210 - - [17/Mar/2017:13:56:07 -0300] "POST /cormun/servlet/solicitudot?gx-no-cache=1489773347064 HTTP/1.1" 200 1291
186.103.157.235 - - [17/Mar/2017:13:56:08 -0300] "GET /cormun/servlet/trsolicitudadjuntos?2017,5626, HTTP/1.1" 200 9078
186.103.157.235 - - [17/Mar/2017:13:56:09 -0300] "GET /cormun/servlet/trsolicitudadjuntos?2017,5626, HTTP/1.1" 200 9077
186.103.157.235 - - [17/Mar/2017:13:56:13 -0300] "POST /cormun/servlet/trsolicitudadjuntos?c1f914b92d574d7a45a8516d71ad3fc4,2017,5626,,gx-no-cache=1489770017441 HTTP/1.1" 200 90
186.103.157.235 - - [17/Mar/2017:13:56:13 -0300] "GET /cormun/servlet/hpexe_link HTTP/1.1" 200 970
186.103.157.235 - - [17/Mar/2017:13:56:13 -0300] "GET /cormun/static/gxcfg.js?201731711483381 HTTP/1.1" 304 -
186.103.157.235 - - [17/Mar/2017:13:56:13 -0300] "GET /cormun/static/hpexe_link.js?201731711483384 HTTP/1.1" 304 -
186.103.157.235 - - [17/Mar/2017:13:56:13 -0300] "GET /cormun/servlet/trsolicitudot HTTP/1.1" 200 8956
186.103.157.235 - - [17/Mar/2017:13:56:13 -0300] "GET /cormun/static/gxcfg.js?201731711505139 HTTP/1.1" 304 -
186.103.157.235 - - [17/Mar/2017:13:56:13 -0300] "GET /cormun/static/trsolicitudot.js?20173171151116 HTTP/1.1" 304 -
186.103.157.235 - - [17/Mar/2017:13:56:14 -0300] "GET /cormun/servlet/trsolicitudot HTTP/1.1" 200 8955
200.111.191.210 - - [17/Mar/2017:13:56:14 -0300] "GET /cormun/static/menuarrow.gif HTTP/1.1" 404 1015
186.103.157.235 - - [17/Mar/2017:13:56:21 -0300] "POST /cormun/servlet/trsolicitudot?c1f914b92d574d7a45a8516d71ad3fc4,gx-no-cache=1489770025708 HTTP/1.1" 200 5860
186.103.157.235 - - [17/Mar/2017:13:56:22 -0300] "GET /cormun/static/Shared/jqueryui/images/ui-bg_highlight-soft_100_c6c2c8_1x100.png HTTP/1.1" 404 1117
186.103.157.235 - - [17/Mar/2017:13:56:22 -0300] "GET /cormun/static/Shared/jqueryui/images/ui-icons_82798d_256x240.png HTTP/1.1" 404 1089
186.103.157.235 - - [17/Mar/2017:13:56:22 -0300] "GET /cormun/static/Shared/jqueryui/images/ui-bg_flat_55_fafafa_40x100.png HTTP/1.1" 404 1097
186.103.157.235 - - [17/Mar/2017:13:56:22 -0300] "GET /cormun/static/Shared/jqueryui/images/ui-icons_8d78a5_256x240.png HTTP/1.1" 404 1089
186.103.157.235 - - [17/Mar/2017:13:56:22 -0300] "POST /cormun/servlet/trsolicitudot?c1f914b92d574d7a45a8516d71ad3fc4,gx-no-cache=1489770027436 HTTP/1.1" 200 5804
200.112.2.48 - - [17/Mar/2017:13:56:23 -0300] "POST /cormun/servlet/hlogin?a613fc0af1b336bd6b410df606b41e05,gx-no-cache=1489769854962 HTTP/1.1" 200 90
200.112.2.48 - - [17/Mar/2017:13:56:24 -0300] "GET /cormun/servlet/hpexe_link HTTP/1.1" 200 966
200.112.2.48 - - [17/Mar/2017:13:56:24 -0300] "GET /cormun/servlet/trautorizarsolicitud? HTTP/1.1" 200 6838
192.168.10.96 - - [17/Mar/2017:13:56:25 -0300] "POST /cormun/servlet/trsolicitudgral?8f097fcf97250bca64fc32aa264b9ba9,,gx-no-cache=1489773066759 HTTP/1.1" 200 12378
200.112.2.48 - - [17/Mar/2017:13:56:27 -0300] "GET /cormun/servlet/trautorizarsolicitud? HTTP/1.1" 200 6836
186.103.157.235 - - [17/Mar/2017:13:56:27 -0300] "GET /cormun/servlet/trautorizarsolicitud? HTTP/1.1" 200 8129
186.103.157.235 - - [17/Mar/2017:13:56:28 -0300] "GET /cormun/servlet/trautorizarsolicitud? HTTP/1.1" 200 8128
200.111.191.210 - - [17/Mar/2017:13:56:29 -0300] "GET /cormun/servlet/prfichaempleado?,MD,,gxPopupLevel%3D0%3B HTTP/1.1" 200 8784
200.112.2.48 - - [17/Mar/2017:13:56:32 -0300] "GET /cormun/servlet/trsolicitudot? HTTP/1.1" 200 6884
200.112.2.48 - - [17/Mar/2017:13:56:32 -0300] "GET /cormun/static/gxcfg.js?201731711505139 HTTP/1.1" 304 -
200.112.2.48 - - [17/Mar/2017:13:56:33 -0300] "GET /cormun/static/trsolicitudot.js?20173171151116 HTTP/1.1" 304 -
186.103.157.235 - - [17/Mar/2017:13:56:34 -0300] "POST /cormun/servlet/trautorizarsolicitud?c1f914b92d574d7a45a8516d71ad3fc4,,gx-no-cache=1489770038586 HTTP/1.1" 200 4312
200.112.2.48 - - [17/Mar/2017:13:56:34 -0300] "GET /cormun/servlet/trsolicitudot? HTTP/1.1" 200 6883
186.103.157.235 - - [17/Mar/2017:13:56:34 -0300] "POST /cormun/servlet/trautorizarsolicitud?c1f914b92d574d7a45a8516d71ad3fc4,,gx-no-cache=1489770039358 HTTP/1.1" 200 4103
200.112.2.48 - - [17/Mar/2017:13:56:38 -0300] "GET /cormun/servlet/solicitudot?INS,0,0, HTTP/1.1" 200 12733
200.112.2.48 - - [17/Mar/2017:13:56:38 -0300] "GET /cormun/static/gxcfg.js?20171191042720 HTTP/1.1" 200 953
200.112.2.48 - - [17/Mar/2017:13:56:39 -0300] "GET /cormun/servlet/solicitudot?INS,0,0, HTTP/1.1" 200 12738
192.168.10.96 - - [17/Mar/2017:13:56:46 -0300] "POST /cormun/servlet/trsolicitudgral?8f097fcf97250bca64fc32aa264b9ba9,,gx-no-cache=1489773087937 HTTP/1.1" 200 7753
186.103.159.230 - - [17/Mar/2017:13:56:57 -0300] "GET /cormun/servlet/trsolicitudot? HTTP/1.1" 200 9365
186.103.159.230 - - [17/Mar/2017:13:56:57 -0300] "GET /cormun/static/Resources/Spanish/PXTools.css?11294912 HTTP/1.1" 304 -
186.103.159.230 - - [17/Mar/2017:13:56:57 -0300] "GET /cormun/static/gxcfg.js?201731711505139 HTTP/1.1" 304 -
186.103.159.230 - - [17/Mar/2017:13:56:57 -0300] "GET /cormun/static/trsolicitudot.js?20173171151116 HTTP/1.1" 304 -
186.103.159.230 - - [17/Mar/2017:13:56:57 -0300] "GET /cormun/static/hwchdr01.js?201731711335950 HTTP/1.1" 304 -
186.103.159.230 - - [17/Mar/2017:13:56:57 -0300] "GET /cormun/static/hpexe_scripts.js?201731711335890 HTTP/1.1" 304 -
186.103.159.230 - - [17/Mar/2017:13:56:57 -0300] "GET /cormun/static/hpexe_messagegenexuscomponent.js?201731711335537 HTTP/1.1" 304 -
186.103.159.230 - - [17/Mar/2017:13:56:57 -0300] "GET /cormun/static/cmcontrolpreferences.js?201731711335852 HTTP/1.1" 304 -
186.103.159.230 - - [17/Mar/2017:13:56:57 -0300] "GET /cormun/static/hmpwkw03.js?201731711485354 HTTP/1.1" 304 -
186.103.159.230 - - [17/Mar/2017:13:56:58 -0300] "GET /cormun/servlet/trsolicitudot? HTTP/1.1" 200 9365
200.111.191.210 - - [17/Mar/2017:13:56:59 -0300] "POST /cormun/servlet/prfichaempleado?3dea09dc9100dda32ef80e621a335c36,,MD,,gxPopupLevel%3D0%3B,gx-no-cache=1489773398883 HTTP/1.1" 200 3492
186.103.159.230 - - [17/Mar/2017:13:57:00 -0300] "GET /cormun/servlet/solicitudot?INS,0,0, HTTP/1.1" 200 12773
186.103.159.230 - - [17/Mar/2017:13:57:01 -0300] "GET /cormun/servlet/solicitudot?INS,0,0, HTTP/1.1" 200 12778
200.111.191.210 - - [17/Mar/2017:13:57:05 -0300] "GET /cormun/servlet/prlicenciaspermisos?15123974,L,,MD,,gxPopupLevel%3D0%3B HTTP/1.1" 200 5615
200.111.191.210 - - [17/Mar/2017:13:57:05 -0300] "GET /cormun/static/gxcfg.js?20173171152124 HTTP/1.1" 200 953
200.111.191.210 - - [17/Mar/2017:13:57:05 -0300] "GET /cormun/static/prlicenciaspermisos.js?20173171152323 HTTP/1.1" 200 13360
200.111.191.210 - - [17/Mar/2017:13:57:11 -0300] "POST /cormun/servlet/solicitudot?gx-no-cache=1489773410112 HTTP/1.1" 200 1291
200.111.191.210 - - [17/Mar/2017:13:57:13 -0300] "POST /cormun/servlet/solicitudot?gx-no-cache=1489773413070 HTTP/1.1" 200 41
200.111.191.210 - - [17/Mar/2017:13:57:32 -0300] "GET /cormun/servlet/solicitudot?c502d325b2c5e0f5eb2fd8f3e51004d61ade480ddeed1ebdaa7e52eda0215d3870327f5bfc837d849e35e30395dd07ecfbafb8d204261dc3caf59ad051966eefb18dab1cb313fbab1a8aa1feaac5ff33422ab2551e8a8da7c88fed3ec4b9db9beebebce35702fb525d40969de3556a10,gx-no-cache=1489773431484 HTTP/1.1" 200 29
200.111.191.210 - - [17/Mar/2017:13:57:32 -0300] "POST /cormun/servlet/solicitudot?gx-no-cache=1489773431529 HTTP/1.1" 200 1275
200.111.191.210 - - [17/Mar/2017:13:57:33 -0300] "POST /cormun/servlet/solicitudot?gx-no-cache=1489773432249 HTTP/1.1" 200 178
200.112.2.48 - - [17/Mar/2017:13:57:33 -0300] "POST /cormun/servlet/solicitudot?gx-no-cache=1489769924738 HTTP/1.1" 200 3081
200.112.2.48 - - [17/Mar/2017:13:57:34 -0300] "POST /cormun/servlet/solicitudot?a613fc0af1b336bd6b410df606b41e05,INS,0,0,,gx-no-cache=1489769925301 HTTP/1.1" 200 9874
200.111.191.210 - - [17/Mar/2017:13:57:34 -0300] "GET /cormun/servlet/solicitudot?c502d325b2c5e0f5eb2fd8f3e51004d688bf023a240354da4dbe7d0348559a5dbeffcc6a9b38b45eec1566e777d36772e304f180609c7a5ff31d3456ddbc2624e21082e6a7806428de4f68a45b60163d213b0159a900707b8d7cf19280cf1edda39ef3525d04e04c45b71ed8e3a65f27b0b3cc7393dc5d37c5ec29e51d335412abc26c072c970b5b0daafc7e2b5213405e6f9eff28259e03f009459bd9f59e5d7f79aebd91872d2df12edc1940a35326c6c7b6317174d06ef1fe78bc02a0fd3d020327703785a60232c2c2907e6bfa1793e88bfe652469a4adf00308604fb693d7b70ed7bcaeadccbe2ef727829940131e0007bc819bc4ca7438f50c26b5d3ab3a7b45c69ea447c878319526143e733efafa03657b7c2a7e3a4469e9185cc5cb8ce58bb4ded5454cd3c1a056d73e0852005f4e141011f6eb454e77ca4904cb13baac426e91d296b666949b09e5d026ed795a5ab425baf5cb5a8282c44cbe0b128ea804a29ead72504087b34a9c08620221803b4e5ad1a2228d1c592514643e0b6720c948dd1d34526932d103a078e142dc75ee3652593f721c18634c2ebfaa780cfb29b6f513f50bea240f2007c036d713227084dc01de902af46de2e1648b0d76288240090db94c6fb8cea7f4a71566cb37d3ae881a6a76df5b5dde2a68ab554087bab9b380782701a912dd6108900ea9144b613abf826da6b7b5c776c2b7f99136b79352f9158b09933c6a37d4900ed60e58aebc84937d817a7882515db3adaa98f95225185e8a96d51586eebac861e73520952c3b627dbf35273e5d148913,gx-no-cache=1489773434138 HTTP/1.1" 200 1158
200.112.2.48 - - [17/Mar/2017:13:57:36 -0300] "GET /cormun/servlet/solicitudot?1be85079edc100e540fbd3b85ccfdf043614f4bd11310fd4dfdf89d2a3609576d78895d1f69c3b2cd3b8592a6a3f72ab,gx-no-cache=1489769927608 HTTP/1.1" 200 30
200.111.191.210 - - [17/Mar/2017:13:57:55 -0300] "GET /cormun/servlet/solicitudot?c502d325b2c5e0f5eb2fd8f3e51004d6959f7924365d6b4ff5c760e5f6edadb4e0d6c517e3a2ca84e00b36a3371682382eeb38d30bd029deaa76a7c0ca11a7626b4d0a26f0013eb1d354e8f7918a120901eb905988fd602bbd01e52a8749663acd3c2b542816bbefbf77b3f29cba08300902cbfae41398bc85837402d39a52fc4aa2bab1cabe19961a1833bb747268d068b0984c1f5315f5e18191bf8ba51931397083352f3a3f3328cd69e48e9d0d17884bd928b00512278713796782f9b739,gx-no-cache=1489773455030 HTTP/1.1" 200 30
200.111.191.210 - - [17/Mar/2017:13:58:04 -0300] "POST /cormun/servlet/solicitudot?3dea09dc9100dda32ef80e621a335c36,INS,0,0,,gx-no-cache=1489773463315 HTTP/1.1" 200 93
200.111.191.210 - - [17/Mar/2017:13:58:04 -0300] "GET /cormun/servlet/hpexe_return? HTTP/1.1" 200 1006
200.111.191.210 - - [17/Mar/2017:13:58:04 -0300] "GET /cormun/static/gxcfg.js?2016101716175148 HTTP/1.1" 200 953
200.111.191.210 - - [17/Mar/2017:13:58:04 -0300] "GET /cormun/static/hpexe_return.js?2016101716175153 HTTP/1.1" 200 1633
200.111.191.210 - - [17/Mar/2017:13:58:04 -0300] "GET /cormun/servlet/trsolicitudot HTTP/1.1" 200 8036
200.111.191.210 - - [17/Mar/2017:13:58:07 -0300] "POST /cormun/servlet/trsolicitudot?3dea09dc9100dda32ef80e621a335c36,gx-no-cache=1489773466415 HTTP/1.1" 200 106
200.111.191.210 - - [17/Mar/2017:13:58:07 -0300] "GET /cormun/servlet/trsolicitudadjuntos?2017,5627, HTTP/1.1" 200 5827
200.111.191.210 - - [17/Mar/2017:13:58:07 -0300] "GET /cormun/static/gxcfg.js?201731711504543 HTTP/1.1" 200 953
200.111.191.210 - - [17/Mar/2017:13:58:07 -0300] "GET /cormun/static/trsolicitudadjuntos.js?201731711504951 HTTP/1.1" 200 17913
200.111.191.210 - - [17/Mar/2017:13:58:09 -0300] "GET /cormun/servlet/solicitudotadjuntos?INS,2017,5627,,1, HTTP/1.1" 200 5764
200.111.191.210 - - [17/Mar/2017:13:58:09 -0300] "GET /cormun/static/gxcfg.js?201612218465951 HTTP/1.1" 200 953
200.111.191.210 - - [17/Mar/2017:13:58:09 -0300] "GET /cormun/static/solicitudotadjuntos.js?201612218465969 HTTP/1.1" 200 11762
200.111.191.210 - - [17/Mar/2017:13:58:09 -0300] "HEAD /cormun/static/about:blank HTTP/1.1" 404 -
200.111.191.210 - - [17/Mar/2017:13:58:10 -0300] "GET /cormun/servlet/solicitudotadjuntos?c502d325b2c5e0f5eb2fd8f3e51004d644dc2d50f5d2de370a2a66c2f302402ef114717c399311254f620e0ece43e033,gx-no-cache=1489773470023 HTTP/1.1" 200 30
200.111.191.210 - - [17/Mar/2017:13:58:10 -0300] "POST /cormun/servlet/solicitudotadjuntos?3dea09dc9100dda32ef80e621a335c36,INS,2017,5627,,1,,gx-no-cache=1489773470097 HTTP/1.1" 200 3665
186.103.159.230 - - [17/Mar/2017:13:58:11 -0300] "POST /cormun/servlet/solicitudot?gx-no-cache=1489769957256 HTTP/1.1" 200 3165
186.103.159.230 - - [17/Mar/2017:13:58:11 -0300] "POST /cormun/servlet/solicitudot?702aafaf1273fa342d64fb29a21b358d,INS,0,0,,gx-no-cache=1489769957556 HTTP/1.1" 200 9960
200.111.191.210 - - [17/Mar/2017:13:58:12 -0300] "POST /cormun/servlet/solicitudotadjuntos?gx-no-cache=1489773471406 HTTP/1.1" 200 26
186.103.159.230 - - [17/Mar/2017:13:58:17 -0300] "GET /cormun/servlet/solicitudot?1a33ed1d821d64c6e866d2869a73886e27aa121730383609b0bcc538818820288faeec0ee9c054538f794e1b03266e41,gx-no-cache=1489769963029 HTTP/1.1" 200 30
186.103.159.230 - - [17/Mar/2017:13:58:17 -0300] "POST /cormun/servlet/solicitudot?gx-no-cache=1489769963113 HTTP/1.1" 200 255
186.103.159.230 - - [17/Mar/2017:13:58:17 -0300] "GET /cormun/servlet/solicitudot?1a33ed1d821d64c6e866d2869a73886eb599c820fe4a497a46f68872278dc116b7dfc39ca9fbc4c8af44f1b6f9d70ab5a4f89dc385c59db2d3155f8ced8b6f050493e2ec4e124c07e6c954ec0a9d4070c3ebaeb43217273cdbb9dcae52e2fd68b3d60e4ba0a5bd5f45cd86e8491bd74370a4bb593f9309d14aa39ed1498a2060b88e96504d5c4d8d0b435f987e27a5c4e44efdd9c187d44102f2068e194262bc0dabf5e4ec334e46e903a77949bd1790e2f4478877aeba32a4da591912912b43a2d305433050ae855808c70830b7667c5cc7f6a3c1c57798159dc12d31d4152de447a03c0f94731752d025321d2e88f50376d85977afe3973258d9d818047981439b665cd429095ca39f163627b10d561279c37c263381b6554bce85900ac68779845547409fac473563373b628328051f36b713039ff792149bf779b8e22d53661d62047e2f9f90b593dc6e19749fbd676926c54b050efe99047f090f0c38f9a760be54b204cbeb3f6cccf98ff5fb4588866a1c416c4cd18a75a683e57bcf1c,gx-no-cache=1489769963194 HTTP/1.1" 200 30
200.111.191.210 - - [17/Mar/2017:13:58:24 -0300] "GET /cormun/servlet/solicitudotadjuntos?c502d325b2c5e0f5eb2fd8f3e51004d67e033ee9b01ff4ae685b21466fc3531c,gx-no-cache=1489773483896 HTTP/1.1" 200 30
200.111.191.210 - - [17/Mar/2017:13:58:24 -0300] "GET /cormun/servlet/solicitudotadjuntos?c502d325b2c5e0f5eb2fd8f3e51004d67e033ee9b01ff4ae685b21466fc3531c,gx-no-cache=1489773484229 HTTP/1.1" 200 30
186.103.159.230 - - [17/Mar/2017:13:58:27 -0300] "POST /cormun/servlet/solicitudot?gx-no-cache=1489769972951 HTTP/1.1" 200 30
200.111.191.210 - - [17/Mar/2017:13:58:27 -0300] "POST /cormun/servlet/solicitudotadjuntos?3dea09dc9100dda32ef80e621a335c36,INS,2017,5627,,1, HTTP/1.1" 200 116
200.111.191.210 - - [17/Mar/2017:13:58:28 -0300] "GET /cormun/servlet/hpexe_return? HTTP/1.1" 200 1025
200.111.191.210 - - [17/Mar/2017:13:58:28 -0300] "GET /cormun/servlet/trsolicitudadjuntos?2017,5627, HTTP/1.1" 200 7929
186.103.159.230 - - [17/Mar/2017:13:58:30 -0300] "POST /cormun/servlet/solicitudot?gx-no-cache=1489769975951 HTTP/1.1" 200 1291
186.103.159.230 - - [17/Mar/2017:13:58:30 -0300] "POST /cormun/servlet/solicitudot?gx-no-cache=1489769976431 HTTP/1.1" 200 38
200.111.191.210 - - [17/Mar/2017:13:58:30 -0300] "GET /cormun/servlet/solicitudotadjuntos?INS,2017,5627,,1, HTTP/1.1" 200 5764
200.111.191.210 - - [17/Mar/2017:13:58:30 -0300] "HEAD /cormun/static/about:blank HTTP/1.1" 404 -
200.111.191.210 - - [17/Mar/2017:13:58:31 -0300] "GET /cormun/servlet/solicitudotadjuntos?c502d325b2c5e0f5eb2fd8f3e51004d644dc2d50f5d2de370a2a66c2f302402ef114717c399311254f620e0ece43e033,gx-no-cache=1489773491117 HTTP/1.1" 200 30
200.111.191.210 - - [17/Mar/2017:13:58:31 -0300] "POST /cormun/servlet/solicitudotadjuntos?3dea09dc9100dda32ef80e621a335c36,INS,2017,5627,,1,,gx-no-cache=1489773491146 HTTP/1.1" 200 3666
200.111.191.210 - - [17/Mar/2017:13:58:33 -0300] "POST /cormun/servlet/solicitudotadjuntos?gx-no-cache=1489773492946 HTTP/1.1" 200 26
200.111.191.210 - - [17/Mar/2017:13:58:39 -0300] "GET /cormun/servlet/solicitudotadjuntos?c502d325b2c5e0f5eb2fd8f3e51004d67e033ee9b01ff4ae685b21466fc3531c,gx-no-cache=1489773498732 HTTP/1.1" 200 30
200.111.191.210 - - [17/Mar/2017:13:58:39 -0300] "GET /cormun/servlet/solicitudotadjuntos?c502d325b2c5e0f5eb2fd8f3e51004d67e033ee9b01ff4ae685b21466fc3531c,gx-no-cache=1489773498781 HTTP/1.1" 200 30
200.111.191.210 - - [17/Mar/2017:13:58:40 -0300] "POST /cormun/servlet/solicitudotadjuntos?3dea09dc9100dda32ef80e621a335c36,INS,2017,5627,,1, HTTP/1.1" 200 116
200.111.191.210 - - [17/Mar/2017:13:58:40 -0300] "GET /cormun/servlet/hpexe_return? HTTP/1.1" 200 1025
200.111.191.210 - - [17/Mar/2017:13:58:40 -0300] "GET /cormun/servlet/trsolicitudadjuntos?2017,5627, HTTP/1.1" 200 8134
200.111.191.210 - - [17/Mar/2017:13:58:43 -0300] "GET /cormun/servlet/solicitudotadjuntos?INS,2017,5627,,1, HTTP/1.1" 200 5764
200.111.191.210 - - [17/Mar/2017:13:58:43 -0300] "HEAD /cormun/static/about:blank HTTP/1.1" 404 -
200.111.191.210 - - [17/Mar/2017:13:58:44 -0300] "GET /cormun/servlet/solicitudotadjuntos?c502d325b2c5e0f5eb2fd8f3e51004d644dc2d50f5d2de370a2a66c2f302402ef114717c399311254f620e0ece43e033,gx-no-cache=1489773503684 HTTP/1.1" 200 30
200.111.191.210 - - [17/Mar/2017:13:58:44 -0300] "POST /cormun/servlet/solicitudotadjuntos?3dea09dc9100dda32ef80e621a335c36,INS,2017,5627,,1,,gx-no-cache=1489773503716 HTTP/1.1" 200 3666
200.111.191.210 - - [17/Mar/2017:13:58:46 -0300] "POST /cormun/servlet/solicitudotadjuntos?gx-no-cache=1489773505667 HTTP/1.1" 200 26
200.111.191.210 - - [17/Mar/2017:13:58:47 -0300] "GET /cormun/servlet/solicitudotadjuntos?c502d325b2c5e0f5eb2fd8f3e51004d67e033ee9b01ff4ae685b21466fc3531c,gx-no-cache=1489773506889 HTTP/1.1" 200 30
200.111.191.210 - - [17/Mar/2017:13:58:47 -0300] "GET /cormun/servlet/solicitudotadjuntos?c502d325b2c5e0f5eb2fd8f3e51004d67e033ee9b01ff4ae685b21466fc3531c,gx-no-cache=1489773506937 HTTP/1.1" 200 30
200.111.191.210 - - [17/Mar/2017:13:58:47 -0300] "POST /cormun/servlet/solicitudotadjuntos?3dea09dc9100dda32ef80e621a335c36,INS,2017,5627,,1,,gx-no-cache=1489773506991 HTTP/1.1" 200 93
200.111.191.210 - - [17/Mar/2017:13:58:47 -0300] "GET /cormun/servlet/hpexe_return? HTTP/1.1" 200 1025
200.111.191.210 - - [17/Mar/2017:13:58:48 -0300] "GET /cormun/servlet/trsolicitudadjuntos?2017,5627, HTTP/1.1" 200 8232
186.103.159.230 - - [17/Mar/2017:13:58:50 -0300] "GET /cormun/servlet/solicitudot?1a33ed1d821d64c6e866d2869a73886e4a2db38dfae844cc70935d8785e1dacb4c1519201a1fa1943ce08b1674f9b8a0571af69888d3b8884ae6cfd0773be2ddeda0dfe54fbc8b50d2a29da602fd176ac8a4d1e777ba77df6d03159f63572437b20082827dd030d746c62bd78c0fa8573216a3121fbcb5b85349cf9e1d9bd92a7f69f5eaca2b6c5f2b44e6565b267e85ca691dcd0badbe88f05f2f5cfc419e2a,gx-no-cache=1489769996555 HTTP/1.1" 200 29
186.103.159.230 - - [17/Mar/2017:13:58:51 -0300] "POST /cormun/servlet/solicitudot?gx-no-cache=1489769996694 HTTP/1.1" 200 1274
186.103.159.230 - - [17/Mar/2017:13:58:51 -0300] "POST /cormun/servlet/solicitudot?gx-no-cache=1489769996869 HTTP/1.1" 200 1157
186.103.159.230 - - [17/Mar/2017:13:58:51 -0300] "GET /cormun/static/menuarrow.gif HTTP/1.1" 404 1015
200.111.191.210 - - [17/Mar/2017:13:58:52 -0300] "GET /cormun/servlet/solicitudotadjuntos?DLT,2017,5627,CERTIF4,0, HTTP/1.1" 200 5658
200.111.191.210 - - [17/Mar/2017:13:58:52 -0300] "HEAD /cormun/static/about:blank HTTP/1.1" 404 -
200.111.191.210 - - [17/Mar/2017:13:58:53 -0300] "GET /cormun/static/Shared/jqueryui/images/ui-bg_flat_55_fafafa_40x100.png HTTP/1.1" 404 1097
200.111.191.210 - - [17/Mar/2017:13:58:53 -0300] "GET /cormun/static/Shared/jqueryui/images/ui-icons_82798d_256x240.png HTTP/1.1" 404 1089
200.111.191.210 - - [17/Mar/2017:13:58:53 -0300] "GET /cormun/static/Shared/jqueryui/images/ui-bg_highlight-soft_100_c6c2c8_1x100.png HTTP/1.1" 404 1117
200.111.191.210 - - [17/Mar/2017:13:58:53 -0300] "GET /cormun/static/Shared/jqueryui/images/ui-icons_8d78a5_256x240.png HTTP/1.1" 404 1089
186.103.159.230 - - [17/Mar/2017:13:58:53 -0300] "POST /cormun/servlet/solicitudot?gx-no-cache=1489769999207 HTTP/1.1" 200 1274
186.103.159.230 - - [17/Mar/2017:13:58:53 -0300] "POST /cormun/servlet/solicitudot?gx-no-cache=1489769999289 HTTP/1.1" 200 1157
200.111.191.210 - - [17/Mar/2017:13:58:57 -0300] "POST /cormun/servlet/solicitudotadjuntos?3dea09dc9100dda32ef80e621a335c36,DLT,2017,5627,CERTIF4,0,,gx-no-cache=1489773515966 HTTP/1.1" 200 93
200.111.191.210 - - [17/Mar/2017:13:58:57 -0300] "GET /cormun/servlet/hpexe_return? HTTP/1.1" 200 1032
200.111.191.210 - - [17/Mar/2017:13:58:57 -0300] "GET /cormun/servlet/trsolicitudadjuntos?2017,5627, HTTP/1.1" 200 8134
200.111.191.210 - - [17/Mar/2017:13:59:01 -0300] "GET /cormun/servlet/solicitudotadjuntos?INS,2017,5627,,1, HTTP/1.1" 200 5764
200.111.191.210 - - [17/Mar/2017:13:59:01 -0300] "HEAD /cormun/static/about:blank HTTP/1.1" 404 -
200.112.2.48 - - [17/Mar/2017:13:59:01 -0300] "POST /cormun/servlet/solicitudot?gx-no-cache=1489770012355 HTTP/1.1" 200 240
200.111.191.210 - - [17/Mar/2017:13:59:02 -0300] "GET /cormun/servlet/solicitudotadjuntos?c502d325b2c5e0f5eb2fd8f3e51004d644dc2d50f5d2de370a2a66c2f302402ef114717c399311254f620e0ece43e033,gx-no-cache=1489773521556 HTTP/1.1" 200 30
200.111.191.210 - - [17/Mar/2017:13:59:02 -0300] "POST /cormun/servlet/solicitudotadjuntos?3dea09dc9100dda32ef80e621a335c36,INS,2017,5627,,1,,gx-no-cache=1489773521626 HTTP/1.1" 200 3666
200.112.2.48 - - [17/Mar/2017:13:59:05 -0300] "GET /cormun/servlet/solicitudot?1be85079edc100e540fbd3b85ccfdf044205e99f1cbde5372776e883951bf03685852982425ccaeba927701b3088f042280d40130c31d4e820c11337fb65cccf883647acefb1ca0c79f2da89a498181675031afe5ceb7d5d71a50b803bf7740961c089fd8a1dcb199a8d45e08b41330ac37445c6fe67989d29bde33c0caa51523cc979d4cacc67facab27e10976b9c4763499887eb751b22735953ed98562dc022090da20e0fcf2b18a7343f88aa8aaaaa21000a92785393d8bcfdfcdd4389810ce4ce0af42c6ba58b89118fede17590659de5fc7f85842dabe022d54c40633342ae5f23bec6107876e5095c33adc44e2c4b93683e3c69f7236ddc52d17de5201217e7adb08515c4e21895e509cd92aa21fb551b97799a9a1039adfd22ccde0e8188ff96b7ab7280ce2429baa5dea84f02b1e25cc3f29634a5181faaddf2315e7afbe88f6a754252ef5b05cd7788161284d6aefb3a5600db968194d980656291df802cd1c3991e6f770443a8ec66b7307bd8fea2652936f8afa99d9fa9e2070b,gx-no-cache=1489770016229 HTTP/1.1" 200 30
200.111.191.210 - - [17/Mar/2017:13:59:05 -0300] "POST /cormun/servlet/solicitudotadjuntos?gx-no-cache=1489773524627 HTTP/1.1" 200 26
186.103.159.230 - - [17/Mar/2017:13:59:07 -0300] "GET /cormun/servlet/solicitudot?1a33ed1d821d64c6e866d2869a73886e0d61f7aa9f4419b3163fbacbe9ba77195095226e722980b5f6b45ca1e133943ca5be114ff9f6638085d7b6072875643a2a5fcbfe5dd1739aaffa3c2d1d3582c822f08ac3ce2744d5d78f3267ca31de08e3defcb3a2d6525ccef17733a97fdc376788d5f3633dd195961e99b6e6c74ed5b5cfc36e9bcee59935a4ef9165988708faf48e761f3245fa59bc18de113bd5d180b466ac8675f60d801c9216bde6a20b,gx-no-cache=1489770012848 HTTP/1.1" 200 30
200.112.2.48 - - [17/Mar/2017:13:59:08 -0300] "POST /cormun/servlet/solicitudot?gx-no-cache=1489770019881 HTTP/1.1" 200 30
200.111.191.210 - - [17/Mar/2017:13:59:10 -0300] "GET /cormun/servlet/solicitudotadjuntos?c502d325b2c5e0f5eb2fd8f3e51004d67e033ee9b01ff4ae685b21466fc3531c,gx-no-cache=1489773529533 HTTP/1.1" 200 30
200.111.191.210 - - [17/Mar/2017:13:59:10 -0300] "GET /cormun/servlet/solicitudotadjuntos?c502d325b2c5e0f5eb2fd8f3e51004d67e033ee9b01ff4ae685b21466fc3531c,gx-no-cache=1489773529557 HTTP/1.1" 200 30
200.111.191.210 - - [17/Mar/2017:13:59:11 -0300] "POST /cormun/servlet/solicitudotadjuntos?3dea09dc9100dda32ef80e621a335c36,INS,2017,5627,,1, HTTP/1.1" 200 116
200.111.191.210 - - [17/Mar/2017:13:59:12 -0300] "GET /cormun/servlet/hpexe_return? HTTP/1.1" 200 1025
200.111.191.210 - - [17/Mar/2017:13:59:12 -0300] "GET /cormun/servlet/trsolicitudadjuntos?2017,5627, HTTP/1.1" 200 8287
200.111.191.210 - - [17/Mar/2017:13:59:15 -0300] "GET /cormun/servlet/solicitudotadjuntos?INS,2017,5627,,1, HTTP/1.1" 200 5764
200.111.191.210 - - [17/Mar/2017:13:59:15 -0300] "HEAD /cormun/static/about:blank HTTP/1.1" 404 -
200.111.191.210 - - [17/Mar/2017:13:59:16 -0300] "GET /cormun/servlet/solicitudotadjuntos?c502d325b2c5e0f5eb2fd8f3e51004d644dc2d50f5d2de370a2a66c2f302402ef114717c399311254f620e0ece43e033,gx-no-cache=1489773535711 HTTP/1.1" 200 30
200.111.191.210 - - [17/Mar/2017:13:59:16 -0300] "POST /cormun/servlet/solicitudotadjuntos?3dea09dc9100dda32ef80e621a335c36,INS,2017,5627,,1,,gx-no-cache=1489773535780 HTTP/1.1" 200 3666
200.111.191.210 - - [17/Mar/2017:13:59:18 -0300] "POST /cormun/servlet/solicitudotadjuntos?gx-no-cache=1489773538395 HTTP/1.1" 200 26
200.112.2.48 - - [17/Mar/2017:13:59:19 -0300] "GET /cormun/servlet/prfichaempleado?,MD,,gxPopupLevel%3D0%3B HTTP/1.1" 200 8787
200.112.2.48 - - [17/Mar/2017:13:59:19 -0300] "GET /cormun/static/gxcfg.js?2016102420561687 HTTP/1.1" 200 953
200.112.2.48 - - [17/Mar/2017:13:59:20 -0300] "GET /cormun/static/hmpwkw011.js?201731711483558 HTTP/1.1" 200 1968
200.111.191.210 - - [17/Mar/2017:13:59:23 -0300] "GET /cormun/servlet/solicitudotadjuntos?c502d325b2c5e0f5eb2fd8f3e51004d67e033ee9b01ff4ae685b21466fc3531c,gx-no-cache=1489773542944 HTTP/1.1" 200 30
200.111.191.210 - - [17/Mar/2017:13:59:23 -0300] "GET /cormun/servlet/solicitudotadjuntos?c502d325b2c5e0f5eb2fd8f3e51004d67e033ee9b01ff4ae685b21466fc3531c,gx-no-cache=1489773542991 HTTP/1.1" 200 30
200.111.191.210 - - [17/Mar/2017:13:59:25 -0300] "POST /cormun/servlet/solicitudotadjuntos?3dea09dc9100dda32ef80e621a335c36,INS,2017,5627,,1, HTTP/1.1" 200 116
200.111.191.210 - - [17/Mar/2017:13:59:25 -0300] "GET /cormun/servlet/hpexe_return? HTTP/1.1" 200 1025
200.111.191.210 - - [17/Mar/2017:13:59:26 -0300] "GET /cormun/servlet/trsolicitudadjuntos?2017,5627, HTTP/1.1" 200 8444
200.111.191.210 - - [17/Mar/2017:13:59:29 -0300] "GET /cormun/servlet/solicitudotadjuntos?INS,2017,5627,,1, HTTP/1.1" 200 5764
200.111.191.210 - - [17/Mar/2017:13:59:29 -0300] "HEAD /cormun/static/about:blank HTTP/1.1" 404 -
200.111.191.210 - - [17/Mar/2017:13:59:30 -0300] "GET /cormun/servlet/solicitudotadjuntos?c502d325b2c5e0f5eb2fd8f3e51004d644dc2d50f5d2de370a2a66c2f302402ef114717c399311254f620e0ece43e033,gx-no-cache=1489773549713 HTTP/1.1" 200 30
200.111.191.210 - - [17/Mar/2017:13:59:30 -0300] "POST /cormun/servlet/solicitudotadjuntos?3dea09dc9100dda32ef80e621a335c36,INS,2017,5627,,1,,gx-no-cache=1489773549772 HTTP/1.1" 200 3666
200.111.191.210 - - [17/Mar/2017:13:59:32 -0300] "POST /cormun/servlet/solicitudotadjuntos?gx-no-cache=1489773552234 HTTP/1.1" 200 26
200.112.2.48 - - [17/Mar/2017:13:59:34 -0300] "POST /cormun/servlet/prfichaempleado?a613fc0af1b336bd6b410df606b41e05,,MD,,gxPopupLevel%3D0%3B,gx-no-cache=1489770044833 HTTP/1.1" 200 3420
200.111.191.210 - - [17/Mar/2017:13:59:39 -0300] "GET /cormun/servlet/solicitudotadjuntos?c502d325b2c5e0f5eb2fd8f3e51004d67e033ee9b01ff4ae685b21466fc3531c,gx-no-cache=1489773558379 HTTP/1.1" 200 30
200.111.191.210 - - [17/Mar/2017:13:59:39 -0300] "GET /cormun/servlet/solicitudotadjuntos?c502d325b2c5e0f5eb2fd8f3e51004d67e033ee9b01ff4ae685b21466fc3531c,gx-no-cache=1489773558432 HTTP/1.1" 200 30
200.112.2.48 - - [17/Mar/2017:13:59:40 -0300] "GET /cormun/servlet/prlicenciaspermisos?13719734,L,,MD,,gxPopupLevel%3D0%3B HTTP/1.1" 200 6747
200.112.2.48 - - [17/Mar/2017:13:59:40 -0300] "GET /cormun/static/gxcfg.js?20173171152124 HTTP/1.1" 200 953
200.112.2.48 - - [17/Mar/2017:13:59:41 -0300] "GET /cormun/static/prlicenciaspermisos.js?20173171152323 HTTP/1.1" 200 13360
200.111.191.210 - - [17/Mar/2017:13:59:42 -0300] "POST /cormun/servlet/solicitudotadjuntos?3dea09dc9100dda32ef80e621a335c36,INS,2017,5627,,1, HTTP/1.1" 200 116
200.111.191.210 - - [17/Mar/2017:13:59:42 -0300] "GET /cormun/servlet/hpexe_return? HTTP/1.1" 200 1025
200.111.191.210 - - [17/Mar/2017:13:59:43 -0300] "GET /cormun/servlet/trsolicitudadjuntos?2017,5627, HTTP/1.1" 200 8598
200.112.2.48 - - [17/Mar/2017:13:59:44 -0300] "POST /cormun/servlet/solicitudot?gx-no-cache=1489770055289 HTTP/1.1" 200 1291
200.111.191.210 - - [17/Mar/2017:13:59:46 -0300] "GET /cormun/servlet/solicitudotadjuntos?INS,2017,5627,,1, HTTP/1.1" 200 5764
200.111.191.210 - - [17/Mar/2017:13:59:46 -0300] "HEAD /cormun/static/about:blank HTTP/1.1" 404 -
200.111.191.210 - - [17/Mar/2017:13:59:47 -0300] "GET /cormun/servlet/solicitudotadjuntos?c502d325b2c5e0f5eb2fd8f3e51004d644dc2d50f5d2de370a2a66c2f302402ef114717c399311254f620e0ece43e033,gx-no-cache=1489773566961 HTTP/1.1" 200 30
200.111.191.210 - - [17/Mar/2017:13:59:47 -0300] "POST /cormun/servlet/solicitudotadjuntos?3dea09dc9100dda32ef80e621a335c36,INS,2017,5627,,1,,gx-no-cache=1489773567027 HTTP/1.1" 200 3666
200.112.2.48 - - [17/Mar/2017:13:59:48 -0300] "POST /cormun/servlet/solicitudot?gx-no-cache=1489770059305 HTTP/1.1" 200 41
200.111.191.210 - - [17/Mar/2017:13:59:50 -0300] "POST /cormun/servlet/solicitudotadjuntos?gx-no-cache=1489773569591 HTTP/1.1" 200 26
200.111.191.210 - - [17/Mar/2017:13:59:54 -0300] "GET /cormun/servlet/solicitudotadjuntos?c502d325b2c5e0f5eb2fd8f3e51004d67e033ee9b01ff4ae685b21466fc3531c,gx-no-cache=1489773574161 HTTP/1.1" 200 30
200.111.191.210 - - [17/Mar/2017:13:59:54 -0300] "GET /cormun/servlet/solicitudotadjuntos?c502d325b2c5e0f5eb2fd8f3e51004d67e033ee9b01ff4ae685b21466fc3531c,gx-no-cache=1489773574204 HTTP/1.1" 200 30
200.111.191.210 - - [17/Mar/2017:13:59:57 -0300] "POST /cormun/servlet/solicitudotadjuntos?3dea09dc9100dda32ef80e621a335c36,INS,2017,5627,,1, HTTP/1.1" 200 116
200.111.191.210 - - [17/Mar/2017:13:59:57 -0300] "GET /cormun/servlet/hpexe_return? HTTP/1.1" 200 1025
200.111.191.210 - - [17/Mar/2017:13:59:58 -0300] "GET /cormun/servlet/trsolicitudadjuntos?2017,5627, HTTP/1.1" 200 8844
200.111.191.210 - - [17/Mar/2017:14:00:05 -0300] "GET /cormun/servlet/trsolicitudot? HTTP/1.1" 200 8038
200.112.2.48 - - [17/Mar/2017:14:00:14 -0300] "GET /cormun/servlet/solicitudot?1be85079edc100e540fbd3b85ccfdf0482594175d0bb0a6af9c4e276efb507c215de449623067dda671a50bbc885f2eb1031d30561b722354c1a51d2684834a568f01a3502173ee9c15b26e7fb07c1a598d5f0e1916c32685611565f4b443ef9d90e331116deb591b22e74e42d07e6e5,gx-no-cache=1489770085942 HTTP/1.1" 200 29
200.112.2.48 - - [17/Mar/2017:14:00:15 -0300] "POST /cormun/servlet/solicitudot?gx-no-cache=1489770086324 HTTP/1.1" 200 1274
200.112.2.48 - - [17/Mar/2017:14:00:15 -0300] "POST /cormun/servlet/solicitudot?gx-no-cache=1489770086629 HTTP/1.1" 200 1157
200.112.2.48 - - [17/Mar/2017:14:00:16 -0300] "GET /cormun/static/menuarrow.gif HTTP/1.1" 404 1015
200.112.2.48 - - [17/Mar/2017:14:00:18 -0300] "POST /cormun/servlet/solicitudot?gx-no-cache=1489770089311 HTTP/1.1" 200 1274
200.112.2.48 - - [17/Mar/2017:14:00:18 -0300] "POST /cormun/servlet/solicitudot?gx-no-cache=1489770089524 HTTP/1.1" 200 1157
200.112.2.48 - - [17/Mar/2017:14:00:22 -0300] "GET /cormun/servlet/solicitudot?1be85079edc100e540fbd3b85ccfdf04f92e2079f5140679b16b011b2fd451fbeb71284287ddfdace7e74d2285c3ae4854b833258f2b0cc0e9a8c046a9ed7a52f8df6f685492e6b9474700f59d18c6fc3fcce0f15c6b435d5bb23ffbdb5e2c0d58c8c50d52a124fe32fe4e3e8754fa0f2b1e8a062aa973eb09050c8d654a9d52208d78e842f1d8bc26c9cd11e960ea59e3dac2ea0569831d13a4b2003a2d4a5765361b44db252ba06782204415ee6ee3b46edb75a89102e8dcc613da0eca5960,gx-no-cache=1489770094003 HTTP/1.1" 200 30
200.112.2.48 - - [17/Mar/2017:14:00:23 -0300] "POST /cormun/servlet/solicitudot?a613fc0af1b336bd6b410df606b41e05,INS,0,0,,gx-no-cache=1489770094373 HTTP/1.1" 200 93
200.112.2.48 - - [17/Mar/2017:14:00:23 -0300] "GET /cormun/servlet/hpexe_return? HTTP/1.1" 200 1008
200.112.2.48 - - [17/Mar/2017:14:00:24 -0300] "GET /cormun/static/gxcfg.js?2016101716175148 HTTP/1.1" 304 -
200.112.2.48 - - [17/Mar/2017:14:00:24 -0300] "GET /cormun/servlet/trsolicitudot HTTP/1.1" 200 8239
200.112.2.48 - - [17/Mar/2017:14:00:26 -0300] "GET /cormun/servlet/trsolicitudot HTTP/1.1" 200 8236
200.111.191.210 - - [17/Mar/2017:14:00:28 -0300] "POST /cormun/servlet/trsolicitudot?3dea09dc9100dda32ef80e621a335c36,,gx-no-cache=1489773608205 HTTP/1.1" 200 4206
200.111.191.210 - - [17/Mar/2017:14:00:29 -0300] "POST /cormun/servlet/trsolicitudot?3dea09dc9100dda32ef80e621a335c36,,gx-no-cache=1489773608471 HTTP/1.1" 200 3938
200.111.191.210 - - [17/Mar/2017:14:00:29 -0300] "GET /cormun/static/Shared/jqueryui/images/ui-icons_8d78a5_256x240.png HTTP/1.1" 404 1089
200.111.191.210 - - [17/Mar/2017:14:00:29 -0300] "GET /cormun/static/Shared/jqueryui/images/ui-bg_highlight-soft_100_c6c2c8_1x100.png HTTP/1.1" 404 1117
200.111.191.210 - - [17/Mar/2017:14:00:29 -0300] "GET /cormun/static/Shared/jqueryui/images/ui-icons_82798d_256x240.png HTTP/1.1" 404 1089
200.111.191.210 - - [17/Mar/2017:14:00:29 -0300] "GET /cormun/static/Shared/jqueryui/images/ui-bg_flat_55_fafafa_40x100.png HTTP/1.1" 404 1097
200.111.191.210 - - [17/Mar/2017:14:00:32 -0300] "GET /cormun/servlet/trsolicitudot? HTTP/1.1" 200 6663
200.111.191.210 - - [17/Mar/2017:14:00:36 -0300] "GET /cormun/servlet/hlogin HTTP/1.1" 200 1741
200.111.191.210 - - [17/Mar/2017:14:00:46 -0300] "POST /cormun/servlet/hlogin?3dea09dc9100dda32ef80e621a335c36,gx-no-cache=1489773626125 HTTP/1.1" 200 90
200.111.191.210 - - [17/Mar/2017:14:00:46 -0300] "GET /cormun/servlet/hpexe_link HTTP/1.1" 200 952
200.111.191.210 - - [17/Mar/2017:14:00:46 -0300] "GET /cormun/servlet/hhome HTTP/1.1" 200 3929
200.111.191.210 - - [17/Mar/2017:14:00:47 -0300] "GET /cormun/static/SmoothNavMenu/resources/images/right.gif HTTP/1.1" 200 860
200.111.191.210 - - [17/Mar/2017:14:00:54 -0300] "GET /cormun/servlet/trautorizarsolicitud? HTTP/1.1" 200 8670
200.111.191.210 - - [17/Mar/2017:14:00:54 -0300] "GET /cormun/static/gxcfg.js?2017259112829 HTTP/1.1" 200 953
