186.103.158.250 - - [17/Mar/2017:09:22:06 -0300] "GET /cormun/servlet/trsolicitudot? HTTP/1.1" 200 8500
192.168.10.89 - - [17/Mar/2017:09:22:08 -0300] "GET /cormun/servlet/solicitudot?cb00fb666f4b3c6f3754d7b57b375ba0c10b7e75fd7207f16b7d2f232d6dda6b7692d0bcb9d2b9d8607ca643634ed90e607b50aa3a3df629b5f92ad53410dcb64540e6799f299789d2937caee233e3d4a6b8d63e3e0f6512e78d1a3420d850c47cc63fa3f1d65fdda92718df550d8eda,gx-no-cache=1489756610334 HTTP/1.1" 200 29
192.168.10.89 - - [17/Mar/2017:09:22:08 -0300] "POST /cormun/servlet/solicitudot?gx-no-cache=1489756610416 HTTP/1.1" 200 1274
192.168.10.89 - - [17/Mar/2017:09:22:09 -0300] "POST /cormun/servlet/solicitudot?gx-no-cache=1489756611515 HTTP/1.1" 200 1157
186.67.172.234 - - [17/Mar/2017:09:22:15 -0300] "GET /cormun/servlet/solicitudot?INS,0,0, HTTP/1.1" 200 12852
186.67.172.234 - - [17/Mar/2017:09:22:15 -0300] "GET /cormun/static/gxcfg.js?20171191042720 HTTP/1.1" 200 953
186.67.172.234 - - [17/Mar/2017:09:22:16 -0300] "GET /cormun/static/solicitudot.js?2017119104297 HTTP/1.1" 200 63948
186.67.172.234 - - [17/Mar/2017:09:22:16 -0300] "GET /cormun/servlet/solicitudot?INS,0,0, HTTP/1.1" 200 12857
186.103.158.250 - - [17/Mar/2017:09:22:17 -0300] "GET /cormun/servlet/solicitudot?INS,0,0, HTTP/1.1" 200 12576
186.103.158.250 - - [17/Mar/2017:09:22:19 -0300] "GET /cormun/servlet/solicitudot?INS,0,0, HTTP/1.1" 200 12578
192.168.10.89 - - [17/Mar/2017:09:22:19 -0300] "GET /cormun/servlet/solicitudot?cb00fb666f4b3c6f3754d7b57b375ba0e8430dd24459bc83fc35b95b5f845e1418fecd0996b0ab8b4c41dc7cede04d13cfeaeca5932160fb4bf81be373e12a38ba15f32cb49d2a854851540da7d885602816d480cab313e047413e9dff3cbffd278e15e5b8bd4788e3ca80de7000152429ab727cc5687edbc4a2b3eb3d96a4e02bb18d61844bf79b1784de765cc95510bcdab1ce70dadd4e94ac31d9d0c89cc26cd96c2c606e2e9dbe94fec124e62f712a47900fd7785f50e142a8fa471b6ed8,gx-no-cache=1489756621231 HTTP/1.1" 200 30
192.168.10.89 - - [17/Mar/2017:09:22:27 -0300] "POST /cormun/servlet/solicitudot?93107feadc37a59d185ec601937b643b,INS,0,0,,gx-no-cache=1489756628540 HTTP/1.1" 500 10
186.67.172.234 - - [17/Mar/2017:09:22:27 -0300] "POST /cormun/servlet/solicitudot?gx-no-cache=1489753428040 HTTP/1.1" 200 3173
186.67.172.234 - - [17/Mar/2017:09:22:27 -0300] "POST /cormun/servlet/solicitudot?0211e441203bad4b0879b5fdcfd42556,INS,0,0,,gx-no-cache=1489753428153 HTTP/1.1" 200 9947
186.67.172.234 - - [17/Mar/2017:09:22:45 -0300] "GET /cormun/servlet/solicitudot?5c5887e93e184f1468f719e1ee5c4ee0a5eb57af37eeb4ddc57c420c817853ef57eeb6c519a470f24f15786aeab268d2,gx-no-cache=1489753446001 HTTP/1.1" 200 30
186.67.172.234 - - [17/Mar/2017:09:22:45 -0300] "POST /cormun/servlet/solicitudot?gx-no-cache=1489753446052 HTTP/1.1" 200 240
186.67.172.234 - - [17/Mar/2017:09:22:45 -0300] "GET /cormun/servlet/solicitudot?5c5887e93e184f1468f719e1ee5c4ee06adff90418d3366524a9a8c57e622d2f9c25c3c70d98759d65b159b5883dd5b5ea1adc4e39bfb0a31cb6e49b04c99a14933b197f388c87fe01f01ea021f9416762c15d27e755c5e3582cd7b4d1f91c472d536168a931da5b0eb9e3b82d0d5ebd8ed849cadaeaf6c85babf3a1708443b35301e03d6d262950360adc3119330656ea1f0aa912d74c5f1709060634f50258503900993223da6c48781bf8b68f619c20f8361628e10baa6cdf060216e9b1fb8f8158f1f512b033f081c01470f613dcfc33a4c04c55535f0c3b2491d1a9caf7de8e129f191f6a9e10e77d20ff99c3203cb1e3979db6d6a1b045f58dd3db0b6f7e5e76d38225ab3d9aaa47b07395c688f105bf482710a6d1a197ed7fcde45dddf9c71c3ba0f7997d1547f9c9fd041b177976fa9b8831c2a146e13986a94be087dceca9032df28ac1f1433ac59852429f1a42936a3f71dcea585414a05a0b16ea54187f394699340d0b807bcfbc64e3b7cf1e0854329bedb0414c758013ac1f9b,gx-no-cache=1489753446085 HTTP/1.1" 200 30
186.103.158.250 - - [17/Mar/2017:09:22:51 -0300] "POST /cormun/servlet/solicitudot?gx-no-cache=1489753438890 HTTP/1.1" 200 3182
186.103.158.250 - - [17/Mar/2017:09:22:51 -0300] "POST /cormun/servlet/solicitudot?c677f60a4435977e4a1927e385bfbcd1,INS,0,0,,gx-no-cache=1489753439178 HTTP/1.1" 200 9790
192.168.10.96 - - [17/Mar/2017:09:22:53 -0300] "POST /cormun/servlet/trsolicitudot?6b2310dc7ed7289c9b84a53864c617c2,,gx-no-cache=1489756655113 HTTP/1.1" 200 105
192.168.10.96 - - [17/Mar/2017:09:22:53 -0300] "GET /cormun/servlet/solicitudot?DLT,2017,4672, HTTP/1.1" 200 9711
192.168.10.96 - - [17/Mar/2017:09:22:54 -0300] "GET /cormun/static/Shared/jqueryui/images/ui-bg_highlight-soft_100_c6c2c8_1x100.png HTTP/1.1" 404 1117
192.168.10.96 - - [17/Mar/2017:09:22:54 -0300] "GET /cormun/static/Shared/jqueryui/images/ui-icons_82798d_256x240.png HTTP/1.1" 404 1089
192.168.10.96 - - [17/Mar/2017:09:22:54 -0300] "GET /cormun/static/Shared/jqueryui/images/ui-bg_flat_55_fafafa_40x100.png HTTP/1.1" 404 1097
192.168.10.96 - - [17/Mar/2017:09:22:54 -0300] "GET /cormun/static/Shared/jqueryui/images/ui-icons_8d78a5_256x240.png HTTP/1.1" 404 1089
192.168.10.96 - - [17/Mar/2017:09:22:54 -0300] "GET /cormun/servlet/solicitudot?DLT,2017,4672, HTTP/1.1" 200 9720
192.168.10.96 - - [17/Mar/2017:09:22:56 -0300] "POST /cormun/servlet/solicitudot?6b2310dc7ed7289c9b84a53864c617c2,DLT,2017,4672,,gx-no-cache=1489756658316 HTTP/1.1" 200 90
192.168.10.96 - - [17/Mar/2017:09:22:56 -0300] "GET /cormun/servlet/hpexe_link HTTP/1.1" 200 970
192.168.10.96 - - [17/Mar/2017:09:22:56 -0300] "GET /cormun/servlet/trsolicitudot HTTP/1.1" 200 10478
192.168.10.96 - - [17/Mar/2017:09:22:57 -0300] "GET /cormun/servlet/trsolicitudot HTTP/1.1" 200 10476
186.103.158.250 - - [17/Mar/2017:09:22:57 -0300] "GET /cormun/servlet/solicitudot?a86e56ddde2855abe6a5a49134ae02cfd3b91eb0c7c823f2ec3ddff2ed2f688ed21a2d6cf6e04a2e4ca7a3501e1ad7eb,gx-no-cache=1489753445847 HTTP/1.1" 200 30
186.103.158.250 - - [17/Mar/2017:09:22:58 -0300] "POST /cormun/servlet/solicitudot?gx-no-cache=1489753445929 HTTP/1.1" 200 297
186.103.158.250 - - [17/Mar/2017:09:22:58 -0300] "GET /cormun/servlet/solicitudot?a86e56ddde2855abe6a5a49134ae02cf3a68e6c6f81bd6965afe130d7c81b81a88d79b285ab2dfaa760dead1ad8fb60acda0782042c65e1b0210b2405326c7a02bf053b992efa55c7343d16ad06a1632dd258d62d8aa7e630808486f79ce6b7873c864f16c0a59ca6b022eaa8fa5e9396a3d3c40aa52b8c3b00a3c30383ffb7e434ea61f7d2e05b5fdbe6790b6f1b4d62d0d43f4482ce1cd7f5de229e9f40b245f84f22ed386eef547de1d2f344a77e96d873b61e960cbebdb7c4aac9d78da3ea3ee634df419d9eed528e99e5bb3627627aad7898c1bc6eba38ee8b71c3d847e39205bb3905adbc1f3bcff58fda7a87651b91a60bcf9133730fdefda458d9bad1c59ec8192195a7599ce727766880b93381a740b2b49b879e0b680d9d98c612e5ca5a082c7af0dc848b1804b037b120f58d10f57bd92f7c386a24750f7fa58066334c212b1e14c8b163fbac6104529c293cbcc9426bf317c8f58469f3eca4c5959c9177849f9bfc9fd94ca4a71ac9a47e1ee42e2e2fbeb7259da036a241d2dc8ab43e1d2189539917f118b915ca98975,gx-no-cache=1489753446008 HTTP/1.1" 200 30
192.168.10.96 - - [17/Mar/2017:09:23:01 -0300] "POST /cormun/servlet/trsolicitudot?6b2310dc7ed7289c9b84a53864c617c2,gx-no-cache=1489756662670 HTTP/1.1" 200 7209
192.168.10.96 - - [17/Mar/2017:09:23:01 -0300] "GET /cormun/static/Shared/jqueryui/images/ui-icons_82798d_256x240.png HTTP/1.1" 404 1089
192.168.10.96 - - [17/Mar/2017:09:23:01 -0300] "GET /cormun/static/Shared/jqueryui/images/ui-bg_highlight-soft_100_c6c2c8_1x100.png HTTP/1.1" 404 1117
192.168.10.96 - - [17/Mar/2017:09:23:01 -0300] "GET /cormun/static/Shared/jqueryui/images/ui-icons_8d78a5_256x240.png HTTP/1.1" 404 1089
192.168.10.96 - - [17/Mar/2017:09:23:01 -0300] "GET /cormun/static/Shared/jqueryui/images/ui-bg_flat_55_fafafa_40x100.png HTTP/1.1" 404 1097
192.168.10.96 - - [17/Mar/2017:09:23:01 -0300] "POST /cormun/servlet/trsolicitudot?6b2310dc7ed7289c9b84a53864c617c2,gx-no-cache=1489756662966 HTTP/1.1" 200 7151
192.168.10.96 - - [17/Mar/2017:09:23:03 -0300] "GET /cormun/servlet/trautorizarsolicitud? HTTP/1.1" 200 7037
192.168.10.96 - - [17/Mar/2017:09:23:03 -0300] "GET /cormun/static/gxcfg.js?2017259112829 HTTP/1.1" 200 953
192.168.10.96 - - [17/Mar/2017:09:23:03 -0300] "GET /cormun/static/trautorizarsolicitud.js?2017259113483 HTTP/1.1" 200 53096
192.168.10.96 - - [17/Mar/2017:09:23:03 -0300] "GET /cormun/servlet/trautorizarsolicitud? HTTP/1.1" 200 7037
186.103.158.250 - - [17/Mar/2017:09:23:04 -0300] "POST /cormun/servlet/solicitudot?gx-no-cache=1489753452462 HTTP/1.1" 200 30
192.168.10.96 - - [17/Mar/2017:09:23:10 -0300] "POST /cormun/servlet/trautorizarsolicitud?6b2310dc7ed7289c9b84a53864c617c2,,gx-no-cache=1489756671526 HTTP/1.1" 200 5424
186.103.158.250 - - [17/Mar/2017:09:23:10 -0300] "POST /cormun/servlet/solicitudot?gx-no-cache=1489753458817 HTTP/1.1" 200 235
186.103.158.250 - - [17/Mar/2017:09:23:11 -0300] "POST /cormun/servlet/solicitudot?gx-no-cache=1489753458907 HTTP/1.1" 200 38
192.168.10.96 - - [17/Mar/2017:09:23:15 -0300] "POST /cormun/servlet/trautorizarsolicitud?6b2310dc7ed7289c9b84a53864c617c2,,gx-no-cache=1489756677322 HTTP/1.1" 200 115
192.168.10.96 - - [17/Mar/2017:09:23:15 -0300] "GET /cormun/servlet/solicitudotlog?INS,2017,4672,0,ANU, HTTP/1.1" 200 5892
192.168.10.96 - - [17/Mar/2017:09:23:15 -0300] "GET /cormun/static/gxcfg.js?201731512535061 HTTP/1.1" 200 953
192.168.10.96 - - [17/Mar/2017:09:23:15 -0300] "GET /cormun/static/solicitudotlog.js?201731512535070 HTTP/1.1" 200 8925
192.168.10.96 - - [17/Mar/2017:09:23:16 -0300] "GET /cormun/servlet/solicitudotlog?INS,2017,4672,0,ANU, HTTP/1.1" 200 5892
192.168.10.96 - - [17/Mar/2017:09:23:16 -0300] "GET /cormun/servlet/solicitudotlog?1b63cf81999f625e9913f0de04bdcd0d92474ca15d1dea7d3ae8173f0b99479aa774d47d1d166d6e3c63eccdd981672a2c86f4e811267ddbc7e106761af611064f5296b92543afc221c5ef77c286e1350ecaeb622b25c4c70cb4621b148970aaf0416ea5391d76e464d2b4278ca86081b44ca67670e2007aba571d9d9774810ad274bc05170fc2006cdc83ad8ce70dcdf3c511be3a228f12cb44413ca2ddd41b,gx-no-cache=1489756678311 HTTP/1.1" 200 94
186.103.156.24 - - [17/Mar/2017:09:23:19 -0300] "GET /cormun/servlet/hlogin HTTP/1.1" 200 1719
192.168.10.96 - - [17/Mar/2017:09:23:19 -0300] "POST /cormun/servlet/solicitudotlog?6b2310dc7ed7289c9b84a53864c617c2,INS,2017,4672,0,ANU,,gx-no-cache=1489756681142 HTTP/1.1" 200 93
192.168.10.96 - - [17/Mar/2017:09:23:19 -0300] "GET /cormun/servlet/hpexe_return? HTTP/1.1" 200 1029
192.168.10.96 - - [17/Mar/2017:09:23:19 -0300] "GET /cormun/static/gxcfg.js?2016101716175148 HTTP/1.1" 200 953
192.168.10.96 - - [17/Mar/2017:09:23:19 -0300] "GET /cormun/static/hpexe_return.js?2016101716175153 HTTP/1.1" 200 1633
192.168.10.96 - - [17/Mar/2017:09:23:19 -0300] "GET /cormun/servlet/trautorizarsolicitud? HTTP/1.1" 200 7039
192.168.10.96 - - [17/Mar/2017:09:23:20 -0300] "GET /cormun/servlet/trautorizarsolicitud? HTTP/1.1" 200 7036
186.67.172.234 - - [17/Mar/2017:09:23:23 -0300] "POST /cormun/servlet/solicitudot?gx-no-cache=1489753484363 HTTP/1.1" 200 30
192.168.10.96 - - [17/Mar/2017:09:23:25 -0300] "GET /cormun/servlet/trsolicitudot? HTTP/1.1" 200 10128
186.67.172.234 - - [17/Mar/2017:09:23:26 -0300] "GET /cormun/servlet/prcontratosol?16040843,,,,,MD,,gxPopupLevel%3D0%3B HTTP/1.1" 200 6011
186.67.172.234 - - [17/Mar/2017:09:23:26 -0300] "GET /cormun/static/gxcfg.js?20173151333688 HTTP/1.1" 200 953
192.168.10.96 - - [17/Mar/2017:09:23:26 -0300] "GET /cormun/servlet/trsolicitudot? HTTP/1.1" 200 10127
186.67.172.234 - - [17/Mar/2017:09:23:26 -0300] "GET /cormun/static/prcontratosol.js?20173151333836 HTTP/1.1" 200 14084
186.67.172.234 - - [17/Mar/2017:09:23:26 -0300] "GET /cormun/static/menusearch.js?201610171694467 HTTP/1.1" 200 1424
186.67.172.234 - - [17/Mar/2017:09:23:26 -0300] "GET /cormun/static/hmpwkw011.js?20173151304635 HTTP/1.1" 200 1968
186.103.158.250 - - [17/Mar/2017:09:23:29 -0300] "GET /cormun/servlet/solicitudot?a86e56ddde2855abe6a5a49134ae02cf148c9aebe87734b97912f03472b3900126ba5d06152390bbb77dd169ff71a4e29f303c40bb19ee171dc93603da0ad689abb1dab206fcd4925dcf845638cf6d921702f3154161af6dde5cb1e1dc12e79d9203c840842dd6ebd06caf20a0e06e68,gx-no-cache=1489753477179 HTTP/1.1" 200 29
186.103.158.250 - - [17/Mar/2017:09:23:29 -0300] "POST /cormun/servlet/solicitudot?gx-no-cache=1489753477233 HTTP/1.1" 200 641
186.67.172.234 - - [17/Mar/2017:09:23:30 -0300] "POST /cormun/servlet/solicitudot?gx-no-cache=1489753491130 HTTP/1.1" 200 1372
186.67.172.234 - - [17/Mar/2017:09:23:30 -0300] "GET /cormun/static/Shared/jqueryui/images/ui-icons_82798d_256x240.png HTTP/1.1" 404 1089
186.67.172.234 - - [17/Mar/2017:09:23:30 -0300] "GET /cormun/static/Shared/jqueryui/images/ui-bg_highlight-soft_100_c6c2c8_1x100.png HTTP/1.1" 404 1117
186.67.172.234 - - [17/Mar/2017:09:23:30 -0300] "GET /cormun/static/Shared/jqueryui/images/ui-icons_ebccce_256x240.png HTTP/1.1" 404 1089
186.67.172.234 - - [17/Mar/2017:09:23:30 -0300] "GET /cormun/static/Shared/jqueryui/images/ui-bg_flat_55_994d53_40x100.png HTTP/1.1" 404 1097
186.67.172.234 - - [17/Mar/2017:09:23:30 -0300] "POST /cormun/servlet/solicitudot?gx-no-cache=1489753491243 HTTP/1.1" 200 117
186.67.172.234 - - [17/Mar/2017:09:23:30 -0300] "GET /cormun/servlet/solicitudot?5c5887e93e184f1468f719e1ee5c4ee038411494957b0f74f347715fa3e13eff16052060e17a6bf2175676fffd323d4aaada267cbaabe62afb4e489c020c3cecfc3c99dff4042227fd0c8d857307693dbcb7c984523ec02bf719b5462da49ced02b89433cef3f5f8e96090d641c3e51326673623c9f71666f56f5c9558b0f9f821d2182003271966572064cbf64b8d4dd22eac92987c6367ac85ad5a9e2239f83968362d152ea546c1dffde118a38c8f7e9eac0e718d342172cba18dedd38fbf96d43c3b92e8f5b01a42357f03dcd628,gx-no-cache=1489753491294 HTTP/1.1" 200 29
186.67.172.234 - - [17/Mar/2017:09:23:30 -0300] "GET /cormun/servlet/solicitudot?5c5887e93e184f1468f719e1ee5c4ee034143ece905f602c78d0c800f43dcdcde9f37a6050b30e650a8c57499a6687e7591f5ac738c5beab8f1fe9b136ebff25b7f1672e59d0598049085137f01c96ba5271ec2b025c1145448fcdb5f6d6888c49e7f4ece0282f2aefcffb2848eabe44ad4b60390c51b55c27065da51929def68023dc43bc7001102ecd3f54fb5a48aafe8bf84df0614aee620003f29c51eeae,gx-no-cache=1489753491326 HTTP/1.1" 200 57
186.67.172.234 - - [17/Mar/2017:09:23:30 -0300] "GET /cormun/servlet/solicitudot?5c5887e93e184f1468f719e1ee5c4ee069ffcd556bbd50320870c4505121e232e9f37a6050b30e650a8c57499a6687e7591f5ac738c5beab8f1fe9b136ebff2538df930904fe10d18ba6a49210b71eb9e110dc275907d62cd5d9ff2790e301d987ee3b6b03d3908ada711b0ea292d281781ca57c5d94cd8653e56657b6a0a2c2,gx-no-cache=1489753491360 HTTP/1.1" 200 57
186.103.158.250 - - [17/Mar/2017:09:23:31 -0300] "POST /cormun/servlet/solicitudot?gx-no-cache=1489753479243 HTTP/1.1" 200 1157
186.103.156.24 - - [17/Mar/2017:09:23:33 -0300] "POST /cormun/servlet/hlogin?461cd1227f73e6389749d118b7807039,gx-no-cache=1489757187563 HTTP/1.1" 200 423
186.103.158.250 - - [17/Mar/2017:09:23:44 -0300] "GET /cormun/static/menuarrow.gif HTTP/1.1" 404 1015
192.168.10.96 - - [17/Mar/2017:09:23:46 -0300] "POST /cormun/servlet/trsolicitudgral?077e5ea5d175e57d3908850587d6636d,,gx-no-cache=1489756707799 HTTP/1.1" 200 7000
186.103.156.24 - - [17/Mar/2017:09:23:47 -0300] "POST /cormun/servlet/hlogin?461cd1227f73e6389749d118b7807039,gx-no-cache=1489757203045 HTTP/1.1" 200 90
186.103.156.24 - - [17/Mar/2017:09:23:47 -0300] "GET /cormun/servlet/hpexe_link HTTP/1.1" 200 954
186.103.156.24 - - [17/Mar/2017:09:23:48 -0300] "GET /cormun/servlet/trlicencias? HTTP/1.1" 200 6869
186.103.156.24 - - [17/Mar/2017:09:23:49 -0300] "GET /cormun/servlet/trlicencias? HTTP/1.1" 200 6867
186.103.158.250 - - [17/Mar/2017:09:24:04 -0300] "GET /cormun/servlet/solicitudot?a86e56ddde2855abe6a5a49134ae02cfc2fc0d9926dea478c571fa33ae178a4ad5fd5925ec23ba15e6dc2daf0cedb61cdc3ca15e0c1a4be1c1c43b2a9155577a71f0da1a5290ebfcefb6afde7165eed24f51d20f7d4446b74365028021d4f2bb22dbeb4c4068f2a27f99f6fd14c10ebf9b8f30a7a8798fdd6c4d8e47a23ac254a7c58ad4bd9eae4bde877aa01aa987d72de9b57cf27c889fe51cab896cd887cea8b0afbfd5005d79d19f1e715ed86b29,gx-no-cache=1489753512114 HTTP/1.1" 200 30
186.103.156.24 - - [17/Mar/2017:09:24:10 -0300] "GET /cormun/servlet/licenciaspermisos?INS,0,,, HTTP/1.1" 200 7360
186.103.156.24 - - [17/Mar/2017:09:24:11 -0300] "GET /cormun/servlet/licenciaspermisos?INS,0,,, HTTP/1.1" 200 7360
186.103.156.24 - - [17/Mar/2017:09:24:23 -0300] "GET /cormun/servlet/prfichaempleado?,MD,,gxPopupLevel%3D0%3B HTTP/1.1" 200 8852
186.103.156.24 - - [17/Mar/2017:09:24:30 -0300] "POST /cormun/servlet/prfichaempleado?461cd1227f73e6389749d118b7807039,,MD,,gxPopupLevel%3D0%3B,gx-no-cache=1489757249045 HTTP/1.1" 200 3461
192.168.10.96 - - [17/Mar/2017:09:24:33 -0300] "POST /cormun/servlet/trsolicitudgral?077e5ea5d175e57d3908850587d6636d,,gx-no-cache=1489756755194 HTTP/1.1" 200 5418
192.168.10.96 - - [17/Mar/2017:09:24:38 -0300] "POST /cormun/servlet/trsolicitudgral?077e5ea5d175e57d3908850587d6636d,,gx-no-cache=1489756760183 HTTP/1.1" 200 5421
192.168.10.96 - - [17/Mar/2017:09:24:40 -0300] "POST /cormun/servlet/trsolicitudgral?077e5ea5d175e57d3908850587d6636d,,gx-no-cache=1489756762010 HTTP/1.1" 200 5420
186.103.156.24 - - [17/Mar/2017:09:24:42 -0300] "GET /cormun/servlet/trlicencias? HTTP/1.1" 200 6869
186.103.156.24 - - [17/Mar/2017:09:24:43 -0300] "GET /cormun/servlet/trlicencias? HTTP/1.1" 200 6867
186.67.172.234 - - [17/Mar/2017:09:24:43 -0300] "GET /cormun/servlet/prlicenciaspermisos?13776962,L,,MD,,gxPopupLevel%3D0%3B HTTP/1.1" 200 5766
186.67.172.234 - - [17/Mar/2017:09:24:43 -0300] "GET /cormun/static/gxcfg.js?20173151332098 HTTP/1.1" 200 953
186.67.172.234 - - [17/Mar/2017:09:24:43 -0300] "GET /cormun/static/prlicenciaspermisos.js?20173151332259 HTTP/1.1" 200 13363
186.103.158.250 - - [17/Mar/2017:09:24:54 -0300] "POST /cormun/servlet/solicitudot?c677f60a4435977e4a1927e385bfbcd1,INS,0,0,,gx-no-cache=1489753562322 HTTP/1.1" 200 93
186.103.158.250 - - [17/Mar/2017:09:24:54 -0300] "GET /cormun/servlet/hpexe_return? HTTP/1.1" 200 1007
186.103.158.250 - - [17/Mar/2017:09:24:55 -0300] "GET /cormun/servlet/trsolicitudot HTTP/1.1" 200 8862
186.103.158.250 - - [17/Mar/2017:09:24:56 -0300] "GET /cormun/servlet/trsolicitudot HTTP/1.1" 200 8858
186.103.158.250 - - [17/Mar/2017:09:24:59 -0300] "POST /cormun/servlet/trsolicitudot?c677f60a4435977e4a1927e385bfbcd1,gx-no-cache=1489753567216 HTTP/1.1" 200 5742
186.103.158.250 - - [17/Mar/2017:09:24:59 -0300] "GET /cormun/static/Shared/jqueryui/images/ui-bg_highlight-soft_100_c6c2c8_1x100.png HTTP/1.1" 404 1117
186.103.158.250 - - [17/Mar/2017:09:24:59 -0300] "GET /cormun/static/Shared/jqueryui/images/ui-icons_82798d_256x240.png HTTP/1.1" 404 1089
186.103.158.250 - - [17/Mar/2017:09:24:59 -0300] "GET /cormun/static/Shared/jqueryui/images/ui-bg_flat_55_fafafa_40x100.png HTTP/1.1" 404 1097
186.103.158.250 - - [17/Mar/2017:09:24:59 -0300] "GET /cormun/static/Shared/jqueryui/images/ui-icons_8d78a5_256x240.png HTTP/1.1" 404 1089
186.103.158.250 - - [17/Mar/2017:09:25:00 -0300] "POST /cormun/servlet/trsolicitudot?c677f60a4435977e4a1927e385bfbcd1,gx-no-cache=1489753567817 HTTP/1.1" 200 5685
186.67.172.234 - - [17/Mar/2017:09:25:12 -0300] "POST /cormun/servlet/solicitudot?gx-no-cache=1489753592888 HTTP/1.1" 200 1291
192.168.10.96 - - [17/Mar/2017:09:25:43 -0300] "POST /cormun/servlet/trsolicitudot?6b2310dc7ed7289c9b84a53864c617c2,,gx-no-cache=1489756825298 HTTP/1.1" 200 6894
192.168.10.96 - - [17/Mar/2017:09:25:43 -0300] "GET /cormun/static/Shared/jqueryui/images/ui-bg_highlight-soft_100_c6c2c8_1x100.png HTTP/1.1" 404 1117
192.168.10.96 - - [17/Mar/2017:09:25:43 -0300] "GET /cormun/static/Shared/jqueryui/images/ui-icons_82798d_256x240.png HTTP/1.1" 404 1089
192.168.10.96 - - [17/Mar/2017:09:25:43 -0300] "GET /cormun/static/Shared/jqueryui/images/ui-bg_flat_55_fafafa_40x100.png HTTP/1.1" 404 1097
192.168.10.96 - - [17/Mar/2017:09:25:43 -0300] "GET /cormun/static/Shared/jqueryui/images/ui-icons_8d78a5_256x240.png HTTP/1.1" 404 1089
192.168.10.96 - - [17/Mar/2017:09:25:44 -0300] "POST /cormun/servlet/trsolicitudot?6b2310dc7ed7289c9b84a53864c617c2,,gx-no-cache=1489756825614 HTTP/1.1" 200 6836
186.103.158.250 - - [17/Mar/2017:09:25:47 -0300] "GET /cormun/servlet/solicitudot?INS,0,0, HTTP/1.1" 200 12574
192.168.10.96 - - [17/Mar/2017:09:25:47 -0300] "GET /cormun/servlet/trautorizarsolicitud? HTTP/1.1" 200 8329
192.168.10.96 - - [17/Mar/2017:09:25:47 -0300] "GET /cormun/servlet/trautorizarsolicitud? HTTP/1.1" 200 8329
186.103.158.250 - - [17/Mar/2017:09:25:48 -0300] "GET /cormun/servlet/solicitudot?INS,0,0, HTTP/1.1" 200 12579
192.168.10.96 - - [17/Mar/2017:09:25:51 -0300] "POST /cormun/servlet/trautorizarsolicitud?6b2310dc7ed7289c9b84a53864c617c2,,gx-no-cache=1489756832656 HTTP/1.1" 200 115
192.168.10.96 - - [17/Mar/2017:09:25:51 -0300] "GET /cormun/servlet/solicitudotlog?INS,2017,3503,0,ANU, HTTP/1.1" 200 5892
192.168.10.96 - - [17/Mar/2017:09:25:51 -0300] "GET /cormun/servlet/solicitudotlog?INS,2017,3503,0,ANU, HTTP/1.1" 200 5892
192.168.10.96 - - [17/Mar/2017:09:25:52 -0300] "GET /cormun/servlet/solicitudotlog?1b63cf81999f625e9913f0de04bdcd0d6c3992499c96cee29ea585b513b2531ea774d47d1d166d6e3c63eccdd981672a2c86f4e811267ddbc7e106761af611064f5296b92543afc221c5ef77c286e1350ecaeb622b25c4c70cb4621b148970aaf0416ea5391d76e464d2b4278ca86081b44ca67670e2007aba571d9d9774810ad274bc05170fc2006cdc83ad8ce70dcdf3c511be3a228f12cb44413ca2ddd41b,gx-no-cache=1489756833637 HTTP/1.1" 200 94
192.168.10.96 - - [17/Mar/2017:09:25:55 -0300] "POST /cormun/servlet/solicitudotlog?6b2310dc7ed7289c9b84a53864c617c2,INS,2017,3503,0,ANU,,gx-no-cache=1489756837116 HTTP/1.1" 200 93
192.168.10.96 - - [17/Mar/2017:09:25:55 -0300] "GET /cormun/servlet/hpexe_return? HTTP/1.1" 200 1028
192.168.10.96 - - [17/Mar/2017:09:25:55 -0300] "GET /cormun/servlet/trautorizarsolicitud HTTP/1.1" 200 7039
192.168.10.96 - - [17/Mar/2017:09:25:56 -0300] "GET /cormun/servlet/trautorizarsolicitud HTTP/1.1" 200 7036
186.103.158.250 - - [17/Mar/2017:09:26:05 -0300] "POST /cormun/servlet/solicitudot?gx-no-cache=1489753633198 HTTP/1.1" 200 3177
186.103.158.250 - - [17/Mar/2017:09:26:05 -0300] "POST /cormun/servlet/solicitudot?c677f60a4435977e4a1927e385bfbcd1,INS,0,0,,gx-no-cache=1489753633451 HTTP/1.1" 200 9787
192.168.10.96 - - [17/Mar/2017:09:26:05 -0300] "GET /cormun/servlet/trsolicitudot? HTTP/1.1" 200 9777
192.168.10.96 - - [17/Mar/2017:09:26:06 -0300] "GET /cormun/servlet/trsolicitudot? HTTP/1.1" 200 9777
186.103.158.250 - - [17/Mar/2017:09:26:08 -0300] "GET /cormun/servlet/solicitudot?a86e56ddde2855abe6a5a49134ae02cf825257ed7564b97ae2833288b6e79d7cd21a2d6cf6e04a2e4ca7a3501e1ad7eb,gx-no-cache=1489753636251 HTTP/1.1" 200 30
186.103.158.250 - - [17/Mar/2017:09:26:08 -0300] "POST /cormun/servlet/solicitudot?gx-no-cache=1489753636340 HTTP/1.1" 200 297
186.103.158.250 - - [17/Mar/2017:09:26:08 -0300] "GET /cormun/servlet/solicitudot?a86e56ddde2855abe6a5a49134ae02cf3a68e6c6f81bd6965afe130d7c81b81a88d79b285ab2dfaa760dead1ad8fb60acda0782042c65e1b0210b2405326c7a02bf053b992efa55c7343d16ad06a1632dd258d62d8aa7e630808486f79ce6b7873c864f16c0a59ca6b022eaa8fa5e9396a3d3c40aa52b8c3b00a3c30383ffb7e434ea61f7d2e05b5fdbe6790b6f1b4d62d0d43f4482ce1cd7f5de229e9f40b245f84f22ed386eef547de1d2f344a77e96d873b61e960cbebdb7c4aac9d78da3ea3ee634df419d9eed528e99e5bb3627627aad7898c1bc6eba38ee8b71c3d847e39205bb3905adbc1f3bcff58fda7a87651b91a60bcf9133730fdefda458d9bad1c59ec8192195a7599ce727766880b93381a740b2b49b879e0b680d9d98c612e5ca5a082c7af0dc848b1804b037b120f58d10f57bd92f7c386a24750f7fa58066334c212b1e14c8b163fbac6104529c293cbcc9426bf317c8f58469f3eca4c5959c9177849f9bfc9fd94ca4a71ac9a47e1ee42e2e2fbeb7259da036a241d2dc8ab43e1d2189539917f118b915ca98975,gx-no-cache=1489753636393 HTTP/1.1" 200 30
186.103.158.250 - - [17/Mar/2017:09:26:11 -0300] "POST /cormun/servlet/solicitudot?gx-no-cache=1489753639717 HTTP/1.1" 200 30
186.103.158.250 - - [17/Mar/2017:09:26:13 -0300] "POST /cormun/servlet/solicitudot?gx-no-cache=1489753641635 HTTP/1.1" 200 1291
186.103.158.250 - - [17/Mar/2017:09:26:13 -0300] "POST /cormun/servlet/solicitudot?gx-no-cache=1489753641724 HTTP/1.1" 200 38
186.103.158.250 - - [17/Mar/2017:09:26:24 -0300] "GET /cormun/servlet/solicitudot?a86e56ddde2855abe6a5a49134ae02cf148c9aebe87734b97912f03472b3900126ba5d06152390bbb77dd169ff71a4e29f303c40bb19ee171dc93603da0ad689abb1dab206fcd4925dcf845638cf6d921702f3154161af6dde5cb1e1dc12e79d9203c840842dd6ebd06caf20a0e06e68,gx-no-cache=1489753652512 HTTP/1.1" 200 29
186.103.158.250 - - [17/Mar/2017:09:26:24 -0300] "POST /cormun/servlet/solicitudot?gx-no-cache=1489753652560 HTTP/1.1" 200 1273
186.103.158.250 - - [17/Mar/2017:09:26:24 -0300] "POST /cormun/servlet/solicitudot?gx-no-cache=1489753652619 HTTP/1.1" 200 1156
186.103.158.250 - - [17/Mar/2017:09:26:24 -0300] "GET /cormun/static/menuarrow.gif HTTP/1.1" 404 1015
186.103.158.250 - - [17/Mar/2017:09:26:27 -0300] "POST /cormun/servlet/solicitudot?gx-no-cache=1489753655343 HTTP/1.1" 200 1273
186.103.158.250 - - [17/Mar/2017:09:26:27 -0300] "POST /cormun/servlet/solicitudot?gx-no-cache=1489753655425 HTTP/1.1" 200 1156
186.103.158.250 - - [17/Mar/2017:09:26:38 -0300] "GET /cormun/servlet/solicitudot?a86e56ddde2855abe6a5a49134ae02cf0325535f599e7295e054cbf516eed15814962f2b22f3733371011506d6c5cb33dc3ca15e0c1a4be1c1c43b2a9155577a71f0da1a5290ebfcefb6afde7165eed24f51d20f7d4446b74365028021d4f2bb22dbeb4c4068f2a27f99f6fd14c10ebf9b8f30a7a8798fdd6c4d8e47a23ac254a7c58ad4bd9eae4bde877aa01aa987d72de9b57cf27c889fe51cab896cd887cea8b0afbfd5005d79d19f1e715ed86b29,gx-no-cache=1489753666093 HTTP/1.1" 200 30
186.67.172.234 - - [17/Mar/2017:09:26:41 -0300] "POST /cormun/servlet/solicitudot?gx-no-cache=1489753682216 HTTP/1.1" 200 20
192.168.10.96 - - [17/Mar/2017:09:26:49 -0300] "POST /cormun/servlet/trsolicitudgral?077e5ea5d175e57d3908850587d6636d,,gx-no-cache=1489756890850 HTTP/1.1" 200 5421
192.168.10.96 - - [17/Mar/2017:09:26:59 -0300] "POST /cormun/servlet/trsolicitudgral?077e5ea5d175e57d3908850587d6636d,,gx-no-cache=1489756900582 HTTP/1.1" 200 5420
186.67.172.234 - - [17/Mar/2017:09:27:05 -0300] "GET /cormun/servlet/solicitudot?5c5887e93e184f1468f719e1ee5c4ee038411494957b0f74f347715fa3e13eff16052060e17a6bf2175676fffd323d4a5d48bb68286645ba610eba3eb7e52ef3fc3c99dff4042227fd0c8d857307693dbcb7c984523ec02bf719b5462da49ced02b89433cef3f5f8e96090d641c3e51326673623c9f71666f56f5c9558b0f9f821d2182003271966572064cbf64b8d4dd22eac92987c6367ac85ad5a9e2239f83968362d152ea546c1dffde118a38c8f7e9eac0e718d342172cba18dedd38fbf96d43c3b92e8f5b01a42357f03dcd628,gx-no-cache=1489753705555 HTTP/1.1" 200 29
192.168.10.96 - - [17/Mar/2017:09:27:05 -0300] "POST /cormun/servlet/trsolicitudgral?077e5ea5d175e57d3908850587d6636d,,gx-no-cache=1489756906844 HTTP/1.1" 200 5422
192.168.10.96 - - [17/Mar/2017:09:27:09 -0300] "POST /cormun/servlet/trsolicitudgral?077e5ea5d175e57d3908850587d6636d,,gx-no-cache=1489756911224 HTTP/1.1" 200 5421
192.168.10.96 - - [17/Mar/2017:09:27:14 -0300] "POST /cormun/servlet/trsolicitudgral?077e5ea5d175e57d3908850587d6636d,,gx-no-cache=1489756915798 HTTP/1.1" 200 5412
192.168.10.96 - - [17/Mar/2017:09:27:18 -0300] "POST /cormun/servlet/trsolicitudgral?077e5ea5d175e57d3908850587d6636d,,gx-no-cache=1489756920261 HTTP/1.1" 200 5411
192.168.10.96 - - [17/Mar/2017:09:27:22 -0300] "POST /cormun/servlet/trsolicitudgral?077e5ea5d175e57d3908850587d6636d,,gx-no-cache=1489756923646 HTTP/1.1" 200 7026
186.67.172.234 - - [17/Mar/2017:09:27:30 -0300] "POST /cormun/servlet/solicitudot?gx-no-cache=1489753730403 HTTP/1.1" 200 1275
186.67.172.234 - - [17/Mar/2017:09:27:30 -0300] "POST /cormun/servlet/solicitudot?gx-no-cache=1489753730454 HTTP/1.1" 200 1158
186.67.172.234 - - [17/Mar/2017:09:27:30 -0300] "GET /cormun/servlet/solicitudot?5c5887e93e184f1468f719e1ee5c4ee061ed1a10f8ad4363d923318d583ecd33ef8d859a25151fe953150b8f9860f9b9548fb60b4ff498b57c56fb93f1bb5cdc4f1fe9ca58195cc3d75ed2ea9e29fe708023dc43bc7001102ecd3f54fb5a48aaa55ffbfe453f3b55d3f2919bfa1033ce1a97369feccf6830686bd4f6b9fbd65054041fc8fa2f1144f5a369fc5017e3a76e2fcb0c0b19f199a1e8de7d6a7887b2a9e0a1493f3c2a5705128f8e3a0f15036dd015df8f9875b38eb360e91a4c08e0,gx-no-cache=1489753730507 HTTP/1.1" 200 30
186.67.172.234 - - [17/Mar/2017:09:27:30 -0300] "POST /cormun/servlet/solicitudot?0211e441203bad4b0879b5fdcfd42556,INS,0,0,,gx-no-cache=1489753730543 HTTP/1.1" 500 10
186.103.158.250 - - [17/Mar/2017:09:27:55 -0300] "POST /cormun/servlet/solicitudot?c677f60a4435977e4a1927e385bfbcd1,INS,0,0,,gx-no-cache=1489753743228 HTTP/1.1" 200 93
186.103.158.250 - - [17/Mar/2017:09:27:55 -0300] "GET /cormun/servlet/hpexe_return? HTTP/1.1" 200 1026
186.103.158.250 - - [17/Mar/2017:09:27:56 -0300] "GET /cormun/servlet/trsolicitudot?gx-no-cache=1489753567817 HTTP/1.1" 200 8846
186.103.158.250 - - [17/Mar/2017:09:27:57 -0300] "GET /cormun/servlet/trsolicitudot?gx-no-cache=1489753567817 HTTP/1.1" 200 8865
186.67.172.234 - - [17/Mar/2017:09:28:00 -0300] "GET /cormun/servlet/trsolicitudot? HTTP/1.1" 200 8296
186.67.172.234 - - [17/Mar/2017:09:28:00 -0300] "GET /cormun/servlet/trsolicitudot? HTTP/1.1" 200 8294
186.103.158.250 - - [17/Mar/2017:09:28:00 -0300] "POST /cormun/servlet/trsolicitudot?c677f60a4435977e4a1927e385bfbcd1,gx-no-cache=1489753567817,gx-no-cache=1489753748208 HTTP/1.1" 200 5742
186.103.158.250 - - [17/Mar/2017:09:28:00 -0300] "GET /cormun/static/Shared/jqueryui/images/ui-bg_highlight-soft_100_c6c2c8_1x100.png HTTP/1.1" 404 1117
186.103.158.250 - - [17/Mar/2017:09:28:00 -0300] "GET /cormun/static/Shared/jqueryui/images/ui-icons_82798d_256x240.png HTTP/1.1" 404 1089
186.103.158.250 - - [17/Mar/2017:09:28:00 -0300] "GET /cormun/static/Shared/jqueryui/images/ui-bg_flat_55_fafafa_40x100.png HTTP/1.1" 404 1097
186.103.158.250 - - [17/Mar/2017:09:28:00 -0300] "GET /cormun/static/Shared/jqueryui/images/ui-icons_8d78a5_256x240.png HTTP/1.1" 404 1089
186.103.158.250 - - [17/Mar/2017:09:28:01 -0300] "POST /cormun/servlet/trsolicitudot?c677f60a4435977e4a1927e385bfbcd1,gx-no-cache=1489753567817,gx-no-cache=1489753748781 HTTP/1.1" 200 5685
186.103.158.250 - - [17/Mar/2017:09:28:03 -0300] "POST /cormun/servlet/trsolicitudot?c677f60a4435977e4a1927e385bfbcd1,gx-no-cache=1489753567817,gx-no-cache=1489753750151 HTTP/1.1" 200 5278
186.103.158.250 - - [17/Mar/2017:09:28:04 -0300] "POST /cormun/servlet/trsolicitudot?c677f60a4435977e4a1927e385bfbcd1,gx-no-cache=1489753567817,gx-no-cache=1489753751600 HTTP/1.1" 200 5221
186.67.172.234 - - [17/Mar/2017:09:28:06 -0300] "GET /cormun/servlet/trsolicitudot? HTTP/1.1" 200 8294
186.67.172.234 - - [17/Mar/2017:09:28:07 -0300] "GET /cormun/servlet/trsolicitudot? HTTP/1.1" 200 8294
186.67.172.234 - - [17/Mar/2017:09:28:09 -0300] "GET /cormun/servlet/solicitudot?INS,0,0, HTTP/1.1" 200 12852
186.67.172.234 - - [17/Mar/2017:09:28:10 -0300] "GET /cormun/servlet/solicitudot?INS,0,0, HTTP/1.1" 200 12857
186.103.158.250 - - [17/Mar/2017:09:28:14 -0300] "GET /cormun/servlet/hlogin HTTP/1.1" 200 1722
186.67.172.234 - - [17/Mar/2017:09:28:26 -0300] "POST /cormun/servlet/solicitudot?gx-no-cache=1489753787010 HTTP/1.1" 200 3173
186.67.172.234 - - [17/Mar/2017:09:28:27 -0300] "POST /cormun/servlet/solicitudot?0211e441203bad4b0879b5fdcfd42556,INS,0,0,,gx-no-cache=1489753787312 HTTP/1.1" 200 9947
186.67.172.234 - - [17/Mar/2017:09:28:29 -0300] "GET /cormun/servlet/solicitudot?5c5887e93e184f1468f719e1ee5c4ee0a5eb57af37eeb4ddc57c420c817853ef57eeb6c519a470f24f15786aeab268d2,gx-no-cache=1489753789958 HTTP/1.1" 200 30
186.67.172.234 - - [17/Mar/2017:09:28:29 -0300] "POST /cormun/servlet/solicitudot?gx-no-cache=1489753790021 HTTP/1.1" 200 240
186.67.172.234 - - [17/Mar/2017:09:28:29 -0300] "GET /cormun/servlet/solicitudot?5c5887e93e184f1468f719e1ee5c4ee06adff90418d3366524a9a8c57e622d2f9c25c3c70d98759d65b159b5883dd5b5ea1adc4e39bfb0a31cb6e49b04c99a14933b197f388c87fe01f01ea021f9416762c15d27e755c5e3582cd7b4d1f91c472d536168a931da5b0eb9e3b82d0d5ebd8ed849cadaeaf6c85babf3a1708443b35301e03d6d262950360adc3119330656ea1f0aa912d74c5f1709060634f50258503900993223da6c48781bf8b68f619c20f8361628e10baa6cdf060216e9b1fb8f8158f1f512b033f081c01470f613dcfc33a4c04c55535f0c3b2491d1a9caf7de8e129f191f6a9e10e77d20ff99c3203cb1e3979db6d6a1b045f58dd3db0b6f7e5e76d38225ab3d9aaa47b07395c688f105bf482710a6d1a197ed7fcde45dddf9c71c3ba0f7997d1547f9c9fd041b177976fa9b8831c2a146e13986a94be087dceca9032df28ac1f1433ac59852429f1a42936a3f71dcea585414a05a0b16ea54187f394699340d0b807bcfbc64e3b7cf1e0854329bedb0414c758013ac1f9b,gx-no-cache=1489753790078 HTTP/1.1" 200 30
186.67.172.234 - - [17/Mar/2017:09:28:30 -0300] "POST /cormun/servlet/solicitudot?gx-no-cache=1489753791393 HTTP/1.1" 200 30
186.67.172.234 - - [17/Mar/2017:09:28:31 -0300] "GET /cormun/servlet/prcontratosol?16040843,,,,,MD,,gxPopupLevel%3D0%3B HTTP/1.1" 200 6011
186.67.172.234 - - [17/Mar/2017:09:28:34 -0300] "POST /cormun/servlet/solicitudot?gx-no-cache=1489753795137 HTTP/1.1" 200 1372
186.67.172.234 - - [17/Mar/2017:09:28:34 -0300] "GET /cormun/static/Shared/jqueryui/images/ui-bg_highlight-soft_100_c6c2c8_1x100.png HTTP/1.1" 404 1117
186.67.172.234 - - [17/Mar/2017:09:28:34 -0300] "GET /cormun/static/Shared/jqueryui/images/ui-icons_82798d_256x240.png HTTP/1.1" 404 1089
186.67.172.234 - - [17/Mar/2017:09:28:34 -0300] "GET /cormun/static/Shared/jqueryui/images/ui-bg_flat_55_994d53_40x100.png HTTP/1.1" 404 1097
186.67.172.234 - - [17/Mar/2017:09:28:34 -0300] "GET /cormun/static/Shared/jqueryui/images/ui-icons_ebccce_256x240.png HTTP/1.1" 404 1089
186.67.172.234 - - [17/Mar/2017:09:28:34 -0300] "POST /cormun/servlet/solicitudot?gx-no-cache=1489753795248 HTTP/1.1" 200 117
186.67.172.234 - - [17/Mar/2017:09:28:34 -0300] "GET /cormun/servlet/solicitudot?5c5887e93e184f1468f719e1ee5c4ee038411494957b0f74f347715fa3e13eff16052060e17a6bf2175676fffd323d4aaada267cbaabe62afb4e489c020c3cecfc3c99dff4042227fd0c8d857307693dbcb7c984523ec02bf719b5462da49ced02b89433cef3f5f8e96090d641c3e51326673623c9f71666f56f5c9558b0f9f821d2182003271966572064cbf64b8d4dd22eac92987c6367ac85ad5a9e2239f83968362d152ea546c1dffde118a38c8f7e9eac0e718d342172cba18dedd38fbf96d43c3b92e8f5b01a42357f03dcd628,gx-no-cache=1489753795366 HTTP/1.1" 200 29
186.67.172.234 - - [17/Mar/2017:09:28:35 -0300] "GET /cormun/servlet/solicitudot?5c5887e93e184f1468f719e1ee5c4ee034143ece905f602c78d0c800f43dcdcde9f37a6050b30e650a8c57499a6687e7591f5ac738c5beab8f1fe9b136ebff25b7f1672e59d0598049085137f01c96ba5271ec2b025c1145448fcdb5f6d6888c49e7f4ece0282f2aefcffb2848eabe44ad4b60390c51b55c27065da51929def68023dc43bc7001102ecd3f54fb5a48aafe8bf84df0614aee620003f29c51eeae,gx-no-cache=1489753795661 HTTP/1.1" 200 57
186.67.172.234 - - [17/Mar/2017:09:28:35 -0300] "GET /cormun/servlet/solicitudot?5c5887e93e184f1468f719e1ee5c4ee069ffcd556bbd50320870c4505121e232e9f37a6050b30e650a8c57499a6687e7591f5ac738c5beab8f1fe9b136ebff2538df930904fe10d18ba6a49210b71eb9e110dc275907d62cd5d9ff2790e301d987ee3b6b03d3908ada711b0ea292d281781ca57c5d94cd8653e56657b6a0a2c2,gx-no-cache=1489753795697 HTTP/1.1" 200 57
186.103.158.250 - - [17/Mar/2017:09:28:46 -0300] "POST /cormun/servlet/hlogin?c677f60a4435977e4a1927e385bfbcd1,gx-no-cache=1489753793674 HTTP/1.1" 200 90
186.103.158.250 - - [17/Mar/2017:09:28:46 -0300] "GET /cormun/servlet/hpexe_link HTTP/1.1" 200 953
186.103.158.250 - - [17/Mar/2017:09:28:46 -0300] "GET /cormun/servlet/hhome HTTP/1.1" 200 3939
186.103.158.250 - - [17/Mar/2017:09:28:47 -0300] "GET /cormun/servlet/hhome HTTP/1.1" 200 3935
186.103.158.250 - - [17/Mar/2017:09:28:52 -0300] "GET /cormun/servlet/trautorizarsolicitud? HTTP/1.1" 200 9174
186.103.158.250 - - [17/Mar/2017:09:28:52 -0300] "GET /cormun/static/gxcfg.js?2017259112829 HTTP/1.1" 200 953
186.103.158.250 - - [17/Mar/2017:09:28:52 -0300] "GET /cormun/static/trautorizarsolicitud.js?2017259113483 HTTP/1.1" 200 53096
186.103.158.250 - - [17/Mar/2017:09:28:53 -0300] "GET /cormun/servlet/trautorizarsolicitud? HTTP/1.1" 200 9172
186.103.158.250 - - [17/Mar/2017:09:29:02 -0300] "POST /cormun/servlet/trautorizarsolicitud?c677f60a4435977e4a1927e385bfbcd1,,gx-no-cache=1489753809943 HTTP/1.1" 200 115
186.103.158.250 - - [17/Mar/2017:09:29:02 -0300] "GET /cormun/servlet/solicitudotlog?INS,2017,4932,0,REC, HTTP/1.1" 200 5740
186.103.158.250 - - [17/Mar/2017:09:29:02 -0300] "GET /cormun/static/gxcfg.js?201731512535061 HTTP/1.1" 200 953
186.103.158.250 - - [17/Mar/2017:09:29:02 -0300] "GET /cormun/static/solicitudotlog.js?201731512535070 HTTP/1.1" 200 8925
186.103.158.250 - - [17/Mar/2017:09:29:03 -0300] "GET /cormun/servlet/solicitudotlog?INS,2017,4932,0,REC, HTTP/1.1" 200 5740
186.67.172.234 - - [17/Mar/2017:09:29:03 -0300] "GET /cormun/servlet/prlicenciaspermisos?13776962,L,,MD,,gxPopupLevel%3D0%3B HTTP/1.1" 200 5766
186.103.158.250 - - [17/Mar/2017:09:29:03 -0300] "GET /cormun/servlet/solicitudotlog?a86e56ddde2855abe6a5a49134ae02cf75c7332f6f33957f02c4bd48748740b126ba5d06152390bbb77dd169ff71a4e29c0c4ca7982de9168a32d01e720e832d8cb58aec185ac36b8669cc979a69597250dffc8496d32c64ad1e12921bfe05ad7cbc166fce34b63a921bd01b51b42524eb4cc019c06d5044cb41ae506b5dcef23648dc5202d067c80409a297adac76b0681397808ce35d3e99eab94b688dc4b4,gx-no-cache=1489753811614 HTTP/1.1" 200 94
186.67.172.234 - - [17/Mar/2017:09:29:07 -0300] "POST /cormun/servlet/solicitudot?gx-no-cache=1489753828094 HTTP/1.1" 200 1291
186.103.158.250 - - [17/Mar/2017:09:29:13 -0300] "POST /cormun/servlet/solicitudotlog?c677f60a4435977e4a1927e385bfbcd1,INS,2017,4932,0,REC,,gx-no-cache=1489753820903 HTTP/1.1" 200 93
186.103.158.250 - - [17/Mar/2017:09:29:14 -0300] "GET /cormun/servlet/hpexe_return? HTTP/1.1" 200 1027
186.103.158.250 - - [17/Mar/2017:09:29:14 -0300] "GET /cormun/servlet/trautorizarsolicitud HTTP/1.1" 200 8791
186.103.158.250 - - [17/Mar/2017:09:29:15 -0300] "GET /cormun/servlet/trautorizarsolicitud HTTP/1.1" 200 8787
186.67.172.234 - - [17/Mar/2017:09:29:20 -0300] "POST /cormun/servlet/solicitudot?gx-no-cache=1489753840674 HTTP/1.1" 200 20
186.67.172.234 - - [17/Mar/2017:09:29:25 -0300] "GET /cormun/servlet/solicitudot?5c5887e93e184f1468f719e1ee5c4ee038411494957b0f74f347715fa3e13eff16052060e17a6bf2175676fffd323d4a5d48bb68286645ba610eba3eb7e52ef3fc3c99dff4042227fd0c8d857307693dbcb7c984523ec02bf719b5462da49ced02b89433cef3f5f8e96090d641c3e51326673623c9f71666f56f5c9558b0f9f821d2182003271966572064cbf64b8d4dd22eac92987c6367ac85ad5a9e2239f83968362d152ea546c1dffde118a38c8f7e9eac0e718d342172cba18dedd38fbf96d43c3b92e8f5b01a42357f03dcd628,gx-no-cache=1489753846273 HTTP/1.1" 200 29
186.67.172.234 - - [17/Mar/2017:09:29:30 -0300] "POST /cormun/servlet/solicitudot?gx-no-cache=1489753851138 HTTP/1.1" 200 1275
186.67.172.234 - - [17/Mar/2017:09:29:30 -0300] "POST /cormun/servlet/solicitudot?gx-no-cache=1489753851217 HTTP/1.1" 200 1158
186.67.172.234 - - [17/Mar/2017:09:29:30 -0300] "GET /cormun/servlet/solicitudot?5c5887e93e184f1468f719e1ee5c4ee061ed1a10f8ad4363d923318d583ecd33ef8d859a25151fe953150b8f9860f9b9548fb60b4ff498b57c56fb93f1bb5cdc4f1fe9ca58195cc3d75ed2ea9e29fe708023dc43bc7001102ecd3f54fb5a48aaa55ffbfe453f3b55d3f2919bfa1033ce1a97369feccf6830686bd4f6b9fbd65054041fc8fa2f1144f5a369fc5017e3a76e2fcb0c0b19f199a1e8de7d6a7887b2a9e0a1493f3c2a5705128f8e3a0f15036dd015df8f9875b38eb360e91a4c08e0,gx-no-cache=1489753851314 HTTP/1.1" 200 30
186.67.172.234 - - [17/Mar/2017:09:29:31 -0300] "POST /cormun/servlet/solicitudot?0211e441203bad4b0879b5fdcfd42556,INS,0,0,,gx-no-cache=1489753851422 HTTP/1.1" 500 10
192.168.10.96 - - [17/Mar/2017:09:30:48 -0300] "POST /cormun/servlet/trsolicitudgral?077e5ea5d175e57d3908850587d6636d,,gx-no-cache=1489757129837 HTTP/1.1" 200 6692
192.168.10.96 - - [17/Mar/2017:09:30:52 -0300] "POST /cormun/servlet/trsolicitudgral?077e5ea5d175e57d3908850587d6636d,,gx-no-cache=1489757134326 HTTP/1.1" 200 5415
186.103.158.250 - - [17/Mar/2017:09:30:58 -0300] "POST /cormun/servlet/trautorizarsolicitud?c677f60a4435977e4a1927e385bfbcd1,gx-no-cache=1489753925914 HTTP/1.1" 200 115
192.168.10.96 - - [17/Mar/2017:09:30:58 -0300] "POST /cormun/servlet/trsolicitudgral?077e5ea5d175e57d3908850587d6636d,,gx-no-cache=1489757139706 HTTP/1.1" 200 5416
186.103.158.250 - - [17/Mar/2017:09:30:58 -0300] "GET /cormun/servlet/solicitudotlog?INS,2017,5609,0,REC, HTTP/1.1" 200 5741
186.103.158.250 - - [17/Mar/2017:09:30:59 -0300] "GET /cormun/servlet/solicitudotlog?INS,2017,5609,0,REC, HTTP/1.1" 200 5741
186.103.158.250 - - [17/Mar/2017:09:31:00 -0300] "GET /cormun/servlet/solicitudotlog?a86e56ddde2855abe6a5a49134ae02cf0d8a5de5dc974428ad5f0d0ba82451ff26ba5d06152390bbb77dd169ff71a4e29c0c4ca7982de9168a32d01e720e832d8cb58aec185ac36b8669cc979a69597250dffc8496d32c64ad1e12921bfe05ad7cbc166fce34b63a921bd01b51b42524eb4cc019c06d5044cb41ae506b5dcef23648dc5202d067c80409a297adac76b0681397808ce35d3e99eab94b688dc4b4,gx-no-cache=1489753928326 HTTP/1.1" 200 94
192.168.10.96 - - [17/Mar/2017:09:31:02 -0300] "POST /cormun/servlet/trsolicitudgral?077e5ea5d175e57d3908850587d6636d,,gx-no-cache=1489757144071 HTTP/1.1" 200 7123
192.168.10.96 - - [17/Mar/2017:09:31:05 -0300] "POST /cormun/servlet/trsolicitudgral?077e5ea5d175e57d3908850587d6636d,,gx-no-cache=1489757146710 HTTP/1.1" 200 7123
186.103.158.250 - - [17/Mar/2017:09:31:18 -0300] "POST /cormun/servlet/solicitudotlog?c677f60a4435977e4a1927e385bfbcd1,INS,2017,5609,0,REC,,gx-no-cache=1489753945736 HTTP/1.1" 200 93
186.103.158.250 - - [17/Mar/2017:09:31:18 -0300] "GET /cormun/servlet/hpexe_return? HTTP/1.1" 200 1027
186.103.158.250 - - [17/Mar/2017:09:31:18 -0300] "GET /cormun/servlet/trautorizarsolicitud HTTP/1.1" 200 8477
186.103.158.250 - - [17/Mar/2017:09:31:19 -0300] "GET /cormun/servlet/trautorizarsolicitud HTTP/1.1" 200 8473
186.103.158.250 - - [17/Mar/2017:09:31:30 -0300] "POST /cormun/servlet/trautorizarsolicitud?c677f60a4435977e4a1927e385bfbcd1,gx-no-cache=1489753958174 HTTP/1.1" 200 5402
186.103.158.250 - - [17/Mar/2017:09:31:30 -0300] "GET /cormun/static/Shared/jqueryui/images/ui-bg_highlight-soft_100_c6c2c8_1x100.png HTTP/1.1" 404 1117
186.103.158.250 - - [17/Mar/2017:09:31:30 -0300] "GET /cormun/static/Shared/jqueryui/images/ui-icons_82798d_256x240.png HTTP/1.1" 404 1089
186.103.158.250 - - [17/Mar/2017:09:31:30 -0300] "GET /cormun/static/Shared/jqueryui/images/ui-bg_flat_55_fafafa_40x100.png HTTP/1.1" 404 1097
186.103.158.250 - - [17/Mar/2017:09:31:30 -0300] "GET /cormun/static/Shared/jqueryui/images/ui-icons_8d78a5_256x240.png HTTP/1.1" 404 1089
186.103.158.250 - - [17/Mar/2017:09:31:30 -0300] "POST /cormun/servlet/trautorizarsolicitud?c677f60a4435977e4a1927e385bfbcd1,gx-no-cache=1489753958656 HTTP/1.1" 200 5346
186.103.158.250 - - [17/Mar/2017:09:31:32 -0300] "POST /cormun/servlet/trautorizarsolicitud?c677f60a4435977e4a1927e385bfbcd1,gx-no-cache=1489753960312 HTTP/1.1" 200 4310
186.103.158.250 - - [17/Mar/2017:09:31:32 -0300] "POST /cormun/servlet/trautorizarsolicitud?c677f60a4435977e4a1927e385bfbcd1,gx-no-cache=1489753960697 HTTP/1.1" 200 4094
186.103.158.250 - - [17/Mar/2017:09:31:45 -0300] "GET /cormun/servlet/hlogin HTTP/1.1" 200 1722
186.103.158.250 - - [17/Mar/2017:09:32:08 -0300] "POST /cormun/servlet/hlogin?c677f60a4435977e4a1927e385bfbcd1,gx-no-cache=1489753996206 HTTP/1.1" 200 90
186.103.158.250 - - [17/Mar/2017:09:32:08 -0300] "GET /cormun/servlet/hpexe_link HTTP/1.1" 200 953
186.103.158.250 - - [17/Mar/2017:09:32:08 -0300] "GET /cormun/servlet/hhome HTTP/1.1" 200 3762
186.103.158.250 - - [17/Mar/2017:09:32:10 -0300] "GET /cormun/servlet/hhome HTTP/1.1" 200 3759
186.103.158.250 - - [17/Mar/2017:09:32:12 -0300] "GET /cormun/servlet/trsolicitudot? HTTP/1.1" 200 8858
186.103.158.250 - - [17/Mar/2017:09:32:14 -0300] "GET /cormun/servlet/trsolicitudot? HTTP/1.1" 200 8855
186.103.158.250 - - [17/Mar/2017:09:32:28 -0300] "POST /cormun/servlet/trsolicitudot?c677f60a4435977e4a1927e385bfbcd1,,gx-no-cache=1489754015876 HTTP/1.1" 200 106
186.103.158.250 - - [17/Mar/2017:09:32:28 -0300] "GET /cormun/servlet/solicitudot?UPD,2017,5609, HTTP/1.1" 200 14256
186.103.158.250 - - [17/Mar/2017:09:32:29 -0300] "GET /cormun/servlet/solicitudot?UPD,2017,5609, HTTP/1.1" 200 14266
186.103.158.250 - - [17/Mar/2017:09:32:30 -0300] "POST /cormun/servlet/solicitudot?gx-no-cache=1489754018124 HTTP/1.1" 200 3165
186.103.158.250 - - [17/Mar/2017:09:32:30 -0300] "POST /cormun/servlet/solicitudot?c677f60a4435977e4a1927e385bfbcd1,UPD,2017,5609,,gx-no-cache=1489754018363 HTTP/1.1" 200 10874
186.103.158.250 - - [17/Mar/2017:09:32:31 -0300] "GET /cormun/servlet/solicitudot?a86e56ddde2855abe6a5a49134ae02cf60a43fa1a3d977e8228ce335cf904e2b6a8f58e4a0ccbc6ff5e1def8b4e401c6,gx-no-cache=1489754019424 HTTP/1.1" 200 30
186.103.158.250 - - [17/Mar/2017:09:32:31 -0300] "POST /cormun/servlet/solicitudot?gx-no-cache=1489754019543 HTTP/1.1" 200 297
186.103.158.250 - - [17/Mar/2017:09:32:32 -0300] "GET /cormun/servlet/solicitudot?a86e56ddde2855abe6a5a49134ae02cf3a68e6c6f81bd6965afe130d7c81b81a88d79b285ab2dfaa760dead1ad8fb60acda0782042c65e1b0210b2405326c7a02bf053b992efa55c7343d16ad06a1632dd258d62d8aa7e630808486f79ce6b7873c864f16c0a59ca6b022eaa8fa5e9396a3d3c40aa52b8c3b00a3c30383ffb7e434ea61f7d2e05b5fdbe6790b6f1b4d62d0d43f4482ce1cd7f5de229e9f40b245f84f22ed386eef547de1d2f344a77e96d873b61e960cbebdb7c4aac9d78da3ea3ee634df419d9eed528e99e5bb3627627aad7898c1bc6eba38ee8b71c3d847e39205bb3905adbc1f3bcff58fda7a87651b91a60bcf9133730fdefda458d9bad1c59ec8192195a7599ce727766880b93381a740b2b49b879e0b680d9d98c612e5ca5a082c7af0dc848b1804b037b120f58d10f57bd92f7c386a24750f7fa58066334c212b1e14c8b163fbac6104529c293cbcc9426bf317c8f58469f3eca4c5959c9177849f9bfc9fd94ca4a71ac9a470c23f25401f5eae799c95103a8d28e40ab43e1d2189539917f118b915ca98975,gx-no-cache=1489754019610 HTTP/1.1" 200 30
186.103.158.250 - - [17/Mar/2017:09:32:32 -0300] "POST /cormun/servlet/solicitudot?gx-no-cache=1489754019976 HTTP/1.1" 200 30
186.103.158.250 - - [17/Mar/2017:09:32:32 -0300] "POST /cormun/servlet/solicitudot?gx-no-cache=1489754020064 HTTP/1.1" 200 1289
186.103.158.250 - - [17/Mar/2017:09:32:32 -0300] "POST /cormun/servlet/solicitudot?gx-no-cache=1489754020190 HTTP/1.1" 200 41
186.103.158.250 - - [17/Mar/2017:09:32:36 -0300] "GET /cormun/servlet/solicitudot?a86e56ddde2855abe6a5a49134ae02cf73d883a4461b0d938fa1f96a6f4f2541747093dd451e1d238434373572534fffb8511f687a509e49a9a3f0772aed6b59a125a9f459c6537afe9491e2d163c91ffbf621927b1159f280fd840b28d0d6cc4429882466cf8511aef9b2d920161f67,gx-no-cache=1489754024583 HTTP/1.1" 200 29
186.103.158.250 - - [17/Mar/2017:09:32:36 -0300] "POST /cormun/servlet/solicitudot?gx-no-cache=1489754024623 HTTP/1.1" 200 1273
186.103.158.250 - - [17/Mar/2017:09:32:36 -0300] "POST /cormun/servlet/solicitudot?gx-no-cache=1489754024713 HTTP/1.1" 200 1156
186.103.158.250 - - [17/Mar/2017:09:32:36 -0300] "GET /cormun/servlet/solicitudot?a86e56ddde2855abe6a5a49134ae02cfbfe8fd3b9c6ec7909304b69718b8c6387e7dd1bb8d76272209f4c8dd72aa177c213b33d113e70599a23f38c22ac1856145918b60a49a018a7d307fc454a2c6b7412c5630c8373afc5fdf8eb37a39b91d01f27760ec274ce53b5d956499e783487408fc5ce38ed398f387a83573bc415ad01a99a2292af2895808e1def3e370ef5433d73be2ec747ae57cd7cecaa26de4605b9f225ec5073963c799e3130daf50,gx-no-cache=1489754024779 HTTP/1.1" 200 30
186.103.158.250 - - [17/Mar/2017:09:33:24 -0300] "POST /cormun/servlet/solicitudot?c677f60a4435977e4a1927e385bfbcd1,UPD,2017,5609,,gx-no-cache=1489754071684 HTTP/1.1" 200 93
186.103.158.250 - - [17/Mar/2017:09:33:24 -0300] "GET /cormun/servlet/hpexe_return? HTTP/1.1" 200 1012
186.103.158.250 - - [17/Mar/2017:09:33:24 -0300] "GET /cormun/servlet/trsolicitudot HTTP/1.1" 200 8859
186.103.158.250 - - [17/Mar/2017:09:33:26 -0300] "GET /cormun/servlet/trsolicitudot HTTP/1.1" 200 8855
186.103.158.250 - - [17/Mar/2017:09:33:34 -0300] "POST /cormun/servlet/trsolicitudot?c677f60a4435977e4a1927e385bfbcd1,gx-no-cache=1489754082616 HTTP/1.1" 200 5743
186.103.158.250 - - [17/Mar/2017:09:33:35 -0300] "GET /cormun/static/Shared/jqueryui/images/ui-bg_highlight-soft_100_c6c2c8_1x100.png HTTP/1.1" 404 1117
186.103.158.250 - - [17/Mar/2017:09:33:35 -0300] "GET /cormun/static/Shared/jqueryui/images/ui-icons_82798d_256x240.png HTTP/1.1" 404 1089
186.103.158.250 - - [17/Mar/2017:09:33:35 -0300] "GET /cormun/static/Shared/jqueryui/images/ui-bg_flat_55_fafafa_40x100.png HTTP/1.1" 404 1097
186.103.158.250 - - [17/Mar/2017:09:33:35 -0300] "GET /cormun/static/Shared/jqueryui/images/ui-icons_8d78a5_256x240.png HTTP/1.1" 404 1089
186.103.158.250 - - [17/Mar/2017:09:33:35 -0300] "POST /cormun/servlet/trsolicitudot?c677f60a4435977e4a1927e385bfbcd1,gx-no-cache=1489754083089 HTTP/1.1" 200 5686
186.103.158.250 - - [17/Mar/2017:09:33:41 -0300] "POST /cormun/servlet/trsolicitudot?c677f60a4435977e4a1927e385bfbcd1,gx-no-cache=1489754088881 HTTP/1.1" 200 106
186.103.158.250 - - [17/Mar/2017:09:33:41 -0300] "GET /cormun/servlet/solicitudot?DLT,2017,4932, HTTP/1.1" 200 9353
186.103.158.250 - - [17/Mar/2017:09:33:42 -0300] "GET /cormun/static/Shared/jqueryui/images/ui-bg_highlight-soft_100_c6c2c8_1x100.png HTTP/1.1" 404 1117
186.103.158.250 - - [17/Mar/2017:09:33:42 -0300] "GET /cormun/static/Shared/jqueryui/images/ui-icons_82798d_256x240.png HTTP/1.1" 404 1089
186.103.158.250 - - [17/Mar/2017:09:33:42 -0300] "GET /cormun/static/Shared/jqueryui/images/ui-icons_8d78a5_256x240.png HTTP/1.1" 404 1089
186.103.158.250 - - [17/Mar/2017:09:33:42 -0300] "GET /cormun/static/Shared/jqueryui/images/ui-bg_flat_55_fafafa_40x100.png HTTP/1.1" 404 1097
186.103.158.250 - - [17/Mar/2017:09:33:42 -0300] "GET /cormun/servlet/solicitudot?DLT,2017,4932, HTTP/1.1" 200 9362
186.103.158.250 - - [17/Mar/2017:09:33:46 -0300] "POST /cormun/servlet/solicitudot?c677f60a4435977e4a1927e385bfbcd1,DLT,2017,4932,,gx-no-cache=1489754094482 HTTP/1.1" 200 12474
186.103.158.250 - - [17/Mar/2017:09:33:46 -0300] "GET /cormun/static/Shared/jqueryui/images/ui-bg_flat_55_994d53_40x100.png HTTP/1.1" 404 1097
186.103.158.250 - - [17/Mar/2017:09:33:46 -0300] "GET /cormun/static/Shared/jqueryui/images/ui-icons_ebccce_256x240.png HTTP/1.1" 404 1089
186.103.158.250 - - [17/Mar/2017:09:33:59 -0300] "POST /cormun/servlet/trautorizarsolicitud?c677f60a4435977e4a1927e385bfbcd1,gx-no-cache=1489754107192 HTTP/1.1" 200 5372
186.103.158.250 - - [17/Mar/2017:09:34:07 -0300] "POST /cormun/servlet/trautorizarsolicitud?c677f60a4435977e4a1927e385bfbcd1,gx-no-cache=1489754115750 HTTP/1.1" 200 4305
186.103.158.250 - - [17/Mar/2017:09:34:08 -0300] "POST /cormun/servlet/trautorizarsolicitud?c677f60a4435977e4a1927e385bfbcd1,gx-no-cache=1489754116063 HTTP/1.1" 200 4096
186.67.172.234 - - [17/Mar/2017:09:35:59 -0300] "GET /cormun/servlet/trsolicitudot? HTTP/1.1" 200 8294
186.67.172.234 - - [17/Mar/2017:09:36:00 -0300] "GET /cormun/servlet/trsolicitudot? HTTP/1.1" 200 8294
186.67.172.234 - - [17/Mar/2017:09:36:07 -0300] "GET /cormun/servlet/trsolicitudot? HTTP/1.1" 200 8294
186.67.172.234 - - [17/Mar/2017:09:36:07 -0300] "GET /cormun/servlet/trsolicitudot? HTTP/1.1" 200 8294
