186.103.159.44 - - [17/Mar/2017:10:54:01 -0300] "POST /cormun/servlet/solicitudotadjuntos?fe866230ba3fbbde3931e3dae5d6023a,INS,2017,5614,,1, HTTP/1.1" 200 116
186.103.159.44 - - [17/Mar/2017:10:54:01 -0300] "GET /cormun/servlet/hpexe_return? HTTP/1.1" 200 1021
186.103.159.44 - - [17/Mar/2017:10:54:02 -0300] "GET /cormun/servlet/trsolicitudadjuntos?2017,5614, HTTP/1.1" 200 8936
186.103.159.44 - - [17/Mar/2017:10:54:06 -0300] "GET /cormun/servlet/solicitudotadjuntos?INS,2017,5614,,2, HTTP/1.1" 200 5807
186.103.159.44 - - [17/Mar/2017:10:54:06 -0300] "HEAD /cormun/static/about:blank HTTP/1.1" 404 -
186.103.159.44 - - [17/Mar/2017:10:54:07 -0300] "GET /cormun/servlet/solicitudotadjuntos?b129bef8224608881cdc47c3b3ce5e3f759a2ac37de43771a8094ebd920a8cf6556b836c9bce38188ac8192f16ed7d55,gx-no-cache=1489758907923 HTTP/1.1" 200 30
186.103.159.44 - - [17/Mar/2017:10:54:08 -0300] "POST /cormun/servlet/solicitudotadjuntos?fe866230ba3fbbde3931e3dae5d6023a,INS,2017,5614,,2,,gx-no-cache=1489758908052 HTTP/1.1" 200 3811
186.103.159.44 - - [17/Mar/2017:10:54:31 -0300] "POST /cormun/servlet/solicitudotadjuntos?gx-no-cache=1489758931404 HTTP/1.1" 200 26
186.103.159.44 - - [17/Mar/2017:10:54:36 -0300] "GET /cormun/servlet/solicitudotadjuntos?b129bef8224608881cdc47c3b3ce5e3fd8efbef228cd5bb04147142fb5b44f99,gx-no-cache=1489758936115 HTTP/1.1" 200 30
186.103.159.44 - - [17/Mar/2017:10:54:36 -0300] "GET /cormun/servlet/solicitudotadjuntos?b129bef8224608881cdc47c3b3ce5e3fd8efbef228cd5bb04147142fb5b44f99,gx-no-cache=1489758936151 HTTP/1.1" 200 30
186.103.159.44 - - [17/Mar/2017:10:54:36 -0300] "POST /cormun/servlet/solicitudotadjuntos?fe866230ba3fbbde3931e3dae5d6023a,INS,2017,5614,,2, HTTP/1.1" 200 116
186.103.159.44 - - [17/Mar/2017:10:54:36 -0300] "GET /cormun/servlet/hpexe_return? HTTP/1.1" 200 1021
186.103.159.44 - - [17/Mar/2017:10:54:37 -0300] "GET /cormun/servlet/trsolicitudadjuntos?2017,5614, HTTP/1.1" 200 9153
192.168.10.62 - - [17/Mar/2017:10:54:42 -0300] "GET /cormun/servlet/trconsultaempleado? HTTP/1.1" 200 6253
192.168.10.62 - - [17/Mar/2017:10:54:43 -0300] "GET /cormun/servlet/trconsultaempleado? HTTP/1.1" 200 6234
186.79.244.86 - - [17/Mar/2017:10:54:50 -0300] "GET /cormun/servlet/hlogin HTTP/1.1" 200 1719
192.168.10.62 - - [17/Mar/2017:10:54:51 -0300] "POST /cormun/servlet/trconsultaempleado?eb5cd1914f13f30d940ad89126027148,,gx-no-cache=1489762172728 HTTP/1.1" 200 4072
186.103.159.44 - - [17/Mar/2017:10:54:52 -0300] "GET /cormun/servlet/trsolicitudot? HTTP/1.1" 200 10472
192.168.10.62 - - [17/Mar/2017:10:54:52 -0300] "GET /cormun/servlet/trsolicitudnombre?13901635, HTTP/1.1" 200 6857
186.79.244.86 - - [17/Mar/2017:10:54:53 -0300] "POST /cormun/servlet/hlogin?92113478d02cb5883541c8b817e5a849,gx-no-cache=1489758957301 HTTP/1.1" 200 90
186.79.244.86 - - [17/Mar/2017:10:54:53 -0300] "GET /cormun/servlet/hpexe_link HTTP/1.1" 200 950
192.168.10.62 - - [17/Mar/2017:10:54:53 -0300] "GET /cormun/servlet/trsolicitudnombre?13901635, HTTP/1.1" 200 6857
186.79.244.86 - - [17/Mar/2017:10:54:53 -0300] "GET /cormun/servlet/hhome HTTP/1.1" 200 3956
186.79.244.86 - - [17/Mar/2017:10:54:53 -0300] "GET /cormun/servlet/hhome HTTP/1.1" 200 3952
200.30.230.163 - - [17/Mar/2017:10:54:55 -0300] "GET /cormun/servlet/solicitudot?INS,0,0, HTTP/1.1" 200 12746
186.79.244.86 - - [17/Mar/2017:10:54:58 -0300] "GET /cormun/servlet/trautorizarsolicitud? HTTP/1.1" 200 9265
186.79.244.86 - - [17/Mar/2017:10:54:58 -0300] "GET /cormun/servlet/trautorizarsolicitud? HTTP/1.1" 200 9266
200.30.230.163 - - [17/Mar/2017:10:54:58 -0300] "GET /cormun/servlet/solicitudot?INS,0,0, HTTP/1.1" 200 12751
186.103.159.44 - - [17/Mar/2017:10:54:59 -0300] "POST /cormun/servlet/trsolicitudot?fe866230ba3fbbde3931e3dae5d6023a,,gx-no-cache=1489758959106 HTTP/1.1" 200 7391
186.103.159.44 - - [17/Mar/2017:10:55:00 -0300] "POST /cormun/servlet/trsolicitudot?fe866230ba3fbbde3931e3dae5d6023a,,gx-no-cache=1489758960078 HTTP/1.1" 200 7333
186.103.159.44 - - [17/Mar/2017:10:55:01 -0300] "GET /cormun/static/Shared/jqueryui/images/ui-icons_82798d_256x240.png HTTP/1.1" 404 1089
186.103.159.44 - - [17/Mar/2017:10:55:01 -0300] "GET /cormun/static/Shared/jqueryui/images/ui-icons_8d78a5_256x240.png HTTP/1.1" 404 1089
186.103.159.44 - - [17/Mar/2017:10:55:01 -0300] "GET /cormun/static/Shared/jqueryui/images/ui-bg_highlight-soft_100_c6c2c8_1x100.png HTTP/1.1" 404 1117
186.103.159.44 - - [17/Mar/2017:10:55:01 -0300] "GET /cormun/static/Shared/jqueryui/images/ui-bg_flat_55_fafafa_40x100.png HTTP/1.1" 404 1097
192.168.10.62 - - [17/Mar/2017:10:55:07 -0300] "GET /cormun/servlet/vesolicitudnombre?2017,5182,, HTTP/1.1" 200 8032
192.168.10.62 - - [17/Mar/2017:10:55:07 -0300] "GET /cormun/pexe_scrolldiv.js HTTP/1.1" 404 1009
192.168.10.62 - - [17/Mar/2017:10:55:07 -0300] "GET /cormun/pexe_scrolldiv.js HTTP/1.1" 404 1009
192.168.10.62 - - [17/Mar/2017:10:55:07 -0300] "GET /cormun/servlet/vesolicitudnombre?2017,5182,, HTTP/1.1" 200 8026
186.103.159.44 - - [17/Mar/2017:10:55:08 -0300] "GET /cormun/servlet/trlicencias? HTTP/1.1" 200 6613
186.103.159.44 - - [17/Mar/2017:10:55:08 -0300] "GET /cormun/static/gxcfg.js?2016122619301429 HTTP/1.1" 200 953
200.30.230.163 - - [17/Mar/2017:10:55:09 -0300] "GET /cormun/servlet/prfichaempleado?,MD,,gxPopupLevel%3D0%3B HTTP/1.1" 200 8824
200.30.230.163 - - [17/Mar/2017:10:55:14 -0300] "POST /cormun/servlet/solicitudot?gx-no-cache=1489762576945 HTTP/1.1" 200 3144
200.30.230.163 - - [17/Mar/2017:10:55:14 -0300] "POST /cormun/servlet/solicitudot?bf703f42eaf7429cf00d141bfbf11097,INS,0,0,,gx-no-cache=1489762577228 HTTP/1.1" 200 9934
200.30.230.163 - - [17/Mar/2017:10:55:14 -0300] "GET /cormun/servlet/solicitudot?d7d539800372a470436db401cd7a4f8c49ccd2efcdc261ff97b552974c93b1012bf239d447c129447158d7f4ae2dbd67,gx-no-cache=1489762577466 HTTP/1.1" 200 30
200.30.230.163 - - [17/Mar/2017:10:55:16 -0300] "POST /cormun/servlet/solicitudot?gx-no-cache=1489762579404 HTTP/1.1" 200 297
200.30.230.163 - - [17/Mar/2017:10:55:16 -0300] "GET /cormun/servlet/solicitudot?d7d539800372a470436db401cd7a4f8c1c2c7628f9a86493bfb8d75a96481b72ca5b62b91cdec68bc5b81faf493b1e9df0e1ff07dfd95b1e019eac3e90b171923975320b77ccad2df8f100f7361830cded6f0811fd083ade88eed63fe9f3fdd377e1722a9a7dd67b4ab0e297ae585a9437a7ecf400f6ecd6e06994f8449f796bddcb780e7edebb520401b0a6b5436dae3496926c1f2928e3ce601a332e838e7e3253b983bb470189a28a5455129305bb41f4b5ac9828c4738e9b0ea36c9b00c46f9a2d087a01f5fda9a0805e0469b837e36251ac946f8ad03f5f04c283fe024533640e8f73cc2663af0291ece11416b84a65bc2197c9705c3f221d626d5bc67748d690b948f2898b1338e7861bdc63eb1a881606be16a32f2aff0606fe092499bc332bbeaf863468bb6f89ac0c1ad02b4a3df1a363cf6f4c8e15a9f3de36ade7c5a190f58fc4f780123d7ec90b414713ebad33c269f3898b80d68dbdff4245ef78daaac490f072d5b927e867048ca22eeccff426968b22989ac18ef21f82517435fed602efc9d7a16c5d36e5f9ba58d3,gx-no-cache=1489762579468 HTTP/1.1" 200 30
200.30.230.163 - - [17/Mar/2017:10:55:18 -0300] "POST /cormun/servlet/solicitudot?gx-no-cache=1489762581030 HTTP/1.1" 200 30
186.79.244.86 - - [17/Mar/2017:10:55:22 -0300] "POST /cormun/servlet/trautorizarsolicitud?92113478d02cb5883541c8b817e5a849,,gx-no-cache=1489758986471 HTTP/1.1" 200 6153
186.79.244.86 - - [17/Mar/2017:10:55:22 -0300] "GET /cormun/static/Shared/jqueryui/images/ui-bg_highlight-soft_100_c6c2c8_1x100.png HTTP/1.1" 404 1117
186.79.244.86 - - [17/Mar/2017:10:55:22 -0300] "GET /cormun/static/Shared/jqueryui/images/ui-icons_82798d_256x240.png HTTP/1.1" 404 1089
186.79.244.86 - - [17/Mar/2017:10:55:22 -0300] "GET /cormun/static/Shared/jqueryui/images/ui-bg_flat_55_fafafa_40x100.png HTTP/1.1" 404 1097
186.79.244.86 - - [17/Mar/2017:10:55:22 -0300] "GET /cormun/static/Shared/jqueryui/images/ui-icons_8d78a5_256x240.png HTTP/1.1" 404 1089
186.79.244.86 - - [17/Mar/2017:10:55:23 -0300] "POST /cormun/servlet/trautorizarsolicitud?92113478d02cb5883541c8b817e5a849,,gx-no-cache=1489758987173 HTTP/1.1" 200 6095
200.30.230.163 - - [17/Mar/2017:10:55:27 -0300] "POST /cormun/servlet/solicitudot?gx-no-cache=1489762590338 HTTP/1.1" 200 1291
186.79.244.86 - - [17/Mar/2017:10:55:27 -0300] "POST /cormun/servlet/trautorizarsolicitud?92113478d02cb5883541c8b817e5a849,,gx-no-cache=1489758991034 HTTP/1.1" 200 5828
186.79.244.86 - - [17/Mar/2017:10:55:28 -0300] "POST /cormun/servlet/trautorizarsolicitud?92113478d02cb5883541c8b817e5a849,,gx-no-cache=1489758991985 HTTP/1.1" 200 5773
186.79.244.86 - - [17/Mar/2017:10:55:31 -0300] "POST /cormun/servlet/trautorizarsolicitud?92113478d02cb5883541c8b817e5a849,,gx-no-cache=1489758994937 HTTP/1.1" 200 5424
192.168.10.62 - - [17/Mar/2017:10:55:31 -0300] "POST /cormun/servlet/vesolicitudnombre?eb5cd1914f13f30d940ad89126027148,2017,5182,,,gx-no-cache=1489762213032 HTTP/1.1" 200 90
192.168.10.62 - - [17/Mar/2017:10:55:31 -0300] "GET /cormun/servlet/hpexe_link HTTP/1.1" 200 982
192.168.10.62 - - [17/Mar/2017:10:55:31 -0300] "GET /cormun/servlet/trsolicitudnombre?13901635, HTTP/1.1" 200 6857
192.168.10.62 - - [17/Mar/2017:10:55:32 -0300] "GET /cormun/servlet/trsolicitudnombre?13901635, HTTP/1.1" 200 6857
186.79.244.86 - - [17/Mar/2017:10:55:32 -0300] "POST /cormun/servlet/trautorizarsolicitud?92113478d02cb5883541c8b817e5a849,,gx-no-cache=1489758995822 HTTP/1.1" 200 5369
192.168.10.62 - - [17/Mar/2017:10:55:34 -0300] "POST /cormun/servlet/trsolicitudnombre?eb5cd1914f13f30d940ad89126027148,13901635,,gx-no-cache=1489762215974 HTTP/1.1" 200 90
192.168.10.62 - - [17/Mar/2017:10:55:34 -0300] "GET /cormun/servlet/hpexe_link HTTP/1.1" 200 982
192.168.10.62 - - [17/Mar/2017:10:55:34 -0300] "GET /cormun/servlet/trconsultaempleado? HTTP/1.1" 200 6273
192.168.10.62 - - [17/Mar/2017:10:55:35 -0300] "GET /cormun/servlet/trconsultaempleado? HTTP/1.1" 200 6271
186.79.244.86 - - [17/Mar/2017:10:55:35 -0300] "POST /cormun/servlet/trautorizarsolicitud?92113478d02cb5883541c8b817e5a849,,gx-no-cache=1489758999344 HTTP/1.1" 200 4303
186.79.244.86 - - [17/Mar/2017:10:55:36 -0300] "POST /cormun/servlet/trautorizarsolicitud?92113478d02cb5883541c8b817e5a849,,gx-no-cache=1489758999858 HTTP/1.1" 200 4098
200.30.230.163 - - [17/Mar/2017:10:55:37 -0300] "POST /cormun/servlet/solicitudot?gx-no-cache=1489762600108 HTTP/1.1" 200 20
192.168.10.62 - - [17/Mar/2017:10:55:37 -0300] "GET /cormun/servlet/trsolicitudnombre?17930258, HTTP/1.1" 200 6831
192.168.10.62 - - [17/Mar/2017:10:55:38 -0300] "GET /cormun/servlet/trsolicitudnombre?17930258, HTTP/1.1" 200 6830
200.30.230.163 - - [17/Mar/2017:10:55:39 -0300] "GET /cormun/servlet/solicitudot?d7d539800372a470436db401cd7a4f8cba22f939fb8a46d74fe61e71da464d67037941d4b0b3c7508fab8b96f9fe803cbb0276b6695eddab2f7011efcaaf81355695670e4a9015c54c6b2cfcd3024717d796dc7de287420c010aab6430f6f6c9530973783f578d2d60563730b5ab6216,gx-no-cache=1489762602253 HTTP/1.1" 200 29
200.30.230.163 - - [17/Mar/2017:10:55:39 -0300] "POST /cormun/servlet/solicitudot?gx-no-cache=1489762602332 HTTP/1.1" 200 1274
200.30.230.163 - - [17/Mar/2017:10:55:39 -0300] "POST /cormun/servlet/solicitudot?gx-no-cache=1489762602503 HTTP/1.1" 200 1157
192.168.10.62 - - [17/Mar/2017:10:55:40 -0300] "GET /cormun/servlet/vesolicitudnombre?2017,3626,, HTTP/1.1" 200 8016
192.168.10.62 - - [17/Mar/2017:10:55:40 -0300] "GET /cormun/pexe_scrolldiv.js HTTP/1.1" 404 1009
192.168.10.62 - - [17/Mar/2017:10:55:40 -0300] "GET /cormun/pexe_scrolldiv.js HTTP/1.1" 404 1009
192.168.10.62 - - [17/Mar/2017:10:55:40 -0300] "GET /cormun/servlet/vesolicitudnombre?2017,3626,, HTTP/1.1" 200 8009
200.30.230.163 - - [17/Mar/2017:10:55:44 -0300] "GET /cormun/servlet/solicitudot?d7d539800372a470436db401cd7a4f8c2e739e5734b7f959365984adf1d0b4e7f0500adde0d8797d114dedc055375a0d82462088c2b7579bee745d7ccc2679b1fbe3aa56896a7ab014796067678db9ad77fb93c308405b1105a95531e18edd1708516493faa4e0d8758b0aedad054a83a20cab4b134c73763537dd303ed598f45c7c9296c866b4e937ca75834d86523bf6ae00a840b4909ce76e19697944fb57c867ab59d08adde0bffdb22e5934a7a13b4433a195f3a03957007ebc05d7862e,gx-no-cache=1489762606927 HTTP/1.1" 200 30
200.30.230.163 - - [17/Mar/2017:10:55:49 -0300] "POST /cormun/servlet/solicitudot?bf703f42eaf7429cf00d141bfbf11097,INS,0,0,,gx-no-cache=1489762611786 HTTP/1.1" 500 10
192.168.10.62 - - [17/Mar/2017:10:55:56 -0300] "GET /cormun/servlet/hlogin HTTP/1.1" 200 1755
200.30.230.163 - - [17/Mar/2017:10:57:08 -0300] "GET /cormun/servlet/solicitudot?INS,0,0, HTTP/1.1" 200 12735
186.103.159.44 - - [17/Mar/2017:10:59:31 -0300] "GET /cormun/servlet/licenciaspermisos?INS,0,,, HTTP/1.1" 200 7134
186.103.159.44 - - [17/Mar/2017:10:59:31 -0300] "GET /cormun/static/gxcfg.js?201731512524920 HTTP/1.1" 200 953
186.103.159.44 - - [17/Mar/2017:10:59:32 -0300] "GET /cormun/static/licenciaspermisos.js?201731512524975 HTTP/1.1" 200 33776
186.103.159.44 - - [17/Mar/2017:10:59:51 -0300] "GET /cormun/servlet/licenciaspermisos?b409aa4c4901b2ea7adac246cb95772636ac770e41248b89d73c745cbac12037f159badfdca398fbec3d21c2290e0755,gx-no-cache=1489759251754 HTTP/1.1" 200 69
186.103.159.44 - - [17/Mar/2017:10:59:52 -0300] "POST /cormun/servlet/licenciaspermisos?fe866230ba3fbbde3931e3dae5d6023a,INS,0,,,,gx-no-cache=1489759251815 HTTP/1.1" 200 4425
186.103.159.44 - - [17/Mar/2017:11:01:15 -0300] "GET /cormun/static/menuarrow.gif HTTP/1.1" 404 1015
192.168.10.89 - - [17/Mar/2017:11:01:26 -0300] "POST /cormun/servlet/trsolicitudgral?fbd7a8bf6f3bb1ca6f7d391e164ada6f,,gx-no-cache=1489762568224 HTTP/1.1" 200 6678
192.168.10.89 - - [17/Mar/2017:11:01:41 -0300] "POST /cormun/servlet/trsolicitudgral?fbd7a8bf6f3bb1ca6f7d391e164ada6f,,gx-no-cache=1489762581460 HTTP/1.1" 200 22467
192.168.10.89 - - [17/Mar/2017:11:02:05 -0300] "POST /cormun/servlet/trsolicitudgral?fbd7a8bf6f3bb1ca6f7d391e164ada6f,,gx-no-cache=1489762607191 HTTP/1.1" 200 6675
192.168.10.89 - - [17/Mar/2017:11:02:13 -0300] "POST /cormun/servlet/trsolicitudgral?fbd7a8bf6f3bb1ca6f7d391e164ada6f,,gx-no-cache=1489762615386 HTTP/1.1" 200 5400
192.168.10.89 - - [17/Mar/2017:11:02:20 -0300] "POST /cormun/servlet/trsolicitudgral?fbd7a8bf6f3bb1ca6f7d391e164ada6f,,gx-no-cache=1489762621740 HTTP/1.1" 200 6675
192.168.10.96 - - [17/Mar/2017:11:03:22 -0300] "GET /cormun/servlet/vesolicitudnombre?2017,5067,,SolicitudOTAdjuntos HTTP/1.1" 200 10283
192.168.10.96 - - [17/Mar/2017:11:03:23 -0300] "GET /cormun/servlet/vesolicitudnombre?2017,5067,,SolicitudOTAdjuntos HTTP/1.1" 200 10286
192.168.10.96 - - [17/Mar/2017:11:03:25 -0300] "POST /cormun/servlet/acontrolpreferencessavestate?None,DZAMUDIO,true HTTP/1.1" 200 35
192.168.10.96 - - [17/Mar/2017:11:03:30 -0300] "GET /cormun/servlet/trconsultaempleado? HTTP/1.1" 200 6565
192.168.10.96 - - [17/Mar/2017:11:03:31 -0300] "GET /cormun/servlet/trconsultaempleado? HTTP/1.1" 200 6547
192.168.10.96 - - [17/Mar/2017:11:03:38 -0300] "POST /cormun/servlet/trconsultaempleado?6b2310dc7ed7289c9b84a53864c617c2,,gx-no-cache=1489762700013 HTTP/1.1" 200 4343
192.168.10.96 - - [17/Mar/2017:11:03:40 -0300] "GET /cormun/servlet/trsolicitudnombre?9286360, HTTP/1.1" 200 7239
192.168.10.96 - - [17/Mar/2017:11:03:40 -0300] "GET /cormun/servlet/trsolicitudnombre?9286360, HTTP/1.1" 200 7239
192.168.10.96 - - [17/Mar/2017:11:03:43 -0300] "GET /cormun/servlet/vesolicitudnombre?2017,5270,, HTTP/1.1" 200 8382
192.168.10.96 - - [17/Mar/2017:11:03:43 -0300] "GET /cormun/pexe_scrolldiv.js HTTP/1.1" 404 1009
192.168.10.96 - - [17/Mar/2017:11:03:43 -0300] "GET /cormun/pexe_scrolldiv.js HTTP/1.1" 404 1009
192.168.10.96 - - [17/Mar/2017:11:03:43 -0300] "GET /cormun/servlet/vesolicitudnombre?2017,5270,, HTTP/1.1" 200 8375
192.168.10.96 - - [17/Mar/2017:11:03:45 -0300] "GET /cormun/servlet/vesolicitudnombre?2017,5270,,SolicitudOTAdjuntos HTTP/1.1" 200 10228
192.168.10.96 - - [17/Mar/2017:11:03:45 -0300] "GET /cormun/pexe_scrolldiv.js HTTP/1.1" 404 1009
192.168.10.96 - - [17/Mar/2017:11:03:45 -0300] "GET /cormun/pexe_scrolldiv.js HTTP/1.1" 404 1009
192.168.10.96 - - [17/Mar/2017:11:03:46 -0300] "GET /cormun/servlet/vesolicitudnombre?2017,5270,,SolicitudOTAdjuntos HTTP/1.1" 200 10231
192.168.10.96 - - [17/Mar/2017:11:03:46 -0300] "POST /cormun/servlet/acontrolpreferencessavestate?None,DZAMUDIO,true HTTP/1.1" 200 35
192.168.10.96 - - [17/Mar/2017:11:03:47 -0300] "GET /cormun/PublicTempStorage/carnet1278897.pdf HTTP/1.1" 200 257061
192.168.10.96 - - [17/Mar/2017:11:03:53 -0300] "GET /cormun/servlet/vesolicitudnombre?2017,5270,,SolicitudOTAdjuntos HTTP/1.1" 200 10230
192.168.10.96 - - [17/Mar/2017:11:03:53 -0300] "GET /cormun/servlet/vesolicitudnombre?2017,5270,,SolicitudOTAdjuntos HTTP/1.1" 200 10231
192.168.10.96 - - [17/Mar/2017:11:03:54 -0300] "POST /cormun/servlet/acontrolpreferencessavestate?None,DZAMUDIO,true HTTP/1.1" 200 35
192.168.10.96 - - [17/Mar/2017:11:03:55 -0300] "GET /cormun/PublicTempStorage/cert_afiliacion_afp6920941.pdf HTTP/1.1" 200 513322
192.168.10.96 - - [17/Mar/2017:11:03:59 -0300] "GET /cormun/servlet/vesolicitudnombre?2017,5270,,SolicitudOTAdjuntos HTTP/1.1" 200 10230
192.168.10.96 - - [17/Mar/2017:11:04:00 -0300] "GET /cormun/servlet/vesolicitudnombre?2017,5270,,SolicitudOTAdjuntos HTTP/1.1" 200 10231
192.168.10.96 - - [17/Mar/2017:11:04:00 -0300] "POST /cormun/servlet/acontrolpreferencessavestate?None,DZAMUDIO,true HTTP/1.1" 200 35
192.168.10.96 - - [17/Mar/2017:11:04:01 -0300] "GET /cormun/PublicTempStorage/fonasa2007067.pdf HTTP/1.1" 200 248425
192.168.10.96 - - [17/Mar/2017:11:04:09 -0300] "GET /cormun/servlet/vesolicitudnombre?2017,5270,,SolicitudOTAdjuntos HTTP/1.1" 200 10230
192.168.10.96 - - [17/Mar/2017:11:04:10 -0300] "GET /cormun/servlet/vesolicitudnombre?2017,5270,,SolicitudOTAdjuntos HTTP/1.1" 200 10231
192.168.10.96 - - [17/Mar/2017:11:04:10 -0300] "POST /cormun/servlet/acontrolpreferencessavestate?None,DZAMUDIO,true HTTP/1.1" 200 35
192.168.10.96 - - [17/Mar/2017:11:04:12 -0300] "GET /cormun/PublicTempStorage/antecedentes_55847914.pdf HTTP/1.1" 200 319457
186.103.157.98 - - [17/Mar/2017:11:04:12 -0300] "GET /cormun/servlet/hpexe_return? HTTP/1.1" 200 975
186.103.157.98 - - [17/Mar/2017:11:04:12 -0300] "GET /cormun/static/hpexe_return.js?2016101716175153 HTTP/1.1" 200 1633
186.103.157.98 - - [17/Mar/2017:11:04:12 -0300] "GET /cormun/static/Resources/Spanish/PXTools.css?167811 HTTP/1.1" 200 89042
186.103.157.98 - - [17/Mar/2017:11:04:13 -0300] "GET /cormun/servlet/hhome HTTP/1.1" 200 3293
186.103.157.98 - - [17/Mar/2017:11:04:13 -0300] "GET /cormun/static/gxcfg.js?20173151304618 HTTP/1.1" 200 953
186.103.157.98 - - [17/Mar/2017:11:04:13 -0300] "GET /cormun/static/SmoothNavMenu/resources/ddsmoothmenu.css?1012540 HTTP/1.1" 200 2223
186.103.157.98 - - [17/Mar/2017:11:04:13 -0300] "GET /cormun/static/Shared/jqueryui/jquery-ui.min.css?1245370 HTTP/1.1" 200 30288
186.103.157.98 - - [17/Mar/2017:11:04:13 -0300] "GET /cormun/static/scaMessage/css/jquery.pnotify.default.css?1716380 HTTP/1.1" 200 1707
186.103.157.98 - - [17/Mar/2017:11:04:13 -0300] "GET /cormun/static/Resources/Spanish/PXTools.css?1242369 HTTP/1.1" 200 89042
186.103.157.98 - - [17/Mar/2017:11:04:13 -0300] "GET /cormun/static/SmoothNavMenu/resources/ddsmoothmenu-v.css?1012540 HTTP/1.1" 200 1188
186.103.157.98 - - [17/Mar/2017:11:04:13 -0300] "GET /cormun/static/hpexe_recentlink.js?201610171694390 HTTP/1.1" 200 2144
186.103.157.98 - - [17/Mar/2017:11:04:13 -0300] "GET /cormun/static/hwchdr01.js?201731512453822 HTTP/1.1" 200 1183
186.103.157.98 - - [17/Mar/2017:11:04:13 -0300] "GET /cormun/static/hhome.js?20173151304624 HTTP/1.1" 200 777
186.103.157.98 - - [17/Mar/2017:11:04:13 -0300] "GET /cormun/static/hpexe_messagecontroller.js?201610171694323 HTTP/1.1" 200 870
186.103.157.98 - - [17/Mar/2017:11:04:13 -0300] "GET /cormun/static/hpexe_scripts.js?201731512453784 HTTP/1.1" 200 1544
186.103.157.98 - - [17/Mar/2017:11:04:13 -0300] "GET /cormun/static/hpexe_messagepopupcomponent.js?20161017169425 HTTP/1.1" 200 605
186.103.157.98 - - [17/Mar/2017:11:04:13 -0300] "GET /cormun/static/cmcontrolpreferences.js?201731512453759 HTTP/1.1" 200 1375
186.103.157.98 - - [17/Mar/2017:11:04:13 -0300] "GET /cormun/static/hpexe_messagegenexuscomponent.js?201731512453548 HTTP/1.1" 200 587
186.103.157.98 - - [17/Mar/2017:11:04:13 -0300] "GET /cormun/static/hmpwkw03.js?20173151305292 HTTP/1.1" 200 3965
186.103.157.98 - - [17/Mar/2017:11:04:13 -0300] "GET /cormun/servlet/hlogin HTTP/1.1" 200 1724
186.103.157.98 - - [17/Mar/2017:11:04:13 -0300] "GET /cormun/servlet/hhome HTTP/1.1" 200 3288
186.103.157.98 - - [17/Mar/2017:11:04:13 -0300] "GET /cormun/static/gxcfg.js?20173151305376 HTTP/1.1" 200 953
186.103.157.98 - - [17/Mar/2017:11:04:13 -0300] "GET /cormun/static/hlogin.js?20173151305393 HTTP/1.1" 200 2136
186.103.157.98 - - [17/Mar/2017:11:04:15 -0300] "POST /cormun/servlet/hlogin?7d58d9cc60333a0856e7e3512ae518d8,gx-no-cache=1489759525259 HTTP/1.1" 200 90
186.103.157.98 - - [17/Mar/2017:11:04:15 -0300] "GET /cormun/servlet/hpexe_link HTTP/1.1" 200 944
186.103.157.98 - - [17/Mar/2017:11:04:15 -0300] "GET /cormun/static/gxcfg.js?20173151304587 HTTP/1.1" 200 953
186.103.157.98 - - [17/Mar/2017:11:04:15 -0300] "GET /cormun/static/hpexe_link.js?20173151304590 HTTP/1.1" 200 625
186.103.157.98 - - [17/Mar/2017:11:04:15 -0300] "GET /cormun/servlet/hhome HTTP/1.1" 200 4000
186.103.157.98 - - [17/Mar/2017:11:04:15 -0300] "GET /cormun/servlet/hhome HTTP/1.1" 200 3996
192.168.10.96 - - [17/Mar/2017:11:04:17 -0300] "GET /cormun/servlet/vesolicitudnombre?2017,5270,,SolicitudOTAdjuntos HTTP/1.1" 200 10229
186.103.157.98 - - [17/Mar/2017:11:04:17 -0300] "GET /cormun/servlet/trsolicitudot? HTTP/1.1" 200 8255
186.103.157.98 - - [17/Mar/2017:11:04:17 -0300] "GET /cormun/static/calendar-system.css?75620 HTTP/1.1" 200 5572
186.103.157.98 - - [17/Mar/2017:11:04:17 -0300] "GET /cormun/static/gxui/gxui-all.css?110300 HTTP/1.1" 200 2179
186.103.157.98 - - [17/Mar/2017:11:04:17 -0300] "GET /cormun/static/gxcfg.js?20173151322457 HTTP/1.1" 200 953
186.103.157.98 - - [17/Mar/2017:11:04:18 -0300] "GET /cormun/static/trsolicitudot.js?20173151323318 HTTP/1.1" 200 53117
186.103.157.98 - - [17/Mar/2017:11:04:18 -0300] "GET /cormun/static/Shared/ext/resources/css/ext-all.css?205870 HTTP/1.1" 200 416045
192.168.10.96 - - [17/Mar/2017:11:04:18 -0300] "GET /cormun/servlet/vesolicitudnombre?2017,5270,,SolicitudOTAdjuntos HTTP/1.1" 200 10230
186.103.157.98 - - [17/Mar/2017:11:04:18 -0300] "GET /cormun/servlet/trsolicitudot? HTTP/1.1" 200 8252
192.168.10.96 - - [17/Mar/2017:11:04:18 -0300] "POST /cormun/servlet/acontrolpreferencessavestate?None,DZAMUDIO,true HTTP/1.1" 200 35
192.168.10.96 - - [17/Mar/2017:11:04:20 -0300] "GET /cormun/PublicTempStorage/cv154740.pdf HTTP/1.1" 200 1461335
192.168.10.96 - - [17/Mar/2017:11:04:25 -0300] "GET /cormun/servlet/vesolicitudnombre?2017,5270,,SolicitudOTAdjuntos HTTP/1.1" 200 10231
192.168.10.96 - - [17/Mar/2017:11:04:26 -0300] "GET /cormun/servlet/vesolicitudnombre?2017,5270,,SolicitudOTAdjuntos HTTP/1.1" 200 10228
192.168.10.96 - - [17/Mar/2017:11:04:27 -0300] "POST /cormun/servlet/acontrolpreferencessavestate?None,DZAMUDIO,true HTTP/1.1" 200 35
192.168.10.96 - - [17/Mar/2017:11:04:29 -0300] "GET /cormun/PublicTempStorage/certificado_titulo_profesional_26607483.pdf HTTP/1.1" 200 771455
186.103.157.98 - - [17/Mar/2017:11:04:29 -0300] "GET /cormun/servlet/solicitudot?INS,0,0, HTTP/1.1" 200 12809
186.103.157.98 - - [17/Mar/2017:11:04:29 -0300] "GET /cormun/static/Resources/Spanish/PXTools.css?18365030 HTTP/1.1" 200 89042
186.103.157.98 - - [17/Mar/2017:11:04:30 -0300] "GET /cormun/servlet/solicitudot?INS,0,0, HTTP/1.1" 200 12814
192.168.10.62 - - [17/Mar/2017:11:04:39 -0300] "GET /cormun/servlet/hlogin HTTP/1.1" 200 1725
192.168.10.62 - - [17/Mar/2017:11:04:49 -0300] "POST /cormun/servlet/hlogin?eb5cd1914f13f30d940ad89126027148,gx-no-cache=1489762771181 HTTP/1.1" 200 90
192.168.10.62 - - [17/Mar/2017:11:04:49 -0300] "GET /cormun/servlet/hpexe_link HTTP/1.1" 200 973
192.168.10.62 - - [17/Mar/2017:11:04:49 -0300] "GET /cormun/servlet/vesolicitudnombre?2017,3626,, HTTP/1.1" 200 8011
192.168.10.62 - - [17/Mar/2017:11:04:49 -0300] "GET /cormun/pexe_scrolldiv.js HTTP/1.1" 404 1009
192.168.10.62 - - [17/Mar/2017:11:04:49 -0300] "GET /cormun/pexe_scrolldiv.js HTTP/1.1" 404 1009
192.168.10.62 - - [17/Mar/2017:11:04:50 -0300] "GET /cormun/servlet/vesolicitudnombre?2017,3626,, HTTP/1.1" 200 8009
192.168.10.62 - - [17/Mar/2017:11:04:57 -0300] "GET /cormun/servlet/trsolicitudgral? HTTP/1.1" 200 10224
192.168.10.62 - - [17/Mar/2017:11:04:57 -0300] "GET /cormun/servlet/trsolicitudgral? HTTP/1.1" 200 10213
192.168.10.62 - - [17/Mar/2017:11:04:59 -0300] "GET /cormun/static/menuarrow.gif HTTP/1.1" 404 1015
192.168.10.62 - - [17/Mar/2017:11:05:11 -0300] "POST /cormun/servlet/trsolicitudgral?eb5cd1914f13f30d940ad89126027148,,gx-no-cache=1489762793270 HTTP/1.1" 200 6262
192.168.10.89 - - [17/Mar/2017:11:05:55 -0300] "POST /cormun/servlet/trsolicitudgral?fbd7a8bf6f3bb1ca6f7d391e164ada6f,,gx-no-cache=1489762836894 HTTP/1.1" 200 5403
192.168.10.62 - - [17/Mar/2017:11:05:55 -0300] "POST /cormun/servlet/trsolicitudgral?eb5cd1914f13f30d940ad89126027148,,gx-no-cache=1489762837134 HTTP/1.1" 200 105
192.168.10.62 - - [17/Mar/2017:11:05:55 -0300] "POST /cormun/servlet/trsolicitudgral?eb5cd1914f13f30d940ad89126027148,,gx-no-cache=1489762837337 HTTP/1.1" 200 6244
192.168.10.62 - - [17/Mar/2017:11:05:55 -0300] "GET /cormun/SolicitudGral-3056.xls HTTP/1.1" 200 5632
192.168.10.89 - - [17/Mar/2017:11:06:00 -0300] "POST /cormun/servlet/trsolicitudgral?fbd7a8bf6f3bb1ca6f7d391e164ada6f,,gx-no-cache=1489762841959 HTTP/1.1" 200 5403
192.168.10.89 - - [17/Mar/2017:11:06:21 -0300] "POST /cormun/servlet/trsolicitudgral?fbd7a8bf6f3bb1ca6f7d391e164ada6f,,gx-no-cache=1489762862499 HTTP/1.1" 200 5402
192.168.10.89 - - [17/Mar/2017:11:06:26 -0300] "POST /cormun/servlet/trsolicitudgral?fbd7a8bf6f3bb1ca6f7d391e164ada6f,,gx-no-cache=1489762867499 HTTP/1.1" 200 5401
186.103.157.98 - - [17/Mar/2017:11:06:39 -0300] "POST /cormun/servlet/solicitudot?gx-no-cache=1489759669467 HTTP/1.1" 200 3180
186.103.157.98 - - [17/Mar/2017:11:06:39 -0300] "POST /cormun/servlet/solicitudot?7d58d9cc60333a0856e7e3512ae518d8,INS,0,0,,gx-no-cache=1489759669778 HTTP/1.1" 200 9915
186.103.157.98 - - [17/Mar/2017:11:06:46 -0300] "GET /cormun/servlet/solicitudot?84f0ff2a736ab045a06d843d752257cf2c751bd337529813ce70180ab0230e2e9ec86a665e397e6a81f0fb41929a0d5b,gx-no-cache=1489759676856 HTTP/1.1" 200 30
186.103.157.98 - - [17/Mar/2017:11:06:46 -0300] "POST /cormun/servlet/solicitudot?gx-no-cache=1489759676938 HTTP/1.1" 200 240
186.103.157.98 - - [17/Mar/2017:11:06:46 -0300] "GET /cormun/servlet/solicitudot?84f0ff2a736ab045a06d843d752257cf9ded0fc7291fd5f922e7ce0bd46a4f38dc2c041e98f71ad858dd52596143e6b29694d0323551029ca6fe42c38598818baffb17e79665d71b720d4fbb85349c87fb644663fc61b91f1b0518b91650b9c908a77712690dc77426342a5195ca11023d614c4588495145f1b90bc202dff708d5a2129d0116b90d00b2c804048012feaed3686b4852c6a71c5dc5e6c5169c8eedf94b24d497fd1df2dab149fbbf15e5b5ea839d5d86d256786953078fedab3077bb2d56aab89e48c44af4516f6deae3f3070084c60a654753aaf15e4f717fbc7bac4442663e39c6f46f20cac5c2c3e6c224486619c78f458081a4dcd37bd2788ff1588860d896476ebbe44ccd3b29f778e9035bbc9cedef4c36fa38c203109c85fa9bd24559314d54b808d2dbd863f20821df03a54c9a00cb5aa0a6290ea308ca2853388f4ced2b76460445e3767085d9ea01eb45817d8924ba66113ba78b874e79218c17200d9de95239b8ae4f52bf5441140d38b83eb11bcf1e22c4136e60,gx-no-cache=1489759677025 HTTP/1.1" 200 30
192.168.10.62 - - [17/Mar/2017:11:06:48 -0300] "POST /cormun/servlet/trsolicitudgral?eb5cd1914f13f30d940ad89126027148,,gx-no-cache=1489762890327 HTTP/1.1" 200 5179
192.168.10.62 - - [17/Mar/2017:11:06:48 -0300] "GET /cormun/static/Shared/jqueryui/images/ui-bg_highlight-soft_100_c6c2c8_1x100.png HTTP/1.1" 404 1117
192.168.10.62 - - [17/Mar/2017:11:06:48 -0300] "GET /cormun/static/Shared/jqueryui/images/ui-icons_82798d_256x240.png HTTP/1.1" 404 1089
192.168.10.62 - - [17/Mar/2017:11:06:48 -0300] "GET /cormun/static/Shared/jqueryui/images/ui-icons_8d78a5_256x240.png HTTP/1.1" 404 1089
192.168.10.62 - - [17/Mar/2017:11:06:48 -0300] "GET /cormun/static/Shared/jqueryui/images/ui-bg_flat_55_fafafa_40x100.png HTTP/1.1" 404 1097
186.103.157.98 - - [17/Mar/2017:11:06:54 -0300] "POST /cormun/servlet/solicitudot?gx-no-cache=1489759684497 HTTP/1.1" 200 30
192.168.10.89 - - [17/Mar/2017:11:06:55 -0300] "POST /cormun/servlet/trsolicitudgral?fbd7a8bf6f3bb1ca6f7d391e164ada6f,,gx-no-cache=1489762897395 HTTP/1.1" 200 5399
186.103.157.98 - - [17/Mar/2017:11:06:58 -0300] "POST /cormun/servlet/solicitudot?gx-no-cache=1489759688800 HTTP/1.1" 200 235
186.103.157.98 - - [17/Mar/2017:11:06:58 -0300] "POST /cormun/servlet/solicitudot?gx-no-cache=1489759688886 HTTP/1.1" 200 38
192.168.10.89 - - [17/Mar/2017:11:07:01 -0300] "POST /cormun/servlet/trsolicitudgral?fbd7a8bf6f3bb1ca6f7d391e164ada6f,,gx-no-cache=1489762903150 HTTP/1.1" 200 5400
192.168.10.89 - - [17/Mar/2017:11:07:08 -0300] "GET /cormun/servlet/hlogin HTTP/1.1" 200 1732
186.103.159.44 - - [17/Mar/2017:11:07:16 -0300] "GET /cormun/servlet/licenciaspermisos?b409aa4c4901b2ea7adac246cb957726fbd2b587311c13b31bb3dd13e325277432b35197bb613357c4288028aea26015dab09d3beeb986dea35147ab6349a6ea28aceb936fcf69a9898945f06ae7123a1bee441293c8ae407798ad68e6e47e23cb738dac6e91859a171312a4249d4043b86a3be4e20183ddc3a3e0646d3faef583023c6b53033fa55a602acbda70fcdc9466fa6fdf03f1866f1862812eba3186c68ed9dabd4a7ca2d5809deb340dcda384a35c12b7bf3bea86ea3f67003301c91f83410d34477676a83dfef5d25c7e14b8e29317f9c1d93eaf26f8eb78798876,gx-no-cache=1489759696012 HTTP/1.1" 200 30
186.103.159.44 - - [17/Mar/2017:11:07:16 -0300] "GET /cormun/servlet/licenciaspermisos?b409aa4c4901b2ea7adac246cb957726593b96d379153420184047ad2be8f060e5fbefe08ee8504aaaaa59c1edb877c990e39f6729e1c1286eb0486b8dbfc9390fc52cd637d8babf1c272b4bff3eac126ea7d30dee7d8ffd36f26b8d330909d7a1ef34081b5ed29b30a793b1aec8a1f20b8608a1d499347066f55c70cf22d21b77fbffe958ea8268f3f9641dd0dd37ccfc470f5176588ca8e0c1d2f4c8a159fb2f53c9bf0acd3231e81ab4c5b84c151a6c136da5d2ff4334557b3154a54e23f118eaffd0e710617446691fcbd59021f29e689f5d9978ec700ac11284723eb98d,gx-no-cache=1489759696402 HTTP/1.1" 200 29
192.168.10.89 - - [17/Mar/2017:11:07:16 -0300] "POST /cormun/servlet/hlogin?fbd7a8bf6f3bb1ca6f7d391e164ada6f,gx-no-cache=1489762918437 HTTP/1.1" 200 448
186.103.159.44 - - [17/Mar/2017:11:07:17 -0300] "POST /cormun/servlet/licenciaspermisos?fe866230ba3fbbde3931e3dae5d6023a,INS,0,,,,gx-no-cache=1489759696768 HTTP/1.1" 200 93
186.103.159.44 - - [17/Mar/2017:11:07:17 -0300] "GET /cormun/servlet/hpexe_return? HTTP/1.1" 200 1007
186.103.159.44 - - [17/Mar/2017:11:07:17 -0300] "GET /cormun/servlet/trlicencias HTTP/1.1" 200 7805
186.103.157.98 - - [17/Mar/2017:11:07:19 -0300] "GET /cormun/servlet/solicitudot?84f0ff2a736ab045a06d843d752257cff76f156580579b3a9b340efaee93dd4e4360cad1eee625bb53f29911be2e4f2cb8a3f9c45a5fd60334b4e6bcc9addc652a4b8b885b661175b33d2c6cd8c2255e0f22c49ac8ea8724c0938eb9462e0b059a601c071f7b03b5c4b86d1de48530f0,gx-no-cache=1489759709476 HTTP/1.1" 200 29
186.103.157.98 - - [17/Mar/2017:11:07:19 -0300] "POST /cormun/servlet/solicitudot?gx-no-cache=1489759709545 HTTP/1.1" 200 643
186.103.157.98 - - [17/Mar/2017:11:07:19 -0300] "POST /cormun/servlet/solicitudot?gx-no-cache=1489759709596 HTTP/1.1" 200 518
186.103.157.98 - - [17/Mar/2017:11:07:19 -0300] "GET /cormun/static/menuarrow.gif HTTP/1.1" 404 1015
192.168.10.89 - - [17/Mar/2017:11:07:20 -0300] "POST /cormun/servlet/hlogin?fbd7a8bf6f3bb1ca6f7d391e164ada6f,gx-no-cache=1489762921874 HTTP/1.1" 200 90
192.168.10.89 - - [17/Mar/2017:11:07:20 -0300] "GET /cormun/servlet/hpexe_link HTTP/1.1" 200 946
192.168.10.89 - - [17/Mar/2017:11:07:20 -0300] "GET /cormun/servlet/hhome HTTP/1.1" 200 3932
186.103.157.98 - - [17/Mar/2017:11:07:24 -0300] "POST /cormun/servlet/solicitudot?gx-no-cache=1489759714281 HTTP/1.1" 200 643
186.103.157.98 - - [17/Mar/2017:11:07:24 -0300] "POST /cormun/servlet/solicitudot?gx-no-cache=1489759714328 HTTP/1.1" 200 518
192.168.10.89 - - [17/Mar/2017:11:07:24 -0300] "GET /cormun/servlet/trsolicitudot? HTTP/1.1" 200 6893
186.103.159.44 - - [17/Mar/2017:11:07:24 -0300] "GET /cormun/servlet/trlicenciaspermisosadjuntos?11163519,20170317000000,L, HTTP/1.1" 200 6120
186.103.159.44 - - [17/Mar/2017:11:07:24 -0300] "GET /cormun/static/gxcfg.js?2017315135259 HTTP/1.1" 200 953
186.103.159.44 - - [17/Mar/2017:11:07:24 -0300] "GET /cormun/static/trlicenciaspermisosadjuntos.js?2017315135563 HTTP/1.1" 200 21008
186.103.159.44 - - [17/Mar/2017:11:07:28 -0300] "GET /cormun/servlet/licenciaspermisosadjuntos?INS,11163519,L,20170317000000,, HTTP/1.1" 200 5426
192.168.10.89 - - [17/Mar/2017:11:07:28 -0300] "GET /cormun/servlet/solicitudot?INS,0,0, HTTP/1.1" 200 12745
186.103.159.44 - - [17/Mar/2017:11:07:28 -0300] "GET /cormun/static/gxcfg.js?201731512553221 HTTP/1.1" 200 953
186.103.159.44 - - [17/Mar/2017:11:07:28 -0300] "GET /cormun/static/licenciaspermisosadjuntos.js?201731512553234 HTTP/1.1" 200 8757
186.103.159.44 - - [17/Mar/2017:11:07:28 -0300] "HEAD /cormun/static/about:blank HTTP/1.1" 404 -
192.168.10.89 - - [17/Mar/2017:11:07:37 -0300] "GET /cormun/servlet/prfichaempleado?,MD,,gxPopupLevel%3D0%3B HTTP/1.1" 200 8801
186.103.157.98 - - [17/Mar/2017:11:07:39 -0300] "GET /cormun/servlet/solicitudot?84f0ff2a736ab045a06d843d752257cf3c9ac5a59d1fc67366296a428325f8be931c59f49a62f2c52e416d075e047e6522a163c010630beda035109a336cef788e7cdc8bfd0c6745191173b937533a34c38f4cb90e067b7b43dcb67afd794b99349357e152d9e1aded87d13c4b504bc9cf739f330d23d6a71de9357f7d563043d46444a965cbc664874b18be09e7f391d2764cd58cb428ce2c7473e715b5401cb8904bb827045589cbef56352a263471,gx-no-cache=1489759729428 HTTP/1.1" 200 30
186.103.159.44 - - [17/Mar/2017:11:07:54 -0300] "POST /cormun/servlet/licenciaspermisosadjuntos?fe866230ba3fbbde3931e3dae5d6023a,INS,11163519,L,20170317000000,, HTTP/1.1" 200 116
186.103.159.44 - - [17/Mar/2017:11:07:54 -0300] "GET /cormun/servlet/hpexe_return? HTTP/1.1" 200 1036
186.103.159.44 - - [17/Mar/2017:11:07:54 -0300] "GET /cormun/servlet/trlicenciaspermisosadjuntos?11163519,20170317000000,L, HTTP/1.1" 200 6600
186.103.157.98 - - [17/Mar/2017:11:07:55 -0300] "POST /cormun/servlet/solicitudot?7d58d9cc60333a0856e7e3512ae518d8,INS,0,0,,gx-no-cache=1489759745798 HTTP/1.1" 200 93
186.103.157.98 - - [17/Mar/2017:11:07:55 -0300] "GET /cormun/servlet/hpexe_return? HTTP/1.1" 200 998
186.103.157.98 - - [17/Mar/2017:11:07:56 -0300] "GET /cormun/servlet/trsolicitudot HTTP/1.1" 200 8712
186.103.159.44 - - [17/Mar/2017:11:07:56 -0300] "GET /cormun/PublicTempStorage/licencia_elizabeth6540886.pdf HTTP/1.1" 200 836657
186.103.157.98 - - [17/Mar/2017:11:07:56 -0300] "GET /cormun/servlet/trsolicitudot HTTP/1.1" 200 8708
186.103.159.44 - - [17/Mar/2017:11:08:01 -0300] "GET /cormun/servlet/trlicencias? HTTP/1.1" 200 7802
186.103.159.44 - - [17/Mar/2017:11:08:06 -0300] "GET /cormun/servlet/alicenciaprn?11163519,L,20170317000000,PU HTTP/1.1" 200 1557
186.103.157.98 - - [17/Mar/2017:11:08:08 -0300] "POST /cormun/servlet/trsolicitudot?7d58d9cc60333a0856e7e3512ae518d8,gx-no-cache=1489759759106 HTTP/1.1" 200 107
186.103.157.98 - - [17/Mar/2017:11:08:09 -0300] "GET /cormun/servlet/trsolicitudadjuntos?2017,4832, HTTP/1.1" 200 6098
186.103.157.98 - - [17/Mar/2017:11:08:09 -0300] "GET /cormun/static/gxcfg.js?20173151321943 HTTP/1.1" 200 953
186.103.157.98 - - [17/Mar/2017:11:08:09 -0300] "GET /cormun/static/trsolicitudadjuntos.js?20173151322278 HTTP/1.1" 200 17913
186.103.157.98 - - [17/Mar/2017:11:08:09 -0300] "GET /cormun/servlet/trsolicitudadjuntos?2017,4832, HTTP/1.1" 200 6098
192.168.10.89 - - [17/Mar/2017:11:08:13 -0300] "POST /cormun/servlet/prfichaempleado?fbd7a8bf6f3bb1ca6f7d391e164ada6f,,MD,,gxPopupLevel%3D0%3B,gx-no-cache=1489762974600 HTTP/1.1" 200 3460
186.103.157.98 - - [17/Mar/2017:11:08:13 -0300] "GET /cormun/servlet/solicitudotadjuntos?INS,2017,4832,,2, HTTP/1.1" 200 6033
186.103.157.98 - - [17/Mar/2017:11:08:13 -0300] "GET /cormun/static/gxcfg.js?201612218465951 HTTP/1.1" 200 953
186.103.157.98 - - [17/Mar/2017:11:08:13 -0300] "GET /cormun/static/solicitudotadjuntos.js?201612218465969 HTTP/1.1" 200 11762
186.103.157.98 - - [17/Mar/2017:11:08:13 -0300] "GET /cormun/static/about:blank HTTP/1.1" 404 1011
186.103.157.98 - - [17/Mar/2017:11:08:13 -0300] "GET /cormun/servlet/solicitudotadjuntos?INS,2017,4832,,2, HTTP/1.1" 200 6027
186.103.157.98 - - [17/Mar/2017:11:08:14 -0300] "GET /cormun/servlet/solicitudotadjuntos?84f0ff2a736ab045a06d843d752257cf15102c511a886c5f6e92a0c7e86fdda45abfe70bc2ae1f8b89e910b9d424d7dc,gx-no-cache=1489759764412 HTTP/1.1" 200 30
186.103.157.98 - - [17/Mar/2017:11:08:14 -0300] "POST /cormun/servlet/solicitudotadjuntos?7d58d9cc60333a0856e7e3512ae518d8,INS,2017,4832,,2,,gx-no-cache=1489759764457 HTTP/1.1" 200 4001
192.168.10.89 - - [17/Mar/2017:11:08:15 -0300] "POST /cormun/servlet/solicitudot?gx-no-cache=1489762977361 HTTP/1.1" 200 3170
192.168.10.89 - - [17/Mar/2017:11:08:16 -0300] "POST /cormun/servlet/solicitudot?fbd7a8bf6f3bb1ca6f7d391e164ada6f,INS,0,0,,gx-no-cache=1489762977651 HTTP/1.1" 200 9950
192.168.10.89 - - [17/Mar/2017:11:08:17 -0300] "GET /cormun/servlet/solicitudot?a1faef212c0ed0436e36cdeacd4b98dc2a73d7e73a7fdc19e8a961fc1df1d91b5214d759b1e661c398feb707bfc713ef,gx-no-cache=1489762978660 HTTP/1.1" 200 30
192.168.10.89 - - [17/Mar/2017:11:08:17 -0300] "POST /cormun/servlet/solicitudot?gx-no-cache=1489762978703 HTTP/1.1" 200 255
192.168.10.89 - - [17/Mar/2017:11:08:17 -0300] "GET /cormun/servlet/solicitudot?a1faef212c0ed0436e36cdeacd4b98dc63cf06ea2c1f241345f9089a6ec73dfbecfb98aca16ec838b70835e668dd1dd695eb1df3455208a4e456a934734efaa6a94796058f58fff0cd13f65fbc40beb77109723b80c7fa00c7d93f31c94b6de2c93f55d56bf6c8f7ef758a4bb708ae5a2cffeb4740aacf345bd62733ffbd5c3b1e13e7a818a359b3bf3a86e20a5343f8ddcf1a727f7f1bc876dc12ac5daf9655278dbb303bbff755474df19db0b83cd71a3e530b99f523edabc6e017fddd152e6399072c8aaf18ce641a86f60db82ab57205c9cad512644b5e58983d900ec1db6c24477c3b297f18446daefe7a86a380e516b74e186cce9fc2b53758fe6ca29d0d74ed83659e90df2bfcc051d883ade8f45e76c0425efc9d615ec68dd3aef8086132e0f8b09a868d7eb3cd51a3dc1963da9a67de4c44083a8e860ccdba18f01c3d21a743c8e3e2ac1997a43ef33553af1c893c56838c3750fed4688ffaaee8e085ff51eba98d03faf3724584c0f86838cf821e9e105e3477fc70bda346d48e06,gx-no-cache=1489762978733 HTTP/1.1" 200 30
192.168.10.89 - - [17/Mar/2017:11:08:18 -0300] "POST /cormun/servlet/solicitudot?gx-no-cache=1489762979811 HTTP/1.1" 200 30
192.168.10.89 - - [17/Mar/2017:11:08:19 -0300] "POST /cormun/servlet/solicitudot?gx-no-cache=1489762980987 HTTP/1.1" 200 235
192.168.10.89 - - [17/Mar/2017:11:08:19 -0300] "POST /cormun/servlet/solicitudot?gx-no-cache=1489762981039 HTTP/1.1" 200 38
192.168.10.89 - - [17/Mar/2017:11:08:22 -0300] "GET /cormun/servlet/solicitudot?a1faef212c0ed0436e36cdeacd4b98dc9044c0ba2dfe34e376cf5ed4d8f33b10ce89f9cd24e559025db2b54aa464ff6771bead07fec427c70df11398dcbf7ec261cf3b67bedc19f061e2ada88d4ec37d4605f778d868a7825c2e64aa05b1cfc8ff637895a94ac1e4778fe4cb470106144b292777bf536be5dd514d1759057799793fea21135955649d3ac8c4c56e67d49228add59f55fec31497c38e35b508a8,gx-no-cache=1489762983589 HTTP/1.1" 200 29
192.168.10.89 - - [17/Mar/2017:11:08:22 -0300] "POST /cormun/servlet/solicitudot?gx-no-cache=1489762983617 HTTP/1.1" 200 643
192.168.10.89 - - [17/Mar/2017:11:08:24 -0300] "POST /cormun/servlet/solicitudot?gx-no-cache=1489762986235 HTTP/1.1" 200 1157
186.103.159.44 - - [17/Mar/2017:11:08:27 -0300] "POST /cormun/servlet/trlicencias?fe866230ba3fbbde3931e3dae5d6023a,,gx-no-cache=1489759766804 HTTP/1.1" 200 4053
186.103.159.44 - - [17/Mar/2017:11:08:27 -0300] "GET /cormun/static/Shared/jqueryui/images/ui-bg_flat_55_fafafa_40x100.png HTTP/1.1" 404 1097
186.103.159.44 - - [17/Mar/2017:11:08:27 -0300] "GET /cormun/static/Shared/jqueryui/images/ui-icons_82798d_256x240.png HTTP/1.1" 404 1089
186.103.159.44 - - [17/Mar/2017:11:08:27 -0300] "GET /cormun/static/Shared/jqueryui/images/ui-bg_highlight-soft_100_c6c2c8_1x100.png HTTP/1.1" 404 1117
186.103.159.44 - - [17/Mar/2017:11:08:27 -0300] "GET /cormun/static/Shared/jqueryui/images/ui-icons_8d78a5_256x240.png HTTP/1.1" 404 1089
186.103.157.98 - - [17/Mar/2017:11:08:30 -0300] "GET /cormun/servlet/trsolicitudadjuntos?2017,4832, HTTP/1.1" 200 6098
186.103.157.98 - - [17/Mar/2017:11:08:30 -0300] "GET /cormun/servlet/trsolicitudadjuntos?2017,4832, HTTP/1.1" 200 6098
186.103.159.44 - - [17/Mar/2017:11:08:32 -0300] "GET /cormun/servlet/trlicencias? HTTP/1.1" 200 6612
192.168.10.89 - - [17/Mar/2017:11:08:33 -0300] "GET /cormun/servlet/solicitudot?a1faef212c0ed0436e36cdeacd4b98dc7532c4b1a2fe07b38c2c07b5e4f5861efafa1eb6f6572c2061e08ff3285fb4c580fde778cac2c62b27021e157718c7387ad0f3e18b99abe491b93c0e53f4e438498c85a1ca7fc9a7348b4211d79fc17511da391bb4dffaecd02992d9d1c10a65d235bf523f2fe2946ee10803404f30fef9eba51ebff2382937551da98c636829ac77c5a2ce30ce1825b298da355686300f2a3dfbb2b076232d43fa98f367ec30,gx-no-cache=1489762995421 HTTP/1.1" 200 30
186.103.157.98 - - [17/Mar/2017:11:08:34 -0300] "GET /cormun/servlet/trsolicitudot HTTP/1.1" 200 8712
186.103.157.98 - - [17/Mar/2017:11:08:34 -0300] "GET /cormun/servlet/trsolicitudot HTTP/1.1" 200 8708
192.168.10.89 - - [17/Mar/2017:11:08:38 -0300] "POST /cormun/servlet/solicitudot?fbd7a8bf6f3bb1ca6f7d391e164ada6f,INS,0,0,,gx-no-cache=1489762999926 HTTP/1.1" 200 93
192.168.10.89 - - [17/Mar/2017:11:08:38 -0300] "GET /cormun/servlet/hpexe_return? HTTP/1.1" 200 1000
192.168.10.89 - - [17/Mar/2017:11:08:38 -0300] "GET /cormun/static/gxcfg.js?2016101716175148 HTTP/1.1" 200 953
192.168.10.89 - - [17/Mar/2017:11:08:38 -0300] "GET /cormun/static/hpexe_return.js?2016101716175153 HTTP/1.1" 304 -
192.168.10.89 - - [17/Mar/2017:11:08:39 -0300] "GET /cormun/servlet/trsolicitudot HTTP/1.1" 200 8167
192.168.10.89 - - [17/Mar/2017:11:08:42 -0300] "POST /cormun/servlet/trsolicitudot?fbd7a8bf6f3bb1ca6f7d391e164ada6f,gx-no-cache=1489763003493 HTTP/1.1" 200 4341
192.168.10.89 - - [17/Mar/2017:11:08:42 -0300] "POST /cormun/servlet/trsolicitudot?fbd7a8bf6f3bb1ca6f7d391e164ada6f,gx-no-cache=1489763003822 HTTP/1.1" 200 4127
192.168.10.89 - - [17/Mar/2017:11:08:42 -0300] "GET /cormun/static/Shared/jqueryui/images/ui-icons_8d78a5_256x240.png HTTP/1.1" 404 1089
192.168.10.89 - - [17/Mar/2017:11:08:42 -0300] "GET /cormun/static/Shared/jqueryui/images/ui-bg_highlight-soft_100_c6c2c8_1x100.png HTTP/1.1" 404 1117
192.168.10.89 - - [17/Mar/2017:11:08:42 -0300] "GET /cormun/static/Shared/jqueryui/images/ui-bg_flat_55_fafafa_40x100.png HTTP/1.1" 404 1097
192.168.10.89 - - [17/Mar/2017:11:08:42 -0300] "GET /cormun/static/Shared/jqueryui/images/ui-icons_82798d_256x240.png HTTP/1.1" 404 1089
192.168.10.89 - - [17/Mar/2017:11:08:43 -0300] "GET /cormun/servlet/trautorizarsolicitud? HTTP/1.1" 200 8113
192.168.10.89 - - [17/Mar/2017:11:08:43 -0300] "GET /cormun/static/gxcfg.js?2017259112829 HTTP/1.1" 200 953
192.168.10.89 - - [17/Mar/2017:11:08:46 -0300] "POST /cormun/servlet/trautorizarsolicitud?fbd7a8bf6f3bb1ca6f7d391e164ada6f,,gx-no-cache=1489763007932 HTTP/1.1" 200 4313
192.168.10.89 - - [17/Mar/2017:11:08:46 -0300] "POST /cormun/servlet/trautorizarsolicitud?fbd7a8bf6f3bb1ca6f7d391e164ada6f,,gx-no-cache=1489763008273 HTTP/1.1" 200 4102
192.168.10.89 - - [17/Mar/2017:11:08:47 -0300] "GET /cormun/static/Shared/jqueryui/images/ui-bg_flat_55_fafafa_40x100.png HTTP/1.1" 404 1097
192.168.10.89 - - [17/Mar/2017:11:08:47 -0300] "GET /cormun/static/Shared/jqueryui/images/ui-icons_82798d_256x240.png HTTP/1.1" 404 1089
192.168.10.89 - - [17/Mar/2017:11:08:47 -0300] "GET /cormun/static/Shared/jqueryui/images/ui-icons_8d78a5_256x240.png HTTP/1.1" 404 1089
192.168.10.89 - - [17/Mar/2017:11:08:47 -0300] "GET /cormun/static/Shared/jqueryui/images/ui-bg_highlight-soft_100_c6c2c8_1x100.png HTTP/1.1" 404 1117
186.103.157.98 - - [17/Mar/2017:11:08:49 -0300] "POST /cormun/servlet/trsolicitudot?7d58d9cc60333a0856e7e3512ae518d8,gx-no-cache=1489759799550 HTTP/1.1" 200 107
186.103.157.98 - - [17/Mar/2017:11:08:50 -0300] "GET /cormun/servlet/trsolicitudadjuntos?2017,4832, HTTP/1.1" 200 6098
186.103.157.98 - - [17/Mar/2017:11:08:50 -0300] "GET /cormun/servlet/trsolicitudadjuntos?2017,4832, HTTP/1.1" 200 6098
186.103.157.98 - - [17/Mar/2017:11:08:52 -0300] "GET /cormun/servlet/trsolicitudot HTTP/1.1" 200 8712
186.103.157.98 - - [17/Mar/2017:11:08:53 -0300] "GET /cormun/servlet/trsolicitudot HTTP/1.1" 200 8708
186.103.157.98 - - [17/Mar/2017:11:08:55 -0300] "POST /cormun/servlet/trsolicitudot?7d58d9cc60333a0856e7e3512ae518d8,gx-no-cache=1489759805991 HTTP/1.1" 200 106
186.103.157.98 - - [17/Mar/2017:11:08:55 -0300] "GET /cormun/servlet/trsolicitudadjuntos?2017,5615, HTTP/1.1" 200 6099
186.103.157.98 - - [17/Mar/2017:11:08:56 -0300] "GET /cormun/servlet/trsolicitudadjuntos?2017,5615, HTTP/1.1" 200 6099
192.168.10.89 - - [17/Mar/2017:11:09:00 -0300] "GET /cormun/servlet/hlogin HTTP/1.1" 200 1735
186.103.157.98 - - [17/Mar/2017:11:09:00 -0300] "GET /cormun/servlet/solicitudotadjuntos?INS,2017,5615,,1, HTTP/1.1" 200 6036
186.103.157.98 - - [17/Mar/2017:11:09:00 -0300] "GET /cormun/static/about:blank HTTP/1.1" 404 1011
186.103.157.98 - - [17/Mar/2017:11:09:00 -0300] "GET /cormun/servlet/solicitudotadjuntos?INS,2017,5615,,1, HTTP/1.1" 200 6030
186.103.157.98 - - [17/Mar/2017:11:09:01 -0300] "GET /cormun/servlet/solicitudotadjuntos?84f0ff2a736ab045a06d843d752257cfad661ce81da2d8e4ca7f420c6d4756ec0b59f84b0b8857ebc0a0a59b9fd6eee2,gx-no-cache=1489759811504 HTTP/1.1" 200 30
186.103.157.98 - - [17/Mar/2017:11:09:01 -0300] "POST /cormun/servlet/solicitudotadjuntos?7d58d9cc60333a0856e7e3512ae518d8,INS,2017,5615,,1,,gx-no-cache=1489759811544 HTTP/1.1" 200 3823
186.103.157.98 - - [17/Mar/2017:11:09:04 -0300] "POST /cormun/servlet/solicitudotadjuntos?gx-no-cache=1489759814357 HTTP/1.1" 200 26
192.168.10.89 - - [17/Mar/2017:11:09:06 -0300] "POST /cormun/servlet/hlogin?fbd7a8bf6f3bb1ca6f7d391e164ada6f,gx-no-cache=1489763027812 HTTP/1.1" 200 90
192.168.10.89 - - [17/Mar/2017:11:09:06 -0300] "GET /cormun/servlet/hpexe_link HTTP/1.1" 200 946
192.168.10.89 - - [17/Mar/2017:11:09:06 -0300] "GET /cormun/servlet/hhome HTTP/1.1" 200 4380
186.103.157.98 - - [17/Mar/2017:11:09:52 -0300] "GET /cormun/servlet/solicitudotadjuntos?84f0ff2a736ab045a06d843d752257cf57aed71860e7340ce517e89a3068b5a9,gx-no-cache=1489759863064 HTTP/1.1" 200 30
186.103.157.98 - - [17/Mar/2017:11:09:52 -0300] "GET /cormun/servlet/solicitudotadjuntos?84f0ff2a736ab045a06d843d752257cf57aed71860e7340ce517e89a3068b5a9,gx-no-cache=1489759863143 HTTP/1.1" 200 30
186.67.84.234 - - [17/Mar/2017:11:09:53 -0300] "GET /cormun/servlet/hlogin HTTP/1.1" 200 1724
186.67.84.234 - - [17/Mar/2017:11:09:53 -0300] "GET /cormun/static/gxcfg.js?20173151305376 HTTP/1.1" 200 953
186.67.84.234 - - [17/Mar/2017:11:09:53 -0300] "GET /cormun/static/gxtimezone.js?85251 HTTP/1.1" 200 5781
186.67.84.234 - - [17/Mar/2017:11:09:53 -0300] "GET /cormun/static/Resources/Spanish/PXTools.css?1242369 HTTP/1.1" 200 89042
186.103.157.98 - - [17/Mar/2017:11:09:54 -0300] "POST /cormun/servlet/solicitudotadjuntos?7d58d9cc60333a0856e7e3512ae518d8,INS,2017,5615,,1, HTTP/1.1" 200 116
186.67.84.234 - - [17/Mar/2017:11:09:54 -0300] "GET /cormun/static/gxgral.js?85251 HTTP/1.1" 200 384558
186.103.157.98 - - [17/Mar/2017:11:09:54 -0300] "GET /cormun/servlet/hpexe_return? HTTP/1.1" 200 1016
186.103.157.98 - - [17/Mar/2017:11:09:55 -0300] "GET /cormun/servlet/trsolicitudadjuntos?2017,5615, HTTP/1.1" 200 8242
186.103.157.98 - - [17/Mar/2017:11:09:55 -0300] "GET /cormun/servlet/trsolicitudadjuntos?2017,5615, HTTP/1.1" 200 8238
186.67.84.234 - - [17/Mar/2017:11:09:55 -0300] "GET /cormun/static/messages.spa.js?85251 HTTP/1.1" 200 30736
186.67.84.234 - - [17/Mar/2017:11:09:56 -0300] "GET /cormun/static/hlogin.js?20173151305393 HTTP/1.1" 200 2136
186.67.84.234 - - [17/Mar/2017:11:09:56 -0300] "GET /cormun/static/Resources/ComunLogin.png HTTP/1.1" 200 17326
186.67.84.234 - - [17/Mar/2017:11:09:56 -0300] "GET /cormun/static/Resources/PXToolsLoginTop.png HTTP/1.1" 200 1337
186.67.84.234 - - [17/Mar/2017:11:09:57 -0300] "GET /cormun/static/Resources/PXToolsButtonRight21.png HTTP/1.1" 200 1283
186.67.84.234 - - [17/Mar/2017:11:09:57 -0300] "GET /cormun/static/Resources/PXToolsButtonLeft21.png HTTP/1.1" 200 1287
186.67.84.234 - - [17/Mar/2017:11:09:57 -0300] "GET /cormun/static/Resources/PXToolsLoginBackground.png HTTP/1.1" 200 1164
186.67.84.234 - - [17/Mar/2017:11:09:57 -0300] "GET /cormun/static/Resources/PXToolsButtonBackground2.png HTTP/1.1" 200 1181
186.67.84.234 - - [17/Mar/2017:11:09:57 -0300] "GET /cormun/static/Resources/PXToolsLoginBottom.png HTTP/1.1" 200 1389
186.67.84.234 - - [17/Mar/2017:11:09:57 -0300] "GET /cormun/static/Resources/indicator.gif HTTP/1.1" 200 1553
186.67.84.234 - - [17/Mar/2017:11:09:57 -0300] "GET /cormun/servlet/hlogin HTTP/1.1" 200 1727
186.67.84.234 - - [17/Mar/2017:11:09:57 -0300] "GET /favicon.ico HTTP/1.1" 200 21630
186.103.157.98 - - [17/Mar/2017:11:09:59 -0300] "GET /cormun/servlet/solicitudotadjuntos?INS,2017,5615,,1, HTTP/1.1" 200 6036
186.67.84.234 - - [17/Mar/2017:11:09:59 -0300] "POST /cormun/servlet/hlogin?711adf195a27c45cb218940bef6a594a,gx-no-cache=1489759867557 HTTP/1.1" 200 90
186.67.84.234 - - [17/Mar/2017:11:09:59 -0300] "GET /cormun/servlet/hpexe_link HTTP/1.1" 200 950
186.103.157.98 - - [17/Mar/2017:11:09:59 -0300] "GET /cormun/static/about:blank HTTP/1.1" 404 1011
186.67.84.234 - - [17/Mar/2017:11:09:59 -0300] "GET /cormun/static/hpexe_link.js?20173151304590 HTTP/1.1" 200 625
186.67.84.234 - - [17/Mar/2017:11:09:59 -0300] "GET /cormun/static/gxcfg.js?20173151304587 HTTP/1.1" 200 953
186.103.157.98 - - [17/Mar/2017:11:09:59 -0300] "GET /cormun/servlet/solicitudotadjuntos?INS,2017,5615,,1, HTTP/1.1" 200 6030
186.67.84.234 - - [17/Mar/2017:11:09:59 -0300] "GET /cormun/servlet/hhome HTTP/1.1" 200 3962
186.67.84.234 - - [17/Mar/2017:11:10:00 -0300] "GET /cormun/static/Shared/jqueryui/jquery-ui.min.css?1245370 HTTP/1.1" 200 30288
186.67.84.234 - - [17/Mar/2017:11:10:00 -0300] "GET /cormun/static/SmoothNavMenu/resources/ddsmoothmenu-v.css?1012540 HTTP/1.1" 200 1188
186.67.84.234 - - [17/Mar/2017:11:10:00 -0300] "GET /cormun/static/scaMessage/css/jquery.pnotify.default.css?1716380 HTTP/1.1" 200 1707
186.67.84.234 - - [17/Mar/2017:11:10:00 -0300] "GET /cormun/static/gxcfg.js?20173151304618 HTTP/1.1" 200 953
