192.168.10.96 - - [17/Mar/2017:10:41:08 -0300] "GET /cormun/pexe_scrolldiv.js HTTP/1.1" 404 1009
192.168.10.96 - - [17/Mar/2017:10:41:08 -0300] "GET /cormun/pexe_scrolldiv.js HTTP/1.1" 404 1009
192.168.10.96 - - [17/Mar/2017:10:41:08 -0300] "GET /cormun/servlet/vesolicitudnombre?2017,5067,,SolicitudOTAdjuntos HTTP/1.1" 200 10281
192.168.10.96 - - [17/Mar/2017:10:41:09 -0300] "POST /cormun/servlet/acontrolpreferencessavestate?None,DZAMUDIO,true HTTP/1.1" 200 35
192.168.10.96 - - [17/Mar/2017:10:41:10 -0300] "GET /cormun/PublicTempStorage/cedula_ident.9433455.pdf HTTP/1.1" 200 163582
200.30.230.163 - - [17/Mar/2017:10:41:12 -0300] "POST /cormun/servlet/trsolicitudot?bf703f42eaf7429cf00d141bfbf11097,,gx-no-cache=1489761735143 HTTP/1.1" 200 5205
200.54.247.69 - - [17/Mar/2017:10:41:13 -0300] "GET /cormun/servlet/solicitudotadjuntos?de024e654ebd930752e43685dc082672dca6f349dc3817b2c72143eecc9fc18b,gx-no-cache=1489758141777 HTTP/1.1" 200 30
200.54.247.69 - - [17/Mar/2017:10:41:13 -0300] "GET /cormun/servlet/solicitudotadjuntos?de024e654ebd930752e43685dc082672dca6f349dc3817b2c72143eecc9fc18b,gx-no-cache=1489758141812 HTTP/1.1" 200 30
200.54.247.69 - - [17/Mar/2017:10:41:14 -0300] "POST /cormun/servlet/solicitudotadjuntos?ba971e452398cdd512e937a22b6e4120,INS,2017,5613,,1, HTTP/1.1" 200 116
200.54.247.69 - - [17/Mar/2017:10:41:14 -0300] "GET /cormun/servlet/hpexe_return? HTTP/1.1" 200 1025
200.54.247.69 - - [17/Mar/2017:10:41:14 -0300] "GET /cormun/servlet/trsolicitudadjuntos?2017,5613, HTTP/1.1" 200 8454
192.168.10.96 - - [17/Mar/2017:10:41:15 -0300] "GET /cormun/servlet/vesolicitudnombre?2017,5067,,SolicitudOTAdjuntos HTTP/1.1" 200 10276
192.168.10.96 - - [17/Mar/2017:10:41:15 -0300] "GET /cormun/servlet/vesolicitudnombre?2017,5067,,SolicitudOTAdjuntos HTTP/1.1" 200 10282
192.168.10.96 - - [17/Mar/2017:10:41:16 -0300] "POST /cormun/servlet/acontrolpreferencessavestate?None,DZAMUDIO,true HTTP/1.1" 200 35
192.168.10.96 - - [17/Mar/2017:10:41:17 -0300] "GET /cormun/PublicTempStorage/certi._afiliacion_afp5651606.pdf HTTP/1.1" 200 275019
200.54.247.69 - - [17/Mar/2017:10:41:17 -0300] "GET /cormun/servlet/solicitudotadjuntos?INS,2017,5613,,1, HTTP/1.1" 200 6032
200.54.247.69 - - [17/Mar/2017:10:41:17 -0300] "HEAD /cormun/static/about:blank HTTP/1.1" 404 -
200.54.247.69 - - [17/Mar/2017:10:41:18 -0300] "GET /cormun/servlet/solicitudotadjuntos?de024e654ebd930752e43685dc08267298bf9f1d438985507ce5f52148890357aca54314f7906ab9bb420cab0c575b31,gx-no-cache=1489758146972 HTTP/1.1" 200 30
200.54.247.69 - - [17/Mar/2017:10:41:18 -0300] "POST /cormun/servlet/solicitudotadjuntos?ba971e452398cdd512e937a22b6e4120,INS,2017,5613,,1,,gx-no-cache=1489758147029 HTTP/1.1" 200 3819
200.30.230.163 - - [17/Mar/2017:10:41:19 -0300] "GET /cormun/servlet/solicitudot?INS,0,0, HTTP/1.1" 200 12746
200.30.230.163 - - [17/Mar/2017:10:41:19 -0300] "GET /cormun/static/calendar-system.css?85620 HTTP/1.1" 200 5572
200.30.230.163 - - [17/Mar/2017:10:41:19 -0300] "GET /cormun/static/gxcfg.js?20171191042720 HTTP/1.1" 200 953
200.30.230.163 - - [17/Mar/2017:10:41:19 -0300] "GET /cormun/static/Resources/Spanish/PXTools.css?18365030 HTTP/1.1" 200 89042
200.30.230.163 - - [17/Mar/2017:10:41:19 -0300] "GET /cormun/static/solicitudot.js?2017119104297 HTTP/1.1" 200 63948
200.30.230.163 - - [17/Mar/2017:10:41:19 -0300] "GET /cormun/static/Resources/prompt.gif HTTP/1.1" 200 902
200.30.230.163 - - [17/Mar/2017:10:41:20 -0300] "GET /cormun/servlet/solicitudot?INS,0,0, HTTP/1.1" 200 12751
200.54.247.69 - - [17/Mar/2017:10:41:21 -0300] "POST /cormun/servlet/solicitudotadjuntos?gx-no-cache=1489758149729 HTTP/1.1" 200 26
192.168.10.96 - - [17/Mar/2017:10:41:22 -0300] "GET /cormun/servlet/vesolicitudnombre?2017,5067,,SolicitudOTAdjuntos HTTP/1.1" 200 10281
192.168.10.96 - - [17/Mar/2017:10:41:22 -0300] "GET /cormun/servlet/vesolicitudnombre?2017,5067,,SolicitudOTAdjuntos HTTP/1.1" 200 10282
200.30.230.163 - - [17/Mar/2017:10:41:22 -0300] "GET /cormun/static/Resources/resize.gif HTTP/1.1" 200 77
192.168.10.96 - - [17/Mar/2017:10:41:23 -0300] "POST /cormun/servlet/acontrolpreferencessavestate?None,DZAMUDIO,true HTTP/1.1" 200 35
192.168.10.96 - - [17/Mar/2017:10:41:23 -0300] "GET /cormun/PublicTempStorage/certi._isapre1937568.pdf HTTP/1.1" 200 159316
200.30.230.163 - - [17/Mar/2017:10:41:30 -0300] "GET /cormun/servlet/prfichaempleado?,MD,,gxPopupLevel%3D0%3B HTTP/1.1" 200 8824
200.30.230.163 - - [17/Mar/2017:10:41:30 -0300] "GET /cormun/static/gxui/gxui-all.css?120300 HTTP/1.1" 200 2179
200.30.230.163 - - [17/Mar/2017:10:41:30 -0300] "GET /cormun/static/Resources/PXToolsMenuSearch.png HTTP/1.1" 200 2914
200.30.230.163 - - [17/Mar/2017:10:41:30 -0300] "GET /cormun/static/gxcfg.js?2016102420561687 HTTP/1.1" 200 953
200.30.230.163 - - [17/Mar/2017:10:41:30 -0300] "GET /cormun/static/Resources/PXToolsMenuSearchCancel.png HTTP/1.1" 200 2972
200.30.230.163 - - [17/Mar/2017:10:41:30 -0300] "GET /cormun/static/prfichaempleado.js?201610242056198 HTTP/1.1" 200 16015
200.30.230.163 - - [17/Mar/2017:10:41:30 -0300] "GET /cormun/static/menusearch.js?201610171694467 HTTP/1.1" 200 1424
200.30.230.163 - - [17/Mar/2017:10:41:30 -0300] "GET /cormun/static/hmpwkw011.js?20173151304635 HTTP/1.1" 200 1968
200.30.230.163 - - [17/Mar/2017:10:41:30 -0300] "GET /cormun/static/Resources/Spanish/PXTools.css?167811 HTTP/1.1" 200 89042
200.30.230.163 - - [17/Mar/2017:10:41:30 -0300] "GET /cormun/static/Shared/ext/resources/css/ext-all.css?215870 HTTP/1.1" 200 416045
192.168.10.89 - - [17/Mar/2017:10:41:32 -0300] "POST /cormun/servlet/hlogin?fbd7a8bf6f3bb1ca6f7d391e164ada6f,gx-no-cache=1489761373492 HTTP/1.1" 200 90
192.168.10.89 - - [17/Mar/2017:10:41:32 -0300] "GET /cormun/servlet/hpexe_link HTTP/1.1" 200 957
192.168.10.89 - - [17/Mar/2017:10:41:32 -0300] "GET /cormun/servlet/trpermisosgeneralesgoce? HTTP/1.1" 200 9161
200.54.247.69 - - [17/Mar/2017:10:41:33 -0300] "GET /cormun/servlet/solicitudotadjuntos?de024e654ebd930752e43685dc082672dca6f349dc3817b2c72143eecc9fc18b,gx-no-cache=1489758162273 HTTP/1.1" 200 30
200.54.247.69 - - [17/Mar/2017:10:41:33 -0300] "GET /cormun/servlet/solicitudotadjuntos?de024e654ebd930752e43685dc082672dca6f349dc3817b2c72143eecc9fc18b,gx-no-cache=1489758162289 HTTP/1.1" 200 30
200.30.230.163 - - [17/Mar/2017:10:41:33 -0300] "POST /cormun/servlet/solicitudot?gx-no-cache=1489761756440 HTTP/1.1" 200 3147
200.30.230.163 - - [17/Mar/2017:10:41:33 -0300] "POST /cormun/servlet/solicitudot?bf703f42eaf7429cf00d141bfbf11097,INS,0,0,,gx-no-cache=1489761756689 HTTP/1.1" 200 9939
200.54.247.69 - - [17/Mar/2017:10:41:34 -0300] "POST /cormun/servlet/solicitudotadjuntos?ba971e452398cdd512e937a22b6e4120,INS,2017,5613,,1, HTTP/1.1" 200 116
200.54.247.69 - - [17/Mar/2017:10:41:34 -0300] "GET /cormun/servlet/hpexe_return? HTTP/1.1" 200 1025
200.54.247.69 - - [17/Mar/2017:10:41:34 -0300] "GET /cormun/servlet/trsolicitudadjuntos?2017,5613, HTTP/1.1" 200 8624
200.30.230.163 - - [17/Mar/2017:10:41:35 -0300] "GET /cormun/servlet/solicitudot?d7d539800372a470436db401cd7a4f8c7457450dae00dfc3f6152ddce12047002bf239d447c129447158d7f4ae2dbd67,gx-no-cache=1489761758738 HTTP/1.1" 200 30
200.30.230.163 - - [17/Mar/2017:10:41:35 -0300] "POST /cormun/servlet/solicitudot?gx-no-cache=1489761758843 HTTP/1.1" 200 297
200.30.230.163 - - [17/Mar/2017:10:41:36 -0300] "GET /cormun/servlet/solicitudot?d7d539800372a470436db401cd7a4f8c1c2c7628f9a86493bfb8d75a96481b72ca5b62b91cdec68bc5b81faf493b1e9df0e1ff07dfd95b1e019eac3e90b171923975320b77ccad2df8f100f7361830cded6f0811fd083ade88eed63fe9f3fdd377e1722a9a7dd67b4ab0e297ae585a9437a7ecf400f6ecd6e06994f8449f796bddcb780e7edebb520401b0a6b5436dae3496926c1f2928e3ce601a332e838e7e3253b983bb470189a28a5455129305bb41f4b5ac9828c4738e9b0ea36c9b00c46f9a2d087a01f5fda9a0805e0469b837e36251ac946f8ad03f5f04c283fe024533640e8f73cc2663af0291ece11416b84a65bc2197c9705c3f221d626d5bc67748d690b948f2898b1338e7861bdc63eb1a881606be16a32f2aff0606fe092499bc332bbeaf863468bb6f89ac0c1ad02b4a3df1a363cf6f4c8e15a9f3de36ade7c5a190f58fc4f780123d7ec90b414713ebad33c269f3898b80d68dbdff4245ef78daaac490f072d5b927e867048ca22eeccff426968b22989ac18ef21f82517435fed602efc9d7a16c5d36e5f9ba58d3,gx-no-cache=1489761758942 HTTP/1.1" 200 30
192.168.10.89 - - [17/Mar/2017:10:41:37 -0300] "GET /cormun/servlet/trsolicitudgral? HTTP/1.1" 200 24723
200.54.247.69 - - [17/Mar/2017:10:41:38 -0300] "GET /cormun/servlet/solicitudotadjuntos?INS,2017,5613,,1, HTTP/1.1" 200 6032
200.54.247.69 - - [17/Mar/2017:10:41:38 -0300] "HEAD /cormun/static/about:blank HTTP/1.1" 404 -
192.168.10.96 - - [17/Mar/2017:10:41:38 -0300] "GET /cormun/servlet/vesolicitudnombre?2017,5067,,SolicitudOTAdjuntos HTTP/1.1" 200 10282
200.30.230.163 - - [17/Mar/2017:10:41:38 -0300] "POST /cormun/servlet/solicitudot?gx-no-cache=1489761761521 HTTP/1.1" 200 30
200.54.247.69 - - [17/Mar/2017:10:41:39 -0300] "GET /cormun/servlet/solicitudotadjuntos?de024e654ebd930752e43685dc08267298bf9f1d438985507ce5f52148890357aca54314f7906ab9bb420cab0c575b31,gx-no-cache=1489758167676 HTTP/1.1" 200 30
200.54.247.69 - - [17/Mar/2017:10:41:39 -0300] "POST /cormun/servlet/solicitudotadjuntos?ba971e452398cdd512e937a22b6e4120,INS,2017,5613,,1,,gx-no-cache=1489758167749 HTTP/1.1" 200 3819
192.168.10.96 - - [17/Mar/2017:10:41:39 -0300] "GET /cormun/servlet/vesolicitudnombre?2017,5067,,SolicitudOTAdjuntos HTTP/1.1" 200 10281
192.168.10.96 - - [17/Mar/2017:10:41:39 -0300] "POST /cormun/servlet/acontrolpreferencessavestate?None,DZAMUDIO,true HTTP/1.1" 200 35
192.168.10.96 - - [17/Mar/2017:10:41:41 -0300] "GET /cormun/PublicTempStorage/cert._antecedentes_%282%293217420.pdf HTTP/1.1" 200 568137
200.54.247.69 - - [17/Mar/2017:10:41:43 -0300] "POST /cormun/servlet/solicitudotadjuntos?gx-no-cache=1489758171681 HTTP/1.1" 200 26
192.168.10.89 - - [17/Mar/2017:10:41:43 -0300] "GET /cormun/static/menuarrow.gif HTTP/1.1" 404 1015
192.168.10.96 - - [17/Mar/2017:10:41:47 -0300] "GET /cormun/servlet/vesolicitudnombre?2017,5067,,SolicitudOTAdjuntos HTTP/1.1" 200 10278
192.168.10.96 - - [17/Mar/2017:10:41:48 -0300] "GET /cormun/servlet/vesolicitudnombre?2017,5067,,SolicitudOTAdjuntos HTTP/1.1" 200 10282
192.168.10.96 - - [17/Mar/2017:10:41:48 -0300] "POST /cormun/servlet/acontrolpreferencessavestate?None,DZAMUDIO,true HTTP/1.1" 200 35
192.168.10.96 - - [17/Mar/2017:10:41:49 -0300] "GET /cormun/PublicTempStorage/curriculum_vitae_debora_caro_silva_2016_%281%29_%281%292092969.pdf HTTP/1.1" 200 372924
192.168.10.89 - - [17/Mar/2017:10:41:49 -0300] "POST /cormun/servlet/trsolicitudgral?fbd7a8bf6f3bb1ca6f7d391e164ada6f,,gx-no-cache=1489761389039 HTTP/1.1" 200 22241
200.54.247.69 - - [17/Mar/2017:10:41:52 -0300] "GET /cormun/servlet/solicitudotadjuntos?de024e654ebd930752e43685dc082672dca6f349dc3817b2c72143eecc9fc18b,gx-no-cache=1489758181265 HTTP/1.1" 200 30
200.54.247.69 - - [17/Mar/2017:10:41:52 -0300] "GET /cormun/servlet/solicitudotadjuntos?de024e654ebd930752e43685dc082672dca6f349dc3817b2c72143eecc9fc18b,gx-no-cache=1489758181281 HTTP/1.1" 200 30
200.30.230.163 - - [17/Mar/2017:10:41:52 -0300] "POST /cormun/servlet/solicitudot?gx-no-cache=1489761775661 HTTP/1.1" 200 1291
200.54.247.69 - - [17/Mar/2017:10:41:52 -0300] "POST /cormun/servlet/solicitudotadjuntos?ba971e452398cdd512e937a22b6e4120,INS,2017,5613,,1, HTTP/1.1" 200 116
200.54.247.69 - - [17/Mar/2017:10:41:52 -0300] "GET /cormun/servlet/hpexe_return? HTTP/1.1" 200 1025
200.54.247.69 - - [17/Mar/2017:10:41:53 -0300] "GET /cormun/servlet/trsolicitudadjuntos?2017,5613, HTTP/1.1" 200 8754
192.168.10.96 - - [17/Mar/2017:10:41:54 -0300] "GET /cormun/servlet/vesolicitudnombre?2017,5067,,SolicitudOTAdjuntos HTTP/1.1" 200 10279
200.30.230.163 - - [17/Mar/2017:10:41:55 -0300] "GET /cormun/servlet/prlicenciaspermisos?18044187,L,,MD,,gxPopupLevel%3D0%3B HTTP/1.1" 200 6642
200.30.230.163 - - [17/Mar/2017:10:41:55 -0300] "GET /cormun/static/gxcfg.js?20173151332098 HTTP/1.1" 200 953
200.30.230.163 - - [17/Mar/2017:10:41:55 -0300] "GET /cormun/static/prlicenciaspermisos.js?20173151332259 HTTP/1.1" 200 13363
192.168.10.96 - - [17/Mar/2017:10:41:55 -0300] "GET /cormun/servlet/vesolicitudnombre?2017,5067,,SolicitudOTAdjuntos HTTP/1.1" 200 10281
200.54.247.69 - - [17/Mar/2017:10:41:56 -0300] "GET /cormun/servlet/solicitudotadjuntos?INS,2017,5613,,1, HTTP/1.1" 200 6032
200.54.247.69 - - [17/Mar/2017:10:41:56 -0300] "HEAD /cormun/static/about:blank HTTP/1.1" 404 -
192.168.10.96 - - [17/Mar/2017:10:41:56 -0300] "POST /cormun/servlet/acontrolpreferencessavestate?None,DZAMUDIO,true HTTP/1.1" 200 35
200.54.247.69 - - [17/Mar/2017:10:41:57 -0300] "GET /cormun/servlet/solicitudotadjuntos?de024e654ebd930752e43685dc08267298bf9f1d438985507ce5f52148890357aca54314f7906ab9bb420cab0c575b31,gx-no-cache=1489758185711 HTTP/1.1" 200 30
200.54.247.69 - - [17/Mar/2017:10:41:57 -0300] "POST /cormun/servlet/solicitudotadjuntos?ba971e452398cdd512e937a22b6e4120,INS,2017,5613,,1,,gx-no-cache=1489758185738 HTTP/1.1" 200 3819
192.168.10.96 - - [17/Mar/2017:10:41:57 -0300] "GET /cormun/PublicTempStorage/certificado_de_titulo9092728.pdf HTTP/1.1" 200 122701
200.30.230.163 - - [17/Mar/2017:10:42:00 -0300] "POST /cormun/servlet/solicitudot?gx-no-cache=1489761783875 HTTP/1.1" 200 20
200.30.230.163 - - [17/Mar/2017:10:42:01 -0300] "GET /cormun/servlet/solicitudot?d7d539800372a470436db401cd7a4f8cba22f939fb8a46d74fe61e71da464d67037941d4b0b3c7508fab8b96f9fe803cbb0276b6695eddab2f7011efcaaf81355695670e4a9015c54c6b2cfcd3024717d796dc7de287420c010aab6430f6f6c9530973783f578d2d60563730b5ab6216,gx-no-cache=1489761784023 HTTP/1.1" 200 29
200.30.230.163 - - [17/Mar/2017:10:42:01 -0300] "POST /cormun/servlet/solicitudot?gx-no-cache=1489761784090 HTTP/1.1" 200 1274
200.30.230.163 - - [17/Mar/2017:10:42:01 -0300] "POST /cormun/servlet/solicitudot?gx-no-cache=1489761784163 HTTP/1.1" 200 1157
200.54.247.69 - - [17/Mar/2017:10:42:01 -0300] "POST /cormun/servlet/solicitudotadjuntos?gx-no-cache=1489758189928 HTTP/1.1" 200 26
192.168.10.89 - - [17/Mar/2017:10:42:01 -0300] "POST /cormun/servlet/trsolicitudgral?fbd7a8bf6f3bb1ca6f7d391e164ada6f,,gx-no-cache=1489761403046 HTTP/1.1" 200 5401
200.30.230.163 - - [17/Mar/2017:10:42:05 -0300] "POST /cormun/servlet/solicitudot?gx-no-cache=1489761788346 HTTP/1.1" 200 1274
200.30.230.163 - - [17/Mar/2017:10:42:05 -0300] "POST /cormun/servlet/solicitudot?gx-no-cache=1489761788450 HTTP/1.1" 200 1157
200.30.230.163 - - [17/Mar/2017:10:42:05 -0300] "GET /cormun/static/menuarrow.gif HTTP/1.1" 404 1015
200.30.230.163 - - [17/Mar/2017:10:42:06 -0300] "POST /cormun/servlet/solicitudot?gx-no-cache=1489761789637 HTTP/1.1" 200 1274
200.30.230.163 - - [17/Mar/2017:10:42:06 -0300] "POST /cormun/servlet/solicitudot?gx-no-cache=1489761789724 HTTP/1.1" 200 1157
192.168.10.89 - - [17/Mar/2017:10:42:07 -0300] "POST /cormun/servlet/trsolicitudgral?fbd7a8bf6f3bb1ca6f7d391e164ada6f,,gx-no-cache=1489761408905 HTTP/1.1" 200 5403
200.30.230.163 - - [17/Mar/2017:10:42:09 -0300] "GET /cormun/servlet/solicitudot?d7d539800372a470436db401cd7a4f8cf38cc18f1f761c6b6909cbd3b1cc18b68324fabefe01f50d3678eec2226eb924b6cf21a705c262a1c7281d54ba6f2fb3fbe3aa56896a7ab014796067678db9ad77fb93c308405b1105a95531e18edd1708516493faa4e0d8758b0aedad054a83a20cab4b134c73763537dd303ed598f45c7c9296c866b4e937ca75834d86523bf6ae00a840b4909ce76e19697944fb5727be77a980357ad41c5c78d53e542e9e5aa4b9f2050b7ad62468582f29a7f7e3,gx-no-cache=1489761792338 HTTP/1.1" 200 30
200.54.247.69 - - [17/Mar/2017:10:42:10 -0300] "GET /cormun/servlet/solicitudotadjuntos?de024e654ebd930752e43685dc082672dca6f349dc3817b2c72143eecc9fc18b,gx-no-cache=1489758198744 HTTP/1.1" 200 30
200.54.247.69 - - [17/Mar/2017:10:42:10 -0300] "GET /cormun/servlet/solicitudotadjuntos?de024e654ebd930752e43685dc082672dca6f349dc3817b2c72143eecc9fc18b,gx-no-cache=1489758198761 HTTP/1.1" 200 30
200.54.247.69 - - [17/Mar/2017:10:42:10 -0300] "POST /cormun/servlet/solicitudotadjuntos?ba971e452398cdd512e937a22b6e4120,INS,2017,5613,,1, HTTP/1.1" 200 116
200.54.247.69 - - [17/Mar/2017:10:42:10 -0300] "GET /cormun/servlet/hpexe_return? HTTP/1.1" 200 1025
200.54.247.69 - - [17/Mar/2017:10:42:10 -0300] "GET /cormun/servlet/trsolicitudadjuntos?2017,5613, HTTP/1.1" 200 8949
200.54.247.69 - - [17/Mar/2017:10:42:13 -0300] "GET /cormun/servlet/solicitudotadjuntos?INS,2017,5613,,1, HTTP/1.1" 200 6032
200.54.247.69 - - [17/Mar/2017:10:42:13 -0300] "HEAD /cormun/static/about:blank HTTP/1.1" 404 -
200.54.247.69 - - [17/Mar/2017:10:42:14 -0300] "GET /cormun/servlet/solicitudotadjuntos?de024e654ebd930752e43685dc08267298bf9f1d438985507ce5f52148890357aca54314f7906ab9bb420cab0c575b31,gx-no-cache=1489758203268 HTTP/1.1" 200 30
200.54.247.69 - - [17/Mar/2017:10:42:14 -0300] "POST /cormun/servlet/solicitudotadjuntos?ba971e452398cdd512e937a22b6e4120,INS,2017,5613,,1,,gx-no-cache=1489758203294 HTTP/1.1" 200 3819
200.30.230.163 - - [17/Mar/2017:10:42:14 -0300] "POST /cormun/servlet/solicitudot?bf703f42eaf7429cf00d141bfbf11097,INS,0,0,,gx-no-cache=1489761797680 HTTP/1.1" 500 10
200.54.247.69 - - [17/Mar/2017:10:42:18 -0300] "POST /cormun/servlet/solicitudotadjuntos?gx-no-cache=1489758207328 HTTP/1.1" 200 26
66.249.83.7 - - [17/Mar/2017:10:42:39 -0300] "GET /cormun/servlet/hlogin HTTP/1.1" 200 1715
66.249.83.7 - - [17/Mar/2017:10:42:39 -0300] "GET /cormun/servlet/hlogin?_escaped_fragment_= HTTP/1.1" 200 1725
66.249.83.2 - - [17/Mar/2017:10:42:39 -0300] "GET /favicon.ico HTTP/1.1" 200 21630
192.168.10.89 - - [17/Mar/2017:10:42:42 -0300] "POST /cormun/servlet/trsolicitudgral?fbd7a8bf6f3bb1ca6f7d391e164ada6f,,gx-no-cache=1489761444400 HTTP/1.1" 200 5401
192.168.10.89 - - [17/Mar/2017:10:42:47 -0300] "POST /cormun/servlet/trsolicitudgral?fbd7a8bf6f3bb1ca6f7d391e164ada6f,,gx-no-cache=1489761449222 HTTP/1.1" 200 6703
192.168.10.89 - - [17/Mar/2017:10:43:25 -0300] "POST /cormun/servlet/trsolicitudgral?fbd7a8bf6f3bb1ca6f7d391e164ada6f,,gx-no-cache=1489761487103 HTTP/1.1" 200 5398
200.54.247.69 - - [17/Mar/2017:10:43:28 -0300] "GET /cormun/servlet/solicitudotadjuntos?de024e654ebd930752e43685dc082672dca6f349dc3817b2c72143eecc9fc18b,gx-no-cache=1489758277215 HTTP/1.1" 200 30
200.54.247.69 - - [17/Mar/2017:10:43:28 -0300] "GET /cormun/servlet/solicitudotadjuntos?de024e654ebd930752e43685dc082672dca6f349dc3817b2c72143eecc9fc18b,gx-no-cache=1489758277242 HTTP/1.1" 200 30
200.54.247.69 - - [17/Mar/2017:10:43:28 -0300] "POST /cormun/servlet/solicitudotadjuntos?ba971e452398cdd512e937a22b6e4120,INS,2017,5613,,1, HTTP/1.1" 200 116
200.54.247.69 - - [17/Mar/2017:10:43:28 -0300] "GET /cormun/servlet/hpexe_return? HTTP/1.1" 200 1025
200.54.247.69 - - [17/Mar/2017:10:43:29 -0300] "GET /cormun/servlet/trsolicitudadjuntos?2017,5613, HTTP/1.1" 200 9206
192.168.10.89 - - [17/Mar/2017:10:43:31 -0300] "POST /cormun/servlet/trsolicitudgral?fbd7a8bf6f3bb1ca6f7d391e164ada6f,,gx-no-cache=1489761492601 HTTP/1.1" 200 5399
192.168.10.89 - - [17/Mar/2017:10:44:03 -0300] "POST /cormun/servlet/trsolicitudgral?fbd7a8bf6f3bb1ca6f7d391e164ada6f,,gx-no-cache=1489761524630 HTTP/1.1" 200 5403
200.54.247.69 - - [17/Mar/2017:10:44:05 -0300] "GET /cormun/servlet/trsolicitudot? HTTP/1.1" 200 8224
200.83.57.219 - - [17/Mar/2017:10:44:09 -0300] "GET /cormun/servlet/trsolicitudot? HTTP/1.1" 200 7360
200.83.57.219 - - [17/Mar/2017:10:44:09 -0300] "GET /cormun/static/Shared/ext/resources/css/ext-all.css?205870 HTTP/1.1" 200 40960
200.83.57.219 - - [17/Mar/2017:10:44:09 -0300] "GET /cormun/static/gxui/gxui-all.css?110300 HTTP/1.1" 200 2179
200.83.57.219 - - [17/Mar/2017:10:44:09 -0300] "GET /cormun/static/calendar-system.css?75620 HTTP/1.1" 200 5572
200.83.57.219 - - [17/Mar/2017:10:44:09 -0300] "GET /cormun/static/SmoothNavMenu/resources/ddsmoothmenu.css?1012540 HTTP/1.1" 200 2223
200.83.57.219 - - [17/Mar/2017:10:44:09 -0300] "GET /cormun/static/Shared/jqueryui/jquery-ui.min.css?1245370 HTTP/1.1" 200 30288
192.168.10.89 - - [17/Mar/2017:10:44:09 -0300] "POST /cormun/servlet/trsolicitudgral?fbd7a8bf6f3bb1ca6f7d391e164ada6f,,gx-no-cache=1489761531157 HTTP/1.1" 200 6691
200.83.57.219 - - [17/Mar/2017:10:44:09 -0300] "GET /cormun/static/Resources/Spanish/PXTools.css?1242369 HTTP/1.1" 200 89042
200.83.57.219 - - [17/Mar/2017:10:44:09 -0300] "GET /cormun/static/SmoothNavMenu/resources/ddsmoothmenu-v.css?1012540 HTTP/1.1" 200 1188
200.83.57.219 - - [17/Mar/2017:10:44:09 -0300] "GET /cormun/static/gxcfg.js?20173151322457 HTTP/1.1" 200 953
200.83.57.219 - - [17/Mar/2017:10:44:09 -0300] "GET /cormun/static/gxtimezone.js?85251 HTTP/1.1" 200 5781
200.83.57.219 - - [17/Mar/2017:10:44:09 -0300] "GET /cormun/static/scaMessage/css/jquery.pnotify.default.css?1716380 HTTP/1.1" 200 1707
200.83.57.219 - - [17/Mar/2017:10:44:09 -0300] "GET /cormun/static/calendar-setup.js?85251 HTTP/1.1" 200 2588
200.83.57.219 - - [17/Mar/2017:10:44:09 -0300] "GET /cormun/static/calendar.js?85251 HTTP/1.1" 200 26246
200.83.57.219 - - [17/Mar/2017:10:44:09 -0300] "GET /cormun/static/calendar-es.js?85251 HTTP/1.1" 200 1901
200.83.57.219 - - [17/Mar/2017:10:44:10 -0300] "GET /cormun/static/messages.spa.js?85251 HTTP/1.1" 200 30736
200.83.57.219 - - [17/Mar/2017:10:44:10 -0300] "GET /cormun/static/gxdec.js?85251 HTTP/1.1" 200 19579
200.83.57.219 - - [17/Mar/2017:10:44:10 -0300] "GET /cormun/static/trsolicitudot.js?20173151323318 HTTP/1.1" 200 53117
200.83.57.219 - - [17/Mar/2017:10:44:10 -0300] "GET /cormun/static/hwchdr01.js?201731512453822 HTTP/1.1" 200 1183
200.83.57.219 - - [17/Mar/2017:10:44:10 -0300] "GET /cormun/static/hpexe_scripts.js?201731512453784 HTTP/1.1" 200 1544
200.83.57.219 - - [17/Mar/2017:10:44:10 -0300] "GET /cormun/static/hpexe_messagecontroller.js?201610171694323 HTTP/1.1" 200 870
200.83.57.219 - - [17/Mar/2017:10:44:10 -0300] "GET /cormun/static/hpexe_recentlink.js?201610171694390 HTTP/1.1" 200 2144
200.83.57.219 - - [17/Mar/2017:10:44:10 -0300] "GET /cormun/static/hpexe_messagepopupcomponent.js?20161017169425 HTTP/1.1" 200 605
200.83.57.219 - - [17/Mar/2017:10:44:10 -0300] "GET /cormun/static/hpexe_messagegenexuscomponent.js?201731512453548 HTTP/1.1" 200 587
200.83.57.219 - - [17/Mar/2017:10:44:10 -0300] "GET /cormun/static/cmcontrolpreferences.js?201731512453759 HTTP/1.1" 200 1375
200.83.57.219 - - [17/Mar/2017:10:44:10 -0300] "GET /cormun/static/hmpwkw03.js?20173151305292 HTTP/1.1" 200 3965
200.83.57.219 - - [17/Mar/2017:10:44:10 -0300] "GET /cormun/servlet/hlogin HTTP/1.1" 200 1739
200.83.57.219 - - [17/Mar/2017:10:44:10 -0300] "GET /cormun/servlet/trsolicitudot? HTTP/1.1" 200 7371
200.83.57.219 - - [17/Mar/2017:10:44:10 -0300] "GET /cormun/static/gxcfg.js?20173151305376 HTTP/1.1" 200 953
200.83.57.219 - - [17/Mar/2017:10:44:10 -0300] "GET /cormun/static/hlogin.js?20173151305393 HTTP/1.1" 200 2136
200.83.57.219 - - [17/Mar/2017:10:44:10 -0300] "GET /favicon.ico HTTP/1.1" 200 21630
200.54.247.69 - - [17/Mar/2017:10:44:13 -0300] "POST /cormun/servlet/trsolicitudot?ba971e452398cdd512e937a22b6e4120,,gx-no-cache=1489758321813 HTTP/1.1" 200 4343
200.54.247.69 - - [17/Mar/2017:10:44:14 -0300] "POST /cormun/servlet/trsolicitudot?ba971e452398cdd512e937a22b6e4120,,gx-no-cache=1489758322679 HTTP/1.1" 200 4132
200.54.247.69 - - [17/Mar/2017:10:44:14 -0300] "GET /cormun/static/Shared/jqueryui/images/ui-bg_flat_55_fafafa_40x100.png HTTP/1.1" 404 1097
200.54.247.69 - - [17/Mar/2017:10:44:14 -0300] "GET /cormun/static/Shared/jqueryui/images/ui-bg_highlight-soft_100_c6c2c8_1x100.png HTTP/1.1" 404 1117
200.54.247.69 - - [17/Mar/2017:10:44:14 -0300] "GET /cormun/static/Shared/jqueryui/images/ui-icons_82798d_256x240.png HTTP/1.1" 404 1089
200.54.247.69 - - [17/Mar/2017:10:44:14 -0300] "GET /cormun/static/Shared/jqueryui/images/ui-icons_8d78a5_256x240.png HTTP/1.1" 404 1089
200.54.247.69 - - [17/Mar/2017:10:44:18 -0300] "GET /cormun/servlet/trautorizarsolicitud? HTTP/1.1" 200 8152
200.83.57.219 - - [17/Mar/2017:10:44:21 -0300] "GET /cormun/servlet/hlogin HTTP/1.1" 200 1722
200.54.247.69 - - [17/Mar/2017:10:44:21 -0300] "POST /cormun/servlet/trautorizarsolicitud?ba971e452398cdd512e937a22b6e4120,,gx-no-cache=1489758330011 HTTP/1.1" 200 4306
200.54.247.69 - - [17/Mar/2017:10:44:21 -0300] "POST /cormun/servlet/trautorizarsolicitud?ba971e452398cdd512e937a22b6e4120,,gx-no-cache=1489758330289 HTTP/1.1" 200 4095
200.54.247.69 - - [17/Mar/2017:10:44:21 -0300] "GET /cormun/static/Shared/jqueryui/images/ui-bg_highlight-soft_100_c6c2c8_1x100.png HTTP/1.1" 404 1117
200.54.247.69 - - [17/Mar/2017:10:44:21 -0300] "GET /cormun/static/Shared/jqueryui/images/ui-bg_flat_55_fafafa_40x100.png HTTP/1.1" 404 1097
200.54.247.69 - - [17/Mar/2017:10:44:21 -0300] "GET /cormun/static/Shared/jqueryui/images/ui-icons_82798d_256x240.png HTTP/1.1" 404 1089
200.54.247.69 - - [17/Mar/2017:10:44:21 -0300] "GET /cormun/static/Shared/jqueryui/images/ui-icons_8d78a5_256x240.png HTTP/1.1" 404 1089
200.83.57.219 - - [17/Mar/2017:10:44:43 -0300] "GET /cormun/servlet/hlogin HTTP/1.1" 200 1722
200.83.57.219 - - [17/Mar/2017:10:44:49 -0300] "GET /cormun/servlet/hlogin HTTP/1.1" 200 1722
192.168.10.89 - - [17/Mar/2017:10:44:50 -0300] "POST /cormun/servlet/trsolicitudgral?fbd7a8bf6f3bb1ca6f7d391e164ada6f,,gx-no-cache=1489761571858 HTTP/1.1" 200 5401
192.168.10.89 - - [17/Mar/2017:10:44:54 -0300] "POST /cormun/servlet/trsolicitudgral?fbd7a8bf6f3bb1ca6f7d391e164ada6f,,gx-no-cache=1489761576030 HTTP/1.1" 200 5400
186.103.159.44 - - [17/Mar/2017:10:44:55 -0300] "GET /cormun/servlet/hlogin HTTP/1.1" 200 1716
200.83.57.219 - - [17/Mar/2017:10:44:58 -0300] "GET /cormun/servlet/hlogin HTTP/1.1" 200 1722
192.168.10.89 - - [17/Mar/2017:10:45:27 -0300] "POST /cormun/servlet/trsolicitudgral?fbd7a8bf6f3bb1ca6f7d391e164ada6f,,gx-no-cache=1489761609445 HTTP/1.1" 200 5392
192.168.10.89 - - [17/Mar/2017:10:45:51 -0300] "POST /cormun/servlet/trsolicitudgral?fbd7a8bf6f3bb1ca6f7d391e164ada6f,,gx-no-cache=1489761632835 HTTP/1.1" 200 5399
192.168.10.89 - - [17/Mar/2017:10:45:56 -0300] "POST /cormun/servlet/trsolicitudgral?fbd7a8bf6f3bb1ca6f7d391e164ada6f,,gx-no-cache=1489761638424 HTTP/1.1" 200 5401
200.30.230.163 - - [17/Mar/2017:10:48:11 -0300] "GET /cormun/servlet/trsolicitudot? HTTP/1.1" 200 8059
200.30.230.163 - - [17/Mar/2017:10:48:12 -0300] "GET /cormun/servlet/trsolicitudot? HTTP/1.1" 200 8059
200.30.230.163 - - [17/Mar/2017:10:48:15 -0300] "GET /cormun/servlet/solicitudot?INS,0,0, HTTP/1.1" 200 12746
200.30.230.163 - - [17/Mar/2017:10:48:15 -0300] "GET /cormun/servlet/solicitudot?INS,0,0, HTTP/1.1" 200 12751
200.30.230.163 - - [17/Mar/2017:10:48:25 -0300] "GET /cormun/servlet/prfichaempleado?,MD,,gxPopupLevel%3D0%3B HTTP/1.1" 200 8824
200.30.230.163 - - [17/Mar/2017:10:48:29 -0300] "POST /cormun/servlet/solicitudot?gx-no-cache=1489762171866 HTTP/1.1" 200 3144
200.30.230.163 - - [17/Mar/2017:10:48:29 -0300] "POST /cormun/servlet/solicitudot?bf703f42eaf7429cf00d141bfbf11097,INS,0,0,,gx-no-cache=1489762172106 HTTP/1.1" 200 9934
186.103.159.44 - - [17/Mar/2017:10:48:30 -0300] "POST /cormun/servlet/hlogin?fe866230ba3fbbde3931e3dae5d6023a,gx-no-cache=1489758570503 HTTP/1.1" 200 90
186.103.159.44 - - [17/Mar/2017:10:48:30 -0300] "GET /cormun/servlet/hpexe_link HTTP/1.1" 200 948
200.30.230.163 - - [17/Mar/2017:10:48:31 -0300] "GET /cormun/servlet/solicitudot?d7d539800372a470436db401cd7a4f8c49ccd2efcdc261ff97b552974c93b1012bf239d447c129447158d7f4ae2dbd67,gx-no-cache=1489762174032 HTTP/1.1" 200 30
186.103.159.44 - - [17/Mar/2017:10:48:31 -0300] "GET /cormun/servlet/hhome HTTP/1.1" 200 3767
200.30.230.163 - - [17/Mar/2017:10:48:31 -0300] "POST /cormun/servlet/solicitudot?gx-no-cache=1489762174114 HTTP/1.1" 200 297
200.30.230.163 - - [17/Mar/2017:10:48:31 -0300] "GET /cormun/servlet/solicitudot?d7d539800372a470436db401cd7a4f8c1c2c7628f9a86493bfb8d75a96481b72ca5b62b91cdec68bc5b81faf493b1e9df0e1ff07dfd95b1e019eac3e90b171923975320b77ccad2df8f100f7361830cded6f0811fd083ade88eed63fe9f3fdd377e1722a9a7dd67b4ab0e297ae585a9437a7ecf400f6ecd6e06994f8449f796bddcb780e7edebb520401b0a6b5436dae3496926c1f2928e3ce601a332e838e7e3253b983bb470189a28a5455129305bb41f4b5ac9828c4738e9b0ea36c9b00c46f9a2d087a01f5fda9a0805e0469b837e36251ac946f8ad03f5f04c283fe024533640e8f73cc2663af0291ece11416b84a65bc2197c9705c3f221d626d5bc67748d690b948f2898b1338e7861bdc63eb1a881606be16a32f2aff0606fe092499bc332bbeaf863468bb6f89ac0c1ad02b4a3df1a363cf6f4c8e15a9f3de36ade7c5a190f58fc4f780123d7ec90b414713ebad33c269f3898b80d68dbdff4245ef78daaac490f072d5b927e867048ca22eeccff426968b22989ac18ef21f82517435fed602efc9d7a16c5d36e5f9ba58d3,gx-no-cache=1489762174180 HTTP/1.1" 200 30
200.30.230.163 - - [17/Mar/2017:10:48:34 -0300] "POST /cormun/servlet/solicitudot?gx-no-cache=1489762177502 HTTP/1.1" 200 30
186.103.159.44 - - [17/Mar/2017:10:48:35 -0300] "GET /cormun/servlet/trsolicitudot? HTTP/1.1" 200 10132
200.30.230.163 - - [17/Mar/2017:10:48:35 -0300] "POST /cormun/servlet/solicitudot?gx-no-cache=1489762178748 HTTP/1.1" 200 296
200.30.230.163 - - [17/Mar/2017:10:48:35 -0300] "GET /cormun/static/Shared/jqueryui/images/ui-bg_highlight-soft_100_c6c2c8_1x100.png HTTP/1.1" 404 1117
200.30.230.163 - - [17/Mar/2017:10:48:35 -0300] "GET /cormun/static/Shared/jqueryui/images/ui-bg_flat_55_994d53_40x100.png HTTP/1.1" 404 1097
200.30.230.163 - - [17/Mar/2017:10:48:35 -0300] "GET /cormun/static/Shared/jqueryui/images/ui-icons_ebccce_256x240.png HTTP/1.1" 404 1089
200.30.230.163 - - [17/Mar/2017:10:48:35 -0300] "GET /cormun/static/Shared/jqueryui/images/ui-icons_82798d_256x240.png HTTP/1.1" 404 1089
186.103.159.44 - - [17/Mar/2017:10:48:41 -0300] "GET /cormun/servlet/solicitudot?INS,0,0, HTTP/1.1" 200 12577
200.30.230.163 - - [17/Mar/2017:10:48:46 -0300] "POST /cormun/servlet/solicitudot?gx-no-cache=1489762189071 HTTP/1.1" 200 1291
200.30.230.163 - - [17/Mar/2017:10:48:49 -0300] "GET /cormun/servlet/prlicenciaspermisos?18044187,L,,MD,,gxPopupLevel%3D0%3B HTTP/1.1" 200 6642
186.103.159.44 - - [17/Mar/2017:10:48:51 -0300] "POST /cormun/servlet/solicitudot?gx-no-cache=1489758591881 HTTP/1.1" 200 3081
186.103.159.44 - - [17/Mar/2017:10:48:52 -0300] "POST /cormun/servlet/solicitudot?fe866230ba3fbbde3931e3dae5d6023a,INS,0,0,,gx-no-cache=1489758592247 HTTP/1.1" 200 9673
200.30.230.163 - - [17/Mar/2017:10:48:52 -0300] "POST /cormun/servlet/solicitudot?gx-no-cache=1489762195340 HTTP/1.1" 200 20
200.30.230.163 - - [17/Mar/2017:10:48:54 -0300] "GET /cormun/servlet/solicitudot?d7d539800372a470436db401cd7a4f8cba22f939fb8a46d74fe61e71da464d67037941d4b0b3c7508fab8b96f9fe803cbb0276b6695eddab2f7011efcaaf81355695670e4a9015c54c6b2cfcd3024717d796dc7de287420c010aab6430f6f6c9530973783f578d2d60563730b5ab6216,gx-no-cache=1489762196732 HTTP/1.1" 200 29
200.30.230.163 - - [17/Mar/2017:10:48:54 -0300] "POST /cormun/servlet/solicitudot?gx-no-cache=1489762197174 HTTP/1.1" 200 1274
186.103.159.44 - - [17/Mar/2017:10:48:54 -0300] "GET /cormun/servlet/solicitudot?b129bef8224608881cdc47c3b3ce5e3f21e81340bb874665562685eea57b42a3b5575e960643f3a4c10606ba1900f42b,gx-no-cache=1489758594518 HTTP/1.1" 200 30
200.30.230.163 - - [17/Mar/2017:10:48:54 -0300] "POST /cormun/servlet/solicitudot?gx-no-cache=1489762197403 HTTP/1.1" 200 1157
200.30.230.163 - - [17/Mar/2017:10:48:58 -0300] "POST /cormun/servlet/solicitudot?gx-no-cache=1489762200887 HTTP/1.1" 200 1274
200.30.230.163 - - [17/Mar/2017:10:48:58 -0300] "POST /cormun/servlet/solicitudot?gx-no-cache=1489762200953 HTTP/1.1" 200 1157
200.30.230.163 - - [17/Mar/2017:10:48:58 -0300] "GET /cormun/static/menuarrow.gif HTTP/1.1" 404 1015
200.30.230.163 - - [17/Mar/2017:10:48:59 -0300] "POST /cormun/servlet/solicitudot?gx-no-cache=1489762202055 HTTP/1.1" 200 1274
200.30.230.163 - - [17/Mar/2017:10:48:59 -0300] "POST /cormun/servlet/solicitudot?gx-no-cache=1489762202119 HTTP/1.1" 200 1157
200.30.230.163 - - [17/Mar/2017:10:49:04 -0300] "GET /cormun/servlet/solicitudot?d7d539800372a470436db401cd7a4f8c2e739e5734b7f959365984adf1d0b4e742deff708607da5d7f804c927e6dc521b6cf21a705c262a1c7281d54ba6f2fb3fbe3aa56896a7ab014796067678db9ad77fb93c308405b1105a95531e18edd1708516493faa4e0d8758b0aedad054a83a20cab4b134c73763537dd303ed598f45c7c9296c866b4e937ca75834d86523bf6ae00a840b4909ce76e19697944fb5727be77a980357ad41c5c78d53e542e9e9537ba87459b8306e132b7e4cc527a8d,gx-no-cache=1489762207616 HTTP/1.1" 200 30
200.30.230.163 - - [17/Mar/2017:10:49:08 -0300] "POST /cormun/servlet/solicitudot?bf703f42eaf7429cf00d141bfbf11097,INS,0,0,,gx-no-cache=1489762210965 HTTP/1.1" 500 10
186.103.159.44 - - [17/Mar/2017:10:49:56 -0300] "POST /cormun/servlet/solicitudot?gx-no-cache=1489758656646 HTTP/1.1" 200 255
186.103.159.44 - - [17/Mar/2017:10:50:00 -0300] "GET /cormun/servlet/solicitudot?b129bef8224608881cdc47c3b3ce5e3f6f71d11d3c45c656d1615b405378196c9b860cc89a2296aee3c9fdd8d0826df161d4c1029c96d663dba64a1a937a602805c2da536f74011d596c0e3b695f6f24c43313929911ffe4c39f96688300a1fe91dbd84e4b19be51186d0d0e8fb4b8dc9e7dad2a1c5fea3ef5d0e08fe3d4e97270303ca8585fec0482f480693e2d13fff66f934e825b69ece74314514a0d7c91db3934a3dfab3761abb657e07170016eca52cecd13e6eb7988b0520abb4d39213811f4f5e3f31211336f4a9c098025270fb417b7b40ff115387164e8fdf7558f417389613b3d4316d8b8a5ade3e8afdbca63f5192bd71215574c8eb69f27decddab09d3beeb986dea35147ab6349a6ea1240b7ec9fc82194ac4bd782bfa1f5b93e9f6fb381340014bc4391ffc833142f4d98aa9349335c113d2b6407ffbf29f3dc1fe40fd690b59ebf4ff64bf531a696c0e27759df270b65c439f2ae3d99caee69ae4c1f2cedcd2c0891d6bc730459af290092d53d2c69442211cb42029cdef3,gx-no-cache=1489758659694 HTTP/1.1" 200 30
186.103.159.44 - - [17/Mar/2017:10:50:02 -0300] "POST /cormun/servlet/solicitudot?gx-no-cache=1489758662490 HTTP/1.1" 200 30
186.103.159.44 - - [17/Mar/2017:10:50:03 -0300] "POST /cormun/servlet/solicitudot?gx-no-cache=1489758663956 HTTP/1.1" 200 235
186.103.159.44 - - [17/Mar/2017:10:50:04 -0300] "POST /cormun/servlet/solicitudot?gx-no-cache=1489758664078 HTTP/1.1" 200 38
186.103.159.44 - - [17/Mar/2017:10:50:21 -0300] "GET /cormun/servlet/solicitudot?b129bef8224608881cdc47c3b3ce5e3fb60a39814f37e6ff470660a2cece9256c2077d000625ce11aa906588e09f46c7c2cf0f8c3186376a7468ca4f15a280d5719912684a395915a93049e6e2cac7178549747a633eadb95bbad03d11bdb856b45172b1847a6590e66fdfbcc95672be,gx-no-cache=1489758681515 HTTP/1.1" 200 29
186.103.159.44 - - [17/Mar/2017:10:50:22 -0300] "POST /cormun/servlet/solicitudot?gx-no-cache=1489758681951 HTTP/1.1" 200 643
186.103.159.44 - - [17/Mar/2017:10:50:23 -0300] "POST /cormun/servlet/solicitudot?gx-no-cache=1489758683622 HTTP/1.1" 200 1157
186.103.159.44 - - [17/Mar/2017:10:50:44 -0300] "GET /cormun/static/menuarrow.gif HTTP/1.1" 404 1015
186.103.159.44 - - [17/Mar/2017:10:50:58 -0300] "GET /cormun/servlet/solicitudot?b129bef8224608881cdc47c3b3ce5e3fc6d8f1c09d6c65340fcf6b0f0cfda37c0ef3f60e32451bfbcef2c724e55a8d97fd73ac9f2053d0f810b01e28fcc660d8e6661584f75fe9a0d6db7b35cef4f07df8dcb0d1f4e0b2da1931f5be01d760444cdc8d5bf66830bde1dd48d15ad74eaf243907c759d5f12366710b0ec07f71e1626a13900148ab56940aa264f65665fdb522f37c76d673874c52f09ff8a3c4f378630db65707f80ac6b66df2c8a706de,gx-no-cache=1489758718492 HTTP/1.1" 200 30
186.103.159.44 - - [17/Mar/2017:10:51:09 -0300] "POST /cormun/servlet/solicitudot?fe866230ba3fbbde3931e3dae5d6023a,INS,0,0,,gx-no-cache=1489758729477 HTTP/1.1" 200 93
186.103.159.44 - - [17/Mar/2017:10:51:09 -0300] "GET /cormun/servlet/hpexe_return? HTTP/1.1" 200 1002
186.103.159.44 - - [17/Mar/2017:10:51:10 -0300] "GET /cormun/static/hpexe_return.js?2016101716175153 HTTP/1.1" 200 1633
186.103.159.44 - - [17/Mar/2017:10:51:10 -0300] "GET /cormun/servlet/trsolicitudot HTTP/1.1" 200 10471
186.103.159.44 - - [17/Mar/2017:10:51:24 -0300] "POST /cormun/servlet/trsolicitudot?fe866230ba3fbbde3931e3dae5d6023a,gx-no-cache=1489758744510 HTTP/1.1" 200 107
186.103.159.44 - - [17/Mar/2017:10:51:24 -0300] "GET /cormun/servlet/trsolicitudadjuntos?2017,5614, HTTP/1.1" 200 5873
186.103.159.44 - - [17/Mar/2017:10:51:25 -0300] "GET /cormun/static/gxcfg.js?20173151321943 HTTP/1.1" 304 -
186.103.159.44 - - [17/Mar/2017:10:51:25 -0300] "GET /cormun/static/trsolicitudadjuntos.js?20173151322278 HTTP/1.1" 304 -
186.103.159.44 - - [17/Mar/2017:10:51:29 -0300] "GET /cormun/servlet/solicitudotadjuntos?INS,2017,5614,,1, HTTP/1.1" 200 5810
186.103.159.44 - - [17/Mar/2017:10:51:29 -0300] "GET /cormun/static/gxcfg.js?201612218465951 HTTP/1.1" 304 -
186.103.159.44 - - [17/Mar/2017:10:51:29 -0300] "GET /cormun/static/solicitudotadjuntos.js?201612218465969 HTTP/1.1" 304 -
186.103.159.44 - - [17/Mar/2017:10:51:30 -0300] "HEAD /cormun/static/about:blank HTTP/1.1" 404 -
186.103.159.44 - - [17/Mar/2017:10:51:31 -0300] "GET /cormun/servlet/solicitudotadjuntos?b129bef8224608881cdc47c3b3ce5e3f759a2ac37de43771a8094ebd920a8cf6556b836c9bce38188ac8192f16ed7d55,gx-no-cache=1489758751357 HTTP/1.1" 200 30
186.103.159.44 - - [17/Mar/2017:10:51:31 -0300] "POST /cormun/servlet/solicitudotadjuntos?fe866230ba3fbbde3931e3dae5d6023a,INS,2017,5614,,1,,gx-no-cache=1489758751473 HTTP/1.1" 200 3669
186.103.159.44 - - [17/Mar/2017:10:51:36 -0300] "POST /cormun/servlet/solicitudotadjuntos?gx-no-cache=1489758756537 HTTP/1.1" 200 26
186.103.159.44 - - [17/Mar/2017:10:51:58 -0300] "GET /cormun/servlet/solicitudotadjuntos?b129bef8224608881cdc47c3b3ce5e3fd8efbef228cd5bb04147142fb5b44f99,gx-no-cache=1489758778726 HTTP/1.1" 200 30
186.103.159.44 - - [17/Mar/2017:10:51:58 -0300] "GET /cormun/servlet/solicitudotadjuntos?b129bef8224608881cdc47c3b3ce5e3fd8efbef228cd5bb04147142fb5b44f99,gx-no-cache=1489758778829 HTTP/1.1" 200 30
186.103.159.44 - - [17/Mar/2017:10:51:59 -0300] "POST /cormun/servlet/solicitudotadjuntos?fe866230ba3fbbde3931e3dae5d6023a,INS,2017,5614,,1, HTTP/1.1" 200 116
186.103.159.44 - - [17/Mar/2017:10:51:59 -0300] "GET /cormun/servlet/hpexe_return? HTTP/1.1" 200 1021
186.103.159.44 - - [17/Mar/2017:10:51:59 -0300] "GET /cormun/servlet/trsolicitudadjuntos?2017,5614, HTTP/1.1" 200 7988
186.103.159.44 - - [17/Mar/2017:10:52:04 -0300] "GET /cormun/servlet/solicitudotadjuntos?INS,2017,5614,,1, HTTP/1.1" 200 5810
186.103.159.44 - - [17/Mar/2017:10:52:05 -0300] "HEAD /cormun/static/about:blank HTTP/1.1" 404 -
186.103.159.44 - - [17/Mar/2017:10:52:06 -0300] "GET /cormun/servlet/solicitudotadjuntos?b129bef8224608881cdc47c3b3ce5e3f759a2ac37de43771a8094ebd920a8cf6556b836c9bce38188ac8192f16ed7d55,gx-no-cache=1489758786297 HTTP/1.1" 200 30
186.103.159.44 - - [17/Mar/2017:10:52:06 -0300] "POST /cormun/servlet/solicitudotadjuntos?fe866230ba3fbbde3931e3dae5d6023a,INS,2017,5614,,1,,gx-no-cache=1489758786416 HTTP/1.1" 200 3669
200.30.230.163 - - [17/Mar/2017:10:52:06 -0300] "GET /cormun/servlet/trsolicitudot? HTTP/1.1" 200 8059
200.30.230.163 - - [17/Mar/2017:10:52:07 -0300] "GET /cormun/servlet/trsolicitudot? HTTP/1.1" 200 8059
200.30.230.163 - - [17/Mar/2017:10:52:09 -0300] "GET /cormun/servlet/solicitudot?INS,0,0, HTTP/1.1" 200 12746
186.103.159.44 - - [17/Mar/2017:10:52:09 -0300] "POST /cormun/servlet/solicitudotadjuntos?gx-no-cache=1489758789797 HTTP/1.1" 200 26
200.30.230.163 - - [17/Mar/2017:10:52:10 -0300] "GET /cormun/servlet/solicitudot?INS,0,0, HTTP/1.1" 200 12751
200.30.230.163 - - [17/Mar/2017:10:52:14 -0300] "POST /cormun/servlet/solicitudot?gx-no-cache=1489762397333 HTTP/1.1" 200 3141
200.30.230.163 - - [17/Mar/2017:10:52:14 -0300] "GET /cormun/static/Shared/jqueryui/images/ui-bg_highlight-soft_100_c6c2c8_1x100.png HTTP/1.1" 404 1117
200.30.230.163 - - [17/Mar/2017:10:52:14 -0300] "GET /cormun/static/Shared/jqueryui/images/ui-icons_82798d_256x240.png HTTP/1.1" 404 1089
200.30.230.163 - - [17/Mar/2017:10:52:14 -0300] "GET /cormun/static/Shared/jqueryui/images/ui-icons_ebccce_256x240.png HTTP/1.1" 404 1089
200.30.230.163 - - [17/Mar/2017:10:52:14 -0300] "GET /cormun/static/Shared/jqueryui/images/ui-bg_flat_55_994d53_40x100.png HTTP/1.1" 404 1097
186.103.159.44 - - [17/Mar/2017:10:52:14 -0300] "GET /cormun/servlet/solicitudotadjuntos?b129bef8224608881cdc47c3b3ce5e3fd8efbef228cd5bb04147142fb5b44f99,gx-no-cache=1489758794989 HTTP/1.1" 200 30
186.103.159.44 - - [17/Mar/2017:10:52:15 -0300] "GET /cormun/servlet/solicitudotadjuntos?b129bef8224608881cdc47c3b3ce5e3fd8efbef228cd5bb04147142fb5b44f99,gx-no-cache=1489758795024 HTTP/1.1" 200 30
186.103.159.44 - - [17/Mar/2017:10:52:15 -0300] "POST /cormun/servlet/solicitudotadjuntos?fe866230ba3fbbde3931e3dae5d6023a,INS,2017,5614,,1, HTTP/1.1" 200 116
186.103.159.44 - - [17/Mar/2017:10:52:15 -0300] "GET /cormun/servlet/hpexe_return? HTTP/1.1" 200 1021
186.103.159.44 - - [17/Mar/2017:10:52:16 -0300] "GET /cormun/servlet/trsolicitudadjuntos?2017,5614, HTTP/1.1" 200 8230
186.103.159.44 - - [17/Mar/2017:10:52:20 -0300] "GET /cormun/servlet/solicitudotadjuntos?INS,2017,5614,,1, HTTP/1.1" 200 5810
186.103.159.44 - - [17/Mar/2017:10:52:20 -0300] "HEAD /cormun/static/about:blank HTTP/1.1" 404 -
186.103.159.44 - - [17/Mar/2017:10:52:22 -0300] "GET /cormun/servlet/solicitudotadjuntos?b129bef8224608881cdc47c3b3ce5e3f759a2ac37de43771a8094ebd920a8cf6556b836c9bce38188ac8192f16ed7d55,gx-no-cache=1489758802172 HTTP/1.1" 200 30
186.103.159.44 - - [17/Mar/2017:10:52:22 -0300] "POST /cormun/servlet/solicitudotadjuntos?fe866230ba3fbbde3931e3dae5d6023a,INS,2017,5614,,1,,gx-no-cache=1489758802245 HTTP/1.1" 200 3668
200.30.230.163 - - [17/Mar/2017:10:52:24 -0300] "GET /cormun/servlet/prfichaempleado?,MD,,gxPopupLevel%3D0%3B HTTP/1.1" 200 8824
186.103.159.44 - - [17/Mar/2017:10:52:24 -0300] "POST /cormun/servlet/solicitudotadjuntos?gx-no-cache=1489758804565 HTTP/1.1" 200 26
186.103.159.44 - - [17/Mar/2017:10:52:31 -0300] "GET /cormun/servlet/solicitudotadjuntos?b129bef8224608881cdc47c3b3ce5e3fd8efbef228cd5bb04147142fb5b44f99,gx-no-cache=1489758811214 HTTP/1.1" 200 30
186.103.159.44 - - [17/Mar/2017:10:52:31 -0300] "GET /cormun/servlet/solicitudotadjuntos?b129bef8224608881cdc47c3b3ce5e3fd8efbef228cd5bb04147142fb5b44f99,gx-no-cache=1489758811271 HTTP/1.1" 200 30
186.103.159.44 - - [17/Mar/2017:10:52:32 -0300] "POST /cormun/servlet/solicitudotadjuntos?fe866230ba3fbbde3931e3dae5d6023a,INS,2017,5614,,1, HTTP/1.1" 200 116
186.103.159.44 - - [17/Mar/2017:10:52:32 -0300] "GET /cormun/servlet/hpexe_return? HTTP/1.1" 200 1021
186.103.159.44 - - [17/Mar/2017:10:52:33 -0300] "GET /cormun/servlet/trsolicitudadjuntos?2017,5614, HTTP/1.1" 200 8386
186.103.159.44 - - [17/Mar/2017:10:52:45 -0300] "GET /cormun/servlet/solicitudotadjuntos?INS,2017,5614,,1, HTTP/1.1" 200 5810
186.103.159.44 - - [17/Mar/2017:10:52:45 -0300] "HEAD /cormun/static/about:blank HTTP/1.1" 404 -
186.103.159.44 - - [17/Mar/2017:10:52:47 -0300] "GET /cormun/servlet/solicitudotadjuntos?b129bef8224608881cdc47c3b3ce5e3f759a2ac37de43771a8094ebd920a8cf6556b836c9bce38188ac8192f16ed7d55,gx-no-cache=1489758827147 HTTP/1.1" 200 30
186.103.159.44 - - [17/Mar/2017:10:52:47 -0300] "POST /cormun/servlet/solicitudotadjuntos?fe866230ba3fbbde3931e3dae5d6023a,INS,2017,5614,,1,,gx-no-cache=1489758827247 HTTP/1.1" 200 3668
186.103.159.44 - - [17/Mar/2017:10:52:52 -0300] "POST /cormun/servlet/solicitudotadjuntos?gx-no-cache=1489758832480 HTTP/1.1" 200 26
200.30.230.163 - - [17/Mar/2017:10:52:55 -0300] "POST /cormun/servlet/solicitudot?gx-no-cache=1489762438093 HTTP/1.1" 200 3144
200.30.230.163 - - [17/Mar/2017:10:52:55 -0300] "POST /cormun/servlet/solicitudot?bf703f42eaf7429cf00d141bfbf11097,INS,0,0,,gx-no-cache=1489762438377 HTTP/1.1" 200 9934
200.30.230.163 - - [17/Mar/2017:10:52:56 -0300] "GET /cormun/servlet/solicitudot?d7d539800372a470436db401cd7a4f8c49ccd2efcdc261ff97b552974c93b1012bf239d447c129447158d7f4ae2dbd67,gx-no-cache=1489762439837 HTTP/1.1" 200 30
200.30.230.163 - - [17/Mar/2017:10:52:57 -0300] "POST /cormun/servlet/solicitudot?gx-no-cache=1489762439904 HTTP/1.1" 200 297
200.30.230.163 - - [17/Mar/2017:10:52:57 -0300] "GET /cormun/servlet/solicitudot?d7d539800372a470436db401cd7a4f8c1c2c7628f9a86493bfb8d75a96481b72ca5b62b91cdec68bc5b81faf493b1e9df0e1ff07dfd95b1e019eac3e90b171923975320b77ccad2df8f100f7361830cded6f0811fd083ade88eed63fe9f3fdd377e1722a9a7dd67b4ab0e297ae585a9437a7ecf400f6ecd6e06994f8449f796bddcb780e7edebb520401b0a6b5436dae3496926c1f2928e3ce601a332e838e7e3253b983bb470189a28a5455129305bb41f4b5ac9828c4738e9b0ea36c9b00c46f9a2d087a01f5fda9a0805e0469b837e36251ac946f8ad03f5f04c283fe024533640e8f73cc2663af0291ece11416b84a65bc2197c9705c3f221d626d5bc67748d690b948f2898b1338e7861bdc63eb1a881606be16a32f2aff0606fe092499bc332bbeaf863468bb6f89ac0c1ad02b4a3df1a363cf6f4c8e15a9f3de36ade7c5a190f58fc4f780123d7ec90b414713ebad33c269f3898b80d68dbdff4245ef78daaac490f072d5b927e867048ca22eeccff426968b22989ac18ef21f82517435fed602efc9d7a16c5d36e5f9ba58d3,gx-no-cache=1489762439970 HTTP/1.1" 200 30
200.30.230.163 - - [17/Mar/2017:10:52:59 -0300] "POST /cormun/servlet/solicitudot?gx-no-cache=1489762442085 HTTP/1.1" 200 30
186.103.159.44 - - [17/Mar/2017:10:53:01 -0300] "GET /cormun/servlet/solicitudotadjuntos?b129bef8224608881cdc47c3b3ce5e3fd8efbef228cd5bb04147142fb5b44f99,gx-no-cache=1489758841912 HTTP/1.1" 200 30
186.103.159.44 - - [17/Mar/2017:10:53:01 -0300] "GET /cormun/servlet/solicitudotadjuntos?b129bef8224608881cdc47c3b3ce5e3fd8efbef228cd5bb04147142fb5b44f99,gx-no-cache=1489758841981 HTTP/1.1" 200 30
186.103.159.44 - - [17/Mar/2017:10:53:02 -0300] "POST /cormun/servlet/solicitudotadjuntos?fe866230ba3fbbde3931e3dae5d6023a,INS,2017,5614,,1, HTTP/1.1" 200 116
186.103.159.44 - - [17/Mar/2017:10:53:02 -0300] "GET /cormun/servlet/hpexe_return? HTTP/1.1" 200 1021
186.103.159.44 - - [17/Mar/2017:10:53:03 -0300] "GET /cormun/servlet/trsolicitudadjuntos?2017,5614, HTTP/1.1" 200 8527
186.103.159.44 - - [17/Mar/2017:10:53:08 -0300] "GET /cormun/servlet/solicitudotadjuntos?INS,2017,5614,,1, HTTP/1.1" 200 5810
186.103.159.44 - - [17/Mar/2017:10:53:09 -0300] "HEAD /cormun/static/about:blank HTTP/1.1" 404 -
200.30.230.163 - - [17/Mar/2017:10:53:09 -0300] "GET /cormun/servlet/prfichaempleado?,MD,,gxPopupLevel%3D0%3B HTTP/1.1" 200 8824
186.103.159.44 - - [17/Mar/2017:10:53:10 -0300] "GET /cormun/servlet/solicitudotadjuntos?b129bef8224608881cdc47c3b3ce5e3f759a2ac37de43771a8094ebd920a8cf6556b836c9bce38188ac8192f16ed7d55,gx-no-cache=1489758850156 HTTP/1.1" 200 30
186.103.159.44 - - [17/Mar/2017:10:53:10 -0300] "POST /cormun/servlet/solicitudotadjuntos?fe866230ba3fbbde3931e3dae5d6023a,INS,2017,5614,,1,,gx-no-cache=1489758850270 HTTP/1.1" 200 3668
200.30.230.163 - - [17/Mar/2017:10:53:12 -0300] "POST /cormun/servlet/solicitudot?gx-no-cache=1489762455554 HTTP/1.1" 200 312
186.103.159.44 - - [17/Mar/2017:10:53:13 -0300] "POST /cormun/servlet/solicitudotadjuntos?gx-no-cache=1489758853118 HTTP/1.1" 200 26
186.103.159.44 - - [17/Mar/2017:10:53:18 -0300] "GET /cormun/servlet/solicitudotadjuntos?b129bef8224608881cdc47c3b3ce5e3fd8efbef228cd5bb04147142fb5b44f99,gx-no-cache=1489758858414 HTTP/1.1" 200 30
186.103.159.44 - - [17/Mar/2017:10:53:18 -0300] "GET /cormun/servlet/solicitudotadjuntos?b129bef8224608881cdc47c3b3ce5e3fd8efbef228cd5bb04147142fb5b44f99,gx-no-cache=1489758858449 HTTP/1.1" 200 30
186.103.159.44 - - [17/Mar/2017:10:53:19 -0300] "POST /cormun/servlet/solicitudotadjuntos?fe866230ba3fbbde3931e3dae5d6023a,INS,2017,5614,,1, HTTP/1.1" 200 116
186.103.159.44 - - [17/Mar/2017:10:53:19 -0300] "GET /cormun/servlet/hpexe_return? HTTP/1.1" 200 1021
186.103.159.44 - - [17/Mar/2017:10:53:20 -0300] "GET /cormun/servlet/trsolicitudadjuntos?2017,5614, HTTP/1.1" 200 8686
200.30.230.163 - - [17/Mar/2017:10:53:26 -0300] "POST /cormun/servlet/solicitudot?gx-no-cache=1489762469181 HTTP/1.1" 200 1291
200.30.230.163 - - [17/Mar/2017:10:53:33 -0300] "POST /cormun/servlet/solicitudot?gx-no-cache=1489762476313 HTTP/1.1" 200 20
200.30.230.163 - - [17/Mar/2017:10:53:37 -0300] "GET /cormun/servlet/solicitudot?d7d539800372a470436db401cd7a4f8cba22f939fb8a46d74fe61e71da464d67037941d4b0b3c7508fab8b96f9fe803cbb0276b6695eddab2f7011efcaaf81355695670e4a9015c54c6b2cfcd3024717d796dc7de287420c010aab6430f6f6c9530973783f578d2d60563730b5ab6216,gx-no-cache=1489762480670 HTTP/1.1" 200 29
200.30.230.163 - - [17/Mar/2017:10:53:37 -0300] "POST /cormun/servlet/solicitudot?gx-no-cache=1489762480726 HTTP/1.1" 200 1274
200.30.230.163 - - [17/Mar/2017:10:53:38 -0300] "POST /cormun/servlet/solicitudot?gx-no-cache=1489762481558 HTTP/1.1" 200 1157
200.30.230.163 - - [17/Mar/2017:10:53:45 -0300] "GET /cormun/servlet/solicitudot?d7d539800372a470436db401cd7a4f8c2e739e5734b7f959365984adf1d0b4e7f0500adde0d8797d114dedc055375a0d82462088c2b7579bee745d7ccc2679b1fbe3aa56896a7ab014796067678db9ad77fb93c308405b1105a95531e18edd1708516493faa4e0d8758b0aedad054a83a20cab4b134c73763537dd303ed598f45c7c9296c866b4e937ca75834d86523bf6ae00a840b4909ce76e19697944fb57c867ab59d08adde0bffdb22e5934a7a17a348175e5a3d82fb41d7d7f60dc8234,gx-no-cache=1489762488133 HTTP/1.1" 200 30
200.112.2.31 - - [17/Mar/2017:10:53:45 -0300] "GET /cormun/servlet/apermisogoceprn?15739045,P,20170317094501,PU HTTP/1.1" 200 1675
200.30.230.163 - - [17/Mar/2017:10:53:49 -0300] "POST /cormun/servlet/solicitudot?bf703f42eaf7429cf00d141bfbf11097,INS,0,0,,gx-no-cache=1489762491991 HTTP/1.1" 500 10
186.103.159.44 - - [17/Mar/2017:10:53:49 -0300] "GET /cormun/servlet/solicitudotadjuntos?INS,2017,5614,,1, HTTP/1.1" 200 5810
186.103.159.44 - - [17/Mar/2017:10:53:50 -0300] "HEAD /cormun/static/about:blank HTTP/1.1" 404 -
186.103.159.44 - - [17/Mar/2017:10:53:51 -0300] "GET /cormun/servlet/solicitudotadjuntos?b129bef8224608881cdc47c3b3ce5e3f759a2ac37de43771a8094ebd920a8cf6556b836c9bce38188ac8192f16ed7d55,gx-no-cache=1489758891446 HTTP/1.1" 200 30
186.103.159.44 - - [17/Mar/2017:10:53:51 -0300] "POST /cormun/servlet/solicitudotadjuntos?fe866230ba3fbbde3931e3dae5d6023a,INS,2017,5614,,1,,gx-no-cache=1489758891532 HTTP/1.1" 200 3669
200.30.230.163 - - [17/Mar/2017:10:53:52 -0300] "GET /cormun/servlet/trsolicitudot? HTTP/1.1" 200 8059
200.30.230.163 - - [17/Mar/2017:10:53:53 -0300] "GET /cormun/servlet/trsolicitudot? HTTP/1.1" 200 8059
186.103.159.44 - - [17/Mar/2017:10:53:53 -0300] "POST /cormun/servlet/solicitudotadjuntos?gx-no-cache=1489758893823 HTTP/1.1" 200 26
186.103.159.44 - - [17/Mar/2017:10:53:59 -0300] "GET /cormun/servlet/solicitudotadjuntos?b129bef8224608881cdc47c3b3ce5e3fd8efbef228cd5bb04147142fb5b44f99,gx-no-cache=1489758899663 HTTP/1.1" 200 30
186.103.159.44 - - [17/Mar/2017:10:53:59 -0300] "GET /cormun/servlet/solicitudotadjuntos?b129bef8224608881cdc47c3b3ce5e3fd8efbef228cd5bb04147142fb5b44f99,gx-no-cache=1489758899705 HTTP/1.1" 200 30
