192.168.10.96 - - [17/Mar/2017:11:18:11 -0300] "GET /cormun/servlet/vesolicitudnombre?2017,5428,,SolicitudOTAdjuntos HTTP/1.1" 200 10231
192.168.10.96 - - [17/Mar/2017:11:18:12 -0300] "GET /cormun/servlet/vesolicitudnombre?2017,5428,,SolicitudOTAdjuntos HTTP/1.1" 200 10232
192.168.10.96 - - [17/Mar/2017:11:18:13 -0300] "POST /cormun/servlet/acontrolpreferencessavestate?None,DZAMUDIO,true HTTP/1.1" 200 35
192.168.10.96 - - [17/Mar/2017:11:18:14 -0300] "GET /cormun/PublicTempStorage/titulo_%281%299315897.pdf HTTP/1.1" 200 737062
186.103.159.44 - - [17/Mar/2017:11:19:21 -0300] "GET /cormun/servlet/licenciaspermisos?b409aa4c4901b2ea7adac246cb957726fbd2b587311c13b31bb3dd13e325277432b35197bb613357c4288028aea26015dab09d3beeb986dea35147ab6349a6ea28aceb936fcf69a9898945f06ae7123a1bee441293c8ae407798ad68e6e47e23c0ee256fcecbdebd6af0188b441bf35fb86a3be4e20183ddc3a3e0646d3faef5050d9e1a4eb6d83346e3132b4daeae7fd8d754b2d8e6700330b39ad5d1435ad2aae35c532650b53cae2bba56b78030f4,gx-no-cache=1489760421146 HTTP/1.1" 200 30
186.103.159.44 - - [17/Mar/2017:11:19:21 -0300] "GET /cormun/servlet/licenciaspermisos?b409aa4c4901b2ea7adac246cb957726593b96d379153420184047ad2be8f060e5fbefe08ee8504aaaaa59c1edb877c990e39f6729e1c1286eb0486b8dbfc9390fc52cd637d8babf1c272b4bff3eac126ea7d30dee7d8ffd36f26b8d330909d78000fa32e4ec6bd6883a927ed83f24160b8608a1d499347066f55c70cf22d21bb36bf75b4b1fbf4c672944dcfd6e591d32e4b1017c01218bec3dc1aaef8da399f57f4e6a5847cd4276546ab9370e087d,gx-no-cache=1489760421554 HTTP/1.1" 200 29
186.103.159.44 - - [17/Mar/2017:11:19:22 -0300] "POST /cormun/servlet/licenciaspermisos?fe866230ba3fbbde3931e3dae5d6023a,INS,0,,,,gx-no-cache=1489760421948 HTTP/1.1" 200 93
186.103.159.44 - - [17/Mar/2017:11:19:22 -0300] "GET /cormun/servlet/hpexe_return? HTTP/1.1" 200 1007
186.103.159.44 - - [17/Mar/2017:11:19:23 -0300] "GET /cormun/servlet/trlicencias HTTP/1.1" 200 7811
186.103.159.44 - - [17/Mar/2017:11:19:28 -0300] "GET /cormun/servlet/trlicenciaspermisosadjuntos?11275458,20170317000000,L, HTTP/1.1" 200 6112
186.103.159.44 - - [17/Mar/2017:11:19:31 -0300] "GET /cormun/servlet/licenciaspermisosadjuntos?INS,11275458,L,20170317000000,, HTTP/1.1" 200 5421
186.103.159.44 - - [17/Mar/2017:11:19:32 -0300] "HEAD /cormun/static/about:blank HTTP/1.1" 404 -
186.103.159.44 - - [17/Mar/2017:11:19:49 -0300] "POST /cormun/servlet/licenciaspermisosadjuntos?fe866230ba3fbbde3931e3dae5d6023a,INS,11275458,L,20170317000000,, HTTP/1.1" 200 116
186.103.159.44 - - [17/Mar/2017:11:19:49 -0300] "GET /cormun/servlet/hpexe_return? HTTP/1.1" 200 1037
186.103.159.44 - - [17/Mar/2017:11:19:49 -0300] "GET /cormun/servlet/trlicenciaspermisosadjuntos?11275458,20170317000000,L, HTTP/1.1" 200 6611
186.103.159.44 - - [17/Mar/2017:11:19:51 -0300] "GET /cormun/PublicTempStorage/licencia_jessicca_salinas_-26889554.pdf HTTP/1.1" 200 897939
186.103.159.44 - - [17/Mar/2017:11:19:55 -0300] "GET /cormun/servlet/trsolicitudot? HTTP/1.1" 200 10154
186.103.159.44 - - [17/Mar/2017:11:20:02 -0300] "GET /cormun/servlet/trlicencias? HTTP/1.1" 200 7808
192.168.10.96 - - [17/Mar/2017:11:20:04 -0300] "GET /cormun/servlet/vesolicitudnombre?2017,5428,,SolicitudOTAdjuntos HTTP/1.1" 200 10229
192.168.10.96 - - [17/Mar/2017:11:20:04 -0300] "GET /cormun/servlet/vesolicitudnombre?2017,5428,,SolicitudOTAdjuntos HTTP/1.1" 200 10229
192.168.10.96 - - [17/Mar/2017:11:20:05 -0300] "POST /cormun/servlet/acontrolpreferencessavestate?None,DZAMUDIO,true HTTP/1.1" 200 35
186.103.159.44 - - [17/Mar/2017:11:20:06 -0300] "GET /cormun/servlet/alicenciaprn?11275458,L,20170317000000,PU HTTP/1.1" 200 1539
192.168.10.96 - - [17/Mar/2017:11:20:10 -0300] "GET /cormun/servlet/hlogin HTTP/1.1" 200 1758
192.168.10.96 - - [17/Mar/2017:11:20:33 -0300] "POST /cormun/servlet/hlogin?6b2310dc7ed7289c9b84a53864c617c2,gx-no-cache=1489763714682 HTTP/1.1" 200 90
192.168.10.96 - - [17/Mar/2017:11:20:33 -0300] "GET /cormun/servlet/hpexe_link HTTP/1.1" 200 983
192.168.10.96 - - [17/Mar/2017:11:20:33 -0300] "GET /cormun/servlet/vesolicitudnombre?2017,5428,,SolicitudOTAdjuntos HTTP/1.1" 200 10221
192.168.10.96 - - [17/Mar/2017:11:20:33 -0300] "GET /cormun/pexe_scrolldiv.js HTTP/1.1" 404 1009
192.168.10.96 - - [17/Mar/2017:11:20:33 -0300] "GET /cormun/pexe_scrolldiv.js HTTP/1.1" 404 1009
192.168.10.96 - - [17/Mar/2017:11:20:34 -0300] "GET /cormun/servlet/vesolicitudnombre?2017,5428,,SolicitudOTAdjuntos HTTP/1.1" 200 10231
192.168.10.96 - - [17/Mar/2017:11:20:35 -0300] "POST /cormun/servlet/acontrolpreferencessavestate?None,DZAMUDIO,true HTTP/1.1" 200 35
192.168.10.96 - - [17/Mar/2017:11:20:35 -0300] "GET /cormun/servlet/trsolicitudgral? HTTP/1.1" 200 8494
192.168.10.96 - - [17/Mar/2017:11:20:36 -0300] "GET /cormun/servlet/trsolicitudgral? HTTP/1.1" 200 8473
186.103.159.44 - - [17/Mar/2017:11:20:42 -0300] "POST /cormun/servlet/trlicencias?fe866230ba3fbbde3931e3dae5d6023a,,gx-no-cache=1489760502372 HTTP/1.1" 200 4036
186.103.159.44 - - [17/Mar/2017:11:20:43 -0300] "GET /cormun/static/Shared/jqueryui/images/ui-bg_flat_55_fafafa_40x100.png HTTP/1.1" 404 1097
186.103.159.44 - - [17/Mar/2017:11:20:43 -0300] "GET /cormun/static/Shared/jqueryui/images/ui-icons_8d78a5_256x240.png HTTP/1.1" 404 1089
186.103.159.44 - - [17/Mar/2017:11:20:43 -0300] "GET /cormun/static/Shared/jqueryui/images/ui-icons_82798d_256x240.png HTTP/1.1" 404 1089
186.103.159.44 - - [17/Mar/2017:11:20:43 -0300] "GET /cormun/static/Shared/jqueryui/images/ui-bg_highlight-soft_100_c6c2c8_1x100.png HTTP/1.1" 404 1117
192.168.10.96 - - [17/Mar/2017:11:20:52 -0300] "POST /cormun/servlet/trsolicitudgral?6b2310dc7ed7289c9b84a53864c617c2,,gx-no-cache=1489763734085 HTTP/1.1" 200 5449
192.168.10.96 - - [17/Mar/2017:11:20:56 -0300] "POST /cormun/servlet/trsolicitudgral?6b2310dc7ed7289c9b84a53864c617c2,,gx-no-cache=1489763737834 HTTP/1.1" 200 5448
192.168.10.96 - - [17/Mar/2017:11:21:07 -0300] "POST /cormun/servlet/trsolicitudgral?6b2310dc7ed7289c9b84a53864c617c2,,gx-no-cache=1489763748999 HTTP/1.1" 200 5438
192.168.10.96 - - [17/Mar/2017:11:21:08 -0300] "POST /cormun/servlet/trsolicitudgral?6b2310dc7ed7289c9b84a53864c617c2,,gx-no-cache=1489763749800 HTTP/1.1" 200 5439
192.168.10.96 - - [17/Mar/2017:11:21:08 -0300] "POST /cormun/servlet/trsolicitudgral?6b2310dc7ed7289c9b84a53864c617c2,,gx-no-cache=1489763750263 HTTP/1.1" 200 5438
192.168.10.96 - - [17/Mar/2017:11:21:09 -0300] "POST /cormun/servlet/trsolicitudgral?6b2310dc7ed7289c9b84a53864c617c2,,gx-no-cache=1489763750503 HTTP/1.1" 200 5438
186.103.159.44 - - [17/Mar/2017:11:21:09 -0300] "GET /cormun/servlet/trsolicitudot? HTTP/1.1" 200 10129
192.168.10.96 - - [17/Mar/2017:11:21:12 -0300] "POST /cormun/servlet/trsolicitudgral?6b2310dc7ed7289c9b84a53864c617c2,,gx-no-cache=1489763753785 HTTP/1.1" 200 6706
192.168.10.96 - - [17/Mar/2017:11:21:17 -0300] "GET /cormun/servlet/hlogin HTTP/1.1" 200 1742
200.112.48.193 - - [17/Mar/2017:11:21:36 -0300] "GET /cormun/servlet/hlogin HTTP/1.1" 200 1726
192.168.10.96 - - [17/Mar/2017:11:21:46 -0300] "POST /cormun/servlet/hlogin?6b2310dc7ed7289c9b84a53864c617c2,gx-no-cache=1489763787680 HTTP/1.1" 200 458
192.168.10.96 - - [17/Mar/2017:11:21:54 -0300] "POST /cormun/servlet/hlogin?6b2310dc7ed7289c9b84a53864c617c2,gx-no-cache=1489763796071 HTTP/1.1" 200 458
200.112.48.193 - - [17/Mar/2017:11:21:56 -0300] "POST /cormun/servlet/hlogin?7bd8818e04b6cae1b19435ac2f7b7614,gx-no-cache=1489760587889 HTTP/1.1" 200 90
200.112.48.193 - - [17/Mar/2017:11:21:56 -0300] "GET /cormun/servlet/hpexe_link HTTP/1.1" 200 954
200.112.48.193 - - [17/Mar/2017:11:21:56 -0300] "GET /cormun/servlet/hhome HTTP/1.1" 200 3904
192.168.10.96 - - [17/Mar/2017:11:21:58 -0300] "POST /cormun/servlet/hlogin?6b2310dc7ed7289c9b84a53864c617c2,gx-no-cache=1489763799941 HTTP/1.1" 200 90
192.168.10.96 - - [17/Mar/2017:11:21:58 -0300] "GET /cormun/servlet/hpexe_link HTTP/1.1" 200 954
192.168.10.96 - - [17/Mar/2017:11:21:58 -0300] "GET /cormun/servlet/hhome HTTP/1.1" 200 3995
200.112.48.193 - - [17/Mar/2017:11:21:58 -0300] "GET /cormun/servlet/hhome HTTP/1.1" 200 3900
192.168.10.96 - - [17/Mar/2017:11:21:59 -0300] "GET /cormun/servlet/hhome HTTP/1.1" 200 3991
192.168.10.96 - - [17/Mar/2017:11:22:00 -0300] "GET /cormun/servlet/trsolicitudot? HTTP/1.1" 200 10199
192.168.10.96 - - [17/Mar/2017:11:22:01 -0300] "GET /cormun/servlet/trsolicitudot? HTTP/1.1" 200 10197
200.112.48.193 - - [17/Mar/2017:11:22:04 -0300] "GET /cormun/servlet/trsolicitudot? HTTP/1.1" 200 6861
200.112.48.193 - - [17/Mar/2017:11:22:06 -0300] "GET /cormun/servlet/trsolicitudot? HTTP/1.1" 200 6860
192.168.10.89 - - [17/Mar/2017:11:22:16 -0300] "POST /cormun/servlet/trsolicitudgral?fbd7a8bf6f3bb1ca6f7d391e164ada6f,,gx-no-cache=1489763817731 HTTP/1.1" 200 5388
192.168.10.96 - - [17/Mar/2017:11:22:17 -0300] "POST /cormun/servlet/trsolicitudot?6b2310dc7ed7289c9b84a53864c617c2,,gx-no-cache=1489763818547 HTTP/1.1" 200 106
192.168.10.96 - - [17/Mar/2017:11:22:17 -0300] "GET /cormun/servlet/solicitudot?UPD,2017,5606, HTTP/1.1" 200 14411
192.168.10.96 - - [17/Mar/2017:11:22:17 -0300] "GET /cormun/servlet/solicitudot?UPD,2017,5606, HTTP/1.1" 200 14420
192.168.10.96 - - [17/Mar/2017:11:22:18 -0300] "POST /cormun/servlet/solicitudot?gx-no-cache=1489763819901 HTTP/1.1" 200 3155
192.168.10.96 - - [17/Mar/2017:11:22:18 -0300] "POST /cormun/servlet/solicitudot?6b2310dc7ed7289c9b84a53864c617c2,UPD,2017,5606,,gx-no-cache=1489763820050 HTTP/1.1" 200 11021
192.168.10.96 - - [17/Mar/2017:11:22:18 -0300] "GET /cormun/servlet/solicitudot?1b63cf81999f625e9913f0de04bdcd0d1a8ece5ba5d8ac256813b53981dd7ac52956b8f566395acc68fed19d28d12ef5,gx-no-cache=1489763820278 HTTP/1.1" 200 30
192.168.10.96 - - [17/Mar/2017:11:22:18 -0300] "POST /cormun/servlet/solicitudot?gx-no-cache=1489763820305 HTTP/1.1" 200 254
192.168.10.96 - - [17/Mar/2017:11:22:18 -0300] "GET /cormun/servlet/solicitudot?1b63cf81999f625e9913f0de04bdcd0dd9a151ddb181a0c87728a86287c0616b104271bfd33befba06dfad3ebb705ca687748cd13cb0f9b0422cdee6ab382e4cbdf50aae1221d550fc33ac41634e0935734c3ae32de8f332e73657ee577697677ed8e68b7a0cc6a3a3b209ca497ed8b215b9de289d03b078d4ba9ee2bd7f58709fcf29c5ae19c71e2a5abd58d9c8d7786dd60283061753aa10cb82b230479a40168b7ac3961c1921414809fb0c414d75b4047cfc6e81de03d30626b1aa0e11c4b510802b60d4196b5b4974008350b2e2ff5e4c7d22f3bf012bec8d9d4f414f66ef32056ca0a14f4ed594570c04ff84fdbc3cb602c90a52b49827c63d6fa565e31f6c548da474437e85dc3f88e0e3da21e165e34992f5f8ce939e5f26d565d2979de94c4f82a3f468482c81c68c62c2258bacc9d625ef2d9f795c9cc07702de96a88dc74f2b3c504e34979082f92e7691c875d5a4e267db0084bdf3f1a0c9b8f103069240f6c6564d3065252a56d1385e78ea72ac480920e168a945fdfd90c7a7,gx-no-cache=1489763820328 HTTP/1.1" 200 30
192.168.10.96 - - [17/Mar/2017:11:22:18 -0300] "POST /cormun/servlet/solicitudot?gx-no-cache=1489763820345 HTTP/1.1" 200 30
192.168.10.96 - - [17/Mar/2017:11:22:18 -0300] "POST /cormun/servlet/solicitudot?gx-no-cache=1489763820368 HTTP/1.1" 200 1291
192.168.10.96 - - [17/Mar/2017:11:22:18 -0300] "POST /cormun/servlet/solicitudot?gx-no-cache=1489763820401 HTTP/1.1" 200 41
200.112.48.193 - - [17/Mar/2017:11:22:20 -0300] "GET /cormun/servlet/trsolicitudot? HTTP/1.1" 200 6860
200.112.48.193 - - [17/Mar/2017:11:22:21 -0300] "GET /cormun/servlet/trsolicitudot? HTTP/1.1" 200 6860
192.168.10.96 - - [17/Mar/2017:11:22:22 -0300] "POST /cormun/servlet/solicitudot?gx-no-cache=1489763824198 HTTP/1.1" 200 30
200.112.48.193 - - [17/Mar/2017:11:22:24 -0300] "GET /cormun/servlet/solicitudot?INS,0,0, HTTP/1.1" 200 12711
192.168.10.96 - - [17/Mar/2017:11:22:24 -0300] "GET /cormun/servlet/prcontratosol?14274745,,,,,MD,,gxPopupLevel%3D0%3B HTTP/1.1" 200 5964
192.168.10.96 - - [17/Mar/2017:11:22:24 -0300] "GET /cormun/static/gxcfg.js?20173151333688 HTTP/1.1" 200 953
192.168.10.96 - - [17/Mar/2017:11:22:24 -0300] "GET /cormun/static/prcontratosol.js?20173151333836 HTTP/1.1" 200 14084
192.168.10.96 - - [17/Mar/2017:11:22:24 -0300] "GET /cormun/static/Resources/PXToolsGridFirst.gif HTTP/1.1" 200 379
192.168.10.96 - - [17/Mar/2017:11:22:24 -0300] "GET /cormun/static/Resources/PXToolsGridPrevious.gif HTTP/1.1" 200 369
200.112.48.193 - - [17/Mar/2017:11:22:25 -0300] "GET /cormun/servlet/solicitudot?INS,0,0, HTTP/1.1" 200 12716
192.168.10.96 - - [17/Mar/2017:11:22:26 -0300] "POST /cormun/servlet/solicitudot?gx-no-cache=1489763827961 HTTP/1.1" 200 1291
192.168.10.96 - - [17/Mar/2017:11:22:26 -0300] "POST /cormun/servlet/solicitudot?gx-no-cache=1489763828001 HTTP/1.1" 200 41
192.168.10.96 - - [17/Mar/2017:11:22:26 -0300] "GET /cormun/servlet/solicitudot?1b63cf81999f625e9913f0de04bdcd0d7c829a848b8146ff8c8b032bd24708bfe4bf1ac60468be2516f222bf9ebc61a72f9faedc51c0d2b114a6613407077b162d0625d0328e00bb5e6f713470c79eff9fdb9191f1f592c2a4e7a475d3b8901b669ab75d1d485d35b461183034dc957f9c7e450966ee01577cf76cd1e8d5262f0ba787117070abf41d0bb7c086340008e20fec2a0f051d1038452a7eef5a9c9c,gx-no-cache=1489763828026 HTTP/1.1" 200 29
192.168.10.96 - - [17/Mar/2017:11:22:26 -0300] "POST /cormun/servlet/solicitudot?gx-no-cache=1489763828044 HTTP/1.1" 200 1274
192.168.10.96 - - [17/Mar/2017:11:22:26 -0300] "POST /cormun/servlet/solicitudot?gx-no-cache=1489763828075 HTTP/1.1" 200 1157
192.168.10.89 - - [17/Mar/2017:11:22:28 -0300] "POST /cormun/servlet/trsolicitudgral?fbd7a8bf6f3bb1ca6f7d391e164ada6f,,gx-no-cache=1489763829505 HTTP/1.1" 200 5389
192.168.10.96 - - [17/Mar/2017:11:22:29 -0300] "GET /cormun/servlet/solicitudot?1b63cf81999f625e9913f0de04bdcd0d65d2b86197c1e15c86b774f1123b136080bc94fda111771da4ef9888ebf37f627763e9a72dfa4ecbec25d8febbfcb2a61c40025df7ebff2423f913add4bcc27beeb8a06d2bfe7b25949dca676cf7ce4a41d0e1de345341af8a7f7519e7acc02f67540c9346c6b6a032b24883ee83ad377f5f2a6d3560f08d9f03331f9ae4bdbaa8c57ccde8cb4f3d72101377a2d476c8e62a796ffb782d1f6fed0fe91c4ff7cc,gx-no-cache=1489763831401 HTTP/1.1" 200 30
192.168.10.89 - - [17/Mar/2017:11:22:36 -0300] "POST /cormun/servlet/trsolicitudgral?fbd7a8bf6f3bb1ca6f7d391e164ada6f,,gx-no-cache=1489763836249 HTTP/1.1" 200 22439
200.112.48.193 - - [17/Mar/2017:11:22:40 -0300] "POST /cormun/servlet/solicitudot?gx-no-cache=1489760632047 HTTP/1.1" 200 3081
200.112.48.193 - - [17/Mar/2017:11:22:41 -0300] "POST /cormun/servlet/solicitudot?7bd8818e04b6cae1b19435ac2f7b7614,INS,0,0,,gx-no-cache=1489760632520 HTTP/1.1" 200 9872
192.168.10.96 - - [17/Mar/2017:11:22:43 -0300] "GET /cormun/servlet/solicitudot?1b63cf81999f625e9913f0de04bdcd0d65d2b86197c1e15c86b774f1123b13608c1dbee8b7f7c89d1b6d022bca1dd6faaf03c0bc934914436de08a471137bc7cf956b29f1eb41cc6c39bc627bfcf1560a95f5c5061c412fd27404c1a6a67d692627bd96797754bc370c408b33afdc123afb1c3e1340465342d5972240938af68bc0d1aaef91016bbc89158ecb72c1f2b695bb76e86fe37266dad8921883a963acfec0864b59eede85f57d2a50763656e,gx-no-cache=1489763845328 HTTP/1.1" 200 30
200.112.48.193 - - [17/Mar/2017:11:22:44 -0300] "GET /cormun/servlet/solicitudot?be02ee77d473c9cd1065f2991e479b5d9a0cb7c2fe04fd7381a2b78d1b51924947842e0d2405fd13e0dba251483af335,gx-no-cache=1489760636302 HTTP/1.1" 200 30
192.168.10.96 - - [17/Mar/2017:11:22:46 -0300] "POST /cormun/servlet/solicitudot?6b2310dc7ed7289c9b84a53864c617c2,UPD,2017,5606,,gx-no-cache=1489763847871 HTTP/1.1" 200 93
192.168.10.96 - - [17/Mar/2017:11:22:46 -0300] "GET /cormun/servlet/hpexe_return? HTTP/1.1" 200 1014
192.168.10.96 - - [17/Mar/2017:11:22:46 -0300] "GET /cormun/servlet/trsolicitudot HTTP/1.1" 200 10223
192.168.10.96 - - [17/Mar/2017:11:22:47 -0300] "GET /cormun/servlet/trsolicitudot HTTP/1.1" 200 10218
192.168.10.89 - - [17/Mar/2017:11:22:48 -0300] "GET /cormun/servlet/hlogin HTTP/1.1" 200 1732
192.168.10.96 - - [17/Mar/2017:11:22:50 -0300] "POST /cormun/servlet/trsolicitudot?6b2310dc7ed7289c9b84a53864c617c2,gx-no-cache=1489763851779 HTTP/1.1" 200 7082
192.168.10.96 - - [17/Mar/2017:11:22:50 -0300] "GET /cormun/static/Shared/jqueryui/images/ui-icons_82798d_256x240.png HTTP/1.1" 404 1089
192.168.10.96 - - [17/Mar/2017:11:22:50 -0300] "GET /cormun/static/Shared/jqueryui/images/ui-bg_highlight-soft_100_c6c2c8_1x100.png HTTP/1.1" 404 1117
192.168.10.96 - - [17/Mar/2017:11:22:50 -0300] "GET /cormun/static/Shared/jqueryui/images/ui-bg_flat_55_fafafa_40x100.png HTTP/1.1" 404 1097
192.168.10.96 - - [17/Mar/2017:11:22:50 -0300] "GET /cormun/static/Shared/jqueryui/images/ui-icons_8d78a5_256x240.png HTTP/1.1" 404 1089
192.168.10.96 - - [17/Mar/2017:11:22:50 -0300] "POST /cormun/servlet/trsolicitudot?6b2310dc7ed7289c9b84a53864c617c2,gx-no-cache=1489763852072 HTTP/1.1" 200 7025
192.168.10.96 - - [17/Mar/2017:11:22:52 -0300] "GET /cormun/servlet/trautorizarsolicitud? HTTP/1.1" 200 8192
192.168.10.96 - - [17/Mar/2017:11:22:53 -0300] "GET /cormun/servlet/trautorizarsolicitud? HTTP/1.1" 200 8192
192.168.10.96 - - [17/Mar/2017:11:22:55 -0300] "POST /cormun/servlet/trautorizarsolicitud?6b2310dc7ed7289c9b84a53864c617c2,,gx-no-cache=1489763857450 HTTP/1.1" 200 4338
192.168.10.96 - - [17/Mar/2017:11:22:56 -0300] "GET /cormun/static/Shared/jqueryui/images/ui-icons_82798d_256x240.png HTTP/1.1" 404 1089
192.168.10.96 - - [17/Mar/2017:11:22:56 -0300] "GET /cormun/static/Shared/jqueryui/images/ui-bg_highlight-soft_100_c6c2c8_1x100.png HTTP/1.1" 404 1117
192.168.10.96 - - [17/Mar/2017:11:22:56 -0300] "GET /cormun/static/Shared/jqueryui/images/ui-bg_flat_55_fafafa_40x100.png HTTP/1.1" 404 1097
192.168.10.96 - - [17/Mar/2017:11:22:56 -0300] "GET /cormun/static/Shared/jqueryui/images/ui-icons_8d78a5_256x240.png HTTP/1.1" 404 1089
192.168.10.96 - - [17/Mar/2017:11:22:56 -0300] "POST /cormun/servlet/trautorizarsolicitud?6b2310dc7ed7289c9b84a53864c617c2,,gx-no-cache=1489763857642 HTTP/1.1" 200 4113
192.168.10.89 - - [17/Mar/2017:11:23:01 -0300] "POST /cormun/servlet/hlogin?fbd7a8bf6f3bb1ca6f7d391e164ada6f,gx-no-cache=1489763863374 HTTP/1.1" 200 90
192.168.10.89 - - [17/Mar/2017:11:23:01 -0300] "GET /cormun/servlet/hpexe_link HTTP/1.1" 200 946
192.168.10.89 - - [17/Mar/2017:11:23:02 -0300] "GET /cormun/servlet/hhome HTTP/1.1" 200 3978
192.168.10.89 - - [17/Mar/2017:11:23:04 -0300] "GET /cormun/servlet/trsolicitudot? HTTP/1.1" 200 6944
192.168.10.89 - - [17/Mar/2017:11:23:07 -0300] "GET /cormun/static/menuarrow.gif HTTP/1.1" 404 1015
192.168.10.89 - - [17/Mar/2017:11:23:11 -0300] "POST /cormun/servlet/trsolicitudot?fbd7a8bf6f3bb1ca6f7d391e164ada6f,,gx-no-cache=1489763873104 HTTP/1.1" 200 4133
192.168.10.89 - - [17/Mar/2017:11:23:17 -0300] "POST /cormun/servlet/trsolicitudot?fbd7a8bf6f3bb1ca6f7d391e164ada6f,,gx-no-cache=1489763878682 HTTP/1.1" 200 4133
192.168.10.89 - - [17/Mar/2017:11:23:26 -0300] "GET /cormun/servlet/trautorizarsolicitud? HTTP/1.1" 200 6904
192.168.10.89 - - [17/Mar/2017:11:23:29 -0300] "GET /cormun/static/menuarrow.gif HTTP/1.1" 404 1015
192.168.10.89 - - [17/Mar/2017:11:23:33 -0300] "POST /cormun/servlet/trautorizarsolicitud?fbd7a8bf6f3bb1ca6f7d391e164ada6f,,gx-no-cache=1489763894841 HTTP/1.1" 200 4111
192.168.10.89 - - [17/Mar/2017:11:23:42 -0300] "POST /cormun/servlet/trautorizarsolicitud?fbd7a8bf6f3bb1ca6f7d391e164ada6f,,gx-no-cache=1489763903877 HTTP/1.1" 200 10464
186.103.159.44 - - [17/Mar/2017:11:23:47 -0300] "GET /cormun/servlet/hlogin HTTP/1.1" 200 1717
186.103.159.44 - - [17/Mar/2017:11:23:48 -0300] "GET /cormun/static/Resources/Spanish/PXTools.css?1242369 HTTP/1.1" 304 -
186.103.159.44 - - [17/Mar/2017:11:23:48 -0300] "GET /cormun/static/gxtimezone.js?85251 HTTP/1.1" 304 -
186.103.159.44 - - [17/Mar/2017:11:23:48 -0300] "GET /cormun/static/gxgral.js?85251 HTTP/1.1" 304 -
186.103.159.44 - - [17/Mar/2017:11:23:48 -0300] "GET /cormun/static/gxcfg.js?20173151305376 HTTP/1.1" 304 -
186.103.159.44 - - [17/Mar/2017:11:23:48 -0300] "GET /cormun/static/Resources/ComunLogin.png HTTP/1.1" 304 -
186.103.159.44 - - [17/Mar/2017:11:23:48 -0300] "GET /cormun/static/messages.spa.js?85251 HTTP/1.1" 304 -
186.103.159.44 - - [17/Mar/2017:11:23:48 -0300] "GET /cormun/static/hlogin.js?20173151305393 HTTP/1.1" 304 -
186.103.159.44 - - [17/Mar/2017:11:23:48 -0300] "GET /cormun/servlet/hlogin HTTP/1.1" 200 1728
186.103.159.44 - - [17/Mar/2017:11:23:48 -0300] "GET /cormun/static/Resources/indicator.gif HTTP/1.1" 304 -
186.103.159.44 - - [17/Mar/2017:11:23:48 -0300] "GET /cormun/static/Resources/PXToolsLoginBackground.png HTTP/1.1" 304 -
186.103.159.44 - - [17/Mar/2017:11:23:48 -0300] "GET /cormun/static/Resources/PXToolsButtonLeft21.png HTTP/1.1" 304 -
186.103.159.44 - - [17/Mar/2017:11:23:48 -0300] "GET /cormun/static/Resources/PXToolsButtonBackground2.png HTTP/1.1" 304 -
186.103.159.44 - - [17/Mar/2017:11:23:48 -0300] "GET /cormun/static/Resources/PXToolsButtonRight21.png HTTP/1.1" 304 -
186.103.159.44 - - [17/Mar/2017:11:23:48 -0300] "GET /cormun/static/Resources/PXToolsLoginTop.png HTTP/1.1" 304 -
186.103.159.44 - - [17/Mar/2017:11:23:48 -0300] "GET /cormun/static/Resources/PXToolsLoginBottom.png HTTP/1.1" 304 -
192.168.10.89 - - [17/Mar/2017:11:23:52 -0300] "POST /cormun/servlet/trautorizarsolicitud?fbd7a8bf6f3bb1ca6f7d391e164ada6f,,gx-no-cache=1489763913917 HTTP/1.1" 200 4117
186.103.159.44 - - [17/Mar/2017:11:23:58 -0300] "POST /cormun/servlet/hlogin?d4cbd45cd530b1d583f6f2529f39d9f6,gx-no-cache=1489760713818 HTTP/1.1" 200 90
186.103.159.44 - - [17/Mar/2017:11:23:58 -0300] "GET /cormun/servlet/hpexe_link HTTP/1.1" 200 951
186.103.159.44 - - [17/Mar/2017:11:23:58 -0300] "GET /cormun/static/gxcfg.js?20173151304587 HTTP/1.1" 304 -
186.103.159.44 - - [17/Mar/2017:11:23:58 -0300] "GET /cormun/static/hpexe_link.js?20173151304590 HTTP/1.1" 304 -
186.103.159.44 - - [17/Mar/2017:11:23:58 -0300] "GET /cormun/servlet/hhome HTTP/1.1" 200 3895
186.103.159.44 - - [17/Mar/2017:11:23:58 -0300] "GET /cormun/static/gxcfg.js?20173151304618 HTTP/1.1" 304 -
186.103.159.44 - - [17/Mar/2017:11:23:58 -0300] "GET /cormun/static/Resources/logo4.png HTTP/1.1" 200 6582
186.103.159.44 - - [17/Mar/2017:11:23:58 -0300] "GET /cormun/static/Resources/PXToolsFooterBackground2.png HTTP/1.1" 200 1172
186.103.159.44 - - [17/Mar/2017:11:23:59 -0300] "GET /cormun/static/Resources/PXToolsHeaderBackground2.png HTTP/1.1" 200 1174
192.168.10.89 - - [17/Mar/2017:11:23:59 -0300] "POST /cormun/servlet/trautorizarsolicitud?fbd7a8bf6f3bb1ca6f7d391e164ada6f,,gx-no-cache=1489763920557 HTTP/1.1" 200 4109
186.103.159.44 - - [17/Mar/2017:11:23:59 -0300] "GET /cormun/static/hhome.js?20173151304624 HTTP/1.1" 304 -
186.103.159.44 - - [17/Mar/2017:11:23:59 -0300] "GET /cormun/static/hwchdr01.js?201731512453822 HTTP/1.1" 304 -
186.103.159.44 - - [17/Mar/2017:11:23:59 -0300] "GET /cormun/static/hpexe_scripts.js?201731512453784 HTTP/1.1" 304 -
186.103.159.44 - - [17/Mar/2017:11:23:59 -0300] "GET /cormun/static/hpexe_messagegenexuscomponent.js?201731512453548 HTTP/1.1" 304 -
200.112.48.193 - - [17/Mar/2017:11:23:59 -0300] "POST /cormun/servlet/solicitudot?gx-no-cache=1489760710563 HTTP/1.1" 200 240
186.103.159.44 - - [17/Mar/2017:11:23:59 -0300] "GET /cormun/static/cmcontrolpreferences.js?201731512453759 HTTP/1.1" 304 -
186.103.159.44 - - [17/Mar/2017:11:23:59 -0300] "GET /cormun/static/hmpwkw03.js?20173151305292 HTTP/1.1" 304 -
200.112.48.193 - - [17/Mar/2017:11:24:02 -0300] "GET /cormun/servlet/solicitudot?be02ee77d473c9cd1065f2991e479b5d48bcd1d896f8f07de0d592ae3557ae79ab3d5b816bb76e9a51e461ed6fb9c06b4c2ff9de7cc5d57bdc00fd64a6284feed00fa2f53ea08582f8c21c18d8d1a1e2a118dc1dcf1d40ed2dda53a0b9aeaf19ecee9d0461d4a99d458ded56d03c3bbe0e22aa9183615850f51a977faeda2f962fa1c4716cbcb047c70d0f80e46ccb21bdee62f869d8ba331b01c04b04a9199d38d5917f6ba8ada0cd38de31e6e6879cf6d816eb8c427ba90bd2e85106ec15e55346fdc6e285765f5a1ce795b99727ef061e792b3d45763d9412de023f0ef43dc33e48e8ada8778d2699f080908f0c34271b8546a5ad9475568062aeb63d41782801cc04ce7424b56093c39891008bad338aaa488f168e7e8ee959de34a3eff79117f80bbff21eeec89664991f4190f3716efd403de2f11cd21119571074c3e1bad4384e4bf8b9e988eda8489dd418e405befcf7eb29406eb7e195ed5881f59ce6c67bc14840d762166978c426034cf4c1c76ef64150910ea124be3c98a944bf,gx-no-cache=1489760713675 HTTP/1.1" 200 30
192.168.10.89 - - [17/Mar/2017:11:24:04 -0300] "POST /cormun/servlet/trautorizarsolicitud?fbd7a8bf6f3bb1ca6f7d391e164ada6f,,gx-no-cache=1489763926354 HTTP/1.1" 200 4112
200.112.48.193 - - [17/Mar/2017:11:24:05 -0300] "POST /cormun/servlet/solicitudot?gx-no-cache=1489760716823 HTTP/1.1" 200 30
186.103.159.44 - - [17/Mar/2017:11:24:06 -0300] "GET /cormun/servlet/trautorizarsolicitud? HTTP/1.1" 200 8062
186.103.159.44 - - [17/Mar/2017:11:24:06 -0300] "GET /cormun/static/gxcfg.js?2017259112829 HTTP/1.1" 304 -
186.103.159.44 - - [17/Mar/2017:11:24:06 -0300] "GET /cormun/static/Resources/PXTools/calendar.png HTTP/1.1" 200 1306
186.103.159.44 - - [17/Mar/2017:11:24:06 -0300] "GET /cormun/static/trautorizarsolicitud.js?2017259113483 HTTP/1.1" 304 -
186.103.159.44 - - [17/Mar/2017:11:24:07 -0300] "GET /cormun//static/Resources/PXTools/ActionInsert.png HTTP/1.1" 200 1482
192.168.10.89 - - [17/Mar/2017:11:24:08 -0300] "POST /cormun/servlet/trautorizarsolicitud?fbd7a8bf6f3bb1ca6f7d391e164ada6f,,gx-no-cache=1489763930148 HTTP/1.1" 200 10464
192.168.10.89 - - [17/Mar/2017:11:24:14 -0300] "POST /cormun/servlet/trautorizarsolicitud?fbd7a8bf6f3bb1ca6f7d391e164ada6f,,gx-no-cache=1489763936285 HTTP/1.1" 200 4113
200.112.48.193 - - [17/Mar/2017:11:24:18 -0300] "GET /cormun/servlet/prfichaempleado?,MD,,gxPopupLevel%3D0%3B HTTP/1.1" 200 8764
186.103.159.44 - - [17/Mar/2017:11:24:31 -0300] "POST /cormun/servlet/trautorizarsolicitud?d4cbd45cd530b1d583f6f2529f39d9f6,,gx-no-cache=1489760746828 HTTP/1.1" 200 4293
186.103.159.44 - - [17/Mar/2017:11:24:31 -0300] "POST /cormun/servlet/trautorizarsolicitud?d4cbd45cd530b1d583f6f2529f39d9f6,,gx-no-cache=1489760747391 HTTP/1.1" 200 4084
186.103.159.44 - - [17/Mar/2017:11:24:32 -0300] "GET /cormun/static/Shared/jqueryui/images/ui-icons_82798d_256x240.png HTTP/1.1" 404 1089
186.103.159.44 - - [17/Mar/2017:11:24:32 -0300] "GET /cormun/static/Shared/jqueryui/images/ui-bg_highlight-soft_100_c6c2c8_1x100.png HTTP/1.1" 404 1117
186.103.159.44 - - [17/Mar/2017:11:24:32 -0300] "GET /cormun/static/Shared/jqueryui/images/ui-icons_8d78a5_256x240.png HTTP/1.1" 404 1089
186.103.159.44 - - [17/Mar/2017:11:24:32 -0300] "GET /cormun/static/Shared/jqueryui/images/ui-bg_flat_55_fafafa_40x100.png HTTP/1.1" 404 1097
200.112.48.193 - - [17/Mar/2017:11:24:36 -0300] "POST /cormun/servlet/prfichaempleado?7bd8818e04b6cae1b19435ac2f7b7614,,MD,,gxPopupLevel%3D0%3B,gx-no-cache=1489760747054 HTTP/1.1" 200 3408
200.112.48.193 - - [17/Mar/2017:11:24:41 -0300] "GET /cormun/servlet/prlicenciaspermisos?13719734,L,,MD,,gxPopupLevel%3D0%3B HTTP/1.1" 200 6744
192.168.10.89 - - [17/Mar/2017:11:24:41 -0300] "GET /cormun/servlet/trsolicitudot? HTTP/1.1" 200 6945
200.112.48.193 - - [17/Mar/2017:11:24:44 -0300] "POST /cormun/servlet/solicitudot?gx-no-cache=1489760755918 HTTP/1.1" 200 1291
200.112.48.193 - - [17/Mar/2017:11:24:48 -0300] "POST /cormun/servlet/solicitudot?gx-no-cache=1489760759781 HTTP/1.1" 200 20
200.112.48.193 - - [17/Mar/2017:11:25:07 -0300] "GET /cormun/servlet/solicitudot?be02ee77d473c9cd1065f2991e479b5d1c5b194ac2b6a582990e3f5064aee6877e7e671f74d1d594e0cd83afaac89f521ea722f108a6a90e57e8a694be24241f6c83785f9a3934064b7d66845fd76f81814aa78761bdef5b35f398f87769c99a703bebce75df10acf74c4f4a29ed6906,gx-no-cache=1489760778517 HTTP/1.1" 200 29
200.112.48.193 - - [17/Mar/2017:11:25:07 -0300] "POST /cormun/servlet/solicitudot?gx-no-cache=1489760778727 HTTP/1.1" 200 1274
200.112.48.193 - - [17/Mar/2017:11:25:07 -0300] "POST /cormun/servlet/solicitudot?gx-no-cache=1489760779005 HTTP/1.1" 200 1157
200.112.48.193 - - [17/Mar/2017:11:25:08 -0300] "GET /cormun/static/menuarrow.gif HTTP/1.1" 404 1015
200.112.48.193 - - [17/Mar/2017:11:25:10 -0300] "POST /cormun/servlet/solicitudot?gx-no-cache=1489760781444 HTTP/1.1" 200 1274
200.112.48.193 - - [17/Mar/2017:11:25:10 -0300] "POST /cormun/servlet/solicitudot?gx-no-cache=1489760781665 HTTP/1.1" 200 1157
200.112.48.193 - - [17/Mar/2017:11:25:43 -0300] "GET /cormun/servlet/solicitudot?be02ee77d473c9cd1065f2991e479b5d1ae17b5f65abadaaa6d48feb595eb769b537a5f2995f46fee8baf13fd70089de449ff4f977bbfcd8af75f267b58078b565b62091c6a48b018830c5ab348d5372ea0df8a72ec3b098d17653eefe70cc2f894a461451d17e9e5a1976d642df354171c899914539dbaaead7790fb58a8cdacca4728ac7f595dad2c585896db49ad42b17715221772bdba93192e884ff8430720f07ce888efe37253d669a0b8743129b541db9c2146076a19a8883886971f8,gx-no-cache=1489760814790 HTTP/1.1" 200 30
200.112.48.193 - - [17/Mar/2017:11:26:05 -0300] "POST /cormun/servlet/solicitudot?7bd8818e04b6cae1b19435ac2f7b7614,INS,0,0,,gx-no-cache=1489760834977 HTTP/1.1" 500 10
200.112.48.193 - - [17/Mar/2017:11:26:30 -0300] "GET /cormun/servlet/trsolicitudot? HTTP/1.1" 200 6860
200.112.48.193 - - [17/Mar/2017:11:26:32 -0300] "GET /cormun/servlet/trsolicitudot? HTTP/1.1" 200 6860
200.112.48.193 - - [17/Mar/2017:11:26:41 -0300] "GET /cormun/servlet/trpermisosgoce? HTTP/1.1" 200 6661
200.112.48.193 - - [17/Mar/2017:11:26:41 -0300] "GET /cormun/static/gxcfg.js?2017315135730 HTTP/1.1" 200 953
200.112.48.193 - - [17/Mar/2017:11:26:41 -0300] "GET /cormun/static/trpermisosgoce.js?20173151351159 HTTP/1.1" 200 31909
200.112.48.193 - - [17/Mar/2017:11:26:42 -0300] "GET /cormun/servlet/trpermisosgoce? HTTP/1.1" 200 6660
192.168.10.89 - - [17/Mar/2017:11:26:43 -0300] "GET /cormun/servlet/hlogin HTTP/1.1" 200 1730
200.112.48.193 - - [17/Mar/2017:11:26:44 -0300] "POST /cormun/servlet/acontrolpreferencessavestate?None,CALCAINO,true HTTP/1.1" 200 35
200.112.48.193 - - [17/Mar/2017:11:26:46 -0300] "GET /cormun/servlet/permisogoce?INS,0,,, HTTP/1.1" 200 6681
200.112.48.193 - - [17/Mar/2017:11:26:46 -0300] "GET /cormun/static/gxcfg.js?20173151255406 HTTP/1.1" 200 953
200.112.48.193 - - [17/Mar/2017:11:26:46 -0300] "GET /cormun/static/permisogoce.js?201731512554075 HTTP/1.1" 200 26147
200.112.48.193 - - [17/Mar/2017:11:26:47 -0300] "GET /cormun/servlet/permisogoce?INS,0,,, HTTP/1.1" 200 6679
200.112.48.193 - - [17/Mar/2017:11:26:57 -0300] "GET /cormun/servlet/prfichaempleado?,MD,,gxPopupLevel%3D0%3B HTTP/1.1" 200 8777
192.168.10.89 - - [17/Mar/2017:11:27:04 -0300] "POST /cormun/servlet/hlogin?fbd7a8bf6f3bb1ca6f7d391e164ada6f,gx-no-cache=1489764106066 HTTP/1.1" 200 90
192.168.10.89 - - [17/Mar/2017:11:27:04 -0300] "GET /cormun/servlet/hpexe_link HTTP/1.1" 200 946
192.168.10.89 - - [17/Mar/2017:11:27:05 -0300] "GET /cormun/servlet/hhome HTTP/1.1" 200 4380
192.168.10.89 - - [17/Mar/2017:11:27:13 -0300] "GET /cormun/servlet/trsolicitudgral? HTTP/1.1" 200 24836
200.112.48.193 - - [17/Mar/2017:11:27:21 -0300] "POST /cormun/servlet/prfichaempleado?7bd8818e04b6cae1b19435ac2f7b7614,,MD,,gxPopupLevel%3D0%3B,gx-no-cache=1489760912319 HTTP/1.1" 200 3397
200.112.48.193 - - [17/Mar/2017:11:27:33 -0300] "GET /cormun/servlet/permisogoce?8a997baff2c712822f5c1d04197549ed420aeeba54299699ecbe001d4f52af0f94b21573f89e29ff529ed3f4055a0bed,gx-no-cache=1489760925019 HTTP/1.1" 200 66
200.112.48.193 - - [17/Mar/2017:11:27:33 -0300] "GET /cormun/static/menuarrow.gif HTTP/1.1" 404 1015
192.168.10.89 - - [17/Mar/2017:11:27:34 -0300] "POST /cormun/servlet/trsolicitudgral?fbd7a8bf6f3bb1ca6f7d391e164ada6f,,gx-no-cache=1489764136020 HTTP/1.1" 200 7623
200.112.48.193 - - [17/Mar/2017:11:27:48 -0300] "GET /cormun/servlet/permisogoce?8a997baff2c712822f5c1d04197549edf1ca816dda3858f9e48ab6d3725dd550a23202c76fb8def41197b3d3aa03512e5205b4420d5e381dbf43a464ebf86012,gx-no-cache=1489760939794 HTTP/1.1" 200 47
200.112.48.193 - - [17/Mar/2017:11:28:05 -0300] "POST /cormun/servlet/permisogoce?7bd8818e04b6cae1b19435ac2f7b7614,INS,0,,,,gx-no-cache=1489760956217 HTTP/1.1" 200 93
200.112.48.193 - - [17/Mar/2017:11:28:05 -0300] "GET /cormun/servlet/hpexe_return? HTTP/1.1" 200 1011
200.112.48.193 - - [17/Mar/2017:11:28:05 -0300] "GET /cormun/servlet/trpermisosgoce HTTP/1.1" 200 7514
200.112.48.193 - - [17/Mar/2017:11:28:07 -0300] "GET /cormun/servlet/trpermisosgoce HTTP/1.1" 200 7510
192.168.10.89 - - [17/Mar/2017:11:28:29 -0300] "POST /cormun/servlet/trsolicitudgral?fbd7a8bf6f3bb1ca6f7d391e164ada6f,,gx-no-cache=1489764190928 HTTP/1.1" 200 115
192.168.10.89 - - [17/Mar/2017:11:28:29 -0300] "GET /cormun/servlet/solicitudotlog?INS,2017,5420,0,REC, HTTP/1.1" 200 6150
192.168.10.89 - - [17/Mar/2017:11:28:29 -0300] "GET /cormun/static/gxcfg.js?201731512535061 HTTP/1.1" 304 -
192.168.10.89 - - [17/Mar/2017:11:28:29 -0300] "GET /cormun/static/solicitudotlog.js?201731512535070 HTTP/1.1" 304 -
192.168.10.89 - - [17/Mar/2017:11:28:30 -0300] "GET /cormun/servlet/solicitudotlog?a1faef212c0ed0436e36cdeacd4b98dccdf07de47dea11d6c7ef887505837c5ece89f9cd24e559025db2b54aa464ff67667369c093477db39beb74d97a7f23fb2708511b595a2ac7ec87b3712b1d3fd12f9895f79a2426ed935b384be324cd1ccd77d774b662bf7a3ef9e9a178a8db21de57b1586c477be7407262f5bfdc506ec6e428463d4a3238474a2d62056f7555b8c20524ea8934e1257d2cd62ae6c6f7,gx-no-cache=1489764192320 HTTP/1.1" 200 94
200.112.48.193 - - [17/Mar/2017:11:28:41 -0300] "GET /cormun/servlet/apermisogoceprn?11554288,P,20170317122246,PU HTTP/1.1" 200 1651
192.168.10.89 - - [17/Mar/2017:11:28:43 -0300] "POST /cormun/servlet/solicitudotlog?fbd7a8bf6f3bb1ca6f7d391e164ada6f,INS,2017,5420,0,REC,,gx-no-cache=1489764204697 HTTP/1.1" 200 93
192.168.10.89 - - [17/Mar/2017:11:28:43 -0300] "GET /cormun/servlet/hpexe_return? HTTP/1.1" 200 1016
192.168.10.89 - - [17/Mar/2017:11:28:43 -0300] "GET /cormun/servlet/trsolicitudgral? HTTP/1.1" 200 10589
192.168.10.89 - - [17/Mar/2017:11:28:58 -0300] "POST /cormun/servlet/trsolicitudgral?fbd7a8bf6f3bb1ca6f7d391e164ada6f,,gx-no-cache=1489764219804 HTTP/1.1" 200 5400
186.103.156.211 - - [17/Mar/2017:11:29:11 -0300] "GET /cormun/servlet/licenciaspermisos?INS,0,,, HTTP/1.1" 200 6479
186.103.156.211 - - [17/Mar/2017:11:29:11 -0300] "GET /cormun/static/Resources/Spanish/PXTools.css?1242369 HTTP/1.1" 304 -
186.103.156.211 - - [17/Mar/2017:11:29:12 -0300] "GET /cormun/static/gxcfg.js?201731512524920 HTTP/1.1" 304 -
186.103.156.211 - - [17/Mar/2017:11:29:12 -0300] "GET /cormun/static/licenciaspermisos.js?201731512524975 HTTP/1.1" 304 -
186.103.156.211 - - [17/Mar/2017:11:29:12 -0300] "GET /cormun/static/hwchdr01.js?201731512453822 HTTP/1.1" 304 -
186.103.156.211 - - [17/Mar/2017:11:29:12 -0300] "GET /cormun/static/hpexe_scripts.js?201731512453784 HTTP/1.1" 304 -
186.103.156.211 - - [17/Mar/2017:11:29:12 -0300] "GET /cormun/static/hpexe_messagegenexuscomponent.js?201731512453548 HTTP/1.1" 304 -
186.103.156.211 - - [17/Mar/2017:11:29:12 -0300] "GET /cormun/static/cmcontrolpreferences.js?201731512453759 HTTP/1.1" 304 -
186.103.156.211 - - [17/Mar/2017:11:29:12 -0300] "GET /cormun/static/hmpwkw03.js?20173151305292 HTTP/1.1" 304 -
186.103.156.211 - - [17/Mar/2017:11:29:13 -0300] "GET /cormun/servlet/hlogin HTTP/1.1" 200 1752
186.103.156.211 - - [17/Mar/2017:11:29:13 -0300] "GET /cormun/servlet/licenciaspermisos?INS,0,,, HTTP/1.1" 200 6490
186.103.156.211 - - [17/Mar/2017:11:29:13 -0300] "GET /cormun/static/gxcfg.js?20173151305376 HTTP/1.1" 304 -
186.103.156.211 - - [17/Mar/2017:11:29:13 -0300] "GET /cormun/static/hlogin.js?20173151305393 HTTP/1.1" 304 -
186.103.156.211 - - [17/Mar/2017:11:29:31 -0300] "POST /cormun/servlet/hlogin?649eed3bf558d58363cee07ae4bbb283,gx-no-cache=1489761040729 HTTP/1.1" 200 90
186.103.156.211 - - [17/Mar/2017:11:29:31 -0300] "GET /cormun/servlet/hpexe_link HTTP/1.1" 200 974
186.103.156.211 - - [17/Mar/2017:11:29:31 -0300] "GET /cormun/static/gxcfg.js?20173151304587 HTTP/1.1" 304 -
186.103.156.211 - - [17/Mar/2017:11:29:31 -0300] "GET /cormun/static/hpexe_link.js?20173151304590 HTTP/1.1" 304 -
186.103.156.211 - - [17/Mar/2017:11:29:31 -0300] "GET /cormun/servlet/licenciaspermisos?INS,0,,, HTTP/1.1" 200 7221
186.103.156.211 - - [17/Mar/2017:11:29:32 -0300] "GET /cormun/servlet/licenciaspermisos?INS,0,,, HTTP/1.1" 200 7219
192.168.10.89 - - [17/Mar/2017:11:29:35 -0300] "POST /cormun/servlet/trsolicitudgral?fbd7a8bf6f3bb1ca6f7d391e164ada6f,,gx-no-cache=1489764257148 HTTP/1.1" 200 7304
186.103.156.211 - - [17/Mar/2017:11:29:36 -0300] "GET /cormun/servlet/trsolicitudot? HTTP/1.1" 200 9089
186.103.156.211 - - [17/Mar/2017:11:29:36 -0300] "GET /cormun/static/gxcfg.js?20173151322457 HTTP/1.1" 304 -
186.103.156.211 - - [17/Mar/2017:11:29:36 -0300] "GET /cormun/static/trsolicitudot.js?20173151323318 HTTP/1.1" 304 -
186.103.156.211 - - [17/Mar/2017:11:29:36 -0300] "GET /cormun/servlet/trsolicitudot? HTTP/1.1" 200 9081
192.168.10.89 - - [17/Mar/2017:11:29:37 -0300] "POST /cormun/servlet/trsolicitudgral?fbd7a8bf6f3bb1ca6f7d391e164ada6f,,gx-no-cache=1489764258529 HTTP/1.1" 200 105
192.168.10.89 - - [17/Mar/2017:11:29:37 -0300] "POST /cormun/servlet/trsolicitudgral?fbd7a8bf6f3bb1ca6f7d391e164ada6f,,gx-no-cache=1489764258654 HTTP/1.1" 200 7289
192.168.10.89 - - [17/Mar/2017:11:29:37 -0300] "GET /cormun/SolicitudGral-1667.xls HTTP/1.1" 200 6144
192.168.10.89 - - [17/Mar/2017:11:29:39 -0300] "OPTIONS /cormun/ HTTP/1.1" 200 -
192.168.10.89 - - [17/Mar/2017:11:29:39 -0300] "HEAD /cormun/SolicitudGral-1667.xls HTTP/1.1" 200 -
186.103.156.211 - - [17/Mar/2017:11:29:41 -0300] "GET /cormun/servlet/trlicencias? HTTP/1.1" 200 6870
186.103.156.211 - - [17/Mar/2017:11:29:42 -0300] "GET /cormun/static/gxcfg.js?2016122619301429 HTTP/1.1" 200 953
186.103.156.211 - - [17/Mar/2017:11:29:42 -0300] "GET /cormun/static/trlicencias.js?2016122619301919 HTTP/1.1" 200 37916
186.103.156.211 - - [17/Mar/2017:11:29:42 -0300] "GET /cormun/servlet/trlicencias? HTTP/1.1" 200 6869
192.168.10.89 - - [17/Mar/2017:11:29:54 -0300] "OPTIONS / HTTP/1.1" 200 11217
192.168.10.89 - - [17/Mar/2017:11:30:09 -0300] "OPTIONS / HTTP/1.1" 200 11217
192.168.10.89 - - [17/Mar/2017:11:30:19 -0300] "OPTIONS /cormun HTTP/1.1" 302 -
192.168.10.89 - - [17/Mar/2017:11:30:19 -0300] "OPTIONS /cormun/ HTTP/1.1" 200 -
192.168.10.89 - - [17/Mar/2017:11:30:19 -0300] "PROPFIND /cormun HTTP/1.1" 302 -
192.168.10.89 - - [17/Mar/2017:11:30:19 -0300] "PROPFIND /cormun/ HTTP/1.1" 501 1141
192.168.10.89 - - [17/Mar/2017:11:30:19 -0300] "HEAD /cormun/SolicitudGral-1667.xls HTTP/1.1" 200 -
192.168.10.89 - - [17/Mar/2017:11:30:19 -0300] "PROPFIND / HTTP/1.1" 200 11217
192.168.10.89 - - [17/Mar/2017:11:30:19 -0300] "PROPFIND / HTTP/1.1" 200 11217
186.103.156.211 - - [17/Mar/2017:11:30:29 -0300] "GET /cormun/servlet/licenciaspermisos?INS,0,,, HTTP/1.1" 200 7220
192.168.10.60 - - [17/Mar/2017:11:30:29 -0300] "GET /cormun/servlet/hlogin HTTP/1.1" 200 1723
192.168.10.60 - - [17/Mar/2017:11:30:29 -0300] "GET /cormun/static/gxcfg.js?20173151305376 HTTP/1.1" 304 -
192.168.10.60 - - [17/Mar/2017:11:30:29 -0300] "GET /cormun/static/Resources/Spanish/PXTools.css?1242369 HTTP/1.1" 304 -
192.168.10.60 - - [17/Mar/2017:11:30:29 -0300] "GET /cormun/static/hlogin.js?20173151305393 HTTP/1.1" 304 -
192.168.10.60 - - [17/Mar/2017:11:30:29 -0300] "GET /cormun/servlet/hlogin HTTP/1.1" 200 1733
192.168.10.60 - - [17/Mar/2017:11:30:29 -0300] "GET /favicon.ico HTTP/1.1" 200 21630
186.103.156.211 - - [17/Mar/2017:11:30:29 -0300] "GET /cormun/servlet/licenciaspermisos?INS,0,,, HTTP/1.1" 200 7219
192.168.10.60 - - [17/Mar/2017:11:30:31 -0300] "POST /cormun/servlet/hlogin?1cab3867f9c1c3c28bb8f1fcbcf5334b,gx-no-cache=1489760282372 HTTP/1.1" 200 90
192.168.10.60 - - [17/Mar/2017:11:30:31 -0300] "GET /cormun/servlet/hpexe_link HTTP/1.1" 200 954
192.168.10.60 - - [17/Mar/2017:11:30:31 -0300] "GET /cormun/static/gxcfg.js?20173151304587 HTTP/1.1" 304 -
192.168.10.60 - - [17/Mar/2017:11:30:31 -0300] "GET /cormun/static/hpexe_link.js?20173151304590 HTTP/1.1" 304 -
192.168.10.60 - - [17/Mar/2017:11:30:31 -0300] "GET /cormun/servlet/hhome HTTP/1.1" 200 3753
192.168.10.60 - - [17/Mar/2017:11:30:31 -0300] "GET /cormun/static/gxcfg.js?20173151304618 HTTP/1.1" 304 -
192.168.10.60 - - [17/Mar/2017:11:30:31 -0300] "GET /cormun/static/hwchdr01.js?201731512453822 HTTP/1.1" 304 -
192.168.10.60 - - [17/Mar/2017:11:30:31 -0300] "GET /cormun/static/hhome.js?20173151304624 HTTP/1.1" 304 -
192.168.10.60 - - [17/Mar/2017:11:30:31 -0300] "GET /cormun/static/hpexe_messagegenexuscomponent.js?201731512453548 HTTP/1.1" 304 -
192.168.10.60 - - [17/Mar/2017:11:30:31 -0300] "GET /cormun/static/cmcontrolpreferences.js?201731512453759 HTTP/1.1" 304 -
192.168.10.60 - - [17/Mar/2017:11:30:31 -0300] "GET /cormun/static/hpexe_scripts.js?201731512453784 HTTP/1.1" 304 -
192.168.10.60 - - [17/Mar/2017:11:30:32 -0300] "GET /cormun/static/hmpwkw03.js?20173151305292 HTTP/1.1" 304 -
192.168.10.60 - - [17/Mar/2017:11:30:32 -0300] "GET /cormun/servlet/hhome HTTP/1.1" 200 3750
192.168.10.60 - - [17/Mar/2017:11:30:35 -0300] "GET /cormun/servlet/trautorizarot? HTTP/1.1" 200 17150
192.168.10.60 - - [17/Mar/2017:11:30:35 -0300] "GET /cormun/static/gxcfg.js?2017321102544 HTTP/1.1" 304 -
192.168.10.60 - - [17/Mar/2017:11:30:35 -0300] "GET /cormun/static/trautorizarot.js?2017321103456 HTTP/1.1" 304 -
192.168.10.60 - - [17/Mar/2017:11:30:36 -0300] "GET /cormun/servlet/trautorizarot? HTTP/1.1" 200 17148
192.168.10.60 - - [17/Mar/2017:11:30:38 -0300] "GET /cormun/static/menuarrow.gif HTTP/1.1" 404 1015
192.168.10.60 - - [17/Mar/2017:11:30:49 -0300] "POST /cormun/servlet/trautorizarot?1cab3867f9c1c3c28bb8f1fcbcf5334b,,gx-no-cache=1489760299759 HTTP/1.1" 200 12825
192.168.10.89 - - [17/Mar/2017:11:30:53 -0300] "GET /cormun/SolicitudGral-1667.xls HTTP/1.1" 200 6144
192.168.10.89 - - [17/Mar/2017:11:30:53 -0300] "HEAD /cormun/SolicitudGral-1667.xls HTTP/1.1" 200 -
192.168.10.60 - - [17/Mar/2017:11:32:11 -0300] "POST /cormun/servlet/trautorizarot?1cab3867f9c1c3c28bb8f1fcbcf5334b,,gx-no-cache=1489760381963 HTTP/1.1" 200 9285
186.103.156.211 - - [17/Mar/2017:11:32:17 -0300] "GET /cormun/servlet/licenciaspermisos?19ce1086f77dbbfd259a151c8b7829ddfc2accc593e11934eb5a5802db86927d5ea41d91a779b08a06b225ed827bcb33,gx-no-cache=1489761206510 HTTP/1.1" 200 59
186.103.156.211 - - [17/Mar/2017:11:32:17 -0300] "POST /cormun/servlet/licenciaspermisos?649eed3bf558d58363cee07ae4bbb283,INS,0,,,,gx-no-cache=1489761206661 HTTP/1.1" 200 4360
207.46.13.119 - - [17/Mar/2017:11:32:47 -0300] "GET /cormun/static/PXToolsJavascripts/pexe_cookies.js HTTP/1.1" 200 792
207.46.13.119 - - [17/Mar/2017:11:32:47 -0300] "GET /cormun/static/PXToolsJavascripts/pexe_layers.js HTTP/1.1" 200 4114
207.46.13.119 - - [17/Mar/2017:11:32:48 -0300] "GET /cormun/static/PXToolsJavascripts/pexe_picture.js HTTP/1.1" 200 689
207.46.13.119 - - [17/Mar/2017:11:32:48 -0300] "GET /cormun/static/PXToolsJavascripts/pexe_scrolldiv.js HTTP/1.1" 200 4138
207.46.13.119 - - [17/Mar/2017:11:32:48 -0300] "GET /cormun/static/PXToolsJavascripts/pexe_upload.js HTTP/1.1" 200 1423
207.46.13.119 - - [17/Mar/2017:11:32:50 -0300] "GET /cormun/static/Shared/jquery/jquery-1.10.2.min.js HTTP/1.1" 200 273199
207.46.13.119 - - [17/Mar/2017:11:32:51 -0300] "GET /cormun/static/Shared/jquery/jquery-1.4.2.min.js HTTP/1.1" 200 72174
207.46.13.119 - - [17/Mar/2017:11:32:53 -0300] "GET /cormun/static/gxui/gxui-all.js HTTP/1.1" 200 107772
207.46.13.119 - - [17/Mar/2017:11:32:54 -0300] "GET /cormun/static/hpexe_messagepopupcomponent.js?20161017169425 HTTP/1.1" 200 605
207.46.13.119 - - [17/Mar/2017:11:32:55 -0300] "GET /cormun/static/scaMessage/js/jquery.pnotify.min.js HTTP/1.1" 200 13038
186.103.156.24 - - [17/Mar/2017:11:37:16 -0300] "GET /cormun/servlet/hlogin HTTP/1.1" 200 1718
192.168.10.96 - - [17/Mar/2017:11:38:04 -0300] "GET /cormun/servlet/hlogin HTTP/1.1" 200 1745
192.168.10.96 - - [17/Mar/2017:11:38:12 -0300] "POST /cormun/servlet/hlogin?6b2310dc7ed7289c9b84a53864c617c2,gx-no-cache=1489764773984 HTTP/1.1" 200 459
192.168.10.96 - - [17/Mar/2017:11:38:13 -0300] "POST /cormun/servlet/hlogin?6b2310dc7ed7289c9b84a53864c617c2,gx-no-cache=1489764774588 HTTP/1.1" 200 458
192.168.10.96 - - [17/Mar/2017:11:38:16 -0300] "POST /cormun/servlet/hlogin?6b2310dc7ed7289c9b84a53864c617c2,gx-no-cache=1489764777843 HTTP/1.1" 200 90
192.168.10.96 - - [17/Mar/2017:11:38:16 -0300] "GET /cormun/servlet/hpexe_link HTTP/1.1" 200 954
192.168.10.96 - - [17/Mar/2017:11:38:16 -0300] "GET /cormun/servlet/hhome HTTP/1.1" 200 4153
192.168.10.96 - - [17/Mar/2017:11:38:16 -0300] "GET /cormun/servlet/hhome HTTP/1.1" 200 4149
192.168.10.96 - - [17/Mar/2017:11:38:18 -0300] "GET /cormun/servlet/trconsultaempleado? HTTP/1.1" 200 6552
192.168.10.96 - - [17/Mar/2017:11:38:19 -0300] "GET /cormun/servlet/trconsultaempleado? HTTP/1.1" 200 6552
192.168.10.89 - - [17/Mar/2017:11:38:23 -0300] "OPTIONS / HTTP/1.1" 200 11217
192.168.10.89 - - [17/Mar/2017:11:38:23 -0300] "PROPFIND / HTTP/1.1" 200 11217
192.168.10.89 - - [17/Mar/2017:11:38:23 -0300] "PROPFIND / HTTP/1.1" 200 11217
192.168.10.89 - - [17/Mar/2017:11:38:23 -0300] "PROPFIND /cormun HTTP/1.1" 302 -
192.168.10.89 - - [17/Mar/2017:11:38:23 -0300] "PROPFIND /cormun/ HTTP/1.1" 501 1141
192.168.10.96 - - [17/Mar/2017:11:38:29 -0300] "POST /cormun/servlet/trconsultaempleado?6b2310dc7ed7289c9b84a53864c617c2,,gx-no-cache=1489764791128 HTTP/1.1" 200 4326
192.168.10.96 - - [17/Mar/2017:11:38:31 -0300] "GET /cormun/servlet/trsolicitudnombre?15945720, HTTP/1.1" 200 7190
192.168.10.96 - - [17/Mar/2017:11:38:31 -0300] "GET /cormun/servlet/trsolicitudnombre?15945720, HTTP/1.1" 200 7190
192.168.10.96 - - [17/Mar/2017:11:38:33 -0300] "GET /cormun/servlet/vesolicitudnombre?2017,5412,, HTTP/1.1" 200 8371
192.168.10.96 - - [17/Mar/2017:11:38:33 -0300] "GET /cormun/pexe_scrolldiv.js HTTP/1.1" 404 1009
192.168.10.96 - - [17/Mar/2017:11:38:33 -0300] "GET /cormun/pexe_scrolldiv.js HTTP/1.1" 404 1009
192.168.10.96 - - [17/Mar/2017:11:38:34 -0300] "GET /cormun/servlet/vesolicitudnombre?2017,5412,, HTTP/1.1" 200 8366
192.168.10.96 - - [17/Mar/2017:11:39:22 -0300] "GET /cormun/servlet/vesolicitudnombre?2017,5412,,SolicitudOTAdjuntos HTTP/1.1" 200 10246
192.168.10.96 - - [17/Mar/2017:11:39:22 -0300] "GET /cormun/pexe_scrolldiv.js HTTP/1.1" 404 1009
192.168.10.96 - - [17/Mar/2017:11:39:22 -0300] "GET /cormun/pexe_scrolldiv.js HTTP/1.1" 404 1009
192.168.10.96 - - [17/Mar/2017:11:39:22 -0300] "GET /cormun/servlet/vesolicitudnombre?2017,5412,,SolicitudOTAdjuntos HTTP/1.1" 200 10246
186.103.156.24 - - [17/Mar/2017:11:39:23 -0300] "POST /cormun/servlet/hlogin?3c7bfe63fcc8eeec35ab5b6d4aae7df7,gx-no-cache=1489765305465 HTTP/1.1" 200 90
186.103.156.24 - - [17/Mar/2017:11:39:23 -0300] "GET /cormun/servlet/hpexe_link HTTP/1.1" 200 951
186.103.156.24 - - [17/Mar/2017:11:39:23 -0300] "GET /cormun/servlet/hhome HTTP/1.1" 200 3980
192.168.10.96 - - [17/Mar/2017:11:39:23 -0300] "POST /cormun/servlet/acontrolpreferencessavestate?None,DZAMUDIO,true HTTP/1.1" 200 35
186.103.156.24 - - [17/Mar/2017:11:39:24 -0300] "GET /cormun/servlet/hhome HTTP/1.1" 200 3976
192.168.10.96 - - [17/Mar/2017:11:39:24 -0300] "GET /cormun/PublicTempStorage/carnet_identidad1134907.pdf HTTP/1.1" 200 128879
192.168.10.96 - - [17/Mar/2017:11:39:30 -0300] "GET /cormun/servlet/vesolicitudnombre?2017,5412,,SolicitudOTAdjuntos HTTP/1.1" 200 10245
192.168.10.96 - - [17/Mar/2017:11:39:31 -0300] "GET /cormun/servlet/vesolicitudnombre?2017,5412,,SolicitudOTAdjuntos HTTP/1.1" 200 10246
192.168.10.96 - - [17/Mar/2017:11:39:32 -0300] "POST /cormun/servlet/acontrolpreferencessavestate?None,DZAMUDIO,true HTTP/1.1" 200 35
192.168.10.96 - - [17/Mar/2017:11:39:32 -0300] "GET /cormun/PublicTempStorage/certificado_cotizaciones_afp4014607.pdf HTTP/1.1" 200 30099
192.168.10.96 - - [17/Mar/2017:11:39:37 -0300] "GET /cormun/servlet/vesolicitudnombre?2017,5412,,SolicitudOTAdjuntos HTTP/1.1" 200 10245
192.168.10.96 - - [17/Mar/2017:11:39:38 -0300] "GET /cormun/servlet/vesolicitudnombre?2017,5412,,SolicitudOTAdjuntos HTTP/1.1" 200 10247
192.168.10.96 - - [17/Mar/2017:11:39:39 -0300] "POST /cormun/servlet/acontrolpreferencessavestate?None,DZAMUDIO,true HTTP/1.1" 200 35
192.168.10.96 - - [17/Mar/2017:11:39:39 -0300] "GET /cormun/PublicTempStorage/certificado_afiliacion_isapre_%281%292173112.pdf HTTP/1.1" 200 61518
192.168.10.96 - - [17/Mar/2017:11:39:46 -0300] "GET /cormun/servlet/vesolicitudnombre?2017,5412,,SolicitudOTAdjuntos HTTP/1.1" 200 10246
192.168.10.96 - - [17/Mar/2017:11:39:47 -0300] "GET /cormun/servlet/vesolicitudnombre?2017,5412,,SolicitudOTAdjuntos HTTP/1.1" 200 10246
192.168.10.96 - - [17/Mar/2017:11:39:48 -0300] "POST /cormun/servlet/acontrolpreferencessavestate?None,DZAMUDIO,true HTTP/1.1" 200 35
192.168.10.96 - - [17/Mar/2017:11:39:49 -0300] "GET /cormun/PublicTempStorage/certificado_antecedentes_%281%295084996.pdf HTTP/1.1" 200 34459
192.168.10.96 - - [17/Mar/2017:11:39:53 -0300] "GET /cormun/servlet/vesolicitudnombre?2017,5412,,SolicitudOTAdjuntos HTTP/1.1" 200 10244
192.168.10.96 - - [17/Mar/2017:11:39:54 -0300] "GET /cormun/servlet/vesolicitudnombre?2017,5412,,SolicitudOTAdjuntos HTTP/1.1" 200 10248
192.168.10.96 - - [17/Mar/2017:11:39:55 -0300] "POST /cormun/servlet/acontrolpreferencessavestate?None,DZAMUDIO,true HTTP/1.1" 200 35
192.168.10.96 - - [17/Mar/2017:11:39:56 -0300] "GET /cormun/PublicTempStorage/cv_paula_tapia2788257.pdf HTTP/1.1" 200 20615
192.168.10.96 - - [17/Mar/2017:11:40:00 -0300] "GET /cormun/servlet/vesolicitudnombre?2017,5412,,SolicitudOTAdjuntos HTTP/1.1" 200 10245
192.168.10.96 - - [17/Mar/2017:11:40:00 -0300] "GET /cormun/servlet/vesolicitudnombre?2017,5412,,SolicitudOTAdjuntos HTTP/1.1" 200 10246
192.168.10.96 - - [17/Mar/2017:11:40:01 -0300] "POST /cormun/servlet/acontrolpreferencessavestate?None,DZAMUDIO,true HTTP/1.1" 200 35
192.168.10.96 - - [17/Mar/2017:11:40:02 -0300] "GET /cormun/PublicTempStorage/cert_2_titulo_159457201241787.PDF HTTP/1.1" 200 512092
186.103.156.24 - - [17/Mar/2017:11:40:07 -0300] "GET /cormun/servlet/trlicencias? HTTP/1.1" 200 8015
186.103.156.24 - - [17/Mar/2017:11:40:08 -0300] "GET /cormun//static/Resources/PXToolsGridDelete.png HTTP/1.1" 200 357
186.103.156.24 - - [17/Mar/2017:11:40:08 -0300] "GET /cormun//static/Resources/PXToolsGridUpdate.png HTTP/1.1" 200 2984
186.103.156.24 - - [17/Mar/2017:11:40:08 -0300] "GET /cormun//static/Resources/PXToolsGridDisplay.png HTTP/1.1" 200 362
186.103.156.24 - - [17/Mar/2017:11:40:08 -0300] "GET /cormun//static/Resources/PXToolsActionPrint.png HTTP/1.1" 200 3317
186.103.156.24 - - [17/Mar/2017:11:40:08 -0300] "GET /cormun//static/Resources/PXToolsHeaderHelp.png HTTP/1.1" 200 4055
186.103.156.24 - - [17/Mar/2017:11:40:08 -0300] "GET /cormun/servlet/trlicencias? HTTP/1.1" 200 8013
186.103.156.24 - - [17/Mar/2017:11:40:08 -0300] "GET /cormun//static/Resources/PXTools/ActionInsert.png HTTP/1.1" 200 1482
