186.79.247.255 - - [16/Mar/2017:12:30:25 -0300] "GET /cormun/static/hwchdr01.js?201731512453822 HTTP/1.1" 200 1183
186.79.247.255 - - [16/Mar/2017:12:30:25 -0300] "GET /cormun/static/hpexe_scripts.js?201731512453784 HTTP/1.1" 200 1544
186.79.247.255 - - [16/Mar/2017:12:30:25 -0300] "GET /cormun/static/hpexe_messagegenexuscomponent.js?201731512453548 HTTP/1.1" 200 587
186.79.247.255 - - [16/Mar/2017:12:30:25 -0300] "GET /cormun/static/cmcontrolpreferences.js?201731512453759 HTTP/1.1" 200 1375
186.79.247.255 - - [16/Mar/2017:12:30:25 -0300] "GET /cormun/static/hmpwkw03.js?20173151305292 HTTP/1.1" 200 3965
200.112.5.210 - - [16/Mar/2017:12:30:26 -0300] "GET /cormun/servlet/licenciaspermisos?INS,0,,, HTTP/1.1" 200 7138
200.112.5.210 - - [16/Mar/2017:12:30:26 -0300] "GET /cormun/static/gxcfg.js?201731512524920 HTTP/1.1" 304 -
186.103.248.213 - - [16/Mar/2017:12:30:26 -0300] "GET /cormun/static/licenciaspermisos.js?201731512524975 HTTP/1.1" 304 -
186.79.247.255 - - [16/Mar/2017:12:30:26 -0300] "GET /cormun/servlet/hhome HTTP/1.1" 200 3991
200.112.5.210 - - [16/Mar/2017:12:30:26 -0300] "GET /cormun/servlet/licenciaspermisos?INS,0,,, HTTP/1.1" 200 7138
200.112.5.210 - - [16/Mar/2017:12:30:35 -0300] "GET /cormun/servlet/prfichaempleado?,MD,,gxPopupLevel%3D0%3B HTTP/1.1" 200 8830
200.112.5.210 - - [16/Mar/2017:12:30:35 -0300] "GET /cormun/static/gxcfg.js?2016102420561687 HTTP/1.1" 304 -
200.112.5.210 - - [16/Mar/2017:12:30:35 -0300] "GET /cormun/static/menusearch.js?201610171694467 HTTP/1.1" 304 -
186.103.248.213 - - [16/Mar/2017:12:30:35 -0300] "GET /cormun/static/Resources/Spanish/PXTools.css?167811 HTTP/1.1" 304 -
186.103.248.213 - - [16/Mar/2017:12:30:35 -0300] "GET /cormun/static/prfichaempleado.js?201610242056198 HTTP/1.1" 304 -
186.103.248.213 - - [16/Mar/2017:12:30:35 -0300] "GET /cormun/static/hmpwkw011.js?20173151304635 HTTP/1.1" 304 -
186.79.18.197 - - [16/Mar/2017:12:30:46 -0300] "GET /cormun/servlet/hlogin HTTP/1.1" 200 1719
186.103.248.213 - - [16/Mar/2017:12:30:53 -0300] "POST /cormun/servlet/prfichaempleado?0a28d8db35626acb6c2952ab935f86e9,,MD,,gxPopupLevel%3D0%3B,gx-no-cache=1489678320463 HTTP/1.1" 200 3230
186.79.18.197 - - [16/Mar/2017:12:30:59 -0300] "POST /cormun/servlet/hlogin?0d6adf9327e367d978428fa2c3facb1c,gx-no-cache=1489678328552 HTTP/1.1" 200 90
186.79.18.197 - - [16/Mar/2017:12:31:00 -0300] "GET /cormun/servlet/hpexe_link HTTP/1.1" 200 956
186.79.18.197 - - [16/Mar/2017:12:31:00 -0300] "GET /cormun/servlet/trpermisosgoce HTTP/1.1" 200 7321
186.79.18.197 - - [16/Mar/2017:12:31:02 -0300] "GET /cormun/servlet/trpermisosgoce HTTP/1.1" 200 7319
186.103.248.213 - - [16/Mar/2017:12:31:05 -0300] "POST /cormun/servlet/prfichaempleado?0a28d8db35626acb6c2952ab935f86e9,,MD,,gxPopupLevel%3D0%3B,gx-no-cache=1489678332208 HTTP/1.1" 200 3191
186.103.159.188 - - [16/Mar/2017:12:31:08 -0300] "POST /cormun/servlet/trlicencias?5cd2d475a0fc930bd3a80b6ea92da187,,gx-no-cache=1489678337274 HTTP/1.1" 200 4007
186.103.159.188 - - [16/Mar/2017:12:31:09 -0300] "GET /cormun/static/Shared/jqueryui/images/ui-bg_highlight-soft_100_c6c2c8_1x100.png HTTP/1.1" 404 1117
186.103.159.188 - - [16/Mar/2017:12:31:09 -0300] "GET /cormun/static/Shared/jqueryui/images/ui-icons_82798d_256x240.png HTTP/1.1" 404 1089
186.103.159.188 - - [16/Mar/2017:12:31:09 -0300] "GET /cormun/static/Shared/jqueryui/images/ui-icons_8d78a5_256x240.png HTTP/1.1" 404 1089
190.101.9.138 - - [16/Mar/2017:12:31:09 -0300] "GET /cormun/static/Shared/jqueryui/images/ui-bg_flat_55_fafafa_40x100.png HTTP/1.1" 404 1097
186.79.18.197 - - [16/Mar/2017:12:31:09 -0300] "GET /cormun/servlet/trpermisosadjuntos?9299678,20170316132151,P, HTTP/1.1" 200 6052
186.79.247.255 - - [16/Mar/2017:12:31:09 -0300] "GET /cormun/servlet/trpermisosgoce? HTTP/1.1" 200 6770
186.79.18.197 - - [16/Mar/2017:12:31:09 -0300] "GET /cormun/static/gxcfg.js?20173151352052 HTTP/1.1" 200 953
186.79.18.197 - - [16/Mar/2017:12:31:09 -0300] "GET /cormun/static/trpermisosadjuntos.js?20173151352322 HTTP/1.1" 200 20048
186.79.247.255 - - [16/Mar/2017:12:31:09 -0300] "GET /cormun/static/gxui/gxui-all.css?110300 HTTP/1.1" 200 2179
186.79.247.255 - - [16/Mar/2017:12:31:09 -0300] "GET /cormun/static/calendar-system.css?75620 HTTP/1.1" 200 5572
186.79.247.255 - - [16/Mar/2017:12:31:09 -0300] "GET /cormun/static/gxcfg.js?2017315135730 HTTP/1.1" 200 953
186.79.247.255 - - [16/Mar/2017:12:31:10 -0300] "GET /cormun/static/trpermisosgoce.js?20173151351159 HTTP/1.1" 200 31909
186.79.18.197 - - [16/Mar/2017:12:31:10 -0300] "GET /cormun/servlet/trpermisosadjuntos?9299678,20170316132151,P, HTTP/1.1" 200 6053
186.79.247.255 - - [16/Mar/2017:12:31:10 -0300] "GET /cormun/static/Shared/ext/resources/css/ext-all.css?205870 HTTP/1.1" 200 416045
186.79.247.255 - - [16/Mar/2017:12:31:12 -0300] "GET /cormun/servlet/trpermisosgoce? HTTP/1.1" 200 6769
186.79.247.255 - - [16/Mar/2017:12:31:15 -0300] "GET /cormun/servlet/permisogoce?INS,0,,, HTTP/1.1" 200 6754
186.79.247.255 - - [16/Mar/2017:12:31:15 -0300] "GET /cormun/static/gxcfg.js?20173151255406 HTTP/1.1" 200 953
186.79.247.255 - - [16/Mar/2017:12:31:15 -0300] "GET /cormun/static/permisogoce.js?201731512554075 HTTP/1.1" 200 26147
186.79.247.255 - - [16/Mar/2017:12:31:16 -0300] "GET /cormun/servlet/permisogoce?INS,0,,, HTTP/1.1" 200 6753
186.79.18.197 - - [16/Mar/2017:12:31:18 -0300] "GET /cormun/servlet/permisosadjuntos?INS,9299678,P,20170316132151,, HTTP/1.1" 200 5387
186.79.18.197 - - [16/Mar/2017:12:31:18 -0300] "GET /cormun/static/gxcfg.js?2016122813135788 HTTP/1.1" 200 953
186.79.18.197 - - [16/Mar/2017:12:31:18 -0300] "GET /cormun/static/permisosadjuntos.js?2016122813135797 HTTP/1.1" 200 8721
186.79.18.197 - - [16/Mar/2017:12:31:18 -0300] "GET /cormun/static/about:blank HTTP/1.1" 404 1011
186.79.18.197 - - [16/Mar/2017:12:31:19 -0300] "GET /cormun/servlet/permisosadjuntos?INS,9299678,P,20170316132151,, HTTP/1.1" 200 5377
186.103.248.213 - - [16/Mar/2017:12:31:21 -0300] "GET /cormun/servlet/prfichaempleado?,MD,,gxPopupLevel%3D0%3B HTTP/1.1" 200 8830
192.168.10.62 - - [16/Mar/2017:12:31:30 -0300] "GET /cormun/servlet/hlogin HTTP/1.1" 200 1719
192.168.10.62 - - [16/Mar/2017:12:31:41 -0300] "POST /cormun/servlet/hlogin?0e65d0accdab494b222f4544ef0ed8be,gx-no-cache=1489681582957 HTTP/1.1" 200 90
192.168.10.62 - - [16/Mar/2017:12:31:41 -0300] "GET /cormun/servlet/hpexe_link HTTP/1.1" 200 952
192.168.10.62 - - [16/Mar/2017:12:31:41 -0300] "GET /cormun/servlet/hhome HTTP/1.1" 200 3796
192.168.10.62 - - [16/Mar/2017:12:31:41 -0300] "GET /cormun/servlet/hhome HTTP/1.1" 200 3793
192.168.10.62 - - [16/Mar/2017:12:31:44 -0300] "GET /cormun/servlet/trsolicitudgral? HTTP/1.1" 200 24240
192.168.10.62 - - [16/Mar/2017:12:31:45 -0300] "GET /cormun/servlet/trsolicitudgral? HTTP/1.1" 200 24237
186.103.248.213 - - [16/Mar/2017:12:31:46 -0300] "POST /cormun/servlet/prfichaempleado?0a28d8db35626acb6c2952ab935f86e9,,MD,,gxPopupLevel%3D0%3B,gx-no-cache=1489678373510 HTTP/1.1" 200 3421
186.103.248.213 - - [16/Mar/2017:12:31:50 -0300] "GET /cormun/servlet/licenciaspermisos?cbc5b59ecacfea84f0e482afc0fa6c89d354a057f1368b240090e8e9dddd2fd1ae309e1468e22449f57cdb308a70f796,gx-no-cache=1489678378055 HTTP/1.1" 200 66
186.103.248.213 - - [16/Mar/2017:12:31:51 -0300] "POST /cormun/servlet/licenciaspermisos?0a28d8db35626acb6c2952ab935f86e9,INS,0,,,,gx-no-cache=1489678378172 HTTP/1.1" 200 4438
192.168.10.62 - - [16/Mar/2017:12:31:52 -0300] "POST /cormun/servlet/trsolicitudgral?0e65d0accdab494b222f4544ef0ed8be,,gx-no-cache=1489681594095 HTTP/1.1" 200 8868
192.168.10.62 - - [16/Mar/2017:12:31:54 -0300] "POST /cormun/servlet/trsolicitudgral?0e65d0accdab494b222f4544ef0ed8be,,gx-no-cache=1489681596272 HTTP/1.1" 200 105
192.168.10.62 - - [16/Mar/2017:12:31:54 -0300] "POST /cormun/servlet/trsolicitudgral?0e65d0accdab494b222f4544ef0ed8be,,gx-no-cache=1489681596446 HTTP/1.1" 200 8851
192.168.10.62 - - [16/Mar/2017:12:31:54 -0300] "GET /cormun/SolicitudGral-7353.xls HTTP/1.1" 200 8704
186.79.18.197 - - [16/Mar/2017:12:32:00 -0300] "POST /cormun/servlet/permisosadjuntos?0d6adf9327e367d978428fa2c3facb1c,INS,9299678,P,20170316132151,, HTTP/1.1" 200 116
186.79.18.197 - - [16/Mar/2017:12:32:00 -0300] "GET /cormun/servlet/hpexe_return? HTTP/1.1" 200 1033
186.79.18.197 - - [16/Mar/2017:12:32:00 -0300] "GET /cormun/servlet/trpermisosadjuntos?9299678,20170316132151,P, HTTP/1.1" 200 6497
186.79.18.197 - - [16/Mar/2017:12:32:02 -0300] "GET /cormun/servlet/trpermisosadjuntos?9299678,20170316132151,P, HTTP/1.1" 200 6495
186.79.18.197 - - [16/Mar/2017:12:32:03 -0300] "GET /cormun/PublicTempStorage/rigo70746.jpg HTTP/1.1" 200 967587
186.79.18.197 - - [16/Mar/2017:12:32:08 -0300] "GET /cormun/servlet/trpermisosgoce? HTTP/1.1" 200 7320
186.79.18.197 - - [16/Mar/2017:12:32:10 -0300] "GET /cormun/servlet/trpermisosgoce? HTTP/1.1" 200 7320
186.79.18.197 - - [16/Mar/2017:12:32:18 -0300] "POST /cormun/servlet/trpermisosgoce?0d6adf9327e367d978428fa2c3facb1c,,gx-no-cache=1489678406809 HTTP/1.1" 200 3990
186.79.18.197 - - [16/Mar/2017:12:32:18 -0300] "GET /cormun/static/Shared/jqueryui/images/ui-bg_highlight-soft_100_c6c2c8_1x100.png HTTP/1.1" 404 1117
186.79.18.197 - - [16/Mar/2017:12:32:18 -0300] "GET /cormun/static/Shared/jqueryui/images/ui-icons_82798d_256x240.png HTTP/1.1" 404 1089
186.79.18.197 - - [16/Mar/2017:12:32:18 -0300] "GET /cormun/static/Shared/jqueryui/images/ui-bg_flat_55_fafafa_40x100.png HTTP/1.1" 404 1097
186.79.18.197 - - [16/Mar/2017:12:32:18 -0300] "GET /cormun/static/Shared/jqueryui/images/ui-icons_8d78a5_256x240.png HTTP/1.1" 404 1089
186.79.247.255 - - [16/Mar/2017:12:32:20 -0300] "GET /cormun/servlet/permisogoce?063309cb603ae726d1e636e65af90d4959a2ff52c64bc7584a4f2884b329b994e111d1a5448413430c762528451b9900,gx-no-cache=1489678413361 HTTP/1.1" 200 67
186.79.247.255 - - [16/Mar/2017:12:32:20 -0300] "GET /cormun/static/menuarrow.gif HTTP/1.1" 404 1015
200.112.5.210 - - [16/Mar/2017:12:32:23 -0300] "GET /cormun/static/menuarrow.gif HTTP/1.1" 404 1015
186.79.247.255 - - [16/Mar/2017:12:32:28 -0300] "GET /cormun/servlet/permisogoce?063309cb603ae726d1e636e65af90d49ff94c169e63e20b7f521a18406fd6595e133a69e6964d5daecb06993c6414e300935ab59faa137302df780d7d9bcd1c5,gx-no-cache=1489678421871 HTTP/1.1" 200 47
186.79.18.197 - - [16/Mar/2017:12:32:32 -0300] "GET /cormun/servlet/hlogin HTTP/1.1" 200 1719
186.79.18.197 - - [16/Mar/2017:12:32:45 -0300] "POST /cormun/servlet/hlogin?0d6adf9327e367d978428fa2c3facb1c,gx-no-cache=1489678433942 HTTP/1.1" 200 90
186.79.18.197 - - [16/Mar/2017:12:32:45 -0300] "GET /cormun/servlet/hpexe_link HTTP/1.1" 200 950
186.79.18.197 - - [16/Mar/2017:12:32:45 -0300] "GET /cormun/servlet/hhome HTTP/1.1" 200 3917
186.79.18.197 - - [16/Mar/2017:12:32:47 -0300] "GET /cormun/servlet/hhome HTTP/1.1" 200 3914
186.79.247.255 - - [16/Mar/2017:12:32:48 -0300] "POST /cormun/servlet/permisogoce?c944038f4758d1dac6f07e0bf265cefe,INS,0,,,,gx-no-cache=1489678440776 HTTP/1.1" 200 93
186.79.247.255 - - [16/Mar/2017:12:32:48 -0300] "GET /cormun/servlet/hpexe_return? HTTP/1.1" 200 1003
186.79.247.255 - - [16/Mar/2017:12:32:48 -0300] "GET /cormun/servlet/trpermisosgoce HTTP/1.1" 200 7582
186.79.247.255 - - [16/Mar/2017:12:32:50 -0300] "GET /cormun/servlet/trpermisosgoce HTTP/1.1" 200 7578
192.168.10.62 - - [16/Mar/2017:12:32:52 -0300] "GET /cormun/servlet/trconsultaempleado? HTTP/1.1" 200 8844
186.79.18.197 - - [16/Mar/2017:12:32:53 -0300] "GET /cormun/servlet/trautorizarsolicitud? HTTP/1.1" 200 6838
192.168.10.62 - - [16/Mar/2017:12:32:54 -0300] "GET /cormun/servlet/trconsultaempleado? HTTP/1.1" 200 8843
186.79.18.197 - - [16/Mar/2017:12:32:54 -0300] "GET /cormun/servlet/trautorizarsolicitud? HTTP/1.1" 200 6838
186.79.18.197 - - [16/Mar/2017:12:33:02 -0300] "GET /cormun/servlet/trlicencias? HTTP/1.1" 200 6778
192.168.10.62 - - [16/Mar/2017:12:33:03 -0300] "POST /cormun/servlet/trconsultaempleado?0e65d0accdab494b222f4544ef0ed8be,,gx-no-cache=1489681665189 HTTP/1.1" 200 3976
186.79.18.197 - - [16/Mar/2017:12:33:04 -0300] "GET /cormun/servlet/trlicencias? HTTP/1.1" 200 6777
192.168.10.62 - - [16/Mar/2017:12:33:04 -0300] "GET /cormun/servlet/trsolicitudnombre?17425183, HTTP/1.1" 200 7713
192.168.10.62 - - [16/Mar/2017:12:33:05 -0300] "GET /cormun/servlet/trsolicitudnombre?17425183, HTTP/1.1" 200 7717
186.79.247.255 - - [16/Mar/2017:12:33:05 -0300] "GET /cormun/servlet/permisogoce?INS,0,,, HTTP/1.1" 200 6754
186.79.247.255 - - [16/Mar/2017:12:33:07 -0300] "GET /cormun/servlet/permisogoce?INS,0,,, HTTP/1.1" 200 6754
192.168.10.62 - - [16/Mar/2017:12:33:13 -0300] "GET /cormun/servlet/vesolicitudnombre?2017,5501,, HTTP/1.1" 200 8024
192.168.10.62 - - [16/Mar/2017:12:33:13 -0300] "GET /cormun/pexe_scrolldiv.js HTTP/1.1" 404 1009
192.168.10.62 - - [16/Mar/2017:12:33:13 -0300] "GET /cormun/pexe_scrolldiv.js HTTP/1.1" 404 1009
186.79.18.197 - - [16/Mar/2017:12:33:13 -0300] "GET /cormun/servlet/trautorizarpermisogoce? HTTP/1.1" 200 7691
186.79.18.197 - - [16/Mar/2017:12:33:13 -0300] "GET /cormun/static/gxcfg.js?20173151352895 HTTP/1.1" 200 953
192.168.10.62 - - [16/Mar/2017:12:33:13 -0300] "GET /cormun/servlet/vesolicitudnombre?2017,5501,, HTTP/1.1" 200 8018
186.79.18.197 - - [16/Mar/2017:12:33:13 -0300] "GET /cormun/static/trautorizarpermisogoce.js?20173151353282 HTTP/1.1" 200 31039
186.79.18.197 - - [16/Mar/2017:12:33:15 -0300] "GET /cormun/servlet/trautorizarpermisogoce? HTTP/1.1" 200 7691
192.168.10.62 - - [16/Mar/2017:12:33:15 -0300] "GET /cormun/servlet/vesolicitudnombre?2017,5501,,SolicitudOTLog HTTP/1.1" 200 8523
192.168.10.62 - - [16/Mar/2017:12:33:15 -0300] "GET /cormun/pexe_scrolldiv.js HTTP/1.1" 404 1009
192.168.10.62 - - [16/Mar/2017:12:33:15 -0300] "GET /cormun/pexe_scrolldiv.js HTTP/1.1" 404 1009
192.168.10.62 - - [16/Mar/2017:12:33:15 -0300] "GET /cormun/servlet/vesolicitudnombre?2017,5501,,SolicitudOTLog HTTP/1.1" 200 8524
192.168.10.62 - - [16/Mar/2017:12:33:16 -0300] "POST /cormun/servlet/acontrolpreferencessavestate?None,FGONZALEZG,true HTTP/1.1" 200 35
192.168.10.62 - - [16/Mar/2017:12:33:18 -0300] "GET /cormun/servlet/vesolicitudnombre?2017,5501,,SolicitudOTAdjuntos HTTP/1.1" 200 7009
192.168.10.62 - - [16/Mar/2017:12:33:18 -0300] "GET /cormun/pexe_scrolldiv.js HTTP/1.1" 404 1009
192.168.10.62 - - [16/Mar/2017:12:33:18 -0300] "GET /cormun/pexe_scrolldiv.js HTTP/1.1" 404 1009
192.168.10.62 - - [16/Mar/2017:12:33:18 -0300] "GET /cormun/servlet/vesolicitudnombre?2017,5501,,SolicitudOTAdjuntos HTTP/1.1" 200 7009
192.168.10.62 - - [16/Mar/2017:12:33:19 -0300] "POST /cormun/servlet/acontrolpreferencessavestate?None,FGONZALEZG,true HTTP/1.1" 200 35
186.79.247.255 - - [16/Mar/2017:12:33:20 -0300] "GET /cormun/servlet/permisogoce?063309cb603ae726d1e636e65af90d4948d32364eebbb2629c20c4ac527c6e6ce111d1a5448413430c762528451b9900,gx-no-cache=1489678474171 HTTP/1.1" 200 73
186.79.247.255 - - [16/Mar/2017:12:33:21 -0300] "GET /cormun/static/menuarrow.gif HTTP/1.1" 404 1015
186.103.248.213 - - [16/Mar/2017:12:33:23 -0300] "GET /cormun/servlet/licenciaspermisos?cbc5b59ecacfea84f0e482afc0fa6c89fa258a2bbb0ade43020bc0ca3445af0f72953f3d16d56e675b37513dbad6af2450bc0a42aed502d468526cbc00cba4b38ec409708dbe09450d5e63bcbe547af1596206358a6451baaa3964f5ab744a59a469b13f4957ff7bad8e6c532603a5cde8d92103b103b7e636d024aa71de7bc0a38661caf41a9f94e65f7ecf3de305315734d356b66912a13a2ef228de86d8f381fe8cb86e31263b0997cc25d10f867ee581ff988622d81930983894d0e6b8a1cfdb4a6fdea403dfad1bd32299a94024d46a6a8c8537e41ab29bbb7532c97288,gx-no-cache=1489678471060 HTTP/1.1" 200 30
186.103.248.213 - - [16/Mar/2017:12:33:24 -0300] "POST /cormun/servlet/licenciaspermisos?0a28d8db35626acb6c2952ab935f86e9,INS,0,,,,gx-no-cache=1489678471235 HTTP/1.1" 200 4490
186.103.248.213 - - [16/Mar/2017:12:33:32 -0300] "GET /cormun/servlet/prfichaempleado?,MD,,gxPopupLevel%3D0%3B HTTP/1.1" 200 8830
192.168.10.89 - - [16/Mar/2017:12:33:38 -0300] "POST /cormun/servlet/trsolicitudgral?479e8598b0bc0d762ddd2b2c2163ca30,,gx-no-cache=1489681700515 HTTP/1.1" 200 5407
192.168.10.89 - - [16/Mar/2017:12:33:43 -0300] "POST /cormun/servlet/trsolicitudgral?479e8598b0bc0d762ddd2b2c2163ca30,,gx-no-cache=1489681705008 HTTP/1.1" 200 5407
186.79.18.197 - - [16/Mar/2017:12:33:43 -0300] "POST /cormun/servlet/trautorizarpermisogoce?0d6adf9327e367d978428fa2c3facb1c,,gx-no-cache=1489678492171 HTTP/1.1" 200 4854
186.79.18.197 - - [16/Mar/2017:12:33:44 -0300] "GET /cormun/static/Shared/jqueryui/images/ui-bg_highlight-soft_100_c6c2c8_1x100.png HTTP/1.1" 404 1117
186.79.18.197 - - [16/Mar/2017:12:33:44 -0300] "GET /cormun/static/Shared/jqueryui/images/ui-icons_82798d_256x240.png HTTP/1.1" 404 1089
186.79.18.197 - - [16/Mar/2017:12:33:44 -0300] "GET /cormun/static/Shared/jqueryui/images/ui-bg_flat_55_fafafa_40x100.png HTTP/1.1" 404 1097
186.103.248.213 - - [16/Mar/2017:12:33:44 -0300] "POST /cormun/servlet/prfichaempleado?0a28d8db35626acb6c2952ab935f86e9,,MD,,gxPopupLevel%3D0%3B,gx-no-cache=1489678491307 HTTP/1.1" 200 3221
186.79.18.197 - - [16/Mar/2017:12:33:44 -0300] "GET /cormun/static/Shared/jqueryui/images/ui-icons_8d78a5_256x240.png HTTP/1.1" 404 1089
186.79.18.197 - - [16/Mar/2017:12:33:48 -0300] "POST /cormun/servlet/trautorizarpermisogoce?0d6adf9327e367d978428fa2c3facb1c,,gx-no-cache=1489678496189 HTTP/1.1" 200 4849
192.168.10.89 - - [16/Mar/2017:12:34:15 -0300] "POST /cormun/servlet/trsolicitudgral?479e8598b0bc0d762ddd2b2c2163ca30,,gx-no-cache=1489681737149 HTTP/1.1" 200 6693
186.79.18.197 - - [16/Mar/2017:12:34:17 -0300] "GET /cormun/servlet/trlicencias? HTTP/1.1" 200 6778
186.79.18.197 - - [16/Mar/2017:12:34:19 -0300] "GET /cormun/servlet/trlicencias? HTTP/1.1" 200 6777
186.79.247.255 - - [16/Mar/2017:12:34:27 -0300] "POST /cormun/servlet/permisogoce?c944038f4758d1dac6f07e0bf265cefe,INS,0,,,,gx-no-cache=1489678539940 HTTP/1.1" 200 93
186.79.247.255 - - [16/Mar/2017:12:34:27 -0300] "GET /cormun/servlet/hpexe_return? HTTP/1.1" 200 1003
186.79.247.255 - - [16/Mar/2017:12:34:27 -0300] "GET /cormun/servlet/trpermisosgoce HTTP/1.1" 200 7582
186.79.247.255 - - [16/Mar/2017:12:34:29 -0300] "GET /cormun/servlet/trpermisosgoce HTTP/1.1" 200 7578
186.79.247.255 - - [16/Mar/2017:12:34:32 -0300] "GET /cormun/servlet/permisogoce?INS,0,,, HTTP/1.1" 200 6753
186.79.247.255 - - [16/Mar/2017:12:34:33 -0300] "GET /cormun/servlet/permisogoce?INS,0,,, HTTP/1.1" 200 6753
186.79.18.197 - - [16/Mar/2017:12:34:43 -0300] "POST /cormun/servlet/trlicencias?0d6adf9327e367d978428fa2c3facb1c,,gx-no-cache=1489678551970 HTTP/1.1" 200 4088
186.79.247.255 - - [16/Mar/2017:12:34:50 -0300] "GET /cormun/servlet/permisogoce?063309cb603ae726d1e636e65af90d498e10f2a2b359846bdc62a27cb602e3924f08092e3cfd17fec3e2cce54a9dfc27,gx-no-cache=1489678563527 HTTP/1.1" 200 71
186.79.247.255 - - [16/Mar/2017:12:34:50 -0300] "GET /cormun/static/menuarrow.gif HTTP/1.1" 404 1015
186.103.248.213 - - [16/Mar/2017:12:34:53 -0300] "GET /cormun/servlet/licenciaspermisos?cbc5b59ecacfea84f0e482afc0fa6c89d354a057f1368b240090e8e9dddd2fd16a8f7c22b7b4bcdd7953ae4422d51753e731e7da91d7412fa5ee9fed4a8f340cb61559462a5b290f3934c080df976582,gx-no-cache=1489678561064 HTTP/1.1" 200 66
186.103.248.213 - - [16/Mar/2017:12:34:54 -0300] "POST /cormun/servlet/licenciaspermisos?0a28d8db35626acb6c2952ab935f86e9,INS,0,,,,gx-no-cache=1489678561193 HTTP/1.1" 200 4490
186.79.247.255 - - [16/Mar/2017:12:34:55 -0300] "GET /cormun/servlet/permisogoce?063309cb603ae726d1e636e65af90d490a8aa12783782147d23d9680609dc6cc68dd6981c610959f09666d3a70d6b3532fc95e19d1d052644d9c8acf0550e3c0,gx-no-cache=1489678569238 HTTP/1.1" 200 47
192.168.10.62 - - [16/Mar/2017:12:35:08 -0300] "GET /cormun/servlet/trsolicitudgral? HTTP/1.1" 200 11878
192.168.10.62 - - [16/Mar/2017:12:35:09 -0300] "GET /cormun/servlet/trsolicitudgral? HTTP/1.1" 200 11862
186.103.248.213 - - [16/Mar/2017:12:35:09 -0300] "GET /cormun/servlet/licenciaspermisos?cbc5b59ecacfea84f0e482afc0fa6c89facba92112ff8cea05db6808abefd760802d6e211bc6cf5731bdf964d275ddce3256ddd21e93c074ea82c2ad2caa34fb24ce6b811bf406113ab5fa56100727acae1bca89cab77b1b4f3837b3d6f50f68d6ab3923ca683034b9506ece128d59ef6d2e1f8bf3c0d483cb35bc7807ce8f4d05cb84de3e0dc100e700f8d0dfcaecc6ab421810e7698de223ecb8d96e002a615dff429225d2a15bc76de4a285b2cb0bf101d3542ea98d8de78ebc6068b455e5052ba8e4e9f222c280a2920bdd5ffb92b1165bbb1dbcf4da9798f7bddb23e950,gx-no-cache=1489678576634 HTTP/1.1" 200 108
186.103.248.213 - - [16/Mar/2017:12:35:09 -0300] "GET /cormun/static/Shared/jqueryui/images/ui-bg_highlight-soft_100_c6c2c8_1x100.png HTTP/1.1" 404 1117
186.103.248.213 - - [16/Mar/2017:12:35:09 -0300] "GET /cormun/static/Shared/jqueryui/images/ui-bg_flat_55_994d53_40x100.png HTTP/1.1" 404 1097
186.103.248.213 - - [16/Mar/2017:12:35:09 -0300] "GET /cormun/static/Shared/jqueryui/images/ui-icons_82798d_256x240.png HTTP/1.1" 404 1089
186.103.248.213 - - [16/Mar/2017:12:35:09 -0300] "POST /cormun/servlet/licenciaspermisos?0a28d8db35626acb6c2952ab935f86e9,INS,0,,,,gx-no-cache=1489678576774 HTTP/1.1" 200 4562
186.103.248.213 - - [16/Mar/2017:12:35:12 -0300] "GET /cormun/servlet/licenciaspermisos?cbc5b59ecacfea84f0e482afc0fa6c89fa258a2bbb0ade43020bc0ca3445af0fab80fa37b58d684ab668167dcf6d3fa150bc0a42aed502d468526cbc00cba4b38ec409708dbe09450d5e63bcbe547af1596206358a6451baaa3964f5ab744a59a469b13f4957ff7bad8e6c532603a5cde8d92103b103b7e636d024aa71de7bc0a38661caf41a9f94e65f7ecf3de305315734d356b66912a13a2ef228de86d8f381fe8cb86e31263b0997cc25d10f867ee581ff988622d81930983894d0e6b8a1cfdb4a6fdea403dfad1bd32299a94024d46a6a8c8537e41ab29bbb7532c97288,gx-no-cache=1489678580077 HTTP/1.1" 200 30
186.103.248.213 - - [16/Mar/2017:12:35:13 -0300] "POST /cormun/servlet/licenciaspermisos?0a28d8db35626acb6c2952ab935f86e9,INS,0,,,,gx-no-cache=1489678580208 HTTP/1.1" 200 4489
186.103.248.213 - - [16/Mar/2017:12:35:14 -0300] "GET /cormun/servlet/licenciaspermisos?cbc5b59ecacfea84f0e482afc0fa6c89d354a057f1368b240090e8e9dddd2fd16a8f7c22b7b4bcdd7953ae4422d51753e731e7da91d7412fa5ee9fed4a8f340cb61559462a5b290f3934c080df976582,gx-no-cache=1489678581950 HTTP/1.1" 200 66
186.103.248.213 - - [16/Mar/2017:12:35:15 -0300] "POST /cormun/servlet/licenciaspermisos?0a28d8db35626acb6c2952ab935f86e9,INS,0,,,,gx-no-cache=1489678582025 HTTP/1.1" 200 4488
186.103.248.213 - - [16/Mar/2017:12:35:15 -0300] "GET /cormun/servlet/licenciaspermisos?cbc5b59ecacfea84f0e482afc0fa6c89facba92112ff8cea05db6808abefd7600fece73cb518683ae5536ff21c025d713256ddd21e93c074ea82c2ad2caa34fb24ce6b811bf406113ab5fa56100727acae1bca89cab77b1b4f3837b3d6f50f68d6ab3923ca683034b9506ece128d59ef6d2e1f8bf3c0d483cb35bc7807ce8f4d05cb84de3e0dc100e700f8d0dfcaecc6ab421810e7698de223ecb8d96e002a615dff429225d2a15bc76de4a285b2cb0bf101d3542ea98d8de78ebc6068b455e5052ba8e4e9f222c280a2920bdd5ffb92b1165bbb1dbcf4da9798f7bddb23e950,gx-no-cache=1489678582490 HTTP/1.1" 200 29
186.103.248.213 - - [16/Mar/2017:12:35:15 -0300] "POST /cormun/servlet/licenciaspermisos?0a28d8db35626acb6c2952ab935f86e9,INS,0,,,,gx-no-cache=1489678582566 HTTP/1.1" 200 93
186.103.248.213 - - [16/Mar/2017:12:35:15 -0300] "GET /cormun/servlet/hpexe_return? HTTP/1.1" 200 1013
186.103.248.213 - - [16/Mar/2017:12:35:15 -0300] "GET /cormun/static/gxcfg.js?2016101716175148 HTTP/1.1" 304 -
186.103.248.213 - - [16/Mar/2017:12:35:15 -0300] "GET /cormun/static/hpexe_return.js?2016101716175153 HTTP/1.1" 304 -
186.103.248.213 - - [16/Mar/2017:12:35:15 -0300] "GET /cormun/servlet/trlicencias HTTP/1.1" 200 7658
186.103.248.213 - - [16/Mar/2017:12:35:16 -0300] "GET /cormun/servlet/trlicencias HTTP/1.1" 200 7654
186.79.247.255 - - [16/Mar/2017:12:35:17 -0300] "POST /cormun/servlet/permisogoce?c944038f4758d1dac6f07e0bf265cefe,INS,0,,,,gx-no-cache=1489678590282 HTTP/1.1" 200 93
186.79.247.255 - - [16/Mar/2017:12:35:17 -0300] "GET /cormun/servlet/hpexe_return? HTTP/1.1" 200 1003
186.79.247.255 - - [16/Mar/2017:12:35:17 -0300] "GET /cormun/servlet/trpermisosgoce HTTP/1.1" 200 7861
186.79.247.255 - - [16/Mar/2017:12:35:19 -0300] "GET /cormun/servlet/trpermisosgoce HTTP/1.1" 200 7858
186.103.248.213 - - [16/Mar/2017:12:35:22 -0300] "GET /cormun/servlet/trlicenciaspermisosadjuntos?15805109,20170316000000,L, HTTP/1.1" 200 6115
186.103.248.213 - - [16/Mar/2017:12:35:22 -0300] "GET /cormun/static/gxcfg.js?2017315135259 HTTP/1.1" 304 -
186.103.248.213 - - [16/Mar/2017:12:35:22 -0300] "GET /cormun/static/trlicenciaspermisosadjuntos.js?2017315135563 HTTP/1.1" 304 -
186.103.248.213 - - [16/Mar/2017:12:35:22 -0300] "GET /cormun/servlet/trlicenciaspermisosadjuntos?15805109,20170316000000,L, HTTP/1.1" 200 6115
186.103.248.213 - - [16/Mar/2017:12:35:24 -0300] "GET /cormun/servlet/licenciaspermisosadjuntos?INS,15805109,L,20170316000000,, HTTP/1.1" 200 5416
186.103.248.213 - - [16/Mar/2017:12:35:24 -0300] "GET /cormun/static/gxcfg.js?201731512553221 HTTP/1.1" 304 -
186.103.248.213 - - [16/Mar/2017:12:35:24 -0300] "GET /cormun/static/licenciaspermisosadjuntos.js?201731512553234 HTTP/1.1" 304 -
186.103.248.213 - - [16/Mar/2017:12:35:24 -0300] "GET /cormun/static/about:blank HTTP/1.1" 404 1011
186.103.248.213 - - [16/Mar/2017:12:35:24 -0300] "GET /cormun/servlet/licenciaspermisosadjuntos?INS,15805109,L,20170316000000,, HTTP/1.1" 200 5405
186.79.247.255 - - [16/Mar/2017:12:35:25 -0300] "GET /cormun/servlet/permisogoce?INS,0,,, HTTP/1.1" 200 6754
186.79.247.255 - - [16/Mar/2017:12:35:27 -0300] "GET /cormun/servlet/permisogoce?INS,0,,, HTTP/1.1" 200 6755
186.103.156.24 - - [16/Mar/2017:12:35:30 -0300] "GET /cormun/servlet/hlogin HTTP/1.1" 200 1722
186.103.248.213 - - [16/Mar/2017:12:35:30 -0300] "GET /cormun/static/Shared/jqueryui/images/ui-icons_ebccce_256x240.png HTTP/1.1" 404 1089
186.103.156.24 - - [16/Mar/2017:12:35:30 -0300] "GET /cormun/static/Resources/Spanish/PXTools.css?1242369 HTTP/1.1" 304 -
186.103.156.24 - - [16/Mar/2017:12:35:30 -0300] "GET /cormun/static/gxcfg.js?20173151305376 HTTP/1.1" 304 -
186.103.156.24 - - [16/Mar/2017:12:35:30 -0300] "GET /cormun/static/hlogin.js?20173151305393 HTTP/1.1" 304 -
186.79.247.255 - - [16/Mar/2017:12:35:47 -0300] "GET /cormun/servlet/permisogoce?063309cb603ae726d1e636e65af90d49ffb72da86b438e49637089f4f1d7cf86e111d1a5448413430c762528451b9900,gx-no-cache=1489678620617 HTTP/1.1" 200 166
186.79.247.255 - - [16/Mar/2017:12:35:47 -0300] "GET /cormun/static/Shared/jqueryui/images/ui-bg_highlight-soft_100_c6c2c8_1x100.png HTTP/1.1" 404 1117
186.79.247.255 - - [16/Mar/2017:12:35:47 -0300] "GET /cormun/static/Shared/jqueryui/images/ui-icons_82798d_256x240.png HTTP/1.1" 404 1089
186.79.247.255 - - [16/Mar/2017:12:35:47 -0300] "GET /cormun/static/Shared/jqueryui/images/ui-bg_flat_55_994d53_40x100.png HTTP/1.1" 404 1097
186.79.247.255 - - [16/Mar/2017:12:35:47 -0300] "GET /cormun/static/Shared/jqueryui/images/ui-icons_ebccce_256x240.png HTTP/1.1" 404 1089
186.103.156.24 - - [16/Mar/2017:12:35:53 -0300] "POST /cormun/servlet/hlogin?52c5f73e9c94a4e6e8554b969ed7518f,gx-no-cache=1489682294695 HTTP/1.1" 200 428
186.79.248.208 - - [16/Mar/2017:12:35:58 -0300] "GET /cormun/servlet/hlogin HTTP/1.1" 200 1727
186.103.156.24 - - [16/Mar/2017:12:36:05 -0300] "POST /cormun/servlet/hlogin?52c5f73e9c94a4e6e8554b969ed7518f,gx-no-cache=1489682306772 HTTP/1.1" 200 90
186.103.156.24 - - [16/Mar/2017:12:36:05 -0300] "GET /cormun/servlet/hpexe_link HTTP/1.1" 200 952
186.103.156.24 - - [16/Mar/2017:12:36:06 -0300] "GET /cormun/static/gxcfg.js?20173151304587 HTTP/1.1" 304 -
186.103.156.24 - - [16/Mar/2017:12:36:06 -0300] "GET /cormun/static/hpexe_link.js?20173151304590 HTTP/1.1" 304 -
186.103.156.24 - - [16/Mar/2017:12:36:06 -0300] "GET /cormun/servlet/hhome HTTP/1.1" 200 3984
186.103.156.24 - - [16/Mar/2017:12:36:06 -0300] "GET /cormun/static/hhome.js?20173151304624 HTTP/1.1" 304 -
186.103.156.24 - - [16/Mar/2017:12:36:06 -0300] "GET /cormun/static/hwchdr01.js?201731512453822 HTTP/1.1" 304 -
186.103.156.24 - - [16/Mar/2017:12:36:06 -0300] "GET /cormun/static/gxcfg.js?20173151304618 HTTP/1.1" 304 -
186.103.156.24 - - [16/Mar/2017:12:36:07 -0300] "GET /cormun/static/hpexe_scripts.js?201731512453784 HTTP/1.1" 304 -
186.103.156.24 - - [16/Mar/2017:12:36:07 -0300] "GET /cormun/static/cmcontrolpreferences.js?201731512453759 HTTP/1.1" 304 -
186.103.156.24 - - [16/Mar/2017:12:36:07 -0300] "GET /cormun/static/hmpwkw03.js?20173151305292 HTTP/1.1" 304 -
186.103.156.24 - - [16/Mar/2017:12:36:07 -0300] "GET /cormun/static/hpexe_messagegenexuscomponent.js?201731512453548 HTTP/1.1" 304 -
186.103.156.24 - - [16/Mar/2017:12:36:07 -0300] "GET /cormun/servlet/hhome HTTP/1.1" 200 3980
186.103.248.213 - - [16/Mar/2017:12:36:21 -0300] "POST /cormun/servlet/licenciaspermisosadjuntos?0a28d8db35626acb6c2952ab935f86e9,INS,15805109,L,20170316000000,, HTTP/1.1" 200 116
186.103.248.213 - - [16/Mar/2017:12:36:21 -0300] "GET /cormun/servlet/hpexe_return? HTTP/1.1" 200 1044
186.103.248.213 - - [16/Mar/2017:12:36:22 -0300] "GET /cormun/servlet/trlicenciaspermisosadjuntos?15805109,20170316000000,L, HTTP/1.1" 200 6613
186.103.248.213 - - [16/Mar/2017:12:36:22 -0300] "GET /cormun/servlet/trlicenciaspermisosadjuntos?15805109,20170316000000,L, HTTP/1.1" 200 6610
186.79.247.255 - - [16/Mar/2017:12:36:27 -0300] "GET /cormun/servlet/permisogoce?063309cb603ae726d1e636e65af90d494a689a5b897b739a909642696d184954e111d1a5448413430c762528451b9900,gx-no-cache=1489678660493 HTTP/1.1" 200 72
186.103.248.213 - - [16/Mar/2017:12:36:27 -0300] "GET /cormun/PublicTempStorage/licencia_medica_3_eileen_rodriguez5205997.jpg HTTP/1.1" 200 2457475
186.79.247.255 - - [16/Mar/2017:12:36:27 -0300] "GET /cormun/static/menuarrow.gif HTTP/1.1" 404 1015
186.103.248.213 - - [16/Mar/2017:12:36:46 -0300] "GET /cormun/servlet/trlicencias? HTTP/1.1" 200 7655
186.103.248.213 - - [16/Mar/2017:12:36:47 -0300] "GET /cormun/servlet/trlicencias? HTTP/1.1" 200 7654
186.103.156.24 - - [16/Mar/2017:12:36:49 -0300] "GET /cormun/servlet/trlicencias? HTTP/1.1" 200 6849
186.103.156.24 - - [16/Mar/2017:12:36:50 -0300] "GET /cormun/servlet/trlicencias? HTTP/1.1" 200 6848
186.103.248.213 - - [16/Mar/2017:12:36:53 -0300] "GET /cormun/servlet/alicenciaprn?15805109,L,20170316000000,PU HTTP/1.1" 200 1565
186.79.247.255 - - [16/Mar/2017:12:36:55 -0300] "GET /cormun/servlet/permisogoce?063309cb603ae726d1e636e65af90d493b93f84197e9251f8a63fe708aa4f9985e1e9821e5e6522c3c86e3358238fb3eaedb231e50b74dd6eceaa84893a050e2944ed2d336e258730a2c76406ee0d218,gx-no-cache=1489678688189 HTTP/1.1" 200 77
186.79.247.255 - - [16/Mar/2017:12:37:03 -0300] "GET /cormun/servlet/permisogoce?063309cb603ae726d1e636e65af90d4977b7be0dc4cff650b445c86bf6da505ae27ccd2952a301c7c51919cc5b7ccc9727995cfc6ff24ee78cb4595be56f0e80,gx-no-cache=1489678696357 HTTP/1.1" 200 47
186.79.247.255 - - [16/Mar/2017:12:37:15 -0300] "POST /cormun/servlet/permisogoce?c944038f4758d1dac6f07e0bf265cefe,INS,0,,,,gx-no-cache=1489678708760 HTTP/1.1" 200 93
186.79.247.255 - - [16/Mar/2017:12:37:16 -0300] "GET /cormun/servlet/hpexe_return? HTTP/1.1" 200 1003
186.79.247.255 - - [16/Mar/2017:12:37:16 -0300] "GET /cormun/servlet/trpermisosgoce HTTP/1.1" 200 8064
186.79.247.255 - - [16/Mar/2017:12:37:18 -0300] "GET /cormun/servlet/trpermisosgoce HTTP/1.1" 200 8063
192.168.10.96 - - [16/Mar/2017:12:37:24 -0300] "GET /cormun/servlet/hlogin HTTP/1.1" 200 1747
192.168.10.96 - - [16/Mar/2017:12:37:24 -0300] "GET /cormun/static/Resources/Spanish/PXTools.css?1242369 HTTP/1.1" 304 -
192.168.10.96 - - [16/Mar/2017:12:37:24 -0300] "GET /cormun/static/gxcfg.js?20173151305376 HTTP/1.1" 304 -
192.168.10.96 - - [16/Mar/2017:12:37:24 -0300] "GET /cormun/static/hlogin.js?20173151305393 HTTP/1.1" 304 -
192.168.10.96 - - [16/Mar/2017:12:37:30 -0300] "POST /cormun/servlet/hlogin?d9616b76ef73929df4c3a1e0e31fb785,gx-no-cache=1489681931896 HTTP/1.1" 200 459
192.168.10.96 - - [16/Mar/2017:12:37:33 -0300] "POST /cormun/servlet/hlogin?d9616b76ef73929df4c3a1e0e31fb785,gx-no-cache=1489681934842 HTTP/1.1" 200 90
192.168.10.96 - - [16/Mar/2017:12:37:33 -0300] "GET /cormun/servlet/hpexe_link HTTP/1.1" 200 956
192.168.10.96 - - [16/Mar/2017:12:37:33 -0300] "GET /cormun/static/hpexe_link.js?20173151304590 HTTP/1.1" 304 -
192.168.10.96 - - [16/Mar/2017:12:37:33 -0300] "GET /cormun/static/gxcfg.js?20173151304587 HTTP/1.1" 304 -
192.168.10.96 - - [16/Mar/2017:12:37:33 -0300] "GET /cormun/servlet/hhome HTTP/1.1" 200 4156
192.168.10.96 - - [16/Mar/2017:12:37:33 -0300] "GET /cormun/static/gxcfg.js?20173151304618 HTTP/1.1" 304 -
192.168.10.96 - - [16/Mar/2017:12:37:33 -0300] "GET /cormun/static/hhome.js?20173151304624 HTTP/1.1" 304 -
192.168.10.96 - - [16/Mar/2017:12:37:33 -0300] "GET /cormun/servlet/hhome HTTP/1.1" 200 4152
192.168.10.96 - - [16/Mar/2017:12:37:38 -0300] "GET /cormun/servlet/trsolicitudgral? HTTP/1.1" 200 13326
192.168.10.96 - - [16/Mar/2017:12:37:38 -0300] "GET /cormun/static/gxcfg.js?201732110400 HTTP/1.1" 304 -
192.168.10.96 - - [16/Mar/2017:12:37:38 -0300] "GET /cormun/static/trsolicitudgral.js?2017321104863 HTTP/1.1" 304 -
192.168.10.96 - - [16/Mar/2017:12:37:39 -0300] "GET /cormun/servlet/trsolicitudgral? HTTP/1.1" 200 13324
192.168.10.96 - - [16/Mar/2017:12:37:58 -0300] "POST /cormun/servlet/trsolicitudgral?d9616b76ef73929df4c3a1e0e31fb785,,gx-no-cache=1489681960512 HTTP/1.1" 200 7481
200.112.0.35 - - [16/Mar/2017:12:39:53 -0300] "POST /cormun/servlet/trlicencias?0a28d8db35626acb6c2952ab935f86e9,,gx-no-cache=1489678860264 HTTP/1.1" 200 3790
200.112.0.35 - - [16/Mar/2017:12:39:53 -0300] "GET /cormun/static/Shared/jqueryui/images/ui-bg_highlight-soft_100_c6c2c8_1x100.png HTTP/1.1" 404 1117
186.103.248.213 - - [16/Mar/2017:12:39:53 -0300] "GET /cormun/static/Shared/jqueryui/images/ui-bg_flat_55_fafafa_40x100.png HTTP/1.1" 404 1097
200.112.0.35 - - [16/Mar/2017:12:39:53 -0300] "GET /cormun/static/Shared/jqueryui/images/ui-icons_8d78a5_256x240.png HTTP/1.1" 404 1089
200.112.0.35 - - [16/Mar/2017:12:39:53 -0300] "GET /cormun/static/Shared/jqueryui/images/ui-icons_82798d_256x240.png HTTP/1.1" 404 1089
192.168.10.96 - - [16/Mar/2017:12:40:28 -0300] "GET /cormun/servlet/trsolicitudgral? HTTP/1.1" 200 10528
192.168.10.96 - - [16/Mar/2017:12:40:29 -0300] "GET /cormun/servlet/trsolicitudgral? HTTP/1.1" 200 10528
186.103.159.183 - - [16/Mar/2017:12:40:32 -0300] "GET /cormun/servlet/trpermisosadjuntos?17507861,20170316131255,P, HTTP/1.1" 200 6289
186.103.159.183 - - [16/Mar/2017:12:40:32 -0300] "GET /cormun/static/gxcfg.js?20173151352052 HTTP/1.1" 200 953
186.103.159.183 - - [16/Mar/2017:12:40:33 -0300] "GET /cormun/static/trpermisosadjuntos.js?20173151352322 HTTP/1.1" 200 20048
186.103.159.183 - - [16/Mar/2017:12:40:34 -0300] "GET /cormun/servlet/trpermisosadjuntos?17507861,20170316131255,P, HTTP/1.1" 200 6290
186.103.159.183 - - [16/Mar/2017:12:40:37 -0300] "GET /cormun/servlet/permisosadjuntos?INS,17507861,P,20170316131255,, HTTP/1.1" 200 5627
186.103.159.183 - - [16/Mar/2017:12:40:37 -0300] "GET /cormun/static/calendar-system.css?85620 HTTP/1.1" 200 5572
186.103.159.183 - - [16/Mar/2017:12:40:37 -0300] "GET /cormun/static/gxcfg.js?2016122813135788 HTTP/1.1" 200 953
186.103.159.183 - - [16/Mar/2017:12:40:37 -0300] "GET /cormun/static/permisosadjuntos.js?2016122813135797 HTTP/1.1" 200 8721
186.103.159.183 - - [16/Mar/2017:12:40:37 -0300] "GET /cormun/static/Resources/Spanish/PXTools.css?18365030 HTTP/1.1" 200 89042
186.103.159.183 - - [16/Mar/2017:12:40:38 -0300] "GET /cormun/static/about:blank HTTP/1.1" 404 1011
186.103.159.183 - - [16/Mar/2017:12:40:38 -0300] "GET /cormun/servlet/permisosadjuntos?INS,17507861,P,20170316131255,, HTTP/1.1" 200 5616
186.79.247.255 - - [16/Mar/2017:12:41:00 -0300] "GET /cormun/servlet/trpermisosadjuntos?13096000,20170316132729,P, HTTP/1.1" 200 6299
186.79.247.255 - - [16/Mar/2017:12:41:00 -0300] "GET /cormun/static/gxcfg.js?20173151352052 HTTP/1.1" 200 953
186.79.247.255 - - [16/Mar/2017:12:41:01 -0300] "GET /cormun/static/trpermisosadjuntos.js?20173151352322 HTTP/1.1" 200 20048
186.79.247.255 - - [16/Mar/2017:12:41:01 -0300] "GET /cormun/servlet/trpermisosadjuntos?13096000,20170316132729,P, HTTP/1.1" 200 6300
186.79.247.255 - - [16/Mar/2017:12:41:03 -0300] "GET /cormun/servlet/permisosadjuntos?INS,13096000,P,20170316132729,, HTTP/1.1" 200 5637
186.79.247.255 - - [16/Mar/2017:12:41:04 -0300] "POST /cormun/servlet/acontrolpreferencessavestate?None,GSAAVEDRA,true HTTP/1.1" 200 35
186.79.247.255 - - [16/Mar/2017:12:41:04 -0300] "GET /cormun/static/gxcfg.js?2016122813135788 HTTP/1.1" 200 953
186.79.247.255 - - [16/Mar/2017:12:41:05 -0300] "GET /cormun/static/permisosadjuntos.js?2016122813135797 HTTP/1.1" 200 8721
186.79.247.255 - - [16/Mar/2017:12:41:05 -0300] "GET /cormun/static/about:blank HTTP/1.1" 404 1011
186.79.247.255 - - [16/Mar/2017:12:41:05 -0300] "GET /cormun/servlet/permisosadjuntos?INS,13096000,P,20170316132729,, HTTP/1.1" 200 5628
192.168.10.89 - - [16/Mar/2017:12:41:19 -0300] "GET /cormun/servlet/trsolicitudgral? HTTP/1.1" 200 9977
192.168.10.89 - - [16/Mar/2017:12:41:19 -0300] "GET /cormun/static/gxcfg.js?201732110400 HTTP/1.1" 304 -
192.168.10.89 - - [16/Mar/2017:12:41:19 -0300] "GET /cormun/static/trsolicitudgral.js?2017321104863 HTTP/1.1" 304 -
192.168.10.89 - - [16/Mar/2017:12:41:19 -0300] "GET /cormun/static/hwchdr01.js?201731512453822 HTTP/1.1" 304 -
192.168.10.89 - - [16/Mar/2017:12:41:19 -0300] "GET /cormun/static/hpexe_scripts.js?201731512453784 HTTP/1.1" 304 -
192.168.10.89 - - [16/Mar/2017:12:41:19 -0300] "GET /cormun/static/hpexe_messagegenexuscomponent.js?201731512453548 HTTP/1.1" 304 -
192.168.10.89 - - [16/Mar/2017:12:41:19 -0300] "GET /cormun/static/cmcontrolpreferences.js?201731512453759 HTTP/1.1" 304 -
192.168.10.89 - - [16/Mar/2017:12:41:19 -0300] "GET /cormun/static/hmpwkw03.js?20173151305292 HTTP/1.1" 304 -
186.103.159.183 - - [16/Mar/2017:12:41:41 -0300] "POST /cormun/servlet/permisosadjuntos?0a9e79a0983bab47442e4cf34d9609d6,INS,17507861,P,20170316131255,, HTTP/1.1" 200 116
186.103.159.183 - - [16/Mar/2017:12:41:41 -0300] "GET /cormun/servlet/hpexe_return? HTTP/1.1" 200 1035
186.103.159.183 - - [16/Mar/2017:12:41:42 -0300] "GET /cormun/servlet/trpermisosadjuntos?17507861,20170316131255,P, HTTP/1.1" 200 6740
186.103.159.183 - - [16/Mar/2017:12:41:43 -0300] "GET /cormun/servlet/trpermisosadjuntos?17507861,20170316131255,P, HTTP/1.1" 200 6736
186.103.159.183 - - [16/Mar/2017:12:41:43 -0300] "GET /cormun/PublicTempStorage/marisela7425490.jpg HTTP/1.1" 200 502055
186.79.247.255 - - [16/Mar/2017:12:41:47 -0300] "POST /cormun/servlet/permisosadjuntos?c944038f4758d1dac6f07e0bf265cefe,INS,13096000,P,20170316132729,, HTTP/1.1" 200 116
186.79.247.255 - - [16/Mar/2017:12:41:47 -0300] "GET /cormun/servlet/hpexe_return? HTTP/1.1" 200 1031
186.79.247.255 - - [16/Mar/2017:12:41:49 -0300] "GET /cormun/servlet/trpermisosadjuntos?13096000,20170316132729,P, HTTP/1.1" 200 6758
186.103.159.183 - - [16/Mar/2017:12:41:53 -0300] "GET /cormun/servlet/trpermisosgoce? HTTP/1.1" 200 7574
186.103.159.183 - - [16/Mar/2017:12:41:55 -0300] "GET /cormun/servlet/trpermisosgoce? HTTP/1.1" 200 7573
186.79.247.255 - - [16/Mar/2017:12:41:58 -0300] "GET /cormun/servlet/trpermisosadjuntos?13096000,20170316132729,P, HTTP/1.1" 200 6755
186.79.247.255 - - [16/Mar/2017:12:42:07 -0300] "POST /cormun/servlet/trpermisosadjuntos?c944038f4758d1dac6f07e0bf265cefe,13096000,20170316132729,P,,gx-no-cache=1489679000503 HTTP/1.1" 200 90
186.79.247.255 - - [16/Mar/2017:12:42:07 -0300] "GET /cormun/servlet/hpexe_link HTTP/1.1" 200 976
186.79.247.255 - - [16/Mar/2017:12:42:07 -0300] "GET /cormun/servlet/trpermisosgoce HTTP/1.1" 200 8064
186.79.247.255 - - [16/Mar/2017:12:42:09 -0300] "GET /cormun/servlet/trpermisosgoce HTTP/1.1" 200 8066
192.168.10.89 - - [16/Mar/2017:12:42:12 -0300] "POST /cormun/servlet/trsolicitudgral?479e8598b0bc0d762ddd2b2c2163ca30,,gx-no-cache=1489682214159 HTTP/1.1" 200 7101
186.79.247.255 - - [16/Mar/2017:12:42:12 -0300] "GET /cormun/servlet/trpermisosadjuntos?7123798,20170316133157,P, HTTP/1.1" 200 6312
186.79.247.255 - - [16/Mar/2017:12:42:14 -0300] "GET /cormun/servlet/trpermisosadjuntos?7123798,20170316133157,P, HTTP/1.1" 200 6313
186.79.247.255 - - [16/Mar/2017:12:42:16 -0300] "GET /cormun/servlet/permisosadjuntos?INS,7123798,P,20170316133157,, HTTP/1.1" 200 5644
186.79.247.255 - - [16/Mar/2017:12:42:16 -0300] "GET /cormun/static/about:blank HTTP/1.1" 404 1011
186.79.247.255 - - [16/Mar/2017:12:42:17 -0300] "GET /cormun/servlet/permisosadjuntos?INS,7123798,P,20170316133157,, HTTP/1.1" 200 5634
192.168.10.62 - - [16/Mar/2017:12:42:34 -0300] "POST /cormun/servlet/trsolicitudgral?0e65d0accdab494b222f4544ef0ed8be,,gx-no-cache=1489682235743 HTTP/1.1" 200 6261
186.79.247.255 - - [16/Mar/2017:12:42:37 -0300] "POST /cormun/servlet/permisosadjuntos?c944038f4758d1dac6f07e0bf265cefe,INS,7123798,P,20170316133157,, HTTP/1.1" 200 116
186.79.247.255 - - [16/Mar/2017:12:42:37 -0300] "GET /cormun/servlet/hpexe_return? HTTP/1.1" 200 1030
186.79.247.255 - - [16/Mar/2017:12:42:37 -0300] "GET /cormun/servlet/trpermisosadjuntos?7123798,20170316133157,P, HTTP/1.1" 200 6772
186.79.247.255 - - [16/Mar/2017:12:42:39 -0300] "GET /cormun/servlet/trpermisosadjuntos?7123798,20170316133157,P, HTTP/1.1" 200 6768
192.168.10.62 - - [16/Mar/2017:12:42:41 -0300] "GET /cormun/static/menuarrow.gif HTTP/1.1" 404 1015
186.79.247.255 - - [16/Mar/2017:12:42:42 -0300] "POST /cormun/servlet/trpermisosadjuntos?c944038f4758d1dac6f07e0bf265cefe,7123798,20170316133157,P,,gx-no-cache=1489679035350 HTTP/1.1" 200 90
186.79.247.255 - - [16/Mar/2017:12:42:42 -0300] "GET /cormun/servlet/hpexe_link HTTP/1.1" 200 976
186.79.247.255 - - [16/Mar/2017:12:42:42 -0300] "GET /cormun/servlet/trpermisosgoce HTTP/1.1" 200 8067
186.79.247.255 - - [16/Mar/2017:12:42:44 -0300] "GET /cormun/servlet/trpermisosgoce HTTP/1.1" 200 8062
192.168.10.62 - - [16/Mar/2017:12:42:47 -0300] "POST /cormun/servlet/trsolicitudgral?0e65d0accdab494b222f4544ef0ed8be,,gx-no-cache=1489682249210 HTTP/1.1" 200 6695
192.168.10.62 - - [16/Mar/2017:12:42:51 -0300] "POST /cormun/servlet/trsolicitudgral?0e65d0accdab494b222f4544ef0ed8be,,gx-no-cache=1489682253635 HTTP/1.1" 200 105
192.168.10.62 - - [16/Mar/2017:12:42:52 -0300] "POST /cormun/servlet/trsolicitudgral?0e65d0accdab494b222f4544ef0ed8be,,gx-no-cache=1489682253761 HTTP/1.1" 200 6677
192.168.10.62 - - [16/Mar/2017:12:42:52 -0300] "GET /cormun/SolicitudGral-5089.xls HTTP/1.1" 200 6144
186.79.247.255 - - [16/Mar/2017:12:42:55 -0300] "GET /cormun/servlet/trpermisosadjuntos?7755097,20170316132959,P, HTTP/1.1" 200 6304
186.79.247.255 - - [16/Mar/2017:12:42:56 -0300] "GET /cormun/servlet/trpermisosadjuntos?7755097,20170316132959,P, HTTP/1.1" 200 6305
186.79.247.255 - - [16/Mar/2017:12:42:59 -0300] "GET /cormun/servlet/permisosadjuntos?INS,7755097,P,20170316132959,, HTTP/1.1" 200 5642
186.79.247.255 - - [16/Mar/2017:12:42:59 -0300] "GET /cormun/static/about:blank HTTP/1.1" 404 1011
186.79.247.255 - - [16/Mar/2017:12:43:00 -0300] "GET /cormun/servlet/permisosadjuntos?INS,7755097,P,20170316132959,, HTTP/1.1" 200 5631
192.168.10.62 - - [16/Mar/2017:12:43:01 -0300] "POST /cormun/servlet/trsolicitudgral?0e65d0accdab494b222f4544ef0ed8be,,gx-no-cache=1489682263210 HTTP/1.1" 200 6297
192.168.10.62 - - [16/Mar/2017:12:43:01 -0300] "GET /cormun/static/Shared/jqueryui/images/ui-bg_highlight-soft_100_c6c2c8_1x100.png HTTP/1.1" 404 1117
192.168.10.62 - - [16/Mar/2017:12:43:01 -0300] "GET /cormun/static/Shared/jqueryui/images/ui-icons_82798d_256x240.png HTTP/1.1" 404 1089
192.168.10.62 - - [16/Mar/2017:12:43:01 -0300] "GET /cormun/static/Shared/jqueryui/images/ui-icons_8d78a5_256x240.png HTTP/1.1" 404 1089
192.168.10.62 - - [16/Mar/2017:12:43:01 -0300] "GET /cormun/static/Shared/jqueryui/images/ui-bg_flat_55_fafafa_40x100.png HTTP/1.1" 404 1097
186.79.247.255 - - [16/Mar/2017:12:43:14 -0300] "POST /cormun/servlet/permisosadjuntos?c944038f4758d1dac6f07e0bf265cefe,INS,7755097,P,20170316132959,, HTTP/1.1" 200 116
186.79.247.255 - - [16/Mar/2017:12:43:14 -0300] "GET /cormun/servlet/hpexe_return? HTTP/1.1" 200 1030
186.79.247.255 - - [16/Mar/2017:12:43:14 -0300] "GET /cormun/servlet/trpermisosadjuntos?7755097,20170316132959,P, HTTP/1.1" 200 6763
186.79.247.255 - - [16/Mar/2017:12:43:15 -0300] "GET /cormun/servlet/trpermisosadjuntos?7755097,20170316132959,P, HTTP/1.1" 200 6760
192.168.10.89 - - [16/Mar/2017:12:43:18 -0300] "POST /cormun/servlet/trsolicitudgral?479e8598b0bc0d762ddd2b2c2163ca30,,gx-no-cache=1489682280025 HTTP/1.1" 200 8504
186.79.247.255 - - [16/Mar/2017:12:43:18 -0300] "POST /cormun/servlet/trpermisosadjuntos?c944038f4758d1dac6f07e0bf265cefe,7755097,20170316132959,P,,gx-no-cache=1489679071758 HTTP/1.1" 200 90
186.79.247.255 - - [16/Mar/2017:12:43:18 -0300] "GET /cormun/servlet/hpexe_link HTTP/1.1" 200 978
186.79.247.255 - - [16/Mar/2017:12:43:19 -0300] "GET /cormun/servlet/trpermisosgoce HTTP/1.1" 200 8067
186.79.247.255 - - [16/Mar/2017:12:43:20 -0300] "GET /cormun/servlet/trpermisosgoce HTTP/1.1" 200 8066
186.79.247.255 - - [16/Mar/2017:12:43:24 -0300] "POST /cormun/servlet/trpermisosgoce?c944038f4758d1dac6f07e0bf265cefe,gx-no-cache=1489679077176 HTTP/1.1" 200 5161
186.79.247.255 - - [16/Mar/2017:12:43:24 -0300] "GET /cormun/static/Shared/jqueryui/images/ui-bg_highlight-soft_100_c6c2c8_1x100.png HTTP/1.1" 404 1117
186.79.247.255 - - [16/Mar/2017:12:43:24 -0300] "GET /cormun/static/Shared/jqueryui/images/ui-bg_flat_55_fafafa_40x100.png HTTP/1.1" 404 1097
186.79.247.255 - - [16/Mar/2017:12:43:24 -0300] "GET /cormun/static/Shared/jqueryui/images/ui-icons_82798d_256x240.png HTTP/1.1" 404 1089
186.79.247.255 - - [16/Mar/2017:12:43:24 -0300] "GET /cormun/static/Shared/jqueryui/images/ui-icons_8d78a5_256x240.png HTTP/1.1" 404 1089
186.79.247.255 - - [16/Mar/2017:12:43:26 -0300] "POST /cormun/servlet/trpermisosgoce?c944038f4758d1dac6f07e0bf265cefe,gx-no-cache=1489679079075 HTTP/1.1" 200 4917
186.79.247.255 - - [16/Mar/2017:12:43:27 -0300] "POST /cormun/servlet/trpermisosgoce?c944038f4758d1dac6f07e0bf265cefe,gx-no-cache=1489679080855 HTTP/1.1" 200 4180
186.79.247.255 - - [16/Mar/2017:12:43:36 -0300] "GET /cormun/servlet/trautorizarpermisogoce? HTTP/1.1" 200 7979
186.79.247.255 - - [16/Mar/2017:12:43:37 -0300] "GET /cormun/static/gxcfg.js?20173151352895 HTTP/1.1" 200 953
186.79.247.255 - - [16/Mar/2017:12:43:37 -0300] "GET /cormun/static/trautorizarpermisogoce.js?20173151353282 HTTP/1.1" 200 31039
186.79.247.255 - - [16/Mar/2017:12:43:38 -0300] "GET /cormun/servlet/trautorizarpermisogoce? HTTP/1.1" 200 7979
186.79.247.255 - - [16/Mar/2017:12:43:45 -0300] "POST /cormun/servlet/trautorizarpermisogoce?c944038f4758d1dac6f07e0bf265cefe,,gx-no-cache=1489679097651 HTTP/1.1" 200 5131
186.79.247.255 - - [16/Mar/2017:12:43:45 -0300] "GET /cormun/static/Shared/jqueryui/images/ui-bg_highlight-soft_100_c6c2c8_1x100.png HTTP/1.1" 404 1117
186.79.247.255 - - [16/Mar/2017:12:43:45 -0300] "GET /cormun/static/Shared/jqueryui/images/ui-icons_82798d_256x240.png HTTP/1.1" 404 1089
186.79.247.255 - - [16/Mar/2017:12:43:45 -0300] "GET /cormun/static/Shared/jqueryui/images/ui-bg_flat_55_fafafa_40x100.png HTTP/1.1" 404 1097
186.79.247.255 - - [16/Mar/2017:12:43:46 -0300] "GET /cormun/static/Shared/jqueryui/images/ui-icons_8d78a5_256x240.png HTTP/1.1" 404 1089
186.79.247.255 - - [16/Mar/2017:12:43:47 -0300] "POST /cormun/servlet/trautorizarpermisogoce?c944038f4758d1dac6f07e0bf265cefe,,gx-no-cache=1489679100098 HTTP/1.1" 200 4855
186.79.247.255 - - [16/Mar/2017:12:43:48 -0300] "POST /cormun/servlet/trautorizarpermisogoce?c944038f4758d1dac6f07e0bf265cefe,,gx-no-cache=1489679101799 HTTP/1.1" 200 4154
186.103.159.183 - - [16/Mar/2017:12:44:09 -0300] "GET /cormun/servlet/trpermisosadjuntos?17507861,20170316131255,P, HTTP/1.1" 200 6737
186.103.159.183 - - [16/Mar/2017:12:44:10 -0300] "GET /cormun/servlet/trpermisosadjuntos?17507861,20170316131255,P, HTTP/1.1" 200 6735
192.168.10.62 - - [16/Mar/2017:12:44:10 -0300] "GET /cormun/servlet/hlogin HTTP/1.1" 200 1740
186.103.159.183 - - [16/Mar/2017:12:44:10 -0300] "GET /cormun/PublicTempStorage/marisela7105719.jpg HTTP/1.1" 200 502055
186.103.159.183 - - [16/Mar/2017:12:44:18 -0300] "GET /cormun/servlet/permisosadjuntos?INS,17507861,P,20170316131255,, HTTP/1.1" 200 5625
186.103.159.183 - - [16/Mar/2017:12:44:20 -0300] "GET /cormun/static/about:blank HTTP/1.1" 404 1011
186.103.159.183 - - [16/Mar/2017:12:44:20 -0300] "GET /cormun/servlet/permisosadjuntos?INS,17507861,P,20170316131255,, HTTP/1.1" 200 5618
186.79.74.156 - - [16/Mar/2017:12:44:24 -0300] "GET /cormun/servlet/trsolicitudot? HTTP/1.1" 200 7374
186.79.74.156 - - [16/Mar/2017:12:44:25 -0300] "GET /cormun/servlet/trsolicitudot? HTTP/1.1" 200 7374
186.79.74.156 - - [16/Mar/2017:12:44:25 -0300] "GET /cormun/servlet/hlogin HTTP/1.1" 200 1741
186.79.74.156 - - [16/Mar/2017:12:44:31 -0300] "POST /cormun/servlet/hlogin?0f22dfb51fcfced2e784c87f59b644bb,gx-no-cache=1489679139959 HTTP/1.1" 200 90
186.79.74.156 - - [16/Mar/2017:12:44:31 -0300] "GET /cormun/servlet/hpexe_link HTTP/1.1" 200 961
186.79.74.156 - - [16/Mar/2017:12:44:31 -0300] "GET /cormun/servlet/trsolicitudot HTTP/1.1" 200 7948
186.79.74.156 - - [16/Mar/2017:12:44:32 -0300] "GET /cormun/servlet/trsolicitudot HTTP/1.1" 200 7947
192.168.10.89 - - [16/Mar/2017:12:44:34 -0300] "POST /cormun/servlet/trsolicitudgral?479e8598b0bc0d762ddd2b2c2163ca30,,gx-no-cache=1489682355862 HTTP/1.1" 200 14273
186.79.74.156 - - [16/Mar/2017:12:44:38 -0300] "GET /cormun/servlet/trlicencias? HTTP/1.1" 200 7879
186.79.74.156 - - [16/Mar/2017:12:44:39 -0300] "GET /cormun/servlet/trlicencias? HTTP/1.1" 200 7878
186.103.159.183 - - [16/Mar/2017:12:44:43 -0300] "POST /cormun/servlet/permisosadjuntos?0a9e79a0983bab47442e4cf34d9609d6,INS,17507861,P,20170316131255,, HTTP/1.1" 200 116
186.103.159.183 - - [16/Mar/2017:12:44:43 -0300] "GET /cormun/servlet/hpexe_return? HTTP/1.1" 200 1035
186.103.159.183 - - [16/Mar/2017:12:44:43 -0300] "GET /cormun/servlet/trpermisosadjuntos?17507861,20170316131255,P, HTTP/1.1" 200 6835
186.103.159.183 - - [16/Mar/2017:12:44:45 -0300] "GET /cormun/servlet/trpermisosadjuntos?17507861,20170316131255,P, HTTP/1.1" 200 6831
186.103.159.183 - - [16/Mar/2017:12:44:45 -0300] "GET /cormun/PublicTempStorage/marisela3723457.jpg HTTP/1.1" 200 502055
186.103.159.183 - - [16/Mar/2017:12:44:45 -0300] "GET /cormun/PublicTempStorage/marisela3917835.jpg HTTP/1.1" 200 502055
