200.112.5.184 - - [16/Mar/2017:09:32:44 -0300] "GET /cormun/static/Resources/PXToolsHeaderActionsRight.png HTTP/1.1" 200 1201
200.112.5.184 - - [16/Mar/2017:09:32:44 -0300] "GET /cormun/static/Resources/PXToolsHeaderPreferences.png HTTP/1.1" 200 4189
200.112.5.184 - - [16/Mar/2017:09:32:44 -0300] "GET /cormun/static/Resources/PXToolsHeaderHome.png HTTP/1.1" 200 4147
200.112.5.184 - - [16/Mar/2017:09:32:44 -0300] "GET /cormun/static/hpexe_scripts.js?201731512453784 HTTP/1.1" 200 1544
200.112.5.184 - - [16/Mar/2017:09:32:45 -0300] "GET /cormun/static/hpexe_messagecontroller.js?201610171694323 HTTP/1.1" 200 870
200.112.5.184 - - [16/Mar/2017:09:32:45 -0300] "GET /cormun/static/hpexe_messagepopupcomponent.js?20161017169425 HTTP/1.1" 200 605
200.112.5.184 - - [16/Mar/2017:09:32:45 -0300] "GET /cormun/static/hpexe_messagegenexuscomponent.js?201731512453548 HTTP/1.1" 200 587
200.112.5.184 - - [16/Mar/2017:09:32:45 -0300] "GET /cormun/static/cmcontrolpreferences.js?201731512453759 HTTP/1.1" 200 1375
200.112.5.184 - - [16/Mar/2017:09:32:45 -0300] "GET /cormun/static/Shared/jquery/jquery-1.4.2.min.js HTTP/1.1" 200 72174
200.112.5.184 - - [16/Mar/2017:09:32:45 -0300] "GET /cormun/static/SmoothNavMenu/resources/ddsmoothmenu.js HTTP/1.1" 200 12712
200.112.5.184 - - [16/Mar/2017:09:32:45 -0300] "GET /cormun/static/SmoothNavMenu/resources/SmoothNavMenuRender.js HTTP/1.1" 200 5951
200.112.5.184 - - [16/Mar/2017:09:32:45 -0300] "GET /cormun/static/scaMessage/js/jquery.pnotify.min.js HTTP/1.1" 200 13038
200.112.5.184 - - [16/Mar/2017:09:32:45 -0300] "GET /cormun/static/scaMessage/scaMessageRender.js HTTP/1.1" 200 11977
200.112.5.184 - - [16/Mar/2017:09:32:46 -0300] "GET /cormun/static/hmpwkw03.js?20173151305292 HTTP/1.1" 200 3965
200.112.5.184 - - [16/Mar/2017:09:32:47 -0300] "GET /cormun/static/Shared/jquery/jquery-1.10.2.min.js HTTP/1.1" 200 273199
200.112.5.184 - - [16/Mar/2017:09:32:47 -0300] "GET /cormun/static/Shared/jqueryui/jquery-ui.min.js HTTP/1.1" 200 240427
200.112.5.184 - - [16/Mar/2017:09:32:51 -0300] "GET /cormun/static/Shared/ext/ext-all.js HTTP/1.1" 200 1289687
200.112.5.184 - - [16/Mar/2017:09:32:52 -0300] "GET /cormun/servlet/hhome HTTP/1.1" 200 4000
200.112.5.184 - - [16/Mar/2017:09:32:52 -0300] "GET /cormun/static/SmoothNavMenu/resources/images/down.gif HTTP/1.1" 200 854
200.112.5.184 - - [16/Mar/2017:09:32:52 -0300] "GET /cormun/static/SmoothNavMenu/resources/images/right.gif HTTP/1.1" 200 860
200.112.5.184 - - [16/Mar/2017:09:32:57 -0300] "GET /cormun/servlet/trlicencias? HTTP/1.1" 200 6869
200.112.5.184 - - [16/Mar/2017:09:32:57 -0300] "GET /cormun/static/gxui/gxui-all.css?120300 HTTP/1.1" 200 2179
200.112.5.184 - - [16/Mar/2017:09:32:57 -0300] "GET /cormun/static/gxcfg.js?2016122619301429 HTTP/1.1" 200 953
200.112.5.184 - - [16/Mar/2017:09:32:57 -0300] "GET /cormun/static/calendar-system.css?85620 HTTP/1.1" 200 5572
200.112.5.184 - - [16/Mar/2017:09:32:58 -0300] "GET /cormun/static/calendar-setup.js?85251 HTTP/1.1" 200 2588
200.112.5.184 - - [16/Mar/2017:09:32:58 -0300] "GET /cormun/static/calendar-es.js?85251 HTTP/1.1" 200 1901
200.112.5.184 - - [16/Mar/2017:09:32:58 -0300] "GET /cormun/static/calendar.js?85251 HTTP/1.1" 200 26246
200.112.5.184 - - [16/Mar/2017:09:32:58 -0300] "GET /cormun/static/Resources/Spanish/PXTools.css?18365030 HTTP/1.1" 200 89042
200.112.5.184 - - [16/Mar/2017:09:32:59 -0300] "GET /cormun/static/gxdec.js?85251 HTTP/1.1" 200 19579
200.112.5.184 - - [16/Mar/2017:09:32:59 -0300] "GET /cormun/static/trlicencias.js?2016122619301919 HTTP/1.1" 200 37916
200.112.5.184 - - [16/Mar/2017:09:32:59 -0300] "GET /cormun/static/Shared/ext/resources/css/ext-all.css?215870 HTTP/1.1" 200 416045
200.112.5.184 - - [16/Mar/2017:09:33:00 -0300] "GET /cormun/static/Resources/PXTools/calendar.png HTTP/1.1" 200 1306
200.112.5.184 - - [16/Mar/2017:09:33:00 -0300] "GET /cormun/static/Resources/PXToolsDataSearch.png HTTP/1.1" 200 419
200.112.5.184 - - [16/Mar/2017:09:33:00 -0300] "GET /cormun/static/Resources/PXToolsGridFirstDisabled.gif HTTP/1.1" 200 100
200.112.5.184 - - [16/Mar/2017:09:33:00 -0300] "GET /cormun/static/Resources/PXToolsGridPreviousDisabled.gif HTTP/1.1" 200 90
200.112.5.184 - - [16/Mar/2017:09:33:00 -0300] "GET /cormun/static/Resources/PXToolsGridNextDisabled.gif HTTP/1.1" 200 90
200.112.5.184 - - [16/Mar/2017:09:33:00 -0300] "GET /cormun/static/Resources/PXToolsGridLastDisabled.gif HTTP/1.1" 200 98
200.112.5.184 - - [16/Mar/2017:09:33:00 -0300] "GET /cormun/static/Resources/PXToolsGridPage.gif HTTP/1.1" 200 725
200.112.5.184 - - [16/Mar/2017:09:33:00 -0300] "GET /cormun/static/Resources/PXToolsActionExcel.png HTTP/1.1" 200 3187
200.112.5.184 - - [16/Mar/2017:09:33:00 -0300] "GET /cormun/static/Resources/PXToolsGridNew.png HTTP/1.1" 200 2949
200.112.5.184 - - [16/Mar/2017:09:33:01 -0300] "GET /cormun/static/Resources/asc.gif HTTP/1.1" 200 67
200.112.5.184 - - [16/Mar/2017:09:33:01 -0300] "GET /cormun/static/Resources/desc.gif HTTP/1.1" 200 65
200.112.5.184 - - [16/Mar/2017:09:33:01 -0300] "GET /cormun/servlet/trlicencias? HTTP/1.1" 200 6868
200.112.5.184 - - [16/Mar/2017:09:33:01 -0300] "GET /cormun/static/Shared/ext/resources/themes/images/default/panel/bg-headersPanel.png HTTP/1.1" 200 255
200.112.5.184 - - [16/Mar/2017:09:33:01 -0300] "GET /cormun/static/Shared/ext/resources/themes/images/default/tools/tool-sprites.gif HTTP/1.1" 200 5434
200.111.191.210 - - [16/Mar/2017:09:33:26 -0300] "GET /cormun/servlet/licenciaspermisos?d205416ffe22109155f899dbab220761e0bcc5138f1b24dda38370585f4f8627a65e8e866eeb164bb899f25ed4a187c258bd3fe7a14039d0d281171d149f182162290c90ecd34e3bf6362d474e70992cc974061354938eab782fa0ffa1007dfb322c32aa0e3fd7c03dd5e054fdc6ed7cf208600406e39e766b2a10da5b93952ea3d7b0d7744020d7c612638390c8809035fa16dc70b70bf179d42a1bd83bb0d64c2b634813730feb01715d542a27fe96,gx-no-cache=1489671186779 HTTP/1.1" 200 30
200.111.191.210 - - [16/Mar/2017:09:33:26 -0300] "GET /cormun/servlet/licenciaspermisos?d205416ffe22109155f899dbab2207610fc83ed3ee89222de5bc1b5f9ed1d756734405ce72549606adffbf17a0185a2285fc337ca792745383ca8e79b0f1f1127cf9d6451cfdfc04933314d1a58489832abc41f58f7a1ccce337b2ae32ec36e906be460088b77ef14023a1cb0c2a926e4f230c2f3ef7926eabec98841bd0be68bdbaaf928f21808efa90cd3ced0089195892baec520cc12dd3837be5b2591cd4c4bfa1f1595eb744c703f7ed8ce5f29e,gx-no-cache=1489671186821 HTTP/1.1" 200 29
200.111.191.210 - - [16/Mar/2017:09:33:26 -0300] "POST /cormun/servlet/licenciaspermisos?e248a3a82fe75217cfd29b2468bd511c,INS,0,,,,gx-no-cache=1489671186845 HTTP/1.1" 500 10
190.101.9.138 - - [16/Mar/2017:09:33:36 -0300] "GET /cormun/servlet/licenciaspermisos?INS,0,,, HTTP/1.1" 200 7140
190.101.9.138 - - [16/Mar/2017:09:33:36 -0300] "GET /cormun/static/calendar-system.css?75620 HTTP/1.1" 200 5572
186.103.159.188 - - [16/Mar/2017:09:33:36 -0300] "GET /cormun/static/gxcfg.js?201731512524920 HTTP/1.1" 200 953
186.103.159.188 - - [16/Mar/2017:09:33:36 -0300] "GET /cormun/static/licenciaspermisos.js?201731512524975 HTTP/1.1" 200 33776
186.103.159.188 - - [16/Mar/2017:09:33:37 -0300] "GET /cormun/servlet/licenciaspermisos?INS,0,,, HTTP/1.1" 200 7140
192.168.10.96 - - [16/Mar/2017:09:33:40 -0300] "POST /cormun/servlet/trsolicitudgral?30ac563c0a6046421c4923fed65dfbe7,,gx-no-cache=1489670902340 HTTP/1.1" 200 115
192.168.10.96 - - [16/Mar/2017:09:33:40 -0300] "GET /cormun/servlet/solicitudotlog?INS,2017,5161,0,REC, HTTP/1.1" 200 5932
192.168.10.96 - - [16/Mar/2017:09:33:40 -0300] "GET /cormun/static/gxcfg.js?201731512535061 HTTP/1.1" 200 953
192.168.10.96 - - [16/Mar/2017:09:33:40 -0300] "GET /cormun/static/solicitudotlog.js?201731512535070 HTTP/1.1" 200 8925
192.168.10.96 - - [16/Mar/2017:09:33:41 -0300] "GET /cormun/servlet/solicitudotlog?INS,2017,5161,0,REC, HTTP/1.1" 200 5932
192.168.10.96 - - [16/Mar/2017:09:33:41 -0300] "GET /cormun/servlet/solicitudotlog?75bffc11f3b00bcdabf5148b4939e778b9763d6d386a4d7354968e0d03c804549f43f9a4842cc8a444759274d8eb3c714eeee050fb9f18d0d5ae3e2500fe337ff46b1c8cc686e60d9973493a13fc5bd17fdb28cccceb1309ab02253b393a9d083b46541a998a008a1859a62c450a085c2d695db417a501799492d4f5d2c31467ae3acab7635247adb911b864c3ab5e8ac20cf5bd5810f124c7bfdbc1eb1764e6,gx-no-cache=1489670903568 HTTP/1.1" 200 94
192.168.10.96 - - [16/Mar/2017:09:33:45 -0300] "POST /cormun/servlet/solicitudotlog?30ac563c0a6046421c4923fed65dfbe7,INS,2017,5161,0,REC,,gx-no-cache=1489670907620 HTTP/1.1" 200 93
192.168.10.96 - - [16/Mar/2017:09:33:45 -0300] "GET /cormun/servlet/hpexe_return? HTTP/1.1" 200 1021
192.168.10.96 - - [16/Mar/2017:09:33:46 -0300] "GET /cormun/servlet/trsolicitudgral? HTTP/1.1" 200 16027
192.168.10.96 - - [16/Mar/2017:09:33:46 -0300] "GET /cormun/servlet/trsolicitudgral? HTTP/1.1" 200 16023
192.168.10.96 - - [16/Mar/2017:09:33:51 -0300] "POST /cormun/servlet/trsolicitudgral?30ac563c0a6046421c4923fed65dfbe7,,gx-no-cache=1489670913280 HTTP/1.1" 200 115
192.168.10.96 - - [16/Mar/2017:09:33:51 -0300] "GET /cormun/servlet/solicitudotlog?INS,2017,5160,0,REC, HTTP/1.1" 200 5932
192.168.10.96 - - [16/Mar/2017:09:33:51 -0300] "GET /cormun/servlet/solicitudotlog?INS,2017,5160,0,REC, HTTP/1.1" 200 5932
192.168.10.96 - - [16/Mar/2017:09:33:52 -0300] "GET /cormun/servlet/solicitudotlog?75bffc11f3b00bcdabf5148b4939e7784194f3281142388da754da3a0ee4578d9f43f9a4842cc8a444759274d8eb3c714eeee050fb9f18d0d5ae3e2500fe337ff46b1c8cc686e60d9973493a13fc5bd17fdb28cccceb1309ab02253b393a9d083b46541a998a008a1859a62c450a085c2d695db417a501799492d4f5d2c31467ae3acab7635247adb911b864c3ab5e8ac20cf5bd5810f124c7bfdbc1eb1764e6,gx-no-cache=1489670914270 HTTP/1.1" 200 94
186.103.159.188 - - [16/Mar/2017:09:33:54 -0300] "GET /cormun/servlet/trlicencias? HTTP/1.1" 200 6615
186.103.159.188 - - [16/Mar/2017:09:33:54 -0300] "GET /cormun/servlet/trlicencias? HTTP/1.1" 200 6614
192.168.10.96 - - [16/Mar/2017:09:33:55 -0300] "POST /cormun/servlet/solicitudotlog?30ac563c0a6046421c4923fed65dfbe7,INS,2017,5160,0,REC,,gx-no-cache=1489670917484 HTTP/1.1" 200 93
192.168.10.96 - - [16/Mar/2017:09:33:55 -0300] "GET /cormun/servlet/hpexe_return? HTTP/1.1" 200 1021
192.168.10.96 - - [16/Mar/2017:09:33:56 -0300] "GET /cormun/servlet/trsolicitudgral HTTP/1.1" 200 15713
192.168.10.96 - - [16/Mar/2017:09:33:56 -0300] "GET /cormun/servlet/trsolicitudgral HTTP/1.1" 200 15709
200.83.57.219 - - [16/Mar/2017:09:33:59 -0300] "GET /cormun/servlet/solicitudot?UPD,2017,5091, HTTP/1.1" 200 14577
200.83.57.219 - - [16/Mar/2017:09:33:59 -0300] "GET /cormun/servlet/solicitudot?UPD,2017,5091, HTTP/1.1" 200 14586
200.83.57.219 - - [16/Mar/2017:09:33:59 -0300] "GET /favicon.ico HTTP/1.1" 200 21630
200.83.57.219 - - [16/Mar/2017:09:34:00 -0300] "POST /cormun/servlet/solicitudot?gx-no-cache=1489667706407 HTTP/1.1" 200 3180
200.83.57.219 - - [16/Mar/2017:09:34:00 -0300] "POST /cormun/servlet/solicitudot?9ed709fbf4b9fc87f04a09cad75c0fef,UPD,2017,5091,,gx-no-cache=1489667706689 HTTP/1.1" 200 11051
200.83.57.219 - - [16/Mar/2017:09:34:00 -0300] "GET /cormun/servlet/solicitudot?a1ee7232fdb89dbd45f86dcb07ae2a2d534e4d8753229efb6062f13ec4d4e17b25eefd67b9d5eba577b937c8a2cb0902,gx-no-cache=1489667706976 HTTP/1.1" 200 30
200.83.57.219 - - [16/Mar/2017:09:34:00 -0300] "POST /cormun/servlet/solicitudot?gx-no-cache=1489667707085 HTTP/1.1" 200 254
200.83.57.219 - - [16/Mar/2017:09:34:00 -0300] "GET /cormun/servlet/solicitudot?a1ee7232fdb89dbd45f86dcb07ae2a2d3cc835e205fab9c4c2153e28a539be38e657ebb84aca0f6d6dd0b5515891357eb83084d0b006dc98028bde3405ba01a135e766e2a06622028f5fc3fd82c43f8e0583799f13db2a8d1d8adbe43040fd8e9fb2b9b068a2139897dba9ea59c7e9350c5756da9ac80f870aebaae2c70440484d4e035969078fcf1822a36cf17d3a6342fb651173a98f50144dced750e5db50539b57a3203dfa11b812779715403053aa6ff4cd8365678f330f2fd81b679993090f2fa548ef633fbe5b54d41c274c350867629aacf42641d57df4a1c65b3e14388f95d2a3963d00b5418737073fcaacbf694668445e29074a6a02665c5f8b8a3619666b18d0b4803f62a864be50903e82b5f72cc879e9ff1fd6c5043ed08ffcbc21d3d26b2db45857f362fbd22066a511f31d1039cfc99592369bf0fc3fddd71c319c99b716f2876ae8421f326789c7bac5e95121ee949f12f97929494e8d9617c7b7752156782b0340b42562d742a4939733672944e46425c2b5cde432176f,gx-no-cache=1489667707186 HTTP/1.1" 200 30
200.83.57.219 - - [16/Mar/2017:09:34:00 -0300] "POST /cormun/servlet/solicitudot?gx-no-cache=1489667707274 HTTP/1.1" 200 30
200.83.57.219 - - [16/Mar/2017:09:34:01 -0300] "POST /cormun/servlet/solicitudot?gx-no-cache=1489667707350 HTTP/1.1" 200 1287
200.83.57.219 - - [16/Mar/2017:09:34:01 -0300] "POST /cormun/servlet/solicitudot?gx-no-cache=1489667707427 HTTP/1.1" 200 41
186.79.248.208 - - [16/Mar/2017:09:34:13 -0300] "POST /cormun/servlet/trlicencias?5bdc24fa72bec3742bb557b88058b574,gx-no-cache=1489671178509 HTTP/1.1" 440 972
186.79.248.208 - - [16/Mar/2017:09:34:16 -0300] "GET /cormun/servlet/trlicencias HTTP/1.1" 200 7770
186.79.248.208 - - [16/Mar/2017:09:34:19 -0300] "GET /cormun/servlet/trlicencias HTTP/1.1" 200 7770
186.79.248.208 - - [16/Mar/2017:09:34:19 -0300] "GET /cormun/servlet/hlogin HTTP/1.1" 200 1735
190.101.9.138 - - [16/Mar/2017:09:34:20 -0300] "GET /cormun/servlet/licenciaspermisos?INS,0,,, HTTP/1.1" 200 7140
190.101.9.138 - - [16/Mar/2017:09:34:20 -0300] "GET /cormun/servlet/licenciaspermisos?INS,0,,, HTTP/1.1" 200 7140
200.112.5.184 - - [16/Mar/2017:09:34:22 -0300] "GET /cormun/servlet/licenciaspermisos?INS,0,,, HTTP/1.1" 200 7384
200.112.5.184 - - [16/Mar/2017:09:34:23 -0300] "GET /cormun/static/calendar-system.css?75620 HTTP/1.1" 200 5572
200.112.5.184 - - [16/Mar/2017:09:34:23 -0300] "GET /cormun/static/gxcfg.js?201731512524920 HTTP/1.1" 200 953
200.112.5.184 - - [16/Mar/2017:09:34:23 -0300] "GET /cormun/static/Resources/prompt.gif HTTP/1.1" 200 902
200.112.5.184 - - [16/Mar/2017:09:34:23 -0300] "GET /cormun/static/licenciaspermisos.js?201731512524975 HTTP/1.1" 200 33776
200.112.5.184 - - [16/Mar/2017:09:34:23 -0300] "GET /cormun/servlet/licenciaspermisos?INS,0,,, HTTP/1.1" 200 7384
200.83.57.219 - - [16/Mar/2017:09:34:28 -0300] "POST /cormun/servlet/solicitudot?9ed709fbf4b9fc87f04a09cad75c0fef,UPD,2017,5091,,gx-no-cache=1489667734403 HTTP/1.1" 200 93
200.83.57.219 - - [16/Mar/2017:09:34:28 -0300] "GET /cormun/servlet/hpexe_return? HTTP/1.1" 200 1011
200.83.57.219 - - [16/Mar/2017:09:34:28 -0300] "GET /cormun/static/gxcfg.js?2016101716175148 HTTP/1.1" 304 -
200.83.57.219 - - [16/Mar/2017:09:34:28 -0300] "GET /cormun/servlet/trsolicitudot HTTP/1.1" 200 8956
200.83.57.219 - - [16/Mar/2017:09:34:29 -0300] "GET /cormun/servlet/trsolicitudot HTTP/1.1" 200 8952
192.168.10.96 - - [16/Mar/2017:09:34:29 -0300] "GET /cormun/servlet/hlogin HTTP/1.1" 200 1738
186.79.248.208 - - [16/Mar/2017:09:34:29 -0300] "POST /cormun/servlet/hlogin?aaeeb840da32fa1ffff1bc7c164cb4da,gx-no-cache=1489671194193 HTTP/1.1" 200 90
186.79.248.208 - - [16/Mar/2017:09:34:29 -0300] "GET /cormun/servlet/hpexe_link HTTP/1.1" 200 956
186.79.248.208 - - [16/Mar/2017:09:34:29 -0300] "GET /cormun/servlet/trlicencias HTTP/1.1" 200 7703
186.79.248.208 - - [16/Mar/2017:09:34:31 -0300] "GET /cormun/servlet/trlicencias HTTP/1.1" 200 7702
186.79.248.208 - - [16/Mar/2017:09:34:38 -0300] "GET /cormun/servlet/trlicenciaspermisosadjuntos?13225459,20170316000000,L, HTTP/1.1" 200 6603
186.79.248.208 - - [16/Mar/2017:09:34:40 -0300] "GET /cormun/servlet/trlicenciaspermisosadjuntos?13225459,20170316000000,L, HTTP/1.1" 200 6604
200.112.5.184 - - [16/Mar/2017:09:34:41 -0300] "GET /cormun/static/Resources/resize.gif HTTP/1.1" 200 77
186.79.248.208 - - [16/Mar/2017:09:34:43 -0300] "POST /cormun/servlet/trlicenciaspermisosadjuntos?aaeeb840da32fa1ffff1bc7c164cb4da,13225459,20170316000000,L,,gx-no-cache=1489671208162 HTTP/1.1" 200 90
186.79.248.208 - - [16/Mar/2017:09:34:43 -0300] "GET /cormun/servlet/hpexe_link HTTP/1.1" 200 984
186.79.248.208 - - [16/Mar/2017:09:34:44 -0300] "GET /cormun/servlet/trlicencias HTTP/1.1" 200 7703
186.79.248.208 - - [16/Mar/2017:09:34:45 -0300] "GET /cormun/servlet/trlicencias HTTP/1.1" 200 7702
200.83.57.219 - - [16/Mar/2017:09:34:46 -0300] "POST /cormun/servlet/trsolicitudot?9ed709fbf4b9fc87f04a09cad75c0fef,gx-no-cache=1489667752355 HTTP/1.1" 200 105
200.83.57.219 - - [16/Mar/2017:09:34:46 -0300] "GET /cormun/servlet/solicitudot?DLT,2017,5161, HTTP/1.1" 200 9703
200.83.57.219 - - [16/Mar/2017:09:34:47 -0300] "GET /cormun/static/Shared/jqueryui/images/ui-bg_highlight-soft_100_c6c2c8_1x100.png HTTP/1.1" 404 1117
200.83.57.219 - - [16/Mar/2017:09:34:47 -0300] "GET /cormun/static/Shared/jqueryui/images/ui-icons_82798d_256x240.png HTTP/1.1" 404 1089
200.83.57.219 - - [16/Mar/2017:09:34:47 -0300] "GET /cormun/static/Shared/jqueryui/images/ui-bg_flat_55_fafafa_40x100.png HTTP/1.1" 404 1097
200.83.57.219 - - [16/Mar/2017:09:34:47 -0300] "GET /cormun/static/Shared/jqueryui/images/ui-icons_8d78a5_256x240.png HTTP/1.1" 404 1089
200.83.57.219 - - [16/Mar/2017:09:34:47 -0300] "GET /cormun/servlet/solicitudot?DLT,2017,5161, HTTP/1.1" 200 9713
200.112.5.184 - - [16/Mar/2017:09:34:49 -0300] "GET /cormun/servlet/prfichaempleado?,MD,,gxPopupLevel%3D0%3B HTTP/1.1" 200 8869
200.112.5.184 - - [16/Mar/2017:09:34:49 -0300] "GET /cormun/static/gxcfg.js?2016102420561687 HTTP/1.1" 200 953
200.112.5.184 - - [16/Mar/2017:09:34:49 -0300] "GET /cormun/static/Resources/PXToolsMenuSearch.png HTTP/1.1" 200 2914
200.112.5.184 - - [16/Mar/2017:09:34:49 -0300] "GET /cormun/static/prfichaempleado.js?201610242056198 HTTP/1.1" 200 16015
200.112.5.184 - - [16/Mar/2017:09:34:49 -0300] "GET /cormun/static/menusearch.js?201610171694467 HTTP/1.1" 200 1424
186.79.248.208 - - [16/Mar/2017:09:34:49 -0300] "POST /cormun/servlet/trlicencias?aaeeb840da32fa1ffff1bc7c164cb4da,gx-no-cache=1489671214224 HTTP/1.1" 200 3782
200.112.5.184 - - [16/Mar/2017:09:34:49 -0300] "GET /cormun/static/hmpwkw011.js?20173151304635 HTTP/1.1" 200 1968
200.112.5.184 - - [16/Mar/2017:09:34:49 -0300] "GET /cormun/static/Resources/PXToolsMenuSearchCancel.png HTTP/1.1" 200 2972
200.112.5.184 - - [16/Mar/2017:09:34:49 -0300] "GET /cormun/static/Resources/Spanish/PXTools.css?167811 HTTP/1.1" 200 89042
186.79.248.208 - - [16/Mar/2017:09:34:49 -0300] "GET /cormun/static/Shared/jqueryui/images/ui-bg_highlight-soft_100_c6c2c8_1x100.png HTTP/1.1" 404 1117
186.79.248.208 - - [16/Mar/2017:09:34:49 -0300] "GET /cormun/static/Shared/jqueryui/images/ui-icons_82798d_256x240.png HTTP/1.1" 404 1089
186.79.248.208 - - [16/Mar/2017:09:34:50 -0300] "GET /cormun/static/Shared/jqueryui/images/ui-bg_flat_55_fafafa_40x100.png HTTP/1.1" 404 1097
186.79.248.208 - - [16/Mar/2017:09:34:50 -0300] "GET /cormun/static/Shared/jqueryui/images/ui-icons_8d78a5_256x240.png HTTP/1.1" 404 1089
200.83.57.219 - - [16/Mar/2017:09:34:50 -0300] "POST /cormun/servlet/solicitudot?9ed709fbf4b9fc87f04a09cad75c0fef,DLT,2017,5161,,gx-no-cache=1489667756669 HTTP/1.1" 200 12617
200.83.57.219 - - [16/Mar/2017:09:34:50 -0300] "GET /cormun/static/Shared/jqueryui/images/ui-bg_flat_55_994d53_40x100.png HTTP/1.1" 404 1097
200.83.57.219 - - [16/Mar/2017:09:34:50 -0300] "GET /cormun/static/Shared/jqueryui/images/ui-icons_ebccce_256x240.png HTTP/1.1" 404 1089
200.83.57.219 - - [16/Mar/2017:09:34:53 -0300] "POST /cormun/servlet/solicitudot?9ed709fbf4b9fc87f04a09cad75c0fef,DLT,2017,5161,,gx-no-cache=1489667759282 HTTP/1.1" 200 12742
200.83.57.219 - - [16/Mar/2017:09:34:54 -0300] "POST /cormun/servlet/solicitudot?9ed709fbf4b9fc87f04a09cad75c0fef,DLT,2017,5161,,gx-no-cache=1489667760552 HTTP/1.1" 200 12954
192.168.10.96 - - [16/Mar/2017:09:34:55 -0300] "POST /cormun/servlet/hlogin?30ac563c0a6046421c4923fed65dfbe7,gx-no-cache=1489670977074 HTTP/1.1" 200 456
200.83.57.219 - - [16/Mar/2017:09:34:57 -0300] "GET /cormun/servlet/trsolicitudot? HTTP/1.1" 200 8958
200.83.57.219 - - [16/Mar/2017:09:34:58 -0300] "GET /cormun/servlet/trsolicitudot? HTTP/1.1" 200 8952
200.83.57.219 - - [16/Mar/2017:09:35:00 -0300] "POST /cormun/servlet/trsolicitudot?9ed709fbf4b9fc87f04a09cad75c0fef,,gx-no-cache=1489667767113 HTTP/1.1" 200 6063
200.83.57.219 - - [16/Mar/2017:09:35:01 -0300] "GET /cormun/static/Shared/jqueryui/images/ui-bg_highlight-soft_100_c6c2c8_1x100.png HTTP/1.1" 404 1117
200.83.57.219 - - [16/Mar/2017:09:35:01 -0300] "GET /cormun/static/Shared/jqueryui/images/ui-icons_82798d_256x240.png HTTP/1.1" 404 1089
200.83.57.219 - - [16/Mar/2017:09:35:01 -0300] "GET /cormun/static/Shared/jqueryui/images/ui-bg_flat_55_fafafa_40x100.png HTTP/1.1" 404 1097
200.83.57.219 - - [16/Mar/2017:09:35:01 -0300] "GET /cormun/static/Shared/jqueryui/images/ui-icons_8d78a5_256x240.png HTTP/1.1" 404 1089
192.168.10.96 - - [16/Mar/2017:09:35:02 -0300] "POST /cormun/servlet/hlogin?30ac563c0a6046421c4923fed65dfbe7,gx-no-cache=1489670984111 HTTP/1.1" 200 456
186.103.159.188 - - [16/Mar/2017:09:35:02 -0300] "GET /cormun/servlet/prfichaempleado?,MD,,gxPopupLevel%3D0%3B HTTP/1.1" 200 8825
186.103.159.188 - - [16/Mar/2017:09:35:03 -0300] "GET /cormun/static/hmpwkw011.js?20173151304635 HTTP/1.1" 200 1968
186.79.248.208 - - [16/Mar/2017:09:35:05 -0300] "POST /cormun/servlet/trlicencias?aaeeb840da32fa1ffff1bc7c164cb4da,gx-no-cache=1489671229370 HTTP/1.1" 200 5333
200.83.57.219 - - [16/Mar/2017:09:35:18 -0300] "POST /cormun/servlet/trsolicitudot?9ed709fbf4b9fc87f04a09cad75c0fef,,gx-no-cache=1489667784205 HTTP/1.1" 200 6062
186.79.248.208 - - [16/Mar/2017:09:35:18 -0300] "POST /cormun/servlet/trlicencias?aaeeb840da32fa1ffff1bc7c164cb4da,gx-no-cache=1489671242898 HTTP/1.1" 200 3636
192.168.10.96 - - [16/Mar/2017:09:35:19 -0300] "POST /cormun/servlet/hlogin?30ac563c0a6046421c4923fed65dfbe7,gx-no-cache=1489671001401 HTTP/1.1" 200 90
192.168.10.96 - - [16/Mar/2017:09:35:19 -0300] "GET /cormun/servlet/hpexe_link HTTP/1.1" 200 953
192.168.10.96 - - [16/Mar/2017:09:35:19 -0300] "GET /cormun/servlet/hhome HTTP/1.1" 200 4094
192.168.10.96 - - [16/Mar/2017:09:35:20 -0300] "GET /cormun/servlet/hhome HTTP/1.1" 200 4090
192.168.10.96 - - [16/Mar/2017:09:35:21 -0300] "GET /cormun/servlet/trsolicitudot? HTTP/1.1" 200 8956
192.168.10.96 - - [16/Mar/2017:09:35:22 -0300] "GET /cormun/servlet/trsolicitudot? HTTP/1.1" 200 8954
186.79.248.208 - - [16/Mar/2017:09:35:26 -0300] "POST /cormun/servlet/trlicencias?aaeeb840da32fa1ffff1bc7c164cb4da,gx-no-cache=1489671250549 HTTP/1.1" 200 5527
192.168.10.96 - - [16/Mar/2017:09:35:29 -0300] "POST /cormun/servlet/trsolicitudot?30ac563c0a6046421c4923fed65dfbe7,,gx-no-cache=1489671011848 HTTP/1.1" 200 105
192.168.10.96 - - [16/Mar/2017:09:35:30 -0300] "GET /cormun/servlet/solicitudot?DLT,2017,5161, HTTP/1.1" 200 9705
192.168.10.96 - - [16/Mar/2017:09:35:30 -0300] "GET /cormun/static/Shared/jqueryui/images/ui-bg_highlight-soft_100_c6c2c8_1x100.png HTTP/1.1" 404 1117
192.168.10.96 - - [16/Mar/2017:09:35:30 -0300] "GET /cormun/static/Shared/jqueryui/images/ui-icons_82798d_256x240.png HTTP/1.1" 404 1089
192.168.10.96 - - [16/Mar/2017:09:35:30 -0300] "GET /cormun/static/Shared/jqueryui/images/ui-icons_8d78a5_256x240.png HTTP/1.1" 404 1089
192.168.10.96 - - [16/Mar/2017:09:35:30 -0300] "GET /cormun/static/Shared/jqueryui/images/ui-bg_flat_55_fafafa_40x100.png HTTP/1.1" 404 1097
192.168.10.96 - - [16/Mar/2017:09:35:30 -0300] "GET /cormun/servlet/solicitudot?DLT,2017,5161, HTTP/1.1" 200 9714
200.83.57.219 - - [16/Mar/2017:09:35:36 -0300] "POST /cormun/servlet/trsolicitudot?9ed709fbf4b9fc87f04a09cad75c0fef,,gx-no-cache=1489667803056 HTTP/1.1" 200 105
200.83.57.219 - - [16/Mar/2017:09:35:36 -0300] "GET /cormun/servlet/solicitudot?DLT,2017,5091, HTTP/1.1" 200 9688
200.83.57.219 - - [16/Mar/2017:09:35:37 -0300] "GET /cormun/static/Shared/jqueryui/images/ui-bg_highlight-soft_100_c6c2c8_1x100.png HTTP/1.1" 404 1117
200.83.57.219 - - [16/Mar/2017:09:35:37 -0300] "GET /cormun/static/Shared/jqueryui/images/ui-icons_82798d_256x240.png HTTP/1.1" 404 1089
192.168.10.96 - - [16/Mar/2017:09:35:37 -0300] "POST /cormun/servlet/solicitudot?30ac563c0a6046421c4923fed65dfbe7,DLT,2017,5161,,gx-no-cache=1489671019181 HTTP/1.1" 200 90
200.83.57.219 - - [16/Mar/2017:09:35:37 -0300] "GET /cormun/static/Shared/jqueryui/images/ui-bg_flat_55_fafafa_40x100.png HTTP/1.1" 404 1097
200.83.57.219 - - [16/Mar/2017:09:35:37 -0300] "GET /cormun/static/Shared/jqueryui/images/ui-icons_8d78a5_256x240.png HTTP/1.1" 404 1089
192.168.10.96 - - [16/Mar/2017:09:35:37 -0300] "GET /cormun/servlet/hpexe_link HTTP/1.1" 200 968
200.83.57.219 - - [16/Mar/2017:09:35:37 -0300] "GET /cormun/servlet/solicitudot?DLT,2017,5091, HTTP/1.1" 200 9697
192.168.10.96 - - [16/Mar/2017:09:35:37 -0300] "GET /cormun/servlet/trsolicitudot HTTP/1.1" 200 8956
192.168.10.96 - - [16/Mar/2017:09:35:38 -0300] "GET /cormun/servlet/trsolicitudot HTTP/1.1" 200 8954
200.112.5.184 - - [16/Mar/2017:09:35:42 -0300] "POST /cormun/servlet/prfichaempleado?b95023468765f5a8a7695c91a85dd1b9,,MD,,gxPopupLevel%3D0%3B,gx-no-cache=1489667810995 HTTP/1.1" 200 3415
192.168.10.96 - - [16/Mar/2017:09:35:42 -0300] "POST /cormun/servlet/trsolicitudot?30ac563c0a6046421c4923fed65dfbe7,gx-no-cache=1489671024291 HTTP/1.1" 200 105
192.168.10.96 - - [16/Mar/2017:09:35:42 -0300] "GET /cormun/servlet/solicitudot?DLT,2017,5091, HTTP/1.1" 200 9690
192.168.10.96 - - [16/Mar/2017:09:35:42 -0300] "GET /cormun/static/Shared/jqueryui/images/ui-icons_82798d_256x240.png HTTP/1.1" 404 1089
192.168.10.96 - - [16/Mar/2017:09:35:42 -0300] "GET /cormun/static/Shared/jqueryui/images/ui-bg_highlight-soft_100_c6c2c8_1x100.png HTTP/1.1" 404 1117
192.168.10.96 - - [16/Mar/2017:09:35:42 -0300] "GET /cormun/static/Shared/jqueryui/images/ui-bg_flat_55_fafafa_40x100.png HTTP/1.1" 404 1097
192.168.10.96 - - [16/Mar/2017:09:35:42 -0300] "GET /cormun/static/Shared/jqueryui/images/ui-icons_8d78a5_256x240.png HTTP/1.1" 404 1089
192.168.10.96 - - [16/Mar/2017:09:35:43 -0300] "GET /cormun/servlet/solicitudot?DLT,2017,5091, HTTP/1.1" 200 9700
200.83.57.219 - - [16/Mar/2017:09:35:44 -0300] "POST /cormun/servlet/solicitudot?9ed709fbf4b9fc87f04a09cad75c0fef,DLT,2017,5091,,gx-no-cache=1489667810225 HTTP/1.1" 200 12577
200.83.57.219 - - [16/Mar/2017:09:35:44 -0300] "GET /cormun/static/Shared/jqueryui/images/ui-bg_flat_55_994d53_40x100.png HTTP/1.1" 404 1097
200.83.57.219 - - [16/Mar/2017:09:35:44 -0300] "GET /cormun/static/Shared/jqueryui/images/ui-icons_ebccce_256x240.png HTTP/1.1" 404 1089
186.79.248.208 - - [16/Mar/2017:09:35:45 -0300] "POST /cormun/servlet/trlicencias?aaeeb840da32fa1ffff1bc7c164cb4da,gx-no-cache=1489671270114 HTTP/1.1" 200 3636
186.103.159.188 - - [16/Mar/2017:09:35:46 -0300] "POST /cormun/servlet/prfichaempleado?216c5194e34340a46dfd432eb2dcb7e6,,MD,,gxPopupLevel%3D0%3B,gx-no-cache=1489667814967 HTTP/1.1" 200 3405
192.168.10.60 - - [16/Mar/2017:09:35:48 -0300] "POST /cormun/servlet/trautorizarot?b08456dffb0ca7bd999863938ccfad21,,gx-no-cache=1489667000319 HTTP/1.1" 200 22592
186.79.248.208 - - [16/Mar/2017:09:35:49 -0300] "POST /cormun/servlet/trlicencias?aaeeb840da32fa1ffff1bc7c164cb4da,gx-no-cache=1489671274278 HTTP/1.1" 200 5334
192.168.10.96 - - [16/Mar/2017:09:35:50 -0300] "POST /cormun/servlet/solicitudot?30ac563c0a6046421c4923fed65dfbe7,DLT,2017,5091,,gx-no-cache=1489671032245 HTTP/1.1" 200 12578
192.168.10.96 - - [16/Mar/2017:09:35:50 -0300] "GET /cormun/static/Shared/jqueryui/images/ui-bg_flat_55_994d53_40x100.png HTTP/1.1" 404 1097
192.168.10.96 - - [16/Mar/2017:09:35:50 -0300] "GET /cormun/static/Shared/jqueryui/images/ui-icons_ebccce_256x240.png HTTP/1.1" 404 1089
192.168.10.96 - - [16/Mar/2017:09:35:53 -0300] "POST /cormun/servlet/solicitudot?30ac563c0a6046421c4923fed65dfbe7,DLT,2017,5091,,gx-no-cache=1489671035281 HTTP/1.1" 200 93
192.168.10.96 - - [16/Mar/2017:09:35:53 -0300] "GET /cormun/servlet/hpexe_return? HTTP/1.1" 200 1013
192.168.10.96 - - [16/Mar/2017:09:35:53 -0300] "GET /cormun/servlet/trsolicitudot HTTP/1.1" 200 8959
192.168.10.96 - - [16/Mar/2017:09:35:54 -0300] "GET /cormun/servlet/trsolicitudot HTTP/1.1" 200 8954
192.168.10.96 - - [16/Mar/2017:09:35:57 -0300] "GET /cormun/servlet/trautorizarsolicitud? HTTP/1.1" 200 7023
192.168.10.96 - - [16/Mar/2017:09:35:58 -0300] "GET /cormun/servlet/trautorizarsolicitud? HTTP/1.1" 200 7022
186.79.248.208 - - [16/Mar/2017:09:35:58 -0300] "GET /cormun/servlet/trpermisosgoce? HTTP/1.1" 200 8685
186.79.248.208 - - [16/Mar/2017:09:35:59 -0300] "GET /cormun/static/gxcfg.js?2017315135730 HTTP/1.1" 200 953
186.79.248.208 - - [16/Mar/2017:09:35:59 -0300] "GET /cormun/static/trpermisosgoce.js?20173151351159 HTTP/1.1" 200 31909
186.79.248.208 - - [16/Mar/2017:09:35:59 -0300] "GET /cormun/static/hwchdr01.js?201731512453822 HTTP/1.1" 304 -
186.79.248.208 - - [16/Mar/2017:09:35:59 -0300] "GET /cormun/static/hpexe_recentlink.js?201610171694390 HTTP/1.1" 304 -
186.79.248.208 - - [16/Mar/2017:09:35:59 -0300] "GET /cormun/static/hpexe_scripts.js?201731512453784 HTTP/1.1" 304 -
186.79.248.208 - - [16/Mar/2017:09:35:59 -0300] "GET /cormun/static/hpexe_messagecontroller.js?201610171694323 HTTP/1.1" 304 -
186.79.248.208 - - [16/Mar/2017:09:35:59 -0300] "GET /cormun/static/hpexe_messagepopupcomponent.js?20161017169425 HTTP/1.1" 304 -
186.79.248.208 - - [16/Mar/2017:09:35:59 -0300] "GET /cormun/static/hpexe_messagegenexuscomponent.js?201731512453548 HTTP/1.1" 304 -
186.79.248.208 - - [16/Mar/2017:09:35:59 -0300] "GET /cormun/static/cmcontrolpreferences.js?201731512453759 HTTP/1.1" 304 -
186.79.248.208 - - [16/Mar/2017:09:35:59 -0300] "GET /cormun/static/hmpwkw03.js?20173151305292 HTTP/1.1" 304 -
192.168.10.96 - - [16/Mar/2017:09:35:59 -0300] "GET /cormun/servlet/trsolicitudot? HTTP/1.1" 200 8955
192.168.10.96 - - [16/Mar/2017:09:36:00 -0300] "GET /cormun/servlet/trsolicitudot? HTTP/1.1" 200 8954
186.79.248.208 - - [16/Mar/2017:09:36:01 -0300] "GET /cormun/servlet/trpermisosgoce? HTTP/1.1" 200 8678
192.168.10.96 - - [16/Mar/2017:09:36:01 -0300] "POST /cormun/servlet/trsolicitudot?30ac563c0a6046421c4923fed65dfbe7,,gx-no-cache=1489671043832 HTTP/1.1" 200 106
192.168.10.96 - - [16/Mar/2017:09:36:02 -0300] "GET /cormun/servlet/trsolicitudadjuntos?2017,5091, HTTP/1.1" 200 6193
192.168.10.96 - - [16/Mar/2017:09:36:02 -0300] "GET /cormun/static/gxcfg.js?20173151321943 HTTP/1.1" 200 953
192.168.10.96 - - [16/Mar/2017:09:36:02 -0300] "GET /cormun/static/trsolicitudadjuntos.js?20173151322278 HTTP/1.1" 200 17913
192.168.10.96 - - [16/Mar/2017:09:36:02 -0300] "GET /cormun/servlet/trsolicitudadjuntos?2017,5091, HTTP/1.1" 200 6193
200.112.5.184 - - [16/Mar/2017:09:36:03 -0300] "GET /cormun/servlet/prfichaempleado?,MD,,gxPopupLevel%3D0%3B HTTP/1.1" 200 8869
192.168.10.96 - - [16/Mar/2017:09:36:05 -0300] "POST /cormun/servlet/trsolicitudadjuntos?30ac563c0a6046421c4923fed65dfbe7,2017,5091,,gx-no-cache=1489671047067 HTTP/1.1" 200 90
192.168.10.96 - - [16/Mar/2017:09:36:05 -0300] "GET /cormun/servlet/hpexe_link HTTP/1.1" 200 968
192.168.10.96 - - [16/Mar/2017:09:36:05 -0300] "GET /cormun/servlet/trsolicitudot HTTP/1.1" 200 8956
192.168.10.96 - - [16/Mar/2017:09:36:05 -0300] "GET /cormun/servlet/trsolicitudot HTTP/1.1" 200 8954
186.103.248.213 - - [16/Mar/2017:09:36:06 -0300] "GET /cormun/static/menuarrow.gif HTTP/1.1" 404 1015
192.168.10.96 - - [16/Mar/2017:09:36:07 -0300] "POST /cormun/servlet/trsolicitudot?30ac563c0a6046421c4923fed65dfbe7,gx-no-cache=1489671049039 HTTP/1.1" 200 6058
192.168.10.96 - - [16/Mar/2017:09:36:07 -0300] "GET /cormun/static/Shared/jqueryui/images/ui-bg_highlight-soft_100_c6c2c8_1x100.png HTTP/1.1" 404 1117
192.168.10.96 - - [16/Mar/2017:09:36:07 -0300] "GET /cormun/static/Shared/jqueryui/images/ui-icons_82798d_256x240.png HTTP/1.1" 404 1089
192.168.10.96 - - [16/Mar/2017:09:36:07 -0300] "GET /cormun/static/Shared/jqueryui/images/ui-icons_8d78a5_256x240.png HTTP/1.1" 404 1089
192.168.10.96 - - [16/Mar/2017:09:36:07 -0300] "GET /cormun/static/Shared/jqueryui/images/ui-bg_flat_55_fafafa_40x100.png HTTP/1.1" 404 1097
192.168.10.96 - - [16/Mar/2017:09:36:09 -0300] "POST /cormun/servlet/trsolicitudot?30ac563c0a6046421c4923fed65dfbe7,gx-no-cache=1489671051561 HTTP/1.1" 200 6058
192.168.10.96 - - [16/Mar/2017:09:36:10 -0300] "POST /cormun/servlet/trsolicitudot?30ac563c0a6046421c4923fed65dfbe7,gx-no-cache=1489671052513 HTTP/1.1" 200 6059
200.112.5.184 - - [16/Mar/2017:09:36:14 -0300] "POST /cormun/servlet/licenciaspermisos?b95023468765f5a8a7695c91a85dd1b9,INS,0,,,,gx-no-cache=1489667843180 HTTP/1.1" 200 93
200.112.5.184 - - [16/Mar/2017:09:36:14 -0300] "GET /cormun/servlet/hpexe_return? HTTP/1.1" 200 1015
200.112.5.184 - - [16/Mar/2017:09:36:14 -0300] "GET /cormun/static/gxcfg.js?2016101716175148 HTTP/1.1" 200 953
200.112.5.184 - - [16/Mar/2017:09:36:14 -0300] "GET /cormun/static/hpexe_return.js?2016101716175153 HTTP/1.1" 200 1633
200.112.5.184 - - [16/Mar/2017:09:36:14 -0300] "GET /cormun/servlet/trlicencias HTTP/1.1" 200 6872
200.112.5.184 - - [16/Mar/2017:09:36:15 -0300] "GET /cormun/servlet/trlicencias HTTP/1.1" 200 6868
192.168.10.96 - - [16/Mar/2017:09:36:16 -0300] "POST /cormun/servlet/trsolicitudot?30ac563c0a6046421c4923fed65dfbe7,gx-no-cache=1489671058209 HTTP/1.1" 200 105
192.168.10.96 - - [16/Mar/2017:09:36:16 -0300] "GET /cormun/servlet/solicitudot?UPD,2017,5091, HTTP/1.1" 200 14579
200.83.57.219 - - [16/Mar/2017:09:36:17 -0300] "GET /cormun/servlet/trsolicitudot? HTTP/1.1" 200 8958
192.168.10.96 - - [16/Mar/2017:09:36:17 -0300] "GET /cormun/servlet/solicitudot?UPD,2017,5091, HTTP/1.1" 200 14588
192.168.10.96 - - [16/Mar/2017:09:36:17 -0300] "POST /cormun/servlet/solicitudot?gx-no-cache=1489671059340 HTTP/1.1" 200 3180
200.83.57.219 - - [16/Mar/2017:09:36:17 -0300] "GET /cormun/servlet/trsolicitudot? HTTP/1.1" 200 8952
192.168.10.96 - - [16/Mar/2017:09:36:17 -0300] "POST /cormun/servlet/solicitudot?30ac563c0a6046421c4923fed65dfbe7,UPD,2017,5091,,gx-no-cache=1489671059487 HTTP/1.1" 200 11053
192.168.10.96 - - [16/Mar/2017:09:36:17 -0300] "GET /cormun/servlet/solicitudot?75bffc11f3b00bcdabf5148b4939e778c49b5e6e91ce55dfde6b057e5e7f801eea7ce91a5da766f893db36017f53947f,gx-no-cache=1489671059716 HTTP/1.1" 200 30
192.168.10.96 - - [16/Mar/2017:09:36:17 -0300] "POST /cormun/servlet/solicitudot?gx-no-cache=1489671059742 HTTP/1.1" 200 254
192.168.10.96 - - [16/Mar/2017:09:36:17 -0300] "GET /cormun/servlet/solicitudot?75bffc11f3b00bcdabf5148b4939e778bdde0e4e792bc43bae321460e0d6f34bfe803afe2bd040df0ffae55e66cc0b8fe45e73acae5d9d3825cb31ebba4b7a67715bb2bdc7225c66aa52d2a837935a9791ddb5ce2e14fe15c15da2cbeda6f3a1adf86a6117d71f4e4f083b0b4b95a3ef30da45f241ad41edbdb814f43c5c8a5a9492a730a200e5c749f9e1f73814eba1cd1bd20511559eef692e38abf85bab09701ff8b16343c5ab235981b6afe97157c1a17355369cd702530ca5f40723b13d01459f45947b5192b02f1b607b7215b1444f3e71305b0896da9a819d008996f77ca583139cac4bb1eb2ed0c55090ad39a2f973522221200b82e293f67d77e6cab60ccea3900f7613a4ee337e6fac4dda723ec9b335d663a3a0b28d5a0cbf3a40e4d1d9786d0cc1c1a5f4289b1d29a9d42a9417543e957757c368ae2b54f0ab08ed415a8dc2b46390bb10bc904926d1a2a6c315d9a639c83712bfd16dff218bd2c6937e6b40ef41ae7c92802b9d2ac46708f122670b8c5868778480a35faf93e0,gx-no-cache=1489671059767 HTTP/1.1" 200 30
192.168.10.96 - - [16/Mar/2017:09:36:17 -0300] "POST /cormun/servlet/solicitudot?gx-no-cache=1489671059785 HTTP/1.1" 200 30
192.168.10.96 - - [16/Mar/2017:09:36:17 -0300] "POST /cormun/servlet/solicitudot?gx-no-cache=1489671059809 HTTP/1.1" 200 1287
192.168.10.96 - - [16/Mar/2017:09:36:17 -0300] "POST /cormun/servlet/solicitudot?gx-no-cache=1489671059841 HTTP/1.1" 200 41
192.168.10.62 - - [16/Mar/2017:09:36:22 -0300] "POST /cormun/servlet/trsolicitudgral?9cc8a24e6a46aef8874c42fe866520b9,,gx-no-cache=1489671064283 HTTP/1.1" 200 7357
192.168.10.96 - - [16/Mar/2017:09:36:29 -0300] "POST /cormun/servlet/solicitudot?30ac563c0a6046421c4923fed65dfbe7,UPD,2017,5091,,gx-no-cache=1489671071038 HTTP/1.1" 200 90
192.168.10.96 - - [16/Mar/2017:09:36:29 -0300] "GET /cormun/servlet/hpexe_link HTTP/1.1" 200 987
192.168.10.96 - - [16/Mar/2017:09:36:29 -0300] "GET /cormun/servlet/trsolicitudot?gx-no-cache=1489671052513 HTTP/1.1" 200 8956
192.168.10.96 - - [16/Mar/2017:09:36:29 -0300] "GET /cormun/servlet/trsolicitudot?gx-no-cache=1489671052513 HTTP/1.1" 200 8974
192.168.10.60 - - [16/Mar/2017:09:36:31 -0300] "POST /cormun/servlet/trautorizarot?b08456dffb0ca7bd999863938ccfad21,,gx-no-cache=1489667043626 HTTP/1.1" 200 22756
200.83.57.219 - - [16/Mar/2017:09:36:34 -0300] "POST /cormun/servlet/trsolicitudot?9ed709fbf4b9fc87f04a09cad75c0fef,,gx-no-cache=1489667860262 HTTP/1.1" 200 106
200.83.57.219 - - [16/Mar/2017:09:36:34 -0300] "GET /cormun/servlet/trsolicitudadjuntos?2017,5091, HTTP/1.1" 200 6193
200.83.57.219 - - [16/Mar/2017:09:36:34 -0300] "GET /cormun/static/gxcfg.js?20173151321943 HTTP/1.1" 200 953
200.83.57.219 - - [16/Mar/2017:09:36:34 -0300] "GET /cormun/static/trsolicitudadjuntos.js?20173151322278 HTTP/1.1" 200 17913
200.83.57.219 - - [16/Mar/2017:09:36:34 -0300] "GET /cormun/servlet/trsolicitudadjuntos?2017,5091, HTTP/1.1" 200 6193
192.168.10.96 - - [16/Mar/2017:09:36:35 -0300] "POST /cormun/servlet/trsolicitudot?30ac563c0a6046421c4923fed65dfbe7,gx-no-cache=1489671052513,gx-no-cache=1489671077661 HTTP/1.1" 200 105
192.168.10.96 - - [16/Mar/2017:09:36:35 -0300] "GET /cormun/servlet/solicitudot?DLT,2017,5091, HTTP/1.1" 200 9711
192.168.10.96 - - [16/Mar/2017:09:36:36 -0300] "GET /cormun/static/Shared/jqueryui/images/ui-icons_82798d_256x240.png HTTP/1.1" 404 1089
192.168.10.96 - - [16/Mar/2017:09:36:36 -0300] "GET /cormun/static/Shared/jqueryui/images/ui-bg_highlight-soft_100_c6c2c8_1x100.png HTTP/1.1" 404 1117
192.168.10.96 - - [16/Mar/2017:09:36:36 -0300] "GET /cormun/static/Shared/jqueryui/images/ui-icons_8d78a5_256x240.png HTTP/1.1" 404 1089
192.168.10.96 - - [16/Mar/2017:09:36:36 -0300] "GET /cormun/static/Shared/jqueryui/images/ui-bg_flat_55_fafafa_40x100.png HTTP/1.1" 404 1097
192.168.10.96 - - [16/Mar/2017:09:36:36 -0300] "GET /cormun/servlet/solicitudot?DLT,2017,5091, HTTP/1.1" 200 9700
192.168.10.96 - - [16/Mar/2017:09:36:40 -0300] "POST /cormun/servlet/solicitudot?30ac563c0a6046421c4923fed65dfbe7,DLT,2017,5091,,gx-no-cache=1489671082514 HTTP/1.1" 200 93
192.168.10.96 - - [16/Mar/2017:09:36:40 -0300] "GET /cormun/servlet/hpexe_return? HTTP/1.1" 200 1032
192.168.10.96 - - [16/Mar/2017:09:36:40 -0300] "GET /cormun/servlet/trsolicitudot?gx-no-cache=1489671052513 HTTP/1.1" 200 8959
192.168.10.96 - - [16/Mar/2017:09:36:41 -0300] "GET /cormun/servlet/trsolicitudot?gx-no-cache=1489671052513 HTTP/1.1" 200 8974
192.168.10.96 - - [16/Mar/2017:09:36:42 -0300] "POST /cormun/servlet/trsolicitudot?30ac563c0a6046421c4923fed65dfbe7,gx-no-cache=1489671052513,gx-no-cache=1489671084586 HTTP/1.1" 200 5782
192.168.10.96 - - [16/Mar/2017:09:36:42 -0300] "GET /cormun/static/Shared/jqueryui/images/ui-bg_highlight-soft_100_c6c2c8_1x100.png HTTP/1.1" 404 1117
192.168.10.96 - - [16/Mar/2017:09:36:42 -0300] "GET /cormun/static/Shared/jqueryui/images/ui-icons_82798d_256x240.png HTTP/1.1" 404 1089
192.168.10.96 - - [16/Mar/2017:09:36:42 -0300] "GET /cormun/static/Shared/jqueryui/images/ui-bg_flat_55_fafafa_40x100.png HTTP/1.1" 404 1097
192.168.10.96 - - [16/Mar/2017:09:36:42 -0300] "GET /cormun/static/Shared/jqueryui/images/ui-icons_8d78a5_256x240.png HTTP/1.1" 404 1089
192.168.10.96 - - [16/Mar/2017:09:36:43 -0300] "POST /cormun/servlet/trsolicitudot?30ac563c0a6046421c4923fed65dfbe7,gx-no-cache=1489671052513,gx-no-cache=1489671084813 HTTP/1.1" 200 5725
192.168.10.96 - - [16/Mar/2017:09:36:43 -0300] "POST /cormun/servlet/trsolicitudot?30ac563c0a6046421c4923fed65dfbe7,gx-no-cache=1489671052513,gx-no-cache=1489671085544 HTTP/1.1" 200 5486
192.168.10.96 - - [16/Mar/2017:09:36:43 -0300] "POST /cormun/servlet/trsolicitudot?30ac563c0a6046421c4923fed65dfbe7,gx-no-cache=1489671052513,gx-no-cache=1489671085757 HTTP/1.1" 200 5429
192.168.10.96 - - [16/Mar/2017:09:36:44 -0300] "POST /cormun/servlet/trsolicitudot?30ac563c0a6046421c4923fed65dfbe7,gx-no-cache=1489671052513,gx-no-cache=1489671086304 HTTP/1.1" 200 4360
192.168.10.96 - - [16/Mar/2017:09:36:44 -0300] "POST /cormun/servlet/trsolicitudot?30ac563c0a6046421c4923fed65dfbe7,gx-no-cache=1489671052513,gx-no-cache=1489671086474 HTTP/1.1" 200 4127
200.83.57.219 - - [16/Mar/2017:09:36:45 -0300] "GET /cormun/servlet/trsolicitudot? HTTP/1.1" 200 7076
200.83.57.219 - - [16/Mar/2017:09:36:46 -0300] "GET /cormun/servlet/trsolicitudot? HTTP/1.1" 200 7062
192.168.10.96 - - [16/Mar/2017:09:36:46 -0300] "GET /cormun/servlet/trautorizarsolicitud? HTTP/1.1" 200 8926
192.168.10.96 - - [16/Mar/2017:09:36:46 -0300] "GET /cormun/servlet/trautorizarsolicitud? HTTP/1.1" 200 8906
192.168.10.96 - - [16/Mar/2017:09:36:50 -0300] "POST /cormun/servlet/trautorizarsolicitud?30ac563c0a6046421c4923fed65dfbe7,,gx-no-cache=1489671092222 HTTP/1.1" 200 115
192.168.10.96 - - [16/Mar/2017:09:36:50 -0300] "GET /cormun/servlet/solicitudotlog?INS,2017,5091,0,REC, HTTP/1.1" 200 5879
192.168.10.96 - - [16/Mar/2017:09:36:50 -0300] "GET /cormun/servlet/solicitudotlog?INS,2017,5091,0,REC, HTTP/1.1" 200 5878
192.168.10.96 - - [16/Mar/2017:09:36:51 -0300] "GET /cormun/servlet/solicitudotlog?75bffc11f3b00bcdabf5148b4939e778251440c4df5202ad042ba9abed940b229f43f9a4842cc8a444759274d8eb3c714eeee050fb9f18d0d5ae3e2500fe337ff46b1c8cc686e60d9973493a13fc5bd17fdb28cccceb1309ab02253b393a9d083b46541a998a008a1859a62c450a085c2d695db417a501799492d4f5d2c31467ae3acab7635247adb911b864c3ab5e8ac20cf5bd5810f124c7bfdbc1eb1764e6,gx-no-cache=1489671093158 HTTP/1.1" 200 94
192.168.10.96 - - [16/Mar/2017:09:36:55 -0300] "POST /cormun/servlet/solicitudotlog?30ac563c0a6046421c4923fed65dfbe7,INS,2017,5091,0,REC,,gx-no-cache=1489671097138 HTTP/1.1" 200 93
192.168.10.96 - - [16/Mar/2017:09:36:55 -0300] "GET /cormun/servlet/hpexe_return? HTTP/1.1" 200 1027
192.168.10.96 - - [16/Mar/2017:09:36:55 -0300] "GET /cormun/servlet/trautorizarsolicitud HTTP/1.1" 200 8624
200.83.57.219 - - [16/Mar/2017:09:36:55 -0300] "GET /cormun/servlet/trsolicitudot? HTTP/1.1" 200 8362
192.168.10.96 - - [16/Mar/2017:09:36:56 -0300] "GET /cormun/servlet/trautorizarsolicitud HTTP/1.1" 200 8620
200.83.57.219 - - [16/Mar/2017:09:36:56 -0300] "GET /cormun/servlet/trsolicitudot? HTTP/1.1" 200 8362
192.168.10.96 - - [16/Mar/2017:09:36:58 -0300] "POST /cormun/servlet/trautorizarsolicitud?30ac563c0a6046421c4923fed65dfbe7,gx-no-cache=1489671100051 HTTP/1.1" 200 115
192.168.10.96 - - [16/Mar/2017:09:36:58 -0300] "GET /cormun/servlet/solicitudotlog?INS,2017,5160,0,REC, HTTP/1.1" 200 5879
192.168.10.96 - - [16/Mar/2017:09:36:58 -0300] "GET /cormun/servlet/solicitudotlog?INS,2017,5160,0,REC, HTTP/1.1" 200 5878
192.168.10.96 - - [16/Mar/2017:09:36:59 -0300] "GET /cormun/servlet/solicitudotlog?75bffc11f3b00bcdabf5148b4939e7784194f3281142388da754da3a0ee4578d9f43f9a4842cc8a444759274d8eb3c714eeee050fb9f18d0d5ae3e2500fe337ff46b1c8cc686e60d9973493a13fc5bd17fdb28cccceb1309ab02253b393a9d083b46541a998a008a1859a62c450a085c2d695db417a501799492d4f5d2c31467ae3acab7635247adb911b864c3ab5e8ac20cf5bd5810f124c7bfdbc1eb1764e6,gx-no-cache=1489671101000 HTTP/1.1" 200 94
192.168.10.96 - - [16/Mar/2017:09:37:02 -0300] "POST /cormun/servlet/solicitudotlog?30ac563c0a6046421c4923fed65dfbe7,INS,2017,5160,0,REC,,gx-no-cache=1489671104118 HTTP/1.1" 200 93
192.168.10.96 - - [16/Mar/2017:09:37:02 -0300] "GET /cormun/servlet/hpexe_return? HTTP/1.1" 200 1027
192.168.10.96 - - [16/Mar/2017:09:37:02 -0300] "GET /cormun/servlet/trautorizarsolicitud HTTP/1.1" 200 8326
192.168.10.96 - - [16/Mar/2017:09:37:02 -0300] "GET /cormun/servlet/trautorizarsolicitud HTTP/1.1" 200 8322
200.112.49.240 - - [16/Mar/2017:09:37:04 -0300] "GET /cormun/servlet/prfichaempleado?,MD,,gxPopupLevel%3D0%3B HTTP/1.1" 200 8811
192.168.10.96 - - [16/Mar/2017:09:37:04 -0300] "POST /cormun/servlet/trautorizarsolicitud?30ac563c0a6046421c4923fed65dfbe7,gx-no-cache=1489671106351 HTTP/1.1" 200 115
192.168.10.96 - - [16/Mar/2017:09:37:04 -0300] "GET /cormun/servlet/solicitudotlog?INS,2017,5161,0,REC, HTTP/1.1" 200 5879
192.168.10.96 - - [16/Mar/2017:09:37:04 -0300] "GET /cormun/servlet/solicitudotlog?INS,2017,5161,0,REC, HTTP/1.1" 200 5878
192.168.10.96 - - [16/Mar/2017:09:37:05 -0300] "GET /cormun/servlet/solicitudotlog?75bffc11f3b00bcdabf5148b4939e778b9763d6d386a4d7354968e0d03c804549f43f9a4842cc8a444759274d8eb3c714eeee050fb9f18d0d5ae3e2500fe337ff46b1c8cc686e60d9973493a13fc5bd17fdb28cccceb1309ab02253b393a9d083b46541a998a008a1859a62c450a085c2d695db417a501799492d4f5d2c31467ae3acab7635247adb911b864c3ab5e8ac20cf5bd5810f124c7bfdbc1eb1764e6,gx-no-cache=1489671107270 HTTP/1.1" 200 94
186.103.159.188 - - [16/Mar/2017:09:37:07 -0300] "GET /cormun/servlet/trpermisosgoce? HTTP/1.1" 200 7647
186.103.159.188 - - [16/Mar/2017:09:37:07 -0300] "GET /cormun/static/gxcfg.js?2017315135730 HTTP/1.1" 200 953
186.103.159.188 - - [16/Mar/2017:09:37:07 -0300] "GET /cormun/static/gxui/gxui-all.css?110300 HTTP/1.1" 200 2179
200.112.5.184 - - [16/Mar/2017:09:37:07 -0300] "GET /cormun/servlet/trpermisosgoce? HTTP/1.1" 200 6756
186.103.159.188 - - [16/Mar/2017:09:37:07 -0300] "GET /cormun/static/Shared/ext/resources/css/ext-all.css?205870 HTTP/1.1" 200 416045
200.112.5.184 - - [16/Mar/2017:09:37:07 -0300] "GET /cormun/static/gxui/gxui-all.css?110300 HTTP/1.1" 200 2179
200.112.5.184 - - [16/Mar/2017:09:37:07 -0300] "GET /cormun/static/gxcfg.js?2017315135730 HTTP/1.1" 200 953
186.103.159.188 - - [16/Mar/2017:09:37:08 -0300] "GET /cormun/static/trpermisosgoce.js?20173151351159 HTTP/1.1" 200 31909
192.168.10.96 - - [16/Mar/2017:09:37:08 -0300] "POST /cormun/servlet/solicitudotlog?30ac563c0a6046421c4923fed65dfbe7,INS,2017,5161,0,REC,,gx-no-cache=1489671110643 HTTP/1.1" 200 93
192.168.10.96 - - [16/Mar/2017:09:37:08 -0300] "GET /cormun/servlet/hpexe_return? HTTP/1.1" 200 1026
186.103.159.188 - - [16/Mar/2017:09:37:08 -0300] "GET /cormun/servlet/trpermisosgoce? HTTP/1.1" 200 7643
200.112.5.184 - - [16/Mar/2017:09:37:09 -0300] "GET /cormun/static/trpermisosgoce.js?20173151351159 HTTP/1.1" 200 31909
192.168.10.96 - - [16/Mar/2017:09:37:09 -0300] "GET /cormun/servlet/trautorizarsolicitud HTTP/1.1" 200 7026
200.112.5.184 - - [16/Mar/2017:09:37:09 -0300] "GET /cormun/static/Shared/ext/resources/css/ext-all.css?205870 HTTP/1.1" 200 416045
192.168.10.96 - - [16/Mar/2017:09:37:09 -0300] "GET /cormun/servlet/trautorizarsolicitud HTTP/1.1" 200 7022
200.112.5.184 - - [16/Mar/2017:09:37:10 -0300] "GET /cormun/servlet/trpermisosgoce? HTTP/1.1" 200 6756
192.168.10.96 - - [16/Mar/2017:09:37:11 -0300] "GET /cormun/servlet/trsolicitudot? HTTP/1.1" 200 8955
192.168.10.96 - - [16/Mar/2017:09:37:12 -0300] "GET /cormun/servlet/trsolicitudot? HTTP/1.1" 200 8954
200.83.57.219 - - [16/Mar/2017:09:37:13 -0300] "POST /cormun/servlet/trsolicitudot?9ed709fbf4b9fc87f04a09cad75c0fef,,gx-no-cache=1489667899792 HTTP/1.1" 200 105
200.83.57.219 - - [16/Mar/2017:09:37:13 -0300] "GET /cormun/servlet/solicitudot?DLT,2017,5091, HTTP/1.1" 200 9688
200.83.57.219 - - [16/Mar/2017:09:37:14 -0300] "GET /cormun/static/Shared/jqueryui/images/ui-bg_highlight-soft_100_c6c2c8_1x100.png HTTP/1.1" 404 1117
200.83.57.219 - - [16/Mar/2017:09:37:14 -0300] "GET /cormun/static/Shared/jqueryui/images/ui-icons_82798d_256x240.png HTTP/1.1" 404 1089
200.83.57.219 - - [16/Mar/2017:09:37:14 -0300] "GET /cormun/static/Shared/jqueryui/images/ui-bg_flat_55_fafafa_40x100.png HTTP/1.1" 404 1097
200.83.57.219 - - [16/Mar/2017:09:37:14 -0300] "GET /cormun/static/Shared/jqueryui/images/ui-icons_8d78a5_256x240.png HTTP/1.1" 404 1089
200.83.57.219 - - [16/Mar/2017:09:37:14 -0300] "GET /cormun/servlet/solicitudot?DLT,2017,5091, HTTP/1.1" 200 9697
200.112.49.240 - - [16/Mar/2017:09:37:14 -0300] "POST /cormun/servlet/prfichaempleado?a5d5441c419290a0d9843d920dc1ce39,,MD,,gxPopupLevel%3D0%3B,gx-no-cache=1489667901083 HTTP/1.1" 200 3486
200.83.57.219 - - [16/Mar/2017:09:37:16 -0300] "POST /cormun/servlet/solicitudot?9ed709fbf4b9fc87f04a09cad75c0fef,DLT,2017,5091,,gx-no-cache=1489667902113 HTTP/1.1" 200 12577
200.83.57.219 - - [16/Mar/2017:09:37:16 -0300] "GET /cormun/static/Shared/jqueryui/images/ui-bg_flat_55_994d53_40x100.png HTTP/1.1" 404 1097
200.83.57.219 - - [16/Mar/2017:09:37:16 -0300] "GET /cormun/static/Shared/jqueryui/images/ui-icons_ebccce_256x240.png HTTP/1.1" 404 1089
200.112.49.240 - - [16/Mar/2017:09:37:16 -0300] "GET /cormun/servlet/licenciaspermisos?1afd2f918d3296c07c48f172141aeb535810aab8416a192276985e8226c903b916ca5f57aff159c6e4bdd53780564a0a2b97f9c4b0d459c2774a2ce95dd7c3f5e4adcd086fb7fa6635a610c0bd107f145278641b58de443aac9be5f994508df535961c4df8be5dd858d6620b412966e75652c839fd82dee15d87c7d81d521593899aa7922b46ca7a3c77825bc441f16db742c8bc20a80226c52963a98b486cecf95d525d3b1f76307e5733d1b0d194d7,gx-no-cache=1489667903608 HTTP/1.1" 200 30
192.168.10.96 - - [16/Mar/2017:09:37:16 -0300] "GET /cormun/servlet/vesolicitudot?2017,5091,, HTTP/1.1" 200 8328
192.168.10.96 - - [16/Mar/2017:09:37:16 -0300] "GET /cormun/static/gxcfg.js?2017315133192 HTTP/1.1" 200 953
192.168.10.96 - - [16/Mar/2017:09:37:16 -0300] "GET /cormun/pexe_scrolldiv.js HTTP/1.1" 404 1009
192.168.10.96 - - [16/Mar/2017:09:37:16 -0300] "GET /cormun/static/vesolicitudot.js?20173151331963 HTTP/1.1" 200 6091
192.168.10.96 - - [16/Mar/2017:09:37:16 -0300] "GET /cormun/static/hwcviewtabs.js?20173151245369 HTTP/1.1" 304 -
192.168.10.96 - - [16/Mar/2017:09:37:17 -0300] "GET /cormun/pexe_scrolldiv.js HTTP/1.1" 404 1009
192.168.10.96 - - [16/Mar/2017:09:37:17 -0300] "GET /cormun/static/tbsolicitudot01.js?201731512451551 HTTP/1.1" 200 28340
192.168.10.96 - - [16/Mar/2017:09:37:17 -0300] "GET /cormun/servlet/vesolicitudot?2017,5091,, HTTP/1.1" 200 8328
200.83.57.219 - - [16/Mar/2017:09:37:19 -0300] "GET /cormun/servlet/trsolicitudot? HTTP/1.1" 200 8958
200.83.57.219 - - [16/Mar/2017:09:37:19 -0300] "GET /cormun/servlet/trsolicitudot? HTTP/1.1" 200 8952
192.168.10.96 - - [16/Mar/2017:09:37:20 -0300] "GET /cormun/servlet/vesolicitudot?2017,5091,,SolicitudOTAdjuntos HTTP/1.1" 200 7476
192.168.10.96 - - [16/Mar/2017:09:37:20 -0300] "GET /cormun/pexe_scrolldiv.js HTTP/1.1" 404 1009
192.168.10.96 - - [16/Mar/2017:09:37:20 -0300] "GET /cormun/static/tbsolicitudot02.js?201731512534668 HTTP/1.1" 200 15617
192.168.10.96 - - [16/Mar/2017:09:37:20 -0300] "GET /cormun/pexe_scrolldiv.js HTTP/1.1" 404 1009
192.168.10.96 - - [16/Mar/2017:09:37:21 -0300] "GET /cormun/servlet/vesolicitudot?2017,5091,,SolicitudOTAdjuntos HTTP/1.1" 200 7477
