200.111.191.210 - - [16/Mar/2017:11:03:16 -0300] "POST /cormun/servlet/trsolicitudot?4b9a11bb2ec40bd8a0384884496462ed,gx-no-cache=1489676577255 HTTP/1.1" 200 4158
200.111.191.210 - - [16/Mar/2017:11:03:16 -0300] "GET /cormun/static/Shared/jqueryui/images/ui-bg_highlight-soft_100_c6c2c8_1x100.png HTTP/1.1" 404 1117
200.111.191.210 - - [16/Mar/2017:11:03:16 -0300] "GET /cormun/static/Shared/jqueryui/images/ui-icons_82798d_256x240.png HTTP/1.1" 404 1089
200.111.191.210 - - [16/Mar/2017:11:03:17 -0300] "GET /cormun/static/Shared/jqueryui/images/ui-bg_flat_55_fafafa_40x100.png HTTP/1.1" 404 1097
200.111.191.210 - - [16/Mar/2017:11:03:17 -0300] "GET /cormun/static/Shared/jqueryui/images/ui-icons_8d78a5_256x240.png HTTP/1.1" 404 1089
200.111.191.210 - - [16/Mar/2017:11:03:17 -0300] "POST /cormun/servlet/trsolicitudot?4b9a11bb2ec40bd8a0384884496462ed,gx-no-cache=1489676577506 HTTP/1.1" 200 3921
200.111.191.210 - - [16/Mar/2017:11:03:20 -0300] "GET /cormun/servlet/trsolicitudot? HTTP/1.1" 200 6657
200.111.191.210 - - [16/Mar/2017:11:03:21 -0300] "GET /cormun/servlet/trsolicitudot? HTTP/1.1" 200 6657
200.111.191.210 - - [16/Mar/2017:11:03:22 -0300] "GET /cormun/servlet/hlogin HTTP/1.1" 200 1736
192.168.10.89 - - [16/Mar/2017:11:05:49 -0300] "POST /cormun/servlet/trsolicitudgral?479e8598b0bc0d762ddd2b2c2163ca30,,gx-no-cache=1489676431062 HTTP/1.1" 200 6677
192.168.10.89 - - [16/Mar/2017:11:05:55 -0300] "POST /cormun/servlet/trsolicitudgral?479e8598b0bc0d762ddd2b2c2163ca30,,gx-no-cache=1489676437566 HTTP/1.1" 200 12921
192.168.10.89 - - [16/Mar/2017:11:06:28 -0300] "POST /cormun/servlet/trsolicitudgral?479e8598b0bc0d762ddd2b2c2163ca30,,gx-no-cache=1489676470652 HTTP/1.1" 200 6677
192.168.10.89 - - [16/Mar/2017:11:06:38 -0300] "POST /cormun/servlet/trsolicitudgral?479e8598b0bc0d762ddd2b2c2163ca30,,gx-no-cache=1489676480392 HTTP/1.1" 200 12920
186.67.172.234 - - [16/Mar/2017:11:07:01 -0300] "GET /cormun/servlet/vacaciones?INS,0, HTTP/1.1" 200 6264
186.67.172.234 - - [16/Mar/2017:11:07:01 -0300] "GET /cormun/static/calendar-system.css?75620 HTTP/1.1" 200 5572
186.67.172.234 - - [16/Mar/2017:11:07:01 -0300] "GET /cormun/static/gxcfg.js?20173151257970 HTTP/1.1" 200 953
186.67.172.234 - - [16/Mar/2017:11:07:01 -0300] "GET /cormun/static/vacaciones.js?20173151257984 HTTP/1.1" 200 16782
186.67.172.234 - - [16/Mar/2017:11:07:01 -0300] "GET /cormun/servlet/vacaciones?INS,0, HTTP/1.1" 200 6264
186.67.172.234 - - [16/Mar/2017:11:07:29 -0300] "GET /cormun/servlet/prfichaempleado?,MD,,gxPopupLevel%3D0%3B HTTP/1.1" 200 8821
186.67.172.234 - - [16/Mar/2017:11:07:29 -0300] "GET /cormun/static/hmpwkw011.js?20173151304635 HTTP/1.1" 200 1968
186.67.172.234 - - [16/Mar/2017:11:07:52 -0300] "POST /cormun/servlet/prfichaempleado?501529f4f1c5ef7fbc5c7608c5525d12,,MD,,gxPopupLevel%3D0%3B,gx-no-cache=1489673341404 HTTP/1.1" 200 3401
186.67.172.234 - - [16/Mar/2017:11:08:05 -0300] "GET /cormun/servlet/vacaciones?de1f4be10476e355daf4c4e7237c9738eeecc706b58eddfc723c2aef3c35cecc85b07463594b0e95ff5118b8b524ede7,gx-no-cache=1489673354203 HTTP/1.1" 200 76
186.67.172.234 - - [16/Mar/2017:11:08:05 -0300] "GET /cormun/static/menuarrow.gif HTTP/1.1" 404 1015
186.67.172.234 - - [16/Mar/2017:11:08:24 -0300] "GET /cormun/servlet/prvacacionesperiodo?10466645,MD,,gxPopupLevel%3D0%3B HTTP/1.1" 200 5462
186.67.172.234 - - [16/Mar/2017:11:08:24 -0300] "GET /cormun/static/gxcfg.js?201612141702499 HTTP/1.1" 200 953
186.67.172.234 - - [16/Mar/2017:11:08:24 -0300] "GET /cormun/static/prvacacionesperiodo.js?201612141702653 HTTP/1.1" 200 14529
186.67.172.234 - - [16/Mar/2017:11:08:25 -0300] "POST /cormun/servlet/acontrolpreferencessavestate?None,BSILVA,true HTTP/1.1" 200 35
192.168.10.89 - - [16/Mar/2017:11:08:26 -0300] "POST /cormun/servlet/trsolicitudgral?479e8598b0bc0d762ddd2b2c2163ca30,,gx-no-cache=1489676588155 HTTP/1.1" 200 6699
192.168.10.89 - - [16/Mar/2017:11:08:35 -0300] "GET /cormun/servlet/solicitudgral2?UPD,2017,5070, HTTP/1.1" 200 12288
192.168.10.89 - - [16/Mar/2017:11:08:35 -0300] "GET /cormun/static/gxcfg.js?2017315130152 HTTP/1.1" 304 -
192.168.10.89 - - [16/Mar/2017:11:08:35 -0300] "GET /cormun/static/solicitudgral2.js?20173151301570 HTTP/1.1" 304 -
192.168.10.89 - - [16/Mar/2017:11:08:37 -0300] "POST /cormun/servlet/solicitudgral2?gx-no-cache=1489676598878 HTTP/1.1" 200 3182
192.168.10.89 - - [16/Mar/2017:11:08:37 -0300] "GET /cormun/servlet/solicitudgral2?d0fbc29e840f102b69f5bcc056671a714d9ad39e1692f089fd147707813722dfae3ecf6452a399a91cbcba780eb68c870e0cfb81e1c9fdb25f25a7c232fe0c3c2934e4ceb1d8ded28dc99e00ada28854954e8e6e3be88c319041f9f4fa7c72e0744267b6245a7f335f9b44b6c718daeb89629b09910191f9f67629f9d133022f03adff9e21e7aa067116c64ccda055576920532379a39e9f95bc62891bd163a4fe1c34b712c6985f5adde97f0d1b0f70ef606b669c28ed3752797de4f24cce6d5c1dc3828f84807c5b865bf913b6f3a61846d48fa6899fc4ac0a8f72c925080d204f1aa309a641cffc408061ef59a84e00b2d3ffb95f1407805861e3eeae0333ade53bfdf4dcf7e6992588dfbb9116f967af72a0339ac698a5c5bafea00907f06e84700b4dda4e52fed7cd6093589968a4649df0a05cff3a890be8b40fa6660c0b1d522524eab3f3c9d76da0270fa650,gx-no-cache=1489676599083 HTTP/1.1" 200 257
192.168.10.89 - - [16/Mar/2017:11:08:37 -0300] "POST /cormun/servlet/solicitudgral2?gx-no-cache=1489676599116 HTTP/1.1" 200 1354
192.168.10.89 - - [16/Mar/2017:11:08:37 -0300] "GET /cormun/servlet/solicitudgral2?d0fbc29e840f102b69f5bcc056671a716ce8aedf2dddf933a9a2af2444ab0f1420770a35feac2726ae8715a335d1d15d0e0cfb81e1c9fdb25f25a7c232fe0c3cb8daa32ed5e1e4bf2182eec70cbc30dbdf56a7a547ffc02e9258d2e42dc6373d3159b38dc032c308944d32b6932f58db,gx-no-cache=1489676599167 HTTP/1.1" 200 41
192.168.10.89 - - [16/Mar/2017:11:08:40 -0300] "POST /cormun/servlet/solicitudgral2?479e8598b0bc0d762ddd2b2c2163ca30,UPD,2017,5070,,gx-no-cache=1489676602133 HTTP/1.1" 200 10579
192.168.10.89 - - [16/Mar/2017:11:08:43 -0300] "GET /cormun/servlet/solicitudgral2?d0fbc29e840f102b69f5bcc056671a713f36a7866defe7e9df372fa81d2685c16d8867d75767ee3e98372404b9cdf8f28c085cce76def31ff6bcffa177aa968826e1941f8f08ac33c11081606267ca5929dfafbbc9205d69ecec8928f6b3e4c7d1192deff93ba2d2b20c025ebb06671da2aa51db8de23457f8ee93cb15813fb1347c55cff7262a97bf3d75f75e25b4efee26fb37e4ce80f58b2969bf3c2dd020d95ef357fdc058da6a9c19b83e7d482b1fd598e7f36e2559ce8b35dd6b3ac0445733c519e1f1daab174868fcbd189bd9,gx-no-cache=1489676605630 HTTP/1.1" 200 30
192.168.10.89 - - [16/Mar/2017:11:08:44 -0300] "POST /cormun/servlet/solicitudgral2?gx-no-cache=1489676606454 HTTP/1.1" 200 1251
192.168.10.89 - - [16/Mar/2017:11:08:44 -0300] "POST /cormun/servlet/solicitudgral2?gx-no-cache=1489676606500 HTTP/1.1" 200 1154
192.168.10.89 - - [16/Mar/2017:11:08:46 -0300] "GET /cormun/servlet/solicitudgral2?d0fbc29e840f102b69f5bcc056671a7139a6c6c53c83c94e49c702d937cee0f9dd75939faef83c69d1e51e4447a4427eb631afb05f3f99b49b0ddb824e0d21a40599e53745f1b51f8c0acf94a51f198b41dfc0e37a40b4e83ca3277e2d296b6bb982c2bf18e2b10f38879c7d1aa8721e6b17ea3651f58b3a7e156e31c0d8db69,gx-no-cache=1489676608442 HTTP/1.1" 200 30
192.168.10.89 - - [16/Mar/2017:11:08:50 -0300] "POST /cormun/servlet/solicitudgral2?479e8598b0bc0d762ddd2b2c2163ca30,UPD,2017,5070,,gx-no-cache=1489676612267 HTTP/1.1" 200 93
192.168.10.89 - - [16/Mar/2017:11:08:50 -0300] "GET /cormun/servlet/hpexe_return? HTTP/1.1" 200 1012
192.168.10.89 - - [16/Mar/2017:11:08:50 -0300] "GET /cormun/static/hpexe_return.js?2016101716175153 HTTP/1.1" 304 -
192.168.10.89 - - [16/Mar/2017:11:08:51 -0300] "GET /cormun/servlet/trsolicitudgral? HTTP/1.1" 200 9983
192.168.10.89 - - [16/Mar/2017:11:09:00 -0300] "POST /cormun/servlet/trsolicitudgral?479e8598b0bc0d762ddd2b2c2163ca30,,gx-no-cache=1489676622491 HTTP/1.1" 200 12908
186.79.248.208 - - [16/Mar/2017:11:10:06 -0300] "GET /cormun/servlet/solicitudot?INS,0,0, HTTP/1.1" 200 12594
186.79.248.208 - - [16/Mar/2017:11:10:06 -0300] "GET /cormun/static/Resources/Spanish/PXTools.css?18365030 HTTP/1.1" 304 -
186.79.248.208 - - [16/Mar/2017:11:10:08 -0300] "GET /cormun/servlet/solicitudot?INS,0,0, HTTP/1.1" 200 12599
186.67.172.234 - - [16/Mar/2017:11:10:23 -0300] "GET /cormun/servlet/vacaciones?de1f4be10476e355daf4c4e7237c973866b2393e884f33625bbb7871f5bb4a979136bf6cb9d9493a074c57694681274fd3f8d7e144cd97c655d60bc68e28177b,gx-no-cache=1489673491552 HTTP/1.1" 200 132
186.67.172.234 - - [16/Mar/2017:11:10:23 -0300] "GET /cormun/static/Shared/jqueryui/images/ui-icons_82798d_256x240.png HTTP/1.1" 404 1089
186.67.172.234 - - [16/Mar/2017:11:10:23 -0300] "GET /cormun/static/Shared/jqueryui/images/ui-bg_highlight-soft_100_c6c2c8_1x100.png HTTP/1.1" 404 1117
186.67.172.234 - - [16/Mar/2017:11:10:23 -0300] "GET /cormun/static/Shared/jqueryui/images/ui-icons_ebccce_256x240.png HTTP/1.1" 404 1089
186.67.172.234 - - [16/Mar/2017:11:10:23 -0300] "GET /cormun/static/Shared/jqueryui/images/ui-bg_flat_55_994d53_40x100.png HTTP/1.1" 404 1097
186.67.172.234 - - [16/Mar/2017:11:10:23 -0300] "POST /cormun/servlet/vacaciones?501529f4f1c5ef7fbc5c7608c5525d12,INS,0,,gx-no-cache=1489673491928 HTTP/1.1" 200 3886
186.67.172.234 - - [16/Mar/2017:11:10:31 -0300] "GET /cormun/servlet/prvacacionesperiodo?10466645,MD,,gxPopupLevel%3D0%3B HTTP/1.1" 200 5467
186.79.248.208 - - [16/Mar/2017:11:10:32 -0300] "POST /cormun/servlet/solicitudot?gx-no-cache=1489676957511 HTTP/1.1" 200 3081
186.79.248.208 - - [16/Mar/2017:11:10:33 -0300] "POST /cormun/servlet/solicitudot?aaeeb840da32fa1ffff1bc7c164cb4da,INS,0,0,,gx-no-cache=1489676958023 HTTP/1.1" 200 9680
186.79.248.208 - - [16/Mar/2017:11:10:35 -0300] "GET /cormun/servlet/solicitudot?ef413e02495a6d973074a475b0378e70623b2f884e190d276aca6104271adbfe411a15d26fe0eac34b4a969a4230f395,gx-no-cache=1489676960658 HTTP/1.1" 200 30
186.67.172.234 - - [16/Mar/2017:11:10:50 -0300] "GET /cormun/servlet/prvacacionesperiodo?10466645,MD,,gxPopupLevel%3D0%3B HTTP/1.1" 200 5467
186.67.172.234 - - [16/Mar/2017:11:11:12 -0300] "GET /cormun/servlet/prvacacionesperiodo?10466645,MD,,gxPopupLevel%3D0%3B HTTP/1.1" 200 5467
186.67.172.234 - - [16/Mar/2017:11:11:23 -0300] "POST /cormun/servlet/vacaciones?501529f4f1c5ef7fbc5c7608c5525d12,INS,0,,gx-no-cache=1489673551683 HTTP/1.1" 200 3896
186.67.172.234 - - [16/Mar/2017:11:11:51 -0300] "GET /cormun/servlet/trvacaciones? HTTP/1.1" 200 6551
186.67.172.234 - - [16/Mar/2017:11:11:52 -0300] "GET /cormun/servlet/trvacaciones? HTTP/1.1" 200 6550
192.168.10.96 - - [16/Mar/2017:11:11:52 -0300] "GET /cormun/servlet/trsolicitudgral? HTTP/1.1" 200 23515
192.168.10.96 - - [16/Mar/2017:11:11:52 -0300] "GET /cormun/static/gxcfg.js?201732110400 HTTP/1.1" 304 -
192.168.10.96 - - [16/Mar/2017:11:11:52 -0300] "GET /cormun/static/trsolicitudgral.js?2017321104863 HTTP/1.1" 304 -
192.168.10.96 - - [16/Mar/2017:11:11:53 -0300] "GET /cormun/servlet/hlogin HTTP/1.1" 200 1742
192.168.10.96 - - [16/Mar/2017:11:11:53 -0300] "GET /cormun/static/Resources/Spanish/PXTools.css?1242369 HTTP/1.1" 304 -
192.168.10.96 - - [16/Mar/2017:11:11:53 -0300] "GET /cormun/static/gxcfg.js?20173151305376 HTTP/1.1" 304 -
192.168.10.96 - - [16/Mar/2017:11:11:53 -0300] "GET /cormun/static/hlogin.js?20173151305393 HTTP/1.1" 304 -
192.168.10.96 - - [16/Mar/2017:11:11:55 -0300] "GET /cormun/servlet/trsolicitudgral? HTTP/1.1" 200 23515
186.79.248.208 - - [16/Mar/2017:11:11:58 -0300] "POST /cormun/servlet/solicitudot?gx-no-cache=1489677043634 HTTP/1.1" 200 297
186.79.248.208 - - [16/Mar/2017:11:11:58 -0300] "GET /cormun/servlet/solicitudot?ef413e02495a6d973074a475b0378e70f899265b9ae1d632b478a4dcf0ae054b46dfbb9fd86070a8bf1afe78db04225f1e10914f95b8ce1bcfa6a2d215c2950fc008d5966f43334f9c471e1f0fa2415e6b8dd0ce09cb09badb746582c616b6bc9bd6471de31459afbcfca060c130567f292c05cfaf2b1354cf5c91572491c713c61cccfd8792364be0e6e56b74e7a7794abdc6e16f0f46cc346dcc4223c649f46a838f8c853dba5cce3ea9894b9bc311cf2cf6b73373ecffc1da9395b501dc27693760bd795c9956bb7a86e6161c26d484b066df6197c1853c53001c8a875a14ed80a086f1ac851a144d3b0ddf2fcf547597c79adf67403400ca94048eb7d7988cbdbc8e1fd686cb2ecd732be7e0c15b89f2fefb1a26266a60aa2e0c66e7d6ef8b36e2f56b681e285b7dc81796a31bdb0996c928d89e3ef3808201f9a4c7669bf4c5e6bcd7c22aa4203caf507b964eba639bdadc8b284e2a0062a4831469887e79af7963faba51ade5d94d061d91e715453a96bf234490cd99c202b2b6ff4b51bb5fb888d9bf0a0d96a6e6b80df40904,gx-no-cache=1489677043862 HTTP/1.1" 200 30
186.79.248.208 - - [16/Mar/2017:11:12:00 -0300] "POST /cormun/servlet/solicitudot?gx-no-cache=1489677045582 HTTP/1.1" 200 30
186.67.172.234 - - [16/Mar/2017:11:12:02 -0300] "GET /cormun/static/menuarrow.gif HTTP/1.1" 404 1015
186.79.248.208 - - [16/Mar/2017:11:12:11 -0300] "POST /cormun/servlet/solicitudot?gx-no-cache=1489677055976 HTTP/1.1" 200 235
192.168.10.89 - - [16/Mar/2017:11:12:11 -0300] "GET /cormun/servlet/trpermisosgeneralesgoce? HTTP/1.1" 200 9810
192.168.10.89 - - [16/Mar/2017:11:12:11 -0300] "GET /cormun/static/gxcfg.js?20173151351465 HTTP/1.1" 304 -
192.168.10.89 - - [16/Mar/2017:11:12:11 -0300] "GET /cormun/static/trpermisosgeneralesgoce.js?20173151351856 HTTP/1.1" 304 -
186.79.248.208 - - [16/Mar/2017:11:12:11 -0300] "POST /cormun/servlet/solicitudot?gx-no-cache=1489677056499 HTTP/1.1" 200 38
200.112.49.240 - - [16/Mar/2017:11:12:21 -0300] "GET /cormun/servlet/trsolicitudot? HTTP/1.1" 200 7374
200.112.49.240 - - [16/Mar/2017:11:12:22 -0300] "GET /cormun/servlet/trsolicitudot? HTTP/1.1" 200 7372
186.103.248.213 - - [16/Mar/2017:11:12:22 -0300] "GET /cormun/servlet/hlogin HTTP/1.1" 200 1737
192.168.10.89 - - [16/Mar/2017:11:12:22 -0300] "POST /cormun/servlet/trpermisosgeneralesgoce?479e8598b0bc0d762ddd2b2c2163ca30,,gx-no-cache=1489676824748 HTTP/1.1" 200 5579
186.103.248.213 - - [16/Mar/2017:11:12:24 -0300] "POST /cormun/servlet/hlogin?c37dd408c1f3718078254a973b19c7b2,gx-no-cache=1489673611283 HTTP/1.1" 200 90
186.103.248.213 - - [16/Mar/2017:11:12:24 -0300] "GET /cormun/servlet/hpexe_link HTTP/1.1" 200 957
186.103.248.213 - - [16/Mar/2017:11:12:24 -0300] "GET /cormun/servlet/trsolicitudot HTTP/1.1" 200 8396
186.103.248.213 - - [16/Mar/2017:11:12:24 -0300] "GET /cormun/servlet/trsolicitudot HTTP/1.1" 200 8395
192.168.10.89 - - [16/Mar/2017:11:12:26 -0300] "POST /cormun/servlet/trpermisosgeneralesgoce?479e8598b0bc0d762ddd2b2c2163ca30,,gx-no-cache=1489676828552 HTTP/1.1" 200 6995
192.168.10.89 - - [16/Mar/2017:11:12:45 -0300] "GET /cormun/servlet/hlogin HTTP/1.1" 200 1740
192.168.10.96 - - [16/Mar/2017:11:12:50 -0300] "POST /cormun/servlet/hlogin?278cd28eb70f845c5e2b989a21eb3935,gx-no-cache=1489676851933 HTTP/1.1" 200 90
192.168.10.96 - - [16/Mar/2017:11:12:50 -0300] "GET /cormun/servlet/hpexe_link HTTP/1.1" 200 952
192.168.10.96 - - [16/Mar/2017:11:12:50 -0300] "GET /cormun/static/gxcfg.js?20173151304587 HTTP/1.1" 304 -
192.168.10.96 - - [16/Mar/2017:11:12:50 -0300] "GET /cormun/static/hpexe_link.js?20173151304590 HTTP/1.1" 304 -
192.168.10.96 - - [16/Mar/2017:11:12:50 -0300] "GET /cormun/servlet/hhome HTTP/1.1" 200 3992
192.168.10.96 - - [16/Mar/2017:11:12:50 -0300] "GET /cormun/static/gxcfg.js?20173151304618 HTTP/1.1" 304 -
192.168.10.96 - - [16/Mar/2017:11:12:50 -0300] "GET /cormun/static/hhome.js?20173151304624 HTTP/1.1" 304 -
192.168.10.96 - - [16/Mar/2017:11:12:50 -0300] "GET /cormun/servlet/hhome HTTP/1.1" 200 3988
192.168.10.96 - - [16/Mar/2017:11:12:52 -0300] "GET /cormun/servlet/trsolicitudot? HTTP/1.1" 200 9052
192.168.10.96 - - [16/Mar/2017:11:12:52 -0300] "GET /cormun/static/gxcfg.js?20173151322457 HTTP/1.1" 304 -
192.168.10.96 - - [16/Mar/2017:11:12:52 -0300] "GET /cormun/static/trsolicitudot.js?20173151323318 HTTP/1.1" 304 -
192.168.10.96 - - [16/Mar/2017:11:12:52 -0300] "GET /cormun/servlet/trsolicitudot? HTTP/1.1" 200 9053
192.168.10.89 - - [16/Mar/2017:11:12:56 -0300] "POST /cormun/servlet/hlogin?479e8598b0bc0d762ddd2b2c2163ca30,gx-no-cache=1489676857867 HTTP/1.1" 200 90
192.168.10.89 - - [16/Mar/2017:11:12:56 -0300] "GET /cormun/servlet/hpexe_link HTTP/1.1" 200 950
192.168.10.89 - - [16/Mar/2017:11:12:56 -0300] "GET /cormun/servlet/hhome HTTP/1.1" 200 4031
192.168.10.89 - - [16/Mar/2017:11:12:56 -0300] "GET /cormun/static/gxcfg.js?20173151304618 HTTP/1.1" 304 -
192.168.10.89 - - [16/Mar/2017:11:12:56 -0300] "GET /cormun/static/hhome.js?20173151304624 HTTP/1.1" 304 -
200.112.49.240 - - [16/Mar/2017:11:12:56 -0300] "GET /cormun/servlet/trsolicitudot? HTTP/1.1" 200 8395
192.168.10.96 - - [16/Mar/2017:11:12:57 -0300] "POST /cormun/servlet/trsolicitudot?278cd28eb70f845c5e2b989a21eb3935,,gx-no-cache=1489676859507 HTTP/1.1" 200 105
192.168.10.96 - - [16/Mar/2017:11:12:57 -0300] "GET /cormun/servlet/solicitudot?UPD,2017,5553, HTTP/1.1" 500 10
200.112.49.240 - - [16/Mar/2017:11:12:57 -0300] "GET /cormun/servlet/trsolicitudot? HTTP/1.1" 200 8395
192.168.10.96 - - [16/Mar/2017:11:13:01 -0300] "GET /cormun/servlet/solicitudot?UPD,2017,5553, HTTP/1.1" 500 10
192.168.10.89 - - [16/Mar/2017:11:13:02 -0300] "GET /cormun/servlet/trpermisosgoce? HTTP/1.1" 200 6809
192.168.10.89 - - [16/Mar/2017:11:13:02 -0300] "GET /cormun/static/gxcfg.js?2017315135730 HTTP/1.1" 200 953
192.168.10.89 - - [16/Mar/2017:11:13:02 -0300] "GET /cormun/static/trpermisosgoce.js?20173151351159 HTTP/1.1" 200 31909
192.168.10.96 - - [16/Mar/2017:11:13:04 -0300] "GET /cormun/servlet/trsolicitudot? HTTP/1.1" 200 9052
192.168.10.96 - - [16/Mar/2017:11:13:04 -0300] "GET /cormun/servlet/trsolicitudot? HTTP/1.1" 200 9053
192.168.10.89 - - [16/Mar/2017:11:13:07 -0300] "GET /cormun/servlet/trpermisosingoceautorizar? HTTP/1.1" 200 6712
192.168.10.89 - - [16/Mar/2017:11:13:07 -0300] "GET /cormun/static/gxcfg.js?2017315136318 HTTP/1.1" 200 953
192.168.10.89 - - [16/Mar/2017:11:13:07 -0300] "GET /cormun/static/trpermisosingoceautorizar.js?201731513677 HTTP/1.1" 200 29726
192.168.10.96 - - [16/Mar/2017:11:13:08 -0300] "GET /cormun/servlet/treventos?2017,5553, HTTP/1.1" 200 6056
192.168.10.96 - - [16/Mar/2017:11:13:09 -0300] "GET /cormun/servlet/treventos?2017,5553, HTTP/1.1" 200 6056
192.168.10.89 - - [16/Mar/2017:11:13:09 -0300] "POST /cormun/servlet/acontrolpreferencessavestate?None,CSILVIA,true HTTP/1.1" 200 35
192.168.10.96 - - [16/Mar/2017:11:13:11 -0300] "POST /cormun/servlet/treventos?278cd28eb70f845c5e2b989a21eb3935,2017,5553,,gx-no-cache=1489676873087 HTTP/1.1" 200 90
192.168.10.96 - - [16/Mar/2017:11:13:11 -0300] "GET /cormun/servlet/hpexe_link HTTP/1.1" 200 965
192.168.10.96 - - [16/Mar/2017:11:13:11 -0300] "GET /cormun/servlet/trsolicitudot HTTP/1.1" 200 9054
192.168.10.96 - - [16/Mar/2017:11:13:11 -0300] "GET /cormun/servlet/trsolicitudot HTTP/1.1" 200 9053
192.168.10.89 - - [16/Mar/2017:11:13:12 -0300] "POST /cormun/servlet/trpermisosingoceautorizar?479e8598b0bc0d762ddd2b2c2163ca30,,gx-no-cache=1489676874577 HTTP/1.1" 200 3993
192.168.10.96 - - [16/Mar/2017:11:13:13 -0300] "POST /cormun/servlet/trsolicitudot?278cd28eb70f845c5e2b989a21eb3935,gx-no-cache=1489676875116 HTTP/1.1" 200 105
192.168.10.96 - - [16/Mar/2017:11:13:13 -0300] "GET /cormun/servlet/solicitudot?UPD,2017,5553, HTTP/1.1" 500 10
192.168.10.96 - - [16/Mar/2017:11:13:15 -0300] "GET /cormun/servlet/trsolicitudot HTTP/1.1" 200 9054
192.168.10.96 - - [16/Mar/2017:11:13:15 -0300] "GET /cormun/servlet/trsolicitudot HTTP/1.1" 200 9053
192.168.10.89 - - [16/Mar/2017:11:13:17 -0300] "POST /cormun/servlet/trpermisosingoceautorizar?479e8598b0bc0d762ddd2b2c2163ca30,,gx-no-cache=1489676878880 HTTP/1.1" 200 3993
192.168.10.89 - - [16/Mar/2017:11:13:21 -0300] "GET /cormun/servlet/trpermisosgoce? HTTP/1.1" 200 6820
186.79.0.101 - - [16/Mar/2017:11:13:22 -0300] "GET /cormun/servlet/trsolicitudot? HTTP/1.1" 200 9053
186.79.0.101 - - [16/Mar/2017:11:13:22 -0300] "GET /cormun/servlet/trsolicitudot? HTTP/1.1" 200 9052
186.79.0.101 - - [16/Mar/2017:11:13:26 -0300] "POST /cormun/servlet/trsolicitudot?a014d8bb81d1cb40a20c40bf7de4af33,,gx-no-cache=1489673674103 HTTP/1.1" 200 105
186.79.0.101 - - [16/Mar/2017:11:13:26 -0300] "GET /cormun/servlet/solicitudot?UPD,2017,5553, HTTP/1.1" 500 10
186.79.0.101 - - [16/Mar/2017:11:13:32 -0300] "GET /cormun/servlet/trsolicitudot? HTTP/1.1" 200 9053
186.79.0.101 - - [16/Mar/2017:11:13:32 -0300] "GET /cormun/servlet/trsolicitudot? HTTP/1.1" 200 9052
192.168.10.89 - - [16/Mar/2017:11:13:36 -0300] "GET /cormun/servlet/trpermisosgoce? HTTP/1.1" 200 6819
192.168.10.89 - - [16/Mar/2017:11:13:41 -0300] "GET /cormun/servlet/trautorizarpermisogoce? HTTP/1.1" 200 8742
192.168.10.89 - - [16/Mar/2017:11:13:41 -0300] "GET /cormun/static/gxcfg.js?20173151352895 HTTP/1.1" 200 953
192.168.10.89 - - [16/Mar/2017:11:13:41 -0300] "GET /cormun/static/trautorizarpermisogoce.js?20173151353282 HTTP/1.1" 200 31039
192.168.10.89 - - [16/Mar/2017:11:13:49 -0300] "POST /cormun/servlet/trautorizarpermisogoce?479e8598b0bc0d762ddd2b2c2163ca30,,gx-no-cache=1489676911371 HTTP/1.1" 200 131
192.168.10.89 - - [16/Mar/2017:11:13:49 -0300] "GET /cormun/servlet/licenciaspermisoslog?INS,15569821,P,20170315191037,0,NU, HTTP/1.1" 200 5919
192.168.10.89 - - [16/Mar/2017:11:13:49 -0300] "GET /cormun/static/gxcfg.js?2016122619302397 HTTP/1.1" 200 953
192.168.10.89 - - [16/Mar/2017:11:13:49 -0300] "GET /cormun/static/licenciaspermisoslog.js?201612261930247 HTTP/1.1" 200 9249
186.79.0.101 - - [16/Mar/2017:11:13:51 -0300] "POST /cormun/servlet/trsolicitudot?a014d8bb81d1cb40a20c40bf7de4af33,,gx-no-cache=1489673698831 HTTP/1.1" 200 5831
186.79.0.101 - - [16/Mar/2017:11:13:51 -0300] "GET /cormun/static/Shared/jqueryui/images/ui-bg_highlight-soft_100_c6c2c8_1x100.png HTTP/1.1" 404 1117
186.79.0.101 - - [16/Mar/2017:11:13:51 -0300] "GET /cormun/static/Shared/jqueryui/images/ui-icons_82798d_256x240.png HTTP/1.1" 404 1089
186.79.0.101 - - [16/Mar/2017:11:13:51 -0300] "GET /cormun/static/Shared/jqueryui/images/ui-bg_flat_55_fafafa_40x100.png HTTP/1.1" 404 1097
186.79.0.101 - - [16/Mar/2017:11:13:51 -0300] "GET /cormun/static/Shared/jqueryui/images/ui-icons_8d78a5_256x240.png HTTP/1.1" 404 1089
186.79.0.101 - - [16/Mar/2017:11:13:52 -0300] "POST /cormun/servlet/trsolicitudot?a014d8bb81d1cb40a20c40bf7de4af33,,gx-no-cache=1489673699776 HTTP/1.1" 200 5772
192.168.10.89 - - [16/Mar/2017:11:13:56 -0300] "GET /cormun/servlet/licenciaspermisoslog?fd0815c6c9f6da9d322224ed5c9820c12ad84b5aff31ae585aebdbc6fe21b8386d8867d75767ee3e98372404b9cdf8f2661fa46ada0d226ecf64a4a025d74ce94ed42a27a34174305100c81c9b2ce63e2c1a183136aff57d17ca9013572965e5,gx-no-cache=1489676918140 HTTP/1.1" 200 120
192.168.10.89 - - [16/Mar/2017:11:13:56 -0300] "GET /cormun/servlet/licenciaspermisoslog?fd0815c6c9f6da9d322224ed5c9820c12ad84b5aff31ae585aebdbc6fe21b8386d8867d75767ee3e98372404b9cdf8f2661fa46ada0d226ecf64a4a025d74ce94ed42a27a34174305100c81c9b2ce63e2c1a183136aff57d17ca9013572965e5,gx-no-cache=1489676918187 HTTP/1.1" 200 120
192.168.10.89 - - [16/Mar/2017:11:13:56 -0300] "GET /cormun/static/Shared/jqueryui/images/ui-icons_ebccce_256x240.png HTTP/1.1" 404 1089
192.168.10.89 - - [16/Mar/2017:11:13:56 -0300] "GET /cormun/static/Shared/jqueryui/images/ui-bg_flat_55_994d53_40x100.png HTTP/1.1" 404 1097
192.168.10.89 - - [16/Mar/2017:11:13:56 -0300] "GET /cormun/static/Shared/jqueryui/images/ui-bg_highlight-soft_100_c6c2c8_1x100.png HTTP/1.1" 404 1117
192.168.10.89 - - [16/Mar/2017:11:13:56 -0300] "GET /cormun/static/Shared/jqueryui/images/ui-icons_82798d_256x240.png HTTP/1.1" 404 1089
192.168.10.89 - - [16/Mar/2017:11:13:56 -0300] "POST /cormun/servlet/licenciaspermisoslog?479e8598b0bc0d762ddd2b2c2163ca30,INS,15569821,P,20170315191037,0,NU,,gx-no-cache=1489676918210 HTTP/1.1" 200 3740
192.168.10.96 - - [16/Mar/2017:11:14:00 -0300] "GET /cormun/servlet/trautorizarsolicitud? HTTP/1.1" 200 8189
192.168.10.96 - - [16/Mar/2017:11:14:01 -0300] "GET /cormun/servlet/trautorizarsolicitud? HTTP/1.1" 200 8188
192.168.10.89 - - [16/Mar/2017:11:14:02 -0300] "POST /cormun/servlet/licenciaspermisoslog?479e8598b0bc0d762ddd2b2c2163ca30,INS,15569821,P,20170315191037,0,NU,,gx-no-cache=1489676924446 HTTP/1.1" 200 93
192.168.10.89 - - [16/Mar/2017:11:14:02 -0300] "GET /cormun/servlet/hpexe_return? HTTP/1.1" 200 1043
186.79.0.101 - - [16/Mar/2017:11:14:03 -0300] "GET /cormun/servlet/trautorizarsolicitud? HTTP/1.1" 200 8188
192.168.10.89 - - [16/Mar/2017:11:14:03 -0300] "GET /cormun/servlet/trautorizarpermisogoce HTTP/1.1" 200 8746
186.79.0.101 - - [16/Mar/2017:11:14:03 -0300] "GET /cormun/servlet/trautorizarsolicitud? HTTP/1.1" 200 8187
186.79.0.101 - - [16/Mar/2017:11:14:11 -0300] "POST /cormun/servlet/trautorizarsolicitud?a014d8bb81d1cb40a20c40bf7de4af33,,gx-no-cache=1489673718972 HTTP/1.1" 200 4336
186.79.0.101 - - [16/Mar/2017:11:14:12 -0300] "POST /cormun/servlet/trautorizarsolicitud?a014d8bb81d1cb40a20c40bf7de4af33,,gx-no-cache=1489673719537 HTTP/1.1" 200 4096
192.168.10.89 - - [16/Mar/2017:11:14:14 -0300] "POST /cormun/servlet/trautorizarpermisogoce?479e8598b0bc0d762ddd2b2c2163ca30,gx-no-cache=1489676936438 HTTP/1.1" 200 131
192.168.10.89 - - [16/Mar/2017:11:14:14 -0300] "GET /cormun/servlet/licenciaspermisoslog?INS,15569821,P,20170315191037,0,NU, HTTP/1.1" 200 5920
186.79.248.208 - - [16/Mar/2017:11:14:19 -0300] "GET /cormun/servlet/solicitudot?ef413e02495a6d973074a475b0378e70a0080dbb32c9dd2a731603a5e6af1570f8e7b8df7e5084a01767724d163bb7b039a11a46feafda8a67212b43b53f48a0719e4e90a2a7f70cd1b341604d153f0e7e5d0884695c7deb4fdd09c60a65a1352e89aa00bb968bd949685f724f44f6da,gx-no-cache=1489677183961 HTTP/1.1" 200 29
186.79.248.208 - - [16/Mar/2017:11:14:19 -0300] "POST /cormun/servlet/solicitudot?gx-no-cache=1489677184179 HTTP/1.1" 200 643
186.79.248.208 - - [16/Mar/2017:11:14:20 -0300] "POST /cormun/servlet/solicitudot?gx-no-cache=1489677185553 HTTP/1.1" 200 1157
192.168.10.89 - - [16/Mar/2017:11:14:27 -0300] "GET /cormun/servlet/licenciaspermisoslog?fd0815c6c9f6da9d322224ed5c9820c12ad84b5aff31ae585aebdbc6fe21b8386d8867d75767ee3e98372404b9cdf8f2661fa46ada0d226ecf64a4a025d74ce94ed42a27a34174305100c81c9b2ce63e2c1a183136aff57d17ca9013572965e5,gx-no-cache=1489676949153 HTTP/1.1" 200 120
192.168.10.89 - - [16/Mar/2017:11:14:27 -0300] "GET /cormun/servlet/licenciaspermisoslog?fd0815c6c9f6da9d322224ed5c9820c12ad84b5aff31ae585aebdbc6fe21b8386d8867d75767ee3e98372404b9cdf8f2661fa46ada0d226ecf64a4a025d74ce94ed42a27a34174305100c81c9b2ce63e2c1a183136aff57d17ca9013572965e5,gx-no-cache=1489676949196 HTTP/1.1" 200 120
192.168.10.89 - - [16/Mar/2017:11:14:27 -0300] "GET /cormun/static/Shared/jqueryui/images/ui-icons_82798d_256x240.png HTTP/1.1" 404 1089
192.168.10.89 - - [16/Mar/2017:11:14:27 -0300] "GET /cormun/static/Shared/jqueryui/images/ui-icons_ebccce_256x240.png HTTP/1.1" 404 1089
192.168.10.89 - - [16/Mar/2017:11:14:27 -0300] "GET /cormun/static/Shared/jqueryui/images/ui-bg_highlight-soft_100_c6c2c8_1x100.png HTTP/1.1" 404 1117
192.168.10.89 - - [16/Mar/2017:11:14:27 -0300] "GET /cormun/static/Shared/jqueryui/images/ui-bg_flat_55_994d53_40x100.png HTTP/1.1" 404 1097
192.168.10.89 - - [16/Mar/2017:11:14:27 -0300] "POST /cormun/servlet/licenciaspermisoslog?479e8598b0bc0d762ddd2b2c2163ca30,INS,15569821,P,20170315191037,0,NU,,gx-no-cache=1489676949221 HTTP/1.1" 200 3739
192.168.10.89 - - [16/Mar/2017:11:14:31 -0300] "POST /cormun/servlet/licenciaspermisoslog?479e8598b0bc0d762ddd2b2c2163ca30,INS,15569821,P,20170315191037,0,NU,,gx-no-cache=1489676953252 HTTP/1.1" 200 93
192.168.10.89 - - [16/Mar/2017:11:14:31 -0300] "GET /cormun/servlet/hpexe_return? HTTP/1.1" 200 1043
192.168.10.89 - - [16/Mar/2017:11:14:32 -0300] "GET /cormun/servlet/trautorizarpermisogoce HTTP/1.1" 200 8746
186.79.248.208 - - [16/Mar/2017:11:14:35 -0300] "GET /cormun/static/menuarrow.gif HTTP/1.1" 404 1015
186.67.172.234 - - [16/Mar/2017:11:14:37 -0300] "POST /cormun/servlet/trvacaciones?501529f4f1c5ef7fbc5c7608c5525d12,,gx-no-cache=1489673745523 HTTP/1.1" 200 3895
192.168.10.96 - - [16/Mar/2017:11:14:40 -0300] "GET /cormun/servlet/hlogin HTTP/1.1" 200 1744
186.67.172.234 - - [16/Mar/2017:11:14:41 -0300] "POST /cormun/servlet/trvacaciones?501529f4f1c5ef7fbc5c7608c5525d12,,gx-no-cache=1489673749502 HTTP/1.1" 200 3894
186.67.172.234 - - [16/Mar/2017:11:14:42 -0300] "POST /cormun/servlet/trvacaciones?501529f4f1c5ef7fbc5c7608c5525d12,,gx-no-cache=1489673751078 HTTP/1.1" 200 3894
192.168.10.96 - - [16/Mar/2017:11:14:46 -0300] "POST /cormun/servlet/hlogin?278cd28eb70f845c5e2b989a21eb3935,gx-no-cache=1489676968397 HTTP/1.1" 200 90
192.168.10.96 - - [16/Mar/2017:11:14:46 -0300] "GET /cormun/servlet/hpexe_link HTTP/1.1" 200 952
192.168.10.96 - - [16/Mar/2017:11:14:46 -0300] "GET /cormun/servlet/hhome HTTP/1.1" 200 4153
192.168.10.96 - - [16/Mar/2017:11:14:47 -0300] "GET /cormun/servlet/hhome HTTP/1.1" 200 4149
186.67.172.234 - - [16/Mar/2017:11:14:51 -0300] "POST /cormun/servlet/trvacaciones?501529f4f1c5ef7fbc5c7608c5525d12,,gx-no-cache=1489673759711 HTTP/1.1" 200 3894
192.168.10.96 - - [16/Mar/2017:11:14:51 -0300] "GET /cormun/servlet/trsolicitudgral? HTTP/1.1" 200 24593
186.67.172.234 - - [16/Mar/2017:11:14:52 -0300] "POST /cormun/servlet/trvacaciones?501529f4f1c5ef7fbc5c7608c5525d12,,gx-no-cache=1489673760822 HTTP/1.1" 200 3894
186.79.248.208 - - [16/Mar/2017:11:14:53 -0300] "GET /cormun/servlet/solicitudot?ef413e02495a6d973074a475b0378e70d7e070b92de8e3891d2c4b8d889f6cf3daad29c762cb6d090a30be3600a0dd08d659a40c126a49ac2422f5bfbe2c8733e202138d251a896a963aca8a1f6d233b210491fcc04b7bba79a78d27509f14c7da8dfb4423a40c4ec2bc25d7ab675514670816d55f68383839772b2926efb6d037402a29729adcc9c3fb8dd5b0100ff830fa210ea9b82d24ba1a6c39e784b0531141514d82e32d536072d75340aaae47,gx-no-cache=1489677217912 HTTP/1.1" 200 30
192.168.10.96 - - [16/Mar/2017:11:14:53 -0300] "GET /cormun/servlet/trsolicitudgral? HTTP/1.1" 200 24590
186.67.172.234 - - [16/Mar/2017:11:14:53 -0300] "POST /cormun/servlet/trvacaciones?501529f4f1c5ef7fbc5c7608c5525d12,,gx-no-cache=1489673762014 HTTP/1.1" 200 3893
186.67.172.234 - - [16/Mar/2017:11:14:54 -0300] "POST /cormun/servlet/trvacaciones?501529f4f1c5ef7fbc5c7608c5525d12,,gx-no-cache=1489673762998 HTTP/1.1" 200 3894
186.67.172.234 - - [16/Mar/2017:11:14:56 -0300] "POST /cormun/servlet/trvacaciones?501529f4f1c5ef7fbc5c7608c5525d12,,gx-no-cache=1489673764765 HTTP/1.1" 200 3894
186.67.172.234 - - [16/Mar/2017:11:14:57 -0300] "POST /cormun/servlet/trvacaciones?501529f4f1c5ef7fbc5c7608c5525d12,,gx-no-cache=1489673766029 HTTP/1.1" 200 3893
186.67.172.234 - - [16/Mar/2017:11:14:59 -0300] "POST /cormun/servlet/trvacaciones?501529f4f1c5ef7fbc5c7608c5525d12,,gx-no-cache=1489673767590 HTTP/1.1" 200 3894
186.67.172.234 - - [16/Mar/2017:11:15:00 -0300] "POST /cormun/servlet/trvacaciones?501529f4f1c5ef7fbc5c7608c5525d12,,gx-no-cache=1489673769101 HTTP/1.1" 200 3893
186.67.172.234 - - [16/Mar/2017:11:15:01 -0300] "POST /cormun/servlet/trvacaciones?501529f4f1c5ef7fbc5c7608c5525d12,,gx-no-cache=1489673770253 HTTP/1.1" 200 3894
186.67.172.234 - - [16/Mar/2017:11:15:04 -0300] "GET /cormun/servlet/vacaciones?INS,0, HTTP/1.1" 200 6272
186.67.172.234 - - [16/Mar/2017:11:15:04 -0300] "GET /cormun/servlet/vacaciones?INS,0, HTTP/1.1" 200 6272
192.168.10.96 - - [16/Mar/2017:11:15:05 -0300] "POST /cormun/servlet/trsolicitudgral?278cd28eb70f845c5e2b989a21eb3935,,gx-no-cache=1489676986872 HTTP/1.1" 200 8464
192.168.10.96 - - [16/Mar/2017:11:15:13 -0300] "POST /cormun/servlet/trsolicitudgral?278cd28eb70f845c5e2b989a21eb3935,,gx-no-cache=1489676995516 HTTP/1.1" 200 10346
192.168.10.89 - - [16/Mar/2017:11:15:15 -0300] "POST /cormun/servlet/trautorizarpermisogoce?479e8598b0bc0d762ddd2b2c2163ca30,gx-no-cache=1489676997635 HTTP/1.1" 200 6034
192.168.10.89 - - [16/Mar/2017:11:15:16 -0300] "GET /cormun/static/Shared/jqueryui/images/ui-icons_8d78a5_256x240.png HTTP/1.1" 404 1089
192.168.10.89 - - [16/Mar/2017:11:15:16 -0300] "GET /cormun/static/Shared/jqueryui/images/ui-icons_82798d_256x240.png HTTP/1.1" 404 1089
192.168.10.89 - - [16/Mar/2017:11:15:16 -0300] "GET /cormun/static/Shared/jqueryui/images/ui-bg_flat_55_fafafa_40x100.png HTTP/1.1" 404 1097
192.168.10.89 - - [16/Mar/2017:11:15:16 -0300] "GET /cormun/static/Shared/jqueryui/images/ui-bg_highlight-soft_100_c6c2c8_1x100.png HTTP/1.1" 404 1117
186.79.248.208 - - [16/Mar/2017:11:15:16 -0300] "POST /cormun/servlet/solicitudot?aaeeb840da32fa1ffff1bc7c164cb4da,INS,0,0,,gx-no-cache=1489677241111 HTTP/1.1" 200 93
186.79.248.208 - - [16/Mar/2017:11:15:17 -0300] "GET /cormun/servlet/hpexe_return? HTTP/1.1" 200 1005
186.79.248.208 - - [16/Mar/2017:11:15:17 -0300] "GET /cormun/servlet/trsolicitudot HTTP/1.1" 200 8416
192.168.10.89 - - [16/Mar/2017:11:15:19 -0300] "GET /cormun/servlet/trpermisosadjuntos?9698725,20170309144009,P, HTTP/1.1" 200 6357
192.168.10.89 - - [16/Mar/2017:11:15:19 -0300] "GET /cormun/static/gxcfg.js?20173151352052 HTTP/1.1" 304 -
192.168.10.89 - - [16/Mar/2017:11:15:19 -0300] "GET /cormun/static/trpermisosadjuntos.js?20173151352322 HTTP/1.1" 304 -
186.67.172.234 - - [16/Mar/2017:11:15:19 -0300] "GET /cormun/servlet/prfichaempleado?,MD,,gxPopupLevel%3D0%3B HTTP/1.1" 200 8827
186.79.248.208 - - [16/Mar/2017:11:15:19 -0300] "GET /cormun/servlet/trsolicitudot HTTP/1.1" 200 8412
192.168.10.89 - - [16/Mar/2017:11:15:21 -0300] "POST /cormun/servlet/acontrolpreferencessavestate?None,CSILVIA,true HTTP/1.1" 200 35
192.168.10.89 - - [16/Mar/2017:11:15:22 -0300] "GET /cormun/servlet/trautorizarpermisogoce HTTP/1.1" 200 8749
186.79.248.208 - - [16/Mar/2017:11:15:25 -0300] "GET /cormun/servlet/trpermisosgoce? HTTP/1.1" 200 8585
186.79.248.208 - - [16/Mar/2017:11:15:25 -0300] "GET /cormun/static/gxcfg.js?2017315135730 HTTP/1.1" 304 -
186.79.248.208 - - [16/Mar/2017:11:15:25 -0300] "GET /cormun/static/trpermisosgoce.js?20173151351159 HTTP/1.1" 304 -
186.79.248.208 - - [16/Mar/2017:11:15:26 -0300] "GET /cormun/servlet/trpermisosgoce? HTTP/1.1" 200 8584
192.168.10.89 - - [16/Mar/2017:11:15:30 -0300] "GET /cormun/servlet/apermisogoceprn?9698725,P,20170309144009,PU HTTP/1.1" 200 1658
186.79.248.208 - - [16/Mar/2017:11:15:42 -0300] "POST /cormun/servlet/trpermisosgoce?aaeeb840da32fa1ffff1bc7c164cb4da,,gx-no-cache=1489677266555 HTTP/1.1" 200 3877
186.79.248.208 - - [16/Mar/2017:11:15:44 -0300] "GET /cormun/servlet/permisogoce?INS,0,,, HTTP/1.1" 200 6553
186.79.248.208 - - [16/Mar/2017:11:15:44 -0300] "GET /cormun/static/gxcfg.js?20173151255406 HTTP/1.1" 200 953
186.79.248.208 - - [16/Mar/2017:11:15:44 -0300] "GET /cormun/static/permisogoce.js?201731512554075 HTTP/1.1" 200 26147
186.79.248.208 - - [16/Mar/2017:11:15:46 -0300] "GET /cormun/servlet/permisogoce?INS,0,,, HTTP/1.1" 200 6552
186.67.172.234 - - [16/Mar/2017:11:15:46 -0300] "POST /cormun/servlet/prfichaempleado?501529f4f1c5ef7fbc5c7608c5525d12,,MD,,gxPopupLevel%3D0%3B,gx-no-cache=1489673814937 HTTP/1.1" 200 3402
192.168.10.96 - - [16/Mar/2017:11:15:53 -0300] "POST /cormun/servlet/trsolicitudgral?278cd28eb70f845c5e2b989a21eb3935,,gx-no-cache=1489677035182 HTTP/1.1" 200 7061
186.79.248.208 - - [16/Mar/2017:11:15:58 -0300] "GET /cormun/servlet/prfichaempleado?,MD,,gxPopupLevel%3D0%3B HTTP/1.1" 200 8849
186.79.248.208 - - [16/Mar/2017:11:15:59 -0300] "GET /cormun/static/prfichaempleado.js?201610242056198 HTTP/1.1" 304 -
186.79.248.208 - - [16/Mar/2017:11:15:59 -0300] "GET /cormun/static/hmpwkw011.js?20173151304635 HTTP/1.1" 304 -
186.79.248.208 - - [16/Mar/2017:11:15:59 -0300] "GET /cormun/static/menusearch.js?201610171694467 HTTP/1.1" 304 -
192.168.10.89 - - [16/Mar/2017:11:16:00 -0300] "GET /cormun/servlet/trpermisosadjuntos?15569821,20170315191037,P, HTTP/1.1" 200 6350
192.168.10.89 - - [16/Mar/2017:11:16:05 -0300] "GET /cormun/servlet/trautorizarpermisogoce HTTP/1.1" 200 8749
186.67.172.234 - - [16/Mar/2017:11:16:07 -0300] "GET /cormun/servlet/vacaciones?de1f4be10476e355daf4c4e7237c9738eeecc706b58eddfc723c2aef3c35cecc85b07463594b0e95ff5118b8b524ede7,gx-no-cache=1489673835822 HTTP/1.1" 200 76
186.67.172.234 - - [16/Mar/2017:11:16:10 -0300] "GET /cormun/static/menuarrow.gif HTTP/1.1" 404 1015
186.79.248.208 - - [16/Mar/2017:11:16:10 -0300] "POST /cormun/servlet/prfichaempleado?aaeeb840da32fa1ffff1bc7c164cb4da,,MD,,gxPopupLevel%3D0%3B,gx-no-cache=1489677294709 HTTP/1.1" 200 3394
192.168.10.89 - - [16/Mar/2017:11:16:14 -0300] "POST /cormun/servlet/trautorizarpermisogoce?479e8598b0bc0d762ddd2b2c2163ca30,gx-no-cache=1489677056145 HTTP/1.1" 200 6034
186.79.248.208 - - [16/Mar/2017:11:16:14 -0300] "GET /cormun/servlet/permisogoce?e059bbea5b23bab40a0e0fc67c04e1ab19c326c03aafc963bff39ce675618ac01da030d22f30dfeb10b7431c9d6078e6,gx-no-cache=1489677299389 HTTP/1.1" 200 70
186.79.248.208 - - [16/Mar/2017:11:16:14 -0300] "GET /cormun/static/menuarrow.gif HTTP/1.1" 404 1015
192.168.10.89 - - [16/Mar/2017:11:16:14 -0300] "GET /cormun/static/Shared/jqueryui/images/ui-bg_flat_55_fafafa_40x100.png HTTP/1.1" 404 1097
192.168.10.89 - - [16/Mar/2017:11:16:14 -0300] "GET /cormun/static/Shared/jqueryui/images/ui-icons_8d78a5_256x240.png HTTP/1.1" 404 1089
192.168.10.89 - - [16/Mar/2017:11:16:14 -0300] "GET /cormun/static/Shared/jqueryui/images/ui-bg_highlight-soft_100_c6c2c8_1x100.png HTTP/1.1" 404 1117
192.168.10.89 - - [16/Mar/2017:11:16:14 -0300] "GET /cormun/static/Shared/jqueryui/images/ui-icons_82798d_256x240.png HTTP/1.1" 404 1089
186.79.248.208 - - [16/Mar/2017:11:16:19 -0300] "GET /cormun/servlet/permisogoce?e059bbea5b23bab40a0e0fc67c04e1abb4c10fadb031fedbee65a8505c44500669b3a54a0dde60de9558f7fb368bc5e2598b1be5af34eb527647f335224f85c9,gx-no-cache=1489677304003 HTTP/1.1" 200 47
186.79.248.208 - - [16/Mar/2017:11:16:29 -0300] "POST /cormun/servlet/permisogoce?aaeeb840da32fa1ffff1bc7c164cb4da,INS,0,,,,gx-no-cache=1489677313482 HTTP/1.1" 200 93
186.79.248.208 - - [16/Mar/2017:11:16:29 -0300] "GET /cormun/servlet/hpexe_return? HTTP/1.1" 200 1009
186.79.248.208 - - [16/Mar/2017:11:16:29 -0300] "GET /cormun/servlet/trpermisosgoce? HTTP/1.1" 200 7381
186.79.248.208 - - [16/Mar/2017:11:16:31 -0300] "GET /cormun/servlet/trpermisosgoce? HTTP/1.1" 200 7377
186.79.248.208 - - [16/Mar/2017:11:16:34 -0300] "GET /cormun/servlet/apermisogoceprn?18952078,P,20170316121110,PU HTTP/1.1" 200 1653
192.168.10.89 - - [16/Mar/2017:11:16:43 -0300] "GET /cormun/servlet/apermisogoceprn?15569821,P,20170315162303,PU HTTP/1.1" 200 1646
186.67.172.234 - - [16/Mar/2017:11:16:43 -0300] "GET /cormun/servlet/prfichaempleado?,MD,,gxPopupLevel%3D0%3B HTTP/1.1" 200 8827
186.67.172.234 - - [16/Mar/2017:11:17:04 -0300] "POST /cormun/servlet/prfichaempleado?501529f4f1c5ef7fbc5c7608c5525d12,,MD,,gxPopupLevel%3D0%3B,gx-no-cache=1489673892705 HTTP/1.1" 200 3401
192.168.10.89 - - [16/Mar/2017:11:17:06 -0300] "GET /cormun/servlet/apermisogoceprn?6134278,P,20170315190810,PU HTTP/1.1" 200 1651
186.67.172.234 - - [16/Mar/2017:11:17:14 -0300] "GET /cormun/servlet/vacaciones?de1f4be10476e355daf4c4e7237c9738eeecc706b58eddfc723c2aef3c35cecc0388ca6209532cb8967d7affd2aad74307a5bc1a0e50ff78321e31f7f48bac2df56c4ebcf987c8793558f07b126179376242c059cd74502e0317a082aca8c33b,gx-no-cache=1489673902774 HTTP/1.1" 200 76
186.67.172.234 - - [16/Mar/2017:11:17:27 -0300] "GET /cormun/servlet/prvacacionesperiodo?10466645,MD,,gxPopupLevel%3D0%3B HTTP/1.1" 200 5467
186.67.172.234 - - [16/Mar/2017:11:17:36 -0300] "GET /cormun/servlet/prvacacionesperiodo?10466645,MD,,gxPopupLevel%3D0%3B HTTP/1.1" 200 5467
186.67.172.234 - - [16/Mar/2017:11:17:45 -0300] "GET /cormun/servlet/prvacacionesperiodo?10466645,MD,,gxPopupLevel%3D0%3B HTTP/1.1" 200 5467
186.67.172.234 - - [16/Mar/2017:11:17:50 -0300] "GET /cormun/servlet/prvacacionesperiodo?10466645,MD,,gxPopupLevel%3D0%3B HTTP/1.1" 200 5467
186.67.172.234 - - [16/Mar/2017:11:18:02 -0300] "GET /cormun/servlet/vacaciones?de1f4be10476e355daf4c4e7237c973866b2393e884f33625bbb7871f5bb4a979136bf6cb9d9493a074c57694681274fd3f8d7e144cd97c655d60bc68e28177b,gx-no-cache=1489673951111 HTTP/1.1" 200 132
186.67.172.234 - - [16/Mar/2017:11:18:02 -0300] "GET /cormun/static/Shared/jqueryui/images/ui-bg_highlight-soft_100_c6c2c8_1x100.png HTTP/1.1" 404 1117
186.67.172.234 - - [16/Mar/2017:11:18:02 -0300] "GET /cormun/static/Shared/jqueryui/images/ui-icons_82798d_256x240.png HTTP/1.1" 404 1089
186.67.172.234 - - [16/Mar/2017:11:18:02 -0300] "GET /cormun/static/Shared/jqueryui/images/ui-bg_flat_55_994d53_40x100.png HTTP/1.1" 404 1097
186.67.172.234 - - [16/Mar/2017:11:18:02 -0300] "GET /cormun/static/Shared/jqueryui/images/ui-icons_ebccce_256x240.png HTTP/1.1" 404 1089
186.67.172.234 - - [16/Mar/2017:11:18:03 -0300] "POST /cormun/servlet/vacaciones?501529f4f1c5ef7fbc5c7608c5525d12,INS,0,,gx-no-cache=1489673951209 HTTP/1.1" 200 3895
186.103.248.213 - - [16/Mar/2017:11:18:05 -0300] "GET /cormun/servlet/trsolicitudot? HTTP/1.1" 200 8395
186.103.248.213 - - [16/Mar/2017:11:18:06 -0300] "GET /cormun/servlet/trsolicitudot? HTTP/1.1" 200 8395
186.103.248.213 - - [16/Mar/2017:11:18:10 -0300] "GET /cormun/servlet/solicitudot?INS,0,0, HTTP/1.1" 200 12581
186.103.248.213 - - [16/Mar/2017:11:18:10 -0300] "GET /cormun/servlet/solicitudot?INS,0,0, HTTP/1.1" 200 12586
192.168.10.89 - - [16/Mar/2017:11:18:21 -0300] "POST /cormun/servlet/trautorizarpermisogoce?479e8598b0bc0d762ddd2b2c2163ca30,gx-no-cache=1489677183043 HTTP/1.1" 200 131
192.168.10.89 - - [16/Mar/2017:11:18:21 -0300] "GET /cormun/servlet/licenciaspermisoslog?INS,9698725,P,20170309144009,0,NU, HTTP/1.1" 200 5926
192.168.10.89 - - [16/Mar/2017:11:18:27 -0300] "GET /cormun/servlet/licenciaspermisoslog?fd0815c6c9f6da9d322224ed5c9820c1d910d164a185a8f7541ef541113b6bcb43bbfdf24bda6249bd66b875eef7b54c962943a816a3eb4c30b90328c4f144334820dcaa295c57fa7ed161523b0b012e56815d59355e604e58d7a3e2c5d70736,gx-no-cache=1489677189138 HTTP/1.1" 200 120
192.168.10.89 - - [16/Mar/2017:11:18:27 -0300] "GET /cormun/servlet/licenciaspermisoslog?fd0815c6c9f6da9d322224ed5c9820c1d910d164a185a8f7541ef541113b6bcb43bbfdf24bda6249bd66b875eef7b54c962943a816a3eb4c30b90328c4f144334820dcaa295c57fa7ed161523b0b012e56815d59355e604e58d7a3e2c5d70736,gx-no-cache=1489677189178 HTTP/1.1" 200 120
192.168.10.89 - - [16/Mar/2017:11:18:27 -0300] "GET /cormun/static/Shared/jqueryui/images/ui-bg_flat_55_994d53_40x100.png HTTP/1.1" 404 1097
192.168.10.89 - - [16/Mar/2017:11:18:27 -0300] "GET /cormun/static/Shared/jqueryui/images/ui-icons_82798d_256x240.png HTTP/1.1" 404 1089
192.168.10.89 - - [16/Mar/2017:11:18:27 -0300] "GET /cormun/static/Shared/jqueryui/images/ui-bg_highlight-soft_100_c6c2c8_1x100.png HTTP/1.1" 404 1117
192.168.10.89 - - [16/Mar/2017:11:18:27 -0300] "GET /cormun/static/Shared/jqueryui/images/ui-icons_ebccce_256x240.png HTTP/1.1" 404 1089
192.168.10.89 - - [16/Mar/2017:11:18:27 -0300] "POST /cormun/servlet/licenciaspermisoslog?479e8598b0bc0d762ddd2b2c2163ca30,INS,9698725,P,20170309144009,0,NU,,gx-no-cache=1489677189203 HTTP/1.1" 200 3730
192.168.10.89 - - [16/Mar/2017:11:18:30 -0300] "GET /cormun/servlet/trautorizarpermisogoce HTTP/1.1" 200 8749
186.79.248.208 - - [16/Mar/2017:11:18:39 -0300] "GET /cormun/servlet/trsolicitudot? HTTP/1.1" 200 8412
186.79.248.208 - - [16/Mar/2017:11:18:41 -0300] "GET /cormun/servlet/trsolicitudot? HTTP/1.1" 200 8412
186.79.248.208 - - [16/Mar/2017:11:18:45 -0300] "POST /cormun/servlet/trsolicitudot?aaeeb840da32fa1ffff1bc7c164cb4da,,gx-no-cache=1489677450513 HTTP/1.1" 200 106
186.79.248.208 - - [16/Mar/2017:11:18:46 -0300] "GET /cormun/servlet/trsolicitudadjuntos?2017,5571, HTTP/1.1" 200 5885
186.79.248.208 - - [16/Mar/2017:11:18:46 -0300] "GET /cormun/static/gxcfg.js?20173151321943 HTTP/1.1" 200 953
186.79.248.208 - - [16/Mar/2017:11:18:46 -0300] "GET /cormun/static/trsolicitudadjuntos.js?20173151322278 HTTP/1.1" 200 17913
186.79.248.208 - - [16/Mar/2017:11:18:47 -0300] "GET /cormun/servlet/trsolicitudadjuntos?2017,5571, HTTP/1.1" 200 5885
200.112.49.240 - - [16/Mar/2017:11:19:01 -0300] "POST /cormun/servlet/solicitudot?gx-no-cache=1489674008419 HTTP/1.1" 200 3188
200.112.49.240 - - [16/Mar/2017:11:19:02 -0300] "POST /cormun/servlet/solicitudot?c37dd408c1f3718078254a973b19c7b2,INS,0,0,,gx-no-cache=1489674009150 HTTP/1.1" 200 9763
200.112.49.240 - - [16/Mar/2017:11:19:02 -0300] "GET /cormun/servlet/solicitudot?c9cd038442dbac98a8e23c1df9ca021dd7ef3b00bd91db52fdf2a7a2a85dc63c27a4fc4d003853195a53a7a430bfd208,gx-no-cache=1489674009724 HTTP/1.1" 200 30
186.79.248.208 - - [16/Mar/2017:11:19:21 -0300] "POST /cormun/servlet/trsolicitudadjuntos?aaeeb840da32fa1ffff1bc7c164cb4da,2017,5571,,gx-no-cache=1489677485913 HTTP/1.1" 200 90
186.79.248.208 - - [16/Mar/2017:11:19:21 -0300] "GET /cormun/servlet/hpexe_link HTTP/1.1" 200 968
186.79.248.208 - - [16/Mar/2017:11:19:21 -0300] "GET /cormun/static/gxcfg.js?20173151304587 HTTP/1.1" 304 -
186.79.248.208 - - [16/Mar/2017:11:19:21 -0300] "GET /cormun/static/hpexe_link.js?20173151304590 HTTP/1.1" 304 -
186.79.248.208 - - [16/Mar/2017:11:19:21 -0300] "GET /cormun/servlet/trsolicitudot HTTP/1.1" 200 8413
186.79.248.208 - - [16/Mar/2017:11:19:23 -0300] "GET /cormun/servlet/trsolicitudot HTTP/1.1" 200 8412
192.168.10.89 - - [16/Mar/2017:11:19:27 -0300] "GET /cormun/servlet/hlogin HTTP/1.1" 200 1740
186.79.248.208 - - [16/Mar/2017:11:19:30 -0300] "POST /cormun/servlet/trsolicitudot?aaeeb840da32fa1ffff1bc7c164cb4da,gx-no-cache=1489677494993 HTTP/1.1" 200 106
186.79.248.208 - - [16/Mar/2017:11:19:30 -0300] "GET /cormun/servlet/trsolicitudadjuntos?2017,5571, HTTP/1.1" 200 5885
186.79.248.208 - - [16/Mar/2017:11:19:31 -0300] "GET /cormun/servlet/trsolicitudadjuntos?2017,5571, HTTP/1.1" 200 5885
186.79.248.208 - - [16/Mar/2017:11:19:40 -0300] "GET /cormun/servlet/solicitudotadjuntos?INS,2017,5571,,1, HTTP/1.1" 200 5824
186.79.248.208 - - [16/Mar/2017:11:19:40 -0300] "GET /cormun/static/about:blank HTTP/1.1" 404 1011
186.79.248.208 - - [16/Mar/2017:11:19:41 -0300] "GET /cormun/servlet/solicitudotadjuntos?INS,2017,5571,,1, HTTP/1.1" 200 5818
186.79.248.208 - - [16/Mar/2017:11:19:42 -0300] "GET /cormun/servlet/solicitudotadjuntos?ef413e02495a6d973074a475b0378e70255496d5d46cd5d6df6cd4c558eaedd8754b21fe8902f1d790325d4f2283867c,gx-no-cache=1489677507291 HTTP/1.1" 200 30
186.79.248.208 - - [16/Mar/2017:11:19:42 -0300] "POST /cormun/servlet/solicitudotadjuntos?aaeeb840da32fa1ffff1bc7c164cb4da,INS,2017,5571,,1,,gx-no-cache=1489677507428 HTTP/1.1" 200 3637
186.79.248.208 - - [16/Mar/2017:11:19:47 -0300] "POST /cormun/servlet/solicitudotadjuntos?gx-no-cache=1489677512595 HTTP/1.1" 200 26
186.79.248.208 - - [16/Mar/2017:11:20:15 -0300] "GET /cormun/servlet/solicitudotadjuntos?ef413e02495a6d973074a475b0378e705b975b1df9f4be9706e9f18faa420c32,gx-no-cache=1489677540731 HTTP/1.1" 200 30
186.79.248.208 - - [16/Mar/2017:11:20:15 -0300] "GET /cormun/servlet/solicitudotadjuntos?ef413e02495a6d973074a475b0378e705b975b1df9f4be9706e9f18faa420c32,gx-no-cache=1489677540886 HTTP/1.1" 200 30
186.79.248.208 - - [16/Mar/2017:11:20:19 -0300] "POST /cormun/servlet/solicitudotadjuntos?aaeeb840da32fa1ffff1bc7c164cb4da,INS,2017,5571,,1, HTTP/1.1" 200 116
186.79.248.208 - - [16/Mar/2017:11:20:19 -0300] "GET /cormun/servlet/hpexe_return? HTTP/1.1" 200 1024
186.79.248.208 - - [16/Mar/2017:11:20:20 -0300] "GET /cormun/servlet/trsolicitudadjuntos?2017,5571, HTTP/1.1" 200 7983
186.103.248.213 - - [16/Mar/2017:11:20:21 -0300] "POST /cormun/servlet/solicitudot?gx-no-cache=1489674088378 HTTP/1.1" 200 256
186.103.248.213 - - [16/Mar/2017:11:20:21 -0300] "GET /cormun/servlet/solicitudot?c9cd038442dbac98a8e23c1df9ca021df92ec06f90403b5fd1e099acf867b24a87a4e51cb7cc9a30cb02f255cba81c5e0077423a23bbacb1423156ae4493c9a960395541ab1e200c7a399feb4a2402f08d6dd6e6facac6380d3e66e7d0d46898fed60122f0672dfdb5301225f3670a45f6ab507b76ea08cc2537266bd74811b9842fa2cbd202adf00f3a9ebaf65f004ad2311bb6f005083686559e188678e6cd113c3936f992b7a29ecdc7d98eaaf551819fe5f43343c54e19ccb545632bd2a069178997c5fb11a5e17bab96a72fba84c8632059e22c2d349d9ee09645abffaa364649e7f5aa5e0005efcf29f44363567cf18b00c2b7d734dd7eac540a9144e4cc979fa1128aed3cb99f9a111e88173b99a8e3a2bdf7472613aeb9f7bc731483081cb8edef232624eeafba32d0b1d0dd806e3392a6d15645f0c861b6db882c9b96e9e50e369c30c06170aa2b07558230c7524fada64f63940a71355bd038524cdceae2fb558af0b736f7df232bad39d503e279ed083cab15669825e8af007f75,gx-no-cache=1489674088565 HTTP/1.1" 200 30
186.79.248.208 - - [16/Mar/2017:11:20:22 -0300] "GET /cormun/servlet/trsolicitudadjuntos?2017,5571, HTTP/1.1" 200 7979
186.79.248.208 - - [16/Mar/2017:11:20:25 -0300] "GET /cormun/servlet/solicitudotadjuntos?INS,2017,5571,,1, HTTP/1.1" 200 5824
186.79.248.208 - - [16/Mar/2017:11:20:26 -0300] "GET /cormun/static/about:blank HTTP/1.1" 404 1011
186.103.248.213 - - [16/Mar/2017:11:20:26 -0300] "POST /cormun/servlet/solicitudot?gx-no-cache=1489674094118 HTTP/1.1" 200 30
186.79.248.208 - - [16/Mar/2017:11:20:27 -0300] "GET /cormun/servlet/solicitudotadjuntos?INS,2017,5571,,1, HTTP/1.1" 200 5818
186.79.248.208 - - [16/Mar/2017:11:20:28 -0300] "GET /cormun/servlet/solicitudotadjuntos?ef413e02495a6d973074a475b0378e70255496d5d46cd5d6df6cd4c558eaedd8754b21fe8902f1d790325d4f2283867c,gx-no-cache=1489677552847 HTTP/1.1" 200 30
186.103.248.213 - - [16/Mar/2017:11:20:28 -0300] "POST /cormun/servlet/solicitudot?gx-no-cache=1489674095619 HTTP/1.1" 200 235
186.103.248.213 - - [16/Mar/2017:11:20:28 -0300] "POST /cormun/servlet/solicitudot?gx-no-cache=1489674095753 HTTP/1.1" 200 38
186.79.248.208 - - [16/Mar/2017:11:20:29 -0300] "POST /cormun/servlet/solicitudotadjuntos?aaeeb840da32fa1ffff1bc7c164cb4da,INS,2017,5571,,1,,gx-no-cache=1489677553594 HTTP/1.1" 200 3637
186.79.248.208 - - [16/Mar/2017:11:20:35 -0300] "POST /cormun/servlet/solicitudotadjuntos?gx-no-cache=1489677560205 HTTP/1.1" 200 26
186.79.248.208 - - [16/Mar/2017:11:20:49 -0300] "GET /cormun/servlet/solicitudotadjuntos?ef413e02495a6d973074a475b0378e705b975b1df9f4be9706e9f18faa420c32,gx-no-cache=1489677573943 HTTP/1.1" 200 30
186.79.248.208 - - [16/Mar/2017:11:20:49 -0300] "GET /cormun/servlet/solicitudotadjuntos?ef413e02495a6d973074a475b0378e705b975b1df9f4be9706e9f18faa420c32,gx-no-cache=1489677574470 HTTP/1.1" 200 30
186.79.248.208 - - [16/Mar/2017:11:20:53 -0300] "POST /cormun/servlet/solicitudotadjuntos?aaeeb840da32fa1ffff1bc7c164cb4da,INS,2017,5571,,1, HTTP/1.1" 200 116
186.79.248.208 - - [16/Mar/2017:11:20:53 -0300] "GET /cormun/servlet/hpexe_return? HTTP/1.1" 200 1024
186.79.248.208 - - [16/Mar/2017:11:20:53 -0300] "GET /cormun/servlet/trsolicitudadjuntos?2017,5571, HTTP/1.1" 200 8233
186.79.248.208 - - [16/Mar/2017:11:20:55 -0300] "GET /cormun/servlet/trsolicitudadjuntos?2017,5571, HTTP/1.1" 200 8232
186.79.248.208 - - [16/Mar/2017:11:21:01 -0300] "GET /cormun/servlet/solicitudotadjuntos?INS,2017,5571,,1, HTTP/1.1" 200 5824
