200.86.95.220 - - [16/Mar/2017:16:30:15 -0300] "POST /cormun/servlet/solicitudotadjuntos?gx-no-cache=1489692685458 HTTP/1.1" 200 26
200.86.95.220 - - [16/Mar/2017:16:30:28 -0300] "GET /cormun/servlet/solicitudotadjuntos?8f1d9172985ad7ec0b3d47f26175d54163e252cbfef3a75ae421ee3d984d54ee,gx-no-cache=1489692699134 HTTP/1.1" 200 30
200.86.95.220 - - [16/Mar/2017:16:30:28 -0300] "GET /cormun/servlet/solicitudotadjuntos?8f1d9172985ad7ec0b3d47f26175d54163e252cbfef3a75ae421ee3d984d54ee,gx-no-cache=1489692699219 HTTP/1.1" 200 30
186.79.126.191 - - [16/Mar/2017:16:30:29 -0300] "GET /cormun/servlet/solicitudot?6a24db916ca5035b27924789f15b923ffaeed1bd2504cd5b111abfa38f9f1ed5abd6d84a66e172ae9b8983c66155331de041102510013f74a0b4095fcbc87d438958616aaf75ce4bbb7b8e77ee001d2c16a8b9170d007244b472eea0c94680c35b3ca72203bb3da4e0ca65e572f05708,gx-no-cache=1489692698920 HTTP/1.1" 200 29
186.79.126.191 - - [16/Mar/2017:16:30:29 -0300] "POST /cormun/servlet/solicitudot?gx-no-cache=1489692699083 HTTP/1.1" 200 643
200.86.95.220 - - [16/Mar/2017:16:30:30 -0300] "POST /cormun/servlet/solicitudotadjuntos?5925c0ffc5201db3e3dde52ed7248add,INS,2017,5604,,1, HTTP/1.1" 200 116
200.86.95.220 - - [16/Mar/2017:16:30:30 -0300] "GET /cormun/servlet/hpexe_return? HTTP/1.1" 200 1030
186.79.126.191 - - [16/Mar/2017:16:30:30 -0300] "POST /cormun/servlet/solicitudot?gx-no-cache=1489692700496 HTTP/1.1" 200 1157
200.86.95.220 - - [16/Mar/2017:16:30:31 -0300] "GET /cormun/servlet/trsolicitudadjuntos?2017,5604, HTTP/1.1" 200 7966
200.86.95.220 - - [16/Mar/2017:16:30:32 -0300] "GET /cormun/servlet/trsolicitudadjuntos?2017,5604, HTTP/1.1" 200 7963
200.86.95.220 - - [16/Mar/2017:16:30:34 -0300] "GET /cormun/servlet/solicitudotadjuntos?INS,2017,5604,,1, HTTP/1.1" 200 5818
200.86.95.220 - - [16/Mar/2017:16:30:34 -0300] "GET /cormun/static/about:blank HTTP/1.1" 404 1011
200.86.95.220 - - [16/Mar/2017:16:30:35 -0300] "GET /cormun/servlet/solicitudotadjuntos?INS,2017,5604,,1, HTTP/1.1" 200 5812
200.86.95.220 - - [16/Mar/2017:16:30:35 -0300] "GET /cormun/servlet/solicitudotadjuntos?8f1d9172985ad7ec0b3d47f26175d541456c4bc4c051c7443369f8cedd7c8709b9c545b5c6550df4f235bbc1e6fa05b2,gx-no-cache=1489692706114 HTTP/1.1" 200 30
200.86.95.220 - - [16/Mar/2017:16:30:35 -0300] "POST /cormun/servlet/solicitudotadjuntos?5925c0ffc5201db3e3dde52ed7248add,INS,2017,5604,,1,,gx-no-cache=1489692706205 HTTP/1.1" 200 3647
200.86.95.220 - - [16/Mar/2017:16:30:39 -0300] "POST /cormun/servlet/solicitudotadjuntos?gx-no-cache=1489692709986 HTTP/1.1" 200 26
200.86.95.220 - - [16/Mar/2017:16:30:47 -0300] "GET /cormun/servlet/solicitudotadjuntos?8f1d9172985ad7ec0b3d47f26175d54163e252cbfef3a75ae421ee3d984d54ee,gx-no-cache=1489692718182 HTTP/1.1" 200 30
200.86.95.220 - - [16/Mar/2017:16:30:47 -0300] "GET /cormun/servlet/solicitudotadjuntos?8f1d9172985ad7ec0b3d47f26175d54163e252cbfef3a75ae421ee3d984d54ee,gx-no-cache=1489692718241 HTTP/1.1" 200 30
200.86.95.220 - - [16/Mar/2017:16:30:48 -0300] "POST /cormun/servlet/solicitudotadjuntos?5925c0ffc5201db3e3dde52ed7248add,INS,2017,5604,,1, HTTP/1.1" 200 116
200.86.95.220 - - [16/Mar/2017:16:30:48 -0300] "GET /cormun/servlet/hpexe_return? HTTP/1.1" 200 1030
200.86.95.220 - - [16/Mar/2017:16:30:49 -0300] "GET /cormun/servlet/trsolicitudadjuntos?2017,5604, HTTP/1.1" 200 8172
200.86.95.220 - - [16/Mar/2017:16:30:50 -0300] "GET /cormun/servlet/trsolicitudadjuntos?2017,5604, HTTP/1.1" 200 8171
200.86.95.220 - - [16/Mar/2017:16:30:52 -0300] "GET /cormun/servlet/solicitudotadjuntos?INS,2017,5604,,1, HTTP/1.1" 200 5818
200.86.95.220 - - [16/Mar/2017:16:30:52 -0300] "GET /cormun/static/about:blank HTTP/1.1" 404 1011
200.86.95.220 - - [16/Mar/2017:16:30:53 -0300] "GET /cormun/servlet/solicitudotadjuntos?INS,2017,5604,,1, HTTP/1.1" 200 5812
200.86.95.220 - - [16/Mar/2017:16:30:54 -0300] "GET /cormun/servlet/solicitudotadjuntos?8f1d9172985ad7ec0b3d47f26175d541456c4bc4c051c7443369f8cedd7c8709b9c545b5c6550df4f235bbc1e6fa05b2,gx-no-cache=1489692724390 HTTP/1.1" 200 30
200.86.95.220 - - [16/Mar/2017:16:30:54 -0300] "POST /cormun/servlet/solicitudotadjuntos?5925c0ffc5201db3e3dde52ed7248add,INS,2017,5604,,1,,gx-no-cache=1489692724491 HTTP/1.1" 200 3647
200.86.95.220 - - [16/Mar/2017:16:30:58 -0300] "POST /cormun/servlet/solicitudotadjuntos?gx-no-cache=1489692728409 HTTP/1.1" 200 26
200.86.95.220 - - [16/Mar/2017:16:31:04 -0300] "GET /cormun/servlet/solicitudotadjuntos?8f1d9172985ad7ec0b3d47f26175d54163e252cbfef3a75ae421ee3d984d54ee,gx-no-cache=1489692734539 HTTP/1.1" 200 30
200.86.95.220 - - [16/Mar/2017:16:31:04 -0300] "GET /cormun/servlet/solicitudotadjuntos?8f1d9172985ad7ec0b3d47f26175d54163e252cbfef3a75ae421ee3d984d54ee,gx-no-cache=1489692734630 HTTP/1.1" 200 30
200.86.95.220 - - [16/Mar/2017:16:31:05 -0300] "POST /cormun/servlet/solicitudotadjuntos?5925c0ffc5201db3e3dde52ed7248add,INS,2017,5604,,1, HTTP/1.1" 200 116
200.86.95.220 - - [16/Mar/2017:16:31:05 -0300] "GET /cormun/servlet/hpexe_return? HTTP/1.1" 200 1030
200.86.95.220 - - [16/Mar/2017:16:31:05 -0300] "GET /cormun/servlet/trsolicitudadjuntos?2017,5604, HTTP/1.1" 200 8314
200.86.95.220 - - [16/Mar/2017:16:31:07 -0300] "GET /cormun/servlet/trsolicitudadjuntos?2017,5604, HTTP/1.1" 200 8311
200.86.95.220 - - [16/Mar/2017:16:31:08 -0300] "GET /cormun/servlet/solicitudotadjuntos?INS,2017,5604,,1, HTTP/1.1" 200 5818
200.86.95.220 - - [16/Mar/2017:16:31:09 -0300] "GET /cormun/static/about:blank HTTP/1.1" 404 1011
200.86.95.220 - - [16/Mar/2017:16:31:10 -0300] "GET /cormun/servlet/solicitudotadjuntos?INS,2017,5604,,1, HTTP/1.1" 200 5812
200.86.95.220 - - [16/Mar/2017:16:31:10 -0300] "GET /cormun/servlet/solicitudotadjuntos?8f1d9172985ad7ec0b3d47f26175d541456c4bc4c051c7443369f8cedd7c8709b9c545b5c6550df4f235bbc1e6fa05b2,gx-no-cache=1489692740857 HTTP/1.1" 200 30
200.86.95.220 - - [16/Mar/2017:16:31:11 -0300] "POST /cormun/servlet/solicitudotadjuntos?5925c0ffc5201db3e3dde52ed7248add,INS,2017,5604,,1,,gx-no-cache=1489692741267 HTTP/1.1" 200 3647
200.86.95.220 - - [16/Mar/2017:16:31:14 -0300] "POST /cormun/servlet/solicitudotadjuntos?gx-no-cache=1489692744361 HTTP/1.1" 200 26
200.86.95.220 - - [16/Mar/2017:16:31:23 -0300] "GET /cormun/servlet/solicitudotadjuntos?8f1d9172985ad7ec0b3d47f26175d54163e252cbfef3a75ae421ee3d984d54ee,gx-no-cache=1489692753611 HTTP/1.1" 200 30
200.86.95.220 - - [16/Mar/2017:16:31:23 -0300] "GET /cormun/servlet/solicitudotadjuntos?8f1d9172985ad7ec0b3d47f26175d54163e252cbfef3a75ae421ee3d984d54ee,gx-no-cache=1489692753705 HTTP/1.1" 200 30
200.86.95.220 - - [16/Mar/2017:16:31:24 -0300] "POST /cormun/servlet/solicitudotadjuntos?5925c0ffc5201db3e3dde52ed7248add,INS,2017,5604,,1, HTTP/1.1" 200 116
200.86.95.220 - - [16/Mar/2017:16:31:24 -0300] "GET /cormun/servlet/hpexe_return? HTTP/1.1" 200 1030
200.86.95.220 - - [16/Mar/2017:16:31:25 -0300] "GET /cormun/servlet/trsolicitudadjuntos?2017,5604, HTTP/1.1" 200 8453
200.86.95.220 - - [16/Mar/2017:16:31:26 -0300] "GET /cormun/servlet/trsolicitudadjuntos?2017,5604, HTTP/1.1" 200 8452
200.86.95.220 - - [16/Mar/2017:16:31:28 -0300] "GET /cormun/servlet/solicitudotadjuntos?INS,2017,5604,,1, HTTP/1.1" 200 5818
200.86.95.220 - - [16/Mar/2017:16:31:28 -0300] "GET /cormun/static/about:blank HTTP/1.1" 404 1011
200.86.95.220 - - [16/Mar/2017:16:31:29 -0300] "GET /cormun/servlet/solicitudotadjuntos?INS,2017,5604,,1, HTTP/1.1" 200 5812
200.86.95.220 - - [16/Mar/2017:16:31:30 -0300] "GET /cormun/servlet/solicitudotadjuntos?8f1d9172985ad7ec0b3d47f26175d541456c4bc4c051c7443369f8cedd7c8709b9c545b5c6550df4f235bbc1e6fa05b2,gx-no-cache=1489692760343 HTTP/1.1" 200 30
200.86.95.220 - - [16/Mar/2017:16:31:30 -0300] "POST /cormun/servlet/solicitudotadjuntos?5925c0ffc5201db3e3dde52ed7248add,INS,2017,5604,,1,,gx-no-cache=1489692760457 HTTP/1.1" 200 3648
186.79.126.191 - - [16/Mar/2017:16:31:30 -0300] "GET /cormun/servlet/solicitudot?6a24db916ca5035b27924789f15b923f26effa6bb5404b52964bda98922621971d6185382c6b2264a4e5bb632240691f9cc7f496758eaf1b8e5e778022b292cf6d25ee6296aec9344209180b2bcf48c8e09b7cd2ea06971f7741ed89b53dfc9a306b447b9cc634c12c08a76f60cf8d5cd6880845a796e44aeb2f4c0bd33fd8116ad1afd4edcd5655e00d2ec0581a07697cecf40976beecc577962a72234b1ca09b4225621f9041045e0d3acc57d0ce99,gx-no-cache=1489692760154 HTTP/1.1" 200 30
200.86.95.220 - - [16/Mar/2017:16:31:35 -0300] "POST /cormun/servlet/solicitudotadjuntos?gx-no-cache=1489692765961 HTTP/1.1" 200 26
200.86.95.220 - - [16/Mar/2017:16:31:43 -0300] "GET /cormun/servlet/solicitudotadjuntos?8f1d9172985ad7ec0b3d47f26175d54163e252cbfef3a75ae421ee3d984d54ee,gx-no-cache=1489692773485 HTTP/1.1" 200 30
200.86.95.220 - - [16/Mar/2017:16:31:43 -0300] "GET /cormun/servlet/solicitudotadjuntos?8f1d9172985ad7ec0b3d47f26175d54163e252cbfef3a75ae421ee3d984d54ee,gx-no-cache=1489692773583 HTTP/1.1" 200 30
200.86.95.220 - - [16/Mar/2017:16:31:45 -0300] "POST /cormun/servlet/solicitudotadjuntos?5925c0ffc5201db3e3dde52ed7248add,INS,2017,5604,,1, HTTP/1.1" 200 116
200.86.95.220 - - [16/Mar/2017:16:31:45 -0300] "GET /cormun/servlet/hpexe_return? HTTP/1.1" 200 1030
200.86.95.220 - - [16/Mar/2017:16:31:45 -0300] "GET /cormun/servlet/trsolicitudadjuntos?2017,5604, HTTP/1.1" 200 8596
200.86.95.220 - - [16/Mar/2017:16:31:47 -0300] "GET /cormun/servlet/trsolicitudadjuntos?2017,5604, HTTP/1.1" 200 8593
200.86.95.220 - - [16/Mar/2017:16:31:49 -0300] "GET /cormun/servlet/solicitudotadjuntos?INS,2017,5604,,1, HTTP/1.1" 200 5818
200.86.95.220 - - [16/Mar/2017:16:31:49 -0300] "GET /cormun/static/about:blank HTTP/1.1" 404 1011
200.86.95.220 - - [16/Mar/2017:16:31:50 -0300] "GET /cormun/servlet/solicitudotadjuntos?INS,2017,5604,,1, HTTP/1.1" 200 5812
200.86.95.220 - - [16/Mar/2017:16:31:50 -0300] "GET /cormun/servlet/solicitudotadjuntos?8f1d9172985ad7ec0b3d47f26175d541456c4bc4c051c7443369f8cedd7c8709b9c545b5c6550df4f235bbc1e6fa05b2,gx-no-cache=1489692781337 HTTP/1.1" 200 30
200.86.95.220 - - [16/Mar/2017:16:31:51 -0300] "POST /cormun/servlet/solicitudotadjuntos?5925c0ffc5201db3e3dde52ed7248add,INS,2017,5604,,1,,gx-no-cache=1489692781380 HTTP/1.1" 200 3648
200.86.95.220 - - [16/Mar/2017:16:31:54 -0300] "POST /cormun/servlet/solicitudotadjuntos?gx-no-cache=1489692784464 HTTP/1.1" 200 26
200.86.95.220 - - [16/Mar/2017:16:32:01 -0300] "GET /cormun/servlet/solicitudotadjuntos?8f1d9172985ad7ec0b3d47f26175d54163e252cbfef3a75ae421ee3d984d54ee,gx-no-cache=1489692792271 HTTP/1.1" 200 30
200.86.95.220 - - [16/Mar/2017:16:32:01 -0300] "GET /cormun/servlet/solicitudotadjuntos?8f1d9172985ad7ec0b3d47f26175d54163e252cbfef3a75ae421ee3d984d54ee,gx-no-cache=1489692792316 HTTP/1.1" 200 30
200.86.95.220 - - [16/Mar/2017:16:32:02 -0300] "POST /cormun/servlet/solicitudotadjuntos?5925c0ffc5201db3e3dde52ed7248add,INS,2017,5604,,1, HTTP/1.1" 200 116
200.86.95.220 - - [16/Mar/2017:16:32:03 -0300] "GET /cormun/servlet/hpexe_return? HTTP/1.1" 200 1030
200.86.95.220 - - [16/Mar/2017:16:32:03 -0300] "GET /cormun/servlet/trsolicitudadjuntos?2017,5604, HTTP/1.1" 200 8817
200.86.95.220 - - [16/Mar/2017:16:32:05 -0300] "GET /cormun/servlet/trsolicitudadjuntos?2017,5604, HTTP/1.1" 200 8813
200.86.95.220 - - [16/Mar/2017:16:32:08 -0300] "POST /cormun/servlet/trsolicitudadjuntos?5925c0ffc5201db3e3dde52ed7248add,2017,5604,,gx-no-cache=1489692798516 HTTP/1.1" 200 90
200.86.95.220 - - [16/Mar/2017:16:32:08 -0300] "GET /cormun/servlet/hpexe_link HTTP/1.1" 200 973
200.86.95.220 - - [16/Mar/2017:16:32:08 -0300] "GET /cormun/servlet/trsolicitudot HTTP/1.1" 200 8521
200.86.95.220 - - [16/Mar/2017:16:32:10 -0300] "GET /cormun/servlet/trsolicitudot HTTP/1.1" 200 8519
186.103.156.211 - - [16/Mar/2017:16:32:11 -0300] "POST /cormun/servlet/solicitudot?gx-no-cache=1489692797507 HTTP/1.1" 200 3155
186.103.156.211 - - [16/Mar/2017:16:32:14 -0300] "POST /cormun/servlet/solicitudot?93ede461e2f1a84bbc9ea3bafedf43c8,INS,0,0,,gx-no-cache=1489692802230 HTTP/1.1" 200 9953
200.86.95.220 - - [16/Mar/2017:16:32:32 -0300] "POST /cormun/servlet/trsolicitudot?5925c0ffc5201db3e3dde52ed7248add,gx-no-cache=1489692822373 HTTP/1.1" 200 5322
200.86.95.220 - - [16/Mar/2017:16:32:32 -0300] "GET /cormun/static/Shared/jqueryui/images/ui-bg_highlight-soft_100_c6c2c8_1x100.png HTTP/1.1" 404 1117
200.86.95.220 - - [16/Mar/2017:16:32:32 -0300] "GET /cormun/static/Shared/jqueryui/images/ui-icons_82798d_256x240.png HTTP/1.1" 404 1089
200.86.95.220 - - [16/Mar/2017:16:32:32 -0300] "GET /cormun/static/Shared/jqueryui/images/ui-bg_flat_55_fafafa_40x100.png HTTP/1.1" 404 1097
200.86.95.220 - - [16/Mar/2017:16:32:32 -0300] "GET /cormun/static/Shared/jqueryui/images/ui-icons_8d78a5_256x240.png HTTP/1.1" 404 1089
200.86.95.220 - - [16/Mar/2017:16:32:32 -0300] "POST /cormun/servlet/trsolicitudot?5925c0ffc5201db3e3dde52ed7248add,gx-no-cache=1489692822873 HTTP/1.1" 200 5264
186.79.126.191 - - [16/Mar/2017:16:32:38 -0300] "POST /cormun/servlet/solicitudot?0fd35bae319a3caa7e4b732da95671c5,INS,0,0,,gx-no-cache=1489692827672 HTTP/1.1" 200 93
186.79.126.191 - - [16/Mar/2017:16:32:38 -0300] "GET /cormun/servlet/hpexe_return? HTTP/1.1" 200 1025
186.79.126.191 - - [16/Mar/2017:16:32:39 -0300] "GET /cormun/servlet/trsolicitudot?gx-no-cache=1489692244280 HTTP/1.1" 200 8001
186.79.126.191 - - [16/Mar/2017:16:32:39 -0300] "GET /cormun/servlet/trsolicitudot?gx-no-cache=1489692244280 HTTP/1.1" 200 8018
200.86.95.220 - - [16/Mar/2017:16:32:42 -0300] "GET /cormun/servlet/hlogin HTTP/1.1" 200 1725
200.86.95.220 - - [16/Mar/2017:16:32:52 -0300] "POST /cormun/servlet/hlogin?5925c0ffc5201db3e3dde52ed7248add,gx-no-cache=1489692842332 HTTP/1.1" 200 90
200.86.95.220 - - [16/Mar/2017:16:32:52 -0300] "GET /cormun/servlet/hpexe_link HTTP/1.1" 200 957
200.86.95.220 - - [16/Mar/2017:16:32:52 -0300] "GET /cormun/servlet/hhome HTTP/1.1" 200 3948
200.86.95.220 - - [16/Mar/2017:16:32:53 -0300] "GET /cormun/servlet/hhome HTTP/1.1" 200 3944
200.86.95.220 - - [16/Mar/2017:16:32:53 -0300] "GET /cormun/static/SmoothNavMenu/resources/images/right.gif HTTP/1.1" 200 860
186.103.156.211 - - [16/Mar/2017:16:32:55 -0300] "GET /cormun/servlet/solicitudot?1ffcac83f13d6214f1aad07d162967aba33c628320afc1d44d5ef70e1826d41f667c84ef91a22081ff553882f4c97c46,gx-no-cache=1489692844746 HTTP/1.1" 200 30
186.79.126.191 - - [16/Mar/2017:16:32:56 -0300] "POST /cormun/servlet/trsolicitudot?0fd35bae319a3caa7e4b732da95671c5,gx-no-cache=1489692244280,gx-no-cache=1489692844041 HTTP/1.1" 200 106
186.79.126.191 - - [16/Mar/2017:16:32:56 -0300] "GET /cormun/servlet/trsolicitudadjuntos?2017,5605, HTTP/1.1" 200 5877
200.86.95.220 - - [16/Mar/2017:16:32:57 -0300] "GET /cormun/servlet/trautorizarsolicitud? HTTP/1.1" 200 8116
186.79.126.191 - - [16/Mar/2017:16:32:57 -0300] "GET /cormun/servlet/trsolicitudadjuntos?2017,5605, HTTP/1.1" 200 5856
200.86.95.220 - - [16/Mar/2017:16:32:57 -0300] "GET /cormun/static/gxui/gxui-all.css?120300 HTTP/1.1" 200 2179
200.86.95.220 - - [16/Mar/2017:16:32:57 -0300] "GET /cormun/static/gxcfg.js?2017259112829 HTTP/1.1" 200 953
200.86.95.220 - - [16/Mar/2017:16:32:57 -0300] "GET /cormun/static/trautorizarsolicitud.js?2017259113483 HTTP/1.1" 200 53096
200.86.95.220 - - [16/Mar/2017:16:32:58 -0300] "GET /cormun/static/Shared/ext/resources/css/ext-all.css?215870 HTTP/1.1" 200 416045
200.86.95.220 - - [16/Mar/2017:16:32:59 -0300] "GET /cormun/servlet/trautorizarsolicitud? HTTP/1.1" 200 8114
186.79.126.191 - - [16/Mar/2017:16:33:03 -0300] "GET /cormun/servlet/trsolicitudot? HTTP/1.1" 200 8003
186.79.126.191 - - [16/Mar/2017:16:33:04 -0300] "GET /cormun/servlet/trsolicitudot? HTTP/1.1" 200 7997
186.79.126.191 - - [16/Mar/2017:16:33:08 -0300] "POST /cormun/servlet/trsolicitudot?0fd35bae319a3caa7e4b732da95671c5,,gx-no-cache=1489692858249 HTTP/1.1" 200 5495
186.79.126.191 - - [16/Mar/2017:16:33:09 -0300] "GET /cormun/static/Shared/jqueryui/images/ui-bg_highlight-soft_100_c6c2c8_1x100.png HTTP/1.1" 404 1117
186.79.126.191 - - [16/Mar/2017:16:33:09 -0300] "GET /cormun/static/Shared/jqueryui/images/ui-icons_82798d_256x240.png HTTP/1.1" 404 1089
186.79.126.191 - - [16/Mar/2017:16:33:09 -0300] "GET /cormun/static/Shared/jqueryui/images/ui-bg_flat_55_fafafa_40x100.png HTTP/1.1" 404 1097
186.79.126.191 - - [16/Mar/2017:16:33:09 -0300] "GET /cormun/static/Shared/jqueryui/images/ui-icons_8d78a5_256x240.png HTTP/1.1" 404 1089
200.86.95.220 - - [16/Mar/2017:16:33:10 -0300] "POST /cormun/servlet/trautorizarsolicitud?5925c0ffc5201db3e3dde52ed7248add,,gx-no-cache=1489692860541 HTTP/1.1" 200 4320
200.86.95.220 - - [16/Mar/2017:16:33:10 -0300] "GET /cormun/static/Shared/jqueryui/images/ui-bg_highlight-soft_100_c6c2c8_1x100.png HTTP/1.1" 404 1117
200.86.95.220 - - [16/Mar/2017:16:33:10 -0300] "GET /cormun/static/Shared/jqueryui/images/ui-icons_82798d_256x240.png HTTP/1.1" 404 1089
200.86.95.220 - - [16/Mar/2017:16:33:10 -0300] "GET /cormun/static/Shared/jqueryui/images/ui-icons_8d78a5_256x240.png HTTP/1.1" 404 1089
200.86.95.220 - - [16/Mar/2017:16:33:10 -0300] "GET /cormun/static/Shared/jqueryui/images/ui-bg_flat_55_fafafa_40x100.png HTTP/1.1" 404 1097
200.86.95.220 - - [16/Mar/2017:16:33:10 -0300] "POST /cormun/servlet/trautorizarsolicitud?5925c0ffc5201db3e3dde52ed7248add,,gx-no-cache=1489692861264 HTTP/1.1" 200 4100
186.79.126.191 - - [16/Mar/2017:16:33:20 -0300] "GET /cormun/static/Shared/jqueryui/images/ui-bg_highlight-soft_100_eae6ea_1x100.png HTTP/1.1" 404 1117
186.79.126.191 - - [16/Mar/2017:16:33:44 -0300] "POST /cormun/servlet/trsolicitudot?0fd35bae319a3caa7e4b732da95671c5,,gx-no-cache=1489692893192 HTTP/1.1" 200 106
186.79.126.191 - - [16/Mar/2017:16:33:44 -0300] "GET /cormun/servlet/trsolicitudadjuntos?2017,5605, HTTP/1.1" 200 5855
186.79.126.191 - - [16/Mar/2017:16:33:45 -0300] "GET /cormun/servlet/trsolicitudadjuntos?2017,5605, HTTP/1.1" 200 5856
186.79.126.191 - - [16/Mar/2017:16:33:49 -0300] "GET /cormun/servlet/solicitudotadjuntos?INS,2017,5605,,1, HTTP/1.1" 200 5795
186.79.126.191 - - [16/Mar/2017:16:33:50 -0300] "GET /cormun/static/about:blank HTTP/1.1" 404 1011
186.79.126.191 - - [16/Mar/2017:16:33:50 -0300] "GET /cormun/servlet/solicitudotadjuntos?6a24db916ca5035b27924789f15b923fe6d12a0e1541342e22af4ac2299e86b1441dac9ac06989d0334d5ed081886378,gx-no-cache=1489692900112 HTTP/1.1" 200 30
186.79.126.191 - - [16/Mar/2017:16:33:50 -0300] "POST /cormun/servlet/solicitudotadjuntos?0fd35bae319a3caa7e4b732da95671c5,INS,2017,5605,,1,,gx-no-cache=1489692900377 HTTP/1.1" 200 3671
186.79.126.191 - - [16/Mar/2017:16:33:53 -0300] "GET /cormun/servlet/solicitudotadjuntos?INS,2017,5605,,1, HTTP/1.1" 200 5789
186.79.126.191 - - [16/Mar/2017:16:34:01 -0300] "POST /cormun/servlet/solicitudotadjuntos?gx-no-cache=1489692910616 HTTP/1.1" 200 26
186.103.156.211 - - [16/Mar/2017:16:35:32 -0300] "POST /cormun/servlet/solicitudot?gx-no-cache=1489693001543 HTTP/1.1" 200 255
186.103.156.211 - - [16/Mar/2017:16:35:33 -0300] "GET /cormun/servlet/solicitudot?1ffcac83f13d6214f1aad07d162967ab3cdc9c0b69c3870b3ec6dc251b8a8ae7d16eebb0cb0cf5542699823f5846749ee3656a4d724fc10036b98dcbe442f3db2808132ae3f7f12a1d5e867063508fce579f0025981e78b304756d28403af846d6df8a27ee3d3057a877133db1241fdbbda165425d582e7a4c5908d4dcb6d990c878388340be3902c6e90516baddd97284b554721a0c5199b51fdfb2c405aea88046d29c2035d95207e838830db2b65f1968cdd46b4ab52a502fdf8d3ca0dc1ab63aa7195522ac8704614df603701d38842495630b91ebc414f284782785fd2df6713ee4c9af2156bee37fd20fbc90c656b3e5e3f6726a756d8fcd4597d2c133b925938cc7407d8c3d3bab99925147f36d1f0e95f2030053f02a7b680b297bcb4c9bf24de8aefcc5f86351cfe42511be25adc080d789d6334687bcc9dd88c74468bdf054e9e57ecc70bd0119d3e820c91f504841e845ccd3939cc83aadc8b7f6ec8aa3be929bf5539a1549a26d9c75050adc7a765eedfcd70386e3a1ca832180,gx-no-cache=1489693001822 HTTP/1.1" 200 30
186.103.156.211 - - [16/Mar/2017:16:35:33 -0300] "POST /cormun/servlet/solicitudot?gx-no-cache=1489693002209 HTTP/1.1" 200 30
186.103.156.211 - - [16/Mar/2017:16:35:33 -0300] "POST /cormun/servlet/solicitudot?gx-no-cache=1489693002316 HTTP/1.1" 200 1291
186.103.156.211 - - [16/Mar/2017:16:35:33 -0300] "POST /cormun/servlet/solicitudot?gx-no-cache=1489693002453 HTTP/1.1" 200 38
192.168.10.93 - - [16/Mar/2017:16:35:47 -0300] "GET /cormunbeta/servlet/hlogin HTTP/1.1" 200 1714
192.168.10.93 - - [16/Mar/2017:16:35:47 -0300] "GET /cormunbeta/static/Resources/Spanish/PXTools.css?167811 HTTP/1.1" 200 89042
192.168.10.93 - - [16/Mar/2017:16:35:47 -0300] "GET /cormunbeta/static/gxtimezone.js?85251 HTTP/1.1" 200 5781
192.168.10.93 - - [16/Mar/2017:16:35:48 -0300] "GET /cormunbeta/static/gxgral.js?85251 HTTP/1.1" 200 384558
192.168.10.93 - - [16/Mar/2017:16:35:48 -0300] "GET /cormunbeta/static/gxcfg.js?201612216162538 HTTP/1.1" 200 953
192.168.10.93 - - [16/Mar/2017:16:35:48 -0300] "GET /cormunbeta/static/messages.spa.js?85251 HTTP/1.1" 200 30736
192.168.10.93 - - [16/Mar/2017:16:35:48 -0300] "GET /cormunbeta/static/hlogin.js?201612216162555 HTTP/1.1" 200 2136
192.168.10.93 - - [16/Mar/2017:16:35:48 -0300] "GET /cormunbeta/static/Resources/ComunLogin.png HTTP/1.1" 200 17326
192.168.10.93 - - [16/Mar/2017:16:35:48 -0300] "GET /cormunbeta/static/Resources/PXToolsLoginTop.png HTTP/1.1" 200 1337
192.168.10.93 - - [16/Mar/2017:16:35:48 -0300] "GET /cormunbeta/static/Resources/PXToolsLoginBackground.png HTTP/1.1" 200 1164
192.168.10.93 - - [16/Mar/2017:16:35:48 -0300] "GET /cormunbeta/static/Resources/PXToolsButtonLeft21.png HTTP/1.1" 200 1287
192.168.10.93 - - [16/Mar/2017:16:35:48 -0300] "GET /cormunbeta/static/Resources/PXToolsButtonRight21.png HTTP/1.1" 200 1283
192.168.10.93 - - [16/Mar/2017:16:35:48 -0300] "GET /cormunbeta/static/Resources/PXToolsButtonBackground2.png HTTP/1.1" 200 1181
192.168.10.93 - - [16/Mar/2017:16:35:48 -0300] "GET /cormunbeta/static/Resources/PXToolsLoginBottom.png HTTP/1.1" 200 1389
192.168.10.93 - - [16/Mar/2017:16:35:48 -0300] "GET /cormunbeta/static/Resources/indicator.gif HTTP/1.1" 200 1553
192.168.10.93 - - [16/Mar/2017:16:35:48 -0300] "GET /cormunbeta/servlet/hlogin HTTP/1.1" 200 1725
186.103.156.211 - - [16/Mar/2017:16:35:49 -0300] "POST /cormun/servlet/solicitudot?gx-no-cache=1489693018625 HTTP/1.1" 200 1291
186.103.156.211 - - [16/Mar/2017:16:35:49 -0300] "POST /cormun/servlet/solicitudot?gx-no-cache=1489693018807 HTTP/1.1" 200 38
192.168.10.93 - - [16/Mar/2017:16:35:59 -0300] "POST /cormunbeta/servlet/hlogin?e2afb578df24df56e249056bc9decb6c,gx-no-cache=1489696241528 HTTP/1.1" 200 90
192.168.10.93 - - [16/Mar/2017:16:35:59 -0300] "GET /cormunbeta/servlet/hpexe_link HTTP/1.1" 200 949
192.168.10.93 - - [16/Mar/2017:16:35:59 -0300] "GET /cormunbeta/static/hpexe_link.js?201612218515532 HTTP/1.1" 200 625
192.168.10.93 - - [16/Mar/2017:16:35:59 -0300] "GET /cormunbeta/static/gxcfg.js?201612218515529 HTTP/1.1" 200 953
192.168.10.93 - - [16/Mar/2017:16:35:59 -0300] "GET /cormunbeta/static/Resources/Spanish/PXTools.css?18365030 HTTP/1.1" 200 89042
192.168.10.93 - - [16/Mar/2017:16:35:59 -0300] "GET /cormunbeta/servlet/hhome HTTP/1.1" 200 3600
192.168.10.93 - - [16/Mar/2017:16:36:00 -0300] "GET /cormunbeta/static/Shared/jqueryui/jquery-ui.min.css?1345370 HTTP/1.1" 200 30288
192.168.10.93 - - [16/Mar/2017:16:36:00 -0300] "GET /cormunbeta/static/SmoothNavMenu/resources/ddsmoothmenu-v.css?1112540 HTTP/1.1" 200 1188
192.168.10.93 - - [16/Mar/2017:16:36:00 -0300] "GET /cormunbeta/static/SmoothNavMenu/resources/ddsmoothmenu.css?1112540 HTTP/1.1" 200 2223
192.168.10.93 - - [16/Mar/2017:16:36:00 -0300] "GET /cormunbeta/static/PXToolsJavascripts/pexe_autoreload.js HTTP/1.1" 200 1762
192.168.10.93 - - [16/Mar/2017:16:36:00 -0300] "GET /cormunbeta/static/gxcfg.js?201612218515568 HTTP/1.1" 200 953
192.168.10.93 - - [16/Mar/2017:16:36:00 -0300] "GET /cormunbeta/static/scaMessage/css/jquery.pnotify.default.css?1816380 HTTP/1.1" 200 1707
192.168.10.93 - - [16/Mar/2017:16:36:00 -0300] "GET /cormunbeta/static/PXToolsJavascripts/pexe_cookies.js HTTP/1.1" 200 792
192.168.10.93 - - [16/Mar/2017:16:36:00 -0300] "GET /cormunbeta/static/PXToolsJavascripts/pexe_windows.js HTTP/1.1" 200 15207
192.168.10.93 - - [16/Mar/2017:16:36:00 -0300] "GET /cormunbeta/static/PXToolsJavascripts/pexe_griddivfix.js HTTP/1.1" 200 6644
192.168.10.93 - - [16/Mar/2017:16:36:00 -0300] "GET /cormunbeta/static/PXToolsJavascripts/pexe_menudivfix.js HTTP/1.1" 200 333
192.168.10.93 - - [16/Mar/2017:16:36:00 -0300] "GET /cormunbeta/static/PXToolsJavascripts/pexe_link.js HTTP/1.1" 200 5671
192.168.10.93 - - [16/Mar/2017:16:36:00 -0300] "GET /cormunbeta/static/PXToolsJavascripts/pexe_grid.js HTTP/1.1" 200 7559
192.168.10.93 - - [16/Mar/2017:16:36:00 -0300] "GET /cormunbeta/static/PXToolsJavascripts/pexe_layers.js HTTP/1.1" 200 4114
192.168.10.93 - - [16/Mar/2017:16:36:00 -0300] "GET /cormunbeta/static/PXToolsJavascripts/pexe_menus.js HTTP/1.1" 200 1286
192.168.10.93 - - [16/Mar/2017:16:36:00 -0300] "GET /cormunbeta/static/PXToolsJavascripts/pexe_oavdivfix.js HTTP/1.1" 200 639
192.168.10.93 - - [16/Mar/2017:16:36:00 -0300] "GET /cormunbeta/static/PXToolsJavascripts/pexe_oav.js HTTP/1.1" 200 645
192.168.10.93 - - [16/Mar/2017:16:36:00 -0300] "GET /cormunbeta/static/PXToolsJavascripts/pexe_picture.js HTTP/1.1" 200 689
192.168.10.93 - - [16/Mar/2017:16:36:00 -0300] "GET /cormunbeta/static/PXToolsJavascripts/pexe_popup.js HTTP/1.1" 200 13458
192.168.10.93 - - [16/Mar/2017:16:36:00 -0300] "GET /cormunbeta/static/PXToolsJavascripts/pexe_tabs.js HTTP/1.1" 200 3748
192.168.10.93 - - [16/Mar/2017:16:36:00 -0300] "GET /cormunbeta/static/PXToolsJavascripts/pexe_scrolldiv.js HTTP/1.1" 200 4138
192.168.10.93 - - [16/Mar/2017:16:36:00 -0300] "GET /cormunbeta/static/PXToolsJavascripts/PXToolsJavascriptsRender.js HTTP/1.1" 200 367
192.168.10.93 - - [16/Mar/2017:16:36:00 -0300] "GET /cormunbeta/static/PXToolsJavascripts/pexe_upload.js HTTP/1.1" 200 1423
192.168.10.93 - - [16/Mar/2017:16:36:00 -0300] "GET /cormunbeta/static/PXToolsJavascripts/pexe_tabdivfix.js HTTP/1.1" 200 876
192.168.10.93 - - [16/Mar/2017:16:36:00 -0300] "GET /cormunbeta/static/RunJS/RunJS.js HTTP/1.1" 200 288
192.168.10.93 - - [16/Mar/2017:16:36:00 -0300] "GET /cormunbeta/static/hwchdr01.js?201612218432057 HTTP/1.1" 200 1183
192.168.10.93 - - [16/Mar/2017:16:36:00 -0300] "GET /cormunbeta/static/Shared/ext/locale/ext-lang-en.js HTTP/1.1" 200 10940
192.168.10.93 - - [16/Mar/2017:16:36:00 -0300] "GET /cormunbeta/static/Resources/PXToolsFooterBackground2.png HTTP/1.1" 200 1172
192.168.10.93 - - [16/Mar/2017:16:36:00 -0300] "GET /cormunbeta/static/Resources/PXToolsHeaderActionsRight.png HTTP/1.1" 200 1201
192.168.10.93 - - [16/Mar/2017:16:36:00 -0300] "GET /cormunbeta/static/Resources/PXToolsHeaderActionsBackground.png HTTP/1.1" 200 484
192.168.10.93 - - [16/Mar/2017:16:36:00 -0300] "GET /cormunbeta/static/Resources/PXToolsHeaderLogin.png HTTP/1.1" 200 4279
192.168.10.93 - - [16/Mar/2017:16:36:00 -0300] "GET /cormunbeta/static/gxui/gxui-all.js HTTP/1.1" 200 107772
192.168.10.93 - - [16/Mar/2017:16:36:00 -0300] "GET /cormunbeta/static/Resources/PXToolsHeaderBackground2.png HTTP/1.1" 200 1174
192.168.10.93 - - [16/Mar/2017:16:36:00 -0300] "GET /cormunbeta/static/hhome.js?201612218515573 HTTP/1.1" 200 777
192.168.10.93 - - [16/Mar/2017:16:36:00 -0300] "GET /cormunbeta/static/Resources/PXToolsDataTitle.png HTTP/1.1" 200 1173
192.168.10.93 - - [16/Mar/2017:16:36:00 -0300] "GET /cormunbeta/static/Resources/PXToolsHeaderSecurity.png HTTP/1.1" 200 4166
192.168.10.93 - - [16/Mar/2017:16:36:00 -0300] "GET /cormunbeta/static/Resources/PXToolsHeaderPreferences.png HTTP/1.1" 200 4189
192.168.10.93 - - [16/Mar/2017:16:36:00 -0300] "GET /cormunbeta/static/Resources/PXToolsHeaderHome.png HTTP/1.1" 200 4147
192.168.10.93 - - [16/Mar/2017:16:36:00 -0300] "GET /cormunbeta/static/Resources/PXToolsHeaderActionsLeft.png HTTP/1.1" 200 1118
192.168.10.93 - - [16/Mar/2017:16:36:00 -0300] "GET /cormunbeta/static/Resources/logo4.png HTTP/1.1" 200 6582
192.168.10.93 - - [16/Mar/2017:16:36:00 -0300] "GET /cormunbeta/static/hpexe_recentlink.js?201610171694390 HTTP/1.1" 200 2144
192.168.10.93 - - [16/Mar/2017:16:36:00 -0300] "GET /cormunbeta/static/hpexe_messagecontroller.js?201610171694323 HTTP/1.1" 200 870
192.168.10.93 - - [16/Mar/2017:16:36:00 -0300] "GET /cormunbeta/static/hpexe_scripts.js?201612218432016 HTTP/1.1" 200 1544
192.168.10.93 - - [16/Mar/2017:16:36:00 -0300] "GET /cormunbeta/static/hpexe_messagepopupcomponent.js?20161017169425 HTTP/1.1" 200 605
192.168.10.93 - - [16/Mar/2017:16:36:00 -0300] "GET /cormunbeta/static/hpexe_messagegenexuscomponent.js?201612218431816 HTTP/1.1" 200 587
192.168.10.93 - - [16/Mar/2017:16:36:00 -0300] "GET /cormunbeta/static/cmcontrolpreferences.js?201612218431999 HTTP/1.1" 200 1375
192.168.10.93 - - [16/Mar/2017:16:36:00 -0300] "GET /cormunbeta/static/SmoothNavMenu/resources/SmoothNavMenuRender.js HTTP/1.1" 200 5951
192.168.10.93 - - [16/Mar/2017:16:36:00 -0300] "GET /cormunbeta/static/SmoothNavMenu/resources/ddsmoothmenu.js HTTP/1.1" 200 12712
192.168.10.93 - - [16/Mar/2017:16:36:00 -0300] "GET /cormunbeta/static/Shared/jquery/jquery-1.4.2.min.js HTTP/1.1" 200 72174
192.168.10.93 - - [16/Mar/2017:16:36:00 -0300] "GET /cormunbeta/static/scaMessage/js/jquery.pnotify.min.js HTTP/1.1" 200 13038
192.168.10.93 - - [16/Mar/2017:16:36:00 -0300] "GET /cormunbeta/static/scaMessage/scaMessageRender.js HTTP/1.1" 200 11977
192.168.10.93 - - [16/Mar/2017:16:36:00 -0300] "GET /cormunbeta/static/hmpwkw03.js?20161221852152 HTTP/1.1" 200 3965
192.168.10.93 - - [16/Mar/2017:16:36:00 -0300] "GET /cormunbeta/static/Shared/ext/ext-all.js HTTP/1.1" 200 1289687
192.168.10.93 - - [16/Mar/2017:16:36:00 -0300] "GET /cormunbeta/static/Shared/jquery/jquery-1.10.2.min.js HTTP/1.1" 200 273199
192.168.10.93 - - [16/Mar/2017:16:36:00 -0300] "GET /cormunbeta/static/Shared/jqueryui/jquery-ui.min.js HTTP/1.1" 200 240427
192.168.10.93 - - [16/Mar/2017:16:36:00 -0300] "GET /cormunbeta/static/SmoothNavMenu/resources/images/down.gif HTTP/1.1" 200 854
192.168.10.93 - - [16/Mar/2017:16:36:00 -0300] "GET /cormunbeta/servlet/hhome HTTP/1.1" 200 3596
186.103.156.211 - - [16/Mar/2017:16:36:07 -0300] "GET /cormun/servlet/solicitudot?1ffcac83f13d6214f1aad07d162967ab830b84211a1b19508beb0ad71b13aee8a5313e7a37b7fb8d135bf857c5de67e694d4c97e8b20881f46cdeaaa6fb662a10c4bebbb958539a7244a952a75ca15fca3c8a6fa6a62bb6f7caab1f3c99f600d71e1a251b8d94bbb5716dcf2a47cbb1875ddfefe84744eaf953cb6a762507f67941feca3df81ff10dd5ae8178fa14f8aa7a4262b595dd1c1654cea7d70a4b5f5,gx-no-cache=1489693036134 HTTP/1.1" 200 29
186.103.156.211 - - [16/Mar/2017:16:36:07 -0300] "POST /cormun/servlet/solicitudot?gx-no-cache=1489693036235 HTTP/1.1" 200 1274
186.103.156.211 - - [16/Mar/2017:16:36:08 -0300] "POST /cormun/servlet/solicitudot?gx-no-cache=1489693036807 HTTP/1.1" 200 1157
186.103.156.211 - - [16/Mar/2017:16:36:08 -0300] "GET /cormun/static/menuarrow.gif HTTP/1.1" 404 1015
186.103.156.211 - - [16/Mar/2017:16:36:09 -0300] "POST /cormun/servlet/solicitudot?gx-no-cache=1489693038313 HTTP/1.1" 200 1274
186.103.156.211 - - [16/Mar/2017:16:36:09 -0300] "POST /cormun/servlet/solicitudot?gx-no-cache=1489693038548 HTTP/1.1" 200 1157
186.79.126.191 - - [16/Mar/2017:16:36:51 -0300] "GET /cormun/servlet/solicitudotadjuntos?6a24db916ca5035b27924789f15b923f6579ae467892e6924823603b54b39cea,gx-no-cache=1489693080781 HTTP/1.1" 200 30
186.79.126.191 - - [16/Mar/2017:16:36:51 -0300] "GET /cormun/servlet/solicitudotadjuntos?6a24db916ca5035b27924789f15b923f6579ae467892e6924823603b54b39cea,gx-no-cache=1489693081378 HTTP/1.1" 200 30
192.168.10.93 - - [16/Mar/2017:16:37:16 -0300] "GET /cormunbeta/servlet/trsolicitudsaludot? HTTP/1.1" 200 6555
192.168.10.93 - - [16/Mar/2017:16:37:16 -0300] "GET /cormunbeta/static/gxui/gxui-all.css?120300 HTTP/1.1" 200 2179
192.168.10.93 - - [16/Mar/2017:16:37:16 -0300] "GET /cormunbeta/static/calendar-system.css?85620 HTTP/1.1" 200 5572
192.168.10.93 - - [16/Mar/2017:16:37:16 -0300] "GET /cormunbeta/static/gxcfg.js?201612138334362 HTTP/1.1" 200 953
192.168.10.93 - - [16/Mar/2017:16:37:16 -0300] "GET /cormunbeta/static/calendar.js?85251 HTTP/1.1" 200 26246
192.168.10.93 - - [16/Mar/2017:16:37:16 -0300] "GET /cormunbeta/static/calendar-setup.js?85251 HTTP/1.1" 200 2588
192.168.10.93 - - [16/Mar/2017:16:37:16 -0300] "GET /cormunbeta/static/calendar-es.js?85251 HTTP/1.1" 200 1901
192.168.10.93 - - [16/Mar/2017:16:37:16 -0300] "GET /cormunbeta/static/gxdec.js?85251 HTTP/1.1" 200 19579
192.168.10.93 - - [16/Mar/2017:16:37:16 -0300] "GET /cormunbeta/static/trsolicitudsaludot.js?201612138334976 HTTP/1.1" 200 44433
192.168.10.93 - - [16/Mar/2017:16:37:16 -0300] "GET /cormunbeta/static/Shared/ext/resources/css/ext-all.css?215870 HTTP/1.1" 200 416045
192.168.10.93 - - [16/Mar/2017:16:37:16 -0300] "GET /cormunbeta/static/Resources/PXTools/calendar.png HTTP/1.1" 200 1306
192.168.10.93 - - [16/Mar/2017:16:37:16 -0300] "GET /cormunbeta/static/Resources/PXToolsDataSearch.png HTTP/1.1" 200 419
192.168.10.93 - - [16/Mar/2017:16:37:16 -0300] "GET /cormunbeta/static/Resources/PXToolsGridFirstDisabled.gif HTTP/1.1" 200 100
192.168.10.93 - - [16/Mar/2017:16:37:16 -0300] "GET /cormunbeta/static/Resources/PXToolsGridPreviousDisabled.gif HTTP/1.1" 200 90
192.168.10.93 - - [16/Mar/2017:16:37:16 -0300] "GET /cormunbeta/static/Resources/PXToolsGridNextDisabled.gif HTTP/1.1" 200 90
192.168.10.93 - - [16/Mar/2017:16:37:16 -0300] "GET /cormunbeta/static/Resources/PXToolsGridLastDisabled.gif HTTP/1.1" 200 98
192.168.10.93 - - [16/Mar/2017:16:37:16 -0300] "GET /cormunbeta/static/Resources/PXToolsGridPage.gif HTTP/1.1" 200 725
192.168.10.93 - - [16/Mar/2017:16:37:16 -0300] "GET /cormunbeta/static/Resources/PXToolsActionExcel.png HTTP/1.1" 200 3187
192.168.10.93 - - [16/Mar/2017:16:37:16 -0300] "GET /cormunbeta/static/Resources/PXToolsGridNew.png HTTP/1.1" 200 2949
192.168.10.93 - - [16/Mar/2017:16:37:17 -0300] "GET /cormunbeta/static/Resources/asc.gif HTTP/1.1" 200 67
192.168.10.93 - - [16/Mar/2017:16:37:17 -0300] "GET /cormunbeta/static/Resources/desc.gif HTTP/1.1" 200 65
192.168.10.93 - - [16/Mar/2017:16:37:17 -0300] "GET /cormunbeta/servlet/trsolicitudsaludot? HTTP/1.1" 200 6554
192.168.10.93 - - [16/Mar/2017:16:37:17 -0300] "GET /cormunbeta/static/Shared/ext/resources/themes/images/default/tools/tool-sprites.gif HTTP/1.1" 200 5434
192.168.10.93 - - [16/Mar/2017:16:37:17 -0300] "GET /cormunbeta/static/Shared/ext/resources/themes/images/default/panel/bg-headersPanel.png HTTP/1.1" 200 255
192.168.10.93 - - [16/Mar/2017:16:37:20 -0300] "GET /cormunbeta/servlet/solicitudsaludot?INS,0,0, HTTP/1.1" 200 12270
192.168.10.93 - - [16/Mar/2017:16:37:20 -0300] "GET /cormunbeta/static/gxcfg.js?20171102132179 HTTP/1.1" 200 953
192.168.10.93 - - [16/Mar/2017:16:37:20 -0300] "GET /cormunbeta/static/Resources/prompt.gif HTTP/1.1" 200 902
192.168.10.93 - - [16/Mar/2017:16:37:20 -0300] "GET /cormunbeta/static/solicitudsaludot.js?20171102132338 HTTP/1.1" 200 62888
192.168.10.93 - - [16/Mar/2017:16:37:20 -0300] "GET /cormunbeta/servlet/solicitudsaludot?INS,0,0, HTTP/1.1" 200 12275
192.168.10.93 - - [16/Mar/2017:16:37:21 -0300] "GET /cormunbeta/servlet/solicitudsaludot?477c869e05e96e1620c132515d6de9ab0c9e128fa2386dd6dda7944fdf453086,gx-no-cache=1489696322891 HTTP/1.1" 200 30
186.79.126.191 - - [16/Mar/2017:16:37:22 -0300] "POST /cormun/servlet/solicitudotadjuntos?0fd35bae319a3caa7e4b732da95671c5,INS,2017,5605,,1, HTTP/1.1" 200 116
186.79.126.191 - - [16/Mar/2017:16:37:22 -0300] "GET /cormun/servlet/hpexe_return? HTTP/1.1" 200 1024
192.168.10.93 - - [16/Mar/2017:16:37:22 -0300] "GET /cormunbeta/static/Resources/resize.gif HTTP/1.1" 200 77
186.79.126.191 - - [16/Mar/2017:16:37:23 -0300] "GET /cormun/servlet/trsolicitudadjuntos?2017,5605, HTTP/1.1" 200 7944
186.79.126.191 - - [16/Mar/2017:16:37:24 -0300] "GET /cormun/servlet/trsolicitudadjuntos?2017,5605, HTTP/1.1" 200 7940
186.79.126.191 - - [16/Mar/2017:16:37:30 -0300] "GET /cormun/servlet/solicitudotadjuntos?INS,2017,5605,,1, HTTP/1.1" 200 5794
192.168.10.93 - - [16/Mar/2017:16:37:30 -0300] "GET /cormunbeta/servlet/prfichaempleado?,MD,,gxPopupLevel%3D0%3B HTTP/1.1" 200 8693
192.168.10.93 - - [16/Mar/2017:16:37:30 -0300] "GET /cormunbeta/static/gxcfg.js?2016102420561687 HTTP/1.1" 200 953
192.168.10.93 - - [16/Mar/2017:16:37:30 -0300] "GET /cormunbeta/static/Resources/PXToolsMenuSearch.png HTTP/1.1" 200 2914
192.168.10.93 - - [16/Mar/2017:16:37:30 -0300] "GET /cormunbeta/static/Resources/PXToolsMenuSearchCancel.png HTTP/1.1" 200 2972
192.168.10.93 - - [16/Mar/2017:16:37:30 -0300] "GET /cormunbeta/static/prfichaempleado.js?201610242056198 HTTP/1.1" 200 16015
192.168.10.93 - - [16/Mar/2017:16:37:30 -0300] "GET /cormunbeta/static/menusearch.js?201610171694467 HTTP/1.1" 200 1424
192.168.10.93 - - [16/Mar/2017:16:37:30 -0300] "GET /cormunbeta/static/hmpwkw011.js?201612218515582 HTTP/1.1" 200 1968
186.79.126.191 - - [16/Mar/2017:16:37:30 -0300] "GET /cormun/static/about:blank HTTP/1.1" 404 1011
186.79.126.191 - - [16/Mar/2017:16:37:31 -0300] "GET /cormun/servlet/solicitudotadjuntos?INS,2017,5605,,1, HTTP/1.1" 200 5788
186.79.126.191 - - [16/Mar/2017:16:37:31 -0300] "GET /cormun/servlet/solicitudotadjuntos?6a24db916ca5035b27924789f15b923fe6d12a0e1541342e22af4ac2299e86b1441dac9ac06989d0334d5ed081886378,gx-no-cache=1489693121249 HTTP/1.1" 200 30
192.168.10.93 - - [16/Mar/2017:16:37:31 -0300] "POST /cormunbeta/servlet/acontrolpreferencessavestate?None,ADMSALUD,true HTTP/1.1" 200 35
186.79.126.191 - - [16/Mar/2017:16:37:31 -0300] "POST /cormun/servlet/solicitudotadjuntos?0fd35bae319a3caa7e4b732da95671c5,INS,2017,5605,,1,,gx-no-cache=1489693121412 HTTP/1.1" 200 3670
192.168.10.93 - - [16/Mar/2017:16:37:37 -0300] "POST /cormunbeta/servlet/prfichaempleado?e2afb578df24df56e249056bc9decb6c,,MD,,gxPopupLevel%3D0%3B,gx-no-cache=1489696338724 HTTP/1.1" 200 3386
186.79.126.191 - - [16/Mar/2017:16:37:38 -0300] "POST /cormun/servlet/solicitudotadjuntos?gx-no-cache=1489693127962 HTTP/1.1" 200 26
186.79.126.191 - - [16/Mar/2017:16:37:47 -0300] "GET /cormun/servlet/solicitudotadjuntos?6a24db916ca5035b27924789f15b923f6579ae467892e6924823603b54b39cea,gx-no-cache=1489693137099 HTTP/1.1" 200 30
186.79.126.191 - - [16/Mar/2017:16:37:47 -0300] "GET /cormun/servlet/solicitudotadjuntos?6a24db916ca5035b27924789f15b923f6579ae467892e6924823603b54b39cea,gx-no-cache=1489693137346 HTTP/1.1" 200 30
186.103.156.211 - - [16/Mar/2017:16:37:48 -0300] "POST /cormun/servlet/solicitudot?gx-no-cache=1489693136000 HTTP/1.1" 200 30
186.103.156.211 - - [16/Mar/2017:16:37:53 -0300] "POST /cormun/servlet/solicitudot?gx-no-cache=1489693141673 HTTP/1.1" 200 1291
186.103.156.211 - - [16/Mar/2017:16:37:53 -0300] "POST /cormun/servlet/solicitudot?gx-no-cache=1489693142072 HTTP/1.1" 200 38
186.103.156.211 - - [16/Mar/2017:16:37:53 -0300] "POST /cormun/servlet/solicitudot?gx-no-cache=1489693142222 HTTP/1.1" 200 1274
186.103.156.211 - - [16/Mar/2017:16:37:53 -0300] "POST /cormun/servlet/solicitudot?gx-no-cache=1489693142459 HTTP/1.1" 200 1157
192.168.10.93 - - [16/Mar/2017:16:38:24 -0300] "POST /cormunbeta/servlet/solicitudsaludot?gx-no-cache=1489696344556 HTTP/1.1" 200 3132
192.168.10.93 - - [16/Mar/2017:16:38:24 -0300] "GET /cormunbeta/servlet/solicitudsaludot?477c869e05e96e1620c132515d6de9abf802eafe0b1e415d3f22d5d85083809019865e278ba5964e065c58ffd48b6b8b,gx-no-cache=1489696386219 HTTP/1.1" 200 30
186.79.126.191 - - [16/Mar/2017:16:38:24 -0300] "POST /cormun/servlet/solicitudotadjuntos?0fd35bae319a3caa7e4b732da95671c5,INS,2017,5605,,1, HTTP/1.1" 200 116
186.79.126.191 - - [16/Mar/2017:16:38:24 -0300] "GET /cormun/servlet/hpexe_return? HTTP/1.1" 200 1024
186.79.126.191 - - [16/Mar/2017:16:38:25 -0300] "GET /cormun/servlet/trsolicitudadjuntos?2017,5605, HTTP/1.1" 200 8148
186.79.126.191 - - [16/Mar/2017:16:38:26 -0300] "GET /cormun/servlet/trsolicitudadjuntos?2017,5605, HTTP/1.1" 200 8143
192.168.10.93 - - [16/Mar/2017:16:38:28 -0300] "POST /cormunbeta/servlet/solicitudsaludot?e2afb578df24df56e249056bc9decb6c,INS,0,0,,gx-no-cache=1489696390468 HTTP/1.1" 200 93
192.168.10.93 - - [16/Mar/2017:16:38:28 -0300] "GET /cormunbeta/servlet/hpexe_return? HTTP/1.1" 200 1007
192.168.10.93 - - [16/Mar/2017:16:38:28 -0300] "GET /cormunbeta/static/gxcfg.js?2016101716175148 HTTP/1.1" 200 953
192.168.10.93 - - [16/Mar/2017:16:38:28 -0300] "GET /cormunbeta/static/hpexe_return.js?2016101716175153 HTTP/1.1" 200 1633
192.168.10.93 - - [16/Mar/2017:16:38:28 -0300] "GET /cormunbeta/servlet/trsolicitudsaludot HTTP/1.1" 200 6573
192.168.10.93 - - [16/Mar/2017:16:38:29 -0300] "GET /cormunbeta/servlet/trsolicitudsaludot HTTP/1.1" 200 6569
186.79.126.191 - - [16/Mar/2017:16:38:29 -0300] "GET /cormun/servlet/solicitudotadjuntos?INS,2017,5605,,1, HTTP/1.1" 200 5795
186.79.126.191 - - [16/Mar/2017:16:38:30 -0300] "GET /cormun/static/about:blank HTTP/1.1" 404 1011
186.79.126.191 - - [16/Mar/2017:16:38:30 -0300] "GET /cormun/servlet/solicitudotadjuntos?INS,2017,5605,,1, HTTP/1.1" 200 5788
186.79.126.191 - - [16/Mar/2017:16:38:31 -0300] "GET /cormun/servlet/solicitudotadjuntos?6a24db916ca5035b27924789f15b923fe6d12a0e1541342e22af4ac2299e86b1441dac9ac06989d0334d5ed081886378,gx-no-cache=1489693180744 HTTP/1.1" 200 30
192.168.10.93 - - [16/Mar/2017:16:38:31 -0300] "GET /cormunbeta/servlet/solicitudsaludot?INS,0,0, HTTP/1.1" 200 12282
186.79.126.191 - - [16/Mar/2017:16:38:32 -0300] "POST /cormun/servlet/solicitudotadjuntos?0fd35bae319a3caa7e4b732da95671c5,INS,2017,5605,,1,,gx-no-cache=1489693181263 HTTP/1.1" 200 3671
192.168.10.93 - - [16/Mar/2017:16:38:32 -0300] "GET /cormunbeta/servlet/solicitudsaludot?INS,0,0, HTTP/1.1" 200 12287
192.168.10.93 - - [16/Mar/2017:16:38:32 -0300] "GET /cormunbeta/servlet/solicitudsaludot?477c869e05e96e1620c132515d6de9ab0c9e128fa2386dd6dda7944fdf453086,gx-no-cache=1489696394311 HTTP/1.1" 200 30
186.79.126.191 - - [16/Mar/2017:16:38:36 -0300] "POST /cormun/servlet/solicitudotadjuntos?gx-no-cache=1489693185702 HTTP/1.1" 200 26
192.168.10.93 - - [16/Mar/2017:16:38:40 -0300] "GET /cormunbeta/servlet/prfichaempleado?,MD,,gxPopupLevel%3D0%3B HTTP/1.1" 200 8696
186.79.126.191 - - [16/Mar/2017:16:38:44 -0300] "GET /cormun/servlet/solicitudotadjuntos?6a24db916ca5035b27924789f15b923f6579ae467892e6924823603b54b39cea,gx-no-cache=1489693193878 HTTP/1.1" 200 30
186.79.126.191 - - [16/Mar/2017:16:38:44 -0300] "GET /cormun/servlet/solicitudotadjuntos?6a24db916ca5035b27924789f15b923f6579ae467892e6924823603b54b39cea,gx-no-cache=1489693194170 HTTP/1.1" 200 30
192.168.10.93 - - [16/Mar/2017:16:38:48 -0300] "POST /cormunbeta/servlet/prfichaempleado?e2afb578df24df56e249056bc9decb6c,,MD,,gxPopupLevel%3D0%3B,gx-no-cache=1489696409605 HTTP/1.1" 200 3200
192.168.10.93 - - [16/Mar/2017:16:38:54 -0300] "POST /cormunbeta/servlet/prfichaempleado?e2afb578df24df56e249056bc9decb6c,,MD,,gxPopupLevel%3D0%3B,gx-no-cache=1489696415776 HTTP/1.1" 200 3200
192.168.10.93 - - [16/Mar/2017:16:38:58 -0300] "POST /cormunbeta/servlet/prfichaempleado?e2afb578df24df56e249056bc9decb6c,,MD,,gxPopupLevel%3D0%3B,gx-no-cache=1489696419745 HTTP/1.1" 200 3386
186.79.126.191 - - [16/Mar/2017:16:39:03 -0300] "POST /cormun/servlet/solicitudotadjuntos?0fd35bae319a3caa7e4b732da95671c5,INS,2017,5605,,1, HTTP/1.1" 200 116
186.79.126.191 - - [16/Mar/2017:16:39:03 -0300] "GET /cormun/servlet/hpexe_return? HTTP/1.1" 200 1024
186.79.126.191 - - [16/Mar/2017:16:39:04 -0300] "GET /cormun/servlet/trsolicitudadjuntos?2017,5605, HTTP/1.1" 200 8311
186.79.126.191 - - [16/Mar/2017:16:39:05 -0300] "GET /cormun/servlet/trsolicitudadjuntos?2017,5605, HTTP/1.1" 200 8309
186.79.126.191 - - [16/Mar/2017:16:39:08 -0300] "GET /cormun/servlet/solicitudotadjuntos?INS,2017,5605,,1, HTTP/1.1" 200 5795
186.79.126.191 - - [16/Mar/2017:16:39:09 -0300] "GET /cormun/static/about:blank HTTP/1.1" 404 1011
186.79.126.191 - - [16/Mar/2017:16:39:09 -0300] "GET /cormun/servlet/solicitudotadjuntos?INS,2017,5605,,1, HTTP/1.1" 200 5788
186.79.126.191 - - [16/Mar/2017:16:39:10 -0300] "GET /cormun/servlet/solicitudotadjuntos?6a24db916ca5035b27924789f15b923fe6d12a0e1541342e22af4ac2299e86b1441dac9ac06989d0334d5ed081886378,gx-no-cache=1489693219716 HTTP/1.1" 200 30
186.79.126.191 - - [16/Mar/2017:16:39:10 -0300] "POST /cormun/servlet/solicitudotadjuntos?0fd35bae319a3caa7e4b732da95671c5,INS,2017,5605,,1,,gx-no-cache=1489693219902 HTTP/1.1" 200 3671
186.79.126.191 - - [16/Mar/2017:16:39:13 -0300] "POST /cormun/servlet/solicitudotadjuntos?gx-no-cache=1489693223436 HTTP/1.1" 200 26
192.168.10.93 - - [16/Mar/2017:16:39:14 -0300] "POST /cormunbeta/servlet/prfichaempleado?e2afb578df24df56e249056bc9decb6c,,MD,,gxPopupLevel%3D0%3B,gx-no-cache=1489696436584 HTTP/1.1" 200 3197
186.103.156.211 - - [16/Mar/2017:16:39:17 -0300] "GET /cormun/servlet/solicitudot?1ffcac83f13d6214f1aad07d162967abe48acc48df2a1642646d40d7a6bae12ee5a4c910120b87a4992a16db8125520a91c5cd4cd4e1d7d891a9354b7ccf78d3870a455479bd86c62eadbd7f9940da56817e85920037d10d26cbb44bbe452a7422b79130d39d4ab6c0ab6c6e73a5f2f3f4741ab4bd5a2bfe1c471b6fd1befdb4ed76dbfe70e32026ba6ce07618b1f01dc82358381fbfb79b8bf8f122a163b81734160ae77482efaffd7918ce99b16864,gx-no-cache=1489693226450 HTTP/1.1" 200 30
186.103.156.211 - - [16/Mar/2017:16:39:20 -0300] "POST /cormun/servlet/solicitudot?93ede461e2f1a84bbc9ea3bafedf43c8,INS,0,0,,gx-no-cache=1489693226649 HTTP/1.1" 200 93
186.103.156.211 - - [16/Mar/2017:16:39:20 -0300] "GET /cormun/servlet/hpexe_return? HTTP/1.1" 200 1007
186.103.156.211 - - [16/Mar/2017:16:39:21 -0300] "GET /cormun/static/gxcfg.js?2016101716175148 HTTP/1.1" 200 953
186.103.156.211 - - [16/Mar/2017:16:39:21 -0300] "GET /cormun/servlet/trsolicitudot HTTP/1.1" 200 9472
186.103.156.211 - - [16/Mar/2017:16:39:22 -0300] "GET /cormun/servlet/trsolicitudot HTTP/1.1" 200 9467
186.79.126.191 - - [16/Mar/2017:16:39:23 -0300] "POST /cormun/servlet/solicitudotadjuntos?gx-no-cache=1489693232694 HTTP/1.1" 200 26
186.79.126.191 - - [16/Mar/2017:16:39:29 -0300] "GET /cormun/servlet/solicitudotadjuntos?6a24db916ca5035b27924789f15b923f6579ae467892e6924823603b54b39cea,gx-no-cache=1489693238714 HTTP/1.1" 200 30
186.79.126.191 - - [16/Mar/2017:16:39:30 -0300] "GET /cormun/servlet/solicitudotadjuntos?6a24db916ca5035b27924789f15b923f6579ae467892e6924823603b54b39cea,gx-no-cache=1489693238856 HTTP/1.1" 200 30
192.168.10.93 - - [16/Mar/2017:16:39:32 -0300] "POST /cormunbeta/servlet/prfichaempleado?e2afb578df24df56e249056bc9decb6c,,MD,,gxPopupLevel%3D0%3B,gx-no-cache=1489696454032 HTTP/1.1" 200 3197
186.103.156.211 - - [16/Mar/2017:16:39:36 -0300] "POST /cormun/servlet/trsolicitudot?93ede461e2f1a84bbc9ea3bafedf43c8,gx-no-cache=1489693245315 HTTP/1.1" 200 106
186.103.156.211 - - [16/Mar/2017:16:39:37 -0300] "GET /cormun/servlet/solicitudot?UPD,2017,5606, HTTP/1.1" 200 14406
186.103.156.211 - - [16/Mar/2017:16:39:37 -0300] "GET /cormun/servlet/solicitudot?UPD,2017,5606, HTTP/1.1" 200 14415
186.103.156.211 - - [16/Mar/2017:16:39:38 -0300] "POST /cormun/servlet/solicitudot?gx-no-cache=1489693247209 HTTP/1.1" 200 3155
186.103.156.211 - - [16/Mar/2017:16:39:39 -0300] "POST /cormun/servlet/solicitudot?93ede461e2f1a84bbc9ea3bafedf43c8,UPD,2017,5606,,gx-no-cache=1489693247612 HTTP/1.1" 200 11020
186.103.156.211 - - [16/Mar/2017:16:39:41 -0300] "GET /cormun/servlet/solicitudot?1ffcac83f13d6214f1aad07d162967aba33c628320afc1d44d5ef70e1826d41fe62f62ce2fd02162d35b0babe0b1c8cf,gx-no-cache=1489693250693 HTTP/1.1" 200 30
186.103.156.211 - - [16/Mar/2017:16:39:41 -0300] "POST /cormun/servlet/solicitudot?gx-no-cache=1489693250782 HTTP/1.1" 200 254
186.103.156.211 - - [16/Mar/2017:16:39:42 -0300] "GET /cormun/servlet/solicitudot?1ffcac83f13d6214f1aad07d162967ab3cdc9c0b69c3870b3ec6dc251b8a8ae7d16eebb0cb0cf5542699823f5846749ee3656a4d724fc10036b98dcbe442f3db2808132ae3f7f12a1d5e867063508fce579f0025981e78b304756d28403af846d6df8a27ee3d3057a877133db1241fdbbda165425d582e7a4c5908d4dcb6d990c878388340be3902c6e90516baddd97284b554721a0c5199b51fdfb2c405aea88046d29c2035d95207e838830db2b65f1968cdd46b4ab52a502fdf8d3ca0dc1ab63aa7195522ac8704614df603701d38842495630b91ebc414f284782785fd2df6713ee4c9af2156bee37fd20fbc90c656b3e5e3f6726a756d8fcd4597d2c133b925938cc7407d8c3d3bab99925147f36d1f0e95f2030053f02a7b680b297bcb4c9bf24de8aefcc5f86351cfe42511be25adc080d789d6334687bcc9dd88c74468bdf054e9e57ecc70bd0119d3e820c91f504841e845ccd3939cc83aadc8b7f6ec8aa3be929bf5539a1549a26d9c75052da5bf632f03dbc68ed871975de7e45f,gx-no-cache=1489693250884 HTTP/1.1" 200 30
186.103.156.211 - - [16/Mar/2017:16:39:42 -0300] "POST /cormun/servlet/solicitudot?gx-no-cache=1489693251257 HTTP/1.1" 200 30
186.103.156.211 - - [16/Mar/2017:16:39:42 -0300] "POST /cormun/servlet/solicitudot?gx-no-cache=1489693251367 HTTP/1.1" 200 1291
186.103.156.211 - - [16/Mar/2017:16:39:43 -0300] "POST /cormun/servlet/solicitudot?gx-no-cache=1489693251998 HTTP/1.1" 200 41
192.168.10.93 - - [16/Mar/2017:16:39:44 -0300] "POST /cormunbeta/servlet/prfichaempleado?e2afb578df24df56e249056bc9decb6c,,MD,,gxPopupLevel%3D0%3B,gx-no-cache=1489696465682 HTTP/1.1" 200 3168
186.103.156.211 - - [16/Mar/2017:16:39:49 -0300] "GET /cormun/servlet/solicitudot?1ffcac83f13d6214f1aad07d162967abf1c71ef423246123335cb75ebfbdc15a1db2f7e866927bcfa5e5917ecba9485bd023cacd798d6eec7b2025527e632834d6ef06008bf468e0727b10144989468f63aacdfb5256ed6f2bd95769514d0639cc71d6808c5a86ded08891b1b619345c75d9c302296dbe39b96eb3e666de327a8f013de7e9a71f8fee9313a638a06bb3417fcceedf859bd128c9c6b1a8460fff,gx-no-cache=1489693258093 HTTP/1.1" 200 29
186.103.156.211 - - [16/Mar/2017:16:39:49 -0300] "POST /cormun/servlet/solicitudot?gx-no-cache=1489693258211 HTTP/1.1" 200 1274
186.103.156.211 - - [16/Mar/2017:16:39:51 -0300] "POST /cormun/servlet/solicitudot?gx-no-cache=1489693260064 HTTP/1.1" 200 1157
192.168.10.93 - - [16/Mar/2017:16:39:56 -0300] "POST /cormunbeta/servlet/prfichaempleado?e2afb578df24df56e249056bc9decb6c,,MD,,gxPopupLevel%3D0%3B,gx-no-cache=1489696478377 HTTP/1.1" 200 3199
186.79.126.191 - - [16/Mar/2017:16:39:57 -0300] "POST /cormun/servlet/solicitudotadjuntos?0fd35bae319a3caa7e4b732da95671c5,INS,2017,5605,,1, HTTP/1.1" 200 116
186.79.126.191 - - [16/Mar/2017:16:39:57 -0300] "GET /cormun/servlet/hpexe_return? HTTP/1.1" 200 1024
186.79.126.191 - - [16/Mar/2017:16:39:58 -0300] "GET /cormun/servlet/trsolicitudadjuntos?2017,5605, HTTP/1.1" 200 8457
186.79.126.191 - - [16/Mar/2017:16:39:59 -0300] "GET /cormun/servlet/trsolicitudadjuntos?2017,5605, HTTP/1.1" 200 8455
