186.79.248.208 - - [16/Mar/2017:09:47:17 -0300] "GET /cormun/servlet/trautorizarsolicitud? HTTP/1.1" 200 6887
192.168.10.89 - - [16/Mar/2017:09:47:21 -0300] "GET /cormun/servlet/solicitudgral?UPD,2017,5495, HTTP/1.1" 200 12179
192.168.10.89 - - [16/Mar/2017:09:47:23 -0300] "POST /cormun/servlet/solicitudgral?gx-no-cache=1489671725246 HTTP/1.1" 200 3183
192.168.10.89 - - [16/Mar/2017:09:47:23 -0300] "GET /cormun/servlet/solicitudgral?d0fbc29e840f102b69f5bcc056671a714d9ad39e1692f089fd147707813722dfae3ecf6452a399a91cbcba780eb68c870e0cfb81e1c9fdb25f25a7c232fe0c3c2934e4ceb1d8ded28dc99e00ada28854954e8e6e3be88c319041f9f4fa7c72e0744267b6245a7f335f9b44b6c718daeb89629b09910191f9f67629f9d133022f03adff9e21e7aa067116c64ccda055576920532379a39e9f95bc62891bd163a4fe1c34b712c6985f5adde97f0d1b0f70ef606b669c28ed3752797de4f24cce6d5c1dc3828f84807c5b865bf913b6f3a61846d48fa6899fc4ac0a8f72c925080d204f1aa309a641cffc408061ef59a84e00b2d3ffb95f1407805861e3eeae0333ade53bfdf4dcf7e6992588dfbb9116f967af72a0339ac698a5c5bafea00907f06e84700b4dda4e52fed7cd6093589968a4649df0a05cff3a890be8b40fa6660c0b1d522524eab3f3c9d76da0270fa650,gx-no-cache=1489671725455 HTTP/1.1" 200 257
192.168.10.89 - - [16/Mar/2017:09:47:24 -0300] "GET /cormun/servlet/solicitudgral?d0fbc29e840f102b69f5bcc056671a71e9e6141526dd5f0ed0523c698f3c4215e760a86ecc563cf818a19cb585ef68b3962943a816a3eb4c30b90328c4f144330e44f647fcbdf71cedbac19224ffc715d811af57c4ccf43080e7ae4f1999b3486aa9a0aed3655cf63fcc42d8085273834267ac9438331132482c9ccc8f1cfeaa5b294a8fdb8e7357a97f0bd9764122be7d431f9dec5a98264d1797d9ca101a829db6b0767204aed5f8067df2fa336e55681368266f1e3725073df033a792fe98c5ccee79ced2bb4e82b6c1867e2a00ce4320bbdf92158ce56c16b6d2dc8cafed22261bf2a27217553ed900c93a31817d7dfacb5624459216c95e82256182980697c494a6929d51eaa17b8f2ec696c666d5be7a8b9a95c24d37a3d4543294271ad2620c6b321eebdcea0e27ab33b61423d579082100ef409a936296534e8ffd4026f280d49d70e8cd33d84d498c07b7fd77ee17cd89296f9b71d987bc4b063d0960fa2322d82d7046ff751b4ce91e1fbe7ad94f35146a7bc6c6b40b1239a3d9600e0db943db91f206bc1d63b1044378d0f29b0d1d5e04cb79a9230602f24ee905b8efb4742a105bd568947b42b2e891fc4da4e6a7814dbef3fa29f46c636046cabc75bebd77966acc1151526f2f08f8acebff60ab556aabf2e0c9832459e60c8b816eac77e720e382732bc48d2f22dd6f0d3727ffdf869127fa5008e4c41f2a0038a0d881f99e4b2333ce599cb922bcfcfd3ed6d4568383a84863cf063fb3505ad581ae8bfe7295a956b5745d4b601862,gx-no-cache=1489671726472 HTTP/1.1" 200 48
186.79.248.208 - - [16/Mar/2017:09:47:25 -0300] "GET /cormun/servlet/trautorizarpermisogoce? HTTP/1.1" 200 8736
186.79.248.208 - - [16/Mar/2017:09:47:25 -0300] "GET /cormun/static/gxcfg.js?20173151352895 HTTP/1.1" 200 953
186.79.248.208 - - [16/Mar/2017:09:47:26 -0300] "GET /cormun/static/trautorizarpermisogoce.js?20173151353282 HTTP/1.1" 200 31039
192.168.10.89 - - [16/Mar/2017:09:47:26 -0300] "POST /cormun/servlet/solicitudgral?479e8598b0bc0d762ddd2b2c2163ca30,UPD,2017,5495,,gx-no-cache=1489671728183 HTTP/1.1" 200 10553
186.79.248.208 - - [16/Mar/2017:09:47:27 -0300] "GET /cormun/servlet/trautorizarpermisogoce? HTTP/1.1" 200 8735
192.168.10.89 - - [16/Mar/2017:09:47:28 -0300] "GET /cormun/servlet/solicitudgral?d0fbc29e840f102b69f5bcc056671a71a3b9495b806fe78da98af346f66dbe946d8867d75767ee3e98372404b9cdf8f2246fad47bbb97af6bf6ed409bea40f9e26e1941f8f08ac33c11081606267ca5929dfafbbc9205d69ecec8928f6b3e4c7d1192deff93ba2d2b20c025ebb06671da2aa51db8de23457f8ee93cb15813fb1474224a2503a18012a63b5005749d53cdf9e45e785c0a6492267d8d6fd57f76e,gx-no-cache=1489671730631 HTTP/1.1" 200 29
192.168.10.89 - - [16/Mar/2017:09:47:28 -0300] "POST /cormun/servlet/solicitudgral?gx-no-cache=1489671730655 HTTP/1.1" 200 1250
192.168.10.89 - - [16/Mar/2017:09:47:28 -0300] "POST /cormun/servlet/solicitudgral?gx-no-cache=1489671730705 HTTP/1.1" 200 1154
192.168.10.89 - - [16/Mar/2017:09:47:28 -0300] "POST /cormun/servlet/solicitudgral?479e8598b0bc0d762ddd2b2c2163ca30,UPD,2017,5495,,gx-no-cache=1489671730745 HTTP/1.1" 200 93
192.168.10.89 - - [16/Mar/2017:09:47:28 -0300] "GET /cormun/servlet/hpexe_return? HTTP/1.1" 200 1011
192.168.10.89 - - [16/Mar/2017:09:47:29 -0300] "GET /cormun/servlet/trsolicitudgral? HTTP/1.1" 200 10835
186.79.248.208 - - [16/Mar/2017:09:47:37 -0300] "GET /cormun/servlet/apermisogoceprn?13500887,P,20170224122828,PU HTTP/1.1" 200 1652
192.168.10.60 - - [16/Mar/2017:09:47:50 -0300] "POST /cormun/servlet/trautorizarot?b08456dffb0ca7bd999863938ccfad21,,gx-no-cache=1489667723414 HTTP/1.1" 200 13639
207.46.13.177 - - [16/Mar/2017:09:48:15 -0300] "GET /cormun/servlet/hhome HTTP/1.1" 200 3277
207.46.13.177 - - [16/Mar/2017:09:48:18 -0300] "GET /cormun/servlet/licenciaspermisos?INS,0,,,_escaped_fragment_%3D HTTP/1.1" 200 6319
186.79.248.208 - - [16/Mar/2017:09:48:19 -0300] "GET /cormun/servlet/apermisogoceprn?7778577,P,20170228115234,PU HTTP/1.1" 200 1637
192.168.10.96 - - [16/Mar/2017:09:48:23 -0300] "GET /cormun/servlet/solicitudot?75bffc11f3b00bcdabf5148b4939e778481f219599bd4acd59a34a1506b4d67f9f43f9a4842cc8a444759274d8eb3c714b1cdbd60be18325e0107f57c90325549cb4a4a13e42cb220ebbf17df04bb50465acd6302bb76c1c03069b9785f864b43b1e4b63a94e83d8942f869c9d15f65e36639e41bb1c3b45e14fece4c685aa327c706870d9d85e730d057886368753e5fc4d3c44852073f2c633ed3fa8fda52a,gx-no-cache=1489671785716 HTTP/1.1" 200 29
192.168.10.96 - - [16/Mar/2017:09:48:23 -0300] "POST /cormun/servlet/solicitudot?gx-no-cache=1489671785771 HTTP/1.1" 200 1274
192.168.10.96 - - [16/Mar/2017:09:48:24 -0300] "POST /cormun/servlet/solicitudot?gx-no-cache=1489671786554 HTTP/1.1" 200 1157
192.168.10.60 - - [16/Mar/2017:09:48:32 -0300] "POST /cormun/servlet/trautorizarot?b08456dffb0ca7bd999863938ccfad21,,gx-no-cache=1489667765135 HTTP/1.1" 200 12686
192.168.10.96 - - [16/Mar/2017:09:48:38 -0300] "GET /cormun/servlet/solicitudot?75bffc11f3b00bcdabf5148b4939e77822cd676c4c0ac5b3cedf1d12d27105afe88034f124f8379d728f0929217da7e67052cd6f6c2b79c34f304fd31d9796bddd0400be404935ed65238d3d40cd23c92814bcddc37a7b0a61fce86c1e391746f1d6904cbe43c21caa6a641a914aeef0c2d12a15f375b6daaadc52a29e5e3b74677984368981aee0010c8a1ab3e632cf64dc0cb7a2f13c89aa06f41ef5b0cacb4ecfbba7c6e2524787486c41dd9755953a2859fceb1e0726405e45840d02e9ec,gx-no-cache=1489671799935 HTTP/1.1" 200 30
186.79.248.208 - - [16/Mar/2017:09:48:48 -0300] "GET /cormun/servlet/apermisogoceprn?13500887,P,20170224122828,PU HTTP/1.1" 200 1651
192.168.10.96 - - [16/Mar/2017:09:48:50 -0300] "POST /cormun/servlet/solicitudot?30ac563c0a6046421c4923fed65dfbe7,INS,0,0,,gx-no-cache=1489671812116 HTTP/1.1" 500 10
192.168.10.60 - - [16/Mar/2017:09:48:50 -0300] "POST /cormun/servlet/trautorizarot?b08456dffb0ca7bd999863938ccfad21,,gx-no-cache=1489667783511 HTTP/1.1" 200 9094
192.168.10.96 - - [16/Mar/2017:09:49:18 -0300] "GET /cormun/servlet/solicitudot?INS,0,0, HTTP/1.1" 200 12912
192.168.10.96 - - [16/Mar/2017:09:49:19 -0300] "GET /cormun/servlet/solicitudot?INS,0,0, HTTP/1.1" 200 12928
186.79.248.208 - - [16/Mar/2017:09:49:22 -0300] "GET /cormun/servlet/apermisogoceprn?15996249,P,20170303130044,PU HTTP/1.1" 200 1660
192.168.10.96 - - [16/Mar/2017:09:49:22 -0300] "GET /cormun/servlet/hlogin HTTP/1.1" 200 1745
192.168.10.96 - - [16/Mar/2017:09:49:31 -0300] "POST /cormun/servlet/hlogin?30ac563c0a6046421c4923fed65dfbe7,gx-no-cache=1489671853183 HTTP/1.1" 200 90
192.168.10.96 - - [16/Mar/2017:09:49:31 -0300] "GET /cormun/servlet/hpexe_link HTTP/1.1" 200 953
192.168.10.96 - - [16/Mar/2017:09:49:31 -0300] "GET /cormun/servlet/hhome HTTP/1.1" 200 4152
192.168.10.96 - - [16/Mar/2017:09:49:31 -0300] "GET /cormun/servlet/hhome HTTP/1.1" 200 4148
192.168.10.96 - - [16/Mar/2017:09:49:34 -0300] "GET /cormun/servlet/trsolicitudgral? HTTP/1.1" 200 8451
192.168.10.96 - - [16/Mar/2017:09:49:34 -0300] "GET /cormun/servlet/trsolicitudgral? HTTP/1.1" 200 8449
186.79.248.208 - - [16/Mar/2017:09:49:50 -0300] "GET /cormun/servlet/apermisogoceprn?7178861,P,20170313090539,PU HTTP/1.1" 200 1642
192.168.10.96 - - [16/Mar/2017:09:50:07 -0300] "POST /cormun/servlet/trsolicitudgral?30ac563c0a6046421c4923fed65dfbe7,,gx-no-cache=1489671889699 HTTP/1.1" 200 6679
192.168.10.60 - - [16/Mar/2017:09:50:32 -0300] "POST /cormun/servlet/trautorizarot?b08456dffb0ca7bd999863938ccfad21,,gx-no-cache=1489667885609 HTTP/1.1" 200 8097
192.168.10.96 - - [16/Mar/2017:09:50:38 -0300] "POST /cormun/servlet/trsolicitudgral?30ac563c0a6046421c4923fed65dfbe7,,gx-no-cache=1489671919955 HTTP/1.1" 200 5401
192.168.10.60 - - [16/Mar/2017:09:50:52 -0300] "POST /cormun/servlet/trautorizarot?b08456dffb0ca7bd999863938ccfad21,,gx-no-cache=1489667905760 HTTP/1.1" 200 7047
192.168.10.60 - - [16/Mar/2017:09:50:58 -0300] "POST /cormun/servlet/trautorizarot?b08456dffb0ca7bd999863938ccfad21,,gx-no-cache=1489667911044 HTTP/1.1" 200 6678
192.168.10.60 - - [16/Mar/2017:09:51:02 -0300] "POST /cormun/servlet/trautorizarot?b08456dffb0ca7bd999863938ccfad21,,gx-no-cache=1489667914972 HTTP/1.1" 200 6271
192.168.10.60 - - [16/Mar/2017:09:51:04 -0300] "POST /cormun/servlet/trautorizarot?b08456dffb0ca7bd999863938ccfad21,,gx-no-cache=1489667917445 HTTP/1.1" 200 5162
192.168.10.96 - - [16/Mar/2017:09:51:11 -0300] "POST /cormun/servlet/trsolicitudgral?30ac563c0a6046421c4923fed65dfbe7,,gx-no-cache=1489671953520 HTTP/1.1" 200 5398
192.168.10.60 - - [16/Mar/2017:09:51:12 -0300] "POST /cormun/servlet/trautorizarot?b08456dffb0ca7bd999863938ccfad21,,gx-no-cache=1489667925340 HTTP/1.1" 200 12683
192.168.10.96 - - [16/Mar/2017:09:51:16 -0300] "POST /cormun/servlet/trsolicitudgral?30ac563c0a6046421c4923fed65dfbe7,,gx-no-cache=1489671957912 HTTP/1.1" 200 12741
186.79.248.208 - - [16/Mar/2017:09:52:48 -0300] "GET /cormun/servlet/apermisogoceprn?15104832,P,20170315110800,PU HTTP/1.1" 200 1663
192.168.10.96 - - [16/Mar/2017:09:53:53 -0300] "GET /cormun/servlet/trconsultaempleado? HTTP/1.1" 200 6541
192.168.10.96 - - [16/Mar/2017:09:53:53 -0300] "GET /cormun/static/gxcfg.js?20173151341420 HTTP/1.1" 304 -
192.168.10.96 - - [16/Mar/2017:09:53:53 -0300] "GET /cormun/static/trconsultaempleado.js?20173151341641 HTTP/1.1" 304 -
192.168.10.96 - - [16/Mar/2017:09:53:53 -0300] "GET /cormun/servlet/trconsultaempleado? HTTP/1.1" 200 6541
192.168.10.96 - - [16/Mar/2017:09:54:01 -0300] "POST /cormun/servlet/trconsultaempleado?30ac563c0a6046421c4923fed65dfbe7,,gx-no-cache=1489672122960 HTTP/1.1" 200 4414
192.168.10.96 - - [16/Mar/2017:09:54:03 -0300] "GET /cormun/servlet/trsolicitudnombre?12692377, HTTP/1.1" 200 9162
192.168.10.96 - - [16/Mar/2017:09:54:03 -0300] "GET /cormun/static/gxcfg.js?2017315134714 HTTP/1.1" 304 -
192.168.10.96 - - [16/Mar/2017:09:54:03 -0300] "GET /cormun/static/trsolicitudnombre.js?20173151341133 HTTP/1.1" 304 -
192.168.10.96 - - [16/Mar/2017:09:54:04 -0300] "GET /cormun/servlet/trsolicitudnombre?12692377, HTTP/1.1" 200 9165
192.168.10.96 - - [16/Mar/2017:09:54:23 -0300] "GET /cormun/servlet/vesolicitudnombre?2017,4932,, HTTP/1.1" 200 8413
192.168.10.96 - - [16/Mar/2017:09:54:23 -0300] "GET /cormun/static/gxcfg.js?201731513465 HTTP/1.1" 304 -
192.168.10.96 - - [16/Mar/2017:09:54:23 -0300] "GET /cormun/pexe_scrolldiv.js HTTP/1.1" 404 1009
192.168.10.96 - - [16/Mar/2017:09:54:23 -0300] "GET /cormun/static/vesolicitudnombre.js?2017315134666 HTTP/1.1" 304 -
192.168.10.96 - - [16/Mar/2017:09:54:23 -0300] "GET /cormun/pexe_scrolldiv.js HTTP/1.1" 404 1009
192.168.10.96 - - [16/Mar/2017:09:54:24 -0300] "GET /cormun/servlet/vesolicitudnombre?2017,4932,, HTTP/1.1" 200 8407
192.168.10.96 - - [16/Mar/2017:09:54:25 -0300] "GET /cormun/servlet/vesolicitudnombre?2017,4932,,SolicitudOTAdjuntos HTTP/1.1" 200 7371
192.168.10.96 - - [16/Mar/2017:09:54:25 -0300] "GET /cormun/pexe_scrolldiv.js HTTP/1.1" 404 1009
192.168.10.96 - - [16/Mar/2017:09:54:25 -0300] "GET /cormun/pexe_scrolldiv.js HTTP/1.1" 404 1009
192.168.10.96 - - [16/Mar/2017:09:54:25 -0300] "GET /cormun/servlet/vesolicitudnombre?2017,4932,,SolicitudOTAdjuntos HTTP/1.1" 200 7372
192.168.10.96 - - [16/Mar/2017:09:54:26 -0300] "POST /cormun/servlet/acontrolpreferencessavestate?None,DZAMUDIO,true HTTP/1.1" 200 35
192.168.10.96 - - [16/Mar/2017:09:54:28 -0300] "POST /cormun/servlet/vesolicitudnombre?30ac563c0a6046421c4923fed65dfbe7,2017,4932,,SolicitudOTAdjuntos,gx-no-cache=1489672150261 HTTP/1.1" 200 90
192.168.10.96 - - [16/Mar/2017:09:54:28 -0300] "GET /cormun/servlet/hpexe_link HTTP/1.1" 200 989
192.168.10.96 - - [16/Mar/2017:09:54:28 -0300] "GET /cormun/servlet/trsolicitudnombre?12692377, HTTP/1.1" 200 9164
192.168.10.96 - - [16/Mar/2017:09:54:29 -0300] "GET /cormun/servlet/trsolicitudnombre?12692377, HTTP/1.1" 200 9164
192.168.10.96 - - [16/Mar/2017:09:54:43 -0300] "GET /cormun/servlet/vesolicitudnombre?2017,3464,, HTTP/1.1" 200 8434
192.168.10.96 - - [16/Mar/2017:09:54:43 -0300] "GET /cormun/pexe_scrolldiv.js HTTP/1.1" 404 1009
192.168.10.96 - - [16/Mar/2017:09:54:43 -0300] "GET /cormun/pexe_scrolldiv.js HTTP/1.1" 404 1009
192.168.10.96 - - [16/Mar/2017:09:54:43 -0300] "GET /cormun/servlet/vesolicitudnombre?2017,3464,, HTTP/1.1" 200 8432
192.168.10.96 - - [16/Mar/2017:09:54:44 -0300] "GET /cormun/servlet/vesolicitudnombre?2017,3464,,SolicitudOTAdjuntos HTTP/1.1" 200 7370
192.168.10.96 - - [16/Mar/2017:09:54:44 -0300] "GET /cormun/pexe_scrolldiv.js HTTP/1.1" 404 1009
192.168.10.96 - - [16/Mar/2017:09:54:44 -0300] "GET /cormun/pexe_scrolldiv.js HTTP/1.1" 404 1009
192.168.10.96 - - [16/Mar/2017:09:54:45 -0300] "GET /cormun/servlet/vesolicitudnombre?2017,3464,,SolicitudOTAdjuntos HTTP/1.1" 200 7370
192.168.10.96 - - [16/Mar/2017:09:54:46 -0300] "POST /cormun/servlet/acontrolpreferencessavestate?None,DZAMUDIO,true HTTP/1.1" 200 35
192.168.10.96 - - [16/Mar/2017:09:54:47 -0300] "POST /cormun/servlet/vesolicitudnombre?30ac563c0a6046421c4923fed65dfbe7,2017,3464,,SolicitudOTAdjuntos,gx-no-cache=1489672169540 HTTP/1.1" 200 90
192.168.10.96 - - [16/Mar/2017:09:54:47 -0300] "GET /cormun/servlet/hpexe_link HTTP/1.1" 200 989
192.168.10.96 - - [16/Mar/2017:09:54:47 -0300] "GET /cormun/servlet/trsolicitudnombre?12692377, HTTP/1.1" 200 9163
192.168.10.96 - - [16/Mar/2017:09:54:48 -0300] "GET /cormun/servlet/trsolicitudnombre?12692377, HTTP/1.1" 200 9167
192.168.10.96 - - [16/Mar/2017:09:55:59 -0300] "GET /cormun/servlet/vesolicitudnombre?2016,163,, HTTP/1.1" 200 8408
192.168.10.96 - - [16/Mar/2017:09:55:59 -0300] "GET /cormun/pexe_scrolldiv.js HTTP/1.1" 404 1009
192.168.10.96 - - [16/Mar/2017:09:55:59 -0300] "GET /cormun/pexe_scrolldiv.js HTTP/1.1" 404 1009
192.168.10.96 - - [16/Mar/2017:09:56:00 -0300] "GET /cormun/servlet/vesolicitudnombre?2016,163,, HTTP/1.1" 200 8402
192.168.10.96 - - [16/Mar/2017:09:56:02 -0300] "GET /cormun/servlet/vesolicitudnombre?2016,163,,SolicitudOTAdjuntos HTTP/1.1" 200 10229
192.168.10.96 - - [16/Mar/2017:09:56:02 -0300] "GET /cormun/pexe_scrolldiv.js HTTP/1.1" 404 1009
192.168.10.96 - - [16/Mar/2017:09:56:02 -0300] "GET /cormun/pexe_scrolldiv.js HTTP/1.1" 404 1009
192.168.10.96 - - [16/Mar/2017:09:56:02 -0300] "GET /cormun/servlet/vesolicitudnombre?2016,163,,SolicitudOTAdjuntos HTTP/1.1" 200 10231
192.168.10.96 - - [16/Mar/2017:09:56:03 -0300] "POST /cormun/servlet/acontrolpreferencessavestate?None,DZAMUDIO,true HTTP/1.1" 200 35
192.168.10.96 - - [16/Mar/2017:09:56:05 -0300] "GET /cormun/PublicTempStorage/autoriz5390047.jpg HTTP/1.1" 200 533515
192.168.10.96 - - [16/Mar/2017:09:56:19 -0300] "GET /cormun/servlet/vesolicitudnombre?2016,163,,SolicitudOTAdjuntos HTTP/1.1" 200 10229
192.168.10.96 - - [16/Mar/2017:09:56:20 -0300] "GET /cormun/servlet/vesolicitudnombre?2016,163,,SolicitudOTAdjuntos HTTP/1.1" 200 10231
192.168.10.96 - - [16/Mar/2017:09:56:20 -0300] "POST /cormun/servlet/acontrolpreferencessavestate?None,DZAMUDIO,true HTTP/1.1" 200 35
192.168.10.96 - - [16/Mar/2017:09:56:22 -0300] "GET /cormun/PublicTempStorage/curriculum1168408.jpg HTTP/1.1" 200 443138
199.30.24.192 - - [16/Mar/2017:09:56:35 -0300] "GET /cormun/static/gxcfg.js?20171191042720 HTTP/1.1" 200 953
199.30.24.192 - - [16/Mar/2017:09:56:35 -0300] "GET /cormun/static/calendar-setup.js?85251 HTTP/1.1" 200 2588
199.30.24.192 - - [16/Mar/2017:09:56:35 -0300] "GET /cormun/static/PXToolsJavascripts/pexe_grid.js HTTP/1.1" 200 7559
199.30.24.192 - - [16/Mar/2017:09:56:36 -0300] "GET /cormun/static/PXToolsJavascripts/pexe_link.js HTTP/1.1" 200 5671
199.30.24.192 - - [16/Mar/2017:09:56:36 -0300] "GET /cormun/static/PXToolsJavascripts/pexe_menudivfix.js HTTP/1.1" 200 333
199.30.24.192 - - [16/Mar/2017:09:56:36 -0300] "GET /cormun/static/PXToolsJavascripts/pexe_oav.js HTTP/1.1" 200 645
199.30.24.192 - - [16/Mar/2017:09:56:37 -0300] "GET /cormun/static/PXToolsJavascripts/pexe_popup.js HTTP/1.1" 200 13458
199.30.24.192 - - [16/Mar/2017:09:56:37 -0300] "GET /cormun/static/PXToolsJavascripts/pexe_tabdivfix.js HTTP/1.1" 200 876
199.30.24.192 - - [16/Mar/2017:09:56:38 -0300] "GET /cormun/static/Resources/logo4.png HTTP/1.1" 200 6582
199.30.24.192 - - [16/Mar/2017:09:56:39 -0300] "GET /cormun/static/Resources/PXToolsHeaderSecurity.png HTTP/1.1" 200 4166
199.30.24.192 - - [16/Mar/2017:09:56:39 -0300] "GET /cormun/static/Resources/PXToolsFooterBackground2.png HTTP/1.1" 200 1172
199.30.24.192 - - [16/Mar/2017:09:56:39 -0300] "GET /cormun/static/Resources/prompt.gif HTTP/1.1" 200 902
199.30.24.192 - - [16/Mar/2017:09:56:39 -0300] "GET /cormun/static/gxdec.js?85251 HTTP/1.1" 200 19579
199.30.24.192 - - [16/Mar/2017:09:56:39 -0300] "GET /cormun/static/Resources/PXToolsHeaderBackground2.png HTTP/1.1" 200 1174
199.30.24.192 - - [16/Mar/2017:09:56:39 -0300] "GET /cormun/static/Resources/PXToolsDataTitle.png HTTP/1.1" 200 1173
199.30.24.192 - - [16/Mar/2017:09:56:39 -0300] "GET /cormun/static/Resources/PXToolsButtonLeft21.png HTTP/1.1" 200 1287
199.30.24.192 - - [16/Mar/2017:09:56:39 -0300] "GET /cormun/static/Resources/PXToolsButtonRight21.png HTTP/1.1" 200 1283
192.168.10.96 - - [16/Mar/2017:09:56:39 -0300] "GET /cormun/servlet/vesolicitudnombre?2016,163,,SolicitudOTAdjuntos HTTP/1.1" 200 10231
199.30.24.192 - - [16/Mar/2017:09:56:39 -0300] "GET /cormun/static/Resources/PXToolsButtonBackground2.png HTTP/1.1" 200 1181
199.30.24.192 - - [16/Mar/2017:09:56:40 -0300] "GET /cormun/static/solicitudot.js?2017119104297 HTTP/1.1" 200 63948
199.30.24.192 - - [16/Mar/2017:09:56:40 -0300] "GET /cormun/static/hpexe_scripts.js?201731512453784 HTTP/1.1" 200 1544
192.168.10.96 - - [16/Mar/2017:09:56:40 -0300] "GET /cormun/servlet/vesolicitudnombre?2016,163,,SolicitudOTAdjuntos HTTP/1.1" 200 10231
199.30.24.192 - - [16/Mar/2017:09:56:40 -0300] "GET /cormun/static/hpexe_messagegenexuscomponent.js?201731512453548 HTTP/1.1" 200 587
192.168.10.96 - - [16/Mar/2017:09:56:41 -0300] "POST /cormun/servlet/acontrolpreferencessavestate?None,DZAMUDIO,true HTTP/1.1" 200 35
199.30.24.192 - - [16/Mar/2017:09:56:41 -0300] "GET /cormun/static/SmoothNavMenu/resources/SmoothNavMenuRender.js HTTP/1.1" 200 5951
199.30.24.192 - - [16/Mar/2017:09:56:42 -0300] "GET /cormun/static/Resources/indicator.gif HTTP/1.1" 200 1553
199.30.24.192 - - [16/Mar/2017:09:56:42 -0300] "GET /cormun/servlet/hlogin HTTP/1.1" 200 1707
199.30.24.192 - - [16/Mar/2017:09:56:43 -0300] "GET /cormun/static/Resources/Spanish/PXTools.css?1242369 HTTP/1.1" 200 89042
186.79.248.208 - - [16/Mar/2017:09:56:43 -0300] "GET /cormun/servlet/apermisogoceprn?14247258,P,20170309110059,PU HTTP/1.1" 200 1651
199.30.24.192 - - [16/Mar/2017:09:56:43 -0300] "GET /cormun/static/gxcfg.js?20173151305376 HTTP/1.1" 200 953
199.30.24.192 - - [16/Mar/2017:09:56:44 -0300] "GET /cormun/static/hlogin.js?20173151305393 HTTP/1.1" 200 2136
199.30.24.192 - - [16/Mar/2017:09:56:44 -0300] "GET /cormun/static/Resources/PXToolsLoginTop.png HTTP/1.1" 200 1337
199.30.24.192 - - [16/Mar/2017:09:56:44 -0300] "GET /cormun/static/Resources/ComunLogin.png HTTP/1.1" 200 17326
199.30.24.192 - - [16/Mar/2017:09:56:44 -0300] "GET /cormun/static/Resources/PXToolsLoginBackground.png HTTP/1.1" 200 1164
199.30.24.192 - - [16/Mar/2017:09:56:44 -0300] "GET /cormun/static/Resources/PXToolsLoginBottom.png HTTP/1.1" 200 1389
199.30.24.192 - - [16/Mar/2017:09:56:44 -0300] "GET /cormun/static/Resources/indicator.gif HTTP/1.1" 200 1553
192.168.10.96 - - [16/Mar/2017:09:56:46 -0300] "POST /cormun/servlet/vesolicitudnombre?30ac563c0a6046421c4923fed65dfbe7,2016,163,,SolicitudOTAdjuntos,gx-no-cache=1489672288505 HTTP/1.1" 200 90
192.168.10.96 - - [16/Mar/2017:09:56:46 -0300] "GET /cormun/servlet/hpexe_link HTTP/1.1" 200 989
192.168.10.96 - - [16/Mar/2017:09:56:46 -0300] "GET /cormun/servlet/trsolicitudnombre?12692377, HTTP/1.1" 200 9163
192.168.10.96 - - [16/Mar/2017:09:56:47 -0300] "GET /cormun/servlet/trsolicitudnombre?12692377, HTTP/1.1" 200 9165
192.168.10.96 - - [16/Mar/2017:09:56:50 -0300] "GET /cormun/servlet/vesolicitudnombre?2016,2773,, HTTP/1.1" 200 8415
192.168.10.96 - - [16/Mar/2017:09:56:50 -0300] "GET /cormun/pexe_scrolldiv.js HTTP/1.1" 404 1009
192.168.10.96 - - [16/Mar/2017:09:56:50 -0300] "GET /cormun/pexe_scrolldiv.js HTTP/1.1" 404 1009
192.168.10.96 - - [16/Mar/2017:09:56:50 -0300] "GET /cormun/servlet/vesolicitudnombre?2016,2773,, HTTP/1.1" 200 8409
192.168.10.96 - - [16/Mar/2017:09:56:52 -0300] "GET /cormun/servlet/vesolicitudnombre?2016,2773,,SolicitudOTAdjuntos HTTP/1.1" 200 10206
192.168.10.96 - - [16/Mar/2017:09:56:52 -0300] "GET /cormun/pexe_scrolldiv.js HTTP/1.1" 404 1009
192.168.10.96 - - [16/Mar/2017:09:56:52 -0300] "GET /cormun/pexe_scrolldiv.js HTTP/1.1" 404 1009
192.168.10.96 - - [16/Mar/2017:09:56:52 -0300] "GET /cormun/servlet/vesolicitudnombre?2016,2773,,SolicitudOTAdjuntos HTTP/1.1" 200 10207
192.168.10.96 - - [16/Mar/2017:09:56:53 -0300] "POST /cormun/servlet/acontrolpreferencessavestate?None,DZAMUDIO,true HTTP/1.1" 200 35
192.168.10.96 - - [16/Mar/2017:09:56:54 -0300] "GET /cormun/PublicTempStorage/titu9205039.jpg HTTP/1.1" 200 477251
192.168.10.96 - - [16/Mar/2017:09:57:02 -0300] "GET /cormun/servlet/vesolicitudnombre?2016,2773,,SolicitudOTAdjuntos HTTP/1.1" 200 10206
192.168.10.96 - - [16/Mar/2017:09:57:02 -0300] "GET /cormun/servlet/vesolicitudnombre?2016,2773,,SolicitudOTAdjuntos HTTP/1.1" 200 10207
192.168.10.96 - - [16/Mar/2017:09:57:03 -0300] "POST /cormun/servlet/acontrolpreferencessavestate?None,DZAMUDIO,true HTTP/1.1" 200 35
192.168.10.96 - - [16/Mar/2017:09:57:07 -0300] "POST /cormun/servlet/vesolicitudnombre?30ac563c0a6046421c4923fed65dfbe7,2016,2773,,SolicitudOTAdjuntos,gx-no-cache=1489672309064 HTTP/1.1" 200 90
192.168.10.96 - - [16/Mar/2017:09:57:07 -0300] "GET /cormun/servlet/hpexe_link HTTP/1.1" 200 990
192.168.10.96 - - [16/Mar/2017:09:57:07 -0300] "GET /cormun/servlet/trsolicitudnombre?12692377, HTTP/1.1" 200 9163
192.168.10.96 - - [16/Mar/2017:09:57:07 -0300] "GET /cormun/servlet/trsolicitudnombre?12692377, HTTP/1.1" 200 9165
192.168.10.96 - - [16/Mar/2017:09:57:10 -0300] "GET /cormun/servlet/vesolicitudnombre?2017,3464,, HTTP/1.1" 200 8434
192.168.10.96 - - [16/Mar/2017:09:57:10 -0300] "GET /cormun/pexe_scrolldiv.js HTTP/1.1" 404 1009
192.168.10.96 - - [16/Mar/2017:09:57:10 -0300] "GET /cormun/pexe_scrolldiv.js HTTP/1.1" 404 1009
192.168.10.96 - - [16/Mar/2017:09:57:10 -0300] "GET /cormun/servlet/vesolicitudnombre?2017,3464,, HTTP/1.1" 200 8432
192.168.10.96 - - [16/Mar/2017:09:57:12 -0300] "GET /cormun/servlet/vesolicitudnombre?2017,3464,,SolicitudOTAdjuntos HTTP/1.1" 200 7370
192.168.10.96 - - [16/Mar/2017:09:57:12 -0300] "GET /cormun/pexe_scrolldiv.js HTTP/1.1" 404 1009
192.168.10.96 - - [16/Mar/2017:09:57:12 -0300] "GET /cormun/pexe_scrolldiv.js HTTP/1.1" 404 1009
192.168.10.96 - - [16/Mar/2017:09:57:12 -0300] "GET /cormun/servlet/vesolicitudnombre?2017,3464,,SolicitudOTAdjuntos HTTP/1.1" 200 7370
192.168.10.96 - - [16/Mar/2017:09:57:13 -0300] "POST /cormun/servlet/acontrolpreferencessavestate?None,DZAMUDIO,true HTTP/1.1" 200 35
192.168.10.96 - - [16/Mar/2017:09:57:15 -0300] "POST /cormun/servlet/vesolicitudnombre?30ac563c0a6046421c4923fed65dfbe7,2017,3464,,SolicitudOTAdjuntos,gx-no-cache=1489672317660 HTTP/1.1" 200 90
192.168.10.96 - - [16/Mar/2017:09:57:15 -0300] "GET /cormun/servlet/hpexe_link HTTP/1.1" 200 989
192.168.10.96 - - [16/Mar/2017:09:57:16 -0300] "GET /cormun/servlet/trsolicitudnombre?12692377, HTTP/1.1" 200 9164
192.168.10.96 - - [16/Mar/2017:09:57:16 -0300] "GET /cormun/servlet/trsolicitudnombre?12692377, HTTP/1.1" 200 9165
186.79.248.208 - - [16/Mar/2017:09:57:20 -0300] "GET /cormun/servlet/apermisogoceprn?15104832,P,20170313150622,PU HTTP/1.1" 200 1691
192.168.10.96 - - [16/Mar/2017:09:57:39 -0300] "GET /cormun/servlet/vesolicitudnombre?2017,4932,, HTTP/1.1" 200 8413
192.168.10.96 - - [16/Mar/2017:09:57:39 -0300] "GET /cormun/pexe_scrolldiv.js HTTP/1.1" 404 1009
192.168.10.96 - - [16/Mar/2017:09:57:39 -0300] "GET /cormun/pexe_scrolldiv.js HTTP/1.1" 404 1009
192.168.10.96 - - [16/Mar/2017:09:57:40 -0300] "GET /cormun/servlet/vesolicitudnombre?2017,4932,, HTTP/1.1" 200 8407
192.168.10.96 - - [16/Mar/2017:09:57:43 -0300] "GET /cormun/servlet/vesolicitudnombre?2017,4932,,SolicitudOTAdjuntos HTTP/1.1" 200 7371
192.168.10.96 - - [16/Mar/2017:09:57:43 -0300] "GET /cormun/pexe_scrolldiv.js HTTP/1.1" 404 1009
192.168.10.96 - - [16/Mar/2017:09:57:43 -0300] "GET /cormun/pexe_scrolldiv.js HTTP/1.1" 404 1009
192.168.10.96 - - [16/Mar/2017:09:57:43 -0300] "GET /cormun/servlet/vesolicitudnombre?2017,4932,,SolicitudOTAdjuntos HTTP/1.1" 200 7372
192.168.10.96 - - [16/Mar/2017:09:57:44 -0300] "POST /cormun/servlet/acontrolpreferencessavestate?None,DZAMUDIO,true HTTP/1.1" 200 35
192.168.10.96 - - [16/Mar/2017:09:57:46 -0300] "POST /cormun/servlet/vesolicitudnombre?30ac563c0a6046421c4923fed65dfbe7,2017,4932,,SolicitudOTAdjuntos,gx-no-cache=1489672348536 HTTP/1.1" 200 90
192.168.10.96 - - [16/Mar/2017:09:57:46 -0300] "GET /cormun/servlet/hpexe_link HTTP/1.1" 200 989
192.168.10.96 - - [16/Mar/2017:09:57:46 -0300] "GET /cormun/servlet/trsolicitudnombre?12692377, HTTP/1.1" 200 9164
192.168.10.96 - - [16/Mar/2017:09:57:47 -0300] "GET /cormun/servlet/trsolicitudnombre?12692377, HTTP/1.1" 200 9165
186.79.248.208 - - [16/Mar/2017:09:57:48 -0300] "GET /cormun/servlet/apermisogoceprn?15104832,P,20170315110800,PU HTTP/1.1" 200 1665
192.168.10.89 - - [16/Mar/2017:10:00:52 -0300] "POST /cormun/servlet/trsolicitudgral?479e8598b0bc0d762ddd2b2c2163ca30,,gx-no-cache=1489672534618 HTTP/1.1" 200 7475
192.168.10.89 - - [16/Mar/2017:10:01:02 -0300] "POST /cormun/servlet/trsolicitudgral?479e8598b0bc0d762ddd2b2c2163ca30,,gx-no-cache=1489672544575 HTTP/1.1" 200 6981
186.103.159.44 - - [16/Mar/2017:10:01:05 -0300] "GET /cormun/servlet/hlogin HTTP/1.1" 200 1724
186.103.159.44 - - [16/Mar/2017:10:01:06 -0300] "GET /cormun/static/Resources/Spanish/PXTools.css?1242369 HTTP/1.1" 304 -
186.103.159.44 - - [16/Mar/2017:10:01:06 -0300] "GET /cormun/static/gxgral.js?85251 HTTP/1.1" 304 -
186.103.159.44 - - [16/Mar/2017:10:01:06 -0300] "GET /cormun/static/gxcfg.js?20173151305376 HTTP/1.1" 304 -
186.103.159.44 - - [16/Mar/2017:10:01:06 -0300] "GET /cormun/static/Resources/ComunLogin.png HTTP/1.1" 304 -
186.103.159.44 - - [16/Mar/2017:10:01:06 -0300] "GET /cormun/static/messages.spa.js?85251 HTTP/1.1" 304 -
186.103.159.44 - - [16/Mar/2017:10:01:06 -0300] "GET /cormun/static/hlogin.js?20173151305393 HTTP/1.1" 304 -
186.103.159.44 - - [16/Mar/2017:10:01:15 -0300] "GET /cormun/static/Resources/indicator.gif HTTP/1.1" 304 -
192.168.10.62 - - [16/Mar/2017:10:02:12 -0300] "GET /cormun/servlet/hlogin HTTP/1.1" 200 1716
192.168.10.62 - - [16/Mar/2017:10:02:12 -0300] "GET /cormun/servlet/hlogin HTTP/1.1" 200 1726
192.168.10.96 - - [16/Mar/2017:10:02:17 -0300] "GET /cormun/servlet/vesolicitudnombre?2016,2773,, HTTP/1.1" 200 8415
192.168.10.96 - - [16/Mar/2017:10:02:17 -0300] "GET /cormun/pexe_scrolldiv.js HTTP/1.1" 404 1009
192.168.10.96 - - [16/Mar/2017:10:02:17 -0300] "GET /cormun/pexe_scrolldiv.js HTTP/1.1" 404 1009
192.168.10.96 - - [16/Mar/2017:10:02:18 -0300] "GET /cormun/servlet/vesolicitudnombre?2016,2773,, HTTP/1.1" 200 8409
192.168.10.96 - - [16/Mar/2017:10:02:21 -0300] "GET /cormun/servlet/vesolicitudnombre?2016,2773,,SolicitudOTAdjuntos HTTP/1.1" 200 10206
192.168.10.96 - - [16/Mar/2017:10:02:21 -0300] "GET /cormun/pexe_scrolldiv.js HTTP/1.1" 404 1009
192.168.10.96 - - [16/Mar/2017:10:02:21 -0300] "GET /cormun/pexe_scrolldiv.js HTTP/1.1" 404 1009
192.168.10.62 - - [16/Mar/2017:10:02:21 -0300] "POST /cormun/servlet/hlogin?9cc8a24e6a46aef8874c42fe866520b9,gx-no-cache=1489672623378 HTTP/1.1" 200 90
192.168.10.62 - - [16/Mar/2017:10:02:21 -0300] "GET /cormun/servlet/hpexe_link HTTP/1.1" 200 955
192.168.10.62 - - [16/Mar/2017:10:02:21 -0300] "GET /cormun/static/hpexe_link.js?20173151304590 HTTP/1.1" 304 -
192.168.10.62 - - [16/Mar/2017:10:02:21 -0300] "GET /cormun/static/gxcfg.js?20173151304587 HTTP/1.1" 304 -
192.168.10.62 - - [16/Mar/2017:10:02:21 -0300] "GET /cormun/servlet/trsolicitudgral? HTTP/1.1" 200 10373
192.168.10.96 - - [16/Mar/2017:10:02:21 -0300] "GET /cormun/servlet/vesolicitudnombre?2016,2773,,SolicitudOTAdjuntos HTTP/1.1" 200 10208
192.168.10.62 - - [16/Mar/2017:10:02:22 -0300] "GET /cormun/servlet/trsolicitudgral? HTTP/1.1" 200 10372
192.168.10.96 - - [16/Mar/2017:10:02:22 -0300] "POST /cormun/servlet/acontrolpreferencessavestate?None,DZAMUDIO,true HTTP/1.1" 200 35
192.168.10.62 - - [16/Mar/2017:10:02:42 -0300] "POST /cormun/servlet/trsolicitudgral?9cc8a24e6a46aef8874c42fe866520b9,,gx-no-cache=1489672644392 HTTP/1.1" 200 7864
186.103.159.44 - - [16/Mar/2017:10:03:10 -0300] "POST /cormun/servlet/hlogin?914dc7f0f0abeca87fbe7187726e74c0,gx-no-cache=1489669452785 HTTP/1.1" 200 90
186.103.159.44 - - [16/Mar/2017:10:03:10 -0300] "GET /cormun/servlet/hpexe_link HTTP/1.1" 200 956
186.103.159.44 - - [16/Mar/2017:10:03:10 -0300] "GET /cormun/static/gxcfg.js?20173151304587 HTTP/1.1" 304 -
186.103.159.44 - - [16/Mar/2017:10:03:10 -0300] "GET /cormun/static/hpexe_link.js?20173151304590 HTTP/1.1" 304 -
186.103.159.44 - - [16/Mar/2017:10:03:10 -0300] "GET /cormun/servlet/hhome HTTP/1.1" 200 3777
186.103.159.44 - - [16/Mar/2017:10:03:10 -0300] "GET /cormun/static/gxcfg.js?20173151304618 HTTP/1.1" 304 -
186.103.159.44 - - [16/Mar/2017:10:03:11 -0300] "GET /cormun/static/hhome.js?20173151304624 HTTP/1.1" 304 -
186.103.159.44 - - [16/Mar/2017:10:03:11 -0300] "GET /cormun/static/hwchdr01.js?201731512453822 HTTP/1.1" 304 -
186.103.159.44 - - [16/Mar/2017:10:03:11 -0300] "GET /cormun/static/hpexe_recentlink.js?201610171694390 HTTP/1.1" 200 2144
186.103.159.44 - - [16/Mar/2017:10:03:11 -0300] "GET /cormun/static/hpexe_scripts.js?201731512453784 HTTP/1.1" 304 -
186.103.159.44 - - [16/Mar/2017:10:03:11 -0300] "GET /cormun/static/hpexe_messagecontroller.js?201610171694323 HTTP/1.1" 200 870
186.103.159.44 - - [16/Mar/2017:10:03:11 -0300] "GET /cormun/static/hpexe_messagepopupcomponent.js?20161017169425 HTTP/1.1" 200 605
186.103.159.44 - - [16/Mar/2017:10:03:11 -0300] "GET /cormun/static/hpexe_messagegenexuscomponent.js?201731512453548 HTTP/1.1" 304 -
186.103.159.44 - - [16/Mar/2017:10:03:11 -0300] "GET /cormun/static/cmcontrolpreferences.js?201731512453759 HTTP/1.1" 304 -
186.103.159.44 - - [16/Mar/2017:10:03:11 -0300] "GET /cormun/static/hmpwkw03.js?20173151305292 HTTP/1.1" 304 -
186.103.159.44 - - [16/Mar/2017:10:03:14 -0300] "GET /cormun/servlet/trsolicitudot? HTTP/1.1" 200 10141
186.103.159.44 - - [16/Mar/2017:10:03:14 -0300] "GET /cormun/static/gxcfg.js?20173151322457 HTTP/1.1" 304 -
186.103.159.44 - - [16/Mar/2017:10:03:15 -0300] "GET /cormun/static/trsolicitudot.js?20173151323318 HTTP/1.1" 304 -
186.103.159.44 - - [16/Mar/2017:10:03:17 -0300] "GET /cormun/static/Shared/ext/resources/themes/images/default/tools/tool-sprites.gif HTTP/1.1" 304 -
186.103.159.44 - - [16/Mar/2017:10:03:25 -0300] "POST /cormun/servlet/trsolicitudot?914dc7f0f0abeca87fbe7187726e74c0,,gx-no-cache=1489669468499 HTTP/1.1" 200 7350
192.168.10.62 - - [16/Mar/2017:10:03:48 -0300] "POST /cormun/servlet/trsolicitudgral?9cc8a24e6a46aef8874c42fe866520b9,,gx-no-cache=1489672710021 HTTP/1.1" 200 105
192.168.10.62 - - [16/Mar/2017:10:03:48 -0300] "POST /cormun/servlet/trsolicitudgral?9cc8a24e6a46aef8874c42fe866520b9,,gx-no-cache=1489672710202 HTTP/1.1" 200 7848
192.168.10.62 - - [16/Mar/2017:10:03:48 -0300] "GET /cormun/SolicitudGral-8730.xls HTTP/1.1" 200 7168
192.168.10.62 - - [16/Mar/2017:10:04:00 -0300] "POST /cormun/servlet/trsolicitudgral?9cc8a24e6a46aef8874c42fe866520b9,,gx-no-cache=1489672722229 HTTP/1.1" 200 7581
192.168.10.62 - - [16/Mar/2017:10:04:00 -0300] "GET /cormun/static/Shared/jqueryui/images/ui-bg_highlight-soft_100_c6c2c8_1x100.png HTTP/1.1" 404 1117
192.168.10.62 - - [16/Mar/2017:10:04:00 -0300] "GET /cormun/static/Shared/jqueryui/images/ui-icons_82798d_256x240.png HTTP/1.1" 404 1089
192.168.10.62 - - [16/Mar/2017:10:04:00 -0300] "GET /cormun/static/Shared/jqueryui/images/ui-icons_8d78a5_256x240.png HTTP/1.1" 404 1089
192.168.10.62 - - [16/Mar/2017:10:04:00 -0300] "GET /cormun/static/Shared/jqueryui/images/ui-bg_flat_55_fafafa_40x100.png HTTP/1.1" 404 1097
192.168.10.89 - - [16/Mar/2017:10:04:02 -0300] "POST /cormun/servlet/trsolicitudgral?479e8598b0bc0d762ddd2b2c2163ca30,,gx-no-cache=1489672724135 HTTP/1.1" 200 115
192.168.10.89 - - [16/Mar/2017:10:04:02 -0300] "GET /cormun/servlet/solicitudotlog?INS,2017,3346,0,REC, HTTP/1.1" 200 6155
192.168.10.89 - - [16/Mar/2017:10:04:02 -0300] "GET /cormun/static/gxcfg.js?201731512535061 HTTP/1.1" 200 953
192.168.10.89 - - [16/Mar/2017:10:04:02 -0300] "GET /cormun/static/solicitudotlog.js?201731512535070 HTTP/1.1" 200 8925
192.168.10.89 - - [16/Mar/2017:10:04:03 -0300] "GET /cormun/servlet/solicitudotlog?d0fbc29e840f102b69f5bcc056671a71f327f4ebb17f7f4fe694de35daaf8b1a43bbfdf24bda6249bd66b875eef7b54cc3ce59baae904413c0f17738674bb5d99d8fc62c8dd590765726f6640f704b2c06fae5bb46b813c76543e43ad764017ae09eb7931700d3b793bea75a501467eb15059c6b33157fd07c1c3b969da8ecbf03e6f01418afb397040da6c728433bd96a254e8574153c07ed753370565915e6,gx-no-cache=1489672725567 HTTP/1.1" 200 94
192.168.10.89 - - [16/Mar/2017:10:04:06 -0300] "POST /cormun/servlet/solicitudotlog?479e8598b0bc0d762ddd2b2c2163ca30,INS,2017,3346,0,REC,,gx-no-cache=1489672728655 HTTP/1.1" 200 93
192.168.10.89 - - [16/Mar/2017:10:04:06 -0300] "GET /cormun/servlet/hpexe_return? HTTP/1.1" 200 1020
192.168.10.89 - - [16/Mar/2017:10:04:07 -0300] "GET /cormun/servlet/trsolicitudgral? HTTP/1.1" 200 8703
186.79.126.191 - - [16/Mar/2017:10:05:18 -0300] "GET /cormun/servlet/hlogin HTTP/1.1" 200 1719
186.79.126.191 - - [16/Mar/2017:10:05:18 -0300] "GET /cormun/static/Resources/Spanish/PXTools.css?1242369 HTTP/1.1" 200 89042
186.79.126.191 - - [16/Mar/2017:10:05:19 -0300] "GET /cormun/static/gxtimezone.js?85251 HTTP/1.1" 200 5781
186.79.126.191 - - [16/Mar/2017:10:05:19 -0300] "GET /cormun/static/gxcfg.js?20173151305376 HTTP/1.1" 200 953
186.79.126.191 - - [16/Mar/2017:10:05:19 -0300] "GET /cormun/static/messages.spa.js?85251 HTTP/1.1" 200 30736
186.79.126.191 - - [16/Mar/2017:10:05:19 -0300] "GET /cormun/static/hlogin.js?20173151305393 HTTP/1.1" 200 2136
186.79.126.191 - - [16/Mar/2017:10:05:19 -0300] "GET /cormun/servlet/hlogin HTTP/1.1" 200 1729
186.79.126.191 - - [16/Mar/2017:10:05:23 -0300] "POST /cormun/servlet/hlogin?8b2cb090af03c97c9e2f2709d6c0b026,gx-no-cache=1489669592635 HTTP/1.1" 200 90
186.79.126.191 - - [16/Mar/2017:10:05:23 -0300] "GET /cormun/servlet/hpexe_link HTTP/1.1" 200 950
186.79.126.191 - - [16/Mar/2017:10:05:23 -0300] "GET /cormun/static/gxcfg.js?20173151304587 HTTP/1.1" 200 953
186.79.126.191 - - [16/Mar/2017:10:05:23 -0300] "GET /cormun/static/hpexe_link.js?20173151304590 HTTP/1.1" 200 625
186.79.126.191 - - [16/Mar/2017:10:05:23 -0300] "GET /cormun/servlet/hhome HTTP/1.1" 200 3757
186.79.126.191 - - [16/Mar/2017:10:05:24 -0300] "GET /cormun/static/SmoothNavMenu/resources/ddsmoothmenu.css?1012540 HTTP/1.1" 200 2223
186.79.126.191 - - [16/Mar/2017:10:05:24 -0300] "GET /cormun/static/SmoothNavMenu/resources/ddsmoothmenu-v.css?1012540 HTTP/1.1" 200 1188
186.79.126.191 - - [16/Mar/2017:10:05:24 -0300] "GET /cormun/static/Shared/jqueryui/jquery-ui.min.css?1245370 HTTP/1.1" 200 30288
186.79.126.191 - - [16/Mar/2017:10:05:24 -0300] "GET /cormun/static/scaMessage/css/jquery.pnotify.default.css?1716380 HTTP/1.1" 200 1707
186.79.126.191 - - [16/Mar/2017:10:05:24 -0300] "GET /cormun/static/gxcfg.js?20173151304618 HTTP/1.1" 200 953
186.79.126.191 - - [16/Mar/2017:10:05:24 -0300] "GET /cormun/static/hhome.js?20173151304624 HTTP/1.1" 200 777
186.79.126.191 - - [16/Mar/2017:10:05:24 -0300] "GET /cormun/static/hwchdr01.js?201731512453822 HTTP/1.1" 200 1183
186.79.126.191 - - [16/Mar/2017:10:05:24 -0300] "GET /cormun/static/hpexe_scripts.js?201731512453784 HTTP/1.1" 200 1544
186.79.126.191 - - [16/Mar/2017:10:05:25 -0300] "GET /cormun/static/hpexe_messagegenexuscomponent.js?201731512453548 HTTP/1.1" 200 587
186.79.126.191 - - [16/Mar/2017:10:05:25 -0300] "GET /cormun/static/hmpwkw03.js?20173151305292 HTTP/1.1" 200 3965
186.79.126.191 - - [16/Mar/2017:10:05:25 -0300] "GET /cormun/static/cmcontrolpreferences.js?201731512453759 HTTP/1.1" 200 1375
186.79.126.191 - - [16/Mar/2017:10:05:25 -0300] "GET /cormun/servlet/hhome HTTP/1.1" 200 3754
186.79.126.191 - - [16/Mar/2017:10:05:29 -0300] "GET /cormun/servlet/trlicencias? HTTP/1.1" 200 6599
186.79.126.191 - - [16/Mar/2017:10:05:30 -0300] "GET /cormun/static/gxcfg.js?2016122619301429 HTTP/1.1" 200 953
186.79.126.191 - - [16/Mar/2017:10:05:30 -0300] "GET /cormun/static/calendar.js?85251 HTTP/1.1" 200 26246
186.79.126.191 - - [16/Mar/2017:10:05:30 -0300] "GET /cormun/static/calendar-setup.js?85251 HTTP/1.1" 200 2588
186.79.126.191 - - [16/Mar/2017:10:05:30 -0300] "GET /cormun/static/calendar-es.js?85251 HTTP/1.1" 200 1901
186.79.126.191 - - [16/Mar/2017:10:05:30 -0300] "GET /cormun/static/gxdec.js?85251 HTTP/1.1" 200 19579
186.79.126.191 - - [16/Mar/2017:10:05:30 -0300] "GET /cormun/static/trlicencias.js?2016122619301919 HTTP/1.1" 200 37916
186.79.126.191 - - [16/Mar/2017:10:05:31 -0300] "GET /cormun/servlet/trlicencias? HTTP/1.1" 200 6597
186.79.126.191 - - [16/Mar/2017:10:05:37 -0300] "GET /cormun/servlet/licenciaspermisos?INS,0,,, HTTP/1.1" 200 7123
186.79.126.191 - - [16/Mar/2017:10:05:37 -0300] "GET /cormun/static/calendar-system.css?75620 HTTP/1.1" 200 5572
186.79.126.191 - - [16/Mar/2017:10:05:37 -0300] "GET /cormun/static/gxcfg.js?201731512524920 HTTP/1.1" 200 953
186.79.126.191 - - [16/Mar/2017:10:05:37 -0300] "GET /cormun/static/licenciaspermisos.js?201731512524975 HTTP/1.1" 200 33776
186.79.126.191 - - [16/Mar/2017:10:05:37 -0300] "GET /cormun/servlet/licenciaspermisos?INS,0,,, HTTP/1.1" 200 7123
186.79.0.101 - - [16/Mar/2017:10:06:23 -0300] "GET /cormun/servlet/hlogin HTTP/1.1" 200 1727
186.79.0.101 - - [16/Mar/2017:10:06:23 -0300] "GET /cormun/static/Resources/Spanish/PXTools.css?1242369 HTTP/1.1" 304 -
186.79.0.101 - - [16/Mar/2017:10:06:23 -0300] "GET /cormun/static/gxcfg.js?20173151305376 HTTP/1.1" 304 -
186.79.0.101 - - [16/Mar/2017:10:06:23 -0300] "GET /cormun/static/hlogin.js?20173151305393 HTTP/1.1" 304 -
186.79.0.101 - - [16/Mar/2017:10:06:23 -0300] "GET /cormun/static/Resources/PXToolsLoginTop.png HTTP/1.1" 200 1337
186.79.0.101 - - [16/Mar/2017:10:06:23 -0300] "GET /cormun/static/Resources/PXToolsLoginBackground.png HTTP/1.1" 200 1164
186.79.0.101 - - [16/Mar/2017:10:06:23 -0300] "GET /cormun/static/Resources/ComunLogin.png HTTP/1.1" 200 17326
186.79.0.101 - - [16/Mar/2017:10:06:23 -0300] "GET /cormun/static/Resources/PXToolsLoginBottom.png HTTP/1.1" 200 1389
186.79.0.101 - - [16/Mar/2017:10:06:45 -0300] "POST /cormun/servlet/hlogin?b24bb9edae8e8a9fe37c00e9d65ef0a8,gx-no-cache=1489669673152 HTTP/1.1" 200 432
186.79.0.101 - - [16/Mar/2017:10:06:55 -0300] "POST /cormun/servlet/hlogin?b24bb9edae8e8a9fe37c00e9d65ef0a8,gx-no-cache=1489669682538 HTTP/1.1" 200 432
186.79.126.191 - - [16/Mar/2017:10:07:02 -0300] "GET /cormun/static/Resources/resize.gif HTTP/1.1" 200 77
186.79.0.101 - - [16/Mar/2017:10:07:06 -0300] "POST /cormun/servlet/hlogin?b24bb9edae8e8a9fe37c00e9d65ef0a8,gx-no-cache=1489669693633 HTTP/1.1" 200 432
186.79.126.191 - - [16/Mar/2017:10:07:08 -0300] "GET /cormun/servlet/prfichaempleado?,MD,,gxPopupLevel%3D0%3B HTTP/1.1" 200 8808
186.79.126.191 - - [16/Mar/2017:10:07:08 -0300] "GET /cormun/static/gxcfg.js?2016102420561687 HTTP/1.1" 200 953
186.79.126.191 - - [16/Mar/2017:10:07:09 -0300] "GET /cormun/static/menusearch.js?201610171694467 HTTP/1.1" 200 1424
186.79.126.191 - - [16/Mar/2017:10:07:09 -0300] "GET /cormun/static/hmpwkw011.js?20173151304635 HTTP/1.1" 200 1968
186.79.126.191 - - [16/Mar/2017:10:07:09 -0300] "GET /cormun/static/Resources/PXToolsMenuSearch.png HTTP/1.1" 200 2914
186.79.126.191 - - [16/Mar/2017:10:07:09 -0300] "GET /cormun/static/Resources/PXToolsMenuSearchCancel.png HTTP/1.1" 200 2972
186.79.126.191 - - [16/Mar/2017:10:07:09 -0300] "GET /cormun/static/prfichaempleado.js?201610242056198 HTTP/1.1" 200 16015
186.79.126.191 - - [16/Mar/2017:10:07:40 -0300] "GET /cormun/servlet/licenciaspermisos?d5cd4b5712edbea33aaca731344c19b0598c1fcc9532f5622f928a64a6fcafe9778753c9d52f4a84dd1c3b3c7d70beef,gx-no-cache=1489669729301 HTTP/1.1" 200 66
186.79.126.191 - - [16/Mar/2017:10:07:40 -0300] "POST /cormun/servlet/licenciaspermisos?8b2cb090af03c97c9e2f2709d6c0b026,INS,0,,,,gx-no-cache=1489669730458 HTTP/1.1" 200 4415
186.79.0.101 - - [16/Mar/2017:10:08:28 -0300] "POST /cormun/servlet/hlogin?b24bb9edae8e8a9fe37c00e9d65ef0a8,gx-no-cache=1489669775955 HTTP/1.1" 200 90
186.79.0.101 - - [16/Mar/2017:10:08:28 -0300] "GET /cormun/servlet/hpexe_link HTTP/1.1" 200 953
186.79.0.101 - - [16/Mar/2017:10:08:28 -0300] "GET /cormun/static/gxcfg.js?20173151304587 HTTP/1.1" 200 953
186.79.0.101 - - [16/Mar/2017:10:08:28 -0300] "GET /cormun/static/hpexe_link.js?20173151304590 HTTP/1.1" 200 625
186.79.0.101 - - [16/Mar/2017:10:08:28 -0300] "GET /cormun/servlet/hhome HTTP/1.1" 200 3991
186.79.0.101 - - [16/Mar/2017:10:08:28 -0300] "GET /cormun/static/gxcfg.js?20173151304618 HTTP/1.1" 200 953
186.79.0.101 - - [16/Mar/2017:10:08:29 -0300] "GET /cormun/static/hhome.js?20173151304624 HTTP/1.1" 200 777
186.79.0.101 - - [16/Mar/2017:10:08:29 -0300] "GET /cormun/static/hwchdr01.js?201731512453822 HTTP/1.1" 304 -
186.79.0.101 - - [16/Mar/2017:10:08:29 -0300] "GET /cormun/static/hpexe_scripts.js?201731512453784 HTTP/1.1" 304 -
186.79.0.101 - - [16/Mar/2017:10:08:29 -0300] "GET /cormun/static/hpexe_messagecontroller.js?201610171694323 HTTP/1.1" 304 -
186.79.0.101 - - [16/Mar/2017:10:08:29 -0300] "GET /cormun/static/hpexe_messagepopupcomponent.js?20161017169425 HTTP/1.1" 304 -
186.79.0.101 - - [16/Mar/2017:10:08:29 -0300] "GET /cormun/static/hpexe_messagegenexuscomponent.js?201731512453548 HTTP/1.1" 304 -
186.79.0.101 - - [16/Mar/2017:10:08:29 -0300] "GET /cormun/static/cmcontrolpreferences.js?201731512453759 HTTP/1.1" 304 -
186.79.0.101 - - [16/Mar/2017:10:08:29 -0300] "GET /cormun/static/hmpwkw03.js?20173151305292 HTTP/1.1" 304 -
186.79.0.101 - - [16/Mar/2017:10:08:29 -0300] "GET /cormun/servlet/hhome HTTP/1.1" 200 3987
192.168.10.89 - - [16/Mar/2017:10:08:49 -0300] "POST /cormun/servlet/trsolicitudgral?479e8598b0bc0d762ddd2b2c2163ca30,,gx-no-cache=1489673008897 HTTP/1.1" 200 22370
186.79.0.101 - - [16/Mar/2017:10:09:20 -0300] "GET /cormun/servlet/trsolicitudot? HTTP/1.1" 200 9049
186.79.0.101 - - [16/Mar/2017:10:09:21 -0300] "GET /cormun/static/gxcfg.js?20173151322457 HTTP/1.1" 200 953
186.79.0.101 - - [16/Mar/2017:10:09:21 -0300] "GET /cormun/static/trsolicitudot.js?20173151323318 HTTP/1.1" 304 -
186.79.0.101 - - [16/Mar/2017:10:09:21 -0300] "GET /cormun/servlet/trsolicitudot? HTTP/1.1" 200 9049
186.79.0.101 - - [16/Mar/2017:10:09:26 -0300] "POST /cormun/servlet/trsolicitudot?b24bb9edae8e8a9fe37c00e9d65ef0a8,,gx-no-cache=1489669833392 HTTP/1.1" 200 106
186.79.0.101 - - [16/Mar/2017:10:09:26 -0300] "GET /cormun/servlet/trsolicitudadjuntos?2017,5553, HTTP/1.1" 200 9010
186.79.0.101 - - [16/Mar/2017:10:09:26 -0300] "GET /cormun/static/gxcfg.js?20173151321943 HTTP/1.1" 200 953
186.79.0.101 - - [16/Mar/2017:10:09:26 -0300] "GET /cormun/static/trsolicitudadjuntos.js?20173151322278 HTTP/1.1" 304 -
186.79.0.101 - - [16/Mar/2017:10:09:27 -0300] "GET /cormun/servlet/trsolicitudadjuntos?2017,5553, HTTP/1.1" 200 9012
186.79.0.101 - - [16/Mar/2017:10:09:35 -0300] "GET /cormun/servlet/solicitudotadjuntos?INS,2017,5553,,1, HTTP/1.1" 200 6027
186.79.0.101 - - [16/Mar/2017:10:09:35 -0300] "GET /cormun/static/gxcfg.js?201612218465951 HTTP/1.1" 304 -
186.79.0.101 - - [16/Mar/2017:10:09:35 -0300] "GET /cormun/static/about:blank HTTP/1.1" 404 1011
186.79.0.101 - - [16/Mar/2017:10:09:36 -0300] "GET /cormun/servlet/solicitudotadjuntos?INS,2017,5553,,1, HTTP/1.1" 200 6020
186.79.0.101 - - [16/Mar/2017:10:09:36 -0300] "GET /cormun/servlet/solicitudotadjuntos?64a1df3f4d5e6162739be1c86f088e83b827f756eba044a8db7b905c6eacf3da2ab7b5e48a2588be99a404d23f0ab259,gx-no-cache=1489669844334 HTTP/1.1" 200 30
186.79.0.101 - - [16/Mar/2017:10:09:37 -0300] "POST /cormun/servlet/solicitudotadjuntos?b24bb9edae8e8a9fe37c00e9d65ef0a8,INS,2017,5553,,1,,gx-no-cache=1489669844488 HTTP/1.1" 200 3825
85.195.226.180 - - [16/Mar/2017:10:14:00 -0300] "GET / HTTP/1.1" 200 11217
200.111.191.210 - - [16/Mar/2017:10:14:36 -0300] "GET /cormun/servlet/hlogin HTTP/1.1" 200 1726
200.111.191.210 - - [16/Mar/2017:10:14:44 -0300] "POST /cormun/servlet/hlogin?61e8bc499a6a0e784ce3774446d300a2,gx-no-cache=1489673664990 HTTP/1.1" 200 90
200.111.191.210 - - [16/Mar/2017:10:14:44 -0300] "GET /cormun/servlet/hpexe_link HTTP/1.1" 200 956
200.111.191.210 - - [16/Mar/2017:10:14:44 -0300] "GET /cormun/servlet/hhome HTTP/1.1" 200 3732
200.111.191.210 - - [16/Mar/2017:10:14:48 -0300] "GET /cormun/servlet/trsolicitudot? HTTP/1.1" 200 6665
200.111.191.210 - - [16/Mar/2017:10:14:48 -0300] "GET /cormun/static/gxui/gxui-all.css?110300 HTTP/1.1" 200 2179
200.111.191.210 - - [16/Mar/2017:10:14:48 -0300] "GET /cormun/static/gxcfg.js?20173151322457 HTTP/1.1" 200 953
200.111.191.210 - - [16/Mar/2017:10:14:48 -0300] "GET /cormun/static/trsolicitudot.js?20173151323318 HTTP/1.1" 200 53117
200.111.191.210 - - [16/Mar/2017:10:14:48 -0300] "GET /cormun/static/Shared/ext/resources/css/ext-all.css?205870 HTTP/1.1" 200 416045
200.111.191.210 - - [16/Mar/2017:10:14:53 -0300] "GET /cormun/static/menuarrow.gif HTTP/1.1" 404 1015
200.111.191.210 - - [16/Mar/2017:10:15:08 -0300] "POST /cormun/servlet/trsolicitudot?61e8bc499a6a0e784ce3774446d300a2,,gx-no-cache=1489673688912 HTTP/1.1" 200 8775
200.111.191.210 - - [16/Mar/2017:10:15:08 -0300] "GET /cormun//static/Resources/PXToolsGridUpdate.png HTTP/1.1" 200 2984
200.111.191.210 - - [16/Mar/2017:10:15:08 -0300] "GET /cormun//static/Resources/PXToolsRemoveAllAction.png HTTP/1.1" 200 3558
200.111.191.210 - - [16/Mar/2017:10:15:08 -0300] "GET /cormun//static/Resources/PXTools/ActionInsert.png HTTP/1.1" 200 1482
200.111.191.210 - - [16/Mar/2017:10:15:08 -0300] "GET /cormun//static/Resources/PXToolsActionView.png HTTP/1.1" 200 2995
200.111.191.210 - - [16/Mar/2017:10:15:08 -0300] "GET /cormun//static/Resources/PXToolsGridDelete.png HTTP/1.1" 200 357
46.174.191.32 - - [16/Mar/2017:10:15:10 -0300] "GET / HTTP/1.0" 200 11197
200.111.191.210 - - [16/Mar/2017:10:15:30 -0300] "POST /cormun/servlet/trsolicitudot?61e8bc499a6a0e784ce3774446d300a2,,gx-no-cache=1489673710463 HTTP/1.1" 200 6733
200.111.191.210 - - [16/Mar/2017:10:15:39 -0300] "POST /cormun/servlet/trsolicitudot?61e8bc499a6a0e784ce3774446d300a2,,gx-no-cache=1489673719393 HTTP/1.1" 200 6097
192.168.10.89 - - [16/Mar/2017:10:15:42 -0300] "GET /cormun/servlet/hlogin HTTP/1.1" 200 1739
192.168.10.89 - - [16/Mar/2017:10:15:42 -0300] "GET /cormun/static/Resources/Spanish/PXTools.css?1242369 HTTP/1.1" 304 -
192.168.10.89 - - [16/Mar/2017:10:15:42 -0300] "GET /cormun/static/gxcfg.js?20173151305376 HTTP/1.1" 304 -
192.168.10.89 - - [16/Mar/2017:10:15:42 -0300] "GET /cormun/static/hlogin.js?20173151305393 HTTP/1.1" 304 -
192.168.10.62 - - [16/Mar/2017:10:15:49 -0300] "GET /cormun/servlet/hlogin HTTP/1.1" 200 1735
200.111.191.210 - - [16/Mar/2017:10:15:54 -0300] "POST /cormun/servlet/trsolicitudot?61e8bc499a6a0e784ce3774446d300a2,,gx-no-cache=1489673734714 HTTP/1.1" 200 3951
200.111.191.210 - - [16/Mar/2017:10:15:59 -0300] "GET /cormun/servlet/hlogin HTTP/1.1" 200 1743
192.168.10.89 - - [16/Mar/2017:10:16:09 -0300] "POST /cormun/servlet/hlogin?479e8598b0bc0d762ddd2b2c2163ca30,gx-no-cache=1489673451426 HTTP/1.1" 200 90
192.168.10.89 - - [16/Mar/2017:10:16:09 -0300] "GET /cormun/servlet/hpexe_link HTTP/1.1" 200 958
192.168.10.89 - - [16/Mar/2017:10:16:09 -0300] "GET /cormun/static/gxcfg.js?20173151304587 HTTP/1.1" 304 -
192.168.10.89 - - [16/Mar/2017:10:16:09 -0300] "GET /cormun/static/hpexe_link.js?20173151304590 HTTP/1.1" 304 -
192.168.10.89 - - [16/Mar/2017:10:16:12 -0300] "GET /cormun/servlet/trsolicitudgral? HTTP/1.1" 200 24802
192.168.10.89 - - [16/Mar/2017:10:16:12 -0300] "GET /cormun/static/hwchdr01.js?201731512453822 HTTP/1.1" 304 -
192.168.10.89 - - [16/Mar/2017:10:16:12 -0300] "GET /cormun/static/hpexe_scripts.js?201731512453784 HTTP/1.1" 304 -
192.168.10.89 - - [16/Mar/2017:10:16:12 -0300] "GET /cormun/static/hpexe_messagegenexuscomponent.js?201731512453548 HTTP/1.1" 304 -
192.168.10.89 - - [16/Mar/2017:10:16:12 -0300] "GET /cormun/static/cmcontrolpreferences.js?201731512453759 HTTP/1.1" 304 -
192.168.10.89 - - [16/Mar/2017:10:16:12 -0300] "GET /cormun/static/hmpwkw03.js?20173151305292 HTTP/1.1" 304 -
186.79.126.191 - - [16/Mar/2017:10:16:35 -0300] "GET /cormun/servlet/licenciaspermisos?d5cd4b5712edbea33aaca731344c19b079782ed5870bad1b4c2014cf3e7c16d70eb0d179f1d842a186045ceab4cfa94e53b0e4ed952ddd739d77c24dc24125534312c9df49eaf6011446440b76330e82461802ae27028088bc65bf9136fd195f2a87e197719e0f048c448c2f93260575abc847562b46c7cc6ddd398f78ba27f06b328ce8982eb8843fe61a01118625774092dd019dd3d0fce7ac049e28503a0c008e9da609a3f9e2a7e4c008928deb47,gx-no-cache=1489670264387 HTTP/1.1" 200 30
