192.168.10.96 - - [16/Mar/2017:12:14:07 -0300] "POST /cormun/servlet/trsolicitudot?d9616b76ef73929df4c3a1e0e31fb785,gx-no-cache=1489680529075 HTTP/1.1" 200 5807
192.168.10.96 - - [16/Mar/2017:12:14:08 -0300] "POST /cormun/servlet/trsolicitudot?d9616b76ef73929df4c3a1e0e31fb785,gx-no-cache=1489680530228 HTTP/1.1" 200 5444
186.79.18.197 - - [16/Mar/2017:12:14:08 -0300] "GET /cormun/static/menuarrow.gif HTTP/1.1" 404 1015
192.168.10.96 - - [16/Mar/2017:12:14:08 -0300] "POST /cormun/servlet/trsolicitudot?d9616b76ef73929df4c3a1e0e31fb785,gx-no-cache=1489680530497 HTTP/1.1" 200 5387
192.168.10.96 - - [16/Mar/2017:12:14:11 -0300] "GET /cormun/servlet/trautorizarsolicitud? HTTP/1.1" 200 8972
192.168.10.96 - - [16/Mar/2017:12:14:11 -0300] "GET /cormun/servlet/trautorizarsolicitud? HTTP/1.1" 200 8972
192.168.10.96 - - [16/Mar/2017:12:14:15 -0300] "POST /cormun/servlet/trautorizarsolicitud?d9616b76ef73929df4c3a1e0e31fb785,,gx-no-cache=1489680536963 HTTP/1.1" 200 5809
192.168.10.96 - - [16/Mar/2017:12:14:15 -0300] "GET /cormun/static/Shared/jqueryui/images/ui-icons_82798d_256x240.png HTTP/1.1" 404 1089
192.168.10.96 - - [16/Mar/2017:12:14:15 -0300] "GET /cormun/static/Shared/jqueryui/images/ui-bg_highlight-soft_100_c6c2c8_1x100.png HTTP/1.1" 404 1117
192.168.10.96 - - [16/Mar/2017:12:14:15 -0300] "GET /cormun/static/Shared/jqueryui/images/ui-icons_8d78a5_256x240.png HTTP/1.1" 404 1089
192.168.10.96 - - [16/Mar/2017:12:14:15 -0300] "GET /cormun/static/Shared/jqueryui/images/ui-bg_flat_55_fafafa_40x100.png HTTP/1.1" 404 1097
192.168.10.96 - - [16/Mar/2017:12:14:15 -0300] "POST /cormun/servlet/trautorizarsolicitud?d9616b76ef73929df4c3a1e0e31fb785,,gx-no-cache=1489680537175 HTTP/1.1" 200 5753
192.168.10.96 - - [16/Mar/2017:12:14:16 -0300] "POST /cormun/servlet/trautorizarsolicitud?d9616b76ef73929df4c3a1e0e31fb785,,gx-no-cache=1489680537801 HTTP/1.1" 200 5430
192.168.10.96 - - [16/Mar/2017:12:14:16 -0300] "POST /cormun/servlet/trautorizarsolicitud?d9616b76ef73929df4c3a1e0e31fb785,,gx-no-cache=1489680538027 HTTP/1.1" 200 5375
192.168.10.96 - - [16/Mar/2017:12:14:16 -0300] "POST /cormun/servlet/trautorizarsolicitud?d9616b76ef73929df4c3a1e0e31fb785,,gx-no-cache=1489680538614 HTTP/1.1" 200 4331
192.168.10.96 - - [16/Mar/2017:12:14:17 -0300] "POST /cormun/servlet/trautorizarsolicitud?d9616b76ef73929df4c3a1e0e31fb785,,gx-no-cache=1489680538770 HTTP/1.1" 200 4100
192.168.10.96 - - [16/Mar/2017:12:14:21 -0300] "GET /cormun/servlet/trsolicitudot? HTTP/1.1" 200 8230
192.168.10.96 - - [16/Mar/2017:12:14:21 -0300] "GET /cormun/servlet/trsolicitudot? HTTP/1.1" 200 8229
192.168.10.96 - - [16/Mar/2017:12:14:27 -0300] "POST /cormun/servlet/trsolicitudot?d9616b76ef73929df4c3a1e0e31fb785,,gx-no-cache=1489680549124 HTTP/1.1" 200 4347
192.168.10.96 - - [16/Mar/2017:12:14:27 -0300] "GET /cormun/static/Shared/jqueryui/images/ui-bg_flat_55_fafafa_40x100.png HTTP/1.1" 404 1097
192.168.10.96 - - [16/Mar/2017:12:14:27 -0300] "GET /cormun/static/Shared/jqueryui/images/ui-icons_8d78a5_256x240.png HTTP/1.1" 404 1089
192.168.10.96 - - [16/Mar/2017:12:14:27 -0300] "GET /cormun/static/Shared/jqueryui/images/ui-icons_82798d_256x240.png HTTP/1.1" 404 1089
192.168.10.96 - - [16/Mar/2017:12:14:27 -0300] "GET /cormun/static/Shared/jqueryui/images/ui-bg_highlight-soft_100_c6c2c8_1x100.png HTTP/1.1" 404 1117
192.168.10.96 - - [16/Mar/2017:12:14:27 -0300] "POST /cormun/servlet/trsolicitudot?d9616b76ef73929df4c3a1e0e31fb785,,gx-no-cache=1489680549331 HTTP/1.1" 200 4126
192.168.10.96 - - [16/Mar/2017:12:14:30 -0300] "GET /cormun/servlet/trautorizarsolicitud? HTTP/1.1" 200 8163
192.168.10.96 - - [16/Mar/2017:12:14:31 -0300] "GET /cormun/servlet/trautorizarsolicitud? HTTP/1.1" 200 8163
192.168.10.89 - - [16/Mar/2017:12:14:33 -0300] "POST /cormun/servlet/trsolicitudgral?479e8598b0bc0d762ddd2b2c2163ca30,,gx-no-cache=1489680555213 HTTP/1.1" 200 5413
186.103.159.183 - - [16/Mar/2017:12:14:33 -0300] "GET /cormun/servlet/permisogoce?INS,0,,, HTTP/1.1" 200 6746
186.103.159.183 - - [16/Mar/2017:12:14:34 -0300] "GET /cormun/static/gxcfg.js?20173151255406 HTTP/1.1" 200 953
186.103.159.183 - - [16/Mar/2017:12:14:34 -0300] "GET /cormun/static/Resources/prompt.gif HTTP/1.1" 200 902
186.103.159.183 - - [16/Mar/2017:12:14:34 -0300] "GET /cormun/static/gxdec.js?85251 HTTP/1.1" 200 19579
186.103.159.183 - - [16/Mar/2017:12:14:34 -0300] "GET /cormun/static/permisogoce.js?201731512554075 HTTP/1.1" 200 26147
192.168.10.96 - - [16/Mar/2017:12:14:34 -0300] "POST /cormun/servlet/trautorizarsolicitud?d9616b76ef73929df4c3a1e0e31fb785,,gx-no-cache=1489680556237 HTTP/1.1" 200 115
192.168.10.96 - - [16/Mar/2017:12:14:34 -0300] "GET /cormun/servlet/solicitudotlog?INS,2017,4775,0,ANU, HTTP/1.1" 200 5780
192.168.10.96 - - [16/Mar/2017:12:14:34 -0300] "GET /cormun/static/gxcfg.js?201731512535061 HTTP/1.1" 304 -
192.168.10.96 - - [16/Mar/2017:12:14:34 -0300] "GET /cormun/static/solicitudotlog.js?201731512535070 HTTP/1.1" 304 -
192.168.10.96 - - [16/Mar/2017:12:14:34 -0300] "GET /cormun/servlet/solicitudotlog?INS,2017,4775,0,ANU, HTTP/1.1" 200 5780
186.103.159.183 - - [16/Mar/2017:12:14:35 -0300] "GET /cormun/servlet/permisogoce?INS,0,,, HTTP/1.1" 200 6747
192.168.10.96 - - [16/Mar/2017:12:14:35 -0300] "GET /cormun/servlet/solicitudotlog?93ef999d4707dbcc3b849fa8a4b36742f1c66c119a53a4616e1427299cdb158b7d61762ea838d50124ff2b1de3b4cc464f77c01f65fb8082ae54f9d7200fbc7a9a3addf8a66ac0f8c4a0aefc7968a8983392ddb99edfb6b6ae6ffdea75b72019e9ba1dc57a28cdbf8517ffabdb0d9c4aac179536f65031ec48529e9a3efa75f182d3dd18147a3365b9231cb213d5846a78e3fffab7ace6ad6f87a72ab7261237,gx-no-cache=1489680557164 HTTP/1.1" 200 94
186.103.159.183 - - [16/Mar/2017:12:14:47 -0300] "POST /cormun/servlet/permisogoce?0a9e79a0983bab47442e4cf34d9609d6,INS,0,,,,gx-no-cache=1489677356397 HTTP/1.1" 200 4335
186.103.159.183 - - [16/Mar/2017:12:14:47 -0300] "GET /cormun/static/Shared/jqueryui/images/ui-bg_highlight-soft_100_c6c2c8_1x100.png HTTP/1.1" 404 1117
186.103.159.183 - - [16/Mar/2017:12:14:47 -0300] "GET /cormun/static/Shared/jqueryui/images/ui-icons_82798d_256x240.png HTTP/1.1" 404 1089
186.103.159.183 - - [16/Mar/2017:12:14:47 -0300] "GET /cormun/static/Shared/jqueryui/images/ui-bg_flat_55_994d53_40x100.png HTTP/1.1" 404 1097
186.103.159.183 - - [16/Mar/2017:12:14:47 -0300] "GET /cormun/static/Shared/jqueryui/images/ui-icons_ebccce_256x240.png HTTP/1.1" 404 1089
186.103.159.183 - - [16/Mar/2017:12:14:50 -0300] "GET /cormun/servlet/permisogoce?e72c827b3b8401947c2e0362072664ab1f59f26bfb700ab7949a85a7cdc3098b38038793b8a70dd92b6184113da11c3876be46ee0828a6fae9f21453a4c07efe4524aef5487b289848aeb1c1cf11f4aa2b458c8c02358d327b5f8bd5b5c009d0,gx-no-cache=1489677359317 HTTP/1.1" 200 67
192.168.10.96 - - [16/Mar/2017:12:14:50 -0300] "POST /cormun/servlet/solicitudotlog?d9616b76ef73929df4c3a1e0e31fb785,INS,2017,4775,0,ANU,,gx-no-cache=1489680572024 HTTP/1.1" 200 93
192.168.10.96 - - [16/Mar/2017:12:14:50 -0300] "GET /cormun/servlet/hpexe_return? HTTP/1.1" 200 1030
192.168.10.96 - - [16/Mar/2017:12:14:50 -0300] "GET /cormun/servlet/trautorizarsolicitud HTTP/1.1" 200 6929
192.168.10.96 - - [16/Mar/2017:12:14:50 -0300] "GET /cormun/servlet/trautorizarsolicitud HTTP/1.1" 200 6925
186.103.159.183 - - [16/Mar/2017:12:14:53 -0300] "GET /cormun/static/menuarrow.gif HTTP/1.1" 404 1015
186.103.159.183 - - [16/Mar/2017:12:15:01 -0300] "POST /cormun/servlet/permisogoce?0a9e79a0983bab47442e4cf34d9609d6,INS,0,,,,gx-no-cache=1489677370637 HTTP/1.1" 200 93
186.103.159.183 - - [16/Mar/2017:12:15:01 -0300] "GET /cormun/servlet/hpexe_return? HTTP/1.1" 200 1008
186.103.159.183 - - [16/Mar/2017:12:15:01 -0300] "GET /cormun/static/gxcfg.js?2016101716175148 HTTP/1.1" 200 953
186.103.159.183 - - [16/Mar/2017:12:15:01 -0300] "GET /cormun/static/hpexe_return.js?2016101716175153 HTTP/1.1" 200 1633
186.103.159.183 - - [16/Mar/2017:12:15:01 -0300] "GET /cormun/static/Resources/Spanish/PXTools.css?167811 HTTP/1.1" 200 89042
186.103.159.183 - - [16/Mar/2017:12:15:02 -0300] "GET /cormun/servlet/trpermisosgoce HTTP/1.1" 200 7578
186.103.159.183 - - [16/Mar/2017:12:15:03 -0300] "GET /cormun//static/Resources/PXToolsGridDelete.png HTTP/1.1" 200 357
186.103.159.183 - - [16/Mar/2017:12:15:03 -0300] "GET /cormun//static/Resources/PXToolsGridDisplay.png HTTP/1.1" 200 362
186.103.159.183 - - [16/Mar/2017:12:15:03 -0300] "GET /cormun//static/Resources/PXToolsGridUpdate.png HTTP/1.1" 200 2984
186.103.159.183 - - [16/Mar/2017:12:15:03 -0300] "GET /cormun//static/Resources/PXToolsActionPrint.png HTTP/1.1" 200 3317
186.103.159.183 - - [16/Mar/2017:12:15:03 -0300] "GET /cormun//static/Resources/PXTools/ActionInsert.png HTTP/1.1" 200 1482
186.103.159.183 - - [16/Mar/2017:12:15:03 -0300] "GET /cormun//static/Resources/PXToolsHeaderHelp.png HTTP/1.1" 200 4055
186.103.159.183 - - [16/Mar/2017:12:15:03 -0300] "GET /cormun//static/Resources/PXToolsHeaderFavorites.png HTTP/1.1" 200 2744
186.103.159.183 - - [16/Mar/2017:12:15:03 -0300] "GET /cormun/servlet/trpermisosgoce HTTP/1.1" 200 7574
192.168.10.96 - - [16/Mar/2017:12:15:03 -0300] "GET /cormun/servlet/hlogin HTTP/1.1" 200 1745
186.103.159.183 - - [16/Mar/2017:12:15:14 -0300] "GET /cormun/servlet/apermisogoceprn?17507861,P,20170316130943,PU HTTP/1.1" 200 1659
186.79.18.197 - - [16/Mar/2017:12:15:16 -0300] "GET /cormun/servlet/licenciaspermisos?cc11ebd589fb1adf142c94d60dbe88d24e6b5adb5307c4b14d93f1785bae440ce9a2dab89e847d8bb0fbe1644c22c426f48b4026f7543d7a6fb26b43d389348be4c76f4afb588d053744c30eebbe1f5347e7da2e4b7045487ea35f39928aa4ad1ada8f19f2bf01e5e3ad989238710813d94280a95ebf6f049106989f610be68d8264c7571dae5bde4dd22b3f748095cd8fabcd2533febd607fd38787208dd1658d3a9d927f1f3161799498978e6f5f037d2ee3e127781c518e4ef50d2d87a2dbfd2d661346261a866823e453528c5165ce6af525d56dc31bb6df5d1ad5ecfd9a,gx-no-cache=1489677385468 HTTP/1.1" 200 30
186.79.18.197 - - [16/Mar/2017:12:15:17 -0300] "POST /cormun/servlet/licenciaspermisos?0d6adf9327e367d978428fa2c3facb1c,INS,0,,,,gx-no-cache=1489677385684 HTTP/1.1" 200 4488
192.168.10.96 - - [16/Mar/2017:12:15:18 -0300] "POST /cormun/servlet/hlogin?d9616b76ef73929df4c3a1e0e31fb785,gx-no-cache=1489680600333 HTTP/1.1" 200 90
192.168.10.96 - - [16/Mar/2017:12:15:18 -0300] "GET /cormun/servlet/hpexe_link HTTP/1.1" 200 956
192.168.10.96 - - [16/Mar/2017:12:15:18 -0300] "GET /cormun/servlet/hhome HTTP/1.1" 200 4156
192.168.10.96 - - [16/Mar/2017:12:15:19 -0300] "GET /cormun/servlet/hhome HTTP/1.1" 200 4152
192.168.10.96 - - [16/Mar/2017:12:15:21 -0300] "GET /cormun/servlet/trsolicitudgral? HTTP/1.1" 200 13326
192.168.10.96 - - [16/Mar/2017:12:15:21 -0300] "GET /cormun/servlet/trsolicitudgral? HTTP/1.1" 200 13324
192.168.10.96 - - [16/Mar/2017:12:15:29 -0300] "POST /cormun/servlet/trsolicitudgral?d9616b76ef73929df4c3a1e0e31fb785,,gx-no-cache=1489680611259 HTTP/1.1" 200 10264
192.168.10.96 - - [16/Mar/2017:12:16:13 -0300] "GET /cormun/servlet/hlogin HTTP/1.1" 200 1744
192.168.10.96 - - [16/Mar/2017:12:16:23 -0300] "POST /cormun/servlet/hlogin?d9616b76ef73929df4c3a1e0e31fb785,gx-no-cache=1489680665487 HTTP/1.1" 200 458
192.168.10.96 - - [16/Mar/2017:12:16:28 -0300] "POST /cormun/servlet/hlogin?d9616b76ef73929df4c3a1e0e31fb785,gx-no-cache=1489680670365 HTTP/1.1" 200 458
192.168.10.96 - - [16/Mar/2017:12:16:38 -0300] "POST /cormun/servlet/hlogin?d9616b76ef73929df4c3a1e0e31fb785,gx-no-cache=1489680679892 HTTP/1.1" 200 458
192.168.10.62 - - [16/Mar/2017:12:16:41 -0300] "GET /cormun/servlet/hlogin HTTP/1.1" 200 1728
192.168.10.62 - - [16/Mar/2017:12:16:41 -0300] "GET /cormun/static/Resources/Spanish/PXTools.css?1242369 HTTP/1.1" 304 -
192.168.10.62 - - [16/Mar/2017:12:16:41 -0300] "GET /cormun/static/gxcfg.js?20173151305376 HTTP/1.1" 304 -
192.168.10.62 - - [16/Mar/2017:12:16:41 -0300] "GET /cormun/static/hlogin.js?20173151305393 HTTP/1.1" 304 -
186.103.159.183 - - [16/Mar/2017:12:16:44 -0300] "GET /cormun/servlet/permisogoce?DLT,17507861,P,20170316130943, HTTP/1.1" 200 6705
186.103.159.183 - - [16/Mar/2017:12:16:45 -0300] "GET /cormun/static/Shared/jqueryui/images/ui-bg_highlight-soft_100_c6c2c8_1x100.png HTTP/1.1" 404 1117
186.103.159.183 - - [16/Mar/2017:12:16:45 -0300] "GET /cormun/static/Shared/jqueryui/images/ui-bg_flat_55_fafafa_40x100.png HTTP/1.1" 404 1097
186.103.159.183 - - [16/Mar/2017:12:16:45 -0300] "GET /cormun/static/Shared/jqueryui/images/ui-icons_8d78a5_256x240.png HTTP/1.1" 404 1089
186.103.159.183 - - [16/Mar/2017:12:16:45 -0300] "GET /cormun/static/Shared/jqueryui/images/ui-icons_82798d_256x240.png HTTP/1.1" 404 1089
186.103.159.183 - - [16/Mar/2017:12:16:45 -0300] "GET /cormun/servlet/permisogoce?DLT,17507861,P,20170316130943, HTTP/1.1" 200 6708
192.168.10.96 - - [16/Mar/2017:12:16:46 -0300] "POST /cormun/servlet/hlogin?d9616b76ef73929df4c3a1e0e31fb785,gx-no-cache=1489680688028 HTTP/1.1" 200 458
192.168.10.62 - - [16/Mar/2017:12:16:50 -0300] "POST /cormun/servlet/hlogin?121e4de35dd15ec0708d8e8859fd65b6,gx-no-cache=1489680692168 HTTP/1.1" 200 90
192.168.10.62 - - [16/Mar/2017:12:16:50 -0300] "GET /cormun/servlet/hpexe_link HTTP/1.1" 200 957
192.168.10.96 - - [16/Mar/2017:12:16:50 -0300] "POST /cormun/servlet/hlogin?d9616b76ef73929df4c3a1e0e31fb785,gx-no-cache=1489680692227 HTTP/1.1" 200 458
192.168.10.62 - - [16/Mar/2017:12:16:50 -0300] "GET /cormun/static/gxcfg.js?20173151304587 HTTP/1.1" 304 -
192.168.10.62 - - [16/Mar/2017:12:16:50 -0300] "GET /cormun/static/hpexe_link.js?20173151304590 HTTP/1.1" 304 -
192.168.10.62 - - [16/Mar/2017:12:16:50 -0300] "GET /cormun/servlet/hhome HTTP/1.1" 200 3800
192.168.10.62 - - [16/Mar/2017:12:16:50 -0300] "GET /cormun/static/gxcfg.js?20173151304618 HTTP/1.1" 304 -
192.168.10.62 - - [16/Mar/2017:12:16:50 -0300] "GET /cormun/static/hhome.js?20173151304624 HTTP/1.1" 304 -
192.168.10.62 - - [16/Mar/2017:12:16:50 -0300] "GET /cormun/static/hwchdr01.js?201731512453822 HTTP/1.1" 304 -
192.168.10.62 - - [16/Mar/2017:12:16:50 -0300] "GET /cormun/static/hpexe_scripts.js?201731512453784 HTTP/1.1" 304 -
192.168.10.62 - - [16/Mar/2017:12:16:50 -0300] "GET /cormun/static/hpexe_messagegenexuscomponent.js?201731512453548 HTTP/1.1" 304 -
192.168.10.62 - - [16/Mar/2017:12:16:50 -0300] "GET /cormun/static/cmcontrolpreferences.js?201731512453759 HTTP/1.1" 304 -
192.168.10.62 - - [16/Mar/2017:12:16:50 -0300] "GET /cormun/static/hmpwkw03.js?20173151305292 HTTP/1.1" 304 -
192.168.10.62 - - [16/Mar/2017:12:16:51 -0300] "GET /cormun/servlet/hhome HTTP/1.1" 200 3797
192.168.10.62 - - [16/Mar/2017:12:16:53 -0300] "GET /cormun/servlet/trconsultaempleado? HTTP/1.1" 200 8855
192.168.10.62 - - [16/Mar/2017:12:16:53 -0300] "GET /cormun/static/gxcfg.js?20173151341420 HTTP/1.1" 304 -
192.168.10.62 - - [16/Mar/2017:12:16:53 -0300] "GET /cormun/static/trconsultaempleado.js?20173151341641 HTTP/1.1" 304 -
192.168.10.96 - - [16/Mar/2017:12:16:54 -0300] "POST /cormun/servlet/hlogin?d9616b76ef73929df4c3a1e0e31fb785,gx-no-cache=1489680695930 HTTP/1.1" 200 90
192.168.10.96 - - [16/Mar/2017:12:16:54 -0300] "GET /cormun/servlet/hpexe_link HTTP/1.1" 200 956
192.168.10.96 - - [16/Mar/2017:12:16:54 -0300] "GET /cormun/servlet/hhome HTTP/1.1" 200 4112
192.168.10.96 - - [16/Mar/2017:12:16:54 -0300] "GET /cormun/servlet/hhome HTTP/1.1" 200 4110
192.168.10.62 - - [16/Mar/2017:12:16:54 -0300] "GET /cormun/servlet/trconsultaempleado? HTTP/1.1" 200 8853
186.103.159.183 - - [16/Mar/2017:12:16:56 -0300] "POST /cormun/servlet/permisogoce?0a9e79a0983bab47442e4cf34d9609d6,DLT,17507861,P,20170316130943,,gx-no-cache=1489677485262 HTTP/1.1" 200 93
186.103.159.183 - - [16/Mar/2017:12:16:56 -0300] "GET /cormun/servlet/hpexe_return? HTTP/1.1" 200 1026
186.103.159.183 - - [16/Mar/2017:12:16:56 -0300] "GET /cormun/servlet/trpermisosgoce HTTP/1.1" 200 6751
192.168.10.96 - - [16/Mar/2017:12:16:56 -0300] "GET /cormun/servlet/trsolicitudot? HTTP/1.1" 200 7082
192.168.10.96 - - [16/Mar/2017:12:16:57 -0300] "GET /cormun/servlet/trsolicitudot? HTTP/1.1" 200 7081
186.103.159.183 - - [16/Mar/2017:12:16:57 -0300] "GET /cormun/servlet/trpermisosgoce HTTP/1.1" 200 6746
186.103.159.183 - - [16/Mar/2017:12:17:00 -0300] "GET /cormun/servlet/permisogoce?INS,0,,, HTTP/1.1" 200 6747
186.103.159.183 - - [16/Mar/2017:12:17:01 -0300] "GET /cormun/servlet/permisogoce?INS,0,,, HTTP/1.1" 200 6747
192.168.10.62 - - [16/Mar/2017:12:17:07 -0300] "POST /cormun/servlet/trconsultaempleado?121e4de35dd15ec0708d8e8859fd65b6,,gx-no-cache=1489680709232 HTTP/1.1" 200 3983
192.168.10.62 - - [16/Mar/2017:12:17:09 -0300] "GET /cormun/servlet/trsolicitudnombre?11891600, HTTP/1.1" 200 5724
192.168.10.62 - - [16/Mar/2017:12:17:09 -0300] "GET /cormun/static/gxcfg.js?2017315134714 HTTP/1.1" 304 -
192.168.10.62 - - [16/Mar/2017:12:17:09 -0300] "GET /cormun/static/trsolicitudnombre.js?20173151341133 HTTP/1.1" 304 -
192.168.10.62 - - [16/Mar/2017:12:17:09 -0300] "GET /cormun/servlet/trsolicitudnombre?11891600, HTTP/1.1" 200 5724
192.168.10.96 - - [16/Mar/2017:12:17:11 -0300] "POST /cormun/servlet/trsolicitudot?d9616b76ef73929df4c3a1e0e31fb785,,gx-no-cache=1489680713281 HTTP/1.1" 200 7552
186.79.18.197 - - [16/Mar/2017:12:17:16 -0300] "GET /cormun/servlet/prfichaempleado?,MD,,gxPopupLevel%3D0%3B HTTP/1.1" 200 8805
192.168.10.62 - - [16/Mar/2017:12:17:22 -0300] "GET /cormun/servlet/hlogin HTTP/1.1" 200 1753
192.168.10.96 - - [16/Mar/2017:12:17:22 -0300] "GET /cormun/servlet/solicitudot?INS,0,0, HTTP/1.1" 200 12926
192.168.10.96 - - [16/Mar/2017:12:17:23 -0300] "GET /cormun/servlet/solicitudot?INS,0,0, HTTP/1.1" 200 12931
186.79.18.197 - - [16/Mar/2017:12:17:32 -0300] "POST /cormun/servlet/prfichaempleado?0d6adf9327e367d978428fa2c3facb1c,,MD,,gxPopupLevel%3D0%3B,gx-no-cache=1489677520380 HTTP/1.1" 200 3405
192.168.10.96 - - [16/Mar/2017:12:17:33 -0300] "GET /cormun/servlet/prfichaempleado?,MD,,gxPopupLevel%3D0%3B HTTP/1.1" 200 9008
192.168.10.89 - - [16/Mar/2017:12:17:37 -0300] "POST /cormun/servlet/trsolicitudgral?479e8598b0bc0d762ddd2b2c2163ca30,,gx-no-cache=1489680739713 HTTP/1.1" 200 6690
192.168.10.96 - - [16/Mar/2017:12:17:42 -0300] "POST /cormun/servlet/prfichaempleado?d9616b76ef73929df4c3a1e0e31fb785,,MD,,gxPopupLevel%3D0%3B,gx-no-cache=1489680743818 HTTP/1.1" 200 3404
192.168.10.96 - - [16/Mar/2017:12:17:44 -0300] "POST /cormun/servlet/solicitudot?gx-no-cache=1489680746558 HTTP/1.1" 200 3184
192.168.10.96 - - [16/Mar/2017:12:17:45 -0300] "POST /cormun/servlet/solicitudot?d9616b76ef73929df4c3a1e0e31fb785,INS,0,0,,gx-no-cache=1489680746701 HTTP/1.1" 200 9963
186.79.18.197 - - [16/Mar/2017:12:17:45 -0300] "GET /cormun/servlet/licenciaspermisos?cc11ebd589fb1adf142c94d60dbe88d29a7960e4898c4a994754803dac13337e0a2a358082adc56d5efd994931df2d71f14506c7c680d1771005a310f862ae3f1bea737c8510618ef78824a06d61ca8eab91bff4d97dbaa2d2504a960f3bcea945f6e9f13108c3202a8d21d2a37c2fb750bb6edd5be40f6138abc421ff215ee6282b65cad20e333df67dbefe12099d7e789f15ae9f1b44cef004386615ec9d1cfa9eaac1eb11fba9fab6ea5e2459fe958e2d871b0c31f17a4366b3c19a1f74c6797e1379c4aea065a23c6015592ba785d38fc29232bf8cf8efdcd73c56939f2cf0919ff683ba9ca593f53c2e1ee4bf2b,gx-no-cache=1489677534209 HTTP/1.1" 200 71
186.79.18.197 - - [16/Mar/2017:12:17:46 -0300] "POST /cormun/servlet/licenciaspermisos?0d6adf9327e367d978428fa2c3facb1c,INS,0,,,,gx-no-cache=1489677534356 HTTP/1.1" 200 93
186.79.18.197 - - [16/Mar/2017:12:17:46 -0300] "GET /cormun/servlet/hpexe_return? HTTP/1.1" 200 1010
186.79.18.197 - - [16/Mar/2017:12:17:46 -0300] "GET /cormun/servlet/trlicencias? HTTP/1.1" 200 7800
192.168.10.96 - - [16/Mar/2017:12:17:47 -0300] "GET /cormun/servlet/solicitudot?93ef999d4707dbcc3b849fa8a4b36742fddfb02350995a6b49475e82610f3561c072c77c3392cc60344802d2718dab9b,gx-no-cache=1489680749030 HTTP/1.1" 200 30
192.168.10.96 - - [16/Mar/2017:12:17:47 -0300] "POST /cormun/servlet/solicitudot?gx-no-cache=1489680749096 HTTP/1.1" 200 240
192.168.10.96 - - [16/Mar/2017:12:17:47 -0300] "GET /cormun/servlet/solicitudot?93ef999d4707dbcc3b849fa8a4b36742bcce60e0420c156bfb2b467613edf70887bd20862c43dde5255015b4dec73fa851214657a39a85ae09b6bae6728857fbf4af60ff5b6f8d5b96b3f02605777f4350cbeabecdd747bbadedb0cbb507e7379910287ad6c341ebe144b4e4fdba86dd804b5a8c3a451d8a6bffd8b8ac760eaaf2819a88048a0e89e546d5f2d4e5d018c8dffc6f639facef354fd6188250258cbf18dfd9998fa01657aad70e6960f193769ae5d696b6192b46d0eaed471063030bfe2cbb018f71670ef4f2d8043471d131c9be8d119f025821114c87a1d2e3587372741bb366a3f6e8803b211ea72b4978918778578457a55a43f9928cc4cd8c653d43680a1fd807ec5053cb0c54b7e7ee80fc491ef888240aa3529ab611844def42e4a132f37ea4840ef61659f2f5fe7f189930a902934251579d0d008e1676ba8db61a67305443567bf6a7d82a8e262c734a1838305b43bf92d9cfb9872b0e551f910ef28530d9239f9bf5006a900de2cb74a5e68cb31fce2a1b59131182f7,gx-no-cache=1489680749127 HTTP/1.1" 200 30
192.168.10.96 - - [16/Mar/2017:12:17:47 -0300] "POST /cormun/servlet/solicitudot?gx-no-cache=1489680749147 HTTP/1.1" 200 30
192.168.10.96 - - [16/Mar/2017:12:17:47 -0300] "POST /cormun/servlet/solicitudot?gx-no-cache=1489680749175 HTTP/1.1" 200 235
192.168.10.96 - - [16/Mar/2017:12:17:47 -0300] "POST /cormun/servlet/solicitudot?gx-no-cache=1489680749209 HTTP/1.1" 200 38
186.103.159.183 - - [16/Mar/2017:12:17:47 -0300] "GET /cormun/servlet/permisogoce?e72c827b3b8401947c2e0362072664ab1f59f26bfb700ab7949a85a7cdc3098b5edb7d25ec2fd70075a0619a2d4a0ba7,gx-no-cache=1489677537108 HTTP/1.1" 200 67
186.79.18.197 - - [16/Mar/2017:12:17:48 -0300] "GET /cormun/servlet/trlicencias? HTTP/1.1" 200 7796
186.103.159.183 - - [16/Mar/2017:12:17:51 -0300] "GET /cormun/static/menuarrow.gif HTTP/1.1" 404 1015
192.168.10.96 - - [16/Mar/2017:12:17:53 -0300] "POST /cormun/servlet/solicitudot?gx-no-cache=1489680755420 HTTP/1.1" 200 30
186.103.159.183 - - [16/Mar/2017:12:17:54 -0300] "GET /cormun/servlet/permisogoce?e72c827b3b8401947c2e0362072664abcf8ece4d7db0ade38ed96ef38957f0b74c9dc0e0cf4c78ec9d78829a879b70a296fbcfb6f1fcdaac2fa07a55eec81177,gx-no-cache=1489677544048 HTTP/1.1" 200 129
186.103.159.183 - - [16/Mar/2017:12:17:55 -0300] "GET /cormun/static/Shared/jqueryui/images/ui-bg_highlight-soft_100_c6c2c8_1x100.png HTTP/1.1" 404 1117
186.103.159.183 - - [16/Mar/2017:12:17:55 -0300] "GET /cormun/static/Shared/jqueryui/images/ui-icons_82798d_256x240.png HTTP/1.1" 404 1089
186.103.159.183 - - [16/Mar/2017:12:17:55 -0300] "GET /cormun/static/Shared/jqueryui/images/ui-bg_flat_55_994d53_40x100.png HTTP/1.1" 404 1097
186.103.159.183 - - [16/Mar/2017:12:17:55 -0300] "GET /cormun/static/Shared/jqueryui/images/ui-icons_ebccce_256x240.png HTTP/1.1" 404 1089
186.103.159.183 - - [16/Mar/2017:12:17:58 -0300] "GET /cormun/servlet/permisogoce?e72c827b3b8401947c2e0362072664abcf8ece4d7db0ade38ed96ef38957f0b74c9dc0e0cf4c78ec9d78829a879b70a2688d2c2de3e111d38753fc2b0f951aee,gx-no-cache=1489677547328 HTTP/1.1" 200 47
186.79.248.208 - - [16/Mar/2017:12:17:58 -0300] "GET /cormun/servlet/hlogin HTTP/1.1" 200 1727
186.79.248.208 - - [16/Mar/2017:12:17:59 -0300] "GET /cormun/static/Resources/Spanish/PXTools.css?1242369 HTTP/1.1" 304 -
192.168.10.96 - - [16/Mar/2017:12:18:03 -0300] "GET /cormun/servlet/prfichaempleado?,MD,,gxPopupLevel%3D0%3B HTTP/1.1" 200 9008
186.103.159.183 - - [16/Mar/2017:12:18:13 -0300] "POST /cormun/servlet/permisogoce?0a9e79a0983bab47442e4cf34d9609d6,INS,0,,,,gx-no-cache=1489677562519 HTTP/1.1" 200 93
186.103.159.183 - - [16/Mar/2017:12:18:14 -0300] "GET /cormun/servlet/hpexe_return? HTTP/1.1" 200 1008
186.103.159.183 - - [16/Mar/2017:12:18:14 -0300] "GET /cormun/servlet/trpermisosgoce HTTP/1.1" 200 7577
186.103.159.183 - - [16/Mar/2017:12:18:15 -0300] "GET /cormun/servlet/trpermisosgoce HTTP/1.1" 200 7573
186.103.159.183 - - [16/Mar/2017:12:18:25 -0300] "GET /cormun/servlet/apermisogoceprn?17507861,P,20170316131255,PU HTTP/1.1" 200 1653
192.168.10.96 - - [16/Mar/2017:12:18:38 -0300] "POST /cormun/servlet/prfichaempleado?d9616b76ef73929df4c3a1e0e31fb785,,MD,,gxPopupLevel%3D0%3B,gx-no-cache=1489680799895 HTTP/1.1" 200 3464
192.168.10.96 - - [16/Mar/2017:12:18:58 -0300] "POST /cormun/servlet/solicitudot?gx-no-cache=1489680820262 HTTP/1.1" 200 1291
192.168.10.62 - - [16/Mar/2017:12:18:59 -0300] "POST /cormun/servlet/hlogin?121e4de35dd15ec0708d8e8859fd65b6,gx-no-cache=1489680821532 HTTP/1.1" 200 90
192.168.10.62 - - [16/Mar/2017:12:18:59 -0300] "GET /cormun/servlet/hpexe_link HTTP/1.1" 200 975
192.168.10.62 - - [16/Mar/2017:12:18:59 -0300] "GET /cormun/servlet/trsolicitudnombre?11891600, HTTP/1.1" 200 5726
192.168.10.62 - - [16/Mar/2017:12:19:00 -0300] "GET /cormun/servlet/trsolicitudnombre?11891600, HTTP/1.1" 200 5723
192.168.10.96 - - [16/Mar/2017:12:19:01 -0300] "GET /cormun/servlet/prlicenciaspermisos?13946144,L,,MD,,gxPopupLevel%3D0%3B HTTP/1.1" 200 6802
192.168.10.96 - - [16/Mar/2017:12:19:01 -0300] "GET /cormun/static/gxcfg.js?20173151332098 HTTP/1.1" 304 -
192.168.10.96 - - [16/Mar/2017:12:19:01 -0300] "GET /cormun/static/prlicenciaspermisos.js?20173151332259 HTTP/1.1" 304 -
192.168.10.62 - - [16/Mar/2017:12:19:05 -0300] "GET /cormun/servlet/trconsultaempleado? HTTP/1.1" 200 6198
192.168.10.62 - - [16/Mar/2017:12:19:05 -0300] "GET /cormun/servlet/trconsultaempleado? HTTP/1.1" 200 6197
192.168.10.96 - - [16/Mar/2017:12:19:07 -0300] "POST /cormun/servlet/solicitudot?gx-no-cache=1489680829270 HTTP/1.1" 200 20
192.168.10.62 - - [16/Mar/2017:12:19:19 -0300] "POST /cormun/servlet/trconsultaempleado?121e4de35dd15ec0708d8e8859fd65b6,,gx-no-cache=1489680841691 HTTP/1.1" 200 4075
192.168.10.62 - - [16/Mar/2017:12:19:25 -0300] "GET /cormun/servlet/trsolicitudnombre?12692377, HTTP/1.1" 200 8807
192.168.10.62 - - [16/Mar/2017:12:19:25 -0300] "GET /cormun/servlet/trsolicitudnombre?12692377, HTTP/1.1" 200 8810
192.168.10.62 - - [16/Mar/2017:12:19:31 -0300] "GET /cormun/servlet/vesolicitudnombre?2017,5499,, HTTP/1.1" 200 8048
192.168.10.62 - - [16/Mar/2017:12:19:31 -0300] "GET /cormun/static/gxcfg.js?201731513465 HTTP/1.1" 304 -
192.168.10.62 - - [16/Mar/2017:12:19:31 -0300] "GET /cormun/pexe_scrolldiv.js HTTP/1.1" 404 1009
192.168.10.62 - - [16/Mar/2017:12:19:31 -0300] "GET /cormun/static/vesolicitudnombre.js?2017315134666 HTTP/1.1" 304 -
192.168.10.62 - - [16/Mar/2017:12:19:31 -0300] "GET /cormun/static/hwcviewtabs.js?20173151245369 HTTP/1.1" 304 -
192.168.10.62 - - [16/Mar/2017:12:19:31 -0300] "GET /cormun/pexe_scrolldiv.js HTTP/1.1" 404 1009
192.168.10.62 - - [16/Mar/2017:12:19:31 -0300] "GET /cormun/servlet/vesolicitudnombre?2017,5499,, HTTP/1.1" 200 8042
192.168.10.62 - - [16/Mar/2017:12:19:36 -0300] "GET /cormun/servlet/vesolicitudnombre?2017,5499,,SolicitudOTLog HTTP/1.1" 200 8524
192.168.10.62 - - [16/Mar/2017:12:19:36 -0300] "GET /cormun/pexe_scrolldiv.js HTTP/1.1" 404 1009
192.168.10.62 - - [16/Mar/2017:12:19:36 -0300] "GET /cormun/static/tbsolicitudnombre03.js?20173151244308 HTTP/1.1" 304 -
192.168.10.62 - - [16/Mar/2017:12:19:36 -0300] "GET /cormun/pexe_scrolldiv.js HTTP/1.1" 404 1009
192.168.10.62 - - [16/Mar/2017:12:19:36 -0300] "GET /cormun/servlet/vesolicitudnombre?2017,5499,,SolicitudOTLog HTTP/1.1" 200 8525
192.168.10.62 - - [16/Mar/2017:12:19:37 -0300] "POST /cormun/servlet/acontrolpreferencessavestate?None,FGONZALEZG,true HTTP/1.1" 200 35
192.168.10.96 - - [16/Mar/2017:12:19:39 -0300] "GET /cormun/servlet/solicitudot?93ef999d4707dbcc3b849fa8a4b36742c72a660fcc91cb1c9dae8fcb49c9a4697d61762ea838d50124ff2b1de3b4cc469d4ca717730e951e9b2a37d3f000e9bb5309ec10817d0a12f19e34b7a70a76f3f0af61366117a0307ed151468cf3dd68c1c06d1fd3d7b595c4662e56b5732f7ef8c3844614860636c5099ea2d068d6d91b63e9c3c98a55a27d85fd6482c904fc46db2f1e932579907babf4fd8989f16c,gx-no-cache=1489680861409 HTTP/1.1" 200 29
192.168.10.96 - - [16/Mar/2017:12:19:39 -0300] "POST /cormun/servlet/solicitudot?gx-no-cache=1489680861451 HTTP/1.1" 200 1274
192.168.10.96 - - [16/Mar/2017:12:19:39 -0300] "POST /cormun/servlet/solicitudot?gx-no-cache=1489680861501 HTTP/1.1" 200 1157
192.168.10.62 - - [16/Mar/2017:12:19:43 -0300] "GET /cormun/servlet/trsolicitudgral? HTTP/1.1" 200 24269
192.168.10.62 - - [16/Mar/2017:12:19:43 -0300] "GET /cormun/static/gxcfg.js?201732110400 HTTP/1.1" 304 -
192.168.10.62 - - [16/Mar/2017:12:19:43 -0300] "GET /cormun/static/trsolicitudgral.js?2017321104863 HTTP/1.1" 304 -
192.168.10.62 - - [16/Mar/2017:12:19:44 -0300] "GET /cormun/servlet/trsolicitudgral? HTTP/1.1" 200 24252
192.168.10.62 - - [16/Mar/2017:12:19:54 -0300] "POST /cormun/servlet/trsolicitudgral?121e4de35dd15ec0708d8e8859fd65b6,,gx-no-cache=1489680875961 HTTP/1.1" 200 6257
192.168.10.62 - - [16/Mar/2017:12:20:02 -0300] "POST /cormun/servlet/trsolicitudgral?121e4de35dd15ec0708d8e8859fd65b6,,gx-no-cache=1489680884045 HTTP/1.1" 200 105
192.168.10.62 - - [16/Mar/2017:12:20:02 -0300] "POST /cormun/servlet/trsolicitudgral?121e4de35dd15ec0708d8e8859fd65b6,,gx-no-cache=1489680884181 HTTP/1.1" 200 6240
192.168.10.62 - - [16/Mar/2017:12:20:02 -0300] "GET /cormun/SolicitudGral-2934.xls HTTP/1.1" 200 5632
192.168.10.62 - - [16/Mar/2017:12:20:08 -0300] "POST /cormun/servlet/trsolicitudgral?121e4de35dd15ec0708d8e8859fd65b6,,gx-no-cache=1489680890174 HTTP/1.1" 200 105
192.168.10.62 - - [16/Mar/2017:12:20:08 -0300] "POST /cormun/servlet/trsolicitudgral?121e4de35dd15ec0708d8e8859fd65b6,,gx-no-cache=1489680890280 HTTP/1.1" 200 6240
192.168.10.62 - - [16/Mar/2017:12:20:08 -0300] "GET /cormun/SolicitudGral-8692.xls HTTP/1.1" 200 5632
186.79.18.197 - - [16/Mar/2017:12:20:30 -0300] "GET /cormun/servlet/hlogin HTTP/1.1" 200 1719
186.79.18.197 - - [16/Mar/2017:12:20:40 -0300] "POST /cormun/servlet/hlogin?0d6adf9327e367d978428fa2c3facb1c,gx-no-cache=1489677709247 HTTP/1.1" 200 90
186.79.18.197 - - [16/Mar/2017:12:20:40 -0300] "GET /cormun/servlet/hpexe_link HTTP/1.1" 200 955
186.79.18.197 - - [16/Mar/2017:12:20:40 -0300] "GET /cormun/servlet/trlicencias HTTP/1.1" 200 7798
186.79.18.197 - - [16/Mar/2017:12:20:43 -0300] "GET /cormun/servlet/trlicencias HTTP/1.1" 200 7796
186.79.18.197 - - [16/Mar/2017:12:20:59 -0300] "GET /cormun/servlet/trlicenciaspermisosadjuntos?12692670,20170316000000,L, HTTP/1.1" 200 6083
186.79.18.197 - - [16/Mar/2017:12:20:59 -0300] "GET /cormun/static/gxcfg.js?2017315135259 HTTP/1.1" 200 953
186.79.18.197 - - [16/Mar/2017:12:20:59 -0300] "GET /cormun/static/trlicenciaspermisosadjuntos.js?2017315135563 HTTP/1.1" 200 21008
186.79.18.197 - - [16/Mar/2017:12:21:00 -0300] "GET /cormun/servlet/trlicenciaspermisosadjuntos?12692670,20170316000000,L, HTTP/1.1" 200 6083
186.79.18.197 - - [16/Mar/2017:12:21:05 -0300] "GET /cormun/servlet/licenciaspermisosadjuntos?INS,12692670,L,20170316000000,, HTTP/1.1" 200 5387
186.79.18.197 - - [16/Mar/2017:12:21:05 -0300] "GET /cormun/static/gxcfg.js?201731512553221 HTTP/1.1" 200 953
186.79.18.197 - - [16/Mar/2017:12:21:05 -0300] "GET /cormun/static/licenciaspermisosadjuntos.js?201731512553234 HTTP/1.1" 200 8757
186.79.18.197 - - [16/Mar/2017:12:21:05 -0300] "GET /cormun/static/about:blank HTTP/1.1" 404 1011
186.79.18.197 - - [16/Mar/2017:12:21:06 -0300] "GET /cormun/servlet/licenciaspermisosadjuntos?INS,12692670,L,20170316000000,, HTTP/1.1" 200 5375
192.168.10.60 - - [16/Mar/2017:12:22:06 -0300] "POST /cormun/servlet/trautorizarot?864a1c904bfa2a6c7f12a8c459a1cdb1,,gx-no-cache=1489676979707 HTTP/1.1" 440 972
192.168.10.60 - - [16/Mar/2017:12:22:17 -0300] "GET /cormun/servlet/hlogin HTTP/1.1" 200 1714
192.168.10.60 - - [16/Mar/2017:12:22:19 -0300] "POST /cormun/servlet/hlogin?06700983081b1670d3892beaf415b41e,gx-no-cache=1489676992626 HTTP/1.1" 200 90
192.168.10.60 - - [16/Mar/2017:12:22:19 -0300] "GET /cormun/servlet/hpexe_link HTTP/1.1" 200 948
192.168.10.60 - - [16/Mar/2017:12:22:19 -0300] "GET /cormun/servlet/hhome HTTP/1.1" 200 3746
192.168.10.60 - - [16/Mar/2017:12:22:20 -0300] "GET /cormun/servlet/hhome HTTP/1.1" 200 3743
192.168.10.60 - - [16/Mar/2017:12:22:23 -0300] "GET /cormun/servlet/trautorizarot? HTTP/1.1" 200 12299
192.168.10.60 - - [16/Mar/2017:12:22:24 -0300] "GET /cormun/servlet/trautorizarot? HTTP/1.1" 200 12297
192.168.10.60 - - [16/Mar/2017:12:22:26 -0300] "GET /cormun/static/menuarrow.gif HTTP/1.1" 404 1015
192.168.10.60 - - [16/Mar/2017:12:22:35 -0300] "POST /cormun/servlet/trautorizarot?06700983081b1670d3892beaf415b41e,,gx-no-cache=1489677008392 HTTP/1.1" 200 9712
186.79.18.197 - - [16/Mar/2017:12:22:41 -0300] "POST /cormun/servlet/licenciaspermisosadjuntos?0d6adf9327e367d978428fa2c3facb1c,INS,12692670,L,20170316000000,, HTTP/1.1" 200 116
186.79.18.197 - - [16/Mar/2017:12:22:41 -0300] "GET /cormun/servlet/hpexe_return? HTTP/1.1" 200 1039
186.79.18.197 - - [16/Mar/2017:12:22:42 -0300] "GET /cormun/servlet/trlicenciaspermisosadjuntos?12692670,20170316000000,L, HTTP/1.1" 200 6553
190.101.9.138 - - [16/Mar/2017:12:22:42 -0300] "GET /cormun/static/menuarrow.gif HTTP/1.1" 404 1015
186.79.18.197 - - [16/Mar/2017:12:22:44 -0300] "GET /cormun/servlet/trlicenciaspermisosadjuntos?12692670,20170316000000,L, HTTP/1.1" 200 6551
186.79.18.197 - - [16/Mar/2017:12:22:45 -0300] "GET /cormun/PublicTempStorage/sandra3213062.jpg HTTP/1.1" 200 1227360
192.168.10.60 - - [16/Mar/2017:12:22:50 -0300] "POST /cormun/servlet/trautorizarot?06700983081b1670d3892beaf415b41e,,gx-no-cache=1489677023315 HTTP/1.1" 200 8608
186.79.18.197 - - [16/Mar/2017:12:22:59 -0300] "GET /cormun/servlet/trlicencias? HTTP/1.1" 200 7797
186.79.18.197 - - [16/Mar/2017:12:23:01 -0300] "GET /cormun/servlet/trlicencias? HTTP/1.1" 200 7796
186.103.159.188 - - [16/Mar/2017:12:23:04 -0300] "GET /cormun/servlet/licenciaspermisos?INS,0,,, HTTP/1.1" 200 7139
186.103.159.188 - - [16/Mar/2017:12:23:04 -0300] "GET /cormun/static/gxcfg.js?201731512524920 HTTP/1.1" 304 -
186.103.159.188 - - [16/Mar/2017:12:23:04 -0300] "GET /cormun/static/licenciaspermisos.js?201731512524975 HTTP/1.1" 304 -
186.103.159.188 - - [16/Mar/2017:12:23:05 -0300] "GET /cormun/servlet/licenciaspermisos?INS,0,,, HTTP/1.1" 200 7138
186.79.18.197 - - [16/Mar/2017:12:23:10 -0300] "GET /cormun/servlet/alicenciaprn?12692670,L,20170316000000,PU HTTP/1.1" 200 1610
192.168.10.60 - - [16/Mar/2017:12:23:10 -0300] "POST /cormun/servlet/trautorizarot?06700983081b1670d3892beaf415b41e,,gx-no-cache=1489677043543 HTTP/1.1" 200 5153
192.168.10.60 - - [16/Mar/2017:12:23:16 -0300] "POST /cormun/servlet/trautorizarot?06700983081b1670d3892beaf415b41e,,gx-no-cache=1489677049457 HTTP/1.1" 200 4992
192.168.10.60 - - [16/Mar/2017:12:23:21 -0300] "POST /cormun/servlet/trautorizarot?06700983081b1670d3892beaf415b41e,,gx-no-cache=1489677054497 HTTP/1.1" 200 4991
186.103.159.188 - - [16/Mar/2017:12:23:27 -0300] "GET /cormun/servlet/prfichaempleado?,MD,,gxPopupLevel%3D0%3B HTTP/1.1" 200 8835
186.103.159.188 - - [16/Mar/2017:12:23:27 -0300] "GET /cormun/static/hmpwkw011.js?20173151304635 HTTP/1.1" 304 -
186.103.159.188 - - [16/Mar/2017:12:23:42 -0300] "POST /cormun/servlet/prfichaempleado?5cd2d475a0fc930bd3a80b6ea92da187,,MD,,gxPopupLevel%3D0%3B,gx-no-cache=1489677890570 HTTP/1.1" 200 3455
192.168.10.89 - - [16/Mar/2017:12:23:43 -0300] "POST /cormun/servlet/trsolicitudgral?479e8598b0bc0d762ddd2b2c2163ca30,,gx-no-cache=1489681105577 HTTP/1.1" 200 5409
186.103.159.188 - - [16/Mar/2017:12:23:50 -0300] "GET /cormun/servlet/licenciaspermisos?87392e79f8296e3cb98d3353812e0cdffbf4e8909c46ece8ef8acfedd52a39a6e45813ab777d810225fc8d46de4b2917,gx-no-cache=1489677898916 HTTP/1.1" 200 63
186.103.159.188 - - [16/Mar/2017:12:23:50 -0300] "POST /cormun/servlet/licenciaspermisos?5cd2d475a0fc930bd3a80b6ea92da187,INS,0,,,,gx-no-cache=1489677899010 HTTP/1.1" 200 4412
192.168.10.89 - - [16/Mar/2017:12:24:29 -0300] "POST /cormun/servlet/trsolicitudgral?479e8598b0bc0d762ddd2b2c2163ca30,,gx-no-cache=1489681150898 HTTP/1.1" 200 6690
190.101.9.138 - - [16/Mar/2017:12:24:30 -0300] "GET /cormun/static/menuarrow.gif HTTP/1.1" 404 1015
186.79.18.197 - - [16/Mar/2017:12:25:16 -0300] "POST /cormun/servlet/trlicencias?0d6adf9327e367d978428fa2c3facb1c,,gx-no-cache=1489677984805 HTTP/1.1" 200 4075
186.79.18.197 - - [16/Mar/2017:12:25:16 -0300] "GET /cormun/static/Shared/jqueryui/images/ui-bg_highlight-soft_100_c6c2c8_1x100.png HTTP/1.1" 404 1117
186.79.18.197 - - [16/Mar/2017:12:25:16 -0300] "GET /cormun/static/Shared/jqueryui/images/ui-icons_82798d_256x240.png HTTP/1.1" 404 1089
186.79.18.197 - - [16/Mar/2017:12:25:16 -0300] "GET /cormun/static/Shared/jqueryui/images/ui-icons_8d78a5_256x240.png HTTP/1.1" 404 1089
186.79.18.197 - - [16/Mar/2017:12:25:16 -0300] "GET /cormun/static/Shared/jqueryui/images/ui-bg_flat_55_fafafa_40x100.png HTTP/1.1" 404 1097
186.79.18.197 - - [16/Mar/2017:12:25:27 -0300] "GET /cormun/servlet/trpermisosgoce? HTTP/1.1" 200 6490
186.79.18.197 - - [16/Mar/2017:12:25:27 -0300] "GET /cormun/static/gxcfg.js?2017315135730 HTTP/1.1" 200 953
186.79.18.197 - - [16/Mar/2017:12:25:27 -0300] "GET /cormun/static/trpermisosgoce.js?20173151351159 HTTP/1.1" 200 31909
186.79.18.197 - - [16/Mar/2017:12:25:29 -0300] "GET /cormun/servlet/trpermisosgoce? HTTP/1.1" 200 6491
186.79.18.197 - - [16/Mar/2017:12:25:32 -0300] "GET /cormun/servlet/permisogoce?INS,0,,, HTTP/1.1" 200 6501
186.79.18.197 - - [16/Mar/2017:12:25:32 -0300] "GET /cormun/static/gxcfg.js?20173151255406 HTTP/1.1" 200 953
186.79.18.197 - - [16/Mar/2017:12:25:32 -0300] "GET /cormun/static/permisogoce.js?201731512554075 HTTP/1.1" 200 26147
186.79.18.197 - - [16/Mar/2017:12:25:33 -0300] "GET /cormun/servlet/permisogoce?INS,0,,, HTTP/1.1" 200 6500
192.168.10.62 - - [16/Mar/2017:12:26:07 -0300] "POST /cormun/servlet/trsolicitudgral?121e4de35dd15ec0708d8e8859fd65b6,,gx-no-cache=1489681249581 HTTP/1.1" 200 4999
192.168.10.62 - - [16/Mar/2017:12:26:22 -0300] "GET /cormun/static/menuarrow.gif HTTP/1.1" 404 1015
186.79.18.197 - - [16/Mar/2017:12:26:24 -0300] "GET /cormun/servlet/prfichaempleado?,MD,,gxPopupLevel%3D0%3B HTTP/1.1" 200 8805
192.168.10.62 - - [16/Mar/2017:12:26:30 -0300] "POST /cormun/servlet/trsolicitudgral?121e4de35dd15ec0708d8e8859fd65b6,,gx-no-cache=1489681272653 HTTP/1.1" 200 5006
192.168.10.62 - - [16/Mar/2017:12:26:43 -0300] "POST /cormun/servlet/trsolicitudgral?121e4de35dd15ec0708d8e8859fd65b6,,gx-no-cache=1489681285146 HTTP/1.1" 200 5004
192.168.10.89 - - [16/Mar/2017:12:26:44 -0300] "POST /cormun/servlet/trsolicitudgral?479e8598b0bc0d762ddd2b2c2163ca30,,gx-no-cache=1489681286516 HTTP/1.1" 200 5410
186.79.18.197 - - [16/Mar/2017:12:26:46 -0300] "POST /cormun/servlet/prfichaempleado?0d6adf9327e367d978428fa2c3facb1c,,MD,,gxPopupLevel%3D0%3B,gx-no-cache=1489678074678 HTTP/1.1" 200 3454
192.168.10.89 - - [16/Mar/2017:12:26:50 -0300] "POST /cormun/servlet/trsolicitudgral?479e8598b0bc0d762ddd2b2c2163ca30,,gx-no-cache=1489681292287 HTTP/1.1" 200 5401
186.79.18.197 - - [16/Mar/2017:12:26:54 -0300] "GET /cormun/servlet/permisogoce?cc11ebd589fb1adf142c94d60dbe88d2a8038a9c1fe685c0d1d021ab45bc26e43835a65c83c9f63317c50df035cdb83c,gx-no-cache=1489678083440 HTTP/1.1" 200 73
186.79.18.197 - - [16/Mar/2017:12:26:54 -0300] "GET /cormun/static/menuarrow.gif HTTP/1.1" 404 1015
186.79.18.197 - - [16/Mar/2017:12:27:02 -0300] "GET /cormun/servlet/permisogoce?cc11ebd589fb1adf142c94d60dbe88d20cb246dc792bc6b6a5154fe7579e5bd77b0eb195d2cdc6c6cdab7d6e39609aa2f4ce14ff8fd05a165c8718e83dc034de,gx-no-cache=1489678091421 HTTP/1.1" 200 47
186.103.159.188 - - [16/Mar/2017:12:27:07 -0300] "GET /cormun/servlet/licenciaspermisos?87392e79f8296e3cb98d3353812e0cdfdf4a46999d138658f3f4a8b9089be0c1614ab87b642d580ec36672aa5bea0bff0439c996845da0b770c87d71634ab521199738e2a8254bd275ea414ed7e13409e8931a6d45777eba039f7064814a850c010f5ef232f0682aafb95801d4bc4953e6329215c27a8146c03ebb921381093ee2054d48ec1c5e6d77ee26838e9a0dae1f28024c2f9cb4b643a5d7b55d1372bc2a69f3819014cb4ef166c9a2e32282cc,gx-no-cache=1489678095872 HTTP/1.1" 200 30
186.103.159.188 - - [16/Mar/2017:12:27:07 -0300] "GET /cormun/servlet/licenciaspermisos?87392e79f8296e3cb98d3353812e0cdff5f69162651f9111d9d82f53c6ff1fa07e967928f4c5ad99cda36b32da7c0cd3c09f7454d68d36ebe8d6f982203eedc0c6f64cb162da1db3a0b8629cc767f67d2c3fa31c89c98122bb3902946d67bb33e70b45efe96ea4dac51899f9a1e941f7aab1abe15c4e0917ab9c8422a30cb1f035c80c19097f5008146cae71b650a58b09f8b4cb5f79f169d83bcb357c83b3dc59e67f843f80fb3d3fb31992efbb9d82,gx-no-cache=1489678095918 HTTP/1.1" 200 29
186.103.159.188 - - [16/Mar/2017:12:27:07 -0300] "POST /cormun/servlet/licenciaspermisos?5cd2d475a0fc930bd3a80b6ea92da187,INS,0,,,,gx-no-cache=1489678095950 HTTP/1.1" 200 93
186.103.159.188 - - [16/Mar/2017:12:27:07 -0300] "GET /cormun/servlet/hpexe_return? HTTP/1.1" 200 1011
186.103.159.188 - - [16/Mar/2017:12:27:07 -0300] "GET /cormun/servlet/trlicencias HTTP/1.1" 200 7764
186.103.159.188 - - [16/Mar/2017:12:27:08 -0300] "GET /cormun/servlet/trlicencias HTTP/1.1" 200 7760
186.79.18.197 - - [16/Mar/2017:12:27:09 -0300] "POST /cormun/servlet/permisogoce?0d6adf9327e367d978428fa2c3facb1c,INS,0,,,,gx-no-cache=1489678098173 HTTP/1.1" 200 93
186.79.18.197 - - [16/Mar/2017:12:27:10 -0300] "GET /cormun/servlet/hpexe_return? HTTP/1.1" 200 1006
186.79.18.197 - - [16/Mar/2017:12:27:10 -0300] "GET /cormun/servlet/trpermisosgoce HTTP/1.1" 200 7324
186.79.18.197 - - [16/Mar/2017:12:27:12 -0300] "GET /cormun/servlet/trpermisosgoce HTTP/1.1" 200 7319
186.103.159.188 - - [16/Mar/2017:12:27:13 -0300] "GET /cormun/servlet/trlicenciaspermisosadjuntos?13947002,20170316000000,L, HTTP/1.1" 200 6118
186.103.159.188 - - [16/Mar/2017:12:27:13 -0300] "GET /cormun/static/gxcfg.js?2017315135259 HTTP/1.1" 200 953
186.103.159.188 - - [16/Mar/2017:12:27:13 -0300] "GET /cormun/static/trlicenciaspermisosadjuntos.js?2017315135563 HTTP/1.1" 200 21008
186.103.159.188 - - [16/Mar/2017:12:27:13 -0300] "GET /cormun/servlet/trlicenciaspermisosadjuntos?13947002,20170316000000,L, HTTP/1.1" 200 6119
186.103.159.188 - - [16/Mar/2017:12:27:16 -0300] "GET /cormun/servlet/licenciaspermisosadjuntos?INS,13947002,L,20170316000000,, HTTP/1.1" 200 5419
186.103.159.188 - - [16/Mar/2017:12:27:17 -0300] "GET /cormun/static/gxcfg.js?201731512553221 HTTP/1.1" 200 953
186.79.18.197 - - [16/Mar/2017:12:27:17 -0300] "GET /cormun/servlet/apermisogoceprn?9299678,P,20170316132151,PU HTTP/1.1" 200 1645
186.103.159.188 - - [16/Mar/2017:12:27:17 -0300] "GET /cormun/static/about:blank HTTP/1.1" 404 1011
186.103.159.188 - - [16/Mar/2017:12:27:17 -0300] "GET /cormun/static/licenciaspermisosadjuntos.js?201731512553234 HTTP/1.1" 200 8757
186.103.159.188 - - [16/Mar/2017:12:27:17 -0300] "GET /cormun/servlet/licenciaspermisosadjuntos?INS,13947002,L,20170316000000,, HTTP/1.1" 200 5409
192.168.10.62 - - [16/Mar/2017:12:27:17 -0300] "GET /cormun/servlet/trconsultaempleado? HTTP/1.1" 200 6290
192.168.10.62 - - [16/Mar/2017:12:27:18 -0300] "GET /cormun/servlet/trconsultaempleado? HTTP/1.1" 200 6289
186.103.159.188 - - [16/Mar/2017:12:27:33 -0300] "POST /cormun/servlet/licenciaspermisosadjuntos?5cd2d475a0fc930bd3a80b6ea92da187,INS,13947002,L,20170316000000,, HTTP/1.1" 200 116
186.103.159.188 - - [16/Mar/2017:12:27:33 -0300] "GET /cormun/servlet/hpexe_return? HTTP/1.1" 200 1040
186.103.159.188 - - [16/Mar/2017:12:27:33 -0300] "GET /cormun/servlet/trlicenciaspermisosadjuntos?13947002,20170316000000,L, HTTP/1.1" 200 6597
186.103.159.188 - - [16/Mar/2017:12:27:34 -0300] "GET /cormun/servlet/trlicenciaspermisosadjuntos?13947002,20170316000000,L, HTTP/1.1" 200 6594
186.103.159.188 - - [16/Mar/2017:12:27:39 -0300] "GET /cormun/servlet/hhome HTTP/1.1" 200 3799
186.103.159.188 - - [16/Mar/2017:12:27:40 -0300] "GET /cormun/servlet/hhome HTTP/1.1" 200 3771
186.103.159.188 - - [16/Mar/2017:12:27:43 -0300] "GET /cormun/servlet/trlicencias? HTTP/1.1" 200 7761
186.103.159.188 - - [16/Mar/2017:12:27:43 -0300] "GET /cormun/servlet/trlicencias? HTTP/1.1" 200 7760
186.103.159.188 - - [16/Mar/2017:12:27:47 -0300] "GET /cormun/servlet/alicenciaprn?13947002,L,20170316000000,PU HTTP/1.1" 200 1533
192.168.10.89 - - [16/Mar/2017:12:28:09 -0300] "POST /cormun/servlet/trsolicitudgral?479e8598b0bc0d762ddd2b2c2163ca30,,gx-no-cache=1489681370986 HTTP/1.1" 200 6688
192.168.10.62 - - [16/Mar/2017:12:28:22 -0300] "POST /cormun/servlet/trconsultaempleado?121e4de35dd15ec0708d8e8859fd65b6,,gx-no-cache=1489681384121 HTTP/1.1" 200 4101
192.168.10.62 - - [16/Mar/2017:12:28:25 -0300] "GET /cormun/servlet/trsolicitudnombre?10353036, HTTP/1.1" 200 6865
192.168.10.62 - - [16/Mar/2017:12:28:26 -0300] "GET /cormun/servlet/trsolicitudnombre?10353036, HTTP/1.1" 200 6863
192.168.10.62 - - [16/Mar/2017:12:28:28 -0300] "GET /cormun/servlet/vesolicitudnombre?2017,3488,, HTTP/1.1" 200 8088
192.168.10.62 - - [16/Mar/2017:12:28:28 -0300] "GET /cormun/pexe_scrolldiv.js HTTP/1.1" 404 1009
192.168.10.62 - - [16/Mar/2017:12:28:28 -0300] "GET /cormun/pexe_scrolldiv.js HTTP/1.1" 404 1009
192.168.10.62 - - [16/Mar/2017:12:28:28 -0300] "GET /cormun/servlet/vesolicitudnombre?2017,3488,, HTTP/1.1" 200 8082
192.168.10.62 - - [16/Mar/2017:12:28:30 -0300] "GET /cormun/servlet/vesolicitudnombre?2017,3488,,SolicitudOTLog HTTP/1.1" 200 8736
192.168.10.62 - - [16/Mar/2017:12:28:30 -0300] "GET /cormun/pexe_scrolldiv.js HTTP/1.1" 404 1009
192.168.10.62 - - [16/Mar/2017:12:28:30 -0300] "GET /cormun/pexe_scrolldiv.js HTTP/1.1" 404 1009
192.168.10.62 - - [16/Mar/2017:12:28:30 -0300] "GET /cormun/servlet/vesolicitudnombre?2017,3488,,SolicitudOTLog HTTP/1.1" 200 8737
192.168.10.62 - - [16/Mar/2017:12:28:31 -0300] "POST /cormun/servlet/acontrolpreferencessavestate?None,FGONZALEZG,true HTTP/1.1" 200 35
192.168.10.62 - - [16/Mar/2017:12:29:01 -0300] "GET /cormun/servlet/hlogin HTTP/1.1" 200 1759
192.168.10.89 - - [16/Mar/2017:12:29:41 -0300] "POST /cormun/servlet/trsolicitudgral?479e8598b0bc0d762ddd2b2c2163ca30,,gx-no-cache=1489681463259 HTTP/1.1" 200 5392
186.79.247.255 - - [16/Mar/2017:12:30:11 -0300] "GET /cormun/servlet/hlogin HTTP/1.1" 200 1714
186.79.247.255 - - [16/Mar/2017:12:30:11 -0300] "GET /cormun/static/gxcfg.js?20173151305376 HTTP/1.1" 200 953
186.79.247.255 - - [16/Mar/2017:12:30:12 -0300] "GET /cormun/static/hlogin.js?20173151305393 HTTP/1.1" 200 2136
186.79.247.255 - - [16/Mar/2017:12:30:12 -0300] "GET /cormun/static/Resources/Spanish/PXTools.css?1242369 HTTP/1.1" 200 89042
186.79.247.255 - - [16/Mar/2017:12:30:13 -0300] "GET /cormun/servlet/hlogin HTTP/1.1" 200 1725
200.112.5.210 - - [16/Mar/2017:12:30:18 -0300] "GET /cormun/servlet/trlicencias? HTTP/1.1" 200 7782
200.112.5.210 - - [16/Mar/2017:12:30:19 -0300] "GET /cormun/static/Resources/Spanish/PXTools.css?18365030 HTTP/1.1" 304 -
186.103.248.213 - - [16/Mar/2017:12:30:19 -0300] "GET /cormun/static/gxcfg.js?2016122619301429 HTTP/1.1" 304 -
200.112.5.210 - - [16/Mar/2017:12:30:19 -0300] "GET /cormun/static/messages.spa.js?85251 HTTP/1.1" 304 -
200.112.5.210 - - [16/Mar/2017:12:30:19 -0300] "GET /cormun/static/trlicencias.js?2016122619301919 HTTP/1.1" 304 -
200.112.5.210 - - [16/Mar/2017:12:30:19 -0300] "GET /cormun/static/hwchdr01.js?201731512453822 HTTP/1.1" 304 -
200.112.5.210 - - [16/Mar/2017:12:30:19 -0300] "GET /cormun/static/hpexe_recentlink.js?201610171694390 HTTP/1.1" 304 -
200.112.5.210 - - [16/Mar/2017:12:30:19 -0300] "GET /cormun/static/hpexe_scripts.js?201731512453784 HTTP/1.1" 304 -
186.103.248.213 - - [16/Mar/2017:12:30:19 -0300] "GET /cormun/static/hpexe_messagecontroller.js?201610171694323 HTTP/1.1" 304 -
200.112.5.210 - - [16/Mar/2017:12:30:19 -0300] "GET /cormun/static/hpexe_messagepopupcomponent.js?20161017169425 HTTP/1.1" 304 -
200.112.5.210 - - [16/Mar/2017:12:30:19 -0300] "GET /cormun/static/cmcontrolpreferences.js?201731512453759 HTTP/1.1" 304 -
186.103.248.213 - - [16/Mar/2017:12:30:19 -0300] "GET /cormun/static/hpexe_messagegenexuscomponent.js?201731512453548 HTTP/1.1" 304 -
186.103.248.213 - - [16/Mar/2017:12:30:19 -0300] "GET /cormun/static/hmpwkw03.js?20173151305292 HTTP/1.1" 304 -
200.112.5.210 - - [16/Mar/2017:12:30:19 -0300] "GET /cormun/servlet/hlogin HTTP/1.1" 200 1741
186.103.248.213 - - [16/Mar/2017:12:30:19 -0300] "GET /cormun/servlet/trlicencias? HTTP/1.1" 200 7777
186.103.248.213 - - [16/Mar/2017:12:30:19 -0300] "GET /cormun/static/gxcfg.js?20173151305376 HTTP/1.1" 304 -
200.112.5.210 - - [16/Mar/2017:12:30:19 -0300] "GET /cormun/static/Resources/Spanish/PXTools.css?1242369 HTTP/1.1" 304 -
186.103.248.213 - - [16/Mar/2017:12:30:19 -0300] "GET /cormun/static/hlogin.js?20173151305393 HTTP/1.1" 304 -
186.103.248.213 - - [16/Mar/2017:12:30:20 -0300] "POST /cormun/servlet/hlogin?0a28d8db35626acb6c2952ab935f86e9,gx-no-cache=1489678288226 HTTP/1.1" 200 90
186.103.248.213 - - [16/Mar/2017:12:30:21 -0300] "GET /cormun/servlet/hpexe_link HTTP/1.1" 200 959
200.112.5.210 - - [16/Mar/2017:12:30:21 -0300] "GET /cormun/static/hpexe_link.js?20173151304590 HTTP/1.1" 304 -
186.103.248.213 - - [16/Mar/2017:12:30:21 -0300] "GET /cormun/static/gxcfg.js?20173151304587 HTTP/1.1" 304 -
200.112.5.210 - - [16/Mar/2017:12:30:21 -0300] "GET /cormun/servlet/trlicencias HTTP/1.1" 200 6428
200.112.5.210 - - [16/Mar/2017:12:30:21 -0300] "GET /cormun/servlet/trlicencias HTTP/1.1" 200 6425
186.79.247.255 - - [16/Mar/2017:12:30:23 -0300] "POST /cormun/servlet/hlogin?c944038f4758d1dac6f07e0bf265cefe,gx-no-cache=1489678296932 HTTP/1.1" 200 90
186.79.247.255 - - [16/Mar/2017:12:30:23 -0300] "GET /cormun/servlet/hpexe_link HTTP/1.1" 200 946
200.112.5.210 - - [16/Mar/2017:12:30:23 -0300] "GET /cormun/servlet/trlicencias? HTTP/1.1" 200 6425
186.79.247.255 - - [16/Mar/2017:12:30:24 -0300] "GET /cormun/static/gxcfg.js?20173151304587 HTTP/1.1" 200 953
186.79.247.255 - - [16/Mar/2017:12:30:24 -0300] "GET /cormun/static/hpexe_link.js?20173151304590 HTTP/1.1" 200 625
200.112.5.210 - - [16/Mar/2017:12:30:24 -0300] "GET /cormun/servlet/trlicencias? HTTP/1.1" 200 6425
186.79.247.255 - - [16/Mar/2017:12:30:24 -0300] "GET /cormun/servlet/hhome HTTP/1.1" 200 3995
186.79.247.255 - - [16/Mar/2017:12:30:24 -0300] "GET /cormun/static/SmoothNavMenu/resources/ddsmoothmenu.css?1012540 HTTP/1.1" 200 2223
186.79.247.255 - - [16/Mar/2017:12:30:24 -0300] "GET /cormun/static/SmoothNavMenu/resources/ddsmoothmenu-v.css?1012540 HTTP/1.1" 200 1188
186.79.247.255 - - [16/Mar/2017:12:30:24 -0300] "GET /cormun/static/scaMessage/css/jquery.pnotify.default.css?1716380 HTTP/1.1" 200 1707
186.79.247.255 - - [16/Mar/2017:12:30:24 -0300] "GET /cormun/static/gxcfg.js?20173151304618 HTTP/1.1" 200 953
186.79.247.255 - - [16/Mar/2017:12:30:24 -0300] "GET /cormun/static/Shared/jqueryui/jquery-ui.min.css?1245370 HTTP/1.1" 200 30288
186.79.247.255 - - [16/Mar/2017:12:30:25 -0300] "GET /cormun/static/hhome.js?20173151304624 HTTP/1.1" 200 777
