200.112.49.240 - - [16/Mar/2017:09:37:21 -0300] "GET /cormun/servlet/licenciaspermisos?1afd2f918d3296c07c48f172141aeb535810aab8416a192276985e8226c903b98f5bc740345dd7403f8d2273e702e4972b97f9c4b0d459c2774a2ce95dd7c3f5e4adcd086fb7fa6635a610c0bd107f145278641b58de443aac9be5f994508df535961c4df8be5dd858d6620b412966e75652c839fd82dee15d87c7d81d521593899aa7922b46ca7a3c77825bc441f16db742c8bc20a80226c52963a98b486cecf95d525d3b1f76307e5733d1b0d194d7,gx-no-cache=1489667908720 HTTP/1.1" 200 30
200.112.49.240 - - [16/Mar/2017:09:37:22 -0300] "POST /cormun/servlet/licenciaspermisos?a5d5441c419290a0d9843d920dc1ce39,INS,0,,,,gx-no-cache=1489667908852 HTTP/1.1" 200 4498
192.168.10.96 - - [16/Mar/2017:09:37:22 -0300] "POST /cormun/servlet/acontrolpreferencessavestate?None,MMANRIQUEZ,true HTTP/1.1" 200 35
192.168.10.96 - - [16/Mar/2017:09:37:23 -0300] "POST /cormun/servlet/vesolicitudot?30ac563c0a6046421c4923fed65dfbe7,2017,5091,,SolicitudOTAdjuntos,gx-no-cache=1489671125124 HTTP/1.1" 200 90
192.168.10.96 - - [16/Mar/2017:09:37:23 -0300] "GET /cormun/servlet/hpexe_link HTTP/1.1" 200 978
192.168.10.96 - - [16/Mar/2017:09:37:23 -0300] "GET /cormun/servlet/trsolicitudot HTTP/1.1" 200 8967
192.168.10.96 - - [16/Mar/2017:09:37:23 -0300] "GET /cormun/servlet/trsolicitudot HTTP/1.1" 200 8966
192.168.10.96 - - [16/Mar/2017:09:37:28 -0300] "POST /cormun/servlet/trsolicitudot?30ac563c0a6046421c4923fed65dfbe7,gx-no-cache=1489671130162 HTTP/1.1" 200 105
192.168.10.96 - - [16/Mar/2017:09:37:28 -0300] "GET /cormun/servlet/solicitudot?UPD,2017,5091, HTTP/1.1" 200 14590
192.168.10.96 - - [16/Mar/2017:09:37:29 -0300] "GET /cormun/servlet/solicitudot?UPD,2017,5091, HTTP/1.1" 200 14600
192.168.10.96 - - [16/Mar/2017:09:37:29 -0300] "POST /cormun/servlet/solicitudot?gx-no-cache=1489671131404 HTTP/1.1" 200 3180
192.168.10.96 - - [16/Mar/2017:09:37:29 -0300] "POST /cormun/servlet/solicitudot?30ac563c0a6046421c4923fed65dfbe7,UPD,2017,5091,,gx-no-cache=1489671131555 HTTP/1.1" 200 11053
192.168.10.96 - - [16/Mar/2017:09:37:29 -0300] "GET /cormun/servlet/solicitudot?75bffc11f3b00bcdabf5148b4939e778c49b5e6e91ce55dfde6b057e5e7f801eea7ce91a5da766f893db36017f53947f,gx-no-cache=1489671131792 HTTP/1.1" 200 30
192.168.10.96 - - [16/Mar/2017:09:37:29 -0300] "POST /cormun/servlet/solicitudot?gx-no-cache=1489671131820 HTTP/1.1" 200 254
192.168.10.96 - - [16/Mar/2017:09:37:29 -0300] "GET /cormun/servlet/solicitudot?75bffc11f3b00bcdabf5148b4939e778bdde0e4e792bc43bae321460e0d6f34bfe803afe2bd040df0ffae55e66cc0b8fe45e73acae5d9d3825cb31ebba4b7a67715bb2bdc7225c66aa52d2a837935a9791ddb5ce2e14fe15c15da2cbeda6f3a1adf86a6117d71f4e4f083b0b4b95a3ef30da45f241ad41edbdb814f43c5c8a5a9492a730a200e5c749f9e1f73814eba1cd1bd20511559eef692e38abf85bab09701ff8b16343c5ab235981b6afe97157c1a17355369cd702530ca5f40723b13d01459f45947b5192b02f1b607b7215b1444f3e71305b0896da9a819d008996f77ca583139cac4bb1eb2ed0c55090ad39a2f973522221200b82e293f67d77e6cab60ccea3900f7613a4ee337e6fac4dda723ec9b335d663a3a0b28d5a0cbf3a40e4d1d9786d0cc1c1a5f4289b1d29a9d42a9417543e957757c368ae2b54f0ab08ed415a8dc2b46390bb10bc904926d1a2a6c315d9a639c83712bfd16dff218bd2c6937e6b40ef41ae7c92802b9d2ac46708f122670b8c5868778480a35faf93e0,gx-no-cache=1489671131848 HTTP/1.1" 200 30
192.168.10.96 - - [16/Mar/2017:09:37:29 -0300] "POST /cormun/servlet/solicitudot?gx-no-cache=1489671131866 HTTP/1.1" 200 30
192.168.10.96 - - [16/Mar/2017:09:37:30 -0300] "POST /cormun/servlet/solicitudot?gx-no-cache=1489671131913 HTTP/1.1" 200 1287
192.168.10.96 - - [16/Mar/2017:09:37:30 -0300] "POST /cormun/servlet/solicitudot?gx-no-cache=1489671131956 HTTP/1.1" 200 41
200.112.49.240 - - [16/Mar/2017:09:37:32 -0300] "GET /cormun/servlet/prfichaempleado?,MD,,gxPopupLevel%3D0%3B HTTP/1.1" 200 8811
200.112.49.240 - - [16/Mar/2017:09:37:39 -0300] "POST /cormun/servlet/prfichaempleado?a5d5441c419290a0d9843d920dc1ce39,,MD,,gxPopupLevel%3D0%3B,gx-no-cache=1489667926409 HTTP/1.1" 200 3486
200.112.49.240 - - [16/Mar/2017:09:37:42 -0300] "GET /cormun/servlet/licenciaspermisos?1afd2f918d3296c07c48f172141aeb537d8f50844418211ded5e3313b7ca726b5fbed5dc6c44ffb4c16475a8bf8f162bcafba14c3fb5fd241acac47cf6e333b59b6d01ba1a1967f8effa7d4ad935e426,gx-no-cache=1489667929180 HTTP/1.1" 200 68
200.112.49.240 - - [16/Mar/2017:09:37:42 -0300] "POST /cormun/servlet/licenciaspermisos?a5d5441c419290a0d9843d920dc1ce39,INS,0,,,,gx-no-cache=1489667929277 HTTP/1.1" 200 4485
200.112.5.184 - - [16/Mar/2017:09:37:55 -0300] "GET /cormun/servlet/hlogin HTTP/1.1" 200 1723
200.112.49.240 - - [16/Mar/2017:09:37:57 -0300] "GET /cormun/servlet/licenciaspermisos?1afd2f918d3296c07c48f172141aeb533ff52ce8a58b683780d0c7988840b6abeb036e054eeaf2145ca16e9e4eec77e0aa635603aa94f775198781ac7c6c58658dd3eb796dac81bf38a5775ab6d747c80339fbd74742150bc55ac4340bd18fd6d815c13f1191247473ff5fcda1398ecb58abeeab6ccca4f9488535b0d868b7b08a6fdab6df205bb10405c1e9a6c0bbc99762d2993944fba7ea7eb48c61aaa889e0c2c320abeb844974834c3b58b69c15,gx-no-cache=1489667944724 HTTP/1.1" 200 51
200.112.49.240 - - [16/Mar/2017:09:37:58 -0300] "POST /cormun/servlet/licenciaspermisos?a5d5441c419290a0d9843d920dc1ce39,INS,0,,,,gx-no-cache=1489667944822 HTTP/1.1" 200 93
200.112.49.240 - - [16/Mar/2017:09:37:58 -0300] "GET /cormun/servlet/hpexe_return? HTTP/1.1" 200 1014
200.112.49.240 - - [16/Mar/2017:09:37:58 -0300] "GET /cormun/servlet/trlicencias HTTP/1.1" 200 7833
186.103.248.213 - - [16/Mar/2017:09:37:59 -0300] "GET /cormun//static/Resources/PXToolsActionPrint.png HTTP/1.1" 200 3317
200.112.49.240 - - [16/Mar/2017:09:37:59 -0300] "GET /cormun//static/Resources/PXToolsHeaderHelp.png HTTP/1.1" 200 4055
186.103.248.213 - - [16/Mar/2017:09:37:59 -0300] "GET /cormun//static/Resources/PXToolsHeaderFavorites.png HTTP/1.1" 200 2744
200.112.49.240 - - [16/Mar/2017:09:37:59 -0300] "GET /cormun//static/Resources/PXToolsGridDisplay.png HTTP/1.1" 200 362
200.112.49.240 - - [16/Mar/2017:09:37:59 -0300] "GET /cormun/servlet/trlicencias HTTP/1.1" 200 7829
200.112.5.184 - - [16/Mar/2017:09:38:02 -0300] "POST /cormun/servlet/hlogin?987dbaa21f542be88b2a780c215f7361,gx-no-cache=1489667951380 HTTP/1.1" 200 90
200.112.5.184 - - [16/Mar/2017:09:38:02 -0300] "GET /cormun/servlet/hpexe_link HTTP/1.1" 200 960
200.112.5.184 - - [16/Mar/2017:09:38:02 -0300] "GET /cormun/servlet/trlicencias? HTTP/1.1" 200 6868
200.112.49.240 - - [16/Mar/2017:09:38:17 -0300] "GET /cormun/servlet/trlicenciaspermisosadjuntos?15806107,20170316000000,L, HTTP/1.1" 200 6113
200.112.49.240 - - [16/Mar/2017:09:38:17 -0300] "GET /cormun/static/gxcfg.js?2017315135259 HTTP/1.1" 200 953
200.112.49.240 - - [16/Mar/2017:09:38:17 -0300] "GET /cormun/static/trlicenciaspermisosadjuntos.js?2017315135563 HTTP/1.1" 200 21008
200.112.49.240 - - [16/Mar/2017:09:38:17 -0300] "GET /cormun/servlet/trlicenciaspermisosadjuntos?15806107,20170316000000,L, HTTP/1.1" 200 6113
200.112.49.240 - - [16/Mar/2017:09:38:20 -0300] "GET /cormun/servlet/licenciaspermisosadjuntos?INS,15806107,L,20170316000000,, HTTP/1.1" 200 5415
200.112.49.240 - - [16/Mar/2017:09:38:21 -0300] "GET /cormun/static/gxcfg.js?201731512553221 HTTP/1.1" 200 953
200.112.49.240 - - [16/Mar/2017:09:38:21 -0300] "GET /cormun/static/licenciaspermisosadjuntos.js?201731512553234 HTTP/1.1" 200 8757
200.112.49.240 - - [16/Mar/2017:09:38:21 -0300] "GET /cormun/static/about:blank HTTP/1.1" 404 1011
200.112.49.240 - - [16/Mar/2017:09:38:21 -0300] "GET /cormun/servlet/licenciaspermisosadjuntos?INS,15806107,L,20170316000000,, HTTP/1.1" 200 5405
200.112.5.184 - - [16/Mar/2017:09:38:23 -0300] "GET /cormun/servlet/licenciaspermisos?INS,0,,, HTTP/1.1" 200 7383
192.168.10.60 - - [16/Mar/2017:09:38:30 -0300] "POST /cormun/servlet/trautorizarot?b08456dffb0ca7bd999863938ccfad21,,gx-no-cache=1489667162461 HTTP/1.1" 200 22679
200.112.5.184 - - [16/Mar/2017:09:38:40 -0300] "GET /cormun/servlet/hlogin HTTP/1.1" 200 1728
192.168.10.60 - - [16/Mar/2017:09:38:43 -0300] "POST /cormun/servlet/trautorizarot?b08456dffb0ca7bd999863938ccfad21,,gx-no-cache=1489667175994 HTTP/1.1" 200 22723
200.112.5.184 - - [16/Mar/2017:09:38:54 -0300] "GET /cormun/servlet/hlogin HTTP/1.1" 200 1728
192.168.10.96 - - [16/Mar/2017:09:39:00 -0300] "POST /cormun/servlet/solicitudot?30ac563c0a6046421c4923fed65dfbe7,UPD,2017,5091,,gx-no-cache=1489671222149 HTTP/1.1" 200 90
192.168.10.96 - - [16/Mar/2017:09:39:00 -0300] "GET /cormun/servlet/hpexe_link HTTP/1.1" 200 968
192.168.10.96 - - [16/Mar/2017:09:39:00 -0300] "GET /cormun/servlet/trsolicitudot HTTP/1.1" 200 8967
192.168.10.96 - - [16/Mar/2017:09:39:01 -0300] "GET /cormun/servlet/trsolicitudot HTTP/1.1" 200 8966
192.168.10.60 - - [16/Mar/2017:09:39:03 -0300] "POST /cormun/servlet/trautorizarot?b08456dffb0ca7bd999863938ccfad21,,gx-no-cache=1489667195611 HTTP/1.1" 200 22771
192.168.10.96 - - [16/Mar/2017:09:39:07 -0300] "POST /cormun/servlet/trsolicitudot?30ac563c0a6046421c4923fed65dfbe7,gx-no-cache=1489671228873 HTTP/1.1" 200 105
192.168.10.96 - - [16/Mar/2017:09:39:07 -0300] "GET /cormun/servlet/solicitudot?DLT,2017,5091, HTTP/1.1" 200 9702
192.168.10.96 - - [16/Mar/2017:09:39:07 -0300] "GET /cormun/static/Shared/jqueryui/images/ui-bg_highlight-soft_100_c6c2c8_1x100.png HTTP/1.1" 404 1117
192.168.10.96 - - [16/Mar/2017:09:39:07 -0300] "GET /cormun/static/Shared/jqueryui/images/ui-icons_82798d_256x240.png HTTP/1.1" 404 1089
192.168.10.96 - - [16/Mar/2017:09:39:07 -0300] "GET /cormun/static/Shared/jqueryui/images/ui-bg_flat_55_fafafa_40x100.png HTTP/1.1" 404 1097
192.168.10.96 - - [16/Mar/2017:09:39:07 -0300] "GET /cormun/static/Shared/jqueryui/images/ui-icons_8d78a5_256x240.png HTTP/1.1" 404 1089
192.168.10.96 - - [16/Mar/2017:09:39:07 -0300] "GET /cormun/servlet/solicitudot?DLT,2017,5091, HTTP/1.1" 200 9711
192.168.10.60 - - [16/Mar/2017:09:39:09 -0300] "POST /cormun/servlet/trautorizarot?b08456dffb0ca7bd999863938ccfad21,,gx-no-cache=1489667202243 HTTP/1.1" 200 22795
192.168.10.60 - - [16/Mar/2017:09:39:18 -0300] "POST /cormun/servlet/trautorizarot?b08456dffb0ca7bd999863938ccfad21,,gx-no-cache=1489667211035 HTTP/1.1" 200 22744
200.112.49.240 - - [16/Mar/2017:09:39:41 -0300] "POST /cormun/servlet/licenciaspermisosadjuntos?a5d5441c419290a0d9843d920dc1ce39,INS,15806107,L,20170316000000,, HTTP/1.1" 200 116
200.112.49.240 - - [16/Mar/2017:09:39:41 -0300] "GET /cormun/servlet/hpexe_return? HTTP/1.1" 200 1045
200.112.49.240 - - [16/Mar/2017:09:39:42 -0300] "GET /cormun/servlet/trlicenciaspermisosadjuntos?15806107,20170316000000,L, HTTP/1.1" 200 6610
200.112.49.240 - - [16/Mar/2017:09:39:43 -0300] "GET /cormun/servlet/trlicenciaspermisosadjuntos?15806107,20170316000000,L, HTTP/1.1" 200 6606
200.112.49.240 - - [16/Mar/2017:09:39:51 -0300] "GET /cormun/PublicTempStorage/licencia_medica_3_romina_pinochet9393285.jpg HTTP/1.1" 200 2698711
192.168.10.60 - - [16/Mar/2017:09:39:57 -0300] "POST /cormun/servlet/trautorizarot?b08456dffb0ca7bd999863938ccfad21,,gx-no-cache=1489667250221 HTTP/1.1" 200 22725
200.83.57.219 - - [16/Mar/2017:09:39:59 -0300] "POST /cormun/servlet/trsolicitudot?9ed709fbf4b9fc87f04a09cad75c0fef,,gx-no-cache=1489668065398 HTTP/1.1" 200 105
200.112.49.240 - - [16/Mar/2017:09:39:59 -0300] "GET /cormun/servlet/licenciaspermisosadjuntos?INS,15806107,L,20170316000000,, HTTP/1.1" 200 5415
200.83.57.219 - - [16/Mar/2017:09:39:59 -0300] "GET /cormun/servlet/solicitudot?DLT,2017,5091, HTTP/1.1" 200 9700
200.112.49.240 - - [16/Mar/2017:09:39:59 -0300] "GET /cormun/static/about:blank HTTP/1.1" 404 1011
200.83.57.219 - - [16/Mar/2017:09:39:59 -0300] "GET /cormun/static/Shared/jqueryui/images/ui-bg_highlight-soft_100_c6c2c8_1x100.png HTTP/1.1" 404 1117
200.83.57.219 - - [16/Mar/2017:09:39:59 -0300] "GET /cormun/static/Shared/jqueryui/images/ui-icons_82798d_256x240.png HTTP/1.1" 404 1089
200.83.57.219 - - [16/Mar/2017:09:39:59 -0300] "GET /cormun/static/Shared/jqueryui/images/ui-icons_8d78a5_256x240.png HTTP/1.1" 404 1089
200.83.57.219 - - [16/Mar/2017:09:39:59 -0300] "GET /cormun/static/Shared/jqueryui/images/ui-bg_flat_55_fafafa_40x100.png HTTP/1.1" 404 1097
200.112.49.240 - - [16/Mar/2017:09:40:00 -0300] "GET /cormun/servlet/licenciaspermisosadjuntos?INS,15806107,L,20170316000000,, HTTP/1.1" 200 5404
200.83.57.219 - - [16/Mar/2017:09:40:00 -0300] "GET /cormun/servlet/solicitudot?DLT,2017,5091, HTTP/1.1" 200 9709
192.168.10.60 - - [16/Mar/2017:09:40:04 -0300] "POST /cormun/servlet/trautorizarot?b08456dffb0ca7bd999863938ccfad21,,gx-no-cache=1489667256829 HTTP/1.1" 200 22709
200.83.57.219 - - [16/Mar/2017:09:40:08 -0300] "POST /cormun/servlet/solicitudot?9ed709fbf4b9fc87f04a09cad75c0fef,DLT,2017,5091,,gx-no-cache=1489668074150 HTTP/1.1" 200 93
200.83.57.219 - - [16/Mar/2017:09:40:08 -0300] "GET /cormun/servlet/hpexe_return? HTTP/1.1" 200 1011
192.168.10.62 - - [16/Mar/2017:09:40:08 -0300] "GET /cormun/servlet/hlogin HTTP/1.1" 200 1735
192.168.10.62 - - [16/Mar/2017:09:40:08 -0300] "GET /cormun/static/gxcfg.js?20173151305376 HTTP/1.1" 304 -
192.168.10.62 - - [16/Mar/2017:09:40:08 -0300] "GET /cormun/static/hlogin.js?20173151305393 HTTP/1.1" 304 -
200.83.57.219 - - [16/Mar/2017:09:40:08 -0300] "GET /cormun/servlet/trsolicitudot HTTP/1.1" 200 8968
200.83.57.219 - - [16/Mar/2017:09:40:08 -0300] "GET /cormun/servlet/trsolicitudot HTTP/1.1" 200 8963
192.168.10.96 - - [16/Mar/2017:09:40:12 -0300] "GET /cormun/servlet/hlogin HTTP/1.1" 200 1748
200.83.57.219 - - [16/Mar/2017:09:40:15 -0300] "GET /cormun/servlet/treventos?2017,5091, HTTP/1.1" 200 8255
200.83.57.219 - - [16/Mar/2017:09:40:15 -0300] "GET /cormun/static/gxcfg.js?2016101716195975 HTTP/1.1" 200 953
200.83.57.219 - - [16/Mar/2017:09:40:15 -0300] "GET /cormun/static/treventos.js?201610171620222 HTTP/1.1" 200 16055
200.83.57.219 - - [16/Mar/2017:09:40:16 -0300] "GET /cormun/servlet/treventos?2017,5091, HTTP/1.1" 200 8260
192.168.10.96 - - [16/Mar/2017:09:40:19 -0300] "POST /cormun/servlet/hlogin?30ac563c0a6046421c4923fed65dfbe7,gx-no-cache=1489671300848 HTTP/1.1" 200 90
192.168.10.96 - - [16/Mar/2017:09:40:19 -0300] "GET /cormun/servlet/hpexe_link HTTP/1.1" 200 953
192.168.10.96 - - [16/Mar/2017:09:40:19 -0300] "GET /cormun/servlet/hhome HTTP/1.1" 200 4152
192.168.10.96 - - [16/Mar/2017:09:40:19 -0300] "GET /cormun/servlet/hhome HTTP/1.1" 200 4148
192.168.10.96 - - [16/Mar/2017:09:40:23 -0300] "GET /cormun/servlet/trsolicitudgral? HTTP/1.1" 200 15708
200.83.57.219 - - [16/Mar/2017:09:40:23 -0300] "GET /cormun/servlet/trsolicitudot? HTTP/1.1" 200 8964
200.83.57.219 - - [16/Mar/2017:09:40:23 -0300] "GET /cormun/servlet/trsolicitudot? HTTP/1.1" 200 8963
192.168.10.96 - - [16/Mar/2017:09:40:24 -0300] "GET /cormun/servlet/trsolicitudgral? HTTP/1.1" 200 15706
192.168.10.60 - - [16/Mar/2017:09:40:25 -0300] "POST /cormun/servlet/trautorizarot?b08456dffb0ca7bd999863938ccfad21,,gx-no-cache=1489667277395 HTTP/1.1" 200 22774
200.83.57.219 - - [16/Mar/2017:09:40:27 -0300] "POST /cormun/servlet/trsolicitudot?9ed709fbf4b9fc87f04a09cad75c0fef,,gx-no-cache=1489668093638 HTTP/1.1" 200 106
200.83.57.219 - - [16/Mar/2017:09:40:27 -0300] "GET /cormun/servlet/trsolicitudadjuntos?2017,5091, HTTP/1.1" 200 6205
200.83.57.219 - - [16/Mar/2017:09:40:28 -0300] "GET /cormun/servlet/trsolicitudadjuntos?2017,5091, HTTP/1.1" 200 6205
200.83.57.219 - - [16/Mar/2017:09:40:34 -0300] "GET /cormun/servlet/trsolicitudot? HTTP/1.1" 200 8970
200.83.57.219 - - [16/Mar/2017:09:40:34 -0300] "GET /cormun/servlet/trsolicitudot? HTTP/1.1" 200 8963
200.83.57.219 - - [16/Mar/2017:09:40:38 -0300] "POST /cormun/servlet/trsolicitudot?9ed709fbf4b9fc87f04a09cad75c0fef,,gx-no-cache=1489668103953 HTTP/1.1" 200 6073
200.83.57.219 - - [16/Mar/2017:09:40:38 -0300] "GET /cormun/static/Shared/jqueryui/images/ui-bg_highlight-soft_100_c6c2c8_1x100.png HTTP/1.1" 404 1117
192.168.10.96 - - [16/Mar/2017:09:40:38 -0300] "POST /cormun/servlet/trsolicitudgral?30ac563c0a6046421c4923fed65dfbe7,,gx-no-cache=1489671319977 HTTP/1.1" 200 90
200.83.57.219 - - [16/Mar/2017:09:40:38 -0300] "GET /cormun/static/Shared/jqueryui/images/ui-bg_flat_55_fafafa_40x100.png HTTP/1.1" 404 1097
192.168.10.96 - - [16/Mar/2017:09:40:38 -0300] "GET /cormun/servlet/hpexe_link HTTP/1.1" 200 958
192.168.10.96 - - [16/Mar/2017:09:40:38 -0300] "GET /cormun/servlet/hhome HTTP/1.1" 200 4152
200.83.57.219 - - [16/Mar/2017:09:40:38 -0300] "GET /cormun/static/Shared/jqueryui/images/ui-icons_82798d_256x240.png HTTP/1.1" 404 1089
200.83.57.219 - - [16/Mar/2017:09:40:38 -0300] "GET /cormun/static/Shared/jqueryui/images/ui-icons_8d78a5_256x240.png HTTP/1.1" 404 1089
192.168.10.96 - - [16/Mar/2017:09:40:38 -0300] "GET /cormun/servlet/hhome HTTP/1.1" 200 4148
200.83.57.219 - - [16/Mar/2017:09:40:40 -0300] "POST /cormun/servlet/trsolicitudot?9ed709fbf4b9fc87f04a09cad75c0fef,,gx-no-cache=1489668106689 HTTP/1.1" 200 6072
200.83.57.219 - - [16/Mar/2017:09:40:42 -0300] "POST /cormun/servlet/trsolicitudot?9ed709fbf4b9fc87f04a09cad75c0fef,,gx-no-cache=1489668109046 HTTP/1.1" 200 6073
192.168.10.96 - - [16/Mar/2017:09:40:45 -0300] "GET /cormun/servlet/trsolicitudgral? HTTP/1.1" 200 15708
192.168.10.96 - - [16/Mar/2017:09:40:46 -0300] "GET /cormun/servlet/trsolicitudgral? HTTP/1.1" 200 15706
200.112.49.240 - - [16/Mar/2017:09:41:09 -0300] "POST /cormun/servlet/licenciaspermisosadjuntos?a5d5441c419290a0d9843d920dc1ce39,INS,15806107,L,20170316000000,, HTTP/1.1" 200 116
200.112.49.240 - - [16/Mar/2017:09:41:09 -0300] "GET /cormun/servlet/hpexe_return? HTTP/1.1" 200 1045
192.168.10.96 - - [16/Mar/2017:09:41:09 -0300] "POST /cormun/servlet/trsolicitudgral?30ac563c0a6046421c4923fed65dfbe7,,gx-no-cache=1489671351194 HTTP/1.1" 200 8233
200.112.49.240 - - [16/Mar/2017:09:41:10 -0300] "GET /cormun/servlet/trlicenciaspermisosadjuntos?15806107,20170316000000,L, HTTP/1.1" 200 6704
200.112.49.240 - - [16/Mar/2017:09:41:11 -0300] "GET /cormun/servlet/trlicenciaspermisosadjuntos?15806107,20170316000000,L, HTTP/1.1" 200 6700
192.168.10.96 - - [16/Mar/2017:09:41:15 -0300] "POST /cormun/servlet/trsolicitudgral?30ac563c0a6046421c4923fed65dfbe7,,gx-no-cache=1489671356747 HTTP/1.1" 200 21104
200.112.49.240 - - [16/Mar/2017:09:41:16 -0300] "GET /cormun/servlet/trlicencias? HTTP/1.1" 200 7830
186.103.248.213 - - [16/Mar/2017:09:41:16 -0300] "GET /cormun/PublicTempStorage/licencia_medica_3_romina_pinochet1224606.jpg HTTP/1.1" 200 2698711
200.112.49.240 - - [16/Mar/2017:09:41:17 -0300] "GET /cormun/servlet/trlicencias? HTTP/1.1" 200 7829
200.112.49.240 - - [16/Mar/2017:09:41:20 -0300] "GET /cormun/servlet/licenciaspermisos?DSP,15806107,L,20170316000000, HTTP/1.1" 200 6699
200.112.49.240 - - [16/Mar/2017:09:41:20 -0300] "GET /cormun/servlet/licenciaspermisos?DSP,15806107,L,20170316000000, HTTP/1.1" 200 6699
200.112.49.240 - - [16/Mar/2017:09:41:26 -0300] "POST /cormun/servlet/licenciaspermisos?a5d5441c419290a0d9843d920dc1ce39,DSP,15806107,L,20170316000000,,gx-no-cache=1489668153752 HTTP/1.1" 200 93
200.112.49.240 - - [16/Mar/2017:09:41:27 -0300] "GET /cormun/servlet/hpexe_return? HTTP/1.1" 200 1030
200.112.49.240 - - [16/Mar/2017:09:41:27 -0300] "GET /cormun/servlet/trlicencias HTTP/1.1" 200 7833
200.112.49.240 - - [16/Mar/2017:09:41:28 -0300] "GET /cormun/servlet/trlicencias HTTP/1.1" 200 7829
192.168.10.96 - - [16/Mar/2017:09:41:29 -0300] "POST /cormun/servlet/trsolicitudgral?30ac563c0a6046421c4923fed65dfbe7,,gx-no-cache=1489671371201 HTTP/1.1" 200 9680
200.112.49.240 - - [16/Mar/2017:09:41:29 -0300] "GET /cormun/servlet/alicenciaprn?15806107,L,20170316000000,PU HTTP/1.1" 200 1591
192.168.10.96 - - [16/Mar/2017:09:41:42 -0300] "POST /cormun/servlet/trsolicitudgral?30ac563c0a6046421c4923fed65dfbe7,,gx-no-cache=1489671384036 HTTP/1.1" 200 9707
192.168.10.96 - - [16/Mar/2017:09:41:42 -0300] "GET /cormun/static/Shared/jqueryui/images/ui-icons_82798d_256x240.png HTTP/1.1" 404 1089
192.168.10.96 - - [16/Mar/2017:09:41:42 -0300] "GET /cormun/static/Shared/jqueryui/images/ui-bg_highlight-soft_100_c6c2c8_1x100.png HTTP/1.1" 404 1117
192.168.10.96 - - [16/Mar/2017:09:41:42 -0300] "GET /cormun/static/Shared/jqueryui/images/ui-bg_flat_55_fafafa_40x100.png HTTP/1.1" 404 1097
192.168.10.96 - - [16/Mar/2017:09:41:42 -0300] "GET /cormun/static/Shared/jqueryui/images/ui-icons_8d78a5_256x240.png HTTP/1.1" 404 1089
192.168.10.96 - - [16/Mar/2017:09:41:47 -0300] "POST /cormun/servlet/trsolicitudgral?30ac563c0a6046421c4923fed65dfbe7,,gx-no-cache=1489671389142 HTTP/1.1" 200 9707
192.168.10.96 - - [16/Mar/2017:09:42:02 -0300] "POST /cormun/servlet/trsolicitudgral?30ac563c0a6046421c4923fed65dfbe7,,gx-no-cache=1489671404669 HTTP/1.1" 200 5395
192.168.10.96 - - [16/Mar/2017:09:42:07 -0300] "GET /cormun/servlet/hlogin HTTP/1.1" 200 1740
192.168.10.96 - - [16/Mar/2017:09:42:17 -0300] "POST /cormun/servlet/hlogin?30ac563c0a6046421c4923fed65dfbe7,gx-no-cache=1489671419066 HTTP/1.1" 200 90
192.168.10.96 - - [16/Mar/2017:09:42:17 -0300] "GET /cormun/servlet/hpexe_link HTTP/1.1" 200 953
192.168.10.96 - - [16/Mar/2017:09:42:17 -0300] "GET /cormun/servlet/hhome HTTP/1.1" 200 4106
192.168.10.96 - - [16/Mar/2017:09:42:17 -0300] "GET /cormun/servlet/hhome HTTP/1.1" 200 4102
192.168.10.96 - - [16/Mar/2017:09:42:20 -0300] "GET /cormun/servlet/trsolicitudot? HTTP/1.1" 200 8968
192.168.10.96 - - [16/Mar/2017:09:42:21 -0300] "GET /cormun/servlet/trsolicitudot? HTTP/1.1" 200 8966
192.168.10.96 - - [16/Mar/2017:09:42:26 -0300] "POST /cormun/servlet/trsolicitudot?30ac563c0a6046421c4923fed65dfbe7,,gx-no-cache=1489671428405 HTTP/1.1" 200 105
192.168.10.96 - - [16/Mar/2017:09:42:26 -0300] "GET /cormun/servlet/solicitudot?UPD,2017,5091, HTTP/1.1" 200 14590
192.168.10.96 - - [16/Mar/2017:09:42:27 -0300] "GET /cormun/servlet/solicitudot?UPD,2017,5091, HTTP/1.1" 200 14600
192.168.10.96 - - [16/Mar/2017:09:42:27 -0300] "POST /cormun/servlet/solicitudot?gx-no-cache=1489671429532 HTTP/1.1" 200 3180
200.112.49.240 - - [16/Mar/2017:09:42:27 -0300] "GET /cormun/servlet/alicenciaprn?15806107,L,20170316000000,PU HTTP/1.1" 200 1591
192.168.10.96 - - [16/Mar/2017:09:42:27 -0300] "POST /cormun/servlet/solicitudot?30ac563c0a6046421c4923fed65dfbe7,UPD,2017,5091,,gx-no-cache=1489671429675 HTTP/1.1" 200 11053
192.168.10.96 - - [16/Mar/2017:09:42:27 -0300] "GET /cormun/servlet/solicitudot?75bffc11f3b00bcdabf5148b4939e778c49b5e6e91ce55dfde6b057e5e7f801eea7ce91a5da766f893db36017f53947f,gx-no-cache=1489671429884 HTTP/1.1" 200 30
192.168.10.96 - - [16/Mar/2017:09:42:28 -0300] "POST /cormun/servlet/solicitudot?gx-no-cache=1489671429911 HTTP/1.1" 200 254
192.168.10.96 - - [16/Mar/2017:09:42:28 -0300] "GET /cormun/servlet/solicitudot?75bffc11f3b00bcdabf5148b4939e778bdde0e4e792bc43bae321460e0d6f34bfe803afe2bd040df0ffae55e66cc0b8fe45e73acae5d9d3825cb31ebba4b7a67715bb2bdc7225c66aa52d2a837935a9791ddb5ce2e14fe15c15da2cbeda6f3a1adf86a6117d71f4e4f083b0b4b95a3ef30da45f241ad41edbdb814f43c5c8a5a9492a730a200e5c749f9e1f73814eba1cd1bd20511559eef692e38abf85bab09701ff8b16343c5ab235981b6afe97157c1a17355369cd702530ca5f40723b13d01459f45947b5192b02f1b607b7215b1444f3e71305b0896da9a819d008996f77ca583139cac4bb1eb2ed0c55090ad39a2f973522221200b82e293f67d77e6cab60ccea3900f7613a4ee337e6fac4dda723ec9b335d663a3a0b28d5a0cbf3a40e4d1d9786d0cc1c1a5f4289b1d29a9d42a9417543e957757c368ae2b54f0ab08ed415a8dc2b46390bb10bc904926d1a2a6c315d9a639c83712bfd16dff218bd2c6937e6b40ef41ae7c92802b9d2ac46708f122670b8c5868778480a35faf93e0,gx-no-cache=1489671429936 HTTP/1.1" 200 30
192.168.10.96 - - [16/Mar/2017:09:42:28 -0300] "POST /cormun/servlet/solicitudot?gx-no-cache=1489671429957 HTTP/1.1" 200 30
192.168.10.96 - - [16/Mar/2017:09:42:28 -0300] "POST /cormun/servlet/solicitudot?gx-no-cache=1489671430003 HTTP/1.1" 200 1287
192.168.10.96 - - [16/Mar/2017:09:42:28 -0300] "POST /cormun/servlet/solicitudot?gx-no-cache=1489671430100 HTTP/1.1" 200 41
192.168.10.60 - - [16/Mar/2017:09:42:28 -0300] "POST /cormun/servlet/trautorizarot?b08456dffb0ca7bd999863938ccfad21,,gx-no-cache=1489667401050 HTTP/1.1" 200 22624
192.168.10.96 - - [16/Mar/2017:09:42:31 -0300] "GET /cormun/servlet/solicitudot?75bffc11f3b00bcdabf5148b4939e7780c5b640bca46aed3af0f286ba95c16b46533886de70074c9626216865b88e31b73fecdb978142831937619ab1d1e9f3d10e8a291632458b1145cfcd07e3888b53a192e812c3a3ac9d2119eef66757e087f4cdbc63c4bb722fa5bf37a91bcdb791755ea1ac53402e531161fe1bac5f9b8af4777483f584c426589962e365041533b2045de62c49fc538e7a85e00f444a5,gx-no-cache=1489671433317 HTTP/1.1" 200 29
192.168.10.96 - - [16/Mar/2017:09:42:31 -0300] "POST /cormun/servlet/solicitudot?gx-no-cache=1489671433339 HTTP/1.1" 200 1274
192.168.10.96 - - [16/Mar/2017:09:42:31 -0300] "POST /cormun/servlet/solicitudot?gx-no-cache=1489671433373 HTTP/1.1" 200 1157
192.168.10.96 - - [16/Mar/2017:09:42:31 -0300] "GET /cormun/servlet/solicitudot?75bffc11f3b00bcdabf5148b4939e77822cd676c4c0ac5b3cedf1d12d27105af94839321f92ad1906ce7a8ba2f5a293a368d3e9bc38e00ea5d10c2b527035d3be1c57aa3d73840cbad03eed50e44e7a35cede1f0b1c44dacb1f314e0ef180e998e4e834353748a9b391895d1d87f56eb4780dfdd9809dfc0a59f07adc4e1f98d28960578818607ced4a4c854b154e1a99c219c9e34bf68cd465aa36b2e1712382172b46030b2beec3c5ec71ddb99206a,gx-no-cache=1489671433408 HTTP/1.1" 200 30
192.168.10.60 - - [16/Mar/2017:09:42:34 -0300] "POST /cormun/servlet/trautorizarot?b08456dffb0ca7bd999863938ccfad21,,gx-no-cache=1489667407120 HTTP/1.1" 200 22577
192.168.10.96 - - [16/Mar/2017:09:42:37 -0300] "POST /cormun/servlet/solicitudot?30ac563c0a6046421c4923fed65dfbe7,UPD,2017,5091,,gx-no-cache=1489671439476 HTTP/1.1" 200 90
192.168.10.96 - - [16/Mar/2017:09:42:37 -0300] "GET /cormun/servlet/hpexe_link HTTP/1.1" 200 968
192.168.10.96 - - [16/Mar/2017:09:42:37 -0300] "GET /cormun/servlet/trsolicitudot HTTP/1.1" 200 8967
192.168.10.96 - - [16/Mar/2017:09:42:38 -0300] "GET /cormun/servlet/trsolicitudot HTTP/1.1" 200 8966
192.168.10.96 - - [16/Mar/2017:09:42:41 -0300] "POST /cormun/servlet/trsolicitudot?30ac563c0a6046421c4923fed65dfbe7,gx-no-cache=1489671443125 HTTP/1.1" 200 105
192.168.10.96 - - [16/Mar/2017:09:42:41 -0300] "GET /cormun/servlet/solicitudot?DLT,2017,5161, HTTP/1.1" 200 9717
192.168.10.96 - - [16/Mar/2017:09:42:41 -0300] "GET /cormun/static/Shared/jqueryui/images/ui-bg_highlight-soft_100_c6c2c8_1x100.png HTTP/1.1" 404 1117
192.168.10.96 - - [16/Mar/2017:09:42:41 -0300] "GET /cormun/static/Shared/jqueryui/images/ui-icons_82798d_256x240.png HTTP/1.1" 404 1089
192.168.10.96 - - [16/Mar/2017:09:42:41 -0300] "GET /cormun/static/Shared/jqueryui/images/ui-icons_8d78a5_256x240.png HTTP/1.1" 404 1089
192.168.10.96 - - [16/Mar/2017:09:42:41 -0300] "GET /cormun/static/Shared/jqueryui/images/ui-bg_flat_55_fafafa_40x100.png HTTP/1.1" 404 1097
192.168.10.96 - - [16/Mar/2017:09:42:41 -0300] "GET /cormun/servlet/solicitudot?DLT,2017,5161, HTTP/1.1" 200 9727
192.168.10.96 - - [16/Mar/2017:09:42:57 -0300] "POST /cormun/servlet/solicitudot?30ac563c0a6046421c4923fed65dfbe7,DLT,2017,5161,,gx-no-cache=1489671458888 HTTP/1.1" 200 90
192.168.10.96 - - [16/Mar/2017:09:42:57 -0300] "GET /cormun/servlet/hpexe_link HTTP/1.1" 200 968
192.168.10.96 - - [16/Mar/2017:09:42:57 -0300] "GET /cormun/servlet/trsolicitudot HTTP/1.1" 200 8967
192.168.10.60 - - [16/Mar/2017:09:42:57 -0300] "POST /cormun/servlet/trautorizarot?b08456dffb0ca7bd999863938ccfad21,,gx-no-cache=1489667430065 HTTP/1.1" 200 22531
192.168.10.96 - - [16/Mar/2017:09:42:57 -0300] "GET /cormun/servlet/trsolicitudot HTTP/1.1" 200 8966
192.168.10.96 - - [16/Mar/2017:09:43:02 -0300] "POST /cormun/servlet/trsolicitudot?30ac563c0a6046421c4923fed65dfbe7,gx-no-cache=1489671464331 HTTP/1.1" 200 105
192.168.10.96 - - [16/Mar/2017:09:43:02 -0300] "GET /cormun/servlet/solicitudot?DLT,2017,5091, HTTP/1.1" 200 9702
192.168.10.96 - - [16/Mar/2017:09:43:02 -0300] "GET /cormun/static/Shared/jqueryui/images/ui-icons_82798d_256x240.png HTTP/1.1" 404 1089
192.168.10.96 - - [16/Mar/2017:09:43:02 -0300] "GET /cormun/static/Shared/jqueryui/images/ui-bg_highlight-soft_100_c6c2c8_1x100.png HTTP/1.1" 404 1117
192.168.10.96 - - [16/Mar/2017:09:43:02 -0300] "GET /cormun/static/Shared/jqueryui/images/ui-icons_8d78a5_256x240.png HTTP/1.1" 404 1089
192.168.10.96 - - [16/Mar/2017:09:43:02 -0300] "GET /cormun/static/Shared/jqueryui/images/ui-bg_flat_55_fafafa_40x100.png HTTP/1.1" 404 1097
192.168.10.96 - - [16/Mar/2017:09:43:03 -0300] "GET /cormun/servlet/solicitudot?DLT,2017,5091, HTTP/1.1" 200 9711
192.168.10.96 - - [16/Mar/2017:09:43:10 -0300] "POST /cormun/servlet/solicitudot?30ac563c0a6046421c4923fed65dfbe7,DLT,2017,5091,,gx-no-cache=1489671472030 HTTP/1.1" 200 90
192.168.10.96 - - [16/Mar/2017:09:43:10 -0300] "GET /cormun/servlet/hpexe_link HTTP/1.1" 200 968
192.168.10.96 - - [16/Mar/2017:09:43:10 -0300] "GET /cormun/servlet/trsolicitudot HTTP/1.1" 200 8967
192.168.10.96 - - [16/Mar/2017:09:43:10 -0300] "GET /cormun/servlet/trsolicitudot HTTP/1.1" 200 8966
192.168.10.60 - - [16/Mar/2017:09:43:40 -0300] "POST /cormun/servlet/trautorizarot?b08456dffb0ca7bd999863938ccfad21,,gx-no-cache=1489667472752 HTTP/1.1" 200 21827
192.168.10.96 - - [16/Mar/2017:09:43:40 -0300] "POST /cormun/servlet/trsolicitudot?30ac563c0a6046421c4923fed65dfbe7,gx-no-cache=1489671502009 HTTP/1.1" 200 8534
192.168.10.60 - - [16/Mar/2017:09:43:49 -0300] "POST /cormun/servlet/trautorizarot?b08456dffb0ca7bd999863938ccfad21,,gx-no-cache=1489667481970 HTTP/1.1" 200 21458
186.79.248.208 - - [16/Mar/2017:09:44:12 -0300] "GET /cormun/servlet/trpermisosadjuntos?15104832,20170315110800,P, HTTP/1.1" 200 6086
186.79.248.208 - - [16/Mar/2017:09:44:12 -0300] "GET /cormun/static/Resources/Spanish/PXTools.css?1242369 HTTP/1.1" 304 -
186.79.248.208 - - [16/Mar/2017:09:44:12 -0300] "GET /cormun/static/gxcfg.js?20173151352052 HTTP/1.1" 200 953
186.79.248.208 - - [16/Mar/2017:09:44:12 -0300] "GET /cormun/static/trpermisosadjuntos.js?20173151352322 HTTP/1.1" 200 20048
186.79.248.208 - - [16/Mar/2017:09:44:13 -0300] "GET /cormun/servlet/trpermisosadjuntos?15104832,20170315110800,P, HTTP/1.1" 200 6086
192.168.10.96 - - [16/Mar/2017:09:44:16 -0300] "POST /cormun/servlet/trsolicitudot?30ac563c0a6046421c4923fed65dfbe7,gx-no-cache=1489671538433 HTTP/1.1" 200 105
192.168.10.96 - - [16/Mar/2017:09:44:16 -0300] "GET /cormun/servlet/solicitudot?DLT,2017,5161, HTTP/1.1" 200 9717
192.168.10.96 - - [16/Mar/2017:09:44:17 -0300] "GET /cormun/static/Shared/jqueryui/images/ui-bg_highlight-soft_100_c6c2c8_1x100.png HTTP/1.1" 404 1117
192.168.10.96 - - [16/Mar/2017:09:44:17 -0300] "GET /cormun/static/Shared/jqueryui/images/ui-icons_82798d_256x240.png HTTP/1.1" 404 1089
192.168.10.96 - - [16/Mar/2017:09:44:17 -0300] "GET /cormun/static/Shared/jqueryui/images/ui-bg_flat_55_fafafa_40x100.png HTTP/1.1" 404 1097
192.168.10.96 - - [16/Mar/2017:09:44:17 -0300] "GET /cormun/static/Shared/jqueryui/images/ui-icons_8d78a5_256x240.png HTTP/1.1" 404 1089
192.168.10.96 - - [16/Mar/2017:09:44:17 -0300] "GET /cormun/servlet/solicitudot?DLT,2017,5161, HTTP/1.1" 200 9727
186.79.248.208 - - [16/Mar/2017:09:44:19 -0300] "GET /cormun/servlet/permisosadjuntos?INS,15104832,P,20170315110800,, HTTP/1.1" 200 5423
186.79.248.208 - - [16/Mar/2017:09:44:19 -0300] "GET /cormun/static/Resources/Spanish/PXTools.css?18365030 HTTP/1.1" 304 -
186.79.248.208 - - [16/Mar/2017:09:44:19 -0300] "GET /cormun/static/permisosadjuntos.js?2016122813135797 HTTP/1.1" 200 8721
186.79.248.208 - - [16/Mar/2017:09:44:19 -0300] "GET /cormun/static/about:blank HTTP/1.1" 404 1011
192.168.10.60 - - [16/Mar/2017:09:44:20 -0300] "POST /cormun/servlet/trautorizarot?b08456dffb0ca7bd999863938ccfad21,,gx-no-cache=1489667512869 HTTP/1.1" 200 20168
186.79.248.208 - - [16/Mar/2017:09:44:20 -0300] "GET /cormun/servlet/permisosadjuntos?INS,15104832,P,20170315110800,, HTTP/1.1" 200 5416
192.168.10.96 - - [16/Mar/2017:09:44:49 -0300] "POST /cormun/servlet/solicitudot?30ac563c0a6046421c4923fed65dfbe7,DLT,2017,5161,,gx-no-cache=1489671570936 HTTP/1.1" 200 93
192.168.10.96 - - [16/Mar/2017:09:44:49 -0300] "GET /cormun/servlet/hpexe_return? HTTP/1.1" 200 1033
192.168.10.96 - - [16/Mar/2017:09:44:49 -0300] "GET /cormun/servlet/trsolicitudot?gx-no-cache=1489671502009 HTTP/1.1" 200 11518
192.168.10.96 - - [16/Mar/2017:09:44:50 -0300] "GET /cormun/servlet/trsolicitudot?gx-no-cache=1489671502009 HTTP/1.1" 200 11534
192.168.10.89 - - [16/Mar/2017:09:44:50 -0300] "POST /cormun/servlet/hlogin?479e8598b0bc0d762ddd2b2c2163ca30,gx-no-cache=1489671572284 HTTP/1.1" 200 90
192.168.10.89 - - [16/Mar/2017:09:44:50 -0300] "GET /cormun/servlet/hpexe_link HTTP/1.1" 200 950
192.168.10.89 - - [16/Mar/2017:09:44:50 -0300] "GET /cormun/servlet/hhome HTTP/1.1" 200 4387
192.168.10.89 - - [16/Mar/2017:09:44:51 -0300] "GET /cormun/servlet/hhome HTTP/1.1" 200 4384
186.79.248.208 - - [16/Mar/2017:09:44:52 -0300] "POST /cormun/servlet/permisosadjuntos?aaeeb840da32fa1ffff1bc7c164cb4da,INS,15104832,P,20170315110800,, HTTP/1.1" 200 116
186.79.248.208 - - [16/Mar/2017:09:44:52 -0300] "GET /cormun/servlet/hpexe_return? HTTP/1.1" 200 1036
186.79.248.208 - - [16/Mar/2017:09:44:52 -0300] "GET /cormun/static/hpexe_return.js?2016101716175153 HTTP/1.1" 304 -
186.79.248.208 - - [16/Mar/2017:09:44:53 -0300] "GET /cormun/servlet/trpermisosadjuntos?15104832,20170315110800,P, HTTP/1.1" 200 6571
186.79.248.208 - - [16/Mar/2017:09:44:55 -0300] "GET /cormun/servlet/trpermisosadjuntos?15104832,20170315110800,P, HTTP/1.1" 200 6568
192.168.10.96 - - [16/Mar/2017:09:44:56 -0300] "POST /cormun/servlet/trsolicitudot?30ac563c0a6046421c4923fed65dfbe7,gx-no-cache=1489671502009,gx-no-cache=1489671578297 HTTP/1.1" 200 8276
192.168.10.96 - - [16/Mar/2017:09:44:56 -0300] "GET /cormun/static/Shared/jqueryui/images/ui-bg_highlight-soft_100_c6c2c8_1x100.png HTTP/1.1" 404 1117
192.168.10.96 - - [16/Mar/2017:09:44:56 -0300] "GET /cormun/static/Shared/jqueryui/images/ui-icons_82798d_256x240.png HTTP/1.1" 404 1089
192.168.10.96 - - [16/Mar/2017:09:44:56 -0300] "GET /cormun/static/Shared/jqueryui/images/ui-icons_8d78a5_256x240.png HTTP/1.1" 404 1089
192.168.10.96 - - [16/Mar/2017:09:44:56 -0300] "GET /cormun/static/Shared/jqueryui/images/ui-bg_flat_55_fafafa_40x100.png HTTP/1.1" 404 1097
192.168.10.96 - - [16/Mar/2017:09:44:56 -0300] "POST /cormun/servlet/trsolicitudot?30ac563c0a6046421c4923fed65dfbe7,gx-no-cache=1489671502009,gx-no-cache=1489671578662 HTTP/1.1" 200 8216
186.103.248.213 - - [16/Mar/2017:09:44:59 -0300] "POST /cormun/servlet/trlicencias?a5d5441c419290a0d9843d920dc1ce39,gx-no-cache=1489668364111 HTTP/1.1" 200 4072
186.103.248.213 - - [16/Mar/2017:09:45:02 -0300] "GET /cormun/static/Shared/jqueryui/images/ui-bg_highlight-soft_100_c6c2c8_1x100.png HTTP/1.1" 404 1117
186.103.248.213 - - [16/Mar/2017:09:45:02 -0300] "GET /cormun/static/Shared/jqueryui/images/ui-icons_82798d_256x240.png HTTP/1.1" 404 1089
186.103.248.213 - - [16/Mar/2017:09:45:02 -0300] "GET /cormun/static/Shared/jqueryui/images/ui-icons_8d78a5_256x240.png HTTP/1.1" 404 1089
200.112.49.240 - - [16/Mar/2017:09:45:02 -0300] "GET /cormun/static/Shared/jqueryui/images/ui-bg_flat_55_fafafa_40x100.png HTTP/1.1" 404 1097
192.168.10.96 - - [16/Mar/2017:09:45:04 -0300] "GET /cormun/servlet/trautorizarsolicitud? HTTP/1.1" 200 8354
192.168.10.96 - - [16/Mar/2017:09:45:04 -0300] "GET /cormun/servlet/trautorizarsolicitud? HTTP/1.1" 200 8333
186.79.248.208 - - [16/Mar/2017:09:45:05 -0300] "POST /cormun/servlet/trpermisosadjuntos?aaeeb840da32fa1ffff1bc7c164cb4da,15104832,20170315110800,P,,gx-no-cache=1489671829654 HTTP/1.1" 200 90
186.79.248.208 - - [16/Mar/2017:09:45:05 -0300] "GET /cormun/servlet/hpexe_link HTTP/1.1" 200 982
186.79.248.208 - - [16/Mar/2017:09:45:05 -0300] "GET /cormun/static/gxcfg.js?20173151304587 HTTP/1.1" 304 -
186.79.248.208 - - [16/Mar/2017:09:45:06 -0300] "GET /cormun/static/hpexe_link.js?20173151304590 HTTP/1.1" 304 -
186.79.248.208 - - [16/Mar/2017:09:45:06 -0300] "GET /cormun/servlet/trpermisosgoce HTTP/1.1" 200 8680
186.79.248.208 - - [16/Mar/2017:09:45:08 -0300] "GET /cormun/servlet/trpermisosgoce HTTP/1.1" 200 8678
186.79.248.208 - - [16/Mar/2017:09:45:12 -0300] "POST /cormun/servlet/trpermisosgoce?aaeeb840da32fa1ffff1bc7c164cb4da,gx-no-cache=1489671837018 HTTP/1.1" 200 5836
186.79.248.208 - - [16/Mar/2017:09:45:12 -0300] "GET /cormun/static/Shared/jqueryui/images/ui-bg_highlight-soft_100_c6c2c8_1x100.png HTTP/1.1" 404 1117
186.79.248.208 - - [16/Mar/2017:09:45:12 -0300] "GET /cormun/static/Shared/jqueryui/images/ui-icons_82798d_256x240.png HTTP/1.1" 404 1089
186.79.248.208 - - [16/Mar/2017:09:45:13 -0300] "GET /cormun/static/Shared/jqueryui/images/ui-bg_flat_55_fafafa_40x100.png HTTP/1.1" 404 1097
186.79.248.208 - - [16/Mar/2017:09:45:13 -0300] "GET /cormun/static/Shared/jqueryui/images/ui-icons_8d78a5_256x240.png HTTP/1.1" 404 1089
192.168.10.96 - - [16/Mar/2017:09:45:16 -0300] "POST /cormun/servlet/trautorizarsolicitud?30ac563c0a6046421c4923fed65dfbe7,,gx-no-cache=1489671598180 HTTP/1.1" 200 115
192.168.10.96 - - [16/Mar/2017:09:45:16 -0300] "GET /cormun/servlet/solicitudotlog?INS,2017,5160,0,ANU, HTTP/1.1" 200 5892
192.168.10.96 - - [16/Mar/2017:09:45:16 -0300] "GET /cormun/servlet/solicitudotlog?INS,2017,5160,0,ANU, HTTP/1.1" 200 5891
192.168.10.96 - - [16/Mar/2017:09:45:17 -0300] "GET /cormun/servlet/solicitudotlog?75bffc11f3b00bcdabf5148b4939e7784194f3281142388da754da3a0ee4578d9f43f9a4842cc8a444759274d8eb3c714eeee050fb9f18d0d5ae3e2500fe337ff46b1c8cc686e60d9973493a13fc5bd17fdb28cccceb1309ab02253b393a9d083b46541a998a008a1859a62c450a085c2d695db417a501799492d4f5d2c31467ae3acab7635247adb911b864c3ab5e8ac20cf5bd5810f124c7bfdbc1eb1764e6,gx-no-cache=1489671599173 HTTP/1.1" 200 94
186.79.248.208 - - [16/Mar/2017:09:45:20 -0300] "POST /cormun/servlet/trpermisosgoce?aaeeb840da32fa1ffff1bc7c164cb4da,gx-no-cache=1489671845260 HTTP/1.1" 200 5585
192.168.10.96 - - [16/Mar/2017:09:45:21 -0300] "POST /cormun/servlet/solicitudotlog?30ac563c0a6046421c4923fed65dfbe7,INS,2017,5160,0,ANU,,gx-no-cache=1489671602971 HTTP/1.1" 200 93
192.168.10.96 - - [16/Mar/2017:09:45:21 -0300] "GET /cormun/servlet/hpexe_return? HTTP/1.1" 200 1027
192.168.10.96 - - [16/Mar/2017:09:45:21 -0300] "GET /cormun/servlet/trautorizarsolicitud HTTP/1.1" 200 7039
192.168.10.89 - - [16/Mar/2017:09:45:21 -0300] "GET /cormun/servlet/trsolicitudgral? HTTP/1.1" 200 24800
192.168.10.89 - - [16/Mar/2017:09:45:21 -0300] "GET /cormun/static/gxcfg.js?201732110400 HTTP/1.1" 304 -
192.168.10.89 - - [16/Mar/2017:09:45:21 -0300] "GET /cormun/static/trsolicitudgral.js?2017321104863 HTTP/1.1" 304 -
192.168.10.96 - - [16/Mar/2017:09:45:21 -0300] "GET /cormun/servlet/trautorizarsolicitud HTTP/1.1" 200 7035
192.168.10.96 - - [16/Mar/2017:09:45:25 -0300] "GET /cormun/servlet/trsolicitudot? HTTP/1.1" 200 11247
192.168.10.96 - - [16/Mar/2017:09:45:26 -0300] "GET /cormun/servlet/trsolicitudot? HTTP/1.1" 200 11247
186.79.248.208 - - [16/Mar/2017:09:45:26 -0300] "POST /cormun/servlet/trpermisosgoce?aaeeb840da32fa1ffff1bc7c164cb4da,gx-no-cache=1489671851347 HTTP/1.1" 200 5382
192.168.10.89 - - [16/Mar/2017:09:45:28 -0300] "GET /cormun/static/menuarrow.gif HTTP/1.1" 404 1015
186.79.248.208 - - [16/Mar/2017:09:45:30 -0300] "POST /cormun/servlet/trpermisosgoce?aaeeb840da32fa1ffff1bc7c164cb4da,gx-no-cache=1489671855285 HTTP/1.1" 200 5175
186.79.248.208 - - [16/Mar/2017:09:45:34 -0300] "POST /cormun/servlet/trpermisosgoce?aaeeb840da32fa1ffff1bc7c164cb4da,gx-no-cache=1489671858452 HTTP/1.1" 200 4964
192.168.10.89 - - [16/Mar/2017:09:45:35 -0300] "POST /cormun/servlet/trsolicitudgral?479e8598b0bc0d762ddd2b2c2163ca30,,gx-no-cache=1489671615126 HTTP/1.1" 200 22372
192.168.10.96 - - [16/Mar/2017:09:45:37 -0300] "POST /cormun/servlet/trsolicitudot?30ac563c0a6046421c4923fed65dfbe7,,gx-no-cache=1489671619622 HTTP/1.1" 200 7960
192.168.10.96 - - [16/Mar/2017:09:45:37 -0300] "GET /cormun/static/Shared/jqueryui/images/ui-bg_highlight-soft_100_c6c2c8_1x100.png HTTP/1.1" 404 1117
192.168.10.96 - - [16/Mar/2017:09:45:37 -0300] "GET /cormun/static/Shared/jqueryui/images/ui-icons_82798d_256x240.png HTTP/1.1" 404 1089
192.168.10.96 - - [16/Mar/2017:09:45:38 -0300] "GET /cormun/static/Shared/jqueryui/images/ui-icons_8d78a5_256x240.png HTTP/1.1" 404 1089
192.168.10.96 - - [16/Mar/2017:09:45:38 -0300] "GET /cormun/static/Shared/jqueryui/images/ui-bg_flat_55_fafafa_40x100.png HTTP/1.1" 404 1097
192.168.10.96 - - [16/Mar/2017:09:45:38 -0300] "POST /cormun/servlet/trsolicitudot?30ac563c0a6046421c4923fed65dfbe7,,gx-no-cache=1489671619965 HTTP/1.1" 200 7903
186.79.248.208 - - [16/Mar/2017:09:45:38 -0300] "POST /cormun/servlet/trpermisosgoce?aaeeb840da32fa1ffff1bc7c164cb4da,gx-no-cache=1489671861821 HTTP/1.1" 200 4713
192.168.10.96 - - [16/Mar/2017:09:45:40 -0300] "GET /cormun/servlet/trautorizarsolicitud? HTTP/1.1" 200 8334
186.79.248.208 - - [16/Mar/2017:09:45:40 -0300] "POST /cormun/servlet/trpermisosgoce?aaeeb840da32fa1ffff1bc7c164cb4da,gx-no-cache=1489671865023 HTTP/1.1" 200 3980
192.168.10.96 - - [16/Mar/2017:09:45:40 -0300] "GET /cormun/servlet/trautorizarsolicitud? HTTP/1.1" 200 8334
192.168.10.89 - - [16/Mar/2017:09:45:45 -0300] "POST /cormun/servlet/trsolicitudgral?479e8598b0bc0d762ddd2b2c2163ca30,,gx-no-cache=1489671626853 HTTP/1.1" 200 7471
192.168.10.96 - - [16/Mar/2017:09:45:45 -0300] "POST /cormun/servlet/trautorizarsolicitud?30ac563c0a6046421c4923fed65dfbe7,,gx-no-cache=1489671627506 HTTP/1.1" 200 115
192.168.10.96 - - [16/Mar/2017:09:45:45 -0300] "GET /cormun/servlet/solicitudotlog?INS,2017,5161,0,ANU, HTTP/1.1" 200 5892
192.168.10.96 - - [16/Mar/2017:09:45:46 -0300] "GET /cormun/servlet/solicitudotlog?INS,2017,5161,0,ANU, HTTP/1.1" 200 5891
192.168.10.96 - - [16/Mar/2017:09:45:46 -0300] "GET /cormun/servlet/solicitudotlog?75bffc11f3b00bcdabf5148b4939e778b9763d6d386a4d7354968e0d03c804549f43f9a4842cc8a444759274d8eb3c714eeee050fb9f18d0d5ae3e2500fe337ff46b1c8cc686e60d9973493a13fc5bd17fdb28cccceb1309ab02253b393a9d083b46541a998a008a1859a62c450a085c2d695db417a501799492d4f5d2c31467ae3acab7635247adb911b864c3ab5e8ac20cf5bd5810f124c7bfdbc1eb1764e6,gx-no-cache=1489671628481 HTTP/1.1" 200 94
192.168.10.96 - - [16/Mar/2017:09:45:50 -0300] "POST /cormun/servlet/solicitudotlog?30ac563c0a6046421c4923fed65dfbe7,INS,2017,5161,0,ANU,,gx-no-cache=1489671632515 HTTP/1.1" 200 93
192.168.10.96 - - [16/Mar/2017:09:45:50 -0300] "GET /cormun/servlet/hpexe_return? HTTP/1.1" 200 1026
192.168.10.96 - - [16/Mar/2017:09:45:50 -0300] "GET /cormun/servlet/trautorizarsolicitud HTTP/1.1" 200 7039
192.168.10.96 - - [16/Mar/2017:09:45:51 -0300] "GET /cormun/servlet/trautorizarsolicitud HTTP/1.1" 200 7035
192.168.10.96 - - [16/Mar/2017:09:45:53 -0300] "GET /cormun/servlet/trsolicitudot? HTTP/1.1" 200 10867
192.168.10.96 - - [16/Mar/2017:09:45:53 -0300] "GET /cormun/servlet/trsolicitudot? HTTP/1.1" 200 10866
192.168.10.96 - - [16/Mar/2017:09:45:58 -0300] "POST /cormun/servlet/trsolicitudot?30ac563c0a6046421c4923fed65dfbe7,,gx-no-cache=1489671639910 HTTP/1.1" 200 7586
192.168.10.96 - - [16/Mar/2017:09:45:58 -0300] "GET /cormun/static/Shared/jqueryui/images/ui-icons_82798d_256x240.png HTTP/1.1" 404 1089
192.168.10.96 - - [16/Mar/2017:09:45:58 -0300] "GET /cormun/static/Shared/jqueryui/images/ui-bg_highlight-soft_100_c6c2c8_1x100.png HTTP/1.1" 404 1117
192.168.10.96 - - [16/Mar/2017:09:45:58 -0300] "GET /cormun/static/Shared/jqueryui/images/ui-icons_8d78a5_256x240.png HTTP/1.1" 404 1089
192.168.10.96 - - [16/Mar/2017:09:45:58 -0300] "GET /cormun/static/Shared/jqueryui/images/ui-bg_flat_55_fafafa_40x100.png HTTP/1.1" 404 1097
192.168.10.96 - - [16/Mar/2017:09:45:58 -0300] "POST /cormun/servlet/trsolicitudot?30ac563c0a6046421c4923fed65dfbe7,,gx-no-cache=1489671640229 HTTP/1.1" 200 7529
186.79.248.208 - - [16/Mar/2017:09:45:59 -0300] "POST /cormun/servlet/trpermisosgoce?aaeeb840da32fa1ffff1bc7c164cb4da,gx-no-cache=1489671882414 HTTP/1.1" 200 5856
192.168.10.96 - - [16/Mar/2017:09:46:00 -0300] "GET /cormun/servlet/trautorizarsolicitud? HTTP/1.1" 200 8325
192.168.10.96 - - [16/Mar/2017:09:46:00 -0300] "GET /cormun/servlet/trautorizarsolicitud? HTTP/1.1" 200 8325
192.168.10.60 - - [16/Mar/2017:09:46:03 -0300] "POST /cormun/servlet/trautorizarot?b08456dffb0ca7bd999863938ccfad21,,gx-no-cache=1489667615786 HTTP/1.1" 200 17859
192.168.10.96 - - [16/Mar/2017:09:46:05 -0300] "POST /cormun/servlet/trautorizarsolicitud?30ac563c0a6046421c4923fed65dfbe7,,gx-no-cache=1489671647564 HTTP/1.1" 200 115
192.168.10.96 - - [16/Mar/2017:09:46:05 -0300] "GET /cormun/servlet/solicitudotlog?INS,2017,5091,0,ANU, HTTP/1.1" 200 5892
192.168.10.96 - - [16/Mar/2017:09:46:06 -0300] "GET /cormun/servlet/solicitudotlog?INS,2017,5091,0,ANU, HTTP/1.1" 200 5892
192.168.10.96 - - [16/Mar/2017:09:46:06 -0300] "GET /cormun/servlet/solicitudotlog?75bffc11f3b00bcdabf5148b4939e778251440c4df5202ad042ba9abed940b229f43f9a4842cc8a444759274d8eb3c714eeee050fb9f18d0d5ae3e2500fe337ff46b1c8cc686e60d9973493a13fc5bd17fdb28cccceb1309ab02253b393a9d083b46541a998a008a1859a62c450a085c2d695db417a501799492d4f5d2c31467ae3acab7635247adb911b864c3ab5e8ac20cf5bd5810f124c7bfdbc1eb1764e6,gx-no-cache=1489671648469 HTTP/1.1" 200 94
192.168.10.96 - - [16/Mar/2017:09:46:10 -0300] "POST /cormun/servlet/solicitudotlog?30ac563c0a6046421c4923fed65dfbe7,INS,2017,5091,0,ANU,,gx-no-cache=1489671652009 HTTP/1.1" 200 93
192.168.10.96 - - [16/Mar/2017:09:46:10 -0300] "GET /cormun/servlet/hpexe_return? HTTP/1.1" 200 1027
192.168.10.96 - - [16/Mar/2017:09:46:10 -0300] "GET /cormun/servlet/trautorizarsolicitud HTTP/1.1" 200 7039
192.168.10.96 - - [16/Mar/2017:09:46:10 -0300] "GET /cormun/servlet/trautorizarsolicitud HTTP/1.1" 200 7035
192.168.10.96 - - [16/Mar/2017:09:46:13 -0300] "GET /cormun/servlet/trsolicitudot? HTTP/1.1" 200 10475
192.168.10.96 - - [16/Mar/2017:09:46:14 -0300] "GET /cormun/servlet/trsolicitudot? HTTP/1.1" 200 10474
192.168.10.96 - - [16/Mar/2017:09:46:21 -0300] "GET /cormun/servlet/solicitudot?INS,0,0, HTTP/1.1" 200 12923
192.168.10.96 - - [16/Mar/2017:09:46:21 -0300] "GET /cormun/servlet/solicitudot?INS,0,0, HTTP/1.1" 200 12928
186.79.248.208 - - [16/Mar/2017:09:46:24 -0300] "GET /cormun/servlet/hlogin HTTP/1.1" 200 1719
186.79.248.208 - - [16/Mar/2017:09:46:24 -0300] "GET /cormun/static/gxcfg.js?20173151305376 HTTP/1.1" 304 -
186.79.248.208 - - [16/Mar/2017:09:46:24 -0300] "GET /cormun/static/hlogin.js?20173151305393 HTTP/1.1" 304 -
192.168.10.96 - - [16/Mar/2017:09:46:32 -0300] "GET /cormun/servlet/prfichaempleado?,MD,,gxPopupLevel%3D0%3B HTTP/1.1" 200 8995
192.168.10.60 - - [16/Mar/2017:09:46:36 -0300] "POST /cormun/servlet/trautorizarot?b08456dffb0ca7bd999863938ccfad21,,gx-no-cache=1489667648707 HTTP/1.1" 200 17263
192.168.10.96 - - [16/Mar/2017:09:46:39 -0300] "POST /cormun/servlet/prfichaempleado?30ac563c0a6046421c4923fed65dfbe7,,MD,,gxPopupLevel%3D0%3B,gx-no-cache=1489671681319 HTTP/1.1" 200 3400
192.168.10.96 - - [16/Mar/2017:09:46:43 -0300] "POST /cormun/servlet/solicitudot?gx-no-cache=1489671685099 HTTP/1.1" 200 3184
192.168.10.96 - - [16/Mar/2017:09:46:43 -0300] "POST /cormun/servlet/solicitudot?30ac563c0a6046421c4923fed65dfbe7,INS,0,0,,gx-no-cache=1489671685227 HTTP/1.1" 200 9959
192.168.10.96 - - [16/Mar/2017:09:46:45 -0300] "GET /cormun/servlet/solicitudot?75bffc11f3b00bcdabf5148b4939e778c49b5e6e91ce55dfde6b057e5e7f801e3969ba701dd66d6515200cfa80ade0a6,gx-no-cache=1489671687488 HTTP/1.1" 200 30
192.168.10.96 - - [16/Mar/2017:09:46:45 -0300] "POST /cormun/servlet/solicitudot?gx-no-cache=1489671687539 HTTP/1.1" 200 240
192.168.10.96 - - [16/Mar/2017:09:46:45 -0300] "GET /cormun/servlet/solicitudot?75bffc11f3b00bcdabf5148b4939e778bdde0e4e792bc43bae321460e0d6f34bb415c7d9116dd0bf4b9273298897a3d0e45e73acae5d9d3825cb31ebba4b7a67715bb2bdc7225c66aa52d2a837935a9791ddb5ce2e14fe15c15da2cbeda6f3a1adf86a6117d71f4e4f083b0b4b95a3ef30da45f241ad41edbdb814f43c5c8a5a9492a730a200e5c749f9e1f73814eba1cd1bd20511559eef692e38abf85bab09701ff8b16343c5ab235981b6afe97157c1a17355369cd702530ca5f40723b13d01459f45947b5192b02f1b607b7215b1444f3e71305b0896da9a819d008996f77ca583139cac4bb1eb2ed0c55090ad39a2f973522221200b82e293f67d77e6cab60ccea3900f7613a4ee337e6fac4dda9e97dbe3b3697edbb305fb5323627a7f39c4a1df56eda892bf1762083dfbc084cd3af741eae51a316ef53b1fbc6b55674b5b1aba487573d5a81f4573c1b0c497e8e14174189ef842253d99b47a2ab08b2d57e8fb9b28fe405a20fc4de317aaab3cb215a599c0166e58d346048af4d7fe,gx-no-cache=1489671687567 HTTP/1.1" 200 30
186.79.248.208 - - [16/Mar/2017:09:46:45 -0300] "POST /cormun/servlet/hlogin?aaeeb840da32fa1ffff1bc7c164cb4da,gx-no-cache=1489671930522 HTTP/1.1" 200 426
192.168.10.96 - - [16/Mar/2017:09:46:49 -0300] "POST /cormun/servlet/solicitudot?gx-no-cache=1489671691104 HTTP/1.1" 200 30
186.79.248.208 - - [16/Mar/2017:09:46:54 -0300] "POST /cormun/servlet/hlogin?aaeeb840da32fa1ffff1bc7c164cb4da,gx-no-cache=1489671939276 HTTP/1.1" 200 90
186.79.248.208 - - [16/Mar/2017:09:46:54 -0300] "GET /cormun/servlet/hpexe_link HTTP/1.1" 200 951
186.79.248.208 - - [16/Mar/2017:09:46:54 -0300] "GET /cormun/servlet/hhome HTTP/1.1" 200 3962
186.79.248.208 - - [16/Mar/2017:09:46:55 -0300] "GET /cormun/static/gxcfg.js?20173151304618 HTTP/1.1" 304 -
186.79.248.208 - - [16/Mar/2017:09:46:55 -0300] "GET /cormun/static/hhome.js?20173151304624 HTTP/1.1" 304 -
186.79.248.208 - - [16/Mar/2017:09:46:56 -0300] "GET /cormun/servlet/hhome HTTP/1.1" 200 3958
192.168.10.96 - - [16/Mar/2017:09:46:59 -0300] "GET /cormun/servlet/prfichaempleado?,MD,,gxPopupLevel%3D0%3B HTTP/1.1" 200 8995
192.168.10.60 - - [16/Mar/2017:09:47:02 -0300] "POST /cormun/servlet/trautorizarot?b08456dffb0ca7bd999863938ccfad21,,gx-no-cache=1489667675187 HTTP/1.1" 200 15735
192.168.10.89 - - [16/Mar/2017:09:47:02 -0300] "POST /cormun/servlet/trsolicitudgral?479e8598b0bc0d762ddd2b2c2163ca30,,gx-no-cache=1489671704516 HTTP/1.1" 200 7537
192.168.10.96 - - [16/Mar/2017:09:47:06 -0300] "POST /cormun/servlet/prfichaempleado?30ac563c0a6046421c4923fed65dfbe7,,MD,,gxPopupLevel%3D0%3B,gx-no-cache=1489671708303 HTTP/1.1" 200 3460
192.168.10.96 - - [16/Mar/2017:09:47:10 -0300] "POST /cormun/servlet/solicitudot?gx-no-cache=1489671712637 HTTP/1.1" 200 1291
192.168.10.96 - - [16/Mar/2017:09:47:11 -0300] "GET /cormun/servlet/prlicenciaspermisos?13946144,L,,MD,,gxPopupLevel%3D0%3B HTTP/1.1" 200 6796
186.79.248.208 - - [16/Mar/2017:09:47:15 -0300] "GET /cormun/servlet/trautorizarsolicitud? HTTP/1.1" 200 6887
192.168.10.96 - - [16/Mar/2017:09:47:17 -0300] "POST /cormun/servlet/solicitudot?gx-no-cache=1489671718857 HTTP/1.1" 200 20
