192.168.10.89 - - [16/Mar/2017:13:03:44 -0300] "GET /cormun/servlet/solicitudot?d0fbc29e840f102b69f5bcc056671a71d22853fa1c85a3296b16d86e804152205b4ca6fa96e4db93edfa93a56941ff8ee7da0edf04dadafbc02a9a0c3641a18a506c8427cb1f6d1172a825c6410205065659d0fda1d9656b383b2753cde12942bab6410996c711c97cfc213efc7fa11f50205ba0d2b8b0828d6291d2baeaca2820b2a11e0a94bb14ba745d0cf79ec9d4708ac1abe3978a5e1283b4f55cf6d73f15886b20d93f00f28e779761e4bae7bea2adcdfd43b7464cce14d1900d294c65b33bad39b02ba178b34321623d7a9f4c2479d3bdda3fa80dc5fadbf3c35048172ee227e4c714946a1ba669a4a372430a125274daf4e04c909e5cf3007ca58380df80d3a979cb1f04fc4a239be75e6997e892244152f7067cc740b7b13b6195ad9184b6bfe2afca144d0a34b0a7c39439bd7692f9c69651aed3148e47ee86168764bc0834f99ec3369e253e88a8a131b5fa1e0ab0eaef16d7f147944c304998c9fc35ba6b0adbe38c1902618006792688769f63e572b311cedaabeec94ef5e636,gx-no-cache=1489683506509 HTTP/1.1" 200 30
192.168.10.89 - - [16/Mar/2017:13:03:45 -0300] "POST /cormun/servlet/solicitudot?gx-no-cache=1489683507610 HTTP/1.1" 200 30
192.168.10.89 - - [16/Mar/2017:13:03:48 -0300] "GET /cormun/servlet/prcontratosol?6900874,,,,,MD,,gxPopupLevel%3D0%3B HTTP/1.1" 200 6009
192.168.10.89 - - [16/Mar/2017:13:03:49 -0300] "POST /cormun/servlet/solicitudot?gx-no-cache=1489683511705 HTTP/1.1" 200 1292
192.168.10.89 - - [16/Mar/2017:13:03:50 -0300] "POST /cormun/servlet/solicitudot?gx-no-cache=1489683511842 HTTP/1.1" 200 38
192.168.10.89 - - [16/Mar/2017:13:03:50 -0300] "GET /cormun/servlet/solicitudot?d0fbc29e840f102b69f5bcc056671a71bee3719d0cd82ece267baf8ebfc2c41243bbfdf24bda6249bd66b875eef7b54c321ce6a69a3161781c8c16963fc97232f75f61fe69efffd45237603d9c282df24f6d9621604b56aba598e563a9c2e749bca27870518c5113bd87359ab98eba0473eed9c1e60065c82be6fd4aa16d7a3bc8933e4e19797fd101068a462d7b220ef4d50a95ee56908fed26fe419db2e9bc51a61ab34bd699dd1c172ce7b6b8e68c27d201443cfdd93d1bb145af58fdf92d57cc50db18d6d464aac1e145c81bf28c,gx-no-cache=1489683511872 HTTP/1.1" 200 29
192.168.10.89 - - [16/Mar/2017:13:03:50 -0300] "POST /cormun/servlet/solicitudot?gx-no-cache=1489683511897 HTTP/1.1" 200 1275
192.168.10.89 - - [16/Mar/2017:13:03:50 -0300] "POST /cormun/servlet/solicitudot?gx-no-cache=1489683511937 HTTP/1.1" 200 1158
200.112.1.45 - - [16/Mar/2017:13:03:51 -0300] "POST /cormun/servlet/veautorizarsolicitud?2cc97f29395f4351316d9fd7f7315a0f,2017,5574,,,gx-no-cache=1489680297141 HTTP/1.1" 200 93
200.112.1.45 - - [16/Mar/2017:13:03:51 -0300] "GET /cormun/servlet/hpexe_return? HTTP/1.1" 200 1010
200.112.1.45 - - [16/Mar/2017:13:03:51 -0300] "GET /cormun/static/gxcfg.js?2016101716175148 HTTP/1.1" 304 -
200.112.1.45 - - [16/Mar/2017:13:03:51 -0300] "GET /cormun/static/hpexe_return.js?2016101716175153 HTTP/1.1" 304 -
200.112.1.45 - - [16/Mar/2017:13:03:51 -0300] "GET /cormun/servlet/trautorizarsolicitud HTTP/1.1" 200 8127
200.112.1.45 - - [16/Mar/2017:13:03:52 -0300] "GET /cormun/servlet/trautorizarsolicitud HTTP/1.1" 200 8123
200.112.1.45 - - [16/Mar/2017:13:03:55 -0300] "POST /cormun/servlet/trautorizarsolicitud?2cc97f29395f4351316d9fd7f7315a0f,gx-no-cache=1489680301172 HTTP/1.1" 200 4307
186.103.248.213 - - [16/Mar/2017:13:03:55 -0300] "GET /cormun/static/Shared/jqueryui/images/ui-icons_82798d_256x240.png HTTP/1.1" 404 1089
200.112.1.45 - - [16/Mar/2017:13:03:55 -0300] "GET /cormun/static/Shared/jqueryui/images/ui-bg_highlight-soft_100_c6c2c8_1x100.png HTTP/1.1" 404 1117
186.103.248.213 - - [16/Mar/2017:13:03:55 -0300] "GET /cormun/static/Shared/jqueryui/images/ui-bg_flat_55_fafafa_40x100.png HTTP/1.1" 404 1097
186.103.248.213 - - [16/Mar/2017:13:03:55 -0300] "GET /cormun/static/Shared/jqueryui/images/ui-icons_8d78a5_256x240.png HTTP/1.1" 404 1089
186.103.248.213 - - [16/Mar/2017:13:03:56 -0300] "POST /cormun/servlet/trautorizarsolicitud?2cc97f29395f4351316d9fd7f7315a0f,gx-no-cache=1489680301718 HTTP/1.1" 200 4094
192.168.10.89 - - [16/Mar/2017:13:03:56 -0300] "GET /cormun/servlet/solicitudot?d0fbc29e840f102b69f5bcc056671a71bee3719d0cd82ece267baf8ebfc2c41243bbfdf24bda6249bd66b875eef7b54cb30155ecb12d583fc91fe6e7c303c78ff75f61fe69efffd45237603d9c282df24f6d9621604b56aba598e563a9c2e749bca27870518c5113bd87359ab98eba0473eed9c1e60065c82be6fd4aa16d7a3bc8933e4e19797fd101068a462d7b220ef4d50a95ee56908fed26fe419db2e9bc51a61ab34bd699dd1c172ce7b6b8e68c27d201443cfdd93d1bb145af58fdf92d57cc50db18d6d464aac1e145c81bf28c,gx-no-cache=1489683518504 HTTP/1.1" 200 29
192.168.10.89 - - [16/Mar/2017:13:03:58 -0300] "POST /cormun/servlet/solicitudot?gx-no-cache=1489683519961 HTTP/1.1" 200 1275
192.168.10.89 - - [16/Mar/2017:13:03:58 -0300] "POST /cormun/servlet/solicitudot?gx-no-cache=1489683520005 HTTP/1.1" 200 1158
192.168.10.89 - - [16/Mar/2017:13:04:00 -0300] "GET /cormun/servlet/solicitudot?d0fbc29e840f102b69f5bcc056671a714b25e6ccc0fda06d6177f0ec0e4652b2b0d095694a5284ac323670cf56634afdff06b05a4b0f64024617b120eb32cc5405d97f137df0f733329b2a038528ef97f90b3723e0d825f259f3a53f8ad406b97a39fe4f07c9edb5b434a9233e6b855ba2aa51db8de23457f8ee93cb15813fb1b4c00fa0cf007e0653cbeb112f4adf5e7efb7ca2f6d265b724fe221c8e77ded0c10b2b6ea59ab106245ca7c125b663b7,gx-no-cache=1489683522391 HTTP/1.1" 200 30
186.103.248.213 - - [16/Mar/2017:13:04:00 -0300] "GET /cormun/servlet/trpermisosgoce? HTTP/1.1" 200 6719
186.103.248.213 - - [16/Mar/2017:13:04:00 -0300] "GET /cormun/static/gxcfg.js?2017315135730 HTTP/1.1" 200 953
186.103.248.213 - - [16/Mar/2017:13:04:01 -0300] "GET /cormun/static/trpermisosgoce.js?20173151351159 HTTP/1.1" 200 31909
186.103.248.213 - - [16/Mar/2017:13:04:02 -0300] "GET /cormun/servlet/trpermisosgoce? HTTP/1.1" 200 6718
186.103.248.213 - - [16/Mar/2017:13:04:03 -0300] "POST /cormun/servlet/acontrolpreferencessavestate?None,CKARLABS,true HTTP/1.1" 200 35
192.168.10.89 - - [16/Mar/2017:13:04:03 -0300] "POST /cormun/servlet/solicitudot?479e8598b0bc0d762ddd2b2c2163ca30,INS,0,0,,gx-no-cache=1489683525155 HTTP/1.1" 200 93
192.168.10.89 - - [16/Mar/2017:13:04:03 -0300] "GET /cormun/servlet/hpexe_return? HTTP/1.1" 200 1024
192.168.10.89 - - [16/Mar/2017:13:04:04 -0300] "GET /cormun/servlet/trsolicitudot?gx-no-cache=1489682915840 HTTP/1.1" 200 8812
192.168.10.89 - - [16/Mar/2017:13:04:08 -0300] "POST /cormun/servlet/trsolicitudot?479e8598b0bc0d762ddd2b2c2163ca30,gx-no-cache=1489682915840,gx-no-cache=1489683529892 HTTP/1.1" 200 5454
192.168.10.89 - - [16/Mar/2017:13:04:08 -0300] "POST /cormun/servlet/trsolicitudot?479e8598b0bc0d762ddd2b2c2163ca30,gx-no-cache=1489682915840,gx-no-cache=1489683530343 HTTP/1.1" 200 5397
192.168.10.89 - - [16/Mar/2017:13:04:08 -0300] "GET /cormun/static/Shared/jqueryui/images/ui-icons_8d78a5_256x240.png HTTP/1.1" 404 1089
192.168.10.89 - - [16/Mar/2017:13:04:08 -0300] "GET /cormun/static/Shared/jqueryui/images/ui-bg_flat_55_fafafa_40x100.png HTTP/1.1" 404 1097
192.168.10.89 - - [16/Mar/2017:13:04:08 -0300] "GET /cormun/static/Shared/jqueryui/images/ui-bg_highlight-soft_100_c6c2c8_1x100.png HTTP/1.1" 404 1117
186.103.248.213 - - [16/Mar/2017:13:04:08 -0300] "GET /cormun/static/menuarrow.gif HTTP/1.1" 404 1015
192.168.10.89 - - [16/Mar/2017:13:04:08 -0300] "GET /cormun/static/Shared/jqueryui/images/ui-icons_82798d_256x240.png HTTP/1.1" 404 1089
186.103.156.24 - - [16/Mar/2017:13:04:09 -0300] "GET /cormun/servlet/prfichaempleado?,MD,,gxPopupLevel%3D0%3B HTTP/1.1" 200 8861
192.168.10.89 - - [16/Mar/2017:13:04:10 -0300] "GET /cormun/servlet/solicitudot?INS,0,0, HTTP/1.1" 200 12867
192.168.10.89 - - [16/Mar/2017:13:04:17 -0300] "POST /cormun/servlet/solicitudot?gx-no-cache=1489683538882 HTTP/1.1" 200 3177
192.168.10.89 - - [16/Mar/2017:13:04:17 -0300] "POST /cormun/servlet/solicitudot?479e8598b0bc0d762ddd2b2c2163ca30,INS,0,0,,gx-no-cache=1489683539115 HTTP/1.1" 200 9992
192.168.10.89 - - [16/Mar/2017:13:04:19 -0300] "GET /cormun/servlet/solicitudot?d0fbc29e840f102b69f5bcc056671a71ccbb3fcb8a8caee1d9e79d7bd91090dead5b6e0222323e252a26f059fa3a0a78,gx-no-cache=1489683541313 HTTP/1.1" 200 30
192.168.10.89 - - [16/Mar/2017:13:04:19 -0300] "POST /cormun/servlet/solicitudot?gx-no-cache=1489683541350 HTTP/1.1" 200 255
192.168.10.89 - - [16/Mar/2017:13:04:19 -0300] "GET /cormun/servlet/solicitudot?d0fbc29e840f102b69f5bcc056671a71d22853fa1c85a3296b16d86e804152205b4ca6fa96e4db93edfa93a56941ff8ee7da0edf04dadafbc02a9a0c3641a18a506c8427cb1f6d1172a825c6410205065659d0fda1d9656b383b2753cde12942bab6410996c711c97cfc213efc7fa11f50205ba0d2b8b0828d6291d2baeaca2820b2a11e0a94bb14ba745d0cf79ec9d4708ac1abe3978a5e1283b4f55cf6d73f15886b20d93f00f28e779761e4bae7bea2adcdfd43b7464cce14d1900d294c65b33bad39b02ba178b34321623d7a9f4c2479d3bdda3fa80dc5fadbf3c35048172ee227e4c714946a1ba669a4a372430a125274daf4e04c909e5cf3007ca58380df80d3a979cb1f04fc4a239be75e6997e892244152f7067cc740b7b13b6195ad9184b6bfe2afca144d0a34b0a7c39439bd7692f9c69651aed3148e47ee86168764bc0834f99ec3369e253e88a8a131b5fa1e0ab0eaef16d7f147944c304998c9fc35ba6b0adbe38c1902618006792688769f63e572b311cedaabeec94ef5e636,gx-no-cache=1489683541383 HTTP/1.1" 200 30
192.168.10.89 - - [16/Mar/2017:13:04:20 -0300] "POST /cormun/servlet/solicitudot?gx-no-cache=1489683542618 HTTP/1.1" 200 30
192.168.10.89 - - [16/Mar/2017:13:04:22 -0300] "GET /cormun/servlet/prcontratosol?14026965,,,,,MD,,gxPopupLevel%3D0%3B HTTP/1.1" 200 6009
192.168.10.89 - - [16/Mar/2017:13:04:25 -0300] "POST /cormun/servlet/solicitudot?gx-no-cache=1489683546998 HTTP/1.1" 200 1291
192.168.10.89 - - [16/Mar/2017:13:04:25 -0300] "POST /cormun/servlet/solicitudot?gx-no-cache=1489683547136 HTTP/1.1" 200 38
192.168.10.89 - - [16/Mar/2017:13:04:25 -0300] "GET /cormun/servlet/solicitudot?d0fbc29e840f102b69f5bcc056671a71bee3719d0cd82ece267baf8ebfc2c41243bbfdf24bda6249bd66b875eef7b54c321ce6a69a3161781c8c16963fc97232f75f61fe69efffd45237603d9c282df24f6d9621604b56aba598e563a9c2e749bca27870518c5113bd87359ab98eba0473eed9c1e60065c82be6fd4aa16d7a3bc8933e4e19797fd101068a462d7b220ef4d50a95ee56908fed26fe419db2e9bc51a61ab34bd699dd1c172ce7b6b8e68c27d201443cfdd93d1bb145af58fdf92d57cc50db18d6d464aac1e145c81bf28c,gx-no-cache=1489683547165 HTTP/1.1" 200 29
192.168.10.89 - - [16/Mar/2017:13:04:25 -0300] "POST /cormun/servlet/solicitudot?gx-no-cache=1489683547190 HTTP/1.1" 200 1274
192.168.10.89 - - [16/Mar/2017:13:04:25 -0300] "POST /cormun/servlet/solicitudot?gx-no-cache=1489683547231 HTTP/1.1" 200 1156
186.103.156.24 - - [16/Mar/2017:13:04:25 -0300] "POST /cormun/servlet/prfichaempleado?b5d2bd163f3570a09de5080185295ef7,,MD,,gxPopupLevel%3D0%3B,gx-no-cache=1489684046626 HTTP/1.1" 200 3416
186.103.156.24 - - [16/Mar/2017:13:04:29 -0300] "GET /cormun/servlet/licenciaspermisos?1ccefaca2022ce4cfd9f73ad948107be86df1ea5c1f6496864098175cdbeed5f5ab2471588d916f285ad010da854e8903f9e3fb398822f96e75a0b86554d771938bcf5818c4ac18a1258f47e33b99e26,gx-no-cache=1489684050725 HTTP/1.1" 200 59
186.103.156.24 - - [16/Mar/2017:13:04:29 -0300] "POST /cormun/servlet/licenciaspermisos?b5d2bd163f3570a09de5080185295ef7,INS,0,,,,gx-no-cache=1489684050774 HTTP/1.1" 200 4713
200.112.1.45 - - [16/Mar/2017:13:04:30 -0300] "POST /cormun/servlet/trpermisosgoce?2cc97f29395f4351316d9fd7f7315a0f,,gx-no-cache=1489680336096 HTTP/1.1" 200 4067
192.168.10.89 - - [16/Mar/2017:13:04:32 -0300] "GET /cormun/servlet/solicitudot?d0fbc29e840f102b69f5bcc056671a71bee3719d0cd82ece267baf8ebfc2c41243bbfdf24bda6249bd66b875eef7b54cb30155ecb12d583fc91fe6e7c303c78ff75f61fe69efffd45237603d9c282df24f6d9621604b56aba598e563a9c2e749bca27870518c5113bd87359ab98eba0473eed9c1e60065c82be6fd4aa16d7a3bc8933e4e19797fd101068a462d7b220ef4d50a95ee56908fed26fe419db2e9bc51a61ab34bd699dd1c172ce7b6b8e68c27d201443cfdd93d1bb145af58fdf92d57cc50db18d6d464aac1e145c81bf28c,gx-no-cache=1489683554341 HTTP/1.1" 200 29
192.168.10.89 - - [16/Mar/2017:13:04:34 -0300] "POST /cormun/servlet/solicitudot?gx-no-cache=1489683555810 HTTP/1.1" 200 1275
192.168.10.89 - - [16/Mar/2017:13:04:34 -0300] "POST /cormun/servlet/solicitudot?gx-no-cache=1489683555856 HTTP/1.1" 200 1156
200.112.1.45 - - [16/Mar/2017:13:04:34 -0300] "GET /cormun/servlet/permisogoce?INS,0,,, HTTP/1.1" 200 6743
200.112.1.45 - - [16/Mar/2017:13:04:34 -0300] "GET /cormun/static/gxcfg.js?20173151255406 HTTP/1.1" 200 953
200.112.1.45 - - [16/Mar/2017:13:04:35 -0300] "GET /cormun/static/permisogoce.js?201731512554075 HTTP/1.1" 200 26147
200.112.1.45 - - [16/Mar/2017:13:04:35 -0300] "GET /cormun/servlet/permisogoce?INS,0,,, HTTP/1.1" 200 6743
192.168.10.89 - - [16/Mar/2017:13:04:37 -0300] "GET /cormun/servlet/solicitudot?d0fbc29e840f102b69f5bcc056671a71581283c2181db597808c54a5ca6f77d35761256112b067d22a609d8bd682320489633fa5ef5b1df0aca39d7b9f5adaf8ef350ff712c3f77ca5b00eebffe3d8f1be20007ee7a02e3d596bcf7a659ae1e4b43b99e44d248d425edd825b4af5b671c419fb93edf028d7e06d90b551497264ca9e43e7b5cb562d17aa4764cfe7c6d7ea4074ffafc11ffd3cb780f041d75fc30432a14e546bb9fa76c832dc5b486c84,gx-no-cache=1489683559262 HTTP/1.1" 200 30
192.168.10.89 - - [16/Mar/2017:13:04:40 -0300] "POST /cormun/servlet/solicitudot?479e8598b0bc0d762ddd2b2c2163ca30,INS,0,0,,gx-no-cache=1489683562273 HTTP/1.1" 200 93
192.168.10.89 - - [16/Mar/2017:13:04:40 -0300] "GET /cormun/servlet/hpexe_return? HTTP/1.1" 200 1024
192.168.10.89 - - [16/Mar/2017:13:04:42 -0300] "GET /cormun/servlet/trsolicitudot?gx-no-cache=1489682915840 HTTP/1.1" 200 8811
200.112.1.45 - - [16/Mar/2017:13:04:42 -0300] "POST /cormun/servlet/permisogoce?2cc97f29395f4351316d9fd7f7315a0f,INS,0,,,,gx-no-cache=1489680347742 HTTP/1.1" 200 4351
200.112.1.45 - - [16/Mar/2017:13:04:42 -0300] "GET /cormun/static/Shared/jqueryui/images/ui-bg_highlight-soft_100_c6c2c8_1x100.png HTTP/1.1" 404 1117
186.103.248.213 - - [16/Mar/2017:13:04:42 -0300] "GET /cormun/static/Shared/jqueryui/images/ui-icons_82798d_256x240.png HTTP/1.1" 404 1089
200.112.1.45 - - [16/Mar/2017:13:04:42 -0300] "GET /cormun/static/Shared/jqueryui/images/ui-bg_flat_55_994d53_40x100.png HTTP/1.1" 404 1097
200.112.1.45 - - [16/Mar/2017:13:04:42 -0300] "GET /cormun/static/Shared/jqueryui/images/ui-icons_ebccce_256x240.png HTTP/1.1" 404 1089
186.103.156.24 - - [16/Mar/2017:13:04:45 -0300] "GET /cormun/servlet/licenciaspermisos?1ccefaca2022ce4cfd9f73ad948107be8b63513a613c3b5dea0be22e84ec8c1bce65298219678d24709d09c04d1e09fba88938a9aaee58ffc9e263e9d9f798ebb57755908280d40970c8e90eaf00ad92490653d4a538f4161640da594a42c6d17ae0c7a61f646caab3edf7cf06618623b8cdc293701cdf4a56cfc8e253e21dd32477dbaf589337e54302e515def5818287e5a88383ffd565c791c71245e8f034b9a03539cd6f128f0e68053c99c5be11322b9998aec9e6a30059c8c12f822195207bf8dfe970faaf423f3d28dda530503c0f909cef9a43d56c023403071b5402fe1ed59f227f4b211154de3cb2d462e9,gx-no-cache=1489684068411 HTTP/1.1" 200 70
186.103.156.24 - - [16/Mar/2017:13:04:46 -0300] "POST /cormun/servlet/licenciaspermisos?b5d2bd163f3570a09de5080185295ef7,INS,0,,,,gx-no-cache=1489684068751 HTTP/1.1" 200 93
186.103.156.24 - - [16/Mar/2017:13:04:46 -0300] "GET /cormun/servlet/hpexe_return? HTTP/1.1" 200 1011
200.112.1.45 - - [16/Mar/2017:13:04:46 -0300] "GET /cormun/servlet/permisogoce?f8217e83009a3f4086e45a58d47a9fcc27edaafad30cf18e5dd62b01651a8c860b284cfb548e44ec0c78f2fbdd2428e260a1f70431fb8deff7b53fab26861d81065d591950511eebbcf1788c3396335b,gx-no-cache=1489680352351 HTTP/1.1" 200 67
200.112.1.45 - - [16/Mar/2017:13:04:46 -0300] "GET /cormun/static/menuarrow.gif HTTP/1.1" 404 1015
186.103.156.24 - - [16/Mar/2017:13:04:46 -0300] "GET /cormun/servlet/trlicencias HTTP/1.1" 200 8050
192.168.10.89 - - [16/Mar/2017:13:04:47 -0300] "POST /cormun/servlet/trsolicitudot?479e8598b0bc0d762ddd2b2c2163ca30,gx-no-cache=1489682915840,gx-no-cache=1489683568971 HTTP/1.1" 200 5454
192.168.10.89 - - [16/Mar/2017:13:04:47 -0300] "POST /cormun/servlet/trsolicitudot?479e8598b0bc0d762ddd2b2c2163ca30,gx-no-cache=1489682915840,gx-no-cache=1489683569330 HTTP/1.1" 200 5397
192.168.10.89 - - [16/Mar/2017:13:04:47 -0300] "GET /cormun/static/Shared/jqueryui/images/ui-icons_82798d_256x240.png HTTP/1.1" 404 1089
192.168.10.89 - - [16/Mar/2017:13:04:47 -0300] "GET /cormun/static/Shared/jqueryui/images/ui-icons_8d78a5_256x240.png HTTP/1.1" 404 1089
192.168.10.89 - - [16/Mar/2017:13:04:47 -0300] "GET /cormun/static/Shared/jqueryui/images/ui-bg_highlight-soft_100_c6c2c8_1x100.png HTTP/1.1" 404 1117
192.168.10.89 - - [16/Mar/2017:13:04:47 -0300] "GET /cormun/static/Shared/jqueryui/images/ui-bg_flat_55_fafafa_40x100.png HTTP/1.1" 404 1097
186.103.156.24 - - [16/Mar/2017:13:04:48 -0300] "GET /cormun//static/Resources/PXToolsHeaderHelp.png HTTP/1.1" 200 4055
186.103.156.24 - - [16/Mar/2017:13:04:48 -0300] "GET /cormun//static/Resources/PXToolsActionPrint.png HTTP/1.1" 200 3317
186.103.156.24 - - [16/Mar/2017:13:04:48 -0300] "GET /cormun//static/Resources/PXToolsHeaderFavorites.png HTTP/1.1" 200 2744
186.103.156.24 - - [16/Mar/2017:13:04:48 -0300] "GET /cormun//static/Resources/PXToolsGridDisplay.png HTTP/1.1" 200 362
186.103.156.24 - - [16/Mar/2017:13:04:48 -0300] "GET /cormun/servlet/trlicencias HTTP/1.1" 200 8046
200.112.1.45 - - [16/Mar/2017:13:04:49 -0300] "GET /cormun/servlet/permisogoce?f8217e83009a3f4086e45a58d47a9fcc18a5f0235546d1d722d02aa354eef96ced1cfdf86370e1494377d863891441f61f3ca5b18f1ce98521384aacc01d78d7,gx-no-cache=1489680355498 HTTP/1.1" 200 129
192.168.10.89 - - [16/Mar/2017:13:04:54 -0300] "GET /cormun/servlet/solicitudot?INS,0,0, HTTP/1.1" 200 12868
200.112.1.45 - - [16/Mar/2017:13:04:58 -0300] "GET /cormun/servlet/permisogoce?f8217e83009a3f4086e45a58d47a9fcc18a5f0235546d1d722d02aa354eef96ced1cfdf86370e1494377d863891441f6b9154de06c387fd788845665ac41e9cd,gx-no-cache=1489680364797 HTTP/1.1" 200 47
192.168.10.89 - - [16/Mar/2017:13:05:00 -0300] "POST /cormun/servlet/solicitudot?gx-no-cache=1489683582749 HTTP/1.1" 200 3128
192.168.10.89 - - [16/Mar/2017:13:05:01 -0300] "POST /cormun/servlet/solicitudot?479e8598b0bc0d762ddd2b2c2163ca30,INS,0,0,,gx-no-cache=1489683582964 HTTP/1.1" 200 9942
192.168.10.89 - - [16/Mar/2017:13:05:02 -0300] "GET /cormun/servlet/solicitudot?d0fbc29e840f102b69f5bcc056671a71e6f98218876e3a4601eac62ba3335a826b17ea3651f58b3a7e156e31c0d8db69,gx-no-cache=1489683584010 HTTP/1.1" 200 30
192.168.10.89 - - [16/Mar/2017:13:05:02 -0300] "POST /cormun/servlet/solicitudot?gx-no-cache=1489683584049 HTTP/1.1" 200 255
192.168.10.89 - - [16/Mar/2017:13:05:02 -0300] "GET /cormun/servlet/solicitudot?d0fbc29e840f102b69f5bcc056671a71d22853fa1c85a3296b16d86e804152205b4ca6fa96e4db93edfa93a56941ff8ee7da0edf04dadafbc02a9a0c3641a18a506c8427cb1f6d1172a825c6410205065659d0fda1d9656b383b2753cde12942bab6410996c711c97cfc213efc7fa11f50205ba0d2b8b0828d6291d2baeaca2820b2a11e0a94bb14ba745d0cf79ec9d4708ac1abe3978a5e1283b4f55cf6d73f15886b20d93f00f28e779761e4bae7bea2adcdfd43b7464cce14d1900d294c65b33bad39b02ba178b34321623d7a9f4c2479d3bdda3fa80dc5fadbf3c35048172ee227e4c714946a1ba669a4a372430a125274daf4e04c909e5cf3007ca58380df80d3a979cb1f04fc4a239be75e6997e892244152f7067cc740b7b13b6195ad9184b6bfe2afca144d0a34b0a7c39439bd7692f9c69651aed3148e47ee86168764bc0834f99ec3369e253e88a8a131b5fa1e0ab0eaef16d7f147944c304998c9fc35ba6b0adbe38c1902618006792688769f63e572b311cedaabeec94ef5e636,gx-no-cache=1489683584077 HTTP/1.1" 200 30
192.168.10.89 - - [16/Mar/2017:13:05:03 -0300] "POST /cormun/servlet/solicitudot?gx-no-cache=1489683585072 HTTP/1.1" 200 30
192.168.10.89 - - [16/Mar/2017:13:05:09 -0300] "POST /cormun/servlet/solicitudot?gx-no-cache=1489683591635 HTTP/1.1" 200 235
192.168.10.89 - - [16/Mar/2017:13:05:09 -0300] "POST /cormun/servlet/solicitudot?gx-no-cache=1489683591685 HTTP/1.1" 200 38
192.168.10.89 - - [16/Mar/2017:13:05:16 -0300] "GET /cormun/servlet/solicitudot?d0fbc29e840f102b69f5bcc056671a71bee3719d0cd82ece267baf8ebfc2c41243bbfdf24bda6249bd66b875eef7b54c181b5b4bbcf5c708517dc00b0d6d0a7cf75f61fe69efffd45237603d9c282df24f6d9621604b56aba598e563a9c2e749bca27870518c5113bd87359ab98eba0473eed9c1e60065c82be6fd4aa16d7a3bc8933e4e19797fd101068a462d7b220ef4d50a95ee56908fed26fe419db2e9bc51a61ab34bd699dd1c172ce7b6b8e68c27d201443cfdd93d1bb145af58fdf92d57cc50db18d6d464aac1e145c81bf28c,gx-no-cache=1489683598604 HTTP/1.1" 200 29
192.168.10.89 - - [16/Mar/2017:13:05:18 -0300] "GET /cormun/servlet/solicitudot?d0fbc29e840f102b69f5bcc056671a71bee3719d0cd82ece267baf8ebfc2c41243bbfdf24bda6249bd66b875eef7b54cb30155ecb12d583fc91fe6e7c303c78ff75f61fe69efffd45237603d9c282df24f6d9621604b56aba598e563a9c2e749bca27870518c5113bd87359ab98eba0473eed9c1e60065c82be6fd4aa16d7a3bc8933e4e19797fd101068a462d7b220ef4d50a95ee56908fed26fe419db2e9bc51a61ab34bd699dd1c172ce7b6b8e68c27d201443cfdd93d1bb145af58fdf92d57cc50db18d6d464aac1e145c81bf28c,gx-no-cache=1489683600703 HTTP/1.1" 200 29
192.168.10.89 - - [16/Mar/2017:13:05:20 -0300] "POST /cormun/servlet/solicitudot?gx-no-cache=1489683602155 HTTP/1.1" 200 643
192.168.10.89 - - [16/Mar/2017:13:05:20 -0300] "POST /cormun/servlet/solicitudot?gx-no-cache=1489683602204 HTTP/1.1" 200 518
192.168.10.89 - - [16/Mar/2017:13:05:22 -0300] "POST /cormun/servlet/solicitudot?gx-no-cache=1489683604624 HTTP/1.1" 200 1157
186.103.156.24 - - [16/Mar/2017:13:05:28 -0300] "GET /cormun/servlet/trlicenciaspermisosadjuntos?12516208,20170316000000,L, HTTP/1.1" 200 6323
186.103.156.24 - - [16/Mar/2017:13:05:28 -0300] "GET /cormun/static/gxui/gxui-all.css?110300 HTTP/1.1" 200 2179
186.103.156.24 - - [16/Mar/2017:13:05:28 -0300] "GET /cormun/static/gxcfg.js?2017315135259 HTTP/1.1" 200 953
186.103.156.24 - - [16/Mar/2017:13:05:28 -0300] "GET /cormun/static/trlicenciaspermisosadjuntos.js?2017315135563 HTTP/1.1" 200 21008
186.103.156.24 - - [16/Mar/2017:13:05:28 -0300] "GET /cormun/static/Shared/ext/resources/css/ext-all.css?205870 HTTP/1.1" 200 416045
186.103.156.24 - - [16/Mar/2017:13:05:29 -0300] "GET /cormun/servlet/trlicenciaspermisosadjuntos?12516208,20170316000000,L, HTTP/1.1" 200 6323
200.112.1.45 - - [16/Mar/2017:13:05:31 -0300] "POST /cormun/servlet/permisogoce?2cc97f29395f4351316d9fd7f7315a0f,INS,0,,,,gx-no-cache=1489680396713 HTTP/1.1" 200 93
200.112.1.45 - - [16/Mar/2017:13:05:31 -0300] "GET /cormun/servlet/hpexe_return? HTTP/1.1" 200 1004
200.112.1.45 - - [16/Mar/2017:13:05:31 -0300] "GET /cormun/servlet/trpermisosgoce? HTTP/1.1" 200 7597
200.112.1.45 - - [16/Mar/2017:13:05:32 -0300] "GET /cormun/servlet/trpermisosgoce? HTTP/1.1" 200 7593
192.168.10.89 - - [16/Mar/2017:13:05:38 -0300] "GET /cormun/servlet/solicitudot?d0fbc29e840f102b69f5bcc056671a7171c3c92ae1cc9e28ce58dbf2c67d042bf353ca4089ccf8ed34c5e22a1e9a389787bb46ab0bddee20e20989b082f2367f4d12b9ab91968a3154c1cfbe66379a9a90dcf8e02c2af2958aa733d041c9b1aa34b337ec06121b1ba149abcd53a071003e7b08fe91b5a0a16f4d1be559bbaa395025ebbc9de0d0e1803c3e2465d5b55411cc2299b55352df83a5b38087941d5ffc0b1492edb215e6d663b50719a15da5,gx-no-cache=1489683620672 HTTP/1.1" 200 30
192.168.10.89 - - [16/Mar/2017:13:05:42 -0300] "POST /cormun/servlet/solicitudot?479e8598b0bc0d762ddd2b2c2163ca30,INS,0,0,,gx-no-cache=1489683624522 HTTP/1.1" 200 93
192.168.10.89 - - [16/Mar/2017:13:05:42 -0300] "GET /cormun/servlet/hpexe_return? HTTP/1.1" 200 1024
200.112.1.45 - - [16/Mar/2017:13:05:44 -0300] "GET /cormun/servlet/apermisogoceprn?13720783,P,20170316140013,PU HTTP/1.1" 200 1683
192.168.10.89 - - [16/Mar/2017:13:05:44 -0300] "GET /cormun/servlet/trsolicitudot?gx-no-cache=1489682915840 HTTP/1.1" 200 8776
186.103.156.24 - - [16/Mar/2017:13:05:46 -0300] "GET /cormun/servlet/licenciaspermisosadjuntos?INS,12516208,L,20170316000000,, HTTP/1.1" 200 5627
186.103.156.24 - - [16/Mar/2017:13:05:47 -0300] "GET /cormun/static/gxcfg.js?201731512553221 HTTP/1.1" 200 953
186.103.156.24 - - [16/Mar/2017:13:05:47 -0300] "GET /cormun/static/licenciaspermisosadjuntos.js?201731512553234 HTTP/1.1" 200 8757
186.103.156.24 - - [16/Mar/2017:13:05:47 -0300] "GET /cormun/static/about:blank HTTP/1.1" 404 1011
192.168.10.89 - - [16/Mar/2017:13:05:47 -0300] "POST /cormun/servlet/trsolicitudot?479e8598b0bc0d762ddd2b2c2163ca30,gx-no-cache=1489682915840,gx-no-cache=1489683629376 HTTP/1.1" 200 5454
186.103.156.24 - - [16/Mar/2017:13:05:47 -0300] "GET /cormun/servlet/licenciaspermisosadjuntos?INS,12516208,L,20170316000000,, HTTP/1.1" 200 5616
192.168.10.89 - - [16/Mar/2017:13:05:47 -0300] "POST /cormun/servlet/trsolicitudot?479e8598b0bc0d762ddd2b2c2163ca30,gx-no-cache=1489682915840,gx-no-cache=1489683629720 HTTP/1.1" 200 5397
192.168.10.89 - - [16/Mar/2017:13:05:48 -0300] "GET /cormun/static/Shared/jqueryui/images/ui-icons_8d78a5_256x240.png HTTP/1.1" 404 1089
192.168.10.89 - - [16/Mar/2017:13:05:48 -0300] "GET /cormun/static/Shared/jqueryui/images/ui-bg_flat_55_fafafa_40x100.png HTTP/1.1" 404 1097
192.168.10.89 - - [16/Mar/2017:13:05:48 -0300] "GET /cormun/static/Shared/jqueryui/images/ui-bg_highlight-soft_100_c6c2c8_1x100.png HTTP/1.1" 404 1117
192.168.10.89 - - [16/Mar/2017:13:05:48 -0300] "GET /cormun/static/Shared/jqueryui/images/ui-icons_82798d_256x240.png HTTP/1.1" 404 1089
192.168.10.89 - - [16/Mar/2017:13:05:51 -0300] "GET /cormun/servlet/solicitudot?INS,0,0, HTTP/1.1" 200 12866
192.168.10.89 - - [16/Mar/2017:13:06:00 -0300] "POST /cormun/servlet/solicitudot?gx-no-cache=1489683642091 HTTP/1.1" 200 3159
192.168.10.89 - - [16/Mar/2017:13:06:00 -0300] "POST /cormun/servlet/solicitudot?479e8598b0bc0d762ddd2b2c2163ca30,INS,0,0,,gx-no-cache=1489683642316 HTTP/1.1" 200 9972
192.168.10.89 - - [16/Mar/2017:13:06:02 -0300] "GET /cormun/servlet/solicitudot?d0fbc29e840f102b69f5bcc056671a71e4237b5fa1e6ee431ad12ca591c67313ad5b6e0222323e252a26f059fa3a0a78,gx-no-cache=1489683644107 HTTP/1.1" 200 30
192.168.10.89 - - [16/Mar/2017:13:06:02 -0300] "POST /cormun/servlet/solicitudot?gx-no-cache=1489683644154 HTTP/1.1" 200 255
192.168.10.89 - - [16/Mar/2017:13:06:02 -0300] "GET /cormun/servlet/solicitudot?d0fbc29e840f102b69f5bcc056671a71d22853fa1c85a3296b16d86e804152205b4ca6fa96e4db93edfa93a56941ff8ee7da0edf04dadafbc02a9a0c3641a18a506c8427cb1f6d1172a825c6410205065659d0fda1d9656b383b2753cde12942bab6410996c711c97cfc213efc7fa11f50205ba0d2b8b0828d6291d2baeaca2820b2a11e0a94bb14ba745d0cf79ec9d4708ac1abe3978a5e1283b4f55cf6d73f15886b20d93f00f28e779761e4bae7bea2adcdfd43b7464cce14d1900d294c65b33bad39b02ba178b34321623d7a9f4c2479d3bdda3fa80dc5fadbf3c35048172ee227e4c714946a1ba669a4a372430a125274daf4e04c909e5cf3007ca58380df80d3a979cb1f04fc4a239be75e6997e892244152f7067cc740b7b13b6195ad9184b6bfe2afca144d0a34b0a7c39439bd7692f9c69651aed3148e47ee86168764bc0834f99ec3369e253e88a8a131b5fa1e0ab0eaef16d7f147944c304998c9fc35ba6b0adbe38c1902618006792688769f63e572b311cedaabeec94ef5e636,gx-no-cache=1489683644186 HTTP/1.1" 200 30
192.168.10.89 - - [16/Mar/2017:13:06:03 -0300] "POST /cormun/servlet/solicitudot?gx-no-cache=1489683645226 HTTP/1.1" 200 30
192.168.10.89 - - [16/Mar/2017:13:06:05 -0300] "GET /cormun/servlet/prcontratosol?15993133,,,,,MD,,gxPopupLevel%3D0%3B HTTP/1.1" 200 6010
192.168.10.89 - - [16/Mar/2017:13:06:07 -0300] "POST /cormun/servlet/solicitudot?gx-no-cache=1489683648977 HTTP/1.1" 200 1291
192.168.10.89 - - [16/Mar/2017:13:06:07 -0300] "POST /cormun/servlet/solicitudot?gx-no-cache=1489683649111 HTTP/1.1" 200 38
192.168.10.89 - - [16/Mar/2017:13:06:07 -0300] "GET /cormun/servlet/solicitudot?d0fbc29e840f102b69f5bcc056671a71bee3719d0cd82ece267baf8ebfc2c41243bbfdf24bda6249bd66b875eef7b54c321ce6a69a3161781c8c16963fc97232f75f61fe69efffd45237603d9c282df24f6d9621604b56aba598e563a9c2e749bca27870518c5113bd87359ab98eba0473eed9c1e60065c82be6fd4aa16d7a3bc8933e4e19797fd101068a462d7b220ef4d50a95ee56908fed26fe419db2e9bc51a61ab34bd699dd1c172ce7b6b8e68c27d201443cfdd93d1bb145af58fdf92d57cc50db18d6d464aac1e145c81bf28c,gx-no-cache=1489683649167 HTTP/1.1" 200 29
192.168.10.89 - - [16/Mar/2017:13:06:07 -0300] "POST /cormun/servlet/solicitudot?gx-no-cache=1489683649193 HTTP/1.1" 200 1274
192.168.10.89 - - [16/Mar/2017:13:06:07 -0300] "POST /cormun/servlet/solicitudot?gx-no-cache=1489683649232 HTTP/1.1" 200 1157
192.168.10.89 - - [16/Mar/2017:13:06:13 -0300] "GET /cormun/servlet/solicitudot?d0fbc29e840f102b69f5bcc056671a71bee3719d0cd82ece267baf8ebfc2c41243bbfdf24bda6249bd66b875eef7b54cb30155ecb12d583fc91fe6e7c303c78ff75f61fe69efffd45237603d9c282df24f6d9621604b56aba598e563a9c2e749bca27870518c5113bd87359ab98eba0473eed9c1e60065c82be6fd4aa16d7a3bc8933e4e19797fd101068a462d7b220ef4d50a95ee56908fed26fe419db2e9bc51a61ab34bd699dd1c172ce7b6b8e68c27d201443cfdd93d1bb145af58fdf92d57cc50db18d6d464aac1e145c81bf28c,gx-no-cache=1489683655372 HTTP/1.1" 200 29
192.168.10.89 - - [16/Mar/2017:13:06:16 -0300] "POST /cormun/servlet/solicitudot?gx-no-cache=1489683657908 HTTP/1.1" 200 1275
192.168.10.89 - - [16/Mar/2017:13:06:16 -0300] "POST /cormun/servlet/solicitudot?gx-no-cache=1489683657958 HTTP/1.1" 200 1157
192.168.10.89 - - [16/Mar/2017:13:06:16 -0300] "GET /cormun/servlet/solicitudot?d0fbc29e840f102b69f5bcc056671a71bc014d39454c9593dd3a239cfb41d7da617c24920bbe6138d3e67cdcde7c997d89633fa5ef5b1df0aca39d7b9f5adaf8ef350ff712c3f77ca5b00eebffe3d8f1be20007ee7a02e3d596bcf7a659ae1e4b43b99e44d248d425edd825b4af5b671c419fb93edf028d7e06d90b551497264ca9e43e7b5cb562d17aa4764cfe7c6d7ea4074ffafc11ffd3cb780f041d75fc30432a14e546bb9fa76c832dc5b486c84,gx-no-cache=1489683657995 HTTP/1.1" 200 30
192.168.10.89 - - [16/Mar/2017:13:06:18 -0300] "POST /cormun/servlet/solicitudot?479e8598b0bc0d762ddd2b2c2163ca30,INS,0,0,,gx-no-cache=1489683660383 HTTP/1.1" 200 93
192.168.10.89 - - [16/Mar/2017:13:06:18 -0300] "GET /cormun/servlet/hpexe_return? HTTP/1.1" 200 1024
192.168.10.89 - - [16/Mar/2017:13:06:20 -0300] "GET /cormun/servlet/trsolicitudot?gx-no-cache=1489682915840 HTTP/1.1" 200 8800
192.168.10.89 - - [16/Mar/2017:13:06:23 -0300] "POST /cormun/servlet/trsolicitudot?479e8598b0bc0d762ddd2b2c2163ca30,gx-no-cache=1489682915840,gx-no-cache=1489683665269 HTTP/1.1" 200 5454
192.168.10.89 - - [16/Mar/2017:13:06:23 -0300] "POST /cormun/servlet/trsolicitudot?479e8598b0bc0d762ddd2b2c2163ca30,gx-no-cache=1489682915840,gx-no-cache=1489683665646 HTTP/1.1" 200 5397
192.168.10.89 - - [16/Mar/2017:13:06:24 -0300] "GET /cormun/static/Shared/jqueryui/images/ui-icons_82798d_256x240.png HTTP/1.1" 404 1089
192.168.10.89 - - [16/Mar/2017:13:06:24 -0300] "GET /cormun/static/Shared/jqueryui/images/ui-icons_8d78a5_256x240.png HTTP/1.1" 404 1089
192.168.10.89 - - [16/Mar/2017:13:06:24 -0300] "GET /cormun/static/Shared/jqueryui/images/ui-bg_highlight-soft_100_c6c2c8_1x100.png HTTP/1.1" 404 1117
192.168.10.89 - - [16/Mar/2017:13:06:24 -0300] "GET /cormun/static/Shared/jqueryui/images/ui-bg_flat_55_fafafa_40x100.png HTTP/1.1" 404 1097
192.168.10.89 - - [16/Mar/2017:13:06:25 -0300] "GET /cormun/servlet/solicitudot?INS,0,0, HTTP/1.1" 200 12866
192.168.10.89 - - [16/Mar/2017:13:06:33 -0300] "POST /cormun/servlet/solicitudot?gx-no-cache=1489683675595 HTTP/1.1" 200 3169
192.168.10.89 - - [16/Mar/2017:13:06:34 -0300] "POST /cormun/servlet/solicitudot?479e8598b0bc0d762ddd2b2c2163ca30,INS,0,0,,gx-no-cache=1489683675831 HTTP/1.1" 200 9964
192.168.10.89 - - [16/Mar/2017:13:06:35 -0300] "GET /cormun/servlet/solicitudot?d0fbc29e840f102b69f5bcc056671a71da374155791aa2fcfd20f22d56d534ebad5b6e0222323e252a26f059fa3a0a78,gx-no-cache=1489683677692 HTTP/1.1" 200 30
192.168.10.89 - - [16/Mar/2017:13:06:35 -0300] "POST /cormun/servlet/solicitudot?gx-no-cache=1489683677729 HTTP/1.1" 200 240
192.168.10.89 - - [16/Mar/2017:13:06:35 -0300] "GET /cormun/servlet/solicitudot?d0fbc29e840f102b69f5bcc056671a71d22853fa1c85a3296b16d86e804152207c4d562e61cf48216fdb7e803cac9f26e7da0edf04dadafbc02a9a0c3641a18a506c8427cb1f6d1172a825c6410205065659d0fda1d9656b383b2753cde12942bab6410996c711c97cfc213efc7fa11f50205ba0d2b8b0828d6291d2baeaca2820b2a11e0a94bb14ba745d0cf79ec9d4708ac1abe3978a5e1283b4f55cf6d73f15886b20d93f00f28e779761e4bae7bea2adcdfd43b7464cce14d1900d294c65b33bad39b02ba178b34321623d7a9f4c2479d3bdda3fa80dc5fadbf3c35048172ee227e4c714946a1ba669a4a372430a125274daf4e04c909e5cf3007ca58380df80d3a979cb1f04fc4a239be75e69979cd0f2603681a404ce9be64419fe0dbf96449f997f096b594fc9eee51634f62d145dc2d7d7603975c205cddcfb292577353d77e1e850986c1cc4925214c18ee24a48258ff414d537ccc62c75627983ccb63d05d8629609bff431d29ce7f70c8eef1b90e093fb5fce368a33768576ece6,gx-no-cache=1489683677761 HTTP/1.1" 200 30
192.168.10.89 - - [16/Mar/2017:13:06:37 -0300] "POST /cormun/servlet/solicitudot?gx-no-cache=1489683679650 HTTP/1.1" 200 30
192.168.10.89 - - [16/Mar/2017:13:06:46 -0300] "POST /cormun/servlet/solicitudot?gx-no-cache=1489683688746 HTTP/1.1" 200 30
192.168.10.89 - - [16/Mar/2017:13:06:48 -0300] "POST /cormun/servlet/solicitudot?479e8598b0bc0d762ddd2b2c2163ca30,INS,0,0,,gx-no-cache=1489683690313 HTTP/1.1" 200 93
192.168.10.89 - - [16/Mar/2017:13:06:48 -0300] "GET /cormun/servlet/hpexe_return? HTTP/1.1" 200 1024
192.168.10.89 - - [16/Mar/2017:13:06:50 -0300] "GET /cormun/servlet/trsolicitudot?gx-no-cache=1489682915840 HTTP/1.1" 200 8289
186.103.159.187 - - [16/Mar/2017:13:06:55 -0300] "GET /cormun/servlet/hlogin HTTP/1.1" 200 1729
186.103.159.187 - - [16/Mar/2017:13:06:55 -0300] "GET /cormun/static/gxtimezone.js?85251 HTTP/1.1" 200 5781
186.103.159.187 - - [16/Mar/2017:13:06:55 -0300] "GET /cormun/static/gxcfg.js?20173151305376 HTTP/1.1" 200 953
186.103.159.187 - - [16/Mar/2017:13:06:55 -0300] "GET /cormun/static/Resources/Spanish/PXTools.css?1242369 HTTP/1.1" 200 89042
186.103.159.187 - - [16/Mar/2017:13:06:55 -0300] "GET /cormun/static/messages.spa.js?85251 HTTP/1.1" 200 30736
186.103.159.187 - - [16/Mar/2017:13:06:55 -0300] "GET /cormun/static/gxgral.js?85251 HTTP/1.1" 200 384558
186.103.159.187 - - [16/Mar/2017:13:06:55 -0300] "GET /cormun/static/hlogin.js?20173151305393 HTTP/1.1" 200 2136
186.103.159.187 - - [16/Mar/2017:13:06:55 -0300] "GET /cormun/static/Resources/ComunLogin.png HTTP/1.1" 200 17326
186.103.159.187 - - [16/Mar/2017:13:06:55 -0300] "GET /cormun/static/Resources/PXToolsLoginTop.png HTTP/1.1" 200 1337
186.103.159.187 - - [16/Mar/2017:13:06:55 -0300] "GET /cormun/static/Resources/PXToolsLoginBackground.png HTTP/1.1" 200 1164
186.103.159.187 - - [16/Mar/2017:13:06:55 -0300] "GET /cormun/static/Resources/PXToolsButtonLeft21.png HTTP/1.1" 200 1287
186.103.159.187 - - [16/Mar/2017:13:06:55 -0300] "GET /cormun/static/Resources/PXToolsButtonRight21.png HTTP/1.1" 200 1283
186.103.159.187 - - [16/Mar/2017:13:06:55 -0300] "GET /cormun/static/Resources/PXToolsLoginBottom.png HTTP/1.1" 200 1389
186.103.159.187 - - [16/Mar/2017:13:06:55 -0300] "GET /cormun/static/Resources/PXToolsButtonBackground2.png HTTP/1.1" 200 1181
186.103.159.187 - - [16/Mar/2017:13:06:55 -0300] "GET /cormun/static/Resources/indicator.gif HTTP/1.1" 200 1553
186.103.159.187 - - [16/Mar/2017:13:06:55 -0300] "GET /cormun/servlet/hlogin HTTP/1.1" 200 1736
192.168.10.89 - - [16/Mar/2017:13:07:10 -0300] "GET /cormun/servlet/solicitudot?INS,0,0, HTTP/1.1" 200 12866
192.168.10.89 - - [16/Mar/2017:13:07:21 -0300] "POST /cormun/servlet/solicitudot?gx-no-cache=1489683723244 HTTP/1.1" 200 3165
192.168.10.89 - - [16/Mar/2017:13:07:21 -0300] "POST /cormun/servlet/solicitudot?479e8598b0bc0d762ddd2b2c2163ca30,INS,0,0,,gx-no-cache=1489683723465 HTTP/1.1" 200 9974
192.168.10.89 - - [16/Mar/2017:13:07:23 -0300] "GET /cormun/servlet/solicitudot?d0fbc29e840f102b69f5bcc056671a71da374155791aa2fcfd20f22d56d534ebad5b6e0222323e252a26f059fa3a0a78,gx-no-cache=1489683724964 HTTP/1.1" 200 30
192.168.10.89 - - [16/Mar/2017:13:07:23 -0300] "POST /cormun/servlet/solicitudot?gx-no-cache=1489683725007 HTTP/1.1" 200 255
192.168.10.89 - - [16/Mar/2017:13:07:23 -0300] "GET /cormun/servlet/solicitudot?d0fbc29e840f102b69f5bcc056671a71d22853fa1c85a3296b16d86e804152205b4ca6fa96e4db93edfa93a56941ff8ee7da0edf04dadafbc02a9a0c3641a18a506c8427cb1f6d1172a825c6410205065659d0fda1d9656b383b2753cde12942bab6410996c711c97cfc213efc7fa11f50205ba0d2b8b0828d6291d2baeaca2820b2a11e0a94bb14ba745d0cf79ec9d4708ac1abe3978a5e1283b4f55cf6d73f15886b20d93f00f28e779761e4bae7bea2adcdfd43b7464cce14d1900d294c65b33bad39b02ba178b34321623d7a9f4c2479d3bdda3fa80dc5fadbf3c35048172ee227e4c714946a1ba669a4a372430a125274daf4e04c909e5cf3007ca58380df80d3a979cb1f04fc4a239be75e6997e892244152f7067cc740b7b13b6195ad9184b6bfe2afca144d0a34b0a7c39439bd7692f9c69651aed3148e47ee86168764bc0834f99ec3369e253e88a8a131b5fa1e0ab0eaef16d7f147944c304998c9fc35ba6b0adbe38c1902618006792688769f63e572b311cedaabeec94ef5e636,gx-no-cache=1489683725035 HTTP/1.1" 200 30
192.168.10.89 - - [16/Mar/2017:13:07:24 -0300] "POST /cormun/servlet/solicitudot?gx-no-cache=1489683726458 HTTP/1.1" 200 30
192.168.10.89 - - [16/Mar/2017:13:07:26 -0300] "GET /cormun/servlet/prcontratosol?18039691,,,,,MD,,gxPopupLevel%3D0%3B HTTP/1.1" 200 6011
192.168.10.89 - - [16/Mar/2017:13:07:28 -0300] "POST /cormun/servlet/solicitudot?gx-no-cache=1489683730583 HTTP/1.1" 200 1291
192.168.10.89 - - [16/Mar/2017:13:07:28 -0300] "POST /cormun/servlet/solicitudot?gx-no-cache=1489683730722 HTTP/1.1" 200 38
192.168.10.89 - - [16/Mar/2017:13:07:28 -0300] "GET /cormun/servlet/solicitudot?d0fbc29e840f102b69f5bcc056671a71bee3719d0cd82ece267baf8ebfc2c41243bbfdf24bda6249bd66b875eef7b54c321ce6a69a3161781c8c16963fc97232f75f61fe69efffd45237603d9c282df24f6d9621604b56aba598e563a9c2e749bca27870518c5113bd87359ab98eba0473eed9c1e60065c82be6fd4aa16d7a3bc8933e4e19797fd101068a462d7b220ef4d50a95ee56908fed26fe419db2e9bc51a61ab34bd699dd1c172ce7b6b8e68c27d201443cfdd93d1bb145af58fdf92d57cc50db18d6d464aac1e145c81bf28c,gx-no-cache=1489683730758 HTTP/1.1" 200 29
192.168.10.89 - - [16/Mar/2017:13:07:28 -0300] "POST /cormun/servlet/solicitudot?gx-no-cache=1489683730787 HTTP/1.1" 200 1275
192.168.10.89 - - [16/Mar/2017:13:07:29 -0300] "POST /cormun/servlet/solicitudot?gx-no-cache=1489683730882 HTTP/1.1" 200 1156
192.168.10.89 - - [16/Mar/2017:13:07:33 -0300] "GET /cormun/servlet/solicitudot?d0fbc29e840f102b69f5bcc056671a71bee3719d0cd82ece267baf8ebfc2c41243bbfdf24bda6249bd66b875eef7b54c321ce6a69a3161781c8c16963fc97232f75f61fe69efffd45237603d9c282df24f6d9621604b56aba598e563a9c2e749bca27870518c5113bd87359ab98eba0473eed9c1e60065c82be6fd4aa16d7a3bc8933e4e19797fd101068a462d7b220ef4d50a95ee56908fed26fe419db2e9bc51a61ab34bd699dd1c172ce7b6b8e68c27d201443cfdd93d1bb145af58fdf92d57cc50db18d6d464aac1e145c81bf28c,gx-no-cache=1489683735574 HTTP/1.1" 200 29
192.168.10.89 - - [16/Mar/2017:13:07:33 -0300] "POST /cormun/servlet/solicitudot?gx-no-cache=1489683735623 HTTP/1.1" 200 1275
192.168.10.89 - - [16/Mar/2017:13:07:34 -0300] "POST /cormun/servlet/solicitudot?gx-no-cache=1489683736062 HTTP/1.1" 200 1156
192.168.10.89 - - [16/Mar/2017:13:07:35 -0300] "GET /cormun/servlet/solicitudot?d0fbc29e840f102b69f5bcc056671a7168cbce848fe27143dea3235d32b6471e030367ff0a6b95f23593fd631de04a2589633fa5ef5b1df0aca39d7b9f5adaf8ef350ff712c3f77ca5b00eebffe3d8f1be20007ee7a02e3d596bcf7a659ae1e4b43b99e44d248d425edd825b4af5b671c419fb93edf028d7e06d90b551497264ca9e43e7b5cb562d17aa4764cfe7c6d7ea4074ffafc11ffd3cb780f041d75fc30432a14e546bb9fa76c832dc5b486c84,gx-no-cache=1489683736906 HTTP/1.1" 200 30
192.168.10.96 - - [16/Mar/2017:13:07:37 -0300] "GET /cormun/servlet/trconsultaempleado? HTTP/1.1" 200 9219
192.168.10.96 - - [16/Mar/2017:13:07:37 -0300] "GET /cormun/static/gxcfg.js?20173151341420 HTTP/1.1" 304 -
192.168.10.96 - - [16/Mar/2017:13:07:37 -0300] "GET /cormun/static/trconsultaempleado.js?20173151341641 HTTP/1.1" 304 -
192.168.10.89 - - [16/Mar/2017:13:07:37 -0300] "POST /cormun/servlet/solicitudot?479e8598b0bc0d762ddd2b2c2163ca30,INS,0,0,,gx-no-cache=1489683739412 HTTP/1.1" 200 93
192.168.10.89 - - [16/Mar/2017:13:07:37 -0300] "GET /cormun/servlet/hpexe_return? HTTP/1.1" 200 1024
192.168.10.89 - - [16/Mar/2017:13:07:41 -0300] "GET /cormun/servlet/trsolicitudot?gx-no-cache=1489682915840 HTTP/1.1" 200 8800
192.168.10.96 - - [16/Mar/2017:13:07:41 -0300] "GET /cormun/servlet/trconsultaempleado? HTTP/1.1" 200 9218
192.168.10.96 - - [16/Mar/2017:13:07:44 -0300] "POST /cormun/servlet/trconsultaempleado?d9616b76ef73929df4c3a1e0e31fb785,,gx-no-cache=1489683745610 HTTP/1.1" 200 4396
192.168.10.89 - - [16/Mar/2017:13:07:45 -0300] "POST /cormun/servlet/trsolicitudot?479e8598b0bc0d762ddd2b2c2163ca30,gx-no-cache=1489682915840,gx-no-cache=1489683747679 HTTP/1.1" 200 5454
192.168.10.89 - - [16/Mar/2017:13:07:46 -0300] "POST /cormun/servlet/trsolicitudot?479e8598b0bc0d762ddd2b2c2163ca30,gx-no-cache=1489682915840,gx-no-cache=1489683748082 HTTP/1.1" 200 5397
192.168.10.89 - - [16/Mar/2017:13:07:46 -0300] "GET /cormun/static/Shared/jqueryui/images/ui-icons_8d78a5_256x240.png HTTP/1.1" 404 1089
192.168.10.89 - - [16/Mar/2017:13:07:46 -0300] "GET /cormun/static/Shared/jqueryui/images/ui-icons_82798d_256x240.png HTTP/1.1" 404 1089
192.168.10.89 - - [16/Mar/2017:13:07:46 -0300] "GET /cormun/static/Shared/jqueryui/images/ui-bg_highlight-soft_100_c6c2c8_1x100.png HTTP/1.1" 404 1117
192.168.10.89 - - [16/Mar/2017:13:07:46 -0300] "GET /cormun/static/Shared/jqueryui/images/ui-bg_flat_55_fafafa_40x100.png HTTP/1.1" 404 1097
192.168.10.96 - - [16/Mar/2017:13:07:48 -0300] "GET /cormun/servlet/trsolicitudnombre?16494988, HTTP/1.1" 200 7225
192.168.10.96 - - [16/Mar/2017:13:07:48 -0300] "GET /cormun/static/gxcfg.js?2017315134714 HTTP/1.1" 304 -
192.168.10.96 - - [16/Mar/2017:13:07:48 -0300] "GET /cormun/static/trsolicitudnombre.js?20173151341133 HTTP/1.1" 304 -
186.103.156.24 - - [16/Mar/2017:13:07:48 -0300] "POST /cormun/servlet/licenciaspermisosadjuntos?b5d2bd163f3570a09de5080185295ef7,INS,12516208,L,20170316000000,, HTTP/1.1" 200 116
192.168.10.96 - - [16/Mar/2017:13:07:48 -0300] "GET /cormun/servlet/trsolicitudnombre?16494988, HTTP/1.1" 200 7225
186.103.156.24 - - [16/Mar/2017:13:07:48 -0300] "GET /cormun/servlet/hpexe_return? HTTP/1.1" 200 1040
192.168.10.96 - - [16/Mar/2017:13:07:51 -0300] "GET /cormun/servlet/vesolicitudnombre?2017,5503,, HTTP/1.1" 200 8423
192.168.10.96 - - [16/Mar/2017:13:07:51 -0300] "GET /cormun/static/gxcfg.js?201731513465 HTTP/1.1" 304 -
192.168.10.96 - - [16/Mar/2017:13:07:51 -0300] "GET /cormun/pexe_scrolldiv.js HTTP/1.1" 404 1009
192.168.10.96 - - [16/Mar/2017:13:07:51 -0300] "GET /cormun/static/vesolicitudnombre.js?2017315134666 HTTP/1.1" 304 -
192.168.10.96 - - [16/Mar/2017:13:07:51 -0300] "GET /cormun/static/hwcviewtabs.js?20173151245369 HTTP/1.1" 304 -
192.168.10.96 - - [16/Mar/2017:13:07:51 -0300] "GET /cormun/pexe_scrolldiv.js HTTP/1.1" 404 1009
186.103.156.24 - - [16/Mar/2017:13:07:51 -0300] "GET /cormun/servlet/trlicenciaspermisosadjuntos?12516208,20170316000000,L, HTTP/1.1" 200 6790
192.168.10.96 - - [16/Mar/2017:13:07:51 -0300] "GET /cormun/servlet/vesolicitudnombre?2017,5503,, HTTP/1.1" 200 8417
186.103.156.24 - - [16/Mar/2017:13:07:54 -0300] "GET /cormun/servlet/trlicenciaspermisosadjuntos?12516208,20170316000000,L, HTTP/1.1" 200 6786
186.103.248.213 - - [16/Mar/2017:13:07:57 -0300] "GET /cormun/servlet/trpermisosadjuntos?13720783,20170316140013,P, HTTP/1.1" 200 6275
186.103.248.213 - - [16/Mar/2017:13:07:57 -0300] "GET /cormun/static/gxcfg.js?20173151352052 HTTP/1.1" 200 953
200.112.1.45 - - [16/Mar/2017:13:07:58 -0300] "GET /cormun/static/trpermisosadjuntos.js?20173151352322 HTTP/1.1" 200 20048
200.112.1.45 - - [16/Mar/2017:13:07:58 -0300] "GET /cormun/servlet/trpermisosadjuntos?13720783,20170316140013,P, HTTP/1.1" 200 6276
186.103.248.213 - - [16/Mar/2017:13:07:59 -0300] "POST /cormun/servlet/acontrolpreferencessavestate?None,CKARLABS,true HTTP/1.1" 200 35
186.103.248.213 - - [16/Mar/2017:13:08:02 -0300] "GET /cormun/servlet/permisosadjuntos?INS,13720783,P,20170316140013,, HTTP/1.1" 200 5615
186.103.248.213 - - [16/Mar/2017:13:08:02 -0300] "GET /cormun/static/gxcfg.js?2016122813135788 HTTP/1.1" 200 953
200.112.1.45 - - [16/Mar/2017:13:08:02 -0300] "GET /cormun/static/permisosadjuntos.js?2016122813135797 HTTP/1.1" 200 8721
186.103.248.213 - - [16/Mar/2017:13:08:02 -0300] "GET /cormun/static/about:blank HTTP/1.1" 404 1011
186.103.248.213 - - [16/Mar/2017:13:08:03 -0300] "GET /cormun/servlet/permisosadjuntos?INS,13720783,P,20170316140013,, HTTP/1.1" 200 5605
192.168.10.89 - - [16/Mar/2017:13:08:06 -0300] "GET /cormun/servlet/trautorizarsolicitud? HTTP/1.1" 200 15155
200.112.1.45 - - [16/Mar/2017:13:08:14 -0300] "POST /cormun/servlet/permisosadjuntos?2cc97f29395f4351316d9fd7f7315a0f,INS,13720783,P,20170316140013,, HTTP/1.1" 200 116
200.112.1.45 - - [16/Mar/2017:13:08:14 -0300] "GET /cormun/servlet/hpexe_return? HTTP/1.1" 200 1032
200.112.1.45 - - [16/Mar/2017:13:08:15 -0300] "GET /cormun/servlet/trpermisosadjuntos?13720783,20170316140013,P, HTTP/1.1" 200 6749
192.168.10.89 - - [16/Mar/2017:13:08:15 -0300] "POST /cormun/servlet/trautorizarsolicitud?479e8598b0bc0d762ddd2b2c2163ca30,,gx-no-cache=1489683776712 HTTP/1.1" 200 12036
200.112.1.45 - - [16/Mar/2017:13:08:15 -0300] "GET /cormun/servlet/trpermisosadjuntos?13720783,20170316140013,P, HTTP/1.1" 200 6747
192.168.10.89 - - [16/Mar/2017:13:08:16 -0300] "POST /cormun/servlet/trautorizarsolicitud?479e8598b0bc0d762ddd2b2c2163ca30,,gx-no-cache=1489683778059 HTTP/1.1" 200 11979
192.168.10.89 - - [16/Mar/2017:13:08:17 -0300] "GET /cormun/static/Shared/jqueryui/images/ui-icons_82798d_256x240.png HTTP/1.1" 404 1089
192.168.10.89 - - [16/Mar/2017:13:08:17 -0300] "GET /cormun/static/Shared/jqueryui/images/ui-bg_flat_55_fafafa_40x100.png HTTP/1.1" 404 1097
192.168.10.89 - - [16/Mar/2017:13:08:17 -0300] "GET /cormun/static/Shared/jqueryui/images/ui-bg_highlight-soft_100_c6c2c8_1x100.png HTTP/1.1" 404 1117
192.168.10.89 - - [16/Mar/2017:13:08:17 -0300] "GET /cormun/static/Shared/jqueryui/images/ui-icons_8d78a5_256x240.png HTTP/1.1" 404 1089
192.168.10.89 - - [16/Mar/2017:13:08:21 -0300] "POST /cormun/servlet/trautorizarsolicitud?479e8598b0bc0d762ddd2b2c2163ca30,,gx-no-cache=1489683782650 HTTP/1.1" 200 11650
192.168.10.89 - - [16/Mar/2017:13:08:22 -0300] "POST /cormun/servlet/trautorizarsolicitud?479e8598b0bc0d762ddd2b2c2163ca30,,gx-no-cache=1489683784521 HTTP/1.1" 200 11593
200.112.1.45 - - [16/Mar/2017:13:08:26 -0300] "POST /cormun/servlet/trpermisosadjuntos?2cc97f29395f4351316d9fd7f7315a0f,13720783,20170316140013,P,,gx-no-cache=1489680572243 HTTP/1.1" 200 90
200.112.1.45 - - [16/Mar/2017:13:08:26 -0300] "GET /cormun/servlet/hpexe_link HTTP/1.1" 200 978
200.112.1.45 - - [16/Mar/2017:13:08:27 -0300] "GET /cormun/servlet/trpermisosgoce HTTP/1.1" 200 7598
200.112.1.45 - - [16/Mar/2017:13:08:27 -0300] "GET /cormun/servlet/trpermisosgoce HTTP/1.1" 200 7596
192.168.10.89 - - [16/Mar/2017:13:08:27 -0300] "POST /cormun/servlet/trautorizarsolicitud?479e8598b0bc0d762ddd2b2c2163ca30,,gx-no-cache=1489683789349 HTTP/1.1" 200 11246
192.168.10.89 - - [16/Mar/2017:13:08:30 -0300] "POST /cormun/servlet/trautorizarsolicitud?479e8598b0bc0d762ddd2b2c2163ca30,,gx-no-cache=1489683791812 HTTP/1.1" 200 11188
186.103.248.213 - - [16/Mar/2017:13:08:38 -0300] "POST /cormun/servlet/trpermisosgoce?2cc97f29395f4351316d9fd7f7315a0f,gx-no-cache=1489680583868 HTTP/1.1" 200 4193
186.103.248.213 - - [16/Mar/2017:13:08:38 -0300] "GET /cormun/static/Shared/jqueryui/images/ui-bg_highlight-soft_100_c6c2c8_1x100.png HTTP/1.1" 404 1117
186.103.248.213 - - [16/Mar/2017:13:08:38 -0300] "GET /cormun/static/Shared/jqueryui/images/ui-icons_82798d_256x240.png HTTP/1.1" 404 1089
186.103.248.213 - - [16/Mar/2017:13:08:38 -0300] "GET /cormun/static/Shared/jqueryui/images/ui-bg_flat_55_fafafa_40x100.png HTTP/1.1" 404 1097
186.103.248.213 - - [16/Mar/2017:13:08:38 -0300] "GET /cormun/static/Shared/jqueryui/images/ui-icons_8d78a5_256x240.png HTTP/1.1" 404 1089
192.168.10.89 - - [16/Mar/2017:13:08:44 -0300] "POST /cormun/servlet/trautorizarsolicitud?479e8598b0bc0d762ddd2b2c2163ca30,,gx-no-cache=1489683805668 HTTP/1.1" 200 10936
192.168.10.89 - - [16/Mar/2017:13:08:47 -0300] "POST /cormun/servlet/trautorizarsolicitud?479e8598b0bc0d762ddd2b2c2163ca30,,gx-no-cache=1489683808674 HTTP/1.1" 200 10879
192.168.10.89 - - [16/Mar/2017:13:08:54 -0300] "POST /cormun/servlet/trautorizarsolicitud?479e8598b0bc0d762ddd2b2c2163ca30,,gx-no-cache=1489683816432 HTTP/1.1" 200 10633
192.168.10.89 - - [16/Mar/2017:13:08:58 -0300] "POST /cormun/servlet/trautorizarsolicitud?479e8598b0bc0d762ddd2b2c2163ca30,,gx-no-cache=1489683819981 HTTP/1.1" 200 10576
186.103.248.213 - - [16/Mar/2017:13:09:02 -0300] "POST /cormun/servlet/trpermisosgoce?2cc97f29395f4351316d9fd7f7315a0f,gx-no-cache=1489680607785 HTTP/1.1" 200 4866
186.103.248.213 - - [16/Mar/2017:13:09:06 -0300] "POST /cormun/servlet/trpermisosgoce?2cc97f29395f4351316d9fd7f7315a0f,gx-no-cache=1489680612465 HTTP/1.1" 200 4844
192.168.10.89 - - [16/Mar/2017:13:09:09 -0300] "POST /cormun/servlet/trautorizarsolicitud?479e8598b0bc0d762ddd2b2c2163ca30,,gx-no-cache=1489683830612 HTTP/1.1" 200 10321
192.168.10.89 - - [16/Mar/2017:13:09:12 -0300] "POST /cormun/servlet/trautorizarsolicitud?479e8598b0bc0d762ddd2b2c2163ca30,,gx-no-cache=1489683834573 HTTP/1.1" 200 10263
192.168.10.89 - - [16/Mar/2017:13:09:22 -0300] "POST /cormun/servlet/trautorizarsolicitud?479e8598b0bc0d762ddd2b2c2163ca30,,gx-no-cache=1489683843851 HTTP/1.1" 200 9999
192.168.10.96 - - [16/Mar/2017:13:09:25 -0300] "GET /cormun/servlet/vesolicitudnombre?2017,5503,,SolicitudOTAdjuntos HTTP/1.1" 200 7370
192.168.10.96 - - [16/Mar/2017:13:09:25 -0300] "GET /cormun/pexe_scrolldiv.js HTTP/1.1" 404 1009
192.168.10.96 - - [16/Mar/2017:13:09:25 -0300] "GET /cormun/static/hwchdr01.js?201731512453822 HTTP/1.1" 304 -
192.168.10.96 - - [16/Mar/2017:13:09:25 -0300] "GET /cormun/static/hpexe_scripts.js?201731512453784 HTTP/1.1" 304 -
192.168.10.96 - - [16/Mar/2017:13:09:25 -0300] "GET /cormun/static/hpexe_messagegenexuscomponent.js?201731512453548 HTTP/1.1" 304 -
192.168.10.96 - - [16/Mar/2017:13:09:25 -0300] "GET /cormun/static/cmcontrolpreferences.js?201731512453759 HTTP/1.1" 304 -
192.168.10.96 - - [16/Mar/2017:13:09:26 -0300] "GET /cormun/static/hmpwkw03.js?20173151305292 HTTP/1.1" 304 -
192.168.10.96 - - [16/Mar/2017:13:09:26 -0300] "GET /cormun/pexe_scrolldiv.js HTTP/1.1" 404 1009
192.168.10.89 - - [16/Mar/2017:13:09:26 -0300] "POST /cormun/servlet/trautorizarsolicitud?479e8598b0bc0d762ddd2b2c2163ca30,,gx-no-cache=1489683848086 HTTP/1.1" 200 9942
192.168.10.96 - - [16/Mar/2017:13:09:26 -0300] "GET /cormun/servlet/vesolicitudnombre?2017,5503,,SolicitudOTAdjuntos HTTP/1.1" 200 7371
192.168.10.96 - - [16/Mar/2017:13:09:27 -0300] "POST /cormun/servlet/acontrolpreferencessavestate?None,DZAMUDIO,true HTTP/1.1" 200 35
192.168.10.96 - - [16/Mar/2017:13:09:31 -0300] "POST /cormun/servlet/vesolicitudnombre?d9616b76ef73929df4c3a1e0e31fb785,2017,5503,,SolicitudOTAdjuntos,gx-no-cache=1489683853382 HTTP/1.1" 200 90
192.168.10.96 - - [16/Mar/2017:13:09:31 -0300] "GET /cormun/servlet/hpexe_link HTTP/1.1" 200 992
