200.30.230.163 - - [16/Mar/2017:12:02:48 -0300] "GET /cormun/static/scaMessage/js/jquery.pnotify.min.js HTTP/1.1" 200 13038
200.30.230.163 - - [16/Mar/2017:12:02:48 -0300] "GET /cormun/static/Shared/jquery/jquery-1.10.2.min.js HTTP/1.1" 200 273199
200.30.230.163 - - [16/Mar/2017:12:02:48 -0300] "GET /cormun/static/scaMessage/scaMessageRender.js HTTP/1.1" 200 11977
200.30.230.163 - - [16/Mar/2017:12:02:48 -0300] "GET /cormun/static/hmpwkw03.js?20173151305292 HTTP/1.1" 200 3965
200.30.230.163 - - [16/Mar/2017:12:02:49 -0300] "GET /cormun/static/Shared/jqueryui/jquery-ui.min.js HTTP/1.1" 200 240427
186.79.0.101 - - [16/Mar/2017:12:02:49 -0300] "GET /cormun/servlet/trsolicitudot? HTTP/1.1" 200 8618
200.30.230.163 - - [16/Mar/2017:12:02:50 -0300] "GET /cormun/static/Shared/ext/ext-all.js HTTP/1.1" 200 1289687
186.79.0.101 - - [16/Mar/2017:12:02:50 -0300] "GET /cormun/servlet/trsolicitudot? HTTP/1.1" 200 8616
200.30.230.163 - - [16/Mar/2017:12:02:50 -0300] "GET /cormun/servlet/hhome HTTP/1.1" 200 3949
200.30.230.163 - - [16/Mar/2017:12:02:50 -0300] "GET /cormun/static/SmoothNavMenu/resources/images/down.gif HTTP/1.1" 200 854
200.30.230.163 - - [16/Mar/2017:12:02:50 -0300] "GET /cormun/static/SmoothNavMenu/resources/images/right.gif HTTP/1.1" 200 860
200.30.230.163 - - [16/Mar/2017:12:02:52 -0300] "GET /cormun/servlet/trsolicitudot? HTTP/1.1" 200 6919
200.30.230.163 - - [16/Mar/2017:12:02:52 -0300] "GET /cormun/static/gxui/gxui-all.css?110300 HTTP/1.1" 200 2179
200.30.230.163 - - [16/Mar/2017:12:02:52 -0300] "GET /cormun/static/calendar-system.css?75620 HTTP/1.1" 200 5572
200.30.230.163 - - [16/Mar/2017:12:02:52 -0300] "GET /cormun/static/gxcfg.js?20173151322457 HTTP/1.1" 200 953
200.30.230.163 - - [16/Mar/2017:12:02:52 -0300] "GET /cormun/static/calendar.js?85251 HTTP/1.1" 200 26246
200.30.230.163 - - [16/Mar/2017:12:02:52 -0300] "GET /cormun/static/calendar-setup.js?85251 HTTP/1.1" 200 2588
200.30.230.163 - - [16/Mar/2017:12:02:52 -0300] "GET /cormun/static/calendar-es.js?85251 HTTP/1.1" 200 1901
200.30.230.163 - - [16/Mar/2017:12:02:52 -0300] "GET /cormun/static/gxdec.js?85251 HTTP/1.1" 200 19579
200.30.230.163 - - [16/Mar/2017:12:02:52 -0300] "GET /cormun/static/trsolicitudot.js?20173151323318 HTTP/1.1" 200 53117
200.30.230.163 - - [16/Mar/2017:12:02:53 -0300] "GET /cormun/static/Resources/PXTools/calendar.png HTTP/1.1" 200 1306
200.30.230.163 - - [16/Mar/2017:12:02:53 -0300] "GET /cormun/static/Resources/PXToolsDataSearch.png HTTP/1.1" 200 419
200.30.230.163 - - [16/Mar/2017:12:02:53 -0300] "GET /cormun/static/Resources/PXToolsGridFirstDisabled.gif HTTP/1.1" 200 100
200.30.230.163 - - [16/Mar/2017:12:02:53 -0300] "GET /cormun/static/Resources/PXToolsGridPreviousDisabled.gif HTTP/1.1" 200 90
200.30.230.163 - - [16/Mar/2017:12:02:53 -0300] "GET /cormun/static/Resources/PXToolsGridNextDisabled.gif HTTP/1.1" 200 90
200.30.230.163 - - [16/Mar/2017:12:02:53 -0300] "GET /cormun/static/Shared/ext/resources/css/ext-all.css?205870 HTTP/1.1" 200 416045
200.30.230.163 - - [16/Mar/2017:12:02:53 -0300] "GET /cormun/static/Resources/PXToolsGridLastDisabled.gif HTTP/1.1" 200 98
200.30.230.163 - - [16/Mar/2017:12:02:53 -0300] "GET /cormun/static/Resources/PXToolsGridPage.gif HTTP/1.1" 200 725
200.30.230.163 - - [16/Mar/2017:12:02:53 -0300] "GET /cormun/static/Resources/PXToolsActionExcel.png HTTP/1.1" 200 3187
200.30.230.163 - - [16/Mar/2017:12:02:53 -0300] "GET /cormun/static/Resources/PXToolsGridNew.png HTTP/1.1" 200 2949
200.30.230.163 - - [16/Mar/2017:12:02:53 -0300] "GET /cormun/static/Resources/desc.gif HTTP/1.1" 200 65
200.30.230.163 - - [16/Mar/2017:12:02:53 -0300] "GET /cormun/static/Resources/asc.gif HTTP/1.1" 200 67
200.30.230.163 - - [16/Mar/2017:12:02:53 -0300] "GET /cormun/servlet/trsolicitudot? HTTP/1.1" 200 6918
200.30.230.163 - - [16/Mar/2017:12:02:53 -0300] "GET /cormun/static/Shared/ext/resources/themes/images/default/tools/tool-sprites.gif HTTP/1.1" 200 5434
200.30.230.163 - - [16/Mar/2017:12:02:53 -0300] "GET /cormun/static/Shared/ext/resources/themes/images/default/panel/bg-headersPanel.png HTTP/1.1" 200 255
186.79.0.101 - - [16/Mar/2017:12:02:55 -0300] "GET /cormun/servlet/solicitudot?INS,0,0, HTTP/1.1" 200 12789
186.79.0.101 - - [16/Mar/2017:12:02:55 -0300] "GET /cormun/servlet/solicitudot?INS,0,0, HTTP/1.1" 200 12794
186.79.0.101 - - [16/Mar/2017:12:03:19 -0300] "POST /cormun/servlet/solicitudot?gx-no-cache=1489676666716 HTTP/1.1" 200 3261
186.79.0.101 - - [16/Mar/2017:12:03:19 -0300] "GET /cormun/static/Shared/jqueryui/images/ui-bg_highlight-soft_100_c6c2c8_1x100.png HTTP/1.1" 404 1117
186.79.0.101 - - [16/Mar/2017:12:03:19 -0300] "GET /cormun/static/Shared/jqueryui/images/ui-icons_82798d_256x240.png HTTP/1.1" 404 1089
186.79.0.101 - - [16/Mar/2017:12:03:19 -0300] "GET /cormun/static/Shared/jqueryui/images/ui-bg_flat_55_994d53_40x100.png HTTP/1.1" 404 1097
186.79.0.101 - - [16/Mar/2017:12:03:19 -0300] "GET /cormun/static/Shared/jqueryui/images/ui-icons_ebccce_256x240.png HTTP/1.1" 404 1089
200.30.230.163 - - [16/Mar/2017:12:03:20 -0300] "POST /cormun/servlet/trsolicitudot?0d404aa5d2216bb12efa5170081bfb1a,,gx-no-cache=1489680263807 HTTP/1.1" 200 4133
192.168.10.89 - - [16/Mar/2017:12:03:36 -0300] "POST /cormun/servlet/trsolicitudgral?479e8598b0bc0d762ddd2b2c2163ca30,,gx-no-cache=1489679898040 HTTP/1.1" 200 6688
186.79.0.101 - - [16/Mar/2017:12:03:43 -0300] "GET /cormun/servlet/prfichaempleado?,MD,,gxPopupLevel%3D0%3B HTTP/1.1" 200 8865
186.79.0.101 - - [16/Mar/2017:12:03:43 -0300] "GET /cormun/static/gxcfg.js?2016102420561687 HTTP/1.1" 200 953
200.30.230.163 - - [16/Mar/2017:12:03:55 -0300] "POST /cormun/servlet/trsolicitudot?0d404aa5d2216bb12efa5170081bfb1a,,gx-no-cache=1489680299287 HTTP/1.1" 200 5418
200.30.230.163 - - [16/Mar/2017:12:03:55 -0300] "GET /cormun//static/Resources/PXToolsActionView.png HTTP/1.1" 200 2995
200.30.230.163 - - [16/Mar/2017:12:03:55 -0300] "GET /cormun//static/Resources/PXToolsGridUpdate.png HTTP/1.1" 200 2984
200.30.230.163 - - [16/Mar/2017:12:03:55 -0300] "GET /cormun//static/Resources/PXToolsRemoveAllAction.png HTTP/1.1" 200 3558
200.30.230.163 - - [16/Mar/2017:12:03:55 -0300] "GET /cormun//static/Resources/PXToolsGridDelete.png HTTP/1.1" 200 357
200.30.230.163 - - [16/Mar/2017:12:03:55 -0300] "GET /cormun//static/Resources/PXTools/ActionInsert.png HTTP/1.1" 200 1482
200.30.230.163 - - [16/Mar/2017:12:04:04 -0300] "GET /cormun/servlet/solicitudot?INS,0,0, HTTP/1.1" 200 12748
200.30.230.163 - - [16/Mar/2017:12:04:04 -0300] "GET /cormun/static/calendar-system.css?85620 HTTP/1.1" 200 5572
200.30.230.163 - - [16/Mar/2017:12:04:04 -0300] "GET /cormun/static/gxcfg.js?20171191042720 HTTP/1.1" 200 953
186.79.0.101 - - [16/Mar/2017:12:04:04 -0300] "POST /cormun/servlet/prfichaempleado?45292256414051a9460377a9efc4eb51,,MD,,gxPopupLevel%3D0%3B,gx-no-cache=1489676711402 HTTP/1.1" 200 3203
200.30.230.163 - - [16/Mar/2017:12:04:04 -0300] "GET /cormun/static/Resources/prompt.gif HTTP/1.1" 200 902
200.30.230.163 - - [16/Mar/2017:12:04:04 -0300] "GET /cormun/static/Resources/Spanish/PXTools.css?18365030 HTTP/1.1" 200 89042
200.30.230.163 - - [16/Mar/2017:12:04:04 -0300] "GET /cormun/static/solicitudot.js?2017119104297 HTTP/1.1" 200 63948
200.30.230.163 - - [16/Mar/2017:12:04:05 -0300] "GET /cormun/servlet/solicitudot?INS,0,0, HTTP/1.1" 200 12753
200.30.230.163 - - [16/Mar/2017:12:04:07 -0300] "POST /cormun/servlet/solicitudot?gx-no-cache=1489680311511 HTTP/1.1" 200 3189
200.30.230.163 - - [16/Mar/2017:12:04:08 -0300] "POST /cormun/servlet/solicitudot?0d404aa5d2216bb12efa5170081bfb1a,INS,0,0,,gx-no-cache=1489680311709 HTTP/1.1" 200 9965
200.30.230.163 - - [16/Mar/2017:12:04:09 -0300] "GET /cormun/servlet/solicitudot?4093d69ac8f1a5aafb63e2208b3bb1391dec192a02934a7c8ad000103adb41ab90329358e4ef7f919baa8dfeb6d03881,gx-no-cache=1489680313726 HTTP/1.1" 200 30
200.30.230.163 - - [16/Mar/2017:12:04:10 -0300] "POST /cormun/servlet/solicitudot?gx-no-cache=1489680313848 HTTP/1.1" 200 255
200.30.230.163 - - [16/Mar/2017:12:04:10 -0300] "GET /cormun/servlet/solicitudot?4093d69ac8f1a5aafb63e2208b3bb1396d362f5229d0ba83b57cbfcff9ce27ecd55f27985ea520fbad4bc9c2d243dc1adbeccd2aea9d3870d1c2dce8af818299ca21eb7f4c0c980df371debe859094e69d6dc36265bef13e988c09e1003f90c838d84e46f91f9b71584be50a18a8157ddec0372a6ba90f243d8cd94497c1e60e83b3655f77e5fb23d71362e0c76b080af07aff187d22411ce3443dc4737fa61dfc591d7e35fc07c944b80c14f7b1d99e138df3c242ebc2807e1e58f7777cc82e3ff2dfd2c12c41be392d4d4e24e670fd624dca1fdde57cf21fae27fe1d27822f14fde1a948a950b32692be3a55f1a00d71691169ac9006d6de0c682250698ebee259cabedab3b21fb0a1a498e66b27902cf36cbed4e933f4943a1cf6cc19486e07e8c30cb10b8e7987ae924dc77b39a98a0da2966f83da5e0e00859004346b70e441c579b4c02e5451f94d4a85fce10cd95ce8759d80b6e3ce306624890f0127d4ebedb6428e1377f316356273e026b7f7778d9def2631380d4b1669ce82d907,gx-no-cache=1489680313928 HTTP/1.1" 200 30
200.30.230.163 - - [16/Mar/2017:12:04:11 -0300] "POST /cormun/servlet/solicitudot?gx-no-cache=1489680315126 HTTP/1.1" 200 30
186.79.0.101 - - [16/Mar/2017:12:04:12 -0300] "POST /cormun/servlet/prfichaempleado?45292256414051a9460377a9efc4eb51,,MD,,gxPopupLevel%3D0%3B,gx-no-cache=1489676719474 HTTP/1.1" 200 3203
200.30.230.163 - - [16/Mar/2017:12:04:16 -0300] "POST /cormun/servlet/solicitudot?gx-no-cache=1489680320245 HTTP/1.1" 200 1292
200.30.230.163 - - [16/Mar/2017:12:04:16 -0300] "POST /cormun/servlet/solicitudot?gx-no-cache=1489680320316 HTTP/1.1" 200 38
186.79.0.101 - - [16/Mar/2017:12:04:18 -0300] "POST /cormun/servlet/solicitudot?gx-no-cache=1489676725374 HTTP/1.1" 200 3261
186.79.0.101 - - [16/Mar/2017:12:04:18 -0300] "GET /cormun/servlet/solicitudot?48082e61f5845b2bf86ccffd4d92d484d2a1f95d2d149bb29c62539ae89285473629a42314597f34688b8c017f317c36,gx-no-cache=1489676725832 HTTP/1.1" 200 111
192.168.10.89 - - [16/Mar/2017:12:04:19 -0300] "POST /cormun/servlet/trsolicitudgral?479e8598b0bc0d762ddd2b2c2163ca30,,gx-no-cache=1489679941310 HTTP/1.1" 200 5411
200.30.230.163 - - [16/Mar/2017:12:04:21 -0300] "GET /cormun/servlet/solicitudot?4093d69ac8f1a5aafb63e2208b3bb1394c968f20b8cb38e68dc3a2956df821be302bbbcd6ff7b4beb64f7f7e24a686ae9fae7bb3b2b7947733f9d75a00984fe3f680ac5e96a1718870548fb25436bd4495feb24c8eb0b55e7383dae2066a7102e41f8e9bac0f1915a7779faacc3c9e9850207c3b4d0845418bf9d43c5bf79d880c972484385ebc7ca83222b5c9a0e84dc5909b61da72a702e5ffec244b151fc5,gx-no-cache=1489680324912 HTTP/1.1" 200 29
200.30.230.163 - - [16/Mar/2017:12:04:21 -0300] "POST /cormun/servlet/solicitudot?gx-no-cache=1489680324996 HTTP/1.1" 200 1275
200.30.230.163 - - [16/Mar/2017:12:04:21 -0300] "POST /cormun/servlet/solicitudot?gx-no-cache=1489680325086 HTTP/1.1" 200 1158
200.30.230.163 - - [16/Mar/2017:12:04:21 -0300] "GET /cormun/servlet/solicitudot?4093d69ac8f1a5aafb63e2208b3bb1392845dcaebed9254d00caf143a90fd85b5d1855956fb505079167ec9f5e6b6b563a2e21b6848f6f094fabdaa454ccbe62a4eb7016bac0bb3603361205c8c241492b77529edfc9f5ea8295d3e27de733ac0aaa2d8db98976d396f65a4d94f3168132c42bf53ab5b56dbddb194660730ffe2ca2bae9c65f7f088dc60e1f1d4865e55762fe8126caf35476f90a53f88d0580,gx-no-cache=1489680325195 HTTP/1.1" 200 30
200.30.230.163 - - [16/Mar/2017:12:04:25 -0300] "GET /cormun/static/menuarrow.gif HTTP/1.1" 404 1015
186.79.0.101 - - [16/Mar/2017:12:04:29 -0300] "GET /cormun/servlet/solicitudot?48082e61f5845b2bf86ccffd4d92d484ed3bb51cf9a52e1a0a52e6a620f962c99d14c0e81810ce6a556a655dd83c8b26,gx-no-cache=1489676736845 HTTP/1.1" 200 30
200.30.230.163 - - [16/Mar/2017:12:04:29 -0300] "GET /cormun/servlet/solicitudot?4093d69ac8f1a5aafb63e2208b3bb1392845dcaebed9254d00caf143a90fd85bc41cce72648b9368c4013966d357813fa8d20e903e64796456a6e9451a23bf02e7aae5d517c836545ea1f9568284e07be575c8461878d7ded0a8516a1c0c6fcf7295adb2aec32fae77f9b7bff223e92388c760b67d51e5681aff6ca7a70250416a6173a755dd4d03d0dd5cc5dbd65f1d3a34d5f43e8f0b27ce13fb721ec223599c272a0a47e04650a5310c41c3e3f928,gx-no-cache=1489680333499 HTTP/1.1" 200 30
200.30.230.163 - - [16/Mar/2017:12:04:30 -0300] "POST /cormun/servlet/solicitudot?0d404aa5d2216bb12efa5170081bfb1a,INS,0,0,,gx-no-cache=1489680334654 HTTP/1.1" 200 93
200.30.230.163 - - [16/Mar/2017:12:04:31 -0300] "GET /cormun/servlet/hpexe_return? HTTP/1.1" 200 1006
200.30.230.163 - - [16/Mar/2017:12:04:31 -0300] "GET /cormun/static/gxcfg.js?2016101716175148 HTTP/1.1" 200 953
200.30.230.163 - - [16/Mar/2017:12:04:31 -0300] "GET /cormun/static/hpexe_return.js?2016101716175153 HTTP/1.1" 200 1633
200.30.230.163 - - [16/Mar/2017:12:04:31 -0300] "GET /cormun/static/Resources/Spanish/PXTools.css?167811 HTTP/1.1" 200 89042
200.30.230.163 - - [16/Mar/2017:12:04:31 -0300] "GET /cormun/servlet/trsolicitudot? HTTP/1.1" 200 8528
200.30.230.163 - - [16/Mar/2017:12:04:32 -0300] "GET /cormun/servlet/trsolicitudot? HTTP/1.1" 200 8524
192.168.10.89 - - [16/Mar/2017:12:05:13 -0300] "POST /cormun/servlet/trsolicitudgral?479e8598b0bc0d762ddd2b2c2163ca30,,gx-no-cache=1489679994694 HTTP/1.1" 200 12906
200.30.230.163 - - [16/Mar/2017:12:05:33 -0300] "POST /cormun/servlet/trsolicitudot?0d404aa5d2216bb12efa5170081bfb1a,,gx-no-cache=1489680397315 HTTP/1.1" 200 105
200.30.230.163 - - [16/Mar/2017:12:05:33 -0300] "GET /cormun/servlet/solicitudot?UPD,2017,5577, HTTP/1.1" 200 14402
200.30.230.163 - - [16/Mar/2017:12:05:34 -0300] "GET /cormun/servlet/solicitudot?UPD,2017,5577, HTTP/1.1" 200 14411
200.30.230.163 - - [16/Mar/2017:12:05:35 -0300] "POST /cormun/servlet/solicitudot?gx-no-cache=1489680398895 HTTP/1.1" 200 3189
200.30.230.163 - - [16/Mar/2017:12:05:35 -0300] "POST /cormun/servlet/solicitudot?0d404aa5d2216bb12efa5170081bfb1a,UPD,2017,5577,,gx-no-cache=1489680399283 HTTP/1.1" 200 11038
200.30.230.163 - - [16/Mar/2017:12:05:35 -0300] "GET /cormun/servlet/solicitudot?4093d69ac8f1a5aafb63e2208b3bb1391dec192a02934a7c8ad000103adb41abee42b6cd50508301e455bd52eef786e6,gx-no-cache=1489680399575 HTTP/1.1" 200 30
200.30.230.163 - - [16/Mar/2017:12:05:35 -0300] "POST /cormun/servlet/solicitudot?gx-no-cache=1489680399627 HTTP/1.1" 200 254
200.30.230.163 - - [16/Mar/2017:12:05:35 -0300] "GET /cormun/servlet/solicitudot?4093d69ac8f1a5aafb63e2208b3bb1396d362f5229d0ba83b57cbfcff9ce27ecd55f27985ea520fbad4bc9c2d243dc1adbeccd2aea9d3870d1c2dce8af818299ca21eb7f4c0c980df371debe859094e69d6dc36265bef13e988c09e1003f90c838d84e46f91f9b71584be50a18a8157ddec0372a6ba90f243d8cd94497c1e60e83b3655f77e5fb23d71362e0c76b080af07aff187d22411ce3443dc4737fa61dfc591d7e35fc07c944b80c14f7b1d99e138df3c242ebc2807e1e58f7777cc82e3ff2dfd2c12c41be392d4d4e24e670fd624dca1fdde57cf21fae27fe1d27822f14fde1a948a950b32692be3a55f1a00d71691169ac9006d6de0c682250698ebee259cabedab3b21fb0a1a498e66b27902cf36cbed4e933f4943a1cf6cc19486e07e8c30cb10b8e7987ae924dc77b39a98a0da2966f83da5e0e00859004346b70e441c579b4c02e5451f94d4a85fce10cd95ce8759d80b6e3ce306624890f0127d4ebedb6428e1377f316356273e026b7671ae87df4c6cf73e5c9bd7a355b04bd,gx-no-cache=1489680399702 HTTP/1.1" 200 30
200.30.230.163 - - [16/Mar/2017:12:05:35 -0300] "POST /cormun/servlet/solicitudot?gx-no-cache=1489680399775 HTTP/1.1" 200 30
200.30.230.163 - - [16/Mar/2017:12:05:36 -0300] "POST /cormun/servlet/solicitudot?gx-no-cache=1489680399848 HTTP/1.1" 200 1293
200.30.230.163 - - [16/Mar/2017:12:05:36 -0300] "POST /cormun/servlet/solicitudot?gx-no-cache=1489680399950 HTTP/1.1" 200 41
200.30.230.163 - - [16/Mar/2017:12:06:02 -0300] "POST /cormun/servlet/solicitudot?0d404aa5d2216bb12efa5170081bfb1a,UPD,2017,5577,,gx-no-cache=1489680425950 HTTP/1.1" 200 93
200.30.230.163 - - [16/Mar/2017:12:06:02 -0300] "GET /cormun/servlet/hpexe_return? HTTP/1.1" 200 1012
200.30.230.163 - - [16/Mar/2017:12:06:02 -0300] "GET /cormun/servlet/trsolicitudot HTTP/1.1" 200 8528
200.30.230.163 - - [16/Mar/2017:12:06:03 -0300] "GET /cormun/servlet/trsolicitudot HTTP/1.1" 200 8524
200.30.230.163 - - [16/Mar/2017:12:06:06 -0300] "POST /cormun/servlet/trsolicitudot?0d404aa5d2216bb12efa5170081bfb1a,gx-no-cache=1489680429326 HTTP/1.1" 200 105
200.30.230.163 - - [16/Mar/2017:12:06:06 -0300] "GET /cormun/servlet/solicitudot?DLT,2017,5577, HTTP/1.1" 200 9487
200.30.230.163 - - [16/Mar/2017:12:06:06 -0300] "GET /cormun/static/Shared/jqueryui/images/ui-bg_highlight-soft_100_c6c2c8_1x100.png HTTP/1.1" 404 1117
200.30.230.163 - - [16/Mar/2017:12:06:06 -0300] "GET /cormun/static/Shared/jqueryui/images/ui-icons_82798d_256x240.png HTTP/1.1" 404 1089
200.30.230.163 - - [16/Mar/2017:12:06:06 -0300] "GET /cormun/static/Shared/jqueryui/images/ui-bg_flat_55_fafafa_40x100.png HTTP/1.1" 404 1097
200.30.230.163 - - [16/Mar/2017:12:06:06 -0300] "GET /cormun/static/Shared/jqueryui/images/ui-icons_8d78a5_256x240.png HTTP/1.1" 404 1089
200.30.230.163 - - [16/Mar/2017:12:06:07 -0300] "GET /cormun/servlet/solicitudot?DLT,2017,5577, HTTP/1.1" 200 9497
186.79.0.101 - - [16/Mar/2017:12:06:08 -0300] "GET /cormun/servlet/solicitudot?48082e61f5845b2bf86ccffd4d92d484f9797fbe75e243f92a12949624c44a3fce4f19f155c8ecc99dc2bf4322ad8954b6ddfbbd06eae9a7d602324ec0057d627ec1a112e7e91f5cdd744485ba1008284c3d2e50d437c15f2e0b541415cf410a786a88a060faef8bef1c2f89463100a8dd79f84e7607ccd6657fadefaa314ba64c0d35314361c4a0e034da9fad62356b9984e944e6217aed708f2ef0e134cd8c26c2560cb5edeaa1d4ec35d983b7e348a1827ced1587c3d28e03d7e7f8088ae7d20fa303386d0c12fc0160476a7ba4b81a285542376b5b6b2ed7d67a3e15283fb1660b201f177a949f463303ea44717a9c17d5da176a1fe54d83ad7c8dd69352e8b7425f40077159a3eb87469461ae7655cad8f5572b670d2b04e148d5608d876566dc52079e14e307c4b84511003f00d46ab755443bb8e4ddb86a8ad5740b57931d50bf9bd9d0be7f77bd31e14e2efc,gx-no-cache=1489676836392 HTTP/1.1" 200 256
200.30.230.163 - - [16/Mar/2017:12:06:10 -0300] "POST /cormun/servlet/solicitudot?0d404aa5d2216bb12efa5170081bfb1a,DLT,2017,5577,,gx-no-cache=1489680433794 HTTP/1.1" 200 93
200.30.230.163 - - [16/Mar/2017:12:06:10 -0300] "GET /cormun/servlet/hpexe_return? HTTP/1.1" 200 1013
200.30.230.163 - - [16/Mar/2017:12:06:10 -0300] "GET /cormun/servlet/trsolicitudot HTTP/1.1" 200 8189
200.30.230.163 - - [16/Mar/2017:12:06:10 -0300] "GET /cormun/servlet/trsolicitudot HTTP/1.1" 200 8185
200.30.230.163 - - [16/Mar/2017:12:06:15 -0300] "GET /cormun/servlet/trlicencias? HTTP/1.1" 200 6823
200.30.230.163 - - [16/Mar/2017:12:06:15 -0300] "GET /cormun/static/gxui/gxui-all.css?120300 HTTP/1.1" 200 2179
200.30.230.163 - - [16/Mar/2017:12:06:15 -0300] "GET /cormun/static/gxcfg.js?2016122619301429 HTTP/1.1" 200 953
200.30.230.163 - - [16/Mar/2017:12:06:15 -0300] "GET /cormun/static/trlicencias.js?2016122619301919 HTTP/1.1" 200 37916
200.30.230.163 - - [16/Mar/2017:12:06:16 -0300] "GET /cormun/static/Shared/ext/resources/css/ext-all.css?215870 HTTP/1.1" 200 416045
200.30.230.163 - - [16/Mar/2017:12:06:16 -0300] "GET /cormun/servlet/trlicencias? HTTP/1.1" 200 6822
186.79.0.101 - - [16/Mar/2017:12:06:19 -0300] "GET /cormun/servlet/solicitudot?48082e61f5845b2bf86ccffd4d92d4848aa7ab5dea924008373b37349d7b57c61027fbc6f8ee9f54d9f4bf08a495537292ae1865d93c102a0afd7e6996f053b679d3f8f53ef75a5e6e6d3202d212507b77d1d8fde90348baf75518d0df9d1042e8c1ab7295caf14a8070b45d0bb5b72833d7dd260c94c5292d7c7978580c4e89970f0f3a8b25b025585f33e5b0e1b04a5a9450d382a2c014f36bef14dbcfeed55d3a54dbee52a3fc059e8cf848c7629962f5ede76041a04e0e4a12ab1cdb51ccedb928761843fc1a72adad2fd58138dce14ac2f6e8e308ba050a7266c3ef09ecf3bdf82454fa601e1e2b7539323fa2c5b4737002f1fd406fe49df860e29de765d6d07ad9104070355ec131bd2103b49f58adc6737344e100f97ea59de238ea8ad39e0e5690169faf8db814d657ccd7c0faa465a4e624b9d8d34f7fdea641c496b71a4d170991166b51e0d82aeb9c79eeecb761e3e9143243aa0b2f44200f76d569f2e2a3f46017f85f17a5c1314ac6df0b12352db2ed57849361e5b92d899ad0,gx-no-cache=1489676847173 HTTP/1.1" 200 30
186.79.0.101 - - [16/Mar/2017:12:06:24 -0300] "POST /cormun/servlet/solicitudot?gx-no-cache=1489676851928 HTTP/1.1" 200 30
186.79.0.101 - - [16/Mar/2017:12:06:26 -0300] "GET /cormun/servlet/prsolicitudot?16493294,,,,,MD,,gxPopupLevel%3D0%3B HTTP/1.1" 200 5934
186.79.0.101 - - [16/Mar/2017:12:06:30 -0300] "POST /cormun/servlet/solicitudot?gx-no-cache=1489676857831 HTTP/1.1" 200 235
186.79.0.101 - - [16/Mar/2017:12:06:30 -0300] "POST /cormun/servlet/solicitudot?gx-no-cache=1489676858021 HTTP/1.1" 200 38
186.79.0.101 - - [16/Mar/2017:12:06:30 -0300] "GET /cormun/servlet/solicitudot?48082e61f5845b2bf86ccffd4d92d48461fc653f4862ec1cd87f09838c1e3bc09c17d5da176a1fe54d83ad7c8dd69352e8b7425f40077159a3eb87469461ae7650f71aca052abbf5c3598496b323b2c9,gx-no-cache=1489676858164 HTTP/1.1" 200 29
186.79.0.101 - - [16/Mar/2017:12:06:30 -0300] "POST /cormun/servlet/solicitudot?gx-no-cache=1489676858270 HTTP/1.1" 200 643
186.79.0.101 - - [16/Mar/2017:12:06:30 -0300] "POST /cormun/servlet/solicitudot?gx-no-cache=1489676858411 HTTP/1.1" 200 518
200.73.230.173 - - [16/Mar/2017:12:06:38 -0300] "GET /cormun/servlet/trautorizarsolicitud? HTTP/1.1" 200 8092
200.73.230.173 - - [16/Mar/2017:12:06:38 -0300] "GET /cormun/static/gxcfg.js?2017259112829 HTTP/1.1" 200 953
200.73.230.173 - - [16/Mar/2017:12:06:39 -0300] "GET /cormun/static/trautorizarsolicitud.js?2017259113483 HTTP/1.1" 200 53096
200.73.230.173 - - [16/Mar/2017:12:06:39 -0300] "GET /cormun/servlet/trautorizarsolicitud? HTTP/1.1" 200 8091
200.73.230.173 - - [16/Mar/2017:12:06:51 -0300] "POST /cormun/servlet/trautorizarsolicitud?d17aae3c8f3b0b71fba06e8ef289b78b,,gx-no-cache=1489676882159 HTTP/1.1" 200 4305
200.73.230.173 - - [16/Mar/2017:12:06:52 -0300] "GET /cormun/static/Shared/jqueryui/images/ui-bg_highlight-soft_100_c6c2c8_1x100.png HTTP/1.1" 404 1117
200.73.230.173 - - [16/Mar/2017:12:06:52 -0300] "GET /cormun/static/Shared/jqueryui/images/ui-bg_flat_55_fafafa_40x100.png HTTP/1.1" 404 1097
200.73.230.173 - - [16/Mar/2017:12:06:52 -0300] "GET /cormun/static/Shared/jqueryui/images/ui-icons_8d78a5_256x240.png HTTP/1.1" 404 1089
200.73.230.173 - - [16/Mar/2017:12:06:52 -0300] "GET /cormun/static/Shared/jqueryui/images/ui-icons_82798d_256x240.png HTTP/1.1" 404 1089
200.73.230.173 - - [16/Mar/2017:12:06:52 -0300] "POST /cormun/servlet/trautorizarsolicitud?d17aae3c8f3b0b71fba06e8ef289b78b,,gx-no-cache=1489676882559 HTTP/1.1" 200 4093
186.79.0.101 - - [16/Mar/2017:12:06:54 -0300] "POST /cormun/servlet/solicitudot?gx-no-cache=1489676882178 HTTP/1.1" 200 643
186.79.0.101 - - [16/Mar/2017:12:06:59 -0300] "POST /cormun/servlet/solicitudot?gx-no-cache=1489676886825 HTTP/1.1" 200 1157
200.30.230.163 - - [16/Mar/2017:12:07:21 -0300] "GET /cormunbeta/servlet/hlogin HTTP/1.1" 200 1725
186.79.0.101 - - [16/Mar/2017:12:07:24 -0300] "GET /cormun/static/menuarrow.gif HTTP/1.1" 404 1015
200.30.230.163 - - [16/Mar/2017:12:07:29 -0300] "POST /cormunbeta/servlet/hlogin?32d6a1da342ee73a085e5ea09eaf6a23,gx-no-cache=1489680513631 HTTP/1.1" 200 430
200.30.230.163 - - [16/Mar/2017:12:07:32 -0300] "GET /cormunbeta/servlet/trlicencias? HTTP/1.1" 200 5924
200.30.230.163 - - [16/Mar/2017:12:07:32 -0300] "GET /cormunbeta/servlet/trlicencias? HTTP/1.1" 200 5924
186.79.0.101 - - [16/Mar/2017:12:07:37 -0300] "GET /cormun/servlet/solicitudot?48082e61f5845b2bf86ccffd4d92d4843db29cbe5e5e41d583d6316fd643f9fbca26966f8378e2c22aa51f84c7c0ac97a179766c3e4835ad723584cb7817d2f2f7a44c769b532c0012ec27e42f84cba00e3a37d52162aa9a623e4ec8cdfc85b24071f19410c457bcfd6655c61624c895fd196afa4d1a1820d8dc33d526a7467fb85002febed34f152af96958075de823b358b3d4acf4a32cb18636e5243c2fd0348c68a63a36256ce6ed969796dc5342,gx-no-cache=1489676924944 HTTP/1.1" 200 30
200.30.230.163 - - [16/Mar/2017:12:07:40 -0300] "POST /cormunbeta/servlet/hlogin?32d6a1da342ee73a085e5ea09eaf6a23,gx-no-cache=1489680523723 HTTP/1.1" 200 90
200.30.230.163 - - [16/Mar/2017:12:07:40 -0300] "GET /cormunbeta/servlet/hpexe_link HTTP/1.1" 200 964
200.30.230.163 - - [16/Mar/2017:12:07:40 -0300] "GET /cormunbeta/static/gxcfg.js?201612218515529 HTTP/1.1" 200 953
200.30.230.163 - - [16/Mar/2017:12:07:40 -0300] "GET /cormunbeta/static/hpexe_link.js?201612218515532 HTTP/1.1" 200 625
200.30.230.163 - - [16/Mar/2017:12:07:40 -0300] "GET /cormunbeta/static/Resources/Spanish/PXTools.css?18365030 HTTP/1.1" 200 89042
200.30.230.163 - - [16/Mar/2017:12:07:40 -0300] "GET /cormunbeta/servlet/trlicencias HTTP/1.1" 200 7010
200.30.230.163 - - [16/Mar/2017:12:07:40 -0300] "GET /cormunbeta/static/calendar-system.css?85620 HTTP/1.1" 200 5572
200.30.230.163 - - [16/Mar/2017:12:07:40 -0300] "GET /cormunbeta/static/gxui/gxui-all.css?120300 HTTP/1.1" 200 2179
200.30.230.163 - - [16/Mar/2017:12:07:40 -0300] "GET /cormunbeta/static/SmoothNavMenu/resources/ddsmoothmenu.css?1112540 HTTP/1.1" 200 2223
200.30.230.163 - - [16/Mar/2017:12:07:40 -0300] "GET /cormunbeta/static/SmoothNavMenu/resources/ddsmoothmenu-v.css?1112540 HTTP/1.1" 200 1188
200.30.230.163 - - [16/Mar/2017:12:07:40 -0300] "GET /cormunbeta/static/scaMessage/css/jquery.pnotify.default.css?1816380 HTTP/1.1" 200 1707
200.30.230.163 - - [16/Mar/2017:12:07:40 -0300] "GET /cormunbeta/static/Shared/jqueryui/jquery-ui.min.css?1345370 HTTP/1.1" 200 30288
200.30.230.163 - - [16/Mar/2017:12:07:40 -0300] "GET /cormunbeta/static/gxcfg.js?2016122619301429 HTTP/1.1" 200 953
200.30.230.163 - - [16/Mar/2017:12:07:40 -0300] "GET /cormunbeta/static/calendar.js?85251 HTTP/1.1" 200 26246
200.30.230.163 - - [16/Mar/2017:12:07:40 -0300] "GET /cormunbeta/static/calendar-setup.js?85251 HTTP/1.1" 200 2588
200.30.230.163 - - [16/Mar/2017:12:07:40 -0300] "GET /cormunbeta/static/calendar-es.js?85251 HTTP/1.1" 200 1901
200.30.230.163 - - [16/Mar/2017:12:07:40 -0300] "GET /cormunbeta/static/RunJS/RunJS.js HTTP/1.1" 200 288
200.30.230.163 - - [16/Mar/2017:12:07:40 -0300] "GET /cormunbeta/static/PXToolsJavascripts/pexe_autoreload.js HTTP/1.1" 200 1762
200.30.230.163 - - [16/Mar/2017:12:07:40 -0300] "GET /cormunbeta/static/PXToolsJavascripts/pexe_cookies.js HTTP/1.1" 200 792
200.30.230.163 - - [16/Mar/2017:12:07:40 -0300] "GET /cormunbeta/static/PXToolsJavascripts/pexe_windows.js HTTP/1.1" 200 15207
200.30.230.163 - - [16/Mar/2017:12:07:40 -0300] "GET /cormunbeta/static/PXToolsJavascripts/pexe_grid.js HTTP/1.1" 200 7559
200.30.230.163 - - [16/Mar/2017:12:07:40 -0300] "GET /cormunbeta/static/gxui/gxui-all.js HTTP/1.1" 200 107772
200.30.230.163 - - [16/Mar/2017:12:07:40 -0300] "GET /cormunbeta/static/PXToolsJavascripts/pexe_griddivfix.js HTTP/1.1" 200 6644
200.30.230.163 - - [16/Mar/2017:12:07:40 -0300] "GET /cormunbeta/static/PXToolsJavascripts/pexe_link.js HTTP/1.1" 200 5671
200.30.230.163 - - [16/Mar/2017:12:07:40 -0300] "GET /cormunbeta/static/PXToolsJavascripts/pexe_menudivfix.js HTTP/1.1" 200 333
200.30.230.163 - - [16/Mar/2017:12:07:40 -0300] "GET /cormunbeta/static/PXToolsJavascripts/pexe_menus.js HTTP/1.1" 200 1286
200.30.230.163 - - [16/Mar/2017:12:07:40 -0300] "GET /cormunbeta/static/PXToolsJavascripts/pexe_oavdivfix.js HTTP/1.1" 200 639
200.30.230.163 - - [16/Mar/2017:12:07:40 -0300] "GET /cormunbeta/static/PXToolsJavascripts/pexe_oav.js HTTP/1.1" 200 645
200.30.230.163 - - [16/Mar/2017:12:07:40 -0300] "GET /cormunbeta/static/PXToolsJavascripts/pexe_layers.js HTTP/1.1" 200 4114
200.30.230.163 - - [16/Mar/2017:12:07:40 -0300] "GET /cormunbeta/static/PXToolsJavascripts/pexe_picture.js HTTP/1.1" 200 689
200.30.230.163 - - [16/Mar/2017:12:07:40 -0300] "GET /cormunbeta/static/PXToolsJavascripts/pexe_scrolldiv.js HTTP/1.1" 200 4138
200.30.230.163 - - [16/Mar/2017:12:07:40 -0300] "GET /cormunbeta/static/PXToolsJavascripts/pexe_popup.js HTTP/1.1" 200 13458
200.30.230.163 - - [16/Mar/2017:12:07:40 -0300] "GET /cormunbeta/static/PXToolsJavascripts/pexe_tabdivfix.js HTTP/1.1" 200 876
200.30.230.163 - - [16/Mar/2017:12:07:40 -0300] "GET /cormunbeta/static/Shared/ext/resources/css/ext-all.css?215870 HTTP/1.1" 200 416045
200.30.230.163 - - [16/Mar/2017:12:07:41 -0300] "GET /cormunbeta/static/PXToolsJavascripts/pexe_tabs.js HTTP/1.1" 200 3748
200.30.230.163 - - [16/Mar/2017:12:07:41 -0300] "GET /cormunbeta/static/PXToolsJavascripts/pexe_upload.js HTTP/1.1" 200 1423
200.30.230.163 - - [16/Mar/2017:12:07:41 -0300] "GET /cormunbeta/static/PXToolsJavascripts/PXToolsJavascriptsRender.js HTTP/1.1" 200 367
200.30.230.163 - - [16/Mar/2017:12:07:41 -0300] "GET /cormunbeta/static/Shared/ext/locale/ext-lang-en.js HTTP/1.1" 200 10940
200.30.230.163 - - [16/Mar/2017:12:07:41 -0300] "GET /cormunbeta/static/gxdec.js?85251 HTTP/1.1" 200 19579
200.30.230.163 - - [16/Mar/2017:12:07:41 -0300] "GET /cormunbeta/static/trlicencias.js?2016122619301919 HTTP/1.1" 200 37916
200.30.230.163 - - [16/Mar/2017:12:07:41 -0300] "GET /cormunbeta/static/Shared/ext/ext-all.js HTTP/1.1" 200 1289687
200.30.230.163 - - [16/Mar/2017:12:07:41 -0300] "GET /cormunbeta/static/hwchdr01.js?201612218432057 HTTP/1.1" 200 1183
200.30.230.163 - - [16/Mar/2017:12:07:41 -0300] "GET /cormunbeta/static/hpexe_recentlink.js?201610171694390 HTTP/1.1" 200 2144
200.30.230.163 - - [16/Mar/2017:12:07:41 -0300] "GET /cormunbeta/static/hpexe_scripts.js?201612218432016 HTTP/1.1" 200 1544
200.30.230.163 - - [16/Mar/2017:12:07:41 -0300] "GET /cormunbeta/static/hpexe_messagecontroller.js?201610171694323 HTTP/1.1" 200 870
200.30.230.163 - - [16/Mar/2017:12:07:41 -0300] "GET /cormunbeta/static/hpexe_messagepopupcomponent.js?20161017169425 HTTP/1.1" 200 605
200.30.230.163 - - [16/Mar/2017:12:07:42 -0300] "GET /cormunbeta/static/hpexe_messagegenexuscomponent.js?201612218431816 HTTP/1.1" 200 587
200.30.230.163 - - [16/Mar/2017:12:07:42 -0300] "GET /cormunbeta/static/cmcontrolpreferences.js?201612218431999 HTTP/1.1" 200 1375
200.30.230.163 - - [16/Mar/2017:12:07:42 -0300] "GET /cormunbeta/static/Shared/jquery/jquery-1.4.2.min.js HTTP/1.1" 200 72174
200.30.230.163 - - [16/Mar/2017:12:07:42 -0300] "GET /cormunbeta/static/SmoothNavMenu/resources/ddsmoothmenu.js HTTP/1.1" 200 12712
200.30.230.163 - - [16/Mar/2017:12:07:42 -0300] "GET /cormunbeta/static/scaMessage/js/jquery.pnotify.min.js HTTP/1.1" 200 13038
200.30.230.163 - - [16/Mar/2017:12:07:42 -0300] "GET /cormunbeta/static/SmoothNavMenu/resources/SmoothNavMenuRender.js HTTP/1.1" 200 5951
200.30.230.163 - - [16/Mar/2017:12:07:42 -0300] "GET /cormunbeta/static/scaMessage/scaMessageRender.js HTTP/1.1" 200 11977
200.30.230.163 - - [16/Mar/2017:12:07:42 -0300] "GET /cormunbeta/static/Shared/jquery/jquery-1.10.2.min.js HTTP/1.1" 200 273199
200.30.230.163 - - [16/Mar/2017:12:07:42 -0300] "GET /cormunbeta/static/Resources/PXToolsDataTitle.png HTTP/1.1" 200 1173
200.30.230.163 - - [16/Mar/2017:12:07:42 -0300] "GET /cormunbeta/static/Resources/PXToolsHeaderActionsRight.png HTTP/1.1" 200 1201
200.30.230.163 - - [16/Mar/2017:12:07:42 -0300] "GET /cormunbeta/static/Resources/PXToolsFooterBackground2.png HTTP/1.1" 200 1172
200.30.230.163 - - [16/Mar/2017:12:07:42 -0300] "GET /cormunbeta/static/Resources/PXToolsHeaderActionsBackground.png HTTP/1.1" 200 484
200.30.230.163 - - [16/Mar/2017:12:07:42 -0300] "GET /cormunbeta/static/Resources/PXToolsHeaderPreferences.png HTTP/1.1" 200 4189
200.30.230.163 - - [16/Mar/2017:12:07:42 -0300] "GET /cormunbeta/static/Resources/PXToolsHeaderActionsLeft.png HTTP/1.1" 200 1118
200.30.230.163 - - [16/Mar/2017:12:07:42 -0300] "GET /cormunbeta/static/Resources/PXToolsHeaderLogin.png HTTP/1.1" 200 4279
200.30.230.163 - - [16/Mar/2017:12:07:42 -0300] "GET /cormunbeta/static/Resources/PXToolsHeaderHome.png HTTP/1.1" 200 4147
200.30.230.163 - - [16/Mar/2017:12:07:42 -0300] "GET /cormunbeta/static/Resources/PXToolsHeaderBackground2.png HTTP/1.1" 200 1174
200.30.230.163 - - [16/Mar/2017:12:07:42 -0300] "GET /cormunbeta/static/Resources/PXToolsHeaderSecurity.png HTTP/1.1" 200 4166
200.30.230.163 - - [16/Mar/2017:12:07:42 -0300] "GET /cormunbeta/static/Resources/PXToolsGridPreviousDisabled.gif HTTP/1.1" 200 90
200.30.230.163 - - [16/Mar/2017:12:07:42 -0300] "GET /cormunbeta/static/Resources/PXToolsGridNextDisabled.gif HTTP/1.1" 200 90
200.30.230.163 - - [16/Mar/2017:12:07:42 -0300] "GET /cormunbeta/static/Resources/PXToolsGridNew.png HTTP/1.1" 200 2949
200.30.230.163 - - [16/Mar/2017:12:07:42 -0300] "GET /cormunbeta/static/Resources/PXToolsGridFirstDisabled.gif HTTP/1.1" 200 100
200.30.230.163 - - [16/Mar/2017:12:07:42 -0300] "GET /cormunbeta/static/Resources/PXToolsActionExcel.png HTTP/1.1" 200 3187
200.30.230.163 - - [16/Mar/2017:12:07:42 -0300] "GET /cormunbeta/static/Shared/jqueryui/jquery-ui.min.js HTTP/1.1" 200 240427
200.30.230.163 - - [16/Mar/2017:12:07:42 -0300] "GET /cormunbeta/static/Resources/PXToolsGridPage.gif HTTP/1.1" 200 725
200.30.230.163 - - [16/Mar/2017:12:07:42 -0300] "GET /cormunbeta/static/Resources/PXToolsGridLastDisabled.gif HTTP/1.1" 200 98
200.30.230.163 - - [16/Mar/2017:12:07:42 -0300] "GET /cormunbeta/static/hmpwkw03.js?20161221852152 HTTP/1.1" 200 3965
200.30.230.163 - - [16/Mar/2017:12:07:42 -0300] "GET /cormunbeta/static/Resources/logo4.png HTTP/1.1" 200 6582
200.30.230.163 - - [16/Mar/2017:12:07:42 -0300] "GET /cormunbeta/static/Resources/PXTools/calendar.png HTTP/1.1" 200 1306
200.30.230.163 - - [16/Mar/2017:12:07:42 -0300] "GET /cormunbeta/static/Resources/PXToolsDataSearch.png HTTP/1.1" 200 419
200.30.230.163 - - [16/Mar/2017:12:07:43 -0300] "GET /cormunbeta/static/Resources/desc.gif HTTP/1.1" 200 65
200.30.230.163 - - [16/Mar/2017:12:07:43 -0300] "GET /cormunbeta/static/Resources/asc.gif HTTP/1.1" 200 67
200.30.230.163 - - [16/Mar/2017:12:07:43 -0300] "GET /cormunbeta/static/SmoothNavMenu/resources/images/down.gif HTTP/1.1" 200 854
200.30.230.163 - - [16/Mar/2017:12:07:43 -0300] "GET /cormunbeta/static/SmoothNavMenu/resources/images/right.gif HTTP/1.1" 200 860
200.30.230.163 - - [16/Mar/2017:12:07:43 -0300] "GET /cormunbeta/servlet/trlicencias HTTP/1.1" 200 7008
200.30.230.163 - - [16/Mar/2017:12:07:43 -0300] "GET /cormunbeta/static/Shared/ext/resources/themes/images/default/panel/bg-headersPanel.png HTTP/1.1" 200 255
200.30.230.163 - - [16/Mar/2017:12:07:43 -0300] "GET /cormunbeta/static/Shared/ext/resources/themes/images/default/tools/tool-sprites.gif HTTP/1.1" 200 5434
200.30.230.163 - - [16/Mar/2017:12:07:47 -0300] "GET /cormunbeta/servlet/trlicencias? HTTP/1.1" 200 7008
200.30.230.163 - - [16/Mar/2017:12:07:48 -0300] "GET /cormunbeta/servlet/trlicencias? HTTP/1.1" 200 7008
200.30.230.163 - - [16/Mar/2017:12:07:51 -0300] "GET /cormunbeta/servlet/licenciaspermisos?INS,0,,, HTTP/1.1" 200 7673
200.30.230.163 - - [16/Mar/2017:12:07:51 -0300] "GET /cormunbeta/static/gxcfg.js?2016122619301043 HTTP/1.1" 200 953
200.30.230.163 - - [16/Mar/2017:12:07:51 -0300] "GET /cormunbeta/static/Resources/prompt.gif HTTP/1.1" 200 902
200.30.230.163 - - [16/Mar/2017:12:07:51 -0300] "GET /cormunbeta/static/licenciaspermisos.js?2016122619301096 HTTP/1.1" 200 33213
200.30.230.163 - - [16/Mar/2017:12:07:51 -0300] "GET /cormunbeta/servlet/licenciaspermisos?INS,0,,, HTTP/1.1" 200 7681
200.30.230.163 - - [16/Mar/2017:12:07:54 -0300] "GET /cormunbeta/servlet/licenciaspermisos?1bbbe488991a8aca699291194a5a471dd02dd05d165eadee118fd461d3293fa9af3c6fec353e190c06dd39f37ebb53ee,gx-no-cache=1489680538227 HTTP/1.1" 200 62
200.30.230.163 - - [16/Mar/2017:12:07:54 -0300] "POST /cormunbeta/servlet/licenciaspermisos?32d6a1da342ee73a085e5ea09eaf6a23,INS,0,,,,gx-no-cache=1489680538312 HTTP/1.1" 200 4570
200.30.230.163 - - [16/Mar/2017:12:08:00 -0300] "GET /cormunbeta/static/menuarrow.gif HTTP/1.1" 404 1023
186.79.0.101 - - [16/Mar/2017:12:08:01 -0300] "POST /cormun/servlet/solicitudot?45292256414051a9460377a9efc4eb51,INS,0,0,,gx-no-cache=1489676948648 HTTP/1.1" 200 11259
192.168.10.89 - - [16/Mar/2017:12:08:07 -0300] "POST /cormun/servlet/trsolicitudgral?479e8598b0bc0d762ddd2b2c2163ca30,,gx-no-cache=1489680169085 HTTP/1.1" 200 6710
200.30.230.163 - - [16/Mar/2017:12:08:08 -0300] "GET /cormunbeta/servlet/licenciaspermisos?1bbbe488991a8aca699291194a5a471d17c22ad83631a233ff5bd5002db50c976642ace41ca493bebbda3eab440ec457733eaf54f8028c1b071dc513eb14b9d5617b8e3b512c063248a88db370deec20488f0ebb7666e56760696619e5f44a10e77755580682dcea279793de1e8d2da29e3d11a61f35a512c08bcc1a9d5914adfc584e163c4808327d081ea36dec49db23ab6e52b5a04723f7c466a05e31e63c9b1c97954a4d2e2df00db1beedbdd684,gx-no-cache=1489680552368 HTTP/1.1" 200 30
200.30.230.163 - - [16/Mar/2017:12:08:08 -0300] "GET /cormunbeta/servlet/licenciaspermisos?1bbbe488991a8aca699291194a5a471d6e43fe779a9fdcf903af77934e8e708f8c4d5ebd20f8825807a97d4fff47e5b9b81968770a94e3506eb7ce94747a9ec4fe5482dd629c26885f780bb3288c38864e1be8825146dec8aeaf7acf04d4d2ead3320efb12237e1b90f5e494c5fcb74c843aa000b9401f533b176dfcd5a944fb98cd2e8857b2530569e0600e626db4561bf3dd5b23661f6db1e0d261e778de39024ab0da503e30ab1ea884ade9aa82d4,gx-no-cache=1489680552453 HTTP/1.1" 200 29
200.30.230.163 - - [16/Mar/2017:12:08:08 -0300] "POST /cormunbeta/servlet/licenciaspermisos?32d6a1da342ee73a085e5ea09eaf6a23,INS,0,,,,gx-no-cache=1489680552516 HTTP/1.1" 200 93
200.30.230.163 - - [16/Mar/2017:12:08:09 -0300] "GET /cormunbeta/servlet/hpexe_return? HTTP/1.1" 200 1017
200.30.230.163 - - [16/Mar/2017:12:08:09 -0300] "GET /cormunbeta/static/gxcfg.js?2016101716175148 HTTP/1.1" 200 953
200.30.230.163 - - [16/Mar/2017:12:08:09 -0300] "GET /cormunbeta/static/hpexe_return.js?2016101716175153 HTTP/1.1" 200 1633
200.30.230.163 - - [16/Mar/2017:12:08:09 -0300] "GET /cormunbeta/servlet/trlicencias HTTP/1.1" 200 8154
200.30.230.163 - - [16/Mar/2017:12:08:09 -0300] "GET /cormunbeta//static/Resources/PXToolsGridUpdate.png HTTP/1.1" 200 2984
200.30.230.163 - - [16/Mar/2017:12:08:09 -0300] "GET /cormunbeta//static/Resources/PXToolsHeaderFavorites.png HTTP/1.1" 200 2744
200.30.230.163 - - [16/Mar/2017:12:08:09 -0300] "GET /cormunbeta//static/Resources/PXToolsGridDisplay.png HTTP/1.1" 200 362
200.30.230.163 - - [16/Mar/2017:12:08:09 -0300] "GET /cormunbeta//static/Resources/PXToolsHeaderHelp.png HTTP/1.1" 200 4055
200.30.230.163 - - [16/Mar/2017:12:08:09 -0300] "GET /cormunbeta//static/Resources/PXToolsGridDelete.png HTTP/1.1" 200 357
200.30.230.163 - - [16/Mar/2017:12:08:09 -0300] "GET /cormunbeta//static/Resources/PXTools/ActionInsert.png HTTP/1.1" 200 1482
200.30.230.163 - - [16/Mar/2017:12:08:10 -0300] "GET /cormunbeta/servlet/trlicencias HTTP/1.1" 200 8149
200.30.230.163 - - [16/Mar/2017:12:08:10 -0300] "GET /cormunbeta//static/Resources/PXToolsActionPrint.png HTTP/1.1" 200 3317
192.168.10.89 - - [16/Mar/2017:12:09:17 -0300] "POST /cormun/servlet/trsolicitudgral?479e8598b0bc0d762ddd2b2c2163ca30,,gx-no-cache=1489680238850 HTTP/1.1" 200 6691
186.79.0.101 - - [16/Mar/2017:12:09:24 -0300] "POST /cormun/servlet/solicitudot?gx-no-cache=1489677032116 HTTP/1.1" 200 1275
186.79.0.101 - - [16/Mar/2017:12:09:24 -0300] "POST /cormun/servlet/solicitudot?gx-no-cache=1489677032418 HTTP/1.1" 200 1157
186.79.0.101 - - [16/Mar/2017:12:09:24 -0300] "GET /cormun/servlet/solicitudot?48082e61f5845b2bf86ccffd4d92d4843db29cbe5e5e41d583d6316fd643f9fbca26966f8378e2c22aa51f84c7c0ac97a179766c3e4835ad723584cb7817d2f2f7a44c769b532c0012ec27e42f84cba00e3a37d52162aa9a623e4ec8cdfc85b24071f19410c457bcfd6655c61624c895fd196afa4d1a1820d8dc33d526a7467fb85002febed34f152af96958075de823b358b3d4acf4a32cb18636e5243c2fd03744dd29c230d440299b83a8df222ef6,gx-no-cache=1489677032643 HTTP/1.1" 200 32
186.79.0.101 - - [16/Mar/2017:12:09:25 -0300] "POST /cormun/servlet/solicitudot?45292256414051a9460377a9efc4eb51,INS,0,0,,gx-no-cache=1489677032761 HTTP/1.1" 200 11316
186.79.18.197 - - [16/Mar/2017:12:10:59 -0300] "GET /cormun/servlet/prfichaempleado?,MD,,gxPopupLevel%3D0%3B HTTP/1.1" 302 -
186.79.18.197 - - [16/Mar/2017:12:10:59 -0300] "GET /cormun/servlet/hlogin?gxPopupLevel%3D0%3B HTTP/1.1" 200 1766
186.79.18.197 - - [16/Mar/2017:12:11:11 -0300] "POST /cormun/servlet/hlogin?0d6adf9327e367d978428fa2c3facb1c,gxPopupLevel%3D0%3B,gx-no-cache=1489677140091 HTTP/1.1" 200 462
192.168.10.96 - - [16/Mar/2017:12:11:21 -0300] "GET /cormun/servlet/trsolicitudgral? HTTP/1.1" 200 17613
192.168.10.96 - - [16/Mar/2017:12:11:22 -0300] "GET /cormun/servlet/trsolicitudgral? HTTP/1.1" 200 17613
186.79.18.197 - - [16/Mar/2017:12:11:23 -0300] "POST /cormun/servlet/hlogin?0d6adf9327e367d978428fa2c3facb1c,gxPopupLevel%3D0%3B,gx-no-cache=1489677152436 HTTP/1.1" 200 90
186.79.18.197 - - [16/Mar/2017:12:11:23 -0300] "GET /cormun/servlet/hpexe_link?gxPopupLevel%3D0%3B HTTP/1.1" 200 970
186.79.18.197 - - [16/Mar/2017:12:11:24 -0300] "GET /cormun/servlet/hhome HTTP/1.1" 200 3757
186.79.18.197 - - [16/Mar/2017:12:11:25 -0300] "GET /cormun/servlet/hhome HTTP/1.1" 200 3737
192.168.10.96 - - [16/Mar/2017:12:11:30 -0300] "POST /cormun/servlet/trsolicitudgral?d9616b76ef73929df4c3a1e0e31fb785,,gx-no-cache=1489680371751 HTTP/1.1" 200 12786
192.168.10.96 - - [16/Mar/2017:12:11:35 -0300] "POST /cormun/servlet/trsolicitudgral?d9616b76ef73929df4c3a1e0e31fb785,,gx-no-cache=1489680377137 HTTP/1.1" 200 9055
186.79.18.197 - - [16/Mar/2017:12:11:38 -0300] "GET /cormun/servlet/hlogin HTTP/1.1" 200 1719
186.79.18.197 - - [16/Mar/2017:12:11:47 -0300] "POST /cormun/servlet/hlogin?0d6adf9327e367d978428fa2c3facb1c,gx-no-cache=1489677176350 HTTP/1.1" 200 90
186.79.18.197 - - [16/Mar/2017:12:11:47 -0300] "GET /cormun/servlet/hpexe_link HTTP/1.1" 200 950
186.79.18.197 - - [16/Mar/2017:12:11:48 -0300] "GET /cormun/servlet/hhome HTTP/1.1" 200 3741
186.79.18.197 - - [16/Mar/2017:12:11:49 -0300] "GET /cormun/servlet/hhome HTTP/1.1" 200 3737
186.79.18.197 - - [16/Mar/2017:12:11:54 -0300] "GET /cormun/servlet/trlicencias? HTTP/1.1" 200 6577
186.79.18.197 - - [16/Mar/2017:12:11:56 -0300] "GET /cormun/servlet/trlicencias? HTTP/1.1" 200 6576
192.168.10.96 - - [16/Mar/2017:12:12:02 -0300] "GET /cormun/servlet/hlogin HTTP/1.1" 200 1744
192.168.10.96 - - [16/Mar/2017:12:12:16 -0300] "POST /cormun/servlet/hlogin?d9616b76ef73929df4c3a1e0e31fb785,gx-no-cache=1489680418260 HTTP/1.1" 200 90
192.168.10.96 - - [16/Mar/2017:12:12:16 -0300] "GET /cormun/servlet/hpexe_link HTTP/1.1" 200 956
192.168.10.96 - - [16/Mar/2017:12:12:16 -0300] "GET /cormun/servlet/hhome HTTP/1.1" 200 3997
192.168.10.96 - - [16/Mar/2017:12:12:17 -0300] "GET /cormun/servlet/hhome HTTP/1.1" 200 3993
192.168.10.96 - - [16/Mar/2017:12:12:19 -0300] "GET /cormun/servlet/trsolicitudot? HTTP/1.1" 200 8629
186.79.18.197 - - [16/Mar/2017:12:12:19 -0300] "GET /cormun/servlet/trlicencias? HTTP/1.1" 200 6576
192.168.10.96 - - [16/Mar/2017:12:12:19 -0300] "GET /cormun/servlet/trsolicitudot? HTTP/1.1" 200 8627
186.79.18.197 - - [16/Mar/2017:12:12:20 -0300] "GET /cormun/servlet/trlicencias? HTTP/1.1" 200 6576
192.168.10.96 - - [16/Mar/2017:12:12:22 -0300] "GET /cormun/servlet/solicitudot?INS,0,0, HTTP/1.1" 200 12796
192.168.10.96 - - [16/Mar/2017:12:12:22 -0300] "GET /cormun/servlet/solicitudot?INS,0,0, HTTP/1.1" 200 12801
186.79.18.197 - - [16/Mar/2017:12:12:28 -0300] "GET /cormun/static/menuarrow.gif HTTP/1.1" 404 1015
192.168.10.96 - - [16/Mar/2017:12:12:37 -0300] "POST /cormun/servlet/solicitudot?gx-no-cache=1489680439158 HTTP/1.1" 200 3194
192.168.10.96 - - [16/Mar/2017:12:12:37 -0300] "POST /cormun/servlet/solicitudot?d9616b76ef73929df4c3a1e0e31fb785,INS,0,0,,gx-no-cache=1489680439333 HTTP/1.1" 200 9984
192.168.10.96 - - [16/Mar/2017:12:12:47 -0300] "GET /cormun/servlet/solicitudot?93ef999d4707dbcc3b849fa8a4b367420e788d01139af829cbe382878dcddc56c072c77c3392cc60344802d2718dab9b,gx-no-cache=1489680449710 HTTP/1.1" 200 30
192.168.10.96 - - [16/Mar/2017:12:12:47 -0300] "POST /cormun/servlet/solicitudot?gx-no-cache=1489680449755 HTTP/1.1" 200 297
192.168.10.96 - - [16/Mar/2017:12:12:48 -0300] "GET /cormun/servlet/solicitudot?93ef999d4707dbcc3b849fa8a4b36742bcce60e0420c156bfb2b467613edf70809804999f5b5a16526eb1ecf34c23e7251214657a39a85ae09b6bae6728857fbf4af60ff5b6f8d5b96b3f02605777f4350cbeabecdd747bbadedb0cbb507e7379910287ad6c341ebe144b4e4fdba86dd804b5a8c3a451d8a6bffd8b8ac760eaaf2819a88048a0e89e546d5f2d4e5d018c8dffc6f639facef354fd6188250258cbf18dfd9998fa01657aad70e6960f193769ae5d696b6192b46d0eaed471063030bfe2cbb018f71670ef4f2d8043471d131c9be8d119f025821114c87a1d2e3587372741bb366a3f6e8803b211ea72b498c6e3e08361fb9527e6d78c367212ffe653d43680a1fd807ec5053cb0c54b7e7ee80fc491ef888240aa3529ab611844def42e4a132f37ea4840ef61659f2f5fe7f189930a902934251579d0d008e167695033399f0fec018a7f7adba444db30b3226b394e5085b525f69bd81aeece8bc079a35182468491f29dce713a8ee93319b13bcd9ef015610cc6f0dfce2fc9f13e165cc51bb455eeace780d2bdc0ad67f,gx-no-cache=1489680449783 HTTP/1.1" 200 30
192.168.10.96 - - [16/Mar/2017:12:12:50 -0300] "POST /cormun/servlet/solicitudot?gx-no-cache=1489680452075 HTTP/1.1" 200 30
192.168.10.96 - - [16/Mar/2017:12:12:53 -0300] "POST /cormun/servlet/solicitudot?gx-no-cache=1489680455674 HTTP/1.1" 200 30
192.168.10.96 - - [16/Mar/2017:12:12:56 -0300] "GET /cormun/servlet/prsolicitudot?16493294,,,,,MD,,gxPopupLevel%3D0%3B HTTP/1.1" 200 5941
192.168.10.96 - - [16/Mar/2017:12:12:56 -0300] "GET /cormun/static/gxcfg.js?20173151333958 HTTP/1.1" 200 953
192.168.10.96 - - [16/Mar/2017:12:12:56 -0300] "GET /cormun/static/prsolicitudot.js?20173151334135 HTTP/1.1" 200 13680
192.168.10.96 - - [16/Mar/2017:12:12:56 -0300] "GET /cormun/static/hmpwkw011.js?20173151304635 HTTP/1.1" 304 -
192.168.10.96 - - [16/Mar/2017:12:12:58 -0300] "POST /cormun/servlet/solicitudot?gx-no-cache=1489680460538 HTTP/1.1" 200 235
192.168.10.96 - - [16/Mar/2017:12:12:58 -0300] "POST /cormun/servlet/solicitudot?gx-no-cache=1489680460575 HTTP/1.1" 200 38
192.168.10.96 - - [16/Mar/2017:12:12:58 -0300] "GET /cormun/servlet/solicitudot?93ef999d4707dbcc3b849fa8a4b36742c72a660fcc91cb1c9dae8fcb49c9a4697d61762ea838d50124ff2b1de3b4cc4682786bc57cc74884b6c35c08f5ec5a79965a20c53864c8da88ba0a54c75f0463107f317f4b6b7f6395d4bc3e387e78f6ff5872e70d58b8e7002c7d7127e929aa,gx-no-cache=1489680460599 HTTP/1.1" 200 29
186.79.18.197 - - [16/Mar/2017:12:12:58 -0300] "POST /cormun/servlet/trlicencias?0d6adf9327e367d978428fa2c3facb1c,,gx-no-cache=1489677247102 HTTP/1.1" 200 3893
192.168.10.96 - - [16/Mar/2017:12:12:58 -0300] "POST /cormun/servlet/solicitudot?gx-no-cache=1489680460624 HTTP/1.1" 200 643
192.168.10.96 - - [16/Mar/2017:12:12:58 -0300] "POST /cormun/servlet/solicitudot?gx-no-cache=1489680460647 HTTP/1.1" 200 518
186.79.18.197 - - [16/Mar/2017:12:13:04 -0300] "GET /cormun/servlet/licenciaspermisos?INS,0,,, HTTP/1.1" 200 7107
186.79.18.197 - - [16/Mar/2017:12:13:06 -0300] "GET /cormun/servlet/licenciaspermisos?INS,0,,, HTTP/1.1" 200 7106
192.168.10.96 - - [16/Mar/2017:12:13:14 -0300] "POST /cormun/servlet/solicitudot?gx-no-cache=1489680475807 HTTP/1.1" 200 643
192.168.10.96 - - [16/Mar/2017:12:13:15 -0300] "POST /cormun/servlet/solicitudot?gx-no-cache=1489680476858 HTTP/1.1" 200 1157
192.168.10.96 - - [16/Mar/2017:12:13:21 -0300] "GET /cormun/servlet/solicitudot?93ef999d4707dbcc3b849fa8a4b3674215ef48cdc5d1784ce3b1f73c5b9f7fdb36d4253523d5a7371ad325c8e323b94ba07d49b6f6cf01474a0462e25b3e05510a96152016b140a217757849e433b3079339a980067ff9096351c67ddc24be0cc9cb90f4317feebdc8cc7cc0ec301401ec2c3635631923c87c4cde4abc4641bcbb71995533512db18c4965fa05a75e6a13437d4b9486d31a6de1502472ab6aca3ace7868a9142579f89e7e6e6b4bfa63,gx-no-cache=1489680483619 HTTP/1.1" 200 30
192.168.10.96 - - [16/Mar/2017:12:13:26 -0300] "POST /cormun/servlet/solicitudot?d9616b76ef73929df4c3a1e0e31fb785,INS,0,0,,gx-no-cache=1489680488121 HTTP/1.1" 200 93
192.168.10.96 - - [16/Mar/2017:12:13:26 -0300] "GET /cormun/servlet/hpexe_return? HTTP/1.1" 200 1009
192.168.10.96 - - [16/Mar/2017:12:13:26 -0300] "GET /cormun/servlet/trsolicitudot HTTP/1.1" 200 9023
192.168.10.96 - - [16/Mar/2017:12:13:27 -0300] "GET /cormun/servlet/trsolicitudot HTTP/1.1" 200 9019
192.168.10.89 - - [16/Mar/2017:12:13:28 -0300] "POST /cormun/servlet/trsolicitudgral?479e8598b0bc0d762ddd2b2c2163ca30,,gx-no-cache=1489680489928 HTTP/1.1" 200 6699
186.79.18.197 - - [16/Mar/2017:12:13:31 -0300] "GET /cormun/servlet/prfichaempleado?,MD,,gxPopupLevel%3D0%3B HTTP/1.1" 200 8805
186.79.18.197 - - [16/Mar/2017:12:13:44 -0300] "POST /cormun/servlet/prfichaempleado?0d6adf9327e367d978428fa2c3facb1c,,MD,,gxPopupLevel%3D0%3B,gx-no-cache=1489677292679 HTTP/1.1" 200 3393
186.79.18.197 - - [16/Mar/2017:12:13:50 -0300] "GET /cormun/servlet/licenciaspermisos?cc11ebd589fb1adf142c94d60dbe88d24bf4c81b52d78f89c437d9b71eee776dcdbdff3aeb436e5977e41af36ac7530c,gx-no-cache=1489677298804 HTTP/1.1" 200 62
186.79.18.197 - - [16/Mar/2017:12:13:50 -0300] "POST /cormun/servlet/licenciaspermisos?0d6adf9327e367d978428fa2c3facb1c,INS,0,,,,gx-no-cache=1489677298946 HTTP/1.1" 200 4417
192.168.10.96 - - [16/Mar/2017:12:13:57 -0300] "POST /cormun/servlet/trsolicitudot?d9616b76ef73929df4c3a1e0e31fb785,gx-no-cache=1489680518767 HTTP/1.1" 200 105
192.168.10.96 - - [16/Mar/2017:12:13:57 -0300] "GET /cormun/servlet/solicitudot?DLT,2017,4775, HTTP/1.1" 200 9594
192.168.10.96 - - [16/Mar/2017:12:13:57 -0300] "GET /cormun/static/Shared/jqueryui/images/ui-icons_82798d_256x240.png HTTP/1.1" 404 1089
192.168.10.96 - - [16/Mar/2017:12:13:57 -0300] "GET /cormun/static/Shared/jqueryui/images/ui-bg_highlight-soft_100_c6c2c8_1x100.png HTTP/1.1" 404 1117
192.168.10.96 - - [16/Mar/2017:12:13:57 -0300] "GET /cormun/static/Shared/jqueryui/images/ui-icons_8d78a5_256x240.png HTTP/1.1" 404 1089
192.168.10.96 - - [16/Mar/2017:12:13:57 -0300] "GET /cormun/static/Shared/jqueryui/images/ui-bg_flat_55_fafafa_40x100.png HTTP/1.1" 404 1097
192.168.10.96 - - [16/Mar/2017:12:13:57 -0300] "GET /cormun/servlet/solicitudot?DLT,2017,4775, HTTP/1.1" 200 9604
192.168.10.96 - - [16/Mar/2017:12:14:01 -0300] "POST /cormun/servlet/solicitudot?d9616b76ef73929df4c3a1e0e31fb785,DLT,2017,4775,,gx-no-cache=1489680523058 HTTP/1.1" 200 90
192.168.10.96 - - [16/Mar/2017:12:14:01 -0300] "GET /cormun/servlet/hpexe_link HTTP/1.1" 200 972
192.168.10.96 - - [16/Mar/2017:12:14:01 -0300] "GET /cormun/servlet/trsolicitudot HTTP/1.1" 200 9020
192.168.10.96 - - [16/Mar/2017:12:14:01 -0300] "GET /cormun/servlet/trsolicitudot HTTP/1.1" 200 9019
192.168.10.96 - - [16/Mar/2017:12:14:07 -0300] "POST /cormun/servlet/trsolicitudot?d9616b76ef73929df4c3a1e0e31fb785,gx-no-cache=1489680528850 HTTP/1.1" 200 5863
192.168.10.96 - - [16/Mar/2017:12:14:07 -0300] "GET /cormun/static/Shared/jqueryui/images/ui-bg_highlight-soft_100_c6c2c8_1x100.png HTTP/1.1" 404 1117
192.168.10.96 - - [16/Mar/2017:12:14:07 -0300] "GET /cormun/static/Shared/jqueryui/images/ui-icons_82798d_256x240.png HTTP/1.1" 404 1089
192.168.10.96 - - [16/Mar/2017:12:14:07 -0300] "GET /cormun/static/Shared/jqueryui/images/ui-bg_flat_55_fafafa_40x100.png HTTP/1.1" 404 1097
192.168.10.96 - - [16/Mar/2017:12:14:07 -0300] "GET /cormun/static/Shared/jqueryui/images/ui-icons_8d78a5_256x240.png HTTP/1.1" 404 1089
