186.79.98.242 - - [15/Mar/2017:09:34:15 -0300] "GET /cormun/static/Shared/jqueryui/images/ui-icons_82798d_256x240.png HTTP/1.1" 404 1089
186.79.98.242 - - [15/Mar/2017:09:34:15 -0300] "GET /cormun/static/Shared/jqueryui/images/ui-bg_flat_55_fafafa_40x100.png HTTP/1.1" 404 1097
186.79.98.242 - - [15/Mar/2017:09:34:15 -0300] "GET /cormun/static/Shared/jqueryui/images/ui-icons_8d78a5_256x240.png HTTP/1.1" 404 1089
186.79.98.242 - - [15/Mar/2017:09:34:15 -0300] "POST /cormun/servlet/trautorizarsolicitud?3f1c26856b54bc705b61d9e595d2b531,,gx-no-cache=1489581323673 HTTP/1.1" 200 4091
192.168.10.89 - - [15/Mar/2017:09:34:19 -0300] "GET /cormun/servlet/hlogin HTTP/1.1" 200 1741
192.168.10.89 - - [15/Mar/2017:09:34:29 -0300] "POST /cormun/servlet/hlogin?5bfbbb08af1fb920948b15bfd969b537,gx-no-cache=1489584551365 HTTP/1.1" 200 90
192.168.10.89 - - [15/Mar/2017:09:34:29 -0300] "GET /cormun/servlet/hpexe_link HTTP/1.1" 200 961
192.168.10.89 - - [15/Mar/2017:09:34:30 -0300] "GET /cormun/servlet/trsolicitudgral HTTP/1.1" 200 14494
186.103.159.182 - - [15/Mar/2017:09:34:37 -0300] "POST /cormun/servlet/trcontratosolicitud?58a36192f654e1ea42d1d88af5dfed74,,gx-no-cache=1489581346015 HTTP/1.1" 200 3991
192.168.10.89 - - [15/Mar/2017:09:34:38 -0300] "POST /cormun/servlet/trsolicitudgral?5bfbbb08af1fb920948b15bfd969b537,gx-no-cache=1489584560920 HTTP/1.1" 200 7395
186.103.159.182 - - [15/Mar/2017:09:34:43 -0300] "GET /cormun/servlet/trsolicitudot? HTTP/1.1" 200 9335
186.103.159.182 - - [15/Mar/2017:09:34:45 -0300] "GET /cormun/servlet/trsolicitudot? HTTP/1.1" 200 9335
186.103.159.182 - - [15/Mar/2017:09:34:50 -0300] "GET /cormun/servlet/solicitudot?INS,0,0, HTTP/1.1" 200 12825
186.103.159.182 - - [15/Mar/2017:09:34:52 -0300] "GET /cormun/servlet/solicitudot?INS,0,0, HTTP/1.1" 200 12830
192.168.10.89 - - [15/Mar/2017:09:34:55 -0300] "POST /cormun/servlet/trsolicitudgral?5bfbbb08af1fb920948b15bfd969b537,gx-no-cache=1489584577062 HTTP/1.1" 200 115
192.168.10.89 - - [15/Mar/2017:09:34:55 -0300] "GET /cormun/servlet/solicitudotlog?INS,2017,5409,0,REC, HTTP/1.1" 200 6158
192.168.10.89 - - [15/Mar/2017:09:34:56 -0300] "GET /cormun/servlet/solicitudotlog?8f7822056509103d9293c1c949afd364c547b3fbd215bd7d73b769273958f30c1abc2ab9a8b7657b5475bcc11c9b609f93ef13c7bc7bc6b5b09ac62a46f82ed8ea13ab24a75774ec306ce892640f4b445283f2436d03033b3fb237cd3b9f2ec797925b424130529d48c247b0cae9f80dda6803fe5cf2f4ceca6165a383fab72487ff01390d8823bcba5f493d5447f41e38aa9f77b8cec1794be988a571b03e28,gx-no-cache=1489584578686 HTTP/1.1" 200 94
186.103.159.182 - - [15/Mar/2017:09:35:01 -0300] "GET /cormun/servlet/prfichaempleado?,MD,,gxPopupLevel%3D0%3B HTTP/1.1" 200 8897
192.168.10.89 - - [15/Mar/2017:09:35:07 -0300] "POST /cormun/servlet/solicitudotlog?5bfbbb08af1fb920948b15bfd969b537,INS,2017,5409,0,REC,,gx-no-cache=1489584589760 HTTP/1.1" 200 93
192.168.10.89 - - [15/Mar/2017:09:35:07 -0300] "GET /cormun/servlet/hpexe_return? HTTP/1.1" 200 1044
192.168.10.89 - - [15/Mar/2017:09:35:08 -0300] "GET /cormun/servlet/trsolicitudgral?gx-no-cache=1489584560920 HTTP/1.1" 200 10374
192.168.10.89 - - [15/Mar/2017:09:35:09 -0300] "GET /cormun/servlet/trsolicitudgral?gx-no-cache=1489584560920 HTTP/1.1" 200 10392
192.168.10.89 - - [15/Mar/2017:09:35:12 -0300] "GET /cormun/servlet/hlogin HTTP/1.1" 200 1762
192.168.10.89 - - [15/Mar/2017:09:35:19 -0300] "POST /cormun/servlet/hlogin?5bfbbb08af1fb920948b15bfd969b537,gx-no-cache=1489584601700 HTTP/1.1" 200 90
192.168.10.89 - - [15/Mar/2017:09:35:19 -0300] "GET /cormun/servlet/hpexe_link HTTP/1.1" 200 955
192.168.10.89 - - [15/Mar/2017:09:35:20 -0300] "GET /cormun/servlet/hhome HTTP/1.1" 200 3923
186.103.159.182 - - [15/Mar/2017:09:35:21 -0300] "POST /cormun/servlet/prfichaempleado?58a36192f654e1ea42d1d88af5dfed74,,MD,,gxPopupLevel%3D0%3B,gx-no-cache=1489581389795 HTTP/1.1" 200 3399
192.168.10.89 - - [15/Mar/2017:09:35:24 -0300] "GET /cormun/servlet/trsolicitudot? HTTP/1.1" 200 9258
192.168.10.89 - - [15/Mar/2017:09:35:27 -0300] "GET /cormun/servlet/solicitudot?INS,0,0, HTTP/1.1" 200 12722
186.103.159.182 - - [15/Mar/2017:09:35:33 -0300] "POST /cormun/servlet/solicitudot?gx-no-cache=1489581402098 HTTP/1.1" 200 3182
186.103.159.182 - - [15/Mar/2017:09:35:34 -0300] "POST /cormun/servlet/solicitudot?58a36192f654e1ea42d1d88af5dfed74,INS,0,0,,gx-no-cache=1489581402453 HTTP/1.1" 200 9976
186.103.159.182 - - [15/Mar/2017:09:35:34 -0300] "GET /cormun/servlet/solicitudot?5b7f5d6297e059a87d57e6acb07d5d570d2e21a6a27455d6722c7c520fa12ac11afaec53acf32b543c4e5257f589e711,gx-no-cache=1489581402935 HTTP/1.1" 200 30
192.168.10.89 - - [15/Mar/2017:09:35:37 -0300] "GET /cormun/servlet/prfichaempleado?,MD,,gxPopupLevel%3D0%3B HTTP/1.1" 200 8773
192.168.10.89 - - [15/Mar/2017:09:35:43 -0300] "POST /cormun/servlet/prfichaempleado?5bfbbb08af1fb920948b15bfd969b537,,MD,,gxPopupLevel%3D0%3B,gx-no-cache=1489584625673 HTTP/1.1" 200 3466
186.103.159.182 - - [15/Mar/2017:09:35:44 -0300] "POST /cormun/servlet/solicitudot?gx-no-cache=1489581413202 HTTP/1.1" 200 297
186.103.159.182 - - [15/Mar/2017:09:35:44 -0300] "GET /cormun/servlet/solicitudot?5b7f5d6297e059a87d57e6acb07d5d576c26cf7f4c29fb73ee113ecffd6bd022495fa7941378d3bebc8cd9431527ab95f9ceded85d4457641aa2b07a8e4c6306a222e5e2c3a37d1e0bc954c21f350644222397edd48f387c886fc49db9212599798ce1d814f1f5d157fba9ab5eac67508854cc9891ab3cbed18aa270858d555d6eb9c4256ba387acf0611aa50c56f9108523ce87429815e3dc0897e4d91141feaf320954b9db2778432d403ee121bdc5beb71a918d907dfce5b0f9e9a9f6942b419ddf3142418f088eae53da32a289a485a26deda4d18b776785c3a4c153184cd80ae979791cb59d4fd338590bff6971e22957c0c612a5a35b4c73e64491c6cd7e2b817d56d5932725edd60048d036a763e84e8ba03de8b38be48e414b13231716a5ff5e2327825020fefdad233a3a73f4fddfb07e7e8c32732b15a59e216770d7259e248b1793cf812dd6f5c5f1eafe8dd2dbb8d17624753ccb4bd90147c9a67090d611ba0e99aa4fcb61e44281ebaac572749dc044ba9ae10ff79bddf9096fd23ae69eca0cb63218ad99388710a033,gx-no-cache=1489581413297 HTTP/1.1" 200 30
186.103.159.187 - - [15/Mar/2017:09:35:46 -0300] "POST /cormun/servlet/solicitudot?gx-no-cache=1489581412587 HTTP/1.1" 200 1274
186.103.159.187 - - [15/Mar/2017:09:35:46 -0300] "POST /cormun/servlet/solicitudot?gx-no-cache=1489581412696 HTTP/1.1" 200 1157
186.103.159.187 - - [15/Mar/2017:09:35:46 -0300] "GET /cormun/static/menuarrow.gif HTTP/1.1" 404 1015
192.168.10.89 - - [15/Mar/2017:09:35:46 -0300] "POST /cormun/servlet/solicitudot?gx-no-cache=1489584629058 HTTP/1.1" 200 3156
192.168.10.89 - - [15/Mar/2017:09:35:47 -0300] "POST /cormun/servlet/solicitudot?5bfbbb08af1fb920948b15bfd969b537,INS,0,0,,gx-no-cache=1489584629328 HTTP/1.1" 200 9952
186.103.159.182 - - [15/Mar/2017:09:35:48 -0300] "POST /cormun/servlet/solicitudot?gx-no-cache=1489581416712 HTTP/1.1" 200 30
192.168.10.89 - - [15/Mar/2017:09:35:48 -0300] "GET /cormun/servlet/solicitudot?8f7822056509103d9293c1c949afd364edc21a0b51adb03ae1b6b083b104cc62e0bfca007c094af3c0ca5ed5d7122eaf,gx-no-cache=1489584630719 HTTP/1.1" 200 30
192.168.10.89 - - [15/Mar/2017:09:35:48 -0300] "POST /cormun/servlet/solicitudot?gx-no-cache=1489584630763 HTTP/1.1" 200 255
192.168.10.89 - - [15/Mar/2017:09:35:48 -0300] "GET /cormun/servlet/solicitudot?8f7822056509103d9293c1c949afd3642709cf907bb5a053bb44a08bf81f648ea256bc4d4f037e908e5c85129e7fb2d33a83d7504544e1318b33af9a4127eaabf2d516e201568e81b794aa99af6bfa37814a1f0b44294106c05758d21694471dcb337ab247ee0468f13f9875c2bd6ac9437e950e568d42798fee1a1497570fea282c7b1c9d9b728f4f86be0767dee2c657633a953facb1a35b5176de8bc2b192b3c4229e31a14b92400d7807983de4b26ce13748962acabc8b3e8301254433b48d0bc9be40caf75771d34de5d665e0cbd679074c9c2c3c03a8c30707370ad85ae03bb01a08c257912c14e78f771637fb96d94d95eb5efc1a2d6f141f7343f9cb9522ebcc5f69a16910d0bf4bc5c30f7de3878634bf14cab8d52df43aae87b4e5b368077ff730fd900e037f441642756a134b534de1260f4182a2f0b5efbed93f362f16b9cb4814ef1139db49a060db512bc14abb9fdb6dacf7d9c9f301433f7e35e7045812e86ad4d86bc88a8cba2703a30cedf6e35a05acedf2aad38049b7dd,gx-no-cache=1489584630792 HTTP/1.1" 200 30
186.103.159.187 - - [15/Mar/2017:09:35:49 -0300] "POST /cormun/servlet/solicitudot?gx-no-cache=1489581415811 HTTP/1.1" 200 1274
186.103.159.187 - - [15/Mar/2017:09:35:49 -0300] "POST /cormun/servlet/solicitudot?gx-no-cache=1489581415890 HTTP/1.1" 200 1157
192.168.10.89 - - [15/Mar/2017:09:35:50 -0300] "POST /cormun/servlet/solicitudot?gx-no-cache=1489584632202 HTTP/1.1" 200 30
186.103.159.182 - - [15/Mar/2017:09:35:51 -0300] "POST /cormun/servlet/solicitudot?gx-no-cache=1489581419847 HTTP/1.1" 200 235
186.103.159.182 - - [15/Mar/2017:09:35:51 -0300] "POST /cormun/servlet/solicitudot?gx-no-cache=1489581419931 HTTP/1.1" 200 38
192.168.10.89 - - [15/Mar/2017:09:35:52 -0300] "POST /cormun/servlet/solicitudot?gx-no-cache=1489584634954 HTTP/1.1" 200 1291
192.168.10.89 - - [15/Mar/2017:09:35:52 -0300] "POST /cormun/servlet/solicitudot?gx-no-cache=1489584635083 HTTP/1.1" 200 38
186.103.159.187 - - [15/Mar/2017:09:35:53 -0300] "GET /cormun/servlet/solicitudot?7022acdf7ed952c19def05ca7f27d64d2b6f7563dceb682ac891970a0a93aa78256c3bd361ab795bf6c7a0b082ca7f9e9c84cf246a54e93febdeacfeb7b5c27520e7fb031b8d2232050348bb424d54d50c53f524cfa27cf02d6c46cba4d2412a449fc661db8bafc801dc39a9a3ac76875b36addd021adcd23d4743631c1b363a4db516777bf61d18f218e20ad58c6f76f1516666828994356fed4a411ef7b8c59f1432d85cdf2bfde8ad4a879a82c3c8,gx-no-cache=1489581419922 HTTP/1.1" 200 30
192.168.10.89 - - [15/Mar/2017:09:35:59 -0300] "GET /cormun/servlet/solicitudot?8f7822056509103d9293c1c949afd364a96188c2858227225d8849414c4d73f61abc2ab9a8b7657b5475bcc11c9b609f97fa705ab7579df71e5b190e0a3e5f6262cc5c783f1f7de5c33081ff68cc99bc9ed68c6faaf40c2def1ee12bddb4b74165903657634e08aa77bae1025aafb27b3abf4b14aef9e252a295340956b53f1fb7ee4335e7b208c79eb7b2f850861f6000a301e6a9faafbf7b8594c1b97f3a13,gx-no-cache=1489584642079 HTTP/1.1" 200 29
192.168.10.89 - - [15/Mar/2017:09:36:00 -0300] "POST /cormun/servlet/solicitudot?gx-no-cache=1489584642144 HTTP/1.1" 200 1275
192.168.10.89 - - [15/Mar/2017:09:36:00 -0300] "POST /cormun/servlet/solicitudot?gx-no-cache=1489584642882 HTTP/1.1" 200 1157
186.103.159.182 - - [15/Mar/2017:09:36:03 -0300] "GET /cormun/servlet/solicitudot?5b7f5d6297e059a87d57e6acb07d5d57b9c40854f03656a6fd1cb18e30779a8de5d545ab0afaa84f285ff18d83a4c04410b6e40ab65af2c5750933066339abf7646be67aaa90ba199b6e1a79ce35ffc32f559e097e425963867dcf8723f4fc0b8381f3855c3bbfe7c337b8f4ea60f35a,gx-no-cache=1489581431713 HTTP/1.1" 200 29
186.103.159.182 - - [15/Mar/2017:09:36:03 -0300] "POST /cormun/servlet/solicitudot?gx-no-cache=1489581431793 HTTP/1.1" 200 641
186.103.159.182 - - [15/Mar/2017:09:36:04 -0300] "POST /cormun/servlet/solicitudot?gx-no-cache=1489581433112 HTTP/1.1" 200 1157
192.168.10.89 - - [15/Mar/2017:09:36:20 -0300] "GET /cormun/servlet/solicitudot?8f7822056509103d9293c1c949afd3648caea7e249aaa03965e164cf23ebac674603e6e1e4af21e9ed2fce331ace5d89630c4799db4891236d981a1203b551e02befd694af5f8251a0de6ad30501dfb9266da187e5c3789d8b397611d0faff284333376c59b0e4511c4d90eacb7d90546c97a7d6e84120466093654aea45e678a88d2495e73bc9cec0933af638182ce77e48067f1bd586a21c4e6f29aa347ec1cd5cfb0da1d49c5b3384b36f1ea571e3,gx-no-cache=1489584662983 HTTP/1.1" 200 30
186.103.159.182 - - [15/Mar/2017:09:36:24 -0300] "GET /cormun/static/menuarrow.gif HTTP/1.1" 404 1015
186.103.159.182 - - [15/Mar/2017:09:36:33 -0300] "GET /cormun/servlet/solicitudot?5b7f5d6297e059a87d57e6acb07d5d578d35482be8f4c2f305c5425a0b024145a1b299e04b20fdd0e732a7204107390bb6f2f2159aefb21c5bb82315ccb948edc9653792a6dedce423b71f46bb757a4f08596da5e29779bd8d29e0837241c5836263ee1644a6c4ae301e6fa427361c63631364bb9edf9dcb557880fcf8195c59601d8916fe56fb61928416e2033319338a497bd4d507fd5f2c42640604071f2ce9eefa0507194977108b42ee5bb26ae3,gx-no-cache=1489581461694 HTTP/1.1" 200 30
186.103.159.187 - - [15/Mar/2017:09:36:40 -0300] "POST /cormun/servlet/solicitudot?gx-no-cache=1489581467057 HTTP/1.1" 200 30
186.103.159.187 - - [15/Mar/2017:09:36:41 -0300] "POST /cormun/servlet/solicitudot?gx-no-cache=1489581467160 HTTP/1.1" 200 1287
186.103.159.187 - - [15/Mar/2017:09:36:41 -0300] "POST /cormun/servlet/solicitudot?gx-no-cache=1489581467283 HTTP/1.1" 200 41
186.103.159.187 - - [15/Mar/2017:09:36:41 -0300] "POST /cormun/servlet/solicitudot?gx-no-cache=1489581467637 HTTP/1.1" 200 1274
186.103.159.187 - - [15/Mar/2017:09:36:41 -0300] "POST /cormun/servlet/solicitudot?gx-no-cache=1489581467732 HTTP/1.1" 200 1157
186.103.159.187 - - [15/Mar/2017:09:36:41 -0300] "GET /cormun/servlet/solicitudot?7022acdf7ed952c19def05ca7f27d64d2b6f7563dceb682ac891970a0a93aa78256c3bd361ab795bf6c7a0b082ca7f9e9c84cf246a54e93febdeacfeb7b5c27520e7fb031b8d2232050348bb424d54d50c53f524cfa27cf02d6c46cba4d2412a449fc661db8bafc801dc39a9a3ac76875b36addd021adcd23d4743631c1b363a4db516777bf61d18f218e20ad58c6f76f1516666828994356fed4a411ef7b8c59f1432d85cdf2bfde8ad4a879a82c3c8,gx-no-cache=1489581467832 HTTP/1.1" 200 30
186.103.159.187 - - [15/Mar/2017:09:36:42 -0300] "POST /cormun/servlet/solicitudot?c9be17f591090e257884485fa86f0a07,INS,0,0,,gx-no-cache=1489581467913 HTTP/1.1" 200 93
186.103.159.187 - - [15/Mar/2017:09:36:42 -0300] "GET /cormun/servlet/hpexe_return? HTTP/1.1" 200 1009
186.103.159.187 - - [15/Mar/2017:09:36:42 -0300] "GET /cormun/servlet/trsolicitudot? HTTP/1.1" 200 8440
186.103.159.187 - - [15/Mar/2017:09:36:43 -0300] "GET /cormun/servlet/trsolicitudot? HTTP/1.1" 200 8436
186.103.159.187 - - [15/Mar/2017:09:36:56 -0300] "POST /cormun/servlet/trsolicitudot?c9be17f591090e257884485fa86f0a07,,gx-no-cache=1489581482113 HTTP/1.1" 200 5927
186.103.159.187 - - [15/Mar/2017:09:36:56 -0300] "GET /cormun/static/Shared/jqueryui/images/ui-bg_highlight-soft_100_c6c2c8_1x100.png HTTP/1.1" 404 1117
186.103.159.187 - - [15/Mar/2017:09:36:56 -0300] "GET /cormun/static/Shared/jqueryui/images/ui-icons_82798d_256x240.png HTTP/1.1" 404 1089
186.103.159.187 - - [15/Mar/2017:09:36:56 -0300] "GET /cormun/static/Shared/jqueryui/images/ui-bg_flat_55_fafafa_40x100.png HTTP/1.1" 404 1097
186.103.159.187 - - [15/Mar/2017:09:36:56 -0300] "GET /cormun/static/Shared/jqueryui/images/ui-icons_8d78a5_256x240.png HTTP/1.1" 404 1089
192.168.10.89 - - [15/Mar/2017:09:37:08 -0300] "POST /cormun/servlet/solicitudot?5bfbbb08af1fb920948b15bfd969b537,INS,0,0,,gx-no-cache=1489584710283 HTTP/1.1" 200 93
192.168.10.89 - - [15/Mar/2017:09:37:08 -0300] "GET /cormun/servlet/hpexe_return? HTTP/1.1" 200 1006
192.168.10.89 - - [15/Mar/2017:09:37:09 -0300] "GET /cormun/servlet/trsolicitudot HTTP/1.1" 200 9538
186.103.159.187 - - [15/Mar/2017:09:37:15 -0300] "POST /cormun/servlet/trsolicitudot?c9be17f591090e257884485fa86f0a07,,gx-no-cache=1489581501079 HTTP/1.1" 200 106
186.103.159.187 - - [15/Mar/2017:09:37:15 -0300] "GET /cormun/servlet/trsolicitudadjuntos?2017,5545, HTTP/1.1" 200 5839
186.103.159.187 - - [15/Mar/2017:09:37:15 -0300] "GET /cormun/static/gxcfg.js?201612218531388 HTTP/1.1" 200 953
186.103.159.187 - - [15/Mar/2017:09:37:15 -0300] "GET /cormun/static/trsolicitudadjuntos.js?201612218531657 HTTP/1.1" 200 17913
186.103.159.182 - - [15/Mar/2017:09:37:15 -0300] "POST /cormun/servlet/solicitudot?58a36192f654e1ea42d1d88af5dfed74,INS,0,0,,gx-no-cache=1489581503973 HTTP/1.1" 200 93
186.103.159.182 - - [15/Mar/2017:09:37:15 -0300] "GET /cormun/servlet/hpexe_return? HTTP/1.1" 200 1008
186.103.159.182 - - [15/Mar/2017:09:37:16 -0300] "GET /cormun/servlet/trsolicitudot HTTP/1.1" 200 9712
186.103.159.187 - - [15/Mar/2017:09:37:16 -0300] "GET /cormun/servlet/trsolicitudadjuntos?2017,5545, HTTP/1.1" 200 5839
186.103.159.182 - - [15/Mar/2017:09:37:18 -0300] "GET /cormun/servlet/trsolicitudot HTTP/1.1" 200 9708
186.103.159.187 - - [15/Mar/2017:09:37:37 -0300] "GET /cormun/servlet/solicitudotadjuntos?INS,2017,5545,,1, HTTP/1.1" 200 5769
186.103.159.187 - - [15/Mar/2017:09:37:37 -0300] "GET /cormun/static/gxcfg.js?201612218465951 HTTP/1.1" 200 953
186.103.159.187 - - [15/Mar/2017:09:37:37 -0300] "GET /cormun/static/solicitudotadjuntos.js?201612218465969 HTTP/1.1" 200 11762
186.103.159.187 - - [15/Mar/2017:09:37:38 -0300] "GET /cormun/static/about:blank HTTP/1.1" 404 1011
186.103.159.187 - - [15/Mar/2017:09:37:38 -0300] "GET /cormun/servlet/solicitudotadjuntos?INS,2017,5545,,1, HTTP/1.1" 200 5763
186.103.159.187 - - [15/Mar/2017:09:37:38 -0300] "GET /cormun/servlet/solicitudotadjuntos?7022acdf7ed952c19def05ca7f27d64d07fcd4b08cfce212b36629cdcefebe58e8174271fb787a3db28f0c43a89b3d51,gx-no-cache=1489581525093 HTTP/1.1" 200 30
186.103.159.187 - - [15/Mar/2017:09:37:39 -0300] "POST /cormun/servlet/solicitudotadjuntos?c9be17f591090e257884485fa86f0a07,INS,2017,5545,,1,,gx-no-cache=1489581525155 HTTP/1.1" 200 3675
186.103.159.187 - - [15/Mar/2017:09:37:45 -0300] "POST /cormun/servlet/solicitudotadjuntos?gx-no-cache=1489581531799 HTTP/1.1" 200 26
186.103.159.182 - - [15/Mar/2017:09:37:51 -0300] "POST /cormun/servlet/trsolicitudot?58a36192f654e1ea42d1d88af5dfed74,gx-no-cache=1489581539969 HTTP/1.1" 200 6518
186.103.159.182 - - [15/Mar/2017:09:37:52 -0300] "GET /cormun/static/Shared/jqueryui/images/ui-bg_highlight-soft_100_c6c2c8_1x100.png HTTP/1.1" 404 1117
186.103.159.182 - - [15/Mar/2017:09:37:52 -0300] "GET /cormun/static/Shared/jqueryui/images/ui-bg_flat_55_fafafa_40x100.png HTTP/1.1" 404 1097
186.103.159.182 - - [15/Mar/2017:09:37:52 -0300] "GET /cormun/static/Shared/jqueryui/images/ui-icons_8d78a5_256x240.png HTTP/1.1" 404 1089
186.103.159.182 - - [15/Mar/2017:09:37:52 -0300] "GET /cormun/static/Shared/jqueryui/images/ui-icons_82798d_256x240.png HTTP/1.1" 404 1089
186.103.159.182 - - [15/Mar/2017:09:37:52 -0300] "POST /cormun/servlet/trsolicitudot?58a36192f654e1ea42d1d88af5dfed74,gx-no-cache=1489581540724 HTTP/1.1" 200 6461
186.103.159.182 - - [15/Mar/2017:09:37:58 -0300] "GET /cormun/servlet/trautorizarsolicitud? HTTP/1.1" 200 8181
186.103.159.182 - - [15/Mar/2017:09:37:59 -0300] "GET /cormun/servlet/trautorizarsolicitud? HTTP/1.1" 200 8181
186.103.159.182 - - [15/Mar/2017:09:38:14 -0300] "POST /cormun/servlet/trautorizarsolicitud?58a36192f654e1ea42d1d88af5dfed74,,gx-no-cache=1489581561927 HTTP/1.1" 200 4318
186.103.159.182 - - [15/Mar/2017:09:38:14 -0300] "GET /cormun/static/Shared/jqueryui/images/ui-bg_highlight-soft_100_c6c2c8_1x100.png HTTP/1.1" 404 1117
186.103.159.182 - - [15/Mar/2017:09:38:14 -0300] "GET /cormun/static/Shared/jqueryui/images/ui-icons_82798d_256x240.png HTTP/1.1" 404 1089
186.103.159.182 - - [15/Mar/2017:09:38:14 -0300] "GET /cormun/static/Shared/jqueryui/images/ui-bg_flat_55_fafafa_40x100.png HTTP/1.1" 404 1097
186.103.159.182 - - [15/Mar/2017:09:38:14 -0300] "GET /cormun/static/Shared/jqueryui/images/ui-icons_8d78a5_256x240.png HTTP/1.1" 404 1089
186.103.159.182 - - [15/Mar/2017:09:38:14 -0300] "POST /cormun/servlet/trautorizarsolicitud?58a36192f654e1ea42d1d88af5dfed74,,gx-no-cache=1489581562944 HTTP/1.1" 200 4103
200.111.191.210 - - [15/Mar/2017:09:38:16 -0300] "GET /cormun/servlet/hlogin HTTP/1.1" 200 1731
192.168.10.89 - - [15/Mar/2017:09:38:25 -0300] "POST /cormun/servlet/trsolicitudot?5bfbbb08af1fb920948b15bfd969b537,gx-no-cache=1489584787131 HTTP/1.1" 200 6554
186.103.159.182 - - [15/Mar/2017:09:38:25 -0300] "GET /cormun/servlet/trcontratosolicitud? HTTP/1.1" 200 6571
192.168.10.89 - - [15/Mar/2017:09:38:25 -0300] "POST /cormun/servlet/trsolicitudot?5bfbbb08af1fb920948b15bfd969b537,gx-no-cache=1489584787621 HTTP/1.1" 200 6497
192.168.10.89 - - [15/Mar/2017:09:38:25 -0300] "GET /cormun/static/Shared/jqueryui/images/ui-icons_82798d_256x240.png HTTP/1.1" 404 1089
192.168.10.89 - - [15/Mar/2017:09:38:25 -0300] "GET /cormun/static/Shared/jqueryui/images/ui-icons_8d78a5_256x240.png HTTP/1.1" 404 1089
192.168.10.89 - - [15/Mar/2017:09:38:25 -0300] "GET /cormun/static/Shared/jqueryui/images/ui-bg_flat_55_fafafa_40x100.png HTTP/1.1" 404 1097
192.168.10.89 - - [15/Mar/2017:09:38:25 -0300] "GET /cormun/static/Shared/jqueryui/images/ui-bg_highlight-soft_100_c6c2c8_1x100.png HTTP/1.1" 404 1117
186.103.159.182 - - [15/Mar/2017:09:38:27 -0300] "GET /cormun/servlet/trcontratosolicitud? HTTP/1.1" 200 6571
192.168.10.89 - - [15/Mar/2017:09:38:27 -0300] "GET /cormun/servlet/trautorizarsolicitud? HTTP/1.1" 200 8521
192.168.10.89 - - [15/Mar/2017:09:38:32 -0300] "POST /cormun/servlet/trautorizarsolicitud?5bfbbb08af1fb920948b15bfd969b537,,gx-no-cache=1489584794665 HTTP/1.1" 200 5454
192.168.10.89 - - [15/Mar/2017:09:38:32 -0300] "POST /cormun/servlet/trautorizarsolicitud?5bfbbb08af1fb920948b15bfd969b537,,gx-no-cache=1489584795025 HTTP/1.1" 200 5399
192.168.10.89 - - [15/Mar/2017:09:38:33 -0300] "GET /cormun/static/Shared/jqueryui/images/ui-bg_flat_55_fafafa_40x100.png HTTP/1.1" 404 1097
192.168.10.89 - - [15/Mar/2017:09:38:33 -0300] "GET /cormun/static/Shared/jqueryui/images/ui-icons_82798d_256x240.png HTTP/1.1" 404 1089
192.168.10.89 - - [15/Mar/2017:09:38:33 -0300] "GET /cormun/static/Shared/jqueryui/images/ui-icons_8d78a5_256x240.png HTTP/1.1" 404 1089
192.168.10.89 - - [15/Mar/2017:09:38:33 -0300] "GET /cormun/static/Shared/jqueryui/images/ui-bg_highlight-soft_100_c6c2c8_1x100.png HTTP/1.1" 404 1117
186.103.159.182 - - [15/Mar/2017:09:38:51 -0300] "POST /cormun/servlet/trcontratosolicitud?58a36192f654e1ea42d1d88af5dfed74,,gx-no-cache=1489581600119 HTTP/1.1" 200 4789
186.103.159.182 - - [15/Mar/2017:09:39:10 -0300] "POST /cormun/servlet/trcontratosolicitud?58a36192f654e1ea42d1d88af5dfed74,,gx-no-cache=1489581619043 HTTP/1.1" 200 4774
186.103.159.182 - - [15/Mar/2017:09:39:25 -0300] "GET /cormun/servlet/trsolicitudot? HTTP/1.1" 200 9335
186.103.159.182 - - [15/Mar/2017:09:39:27 -0300] "GET /cormun/servlet/trsolicitudot? HTTP/1.1" 200 9335
186.103.159.182 - - [15/Mar/2017:09:39:30 -0300] "GET /cormun/servlet/solicitudot?INS,0,0, HTTP/1.1" 200 12826
186.103.159.182 - - [15/Mar/2017:09:39:31 -0300] "GET /cormun/servlet/solicitudot?INS,0,0, HTTP/1.1" 200 12831
186.103.159.182 - - [15/Mar/2017:09:39:44 -0300] "GET /cormun/servlet/prfichaempleado?,MD,,gxPopupLevel%3D0%3B HTTP/1.1" 200 8897
200.86.95.220 - - [15/Mar/2017:09:39:48 -0300] "GET /cormun/servlet/hlogin HTTP/1.1" 200 1718
200.86.95.220 - - [15/Mar/2017:09:39:48 -0300] "GET /cormun/static/gxtimezone.js?85251 HTTP/1.1" 200 5781
200.86.95.220 - - [15/Mar/2017:09:39:48 -0300] "GET /cormun/static/gxcfg.js?201612216162538 HTTP/1.1" 200 953
200.86.95.220 - - [15/Mar/2017:09:39:48 -0300] "GET /cormun/static/Resources/Spanish/PXTools.css?167811 HTTP/1.1" 200 89042
200.86.95.220 - - [15/Mar/2017:09:39:48 -0300] "GET /cormun/static/messages.spa.js?85251 HTTP/1.1" 200 30736
200.86.95.220 - - [15/Mar/2017:09:39:48 -0300] "GET /cormun/static/hlogin.js?201612216162555 HTTP/1.1" 200 2136
200.86.95.220 - - [15/Mar/2017:09:39:48 -0300] "GET /cormun/static/Resources/ComunLogin.png HTTP/1.1" 200 17326
200.86.95.220 - - [15/Mar/2017:09:39:48 -0300] "GET /cormun/static/gxgral.js?85251 HTTP/1.1" 200 384558
200.86.95.220 - - [15/Mar/2017:09:39:49 -0300] "GET /cormun/static/Resources/PXToolsLoginBackground.png HTTP/1.1" 200 1164
200.86.95.220 - - [15/Mar/2017:09:39:49 -0300] "GET /cormun/static/Resources/PXToolsLoginTop.png HTTP/1.1" 200 1337
200.86.95.220 - - [15/Mar/2017:09:39:49 -0300] "GET /cormun/static/Resources/PXToolsButtonLeft21.png HTTP/1.1" 200 1287
200.86.95.220 - - [15/Mar/2017:09:39:49 -0300] "GET /cormun/static/Resources/PXToolsLoginBottom.png HTTP/1.1" 200 1389
200.86.95.220 - - [15/Mar/2017:09:39:49 -0300] "GET /cormun/static/Resources/PXToolsButtonRight21.png HTTP/1.1" 200 1283
200.86.95.220 - - [15/Mar/2017:09:39:49 -0300] "GET /cormun/static/Resources/PXToolsButtonBackground2.png HTTP/1.1" 200 1181
200.86.95.220 - - [15/Mar/2017:09:39:49 -0300] "GET /cormun/static/Resources/indicator.gif HTTP/1.1" 200 1553
200.86.95.220 - - [15/Mar/2017:09:39:49 -0300] "GET /cormun/servlet/hlogin HTTP/1.1" 200 1729
200.86.95.220 - - [15/Mar/2017:09:39:49 -0300] "GET /favicon.ico HTTP/1.1" 200 21630
200.86.95.220 - - [15/Mar/2017:09:40:02 -0300] "POST /cormun/servlet/hlogin?e1b1e0e9ec63efaad2552536cb43bba9,gx-no-cache=1489581673101 HTTP/1.1" 200 90
200.86.95.220 - - [15/Mar/2017:09:40:02 -0300] "GET /cormun/servlet/hpexe_link HTTP/1.1" 200 953
200.86.95.220 - - [15/Mar/2017:09:40:02 -0300] "GET /cormun/static/gxcfg.js?201612218515529 HTTP/1.1" 200 953
200.86.95.220 - - [15/Mar/2017:09:40:02 -0300] "GET /cormun/static/hpexe_link.js?201612218515532 HTTP/1.1" 200 625
200.86.95.220 - - [15/Mar/2017:09:40:02 -0300] "GET /cormun/static/Resources/Spanish/PXTools.css?18365030 HTTP/1.1" 200 89042
200.86.95.220 - - [15/Mar/2017:09:40:03 -0300] "GET /cormun/servlet/hhome HTTP/1.1" 200 3767
200.86.95.220 - - [15/Mar/2017:09:40:03 -0300] "GET /cormun/static/Shared/jqueryui/jquery-ui.min.css?1345370 HTTP/1.1" 200 30288
200.86.95.220 - - [15/Mar/2017:09:40:03 -0300] "GET /cormun/static/SmoothNavMenu/resources/ddsmoothmenu.css?1112540 HTTP/1.1" 200 2223
200.86.95.220 - - [15/Mar/2017:09:40:03 -0300] "GET /cormun/static/SmoothNavMenu/resources/ddsmoothmenu-v.css?1112540 HTTP/1.1" 200 1188
200.86.95.220 - - [15/Mar/2017:09:40:03 -0300] "GET /cormun/static/gxcfg.js?201612218515568 HTTP/1.1" 200 953
200.86.95.220 - - [15/Mar/2017:09:40:03 -0300] "GET /cormun/static/scaMessage/css/jquery.pnotify.default.css?1816380 HTTP/1.1" 200 1707
200.86.95.220 - - [15/Mar/2017:09:40:03 -0300] "GET /cormun/static/PXToolsJavascripts/pexe_windows.js HTTP/1.1" 200 15207
200.86.95.220 - - [15/Mar/2017:09:40:03 -0300] "GET /cormun/static/PXToolsJavascripts/pexe_cookies.js HTTP/1.1" 200 792
200.86.95.220 - - [15/Mar/2017:09:40:03 -0300] "GET /cormun/static/PXToolsJavascripts/pexe_grid.js HTTP/1.1" 200 7559
200.86.95.220 - - [15/Mar/2017:09:40:03 -0300] "GET /cormun/static/PXToolsJavascripts/pexe_griddivfix.js HTTP/1.1" 200 6644
200.86.95.220 - - [15/Mar/2017:09:40:03 -0300] "GET /cormun/static/PXToolsJavascripts/pexe_link.js HTTP/1.1" 200 5671
200.86.95.220 - - [15/Mar/2017:09:40:03 -0300] "GET /cormun/static/PXToolsJavascripts/pexe_menudivfix.js HTTP/1.1" 200 333
200.86.95.220 - - [15/Mar/2017:09:40:03 -0300] "GET /cormun/static/PXToolsJavascripts/pexe_menus.js HTTP/1.1" 200 1286
200.86.95.220 - - [15/Mar/2017:09:40:03 -0300] "GET /cormun/static/PXToolsJavascripts/pexe_layers.js HTTP/1.1" 200 4114
200.86.95.220 - - [15/Mar/2017:09:40:03 -0300] "GET /cormun/static/PXToolsJavascripts/pexe_oav.js HTTP/1.1" 200 645
200.86.95.220 - - [15/Mar/2017:09:40:03 -0300] "GET /cormun/static/PXToolsJavascripts/pexe_oavdivfix.js HTTP/1.1" 200 639
200.86.95.220 - - [15/Mar/2017:09:40:03 -0300] "GET /cormun/static/PXToolsJavascripts/pexe_picture.js HTTP/1.1" 200 689
200.86.95.220 - - [15/Mar/2017:09:40:03 -0300] "GET /cormun/static/PXToolsJavascripts/pexe_popup.js HTTP/1.1" 200 13458
200.86.95.220 - - [15/Mar/2017:09:40:03 -0300] "GET /cormun/static/PXToolsJavascripts/pexe_autoreload.js HTTP/1.1" 200 1762
200.86.95.220 - - [15/Mar/2017:09:40:03 -0300] "GET /cormun/static/PXToolsJavascripts/pexe_scrolldiv.js HTTP/1.1" 200 4138
200.86.95.220 - - [15/Mar/2017:09:40:03 -0300] "GET /cormun/static/PXToolsJavascripts/pexe_tabdivfix.js HTTP/1.1" 200 876
200.86.95.220 - - [15/Mar/2017:09:40:03 -0300] "GET /cormun/static/PXToolsJavascripts/pexe_upload.js HTTP/1.1" 200 1423
200.86.95.220 - - [15/Mar/2017:09:40:03 -0300] "GET /cormun/static/PXToolsJavascripts/PXToolsJavascriptsRender.js HTTP/1.1" 200 367
200.86.95.220 - - [15/Mar/2017:09:40:03 -0300] "GET /cormun/static/PXToolsJavascripts/pexe_tabs.js HTTP/1.1" 200 3748
200.86.95.220 - - [15/Mar/2017:09:40:03 -0300] "GET /cormun/static/RunJS/RunJS.js HTTP/1.1" 200 288
200.86.95.220 - - [15/Mar/2017:09:40:03 -0300] "GET /cormun/static/hhome.js?201612218515573 HTTP/1.1" 200 777
200.86.95.220 - - [15/Mar/2017:09:40:03 -0300] "GET /cormun/static/hwchdr01.js?201612218432057 HTTP/1.1" 200 1183
200.86.95.220 - - [15/Mar/2017:09:40:03 -0300] "GET /cormun/static/Shared/ext/locale/ext-lang-en.js HTTP/1.1" 200 10940
200.86.95.220 - - [15/Mar/2017:09:40:03 -0300] "GET /cormun/static/gxui/gxui-all.js HTTP/1.1" 200 107772
200.86.95.220 - - [15/Mar/2017:09:40:03 -0300] "GET /cormun/static/Resources/PXToolsHeaderPreferences.png HTTP/1.1" 200 4189
200.86.95.220 - - [15/Mar/2017:09:40:03 -0300] "GET /cormun/static/Resources/PXToolsHeaderActionsLeft.png HTTP/1.1" 200 1118
200.86.95.220 - - [15/Mar/2017:09:40:03 -0300] "GET /cormun/static/Resources/logo4.png HTTP/1.1" 200 6582
200.86.95.220 - - [15/Mar/2017:09:40:03 -0300] "GET /cormun/static/Resources/PXToolsHeaderLogin.png HTTP/1.1" 200 4279
200.86.95.220 - - [15/Mar/2017:09:40:03 -0300] "GET /cormun/static/Resources/PXToolsDataTitle.png HTTP/1.1" 200 1173
200.86.95.220 - - [15/Mar/2017:09:40:03 -0300] "GET /cormun/static/Resources/PXToolsHeaderActionsBackground.png HTTP/1.1" 200 484
200.86.95.220 - - [15/Mar/2017:09:40:03 -0300] "GET /cormun/static/Resources/PXToolsFooterBackground2.png HTTP/1.1" 200 1172
200.86.95.220 - - [15/Mar/2017:09:40:03 -0300] "GET /cormun/static/Resources/PXToolsHeaderSecurity.png HTTP/1.1" 200 4166
200.86.95.220 - - [15/Mar/2017:09:40:03 -0300] "GET /cormun/static/Resources/PXToolsHeaderActionsRight.png HTTP/1.1" 200 1201
200.86.95.220 - - [15/Mar/2017:09:40:03 -0300] "GET /cormun/static/Resources/PXToolsHeaderBackground2.png HTTP/1.1" 200 1174
200.86.95.220 - - [15/Mar/2017:09:40:04 -0300] "GET /cormun/static/hpexe_scripts.js?201612218432016 HTTP/1.1" 200 1544
200.86.95.220 - - [15/Mar/2017:09:40:04 -0300] "GET /cormun/static/Resources/PXToolsHeaderHome.png HTTP/1.1" 200 4147
200.86.95.220 - - [15/Mar/2017:09:40:04 -0300] "GET /cormun/static/hpexe_messagecontroller.js?201610171694323 HTTP/1.1" 200 870
200.86.95.220 - - [15/Mar/2017:09:40:04 -0300] "GET /cormun/static/hpexe_messagepopupcomponent.js?20161017169425 HTTP/1.1" 200 605
200.86.95.220 - - [15/Mar/2017:09:40:04 -0300] "GET /cormun/static/hpexe_recentlink.js?201610171694390 HTTP/1.1" 200 2144
200.86.95.220 - - [15/Mar/2017:09:40:04 -0300] "GET /cormun/static/hpexe_messagegenexuscomponent.js?201612218431816 HTTP/1.1" 200 587
200.86.95.220 - - [15/Mar/2017:09:40:04 -0300] "GET /cormun/static/cmcontrolpreferences.js?201612218431999 HTTP/1.1" 200 1375
200.86.95.220 - - [15/Mar/2017:09:40:04 -0300] "GET /cormun/static/SmoothNavMenu/resources/ddsmoothmenu.js HTTP/1.1" 200 12712
200.86.95.220 - - [15/Mar/2017:09:40:04 -0300] "GET /cormun/static/scaMessage/js/jquery.pnotify.min.js HTTP/1.1" 200 13038
200.86.95.220 - - [15/Mar/2017:09:40:04 -0300] "GET /cormun/static/Shared/jquery/jquery-1.4.2.min.js HTTP/1.1" 200 72174
200.86.95.220 - - [15/Mar/2017:09:40:04 -0300] "GET /cormun/static/scaMessage/scaMessageRender.js HTTP/1.1" 200 11977
200.86.95.220 - - [15/Mar/2017:09:40:04 -0300] "GET /cormun/static/hmpwkw03.js?20161221852152 HTTP/1.1" 200 3965
200.86.95.220 - - [15/Mar/2017:09:40:04 -0300] "GET /cormun/static/SmoothNavMenu/resources/SmoothNavMenuRender.js HTTP/1.1" 200 5951
200.86.95.220 - - [15/Mar/2017:09:40:04 -0300] "GET /cormun/static/Shared/jquery/jquery-1.10.2.min.js HTTP/1.1" 200 273199
200.86.95.220 - - [15/Mar/2017:09:40:04 -0300] "GET /cormun/static/Shared/jqueryui/jquery-ui.min.js HTTP/1.1" 200 240427
200.86.95.220 - - [15/Mar/2017:09:40:04 -0300] "GET /cormun/static/Shared/ext/ext-all.js HTTP/1.1" 200 1289687
200.86.95.220 - - [15/Mar/2017:09:40:06 -0300] "GET /cormun/servlet/hhome HTTP/1.1" 200 3765
200.86.95.220 - - [15/Mar/2017:09:40:06 -0300] "GET /cormun/static/SmoothNavMenu/resources/images/down.gif HTTP/1.1" 200 854
200.86.95.220 - - [15/Mar/2017:09:40:22 -0300] "GET /cormun/servlet/trsolicitudot? HTTP/1.1" 200 8589
200.86.95.220 - - [15/Mar/2017:09:40:23 -0300] "GET /cormun/static/gxui/gxui-all.css?120300 HTTP/1.1" 200 2179
200.86.95.220 - - [15/Mar/2017:09:40:23 -0300] "GET /cormun/static/calendar-system.css?85620 HTTP/1.1" 200 5572
200.86.95.220 - - [15/Mar/2017:09:40:23 -0300] "GET /cormun/static/calendar-setup.js?85251 HTTP/1.1" 200 2588
200.86.95.220 - - [15/Mar/2017:09:40:23 -0300] "GET /cormun/static/gxcfg.js?20171191044697 HTTP/1.1" 200 953
200.86.95.220 - - [15/Mar/2017:09:40:23 -0300] "GET /cormun/static/calendar.js?85251 HTTP/1.1" 200 26246
200.86.95.220 - - [15/Mar/2017:09:40:23 -0300] "GET /cormun/static/calendar-es.js?85251 HTTP/1.1" 200 1901
200.86.95.220 - - [15/Mar/2017:09:40:23 -0300] "GET /cormun/static/gxdec.js?85251 HTTP/1.1" 200 19579
200.86.95.220 - - [15/Mar/2017:09:40:23 -0300] "GET /cormun/static/trsolicitudot.js?20171191045625 HTTP/1.1" 200 53117
200.86.95.220 - - [15/Mar/2017:09:40:23 -0300] "GET /cormun/static/Shared/ext/resources/css/ext-all.css?215870 HTTP/1.1" 200 416045
200.86.95.220 - - [15/Mar/2017:09:40:23 -0300] "GET /cormun/static/Resources/PXTools/calendar.png HTTP/1.1" 200 1306
200.86.95.220 - - [15/Mar/2017:09:40:23 -0300] "GET /cormun/static/Resources/PXToolsDataSearch.png HTTP/1.1" 200 419
200.86.95.220 - - [15/Mar/2017:09:40:23 -0300] "GET /cormun/static/Resources/PXToolsGridFirstDisabled.gif HTTP/1.1" 200 100
200.86.95.220 - - [15/Mar/2017:09:40:23 -0300] "GET /cormun/static/Resources/PXToolsGridPreviousDisabled.gif HTTP/1.1" 200 90
200.86.95.220 - - [15/Mar/2017:09:40:23 -0300] "GET /cormun/static/Resources/PXToolsGridNextDisabled.gif HTTP/1.1" 200 90
200.86.95.220 - - [15/Mar/2017:09:40:23 -0300] "GET /cormun/static/Resources/PXToolsGridLastDisabled.gif HTTP/1.1" 200 98
200.86.95.220 - - [15/Mar/2017:09:40:24 -0300] "GET /cormun/static/Resources/PXToolsGridPage.gif HTTP/1.1" 200 725
200.86.95.220 - - [15/Mar/2017:09:40:24 -0300] "GET /cormun/static/Resources/PXToolsActionExcel.png HTTP/1.1" 200 3187
200.86.95.220 - - [15/Mar/2017:09:40:24 -0300] "GET /cormun/static/Resources/PXToolsGridNew.png HTTP/1.1" 200 2949
200.86.95.220 - - [15/Mar/2017:09:40:25 -0300] "GET /cormun/servlet/trsolicitudot? HTTP/1.1" 200 8587
200.86.95.220 - - [15/Mar/2017:09:40:25 -0300] "GET /cormun/static/Resources/asc.gif HTTP/1.1" 200 67
200.86.95.220 - - [15/Mar/2017:09:40:25 -0300] "GET /cormun//static/Resources/PXToolsGridUpdate.png HTTP/1.1" 200 2984
200.86.95.220 - - [15/Mar/2017:09:40:25 -0300] "GET /cormun//static/Resources/PXToolsGridDelete.png HTTP/1.1" 200 357
200.86.95.220 - - [15/Mar/2017:09:40:25 -0300] "GET /cormun/static/Resources/desc.gif HTTP/1.1" 200 65
200.86.95.220 - - [15/Mar/2017:09:40:25 -0300] "GET /cormun//static/Resources/PXToolsActionView.png HTTP/1.1" 200 2995
200.86.95.220 - - [15/Mar/2017:09:40:25 -0300] "GET /cormun//static/Resources/PXTools/ActionInsert.png HTTP/1.1" 200 1482
200.86.95.220 - - [15/Mar/2017:09:40:25 -0300] "GET /cormun//static/Resources/PXToolsRemoveAllAction.png HTTP/1.1" 200 3558
200.86.95.220 - - [15/Mar/2017:09:40:25 -0300] "GET /cormun/static/Shared/ext/resources/themes/images/default/tools/tool-sprites.gif HTTP/1.1" 200 5434
200.86.95.220 - - [15/Mar/2017:09:40:26 -0300] "GET /cormun/static/Shared/ext/resources/themes/images/default/panel/bg-headersPanel.png HTTP/1.1" 200 255
186.103.159.187 - - [15/Mar/2017:09:40:28 -0300] "GET /cormun/servlet/solicitudotadjuntos?7022acdf7ed952c19def05ca7f27d64d33becb806db7e82233d2afbbe2a42479,gx-no-cache=1489581694440 HTTP/1.1" 200 30
186.103.159.187 - - [15/Mar/2017:09:40:28 -0300] "GET /cormun/servlet/solicitudotadjuntos?7022acdf7ed952c19def05ca7f27d64d33becb806db7e82233d2afbbe2a42479,gx-no-cache=1489581694529 HTTP/1.1" 200 30
186.103.159.187 - - [15/Mar/2017:09:40:31 -0300] "POST /cormun/servlet/solicitudotadjuntos?c9be17f591090e257884485fa86f0a07,INS,2017,5545,,1, HTTP/1.1" 200 5905
186.103.159.187 - - [15/Mar/2017:09:40:32 -0300] "GET /cormun/static/Shared/jqueryui/images/ui-bg_highlight-soft_100_c6c2c8_1x100.png HTTP/1.1" 404 1117
186.103.159.187 - - [15/Mar/2017:09:40:32 -0300] "GET /cormun/static/Shared/jqueryui/images/ui-icons_82798d_256x240.png HTTP/1.1" 404 1089
186.103.159.187 - - [15/Mar/2017:09:40:32 -0300] "GET /cormun/static/Shared/jqueryui/images/ui-icons_ebccce_256x240.png HTTP/1.1" 404 1089
186.103.159.187 - - [15/Mar/2017:09:40:32 -0300] "GET /cormun/static/Shared/jqueryui/images/ui-bg_flat_55_994d53_40x100.png HTTP/1.1" 404 1097
186.103.159.182 - - [15/Mar/2017:09:41:01 -0300] "POST /cormun/servlet/prfichaempleado?58a36192f654e1ea42d1d88af5dfed74,,MD,,gxPopupLevel%3D0%3B,gx-no-cache=1489581729182 HTTP/1.1" 200 3394
186.103.159.187 - - [15/Mar/2017:09:41:02 -0300] "POST /cormun/servlet/solicitudotadjuntos?gx-no-cache=1489581728937 HTTP/1.1" 200 26
186.103.159.187 - - [15/Mar/2017:09:41:04 -0300] "GET /cormun/servlet/solicitudotadjuntos?7022acdf7ed952c19def05ca7f27d64d4d18accbf49d286f5e25457e62cce125d888edd6348903027144759e3eb8cea3,gx-no-cache=1489581730223 HTTP/1.1" 200 30
186.103.159.187 - - [15/Mar/2017:09:41:04 -0300] "GET /cormun/servlet/solicitudotadjuntos?7022acdf7ed952c19def05ca7f27d64d4d18accbf49d286f5e25457e62cce125d888edd6348903027144759e3eb8cea3,gx-no-cache=1489581730282 HTTP/1.1" 200 30
186.103.159.187 - - [15/Mar/2017:09:41:05 -0300] "POST /cormun/servlet/solicitudotadjuntos?c9be17f591090e257884485fa86f0a07,INS,2017,5545,,1, HTTP/1.1" 200 116
186.103.159.187 - - [15/Mar/2017:09:41:05 -0300] "GET /cormun/servlet/hpexe_return? HTTP/1.1" 200 1027
186.103.159.187 - - [15/Mar/2017:09:41:06 -0300] "GET /cormun/servlet/trsolicitudadjuntos?2017,5545, HTTP/1.1" 200 7946
186.103.159.182 - - [15/Mar/2017:09:41:06 -0300] "POST /cormun/servlet/solicitudot?gx-no-cache=1489581734847 HTTP/1.1" 200 3176
186.103.159.182 - - [15/Mar/2017:09:41:07 -0300] "POST /cormun/servlet/solicitudot?58a36192f654e1ea42d1d88af5dfed74,INS,0,0,,gx-no-cache=1489581735607 HTTP/1.1" 200 9961
186.103.159.182 - - [15/Mar/2017:09:41:07 -0300] "GET /cormun/servlet/solicitudot?5b7f5d6297e059a87d57e6acb07d5d57d051f8819c3099ad9b70612ba3285920405a5aed813fcf5b33e49462e0c96382,gx-no-cache=1489581736135 HTTP/1.1" 200 30
186.103.159.187 - - [15/Mar/2017:09:41:07 -0300] "GET /cormun/servlet/trsolicitudadjuntos?2017,5545, HTTP/1.1" 200 7939
186.103.159.187 - - [15/Mar/2017:09:41:10 -0300] "GET /cormun/servlet/solicitudotadjuntos?INS,2017,5545,,1, HTTP/1.1" 200 5769
186.103.159.187 - - [15/Mar/2017:09:41:10 -0300] "GET /cormun/static/about:blank HTTP/1.1" 404 1011
186.103.159.187 - - [15/Mar/2017:09:41:10 -0300] "GET /cormun/servlet/solicitudotadjuntos?INS,2017,5545,,1, HTTP/1.1" 200 5763
186.103.159.187 - - [15/Mar/2017:09:41:11 -0300] "GET /cormun/servlet/solicitudotadjuntos?7022acdf7ed952c19def05ca7f27d64d07fcd4b08cfce212b36629cdcefebe58e8174271fb787a3db28f0c43a89b3d51,gx-no-cache=1489581737465 HTTP/1.1" 200 30
186.103.159.187 - - [15/Mar/2017:09:41:11 -0300] "POST /cormun/servlet/solicitudotadjuntos?c9be17f591090e257884485fa86f0a07,INS,2017,5545,,1,,gx-no-cache=1489581737545 HTTP/1.1" 200 3674
186.103.159.187 - - [15/Mar/2017:09:41:13 -0300] "POST /cormun/servlet/solicitudotadjuntos?gx-no-cache=1489581739553 HTTP/1.1" 200 26
192.168.10.62 - - [15/Mar/2017:09:41:13 -0300] "POST /cormun/servlet/trsolicitudgral?4dcd2f36eb8c097d7c58022cffda9685,,gx-no-cache=1489584955370 HTTP/1.1" 200 6632
186.103.159.187 - - [15/Mar/2017:09:41:26 -0300] "POST /cormun/servlet/solicitudotadjuntos?gx-no-cache=1489581752074 HTTP/1.1" 200 26
186.103.159.187 - - [15/Mar/2017:09:41:27 -0300] "GET /cormun/servlet/solicitudotadjuntos?7022acdf7ed952c19def05ca7f27d64d33becb806db7e82233d2afbbe2a42479,gx-no-cache=1489581753594 HTTP/1.1" 200 30
186.103.159.187 - - [15/Mar/2017:09:41:27 -0300] "GET /cormun/servlet/solicitudotadjuntos?7022acdf7ed952c19def05ca7f27d64d33becb806db7e82233d2afbbe2a42479,gx-no-cache=1489581753652 HTTP/1.1" 200 30
186.103.159.187 - - [15/Mar/2017:09:41:29 -0300] "POST /cormun/servlet/solicitudotadjuntos?c9be17f591090e257884485fa86f0a07,INS,2017,5545,,1, HTTP/1.1" 200 116
186.103.159.187 - - [15/Mar/2017:09:41:29 -0300] "GET /cormun/servlet/hpexe_return? HTTP/1.1" 200 1027
186.103.159.187 - - [15/Mar/2017:09:41:29 -0300] "GET /cormun/servlet/trsolicitudadjuntos?2017,5545, HTTP/1.1" 200 8155
186.103.159.187 - - [15/Mar/2017:09:41:30 -0300] "GET /cormun/servlet/trsolicitudadjuntos?2017,5545, HTTP/1.1" 200 8146
186.103.159.187 - - [15/Mar/2017:09:41:32 -0300] "GET /cormun/servlet/solicitudotadjuntos?INS,2017,5545,,1, HTTP/1.1" 200 5770
186.103.159.187 - - [15/Mar/2017:09:41:33 -0300] "GET /cormun/static/about:blank HTTP/1.1" 404 1011
186.103.159.187 - - [15/Mar/2017:09:41:33 -0300] "GET /cormun/servlet/solicitudotadjuntos?INS,2017,5545,,1, HTTP/1.1" 200 5764
186.103.159.187 - - [15/Mar/2017:09:41:33 -0300] "GET /cormun/servlet/solicitudotadjuntos?7022acdf7ed952c19def05ca7f27d64d07fcd4b08cfce212b36629cdcefebe58e8174271fb787a3db28f0c43a89b3d51,gx-no-cache=1489581760070 HTTP/1.1" 200 30
186.103.159.187 - - [15/Mar/2017:09:41:34 -0300] "POST /cormun/servlet/solicitudotadjuntos?c9be17f591090e257884485fa86f0a07,INS,2017,5545,,1,,gx-no-cache=1489581760133 HTTP/1.1" 200 3675
186.103.159.187 - - [15/Mar/2017:09:41:35 -0300] "POST /cormun/servlet/solicitudotadjuntos?gx-no-cache=1489581761345 HTTP/1.1" 200 26
200.86.95.220 - - [15/Mar/2017:09:41:48 -0300] "POST /cormun/servlet/trsolicitudot?e1b1e0e9ec63efaad2552536cb43bba9,,gx-no-cache=1489581778366 HTTP/1.1" 200 5317
200.86.95.220 - - [15/Mar/2017:09:41:48 -0300] "GET /cormun/static/Shared/jqueryui/images/ui-bg_highlight-soft_100_c6c2c8_1x100.png HTTP/1.1" 404 1117
200.86.95.220 - - [15/Mar/2017:09:41:48 -0300] "GET /cormun/static/Shared/jqueryui/images/ui-icons_82798d_256x240.png HTTP/1.1" 404 1089
200.86.95.220 - - [15/Mar/2017:09:41:48 -0300] "GET /cormun/static/Shared/jqueryui/images/ui-bg_flat_55_fafafa_40x100.png HTTP/1.1" 404 1097
200.86.95.220 - - [15/Mar/2017:09:41:48 -0300] "GET /cormun/static/Shared/jqueryui/images/ui-icons_8d78a5_256x240.png HTTP/1.1" 404 1089
200.86.95.220 - - [15/Mar/2017:09:41:49 -0300] "POST /cormun/servlet/trsolicitudot?e1b1e0e9ec63efaad2552536cb43bba9,,gx-no-cache=1489581779007 HTTP/1.1" 200 5259
186.103.159.187 - - [15/Mar/2017:09:41:58 -0300] "POST /cormun/servlet/solicitudotadjuntos?gx-no-cache=1489581784552 HTTP/1.1" 200 26
186.103.159.187 - - [15/Mar/2017:09:41:59 -0300] "GET /cormun/servlet/solicitudotadjuntos?7022acdf7ed952c19def05ca7f27d64d33becb806db7e82233d2afbbe2a42479,gx-no-cache=1489581785472 HTTP/1.1" 200 30
186.103.159.187 - - [15/Mar/2017:09:41:59 -0300] "GET /cormun/servlet/solicitudotadjuntos?7022acdf7ed952c19def05ca7f27d64d33becb806db7e82233d2afbbe2a42479,gx-no-cache=1489581785535 HTTP/1.1" 200 30
200.86.95.220 - - [15/Mar/2017:09:42:00 -0300] "POST /cormun/servlet/trsolicitudot?e1b1e0e9ec63efaad2552536cb43bba9,,gx-no-cache=1489581790897 HTTP/1.1" 200 105
186.103.159.187 - - [15/Mar/2017:09:42:00 -0300] "POST /cormun/servlet/solicitudotadjuntos?c9be17f591090e257884485fa86f0a07,INS,2017,5545,,1, HTTP/1.1" 200 116
200.86.95.220 - - [15/Mar/2017:09:42:00 -0300] "GET /cormun/servlet/solicitudot?DLT,2017,5011, HTTP/1.1" 200 9357
186.103.159.187 - - [15/Mar/2017:09:42:00 -0300] "GET /cormun/servlet/hpexe_return? HTTP/1.1" 200 1027
200.86.95.220 - - [15/Mar/2017:09:42:00 -0300] "GET /cormun/static/gxcfg.js?20171191042720 HTTP/1.1" 200 953
200.86.95.220 - - [15/Mar/2017:09:42:00 -0300] "GET /cormun/static/Resources/prompt.gif HTTP/1.1" 200 902
200.86.95.220 - - [15/Mar/2017:09:42:01 -0300] "GET /cormun/static/solicitudot.js?2017119104297 HTTP/1.1" 200 63948
186.103.159.187 - - [15/Mar/2017:09:42:01 -0300] "GET /cormun/servlet/trsolicitudadjuntos?2017,5545, HTTP/1.1" 200 8308
200.86.95.220 - - [15/Mar/2017:09:42:02 -0300] "GET /cormun/static/Shared/jqueryui/images/ui-bg_highlight-soft_100_c6c2c8_1x100.png HTTP/1.1" 404 1117
200.86.95.220 - - [15/Mar/2017:09:42:02 -0300] "GET /cormun/static/Shared/jqueryui/images/ui-icons_82798d_256x240.png HTTP/1.1" 404 1089
200.86.95.220 - - [15/Mar/2017:09:42:02 -0300] "GET /cormun/static/Shared/jqueryui/images/ui-bg_flat_55_fafafa_40x100.png HTTP/1.1" 404 1097
200.86.95.220 - - [15/Mar/2017:09:42:02 -0300] "GET /cormun/static/Shared/jqueryui/images/ui-icons_8d78a5_256x240.png HTTP/1.1" 404 1089
200.86.95.220 - - [15/Mar/2017:09:42:02 -0300] "GET /cormun/servlet/solicitudot?DLT,2017,5011, HTTP/1.1" 200 9366
186.103.159.187 - - [15/Mar/2017:09:42:02 -0300] "GET /cormun/servlet/trsolicitudadjuntos?2017,5545, HTTP/1.1" 200 8308
186.103.159.187 - - [15/Mar/2017:09:42:04 -0300] "GET /cormun/servlet/solicitudotadjuntos?INS,2017,5545,,1, HTTP/1.1" 200 5770
186.103.159.187 - - [15/Mar/2017:09:42:04 -0300] "GET /cormun/static/about:blank HTTP/1.1" 404 1011
186.103.159.187 - - [15/Mar/2017:09:42:05 -0300] "GET /cormun/servlet/solicitudotadjuntos?INS,2017,5545,,1, HTTP/1.1" 200 5764
186.103.159.187 - - [15/Mar/2017:09:42:05 -0300] "GET /cormun/servlet/solicitudotadjuntos?7022acdf7ed952c19def05ca7f27d64d07fcd4b08cfce212b36629cdcefebe58e8174271fb787a3db28f0c43a89b3d51,gx-no-cache=1489581792029 HTTP/1.1" 200 30
186.103.159.187 - - [15/Mar/2017:09:42:06 -0300] "POST /cormun/servlet/solicitudotadjuntos?c9be17f591090e257884485fa86f0a07,INS,2017,5545,,1,,gx-no-cache=1489581792110 HTTP/1.1" 200 3675
186.103.159.187 - - [15/Mar/2017:09:42:07 -0300] "POST /cormun/servlet/solicitudotadjuntos?gx-no-cache=1489581793485 HTTP/1.1" 200 26
186.103.158.250 - - [15/Mar/2017:09:42:10 -0300] "GET /cormun/servlet/hlogin HTTP/1.1" 200 1719
186.103.158.250 - - [15/Mar/2017:09:42:10 -0300] "GET /cormun/servlet/hlogin HTTP/1.1" 200 1729
186.103.159.187 - - [15/Mar/2017:09:42:13 -0300] "POST /cormun/servlet/solicitudotadjuntos?gx-no-cache=1489581799117 HTTP/1.1" 200 26
186.103.159.187 - - [15/Mar/2017:09:42:16 -0300] "GET /cormun/servlet/solicitudotadjuntos?7022acdf7ed952c19def05ca7f27d64d33becb806db7e82233d2afbbe2a42479,gx-no-cache=1489581802238 HTTP/1.1" 200 30
186.103.159.187 - - [15/Mar/2017:09:42:16 -0300] "GET /cormun/servlet/solicitudotadjuntos?7022acdf7ed952c19def05ca7f27d64d33becb806db7e82233d2afbbe2a42479,gx-no-cache=1489581802296 HTTP/1.1" 200 30
186.103.159.187 - - [15/Mar/2017:09:42:18 -0300] "POST /cormun/servlet/solicitudotadjuntos?c9be17f591090e257884485fa86f0a07,INS,2017,5545,,1, HTTP/1.1" 200 5849
186.103.159.187 - - [15/Mar/2017:09:42:18 -0300] "GET /cormun/static/Shared/jqueryui/images/ui-bg_highlight-soft_100_c6c2c8_1x100.png HTTP/1.1" 404 1117
186.103.159.187 - - [15/Mar/2017:09:42:18 -0300] "GET /cormun/static/Shared/jqueryui/images/ui-icons_82798d_256x240.png HTTP/1.1" 404 1089
186.103.159.187 - - [15/Mar/2017:09:42:18 -0300] "GET /cormun/static/Shared/jqueryui/images/ui-icons_ebccce_256x240.png HTTP/1.1" 404 1089
186.103.159.187 - - [15/Mar/2017:09:42:18 -0300] "GET /cormun/static/Shared/jqueryui/images/ui-bg_flat_55_994d53_40x100.png HTTP/1.1" 404 1097
186.103.159.187 - - [15/Mar/2017:09:42:18 -0300] "GET /cormun/PrivateTempStorage/upload_00018900.jpg HTTP/1.1" 200 348192
200.86.95.220 - - [15/Mar/2017:09:42:18 -0300] "POST /cormun/servlet/solicitudot?e1b1e0e9ec63efaad2552536cb43bba9,DLT,2017,5011,,gx-no-cache=1489581809364 HTTP/1.1" 200 12436
200.86.95.220 - - [15/Mar/2017:09:42:19 -0300] "GET /cormun/static/Shared/jqueryui/images/ui-bg_flat_55_994d53_40x100.png HTTP/1.1" 404 1097
200.86.95.220 - - [15/Mar/2017:09:42:19 -0300] "GET /cormun/static/Shared/jqueryui/images/ui-icons_ebccce_256x240.png HTTP/1.1" 404 1089
186.103.159.182 - - [15/Mar/2017:09:42:19 -0300] "POST /cormun/servlet/solicitudot?gx-no-cache=1489581807454 HTTP/1.1" 200 255
186.103.159.182 - - [15/Mar/2017:09:42:19 -0300] "GET /cormun/servlet/solicitudot?5b7f5d6297e059a87d57e6acb07d5d576c26cf7f4c29fb73ee113ecffd6bd022540408c566f5eff30945ef2f82b3d246f9ceded85d4457641aa2b07a8e4c6306a222e5e2c3a37d1e0bc954c21f350644222397edd48f387c886fc49db9212599798ce1d814f1f5d157fba9ab5eac67508854cc9891ab3cbed18aa270858d555d6eb9c4256ba387acf0611aa50c56f9108523ce87429815e3dc0897e4d91141feaf320954b9db2778432d403ee121bdc5beb71a918d907dfce5b0f9e9a9f6942b419ddf3142418f088eae53da32a289a485a26deda4d18b776785c3a4c153184cd80ae979791cb59d4fd338590bff6971b52491edb3e8c940d975b374d4293a6d7e2b817d56d5932725edd60048d036a7250753508a09fbdb1cd36899603f3cdd18e6022770ad7039a634ed8ac47e5d4192b4de6c089a5ec9e89f7a9e3de7e7e2edb5d7448dacb3fa2dab1fcdaef098f53b1cc014547d5ad9b173eb73473b7f799d622a74d3e45d34adb9e47a7c3f6704780b2099e2f056316430c9494366ccc0,gx-no-cache=1489581807655 HTTP/1.1" 200 30
186.103.158.250 - - [15/Mar/2017:09:42:21 -0300] "POST /cormun/servlet/hlogin?31f2564a6c17e7e4167197d6a5f2c985,gx-no-cache=1489581809798 HTTP/1.1" 200 90
186.103.158.250 - - [15/Mar/2017:09:42:21 -0300] "GET /cormun/servlet/hpexe_link HTTP/1.1" 200 954
186.103.158.250 - - [15/Mar/2017:09:42:21 -0300] "GET /cormun/servlet/hhome HTTP/1.1" 200 3762
200.86.95.220 - - [15/Mar/2017:09:42:21 -0300] "POST /cormun/servlet/solicitudot?e1b1e0e9ec63efaad2552536cb43bba9,DLT,2017,5011,,gx-no-cache=1489581811856 HTTP/1.1" 200 93
186.103.159.182 - - [15/Mar/2017:09:42:21 -0300] "POST /cormun/servlet/solicitudot?gx-no-cache=1489581809851 HTTP/1.1" 200 30
200.86.95.220 - - [15/Mar/2017:09:42:21 -0300] "GET /cormun/servlet/hpexe_return? HTTP/1.1" 200 1011
200.86.95.220 - - [15/Mar/2017:09:42:21 -0300] "GET /cormun/static/gxcfg.js?2016101716175148 HTTP/1.1" 200 953
200.86.95.220 - - [15/Mar/2017:09:42:21 -0300] "GET /cormun/static/hpexe_return.js?2016101716175153 HTTP/1.1" 200 1633
200.86.95.220 - - [15/Mar/2017:09:42:21 -0300] "GET /cormun/servlet/trsolicitudot? HTTP/1.1" 200 8044
186.103.158.250 - - [15/Mar/2017:09:42:22 -0300] "GET /cormun/servlet/hhome HTTP/1.1" 200 3759
200.86.95.220 - - [15/Mar/2017:09:42:22 -0300] "GET /cormun/servlet/trsolicitudot? HTTP/1.1" 200 8040
186.103.158.250 - - [15/Mar/2017:09:42:26 -0300] "GET /cormun/servlet/trlicencias? HTTP/1.1" 200 6602
186.103.158.250 - - [15/Mar/2017:09:42:27 -0300] "GET /cormun/servlet/trlicencias? HTTP/1.1" 200 6600
186.103.159.182 - - [15/Mar/2017:09:42:30 -0300] "POST /cormun/servlet/solicitudot?gx-no-cache=1489581818540 HTTP/1.1" 200 1290
186.103.159.182 - - [15/Mar/2017:09:42:30 -0300] "POST /cormun/servlet/solicitudot?gx-no-cache=1489581818659 HTTP/1.1" 200 38
186.103.159.187 - - [15/Mar/2017:09:42:31 -0300] "GET /cormun/servlet/solicitudotadjuntos?7022acdf7ed952c19def05ca7f27d64d5bef78e0c4674bdd3414e0636102f1a6d888edd6348903027144759e3eb8cea3,gx-no-cache=1489581817822 HTTP/1.1" 200 30
186.103.159.187 - - [15/Mar/2017:09:42:31 -0300] "GET /cormun/servlet/solicitudotadjuntos?7022acdf7ed952c19def05ca7f27d64d2d504409d04b2ff9ce84bea6004e1fa8d888edd6348903027144759e3eb8cea3,gx-no-cache=1489581817890 HTTP/1.1" 200 30
