186.79.176.150 - - [15/Mar/2017:09:01:21 -0300] "POST /cormun/servlet/licenciaspermisosadjuntos?a63e01a33f3f5a01a45193c820231aea,INS,9886842,L,20170315000000,, HTTP/1.1" 200 116
186.79.176.150 - - [15/Mar/2017:09:01:22 -0300] "GET /cormun/servlet/hpexe_return? HTTP/1.1" 200 1042
186.79.176.150 - - [15/Mar/2017:09:01:22 -0300] "GET /cormun/servlet/trlicenciaspermisosadjuntos?9886842,20170315000000,L, HTTP/1.1" 200 6531
186.79.176.150 - - [15/Mar/2017:09:01:23 -0300] "GET /cormun/servlet/trlicenciaspermisosadjuntos?9886842,20170315000000,L, HTTP/1.1" 200 6528
186.79.176.150 - - [15/Mar/2017:09:01:27 -0300] "GET /cormun/servlet/licenciaspermisosadjuntos?INS,9886842,L,20170315000000,, HTTP/1.1" 200 5361
186.79.176.150 - - [15/Mar/2017:09:01:27 -0300] "GET /cormun/servlet/licenciaspermisosadjuntos?INS,9886842,L,20170315000000,, HTTP/1.1" 200 5349
186.79.176.150 - - [15/Mar/2017:09:01:30 -0300] "GET /cormun/servlet/trlicencias? HTTP/1.1" 200 7734
200.111.191.210 - - [15/Mar/2017:09:01:31 -0300] "GET /cormun/servlet/prfichaempleado?,MD,,gxPopupLevel%3D0%3B HTTP/1.1" 200 8781
186.79.176.150 - - [15/Mar/2017:09:01:31 -0300] "GET /cormun/servlet/trlicencias? HTTP/1.1" 200 7726
186.103.159.182 - - [15/Mar/2017:09:01:32 -0300] "POST /cormun/servlet/trcontratosolicitud?58a36192f654e1ea42d1d88af5dfed74,,gx-no-cache=1489579360177 HTTP/1.1" 200 4778
200.111.191.210 - - [15/Mar/2017:09:01:51 -0300] "POST /cormun/servlet/prfichaempleado?0e0c8a2b801b61b9181fd04f4d1e8968,,MD,,gxPopupLevel%3D0%3B,gx-no-cache=1489582891744 HTTP/1.1" 200 3397
200.111.191.210 - - [15/Mar/2017:09:01:56 -0300] "GET /cormun/servlet/licenciaspermisos?8fca699238ee10aae3292988bd9cca3d5ddf8a52cddae86b40c6615ae7bcb00b32c1aaa57e6e7ffe7af2f93ea599216c,gx-no-cache=1489582896668 HTTP/1.1" 200 61
200.111.191.210 - - [15/Mar/2017:09:01:56 -0300] "POST /cormun/servlet/licenciaspermisos?0e0c8a2b801b61b9181fd04f4d1e8968,INS,0,,,,gx-no-cache=1489582896750 HTTP/1.1" 200 4397
192.168.10.89 - - [15/Mar/2017:09:02:02 -0300] "POST /cormun/servlet/hlogin?5bfbbb08af1fb920948b15bfd969b537,gx-no-cache=1489582604479 HTTP/1.1" 200 90
192.168.10.89 - - [15/Mar/2017:09:02:02 -0300] "GET /cormun/servlet/hpexe_link HTTP/1.1" 200 962
192.168.10.89 - - [15/Mar/2017:09:02:02 -0300] "GET /cormun/servlet/trsolicitudgral? HTTP/1.1" 200 12556
192.168.10.89 - - [15/Mar/2017:09:02:09 -0300] "POST /cormun/servlet/trsolicitudgral?5bfbbb08af1fb920948b15bfd969b537,,gx-no-cache=1489582611123 HTTP/1.1" 200 7492
192.168.10.89 - - [15/Mar/2017:09:02:19 -0300] "POST /cormun/servlet/trsolicitudgral?5bfbbb08af1fb920948b15bfd969b537,,gx-no-cache=1489582619656 HTTP/1.1" 200 22558
192.168.10.89 - - [15/Mar/2017:09:02:28 -0300] "POST /cormun/servlet/trsolicitudgral?5bfbbb08af1fb920948b15bfd969b537,,gx-no-cache=1489582630845 HTTP/1.1" 200 6715
186.79.176.150 - - [15/Mar/2017:09:02:52 -0300] "GET /cormun/servlet/alicenciaprn?9886842,L,20170315000000,PU HTTP/1.1" 200 1530
186.103.159.182 - - [15/Mar/2017:09:02:57 -0300] "GET /cormun/servlet/trsolicitudot? HTTP/1.1" 200 9335
186.103.159.182 - - [15/Mar/2017:09:02:59 -0300] "GET /cormun/servlet/trsolicitudot? HTTP/1.1" 200 9335
186.103.159.182 - - [15/Mar/2017:09:03:03 -0300] "GET /cormun/servlet/solicitudot?INS,0,0, HTTP/1.1" 200 12825
186.103.159.182 - - [15/Mar/2017:09:03:04 -0300] "GET /cormun/servlet/solicitudot?INS,0,0, HTTP/1.1" 200 12830
192.168.10.89 - - [15/Mar/2017:09:03:07 -0300] "GET /cormun/servlet/solicitudgral3?UPD,2017,4892, HTTP/1.1" 200 13050
192.168.10.89 - - [15/Mar/2017:09:03:07 -0300] "GET /cormun/static/solicitudgral3.js?20171131357469 HTTP/1.1" 304 -
192.168.10.89 - - [15/Mar/2017:09:03:08 -0300] "POST /cormun/servlet/solicitudgral3?gx-no-cache=1489582670842 HTTP/1.1" 200 3368
192.168.10.89 - - [15/Mar/2017:09:03:08 -0300] "GET /cormun/servlet/solicitudgral3?8f7822056509103d9293c1c949afd3640f555bd9606e5e533cfd9babd470d50628179e0d2b8084771a1a633282d83fce4a7ba3f7d06166f92f6ff6506ab70acf32c2f6d12285553d55330be884e55c9ac52d4c69eac1906ee663cd5fe4ede8a6cfea3e586019963164396166f202ec36da57188686be0dfba17ba7e3df21dd3e8763b1400c3b801ad2a929cfe9ad1210a6168bd73582afcb15a4b8d46003a109d3e78d62244f248c6050c97ae3c19a500787030f04bb28cba714d2d169127b0599c5213213eb30aa9b899f3868ebfa8efa0ac5f75adc534f6f60f208621c1bd3377e59a94996e77bc0a095f6a3e06c33c11bf422d561eb431f30bda34b773bf6634c12a22d7c6743ef61ebe0b1ca02409358a00239cdb0e7696914aea8a9ef8108f2cd4218fae66be6366ae28630a6e4345d33bcf8cce3befd65e6d2ec419b96cbac42ee903f29cfb5da96b04edbdc1a,gx-no-cache=1489582671117 HTTP/1.1" 200 242
192.168.10.89 - - [15/Mar/2017:09:03:09 -0300] "POST /cormun/servlet/solicitudgral3?gx-no-cache=1489582671148 HTTP/1.1" 200 1356
192.168.10.89 - - [15/Mar/2017:09:03:09 -0300] "GET /cormun/servlet/solicitudgral3?8f7822056509103d9293c1c949afd3649ee84cfd255009716dfef7f4c58db5142d8cce5177f4c2d7e8b0bbc97a5a10374a7ba3f7d06166f92f6ff6506ab70acfd038104ff39170712fdbbe43a5699138df7b5c373417a8c573c6c550a4535459209251beb55ffc3acde02ae9a42f203124011c2a21bc86373e14bedaf703b8b7,gx-no-cache=1489582671289 HTTP/1.1" 200 41
192.168.10.89 - - [15/Mar/2017:09:03:12 -0300] "POST /cormun/servlet/solicitudgral3?5bfbbb08af1fb920948b15bfd969b537,UPD,2017,4892,,gx-no-cache=1489582674394 HTTP/1.1" 200 11031
192.168.10.89 - - [15/Mar/2017:09:03:12 -0300] "GET /cormun/servlet/solicitudgral3?8f7822056509103d9293c1c949afd364d8dd39647bd21fff6457c77224e0d1ca345b2acb130137ba5c4689468a06daf7954ca09c23902bc23949f2ec87dd5b5b7729c3e8daf3c8cdee4e8bfe70249b523cdb80d048abbed7cfa01261144bc240f86bf0cba8e3155fd1cb40b959c33ac0,gx-no-cache=1489582674998 HTTP/1.1" 200 29
192.168.10.89 - - [15/Mar/2017:09:03:12 -0300] "POST /cormun/servlet/solicitudgral3?gx-no-cache=1489582675029 HTTP/1.1" 200 1250
192.168.10.89 - - [15/Mar/2017:09:03:12 -0300] "POST /cormun/servlet/solicitudgral3?gx-no-cache=1489582675074 HTTP/1.1" 200 1154
186.103.159.182 - - [15/Mar/2017:09:03:15 -0300] "GET /cormun/servlet/prfichaempleado?,MD,,gxPopupLevel%3D0%3B HTTP/1.1" 200 8897
192.168.10.89 - - [15/Mar/2017:09:03:16 -0300] "GET /cormun/servlet/solicitudgral3?8f7822056509103d9293c1c949afd36451ea5260c231f499109ef346c80281e0b921a762753d136a11caa438fbe46ba296cb6f8d5e40739cce3e157cb0304073345d33bcf8cce3befd65e6d2ec419b9624d6642675cf68fdee647790b883d043c07086d176cbaa0fa385dc88e191ca7cb07535fd9c959c1649f892b071fa88958e390b17bb42c43cd5df7d2a24a4b341,gx-no-cache=1489582679035 HTTP/1.1" 200 30
192.168.10.89 - - [15/Mar/2017:09:03:17 -0300] "POST /cormun/servlet/solicitudgral3?5bfbbb08af1fb920948b15bfd969b537,UPD,2017,4892,,gx-no-cache=1489582679061 HTTP/1.1" 200 93
192.168.10.89 - - [15/Mar/2017:09:03:17 -0300] "GET /cormun/servlet/hpexe_return? HTTP/1.1" 200 1015
192.168.10.89 - - [15/Mar/2017:09:03:17 -0300] "GET /cormun/servlet/trsolicitudgral? HTTP/1.1" 200 10005
186.103.159.204 - - [15/Mar/2017:09:03:21 -0300] "GET /cormun/servlet/hlogin HTTP/1.1" 200 1740
192.168.10.89 - - [15/Mar/2017:09:03:26 -0300] "POST /cormun/servlet/trsolicitudgral?5bfbbb08af1fb920948b15bfd969b537,,gx-no-cache=1489582687532 HTTP/1.1" 200 22143
192.168.10.89 - - [15/Mar/2017:09:03:33 -0300] "POST /cormun/servlet/trsolicitudgral?5bfbbb08af1fb920948b15bfd969b537,,gx-no-cache=1489582695386 HTTP/1.1" 200 5410
192.168.10.89 - - [15/Mar/2017:09:03:58 -0300] "POST /cormun/servlet/trsolicitudgral?5bfbbb08af1fb920948b15bfd969b537,,gx-no-cache=1489582718295 HTTP/1.1" 200 22558
192.168.10.89 - - [15/Mar/2017:09:04:07 -0300] "POST /cormun/servlet/trsolicitudgral?5bfbbb08af1fb920948b15bfd969b537,,gx-no-cache=1489582729281 HTTP/1.1" 200 6718
192.168.10.89 - - [15/Mar/2017:09:04:09 -0300] "POST /cormun/servlet/trsolicitudgral?5bfbbb08af1fb920948b15bfd969b537,,gx-no-cache=1489582731956 HTTP/1.1" 200 5622
186.103.159.182 - - [15/Mar/2017:09:04:10 -0300] "POST /cormun/servlet/prfichaempleado?58a36192f654e1ea42d1d88af5dfed74,,MD,,gxPopupLevel%3D0%3B,gx-no-cache=1489579518411 HTTP/1.1" 200 3400
192.168.10.89 - - [15/Mar/2017:09:04:10 -0300] "GET /cormun/static/Shared/jqueryui/images/ui-icons_8d78a5_256x240.png HTTP/1.1" 404 1089
192.168.10.89 - - [15/Mar/2017:09:04:10 -0300] "GET /cormun/static/Shared/jqueryui/images/ui-bg_flat_55_fafafa_40x100.png HTTP/1.1" 404 1097
192.168.10.89 - - [15/Mar/2017:09:04:10 -0300] "GET /cormun/static/Shared/jqueryui/images/ui-icons_82798d_256x240.png HTTP/1.1" 404 1089
192.168.10.89 - - [15/Mar/2017:09:04:10 -0300] "GET /cormun/static/Shared/jqueryui/images/ui-bg_highlight-soft_100_c6c2c8_1x100.png HTTP/1.1" 404 1117
200.111.191.210 - - [15/Mar/2017:09:04:25 -0300] "GET /cormun/servlet/licenciaspermisos?8fca699238ee10aae3292988bd9cca3db28a8fe09982c275af4ba4d86ecb113c8661aa2e6fd17b7c5c04b64de2f9d6e8db6a23fe5554e62f8f067a951d525126025473f58f7f57a2ac371280b17ddee2230baf75e03331125e6176ba53278fdee0c9a8b62e8373c15d9bcb932aa94f513b5a4d4b441e573f77fbaa8f94fc36260e5336f0afe03d9e18395df1e802afa6f7c92e18322714d27c9f3d1fbb0a9d6c50f85438d32e5beedf9914fd6452b764,gx-no-cache=1489583045772 HTTP/1.1" 200 30
200.111.191.210 - - [15/Mar/2017:09:04:25 -0300] "GET /cormun/servlet/licenciaspermisos?8fca699238ee10aae3292988bd9cca3db5b6f31e16ea43de2554a92aa207663e147b1fc94552ee59d207199844d0a067ac59af11ec3abf4738a0cee2f1da412807dc32ec94f9700161284becc45b71a7113aa360e9b4889ca3044c93be652c6f4b25764b13f08ba9579e2a852dfcb064ae1493d47e8c838595a4a18613eff08e4a456f72b73f63ed411d8cb7bd405f782846a77914ec188c74088192f1230e42b04aba614f66dbfd1a327b6c22da9bfb,gx-no-cache=1489583045878 HTTP/1.1" 200 29
200.111.191.210 - - [15/Mar/2017:09:04:25 -0300] "POST /cormun/servlet/licenciaspermisos?0e0c8a2b801b61b9181fd04f4d1e8968,INS,0,,,,gx-no-cache=1489583045935 HTTP/1.1" 500 10
186.103.159.182 - - [15/Mar/2017:09:04:32 -0300] "POST /cormun/servlet/solicitudot?gx-no-cache=1489579541061 HTTP/1.1" 200 3189
186.103.159.182 - - [15/Mar/2017:09:04:33 -0300] "POST /cormun/servlet/solicitudot?58a36192f654e1ea42d1d88af5dfed74,INS,0,0,,gx-no-cache=1489579541399 HTTP/1.1" 200 9953
186.103.159.182 - - [15/Mar/2017:09:04:33 -0300] "GET /cormun/servlet/solicitudot?5b7f5d6297e059a87d57e6acb07d5d572653debb00c7fe6d782f33472ca8e2221afaec53acf32b543c4e5257f589e711,gx-no-cache=1489579541873 HTTP/1.1" 200 30
186.103.159.182 - - [15/Mar/2017:09:04:33 -0300] "POST /cormun/servlet/solicitudot?gx-no-cache=1489579541997 HTTP/1.1" 200 256
186.103.159.182 - - [15/Mar/2017:09:04:34 -0300] "GET /cormun/servlet/solicitudot?5b7f5d6297e059a87d57e6acb07d5d576c26cf7f4c29fb73ee113ecffd6bd022e594600b79d9dc1a66b47ab77dae93bdf9ceded85d4457641aa2b07a8e4c6306a222e5e2c3a37d1e0bc954c21f350644222397edd48f387c886fc49db9212599798ce1d814f1f5d157fba9ab5eac67508854cc9891ab3cbed18aa270858d555d6eb9c4256ba387acf0611aa50c56f9108523ce87429815e3dc0897e4d91141feaf320954b9db2778432d403ee121bdc5beb71a918d907dfce5b0f9e9a9f6942b419ddf3142418f088eae53da32a289a485a26deda4d18b776785c3a4c153184cd80ae979791cb59d4fd338590bff6971e22957c0c612a5a35b4c73e64491c6cd7e2b817d56d5932725edd60048d036a763e84e8ba03de8b38be48e414b13231716a5ff5e2327825020fefdad233a3a73f4fddfb07e7e8c32732b15a59e216770a28ba092e9a4ed47042ed5a8fc16dfaa40dfa93d3745f176c0846c98e970ba5aea27e2e15c98ec195554db5b90431fccbe999d20ee92b22a99bd83a7041fe4ac,gx-no-cache=1489579542088 HTTP/1.1" 200 30
200.111.191.210 - - [15/Mar/2017:09:04:36 -0300] "GET /cormun/servlet/trlicencias? HTTP/1.1" 200 6571
200.111.191.210 - - [15/Mar/2017:09:04:36 -0300] "GET /cormun/servlet/trlicencias? HTTP/1.1" 200 6570
200.111.191.210 - - [15/Mar/2017:09:04:39 -0300] "POST /cormun/servlet/trlicencias?0e0c8a2b801b61b9181fd04f4d1e8968,,gx-no-cache=1489583059761 HTTP/1.1" 200 3907
200.111.191.210 - - [15/Mar/2017:09:04:42 -0300] "POST /cormun/servlet/trlicencias?0e0c8a2b801b61b9181fd04f4d1e8968,,gx-no-cache=1489583062135 HTTP/1.1" 200 3909
200.111.191.210 - - [15/Mar/2017:09:04:47 -0300] "GET /cormun/static/menuarrow.gif HTTP/1.1" 404 1015
200.111.191.210 - - [15/Mar/2017:09:04:57 -0300] "POST /cormun/servlet/trlicencias?0e0c8a2b801b61b9181fd04f4d1e8968,,gx-no-cache=1489583076780 HTTP/1.1" 200 3899
200.111.191.210 - - [15/Mar/2017:09:05:04 -0300] "POST /cormun/servlet/trlicencias?0e0c8a2b801b61b9181fd04f4d1e8968,,gx-no-cache=1489583084831 HTTP/1.1" 200 3899
200.111.191.210 - - [15/Mar/2017:09:05:06 -0300] "GET /cormun/servlet/licenciaspermisos?INS,0,,, HTTP/1.1" 200 7082
200.111.191.210 - - [15/Mar/2017:09:05:07 -0300] "GET /cormun/servlet/licenciaspermisos?INS,0,,, HTTP/1.1" 200 7081
200.111.191.210 - - [15/Mar/2017:09:05:17 -0300] "GET /cormun/servlet/prfichaempleado?,MD,,gxPopupLevel%3D0%3B HTTP/1.1" 200 8781
200.111.191.210 - - [15/Mar/2017:09:05:22 -0300] "POST /cormun/servlet/prfichaempleado?0e0c8a2b801b61b9181fd04f4d1e8968,,MD,,gxPopupLevel%3D0%3B,gx-no-cache=1489583102789 HTTP/1.1" 200 3576
192.168.10.89 - - [15/Mar/2017:09:05:25 -0300] "POST /cormun/servlet/trsolicitudgral?5bfbbb08af1fb920948b15bfd969b537,,gx-no-cache=1489582805355 HTTP/1.1" 200 22558
200.111.191.210 - - [15/Mar/2017:09:05:26 -0300] "GET /cormun/servlet/licenciaspermisos?8fca699238ee10aae3292988bd9cca3d5ddf8a52cddae86b40c6615ae7bcb00b32c1aaa57e6e7ffe7af2f93ea599216c,gx-no-cache=1489583106915 HTTP/1.1" 200 61
200.111.191.210 - - [15/Mar/2017:09:05:26 -0300] "POST /cormun/servlet/licenciaspermisos?0e0c8a2b801b61b9181fd04f4d1e8968,INS,0,,,,gx-no-cache=1489583106968 HTTP/1.1" 200 4397
186.103.159.182 - - [15/Mar/2017:09:06:54 -0300] "POST /cormun/servlet/solicitudot?gx-no-cache=1489579682386 HTTP/1.1" 200 30
186.103.159.182 - - [15/Mar/2017:09:06:57 -0300] "POST /cormun/servlet/solicitudot?gx-no-cache=1489579686134 HTTP/1.1" 200 1292
186.103.159.182 - - [15/Mar/2017:09:06:58 -0300] "POST /cormun/servlet/solicitudot?gx-no-cache=1489579686261 HTTP/1.1" 200 38
186.103.159.182 - - [15/Mar/2017:09:07:14 -0300] "GET /cormun/servlet/solicitudot?5b7f5d6297e059a87d57e6acb07d5d57b9c40854f03656a6fd1cb18e30779a8de5d545ab0afaa84f285ff18d83a4c04410b6e40ab65af2c5750933066339abf7646be67aaa90ba199b6e1a79ce35ffc32f559e097e425963867dcf8723f4fc0b8381f3855c3bbfe7c337b8f4ea60f35a,gx-no-cache=1489579702576 HTTP/1.1" 200 29
186.103.159.182 - - [15/Mar/2017:09:07:14 -0300] "POST /cormun/servlet/solicitudot?gx-no-cache=1489579702660 HTTP/1.1" 200 1275
186.103.159.182 - - [15/Mar/2017:09:07:14 -0300] "POST /cormun/servlet/solicitudot?gx-no-cache=1489579702829 HTTP/1.1" 200 1157
186.103.159.182 - - [15/Mar/2017:09:07:14 -0300] "GET /cormun/static/menuarrow.gif HTTP/1.1" 404 1015
186.103.159.182 - - [15/Mar/2017:09:07:15 -0300] "POST /cormun/servlet/solicitudot?gx-no-cache=1489579704225 HTTP/1.1" 200 1275
186.103.159.182 - - [15/Mar/2017:09:07:15 -0300] "POST /cormun/servlet/solicitudot?gx-no-cache=1489579704318 HTTP/1.1" 200 1157
186.103.159.182 - - [15/Mar/2017:09:07:24 -0300] "GET /cormun/servlet/solicitudot?5b7f5d6297e059a87d57e6acb07d5d578c880fd1abe34b39d29f6270c3511d87fae6851659ef327d35cf3920b33e0361b6f2f2159aefb21c5bb82315ccb948edc9653792a6dedce423b71f46bb757a4f08596da5e29779bd8d29e0837241c5836263ee1644a6c4ae301e6fa427361c63631364bb9edf9dcb557880fcf8195c59601d8916fe56fb61928416e2033319338a497bd4d507fd5f2c42640604071f2ce9eefa0507194977108b42ee5bb26ae3,gx-no-cache=1489579712949 HTTP/1.1" 200 30
186.103.159.182 - - [15/Mar/2017:09:07:37 -0300] "POST /cormun/servlet/solicitudot?58a36192f654e1ea42d1d88af5dfed74,INS,0,0,,gx-no-cache=1489579725214 HTTP/1.1" 200 93
186.103.159.182 - - [15/Mar/2017:09:07:37 -0300] "GET /cormun/servlet/hpexe_return? HTTP/1.1" 200 1008
186.103.159.182 - - [15/Mar/2017:09:07:37 -0300] "GET /cormun/servlet/trsolicitudot HTTP/1.1" 200 9704
186.79.98.242 - - [15/Mar/2017:09:07:39 -0300] "GET /cormun/servlet/hlogin HTTP/1.1" 200 1718
186.103.159.182 - - [15/Mar/2017:09:07:39 -0300] "GET /cormun/servlet/trsolicitudot HTTP/1.1" 200 9700
186.103.159.182 - - [15/Mar/2017:09:07:48 -0300] "GET /cormun/servlet/solicitudot?INS,0,0, HTTP/1.1" 200 12827
186.103.159.182 - - [15/Mar/2017:09:07:49 -0300] "GET /cormun/servlet/solicitudot?INS,0,0, HTTP/1.1" 200 12831
186.79.98.242 - - [15/Mar/2017:09:07:53 -0300] "POST /cormun/servlet/hlogin?27f1ba43f73037a7f335c6185890b91b,gx-no-cache=1489579741988 HTTP/1.1" 200 422
186.79.98.242 - - [15/Mar/2017:09:07:59 -0300] "POST /cormun/servlet/hlogin?27f1ba43f73037a7f335c6185890b91b,gx-no-cache=1489579747687 HTTP/1.1" 200 422
186.103.159.182 - - [15/Mar/2017:09:08:02 -0300] "GET /cormun/servlet/prfichaempleado?,MD,,gxPopupLevel%3D0%3B HTTP/1.1" 200 8897
186.103.159.182 - - [15/Mar/2017:09:08:14 -0300] "POST /cormun/servlet/prfichaempleado?58a36192f654e1ea42d1d88af5dfed74,,MD,,gxPopupLevel%3D0%3B,gx-no-cache=1489579761878 HTTP/1.1" 200 3390
186.79.98.242 - - [15/Mar/2017:09:08:21 -0300] "POST /cormun/servlet/hlogin?27f1ba43f73037a7f335c6185890b91b,gx-no-cache=1489579770318 HTTP/1.1" 200 422
186.103.159.182 - - [15/Mar/2017:09:08:32 -0300] "POST /cormun/servlet/solicitudot?gx-no-cache=1489579780715 HTTP/1.1" 200 3176
186.103.159.182 - - [15/Mar/2017:09:08:33 -0300] "POST /cormun/servlet/solicitudot?58a36192f654e1ea42d1d88af5dfed74,INS,0,0,,gx-no-cache=1489579781102 HTTP/1.1" 200 9981
186.103.159.182 - - [15/Mar/2017:09:08:33 -0300] "GET /cormun/servlet/solicitudot?5b7f5d6297e059a87d57e6acb07d5d57bc2a924bc619b7ccff0061a0552b52c31afaec53acf32b543c4e5257f589e711,gx-no-cache=1489579781714 HTTP/1.1" 200 30
186.103.159.182 - - [15/Mar/2017:09:08:33 -0300] "POST /cormun/servlet/solicitudot?gx-no-cache=1489579781835 HTTP/1.1" 200 297
186.103.159.182 - - [15/Mar/2017:09:08:33 -0300] "GET /cormun/servlet/solicitudot?5b7f5d6297e059a87d57e6acb07d5d576c26cf7f4c29fb73ee113ecffd6bd022495fa7941378d3bebc8cd9431527ab95f9ceded85d4457641aa2b07a8e4c6306a222e5e2c3a37d1e0bc954c21f350644222397edd48f387c886fc49db9212599798ce1d814f1f5d157fba9ab5eac67508854cc9891ab3cbed18aa270858d555d6eb9c4256ba387acf0611aa50c56f9108523ce87429815e3dc0897e4d91141feaf320954b9db2778432d403ee121bdc5beb71a918d907dfce5b0f9e9a9f6942b419ddf3142418f088eae53da32a289a485a26deda4d18b776785c3a4c153184cd80ae979791cb59d4fd338590bff6971e22957c0c612a5a35b4c73e64491c6cd7e2b817d56d5932725edd60048d036a763e84e8ba03de8b38be48e414b13231716a5ff5e2327825020fefdad233a3a73f4fddfb07e7e8c32732b15a59e216770d7259e248b1793cf812dd6f5c5f1eafe8dd2dbb8d17624753ccb4bd90147c9a67090d611ba0e99aa4fcb61e44281ebaac572749dc044ba9ae10ff79bddf9096fd23ae69eca0cb63218ad99388710a033,gx-no-cache=1489579781985 HTTP/1.1" 200 30
186.103.159.182 - - [15/Mar/2017:09:08:41 -0300] "POST /cormun/servlet/solicitudot?gx-no-cache=1489579789658 HTTP/1.1" 200 30
186.103.159.182 - - [15/Mar/2017:09:08:45 -0300] "POST /cormun/servlet/solicitudot?gx-no-cache=1489579793469 HTTP/1.1" 200 1291
186.103.159.182 - - [15/Mar/2017:09:08:45 -0300] "POST /cormun/servlet/solicitudot?gx-no-cache=1489579793578 HTTP/1.1" 200 38
186.79.98.242 - - [15/Mar/2017:09:08:47 -0300] "POST /cormun/servlet/hlogin?27f1ba43f73037a7f335c6185890b91b,gx-no-cache=1489579795798 HTTP/1.1" 200 422
186.103.159.182 - - [15/Mar/2017:09:08:53 -0300] "GET /cormun/servlet/solicitudot?5b7f5d6297e059a87d57e6acb07d5d57b9c40854f03656a6fd1cb18e30779a8de5d545ab0afaa84f285ff18d83a4c04410b6e40ab65af2c5750933066339abf7646be67aaa90ba199b6e1a79ce35ffc32f559e097e425963867dcf8723f4fc0b8381f3855c3bbfe7c337b8f4ea60f35a,gx-no-cache=1489579802281 HTTP/1.1" 200 29
186.103.159.182 - - [15/Mar/2017:09:08:53 -0300] "POST /cormun/servlet/solicitudot?gx-no-cache=1489579802362 HTTP/1.1" 200 1275
186.103.159.182 - - [15/Mar/2017:09:08:54 -0300] "POST /cormun/servlet/solicitudot?gx-no-cache=1489579802479 HTTP/1.1" 200 1157
186.79.98.242 - - [15/Mar/2017:09:08:54 -0300] "POST /cormun/servlet/hlogin?27f1ba43f73037a7f335c6185890b91b,gx-no-cache=1489579802927 HTTP/1.1" 200 422
186.103.159.182 - - [15/Mar/2017:09:08:54 -0300] "GET /cormun/static/menuarrow.gif HTTP/1.1" 404 1015
186.103.159.182 - - [15/Mar/2017:09:08:58 -0300] "POST /cormun/servlet/solicitudot?gx-no-cache=1489579806850 HTTP/1.1" 200 1275
186.103.159.182 - - [15/Mar/2017:09:08:58 -0300] "POST /cormun/servlet/solicitudot?gx-no-cache=1489579806972 HTTP/1.1" 200 1157
186.103.159.182 - - [15/Mar/2017:09:09:07 -0300] "GET /cormun/servlet/solicitudot?5b7f5d6297e059a87d57e6acb07d5d573b067a985539327eb7a871bc028b998d3e0c145eb1cc8a8f4c69c8d118aa0bf3b6f2f2159aefb21c5bb82315ccb948edc9653792a6dedce423b71f46bb757a4f08596da5e29779bd8d29e0837241c5836263ee1644a6c4ae301e6fa427361c63631364bb9edf9dcb557880fcf8195c59601d8916fe56fb61928416e2033319338a497bd4d507fd5f2c42640604071f2ce9eefa0507194977108b42ee5bb26ae3,gx-no-cache=1489579816429 HTTP/1.1" 200 30
186.79.98.242 - - [15/Mar/2017:09:09:08 -0300] "POST /cormun/servlet/hlogin?27f1ba43f73037a7f335c6185890b91b,gx-no-cache=1489579817358 HTTP/1.1" 200 424
186.79.98.242 - - [15/Mar/2017:09:09:14 -0300] "POST /cormun/servlet/hlogin?27f1ba43f73037a7f335c6185890b91b,gx-no-cache=1489579822436 HTTP/1.1" 200 424
186.103.159.182 - - [15/Mar/2017:09:09:20 -0300] "POST /cormun/servlet/solicitudot?58a36192f654e1ea42d1d88af5dfed74,INS,0,0,,gx-no-cache=1489579828360 HTTP/1.1" 200 93
186.103.159.182 - - [15/Mar/2017:09:09:20 -0300] "GET /cormun/servlet/hpexe_return? HTTP/1.1" 200 1008
186.103.159.182 - - [15/Mar/2017:09:09:20 -0300] "GET /cormun/servlet/trsolicitudot HTTP/1.1" 200 10046
186.79.98.242 - - [15/Mar/2017:09:09:21 -0300] "POST /cormun/servlet/hlogin?27f1ba43f73037a7f335c6185890b91b,gx-no-cache=1489579829986 HTTP/1.1" 200 424
186.103.159.182 - - [15/Mar/2017:09:09:22 -0300] "GET /cormun/servlet/trsolicitudot HTTP/1.1" 200 10041
186.103.159.182 - - [15/Mar/2017:09:09:26 -0300] "GET /cormun/servlet/solicitudot?INS,0,0, HTTP/1.1" 200 12827
186.79.98.242 - - [15/Mar/2017:09:09:27 -0300] "POST /cormun/servlet/hlogin?27f1ba43f73037a7f335c6185890b91b,gx-no-cache=1489579835646 HTTP/1.1" 200 424
186.103.159.182 - - [15/Mar/2017:09:09:28 -0300] "GET /cormun/servlet/solicitudot?INS,0,0, HTTP/1.1" 200 12832
186.79.98.242 - - [15/Mar/2017:09:09:32 -0300] "POST /cormun/servlet/hlogin?27f1ba43f73037a7f335c6185890b91b,gx-no-cache=1489579840768 HTTP/1.1" 200 424
186.103.159.182 - - [15/Mar/2017:09:09:38 -0300] "GET /cormun/servlet/prfichaempleado?,MD,,gxPopupLevel%3D0%3B HTTP/1.1" 200 8897
200.111.191.210 - - [15/Mar/2017:09:09:41 -0300] "GET /cormun/servlet/licenciaspermisos?8fca699238ee10aae3292988bd9cca3db28a8fe09982c275af4ba4d86ecb113c8661aa2e6fd17b7c5c04b64de2f9d6e8db6a23fe5554e62f8f067a951d525126025473f58f7f57a2ac371280b17ddee2230baf75e03331125e6176ba53278fdee0c9a8b62e8373c15d9bcb932aa94f513b5a4d4b441e573f77fbaa8f94fc36260e5336f0afe03d9e18395df1e802afa6f7c92e18322714d27c9f3d1fbb0a9d6c50f85438d32e5beedf9914fd6452b764,gx-no-cache=1489583361791 HTTP/1.1" 200 30
200.111.191.210 - - [15/Mar/2017:09:09:41 -0300] "GET /cormun/servlet/licenciaspermisos?8fca699238ee10aae3292988bd9cca3db5b6f31e16ea43de2554a92aa207663e147b1fc94552ee59d207199844d0a067ac59af11ec3abf4738a0cee2f1da412807dc32ec94f9700161284becc45b71a7113aa360e9b4889ca3044c93be652c6f4b25764b13f08ba9579e2a852dfcb064ae1493d47e8c838595a4a18613eff08e4a456f72b73f63ed411d8cb7bd405f782846a77914ec188c74088192f1230e42b04aba614f66dbfd1a327b6c22da9bfb,gx-no-cache=1489583361911 HTTP/1.1" 200 29
200.111.191.210 - - [15/Mar/2017:09:09:41 -0300] "POST /cormun/servlet/licenciaspermisos?0e0c8a2b801b61b9181fd04f4d1e8968,INS,0,,,,gx-no-cache=1489583361944 HTTP/1.1" 500 10
46.174.191.32 - - [15/Mar/2017:09:09:56 -0300] "GET / HTTP/1.0" 200 11197
186.103.159.182 - - [15/Mar/2017:09:09:58 -0300] "POST /cormun/servlet/prfichaempleado?58a36192f654e1ea42d1d88af5dfed74,,MD,,gxPopupLevel%3D0%3B,gx-no-cache=1489579866461 HTTP/1.1" 200 3511
200.111.191.210 - - [15/Mar/2017:09:10:28 -0300] "GET /cormun/servlet/trsolicitudot? HTTP/1.1" 200 7359
200.111.191.210 - - [15/Mar/2017:09:10:28 -0300] "GET /cormun/servlet/hlogin HTTP/1.1" 200 1736
200.111.191.210 - - [15/Mar/2017:09:10:28 -0300] "GET /cormun/servlet/trsolicitudot? HTTP/1.1" 200 7370
200.111.191.210 - - [15/Mar/2017:09:10:37 -0300] "POST /cormun/servlet/hlogin?d4e3838f121835af40977f18f315b4e1,gx-no-cache=1489583418014 HTTP/1.1" 200 90
200.111.191.210 - - [15/Mar/2017:09:10:37 -0300] "GET /cormun/servlet/hpexe_link HTTP/1.1" 200 959
200.111.191.210 - - [15/Mar/2017:09:10:38 -0300] "GET /cormun/servlet/trsolicitudot HTTP/1.1" 200 6484
200.111.191.210 - - [15/Mar/2017:09:10:38 -0300] "GET /cormun/servlet/trsolicitudot HTTP/1.1" 200 6483
200.111.191.210 - - [15/Mar/2017:09:10:40 -0300] "GET /cormun/servlet/solicitudot?INS,0,0, HTTP/1.1" 200 12519
200.111.191.210 - - [15/Mar/2017:09:10:41 -0300] "GET /cormun/servlet/solicitudot?INS,0,0, HTTP/1.1" 200 12524
200.111.191.210 - - [15/Mar/2017:09:10:43 -0300] "GET /cormun/servlet/trlicencias? HTTP/1.1" 200 6570
186.79.19.30 - - [15/Mar/2017:09:10:44 -0300] "POST /cormun/servlet/trlicencias?a63e01a33f3f5a01a45193c820231aea,,gx-no-cache=1489583513101 HTTP/1.1" 200 4065
200.111.191.210 - - [15/Mar/2017:09:10:44 -0300] "GET /cormun/servlet/trlicencias? HTTP/1.1" 200 6565
186.79.19.30 - - [15/Mar/2017:09:10:44 -0300] "GET /cormun/static/Shared/jqueryui/images/ui-bg_highlight-soft_100_c6c2c8_1x100.png HTTP/1.1" 404 1117
186.79.19.30 - - [15/Mar/2017:09:10:44 -0300] "GET /cormun/static/Shared/jqueryui/images/ui-icons_82798d_256x240.png HTTP/1.1" 404 1089
186.79.19.30 - - [15/Mar/2017:09:10:44 -0300] "GET /cormun/static/Shared/jqueryui/images/ui-bg_flat_55_fafafa_40x100.png HTTP/1.1" 404 1097
186.79.19.30 - - [15/Mar/2017:09:10:44 -0300] "GET /cormun/static/Shared/jqueryui/images/ui-icons_8d78a5_256x240.png HTTP/1.1" 404 1089
200.111.191.210 - - [15/Mar/2017:09:10:46 -0300] "GET /cormun/servlet/licenciaspermisos?INS,0,,, HTTP/1.1" 200 7075
200.111.191.210 - - [15/Mar/2017:09:10:46 -0300] "GET /cormun/servlet/licenciaspermisos?INS,0,,, HTTP/1.1" 200 7074
200.111.191.210 - - [15/Mar/2017:09:10:55 -0300] "GET /cormun/servlet/prfichaempleado?,MD,,gxPopupLevel%3D0%3B HTTP/1.1" 200 8777
186.79.98.242 - - [15/Mar/2017:09:11:03 -0300] "POST /cormun/servlet/hlogin?27f1ba43f73037a7f335c6185890b91b,gx-no-cache=1489579931382 HTTP/1.1" 200 424
200.111.191.210 - - [15/Mar/2017:09:11:08 -0300] "GET /cormun/servlet/licenciaspermisos?5a73c573c4da29c19253d0a50f797965c6f2d333e1473e589d5a0e0ade30af05913d290452511df681d9137db2b4a662,gx-no-cache=1489583448584 HTTP/1.1" 200 61
200.111.191.210 - - [15/Mar/2017:09:11:08 -0300] "POST /cormun/servlet/licenciaspermisos?d4e3838f121835af40977f18f315b4e1,INS,0,,,,gx-no-cache=1489583448613 HTTP/1.1" 200 4388
186.79.98.242 - - [15/Mar/2017:09:11:09 -0300] "POST /cormun/servlet/hlogin?27f1ba43f73037a7f335c6185890b91b,gx-no-cache=1489579938102 HTTP/1.1" 200 90
186.79.98.242 - - [15/Mar/2017:09:11:09 -0300] "GET /cormun/servlet/hpexe_link HTTP/1.1" 200 953
186.79.98.242 - - [15/Mar/2017:09:11:10 -0300] "GET /cormun/servlet/hhome HTTP/1.1" 200 3742
186.79.98.242 - - [15/Mar/2017:09:11:12 -0300] "GET /cormun/servlet/hhome HTTP/1.1" 200 3740
186.79.98.242 - - [15/Mar/2017:09:11:17 -0300] "GET /cormun/servlet/trsolicitudot? HTTP/1.1" 200 7983
186.79.98.242 - - [15/Mar/2017:09:11:19 -0300] "GET /cormun/servlet/trsolicitudot? HTTP/1.1" 200 7982
186.79.98.242 - - [15/Mar/2017:09:11:31 -0300] "POST /cormun/servlet/trsolicitudot?27f1ba43f73037a7f335c6185890b91b,,gx-no-cache=1489579959497 HTTP/1.1" 200 106
186.79.98.242 - - [15/Mar/2017:09:11:31 -0300] "GET /cormun/servlet/solicitudot?UPD,2017,5474, HTTP/1.1" 200 14186
186.79.98.242 - - [15/Mar/2017:09:11:33 -0300] "GET /cormun/servlet/solicitudot?UPD,2017,5474, HTTP/1.1" 200 14195
186.79.98.242 - - [15/Mar/2017:09:11:33 -0300] "POST /cormun/servlet/solicitudot?gx-no-cache=1489579962105 HTTP/1.1" 200 3146
186.79.98.242 - - [15/Mar/2017:09:11:34 -0300] "POST /cormun/servlet/solicitudot?27f1ba43f73037a7f335c6185890b91b,UPD,2017,5474,,gx-no-cache=1489579962585 HTTP/1.1" 200 10837
186.79.98.242 - - [15/Mar/2017:09:11:34 -0300] "GET /cormun/servlet/solicitudot?757a710b035fb73df00ff9f07b2c54235ad4c616d4dcf9e50c4f2062d454c17040f2ac2d51cf18cfecf739a2a7bd23fe,gx-no-cache=1489579963288 HTTP/1.1" 200 30
186.79.98.242 - - [15/Mar/2017:09:11:35 -0300] "POST /cormun/servlet/solicitudot?gx-no-cache=1489579963423 HTTP/1.1" 200 254
186.79.98.242 - - [15/Mar/2017:09:11:35 -0300] "GET /cormun/servlet/solicitudot?757a710b035fb73df00ff9f07b2c5423df8d14b06c587c949ea7406e65c963d5bb95d5763fe4fbba2219a0cce4da7ae1ce71ea4660b7b5a33c9d87e444445ab1be44c3346802af40d79f21e0aa4f5e3c15facc85ed56b3ab047cd583d2c0f4889220b1bbe65161b815ea401bb63c1a8b1ae017ccfdc7200f2fd4c891cd01568d91c2b4960acb65f9745ce6744f8e0654274c739c24bc9386f6b413027a49302d18bac155104f11db532725a7d8d0c6a708fa8b882277f0dad9026a1b484eae848cafc5e6b0a098fd5b52b38e8de91fc363a6caf68aec6c38fe323f30cb40a5ae6d3ffdbfaba3110f0ac12e0efee3fd5227c7b4fdae0acf175eb44d397006e96d5016c9ba3e4072b19214ceff6c2a8edec025812afb1c2dcbf232df4e8b093cfb93731e78936598807cb04e7e191332664908e4abe9c214c4afad0312c6f1ca83c24d80afb9d4f2786ce2e5e2dac2652769aaf2cc0b0c39e6d4e2b28590a197172f074559cb1231e7a3280040bc8d9ff3d5b6d84fa67f59efc26c90adc0bbe7bf,gx-no-cache=1489579963573 HTTP/1.1" 200 30
186.79.98.242 - - [15/Mar/2017:09:11:35 -0300] "POST /cormun/servlet/solicitudot?gx-no-cache=1489579963686 HTTP/1.1" 200 30
186.79.98.242 - - [15/Mar/2017:09:11:35 -0300] "POST /cormun/servlet/solicitudot?gx-no-cache=1489579963840 HTTP/1.1" 200 1287
186.79.98.242 - - [15/Mar/2017:09:11:35 -0300] "POST /cormun/servlet/solicitudot?gx-no-cache=1489579964097 HTTP/1.1" 200 41
186.103.159.182 - - [15/Mar/2017:09:11:47 -0300] "POST /cormun/servlet/solicitudot?gx-no-cache=1489579975739 HTTP/1.1" 200 3189
186.103.159.182 - - [15/Mar/2017:09:11:47 -0300] "POST /cormun/servlet/solicitudot?58a36192f654e1ea42d1d88af5dfed74,INS,0,0,,gx-no-cache=1489579976170 HTTP/1.1" 200 9988
186.103.159.182 - - [15/Mar/2017:09:11:48 -0300] "GET /cormun/servlet/solicitudot?5b7f5d6297e059a87d57e6acb07d5d578a13b021f361dafdd817ccda7a421bff1afaec53acf32b543c4e5257f589e711,gx-no-cache=1489579976531 HTTP/1.1" 200 30
200.111.191.210 - - [15/Mar/2017:09:12:00 -0300] "GET /cormun/servlet/licenciaspermisos?5a73c573c4da29c19253d0a50f79796541abbcb92bfcd2484efdb571afb4535643c3fb13471800cacc5ef6e6cb407d0f3ae0e7b4333b703d1d4c279caf1dd2ff6b1d43bd2df83278aad144c945d15b69a6ab213a2c4601d89a06317379ca355f13d070182b7576fe7a88b87e4ff0902b4dc0a931581cddc19281ebc6a582025ea2765666dcfe73c31b15a714a8f1fa7da43d7960df7ebe8bfbe7439d521a78869e27707dc9e4e963b0c465d29d584330,gx-no-cache=1489583500325 HTTP/1.1" 200 30
200.111.191.210 - - [15/Mar/2017:09:12:00 -0300] "GET /cormun/servlet/licenciaspermisos?5a73c573c4da29c19253d0a50f797965b9c21c3816051f63b3c5bba7b388f51e508feb0305a8797ec912f8af8bf8e4593a506c391ecf7aeca6a1139d849d169e4534a3202515c08acb1579cb9c8efb9b8449e6cf8226f0201a289e19d4e4b1c26288a1a27208f0246220c49f8e88dae88e04d5c8ca1a19152517a1df416488d91f28f8b6e8da9c57a3b39f1dc08428da761a449995a03451f20ab1193cbe1a1ab50e1acccdd8d5d8e735367e20252e82,gx-no-cache=1489583500388 HTTP/1.1" 200 29
200.111.191.210 - - [15/Mar/2017:09:12:00 -0300] "POST /cormun/servlet/licenciaspermisos?d4e3838f121835af40977f18f315b4e1,INS,0,,,,gx-no-cache=1489583500476 HTTP/1.1" 500 10
186.79.98.242 - - [15/Mar/2017:09:12:23 -0300] "GET /cormun/servlet/solicitudot?757a710b035fb73df00ff9f07b2c5423e0bd533c253d14ce679db55ae674863f26d3f701703bf81b1f6904738db66ebe60e6ddb05e20517f490a2e13eb5834fb4ceccaa173556ec06e0cfcfe56ce6e1e095e3d3f5174c1e5c6ee450e08e1f467ed6c16baff5ea63fdd30bc6b5230138d0b5cf0e8646666e7271f4ca70472d1eb6a5e150b2162eb840830ae9564d390f722a6c067bcc6d7414a20b490a46c99eb5ae6753954d17432d4164e667e2f5f7af32dd9f2986af596464465ef5221d5480f7bb020356eb192debc7754dabcc22c,gx-no-cache=1489580011787 HTTP/1.1" 200 29
186.79.98.242 - - [15/Mar/2017:09:12:24 -0300] "POST /cormun/servlet/solicitudot?gx-no-cache=1489580012135 HTTP/1.1" 200 1275
186.79.98.242 - - [15/Mar/2017:09:12:24 -0300] "POST /cormun/servlet/solicitudot?gx-no-cache=1489580012743 HTTP/1.1" 200 1156
186.79.98.242 - - [15/Mar/2017:09:12:24 -0300] "GET /cormun/servlet/solicitudot?757a710b035fb73df00ff9f07b2c542334ff926ede1d81097b5853a839beb097aec1854502adb752b6cb8e364a735f01e7ed6a904306333d69ce6ff06b7f141798c25c36bf81e0a19b2d0e52cf02901b2ecfad8940b33fa6b8aec33a655d5d5afc6b3c87623c3654e7572445801b8fbde75778ffd019566266bf6b5d4872dc679614ef54c6102ff66b551196b25ac63c62aceeeddb398f9baab3055cb8132201aa589891ea74860bb90615bde9e54392,gx-no-cache=1489580013039 HTTP/1.1" 200 30
186.79.98.242 - - [15/Mar/2017:09:12:25 -0300] "POST /cormun/servlet/solicitudot?27f1ba43f73037a7f335c6185890b91b,UPD,2017,5474,,gx-no-cache=1489580013196 HTTP/1.1" 200 93
186.79.98.242 - - [15/Mar/2017:09:12:25 -0300] "GET /cormun/servlet/hpexe_return? HTTP/1.1" 200 1012
186.79.98.242 - - [15/Mar/2017:09:12:25 -0300] "GET /cormun/servlet/trsolicitudot HTTP/1.1" 200 7986
186.79.98.242 - - [15/Mar/2017:09:12:27 -0300] "GET /cormun/servlet/trsolicitudot HTTP/1.1" 200 7982
186.79.98.242 - - [15/Mar/2017:09:12:35 -0300] "GET /cormun/servlet/solicitudot?INS,0,0, HTTP/1.1" 200 12533
186.79.98.242 - - [15/Mar/2017:09:12:37 -0300] "GET /cormun/servlet/solicitudot?INS,0,0, HTTP/1.1" 200 12538
192.168.10.89 - - [15/Mar/2017:09:12:40 -0300] "POST /cormun/servlet/trsolicitudgral?5bfbbb08af1fb920948b15bfd969b537,,gx-no-cache=1489583242109 HTTP/1.1" 200 6670
186.79.98.242 - - [15/Mar/2017:09:13:00 -0300] "POST /cormun/servlet/solicitudot?gx-no-cache=1489580048823 HTTP/1.1" 200 3161
186.79.98.242 - - [15/Mar/2017:09:13:01 -0300] "POST /cormun/servlet/solicitudot?27f1ba43f73037a7f335c6185890b91b,INS,0,0,,gx-no-cache=1489580049676 HTTP/1.1" 200 9763
186.79.98.242 - - [15/Mar/2017:09:13:07 -0300] "GET /cormun/servlet/solicitudot?757a710b035fb73df00ff9f07b2c5423a8a8dbc38c0e217b576686a4db3d4f77588a6a97a6debcebab0aee6e3cb72972,gx-no-cache=1489580056115 HTTP/1.1" 200 30
186.79.98.242 - - [15/Mar/2017:09:13:07 -0300] "POST /cormun/servlet/solicitudot?gx-no-cache=1489580056304 HTTP/1.1" 200 255
186.79.98.242 - - [15/Mar/2017:09:13:08 -0300] "GET /cormun/servlet/solicitudot?757a710b035fb73df00ff9f07b2c5423df8d14b06c587c949ea7406e65c963d5bb95d5763fe4fbba2219a0cce4da7ae1ce71ea4660b7b5a33c9d87e444445ab1be44c3346802af40d79f21e0aa4f5e3c15facc85ed56b3ab047cd583d2c0f4889220b1bbe65161b815ea401bb63c1a8b1ae017ccfdc7200f2fd4c891cd01568d91c2b4960acb65f9745ce6744f8e0654274c739c24bc9386f6b413027a49302d18bac155104f11db532725a7d8d0c6a708fa8b882277f0dad9026a1b484eae848cafc5e6b0a098fd5b52b38e8de91fc363a6caf68aec6c38fe323f30cb40a5ae6d3ffdbfaba3110f0ac12e0efee3fd5227c7b4fdae0acf175eb44d397006e96d5016c9ba3e4072b19214ceff6c2a8edec025812afb1c2dcbf232df4e8b093cfb93731e78936598807cb04e7e191332664908e4abe9c214c4afad0312c6f1ca83c24d80afb9d4f2786ce2e5e2dac2652769aaf2cc0b0c39e6d4e2b28590a197172f074559cb1231e7a3280040bc8d9ff3053f7d0fe8232d54cf67e6d89d23a341,gx-no-cache=1489580056479 HTTP/1.1" 200 30
186.79.98.242 - - [15/Mar/2017:09:13:10 -0300] "POST /cormun/servlet/solicitudot?gx-no-cache=1489580058923 HTTP/1.1" 200 30
186.79.98.242 - - [15/Mar/2017:09:13:14 -0300] "POST /cormun/servlet/solicitudot?gx-no-cache=1489580063104 HTTP/1.1" 200 235
186.79.98.242 - - [15/Mar/2017:09:13:14 -0300] "POST /cormun/servlet/solicitudot?gx-no-cache=1489580063281 HTTP/1.1" 200 38
186.79.98.242 - - [15/Mar/2017:09:13:26 -0300] "GET /cormun/servlet/solicitudot?757a710b035fb73df00ff9f07b2c5423e6ec41fe8bed2783ea3fb9b915173ae2171e697dd1878538d2e5aa3ab937de10658938be140a67478ab915d2d68437b544cc3e6b38c8e881c6f03f46774f1c7ebc8da14d221df82d4886551e9f22c015c39677ace1aa3d510caa2ba5bb3956a081ced1a275084212c6bf312eab7c6e40f6f92fbb66f149b542afbfdee8206e63893bf39a2032d70b946af0772fbb565165f53b01f5450b2595c3ffeb36e51b31c1bb5688a49ed2a467b15dd04fa6139543795ca6a98a36f82089e118af1e6255,gx-no-cache=1489580074641 HTTP/1.1" 200 29
186.79.98.242 - - [15/Mar/2017:09:13:29 -0300] "POST /cormun/servlet/solicitudot?gx-no-cache=1489580078145 HTTP/1.1" 200 643
186.79.98.242 - - [15/Mar/2017:09:13:31 -0300] "POST /cormun/servlet/solicitudot?gx-no-cache=1489580080332 HTTP/1.1" 200 1157
186.103.159.182 - - [15/Mar/2017:09:13:40 -0300] "POST /cormun/servlet/solicitudot?gx-no-cache=1489580089178 HTTP/1.1" 200 297
186.103.159.182 - - [15/Mar/2017:09:13:41 -0300] "GET /cormun/servlet/solicitudot?5b7f5d6297e059a87d57e6acb07d5d576c26cf7f4c29fb73ee113ecffd6bd022495fa7941378d3bebc8cd9431527ab95f9ceded85d4457641aa2b07a8e4c6306a222e5e2c3a37d1e0bc954c21f350644222397edd48f387c886fc49db9212599798ce1d814f1f5d157fba9ab5eac67508854cc9891ab3cbed18aa270858d555d6eb9c4256ba387acf0611aa50c56f9108523ce87429815e3dc0897e4d91141feaf320954b9db2778432d403ee121bdc5beb71a918d907dfce5b0f9e9a9f6942b419ddf3142418f088eae53da32a289a485a26deda4d18b776785c3a4c153184cd80ae979791cb59d4fd338590bff6971e22957c0c612a5a35b4c73e64491c6cd7e2b817d56d5932725edd60048d036a763e84e8ba03de8b38be48e414b13231716a5ff5e2327825020fefdad233a3a73f4fddfb07e7e8c32732b15a59e216770d7259e248b1793cf812dd6f5c5f1eafe8dd2dbb8d17624753ccb4bd90147c9a67090d611ba0e99aa4fcb61e44281ebaac572749dc044ba9ae10ff79bddf9096fd23ae69eca0cb63218ad99388710a033,gx-no-cache=1489580089274 HTTP/1.1" 200 30
186.79.98.242 - - [15/Mar/2017:09:13:50 -0300] "GET /cormun/static/menuarrow.gif HTTP/1.1" 404 1015
186.79.98.242 - - [15/Mar/2017:09:14:02 -0300] "GET /cormun/servlet/solicitudot?757a710b035fb73df00ff9f07b2c54239a374077172205f47e7b892e2fc8911e28a99edd4116d5a38e745f51b589137edf16423169a02bcd047304526ce77e3deb997898bc0b1ae8725357a4937166e6b23e13a077eac63dac80f964cbab08ed2d6aad31ef83d0cab81e705c4b06f9f29e854acae8d7702073f6d2e8cb8eebc71a62e6302b2437a506e42f181ed409de8a7c821ff4ace06f2d665d69df7e745f4a17c1a8a1f631140b0b7972d02e366e,gx-no-cache=1489580111082 HTTP/1.1" 200 30
186.103.159.182 - - [15/Mar/2017:09:14:05 -0300] "POST /cormun/servlet/solicitudot?gx-no-cache=1489580113757 HTTP/1.1" 200 30
186.79.98.242 - - [15/Mar/2017:09:14:17 -0300] "POST /cormun/servlet/solicitudot?27f1ba43f73037a7f335c6185890b91b,INS,0,0,,gx-no-cache=1489580125813 HTTP/1.1" 200 93
186.79.98.242 - - [15/Mar/2017:09:14:17 -0300] "GET /cormun/servlet/hpexe_return? HTTP/1.1" 200 1005
186.79.98.242 - - [15/Mar/2017:09:14:18 -0300] "GET /cormun/servlet/trsolicitudot HTTP/1.1" 200 8402
186.79.98.242 - - [15/Mar/2017:09:14:20 -0300] "GET /cormun/servlet/trsolicitudot HTTP/1.1" 200 8398
192.168.10.62 - - [15/Mar/2017:09:14:26 -0300] "POST /cormun/servlet/trsolicitudgral?4dcd2f36eb8c097d7c58022cffda9685,,gx-no-cache=1489583348492 HTTP/1.1" 200 14892
186.103.159.182 - - [15/Mar/2017:09:14:28 -0300] "POST /cormun/servlet/solicitudot?gx-no-cache=1489580137171 HTTP/1.1" 200 1291
186.103.159.182 - - [15/Mar/2017:09:14:28 -0300] "POST /cormun/servlet/solicitudot?gx-no-cache=1489580137335 HTTP/1.1" 200 38
186.79.98.242 - - [15/Mar/2017:09:14:29 -0300] "GET /cormun/servlet/solicitudot?INS,0,0, HTTP/1.1" 200 12535
186.79.98.242 - - [15/Mar/2017:09:14:30 -0300] "GET /cormun/servlet/solicitudot?INS,0,0, HTTP/1.1" 200 12540
186.103.159.182 - - [15/Mar/2017:09:14:42 -0300] "GET /cormun/servlet/solicitudot?5b7f5d6297e059a87d57e6acb07d5d57b9c40854f03656a6fd1cb18e30779a8de5d545ab0afaa84f285ff18d83a4c04410b6e40ab65af2c5750933066339abf7646be67aaa90ba199b6e1a79ce35ffc32f559e097e425963867dcf8723f4fc0b8381f3855c3bbfe7c337b8f4ea60f35a,gx-no-cache=1489580150479 HTTP/1.1" 200 29
186.103.159.182 - - [15/Mar/2017:09:14:42 -0300] "POST /cormun/servlet/solicitudot?gx-no-cache=1489580150564 HTTP/1.1" 200 1273
186.103.159.182 - - [15/Mar/2017:09:14:42 -0300] "POST /cormun/servlet/solicitudot?gx-no-cache=1489580150649 HTTP/1.1" 200 1156
186.103.159.182 - - [15/Mar/2017:09:14:42 -0300] "GET /cormun/static/menuarrow.gif HTTP/1.1" 404 1015
186.103.159.182 - - [15/Mar/2017:09:14:43 -0300] "POST /cormun/servlet/solicitudot?gx-no-cache=1489580152253 HTTP/1.1" 200 1273
186.103.159.182 - - [15/Mar/2017:09:14:44 -0300] "POST /cormun/servlet/solicitudot?gx-no-cache=1489580152405 HTTP/1.1" 200 1156
186.79.98.242 - - [15/Mar/2017:09:14:46 -0300] "POST /cormun/servlet/solicitudot?gx-no-cache=1489580154350 HTTP/1.1" 200 3174
186.79.98.242 - - [15/Mar/2017:09:14:46 -0300] "POST /cormun/servlet/solicitudot?27f1ba43f73037a7f335c6185890b91b,INS,0,0,,gx-no-cache=1489580154883 HTTP/1.1" 200 9775
186.79.98.242 - - [15/Mar/2017:09:14:50 -0300] "GET /cormun/servlet/solicitudot?757a710b035fb73df00ff9f07b2c54239d52e9a7eed59d28aef460d873c5cc4d588a6a97a6debcebab0aee6e3cb72972,gx-no-cache=1489580159345 HTTP/1.1" 200 30
186.79.98.242 - - [15/Mar/2017:09:14:51 -0300] "POST /cormun/servlet/solicitudot?gx-no-cache=1489580159487 HTTP/1.1" 200 255
186.79.98.242 - - [15/Mar/2017:09:14:51 -0300] "GET /cormun/servlet/solicitudot?757a710b035fb73df00ff9f07b2c5423df8d14b06c587c949ea7406e65c963d5bb95d5763fe4fbba2219a0cce4da7ae1ce71ea4660b7b5a33c9d87e444445ab1be44c3346802af40d79f21e0aa4f5e3c15facc85ed56b3ab047cd583d2c0f4889220b1bbe65161b815ea401bb63c1a8b1ae017ccfdc7200f2fd4c891cd01568d91c2b4960acb65f9745ce6744f8e0654274c739c24bc9386f6b413027a49302d18bac155104f11db532725a7d8d0c6a708fa8b882277f0dad9026a1b484eae848cafc5e6b0a098fd5b52b38e8de91fc363a6caf68aec6c38fe323f30cb40a5ae6d3ffdbfaba3110f0ac12e0efee3fd5227c7b4fdae0acf175eb44d397006e96d5016c9ba3e4072b19214ceff6c2a8edec025812afb1c2dcbf232df4e8b093cfb93731e78936598807cb04e7e191332664908e4abe9c214c4afad0312c6f1ca83c24d80afb9d4f2786ce2e5e2dac2652769aaf2cc0b0c39e6d4e2b28590a197172f074559cb1231e7a3280040bc8d9ff3053f7d0fe8232d54cf67e6d89d23a341,gx-no-cache=1489580159650 HTTP/1.1" 200 30
192.168.10.62 - - [15/Mar/2017:09:14:51 -0300] "POST /cormun/servlet/trsolicitudgral?4dcd2f36eb8c097d7c58022cffda9685,,gx-no-cache=1489583373000 HTTP/1.1" 200 105
192.168.10.62 - - [15/Mar/2017:09:14:51 -0300] "GET /cormun/SolicitudGral-1341.xls HTTP/1.1" 200 17408
200.111.191.210 - - [15/Mar/2017:09:14:56 -0300] "GET /cormun/servlet/trsolicitudot? HTTP/1.1" 200 7357
200.111.191.210 - - [15/Mar/2017:09:14:57 -0300] "GET /cormun/servlet/hlogin HTTP/1.1" 200 1733
200.111.191.210 - - [15/Mar/2017:09:14:57 -0300] "GET /cormun/servlet/trsolicitudot? HTTP/1.1" 200 7368
186.103.159.182 - - [15/Mar/2017:09:14:59 -0300] "GET /cormun/servlet/solicitudot?5b7f5d6297e059a87d57e6acb07d5d57fe7a6cd0d9d6fc6ca136235039960a4e3008213b59a26dbdb3dcf707aaef61cbb6f2f2159aefb21c5bb82315ccb948edc9653792a6dedce423b71f46bb757a4f08596da5e29779bd8d29e0837241c5836263ee1644a6c4ae301e6fa427361c63631364bb9edf9dcb557880fcf8195c59601d8916fe56fb61928416e2033319338a497bd4d507fd5f2c42640604071f2ce9eefa0507194977108b42ee5bb26ae3,gx-no-cache=1489580167685 HTTP/1.1" 200 30
192.168.10.62 - - [15/Mar/2017:09:14:59 -0300] "GET /cormun/static/menuarrow.gif HTTP/1.1" 404 1015
186.103.159.182 - - [15/Mar/2017:09:14:59 -0300] "POST /cormun/servlet/solicitudot?58a36192f654e1ea42d1d88af5dfed74,INS,0,0,,gx-no-cache=1489580167778 HTTP/1.1" 200 93
186.103.159.182 - - [15/Mar/2017:09:14:59 -0300] "GET /cormun/servlet/hpexe_return? HTTP/1.1" 200 1008
186.103.159.182 - - [15/Mar/2017:09:15:00 -0300] "GET /cormun/servlet/trsolicitudot HTTP/1.1" 200 10433
186.103.159.187 - - [15/Mar/2017:09:15:01 -0300] "GET /cormun/servlet/hlogin HTTP/1.1" 200 1728
186.103.159.182 - - [15/Mar/2017:09:15:02 -0300] "GET /cormun/servlet/trsolicitudot HTTP/1.1" 200 10429
192.168.10.62 - - [15/Mar/2017:09:15:03 -0300] "POST /cormun/servlet/trsolicitudgral?4dcd2f36eb8c097d7c58022cffda9685,,gx-no-cache=1489583384864 HTTP/1.1" 200 15520
200.111.191.210 - - [15/Mar/2017:09:15:07 -0300] "POST /cormun/servlet/hlogin?85664ce94ac736e27d41604708c4c8d2,gx-no-cache=1489583687640 HTTP/1.1" 200 90
200.111.191.210 - - [15/Mar/2017:09:15:07 -0300] "GET /cormun/servlet/hpexe_link HTTP/1.1" 200 956
186.103.159.182 - - [15/Mar/2017:09:15:07 -0300] "GET /cormun/servlet/solicitudot?INS,0,0, HTTP/1.1" 200 12826
200.111.191.210 - - [15/Mar/2017:09:15:07 -0300] "GET /cormun/servlet/trsolicitudot HTTP/1.1" 200 6483
186.79.98.242 - - [15/Mar/2017:09:15:07 -0300] "POST /cormun/servlet/solicitudot?gx-no-cache=1489580176334 HTTP/1.1" 200 30
200.111.191.210 - - [15/Mar/2017:09:15:08 -0300] "GET /cormun/servlet/trsolicitudot HTTP/1.1" 200 6481
186.103.159.182 - - [15/Mar/2017:09:15:09 -0300] "GET /cormun/servlet/solicitudot?INS,0,0, HTTP/1.1" 200 12831
186.103.159.187 - - [15/Mar/2017:09:15:09 -0300] "POST /cormun/servlet/hlogin?c9be17f591090e257884485fa86f0a07,gx-no-cache=1489580175649 HTTP/1.1" 200 435
186.79.98.242 - - [15/Mar/2017:09:15:12 -0300] "GET /cormun/servlet/prcontratosol?11672116,,,,,MD,,gxPopupLevel%3D0%3B HTTP/1.1" 200 5888
186.79.98.242 - - [15/Mar/2017:09:15:12 -0300] "GET /cormun/static/gxcfg.js?2016102711553248 HTTP/1.1" 304 -
186.79.98.242 - - [15/Mar/2017:09:15:12 -0300] "GET /cormun/static/prcontratosol.js?2016102711553411 HTTP/1.1" 304 -
200.111.191.210 - - [15/Mar/2017:09:15:13 -0300] "GET /cormun/servlet/trlicencias? HTTP/1.1" 200 6562
200.111.191.210 - - [15/Mar/2017:09:15:13 -0300] "GET /cormun/servlet/trlicencias? HTTP/1.1" 200 6561
186.103.159.187 - - [15/Mar/2017:09:15:14 -0300] "POST /cormun/servlet/hlogin?c9be17f591090e257884485fa86f0a07,gx-no-cache=1489580180366 HTTP/1.1" 200 435
200.111.191.210 - - [15/Mar/2017:09:15:15 -0300] "GET /cormun/servlet/licenciaspermisos?INS,0,,, HTTP/1.1" 200 7073
200.111.191.210 - - [15/Mar/2017:09:15:16 -0300] "GET /cormun/servlet/licenciaspermisos?INS,0,,, HTTP/1.1" 200 7073
186.79.98.242 - - [15/Mar/2017:09:15:16 -0300] "POST /cormun/servlet/solicitudot?gx-no-cache=1489580185004 HTTP/1.1" 200 1291
186.79.98.242 - - [15/Mar/2017:09:15:16 -0300] "POST /cormun/servlet/solicitudot?gx-no-cache=1489580185202 HTTP/1.1" 200 38
186.79.98.242 - - [15/Mar/2017:09:15:16 -0300] "GET /cormun/servlet/solicitudot?757a710b035fb73df00ff9f07b2c5423e6ec41fe8bed2783ea3fb9b915173ae2171e697dd1878538d2e5aa3ab937de10ec4730b3430cdd135732692dd8905b9844cc3e6b38c8e881c6f03f46774f1c7ebc8da14d221df82d4886551e9f22c015c39677ace1aa3d510caa2ba5bb3956a081ced1a275084212c6bf312eab7c6e40f6f92fbb66f149b542afbfdee8206e63893bf39a2032d70b946af0772fbb565165f53b01f5450b2595c3ffeb36e51b31c1bb5688a49ed2a467b15dd04fa6139543795ca6a98a36f82089e118af1e6255,gx-no-cache=1489580185372 HTTP/1.1" 200 29
186.79.98.242 - - [15/Mar/2017:09:15:17 -0300] "POST /cormun/servlet/solicitudot?gx-no-cache=1489580185518 HTTP/1.1" 200 1274
186.79.98.242 - - [15/Mar/2017:09:15:17 -0300] "POST /cormun/servlet/solicitudot?gx-no-cache=1489580185749 HTTP/1.1" 200 1156
192.168.10.62 - - [15/Mar/2017:09:15:18 -0300] "POST /cormun/servlet/trsolicitudgral?4dcd2f36eb8c097d7c58022cffda9685,,gx-no-cache=1489583400321 HTTP/1.1" 200 15248
186.103.159.187 - - [15/Mar/2017:09:15:19 -0300] "POST /cormun/servlet/hlogin?c9be17f591090e257884485fa86f0a07,gx-no-cache=1489580185188 HTTP/1.1" 200 435
186.103.159.182 - - [15/Mar/2017:09:15:23 -0300] "GET /cormun/servlet/prfichaempleado?,MD,,gxPopupLevel%3D0%3B HTTP/1.1" 200 8897
186.103.159.187 - - [15/Mar/2017:09:15:24 -0300] "POST /cormun/servlet/hlogin?c9be17f591090e257884485fa86f0a07,gx-no-cache=1489580190142 HTTP/1.1" 200 90
186.103.159.187 - - [15/Mar/2017:09:15:24 -0300] "GET /cormun/servlet/hpexe_link HTTP/1.1" 200 957
186.103.159.187 - - [15/Mar/2017:09:15:24 -0300] "GET /cormun/servlet/hhome HTTP/1.1" 200 3739
186.103.159.187 - - [15/Mar/2017:09:15:25 -0300] "GET /cormun/servlet/hhome HTTP/1.1" 200 3736
200.111.191.210 - - [15/Mar/2017:09:15:29 -0300] "GET /cormun/servlet/licenciaspermisos?39f32d10f356f8f383e3d643b2065f20b408df86d1799ba96f315383b88b73ce1ca13e5dbab0b82966a48eadc322e158,gx-no-cache=1489583709784 HTTP/1.1" 200 31
200.111.191.210 - - [15/Mar/2017:09:15:30 -0300] "POST /cormun/servlet/licenciaspermisos?85664ce94ac736e27d41604708c4c8d2,INS,0,,,,gx-no-cache=1489583710218 HTTP/1.1" 200 4369
186.103.159.187 - - [15/Mar/2017:09:15:31 -0300] "GET /cormun/servlet/trlicencias? HTTP/1.1" 200 6574
186.103.159.187 - - [15/Mar/2017:09:15:33 -0300] "GET /cormun/servlet/trlicencias? HTTP/1.1" 200 6573
192.168.10.89 - - [15/Mar/2017:09:15:34 -0300] "GET /cormun/servlet/hlogin HTTP/1.1" 200 1741
186.103.159.182 - - [15/Mar/2017:09:15:44 -0300] "POST /cormun/servlet/prfichaempleado?58a36192f654e1ea42d1d88af5dfed74,,MD,,gxPopupLevel%3D0%3B,gx-no-cache=1489580212047 HTTP/1.1" 200 3399
200.111.191.210 - - [15/Mar/2017:09:15:50 -0300] "GET /cormun/servlet/licenciaspermisos?39f32d10f356f8f383e3d643b2065f206f41e2b96fbdaac4e8e79abdd3ca8bea1ca13e5dbab0b82966a48eadc322e158,gx-no-cache=1489583730316 HTTP/1.1" 200 61
200.111.191.210 - - [15/Mar/2017:09:15:50 -0300] "POST /cormun/servlet/licenciaspermisos?85664ce94ac736e27d41604708c4c8d2,INS,0,,,,gx-no-cache=1489583730348 HTTP/1.1" 200 4388
186.103.159.187 - - [15/Mar/2017:09:16:00 -0300] "GET /cormun/servlet/licenciaspermisos?INS,0,,, HTTP/1.1" 200 7087
186.103.159.187 - - [15/Mar/2017:09:16:01 -0300] "GET /cormun/servlet/licenciaspermisos?INS,0,,, HTTP/1.1" 200 7086
186.79.98.242 - - [15/Mar/2017:09:16:18 -0300] "POST /cormun/servlet/solicitudot?gx-no-cache=1489580247127 HTTP/1.1" 200 1274
186.79.98.242 - - [15/Mar/2017:09:16:19 -0300] "POST /cormun/servlet/solicitudot?gx-no-cache=1489580247464 HTTP/1.1" 200 1156
186.79.98.242 - - [15/Mar/2017:09:16:19 -0300] "GET /cormun/static/menuarrow.gif HTTP/1.1" 404 1015
186.103.159.187 - - [15/Mar/2017:09:16:19 -0300] "GET /cormun/servlet/prfichaempleado?,MD,,gxPopupLevel%3D0%3B HTTP/1.1" 200 8785
186.79.98.242 - - [15/Mar/2017:09:16:24 -0300] "POST /cormun/servlet/solicitudot?gx-no-cache=1489580252372 HTTP/1.1" 200 1274
186.79.98.242 - - [15/Mar/2017:09:16:24 -0300] "POST /cormun/servlet/solicitudot?gx-no-cache=1489580252616 HTTP/1.1" 200 1156
186.103.159.187 - - [15/Mar/2017:09:16:31 -0300] "POST /cormun/servlet/prfichaempleado?c9be17f591090e257884485fa86f0a07,,MD,,gxPopupLevel%3D0%3B,gx-no-cache=1489580256960 HTTP/1.1" 200 3187
186.103.159.187 - - [15/Mar/2017:09:16:33 -0300] "POST /cormun/servlet/prfichaempleado?c9be17f591090e257884485fa86f0a07,,MD,,gxPopupLevel%3D0%3B,gx-no-cache=1489580259350 HTTP/1.1" 200 3187
200.111.191.210 - - [15/Mar/2017:09:16:33 -0300] "GET /cormun/static/menuarrow.gif HTTP/1.1" 404 1015
186.79.98.242 - - [15/Mar/2017:09:16:35 -0300] "GET /cormun/servlet/solicitudot?757a710b035fb73df00ff9f07b2c5423d3c9ef80d2a02ccfc97a0859c481d19856fcbaec2a86b55a0b0750bf9f2adebe7b32f394c6e48eebdbca31f66034038fdf845600dbed5c8b0db4d574ab1eaa9222d5847c6e61db73654024178470cb7caf517ba7c6c4069bcc9ab3b223bee4b21f5775344d2b8f674a6ba4591be4e75c4c84029aa201f5d9364f4b4a30cf26ef46397676ff2845191e4874c09a506f35872ef9aced1dbf63b8a96a4929bffe9a,gx-no-cache=1489580264066 HTTP/1.1" 200 30
