186.103.159.187 - - [15/Mar/2017:09:26:12 -0300] "POST /cormun/servlet/prfichaempleado?c9be17f591090e257884485fa86f0a07,,MD,,gxPopupLevel%3D0%3B,gx-no-cache=1489580838436 HTTP/1.1" 200 3177
192.168.10.89 - - [15/Mar/2017:09:26:12 -0300] "GET /cormun/static/Shared/jqueryui/images/ui-icons_82798d_256x240.png HTTP/1.1" 404 1089
192.168.10.89 - - [15/Mar/2017:09:26:12 -0300] "GET /cormun/static/Shared/jqueryui/images/ui-bg_highlight-soft_100_c6c2c8_1x100.png HTTP/1.1" 404 1117
192.168.10.89 - - [15/Mar/2017:09:26:12 -0300] "GET /cormun/static/Shared/jqueryui/images/ui-icons_8d78a5_256x240.png HTTP/1.1" 404 1089
192.168.10.89 - - [15/Mar/2017:09:26:12 -0300] "GET /cormun/static/Shared/jqueryui/images/ui-bg_flat_55_fafafa_40x100.png HTTP/1.1" 404 1097
192.168.10.96 - - [15/Mar/2017:09:26:14 -0300] "GET /cormun/servlet/vesolicitudgral?2017,5274,, HTTP/1.1" 200 8593
192.168.10.96 - - [15/Mar/2017:09:26:14 -0300] "GET /cormun/pexe_scrolldiv.js HTTP/1.1" 404 1009
192.168.10.96 - - [15/Mar/2017:09:26:14 -0300] "GET /cormun/pexe_scrolldiv.js HTTP/1.1" 404 1009
192.168.10.96 - - [15/Mar/2017:09:26:15 -0300] "GET /cormun/servlet/vesolicitudgral?2017,5274,, HTTP/1.1" 200 8592
186.103.159.182 - - [15/Mar/2017:09:26:20 -0300] "POST /cormun/servlet/trsolicitudot?58a36192f654e1ea42d1d88af5dfed74,gx-no-cache=1489580848673 HTTP/1.1" 200 105
186.103.159.182 - - [15/Mar/2017:09:26:20 -0300] "GET /cormun/servlet/solicitudot?UPD,2017,5541, HTTP/1.1" 200 14520
192.168.10.89 - - [15/Mar/2017:09:26:22 -0300] "GET /cormun/servlet/hlogin HTTP/1.1" 200 1744
186.103.159.182 - - [15/Mar/2017:09:26:22 -0300] "GET /cormun/servlet/solicitudot?UPD,2017,5541, HTTP/1.1" 200 14529
186.103.159.182 - - [15/Mar/2017:09:26:23 -0300] "POST /cormun/servlet/solicitudot?gx-no-cache=1489580851795 HTTP/1.1" 200 3175
186.103.159.182 - - [15/Mar/2017:09:26:24 -0300] "POST /cormun/servlet/solicitudot?58a36192f654e1ea42d1d88af5dfed74,UPD,2017,5541,,gx-no-cache=1489580852180 HTTP/1.1" 200 11068
186.103.159.182 - - [15/Mar/2017:09:26:24 -0300] "GET /cormun/servlet/solicitudot?5b7f5d6297e059a87d57e6acb07d5d579ed053a530a388907594eca3dd2dfb25e941aa9b8fcb2dc99d1848c33f799b45,gx-no-cache=1489580853008 HTTP/1.1" 200 30
186.103.159.182 - - [15/Mar/2017:09:26:24 -0300] "POST /cormun/servlet/solicitudot?gx-no-cache=1489580853121 HTTP/1.1" 200 297
186.103.159.182 - - [15/Mar/2017:09:26:24 -0300] "GET /cormun/servlet/solicitudot?5b7f5d6297e059a87d57e6acb07d5d576c26cf7f4c29fb73ee113ecffd6bd022495fa7941378d3bebc8cd9431527ab95f9ceded85d4457641aa2b07a8e4c6306a222e5e2c3a37d1e0bc954c21f350644222397edd48f387c886fc49db9212599798ce1d814f1f5d157fba9ab5eac67508854cc9891ab3cbed18aa270858d555d6eb9c4256ba387acf0611aa50c56f9108523ce87429815e3dc0897e4d91141feaf320954b9db2778432d403ee121bdc5beb71a918d907dfce5b0f9e9a9f6942b419ddf3142418f088eae53da32a289a485a26deda4d18b776785c3a4c153184cd80ae979791cb59d4fd338590bff6971e22957c0c612a5a35b4c73e64491c6cd7e2b817d56d5932725edd60048d036a763e84e8ba03de8b38be48e414b13231716a5ff5e2327825020fefdad233a3a73f4fddfb07e7e8c32732b15a59e216770d7259e248b1793cf812dd6f5c5f1eafe8dd2dbb8d17624753ccb4bd90147c9a67090d611ba0e99aa4fcb61e44281ebaaeed5966a25e1954f0ee456025435bd7bd23ae69eca0cb63218ad99388710a033,gx-no-cache=1489580853220 HTTP/1.1" 200 30
186.103.159.182 - - [15/Mar/2017:09:26:24 -0300] "POST /cormun/servlet/solicitudot?gx-no-cache=1489580853440 HTTP/1.1" 200 30
186.103.159.182 - - [15/Mar/2017:09:26:25 -0300] "POST /cormun/servlet/solicitudot?gx-no-cache=1489580853538 HTTP/1.1" 200 1286
186.103.159.182 - - [15/Mar/2017:09:26:25 -0300] "POST /cormun/servlet/solicitudot?gx-no-cache=1489580853705 HTTP/1.1" 200 41
192.168.10.89 - - [15/Mar/2017:09:26:28 -0300] "POST /cormun/servlet/hlogin?5bfbbb08af1fb920948b15bfd969b537,gx-no-cache=1489584070535 HTTP/1.1" 200 90
192.168.10.89 - - [15/Mar/2017:09:26:28 -0300] "GET /cormun/servlet/hpexe_link HTTP/1.1" 200 955
186.79.146.238 - - [15/Mar/2017:09:26:28 -0300] "POST /cormun/servlet/solicitudot?gx-no-cache=1489580861196 HTTP/1.1" 200 3159
186.103.159.182 - - [15/Mar/2017:09:26:29 -0300] "GET /cormun/servlet/solicitudot?5b7f5d6297e059a87d57e6acb07d5d5731a19ebf3aa57cad2ba05fb3fd6f205e5f0cfb34df84c4c16069b6494b3e95d3b02a0ab72817cba71656c5d6a19aa06abc84c873b0960e76f088079cd084cdbfb1cba5e6407cb945866a8089864935de5c74bb5d87a36d459a225ef747d86064,gx-no-cache=1489580857500 HTTP/1.1" 200 29
192.168.10.89 - - [15/Mar/2017:09:26:29 -0300] "GET /cormun/servlet/hhome HTTP/1.1" 200 4392
186.103.159.182 - - [15/Mar/2017:09:26:29 -0300] "POST /cormun/servlet/solicitudot?gx-no-cache=1489580857586 HTTP/1.1" 200 1273
186.79.146.238 - - [15/Mar/2017:09:26:29 -0300] "POST /cormun/servlet/solicitudot?bacc267fa9a3bd5c86f174972d50db40,INS,0,0,,gx-no-cache=1489580862126 HTTP/1.1" 200 9949
186.103.159.182 - - [15/Mar/2017:09:26:29 -0300] "POST /cormun/servlet/solicitudot?gx-no-cache=1489580857739 HTTP/1.1" 200 1157
186.103.159.182 - - [15/Mar/2017:09:26:29 -0300] "GET /cormun/static/menuarrow.gif HTTP/1.1" 404 1015
186.79.98.242 - - [15/Mar/2017:09:26:31 -0300] "POST /cormun/servlet/solicitudotadjuntos?gx-no-cache=1489580859626 HTTP/1.1" 200 26
192.168.10.89 - - [15/Mar/2017:09:26:31 -0300] "GET /cormun/servlet/trsolicitudgral? HTTP/1.1" 200 8706
186.103.159.182 - - [15/Mar/2017:09:26:32 -0300] "POST /cormun/servlet/solicitudot?gx-no-cache=1489580860909 HTTP/1.1" 200 1273
186.103.159.182 - - [15/Mar/2017:09:26:32 -0300] "POST /cormun/servlet/solicitudot?gx-no-cache=1489580861097 HTTP/1.1" 200 1157
186.79.146.238 - - [15/Mar/2017:09:26:36 -0300] "GET /cormun/servlet/solicitudot?b4f5d67d36a9b9dfb3fac3ac7f6a4e3fec6fad842fce269b0fa13190ec024152effef05d565737f052ec676e5c5a21a9,gx-no-cache=1489580869312 HTTP/1.1" 200 30
186.79.146.238 - - [15/Mar/2017:09:26:36 -0300] "POST /cormun/servlet/solicitudot?gx-no-cache=1489580869489 HTTP/1.1" 200 255
186.79.146.238 - - [15/Mar/2017:09:26:36 -0300] "GET /cormun/servlet/solicitudot?b4f5d67d36a9b9dfb3fac3ac7f6a4e3f6181f96652739bb0b2d1da269f261249a4106180558e6617e9ecb75c02783eb754ecb10a137667952b925f5be3cc038a2e9c66a960a3b572f2650df2c8b0ed785c4ad33eeba2957553f7481b667fceddc7e1f53f3b1278bcb0c27ba9474d4afffe43b632e9ae41e276d8eacd6a8f8e6318a64bdeedd2ea7426172a7fd83822caa752b064572177b3d6116185b2989f8f790f5404227e152ac8a8db7b65a72b6dc8d66ddba4bddf0b4204fa2cdb2aab4e518bf5380853d8049c1dae4afba4e0369a23e66f5ba6362dbad14d29f69a219b40b0669be7d7aef51d34191a1373ac21abafc6c161ca6e6d3f84a39f6be9f8cf2fe14d2319515df3c55e10efcd907d1c64ef1a98010b7c4c76bc794170ef7a7498459f65e3e8e27b30c0b2e78d2a705d055f13091cbeb2388b965d31c71f54f4cd703480edb4d452f5d42c80356620c6a0dd4e58a76f0b1ffcb9adb9537afb37cc189ccae50f85e9b98824a94c555bff63f2a71d70569877731679089b8e7efe,gx-no-cache=1489580869645 HTTP/1.1" 200 30
192.168.10.89 - - [15/Mar/2017:09:26:38 -0300] "POST /cormun/servlet/trsolicitudgral?5bfbbb08af1fb920948b15bfd969b537,,gx-no-cache=1489584080445 HTTP/1.1" 200 6705
192.168.10.89 - - [15/Mar/2017:09:26:41 -0300] "POST /cormun/servlet/trsolicitudgral?5bfbbb08af1fb920948b15bfd969b537,,gx-no-cache=1489584083061 HTTP/1.1" 200 5621
192.168.10.89 - - [15/Mar/2017:09:26:41 -0300] "GET /cormun/static/Shared/jqueryui/images/ui-bg_highlight-soft_100_c6c2c8_1x100.png HTTP/1.1" 404 1117
192.168.10.89 - - [15/Mar/2017:09:26:41 -0300] "GET /cormun/static/Shared/jqueryui/images/ui-icons_82798d_256x240.png HTTP/1.1" 404 1089
192.168.10.89 - - [15/Mar/2017:09:26:41 -0300] "GET /cormun/static/Shared/jqueryui/images/ui-bg_flat_55_fafafa_40x100.png HTTP/1.1" 404 1097
192.168.10.89 - - [15/Mar/2017:09:26:41 -0300] "GET /cormun/static/Shared/jqueryui/images/ui-icons_8d78a5_256x240.png HTTP/1.1" 404 1089
186.79.98.242 - - [15/Mar/2017:09:26:43 -0300] "GET /cormun/servlet/solicitudotadjuntos?757a710b035fb73df00ff9f07b2c5423902fb6b8f678882f7ab002e220012108,gx-no-cache=1489580871806 HTTP/1.1" 200 30
186.79.98.242 - - [15/Mar/2017:09:26:43 -0300] "GET /cormun/servlet/solicitudotadjuntos?757a710b035fb73df00ff9f07b2c5423902fb6b8f678882f7ab002e220012108,gx-no-cache=1489580871936 HTTP/1.1" 200 30
186.79.98.242 - - [15/Mar/2017:09:26:45 -0300] "POST /cormun/servlet/solicitudotadjuntos?27f1ba43f73037a7f335c6185890b91b,INS,2017,5538,,1, HTTP/1.1" 200 116
186.79.98.242 - - [15/Mar/2017:09:26:45 -0300] "GET /cormun/servlet/hpexe_return? HTTP/1.1" 200 1025
186.79.98.242 - - [15/Mar/2017:09:26:46 -0300] "GET /cormun/servlet/trsolicitudadjuntos?2017,5538, HTTP/1.1" 200 8457
186.79.98.242 - - [15/Mar/2017:09:26:48 -0300] "GET /cormun/servlet/trsolicitudadjuntos?2017,5538, HTTP/1.1" 200 8450
186.103.159.187 - - [15/Mar/2017:09:27:10 -0300] "POST /cormun/servlet/solicitudot?gx-no-cache=1489580895971 HTTP/1.1" 200 3081
186.103.159.187 - - [15/Mar/2017:09:27:10 -0300] "POST /cormun/servlet/solicitudot?c9be17f591090e257884485fa86f0a07,INS,0,0,,gx-no-cache=1489580896240 HTTP/1.1" 200 9680
186.79.146.238 - - [15/Mar/2017:09:27:13 -0300] "POST /cormun/servlet/solicitudot?gx-no-cache=1489580905965 HTTP/1.1" 200 30
186.79.98.242 - - [15/Mar/2017:09:27:14 -0300] "GET /cormun/servlet/solicitudotadjuntos?INS,2017,5538,,1, HTTP/1.1" 200 5773
186.79.98.242 - - [15/Mar/2017:09:27:14 -0300] "GET /cormun/static/about:blank HTTP/1.1" 404 1011
186.79.98.242 - - [15/Mar/2017:09:27:15 -0300] "GET /cormun/servlet/solicitudotadjuntos?INS,2017,5538,,1, HTTP/1.1" 200 5767
186.79.98.242 - - [15/Mar/2017:09:27:16 -0300] "GET /cormun/servlet/solicitudotadjuntos?757a710b035fb73df00ff9f07b2c5423a7a26a957f8f75449fb83841c0200aa3b5e1b3bbfa1c65c109c51063cd2e870d,gx-no-cache=1489580904771 HTTP/1.1" 200 30
186.103.159.187 - - [15/Mar/2017:09:27:16 -0300] "GET /cormun/servlet/solicitudot?7022acdf7ed952c19def05ca7f27d64db31f09ad2c78a83e5f5a8ca8f13fb5914ee42dbc6048cb64827a85df6fe854e0,gx-no-cache=1489580902474 HTTP/1.1" 200 30
186.79.98.242 - - [15/Mar/2017:09:27:16 -0300] "POST /cormun/servlet/solicitudotadjuntos?27f1ba43f73037a7f335c6185890b91b,INS,2017,5538,,1,,gx-no-cache=1489580904920 HTTP/1.1" 200 3667
186.79.146.238 - - [15/Mar/2017:09:27:17 -0300] "GET /cormun/servlet/prcontratosol?8325885,,,,,MD,,gxPopupLevel%3D0%3B HTTP/1.1" 200 5966
186.79.146.238 - - [15/Mar/2017:09:27:17 -0300] "GET /cormun/static/gxcfg.js?2016102711553248 HTTP/1.1" 304 -
186.79.98.242 - - [15/Mar/2017:09:27:21 -0300] "POST /cormun/servlet/solicitudotadjuntos?gx-no-cache=1489580909939 HTTP/1.1" 200 26
186.79.146.238 - - [15/Mar/2017:09:27:26 -0300] "POST /cormun/servlet/solicitudot?gx-no-cache=1489580919527 HTTP/1.1" 200 1292
186.79.146.238 - - [15/Mar/2017:09:27:26 -0300] "POST /cormun/servlet/solicitudot?gx-no-cache=1489580919833 HTTP/1.1" 200 38
186.79.146.238 - - [15/Mar/2017:09:27:27 -0300] "GET /cormun/servlet/solicitudot?b4f5d67d36a9b9dfb3fac3ac7f6a4e3f1672e344835dee5247d8bb2036553e935daed49287e22b4f2bc88db1f4996734781ffff47f2dd77a9d011555f093ca85e70889900d1d84a7ffc621ebd813e5aceb5ba7b7d6b5585869278cb00caa8786b876b9648d8c5e60338137246ca989f82a9803c253cfca7a3789b3c8a5151dc346b5838dab5f0fab5a2efd01a7f0c1f52ff9094c2d728fc7d63c1e88c89d05be,gx-no-cache=1489580920080 HTTP/1.1" 200 29
186.79.146.238 - - [15/Mar/2017:09:27:27 -0300] "POST /cormun/servlet/solicitudot?gx-no-cache=1489580920342 HTTP/1.1" 200 1275
186.79.146.238 - - [15/Mar/2017:09:27:27 -0300] "POST /cormun/servlet/solicitudot?gx-no-cache=1489580920574 HTTP/1.1" 200 1157
186.79.98.242 - - [15/Mar/2017:09:27:33 -0300] "GET /cormun/servlet/solicitudotadjuntos?757a710b035fb73df00ff9f07b2c5423902fb6b8f678882f7ab002e220012108,gx-no-cache=1489580922364 HTTP/1.1" 200 30
186.79.98.242 - - [15/Mar/2017:09:27:34 -0300] "GET /cormun/servlet/solicitudotadjuntos?757a710b035fb73df00ff9f07b2c5423902fb6b8f678882f7ab002e220012108,gx-no-cache=1489580922469 HTTP/1.1" 200 30
186.79.146.238 - - [15/Mar/2017:09:27:46 -0300] "POST /cormun/servlet/solicitudot?gx-no-cache=1489580939282 HTTP/1.1" 200 1275
186.79.146.238 - - [15/Mar/2017:09:27:46 -0300] "POST /cormun/servlet/solicitudot?gx-no-cache=1489580939532 HTTP/1.1" 200 1157
186.79.146.238 - - [15/Mar/2017:09:27:46 -0300] "GET /cormun/static/menuarrow.gif HTTP/1.1" 404 1015
186.79.98.242 - - [15/Mar/2017:09:27:50 -0300] "POST /cormun/servlet/solicitudotadjuntos?27f1ba43f73037a7f335c6185890b91b,INS,2017,5538,,1, HTTP/1.1" 200 116
186.79.98.242 - - [15/Mar/2017:09:27:50 -0300] "GET /cormun/servlet/hpexe_return? HTTP/1.1" 200 1025
186.79.98.242 - - [15/Mar/2017:09:27:51 -0300] "GET /cormun/servlet/trsolicitudadjuntos?2017,5538, HTTP/1.1" 200 8607
186.79.98.242 - - [15/Mar/2017:09:27:53 -0300] "GET /cormun/servlet/trsolicitudadjuntos?2017,5538, HTTP/1.1" 200 8606
186.79.146.238 - - [15/Mar/2017:09:27:56 -0300] "POST /cormun/servlet/solicitudot?gx-no-cache=1489580949521 HTTP/1.1" 200 1275
186.79.146.238 - - [15/Mar/2017:09:27:56 -0300] "POST /cormun/servlet/solicitudot?gx-no-cache=1489580949829 HTTP/1.1" 200 1157
186.79.146.238 - - [15/Mar/2017:09:28:23 -0300] "GET /cormun/servlet/solicitudot?b4f5d67d36a9b9dfb3fac3ac7f6a4e3f7991f04b6353ebd2cbfaa38bfc6e9dc0fb48f517f400bd1f2c7cfee9f1595d359e7e1b92d9070dc69578d443bf2ab168e74d7a9f65527229b08363b5cdf50dcec3adfad6c83f0fa85c33ec7e9c3ef809bd2506a74b19f83941e3b38fd5e56f7a3c41b3f4dbfc91fc28394c8d75cb90fab4a8618a7de97fc99059885d01a27bf5528a7d107e8929984850443693dff28aa92e745816ca384a9a91256471a5046f,gx-no-cache=1489580976598 HTTP/1.1" 200 30
192.168.10.89 - - [15/Mar/2017:09:29:05 -0300] "GET /cormun/servlet/hlogin HTTP/1.1" 200 1741
186.79.146.238 - - [15/Mar/2017:09:29:05 -0300] "POST /cormun/servlet/solicitudot?gx-no-cache=1489581018301 HTTP/1.1" 200 1275
186.79.146.238 - - [15/Mar/2017:09:29:05 -0300] "POST /cormun/servlet/solicitudot?gx-no-cache=1489581018662 HTTP/1.1" 200 1157
186.79.146.238 - - [15/Mar/2017:09:29:05 -0300] "GET /cormun/servlet/solicitudot?b4f5d67d36a9b9dfb3fac3ac7f6a4e3f7991f04b6353ebd2cbfaa38bfc6e9dc0fb48f517f400bd1f2c7cfee9f1595d359e7e1b92d9070dc69578d443bf2ab168e74d7a9f65527229b08363b5cdf50dcec3adfad6c83f0fa85c33ec7e9c3ef809bd2506a74b19f83941e3b38fd5e56f7a3c41b3f4dbfc91fc28394c8d75cb90fab4a8618a7de97fc99059885d01a27bf5528a7d107e8929984850443693dff28aa92e745816ca384a9a91256471a5046f,gx-no-cache=1489581018905 HTTP/1.1" 200 30
186.79.146.238 - - [15/Mar/2017:09:29:06 -0300] "POST /cormun/servlet/solicitudot?bacc267fa9a3bd5c86f174972d50db40,INS,0,0,,gx-no-cache=1489581019025 HTTP/1.1" 200 93
186.79.146.238 - - [15/Mar/2017:09:29:06 -0300] "GET /cormun/servlet/hpexe_return? HTTP/1.1" 200 1008
186.79.146.238 - - [15/Mar/2017:09:29:07 -0300] "GET /cormun/servlet/trsolicitudot HTTP/1.1" 200 8698
186.79.146.238 - - [15/Mar/2017:09:29:09 -0300] "GET /cormun/servlet/trsolicitudot HTTP/1.1" 200 8694
192.168.10.89 - - [15/Mar/2017:09:29:12 -0300] "POST /cormun/servlet/hlogin?5bfbbb08af1fb920948b15bfd969b537,gx-no-cache=1489584234099 HTTP/1.1" 200 90
192.168.10.89 - - [15/Mar/2017:09:29:12 -0300] "GET /cormun/servlet/hpexe_link HTTP/1.1" 200 955
192.168.10.89 - - [15/Mar/2017:09:29:12 -0300] "GET /cormun/servlet/hhome HTTP/1.1" 200 3923
186.79.146.238 - - [15/Mar/2017:09:29:13 -0300] "POST /cormun/servlet/trsolicitudot?bacc267fa9a3bd5c86f174972d50db40,gx-no-cache=1489581026279 HTTP/1.1" 200 5467
186.79.146.238 - - [15/Mar/2017:09:29:14 -0300] "GET /cormun/static/Shared/jqueryui/images/ui-bg_highlight-soft_100_c6c2c8_1x100.png HTTP/1.1" 404 1117
186.79.146.238 - - [15/Mar/2017:09:29:14 -0300] "GET /cormun/static/Shared/jqueryui/images/ui-icons_82798d_256x240.png HTTP/1.1" 404 1089
186.79.146.238 - - [15/Mar/2017:09:29:14 -0300] "GET /cormun/static/Shared/jqueryui/images/ui-bg_flat_55_fafafa_40x100.png HTTP/1.1" 404 1097
186.79.146.238 - - [15/Mar/2017:09:29:14 -0300] "GET /cormun/static/Shared/jqueryui/images/ui-icons_8d78a5_256x240.png HTTP/1.1" 404 1089
186.79.146.238 - - [15/Mar/2017:09:29:14 -0300] "POST /cormun/servlet/trsolicitudot?bacc267fa9a3bd5c86f174972d50db40,gx-no-cache=1489581027362 HTTP/1.1" 200 5410
192.168.10.89 - - [15/Mar/2017:09:29:16 -0300] "GET /cormun/servlet/trsolicitudot? HTTP/1.1" 200 8931
186.79.146.238 - - [15/Mar/2017:09:29:17 -0300] "GET /cormun/servlet/trautorizarsolicitud? HTTP/1.1" 200 8211
192.168.10.89 - - [15/Mar/2017:09:29:18 -0300] "GET /cormun/servlet/solicitudot?INS,0,0, HTTP/1.1" 200 12723
186.79.146.238 - - [15/Mar/2017:09:29:19 -0300] "GET /cormun/servlet/trautorizarsolicitud? HTTP/1.1" 200 8212
186.79.146.238 - - [15/Mar/2017:09:29:21 -0300] "POST /cormun/servlet/trautorizarsolicitud?bacc267fa9a3bd5c86f174972d50db40,,gx-no-cache=1489581034371 HTTP/1.1" 200 4330
186.79.146.238 - - [15/Mar/2017:09:29:22 -0300] "GET /cormun/static/Shared/jqueryui/images/ui-bg_highlight-soft_100_c6c2c8_1x100.png HTTP/1.1" 404 1117
186.79.146.238 - - [15/Mar/2017:09:29:22 -0300] "GET /cormun/static/Shared/jqueryui/images/ui-icons_82798d_256x240.png HTTP/1.1" 404 1089
186.79.146.238 - - [15/Mar/2017:09:29:22 -0300] "GET /cormun/static/Shared/jqueryui/images/ui-bg_flat_55_fafafa_40x100.png HTTP/1.1" 404 1097
186.79.146.238 - - [15/Mar/2017:09:29:22 -0300] "GET /cormun/static/Shared/jqueryui/images/ui-icons_8d78a5_256x240.png HTTP/1.1" 404 1089
186.79.146.238 - - [15/Mar/2017:09:29:22 -0300] "POST /cormun/servlet/trautorizarsolicitud?bacc267fa9a3bd5c86f174972d50db40,,gx-no-cache=1489581035164 HTTP/1.1" 200 4102
192.168.10.89 - - [15/Mar/2017:09:29:28 -0300] "GET /cormun/servlet/prfichaempleado?,MD,,gxPopupLevel%3D0%3B HTTP/1.1" 200 8773
186.79.98.242 - - [15/Mar/2017:09:29:30 -0300] "GET /cormun/servlet/hlogin HTTP/1.1" 200 1715
192.168.10.89 - - [15/Mar/2017:09:29:34 -0300] "POST /cormun/servlet/prfichaempleado?5bfbbb08af1fb920948b15bfd969b537,,MD,,gxPopupLevel%3D0%3B,gx-no-cache=1489584256639 HTTP/1.1" 200 3467
192.168.10.89 - - [15/Mar/2017:09:29:36 -0300] "POST /cormun/servlet/solicitudot?gx-no-cache=1489584259003 HTTP/1.1" 200 3156
192.168.10.89 - - [15/Mar/2017:09:29:37 -0300] "POST /cormun/servlet/solicitudot?5bfbbb08af1fb920948b15bfd969b537,INS,0,0,,gx-no-cache=1489584259237 HTTP/1.1" 200 9946
192.168.10.89 - - [15/Mar/2017:09:29:38 -0300] "GET /cormun/servlet/solicitudot?8f7822056509103d9293c1c949afd36492730988d9ec21689167bcbf4ed337abe0bfca007c094af3c0ca5ed5d7122eaf,gx-no-cache=1489584260683 HTTP/1.1" 200 30
192.168.10.89 - - [15/Mar/2017:09:29:38 -0300] "POST /cormun/servlet/solicitudot?gx-no-cache=1489584260726 HTTP/1.1" 200 255
192.168.10.89 - - [15/Mar/2017:09:29:38 -0300] "GET /cormun/servlet/solicitudot?8f7822056509103d9293c1c949afd3642709cf907bb5a053bb44a08bf81f648ea256bc4d4f037e908e5c85129e7fb2d33a83d7504544e1318b33af9a4127eaabf2d516e201568e81b794aa99af6bfa37814a1f0b44294106c05758d21694471dcb337ab247ee0468f13f9875c2bd6ac9437e950e568d42798fee1a1497570fea282c7b1c9d9b728f4f86be0767dee2c657633a953facb1a35b5176de8bc2b192b3c4229e31a14b92400d7807983de4b26ce13748962acabc8b3e8301254433b48d0bc9be40caf75771d34de5d665e0cbd679074c9c2c3c03a8c30707370ad85ae03bb01a08c257912c14e78f771637fb96d94d95eb5efc1a2d6f141f7343f9cb9522ebcc5f69a16910d0bf4bc5c30f7de3878634bf14cab8d52df43aae87b4e5b368077ff730fd900e037f441642756a134b534de1260f4182a2f0b5efbed93f362f16b9cb4814ef1139db49a060db512bc14abb9fdb6dacf7d9c9f301433f7e35e7045812e86ad4d86bc88a8cba2703a30cedf6e35a05acedf2aad38049b7dd,gx-no-cache=1489584260754 HTTP/1.1" 200 30
192.168.10.89 - - [15/Mar/2017:09:29:40 -0300] "POST /cormun/servlet/solicitudot?gx-no-cache=1489584262159 HTTP/1.1" 200 30
192.168.10.89 - - [15/Mar/2017:09:29:43 -0300] "POST /cormun/servlet/solicitudot?gx-no-cache=1489584266028 HTTP/1.1" 200 30
186.79.98.242 - - [15/Mar/2017:09:29:44 -0300] "POST /cormun/servlet/hlogin?5ddef10c6464a1337aff9509966b2452,gx-no-cache=1489581052826 HTTP/1.1" 200 423
186.79.146.238 - - [15/Mar/2017:09:29:46 -0300] "GET /cormun/servlet/trsolicitudot? HTTP/1.1" 200 8251
192.168.10.89 - - [15/Mar/2017:09:29:47 -0300] "GET /cormun/servlet/prcontratosol?10747972,,,,,MD,,gxPopupLevel%3D0%3B HTTP/1.1" 200 5876
192.168.10.89 - - [15/Mar/2017:09:29:47 -0300] "GET /cormun/static/gxcfg.js?2016102711553248 HTTP/1.1" 304 -
186.79.146.238 - - [15/Mar/2017:09:29:48 -0300] "GET /cormun/servlet/trsolicitudot? HTTP/1.1" 200 8251
192.168.10.89 - - [15/Mar/2017:09:29:49 -0300] "POST /cormun/servlet/solicitudot?gx-no-cache=1489584271408 HTTP/1.1" 200 1291
192.168.10.89 - - [15/Mar/2017:09:29:49 -0300] "POST /cormun/servlet/solicitudot?gx-no-cache=1489584271571 HTTP/1.1" 200 38
192.168.10.89 - - [15/Mar/2017:09:29:49 -0300] "GET /cormun/servlet/solicitudot?8f7822056509103d9293c1c949afd364a96188c2858227225d8849414c4d73f61abc2ab9a8b7657b5475bcc11c9b609f97fa705ab7579df71e5b190e0a3e5f6262cc5c783f1f7de5c33081ff68cc99bc9ed68c6faaf40c2def1ee12bddb4b74165903657634e08aa77bae1025aafb27b3abf4b14aef9e252a295340956b53f1fb7ee4335e7b208c79eb7b2f850861f6000a301e6a9faafbf7b8594c1b97f3a13,gx-no-cache=1489584271600 HTTP/1.1" 200 29
192.168.10.89 - - [15/Mar/2017:09:29:49 -0300] "POST /cormun/servlet/solicitudot?gx-no-cache=1489584271624 HTTP/1.1" 200 1274
192.168.10.89 - - [15/Mar/2017:09:29:49 -0300] "POST /cormun/servlet/solicitudot?gx-no-cache=1489584271662 HTTP/1.1" 200 1157
186.79.98.242 - - [15/Mar/2017:09:29:50 -0300] "POST /cormun/servlet/hlogin?5ddef10c6464a1337aff9509966b2452,gx-no-cache=1489581059087 HTTP/1.1" 200 423
186.79.146.238 - - [15/Mar/2017:09:29:51 -0300] "GET /cormun/servlet/solicitudot?INS,0,0, HTTP/1.1" 200 12791
186.79.146.238 - - [15/Mar/2017:09:29:53 -0300] "GET /cormun/servlet/solicitudot?INS,0,0, HTTP/1.1" 200 12795
192.168.10.89 - - [15/Mar/2017:09:29:53 -0300] "GET /cormun/servlet/solicitudot?8f7822056509103d9293c1c949afd364a96188c2858227225d8849414c4d73f61abc2ab9a8b7657b5475bcc11c9b609f97fa705ab7579df71e5b190e0a3e5f6262cc5c783f1f7de5c33081ff68cc99bc9ed68c6faaf40c2def1ee12bddb4b74165903657634e08aa77bae1025aafb27b3abf4b14aef9e252a295340956b53f1fb7ee4335e7b208c79eb7b2f850861f6000a301e6a9faafbf7b8594c1b97f3a13,gx-no-cache=1489584275372 HTTP/1.1" 200 29
192.168.10.89 - - [15/Mar/2017:09:29:53 -0300] "POST /cormun/servlet/solicitudot?gx-no-cache=1489584275408 HTTP/1.1" 200 1274
192.168.10.89 - - [15/Mar/2017:09:29:53 -0300] "POST /cormun/servlet/solicitudot?gx-no-cache=1489584275836 HTTP/1.1" 200 1157
192.168.10.89 - - [15/Mar/2017:09:29:58 -0300] "GET /cormun/servlet/solicitudot?8f7822056509103d9293c1c949afd36463297779650e65d89b75d26486ca1dae0acd4a6eb286fe9f0fbdf74463cafe6fec75c04f35ca136ffb16102bc96c1e09d7074a07141dcc593d0ced7f940d807b469f8fc7f2cc2223ccddf863fe2d1c5f1caaedd164263da9c66adfc38e9ff6282d264ff98751a53e4228f1d0e1aced3dd64d12d59f80cfe2a91daebf60d6cf8d737d05bf42dd36ddc5e3d71ddabe415dd2cfb1d0233ec26056fb920cd9a8c774,gx-no-cache=1489584280147 HTTP/1.1" 200 30
186.79.98.242 - - [15/Mar/2017:09:30:00 -0300] "POST /cormun/servlet/hlogin?5ddef10c6464a1337aff9509966b2452,gx-no-cache=1489581068727 HTTP/1.1" 200 90
186.79.98.242 - - [15/Mar/2017:09:30:00 -0300] "GET /cormun/servlet/hpexe_link HTTP/1.1" 200 950
186.79.98.242 - - [15/Mar/2017:09:30:00 -0300] "GET /cormun/servlet/hhome HTTP/1.1" 200 3742
186.79.98.242 - - [15/Mar/2017:09:30:02 -0300] "GET /cormun/servlet/hhome HTTP/1.1" 200 3739
186.103.159.182 - - [15/Mar/2017:09:30:02 -0300] "GET /cormun/servlet/solicitudot?5b7f5d6297e059a87d57e6acb07d5d57e317bc4c2b99f0feea0f02e8f20a9b521c1b26e3475b2eb253249489f5f1e490b6f2f2159aefb21c5bb82315ccb948edc9653792a6dedce423b71f46bb757a4f08596da5e29779bd8d29e0837241c5836263ee1644a6c4ae301e6fa427361c63631364bb9edf9dcb557880fcf8195c59601d8916fe56fb61928416e2033319331045ab66fa7fe7e6492cc4a49e21751570fb452957e67ff74783f4a269604cd6,gx-no-cache=1489581070739 HTTP/1.1" 200 30
186.103.159.182 - - [15/Mar/2017:09:30:03 -0300] "POST /cormun/servlet/solicitudot?58a36192f654e1ea42d1d88af5dfed74,UPD,2017,5541,,gx-no-cache=1489581071104 HTTP/1.1" 200 93
186.103.159.182 - - [15/Mar/2017:09:30:03 -0300] "GET /cormun/servlet/hpexe_return? HTTP/1.1" 200 1013
186.103.159.182 - - [15/Mar/2017:09:30:03 -0300] "GET /cormun/servlet/trsolicitudot HTTP/1.1" 200 10802
192.168.10.89 - - [15/Mar/2017:09:30:03 -0300] "POST /cormun/servlet/solicitudot?5bfbbb08af1fb920948b15bfd969b537,INS,0,0,,gx-no-cache=1489584285593 HTTP/1.1" 200 93
192.168.10.89 - - [15/Mar/2017:09:30:03 -0300] "GET /cormun/servlet/hpexe_return? HTTP/1.1" 200 1006
192.168.10.89 - - [15/Mar/2017:09:30:04 -0300] "GET /cormun/servlet/trsolicitudot HTTP/1.1" 200 9261
186.79.146.238 - - [15/Mar/2017:09:30:05 -0300] "POST /cormun/servlet/solicitudot?gx-no-cache=1489581077793 HTTP/1.1" 200 3175
186.103.159.182 - - [15/Mar/2017:09:30:05 -0300] "GET /cormun/servlet/trsolicitudot HTTP/1.1" 200 10798
186.79.146.238 - - [15/Mar/2017:09:30:05 -0300] "POST /cormun/servlet/solicitudot?bacc267fa9a3bd5c86f174972d50db40,INS,0,0,,gx-no-cache=1489581078355 HTTP/1.1" 200 9960
186.79.98.242 - - [15/Mar/2017:09:30:05 -0300] "GET /cormun/servlet/trsolicitudot? HTTP/1.1" 200 8806
186.79.98.242 - - [15/Mar/2017:09:30:07 -0300] "GET /cormun/servlet/trsolicitudot? HTTP/1.1" 200 8804
192.168.10.89 - - [15/Mar/2017:09:30:07 -0300] "POST /cormun/servlet/trsolicitudot?5bfbbb08af1fb920948b15bfd969b537,gx-no-cache=1489584289701 HTTP/1.1" 200 6227
192.168.10.89 - - [15/Mar/2017:09:30:08 -0300] "POST /cormun/servlet/trsolicitudot?5bfbbb08af1fb920948b15bfd969b537,gx-no-cache=1489584290131 HTTP/1.1" 200 6169
192.168.10.89 - - [15/Mar/2017:09:30:08 -0300] "GET /cormun/static/Shared/jqueryui/images/ui-bg_flat_55_fafafa_40x100.png HTTP/1.1" 404 1097
192.168.10.89 - - [15/Mar/2017:09:30:08 -0300] "GET /cormun/static/Shared/jqueryui/images/ui-icons_8d78a5_256x240.png HTTP/1.1" 404 1089
192.168.10.89 - - [15/Mar/2017:09:30:08 -0300] "GET /cormun/static/Shared/jqueryui/images/ui-icons_82798d_256x240.png HTTP/1.1" 404 1089
192.168.10.89 - - [15/Mar/2017:09:30:08 -0300] "GET /cormun/static/Shared/jqueryui/images/ui-bg_highlight-soft_100_c6c2c8_1x100.png HTTP/1.1" 404 1117
192.168.10.89 - - [15/Mar/2017:09:30:09 -0300] "GET /cormun/servlet/trsolicitudot? HTTP/1.1" 200 8929
186.79.146.238 - - [15/Mar/2017:09:30:11 -0300] "GET /cormun/servlet/solicitudot?b4f5d67d36a9b9dfb3fac3ac7f6a4e3f1f5a7c41f52d26f48a467c5175e3ae17a53dd7eb48335de20e41c5ca7915b872,gx-no-cache=1489581084606 HTTP/1.1" 200 30
186.79.146.238 - - [15/Mar/2017:09:30:11 -0300] "POST /cormun/servlet/solicitudot?gx-no-cache=1489581084726 HTTP/1.1" 200 297
186.79.146.238 - - [15/Mar/2017:09:30:11 -0300] "GET /cormun/servlet/solicitudot?b4f5d67d36a9b9dfb3fac3ac7f6a4e3f6181f96652739bb0b2d1da269f261249a2af9d4078cfeac241d9466607a0acf654ecb10a137667952b925f5be3cc038a2e9c66a960a3b572f2650df2c8b0ed785c4ad33eeba2957553f7481b667fceddc7e1f53f3b1278bcb0c27ba9474d4afffe43b632e9ae41e276d8eacd6a8f8e6318a64bdeedd2ea7426172a7fd83822caa752b064572177b3d6116185b2989f8f790f5404227e152ac8a8db7b65a72b6dc8d66ddba4bddf0b4204fa2cdb2aab4e518bf5380853d8049c1dae4afba4e0369a23e66f5ba6362dbad14d29f69a219b40b0669be7d7aef51d34191a1373ac21ca464ad828a5abd8d8701f11f0bfc0fa2fe14d2319515df3c55e10efcd907d1cb8616d412a999bbed0549840bb21186ccd3e4ce5dd0e2b85d35fa000e2c44bd138d7fb1667ac48c4766f058df260419c8ac8fd99a848830a6bf9299c544cf9b4ac5ece2bd3e61788013fe8c3f9f52bbee7ad80c41838f30139c7dd2e4b6704be214f1abdfe437fecccf8da9d3b2f9ad946c40198a5db6958a5d0cf2a9dab24fc,gx-no-cache=1489581084857 HTTP/1.1" 200 30
186.79.98.242 - - [15/Mar/2017:09:30:13 -0300] "POST /cormun/servlet/trsolicitudot?5ddef10c6464a1337aff9509966b2452,,gx-no-cache=1489581081671 HTTP/1.1" 200 107
186.79.98.242 - - [15/Mar/2017:09:30:14 -0300] "GET /cormun/servlet/trsolicitudadjuntos?2017,5538, HTTP/1.1" 200 8599
192.168.10.89 - - [15/Mar/2017:09:30:15 -0300] "GET /cormun/servlet/trautorizarsolicitud? HTTP/1.1" 200 8546
186.79.98.242 - - [15/Mar/2017:09:30:16 -0300] "GET /cormun/servlet/trsolicitudadjuntos?2017,5538, HTTP/1.1" 200 8603
192.168.10.89 - - [15/Mar/2017:09:30:19 -0300] "POST /cormun/servlet/trautorizarsolicitud?5bfbbb08af1fb920948b15bfd969b537,,gx-no-cache=1489584301204 HTTP/1.1" 200 5451
192.168.10.89 - - [15/Mar/2017:09:30:19 -0300] "POST /cormun/servlet/trautorizarsolicitud?5bfbbb08af1fb920948b15bfd969b537,,gx-no-cache=1489584301571 HTTP/1.1" 200 5398
192.168.10.89 - - [15/Mar/2017:09:30:19 -0300] "GET /cormun/static/Shared/jqueryui/images/ui-bg_flat_55_fafafa_40x100.png HTTP/1.1" 404 1097
192.168.10.89 - - [15/Mar/2017:09:30:19 -0300] "GET /cormun/static/Shared/jqueryui/images/ui-icons_8d78a5_256x240.png HTTP/1.1" 404 1089
192.168.10.89 - - [15/Mar/2017:09:30:19 -0300] "GET /cormun/static/Shared/jqueryui/images/ui-bg_highlight-soft_100_c6c2c8_1x100.png HTTP/1.1" 404 1117
192.168.10.89 - - [15/Mar/2017:09:30:19 -0300] "GET /cormun/static/Shared/jqueryui/images/ui-icons_82798d_256x240.png HTTP/1.1" 404 1089
186.79.98.242 - - [15/Mar/2017:09:30:21 -0300] "GET /cormun/servlet/solicitudotadjuntos?INS,2017,5538,,1, HTTP/1.1" 200 5771
186.79.98.242 - - [15/Mar/2017:09:30:22 -0300] "GET /cormun/static/about:blank HTTP/1.1" 404 1011
186.79.98.242 - - [15/Mar/2017:09:30:22 -0300] "GET /cormun/servlet/solicitudotadjuntos?INS,2017,5538,,1, HTTP/1.1" 200 5765
186.79.98.242 - - [15/Mar/2017:09:30:23 -0300] "GET /cormun/servlet/solicitudotadjuntos?59c02e96c8ca571c1bd29bd940a1441ae5c7ed4d36237a1df956dd7c9d68ae7668aa6fb9328cdd67f7136054b46272e6,gx-no-cache=1489581091779 HTTP/1.1" 200 30
186.79.98.242 - - [15/Mar/2017:09:30:23 -0300] "POST /cormun/servlet/solicitudotadjuntos?5ddef10c6464a1337aff9509966b2452,INS,2017,5538,,1,,gx-no-cache=1489581091930 HTTP/1.1" 200 3665
186.79.98.242 - - [15/Mar/2017:09:30:28 -0300] "POST /cormun/servlet/solicitudotadjuntos?gx-no-cache=1489581097165 HTTP/1.1" 200 26
186.103.159.204 - - [15/Mar/2017:09:30:29 -0300] "GET /cormun/servlet/hpexe_return? HTTP/1.1" 200 980
186.103.159.204 - - [15/Mar/2017:09:30:29 -0300] "GET /cormun/static/gxtimezone.js?85251 HTTP/1.1" 200 5781
186.103.159.204 - - [15/Mar/2017:09:30:29 -0300] "GET /cormun/static/gxcfg.js?2016101716175148 HTTP/1.1" 200 953
186.103.159.204 - - [15/Mar/2017:09:30:29 -0300] "GET /cormun/static/RunJS/RunJS.js HTTP/1.1" 200 288
186.103.159.204 - - [15/Mar/2017:09:30:29 -0300] "GET /cormun/static/messages.spa.js?85251 HTTP/1.1" 200 30736
186.103.159.204 - - [15/Mar/2017:09:30:29 -0300] "GET /cormun/static/Resources/Spanish/PXTools.css?167811 HTTP/1.1" 200 89042
186.103.159.204 - - [15/Mar/2017:09:30:29 -0300] "GET /cormun/static/hpexe_return.js?2016101716175153 HTTP/1.1" 200 1633
186.103.159.204 - - [15/Mar/2017:09:30:29 -0300] "GET /cormun/static/gxgral.js?85251 HTTP/1.1" 200 384558
186.103.159.204 - - [15/Mar/2017:09:30:30 -0300] "GET /cormun/static/Resources/indicator.gif HTTP/1.1" 200 1553
186.103.159.204 - - [15/Mar/2017:09:30:30 -0300] "GET /cormun/servlet/hhome HTTP/1.1" 200 3299
192.168.10.89 - - [15/Mar/2017:09:30:39 -0300] "GET /cormun/servlet/hlogin HTTP/1.1" 200 1744
186.79.98.242 - - [15/Mar/2017:09:30:43 -0300] "GET /cormun/servlet/solicitudotadjuntos?59c02e96c8ca571c1bd29bd940a1441a8ce4e32434e8ef4a906cbda46fce5053,gx-no-cache=1489581112218 HTTP/1.1" 200 30
186.79.98.242 - - [15/Mar/2017:09:30:43 -0300] "GET /cormun/servlet/solicitudotadjuntos?59c02e96c8ca571c1bd29bd940a1441a8ce4e32434e8ef4a906cbda46fce5053,gx-no-cache=1489581112316 HTTP/1.1" 200 30
186.103.159.182 - - [15/Mar/2017:09:30:45 -0300] "POST /cormun/servlet/trsolicitudot?58a36192f654e1ea42d1d88af5dfed74,gx-no-cache=1489581113277 HTTP/1.1" 200 7641
186.103.159.182 - - [15/Mar/2017:09:30:45 -0300] "GET /cormun/static/Shared/jqueryui/images/ui-bg_highlight-soft_100_c6c2c8_1x100.png HTTP/1.1" 404 1117
186.103.159.182 - - [15/Mar/2017:09:30:45 -0300] "GET /cormun/static/Shared/jqueryui/images/ui-icons_82798d_256x240.png HTTP/1.1" 404 1089
186.103.159.182 - - [15/Mar/2017:09:30:45 -0300] "GET /cormun/static/Shared/jqueryui/images/ui-bg_flat_55_fafafa_40x100.png HTTP/1.1" 404 1097
186.103.159.182 - - [15/Mar/2017:09:30:45 -0300] "GET /cormun/static/Shared/jqueryui/images/ui-icons_8d78a5_256x240.png HTTP/1.1" 404 1089
186.103.159.182 - - [15/Mar/2017:09:30:46 -0300] "POST /cormun/servlet/trsolicitudot?58a36192f654e1ea42d1d88af5dfed74,gx-no-cache=1489581114410 HTTP/1.1" 200 7549
192.168.10.89 - - [15/Mar/2017:09:30:49 -0300] "POST /cormun/servlet/hlogin?5bfbbb08af1fb920948b15bfd969b537,gx-no-cache=1489584331235 HTTP/1.1" 200 90
192.168.10.89 - - [15/Mar/2017:09:30:49 -0300] "GET /cormun/servlet/hpexe_link HTTP/1.1" 200 955
192.168.10.89 - - [15/Mar/2017:09:30:49 -0300] "GET /cormun/servlet/hhome HTTP/1.1" 200 4392
186.103.159.182 - - [15/Mar/2017:09:30:51 -0300] "POST /cormun/servlet/trsolicitudot?58a36192f654e1ea42d1d88af5dfed74,gx-no-cache=1489581119306 HTTP/1.1" 200 7233
192.168.10.89 - - [15/Mar/2017:09:30:52 -0300] "GET /cormun/servlet/trsolicitudgral? HTTP/1.1" 200 8711
186.103.159.182 - - [15/Mar/2017:09:30:53 -0300] "POST /cormun/servlet/trsolicitudot?58a36192f654e1ea42d1d88af5dfed74,gx-no-cache=1489581121027 HTTP/1.1" 200 7176
186.103.159.182 - - [15/Mar/2017:09:30:55 -0300] "POST /cormun/servlet/trsolicitudot?58a36192f654e1ea42d1d88af5dfed74,gx-no-cache=1489581123817 HTTP/1.1" 200 6897
186.103.159.182 - - [15/Mar/2017:09:30:56 -0300] "POST /cormun/servlet/trsolicitudot?58a36192f654e1ea42d1d88af5dfed74,gx-no-cache=1489581124873 HTTP/1.1" 200 6839
186.79.146.238 - - [15/Mar/2017:09:30:58 -0300] "POST /cormun/servlet/solicitudot?gx-no-cache=1489581131372 HTTP/1.1" 200 30
192.168.10.89 - - [15/Mar/2017:09:31:01 -0300] "POST /cormun/servlet/trsolicitudgral?5bfbbb08af1fb920948b15bfd969b537,,gx-no-cache=1489584343460 HTTP/1.1" 200 8130
186.103.159.182 - - [15/Mar/2017:09:31:02 -0300] "POST /cormun/servlet/trsolicitudot?58a36192f654e1ea42d1d88af5dfed74,gx-no-cache=1489581130468 HTTP/1.1" 200 6517
186.103.159.182 - - [15/Mar/2017:09:31:03 -0300] "POST /cormun/servlet/trsolicitudot?58a36192f654e1ea42d1d88af5dfed74,gx-no-cache=1489581131350 HTTP/1.1" 200 6459
186.79.98.242 - - [15/Mar/2017:09:31:03 -0300] "POST /cormun/servlet/solicitudotadjuntos?5ddef10c6464a1337aff9509966b2452,INS,2017,5538,,1, HTTP/1.1" 200 116
186.79.98.242 - - [15/Mar/2017:09:31:03 -0300] "GET /cormun/servlet/hpexe_return? HTTP/1.1" 200 1022
186.79.98.242 - - [15/Mar/2017:09:31:04 -0300] "GET /cormun/servlet/trsolicitudadjuntos?2017,5538, HTTP/1.1" 200 8835
192.168.10.89 - - [15/Mar/2017:09:31:04 -0300] "POST /cormun/servlet/trsolicitudgral?5bfbbb08af1fb920948b15bfd969b537,,gx-no-cache=1489584346558 HTTP/1.1" 200 7842
192.168.10.89 - - [15/Mar/2017:09:31:05 -0300] "GET /cormun/static/Shared/jqueryui/images/ui-bg_flat_55_fafafa_40x100.png HTTP/1.1" 404 1097
192.168.10.89 - - [15/Mar/2017:09:31:05 -0300] "GET /cormun/static/Shared/jqueryui/images/ui-bg_highlight-soft_100_c6c2c8_1x100.png HTTP/1.1" 404 1117
192.168.10.89 - - [15/Mar/2017:09:31:05 -0300] "GET /cormun/static/Shared/jqueryui/images/ui-icons_82798d_256x240.png HTTP/1.1" 404 1089
192.168.10.89 - - [15/Mar/2017:09:31:05 -0300] "GET /cormun/static/Shared/jqueryui/images/ui-icons_8d78a5_256x240.png HTTP/1.1" 404 1089
186.79.98.242 - - [15/Mar/2017:09:31:06 -0300] "GET /cormun/servlet/trsolicitudadjuntos?2017,5538, HTTP/1.1" 200 8835
186.103.159.187 - - [15/Mar/2017:09:31:10 -0300] "POST /cormun/servlet/solicitudot?gx-no-cache=1489581136028 HTTP/1.1" 200 255
186.79.146.238 - - [15/Mar/2017:09:31:10 -0300] "POST /cormun/servlet/solicitudot?bacc267fa9a3bd5c86f174972d50db40,INS,0,0,,gx-no-cache=1489581143014 HTTP/1.1" 200 93
186.79.146.238 - - [15/Mar/2017:09:31:10 -0300] "GET /cormun/servlet/hpexe_return? HTTP/1.1" 200 1008
186.79.146.238 - - [15/Mar/2017:09:31:11 -0300] "GET /cormun/servlet/trsolicitudot HTTP/1.1" 200 8255
186.103.159.182 - - [15/Mar/2017:09:31:11 -0300] "GET /cormun/servlet/trautorizarsolicitud? HTTP/1.1" 200 9257
186.79.146.238 - - [15/Mar/2017:09:31:13 -0300] "GET /cormun/servlet/trsolicitudot HTTP/1.1" 200 8251
186.103.159.182 - - [15/Mar/2017:09:31:13 -0300] "GET /cormun/servlet/trautorizarsolicitud? HTTP/1.1" 200 9257
186.103.159.187 - - [15/Mar/2017:09:31:15 -0300] "GET /cormun/servlet/solicitudot?7022acdf7ed952c19def05ca7f27d64dda0f66b2172de0c96256fb7be6915b3e834798d98e769e69a3b2cd078367868063dd5d60e885d7d6ab50df593d3b35a720dcbdcd7e0b4b0911109d7d7e202584f55288f8f8645f9e0e7eb567cf4b5727c981d8898e6449034a9823019bbb6e003a7ee06da6e4fa5c312942e9341544be8c03a0455cf3f3fa91cf79f65d488760d207de3433ebaaacf4c270ffc6c98de5f574f9fed402bbe2074bd6660a827c95948ee16e24e8b9ae0e1984731999f814521e28baf317ad29378be9a32e19b8bd26705b7ccb141904daee2550706c132ec5d436ffa9ba7029765e2108803aa72eae6b68e894c88a219241eeca513a3edac0d33e0a8110f5d46d430db9c05b42a7638e411cab92ea2f9d25096dffcfeb20dbe5c8e1e30d940feccf350838c037f5a3ba25c0800515c84957dd1ada077582be7fff9f36facee3f0647a304b4935e5d17ef35e830cbc03b13eb4ca2f99a12b50875a3249109d99966c9d29754c4ff40d8bbb28e4ae5c94d2f08ed4e493a2e5,gx-no-cache=1489581141548 HTTP/1.1" 200 30
192.168.10.89 - - [15/Mar/2017:09:31:21 -0300] "POST /cormun/servlet/trsolicitudgral?5bfbbb08af1fb920948b15bfd969b537,,gx-no-cache=1489584363067 HTTP/1.1" 200 7427
200.111.191.210 - - [15/Mar/2017:09:31:25 -0300] "GET /cormun/servlet/trlicenciaspermisosadjuntos?16838872,20170315000000,L, HTTP/1.1" 200 6073
200.111.191.210 - - [15/Mar/2017:09:31:25 -0300] "GET /cormun/static/gxcfg.js?2016122813131454 HTTP/1.1" 200 953
200.111.191.210 - - [15/Mar/2017:09:31:25 -0300] "GET /cormun/static/trlicenciaspermisosadjuntos.js?2016122813131728 HTTP/1.1" 200 21008
200.111.191.210 - - [15/Mar/2017:09:31:25 -0300] "GET /cormun/servlet/trlicenciaspermisosadjuntos?16838872,20170315000000,L, HTTP/1.1" 200 6074
200.111.191.210 - - [15/Mar/2017:09:31:28 -0300] "GET /cormun/servlet/licenciaspermisosadjuntos?INS,16838872,L,20170315000000,, HTTP/1.1" 200 5369
200.111.191.210 - - [15/Mar/2017:09:31:29 -0300] "GET /cormun/static/gxcfg.js?2016122813131386 HTTP/1.1" 200 953
200.111.191.210 - - [15/Mar/2017:09:31:29 -0300] "GET /cormun/static/licenciaspermisosadjuntos.js?2016122813131394 HTTP/1.1" 200 8757
200.111.191.210 - - [15/Mar/2017:09:31:29 -0300] "GET /cormun/static/about:blank HTTP/1.1" 404 1011
200.111.191.210 - - [15/Mar/2017:09:31:29 -0300] "GET /cormun/servlet/licenciaspermisosadjuntos?INS,16838872,L,20170315000000,, HTTP/1.1" 200 5359
186.79.98.242 - - [15/Mar/2017:09:31:30 -0300] "GET /cormun/servlet/hlogin HTTP/1.1" 200 1719
192.168.10.89 - - [15/Mar/2017:09:31:32 -0300] "POST /cormun/servlet/trsolicitudgral?5bfbbb08af1fb920948b15bfd969b537,,gx-no-cache=1489584374229 HTTP/1.1" 200 11110
186.103.159.182 - - [15/Mar/2017:09:31:37 -0300] "POST /cormun/servlet/trautorizarsolicitud?58a36192f654e1ea42d1d88af5dfed74,,gx-no-cache=1489581165285 HTTP/1.1" 200 6132
186.103.159.182 - - [15/Mar/2017:09:31:37 -0300] "GET /cormun/static/Shared/jqueryui/images/ui-bg_highlight-soft_100_c6c2c8_1x100.png HTTP/1.1" 404 1117
186.103.159.182 - - [15/Mar/2017:09:31:38 -0300] "GET /cormun/static/Shared/jqueryui/images/ui-icons_82798d_256x240.png HTTP/1.1" 404 1089
186.103.159.182 - - [15/Mar/2017:09:31:38 -0300] "GET /cormun/static/Shared/jqueryui/images/ui-bg_flat_55_fafafa_40x100.png HTTP/1.1" 404 1097
186.103.159.182 - - [15/Mar/2017:09:31:38 -0300] "GET /cormun/static/Shared/jqueryui/images/ui-icons_8d78a5_256x240.png HTTP/1.1" 404 1089
186.103.159.182 - - [15/Mar/2017:09:31:38 -0300] "POST /cormun/servlet/trautorizarsolicitud?58a36192f654e1ea42d1d88af5dfed74,,gx-no-cache=1489581166630 HTTP/1.1" 200 6074
186.103.159.182 - - [15/Mar/2017:09:31:41 -0300] "POST /cormun/servlet/trautorizarsolicitud?58a36192f654e1ea42d1d88af5dfed74,,gx-no-cache=1489581169787 HTTP/1.1" 200 5781
186.103.159.182 - - [15/Mar/2017:09:31:42 -0300] "POST /cormun/servlet/trautorizarsolicitud?58a36192f654e1ea42d1d88af5dfed74,,gx-no-cache=1489581170439 HTTP/1.1" 200 5727
186.103.159.182 - - [15/Mar/2017:09:31:46 -0300] "POST /cormun/servlet/trautorizarsolicitud?58a36192f654e1ea42d1d88af5dfed74,,gx-no-cache=1489581173874 HTTP/1.1" 200 5391
186.103.159.182 - - [15/Mar/2017:09:31:47 -0300] "POST /cormun/servlet/trautorizarsolicitud?58a36192f654e1ea42d1d88af5dfed74,,gx-no-cache=1489581174975 HTTP/1.1" 200 5336
186.103.159.187 - - [15/Mar/2017:09:31:50 -0300] "POST /cormun/servlet/solicitudot?gx-no-cache=1489581176262 HTTP/1.1" 200 30
186.103.159.182 - - [15/Mar/2017:09:31:52 -0300] "POST /cormun/servlet/trautorizarsolicitud?58a36192f654e1ea42d1d88af5dfed74,,gx-no-cache=1489581179466 HTTP/1.1" 200 4300
186.103.159.187 - - [15/Mar/2017:09:31:53 -0300] "POST /cormun/servlet/solicitudot?gx-no-cache=1489581179187 HTTP/1.1" 200 235
186.103.159.182 - - [15/Mar/2017:09:31:53 -0300] "POST /cormun/servlet/trautorizarsolicitud?58a36192f654e1ea42d1d88af5dfed74,,gx-no-cache=1489581181102 HTTP/1.1" 200 4101
186.103.159.187 - - [15/Mar/2017:09:31:53 -0300] "POST /cormun/servlet/solicitudot?gx-no-cache=1489581179287 HTTP/1.1" 200 38
192.168.10.89 - - [15/Mar/2017:09:31:53 -0300] "GET /cormun/servlet/solicitudgral?UPD,2017,5108, HTTP/1.1" 200 12167
186.79.98.242 - - [15/Mar/2017:09:31:54 -0300] "POST /cormun/servlet/hlogin?6db11b1fa099cfbab6070230d3f60fba,gx-no-cache=1489581182126 HTTP/1.1" 200 90
200.111.191.210 - - [15/Mar/2017:09:31:54 -0300] "POST /cormun/servlet/licenciaspermisosadjuntos?85664ce94ac736e27d41604708c4c8d2,INS,16838872,L,20170315000000,, HTTP/1.1" 200 116
186.79.98.242 - - [15/Mar/2017:09:31:54 -0300] "GET /cormun/servlet/hpexe_link HTTP/1.1" 200 954
200.111.191.210 - - [15/Mar/2017:09:31:54 -0300] "GET /cormun/servlet/hpexe_return? HTTP/1.1" 200 1038
186.79.98.242 - - [15/Mar/2017:09:31:54 -0300] "GET /cormun/servlet/hhome HTTP/1.1" 200 3744
200.111.191.210 - - [15/Mar/2017:09:31:54 -0300] "GET /cormun/servlet/trlicenciaspermisosadjuntos?16838872,20170315000000,L, HTTP/1.1" 200 6536
200.111.191.210 - - [15/Mar/2017:09:31:55 -0300] "GET /cormun/servlet/trlicenciaspermisosadjuntos?16838872,20170315000000,L, HTTP/1.1" 200 6533
192.168.10.89 - - [15/Mar/2017:09:31:55 -0300] "POST /cormun/servlet/solicitudgral?gx-no-cache=1489584397687 HTTP/1.1" 200 3161
192.168.10.89 - - [15/Mar/2017:09:31:55 -0300] "GET /cormun/servlet/solicitudgral?8f7822056509103d9293c1c949afd3640f555bd9606e5e533cfd9babd470d50628179e0d2b8084771a1a633282d83fce4a7ba3f7d06166f92f6ff6506ab70acf32c2f6d12285553d55330be884e55c9abecd48c9e0a46c94432a096cf0d6d810cfea3e586019963164396166f202ec36da57188686be0dfba17ba7e3df21dd3e8763b1400c3b801ad2a929cfe9ad1210a6168bd73582afcb15a4b8d46003a109d3e78d62244f248c6050c97ae3c19a500787030f04bb28cba714d2d169127b0599c5213213eb30aa9b899f3868ebfa8efa0ac5f75adc534f6f60f208621c1bd3377e59a94996e77bc0a095f6a3e06c33c11bf422d561eb431f30bda34b773bf6634c12a22d7c6743ef61ebe0b1ca02409358a00239cdb0e7696914aea8a9ef8108f2cd4218fae66be6366ae28630a6e4345d33bcf8cce3befd65e6d2ec419b96cbac42ee903f29cfb5da96b04edbdc1a,gx-no-cache=1489584397901 HTTP/1.1" 200 258
186.79.98.242 - - [15/Mar/2017:09:31:56 -0300] "GET /cormun/servlet/hhome HTTP/1.1" 200 3741
192.168.10.89 - - [15/Mar/2017:09:31:57 -0300] "GET /cormun/servlet/solicitudgral?8f7822056509103d9293c1c949afd364f2014e422c6cf5e71c665d88db6913248d4bdd8776e1d018c197636618d22042e5e02529d2c6f35f314bd856de5d3f90a75bfe73fce4a940f43ddfd3ac08236885082e669eebc9981a155d886c6f2a9e3d8fce1cf6875d0a72f598b83d676bd1599185811207ee680f40c39245eee0b12dbe007e9ae4130063719d91391a27aed8e14fb1f2f73305012cddb8e9018cb5b15405ca813c546e59b3b17cd38a614a99c5213213eb30aa9b899f3868ebfa8e0d06f2badc15fcf0cfac1393ebc69414c7539593943cd7a9d2ad8ace3ee5648311aa12db38f579a113e8beb62c0a1b7cfc4bfa4bf707565fd21b13cc94ea95f29ff96f54521a7fe9aa53582ce666d6708ef03f47602c6b1e2ebc9795aa13cf5f69408459b98f427b2213c309ebc0fe00930c0fc45aa80a7796e7bd4c92aa5afa215e0e939d489c734b9ccbc13ea37534d3f64484b421ee11829c4650c53536b0d221e17da163407867e87080950d526dde5e6eec6d85a7fa3491f4b38a99ed628ed1da6d26d579a7eb23377156cb54eae9cfc835858ac469414261c23a55ce5053ca37248f0331a18de7241c64fd8922e4636a5f3f1c355ac32cc99222664571d757e5f339acb1111328103459de533f95fa6c4d8993680f918b6439bc047c4504a7a0017027a230ff0f108c5b63b130e9cfc835858ac469414261c23a55ce50ee7ccca46fef21f216ffc7c16a3673a42bcff471cb4bbad5d46e6b4ae7edca98e08ed6ec8920658d66f9037c3a6ce6aa,gx-no-cache=1489584399772 HTTP/1.1" 200 48
192.168.10.89 - - [15/Mar/2017:09:31:58 -0300] "POST /cormun/servlet/solicitudgral?5bfbbb08af1fb920948b15bfd969b537,UPD,2017,5108,,gx-no-cache=1489584400569 HTTP/1.1" 200 10535
192.168.10.89 - - [15/Mar/2017:09:31:59 -0300] "GET /cormun/servlet/solicitudgral?8f7822056509103d9293c1c949afd364d8dd39647bd21fff6457c77224e0d1ca345b2acb130137ba5c4689468a06daf7954ca09c23902bc23949f2ec87dd5b5b7729c3e8daf3c8cdee4e8bfe70249b523cdb80d048abbed7cfa01261144bc240f86bf0cba8e3155fd1cb40b959c33ac0,gx-no-cache=1489584401267 HTTP/1.1" 200 29
192.168.10.89 - - [15/Mar/2017:09:31:59 -0300] "POST /cormun/servlet/solicitudgral?gx-no-cache=1489584401303 HTTP/1.1" 200 1250
192.168.10.89 - - [15/Mar/2017:09:31:59 -0300] "POST /cormun/servlet/solicitudgral?gx-no-cache=1489584401343 HTTP/1.1" 200 1154
192.168.10.89 - - [15/Mar/2017:09:32:01 -0300] "POST /cormun/servlet/solicitudgral?5bfbbb08af1fb920948b15bfd969b537,UPD,2017,5108,,gx-no-cache=1489584403097 HTTP/1.1" 200 93
192.168.10.89 - - [15/Mar/2017:09:32:01 -0300] "GET /cormun/servlet/hpexe_return? HTTP/1.1" 200 1013
186.79.98.242 - - [15/Mar/2017:09:32:01 -0300] "GET /cormun/servlet/trsolicitudot? HTTP/1.1" 200 8808
186.103.159.187 - - [15/Mar/2017:09:32:01 -0300] "GET /cormun/servlet/solicitudot?7022acdf7ed952c19def05ca7f27d64de7a0235deeae4db998a4e10c4a95ea2aaa09933298408438b656490f28619abb7fe91acb045067c206dcaadbef4d630c93d3d630e9cf02ad5b1200a813c1333f4721a2d868cfd1db4fd8653911f603623a6671a09d7c69ea07ffcf465b79d0a7,gx-no-cache=1489581187326 HTTP/1.1" 200 29
186.103.159.187 - - [15/Mar/2017:09:32:01 -0300] "POST /cormun/servlet/solicitudot?gx-no-cache=1489581187403 HTTP/1.1" 200 643
192.168.10.89 - - [15/Mar/2017:09:32:01 -0300] "GET /cormun/servlet/trsolicitudgral? HTTP/1.1" 200 14497
186.79.98.242 - - [15/Mar/2017:09:32:02 -0300] "GET /cormun/servlet/trsolicitudot? HTTP/1.1" 200 8806
186.103.159.187 - - [15/Mar/2017:09:32:02 -0300] "POST /cormun/servlet/solicitudot?gx-no-cache=1489581188823 HTTP/1.1" 200 1157
200.111.191.210 - - [15/Mar/2017:09:32:04 -0300] "GET /cormun/servlet/trlicencias? HTTP/1.1" 200 7716
200.111.191.210 - - [15/Mar/2017:09:32:04 -0300] "GET /cormun/servlet/trlicencias? HTTP/1.1" 200 7715
200.111.191.210 - - [15/Mar/2017:09:32:09 -0300] "POST /cormun/servlet/trlicencias?85664ce94ac736e27d41604708c4c8d2,,gx-no-cache=1489584709767 HTTP/1.1" 200 4038
200.111.191.210 - - [15/Mar/2017:09:32:09 -0300] "GET /cormun/static/Shared/jqueryui/images/ui-bg_highlight-soft_100_c6c2c8_1x100.png HTTP/1.1" 404 1117
200.111.191.210 - - [15/Mar/2017:09:32:09 -0300] "GET /cormun/static/Shared/jqueryui/images/ui-icons_8d78a5_256x240.png HTTP/1.1" 404 1089
200.111.191.210 - - [15/Mar/2017:09:32:09 -0300] "GET /cormun/static/Shared/jqueryui/images/ui-icons_82798d_256x240.png HTTP/1.1" 404 1089
200.111.191.210 - - [15/Mar/2017:09:32:09 -0300] "GET /cormun/static/Shared/jqueryui/images/ui-bg_flat_55_fafafa_40x100.png HTTP/1.1" 404 1097
186.79.98.242 - - [15/Mar/2017:09:32:20 -0300] "POST /cormun/servlet/trsolicitudot?6db11b1fa099cfbab6070230d3f60fba,,gx-no-cache=1489581207700 HTTP/1.1" 200 5736
186.79.98.242 - - [15/Mar/2017:09:32:20 -0300] "GET /cormun/static/Shared/jqueryui/images/ui-bg_highlight-soft_100_c6c2c8_1x100.png HTTP/1.1" 404 1117
186.79.98.242 - - [15/Mar/2017:09:32:20 -0300] "GET /cormun/static/Shared/jqueryui/images/ui-icons_82798d_256x240.png HTTP/1.1" 404 1089
186.79.98.242 - - [15/Mar/2017:09:32:20 -0300] "GET /cormun/static/Shared/jqueryui/images/ui-bg_flat_55_fafafa_40x100.png HTTP/1.1" 404 1097
186.79.98.242 - - [15/Mar/2017:09:32:20 -0300] "GET /cormun/static/Shared/jqueryui/images/ui-icons_8d78a5_256x240.png HTTP/1.1" 404 1089
186.79.98.242 - - [15/Mar/2017:09:32:21 -0300] "POST /cormun/servlet/trsolicitudot?6db11b1fa099cfbab6070230d3f60fba,,gx-no-cache=1489581209005 HTTP/1.1" 200 5674
186.103.159.204 - - [15/Mar/2017:09:33:03 -0300] "GET /cormun/servlet/hpexe_return? HTTP/1.1" 200 984
186.103.159.204 - - [15/Mar/2017:09:33:03 -0300] "GET /cormun/static/gxtimezone.js?85251 HTTP/1.1" 200 5781
186.103.159.204 - - [15/Mar/2017:09:33:03 -0300] "GET /cormun/static/gxcfg.js?2016101716175148 HTTP/1.1" 200 953
186.103.159.204 - - [15/Mar/2017:09:33:03 -0300] "GET /cormun/static/RunJS/RunJS.js HTTP/1.1" 200 288
186.103.159.204 - - [15/Mar/2017:09:33:03 -0300] "GET /cormun/static/messages.spa.js?85251 HTTP/1.1" 200 30736
186.103.159.204 - - [15/Mar/2017:09:33:03 -0300] "GET /cormun/static/hpexe_return.js?2016101716175153 HTTP/1.1" 200 1633
186.103.159.204 - - [15/Mar/2017:09:33:03 -0300] "GET /cormun/static/Resources/Spanish/PXTools.css?167811 HTTP/1.1" 200 89042
186.103.159.204 - - [15/Mar/2017:09:33:03 -0300] "GET /cormun/static/gxgral.js?85251 HTTP/1.1" 200 384558
186.103.159.204 - - [15/Mar/2017:09:33:03 -0300] "GET /cormun/static/Resources/indicator.gif HTTP/1.1" 200 1553
186.103.159.204 - - [15/Mar/2017:09:33:03 -0300] "GET /cormun/servlet/hhome HTTP/1.1" 200 3297
186.79.98.242 - - [15/Mar/2017:09:33:38 -0300] "GET /cormun/servlet/hlogin HTTP/1.1" 200 1719
186.79.98.242 - - [15/Mar/2017:09:33:53 -0300] "POST /cormun/servlet/hlogin?3f1c26856b54bc705b61d9e595d2b531,gx-no-cache=1489581302295 HTTP/1.1" 200 423
186.79.98.242 - - [15/Mar/2017:09:33:58 -0300] "POST /cormun/servlet/hlogin?3f1c26856b54bc705b61d9e595d2b531,gx-no-cache=1489581307299 HTTP/1.1" 200 90
186.79.98.242 - - [15/Mar/2017:09:33:59 -0300] "GET /cormun/servlet/hpexe_link HTTP/1.1" 200 953
186.79.98.242 - - [15/Mar/2017:09:33:59 -0300] "GET /cormun/servlet/hhome HTTP/1.1" 200 3875
186.79.98.242 - - [15/Mar/2017:09:34:00 -0300] "GET /cormun/servlet/hhome HTTP/1.1" 200 3871
186.79.98.242 - - [15/Mar/2017:09:34:06 -0300] "GET /cormun/servlet/trautorizarsolicitud? HTTP/1.1" 200 8053
186.79.98.242 - - [15/Mar/2017:09:34:07 -0300] "GET /cormun/servlet/trautorizarsolicitud? HTTP/1.1" 200 8052
186.103.159.182 - - [15/Mar/2017:09:34:13 -0300] "GET /cormun/servlet/trcontratosolicitud? HTTP/1.1" 200 7311
186.79.98.242 - - [15/Mar/2017:09:34:14 -0300] "POST /cormun/servlet/trautorizarsolicitud?3f1c26856b54bc705b61d9e595d2b531,,gx-no-cache=1489581322998 HTTP/1.1" 200 4299
186.103.159.182 - - [15/Mar/2017:09:34:14 -0300] "GET /cormun/servlet/trcontratosolicitud? HTTP/1.1" 200 7311
186.79.98.242 - - [15/Mar/2017:09:34:15 -0300] "GET /cormun/static/Shared/jqueryui/images/ui-bg_highlight-soft_100_c6c2c8_1x100.png HTTP/1.1" 404 1117
