186.103.159.187 - - [15/Mar/2017:09:42:31 -0300] "POST /cormun/servlet/solicitudotadjuntos?c9be17f591090e257884485fa86f0a07,INS,2017,5545,,1,,gx-no-cache=1489581817941 HTTP/1.1" 200 3498
186.103.159.187 - - [15/Mar/2017:09:42:31 -0300] "GET /cormun/static/Resources/blank.jpg HTTP/1.1" 200 631
186.103.159.187 - - [15/Mar/2017:09:42:34 -0300] "POST /cormun/servlet/solicitudotadjuntos?c9be17f591090e257884485fa86f0a07,INS,2017,5545,,1,,gx-no-cache=1489581821001 HTTP/1.1" 200 93
186.103.159.187 - - [15/Mar/2017:09:42:35 -0300] "GET /cormun/servlet/hpexe_return? HTTP/1.1" 200 1027
186.103.159.187 - - [15/Mar/2017:09:42:35 -0300] "GET /cormun/servlet/trsolicitudadjuntos?2017,5545, HTTP/1.1" 200 8309
186.103.158.250 - - [15/Mar/2017:09:42:35 -0300] "GET /cormun/servlet/licenciaspermisos?INS,0,,, HTTP/1.1" 200 7122
186.103.158.250 - - [15/Mar/2017:09:42:35 -0300] "GET /cormun/static/gxcfg.js?2016122619301043 HTTP/1.1" 200 953
200.86.95.220 - - [15/Mar/2017:09:42:36 -0300] "GET /cormun/servlet/solicitudot?INS,0,0, HTTP/1.1" 200 12565
186.103.159.187 - - [15/Mar/2017:09:42:36 -0300] "GET /cormun/servlet/trsolicitudadjuntos?2017,5545, HTTP/1.1" 200 8308
186.103.158.250 - - [15/Mar/2017:09:42:36 -0300] "GET /cormun/static/licenciaspermisos.js?2016122619301096 HTTP/1.1" 200 33213
186.103.158.250 - - [15/Mar/2017:09:42:37 -0300] "GET /cormun/servlet/licenciaspermisos?INS,0,,, HTTP/1.1" 200 7122
200.86.95.220 - - [15/Mar/2017:09:42:37 -0300] "GET /cormun/servlet/solicitudot?INS,0,0, HTTP/1.1" 200 12570
186.103.159.187 - - [15/Mar/2017:09:42:39 -0300] "GET /cormun/servlet/solicitudotadjuntos?INS,2017,5545,,1, HTTP/1.1" 200 5769
186.103.159.187 - - [15/Mar/2017:09:42:39 -0300] "GET /cormun/static/about:blank HTTP/1.1" 404 1011
186.103.159.187 - - [15/Mar/2017:09:42:40 -0300] "GET /cormun/servlet/solicitudotadjuntos?INS,2017,5545,,1, HTTP/1.1" 200 5763
186.103.159.187 - - [15/Mar/2017:09:42:40 -0300] "GET /cormun/servlet/solicitudotadjuntos?7022acdf7ed952c19def05ca7f27d64d07fcd4b08cfce212b36629cdcefebe58e8174271fb787a3db28f0c43a89b3d51,gx-no-cache=1489581826928 HTTP/1.1" 200 30
186.103.159.187 - - [15/Mar/2017:09:42:40 -0300] "POST /cormun/servlet/solicitudotadjuntos?c9be17f591090e257884485fa86f0a07,INS,2017,5545,,1,,gx-no-cache=1489581826977 HTTP/1.1" 200 3673
186.103.159.182 - - [15/Mar/2017:09:42:47 -0300] "GET /cormun/servlet/solicitudot?5b7f5d6297e059a87d57e6acb07d5d57b9c40854f03656a6fd1cb18e30779a8de5d545ab0afaa84f285ff18d83a4c0440a8af880a6f309caf94983fe4e65a2c6987dda38c517ba02d3921cb0f55c3b4e467793327f6f0b676a51f207584ef3de9994c18854dd51b499cc7849bfbc9539d3ecc6c6e0cba9ddb46ccb40b6794be558cd3c7226babc30f070f50b6e103ffa97a66a433427268eaeda0e6942fc70aa,gx-no-cache=1489581835723 HTTP/1.1" 200 29
186.103.159.182 - - [15/Mar/2017:09:42:47 -0300] "POST /cormun/servlet/solicitudot?gx-no-cache=1489581835800 HTTP/1.1" 200 1274
186.103.159.182 - - [15/Mar/2017:09:42:47 -0300] "POST /cormun/servlet/solicitudot?gx-no-cache=1489581835960 HTTP/1.1" 200 1157
186.103.159.187 - - [15/Mar/2017:09:42:48 -0300] "POST /cormun/servlet/solicitudotadjuntos?gx-no-cache=1489581835068 HTTP/1.1" 200 26
186.103.159.182 - - [15/Mar/2017:09:42:52 -0300] "GET /cormun/static/menuarrow.gif HTTP/1.1" 404 1015
186.103.159.187 - - [15/Mar/2017:09:42:52 -0300] "GET /cormun/servlet/solicitudotadjuntos?7022acdf7ed952c19def05ca7f27d64d33becb806db7e82233d2afbbe2a42479,gx-no-cache=1489581838325 HTTP/1.1" 200 30
186.103.159.187 - - [15/Mar/2017:09:42:52 -0300] "GET /cormun/servlet/solicitudotadjuntos?7022acdf7ed952c19def05ca7f27d64d33becb806db7e82233d2afbbe2a42479,gx-no-cache=1489581838371 HTTP/1.1" 200 30
186.103.159.187 - - [15/Mar/2017:09:42:52 -0300] "POST /cormun/servlet/solicitudotadjuntos?c9be17f591090e257884485fa86f0a07,INS,2017,5545,,1,,gx-no-cache=1489581838429 HTTP/1.1" 200 93
186.103.159.187 - - [15/Mar/2017:09:42:52 -0300] "GET /cormun/servlet/hpexe_return? HTTP/1.1" 200 1027
186.103.159.187 - - [15/Mar/2017:09:42:52 -0300] "GET /cormun/servlet/trsolicitudadjuntos?2017,5545, HTTP/1.1" 200 8431
186.103.159.187 - - [15/Mar/2017:09:42:54 -0300] "GET /cormun/servlet/trsolicitudadjuntos?2017,5545, HTTP/1.1" 200 8427
186.103.158.250 - - [15/Mar/2017:09:42:54 -0300] "GET /cormun/servlet/licenciaspermisos?eb8d176815df70a368eef4516b8d8415c65cf70e5fdd803d673f26dfcb2349ab33adec1d997e5cfbf9bc8848bfd3215e,gx-no-cache=1489581843077 HTTP/1.1" 200 31
186.103.158.250 - - [15/Mar/2017:09:42:54 -0300] "POST /cormun/servlet/licenciaspermisos?31f2564a6c17e7e4167197d6a5f2c985,INS,0,,,,gx-no-cache=1489581843184 HTTP/1.1" 200 4391
186.103.159.182 - - [15/Mar/2017:09:43:01 -0300] "GET /cormun/servlet/solicitudot?5b7f5d6297e059a87d57e6acb07d5d570735f6ac3e6a9be69b3dff0454adc911fc9ce6834acaf7e24affe8316d675a8d9059a1c9093f3a345b3b4a2117b30bde540a1ec44ded380d078b01286ff8079dbf9d8e172b7fb4be83a8c2f413b43f3055bceaec440036b4a57740d4020da26701f91444d74258805342a2488b1b7504fc09c2bf1fd9dd753e8210e0b4b10f4a8c5e49e1a970e5e70f2fdde642598fd1cbbda108a194834387c9398d7d0ce83d,gx-no-cache=1489581849655 HTTP/1.1" 200 30
186.103.159.187 - - [15/Mar/2017:09:43:02 -0300] "GET /cormun/servlet/solicitudotadjuntos?DLT,2017,5545,CERTIF3,0, HTTP/1.1" 200 5665
186.103.159.187 - - [15/Mar/2017:09:43:02 -0300] "GET /cormun/static/about:blank HTTP/1.1" 404 1011
186.103.159.187 - - [15/Mar/2017:09:43:03 -0300] "GET /cormun/static/Shared/jqueryui/images/ui-bg_highlight-soft_100_c6c2c8_1x100.png HTTP/1.1" 404 1117
186.103.159.187 - - [15/Mar/2017:09:43:03 -0300] "GET /cormun/static/Shared/jqueryui/images/ui-icons_82798d_256x240.png HTTP/1.1" 404 1089
186.103.159.187 - - [15/Mar/2017:09:43:03 -0300] "GET /cormun/static/Shared/jqueryui/images/ui-icons_8d78a5_256x240.png HTTP/1.1" 404 1089
186.103.159.187 - - [15/Mar/2017:09:43:03 -0300] "GET /cormun/servlet/solicitudotadjuntos?DLT,2017,5545,CERTIF3,0, HTTP/1.1" 200 5659
186.103.159.187 - - [15/Mar/2017:09:43:03 -0300] "GET /cormun/static/Shared/jqueryui/images/ui-bg_flat_55_fafafa_40x100.png HTTP/1.1" 404 1097
186.103.159.187 - - [15/Mar/2017:09:43:04 -0300] "POST /cormun/servlet/solicitudotadjuntos?c9be17f591090e257884485fa86f0a07,DLT,2017,5545,CERTIF3,0,,gx-no-cache=1489581850804 HTTP/1.1" 200 93
186.103.159.187 - - [15/Mar/2017:09:43:04 -0300] "GET /cormun/servlet/hpexe_return? HTTP/1.1" 200 1033
186.103.159.187 - - [15/Mar/2017:09:43:05 -0300] "GET /cormun/servlet/trsolicitudadjuntos?2017,5545, HTTP/1.1" 200 8310
186.103.159.187 - - [15/Mar/2017:09:43:06 -0300] "GET /cormun/servlet/trsolicitudadjuntos?2017,5545, HTTP/1.1" 200 8308
186.103.159.187 - - [15/Mar/2017:09:43:07 -0300] "GET /cormun/servlet/solicitudotadjuntos?INS,2017,5545,,1, HTTP/1.1" 200 5769
186.103.159.187 - - [15/Mar/2017:09:43:08 -0300] "GET /cormun/static/about:blank HTTP/1.1" 404 1011
186.103.159.187 - - [15/Mar/2017:09:43:08 -0300] "GET /cormun/servlet/solicitudotadjuntos?INS,2017,5545,,1, HTTP/1.1" 200 5763
186.103.159.187 - - [15/Mar/2017:09:43:09 -0300] "GET /cormun/servlet/solicitudotadjuntos?7022acdf7ed952c19def05ca7f27d64d07fcd4b08cfce212b36629cdcefebe58e8174271fb787a3db28f0c43a89b3d51,gx-no-cache=1489581855302 HTTP/1.1" 200 30
186.103.159.187 - - [15/Mar/2017:09:43:09 -0300] "POST /cormun/servlet/solicitudotadjuntos?c9be17f591090e257884485fa86f0a07,INS,2017,5545,,1,,gx-no-cache=1489581855366 HTTP/1.1" 200 3673
186.103.159.187 - - [15/Mar/2017:09:43:12 -0300] "POST /cormun/servlet/solicitudotadjuntos?gx-no-cache=1489581858227 HTTP/1.1" 200 26
186.103.159.182 - - [15/Mar/2017:09:43:16 -0300] "POST /cormun/servlet/solicitudot?58a36192f654e1ea42d1d88af5dfed74,INS,0,0,,gx-no-cache=1489581863743 HTTP/1.1" 200 93
186.103.159.182 - - [15/Mar/2017:09:43:16 -0300] "GET /cormun/servlet/hpexe_return? HTTP/1.1" 200 1008
186.103.159.182 - - [15/Mar/2017:09:43:16 -0300] "GET /cormun/servlet/trsolicitudot HTTP/1.1" 200 9668
186.103.159.187 - - [15/Mar/2017:09:43:18 -0300] "POST /cormun/servlet/solicitudotadjuntos?gx-no-cache=1489581864166 HTTP/1.1" 200 26
186.103.159.182 - - [15/Mar/2017:09:43:18 -0300] "GET /cormun/servlet/trsolicitudot HTTP/1.1" 200 9664
186.103.159.187 - - [15/Mar/2017:09:43:18 -0300] "GET /cormun/servlet/solicitudotadjuntos?7022acdf7ed952c19def05ca7f27d64d33becb806db7e82233d2afbbe2a42479,gx-no-cache=1489581865102 HTTP/1.1" 200 30
186.103.159.187 - - [15/Mar/2017:09:43:19 -0300] "GET /cormun/servlet/solicitudotadjuntos?7022acdf7ed952c19def05ca7f27d64d33becb806db7e82233d2afbbe2a42479,gx-no-cache=1489581865148 HTTP/1.1" 200 30
186.103.158.250 - - [15/Mar/2017:09:43:20 -0300] "GET /cormun/static/menuarrow.gif HTTP/1.1" 404 1015
186.103.159.187 - - [15/Mar/2017:09:43:20 -0300] "POST /cormun/servlet/solicitudotadjuntos?c9be17f591090e257884485fa86f0a07,INS,2017,5545,,1, HTTP/1.1" 200 116
186.103.159.187 - - [15/Mar/2017:09:43:20 -0300] "GET /cormun/servlet/hpexe_return? HTTP/1.1" 200 1027
186.103.159.187 - - [15/Mar/2017:09:43:21 -0300] "GET /cormun/servlet/trsolicitudadjuntos?2017,5545, HTTP/1.1" 200 8451
186.103.159.187 - - [15/Mar/2017:09:43:22 -0300] "GET /cormun/servlet/trsolicitudadjuntos?2017,5545, HTTP/1.1" 200 8447
200.86.95.220 - - [15/Mar/2017:09:43:46 -0300] "POST /cormun/servlet/solicitudot?gx-no-cache=1489581896846 HTTP/1.1" 200 3081
200.86.95.220 - - [15/Mar/2017:09:43:46 -0300] "POST /cormun/servlet/solicitudot?e1b1e0e9ec63efaad2552536cb43bba9,INS,0,0,,gx-no-cache=1489581897296 HTTP/1.1" 200 9674
200.86.95.220 - - [15/Mar/2017:09:43:52 -0300] "GET /cormun/servlet/solicitudot?e6b6bdcdfb3e4c459947cc76875e9cef7d535337931f4e45614ccbbe13194882c5924f5ec38cd3cbda9cea9e558bcae8,gx-no-cache=1489581903421 HTTP/1.1" 200 30
200.86.95.220 - - [15/Mar/2017:09:45:05 -0300] "POST /cormun/servlet/solicitudot?gx-no-cache=1489581975473 HTTP/1.1" 200 297
200.86.95.220 - - [15/Mar/2017:09:45:05 -0300] "GET /cormun/servlet/solicitudot?e6b6bdcdfb3e4c459947cc76875e9cef26fd19892a0e794a84aa440fd40ff9e01609a9abdc9cd4992c47fb62c5c7f879fdf3819504a99fdf559e563c5750ceb97b8b3c02dea4f5880a1082b543dc13e848a83bbdf6028246c070e76dee2e190e2a18856f521581ab85fef38a4f4a9a9f938a4f6fd919ca0726a1dbb70741bc2e5975cb7a25d27caa4ee1eec6dd1e079589977d1ff9eb4f44d9eb1e2f80aaa1aedec2900b0a585f296a60880afdf11039b6a667d1f29743a1c8e0eb4ee8338ed1242463eee3eeb8cb8566ca78a1e2d84cd466d250af47991ebb428d83706b4b41bc6ae440eabb6071bc47cce0ebbe4920dc28713a0e298d7231a7f52cc5706d257a8acff30d3c0ef5b9fea2b6cf0ad1dd03aebc62c653f08ad0c1865d0bd0d0d3d19ffe5b5891e61643a26986936edc46baf12109868e2bb2ca939904ef6186ac90eb7aff5099051806b83ef97a48d8f49385608e9befe3fd3701cb36dcf2c36549b8d5f606f18ad80dd9e3f36c7a922e4c0a5b5f1c2771c01f015dd842e34e397f1dc8b7edd539ccd56b66320aa174fa,gx-no-cache=1489581975999 HTTP/1.1" 200 30
200.86.95.220 - - [15/Mar/2017:09:45:34 -0300] "POST /cormun/servlet/solicitudot?gx-no-cache=1489582005010 HTTP/1.1" 200 30
186.103.159.187 - - [15/Mar/2017:09:45:39 -0300] "GET /cormun/servlet/solicitudotadjuntos?INS,2017,5545,,1, HTTP/1.1" 200 5770
186.103.159.187 - - [15/Mar/2017:09:45:40 -0300] "GET /cormun/static/about:blank HTTP/1.1" 404 1011
186.103.159.187 - - [15/Mar/2017:09:45:40 -0300] "GET /cormun/servlet/solicitudotadjuntos?INS,2017,5545,,1, HTTP/1.1" 200 5764
186.103.159.187 - - [15/Mar/2017:09:45:40 -0300] "GET /cormun/servlet/solicitudotadjuntos?7022acdf7ed952c19def05ca7f27d64d07fcd4b08cfce212b36629cdcefebe58e8174271fb787a3db28f0c43a89b3d51,gx-no-cache=1489582006966 HTTP/1.1" 200 30
186.103.159.187 - - [15/Mar/2017:09:45:41 -0300] "POST /cormun/servlet/solicitudotadjuntos?c9be17f591090e257884485fa86f0a07,INS,2017,5545,,1,,gx-no-cache=1489582007044 HTTP/1.1" 200 3675
200.86.95.220 - - [15/Mar/2017:09:45:43 -0300] "GET /cormun/static/Resources/resize.gif HTTP/1.1" 200 77
186.103.159.187 - - [15/Mar/2017:09:45:45 -0300] "POST /cormun/servlet/solicitudotadjuntos?gx-no-cache=1489582011436 HTTP/1.1" 200 26
200.86.95.220 - - [15/Mar/2017:09:45:50 -0300] "GET /cormun/servlet/prfichaempleado?,MD,,gxPopupLevel%3D0%3B HTTP/1.1" 200 8814
200.86.95.220 - - [15/Mar/2017:09:45:51 -0300] "GET /cormun/static/gxcfg.js?2016102420561687 HTTP/1.1" 200 953
200.86.95.220 - - [15/Mar/2017:09:45:51 -0300] "GET /cormun/static/Resources/PXToolsMenuSearch.png HTTP/1.1" 200 2914
200.86.95.220 - - [15/Mar/2017:09:45:51 -0300] "GET /cormun/static/prfichaempleado.js?201610242056198 HTTP/1.1" 200 16015
200.86.95.220 - - [15/Mar/2017:09:45:51 -0300] "GET /cormun/static/menusearch.js?201610171694467 HTTP/1.1" 200 1424
200.86.95.220 - - [15/Mar/2017:09:45:51 -0300] "GET /cormun/static/hmpwkw011.js?201612218515582 HTTP/1.1" 200 1968
200.86.95.220 - - [15/Mar/2017:09:45:51 -0300] "GET /cormun/static/Resources/PXToolsMenuSearchCancel.png HTTP/1.1" 200 2972
200.86.95.220 - - [15/Mar/2017:09:46:14 -0300] "POST /cormun/servlet/prfichaempleado?e1b1e0e9ec63efaad2552536cb43bba9,,MD,,gxPopupLevel%3D0%3B,gx-no-cache=1489582045251 HTTP/1.1" 200 3402
186.103.159.187 - - [15/Mar/2017:09:46:19 -0300] "GET /cormun/servlet/solicitudotadjuntos?7022acdf7ed952c19def05ca7f27d64d33becb806db7e82233d2afbbe2a42479,gx-no-cache=1489582045681 HTTP/1.1" 200 30
186.103.159.187 - - [15/Mar/2017:09:46:19 -0300] "GET /cormun/servlet/solicitudotadjuntos?7022acdf7ed952c19def05ca7f27d64d33becb806db7e82233d2afbbe2a42479,gx-no-cache=1489582045791 HTTP/1.1" 200 30
186.103.159.187 - - [15/Mar/2017:09:46:20 -0300] "POST /cormun/servlet/solicitudotadjuntos?c9be17f591090e257884485fa86f0a07,INS,2017,5545,,1, HTTP/1.1" 200 116
186.103.159.187 - - [15/Mar/2017:09:46:20 -0300] "GET /cormun/servlet/hpexe_return? HTTP/1.1" 200 1027
200.86.95.220 - - [15/Mar/2017:09:46:21 -0300] "GET /cormun/servlet/prlicenciaspermisos?17136583,L,,MD,,gxPopupLevel%3D0%3B HTTP/1.1" 200 5466
200.86.95.220 - - [15/Mar/2017:09:46:21 -0300] "GET /cormun/static/gxcfg.js?2016122619302491 HTTP/1.1" 200 953
200.86.95.220 - - [15/Mar/2017:09:46:21 -0300] "GET /cormun/static/prlicenciaspermisos.js?2016122619302645 HTTP/1.1" 200 13363
186.103.159.187 - - [15/Mar/2017:09:46:21 -0300] "GET /cormun/servlet/trsolicitudadjuntos?2017,5545, HTTP/1.1" 200 8617
186.103.159.187 - - [15/Mar/2017:09:46:22 -0300] "GET /cormun/servlet/trsolicitudadjuntos?2017,5545, HTTP/1.1" 200 8615
200.86.95.220 - - [15/Mar/2017:09:46:30 -0300] "POST /cormun/servlet/solicitudot?gx-no-cache=1489582061041 HTTP/1.1" 200 1291
200.86.95.220 - - [15/Mar/2017:09:46:32 -0300] "POST /cormun/servlet/solicitudot?gx-no-cache=1489582063247 HTTP/1.1" 200 41
186.103.159.187 - - [15/Mar/2017:09:46:55 -0300] "POST /cormun/servlet/trsolicitudadjuntos?c9be17f591090e257884485fa86f0a07,2017,5545,,gx-no-cache=1489582081106 HTTP/1.1" 200 90
186.103.159.187 - - [15/Mar/2017:09:46:55 -0300] "GET /cormun/servlet/hpexe_link HTTP/1.1" 200 975
186.103.159.187 - - [15/Mar/2017:09:46:55 -0300] "GET /cormun/servlet/trsolicitudot? HTTP/1.1" 200 8437
186.103.159.187 - - [15/Mar/2017:09:46:56 -0300] "GET /cormun/servlet/trsolicitudot? HTTP/1.1" 200 8436
186.103.159.187 - - [15/Mar/2017:09:47:01 -0300] "POST /cormun/servlet/trsolicitudot?c9be17f591090e257884485fa86f0a07,,gx-no-cache=1489582087757 HTTP/1.1" 200 5758
186.103.159.187 - - [15/Mar/2017:09:47:01 -0300] "GET /cormun/static/Shared/jqueryui/images/ui-bg_highlight-soft_100_c6c2c8_1x100.png HTTP/1.1" 404 1117
186.103.159.187 - - [15/Mar/2017:09:47:01 -0300] "GET /cormun/static/Shared/jqueryui/images/ui-bg_flat_55_fafafa_40x100.png HTTP/1.1" 404 1097
186.103.159.187 - - [15/Mar/2017:09:47:01 -0300] "GET /cormun/static/Shared/jqueryui/images/ui-icons_8d78a5_256x240.png HTTP/1.1" 404 1089
186.103.159.187 - - [15/Mar/2017:09:47:01 -0300] "GET /cormun/static/Shared/jqueryui/images/ui-icons_82798d_256x240.png HTTP/1.1" 404 1089
200.86.95.220 - - [15/Mar/2017:09:47:09 -0300] "GET /cormun/servlet/solicitudot?e6b6bdcdfb3e4c459947cc76875e9cefc2be5f2c2c20d354e75a6e158c1314bb479b716e37e0b6f1d500d6401d50a01f69980b44fc6b5379e65b60f186acd1c081891aeba3261f99d5d2bf4c20772fa832ec61c9393634ba3946246e8b41aedace91b8a882a0a4f4e7bde70db85a4c9d,gx-no-cache=1489582099702 HTTP/1.1" 200 29
200.86.95.220 - - [15/Mar/2017:09:47:09 -0300] "POST /cormun/servlet/solicitudot?gx-no-cache=1489582099844 HTTP/1.1" 200 1275
200.86.95.220 - - [15/Mar/2017:09:47:14 -0300] "POST /cormun/servlet/solicitudot?gx-no-cache=1489582105323 HTTP/1.1" 200 1156
200.86.95.220 - - [15/Mar/2017:09:47:14 -0300] "GET /cormun/static/menuarrow.gif HTTP/1.1" 404 1015
186.103.159.182 - - [15/Mar/2017:09:47:17 -0300] "POST /cormun/servlet/trsolicitudot?58a36192f654e1ea42d1d88af5dfed74,gx-no-cache=1489582105760 HTTP/1.1" 200 6518
186.103.159.182 - - [15/Mar/2017:09:47:17 -0300] "GET /cormun/static/Shared/jqueryui/images/ui-bg_highlight-soft_100_c6c2c8_1x100.png HTTP/1.1" 404 1117
186.103.159.182 - - [15/Mar/2017:09:47:17 -0300] "GET /cormun/static/Shared/jqueryui/images/ui-icons_82798d_256x240.png HTTP/1.1" 404 1089
186.103.159.182 - - [15/Mar/2017:09:47:17 -0300] "GET /cormun/static/Shared/jqueryui/images/ui-bg_flat_55_fafafa_40x100.png HTTP/1.1" 404 1097
186.103.159.182 - - [15/Mar/2017:09:47:17 -0300] "GET /cormun/static/Shared/jqueryui/images/ui-icons_8d78a5_256x240.png HTTP/1.1" 404 1089
186.103.159.182 - - [15/Mar/2017:09:47:18 -0300] "POST /cormun/servlet/trsolicitudot?58a36192f654e1ea42d1d88af5dfed74,gx-no-cache=1489582106537 HTTP/1.1" 200 6461
186.103.159.187 - - [15/Mar/2017:09:47:21 -0300] "POST /cormun/servlet/trsolicitudot?c9be17f591090e257884485fa86f0a07,,gx-no-cache=1489582107457 HTTP/1.1" 200 5758
186.103.159.182 - - [15/Mar/2017:09:47:23 -0300] "GET /cormun/servlet/trautorizarsolicitud? HTTP/1.1" 200 8220
186.103.159.187 - - [15/Mar/2017:09:47:25 -0300] "GET /cormun/static/Shared/jqueryui/images/ui-bg_highlight-soft_100_eae6ea_1x100.png HTTP/1.1" 404 1117
186.103.159.182 - - [15/Mar/2017:09:47:25 -0300] "GET /cormun/servlet/trautorizarsolicitud? HTTP/1.1" 200 8220
186.103.159.182 - - [15/Mar/2017:09:47:34 -0300] "POST /cormun/servlet/trautorizarsolicitud?58a36192f654e1ea42d1d88af5dfed74,,gx-no-cache=1489582122567 HTTP/1.1" 200 4320
186.103.159.182 - - [15/Mar/2017:09:47:34 -0300] "GET /cormun/static/Shared/jqueryui/images/ui-bg_highlight-soft_100_c6c2c8_1x100.png HTTP/1.1" 404 1117
186.103.159.182 - - [15/Mar/2017:09:47:34 -0300] "GET /cormun/static/Shared/jqueryui/images/ui-bg_flat_55_fafafa_40x100.png HTTP/1.1" 404 1097
186.103.159.182 - - [15/Mar/2017:09:47:34 -0300] "GET /cormun/static/Shared/jqueryui/images/ui-icons_8d78a5_256x240.png HTTP/1.1" 404 1089
186.103.159.182 - - [15/Mar/2017:09:47:34 -0300] "GET /cormun/static/Shared/jqueryui/images/ui-icons_82798d_256x240.png HTTP/1.1" 404 1089
186.103.159.182 - - [15/Mar/2017:09:47:35 -0300] "POST /cormun/servlet/trautorizarsolicitud?58a36192f654e1ea42d1d88af5dfed74,,gx-no-cache=1489582123093 HTTP/1.1" 200 4102
186.103.159.187 - - [15/Mar/2017:09:47:40 -0300] "GET /cormun/servlet/trsolicitudot? HTTP/1.1" 200 8436
186.103.159.187 - - [15/Mar/2017:09:47:41 -0300] "GET /cormun/servlet/trsolicitudot? HTTP/1.1" 200 8436
186.103.159.187 - - [15/Mar/2017:09:47:44 -0300] "POST /cormun/servlet/trsolicitudot?c9be17f591090e257884485fa86f0a07,,gx-no-cache=1489582130163 HTTP/1.1" 200 5676
186.103.159.187 - - [15/Mar/2017:09:47:47 -0300] "GET /cormun/servlet/solicitudot?INS,0,0, HTTP/1.1" 200 12547
186.103.159.187 - - [15/Mar/2017:09:47:48 -0300] "GET /cormun/servlet/solicitudot?INS,0,0, HTTP/1.1" 200 12552
186.103.159.182 - - [15/Mar/2017:09:48:04 -0300] "GET /cormun/servlet/trvisualizadoreventos? HTTP/1.1" 200 6776
186.103.159.182 - - [15/Mar/2017:09:48:04 -0300] "GET /cormun/static/gxcfg.js?2016101716203350 HTTP/1.1" 304 -
186.103.159.182 - - [15/Mar/2017:09:48:06 -0300] "GET /cormun/servlet/trvisualizadoreventos? HTTP/1.1" 200 6776
186.103.159.187 - - [15/Mar/2017:09:48:07 -0300] "POST /cormun/servlet/solicitudot?gx-no-cache=1489582153795 HTTP/1.1" 200 3081
186.103.159.187 - - [15/Mar/2017:09:48:08 -0300] "POST /cormun/servlet/solicitudot?c9be17f591090e257884485fa86f0a07,INS,0,0,,gx-no-cache=1489582154043 HTTP/1.1" 200 9680
186.103.159.187 - - [15/Mar/2017:09:48:13 -0300] "GET /cormun/servlet/solicitudot?7022acdf7ed952c19def05ca7f27d64db31f09ad2c78a83e5f5a8ca8f13fb5914ee42dbc6048cb64827a85df6fe854e0,gx-no-cache=1489582159830 HTTP/1.1" 200 30
186.103.159.204 - - [15/Mar/2017:09:49:48 -0300] "GET /cormun/servlet/hpexe_return? HTTP/1.1" 200 982
186.103.159.204 - - [15/Mar/2017:09:49:48 -0300] "GET /cormun/static/gxtimezone.js?85251 HTTP/1.1" 200 5781
186.103.159.204 - - [15/Mar/2017:09:49:48 -0300] "GET /cormun/static/gxcfg.js?2016101716175148 HTTP/1.1" 200 953
186.103.159.204 - - [15/Mar/2017:09:49:48 -0300] "GET /cormun/static/RunJS/RunJS.js HTTP/1.1" 200 288
186.103.159.204 - - [15/Mar/2017:09:49:48 -0300] "GET /cormun/static/hpexe_return.js?2016101716175153 HTTP/1.1" 200 1633
186.103.159.204 - - [15/Mar/2017:09:49:48 -0300] "GET /cormun/static/messages.spa.js?85251 HTTP/1.1" 200 30736
186.103.159.204 - - [15/Mar/2017:09:49:48 -0300] "GET /cormun/static/Resources/Spanish/PXTools.css?167811 HTTP/1.1" 200 89042
186.103.159.204 - - [15/Mar/2017:09:49:48 -0300] "GET /cormun/static/gxgral.js?85251 HTTP/1.1" 200 384558
186.103.159.204 - - [15/Mar/2017:09:49:48 -0300] "GET /cormun/static/Resources/indicator.gif HTTP/1.1" 200 1553
186.103.159.204 - - [15/Mar/2017:09:49:48 -0300] "GET /cormun/servlet/hhome HTTP/1.1" 200 3305
186.103.159.187 - - [15/Mar/2017:09:49:51 -0300] "POST /cormun/servlet/solicitudot?gx-no-cache=1489582257917 HTTP/1.1" 200 255
186.103.159.187 - - [15/Mar/2017:09:49:54 -0300] "GET /cormun/servlet/solicitudot?7022acdf7ed952c19def05ca7f27d64dda0f66b2172de0c96256fb7be6915b3e834798d98e769e69a3b2cd078367868063dd5d60e885d7d6ab50df593d3b35a720dcbdcd7e0b4b0911109d7d7e202584f55288f8f8645f9e0e7eb567cf4b5727c981d8898e6449034a9823019bbb6e003a7ee06da6e4fa5c312942e9341544be8c03a0455cf3f3fa91cf79f65d488760d207de3433ebaaacf4c270ffc6c98de5f574f9fed402bbe2074bd6660a827c95948ee16e24e8b9ae0e1984731999f814521e28baf317ad29378be9a32e19b8bd26705b7ccb141904daee2550706c132ec5d436ffa9ba7029765e2108803aa72eae6b68e894c88a219241eeca513a3edac0d33e0a8110f5d46d430db9c05b42a7638e411cab92ea2f9d25096dffcfeb20dbe5c8e1e30d940feccf350838c037f5a3ba25c0800515c84957dd1ada077582be7fff9f36facee3f0647a304b4935e5d17ef35e830cbc03b13eb4ca2f99a12b50875a3249109d99966c9d29754c4ff40d8bbb28e4ae5c94d2f08ed4e493a2e5,gx-no-cache=1489582260639 HTTP/1.1" 200 30
186.103.159.187 - - [15/Mar/2017:09:49:58 -0300] "POST /cormun/servlet/solicitudot?gx-no-cache=1489582264904 HTTP/1.1" 200 30
186.103.159.187 - - [15/Mar/2017:09:50:00 -0300] "POST /cormun/servlet/solicitudot?gx-no-cache=1489582266524 HTTP/1.1" 200 235
186.103.159.187 - - [15/Mar/2017:09:50:00 -0300] "POST /cormun/servlet/solicitudot?gx-no-cache=1489582266588 HTTP/1.1" 200 38
186.103.159.187 - - [15/Mar/2017:09:50:25 -0300] "GET /cormun/servlet/solicitudot?7022acdf7ed952c19def05ca7f27d64de7a0235deeae4db998a4e10c4a95ea2aaa09933298408438b656490f28619abb7fe91acb045067c206dcaadbef4d630c93d3d630e9cf02ad5b1200a813c1333f4721a2d868cfd1db4fd8653911f603623a6671a09d7c69ea07ffcf465b79d0a7,gx-no-cache=1489582291161 HTTP/1.1" 200 29
186.103.159.187 - - [15/Mar/2017:09:50:25 -0300] "POST /cormun/servlet/solicitudot?gx-no-cache=1489582291300 HTTP/1.1" 200 643
186.103.159.187 - - [15/Mar/2017:09:50:26 -0300] "POST /cormun/servlet/solicitudot?gx-no-cache=1489582292250 HTTP/1.1" 200 1157
186.103.158.250 - - [15/Mar/2017:09:50:29 -0300] "GET /cormun/servlet/licenciaspermisos?eb8d176815df70a368eef4516b8d8415e662267d7c653d74cb52dbb7bb3cb117572a280983d3b33fbcc18d94a7d40d6ad37c5e38474deb66d1207610a607a8b39932da1c642bd411693f43fad556e285a683a7698c7e5c99ebca2a45f3cc78e7a531dba846eb1e4f55ffb39c60fed9533349b3d6375b8aef3e4091e0fe066bbb294d74df398af8330510fcbd37359a8eb7f561768d18cbded48a083657b22744fe743675f5028d2ec5726cc271440e8813851c10dea9c568c65ddbbff7674f80925bd895b0c118a5ae63223d10b34ea3ad959c200a56b5237aeffa65128b4a55,gx-no-cache=1489582298766 HTTP/1.1" 200 30
186.103.158.250 - - [15/Mar/2017:09:50:30 -0300] "POST /cormun/servlet/licenciaspermisos?31f2564a6c17e7e4167197d6a5f2c985,INS,0,,,,gx-no-cache=1489582298865 HTTP/1.1" 200 4475
186.103.159.187 - - [15/Mar/2017:09:50:45 -0300] "GET /cormun/static/menuarrow.gif HTTP/1.1" 404 1015
186.103.159.187 - - [15/Mar/2017:09:50:51 -0300] "GET /cormun/servlet/solicitudot?7022acdf7ed952c19def05ca7f27d64d2b6f7563dceb682ac891970a0a93aa78256c3bd361ab795bf6c7a0b082ca7f9e9c84cf246a54e93febdeacfeb7b5c27520e7fb031b8d2232050348bb424d54d50c53f524cfa27cf02d6c46cba4d2412a449fc661db8bafc801dc39a9a3ac76875b36addd021adcd23d4743631c1b363a4db516777bf61d18f218e20ad58c6f76f1516666828994356fed4a411ef7b8c59f1432d85cdf2bfde8ad4a879a82c3c8,gx-no-cache=1489582317812 HTTP/1.1" 200 30
186.103.159.187 - - [15/Mar/2017:09:51:07 -0300] "POST /cormun/servlet/solicitudot?c9be17f591090e257884485fa86f0a07,INS,0,0,,gx-no-cache=1489582333417 HTTP/1.1" 200 93
186.103.159.187 - - [15/Mar/2017:09:51:07 -0300] "GET /cormun/servlet/hpexe_return? HTTP/1.1" 200 1009
186.103.159.187 - - [15/Mar/2017:09:51:08 -0300] "GET /cormun/servlet/trsolicitudot? HTTP/1.1" 200 8695
186.103.159.187 - - [15/Mar/2017:09:51:09 -0300] "GET /cormun/servlet/trsolicitudot? HTTP/1.1" 200 8691
186.103.159.204 - - [15/Mar/2017:09:51:18 -0300] "GET /cormun/servlet/hpexe_return? HTTP/1.1" 200 978
186.103.159.204 - - [15/Mar/2017:09:51:18 -0300] "GET /cormun/static/gxtimezone.js?85251 HTTP/1.1" 200 5781
186.103.159.204 - - [15/Mar/2017:09:51:18 -0300] "GET /cormun/static/gxcfg.js?2016101716175148 HTTP/1.1" 200 953
186.103.159.204 - - [15/Mar/2017:09:51:18 -0300] "GET /cormun/static/RunJS/RunJS.js HTTP/1.1" 200 288
186.103.159.204 - - [15/Mar/2017:09:51:18 -0300] "GET /cormun/static/messages.spa.js?85251 HTTP/1.1" 200 30736
186.103.159.204 - - [15/Mar/2017:09:51:18 -0300] "GET /cormun/static/hpexe_return.js?2016101716175153 HTTP/1.1" 200 1633
186.103.159.204 - - [15/Mar/2017:09:51:18 -0300] "GET /cormun/static/Resources/Spanish/PXTools.css?167811 HTTP/1.1" 200 89042
186.103.159.204 - - [15/Mar/2017:09:51:18 -0300] "GET /cormun/static/gxgral.js?85251 HTTP/1.1" 200 384558
186.103.159.204 - - [15/Mar/2017:09:51:18 -0300] "GET /cormun/static/Resources/indicator.gif HTTP/1.1" 200 1553
186.103.159.204 - - [15/Mar/2017:09:51:18 -0300] "GET /cormun/servlet/hhome HTTP/1.1" 200 3304
186.103.159.187 - - [15/Mar/2017:09:51:50 -0300] "POST /cormun/servlet/trsolicitudot?c9be17f591090e257884485fa86f0a07,,gx-no-cache=1489582376045 HTTP/1.1" 200 6194
186.103.159.187 - - [15/Mar/2017:09:51:50 -0300] "GET /cormun/static/Shared/jqueryui/images/ui-bg_highlight-soft_100_c6c2c8_1x100.png HTTP/1.1" 404 1117
186.103.159.187 - - [15/Mar/2017:09:51:50 -0300] "GET /cormun/static/Shared/jqueryui/images/ui-icons_8d78a5_256x240.png HTTP/1.1" 404 1089
186.103.159.187 - - [15/Mar/2017:09:51:50 -0300] "GET /cormun/static/Shared/jqueryui/images/ui-icons_82798d_256x240.png HTTP/1.1" 404 1089
186.103.159.187 - - [15/Mar/2017:09:51:50 -0300] "GET /cormun/static/Shared/jqueryui/images/ui-bg_flat_55_fafafa_40x100.png HTTP/1.1" 404 1097
192.168.10.89 - - [15/Mar/2017:09:52:02 -0300] "GET /cormun/servlet/hlogin HTTP/1.1" 200 1744
186.103.159.187 - - [15/Mar/2017:09:52:06 -0300] "GET /cormun/static/Shared/jqueryui/images/ui-bg_highlight-soft_100_eae6ea_1x100.png HTTP/1.1" 404 1117
186.103.159.187 - - [15/Mar/2017:09:52:30 -0300] "POST /cormun/servlet/trsolicitudot?c9be17f591090e257884485fa86f0a07,,gx-no-cache=1489582416775 HTTP/1.1" 200 6025
186.103.159.187 - - [15/Mar/2017:09:52:39 -0300] "POST /cormun/servlet/trsolicitudot?c9be17f591090e257884485fa86f0a07,,gx-no-cache=1489582425394 HTTP/1.1" 200 6193
186.103.159.187 - - [15/Mar/2017:09:52:41 -0300] "POST /cormun/servlet/trsolicitudot?c9be17f591090e257884485fa86f0a07,,gx-no-cache=1489582427364 HTTP/1.1" 200 6192
186.103.159.187 - - [15/Mar/2017:09:52:50 -0300] "GET /cormun/servlet/trlicencias? HTTP/1.1" 200 6574
186.103.159.187 - - [15/Mar/2017:09:52:51 -0300] "GET /cormun/servlet/trlicencias? HTTP/1.1" 200 6573
186.103.159.187 - - [15/Mar/2017:09:52:55 -0300] "GET /cormun/servlet/licenciaspermisos?INS,0,,, HTTP/1.1" 200 7087
186.103.159.187 - - [15/Mar/2017:09:52:56 -0300] "GET /cormun/servlet/licenciaspermisos?INS,0,,, HTTP/1.1" 200 7086
200.86.95.220 - - [15/Mar/2017:09:53:17 -0300] "GET /cormun/servlet/solicitudot?e6b6bdcdfb3e4c459947cc76875e9cef26fd19892a0e794a84aa440fd40ff9e01609a9abdc9cd4992c47fb62c5c7f879fdf3819504a99fdf559e563c5750ceb97b8b3c02dea4f5880a1082b543dc13e848a83bbdf6028246c070e76dee2e190e2a18856f521581ab85fef38a4f4a9a9f938a4f6fd919ca0726a1dbb70741bc2e5975cb7a25d27caa4ee1eec6dd1e079589977d1ff9eb4f44d9eb1e2f80aaa1aedec2900b0a585f296a60880afdf11039b6a667d1f29743a1c8e0eb4ee8338ed1242463eee3eeb8cb8566ca78a1e2d84cd466d250af47991ebb428d83706b4b41bc6ae440eabb6071bc47cce0ebbe4920dc28713a0e298d7231a7f52cc5706d257a8acff30d3c0ef5b9fea2b6cf0ad1dd03aebc62c653f08ad0c1865d0bd0d0d3d19ffe5b5891e61643a26986936edc46baf12109868e2bb2ca939904ef6186ac90eb7aff5099051806b83ef97a48d8f49385608e9befe3fd3701cb36dcf2c36549b8d5f606f18ad80dd9e3f36c7a922e4df80736d3659881636a0e73480f9df07f1dc8b7edd539ccd56b66320aa174fa,gx-no-cache=1489582467810 HTTP/1.1" 200 30
200.86.95.220 - - [15/Mar/2017:09:53:17 -0300] "POST /cormun/servlet/solicitudot?gx-no-cache=1489582467948 HTTP/1.1" 200 30
200.86.95.220 - - [15/Mar/2017:09:53:17 -0300] "POST /cormun/servlet/solicitudot?gx-no-cache=1489582468034 HTTP/1.1" 200 1291
200.86.95.220 - - [15/Mar/2017:09:53:17 -0300] "POST /cormun/servlet/solicitudot?gx-no-cache=1489582468182 HTTP/1.1" 200 41
200.86.95.220 - - [15/Mar/2017:09:53:17 -0300] "POST /cormun/servlet/solicitudot?gx-no-cache=1489582468245 HTTP/1.1" 200 1275
200.86.95.220 - - [15/Mar/2017:09:53:17 -0300] "POST /cormun/servlet/solicitudot?gx-no-cache=1489582468381 HTTP/1.1" 200 1156
200.86.95.220 - - [15/Mar/2017:09:53:17 -0300] "GET /cormun/servlet/solicitudot?e6b6bdcdfb3e4c459947cc76875e9cef31b8b863156d3b1ea5c3a9dbe8184f243352951879b35fa5bcfc3cfb5d792c7f50a8de006d96e5a82a71e6fd5971e92f4a91207a74ce8bf4e8e36db32b85ea871ab315e9fbd850fee89c6544fa83c2d6fce3945fb0704ec5fcebec873787aca90f7db139d138569364da0d09e0d22b136286f30f544ee3658c42f0695a3413d9858caeed43de3c335435acd265bed4b32e725e26145d6bc775a96f076609d674f45c4873e1749516c72577158dbaba5e,gx-no-cache=1489582468482 HTTP/1.1" 200 30
186.103.159.187 - - [15/Mar/2017:09:53:22 -0300] "GET /cormun/servlet/prfichaempleado?,MD,,gxPopupLevel%3D0%3B HTTP/1.1" 200 8785
186.103.159.187 - - [15/Mar/2017:09:53:33 -0300] "POST /cormun/servlet/prfichaempleado?c9be17f591090e257884485fa86f0a07,,MD,,gxPopupLevel%3D0%3B,gx-no-cache=1489582480033 HTTP/1.1" 200 3184
186.103.159.187 - - [15/Mar/2017:09:53:44 -0300] "POST /cormun/servlet/prfichaempleado?c9be17f591090e257884485fa86f0a07,,MD,,gxPopupLevel%3D0%3B,gx-no-cache=1489582491017 HTTP/1.1" 200 3184
186.103.158.250 - - [15/Mar/2017:09:53:46 -0300] "GET /cormun/servlet/prfichaempleado?,MD,,gxPopupLevel%3D0%3B HTTP/1.1" 200 8811
186.103.159.187 - - [15/Mar/2017:09:53:55 -0300] "POST /cormun/servlet/prfichaempleado?c9be17f591090e257884485fa86f0a07,,MD,,gxPopupLevel%3D0%3B,gx-no-cache=1489582501208 HTTP/1.1" 200 3184
200.86.95.220 - - [15/Mar/2017:09:53:58 -0300] "POST /cormun/servlet/solicitudot?e1b1e0e9ec63efaad2552536cb43bba9,INS,0,0,,gx-no-cache=1489582509067 HTTP/1.1" 200 93
200.86.95.220 - - [15/Mar/2017:09:53:58 -0300] "GET /cormun/servlet/hpexe_return? HTTP/1.1" 200 1006
200.86.95.220 - - [15/Mar/2017:09:53:59 -0300] "GET /cormun/servlet/trsolicitudot HTTP/1.1" 200 8564
200.86.95.220 - - [15/Mar/2017:09:54:00 -0300] "GET /cormun/servlet/trsolicitudot HTTP/1.1" 200 8560
186.103.158.250 - - [15/Mar/2017:09:54:01 -0300] "GET /cormun/servlet/licenciaspermisos?eb8d176815df70a368eef4516b8d84154c2377d83810f276ed97ce5dacbc59cdd0ec1bc548b113aa078498982b6849679c0ae467e5690eb69db456b61645eb8a106379c2027c006ecfd338c04d7625817c4bf5a0bde212c759368d19d0b3f16e8b083136f50906fc22b1ab194388206350390033c123a3fc2401378fde13be9b3ffebdc899ea33c44f001aadac7bb524b86bcc4912a097a3fb58f241dea64773a571f078d061c8499cf3dd55b7bd490e69fd7b213d4b30e5e7a257697ecf8201f9bfb48cbf140de7acb02d632cceab5107a2b316d89bdb9da17f4802c407fdec5c09f02bee3fe70c96a3160438defa7a,gx-no-cache=1489582509585 HTTP/1.1" 200 29
186.103.158.250 - - [15/Mar/2017:09:54:01 -0300] "POST /cormun/servlet/licenciaspermisos?31f2564a6c17e7e4167197d6a5f2c985,INS,0,,,,gx-no-cache=1489582509959 HTTP/1.1" 200 93
186.103.158.250 - - [15/Mar/2017:09:54:01 -0300] "GET /cormun/servlet/hpexe_return? HTTP/1.1" 200 1012
186.103.158.250 - - [15/Mar/2017:09:54:01 -0300] "GET /cormun/servlet/trlicencias HTTP/1.1" 200 7773
186.103.158.250 - - [15/Mar/2017:09:54:02 -0300] "GET /cormun/servlet/trlicencias HTTP/1.1" 200 7768
186.103.158.250 - - [15/Mar/2017:09:54:02 -0300] "GET /cormun//static/Resources/PXToolsGridDisplay.png HTTP/1.1" 200 362
186.103.158.250 - - [15/Mar/2017:09:54:03 -0300] "GET /cormun//static/Resources/PXToolsActionPrint.png HTTP/1.1" 200 3317
186.103.158.250 - - [15/Mar/2017:09:54:03 -0300] "GET /cormun//static/Resources/PXToolsHeaderFavorites.png HTTP/1.1" 200 2744
186.103.158.250 - - [15/Mar/2017:09:54:03 -0300] "GET /cormun//static/Resources/PXToolsHeaderHelp.png HTTP/1.1" 200 4055
200.86.95.220 - - [15/Mar/2017:09:54:24 -0300] "POST /cormun/servlet/trsolicitudot?e1b1e0e9ec63efaad2552536cb43bba9,gx-no-cache=1489582534971 HTTP/1.1" 200 106
200.86.95.220 - - [15/Mar/2017:09:54:24 -0300] "GET /cormun/servlet/trsolicitudadjuntos?2017,5550, HTTP/1.1" 200 5870
200.86.95.220 - - [15/Mar/2017:09:54:24 -0300] "GET /cormun/static/gxcfg.js?201612218531388 HTTP/1.1" 200 953
200.86.95.220 - - [15/Mar/2017:09:54:24 -0300] "GET /cormun/static/trsolicitudadjuntos.js?201612218531657 HTTP/1.1" 200 17913
200.86.95.220 - - [15/Mar/2017:09:54:26 -0300] "GET /cormun/servlet/trsolicitudadjuntos?2017,5550, HTTP/1.1" 200 5869
200.86.95.220 - - [15/Mar/2017:09:54:29 -0300] "GET /cormun/servlet/solicitudotadjuntos?INS,2017,5550,,1, HTTP/1.1" 200 5803
200.86.95.220 - - [15/Mar/2017:09:54:29 -0300] "GET /cormun/static/gxcfg.js?201612218465951 HTTP/1.1" 200 953
200.86.95.220 - - [15/Mar/2017:09:54:29 -0300] "GET /cormun/static/solicitudotadjuntos.js?201612218465969 HTTP/1.1" 200 11762
200.86.95.220 - - [15/Mar/2017:09:54:30 -0300] "GET /cormun/static/about:blank HTTP/1.1" 404 1011
200.86.95.220 - - [15/Mar/2017:09:54:30 -0300] "GET /cormun/servlet/solicitudotadjuntos?INS,2017,5550,,1, HTTP/1.1" 200 5797
200.86.95.220 - - [15/Mar/2017:09:54:31 -0300] "GET /cormun/servlet/solicitudotadjuntos?e6b6bdcdfb3e4c459947cc76875e9cef85048d1a81b2f80533f446a9132f29c91af13c9418371c50807d7c89d2ac91e6,gx-no-cache=1489582542045 HTTP/1.1" 200 30
200.86.95.220 - - [15/Mar/2017:09:54:31 -0300] "POST /cormun/servlet/solicitudotadjuntos?e1b1e0e9ec63efaad2552536cb43bba9,INS,2017,5550,,1,,gx-no-cache=1489582542131 HTTP/1.1" 200 3642
200.86.95.220 - - [15/Mar/2017:09:54:38 -0300] "POST /cormun/servlet/solicitudotadjuntos?gx-no-cache=1489582548782 HTTP/1.1" 200 26
200.86.95.220 - - [15/Mar/2017:09:54:48 -0300] "GET /cormun/servlet/solicitudotadjuntos?e6b6bdcdfb3e4c459947cc76875e9cef468a3179d282d2be97d628f5119ada3f,gx-no-cache=1489582558850 HTTP/1.1" 200 30
200.86.95.220 - - [15/Mar/2017:09:54:48 -0300] "GET /cormun/servlet/solicitudotadjuntos?e6b6bdcdfb3e4c459947cc76875e9cef468a3179d282d2be97d628f5119ada3f,gx-no-cache=1489582558905 HTTP/1.1" 200 30
200.86.95.220 - - [15/Mar/2017:09:54:49 -0300] "POST /cormun/servlet/solicitudotadjuntos?e1b1e0e9ec63efaad2552536cb43bba9,INS,2017,5550,,1, HTTP/1.1" 200 116
200.86.95.220 - - [15/Mar/2017:09:54:49 -0300] "GET /cormun/servlet/hpexe_return? HTTP/1.1" 200 1024
200.86.95.220 - - [15/Mar/2017:09:54:49 -0300] "GET /cormun/servlet/trsolicitudadjuntos?2017,5550, HTTP/1.1" 200 7957
200.86.95.220 - - [15/Mar/2017:09:54:51 -0300] "GET /cormun/servlet/trsolicitudadjuntos?2017,5550, HTTP/1.1" 200 7954
200.86.95.220 - - [15/Mar/2017:09:54:53 -0300] "GET /cormun/servlet/solicitudotadjuntos?INS,2017,5550,,1, HTTP/1.1" 200 5803
200.86.95.220 - - [15/Mar/2017:09:54:54 -0300] "GET /cormun/static/about:blank HTTP/1.1" 404 1011
200.86.95.220 - - [15/Mar/2017:09:54:54 -0300] "GET /cormun/servlet/solicitudotadjuntos?INS,2017,5550,,1, HTTP/1.1" 200 5797
200.86.95.220 - - [15/Mar/2017:09:54:54 -0300] "GET /cormun/servlet/solicitudotadjuntos?e6b6bdcdfb3e4c459947cc76875e9cef85048d1a81b2f80533f446a9132f29c91af13c9418371c50807d7c89d2ac91e6,gx-no-cache=1489582565618 HTTP/1.1" 200 30
200.86.95.220 - - [15/Mar/2017:09:54:55 -0300] "POST /cormun/servlet/solicitudotadjuntos?e1b1e0e9ec63efaad2552536cb43bba9,INS,2017,5550,,1,,gx-no-cache=1489582565718 HTTP/1.1" 200 3642
200.86.95.220 - - [15/Mar/2017:09:55:02 -0300] "POST /cormun/servlet/solicitudotadjuntos?gx-no-cache=1489582573335 HTTP/1.1" 200 26
200.86.95.220 - - [15/Mar/2017:09:55:12 -0300] "GET /cormun/servlet/solicitudotadjuntos?e6b6bdcdfb3e4c459947cc76875e9cef468a3179d282d2be97d628f5119ada3f,gx-no-cache=1489582583577 HTTP/1.1" 200 30
200.86.95.220 - - [15/Mar/2017:09:55:13 -0300] "GET /cormun/servlet/solicitudotadjuntos?e6b6bdcdfb3e4c459947cc76875e9cef468a3179d282d2be97d628f5119ada3f,gx-no-cache=1489582583665 HTTP/1.1" 200 30
200.86.95.220 - - [15/Mar/2017:09:55:17 -0300] "POST /cormun/servlet/solicitudotadjuntos?e1b1e0e9ec63efaad2552536cb43bba9,INS,2017,5550,,1, HTTP/1.1" 200 116
200.86.95.220 - - [15/Mar/2017:09:55:17 -0300] "GET /cormun/servlet/hpexe_return? HTTP/1.1" 200 1024
200.86.95.220 - - [15/Mar/2017:09:55:17 -0300] "GET /cormun/servlet/trsolicitudadjuntos?2017,5550, HTTP/1.1" 200 8167
200.86.95.220 - - [15/Mar/2017:09:55:19 -0300] "GET /cormun/servlet/trsolicitudadjuntos?2017,5550, HTTP/1.1" 200 8165
200.86.95.220 - - [15/Mar/2017:09:55:21 -0300] "GET /cormun/servlet/solicitudotadjuntos?INS,2017,5550,,1, HTTP/1.1" 200 5801
200.86.95.220 - - [15/Mar/2017:09:55:22 -0300] "GET /cormun/static/about:blank HTTP/1.1" 404 1011
200.86.95.220 - - [15/Mar/2017:09:55:22 -0300] "GET /cormun/servlet/solicitudotadjuntos?INS,2017,5550,,1, HTTP/1.1" 200 5795
200.86.95.220 - - [15/Mar/2017:09:55:23 -0300] "GET /cormun/servlet/solicitudotadjuntos?e6b6bdcdfb3e4c459947cc76875e9cef85048d1a81b2f80533f446a9132f29c91af13c9418371c50807d7c89d2ac91e6,gx-no-cache=1489582594017 HTTP/1.1" 200 30
200.86.95.220 - - [15/Mar/2017:09:55:23 -0300] "POST /cormun/servlet/solicitudotadjuntos?e1b1e0e9ec63efaad2552536cb43bba9,INS,2017,5550,,1,,gx-no-cache=1489582594139 HTTP/1.1" 200 3640
200.86.95.220 - - [15/Mar/2017:09:55:29 -0300] "POST /cormun/servlet/solicitudotadjuntos?gx-no-cache=1489582600630 HTTP/1.1" 200 26
200.86.95.220 - - [15/Mar/2017:09:55:35 -0300] "GET /cormun/servlet/solicitudotadjuntos?e6b6bdcdfb3e4c459947cc76875e9cef468a3179d282d2be97d628f5119ada3f,gx-no-cache=1489582606050 HTTP/1.1" 200 30
200.86.95.220 - - [15/Mar/2017:09:55:35 -0300] "GET /cormun/servlet/solicitudotadjuntos?e6b6bdcdfb3e4c459947cc76875e9cef468a3179d282d2be97d628f5119ada3f,gx-no-cache=1489582606120 HTTP/1.1" 200 30
200.86.95.220 - - [15/Mar/2017:09:55:36 -0300] "POST /cormun/servlet/solicitudotadjuntos?e1b1e0e9ec63efaad2552536cb43bba9,INS,2017,5550,,1, HTTP/1.1" 200 116
200.86.95.220 - - [15/Mar/2017:09:55:37 -0300] "GET /cormun/servlet/hpexe_return? HTTP/1.1" 200 1024
200.86.95.220 - - [15/Mar/2017:09:55:37 -0300] "GET /cormun/servlet/trsolicitudadjuntos?2017,5550, HTTP/1.1" 200 8318
200.86.95.220 - - [15/Mar/2017:09:55:38 -0300] "GET /cormun/servlet/trsolicitudadjuntos?2017,5550, HTTP/1.1" 200 8315
200.86.95.220 - - [15/Mar/2017:09:55:43 -0300] "GET /cormun/servlet/solicitudotadjuntos?INS,2017,5550,,1, HTTP/1.1" 200 5801
200.86.95.220 - - [15/Mar/2017:09:55:44 -0300] "GET /cormun/static/about:blank HTTP/1.1" 404 1011
200.86.95.220 - - [15/Mar/2017:09:55:44 -0300] "GET /cormun/servlet/solicitudotadjuntos?INS,2017,5550,,1, HTTP/1.1" 200 5795
200.86.95.220 - - [15/Mar/2017:09:55:44 -0300] "GET /cormun/servlet/solicitudotadjuntos?e6b6bdcdfb3e4c459947cc76875e9cef85048d1a81b2f80533f446a9132f29c91af13c9418371c50807d7c89d2ac91e6,gx-no-cache=1489582615364 HTTP/1.1" 200 30
200.86.95.220 - - [15/Mar/2017:09:55:44 -0300] "POST /cormun/servlet/solicitudotadjuntos?e1b1e0e9ec63efaad2552536cb43bba9,INS,2017,5550,,1,,gx-no-cache=1489582615459 HTTP/1.1" 200 3640
200.86.95.220 - - [15/Mar/2017:09:55:50 -0300] "POST /cormun/servlet/solicitudotadjuntos?gx-no-cache=1489582621534 HTTP/1.1" 200 26
200.86.95.220 - - [15/Mar/2017:09:55:56 -0300] "GET /cormun/servlet/solicitudotadjuntos?e6b6bdcdfb3e4c459947cc76875e9cef468a3179d282d2be97d628f5119ada3f,gx-no-cache=1489582627162 HTTP/1.1" 200 30
200.86.95.220 - - [15/Mar/2017:09:55:56 -0300] "GET /cormun/servlet/solicitudotadjuntos?e6b6bdcdfb3e4c459947cc76875e9cef468a3179d282d2be97d628f5119ada3f,gx-no-cache=1489582627253 HTTP/1.1" 200 30
200.86.95.220 - - [15/Mar/2017:09:55:59 -0300] "POST /cormun/servlet/solicitudotadjuntos?e1b1e0e9ec63efaad2552536cb43bba9,INS,2017,5550,,1, HTTP/1.1" 200 116
200.86.95.220 - - [15/Mar/2017:09:55:59 -0300] "GET /cormun/servlet/hpexe_return? HTTP/1.1" 200 1024
200.86.95.220 - - [15/Mar/2017:09:56:00 -0300] "GET /cormun/servlet/trsolicitudadjuntos?2017,5550, HTTP/1.1" 200 8456
200.86.95.220 - - [15/Mar/2017:09:56:01 -0300] "GET /cormun/servlet/trsolicitudadjuntos?2017,5550, HTTP/1.1" 200 8453
200.86.95.220 - - [15/Mar/2017:09:56:03 -0300] "GET /cormun/servlet/solicitudotadjuntos?INS,2017,5550,,1, HTTP/1.1" 200 5801
200.86.95.220 - - [15/Mar/2017:09:56:04 -0300] "GET /cormun/static/about:blank HTTP/1.1" 404 1011
200.86.95.220 - - [15/Mar/2017:09:56:04 -0300] "GET /cormun/servlet/solicitudotadjuntos?INS,2017,5550,,1, HTTP/1.1" 200 5795
200.86.95.220 - - [15/Mar/2017:09:56:05 -0300] "GET /cormun/servlet/solicitudotadjuntos?e6b6bdcdfb3e4c459947cc76875e9cef85048d1a81b2f80533f446a9132f29c91af13c9418371c50807d7c89d2ac91e6,gx-no-cache=1489582635949 HTTP/1.1" 200 30
200.86.95.220 - - [15/Mar/2017:09:56:05 -0300] "POST /cormun/servlet/solicitudotadjuntos?e1b1e0e9ec63efaad2552536cb43bba9,INS,2017,5550,,1,,gx-no-cache=1489582636065 HTTP/1.1" 200 3640
200.86.95.220 - - [15/Mar/2017:09:56:08 -0300] "POST /cormun/servlet/solicitudotadjuntos?gx-no-cache=1489582638918 HTTP/1.1" 200 26
200.86.95.220 - - [15/Mar/2017:09:56:16 -0300] "GET /cormun/servlet/solicitudotadjuntos?e6b6bdcdfb3e4c459947cc76875e9cef468a3179d282d2be97d628f5119ada3f,gx-no-cache=1489582647386 HTTP/1.1" 200 30
200.86.95.220 - - [15/Mar/2017:09:56:16 -0300] "GET /cormun/servlet/solicitudotadjuntos?e6b6bdcdfb3e4c459947cc76875e9cef468a3179d282d2be97d628f5119ada3f,gx-no-cache=1489582647458 HTTP/1.1" 200 30
200.86.95.220 - - [15/Mar/2017:09:56:22 -0300] "POST /cormun/servlet/solicitudotadjuntos?e1b1e0e9ec63efaad2552536cb43bba9,INS,2017,5550,,1, HTTP/1.1" 200 116
200.86.95.220 - - [15/Mar/2017:09:56:22 -0300] "GET /cormun/servlet/hpexe_return? HTTP/1.1" 200 1024
200.86.95.220 - - [15/Mar/2017:09:56:22 -0300] "GET /cormun/servlet/trsolicitudadjuntos?2017,5550, HTTP/1.1" 200 8604
200.86.95.220 - - [15/Mar/2017:09:56:24 -0300] "GET /cormun/servlet/trsolicitudadjuntos?2017,5550, HTTP/1.1" 200 8601
200.86.95.220 - - [15/Mar/2017:09:56:26 -0300] "GET /cormun/servlet/solicitudotadjuntos?INS,2017,5550,,1, HTTP/1.1" 200 5802
200.86.95.220 - - [15/Mar/2017:09:56:26 -0300] "GET /cormun/static/about:blank HTTP/1.1" 404 1011
200.86.95.220 - - [15/Mar/2017:09:56:27 -0300] "GET /cormun/servlet/solicitudotadjuntos?INS,2017,5550,,1, HTTP/1.1" 200 5796
200.86.95.220 - - [15/Mar/2017:09:56:27 -0300] "GET /cormun/servlet/solicitudotadjuntos?e6b6bdcdfb3e4c459947cc76875e9cef85048d1a81b2f80533f446a9132f29c91af13c9418371c50807d7c89d2ac91e6,gx-no-cache=1489582658487 HTTP/1.1" 200 30
200.86.95.220 - - [15/Mar/2017:09:56:28 -0300] "POST /cormun/servlet/solicitudotadjuntos?e1b1e0e9ec63efaad2552536cb43bba9,INS,2017,5550,,1,,gx-no-cache=1489582658571 HTTP/1.1" 200 3642
200.86.95.220 - - [15/Mar/2017:09:56:31 -0300] "POST /cormun/servlet/solicitudotadjuntos?gx-no-cache=1489582661719 HTTP/1.1" 200 26
200.86.95.220 - - [15/Mar/2017:09:56:39 -0300] "GET /cormun/servlet/solicitudotadjuntos?e6b6bdcdfb3e4c459947cc76875e9cef468a3179d282d2be97d628f5119ada3f,gx-no-cache=1489582669730 HTTP/1.1" 200 30
200.86.95.220 - - [15/Mar/2017:09:56:39 -0300] "GET /cormun/servlet/solicitudotadjuntos?e6b6bdcdfb3e4c459947cc76875e9cef468a3179d282d2be97d628f5119ada3f,gx-no-cache=1489582670092 HTTP/1.1" 200 30
186.103.159.187 - - [15/Mar/2017:09:56:39 -0300] "GET /cormun/servlet/prfichaempleado?,MD,,gxPopupLevel%3D0%3B HTTP/1.1" 200 8785
200.86.95.220 - - [15/Mar/2017:09:56:50 -0300] "POST /cormun/servlet/solicitudotadjuntos?e1b1e0e9ec63efaad2552536cb43bba9,INS,2017,5550,,1, HTTP/1.1" 200 116
200.86.95.220 - - [15/Mar/2017:09:56:50 -0300] "GET /cormun/servlet/hpexe_return? HTTP/1.1" 200 1024
200.86.95.220 - - [15/Mar/2017:09:56:51 -0300] "GET /cormun/servlet/trsolicitudadjuntos?2017,5550, HTTP/1.1" 200 8829
186.103.159.187 - - [15/Mar/2017:09:56:53 -0300] "POST /cormun/servlet/prfichaempleado?c9be17f591090e257884485fa86f0a07,,MD,,gxPopupLevel%3D0%3B,gx-no-cache=1489582679490 HTTP/1.1" 200 3401
200.86.95.220 - - [15/Mar/2017:09:56:53 -0300] "GET /cormun/servlet/trsolicitudadjuntos?2017,5550, HTTP/1.1" 200 8826
200.86.95.220 - - [15/Mar/2017:09:56:56 -0300] "GET /cormun/servlet/solicitudotadjuntos?INS,2017,5550,,2, HTTP/1.1" 200 5802
200.86.95.220 - - [15/Mar/2017:09:56:57 -0300] "GET /cormun/static/about:blank HTTP/1.1" 404 1011
186.103.159.187 - - [15/Mar/2017:09:56:57 -0300] "GET /cormun/servlet/licenciaspermisos?fb51a76e9273f64e0445c821be13a06c62ef380d2b0a5ccb7284129f946c676d7b249e90122441e2ce5eebf695b8ca7d,gx-no-cache=1489582683734 HTTP/1.1" 200 64
186.103.159.187 - - [15/Mar/2017:09:56:57 -0300] "POST /cormun/servlet/licenciaspermisos?c9be17f591090e257884485fa86f0a07,INS,0,,,,gx-no-cache=1489582683815 HTTP/1.1" 200 4399
200.86.95.220 - - [15/Mar/2017:09:56:57 -0300] "GET /cormun/servlet/solicitudotadjuntos?INS,2017,5550,,2, HTTP/1.1" 200 5796
200.86.95.220 - - [15/Mar/2017:09:56:58 -0300] "GET /cormun/servlet/solicitudotadjuntos?e6b6bdcdfb3e4c459947cc76875e9cef85048d1a81b2f80533f446a9132f29c91af13c9418371c50807d7c89d2ac91e6,gx-no-cache=1489582688623 HTTP/1.1" 200 30
200.86.95.220 - - [15/Mar/2017:09:56:59 -0300] "POST /cormun/servlet/solicitudotadjuntos?e1b1e0e9ec63efaad2552536cb43bba9,INS,2017,5550,,2,,gx-no-cache=1489582689646 HTTP/1.1" 200 3854
200.86.95.220 - - [15/Mar/2017:09:57:13 -0300] "POST /cormun/servlet/solicitudotadjuntos?gx-no-cache=1489582704082 HTTP/1.1" 200 26
186.103.159.187 - - [15/Mar/2017:09:57:15 -0300] "GET /cormun/static/menuarrow.gif HTTP/1.1" 404 1015
200.86.95.220 - - [15/Mar/2017:09:57:21 -0300] "GET /cormun/servlet/solicitudotadjuntos?e6b6bdcdfb3e4c459947cc76875e9cef468a3179d282d2be97d628f5119ada3f,gx-no-cache=1489582712290 HTTP/1.1" 200 30
200.86.95.220 - - [15/Mar/2017:09:57:21 -0300] "GET /cormun/servlet/solicitudotadjuntos?e6b6bdcdfb3e4c459947cc76875e9cef468a3179d282d2be97d628f5119ada3f,gx-no-cache=1489582712384 HTTP/1.1" 200 30
200.86.95.220 - - [15/Mar/2017:09:57:27 -0300] "POST /cormun/servlet/solicitudotadjuntos?e1b1e0e9ec63efaad2552536cb43bba9,INS,2017,5550,,2, HTTP/1.1" 200 116
200.86.95.220 - - [15/Mar/2017:09:57:27 -0300] "GET /cormun/servlet/hpexe_return? HTTP/1.1" 200 1024
200.86.95.220 - - [15/Mar/2017:09:57:28 -0300] "GET /cormun/servlet/trsolicitudadjuntos?2017,5550, HTTP/1.1" 200 9040
200.86.95.220 - - [15/Mar/2017:09:57:30 -0300] "GET /cormun/servlet/trsolicitudadjuntos?2017,5550, HTTP/1.1" 200 9038
200.86.95.220 - - [15/Mar/2017:09:57:34 -0300] "POST /cormun/servlet/trsolicitudadjuntos?e1b1e0e9ec63efaad2552536cb43bba9,2017,5550,,gx-no-cache=1489582725063 HTTP/1.1" 200 90
200.86.95.220 - - [15/Mar/2017:09:57:34 -0300] "GET /cormun/servlet/hpexe_link HTTP/1.1" 200 969
200.86.95.220 - - [15/Mar/2017:09:57:34 -0300] "GET /cormun/servlet/trsolicitudot HTTP/1.1" 200 8561
200.86.95.220 - - [15/Mar/2017:09:57:36 -0300] "GET /cormun/servlet/trsolicitudot HTTP/1.1" 200 8560
200.86.95.220 - - [15/Mar/2017:09:57:58 -0300] "POST /cormun/servlet/trsolicitudot?e1b1e0e9ec63efaad2552536cb43bba9,gx-no-cache=1489582748083 HTTP/1.1" 200 5316
200.86.95.220 - - [15/Mar/2017:09:57:58 -0300] "GET /cormun/static/Shared/jqueryui/images/ui-bg_highlight-soft_100_c6c2c8_1x100.png HTTP/1.1" 404 1117
200.86.95.220 - - [15/Mar/2017:09:57:58 -0300] "GET /cormun/static/Shared/jqueryui/images/ui-icons_82798d_256x240.png HTTP/1.1" 404 1089
200.86.95.220 - - [15/Mar/2017:09:57:58 -0300] "GET /cormun/static/Shared/jqueryui/images/ui-bg_flat_55_fafafa_40x100.png HTTP/1.1" 404 1097
200.86.95.220 - - [15/Mar/2017:09:57:58 -0300] "GET /cormun/static/Shared/jqueryui/images/ui-icons_8d78a5_256x240.png HTTP/1.1" 404 1089
200.86.95.220 - - [15/Mar/2017:09:57:58 -0300] "POST /cormun/servlet/trsolicitudot?e1b1e0e9ec63efaad2552536cb43bba9,gx-no-cache=1489582749048 HTTP/1.1" 200 5259
186.103.159.46 - - [15/Mar/2017:09:59:13 -0300] "GET /cormun/servlet/hhome HTTP/1.1" 200 3285
186.103.159.46 - - [15/Mar/2017:09:59:16 -0300] "GET /cormun/servlet/hhome HTTP/1.1" 200 3294
186.103.159.46 - - [15/Mar/2017:09:59:16 -0300] "GET /cormun/servlet/hlogin HTTP/1.1" 200 1729
186.103.159.46 - - [15/Mar/2017:09:59:30 -0300] "POST /cormun/servlet/hlogin?731654666154b9123fc98e097346ad1d,gx-no-cache=1489586436428 HTTP/1.1" 200 90
186.103.159.46 - - [15/Mar/2017:09:59:30 -0300] "GET /cormun/servlet/hpexe_link HTTP/1.1" 200 951
186.103.159.46 - - [15/Mar/2017:09:59:31 -0300] "GET /cormun/servlet/hhome HTTP/1.1" 200 3773
186.103.159.46 - - [15/Mar/2017:09:59:32 -0300] "GET /cormun/servlet/hhome HTTP/1.1" 200 3771
186.103.159.187 - - [15/Mar/2017:09:59:33 -0300] "GET /cormun/servlet/licenciaspermisos?fb51a76e9273f64e0445c821be13a06cd7d8b58d6b7c2a77e7b882f41cd0b339958d6d5899598c2cec4b3d08313e36dfc0d33e0a8110f5d46d430db9c05b42a7b03576f7bb9d675144ae047c6961e0085823c7257d67b069d56b9e5f6cbf648881445f26132f7f1ab4083fb1b26e502c44b92d366af2ac766c355f5a3c89be346dadb7c6dd1016e8062b82e83ed4332853844ebf94b2c1c17eb6ebe8d1655e79d888edd6348903027144759e3eb8cea3,gx-no-cache=1489582839660 HTTP/1.1" 200 30
