186.103.159.182 - - [15/Mar/2017:12:26:49 -0300] "POST /cormun/servlet/trautorizarsolicitud?8e7b4749fd47c6adf48966d0c34e9a6d,,gx-no-cache=1489591677001 HTTP/1.1" 200 5401
186.103.159.182 - - [15/Mar/2017:12:27:10 -0300] "POST /cormun/servlet/trautorizarsolicitud?8e7b4749fd47c6adf48966d0c34e9a6d,,gx-no-cache=1489591695346 HTTP/1.1" 200 5402
186.103.159.182 - - [15/Mar/2017:12:27:30 -0300] "POST /cormun/servlet/trautorizarsolicitud?8e7b4749fd47c6adf48966d0c34e9a6d,,gx-no-cache=1489591718433 HTTP/1.1" 200 5401
186.79.74.156 - - [15/Mar/2017:12:27:43 -0300] "GET /cormun/servlet/solicitudot?bdc8ac248199141e805e2b5af22f157d833d121104d26d8d35778438c52f5e7247a9ab236ce6ae9b38fcb1f48e5d1205803e9e30052e5d7d7bea2e4982ed256c159f7a2083b4ee7a6235e489e4329b7156a675178a4434f57832e6a17e4dd3371c2b38fdcccf3265cf0364ec860248a7,gx-no-cache=1489591732658 HTTP/1.1" 200 29
186.79.74.156 - - [15/Mar/2017:12:27:44 -0300] "POST /cormun/servlet/solicitudot?gx-no-cache=1489591733117 HTTP/1.1" 200 643
186.79.74.156 - - [15/Mar/2017:12:27:45 -0300] "POST /cormun/servlet/solicitudot?gx-no-cache=1489591734619 HTTP/1.1" 200 1157
186.79.74.156 - - [15/Mar/2017:12:27:53 -0300] "GET /cormun/static/menuarrow.gif HTTP/1.1" 404 1015
186.79.74.156 - - [15/Mar/2017:12:28:00 -0300] "GET /cormun/servlet/solicitudot?bdc8ac248199141e805e2b5af22f157da4b72a5938747b410b7ba77a9ca83c1537fbe457209e2bf38a859f910dbf367b383d7a24f98c8bb369846cec5544d8ac8e16e112ae60bbf4f20b705b0d98ec77325161ee44b3d9bf0c4b315b03d90540a2febb0a55539fb3d33d54ccde643b3fcf0629ab9162c189063c114f3b623c724948b2d442df8d7f2cdfd15cfa5e617567880dcae54069dad2a622c236f4b1f6a106372196fa30ab0623f7b777ee01ae,gx-no-cache=1489591749466 HTTP/1.1" 200 30
186.103.159.182 - - [15/Mar/2017:12:28:09 -0300] "GET /cormun/servlet/trsolicitudot? HTTP/1.1" 200 8297
186.103.159.182 - - [15/Mar/2017:12:28:11 -0300] "GET /cormun/servlet/trsolicitudot? HTTP/1.1" 200 8293
186.79.74.156 - - [15/Mar/2017:12:28:18 -0300] "POST /cormun/servlet/solicitudot?8f05c77f4914efdd51db1e64bb5bc8e3,INS,0,0,,gx-no-cache=1489591767234 HTTP/1.1" 200 93
186.79.74.156 - - [15/Mar/2017:12:28:18 -0300] "GET /cormun/servlet/hpexe_return? HTTP/1.1" 200 1003
186.79.74.156 - - [15/Mar/2017:12:28:19 -0300] "GET /cormun/servlet/trsolicitudot HTTP/1.1" 200 8516
186.79.74.156 - - [15/Mar/2017:12:28:19 -0300] "GET /cormun/servlet/trsolicitudot HTTP/1.1" 200 8512
186.103.159.182 - - [15/Mar/2017:12:28:23 -0300] "POST /cormun/servlet/trsolicitudot?8e7b4749fd47c6adf48966d0c34e9a6d,,gx-no-cache=1489591771123 HTTP/1.1" 200 4142
186.79.74.156 - - [15/Mar/2017:12:28:25 -0300] "POST /cormun/servlet/trsolicitudot?8f05c77f4914efdd51db1e64bb5bc8e3,gx-no-cache=1489591773843 HTTP/1.1" 200 106
186.79.74.156 - - [15/Mar/2017:12:28:25 -0300] "GET /cormun/servlet/trsolicitudadjuntos?2017,5552, HTTP/1.1" 200 5916
186.79.74.156 - - [15/Mar/2017:12:28:25 -0300] "GET /cormun/servlet/trsolicitudadjuntos?2017,5552, HTTP/1.1" 200 5916
186.79.74.156 - - [15/Mar/2017:12:28:27 -0300] "GET /cormun/servlet/solicitudotadjuntos?INS,2017,5552,,1, HTTP/1.1" 200 5846
186.79.74.156 - - [15/Mar/2017:12:28:27 -0300] "GET /cormun/static/solicitudotadjuntos.js?201612218465969 HTTP/1.1" 304 -
186.79.74.156 - - [15/Mar/2017:12:28:27 -0300] "GET /cormun/static/about:blank HTTP/1.1" 404 1011
186.79.74.156 - - [15/Mar/2017:12:28:27 -0300] "GET /cormun/servlet/solicitudotadjuntos?INS,2017,5552,,1, HTTP/1.1" 200 5840
186.103.159.182 - - [15/Mar/2017:12:28:28 -0300] "POST /cormun/servlet/trsolicitudot?8e7b4749fd47c6adf48966d0c34e9a6d,,gx-no-cache=1489591776586 HTTP/1.1" 200 5417
186.79.74.156 - - [15/Mar/2017:12:28:28 -0300] "GET /cormun/servlet/solicitudotadjuntos?bdc8ac248199141e805e2b5af22f157de192e2577a030ac62ed0482688759eecfb1cc8bcca0c32339fb9e36e2d2fbd21,gx-no-cache=1489591777385 HTTP/1.1" 200 30
186.79.74.156 - - [15/Mar/2017:12:28:28 -0300] "POST /cormun/servlet/solicitudotadjuntos?8f05c77f4914efdd51db1e64bb5bc8e3,INS,2017,5552,,1,,gx-no-cache=1489591777493 HTTP/1.1" 200 3652
186.79.74.156 - - [15/Mar/2017:12:28:30 -0300] "POST /cormun/servlet/solicitudotadjuntos?gx-no-cache=1489591779820 HTTP/1.1" 200 26
186.103.159.182 - - [15/Mar/2017:12:28:33 -0300] "POST /cormun/servlet/trsolicitudot?8e7b4749fd47c6adf48966d0c34e9a6d,,gx-no-cache=1489591782023 HTTP/1.1" 200 4330
186.103.159.182 - - [15/Mar/2017:12:28:34 -0300] "GET /cormun/static/Shared/jqueryui/images/ui-bg_highlight-soft_100_c6c2c8_1x100.png HTTP/1.1" 404 1117
186.103.159.182 - - [15/Mar/2017:12:28:34 -0300] "GET /cormun/static/Shared/jqueryui/images/ui-icons_82798d_256x240.png HTTP/1.1" 404 1089
186.103.159.182 - - [15/Mar/2017:12:28:34 -0300] "GET /cormun/static/Shared/jqueryui/images/ui-bg_flat_55_fafafa_40x100.png HTTP/1.1" 404 1097
186.103.159.182 - - [15/Mar/2017:12:28:34 -0300] "GET /cormun/static/Shared/jqueryui/images/ui-icons_8d78a5_256x240.png HTTP/1.1" 404 1089
186.103.159.182 - - [15/Mar/2017:12:28:34 -0300] "POST /cormun/servlet/trsolicitudot?8e7b4749fd47c6adf48966d0c34e9a6d,,gx-no-cache=1489591782512 HTTP/1.1" 200 4122
186.103.159.182 - - [15/Mar/2017:12:28:38 -0300] "GET /cormun/servlet/trautorizarsolicitud? HTTP/1.1" 200 6960
186.103.159.182 - - [15/Mar/2017:12:28:40 -0300] "GET /cormun/servlet/trautorizarsolicitud? HTTP/1.1" 200 6960
186.79.74.156 - - [15/Mar/2017:12:28:49 -0300] "GET /cormun/servlet/solicitudotadjuntos?bdc8ac248199141e805e2b5af22f157d849a004b2dd15ed07680731adefb0680,gx-no-cache=1489591798519 HTTP/1.1" 200 30
186.79.74.156 - - [15/Mar/2017:12:28:49 -0300] "GET /cormun/servlet/solicitudotadjuntos?bdc8ac248199141e805e2b5af22f157d849a004b2dd15ed07680731adefb0680,gx-no-cache=1489591798612 HTTP/1.1" 200 30
186.103.159.182 - - [15/Mar/2017:12:28:54 -0300] "POST /cormun/servlet/trautorizarsolicitud?8e7b4749fd47c6adf48966d0c34e9a6d,,gx-no-cache=1489591802270 HTTP/1.1" 200 5391
186.79.74.156 - - [15/Mar/2017:12:28:54 -0300] "POST /cormun/servlet/solicitudotadjuntos?8f05c77f4914efdd51db1e64bb5bc8e3,INS,2017,5552,,1, HTTP/1.1" 200 116
186.79.74.156 - - [15/Mar/2017:12:28:55 -0300] "GET /cormun/servlet/hpexe_return? HTTP/1.1" 200 1021
186.79.74.156 - - [15/Mar/2017:12:28:55 -0300] "GET /cormun/servlet/trsolicitudadjuntos?2017,5552, HTTP/1.1" 200 8073
186.79.74.156 - - [15/Mar/2017:12:28:56 -0300] "GET /cormun/servlet/trsolicitudadjuntos?2017,5552, HTTP/1.1" 200 8066
186.79.74.156 - - [15/Mar/2017:12:28:57 -0300] "GET /cormun/servlet/solicitudotadjuntos?INS,2017,5552,,1, HTTP/1.1" 200 5846
186.79.74.156 - - [15/Mar/2017:12:28:58 -0300] "GET /cormun/static/about:blank HTTP/1.1" 404 1011
186.79.74.156 - - [15/Mar/2017:12:28:58 -0300] "GET /cormun/servlet/solicitudotadjuntos?INS,2017,5552,,1, HTTP/1.1" 200 5840
186.103.159.182 - - [15/Mar/2017:12:28:58 -0300] "POST /cormun/servlet/trautorizarsolicitud?8e7b4749fd47c6adf48966d0c34e9a6d,,gx-no-cache=1489591806857 HTTP/1.1" 200 115
186.103.159.182 - - [15/Mar/2017:12:28:58 -0300] "GET /cormun/servlet/solicitudotlog?INS,2017,5551,0,ANU, HTTP/1.1" 200 5817
186.79.74.156 - - [15/Mar/2017:12:28:58 -0300] "GET /cormun/servlet/solicitudotadjuntos?bdc8ac248199141e805e2b5af22f157de192e2577a030ac62ed0482688759eecfb1cc8bcca0c32339fb9e36e2d2fbd21,gx-no-cache=1489591807864 HTTP/1.1" 200 30
186.103.159.182 - - [15/Mar/2017:12:28:58 -0300] "GET /cormun/static/gxcfg.js?201612218471193 HTTP/1.1" 200 953
186.103.159.182 - - [15/Mar/2017:12:28:59 -0300] "GET /cormun/static/solicitudotlog.js?20161221847122 HTTP/1.1" 304 -
186.79.74.156 - - [15/Mar/2017:12:28:59 -0300] "POST /cormun/servlet/solicitudotadjuntos?8f05c77f4914efdd51db1e64bb5bc8e3,INS,2017,5552,,1,,gx-no-cache=1489591807973 HTTP/1.1" 200 3652
186.103.159.182 - - [15/Mar/2017:12:29:00 -0300] "GET /cormun/servlet/solicitudotlog?INS,2017,5551,0,ANU, HTTP/1.1" 200 5817
186.103.159.182 - - [15/Mar/2017:12:29:00 -0300] "GET /cormun/servlet/solicitudotlog?604f927b461f024608a68a2699389fd43dd949deb0d6e1599753074d7f1818f052f707a37f753ac2e3c7cbfb3bad69f1c1cb9899331fa52eb201f24649dcd1c59556b3e2aebae9ff8439938329781b636635b65169e433def87e780efadd53c6fd6af4983280d7aeb055778968080e9103d32012530ffab67a32114a24886bb316c349d536386418a956d5616a5b241d2b428c1b6bfb9acd4f05c301d1ee7846,gx-no-cache=1489591809030 HTTP/1.1" 200 94
186.79.74.156 - - [15/Mar/2017:12:29:01 -0300] "POST /cormun/servlet/solicitudotadjuntos?gx-no-cache=1489591810041 HTTP/1.1" 200 26
186.103.159.182 - - [15/Mar/2017:12:29:01 -0300] "POST /cormun/servlet/solicitudotlog?8e7b4749fd47c6adf48966d0c34e9a6d,INS,2017,5551,0,ANU,,gx-no-cache=1489591810250 HTTP/1.1" 200 93
186.103.159.182 - - [15/Mar/2017:12:29:01 -0300] "GET /cormun/servlet/hpexe_return? HTTP/1.1" 200 1029
186.103.159.182 - - [15/Mar/2017:12:29:02 -0300] "GET /cormun/servlet/trautorizarsolicitud? HTTP/1.1" 200 8192
186.103.159.182 - - [15/Mar/2017:12:29:03 -0300] "GET /cormun/servlet/trautorizarsolicitud? HTTP/1.1" 200 8188
192.168.10.62 - - [15/Mar/2017:12:29:05 -0300] "GET /cormun/servlet/hlogin HTTP/1.1" 200 1719
186.79.74.156 - - [15/Mar/2017:12:29:06 -0300] "GET /cormun/servlet/solicitudotadjuntos?bdc8ac248199141e805e2b5af22f157d849a004b2dd15ed07680731adefb0680,gx-no-cache=1489591815058 HTTP/1.1" 200 30
186.79.74.156 - - [15/Mar/2017:12:29:06 -0300] "GET /cormun/servlet/solicitudotadjuntos?bdc8ac248199141e805e2b5af22f157d849a004b2dd15ed07680731adefb0680,gx-no-cache=1489591815154 HTTP/1.1" 200 30
186.103.159.182 - - [15/Mar/2017:12:29:07 -0300] "POST /cormun/servlet/trautorizarsolicitud?8e7b4749fd47c6adf48966d0c34e9a6d,,gx-no-cache=1489591815376 HTTP/1.1" 200 4310
186.103.159.182 - - [15/Mar/2017:12:29:07 -0300] "GET /cormun/static/Shared/jqueryui/images/ui-icons_82798d_256x240.png HTTP/1.1" 404 1089
186.103.159.182 - - [15/Mar/2017:12:29:07 -0300] "GET /cormun/static/Shared/jqueryui/images/ui-bg_flat_55_fafafa_40x100.png HTTP/1.1" 404 1097
186.103.159.182 - - [15/Mar/2017:12:29:07 -0300] "GET /cormun/static/Shared/jqueryui/images/ui-icons_8d78a5_256x240.png HTTP/1.1" 404 1089
186.103.159.182 - - [15/Mar/2017:12:29:07 -0300] "GET /cormun/static/Shared/jqueryui/images/ui-bg_highlight-soft_100_c6c2c8_1x100.png HTTP/1.1" 404 1117
186.103.159.182 - - [15/Mar/2017:12:29:07 -0300] "POST /cormun/servlet/trautorizarsolicitud?8e7b4749fd47c6adf48966d0c34e9a6d,,gx-no-cache=1489591815908 HTTP/1.1" 200 4105
186.79.74.156 - - [15/Mar/2017:12:29:08 -0300] "POST /cormun/servlet/solicitudotadjuntos?8f05c77f4914efdd51db1e64bb5bc8e3,INS,2017,5552,,1, HTTP/1.1" 200 116
186.79.74.156 - - [15/Mar/2017:12:29:08 -0300] "GET /cormun/servlet/hpexe_return? HTTP/1.1" 200 1021
186.79.74.156 - - [15/Mar/2017:12:29:08 -0300] "GET /cormun/servlet/trsolicitudadjuntos?2017,5552, HTTP/1.1" 200 8292
186.79.74.156 - - [15/Mar/2017:12:29:09 -0300] "GET /cormun/servlet/trsolicitudadjuntos?2017,5552, HTTP/1.1" 200 8290
186.79.74.156 - - [15/Mar/2017:12:29:11 -0300] "GET /cormun/servlet/solicitudotadjuntos?INS,2017,5552,,1, HTTP/1.1" 200 5846
186.79.74.156 - - [15/Mar/2017:12:29:11 -0300] "GET /cormun/static/about:blank HTTP/1.1" 404 1011
186.79.74.156 - - [15/Mar/2017:12:29:11 -0300] "GET /cormun/servlet/solicitudotadjuntos?INS,2017,5552,,1, HTTP/1.1" 200 5840
186.79.74.156 - - [15/Mar/2017:12:29:12 -0300] "GET /cormun/servlet/solicitudotadjuntos?bdc8ac248199141e805e2b5af22f157de192e2577a030ac62ed0482688759eecfb1cc8bcca0c32339fb9e36e2d2fbd21,gx-no-cache=1489591821035 HTTP/1.1" 200 30
186.79.74.156 - - [15/Mar/2017:12:29:12 -0300] "POST /cormun/servlet/solicitudotadjuntos?8f05c77f4914efdd51db1e64bb5bc8e3,INS,2017,5552,,1,,gx-no-cache=1489591821146 HTTP/1.1" 200 3652
186.79.74.156 - - [15/Mar/2017:12:29:15 -0300] "POST /cormun/servlet/solicitudotadjuntos?gx-no-cache=1489591824140 HTTP/1.1" 200 26
192.168.10.62 - - [15/Mar/2017:12:29:16 -0300] "POST /cormun/servlet/hlogin?4752e089434af80deecc9ee935f33df2,gx-no-cache=1489595038448 HTTP/1.1" 200 90
192.168.10.62 - - [15/Mar/2017:12:29:16 -0300] "GET /cormun/servlet/hpexe_link HTTP/1.1" 200 955
192.168.10.62 - - [15/Mar/2017:12:29:16 -0300] "GET /cormun/servlet/hhome HTTP/1.1" 200 3789
192.168.10.62 - - [15/Mar/2017:12:29:17 -0300] "GET /cormun/servlet/hhome HTTP/1.1" 200 3790
186.79.74.156 - - [15/Mar/2017:12:29:24 -0300] "GET /cormun/servlet/solicitudotadjuntos?bdc8ac248199141e805e2b5af22f157d849a004b2dd15ed07680731adefb0680,gx-no-cache=1489591833247 HTTP/1.1" 200 30
186.79.74.156 - - [15/Mar/2017:12:29:24 -0300] "GET /cormun/servlet/solicitudotadjuntos?bdc8ac248199141e805e2b5af22f157d849a004b2dd15ed07680731adefb0680,gx-no-cache=1489591833328 HTTP/1.1" 200 30
186.79.74.156 - - [15/Mar/2017:12:29:28 -0300] "POST /cormun/servlet/solicitudotadjuntos?8f05c77f4914efdd51db1e64bb5bc8e3,INS,2017,5552,,1, HTTP/1.1" 200 116
186.79.74.156 - - [15/Mar/2017:12:29:29 -0300] "GET /cormun/servlet/hpexe_return? HTTP/1.1" 200 1021
186.79.74.156 - - [15/Mar/2017:12:29:29 -0300] "GET /cormun/servlet/trsolicitudadjuntos?2017,5552, HTTP/1.1" 200 8454
186.79.74.156 - - [15/Mar/2017:12:29:30 -0300] "GET /cormun/servlet/trsolicitudadjuntos?2017,5552, HTTP/1.1" 200 8456
186.79.74.156 - - [15/Mar/2017:12:29:32 -0300] "GET /cormun/servlet/solicitudotadjuntos?INS,2017,5552,,1, HTTP/1.1" 200 5846
186.79.74.156 - - [15/Mar/2017:12:29:32 -0300] "GET /cormun/static/about:blank HTTP/1.1" 404 1011
186.79.74.156 - - [15/Mar/2017:12:29:32 -0300] "GET /cormun/servlet/solicitudotadjuntos?INS,2017,5552,,1, HTTP/1.1" 200 5840
186.79.74.156 - - [15/Mar/2017:12:29:33 -0300] "GET /cormun/servlet/solicitudotadjuntos?bdc8ac248199141e805e2b5af22f157de192e2577a030ac62ed0482688759eecfb1cc8bcca0c32339fb9e36e2d2fbd21,gx-no-cache=1489591842294 HTTP/1.1" 200 30
186.79.74.156 - - [15/Mar/2017:12:29:34 -0300] "POST /cormun/servlet/solicitudotadjuntos?8f05c77f4914efdd51db1e64bb5bc8e3,INS,2017,5552,,1,,gx-no-cache=1489591842502 HTTP/1.1" 200 3652
192.168.10.62 - - [15/Mar/2017:12:29:36 -0300] "GET /cormun/servlet/trsolicitudgral? HTTP/1.1" 200 23867
192.168.10.62 - - [15/Mar/2017:12:29:38 -0300] "GET /cormun/servlet/trsolicitudgral? HTTP/1.1" 200 23865
186.79.74.156 - - [15/Mar/2017:12:29:38 -0300] "POST /cormun/servlet/solicitudotadjuntos?gx-no-cache=1489591847750 HTTP/1.1" 200 26
186.79.74.156 - - [15/Mar/2017:12:29:45 -0300] "GET /cormun/servlet/solicitudotadjuntos?bdc8ac248199141e805e2b5af22f157d849a004b2dd15ed07680731adefb0680,gx-no-cache=1489591854695 HTTP/1.1" 200 30
186.79.74.156 - - [15/Mar/2017:12:29:45 -0300] "GET /cormun/servlet/solicitudotadjuntos?bdc8ac248199141e805e2b5af22f157d849a004b2dd15ed07680731adefb0680,gx-no-cache=1489591854789 HTTP/1.1" 200 30
186.79.74.156 - - [15/Mar/2017:12:29:47 -0300] "POST /cormun/servlet/solicitudotadjuntos?8f05c77f4914efdd51db1e64bb5bc8e3,INS,2017,5552,,1, HTTP/1.1" 200 116
186.79.74.156 - - [15/Mar/2017:12:29:47 -0300] "GET /cormun/servlet/hpexe_return? HTTP/1.1" 200 1021
186.79.74.156 - - [15/Mar/2017:12:29:47 -0300] "GET /cormun/servlet/trsolicitudadjuntos?2017,5552, HTTP/1.1" 200 8585
186.79.74.156 - - [15/Mar/2017:12:29:48 -0300] "GET /cormun/servlet/trsolicitudadjuntos?2017,5552, HTTP/1.1" 200 8582
192.168.10.62 - - [15/Mar/2017:12:29:50 -0300] "GET /cormun/static/menuarrow.gif HTTP/1.1" 404 1015
186.79.74.156 - - [15/Mar/2017:12:29:50 -0300] "GET /cormun/servlet/solicitudotadjuntos?INS,2017,5552,,1, HTTP/1.1" 200 5846
186.79.74.156 - - [15/Mar/2017:12:29:51 -0300] "GET /cormun/static/about:blank HTTP/1.1" 404 1011
186.79.74.156 - - [15/Mar/2017:12:29:51 -0300] "GET /cormun/servlet/solicitudotadjuntos?INS,2017,5552,,1, HTTP/1.1" 200 5840
186.79.74.156 - - [15/Mar/2017:12:29:52 -0300] "GET /cormun/servlet/solicitudotadjuntos?bdc8ac248199141e805e2b5af22f157de192e2577a030ac62ed0482688759eecfb1cc8bcca0c32339fb9e36e2d2fbd21,gx-no-cache=1489591861014 HTTP/1.1" 200 30
186.79.74.156 - - [15/Mar/2017:12:29:52 -0300] "POST /cormun/servlet/solicitudotadjuntos?8f05c77f4914efdd51db1e64bb5bc8e3,INS,2017,5552,,1,,gx-no-cache=1489591861113 HTTP/1.1" 200 3652
192.168.10.62 - - [15/Mar/2017:12:29:55 -0300] "POST /cormun/servlet/trsolicitudgral?4752e089434af80deecc9ee935f33df2,,gx-no-cache=1489595077629 HTTP/1.1" 200 6220
192.168.10.62 - - [15/Mar/2017:12:30:02 -0300] "POST /cormun/servlet/trsolicitudgral?4752e089434af80deecc9ee935f33df2,,gx-no-cache=1489595084663 HTTP/1.1" 200 105
192.168.10.62 - - [15/Mar/2017:12:30:02 -0300] "POST /cormun/servlet/trsolicitudgral?4752e089434af80deecc9ee935f33df2,,gx-no-cache=1489595084804 HTTP/1.1" 200 6202
192.168.10.62 - - [15/Mar/2017:12:30:02 -0300] "GET /cormun/SolicitudGral-1729.xls HTTP/1.1" 200 5632
192.168.10.89 - - [15/Mar/2017:12:30:52 -0300] "POST /cormun/servlet/hlogin?129e33e3876a042669ff3c2e64afa048,gx-no-cache=1489595134558 HTTP/1.1" 440 972
192.168.10.89 - - [15/Mar/2017:12:30:54 -0300] "GET /cormun/servlet/hlogin HTTP/1.1" 200 1734
192.168.10.89 - - [15/Mar/2017:12:31:16 -0300] "POST /cormun/servlet/hlogin?c74ac880636de45a861f2c47b65a07ee,gx-no-cache=1489595158950 HTTP/1.1" 200 90
192.168.10.89 - - [15/Mar/2017:12:31:16 -0300] "GET /cormun/servlet/hpexe_link HTTP/1.1" 200 956
192.168.10.89 - - [15/Mar/2017:12:31:17 -0300] "GET /cormun/servlet/hhome HTTP/1.1" 200 4391
186.79.156.160 - - [15/Mar/2017:12:31:18 -0300] "POST /cormun/servlet/solicitudot?gx-no-cache=1489591945932 HTTP/1.1" 200 1424
192.168.10.89 - - [15/Mar/2017:12:31:23 -0300] "GET /cormun/servlet/trsolicitudgral? HTTP/1.1" 200 24873
186.79.156.160 - - [15/Mar/2017:12:31:28 -0300] "POST /cormun/servlet/solicitudot?gx-no-cache=1489591956230 HTTP/1.1" 200 122
186.79.156.160 - - [15/Mar/2017:12:31:28 -0300] "POST /cormun/servlet/solicitudot?gx-no-cache=1489591956482 HTTP/1.1" 200 1274
186.79.156.160 - - [15/Mar/2017:12:31:29 -0300] "POST /cormun/servlet/solicitudot?gx-no-cache=1489591956863 HTTP/1.1" 200 1157
192.168.10.62 - - [15/Mar/2017:12:32:28 -0300] "POST /cormun/servlet/trsolicitudgral?4752e089434af80deecc9ee935f33df2,,gx-no-cache=1489595230670 HTTP/1.1" 200 5138
192.168.10.62 - - [15/Mar/2017:12:32:28 -0300] "GET /cormun/static/Shared/jqueryui/images/ui-bg_highlight-soft_100_c6c2c8_1x100.png HTTP/1.1" 404 1117
192.168.10.62 - - [15/Mar/2017:12:32:28 -0300] "GET /cormun/static/Shared/jqueryui/images/ui-icons_82798d_256x240.png HTTP/1.1" 404 1089
192.168.10.62 - - [15/Mar/2017:12:32:28 -0300] "GET /cormun/static/Shared/jqueryui/images/ui-bg_flat_55_fafafa_40x100.png HTTP/1.1" 404 1097
192.168.10.62 - - [15/Mar/2017:12:32:28 -0300] "GET /cormun/static/Shared/jqueryui/images/ui-icons_8d78a5_256x240.png HTTP/1.1" 404 1089
192.168.10.89 - - [15/Mar/2017:12:32:30 -0300] "POST /cormun/servlet/trsolicitudgral?c74ac880636de45a861f2c47b65a07ee,,gx-no-cache=1489595231854 HTTP/1.1" 200 22179
192.168.10.89 - - [15/Mar/2017:12:32:36 -0300] "GET /cormun/static/menuarrow.gif HTTP/1.1" 404 1015
186.79.156.160 - - [15/Mar/2017:12:32:41 -0300] "POST /cormun/servlet/solicitudot?gx-no-cache=1489592028961 HTTP/1.1" 200 1291
192.168.10.89 - - [15/Mar/2017:12:32:42 -0300] "POST /cormun/servlet/trsolicitudgral?c74ac880636de45a861f2c47b65a07ee,,gx-no-cache=1489595243234 HTTP/1.1" 200 22179
192.168.10.89 - - [15/Mar/2017:12:32:49 -0300] "POST /cormun/servlet/trsolicitudgral?c74ac880636de45a861f2c47b65a07ee,,gx-no-cache=1489595250186 HTTP/1.1" 200 105
192.168.10.89 - - [15/Mar/2017:12:32:49 -0300] "GET /cormun/SolicitudGral-1159.xls HTTP/1.1" 200 83456
192.168.10.89 - - [15/Mar/2017:12:32:51 -0300] "OPTIONS /cormun/ HTTP/1.1" 200 -
192.168.10.89 - - [15/Mar/2017:12:32:52 -0300] "HEAD /cormun/SolicitudGral-1159.xls HTTP/1.1" 200 -
186.79.156.160 - - [15/Mar/2017:12:32:53 -0300] "GET /cormun/servlet/prlicenciaspermisos?7141963,L,,MD,,gxPopupLevel%3D0%3B HTTP/1.1" 200 6747
186.79.156.160 - - [15/Mar/2017:12:32:53 -0300] "GET /cormun/static/gxcfg.js?2016122619302491 HTTP/1.1" 200 953
186.79.156.160 - - [15/Mar/2017:12:32:53 -0300] "GET /cormun/static/prlicenciaspermisos.js?2016122619302645 HTTP/1.1" 200 13363
186.79.156.160 - - [15/Mar/2017:12:32:55 -0300] "POST /cormun/servlet/acontrolpreferencessavestate?None,GVALDES,true HTTP/1.1" 200 35
192.168.10.89 - - [15/Mar/2017:12:33:07 -0300] "OPTIONS / HTTP/1.1" 200 11217
186.79.74.156 - - [15/Mar/2017:12:33:13 -0300] "POST /cormun/servlet/solicitudotadjuntos?gx-no-cache=1489592062054 HTTP/1.1" 200 26
186.79.74.156 - - [15/Mar/2017:12:33:20 -0300] "GET /cormun/servlet/solicitudotadjuntos?bdc8ac248199141e805e2b5af22f157d849a004b2dd15ed07680731adefb0680,gx-no-cache=1489592069566 HTTP/1.1" 200 30
186.79.74.156 - - [15/Mar/2017:12:33:20 -0300] "GET /cormun/servlet/solicitudotadjuntos?bdc8ac248199141e805e2b5af22f157d849a004b2dd15ed07680731adefb0680,gx-no-cache=1489592069670 HTTP/1.1" 200 30
192.168.10.89 - - [15/Mar/2017:12:33:22 -0300] "OPTIONS / HTTP/1.1" 200 11217
186.79.74.156 - - [15/Mar/2017:12:33:23 -0300] "POST /cormun/servlet/solicitudotadjuntos?8f05c77f4914efdd51db1e64bb5bc8e3,INS,2017,5552,,1, HTTP/1.1" 200 116
186.79.74.156 - - [15/Mar/2017:12:33:23 -0300] "GET /cormun/servlet/hpexe_return? HTTP/1.1" 200 1021
186.79.74.156 - - [15/Mar/2017:12:33:23 -0300] "GET /cormun/servlet/trsolicitudadjuntos?2017,5552, HTTP/1.1" 200 8759
186.79.74.156 - - [15/Mar/2017:12:33:24 -0300] "GET /cormun/servlet/trsolicitudadjuntos?2017,5552, HTTP/1.1" 200 8755
186.79.156.160 - - [15/Mar/2017:12:33:33 -0300] "POST /cormun/servlet/solicitudot?gx-no-cache=1489592081440 HTTP/1.1" 200 41
186.79.156.160 - - [15/Mar/2017:12:33:33 -0300] "POST /cormun/servlet/solicitudot?gx-no-cache=1489592081674 HTTP/1.1" 200 1274
186.79.156.160 - - [15/Mar/2017:12:33:33 -0300] "POST /cormun/servlet/solicitudot?gx-no-cache=1489592081955 HTTP/1.1" 200 1157
186.79.156.160 - - [15/Mar/2017:12:33:34 -0300] "GET /cormun/servlet/solicitudot?6ac1e4eb9fba0122729dc131a9a9c7632ab239031ace5573cbb8b3a5c1f18c3a0ddd87686cb7c8d536e596e476b1e6aab6e389d04d8c992913b95fed080bc1f9ec3421fab651bcccadab978b06ed917ba2211637083912ec8208c493fb009ffe1cc28e55784174f32641dfd15b84bb7952f067afa300f60c27ce9a3f2c7aae0662276d1f83ffa35b89f234eb1aebf6266ca3f42850499746c55fd2eb2bb91ae6de7cbf75feb1bc821d9836733c97908b29c107011e3067fdb6ba2008e4be1bb1,gx-no-cache=1489592082192 HTTP/1.1" 200 30
192.168.10.89 - - [15/Mar/2017:12:33:34 -0300] "OPTIONS /cormun HTTP/1.1" 302 -
192.168.10.89 - - [15/Mar/2017:12:33:34 -0300] "OPTIONS /cormun/ HTTP/1.1" 200 -
192.168.10.89 - - [15/Mar/2017:12:33:34 -0300] "PROPFIND /cormun HTTP/1.1" 302 -
192.168.10.89 - - [15/Mar/2017:12:33:34 -0300] "PROPFIND /cormun/ HTTP/1.1" 501 1141
192.168.10.89 - - [15/Mar/2017:12:33:34 -0300] "HEAD /cormun/SolicitudGral-1159.xls HTTP/1.1" 200 -
186.79.156.160 - - [15/Mar/2017:12:33:34 -0300] "POST /cormun/servlet/solicitudot?217a90626fcd3aa8797af1d141a6b95f,INS,0,0,,gx-no-cache=1489592082335 HTTP/1.1" 200 11305
192.168.10.89 - - [15/Mar/2017:12:33:35 -0300] "PROPFIND / HTTP/1.1" 200 11217
192.168.10.89 - - [15/Mar/2017:12:33:35 -0300] "PROPFIND / HTTP/1.1" 200 11217
192.168.10.62 - - [15/Mar/2017:12:33:36 -0300] "GET /cormun/servlet/trconsultaempleado? HTTP/1.1" 200 8839
192.168.10.62 - - [15/Mar/2017:12:33:37 -0300] "GET /cormun/servlet/trconsultaempleado? HTTP/1.1" 200 8838
192.168.10.89 - - [15/Mar/2017:12:33:37 -0300] "PROPFIND /cormun HTTP/1.1" 302 -
192.168.10.89 - - [15/Mar/2017:12:33:37 -0300] "PROPFIND /cormun/ HTTP/1.1" 501 1141
192.168.10.89 - - [15/Mar/2017:12:33:37 -0300] "PROPFIND /cormun HTTP/1.1" 302 -
192.168.10.89 - - [15/Mar/2017:12:33:37 -0300] "PROPFIND /cormun/ HTTP/1.1" 501 1141
192.168.10.89 - - [15/Mar/2017:12:33:37 -0300] "GET /cormun/SolicitudGral-1159.xls HTTP/1.1" 200 83456
192.168.10.89 - - [15/Mar/2017:12:33:38 -0300] "HEAD /cormun/SolicitudGral-1159.xls HTTP/1.1" 200 -
186.79.74.156 - - [15/Mar/2017:12:33:45 -0300] "GET /cormun/servlet/solicitudotadjuntos?INS,2017,5552,,1, HTTP/1.1" 200 5846
186.79.74.156 - - [15/Mar/2017:12:33:45 -0300] "GET /cormun/static/about:blank HTTP/1.1" 404 1011
186.79.74.156 - - [15/Mar/2017:12:33:46 -0300] "GET /cormun/servlet/solicitudotadjuntos?INS,2017,5552,,1, HTTP/1.1" 200 5840
192.168.10.62 - - [15/Mar/2017:12:33:46 -0300] "POST /cormun/servlet/trconsultaempleado?4752e089434af80deecc9ee935f33df2,,gx-no-cache=1489595308111 HTTP/1.1" 200 3970
186.79.74.156 - - [15/Mar/2017:12:33:46 -0300] "GET /cormun/servlet/solicitudotadjuntos?bdc8ac248199141e805e2b5af22f157de192e2577a030ac62ed0482688759eecfb1cc8bcca0c32339fb9e36e2d2fbd21,gx-no-cache=1489592095574 HTTP/1.1" 200 30
186.79.74.156 - - [15/Mar/2017:12:33:46 -0300] "POST /cormun/servlet/solicitudotadjuntos?8f05c77f4914efdd51db1e64bb5bc8e3,INS,2017,5552,,1,,gx-no-cache=1489592095730 HTTP/1.1" 200 3652
192.168.10.62 - - [15/Mar/2017:12:33:47 -0300] "GET /cormun/servlet/trsolicitudnombre?17747202, HTTP/1.1" 200 7106
192.168.10.62 - - [15/Mar/2017:12:33:48 -0300] "GET /cormun/servlet/trsolicitudnombre?17747202, HTTP/1.1" 200 7106
186.79.74.156 - - [15/Mar/2017:12:33:49 -0300] "POST /cormun/servlet/solicitudotadjuntos?gx-no-cache=1489592098117 HTTP/1.1" 200 26
192.168.10.62 - - [15/Mar/2017:12:33:50 -0300] "GET /cormun/servlet/vesolicitudnombre?2017,5183,, HTTP/1.1" 200 8015
192.168.10.62 - - [15/Mar/2017:12:33:50 -0300] "GET /cormun/pexe_scrolldiv.js HTTP/1.1" 404 1009
192.168.10.62 - - [15/Mar/2017:12:33:50 -0300] "GET /cormun/pexe_scrolldiv.js HTTP/1.1" 404 1009
192.168.10.62 - - [15/Mar/2017:12:33:50 -0300] "GET /cormun/servlet/vesolicitudnombre?2017,5183,, HTTP/1.1" 200 8008
192.168.10.62 - - [15/Mar/2017:12:33:52 -0300] "GET /cormun/servlet/vesolicitudnombre?2017,5183,,SolicitudOTAdjuntos HTTP/1.1" 200 9395
192.168.10.62 - - [15/Mar/2017:12:33:52 -0300] "GET /cormun/pexe_scrolldiv.js HTTP/1.1" 404 1009
192.168.10.62 - - [15/Mar/2017:12:33:52 -0300] "GET /cormun/pexe_scrolldiv.js HTTP/1.1" 404 1009
192.168.10.62 - - [15/Mar/2017:12:33:52 -0300] "GET /cormun/static/tbsolicitudnombre02.js?201612218422876 HTTP/1.1" 200 14723
192.168.10.62 - - [15/Mar/2017:12:33:52 -0300] "GET /cormun/servlet/vesolicitudnombre?2017,5183,,SolicitudOTAdjuntos HTTP/1.1" 200 9395
192.168.10.62 - - [15/Mar/2017:12:33:53 -0300] "POST /cormun/servlet/acontrolpreferencessavestate?None,FGONZALEZG,true HTTP/1.1" 200 35
186.79.156.160 - - [15/Mar/2017:12:33:53 -0300] "GET /cormun/servlet/solicitudot?6ac1e4eb9fba0122729dc131a9a9c76381613f654cd9ce312f51dedc9a02a48526f6dcea06f3a4e59fb6fb8f82430dba84582859dad414cff053db44e0039f86d831a22c63e24ddd763dad775cdddae6adddfb32fa80e45fe499bad959e8863c81ec7e9183354bcdbcfe9df3765962d0f2cfb4639a86c25d0dae7104f06d52e9cbd7c0e10b4fe0ddba4d92985a08591f901df975724e7b58e336d8ecbe44b5af5046f929b2b41f1277aee89f6d7e5c20f9119e61c6bb75a6fdc812e875095b67864fbb49cf38b2667b1e498b2e57fe6c84d4d759d8e7bc55523d1c4c9861050e75468cc6df9626e693197902eaa905ea098b121acbc152110120c95c4c74ad39d443e2289982006a2ab563ff0baabd85069f5dc0871649ca7d53889f5625afff842188a70ce2bd05f3dec428c9573d9c864d5378cf525a4dfb2000d8363d89edfed3e139072242dd14b370dfc7efb90637dca1e5169f6b161b664e290e03169ccac70304114f8b8554743f2979d66e6ef27c05b80e4440238732d0f9056fa83ac1b642778422c726934aaaf838c99696,gx-no-cache=1489592101242 HTTP/1.1" 200 30
186.79.156.160 - - [15/Mar/2017:12:33:54 -0300] "POST /cormun/servlet/solicitudot?gx-no-cache=1489592102256 HTTP/1.1" 200 30
186.79.74.156 - - [15/Mar/2017:12:33:54 -0300] "GET /cormun/servlet/solicitudotadjuntos?bdc8ac248199141e805e2b5af22f157d849a004b2dd15ed07680731adefb0680,gx-no-cache=1489592103555 HTTP/1.1" 200 30
186.79.74.156 - - [15/Mar/2017:12:33:55 -0300] "GET /cormun/servlet/solicitudotadjuntos?bdc8ac248199141e805e2b5af22f157d849a004b2dd15ed07680731adefb0680,gx-no-cache=1489592104368 HTTP/1.1" 200 30
186.79.156.160 - - [15/Mar/2017:12:33:56 -0300] "POST /cormun/servlet/solicitudot?gx-no-cache=1489592102410 HTTP/1.1" 200 1291
186.79.156.160 - - [15/Mar/2017:12:33:56 -0300] "POST /cormun/servlet/solicitudot?gx-no-cache=1489592104868 HTTP/1.1" 200 41
186.79.156.160 - - [15/Mar/2017:12:33:57 -0300] "POST /cormun/servlet/solicitudot?gx-no-cache=1489592105070 HTTP/1.1" 200 1274
186.79.156.160 - - [15/Mar/2017:12:33:57 -0300] "POST /cormun/servlet/solicitudot?gx-no-cache=1489592105340 HTTP/1.1" 200 1157
186.79.156.160 - - [15/Mar/2017:12:33:57 -0300] "GET /cormun/servlet/solicitudot?6ac1e4eb9fba0122729dc131a9a9c7632ab239031ace5573cbb8b3a5c1f18c3a0ddd87686cb7c8d536e596e476b1e6aab6e389d04d8c992913b95fed080bc1f9ec3421fab651bcccadab978b06ed917ba2211637083912ec8208c493fb009ffe1cc28e55784174f32641dfd15b84bb7952f067afa300f60c27ce9a3f2c7aae0662276d1f83ffa35b89f234eb1aebf6266ca3f42850499746c55fd2eb2bb91ae6de7cbf75feb1bc821d9836733c97908b39babfec19a3b825cb1bc0ae601dcfda,gx-no-cache=1489592105579 HTTP/1.1" 200 32
186.79.156.160 - - [15/Mar/2017:12:33:58 -0300] "POST /cormun/servlet/solicitudot?217a90626fcd3aa8797af1d141a6b95f,INS,0,0,,gx-no-cache=1489592105701 HTTP/1.1" 200 93
186.79.156.160 - - [15/Mar/2017:12:33:58 -0300] "GET /cormun/servlet/hpexe_return? HTTP/1.1" 200 1006
186.79.74.156 - - [15/Mar/2017:12:33:59 -0300] "POST /cormun/servlet/solicitudotadjuntos?8f05c77f4914efdd51db1e64bb5bc8e3,INS,2017,5552,,1, HTTP/1.1" 200 116
186.79.74.156 - - [15/Mar/2017:12:33:59 -0300] "GET /cormun/servlet/hpexe_return? HTTP/1.1" 200 1021
186.79.74.156 - - [15/Mar/2017:12:33:59 -0300] "GET /cormun/servlet/trsolicitudadjuntos?2017,5552, HTTP/1.1" 200 9002
186.79.156.160 - - [15/Mar/2017:12:34:00 -0300] "GET /cormun/static/gxcfg.js?2016101716175148 HTTP/1.1" 200 953
186.79.74.156 - - [15/Mar/2017:12:34:00 -0300] "GET /cormun/servlet/trsolicitudadjuntos?2017,5552, HTTP/1.1" 200 8998
186.79.156.160 - - [15/Mar/2017:12:34:00 -0300] "GET /cormun/static/hpexe_return.js?2016101716175153 HTTP/1.1" 200 1633
192.168.10.62 - - [15/Mar/2017:12:34:01 -0300] "GET /cormun/servlet/hlogin HTTP/1.1" 200 1758
186.79.156.160 - - [15/Mar/2017:12:34:01 -0300] "GET /cormun/servlet/trsolicitudot HTTP/1.1" 200 9052
186.79.156.160 - - [15/Mar/2017:12:34:01 -0300] "GET /cormun/servlet/trsolicitudot HTTP/1.1" 200 9048
186.79.74.156 - - [15/Mar/2017:12:34:07 -0300] "GET /cormun/servlet/solicitudotadjuntos?INS,2017,5552,,1, HTTP/1.1" 200 5846
186.79.74.156 - - [15/Mar/2017:12:34:08 -0300] "GET /cormun/static/about:blank HTTP/1.1" 404 1011
186.79.74.156 - - [15/Mar/2017:12:34:08 -0300] "GET /cormun/servlet/solicitudotadjuntos?INS,2017,5552,,1, HTTP/1.1" 200 5840
186.79.74.156 - - [15/Mar/2017:12:34:08 -0300] "GET /cormun/servlet/solicitudotadjuntos?bdc8ac248199141e805e2b5af22f157de192e2577a030ac62ed0482688759eecfb1cc8bcca0c32339fb9e36e2d2fbd21,gx-no-cache=1489592117782 HTTP/1.1" 200 30
186.79.74.156 - - [15/Mar/2017:12:34:09 -0300] "POST /cormun/servlet/solicitudotadjuntos?8f05c77f4914efdd51db1e64bb5bc8e3,INS,2017,5552,,1,,gx-no-cache=1489592117895 HTTP/1.1" 200 3652
186.79.74.156 - - [15/Mar/2017:12:34:10 -0300] "POST /cormun/servlet/solicitudotadjuntos?gx-no-cache=1489592119907 HTTP/1.1" 200 26
186.79.74.156 - - [15/Mar/2017:12:34:16 -0300] "GET /cormun/servlet/solicitudotadjuntos?bdc8ac248199141e805e2b5af22f157d849a004b2dd15ed07680731adefb0680,gx-no-cache=1489592125015 HTTP/1.1" 200 30
186.79.74.156 - - [15/Mar/2017:12:34:16 -0300] "GET /cormun/servlet/solicitudotadjuntos?bdc8ac248199141e805e2b5af22f157d849a004b2dd15ed07680731adefb0680,gx-no-cache=1489592125089 HTTP/1.1" 200 30
186.79.74.156 - - [15/Mar/2017:12:34:19 -0300] "POST /cormun/servlet/solicitudotadjuntos?8f05c77f4914efdd51db1e64bb5bc8e3,INS,2017,5552,,1, HTTP/1.1" 200 5906
186.79.74.156 - - [15/Mar/2017:12:34:19 -0300] "GET /cormun/static/Shared/jqueryui/images/ui-bg_highlight-soft_100_c6c2c8_1x100.png HTTP/1.1" 404 1117
186.79.74.156 - - [15/Mar/2017:12:34:19 -0300] "GET /cormun/static/Shared/jqueryui/images/ui-icons_82798d_256x240.png HTTP/1.1" 404 1089
186.79.74.156 - - [15/Mar/2017:12:34:19 -0300] "GET /cormun/static/Shared/jqueryui/images/ui-icons_ebccce_256x240.png HTTP/1.1" 404 1089
186.79.74.156 - - [15/Mar/2017:12:34:20 -0300] "GET /cormun/static/Shared/jqueryui/images/ui-bg_flat_55_994d53_40x100.png HTTP/1.1" 404 1097
186.79.74.156 - - [15/Mar/2017:12:34:20 -0300] "GET /cormun/PrivateTempStorage/upload_00019266.jpg HTTP/1.1" 200 150526
186.79.156.160 - - [15/Mar/2017:12:34:27 -0300] "POST /cormun/servlet/trsolicitudot?217a90626fcd3aa8797af1d141a6b95f,gx-no-cache=1489592134836 HTTP/1.1" 200 106
186.79.156.160 - - [15/Mar/2017:12:34:27 -0300] "GET /cormun/servlet/trsolicitudadjuntos?2017,5553, HTTP/1.1" 200 6088
186.79.156.160 - - [15/Mar/2017:12:34:27 -0300] "GET /cormun/static/gxcfg.js?201612218531388 HTTP/1.1" 200 953
186.79.156.160 - - [15/Mar/2017:12:34:28 -0300] "GET /cormun/static/trsolicitudadjuntos.js?201612218531657 HTTP/1.1" 200 17913
186.79.156.160 - - [15/Mar/2017:12:34:28 -0300] "GET /cormun/servlet/trsolicitudadjuntos?2017,5553, HTTP/1.1" 200 6088
186.79.74.156 - - [15/Mar/2017:12:34:32 -0300] "POST /cormun/servlet/solicitudotadjuntos?8f05c77f4914efdd51db1e64bb5bc8e3,INS,2017,5552,,1, HTTP/1.1" 200 116
186.79.74.156 - - [15/Mar/2017:12:34:32 -0300] "GET /cormun/servlet/hpexe_return? HTTP/1.1" 200 1021
186.79.74.156 - - [15/Mar/2017:12:34:33 -0300] "GET /cormun/servlet/trsolicitudadjuntos?2017,5552, HTTP/1.1" 200 9002
186.79.74.156 - - [15/Mar/2017:12:34:33 -0300] "GET /cormun/servlet/trsolicitudadjuntos?2017,5552, HTTP/1.1" 200 8999
186.79.74.156 - - [15/Mar/2017:12:34:39 -0300] "GET /cormun/servlet/solicitudotadjuntos?DLT,2017,5552,CERTIF2,0, HTTP/1.1" 200 5862
186.79.74.156 - - [15/Mar/2017:12:34:39 -0300] "GET /cormun/PublicTempStorage/viviana_armijo_valenzuela__c._educ._media3722456.jpg HTTP/1.1" 200 127736
186.79.74.156 - - [15/Mar/2017:12:34:40 -0300] "GET /cormun/static/Shared/jqueryui/images/ui-bg_flat_55_fafafa_40x100.png HTTP/1.1" 404 1097
186.79.74.156 - - [15/Mar/2017:12:34:40 -0300] "GET /cormun/static/Shared/jqueryui/images/ui-icons_8d78a5_256x240.png HTTP/1.1" 404 1089
192.168.10.89 - - [15/Mar/2017:12:34:40 -0300] "POST /cormun/servlet/trsolicitudgral?c74ac880636de45a861f2c47b65a07ee,,gx-no-cache=1489595361446 HTTP/1.1" 200 22312
186.79.74.156 - - [15/Mar/2017:12:34:40 -0300] "GET /cormun/servlet/solicitudotadjuntos?DLT,2017,5552,CERTIF2,0, HTTP/1.1" 200 5856
186.79.74.156 - - [15/Mar/2017:12:34:43 -0300] "POST /cormun/servlet/solicitudotadjuntos?8f05c77f4914efdd51db1e64bb5bc8e3,DLT,2017,5552,CERTIF2,0,,gx-no-cache=1489592151990 HTTP/1.1" 200 93
186.79.74.156 - - [15/Mar/2017:12:34:43 -0300] "GET /cormun/servlet/hpexe_return? HTTP/1.1" 200 1028
186.79.74.156 - - [15/Mar/2017:12:34:43 -0300] "GET /cormun/servlet/trsolicitudadjuntos?2017,5552, HTTP/1.1" 200 8752
186.79.74.156 - - [15/Mar/2017:12:34:44 -0300] "GET /cormun/servlet/trsolicitudadjuntos?2017,5552, HTTP/1.1" 200 8749
186.79.74.156 - - [15/Mar/2017:12:34:46 -0300] "GET /cormun/servlet/solicitudotadjuntos?INS,2017,5552,,1, HTTP/1.1" 200 5846
186.79.74.156 - - [15/Mar/2017:12:34:47 -0300] "GET /cormun/static/about:blank HTTP/1.1" 404 1011
186.79.74.156 - - [15/Mar/2017:12:34:47 -0300] "GET /cormun/servlet/solicitudotadjuntos?INS,2017,5552,,1, HTTP/1.1" 200 5840
186.79.74.156 - - [15/Mar/2017:12:34:47 -0300] "GET /cormun/servlet/solicitudotadjuntos?bdc8ac248199141e805e2b5af22f157de192e2577a030ac62ed0482688759eecfb1cc8bcca0c32339fb9e36e2d2fbd21,gx-no-cache=1489592156747 HTTP/1.1" 200 30
186.79.74.156 - - [15/Mar/2017:12:34:48 -0300] "POST /cormun/servlet/solicitudotadjuntos?8f05c77f4914efdd51db1e64bb5bc8e3,INS,2017,5552,,1,,gx-no-cache=1489592156827 HTTP/1.1" 200 3652
192.168.10.89 - - [15/Mar/2017:12:34:50 -0300] "POST /cormun/servlet/trsolicitudgral?c74ac880636de45a861f2c47b65a07ee,,gx-no-cache=1489595371427 HTTP/1.1" 200 105
192.168.10.89 - - [15/Mar/2017:12:34:50 -0300] "GET /cormun/SolicitudGral-6870.xls HTTP/1.1" 200 49664
186.79.74.156 - - [15/Mar/2017:12:34:50 -0300] "POST /cormun/servlet/solicitudotadjuntos?gx-no-cache=1489592159227 HTTP/1.1" 200 26
192.168.10.89 - - [15/Mar/2017:12:34:52 -0300] "HEAD /cormun/SolicitudGral-6870.xls HTTP/1.1" 200 -
192.168.10.89 - - [15/Mar/2017:12:34:52 -0300] "OPTIONS /cormun HTTP/1.1" 302 -
192.168.10.89 - - [15/Mar/2017:12:34:52 -0300] "OPTIONS /cormun/ HTTP/1.1" 200 -
192.168.10.89 - - [15/Mar/2017:12:34:52 -0300] "PROPFIND /cormun HTTP/1.1" 302 -
192.168.10.89 - - [15/Mar/2017:12:34:52 -0300] "PROPFIND /cormun/ HTTP/1.1" 501 1141
192.168.10.89 - - [15/Mar/2017:12:34:52 -0300] "PROPFIND /cormun HTTP/1.1" 302 -
192.168.10.89 - - [15/Mar/2017:12:34:52 -0300] "PROPFIND /cormun/ HTTP/1.1" 501 1141
192.168.10.89 - - [15/Mar/2017:12:34:52 -0300] "HEAD /cormun/SolicitudGral-6870.xls HTTP/1.1" 200 -
192.168.10.89 - - [15/Mar/2017:12:34:53 -0300] "PROPFIND / HTTP/1.1" 200 11217
192.168.10.89 - - [15/Mar/2017:12:34:53 -0300] "PROPFIND / HTTP/1.1" 200 11217
192.168.10.89 - - [15/Mar/2017:12:34:56 -0300] "PROPFIND /cormun HTTP/1.1" 302 -
192.168.10.89 - - [15/Mar/2017:12:34:56 -0300] "PROPFIND /cormun/ HTTP/1.1" 501 1141
192.168.10.89 - - [15/Mar/2017:12:34:56 -0300] "PROPFIND /cormun HTTP/1.1" 302 -
192.168.10.89 - - [15/Mar/2017:12:34:56 -0300] "PROPFIND /cormun/ HTTP/1.1" 501 1141
192.168.10.89 - - [15/Mar/2017:12:34:56 -0300] "GET /cormun/SolicitudGral-6870.xls HTTP/1.1" 200 49664
186.79.74.156 - - [15/Mar/2017:12:34:56 -0300] "GET /cormun/servlet/solicitudotadjuntos?bdc8ac248199141e805e2b5af22f157d849a004b2dd15ed07680731adefb0680,gx-no-cache=1489592165024 HTTP/1.1" 200 30
192.168.10.89 - - [15/Mar/2017:12:34:56 -0300] "HEAD /cormun/SolicitudGral-6870.xls HTTP/1.1" 200 -
186.79.74.156 - - [15/Mar/2017:12:34:56 -0300] "GET /cormun/servlet/solicitudotadjuntos?bdc8ac248199141e805e2b5af22f157d849a004b2dd15ed07680731adefb0680,gx-no-cache=1489592165119 HTTP/1.1" 200 30
186.79.74.156 - - [15/Mar/2017:12:35:06 -0300] "POST /cormun/servlet/solicitudotadjuntos?8f05c77f4914efdd51db1e64bb5bc8e3,INS,2017,5552,,1, HTTP/1.1" 200 116
186.79.74.156 - - [15/Mar/2017:12:35:06 -0300] "GET /cormun/servlet/hpexe_return? HTTP/1.1" 200 1021
186.79.74.156 - - [15/Mar/2017:12:35:07 -0300] "GET /cormun/servlet/trsolicitudadjuntos?2017,5552, HTTP/1.1" 200 9002
186.79.74.156 - - [15/Mar/2017:12:35:09 -0300] "GET /cormun/servlet/trsolicitudadjuntos?2017,5552, HTTP/1.1" 200 8998
186.79.74.156 - - [15/Mar/2017:12:35:15 -0300] "POST /cormun/servlet/trsolicitudadjuntos?8f05c77f4914efdd51db1e64bb5bc8e3,2017,5552,,gx-no-cache=1489592183800 HTTP/1.1" 200 90
186.79.74.156 - - [15/Mar/2017:12:35:15 -0300] "GET /cormun/servlet/hpexe_link HTTP/1.1" 200 967
186.79.74.156 - - [15/Mar/2017:12:35:15 -0300] "GET /cormun/servlet/trsolicitudot HTTP/1.1" 200 8514
186.79.74.156 - - [15/Mar/2017:12:35:16 -0300] "GET /cormun/servlet/trsolicitudot HTTP/1.1" 200 8512
186.79.74.156 - - [15/Mar/2017:12:35:27 -0300] "POST /cormun/servlet/trsolicitudot?8f05c77f4914efdd51db1e64bb5bc8e3,gx-no-cache=1489592196031 HTTP/1.1" 200 5302
186.79.74.156 - - [15/Mar/2017:12:35:29 -0300] "POST /cormun/servlet/trsolicitudot?8f05c77f4914efdd51db1e64bb5bc8e3,gx-no-cache=1489592196899 HTTP/1.1" 200 5246
186.103.159.187 - - [15/Mar/2017:12:36:09 -0300] "GET /cormun/servlet/hlogin HTTP/1.1" 200 1718
186.103.159.187 - - [15/Mar/2017:12:36:18 -0300] "POST /cormun/servlet/hlogin?236402463ff7bfbea25542f996bfd863,gx-no-cache=1489592244850 HTTP/1.1" 200 90
186.103.159.187 - - [15/Mar/2017:12:36:18 -0300] "GET /cormun/servlet/hpexe_link HTTP/1.1" 200 948
186.103.159.187 - - [15/Mar/2017:12:36:18 -0300] "GET /cormun/servlet/hhome HTTP/1.1" 200 3731
186.103.159.187 - - [15/Mar/2017:12:36:20 -0300] "GET /cormun/servlet/hhome HTTP/1.1" 200 3728
186.79.156.160 - - [15/Mar/2017:12:36:35 -0300] "GET /cormun/servlet/solicitudotadjuntos?INS,2017,5553,,1, HTTP/1.1" 200 6018
186.79.156.160 - - [15/Mar/2017:12:36:35 -0300] "GET /cormun/static/gxcfg.js?201612218465951 HTTP/1.1" 200 953
186.79.156.160 - - [15/Mar/2017:12:36:35 -0300] "GET /cormun/static/solicitudotadjuntos.js?201612218465969 HTTP/1.1" 200 11762
186.79.156.160 - - [15/Mar/2017:12:36:35 -0300] "GET /cormun/static/about:blank HTTP/1.1" 404 1011
186.79.156.160 - - [15/Mar/2017:12:36:36 -0300] "GET /cormun/servlet/solicitudotadjuntos?INS,2017,5553,,1, HTTP/1.1" 200 6012
186.79.156.160 - - [15/Mar/2017:12:36:36 -0300] "GET /cormun/servlet/solicitudotadjuntos?6ac1e4eb9fba0122729dc131a9a9c763aed27ca4a504e7284a7abc33b3df5ef16a0a957810158b3edcaffa9f23816cd9,gx-no-cache=1489592264671 HTTP/1.1" 200 30
186.79.156.160 - - [15/Mar/2017:12:36:37 -0300] "POST /cormun/servlet/solicitudotadjuntos?217a90626fcd3aa8797af1d141a6b95f,INS,2017,5553,,1,,gx-no-cache=1489592264803 HTTP/1.1" 200 3824
186.79.156.160 - - [15/Mar/2017:12:37:09 -0300] "POST /cormun/servlet/solicitudotadjuntos?gx-no-cache=1489592297366 HTTP/1.1" 200 26
186.103.159.187 - - [15/Mar/2017:12:37:11 -0300] "GET /cormun/servlet/trsolicitudot? HTTP/1.1" 200 7952
186.103.159.187 - - [15/Mar/2017:12:37:12 -0300] "GET /cormun/servlet/trsolicitudot? HTTP/1.1" 200 7950
186.103.159.187 - - [15/Mar/2017:12:38:19 -0300] "GET /cormun/servlet/solicitudot?INS,0,0, HTTP/1.1" 200 12542
186.103.159.187 - - [15/Mar/2017:12:38:20 -0300] "GET /cormun/servlet/solicitudot?INS,0,0, HTTP/1.1" 200 12546
186.103.159.187 - - [15/Mar/2017:12:38:20 -0300] "GET /cormun/servlet/solicitudot?INS,0,0, HTTP/1.1" 200 12546
186.103.159.187 - - [15/Mar/2017:12:38:21 -0300] "GET /cormun/servlet/solicitudot?INS,0,0, HTTP/1.1" 200 12546
186.103.159.187 - - [15/Mar/2017:12:38:52 -0300] "POST /cormun/servlet/solicitudot?gx-no-cache=1489595991681 HTTP/1.1" 200 3188
186.103.159.187 - - [15/Mar/2017:12:38:53 -0300] "POST /cormun/servlet/solicitudot?236402463ff7bfbea25542f996bfd863,INS,0,0,,gx-no-cache=1489595993731 HTTP/1.1" 200 9791
186.103.159.187 - - [15/Mar/2017:12:38:56 -0300] "GET /cormun/servlet/solicitudot?da5bf8fe990ef7d3b9fd04a2b7a9e7acfb2313b5632b92b5c7a286ea7a3d7f12f412319b6ef8271f37d78108067d772f,gx-no-cache=1489595997162 HTTP/1.1" 200 30
186.103.159.187 - - [15/Mar/2017:12:38:56 -0300] "POST /cormun/servlet/solicitudot?gx-no-cache=1489595997569 HTTP/1.1" 200 256
186.103.159.187 - - [15/Mar/2017:12:38:57 -0300] "GET /cormun/servlet/solicitudot?da5bf8fe990ef7d3b9fd04a2b7a9e7accd20923ef0c6059e03473f76e5779aaf665db196a9ba25f2316bfb3f3de3691fca4fbe90091ff6b3ff419f9f9eab93d6da9004ee3733fe6dc94b2bcd1c97865748deda76b694bfbbcd349cb9e02bec82b4c236c296a453e2a99446868d099e22f43b95e5bd307cbb0d4fdf0ac1dfa6c1c73fa549a3bb1505d89427689354c6437498b29fa75331a33461c76c046813499a1dfa00edbd170d3fc12e5b6a2992664c185167801ecb5f5d3c052adbd34fe0c91f0cbe9777a427ee1f2f98e855bdc0d117c77423d58255454665e420ab97e12ea937a2ac4a154f260659020c5b0897091cf305b6ec59558fad80663c5985e481d97cd2b7baae4af2e9c7afbffa7d665eb36205ed4f2d20f67790863165dd322326ecfabff2c00144b9179994a31e8b056d5cdca6d267da023a9df2c82ac5a88ae6f20d5d266d7705f01ed6daead948913e92ed36e8f8d7f9ec3fe699edd2ab7679ad3bb0a75454a617c0b3d1db63d8bfe9d5099ac7b875a7f313bc7a527c9a,gx-no-cache=1489595997642 HTTP/1.1" 200 30
186.103.159.187 - - [15/Mar/2017:12:39:17 -0300] "POST /cormun/servlet/solicitudot?gx-no-cache=1489596018439 HTTP/1.1" 200 30
186.103.159.187 - - [15/Mar/2017:12:39:19 -0300] "GET /cormun/servlet/prcontratosol?17503462,,,,,MD,,gxPopupLevel%3D0%3B HTTP/1.1" 200 5554
186.103.159.187 - - [15/Mar/2017:12:39:57 -0300] "POST /cormun/servlet/solicitudot?gx-no-cache=1489596058086 HTTP/1.1" 200 296
186.103.159.187 - - [15/Mar/2017:12:39:57 -0300] "GET /cormun/static/Shared/jqueryui/images/ui-bg_highlight-soft_100_c6c2c8_1x100.png HTTP/1.1" 404 1117
186.103.159.187 - - [15/Mar/2017:12:39:57 -0300] "GET /cormun/static/Shared/jqueryui/images/ui-icons_82798d_256x240.png HTTP/1.1" 404 1089
186.103.159.187 - - [15/Mar/2017:12:39:57 -0300] "GET /cormun/static/Shared/jqueryui/images/ui-bg_flat_55_994d53_40x100.png HTTP/1.1" 404 1097
186.103.159.187 - - [15/Mar/2017:12:39:57 -0300] "POST /cormun/servlet/solicitudot?gx-no-cache=1489596058255 HTTP/1.1" 200 117
186.103.159.187 - - [15/Mar/2017:12:39:57 -0300] "GET /cormun/static/Shared/jqueryui/images/ui-icons_ebccce_256x240.png HTTP/1.1" 404 1089
186.103.159.187 - - [15/Mar/2017:12:39:57 -0300] "GET /cormun/servlet/solicitudot?da5bf8fe990ef7d3b9fd04a2b7a9e7ac27f1fc55245496104c317ed995974c5ae004891d9275ab28cb20d9dfb52ee55c9da958647af7d36e20932fb601eb8e5a9e40c414e20aff602f96c193e01212ed5f06ab20f4b40243f43f2e27efb8422ad1b25055e60bdcda7e759a042a23c80273d64a9542d9d9c183336ba63718c86151507ebcc3255627d60ac67344b51ccabcc2cb22a520528f133b425e5cc19dd2,gx-no-cache=1489596058355 HTTP/1.1" 200 29
186.103.159.187 - - [15/Mar/2017:12:39:57 -0300] "GET /cormun/servlet/solicitudot?da5bf8fe990ef7d3b9fd04a2b7a9e7ac3acbd7227393f9cd72b99a90a30a0701c60b3eb165ffebeeaeeb1bcbf091b611b7e4fecd0ed7bb27621d9adfadf1c4f70c671fada8136713d91c3d3104eb10b5309858dd14faad01e9873b56d5531df1706fad6d336cd0e8312de635472b95a5e0580076f777a5e242baf1d91f00ef7f9adb850c8330b33bba2614c5c4ed09a084efa6e7d17b1fb03f5c0f3894f6e985,gx-no-cache=1489596058432 HTTP/1.1" 200 57
186.103.159.187 - - [15/Mar/2017:12:39:57 -0300] "GET /cormun/servlet/solicitudot?da5bf8fe990ef7d3b9fd04a2b7a9e7ac1f742b7538d2aca5f11304c782c31485c60b3eb165ffebeeaeeb1bcbf091b611b7e4fecd0ed7bb27621d9adfadf1c4f737f975fe3a0283461f6923e2959a31e2b41f6f3f1f36569eb488af6b116eed6e33686cf37e290f64833ede70873b7269b3b02b6898be28d26ac124f8b8f901f2,gx-no-cache=1489596058514 HTTP/1.1" 200 57
186.103.159.187 - - [15/Mar/2017:12:39:58 -0300] "GET /cormun/servlet/prsolicitudot?17503462,,,,,MD,,gxPopupLevel%3D0%3B HTTP/1.1" 200 6395
186.103.159.187 - - [15/Mar/2017:12:40:20 -0300] "POST /cormun/servlet/solicitudot?gx-no-cache=1489596080343 HTTP/1.1" 200 30
186.103.159.187 - - [15/Mar/2017:12:40:29 -0300] "POST /cormun/servlet/solicitudot?gx-no-cache=1489596089970 HTTP/1.1" 200 30
186.103.159.187 - - [15/Mar/2017:12:40:31 -0300] "GET /cormun/servlet/prcontratosol?17503462,,,,,MD,,gxPopupLevel%3D0%3B HTTP/1.1" 200 5554
186.103.159.187 - - [15/Mar/2017:12:40:46 -0300] "POST /cormun/servlet/solicitudot?gx-no-cache=1489596107462 HTTP/1.1" 200 296
186.103.159.187 - - [15/Mar/2017:12:40:46 -0300] "POST /cormun/servlet/solicitudot?gx-no-cache=1489596107560 HTTP/1.1" 200 117
186.103.159.187 - - [15/Mar/2017:12:40:47 -0300] "GET /cormun/servlet/solicitudot?da5bf8fe990ef7d3b9fd04a2b7a9e7ac3acbd7227393f9cd72b99a90a30a0701c60b3eb165ffebeeaeeb1bcbf091b611b7e4fecd0ed7bb27621d9adfadf1c4f70c671fada8136713d91c3d3104eb10b5309858dd14faad01e9873b56d5531df1706fad6d336cd0e8312de635472b95a5e0580076f777a5e242baf1d91f00ef7f9adb850c8330b33bba2614c5c4ed09a084efa6e7d17b1fb03f5c0f3894f6e985,gx-no-cache=1489596107656 HTTP/1.1" 200 57
186.103.159.187 - - [15/Mar/2017:12:40:47 -0300] "GET /cormun/servlet/solicitudot?da5bf8fe990ef7d3b9fd04a2b7a9e7ac1f742b7538d2aca5f11304c782c31485c60b3eb165ffebeeaeeb1bcbf091b611b7e4fecd0ed7bb27621d9adfadf1c4f737f975fe3a0283461f6923e2959a31e2b41f6f3f1f36569eb488af6b116eed6e33686cf37e290f64833ede70873b7269b3b02b6898be28d26ac124f8b8f901f2,gx-no-cache=1489596107734 HTTP/1.1" 200 57
186.103.159.187 - - [15/Mar/2017:12:40:53 -0300] "POST /cormun/servlet/solicitudot?gx-no-cache=1489596113600 HTTP/1.1" 200 30
186.103.159.187 - - [15/Mar/2017:12:41:42 -0300] "POST /cormun/servlet/solicitudot?236402463ff7bfbea25542f996bfd863,INS,0,0,,gx-no-cache=1489596160466 HTTP/1.1" 200 93
186.103.159.187 - - [15/Mar/2017:12:41:42 -0300] "GET /cormun/servlet/hpexe_return? HTTP/1.1" 200 1000
186.103.159.187 - - [15/Mar/2017:12:41:42 -0300] "GET /cormun/servlet/trsolicitudot HTTP/1.1" 200 7954
186.103.159.187 - - [15/Mar/2017:12:41:44 -0300] "GET /cormun/servlet/trsolicitudot HTTP/1.1" 200 7950
186.103.159.187 - - [15/Mar/2017:12:41:47 -0300] "GET /cormun/servlet/trsolicitudot? HTTP/1.1" 200 7950
186.103.159.187 - - [15/Mar/2017:12:41:48 -0300] "GET /cormun/servlet/trsolicitudot? HTTP/1.1" 200 7950
186.103.159.187 - - [15/Mar/2017:12:41:51 -0300] "GET /cormun/servlet/solicitudot?INS,0,0, HTTP/1.1" 200 12542
186.103.159.187 - - [15/Mar/2017:12:41:52 -0300] "GET /cormun/servlet/solicitudot?INS,0,0, HTTP/1.1" 200 12547
186.103.159.187 - - [15/Mar/2017:12:42:18 -0300] "POST /cormun/servlet/solicitudot?gx-no-cache=1489596198664 HTTP/1.1" 200 3162
186.103.159.187 - - [15/Mar/2017:12:42:18 -0300] "POST /cormun/servlet/solicitudot?236402463ff7bfbea25542f996bfd863,INS,0,0,,gx-no-cache=1489596198972 HTTP/1.1" 200 9764
186.103.159.187 - - [15/Mar/2017:12:42:31 -0300] "GET /cormun/servlet/solicitudot?da5bf8fe990ef7d3b9fd04a2b7a9e7ac28004d43e4e56c2b2f43ff66a55e3af3f412319b6ef8271f37d78108067d772f,gx-no-cache=1489596212544 HTTP/1.1" 200 30
186.103.159.187 - - [15/Mar/2017:12:42:32 -0300] "POST /cormun/servlet/solicitudot?gx-no-cache=1489596212627 HTTP/1.1" 200 255
186.103.159.187 - - [15/Mar/2017:12:42:32 -0300] "GET /cormun/servlet/solicitudot?da5bf8fe990ef7d3b9fd04a2b7a9e7accd20923ef0c6059e03473f76e5779aaf81f53cee7a4cea9a96e55174fb6d93ddca4fbe90091ff6b3ff419f9f9eab93d6da9004ee3733fe6dc94b2bcd1c97865748deda76b694bfbbcd349cb9e02bec82b4c236c296a453e2a99446868d099e22f43b95e5bd307cbb0d4fdf0ac1dfa6c1c73fa549a3bb1505d89427689354c6437498b29fa75331a33461c76c046813499a1dfa00edbd170d3fc12e5b6a2992664c185167801ecb5f5d3c052adbd34fe0c91f0cbe9777a427ee1f2f98e855bdc0d117c77423d58255454665e420ab97e12ea937a2ac4a154f260659020c5b0897091cf305b6ec59558fad80663c5985e481d97cd2b7baae4af2e9c7afbffa7d66345f5cb787e3d79ebe77eb06eab9b9db9cb91a5cc71e8f4f7a3ee2a1413c16d3fec56b959b9d1ef6f4c8a70aeaa58a77af17f3b8a7b20a7d12a1373de29fbd70862774e5f1c48a67dbd38cd7f8d34834fb7a20a0d872df5dd2f0180630f2f9d2aac481648a080ea70418ad5c899d5e36,gx-no-cache=1489596212706 HTTP/1.1" 200 30
186.103.159.187 - - [15/Mar/2017:12:42:38 -0300] "POST /cormun/servlet/solicitudot?gx-no-cache=1489596219097 HTTP/1.1" 200 30
186.103.159.187 - - [15/Mar/2017:12:42:39 -0300] "GET /cormun/servlet/prcontratosol?15993933,,,,,MD,,gxPopupLevel%3D0%3B HTTP/1.1" 200 5883
186.103.159.187 - - [15/Mar/2017:12:42:50 -0300] "POST /cormun/servlet/solicitudot?gx-no-cache=1489596231081 HTTP/1.1" 200 1372
186.103.159.187 - - [15/Mar/2017:12:42:50 -0300] "GET /cormun/static/Shared/jqueryui/images/ui-bg_highlight-soft_100_c6c2c8_1x100.png HTTP/1.1" 404 1117
186.103.159.187 - - [15/Mar/2017:12:42:50 -0300] "GET /cormun/static/Shared/jqueryui/images/ui-icons_82798d_256x240.png HTTP/1.1" 404 1089
186.103.159.187 - - [15/Mar/2017:12:42:50 -0300] "POST /cormun/servlet/solicitudot?gx-no-cache=1489596231181 HTTP/1.1" 200 117
186.103.159.187 - - [15/Mar/2017:12:42:50 -0300] "GET /cormun/static/Shared/jqueryui/images/ui-bg_flat_55_994d53_40x100.png HTTP/1.1" 404 1097
186.103.159.187 - - [15/Mar/2017:12:42:50 -0300] "GET /cormun/static/Shared/jqueryui/images/ui-icons_ebccce_256x240.png HTTP/1.1" 404 1089
