186.79.98.242 - - [15/Mar/2017:09:16:47 -0300] "POST /cormun/servlet/solicitudot?27f1ba43f73037a7f335c6185890b91b,INS,0,0,,gx-no-cache=1489580275800 HTTP/1.1" 200 11109
186.79.98.242 - - [15/Mar/2017:09:16:48 -0300] "GET /cormun/static/Shared/jqueryui/images/ui-bg_highlight-soft_100_c6c2c8_1x100.png HTTP/1.1" 404 1117
186.79.98.242 - - [15/Mar/2017:09:16:48 -0300] "GET /cormun/static/Shared/jqueryui/images/ui-icons_82798d_256x240.png HTTP/1.1" 404 1089
186.79.98.242 - - [15/Mar/2017:09:16:48 -0300] "GET /cormun/static/Shared/jqueryui/images/ui-bg_flat_55_994d53_40x100.png HTTP/1.1" 404 1097
186.79.98.242 - - [15/Mar/2017:09:16:48 -0300] "GET /cormun/static/Shared/jqueryui/images/ui-icons_ebccce_256x240.png HTTP/1.1" 404 1089
186.103.159.187 - - [15/Mar/2017:09:16:50 -0300] "POST /cormun/servlet/prfichaempleado?c9be17f591090e257884485fa86f0a07,,MD,,gxPopupLevel%3D0%3B,gx-no-cache=1489580276929 HTTP/1.1" 200 3187
186.103.159.182 - - [15/Mar/2017:09:17:03 -0300] "POST /cormun/servlet/solicitudot?gx-no-cache=1489580291304 HTTP/1.1" 200 3175
186.103.159.182 - - [15/Mar/2017:09:17:03 -0300] "POST /cormun/servlet/solicitudot?58a36192f654e1ea42d1d88af5dfed74,INS,0,0,,gx-no-cache=1489580291716 HTTP/1.1" 200 9965
186.103.158.250 - - [15/Mar/2017:09:17:04 -0300] "GET /cormun/servlet/hlogin HTTP/1.1" 200 1711
186.103.159.182 - - [15/Mar/2017:09:17:08 -0300] "GET /cormun/servlet/solicitudot?5b7f5d6297e059a87d57e6acb07d5d579ed053a530a388907594eca3dd2dfb251afaec53acf32b543c4e5257f589e711,gx-no-cache=1489580296809 HTTP/1.1" 200 30
186.103.159.182 - - [15/Mar/2017:09:17:08 -0300] "POST /cormun/servlet/solicitudot?gx-no-cache=1489580296910 HTTP/1.1" 200 297
186.103.159.182 - - [15/Mar/2017:09:17:08 -0300] "GET /cormun/servlet/solicitudot?5b7f5d6297e059a87d57e6acb07d5d576c26cf7f4c29fb73ee113ecffd6bd022495fa7941378d3bebc8cd9431527ab95f9ceded85d4457641aa2b07a8e4c6306a222e5e2c3a37d1e0bc954c21f350644222397edd48f387c886fc49db9212599798ce1d814f1f5d157fba9ab5eac67508854cc9891ab3cbed18aa270858d555d6eb9c4256ba387acf0611aa50c56f9108523ce87429815e3dc0897e4d91141feaf320954b9db2778432d403ee121bdc5beb71a918d907dfce5b0f9e9a9f6942b419ddf3142418f088eae53da32a289a485a26deda4d18b776785c3a4c153184cd80ae979791cb59d4fd338590bff6971e22957c0c612a5a35b4c73e64491c6cd7e2b817d56d5932725edd60048d036a763e84e8ba03de8b38be48e414b13231716a5ff5e2327825020fefdad233a3a73f4fddfb07e7e8c32732b15a59e216770d7259e248b1793cf812dd6f5c5f1eafe8dd2dbb8d17624753ccb4bd90147c9a67090d611ba0e99aa4fcb61e44281ebaac572749dc044ba9ae10ff79bddf9096fd23ae69eca0cb63218ad99388710a033,gx-no-cache=1489580296993 HTTP/1.1" 200 30
186.103.159.182 - - [15/Mar/2017:09:17:10 -0300] "POST /cormun/servlet/solicitudot?gx-no-cache=1489580299168 HTTP/1.1" 200 30
186.103.159.182 - - [15/Mar/2017:09:17:16 -0300] "POST /cormun/servlet/solicitudot?gx-no-cache=1489580305316 HTTP/1.1" 200 235
186.103.159.182 - - [15/Mar/2017:09:17:16 -0300] "POST /cormun/servlet/solicitudot?gx-no-cache=1489580305425 HTTP/1.1" 200 38
186.103.158.250 - - [15/Mar/2017:09:17:17 -0300] "POST /cormun/servlet/hlogin?73eac093734270df2beadd6433eb308c,gx-no-cache=1489580305864 HTTP/1.1" 200 90
186.103.158.250 - - [15/Mar/2017:09:17:17 -0300] "GET /cormun/servlet/hpexe_link HTTP/1.1" 200 947
186.103.158.250 - - [15/Mar/2017:09:17:17 -0300] "GET /cormun/servlet/hhome HTTP/1.1" 200 3755
186.103.158.250 - - [15/Mar/2017:09:17:20 -0300] "GET /cormun/servlet/hhome HTTP/1.1" 200 3751
186.103.158.250 - - [15/Mar/2017:09:17:23 -0300] "GET /cormun/servlet/trlicencias? HTTP/1.1" 200 6594
186.103.158.250 - - [15/Mar/2017:09:17:23 -0300] "GET /cormun/static/gxcfg.js?2016122619301429 HTTP/1.1" 304 -
186.103.158.250 - - [15/Mar/2017:09:17:24 -0300] "GET /cormun/servlet/trlicencias? HTTP/1.1" 200 6593
186.103.159.182 - - [15/Mar/2017:09:17:25 -0300] "GET /cormun/servlet/solicitudot?5b7f5d6297e059a87d57e6acb07d5d57b9c40854f03656a6fd1cb18e30779a8de5d545ab0afaa84f285ff18d83a4c04410b6e40ab65af2c5750933066339abf7646be67aaa90ba199b6e1a79ce35ffc32f559e097e425963867dcf8723f4fc0b8381f3855c3bbfe7c337b8f4ea60f35a,gx-no-cache=1489580314059 HTTP/1.1" 200 29
186.103.159.182 - - [15/Mar/2017:09:17:25 -0300] "POST /cormun/servlet/solicitudot?gx-no-cache=1489580314132 HTTP/1.1" 200 641
186.103.159.182 - - [15/Mar/2017:09:17:27 -0300] "POST /cormun/servlet/solicitudot?gx-no-cache=1489580315576 HTTP/1.1" 200 1157
186.79.98.242 - - [15/Mar/2017:09:17:32 -0300] "GET /cormun/servlet/solicitudot?757a710b035fb73df00ff9f07b2c5423d3c9ef80d2a02ccfc97a0859c481d19856fcbaec2a86b55a0b0750bf9f2adebe7b32f394c6e48eebdbca31f66034038fdf845600dbed5c8b0db4d574ab1eaa9222d5847c6e61db73654024178470cb7caf517ba7c6c4069bcc9ab3b223bee4b21f5775344d2b8f674a6ba4591be4e75c4c84029aa201f5d9364f4b4a30cf26ef46397676ff2845191e4874c09a506f3585bc30833bde5093a627c6f3a3c9a6a6,gx-no-cache=1489580321063 HTTP/1.1" 200 30
186.79.98.242 - - [15/Mar/2017:09:17:33 -0300] "POST /cormun/servlet/solicitudot?27f1ba43f73037a7f335c6185890b91b,INS,0,0,,gx-no-cache=1489580321333 HTTP/1.1" 200 93
186.79.98.242 - - [15/Mar/2017:09:17:33 -0300] "GET /cormun/servlet/hpexe_return? HTTP/1.1" 200 1005
186.79.98.242 - - [15/Mar/2017:09:17:34 -0300] "GET /cormun/servlet/trsolicitudot HTTP/1.1" 200 8808
186.79.98.242 - - [15/Mar/2017:09:17:35 -0300] "GET /cormun/servlet/trsolicitudot HTTP/1.1" 200 8804
186.103.159.182 - - [15/Mar/2017:09:17:39 -0300] "GET /cormun/static/menuarrow.gif HTTP/1.1" 404 1015
200.111.191.210 - - [15/Mar/2017:09:17:53 -0300] "GET /cormun/servlet/licenciaspermisos?39f32d10f356f8f383e3d643b2065f20c9441786bf4dc449d2c0c687f3af02c757b91b9569b18b66cbce0d5c47abbbb11332f66b4fcf6f537f4c4fd1f639256d11ff6b503bbe1a23f99b54acd880db2c9fbefe3da807ba1f672a44504b37698065e113e7965efdd700a3ce9d2f6065ce7ccc4eec0a158cd8eceb4b18a914b457ec79e7569fbd9e1d43e0e51868ea720ebc6bc9b9158be3590de5753e5c33a84a2860b8ab942cadb5d93a5eab8a9b7d52,gx-no-cache=1489583853777 HTTP/1.1" 200 30
200.111.191.210 - - [15/Mar/2017:09:17:53 -0300] "GET /cormun/servlet/licenciaspermisos?39f32d10f356f8f383e3d643b2065f204f15d08bd59b22b2b8a35061ca72ceffb24b60ec6d0bb0704e375e16044bff1f35c3f47d987fa2b1e4884cedc9ece4021c55c5128a036d43b97b9e38ba6550f465ec2c16fd5671d1d6c77f864ef01dcec513c8d6997fc991cdf59110c56e1311851150e85c92605ac59e0af349e02ad9c581c8f4f4c7ed1237384460fa1dfc6731ef05535be6aab37715cf9e863e54c9266e11c51d7ba4936038f74b4fb45a56,gx-no-cache=1489583853872 HTTP/1.1" 200 29
200.111.191.210 - - [15/Mar/2017:09:17:53 -0300] "POST /cormun/servlet/licenciaspermisos?85664ce94ac736e27d41604708c4c8d2,INS,0,,,,gx-no-cache=1489583853933 HTTP/1.1" 200 93
200.111.191.210 - - [15/Mar/2017:09:17:53 -0300] "GET /cormun/servlet/hpexe_return? HTTP/1.1" 200 1008
200.111.191.210 - - [15/Mar/2017:09:17:54 -0300] "GET /cormun/servlet/trlicencias HTTP/1.1" 200 7719
200.111.191.210 - - [15/Mar/2017:09:17:54 -0300] "GET /cormun//static/Resources/PXToolsActionPrint.png HTTP/1.1" 200 3317
200.111.191.210 - - [15/Mar/2017:09:17:54 -0300] "GET /cormun//static/Resources/PXToolsHeaderHelp.png HTTP/1.1" 200 4055
200.111.191.210 - - [15/Mar/2017:09:17:54 -0300] "GET /cormun//static/Resources/PXToolsHeaderFavorites.png HTTP/1.1" 200 2744
200.111.191.210 - - [15/Mar/2017:09:17:54 -0300] "GET /cormun//static/Resources/PXToolsGridDisplay.png HTTP/1.1" 200 362
200.111.191.210 - - [15/Mar/2017:09:17:54 -0300] "GET /cormun/servlet/trlicencias HTTP/1.1" 200 7715
186.103.159.182 - - [15/Mar/2017:09:17:56 -0300] "GET /cormun/servlet/solicitudot?5b7f5d6297e059a87d57e6acb07d5d57e317bc4c2b99f0feea0f02e8f20a9b521c1b26e3475b2eb253249489f5f1e490b6f2f2159aefb21c5bb82315ccb948edc9653792a6dedce423b71f46bb757a4f08596da5e29779bd8d29e0837241c5836263ee1644a6c4ae301e6fa427361c63631364bb9edf9dcb557880fcf8195c59601d8916fe56fb61928416e2033319338a497bd4d507fd5f2c42640604071f2ce9eefa0507194977108b42ee5bb26ae3,gx-no-cache=1489580345345 HTTP/1.1" 200 30
192.168.10.89 - - [15/Mar/2017:09:18:03 -0300] "POST /cormun/servlet/hlogin?5bfbbb08af1fb920948b15bfd969b537,gx-no-cache=1489583565478 HTTP/1.1" 200 90
192.168.10.89 - - [15/Mar/2017:09:18:03 -0300] "GET /cormun/servlet/hpexe_link HTTP/1.1" 200 962
192.168.10.89 - - [15/Mar/2017:09:18:03 -0300] "GET /cormun/servlet/trsolicitudgral? HTTP/1.1" 200 8706
200.111.191.210 - - [15/Mar/2017:09:18:06 -0300] "GET /cormun/servlet/alicenciaprn?16838872,L,20170315000000,PU HTTP/1.1" 200 1515
192.168.10.96 - - [15/Mar/2017:09:18:42 -0300] "POST /cormun/servlet/trsolicitudgral?a813a0dc46aa7439d4ed5422c154b630,,gx-no-cache=1489583604710 HTTP/1.1" 440 972
192.168.10.96 - - [15/Mar/2017:09:18:46 -0300] "GET /cormun/servlet/trsolicitudgral? HTTP/1.1" 200 23762
192.168.10.96 - - [15/Mar/2017:09:18:46 -0300] "GET /cormun/servlet/hlogin HTTP/1.1" 200 1734
192.168.10.96 - - [15/Mar/2017:09:18:48 -0300] "GET /cormun/servlet/trsolicitudgral? HTTP/1.1" 200 23762
192.168.10.96 - - [15/Mar/2017:09:18:54 -0300] "POST /cormun/servlet/hlogin?fe3804473153cfef0c8b5e76476e4e03,gx-no-cache=1489583616506 HTTP/1.1" 200 90
192.168.10.96 - - [15/Mar/2017:09:18:54 -0300] "GET /cormun/servlet/hpexe_link HTTP/1.1" 200 957
192.168.10.96 - - [15/Mar/2017:09:18:56 -0300] "GET /cormun/servlet/trsolicitudgral HTTP/1.1" 200 24635
192.168.10.96 - - [15/Mar/2017:09:18:58 -0300] "GET /cormun/servlet/trsolicitudgral HTTP/1.1" 200 24633
186.79.98.242 - - [15/Mar/2017:09:19:00 -0300] "POST /cormun/servlet/trsolicitudot?27f1ba43f73037a7f335c6185890b91b,gx-no-cache=1489580407990 HTTP/1.1" 200 107
186.79.98.242 - - [15/Mar/2017:09:19:00 -0300] "GET /cormun/servlet/trsolicitudadjuntos?2017,5538, HTTP/1.1" 200 5844
186.79.98.242 - - [15/Mar/2017:09:19:02 -0300] "GET /cormun/servlet/trsolicitudadjuntos?2017,5538, HTTP/1.1" 200 5843
186.79.98.242 - - [15/Mar/2017:09:19:04 -0300] "GET /cormun/servlet/solicitudotadjuntos?INS,2017,5538,,2, HTTP/1.1" 200 5770
186.79.98.242 - - [15/Mar/2017:09:19:05 -0300] "GET /cormun/static/solicitudotadjuntos.js?201612218465969 HTTP/1.1" 304 -
186.79.98.242 - - [15/Mar/2017:09:19:05 -0300] "GET /cormun/static/about:blank HTTP/1.1" 404 1011
186.79.98.242 - - [15/Mar/2017:09:19:06 -0300] "GET /cormun/servlet/solicitudotadjuntos?INS,2017,5538,,2, HTTP/1.1" 200 5764
186.79.98.242 - - [15/Mar/2017:09:19:07 -0300] "GET /cormun/servlet/solicitudotadjuntos?757a710b035fb73df00ff9f07b2c5423a7a26a957f8f75449fb83841c0200aa3b5e1b3bbfa1c65c109c51063cd2e870d,gx-no-cache=1489580415188 HTTP/1.1" 200 30
186.79.98.242 - - [15/Mar/2017:09:19:07 -0300] "POST /cormun/servlet/solicitudotadjuntos?27f1ba43f73037a7f335c6185890b91b,INS,2017,5538,,2,,gx-no-cache=1489580415641 HTTP/1.1" 200 3810
186.79.98.242 - - [15/Mar/2017:09:19:11 -0300] "POST /cormun/servlet/solicitudotadjuntos?gx-no-cache=1489580420341 HTTP/1.1" 200 26
192.168.10.96 - - [15/Mar/2017:09:19:19 -0300] "POST /cormun/servlet/trsolicitudgral?fe3804473153cfef0c8b5e76476e4e03,gx-no-cache=1489583641802 HTTP/1.1" 200 5132
186.79.98.242 - - [15/Mar/2017:09:19:32 -0300] "GET /cormun/servlet/solicitudotadjuntos?757a710b035fb73df00ff9f07b2c5423902fb6b8f678882f7ab002e220012108,gx-no-cache=1489580441009 HTTP/1.1" 200 30
186.79.98.242 - - [15/Mar/2017:09:19:32 -0300] "GET /cormun/servlet/solicitudotadjuntos?757a710b035fb73df00ff9f07b2c5423902fb6b8f678882f7ab002e220012108,gx-no-cache=1489580441160 HTTP/1.1" 200 30
186.79.98.242 - - [15/Mar/2017:09:19:49 -0300] "POST /cormun/servlet/solicitudotadjuntos?27f1ba43f73037a7f335c6185890b91b,INS,2017,5538,,2, HTTP/1.1" 200 116
186.79.98.242 - - [15/Mar/2017:09:19:49 -0300] "GET /cormun/servlet/hpexe_return? HTTP/1.1" 200 1025
186.79.98.242 - - [15/Mar/2017:09:19:49 -0300] "GET /cormun/servlet/trsolicitudadjuntos?2017,5538, HTTP/1.1" 200 7926
186.79.98.242 - - [15/Mar/2017:09:19:51 -0300] "GET /cormun/servlet/trsolicitudadjuntos?2017,5538, HTTP/1.1" 200 7922
186.79.98.242 - - [15/Mar/2017:09:20:01 -0300] "GET /cormun/servlet/solicitudotadjuntos?INS,2017,5538,,2, HTTP/1.1" 200 5770
186.79.98.242 - - [15/Mar/2017:09:20:01 -0300] "GET /cormun/static/about:blank HTTP/1.1" 404 1011
186.79.98.242 - - [15/Mar/2017:09:20:02 -0300] "GET /cormun/servlet/solicitudotadjuntos?INS,2017,5538,,2, HTTP/1.1" 200 5764
186.79.98.242 - - [15/Mar/2017:09:20:03 -0300] "GET /cormun/servlet/solicitudotadjuntos?757a710b035fb73df00ff9f07b2c5423a7a26a957f8f75449fb83841c0200aa3b5e1b3bbfa1c65c109c51063cd2e870d,gx-no-cache=1489580471607 HTTP/1.1" 200 30
186.79.98.242 - - [15/Mar/2017:09:20:03 -0300] "POST /cormun/servlet/solicitudotadjuntos?27f1ba43f73037a7f335c6185890b91b,INS,2017,5538,,2,,gx-no-cache=1489580471757 HTTP/1.1" 200 3810
186.103.159.187 - - [15/Mar/2017:09:20:09 -0300] "GET /cormun/servlet/prfichaempleado?,MD,,gxPopupLevel%3D0%3B HTTP/1.1" 200 8785
186.79.98.242 - - [15/Mar/2017:09:20:12 -0300] "POST /cormun/servlet/solicitudotadjuntos?gx-no-cache=1489580481061 HTTP/1.1" 200 26
186.79.98.242 - - [15/Mar/2017:09:20:22 -0300] "GET /cormun/servlet/solicitudotadjuntos?757a710b035fb73df00ff9f07b2c5423902fb6b8f678882f7ab002e220012108,gx-no-cache=1489580490707 HTTP/1.1" 200 30
186.79.98.242 - - [15/Mar/2017:09:20:22 -0300] "GET /cormun/servlet/solicitudotadjuntos?757a710b035fb73df00ff9f07b2c5423902fb6b8f678882f7ab002e220012108,gx-no-cache=1489580491326 HTTP/1.1" 200 30
186.103.159.187 - - [15/Mar/2017:09:20:29 -0300] "POST /cormun/servlet/prfichaempleado?c9be17f591090e257884485fa86f0a07,,MD,,gxPopupLevel%3D0%3B,gx-no-cache=1489580495194 HTTP/1.1" 200 3401
186.103.159.187 - - [15/Mar/2017:09:20:33 -0300] "GET /cormun/servlet/licenciaspermisos?fb51a76e9273f64e0445c821be13a06c62ef380d2b0a5ccb7284129f946c676d7b249e90122441e2ce5eebf695b8ca7d,gx-no-cache=1489580499376 HTTP/1.1" 200 64
186.103.159.187 - - [15/Mar/2017:09:20:33 -0300] "POST /cormun/servlet/licenciaspermisos?c9be17f591090e257884485fa86f0a07,INS,0,,,,gx-no-cache=1489580499465 HTTP/1.1" 200 4399
186.79.98.242 - - [15/Mar/2017:09:20:37 -0300] "POST /cormun/servlet/solicitudotadjuntos?27f1ba43f73037a7f335c6185890b91b,INS,2017,5538,,2, HTTP/1.1" 200 116
186.79.98.242 - - [15/Mar/2017:09:20:37 -0300] "GET /cormun/servlet/hpexe_return? HTTP/1.1" 200 1025
186.79.98.242 - - [15/Mar/2017:09:20:38 -0300] "GET /cormun/servlet/trsolicitudadjuntos?2017,5538, HTTP/1.1" 200 8143
186.79.98.242 - - [15/Mar/2017:09:20:40 -0300] "GET /cormun/servlet/trsolicitudadjuntos?2017,5538, HTTP/1.1" 200 8133
186.79.98.242 - - [15/Mar/2017:09:20:44 -0300] "GET /cormun/servlet/solicitudotadjuntos?INS,2017,5538,,2, HTTP/1.1" 200 5769
186.79.98.242 - - [15/Mar/2017:09:20:45 -0300] "GET /cormun/static/about:blank HTTP/1.1" 404 1011
186.79.98.242 - - [15/Mar/2017:09:20:45 -0300] "GET /cormun/servlet/solicitudotadjuntos?INS,2017,5538,,2, HTTP/1.1" 200 5763
186.79.98.242 - - [15/Mar/2017:09:20:46 -0300] "GET /cormun/servlet/solicitudotadjuntos?757a710b035fb73df00ff9f07b2c5423a7a26a957f8f75449fb83841c0200aa3b5e1b3bbfa1c65c109c51063cd2e870d,gx-no-cache=1489580514645 HTTP/1.1" 200 30
186.79.98.242 - - [15/Mar/2017:09:20:46 -0300] "POST /cormun/servlet/solicitudotadjuntos?27f1ba43f73037a7f335c6185890b91b,INS,2017,5538,,2,,gx-no-cache=1489580514795 HTTP/1.1" 200 3809
186.79.98.242 - - [15/Mar/2017:09:20:56 -0300] "POST /cormun/servlet/solicitudotadjuntos?gx-no-cache=1489580524556 HTTP/1.1" 200 26
186.103.159.187 - - [15/Mar/2017:09:20:58 -0300] "GET /cormun/static/menuarrow.gif HTTP/1.1" 404 1015
186.79.98.242 - - [15/Mar/2017:09:21:12 -0300] "GET /cormun/servlet/solicitudotadjuntos?757a710b035fb73df00ff9f07b2c5423902fb6b8f678882f7ab002e220012108,gx-no-cache=1489580540537 HTTP/1.1" 200 30
186.79.98.242 - - [15/Mar/2017:09:21:12 -0300] "GET /cormun/servlet/solicitudotadjuntos?757a710b035fb73df00ff9f07b2c5423902fb6b8f678882f7ab002e220012108,gx-no-cache=1489580540653 HTTP/1.1" 200 30
186.79.98.242 - - [15/Mar/2017:09:21:29 -0300] "POST /cormun/servlet/solicitudotadjuntos?27f1ba43f73037a7f335c6185890b91b,INS,2017,5538,,2, HTTP/1.1" 200 116
186.79.98.242 - - [15/Mar/2017:09:21:30 -0300] "GET /cormun/servlet/hpexe_return? HTTP/1.1" 200 1025
186.79.98.242 - - [15/Mar/2017:09:21:30 -0300] "GET /cormun/servlet/trsolicitudadjuntos?2017,5538, HTTP/1.1" 200 8301
186.79.98.242 - - [15/Mar/2017:09:21:32 -0300] "GET /cormun/servlet/trsolicitudadjuntos?2017,5538, HTTP/1.1" 200 8301
186.79.98.242 - - [15/Mar/2017:09:21:36 -0300] "GET /cormun/servlet/solicitudotadjuntos?INS,2017,5538,,2, HTTP/1.1" 200 5770
186.79.98.242 - - [15/Mar/2017:09:21:37 -0300] "GET /cormun/static/about:blank HTTP/1.1" 404 1011
186.79.98.242 - - [15/Mar/2017:09:21:38 -0300] "GET /cormun/servlet/solicitudotadjuntos?INS,2017,5538,,2, HTTP/1.1" 200 5764
186.79.98.242 - - [15/Mar/2017:09:21:38 -0300] "GET /cormun/servlet/solicitudotadjuntos?757a710b035fb73df00ff9f07b2c5423a7a26a957f8f75449fb83841c0200aa3b5e1b3bbfa1c65c109c51063cd2e870d,gx-no-cache=1489580567021 HTTP/1.1" 200 30
186.79.98.242 - - [15/Mar/2017:09:21:38 -0300] "POST /cormun/servlet/solicitudotadjuntos?27f1ba43f73037a7f335c6185890b91b,INS,2017,5538,,2,,gx-no-cache=1489580567156 HTTP/1.1" 200 3810
186.79.98.242 - - [15/Mar/2017:09:22:26 -0300] "POST /cormun/servlet/solicitudotadjuntos?27f1ba43f73037a7f335c6185890b91b,INS,2017,5538,,2,,gx-no-cache=1489580614542 HTTP/1.1" 200 93
186.79.98.242 - - [15/Mar/2017:09:22:26 -0300] "GET /cormun/servlet/hpexe_return? HTTP/1.1" 200 1025
186.79.98.242 - - [15/Mar/2017:09:22:27 -0300] "GET /cormun/servlet/trsolicitudadjuntos?2017,5538, HTTP/1.1" 200 8301
186.79.98.242 - - [15/Mar/2017:09:22:29 -0300] "GET /cormun/servlet/trsolicitudadjuntos?2017,5538, HTTP/1.1" 200 8301
186.79.98.242 - - [15/Mar/2017:09:22:33 -0300] "GET /cormun/servlet/solicitudotadjuntos?INS,2017,5538,,1, HTTP/1.1" 200 5772
186.79.98.242 - - [15/Mar/2017:09:22:34 -0300] "GET /cormun/static/about:blank HTTP/1.1" 404 1011
186.79.98.242 - - [15/Mar/2017:09:22:35 -0300] "GET /cormun/servlet/solicitudotadjuntos?INS,2017,5538,,1, HTTP/1.1" 200 5766
186.79.98.242 - - [15/Mar/2017:09:22:35 -0300] "GET /cormun/servlet/solicitudotadjuntos?757a710b035fb73df00ff9f07b2c5423a7a26a957f8f75449fb83841c0200aa3b5e1b3bbfa1c65c109c51063cd2e870d,gx-no-cache=1489580624158 HTTP/1.1" 200 30
186.79.98.242 - - [15/Mar/2017:09:22:36 -0300] "POST /cormun/servlet/solicitudotadjuntos?27f1ba43f73037a7f335c6185890b91b,INS,2017,5538,,1,,gx-no-cache=1489580624292 HTTP/1.1" 200 3666
192.168.10.96 - - [15/Mar/2017:09:22:36 -0300] "POST /cormun/servlet/trsolicitudgral?fe3804473153cfef0c8b5e76476e4e03,gx-no-cache=1489583838933 HTTP/1.1" 200 5136
192.168.10.96 - - [15/Mar/2017:09:22:43 -0300] "GET /cormun/servlet/trconsultaempleado? HTTP/1.1" 200 9192
192.168.10.96 - - [15/Mar/2017:09:22:44 -0300] "GET /cormun/servlet/trconsultaempleado? HTTP/1.1" 200 9192
186.103.159.182 - - [15/Mar/2017:09:22:46 -0300] "GET /cormun/servlet/solicitudot?5b7f5d6297e059a87d57e6acb07d5d57e317bc4c2b99f0feea0f02e8f20a9b521c1b26e3475b2eb253249489f5f1e490b6f2f2159aefb21c5bb82315ccb948edc9653792a6dedce423b71f46bb757a4f08596da5e29779bd8d29e0837241c5836263ee1644a6c4ae301e6fa427361c63631364bb9edf9dcb557880fcf8195c59601d8916fe56fb61928416e2033319331045ab66fa7fe7e6492cc4a49e2175151833b94340fe4a0065f53a35c5debbca,gx-no-cache=1489580634902 HTTP/1.1" 200 30
186.79.98.242 - - [15/Mar/2017:09:22:46 -0300] "POST /cormun/servlet/solicitudotadjuntos?27f1ba43f73037a7f335c6185890b91b,INS,2017,5538,,1,,gx-no-cache=1489580635006 HTTP/1.1" 200 93
186.79.98.242 - - [15/Mar/2017:09:22:46 -0300] "GET /cormun/servlet/hpexe_return? HTTP/1.1" 200 1025
186.103.159.182 - - [15/Mar/2017:09:22:47 -0300] "POST /cormun/servlet/solicitudot?58a36192f654e1ea42d1d88af5dfed74,INS,0,0,,gx-no-cache=1489580635013 HTTP/1.1" 200 93
186.103.159.182 - - [15/Mar/2017:09:22:47 -0300] "GET /cormun/servlet/hpexe_return? HTTP/1.1" 200 1008
186.79.98.242 - - [15/Mar/2017:09:22:47 -0300] "GET /cormun/servlet/trsolicitudadjuntos?2017,5538, HTTP/1.1" 200 8301
186.103.159.182 - - [15/Mar/2017:09:22:47 -0300] "GET /cormun/servlet/trsolicitudot HTTP/1.1" 200 10804
186.79.98.242 - - [15/Mar/2017:09:22:49 -0300] "GET /cormun/servlet/trsolicitudadjuntos?2017,5538, HTTP/1.1" 200 8300
186.103.159.182 - - [15/Mar/2017:09:22:49 -0300] "GET /cormun/servlet/trsolicitudot HTTP/1.1" 200 10799
192.168.10.96 - - [15/Mar/2017:09:22:50 -0300] "POST /cormun/servlet/trconsultaempleado?fe3804473153cfef0c8b5e76476e4e03,,gx-no-cache=1489583852589 HTTP/1.1" 200 4331
192.168.10.96 - - [15/Mar/2017:09:22:51 -0300] "GET /cormun/servlet/trsolicitudnombre?16473325, HTTP/1.1" 200 7204
192.168.10.96 - - [15/Mar/2017:09:22:52 -0300] "GET /cormun/servlet/trsolicitudnombre?16473325, HTTP/1.1" 200 7205
186.79.98.242 - - [15/Mar/2017:09:22:53 -0300] "GET /cormun/servlet/solicitudotadjuntos?DLT,2017,5538,CERTIF1,0, HTTP/1.1" 200 5728
192.168.10.96 - - [15/Mar/2017:09:22:54 -0300] "GET /cormun/servlet/vesolicitudnombre?2017,5274,, HTTP/1.1" 200 8409
192.168.10.96 - - [15/Mar/2017:09:22:54 -0300] "GET /cormun/pexe_scrolldiv.js HTTP/1.1" 404 1009
192.168.10.96 - - [15/Mar/2017:09:22:54 -0300] "GET /cormun/pexe_scrolldiv.js HTTP/1.1" 404 1009
186.79.98.242 - - [15/Mar/2017:09:22:54 -0300] "GET /cormun/static/Shared/jqueryui/images/ui-bg_flat_55_fafafa_40x100.png HTTP/1.1" 404 1097
186.79.98.242 - - [15/Mar/2017:09:22:54 -0300] "GET /cormun/static/Shared/jqueryui/images/ui-icons_8d78a5_256x240.png HTTP/1.1" 404 1089
186.79.98.242 - - [15/Mar/2017:09:22:54 -0300] "GET /cormun/static/Shared/jqueryui/images/ui-bg_highlight-soft_100_c6c2c8_1x100.png HTTP/1.1" 404 1117
186.79.98.242 - - [15/Mar/2017:09:22:54 -0300] "GET /cormun/static/Shared/jqueryui/images/ui-icons_82798d_256x240.png HTTP/1.1" 404 1089
186.79.98.242 - - [15/Mar/2017:09:22:54 -0300] "GET /cormun/servlet/solicitudotadjuntos?DLT,2017,5538,CERTIF1,0, HTTP/1.1" 200 5722
192.168.10.96 - - [15/Mar/2017:09:22:55 -0300] "GET /cormun/servlet/vesolicitudnombre?2017,5274,, HTTP/1.1" 200 8402
186.79.98.242 - - [15/Mar/2017:09:22:55 -0300] "GET /cormun/PublicTempStorage/titulo5338890.jpg HTTP/1.1" 200 1046334
192.168.10.96 - - [15/Mar/2017:09:22:55 -0300] "GET /cormun/servlet/vesolicitudnombre?2017,5274,,SolicitudOTAdjuntos HTTP/1.1" 200 7344
192.168.10.96 - - [15/Mar/2017:09:22:56 -0300] "GET /cormun/pexe_scrolldiv.js HTTP/1.1" 404 1009
192.168.10.96 - - [15/Mar/2017:09:22:56 -0300] "GET /cormun/pexe_scrolldiv.js HTTP/1.1" 404 1009
192.168.10.96 - - [15/Mar/2017:09:22:56 -0300] "GET /cormun/servlet/vesolicitudnombre?2017,5274,,SolicitudOTAdjuntos HTTP/1.1" 200 7344
186.79.98.242 - - [15/Mar/2017:09:22:57 -0300] "POST /cormun/servlet/solicitudotadjuntos?27f1ba43f73037a7f335c6185890b91b,DLT,2017,5538,CERTIF1,0,,gx-no-cache=1489580645421 HTTP/1.1" 200 93
192.168.10.96 - - [15/Mar/2017:09:22:57 -0300] "POST /cormun/servlet/acontrolpreferencessavestate?None,DZAMUDIO,true HTTP/1.1" 200 35
186.79.98.242 - - [15/Mar/2017:09:22:57 -0300] "GET /cormun/servlet/hpexe_return? HTTP/1.1" 200 1031
186.79.98.242 - - [15/Mar/2017:09:22:57 -0300] "GET /cormun/servlet/trsolicitudadjuntos?2017,5538, HTTP/1.1" 200 8137
186.79.98.242 - - [15/Mar/2017:09:22:59 -0300] "GET /cormun/servlet/trsolicitudadjuntos?2017,5538, HTTP/1.1" 200 8131
186.79.98.242 - - [15/Mar/2017:09:23:01 -0300] "GET /cormun/servlet/solicitudotadjuntos?DLT,2017,5538,CETIF10,0, HTTP/1.1" 200 5726
186.79.98.242 - - [15/Mar/2017:09:23:02 -0300] "GET /cormun/PublicTempStorage/afp1897697.jpg HTTP/1.1" 200 937257
186.79.98.242 - - [15/Mar/2017:09:23:03 -0300] "GET /cormun/static/Shared/jqueryui/images/ui-bg_highlight-soft_100_c6c2c8_1x100.png HTTP/1.1" 404 1117
186.79.98.242 - - [15/Mar/2017:09:23:03 -0300] "GET /cormun/static/Shared/jqueryui/images/ui-icons_82798d_256x240.png HTTP/1.1" 404 1089
186.79.98.242 - - [15/Mar/2017:09:23:03 -0300] "GET /cormun/static/Shared/jqueryui/images/ui-bg_flat_55_fafafa_40x100.png HTTP/1.1" 404 1097
186.79.98.242 - - [15/Mar/2017:09:23:03 -0300] "GET /cormun/static/Shared/jqueryui/images/ui-icons_8d78a5_256x240.png HTTP/1.1" 404 1089
186.79.98.242 - - [15/Mar/2017:09:23:03 -0300] "GET /cormun/servlet/solicitudotadjuntos?DLT,2017,5538,CETIF10,0, HTTP/1.1" 200 5720
186.79.98.242 - - [15/Mar/2017:09:23:06 -0300] "POST /cormun/servlet/solicitudotadjuntos?27f1ba43f73037a7f335c6185890b91b,DLT,2017,5538,CETIF10,0,,gx-no-cache=1489580654442 HTTP/1.1" 200 93
186.79.98.242 - - [15/Mar/2017:09:23:06 -0300] "GET /cormun/servlet/hpexe_return? HTTP/1.1" 200 1031
186.79.98.242 - - [15/Mar/2017:09:23:06 -0300] "GET /cormun/servlet/trsolicitudadjuntos?2017,5538, HTTP/1.1" 200 7925
186.79.98.242 - - [15/Mar/2017:09:23:08 -0300] "GET /cormun/servlet/trsolicitudadjuntos?2017,5538, HTTP/1.1" 200 7919
186.79.98.242 - - [15/Mar/2017:09:23:11 -0300] "GET /cormun/servlet/solicitudotadjuntos?DLT,2017,5538,FOTO,0, HTTP/1.1" 200 5724
186.79.98.242 - - [15/Mar/2017:09:23:12 -0300] "GET /cormun/static/Shared/jqueryui/images/ui-bg_highlight-soft_100_c6c2c8_1x100.png HTTP/1.1" 404 1117
186.79.98.242 - - [15/Mar/2017:09:23:12 -0300] "GET /cormun/static/Shared/jqueryui/images/ui-icons_82798d_256x240.png HTTP/1.1" 404 1089
186.79.98.242 - - [15/Mar/2017:09:23:12 -0300] "GET /cormun/static/Shared/jqueryui/images/ui-bg_flat_55_fafafa_40x100.png HTTP/1.1" 404 1097
186.79.98.242 - - [15/Mar/2017:09:23:12 -0300] "GET /cormun/static/Shared/jqueryui/images/ui-icons_8d78a5_256x240.png HTTP/1.1" 404 1089
186.79.98.242 - - [15/Mar/2017:09:23:12 -0300] "GET /cormun/servlet/solicitudotadjuntos?DLT,2017,5538,FOTO,0, HTTP/1.1" 200 5718
186.79.98.242 - - [15/Mar/2017:09:23:13 -0300] "GET /cormun/PublicTempStorage/rut8880481.jpg HTTP/1.1" 200 1148488
186.79.98.242 - - [15/Mar/2017:09:23:15 -0300] "POST /cormun/servlet/solicitudotadjuntos?27f1ba43f73037a7f335c6185890b91b,DLT,2017,5538,FOTO,0,,gx-no-cache=1489580663216 HTTP/1.1" 200 93
186.79.98.242 - - [15/Mar/2017:09:23:15 -0300] "GET /cormun/servlet/hpexe_return? HTTP/1.1" 200 1029
186.79.98.242 - - [15/Mar/2017:09:23:15 -0300] "GET /cormun/servlet/trsolicitudadjuntos?2017,5538, HTTP/1.1" 200 5847
186.79.98.242 - - [15/Mar/2017:09:23:16 -0300] "GET /cormun/servlet/trsolicitudadjuntos?2017,5538, HTTP/1.1" 200 5843
186.79.98.242 - - [15/Mar/2017:09:23:22 -0300] "GET /cormun/servlet/solicitudotadjuntos?INS,2017,5538,,2, HTTP/1.1" 200 5769
186.79.98.242 - - [15/Mar/2017:09:23:23 -0300] "GET /cormun/static/about:blank HTTP/1.1" 404 1011
186.79.98.242 - - [15/Mar/2017:09:23:23 -0300] "GET /cormun/servlet/solicitudotadjuntos?INS,2017,5538,,2, HTTP/1.1" 200 5763
186.79.98.242 - - [15/Mar/2017:09:23:24 -0300] "GET /cormun/servlet/solicitudotadjuntos?757a710b035fb73df00ff9f07b2c5423a7a26a957f8f75449fb83841c0200aa3b5e1b3bbfa1c65c109c51063cd2e870d,gx-no-cache=1489580672539 HTTP/1.1" 200 30
186.79.98.242 - - [15/Mar/2017:09:23:24 -0300] "POST /cormun/servlet/solicitudotadjuntos?27f1ba43f73037a7f335c6185890b91b,INS,2017,5538,,2,,gx-no-cache=1489580672657 HTTP/1.1" 200 3809
186.79.98.242 - - [15/Mar/2017:09:23:27 -0300] "POST /cormun/servlet/solicitudotadjuntos?27f1ba43f73037a7f335c6185890b91b,INS,2017,5538,,2,,gx-no-cache=1489580676153 HTTP/1.1" 200 93
186.79.98.242 - - [15/Mar/2017:09:23:28 -0300] "GET /cormun/servlet/hpexe_return? HTTP/1.1" 200 1025
186.79.98.242 - - [15/Mar/2017:09:23:28 -0300] "GET /cormun/servlet/trsolicitudadjuntos?2017,5538, HTTP/1.1" 200 5847
186.79.98.242 - - [15/Mar/2017:09:23:29 -0300] "GET /cormun/servlet/trsolicitudadjuntos?2017,5538, HTTP/1.1" 200 5843
186.79.98.242 - - [15/Mar/2017:09:23:31 -0300] "GET /cormun/servlet/solicitudotadjuntos?INS,2017,5538,,1, HTTP/1.1" 200 5772
186.79.98.242 - - [15/Mar/2017:09:23:32 -0300] "GET /cormun/static/about:blank HTTP/1.1" 404 1011
186.79.98.242 - - [15/Mar/2017:09:23:32 -0300] "GET /cormun/servlet/solicitudotadjuntos?INS,2017,5538,,1, HTTP/1.1" 200 5766
186.103.159.187 - - [15/Mar/2017:09:23:32 -0300] "GET /cormun/servlet/licenciaspermisos?fb51a76e9273f64e0445c821be13a06cd7d8b58d6b7c2a77e7b882f41cd0b339140327cacb5254f200629e65f097ebc7c0d33e0a8110f5d46d430db9c05b42a7b03576f7bb9d675144ae047c6961e0085823c7257d67b069d56b9e5f6cbf648881445f26132f7f1ab4083fb1b26e502c44b92d366af2ac766c355f5a3c89be346dadb7c6dd1016e8062b82e83ed4332853844ebf94b2c1c17eb6ebe8d1655e79d888edd6348903027144759e3eb8cea3,gx-no-cache=1489580678702 HTTP/1.1" 200 30
186.103.159.187 - - [15/Mar/2017:09:23:32 -0300] "POST /cormun/servlet/licenciaspermisos?c9be17f591090e257884485fa86f0a07,INS,0,,,,gx-no-cache=1489580678845 HTTP/1.1" 200 4492
186.79.98.242 - - [15/Mar/2017:09:23:33 -0300] "GET /cormun/servlet/solicitudotadjuntos?757a710b035fb73df00ff9f07b2c5423a7a26a957f8f75449fb83841c0200aa3b5e1b3bbfa1c65c109c51063cd2e870d,gx-no-cache=1489580681554 HTTP/1.1" 200 30
186.79.98.242 - - [15/Mar/2017:09:23:33 -0300] "POST /cormun/servlet/solicitudotadjuntos?27f1ba43f73037a7f335c6185890b91b,INS,2017,5538,,1,,gx-no-cache=1489580681678 HTTP/1.1" 200 3667
186.79.98.242 - - [15/Mar/2017:09:23:36 -0300] "POST /cormun/servlet/solicitudotadjuntos?gx-no-cache=1489580685306 HTTP/1.1" 200 26
186.79.98.242 - - [15/Mar/2017:09:23:43 -0300] "GET /cormun/servlet/solicitudotadjuntos?757a710b035fb73df00ff9f07b2c5423902fb6b8f678882f7ab002e220012108,gx-no-cache=1489580692362 HTTP/1.1" 200 30
186.79.98.242 - - [15/Mar/2017:09:23:44 -0300] "GET /cormun/servlet/solicitudotadjuntos?757a710b035fb73df00ff9f07b2c5423902fb6b8f678882f7ab002e220012108,gx-no-cache=1489580692504 HTTP/1.1" 200 30
186.79.98.242 - - [15/Mar/2017:09:24:03 -0300] "POST /cormun/servlet/solicitudotadjuntos?27f1ba43f73037a7f335c6185890b91b,INS,2017,5538,,1, HTTP/1.1" 200 116
186.79.98.242 - - [15/Mar/2017:09:24:03 -0300] "GET /cormun/servlet/hpexe_return? HTTP/1.1" 200 1025
186.79.98.242 - - [15/Mar/2017:09:24:03 -0300] "GET /cormun/servlet/trsolicitudadjuntos?2017,5538, HTTP/1.1" 200 7924
186.79.98.242 - - [15/Mar/2017:09:24:05 -0300] "GET /cormun/servlet/trsolicitudadjuntos?2017,5538, HTTP/1.1" 200 7920
186.79.98.242 - - [15/Mar/2017:09:24:10 -0300] "GET /cormun/servlet/solicitudotadjuntos?INS,2017,5538,,1, HTTP/1.1" 200 5772
186.79.98.242 - - [15/Mar/2017:09:24:11 -0300] "GET /cormun/static/about:blank HTTP/1.1" 404 1011
186.79.98.242 - - [15/Mar/2017:09:24:12 -0300] "GET /cormun/servlet/solicitudotadjuntos?INS,2017,5538,,1, HTTP/1.1" 200 5766
186.79.98.242 - - [15/Mar/2017:09:24:12 -0300] "GET /cormun/servlet/solicitudotadjuntos?757a710b035fb73df00ff9f07b2c5423a7a26a957f8f75449fb83841c0200aa3b5e1b3bbfa1c65c109c51063cd2e870d,gx-no-cache=1489580721030 HTTP/1.1" 200 30
186.79.98.242 - - [15/Mar/2017:09:24:12 -0300] "POST /cormun/servlet/solicitudotadjuntos?27f1ba43f73037a7f335c6185890b91b,INS,2017,5538,,1,,gx-no-cache=1489580721160 HTTP/1.1" 200 3667
186.79.98.242 - - [15/Mar/2017:09:24:17 -0300] "POST /cormun/servlet/solicitudotadjuntos?gx-no-cache=1489580726010 HTTP/1.1" 200 26
186.103.159.187 - - [15/Mar/2017:09:24:25 -0300] "GET /cormun/servlet/prfichaempleado?,MD,,gxPopupLevel%3D0%3B HTTP/1.1" 200 8785
186.79.98.242 - - [15/Mar/2017:09:24:31 -0300] "GET /cormun/servlet/solicitudotadjuntos?757a710b035fb73df00ff9f07b2c5423902fb6b8f678882f7ab002e220012108,gx-no-cache=1489580739874 HTTP/1.1" 200 30
186.79.98.242 - - [15/Mar/2017:09:24:31 -0300] "GET /cormun/servlet/solicitudotadjuntos?757a710b035fb73df00ff9f07b2c5423902fb6b8f678882f7ab002e220012108,gx-no-cache=1489580739974 HTTP/1.1" 200 30
192.168.10.89 - - [15/Mar/2017:09:24:43 -0300] "GET /cormun/servlet/hlogin HTTP/1.1" 200 1741
186.103.159.187 - - [15/Mar/2017:09:24:45 -0300] "GET /cormun/servlet/licenciaspermisos?fb51a76e9273f64e0445c821be13a06cdfd13886af6aac866b650c6e9d5a25b2ef1cafce7978806bf94dba1288cabb6c1be0e05193ee1882ad98ddaea40401cda71edfcd543b92d957703d61905ab434a93c5793a9fb5c8a258d001f1d93f1271fa31b9fe9d1ba31c355483a391d88e17f8ce6a4bea77e5b9184b8ade56cf6bbeee63b6f42635de2390009840286a2b254c656940c05aeb09847555f7865de237c5e70e3869003636524bfa40c87d54594d8960366c43f3c94b1af5ae58a8bd39a5ec7fec56d60505835a16f77ea5edc1c32b6986c51a4027229717b2ceeca3d,gx-no-cache=1489580752013 HTTP/1.1" 200 108
186.103.159.187 - - [15/Mar/2017:09:24:46 -0300] "GET /cormun/static/Shared/jqueryui/images/ui-bg_highlight-soft_100_c6c2c8_1x100.png HTTP/1.1" 404 1117
186.103.159.187 - - [15/Mar/2017:09:24:46 -0300] "GET /cormun/static/Shared/jqueryui/images/ui-icons_82798d_256x240.png HTTP/1.1" 404 1089
186.103.159.187 - - [15/Mar/2017:09:24:46 -0300] "GET /cormun/static/Shared/jqueryui/images/ui-icons_ebccce_256x240.png HTTP/1.1" 404 1089
186.103.159.187 - - [15/Mar/2017:09:24:46 -0300] "GET /cormun/static/Shared/jqueryui/images/ui-bg_flat_55_994d53_40x100.png HTTP/1.1" 404 1097
186.79.98.242 - - [15/Mar/2017:09:24:46 -0300] "POST /cormun/servlet/solicitudotadjuntos?27f1ba43f73037a7f335c6185890b91b,INS,2017,5538,,1, HTTP/1.1" 200 116
186.79.98.242 - - [15/Mar/2017:09:24:46 -0300] "GET /cormun/servlet/hpexe_return? HTTP/1.1" 200 1025
186.103.159.187 - - [15/Mar/2017:09:24:46 -0300] "POST /cormun/servlet/licenciaspermisos?c9be17f591090e257884485fa86f0a07,INS,0,,,,gx-no-cache=1489580752149 HTTP/1.1" 200 4559
186.79.98.242 - - [15/Mar/2017:09:24:46 -0300] "GET /cormun/servlet/trsolicitudadjuntos?2017,5538, HTTP/1.1" 200 8139
186.79.98.242 - - [15/Mar/2017:09:24:48 -0300] "GET /cormun/servlet/trsolicitudadjuntos?2017,5538, HTTP/1.1" 200 8132
186.79.98.242 - - [15/Mar/2017:09:24:52 -0300] "GET /cormun/servlet/solicitudotadjuntos?INS,2017,5538,,2, HTTP/1.1" 200 5770
186.79.98.242 - - [15/Mar/2017:09:24:52 -0300] "GET /cormun/static/about:blank HTTP/1.1" 404 1011
186.79.98.242 - - [15/Mar/2017:09:24:53 -0300] "GET /cormun/servlet/solicitudotadjuntos?INS,2017,5538,,2, HTTP/1.1" 200 5764
192.168.10.96 - - [15/Mar/2017:09:24:53 -0300] "GET /cormun/servlet/trsolicitudgral? HTTP/1.1" 200 8280
186.79.98.242 - - [15/Mar/2017:09:24:53 -0300] "GET /cormun/servlet/solicitudotadjuntos?757a710b035fb73df00ff9f07b2c5423a7a26a957f8f75449fb83841c0200aa3b5e1b3bbfa1c65c109c51063cd2e870d,gx-no-cache=1489580762316 HTTP/1.1" 200 30
186.79.98.242 - - [15/Mar/2017:09:24:54 -0300] "POST /cormun/servlet/solicitudotadjuntos?27f1ba43f73037a7f335c6185890b91b,INS,2017,5538,,2,,gx-no-cache=1489580762445 HTTP/1.1" 200 3810
192.168.10.96 - - [15/Mar/2017:09:24:54 -0300] "GET /cormun/servlet/trsolicitudgral? HTTP/1.1" 200 8258
186.79.98.242 - - [15/Mar/2017:09:25:01 -0300] "POST /cormun/servlet/solicitudotadjuntos?27f1ba43f73037a7f335c6185890b91b,INS,2017,5538,,2,,gx-no-cache=1489580769481 HTTP/1.1" 200 93
186.79.98.242 - - [15/Mar/2017:09:25:01 -0300] "GET /cormun/servlet/hpexe_return? HTTP/1.1" 200 1025
186.79.98.242 - - [15/Mar/2017:09:25:01 -0300] "GET /cormun/servlet/trsolicitudadjuntos?2017,5538, HTTP/1.1" 200 8141
186.79.98.242 - - [15/Mar/2017:09:25:03 -0300] "GET /cormun/servlet/trsolicitudadjuntos?2017,5538, HTTP/1.1" 200 8133
192.168.10.89 - - [15/Mar/2017:09:25:05 -0300] "POST /cormun/servlet/hlogin?5bfbbb08af1fb920948b15bfd969b537,gx-no-cache=1489583987527 HTTP/1.1" 200 456
186.79.98.242 - - [15/Mar/2017:09:25:05 -0300] "GET /cormun/servlet/solicitudotadjuntos?INS,2017,5538,,1, HTTP/1.1" 200 5773
186.79.98.242 - - [15/Mar/2017:09:25:06 -0300] "GET /cormun/static/about:blank HTTP/1.1" 404 1011
186.79.98.242 - - [15/Mar/2017:09:25:07 -0300] "GET /cormun/servlet/solicitudotadjuntos?757a710b035fb73df00ff9f07b2c5423a7a26a957f8f75449fb83841c0200aa3b5e1b3bbfa1c65c109c51063cd2e870d,gx-no-cache=1489580775819 HTTP/1.1" 200 30
186.79.98.242 - - [15/Mar/2017:09:25:07 -0300] "GET /cormun/servlet/solicitudotadjuntos?INS,2017,5538,,1, HTTP/1.1" 200 5767
186.79.98.242 - - [15/Mar/2017:09:25:07 -0300] "POST /cormun/servlet/solicitudotadjuntos?27f1ba43f73037a7f335c6185890b91b,INS,2017,5538,,1,,gx-no-cache=1489580775937 HTTP/1.1" 200 3668
192.168.10.89 - - [15/Mar/2017:09:25:09 -0300] "POST /cormun/servlet/hlogin?5bfbbb08af1fb920948b15bfd969b537,gx-no-cache=1489583991476 HTTP/1.1" 200 90
192.168.10.89 - - [15/Mar/2017:09:25:09 -0300] "GET /cormun/servlet/hpexe_link HTTP/1.1" 200 955
192.168.10.89 - - [15/Mar/2017:09:25:09 -0300] "GET /cormun/servlet/hhome HTTP/1.1" 200 3923
192.168.10.89 - - [15/Mar/2017:09:25:12 -0300] "GET /cormun/servlet/trsolicitudot? HTTP/1.1" 200 8931
186.79.98.242 - - [15/Mar/2017:09:25:12 -0300] "POST /cormun/servlet/solicitudotadjuntos?gx-no-cache=1489580780909 HTTP/1.1" 200 26
192.168.10.96 - - [15/Mar/2017:09:25:13 -0300] "POST /cormun/servlet/trsolicitudgral?fe3804473153cfef0c8b5e76476e4e03,,gx-no-cache=1489583995301 HTTP/1.1" 200 5161
192.168.10.89 - - [15/Mar/2017:09:25:15 -0300] "GET /cormun/servlet/solicitudot?INS,0,0, HTTP/1.1" 200 12723
186.103.159.187 - - [15/Mar/2017:09:25:16 -0300] "POST /cormun/servlet/licenciaspermisos?c9be17f591090e257884485fa86f0a07,INS,0,,,,gx-no-cache=1489580782260 HTTP/1.1" 200 93
186.103.159.187 - - [15/Mar/2017:09:25:16 -0300] "GET /cormun/servlet/hpexe_return? HTTP/1.1" 200 1014
186.103.159.187 - - [15/Mar/2017:09:25:16 -0300] "GET /cormun/servlet/trlicencias HTTP/1.1" 200 6577
192.168.10.96 - - [15/Mar/2017:09:25:17 -0300] "POST /cormun/servlet/trsolicitudgral?fe3804473153cfef0c8b5e76476e4e03,,gx-no-cache=1489583999181 HTTP/1.1" 200 5157
186.103.159.187 - - [15/Mar/2017:09:25:17 -0300] "GET /cormun/servlet/trlicencias HTTP/1.1" 200 6573
186.103.159.187 - - [15/Mar/2017:09:25:22 -0300] "GET /cormun/servlet/trsolicitudot? HTTP/1.1" 200 7955
186.103.159.187 - - [15/Mar/2017:09:25:23 -0300] "GET /cormun/servlet/trsolicitudot? HTTP/1.1" 200 7955
192.168.10.96 - - [15/Mar/2017:09:25:24 -0300] "POST /cormun/servlet/trsolicitudgral?fe3804473153cfef0c8b5e76476e4e03,,gx-no-cache=1489584006286 HTTP/1.1" 200 5157
192.168.10.96 - - [15/Mar/2017:09:25:25 -0300] "POST /cormun/servlet/trsolicitudgral?fe3804473153cfef0c8b5e76476e4e03,,gx-no-cache=1489584007044 HTTP/1.1" 200 5157
186.79.98.242 - - [15/Mar/2017:09:25:25 -0300] "GET /cormun/servlet/solicitudotadjuntos?757a710b035fb73df00ff9f07b2c5423902fb6b8f678882f7ab002e220012108,gx-no-cache=1489580793589 HTTP/1.1" 200 30
192.168.10.89 - - [15/Mar/2017:09:25:25 -0300] "GET /cormun/servlet/prfichaempleado?,MD,,gxPopupLevel%3D0%3B HTTP/1.1" 200 8773
192.168.10.96 - - [15/Mar/2017:09:25:25 -0300] "POST /cormun/servlet/trsolicitudgral?fe3804473153cfef0c8b5e76476e4e03,,gx-no-cache=1489584007530 HTTP/1.1" 200 5156
186.79.98.242 - - [15/Mar/2017:09:25:25 -0300] "GET /cormun/servlet/solicitudotadjuntos?757a710b035fb73df00ff9f07b2c5423902fb6b8f678882f7ab002e220012108,gx-no-cache=1489580793690 HTTP/1.1" 200 30
192.168.10.96 - - [15/Mar/2017:09:25:25 -0300] "POST /cormun/servlet/trsolicitudgral?fe3804473153cfef0c8b5e76476e4e03,,gx-no-cache=1489584007746 HTTP/1.1" 200 5156
192.168.10.96 - - [15/Mar/2017:09:25:25 -0300] "POST /cormun/servlet/trsolicitudgral?fe3804473153cfef0c8b5e76476e4e03,,gx-no-cache=1489584007960 HTTP/1.1" 200 5157
192.168.10.96 - - [15/Mar/2017:09:25:26 -0300] "POST /cormun/servlet/trsolicitudgral?fe3804473153cfef0c8b5e76476e4e03,,gx-no-cache=1489584008163 HTTP/1.1" 200 5157
186.103.159.187 - - [15/Mar/2017:09:25:26 -0300] "POST /cormun/servlet/trsolicitudot?c9be17f591090e257884485fa86f0a07,,gx-no-cache=1489580792309 HTTP/1.1" 200 5212
192.168.10.96 - - [15/Mar/2017:09:25:26 -0300] "POST /cormun/servlet/trsolicitudgral?fe3804473153cfef0c8b5e76476e4e03,,gx-no-cache=1489584008346 HTTP/1.1" 200 5156
192.168.10.96 - - [15/Mar/2017:09:25:29 -0300] "POST /cormun/servlet/trsolicitudgral?fe3804473153cfef0c8b5e76476e4e03,,gx-no-cache=1489584011512 HTTP/1.1" 200 6503
186.103.159.187 - - [15/Mar/2017:09:25:32 -0300] "POST /cormun/servlet/trsolicitudot?c9be17f591090e257884485fa86f0a07,,gx-no-cache=1489580798895 HTTP/1.1" 200 5212
192.168.10.89 - - [15/Mar/2017:09:25:34 -0300] "POST /cormun/servlet/prfichaempleado?5bfbbb08af1fb920948b15bfd969b537,,MD,,gxPopupLevel%3D0%3B,gx-no-cache=1489584017002 HTTP/1.1" 200 3417
186.103.159.187 - - [15/Mar/2017:09:25:35 -0300] "GET /cormun/servlet/solicitudot?INS,0,0, HTTP/1.1" 200 12545
186.103.159.187 - - [15/Mar/2017:09:25:36 -0300] "GET /cormun/servlet/solicitudot?INS,0,0, HTTP/1.1" 200 12550
192.168.10.89 - - [15/Mar/2017:09:25:37 -0300] "POST /cormun/servlet/solicitudot?gx-no-cache=1489584019426 HTTP/1.1" 200 3189
192.168.10.89 - - [15/Mar/2017:09:25:37 -0300] "POST /cormun/servlet/solicitudot?5bfbbb08af1fb920948b15bfd969b537,INS,0,0,,gx-no-cache=1489584019661 HTTP/1.1" 200 9982
192.168.10.89 - - [15/Mar/2017:09:25:38 -0300] "GET /cormun/servlet/solicitudot?8f7822056509103d9293c1c949afd36420801caa0c5da3bd391b471343c34834e0bfca007c094af3c0ca5ed5d7122eaf,gx-no-cache=1489584021120 HTTP/1.1" 200 30
192.168.10.89 - - [15/Mar/2017:09:25:39 -0300] "POST /cormun/servlet/solicitudot?gx-no-cache=1489584021165 HTTP/1.1" 200 255
192.168.10.89 - - [15/Mar/2017:09:25:39 -0300] "GET /cormun/servlet/solicitudot?8f7822056509103d9293c1c949afd3642709cf907bb5a053bb44a08bf81f648ea256bc4d4f037e908e5c85129e7fb2d33a83d7504544e1318b33af9a4127eaabf2d516e201568e81b794aa99af6bfa37814a1f0b44294106c05758d21694471dcb337ab247ee0468f13f9875c2bd6ac9437e950e568d42798fee1a1497570fea282c7b1c9d9b728f4f86be0767dee2c657633a953facb1a35b5176de8bc2b192b3c4229e31a14b92400d7807983de4b26ce13748962acabc8b3e8301254433b48d0bc9be40caf75771d34de5d665e0cbd679074c9c2c3c03a8c30707370ad85ae03bb01a08c257912c14e78f771637fb96d94d95eb5efc1a2d6f141f7343f9cb9522ebcc5f69a16910d0bf4bc5c30f7de3878634bf14cab8d52df43aae87b4e5b368077ff730fd900e037f441642756a134b534de1260f4182a2f0b5efbed93f362f16b9cb4814ef1139db49a060db512bc14abb9fdb6dacf7d9c9f301433f7e35e7045812e86ad4d86bc88a8cba2703a30cedf6e35a05acedf2aad38049b7dd,gx-no-cache=1489584021205 HTTP/1.1" 200 30
192.168.10.96 - - [15/Mar/2017:09:25:39 -0300] "GET /cormun/servlet/vesolicitudgral?2017,5274,, HTTP/1.1" 200 8585
192.168.10.96 - - [15/Mar/2017:09:25:39 -0300] "GET /cormun/static/gxcfg.js?201612218543032 HTTP/1.1" 200 953
192.168.10.96 - - [15/Mar/2017:09:25:39 -0300] "GET /cormun/pexe_scrolldiv.js HTTP/1.1" 404 1009
192.168.10.96 - - [15/Mar/2017:09:25:39 -0300] "GET /cormun/static/vesolicitudgral.js?201612218543091 HTTP/1.1" 200 6721
192.168.10.96 - - [15/Mar/2017:09:25:39 -0300] "GET /cormun/static/tbsolicitudgral01.js?20171102165139 HTTP/1.1" 200 29094
192.168.10.96 - - [15/Mar/2017:09:25:39 -0300] "GET /cormun/pexe_scrolldiv.js HTTP/1.1" 404 1009
192.168.10.96 - - [15/Mar/2017:09:25:39 -0300] "GET /cormun/servlet/vesolicitudgral?2017,5274,, HTTP/1.1" 200 8584
186.79.98.242 - - [15/Mar/2017:09:25:40 -0300] "POST /cormun/servlet/solicitudotadjuntos?27f1ba43f73037a7f335c6185890b91b,INS,2017,5538,,1, HTTP/1.1" 200 116
192.168.10.89 - - [15/Mar/2017:09:25:40 -0300] "POST /cormun/servlet/solicitudot?gx-no-cache=1489584022462 HTTP/1.1" 200 30
186.79.98.242 - - [15/Mar/2017:09:25:40 -0300] "GET /cormun/servlet/hpexe_return? HTTP/1.1" 200 1025
186.79.146.238 - - [15/Mar/2017:09:25:40 -0300] "GET /cormun/servlet/hlogin HTTP/1.1" 200 1722
186.79.98.242 - - [15/Mar/2017:09:25:41 -0300] "GET /cormun/servlet/trsolicitudadjuntos?2017,5538, HTTP/1.1" 200 8302
192.168.10.89 - - [15/Mar/2017:09:25:41 -0300] "GET /cormun/servlet/prsolicitudot?15102666,,,,,MD,,gxPopupLevel%3D0%3B HTTP/1.1" 200 6040
186.79.98.242 - - [15/Mar/2017:09:25:42 -0300] "GET /cormun/servlet/trsolicitudadjuntos?2017,5538, HTTP/1.1" 200 8299
192.168.10.89 - - [15/Mar/2017:09:25:45 -0300] "POST /cormun/servlet/solicitudot?gx-no-cache=1489584027858 HTTP/1.1" 200 1291
192.168.10.89 - - [15/Mar/2017:09:25:45 -0300] "POST /cormun/servlet/solicitudot?gx-no-cache=1489584028007 HTTP/1.1" 200 38
192.168.10.89 - - [15/Mar/2017:09:25:45 -0300] "GET /cormun/servlet/solicitudot?8f7822056509103d9293c1c949afd364a96188c2858227225d8849414c4d73f61abc2ab9a8b7657b5475bcc11c9b609f97fa705ab7579df71e5b190e0a3e5f6262cc5c783f1f7de5c33081ff68cc99bc9ed68c6faaf40c2def1ee12bddb4b74165903657634e08aa77bae1025aafb27b3abf4b14aef9e252a295340956b53f1fb7ee4335e7b208c79eb7b2f850861f6000a301e6a9faafbf7b8594c1b97f3a13,gx-no-cache=1489584028035 HTTP/1.1" 200 29
192.168.10.89 - - [15/Mar/2017:09:25:45 -0300] "POST /cormun/servlet/solicitudot?gx-no-cache=1489584028059 HTTP/1.1" 200 1274
192.168.10.89 - - [15/Mar/2017:09:25:46 -0300] "POST /cormun/servlet/solicitudot?gx-no-cache=1489584028098 HTTP/1.1" 200 1157
186.79.146.238 - - [15/Mar/2017:09:25:51 -0300] "POST /cormun/servlet/hlogin?bacc267fa9a3bd5c86f174972d50db40,gx-no-cache=1489580824174 HTTP/1.1" 200 90
186.79.146.238 - - [15/Mar/2017:09:25:51 -0300] "GET /cormun/servlet/hpexe_link HTTP/1.1" 200 956
192.168.10.89 - - [15/Mar/2017:09:25:51 -0300] "GET /cormun/servlet/solicitudot?8f7822056509103d9293c1c949afd364a96188c2858227225d8849414c4d73f61abc2ab9a8b7657b5475bcc11c9b609f97fa705ab7579df71e5b190e0a3e5f6262cc5c783f1f7de5c33081ff68cc99bc9ed68c6faaf40c2def1ee12bddb4b74165903657634e08aa77bae1025aafb27b3abf4b14aef9e252a295340956b53f1fb7ee4335e7b208c79eb7b2f850861f6000a301e6a9faafbf7b8594c1b97f3a13,gx-no-cache=1489584033671 HTTP/1.1" 200 29
192.168.10.89 - - [15/Mar/2017:09:25:51 -0300] "POST /cormun/servlet/solicitudot?gx-no-cache=1489584033713 HTTP/1.1" 200 1274
186.79.98.242 - - [15/Mar/2017:09:25:51 -0300] "GET /cormun/servlet/solicitudotadjuntos?INS,2017,5538,,1, HTTP/1.1" 200 5774
186.79.146.238 - - [15/Mar/2017:09:25:51 -0300] "GET /cormun/servlet/hhome HTTP/1.1" 200 4001
186.79.98.242 - - [15/Mar/2017:09:25:52 -0300] "GET /cormun/static/about:blank HTTP/1.1" 404 1011
192.168.10.89 - - [15/Mar/2017:09:25:52 -0300] "POST /cormun/servlet/solicitudot?gx-no-cache=1489584034221 HTTP/1.1" 200 1157
192.168.10.96 - - [15/Mar/2017:09:25:52 -0300] "GET /cormun/servlet/vesolicitudgral?2017,5274,,SolicitudOTAdjuntos HTTP/1.1" 200 7377
192.168.10.96 - - [15/Mar/2017:09:25:52 -0300] "GET /cormun/pexe_scrolldiv.js HTTP/1.1" 404 1009
192.168.10.96 - - [15/Mar/2017:09:25:52 -0300] "GET /cormun/static/tbsolicitudgral02.js?201612218423933 HTTP/1.1" 200 13303
192.168.10.96 - - [15/Mar/2017:09:25:52 -0300] "GET /cormun/pexe_scrolldiv.js HTTP/1.1" 404 1009
192.168.10.96 - - [15/Mar/2017:09:25:53 -0300] "GET /cormun/servlet/vesolicitudgral?2017,5274,,SolicitudOTAdjuntos HTTP/1.1" 200 7377
186.79.98.242 - - [15/Mar/2017:09:25:53 -0300] "GET /cormun/servlet/solicitudotadjuntos?INS,2017,5538,,1, HTTP/1.1" 200 5768
192.168.10.89 - - [15/Mar/2017:09:25:53 -0300] "GET /cormun/servlet/solicitudot?8f7822056509103d9293c1c949afd364e8e3e61fb09da196802b7ad99d220a00cdf97f6c0ab2b742d9e21e1930dea2b4ec75c04f35ca136ffb16102bc96c1e09d7074a07141dcc593d0ced7f940d807b469f8fc7f2cc2223ccddf863fe2d1c5f1caaedd164263da9c66adfc38e9ff6282d264ff98751a53e4228f1d0e1aced3dd64d12d59f80cfe2a91daebf60d6cf8d737d05bf42dd36ddc5e3d71ddabe415dd2cfb1d0233ec26056fb920cd9a8c774,gx-no-cache=1489584035745 HTTP/1.1" 200 30
186.79.98.242 - - [15/Mar/2017:09:25:54 -0300] "GET /cormun/servlet/solicitudotadjuntos?757a710b035fb73df00ff9f07b2c5423a7a26a957f8f75449fb83841c0200aa3b5e1b3bbfa1c65c109c51063cd2e870d,gx-no-cache=1489580822442 HTTP/1.1" 200 30
192.168.10.96 - - [15/Mar/2017:09:25:54 -0300] "POST /cormun/servlet/acontrolpreferencessavestate?None,DZAMUDIO,true HTTP/1.1" 200 35
186.79.98.242 - - [15/Mar/2017:09:25:54 -0300] "POST /cormun/servlet/solicitudotadjuntos?27f1ba43f73037a7f335c6185890b91b,INS,2017,5538,,1,,gx-no-cache=1489580822574 HTTP/1.1" 200 3668
186.79.146.238 - - [15/Mar/2017:09:25:55 -0300] "GET /cormun/servlet/hhome HTTP/1.1" 200 3999
192.168.10.96 - - [15/Mar/2017:09:25:57 -0300] "POST /cormun/servlet/vesolicitudgral?fe3804473153cfef0c8b5e76476e4e03,2017,5274,,SolicitudOTAdjuntos,gx-no-cache=1489584039129 HTTP/1.1" 200 90
192.168.10.96 - - [15/Mar/2017:09:25:57 -0300] "GET /cormun/servlet/hpexe_link HTTP/1.1" 200 978
192.168.10.96 - - [15/Mar/2017:09:25:57 -0300] "GET /cormun/servlet/trsolicitudgral? HTTP/1.1" 200 9626
192.168.10.96 - - [15/Mar/2017:09:25:57 -0300] "GET /cormun/servlet/trsolicitudgral? HTTP/1.1" 200 9625
186.79.98.242 - - [15/Mar/2017:09:26:00 -0300] "POST /cormun/servlet/solicitudotadjuntos?gx-no-cache=1489580828537 HTTP/1.1" 200 26
186.79.146.238 - - [15/Mar/2017:09:26:01 -0300] "GET /cormun/servlet/trsolicitudot? HTTP/1.1" 200 8252
186.103.159.187 - - [15/Mar/2017:09:26:01 -0300] "GET /cormun/servlet/prfichaempleado?,MD,,gxPopupLevel%3D0%3B HTTP/1.1" 200 8781
186.79.146.238 - - [15/Mar/2017:09:26:01 -0300] "GET /cormun/static/trsolicitudot.js?20171191045625 HTTP/1.1" 304 -
192.168.10.89 - - [15/Mar/2017:09:26:02 -0300] "POST /cormun/servlet/solicitudot?5bfbbb08af1fb920948b15bfd969b537,INS,0,0,,gx-no-cache=1489584044554 HTTP/1.1" 200 93
192.168.10.89 - - [15/Mar/2017:09:26:02 -0300] "GET /cormun/servlet/hpexe_return? HTTP/1.1" 200 1006
186.79.146.238 - - [15/Mar/2017:09:26:03 -0300] "GET /cormun/servlet/trsolicitudot? HTTP/1.1" 200 8251
192.168.10.89 - - [15/Mar/2017:09:26:03 -0300] "GET /cormun/servlet/trsolicitudot HTTP/1.1" 200 9283
186.79.146.238 - - [15/Mar/2017:09:26:06 -0300] "GET /cormun/servlet/solicitudot?INS,0,0, HTTP/1.1" 200 12789
192.168.10.89 - - [15/Mar/2017:09:26:06 -0300] "POST /cormun/servlet/trsolicitudot?5bfbbb08af1fb920948b15bfd969b537,gx-no-cache=1489584048392 HTTP/1.1" 200 6226
186.79.146.238 - - [15/Mar/2017:09:26:06 -0300] "GET /cormun/static/solicitudot.js?2017119104297 HTTP/1.1" 304 -
192.168.10.89 - - [15/Mar/2017:09:26:06 -0300] "POST /cormun/servlet/trsolicitudot?5bfbbb08af1fb920948b15bfd969b537,gx-no-cache=1489584048828 HTTP/1.1" 200 6169
192.168.10.89 - - [15/Mar/2017:09:26:07 -0300] "GET /cormun/static/Shared/jqueryui/images/ui-bg_flat_55_fafafa_40x100.png HTTP/1.1" 404 1097
192.168.10.89 - - [15/Mar/2017:09:26:07 -0300] "GET /cormun/static/Shared/jqueryui/images/ui-icons_8d78a5_256x240.png HTTP/1.1" 404 1089
192.168.10.89 - - [15/Mar/2017:09:26:07 -0300] "GET /cormun/static/Shared/jqueryui/images/ui-bg_highlight-soft_100_c6c2c8_1x100.png HTTP/1.1" 404 1117
192.168.10.89 - - [15/Mar/2017:09:26:07 -0300] "GET /cormun/static/Shared/jqueryui/images/ui-icons_82798d_256x240.png HTTP/1.1" 404 1089
186.79.146.238 - - [15/Mar/2017:09:26:08 -0300] "GET /cormun/servlet/solicitudot?INS,0,0, HTTP/1.1" 200 12794
192.168.10.89 - - [15/Mar/2017:09:26:08 -0300] "GET /cormun/servlet/trautorizarsolicitud? HTTP/1.1" 200 8569
192.168.10.89 - - [15/Mar/2017:09:26:11 -0300] "POST /cormun/servlet/trautorizarsolicitud?5bfbbb08af1fb920948b15bfd969b537,,gx-no-cache=1489584053951 HTTP/1.1" 200 5452
192.168.10.89 - - [15/Mar/2017:09:26:12 -0300] "POST /cormun/servlet/trautorizarsolicitud?5bfbbb08af1fb920948b15bfd969b537,,gx-no-cache=1489584054286 HTTP/1.1" 200 5398
