200.73.230.173 - - [14/Mar/2017:16:00:07 -0300] "GET /cormun/static/gxui/gxui-all.css?120300 HTTP/1.1" 200 2179
200.73.230.173 - - [14/Mar/2017:16:00:07 -0300] "GET /cormun/static/calendar-system.css?85620 HTTP/1.1" 200 5572
200.73.230.173 - - [14/Mar/2017:16:00:07 -0300] "GET /cormun/static/calendar-setup.js?85251 HTTP/1.1" 200 2588
200.73.230.173 - - [14/Mar/2017:16:00:07 -0300] "GET /cormun/static/calendar.js?85251 HTTP/1.1" 200 26246
200.73.230.173 - - [14/Mar/2017:16:00:07 -0300] "GET /cormun/static/gxcfg.js?20171191044697 HTTP/1.1" 200 953
200.73.230.173 - - [14/Mar/2017:16:00:07 -0300] "GET /cormun/static/calendar-es.js?85251 HTTP/1.1" 200 1901
200.73.230.173 - - [14/Mar/2017:16:00:08 -0300] "GET /cormun/static/gxdec.js?85251 HTTP/1.1" 200 19579
200.73.230.173 - - [14/Mar/2017:16:00:08 -0300] "GET /cormun/static/trsolicitudot.js?20171191045625 HTTP/1.1" 200 53117
200.73.230.173 - - [14/Mar/2017:16:00:08 -0300] "GET /cormun/static/Resources/PXTools/calendar.png HTTP/1.1" 200 1306
200.73.230.173 - - [14/Mar/2017:16:00:08 -0300] "GET /cormun/static/Resources/PXToolsDataSearch.png HTTP/1.1" 200 419
200.73.230.173 - - [14/Mar/2017:16:00:08 -0300] "GET /cormun/static/Resources/PXToolsGridFirstDisabled.gif HTTP/1.1" 200 100
200.73.230.173 - - [14/Mar/2017:16:00:08 -0300] "GET /cormun/static/Resources/PXToolsGridPreviousDisabled.gif HTTP/1.1" 200 90
200.73.230.173 - - [14/Mar/2017:16:00:08 -0300] "GET /cormun/static/Resources/PXToolsGridNextDisabled.gif HTTP/1.1" 200 90
200.73.230.173 - - [14/Mar/2017:16:00:09 -0300] "GET /cormun/static/Resources/PXToolsGridLastDisabled.gif HTTP/1.1" 200 98
200.73.230.173 - - [14/Mar/2017:16:00:09 -0300] "GET /cormun/static/Resources/PXToolsGridPage.gif HTTP/1.1" 200 725
200.73.230.173 - - [14/Mar/2017:16:00:09 -0300] "GET /cormun/static/Resources/PXToolsActionExcel.png HTTP/1.1" 200 3187
200.73.230.173 - - [14/Mar/2017:16:00:09 -0300] "GET /cormun/static/Resources/PXToolsGridNew.png HTTP/1.1" 200 2949
200.73.230.173 - - [14/Mar/2017:16:00:10 -0300] "GET /cormun/static/Shared/ext/resources/css/ext-all.css?215870 HTTP/1.1" 200 416045
200.73.230.173 - - [14/Mar/2017:16:00:11 -0300] "GET /cormun/static/Resources/asc.gif HTTP/1.1" 200 67
200.73.230.173 - - [14/Mar/2017:16:00:11 -0300] "GET /cormun/servlet/trsolicitudot? HTTP/1.1" 200 6749
200.73.230.173 - - [14/Mar/2017:16:00:11 -0300] "GET /cormun/static/Resources/desc.gif HTTP/1.1" 200 65
200.73.230.173 - - [14/Mar/2017:16:00:11 -0300] "GET /cormun/static/Shared/ext/resources/themes/images/default/panel/bg-headersPanel.png HTTP/1.1" 200 255
200.73.230.173 - - [14/Mar/2017:16:00:11 -0300] "GET /cormun/static/Shared/ext/resources/themes/images/default/tools/tool-sprites.gif HTTP/1.1" 200 5434
200.73.230.173 - - [14/Mar/2017:16:00:14 -0300] "GET /cormun/servlet/solicitudot?INS,0,0, HTTP/1.1" 200 12603
200.73.230.173 - - [14/Mar/2017:16:00:14 -0300] "GET /cormun/static/Resources/prompt.gif HTTP/1.1" 200 902
200.73.230.173 - - [14/Mar/2017:16:00:14 -0300] "GET /cormun/static/gxcfg.js?20171191042720 HTTP/1.1" 200 953
200.73.230.173 - - [14/Mar/2017:16:00:14 -0300] "GET /cormun/static/solicitudot.js?2017119104297 HTTP/1.1" 200 63948
200.73.230.173 - - [14/Mar/2017:16:00:15 -0300] "GET /cormun/servlet/solicitudot?INS,0,0, HTTP/1.1" 200 12608
186.103.159.187 - - [14/Mar/2017:16:00:36 -0300] "POST /cormun/servlet/solicitudot?gx-no-cache=1489518102839 HTTP/1.1" 200 30
186.103.159.187 - - [14/Mar/2017:16:00:39 -0300] "GET /cormun/servlet/prcontratosol?6743471,,,,,MD,,gxPopupLevel%3D0%3B HTTP/1.1" 200 5888
186.103.159.187 - - [14/Mar/2017:16:00:44 -0300] "POST /cormun/servlet/solicitudot?gx-no-cache=1489518111285 HTTP/1.1" 200 1292
186.103.159.187 - - [14/Mar/2017:16:00:44 -0300] "POST /cormun/servlet/solicitudot?gx-no-cache=1489518111371 HTTP/1.1" 200 38
186.103.159.187 - - [14/Mar/2017:16:00:44 -0300] "GET /cormun/servlet/solicitudot?301a02f18edc7a87dd8cc5f51990e7eb39b34efb8a022246210371233f580a6c0a187101b8b4182c662be48741e5c0c7de0eba1c96b907d63b8400fae4ecee0fdb4412f6e92f0233ef20461a2971ccd8e12be52130ee227826da916b98e0b317336d5a31f58017adc6319f9238b63dd75c59577048cdbd41809edb21549fecf2482052030b6545d3ba59b53a05f997e6a021ea1d5c6adf9121a03cc300d507f5,gx-no-cache=1489518111417 HTTP/1.1" 200 29
186.103.159.187 - - [14/Mar/2017:16:00:45 -0300] "POST /cormun/servlet/solicitudot?gx-no-cache=1489518111486 HTTP/1.1" 200 1275
186.103.159.187 - - [14/Mar/2017:16:00:45 -0300] "POST /cormun/servlet/solicitudot?gx-no-cache=1489518111546 HTTP/1.1" 200 1157
207.46.13.47 - - [14/Mar/2017:16:01:00 -0300] "GET /cormun/static/gxfxSD.js?85251 HTTP/1.1" 200 15384
207.46.13.58 - - [14/Mar/2017:16:01:04 -0300] "GET /cormun/static/gxgralSD.js?85251 HTTP/1.1" 200 20927
200.73.230.173 - - [14/Mar/2017:16:01:08 -0300] "POST /cormun/servlet/solicitudot?gx-no-cache=1489518138060 HTTP/1.1" 200 3081
200.73.230.173 - - [14/Mar/2017:16:01:09 -0300] "POST /cormun/servlet/solicitudot?7e213af552c3197ac1c54c536fd0e30e,INS,0,0,,gx-no-cache=1489518138454 HTTP/1.1" 200 9681
200.73.230.173 - - [14/Mar/2017:16:01:11 -0300] "GET /cormun/static/Resources/resize.gif HTTP/1.1" 200 77
186.103.159.187 - - [14/Mar/2017:16:01:12 -0300] "POST /cormun/servlet/solicitudot?gx-no-cache=1489518138710 HTTP/1.1" 200 1275
186.103.159.187 - - [14/Mar/2017:16:01:12 -0300] "POST /cormun/servlet/solicitudot?gx-no-cache=1489518138799 HTTP/1.1" 200 1157
186.103.159.187 - - [14/Mar/2017:16:01:12 -0300] "GET /cormun/static/menuarrow.gif HTTP/1.1" 404 1015
186.103.159.187 - - [14/Mar/2017:16:01:17 -0300] "POST /cormun/servlet/solicitudot?gx-no-cache=1489518143879 HTTP/1.1" 200 1275
186.103.159.187 - - [14/Mar/2017:16:01:17 -0300] "POST /cormun/servlet/solicitudot?gx-no-cache=1489518143958 HTTP/1.1" 200 1157
200.73.230.173 - - [14/Mar/2017:16:01:19 -0300] "GET /cormun/servlet/prfichaempleado?,MD,,gxPopupLevel%3D0%3B HTTP/1.1" 200 8844
200.73.230.173 - - [14/Mar/2017:16:01:19 -0300] "GET /cormun/static/gxcfg.js?2016102420561687 HTTP/1.1" 200 953
200.73.230.173 - - [14/Mar/2017:16:01:19 -0300] "GET /cormun/static/menusearch.js?201610171694467 HTTP/1.1" 200 1424
200.73.230.173 - - [14/Mar/2017:16:01:19 -0300] "GET /cormun/static/hmpwkw011.js?201612218515582 HTTP/1.1" 200 1968
200.73.230.173 - - [14/Mar/2017:16:01:19 -0300] "GET /cormun/static/prfichaempleado.js?201610242056198 HTTP/1.1" 200 16015
200.73.230.173 - - [14/Mar/2017:16:01:19 -0300] "GET /cormun/static/Resources/PXToolsMenuSearch.png HTTP/1.1" 200 2914
200.73.230.173 - - [14/Mar/2017:16:01:19 -0300] "GET /cormun/static/Resources/PXToolsMenuSearchCancel.png HTTP/1.1" 200 2972
200.73.230.173 - - [14/Mar/2017:16:01:27 -0300] "GET /cormun/servlet/solicitudot?b51d57014c93657db227d390edef99d900d9dcae92a053c1d87473a58ada66c997be3d7b1eb5ad9663c1bc60caa29b2c,gx-no-cache=1489518156693 HTTP/1.1" 200 30
186.103.159.187 - - [14/Mar/2017:16:01:52 -0300] "GET /cormun/servlet/solicitudot?301a02f18edc7a87dd8cc5f51990e7ebdddffd2f6eaa9a3dc1c96af1bd83f3938905147d90740691426d66a4ca97038b76575a3883232988e3cb3df1d3932f1200708f1a5630ca0a4ae18f25b5a14e0ea4c20b43cf51e9589f705b9b31d6b1638803d3675bdb8e1a0c7449ab7e8fa08ca9efd26056c58ed2f9a0cd6cfbcc7c64fa26653dd711be04de445240457e0d4d13c87a4f0f0a05bf412c5fd61993a5563a57ec744248fc212bc533d9f71c248d,gx-no-cache=1489518178528 HTTP/1.1" 200 30
186.103.159.46 - - [14/Mar/2017:16:01:54 -0300] "POST /cormun/servlet/trpermisosgoce?33114de2f3333ded5d8eb38f61b6b696,,gx-no-cache=1489518182536 HTTP/1.1" 200 7076
186.103.159.187 - - [14/Mar/2017:16:02:00 -0300] "POST /cormun/servlet/solicitudot?cdcb894fc339d451cb2e16094d22afe3,INS,0,0,,gx-no-cache=1489518186351 HTTP/1.1" 200 93
186.103.159.187 - - [14/Mar/2017:16:02:00 -0300] "GET /cormun/servlet/hpexe_return? HTTP/1.1" 200 1028
186.103.159.187 - - [14/Mar/2017:16:02:00 -0300] "GET /cormun/servlet/trsolicitudot?gx-no-cache=1489517989154 HTTP/1.1" 200 8429
186.103.159.187 - - [14/Mar/2017:16:02:01 -0300] "GET /cormun/servlet/trsolicitudot?gx-no-cache=1489517989154 HTTP/1.1" 200 8447
186.103.159.46 - - [14/Mar/2017:16:02:06 -0300] "POST /cormun/servlet/trpermisosgoce?33114de2f3333ded5d8eb38f61b6b696,,gx-no-cache=1489518193667 HTTP/1.1" 200 7073
200.73.230.173 - - [14/Mar/2017:16:02:06 -0300] "POST /cormun/servlet/solicitudot?gx-no-cache=1489518195519 HTTP/1.1" 200 297
186.103.159.46 - - [14/Mar/2017:16:02:08 -0300] "POST /cormun/servlet/trpermisosgoce?33114de2f3333ded5d8eb38f61b6b696,,gx-no-cache=1489518196687 HTTP/1.1" 200 7088
200.73.230.173 - - [14/Mar/2017:16:02:08 -0300] "GET /cormun/servlet/solicitudot?b51d57014c93657db227d390edef99d9861758b80f8ab31f58dd1bd90bd9de94bdf6536d1042dcea16dec1210db8348294220fbbf77eff50cdd2c65075248178a2ab50ea633202a0947d1452435f63d62ea822bb7f91ddb667dffe12d9902bfce8e9c5843604b623c722b0bc787f2f41e36c0d56c7f27197b405c44da0e17f851f911c17ac84e9b9c842c4e3b8f4401d824bf170ba06581044ae64e754ced842a72fa58b234090706bd54345edee23c688f1f7e4d93290f9755ba8dec48fa0805ccdff7fdd5e94fea6a570cc466f93fa9a4f9b91d307abce8a6624081deee5fd663f5d2d1c3a5eda078e50793b5dc8d6c9756e8f42266a2961f980e777a5f9165751f80187a24ad895b345fca0235f80d3cd99a2d1c2896f2f3f9ccc86509674021276f9c39f0485ab84754a9e4ef68e5f8b3cb54e723b4c4c2553e9154e84ccb144d7e5ada0aee41d84a026037c81751b81af7ba32932ad98ff4dcae2b9e458812e5bba7ac2e9927a5993a1354387260bc80fade2895af2bf00607b730ce05e05defda87d6ffecbdcdfe645f2e1080f,gx-no-cache=1489518198320 HTTP/1.1" 200 30
200.73.230.173 - - [14/Mar/2017:16:02:12 -0300] "GET /cormun/servlet/solicitudot?b51d57014c93657db227d390edef99d9861758b80f8ab31f58dd1bd90bd9de94bdf6536d1042dcea16dec1210db8348294220fbbf77eff50cdd2c65075248178a2ab50ea633202a0947d1452435f63d62ea822bb7f91ddb667dffe12d9902bfce8e9c5843604b623c722b0bc787f2f41e36c0d56c7f27197b405c44da0e17f851f911c17ac84e9b9c842c4e3b8f4401d824bf170ba06581044ae64e754ced842a72fa58b234090706bd54345edee23c688f1f7e4d93290f9755ba8dec48fa0805ccdff7fdd5e94fea6a570cc466f93fa9a4f9b91d307abce8a6624081deee5fd663f5d2d1c3a5eda078e50793b5dc8d65c044f720eb56f697b709270020a0c195751f80187a24ad895b345fca0235f80d3cd99a2d1c2896f2f3f9ccc86509674021276f9c39f0485ab84754a9e4ef68e5f8b3cb54e723b4c4c2553e9154e84ccb144d7e5ada0aee41d84a026037c81751b81af7ba32932ad98ff4dcae2b9e458812e5bba7ac2e9927a5993a135438726ed1de7cf48d2f80c81199d0c88dbaa2505defda87d6ffecbdcdfe645f2e1080f,gx-no-cache=1489518201626 HTTP/1.1" 200 30
186.103.159.46 - - [14/Mar/2017:16:02:15 -0300] "POST /cormun/servlet/trpermisosgoce?33114de2f3333ded5d8eb38f61b6b696,,gx-no-cache=1489518202785 HTTP/1.1" 200 7072
200.73.230.173 - - [14/Mar/2017:16:02:16 -0300] "POST /cormun/servlet/solicitudot?gx-no-cache=1489518205797 HTTP/1.1" 200 30
200.73.230.173 - - [14/Mar/2017:16:02:18 -0300] "POST /cormun/servlet/solicitudot?gx-no-cache=1489518207452 HTTP/1.1" 200 235
200.73.230.173 - - [14/Mar/2017:16:02:18 -0300] "POST /cormun/servlet/solicitudot?gx-no-cache=1489518207607 HTTP/1.1" 200 38
186.103.159.187 - - [14/Mar/2017:16:02:18 -0300] "POST /cormun/servlet/trsolicitudot?cdcb894fc339d451cb2e16094d22afe3,gx-no-cache=1489517989154,gx-no-cache=1489518204639 HTTP/1.1" 200 5255
186.103.159.187 - - [14/Mar/2017:16:02:18 -0300] "GET /cormun/static/Shared/jqueryui/images/ui-bg_highlight-soft_100_c6c2c8_1x100.png HTTP/1.1" 404 1117
186.103.159.187 - - [14/Mar/2017:16:02:18 -0300] "GET /cormun/static/Shared/jqueryui/images/ui-icons_82798d_256x240.png HTTP/1.1" 404 1089
186.103.159.187 - - [14/Mar/2017:16:02:18 -0300] "GET /cormun/static/Shared/jqueryui/images/ui-bg_flat_55_fafafa_40x100.png HTTP/1.1" 404 1097
186.103.159.187 - - [14/Mar/2017:16:02:18 -0300] "GET /cormun/static/Shared/jqueryui/images/ui-icons_8d78a5_256x240.png HTTP/1.1" 404 1089
186.103.159.187 - - [14/Mar/2017:16:02:18 -0300] "POST /cormun/servlet/trsolicitudot?cdcb894fc339d451cb2e16094d22afe3,gx-no-cache=1489517989154,gx-no-cache=1489518204953 HTTP/1.1" 200 5196
186.103.159.182 - - [14/Mar/2017:16:02:22 -0300] "GET /cormun/servlet/hlogin HTTP/1.1" 200 1714
186.103.159.182 - - [14/Mar/2017:16:02:26 -0300] "POST /cormun/servlet/hlogin?cd7f25081aff97d13943a3e88e87b493,gx-no-cache=1489518426498 HTTP/1.1" 200 90
186.103.159.182 - - [14/Mar/2017:16:02:26 -0300] "GET /cormun/servlet/hpexe_link HTTP/1.1" 200 949
186.103.159.182 - - [14/Mar/2017:16:02:26 -0300] "GET /cormun/servlet/hhome HTTP/1.1" 200 4019
186.103.159.187 - - [14/Mar/2017:16:02:28 -0300] "GET /cormun/servlet/hlogin HTTP/1.1" 200 1758
186.103.159.182 - - [14/Mar/2017:16:02:32 -0300] "GET /cormun/servlet/hhome HTTP/1.1" 200 4015
186.103.159.182 - - [14/Mar/2017:16:02:37 -0300] "GET /cormun/servlet/trlicencias? HTTP/1.1" 200 6881
186.103.159.182 - - [14/Mar/2017:16:02:37 -0300] "GET /cormun/static/gxcfg.js?2016122619301429 HTTP/1.1" 304 -
186.103.159.182 - - [14/Mar/2017:16:02:37 -0300] "GET /cormun/static/trlicencias.js?2016122619301919 HTTP/1.1" 304 -
186.103.159.187 - - [14/Mar/2017:16:02:37 -0300] "POST /cormun/servlet/hlogin?cdcb894fc339d451cb2e16094d22afe3,gx-no-cache=1489518224014 HTTP/1.1" 200 473
186.103.159.187 - - [14/Mar/2017:16:02:38 -0300] "POST /cormun/servlet/hlogin?cdcb894fc339d451cb2e16094d22afe3,gx-no-cache=1489518225131 HTTP/1.1" 200 471
186.103.159.182 - - [14/Mar/2017:16:02:41 -0300] "GET /cormun/servlet/trlicencias? HTTP/1.1" 200 6880
186.103.159.46 - - [14/Mar/2017:16:02:42 -0300] "POST /cormun/servlet/trpermisosgoce?33114de2f3333ded5d8eb38f61b6b696,,gx-no-cache=1489518230266 HTTP/1.1" 200 7077
186.103.159.187 - - [14/Mar/2017:16:02:43 -0300] "POST /cormun/servlet/hlogin?cdcb894fc339d451cb2e16094d22afe3,gx-no-cache=1489518229799 HTTP/1.1" 200 90
186.103.159.187 - - [14/Mar/2017:16:02:43 -0300] "GET /cormun/servlet/hpexe_link HTTP/1.1" 200 955
186.103.159.187 - - [14/Mar/2017:16:02:43 -0300] "GET /cormun/servlet/hhome HTTP/1.1" 200 3946
186.103.159.187 - - [14/Mar/2017:16:02:44 -0300] "GET /cormun/servlet/hhome HTTP/1.1" 200 3942
186.103.159.182 - - [14/Mar/2017:16:02:45 -0300] "GET /cormun/servlet/licenciaspermisos?INS,0,,, HTTP/1.1" 200 7394
186.103.159.182 - - [14/Mar/2017:16:02:45 -0300] "GET /cormun/static/gxcfg.js?2016122619301043 HTTP/1.1" 304 -
186.103.159.182 - - [14/Mar/2017:16:02:45 -0300] "GET /cormun/static/licenciaspermisos.js?2016122619301096 HTTP/1.1" 304 -
186.103.159.182 - - [14/Mar/2017:16:02:48 -0300] "GET /cormun/servlet/licenciaspermisos?INS,0,,, HTTP/1.1" 200 7393
186.103.159.187 - - [14/Mar/2017:16:02:53 -0300] "GET /cormun/servlet/trautorizarsolicitud? HTTP/1.1" 200 8541
186.103.159.46 - - [14/Mar/2017:16:02:54 -0300] "POST /cormun/servlet/trpermisosgoce?33114de2f3333ded5d8eb38f61b6b696,,gx-no-cache=1489518242292 HTTP/1.1" 200 7075
186.103.159.187 - - [14/Mar/2017:16:02:54 -0300] "GET /cormun/servlet/trautorizarsolicitud? HTTP/1.1" 200 8539
186.103.159.182 - - [14/Mar/2017:16:02:58 -0300] "GET /cormun/servlet/prfichaempleado?,MD,,gxPopupLevel%3D0%3B HTTP/1.1" 200 8892
186.103.159.182 - - [14/Mar/2017:16:02:59 -0300] "GET /cormun/static/gxcfg.js?2016102420561687 HTTP/1.1" 304 -
186.103.159.182 - - [14/Mar/2017:16:03:00 -0300] "GET /cormun/static/hmpwkw011.js?201612218515582 HTTP/1.1" 304 -
186.103.159.182 - - [14/Mar/2017:16:03:00 -0300] "GET /cormun/static/menusearch.js?201610171694467 HTTP/1.1" 304 -
186.103.159.182 - - [14/Mar/2017:16:03:00 -0300] "GET /cormun/static/prfichaempleado.js?201610242056198 HTTP/1.1" 304 -
186.103.159.187 - - [14/Mar/2017:16:03:03 -0300] "POST /cormun/servlet/trautorizarsolicitud?cdcb894fc339d451cb2e16094d22afe3,,gx-no-cache=1489518249578 HTTP/1.1" 200 5424
186.103.159.187 - - [14/Mar/2017:16:03:03 -0300] "GET /cormun/static/Shared/jqueryui/images/ui-bg_highlight-soft_100_c6c2c8_1x100.png HTTP/1.1" 404 1117
186.103.159.187 - - [14/Mar/2017:16:03:03 -0300] "GET /cormun/static/Shared/jqueryui/images/ui-icons_82798d_256x240.png HTTP/1.1" 404 1089
186.103.159.187 - - [14/Mar/2017:16:03:03 -0300] "GET /cormun/static/Shared/jqueryui/images/ui-bg_flat_55_fafafa_40x100.png HTTP/1.1" 404 1097
186.103.159.187 - - [14/Mar/2017:16:03:03 -0300] "GET /cormun/static/Shared/jqueryui/images/ui-icons_8d78a5_256x240.png HTTP/1.1" 404 1089
186.103.159.187 - - [14/Mar/2017:16:03:03 -0300] "POST /cormun/servlet/trautorizarsolicitud?cdcb894fc339d451cb2e16094d22afe3,,gx-no-cache=1489518249869 HTTP/1.1" 200 5368
186.103.159.187 - - [14/Mar/2017:16:03:05 -0300] "POST /cormun/servlet/trautorizarsolicitud?cdcb894fc339d451cb2e16094d22afe3,,gx-no-cache=1489518251042 HTTP/1.1" 200 4299
186.103.159.187 - - [14/Mar/2017:16:03:05 -0300] "POST /cormun/servlet/trautorizarsolicitud?cdcb894fc339d451cb2e16094d22afe3,,gx-no-cache=1489518251664 HTTP/1.1" 200 4092
186.103.157.235 - - [14/Mar/2017:16:03:20 -0300] "GET /cormun/servlet/hlogin HTTP/1.1" 200 1720
186.103.157.235 - - [14/Mar/2017:16:03:20 -0300] "GET /cormun/static/Resources/Spanish/PXTools.css?167811 HTTP/1.1" 304 -
186.103.157.235 - - [14/Mar/2017:16:03:20 -0300] "GET /cormun/static/gxtimezone.js?85251 HTTP/1.1" 304 -
186.103.157.235 - - [14/Mar/2017:16:03:20 -0300] "GET /cormun/static/gxcfg.js?201612216162538 HTTP/1.1" 304 -
186.103.157.235 - - [14/Mar/2017:16:03:21 -0300] "GET /cormun/static/messages.spa.js?85251 HTTP/1.1" 304 -
186.103.157.235 - - [14/Mar/2017:16:03:21 -0300] "GET /cormun/static/hlogin.js?201612216162555 HTTP/1.1" 304 -
186.103.159.182 - - [14/Mar/2017:16:03:21 -0300] "POST /cormun/servlet/prfichaempleado?cd7f25081aff97d13943a3e88e87b493,,MD,,gxPopupLevel%3D0%3B,gx-no-cache=1489518481343 HTTP/1.1" 200 3405
192.168.10.62 - - [14/Mar/2017:16:03:21 -0300] "GET /cormun/servlet/hlogin HTTP/1.1" 200 1720
186.103.157.235 - - [14/Mar/2017:16:03:21 -0300] "GET /cormun/servlet/hlogin HTTP/1.1" 200 1730
192.168.10.62 - - [14/Mar/2017:16:03:33 -0300] "POST /cormun/servlet/hlogin?fe410d92758752980724c6b017e0321b,gx-no-cache=1489521495890 HTTP/1.1" 200 90
192.168.10.62 - - [14/Mar/2017:16:03:33 -0300] "GET /cormun/servlet/hpexe_link HTTP/1.1" 200 956
192.168.10.62 - - [14/Mar/2017:16:03:33 -0300] "GET /cormun/servlet/hhome HTTP/1.1" 200 3792
192.168.10.62 - - [14/Mar/2017:16:03:34 -0300] "GET /cormun/servlet/hhome HTTP/1.1" 200 3789
186.103.157.235 - - [14/Mar/2017:16:03:34 -0300] "POST /cormun/servlet/hlogin?1133b9f369c3bed9e2132fbe8f1c8177,gx-no-cache=1489518454446 HTTP/1.1" 200 90
186.103.157.235 - - [14/Mar/2017:16:03:34 -0300] "GET /cormun/servlet/hpexe_link HTTP/1.1" 200 956
186.103.157.235 - - [14/Mar/2017:16:03:34 -0300] "GET /cormun/static/Resources/Spanish/PXTools.css?18365030 HTTP/1.1" 304 -
186.103.157.235 - - [14/Mar/2017:16:03:34 -0300] "GET /cormun/static/gxcfg.js?201612218515529 HTTP/1.1" 304 -
186.103.157.235 - - [14/Mar/2017:16:03:34 -0300] "GET /cormun/static/hpexe_link.js?201612218515532 HTTP/1.1" 304 -
186.103.157.235 - - [14/Mar/2017:16:03:34 -0300] "GET /cormun/servlet/hhome HTTP/1.1" 200 3954
186.103.157.235 - - [14/Mar/2017:16:03:35 -0300] "GET /cormun/static/gxcfg.js?201612218515568 HTTP/1.1" 304 -
186.103.157.235 - - [14/Mar/2017:16:03:35 -0300] "GET /cormun/static/hhome.js?201612218515573 HTTP/1.1" 304 -
186.103.157.235 - - [14/Mar/2017:16:03:35 -0300] "GET /cormun/static/hwchdr01.js?201612218432057 HTTP/1.1" 304 -
186.103.157.235 - - [14/Mar/2017:16:03:35 -0300] "GET /cormun/static/hpexe_recentlink.js?201610171694390 HTTP/1.1" 304 -
186.103.157.235 - - [14/Mar/2017:16:03:35 -0300] "GET /cormun/static/hpexe_scripts.js?201612218432016 HTTP/1.1" 304 -
186.103.157.235 - - [14/Mar/2017:16:03:35 -0300] "GET /cormun/static/hpexe_messagecontroller.js?201610171694323 HTTP/1.1" 304 -
186.103.157.235 - - [14/Mar/2017:16:03:35 -0300] "GET /cormun/static/hpexe_messagepopupcomponent.js?20161017169425 HTTP/1.1" 304 -
186.103.157.235 - - [14/Mar/2017:16:03:35 -0300] "GET /cormun/static/hpexe_messagegenexuscomponent.js?201612218431816 HTTP/1.1" 304 -
186.103.157.235 - - [14/Mar/2017:16:03:35 -0300] "GET /cormun/static/cmcontrolpreferences.js?201612218431999 HTTP/1.1" 304 -
186.103.157.235 - - [14/Mar/2017:16:03:35 -0300] "GET /cormun/static/hmpwkw03.js?20161221852152 HTTP/1.1" 304 -
186.103.156.24 - - [14/Mar/2017:16:03:35 -0300] "GET /cormun/servlet/solicitudotadjuntos?INS,2017,5519,,1, HTTP/1.1" 200 5993
186.103.156.24 - - [14/Mar/2017:16:03:35 -0300] "GET /cormun/static/calendar-system.css?85620 HTTP/1.1" 304 -
186.103.157.235 - - [14/Mar/2017:16:03:35 -0300] "GET /cormun/servlet/hhome HTTP/1.1" 200 3950
186.103.156.24 - - [14/Mar/2017:16:03:35 -0300] "GET /cormun/static/Resources/Spanish/PXTools.css?18365030 HTTP/1.1" 304 -
186.103.156.24 - - [14/Mar/2017:16:03:35 -0300] "GET /cormun/static/Shared/jqueryui/jquery-ui.min.css?1345370 HTTP/1.1" 304 -
186.103.156.24 - - [14/Mar/2017:16:03:35 -0300] "GET /cormun/static/SmoothNavMenu/resources/ddsmoothmenu-v.css?1112540 HTTP/1.1" 304 -
186.103.156.24 - - [14/Mar/2017:16:03:35 -0300] "GET /cormun/static/scaMessage/css/jquery.pnotify.default.css?1816380 HTTP/1.1" 304 -
186.103.156.24 - - [14/Mar/2017:16:03:35 -0300] "GET /cormun/static/SmoothNavMenu/resources/ddsmoothmenu.css?1112540 HTTP/1.1" 304 -
186.103.156.24 - - [14/Mar/2017:16:03:35 -0300] "GET /cormun/static/gxtimezone.js?85251 HTTP/1.1" 304 -
186.103.156.24 - - [14/Mar/2017:16:03:35 -0300] "GET /cormun/static/gxgral.js?85251 HTTP/1.1" 304 -
186.103.156.24 - - [14/Mar/2017:16:03:35 -0300] "GET /cormun/static/gxcfg.js?201612218465951 HTTP/1.1" 304 -
186.103.156.24 - - [14/Mar/2017:16:03:35 -0300] "GET /cormun/static/calendar.js?85251 HTTP/1.1" 304 -
186.103.156.24 - - [14/Mar/2017:16:03:35 -0300] "GET /cormun/static/RunJS/RunJS.js HTTP/1.1" 304 -
186.103.156.24 - - [14/Mar/2017:16:03:35 -0300] "GET /cormun/static/calendar-setup.js?85251 HTTP/1.1" 304 -
186.103.156.24 - - [14/Mar/2017:16:03:35 -0300] "GET /cormun/static/PXToolsJavascripts/pexe_autoreload.js HTTP/1.1" 304 -
186.103.156.24 - - [14/Mar/2017:16:03:35 -0300] "GET /cormun/static/calendar-es.js?85251 HTTP/1.1" 304 -
186.103.156.24 - - [14/Mar/2017:16:03:35 -0300] "GET /cormun/static/PXToolsJavascripts/pexe_cookies.js HTTP/1.1" 304 -
186.103.156.24 - - [14/Mar/2017:16:03:35 -0300] "GET /cormun/static/PXToolsJavascripts/pexe_grid.js HTTP/1.1" 304 -
186.103.156.24 - - [14/Mar/2017:16:03:35 -0300] "GET /cormun/static/PXToolsJavascripts/pexe_griddivfix.js HTTP/1.1" 304 -
186.103.156.24 - - [14/Mar/2017:16:03:35 -0300] "GET /cormun/static/PXToolsJavascripts/pexe_link.js HTTP/1.1" 304 -
186.103.156.24 - - [14/Mar/2017:16:03:35 -0300] "GET /cormun/static/PXToolsJavascripts/pexe_menudivfix.js HTTP/1.1" 304 -
186.103.156.24 - - [14/Mar/2017:16:03:35 -0300] "GET /cormun/static/PXToolsJavascripts/pexe_menus.js HTTP/1.1" 304 -
186.103.156.24 - - [14/Mar/2017:16:03:35 -0300] "GET /cormun/static/PXToolsJavascripts/pexe_layers.js HTTP/1.1" 304 -
186.103.156.24 - - [14/Mar/2017:16:03:35 -0300] "GET /cormun/static/PXToolsJavascripts/pexe_oav.js HTTP/1.1" 304 -
186.103.156.24 - - [14/Mar/2017:16:03:35 -0300] "GET /cormun/static/PXToolsJavascripts/pexe_oavdivfix.js HTTP/1.1" 304 -
186.103.156.24 - - [14/Mar/2017:16:03:35 -0300] "GET /cormun/static/PXToolsJavascripts/pexe_picture.js HTTP/1.1" 304 -
186.103.156.24 - - [14/Mar/2017:16:03:35 -0300] "GET /cormun/static/PXToolsJavascripts/pexe_popup.js HTTP/1.1" 304 -
186.103.156.24 - - [14/Mar/2017:16:03:35 -0300] "GET /cormun/static/PXToolsJavascripts/pexe_scrolldiv.js HTTP/1.1" 304 -
186.103.156.24 - - [14/Mar/2017:16:03:35 -0300] "GET /cormun/static/PXToolsJavascripts/pexe_tabdivfix.js HTTP/1.1" 304 -
186.103.156.24 - - [14/Mar/2017:16:03:36 -0300] "GET /cormun/static/PXToolsJavascripts/pexe_tabs.js HTTP/1.1" 304 -
186.103.156.24 - - [14/Mar/2017:16:03:36 -0300] "GET /cormun/static/PXToolsJavascripts/pexe_upload.js HTTP/1.1" 304 -
186.103.156.24 - - [14/Mar/2017:16:03:36 -0300] "GET /cormun/static/PXToolsJavascripts/PXToolsJavascriptsRender.js HTTP/1.1" 304 -
186.103.156.24 - - [14/Mar/2017:16:03:36 -0300] "GET /cormun/static/Shared/ext/ext-all.js HTTP/1.1" 304 -
186.103.156.24 - - [14/Mar/2017:16:03:36 -0300] "GET /cormun/static/gxui/gxui-all.js HTTP/1.1" 304 -
186.103.156.24 - - [14/Mar/2017:16:03:36 -0300] "GET /cormun/static/Shared/ext/locale/ext-lang-en.js HTTP/1.1" 304 -
186.103.156.24 - - [14/Mar/2017:16:03:36 -0300] "GET /cormun/static/messages.spa.js?85251 HTTP/1.1" 304 -
186.103.156.24 - - [14/Mar/2017:16:03:36 -0300] "GET /cormun/static/gxdec.js?85251 HTTP/1.1" 304 -
186.103.156.24 - - [14/Mar/2017:16:03:36 -0300] "GET /cormun/static/solicitudotadjuntos.js?201612218465969 HTTP/1.1" 304 -
186.103.159.182 - - [14/Mar/2017:16:03:36 -0300] "GET /cormun/servlet/licenciaspermisos?6b6c5dca0e2d56d43f904e37d24df0bdd43dd4960ad38b382668a6713712ccc804ab96e69255221cbebcaa96d91991b3,gx-no-cache=1489518496164 HTTP/1.1" 200 64
186.103.156.24 - - [14/Mar/2017:16:03:36 -0300] "GET /cormun/static/hwchdr01.js?201612218432057 HTTP/1.1" 304 -
186.103.156.24 - - [14/Mar/2017:16:03:36 -0300] "GET /cormun/static/hpexe_recentlink.js?201610171694390 HTTP/1.1" 304 -
186.103.156.24 - - [14/Mar/2017:16:03:36 -0300] "GET /cormun/static/hpexe_scripts.js?201612218432016 HTTP/1.1" 304 -
186.103.156.24 - - [14/Mar/2017:16:03:36 -0300] "GET /cormun/static/hpexe_messagecontroller.js?201610171694323 HTTP/1.1" 304 -
186.103.156.24 - - [14/Mar/2017:16:03:36 -0300] "GET /cormun/static/hpexe_messagepopupcomponent.js?20161017169425 HTTP/1.1" 304 -
186.103.156.24 - - [14/Mar/2017:16:03:36 -0300] "GET /cormun/static/hpexe_messagegenexuscomponent.js?201612218431816 HTTP/1.1" 304 -
186.103.156.24 - - [14/Mar/2017:16:03:36 -0300] "GET /cormun/static/PXToolsJavascripts/pexe_windows.js HTTP/1.1" 304 -
186.103.156.24 - - [14/Mar/2017:16:03:36 -0300] "GET /cormun/static/cmcontrolpreferences.js?201612218431999 HTTP/1.1" 304 -
186.103.159.182 - - [14/Mar/2017:16:03:36 -0300] "POST /cormun/servlet/licenciaspermisos?cd7f25081aff97d13943a3e88e87b493,INS,0,,,,gx-no-cache=1489518496225 HTTP/1.1" 200 4599
186.103.156.24 - - [14/Mar/2017:16:03:36 -0300] "GET /cormun/static/Shared/jquery/jquery-1.10.2.min.js HTTP/1.1" 304 -
186.103.156.24 - - [14/Mar/2017:16:03:36 -0300] "GET /cormun/static/SmoothNavMenu/resources/ddsmoothmenu.js HTTP/1.1" 304 -
186.103.156.24 - - [14/Mar/2017:16:03:36 -0300] "GET /cormun/static/Shared/jqueryui/jquery-ui.min.js HTTP/1.1" 304 -
186.103.156.24 - - [14/Mar/2017:16:03:36 -0300] "GET /cormun/static/SmoothNavMenu/resources/SmoothNavMenuRender.js HTTP/1.1" 304 -
186.103.156.24 - - [14/Mar/2017:16:03:36 -0300] "GET /cormun/static/scaMessage/js/jquery.pnotify.min.js HTTP/1.1" 304 -
186.103.156.24 - - [14/Mar/2017:16:03:36 -0300] "GET /cormun/static/Shared/jquery/jquery-1.4.2.min.js HTTP/1.1" 304 -
186.103.156.24 - - [14/Mar/2017:16:03:36 -0300] "GET /cormun/static/scaMessage/scaMessageRender.js HTTP/1.1" 304 -
186.103.156.24 - - [14/Mar/2017:16:03:36 -0300] "GET /cormun/static/hmpwkw03.js?20161221852152 HTTP/1.1" 304 -
186.103.156.24 - - [14/Mar/2017:16:03:36 -0300] "GET /cormun/static/Resources/logo4.png HTTP/1.1" 304 -
186.103.156.24 - - [14/Mar/2017:16:03:36 -0300] "GET /cormun/static/Resources/PXToolsHeaderActionsLeft.png HTTP/1.1" 304 -
186.103.156.24 - - [14/Mar/2017:16:03:36 -0300] "GET /cormun/static/Resources/PXToolsHeaderLogin.png HTTP/1.1" 304 -
186.103.156.24 - - [14/Mar/2017:16:03:36 -0300] "GET /cormun/static/Resources/PXToolsHeaderHome.png HTTP/1.1" 304 -
186.103.156.24 - - [14/Mar/2017:16:03:36 -0300] "GET /cormun/static/Resources/PXToolsHeaderPreferences.png HTTP/1.1" 304 -
186.103.156.24 - - [14/Mar/2017:16:03:36 -0300] "GET /cormun/static/Resources/PXToolsHeaderSecurity.png HTTP/1.1" 304 -
186.103.156.24 - - [14/Mar/2017:16:03:36 -0300] "GET /cormun/static/Resources/PXToolsHeaderActionsRight.png HTTP/1.1" 304 -
186.103.156.24 - - [14/Mar/2017:16:03:36 -0300] "GET /cormun/static/Resources/PXTools/calendar.png HTTP/1.1" 304 -
186.103.156.24 - - [14/Mar/2017:16:03:36 -0300] "GET /cormun/static/Resources/PXToolsFooterBackground2.png HTTP/1.1" 304 -
186.103.156.24 - - [14/Mar/2017:16:03:36 -0300] "GET /cormun/static/Resources/PXToolsHeaderBackground2.png HTTP/1.1" 304 -
186.103.156.24 - - [14/Mar/2017:16:03:36 -0300] "GET /cormun/static/Resources/PXToolsDataTitle.png HTTP/1.1" 304 -
186.103.156.24 - - [14/Mar/2017:16:03:36 -0300] "GET /cormun/static/Resources/PXToolsHeaderActionsBackground.png HTTP/1.1" 304 -
186.103.156.24 - - [14/Mar/2017:16:03:36 -0300] "GET /cormun/static/Resources/PXToolsButtonLeft21.png HTTP/1.1" 304 -
186.103.156.24 - - [14/Mar/2017:16:03:36 -0300] "GET /cormun/static/Resources/PXToolsButtonRight21.png HTTP/1.1" 304 -
186.103.156.24 - - [14/Mar/2017:16:03:36 -0300] "GET /cormun/static/Resources/PXToolsButtonBackground2.png HTTP/1.1" 304 -
186.103.156.24 - - [14/Mar/2017:16:03:36 -0300] "GET /cormun/static/about:blank HTTP/1.1" 404 1011
186.103.156.24 - - [14/Mar/2017:16:03:36 -0300] "GET /cormun/static/Resources/indicator.gif HTTP/1.1" 304 -
186.103.156.24 - - [14/Mar/2017:16:03:36 -0300] "GET /cormun/servlet/solicitudotadjuntos?INS,2017,5519,,1, HTTP/1.1" 200 6004
186.103.156.24 - - [14/Mar/2017:16:03:36 -0300] "GET /cormun/static/SmoothNavMenu/resources/images/down.gif HTTP/1.1" 304 -
186.103.156.24 - - [14/Mar/2017:16:03:36 -0300] "GET /cormun/static/SmoothNavMenu/resources/images/right.gif HTTP/1.1" 304 -
186.103.156.24 - - [14/Mar/2017:16:03:37 -0300] "GET /cormun/servlet/solicitudotadjuntos?40ee5c395dcf0520ed510898709c74f0cf2f1c7815ee804e63252dfd968d3d4b44789f34e008a6510fff2a36cdcd333c,gx-no-cache=1489521902237 HTTP/1.1" 200 30
186.103.156.24 - - [14/Mar/2017:16:03:37 -0300] "POST /cormun/servlet/solicitudotadjuntos?1f8f10818d554abfbacb51ed5610f2a3,INS,2017,5519,,1,,gx-no-cache=1489521902355 HTTP/1.1" 200 3800
186.103.156.24 - - [14/Mar/2017:16:03:41 -0300] "POST /cormun/servlet/solicitudotadjuntos?gx-no-cache=1489521906400 HTTP/1.1" 200 26
186.103.157.235 - - [14/Mar/2017:16:03:42 -0300] "GET /cormun/servlet/trpermisosgoce? HTTP/1.1" 200 8422
186.103.157.235 - - [14/Mar/2017:16:03:42 -0300] "GET /cormun/static/gxcfg.js?201612262011714 HTTP/1.1" 304 -
186.103.157.235 - - [14/Mar/2017:16:03:42 -0300] "GET /cormun/static/calendar.js?85251 HTTP/1.1" 304 -
186.103.157.235 - - [14/Mar/2017:16:03:42 -0300] "GET /cormun/static/calendar-es.js?85251 HTTP/1.1" 304 -
186.103.157.235 - - [14/Mar/2017:16:03:42 -0300] "GET /cormun/static/calendar-setup.js?85251 HTTP/1.1" 304 -
186.103.157.235 - - [14/Mar/2017:16:03:42 -0300] "GET /cormun/static/trpermisosgoce.js?201612262012096 HTTP/1.1" 304 -
186.103.157.235 - - [14/Mar/2017:16:03:43 -0300] "GET /cormun/servlet/trpermisosgoce? HTTP/1.1" 200 8420
200.73.230.173 - - [14/Mar/2017:16:03:45 -0300] "GET /cormun/servlet/solicitudot?b51d57014c93657db227d390edef99d91dd5b8e672396c7fd44c0f878137bea693723c41a67536b141c08500d161eb6e12611c4249aa17795f21c9102eb5ca687636217b71c05036060e5bfe5af38650f4bc993e62769d92b3532a34e83298a893117e6f4e49adf207dfe47f203759ef,gx-no-cache=1489518294921 HTTP/1.1" 200 29
200.73.230.173 - - [14/Mar/2017:16:03:45 -0300] "POST /cormun/servlet/solicitudot?gx-no-cache=1489518295106 HTTP/1.1" 200 643
186.103.157.235 - - [14/Mar/2017:16:03:47 -0300] "GET /cormun/servlet/trpermisosadjuntos?13720369,20170314162038,P, HTTP/1.1" 200 6268
186.103.157.235 - - [14/Mar/2017:16:03:48 -0300] "GET /cormun/static/gxcfg.js?2016122813135853 HTTP/1.1" 304 -
186.103.157.235 - - [14/Mar/2017:16:03:48 -0300] "GET /cormun/static/trpermisosadjuntos.js?20161228131414 HTTP/1.1" 304 -
186.103.157.235 - - [14/Mar/2017:16:03:48 -0300] "GET /cormun/servlet/trpermisosadjuntos?13720369,20170314162038,P, HTTP/1.1" 200 6269
200.73.230.173 - - [14/Mar/2017:16:03:49 -0300] "POST /cormun/servlet/solicitudot?gx-no-cache=1489518298391 HTTP/1.1" 200 1157
186.103.157.235 - - [14/Mar/2017:16:03:51 -0300] "GET /cormun/servlet/permisosadjuntos?INS,13720369,P,20170314162038,, HTTP/1.1" 200 5594
186.103.157.235 - - [14/Mar/2017:16:03:51 -0300] "GET /cormun/static/gxcfg.js?2016122813135788 HTTP/1.1" 304 -
186.103.157.235 - - [14/Mar/2017:16:03:51 -0300] "GET /cormun/static/permisosadjuntos.js?2016122813135797 HTTP/1.1" 304 -
186.103.157.235 - - [14/Mar/2017:16:03:51 -0300] "GET /cormun/static/about:blank HTTP/1.1" 404 1011
186.103.157.235 - - [14/Mar/2017:16:03:51 -0300] "GET /cormun/servlet/permisosadjuntos?INS,13720369,P,20170314162038,, HTTP/1.1" 200 5584
186.103.156.24 - - [14/Mar/2017:16:03:53 -0300] "POST /cormun/servlet/solicitudotadjuntos?gx-no-cache=1489521919575 HTTP/1.1" 200 26
186.103.156.24 - - [14/Mar/2017:16:03:57 -0300] "GET /cormun/servlet/solicitudotadjuntos?40ee5c395dcf0520ed510898709c74f0214bd48591caf1c646d7e20617ef2607,gx-no-cache=1489521924375 HTTP/1.1" 200 30
186.103.156.24 - - [14/Mar/2017:16:03:57 -0300] "GET /cormun/servlet/solicitudotadjuntos?40ee5c395dcf0520ed510898709c74f0214bd48591caf1c646d7e20617ef2607,gx-no-cache=1489521924434 HTTP/1.1" 200 30
186.103.157.235 - - [14/Mar/2017:16:04:20 -0300] "POST /cormun/servlet/permisosadjuntos?1133b9f369c3bed9e2132fbe8f1c8177,INS,13720369,P,20170314162038,, HTTP/1.1" 200 116
186.103.157.235 - - [14/Mar/2017:16:04:20 -0300] "GET /cormun/servlet/hpexe_return? HTTP/1.1" 200 1037
186.103.157.235 - - [14/Mar/2017:16:04:20 -0300] "GET /cormun/static/gxcfg.js?2016101716175148 HTTP/1.1" 304 -
186.103.157.235 - - [14/Mar/2017:16:04:21 -0300] "GET /cormun/static/hpexe_return.js?2016101716175153 HTTP/1.1" 304 -
186.103.157.235 - - [14/Mar/2017:16:04:21 -0300] "GET /cormun/servlet/trpermisosadjuntos?13720369,20170314162038,P, HTTP/1.1" 200 6724
186.103.157.235 - - [14/Mar/2017:16:04:22 -0300] "GET /cormun/servlet/trpermisosadjuntos?13720369,20170314162038,P, HTTP/1.1" 200 6719
186.103.157.235 - - [14/Mar/2017:16:04:27 -0300] "POST /cormun/servlet/trpermisosadjuntos?1133b9f369c3bed9e2132fbe8f1c8177,13720369,20170314162038,P,,gx-no-cache=1489518510754 HTTP/1.1" 200 90
186.103.157.235 - - [14/Mar/2017:16:04:27 -0300] "GET /cormun/servlet/hpexe_link HTTP/1.1" 200 986
186.103.157.235 - - [14/Mar/2017:16:04:27 -0300] "GET /cormun/servlet/trpermisosgoce HTTP/1.1" 200 8421
186.103.157.235 - - [14/Mar/2017:16:04:28 -0300] "GET /cormun/servlet/trpermisosgoce HTTP/1.1" 200 8420
200.73.230.173 - - [14/Mar/2017:16:04:35 -0300] "GET /cormun/static/menuarrow.gif HTTP/1.1" 404 1015
200.73.230.173 - - [14/Mar/2017:16:05:04 -0300] "GET /cormun/servlet/solicitudot?b51d57014c93657db227d390edef99d98a3e3d886e0436e9991588dd129798b90c322776836f8a2d1f299d056468b032e7b4a47cf4d69fdaee545583cc7dd7c29f6c70f1013fdc3418889616e36471c536f61d25fac3071ee487aae441c5dd4c9a762d149b3170cd3a5e54230db90029eea2f5f656f61dc4e4f2d20668cda97c8238701bef3e0bed0c7df6bf90e7a4f32b4d8baa32e9d7ee13bca27581ec903faeaabe3ec62c6feaf1fbfbd162444524,gx-no-cache=1489518372300 HTTP/1.1" 200 30
186.103.156.24 - - [14/Mar/2017:16:05:06 -0300] "POST /cormun/servlet/solicitudotadjuntos?1f8f10818d554abfbacb51ed5610f2a3,INS,2017,5519,,1, HTTP/1.1" 200 116
186.103.156.24 - - [14/Mar/2017:16:05:07 -0300] "GET /cormun/servlet/hpexe_return? HTTP/1.1" 200 1022
186.103.156.24 - - [14/Mar/2017:16:05:08 -0300] "GET /cormun/servlet/trsolicitudadjuntos?2017,5519, HTTP/1.1" 200 8235
186.103.156.24 - - [14/Mar/2017:16:05:10 -0300] "GET /cormun/servlet/trsolicitudadjuntos?2017,5519, HTTP/1.1" 200 8231
186.103.157.235 - - [14/Mar/2017:16:05:16 -0300] "GET /cormun/servlet/trpermisosgoce HTTP/1.1" 200 8420
186.103.156.24 - - [14/Mar/2017:16:05:41 -0300] "GET /cormun/servlet/solicitudotadjuntos?INS,2017,5519,,1, HTTP/1.1" 200 6010
186.103.156.24 - - [14/Mar/2017:16:05:41 -0300] "GET /cormun/static/about:blank HTTP/1.1" 404 1011
186.103.156.24 - - [14/Mar/2017:16:05:42 -0300] "GET /cormun/servlet/solicitudotadjuntos?INS,2017,5519,,1, HTTP/1.1" 200 6004
186.103.156.24 - - [14/Mar/2017:16:05:43 -0300] "GET /cormun/servlet/solicitudotadjuntos?40ee5c395dcf0520ed510898709c74f0cf2f1c7815ee804e63252dfd968d3d4b44789f34e008a6510fff2a36cdcd333c,gx-no-cache=1489522033064 HTTP/1.1" 200 30
186.103.156.24 - - [14/Mar/2017:16:05:43 -0300] "POST /cormun/servlet/solicitudotadjuntos?1f8f10818d554abfbacb51ed5610f2a3,INS,2017,5519,,1,,gx-no-cache=1489522033154 HTTP/1.1" 200 3823
186.103.156.24 - - [14/Mar/2017:16:05:54 -0300] "POST /cormun/servlet/solicitudotadjuntos?gx-no-cache=1489522045523 HTTP/1.1" 200 26
186.67.172.234 - - [14/Mar/2017:16:05:58 -0300] "GET /cormun/servlet/hlogin HTTP/1.1" 200 1729
186.67.172.234 - - [14/Mar/2017:16:06:09 -0300] "POST /cormun/servlet/hlogin?ee0b3871505f9bf3cdeb2678b3a8db97,gx-no-cache=1489522036468 HTTP/1.1" 200 90
186.67.172.234 - - [14/Mar/2017:16:06:09 -0300] "GET /cormun/servlet/hpexe_link HTTP/1.1" 200 957
186.67.172.234 - - [14/Mar/2017:16:06:09 -0300] "GET /cormun/servlet/hhome HTTP/1.1" 200 4028
186.67.172.234 - - [14/Mar/2017:16:06:10 -0300] "GET /cormun/servlet/hhome HTTP/1.1" 200 4025
186.103.156.24 - - [14/Mar/2017:16:06:11 -0300] "GET /cormun/servlet/solicitudotadjuntos?40ee5c395dcf0520ed510898709c74f0214bd48591caf1c646d7e20617ef2607,gx-no-cache=1489522064950 HTTP/1.1" 200 30
186.103.156.24 - - [14/Mar/2017:16:06:11 -0300] "GET /cormun/servlet/solicitudotadjuntos?40ee5c395dcf0520ed510898709c74f0214bd48591caf1c646d7e20617ef2607,gx-no-cache=1489522064988 HTTP/1.1" 200 30
186.103.157.235 - - [14/Mar/2017:16:06:13 -0300] "GET /cormun/servlet/trpermisosgoce HTTP/1.1" 200 8420
186.67.172.234 - - [14/Mar/2017:16:06:18 -0300] "GET /cormun/servlet/trpermisosgoce? HTTP/1.1" 200 7925
186.67.172.234 - - [14/Mar/2017:16:06:19 -0300] "GET /cormun/servlet/trpermisosgoce? HTTP/1.1" 200 7923
200.73.230.173 - - [14/Mar/2017:16:06:38 -0300] "GET /cormun/servlet/solicitudot?b51d57014c93657db227d390edef99d9861758b80f8ab31f58dd1bd90bd9de94bdf6536d1042dcea16dec1210db8348294220fbbf77eff50cdd2c65075248178a2ab50ea633202a0947d1452435f63d62ea822bb7f91ddb667dffe12d9902bfce8e9c5843604b623c722b0bc787f2f41e36c0d56c7f27197b405c44da0e17f851f911c17ac84e9b9c842c4e3b8f4401d824bf170ba06581044ae64e754ced842a72fa58b234090706bd54345edee23c688f1f7e4d93290f9755ba8dec48fa0805ccdff7fdd5e94fea6a570cc466f93fa9a4f9b91d307abce8a6624081deee5fd663f5d2d1c3a5eda078e50793b5dc8d65c044f720eb56f697b709270020a0c195751f80187a24ad895b345fca0235f80d3cd99a2d1c2896f2f3f9ccc86509674021276f9c39f0485ab84754a9e4ef68e5f8b3cb54e723b4c4c2553e9154e84ccb144d7e5ada0aee41d84a026037c81751b81af7ba32932ad98ff4dcae2b9e458812e5bba7ac2e9927a5993a135438726ed1de7cf48d2f80c81199d0c88dbaa2505defda87d6ffecbdcdfe645f2e1080f,gx-no-cache=1489518467448 HTTP/1.1" 200 30
200.73.230.173 - - [14/Mar/2017:16:06:38 -0300] "POST /cormun/servlet/solicitudot?gx-no-cache=1489518467642 HTTP/1.1" 200 30
200.73.230.173 - - [14/Mar/2017:16:06:38 -0300] "POST /cormun/servlet/solicitudot?gx-no-cache=1489518467769 HTTP/1.1" 200 1286
200.73.230.173 - - [14/Mar/2017:16:06:38 -0300] "POST /cormun/servlet/solicitudot?gx-no-cache=1489518468148 HTTP/1.1" 200 41
200.73.230.173 - - [14/Mar/2017:16:06:38 -0300] "POST /cormun/servlet/solicitudot?gx-no-cache=1489518468246 HTTP/1.1" 200 1273
200.73.230.173 - - [14/Mar/2017:16:06:39 -0300] "POST /cormun/servlet/solicitudot?gx-no-cache=1489518468432 HTTP/1.1" 200 1156
200.73.230.173 - - [14/Mar/2017:16:06:39 -0300] "GET /cormun/servlet/solicitudot?b51d57014c93657db227d390edef99d98a3e3d886e0436e9991588dd129798b90c322776836f8a2d1f299d056468b032e7b4a47cf4d69fdaee545583cc7dd7c29f6c70f1013fdc3418889616e36471c536f61d25fac3071ee487aae441c5dd4c9a762d149b3170cd3a5e54230db90029eea2f5f656f61dc4e4f2d20668cda97c8238701bef3e0bed0c7df6bf90e7a4f32b4d8baa32e9d7ee13bca27581ec903faeaabe3ec62c6feaf1fbfbd162444524,gx-no-cache=1489518468532 HTTP/1.1" 200 30
200.73.230.173 - - [14/Mar/2017:16:06:42 -0300] "POST /cormun/servlet/solicitudot?7e213af552c3197ac1c54c536fd0e30e,INS,0,0,,gx-no-cache=1489518471894 HTTP/1.1" 200 11049
200.73.230.173 - - [14/Mar/2017:16:06:42 -0300] "GET /cormun/static/Shared/jqueryui/images/ui-bg_highlight-soft_100_c6c2c8_1x100.png HTTP/1.1" 404 1117
200.73.230.173 - - [14/Mar/2017:16:06:42 -0300] "GET /cormun/static/Shared/jqueryui/images/ui-icons_82798d_256x240.png HTTP/1.1" 404 1089
200.73.230.173 - - [14/Mar/2017:16:06:42 -0300] "GET /cormun/static/Shared/jqueryui/images/ui-bg_flat_55_994d53_40x100.png HTTP/1.1" 404 1097
200.73.230.173 - - [14/Mar/2017:16:06:42 -0300] "GET /cormun/static/Shared/jqueryui/images/ui-icons_ebccce_256x240.png HTTP/1.1" 404 1089
200.73.230.173 - - [14/Mar/2017:16:07:03 -0300] "GET /cormun/servlet/solicitudot?b51d57014c93657db227d390edef99d9861758b80f8ab31f58dd1bd90bd9de94bdf6536d1042dcea16dec1210db8348294220fbbf77eff50cdd2c65075248178a2ab50ea633202a0947d1452435f63d62ea822bb7f91ddb667dffe12d9902bfce8e9c5843604b623c722b0bc787f2f41e36c0d56c7f27197b405c44da0e17f851f911c17ac84e9b9c842c4e3b8f4401d824bf170ba06581044ae64e754ced842a72fa58b234090706bd54345edee23c688f1f7e4d93290f9755ba8dec48fa0805ccdff7fdd5e94fea6a570cc466f93fa9a4f9b91d307abce8a6624081deee5fd663f5d2d1c3a5eda078e50793b5dc8d65c044f720eb56f697b709270020a0c195751f80187a24ad895b345fca0235f80d3cd99a2d1c2896f2f3f9ccc86509674021276f9c39f0485ab84754a9e4ef68e5f8b3cb54e723b4c4c2553e9154e84ccb144d7e5ada0aee41d84a026037c81751b81af7ba32932ad98ff4dcae2b9e458812e5bba7ac2e9927a5993a135438726ed1de7cf48d2f80c81199d0c88dbaa2505defda87d6ffecbdcdfe645f2e1080f,gx-no-cache=1489518493064 HTTP/1.1" 200 30
200.73.230.173 - - [14/Mar/2017:16:07:03 -0300] "POST /cormun/servlet/solicitudot?gx-no-cache=1489518493219 HTTP/1.1" 200 30
200.73.230.173 - - [14/Mar/2017:16:07:04 -0300] "POST /cormun/servlet/solicitudot?gx-no-cache=1489518493390 HTTP/1.1" 200 1286
200.73.230.173 - - [14/Mar/2017:16:07:04 -0300] "POST /cormun/servlet/solicitudot?gx-no-cache=1489518493510 HTTP/1.1" 200 41
200.73.230.173 - - [14/Mar/2017:16:07:04 -0300] "POST /cormun/servlet/solicitudot?gx-no-cache=1489518493608 HTTP/1.1" 200 1273
200.73.230.173 - - [14/Mar/2017:16:07:04 -0300] "POST /cormun/servlet/solicitudot?gx-no-cache=1489518493778 HTTP/1.1" 200 1156
200.73.230.173 - - [14/Mar/2017:16:07:04 -0300] "GET /cormun/servlet/solicitudot?b51d57014c93657db227d390edef99d98a3e3d886e0436e9991588dd129798b90c322776836f8a2d1f299d056468b032e7b4a47cf4d69fdaee545583cc7dd7c29f6c70f1013fdc3418889616e36471c536f61d25fac3071ee487aae441c5dd4c9a762d149b3170cd3a5e54230db90029eea2f5f656f61dc4e4f2d20668cda97c8238701bef3e0bed0c7df6bf90e7a4f32b4d8baa32e9d7ee13bca27581ec903faeaabe3ec62c6feaf1fbfbd162444524,gx-no-cache=1489518493875 HTTP/1.1" 200 30
200.73.230.173 - - [14/Mar/2017:16:07:04 -0300] "POST /cormun/servlet/solicitudot?7e213af552c3197ac1c54c536fd0e30e,INS,0,0,,gx-no-cache=1489518493943 HTTP/1.1" 200 93
200.73.230.173 - - [14/Mar/2017:16:07:05 -0300] "GET /cormun/servlet/hpexe_return? HTTP/1.1" 200 1007
200.73.230.173 - - [14/Mar/2017:16:07:05 -0300] "GET /cormun/static/gxcfg.js?2016101716175148 HTTP/1.1" 200 953
200.73.230.173 - - [14/Mar/2017:16:07:05 -0300] "GET /cormun/static/hpexe_return.js?2016101716175153 HTTP/1.1" 200 1633
200.73.230.173 - - [14/Mar/2017:16:07:05 -0300] "GET /cormun/servlet/trsolicitudot HTTP/1.1" 200 8007
200.73.230.173 - - [14/Mar/2017:16:07:06 -0300] "GET /cormun//static/Resources/PXToolsActionView.png HTTP/1.1" 200 2995
200.73.230.173 - - [14/Mar/2017:16:07:06 -0300] "GET /cormun//static/Resources/PXToolsGridDelete.png HTTP/1.1" 200 357
200.73.230.173 - - [14/Mar/2017:16:07:06 -0300] "GET /cormun//static/Resources/PXToolsGridUpdate.png HTTP/1.1" 200 2984
200.73.230.173 - - [14/Mar/2017:16:07:06 -0300] "GET /cormun//static/Resources/PXToolsRemoveAllAction.png HTTP/1.1" 200 3558
200.73.230.173 - - [14/Mar/2017:16:07:06 -0300] "GET /cormun//static/Resources/PXTools/ActionInsert.png HTTP/1.1" 200 1482
200.73.230.173 - - [14/Mar/2017:16:07:06 -0300] "GET /cormun/servlet/trsolicitudot HTTP/1.1" 200 8003
200.73.230.173 - - [14/Mar/2017:16:07:10 -0300] "POST /cormun/servlet/trsolicitudot?7e213af552c3197ac1c54c536fd0e30e,gx-no-cache=1489518499883 HTTP/1.1" 200 106
200.73.230.173 - - [14/Mar/2017:16:07:10 -0300] "GET /cormun/servlet/trsolicitudadjuntos?2017,5522, HTTP/1.1" 200 5894
200.73.230.173 - - [14/Mar/2017:16:07:10 -0300] "GET /cormun/static/gxcfg.js?201612218531388 HTTP/1.1" 200 953
200.73.230.173 - - [14/Mar/2017:16:07:10 -0300] "GET /cormun/static/trsolicitudadjuntos.js?201612218531657 HTTP/1.1" 200 17913
200.73.230.173 - - [14/Mar/2017:16:07:11 -0300] "GET /cormun/servlet/trsolicitudadjuntos?2017,5522, HTTP/1.1" 200 5894
186.67.172.234 - - [14/Mar/2017:16:07:11 -0300] "GET /cormun/servlet/permisogoce?INS,0,,, HTTP/1.1" 200 6794
186.103.159.46 - - [14/Mar/2017:16:07:12 -0300] "POST /cormun/servlet/trpermisosgoce?33114de2f3333ded5d8eb38f61b6b696,,gx-no-cache=1489518499901 HTTP/1.1" 200 7087
186.67.172.234 - - [14/Mar/2017:16:07:13 -0300] "GET /cormun/servlet/permisogoce?INS,0,,, HTTP/1.1" 200 6794
200.73.230.173 - - [14/Mar/2017:16:07:13 -0300] "GET /cormun/servlet/solicitudotadjuntos?INS,2017,5522,,1, HTTP/1.1" 200 5827
200.73.230.173 - - [14/Mar/2017:16:07:13 -0300] "GET /cormun/static/gxcfg.js?201612218465951 HTTP/1.1" 200 953
200.73.230.173 - - [14/Mar/2017:16:07:13 -0300] "GET /cormun/static/about:blank HTTP/1.1" 404 1011
200.73.230.173 - - [14/Mar/2017:16:07:14 -0300] "GET /cormun/static/solicitudotadjuntos.js?201612218465969 HTTP/1.1" 200 11762
200.73.230.173 - - [14/Mar/2017:16:07:14 -0300] "GET /cormun/servlet/solicitudotadjuntos?INS,2017,5522,,1, HTTP/1.1" 200 5821
200.73.230.173 - - [14/Mar/2017:16:07:15 -0300] "GET /cormun/servlet/solicitudotadjuntos?b51d57014c93657db227d390edef99d9e4284492e065f848aad31b544de36832f011e94141c37d1cf8eff2f41272526b,gx-no-cache=1489518504530 HTTP/1.1" 200 30
200.73.230.173 - - [14/Mar/2017:16:07:15 -0300] "POST /cormun/servlet/solicitudotadjuntos?7e213af552c3197ac1c54c536fd0e30e,INS,2017,5522,,1,,gx-no-cache=1489518504638 HTTP/1.1" 200 3641
186.103.159.46 - - [14/Mar/2017:16:07:36 -0300] "POST /cormun/servlet/trpermisosgoce?33114de2f3333ded5d8eb38f61b6b696,,gx-no-cache=1489518524294 HTTP/1.1" 200 7073
186.103.156.24 - - [14/Mar/2017:16:07:46 -0300] "POST /cormun/servlet/solicitudotadjuntos?1f8f10818d554abfbacb51ed5610f2a3,INS,2017,5519,,1, HTTP/1.1" 200 116
186.103.156.24 - - [14/Mar/2017:16:07:46 -0300] "GET /cormun/servlet/hpexe_return? HTTP/1.1" 200 1022
200.73.230.173 - - [14/Mar/2017:16:07:49 -0300] "POST /cormun/servlet/solicitudotadjuntos?gx-no-cache=1489518538265 HTTP/1.1" 200 26
186.103.156.24 - - [14/Mar/2017:16:07:49 -0300] "GET /cormun/servlet/trsolicitudadjuntos?2017,5519, HTTP/1.1" 200 8409
186.103.156.24 - - [14/Mar/2017:16:07:54 -0300] "GET /cormun/servlet/trsolicitudadjuntos?2017,5519, HTTP/1.1" 200 8408
186.103.159.182 - - [14/Mar/2017:16:07:58 -0300] "GET /cormun/static/menuarrow.gif HTTP/1.1" 404 1015
186.103.156.24 - - [14/Mar/2017:16:08:00 -0300] "GET /cormun/servlet/solicitudotadjuntos?INS,2017,5519,,1, HTTP/1.1" 200 6010
186.103.156.24 - - [14/Mar/2017:16:08:01 -0300] "GET /cormun/static/about:blank HTTP/1.1" 404 1011
186.103.156.24 - - [14/Mar/2017:16:08:01 -0300] "GET /cormun/servlet/solicitudotadjuntos?INS,2017,5519,,1, HTTP/1.1" 200 6004
200.73.230.173 - - [14/Mar/2017:16:08:01 -0300] "GET /cormun/servlet/solicitudotadjuntos?b51d57014c93657db227d390edef99d9bc23aad86642d09bc23f57d4b48dd18a,gx-no-cache=1489518551063 HTTP/1.1" 200 30
200.73.230.173 - - [14/Mar/2017:16:08:01 -0300] "GET /cormun/servlet/solicitudotadjuntos?b51d57014c93657db227d390edef99d9bc23aad86642d09bc23f57d4b48dd18a,gx-no-cache=1489518551107 HTTP/1.1" 200 30
186.103.156.24 - - [14/Mar/2017:16:08:01 -0300] "GET /cormun/servlet/solicitudotadjuntos?40ee5c395dcf0520ed510898709c74f0cf2f1c7815ee804e63252dfd968d3d4b44789f34e008a6510fff2a36cdcd333c,gx-no-cache=1489522175590 HTTP/1.1" 200 30
186.103.156.24 - - [14/Mar/2017:16:08:02 -0300] "POST /cormun/servlet/solicitudotadjuntos?1f8f10818d554abfbacb51ed5610f2a3,INS,2017,5519,,1,,gx-no-cache=1489522175763 HTTP/1.1" 200 3824
200.73.230.173 - - [14/Mar/2017:16:08:02 -0300] "POST /cormun/servlet/solicitudotadjuntos?7e213af552c3197ac1c54c536fd0e30e,INS,2017,5522,,1, HTTP/1.1" 200 116
200.73.230.173 - - [14/Mar/2017:16:08:04 -0300] "GET /cormun/servlet/hpexe_return? HTTP/1.1" 200 1027
186.67.172.234 - - [14/Mar/2017:16:08:04 -0300] "GET /cormun/servlet/trpermisosgoce? HTTP/1.1" 200 7925
200.73.230.173 - - [14/Mar/2017:16:08:05 -0300] "GET /cormun/servlet/trsolicitudadjuntos?2017,5522, HTTP/1.1" 200 8000
186.67.172.234 - - [14/Mar/2017:16:08:05 -0300] "GET /cormun/servlet/trpermisosgoce? HTTP/1.1" 200 7923
200.73.230.173 - - [14/Mar/2017:16:08:05 -0300] "GET /cormun/servlet/trsolicitudadjuntos?2017,5522, HTTP/1.1" 200 7996
200.73.230.173 - - [14/Mar/2017:16:08:08 -0300] "GET /cormun/servlet/solicitudotadjuntos?INS,2017,5522,,1, HTTP/1.1" 200 5826
200.73.230.173 - - [14/Mar/2017:16:08:09 -0300] "GET /cormun/static/about:blank HTTP/1.1" 404 1011
200.73.230.173 - - [14/Mar/2017:16:08:09 -0300] "GET /cormun/servlet/solicitudotadjuntos?INS,2017,5522,,1, HTTP/1.1" 200 5820
200.73.230.173 - - [14/Mar/2017:16:08:10 -0300] "GET /cormun/servlet/solicitudotadjuntos?b51d57014c93657db227d390edef99d9e4284492e065f848aad31b544de36832f011e94141c37d1cf8eff2f41272526b,gx-no-cache=1489518559474 HTTP/1.1" 200 30
200.73.230.173 - - [14/Mar/2017:16:08:10 -0300] "POST /cormun/servlet/solicitudotadjuntos?7e213af552c3197ac1c54c536fd0e30e,INS,2017,5522,,1,,gx-no-cache=1489518559601 HTTP/1.1" 200 3641
186.103.156.24 - - [14/Mar/2017:16:08:11 -0300] "POST /cormun/servlet/solicitudotadjuntos?gx-no-cache=1489522185849 HTTP/1.1" 200 26
186.103.156.24 - - [14/Mar/2017:16:08:20 -0300] "GET /cormun/servlet/solicitudotadjuntos?40ee5c395dcf0520ed510898709c74f0214bd48591caf1c646d7e20617ef2607,gx-no-cache=1489522196304 HTTP/1.1" 200 30
186.103.156.24 - - [14/Mar/2017:16:08:20 -0300] "GET /cormun/servlet/solicitudotadjuntos?40ee5c395dcf0520ed510898709c74f0214bd48591caf1c646d7e20617ef2607,gx-no-cache=1489522196409 HTTP/1.1" 200 30
200.73.230.173 - - [14/Mar/2017:16:08:21 -0300] "POST /cormun/servlet/solicitudotadjuntos?gx-no-cache=1489518570744 HTTP/1.1" 200 26
186.67.172.234 - - [14/Mar/2017:16:08:34 -0300] "GET /cormun/servlet/permisogoce?INS,0,,, HTTP/1.1" 200 6794
186.67.172.234 - - [14/Mar/2017:16:08:34 -0300] "GET /cormun/servlet/permisogoce?INS,0,,, HTTP/1.1" 200 6794
192.168.10.62 - - [14/Mar/2017:16:08:35 -0300] "GET /cormun/servlet/trsolicitudgral? HTTP/1.1" 200 24203
192.168.10.62 - - [14/Mar/2017:16:08:37 -0300] "GET /cormun/servlet/trsolicitudgral? HTTP/1.1" 200 24201
200.73.230.173 - - [14/Mar/2017:16:08:42 -0300] "GET /cormun/servlet/solicitudotadjuntos?b51d57014c93657db227d390edef99d9bc23aad86642d09bc23f57d4b48dd18a,gx-no-cache=1489518591289 HTTP/1.1" 200 30
