192.168.10.96 - - [14/Mar/2017:09:27:09 -0300] "POST /cormun/servlet/trsolicitudgral?a90e5a810b5e993300fc012e1164963a,,gx-no-cache=1489497711842 HTTP/1.1" 200 7095
192.168.10.96 - - [14/Mar/2017:09:27:23 -0300] "POST /cormun/servlet/trsolicitudgral?a90e5a810b5e993300fc012e1164963a,,gx-no-cache=1489497725764 HTTP/1.1" 200 7084
192.168.10.96 - - [14/Mar/2017:09:27:32 -0300] "POST /cormun/servlet/trsolicitudgral?a90e5a810b5e993300fc012e1164963a,,gx-no-cache=1489497734297 HTTP/1.1" 200 13758
186.103.132.155 - - [14/Mar/2017:09:27:33 -0300] "GET /cormun/static/menuarrow.gif HTTP/1.1" 404 1015
192.168.10.96 - - [14/Mar/2017:09:27:39 -0300] "POST /cormun/servlet/trsolicitudgral?a90e5a810b5e993300fc012e1164963a,,gx-no-cache=1489497742090 HTTP/1.1" 200 5428
186.103.158.250 - - [14/Mar/2017:09:27:42 -0300] "POST /cormun/servlet/trsolicitudot?7de52a09f773af46d0ae96f6fbeb2896,,gx-no-cache=1489494530429 HTTP/1.1" 200 106
186.103.158.250 - - [14/Mar/2017:09:27:42 -0300] "GET /cormun/servlet/trsolicitudadjuntos?2017,4703, HTTP/1.1" 200 9261
192.168.10.96 - - [14/Mar/2017:09:27:43 -0300] "POST /cormun/servlet/trsolicitudgral?a90e5a810b5e993300fc012e1164963a,,gx-no-cache=1489497745376 HTTP/1.1" 200 8771
186.103.158.250 - - [14/Mar/2017:09:27:44 -0300] "GET /cormun/servlet/trsolicitudadjuntos?2017,4703, HTTP/1.1" 200 9263
186.103.158.250 - - [14/Mar/2017:09:27:51 -0300] "GET /cormun/servlet/trsolicitudot? HTTP/1.1" 200 10320
186.103.158.250 - - [14/Mar/2017:09:27:53 -0300] "GET /cormun/servlet/trsolicitudot? HTTP/1.1" 200 10319
186.103.158.250 - - [14/Mar/2017:09:28:06 -0300] "POST /cormun/servlet/trsolicitudot?7de52a09f773af46d0ae96f6fbeb2896,,gx-no-cache=1489494555003 HTTP/1.1" 200 106
186.103.158.250 - - [14/Mar/2017:09:28:06 -0300] "GET /cormun/servlet/solicitudot?UPD,2017,4703, HTTP/1.1" 200 14384
186.103.158.250 - - [14/Mar/2017:09:28:08 -0300] "GET /cormun/servlet/solicitudot?UPD,2017,4703, HTTP/1.1" 200 14393
186.103.158.250 - - [14/Mar/2017:09:28:08 -0300] "POST /cormun/servlet/solicitudot?gx-no-cache=1489494557184 HTTP/1.1" 200 3164
186.103.158.250 - - [14/Mar/2017:09:28:09 -0300] "POST /cormun/servlet/solicitudot?7de52a09f773af46d0ae96f6fbeb2896,UPD,2017,4703,,gx-no-cache=1489494557438 HTTP/1.1" 200 11055
186.103.158.250 - - [14/Mar/2017:09:28:09 -0300] "GET /cormun/servlet/solicitudot?85c6f64bf6d7591691adb87610f8592cee141bbca09791e86a872341dce449932122e7fb151f0209fdb7c343aea95527,gx-no-cache=1489494557768 HTTP/1.1" 200 30
186.103.158.250 - - [14/Mar/2017:09:28:09 -0300] "POST /cormun/servlet/solicitudot?gx-no-cache=1489494557838 HTTP/1.1" 200 254
186.103.158.250 - - [14/Mar/2017:09:28:09 -0300] "GET /cormun/servlet/solicitudot?85c6f64bf6d7591691adb87610f8592c9cbd1376f82cc67e53ab29198c4b4a845a24e6ac44f3940a6ca69a2379b256c043226a385faea83b4b6cab520e18c919e256418c9450d33a9f65bd991cc7d30e3724a47e6b7ee92b3babc85841e1fce09a6909110f1050781daa68aa299c49f6ae681451b05227ee4010fd28618c4ebfdc6785f499a31511aa5896f20e2267fcaf5a3c1eb981a68ccbd33ed2786df0dd643f00084215605b54e819f2d625f9362acc0acda65b8af37775bc25ca4502a4bfb45baa76f40caab3fe9560f5f4ffee3a330c83972b3bd0336a146d00a85a193d8877244ac4c2415fb8798fcd2f5153a8844161321888cf39ea7b4c6289ef2790f99fca254ae6a2a40ee5710777b819599feca8d8cba871693fa27879157ba812cfd30b7c207178710a5f487cc860e3bb5c82ac3a77c87599b0409b4bd1bd30783227484ca538375fba8aa9351b456d1833248d271f72accb85ec5f2d7371e8a6593b47cd02d62e87e5689ad3553b7b3122647a164c80950db752cf9624cbb5,gx-no-cache=1489494557906 HTTP/1.1" 200 30
186.103.158.250 - - [14/Mar/2017:09:28:09 -0300] "POST /cormun/servlet/solicitudot?gx-no-cache=1489494558264 HTTP/1.1" 200 30
186.103.158.250 - - [14/Mar/2017:09:28:09 -0300] "POST /cormun/servlet/solicitudot?gx-no-cache=1489494558338 HTTP/1.1" 200 1287
186.103.158.250 - - [14/Mar/2017:09:28:10 -0300] "POST /cormun/servlet/solicitudot?gx-no-cache=1489494558480 HTTP/1.1" 200 41
186.103.132.155 - - [14/Mar/2017:09:28:20 -0300] "GET /cormun/servlet/hlogin HTTP/1.1" 200 1716
186.103.132.155 - - [14/Mar/2017:09:28:21 -0300] "GET /cormun/servlet/hlogin HTTP/1.1" 200 1716
186.103.132.155 - - [14/Mar/2017:09:28:24 -0300] "POST /cormun/servlet/hlogin?65682074704fdf6ce77f4a2d14ee3393,gx-no-cache=1489494570946 HTTP/1.1" 200 90
186.103.132.155 - - [14/Mar/2017:09:28:24 -0300] "GET /cormun/servlet/hpexe_link HTTP/1.1" 200 948
186.103.132.155 - - [14/Mar/2017:09:28:25 -0300] "GET /cormun/servlet/hhome HTTP/1.1" 200 3968
186.103.132.155 - - [14/Mar/2017:09:28:26 -0300] "GET /cormun/servlet/hhome HTTP/1.1" 200 3965
186.103.132.155 - - [14/Mar/2017:09:28:30 -0300] "GET /cormun/servlet/trautorizarsolicitud? HTTP/1.1" 200 8144
186.103.132.155 - - [14/Mar/2017:09:28:31 -0300] "GET /cormun/servlet/trautorizarsolicitud? HTTP/1.1" 200 8141
186.103.132.155 - - [14/Mar/2017:09:28:35 -0300] "POST /cormun/servlet/trautorizarsolicitud?65682074704fdf6ce77f4a2d14ee3393,,gx-no-cache=1489494582125 HTTP/1.1" 200 4299
186.103.132.155 - - [14/Mar/2017:09:28:36 -0300] "GET /cormun/static/Shared/jqueryui/images/ui-bg_highlight-soft_100_c6c2c8_1x100.png HTTP/1.1" 404 1117
186.103.132.155 - - [14/Mar/2017:09:28:36 -0300] "GET /cormun/static/Shared/jqueryui/images/ui-icons_82798d_256x240.png HTTP/1.1" 404 1089
186.103.132.155 - - [14/Mar/2017:09:28:36 -0300] "GET /cormun/static/Shared/jqueryui/images/ui-bg_flat_55_fafafa_40x100.png HTTP/1.1" 404 1097
186.103.132.155 - - [14/Mar/2017:09:28:36 -0300] "GET /cormun/static/Shared/jqueryui/images/ui-icons_8d78a5_256x240.png HTTP/1.1" 404 1089
186.103.132.155 - - [14/Mar/2017:09:28:36 -0300] "POST /cormun/servlet/trautorizarsolicitud?65682074704fdf6ce77f4a2d14ee3393,,gx-no-cache=1489494582738 HTTP/1.1" 200 4084
186.103.158.250 - - [14/Mar/2017:09:29:00 -0300] "POST /cormun/servlet/solicitudot?gx-no-cache=1489494608984 HTTP/1.1" 200 30
186.103.158.250 - - [14/Mar/2017:09:29:00 -0300] "POST /cormun/servlet/solicitudot?gx-no-cache=1489494609117 HTTP/1.1" 200 1287
186.103.158.250 - - [14/Mar/2017:09:29:00 -0300] "POST /cormun/servlet/solicitudot?gx-no-cache=1489494609322 HTTP/1.1" 200 41
186.103.158.250 - - [14/Mar/2017:09:29:00 -0300] "GET /cormun/servlet/solicitudot?85c6f64bf6d7591691adb87610f8592c50b80f611fa78fee348deb9811a0f3b14c9f81c500776c5c58c71769a8bb3dee9b56f3e9834be72f6e90883753197dabe6e7507164b7eee8f4c107153ab3d35d71bf29737884add4d7c50a5e3f85cee055353e01aa474bdd797dd9efc38bdddc91e7a0b1bbb1ec89ef1f0be3e538ada0e21db45f7d9fe80f5d0e9e3cd73b65d8ffb52b995c06f0fcb1a2b374937e803b,gx-no-cache=1489494609408 HTTP/1.1" 200 29
186.103.158.250 - - [14/Mar/2017:09:29:00 -0300] "POST /cormun/servlet/solicitudot?gx-no-cache=1489494609443 HTTP/1.1" 200 1274
186.103.158.250 - - [14/Mar/2017:09:29:01 -0300] "POST /cormun/servlet/solicitudot?gx-no-cache=1489494609498 HTTP/1.1" 200 1157
186.103.158.250 - - [14/Mar/2017:09:29:01 -0300] "GET /cormun/static/menuarrow.gif HTTP/1.1" 404 1015
186.103.158.250 - - [14/Mar/2017:09:29:04 -0300] "GET /cormun/servlet/trsolicitudot? HTTP/1.1" 200 10320
186.103.158.250 - - [14/Mar/2017:09:29:06 -0300] "GET /cormun/servlet/trsolicitudot? HTTP/1.1" 200 10319
192.168.10.96 - - [14/Mar/2017:09:29:11 -0300] "POST /cormun/servlet/trsolicitudgral?a90e5a810b5e993300fc012e1164963a,,gx-no-cache=1489497833976 HTTP/1.1" 200 7096
186.103.132.155 - - [14/Mar/2017:09:29:13 -0300] "GET /cormun/servlet/licenciaspermisos?1448912b08b60d1b5eaf1f1ab80378ce6a6b2c1dd450011af0bf610ac7e31bacafdefc329d12601b096d48aa002b9a4aac01ac3280a97df665c391e9cce928ba80a1a4a2de2d833246d8a12da8ec5c416b32a5265109a6499c9eb0b9b9f9ed42701f9526f3b9d64f126b3b0b9789da4f31cea9a000d9087937cab83872a21ae9a48de55fb372a6c3d53ce29d6a327ac632383f90139e973ed997041a069ad57056900458bf444b69cb6c5d22bf763a487e11c8aa2ad1f7d3146ef3e9921c15004378229c41c7e360f7eaa6d4f674ccbc6a355a97c5b2d86e86ce3ae68076423b,gx-no-cache=1489494624232 HTTP/1.1" 200 30
186.103.132.155 - - [14/Mar/2017:09:29:14 -0300] "POST /cormun/servlet/licenciaspermisos?bac092819d0132388e45b9ee7503acdf,INS,0,,,,gx-no-cache=1489494624456 HTTP/1.1" 200 4495
192.168.10.96 - - [14/Mar/2017:09:29:18 -0300] "POST /cormun/servlet/trsolicitudgral?a90e5a810b5e993300fc012e1164963a,,gx-no-cache=1489497841199 HTTP/1.1" 200 7095
186.103.158.250 - - [14/Mar/2017:09:29:19 -0300] "POST /cormun/servlet/trsolicitudot?7de52a09f773af46d0ae96f6fbeb2896,,gx-no-cache=1489494627830 HTTP/1.1" 200 7272
186.103.158.250 - - [14/Mar/2017:09:29:19 -0300] "GET /cormun/static/Shared/jqueryui/images/ui-bg_highlight-soft_100_c6c2c8_1x100.png HTTP/1.1" 404 1117
186.103.158.250 - - [14/Mar/2017:09:29:19 -0300] "GET /cormun/static/Shared/jqueryui/images/ui-icons_82798d_256x240.png HTTP/1.1" 404 1089
186.103.158.250 - - [14/Mar/2017:09:29:19 -0300] "GET /cormun/static/Shared/jqueryui/images/ui-bg_flat_55_fafafa_40x100.png HTTP/1.1" 404 1097
186.103.158.250 - - [14/Mar/2017:09:29:19 -0300] "GET /cormun/static/Shared/jqueryui/images/ui-icons_8d78a5_256x240.png HTTP/1.1" 404 1089
186.103.158.250 - - [14/Mar/2017:09:29:20 -0300] "POST /cormun/servlet/trsolicitudot?7de52a09f773af46d0ae96f6fbeb2896,,gx-no-cache=1489494628601 HTTP/1.1" 200 7213
186.103.132.155 - - [14/Mar/2017:09:29:22 -0300] "GET /cormun/servlet/prfichaempleado?,MD,,gxPopupLevel%3D0%3B HTTP/1.1" 200 8865
131.253.25.147 - - [14/Mar/2017:09:29:32 -0300] "GET /cormun/servlet/hpexe_return HTTP/1.1" 200 2723
186.103.132.155 - - [14/Mar/2017:09:29:33 -0300] "POST /cormun/servlet/prfichaempleado?bac092819d0132388e45b9ee7503acdf,,MD,,gxPopupLevel%3D0%3B,gx-no-cache=1489494643417 HTTP/1.1" 200 3404
186.103.132.155 - - [14/Mar/2017:09:29:34 -0300] "GET /cormun/servlet/licenciaspermisos?1448912b08b60d1b5eaf1f1ab80378ce357e3e9b3d1bddcee5d159f02eba793fc09b2d184b071f458bdcd352b8ee8e516994cc0acdc9419babeebb370e862d407853e842ccd65cfc25a315cf467b0767,gx-no-cache=1489494645202 HTTP/1.1" 200 62
186.103.132.155 - - [14/Mar/2017:09:29:34 -0300] "POST /cormun/servlet/licenciaspermisos?bac092819d0132388e45b9ee7503acdf,INS,0,,,,gx-no-cache=1489494645301 HTTP/1.1" 200 4495
186.103.158.250 - - [14/Mar/2017:09:29:35 -0300] "POST /cormun/servlet/trsolicitudot?7de52a09f773af46d0ae96f6fbeb2896,,gx-no-cache=1489494644118 HTTP/1.1" 200 106
186.103.158.250 - - [14/Mar/2017:09:29:35 -0300] "GET /cormun/servlet/solicitudot?UPD,2017,3488, HTTP/1.1" 200 14435
131.253.27.12 - - [14/Mar/2017:09:29:36 -0300] "GET /cormun/static/Resources/indicator.gif HTTP/1.1" 200 1553
186.103.132.155 - - [14/Mar/2017:09:29:37 -0300] "GET /cormun/servlet/licenciaspermisos?1448912b08b60d1b5eaf1f1ab80378ced38d06b23ccf7bb8c70a57d0bdd26cac26f94e347905258e9a80a4407fc77265419be82c495fc5884511a5d73075123fb9001a851b4c8f467b00fa95d58b77110bfd17355a9e16d32077d1b986af19be0ff2e1de8e301a9d577ee5e4a381145e85a1f1077e487e8dcdaf91c5b8f11a27351ed076c575d009dd3c4af0e1702e6ec14f0f09b3b89c91ebdfe3eb3f6d487e77693b69fabe2017e478e9f6666039d2113f0e29b62d25e0184e4bc70fd7fbc84a994c78d48a8560404b138cbfa6e936353d5fa43556a3d6ba9475a13e6e040cc6b023dca12a598178a769e8c152e62e,gx-no-cache=1489494647582 HTTP/1.1" 200 57
186.103.132.155 - - [14/Mar/2017:09:29:37 -0300] "POST /cormun/servlet/licenciaspermisos?bac092819d0132388e45b9ee7503acdf,INS,0,,,,gx-no-cache=1489494647689 HTTP/1.1" 500 10
186.103.158.250 - - [14/Mar/2017:09:29:37 -0300] "GET /cormun/servlet/solicitudot?UPD,2017,3488, HTTP/1.1" 200 14444
186.103.158.250 - - [14/Mar/2017:09:29:38 -0300] "POST /cormun/servlet/solicitudot?gx-no-cache=1489494646741 HTTP/1.1" 200 3180
186.103.158.250 - - [14/Mar/2017:09:29:38 -0300] "POST /cormun/servlet/solicitudot?7de52a09f773af46d0ae96f6fbeb2896,UPD,2017,3488,,gx-no-cache=1489494647032 HTTP/1.1" 200 11067
186.103.158.250 - - [14/Mar/2017:09:29:38 -0300] "GET /cormun/servlet/solicitudot?85c6f64bf6d7591691adb87610f8592cdeb2b6d720832906ce927dc15e7eaaa72122e7fb151f0209fdb7c343aea95527,gx-no-cache=1489494647416 HTTP/1.1" 200 30
186.103.158.250 - - [14/Mar/2017:09:29:39 -0300] "POST /cormun/servlet/solicitudot?gx-no-cache=1489494647489 HTTP/1.1" 200 256
186.103.158.250 - - [14/Mar/2017:09:29:39 -0300] "GET /cormun/servlet/solicitudot?85c6f64bf6d7591691adb87610f8592c9cbd1376f82cc67e53ab29198c4b4a845a24e6ac44f3940a6ca69a2379b256c043226a385faea83b4b6cab520e18c919e256418c9450d33a9f65bd991cc7d30e3724a47e6b7ee92b3babc85841e1fce09a6909110f1050781daa68aa299c49f6ae681451b05227ee4010fd28618c4ebfdc6785f499a31511aa5896f20e2267fcaf5a3c1eb981a68ccbd33ed2786df0dd643f00084215605b54e819f2d625f9362acc0acda65b8af37775bc25ca4502a4bfb45baa76f40caab3fe9560f5f4ffee3a330c83972b3bd0336a146d00a85a193d8877244ac4c2415fb8798fcd2f5153a8844161321888cf39ea7b4c6289ef2790f99fca254ae6a2a40ee5710777b819599feca8d8cba871693fa27879157ba812cfd30b7c207178710a5f487cc860e3bb5c82ac3a77c87599b0409b4bd1bd30783227484ca538375fba8aa9351b456d1833248d271f72accb85ec5f2d7371e8a6593b47cd02d62e87e5689ad3553b7b3122647a164c80950db752cf9624cbb5,gx-no-cache=1489494647545 HTTP/1.1" 200 30
186.103.158.250 - - [14/Mar/2017:09:29:39 -0300] "POST /cormun/servlet/solicitudot?gx-no-cache=1489494647893 HTTP/1.1" 200 30
186.103.158.250 - - [14/Mar/2017:09:29:39 -0300] "POST /cormun/servlet/solicitudot?gx-no-cache=1489494647946 HTTP/1.1" 200 1287
186.103.158.250 - - [14/Mar/2017:09:29:39 -0300] "POST /cormun/servlet/solicitudot?gx-no-cache=1489494648036 HTTP/1.1" 200 41
131.253.27.116 - - [14/Mar/2017:09:29:41 -0300] "GET /cormun/servlet/hhome HTTP/1.1" 200 14641
131.253.25.147 - - [14/Mar/2017:09:29:42 -0300] "GET /cormun/static/Resources/Spanish/PXTools.css?18365030 HTTP/1.1" 200 89042
192.168.10.96 - - [14/Mar/2017:09:29:43 -0300] "GET /cormun/servlet/trconsultaempleado? HTTP/1.1" 200 6531
131.253.25.241 - - [14/Mar/2017:09:29:44 -0300] "GET /cormun/static/Shared/jqueryui/jquery-ui.min.css?1345370 HTTP/1.1" 200 30288
131.253.27.116 - - [14/Mar/2017:09:29:44 -0300] "GET /cormun/static/SmoothNavMenu/resources/ddsmoothmenu.css?1112540 HTTP/1.1" 200 2223
192.168.10.96 - - [14/Mar/2017:09:29:44 -0300] "GET /cormun/servlet/trconsultaempleado? HTTP/1.1" 200 6530
131.253.27.52 - - [14/Mar/2017:09:29:45 -0300] "GET /cormun/static/SmoothNavMenu/resources/ddsmoothmenu-v.css?1112540 HTTP/1.1" 200 1188
131.253.25.174 - - [14/Mar/2017:09:29:45 -0300] "GET /cormun/static/scaMessage/css/jquery.pnotify.default.css?1816380 HTTP/1.1" 200 1707
131.253.25.147 - - [14/Mar/2017:09:29:46 -0300] "GET /cormun/static/PXToolsJavascripts/pexe_autoreload.js HTTP/1.1" 200 1762
186.103.158.250 - - [14/Mar/2017:09:29:46 -0300] "GET /cormun/servlet/solicitudot?85c6f64bf6d7591691adb87610f8592ce9a6ee499db074ff81575f215004c0974c9f81c500776c5c58c71769a8bb3dee1d50e69ff77ed9c24e24110694f84577e6e7507164b7eee8f4c107153ab3d35d71bf29737884add4d7c50a5e3f85cee055353e01aa474bdd797dd9efc38bdddc91e7a0b1bbb1ec89ef1f0be3e538ada0e21db45f7d9fe80f5d0e9e3cd73b65d8ffb52b995c06f0fcb1a2b374937e803b,gx-no-cache=1489494654913 HTTP/1.1" 200 29
186.103.158.250 - - [14/Mar/2017:09:29:46 -0300] "POST /cormun/servlet/solicitudot?gx-no-cache=1489494654975 HTTP/1.1" 200 1274
186.103.158.250 - - [14/Mar/2017:09:29:46 -0300] "POST /cormun/servlet/solicitudot?gx-no-cache=1489494655056 HTTP/1.1" 200 1158
192.168.10.96 - - [14/Mar/2017:09:29:46 -0300] "GET /cormun/servlet/trsolicitudnombre?17234536, HTTP/1.1" 200 8468
192.168.10.96 - - [14/Mar/2017:09:29:47 -0300] "GET /cormun/servlet/trsolicitudnombre?17234536, HTTP/1.1" 200 8471
131.253.25.225 - - [14/Mar/2017:09:29:47 -0300] "GET /cormun/static/PXToolsJavascripts/pexe_cookies.js HTTP/1.1" 200 792
131.253.25.189 - - [14/Mar/2017:09:29:47 -0300] "GET /cormun/static/PXToolsJavascripts/pexe_windows.js HTTP/1.1" 200 15207
131.253.25.225 - - [14/Mar/2017:09:29:48 -0300] "GET /cormun/static/PXToolsJavascripts/pexe_grid.js HTTP/1.1" 200 7559
131.253.25.174 - - [14/Mar/2017:09:29:48 -0300] "GET /cormun/static/PXToolsJavascripts/pexe_griddivfix.js HTTP/1.1" 200 6644
186.103.132.155 - - [14/Mar/2017:09:29:48 -0300] "GET /cormun/servlet/trlicencias? HTTP/1.1" 200 6649
192.168.10.96 - - [14/Mar/2017:09:29:49 -0300] "GET /cormun/servlet/vesolicitudnombre?2017,4861,, HTTP/1.1" 200 8349
192.168.10.96 - - [14/Mar/2017:09:29:49 -0300] "GET /cormun/pexe_scrolldiv.js HTTP/1.1" 404 1009
192.168.10.96 - - [14/Mar/2017:09:29:49 -0300] "GET /cormun/pexe_scrolldiv.js HTTP/1.1" 404 1009
131.253.27.52 - - [14/Mar/2017:09:29:49 -0300] "GET /cormun/static/PXToolsJavascripts/pexe_link.js HTTP/1.1" 200 5671
186.103.132.155 - - [14/Mar/2017:09:29:49 -0300] "GET /cormun/servlet/trlicencias? HTTP/1.1" 200 6648
192.168.10.96 - - [14/Mar/2017:09:29:49 -0300] "GET /cormun/servlet/vesolicitudnombre?2017,4861,, HTTP/1.1" 200 8342
131.253.25.174 - - [14/Mar/2017:09:29:49 -0300] "GET /cormun/static/PXToolsJavascripts/pexe_menudivfix.js HTTP/1.1" 200 333
131.253.27.116 - - [14/Mar/2017:09:29:50 -0300] "GET /cormun/static/PXToolsJavascripts/pexe_menus.js HTTP/1.1" 200 1286
131.253.27.126 - - [14/Mar/2017:09:29:51 -0300] "GET /cormun/static/PXToolsJavascripts/pexe_layers.js HTTP/1.1" 200 4114
192.168.10.96 - - [14/Mar/2017:09:29:51 -0300] "GET /cormun/servlet/vesolicitudnombre?2017,4861,,SolicitudOTAdjuntos HTTP/1.1" 200 10409
192.168.10.96 - - [14/Mar/2017:09:29:51 -0300] "GET /cormun/pexe_scrolldiv.js HTTP/1.1" 404 1009
192.168.10.96 - - [14/Mar/2017:09:29:51 -0300] "GET /cormun/pexe_scrolldiv.js HTTP/1.1" 404 1009
131.253.27.153 - - [14/Mar/2017:09:29:52 -0300] "GET /cormun/static/PXToolsJavascripts/pexe_oav.js HTTP/1.1" 200 645
186.103.132.155 - - [14/Mar/2017:09:29:52 -0300] "GET /cormun/servlet/trlicencias? HTTP/1.1" 200 6648
192.168.10.96 - - [14/Mar/2017:09:29:52 -0300] "GET /cormun/servlet/vesolicitudnombre?2017,4861,,SolicitudOTAdjuntos HTTP/1.1" 200 10413
65.55.213.24 - - [14/Mar/2017:09:29:52 -0300] "GET /cormun/static/PXToolsJavascripts/pexe_oavdivfix.js HTTP/1.1" 200 639
192.168.10.96 - - [14/Mar/2017:09:29:52 -0300] "POST /cormun/servlet/acontrolpreferencessavestate?None,DZAMUDIO,true HTTP/1.1" 200 35
186.103.132.155 - - [14/Mar/2017:09:29:52 -0300] "GET /cormun/servlet/trlicencias? HTTP/1.1" 200 6648
65.55.213.24 - - [14/Mar/2017:09:29:53 -0300] "GET /cormun/static/PXToolsJavascripts/pexe_picture.js HTTP/1.1" 200 689
192.168.10.96 - - [14/Mar/2017:09:29:53 -0300] "GET /cormun/PublicTempStorage/certificado_afp_valesca_ramirez723814.pdf HTTP/1.1" 200 910605
131.253.25.147 - - [14/Mar/2017:09:29:53 -0300] "GET /cormun/static/PXToolsJavascripts/pexe_popup.js HTTP/1.1" 200 13458
131.253.25.174 - - [14/Mar/2017:09:29:54 -0300] "GET /cormun/static/PXToolsJavascripts/pexe_scrolldiv.js HTTP/1.1" 200 4138
131.253.27.116 - - [14/Mar/2017:09:29:54 -0300] "GET /cormun/static/PXToolsJavascripts/pexe_tabdivfix.js HTTP/1.1" 200 876
131.253.25.225 - - [14/Mar/2017:09:29:55 -0300] "GET /cormun/static/PXToolsJavascripts/pexe_tabs.js HTTP/1.1" 200 3748
131.253.27.116 - - [14/Mar/2017:09:29:56 -0300] "GET /cormun/static/PXToolsJavascripts/pexe_upload.js HTTP/1.1" 200 1423
131.253.25.202 - - [14/Mar/2017:09:29:56 -0300] "GET /cormun/static/PXToolsJavascripts/PXToolsJavascriptsRender.js HTTP/1.1" 200 367
186.103.132.155 - - [14/Mar/2017:09:29:59 -0300] "GET /cormun/servlet/trsolicitudot? HTTP/1.1" 200 15640
192.168.10.96 - - [14/Mar/2017:09:29:59 -0300] "GET /cormun/servlet/vesolicitudnombre?2017,4861,,SolicitudOTAdjuntos HTTP/1.1" 200 10408
186.79.43.69 - - [14/Mar/2017:09:29:59 -0300] "GET /cormun/servlet/solicitudot?INS,0,0, HTTP/1.1" 200 12781
186.79.43.69 - - [14/Mar/2017:09:29:59 -0300] "GET /cormun/static/gxcfg.js?20171191042720 HTTP/1.1" 200 953
186.79.43.69 - - [14/Mar/2017:09:29:59 -0300] "GET /cormun/static/solicitudot.js?2017119104297 HTTP/1.1" 304 -
186.79.43.69 - - [14/Mar/2017:09:30:00 -0300] "GET /cormun/servlet/solicitudot?INS,0,0, HTTP/1.1" 200 12786
192.168.10.96 - - [14/Mar/2017:09:30:00 -0300] "GET /cormun/servlet/vesolicitudnombre?2017,4861,,SolicitudOTAdjuntos HTTP/1.1" 200 10412
131.253.27.126 - - [14/Mar/2017:09:30:00 -0300] "GET /cormun/static/Resources/logo4.png HTTP/1.1" 200 6582
192.168.10.96 - - [14/Mar/2017:09:30:00 -0300] "POST /cormun/servlet/acontrolpreferencessavestate?None,DZAMUDIO,true HTTP/1.1" 200 35
186.103.132.155 - - [14/Mar/2017:09:30:00 -0300] "GET /cormun/servlet/trsolicitudot? HTTP/1.1" 200 15640
131.253.27.153 - - [14/Mar/2017:09:30:01 -0300] "GET /cormun/static/Resources/PXToolsHeaderActionsLeft.png HTTP/1.1" 200 1118
131.253.27.52 - - [14/Mar/2017:09:30:01 -0300] "GET /cormun/static/Shared/ext/ext-all.js HTTP/1.1" 200 1289687
192.168.10.96 - - [14/Mar/2017:09:30:01 -0300] "GET /cormun/PublicTempStorage/certificado_fonasa_valesca_ramirez5501097.pdf HTTP/1.1" 200 500717
65.55.213.24 - - [14/Mar/2017:09:30:02 -0300] "GET /cormun/static/gxui/gxui-all.js HTTP/1.1" 200 107772
131.253.27.140 - - [14/Mar/2017:09:30:03 -0300] "GET /cormun/static/Resources/PXToolsHeaderHome.png HTTP/1.1" 200 4147
131.253.27.140 - - [14/Mar/2017:09:30:03 -0300] "GET /cormun/static/Resources/PXToolsHeaderLogin.png HTTP/1.1" 200 4279
186.103.132.155 - - [14/Mar/2017:09:30:04 -0300] "GET /cormun/servlet/trlicencias? HTTP/1.1" 200 6649
131.253.27.141 - - [14/Mar/2017:09:30:04 -0300] "GET /cormun/static/Resources/PXToolsHeaderPreferences.png HTTP/1.1" 200 4189
186.103.132.155 - - [14/Mar/2017:09:30:04 -0300] "GET /cormun/servlet/trlicencias? HTTP/1.1" 200 6648
131.253.27.141 - - [14/Mar/2017:09:30:05 -0300] "GET /cormun/static/Resources/PXToolsHeaderSecurity.png HTTP/1.1" 200 4166
131.253.25.131 - - [14/Mar/2017:09:30:05 -0300] "GET /cormun/static/Resources/PXToolsHeaderActionsRight.png HTTP/1.1" 200 1201
131.253.25.158 - - [14/Mar/2017:09:30:06 -0300] "GET /cormun/static/Resources/PXToolsFooterBackground2.png HTTP/1.1" 200 1172
131.253.25.158 - - [14/Mar/2017:09:30:06 -0300] "GET /cormun/static/Resources/PXToolsHeaderBackground2.png HTTP/1.1" 200 1174
131.253.25.232 - - [14/Mar/2017:09:30:07 -0300] "GET /cormun/static/Resources/PXToolsHeaderActionsBackground.png HTTP/1.1" 200 484
192.168.10.96 - - [14/Mar/2017:09:30:07 -0300] "GET /cormun/servlet/vesolicitudnombre?2017,4861,,SolicitudOTAdjuntos HTTP/1.1" 200 10412
131.253.25.232 - - [14/Mar/2017:09:30:08 -0300] "GET /cormun/static/Resources/PXToolsDataTitle.png HTTP/1.1" 200 1173
192.168.10.96 - - [14/Mar/2017:09:30:08 -0300] "GET /cormun/servlet/vesolicitudnombre?2017,4861,,SolicitudOTAdjuntos HTTP/1.1" 200 10412
192.168.10.96 - - [14/Mar/2017:09:30:09 -0300] "POST /cormun/servlet/acontrolpreferencessavestate?None,DZAMUDIO,true HTTP/1.1" 200 35
192.168.10.96 - - [14/Mar/2017:09:30:10 -0300] "GET /cormun/PublicTempStorage/certificado_antecedentes_valesca_ramirez7497345.pdf HTTP/1.1" 200 672425
186.103.132.155 - - [14/Mar/2017:09:30:11 -0300] "GET /cormun/servlet/licenciaspermisos?INS,0,,, HTTP/1.1" 200 7167
186.103.132.155 - - [14/Mar/2017:09:30:11 -0300] "GET /cormun/servlet/licenciaspermisos?INS,0,,, HTTP/1.1" 200 7167
192.168.10.96 - - [14/Mar/2017:09:30:14 -0300] "GET /cormun/servlet/vesolicitudnombre?2017,4861,,SolicitudOTAdjuntos HTTP/1.1" 200 10413
192.168.10.96 - - [14/Mar/2017:09:30:16 -0300] "GET /cormun/servlet/vesolicitudnombre?2017,4861,,SolicitudOTAdjuntos HTTP/1.1" 200 10410
192.168.10.96 - - [14/Mar/2017:09:30:16 -0300] "POST /cormun/servlet/acontrolpreferencessavestate?None,DZAMUDIO,true HTTP/1.1" 200 35
186.103.158.250 - - [14/Mar/2017:09:30:18 -0300] "POST /cormun/servlet/solicitudot?gx-no-cache=1489494686537 HTTP/1.1" 200 30
186.103.158.250 - - [14/Mar/2017:09:30:18 -0300] "POST /cormun/servlet/solicitudot?gx-no-cache=1489494686730 HTTP/1.1" 200 1287
186.103.158.250 - - [14/Mar/2017:09:30:18 -0300] "POST /cormun/servlet/solicitudot?gx-no-cache=1489494686926 HTTP/1.1" 200 41
192.168.10.96 - - [14/Mar/2017:09:30:19 -0300] "GET /cormun/PublicTempStorage/curriculum_valesca_ramirez1850920.pdf HTTP/1.1" 200 1032653
186.103.132.155 - - [14/Mar/2017:09:30:22 -0300] "GET /cormun/servlet/prfichaempleado?,MD,,gxPopupLevel%3D0%3B HTTP/1.1" 200 8865
186.79.43.69 - - [14/Mar/2017:09:30:23 -0300] "POST /cormun/servlet/solicitudot?gx-no-cache=1489494688790 HTTP/1.1" 200 3081
186.79.43.69 - - [14/Mar/2017:09:30:24 -0300] "POST /cormun/servlet/solicitudot?939091cfedcb9f428e011c3a40ca363b,INS,0,0,,gx-no-cache=1489494691319 HTTP/1.1" 200 9867
186.79.43.69 - - [14/Mar/2017:09:30:25 -0300] "GET /cormun/servlet/solicitudot?fe507d3df03ed8b7e6e8f88df445ce95f4f3a91bd0cbf18da51e1fc87c21da7f13dfb7e759b54bf70a3a7272d8c3fc28,gx-no-cache=1489494692106 HTTP/1.1" 200 111
186.79.43.69 - - [14/Mar/2017:09:30:25 -0300] "GET /cormun/static/Shared/jqueryui/images/ui-bg_highlight-soft_100_c6c2c8_1x100.png HTTP/1.1" 404 1117
186.79.43.69 - - [14/Mar/2017:09:30:25 -0300] "GET /cormun/static/Shared/jqueryui/images/ui-icons_82798d_256x240.png HTTP/1.1" 404 1089
186.79.43.69 - - [14/Mar/2017:09:30:25 -0300] "GET /cormun/static/Shared/jqueryui/images/ui-bg_flat_55_994d53_40x100.png HTTP/1.1" 404 1097
186.79.43.69 - - [14/Mar/2017:09:30:25 -0300] "GET /cormun/static/Shared/jqueryui/images/ui-icons_ebccce_256x240.png HTTP/1.1" 404 1089
186.79.43.69 - - [14/Mar/2017:09:30:37 -0300] "POST /cormun/servlet/solicitudot?939091cfedcb9f428e011c3a40ca363b,INS,0,0,,gx-no-cache=1489494703799 HTTP/1.1" 200 10317
192.168.10.96 - - [14/Mar/2017:09:30:40 -0300] "GET /cormun/servlet/vesolicitudnombre?2017,4861,,SolicitudOTAdjuntos HTTP/1.1" 200 10411
186.79.43.69 - - [14/Mar/2017:09:30:40 -0300] "GET /cormun/servlet/solicitudot?fe507d3df03ed8b7e6e8f88df445ce95caec082978d64420a03dd761a18761dff0b78d340b3af2a12d34ba9456ebdabb,gx-no-cache=1489494707954 HTTP/1.1" 200 30
192.168.10.96 - - [14/Mar/2017:09:30:41 -0300] "GET /cormun/servlet/vesolicitudnombre?2017,4861,,SolicitudOTAdjuntos HTTP/1.1" 200 10415
192.168.10.96 - - [14/Mar/2017:09:30:42 -0300] "POST /cormun/servlet/acontrolpreferencessavestate?None,DZAMUDIO,true HTTP/1.1" 200 35
192.168.10.96 - - [14/Mar/2017:09:30:47 -0300] "GET /cormun/PublicTempStorage/certificado_titulo_valesca_ramirez8768877.pdf HTTP/1.1" 200 1926802
186.103.158.250 - - [14/Mar/2017:09:30:48 -0300] "POST /cormun/servlet/solicitudot?7de52a09f773af46d0ae96f6fbeb2896,UPD,2017,3488,,gx-no-cache=1489494716568 HTTP/1.1" 200 93
186.103.158.250 - - [14/Mar/2017:09:30:48 -0300] "GET /cormun/servlet/hpexe_return? HTTP/1.1" 200 1007
186.103.158.250 - - [14/Mar/2017:09:30:48 -0300] "GET /cormun/servlet/trsolicitudot? HTTP/1.1" 200 9990
186.103.158.250 - - [14/Mar/2017:09:30:50 -0300] "GET /cormun/servlet/trsolicitudot? HTTP/1.1" 200 9986
186.103.158.250 - - [14/Mar/2017:09:30:55 -0300] "POST /cormun/servlet/trsolicitudot?7de52a09f773af46d0ae96f6fbeb2896,,gx-no-cache=1489494723147 HTTP/1.1" 200 7253
186.103.158.250 - - [14/Mar/2017:09:30:55 -0300] "GET /cormun/static/Shared/jqueryui/images/ui-bg_highlight-soft_100_c6c2c8_1x100.png HTTP/1.1" 404 1117
186.103.158.250 - - [14/Mar/2017:09:30:55 -0300] "GET /cormun/static/Shared/jqueryui/images/ui-icons_82798d_256x240.png HTTP/1.1" 404 1089
186.103.158.250 - - [14/Mar/2017:09:30:55 -0300] "GET /cormun/static/Shared/jqueryui/images/ui-bg_flat_55_fafafa_40x100.png HTTP/1.1" 404 1097
186.103.158.250 - - [14/Mar/2017:09:30:55 -0300] "GET /cormun/static/Shared/jqueryui/images/ui-icons_8d78a5_256x240.png HTTP/1.1" 404 1089
186.103.158.250 - - [14/Mar/2017:09:31:00 -0300] "POST /cormun/servlet/trsolicitudot?7de52a09f773af46d0ae96f6fbeb2896,,gx-no-cache=1489494728314 HTTP/1.1" 200 7252
186.103.158.250 - - [14/Mar/2017:09:31:03 -0300] "GET /cormun/servlet/treventos?2017,3488, HTTP/1.1" 200 7527
186.103.158.250 - - [14/Mar/2017:09:31:03 -0300] "GET /cormun/static/gxcfg.js?2016101716195975 HTTP/1.1" 200 953
186.103.158.250 - - [14/Mar/2017:09:31:03 -0300] "GET /cormun/static/treventos.js?201610171620222 HTTP/1.1" 200 16055
186.103.158.250 - - [14/Mar/2017:09:31:04 -0300] "GET /cormun/servlet/treventos?2017,3488, HTTP/1.1" 200 7526
186.103.158.250 - - [14/Mar/2017:09:31:10 -0300] "GET /cormun/servlet/trsolicitudot? HTTP/1.1" 200 9990
186.103.158.250 - - [14/Mar/2017:09:31:11 -0300] "GET /cormun/servlet/trsolicitudot? HTTP/1.1" 200 9986
186.103.158.250 - - [14/Mar/2017:09:31:16 -0300] "POST /cormun/servlet/trsolicitudot?7de52a09f773af46d0ae96f6fbeb2896,,gx-no-cache=1489494745354 HTTP/1.1" 200 106
186.103.158.250 - - [14/Mar/2017:09:31:17 -0300] "GET /cormun/servlet/solicitudot?UPD,2017,3488, HTTP/1.1" 200 14435
186.103.158.250 - - [14/Mar/2017:09:31:18 -0300] "GET /cormun/servlet/solicitudot?UPD,2017,3488, HTTP/1.1" 200 14444
186.103.158.250 - - [14/Mar/2017:09:31:19 -0300] "POST /cormun/servlet/solicitudot?gx-no-cache=1489494747447 HTTP/1.1" 200 3180
186.103.158.250 - - [14/Mar/2017:09:31:19 -0300] "POST /cormun/servlet/solicitudot?7de52a09f773af46d0ae96f6fbeb2896,UPD,2017,3488,,gx-no-cache=1489494747684 HTTP/1.1" 200 11067
186.103.158.250 - - [14/Mar/2017:09:31:19 -0300] "GET /cormun/servlet/solicitudot?85c6f64bf6d7591691adb87610f8592cdeb2b6d720832906ce927dc15e7eaaa72122e7fb151f0209fdb7c343aea95527,gx-no-cache=1489494748022 HTTP/1.1" 200 30
186.103.158.250 - - [14/Mar/2017:09:31:19 -0300] "POST /cormun/servlet/solicitudot?gx-no-cache=1489494748095 HTTP/1.1" 200 256
186.103.158.250 - - [14/Mar/2017:09:31:19 -0300] "GET /cormun/servlet/solicitudot?85c6f64bf6d7591691adb87610f8592c9cbd1376f82cc67e53ab29198c4b4a845a24e6ac44f3940a6ca69a2379b256c043226a385faea83b4b6cab520e18c919e256418c9450d33a9f65bd991cc7d30e3724a47e6b7ee92b3babc85841e1fce09a6909110f1050781daa68aa299c49f6ae681451b05227ee4010fd28618c4ebfdc6785f499a31511aa5896f20e2267fcaf5a3c1eb981a68ccbd33ed2786df0dd643f00084215605b54e819f2d625f9362acc0acda65b8af37775bc25ca4502a4bfb45baa76f40caab3fe9560f5f4ffee3a330c83972b3bd0336a146d00a85a193d8877244ac4c2415fb8798fcd2f5153a8844161321888cf39ea7b4c6289ef2790f99fca254ae6a2a40ee5710777b819599feca8d8cba871693fa27879157ba812cfd30b7c207178710a5f487cc860e3bb5c82ac3a77c87599b0409b4bd1bd30783227484ca538375fba8aa9351b456d1833248d271f72accb85ec5f2d7371e8a6593b47cd02d62e87e5689ad3553b7b3122647a164c80950db752cf9624cbb5,gx-no-cache=1489494748166 HTTP/1.1" 200 30
186.103.158.250 - - [14/Mar/2017:09:31:20 -0300] "POST /cormun/servlet/solicitudot?gx-no-cache=1489494748512 HTTP/1.1" 200 30
186.103.158.250 - - [14/Mar/2017:09:31:20 -0300] "POST /cormun/servlet/solicitudot?gx-no-cache=1489494748588 HTTP/1.1" 200 1287
186.103.158.250 - - [14/Mar/2017:09:31:20 -0300] "POST /cormun/servlet/solicitudot?gx-no-cache=1489494749013 HTTP/1.1" 200 41
186.103.158.250 - - [14/Mar/2017:09:31:23 -0300] "GET /cormun/servlet/solicitudot?85c6f64bf6d7591691adb87610f8592ce9a6ee499db074ff81575f215004c0974c9f81c500776c5c58c71769a8bb3dee1d50e69ff77ed9c24e24110694f84577e6e7507164b7eee8f4c107153ab3d35d71bf29737884add4d7c50a5e3f85cee055353e01aa474bdd797dd9efc38bdddc91e7a0b1bbb1ec89ef1f0be3e538ada0e21db45f7d9fe80f5d0e9e3cd73b65d8ffb52b995c06f0fcb1a2b374937e803b,gx-no-cache=1489494752275 HTTP/1.1" 200 29
186.103.132.155 - - [14/Mar/2017:09:31:23 -0300] "POST /cormun/servlet/prfichaempleado?bac092819d0132388e45b9ee7503acdf,,MD,,gxPopupLevel%3D0%3B,gx-no-cache=1489494753768 HTTP/1.1" 200 3408
186.103.158.250 - - [14/Mar/2017:09:31:24 -0300] "POST /cormun/servlet/solicitudot?gx-no-cache=1489494752372 HTTP/1.1" 200 1274
186.103.158.250 - - [14/Mar/2017:09:31:24 -0300] "POST /cormun/servlet/solicitudot?gx-no-cache=1489494752582 HTTP/1.1" 200 1158
186.103.132.155 - - [14/Mar/2017:09:31:28 -0300] "GET /cormun/servlet/licenciaspermisos?1448912b08b60d1b5eaf1f1ab80378ce357e3e9b3d1bddcee5d159f02eba793f245ed5db9fd9bd530d3daf8e708177f2,gx-no-cache=1489494759467 HTTP/1.1" 200 62
186.103.132.155 - - [14/Mar/2017:09:31:29 -0300] "POST /cormun/servlet/licenciaspermisos?bac092819d0132388e45b9ee7503acdf,INS,0,,,,gx-no-cache=1489494759587 HTTP/1.1" 200 4414
186.103.158.250 - - [14/Mar/2017:09:31:34 -0300] "GET /cormun/servlet/solicitudot?85c6f64bf6d7591691adb87610f8592c712c7e257a040f0702a29da75695b0dbeb88d7c5b9dcdadc5b72fa5870ba3fefe62fa9ca4bbebaa35b9fe701359b30c5f8ceba27d4bc65577d7d971f0ef8d892b5ce99b38babff89019a2e1a1001ecdea1ed8bef38efebfaf95092df15844da991e7a0b1bbb1ec89ef1f0be3e538ada0f0551e23a8341bf39c8e74562cee40eb36f06aaee12995090b1594e2ae2d4e891dc1727afa6cb0cb0809df93ccef4b95,gx-no-cache=1489494762629 HTTP/1.1" 200 30
186.103.158.250 - - [14/Mar/2017:09:31:34 -0300] "POST /cormun/servlet/solicitudot?7de52a09f773af46d0ae96f6fbeb2896,UPD,2017,3488,,gx-no-cache=1489494762746 HTTP/1.1" 200 11346
186.103.158.250 - - [14/Mar/2017:09:31:34 -0300] "GET /cormun/static/Shared/jqueryui/images/ui-bg_highlight-soft_100_c6c2c8_1x100.png HTTP/1.1" 404 1117
186.103.158.250 - - [14/Mar/2017:09:31:34 -0300] "GET /cormun/static/Shared/jqueryui/images/ui-bg_flat_55_994d53_40x100.png HTTP/1.1" 404 1097
186.103.158.250 - - [14/Mar/2017:09:31:34 -0300] "GET /cormun/static/Shared/jqueryui/images/ui-icons_82798d_256x240.png HTTP/1.1" 404 1089
186.103.158.250 - - [14/Mar/2017:09:31:34 -0300] "GET /cormun/static/Shared/jqueryui/images/ui-icons_ebccce_256x240.png HTTP/1.1" 404 1089
186.103.158.250 - - [14/Mar/2017:09:31:41 -0300] "POST /cormun/servlet/solicitudot?gx-no-cache=1489494769847 HTTP/1.1" 200 3180
186.103.158.250 - - [14/Mar/2017:09:31:41 -0300] "POST /cormun/servlet/solicitudot?7de52a09f773af46d0ae96f6fbeb2896,UPD,2017,3488,,gx-no-cache=1489494770198 HTTP/1.1" 200 11174
186.103.158.250 - - [14/Mar/2017:09:31:42 -0300] "GET /cormun/servlet/solicitudot?85c6f64bf6d7591691adb87610f8592cdeb2b6d720832906ce927dc15e7eaaa72122e7fb151f0209fdb7c343aea95527,gx-no-cache=1489494770562 HTTP/1.1" 200 30
186.103.158.250 - - [14/Mar/2017:09:31:42 -0300] "POST /cormun/servlet/solicitudot?gx-no-cache=1489494770625 HTTP/1.1" 200 256
186.103.158.250 - - [14/Mar/2017:09:31:42 -0300] "GET /cormun/servlet/solicitudot?85c6f64bf6d7591691adb87610f8592c9cbd1376f82cc67e53ab29198c4b4a845a24e6ac44f3940a6ca69a2379b256c043226a385faea83b4b6cab520e18c919e256418c9450d33a9f65bd991cc7d30e3724a47e6b7ee92b3babc85841e1fce09a6909110f1050781daa68aa299c49f6ae681451b05227ee4010fd28618c4ebfdc6785f499a31511aa5896f20e2267fcaf5a3c1eb981a68ccbd33ed2786df0dd643f00084215605b54e819f2d625f9362acc0acda65b8af37775bc25ca4502a4bfb45baa76f40caab3fe9560f5f4ffee3a330c83972b3bd0336a146d00a85a193d8877244ac4c2415fb8798fcd2f5153a8844161321888cf39ea7b4c6289ef2790f99fca254ae6a2a40ee5710777b819599feca8d8cba871693fa27879157ba812cfd30b7c207178710a5f487cc860e3bb5c82ac3a77c87599b0409b4bd1bd30783227484ca538375fba8aa9351b456d1833248d271f72accb85ec5f2d7371e8a6593b47cd02d62e87e5689ad3553b7b3122647a164c80950db752cf9624cbb5,gx-no-cache=1489494770681 HTTP/1.1" 200 30
186.103.158.250 - - [14/Mar/2017:09:31:42 -0300] "POST /cormun/servlet/solicitudot?gx-no-cache=1489494771024 HTTP/1.1" 200 30
186.103.158.250 - - [14/Mar/2017:09:31:42 -0300] "POST /cormun/servlet/solicitudot?gx-no-cache=1489494771075 HTTP/1.1" 200 1287
186.103.158.250 - - [14/Mar/2017:09:31:42 -0300] "POST /cormun/servlet/solicitudot?gx-no-cache=1489494771149 HTTP/1.1" 200 41
186.103.158.250 - - [14/Mar/2017:09:31:42 -0300] "POST /cormun/servlet/solicitudot?gx-no-cache=1489494771194 HTTP/1.1" 200 1274
186.103.158.250 - - [14/Mar/2017:09:31:42 -0300] "POST /cormun/servlet/solicitudot?gx-no-cache=1489494771257 HTTP/1.1" 200 1157
186.103.158.250 - - [14/Mar/2017:09:31:50 -0300] "GET /cormun/servlet/solicitudot?85c6f64bf6d7591691adb87610f8592c712c7e257a040f0702a29da75695b0dbeb88d7c5b9dcdadc5b72fa5870ba3fefe62fa9ca4bbebaa35b9fe701359b30c5f8ceba27d4bc65577d7d971f0ef8d892b5ce99b38babff89019a2e1a1001ecdea1ed8bef38efebfaf95092df15844da991e7a0b1bbb1ec89ef1f0be3e538ada0f0551e23a8341bf39c8e74562cee40eb36f06aaee12995090b1594e2ae2d4e891dc1727afa6cb0cb0809df93ccef4b95,gx-no-cache=1489494779140 HTTP/1.1" 200 30
186.103.158.250 - - [14/Mar/2017:09:31:50 -0300] "POST /cormun/servlet/solicitudot?7de52a09f773af46d0ae96f6fbeb2896,UPD,2017,3488,,gx-no-cache=1489494779206 HTTP/1.1" 200 11443
186.103.158.250 - - [14/Mar/2017:09:31:54 -0300] "POST /cormun/servlet/solicitudot?gx-no-cache=1489494782664 HTTP/1.1" 200 3180
186.103.158.250 - - [14/Mar/2017:09:31:54 -0300] "POST /cormun/servlet/solicitudot?7de52a09f773af46d0ae96f6fbeb2896,UPD,2017,3488,,gx-no-cache=1489494782872 HTTP/1.1" 200 11266
186.103.158.250 - - [14/Mar/2017:09:31:54 -0300] "GET /cormun/servlet/solicitudot?85c6f64bf6d7591691adb87610f8592cdeb2b6d720832906ce927dc15e7eaaa72122e7fb151f0209fdb7c343aea95527,gx-no-cache=1489494783193 HTTP/1.1" 200 30
186.103.158.250 - - [14/Mar/2017:09:31:54 -0300] "POST /cormun/servlet/solicitudot?gx-no-cache=1489494783255 HTTP/1.1" 200 256
186.103.158.250 - - [14/Mar/2017:09:31:55 -0300] "GET /cormun/servlet/solicitudot?85c6f64bf6d7591691adb87610f8592c9cbd1376f82cc67e53ab29198c4b4a845a24e6ac44f3940a6ca69a2379b256c043226a385faea83b4b6cab520e18c919e256418c9450d33a9f65bd991cc7d30e3724a47e6b7ee92b3babc85841e1fce09a6909110f1050781daa68aa299c49f6ae681451b05227ee4010fd28618c4ebfdc6785f499a31511aa5896f20e2267fcaf5a3c1eb981a68ccbd33ed2786df0dd643f00084215605b54e819f2d625f9362acc0acda65b8af37775bc25ca4502a4bfb45baa76f40caab3fe9560f5f4ffee3a330c83972b3bd0336a146d00a85a193d8877244ac4c2415fb8798fcd2f5153a8844161321888cf39ea7b4c6289ef2790f99fca254ae6a2a40ee5710777b819599feca8d8cba871693fa27879157ba812cfd30b7c207178710a5f487cc860e3bb5c82ac3a77c87599b0409b4bd1bd30783227484ca538375fba8aa9351b456d1833248d271f72accb85ec5f2d7371e8a6593b47cd02d62e87e5689ad3553b7b3122647a164c80950db752cf9624cbb5,gx-no-cache=1489494783303 HTTP/1.1" 200 30
186.103.158.250 - - [14/Mar/2017:09:31:55 -0300] "POST /cormun/servlet/solicitudot?gx-no-cache=1489494783645 HTTP/1.1" 200 30
186.103.158.250 - - [14/Mar/2017:09:31:55 -0300] "POST /cormun/servlet/solicitudot?gx-no-cache=1489494783711 HTTP/1.1" 200 1287
186.103.158.250 - - [14/Mar/2017:09:31:55 -0300] "POST /cormun/servlet/solicitudot?gx-no-cache=1489494783894 HTTP/1.1" 200 41
186.103.158.250 - - [14/Mar/2017:09:31:55 -0300] "POST /cormun/servlet/solicitudot?gx-no-cache=1489494783942 HTTP/1.1" 200 1274
186.103.158.250 - - [14/Mar/2017:09:31:55 -0300] "POST /cormun/servlet/solicitudot?gx-no-cache=1489494784010 HTTP/1.1" 200 1157
186.103.158.250 - - [14/Mar/2017:09:31:55 -0300] "GET /cormun/static/menuarrow.gif HTTP/1.1" 404 1015
186.79.43.69 - - [14/Mar/2017:09:31:57 -0300] "POST /cormun/servlet/solicitudot?gx-no-cache=1489494784216 HTTP/1.1" 200 297
186.79.43.69 - - [14/Mar/2017:09:31:57 -0300] "GET /cormun/servlet/solicitudot?fe507d3df03ed8b7e6e8f88df445ce950d33a12a7f5d79f92c8702d4298a83fdfd2c5a780e048cd0781577adfc4559c36ec5dbab0d5d498130f0547d4da8beb4626eb89e3133f41369043585a46439d5a6b8602316b2f3f742c62d42b3cf60b75cb375115f9e1373f4062f442cc911cd5d858e86a9bbb8d86242207adea4e44a935fe8da6c497cd02f872c4f005779b8b3434967b8d20be112f20d67cd8a433751f85e1e794389c7abaa2761fd1e66cfec2d23ca4428cd9e9330ba3cdc1e03a24311b5504eeb22ac82fbd4e32849094420ef6f3f51718d288e2aa732fc99c38931e808996c5e6f2069c4ae4804d3f672b63a0359b499b434a9f185882257932b4f2a46c6a26609cc0d1f565accfbf085123759e3e2b57441c99707d76d07e1c01a789329e10ad7dcd951e535620563b5f82cf72cb0ecdec011f22ea3e6fa9c919ff16a4e46f62f5d19a9f586d3945d0749d80a1344ed3c9f20c9bb0fe09c16e95697d92c9ce240a3526538532bd0c40f686fcc8e61fbd03d130771893c772b154d2330f8364af1e00998ac8d42d8660f,gx-no-cache=1489494784414 HTTP/1.1" 200 30
186.103.158.250 - - [14/Mar/2017:09:32:02 -0300] "POST /cormun/servlet/solicitudot?gx-no-cache=1489494790854 HTTP/1.1" 200 3180
186.103.158.250 - - [14/Mar/2017:09:32:03 -0300] "POST /cormun/servlet/solicitudot?7de52a09f773af46d0ae96f6fbeb2896,UPD,2017,3488,,gx-no-cache=1489494791501 HTTP/1.1" 200 11321
186.103.158.250 - - [14/Mar/2017:09:32:03 -0300] "GET /cormun/servlet/solicitudot?85c6f64bf6d7591691adb87610f8592cdeb2b6d720832906ce927dc15e7eaaa72122e7fb151f0209fdb7c343aea95527,gx-no-cache=1489494792178 HTTP/1.1" 200 30
186.103.158.250 - - [14/Mar/2017:09:32:03 -0300] "POST /cormun/servlet/solicitudot?gx-no-cache=1489494792290 HTTP/1.1" 200 256
186.103.158.250 - - [14/Mar/2017:09:32:04 -0300] "GET /cormun/servlet/solicitudot?85c6f64bf6d7591691adb87610f8592c9cbd1376f82cc67e53ab29198c4b4a845a24e6ac44f3940a6ca69a2379b256c043226a385faea83b4b6cab520e18c919e256418c9450d33a9f65bd991cc7d30e3724a47e6b7ee92b3babc85841e1fce09a6909110f1050781daa68aa299c49f6ae681451b05227ee4010fd28618c4ebfdc6785f499a31511aa5896f20e2267fcaf5a3c1eb981a68ccbd33ed2786df0dd643f00084215605b54e819f2d625f9362acc0acda65b8af37775bc25ca4502a4bfb45baa76f40caab3fe9560f5f4ffee3a330c83972b3bd0336a146d00a85a193d8877244ac4c2415fb8798fcd2f5153a8844161321888cf39ea7b4c6289ef2790f99fca254ae6a2a40ee5710777b819599feca8d8cba871693fa27879157ba812cfd30b7c207178710a5f487cc860e3bb5c82ac3a77c87599b0409b4bd1bd30783227484ca538375fba8aa9351b456d1833248d271f72accb85ec5f2d7371e8a6593b47cd02d62e87e5689ad3553b7b3122647a164c80950db752cf9624cbb5,gx-no-cache=1489494792382 HTTP/1.1" 200 30
186.103.158.250 - - [14/Mar/2017:09:32:04 -0300] "POST /cormun/servlet/solicitudot?gx-no-cache=1489494792741 HTTP/1.1" 200 30
186.79.43.69 - - [14/Mar/2017:09:32:04 -0300] "POST /cormun/servlet/solicitudot?gx-no-cache=1489494791394 HTTP/1.1" 200 30
186.103.158.250 - - [14/Mar/2017:09:32:04 -0300] "POST /cormun/servlet/solicitudot?gx-no-cache=1489494792801 HTTP/1.1" 200 1287
186.103.158.250 - - [14/Mar/2017:09:32:04 -0300] "POST /cormun/servlet/solicitudot?gx-no-cache=1489494792919 HTTP/1.1" 200 41
186.103.158.250 - - [14/Mar/2017:09:32:04 -0300] "POST /cormun/servlet/solicitudot?gx-no-cache=1489494792974 HTTP/1.1" 200 1274
186.103.158.250 - - [14/Mar/2017:09:32:04 -0300] "POST /cormun/servlet/solicitudot?gx-no-cache=1489494793052 HTTP/1.1" 200 1157
186.103.158.250 - - [14/Mar/2017:09:32:06 -0300] "GET /cormun/servlet/solicitudot?85c6f64bf6d7591691adb87610f8592c712c7e257a040f0702a29da75695b0dbeb88d7c5b9dcdadc5b72fa5870ba3fefe62fa9ca4bbebaa35b9fe701359b30c5f8ceba27d4bc65577d7d971f0ef8d892b5ce99b38babff89019a2e1a1001ecdea1ed8bef38efebfaf95092df15844da991e7a0b1bbb1ec89ef1f0be3e538ada0f0551e23a8341bf39c8e74562cee40eb36f06aaee12995090b1594e2ae2d4e891dc1727afa6cb0cb0809df93ccef4b95,gx-no-cache=1489494794798 HTTP/1.1" 200 30
186.103.158.250 - - [14/Mar/2017:09:32:06 -0300] "POST /cormun/servlet/solicitudot?7de52a09f773af46d0ae96f6fbeb2896,UPD,2017,3488,,gx-no-cache=1489494794886 HTTP/1.1" 200 11597
186.79.43.69 - - [14/Mar/2017:09:32:18 -0300] "POST /cormun/servlet/solicitudot?gx-no-cache=1489494805292 HTTP/1.1" 200 655
186.79.43.69 - - [14/Mar/2017:09:32:18 -0300] "POST /cormun/servlet/solicitudot?gx-no-cache=1489494805461 HTTP/1.1" 200 38
186.79.43.69 - - [14/Mar/2017:09:32:35 -0300] "GET /cormun/servlet/solicitudot?fe507d3df03ed8b7e6e8f88df445ce955efcb71ced551515e4d6d9bfdd2b1778ff23ef2158b4638d2f429f8e8595403265d7fa1f4e46d04ac0112a7b9568b07f6be5812a321025fe3a85732a89d6688c47f6ef2de318cd0e79528e7f9a03df9d00fab07537daf66672985e9a0da5ebd4,gx-no-cache=1489494822456 HTTP/1.1" 200 29
186.79.43.69 - - [14/Mar/2017:09:32:35 -0300] "POST /cormun/servlet/solicitudot?gx-no-cache=1489494822573 HTTP/1.1" 200 641
186.79.43.69 - - [14/Mar/2017:09:32:37 -0300] "POST /cormun/servlet/solicitudot?gx-no-cache=1489494824610 HTTP/1.1" 200 1157
186.103.132.155 - - [14/Mar/2017:09:32:40 -0300] "GET /cormun/servlet/licenciaspermisos?1448912b08b60d1b5eaf1f1ab80378ce6a6b2c1dd450011af0bf610ac7e31bacafdefc329d12601b096d48aa002b9a4aac01ac3280a97df665c391e9cce928ba80a1a4a2de2d833246d8a12da8ec5c416b32a5265109a6499c9eb0b9b9f9ed42701f9526f3b9d64f126b3b0b9789da4f31cea9a000d9087937cab83872a21ae9a48de55fb372a6c3d53ce29d6a327ac632383f90139e973ed997041a069ad57056900458bf444b69cb6c5d22bf763a487e11c8aa2ad1f7d3146ef3e9921c15004378229c41c7e360f7eaa6d4f674ccbc6a355a97c5b2d86e86ce3ae68076423b,gx-no-cache=1489494831293 HTTP/1.1" 200 30
186.103.132.155 - - [14/Mar/2017:09:32:41 -0300] "POST /cormun/servlet/licenciaspermisos?bac092819d0132388e45b9ee7503acdf,INS,0,,,,gx-no-cache=1489494831512 HTTP/1.1" 200 4489
186.103.132.155 - - [14/Mar/2017:09:32:50 -0300] "GET /cormun/servlet/prfichaempleado?,MD,,gxPopupLevel%3D0%3B HTTP/1.1" 200 8865
186.103.132.155 - - [14/Mar/2017:09:33:02 -0300] "POST /cormun/servlet/prfichaempleado?bac092819d0132388e45b9ee7503acdf,,MD,,gxPopupLevel%3D0%3B,gx-no-cache=1489494852352 HTTP/1.1" 200 3406
186.103.132.155 - - [14/Mar/2017:09:33:03 -0300] "GET /cormun/servlet/licenciaspermisos?1448912b08b60d1b5eaf1f1ab80378ce357e3e9b3d1bddcee5d159f02eba793fc09b2d184b071f458bdcd352b8ee8e516994cc0acdc9419babeebb370e862d407853e842ccd65cfc25a315cf467b0767,gx-no-cache=1489494854227 HTTP/1.1" 200 62
186.103.132.155 - - [14/Mar/2017:09:33:04 -0300] "POST /cormun/servlet/licenciaspermisos?bac092819d0132388e45b9ee7503acdf,INS,0,,,,gx-no-cache=1489494854387 HTTP/1.1" 200 4489
186.103.132.155 - - [14/Mar/2017:09:33:07 -0300] "GET /cormun/servlet/licenciaspermisos?1448912b08b60d1b5eaf1f1ab80378ced38d06b23ccf7bb8c70a57d0bdd26cac26f94e347905258e9a80a4407fc77265419be82c495fc5884511a5d73075123fb9001a851b4c8f467b00fa95d58b77110bfd17355a9e16d32077d1b986af19be0ff2e1de8e301a9d577ee5e4a381145e85a1f1077e487e8dcdaf91c5b8f11a27351ed076c575d009dd3c4af0e1702e6ec14f0f09b3b89c91ebdfe3eb3f6d487e77693b69fabe2017e478e9f6666039d2113f0e29b62d25e0184e4bc70fd7fbc84a994c78d48a8560404b138cbfa6e936353d5fa43556a3d6ba9475a13e6e040cc6b023dca12a598178a769e8c152e62e,gx-no-cache=1489494857513 HTTP/1.1" 200 57
186.103.132.155 - - [14/Mar/2017:09:33:07 -0300] "POST /cormun/servlet/licenciaspermisos?bac092819d0132388e45b9ee7503acdf,INS,0,,,,gx-no-cache=1489494857622 HTTP/1.1" 500 10
186.103.132.155 - - [14/Mar/2017:09:33:19 -0300] "GET /cormun/servlet/trlicencias? HTTP/1.1" 200 6649
186.103.132.155 - - [14/Mar/2017:09:33:19 -0300] "GET /cormun/servlet/trlicencias? HTTP/1.1" 200 6648
186.103.132.155 - - [14/Mar/2017:09:33:23 -0300] "GET /cormun/servlet/trlicencias? HTTP/1.1" 200 6648
186.103.132.155 - - [14/Mar/2017:09:33:23 -0300] "GET /cormun/servlet/trlicencias? HTTP/1.1" 200 6648
186.103.132.155 - - [14/Mar/2017:09:33:27 -0300] "POST /cormun/servlet/trlicencias?bac092819d0132388e45b9ee7503acdf,,gx-no-cache=1489494878155 HTTP/1.1" 200 99
186.103.132.155 - - [14/Mar/2017:09:33:27 -0300] "GET /cormun/Licencias-46.xls HTTP/1.1" 200 4608
192.168.10.89 - - [14/Mar/2017:09:34:12 -0300] "GET /cormunbeta/servlet/hlogin HTTP/1.1" 200 1728
192.168.10.89 - - [14/Mar/2017:09:34:12 -0300] "GET /cormunbeta/servlet/hlogin HTTP/1.1" 200 1739
192.168.10.89 - - [14/Mar/2017:09:34:19 -0300] "POST /cormunbeta/servlet/hlogin?f0f197edcc29d5221266a11fd63da731,gx-no-cache=1489498141485 HTTP/1.1" 200 90
192.168.10.89 - - [14/Mar/2017:09:34:19 -0300] "GET /cormunbeta/servlet/hpexe_link HTTP/1.1" 200 963
192.168.10.89 - - [14/Mar/2017:09:34:19 -0300] "GET /cormunbeta/static/Resources/Spanish/PXTools.css?18365030 HTTP/1.1" 304 -
192.168.10.89 - - [14/Mar/2017:09:34:19 -0300] "GET /cormunbeta/static/hpexe_link.js?201612218515532 HTTP/1.1" 304 -
192.168.10.89 - - [14/Mar/2017:09:34:19 -0300] "GET /cormunbeta/static/gxcfg.js?201612218515529 HTTP/1.1" 304 -
192.168.10.89 - - [14/Mar/2017:09:34:19 -0300] "GET /cormunbeta/servlet/hhome HTTP/1.1" 200 4349
192.168.10.89 - - [14/Mar/2017:09:34:19 -0300] "GET /cormunbeta/static/gxcfg.js?201612218515568 HTTP/1.1" 304 -
192.168.10.89 - - [14/Mar/2017:09:34:20 -0300] "GET /cormunbeta/static/hhome.js?201612218515573 HTTP/1.1" 304 -
192.168.10.89 - - [14/Mar/2017:09:34:20 -0300] "GET /cormunbeta/static/hwchdr01.js?201612218432057 HTTP/1.1" 304 -
192.168.10.89 - - [14/Mar/2017:09:34:20 -0300] "GET /cormunbeta/static/hpexe_recentlink.js?201610171694390 HTTP/1.1" 304 -
192.168.10.89 - - [14/Mar/2017:09:34:20 -0300] "GET /cormunbeta/static/hpexe_scripts.js?201612218432016 HTTP/1.1" 304 -
192.168.10.89 - - [14/Mar/2017:09:34:20 -0300] "GET /cormunbeta/static/hpexe_messagecontroller.js?201610171694323 HTTP/1.1" 304 -
192.168.10.89 - - [14/Mar/2017:09:34:20 -0300] "GET /cormunbeta/static/hpexe_messagepopupcomponent.js?20161017169425 HTTP/1.1" 304 -
192.168.10.89 - - [14/Mar/2017:09:34:20 -0300] "GET /cormunbeta/static/hpexe_messagegenexuscomponent.js?201612218431816 HTTP/1.1" 304 -
192.168.10.89 - - [14/Mar/2017:09:34:20 -0300] "GET /cormunbeta/static/cmcontrolpreferences.js?201612218431999 HTTP/1.1" 304 -
192.168.10.89 - - [14/Mar/2017:09:34:20 -0300] "GET /cormunbeta/static/hmpwkw03.js?20161221852152 HTTP/1.1" 304 -
186.79.43.69 - - [14/Mar/2017:09:34:21 -0300] "GET /cormun/servlet/solicitudot?fe507d3df03ed8b7e6e8f88df445ce9569d020fa6d3b3689afdf373fbbd0b45f053442a937e6b210cc8fbeda87e11ef896ac742f50122f5180e38139a783b273b2b59e693e81cc180202d71fc56734d54611c900a9174f523dcb19d9e3c723b7c793269c3521bd6398299813a7158a9a6936364a74e102015f26ae4dc014c7207ff585bb82b493223455f1be18c2aef6e0a85435d05febe012bb8863acc6d97674296d30b904606efab9775e94a82b01,gx-no-cache=1489494928131 HTTP/1.1" 200 30
192.168.10.89 - - [14/Mar/2017:09:34:21 -0300] "GET /cormunbeta/servlet/hlogin HTTP/1.1" 200 1739
186.79.43.69 - - [14/Mar/2017:09:34:21 -0300] "POST /cormun/servlet/solicitudot?939091cfedcb9f428e011c3a40ca363b,INS,0,0,,gx-no-cache=1489494928289 HTTP/1.1" 200 93
186.79.43.69 - - [14/Mar/2017:09:34:21 -0300] "GET /cormun/servlet/hpexe_return? HTTP/1.1" 200 1009
186.79.43.69 - - [14/Mar/2017:09:34:21 -0300] "GET /cormun/static/gxcfg.js?2016101716175148 HTTP/1.1" 304 -
186.79.43.69 - - [14/Mar/2017:09:34:22 -0300] "GET /cormun/servlet/trsolicitudot HTTP/1.1" 200 8188
186.79.43.69 - - [14/Mar/2017:09:34:22 -0300] "GET /cormun/servlet/trsolicitudot HTTP/1.1" 200 8184
186.79.43.69 - - [14/Mar/2017:09:34:22 -0300] "GET /cormun//static/Resources/PXToolsRemoveAllAction.png HTTP/1.1" 200 3558
186.79.43.69 - - [14/Mar/2017:09:34:22 -0300] "GET /cormun//static/Resources/PXToolsActionView.png HTTP/1.1" 200 2995
186.103.132.155 - - [14/Mar/2017:09:34:31 -0300] "POST /cormun/servlet/trlicencias?bac092819d0132388e45b9ee7503acdf,,gx-no-cache=1489494941729 HTTP/1.1" 200 3934
192.168.10.89 - - [14/Mar/2017:09:34:36 -0300] "POST /cormunbeta/servlet/hlogin?f0f197edcc29d5221266a11fd63da731,gx-no-cache=1489498158579 HTTP/1.1" 200 449
192.168.10.89 - - [14/Mar/2017:09:34:39 -0300] "POST /cormunbeta/servlet/hlogin?f0f197edcc29d5221266a11fd63da731,gx-no-cache=1489498162152 HTTP/1.1" 200 449
186.103.132.155 - - [14/Mar/2017:09:34:45 -0300] "POST /cormun/servlet/trlicencias?bac092819d0132388e45b9ee7503acdf,,gx-no-cache=1489494956223 HTTP/1.1" 200 3930
186.103.132.155 - - [14/Mar/2017:09:34:52 -0300] "GET /cormun/servlet/hlogin HTTP/1.1" 200 1738
192.168.10.89 - - [14/Mar/2017:09:34:58 -0300] "POST /cormunbeta/servlet/hlogin?f0f197edcc29d5221266a11fd63da731,gx-no-cache=1489498181246 HTTP/1.1" 200 449
