186.103.158.250 - - [14/Mar/2017:11:00:20 -0300] "GET /cormun/servlet/hpexe_return? HTTP/1.1" 200 1019
186.103.158.250 - - [14/Mar/2017:11:00:21 -0300] "GET /cormun/servlet/trsolicitudadjuntos?2017,5488, HTTP/1.1" 200 9031
186.103.159.187 - - [14/Mar/2017:11:00:22 -0300] "POST /cormun/servlet/hlogin?ebcc730e546388a23c876c2f484606b2,gx-no-cache=1489500088431 HTTP/1.1" 200 474
186.103.159.187 - - [14/Mar/2017:11:00:22 -0300] "POST /cormun/servlet/hlogin?ebcc730e546388a23c876c2f484606b2,gx-no-cache=1489500088647 HTTP/1.1" 200 473
186.103.158.250 - - [14/Mar/2017:11:00:22 -0300] "GET /cormun/servlet/trsolicitudadjuntos?2017,5488, HTTP/1.1" 200 9030
186.103.159.187 - - [14/Mar/2017:11:00:23 -0300] "POST /cormun/servlet/hlogin?ebcc730e546388a23c876c2f484606b2,gx-no-cache=1489500089152 HTTP/1.1" 200 473
186.103.159.187 - - [14/Mar/2017:11:00:23 -0300] "POST /cormun/servlet/hlogin?ebcc730e546388a23c876c2f484606b2,gx-no-cache=1489500089185 HTTP/1.1" 200 473
186.103.159.187 - - [14/Mar/2017:11:00:23 -0300] "POST /cormun/servlet/hlogin?ebcc730e546388a23c876c2f484606b2,gx-no-cache=1489500089215 HTTP/1.1" 200 473
186.103.159.187 - - [14/Mar/2017:11:00:23 -0300] "POST /cormun/servlet/hlogin?ebcc730e546388a23c876c2f484606b2,gx-no-cache=1489500089248 HTTP/1.1" 200 473
186.103.159.187 - - [14/Mar/2017:11:00:23 -0300] "POST /cormun/servlet/hlogin?ebcc730e546388a23c876c2f484606b2,gx-no-cache=1489500089281 HTTP/1.1" 200 473
186.103.159.187 - - [14/Mar/2017:11:00:23 -0300] "POST /cormun/servlet/hlogin?ebcc730e546388a23c876c2f484606b2,gx-no-cache=1489500089314 HTTP/1.1" 200 473
186.103.159.187 - - [14/Mar/2017:11:00:23 -0300] "POST /cormun/servlet/hlogin?ebcc730e546388a23c876c2f484606b2,gx-no-cache=1489500089346 HTTP/1.1" 200 473
186.103.159.187 - - [14/Mar/2017:11:00:23 -0300] "POST /cormun/servlet/hlogin?ebcc730e546388a23c876c2f484606b2,gx-no-cache=1489500089380 HTTP/1.1" 200 473
186.103.159.187 - - [14/Mar/2017:11:00:23 -0300] "POST /cormun/servlet/hlogin?ebcc730e546388a23c876c2f484606b2,gx-no-cache=1489500089412 HTTP/1.1" 200 473
186.103.159.187 - - [14/Mar/2017:11:00:23 -0300] "POST /cormun/servlet/hlogin?ebcc730e546388a23c876c2f484606b2,gx-no-cache=1489500089446 HTTP/1.1" 200 473
186.103.159.187 - - [14/Mar/2017:11:00:23 -0300] "POST /cormun/servlet/hlogin?ebcc730e546388a23c876c2f484606b2,gx-no-cache=1489500089479 HTTP/1.1" 200 473
186.103.159.187 - - [14/Mar/2017:11:00:23 -0300] "POST /cormun/servlet/hlogin?ebcc730e546388a23c876c2f484606b2,gx-no-cache=1489500089512 HTTP/1.1" 200 473
186.103.159.187 - - [14/Mar/2017:11:00:23 -0300] "POST /cormun/servlet/hlogin?ebcc730e546388a23c876c2f484606b2,gx-no-cache=1489500089545 HTTP/1.1" 200 473
186.103.159.187 - - [14/Mar/2017:11:00:23 -0300] "POST /cormun/servlet/hlogin?ebcc730e546388a23c876c2f484606b2,gx-no-cache=1489500089578 HTTP/1.1" 200 473
186.103.159.187 - - [14/Mar/2017:11:00:23 -0300] "POST /cormun/servlet/hlogin?ebcc730e546388a23c876c2f484606b2,gx-no-cache=1489500089611 HTTP/1.1" 200 473
186.103.159.187 - - [14/Mar/2017:11:00:23 -0300] "POST /cormun/servlet/hlogin?ebcc730e546388a23c876c2f484606b2,gx-no-cache=1489500089644 HTTP/1.1" 200 473
186.103.159.187 - - [14/Mar/2017:11:00:23 -0300] "POST /cormun/servlet/hlogin?ebcc730e546388a23c876c2f484606b2,gx-no-cache=1489500089677 HTTP/1.1" 200 473
186.103.159.187 - - [14/Mar/2017:11:00:23 -0300] "POST /cormun/servlet/hlogin?ebcc730e546388a23c876c2f484606b2,gx-no-cache=1489500089710 HTTP/1.1" 200 473
186.103.159.187 - - [14/Mar/2017:11:00:23 -0300] "POST /cormun/servlet/hlogin?ebcc730e546388a23c876c2f484606b2,gx-no-cache=1489500089776 HTTP/1.1" 200 473
186.103.159.187 - - [14/Mar/2017:11:00:23 -0300] "POST /cormun/servlet/hlogin?ebcc730e546388a23c876c2f484606b2,gx-no-cache=1489500089809 HTTP/1.1" 200 473
186.103.159.187 - - [14/Mar/2017:11:00:23 -0300] "POST /cormun/servlet/hlogin?ebcc730e546388a23c876c2f484606b2,gx-no-cache=1489500089874 HTTP/1.1" 200 473
186.103.159.187 - - [14/Mar/2017:11:00:23 -0300] "POST /cormun/servlet/hlogin?ebcc730e546388a23c876c2f484606b2,gx-no-cache=1489500089941 HTTP/1.1" 200 473
186.103.159.187 - - [14/Mar/2017:11:00:23 -0300] "POST /cormun/servlet/hlogin?ebcc730e546388a23c876c2f484606b2,gx-no-cache=1489500089973 HTTP/1.1" 200 473
186.103.159.187 - - [14/Mar/2017:11:00:23 -0300] "POST /cormun/servlet/hlogin?ebcc730e546388a23c876c2f484606b2,gx-no-cache=1489500090007 HTTP/1.1" 200 473
186.103.159.187 - - [14/Mar/2017:11:00:23 -0300] "POST /cormun/servlet/hlogin?ebcc730e546388a23c876c2f484606b2,gx-no-cache=1489500090040 HTTP/1.1" 200 473
186.103.159.187 - - [14/Mar/2017:11:00:23 -0300] "POST /cormun/servlet/hlogin?ebcc730e546388a23c876c2f484606b2,gx-no-cache=1489500090072 HTTP/1.1" 200 473
186.103.159.187 - - [14/Mar/2017:11:00:23 -0300] "POST /cormun/servlet/hlogin?ebcc730e546388a23c876c2f484606b2,gx-no-cache=1489500090106 HTTP/1.1" 200 473
186.103.159.187 - - [14/Mar/2017:11:00:24 -0300] "POST /cormun/servlet/hlogin?ebcc730e546388a23c876c2f484606b2,gx-no-cache=1489500090171 HTTP/1.1" 200 473
186.103.159.187 - - [14/Mar/2017:11:00:24 -0300] "POST /cormun/servlet/hlogin?ebcc730e546388a23c876c2f484606b2,gx-no-cache=1489500090204 HTTP/1.1" 200 473
186.103.159.187 - - [14/Mar/2017:11:00:24 -0300] "POST /cormun/servlet/hlogin?ebcc730e546388a23c876c2f484606b2,gx-no-cache=1489500090237 HTTP/1.1" 200 473
186.103.159.187 - - [14/Mar/2017:11:00:24 -0300] "POST /cormun/servlet/hlogin?ebcc730e546388a23c876c2f484606b2,gx-no-cache=1489500090270 HTTP/1.1" 200 473
186.103.159.187 - - [14/Mar/2017:11:00:24 -0300] "POST /cormun/servlet/hlogin?ebcc730e546388a23c876c2f484606b2,gx-no-cache=1489500090303 HTTP/1.1" 200 473
186.103.159.187 - - [14/Mar/2017:11:00:24 -0300] "POST /cormun/servlet/hlogin?ebcc730e546388a23c876c2f484606b2,gx-no-cache=1489500090371 HTTP/1.1" 200 473
186.103.159.187 - - [14/Mar/2017:11:00:24 -0300] "POST /cormun/servlet/hlogin?ebcc730e546388a23c876c2f484606b2,gx-no-cache=1489500090402 HTTP/1.1" 200 473
186.103.159.187 - - [14/Mar/2017:11:00:24 -0300] "POST /cormun/servlet/hlogin?ebcc730e546388a23c876c2f484606b2,gx-no-cache=1489500090435 HTTP/1.1" 200 473
186.103.159.187 - - [14/Mar/2017:11:00:24 -0300] "POST /cormun/servlet/hlogin?ebcc730e546388a23c876c2f484606b2,gx-no-cache=1489500090468 HTTP/1.1" 200 473
186.103.159.187 - - [14/Mar/2017:11:00:24 -0300] "POST /cormun/servlet/hlogin?ebcc730e546388a23c876c2f484606b2,gx-no-cache=1489500090501 HTTP/1.1" 200 473
186.103.159.187 - - [14/Mar/2017:11:00:24 -0300] "POST /cormun/servlet/hlogin?ebcc730e546388a23c876c2f484606b2,gx-no-cache=1489500090534 HTTP/1.1" 200 473
186.103.159.187 - - [14/Mar/2017:11:00:24 -0300] "POST /cormun/servlet/hlogin?ebcc730e546388a23c876c2f484606b2,gx-no-cache=1489500090568 HTTP/1.1" 200 473
186.103.159.187 - - [14/Mar/2017:11:00:24 -0300] "POST /cormun/servlet/hlogin?ebcc730e546388a23c876c2f484606b2,gx-no-cache=1489500090633 HTTP/1.1" 200 473
186.103.159.187 - - [14/Mar/2017:11:00:24 -0300] "POST /cormun/servlet/hlogin?ebcc730e546388a23c876c2f484606b2,gx-no-cache=1489500090700 HTTP/1.1" 200 473
186.103.159.187 - - [14/Mar/2017:11:00:24 -0300] "POST /cormun/servlet/hlogin?ebcc730e546388a23c876c2f484606b2,gx-no-cache=1489500090765 HTTP/1.1" 200 473
186.103.159.187 - - [14/Mar/2017:11:00:24 -0300] "POST /cormun/servlet/hlogin?ebcc730e546388a23c876c2f484606b2,gx-no-cache=1489500090831 HTTP/1.1" 200 473
192.168.10.96 - - [14/Mar/2017:11:00:26 -0300] "POST /cormun/servlet/trsolicitudgral?30aacf61c83483e71ef964306466305e,,gx-no-cache=1489503308653 HTTP/1.1" 200 5135
186.103.158.250 - - [14/Mar/2017:11:00:27 -0300] "GET /cormun/servlet/solicitudotadjuntos?INS,2017,5488,,2, HTTP/1.1" 200 5966
186.103.158.250 - - [14/Mar/2017:11:00:28 -0300] "GET /cormun/static/about:blank HTTP/1.1" 404 1011
186.103.159.44 - - [14/Mar/2017:11:00:29 -0300] "GET /cormun/servlet/solicitudot?305aea7ecb5d3cb7630b30c63a492fa093e9c8c97c875e6419656c950c114c618f7ae1fa654474c78d77676dc9d0c8d2d16a37cb86de516a8829b1bc6d9e514e2a0a9072d1868681ce3d6bd54a50c623381b365fafbd9b41a9747cef1bdf35006584170e53602ab32af920d3a519b26f1176a18e2a3391b2e0bf1b822c4cb1ba647280e985be221114d0200269d161f01632bf0f247df2f78d7989881012c9889aa0bb09c1790893b5d5dd83b09b32a2,gx-no-cache=1489500095896 HTTP/1.1" 200 30
186.103.158.250 - - [14/Mar/2017:11:00:29 -0300] "GET /cormun/servlet/solicitudotadjuntos?INS,2017,5488,,2, HTTP/1.1" 200 5958
186.103.158.250 - - [14/Mar/2017:11:00:29 -0300] "GET /cormun/servlet/solicitudotadjuntos?d4fff27e0b469dd19646526f1472b66cf5182d11ffa56f3faa929fc892574ee66d228f9f40b01d9cdb76e2bfdc14d9c3,gx-no-cache=1489500097959 HTTP/1.1" 200 30
186.103.158.250 - - [14/Mar/2017:11:00:29 -0300] "POST /cormun/servlet/solicitudotadjuntos?e2e93305384b47e168e45b7e88ff09e0,INS,2017,5488,,2,,gx-no-cache=1489500098033 HTTP/1.1" 200 4001
192.168.10.96 - - [14/Mar/2017:11:00:30 -0300] "POST /cormun/servlet/trsolicitudgral?30aacf61c83483e71ef964306466305e,,gx-no-cache=1489503312866 HTTP/1.1" 200 6493
192.168.10.96 - - [14/Mar/2017:11:00:35 -0300] "POST /cormun/servlet/trsolicitudgral?30aacf61c83483e71ef964306466305e,,gx-no-cache=1489503317968 HTTP/1.1" 200 5135
186.103.159.187 - - [14/Mar/2017:11:00:36 -0300] "POST /cormun/servlet/hlogin?ebcc730e546388a23c876c2f484606b2,gx-no-cache=1489500102766 HTTP/1.1" 200 474
186.103.158.250 - - [14/Mar/2017:11:00:37 -0300] "POST /cormun/servlet/solicitudotadjuntos?gx-no-cache=1489500106069 HTTP/1.1" 200 26
192.168.10.96 - - [14/Mar/2017:11:00:38 -0300] "POST /cormun/servlet/trsolicitudgral?30aacf61c83483e71ef964306466305e,,gx-no-cache=1489503321156 HTTP/1.1" 200 6527
186.103.158.250 - - [14/Mar/2017:11:00:42 -0300] "GET /cormun/servlet/solicitudotadjuntos?d4fff27e0b469dd19646526f1472b66cf62960a38a16cd4e0ca4955d716d3a66,gx-no-cache=1489500110549 HTTP/1.1" 200 30
186.103.158.250 - - [14/Mar/2017:11:00:42 -0300] "GET /cormun/servlet/solicitudotadjuntos?d4fff27e0b469dd19646526f1472b66cf62960a38a16cd4e0ca4955d716d3a66,gx-no-cache=1489500110594 HTTP/1.1" 200 30
186.103.158.250 - - [14/Mar/2017:11:00:44 -0300] "POST /cormun/servlet/solicitudotadjuntos?e2e93305384b47e168e45b7e88ff09e0,INS,2017,5488,,2, HTTP/1.1" 200 116
186.103.158.250 - - [14/Mar/2017:11:00:44 -0300] "GET /cormun/servlet/hpexe_return? HTTP/1.1" 200 1019
186.103.159.187 - - [14/Mar/2017:11:00:44 -0300] "POST /cormun/servlet/hlogin?ebcc730e546388a23c876c2f484606b2,gx-no-cache=1489500110514 HTTP/1.1" 200 474
186.103.158.250 - - [14/Mar/2017:11:00:44 -0300] "GET /cormun/servlet/trsolicitudadjuntos?2017,5488, HTTP/1.1" 200 9252
192.168.10.96 - - [14/Mar/2017:11:00:45 -0300] "POST /cormun/servlet/trsolicitudgral?30aacf61c83483e71ef964306466305e,,gx-no-cache=1489503327348 HTTP/1.1" 200 14841
186.103.158.250 - - [14/Mar/2017:11:00:46 -0300] "GET /cormun/servlet/trsolicitudadjuntos?2017,5488, HTTP/1.1" 200 9250
186.103.159.44 - - [14/Mar/2017:11:00:48 -0300] "POST /cormun/servlet/solicitudot?ba92d5ec58b3c7ada6fab727871e55a2,INS,0,0,,gx-no-cache=1489500115265 HTTP/1.1" 200 93
186.103.159.44 - - [14/Mar/2017:11:00:48 -0300] "GET /cormun/servlet/hpexe_return? HTTP/1.1" 200 1008
186.103.159.44 - - [14/Mar/2017:11:00:48 -0300] "GET /cormun/static/gxcfg.js?2016101716175148 HTTP/1.1" 304 -
186.103.159.187 - - [14/Mar/2017:11:00:49 -0300] "POST /cormun/servlet/hlogin?ebcc730e546388a23c876c2f484606b2,gx-no-cache=1489500115232 HTTP/1.1" 200 90
186.103.159.187 - - [14/Mar/2017:11:00:49 -0300] "GET /cormun/servlet/hpexe_link HTTP/1.1" 200 956
186.103.159.44 - - [14/Mar/2017:11:00:49 -0300] "GET /cormun/servlet/trsolicitudot HTTP/1.1" 200 10147
186.103.159.187 - - [14/Mar/2017:11:00:49 -0300] "GET /cormun/servlet/hhome HTTP/1.1" 200 3948
186.103.159.187 - - [14/Mar/2017:11:00:50 -0300] "GET /cormun/servlet/hhome HTTP/1.1" 200 3944
186.103.158.250 - - [14/Mar/2017:11:00:52 -0300] "GET /cormun/servlet/solicitudotadjuntos?INS,2017,5488,,2, HTTP/1.1" 200 5966
186.103.158.250 - - [14/Mar/2017:11:00:52 -0300] "GET /cormun/static/about:blank HTTP/1.1" 404 1011
186.103.158.250 - - [14/Mar/2017:11:00:53 -0300] "GET /cormun/servlet/solicitudotadjuntos?INS,2017,5488,,2, HTTP/1.1" 200 5958
186.103.158.250 - - [14/Mar/2017:11:00:53 -0300] "GET /cormun/servlet/solicitudotadjuntos?d4fff27e0b469dd19646526f1472b66cf5182d11ffa56f3faa929fc892574ee66d228f9f40b01d9cdb76e2bfdc14d9c3,gx-no-cache=1489500122150 HTTP/1.1" 200 30
186.103.158.250 - - [14/Mar/2017:11:00:53 -0300] "POST /cormun/servlet/solicitudotadjuntos?e2e93305384b47e168e45b7e88ff09e0,INS,2017,5488,,2,,gx-no-cache=1489500122227 HTTP/1.1" 200 4001
186.103.159.187 - - [14/Mar/2017:11:00:54 -0300] "GET /cormun/servlet/trautorizarsolicitud? HTTP/1.1" 200 9524
186.103.159.187 - - [14/Mar/2017:11:00:54 -0300] "GET /cormun/static/gxcfg.js?2017259112829 HTTP/1.1" 304 -
186.103.159.187 - - [14/Mar/2017:11:00:54 -0300] "GET /cormun/static/trautorizarsolicitud.js?2017259113483 HTTP/1.1" 304 -
186.103.159.187 - - [14/Mar/2017:11:00:55 -0300] "GET /cormun/servlet/trautorizarsolicitud? HTTP/1.1" 200 9523
186.103.159.187 - - [14/Mar/2017:11:01:03 -0300] "POST /cormun/servlet/trautorizarsolicitud?ebcc730e546388a23c876c2f484606b2,,gx-no-cache=1489500129386 HTTP/1.1" 200 6485
186.103.159.187 - - [14/Mar/2017:11:01:03 -0300] "GET /cormun/static/Shared/jqueryui/images/ui-bg_highlight-soft_100_c6c2c8_1x100.png HTTP/1.1" 404 1117
186.103.159.187 - - [14/Mar/2017:11:01:03 -0300] "GET /cormun/static/Shared/jqueryui/images/ui-icons_82798d_256x240.png HTTP/1.1" 404 1089
186.103.159.187 - - [14/Mar/2017:11:01:03 -0300] "GET /cormun/static/Shared/jqueryui/images/ui-bg_flat_55_fafafa_40x100.png HTTP/1.1" 404 1097
186.103.159.187 - - [14/Mar/2017:11:01:03 -0300] "GET /cormun/static/Shared/jqueryui/images/ui-icons_8d78a5_256x240.png HTTP/1.1" 404 1089
186.103.159.187 - - [14/Mar/2017:11:01:03 -0300] "POST /cormun/servlet/trautorizarsolicitud?ebcc730e546388a23c876c2f484606b2,,gx-no-cache=1489500129810 HTTP/1.1" 200 6429
186.103.159.187 - - [14/Mar/2017:11:01:04 -0300] "POST /cormun/servlet/trautorizarsolicitud?ebcc730e546388a23c876c2f484606b2,,gx-no-cache=1489500130718 HTTP/1.1" 200 6186
186.103.159.187 - - [14/Mar/2017:11:01:05 -0300] "POST /cormun/servlet/trautorizarsolicitud?ebcc730e546388a23c876c2f484606b2,,gx-no-cache=1489500131053 HTTP/1.1" 200 6129
186.103.159.187 - - [14/Mar/2017:11:01:05 -0300] "POST /cormun/servlet/trautorizarsolicitud?ebcc730e546388a23c876c2f484606b2,,gx-no-cache=1489500131899 HTTP/1.1" 200 5860
186.103.159.187 - - [14/Mar/2017:11:01:06 -0300] "POST /cormun/servlet/trautorizarsolicitud?ebcc730e546388a23c876c2f484606b2,,gx-no-cache=1489500132259 HTTP/1.1" 200 5805
186.103.159.187 - - [14/Mar/2017:11:01:07 -0300] "POST /cormun/servlet/trautorizarsolicitud?ebcc730e546388a23c876c2f484606b2,,gx-no-cache=1489500132999 HTTP/1.1" 200 5482
186.103.159.187 - - [14/Mar/2017:11:01:07 -0300] "POST /cormun/servlet/trautorizarsolicitud?ebcc730e546388a23c876c2f484606b2,,gx-no-cache=1489500133309 HTTP/1.1" 200 5426
192.168.10.96 - - [14/Mar/2017:11:01:07 -0300] "GET /cormun/servlet/trconsultaempleado? HTTP/1.1" 200 9195
186.103.159.187 - - [14/Mar/2017:11:01:08 -0300] "POST /cormun/servlet/trautorizarsolicitud?ebcc730e546388a23c876c2f484606b2,,gx-no-cache=1489500134262 HTTP/1.1" 200 4343
186.79.32.136 - - [14/Mar/2017:11:01:08 -0300] "GET /cormun/servlet/solicitudotadjuntos?7307e1250d9d581035bb1b4de17a621c55458d0c7139db5b2c138798b00f4add,gx-no-cache=1489500139291 HTTP/1.1" 200 30
186.103.159.187 - - [14/Mar/2017:11:01:08 -0300] "POST /cormun/servlet/trautorizarsolicitud?ebcc730e546388a23c876c2f484606b2,,gx-no-cache=1489500134514 HTTP/1.1" 200 4092
186.79.32.136 - - [14/Mar/2017:11:01:09 -0300] "GET /cormun/servlet/solicitudotadjuntos?7307e1250d9d581035bb1b4de17a621c55458d0c7139db5b2c138798b00f4add,gx-no-cache=1489500140570 HTTP/1.1" 200 30
192.168.10.96 - - [14/Mar/2017:11:01:09 -0300] "GET /cormun/servlet/trconsultaempleado? HTTP/1.1" 200 9194
186.103.159.44 - - [14/Mar/2017:11:01:12 -0300] "POST /cormun/servlet/trsolicitudot?ba92d5ec58b3c7ada6fab727871e55a2,gx-no-cache=1489500139570 HTTP/1.1" 200 6965
186.103.159.44 - - [14/Mar/2017:11:01:13 -0300] "POST /cormun/servlet/trsolicitudot?ba92d5ec58b3c7ada6fab727871e55a2,gx-no-cache=1489500140641 HTTP/1.1" 200 6905
186.103.159.44 - - [14/Mar/2017:11:01:14 -0300] "GET /cormun/static/Shared/jqueryui/images/ui-icons_8d78a5_256x240.png HTTP/1.1" 404 1089
186.103.159.44 - - [14/Mar/2017:11:01:14 -0300] "GET /cormun/static/Shared/jqueryui/images/ui-icons_82798d_256x240.png HTTP/1.1" 404 1089
186.103.159.44 - - [14/Mar/2017:11:01:14 -0300] "GET /cormun/static/Shared/jqueryui/images/ui-bg_highlight-soft_100_c6c2c8_1x100.png HTTP/1.1" 404 1117
186.103.159.44 - - [14/Mar/2017:11:01:14 -0300] "GET /cormun/static/Shared/jqueryui/images/ui-bg_flat_55_fafafa_40x100.png HTTP/1.1" 404 1097
186.79.32.136 - - [14/Mar/2017:11:01:23 -0300] "POST /cormun/servlet/solicitudotadjuntos?764d0577ac3a6a8f084a7ad161613035,INS,2017,5485,,1, HTTP/1.1" 200 116
186.79.32.136 - - [14/Mar/2017:11:01:23 -0300] "GET /cormun/servlet/hpexe_return? HTTP/1.1" 200 1022
186.79.32.136 - - [14/Mar/2017:11:01:24 -0300] "GET /cormun/servlet/trsolicitudadjuntos?2017,5485, HTTP/1.1" 200 8926
186.103.158.250 - - [14/Mar/2017:11:01:24 -0300] "POST /cormun/servlet/solicitudotadjuntos?gx-no-cache=1489500153281 HTTP/1.1" 200 26
186.79.32.136 - - [14/Mar/2017:11:01:26 -0300] "GET /cormun/servlet/trsolicitudadjuntos?2017,5485, HTTP/1.1" 200 8922
186.103.158.250 - - [14/Mar/2017:11:01:30 -0300] "GET /cormun/servlet/solicitudotadjuntos?d4fff27e0b469dd19646526f1472b66cf62960a38a16cd4e0ca4955d716d3a66,gx-no-cache=1489500159337 HTTP/1.1" 200 30
186.103.158.250 - - [14/Mar/2017:11:01:30 -0300] "GET /cormun/servlet/solicitudotadjuntos?d4fff27e0b469dd19646526f1472b66cf62960a38a16cd4e0ca4955d716d3a66,gx-no-cache=1489500159384 HTTP/1.1" 200 30
186.103.158.250 - - [14/Mar/2017:11:01:33 -0300] "POST /cormun/servlet/solicitudotadjuntos?e2e93305384b47e168e45b7e88ff09e0,INS,2017,5488,,2, HTTP/1.1" 200 6160
186.103.158.250 - - [14/Mar/2017:11:01:34 -0300] "GET /home/sistema/apache-tomcat-7.0.65/webapps/cormun/PrivateTempStorage/upload_00017692.pdf HTTP/1.1" 404 1135
186.103.158.250 - - [14/Mar/2017:11:01:34 -0300] "GET /home/sistema/apache-tomcat-7.0.65/webapps/cormun/PrivateTempStorage/upload_00017692.pdf HTTP/1.1" 404 1135
186.103.158.250 - - [14/Mar/2017:11:01:34 -0300] "GET /cormun/static/Shared/jqueryui/images/ui-bg_highlight-soft_100_c6c2c8_1x100.png HTTP/1.1" 404 1117
186.103.158.250 - - [14/Mar/2017:11:01:34 -0300] "GET /cormun/static/Shared/jqueryui/images/ui-icons_82798d_256x240.png HTTP/1.1" 404 1089
186.103.158.250 - - [14/Mar/2017:11:01:34 -0300] "GET /cormun/static/Shared/jqueryui/images/ui-bg_flat_55_994d53_40x100.png HTTP/1.1" 404 1097
186.103.158.250 - - [14/Mar/2017:11:01:34 -0300] "GET /cormun/static/Shared/jqueryui/images/ui-icons_ebccce_256x240.png HTTP/1.1" 404 1089
186.79.32.136 - - [14/Mar/2017:11:01:35 -0300] "GET /cormun/servlet/solicitudotadjuntos?INS,2017,5485,,1, HTTP/1.1" 200 6029
186.79.32.136 - - [14/Mar/2017:11:01:36 -0300] "GET /cormun/static/about:blank HTTP/1.1" 404 1011
186.79.32.136 - - [14/Mar/2017:11:01:37 -0300] "GET /cormun/servlet/solicitudotadjuntos?INS,2017,5485,,1, HTTP/1.1" 200 6022
186.79.32.136 - - [14/Mar/2017:11:01:37 -0300] "GET /cormun/servlet/solicitudotadjuntos?7307e1250d9d581035bb1b4de17a621cadb08e2dae54443622109d442ce282aacbea021e5e3f37446307d9dac77c4b80,gx-no-cache=1489500169625 HTTP/1.1" 200 30
186.79.32.136 - - [14/Mar/2017:11:01:38 -0300] "POST /cormun/servlet/solicitudotadjuntos?764d0577ac3a6a8f084a7ad161613035,INS,2017,5485,,1,,gx-no-cache=1489500169984 HTTP/1.1" 200 3861
186.79.32.136 - - [14/Mar/2017:11:01:43 -0300] "POST /cormun/servlet/solicitudotadjuntos?gx-no-cache=1489500175193 HTTP/1.1" 200 26
186.103.158.250 - - [14/Mar/2017:11:01:44 -0300] "POST /cormun/servlet/solicitudotadjuntos?e2e93305384b47e168e45b7e88ff09e0,INS,2017,5488,,2, HTTP/1.1" 200 116
186.103.158.250 - - [14/Mar/2017:11:01:44 -0300] "GET /cormun/servlet/hpexe_return? HTTP/1.1" 200 1019
186.103.158.250 - - [14/Mar/2017:11:01:44 -0300] "GET /cormun/servlet/trsolicitudadjuntos?2017,5488, HTTP/1.1" 200 9250
186.103.158.250 - - [14/Mar/2017:11:01:46 -0300] "GET /cormun/servlet/trsolicitudadjuntos?2017,5488, HTTP/1.1" 200 9249
186.79.32.136 - - [14/Mar/2017:11:01:50 -0300] "GET /cormun/servlet/solicitudotadjuntos?7307e1250d9d581035bb1b4de17a621c55458d0c7139db5b2c138798b00f4add,gx-no-cache=1489500182626 HTTP/1.1" 200 30
186.79.32.136 - - [14/Mar/2017:11:01:51 -0300] "GET /cormun/servlet/solicitudotadjuntos?7307e1250d9d581035bb1b4de17a621c55458d0c7139db5b2c138798b00f4add,gx-no-cache=1489500182926 HTTP/1.1" 200 30
186.103.158.250 - - [14/Mar/2017:11:02:08 -0300] "GET /cormun/servlet/trautorizarsolicitud? HTTP/1.1" 200 6855
186.103.158.250 - - [14/Mar/2017:11:02:09 -0300] "GET /cormun/servlet/trautorizarsolicitud? HTTP/1.1" 200 6843
186.79.32.136 - - [14/Mar/2017:11:02:15 -0300] "POST /cormun/servlet/solicitudotadjuntos?764d0577ac3a6a8f084a7ad161613035,INS,2017,5485,,1, HTTP/1.1" 200 116
186.79.32.136 - - [14/Mar/2017:11:02:15 -0300] "GET /cormun/servlet/hpexe_return? HTTP/1.1" 200 1022
186.103.158.250 - - [14/Mar/2017:11:02:15 -0300] "POST /cormun/servlet/trautorizarsolicitud?e2e93305384b47e168e45b7e88ff09e0,,gx-no-cache=1489500203928 HTTP/1.1" 200 4114
186.79.32.136 - - [14/Mar/2017:11:02:16 -0300] "GET /cormun/servlet/trsolicitudadjuntos?2017,5485, HTTP/1.1" 200 9115
186.103.158.250 - - [14/Mar/2017:11:02:17 -0300] "POST /cormun/servlet/trautorizarsolicitud?e2e93305384b47e168e45b7e88ff09e0,,gx-no-cache=1489500205671 HTTP/1.1" 200 4114
186.103.158.250 - - [14/Mar/2017:11:02:17 -0300] "POST /cormun/servlet/trautorizarsolicitud?e2e93305384b47e168e45b7e88ff09e0,,gx-no-cache=1489500205966 HTTP/1.1" 200 4114
186.79.32.136 - - [14/Mar/2017:11:02:18 -0300] "GET /cormun/servlet/trsolicitudadjuntos?2017,5485, HTTP/1.1" 200 9110
186.103.158.250 - - [14/Mar/2017:11:02:20 -0300] "GET /cormun/servlet/trsolicitudot? HTTP/1.1" 200 8590
186.103.158.250 - - [14/Mar/2017:11:02:21 -0300] "GET /cormun/servlet/trsolicitudot? HTTP/1.1" 200 8590
186.79.32.136 - - [14/Mar/2017:11:02:23 -0300] "GET /cormun/servlet/trsolicitudot? HTTP/1.1" 200 8691
186.79.32.136 - - [14/Mar/2017:11:02:25 -0300] "GET /cormun/servlet/trsolicitudot? HTTP/1.1" 200 8685
186.103.158.250 - - [14/Mar/2017:11:02:31 -0300] "POST /cormun/servlet/trsolicitudot?e2e93305384b47e168e45b7e88ff09e0,,gx-no-cache=1489500219770 HTTP/1.1" 200 5468
186.103.158.250 - - [14/Mar/2017:11:02:31 -0300] "GET /cormun/static/Shared/jqueryui/images/ui-bg_highlight-soft_100_c6c2c8_1x100.png HTTP/1.1" 404 1117
186.103.158.250 - - [14/Mar/2017:11:02:31 -0300] "GET /cormun/static/Shared/jqueryui/images/ui-icons_82798d_256x240.png HTTP/1.1" 404 1089
186.103.158.250 - - [14/Mar/2017:11:02:31 -0300] "GET /cormun/static/Shared/jqueryui/images/ui-bg_flat_55_fafafa_40x100.png HTTP/1.1" 404 1097
186.103.158.250 - - [14/Mar/2017:11:02:31 -0300] "GET /cormun/static/Shared/jqueryui/images/ui-icons_8d78a5_256x240.png HTTP/1.1" 404 1089
186.103.158.250 - - [14/Mar/2017:11:02:32 -0300] "POST /cormun/servlet/trsolicitudot?e2e93305384b47e168e45b7e88ff09e0,,gx-no-cache=1489500220199 HTTP/1.1" 200 5409
186.79.32.136 - - [14/Mar/2017:11:02:42 -0300] "POST /cormun/servlet/trsolicitudot?764d0577ac3a6a8f084a7ad161613035,,gx-no-cache=1489500230394 HTTP/1.1" 200 5473
186.79.32.136 - - [14/Mar/2017:11:02:43 -0300] "GET /cormun/static/Shared/jqueryui/images/ui-bg_highlight-soft_100_c6c2c8_1x100.png HTTP/1.1" 404 1117
186.79.32.136 - - [14/Mar/2017:11:02:43 -0300] "GET /cormun/static/Shared/jqueryui/images/ui-icons_82798d_256x240.png HTTP/1.1" 404 1089
186.79.32.136 - - [14/Mar/2017:11:02:43 -0300] "GET /cormun/static/Shared/jqueryui/images/ui-bg_flat_55_fafafa_40x100.png HTTP/1.1" 404 1097
186.79.32.136 - - [14/Mar/2017:11:02:43 -0300] "GET /cormun/static/Shared/jqueryui/images/ui-icons_8d78a5_256x240.png HTTP/1.1" 404 1089
186.79.32.136 - - [14/Mar/2017:11:02:44 -0300] "POST /cormun/servlet/trsolicitudot?764d0577ac3a6a8f084a7ad161613035,,gx-no-cache=1489500235134 HTTP/1.1" 200 5416
186.79.32.136 - - [14/Mar/2017:11:02:49 -0300] "GET /cormun/servlet/trautorizarsolicitud? HTTP/1.1" 200 8182
186.79.32.136 - - [14/Mar/2017:11:02:51 -0300] "GET /cormun/servlet/trautorizarsolicitud? HTTP/1.1" 200 8182
186.79.32.136 - - [14/Mar/2017:11:03:01 -0300] "POST /cormun/servlet/trautorizarsolicitud?764d0577ac3a6a8f084a7ad161613035,,gx-no-cache=1489500252772 HTTP/1.1" 200 4327
186.79.32.136 - - [14/Mar/2017:11:03:01 -0300] "GET /cormun/static/Shared/jqueryui/images/ui-bg_highlight-soft_100_c6c2c8_1x100.png HTTP/1.1" 404 1117
186.79.32.136 - - [14/Mar/2017:11:03:01 -0300] "GET /cormun/static/Shared/jqueryui/images/ui-icons_82798d_256x240.png HTTP/1.1" 404 1089
186.79.32.136 - - [14/Mar/2017:11:03:01 -0300] "GET /cormun/static/Shared/jqueryui/images/ui-bg_flat_55_fafafa_40x100.png HTTP/1.1" 404 1097
186.79.32.136 - - [14/Mar/2017:11:03:01 -0300] "GET /cormun/static/Shared/jqueryui/images/ui-icons_8d78a5_256x240.png HTTP/1.1" 404 1089
186.79.32.136 - - [14/Mar/2017:11:03:02 -0300] "POST /cormun/servlet/trautorizarsolicitud?764d0577ac3a6a8f084a7ad161613035,,gx-no-cache=1489500253646 HTTP/1.1" 200 4096
186.103.158.250 - - [14/Mar/2017:11:03:06 -0300] "GET /cormun/servlet/trsolicitudot? HTTP/1.1" 200 8168
186.103.158.250 - - [14/Mar/2017:11:03:07 -0300] "GET /cormun/servlet/trsolicitudot? HTTP/1.1" 200 8168
186.79.32.136 - - [14/Mar/2017:11:03:12 -0300] "GET /cormun/servlet/hlogin HTTP/1.1" 200 1738
186.103.158.250 - - [14/Mar/2017:11:03:16 -0300] "POST /cormun/servlet/trsolicitudot?e2e93305384b47e168e45b7e88ff09e0,,gx-no-cache=1489500265091 HTTP/1.1" 200 5427
186.103.158.250 - - [14/Mar/2017:11:03:19 -0300] "POST /cormun/servlet/trsolicitudot?e2e93305384b47e168e45b7e88ff09e0,,gx-no-cache=1489500267778 HTTP/1.1" 200 5428
186.103.158.250 - - [14/Mar/2017:11:03:38 -0300] "GET /cormun/servlet/trsolicitudot? HTTP/1.1" 200 8168
186.103.158.250 - - [14/Mar/2017:11:03:39 -0300] "GET /cormun/servlet/trsolicitudot? HTTP/1.1" 200 8168
186.103.158.250 - - [14/Mar/2017:11:03:45 -0300] "GET /cormun/servlet/solicitudot?INS,0,0, HTTP/1.1" 200 12741
201.236.57.223 - - [14/Mar/2017:11:03:46 -0300] "POST /cormun/servlet/solicitudot?gx-no-cache=1489500289752 HTTP/1.1" 200 3168
186.103.158.250 - - [14/Mar/2017:11:03:46 -0300] "GET /cormun/servlet/solicitudot?INS,0,0, HTTP/1.1" 200 12746
201.236.57.223 - - [14/Mar/2017:11:03:47 -0300] "POST /cormun/servlet/solicitudot?d44fe8b81883253e2cedfa29a5f16867,INS,0,0,,gx-no-cache=1489500290443 HTTP/1.1" 200 9943
186.103.158.250 - - [14/Mar/2017:11:03:58 -0300] "POST /cormun/servlet/solicitudot?gx-no-cache=1489500307261 HTTP/1.1" 200 3180
186.103.158.250 - - [14/Mar/2017:11:03:59 -0300] "POST /cormun/servlet/solicitudot?e2e93305384b47e168e45b7e88ff09e0,INS,0,0,,gx-no-cache=1489500307513 HTTP/1.1" 200 9962
186.103.158.250 - - [14/Mar/2017:11:04:09 -0300] "GET /cormun/servlet/solicitudot?d4fff27e0b469dd19646526f1472b66c56652c9753b876974b03faabe464794cab5de7c6f56eb4bbcf959a78cd70b265,gx-no-cache=1489500317578 HTTP/1.1" 200 30
186.103.158.250 - - [14/Mar/2017:11:04:09 -0300] "POST /cormun/servlet/solicitudot?gx-no-cache=1489500317675 HTTP/1.1" 200 255
186.103.158.250 - - [14/Mar/2017:11:04:09 -0300] "GET /cormun/servlet/solicitudot?d4fff27e0b469dd19646526f1472b66cbb46254dec72888158beeaef9953966da169fdc32b0c820fd4b62802fda8dd254e83b67146758d142a82ca3fdf04945add57ed57a9ab9606d4844ace5989215a993f3c1f883a924c0aca1ff5a630f7f86bd3a96c93ae5f2983d92e6ddd8435824b18510efba85fe9f5e55a278f6d8a2b81333286b75db3cfc3d0e070fe65177806ad1260846f94da89796c5692bf020cfaf62e41e00731af1e0fe59c18073057e19b9636293c984fe95cdfe23f9b33c3e822af6cc15e68aec8deaeceea484853b396b434f796e646628c5c849076856c68a5ebe7cf38e54b214ae6a1cd9f397ae63d7d709ef7e5ce47d8bf421af72384fec6ba7df8471a589c0fe5c4555cfe8af90ee31f64611d36177eccd4871e322fa671e5f4a79f748635d4402effa65e5bf67c29344cc8e1951c67d230f2a4d366dba9aeb98fa096dd5c6b6354c5a197d72b510c69353073260f771774c84561d8d4cc3e94e63171be88b4964a9d6a8e7cbc6afe153a24de9a52f15bd577dafe8f,gx-no-cache=1489500317727 HTTP/1.1" 200 30
201.236.57.223 - - [14/Mar/2017:11:04:11 -0300] "GET /cormun/servlet/solicitudot?9c150e7e2d422f8edba3c1abc63d6fa6709d029efba0763dd672a67f6b635e9f8e63671a08672ae9bf35474df949321b,gx-no-cache=1489500314825 HTTP/1.1" 200 30
201.236.57.223 - - [14/Mar/2017:11:04:12 -0300] "POST /cormun/servlet/solicitudot?gx-no-cache=1489500316183 HTTP/1.1" 200 240
201.236.57.223 - - [14/Mar/2017:11:04:13 -0300] "GET /cormun/servlet/solicitudot?9c150e7e2d422f8edba3c1abc63d6fa6f35ad0efdf6df63a3763d223f4a0a1f132ab071a8418c9050cbe70cb82142946eb70e15f616a459445d3570af336b04efa7d2b094c2383529674865c3449ea9430f576f07e927b1659d27ae2a3f8f2d99c12a551782f4992d7c85de2b07197602e63031dd3d086ab5eb180be4f6bca1514ee22e347fefa791b7f98fa80d55c145de70a203bd01870bb0038d7a63f2a3d3659d6c16f366ec4581bd7568baf81485797473930ed6d3ff4d4f27bc08a16a1ad05a66e81bb315eb56452dba015fd012411e0653655fa10c1665e7ca593ea20965efdb533ff6af42978f432b4403d9564e0b71e738342f74b7d2c779a946dad6ed6d547ae8bfb7f9aa4d1cc466e03fcbd55df9e2ac856761d3bae8fdd0f61983b20b02e9d5c41067e0034683668ca00b80530becf6d905523e3370361d260a064262abd60772fa42714f99eae714dff18c196d93c90b4629a74b5ffe7359cc5ebc56a1360651366674fbbfa5e1122f33806b24ca119ee108825759e7e7f8182,gx-no-cache=1489500317135 HTTP/1.1" 200 30
186.103.158.250 - - [14/Mar/2017:11:04:19 -0300] "POST /cormun/servlet/solicitudot?gx-no-cache=1489500328144 HTTP/1.1" 200 30
201.236.57.223 - - [14/Mar/2017:11:04:22 -0300] "POST /cormun/servlet/solicitudot?gx-no-cache=1489500325976 HTTP/1.1" 200 30
201.236.57.223 - - [14/Mar/2017:11:04:23 -0300] "POST /cormun/servlet/solicitudot?gx-no-cache=1489500326985 HTTP/1.1" 200 1292
201.236.57.223 - - [14/Mar/2017:11:04:25 -0300] "POST /cormun/servlet/solicitudot?gx-no-cache=1489500327913 HTTP/1.1" 200 38
201.236.57.223 - - [14/Mar/2017:11:04:38 -0300] "POST /cormun/servlet/solicitudot?gx-no-cache=1489500342177 HTTP/1.1" 200 30
201.236.57.223 - - [14/Mar/2017:11:04:43 -0300] "GET /cormun/servlet/prsolicitudot?17136119,,,,,MD,,gxPopupLevel%3D0%3B HTTP/1.1" 200 6094
201.236.57.223 - - [14/Mar/2017:11:04:46 -0300] "GET /cormun/static/gxcfg.js?20161221854215 HTTP/1.1" 200 953
201.236.57.223 - - [14/Mar/2017:11:04:50 -0300] "GET /cormun/static/prsolicitudot.js?201612218542259 HTTP/1.1" 200 13680
201.236.57.223 - - [14/Mar/2017:11:04:50 -0300] "GET /cormun/static/menusearch.js?201610171694467 HTTP/1.1" 304 -
201.236.57.223 - - [14/Mar/2017:11:04:50 -0300] "GET /cormun/static/hmpwkw011.js?201612218515582 HTTP/1.1" 304 -
201.236.57.223 - - [14/Mar/2017:11:05:22 -0300] "POST /cormun/servlet/solicitudot?gx-no-cache=1489500385058 HTTP/1.1" 200 1372
201.236.57.223 - - [14/Mar/2017:11:05:22 -0300] "POST /cormun/servlet/solicitudot?gx-no-cache=1489500386018 HTTP/1.1" 200 117
201.236.57.223 - - [14/Mar/2017:11:05:22 -0300] "GET /cormun/servlet/solicitudot?9c150e7e2d422f8edba3c1abc63d6fa67cc9e323e86cab440c512457bdfadc2e6fc6a71740dff56fda26f9cc7bd6ce2a421dbacb1cb49b9b37e9e7edb3806b936bc3a44ab720cf6a6030bc85f7cbc81f71ffef6cbd736239938746afb610518d95fc659671086708dbb56fe6fa3774e574c3b21c265f2045f464ca6c9b1ef29ea32f8077ac633a0be9bcf650ccdf69c18aa19dfc63ce14488fdf4cf89117d464,gx-no-cache=1489500386153 HTTP/1.1" 200 29
192.168.10.89 - - [14/Mar/2017:11:05:23 -0300] "POST /cormun/servlet/hlogin?48d6617d20efe8fc72d4f3794a011ad0,gx-no-cache=1489503605377 HTTP/1.1" 200 90
192.168.10.89 - - [14/Mar/2017:11:05:23 -0300] "GET /cormun/servlet/hpexe_link HTTP/1.1" 200 954
201.236.57.223 - - [14/Mar/2017:11:05:24 -0300] "POST /cormun/servlet/solicitudot?gx-no-cache=1489500386257 HTTP/1.1" 200 1275
192.168.10.89 - - [14/Mar/2017:11:05:24 -0300] "GET /cormun/servlet/hhome HTTP/1.1" 200 4387
201.236.57.223 - - [14/Mar/2017:11:05:24 -0300] "POST /cormun/servlet/solicitudot?gx-no-cache=1489500388225 HTTP/1.1" 200 1157
201.236.57.223 - - [14/Mar/2017:11:05:25 -0300] "GET /cormun/static/Shared/jqueryui/images/ui-icons_82798d_256x240.png HTTP/1.1" 404 1089
201.236.57.223 - - [14/Mar/2017:11:05:25 -0300] "GET /cormun/static/Shared/jqueryui/images/ui-bg_highlight-soft_100_c6c2c8_1x100.png HTTP/1.1" 404 1117
201.236.57.223 - - [14/Mar/2017:11:05:25 -0300] "GET /cormun/static/Shared/jqueryui/images/ui-bg_flat_55_994d53_40x100.png HTTP/1.1" 404 1097
201.236.57.223 - - [14/Mar/2017:11:05:26 -0300] "GET /cormun/static/Shared/jqueryui/images/ui-icons_ebccce_256x240.png HTTP/1.1" 404 1089
192.168.10.89 - - [14/Mar/2017:11:05:26 -0300] "GET /cormun/servlet/trsolicitudgral? HTTP/1.1" 200 9988
201.236.57.223 - - [14/Mar/2017:11:05:31 -0300] "GET /cormun/servlet/prcontratosol?17136119,,,,,MD,,gxPopupLevel%3D0%3B HTTP/1.1" 200 5955
201.236.57.223 - - [14/Mar/2017:11:05:32 -0300] "GET /cormun/static/gxcfg.js?2016102711553248 HTTP/1.1" 304 -
201.236.57.223 - - [14/Mar/2017:11:05:38 -0300] "POST /cormun/servlet/solicitudot?gx-no-cache=1489500402483 HTTP/1.1" 200 1372
192.168.10.89 - - [14/Mar/2017:11:05:39 -0300] "POST /cormun/servlet/trsolicitudgral?48d6617d20efe8fc72d4f3794a011ad0,,gx-no-cache=1489503622006 HTTP/1.1" 200 6689
201.236.57.223 - - [14/Mar/2017:11:05:39 -0300] "POST /cormun/servlet/solicitudot?gx-no-cache=1489500403480 HTTP/1.1" 200 117
201.236.57.223 - - [14/Mar/2017:11:05:41 -0300] "POST /cormun/servlet/solicitudot?gx-no-cache=1489500404289 HTTP/1.1" 200 1275
201.236.57.223 - - [14/Mar/2017:11:05:42 -0300] "POST /cormun/servlet/solicitudot?gx-no-cache=1489500405087 HTTP/1.1" 200 1157
192.168.10.89 - - [14/Mar/2017:11:05:43 -0300] "GET /cormun/servlet/solicitudgral2?UPD,2017,4932, HTTP/1.1" 200 12326
192.168.10.89 - - [14/Mar/2017:11:05:45 -0300] "POST /cormun/servlet/solicitudgral2?gx-no-cache=1489503627766 HTTP/1.1" 200 3188
192.168.10.89 - - [14/Mar/2017:11:05:45 -0300] "GET /cormun/servlet/solicitudgral2?99f32ef8efe3705dbe4d6e132a23d15009bbc70f8f5d71c5efcaa00f7630b83e74af110ae2eb7191a22a4285f6fe17853d350e43554750e8dbec6f67f5e698f1d364b7753fca74581f97a773e4391006c142c76e4874d1cf42f727062cf943aed75ea9e8548210d9b9120c8b87ef9de871860bf1b399448431e5a06cb17be710257ecdee97a3bb14e14a3868225f26c678349a6ffab0d1a6dd6b98d2502f1f760b3c09a51ad500b24fa14952b9f93e72bcc43962e33d2fd4497f01514ba459e9d032f3339eef65d9685f08173b4356c7279ea773ce28e45fb24e4a12e236f51faa7e4b00768b225fa3ccfefca7e66998bb3dfe7393c8ab63f384a4a9a8d7dd9cf19f9471b1106d3fc6d4a9b3164f550d04922b3207066f4be3255e832d509e458cef7fea503806be1e258b9b852c7e12bd88f876d21b935a606f1c2c71279fbe2304812af84be5fcae737076849404ce,gx-no-cache=1489503627970 HTTP/1.1" 200 298
192.168.10.89 - - [14/Mar/2017:11:05:45 -0300] "POST /cormun/servlet/solicitudgral2?gx-no-cache=1489503628002 HTTP/1.1" 200 1354
192.168.10.89 - - [14/Mar/2017:11:05:45 -0300] "GET /cormun/servlet/solicitudgral2?99f32ef8efe3705dbe4d6e132a23d150abbea6699dbf47d2782194dafc543ae782c754df57c5d8b19229ef49be3840613d350e43554750e8dbec6f67f5e698f1ab82bce466ff7cb55f9f2ac836ff9e3d113a038dcb9e2f9f34338494301fd22ff44ec97d703b37a07682918ea53f0165,gx-no-cache=1489503628045 HTTP/1.1" 200 41
192.168.10.89 - - [14/Mar/2017:11:05:56 -0300] "POST /cormun/servlet/solicitudgral2?48d6617d20efe8fc72d4f3794a011ad0,UPD,2017,4932,,gx-no-cache=1489503638770 HTTP/1.1" 200 10600
192.168.10.89 - - [14/Mar/2017:11:05:57 -0300] "GET /cormun/servlet/solicitudgral2?99f32ef8efe3705dbe4d6e132a23d150deea4c8d049068d72afc74b766c68eace0a089c5920d6f5649375dc7afaf056a093802d1142b61a822e4dd16df3beac1483163a306f84dcfa237d08047d634b4356830d187e846fa25bbeaead5b8eafb83bd02bb60c71f9ef08813e4093ccd17,gx-no-cache=1489503639626 HTTP/1.1" 200 29
192.168.10.89 - - [14/Mar/2017:11:05:57 -0300] "POST /cormun/servlet/solicitudgral2?gx-no-cache=1489503639663 HTTP/1.1" 200 1250
192.168.10.89 - - [14/Mar/2017:11:05:57 -0300] "POST /cormun/servlet/solicitudgral2?gx-no-cache=1489503639705 HTTP/1.1" 200 1153
201.236.57.223 - - [14/Mar/2017:11:06:01 -0300] "POST /cormun/servlet/solicitudot?gx-no-cache=1489500424892 HTTP/1.1" 200 30
201.236.57.223 - - [14/Mar/2017:11:06:06 -0300] "POST /cormun/servlet/solicitudot?gx-no-cache=1489500428453 HTTP/1.1" 200 1292
201.236.57.223 - - [14/Mar/2017:11:06:07 -0300] "POST /cormun/servlet/solicitudot?gx-no-cache=1489500430739 HTTP/1.1" 200 41
192.168.10.89 - - [14/Mar/2017:11:06:18 -0300] "GET /cormun/servlet/solicitudgral2?99f32ef8efe3705dbe4d6e132a23d15038c2860e0d8806c9f0411ec3ff5e1ff81a7950f6900b9ef40a633756ae4797279bad3280afa6641d8319bf9799326b4c760568663ce117723c982362bcb6bbb6bccada6fbd2d9b67fb7ccbbd1712a28c53f7b2a11d87c9e564cd181e1b59e8ffb6c44541fcea4b4be510a9af4096138e,gx-no-cache=1489503661308 HTTP/1.1" 200 30
201.236.57.223 - - [14/Mar/2017:11:06:26 -0300] "POST /cormun/servlet/solicitudot?gx-no-cache=1489500450158 HTTP/1.1" 200 1274
201.236.57.223 - - [14/Mar/2017:11:06:26 -0300] "POST /cormun/servlet/solicitudot?gx-no-cache=1489500450338 HTTP/1.1" 200 1157
201.236.57.223 - - [14/Mar/2017:11:06:26 -0300] "GET /cormun/static/menuarrow.gif HTTP/1.1" 404 1015
192.168.10.89 - - [14/Mar/2017:11:06:27 -0300] "POST /cormun/servlet/solicitudgral2?48d6617d20efe8fc72d4f3794a011ad0,UPD,2017,4932,,gx-no-cache=1489503669997 HTTP/1.1" 200 93
192.168.10.89 - - [14/Mar/2017:11:06:27 -0300] "GET /cormun/servlet/hpexe_return? HTTP/1.1" 200 1015
192.168.10.89 - - [14/Mar/2017:11:06:28 -0300] "GET /cormun/servlet/trsolicitudgral? HTTP/1.1" 200 9993
201.236.57.223 - - [14/Mar/2017:11:06:31 -0300] "POST /cormun/servlet/solicitudot?gx-no-cache=1489500454924 HTTP/1.1" 200 1274
201.236.57.223 - - [14/Mar/2017:11:06:31 -0300] "POST /cormun/servlet/solicitudot?gx-no-cache=1489500455132 HTTP/1.1" 200 1157
186.79.37.88 - - [14/Mar/2017:11:06:33 -0300] "GET /cormun/servlet/hlogin HTTP/1.1" 200 1722
192.168.10.89 - - [14/Mar/2017:11:06:35 -0300] "GET /cormun/servlet/solicitudgral2?UPD,2017,4932, HTTP/1.1" 200 12339
186.79.37.88 - - [14/Mar/2017:11:06:35 -0300] "GET /cormun/servlet/hlogin HTTP/1.1" 200 1733
192.168.10.89 - - [14/Mar/2017:11:06:37 -0300] "POST /cormun/servlet/solicitudgral2?gx-no-cache=1489503679623 HTTP/1.1" 200 3188
192.168.10.89 - - [14/Mar/2017:11:06:37 -0300] "GET /cormun/servlet/solicitudgral2?99f32ef8efe3705dbe4d6e132a23d15009bbc70f8f5d71c5efcaa00f7630b83e74af110ae2eb7191a22a4285f6fe17853d350e43554750e8dbec6f67f5e698f1d364b7753fca74581f97a773e4391006c142c76e4874d1cf42f727062cf943aed75ea9e8548210d9b9120c8b87ef9de871860bf1b399448431e5a06cb17be710257ecdee97a3bb14e14a3868225f26c678349a6ffab0d1a6dd6b98d2502f1f760b3c09a51ad500b24fa14952b9f93e72bcc43962e33d2fd4497f01514ba459e9d032f3339eef65d9685f08173b4356c7279ea773ce28e45fb24e4a12e236f51faa7e4b00768b225fa3ccfefca7e66998bb3dfe7393c8ab63f384a4a9a8d7dd9cf19f9471b1106d3fc6d4a9b3164f550d04922b3207066f4be3255e832d509e458cef7fea503806be1e258b9b852c7e12bd88f876d21b935a606f1c2c71279fbe2304812af84be5fcae737076849404ce,gx-no-cache=1489503679825 HTTP/1.1" 200 298
192.168.10.89 - - [14/Mar/2017:11:06:37 -0300] "POST /cormun/servlet/solicitudgral2?gx-no-cache=1489503679858 HTTP/1.1" 200 1354
192.168.10.89 - - [14/Mar/2017:11:06:37 -0300] "GET /cormun/servlet/solicitudgral2?99f32ef8efe3705dbe4d6e132a23d150abbea6699dbf47d2782194dafc543ae782c754df57c5d8b19229ef49be3840613d350e43554750e8dbec6f67f5e698f1ab82bce466ff7cb55f9f2ac836ff9e3d113a038dcb9e2f9f34338494301fd22f15688e650984a0a9a0ff3435d51b0446,gx-no-cache=1489503679901 HTTP/1.1" 200 41
192.168.10.89 - - [14/Mar/2017:11:06:41 -0300] "POST /cormun/servlet/solicitudgral2?48d6617d20efe8fc72d4f3794a011ad0,UPD,2017,4932,,gx-no-cache=1489503683918 HTTP/1.1" 200 93
192.168.10.89 - - [14/Mar/2017:11:06:41 -0300] "GET /cormun/servlet/hpexe_return? HTTP/1.1" 200 1013
192.168.10.89 - - [14/Mar/2017:11:06:42 -0300] "GET /cormun/servlet/trsolicitudgral HTTP/1.1" 200 9993
192.168.10.89 - - [14/Mar/2017:11:06:51 -0300] "POST /cormun/servlet/trsolicitudgral?48d6617d20efe8fc72d4f3794a011ad0,gx-no-cache=1489503694172 HTTP/1.1" 200 115
192.168.10.89 - - [14/Mar/2017:11:06:51 -0300] "GET /cormun/servlet/solicitudotlog?INS,2017,4932,0,REC, HTTP/1.1" 200 6157
192.168.10.89 - - [14/Mar/2017:11:06:53 -0300] "GET /cormun/servlet/solicitudotlog?99f32ef8efe3705dbe4d6e132a23d1507d359c3ec7137cd01cb76fe659d691ab41aab512d6c5270eb23b56867f663e681789bde6ab14ea9f3fd1fc9d2fd9dc1727ebad4aa4209a5b2163d311236a6f6a16d57fd707da76903c7dc4f559db1a7ef9df459c710c0e54d6bcb453de06f122f3947d0b872119985dc53d39762a6f89090472190833ef108231054cb339a23fa0b0a43569099f7cdadd0e365533c950,gx-no-cache=1489503696018 HTTP/1.1" 200 94
185.153.197.210 - - [14/Mar/2017:11:06:54 -0300] "GET / HTTP/1.1" 200 11217
186.79.37.88 - - [14/Mar/2017:11:06:55 -0300] "POST /cormun/servlet/hlogin?2a1c6cc6c9dcab08ec78856ca9a2d59a,gx-no-cache=1489500483922 HTTP/1.1" 200 90
186.79.37.88 - - [14/Mar/2017:11:06:55 -0300] "GET /cormun/servlet/hpexe_link HTTP/1.1" 200 956
185.153.197.210 - - [14/Mar/2017:11:06:55 -0300] "GET /HNAP1/ HTTP/1.1" 404 973
186.79.37.88 - - [14/Mar/2017:11:06:55 -0300] "GET /cormun/servlet/hhome HTTP/1.1" 200 3745
186.103.159.204 - - [14/Mar/2017:11:06:55 -0300] "GET /cormun/servlet/trsolicitudot? HTTP/1.1" 200 7365
186.103.159.204 - - [14/Mar/2017:11:06:55 -0300] "GET /cormun/static/gxcfg.js?20171191044697 HTTP/1.1" 200 953
186.103.159.204 - - [14/Mar/2017:11:06:55 -0300] "GET /cormun/static/gxui/gxui-all.css?120300 HTTP/1.1" 200 2179
186.103.159.204 - - [14/Mar/2017:11:06:55 -0300] "GET /cormun/static/trsolicitudot.js?20171191045625 HTTP/1.1" 200 53117
186.103.159.204 - - [14/Mar/2017:11:06:55 -0300] "GET /cormun/static/Shared/ext/resources/css/ext-all.css?215870 HTTP/1.1" 200 416045
186.103.159.204 - - [14/Mar/2017:11:06:55 -0300] "GET /cormun/static/Resources/PXTools/calendar.png HTTP/1.1" 200 1306
186.103.159.204 - - [14/Mar/2017:11:06:55 -0300] "GET /cormun/static/Resources/PXToolsGridNew.png HTTP/1.1" 200 2949
186.103.159.204 - - [14/Mar/2017:11:06:56 -0300] "GET /cormun/static/Resources/PXToolsGridPreviousDisabled.gif HTTP/1.1" 200 90
186.103.159.204 - - [14/Mar/2017:11:06:56 -0300] "GET /cormun/static/Resources/PXToolsGridFirstDisabled.gif HTTP/1.1" 200 100
186.103.159.204 - - [14/Mar/2017:11:06:56 -0300] "GET /cormun/static/Resources/PXToolsDataSearch.png HTTP/1.1" 200 419
186.103.159.204 - - [14/Mar/2017:11:06:56 -0300] "GET /cormun/static/Resources/PXToolsGridNextDisabled.gif HTTP/1.1" 200 90
186.103.159.204 - - [14/Mar/2017:11:06:56 -0300] "GET /cormun/static/Resources/PXToolsGridLastDisabled.gif HTTP/1.1" 200 98
157.55.39.45 - - [14/Mar/2017:11:06:56 -0300] "GET /cormun/static/Resources/PXToolsButtonLeft21.png HTTP/1.1" 200 1287
186.103.159.204 - - [14/Mar/2017:11:06:56 -0300] "GET /cormun/static/Resources/PXToolsGridPage.gif HTTP/1.1" 200 725
186.103.159.204 - - [14/Mar/2017:11:06:56 -0300] "GET /cormun/static/Resources/PXToolsActionExcel.png HTTP/1.1" 200 3187
186.103.159.204 - - [14/Mar/2017:11:06:56 -0300] "GET /cormun/static/Resources/desc.gif HTTP/1.1" 200 65
186.103.159.204 - - [14/Mar/2017:11:06:56 -0300] "GET /cormun/static/Resources/asc.gif HTTP/1.1" 200 67
186.103.159.204 - - [14/Mar/2017:11:06:56 -0300] "GET /cormun/static/Resources/asc.gif HTTP/1.1" 200 67
186.103.159.204 - - [14/Mar/2017:11:06:56 -0300] "GET /cormun/static/Resources/desc.gif HTTP/1.1" 200 65
186.103.159.204 - - [14/Mar/2017:11:06:56 -0300] "GET /cormun/static/Resources/asc.gif HTTP/1.1" 200 67
186.103.159.204 - - [14/Mar/2017:11:06:56 -0300] "GET /cormun/static/Resources/desc.gif HTTP/1.1" 200 65
186.103.159.204 - - [14/Mar/2017:11:06:56 -0300] "GET /cormun/static/Resources/desc.gif HTTP/1.1" 200 65
157.55.39.45 - - [14/Mar/2017:11:06:56 -0300] "GET /cormun/static/Resources/PXToolsButtonRight21.png HTTP/1.1" 200 1283
186.103.159.204 - - [14/Mar/2017:11:06:56 -0300] "GET /cormun/static/Resources/asc.gif HTTP/1.1" 200 67
186.103.159.204 - - [14/Mar/2017:11:06:56 -0300] "GET /cormun//static/Resources/PXToolsActionView.png HTTP/1.1" 200 2995
186.103.159.204 - - [14/Mar/2017:11:06:56 -0300] "GET /cormun//static/Resources/PXToolsGridDelete.png HTTP/1.1" 200 357
186.103.159.204 - - [14/Mar/2017:11:06:56 -0300] "GET /cormun/static/Resources/desc.gif HTTP/1.1" 200 65
186.103.159.204 - - [14/Mar/2017:11:06:56 -0300] "GET /cormun//static/Resources/PXToolsRemoveAllAction.png HTTP/1.1" 200 3558
186.103.159.204 - - [14/Mar/2017:11:06:56 -0300] "GET /cormun//static/Resources/PXToolsGridUpdate.png HTTP/1.1" 200 2984
186.103.159.204 - - [14/Mar/2017:11:06:56 -0300] "GET /cormun//static/Resources/PXTools/ActionInsert.png HTTP/1.1" 200 1482
186.103.159.204 - - [14/Mar/2017:11:06:56 -0300] "GET /cormun/servlet/hlogin HTTP/1.1" 200 1741
186.103.159.204 - - [14/Mar/2017:11:06:56 -0300] "GET /cormun/servlet/trsolicitudot? HTTP/1.1" 200 7375
186.103.159.204 - - [14/Mar/2017:11:06:56 -0300] "GET /cormun/static/Shared/ext/resources/themes/images/default/panel/bg-headersPanel.png HTTP/1.1" 200 255
186.103.159.204 - - [14/Mar/2017:11:06:56 -0300] "GET /cormun/static/Shared/ext/resources/themes/images/default/tools/tool-sprites.gif HTTP/1.1" 200 5434
157.55.39.45 - - [14/Mar/2017:11:06:56 -0300] "GET /cormun/static/Resources/PXToolsLoginBottom.png HTTP/1.1" 200 1389
186.79.37.88 - - [14/Mar/2017:11:06:58 -0300] "GET /cormun/servlet/hhome HTTP/1.1" 200 3742
192.168.10.89 - - [14/Mar/2017:11:06:59 -0300] "POST /cormun/servlet/solicitudotlog?48d6617d20efe8fc72d4f3794a011ad0,INS,2017,4932,0,REC,,gx-no-cache=1489503702035 HTTP/1.1" 200 93
192.168.10.89 - - [14/Mar/2017:11:06:59 -0300] "GET /cormun/servlet/hpexe_return? HTTP/1.1" 200 1021
192.168.10.89 - - [14/Mar/2017:11:07:00 -0300] "GET /cormun/servlet/trsolicitudgral HTTP/1.1" 200 8707
207.46.13.205 - - [14/Mar/2017:11:07:01 -0300] "GET /cormun/static/Resources/PXToolsLoginTop.png HTTP/1.1" 200 1337
207.46.13.58 - - [14/Mar/2017:11:07:05 -0300] "GET /cormun/static/Resources/PXToolsButtonBackground2.png HTTP/1.1" 200 1181
207.46.13.58 - - [14/Mar/2017:11:07:06 -0300] "GET /cormun/static/hlogin.js?201612216162555 HTTP/1.1" 200 2136
207.46.13.47 - - [14/Mar/2017:11:07:11 -0300] "GET /cormun/static/Resources/PXToolsLoginBackground.png HTTP/1.1" 200 1164
186.79.37.88 - - [14/Mar/2017:11:07:36 -0300] "GET /cormun/servlet/trpermisosgoce? HTTP/1.1" 200 6504
186.79.37.88 - - [14/Mar/2017:11:07:36 -0300] "GET /cormun/static/trpermisosgoce.js?201612262012096 HTTP/1.1" 200 31909
186.79.37.88 - - [14/Mar/2017:11:07:36 -0300] "GET /cormun/static/gxcfg.js?201612262011714 HTTP/1.1" 200 953
186.79.37.88 - - [14/Mar/2017:11:07:38 -0300] "GET /cormun/servlet/trpermisosgoce? HTTP/1.1" 200 6503
186.79.37.88 - - [14/Mar/2017:11:07:46 -0300] "GET /cormun/servlet/permisogoce?INS,0,,, HTTP/1.1" 200 6504
186.79.37.88 - - [14/Mar/2017:11:07:46 -0300] "GET /cormun/static/gxcfg.js?201612262052844 HTTP/1.1" 200 953
186.79.37.88 - - [14/Mar/2017:11:07:46 -0300] "GET /cormun/static/permisogoce.js?201612262052891 HTTP/1.1" 200 26147
186.79.37.88 - - [14/Mar/2017:11:07:48 -0300] "GET /cormun/servlet/permisogoce?INS,0,,, HTTP/1.1" 200 6504
186.79.37.88 - - [14/Mar/2017:11:08:07 -0300] "GET /cormun/servlet/prfichaempleado?,MD,,gxPopupLevel%3D0%3B HTTP/1.1" 200 8794
186.103.158.250 - - [14/Mar/2017:11:08:25 -0300] "GET /cormun/servlet/trsolicitudot? HTTP/1.1" 200 8665
186.79.37.88 - - [14/Mar/2017:11:08:26 -0300] "POST /cormun/servlet/prfichaempleado?2a1c6cc6c9dcab08ec78856ca9a2d59a,,MD,,gxPopupLevel%3D0%3B,gx-no-cache=1489500574819 HTTP/1.1" 200 3179
186.103.158.250 - - [14/Mar/2017:11:08:27 -0300] "GET /cormun/servlet/trsolicitudot? HTTP/1.1" 200 8665
186.103.158.250 - - [14/Mar/2017:11:08:31 -0300] "POST /cormun/servlet/trsolicitudot?e2e93305384b47e168e45b7e88ff09e0,,gx-no-cache=1489500579552 HTTP/1.1" 200 5911
207.46.13.47 - - [14/Mar/2017:11:08:31 -0300] "GET /cormun/static/PXToolsJavascripts/pexe_grid.js HTTP/1.1" 200 7559
186.103.158.250 - - [14/Mar/2017:11:08:31 -0300] "GET /cormun/static/Shared/jqueryui/images/ui-bg_highlight-soft_100_c6c2c8_1x100.png HTTP/1.1" 404 1117
186.103.158.250 - - [14/Mar/2017:11:08:31 -0300] "GET /cormun/static/Shared/jqueryui/images/ui-icons_82798d_256x240.png HTTP/1.1" 404 1089
186.103.158.250 - - [14/Mar/2017:11:08:31 -0300] "GET /cormun/static/Shared/jqueryui/images/ui-bg_flat_55_fafafa_40x100.png HTTP/1.1" 404 1097
186.103.158.250 - - [14/Mar/2017:11:08:31 -0300] "GET /cormun/static/Shared/jqueryui/images/ui-icons_8d78a5_256x240.png HTTP/1.1" 404 1089
207.46.13.47 - - [14/Mar/2017:11:08:31 -0300] "GET /cormun/static/PXToolsJavascripts/pexe_link.js HTTP/1.1" 200 5671
207.46.13.47 - - [14/Mar/2017:11:08:31 -0300] "GET /cormun/static/PXToolsJavascripts/pexe_menudivfix.js HTTP/1.1" 200 333
207.46.13.47 - - [14/Mar/2017:11:08:32 -0300] "GET /cormun/static/PXToolsJavascripts/pexe_oav.js HTTP/1.1" 200 645
207.46.13.47 - - [14/Mar/2017:11:08:32 -0300] "GET /cormun/static/PXToolsJavascripts/pexe_popup.js HTTP/1.1" 200 13458
207.46.13.47 - - [14/Mar/2017:11:08:32 -0300] "GET /cormun/static/PXToolsJavascripts/pexe_tabdivfix.js HTTP/1.1" 200 876
207.46.13.47 - - [14/Mar/2017:11:08:33 -0300] "GET /cormun/static/SmoothNavMenu/resources/SmoothNavMenuRender.js HTTP/1.1" 200 5951
207.46.13.47 - - [14/Mar/2017:11:08:33 -0300] "GET /cormun/static/calendar-setup.js?85251 HTTP/1.1" 200 2588
207.46.13.47 - - [14/Mar/2017:11:08:33 -0300] "GET /cormun/static/gxcfg.js?20161221855213 HTTP/1.1" 200 953
207.46.13.47 - - [14/Mar/2017:11:08:33 -0300] "GET /cormun/static/gxdec.js?85251 HTTP/1.1" 200 19579
207.46.13.47 - - [14/Mar/2017:11:08:34 -0300] "GET /cormun/static/hpexe_messagegenexuscomponent.js?201612218431816 HTTP/1.1" 200 587
186.79.37.88 - - [14/Mar/2017:11:08:39 -0300] "POST /cormun/servlet/prfichaempleado?2a1c6cc6c9dcab08ec78856ca9a2d59a,,MD,,gxPopupLevel%3D0%3B,gx-no-cache=1489500587998 HTTP/1.1" 200 3402
157.55.39.45 - - [14/Mar/2017:11:08:41 -0300] "GET /cormun/static/PXToolsJavascripts/pexe_cookies.js HTTP/1.1" 200 792
157.55.39.45 - - [14/Mar/2017:11:08:42 -0300] "GET /cormun/static/PXToolsJavascripts/pexe_griddivfix.js HTTP/1.1" 200 6644
157.55.39.45 - - [14/Mar/2017:11:08:42 -0300] "GET /cormun/static/PXToolsJavascripts/pexe_layers.js HTTP/1.1" 200 4114
157.55.39.45 - - [14/Mar/2017:11:08:42 -0300] "GET /cormun/static/PXToolsJavascripts/pexe_picture.js HTTP/1.1" 200 689
157.55.39.45 - - [14/Mar/2017:11:08:43 -0300] "GET /cormun/static/PXToolsJavascripts/pexe_scrolldiv.js HTTP/1.1" 200 4138
