186.103.159.182 - - [14/Mar/2017:16:25:30 -0300] "GET /cormun/servlet/hpexe_return? HTTP/1.1" 200 1024
186.103.159.182 - - [14/Mar/2017:16:25:31 -0300] "GET /cormun/servlet/trlicencias HTTP/1.1" 200 8408
186.103.159.182 - - [14/Mar/2017:16:25:38 -0300] "GET /cormun/servlet/trlicencias HTTP/1.1" 200 8403
186.103.158.250 - - [14/Mar/2017:16:25:52 -0300] "POST /cormun/servlet/solicitudot?gx-no-cache=1489519620841 HTTP/1.1" 200 41
192.168.10.96 - - [14/Mar/2017:16:26:22 -0300] "POST /cormun/servlet/hlogin?04298a59473ebe6f9598ba1876ab7bee,gx-no-cache=1489522865039 HTTP/1.1" 440 972
192.168.10.96 - - [14/Mar/2017:16:26:25 -0300] "GET /cormun/servlet/hlogin HTTP/1.1" 200 1727
192.168.10.96 - - [14/Mar/2017:16:26:25 -0300] "GET /cormun/static/gxtimezone.js?85251 HTTP/1.1" 304 -
192.168.10.96 - - [14/Mar/2017:16:26:25 -0300] "GET /cormun/static/messages.spa.js?85251 HTTP/1.1" 304 -
192.168.10.96 - - [14/Mar/2017:16:26:25 -0300] "GET /favicon.ico HTTP/1.1" 200 21630
186.103.158.250 - - [14/Mar/2017:16:26:25 -0300] "GET /cormun/servlet/solicitudot?e8c9549c5ed1af50262894d4696b85580d193358b9960a540a9ebdbf10a98282bdee6cb01ace99e2b7aa78892a15fcefe58a99acaf424b2e3ddfb30a48ac44290fc550ac26aca5b803d31a9924297718c573acb40bc224276f9ef3f30d406b60b1bd0d4b63ccc4feeab941519b05699f,gx-no-cache=1489519653732 HTTP/1.1" 200 29
186.103.158.250 - - [14/Mar/2017:16:26:25 -0300] "POST /cormun/servlet/solicitudot?gx-no-cache=1489519653782 HTTP/1.1" 200 1275
186.103.158.250 - - [14/Mar/2017:16:26:25 -0300] "POST /cormun/servlet/solicitudot?gx-no-cache=1489519653877 HTTP/1.1" 200 1157
192.168.10.96 - - [14/Mar/2017:16:26:32 -0300] "POST /cormun/servlet/hlogin?c802161f68b1aaccdaa4071c5f4098f1,gx-no-cache=1489522874738 HTTP/1.1" 200 90
192.168.10.96 - - [14/Mar/2017:16:26:32 -0300] "GET /cormun/servlet/hpexe_link HTTP/1.1" 200 949
192.168.10.96 - - [14/Mar/2017:16:26:32 -0300] "GET /cormun/servlet/hhome HTTP/1.1" 200 4121
192.168.10.96 - - [14/Mar/2017:16:26:33 -0300] "GET /cormun/servlet/hhome HTTP/1.1" 200 4118
186.103.158.250 - - [14/Mar/2017:16:26:55 -0300] "GET /cormun/servlet/solicitudot?e8c9549c5ed1af50262894d4696b8558500885f2deb71d3a05f5f6484c069438a8b33229afc8225f674bb58760f64fea7d4181336f1742f45c1804542c242569044f51d25dd3f39a7ebb01ad368c087dd61c5c6ca018a843863f8361d894010fc322d2194d015e6067e02f02c87a04123e2da4a89311fa3ebd12dccf414a48a36cbe139365771fe4cf61428f8032063ce8fa4a620849f1844325698a46b4ebe827ce8581487b9f4e479d21a42bb432c05f97a4e30ad38617579478e7e5bfc04c,gx-no-cache=1489519683305 HTTP/1.1" 200 30
186.103.158.250 - - [14/Mar/2017:16:27:21 -0300] "POST /cormun/servlet/solicitudot?2472ddf1bf3305bdde497c148fe1c691,INS,0,0,,gx-no-cache=1489519709434 HTTP/1.1" 200 93
186.103.158.250 - - [14/Mar/2017:16:27:21 -0300] "GET /cormun/servlet/hpexe_return? HTTP/1.1" 200 1005
186.103.158.250 - - [14/Mar/2017:16:27:22 -0300] "GET /cormun/servlet/trsolicitudot HTTP/1.1" 200 9133
186.103.158.250 - - [14/Mar/2017:16:27:23 -0300] "GET /cormun/servlet/trsolicitudot HTTP/1.1" 200 9129
192.168.10.96 - - [14/Mar/2017:16:27:24 -0300] "GET /cormun/servlet/trsolicitudgral? HTTP/1.1" 200 24750
192.168.10.96 - - [14/Mar/2017:16:27:25 -0300] "GET /cormun/static/calendar.js?85251 HTTP/1.1" 304 -
192.168.10.96 - - [14/Mar/2017:16:27:25 -0300] "GET /cormun/static/calendar-setup.js?85251 HTTP/1.1" 304 -
192.168.10.96 - - [14/Mar/2017:16:27:25 -0300] "GET /cormun/static/calendar-es.js?85251 HTTP/1.1" 304 -
192.168.10.96 - - [14/Mar/2017:16:27:25 -0300] "GET /cormun/static/gxdec.js?85251 HTTP/1.1" 304 -
192.168.10.96 - - [14/Mar/2017:16:27:27 -0300] "GET /cormun/servlet/trsolicitudgral? HTTP/1.1" 200 24749
186.103.158.250 - - [14/Mar/2017:16:27:27 -0300] "POST /cormun/servlet/trsolicitudot?2472ddf1bf3305bdde497c148fe1c691,gx-no-cache=1489519715948 HTTP/1.1" 200 106
186.103.158.250 - - [14/Mar/2017:16:27:28 -0300] "GET /cormun/servlet/trsolicitudadjuntos?2017,5523, HTTP/1.1" 200 6042
186.103.158.250 - - [14/Mar/2017:16:27:29 -0300] "GET /cormun/servlet/trsolicitudadjuntos?2017,5523, HTTP/1.1" 200 6040
186.103.158.250 - - [14/Mar/2017:16:27:32 -0300] "GET /cormun/servlet/solicitudotadjuntos?INS,2017,5523,,1, HTTP/1.1" 200 5973
186.103.158.250 - - [14/Mar/2017:16:27:32 -0300] "GET /cormun/static/about:blank HTTP/1.1" 404 1011
186.103.158.250 - - [14/Mar/2017:16:27:33 -0300] "GET /cormun/servlet/solicitudotadjuntos?INS,2017,5523,,1, HTTP/1.1" 200 5966
186.103.158.250 - - [14/Mar/2017:16:27:34 -0300] "GET /cormun/servlet/solicitudotadjuntos?e8c9549c5ed1af50262894d4696b8558b97347c2c90c691819352e2458decbc601b5c1d28af3f69937d2ce045c78ffb5,gx-no-cache=1489519722348 HTTP/1.1" 200 30
186.103.158.250 - - [14/Mar/2017:16:27:34 -0300] "POST /cormun/servlet/solicitudotadjuntos?2472ddf1bf3305bdde497c148fe1c691,INS,2017,5523,,1,,gx-no-cache=1489519722445 HTTP/1.1" 200 3823
192.168.10.96 - - [14/Mar/2017:16:27:35 -0300] "POST /cormun/servlet/trsolicitudgral?c802161f68b1aaccdaa4071c5f4098f1,,gx-no-cache=1489522937145 HTTP/1.1" 200 18547
192.168.10.96 - - [14/Mar/2017:16:27:40 -0300] "POST /cormun/servlet/trsolicitudgral?c802161f68b1aaccdaa4071c5f4098f1,,gx-no-cache=1489522942613 HTTP/1.1" 200 19138
186.103.158.250 - - [14/Mar/2017:16:28:08 -0300] "POST /cormun/servlet/solicitudotadjuntos?gx-no-cache=1489519756298 HTTP/1.1" 200 26
186.103.158.250 - - [14/Mar/2017:16:28:15 -0300] "GET /cormun/servlet/solicitudotadjuntos?e8c9549c5ed1af50262894d4696b8558d81226ecc7e98508d4c6248f4a292f7b,gx-no-cache=1489519763744 HTTP/1.1" 200 30
186.103.158.250 - - [14/Mar/2017:16:28:15 -0300] "GET /cormun/servlet/solicitudotadjuntos?e8c9549c5ed1af50262894d4696b8558d81226ecc7e98508d4c6248f4a292f7b,gx-no-cache=1489519763778 HTTP/1.1" 200 30
186.103.158.250 - - [14/Mar/2017:16:28:16 -0300] "POST /cormun/servlet/solicitudotadjuntos?2472ddf1bf3305bdde497c148fe1c691,INS,2017,5523,,1, HTTP/1.1" 200 116
186.103.158.250 - - [14/Mar/2017:16:28:16 -0300] "GET /cormun/servlet/hpexe_return? HTTP/1.1" 200 1024
186.103.158.250 - - [14/Mar/2017:16:28:16 -0300] "GET /cormun/servlet/trsolicitudadjuntos?2017,5523, HTTP/1.1" 200 8171
186.103.158.250 - - [14/Mar/2017:16:28:18 -0300] "GET /cormun/servlet/trsolicitudadjuntos?2017,5523, HTTP/1.1" 200 8165
186.103.158.250 - - [14/Mar/2017:16:28:27 -0300] "GET /cormun/servlet/solicitudotadjuntos?INS,2017,5523,,1, HTTP/1.1" 200 5971
186.103.158.250 - - [14/Mar/2017:16:28:28 -0300] "GET /cormun/static/about:blank HTTP/1.1" 404 1011
186.103.158.250 - - [14/Mar/2017:16:28:29 -0300] "GET /cormun/servlet/solicitudotadjuntos?INS,2017,5523,,1, HTTP/1.1" 200 5964
186.103.158.250 - - [14/Mar/2017:16:28:29 -0300] "GET /cormun/servlet/solicitudotadjuntos?e8c9549c5ed1af50262894d4696b8558b97347c2c90c691819352e2458decbc601b5c1d28af3f69937d2ce045c78ffb5,gx-no-cache=1489519777671 HTTP/1.1" 200 30
186.103.158.250 - - [14/Mar/2017:16:28:29 -0300] "POST /cormun/servlet/solicitudotadjuntos?2472ddf1bf3305bdde497c148fe1c691,INS,2017,5523,,1,,gx-no-cache=1489519777737 HTTP/1.1" 200 3822
186.103.158.250 - - [14/Mar/2017:16:28:33 -0300] "POST /cormun/servlet/solicitudotadjuntos?gx-no-cache=1489519782065 HTTP/1.1" 200 26
186.103.159.182 - - [14/Mar/2017:16:28:34 -0300] "GET /cormun/servlet/trlicenciaspermisosadjuntos?16493601,20170314000000,L, HTTP/1.1" 200 6371
186.103.159.182 - - [14/Mar/2017:16:28:34 -0300] "GET /cormun/static/trlicenciaspermisosadjuntos.js?2016122813131728 HTTP/1.1" 304 -
186.103.159.182 - - [14/Mar/2017:16:28:34 -0300] "GET /cormun/static/gxcfg.js?2016122813131454 HTTP/1.1" 304 -
186.103.159.182 - - [14/Mar/2017:16:28:36 -0300] "GET /cormun/servlet/trlicenciaspermisosadjuntos?16493601,20170314000000,L, HTTP/1.1" 200 6371
186.103.159.182 - - [14/Mar/2017:16:28:39 -0300] "GET /cormun/servlet/licenciaspermisosadjuntos?INS,16493601,L,20170314000000,, HTTP/1.1" 200 5669
186.103.159.182 - - [14/Mar/2017:16:28:39 -0300] "GET /cormun/static/gxcfg.js?2016122813131386 HTTP/1.1" 304 -
186.103.159.182 - - [14/Mar/2017:16:28:39 -0300] "GET /cormun/static/licenciaspermisosadjuntos.js?2016122813131394 HTTP/1.1" 304 -
186.103.159.182 - - [14/Mar/2017:16:28:40 -0300] "GET /cormun/static/about:blank HTTP/1.1" 404 1011
186.103.159.182 - - [14/Mar/2017:16:28:41 -0300] "GET /cormun/servlet/licenciaspermisosadjuntos?INS,16493601,L,20170314000000,, HTTP/1.1" 200 5659
192.168.10.89 - - [14/Mar/2017:16:28:55 -0300] "GET /cormun/servlet/hlogin HTTP/1.1" 200 1740
186.103.159.182 - - [14/Mar/2017:16:29:01 -0300] "POST /cormun/servlet/licenciaspermisosadjuntos?cd7f25081aff97d13943a3e88e87b493,INS,16493601,L,20170314000000,, HTTP/1.1" 200 116
186.103.159.182 - - [14/Mar/2017:16:29:01 -0300] "GET /cormun/servlet/hpexe_return? HTTP/1.1" 200 1038
186.103.159.182 - - [14/Mar/2017:16:29:02 -0300] "GET /cormun/servlet/trlicenciaspermisosadjuntos?16493601,20170314000000,L, HTTP/1.1" 200 6827
186.103.159.182 - - [14/Mar/2017:16:29:05 -0300] "GET /cormun/servlet/trlicenciaspermisosadjuntos?16493601,20170314000000,L, HTTP/1.1" 200 6827
192.168.10.89 - - [14/Mar/2017:16:29:09 -0300] "POST /cormun/servlet/hlogin?616f363fc48bbe8c280b95f5207f45d3,gx-no-cache=1489523032106 HTTP/1.1" 200 90
192.168.10.89 - - [14/Mar/2017:16:29:09 -0300] "GET /cormun/servlet/hpexe_link HTTP/1.1" 200 954
186.103.159.182 - - [14/Mar/2017:16:29:12 -0300] "POST /cormun/servlet/trlicenciaspermisosadjuntos?cd7f25081aff97d13943a3e88e87b493,16493601,20170314000000,L,,gx-no-cache=1489520029324 HTTP/1.1" 200 90
186.103.159.182 - - [14/Mar/2017:16:29:12 -0300] "GET /cormun/servlet/hpexe_link HTTP/1.1" 200 983
192.168.10.89 - - [14/Mar/2017:16:29:12 -0300] "GET /cormun/servlet/hhome HTTP/1.1" 200 3948
186.103.159.182 - - [14/Mar/2017:16:29:12 -0300] "GET /cormun/servlet/trlicencias HTTP/1.1" 200 8405
186.103.159.182 - - [14/Mar/2017:16:29:15 -0300] "GET /cormun/servlet/trlicencias HTTP/1.1" 200 8403
192.168.10.89 - - [14/Mar/2017:16:29:17 -0300] "GET /cormun/servlet/trsolicitudot? HTTP/1.1" 200 6917
186.103.159.182 - - [14/Mar/2017:16:29:20 -0300] "GET /cormun/servlet/trlicenciaspermisosadjuntos?11366377,20170314000000,L, HTTP/1.1" 200 6369
192.168.10.89 - - [14/Mar/2017:16:29:21 -0300] "GET /cormun/servlet/solicitudot?INS,0,0, HTTP/1.1" 200 12741
186.103.159.182 - - [14/Mar/2017:16:29:22 -0300] "GET /cormun/servlet/trlicenciaspermisosadjuntos?11366377,20170314000000,L, HTTP/1.1" 200 6369
186.103.158.250 - - [14/Mar/2017:16:29:24 -0300] "GET /cormun/servlet/solicitudotadjuntos?e8c9549c5ed1af50262894d4696b8558d81226ecc7e98508d4c6248f4a292f7b,gx-no-cache=1489519832392 HTTP/1.1" 200 30
186.103.158.250 - - [14/Mar/2017:16:29:24 -0300] "GET /cormun/servlet/solicitudotadjuntos?e8c9549c5ed1af50262894d4696b8558d81226ecc7e98508d4c6248f4a292f7b,gx-no-cache=1489519832434 HTTP/1.1" 200 30
186.103.158.250 - - [14/Mar/2017:16:29:24 -0300] "POST /cormun/servlet/solicitudotadjuntos?2472ddf1bf3305bdde497c148fe1c691,INS,2017,5523,,1, HTTP/1.1" 200 116
186.103.158.250 - - [14/Mar/2017:16:29:25 -0300] "GET /cormun/servlet/hpexe_return? HTTP/1.1" 200 1024
186.103.158.250 - - [14/Mar/2017:16:29:25 -0300] "GET /cormun/servlet/trsolicitudadjuntos?2017,5523, HTTP/1.1" 200 8372
186.103.158.250 - - [14/Mar/2017:16:29:26 -0300] "GET /cormun/servlet/trsolicitudadjuntos?2017,5523, HTTP/1.1" 200 8368
186.103.159.182 - - [14/Mar/2017:16:29:27 -0300] "GET /cormun/servlet/licenciaspermisosadjuntos?INS,11366377,L,20170314000000,, HTTP/1.1" 200 5670
186.103.159.182 - - [14/Mar/2017:16:29:28 -0300] "GET /cormun/static/about:blank HTTP/1.1" 404 1011
186.103.159.182 - - [14/Mar/2017:16:29:28 -0300] "GET /cormun/servlet/licenciaspermisosadjuntos?INS,11366377,L,20170314000000,, HTTP/1.1" 200 5659
186.103.158.250 - - [14/Mar/2017:16:29:30 -0300] "GET /cormun/servlet/solicitudotadjuntos?INS,2017,5523,,1, HTTP/1.1" 200 5972
186.103.158.250 - - [14/Mar/2017:16:29:30 -0300] "GET /cormun/static/about:blank HTTP/1.1" 404 1011
186.103.158.250 - - [14/Mar/2017:16:29:31 -0300] "GET /cormun/servlet/solicitudotadjuntos?INS,2017,5523,,1, HTTP/1.1" 200 5965
186.103.158.250 - - [14/Mar/2017:16:29:31 -0300] "GET /cormun/servlet/solicitudotadjuntos?e8c9549c5ed1af50262894d4696b8558b97347c2c90c691819352e2458decbc601b5c1d28af3f69937d2ce045c78ffb5,gx-no-cache=1489519839871 HTTP/1.1" 200 30
186.103.158.250 - - [14/Mar/2017:16:29:31 -0300] "POST /cormun/servlet/solicitudotadjuntos?2472ddf1bf3305bdde497c148fe1c691,INS,2017,5523,,1,,gx-no-cache=1489519839926 HTTP/1.1" 200 3824
186.103.158.250 - - [14/Mar/2017:16:29:36 -0300] "POST /cormun/servlet/solicitudotadjuntos?gx-no-cache=1489519844226 HTTP/1.1" 200 26
192.168.10.89 - - [14/Mar/2017:16:29:38 -0300] "GET /cormun/servlet/prfichaempleado?,MD,,gxPopupLevel%3D0%3B HTTP/1.1" 200 8812
186.103.158.250 - - [14/Mar/2017:16:29:44 -0300] "GET /cormun/servlet/solicitudotadjuntos?e8c9549c5ed1af50262894d4696b8558d81226ecc7e98508d4c6248f4a292f7b,gx-no-cache=1489519852425 HTTP/1.1" 200 30
186.103.158.250 - - [14/Mar/2017:16:29:44 -0300] "GET /cormun/servlet/solicitudotadjuntos?e8c9549c5ed1af50262894d4696b8558d81226ecc7e98508d4c6248f4a292f7b,gx-no-cache=1489519852506 HTTP/1.1" 200 30
186.103.158.250 - - [14/Mar/2017:16:29:44 -0300] "POST /cormun/servlet/solicitudotadjuntos?2472ddf1bf3305bdde497c148fe1c691,INS,2017,5523,,1, HTTP/1.1" 200 116
186.103.158.250 - - [14/Mar/2017:16:29:44 -0300] "GET /cormun/servlet/hpexe_return? HTTP/1.1" 200 1024
192.168.10.89 - - [14/Mar/2017:16:29:45 -0300] "POST /cormun/servlet/prfichaempleado?616f363fc48bbe8c280b95f5207f45d3,,MD,,gxPopupLevel%3D0%3B,gx-no-cache=1489523067244 HTTP/1.1" 200 3397
186.103.158.250 - - [14/Mar/2017:16:29:45 -0300] "GET /cormun/servlet/trsolicitudadjuntos?2017,5523, HTTP/1.1" 200 8525
186.103.158.250 - - [14/Mar/2017:16:29:46 -0300] "GET /cormun/servlet/trsolicitudadjuntos?2017,5523, HTTP/1.1" 200 8523
186.103.159.182 - - [14/Mar/2017:16:29:48 -0300] "POST /cormun/servlet/licenciaspermisosadjuntos?cd7f25081aff97d13943a3e88e87b493,INS,11366377,L,20170314000000,, HTTP/1.1" 200 116
186.103.159.182 - - [14/Mar/2017:16:29:48 -0300] "GET /cormun/servlet/hpexe_return? HTTP/1.1" 200 1038
186.103.158.250 - - [14/Mar/2017:16:29:48 -0300] "GET /cormun/servlet/solicitudotadjuntos?INS,2017,5523,,1, HTTP/1.1" 200 5972
186.103.158.250 - - [14/Mar/2017:16:29:48 -0300] "GET /cormun/static/about:blank HTTP/1.1" 404 1011
186.103.159.182 - - [14/Mar/2017:16:29:49 -0300] "GET /cormun/servlet/trlicenciaspermisosadjuntos?11366377,20170314000000,L, HTTP/1.1" 200 6828
186.103.158.250 - - [14/Mar/2017:16:29:49 -0300] "GET /cormun/servlet/solicitudotadjuntos?INS,2017,5523,,1, HTTP/1.1" 200 5965
186.103.158.250 - - [14/Mar/2017:16:29:50 -0300] "GET /cormun/servlet/solicitudotadjuntos?e8c9549c5ed1af50262894d4696b8558b97347c2c90c691819352e2458decbc601b5c1d28af3f69937d2ce045c78ffb5,gx-no-cache=1489519858339 HTTP/1.1" 200 30
186.103.158.250 - - [14/Mar/2017:16:29:50 -0300] "POST /cormun/servlet/solicitudotadjuntos?2472ddf1bf3305bdde497c148fe1c691,INS,2017,5523,,1,,gx-no-cache=1489519858418 HTTP/1.1" 200 3824
186.103.159.182 - - [14/Mar/2017:16:29:50 -0300] "GET /cormun/servlet/trlicenciaspermisosadjuntos?11366377,20170314000000,L, HTTP/1.1" 200 6826
186.103.159.182 - - [14/Mar/2017:16:29:51 -0300] "GET /cormun/PublicTempStorage/becerra6700785.jpg HTTP/1.1" 200 676651
186.103.159.182 - - [14/Mar/2017:16:29:53 -0300] "POST /cormun/servlet/trlicenciaspermisosadjuntos?cd7f25081aff97d13943a3e88e87b493,11366377,20170314000000,L,,gx-no-cache=1489520073465 HTTP/1.1" 200 90
186.103.159.182 - - [14/Mar/2017:16:29:53 -0300] "GET /cormun/servlet/hpexe_link HTTP/1.1" 200 983
186.103.159.182 - - [14/Mar/2017:16:29:54 -0300] "GET /cormun/servlet/trlicencias HTTP/1.1" 200 8405
186.103.158.250 - - [14/Mar/2017:16:29:54 -0300] "POST /cormun/servlet/solicitudotadjuntos?gx-no-cache=1489519862155 HTTP/1.1" 200 26
186.103.159.182 - - [14/Mar/2017:16:29:55 -0300] "GET /cormun/servlet/trlicencias HTTP/1.1" 200 8403
192.168.10.89 - - [14/Mar/2017:16:29:56 -0300] "POST /cormun/servlet/solicitudot?gx-no-cache=1489523079139 HTTP/1.1" 200 3183
192.168.10.89 - - [14/Mar/2017:16:29:57 -0300] "POST /cormun/servlet/solicitudot?616f363fc48bbe8c280b95f5207f45d3,INS,0,0,,gx-no-cache=1489523079412 HTTP/1.1" 200 9964
192.168.10.89 - - [14/Mar/2017:16:29:58 -0300] "GET /cormun/servlet/solicitudot?6db1025f20d294afbb83207d25826425f54a31b244ef47818dd390b66b4be0a1b7d6516e0717e591c2e09abc8f24e018,gx-no-cache=1489523081053 HTTP/1.1" 200 30
192.168.10.89 - - [14/Mar/2017:16:29:58 -0300] "POST /cormun/servlet/solicitudot?gx-no-cache=1489523081089 HTTP/1.1" 200 256
192.168.10.89 - - [14/Mar/2017:16:29:58 -0300] "GET /cormun/servlet/solicitudot?6db1025f20d294afbb83207d2582642586f430bee3c57eb45eee8c675844e4580e348f21bfc657c7507a106c9478655e380aa88aaed624a6b7bd7109024a8bfa08b8f200a8d963295ecafbdbf7ab9867db410decbf7c65368ecea97bd88b2219b2d561598bffcb6e0f07cb382acaaec296a7d59faa564244c70fd3eccb5acb132ec41918fa56a4932f94d1f4622fdc40db49b8548f6f8bac81c05db44a5f6b141613b1c7e6634f2b667d1e207f425717110d1a9f6e565edab0d17e53ce3eb837acf9d91dd34cdac47aaf58b6931252f0c978b17c590de3cba9d49a082682dec361b2dbc6b682b0ed9beb0d6ac77e481129efef451f8adf576ad7515a89506625e4c9d3b6eacd12987715e150ca4447998ce2a689930d5f06e2ac6bb45e9df0c14c5028dc17019e76638070d2b921865f132d0f1faa91704b36c5bc47c8fff68db5c0466ecceaf3427f05ba8c8232a1bcfc4fe4c4888b311252f99fee4bdbc40e9099f2e9a68b5570336a41c2647ffcee23fdda7865ad70ee65e8f60be7bab20e,gx-no-cache=1489523081135 HTTP/1.1" 200 30
192.168.10.89 - - [14/Mar/2017:16:29:59 -0300] "POST /cormun/servlet/solicitudot?gx-no-cache=1489523082292 HTTP/1.1" 200 30
192.168.10.89 - - [14/Mar/2017:16:30:01 -0300] "POST /cormun/servlet/solicitudot?gx-no-cache=1489523084046 HTTP/1.1" 200 235
192.168.10.89 - - [14/Mar/2017:16:30:01 -0300] "POST /cormun/servlet/solicitudot?gx-no-cache=1489523084093 HTTP/1.1" 200 38
186.103.159.182 - - [14/Mar/2017:16:30:01 -0300] "POST /cormun/servlet/trlicencias?cd7f25081aff97d13943a3e88e87b493,gx-no-cache=1489520081589 HTTP/1.1" 200 5388
186.103.159.182 - - [14/Mar/2017:16:30:01 -0300] "GET /cormun/static/Shared/jqueryui/images/ui-bg_highlight-soft_100_c6c2c8_1x100.png HTTP/1.1" 404 1117
186.103.159.182 - - [14/Mar/2017:16:30:01 -0300] "GET /cormun/static/Shared/jqueryui/images/ui-icons_82798d_256x240.png HTTP/1.1" 404 1089
186.103.159.182 - - [14/Mar/2017:16:30:02 -0300] "GET /cormun/static/Shared/jqueryui/images/ui-bg_flat_55_fafafa_40x100.png HTTP/1.1" 404 1097
186.103.159.182 - - [14/Mar/2017:16:30:02 -0300] "GET /cormun/static/Shared/jqueryui/images/ui-icons_8d78a5_256x240.png HTTP/1.1" 404 1089
186.103.159.182 - - [14/Mar/2017:16:30:04 -0300] "POST /cormun/servlet/trlicencias?cd7f25081aff97d13943a3e88e87b493,gx-no-cache=1489520084572 HTTP/1.1" 200 4231
186.103.159.182 - - [14/Mar/2017:16:30:08 -0300] "GET /cormun/servlet/trautorizarsolicitud? HTTP/1.1" 200 6935
186.103.159.182 - - [14/Mar/2017:16:30:08 -0300] "GET /cormun/static/gxcfg.js?2017259112829 HTTP/1.1" 200 953
186.103.159.182 - - [14/Mar/2017:16:30:08 -0300] "GET /cormun/static/trautorizarsolicitud.js?2017259113483 HTTP/1.1" 200 53096
186.103.159.182 - - [14/Mar/2017:16:30:09 -0300] "GET /cormun/servlet/trautorizarsolicitud? HTTP/1.1" 200 6935
192.168.10.89 - - [14/Mar/2017:16:30:10 -0300] "GET /cormun/servlet/solicitudot?6db1025f20d294afbb83207d2582642529cc6cca7c8c1ca38099abe0242c4aa0783048f3b39c8fd4cc163c2114f1b2d60ecd4df75ef8acb7b0606fd2502eca904c5c1aada1a70c18611602a9d693a90c18af7a170310c9e31701b25687a1d6739290c2b2536c31b4f5a74893843ff3e32c765d1a54b5682b62a943edf700522ca52cd2a4c3f82c1d82e5e02e52a1176e63bd4794179f24152498296696706c29,gx-no-cache=1489523092401 HTTP/1.1" 200 29
192.168.10.89 - - [14/Mar/2017:16:30:12 -0300] "POST /cormun/servlet/solicitudot?gx-no-cache=1489523095013 HTTP/1.1" 200 643
186.103.159.182 - - [14/Mar/2017:16:30:14 -0300] "GET /cormun/servlet/trvisualizadoreventos? HTTP/1.1" 200 6768
192.168.10.89 - - [14/Mar/2017:16:30:14 -0300] "POST /cormun/servlet/solicitudot?gx-no-cache=1489523097156 HTTP/1.1" 200 1157
186.103.159.182 - - [14/Mar/2017:16:30:16 -0300] "GET /cormun/servlet/trvisualizadoreventos? HTTP/1.1" 200 6767
192.168.10.96 - - [14/Mar/2017:16:30:31 -0300] "POST /cormun/servlet/trsolicitudgral?c802161f68b1aaccdaa4071c5f4098f1,,gx-no-cache=1489523113811 HTTP/1.1" 200 11254
186.103.158.250 - - [14/Mar/2017:16:30:33 -0300] "GET /cormun/servlet/solicitudotadjuntos?e8c9549c5ed1af50262894d4696b8558d81226ecc7e98508d4c6248f4a292f7b,gx-no-cache=1489519901943 HTTP/1.1" 200 30
186.103.158.250 - - [14/Mar/2017:16:30:33 -0300] "GET /cormun/servlet/solicitudotadjuntos?e8c9549c5ed1af50262894d4696b8558d81226ecc7e98508d4c6248f4a292f7b,gx-no-cache=1489519902030 HTTP/1.1" 200 30
186.103.158.250 - - [14/Mar/2017:16:30:34 -0300] "POST /cormun/servlet/solicitudotadjuntos?2472ddf1bf3305bdde497c148fe1c691,INS,2017,5523,,1, HTTP/1.1" 200 116
186.103.158.250 - - [14/Mar/2017:16:30:34 -0300] "GET /cormun/servlet/hpexe_return? HTTP/1.1" 200 1024
186.103.158.250 - - [14/Mar/2017:16:30:34 -0300] "GET /cormun/servlet/trsolicitudadjuntos?2017,5523, HTTP/1.1" 200 8666
192.168.10.89 - - [14/Mar/2017:16:30:35 -0300] "GET /cormun/servlet/solicitudot?6db1025f20d294afbb83207d25826425cfef0b889fe4bf494dda99efac23f49b3f8799da628a1d0bfcc9ef01ae926376fdec09f78c454d7d14f32b2c1f10ee0dd11690dec3c368112335d93b1e690a389700ffe1cddb6eef991a79d81be7c0268c659881ad97e9af61e7838a452b9d3b0e4f1164c1cba9d73bbee58bfaed6737d0791cd7aad5c897b9db3467db966b309aa0260c2b94ff6a0aaeb2136d438e47187b2ba38a969c8618707c85aeeb5060,gx-no-cache=1489523117957 HTTP/1.1" 200 30
186.103.158.250 - - [14/Mar/2017:16:30:35 -0300] "GET /cormun/servlet/trsolicitudadjuntos?2017,5523, HTTP/1.1" 200 8663
186.103.158.250 - - [14/Mar/2017:16:30:39 -0300] "GET /cormun/servlet/solicitudotadjuntos?INS,2017,5523,,1, HTTP/1.1" 200 5972
186.103.158.250 - - [14/Mar/2017:16:30:39 -0300] "GET /cormun/static/about:blank HTTP/1.1" 404 1011
186.103.159.182 - - [14/Mar/2017:16:30:40 -0300] "POST /cormun/servlet/trvisualizadoreventos?cd7f25081aff97d13943a3e88e87b493,,gx-no-cache=1489520119218 HTTP/1.1" 200 3955
186.103.158.250 - - [14/Mar/2017:16:30:40 -0300] "GET /cormun/servlet/solicitudotadjuntos?INS,2017,5523,,1, HTTP/1.1" 200 5965
186.103.158.250 - - [14/Mar/2017:16:30:41 -0300] "GET /cormun/servlet/solicitudotadjuntos?e8c9549c5ed1af50262894d4696b8558b97347c2c90c691819352e2458decbc601b5c1d28af3f69937d2ce045c78ffb5,gx-no-cache=1489519909292 HTTP/1.1" 200 30
186.103.158.250 - - [14/Mar/2017:16:30:41 -0300] "POST /cormun/servlet/solicitudotadjuntos?2472ddf1bf3305bdde497c148fe1c691,INS,2017,5523,,1,,gx-no-cache=1489519909340 HTTP/1.1" 200 3824
186.103.159.182 - - [14/Mar/2017:16:30:45 -0300] "POST /cormun/servlet/trvisualizadoreventos?cd7f25081aff97d13943a3e88e87b493,,gx-no-cache=1489520124887 HTTP/1.1" 200 3955
186.103.158.250 - - [14/Mar/2017:16:30:46 -0300] "POST /cormun/servlet/solicitudotadjuntos?gx-no-cache=1489519914405 HTTP/1.1" 200 26
186.103.159.182 - - [14/Mar/2017:16:30:50 -0300] "POST /cormun/servlet/trvisualizadoreventos?cd7f25081aff97d13943a3e88e87b493,,gx-no-cache=1489520130157 HTTP/1.1" 200 3957
186.103.158.250 - - [14/Mar/2017:16:30:54 -0300] "GET /cormun/servlet/solicitudotadjuntos?e8c9549c5ed1af50262894d4696b8558d81226ecc7e98508d4c6248f4a292f7b,gx-no-cache=1489519922365 HTTP/1.1" 200 30
186.103.158.250 - - [14/Mar/2017:16:30:54 -0300] "GET /cormun/servlet/solicitudotadjuntos?e8c9549c5ed1af50262894d4696b8558d81226ecc7e98508d4c6248f4a292f7b,gx-no-cache=1489519922436 HTTP/1.1" 200 30
186.103.158.250 - - [14/Mar/2017:16:30:55 -0300] "POST /cormun/servlet/solicitudotadjuntos?2472ddf1bf3305bdde497c148fe1c691,INS,2017,5523,,1, HTTP/1.1" 200 116
186.103.158.250 - - [14/Mar/2017:16:30:55 -0300] "GET /cormun/servlet/hpexe_return? HTTP/1.1" 200 1024
186.103.158.250 - - [14/Mar/2017:16:30:56 -0300] "GET /cormun/servlet/trsolicitudadjuntos?2017,5523, HTTP/1.1" 200 8841
186.103.158.250 - - [14/Mar/2017:16:30:57 -0300] "GET /cormun/servlet/trsolicitudadjuntos?2017,5523, HTTP/1.1" 200 8838
186.103.158.250 - - [14/Mar/2017:16:31:00 -0300] "GET /cormun/servlet/solicitudotadjuntos?INS,2017,5523,,1, HTTP/1.1" 200 5972
186.103.158.250 - - [14/Mar/2017:16:31:00 -0300] "GET /cormun/static/about:blank HTTP/1.1" 404 1011
186.103.158.250 - - [14/Mar/2017:16:31:01 -0300] "GET /cormun/servlet/solicitudotadjuntos?INS,2017,5523,,1, HTTP/1.1" 200 5965
186.103.158.250 - - [14/Mar/2017:16:31:01 -0300] "GET /cormun/servlet/solicitudotadjuntos?e8c9549c5ed1af50262894d4696b8558b97347c2c90c691819352e2458decbc601b5c1d28af3f69937d2ce045c78ffb5,gx-no-cache=1489519929899 HTTP/1.1" 200 30
186.103.158.250 - - [14/Mar/2017:16:31:01 -0300] "POST /cormun/servlet/solicitudotadjuntos?2472ddf1bf3305bdde497c148fe1c691,INS,2017,5523,,1,,gx-no-cache=1489519929970 HTTP/1.1" 200 3824
186.103.158.250 - - [14/Mar/2017:16:31:03 -0300] "POST /cormun/servlet/solicitudotadjuntos?gx-no-cache=1489519931508 HTTP/1.1" 200 26
186.103.159.182 - - [14/Mar/2017:16:31:06 -0300] "POST /cormun/servlet/trvisualizadoreventos?cd7f25081aff97d13943a3e88e87b493,,gx-no-cache=1489520146274 HTTP/1.1" 200 3970
186.103.158.250 - - [14/Mar/2017:16:31:10 -0300] "POST /cormun/servlet/solicitudotadjuntos?gx-no-cache=1489519938571 HTTP/1.1" 200 26
186.103.159.182 - - [14/Mar/2017:16:31:13 -0300] "POST /cormun/servlet/trvisualizadoreventos?cd7f25081aff97d13943a3e88e87b493,,gx-no-cache=1489520152828 HTTP/1.1" 200 3970
192.168.10.96 - - [14/Mar/2017:16:31:15 -0300] "POST /cormun/servlet/trsolicitudgral?c802161f68b1aaccdaa4071c5f4098f1,,gx-no-cache=1489523157175 HTTP/1.1" 200 13413
186.103.159.182 - - [14/Mar/2017:16:31:16 -0300] "POST /cormun/servlet/trvisualizadoreventos?cd7f25081aff97d13943a3e88e87b493,,gx-no-cache=1489520156692 HTTP/1.1" 200 3967
186.103.158.250 - - [14/Mar/2017:16:31:20 -0300] "GET /cormun/servlet/solicitudotadjuntos?e8c9549c5ed1af50262894d4696b8558d81226ecc7e98508d4c6248f4a292f7b,gx-no-cache=1489519948789 HTTP/1.1" 200 30
186.103.158.250 - - [14/Mar/2017:16:31:20 -0300] "GET /cormun/servlet/solicitudotadjuntos?e8c9549c5ed1af50262894d4696b8558d81226ecc7e98508d4c6248f4a292f7b,gx-no-cache=1489519948847 HTTP/1.1" 200 30
192.168.10.89 - - [14/Mar/2017:16:31:20 -0300] "POST /cormun/servlet/solicitudot?616f363fc48bbe8c280b95f5207f45d3,INS,0,0,,gx-no-cache=1489523163004 HTTP/1.1" 200 93
192.168.10.89 - - [14/Mar/2017:16:31:20 -0300] "GET /cormun/servlet/hpexe_return? HTTP/1.1" 200 1006
186.103.159.182 - - [14/Mar/2017:16:31:21 -0300] "POST /cormun/servlet/trvisualizadoreventos?cd7f25081aff97d13943a3e88e87b493,,gx-no-cache=1489520160972 HTTP/1.1" 200 3968
186.103.158.250 - - [14/Mar/2017:16:31:22 -0300] "POST /cormun/servlet/solicitudotadjuntos?2472ddf1bf3305bdde497c148fe1c691,INS,2017,5523,,1, HTTP/1.1" 200 116
186.103.158.250 - - [14/Mar/2017:16:31:22 -0300] "GET /cormun/servlet/hpexe_return? HTTP/1.1" 200 1024
186.103.158.250 - - [14/Mar/2017:16:31:22 -0300] "GET /cormun/servlet/trsolicitudadjuntos?2017,5523, HTTP/1.1" 200 9073
192.168.10.89 - - [14/Mar/2017:16:31:22 -0300] "GET /cormun/servlet/trsolicitudot HTTP/1.1" 200 8233
186.103.158.250 - - [14/Mar/2017:16:31:23 -0300] "GET /cormun/servlet/trsolicitudadjuntos?2017,5523, HTTP/1.1" 200 9071
186.103.158.250 - - [14/Mar/2017:16:31:26 -0300] "GET /cormun/servlet/solicitudotadjuntos?INS,2017,5523,,2, HTTP/1.1" 200 5972
186.103.158.250 - - [14/Mar/2017:16:31:26 -0300] "GET /cormun/static/about:blank HTTP/1.1" 404 1011
186.103.159.182 - - [14/Mar/2017:16:31:26 -0300] "POST /cormun/servlet/trvisualizadoreventos?cd7f25081aff97d13943a3e88e87b493,,gx-no-cache=1489520166852 HTTP/1.1" 200 3968
186.103.158.250 - - [14/Mar/2017:16:31:27 -0300] "GET /cormun/servlet/solicitudotadjuntos?INS,2017,5523,,2, HTTP/1.1" 200 5964
186.103.158.250 - - [14/Mar/2017:16:31:27 -0300] "GET /cormun/servlet/solicitudotadjuntos?e8c9549c5ed1af50262894d4696b8558b97347c2c90c691819352e2458decbc601b5c1d28af3f69937d2ce045c78ffb5,gx-no-cache=1489519955841 HTTP/1.1" 200 30
186.103.158.250 - - [14/Mar/2017:16:31:27 -0300] "POST /cormun/servlet/solicitudotadjuntos?2472ddf1bf3305bdde497c148fe1c691,INS,2017,5523,,2,,gx-no-cache=1489519955894 HTTP/1.1" 200 4040
192.168.10.89 - - [14/Mar/2017:16:31:29 -0300] "POST /cormun/servlet/trsolicitudot?616f363fc48bbe8c280b95f5207f45d3,gx-no-cache=1489523171353 HTTP/1.1" 200 4358
192.168.10.89 - - [14/Mar/2017:16:31:29 -0300] "POST /cormun/servlet/trsolicitudot?616f363fc48bbe8c280b95f5207f45d3,gx-no-cache=1489523171649 HTTP/1.1" 200 4117
192.168.10.89 - - [14/Mar/2017:16:31:29 -0300] "GET /cormun/static/Shared/jqueryui/images/ui-bg_highlight-soft_100_c6c2c8_1x100.png HTTP/1.1" 404 1117
192.168.10.89 - - [14/Mar/2017:16:31:29 -0300] "GET /cormun/static/Shared/jqueryui/images/ui-icons_82798d_256x240.png HTTP/1.1" 404 1089
192.168.10.89 - - [14/Mar/2017:16:31:29 -0300] "GET /cormun/static/Shared/jqueryui/images/ui-bg_flat_55_fafafa_40x100.png HTTP/1.1" 404 1097
192.168.10.89 - - [14/Mar/2017:16:31:29 -0300] "GET /cormun/static/Shared/jqueryui/images/ui-icons_8d78a5_256x240.png HTTP/1.1" 404 1089
186.103.158.250 - - [14/Mar/2017:16:31:31 -0300] "POST /cormun/servlet/solicitudotadjuntos?gx-no-cache=1489519959957 HTTP/1.1" 200 26
192.168.10.89 - - [14/Mar/2017:16:31:32 -0300] "GET /cormun/servlet/trautorizarsolicitud? HTTP/1.1" 200 8155
192.168.10.89 - - [14/Mar/2017:16:31:36 -0300] "POST /cormun/servlet/trautorizarsolicitud?616f363fc48bbe8c280b95f5207f45d3,,gx-no-cache=1489523178953 HTTP/1.1" 200 4332
192.168.10.89 - - [14/Mar/2017:16:31:37 -0300] "POST /cormun/servlet/trautorizarsolicitud?616f363fc48bbe8c280b95f5207f45d3,,gx-no-cache=1489523179305 HTTP/1.1" 200 4094
192.168.10.89 - - [14/Mar/2017:16:31:37 -0300] "GET /cormun/static/Shared/jqueryui/images/ui-bg_highlight-soft_100_c6c2c8_1x100.png HTTP/1.1" 404 1117
192.168.10.89 - - [14/Mar/2017:16:31:37 -0300] "GET /cormun/static/Shared/jqueryui/images/ui-icons_8d78a5_256x240.png HTTP/1.1" 404 1089
192.168.10.89 - - [14/Mar/2017:16:31:37 -0300] "GET /cormun/static/Shared/jqueryui/images/ui-icons_82798d_256x240.png HTTP/1.1" 404 1089
192.168.10.89 - - [14/Mar/2017:16:31:37 -0300] "GET /cormun/static/Shared/jqueryui/images/ui-bg_flat_55_fafafa_40x100.png HTTP/1.1" 404 1097
186.103.159.182 - - [14/Mar/2017:16:31:41 -0300] "POST /cormun/servlet/trvisualizadoreventos?cd7f25081aff97d13943a3e88e87b493,,gx-no-cache=1489520181662 HTTP/1.1" 200 3970
186.103.158.250 - - [14/Mar/2017:16:31:43 -0300] "GET /cormun/servlet/solicitudotadjuntos?e8c9549c5ed1af50262894d4696b8558d81226ecc7e98508d4c6248f4a292f7b,gx-no-cache=1489519971751 HTTP/1.1" 200 30
186.103.158.250 - - [14/Mar/2017:16:31:43 -0300] "GET /cormun/servlet/solicitudotadjuntos?e8c9549c5ed1af50262894d4696b8558d81226ecc7e98508d4c6248f4a292f7b,gx-no-cache=1489519971805 HTTP/1.1" 200 30
186.103.158.250 - - [14/Mar/2017:16:31:45 -0300] "POST /cormun/servlet/solicitudotadjuntos?2472ddf1bf3305bdde497c148fe1c691,INS,2017,5523,,2, HTTP/1.1" 200 116
186.103.158.250 - - [14/Mar/2017:16:31:45 -0300] "GET /cormun/servlet/hpexe_return? HTTP/1.1" 200 1024
186.103.159.182 - - [14/Mar/2017:16:31:45 -0300] "POST /cormun/servlet/trvisualizadoreventos?cd7f25081aff97d13943a3e88e87b493,,gx-no-cache=1489520185252 HTTP/1.1" 200 3969
186.103.158.250 - - [14/Mar/2017:16:31:45 -0300] "GET /cormun/servlet/trsolicitudadjuntos?2017,5523, HTTP/1.1" 200 9290
186.103.158.250 - - [14/Mar/2017:16:31:47 -0300] "GET /cormun/servlet/trsolicitudadjuntos?2017,5523, HTTP/1.1" 200 9282
186.103.159.182 - - [14/Mar/2017:16:31:48 -0300] "GET /cormun/servlet/trautorizarsolicitud? HTTP/1.1" 200 6936
186.103.158.250 - - [14/Mar/2017:16:31:48 -0300] "GET /cormun/servlet/solicitudotadjuntos?INS,2017,5523,,2, HTTP/1.1" 200 5972
186.103.158.250 - - [14/Mar/2017:16:31:49 -0300] "GET /cormun/static/about:blank HTTP/1.1" 404 1011
186.103.158.250 - - [14/Mar/2017:16:31:50 -0300] "GET /cormun/servlet/solicitudotadjuntos?INS,2017,5523,,2, HTTP/1.1" 200 5964
186.103.158.250 - - [14/Mar/2017:16:31:50 -0300] "GET /cormun/servlet/solicitudotadjuntos?e8c9549c5ed1af50262894d4696b8558b97347c2c90c691819352e2458decbc601b5c1d28af3f69937d2ce045c78ffb5,gx-no-cache=1489519978670 HTTP/1.1" 200 30
186.103.158.250 - - [14/Mar/2017:16:31:50 -0300] "POST /cormun/servlet/solicitudotadjuntos?2472ddf1bf3305bdde497c148fe1c691,INS,2017,5523,,2,,gx-no-cache=1489519978750 HTTP/1.1" 200 4040
186.103.159.182 - - [14/Mar/2017:16:31:51 -0300] "GET /cormun/servlet/trautorizarsolicitud? HTTP/1.1" 200 6935
186.103.159.182 - - [14/Mar/2017:16:31:59 -0300] "POST /cormun/servlet/trautorizarsolicitud?cd7f25081aff97d13943a3e88e87b493,,gx-no-cache=1489520199574 HTTP/1.1" 200 4114
186.103.159.182 - - [14/Mar/2017:16:32:05 -0300] "POST /cormun/servlet/trautorizarsolicitud?cd7f25081aff97d13943a3e88e87b493,,gx-no-cache=1489520205069 HTTP/1.1" 200 4116
186.103.159.182 - - [14/Mar/2017:16:32:07 -0300] "POST /cormun/servlet/trautorizarsolicitud?cd7f25081aff97d13943a3e88e87b493,,gx-no-cache=1489520207052 HTTP/1.1" 200 4116
186.103.159.182 - - [14/Mar/2017:16:32:12 -0300] "POST /cormun/servlet/trautorizarsolicitud?cd7f25081aff97d13943a3e88e87b493,,gx-no-cache=1489520211659 HTTP/1.1" 200 4118
186.103.159.182 - - [14/Mar/2017:16:32:17 -0300] "POST /cormun/servlet/trautorizarsolicitud?cd7f25081aff97d13943a3e88e87b493,,gx-no-cache=1489520216499 HTTP/1.1" 200 4117
186.103.158.250 - - [14/Mar/2017:16:32:20 -0300] "POST /cormun/servlet/solicitudotadjuntos?gx-no-cache=1489520008711 HTTP/1.1" 200 26
186.103.159.182 - - [14/Mar/2017:16:32:23 -0300] "POST /cormun/servlet/trautorizarsolicitud?cd7f25081aff97d13943a3e88e87b493,,gx-no-cache=1489520223688 HTTP/1.1" 200 4117
186.103.159.182 - - [14/Mar/2017:16:32:27 -0300] "POST /cormun/servlet/trautorizarsolicitud?cd7f25081aff97d13943a3e88e87b493,,gx-no-cache=1489520227768 HTTP/1.1" 200 4116
186.103.158.250 - - [14/Mar/2017:16:32:30 -0300] "GET /cormun/servlet/solicitudotadjuntos?e8c9549c5ed1af50262894d4696b8558d81226ecc7e98508d4c6248f4a292f7b,gx-no-cache=1489520018151 HTTP/1.1" 200 30
186.103.158.250 - - [14/Mar/2017:16:32:30 -0300] "GET /cormun/servlet/solicitudotadjuntos?e8c9549c5ed1af50262894d4696b8558d81226ecc7e98508d4c6248f4a292f7b,gx-no-cache=1489520018184 HTTP/1.1" 200 30
186.103.158.250 - - [14/Mar/2017:16:32:30 -0300] "POST /cormun/servlet/solicitudotadjuntos?2472ddf1bf3305bdde497c148fe1c691,INS,2017,5523,,2, HTTP/1.1" 200 116
186.103.158.250 - - [14/Mar/2017:16:32:30 -0300] "GET /cormun/servlet/hpexe_return? HTTP/1.1" 200 1024
186.103.158.250 - - [14/Mar/2017:16:32:30 -0300] "GET /cormun/servlet/trsolicitudadjuntos?2017,5523, HTTP/1.1" 200 9439
186.103.158.250 - - [14/Mar/2017:16:32:32 -0300] "GET /cormun/servlet/trsolicitudadjuntos?2017,5523, HTTP/1.1" 200 9438
186.103.159.182 - - [14/Mar/2017:16:32:33 -0300] "GET /cormun/servlet/trsolicitudot? HTTP/1.1" 200 9325
186.103.159.182 - - [14/Mar/2017:16:32:33 -0300] "GET /cormun/static/gxcfg.js?20171191044697 HTTP/1.1" 200 953
186.103.159.182 - - [14/Mar/2017:16:32:33 -0300] "GET /cormun/static/trsolicitudot.js?20171191045625 HTTP/1.1" 200 53117
186.103.159.182 - - [14/Mar/2017:16:32:35 -0300] "GET /cormun/servlet/trsolicitudot? HTTP/1.1" 200 9324
186.103.159.182 - - [14/Mar/2017:16:32:36 -0300] "GET /cormun//static/Resources/PXToolsActionView.png HTTP/1.1" 200 2995
186.103.159.182 - - [14/Mar/2017:16:32:36 -0300] "GET /cormun//static/Resources/PXToolsRemoveAllAction.png HTTP/1.1" 200 3558
192.168.10.96 - - [14/Mar/2017:16:32:37 -0300] "POST /cormun/servlet/trsolicitudgral?c802161f68b1aaccdaa4071c5f4098f1,,gx-no-cache=1489523239755 HTTP/1.1" 200 10500
186.103.158.250 - - [14/Mar/2017:16:32:41 -0300] "GET /cormun/servlet/trautorizarsolicitud? HTTP/1.1" 200 6859
186.103.158.250 - - [14/Mar/2017:16:32:43 -0300] "GET /cormun/servlet/trautorizarsolicitud? HTTP/1.1" 200 6849
186.103.158.250 - - [14/Mar/2017:16:32:48 -0300] "GET /cormun/servlet/trautorizarsolicitud? HTTP/1.1" 200 6849
192.168.10.96 - - [14/Mar/2017:16:32:49 -0300] "POST /cormun/servlet/trsolicitudgral?c802161f68b1aaccdaa4071c5f4098f1,,gx-no-cache=1489523251473 HTTP/1.1" 200 8461
186.103.158.250 - - [14/Mar/2017:16:32:49 -0300] "GET /cormun/servlet/trautorizarsolicitud? HTTP/1.1" 200 6849
186.103.158.250 - - [14/Mar/2017:16:32:54 -0300] "POST /cormun/servlet/trautorizarsolicitud?2472ddf1bf3305bdde497c148fe1c691,,gx-no-cache=1489520042515 HTTP/1.1" 200 4107
186.103.158.250 - - [14/Mar/2017:16:32:57 -0300] "GET /cormun/servlet/trsolicitudot? HTTP/1.1" 200 9130
192.168.10.96 - - [14/Mar/2017:16:32:57 -0300] "POST /cormun/servlet/trsolicitudgral?c802161f68b1aaccdaa4071c5f4098f1,,gx-no-cache=1489523259803 HTTP/1.1" 200 10499
186.103.158.250 - - [14/Mar/2017:16:32:59 -0300] "GET /cormun/servlet/trsolicitudot? HTTP/1.1" 200 9129
192.168.10.96 - - [14/Mar/2017:16:33:04 -0300] "POST /cormun/servlet/trsolicitudgral?c802161f68b1aaccdaa4071c5f4098f1,,gx-no-cache=1489523266471 HTTP/1.1" 200 9342
186.103.158.250 - - [14/Mar/2017:16:33:06 -0300] "POST /cormun/servlet/trsolicitudot?2472ddf1bf3305bdde497c148fe1c691,,gx-no-cache=1489520054387 HTTP/1.1" 200 5931
186.103.158.250 - - [14/Mar/2017:16:33:06 -0300] "GET /cormun/static/Shared/jqueryui/images/ui-bg_highlight-soft_100_c6c2c8_1x100.png HTTP/1.1" 404 1117
186.103.158.250 - - [14/Mar/2017:16:33:06 -0300] "GET /cormun/static/Shared/jqueryui/images/ui-icons_82798d_256x240.png HTTP/1.1" 404 1089
186.103.158.250 - - [14/Mar/2017:16:33:06 -0300] "GET /cormun/static/Shared/jqueryui/images/ui-bg_flat_55_fafafa_40x100.png HTTP/1.1" 404 1097
186.103.158.250 - - [14/Mar/2017:16:33:06 -0300] "GET /cormun/static/Shared/jqueryui/images/ui-icons_8d78a5_256x240.png HTTP/1.1" 404 1089
186.103.158.250 - - [14/Mar/2017:16:33:06 -0300] "POST /cormun/servlet/trsolicitudot?2472ddf1bf3305bdde497c148fe1c691,,gx-no-cache=1489520054801 HTTP/1.1" 200 5874
186.103.158.250 - - [14/Mar/2017:16:33:11 -0300] "GET /cormun/servlet/trautorizarsolicitud? HTTP/1.1" 200 8140
186.103.158.250 - - [14/Mar/2017:16:33:12 -0300] "GET /cormun/servlet/trautorizarsolicitud? HTTP/1.1" 200 8140
186.103.158.250 - - [14/Mar/2017:16:33:22 -0300] "POST /cormun/servlet/trautorizarsolicitud?2472ddf1bf3305bdde497c148fe1c691,,gx-no-cache=1489520070681 HTTP/1.1" 200 4337
186.103.158.250 - - [14/Mar/2017:16:33:22 -0300] "GET /cormun/static/Shared/jqueryui/images/ui-bg_highlight-soft_100_c6c2c8_1x100.png HTTP/1.1" 404 1117
186.103.158.250 - - [14/Mar/2017:16:33:22 -0300] "GET /cormun/static/Shared/jqueryui/images/ui-icons_82798d_256x240.png HTTP/1.1" 404 1089
186.103.158.250 - - [14/Mar/2017:16:33:22 -0300] "GET /cormun/static/Shared/jqueryui/images/ui-icons_8d78a5_256x240.png HTTP/1.1" 404 1089
186.103.158.250 - - [14/Mar/2017:16:33:22 -0300] "GET /cormun/static/Shared/jqueryui/images/ui-bg_flat_55_fafafa_40x100.png HTTP/1.1" 404 1097
186.103.158.250 - - [14/Mar/2017:16:33:22 -0300] "POST /cormun/servlet/trautorizarsolicitud?2472ddf1bf3305bdde497c148fe1c691,,gx-no-cache=1489520071013 HTTP/1.1" 200 4098
192.168.10.96 - - [14/Mar/2017:16:33:34 -0300] "POST /cormun/servlet/trsolicitudgral?c802161f68b1aaccdaa4071c5f4098f1,,gx-no-cache=1489523296436 HTTP/1.1" 200 8461
192.168.10.96 - - [14/Mar/2017:16:33:39 -0300] "POST /cormun/servlet/trsolicitudgral?c802161f68b1aaccdaa4071c5f4098f1,,gx-no-cache=1489523302001 HTTP/1.1" 200 10498
192.168.10.96 - - [14/Mar/2017:16:33:49 -0300] "POST /cormun/servlet/trsolicitudgral?c802161f68b1aaccdaa4071c5f4098f1,,gx-no-cache=1489523310811 HTTP/1.1" 200 21477
192.168.10.96 - - [14/Mar/2017:16:34:04 -0300] "POST /cormun/servlet/trsolicitudgral?c802161f68b1aaccdaa4071c5f4098f1,,gx-no-cache=1489523326718 HTTP/1.1" 200 8461
192.168.10.96 - - [14/Mar/2017:16:34:11 -0300] "POST /cormun/servlet/trsolicitudgral?c802161f68b1aaccdaa4071c5f4098f1,,gx-no-cache=1489523333281 HTTP/1.1" 200 10499
186.103.159.182 - - [14/Mar/2017:16:34:11 -0300] "GET /cormun/servlet/trautorizarsolicitud? HTTP/1.1" 200 6946
186.103.159.182 - - [14/Mar/2017:16:34:13 -0300] "GET /cormun/servlet/trautorizarsolicitud? HTTP/1.1" 200 6946
186.103.159.182 - - [14/Mar/2017:16:34:16 -0300] "GET /cormun/servlet/trvisualizadoreventos? HTTP/1.1" 200 6782
186.103.159.182 - - [14/Mar/2017:16:34:18 -0300] "GET /cormun/servlet/trvisualizadoreventos? HTTP/1.1" 200 6782
186.103.159.182 - - [14/Mar/2017:16:34:31 -0300] "POST /cormun/servlet/trvisualizadoreventos?cd7f25081aff97d13943a3e88e87b493,,gx-no-cache=1489520351625 HTTP/1.1" 200 3963
186.103.159.182 - - [14/Mar/2017:16:34:36 -0300] "POST /cormun/servlet/trvisualizadoreventos?cd7f25081aff97d13943a3e88e87b493,,gx-no-cache=1489520356548 HTTP/1.1" 200 3963
192.168.10.96 - - [14/Mar/2017:16:34:37 -0300] "POST /cormun/servlet/trsolicitudgral?c802161f68b1aaccdaa4071c5f4098f1,,gx-no-cache=1489523359897 HTTP/1.1" 200 14891
186.103.159.182 - - [14/Mar/2017:16:34:41 -0300] "POST /cormun/servlet/trvisualizadoreventos?cd7f25081aff97d13943a3e88e87b493,,gx-no-cache=1489520361125 HTTP/1.1" 200 3965
186.103.159.182 - - [14/Mar/2017:16:34:44 -0300] "GET /cormun/servlet/trcontratosolicitud? HTTP/1.1" 200 13685
186.103.159.182 - - [14/Mar/2017:16:34:45 -0300] "GET /cormun/static/gxcfg.js?20171317451682 HTTP/1.1" 200 953
186.103.159.182 - - [14/Mar/2017:16:34:47 -0300] "GET /cormun//static/Resources/PXToolsActionDisabled.gif HTTP/1.1" 200 53
186.103.159.182 - - [14/Mar/2017:16:34:47 -0300] "GET /cormun//static/Resources/PXToolsGridNew.png HTTP/1.1" 200 2949
186.103.159.182 - - [14/Mar/2017:16:34:47 -0300] "GET /cormun/servlet/trcontratosolicitud? HTTP/1.1" 200 13688
192.168.10.96 - - [14/Mar/2017:16:34:50 -0300] "POST /cormun/servlet/trsolicitudgral?c802161f68b1aaccdaa4071c5f4098f1,,gx-no-cache=1489523373004 HTTP/1.1" 200 7474
186.103.159.182 - - [14/Mar/2017:16:35:04 -0300] "POST /cormun/servlet/trcontratosolicitud?cd7f25081aff97d13943a3e88e87b493,,gx-no-cache=1489520384080 HTTP/1.1" 200 4774
192.168.10.96 - - [14/Mar/2017:16:35:45 -0300] "POST /cormun/servlet/trsolicitudgral?c802161f68b1aaccdaa4071c5f4098f1,,gx-no-cache=1489523427433 HTTP/1.1" 200 7848
186.103.159.182 - - [14/Mar/2017:16:35:45 -0300] "POST /cormun/servlet/trcontratosolicitud?cd7f25081aff97d13943a3e88e87b493,,gx-no-cache=1489520425271 HTTP/1.1" 200 3984
192.168.10.96 - - [14/Mar/2017:16:35:50 -0300] "POST /cormun/servlet/trsolicitudgral?c802161f68b1aaccdaa4071c5f4098f1,,gx-no-cache=1489523432120 HTTP/1.1" 200 14282
186.103.159.182 - - [14/Mar/2017:16:36:05 -0300] "POST /cormun/servlet/trcontratosolicitud?cd7f25081aff97d13943a3e88e87b493,,gx-no-cache=1489520445258 HTTP/1.1" 200 3985
186.103.159.182 - - [14/Mar/2017:16:36:17 -0300] "POST /cormun/servlet/trcontratosolicitud?cd7f25081aff97d13943a3e88e87b493,,gx-no-cache=1489520457503 HTTP/1.1" 200 4771
186.103.159.182 - - [14/Mar/2017:16:36:32 -0300] "GET /cormun/servlet/trsolicitudot? HTTP/1.1" 200 9326
186.103.159.182 - - [14/Mar/2017:16:36:34 -0300] "GET /cormun/servlet/trsolicitudot? HTTP/1.1" 200 9325
192.168.10.96 - - [14/Mar/2017:16:37:16 -0300] "POST /cormun/servlet/trsolicitudgral?c802161f68b1aaccdaa4071c5f4098f1,,gx-no-cache=1489523518475 HTTP/1.1" 200 5395
192.168.10.96 - - [14/Mar/2017:16:37:20 -0300] "POST /cormun/servlet/trsolicitudgral?c802161f68b1aaccdaa4071c5f4098f1,,gx-no-cache=1489523522212 HTTP/1.1" 200 14282
192.168.10.96 - - [14/Mar/2017:16:37:38 -0300] "POST /cormun/servlet/trsolicitudgral?c802161f68b1aaccdaa4071c5f4098f1,,gx-no-cache=1489523540654 HTTP/1.1" 200 5395
192.168.10.96 - - [14/Mar/2017:16:37:42 -0300] "POST /cormun/servlet/trsolicitudgral?c802161f68b1aaccdaa4071c5f4098f1,,gx-no-cache=1489523544622 HTTP/1.1" 200 6695
192.168.10.96 - - [14/Mar/2017:16:37:49 -0300] "POST /cormun/servlet/trsolicitudgral?c802161f68b1aaccdaa4071c5f4098f1,,gx-no-cache=1489523550589 HTTP/1.1" 200 22077
192.168.10.96 - - [14/Mar/2017:16:38:12 -0300] "POST /cormun/servlet/trsolicitudgral?c802161f68b1aaccdaa4071c5f4098f1,,gx-no-cache=1489523574364 HTTP/1.1" 200 5395
192.168.10.96 - - [14/Mar/2017:16:38:15 -0300] "POST /cormun/servlet/trsolicitudgral?c802161f68b1aaccdaa4071c5f4098f1,,gx-no-cache=1489523577038 HTTP/1.1" 200 14281
192.168.10.96 - - [14/Mar/2017:16:38:27 -0300] "POST /cormun/servlet/trsolicitudgral?c802161f68b1aaccdaa4071c5f4098f1,,gx-no-cache=1489523589444 HTTP/1.1" 200 7849
192.168.10.96 - - [14/Mar/2017:16:39:17 -0300] "POST /cormun/servlet/trsolicitudgral?c802161f68b1aaccdaa4071c5f4098f1,,gx-no-cache=1489523639547 HTTP/1.1" 200 5395
192.168.10.96 - - [14/Mar/2017:16:39:21 -0300] "POST /cormun/servlet/trsolicitudgral?c802161f68b1aaccdaa4071c5f4098f1,,gx-no-cache=1489523643470 HTTP/1.1" 200 6667
192.168.10.96 - - [14/Mar/2017:16:39:26 -0300] "POST /cormun/servlet/trsolicitudgral?c802161f68b1aaccdaa4071c5f4098f1,,gx-no-cache=1489523648261 HTTP/1.1" 200 10696
186.103.159.182 - - [14/Mar/2017:16:39:35 -0300] "GET /cormun/servlet/hlogin HTTP/1.1" 200 1717
186.103.159.182 - - [14/Mar/2017:16:39:35 -0300] "GET /cormun/static/gxcfg.js?201612216162538 HTTP/1.1" 200 953
186.103.159.182 - - [14/Mar/2017:16:39:35 -0300] "GET /cormun/static/Resources/Spanish/PXTools.css?167811 HTTP/1.1" 200 89042
186.103.159.182 - - [14/Mar/2017:16:39:35 -0300] "GET /cormun/static/Resources/ComunLogin.png HTTP/1.1" 200 17326
186.103.159.182 - - [14/Mar/2017:16:39:35 -0300] "GET /cormun/static/Resources/PXToolsLoginTop.png HTTP/1.1" 200 1337
186.103.159.182 - - [14/Mar/2017:16:39:35 -0300] "GET /cormun/static/Resources/PXToolsLoginBackground.png HTTP/1.1" 200 1164
186.103.159.182 - - [14/Mar/2017:16:39:35 -0300] "GET /cormun/static/Resources/PXToolsButtonRight21.png HTTP/1.1" 200 1283
186.103.159.182 - - [14/Mar/2017:16:39:35 -0300] "GET /cormun/static/Resources/PXToolsButtonBackground2.png HTTP/1.1" 200 1181
186.103.159.182 - - [14/Mar/2017:16:39:35 -0300] "GET /cormun/static/Resources/PXToolsLoginBottom.png HTTP/1.1" 200 1389
186.103.159.182 - - [14/Mar/2017:16:39:36 -0300] "GET /cormun/static/Resources/indicator.gif HTTP/1.1" 200 1553
186.103.159.182 - - [14/Mar/2017:16:39:36 -0300] "GET /cormun/servlet/hlogin HTTP/1.1" 200 1723
186.103.159.182 - - [14/Mar/2017:16:39:36 -0300] "GET /cormun/static/Resources/PXToolsButtonLeft21.png HTTP/1.1" 200 1287
186.103.159.182 - - [14/Mar/2017:16:39:36 -0300] "GET /cormun/static/Resources/PXToolsButtonLeft21.png HTTP/1.1" 200 1287
192.168.10.62 - - [14/Mar/2017:16:39:50 -0300] "GET /cormun/servlet/hlogin HTTP/1.1" 200 1737
186.103.159.182 - - [14/Mar/2017:16:39:59 -0300] "POST /cormun/servlet/hlogin?d3896cf3d0485d2e1fadf8e60bf5e587,gx-no-cache=1489520468331 HTTP/1.1" 200 90
186.103.159.182 - - [14/Mar/2017:16:39:59 -0300] "GET /cormun/servlet/hpexe_link HTTP/1.1" 200 946
186.103.159.182 - - [14/Mar/2017:16:39:59 -0300] "GET /cormun/servlet/hhome HTTP/1.1" 200 4015
186.103.159.182 - - [14/Mar/2017:16:39:59 -0300] "GET /cormun/static/gxcfg.js?201612218515568 HTTP/1.1" 200 953
186.103.159.182 - - [14/Mar/2017:16:39:59 -0300] "GET /cormun/static/Shared/jqueryui/jquery-ui.min.css?1345370 HTTP/1.1" 200 30288
186.103.159.182 - - [14/Mar/2017:16:39:59 -0300] "GET /cormun/static/SmoothNavMenu/resources/ddsmoothmenu-v.css?1112540 HTTP/1.1" 200 1188
186.103.159.182 - - [14/Mar/2017:16:39:59 -0300] "GET /cormun/static/SmoothNavMenu/resources/ddsmoothmenu.css?1112540 HTTP/1.1" 200 2223
186.103.159.182 - - [14/Mar/2017:16:39:59 -0300] "GET /cormun/static/scaMessage/css/jquery.pnotify.default.css?1816380 HTTP/1.1" 200 1707
186.103.159.182 - - [14/Mar/2017:16:39:59 -0300] "GET /cormun/static/PXToolsJavascripts/pexe_cookies.js HTTP/1.1" 200 792
186.103.159.182 - - [14/Mar/2017:16:39:59 -0300] "GET /cormun/static/PXToolsJavascripts/pexe_menudivfix.js HTTP/1.1" 200 333
186.103.159.182 - - [14/Mar/2017:16:39:59 -0300] "GET /cormun/static/PXToolsJavascripts/pexe_oavdivfix.js HTTP/1.1" 200 639
186.103.159.182 - - [14/Mar/2017:16:39:59 -0300] "GET /cormun/static/PXToolsJavascripts/pexe_oav.js HTTP/1.1" 200 645
186.103.159.182 - - [14/Mar/2017:16:39:59 -0300] "GET /cormun/static/PXToolsJavascripts/pexe_picture.js HTTP/1.1" 200 689
186.103.159.182 - - [14/Mar/2017:16:39:59 -0300] "GET /cormun/static/PXToolsJavascripts/pexe_tabdivfix.js HTTP/1.1" 200 876
186.103.159.182 - - [14/Mar/2017:16:39:59 -0300] "GET /cormun/static/PXToolsJavascripts/PXToolsJavascriptsRender.js HTTP/1.1" 200 367
186.103.159.182 - - [14/Mar/2017:16:40:00 -0300] "GET /cormun/static/RunJS/RunJS.js HTTP/1.1" 200 288
186.103.159.182 - - [14/Mar/2017:16:40:00 -0300] "GET /cormun/static/Shared/ext/locale/ext-lang-en.js HTTP/1.1" 200 10940
186.103.159.182 - - [14/Mar/2017:16:40:00 -0300] "GET /cormun/static/hhome.js?201612218515573 HTTP/1.1" 200 777
186.103.159.182 - - [14/Mar/2017:16:40:00 -0300] "GET /cormun/static/hwchdr01.js?201612218432057 HTTP/1.1" 200 1183
186.103.159.182 - - [14/Mar/2017:16:40:00 -0300] "GET /cormun/static/hpexe_scripts.js?201612218432016 HTTP/1.1" 200 1544
186.103.159.182 - - [14/Mar/2017:16:40:00 -0300] "GET /cormun/static/hpexe_messagepopupcomponent.js?20161017169425 HTTP/1.1" 200 605
186.103.159.182 - - [14/Mar/2017:16:40:00 -0300] "GET /cormun/static/hpexe_messagecontroller.js?201610171694323 HTTP/1.1" 200 870
186.103.159.182 - - [14/Mar/2017:16:40:00 -0300] "GET /cormun/static/Resources/PXToolsHeaderPreferences.png HTTP/1.1" 200 4189
186.103.159.182 - - [14/Mar/2017:16:40:00 -0300] "GET /cormun/static/Resources/logo4.png HTTP/1.1" 200 6582
186.103.159.182 - - [14/Mar/2017:16:40:00 -0300] "GET /cormun/static/Resources/PXToolsHeaderActionsLeft.png HTTP/1.1" 200 1118
186.103.159.182 - - [14/Mar/2017:16:40:00 -0300] "GET /cormun/static/Resources/PXToolsHeaderLogin.png HTTP/1.1" 200 4279
186.103.159.182 - - [14/Mar/2017:16:40:00 -0300] "GET /cormun/static/Resources/PXToolsDataTitle.png HTTP/1.1" 200 1173
186.103.159.182 - - [14/Mar/2017:16:40:00 -0300] "GET /cormun/static/Resources/PXToolsHeaderActionsBackground.png HTTP/1.1" 200 484
186.103.159.182 - - [14/Mar/2017:16:40:00 -0300] "GET /cormun/static/gxui/gxui-all.js HTTP/1.1" 200 107772
186.103.159.182 - - [14/Mar/2017:16:40:00 -0300] "GET /cormun/static/Resources/PXToolsHeaderSecurity.png HTTP/1.1" 200 4166
186.103.159.182 - - [14/Mar/2017:16:40:00 -0300] "GET /cormun/static/Resources/PXToolsHeaderActionsRight.png HTTP/1.1" 200 1201
186.103.159.182 - - [14/Mar/2017:16:40:00 -0300] "GET /cormun/static/Resources/PXToolsHeaderBackground2.png HTTP/1.1" 200 1174
186.103.159.182 - - [14/Mar/2017:16:40:00 -0300] "GET /cormun/static/Resources/PXToolsHeaderHome.png HTTP/1.1" 200 4147
