157.55.39.45 - - [14/Mar/2017:11:08:43 -0300] "GET /cormun/static/PXToolsJavascripts/pexe_upload.js HTTP/1.1" 200 1423
186.79.37.88 - - [14/Mar/2017:11:08:47 -0300] "GET /cormun/servlet/permisogoce?23274168130bdf22df882a60eca7337a7927cb22494b9f0c33afa1e5570b010387e2f491c69177282e77b5e18dfd0b70,gx-no-cache=1489500596157 HTTP/1.1" 200 69
186.79.37.88 - - [14/Mar/2017:11:08:47 -0300] "GET /cormun/static/menuarrow.gif HTTP/1.1" 404 1015
186.103.158.250 - - [14/Mar/2017:11:08:48 -0300] "GET /cormun/servlet/treventos?2017,4932, HTTP/1.1" 200 7748
157.55.39.45 - - [14/Mar/2017:11:08:49 -0300] "GET /cormun/static/Shared/ext/ext-all.js HTTP/1.1" 200 1289687
186.103.158.250 - - [14/Mar/2017:11:08:49 -0300] "GET /cormun/servlet/treventos?2017,4932, HTTP/1.1" 200 7754
157.55.39.45 - - [14/Mar/2017:11:08:51 -0300] "GET /cormun/static/Shared/jquery/jquery-1.10.2.min.js HTTP/1.1" 200 273199
157.55.39.45 - - [14/Mar/2017:11:08:52 -0300] "GET /cormun/static/Shared/jquery/jquery-1.4.2.min.js HTTP/1.1" 200 72174
157.55.39.45 - - [14/Mar/2017:11:08:52 -0300] "GET /cormun/static/gxui/gxui-all.js HTTP/1.1" 200 107772
157.55.39.45 - - [14/Mar/2017:11:08:53 -0300] "GET /cormun/static/hmpwkw03.js?20161221852152 HTTP/1.1" 200 3965
157.55.39.45 - - [14/Mar/2017:11:08:53 -0300] "GET /cormun/static/hpexe_messagepopupcomponent.js?20161017169425 HTTP/1.1" 200 605
157.55.39.45 - - [14/Mar/2017:11:08:53 -0300] "GET /cormun/static/hpexe_scripts.js?201612218432016 HTTP/1.1" 200 1544
157.55.39.45 - - [14/Mar/2017:11:08:54 -0300] "GET /cormun/static/hwchdr01.js?201612218432057 HTTP/1.1" 200 1183
157.55.39.45 - - [14/Mar/2017:11:08:54 -0300] "GET /cormun/static/messages.spa.js?85251 HTTP/1.1" 200 30736
157.55.39.45 - - [14/Mar/2017:11:08:54 -0300] "GET /cormun/static/scaMessage/js/jquery.pnotify.min.js HTTP/1.1" 200 13038
157.55.39.45 - - [14/Mar/2017:11:08:54 -0300] "GET /cormun/static/trcontratoobservacion.js?20161221855487 HTTP/1.1" 200 25085
186.103.157.42 - - [14/Mar/2017:11:08:56 -0300] "GET /cormun/servlet/hlogin HTTP/1.1" 200 1727
207.46.13.58 - - [14/Mar/2017:11:08:58 -0300] "GET /cormun/static/PXToolsJavascripts/PXToolsJavascriptsRender.js HTTP/1.1" 200 367
207.46.13.58 - - [14/Mar/2017:11:08:59 -0300] "GET /cormun/static/PXToolsJavascripts/pexe_menus.js HTTP/1.1" 200 1286
207.46.13.58 - - [14/Mar/2017:11:08:59 -0300] "GET /cormun/static/PXToolsJavascripts/pexe_oavdivfix.js HTTP/1.1" 200 639
207.46.13.58 - - [14/Mar/2017:11:09:01 -0300] "GET /cormun/static/Shared/jqueryui/jquery-ui.min.js HTTP/1.1" 200 240427
207.46.13.58 - - [14/Mar/2017:11:09:01 -0300] "GET /cormun/static/SmoothNavMenu/resources/ddsmoothmenu.js HTTP/1.1" 200 12712
207.46.13.58 - - [14/Mar/2017:11:09:01 -0300] "GET /cormun/static/calendar-es.js?85251 HTTP/1.1" 200 1901
207.46.13.58 - - [14/Mar/2017:11:09:02 -0300] "GET /cormun/static/cmcontrolpreferences.js?201612218431999 HTTP/1.1" 200 1375
207.46.13.58 - - [14/Mar/2017:11:09:02 -0300] "GET /cormun/static/scaMessage/scaMessageRender.js HTTP/1.1" 200 11977
186.103.158.250 - - [14/Mar/2017:11:09:04 -0300] "GET /cormun/servlet/trsolicitudot? HTTP/1.1" 200 8665
186.103.157.42 - - [14/Mar/2017:11:09:05 -0300] "POST /cormun/servlet/hlogin?9f8d92fb51e2bfd2bd76706910044d7b,gx-no-cache=1489500615893 HTTP/1.1" 200 90
186.103.157.42 - - [14/Mar/2017:11:09:05 -0300] "GET /cormun/servlet/hpexe_link HTTP/1.1" 200 957
186.103.157.42 - - [14/Mar/2017:11:09:05 -0300] "GET /cormun/static/gxcfg.js?201612218515529 HTTP/1.1" 304 -
186.103.157.42 - - [14/Mar/2017:11:09:05 -0300] "GET /cormun/servlet/hhome HTTP/1.1" 200 4049
186.103.157.42 - - [14/Mar/2017:11:09:06 -0300] "GET /cormun/static/gxcfg.js?201612218515568 HTTP/1.1" 304 -
186.103.157.42 - - [14/Mar/2017:11:09:06 -0300] "GET /cormun/static/PXToolsJavascripts/pexe_oavdivfix.js HTTP/1.1" 304 -
186.103.158.250 - - [14/Mar/2017:11:09:06 -0300] "GET /cormun/servlet/trsolicitudot? HTTP/1.1" 200 8665
186.103.157.42 - - [14/Mar/2017:11:09:06 -0300] "GET /cormun/static/PXToolsJavascripts/pexe_scrolldiv.js HTTP/1.1" 304 -
186.103.157.42 - - [14/Mar/2017:11:09:07 -0300] "GET /cormun/servlet/hhome HTTP/1.1" 200 4045
186.79.37.88 - - [14/Mar/2017:11:09:11 -0300] "GET /cormun/servlet/permisogoce?23274168130bdf22df882a60eca7337a8ea2b9e5d384958e9745f1e7441e6b1ebde69be1b3e06925fbfd6f92bc30b5126ccbb27be14287c42291cf729d4a88e2,gx-no-cache=1489500620038 HTTP/1.1" 200 47
186.103.157.42 - - [14/Mar/2017:11:09:15 -0300] "GET /cormun/servlet/trlicencias? HTTP/1.1" 200 6911
186.103.157.42 - - [14/Mar/2017:11:09:15 -0300] "GET /cormun/static/gxcfg.js?2016122619301429 HTTP/1.1" 200 953
186.103.157.42 - - [14/Mar/2017:11:09:15 -0300] "GET /cormun/static/trlicencias.js?2016122619301919 HTTP/1.1" 304 -
207.46.13.205 - - [14/Mar/2017:11:09:15 -0300] "GET /cormun/static/PXToolsJavascripts/pexe_autoreload.js HTTP/1.1" 200 1762
207.46.13.205 - - [14/Mar/2017:11:09:16 -0300] "GET /cormun/static/PXToolsJavascripts/pexe_tabs.js HTTP/1.1" 200 3748
207.46.13.205 - - [14/Mar/2017:11:09:16 -0300] "GET /cormun/static/PXToolsJavascripts/pexe_windows.js HTTP/1.1" 200 15207
186.103.157.42 - - [14/Mar/2017:11:09:16 -0300] "GET /cormun/servlet/trlicencias? HTTP/1.1" 200 6909
207.46.13.205 - - [14/Mar/2017:11:09:16 -0300] "GET /cormun/static/RunJS/RunJS.js HTTP/1.1" 200 288
207.46.13.205 - - [14/Mar/2017:11:09:17 -0300] "GET /cormun/static/Shared/ext/locale/ext-lang-en.js HTTP/1.1" 200 10940
207.46.13.205 - - [14/Mar/2017:11:09:17 -0300] "GET /cormun/static/calendar.js?85251 HTTP/1.1" 200 26246
186.103.158.250 - - [14/Mar/2017:11:09:18 -0300] "POST /cormun/servlet/trsolicitudot?e2e93305384b47e168e45b7e88ff09e0,,gx-no-cache=1489500626928 HTTP/1.1" 200 106
186.103.158.250 - - [14/Mar/2017:11:09:18 -0300] "GET /cormun/servlet/solicitudot?DLT,2017,4932, HTTP/1.1" 200 9521
207.46.13.205 - - [14/Mar/2017:11:09:19 -0300] "GET /cormun/static/gxgral.js?85251 HTTP/1.1" 200 384558
186.103.158.250 - - [14/Mar/2017:11:09:19 -0300] "GET /cormun/static/Shared/jqueryui/images/ui-bg_highlight-soft_100_c6c2c8_1x100.png HTTP/1.1" 404 1117
186.103.158.250 - - [14/Mar/2017:11:09:19 -0300] "GET /cormun/static/Shared/jqueryui/images/ui-icons_82798d_256x240.png HTTP/1.1" 404 1089
186.103.158.250 - - [14/Mar/2017:11:09:20 -0300] "GET /cormun/static/Shared/jqueryui/images/ui-bg_flat_55_fafafa_40x100.png HTTP/1.1" 404 1097
186.103.158.250 - - [14/Mar/2017:11:09:20 -0300] "GET /cormun/static/Shared/jqueryui/images/ui-icons_8d78a5_256x240.png HTTP/1.1" 404 1089
207.46.13.205 - - [14/Mar/2017:11:09:20 -0300] "GET /cormun/static/gxtimezone.js?85251 HTTP/1.1" 200 5781
186.103.158.250 - - [14/Mar/2017:11:09:20 -0300] "GET /cormun/servlet/solicitudot?DLT,2017,4932, HTTP/1.1" 200 9531
207.46.13.205 - - [14/Mar/2017:11:09:20 -0300] "GET /cormun/static/hpexe_messagecontroller.js?201610171694323 HTTP/1.1" 200 870
207.46.13.205 - - [14/Mar/2017:11:09:20 -0300] "GET /cormun/static/hpexe_recentlink.js?201610171694390 HTTP/1.1" 200 2144
186.103.158.250 - - [14/Mar/2017:11:09:32 -0300] "GET /cormun/servlet/trsolicitudot? HTTP/1.1" 200 8665
186.103.158.250 - - [14/Mar/2017:11:09:33 -0300] "GET /cormun/servlet/trsolicitudot? HTTP/1.1" 200 8665
186.103.158.250 - - [14/Mar/2017:11:09:40 -0300] "GET /cormun/servlet/trvisualizadoreventos? HTTP/1.1" 200 6673
186.103.158.250 - - [14/Mar/2017:11:09:41 -0300] "GET /cormun/servlet/trvisualizadoreventos? HTTP/1.1" 200 6673
186.79.37.88 - - [14/Mar/2017:11:09:42 -0300] "GET /cormun/servlet/puconsultapgoce?12692670,MD,gxPopupLevel%3D0%3B HTTP/1.1" 200 3768
186.79.37.88 - - [14/Mar/2017:11:09:43 -0300] "GET /cormun/static/gxcfg.js?2016122619324821 HTTP/1.1" 200 953
186.79.37.88 - - [14/Mar/2017:11:09:43 -0300] "GET /cormun/pexe_layers.js HTTP/1.1" 404 1003
186.79.37.88 - - [14/Mar/2017:11:09:43 -0300] "GET /cormun/pexe_windows.js HTTP/1.1" 404 1005
186.79.37.88 - - [14/Mar/2017:11:09:43 -0300] "GET /cormun/pexe_menus.js HTTP/1.1" 404 1001
186.79.37.88 - - [14/Mar/2017:11:09:43 -0300] "GET /cormun/pexe_cookies.js HTTP/1.1" 404 1005
186.79.37.88 - - [14/Mar/2017:11:09:43 -0300] "GET /cormun/pexe_link.js HTTP/1.1" 404 999
186.79.37.88 - - [14/Mar/2017:11:09:43 -0300] "GET /cormun/pexe_grid.js HTTP/1.1" 404 999
186.79.37.88 - - [14/Mar/2017:11:09:43 -0300] "GET /cormun/pexe_griddivfix.js HTTP/1.1" 404 1011
186.79.37.88 - - [14/Mar/2017:11:09:43 -0300] "GET /cormun/pexe_picture.js HTTP/1.1" 404 1005
186.79.37.88 - - [14/Mar/2017:11:09:43 -0300] "GET /cormun/pexe_treedivfix.js HTTP/1.1" 404 1011
186.79.37.88 - - [14/Mar/2017:11:09:43 -0300] "GET /cormun/pexe_autoreload.js HTTP/1.1" 404 1011
186.79.37.88 - - [14/Mar/2017:11:09:43 -0300] "GET /cormun/pexe_menudivfix.js HTTP/1.1" 404 1011
186.79.37.88 - - [14/Mar/2017:11:09:43 -0300] "GET /cormun/pexe_tabdivfix.js HTTP/1.1" 404 1009
186.79.37.88 - - [14/Mar/2017:11:09:43 -0300] "GET /cormun/static/puconsultapgoce.js?2016122619325082 HTTP/1.1" 200 26916
186.79.37.88 - - [14/Mar/2017:11:09:43 -0300] "GET /cormun/static/mpprompt.js?201612218534882 HTTP/1.1" 200 940
186.79.37.88 - - [14/Mar/2017:11:09:44 -0300] "GET /cormun/pexe_menus.js HTTP/1.1" 404 1001
186.79.37.88 - - [14/Mar/2017:11:09:44 -0300] "GET /cormun/pexe_layers.js HTTP/1.1" 404 1003
186.79.37.88 - - [14/Mar/2017:11:09:44 -0300] "GET /cormun/pexe_windows.js HTTP/1.1" 404 1005
186.79.37.88 - - [14/Mar/2017:11:09:44 -0300] "GET /cormun/pexe_link.js HTTP/1.1" 404 999
186.79.37.88 - - [14/Mar/2017:11:09:45 -0300] "GET /cormun/pexe_cookies.js HTTP/1.1" 404 1005
186.79.37.88 - - [14/Mar/2017:11:09:45 -0300] "GET /cormun/pexe_grid.js HTTP/1.1" 404 999
186.79.37.88 - - [14/Mar/2017:11:09:45 -0300] "GET /cormun/pexe_griddivfix.js HTTP/1.1" 404 1011
186.79.37.88 - - [14/Mar/2017:11:09:45 -0300] "GET /cormun/pexe_picture.js HTTP/1.1" 404 1005
186.79.37.88 - - [14/Mar/2017:11:09:45 -0300] "GET /cormun/pexe_treedivfix.js HTTP/1.1" 404 1011
186.79.37.88 - - [14/Mar/2017:11:09:45 -0300] "GET /cormun/pexe_autoreload.js HTTP/1.1" 404 1011
186.79.37.88 - - [14/Mar/2017:11:09:45 -0300] "GET /cormun/pexe_menudivfix.js HTTP/1.1" 404 1011
186.79.37.88 - - [14/Mar/2017:11:09:45 -0300] "GET /cormun/pexe_tabdivfix.js HTTP/1.1" 404 1009
186.103.158.250 - - [14/Mar/2017:11:09:46 -0300] "POST /cormun/servlet/trvisualizadoreventos?e2e93305384b47e168e45b7e88ff09e0,,gx-no-cache=1489500654615 HTTP/1.1" 200 3960
186.103.158.250 - - [14/Mar/2017:11:09:47 -0300] "POST /cormun/servlet/trvisualizadoreventos?e2e93305384b47e168e45b7e88ff09e0,,gx-no-cache=1489500656021 HTTP/1.1" 200 3960
186.79.37.88 - - [14/Mar/2017:11:09:52 -0300] "POST /cormun/servlet/puconsultapgoce?2a1c6cc6c9dcab08ec78856ca9a2d59a,12692670,MD,gxPopupLevel%3D0%3B,gx-no-cache=1489500661010 HTTP/1.1" 200 60
186.103.158.250 - - [14/Mar/2017:11:09:53 -0300] "GET /cormun/servlet/trautorizarsolicitud? HTTP/1.1" 200 8096
186.79.37.88 - - [14/Mar/2017:11:09:54 -0300] "POST /cormun/servlet/permisogoce?2a1c6cc6c9dcab08ec78856ca9a2d59a,INS,0,,,,gx-no-cache=1489500662798 HTTP/1.1" 200 93
186.79.37.88 - - [14/Mar/2017:11:09:54 -0300] "GET /cormun/servlet/hpexe_return? HTTP/1.1" 200 1011
186.79.37.88 - - [14/Mar/2017:11:09:54 -0300] "GET /cormun/servlet/trpermisosgoce HTTP/1.1" 200 7339
186.103.158.250 - - [14/Mar/2017:11:09:54 -0300] "GET /cormun/servlet/trautorizarsolicitud? HTTP/1.1" 200 8095
186.103.157.42 - - [14/Mar/2017:11:09:55 -0300] "GET /cormun/servlet/licenciaspermisos?INS,0,,, HTTP/1.1" 200 7413
186.103.157.42 - - [14/Mar/2017:11:09:56 -0300] "GET /cormun/static/gxcfg.js?2016122619301043 HTTP/1.1" 200 953
186.103.157.42 - - [14/Mar/2017:11:09:56 -0300] "GET /cormun/static/licenciaspermisos.js?2016122619301096 HTTP/1.1" 304 -
186.103.157.42 - - [14/Mar/2017:11:09:56 -0300] "GET /cormun/servlet/licenciaspermisos?INS,0,,, HTTP/1.1" 200 7411
186.79.37.88 - - [14/Mar/2017:11:09:57 -0300] "GET /cormun/servlet/trpermisosgoce HTTP/1.1" 200 7335
186.103.157.42 - - [14/Mar/2017:11:09:58 -0300] "GET /cormun/servlet/licenciaspermisos?27b7afe0b243348593c0c84ce9cce417a285708a39b8ead36a114f899de22e2b,gx-no-cache=1489500668816 HTTP/1.1" 200 107
186.103.157.42 - - [14/Mar/2017:11:09:58 -0300] "GET /cormun/static/Shared/jqueryui/images/ui-bg_highlight-soft_100_c6c2c8_1x100.png HTTP/1.1" 404 1117
186.103.157.42 - - [14/Mar/2017:11:09:58 -0300] "GET /cormun/static/Shared/jqueryui/images/ui-icons_82798d_256x240.png HTTP/1.1" 404 1089
186.103.157.42 - - [14/Mar/2017:11:09:58 -0300] "GET /cormun/static/Shared/jqueryui/images/ui-bg_flat_55_994d53_40x100.png HTTP/1.1" 404 1097
186.103.157.42 - - [14/Mar/2017:11:09:58 -0300] "GET /cormun/static/Shared/jqueryui/images/ui-icons_ebccce_256x240.png HTTP/1.1" 404 1089
186.79.37.88 - - [14/Mar/2017:11:10:04 -0300] "GET /cormun/servlet/apermisogoceprn?12692670,P,20170314120436,PU HTTP/1.1" 200 1574
186.103.157.42 - - [14/Mar/2017:11:10:22 -0300] "GET /cormun/servlet/prfichaempleado?,MD,,gxPopupLevel%3D0%3B HTTP/1.1" 200 8935
186.103.157.42 - - [14/Mar/2017:11:10:22 -0300] "GET /cormun/static/gxcfg.js?2016102420561687 HTTP/1.1" 304 -
186.103.158.250 - - [14/Mar/2017:11:10:31 -0300] "POST /cormun/servlet/trautorizarsolicitud?e2e93305384b47e168e45b7e88ff09e0,,gx-no-cache=1489500699397 HTTP/1.1" 200 115
186.103.158.250 - - [14/Mar/2017:11:10:31 -0300] "GET /cormun/servlet/solicitudotlog?INS,2017,5488,0,ANU, HTTP/1.1" 200 5736
186.103.158.250 - - [14/Mar/2017:11:10:31 -0300] "GET /cormun/static/gxcfg.js?201612218471193 HTTP/1.1" 200 953
186.103.158.250 - - [14/Mar/2017:11:10:31 -0300] "GET /cormun/static/solicitudotlog.js?20161221847122 HTTP/1.1" 200 8925
186.103.158.250 - - [14/Mar/2017:11:10:32 -0300] "GET /cormun/servlet/solicitudotlog?INS,2017,5488,0,ANU, HTTP/1.1" 200 5736
186.103.158.250 - - [14/Mar/2017:11:10:32 -0300] "GET /cormun/servlet/solicitudotlog?d4fff27e0b469dd19646526f1472b66cf5182d11ffa56f3faa929fc892574ee65381ef8187f58de81429c07f435c9506ff276c30a265a43660c14b4132e90ec90f3911f98dc106b85f09c321e7042e6f48b7e698e20a1dd4debe7c0f774fe63d6a14b06b58c9fe4b00c6d47f85efb547cd7ae1bef935722eb26b47e6a16ae54b64f94ec312831c7debc0a8f6cbd5494670e57af44140175f52f340b32fd5a8ec,gx-no-cache=1489500701238 HTTP/1.1" 200 94
186.103.157.42 - - [14/Mar/2017:11:10:34 -0300] "POST /cormun/servlet/prfichaempleado?9f8d92fb51e2bfd2bd76706910044d7b,,MD,,gxPopupLevel%3D0%3B,gx-no-cache=1489500705000 HTTP/1.1" 200 3515
201.236.57.223 - - [14/Mar/2017:11:10:41 -0300] "GET /cormun/servlet/solicitudot?9c150e7e2d422f8edba3c1abc63d6fa6a46ea011cbb5b129b1df029c2a3285324eeb0ffb0d8f232907f7cef6ce3f7337a07620ca748865d62cafdbf7ec914511724914e68612637cd9f3a4f4e3ffec5799b20062473ec327f73899a5838df4922fc4a4f53dce6d9ba0755f42326f9c51ebd76901517a68d0341e811fdf7d930a81e5f9ac338099a25facccfcd418d7778cf82aa44817ac760c60f3223ff3e3cc60ae9c0c48c1c0aa584d40df35a48751,gx-no-cache=1489500705174 HTTP/1.1" 200 30
186.103.157.42 - - [14/Mar/2017:11:10:41 -0300] "GET /cormun/servlet/licenciaspermisos?27b7afe0b243348593c0c84ce9cce417ee00f92cc474b8edca3effdb0f785a3869beac9f7eca7e988b8c8b2b2fc1f04a,gx-no-cache=1489500712314 HTTP/1.1" 200 62
186.103.157.42 - - [14/Mar/2017:11:10:42 -0300] "POST /cormun/servlet/licenciaspermisos?9f8d92fb51e2bfd2bd76706910044d7b,INS,0,,,,gx-no-cache=1489500712412 HTTP/1.1" 200 4600
186.103.158.250 - - [14/Mar/2017:11:10:46 -0300] "POST /cormun/servlet/solicitudotlog?e2e93305384b47e168e45b7e88ff09e0,INS,2017,5488,0,ANU,,gx-no-cache=1489500714519 HTTP/1.1" 200 93
186.103.158.250 - - [14/Mar/2017:11:10:46 -0300] "GET /cormun/servlet/hpexe_return? HTTP/1.1" 200 1023
186.103.158.250 - - [14/Mar/2017:11:10:46 -0300] "GET /cormun/servlet/trautorizarsolicitud HTTP/1.1" 200 6849
186.103.158.250 - - [14/Mar/2017:11:10:47 -0300] "GET /cormun/servlet/trautorizarsolicitud HTTP/1.1" 200 6846
201.236.57.223 - - [14/Mar/2017:11:10:50 -0300] "POST /cormun/servlet/solicitudot?d44fe8b81883253e2cedfa29a5f16867,INS,0,0,,gx-no-cache=1489500713357 HTTP/1.1" 200 93
201.236.57.223 - - [14/Mar/2017:11:10:50 -0300] "GET /cormun/servlet/hpexe_return? HTTP/1.1" 200 1004
201.236.57.223 - - [14/Mar/2017:11:10:51 -0300] "GET /cormun/servlet/trsolicitudot HTTP/1.1" 200 8242
201.236.57.223 - - [14/Mar/2017:11:10:54 -0300] "POST /cormun/servlet/trsolicitudot?d44fe8b81883253e2cedfa29a5f16867,gx-no-cache=1489500718225 HTTP/1.1" 200 4331
201.236.57.223 - - [14/Mar/2017:11:10:55 -0300] "POST /cormun/servlet/trsolicitudot?d44fe8b81883253e2cedfa29a5f16867,gx-no-cache=1489500718799 HTTP/1.1" 200 4116
201.236.57.223 - - [14/Mar/2017:11:10:55 -0300] "GET /cormun/static/Shared/jqueryui/images/ui-bg_flat_55_fafafa_40x100.png HTTP/1.1" 404 1097
201.236.57.223 - - [14/Mar/2017:11:10:55 -0300] "GET /cormun/static/Shared/jqueryui/images/ui-icons_8d78a5_256x240.png HTTP/1.1" 404 1089
201.236.57.223 - - [14/Mar/2017:11:10:55 -0300] "GET /cormun/static/Shared/jqueryui/images/ui-icons_82798d_256x240.png HTTP/1.1" 404 1089
201.236.57.223 - - [14/Mar/2017:11:10:55 -0300] "GET /cormun/static/Shared/jqueryui/images/ui-bg_highlight-soft_100_c6c2c8_1x100.png HTTP/1.1" 404 1117
201.236.57.223 - - [14/Mar/2017:11:10:59 -0300] "GET /cormun/servlet/trautorizarsolicitud? HTTP/1.1" 200 8166
201.236.57.223 - - [14/Mar/2017:11:11:02 -0300] "POST /cormun/servlet/trautorizarsolicitud?d44fe8b81883253e2cedfa29a5f16867,,gx-no-cache=1489500726086 HTTP/1.1" 200 4308
201.236.57.223 - - [14/Mar/2017:11:11:03 -0300] "POST /cormun/servlet/trautorizarsolicitud?d44fe8b81883253e2cedfa29a5f16867,,gx-no-cache=1489500726737 HTTP/1.1" 200 4093
201.236.57.223 - - [14/Mar/2017:11:11:03 -0300] "GET /cormun/static/Shared/jqueryui/images/ui-bg_highlight-soft_100_c6c2c8_1x100.png HTTP/1.1" 404 1117
201.236.57.223 - - [14/Mar/2017:11:11:03 -0300] "GET /cormun/static/Shared/jqueryui/images/ui-icons_8d78a5_256x240.png HTTP/1.1" 404 1089
201.236.57.223 - - [14/Mar/2017:11:11:03 -0300] "GET /cormun/static/Shared/jqueryui/images/ui-icons_82798d_256x240.png HTTP/1.1" 404 1089
201.236.57.223 - - [14/Mar/2017:11:11:03 -0300] "GET /cormun/static/Shared/jqueryui/images/ui-bg_flat_55_fafafa_40x100.png HTTP/1.1" 404 1097
186.103.158.250 - - [14/Mar/2017:11:11:08 -0300] "GET /cormun/servlet/trsolicitudot? HTTP/1.1" 200 8666
186.103.158.250 - - [14/Mar/2017:11:11:09 -0300] "GET /cormun/servlet/trsolicitudot? HTTP/1.1" 200 8665
186.103.159.46 - - [14/Mar/2017:11:11:10 -0300] "GET /cormun/servlet/hhome HTTP/1.1" 200 3284
186.103.159.46 - - [14/Mar/2017:11:11:10 -0300] "GET /cormun/static/gxtimezone.js?85251 HTTP/1.1" 304 -
186.103.159.46 - - [14/Mar/2017:11:11:10 -0300] "GET /cormun/static/gxcfg.js?201612218515568 HTTP/1.1" 304 -
186.103.159.46 - - [14/Mar/2017:11:11:11 -0300] "GET /cormun/static/messages.spa.js?85251 HTTP/1.1" 304 -
186.103.159.46 - - [14/Mar/2017:11:11:12 -0300] "GET /cormun/servlet/hhome HTTP/1.1" 200 3294
186.103.159.46 - - [14/Mar/2017:11:11:13 -0300] "GET /cormun/servlet/hlogin HTTP/1.1" 200 1732
186.103.159.46 - - [14/Mar/2017:11:11:13 -0300] "GET /cormun/static/gxcfg.js?201612216162538 HTTP/1.1" 304 -
186.103.157.42 - - [14/Mar/2017:11:11:20 -0300] "GET /cormun/static/menuarrow.gif HTTP/1.1" 404 1015
186.103.157.42 - - [14/Mar/2017:11:11:27 -0300] "POST /cormun/servlet/licenciaspermisos?9f8d92fb51e2bfd2bd76706910044d7b,INS,0,,,,gx-no-cache=1489500757749 HTTP/1.1" 200 4735
186.79.37.88 - - [14/Mar/2017:11:11:28 -0300] "GET /cormun/servlet/permisogoce?UPD,12692670,P,20170314120436, HTTP/1.1" 200 6558
186.103.159.46 - - [14/Mar/2017:11:11:28 -0300] "POST /cormun/servlet/hlogin?04c329c586768f460d7fa444bd7adbda,gx-no-cache=1489504354780 HTTP/1.1" 200 90
186.103.159.46 - - [14/Mar/2017:11:11:28 -0300] "GET /cormun/servlet/hpexe_link HTTP/1.1" 200 951
186.103.159.46 - - [14/Mar/2017:11:11:29 -0300] "GET /cormun/static/gxcfg.js?201612218515529 HTTP/1.1" 304 -
186.103.159.46 - - [14/Mar/2017:11:11:29 -0300] "GET /cormun/servlet/hhome HTTP/1.1" 200 3774
186.103.159.46 - - [14/Mar/2017:11:11:30 -0300] "GET /cormun/servlet/hhome HTTP/1.1" 200 3770
186.79.37.88 - - [14/Mar/2017:11:11:31 -0300] "GET /cormun/servlet/permisogoce?UPD,12692670,P,20170314120436, HTTP/1.1" 200 6558
186.79.37.88 - - [14/Mar/2017:11:11:31 -0300] "GET /cormun/servlet/permisogoce?23274168130bdf22df882a60eca7337a7927cb22494b9f0c33afa1e5570b0103f6a86bff7cc43c398dfaeef603bfa1b7,gx-no-cache=1489500760662 HTTP/1.1" 200 72
201.236.57.223 - - [14/Mar/2017:11:11:41 -0300] "GET /cormun/servlet/trsolicitudot? HTTP/1.1" 200 6965
186.79.37.88 - - [14/Mar/2017:11:11:43 -0300] "GET /cormun/servlet/permisogoce?23274168130bdf22df882a60eca7337a8ea2b9e5d384958e9745f1e7441e6b1e021c8637a5c721e90ed32bdc0b391107597fdac365b9d8bcf49490196521ef6b7cfce8f3c34c90cc1048c3d4f089efc8,gx-no-cache=1489500772053 HTTP/1.1" 200 47
186.79.37.88 - - [14/Mar/2017:11:11:43 -0300] "POST /cormun/servlet/permisogoce?2a1c6cc6c9dcab08ec78856ca9a2d59a,UPD,12692670,P,20170314120436,,gx-no-cache=1489500772175 HTTP/1.1" 200 4171
186.79.37.88 - - [14/Mar/2017:11:11:43 -0300] "GET /cormun/static/Shared/jqueryui/images/ui-bg_highlight-soft_100_c6c2c8_1x100.png HTTP/1.1" 404 1117
186.79.37.88 - - [14/Mar/2017:11:11:43 -0300] "GET /cormun/static/Shared/jqueryui/images/ui-icons_82798d_256x240.png HTTP/1.1" 404 1089
186.79.37.88 - - [14/Mar/2017:11:11:43 -0300] "GET /cormun/static/Shared/jqueryui/images/ui-bg_flat_55_994d53_40x100.png HTTP/1.1" 404 1097
186.79.37.88 - - [14/Mar/2017:11:11:43 -0300] "GET /cormun/static/Shared/jqueryui/images/ui-icons_ebccce_256x240.png HTTP/1.1" 404 1089
201.236.57.223 - - [14/Mar/2017:11:11:45 -0300] "GET /cormun/servlet/solicitudot?INS,0,0, HTTP/1.1" 200 12796
186.79.37.88 - - [14/Mar/2017:11:11:50 -0300] "POST /cormun/servlet/permisogoce?2a1c6cc6c9dcab08ec78856ca9a2d59a,UPD,12692670,P,20170314120436,,gx-no-cache=1489500778659 HTTP/1.1" 200 93
186.79.37.88 - - [14/Mar/2017:11:11:50 -0300] "GET /cormun/servlet/hpexe_return? HTTP/1.1" 200 1030
186.79.37.88 - - [14/Mar/2017:11:11:50 -0300] "GET /cormun/servlet/trpermisosgoce HTTP/1.1" 200 7339
186.79.37.88 - - [14/Mar/2017:11:11:52 -0300] "GET /cormun/servlet/trpermisosgoce HTTP/1.1" 200 7335
186.103.158.250 - - [14/Mar/2017:11:11:59 -0300] "GET /cormun/servlet/trsolicitudot? HTTP/1.1" 200 8665
201.236.57.223 - - [14/Mar/2017:11:12:00 -0300] "POST /cormun/servlet/solicitudot?gx-no-cache=1489500783744 HTTP/1.1" 200 3081
201.236.57.223 - - [14/Mar/2017:11:12:00 -0300] "POST /cormun/servlet/solicitudot?d44fe8b81883253e2cedfa29a5f16867,INS,0,0,,gx-no-cache=1489500784197 HTTP/1.1" 200 9866
186.103.158.250 - - [14/Mar/2017:11:12:01 -0300] "GET /cormun/servlet/trsolicitudot? HTTP/1.1" 200 8665
201.236.57.223 - - [14/Mar/2017:11:12:03 -0300] "GET /cormun/servlet/solicitudot?9c150e7e2d422f8edba3c1abc63d6fa6c32438db49c343a0a5976355302b5ecf8e63671a08672ae9bf35474df949321b,gx-no-cache=1489500787416 HTTP/1.1" 200 30
201.236.57.223 - - [14/Mar/2017:11:12:03 -0300] "POST /cormun/servlet/solicitudot?gx-no-cache=1489500787511 HTTP/1.1" 200 297
201.236.57.223 - - [14/Mar/2017:11:12:04 -0300] "GET /cormun/servlet/solicitudot?9c150e7e2d422f8edba3c1abc63d6fa6f35ad0efdf6df63a3763d223f4a0a1f1115303ffa8d123c60dea623b890dab6eeb70e15f616a459445d3570af336b04efa7d2b094c2383529674865c3449ea9430f576f07e927b1659d27ae2a3f8f2d99c12a551782f4992d7c85de2b07197602e63031dd3d086ab5eb180be4f6bca1514ee22e347fefa791b7f98fa80d55c145de70a203bd01870bb0038d7a63f2a3d3659d6c16f366ec4581bd7568baf81485797473930ed6d3ff4d4f27bc08a16a1ad05a66e81bb315eb56452dba015fd012411e0653655fa10c1665e7ca593ea20965efdb533ff6af42978f432b4403d953c9ea2325cad2702013313a30af0e04e6ed6d547ae8bfb7f9aa4d1cc466e03fcbd55df9e2ac856761d3bae8fdd0f61983b20b02e9d5c41067e0034683668ca00b80530becf6d905523e3370361d260a045f4c33383ec7b5f4f339a45b198b9ae8c82e1bc7586bba42c4f47c4b5053f9ebc810e2dd7182871821487fdae3bfbfbf52b86b189ba260162c687046b01bcad3896845733bc9451b416c4a9654abd07,gx-no-cache=1489500787655 HTTP/1.1" 200 30
186.103.158.250 - - [14/Mar/2017:11:12:05 -0300] "POST /cormun/servlet/trsolicitudot?e2e93305384b47e168e45b7e88ff09e0,,gx-no-cache=1489500793524 HTTP/1.1" 200 5893
186.103.158.250 - - [14/Mar/2017:11:12:08 -0300] "GET /cormun/servlet/solicitudot?INS,0,0, HTTP/1.1" 200 12741
186.103.158.250 - - [14/Mar/2017:11:12:10 -0300] "GET /cormun/servlet/solicitudot?INS,0,0, HTTP/1.1" 200 12746
186.103.158.250 - - [14/Mar/2017:11:12:22 -0300] "POST /cormun/servlet/solicitudot?gx-no-cache=1489500810352 HTTP/1.1" 200 3180
186.103.158.250 - - [14/Mar/2017:11:12:22 -0300] "POST /cormun/servlet/solicitudot?e2e93305384b47e168e45b7e88ff09e0,INS,0,0,,gx-no-cache=1489500810630 HTTP/1.1" 200 9962
186.103.158.250 - - [14/Mar/2017:11:12:28 -0300] "GET /cormun/servlet/solicitudot?d4fff27e0b469dd19646526f1472b66c56652c9753b876974b03faabe464794cab5de7c6f56eb4bbcf959a78cd70b265,gx-no-cache=1489500817325 HTTP/1.1" 200 30
186.103.158.250 - - [14/Mar/2017:11:12:29 -0300] "POST /cormun/servlet/solicitudot?gx-no-cache=1489500817418 HTTP/1.1" 200 255
186.103.158.250 - - [14/Mar/2017:11:12:29 -0300] "GET /cormun/servlet/solicitudot?d4fff27e0b469dd19646526f1472b66cbb46254dec72888158beeaef9953966da169fdc32b0c820fd4b62802fda8dd254e83b67146758d142a82ca3fdf04945add57ed57a9ab9606d4844ace5989215a993f3c1f883a924c0aca1ff5a630f7f86bd3a96c93ae5f2983d92e6ddd8435824b18510efba85fe9f5e55a278f6d8a2b81333286b75db3cfc3d0e070fe65177806ad1260846f94da89796c5692bf020cfaf62e41e00731af1e0fe59c18073057e19b9636293c984fe95cdfe23f9b33c3e822af6cc15e68aec8deaeceea484853b396b434f796e646628c5c849076856c68a5ebe7cf38e54b214ae6a1cd9f397ae63d7d709ef7e5ce47d8bf421af72384fec6ba7df8471a589c0fe5c4555cfe8af90ee31f64611d36177eccd4871e322fa671e5f4a79f748635d4402effa65e5bf67c29344cc8e1951c67d230f2a4d366dba9aeb98fa096dd5c6b6354c5a197d72b510c69353073260f771774c84561d8d4cc3e94e63171be88b4964a9d6a8e7cbc6afe153a24de9a52f15bd577dafe8f,gx-no-cache=1489500817487 HTTP/1.1" 200 30
186.79.37.88 - - [14/Mar/2017:11:12:36 -0300] "GET /cormun/servlet/permisogoce?UPD,12692670,P,20170314120436, HTTP/1.1" 200 6558
186.79.37.88 - - [14/Mar/2017:11:12:39 -0300] "GET /cormun/servlet/permisogoce?UPD,12692670,P,20170314120436, HTTP/1.1" 200 6558
186.79.37.88 - - [14/Mar/2017:11:12:39 -0300] "GET /cormun/servlet/permisogoce?23274168130bdf22df882a60eca7337a7927cb22494b9f0c33afa1e5570b0103f6a86bff7cc43c398dfaeef603bfa1b7,gx-no-cache=1489500828719 HTTP/1.1" 200 72
186.103.158.250 - - [14/Mar/2017:11:12:44 -0300] "POST /cormun/servlet/solicitudot?gx-no-cache=1489500833093 HTTP/1.1" 200 30
186.79.37.88 - - [14/Mar/2017:11:12:48 -0300] "GET /cormun/servlet/permisogoce?23274168130bdf22df882a60eca7337a8ea2b9e5d384958e9745f1e7441e6b1e021c8637a5c721e90ed32bdc0b391107597fdac365b9d8bcf49490196521ef6b7cfce8f3c34c90cc1048c3d4f089efc8,gx-no-cache=1489500837616 HTTP/1.1" 200 47
186.79.37.88 - - [14/Mar/2017:11:12:49 -0300] "POST /cormun/servlet/permisogoce?2a1c6cc6c9dcab08ec78856ca9a2d59a,UPD,12692670,P,20170314120436,,gx-no-cache=1489500837737 HTTP/1.1" 200 4171
186.79.37.88 - - [14/Mar/2017:11:12:49 -0300] "GET /cormun/static/Shared/jqueryui/images/ui-bg_highlight-soft_100_c6c2c8_1x100.png HTTP/1.1" 404 1117
186.79.37.88 - - [14/Mar/2017:11:12:49 -0300] "GET /cormun/static/Shared/jqueryui/images/ui-icons_82798d_256x240.png HTTP/1.1" 404 1089
186.79.37.88 - - [14/Mar/2017:11:12:49 -0300] "GET /cormun/static/Shared/jqueryui/images/ui-bg_flat_55_994d53_40x100.png HTTP/1.1" 404 1097
186.79.37.88 - - [14/Mar/2017:11:12:49 -0300] "GET /cormun/static/Shared/jqueryui/images/ui-icons_ebccce_256x240.png HTTP/1.1" 404 1089
186.103.158.250 - - [14/Mar/2017:11:12:50 -0300] "POST /cormun/servlet/solicitudot?gx-no-cache=1489500838935 HTTP/1.1" 200 235
186.103.158.250 - - [14/Mar/2017:11:12:50 -0300] "POST /cormun/servlet/solicitudot?gx-no-cache=1489500839064 HTTP/1.1" 200 38
186.79.37.88 - - [14/Mar/2017:11:12:58 -0300] "POST /cormun/servlet/permisogoce?2a1c6cc6c9dcab08ec78856ca9a2d59a,UPD,12692670,P,20170314120436,,gx-no-cache=1489500847542 HTTP/1.1" 200 93
186.79.37.88 - - [14/Mar/2017:11:12:59 -0300] "GET /cormun/servlet/hpexe_return? HTTP/1.1" 200 1030
186.79.37.88 - - [14/Mar/2017:11:12:59 -0300] "GET /cormun/servlet/trpermisosgoce HTTP/1.1" 200 7339
186.79.37.88 - - [14/Mar/2017:11:13:01 -0300] "GET /cormun/servlet/trpermisosgoce HTTP/1.1" 200 7335
186.103.158.250 - - [14/Mar/2017:11:13:06 -0300] "GET /cormun/servlet/solicitudot?d4fff27e0b469dd19646526f1472b66c56f649b3cfa241a77c96be1c6ce756cd5381ef8187f58de81429c07f435c95063f0967e421babcac2108d49f656c85186e08dee91923c29a3c53f60ae4eb8f7771176dafd9dc36d5ced181e24b810d6252a691ef385c9548eff3ab5cd883a9354ba51de88cbbe99361185f7a356e308fef2d13709fd477518a87460837922f93e59ab0703774ddf7ab2a2728d3477c56,gx-no-cache=1489500855023 HTTP/1.1" 200 29
186.103.158.250 - - [14/Mar/2017:11:13:06 -0300] "POST /cormun/servlet/solicitudot?gx-no-cache=1489500855083 HTTP/1.1" 200 643
186.103.158.250 - - [14/Mar/2017:11:13:08 -0300] "POST /cormun/servlet/solicitudot?gx-no-cache=1489500857075 HTTP/1.1" 200 1157
186.79.37.88 - - [14/Mar/2017:11:13:12 -0300] "GET /cormun/servlet/permisogoce?DLT,12692670,P,20170314120436, HTTP/1.1" 200 6471
186.79.37.88 - - [14/Mar/2017:11:13:14 -0300] "GET /cormun/static/Shared/jqueryui/images/ui-bg_highlight-soft_100_c6c2c8_1x100.png HTTP/1.1" 404 1117
186.79.37.88 - - [14/Mar/2017:11:13:14 -0300] "GET /cormun/static/Shared/jqueryui/images/ui-icons_82798d_256x240.png HTTP/1.1" 404 1089
186.79.37.88 - - [14/Mar/2017:11:13:14 -0300] "GET /cormun/static/Shared/jqueryui/images/ui-bg_flat_55_fafafa_40x100.png HTTP/1.1" 404 1097
186.79.37.88 - - [14/Mar/2017:11:13:14 -0300] "GET /cormun/static/Shared/jqueryui/images/ui-icons_8d78a5_256x240.png HTTP/1.1" 404 1089
186.79.37.88 - - [14/Mar/2017:11:13:14 -0300] "GET /cormun/servlet/permisogoce?DLT,12692670,P,20170314120436, HTTP/1.1" 200 6473
186.103.158.250 - - [14/Mar/2017:11:13:25 -0300] "GET /cormun/static/menuarrow.gif HTTP/1.1" 404 1015
186.103.159.46 - - [14/Mar/2017:11:13:28 -0300] "GET /cormun/servlet/trpermisosgoce? HTTP/1.1" 200 9184
186.79.37.88 - - [14/Mar/2017:11:13:28 -0300] "POST /cormun/servlet/permisogoce?2a1c6cc6c9dcab08ec78856ca9a2d59a,DLT,12692670,P,20170314120436,,gx-no-cache=1489500877349 HTTP/1.1" 200 4208
192.168.10.62 - - [14/Mar/2017:11:13:28 -0300] "POST /cormun/servlet/hlogin?5b0cbad1d8259a45c1591ea0b28ed850,gx-no-cache=1489504091083 HTTP/1.1" 200 90
192.168.10.62 - - [14/Mar/2017:11:13:28 -0300] "GET /cormun/servlet/hpexe_link HTTP/1.1" 200 963
186.103.159.46 - - [14/Mar/2017:11:13:28 -0300] "GET /cormun/static/gxcfg.js?201612262011714 HTTP/1.1" 304 -
186.103.159.46 - - [14/Mar/2017:11:13:28 -0300] "GET /cormun/static/calendar.js?85251 HTTP/1.1" 304 -
186.103.159.46 - - [14/Mar/2017:11:13:28 -0300] "GET /cormun/static/calendar-setup.js?85251 HTTP/1.1" 304 -
186.103.159.46 - - [14/Mar/2017:11:13:28 -0300] "GET /cormun/static/calendar-es.js?85251 HTTP/1.1" 304 -
186.79.37.88 - - [14/Mar/2017:11:13:29 -0300] "GET /cormun/static/Shared/jqueryui/images/ui-bg_flat_55_994d53_40x100.png HTTP/1.1" 404 1097
186.79.37.88 - - [14/Mar/2017:11:13:29 -0300] "GET /cormun/static/Shared/jqueryui/images/ui-icons_ebccce_256x240.png HTTP/1.1" 404 1089
192.168.10.62 - - [14/Mar/2017:11:13:29 -0300] "GET /cormun/servlet/trsolicitudgral? HTTP/1.1" 200 9627
192.168.10.62 - - [14/Mar/2017:11:13:29 -0300] "GET /cormun/servlet/trsolicitudgral? HTTP/1.1" 200 9626
186.103.159.46 - - [14/Mar/2017:11:13:30 -0300] "GET /cormun/servlet/trpermisosgoce? HTTP/1.1" 200 9184
186.103.157.42 - - [14/Mar/2017:11:13:34 -0300] "GET /cormun/servlet/licenciaspermisos?27b7afe0b243348593c0c84ce9cce417bbaae24d6e2c33bdd3103019d6e6d7e12720e08bf0cdd66fce050ad80a3d77b7acff84044ad2a68e0258b0005f94b900f875b733add927f5b1121d9820c6afa6db2749b59b02f5e70a4b3115b1e423ae9839d5fc95634162aee1c866d81a64e43fa048de314e49eccff33482b76b28618acaf7107f936e0110d11485e4568dd4daa972cea4c3e56b7fe671d9d7fc7548e9210cfc50f7d956dbd26c93567eae37b4811f362c9b3316c1cc93a455a2f55eb803b021fb38f0e9d85033b79f85e5718af547cd7a7a92e481a6cf683a548adc,gx-no-cache=1489500885019 HTTP/1.1" 200 30
186.103.157.42 - - [14/Mar/2017:11:13:34 -0300] "POST /cormun/servlet/licenciaspermisos?9f8d92fb51e2bfd2bd76706910044d7b,INS,0,,,,gx-no-cache=1489500885087 HTTP/1.1" 200 4688
186.103.158.250 - - [14/Mar/2017:11:13:35 -0300] "GET /cormun/servlet/solicitudot?d4fff27e0b469dd19646526f1472b66c6f035f221d3890baf606925948259fec7c5825763344a53b74641856f7dd900562a72fce4b96251bf411c0ca152a0213477e0f1e59d755ee8c8fef00c7c2d067225663d2c429a39a022dc9c061ebd39249250ac0fedf2c5133db7c41cfd3f90d1ccfa55b14aa7ca6662f0753a09be8d12dfdd864027c1f58dd0c5277ef14a761d2e97b4a802b955e3457cb5dc958786250b8e2c2e7a4866934da6a0cc3eb543f,gx-no-cache=1489500883857 HTTP/1.1" 200 30
186.79.37.88 - - [14/Mar/2017:11:13:41 -0300] "POST /cormun/servlet/permisogoce?2a1c6cc6c9dcab08ec78856ca9a2d59a,DLT,12692670,P,20170314120436,,gx-no-cache=1489500889444 HTTP/1.1" 200 4164
186.103.159.46 - - [14/Mar/2017:11:13:41 -0300] "GET /cormun/servlet/permisogoce?INS,0,,, HTTP/1.1" 200 6532
186.103.159.46 - - [14/Mar/2017:11:13:41 -0300] "GET /cormun/static/gxcfg.js?201612262052844 HTTP/1.1" 304 -
186.103.159.46 - - [14/Mar/2017:11:13:41 -0300] "GET /cormun/static/gxdec.js?85251 HTTP/1.1" 304 -
186.103.159.46 - - [14/Mar/2017:11:13:42 -0300] "GET /cormun/servlet/permisogoce?INS,0,,, HTTP/1.1" 200 6532
186.103.157.42 - - [14/Mar/2017:11:13:43 -0300] "GET /cormun/servlet/prfichaempleado?,MD,,gxPopupLevel%3D0%3B HTTP/1.1" 200 8935
186.79.37.88 - - [14/Mar/2017:11:13:43 -0300] "POST /cormun/servlet/permisogoce?2a1c6cc6c9dcab08ec78856ca9a2d59a,DLT,12692670,P,20170314120436,,gx-no-cache=1489500892029 HTTP/1.1" 200 93
186.79.37.88 - - [14/Mar/2017:11:13:43 -0300] "GET /cormun/servlet/hpexe_return? HTTP/1.1" 200 1030
186.79.37.88 - - [14/Mar/2017:11:13:43 -0300] "GET /cormun/servlet/trpermisosgoce HTTP/1.1" 200 7339
186.79.37.88 - - [14/Mar/2017:11:13:46 -0300] "GET /cormun/servlet/trpermisosgoce HTTP/1.1" 200 7335
186.103.157.42 - - [14/Mar/2017:11:13:50 -0300] "POST /cormun/servlet/prfichaempleado?9f8d92fb51e2bfd2bd76706910044d7b,,MD,,gxPopupLevel%3D0%3B,gx-no-cache=1489500900630 HTTP/1.1" 200 4228
186.103.159.204 - - [14/Mar/2017:11:13:51 -0300] "POST /cormun/servlet/hlogin?00e0b07d82c509defa6af6f222e9b764,gx-no-cache=1489500901965 HTTP/1.1" 200 90
186.103.159.204 - - [14/Mar/2017:11:13:51 -0300] "GET /cormun/servlet/hpexe_link HTTP/1.1" 200 962
186.103.159.204 - - [14/Mar/2017:11:13:52 -0300] "GET /cormun/servlet/trsolicitudot HTTP/1.1" 200 6769
186.79.37.88 - - [14/Mar/2017:11:13:52 -0300] "GET /cormun/servlet/permisogoce?DLT,12692670,P,20170314120436, HTTP/1.1" 200 6471
186.103.159.204 - - [14/Mar/2017:11:13:53 -0300] "GET /cormun/static/Resources/asc.gif HTTP/1.1" 200 67
186.103.159.204 - - [14/Mar/2017:11:13:53 -0300] "GET /cormun/static/Resources/desc.gif HTTP/1.1" 200 65
186.103.159.204 - - [14/Mar/2017:11:13:53 -0300] "GET /cormun/static/Resources/asc.gif HTTP/1.1" 200 67
186.103.159.204 - - [14/Mar/2017:11:13:53 -0300] "GET /cormun/static/Resources/desc.gif HTTP/1.1" 200 65
186.103.159.204 - - [14/Mar/2017:11:13:53 -0300] "GET /cormun/static/Resources/asc.gif HTTP/1.1" 200 67
186.103.159.204 - - [14/Mar/2017:11:13:53 -0300] "GET /cormun/static/Resources/desc.gif HTTP/1.1" 200 65
186.103.159.204 - - [14/Mar/2017:11:13:53 -0300] "GET /cormun/static/Resources/asc.gif HTTP/1.1" 200 67
186.103.159.204 - - [14/Mar/2017:11:13:53 -0300] "GET /cormun/static/Resources/desc.gif HTTP/1.1" 200 65
186.103.159.204 - - [14/Mar/2017:11:13:53 -0300] "GET /cormun/servlet/trsolicitudot HTTP/1.1" 200 6767
186.103.159.204 - - [14/Mar/2017:11:13:53 -0300] "GET /cormun/static/Resources/asc.gif HTTP/1.1" 200 67
186.103.159.204 - - [14/Mar/2017:11:13:53 -0300] "GET /cormun/static/Resources/desc.gif HTTP/1.1" 200 65
186.79.37.88 - - [14/Mar/2017:11:13:54 -0300] "GET /cormun/static/Shared/jqueryui/images/ui-bg_highlight-soft_100_c6c2c8_1x100.png HTTP/1.1" 404 1117
186.79.37.88 - - [14/Mar/2017:11:13:54 -0300] "GET /cormun/static/Shared/jqueryui/images/ui-icons_82798d_256x240.png HTTP/1.1" 404 1089
186.79.37.88 - - [14/Mar/2017:11:13:54 -0300] "GET /cormun/static/Shared/jqueryui/images/ui-bg_flat_55_fafafa_40x100.png HTTP/1.1" 404 1097
186.79.37.88 - - [14/Mar/2017:11:13:54 -0300] "GET /cormun/static/Shared/jqueryui/images/ui-icons_8d78a5_256x240.png HTTP/1.1" 404 1089
186.79.37.88 - - [14/Mar/2017:11:13:54 -0300] "GET /cormun/servlet/permisogoce?DLT,12692670,P,20170314120436, HTTP/1.1" 200 6473
186.103.158.250 - - [14/Mar/2017:11:13:58 -0300] "POST /cormun/servlet/solicitudot?e2e93305384b47e168e45b7e88ff09e0,INS,0,0,,gx-no-cache=1489500905354 HTTP/1.1" 200 93
186.103.158.250 - - [14/Mar/2017:11:13:58 -0300] "GET /cormun/servlet/hpexe_return? HTTP/1.1" 200 1002
186.103.158.250 - - [14/Mar/2017:11:13:58 -0300] "GET /cormun/servlet/trsolicitudot? HTTP/1.1" 200 8926
186.103.158.250 - - [14/Mar/2017:11:14:00 -0300] "GET /cormun/servlet/trsolicitudot? HTTP/1.1" 200 8922
186.79.37.88 - - [14/Mar/2017:11:14:01 -0300] "POST /cormun/servlet/permisogoce?2a1c6cc6c9dcab08ec78856ca9a2d59a,DLT,12692670,P,20170314120436,,gx-no-cache=1489500910099 HTTP/1.1" 200 4208
186.79.37.88 - - [14/Mar/2017:11:14:01 -0300] "GET /cormun/static/Shared/jqueryui/images/ui-bg_flat_55_994d53_40x100.png HTTP/1.1" 404 1097
186.79.37.88 - - [14/Mar/2017:11:14:01 -0300] "GET /cormun/static/Shared/jqueryui/images/ui-icons_ebccce_256x240.png HTTP/1.1" 404 1089
186.103.159.204 - - [14/Mar/2017:11:14:03 -0300] "GET /cormun/servlet/trsolicitudot? HTTP/1.1" 200 6767
186.103.159.204 - - [14/Mar/2017:11:14:03 -0300] "GET /cormun/servlet/trsolicitudot? HTTP/1.1" 200 6767
186.79.37.88 - - [14/Mar/2017:11:14:05 -0300] "POST /cormun/servlet/permisogoce?2a1c6cc6c9dcab08ec78856ca9a2d59a,DLT,12692670,P,20170314120436,,gx-no-cache=1489500913584 HTTP/1.1" 200 93
186.79.37.88 - - [14/Mar/2017:11:14:05 -0300] "GET /cormun/servlet/hpexe_return? HTTP/1.1" 200 1030
186.103.158.250 - - [14/Mar/2017:11:14:05 -0300] "POST /cormun/servlet/trsolicitudot?e2e93305384b47e168e45b7e88ff09e0,,gx-no-cache=1489500913720 HTTP/1.1" 200 107
186.79.37.88 - - [14/Mar/2017:11:14:05 -0300] "GET /cormun/servlet/trpermisosgoce HTTP/1.1" 200 7339
186.103.158.250 - - [14/Mar/2017:11:14:05 -0300] "GET /cormun/servlet/trsolicitudadjuntos?2017,5495, HTTP/1.1" 200 6034
186.103.158.250 - - [14/Mar/2017:11:14:06 -0300] "GET /cormun/servlet/trsolicitudadjuntos?2017,5495, HTTP/1.1" 200 6034
186.103.159.204 - - [14/Mar/2017:11:14:06 -0300] "GET /cormun/servlet/solicitudot?INS,0,0, HTTP/1.1" 200 12781
186.103.159.204 - - [14/Mar/2017:11:14:06 -0300] "GET /cormun/static/gxcfg.js?20171191042720 HTTP/1.1" 200 953
186.103.159.204 - - [14/Mar/2017:11:14:06 -0300] "GET /cormun/static/Resources/prompt.gif HTTP/1.1" 200 902
186.103.159.204 - - [14/Mar/2017:11:14:07 -0300] "GET /cormun/static/solicitudot.js?2017119104297 HTTP/1.1" 200 63948
186.103.159.204 - - [14/Mar/2017:11:14:07 -0300] "GET /cormun/servlet/solicitudot?INS,0,0, HTTP/1.1" 200 12786
186.79.37.88 - - [14/Mar/2017:11:14:07 -0300] "GET /cormun/servlet/trpermisosgoce HTTP/1.1" 200 7335
186.103.157.42 - - [14/Mar/2017:11:14:09 -0300] "GET /cormun/servlet/licenciaspermisos?27b7afe0b243348593c0c84ce9cce4172cf883b4fd1adf7029989416a964daf3a469528bdd848aca9fd185203ec4d8f6bc74afeb5bacf14831156ae6bf905ec05bcfc3dd5170bc6b8fa76354cf541f59293823ff6ccdd9b1385fd76925e6928b72391c87baec59b684bd31684f0664898fad7ace71d9d764324785342c4cef33499499fb0671c15d630a81e449e50d9a7be1518808a5cd067286173f59a656db4fd7b041f866f8527fbdc679e9517da8b8b69833ed8d478fe2020897e0b8cea8b03fe506ab04d97caf0a65247d42f2009a742653d7d22f831b0e63d6d8eb7cff33478791bc917f4dc8995dfddaacf9b1,gx-no-cache=1489500920128 HTTP/1.1" 200 66
186.103.157.42 - - [14/Mar/2017:11:14:10 -0300] "POST /cormun/servlet/licenciaspermisos?9f8d92fb51e2bfd2bd76706910044d7b,INS,0,,,,gx-no-cache=1489500920222 HTTP/1.1" 200 93
186.103.157.42 - - [14/Mar/2017:11:14:10 -0300] "GET /cormun/servlet/hpexe_return? HTTP/1.1" 200 1015
186.103.157.42 - - [14/Mar/2017:11:14:10 -0300] "GET /cormun/static/gxcfg.js?2016101716175148 HTTP/1.1" 304 -
186.103.157.42 - - [14/Mar/2017:11:14:10 -0300] "GET /cormun/servlet/trlicencias HTTP/1.1" 200 8090
186.103.157.42 - - [14/Mar/2017:11:14:11 -0300] "GET /cormun/servlet/trlicencias HTTP/1.1" 200 8087
186.103.157.42 - - [14/Mar/2017:11:14:11 -0300] "GET /cormun//static/Resources/PXToolsGridDisplay.png HTTP/1.1" 304 -
186.103.157.42 - - [14/Mar/2017:11:14:11 -0300] "GET /cormun//static/Resources/PXToolsActionPrint.png HTTP/1.1" 304 -
186.103.157.42 - - [14/Mar/2017:11:14:11 -0300] "GET /cormun//static/Resources/PXToolsHeaderFavorites.png HTTP/1.1" 304 -
186.103.157.42 - - [14/Mar/2017:11:14:11 -0300] "GET /cormun//static/Resources/PXToolsHeaderHelp.png HTTP/1.1" 304 -
186.103.158.250 - - [14/Mar/2017:11:14:12 -0300] "GET /cormun/servlet/solicitudotadjuntos?INS,2017,5495,,1, HTTP/1.1" 200 5968
186.103.158.250 - - [14/Mar/2017:11:14:12 -0300] "GET /cormun/static/about:blank HTTP/1.1" 404 1011
186.103.158.250 - - [14/Mar/2017:11:14:13 -0300] "GET /cormun/servlet/solicitudotadjuntos?INS,2017,5495,,1, HTTP/1.1" 200 5961
186.103.158.250 - - [14/Mar/2017:11:14:13 -0300] "GET /cormun/servlet/solicitudotadjuntos?d4fff27e0b469dd19646526f1472b66c2e4d44fa0d44df00206321e672382b166d228f9f40b01d9cdb76e2bfdc14d9c3,gx-no-cache=1489500922272 HTTP/1.1" 200 30
186.103.158.250 - - [14/Mar/2017:11:14:14 -0300] "POST /cormun/servlet/solicitudotadjuntos?e2e93305384b47e168e45b7e88ff09e0,INS,2017,5495,,1,,gx-no-cache=1489500922344 HTTP/1.1" 200 3858
186.103.158.250 - - [14/Mar/2017:11:14:19 -0300] "POST /cormun/servlet/solicitudotadjuntos?gx-no-cache=1489500927887 HTTP/1.1" 200 26
186.103.159.204 - - [14/Mar/2017:11:14:29 -0300] "POST /cormun/servlet/solicitudot?gx-no-cache=1489500940033 HTTP/1.1" 200 3187
186.103.159.204 - - [14/Mar/2017:11:14:30 -0300] "POST /cormun/servlet/solicitudot?00e0b07d82c509defa6af6f222e9b764,INS,0,0,,gx-no-cache=1489500940323 HTTP/1.1" 200 9976
186.103.159.46 - - [14/Mar/2017:11:14:34 -0300] "GET /cormun/servlet/permisogoce?650c6c28e4a4fd260e625b7d18e5b926a7db1e2dc451806d775b51fc060bc3383eade5567fcfe8d2c27e03beb16b7a75,gx-no-cache=1489504540221 HTTP/1.1" 200 67
186.103.159.46 - - [14/Mar/2017:11:14:34 -0300] "GET /cormun/static/menuarrow.gif HTTP/1.1" 404 1015
186.103.159.204 - - [14/Mar/2017:11:14:37 -0300] "GET /cormun/servlet/solicitudot?9228b952446f0785e06781132be938e5c26d33aac34cb112bbf00bc8614467361f4360375360c8575430dd4f3dcb8054,gx-no-cache=1489500948167 HTTP/1.1" 200 30
186.103.159.204 - - [14/Mar/2017:11:14:38 -0300] "POST /cormun/servlet/solicitudot?gx-no-cache=1489500948268 HTTP/1.1" 200 255
186.103.159.204 - - [14/Mar/2017:11:14:38 -0300] "GET /cormun/servlet/solicitudot?9228b952446f0785e06781132be938e5c9470d7b651a59e5b20002e5e04758b0d68e30c0ce80a53a45496ce67b407c24cddf09cc9c7fa83d5185a0cb88a1576ea1f63cc8ce66f333bde0f0b517c169331c838e07f9baa0849f358e577581c05149467116a1e7ac68197eab4bdcff1fb7d1b04b8f03be3ffb91ded7797c4948c47c63dfa828da2e5a07a0b9d841ad2c99c097883019c601170978ab855fa2943d49b4e70a34d1e41607f73033dc0f6708878f148c53d2a9732f87081aae177436ecfab88df28c5f7fde00bf794b7b14f48ee443a1ab248e38d885a30e3a7718104b47105b85f8dced1443d6e2a5d9c8cd6f5b36ff55b5b867a268fa63ff71175a1485db011ca79923d13584f180d59cd8f19432b27a3a78318b389d56855f8eaadc23981755566dc577184f4653a1779c7b960e497151c82e440e73ad3a8f6f78ec9ecc313fcfa77254b88ed1113a81dc86f9e04e2b81c5f6a1f641aec72a76fc2ff71c7fdafc335a2947db11295168246a525168f8a67a3a88d328d51068e6d1,gx-no-cache=1489500948368 HTTP/1.1" 200 30
192.168.10.62 - - [14/Mar/2017:11:14:41 -0300] "POST /cormun/servlet/trsolicitudgral?5b0cbad1d8259a45c1591ea0b28ed850,,gx-no-cache=1489504164076 HTTP/1.1" 200 4966
186.103.159.204 - - [14/Mar/2017:11:14:43 -0300] "POST /cormun/servlet/solicitudot?gx-no-cache=1489500953756 HTTP/1.1" 200 30
192.168.10.62 - - [14/Mar/2017:11:14:44 -0300] "GET /cormun/static/menuarrow.gif HTTP/1.1" 404 1015
186.103.158.250 - - [14/Mar/2017:11:14:45 -0300] "GET /cormun/servlet/solicitudotadjuntos?d4fff27e0b469dd19646526f1472b66cf62960a38a16cd4e0ca4955d716d3a66,gx-no-cache=1489500953334 HTTP/1.1" 200 30
186.103.158.250 - - [14/Mar/2017:11:14:45 -0300] "GET /cormun/servlet/solicitudotadjuntos?d4fff27e0b469dd19646526f1472b66cf62960a38a16cd4e0ca4955d716d3a66,gx-no-cache=1489500953437 HTTP/1.1" 200 30
186.103.159.204 - - [14/Mar/2017:11:14:45 -0300] "GET /cormun/static/Resources/resize.gif HTTP/1.1" 200 77
186.103.159.204 - - [14/Mar/2017:11:14:45 -0300] "GET /cormun/servlet/prsolicitudot?16491568,,,,,MD,,gxPopupLevel%3D0%3B HTTP/1.1" 200 6049
186.103.159.204 - - [14/Mar/2017:11:14:45 -0300] "GET /cormun/static/gxcfg.js?20161221854215 HTTP/1.1" 200 953
186.103.159.204 - - [14/Mar/2017:11:14:45 -0300] "GET /cormun/static/prsolicitudot.js?201612218542259 HTTP/1.1" 200 13680
186.103.159.204 - - [14/Mar/2017:11:14:45 -0300] "GET /cormun/static/menusearch.js?201610171694467 HTTP/1.1" 200 1424
186.103.159.204 - - [14/Mar/2017:11:14:45 -0300] "GET /cormun/static/hmpwkw011.js?201612218515582 HTTP/1.1" 200 1968
186.103.159.204 - - [14/Mar/2017:11:14:46 -0300] "GET /cormun/static/Resources/PXToolsMenuSearch.png HTTP/1.1" 200 2914
186.103.159.204 - - [14/Mar/2017:11:14:46 -0300] "GET /cormun/static/Resources/PXToolsMenuSearchCancel.png HTTP/1.1" 200 2972
186.103.159.204 - - [14/Mar/2017:11:14:46 -0300] "GET /cormun/static/Resources/asc.gif HTTP/1.1" 200 67
186.103.159.204 - - [14/Mar/2017:11:14:46 -0300] "GET /cormun/static/Resources/desc.gif HTTP/1.1" 200 65
186.103.159.204 - - [14/Mar/2017:11:14:46 -0300] "GET /cormun/static/Resources/asc.gif HTTP/1.1" 200 67
186.103.159.204 - - [14/Mar/2017:11:14:46 -0300] "GET /cormun/static/Resources/desc.gif HTTP/1.1" 200 65
186.103.159.204 - - [14/Mar/2017:11:14:46 -0300] "GET /cormun/static/Resources/asc.gif HTTP/1.1" 200 67
186.103.159.204 - - [14/Mar/2017:11:14:46 -0300] "GET /cormun/static/Resources/desc.gif HTTP/1.1" 200 65
186.103.159.204 - - [14/Mar/2017:11:14:46 -0300] "GET /cormun/static/Resources/asc.gif HTTP/1.1" 200 67
186.103.159.204 - - [14/Mar/2017:11:14:46 -0300] "GET /cormun/static/Resources/desc.gif HTTP/1.1" 200 65
186.103.158.250 - - [14/Mar/2017:11:14:46 -0300] "POST /cormun/servlet/solicitudotadjuntos?e2e93305384b47e168e45b7e88ff09e0,INS,2017,5495,,1, HTTP/1.1" 200 116
186.103.158.250 - - [14/Mar/2017:11:14:46 -0300] "GET /cormun/servlet/hpexe_return? HTTP/1.1" 200 1019
186.103.158.250 - - [14/Mar/2017:11:14:47 -0300] "GET /cormun/servlet/trsolicitudadjuntos?2017,5495, HTTP/1.1" 200 8146
192.168.10.62 - - [14/Mar/2017:11:14:47 -0300] "POST /cormun/servlet/trsolicitudgral?5b0cbad1d8259a45c1591ea0b28ed850,,gx-no-cache=1489504169884 HTTP/1.1" 200 13156
186.103.158.250 - - [14/Mar/2017:11:14:48 -0300] "GET /cormun/servlet/trsolicitudadjuntos?2017,5495, HTTP/1.1" 200 8140
186.103.158.250 - - [14/Mar/2017:11:14:50 -0300] "GET /cormun/servlet/solicitudotadjuntos?INS,2017,5495,,1, HTTP/1.1" 200 5966
186.103.158.250 - - [14/Mar/2017:11:14:51 -0300] "GET /cormun/static/about:blank HTTP/1.1" 404 1011
186.103.158.250 - - [14/Mar/2017:11:14:51 -0300] "GET /cormun/servlet/solicitudotadjuntos?INS,2017,5495,,1, HTTP/1.1" 200 5959
186.103.158.250 - - [14/Mar/2017:11:14:52 -0300] "GET /cormun/servlet/solicitudotadjuntos?d4fff27e0b469dd19646526f1472b66c2e4d44fa0d44df00206321e672382b166d228f9f40b01d9cdb76e2bfdc14d9c3,gx-no-cache=1489500960822 HTTP/1.1" 200 30
186.103.158.250 - - [14/Mar/2017:11:14:52 -0300] "POST /cormun/servlet/solicitudotadjuntos?e2e93305384b47e168e45b7e88ff09e0,INS,2017,5495,,1,,gx-no-cache=1489500960911 HTTP/1.1" 200 3857
186.103.158.250 - - [14/Mar/2017:11:14:56 -0300] "POST /cormun/servlet/solicitudotadjuntos?gx-no-cache=1489500964767 HTTP/1.1" 200 26
192.168.10.62 - - [14/Mar/2017:11:14:57 -0300] "GET /cormun/servlet/vesolicitudgral?2017,4497,, HTTP/1.1" 200 8187
192.168.10.62 - - [14/Mar/2017:11:14:57 -0300] "GET /cormun/static/gxcfg.js?201612218543032 HTTP/1.1" 200 953
192.168.10.62 - - [14/Mar/2017:11:14:57 -0300] "GET /cormun/pexe_scrolldiv.js HTTP/1.1" 404 1009
192.168.10.62 - - [14/Mar/2017:11:14:57 -0300] "GET /cormun/static/hwcviewtabs.js?201612218431866 HTTP/1.1" 200 1074
192.168.10.62 - - [14/Mar/2017:11:14:57 -0300] "GET /cormun/static/Resources/PXToolsTabFirstSelected.png HTTP/1.1" 200 1259
192.168.10.62 - - [14/Mar/2017:11:14:57 -0300] "GET /cormun/static/hpexe_tabsview.js?201610171694228 HTTP/1.1" 200 1661
192.168.10.62 - - [14/Mar/2017:11:14:57 -0300] "GET /cormun/static/Resources/PXToolsTabLastUnselected.png HTTP/1.1" 200 1291
192.168.10.62 - - [14/Mar/2017:11:14:57 -0300] "GET /cormun/pexe_scrolldiv.js HTTP/1.1" 404 1009
192.168.10.62 - - [14/Mar/2017:11:14:57 -0300] "GET /cormun/static/vesolicitudgral.js?201612218543091 HTTP/1.1" 200 6721
192.168.10.62 - - [14/Mar/2017:11:14:57 -0300] "GET /cormun/static/tbsolicitudgral01.js?20171102165139 HTTP/1.1" 200 29094
192.168.10.62 - - [14/Mar/2017:11:14:57 -0300] "GET /cormun/static/Resources/PXToolsTabPrevious.gif HTTP/1.1" 200 172
192.168.10.62 - - [14/Mar/2017:11:14:58 -0300] "GET /cormun/static/Resources/PXToolsTabNext.gif HTTP/1.1" 200 168
192.168.10.62 - - [14/Mar/2017:11:14:58 -0300] "GET /cormun/static/calendar-system.css HTTP/1.1" 200 5572
192.168.10.62 - - [14/Mar/2017:11:14:58 -0300] "GET /cormun/static/Resources/PXToolsTabBackSelected.png HTTP/1.1" 200 1157
192.168.10.62 - - [14/Mar/2017:11:14:58 -0300] "GET /cormun/static/Resources/PXToolsTabBackUnselected.png HTTP/1.1" 200 1175
192.168.10.62 - - [14/Mar/2017:11:14:58 -0300] "GET /cormun/static/Resources/PXToolsTabUnselectedUnselected.png HTTP/1.1" 200 1459
192.168.10.62 - - [14/Mar/2017:11:14:58 -0300] "GET /cormun/static/Resources/PXToolsTabSelectedUnselected.png HTTP/1.1" 200 1428
192.168.10.62 - - [14/Mar/2017:11:14:58 -0300] "GET /cormun/servlet/vesolicitudgral?2017,4497,, HTTP/1.1" 200 8186
186.103.159.204 - - [14/Mar/2017:11:14:59 -0300] "POST /cormun/servlet/solicitudot?gx-no-cache=1489500970172 HTTP/1.1" 200 1291
186.103.159.204 - - [14/Mar/2017:11:15:00 -0300] "POST /cormun/servlet/solicitudot?gx-no-cache=1489500970348 HTTP/1.1" 200 38
