200.73.230.173 - - [14/Mar/2017:16:08:42 -0300] "GET /cormun/servlet/solicitudotadjuntos?b51d57014c93657db227d390edef99d9bc23aad86642d09bc23f57d4b48dd18a,gx-no-cache=1489518591501 HTTP/1.1" 200 30
200.73.230.173 - - [14/Mar/2017:16:08:43 -0300] "POST /cormun/servlet/solicitudotadjuntos?7e213af552c3197ac1c54c536fd0e30e,INS,2017,5522,,1, HTTP/1.1" 200 116
200.73.230.173 - - [14/Mar/2017:16:08:43 -0300] "GET /cormun/servlet/hpexe_return? HTTP/1.1" 200 1027
192.168.10.62 - - [14/Mar/2017:16:08:44 -0300] "POST /cormun/servlet/trsolicitudgral?fe410d92758752980724c6b017e0321b,,gx-no-cache=1489521806350 HTTP/1.1" 200 6589
200.73.230.173 - - [14/Mar/2017:16:08:44 -0300] "GET /cormun/servlet/trsolicitudadjuntos?2017,5522, HTTP/1.1" 200 8243
200.73.230.173 - - [14/Mar/2017:16:08:45 -0300] "GET /cormun/servlet/trsolicitudadjuntos?2017,5522, HTTP/1.1" 200 8240
192.168.10.62 - - [14/Mar/2017:16:08:47 -0300] "POST /cormun/servlet/trsolicitudgral?fe410d92758752980724c6b017e0321b,,gx-no-cache=1489521809807 HTTP/1.1" 200 105
192.168.10.62 - - [14/Mar/2017:16:08:47 -0300] "GET /cormun/SolicitudGral-1966.xls HTTP/1.1" 200 6144
200.73.230.173 - - [14/Mar/2017:16:08:48 -0300] "GET /cormun/servlet/solicitudotadjuntos?INS,2017,5522,,1, HTTP/1.1" 200 5827
186.67.172.234 - - [14/Mar/2017:16:08:48 -0300] "GET /cormun/servlet/permisogoce?bb779130a32afc0692bc2607cb03dcb12cab1b5b576b8ff93fb177e29384ef27f19a108722f0b35f195e577099d58b88,gx-no-cache=1489522195069 HTTP/1.1" 200 76
186.67.172.234 - - [14/Mar/2017:16:08:48 -0300] "GET /cormun/static/menuarrow.gif HTTP/1.1" 404 1015
200.73.230.173 - - [14/Mar/2017:16:08:48 -0300] "GET /cormun/static/about:blank HTTP/1.1" 404 1011
200.73.230.173 - - [14/Mar/2017:16:08:48 -0300] "GET /cormun/servlet/solicitudotadjuntos?INS,2017,5522,,1, HTTP/1.1" 200 5821
200.73.230.173 - - [14/Mar/2017:16:08:49 -0300] "GET /cormun/servlet/solicitudotadjuntos?b51d57014c93657db227d390edef99d9e4284492e065f848aad31b544de36832f011e94141c37d1cf8eff2f41272526b,gx-no-cache=1489518598455 HTTP/1.1" 200 30
200.73.230.173 - - [14/Mar/2017:16:08:49 -0300] "POST /cormun/servlet/solicitudotadjuntos?7e213af552c3197ac1c54c536fd0e30e,INS,2017,5522,,1,,gx-no-cache=1489518598684 HTTP/1.1" 200 3642
200.73.230.173 - - [14/Mar/2017:16:08:52 -0300] "POST /cormun/servlet/solicitudotadjuntos?gx-no-cache=1489518601931 HTTP/1.1" 200 26
186.103.156.24 - - [14/Mar/2017:16:09:02 -0300] "POST /cormun/servlet/solicitudotadjuntos?1f8f10818d554abfbacb51ed5610f2a3,INS,2017,5519,,1, HTTP/1.1" 200 116
186.103.156.24 - - [14/Mar/2017:16:09:02 -0300] "GET /cormun/servlet/hpexe_return? HTTP/1.1" 200 1022
186.103.156.24 - - [14/Mar/2017:16:09:07 -0300] "GET /cormun/servlet/trsolicitudadjuntos?2017,5519, HTTP/1.1" 200 8559
186.67.172.234 - - [14/Mar/2017:16:09:11 -0300] "GET /cormun/servlet/permisogoce?bb779130a32afc0692bc2607cb03dcb1f4b1c48e78f2d7ad0b009f651bd6c49d70d80f24ed1efc9632152aa5719ecff69a2238c35107a40e9db9755d8aa56613,gx-no-cache=1489522218373 HTTP/1.1" 200 129
186.67.172.234 - - [14/Mar/2017:16:09:11 -0300] "GET /cormun/static/Shared/jqueryui/images/ui-bg_highlight-soft_100_c6c2c8_1x100.png HTTP/1.1" 404 1117
186.67.172.234 - - [14/Mar/2017:16:09:11 -0300] "GET /cormun/static/Shared/jqueryui/images/ui-icons_82798d_256x240.png HTTP/1.1" 404 1089
186.67.172.234 - - [14/Mar/2017:16:09:11 -0300] "GET /cormun/static/Shared/jqueryui/images/ui-bg_flat_55_994d53_40x100.png HTTP/1.1" 404 1097
186.67.172.234 - - [14/Mar/2017:16:09:11 -0300] "GET /cormun/static/Shared/jqueryui/images/ui-icons_ebccce_256x240.png HTTP/1.1" 404 1089
186.103.156.24 - - [14/Mar/2017:16:09:12 -0300] "GET /cormun/servlet/trsolicitudadjuntos?2017,5519, HTTP/1.1" 200 8557
186.103.156.24 - - [14/Mar/2017:16:09:13 -0300] "GET /cormun/servlet/solicitudotadjuntos?INS,2017,5519,,1, HTTP/1.1" 200 6010
186.103.156.24 - - [14/Mar/2017:16:09:14 -0300] "GET /cormun/static/about:blank HTTP/1.1" 404 1011
186.103.156.24 - - [14/Mar/2017:16:09:14 -0300] "GET /cormun/servlet/solicitudotadjuntos?INS,2017,5519,,1, HTTP/1.1" 200 6004
186.103.156.24 - - [14/Mar/2017:16:09:15 -0300] "GET /cormun/servlet/solicitudotadjuntos?40ee5c395dcf0520ed510898709c74f0cf2f1c7815ee804e63252dfd968d3d4b44789f34e008a6510fff2a36cdcd333c,gx-no-cache=1489522250949 HTTP/1.1" 200 30
186.103.156.24 - - [14/Mar/2017:16:09:15 -0300] "POST /cormun/servlet/solicitudotadjuntos?1f8f10818d554abfbacb51ed5610f2a3,INS,2017,5519,,1,,gx-no-cache=1489522251037 HTTP/1.1" 200 3825
186.67.172.234 - - [14/Mar/2017:16:09:19 -0300] "GET /cormun/servlet/permisogoce?bb779130a32afc0692bc2607cb03dcb1f4b1c48e78f2d7ad0b009f651bd6c49d70d80f24ed1efc9632152aa5719ecff64a767e96962ff8528f5710aca1e47975,gx-no-cache=1489522226040 HTTP/1.1" 200 47
186.103.156.24 - - [14/Mar/2017:16:09:19 -0300] "POST /cormun/servlet/solicitudotadjuntos?gx-no-cache=1489522256292 HTTP/1.1" 200 26
192.168.10.62 - - [14/Mar/2017:16:09:22 -0300] "POST /cormun/servlet/trsolicitudgral?fe410d92758752980724c6b017e0321b,,gx-no-cache=1489521845025 HTTP/1.1" 200 6252
192.168.10.62 - - [14/Mar/2017:16:09:22 -0300] "GET /cormun/static/Shared/jqueryui/images/ui-bg_highlight-soft_100_c6c2c8_1x100.png HTTP/1.1" 404 1117
192.168.10.62 - - [14/Mar/2017:16:09:22 -0300] "GET /cormun/static/Shared/jqueryui/images/ui-icons_82798d_256x240.png HTTP/1.1" 404 1089
192.168.10.62 - - [14/Mar/2017:16:09:22 -0300] "GET /cormun/static/Shared/jqueryui/images/ui-icons_8d78a5_256x240.png HTTP/1.1" 404 1089
192.168.10.62 - - [14/Mar/2017:16:09:22 -0300] "GET /cormun/static/Shared/jqueryui/images/ui-bg_flat_55_fafafa_40x100.png HTTP/1.1" 404 1097
186.103.156.24 - - [14/Mar/2017:16:09:27 -0300] "GET /cormun/servlet/solicitudotadjuntos?40ee5c395dcf0520ed510898709c74f0214bd48591caf1c646d7e20617ef2607,gx-no-cache=1489522265190 HTTP/1.1" 200 30
186.103.156.24 - - [14/Mar/2017:16:09:27 -0300] "GET /cormun/servlet/solicitudotadjuntos?40ee5c395dcf0520ed510898709c74f0214bd48591caf1c646d7e20617ef2607,gx-no-cache=1489522265228 HTTP/1.1" 200 30
200.73.230.173 - - [14/Mar/2017:16:09:30 -0300] "GET /cormun/servlet/solicitudotadjuntos?b51d57014c93657db227d390edef99d9bc23aad86642d09bc23f57d4b48dd18a,gx-no-cache=1489518639659 HTTP/1.1" 200 30
200.73.230.173 - - [14/Mar/2017:16:09:30 -0300] "GET /cormun/servlet/solicitudotadjuntos?b51d57014c93657db227d390edef99d9bc23aad86642d09bc23f57d4b48dd18a,gx-no-cache=1489518639794 HTTP/1.1" 200 30
200.73.230.173 - - [14/Mar/2017:16:09:30 -0300] "POST /cormun/servlet/solicitudotadjuntos?7e213af552c3197ac1c54c536fd0e30e,INS,2017,5522,,1, HTTP/1.1" 200 116
200.73.230.173 - - [14/Mar/2017:16:09:31 -0300] "GET /cormun/servlet/hpexe_return? HTTP/1.1" 200 1027
200.73.230.173 - - [14/Mar/2017:16:09:31 -0300] "GET /cormun/servlet/trsolicitudadjuntos?2017,5522, HTTP/1.1" 200 8429
200.73.230.173 - - [14/Mar/2017:16:09:32 -0300] "GET /cormun/servlet/trsolicitudadjuntos?2017,5522, HTTP/1.1" 200 8427
186.103.157.235 - - [14/Mar/2017:16:09:33 -0300] "GET /cormun/servlet/trsolicitudot? HTTP/1.1" 200 9015
186.103.157.235 - - [14/Mar/2017:16:09:34 -0300] "GET /cormun/static/gxcfg.js?20171191044697 HTTP/1.1" 304 -
186.103.157.235 - - [14/Mar/2017:16:09:34 -0300] "GET /cormun/static/gxdec.js?85251 HTTP/1.1" 304 -
186.103.157.235 - - [14/Mar/2017:16:09:34 -0300] "GET /cormun/static/trsolicitudot.js?20171191045625 HTTP/1.1" 304 -
186.103.157.235 - - [14/Mar/2017:16:09:34 -0300] "GET /cormun/servlet/trsolicitudot? HTTP/1.1" 200 9015
200.73.230.173 - - [14/Mar/2017:16:09:35 -0300] "GET /cormun/servlet/solicitudotadjuntos?INS,2017,5522,,1, HTTP/1.1" 200 5827
200.73.230.173 - - [14/Mar/2017:16:09:36 -0300] "GET /cormun/static/about:blank HTTP/1.1" 404 1011
200.73.230.173 - - [14/Mar/2017:16:09:36 -0300] "GET /cormun/servlet/solicitudotadjuntos?INS,2017,5522,,1, HTTP/1.1" 200 5821
186.103.157.235 - - [14/Mar/2017:16:09:37 -0300] "POST /cormun/servlet/trsolicitudot?1133b9f369c3bed9e2132fbe8f1c8177,,gx-no-cache=1489518820750 HTTP/1.1" 200 106
186.103.157.235 - - [14/Mar/2017:16:09:37 -0300] "GET /cormun/servlet/trsolicitudadjuntos?2017,5518, HTTP/1.1" 200 6058
200.73.230.173 - - [14/Mar/2017:16:09:37 -0300] "GET /cormun/servlet/solicitudotadjuntos?b51d57014c93657db227d390edef99d9e4284492e065f848aad31b544de36832f011e94141c37d1cf8eff2f41272526b,gx-no-cache=1489518646421 HTTP/1.1" 200 30
186.103.157.235 - - [14/Mar/2017:16:09:37 -0300] "GET /cormun/static/gxcfg.js?201612218531388 HTTP/1.1" 304 -
186.103.157.235 - - [14/Mar/2017:16:09:38 -0300] "GET /cormun/static/trsolicitudadjuntos.js?201612218531657 HTTP/1.1" 304 -
186.103.157.235 - - [14/Mar/2017:16:09:38 -0300] "GET /cormun/servlet/trsolicitudadjuntos?2017,5518, HTTP/1.1" 200 6058
200.73.230.173 - - [14/Mar/2017:16:09:39 -0300] "POST /cormun/servlet/solicitudotadjuntos?7e213af552c3197ac1c54c536fd0e30e,INS,2017,5522,,1,,gx-no-cache=1489518647319 HTTP/1.1" 200 3641
186.103.159.46 - - [14/Mar/2017:16:09:39 -0300] "POST /cormun/servlet/trpermisosgoce?33114de2f3333ded5d8eb38f61b6b696,,gx-no-cache=1489518647402 HTTP/1.1" 200 4068
186.103.157.235 - - [14/Mar/2017:16:09:40 -0300] "GET /cormun/servlet/solicitudotadjuntos?INS,2017,5518,,1, HTTP/1.1" 200 5988
186.103.157.235 - - [14/Mar/2017:16:09:40 -0300] "GET /cormun/static/gxcfg.js?201612218465951 HTTP/1.1" 304 -
186.103.157.235 - - [14/Mar/2017:16:09:40 -0300] "GET /cormun/static/solicitudotadjuntos.js?201612218465969 HTTP/1.1" 304 -
186.103.157.235 - - [14/Mar/2017:16:09:40 -0300] "GET /cormun/static/about:blank HTTP/1.1" 404 1011
186.103.157.235 - - [14/Mar/2017:16:09:40 -0300] "GET /cormun/servlet/solicitudotadjuntos?INS,2017,5518,,1, HTTP/1.1" 200 5981
186.67.172.234 - - [14/Mar/2017:16:09:41 -0300] "POST /cormun/servlet/permisogoce?ee0b3871505f9bf3cdeb2678b3a8db97,INS,0,,,,gx-no-cache=1489522247828 HTTP/1.1" 200 93
186.67.172.234 - - [14/Mar/2017:16:09:41 -0300] "GET /cormun/servlet/hpexe_return? HTTP/1.1" 200 1013
186.103.157.235 - - [14/Mar/2017:16:09:41 -0300] "GET /cormun/servlet/solicitudotadjuntos?8f7a9c5a533fcabf9cd1391dff98bf6c76d34c4d4ae6a2bad042e75bae169f454dd95357cce55acdf12fbc5da8d116df,gx-no-cache=1489518824866 HTTP/1.1" 200 30
186.103.157.235 - - [14/Mar/2017:16:09:41 -0300] "POST /cormun/servlet/solicitudotadjuntos?1133b9f369c3bed9e2132fbe8f1c8177,INS,2017,5518,,1,,gx-no-cache=1489518824920 HTTP/1.1" 200 3827
186.67.172.234 - - [14/Mar/2017:16:09:41 -0300] "GET /cormun/servlet/trpermisosgoce HTTP/1.1" 200 8098
186.67.172.234 - - [14/Mar/2017:16:09:41 -0300] "GET /cormun/servlet/trpermisosgoce HTTP/1.1" 200 8094
186.103.157.235 - - [14/Mar/2017:16:09:43 -0300] "POST /cormun/servlet/solicitudotadjuntos?gx-no-cache=1489518827038 HTTP/1.1" 200 26
186.103.159.46 - - [14/Mar/2017:16:09:49 -0300] "POST /cormun/servlet/trpermisosgoce?33114de2f3333ded5d8eb38f61b6b696,,gx-no-cache=1489518657244 HTTP/1.1" 200 4066
186.103.157.235 - - [14/Mar/2017:16:09:52 -0300] "GET /cormun/servlet/solicitudotadjuntos?8f7a9c5a533fcabf9cd1391dff98bf6cfb5c75266b9e1ca3cec10148a7203f84,gx-no-cache=1489518835642 HTTP/1.1" 200 30
186.103.157.235 - - [14/Mar/2017:16:09:52 -0300] "GET /cormun/servlet/solicitudotadjuntos?8f7a9c5a533fcabf9cd1391dff98bf6cfb5c75266b9e1ca3cec10148a7203f84,gx-no-cache=1489518835804 HTTP/1.1" 200 30
186.103.159.46 - - [14/Mar/2017:16:09:53 -0300] "POST /cormun/servlet/trpermisosgoce?33114de2f3333ded5d8eb38f61b6b696,,gx-no-cache=1489518661615 HTTP/1.1" 200 4065
186.103.157.235 - - [14/Mar/2017:16:09:55 -0300] "POST /cormun/servlet/solicitudotadjuntos?1133b9f369c3bed9e2132fbe8f1c8177,INS,2017,5518,,1, HTTP/1.1" 200 116
186.103.157.235 - - [14/Mar/2017:16:09:55 -0300] "GET /cormun/servlet/hpexe_return? HTTP/1.1" 200 1027
186.103.157.235 - - [14/Mar/2017:16:09:55 -0300] "GET /cormun/servlet/trsolicitudadjuntos?2017,5518, HTTP/1.1" 200 8191
186.103.157.235 - - [14/Mar/2017:16:09:56 -0300] "GET /cormun/servlet/trsolicitudadjuntos?2017,5518, HTTP/1.1" 200 8184
186.103.159.46 - - [14/Mar/2017:16:09:58 -0300] "POST /cormun/servlet/trpermisosgoce?33114de2f3333ded5d8eb38f61b6b696,,gx-no-cache=1489518665437 HTTP/1.1" 200 7107
186.103.157.235 - - [14/Mar/2017:16:09:58 -0300] "GET /cormun/servlet/solicitudotadjuntos?INS,2017,5518,,1, HTTP/1.1" 200 5988
186.103.157.235 - - [14/Mar/2017:16:09:59 -0300] "GET /cormun/static/about:blank HTTP/1.1" 404 1011
186.103.157.235 - - [14/Mar/2017:16:09:59 -0300] "GET /cormun/servlet/solicitudotadjuntos?INS,2017,5518,,1, HTTP/1.1" 200 5981
186.103.157.235 - - [14/Mar/2017:16:09:59 -0300] "GET /cormun/servlet/solicitudotadjuntos?8f7a9c5a533fcabf9cd1391dff98bf6c76d34c4d4ae6a2bad042e75bae169f454dd95357cce55acdf12fbc5da8d116df,gx-no-cache=1489518843170 HTTP/1.1" 200 30
186.103.157.235 - - [14/Mar/2017:16:09:59 -0300] "POST /cormun/servlet/solicitudotadjuntos?1133b9f369c3bed9e2132fbe8f1c8177,INS,2017,5518,,1,,gx-no-cache=1489518843224 HTTP/1.1" 200 3827
200.73.230.173 - - [14/Mar/2017:16:10:00 -0300] "POST /cormun/servlet/solicitudotadjuntos?gx-no-cache=1489518669455 HTTP/1.1" 200 26
200.73.230.173 - - [14/Mar/2017:16:10:00 -0300] "GET /cormun/servlet/solicitudotadjuntos?b51d57014c93657db227d390edef99d9bc23aad86642d09bc23f57d4b48dd18a,gx-no-cache=1489518669619 HTTP/1.1" 200 30
200.73.230.173 - - [14/Mar/2017:16:10:00 -0300] "GET /cormun/servlet/solicitudotadjuntos?b51d57014c93657db227d390edef99d9bc23aad86642d09bc23f57d4b48dd18a,gx-no-cache=1489518669671 HTTP/1.1" 200 30
200.73.230.173 - - [14/Mar/2017:16:10:00 -0300] "POST /cormun/servlet/solicitudotadjuntos?7e213af552c3197ac1c54c536fd0e30e,INS,2017,5522,,1,,gx-no-cache=1489518669731 HTTP/1.1" 200 3484
200.73.230.173 - - [14/Mar/2017:16:10:00 -0300] "GET /cormun/static/Shared/jqueryui/images/ui-bg_highlight-soft_100_c6c2c8_1x100.png HTTP/1.1" 404 1117
200.73.230.173 - - [14/Mar/2017:16:10:00 -0300] "GET /cormun/static/Shared/jqueryui/images/ui-icons_82798d_256x240.png HTTP/1.1" 404 1089
200.73.230.173 - - [14/Mar/2017:16:10:00 -0300] "GET /cormun/static/Shared/jqueryui/images/ui-icons_ebccce_256x240.png HTTP/1.1" 404 1089
200.73.230.173 - - [14/Mar/2017:16:10:00 -0300] "GET /cormun/static/Shared/jqueryui/images/ui-bg_flat_55_994d53_40x100.png HTTP/1.1" 404 1097
186.103.157.235 - - [14/Mar/2017:16:10:02 -0300] "POST /cormun/servlet/solicitudotadjuntos?gx-no-cache=1489518845826 HTTP/1.1" 200 26
200.73.230.173 - - [14/Mar/2017:16:10:06 -0300] "GET /cormun/servlet/solicitudotadjuntos?b51d57014c93657db227d390edef99d9bc23aad86642d09bc23f57d4b48dd18a,gx-no-cache=1489518675597 HTTP/1.1" 200 30
200.73.230.173 - - [14/Mar/2017:16:10:06 -0300] "POST /cormun/servlet/solicitudotadjuntos?7e213af552c3197ac1c54c536fd0e30e,INS,2017,5522,,1,,gx-no-cache=1489518675694 HTTP/1.1" 200 3484
200.73.230.173 - - [14/Mar/2017:16:10:09 -0300] "POST /cormun/servlet/solicitudotadjuntos?7e213af552c3197ac1c54c536fd0e30e,INS,2017,5522,,1,,gx-no-cache=1489518678842 HTTP/1.1" 200 90
200.73.230.173 - - [14/Mar/2017:16:10:09 -0300] "GET /cormun/servlet/hpexe_link HTTP/1.1" 200 983
200.73.230.173 - - [14/Mar/2017:16:10:09 -0300] "GET /cormun/servlet/trsolicitudadjuntos?2017,5522, HTTP/1.1" 200 8428
200.73.230.173 - - [14/Mar/2017:16:10:10 -0300] "GET /cormun/servlet/trsolicitudadjuntos?2017,5522, HTTP/1.1" 200 8427
186.103.157.235 - - [14/Mar/2017:16:10:11 -0300] "GET /cormun/servlet/solicitudotadjuntos?8f7a9c5a533fcabf9cd1391dff98bf6cfb5c75266b9e1ca3cec10148a7203f84,gx-no-cache=1489518854507 HTTP/1.1" 200 30
186.103.157.235 - - [14/Mar/2017:16:10:11 -0300] "GET /cormun/servlet/solicitudotadjuntos?8f7a9c5a533fcabf9cd1391dff98bf6cfb5c75266b9e1ca3cec10148a7203f84,gx-no-cache=1489518855279 HTTP/1.1" 200 30
186.67.172.234 - - [14/Mar/2017:16:10:14 -0300] "POST /cormun/servlet/trpermisosgoce?ee0b3871505f9bf3cdeb2678b3a8db97,gx-no-cache=1489522281210 HTTP/1.1" 200 104
186.67.172.234 - - [14/Mar/2017:16:10:15 -0300] "GET /cormun/PermisosGoce-5634.xls HTTP/1.1" 200 5120
200.73.230.173 - - [14/Mar/2017:16:10:16 -0300] "POST /cormun/servlet/trsolicitudadjuntos?7e213af552c3197ac1c54c536fd0e30e,2017,5522,,gx-no-cache=1489518685722 HTTP/1.1" 200 90
200.73.230.173 - - [14/Mar/2017:16:10:16 -0300] "GET /cormun/servlet/hpexe_link HTTP/1.1" 200 972
200.73.230.173 - - [14/Mar/2017:16:10:16 -0300] "GET /cormun/servlet/trsolicitudot HTTP/1.1" 200 8004
200.73.230.173 - - [14/Mar/2017:16:10:17 -0300] "GET /cormun/servlet/trsolicitudot HTTP/1.1" 200 8003
186.103.157.235 - - [14/Mar/2017:16:10:19 -0300] "POST /cormun/servlet/solicitudotadjuntos?1133b9f369c3bed9e2132fbe8f1c8177,INS,2017,5518,,1, HTTP/1.1" 200 116
186.103.157.235 - - [14/Mar/2017:16:10:19 -0300] "GET /cormun/servlet/hpexe_return? HTTP/1.1" 200 1027
186.103.157.235 - - [14/Mar/2017:16:10:19 -0300] "GET /cormun/servlet/trsolicitudadjuntos?2017,5518, HTTP/1.1" 200 8393
186.103.157.235 - - [14/Mar/2017:16:10:20 -0300] "GET /cormun/servlet/trsolicitudadjuntos?2017,5518, HTTP/1.1" 200 8392
186.103.159.46 - - [14/Mar/2017:16:10:21 -0300] "GET /cormun/servlet/trlicenciaspermisoslog?10940177,P,20170314121552, HTTP/1.1" 200 6226
186.103.159.46 - - [14/Mar/2017:16:10:21 -0300] "GET /cormun/static/gxcfg.js?201612261930395 HTTP/1.1" 200 953
186.103.159.46 - - [14/Mar/2017:16:10:21 -0300] "GET /cormun/static/trlicenciaspermisoslog.js?2016122619304187 HTTP/1.1" 200 20023
186.103.159.46 - - [14/Mar/2017:16:10:22 -0300] "GET /cormun/servlet/trlicenciaspermisoslog?10940177,P,20170314121552, HTTP/1.1" 200 6227
186.103.157.235 - - [14/Mar/2017:16:10:23 -0300] "GET /cormun/servlet/solicitudotadjuntos?INS,2017,5518,,1, HTTP/1.1" 200 5988
186.103.157.235 - - [14/Mar/2017:16:10:24 -0300] "GET /cormun/static/about:blank HTTP/1.1" 404 1011
186.103.157.235 - - [14/Mar/2017:16:10:24 -0300] "GET /cormun/servlet/solicitudotadjuntos?INS,2017,5518,,1, HTTP/1.1" 200 5981
186.103.157.235 - - [14/Mar/2017:16:10:24 -0300] "GET /cormun/servlet/solicitudotadjuntos?8f7a9c5a533fcabf9cd1391dff98bf6c76d34c4d4ae6a2bad042e75bae169f454dd95357cce55acdf12fbc5da8d116df,gx-no-cache=1489518868380 HTTP/1.1" 200 30
186.103.157.235 - - [14/Mar/2017:16:10:25 -0300] "POST /cormun/servlet/solicitudotadjuntos?1133b9f369c3bed9e2132fbe8f1c8177,INS,2017,5518,,1,,gx-no-cache=1489518868539 HTTP/1.1" 200 3827
186.103.157.235 - - [14/Mar/2017:16:10:29 -0300] "POST /cormun/servlet/solicitudotadjuntos?gx-no-cache=1489518872590 HTTP/1.1" 200 26
186.103.156.24 - - [14/Mar/2017:16:10:32 -0300] "POST /cormun/servlet/solicitudotadjuntos?1f8f10818d554abfbacb51ed5610f2a3,INS,2017,5519,,1, HTTP/1.1" 200 116
186.103.156.24 - - [14/Mar/2017:16:10:33 -0300] "GET /cormun/servlet/hpexe_return? HTTP/1.1" 200 1022
186.103.157.235 - - [14/Mar/2017:16:10:36 -0300] "GET /cormun/servlet/solicitudotadjuntos?8f7a9c5a533fcabf9cd1391dff98bf6cfb5c75266b9e1ca3cec10148a7203f84,gx-no-cache=1489518879775 HTTP/1.1" 200 30
186.103.157.235 - - [14/Mar/2017:16:10:36 -0300] "GET /cormun/servlet/solicitudotadjuntos?8f7a9c5a533fcabf9cd1391dff98bf6cfb5c75266b9e1ca3cec10148a7203f84,gx-no-cache=1489518879858 HTTP/1.1" 200 30
186.103.157.235 - - [14/Mar/2017:16:10:38 -0300] "POST /cormun/servlet/solicitudotadjuntos?1133b9f369c3bed9e2132fbe8f1c8177,INS,2017,5518,,1, HTTP/1.1" 200 116
186.103.159.46 - - [14/Mar/2017:16:10:38 -0300] "GET /cormun/servlet/trpermisosingoce? HTTP/1.1" 200 6823
186.103.157.235 - - [14/Mar/2017:16:10:38 -0300] "GET /cormun/servlet/hpexe_return? HTTP/1.1" 200 1027
186.103.159.46 - - [14/Mar/2017:16:10:38 -0300] "GET /cormun/static/gxcfg.js?2016111619312653 HTTP/1.1" 200 953
186.103.159.46 - - [14/Mar/2017:16:10:38 -0300] "GET /cormun/static/trpermisosingoce.js?2016111619313084 HTTP/1.1" 200 31498
186.103.157.235 - - [14/Mar/2017:16:10:38 -0300] "GET /cormun/servlet/trsolicitudadjuntos?2017,5518, HTTP/1.1" 200 8539
186.103.159.46 - - [14/Mar/2017:16:10:39 -0300] "GET /cormun/servlet/trpermisosingoce? HTTP/1.1" 200 6797
186.103.157.235 - - [14/Mar/2017:16:10:39 -0300] "GET /cormun/servlet/trsolicitudadjuntos?2017,5518, HTTP/1.1" 200 8538
186.103.156.24 - - [14/Mar/2017:16:10:40 -0300] "GET /cormun/servlet/trsolicitudadjuntos?2017,5519, HTTP/1.1" 200 8701
186.103.157.235 - - [14/Mar/2017:16:10:43 -0300] "GET /cormun/servlet/solicitudotadjuntos?INS,2017,5518,,1, HTTP/1.1" 200 5988
186.103.157.235 - - [14/Mar/2017:16:10:44 -0300] "GET /cormun/static/about:blank HTTP/1.1" 404 1011
186.103.157.235 - - [14/Mar/2017:16:10:45 -0300] "GET /cormun/servlet/solicitudotadjuntos?8f7a9c5a533fcabf9cd1391dff98bf6c76d34c4d4ae6a2bad042e75bae169f454dd95357cce55acdf12fbc5da8d116df,gx-no-cache=1489518888299 HTTP/1.1" 200 30
186.103.157.235 - - [14/Mar/2017:16:10:45 -0300] "GET /cormun/servlet/solicitudotadjuntos?INS,2017,5518,,1, HTTP/1.1" 200 5981
186.103.159.46 - - [14/Mar/2017:16:10:45 -0300] "GET /cormun/servlet/trautorizarpermisogoce? HTTP/1.1" 200 6724
186.103.157.235 - - [14/Mar/2017:16:10:45 -0300] "POST /cormun/servlet/solicitudotadjuntos?1133b9f369c3bed9e2132fbe8f1c8177,INS,2017,5518,,1,,gx-no-cache=1489518888777 HTTP/1.1" 200 3827
186.103.159.46 - - [14/Mar/2017:16:10:45 -0300] "GET /cormun/servlet/trautorizarpermisogoce? HTTP/1.1" 200 6740
186.103.156.24 - - [14/Mar/2017:16:10:46 -0300] "GET /cormun/servlet/trsolicitudadjuntos?2017,5519, HTTP/1.1" 200 8699
186.103.157.235 - - [14/Mar/2017:16:10:47 -0300] "POST /cormun/servlet/solicitudotadjuntos?gx-no-cache=1489518891355 HTTP/1.1" 200 26
186.103.156.24 - - [14/Mar/2017:16:10:47 -0300] "GET /cormun/servlet/solicitudotadjuntos?INS,2017,5519,,1, HTTP/1.1" 200 6010
186.103.156.24 - - [14/Mar/2017:16:10:48 -0300] "GET /cormun/static/about:blank HTTP/1.1" 404 1011
186.103.156.24 - - [14/Mar/2017:16:10:48 -0300] "GET /cormun/servlet/solicitudotadjuntos?INS,2017,5519,,1, HTTP/1.1" 200 6004
186.103.156.24 - - [14/Mar/2017:16:10:49 -0300] "GET /cormun/servlet/solicitudotadjuntos?40ee5c395dcf0520ed510898709c74f0cf2f1c7815ee804e63252dfd968d3d4b44789f34e008a6510fff2a36cdcd333c,gx-no-cache=1489522346602 HTTP/1.1" 200 30
186.103.156.24 - - [14/Mar/2017:16:10:49 -0300] "POST /cormun/servlet/solicitudotadjuntos?1f8f10818d554abfbacb51ed5610f2a3,INS,2017,5519,,1,,gx-no-cache=1489522346657 HTTP/1.1" 200 3826
186.67.172.234 - - [14/Mar/2017:16:10:49 -0300] "POST /cormun/servlet/acontrolpreferencessavestate?None,CSILVIA,true HTTP/1.1" 200 35
186.103.157.235 - - [14/Mar/2017:16:10:54 -0300] "GET /cormun/servlet/solicitudotadjuntos?8f7a9c5a533fcabf9cd1391dff98bf6cfb5c75266b9e1ca3cec10148a7203f84,gx-no-cache=1489518898356 HTTP/1.1" 200 30
186.103.157.235 - - [14/Mar/2017:16:10:54 -0300] "GET /cormun/servlet/solicitudotadjuntos?8f7a9c5a533fcabf9cd1391dff98bf6cfb5c75266b9e1ca3cec10148a7203f84,gx-no-cache=1489518898408 HTTP/1.1" 200 30
186.103.156.24 - - [14/Mar/2017:16:10:55 -0300] "POST /cormun/servlet/solicitudotadjuntos?gx-no-cache=1489522353093 HTTP/1.1" 200 26
186.103.157.235 - - [14/Mar/2017:16:10:55 -0300] "POST /cormun/servlet/solicitudotadjuntos?1133b9f369c3bed9e2132fbe8f1c8177,INS,2017,5518,,1, HTTP/1.1" 200 116
186.103.157.235 - - [14/Mar/2017:16:10:55 -0300] "GET /cormun/servlet/hpexe_return? HTTP/1.1" 200 1027
186.103.157.235 - - [14/Mar/2017:16:10:55 -0300] "GET /cormun/servlet/trsolicitudadjuntos?2017,5518, HTTP/1.1" 200 8667
186.103.157.235 - - [14/Mar/2017:16:10:56 -0300] "GET /cormun/servlet/trsolicitudadjuntos?2017,5518, HTTP/1.1" 200 8665
186.103.159.46 - - [14/Mar/2017:16:10:56 -0300] "POST /cormun/servlet/trautorizarpermisogoce?33114de2f3333ded5d8eb38f61b6b696,,gx-no-cache=1489518723964 HTTP/1.1" 200 4066
186.103.157.235 - - [14/Mar/2017:16:10:58 -0300] "GET /cormun/servlet/solicitudotadjuntos?INS,2017,5518,,1, HTTP/1.1" 200 5988
186.103.157.235 - - [14/Mar/2017:16:10:58 -0300] "GET /cormun/static/about:blank HTTP/1.1" 404 1011
186.103.157.235 - - [14/Mar/2017:16:10:59 -0300] "GET /cormun/servlet/solicitudotadjuntos?INS,2017,5518,,1, HTTP/1.1" 200 5981
186.103.157.235 - - [14/Mar/2017:16:10:59 -0300] "GET /cormun/servlet/solicitudotadjuntos?8f7a9c5a533fcabf9cd1391dff98bf6c76d34c4d4ae6a2bad042e75bae169f454dd95357cce55acdf12fbc5da8d116df,gx-no-cache=1489518903137 HTTP/1.1" 200 30
186.103.157.235 - - [14/Mar/2017:16:10:59 -0300] "POST /cormun/servlet/solicitudotadjuntos?1133b9f369c3bed9e2132fbe8f1c8177,INS,2017,5518,,1,,gx-no-cache=1489518903219 HTTP/1.1" 200 3827
186.103.157.235 - - [14/Mar/2017:16:11:03 -0300] "POST /cormun/servlet/solicitudotadjuntos?gx-no-cache=1489518906661 HTTP/1.1" 200 26
186.103.156.24 - - [14/Mar/2017:16:11:08 -0300] "GET /cormun/servlet/solicitudotadjuntos?40ee5c395dcf0520ed510898709c74f0214bd48591caf1c646d7e20617ef2607,gx-no-cache=1489522367559 HTTP/1.1" 200 30
186.103.156.24 - - [14/Mar/2017:16:11:08 -0300] "GET /cormun/servlet/solicitudotadjuntos?40ee5c395dcf0520ed510898709c74f0214bd48591caf1c646d7e20617ef2607,gx-no-cache=1489522367644 HTTP/1.1" 200 30
186.103.157.235 - - [14/Mar/2017:16:11:10 -0300] "GET /cormun/servlet/solicitudotadjuntos?8f7a9c5a533fcabf9cd1391dff98bf6cfb5c75266b9e1ca3cec10148a7203f84,gx-no-cache=1489518914116 HTTP/1.1" 200 30
186.103.157.235 - - [14/Mar/2017:16:11:10 -0300] "GET /cormun/servlet/solicitudotadjuntos?8f7a9c5a533fcabf9cd1391dff98bf6cfb5c75266b9e1ca3cec10148a7203f84,gx-no-cache=1489518914212 HTTP/1.1" 200 30
186.103.157.235 - - [14/Mar/2017:16:11:11 -0300] "POST /cormun/servlet/solicitudotadjuntos?1133b9f369c3bed9e2132fbe8f1c8177,INS,2017,5518,,1, HTTP/1.1" 200 116
186.103.157.235 - - [14/Mar/2017:16:11:11 -0300] "GET /cormun/servlet/hpexe_return? HTTP/1.1" 200 1027
186.103.157.235 - - [14/Mar/2017:16:11:11 -0300] "GET /cormun/servlet/trsolicitudadjuntos?2017,5518, HTTP/1.1" 200 8862
186.103.157.235 - - [14/Mar/2017:16:11:12 -0300] "GET /cormun/servlet/trsolicitudadjuntos?2017,5518, HTTP/1.1" 200 8858
186.103.157.235 - - [14/Mar/2017:16:11:14 -0300] "GET /cormun/servlet/solicitudotadjuntos?INS,2017,5518,,1, HTTP/1.1" 200 5988
186.103.157.235 - - [14/Mar/2017:16:11:14 -0300] "GET /cormun/static/about:blank HTTP/1.1" 404 1011
186.103.157.235 - - [14/Mar/2017:16:11:14 -0300] "GET /cormun/servlet/solicitudotadjuntos?INS,2017,5518,,1, HTTP/1.1" 200 5981
186.103.158.250 - - [14/Mar/2017:16:11:15 -0300] "GET /cormun/servlet/hlogin HTTP/1.1" 200 1719
186.103.157.235 - - [14/Mar/2017:16:11:15 -0300] "GET /cormun/servlet/solicitudotadjuntos?8f7a9c5a533fcabf9cd1391dff98bf6c76d34c4d4ae6a2bad042e75bae169f454dd95357cce55acdf12fbc5da8d116df,gx-no-cache=1489518918858 HTTP/1.1" 200 30
186.103.157.235 - - [14/Mar/2017:16:11:15 -0300] "POST /cormun/servlet/solicitudotadjuntos?1133b9f369c3bed9e2132fbe8f1c8177,INS,2017,5518,,1,,gx-no-cache=1489518918996 HTTP/1.1" 200 3827
186.103.157.235 - - [14/Mar/2017:16:11:17 -0300] "POST /cormun/servlet/solicitudotadjuntos?gx-no-cache=1489518921321 HTTP/1.1" 200 26
186.103.157.235 - - [14/Mar/2017:16:11:24 -0300] "GET /cormun/servlet/solicitudotadjuntos?8f7a9c5a533fcabf9cd1391dff98bf6cfb5c75266b9e1ca3cec10148a7203f84,gx-no-cache=1489518928604 HTTP/1.1" 200 30
186.103.157.235 - - [14/Mar/2017:16:11:25 -0300] "GET /cormun/servlet/solicitudotadjuntos?8f7a9c5a533fcabf9cd1391dff98bf6cfb5c75266b9e1ca3cec10148a7203f84,gx-no-cache=1489518928647 HTTP/1.1" 200 30
186.103.157.235 - - [14/Mar/2017:16:11:25 -0300] "POST /cormun/servlet/solicitudotadjuntos?1133b9f369c3bed9e2132fbe8f1c8177,INS,2017,5518,,1, HTTP/1.1" 200 116
186.103.157.235 - - [14/Mar/2017:16:11:25 -0300] "GET /cormun/servlet/hpexe_return? HTTP/1.1" 200 1027
186.103.157.235 - - [14/Mar/2017:16:11:26 -0300] "GET /cormun/servlet/trsolicitudadjuntos?2017,5518, HTTP/1.1" 200 9065
186.103.157.235 - - [14/Mar/2017:16:11:26 -0300] "GET /cormun/servlet/trsolicitudadjuntos?2017,5518, HTTP/1.1" 200 9062
186.103.159.182 - - [14/Mar/2017:16:11:28 -0300] "GET /cormun/servlet/licenciaspermisos?6b6c5dca0e2d56d43f904e37d24df0bd9f8df7052d58c500fe52dc8b005c5d41e900a9808472458593a8167d2e4773b9d6da552ab49a34ff46b43c00ce459c44075698327176a42dc6deffab0afb43209544179de429a9c291e449c87953da2f4766b71bd455ce50f9f43224ae50677ee87fb5fb6203576ebe0ded3f022e09afa14e044f36f9adabc26d1b2cd08517679faad556561fee30a596ea92efd5f4ada37536e9bd6e1e6ec4348a60acdb74de,gx-no-cache=1489518968418 HTTP/1.1" 200 30
186.103.159.182 - - [14/Mar/2017:16:11:28 -0300] "GET /cormun/servlet/licenciaspermisos?6b6c5dca0e2d56d43f904e37d24df0bdf03ef6d9d9e1ec4b9453b3ea5f25da1539aa2036ed0e074aab80084249cd88a67d86364808c6f68a0976bf48a2488f48952cd555ffe5981e9080447bb3d427dcaff1cf2b37a52956da87a9c3136d3786a7d2902b602ab019efd3eba2371b958e9ffcf648525ef5fedb811901a77669ecc919e5e49a5245120d5fffa6fff86586786e08dbf0ea1cfd51498c9dd8afb0ae6bc41bb73d83fe4aecdab6476233387d,gx-no-cache=1489518968961 HTTP/1.1" 200 29
186.103.159.182 - - [14/Mar/2017:16:11:29 -0300] "POST /cormun/servlet/licenciaspermisos?cd7f25081aff97d13943a3e88e87b493,INS,0,,,,gx-no-cache=1489518969015 HTTP/1.1" 200 93
186.103.159.182 - - [14/Mar/2017:16:11:29 -0300] "GET /cormun/servlet/hpexe_return? HTTP/1.1" 200 1007
186.103.159.182 - - [14/Mar/2017:16:11:29 -0300] "GET /cormun/static/gxcfg.js?2016101716175148 HTTP/1.1" 304 -
186.103.159.182 - - [14/Mar/2017:16:11:29 -0300] "GET /cormun/static/hpexe_return.js?2016101716175153 HTTP/1.1" 304 -
186.103.157.235 - - [14/Mar/2017:16:11:30 -0300] "POST /cormun/servlet/trsolicitudadjuntos?1133b9f369c3bed9e2132fbe8f1c8177,2017,5518,,gx-no-cache=1489518933405 HTTP/1.1" 200 90
186.103.157.235 - - [14/Mar/2017:16:11:30 -0300] "GET /cormun/servlet/hpexe_link HTTP/1.1" 200 973
186.103.159.182 - - [14/Mar/2017:16:11:30 -0300] "GET /cormun/servlet/trlicencias HTTP/1.1" 200 8047
186.103.157.235 - - [14/Mar/2017:16:11:30 -0300] "GET /cormun/servlet/trsolicitudot HTTP/1.1" 200 9016
186.103.157.235 - - [14/Mar/2017:16:11:30 -0300] "GET /cormun/servlet/trsolicitudot HTTP/1.1" 200 9015
186.103.157.235 - - [14/Mar/2017:16:11:35 -0300] "POST /cormun/servlet/trsolicitudot?1133b9f369c3bed9e2132fbe8f1c8177,gx-no-cache=1489518938887 HTTP/1.1" 200 5859
186.103.159.182 - - [14/Mar/2017:16:11:35 -0300] "GET /cormun/servlet/trlicencias HTTP/1.1" 200 8043
186.103.157.235 - - [14/Mar/2017:16:11:35 -0300] "GET /cormun/static/Shared/jqueryui/images/ui-bg_highlight-soft_100_c6c2c8_1x100.png HTTP/1.1" 404 1117
186.103.157.235 - - [14/Mar/2017:16:11:35 -0300] "GET /cormun/static/Shared/jqueryui/images/ui-icons_82798d_256x240.png HTTP/1.1" 404 1089
186.103.157.235 - - [14/Mar/2017:16:11:35 -0300] "GET /cormun/static/Shared/jqueryui/images/ui-icons_8d78a5_256x240.png HTTP/1.1" 404 1089
186.103.157.235 - - [14/Mar/2017:16:11:36 -0300] "GET /cormun/static/Shared/jqueryui/images/ui-bg_flat_55_fafafa_40x100.png HTTP/1.1" 404 1097
186.103.157.235 - - [14/Mar/2017:16:11:36 -0300] "POST /cormun/servlet/trsolicitudot?1133b9f369c3bed9e2132fbe8f1c8177,gx-no-cache=1489518939588 HTTP/1.1" 200 5804
186.103.157.235 - - [14/Mar/2017:16:11:39 -0300] "GET /cormun/servlet/trautorizarsolicitud? HTTP/1.1" 200 8118
186.103.157.235 - - [14/Mar/2017:16:11:39 -0300] "GET /cormun/static/gxcfg.js?2017259112829 HTTP/1.1" 304 -
186.103.157.235 - - [14/Mar/2017:16:11:39 -0300] "GET /cormun/static/trautorizarsolicitud.js?2017259113483 HTTP/1.1" 304 -
186.103.157.235 - - [14/Mar/2017:16:11:40 -0300] "GET /cormun/servlet/trautorizarsolicitud? HTTP/1.1" 200 8117
186.103.157.235 - - [14/Mar/2017:16:11:45 -0300] "POST /cormun/servlet/trautorizarsolicitud?1133b9f369c3bed9e2132fbe8f1c8177,,gx-no-cache=1489518948701 HTTP/1.1" 200 4317
186.103.157.235 - - [14/Mar/2017:16:11:45 -0300] "POST /cormun/servlet/trautorizarsolicitud?1133b9f369c3bed9e2132fbe8f1c8177,,gx-no-cache=1489518948985 HTTP/1.1" 200 4101
186.103.156.24 - - [14/Mar/2017:16:12:03 -0300] "POST /cormun/servlet/solicitudotadjuntos?1f8f10818d554abfbacb51ed5610f2a3,INS,2017,5519,,1, HTTP/1.1" 200 116
186.103.156.24 - - [14/Mar/2017:16:12:03 -0300] "GET /cormun/servlet/hpexe_return? HTTP/1.1" 200 1022
186.103.156.24 - - [14/Mar/2017:16:12:11 -0300] "GET /cormun/servlet/trsolicitudadjuntos?2017,5519, HTTP/1.1" 200 8902
186.103.156.24 - - [14/Mar/2017:16:12:18 -0300] "GET /cormun/servlet/trsolicitudadjuntos?2017,5519, HTTP/1.1" 200 8903
186.103.158.250 - - [14/Mar/2017:16:12:36 -0300] "POST /cormun/servlet/hlogin?2472ddf1bf3305bdde497c148fe1c691,gx-no-cache=1489518824808 HTTP/1.1" 200 90
186.103.158.250 - - [14/Mar/2017:16:12:36 -0300] "GET /cormun/servlet/hpexe_link HTTP/1.1" 200 953
186.103.158.250 - - [14/Mar/2017:16:12:37 -0300] "GET /cormun/servlet/hhome HTTP/1.1" 200 3940
186.103.158.250 - - [14/Mar/2017:16:12:38 -0300] "GET /cormun/servlet/hhome HTTP/1.1" 200 3936
186.103.158.250 - - [14/Mar/2017:16:12:41 -0300] "GET /cormun/servlet/trsolicitudot? HTTP/1.1" 200 8672
186.103.158.250 - - [14/Mar/2017:16:12:42 -0300] "GET /cormun/servlet/trsolicitudot? HTTP/1.1" 200 8670
200.73.230.173 - - [14/Mar/2017:16:12:43 -0300] "POST /cormun/servlet/trsolicitudot?7e213af552c3197ac1c54c536fd0e30e,gx-no-cache=1489518832342 HTTP/1.1" 200 106
200.73.230.173 - - [14/Mar/2017:16:12:43 -0300] "GET /cormun/servlet/trsolicitudadjuntos?2017,5522, HTTP/1.1" 200 8426
200.73.230.173 - - [14/Mar/2017:16:12:44 -0300] "GET /cormun/servlet/trsolicitudadjuntos?2017,5522, HTTP/1.1" 200 8426
200.73.230.173 - - [14/Mar/2017:16:12:47 -0300] "GET /cormun/servlet/solicitudotadjuntos?INS,2017,5522,,1, HTTP/1.1" 200 5827
200.73.230.173 - - [14/Mar/2017:16:12:48 -0300] "GET /cormun/static/about:blank HTTP/1.1" 404 1011
200.73.230.173 - - [14/Mar/2017:16:12:48 -0300] "GET /cormun/servlet/solicitudotadjuntos?INS,2017,5522,,1, HTTP/1.1" 200 5821
200.73.230.173 - - [14/Mar/2017:16:12:49 -0300] "GET /cormun/servlet/solicitudotadjuntos?b51d57014c93657db227d390edef99d9e4284492e065f848aad31b544de36832f011e94141c37d1cf8eff2f41272526b,gx-no-cache=1489518838511 HTTP/1.1" 200 30
200.73.230.173 - - [14/Mar/2017:16:12:49 -0300] "POST /cormun/servlet/solicitudotadjuntos?7e213af552c3197ac1c54c536fd0e30e,INS,2017,5522,,1,,gx-no-cache=1489518838600 HTTP/1.1" 200 3641
200.73.230.173 - - [14/Mar/2017:16:12:52 -0300] "POST /cormun/servlet/solicitudotadjuntos?gx-no-cache=1489518841803 HTTP/1.1" 200 26
186.103.158.250 - - [14/Mar/2017:16:12:53 -0300] "GET /cormun/servlet/trsolicitudot? HTTP/1.1" 200 8670
186.103.158.250 - - [14/Mar/2017:16:12:54 -0300] "GET /cormun/servlet/trsolicitudot? HTTP/1.1" 200 8670
186.103.158.250 - - [14/Mar/2017:16:12:58 -0300] "GET /cormun/servlet/solicitudot?INS,0,0, HTTP/1.1" 200 12745
186.103.158.250 - - [14/Mar/2017:16:13:00 -0300] "GET /cormun/servlet/solicitudot?INS,0,0, HTTP/1.1" 200 12749
200.73.230.173 - - [14/Mar/2017:16:13:00 -0300] "GET /cormun/servlet/solicitudotadjuntos?b51d57014c93657db227d390edef99d9bc23aad86642d09bc23f57d4b48dd18a,gx-no-cache=1489518850130 HTTP/1.1" 200 30
200.73.230.173 - - [14/Mar/2017:16:13:00 -0300] "GET /cormun/servlet/solicitudotadjuntos?b51d57014c93657db227d390edef99d9bc23aad86642d09bc23f57d4b48dd18a,gx-no-cache=1489518850193 HTTP/1.1" 200 30
200.73.230.173 - - [14/Mar/2017:16:13:01 -0300] "POST /cormun/servlet/solicitudotadjuntos?7e213af552c3197ac1c54c536fd0e30e,INS,2017,5522,,1, HTTP/1.1" 200 116
200.73.230.173 - - [14/Mar/2017:16:13:01 -0300] "GET /cormun/servlet/hpexe_return? HTTP/1.1" 200 1027
200.73.230.173 - - [14/Mar/2017:16:13:02 -0300] "GET /cormun/servlet/trsolicitudadjuntos?2017,5522, HTTP/1.1" 200 8569
200.73.230.173 - - [14/Mar/2017:16:13:03 -0300] "GET /cormun/servlet/trsolicitudadjuntos?2017,5522, HTTP/1.1" 200 8568
200.73.230.173 - - [14/Mar/2017:16:13:06 -0300] "POST /cormun/servlet/trsolicitudadjuntos?7e213af552c3197ac1c54c536fd0e30e,2017,5522,,gx-no-cache=1489518855885 HTTP/1.1" 200 90
200.73.230.173 - - [14/Mar/2017:16:13:06 -0300] "GET /cormun/servlet/hpexe_link HTTP/1.1" 200 972
200.73.230.173 - - [14/Mar/2017:16:13:06 -0300] "GET /cormun/servlet/trsolicitudot HTTP/1.1" 200 8004
200.73.230.173 - - [14/Mar/2017:16:13:07 -0300] "GET /cormun/servlet/trsolicitudot HTTP/1.1" 200 8003
186.103.157.235 - - [14/Mar/2017:16:14:16 -0300] "GET /cormun/servlet/trlicencias? HTTP/1.1" 200 6816
186.103.157.235 - - [14/Mar/2017:16:14:16 -0300] "GET /cormun/static/gxcfg.js?2016122619301429 HTTP/1.1" 304 -
186.103.157.235 - - [14/Mar/2017:16:14:16 -0300] "GET /cormun/static/trlicencias.js?2016122619301919 HTTP/1.1" 304 -
186.103.157.235 - - [14/Mar/2017:16:14:17 -0300] "GET /cormun/servlet/trlicencias? HTTP/1.1" 200 6815
186.103.157.235 - - [14/Mar/2017:16:14:22 -0300] "GET /cormun/servlet/licenciaspermisos?INS,0,,, HTTP/1.1" 200 7320
186.103.157.235 - - [14/Mar/2017:16:14:23 -0300] "GET /cormun/static/gxcfg.js?2016122619301043 HTTP/1.1" 304 -
186.103.157.235 - - [14/Mar/2017:16:14:23 -0300] "GET /cormun/servlet/licenciaspermisos?INS,0,,, HTTP/1.1" 200 7319
186.103.157.235 - - [14/Mar/2017:16:14:33 -0300] "GET /cormun/servlet/licenciaspermisos?a82603cb9bb0a59002dbb41a508de63276a7e5816f8dba3b6f1ceb5f1cddc93b87a578f2d71eb1545125bcb368e358a2,gx-no-cache=1489519117547 HTTP/1.1" 200 63
186.103.157.235 - - [14/Mar/2017:16:14:34 -0300] "POST /cormun/servlet/licenciaspermisos?1133b9f369c3bed9e2132fbe8f1c8177,INS,0,,,,gx-no-cache=1489519117692 HTTP/1.1" 200 4609
186.103.157.235 - - [14/Mar/2017:16:14:50 -0300] "GET /cormun/static/menuarrow.gif HTTP/1.1" 404 1015
186.103.158.250 - - [14/Mar/2017:16:15:29 -0300] "POST /cormun/servlet/solicitudot?gx-no-cache=1489518996826 HTTP/1.1" 200 3081
186.103.158.250 - - [14/Mar/2017:16:15:29 -0300] "POST /cormun/servlet/solicitudot?2472ddf1bf3305bdde497c148fe1c691,INS,0,0,,gx-no-cache=1489518997852 HTTP/1.1" 200 9865
186.103.158.250 - - [14/Mar/2017:16:15:32 -0300] "GET /cormun/servlet/solicitudot?e8c9549c5ed1af50262894d4696b8558ff9f008f3027feef48d999a7064b360de7ada448f16a88f4855d684ddc35d100,gx-no-cache=1489519000716 HTTP/1.1" 200 30
186.103.157.235 - - [14/Mar/2017:16:15:48 -0300] "GET /cormun/servlet/licenciaspermisos?a82603cb9bb0a59002dbb41a508de63251129b40475c2041a7fa71f973f6c5bfe1adfa86ee9bf4e26d874acbf45cf241a03db567d3b7b8814b8f536e5767fd8fe39081e48b90da061f0fde263b1505333b1dd67dd6c85038d1612a437f9b34be326657aa07c72de74f5ee72d2b1774d7007b04db3da178d0f00d6f3ecd836e672145fa9abc454443ab93125659594c2815da2a0da618bca0f0f6cfaab86fc24750d283fca58541969651c23869334787ca762b5cf7be087b7cb807dd484ba169f1a34d9db8419fb07ae02f2841ad6b146711deef5f1d4d344909527349fbe4d9,gx-no-cache=1489519191950 HTTP/1.1" 200 30
186.103.157.235 - - [14/Mar/2017:16:15:48 -0300] "GET /cormun/servlet/licenciaspermisos?a82603cb9bb0a59002dbb41a508de632bdd2974ed406adbed2141e5b16abc757168aa0e789a58f5e5bf8d8a724a32e4bf44d9155e21d973ca27da4c5aeceb07ac5c37a74a0ef713b37349c6f628875ec27aeaf6f6b413a396402a818e2799cd8b88f1a24970cec718e650bfa6a9fe0a32f6545ca7279fff8c785e95b9379afd5e70eaa6152fe5100b287204dc1e580d26ccee74bf577e0c14a8b388f0047e0990c486f3f6105369e5a3c143ad0f4f7555763cde4367e07d3c713285d632e7cf7735fdb2010d2cc5ce6cfc03d61e1fb2174434e018f5bc9a9d2039a24631629a0,gx-no-cache=1489519192121 HTTP/1.1" 200 29
186.103.157.235 - - [14/Mar/2017:16:15:48 -0300] "POST /cormun/servlet/licenciaspermisos?1133b9f369c3bed9e2132fbe8f1c8177,INS,0,,,,gx-no-cache=1489519192164 HTTP/1.1" 200 93
186.103.157.235 - - [14/Mar/2017:16:15:48 -0300] "GET /cormun/servlet/hpexe_return? HTTP/1.1" 200 1013
186.103.157.235 - - [14/Mar/2017:16:15:49 -0300] "GET /cormun/servlet/trlicencias HTTP/1.1" 200 7973
186.103.157.235 - - [14/Mar/2017:16:15:49 -0300] "GET /cormun/servlet/trlicencias HTTP/1.1" 200 7969
186.103.157.235 - - [14/Mar/2017:16:15:55 -0300] "GET /cormun/servlet/trlicenciaspermisosadjuntos?15807160,20170314000000,L, HTTP/1.1" 200 6309
186.103.157.235 - - [14/Mar/2017:16:15:55 -0300] "GET /cormun/static/gxcfg.js?2016122813131454 HTTP/1.1" 304 -
186.103.157.235 - - [14/Mar/2017:16:15:55 -0300] "GET /cormun/static/trlicenciaspermisosadjuntos.js?2016122813131728 HTTP/1.1" 304 -
186.103.157.235 - - [14/Mar/2017:16:15:55 -0300] "GET /cormun/servlet/trlicenciaspermisosadjuntos?15807160,20170314000000,L, HTTP/1.1" 200 6309
186.103.157.235 - - [14/Mar/2017:16:15:58 -0300] "GET /cormun/servlet/licenciaspermisosadjuntos?INS,15807160,L,20170314000000,, HTTP/1.1" 200 5606
186.103.157.235 - - [14/Mar/2017:16:15:58 -0300] "GET /cormun/static/gxcfg.js?2016122813131386 HTTP/1.1" 304 -
186.103.157.235 - - [14/Mar/2017:16:15:58 -0300] "GET /cormun/static/licenciaspermisosadjuntos.js?2016122813131394 HTTP/1.1" 304 -
186.103.157.235 - - [14/Mar/2017:16:15:58 -0300] "GET /cormun/static/about:blank HTTP/1.1" 404 1011
186.103.157.235 - - [14/Mar/2017:16:15:58 -0300] "GET /cormun/servlet/licenciaspermisosadjuntos?INS,15807160,L,20170314000000,, HTTP/1.1" 200 5595
186.103.157.235 - - [14/Mar/2017:16:16:17 -0300] "POST /cormun/servlet/licenciaspermisosadjuntos?1133b9f369c3bed9e2132fbe8f1c8177,INS,15807160,L,20170314000000,, HTTP/1.1" 200 116
186.103.157.235 - - [14/Mar/2017:16:16:17 -0300] "GET /cormun/servlet/hpexe_return? HTTP/1.1" 200 1042
186.103.157.235 - - [14/Mar/2017:16:16:17 -0300] "GET /cormun/servlet/trlicenciaspermisosadjuntos?15807160,20170314000000,L, HTTP/1.1" 200 6787
186.103.157.235 - - [14/Mar/2017:16:16:18 -0300] "GET /cormun/servlet/trlicenciaspermisosadjuntos?15807160,20170314000000,L, HTTP/1.1" 200 6783
186.103.157.235 - - [14/Mar/2017:16:16:21 -0300] "POST /cormun/servlet/trlicenciaspermisosadjuntos?1133b9f369c3bed9e2132fbe8f1c8177,15807160,20170314000000,L,,gx-no-cache=1489519224852 HTTP/1.1" 200 90
186.103.157.235 - - [14/Mar/2017:16:16:21 -0300] "GET /cormun/servlet/hpexe_link HTTP/1.1" 200 989
186.103.157.235 - - [14/Mar/2017:16:16:21 -0300] "GET /cormun/servlet/trlicencias HTTP/1.1" 200 7971
186.103.157.235 - - [14/Mar/2017:16:16:22 -0300] "GET /cormun/servlet/trlicencias HTTP/1.1" 200 7969
186.103.157.235 - - [14/Mar/2017:16:16:33 -0300] "POST /cormun/servlet/trlicencias?1133b9f369c3bed9e2132fbe8f1c8177,gx-no-cache=1489519237170 HTTP/1.1" 200 4221
186.103.158.250 - - [14/Mar/2017:16:17:37 -0300] "POST /cormun/servlet/solicitudot?gx-no-cache=1489519125128 HTTP/1.1" 200 256
186.103.158.250 - - [14/Mar/2017:16:17:43 -0300] "GET /cormun/servlet/solicitudot?e8c9549c5ed1af50262894d4696b8558e05b7bcb884549c0e4c500f859c91d82486ef4784b1f1951ae6b8eb039911866665509e7df2b5db8b0069325fe160b890a566c0e5e2cfdba6a3258d0c701a73b3a596d8e017aaab6c2e5b593156fa3b16940e21870b317c21d7ad3a083b56617cb96a188fc501a08b5d72f5bac04532bee25f5730fb54a7f21fcd5f19d3861b4a836ae4473cb458d7592b6a733a11ef9de38d7c9581e5630a7c18f8eccb5f843b26eb89127bfc4f50d25e5e3dedeb75cb662d35b9f77a69c11cd0999ba39f4696a4056f1faa2473a7451e6938afbe619a6b2053e5290cadb30b2b196cd3ac8852acfbc2dfd39ed5c63d91a805a24d9799118bafadb564eca37c10be5b0c97d0ce1b4ddede1d32229ec84670c1200def2f06bba22bf4abc0d6902e607e53305be899837e342eaff918b7de400bad4e548d64ec4eda2aff936c2ba689f0572e15912090e7890d4bd1fff59b08df7fc5cb305159f690ce4669ad2ac7f10e5788091ac85de1bab3694742d92dd0fa46a99a2,gx-no-cache=1489519131522 HTTP/1.1" 200 30
186.103.158.250 - - [14/Mar/2017:16:19:30 -0300] "POST /cormun/servlet/solicitudot?gx-no-cache=1489519238107 HTTP/1.1" 200 30
186.103.158.250 - - [14/Mar/2017:16:19:30 -0300] "POST /cormun/servlet/solicitudot?gx-no-cache=1489519238324 HTTP/1.1" 200 235
186.103.158.250 - - [14/Mar/2017:16:19:30 -0300] "POST /cormun/servlet/solicitudot?gx-no-cache=1489519238428 HTTP/1.1" 200 38
186.103.159.182 - - [14/Mar/2017:16:19:40 -0300] "GET /cormun/servlet/licenciaspermisos?INS,0,,, HTTP/1.1" 200 7394
186.103.159.182 - - [14/Mar/2017:16:19:50 -0300] "GET /cormun/servlet/licenciaspermisos?INS,0,,, HTTP/1.1" 200 7393
186.103.159.182 - - [14/Mar/2017:16:20:02 -0300] "GET /cormun/servlet/prfichaempleado?,MD,,gxPopupLevel%3D0%3B HTTP/1.1" 200 8892
186.103.159.182 - - [14/Mar/2017:16:20:25 -0300] "POST /cormun/servlet/prfichaempleado?cd7f25081aff97d13943a3e88e87b493,,MD,,gxPopupLevel%3D0%3B,gx-no-cache=1489519504912 HTTP/1.1" 200 3397
186.103.159.182 - - [14/Mar/2017:16:20:36 -0300] "GET /cormun/servlet/licenciaspermisos?6b6c5dca0e2d56d43f904e37d24df0bd12b05cc2c3da85b09f43e09231a296de04ab96e69255221cbebcaa96d91991b3,gx-no-cache=1489519516455 HTTP/1.1" 200 66
186.103.159.182 - - [14/Mar/2017:16:20:36 -0300] "POST /cormun/servlet/licenciaspermisos?cd7f25081aff97d13943a3e88e87b493,INS,0,,,,gx-no-cache=1489519516543 HTTP/1.1" 200 4608
186.103.158.250 - - [14/Mar/2017:16:20:48 -0300] "POST /cormun/servlet/solicitudot?gx-no-cache=1489519316359 HTTP/1.1" 200 243
186.103.158.250 - - [14/Mar/2017:16:20:51 -0300] "GET /cormun/servlet/solicitudot?e8c9549c5ed1af50262894d4696b8558e05b7bcb884549c0e4c500f859c91d821d6e58be51fe6dc553a2db97193a4e68665509e7df2b5db8b0069325fe160b890a566c0e5e2cfdba6a3258d0c701a73b3a596d8e017aaab6c2e5b593156fa3b16940e21870b317c21d7ad3a083b56617cb96a188fc501a08b5d72f5bac04532bee25f5730fb54a7f21fcd5f19d3861b4a836ae4473cb458d7592b6a733a11ef9de38d7c9581e5630a7c18f8eccb5f843b26eb89127bfc4f50d25e5e3dedeb75cb662d35b9f77a69c11cd0999ba39f4696a4056f1faa2473a7451e6938afbe619a6b2053e5290cadb30b2b196cd3ac8852acfbc2dfd39ed5c63d91a805a24d9799118bafadb564eca37c10be5b0c97d0ce1b4ddede1d32229ec84670c1200def2f06bba22bf4abc0d6902e607e53305be899837e342eaff918b7de400bad4e548d64ec4eda2aff936c2ba689f0572e15912090e7890d4bd1fff59b08df7fc5cb305159f690ce4669ad2ac7f10e57880916e36353419d0e38b495174b3f292fd81,gx-no-cache=1489519319229 HTTP/1.1" 200 30
186.103.159.182 - - [14/Mar/2017:16:20:55 -0300] "GET /cormun/static/menuarrow.gif HTTP/1.1" 404 1015
186.103.158.250 - - [14/Mar/2017:16:21:25 -0300] "POST /cormun/servlet/solicitudot?gx-no-cache=1489519353991 HTTP/1.1" 200 30
186.103.158.250 - - [14/Mar/2017:16:21:41 -0300] "POST /cormun/servlet/solicitudot?gx-no-cache=1489519369492 HTTP/1.1" 200 728
186.103.158.250 - - [14/Mar/2017:16:21:41 -0300] "GET /cormun/static/Shared/jqueryui/images/ui-bg_highlight-soft_100_c6c2c8_1x100.png HTTP/1.1" 404 1117
186.103.158.250 - - [14/Mar/2017:16:21:41 -0300] "GET /cormun/static/Shared/jqueryui/images/ui-icons_82798d_256x240.png HTTP/1.1" 404 1089
186.103.158.250 - - [14/Mar/2017:16:21:41 -0300] "GET /cormun/static/Shared/jqueryui/images/ui-bg_flat_55_994d53_40x100.png HTTP/1.1" 404 1097
186.103.158.250 - - [14/Mar/2017:16:21:41 -0300] "GET /cormun/static/Shared/jqueryui/images/ui-icons_ebccce_256x240.png HTTP/1.1" 404 1089
186.103.158.250 - - [14/Mar/2017:16:21:51 -0300] "GET /cormun/static/menuarrow.gif HTTP/1.1" 404 1015
186.103.159.182 - - [14/Mar/2017:16:24:37 -0300] "GET /cormun/servlet/licenciaspermisos?6b6c5dca0e2d56d43f904e37d24df0bd9f8df7052d58c500fe52dc8b005c5d41e900a9808472458593a8167d2e4773b9d6da552ab49a34ff46b43c00ce459c44075698327176a42dc6deffab0afb43209544179de429a9c291e449c87953da2f9146e8cd292a8bd233621110f4fe5d57e87fb5fb6203576ebe0ded3f022e09af206b0a3549ad8f83063965912694953de5172361a9c6f473e37d1cfaf9d26142d0b51fc47ed618c4aae4f933ca02a03c917a8fe4e91751f9e08a59b03947f03b770bff26a1132f53b04da131dca8409722137dd727912fc0071278d2b723e748,gx-no-cache=1489519757360 HTTP/1.1" 200 30
186.103.159.182 - - [14/Mar/2017:16:24:37 -0300] "GET /cormun/servlet/licenciaspermisos?6b6c5dca0e2d56d43f904e37d24df0bdf03ef6d9d9e1ec4b9453b3ea5f25da1539aa2036ed0e074aab80084249cd88a67d86364808c6f68a0976bf48a2488f48952cd555ffe5981e9080447bb3d427dcaff1cf2b37a52956da87a9c3136d3786c57abaa52589f2814684c9b3be758f409ffcf648525ef5fedb811901a77669ec5e25763d04b358a5a87e987689c25cde982ec2b4666b2556fc444ac4a880190865b029c6d25fca792d54d078dc070747e7874e1003cc25a4009ddb0863a92d289cd5f822958d727e9c715a934ca410f24e20d7f889f38581a9e65399b97da494,gx-no-cache=1489519757439 HTTP/1.1" 200 29
186.103.159.182 - - [14/Mar/2017:16:24:37 -0300] "POST /cormun/servlet/licenciaspermisos?cd7f25081aff97d13943a3e88e87b493,INS,0,,,,gx-no-cache=1489519757515 HTTP/1.1" 200 93
186.103.159.182 - - [14/Mar/2017:16:24:37 -0300] "GET /cormun/servlet/hpexe_return? HTTP/1.1" 200 1007
186.103.159.182 - - [14/Mar/2017:16:24:38 -0300] "GET /cormun/servlet/trlicencias HTTP/1.1" 200 8409
186.103.158.250 - - [14/Mar/2017:16:24:45 -0300] "POST /cormun/servlet/solicitudot?gx-no-cache=1489519552520 HTTP/1.1" 200 782
186.103.159.182 - - [14/Mar/2017:16:24:46 -0300] "GET /cormun/servlet/trlicencias HTTP/1.1" 200 8404
186.103.158.250 - - [14/Mar/2017:16:24:53 -0300] "GET /cormun/static/Resources/resize.gif HTTP/1.1" 200 77
186.103.158.250 - - [14/Mar/2017:16:25:00 -0300] "GET /cormun/servlet/prfichaempleado?,MD,,gxPopupLevel%3D0%3B HTTP/1.1" 200 8802
186.103.158.250 - - [14/Mar/2017:16:25:00 -0300] "GET /cormun/static/gxcfg.js?2016102420561687 HTTP/1.1" 200 953
186.103.158.250 - - [14/Mar/2017:16:25:00 -0300] "GET /cormun/static/Resources/PXToolsMenuSearch.png HTTP/1.1" 200 2914
186.103.158.250 - - [14/Mar/2017:16:25:00 -0300] "GET /cormun/static/Resources/PXToolsMenuSearchCancel.png HTTP/1.1" 200 2972
186.103.159.182 - - [14/Mar/2017:16:25:14 -0300] "GET /cormun/servlet/licenciaspermisos?UPD,16493601,L,20170314000000, HTTP/1.1" 200 7580
186.103.159.182 - - [14/Mar/2017:16:25:20 -0300] "GET /cormun/servlet/licenciaspermisos?UPD,16493601,L,20170314000000, HTTP/1.1" 200 7599
186.103.159.182 - - [14/Mar/2017:16:25:21 -0300] "GET /cormun/servlet/licenciaspermisos?6b6c5dca0e2d56d43f904e37d24df0bdd43dd4960ad38b382668a6713712ccc889075175f465189f09f39b4c77fbd770,gx-no-cache=1489519801577 HTTP/1.1" 200 64
186.103.158.250 - - [14/Mar/2017:16:25:30 -0300] "POST /cormun/servlet/solicitudot?gx-no-cache=1489519597931 HTTP/1.1" 200 1291
186.103.159.182 - - [14/Mar/2017:16:25:30 -0300] "GET /cormun/servlet/licenciaspermisos?6b6c5dca0e2d56d43f904e37d24df0bd5abb08a3e1fe2c0f0ea9c229f26d3c85e900a9808472458593a8167d2e4773b9d6da552ab49a34ff46b43c00ce459c44075698327176a42dc6deffab0afb43209544179de429a9c291e449c87953da2f9146e8cd292a8bd233621110f4fe5d57e87fb5fb6203576ebe0ded3f022e09af206b0a3549ad8f83063965912694953de5172361a9c6f473e37d1cfaf9d26142d0b51fc47ed618c4aae4f933ca02a03c917a8fe4e91751f9e08a59b03947f03b770bff26a1132f53b04da131dca840970664e31d4ed29a788a068a02c2702c59,gx-no-cache=1489519810340 HTTP/1.1" 200 30
186.103.159.182 - - [14/Mar/2017:16:25:30 -0300] "GET /cormun/servlet/licenciaspermisos?6b6c5dca0e2d56d43f904e37d24df0bdf03ef6d9d9e1ec4b9453b3ea5f25da1539aa2036ed0e074aab80084249cd88a67d86364808c6f68a0976bf48a2488f48952cd555ffe5981e9080447bb3d427dcaff1cf2b37a52956da87a9c3136d3786c57abaa52589f2814684c9b3be758f409ffcf648525ef5fedb811901a77669ec5e25763d04b358a5a87e987689c25cde982ec2b4666b2556fc444ac4a880190865b029c6d25fca792d54d078dc070747e7874e1003cc25a4009ddb0863a92d289cd5f822958d727e9c715a934ca410f22a90c0c688acbc6f5a553369ac38e0bc,gx-no-cache=1489519810401 HTTP/1.1" 200 29
186.103.159.182 - - [14/Mar/2017:16:25:30 -0300] "POST /cormun/servlet/licenciaspermisos?cd7f25081aff97d13943a3e88e87b493,UPD,16493601,L,20170314000000,,gx-no-cache=1489519810507 HTTP/1.1" 200 93
