201.236.57.223 - - [14/Mar/2017:10:48:37 -0300] "GET /cormun/servlet/hpexe_return? HTTP/1.1" 200 1029
201.236.57.223 - - [14/Mar/2017:10:48:38 -0300] "GET /cormun/servlet/trsolicitudadjuntos?2017,5487, HTTP/1.1" 200 8915
192.168.10.96 - - [14/Mar/2017:10:48:39 -0300] "GET /cormun/servlet/trsolicitudgral HTTP/1.1" 200 24136
192.168.10.96 - - [14/Mar/2017:10:48:41 -0300] "GET /cormun/servlet/trsolicitudgral HTTP/1.1" 200 24134
192.168.10.60 - - [14/Mar/2017:10:48:43 -0300] "POST /cormun/servlet/trautorizarot?bd742192ad1077e3773d6235017d8dc6,,gx-no-cache=1489498577883 HTTP/1.1" 200 6656
186.103.159.187 - - [14/Mar/2017:10:48:46 -0300] "POST /cormun/servlet/solicitudot?gx-no-cache=1489499392519 HTTP/1.1" 200 1274
186.103.159.187 - - [14/Mar/2017:10:48:46 -0300] "POST /cormun/servlet/solicitudot?gx-no-cache=1489499392623 HTTP/1.1" 200 1157
186.103.159.187 - - [14/Mar/2017:10:48:49 -0300] "GET /cormun/servlet/prpersonalsolicitud?9543879,,,,,MD,,gxPopupLevel%3D0%3B HTTP/1.1" 200 5580
186.103.159.187 - - [14/Mar/2017:10:48:49 -0300] "GET /cormun/static/gxcfg.js?201612218544014 HTTP/1.1" 200 953
186.103.159.187 - - [14/Mar/2017:10:48:49 -0300] "GET /cormun/static/prpersonalsolicitud.js?201612218544168 HTTP/1.1" 304 -
186.103.159.187 - - [14/Mar/2017:10:48:54 -0300] "GET /cormun/servlet/prcontratosol?9543879,,,,,MD,,gxPopupLevel%3D0%3B HTTP/1.1" 200 5562
192.168.10.60 - - [14/Mar/2017:10:49:02 -0300] "POST /cormun/servlet/trautorizarot?bd742192ad1077e3773d6235017d8dc6,,gx-no-cache=1489498597286 HTTP/1.1" 200 6258
186.103.158.250 - - [14/Mar/2017:10:49:05 -0300] "POST /cormun/servlet/solicitudot?gx-no-cache=1489499413161 HTTP/1.1" 200 3180
192.168.10.60 - - [14/Mar/2017:10:49:05 -0300] "POST /cormun/servlet/trautorizarot?bd742192ad1077e3773d6235017d8dc6,,gx-no-cache=1489498599568 HTTP/1.1" 200 5163
186.103.158.250 - - [14/Mar/2017:10:49:05 -0300] "POST /cormun/servlet/solicitudot?e2e93305384b47e168e45b7e88ff09e0,INS,0,0,,gx-no-cache=1489499413596 HTTP/1.1" 200 9962
186.103.158.250 - - [14/Mar/2017:10:49:11 -0300] "GET /cormun/servlet/solicitudot?d4fff27e0b469dd19646526f1472b66c56652c9753b876974b03faabe464794cab5de7c6f56eb4bbcf959a78cd70b265,gx-no-cache=1489499419683 HTTP/1.1" 200 30
186.103.158.250 - - [14/Mar/2017:10:49:11 -0300] "POST /cormun/servlet/solicitudot?gx-no-cache=1489499420161 HTTP/1.1" 200 255
192.168.10.60 - - [14/Mar/2017:10:49:12 -0300] "POST /cormun/servlet/trautorizarot?bd742192ad1077e3773d6235017d8dc6,,gx-no-cache=1489498606223 HTTP/1.1" 200 10625
186.103.158.250 - - [14/Mar/2017:10:49:12 -0300] "GET /cormun/servlet/solicitudot?d4fff27e0b469dd19646526f1472b66cbb46254dec72888158beeaef9953966da169fdc32b0c820fd4b62802fda8dd254e83b67146758d142a82ca3fdf04945add57ed57a9ab9606d4844ace5989215a993f3c1f883a924c0aca1ff5a630f7f86bd3a96c93ae5f2983d92e6ddd8435824b18510efba85fe9f5e55a278f6d8a2b81333286b75db3cfc3d0e070fe65177806ad1260846f94da89796c5692bf020cfaf62e41e00731af1e0fe59c18073057e19b9636293c984fe95cdfe23f9b33c3e822af6cc15e68aec8deaeceea484853b396b434f796e646628c5c849076856c68a5ebe7cf38e54b214ae6a1cd9f397ae63d7d709ef7e5ce47d8bf421af72384fec6ba7df8471a589c0fe5c4555cfe8af90ee31f64611d36177eccd4871e322fa671e5f4a79f748635d4402effa65e5bf67c29344cc8e1951c67d230f2a4d366dba9aeb98fa096dd5c6b6354c5a197d72b510c69353073260f771774c84561d8d4cc3e94e63171be88b4964a9d6a8e7cbc6afe153a24de9a52f15bd577dafe8f,gx-no-cache=1489499420401 HTTP/1.1" 200 30
186.103.158.250 - - [14/Mar/2017:10:49:17 -0300] "POST /cormun/servlet/solicitudot?gx-no-cache=1489499425595 HTTP/1.1" 200 30
186.103.158.250 - - [14/Mar/2017:10:49:20 -0300] "POST /cormun/servlet/solicitudot?gx-no-cache=1489499428874 HTTP/1.1" 200 235
186.103.158.250 - - [14/Mar/2017:10:49:20 -0300] "POST /cormun/servlet/solicitudot?gx-no-cache=1489499428951 HTTP/1.1" 200 38
192.168.10.60 - - [14/Mar/2017:10:49:25 -0300] "POST /cormun/servlet/trautorizarot?bd742192ad1077e3773d6235017d8dc6,,gx-no-cache=1489498620132 HTTP/1.1" 200 9886
192.168.10.60 - - [14/Mar/2017:10:49:34 -0300] "POST /cormun/servlet/trautorizarot?bd742192ad1077e3773d6235017d8dc6,,gx-no-cache=1489498628764 HTTP/1.1" 200 8901
186.103.158.250 - - [14/Mar/2017:10:49:46 -0300] "GET /cormun/servlet/solicitudot?d4fff27e0b469dd19646526f1472b66c56f649b3cfa241a77c96be1c6ce756cd5381ef8187f58de81429c07f435c95063f0967e421babcac2108d49f656c85186e08dee91923c29a3c53f60ae4eb8f7771176dafd9dc36d5ced181e24b810d6252a691ef385c9548eff3ab5cd883a9354ba51de88cbbe99361185f7a356e308fef2d13709fd477518a87460837922f93e59ab0703774ddf7ab2a2728d3477c56,gx-no-cache=1489499454955 HTTP/1.1" 200 29
186.103.158.250 - - [14/Mar/2017:10:49:46 -0300] "POST /cormun/servlet/solicitudot?gx-no-cache=1489499455017 HTTP/1.1" 200 643
186.103.158.250 - - [14/Mar/2017:10:49:46 -0300] "POST /cormun/servlet/solicitudot?gx-no-cache=1489499455068 HTTP/1.1" 200 518
186.103.158.250 - - [14/Mar/2017:10:49:54 -0300] "GET /cormun/static/menuarrow.gif HTTP/1.1" 404 1015
186.103.159.187 - - [14/Mar/2017:10:49:55 -0300] "POST /cormun/servlet/solicitudot?gx-no-cache=1489499461307 HTTP/1.1" 200 30
186.103.159.187 - - [14/Mar/2017:10:49:57 -0300] "POST /cormun/servlet/solicitudot?gx-no-cache=1489499463416 HTTP/1.1" 200 1291
186.103.159.187 - - [14/Mar/2017:10:49:57 -0300] "POST /cormun/servlet/solicitudot?gx-no-cache=1489499463679 HTTP/1.1" 200 41
186.103.159.187 - - [14/Mar/2017:10:49:57 -0300] "POST /cormun/servlet/solicitudot?gx-no-cache=1489499463715 HTTP/1.1" 200 1274
186.103.159.187 - - [14/Mar/2017:10:49:57 -0300] "POST /cormun/servlet/solicitudot?gx-no-cache=1489499463764 HTTP/1.1" 200 1157
186.103.159.187 - - [14/Mar/2017:10:49:57 -0300] "GET /cormun/servlet/solicitudot?01bf091b64388e65b2a2aeee0500ff82c171b002c9363b4d73a74b799e11be7a554fa0583a342bcf3a3b3cfa41d9ebc51056fe40854bb40ee625e1740a80f4eeabdcb183dba68710855dab990403907102bf4fc920efe68a8aa7f13c7fe346ab2d5de762b857a0f683a26f1c511529768fbadbc326b91e98956444ce6e05e7fb84d06840f8bbfed2f0600d6c9a95aa99824466af8480bb71bb6e7f13932c9772884ea6920885d01aef384e3985c01833173470670ffa75d850eac871bc1fada7,gx-no-cache=1489499463817 HTTP/1.1" 200 32
186.103.159.187 - - [14/Mar/2017:10:49:57 -0300] "POST /cormun/servlet/solicitudot?ebcc730e546388a23c876c2f484606b2,INS,0,0,,gx-no-cache=1489499463857 HTTP/1.1" 200 11267
186.103.158.250 - - [14/Mar/2017:10:50:05 -0300] "GET /cormun/servlet/solicitudot?d4fff27e0b469dd19646526f1472b66c6f035f221d3890baf606925948259fec7c5825763344a53b74641856f7dd900562a72fce4b96251bf411c0ca152a0213477e0f1e59d755ee8c8fef00c7c2d067225663d2c429a39a022dc9c061ebd39249250ac0fedf2c5133db7c41cfd3f90d1ccfa55b14aa7ca6662f0753a09be8d12dfdd864027c1f58dd0c5277ef14a7614368ba778b54cfe164f2f30ddca2aeaf9a14a0fbe961b3e9f63f65fe4a934bc8,gx-no-cache=1489499474026 HTTP/1.1" 200 30
192.168.10.60 - - [14/Mar/2017:10:50:07 -0300] "POST /cormun/servlet/trautorizarot?bd742192ad1077e3773d6235017d8dc6,,gx-no-cache=1489498661925 HTTP/1.1" 200 8220
186.103.159.187 - - [14/Mar/2017:10:50:08 -0300] "GET /cormun/servlet/solicitudot?01bf091b64388e65b2a2aeee0500ff82c171b002c9363b4d73a74b799e11be7a554fa0583a342bcf3a3b3cfa41d9ebc5d5f3451275e970ad606861af3df6e935abdcb183dba68710855dab990403907102bf4fc920efe68a8aa7f13c7fe346ab2d5de762b857a0f683a26f1c511529768fbadbc326b91e98956444ce6e05e7fb84d06840f8bbfed2f0600d6c9a95aa99824466af8480bb71bb6e7f13932c9772884ea6920885d01aef384e3985c01833c67ec1f8bb14211e3768b1cde956bdf1,gx-no-cache=1489499475045 HTTP/1.1" 200 32
186.103.159.187 - - [14/Mar/2017:10:50:09 -0300] "POST /cormun/servlet/solicitudot?ebcc730e546388a23c876c2f484606b2,INS,0,0,,gx-no-cache=1489499475086 HTTP/1.1" 200 11311
186.103.159.187 - - [14/Mar/2017:10:50:15 -0300] "GET /cormun/servlet/solicitudot?01bf091b64388e65b2a2aeee0500ff82c171b002c9363b4d73a74b799e11be7a554fa0583a342bcf3a3b3cfa41d9ebc5d5f3451275e970ad606861af3df6e935abdcb183dba68710855dab990403907102bf4fc920efe68a8aa7f13c7fe346ab2d5de762b857a0f683a26f1c511529768fbadbc326b91e98956444ce6e05e7fb84d06840f8bbfed2f0600d6c9a95aa99824466af8480bb71bb6e7f13932c9772884ea6920885d01aef384e3985c01833c67ec1f8bb14211e3768b1cde956bdf1,gx-no-cache=1489499482057 HTTP/1.1" 200 32
186.103.159.187 - - [14/Mar/2017:10:50:16 -0300] "POST /cormun/servlet/solicitudot?ebcc730e546388a23c876c2f484606b2,INS,0,0,,gx-no-cache=1489499482104 HTTP/1.1" 200 11352
192.168.10.60 - - [14/Mar/2017:10:50:21 -0300] "POST /cormun/servlet/trautorizarot?bd742192ad1077e3773d6235017d8dc6,,gx-no-cache=1489498675524 HTTP/1.1" 200 7537
186.103.159.187 - - [14/Mar/2017:10:50:28 -0300] "POST /cormun/servlet/solicitudot?gx-no-cache=1489499494939 HTTP/1.1" 200 30
186.103.158.250 - - [14/Mar/2017:10:50:29 -0300] "POST /cormun/servlet/solicitudot?gx-no-cache=1489499497617 HTTP/1.1" 200 1157
186.103.159.187 - - [14/Mar/2017:10:50:32 -0300] "GET /cormun/servlet/prcontratosol?9543879,,,,,MD,,gxPopupLevel%3D0%3B HTTP/1.1" 200 5562
192.168.10.60 - - [14/Mar/2017:10:50:33 -0300] "POST /cormun/servlet/trautorizarot?bd742192ad1077e3773d6235017d8dc6,,gx-no-cache=1489498688104 HTTP/1.1" 200 6676
186.103.158.250 - - [14/Mar/2017:10:50:47 -0300] "GET /cormun/servlet/solicitudot?d4fff27e0b469dd19646526f1472b66c6f035f221d3890baf606925948259fec7c5825763344a53b74641856f7dd900562a72fce4b96251bf411c0ca152a0213477e0f1e59d755ee8c8fef00c7c2d067225663d2c429a39a022dc9c061ebd39249250ac0fedf2c5133db7c41cfd3f90d1ccfa55b14aa7ca6662f0753a09be8d12dfdd864027c1f58dd0c5277ef14a7614368ba778b54cfe164f2f30ddca2aeaf9a14a0fbe961b3e9f63f65fe4a934bc8,gx-no-cache=1489499516002 HTTP/1.1" 200 30
192.168.10.60 - - [14/Mar/2017:10:50:49 -0300] "POST /cormun/servlet/trautorizarot?bd742192ad1077e3773d6235017d8dc6,,gx-no-cache=1489498703577 HTTP/1.1" 200 5160
186.103.159.187 - - [14/Mar/2017:10:50:55 -0300] "POST /cormun/servlet/solicitudot?gx-no-cache=1489499521528 HTTP/1.1" 200 1291
186.103.159.187 - - [14/Mar/2017:10:50:55 -0300] "POST /cormun/servlet/solicitudot?gx-no-cache=1489499521653 HTTP/1.1" 200 41
186.103.159.187 - - [14/Mar/2017:10:50:55 -0300] "POST /cormun/servlet/solicitudot?gx-no-cache=1489499521694 HTTP/1.1" 200 1274
192.168.10.60 - - [14/Mar/2017:10:50:55 -0300] "POST /cormun/servlet/trautorizarot?bd742192ad1077e3773d6235017d8dc6,,gx-no-cache=1489498709969 HTTP/1.1" 200 4998
186.103.159.187 - - [14/Mar/2017:10:50:55 -0300] "POST /cormun/servlet/solicitudot?gx-no-cache=1489499521747 HTTP/1.1" 200 1157
186.103.159.187 - - [14/Mar/2017:10:50:57 -0300] "GET /cormun/servlet/prsolicitudot?9543879,,,,,MD,,gxPopupLevel%3D0%3B HTTP/1.1" 200 5996
192.168.10.60 - - [14/Mar/2017:10:51:00 -0300] "POST /cormun/servlet/trautorizarot?bd742192ad1077e3773d6235017d8dc6,,gx-no-cache=1489498714499 HTTP/1.1" 200 4999
186.103.159.187 - - [14/Mar/2017:10:51:07 -0300] "POST /cormun/servlet/solicitudot?gx-no-cache=1489499533717 HTTP/1.1" 200 1274
186.103.159.187 - - [14/Mar/2017:10:51:07 -0300] "POST /cormun/servlet/solicitudot?gx-no-cache=1489499533766 HTTP/1.1" 200 1157
186.103.159.187 - - [14/Mar/2017:10:51:09 -0300] "GET /cormun/servlet/solicitudot?01bf091b64388e65b2a2aeee0500ff82c171b002c9363b4d73a74b799e11be7ac7b13d9dcfd80ffa1fd2124b06df62641056fe40854bb40ee625e1740a80f4eeabdcb183dba68710855dab990403907102bf4fc920efe68a8aa7f13c7fe346ab2d5de762b857a0f683a26f1c511529768fbadbc326b91e98956444ce6e05e7fb84d06840f8bbfed2f0600d6c9a95aa99824466af8480bb71bb6e7f13932c9772884ea6920885d01aef384e3985c01833173470670ffa75d850eac871bc1fada7,gx-no-cache=1489499535796 HTTP/1.1" 200 32
186.103.158.250 - - [14/Mar/2017:10:51:09 -0300] "POST /cormun/servlet/solicitudot?e2e93305384b47e168e45b7e88ff09e0,INS,0,0,,gx-no-cache=1489499537974 HTTP/1.1" 200 93
186.103.159.187 - - [14/Mar/2017:10:51:09 -0300] "POST /cormun/servlet/solicitudot?ebcc730e546388a23c876c2f484606b2,INS,0,0,,gx-no-cache=1489499535835 HTTP/1.1" 200 11366
186.103.158.250 - - [14/Mar/2017:10:51:09 -0300] "GET /cormun/servlet/hpexe_return? HTTP/1.1" 200 1002
186.103.158.250 - - [14/Mar/2017:10:51:10 -0300] "GET /cormun/servlet/trsolicitudot HTTP/1.1" 200 8594
192.168.10.62 - - [14/Mar/2017:10:51:11 -0300] "GET /cormun/servlet/hlogin HTTP/1.1" 200 1742
186.103.158.250 - - [14/Mar/2017:10:51:11 -0300] "GET /cormun/servlet/trsolicitudot HTTP/1.1" 200 8590
186.103.158.250 - - [14/Mar/2017:10:51:19 -0300] "POST /cormun/servlet/trsolicitudot?e2e93305384b47e168e45b7e88ff09e0,gx-no-cache=1489499547689 HTTP/1.1" 200 107
186.103.158.250 - - [14/Mar/2017:10:51:19 -0300] "GET /cormun/servlet/trsolicitudadjuntos?2017,5488, HTTP/1.1" 200 6034
186.103.158.250 - - [14/Mar/2017:10:51:20 -0300] "GET /cormun/servlet/trsolicitudadjuntos?2017,5488, HTTP/1.1" 200 6034
186.103.158.250 - - [14/Mar/2017:10:51:22 -0300] "GET /cormun/servlet/solicitudotadjuntos?INS,2017,5488,,1, HTTP/1.1" 200 5968
186.103.158.250 - - [14/Mar/2017:10:51:23 -0300] "GET /cormun/static/about:blank HTTP/1.1" 404 1011
186.103.158.250 - - [14/Mar/2017:10:51:24 -0300] "GET /cormun/servlet/solicitudotadjuntos?INS,2017,5488,,1, HTTP/1.1" 200 5961
186.103.158.250 - - [14/Mar/2017:10:51:24 -0300] "GET /cormun/servlet/solicitudotadjuntos?d4fff27e0b469dd19646526f1472b66cf5182d11ffa56f3faa929fc892574ee66d228f9f40b01d9cdb76e2bfdc14d9c3,gx-no-cache=1489499553001 HTTP/1.1" 200 30
186.103.158.250 - - [14/Mar/2017:10:51:25 -0300] "POST /cormun/servlet/solicitudotadjuntos?e2e93305384b47e168e45b7e88ff09e0,INS,2017,5488,,1,,gx-no-cache=1489499553123 HTTP/1.1" 200 3857
186.103.159.187 - - [14/Mar/2017:10:51:25 -0300] "GET /cormun/servlet/solicitudot?01bf091b64388e65b2a2aeee0500ff82c171b002c9363b4d73a74b799e11be7ac7b13d9dcfd80ffa1fd2124b06df6264d5f3451275e970ad606861af3df6e935abdcb183dba68710855dab990403907102bf4fc920efe68a8aa7f13c7fe346ab2d5de762b857a0f683a26f1c511529768fbadbc326b91e98956444ce6e05e7fb84d06840f8bbfed2f0600d6c9a95aa99824466af8480bb71bb6e7f13932c9772884ea6920885d01aef384e3985c01833a914bb29ca76355918285a5918f16cc3,gx-no-cache=1489499552012 HTTP/1.1" 200 32
186.103.159.187 - - [14/Mar/2017:10:51:26 -0300] "POST /cormun/servlet/solicitudot?ebcc730e546388a23c876c2f484606b2,INS,0,0,,gx-no-cache=1489499552089 HTTP/1.1" 200 93
186.103.159.187 - - [14/Mar/2017:10:51:26 -0300] "GET /cormun/servlet/hpexe_return? HTTP/1.1" 200 1009
186.103.159.187 - - [14/Mar/2017:10:51:26 -0300] "GET /cormun/servlet/trsolicitudot HTTP/1.1" 200 8537
186.103.159.187 - - [14/Mar/2017:10:51:28 -0300] "GET /cormun/servlet/trsolicitudot HTTP/1.1" 200 8533
186.103.158.250 - - [14/Mar/2017:10:51:30 -0300] "POST /cormun/servlet/solicitudotadjuntos?gx-no-cache=1489499558668 HTTP/1.1" 200 26
186.103.159.187 - - [14/Mar/2017:10:51:36 -0300] "POST /cormun/servlet/trsolicitudot?ebcc730e546388a23c876c2f484606b2,gx-no-cache=1489499562935 HTTP/1.1" 200 5256
186.103.159.187 - - [14/Mar/2017:10:51:37 -0300] "GET /cormun/static/Shared/jqueryui/images/ui-bg_highlight-soft_100_c6c2c8_1x100.png HTTP/1.1" 404 1117
186.103.159.187 - - [14/Mar/2017:10:51:37 -0300] "GET /cormun/static/Shared/jqueryui/images/ui-icons_82798d_256x240.png HTTP/1.1" 404 1089
186.103.159.187 - - [14/Mar/2017:10:51:37 -0300] "GET /cormun/static/Shared/jqueryui/images/ui-bg_flat_55_fafafa_40x100.png HTTP/1.1" 404 1097
186.103.159.187 - - [14/Mar/2017:10:51:37 -0300] "GET /cormun/static/Shared/jqueryui/images/ui-icons_8d78a5_256x240.png HTTP/1.1" 404 1089
186.103.159.187 - - [14/Mar/2017:10:51:37 -0300] "POST /cormun/servlet/trsolicitudot?ebcc730e546388a23c876c2f484606b2,gx-no-cache=1489499563261 HTTP/1.1" 200 5196
186.103.159.187 - - [14/Mar/2017:10:51:43 -0300] "GET /cormun/servlet/solicitudot?INS,0,0, HTTP/1.1" 200 12548
186.103.159.187 - - [14/Mar/2017:10:51:44 -0300] "GET /cormun/servlet/solicitudot?INS,0,0, HTTP/1.1" 200 12553
186.103.158.250 - - [14/Mar/2017:10:51:45 -0300] "GET /cormun/servlet/solicitudotadjuntos?d4fff27e0b469dd19646526f1472b66cf62960a38a16cd4e0ca4955d716d3a66,gx-no-cache=1489499573972 HTTP/1.1" 200 30
186.103.158.250 - - [14/Mar/2017:10:51:45 -0300] "GET /cormun/servlet/solicitudotadjuntos?d4fff27e0b469dd19646526f1472b66cf62960a38a16cd4e0ca4955d716d3a66,gx-no-cache=1489499574001 HTTP/1.1" 200 30
186.103.158.250 - - [14/Mar/2017:10:51:46 -0300] "POST /cormun/servlet/solicitudotadjuntos?e2e93305384b47e168e45b7e88ff09e0,INS,2017,5488,,1, HTTP/1.1" 200 116
186.103.158.250 - - [14/Mar/2017:10:51:46 -0300] "GET /cormun/servlet/hpexe_return? HTTP/1.1" 200 1019
186.103.158.250 - - [14/Mar/2017:10:51:46 -0300] "GET /cormun/servlet/trsolicitudadjuntos?2017,5488, HTTP/1.1" 200 8147
186.103.158.250 - - [14/Mar/2017:10:51:47 -0300] "GET /cormun/servlet/trsolicitudadjuntos?2017,5488, HTTP/1.1" 200 8141
186.103.158.250 - - [14/Mar/2017:10:51:51 -0300] "GET /cormun/servlet/solicitudotadjuntos?INS,2017,5488,,1, HTTP/1.1" 200 5968
186.103.158.250 - - [14/Mar/2017:10:51:52 -0300] "GET /cormun/static/about:blank HTTP/1.1" 404 1011
186.103.158.250 - - [14/Mar/2017:10:51:53 -0300] "GET /cormun/servlet/solicitudotadjuntos?INS,2017,5488,,1, HTTP/1.1" 200 5961
186.103.158.250 - - [14/Mar/2017:10:51:53 -0300] "GET /cormun/servlet/solicitudotadjuntos?d4fff27e0b469dd19646526f1472b66cf5182d11ffa56f3faa929fc892574ee66d228f9f40b01d9cdb76e2bfdc14d9c3,gx-no-cache=1489499581927 HTTP/1.1" 200 30
186.103.158.250 - - [14/Mar/2017:10:51:53 -0300] "POST /cormun/servlet/solicitudotadjuntos?e2e93305384b47e168e45b7e88ff09e0,INS,2017,5488,,1,,gx-no-cache=1489499582010 HTTP/1.1" 200 3857
186.103.159.187 - - [14/Mar/2017:10:51:55 -0300] "POST /cormun/servlet/solicitudot?gx-no-cache=1489499581033 HTTP/1.1" 200 3177
186.103.159.187 - - [14/Mar/2017:10:51:55 -0300] "POST /cormun/servlet/solicitudot?ebcc730e546388a23c876c2f484606b2,INS,0,0,,gx-no-cache=1489499581219 HTTP/1.1" 200 9776
186.103.159.187 - - [14/Mar/2017:10:51:57 -0300] "GET /cormun/servlet/solicitudot?01bf091b64388e65b2a2aeee0500ff824517c3013f5a588d189762f4effdaaf9fb314945d4d774879e454594b139773a,gx-no-cache=1489499583881 HTTP/1.1" 200 30
186.103.159.187 - - [14/Mar/2017:10:51:57 -0300] "POST /cormun/servlet/solicitudot?gx-no-cache=1489499583928 HTTP/1.1" 200 255
186.103.159.187 - - [14/Mar/2017:10:51:57 -0300] "GET /cormun/servlet/solicitudot?01bf091b64388e65b2a2aeee0500ff827c7c47736860be9143c6c6baedd099d5556931731f566d641efe9c2d09988c1180b5b7e9388f2c2bd6a347fdccb49627d33dc94f7b8dd0a51ad7e497266fe20d72bd917aab6f9daeaad4a7ca65da33eb9c44acc89015c87a5e435d13fdab6f5f401fb1d55f1e6a10cfcebbdcb21c94e835c43731b71603f162917f201ba328f6d1013f8b0b7edc6d43a800f6477c464bbeb49d2271674ec42bb68435877a6fba171ff2d926ab53f9e6438de7386b1dea22191c93305c5604632eaa7c250cf97b9a2a21530f6fa9e6317abeebc555ce23530bb003154bc8041a16ab4c0a111aea80868aee8beb87baf0d6b7c09e17bb7902bf4fc920efe68a8aa7f13c7fe346abd838026d7cd33ec2cef77b958592fab5944e7b08dccd1cec972862cb441e5428b1aaa4d1becbed0f22ba90cd6f78905f9a60078030c0bf86d76739ec9cd053547869f8108cdf99e9c5b66c0b49c3b1ef092349b8a60b7b568f68e5dca976aba04f80333bbf0840c68ad46b5dd5c2a8d2,gx-no-cache=1489499583981 HTTP/1.1" 200 30
186.103.159.187 - - [14/Mar/2017:10:52:00 -0300] "POST /cormun/servlet/solicitudot?gx-no-cache=1489499586140 HTTP/1.1" 200 30
186.103.159.187 - - [14/Mar/2017:10:52:02 -0300] "GET /cormun/servlet/prcontratosol?8448797,,,,,MD,,gxPopupLevel%3D0%3B HTTP/1.1" 200 5892
186.103.159.187 - - [14/Mar/2017:10:52:05 -0300] "POST /cormun/servlet/solicitudot?gx-no-cache=1489499591101 HTTP/1.1" 200 1372
186.103.159.187 - - [14/Mar/2017:10:52:05 -0300] "GET /cormun/static/Shared/jqueryui/images/ui-bg_highlight-soft_100_c6c2c8_1x100.png HTTP/1.1" 404 1117
186.103.159.187 - - [14/Mar/2017:10:52:05 -0300] "GET /cormun/static/Shared/jqueryui/images/ui-icons_82798d_256x240.png HTTP/1.1" 404 1089
186.103.159.187 - - [14/Mar/2017:10:52:05 -0300] "GET /cormun/static/Shared/jqueryui/images/ui-bg_flat_55_994d53_40x100.png HTTP/1.1" 404 1097
186.103.159.187 - - [14/Mar/2017:10:52:05 -0300] "POST /cormun/servlet/solicitudot?gx-no-cache=1489499591243 HTTP/1.1" 200 117
186.103.159.187 - - [14/Mar/2017:10:52:05 -0300] "GET /cormun/static/Shared/jqueryui/images/ui-icons_ebccce_256x240.png HTTP/1.1" 404 1089
186.103.159.187 - - [14/Mar/2017:10:52:05 -0300] "GET /cormun/servlet/solicitudot?01bf091b64388e65b2a2aeee0500ff8283753238783c58d7cf1b4fce629873491cb0a4a78b286b81dfeb6ebd65bd784e6946128badb8d6e51a81d9957f819fa66c3c6f898ad5584e4235ae197c86bce89c07f4db9bd1cb0262a65f255d0fe6ca29e4d576faa0d1babe270a98f24c2df1a67cf7786a7375422eef4f9124370c0d74962f4e9bd1457ca11246d86148ea9871d250fed79bc68ad837900693d75add,gx-no-cache=1489499591314 HTTP/1.1" 200 29
186.103.159.187 - - [14/Mar/2017:10:52:05 -0300] "GET /cormun/servlet/solicitudot?01bf091b64388e65b2a2aeee0500ff82d5dc509014a496b391d8ea3bae27050cffa1f0d8040ce047ca6628c366951bd827ad5bacdaf7fcc628d21e8e601fba1589eac101f9aaf33e97bbb070456e3d4e10834c5def9afdb2000a13d2374fd77f16fd08f6fb44c06b9792a582c239960dde073dc9c79392a7f9947b75ef18042c8adae9cf1024c897be4af41b938bcf3f014381a0196dbdfac02211caaa2d32a2,gx-no-cache=1489499591360 HTTP/1.1" 200 57
186.103.159.187 - - [14/Mar/2017:10:52:05 -0300] "GET /cormun/servlet/solicitudot?01bf091b64388e65b2a2aeee0500ff8232edfa7817271b0a5b38493ba022bfe3ffa1f0d8040ce047ca6628c366951bd827ad5bacdaf7fcc628d21e8e601fba15b5c1042b9d3cd42a4bdf232d246072cacc7e00874977ac4822c2a0ce44a5def5d094198e5dc085a12c7bfc5b93a5521b0d37ebbe8a9c8a8d878c5cf5dbdc2a50,gx-no-cache=1489499591405 HTTP/1.1" 200 57
186.103.158.250 - - [14/Mar/2017:10:52:07 -0300] "POST /cormun/servlet/solicitudotadjuntos?gx-no-cache=1489499596343 HTTP/1.1" 200 26
186.103.158.250 - - [14/Mar/2017:10:52:13 -0300] "POST /cormun/servlet/solicitudotadjuntos?gx-no-cache=1489499601465 HTTP/1.1" 200 26
186.103.158.250 - - [14/Mar/2017:10:52:19 -0300] "GET /cormun/servlet/solicitudotadjuntos?d4fff27e0b469dd19646526f1472b66cf62960a38a16cd4e0ca4955d716d3a66,gx-no-cache=1489499608288 HTTP/1.1" 200 30
186.103.158.250 - - [14/Mar/2017:10:52:19 -0300] "GET /cormun/servlet/solicitudotadjuntos?d4fff27e0b469dd19646526f1472b66cf62960a38a16cd4e0ca4955d716d3a66,gx-no-cache=1489499608334 HTTP/1.1" 200 30
186.103.158.250 - - [14/Mar/2017:10:52:20 -0300] "POST /cormun/servlet/solicitudotadjuntos?e2e93305384b47e168e45b7e88ff09e0,INS,2017,5488,,1, HTTP/1.1" 200 116
186.103.158.250 - - [14/Mar/2017:10:52:20 -0300] "GET /cormun/servlet/hpexe_return? HTTP/1.1" 200 1019
186.103.158.250 - - [14/Mar/2017:10:52:20 -0300] "GET /cormun/servlet/trsolicitudadjuntos?2017,5488, HTTP/1.1" 200 8353
186.103.158.250 - - [14/Mar/2017:10:52:21 -0300] "GET /cormun/servlet/trsolicitudadjuntos?2017,5488, HTTP/1.1" 200 8352
186.103.158.250 - - [14/Mar/2017:10:52:24 -0300] "GET /cormun/servlet/solicitudotadjuntos?INS,2017,5488,,1, HTTP/1.1" 200 5968
186.103.158.250 - - [14/Mar/2017:10:52:24 -0300] "GET /cormun/static/about:blank HTTP/1.1" 404 1011
186.103.158.250 - - [14/Mar/2017:10:52:25 -0300] "GET /cormun/servlet/solicitudotadjuntos?INS,2017,5488,,1, HTTP/1.1" 200 5961
186.103.158.250 - - [14/Mar/2017:10:52:26 -0300] "GET /cormun/servlet/solicitudotadjuntos?d4fff27e0b469dd19646526f1472b66cf5182d11ffa56f3faa929fc892574ee66d228f9f40b01d9cdb76e2bfdc14d9c3,gx-no-cache=1489499614687 HTTP/1.1" 200 30
186.103.158.250 - - [14/Mar/2017:10:52:26 -0300] "POST /cormun/servlet/solicitudotadjuntos?e2e93305384b47e168e45b7e88ff09e0,INS,2017,5488,,1,,gx-no-cache=1489499614731 HTTP/1.1" 200 3856
186.103.159.187 - - [14/Mar/2017:10:52:27 -0300] "GET /cormun/servlet/prfichaempleado?,MD,,gxPopupLevel%3D0%3B HTTP/1.1" 200 8783
186.103.158.250 - - [14/Mar/2017:10:52:29 -0300] "POST /cormun/servlet/solicitudotadjuntos?gx-no-cache=1489499618169 HTTP/1.1" 200 26
186.103.158.250 - - [14/Mar/2017:10:52:40 -0300] "GET /cormun/servlet/solicitudotadjuntos?d4fff27e0b469dd19646526f1472b66cf62960a38a16cd4e0ca4955d716d3a66,gx-no-cache=1489499628660 HTTP/1.1" 200 30
186.103.158.250 - - [14/Mar/2017:10:52:40 -0300] "GET /cormun/servlet/solicitudotadjuntos?d4fff27e0b469dd19646526f1472b66cf62960a38a16cd4e0ca4955d716d3a66,gx-no-cache=1489499628743 HTTP/1.1" 200 30
186.103.158.250 - - [14/Mar/2017:10:52:40 -0300] "POST /cormun/servlet/solicitudotadjuntos?e2e93305384b47e168e45b7e88ff09e0,INS,2017,5488,,1, HTTP/1.1" 200 116
186.103.158.250 - - [14/Mar/2017:10:52:40 -0300] "GET /cormun/servlet/hpexe_return? HTTP/1.1" 200 1019
186.103.158.250 - - [14/Mar/2017:10:52:41 -0300] "GET /cormun/servlet/trsolicitudadjuntos?2017,5488, HTTP/1.1" 200 8511
186.103.159.187 - - [14/Mar/2017:10:52:42 -0300] "POST /cormun/servlet/prfichaempleado?ebcc730e546388a23c876c2f484606b2,,MD,,gxPopupLevel%3D0%3B,gx-no-cache=1489499627927 HTTP/1.1" 200 3395
186.103.158.250 - - [14/Mar/2017:10:52:42 -0300] "GET /cormun/servlet/trsolicitudadjuntos?2017,5488, HTTP/1.1" 200 8507
186.103.159.187 - - [14/Mar/2017:10:52:45 -0300] "POST /cormun/servlet/solicitudot?gx-no-cache=1489499631836 HTTP/1.1" 200 1291
186.103.159.187 - - [14/Mar/2017:10:52:45 -0300] "GET /cormun/static/menuarrow.gif HTTP/1.1" 404 1015
186.103.158.250 - - [14/Mar/2017:10:52:46 -0300] "GET /cormun/servlet/solicitudotadjuntos?INS,2017,5488,,1, HTTP/1.1" 200 5968
186.103.158.250 - - [14/Mar/2017:10:52:46 -0300] "GET /cormun/static/about:blank HTTP/1.1" 404 1011
186.103.158.250 - - [14/Mar/2017:10:52:47 -0300] "GET /cormun/servlet/solicitudotadjuntos?INS,2017,5488,,1, HTTP/1.1" 200 5961
186.103.158.250 - - [14/Mar/2017:10:52:47 -0300] "GET /cormun/servlet/solicitudotadjuntos?d4fff27e0b469dd19646526f1472b66cf5182d11ffa56f3faa929fc892574ee66d228f9f40b01d9cdb76e2bfdc14d9c3,gx-no-cache=1489499636017 HTTP/1.1" 200 30
186.103.158.250 - - [14/Mar/2017:10:52:47 -0300] "POST /cormun/servlet/solicitudotadjuntos?e2e93305384b47e168e45b7e88ff09e0,INS,2017,5488,,1,,gx-no-cache=1489499636083 HTTP/1.1" 200 3856
186.103.159.187 - - [14/Mar/2017:10:52:51 -0300] "POST /cormun/servlet/solicitudot?gx-no-cache=1489499637251 HTTP/1.1" 200 41
186.103.158.250 - - [14/Mar/2017:10:52:51 -0300] "POST /cormun/servlet/solicitudotadjuntos?gx-no-cache=1489499639746 HTTP/1.1" 200 26
186.103.159.187 - - [14/Mar/2017:10:52:56 -0300] "POST /cormun/servlet/solicitudot?gx-no-cache=1489499642858 HTTP/1.1" 200 1274
186.103.159.187 - - [14/Mar/2017:10:52:56 -0300] "POST /cormun/servlet/solicitudot?gx-no-cache=1489499642964 HTTP/1.1" 200 1157
186.103.159.187 - - [14/Mar/2017:10:52:58 -0300] "POST /cormun/servlet/solicitudot?gx-no-cache=1489499644658 HTTP/1.1" 200 1274
186.103.159.187 - - [14/Mar/2017:10:52:58 -0300] "POST /cormun/servlet/solicitudot?gx-no-cache=1489499644737 HTTP/1.1" 200 1157
186.103.159.187 - - [14/Mar/2017:10:52:59 -0300] "GET /cormun/servlet/solicitudot?01bf091b64388e65b2a2aeee0500ff8279f0506ca0c4ad9ef1095c6d841611ff1e444d7000cc7ed35051e401b5027ec3d5f3451275e970ad606861af3df6e935abdcb183dba68710855dab990403907102bf4fc920efe68a8aa7f13c7fe346ab2d5de762b857a0f683a26f1c511529768fbadbc326b91e98956444ce6e05e7fb84d06840f8bbfed2f0600d6c9a95aa99824466af8480bb71bb6e7f13932c9772884ea6920885d01aef384e3985c01833b796423a2dddfc8d800ae0b056ed83b6,gx-no-cache=1489499645818 HTTP/1.1" 200 30
186.103.158.250 - - [14/Mar/2017:10:53:01 -0300] "GET /cormun/servlet/solicitudotadjuntos?d4fff27e0b469dd19646526f1472b66cf62960a38a16cd4e0ca4955d716d3a66,gx-no-cache=1489499650025 HTTP/1.1" 200 30
186.103.158.250 - - [14/Mar/2017:10:53:01 -0300] "GET /cormun/servlet/solicitudotadjuntos?d4fff27e0b469dd19646526f1472b66cf62960a38a16cd4e0ca4955d716d3a66,gx-no-cache=1489499650076 HTTP/1.1" 200 30
186.103.158.250 - - [14/Mar/2017:10:53:03 -0300] "POST /cormun/servlet/solicitudotadjuntos?e2e93305384b47e168e45b7e88ff09e0,INS,2017,5488,,1, HTTP/1.1" 200 116
186.103.158.250 - - [14/Mar/2017:10:53:03 -0300] "GET /cormun/servlet/hpexe_return? HTTP/1.1" 200 1019
186.103.158.250 - - [14/Mar/2017:10:53:04 -0300] "GET /cormun/servlet/trsolicitudadjuntos?2017,5488, HTTP/1.1" 200 8636
186.103.159.187 - - [14/Mar/2017:10:53:05 -0300] "POST /cormun/servlet/solicitudot?ebcc730e546388a23c876c2f484606b2,INS,0,0,,gx-no-cache=1489499651133 HTTP/1.1" 200 93
186.103.159.187 - - [14/Mar/2017:10:53:05 -0300] "GET /cormun/servlet/hpexe_return? HTTP/1.1" 200 1030
186.103.158.250 - - [14/Mar/2017:10:53:05 -0300] "GET /cormun/servlet/trsolicitudadjuntos?2017,5488, HTTP/1.1" 200 8635
186.103.159.187 - - [14/Mar/2017:10:53:05 -0300] "GET /cormun/servlet/trsolicitudot?gx-no-cache=1489499563261 HTTP/1.1" 200 8527
186.103.159.187 - - [14/Mar/2017:10:53:07 -0300] "GET /cormun/servlet/trsolicitudot?gx-no-cache=1489499563261 HTTP/1.1" 200 8544
186.103.158.250 - - [14/Mar/2017:10:53:09 -0300] "GET /cormun/servlet/solicitudotadjuntos?INS,2017,5488,,1, HTTP/1.1" 200 5968
186.103.158.250 - - [14/Mar/2017:10:53:09 -0300] "GET /cormun/static/about:blank HTTP/1.1" 404 1011
186.103.158.250 - - [14/Mar/2017:10:53:10 -0300] "GET /cormun/servlet/solicitudotadjuntos?INS,2017,5488,,1, HTTP/1.1" 200 5961
186.103.158.250 - - [14/Mar/2017:10:53:10 -0300] "GET /cormun/servlet/solicitudotadjuntos?d4fff27e0b469dd19646526f1472b66cf5182d11ffa56f3faa929fc892574ee66d228f9f40b01d9cdb76e2bfdc14d9c3,gx-no-cache=1489499659105 HTTP/1.1" 200 30
186.103.158.250 - - [14/Mar/2017:10:53:10 -0300] "POST /cormun/servlet/solicitudotadjuntos?e2e93305384b47e168e45b7e88ff09e0,INS,2017,5488,,1,,gx-no-cache=1489499659178 HTTP/1.1" 200 3856
186.103.158.250 - - [14/Mar/2017:10:53:17 -0300] "POST /cormun/servlet/solicitudotadjuntos?gx-no-cache=1489499665632 HTTP/1.1" 200 26
186.103.158.250 - - [14/Mar/2017:10:53:18 -0300] "GET /cormun/servlet/solicitudotadjuntos?d4fff27e0b469dd19646526f1472b66cf62960a38a16cd4e0ca4955d716d3a66,gx-no-cache=1489499666834 HTTP/1.1" 200 30
186.103.158.250 - - [14/Mar/2017:10:53:18 -0300] "GET /cormun/servlet/solicitudotadjuntos?d4fff27e0b469dd19646526f1472b66cf62960a38a16cd4e0ca4955d716d3a66,gx-no-cache=1489499666917 HTTP/1.1" 200 30
186.103.158.250 - - [14/Mar/2017:10:53:18 -0300] "POST /cormun/servlet/solicitudotadjuntos?e2e93305384b47e168e45b7e88ff09e0,INS,2017,5488,,1,,gx-no-cache=1489499666995 HTTP/1.1" 200 93
186.103.158.250 - - [14/Mar/2017:10:53:18 -0300] "GET /cormun/servlet/hpexe_return? HTTP/1.1" 200 1019
186.103.158.250 - - [14/Mar/2017:10:53:19 -0300] "GET /cormun/servlet/trsolicitudadjuntos?2017,5488, HTTP/1.1" 200 8766
186.103.159.187 - - [14/Mar/2017:10:53:19 -0300] "POST /cormun/servlet/trsolicitudot?ebcc730e546388a23c876c2f484606b2,gx-no-cache=1489499563261,gx-no-cache=1489499665208 HTTP/1.1" 200 5256
186.103.159.187 - - [14/Mar/2017:10:53:19 -0300] "GET /cormun/static/Shared/jqueryui/images/ui-bg_highlight-soft_100_c6c2c8_1x100.png HTTP/1.1" 404 1117
186.103.159.187 - - [14/Mar/2017:10:53:19 -0300] "GET /cormun/static/Shared/jqueryui/images/ui-icons_82798d_256x240.png HTTP/1.1" 404 1089
186.103.159.187 - - [14/Mar/2017:10:53:19 -0300] "GET /cormun/static/Shared/jqueryui/images/ui-bg_flat_55_fafafa_40x100.png HTTP/1.1" 404 1097
186.103.159.187 - - [14/Mar/2017:10:53:19 -0300] "GET /cormun/static/Shared/jqueryui/images/ui-icons_8d78a5_256x240.png HTTP/1.1" 404 1089
186.103.159.187 - - [14/Mar/2017:10:53:19 -0300] "POST /cormun/servlet/trsolicitudot?ebcc730e546388a23c876c2f484606b2,gx-no-cache=1489499563261,gx-no-cache=1489499665570 HTTP/1.1" 200 5196
186.103.158.250 - - [14/Mar/2017:10:53:20 -0300] "GET /cormun/servlet/trsolicitudadjuntos?2017,5488, HTTP/1.1" 200 8765
186.103.159.187 - - [14/Mar/2017:10:53:21 -0300] "GET /cormun/servlet/solicitudot?INS,0,0, HTTP/1.1" 200 12570
186.103.159.187 - - [14/Mar/2017:10:53:22 -0300] "GET /cormun/servlet/solicitudot?INS,0,0, HTTP/1.1" 200 12553
186.103.158.250 - - [14/Mar/2017:10:53:23 -0300] "GET /cormun/servlet/solicitudotadjuntos?DLT,2017,5488,CV,0, HTTP/1.1" 200 5861
186.103.158.250 - - [14/Mar/2017:10:53:23 -0300] "GET /cormun/static/about:blank HTTP/1.1" 404 1011
186.103.158.250 - - [14/Mar/2017:10:53:24 -0300] "GET /cormun/static/Shared/jqueryui/images/ui-bg_highlight-soft_100_c6c2c8_1x100.png HTTP/1.1" 404 1117
186.103.158.250 - - [14/Mar/2017:10:53:24 -0300] "GET /cormun/static/Shared/jqueryui/images/ui-icons_82798d_256x240.png HTTP/1.1" 404 1089
186.103.158.250 - - [14/Mar/2017:10:53:24 -0300] "GET /cormun/static/Shared/jqueryui/images/ui-icons_8d78a5_256x240.png HTTP/1.1" 404 1089
186.103.158.250 - - [14/Mar/2017:10:53:24 -0300] "GET /cormun/servlet/solicitudotadjuntos?DLT,2017,5488,CV,0, HTTP/1.1" 200 5854
186.103.158.250 - - [14/Mar/2017:10:53:24 -0300] "GET /cormun/static/Shared/jqueryui/images/ui-bg_flat_55_fafafa_40x100.png HTTP/1.1" 404 1097
186.103.158.250 - - [14/Mar/2017:10:53:29 -0300] "POST /cormun/servlet/solicitudotadjuntos?e2e93305384b47e168e45b7e88ff09e0,DLT,2017,5488,CV,0,,gx-no-cache=1489499677368 HTTP/1.1" 200 93
186.103.158.250 - - [14/Mar/2017:10:53:29 -0300] "GET /cormun/servlet/hpexe_return? HTTP/1.1" 200 1021
186.103.158.250 - - [14/Mar/2017:10:53:29 -0300] "GET /cormun/servlet/trsolicitudadjuntos?2017,5488, HTTP/1.1" 200 8638
186.103.158.250 - - [14/Mar/2017:10:53:30 -0300] "GET /cormun/servlet/trsolicitudadjuntos?2017,5488, HTTP/1.1" 200 8635
186.103.158.250 - - [14/Mar/2017:10:53:33 -0300] "GET /cormun/servlet/solicitudotadjuntos?INS,2017,5488,,1, HTTP/1.1" 200 5967
186.103.158.250 - - [14/Mar/2017:10:53:33 -0300] "GET /cormun/static/about:blank HTTP/1.1" 404 1011
186.103.158.250 - - [14/Mar/2017:10:53:34 -0300] "GET /cormun/servlet/solicitudotadjuntos?INS,2017,5488,,1, HTTP/1.1" 200 5960
186.103.158.250 - - [14/Mar/2017:10:53:35 -0300] "GET /cormun/servlet/solicitudotadjuntos?d4fff27e0b469dd19646526f1472b66cf5182d11ffa56f3faa929fc892574ee66d228f9f40b01d9cdb76e2bfdc14d9c3,gx-no-cache=1489499683547 HTTP/1.1" 200 30
186.103.158.250 - - [14/Mar/2017:10:53:35 -0300] "POST /cormun/servlet/solicitudotadjuntos?e2e93305384b47e168e45b7e88ff09e0,INS,2017,5488,,1,,gx-no-cache=1489499683604 HTTP/1.1" 200 3856
186.103.158.250 - - [14/Mar/2017:10:53:37 -0300] "POST /cormun/servlet/solicitudotadjuntos?gx-no-cache=1489499686261 HTTP/1.1" 200 26
186.103.159.187 - - [14/Mar/2017:10:53:39 -0300] "POST /cormun/servlet/solicitudot?gx-no-cache=1489499685222 HTTP/1.1" 200 3172
186.103.159.187 - - [14/Mar/2017:10:53:39 -0300] "POST /cormun/servlet/solicitudot?ebcc730e546388a23c876c2f484606b2,INS,0,0,,gx-no-cache=1489499685432 HTTP/1.1" 200 9799
201.236.57.223 - - [14/Mar/2017:10:53:41 -0300] "GET /cormun/servlet/solicitudotadjuntos?INS,2017,5487,,1, HTTP/1.1" 200 6037
201.236.57.223 - - [14/Mar/2017:10:53:42 -0300] "HEAD /cormun/static/about:blank HTTP/1.1" 404 -
201.236.57.223 - - [14/Mar/2017:10:53:42 -0300] "GET /cormun/servlet/solicitudotadjuntos?d6f8c813e135d3cf27af91d3c35b6ad57d19dea7986d626a3cf2cd02a88aa816abfc2deea3759dfff14614a5a1400fa8,gx-no-cache=1489499686484 HTTP/1.1" 200 30
201.236.57.223 - - [14/Mar/2017:10:53:43 -0300] "POST /cormun/servlet/solicitudotadjuntos?ba15b894c9bf6b8a8350c45e723a7f1d,INS,2017,5487,,1,,gx-no-cache=1489499686588 HTTP/1.1" 200 3829
186.103.159.187 - - [14/Mar/2017:10:53:44 -0300] "GET /cormun/servlet/solicitudot?01bf091b64388e65b2a2aeee0500ff824aa3a9450b0bc69a388132ad2979f80f0425dd7f4fa5b874eeabc922ecb2311a,gx-no-cache=1489499691067 HTTP/1.1" 200 30
186.103.159.187 - - [14/Mar/2017:10:53:45 -0300] "POST /cormun/servlet/solicitudot?gx-no-cache=1489499691135 HTTP/1.1" 200 255
186.103.159.187 - - [14/Mar/2017:10:53:45 -0300] "GET /cormun/servlet/solicitudot?01bf091b64388e65b2a2aeee0500ff827c7c47736860be9143c6c6baedd099d5556931731f566d641efe9c2d09988c1180b5b7e9388f2c2bd6a347fdccb49627d33dc94f7b8dd0a51ad7e497266fe20d72bd917aab6f9daeaad4a7ca65da33eb9c44acc89015c87a5e435d13fdab6f5f401fb1d55f1e6a10cfcebbdcb21c94e835c43731b71603f162917f201ba328f6d1013f8b0b7edc6d43a800f6477c464bbeb49d2271674ec42bb68435877a6fba171ff2d926ab53f9e6438de7386b1dea22191c93305c5604632eaa7c250cf97b9a2a21530f6fa9e6317abeebc555ce23530bb003154bc8041a16ab4c0a111aea80868aee8beb87baf0d6b7c09e17bb7902bf4fc920efe68a8aa7f13c7fe346abd838026d7cd33ec2cef77b958592fab5944e7b08dccd1cec972862cb441e5428b1aaa4d1becbed0f22ba90cd6f78905f9a60078030c0bf86d76739ec9cd053547869f8108cdf99e9c5b66c0b49c3b1ef092349b8a60b7b568f68e5dca976aba04f80333bbf0840c68ad46b5dd5c2a8d2,gx-no-cache=1489499691188 HTTP/1.1" 200 30
201.236.57.223 - - [14/Mar/2017:10:53:47 -0300] "POST /cormun/servlet/solicitudotadjuntos?gx-no-cache=1489499690960 HTTP/1.1" 200 26
186.103.158.250 - - [14/Mar/2017:10:53:47 -0300] "GET /cormun/servlet/solicitudotadjuntos?d4fff27e0b469dd19646526f1472b66cf62960a38a16cd4e0ca4955d716d3a66,gx-no-cache=1489499695958 HTTP/1.1" 200 30
186.103.158.250 - - [14/Mar/2017:10:53:47 -0300] "GET /cormun/servlet/solicitudotadjuntos?d4fff27e0b469dd19646526f1472b66cf62960a38a16cd4e0ca4955d716d3a66,gx-no-cache=1489499695991 HTTP/1.1" 200 30
186.103.158.250 - - [14/Mar/2017:10:53:48 -0300] "POST /cormun/servlet/solicitudotadjuntos?e2e93305384b47e168e45b7e88ff09e0,INS,2017,5488,,1, HTTP/1.1" 200 116
186.103.158.250 - - [14/Mar/2017:10:53:48 -0300] "GET /cormun/servlet/hpexe_return? HTTP/1.1" 200 1019
186.103.158.250 - - [14/Mar/2017:10:53:48 -0300] "GET /cormun/servlet/trsolicitudadjuntos?2017,5488, HTTP/1.1" 200 8821
186.103.159.187 - - [14/Mar/2017:10:53:49 -0300] "POST /cormun/servlet/solicitudot?gx-no-cache=1489499695280 HTTP/1.1" 200 30
186.103.158.250 - - [14/Mar/2017:10:53:50 -0300] "GET /cormun/servlet/trsolicitudadjuntos?2017,5488, HTTP/1.1" 200 8820
186.103.159.187 - - [14/Mar/2017:10:53:50 -0300] "GET /cormun/servlet/prcontratosol?15104431,,,,,MD,,gxPopupLevel%3D0%3B HTTP/1.1" 200 5892
186.103.159.187 - - [14/Mar/2017:10:53:56 -0300] "POST /cormun/servlet/solicitudot?gx-no-cache=1489499702598 HTTP/1.1" 200 1372
186.103.159.187 - - [14/Mar/2017:10:53:56 -0300] "GET /cormun/static/Shared/jqueryui/images/ui-bg_highlight-soft_100_c6c2c8_1x100.png HTTP/1.1" 404 1117
186.103.159.187 - - [14/Mar/2017:10:53:57 -0300] "GET /cormun/static/Shared/jqueryui/images/ui-icons_82798d_256x240.png HTTP/1.1" 404 1089
186.103.159.187 - - [14/Mar/2017:10:53:57 -0300] "GET /cormun/static/Shared/jqueryui/images/ui-bg_flat_55_994d53_40x100.png HTTP/1.1" 404 1097
186.103.159.187 - - [14/Mar/2017:10:53:57 -0300] "POST /cormun/servlet/solicitudot?gx-no-cache=1489499703062 HTTP/1.1" 200 117
186.103.159.187 - - [14/Mar/2017:10:53:57 -0300] "GET /cormun/static/Shared/jqueryui/images/ui-icons_ebccce_256x240.png HTTP/1.1" 404 1089
186.103.159.187 - - [14/Mar/2017:10:53:57 -0300] "GET /cormun/servlet/solicitudot?01bf091b64388e65b2a2aeee0500ff8283753238783c58d7cf1b4fce629873491cb0a4a78b286b81dfeb6ebd65bd784e6946128badb8d6e51a81d9957f819fa66c3c6f898ad5584e4235ae197c86bce89c07f4db9bd1cb0262a65f255d0fe6ca29e4d576faa0d1babe270a98f24c2df1a67cf7786a7375422eef4f9124370c0d74962f4e9bd1457ca11246d86148ea9871d250fed79bc68ad837900693d75add,gx-no-cache=1489499703187 HTTP/1.1" 200 29
186.103.159.187 - - [14/Mar/2017:10:53:57 -0300] "GET /cormun/servlet/solicitudot?01bf091b64388e65b2a2aeee0500ff82d5dc509014a496b391d8ea3bae27050cffa1f0d8040ce047ca6628c366951bd827ad5bacdaf7fcc628d21e8e601fba1589eac101f9aaf33e97bbb070456e3d4e10834c5def9afdb2000a13d2374fd77f16fd08f6fb44c06b9792a582c239960dde073dc9c79392a7f9947b75ef18042c8adae9cf1024c897be4af41b938bcf3f014381a0196dbdfac02211caaa2d32a2,gx-no-cache=1489499703262 HTTP/1.1" 200 57
201.236.57.223 - - [14/Mar/2017:10:53:57 -0300] "GET /cormun/servlet/solicitudotadjuntos?d6f8c813e135d3cf27af91d3c35b6ad56d79a4c63e9c9d2bbeb74467bfb6f862,gx-no-cache=1489499700839 HTTP/1.1" 200 30
186.103.159.187 - - [14/Mar/2017:10:53:57 -0300] "GET /cormun/servlet/solicitudot?01bf091b64388e65b2a2aeee0500ff8232edfa7817271b0a5b38493ba022bfe3ffa1f0d8040ce047ca6628c366951bd827ad5bacdaf7fcc628d21e8e601fba15b5c1042b9d3cd42a4bdf232d246072cacc7e00874977ac4822c2a0ce44a5def5d094198e5dc085a12c7bfc5b93a5521b0d37ebbe8a9c8a8d878c5cf5dbdc2a50,gx-no-cache=1489499703341 HTTP/1.1" 200 57
201.236.57.223 - - [14/Mar/2017:10:53:57 -0300] "GET /cormun/servlet/solicitudotadjuntos?d6f8c813e135d3cf27af91d3c35b6ad56d79a4c63e9c9d2bbeb74467bfb6f862,gx-no-cache=1489499700997 HTTP/1.1" 200 30
201.236.57.223 - - [14/Mar/2017:10:53:59 -0300] "POST /cormun/servlet/solicitudotadjuntos?ba15b894c9bf6b8a8350c45e723a7f1d,INS,2017,5487,,1, HTTP/1.1" 200 116
201.236.57.223 - - [14/Mar/2017:10:53:59 -0300] "GET /cormun/servlet/hpexe_return? HTTP/1.1" 200 1029
201.236.57.223 - - [14/Mar/2017:10:53:59 -0300] "GET /cormun/servlet/trsolicitudadjuntos?2017,5487, HTTP/1.1" 200 9116
186.103.158.250 - - [14/Mar/2017:10:54:03 -0300] "GET /cormun/servlet/solicitudotadjuntos?INS,2017,5488,,1, HTTP/1.1" 200 5967
186.103.158.250 - - [14/Mar/2017:10:54:03 -0300] "GET /cormun/static/about:blank HTTP/1.1" 404 1011
201.236.57.223 - - [14/Mar/2017:10:54:04 -0300] "GET /cormun/servlet/trsolicitudot? HTTP/1.1" 200 8094
186.103.158.250 - - [14/Mar/2017:10:54:04 -0300] "GET /cormun/servlet/solicitudotadjuntos?INS,2017,5488,,1, HTTP/1.1" 200 5960
186.103.158.250 - - [14/Mar/2017:10:54:05 -0300] "GET /cormun/servlet/solicitudotadjuntos?d4fff27e0b469dd19646526f1472b66cf5182d11ffa56f3faa929fc892574ee66d228f9f40b01d9cdb76e2bfdc14d9c3,gx-no-cache=1489499713713 HTTP/1.1" 200 30
186.103.158.250 - - [14/Mar/2017:10:54:05 -0300] "POST /cormun/servlet/solicitudotadjuntos?e2e93305384b47e168e45b7e88ff09e0,INS,2017,5488,,1,,gx-no-cache=1489499713793 HTTP/1.1" 200 3856
186.103.158.250 - - [14/Mar/2017:10:54:07 -0300] "POST /cormun/servlet/solicitudotadjuntos?gx-no-cache=1489499716119 HTTP/1.1" 200 26
201.236.57.223 - - [14/Mar/2017:10:54:08 -0300] "POST /cormun/servlet/trsolicitudot?ba15b894c9bf6b8a8350c45e723a7f1d,,gx-no-cache=1489499711321 HTTP/1.1" 200 4087
201.236.57.223 - - [14/Mar/2017:10:54:08 -0300] "POST /cormun/servlet/trsolicitudot?ba15b894c9bf6b8a8350c45e723a7f1d,,gx-no-cache=1489499711921 HTTP/1.1" 200 3876
201.236.57.223 - - [14/Mar/2017:10:54:08 -0300] "GET /cormun/static/Shared/jqueryui/images/ui-icons_8d78a5_256x240.png HTTP/1.1" 404 1089
201.236.57.223 - - [14/Mar/2017:10:54:08 -0300] "GET /cormun/static/Shared/jqueryui/images/ui-bg_highlight-soft_100_c6c2c8_1x100.png HTTP/1.1" 404 1117
201.236.57.223 - - [14/Mar/2017:10:54:08 -0300] "GET /cormun/static/Shared/jqueryui/images/ui-icons_82798d_256x240.png HTTP/1.1" 404 1089
201.236.57.223 - - [14/Mar/2017:10:54:08 -0300] "GET /cormun/static/Shared/jqueryui/images/ui-bg_flat_55_fafafa_40x100.png HTTP/1.1" 404 1097
201.236.57.223 - - [14/Mar/2017:10:54:13 -0300] "GET /cormun/servlet/trautorizarsolicitud? HTTP/1.1" 200 8159
201.236.57.223 - - [14/Mar/2017:10:54:13 -0300] "GET /cormun/static/gxcfg.js?2017259112829 HTTP/1.1" 304 -
201.236.57.223 - - [14/Mar/2017:10:54:13 -0300] "GET /cormun/static/trautorizarsolicitud.js?2017259113483 HTTP/1.1" 304 -
201.236.57.223 - - [14/Mar/2017:10:54:17 -0300] "POST /cormun/servlet/trautorizarsolicitud?ba15b894c9bf6b8a8350c45e723a7f1d,,gx-no-cache=1489499720807 HTTP/1.1" 200 4312
201.236.57.223 - - [14/Mar/2017:10:54:18 -0300] "POST /cormun/servlet/trautorizarsolicitud?ba15b894c9bf6b8a8350c45e723a7f1d,,gx-no-cache=1489499721426 HTTP/1.1" 200 4101
201.236.57.223 - - [14/Mar/2017:10:54:18 -0300] "GET /cormun/static/Shared/jqueryui/images/ui-icons_8d78a5_256x240.png HTTP/1.1" 404 1089
201.236.57.223 - - [14/Mar/2017:10:54:18 -0300] "GET /cormun/static/Shared/jqueryui/images/ui-bg_flat_55_fafafa_40x100.png HTTP/1.1" 404 1097
201.236.57.223 - - [14/Mar/2017:10:54:18 -0300] "GET /cormun/static/Shared/jqueryui/images/ui-bg_highlight-soft_100_c6c2c8_1x100.png HTTP/1.1" 404 1117
201.236.57.223 - - [14/Mar/2017:10:54:18 -0300] "GET /cormun/static/Shared/jqueryui/images/ui-icons_82798d_256x240.png HTTP/1.1" 404 1089
186.103.159.187 - - [14/Mar/2017:10:54:24 -0300] "POST /cormun/servlet/solicitudot?gx-no-cache=1489499730610 HTTP/1.1" 200 1372
186.103.159.187 - - [14/Mar/2017:10:54:24 -0300] "POST /cormun/servlet/solicitudot?gx-no-cache=1489499730744 HTTP/1.1" 200 121
186.103.159.187 - - [14/Mar/2017:10:54:50 -0300] "GET /cormun/servlet/prfichaempleado?,MD,,gxPopupLevel%3D0%3B HTTP/1.1" 200 8783
186.103.158.250 - - [14/Mar/2017:10:54:51 -0300] "POST /cormun/servlet/solicitudotadjuntos?gx-no-cache=1489499759468 HTTP/1.1" 200 26
186.103.158.250 - - [14/Mar/2017:10:55:01 -0300] "GET /cormun/servlet/solicitudotadjuntos?d4fff27e0b469dd19646526f1472b66cf62960a38a16cd4e0ca4955d716d3a66,gx-no-cache=1489499769432 HTTP/1.1" 200 30
186.103.158.250 - - [14/Mar/2017:10:55:01 -0300] "GET /cormun/servlet/solicitudotadjuntos?d4fff27e0b469dd19646526f1472b66cf62960a38a16cd4e0ca4955d716d3a66,gx-no-cache=1489499769466 HTTP/1.1" 200 30
186.103.159.187 - - [14/Mar/2017:10:55:01 -0300] "POST /cormun/servlet/prfichaempleado?ebcc730e546388a23c876c2f484606b2,,MD,,gxPopupLevel%3D0%3B,gx-no-cache=1489499767644 HTTP/1.1" 200 3395
186.103.158.250 - - [14/Mar/2017:10:55:01 -0300] "POST /cormun/servlet/solicitudotadjuntos?e2e93305384b47e168e45b7e88ff09e0,INS,2017,5488,,1, HTTP/1.1" 200 6103
186.103.158.250 - - [14/Mar/2017:10:55:02 -0300] "GET /home/sistema/apache-tomcat-7.0.65/webapps/cormun/PrivateTempStorage/upload_00017512.pdf HTTP/1.1" 404 1135
186.103.158.250 - - [14/Mar/2017:10:55:02 -0300] "GET /home/sistema/apache-tomcat-7.0.65/webapps/cormun/PrivateTempStorage/upload_00017512.pdf HTTP/1.1" 404 1135
186.103.158.250 - - [14/Mar/2017:10:55:02 -0300] "GET /cormun/static/Shared/jqueryui/images/ui-bg_highlight-soft_100_c6c2c8_1x100.png HTTP/1.1" 404 1117
186.103.158.250 - - [14/Mar/2017:10:55:02 -0300] "GET /cormun/static/Shared/jqueryui/images/ui-bg_flat_55_994d53_40x100.png HTTP/1.1" 404 1097
186.103.158.250 - - [14/Mar/2017:10:55:02 -0300] "GET /cormun/static/Shared/jqueryui/images/ui-icons_ebccce_256x240.png HTTP/1.1" 404 1089
186.103.158.250 - - [14/Mar/2017:10:55:02 -0300] "GET /cormun/PrivateTempStorage/upload_00017512.pdf HTTP/1.1" 200 94657
186.103.158.250 - - [14/Mar/2017:10:55:02 -0300] "GET /cormun/PrivateTempStorage/upload_00017512.pdf HTTP/1.1" 304 -
186.103.158.250 - - [14/Mar/2017:10:55:02 -0300] "GET /cormun/static/Shared/jqueryui/images/ui-icons_82798d_256x240.png HTTP/1.1" 404 1089
186.103.159.187 - - [14/Mar/2017:10:55:05 -0300] "POST /cormun/servlet/solicitudot?gx-no-cache=1489499771779 HTTP/1.1" 200 1291
186.103.159.187 - - [14/Mar/2017:10:55:05 -0300] "GET /cormun/static/menuarrow.gif HTTP/1.1" 404 1015
186.103.158.250 - - [14/Mar/2017:10:55:09 -0300] "GET /cormun/servlet/trsolicitudadjuntos?2017,5488, HTTP/1.1" 200 8822
186.79.32.136 - - [14/Mar/2017:10:55:10 -0300] "GET /cormun/servlet/hlogin HTTP/1.1" 200 1716
186.79.32.136 - - [14/Mar/2017:10:55:10 -0300] "GET /cormun/static/messages.spa.js?85251 HTTP/1.1" 304 -
186.103.159.187 - - [14/Mar/2017:10:55:11 -0300] "POST /cormun/servlet/solicitudot?gx-no-cache=1489499777362 HTTP/1.1" 200 41
186.79.32.136 - - [14/Mar/2017:10:55:11 -0300] "GET /cormun/servlet/hlogin HTTP/1.1" 200 1726
186.103.159.187 - - [14/Mar/2017:10:55:11 -0300] "POST /cormun/servlet/solicitudot?gx-no-cache=1489499777439 HTTP/1.1" 200 1274
186.103.158.250 - - [14/Mar/2017:10:55:11 -0300] "GET /cormun/servlet/trsolicitudadjuntos?2017,5488, HTTP/1.1" 200 8820
186.103.159.187 - - [14/Mar/2017:10:55:11 -0300] "POST /cormun/servlet/solicitudot?gx-no-cache=1489499777983 HTTP/1.1" 200 1157
186.103.159.187 - - [14/Mar/2017:10:55:13 -0300] "POST /cormun/servlet/solicitudot?gx-no-cache=1489499779590 HTTP/1.1" 200 1274
186.103.159.187 - - [14/Mar/2017:10:55:13 -0300] "POST /cormun/servlet/solicitudot?gx-no-cache=1489499779669 HTTP/1.1" 200 1157
186.103.158.250 - - [14/Mar/2017:10:55:14 -0300] "GET /cormun/servlet/solicitudotadjuntos?DLT,2017,5488,CV,0, HTTP/1.1" 200 5923
186.103.158.250 - - [14/Mar/2017:10:55:15 -0300] "GET /cormun/PublicTempStorage/curri-14358934.jpg HTTP/1.1" 200 513484
186.103.158.250 - - [14/Mar/2017:10:55:15 -0300] "GET /cormun/static/Shared/jqueryui/images/ui-bg_highlight-soft_100_c6c2c8_1x100.png HTTP/1.1" 404 1117
186.103.158.250 - - [14/Mar/2017:10:55:15 -0300] "GET /cormun/static/Shared/jqueryui/images/ui-icons_82798d_256x240.png HTTP/1.1" 404 1089
186.103.158.250 - - [14/Mar/2017:10:55:15 -0300] "GET /cormun/static/Shared/jqueryui/images/ui-bg_flat_55_fafafa_40x100.png HTTP/1.1" 404 1097
186.103.158.250 - - [14/Mar/2017:10:55:15 -0300] "GET /cormun/static/Shared/jqueryui/images/ui-icons_8d78a5_256x240.png HTTP/1.1" 404 1089
186.103.159.187 - - [14/Mar/2017:10:55:15 -0300] "GET /cormun/servlet/solicitudot?01bf091b64388e65b2a2aeee0500ff82bdd5f6e6d9e20536e84def2e3d213a0f8c72e78681a07474a80fa26e08436bc58b1b976f11e390bc8fe4df0fd6c6422ebab3314357db0cb7bcf8b481d89c82008adae9cf1024c897be4af41b938bcf3fdec31ecfd7c8063b79ed641933a5112bff802e3cd13b78469bfc2c79ec0da855800d23b527606232708ef75399032f71d4364571a9c78154a5fe135ec21fa0cbcba13b91757f7eb10dbd561574e66c6aaedc8c7666da04c1118cf85d36ce73e5,gx-no-cache=1489499781428 HTTP/1.1" 200 30
186.103.158.250 - - [14/Mar/2017:10:55:15 -0300] "GET /cormun/servlet/solicitudotadjuntos?DLT,2017,5488,CV,0, HTTP/1.1" 200 5916
186.103.158.250 - - [14/Mar/2017:10:55:18 -0300] "POST /cormun/servlet/solicitudotadjuntos?e2e93305384b47e168e45b7e88ff09e0,DLT,2017,5488,CV,0,,gx-no-cache=1489499786820 HTTP/1.1" 200 93
186.103.158.250 - - [14/Mar/2017:10:55:18 -0300] "GET /cormun/servlet/hpexe_return? HTTP/1.1" 200 1021
186.103.158.250 - - [14/Mar/2017:10:55:19 -0300] "GET /cormun/servlet/trsolicitudadjuntos?2017,5488, HTTP/1.1" 200 8638
186.103.158.250 - - [14/Mar/2017:10:55:20 -0300] "GET /cormun/servlet/trsolicitudadjuntos?2017,5488, HTTP/1.1" 200 8636
186.103.159.187 - - [14/Mar/2017:10:55:21 -0300] "POST /cormun/servlet/solicitudot?ebcc730e546388a23c876c2f484606b2,INS,0,0,,gx-no-cache=1489499787078 HTTP/1.1" 200 93
186.103.159.187 - - [14/Mar/2017:10:55:21 -0300] "GET /cormun/servlet/hpexe_return? HTTP/1.1" 200 1030
186.79.32.136 - - [14/Mar/2017:10:55:21 -0300] "POST /cormun/servlet/hlogin?764d0577ac3a6a8f084a7ad161613035,gx-no-cache=1489499792988 HTTP/1.1" 200 90
186.79.32.136 - - [14/Mar/2017:10:55:21 -0300] "GET /cormun/servlet/hpexe_link HTTP/1.1" 200 950
186.103.159.187 - - [14/Mar/2017:10:55:21 -0300] "GET /cormun/servlet/trsolicitudot?gx-no-cache=1489499563261 HTTP/1.1" 200 8529
186.79.32.136 - - [14/Mar/2017:10:55:22 -0300] "GET /cormun/servlet/hhome HTTP/1.1" 200 3996
186.79.32.136 - - [14/Mar/2017:10:55:22 -0300] "GET /cormun/static/gxcfg.js?201612218515568 HTTP/1.1" 304 -
186.103.159.187 - - [14/Mar/2017:10:55:22 -0300] "GET /cormun/servlet/trsolicitudot?gx-no-cache=1489499563261 HTTP/1.1" 200 8547
186.79.32.136 - - [14/Mar/2017:10:55:23 -0300] "GET /cormun/servlet/hhome HTTP/1.1" 200 3992
186.103.158.250 - - [14/Mar/2017:10:55:24 -0300] "GET /cormun/servlet/solicitudotadjuntos?INS,2017,5488,,1, HTTP/1.1" 200 5968
