186.103.159.187 - - [14/Mar/2017:10:41:05 -0300] "GET /cormun/static/Shared/jqueryui/images/ui-bg_highlight-soft_100_c6c2c8_1x100.png HTTP/1.1" 404 1117
186.103.159.187 - - [14/Mar/2017:10:41:05 -0300] "GET /cormun/static/Shared/jqueryui/images/ui-icons_82798d_256x240.png HTTP/1.1" 404 1089
186.103.159.187 - - [14/Mar/2017:10:41:05 -0300] "GET /cormun/static/Shared/jqueryui/images/ui-icons_ebccce_256x240.png HTTP/1.1" 404 1089
186.103.159.187 - - [14/Mar/2017:10:41:05 -0300] "GET /cormun/static/Shared/jqueryui/images/ui-bg_flat_55_994d53_40x100.png HTTP/1.1" 404 1097
186.103.159.187 - - [14/Mar/2017:10:41:05 -0300] "POST /cormun/servlet/solicitudot?gx-no-cache=1489498931787 HTTP/1.1" 200 117
186.103.159.187 - - [14/Mar/2017:10:41:05 -0300] "GET /cormun/servlet/solicitudot?a368a00d5cadc76c8ce1f15d2f44d804c7b4513bc9ad8ba9ca068c0b02febee2971c54ef0dbbc56cf9d16c0d69b3e84d91556a10636fe91b57f6efe7fdc033a3b8bc26b12f1e88a21c4e6aaa2fba63ced638d9627b4c5f3bd5fbeba04294f03cb9a583d8e39d244173903efae72ad1e5c1fe28cab7abb6a8e9eec622880dcc0391aa473a9eedbb9fc0526f26808cdd4f598f7de0930be443a6f80b441df1a39a,gx-no-cache=1489498931846 HTTP/1.1" 200 29
186.103.159.187 - - [14/Mar/2017:10:41:05 -0300] "GET /cormun/servlet/solicitudot?a368a00d5cadc76c8ce1f15d2f44d804020132ac6c4a60279e4d68b793d8c05d1921b203d5fcc13ba06d9f46e285d3884d03d487c930b51d569558fd5aec7bfbf89c2aec1d1589491777464fa53326affd8e8e3bf2076c96ebd86373d0463c9fd846f6c0b4b960c6cc55e36204717581c652a2feca83fcfa80b6919dec3d47e2ac7372abbf544e9f8f3ad8c4b7f4fcd3a3df2af2c35fb6aff5e9963a37b84197,gx-no-cache=1489498931883 HTTP/1.1" 200 57
186.103.159.187 - - [14/Mar/2017:10:41:05 -0300] "GET /cormun/servlet/solicitudot?a368a00d5cadc76c8ce1f15d2f44d80487673727293a8839b5c103980e167ccc1921b203d5fcc13ba06d9f46e285d3884d03d487c930b51d569558fd5aec7bfb45b4b0f753d864a22111dd91a2abcbcf02da59d021eefd206edfa89e238406fae07aef1da0b567ecbf51b4b1481b57c4aa5c6d3c2c8a66f7b035ffb069712300,gx-no-cache=1489498931928 HTTP/1.1" 200 57
186.103.159.187 - - [14/Mar/2017:10:41:08 -0300] "GET /cormun/servlet/prsolicitudot?9543879,,,,,MD,,gxPopupLevel%3D0%3B HTTP/1.1" 200 5994
186.103.159.187 - - [14/Mar/2017:10:41:08 -0300] "GET /cormun/static/gxcfg.js?20161221854215 HTTP/1.1" 304 -
186.103.159.187 - - [14/Mar/2017:10:41:08 -0300] "GET /cormun/static/prsolicitudot.js?201612218542259 HTTP/1.1" 304 -
186.103.159.187 - - [14/Mar/2017:10:41:24 -0300] "GET /cormun/servlet/prcontratosol?9543879,,,,,MD,,gxPopupLevel%3D0%3B HTTP/1.1" 200 5561
186.103.159.187 - - [14/Mar/2017:10:41:35 -0300] "GET /cormun/servlet/prcontratosol?9543879,,,,,MD,,gxPopupLevel%3D0%3B HTTP/1.1" 200 5561
201.236.57.223 - - [14/Mar/2017:10:41:39 -0300] "GET /cormun/servlet/solicitudot?d6f8c813e135d3cf27af91d3c35b6ad5da8f7cae3cf0ae6955ebff38ff3605b76993d3dc9890a50546482258b2fdeb554bd2d2d475ad59f264aabb95524ec64f2b5cdd9112b51d670d5810eaea94546960d72821e06b0bea42e7ba4ac25160f8fb94c57a2c053ce4dc490a2911660c5f112b487b108ee627bab4616622db41068dcc0632e0b0650bf7387cfa87576a162d775eed03b09313e250c91e69a3ab3cb442265f6ff837a86d3d741754fc920b,gx-no-cache=1489498963354 HTTP/1.1" 200 30
201.236.57.223 - - [14/Mar/2017:10:41:40 -0300] "POST /cormun/servlet/solicitudot?ba15b894c9bf6b8a8350c45e723a7f1d,INS,0,0,,gx-no-cache=1489498963489 HTTP/1.1" 200 93
201.236.57.223 - - [14/Mar/2017:10:41:40 -0300] "GET /cormun/servlet/hpexe_return? HTTP/1.1" 200 1010
201.236.57.223 - - [14/Mar/2017:10:41:40 -0300] "GET /cormun/static/gxcfg.js?2016101716175148 HTTP/1.1" 304 -
201.236.57.223 - - [14/Mar/2017:10:41:41 -0300] "GET /cormun/servlet/trsolicitudot HTTP/1.1" 200 8092
201.236.57.223 - - [14/Mar/2017:10:41:41 -0300] "GET /cormun//static/Resources/PXTools/ActionInsert.png HTTP/1.1" 304 -
201.236.57.223 - - [14/Mar/2017:10:41:43 -0300] "POST /cormun/servlet/trsolicitudot?ba15b894c9bf6b8a8350c45e723a7f1d,gx-no-cache=1489498967186 HTTP/1.1" 200 107
201.236.57.223 - - [14/Mar/2017:10:41:43 -0300] "GET /cormun/servlet/trsolicitudadjuntos?2017,5487, HTTP/1.1" 200 6102
201.236.57.223 - - [14/Mar/2017:10:41:44 -0300] "GET /cormun/static/gxcfg.js?201612218531388 HTTP/1.1" 304 -
186.103.159.187 - - [14/Mar/2017:10:41:47 -0300] "GET /cormun/servlet/prsolicitudot?9543879,,,,,MD,,gxPopupLevel%3D0%3B HTTP/1.1" 200 5994
201.236.57.223 - - [14/Mar/2017:10:41:47 -0300] "GET /cormun/servlet/solicitudotadjuntos?INS,2017,5487,,1, HTTP/1.1" 200 6037
201.236.57.223 - - [14/Mar/2017:10:41:47 -0300] "GET /cormun/static/gxcfg.js?201612218465951 HTTP/1.1" 304 -
201.236.57.223 - - [14/Mar/2017:10:41:47 -0300] "HEAD /cormun/static/about:blank HTTP/1.1" 404 -
201.236.57.223 - - [14/Mar/2017:10:41:48 -0300] "GET /cormun/servlet/solicitudotadjuntos?d6f8c813e135d3cf27af91d3c35b6ad57d19dea7986d626a3cf2cd02a88aa816abfc2deea3759dfff14614a5a1400fa8,gx-no-cache=1489498972124 HTTP/1.1" 200 30
201.236.57.223 - - [14/Mar/2017:10:41:48 -0300] "POST /cormun/servlet/solicitudotadjuntos?ba15b894c9bf6b8a8350c45e723a7f1d,INS,2017,5487,,1,,gx-no-cache=1489498972236 HTTP/1.1" 200 3829
201.236.57.223 - - [14/Mar/2017:10:41:50 -0300] "POST /cormun/servlet/solicitudotadjuntos?gx-no-cache=1489498974618 HTTP/1.1" 200 26
192.168.10.62 - - [14/Mar/2017:10:41:54 -0300] "POST /cormun/servlet/trsolicitudgral?5b0cbad1d8259a45c1591ea0b28ed850,,gx-no-cache=1489502196685 HTTP/1.1" 200 115
192.168.10.62 - - [14/Mar/2017:10:41:54 -0300] "GET /cormun/servlet/solicitudotlog?INS,2017,5203,0,REC, HTTP/1.1" 200 5575
192.168.10.62 - - [14/Mar/2017:10:41:54 -0300] "GET /cormun/static/gxcfg.js?201612218471193 HTTP/1.1" 200 953
192.168.10.62 - - [14/Mar/2017:10:41:54 -0300] "GET /cormun/static/solicitudotlog.js?20161221847122 HTTP/1.1" 200 8925
192.168.10.62 - - [14/Mar/2017:10:41:54 -0300] "GET /cormun/servlet/solicitudotlog?INS,2017,5203,0,REC, HTTP/1.1" 200 5577
192.168.10.62 - - [14/Mar/2017:10:41:55 -0300] "GET /cormun/servlet/solicitudotlog?8c4fd428239190067d88db9b6f5d7b6e71991896d3925f856de33ed2b0ee0bf1861f0edb82bf96034c4159dae316fbf0f3965ac1e89b24420333544cbe1e15dea0d76398d0642758a3fb35262c723e103d6951321d4de368069e1fed763f826676f7b0a3ae40e3cc4d7fe942960bd857795574b998b2a5114ab04430d18435cec2e7859eaf1747fd303d172311c06351b1d1ec4031769e926f8cd57b90813cf4,gx-no-cache=1489502197806 HTTP/1.1" 200 94
192.168.10.62 - - [14/Mar/2017:10:42:18 -0300] "POST /cormun/servlet/solicitudotlog?5b0cbad1d8259a45c1591ea0b28ed850,INS,2017,5203,0,REC,,gx-no-cache=1489502220710 HTTP/1.1" 200 93
192.168.10.62 - - [14/Mar/2017:10:42:18 -0300] "GET /cormun/servlet/hpexe_return? HTTP/1.1" 200 1024
192.168.10.62 - - [14/Mar/2017:10:42:18 -0300] "GET /cormun/static/gxcfg.js?2016101716175148 HTTP/1.1" 200 953
192.168.10.62 - - [14/Mar/2017:10:42:18 -0300] "GET /cormun/static/hpexe_return.js?2016101716175153 HTTP/1.1" 200 1633
192.168.10.62 - - [14/Mar/2017:10:42:18 -0300] "GET /cormun/servlet/trsolicitudgral? HTTP/1.1" 200 9305
192.168.10.62 - - [14/Mar/2017:10:42:19 -0300] "GET /cormun/servlet/trsolicitudgral? HTTP/1.1" 200 9301
192.168.10.62 - - [14/Mar/2017:10:42:21 -0300] "POST /cormun/servlet/trsolicitudgral?5b0cbad1d8259a45c1591ea0b28ed850,,gx-no-cache=1489502223974 HTTP/1.1" 200 5165
192.168.10.62 - - [14/Mar/2017:10:42:21 -0300] "GET /cormun/static/Shared/jqueryui/images/ui-icons_82798d_256x240.png HTTP/1.1" 404 1089
192.168.10.62 - - [14/Mar/2017:10:42:21 -0300] "GET /cormun/static/Shared/jqueryui/images/ui-bg_highlight-soft_100_c6c2c8_1x100.png HTTP/1.1" 404 1117
192.168.10.62 - - [14/Mar/2017:10:42:21 -0300] "GET /cormun/static/Shared/jqueryui/images/ui-bg_flat_55_fafafa_40x100.png HTTP/1.1" 404 1097
192.168.10.62 - - [14/Mar/2017:10:42:21 -0300] "GET /cormun/static/Shared/jqueryui/images/ui-icons_8d78a5_256x240.png HTTP/1.1" 404 1089
201.236.57.223 - - [14/Mar/2017:10:42:33 -0300] "GET /cormun/servlet/solicitudotadjuntos?d6f8c813e135d3cf27af91d3c35b6ad56d79a4c63e9c9d2bbeb74467bfb6f862,gx-no-cache=1489499016857 HTTP/1.1" 200 30
201.236.57.223 - - [14/Mar/2017:10:42:33 -0300] "GET /cormun/servlet/solicitudotadjuntos?d6f8c813e135d3cf27af91d3c35b6ad56d79a4c63e9c9d2bbeb74467bfb6f862,gx-no-cache=1489499016961 HTTP/1.1" 200 30
192.168.10.62 - - [14/Mar/2017:10:42:41 -0300] "POST /cormun/servlet/trsolicitudgral?5b0cbad1d8259a45c1591ea0b28ed850,,gx-no-cache=1489502243285 HTTP/1.1" 200 6601
201.236.57.223 - - [14/Mar/2017:10:42:48 -0300] "POST /cormun/servlet/solicitudotadjuntos?ba15b894c9bf6b8a8350c45e723a7f1d,INS,2017,5487,,1, HTTP/1.1" 200 116
201.236.57.223 - - [14/Mar/2017:10:42:48 -0300] "GET /cormun/servlet/hpexe_return? HTTP/1.1" 200 1029
201.236.57.223 - - [14/Mar/2017:10:42:48 -0300] "GET /cormun/servlet/trsolicitudadjuntos?2017,5487, HTTP/1.1" 200 8255
201.236.57.223 - - [14/Mar/2017:10:42:53 -0300] "GET /cormun/servlet/solicitudotadjuntos?INS,2017,5487,,1, HTTP/1.1" 200 6036
201.236.57.223 - - [14/Mar/2017:10:42:53 -0300] "HEAD /cormun/static/about:blank HTTP/1.1" 404 -
201.236.57.223 - - [14/Mar/2017:10:42:54 -0300] "GET /cormun/servlet/solicitudotadjuntos?d6f8c813e135d3cf27af91d3c35b6ad57d19dea7986d626a3cf2cd02a88aa816abfc2deea3759dfff14614a5a1400fa8,gx-no-cache=1489499038423 HTTP/1.1" 200 30
201.236.57.223 - - [14/Mar/2017:10:42:55 -0300] "POST /cormun/servlet/solicitudotadjuntos?ba15b894c9bf6b8a8350c45e723a7f1d,INS,2017,5487,,1,,gx-no-cache=1489499038492 HTTP/1.1" 200 3828
186.103.159.187 - - [14/Mar/2017:10:42:55 -0300] "GET /cormun/servlet/hlogin HTTP/1.1" 200 1744
201.236.57.223 - - [14/Mar/2017:10:43:04 -0300] "POST /cormun/servlet/solicitudotadjuntos?gx-no-cache=1489499048073 HTTP/1.1" 200 26
186.103.159.187 - - [14/Mar/2017:10:43:04 -0300] "POST /cormun/servlet/hlogin?ee8eb36d443de8c6ee53e1e9f40958a8,gx-no-cache=1489499050961 HTTP/1.1" 200 90
186.103.159.187 - - [14/Mar/2017:10:43:04 -0300] "GET /cormun/servlet/hpexe_link HTTP/1.1" 200 973
186.103.159.187 - - [14/Mar/2017:10:43:05 -0300] "GET /cormun/servlet/prsolicitudot?9543879,,,,,MD, HTTP/1.1" 200 5993
201.236.57.223 - - [14/Mar/2017:10:43:11 -0300] "GET /cormun/servlet/solicitudotadjuntos?d6f8c813e135d3cf27af91d3c35b6ad56d79a4c63e9c9d2bbeb74467bfb6f862,gx-no-cache=1489499054785 HTTP/1.1" 200 30
201.236.57.223 - - [14/Mar/2017:10:43:11 -0300] "GET /cormun/servlet/solicitudotadjuntos?d6f8c813e135d3cf27af91d3c35b6ad56d79a4c63e9c9d2bbeb74467bfb6f862,gx-no-cache=1489499054840 HTTP/1.1" 200 30
186.103.159.187 - - [14/Mar/2017:10:43:13 -0300] "GET /cormun/servlet/hlogin HTTP/1.1" 200 1750
192.168.10.62 - - [14/Mar/2017:10:43:13 -0300] "POST /cormun/servlet/trsolicitudgral?5b0cbad1d8259a45c1591ea0b28ed850,,gx-no-cache=1489502275635 HTTP/1.1" 200 105
192.168.10.62 - - [14/Mar/2017:10:43:13 -0300] "POST /cormun/servlet/trsolicitudgral?5b0cbad1d8259a45c1591ea0b28ed850,,gx-no-cache=1489502275761 HTTP/1.1" 200 6584
192.168.10.62 - - [14/Mar/2017:10:43:13 -0300] "GET /cormun/SolicitudGral-1493.xls HTTP/1.1" 200 6144
201.236.57.223 - - [14/Mar/2017:10:43:17 -0300] "POST /cormun/servlet/solicitudotadjuntos?ba15b894c9bf6b8a8350c45e723a7f1d,INS,2017,5487,,1, HTTP/1.1" 200 116
201.236.57.223 - - [14/Mar/2017:10:43:17 -0300] "GET /cormun/servlet/hpexe_return? HTTP/1.1" 200 1029
201.236.57.223 - - [14/Mar/2017:10:43:18 -0300] "GET /cormun/servlet/trsolicitudadjuntos?2017,5487, HTTP/1.1" 200 8424
186.103.159.187 - - [14/Mar/2017:10:43:21 -0300] "POST /cormun/servlet/hlogin?ee8eb36d443de8c6ee53e1e9f40958a8,gx-no-cache=1489499067248 HTTP/1.1" 200 90
186.103.159.187 - - [14/Mar/2017:10:43:21 -0300] "GET /cormun/servlet/hpexe_link HTTP/1.1" 200 973
186.103.159.187 - - [14/Mar/2017:10:43:21 -0300] "GET /cormun/servlet/prsolicitudot?9543879,,,,,MD, HTTP/1.1" 200 5993
201.236.57.223 - - [14/Mar/2017:10:43:22 -0300] "GET /cormun/servlet/solicitudotadjuntos?INS,2017,5487,,1, HTTP/1.1" 200 6037
201.236.57.223 - - [14/Mar/2017:10:43:22 -0300] "HEAD /cormun/static/about:blank HTTP/1.1" 404 -
201.236.57.223 - - [14/Mar/2017:10:43:23 -0300] "GET /cormun/servlet/solicitudotadjuntos?d6f8c813e135d3cf27af91d3c35b6ad57d19dea7986d626a3cf2cd02a88aa816abfc2deea3759dfff14614a5a1400fa8,gx-no-cache=1489499066750 HTTP/1.1" 200 30
201.236.57.223 - - [14/Mar/2017:10:43:23 -0300] "POST /cormun/servlet/solicitudotadjuntos?ba15b894c9bf6b8a8350c45e723a7f1d,INS,2017,5487,,1,,gx-no-cache=1489499066817 HTTP/1.1" 200 3829
186.103.159.187 - - [14/Mar/2017:10:43:30 -0300] "POST /cormun/servlet/acontrolpreferencessavestate?None,CF-31,true HTTP/1.1" 200 35
186.103.159.187 - - [14/Mar/2017:10:43:35 -0300] "GET /cormun/servlet/hlogin HTTP/1.1" 200 1750
201.236.57.223 - - [14/Mar/2017:10:43:40 -0300] "POST /cormun/servlet/solicitudotadjuntos?gx-no-cache=1489499084328 HTTP/1.1" 200 26
186.103.159.187 - - [14/Mar/2017:10:43:45 -0300] "POST /cormun/servlet/hlogin?ee8eb36d443de8c6ee53e1e9f40958a8,gx-no-cache=1489499091724 HTTP/1.1" 200 90
186.103.159.187 - - [14/Mar/2017:10:43:45 -0300] "GET /cormun/servlet/hpexe_link HTTP/1.1" 200 973
186.103.159.187 - - [14/Mar/2017:10:43:45 -0300] "GET /cormun/servlet/prsolicitudot?9543879,,,,,MD, HTTP/1.1" 200 5993
186.103.159.187 - - [14/Mar/2017:10:43:50 -0300] "GET /cormun/servlet/hlogin HTTP/1.1" 200 1750
186.103.159.187 - - [14/Mar/2017:10:43:56 -0300] "POST /cormun/servlet/hlogin?ee8eb36d443de8c6ee53e1e9f40958a8,gx-no-cache=1489499102180 HTTP/1.1" 200 90
186.103.159.187 - - [14/Mar/2017:10:43:56 -0300] "GET /cormun/servlet/hpexe_link HTTP/1.1" 200 973
186.103.159.187 - - [14/Mar/2017:10:43:56 -0300] "GET /cormun/servlet/prsolicitudot?9543879,,,,,MD, HTTP/1.1" 200 5993
186.103.158.250 - - [14/Mar/2017:10:44:06 -0300] "GET /cormun/servlet/trsolicitudot? HTTP/1.1" 200 9530
186.103.158.250 - - [14/Mar/2017:10:44:07 -0300] "GET /cormun/servlet/trsolicitudot? HTTP/1.1" 200 9530
186.103.158.250 - - [14/Mar/2017:10:44:15 -0300] "POST /cormun/servlet/trsolicitudot?5b3e351a6b40837e5a0cd876b5085623,,gx-no-cache=1489499123607 HTTP/1.1" 200 106
186.103.158.250 - - [14/Mar/2017:10:44:15 -0300] "GET /cormun/servlet/solicitudot?DLT,2017,3464, HTTP/1.1" 200 9359
186.103.158.250 - - [14/Mar/2017:10:44:16 -0300] "GET /cormun/static/Shared/jqueryui/images/ui-bg_highlight-soft_100_c6c2c8_1x100.png HTTP/1.1" 404 1117
186.103.158.250 - - [14/Mar/2017:10:44:16 -0300] "GET /cormun/static/Shared/jqueryui/images/ui-icons_82798d_256x240.png HTTP/1.1" 404 1089
186.103.158.250 - - [14/Mar/2017:10:44:16 -0300] "GET /cormun/static/Shared/jqueryui/images/ui-bg_flat_55_fafafa_40x100.png HTTP/1.1" 404 1097
186.103.158.250 - - [14/Mar/2017:10:44:16 -0300] "GET /cormun/static/Shared/jqueryui/images/ui-icons_8d78a5_256x240.png HTTP/1.1" 404 1089
186.103.158.250 - - [14/Mar/2017:10:44:16 -0300] "GET /cormun/servlet/solicitudot?DLT,2017,3464, HTTP/1.1" 200 9369
186.103.158.250 - - [14/Mar/2017:10:44:21 -0300] "POST /cormun/servlet/solicitudot?5b3e351a6b40837e5a0cd876b5085623,DLT,2017,3464,,gx-no-cache=1489499129567 HTTP/1.1" 200 12468
186.103.158.250 - - [14/Mar/2017:10:44:21 -0300] "GET /cormun/static/Shared/jqueryui/images/ui-icons_ebccce_256x240.png HTTP/1.1" 404 1089
186.103.158.250 - - [14/Mar/2017:10:44:21 -0300] "GET /cormun/static/Shared/jqueryui/images/ui-bg_flat_55_994d53_40x100.png HTTP/1.1" 404 1097
186.103.158.250 - - [14/Mar/2017:10:44:29 -0300] "GET /cormun/servlet/trsolicitudot? HTTP/1.1" 200 9530
186.103.158.250 - - [14/Mar/2017:10:44:31 -0300] "GET /cormun/servlet/trsolicitudot? HTTP/1.1" 200 9530
186.103.158.250 - - [14/Mar/2017:10:44:35 -0300] "GET /cormun/servlet/trsolicitudot? HTTP/1.1" 200 9530
186.103.158.250 - - [14/Mar/2017:10:44:36 -0300] "GET /cormun/servlet/trsolicitudot? HTTP/1.1" 200 9530
192.168.10.60 - - [14/Mar/2017:10:44:42 -0300] "GET /cormun/servlet/hlogin HTTP/1.1" 200 1719
192.168.10.60 - - [14/Mar/2017:10:44:42 -0300] "GET /cormun/static/gxtimezone.js?85251 HTTP/1.1" 200 5781
192.168.10.60 - - [14/Mar/2017:10:44:42 -0300] "GET /cormun/static/gxcfg.js?201612216162538 HTTP/1.1" 200 953
192.168.10.60 - - [14/Mar/2017:10:44:42 -0300] "GET /cormun/static/Resources/Spanish/PXTools.css?167811 HTTP/1.1" 200 89042
192.168.10.60 - - [14/Mar/2017:10:44:42 -0300] "GET /cormun/static/messages.spa.js?85251 HTTP/1.1" 200 30736
192.168.10.60 - - [14/Mar/2017:10:44:42 -0300] "GET /cormun/static/hlogin.js?201612216162555 HTTP/1.1" 200 2136
192.168.10.60 - - [14/Mar/2017:10:44:42 -0300] "GET /cormun/static/gxgral.js?85251 HTTP/1.1" 200 384558
192.168.10.60 - - [14/Mar/2017:10:44:42 -0300] "GET /cormun/static/Resources/ComunLogin.png HTTP/1.1" 200 17326
192.168.10.60 - - [14/Mar/2017:10:44:42 -0300] "GET /cormun/static/Resources/PXToolsLoginTop.png HTTP/1.1" 200 1337
192.168.10.60 - - [14/Mar/2017:10:44:42 -0300] "GET /cormun/static/Resources/PXToolsLoginBackground.png HTTP/1.1" 200 1164
192.168.10.60 - - [14/Mar/2017:10:44:42 -0300] "GET /cormun/static/Resources/PXToolsButtonLeft21.png HTTP/1.1" 200 1287
192.168.10.60 - - [14/Mar/2017:10:44:42 -0300] "GET /cormun/static/Resources/PXToolsButtonRight21.png HTTP/1.1" 200 1283
192.168.10.60 - - [14/Mar/2017:10:44:42 -0300] "GET /cormun/static/Resources/PXToolsButtonBackground2.png HTTP/1.1" 200 1181
192.168.10.60 - - [14/Mar/2017:10:44:42 -0300] "GET /cormun/static/Resources/PXToolsLoginBottom.png HTTP/1.1" 200 1389
192.168.10.60 - - [14/Mar/2017:10:44:42 -0300] "GET /cormun/static/Resources/indicator.gif HTTP/1.1" 200 1553
192.168.10.60 - - [14/Mar/2017:10:44:44 -0300] "POST /cormun/servlet/hlogin?bd742192ad1077e3773d6235017d8dc6,gx-no-cache=1489498338510 HTTP/1.1" 200 90
192.168.10.60 - - [14/Mar/2017:10:44:44 -0300] "GET /cormun/servlet/hpexe_link HTTP/1.1" 200 954
192.168.10.60 - - [14/Mar/2017:10:44:44 -0300] "GET /cormun/static/hpexe_link.js?201612218515532 HTTP/1.1" 200 625
192.168.10.60 - - [14/Mar/2017:10:44:44 -0300] "GET /cormun/static/gxcfg.js?201612218515529 HTTP/1.1" 200 953
192.168.10.60 - - [14/Mar/2017:10:44:44 -0300] "GET /cormun/static/Resources/Spanish/PXTools.css?18365030 HTTP/1.1" 200 89042
192.168.10.60 - - [14/Mar/2017:10:44:44 -0300] "GET /cormun/servlet/hhome HTTP/1.1" 200 3752
192.168.10.60 - - [14/Mar/2017:10:44:44 -0300] "GET /cormun/static/SmoothNavMenu/resources/ddsmoothmenu.css?1112540 HTTP/1.1" 200 2223
192.168.10.60 - - [14/Mar/2017:10:44:44 -0300] "GET /cormun/static/gxcfg.js?201612218515568 HTTP/1.1" 200 953
192.168.10.60 - - [14/Mar/2017:10:44:44 -0300] "GET /cormun/static/scaMessage/css/jquery.pnotify.default.css?1816380 HTTP/1.1" 200 1707
192.168.10.60 - - [14/Mar/2017:10:44:44 -0300] "GET /cormun/static/Shared/jqueryui/jquery-ui.min.css?1345370 HTTP/1.1" 200 30288
192.168.10.60 - - [14/Mar/2017:10:44:44 -0300] "GET /cormun/static/Resources/Spanish/PXTools.css?18365030 HTTP/1.1" 200 89042
192.168.10.60 - - [14/Mar/2017:10:44:44 -0300] "GET /cormun/static/SmoothNavMenu/resources/ddsmoothmenu-v.css?1112540 HTTP/1.1" 200 1188
192.168.10.60 - - [14/Mar/2017:10:44:44 -0300] "GET /cormun/static/PXToolsJavascripts/pexe_autoreload.js HTTP/1.1" 200 1762
192.168.10.60 - - [14/Mar/2017:10:44:44 -0300] "GET /cormun/static/PXToolsJavascripts/pexe_cookies.js HTTP/1.1" 200 792
192.168.10.60 - - [14/Mar/2017:10:44:44 -0300] "GET /cormun/static/PXToolsJavascripts/pexe_windows.js HTTP/1.1" 200 15207
192.168.10.60 - - [14/Mar/2017:10:44:44 -0300] "GET /cormun/static/PXToolsJavascripts/pexe_griddivfix.js HTTP/1.1" 200 6644
192.168.10.60 - - [14/Mar/2017:10:44:44 -0300] "GET /cormun/static/PXToolsJavascripts/pexe_grid.js HTTP/1.1" 200 7559
192.168.10.60 - - [14/Mar/2017:10:44:44 -0300] "GET /cormun/static/PXToolsJavascripts/pexe_link.js HTTP/1.1" 200 5671
192.168.10.60 - - [14/Mar/2017:10:44:44 -0300] "GET /cormun/static/PXToolsJavascripts/pexe_menudivfix.js HTTP/1.1" 200 333
192.168.10.60 - - [14/Mar/2017:10:44:44 -0300] "GET /cormun/static/PXToolsJavascripts/pexe_layers.js HTTP/1.1" 200 4114
192.168.10.60 - - [14/Mar/2017:10:44:44 -0300] "GET /cormun/static/PXToolsJavascripts/pexe_oavdivfix.js HTTP/1.1" 200 639
192.168.10.60 - - [14/Mar/2017:10:44:44 -0300] "GET /cormun/static/PXToolsJavascripts/pexe_menus.js HTTP/1.1" 200 1286
192.168.10.60 - - [14/Mar/2017:10:44:44 -0300] "GET /cormun/static/PXToolsJavascripts/pexe_oav.js HTTP/1.1" 200 645
192.168.10.60 - - [14/Mar/2017:10:44:44 -0300] "GET /cormun/static/PXToolsJavascripts/pexe_popup.js HTTP/1.1" 200 13458
192.168.10.60 - - [14/Mar/2017:10:44:44 -0300] "GET /cormun/static/PXToolsJavascripts/pexe_picture.js HTTP/1.1" 200 689
192.168.10.60 - - [14/Mar/2017:10:44:44 -0300] "GET /cormun/static/PXToolsJavascripts/pexe_scrolldiv.js HTTP/1.1" 200 4138
192.168.10.60 - - [14/Mar/2017:10:44:44 -0300] "GET /cormun/static/PXToolsJavascripts/pexe_tabdivfix.js HTTP/1.1" 200 876
192.168.10.60 - - [14/Mar/2017:10:44:44 -0300] "GET /cormun/static/PXToolsJavascripts/pexe_tabs.js HTTP/1.1" 200 3748
192.168.10.60 - - [14/Mar/2017:10:44:44 -0300] "GET /cormun/static/PXToolsJavascripts/pexe_upload.js HTTP/1.1" 200 1423
192.168.10.60 - - [14/Mar/2017:10:44:44 -0300] "GET /cormun/static/PXToolsJavascripts/PXToolsJavascriptsRender.js HTTP/1.1" 200 367
192.168.10.60 - - [14/Mar/2017:10:44:44 -0300] "GET /cormun/static/RunJS/RunJS.js HTTP/1.1" 200 288
192.168.10.60 - - [14/Mar/2017:10:44:44 -0300] "GET /cormun/static/hpexe_recentlink.js?201610171694390 HTTP/1.1" 200 2144
192.168.10.60 - - [14/Mar/2017:10:44:44 -0300] "GET /cormun/static/hhome.js?201612218515573 HTTP/1.1" 200 777
192.168.10.60 - - [14/Mar/2017:10:44:44 -0300] "GET /cormun/static/hwchdr01.js?201612218432057 HTTP/1.1" 200 1183
192.168.10.60 - - [14/Mar/2017:10:44:44 -0300] "GET /cormun/static/Shared/ext/locale/ext-lang-en.js HTTP/1.1" 200 10940
192.168.10.60 - - [14/Mar/2017:10:44:44 -0300] "GET /cormun/static/gxui/gxui-all.js HTTP/1.1" 200 107772
192.168.10.60 - - [14/Mar/2017:10:44:44 -0300] "GET /cormun/static/hpexe_scripts.js?201612218432016 HTTP/1.1" 200 1544
192.168.10.60 - - [14/Mar/2017:10:44:44 -0300] "GET /cormun/static/hpexe_messagecontroller.js?201610171694323 HTTP/1.1" 200 870
192.168.10.60 - - [14/Mar/2017:10:44:44 -0300] "GET /cormun/static/hpexe_messagepopupcomponent.js?20161017169425 HTTP/1.1" 200 605
192.168.10.60 - - [14/Mar/2017:10:44:44 -0300] "GET /cormun/static/Resources/PXToolsHeaderLogin.png HTTP/1.1" 200 4279
192.168.10.60 - - [14/Mar/2017:10:44:44 -0300] "GET /cormun/static/Resources/PXToolsHeaderActionsBackground.png HTTP/1.1" 200 484
192.168.10.60 - - [14/Mar/2017:10:44:44 -0300] "GET /cormun/static/Resources/PXToolsDataTitle.png HTTP/1.1" 200 1173
192.168.10.60 - - [14/Mar/2017:10:44:44 -0300] "GET /cormun/static/Resources/PXToolsHeaderHome.png HTTP/1.1" 200 4147
192.168.10.60 - - [14/Mar/2017:10:44:44 -0300] "GET /cormun/static/Resources/PXToolsFooterBackground2.png HTTP/1.1" 200 1172
192.168.10.60 - - [14/Mar/2017:10:44:44 -0300] "GET /cormun/static/Resources/PXToolsHeaderPreferences.png HTTP/1.1" 200 4189
192.168.10.60 - - [14/Mar/2017:10:44:44 -0300] "GET /cormun/static/Resources/logo4.png HTTP/1.1" 200 6582
192.168.10.60 - - [14/Mar/2017:10:44:44 -0300] "GET /cormun/static/Resources/PXToolsHeaderSecurity.png HTTP/1.1" 200 4166
192.168.10.60 - - [14/Mar/2017:10:44:44 -0300] "GET /cormun/static/Resources/PXToolsHeaderBackground2.png HTTP/1.1" 200 1174
192.168.10.60 - - [14/Mar/2017:10:44:44 -0300] "GET /cormun/static/Resources/PXToolsHeaderActionsLeft.png HTTP/1.1" 200 1118
192.168.10.60 - - [14/Mar/2017:10:44:44 -0300] "GET /cormun/static/Resources/PXToolsHeaderActionsRight.png HTTP/1.1" 200 1201
192.168.10.60 - - [14/Mar/2017:10:44:44 -0300] "GET /cormun/static/hpexe_messagegenexuscomponent.js?201612218431816 HTTP/1.1" 200 587
192.168.10.60 - - [14/Mar/2017:10:44:44 -0300] "GET /cormun/static/cmcontrolpreferences.js?201612218431999 HTTP/1.1" 200 1375
192.168.10.60 - - [14/Mar/2017:10:44:44 -0300] "GET /cormun/static/SmoothNavMenu/resources/SmoothNavMenuRender.js HTTP/1.1" 200 5951
192.168.10.60 - - [14/Mar/2017:10:44:44 -0300] "GET /cormun/static/SmoothNavMenu/resources/ddsmoothmenu.js HTTP/1.1" 200 12712
192.168.10.60 - - [14/Mar/2017:10:44:44 -0300] "GET /cormun/static/Shared/jquery/jquery-1.4.2.min.js HTTP/1.1" 200 72174
192.168.10.60 - - [14/Mar/2017:10:44:44 -0300] "GET /cormun/static/scaMessage/js/jquery.pnotify.min.js HTTP/1.1" 200 13038
192.168.10.60 - - [14/Mar/2017:10:44:44 -0300] "GET /cormun/static/scaMessage/scaMessageRender.js HTTP/1.1" 200 11977
192.168.10.60 - - [14/Mar/2017:10:44:44 -0300] "GET /cormun/static/hmpwkw03.js?20161221852152 HTTP/1.1" 200 3965
192.168.10.60 - - [14/Mar/2017:10:44:44 -0300] "GET /cormun/static/Shared/jqueryui/jquery-ui.min.js HTTP/1.1" 200 240427
192.168.10.60 - - [14/Mar/2017:10:44:44 -0300] "GET /cormun/static/Shared/jquery/jquery-1.10.2.min.js HTTP/1.1" 200 273199
192.168.10.60 - - [14/Mar/2017:10:44:44 -0300] "GET /cormun/static/Shared/ext/ext-all.js HTTP/1.1" 200 1289687
192.168.10.60 - - [14/Mar/2017:10:44:44 -0300] "GET /cormun/static/SmoothNavMenu/resources/images/down.gif HTTP/1.1" 200 854
192.168.10.60 - - [14/Mar/2017:10:44:44 -0300] "GET /cormun/servlet/hhome HTTP/1.1" 200 3749
186.103.159.187 - - [14/Mar/2017:10:44:46 -0300] "GET /cormun/servlet/hlogin HTTP/1.1" 200 1728
192.168.10.60 - - [14/Mar/2017:10:44:49 -0300] "GET /cormun/servlet/trautorizarot? HTTP/1.1" 200 24541
192.168.10.60 - - [14/Mar/2017:10:44:49 -0300] "GET /cormun/static/gxui/gxui-all.css?120300 HTTP/1.1" 200 2179
192.168.10.60 - - [14/Mar/2017:10:44:49 -0300] "GET /cormun/static/SmoothNavMenu/resources/ddsmoothmenu.css?1112540 HTTP/1.1" 200 2223
192.168.10.60 - - [14/Mar/2017:10:44:49 -0300] "GET /cormun/static/Shared/jqueryui/jquery-ui.min.css?1345370 HTTP/1.1" 200 30288
192.168.10.60 - - [14/Mar/2017:10:44:49 -0300] "GET /cormun/static/calendar-system.css?85620 HTTP/1.1" 200 5572
192.168.10.60 - - [14/Mar/2017:10:44:49 -0300] "GET /cormun/static/SmoothNavMenu/resources/ddsmoothmenu-v.css?1112540 HTTP/1.1" 200 1188
192.168.10.60 - - [14/Mar/2017:10:44:49 -0300] "GET /cormun/static/scaMessage/css/jquery.pnotify.default.css?1816380 HTTP/1.1" 200 1707
192.168.10.60 - - [14/Mar/2017:10:44:49 -0300] "GET /cormun/static/gxcfg.js?20172622385320 HTTP/1.1" 200 953
192.168.10.60 - - [14/Mar/2017:10:44:49 -0300] "GET /cormun/static/calendar-setup.js?85251 HTTP/1.1" 200 2588
192.168.10.60 - - [14/Mar/2017:10:44:49 -0300] "GET /cormun/static/Resources/Spanish/PXTools.css?18365030 HTTP/1.1" 200 89042
192.168.10.60 - - [14/Mar/2017:10:44:49 -0300] "GET /cormun/static/calendar.js?85251 HTTP/1.1" 200 26246
192.168.10.60 - - [14/Mar/2017:10:44:49 -0300] "GET /cormun/static/calendar-es.js?85251 HTTP/1.1" 200 1901
192.168.10.60 - - [14/Mar/2017:10:44:49 -0300] "GET /cormun/static/gxdec.js?85251 HTTP/1.1" 200 19579
192.168.10.60 - - [14/Mar/2017:10:44:49 -0300] "GET /cormun/static/Shared/ext/resources/css/ext-all.css?215870 HTTP/1.1" 200 416045
192.168.10.60 - - [14/Mar/2017:10:44:49 -0300] "GET /cormun/static/trautorizarot.js?201726223913 HTTP/1.1" 200 53009
192.168.10.60 - - [14/Mar/2017:10:44:49 -0300] "GET /cormun/static/Resources/PXTools/calendar.png HTTP/1.1" 200 1306
192.168.10.60 - - [14/Mar/2017:10:44:49 -0300] "GET /cormun/static/Resources/PXToolsDataSearch.png HTTP/1.1" 200 419
192.168.10.60 - - [14/Mar/2017:10:44:49 -0300] "GET /cormun/static/Resources/PXToolsGridFirstDisabled.gif HTTP/1.1" 200 100
192.168.10.60 - - [14/Mar/2017:10:44:49 -0300] "GET /cormun/static/Resources/PXToolsGridPreviousDisabled.gif HTTP/1.1" 200 90
192.168.10.60 - - [14/Mar/2017:10:44:49 -0300] "GET /cormun/static/Resources/PXToolsGridNextDisabled.gif HTTP/1.1" 200 90
192.168.10.60 - - [14/Mar/2017:10:44:49 -0300] "GET /cormun/static/Resources/PXToolsGridLastDisabled.gif HTTP/1.1" 200 98
192.168.10.60 - - [14/Mar/2017:10:44:49 -0300] "GET /cormun/static/Resources/PXToolsActionExcel.png HTTP/1.1" 200 3187
192.168.10.60 - - [14/Mar/2017:10:44:49 -0300] "GET /cormun/static/Resources/PXToolsAddAllStandardAction.png HTTP/1.1" 200 628
192.168.10.60 - - [14/Mar/2017:10:44:49 -0300] "GET /cormun/static/Resources/PXToolsRemoveAllStandardAction.png HTTP/1.1" 200 495
192.168.10.60 - - [14/Mar/2017:10:44:50 -0300] "GET /cormun/static/Resources/asc.gif HTTP/1.1" 200 67
192.168.10.60 - - [14/Mar/2017:10:44:50 -0300] "GET /cormun/static/Resources/desc.gif HTTP/1.1" 200 65
192.168.10.60 - - [14/Mar/2017:10:44:50 -0300] "GET /cormun//static/Resources/PXToolsDataSearchRemember.gif HTTP/1.1" 200 1153
192.168.10.60 - - [14/Mar/2017:10:44:50 -0300] "GET /cormun//static/Resources/PXToolsGridDelete.png HTTP/1.1" 200 357
192.168.10.60 - - [14/Mar/2017:10:44:50 -0300] "GET /cormun/static/Shared/ext/resources/themes/images/default/panel/bg-headersPanel.png HTTP/1.1" 200 255
192.168.10.60 - - [14/Mar/2017:10:44:50 -0300] "GET /cormun/static/Shared/ext/resources/themes/images/default/tools/tool-sprites.gif HTTP/1.1" 200 5434
186.103.158.250 - - [14/Mar/2017:10:44:50 -0300] "GET /cormun/servlet/hlogin HTTP/1.1" 200 1716
192.168.10.60 - - [14/Mar/2017:10:44:50 -0300] "GET /cormun/servlet/trautorizarot? HTTP/1.1" 200 24539
186.103.159.187 - - [14/Mar/2017:10:44:53 -0300] "POST /cormun/servlet/hlogin?ebcc730e546388a23c876c2f484606b2,gx-no-cache=1489499159969 HTTP/1.1" 200 435
192.168.10.60 - - [14/Mar/2017:10:44:55 -0300] "GET /cormun/static/menuarrow.gif HTTP/1.1" 404 1015
186.103.159.187 - - [14/Mar/2017:10:44:59 -0300] "POST /cormun/servlet/hlogin?ebcc730e546388a23c876c2f484606b2,gx-no-cache=1489499165870 HTTP/1.1" 200 90
186.103.159.187 - - [14/Mar/2017:10:44:59 -0300] "GET /cormun/servlet/hpexe_link HTTP/1.1" 200 956
186.103.159.187 - - [14/Mar/2017:10:45:00 -0300] "GET /cormun/servlet/hhome HTTP/1.1" 200 3738
186.103.159.187 - - [14/Mar/2017:10:45:01 -0300] "GET /cormun/servlet/hhome HTTP/1.1" 200 3735
192.168.10.60 - - [14/Mar/2017:10:45:01 -0300] "POST /cormun/servlet/trautorizarot?bd742192ad1077e3773d6235017d8dc6,,gx-no-cache=1489498356045 HTTP/1.1" 200 11567
186.103.158.250 - - [14/Mar/2017:10:45:04 -0300] "POST /cormun/servlet/hlogin?90278d52d2c03105b7dec33e16c0a6df,gx-no-cache=1489499172407 HTTP/1.1" 200 90
186.103.158.250 - - [14/Mar/2017:10:45:04 -0300] "GET /cormun/servlet/hpexe_link HTTP/1.1" 200 949
186.103.158.250 - - [14/Mar/2017:10:45:04 -0300] "GET /cormun/servlet/hhome HTTP/1.1" 200 3937
186.103.159.187 - - [14/Mar/2017:10:45:04 -0300] "GET /cormun/servlet/trsolicitudot? HTTP/1.1" 200 7958
186.103.159.187 - - [14/Mar/2017:10:45:05 -0300] "GET /cormun/servlet/trsolicitudot? HTTP/1.1" 200 7956
186.103.158.250 - - [14/Mar/2017:10:45:05 -0300] "GET /cormun/servlet/hhome HTTP/1.1" 200 3933
186.103.159.187 - - [14/Mar/2017:10:45:09 -0300] "GET /cormun/servlet/solicitudot?INS,0,0, HTTP/1.1" 200 12548
186.103.159.187 - - [14/Mar/2017:10:45:10 -0300] "GET /cormun/servlet/solicitudot?INS,0,0, HTTP/1.1" 200 12553
186.103.158.250 - - [14/Mar/2017:10:45:14 -0300] "GET /cormun/servlet/trautorizarsolicitud? HTTP/1.1" 200 6850
186.103.158.250 - - [14/Mar/2017:10:45:15 -0300] "GET /cormun/servlet/trautorizarsolicitud? HTTP/1.1" 200 6850
192.168.10.60 - - [14/Mar/2017:10:45:24 -0300] "POST /cormun/servlet/trautorizarot?bd742192ad1077e3773d6235017d8dc6,,gx-no-cache=1489498378621 HTTP/1.1" 200 10860
186.103.159.187 - - [14/Mar/2017:10:45:26 -0300] "POST /cormun/servlet/solicitudot?gx-no-cache=1489499192505 HTTP/1.1" 200 3152
186.103.159.187 - - [14/Mar/2017:10:45:26 -0300] "POST /cormun/servlet/solicitudot?ebcc730e546388a23c876c2f484606b2,INS,0,0,,gx-no-cache=1489499192677 HTTP/1.1" 200 9760
186.103.158.250 - - [14/Mar/2017:10:45:29 -0300] "POST /cormun/servlet/trautorizarsolicitud?90278d52d2c03105b7dec33e16c0a6df,,gx-no-cache=1489499197428 HTTP/1.1" 200 4107
186.103.159.187 - - [14/Mar/2017:10:45:34 -0300] "GET /cormun/servlet/solicitudot?01bf091b64388e65b2a2aeee0500ff827f4c5e3064a8d71f38a333a10589ed67fb314945d4d774879e454594b139773a,gx-no-cache=1489499200569 HTTP/1.1" 200 30
186.103.159.187 - - [14/Mar/2017:10:45:34 -0300] "POST /cormun/servlet/solicitudot?gx-no-cache=1489499200751 HTTP/1.1" 200 255
186.103.159.187 - - [14/Mar/2017:10:45:35 -0300] "GET /cormun/servlet/solicitudot?01bf091b64388e65b2a2aeee0500ff827c7c47736860be9143c6c6baedd099d5556931731f566d641efe9c2d09988c1180b5b7e9388f2c2bd6a347fdccb49627d33dc94f7b8dd0a51ad7e497266fe20d72bd917aab6f9daeaad4a7ca65da33eb9c44acc89015c87a5e435d13fdab6f5f401fb1d55f1e6a10cfcebbdcb21c94e835c43731b71603f162917f201ba328f6d1013f8b0b7edc6d43a800f6477c464bbeb49d2271674ec42bb68435877a6fba171ff2d926ab53f9e6438de7386b1dea22191c93305c5604632eaa7c250cf97b9a2a21530f6fa9e6317abeebc555ce23530bb003154bc8041a16ab4c0a111aea80868aee8beb87baf0d6b7c09e17bb7902bf4fc920efe68a8aa7f13c7fe346abd838026d7cd33ec2cef77b958592fab5944e7b08dccd1cec972862cb441e5428b1aaa4d1becbed0f22ba90cd6f78905f9a60078030c0bf86d76739ec9cd053547869f8108cdf99e9c5b66c0b49c3b1ef092349b8a60b7b568f68e5dca976aba04f80333bbf0840c68ad46b5dd5c2a8d2,gx-no-cache=1489499201111 HTTP/1.1" 200 30
186.103.158.250 - - [14/Mar/2017:10:45:36 -0300] "POST /cormun/servlet/trautorizarsolicitud?90278d52d2c03105b7dec33e16c0a6df,,gx-no-cache=1489499204410 HTTP/1.1" 200 4106
192.168.10.60 - - [14/Mar/2017:10:45:36 -0300] "POST /cormun/servlet/trautorizarot?bd742192ad1077e3773d6235017d8dc6,,gx-no-cache=1489498391072 HTTP/1.1" 200 10159
186.103.159.187 - - [14/Mar/2017:10:45:37 -0300] "POST /cormun/servlet/solicitudot?gx-no-cache=1489499203602 HTTP/1.1" 200 30
186.103.159.187 - - [14/Mar/2017:10:45:39 -0300] "GET /cormun/servlet/prcontratosol?9543879,,,,,MD,,gxPopupLevel%3D0%3B HTTP/1.1" 200 5562
186.103.158.250 - - [14/Mar/2017:10:45:41 -0300] "GET /cormun/servlet/trautorizarsolicitud? HTTP/1.1" 200 6849
186.103.158.250 - - [14/Mar/2017:10:45:42 -0300] "GET /cormun/servlet/trautorizarsolicitud? HTTP/1.1" 200 6849
186.103.158.250 - - [14/Mar/2017:10:45:44 -0300] "POST /cormun/servlet/trautorizarsolicitud?90278d52d2c03105b7dec33e16c0a6df,,gx-no-cache=1489499212419 HTTP/1.1" 200 4107
186.103.158.250 - - [14/Mar/2017:10:45:45 -0300] "POST /cormun/servlet/trautorizarsolicitud?90278d52d2c03105b7dec33e16c0a6df,,gx-no-cache=1489499213888 HTTP/1.1" 200 4107
186.103.158.250 - - [14/Mar/2017:10:45:45 -0300] "POST /cormun/servlet/trautorizarsolicitud?90278d52d2c03105b7dec33e16c0a6df,,gx-no-cache=1489499214128 HTTP/1.1" 200 4107
192.168.10.60 - - [14/Mar/2017:10:45:46 -0300] "POST /cormun/servlet/trautorizarot?bd742192ad1077e3773d6235017d8dc6,,gx-no-cache=1489498400334 HTTP/1.1" 200 9739
186.103.158.250 - - [14/Mar/2017:10:45:49 -0300] "GET /cormun/servlet/trsolicitudot? HTTP/1.1" 200 8164
186.103.158.250 - - [14/Mar/2017:10:45:50 -0300] "GET /cormun/servlet/trsolicitudot? HTTP/1.1" 200 8164
186.103.158.250 - - [14/Mar/2017:10:45:57 -0300] "POST /cormun/servlet/trsolicitudot?90278d52d2c03105b7dec33e16c0a6df,,gx-no-cache=1489499226387 HTTP/1.1" 200 106
186.103.158.250 - - [14/Mar/2017:10:45:58 -0300] "GET /cormun/servlet/solicitudot?DLT,2017,4825, HTTP/1.1" 200 9507
186.103.158.250 - - [14/Mar/2017:10:45:59 -0300] "GET /cormun/static/Shared/jqueryui/images/ui-bg_highlight-soft_100_c6c2c8_1x100.png HTTP/1.1" 404 1117
186.103.158.250 - - [14/Mar/2017:10:45:59 -0300] "GET /cormun/static/Shared/jqueryui/images/ui-icons_82798d_256x240.png HTTP/1.1" 404 1089
186.103.158.250 - - [14/Mar/2017:10:45:59 -0300] "GET /cormun/static/Shared/jqueryui/images/ui-bg_flat_55_fafafa_40x100.png HTTP/1.1" 404 1097
186.103.158.250 - - [14/Mar/2017:10:45:59 -0300] "GET /cormun/static/Shared/jqueryui/images/ui-icons_8d78a5_256x240.png HTTP/1.1" 404 1089
186.103.158.250 - - [14/Mar/2017:10:45:59 -0300] "GET /cormun/servlet/solicitudot?DLT,2017,4825, HTTP/1.1" 200 9517
192.168.10.60 - - [14/Mar/2017:10:46:00 -0300] "POST /cormun/servlet/trautorizarot?bd742192ad1077e3773d6235017d8dc6,,gx-no-cache=1489498414203 HTTP/1.1" 200 9030
186.103.158.250 - - [14/Mar/2017:10:46:05 -0300] "POST /cormun/servlet/solicitudot?90278d52d2c03105b7dec33e16c0a6df,DLT,2017,4825,,gx-no-cache=1489499233631 HTTP/1.1" 200 12572
186.103.158.250 - - [14/Mar/2017:10:46:05 -0300] "GET /cormun/static/Shared/jqueryui/images/ui-bg_flat_55_994d53_40x100.png HTTP/1.1" 404 1097
186.103.158.250 - - [14/Mar/2017:10:46:05 -0300] "GET /cormun/static/Shared/jqueryui/images/ui-icons_ebccce_256x240.png HTTP/1.1" 404 1089
192.168.10.60 - - [14/Mar/2017:10:46:05 -0300] "POST /cormun/servlet/trautorizarot?bd742192ad1077e3773d6235017d8dc6,,gx-no-cache=1489498419875 HTTP/1.1" 200 8615
186.103.159.187 - - [14/Mar/2017:10:46:08 -0300] "POST /cormun/servlet/solicitudot?gx-no-cache=1489499234930 HTTP/1.1" 200 1372
186.103.159.187 - - [14/Mar/2017:10:46:08 -0300] "GET /cormun/static/Shared/jqueryui/images/ui-bg_highlight-soft_100_c6c2c8_1x100.png HTTP/1.1" 404 1117
186.103.159.187 - - [14/Mar/2017:10:46:08 -0300] "GET /cormun/static/Shared/jqueryui/images/ui-icons_82798d_256x240.png HTTP/1.1" 404 1089
186.103.159.187 - - [14/Mar/2017:10:46:08 -0300] "GET /cormun/static/Shared/jqueryui/images/ui-bg_flat_55_994d53_40x100.png HTTP/1.1" 404 1097
186.103.159.187 - - [14/Mar/2017:10:46:08 -0300] "GET /cormun/static/Shared/jqueryui/images/ui-icons_ebccce_256x240.png HTTP/1.1" 404 1089
186.103.159.187 - - [14/Mar/2017:10:46:08 -0300] "POST /cormun/servlet/solicitudot?gx-no-cache=1489499235077 HTTP/1.1" 200 117
186.103.159.187 - - [14/Mar/2017:10:46:09 -0300] "GET /cormun/servlet/solicitudot?01bf091b64388e65b2a2aeee0500ff8283753238783c58d7cf1b4fce629873491cb0a4a78b286b81dfeb6ebd65bd784e6946128badb8d6e51a81d9957f819fa66c3c6f898ad5584e4235ae197c86bce89c07f4db9bd1cb0262a65f255d0fe6ca29e4d576faa0d1babe270a98f24c2df1a67cf7786a7375422eef4f9124370c0d74962f4e9bd1457ca11246d86148ea9871d250fed79bc68ad837900693d75add,gx-no-cache=1489499235150 HTTP/1.1" 200 29
186.103.158.250 - - [14/Mar/2017:10:46:09 -0300] "GET /cormun/servlet/trsolicitudot? HTTP/1.1" 200 8164
186.103.159.187 - - [14/Mar/2017:10:46:09 -0300] "GET /cormun/servlet/solicitudot?01bf091b64388e65b2a2aeee0500ff82d5dc509014a496b391d8ea3bae27050cffa1f0d8040ce047ca6628c366951bd827ad5bacdaf7fcc628d21e8e601fba1589eac101f9aaf33e97bbb070456e3d4e10834c5def9afdb2000a13d2374fd77f16fd08f6fb44c06b9792a582c239960dde073dc9c79392a7f9947b75ef18042c8adae9cf1024c897be4af41b938bcf3f014381a0196dbdfac02211caaa2d32a2,gx-no-cache=1489499235193 HTTP/1.1" 200 57
186.103.159.187 - - [14/Mar/2017:10:46:09 -0300] "GET /cormun/servlet/solicitudot?01bf091b64388e65b2a2aeee0500ff8232edfa7817271b0a5b38493ba022bfe3ffa1f0d8040ce047ca6628c366951bd827ad5bacdaf7fcc628d21e8e601fba15b5c1042b9d3cd42a4bdf232d246072cacc7e00874977ac4822c2a0ce44a5def5d094198e5dc085a12c7bfc5b93a5521b0d37ebbe8a9c8a8d878c5cf5dbdc2a50,gx-no-cache=1489499235227 HTTP/1.1" 200 57
192.168.10.60 - - [14/Mar/2017:10:46:09 -0300] "POST /cormun/servlet/trautorizarot?bd742192ad1077e3773d6235017d8dc6,,gx-no-cache=1489498424110 HTTP/1.1" 200 8168
186.103.158.250 - - [14/Mar/2017:10:46:10 -0300] "GET /cormun/servlet/trsolicitudot? HTTP/1.1" 200 8164
201.236.57.223 - - [14/Mar/2017:10:46:13 -0300] "POST /cormun/servlet/solicitudotadjuntos?gx-no-cache=1489499236791 HTTP/1.1" 200 26
186.103.158.250 - - [14/Mar/2017:10:46:14 -0300] "GET /cormun/servlet/hlogin HTTP/1.1" 200 1713
186.103.159.187 - - [14/Mar/2017:10:46:15 -0300] "GET /cormun/servlet/prcontratosol?9543879,,,,,MD,,gxPopupLevel%3D0%3B HTTP/1.1" 200 5562
201.236.57.223 - - [14/Mar/2017:10:46:18 -0300] "GET /cormun/servlet/solicitudotadjuntos?d6f8c813e135d3cf27af91d3c35b6ad56d79a4c63e9c9d2bbeb74467bfb6f862,gx-no-cache=1489499242303 HTTP/1.1" 200 30
201.236.57.223 - - [14/Mar/2017:10:46:18 -0300] "GET /cormun/servlet/solicitudotadjuntos?d6f8c813e135d3cf27af91d3c35b6ad56d79a4c63e9c9d2bbeb74467bfb6f862,gx-no-cache=1489499242392 HTTP/1.1" 200 30
192.168.10.60 - - [14/Mar/2017:10:46:23 -0300] "POST /cormun/servlet/trautorizarot?bd742192ad1077e3773d6235017d8dc6,,gx-no-cache=1489498437515 HTTP/1.1" 200 7759
201.236.57.223 - - [14/Mar/2017:10:46:23 -0300] "POST /cormun/servlet/solicitudotadjuntos?ba15b894c9bf6b8a8350c45e723a7f1d,INS,2017,5487,,1, HTTP/1.1" 200 116
201.236.57.223 - - [14/Mar/2017:10:46:23 -0300] "GET /cormun/servlet/hpexe_return? HTTP/1.1" 200 1029
201.236.57.223 - - [14/Mar/2017:10:46:24 -0300] "GET /cormun/servlet/trsolicitudadjuntos?2017,5487, HTTP/1.1" 200 8578
192.168.10.60 - - [14/Mar/2017:10:46:28 -0300] "POST /cormun/servlet/trautorizarot?bd742192ad1077e3773d6235017d8dc6,,gx-no-cache=1489498443133 HTTP/1.1" 200 7341
186.103.158.250 - - [14/Mar/2017:10:46:31 -0300] "POST /cormun/servlet/hlogin?e2e93305384b47e168e45b7e88ff09e0,gx-no-cache=1489499259381 HTTP/1.1" 200 90
186.103.158.250 - - [14/Mar/2017:10:46:31 -0300] "GET /cormun/servlet/hpexe_link HTTP/1.1" 200 949
186.103.158.250 - - [14/Mar/2017:10:46:31 -0300] "GET /cormun/servlet/hhome HTTP/1.1" 200 3935
186.103.158.250 - - [14/Mar/2017:10:46:32 -0300] "GET /cormun/servlet/hhome HTTP/1.1" 200 3931
186.103.158.250 - - [14/Mar/2017:10:46:43 -0300] "GET /cormun/servlet/trsolicitudot? HTTP/1.1" 200 8171
192.168.10.60 - - [14/Mar/2017:10:46:44 -0300] "POST /cormun/servlet/trautorizarot?bd742192ad1077e3773d6235017d8dc6,,gx-no-cache=1489498458534 HTTP/1.1" 200 7012
186.103.158.250 - - [14/Mar/2017:10:46:45 -0300] "GET /cormun/servlet/trsolicitudot? HTTP/1.1" 200 8168
186.103.158.250 - - [14/Mar/2017:10:46:51 -0300] "GET /cormun/servlet/trsolicitudot? HTTP/1.1" 200 8168
186.103.158.250 - - [14/Mar/2017:10:46:52 -0300] "GET /cormun/servlet/trsolicitudot? HTTP/1.1" 200 8168
186.103.159.187 - - [14/Mar/2017:10:46:52 -0300] "GET /cormun/servlet/prfichaempleado?,MD,,gxPopupLevel%3D0%3B HTTP/1.1" 200 8783
201.236.57.223 - - [14/Mar/2017:10:46:52 -0300] "GET /cormun/servlet/solicitudotadjuntos?INS,2017,5487,,1, HTTP/1.1" 200 6036
201.236.57.223 - - [14/Mar/2017:10:46:53 -0300] "HEAD /cormun/static/about:blank HTTP/1.1" 404 -
201.236.57.223 - - [14/Mar/2017:10:46:54 -0300] "GET /cormun/servlet/solicitudotadjuntos?d6f8c813e135d3cf27af91d3c35b6ad57d19dea7986d626a3cf2cd02a88aa816abfc2deea3759dfff14614a5a1400fa8,gx-no-cache=1489499277712 HTTP/1.1" 200 30
201.236.57.223 - - [14/Mar/2017:10:46:54 -0300] "POST /cormun/servlet/solicitudotadjuntos?ba15b894c9bf6b8a8350c45e723a7f1d,INS,2017,5487,,1,,gx-no-cache=1489499277877 HTTP/1.1" 200 3827
201.236.57.223 - - [14/Mar/2017:10:46:57 -0300] "POST /cormun/servlet/solicitudotadjuntos?gx-no-cache=1489499281239 HTTP/1.1" 200 26
201.236.57.223 - - [14/Mar/2017:10:47:03 -0300] "GET /cormun/servlet/solicitudotadjuntos?d6f8c813e135d3cf27af91d3c35b6ad56d79a4c63e9c9d2bbeb74467bfb6f862,gx-no-cache=1489499286943 HTTP/1.1" 200 30
201.236.57.223 - - [14/Mar/2017:10:47:03 -0300] "GET /cormun/servlet/solicitudotadjuntos?d6f8c813e135d3cf27af91d3c35b6ad56d79a4c63e9c9d2bbeb74467bfb6f862,gx-no-cache=1489499287076 HTTP/1.1" 200 30
186.103.159.187 - - [14/Mar/2017:10:47:03 -0300] "POST /cormun/servlet/prfichaempleado?ebcc730e546388a23c876c2f484606b2,,MD,,gxPopupLevel%3D0%3B,gx-no-cache=1489499289645 HTTP/1.1" 200 3397
186.103.158.250 - - [14/Mar/2017:10:47:05 -0300] "GET /cormun/servlet/solicitudot?INS,0,0, HTTP/1.1" 200 12741
186.103.158.250 - - [14/Mar/2017:10:47:06 -0300] "GET /cormun/servlet/solicitudot?INS,0,0, HTTP/1.1" 200 12746
201.236.57.223 - - [14/Mar/2017:10:47:09 -0300] "POST /cormun/servlet/solicitudotadjuntos?ba15b894c9bf6b8a8350c45e723a7f1d,INS,2017,5487,,1, HTTP/1.1" 200 116
201.236.57.223 - - [14/Mar/2017:10:47:09 -0300] "GET /cormun/servlet/hpexe_return? HTTP/1.1" 200 1029
201.236.57.223 - - [14/Mar/2017:10:47:09 -0300] "GET /cormun/servlet/trsolicitudadjuntos?2017,5487, HTTP/1.1" 200 8708
186.103.159.187 - - [14/Mar/2017:10:47:09 -0300] "POST /cormun/servlet/solicitudot?gx-no-cache=1489499295682 HTTP/1.1" 200 1291
186.103.159.187 - - [14/Mar/2017:10:47:09 -0300] "GET /cormun/static/menuarrow.gif HTTP/1.1" 404 1015
186.103.159.187 - - [14/Mar/2017:10:47:13 -0300] "POST /cormun/servlet/solicitudot?gx-no-cache=1489499299492 HTTP/1.1" 200 41
201.236.57.223 - - [14/Mar/2017:10:47:14 -0300] "GET /cormun/servlet/solicitudotadjuntos?INS,2017,5487,,1, HTTP/1.1" 200 6036
201.236.57.223 - - [14/Mar/2017:10:47:14 -0300] "HEAD /cormun/static/about:blank HTTP/1.1" 404 -
201.236.57.223 - - [14/Mar/2017:10:47:15 -0300] "GET /cormun/servlet/solicitudotadjuntos?d6f8c813e135d3cf27af91d3c35b6ad57d19dea7986d626a3cf2cd02a88aa816abfc2deea3759dfff14614a5a1400fa8,gx-no-cache=1489499298825 HTTP/1.1" 200 30
201.236.57.223 - - [14/Mar/2017:10:47:15 -0300] "POST /cormun/servlet/solicitudotadjuntos?ba15b894c9bf6b8a8350c45e723a7f1d,INS,2017,5487,,1,,gx-no-cache=1489499298892 HTTP/1.1" 200 3827
186.103.159.187 - - [14/Mar/2017:10:47:17 -0300] "POST /cormun/servlet/solicitudot?gx-no-cache=1489499303237 HTTP/1.1" 200 1274
186.103.159.187 - - [14/Mar/2017:10:47:17 -0300] "POST /cormun/servlet/solicitudot?gx-no-cache=1489499303306 HTTP/1.1" 200 1157
186.103.159.187 - - [14/Mar/2017:10:47:18 -0300] "POST /cormun/servlet/solicitudot?gx-no-cache=1489499304658 HTTP/1.1" 200 1274
186.103.159.187 - - [14/Mar/2017:10:47:18 -0300] "POST /cormun/servlet/solicitudot?gx-no-cache=1489499304705 HTTP/1.1" 200 1157
186.103.159.187 - - [14/Mar/2017:10:47:20 -0300] "GET /cormun/servlet/solicitudot?01bf091b64388e65b2a2aeee0500ff82c171b002c9363b4d73a74b799e11be7a7d28c430373048eddb0a41e1e01642e2492866995d4ad96c4dbcad10ed253e57db8b6aaf07cbe7fc254905cb066a57ee60a9aaa0836a1620221143c1b5e31e5074ba620422a83d80cac44cd42310b80e4ddd4da59545c2dd3b0b5104cbe2aa59bed5ea88d821e6d92e987638868e45a1a5b28522c59ce6ad723bc84e2068df0811650ddc4a5fd9cbac70d95f3ed7e74680c1e77963de28732f881f89addf9aa3,gx-no-cache=1489499306343 HTTP/1.1" 200 30
186.103.159.187 - - [14/Mar/2017:10:47:28 -0300] "POST /cormun/servlet/solicitudot?ebcc730e546388a23c876c2f484606b2,INS,0,0,,gx-no-cache=1489499314231 HTTP/1.1" 200 11154
186.103.159.187 - - [14/Mar/2017:10:47:36 -0300] "GET /cormun/servlet/prcontratosol?9543879,,,,,MD,,gxPopupLevel%3D0%3B HTTP/1.1" 200 5562
186.103.159.187 - - [14/Mar/2017:10:47:57 -0300] "GET /cormun/servlet/prsolicitudot?9543879,,,,,MD,,gxPopupLevel%3D0%3B HTTP/1.1" 200 5996
192.168.10.96 - - [14/Mar/2017:10:48:25 -0300] "GET /cormun/servlet/trsolicitudgral? HTTP/1.1" 200 23268
201.236.57.223 - - [14/Mar/2017:10:48:25 -0300] "POST /cormun/servlet/solicitudotadjuntos?gx-no-cache=1489499368749 HTTP/1.1" 200 26
192.168.10.96 - - [14/Mar/2017:10:48:25 -0300] "GET /cormun/servlet/hlogin HTTP/1.1" 200 1738
192.168.10.96 - - [14/Mar/2017:10:48:27 -0300] "GET /cormun/servlet/trsolicitudgral? HTTP/1.1" 200 23268
192.168.10.60 - - [14/Mar/2017:10:48:29 -0300] "POST /cormun/servlet/trautorizarot?bd742192ad1077e3773d6235017d8dc6,,gx-no-cache=1489498564124 HTTP/1.1" 200 115
192.168.10.60 - - [14/Mar/2017:10:48:29 -0300] "GET /cormun/servlet/solicitudotlog?INS,2017,5447,0,REC, HTTP/1.1" 200 5547
192.168.10.60 - - [14/Mar/2017:10:48:29 -0300] "GET /cormun/static/calendar-system.css?85620 HTTP/1.1" 200 5572
192.168.10.60 - - [14/Mar/2017:10:48:29 -0300] "GET /cormun/static/SmoothNavMenu/resources/ddsmoothmenu-v.css?1112540 HTTP/1.1" 200 1188
192.168.10.60 - - [14/Mar/2017:10:48:29 -0300] "GET /cormun/static/scaMessage/css/jquery.pnotify.default.css?1816380 HTTP/1.1" 200 1707
192.168.10.60 - - [14/Mar/2017:10:48:29 -0300] "GET /cormun/static/gxcfg.js?201612218471193 HTTP/1.1" 200 953
192.168.10.60 - - [14/Mar/2017:10:48:29 -0300] "GET /cormun/static/SmoothNavMenu/resources/ddsmoothmenu.css?1112540 HTTP/1.1" 200 2223
192.168.10.60 - - [14/Mar/2017:10:48:29 -0300] "GET /cormun/static/Shared/jqueryui/jquery-ui.min.css?1345370 HTTP/1.1" 200 30288
192.168.10.60 - - [14/Mar/2017:10:48:29 -0300] "GET /cormun/static/Resources/Spanish/PXTools.css?18365030 HTTP/1.1" 200 89042
192.168.10.60 - - [14/Mar/2017:10:48:29 -0300] "GET /cormun/static/solicitudotlog.js?20161221847122 HTTP/1.1" 200 8925
192.168.10.60 - - [14/Mar/2017:10:48:30 -0300] "GET /cormun/servlet/solicitudotlog?INS,2017,5447,0,REC, HTTP/1.1" 200 5548
192.168.10.60 - - [14/Mar/2017:10:48:30 -0300] "GET /cormun/servlet/solicitudotlog?31bdc1f6fb90ec9402a617417e3639ce56ea66c8dd824a8df6583928aa5c95242527086452f083770e57e8fbd9080d37a986e5486359d2434febabbf000b3728f9766733973ce3c9afd839195741fe54e4446bafab434145f27536e271fde20573b1b87da5220a7c40a73a98bec8f0cc7801baa54c0ffb05579880e590db5428a64f5c757e95230c5c79db55bfc8022ac1e304635931feca32a0d55ce353eca2,gx-no-cache=1489498565263 HTTP/1.1" 200 94
201.236.57.223 - - [14/Mar/2017:10:48:31 -0300] "GET /cormun/servlet/solicitudotadjuntos?d6f8c813e135d3cf27af91d3c35b6ad56d79a4c63e9c9d2bbeb74467bfb6f862,gx-no-cache=1489499375133 HTTP/1.1" 200 30
201.236.57.223 - - [14/Mar/2017:10:48:31 -0300] "GET /cormun/servlet/solicitudotadjuntos?d6f8c813e135d3cf27af91d3c35b6ad56d79a4c63e9c9d2bbeb74467bfb6f862,gx-no-cache=1489499375458 HTTP/1.1" 200 30
192.168.10.60 - - [14/Mar/2017:10:48:32 -0300] "GET /cormun/servlet/trautorizarot? HTTP/1.1" 200 9923
192.168.10.60 - - [14/Mar/2017:10:48:32 -0300] "GET /cormun/static/gxui/gxui-all.css?120300 HTTP/1.1" 200 2179
192.168.10.60 - - [14/Mar/2017:10:48:32 -0300] "GET /cormun/static/calendar-system.css?85620 HTTP/1.1" 200 5572
192.168.10.60 - - [14/Mar/2017:10:48:32 -0300] "GET /cormun/static/SmoothNavMenu/resources/ddsmoothmenu.css?1112540 HTTP/1.1" 200 2223
192.168.10.60 - - [14/Mar/2017:10:48:32 -0300] "GET /cormun/static/Shared/jqueryui/jquery-ui.min.css?1345370 HTTP/1.1" 200 30288
192.168.10.60 - - [14/Mar/2017:10:48:32 -0300] "GET /cormun/static/SmoothNavMenu/resources/ddsmoothmenu-v.css?1112540 HTTP/1.1" 200 1188
192.168.10.60 - - [14/Mar/2017:10:48:32 -0300] "GET /cormun/static/scaMessage/css/jquery.pnotify.default.css?1816380 HTTP/1.1" 200 1707
192.168.10.60 - - [14/Mar/2017:10:48:32 -0300] "GET /cormun/static/Resources/Spanish/PXTools.css?18365030 HTTP/1.1" 200 89042
192.168.10.60 - - [14/Mar/2017:10:48:32 -0300] "GET /cormun/static/Shared/ext/resources/css/ext-all.css?215870 HTTP/1.1" 200 416045
192.168.10.60 - - [14/Mar/2017:10:48:33 -0300] "GET /cormun/static/Resources/asc.gif HTTP/1.1" 200 67
192.168.10.60 - - [14/Mar/2017:10:48:33 -0300] "GET /cormun/static/Resources/desc.gif HTTP/1.1" 200 65
192.168.10.60 - - [14/Mar/2017:10:48:33 -0300] "GET /cormun/servlet/trautorizarot? HTTP/1.1" 200 9921
201.236.57.223 - - [14/Mar/2017:10:48:37 -0300] "POST /cormun/servlet/solicitudotadjuntos?ba15b894c9bf6b8a8350c45e723a7f1d,INS,2017,5487,,1, HTTP/1.1" 200 116
192.168.10.96 - - [14/Mar/2017:10:48:37 -0300] "POST /cormun/servlet/hlogin?30aacf61c83483e71ef964306466305e,gx-no-cache=1489502599970 HTTP/1.1" 200 90
192.168.10.96 - - [14/Mar/2017:10:48:37 -0300] "GET /cormun/servlet/hpexe_link HTTP/1.1" 200 961
