192.168.10.93 - - [14/Mar/2017:12:42:36 -0300] "GET /cormunbeta/static/RunJS/RunJS.js HTTP/1.1" 200 288
192.168.10.93 - - [14/Mar/2017:12:42:36 -0300] "GET /cormunbeta/static/Shared/ext/locale/ext-lang-en.js HTTP/1.1" 200 10940
192.168.10.93 - - [14/Mar/2017:12:42:36 -0300] "GET /cormunbeta/static/hhome.js?201612218515573 HTTP/1.1" 200 777
192.168.10.93 - - [14/Mar/2017:12:42:36 -0300] "GET /cormunbeta/static/hwchdr01.js?201612218432057 HTTP/1.1" 200 1183
192.168.10.93 - - [14/Mar/2017:12:42:36 -0300] "GET /cormunbeta/static/hpexe_recentlink.js?201610171694390 HTTP/1.1" 200 2144
192.168.10.93 - - [14/Mar/2017:12:42:36 -0300] "GET /cormunbeta/static/hpexe_messagecontroller.js?201610171694323 HTTP/1.1" 200 870
192.168.10.93 - - [14/Mar/2017:12:42:36 -0300] "GET /cormunbeta/static/hpexe_scripts.js?201612218432016 HTTP/1.1" 200 1544
192.168.10.93 - - [14/Mar/2017:12:42:36 -0300] "GET /cormunbeta/static/gxui/gxui-all.js HTTP/1.1" 200 107772
192.168.10.93 - - [14/Mar/2017:12:42:36 -0300] "GET /cormunbeta/static/hpexe_messagepopupcomponent.js?20161017169425 HTTP/1.1" 200 605
192.168.10.93 - - [14/Mar/2017:12:42:36 -0300] "GET /cormunbeta/static/cmcontrolpreferences.js?201612218431999 HTTP/1.1" 200 1375
192.168.10.93 - - [14/Mar/2017:12:42:36 -0300] "GET /cormunbeta/static/hpexe_messagegenexuscomponent.js?201612218431816 HTTP/1.1" 200 587
192.168.10.93 - - [14/Mar/2017:12:42:36 -0300] "GET /cormunbeta/static/SmoothNavMenu/resources/ddsmoothmenu.js HTTP/1.1" 200 12712
192.168.10.93 - - [14/Mar/2017:12:42:36 -0300] "GET /cormunbeta/static/SmoothNavMenu/resources/SmoothNavMenuRender.js HTTP/1.1" 200 5951
192.168.10.93 - - [14/Mar/2017:12:42:36 -0300] "GET /cormunbeta/static/scaMessage/js/jquery.pnotify.min.js HTTP/1.1" 200 13038
192.168.10.93 - - [14/Mar/2017:12:42:36 -0300] "GET /cormunbeta/static/scaMessage/scaMessageRender.js HTTP/1.1" 200 11977
192.168.10.93 - - [14/Mar/2017:12:42:36 -0300] "GET /cormunbeta/static/hmpwkw03.js?20161221852152 HTTP/1.1" 200 3965
192.168.10.93 - - [14/Mar/2017:12:42:36 -0300] "GET /cormunbeta/static/PXToolsJavascripts/pexe_oav.js HTTP/1.1" 200 645
192.168.10.93 - - [14/Mar/2017:12:42:36 -0300] "GET /cormunbeta/static/PXToolsJavascripts/pexe_picture.js HTTP/1.1" 200 689
192.168.10.93 - - [14/Mar/2017:12:42:36 -0300] "GET /cormunbeta/static/PXToolsJavascripts/pexe_oavdivfix.js HTTP/1.1" 200 639
192.168.10.93 - - [14/Mar/2017:12:42:36 -0300] "GET /cormunbeta/static/Shared/jquery/jquery-1.4.2.min.js HTTP/1.1" 200 72174
192.168.10.93 - - [14/Mar/2017:12:42:36 -0300] "GET /cormunbeta/static/Shared/jqueryui/jquery-ui.min.js HTTP/1.1" 200 240427
192.168.10.93 - - [14/Mar/2017:12:42:36 -0300] "GET /cormunbeta/static/Shared/jquery/jquery-1.10.2.min.js HTTP/1.1" 200 273199
192.168.10.93 - - [14/Mar/2017:12:42:36 -0300] "GET /cormunbeta/static/Resources/PXToolsHeaderActionsBackground.png HTTP/1.1" 200 484
192.168.10.93 - - [14/Mar/2017:12:42:36 -0300] "GET /cormunbeta/static/Resources/PXToolsHeaderBackground2.png HTTP/1.1" 200 1174
192.168.10.93 - - [14/Mar/2017:12:42:36 -0300] "GET /cormunbeta/static/Resources/PXToolsDataTitle.png HTTP/1.1" 200 1173
192.168.10.93 - - [14/Mar/2017:12:42:36 -0300] "GET /cormunbeta/static/Resources/PXToolsFooterBackground2.png HTTP/1.1" 200 1172
192.168.10.93 - - [14/Mar/2017:12:42:36 -0300] "GET /cormunbeta/static/Shared/ext/ext-all.js HTTP/1.1" 200 1289687
192.168.10.93 - - [14/Mar/2017:12:42:37 -0300] "GET /cormunbeta/static/SmoothNavMenu/resources/images/down.gif HTTP/1.1" 200 854
192.168.10.96 - - [14/Mar/2017:12:42:37 -0300] "POST /cormun/servlet/trsolicitudgral?421879d25b83ad71cf475081fbeaab80,,gx-no-cache=1489509439303 HTTP/1.1" 200 8249
186.67.172.234 - - [14/Mar/2017:12:42:42 -0300] "GET /cormun/static/Resources/resize.gif HTTP/1.1" 200 77
186.67.172.234 - - [14/Mar/2017:12:42:49 -0300] "GET /cormun/servlet/prfichaempleado?,MD,,gxPopupLevel%3D0%3B HTTP/1.1" 200 8888
186.67.172.234 - - [14/Mar/2017:12:42:49 -0300] "GET /cormun/static/gxcfg.js?2016102420561687 HTTP/1.1" 200 953
186.67.172.234 - - [14/Mar/2017:12:42:49 -0300] "GET /cormun/static/Resources/PXToolsMenuSearch.png HTTP/1.1" 200 2914
186.67.172.234 - - [14/Mar/2017:12:42:49 -0300] "GET /cormun/static/Resources/PXToolsMenuSearchCancel.png HTTP/1.1" 200 2972
186.103.159.230 - - [14/Mar/2017:12:42:51 -0300] "GET /cormun/servlet/hlogin HTTP/1.1" 200 1713
186.103.159.230 - - [14/Mar/2017:12:42:52 -0300] "GET /cormun/servlet/hlogin HTTP/1.1" 200 1713
186.67.172.234 - - [14/Mar/2017:12:42:53 -0300] "GET /cormun/static/prfichaempleado.js?201610242056198 HTTP/1.1" 200 16015
186.67.172.234 - - [14/Mar/2017:12:42:53 -0300] "GET /cormun/static/menusearch.js?201610171694467 HTTP/1.1" 200 1424
186.67.172.234 - - [14/Mar/2017:12:42:53 -0300] "GET /cormun/static/hmpwkw011.js?201612218515582 HTTP/1.1" 200 1968
186.67.172.234 - - [14/Mar/2017:12:42:53 -0300] "GET /cormun/static/Resources/desc.gif HTTP/1.1" 200 65
192.168.10.96 - - [14/Mar/2017:12:42:54 -0300] "GET /cormun/servlet/hlogin HTTP/1.1" 200 1745
192.168.10.99 - - [14/Mar/2017:12:42:57 -0300] "GET /cormunbeta/servlet/hlogin HTTP/1.1" 200 1717
192.168.10.99 - - [14/Mar/2017:12:42:57 -0300] "GET /cormunbeta/static/Resources/Spanish/PXTools.css?167811 HTTP/1.1" 304 -
192.168.10.99 - - [14/Mar/2017:12:42:57 -0300] "GET /cormunbeta/static/gxtimezone.js?85251 HTTP/1.1" 200 5781
192.168.10.99 - - [14/Mar/2017:12:42:57 -0300] "GET /cormunbeta/static/gxcfg.js?201612216162538 HTTP/1.1" 304 -
192.168.10.99 - - [14/Mar/2017:12:42:57 -0300] "GET /cormunbeta/static/messages.spa.js?85251 HTTP/1.1" 200 30736
192.168.10.99 - - [14/Mar/2017:12:42:57 -0300] "GET /cormunbeta/static/hlogin.js?201612216162555 HTTP/1.1" 304 -
192.168.10.99 - - [14/Mar/2017:12:42:57 -0300] "GET /cormunbeta/static/Resources/ComunLogin.png HTTP/1.1" 304 -
192.168.10.99 - - [14/Mar/2017:12:42:57 -0300] "GET /cormunbeta/static/Resources/PXToolsLoginBackground.png HTTP/1.1" 304 -
192.168.10.99 - - [14/Mar/2017:12:42:57 -0300] "GET /cormunbeta/static/Resources/PXToolsLoginTop.png HTTP/1.1" 304 -
192.168.10.99 - - [14/Mar/2017:12:42:57 -0300] "GET /cormunbeta/static/Resources/PXToolsButtonBackground2.png HTTP/1.1" 304 -
192.168.10.99 - - [14/Mar/2017:12:42:57 -0300] "GET /cormunbeta/static/Resources/indicator.gif HTTP/1.1" 304 -
192.168.10.99 - - [14/Mar/2017:12:42:57 -0300] "GET /cormunbeta/static/Resources/PXToolsLoginBottom.png HTTP/1.1" 304 -
192.168.10.99 - - [14/Mar/2017:12:42:57 -0300] "GET /cormunbeta/static/Resources/PXToolsButtonRight21.png HTTP/1.1" 304 -
192.168.10.99 - - [14/Mar/2017:12:42:57 -0300] "GET /cormunbeta/static/Resources/PXToolsButtonLeft21.png HTTP/1.1" 304 -
192.168.10.99 - - [14/Mar/2017:12:42:57 -0300] "GET /cormunbeta/servlet/hlogin HTTP/1.1" 200 1728
186.103.159.230 - - [14/Mar/2017:12:43:09 -0300] "POST /cormun/servlet/hlogin?870e51a40f49a3fef0c96fb0c2d9faf4,gx-no-cache=1489506258070 HTTP/1.1" 200 90
186.103.159.230 - - [14/Mar/2017:12:43:09 -0300] "GET /cormun/servlet/hpexe_link HTTP/1.1" 200 949
186.103.159.230 - - [14/Mar/2017:12:43:10 -0300] "GET /cormun/servlet/hhome HTTP/1.1" 200 3963
186.103.159.230 - - [14/Mar/2017:12:43:10 -0300] "GET /cormun/servlet/hhome HTTP/1.1" 200 3959
192.168.10.99 - - [14/Mar/2017:12:43:12 -0300] "POST /cormunbeta/servlet/hlogin?7a64e1d74b6a6eee8a5642bd553f27c7,gx-no-cache=1489509474817 HTTP/1.1" 200 90
192.168.10.99 - - [14/Mar/2017:12:43:12 -0300] "GET /cormunbeta/servlet/hpexe_link HTTP/1.1" 200 954
192.168.10.99 - - [14/Mar/2017:12:43:12 -0300] "GET /cormunbeta/static/gxcfg.js?201612218515529 HTTP/1.1" 200 953
192.168.10.99 - - [14/Mar/2017:12:43:12 -0300] "GET /cormunbeta/static/hpexe_link.js?201612218515532 HTTP/1.1" 200 625
192.168.10.99 - - [14/Mar/2017:12:43:12 -0300] "GET /cormunbeta/static/Resources/Spanish/PXTools.css?18365030 HTTP/1.1" 200 89042
192.168.10.99 - - [14/Mar/2017:12:43:12 -0300] "GET /cormunbeta/servlet/hhome HTTP/1.1" 200 4336
192.168.10.99 - - [14/Mar/2017:12:43:12 -0300] "GET /cormunbeta/static/Shared/jqueryui/jquery-ui.min.css?1345370 HTTP/1.1" 200 30288
192.168.10.99 - - [14/Mar/2017:12:43:12 -0300] "GET /cormunbeta/static/SmoothNavMenu/resources/ddsmoothmenu-v.css?1112540 HTTP/1.1" 200 1188
192.168.10.99 - - [14/Mar/2017:12:43:12 -0300] "GET /cormunbeta/static/scaMessage/css/jquery.pnotify.default.css?1816380 HTTP/1.1" 200 1707
192.168.10.99 - - [14/Mar/2017:12:43:12 -0300] "GET /cormunbeta/static/gxcfg.js?201612218515568 HTTP/1.1" 200 953
192.168.10.99 - - [14/Mar/2017:12:43:12 -0300] "GET /cormunbeta/static/PXToolsJavascripts/pexe_autoreload.js HTTP/1.1" 200 1762
192.168.10.99 - - [14/Mar/2017:12:43:12 -0300] "GET /cormunbeta/static/PXToolsJavascripts/pexe_cookies.js HTTP/1.1" 200 792
192.168.10.99 - - [14/Mar/2017:12:43:12 -0300] "GET /cormunbeta/static/SmoothNavMenu/resources/ddsmoothmenu.css?1112540 HTTP/1.1" 200 2223
192.168.10.99 - - [14/Mar/2017:12:43:12 -0300] "GET /cormunbeta/static/PXToolsJavascripts/pexe_windows.js HTTP/1.1" 200 15207
192.168.10.99 - - [14/Mar/2017:12:43:12 -0300] "GET /cormunbeta/static/PXToolsJavascripts/pexe_grid.js HTTP/1.1" 200 7559
192.168.10.99 - - [14/Mar/2017:12:43:12 -0300] "GET /cormunbeta/static/PXToolsJavascripts/pexe_griddivfix.js HTTP/1.1" 200 6644
192.168.10.99 - - [14/Mar/2017:12:43:12 -0300] "GET /cormunbeta/static/PXToolsJavascripts/pexe_menudivfix.js HTTP/1.1" 200 333
192.168.10.99 - - [14/Mar/2017:12:43:12 -0300] "GET /cormunbeta/static/PXToolsJavascripts/pexe_link.js HTTP/1.1" 200 5671
192.168.10.99 - - [14/Mar/2017:12:43:13 -0300] "GET /cormunbeta/static/PXToolsJavascripts/pexe_layers.js HTTP/1.1" 200 4114
192.168.10.99 - - [14/Mar/2017:12:43:13 -0300] "GET /cormunbeta/static/PXToolsJavascripts/pexe_menus.js HTTP/1.1" 200 1286
192.168.10.99 - - [14/Mar/2017:12:43:13 -0300] "GET /cormunbeta/static/PXToolsJavascripts/pexe_oav.js HTTP/1.1" 200 645
192.168.10.96 - - [14/Mar/2017:12:43:13 -0300] "POST /cormun/servlet/hlogin?421879d25b83ad71cf475081fbeaab80,gx-no-cache=1489509475385 HTTP/1.1" 200 460
192.168.10.99 - - [14/Mar/2017:12:43:13 -0300] "GET /cormunbeta/static/PXToolsJavascripts/pexe_oavdivfix.js HTTP/1.1" 200 639
192.168.10.99 - - [14/Mar/2017:12:43:13 -0300] "GET /cormunbeta/static/PXToolsJavascripts/pexe_picture.js HTTP/1.1" 200 689
192.168.10.99 - - [14/Mar/2017:12:43:13 -0300] "GET /cormunbeta/static/PXToolsJavascripts/pexe_popup.js HTTP/1.1" 200 13458
192.168.10.99 - - [14/Mar/2017:12:43:13 -0300] "GET /cormunbeta/static/PXToolsJavascripts/pexe_scrolldiv.js HTTP/1.1" 200 4138
192.168.10.99 - - [14/Mar/2017:12:43:13 -0300] "GET /cormunbeta/static/PXToolsJavascripts/pexe_tabdivfix.js HTTP/1.1" 200 876
192.168.10.99 - - [14/Mar/2017:12:43:13 -0300] "GET /cormunbeta/static/PXToolsJavascripts/pexe_tabs.js HTTP/1.1" 200 3748
192.168.10.99 - - [14/Mar/2017:12:43:13 -0300] "GET /cormunbeta/static/PXToolsJavascripts/pexe_upload.js HTTP/1.1" 200 1423
192.168.10.99 - - [14/Mar/2017:12:43:13 -0300] "GET /cormunbeta/static/PXToolsJavascripts/PXToolsJavascriptsRender.js HTTP/1.1" 200 367
192.168.10.99 - - [14/Mar/2017:12:43:13 -0300] "GET /cormunbeta/static/RunJS/RunJS.js HTTP/1.1" 200 288
192.168.10.99 - - [14/Mar/2017:12:43:13 -0300] "GET /cormunbeta/static/hhome.js?201612218515573 HTTP/1.1" 304 -
192.168.10.99 - - [14/Mar/2017:12:43:13 -0300] "GET /cormunbeta/static/Shared/ext/locale/ext-lang-en.js HTTP/1.1" 200 10940
192.168.10.99 - - [14/Mar/2017:12:43:13 -0300] "GET /cormunbeta/static/hwchdr01.js?201612218432057 HTTP/1.1" 200 1183
192.168.10.99 - - [14/Mar/2017:12:43:13 -0300] "GET /cormunbeta/static/gxui/gxui-all.js HTTP/1.1" 200 107772
192.168.10.99 - - [14/Mar/2017:12:43:13 -0300] "GET /cormunbeta/static/hpexe_recentlink.js?201610171694390 HTTP/1.1" 200 2144
192.168.10.99 - - [14/Mar/2017:12:43:13 -0300] "GET /cormunbeta/static/hpexe_scripts.js?201612218432016 HTTP/1.1" 200 1544
192.168.10.99 - - [14/Mar/2017:12:43:13 -0300] "GET /cormunbeta/static/Resources/PXToolsFooterBackground2.png HTTP/1.1" 200 1172
192.168.10.99 - - [14/Mar/2017:12:43:13 -0300] "GET /cormunbeta/static/Resources/PXToolsHeaderActionsRight.png HTTP/1.1" 200 1201
192.168.10.99 - - [14/Mar/2017:12:43:13 -0300] "GET /cormunbeta/static/Resources/PXToolsHeaderActionsBackground.png HTTP/1.1" 200 484
192.168.10.99 - - [14/Mar/2017:12:43:13 -0300] "GET /cormunbeta/static/Resources/PXToolsHeaderLogin.png HTTP/1.1" 200 4279
192.168.10.99 - - [14/Mar/2017:12:43:13 -0300] "GET /cormunbeta/static/Shared/ext/ext-all.js HTTP/1.1" 200 1289687
192.168.10.99 - - [14/Mar/2017:12:43:13 -0300] "GET /cormunbeta/static/Resources/PXToolsHeaderBackground2.png HTTP/1.1" 200 1174
192.168.10.99 - - [14/Mar/2017:12:43:13 -0300] "GET /cormunbeta/static/Resources/PXToolsHeaderHome.png HTTP/1.1" 200 4147
192.168.10.99 - - [14/Mar/2017:12:43:13 -0300] "GET /cormunbeta/static/Resources/PXToolsDataTitle.png HTTP/1.1" 200 1173
192.168.10.99 - - [14/Mar/2017:12:43:13 -0300] "GET /cormunbeta/static/Resources/PXToolsHeaderSecurity.png HTTP/1.1" 200 4166
192.168.10.99 - - [14/Mar/2017:12:43:13 -0300] "GET /cormunbeta/static/Resources/PXToolsHeaderActionsLeft.png HTTP/1.1" 200 1118
192.168.10.99 - - [14/Mar/2017:12:43:13 -0300] "GET /cormunbeta/static/Resources/PXToolsHeaderPreferences.png HTTP/1.1" 200 4189
192.168.10.99 - - [14/Mar/2017:12:43:13 -0300] "GET /cormunbeta/static/Resources/logo4.png HTTP/1.1" 200 6582
192.168.10.99 - - [14/Mar/2017:12:43:13 -0300] "GET /cormunbeta/static/hpexe_messagecontroller.js?201610171694323 HTTP/1.1" 200 870
192.168.10.99 - - [14/Mar/2017:12:43:13 -0300] "GET /cormunbeta/static/hpexe_messagepopupcomponent.js?20161017169425 HTTP/1.1" 200 605
192.168.10.99 - - [14/Mar/2017:12:43:13 -0300] "GET /cormunbeta/static/hpexe_messagegenexuscomponent.js?201612218431816 HTTP/1.1" 200 587
192.168.10.99 - - [14/Mar/2017:12:43:13 -0300] "GET /cormunbeta/static/cmcontrolpreferences.js?201612218431999 HTTP/1.1" 200 1375
192.168.10.99 - - [14/Mar/2017:12:43:13 -0300] "GET /cormunbeta/static/Shared/jquery/jquery-1.4.2.min.js HTTP/1.1" 200 72174
192.168.10.99 - - [14/Mar/2017:12:43:13 -0300] "GET /cormunbeta/static/SmoothNavMenu/resources/ddsmoothmenu.js HTTP/1.1" 200 12712
192.168.10.99 - - [14/Mar/2017:12:43:13 -0300] "GET /cormunbeta/static/scaMessage/js/jquery.pnotify.min.js HTTP/1.1" 200 13038
192.168.10.99 - - [14/Mar/2017:12:43:13 -0300] "GET /cormunbeta/static/SmoothNavMenu/resources/SmoothNavMenuRender.js HTTP/1.1" 200 5951
192.168.10.99 - - [14/Mar/2017:12:43:13 -0300] "GET /cormunbeta/static/scaMessage/scaMessageRender.js HTTP/1.1" 200 11977
192.168.10.99 - - [14/Mar/2017:12:43:13 -0300] "GET /cormunbeta/static/hmpwkw03.js?20161221852152 HTTP/1.1" 200 3965
192.168.10.99 - - [14/Mar/2017:12:43:13 -0300] "GET /cormunbeta/static/Shared/jquery/jquery-1.10.2.min.js HTTP/1.1" 200 273199
192.168.10.99 - - [14/Mar/2017:12:43:13 -0300] "GET /cormunbeta/static/Shared/jqueryui/jquery-ui.min.js HTTP/1.1" 200 240427
192.168.10.99 - - [14/Mar/2017:12:43:13 -0300] "GET /cormunbeta/static/SmoothNavMenu/resources/images/right.gif HTTP/1.1" 200 860
192.168.10.99 - - [14/Mar/2017:12:43:13 -0300] "GET /cormunbeta/static/SmoothNavMenu/resources/images/down.gif HTTP/1.1" 200 854
192.168.10.99 - - [14/Mar/2017:12:43:14 -0300] "GET /cormunbeta/servlet/hhome HTTP/1.1" 200 4333
186.103.159.230 - - [14/Mar/2017:12:43:14 -0300] "GET /cormun/servlet/trsolicitudot? HTTP/1.1" 200 8171
186.67.172.234 - - [14/Mar/2017:12:43:14 -0300] "POST /cormun/servlet/prfichaempleado?7396c4572da6af512e52ba2ac76a8a55,,MD,,gxPopupLevel%3D0%3B,gx-no-cache=1489509861029 HTTP/1.1" 200 3409
186.103.159.230 - - [14/Mar/2017:12:43:14 -0300] "GET /cormun/static/gxcfg.js?20171191044697 HTTP/1.1" 304 -
186.103.159.230 - - [14/Mar/2017:12:43:14 -0300] "GET /cormun/servlet/trsolicitudot? HTTP/1.1" 200 8169
186.103.159.230 - - [14/Mar/2017:12:43:18 -0300] "GET /cormun/servlet/solicitudot?INS,0,0, HTTP/1.1" 200 12766
186.103.159.230 - - [14/Mar/2017:12:43:18 -0300] "GET /cormun/static/gxcfg.js?20171191042720 HTTP/1.1" 304 -
186.103.159.230 - - [14/Mar/2017:12:43:18 -0300] "GET /cormun/servlet/solicitudot?INS,0,0, HTTP/1.1" 200 12771
192.168.10.96 - - [14/Mar/2017:12:43:19 -0300] "POST /cormun/servlet/hlogin?421879d25b83ad71cf475081fbeaab80,gx-no-cache=1489509482098 HTTP/1.1" 200 90
192.168.10.96 - - [14/Mar/2017:12:43:19 -0300] "GET /cormun/servlet/hpexe_link HTTP/1.1" 200 958
192.168.10.96 - - [14/Mar/2017:12:43:20 -0300] "GET /cormun/servlet/hhome HTTP/1.1" 200 3998
192.168.10.96 - - [14/Mar/2017:12:43:20 -0300] "GET /cormun/servlet/hhome HTTP/1.1" 200 3994
192.168.10.99 - - [14/Mar/2017:12:43:22 -0300] "GET /cormunbeta/servlet/trsecurityuser01? HTTP/1.1" 200 11405
192.168.10.99 - - [14/Mar/2017:12:43:22 -0300] "GET /cormunbeta/static/gxui/gxui-all.css?120300 HTTP/1.1" 200 2179
192.168.10.99 - - [14/Mar/2017:12:43:22 -0300] "GET /cormunbeta/static/gxcfg.js?20161221852459 HTTP/1.1" 200 953
192.168.10.99 - - [14/Mar/2017:12:43:22 -0300] "GET /cormunbeta/static/Shared/ext/resources/css/ext-all.css?215870 HTTP/1.1" 200 416045
192.168.10.99 - - [14/Mar/2017:12:43:22 -0300] "GET /cormunbeta/static/trsecurityuser01.js?201612218524757 HTTP/1.1" 200 18619
192.168.10.99 - - [14/Mar/2017:12:43:22 -0300] "GET /cormunbeta/static/Resources/PXToolsDataSearch.png HTTP/1.1" 200 419
192.168.10.99 - - [14/Mar/2017:12:43:22 -0300] "GET /cormunbeta/static/Resources/PXToolsGridFirstDisabled.gif HTTP/1.1" 200 100
192.168.10.99 - - [14/Mar/2017:12:43:22 -0300] "GET /cormunbeta/static/Resources/PXToolsGridPreviousDisabled.gif HTTP/1.1" 200 90
192.168.10.99 - - [14/Mar/2017:12:43:22 -0300] "GET /cormunbeta/static/Resources/PXToolsGridNextDisabled.gif HTTP/1.1" 200 90
192.168.10.99 - - [14/Mar/2017:12:43:22 -0300] "GET /cormunbeta/static/Resources/PXToolsGridLastDisabled.gif HTTP/1.1" 200 98
192.168.10.99 - - [14/Mar/2017:12:43:22 -0300] "GET /cormunbeta/static/Resources/PXToolsGridPage.gif HTTP/1.1" 200 725
192.168.10.99 - - [14/Mar/2017:12:43:22 -0300] "GET /cormunbeta/static/Resources/PXToolsActionExcel.png HTTP/1.1" 200 3187
192.168.10.99 - - [14/Mar/2017:12:43:22 -0300] "GET /cormunbeta/static/Resources/PXToolsGridNew.png HTTP/1.1" 200 2949
192.168.10.99 - - [14/Mar/2017:12:43:22 -0300] "GET /cormunbeta/static/Resources/asc.gif HTTP/1.1" 200 67
192.168.10.99 - - [14/Mar/2017:12:43:22 -0300] "GET /cormunbeta/static/Resources/desc.gif HTTP/1.1" 200 65
192.168.10.99 - - [14/Mar/2017:12:43:22 -0300] "GET /cormunbeta//static/Resources/PXToolsGridUpdate.png HTTP/1.1" 200 2984
192.168.10.99 - - [14/Mar/2017:12:43:22 -0300] "GET /cormunbeta//static/Resources/PXToolsGridDelete.png HTTP/1.1" 200 357
192.168.10.99 - - [14/Mar/2017:12:43:22 -0300] "GET /cormunbeta//static/Resources/PXToolsHeaderPreferences.png HTTP/1.1" 200 4189
192.168.10.99 - - [14/Mar/2017:12:43:22 -0300] "GET /cormunbeta//static/Resources/PXToolsAddAllAction.png HTTP/1.1" 200 3624
192.168.10.99 - - [14/Mar/2017:12:43:22 -0300] "GET /cormunbeta/static/Shared/ext/resources/themes/images/default/tools/tool-sprites.gif HTTP/1.1" 200 5434
192.168.10.99 - - [14/Mar/2017:12:43:22 -0300] "GET /cormunbeta/static/Shared/ext/resources/themes/images/default/panel/bg-headersPanel.png HTTP/1.1" 200 255
192.168.10.99 - - [14/Mar/2017:12:43:22 -0300] "GET /cormunbeta/servlet/trsecurityuser01? HTTP/1.1" 200 11403
186.67.172.234 - - [14/Mar/2017:12:43:24 -0300] "GET /cormun/servlet/permisogoce?91720ef86605a34d1c47a5073314c11c897411e7f1347c01f2b6fd6c8a55081f86638f219fabae11d7dc829bd5165e8d,gx-no-cache=1489509871448 HTTP/1.1" 200 73
186.67.172.234 - - [14/Mar/2017:12:43:24 -0300] "GET /cormun/static/menuarrow.gif HTTP/1.1" 404 1015
192.168.10.96 - - [14/Mar/2017:12:43:28 -0300] "GET /cormun/servlet/trsolicitudot? HTTP/1.1" 200 9091
192.168.10.96 - - [14/Mar/2017:12:43:29 -0300] "GET /cormun/servlet/trsolicitudot? HTTP/1.1" 200 9088
192.168.10.96 - - [14/Mar/2017:12:43:32 -0300] "POST /cormun/servlet/trsolicitudot?421879d25b83ad71cf475081fbeaab80,,gx-no-cache=1489509495063 HTTP/1.1" 200 6492
192.168.10.96 - - [14/Mar/2017:12:43:32 -0300] "GET /cormun/static/Shared/jqueryui/images/ui-bg_highlight-soft_100_c6c2c8_1x100.png HTTP/1.1" 404 1117
192.168.10.96 - - [14/Mar/2017:12:43:32 -0300] "GET /cormun/static/Shared/jqueryui/images/ui-icons_82798d_256x240.png HTTP/1.1" 404 1089
192.168.10.96 - - [14/Mar/2017:12:43:32 -0300] "GET /cormun/static/Shared/jqueryui/images/ui-bg_flat_55_fafafa_40x100.png HTTP/1.1" 404 1097
192.168.10.96 - - [14/Mar/2017:12:43:32 -0300] "GET /cormun/static/Shared/jqueryui/images/ui-icons_8d78a5_256x240.png HTTP/1.1" 404 1089
186.67.172.234 - - [14/Mar/2017:12:43:34 -0300] "GET /cormun/servlet/permisogoce?91720ef86605a34d1c47a5073314c11c0d1ef2357a97fc3dfabc3e19d335d13cb1b46406f763d9131462b70c5d65357fd3f9f620b784b6d11506decd602e05a6,gx-no-cache=1489509881151 HTTP/1.1" 200 129
186.67.172.234 - - [14/Mar/2017:12:43:34 -0300] "GET /cormun/static/Shared/jqueryui/images/ui-bg_highlight-soft_100_c6c2c8_1x100.png HTTP/1.1" 404 1117
186.67.172.234 - - [14/Mar/2017:12:43:34 -0300] "GET /cormun/static/Shared/jqueryui/images/ui-icons_82798d_256x240.png HTTP/1.1" 404 1089
186.67.172.234 - - [14/Mar/2017:12:43:34 -0300] "GET /cormun/static/Shared/jqueryui/images/ui-bg_flat_55_994d53_40x100.png HTTP/1.1" 404 1097
186.67.172.234 - - [14/Mar/2017:12:43:34 -0300] "GET /cormun/static/Shared/jqueryui/images/ui-icons_ebccce_256x240.png HTTP/1.1" 404 1089
192.168.10.96 - - [14/Mar/2017:12:43:35 -0300] "POST /cormun/servlet/trsolicitudot?421879d25b83ad71cf475081fbeaab80,,gx-no-cache=1489509498048 HTTP/1.1" 200 107
192.168.10.96 - - [14/Mar/2017:12:43:35 -0300] "GET /cormun/servlet/trsolicitudadjuntos?2017,5473, HTTP/1.1" 200 8249
192.168.10.96 - - [14/Mar/2017:12:43:36 -0300] "GET /cormun/servlet/trsolicitudadjuntos?2017,5473, HTTP/1.1" 200 8248
192.168.10.96 - - [14/Mar/2017:12:43:41 -0300] "GET /cormun/PublicTempStorage/certificado_de_titulo_camila3989360.pdf HTTP/1.1" 200 505797
192.168.10.96 - - [14/Mar/2017:12:43:45 -0300] "GET /cormun/servlet/trsolicitudadjuntos?2017,5473, HTTP/1.1" 200 8250
192.168.10.96 - - [14/Mar/2017:12:43:45 -0300] "GET /cormun/servlet/trsolicitudadjuntos?2017,5473, HTTP/1.1" 200 8248
192.168.10.96 - - [14/Mar/2017:12:43:48 -0300] "POST /cormun/servlet/trsolicitudadjuntos?421879d25b83ad71cf475081fbeaab80,2017,5473,,gx-no-cache=1489509510323 HTTP/1.1" 200 90
192.168.10.96 - - [14/Mar/2017:12:43:48 -0300] "GET /cormun/servlet/hpexe_link HTTP/1.1" 200 977
192.168.10.96 - - [14/Mar/2017:12:43:48 -0300] "GET /cormun/servlet/trsolicitudot? HTTP/1.1" 200 9090
192.168.10.96 - - [14/Mar/2017:12:43:48 -0300] "GET /cormun/servlet/trsolicitudot? HTTP/1.1" 200 9088
186.67.172.234 - - [14/Mar/2017:12:43:49 -0300] "GET /cormun/servlet/permisogoce?91720ef86605a34d1c47a5073314c11c0d1ef2357a97fc3dfabc3e19d335d13cb1b46406f763d9131462b70c5d65357fee9e1b71aeb675af3725539c0b6d60d3,gx-no-cache=1489509896311 HTTP/1.1" 200 46
186.103.159.230 - - [14/Mar/2017:12:43:51 -0300] "POST /cormun/servlet/solicitudot?gx-no-cache=1489506299290 HTTP/1.1" 200 3149
186.103.159.230 - - [14/Mar/2017:12:43:51 -0300] "POST /cormun/servlet/solicitudot?870e51a40f49a3fef0c96fb0c2d9faf4,INS,0,0,,gx-no-cache=1489506299632 HTTP/1.1" 200 9904
186.103.159.230 - - [14/Mar/2017:12:44:04 -0300] "GET /cormun/servlet/solicitudot?d9ddbb5e7f90406afd5d3d0b0c328d923203fda4db9ecbbdadb7eae0abfbfc7e7900091b1e8149ba19c6dd99b6eccd43,gx-no-cache=1489506313456 HTTP/1.1" 200 30
186.103.159.230 - - [14/Mar/2017:12:44:05 -0300] "POST /cormun/servlet/solicitudot?gx-no-cache=1489506313537 HTTP/1.1" 200 240
186.103.159.230 - - [14/Mar/2017:12:44:05 -0300] "GET /cormun/servlet/solicitudot?d9ddbb5e7f90406afd5d3d0b0c328d923eb1176acd7b1e2d5d701bcdf51d523fd5d5895885c0b76df4d708e25b84634c412d75631b20475444bbd7414e8ec820a7725bfce171035234b4a5db4134b196d85db77cb7fbf56010cf1e77a5bcc513ac47fdb66b265075a239393582ee1e8466f8a24efcc04a89576389cef2b041cebb3011b72a751ad900959e792196db9e595996f901af2d835ad589aa3639415114543041cf21368d7e98d08075084f84e4c0e6f787ac56c6cca51eb27e9e25a462893cc85bda249f3da2e7f188db93822ced097fc617017ad01e9deddfb2a732b0cb1d0e7e8aded82ec4867eabc2ca4ad954ecca3e49bbe60e5395efe7b811b4664adda7cff7792ddb90d5c8edb9d722f3e5b7e40c978ae894e863c13c584794a524cca4667b58e52c29ae9063bce03bf9bb4ab12dcb1b7a4f4cb7630f9f9dae56039bcb48a95b5ded68009694f5dfe689a4c2cffc8b96a1446e25ceb45f8a8bdfd21ed8647a582ad6d3fa356e6f52230df878f8ab661043ccb37b5671fbf1b2,gx-no-cache=1489506313593 HTTP/1.1" 200 30
186.103.159.230 - - [14/Mar/2017:12:44:05 -0300] "POST /cormun/servlet/solicitudot?gx-no-cache=1489506313922 HTTP/1.1" 200 30
186.103.159.230 - - [14/Mar/2017:12:44:05 -0300] "POST /cormun/servlet/solicitudot?gx-no-cache=1489506313961 HTTP/1.1" 200 235
186.103.159.230 - - [14/Mar/2017:12:44:05 -0300] "POST /cormun/servlet/solicitudot?gx-no-cache=1489506314025 HTTP/1.1" 200 38
186.103.159.230 - - [14/Mar/2017:12:44:09 -0300] "GET /cormunbeta/servlet/licenciaspermisos?6446ee452dcfa59f9088110e0e61b0b8c7db93bd31774479549b9175338379e2dce33f20b21200328786ef43d65a1d188c4a0667d04a2914e7a2a2269a2e7f16f87df3641fe2a291a08b702343bfbda1063f1227dbc6ff9637737c3b9c4cba5ab5b06e93dbfeb04ab6095f284268e1a8fba3c223cf1001fdcca311269402878d7fba29056cc2d473ba51ca4f69245ff2c0b9bac7d17551c9b981fd6e4280d73b9a22705e3a9cc2e5ae129b971e163edabee392e7af8da9abe1c97849bcfa4a9d73fe0a2d92ae51588cf687dcfb9e331acace22f7d54b8572616af66b7561b9c2,gx-no-cache=1489506319704 HTTP/1.1" 200 30
186.103.159.230 - - [14/Mar/2017:12:44:09 -0300] "GET /cormunbeta/servlet/licenciaspermisos?6446ee452dcfa59f9088110e0e61b0b89a176c35a6346adc35dbcf4d23abe1732dce67603f2ffd80e0564ef54511276821ff16c12432904aebebad857d96fcf26e5f8b88807c6a332cad197b3c8239bea315a04db8e1bf1e4181b6c9c55698887e41499ac699988bf8ad4f63f2d891730ee39eebbffa726a038d8d3b3366c883d9146cec7c60aab584b37bbff6ba5e470cafa6661fd137d248def3f2cc10764a661be6c8bc36d0a07145f48caaafa864651f1ad6e87b418343e3e19dac6db2f4b7a5a221792c99a03f80a4e721473872e07f502eadc8b2c6e2b3870d04160f33,gx-no-cache=1489506320137 HTTP/1.1" 200 29
186.103.159.230 - - [14/Mar/2017:12:44:10 -0300] "POST /cormunbeta/servlet/licenciaspermisos?b526051687cbc6f6f1706aa97f413b8c,INS,0,,,,gx-no-cache=1489506320499 HTTP/1.1" 200 93
186.103.159.230 - - [14/Mar/2017:12:44:10 -0300] "GET /cormunbeta/servlet/hpexe_return? HTTP/1.1" 200 1015
186.103.159.230 - - [14/Mar/2017:12:44:10 -0300] "GET /cormunbeta/servlet/trlicencias HTTP/1.1" 200 8706
186.103.159.230 - - [14/Mar/2017:12:44:11 -0300] "GET /cormunbeta/servlet/trlicencias HTTP/1.1" 200 8701
186.67.172.234 - - [14/Mar/2017:12:44:18 -0300] "GET /cormun/servlet/puconsultapgoce?6134278,MD,gxPopupLevel%3D0%3B HTTP/1.1" 200 3766
186.67.172.234 - - [14/Mar/2017:12:44:18 -0300] "GET /cormun/static/gxcfg.js?2016122619324821 HTTP/1.1" 200 953
186.67.172.234 - - [14/Mar/2017:12:44:18 -0300] "GET /cormun/pexe_menus.js HTTP/1.1" 404 1001
186.67.172.234 - - [14/Mar/2017:12:44:18 -0300] "GET /cormun/pexe_layers.js HTTP/1.1" 404 1003
186.67.172.234 - - [14/Mar/2017:12:44:18 -0300] "GET /cormun/pexe_grid.js HTTP/1.1" 404 999
186.67.172.234 - - [14/Mar/2017:12:44:18 -0300] "GET /cormun/pexe_link.js HTTP/1.1" 404 999
186.67.172.234 - - [14/Mar/2017:12:44:18 -0300] "GET /cormun/pexe_cookies.js HTTP/1.1" 404 1005
186.67.172.234 - - [14/Mar/2017:12:44:18 -0300] "GET /cormun/pexe_windows.js HTTP/1.1" 404 1005
186.67.172.234 - - [14/Mar/2017:12:44:18 -0300] "GET /cormun/pexe_griddivfix.js HTTP/1.1" 404 1011
186.67.172.234 - - [14/Mar/2017:12:44:18 -0300] "GET /cormun/pexe_picture.js HTTP/1.1" 404 1005
186.67.172.234 - - [14/Mar/2017:12:44:18 -0300] "GET /cormun/pexe_treedivfix.js HTTP/1.1" 404 1011
186.67.172.234 - - [14/Mar/2017:12:44:18 -0300] "GET /cormun/pexe_tabdivfix.js HTTP/1.1" 404 1009
186.67.172.234 - - [14/Mar/2017:12:44:18 -0300] "GET /cormun/pexe_menudivfix.js HTTP/1.1" 404 1011
186.67.172.234 - - [14/Mar/2017:12:44:18 -0300] "GET /cormun/pexe_autoreload.js HTTP/1.1" 404 1011
186.67.172.234 - - [14/Mar/2017:12:44:18 -0300] "GET /cormun/static/mpprompt.js?201612218534882 HTTP/1.1" 200 940
186.67.172.234 - - [14/Mar/2017:12:44:18 -0300] "GET /cormun/static/puconsultapgoce.js?2016122619325082 HTTP/1.1" 200 26916
186.67.172.234 - - [14/Mar/2017:12:44:18 -0300] "GET /cormun/pexe_link.js HTTP/1.1" 404 999
186.67.172.234 - - [14/Mar/2017:12:44:20 -0300] "GET /cormun/pexe_cookies.js HTTP/1.1" 404 1005
186.67.172.234 - - [14/Mar/2017:12:44:23 -0300] "GET /cormun/pexe_grid.js HTTP/1.1" 404 999
186.67.172.234 - - [14/Mar/2017:12:44:23 -0300] "GET /cormun/pexe_griddivfix.js HTTP/1.1" 404 1011
186.67.172.234 - - [14/Mar/2017:12:44:23 -0300] "GET /cormun/pexe_picture.js HTTP/1.1" 404 1005
186.67.172.234 - - [14/Mar/2017:12:44:23 -0300] "GET /cormun/pexe_treedivfix.js HTTP/1.1" 404 1011
186.67.172.234 - - [14/Mar/2017:12:44:23 -0300] "GET /cormun/pexe_autoreload.js HTTP/1.1" 404 1011
186.67.172.234 - - [14/Mar/2017:12:44:23 -0300] "GET /cormun/pexe_menudivfix.js HTTP/1.1" 404 1011
186.67.172.234 - - [14/Mar/2017:12:44:23 -0300] "GET /cormun/pexe_tabdivfix.js HTTP/1.1" 404 1009
186.103.159.230 - - [14/Mar/2017:12:44:25 -0300] "POST /cormun/servlet/solicitudot?gx-no-cache=1489506334203 HTTP/1.1" 200 30
192.168.10.96 - - [14/Mar/2017:12:44:26 -0300] "POST /cormun/servlet/trsolicitudot?421879d25b83ad71cf475081fbeaab80,,gx-no-cache=1489509548639 HTTP/1.1" 200 107
192.168.10.96 - - [14/Mar/2017:12:44:26 -0300] "GET /cormun/servlet/trsolicitudadjuntos?2017,5473, HTTP/1.1" 200 8248
192.168.10.96 - - [14/Mar/2017:12:44:27 -0300] "GET /cormun/servlet/trsolicitudadjuntos?2017,5473, HTTP/1.1" 200 8247
186.67.172.234 - - [14/Mar/2017:12:44:28 -0300] "POST /cormun/servlet/puconsultapgoce?7396c4572da6af512e52ba2ac76a8a55,6134278,MD,gxPopupLevel%3D0%3B,gx-no-cache=1489509935592 HTTP/1.1" 200 59
192.168.10.96 - - [14/Mar/2017:12:44:29 -0300] "GET /cormun/PublicTempStorage/certificado_de_titulo_camila648253.pdf HTTP/1.1" 200 505797
192.168.10.99 - - [14/Mar/2017:12:44:30 -0300] "GET /cormunbeta/servlet/securityusers?UPD,3835, HTTP/1.1" 200 7260
192.168.10.99 - - [14/Mar/2017:12:44:30 -0300] "GET /cormunbeta/static/gxcfg.js?201612218455945 HTTP/1.1" 200 953
192.168.10.99 - - [14/Mar/2017:12:44:30 -0300] "GET /cormunbeta/static/securityusers.js?201612218455975 HTTP/1.1" 200 19782
192.168.10.99 - - [14/Mar/2017:12:44:31 -0300] "GET /cormunbeta/servlet/securityusers?UPD,3835, HTTP/1.1" 200 7258
192.168.10.96 - - [14/Mar/2017:12:44:31 -0300] "GET /cormun/servlet/trsolicitudadjuntos?2017,5473, HTTP/1.1" 200 8249
192.168.10.96 - - [14/Mar/2017:12:44:31 -0300] "GET /cormun/servlet/trsolicitudadjuntos?2017,5473, HTTP/1.1" 200 8247
192.168.10.96 - - [14/Mar/2017:12:44:32 -0300] "POST /cormun/servlet/trsolicitudadjuntos?421879d25b83ad71cf475081fbeaab80,2017,5473,,gx-no-cache=1489509555242 HTTP/1.1" 200 90
192.168.10.96 - - [14/Mar/2017:12:44:32 -0300] "GET /cormun/servlet/hpexe_link HTTP/1.1" 200 975
192.168.10.96 - - [14/Mar/2017:12:44:33 -0300] "GET /cormun/servlet/trsolicitudot HTTP/1.1" 200 9090
186.103.159.230 - - [14/Mar/2017:12:44:33 -0300] "POST /cormunbeta/servlet/trlicencias?b526051687cbc6f6f1706aa97f413b8c,gx-no-cache=1489506343600 HTTP/1.1" 200 90
186.103.159.230 - - [14/Mar/2017:12:44:33 -0300] "GET /cormunbeta/servlet/hpexe_link HTTP/1.1" 200 962
186.103.159.230 - - [14/Mar/2017:12:44:33 -0300] "GET /cormunbeta/servlet/hhome HTTP/1.1" 200 4301
192.168.10.96 - - [14/Mar/2017:12:44:33 -0300] "GET /cormun/servlet/trsolicitudot HTTP/1.1" 200 9088
186.67.172.234 - - [14/Mar/2017:12:44:33 -0300] "POST /cormun/servlet/permisogoce?7396c4572da6af512e52ba2ac76a8a55,INS,0,,,,gx-no-cache=1489509940484 HTTP/1.1" 200 93
186.103.159.230 - - [14/Mar/2017:12:44:33 -0300] "GET /cormunbeta/servlet/hhome HTTP/1.1" 200 4298
186.67.172.234 - - [14/Mar/2017:12:44:33 -0300] "GET /cormun/servlet/hpexe_return? HTTP/1.1" 200 1008
186.67.172.234 - - [14/Mar/2017:12:44:34 -0300] "GET /cormun/static/gxcfg.js?2016101716175148 HTTP/1.1" 200 953
186.67.172.234 - - [14/Mar/2017:12:44:34 -0300] "GET /cormun/static/hpexe_return.js?2016101716175153 HTTP/1.1" 200 1633
186.67.172.234 - - [14/Mar/2017:12:44:34 -0300] "GET /cormun/servlet/trpermisosgoce HTTP/1.1" 200 7922
186.67.172.234 - - [14/Mar/2017:12:44:34 -0300] "GET /cormun//static/Resources/PXToolsGridDisplay.png HTTP/1.1" 200 362
186.67.172.234 - - [14/Mar/2017:12:44:34 -0300] "GET /cormun/servlet/trpermisosgoce HTTP/1.1" 200 7918
192.168.10.96 - - [14/Mar/2017:12:44:36 -0300] "POST /cormun/servlet/trsolicitudot?421879d25b83ad71cf475081fbeaab80,gx-no-cache=1489509558557 HTTP/1.1" 200 107
192.168.10.96 - - [14/Mar/2017:12:44:36 -0300] "GET /cormun/servlet/trsolicitudadjuntos?2017,5361, HTTP/1.1" 200 6097
192.168.10.96 - - [14/Mar/2017:12:44:36 -0300] "GET /cormun/servlet/trsolicitudadjuntos?2017,5361, HTTP/1.1" 200 6097
192.168.10.96 - - [14/Mar/2017:12:44:39 -0300] "POST /cormun/servlet/trsolicitudadjuntos?421879d25b83ad71cf475081fbeaab80,2017,5361,,gx-no-cache=1489509561915 HTTP/1.1" 200 90
192.168.10.96 - - [14/Mar/2017:12:44:39 -0300] "GET /cormun/servlet/hpexe_link HTTP/1.1" 200 975
192.168.10.96 - - [14/Mar/2017:12:44:39 -0300] "GET /cormun/servlet/trsolicitudot HTTP/1.1" 200 9090
192.168.10.99 - - [14/Mar/2017:12:44:39 -0300] "GET /cormunbeta/servlet/hhome HTTP/1.1" 200 4336
192.168.10.99 - - [14/Mar/2017:12:44:40 -0300] "GET /cormunbeta/servlet/trsecurityuser01? HTTP/1.1" 200 11329
192.168.10.96 - - [14/Mar/2017:12:44:40 -0300] "GET /cormun/servlet/trsolicitudot HTTP/1.1" 200 9088
192.168.10.99 - - [14/Mar/2017:12:44:40 -0300] "GET /cormunbeta/servlet/hhome HTTP/1.1" 200 4333
186.103.159.230 - - [14/Mar/2017:12:44:42 -0300] "GET /cormunbeta/servlet/hlogin HTTP/1.1" 200 1735
192.168.10.99 - - [14/Mar/2017:12:44:47 -0300] "GET /cormunbeta/servlet/hlogin HTTP/1.1" 200 1730
186.67.172.234 - - [14/Mar/2017:12:44:51 -0300] "GET /cormun/servlet/trautorizarpermisogoce? HTTP/1.1" 200 6761
186.67.172.234 - - [14/Mar/2017:12:44:51 -0300] "GET /cormun/static/gxcfg.js?201612262053193 HTTP/1.1" 200 953
186.67.172.234 - - [14/Mar/2017:12:44:51 -0300] "GET /cormun/static/trautorizarpermisogoce.js?201612262053552 HTTP/1.1" 200 31039
186.67.172.234 - - [14/Mar/2017:12:44:51 -0300] "GET /cormun/servlet/trautorizarpermisogoce? HTTP/1.1" 200 6760
192.168.10.99 - - [14/Mar/2017:12:44:55 -0300] "POST /cormunbeta/servlet/hlogin?7a64e1d74b6a6eee8a5642bd553f27c7,gx-no-cache=1489509577779 HTTP/1.1" 200 90
192.168.10.99 - - [14/Mar/2017:12:44:55 -0300] "GET /cormunbeta/servlet/hpexe_link HTTP/1.1" 200 954
192.168.10.99 - - [14/Mar/2017:12:44:55 -0300] "GET /cormunbeta/servlet/hhome HTTP/1.1" 200 3551
192.168.10.99 - - [14/Mar/2017:12:44:56 -0300] "GET /cormunbeta/servlet/hhome HTTP/1.1" 200 3548
192.168.10.89 - - [14/Mar/2017:12:44:59 -0300] "POST /cormun/servlet/solicitudot?gx-no-cache=1489509581873 HTTP/1.1" 200 255
186.103.159.230 - - [14/Mar/2017:12:45:02 -0300] "POST /cormun/servlet/solicitudot?gx-no-cache=1489506371068 HTTP/1.1" 200 727
186.103.159.230 - - [14/Mar/2017:12:45:02 -0300] "GET /cormun/static/Shared/jqueryui/images/ui-bg_highlight-soft_100_c6c2c8_1x100.png HTTP/1.1" 404 1117
192.168.10.89 - - [14/Mar/2017:12:45:02 -0300] "GET /cormun/servlet/solicitudot?f6dc18fd549e2fd907c0ad6e8aa0f4b623e2e89d93854677d4629fe7349cb99b445cfef525d5f8731c9efbcefca3970b82c1d2e158a706a84aa0739d6c7debe3d872dc54d69d87ff8a9a0b90d8300b522185a08ccf6e593a96eb928026285ab603fd0d27e600432ca7bb1ff0766604ca205a10a2662f23b8eb68badf2c25237b99d75e47bf5b21b68814f96cde88ceae3a1b91ebcaed656cfe18f463305c06ff4d0cb2f37dfca24a2b875938ee394734e66234c5e2dd0d9a71e423ff40b590cb5f90d828e480ed91e0826b1c29071865e1a2446f07e5f194f58c5b989dd483df39c2e60d558440b87540fb77575d2577204db085cf79e1bba8f673a4dcedfd51519cb0a41d06261819e587f37db0b8c8653b5e91950a582cd7744f339625f35c1ddd08cf23bb0a8b4db4910d117fb5987bbc39bc42bc9957b5d8ec9d54b5b50f041fe8a3e196e5060659195282427164e427c022da876d16ebc9ca09e885a7b5319116fa6cf5c30449b04d2d3305781eabd27bdd4a93ee9332cca18de394060a,gx-no-cache=1489509585117 HTTP/1.1" 200 30
186.103.159.230 - - [14/Mar/2017:12:45:02 -0300] "GET /cormun/static/Shared/jqueryui/images/ui-bg_flat_55_994d53_40x100.png HTTP/1.1" 404 1097
186.103.159.230 - - [14/Mar/2017:12:45:02 -0300] "POST /cormun/servlet/solicitudot?gx-no-cache=1489506371300 HTTP/1.1" 200 117
186.103.159.230 - - [14/Mar/2017:12:45:02 -0300] "GET /cormun/static/Shared/jqueryui/images/ui-icons_ebccce_256x240.png HTTP/1.1" 404 1089
186.103.159.230 - - [14/Mar/2017:12:45:02 -0300] "GET /cormun/static/Shared/jqueryui/images/ui-icons_82798d_256x240.png HTTP/1.1" 404 1089
192.168.10.62 - - [14/Mar/2017:12:45:03 -0300] "POST /cormun/servlet/hlogin?649455ccda3d9c6ab391e2ee4b4e3d9e,gx-no-cache=1489509585856 HTTP/1.1" 200 90
192.168.10.62 - - [14/Mar/2017:12:45:03 -0300] "GET /cormun/servlet/hpexe_link HTTP/1.1" 200 960
192.168.10.89 - - [14/Mar/2017:12:45:03 -0300] "POST /cormun/servlet/solicitudot?gx-no-cache=1489509586201 HTTP/1.1" 200 30
192.168.10.89 - - [14/Mar/2017:12:45:03 -0300] "POST /cormun/servlet/solicitudot?gx-no-cache=1489509586248 HTTP/1.1" 200 235
192.168.10.62 - - [14/Mar/2017:12:45:03 -0300] "GET /cormun/servlet/trsolicitudgral? HTTP/1.1" 200 15627
192.168.10.89 - - [14/Mar/2017:12:45:03 -0300] "POST /cormun/servlet/solicitudot?gx-no-cache=1489509586293 HTTP/1.1" 200 38
192.168.10.62 - - [14/Mar/2017:12:45:04 -0300] "GET /cormun/servlet/trsolicitudgral? HTTP/1.1" 200 15626
192.168.10.89 - - [14/Mar/2017:12:45:06 -0300] "POST /cormun/servlet/solicitudot?gx-no-cache=1489509588685 HTTP/1.1" 200 30
192.168.10.89 - - [14/Mar/2017:12:45:08 -0300] "POST /cormun/servlet/solicitudot?gx-no-cache=1489509590678 HTTP/1.1" 200 656
192.168.10.89 - - [14/Mar/2017:12:45:08 -0300] "POST /cormun/servlet/solicitudot?gx-no-cache=1489509590749 HTTP/1.1" 200 38
192.168.10.62 - - [14/Mar/2017:12:45:08 -0300] "GET /cormun/servlet/trsolicitudgral? HTTP/1.1" 200 15626
192.168.10.62 - - [14/Mar/2017:12:45:09 -0300] "GET /cormun/servlet/trsolicitudgral? HTTP/1.1" 200 15626
192.168.10.62 - - [14/Mar/2017:12:45:10 -0300] "GET /cormun/static/menuarrow.gif HTTP/1.1" 404 1015
186.67.172.234 - - [14/Mar/2017:12:45:16 -0300] "POST /cormun/servlet/trautorizarpermisogoce?7396c4572da6af512e52ba2ac76a8a55,,gx-no-cache=1489509983472 HTTP/1.1" 200 4058
186.103.159.230 - - [14/Mar/2017:12:45:19 -0300] "POST /cormunbeta/servlet/hlogin?b526051687cbc6f6f1706aa97f413b8c,gx-no-cache=1489506389674 HTTP/1.1" 200 453
186.67.172.234 - - [14/Mar/2017:12:45:29 -0300] "GET /cormun/servlet/trautorizarpermisogoce? HTTP/1.1" 200 6760
186.103.159.230 - - [14/Mar/2017:12:45:30 -0300] "POST /cormunbeta/servlet/hlogin?b526051687cbc6f6f1706aa97f413b8c,gx-no-cache=1489506400924 HTTP/1.1" 200 453
186.67.172.234 - - [14/Mar/2017:12:45:30 -0300] "GET /cormun/servlet/trautorizarpermisogoce? HTTP/1.1" 200 6760
192.168.10.89 - - [14/Mar/2017:12:45:31 -0300] "GET /cormun/servlet/solicitudot?f6dc18fd549e2fd907c0ad6e8aa0f4b6990ad945ebd501014d08fecd7e8a52a67176de51e1eba1c2e8fbadbd28bc251f57d16b657370a18e2bbd1b05b49b0ba2293e087ae4d8eb188eafb3d1aaad25afc3c38a63223786048a5241e95e2a0feb2b80079b6b635b2bd64e0a2c7493fca0,gx-no-cache=1489509613949 HTTP/1.1" 200 29
192.168.10.89 - - [14/Mar/2017:12:45:31 -0300] "POST /cormun/servlet/solicitudot?gx-no-cache=1489509613996 HTTP/1.1" 200 641
192.168.10.62 - - [14/Mar/2017:12:45:34 -0300] "POST /cormun/servlet/trsolicitudgral?649455ccda3d9c6ab391e2ee4b4e3d9e,,gx-no-cache=1489509616711 HTTP/1.1" 200 7667
192.168.10.89 - - [14/Mar/2017:12:45:35 -0300] "GET /cormun/servlet/solicitudot?f6dc18fd549e2fd907c0ad6e8aa0f4b6990ad945ebd501014d08fecd7e8a52a67176de51e1eba1c2e8fbadbd28bc251f57d16b657370a18e2bbd1b05b49b0ba2293e087ae4d8eb188eafb3d1aaad25afc3c38a63223786048a5241e95e2a0feb2b80079b6b635b2bd64e0a2c7493fca0,gx-no-cache=1489509618084 HTTP/1.1" 200 29
192.168.10.89 - - [14/Mar/2017:12:45:35 -0300] "POST /cormun/servlet/solicitudot?gx-no-cache=1489509618146 HTTP/1.1" 200 641
192.168.10.89 - - [14/Mar/2017:12:45:38 -0300] "POST /cormun/servlet/solicitudot?gx-no-cache=1489509620543 HTTP/1.1" 200 1157
192.168.10.62 - - [14/Mar/2017:12:45:39 -0300] "POST /cormun/servlet/trsolicitudgral?649455ccda3d9c6ab391e2ee4b4e3d9e,,gx-no-cache=1489509621633 HTTP/1.1" 200 105
192.168.10.62 - - [14/Mar/2017:12:45:39 -0300] "POST /cormun/servlet/trsolicitudgral?649455ccda3d9c6ab391e2ee4b4e3d9e,,gx-no-cache=1489509621743 HTTP/1.1" 200 7651
192.168.10.62 - - [14/Mar/2017:12:45:39 -0300] "GET /cormun/SolicitudGral-7267.xls HTTP/1.1" 200 7168
186.103.159.230 - - [14/Mar/2017:12:45:49 -0300] "POST /cormunbeta/servlet/hlogin?b526051687cbc6f6f1706aa97f413b8c,gx-no-cache=1489506420427 HTTP/1.1" 200 453
186.103.156.211 - - [14/Mar/2017:12:45:57 -0300] "GET /cormun/servlet/hlogin HTTP/1.1" 200 1715
192.168.10.89 - - [14/Mar/2017:12:46:00 -0300] "GET /cormun/servlet/solicitudot?f6dc18fd549e2fd907c0ad6e8aa0f4b6ac9a6c66a54871ced1fc071708eaac5ba93242edbf8233b1b85bdd613a219e4df6fedc7577002a7584bc3578e4cd07d39055b68f60d591523f3b1eabb6ff68575961a2ae8f665382c7f51e2506d2a50d947dc64b7559aaafbd091ee717df534aeafde4edffa5c9e53dcfb5492b4768f033740850364aeced562fbf9b6f6b98147b93e64a67f4909fc8e8aad01e9621f0a964bc9b51e01babe01fd9f01ed13499,gx-no-cache=1489509642441 HTTP/1.1" 200 30
192.168.10.96 - - [14/Mar/2017:12:46:00 -0300] "POST /cormun/servlet/trsolicitudot?421879d25b83ad71cf475081fbeaab80,gx-no-cache=1489509642482 HTTP/1.1" 200 107
192.168.10.96 - - [14/Mar/2017:12:46:00 -0300] "GET /cormun/servlet/trsolicitudadjuntos?2017,5473, HTTP/1.1" 200 8250
192.168.10.96 - - [14/Mar/2017:12:46:00 -0300] "GET /cormun/servlet/trsolicitudadjuntos?2017,5473, HTTP/1.1" 200 8248
192.168.10.96 - - [14/Mar/2017:12:46:03 -0300] "GET /cormun/PublicTempStorage/certificado_de_titulo_camila4805093.pdf HTTP/1.1" 200 505797
192.168.10.89 - - [14/Mar/2017:12:46:09 -0300] "POST /cormun/servlet/solicitudot?gx-no-cache=1489509651701 HTTP/1.1" 200 1273
192.168.10.89 - - [14/Mar/2017:12:46:09 -0300] "POST /cormun/servlet/solicitudot?gx-no-cache=1489509651754 HTTP/1.1" 200 1157
192.168.10.89 - - [14/Mar/2017:12:46:09 -0300] "GET /cormun/servlet/solicitudot?f6dc18fd549e2fd907c0ad6e8aa0f4b6ac9a6c66a54871ced1fc071708eaac5ba93242edbf8233b1b85bdd613a219e4df6fedc7577002a7584bc3578e4cd07d39055b68f60d591523f3b1eabb6ff68575961a2ae8f665382c7f51e2506d2a50d947dc64b7559aaafbd091ee717df534aeafde4edffa5c9e53dcfb5492b4768f033740850364aeced562fbf9b6f6b98147b93e64a67f4909fc8e8aad01e9621f0a964bc9b51e01babe01fd9f01ed13499,gx-no-cache=1489509651793 HTTP/1.1" 200 30
192.168.10.89 - - [14/Mar/2017:12:46:09 -0300] "POST /cormun/servlet/solicitudot?5f6c5f2915b94184677aaf5fba460c82,INS,0,0,,gx-no-cache=1489509651825 HTTP/1.1" 200 93
192.168.10.89 - - [14/Mar/2017:12:46:09 -0300] "GET /cormun/servlet/hpexe_return? HTTP/1.1" 200 1004
192.168.10.89 - - [14/Mar/2017:12:46:10 -0300] "GET /cormun/servlet/trsolicitudot HTTP/1.1" 200 8214
192.168.10.96 - - [14/Mar/2017:12:46:12 -0300] "GET /cormun/servlet/trsolicitudadjuntos?2017,5473, HTTP/1.1" 200 8250
186.103.159.230 - - [14/Mar/2017:12:46:12 -0300] "POST /cormunbeta/servlet/hlogin?b526051687cbc6f6f1706aa97f413b8c,gx-no-cache=1489506442827 HTTP/1.1" 200 448
192.168.10.96 - - [14/Mar/2017:12:46:12 -0300] "GET /cormun/servlet/trsolicitudadjuntos?2017,5473, HTTP/1.1" 200 8247
192.168.10.89 - - [14/Mar/2017:12:46:13 -0300] "POST /cormun/servlet/trsolicitudot?5f6c5f2915b94184677aaf5fba460c82,gx-no-cache=1489509656014 HTTP/1.1" 200 5677
192.168.10.89 - - [14/Mar/2017:12:46:13 -0300] "GET /cormun/static/Shared/jqueryui/images/ui-icons_8d78a5_256x240.png HTTP/1.1" 404 1089
192.168.10.89 - - [14/Mar/2017:12:46:13 -0300] "GET /cormun/static/Shared/jqueryui/images/ui-icons_82798d_256x240.png HTTP/1.1" 404 1089
192.168.10.89 - - [14/Mar/2017:12:46:13 -0300] "GET /cormun/static/Shared/jqueryui/images/ui-bg_flat_55_fafafa_40x100.png HTTP/1.1" 404 1097
192.168.10.89 - - [14/Mar/2017:12:46:14 -0300] "GET /cormun/static/Shared/jqueryui/images/ui-bg_highlight-soft_100_c6c2c8_1x100.png HTTP/1.1" 404 1117
186.103.159.230 - - [14/Mar/2017:12:46:14 -0300] "POST /cormunbeta/servlet/hlogin?b526051687cbc6f6f1706aa97f413b8c,gx-no-cache=1489506445298 HTTP/1.1" 200 446
186.103.156.211 - - [14/Mar/2017:12:46:14 -0300] "POST /cormun/servlet/hlogin?d3401b9b871de762a82762859b0396e7,gx-no-cache=1489506443547 HTTP/1.1" 200 90
186.103.156.211 - - [14/Mar/2017:12:46:14 -0300] "GET /cormun/servlet/hpexe_link HTTP/1.1" 200 947
186.103.156.211 - - [14/Mar/2017:12:46:14 -0300] "GET /cormun/static/hpexe_link.js?201612218515532 HTTP/1.1" 200 625
186.103.156.211 - - [14/Mar/2017:12:46:15 -0300] "GET /cormun/servlet/hhome HTTP/1.1" 200 3986
186.103.156.211 - - [14/Mar/2017:12:46:15 -0300] "GET /cormun/static/gxcfg.js?201612218515568 HTTP/1.1" 304 -
186.103.156.211 - - [14/Mar/2017:12:46:15 -0300] "GET /cormun/static/hhome.js?201612218515573 HTTP/1.1" 304 -
186.103.156.211 - - [14/Mar/2017:12:46:16 -0300] "GET /cormun/servlet/hhome HTTP/1.1" 200 3982
192.168.10.89 - - [14/Mar/2017:12:46:16 -0300] "POST /cormun/servlet/trsolicitudot?5f6c5f2915b94184677aaf5fba460c82,gx-no-cache=1489509659112 HTTP/1.1" 200 106
192.168.10.89 - - [14/Mar/2017:12:46:16 -0300] "GET /cormun/servlet/trsolicitudadjuntos?2017,5504, HTTP/1.1" 200 6045
192.168.10.89 - - [14/Mar/2017:12:46:20 -0300] "GET /cormun/servlet/solicitudotadjuntos?INS,2017,5504,,1, HTTP/1.1" 200 5977
192.168.10.89 - - [14/Mar/2017:12:46:21 -0300] "HEAD /cormun/static/about:blank HTTP/1.1" 404 -
192.168.10.89 - - [14/Mar/2017:12:46:22 -0300] "GET /cormun/servlet/solicitudotadjuntos?f6dc18fd549e2fd907c0ad6e8aa0f4b6b66e5cc9e666b5526c0a39b95c4da1d447a82ded43cf3b21171a570e96338c65,gx-no-cache=1489509664379 HTTP/1.1" 200 30
186.103.156.211 - - [14/Mar/2017:12:46:22 -0300] "GET /cormun/servlet/trautorizarsolicitud? HTTP/1.1" 200 6907
192.168.10.89 - - [14/Mar/2017:12:46:22 -0300] "POST /cormun/servlet/solicitudotadjuntos?5f6c5f2915b94184677aaf5fba460c82,INS,2017,5504,,1,,gx-no-cache=1489509664413 HTTP/1.1" 200 3850
186.103.156.211 - - [14/Mar/2017:12:46:22 -0300] "GET /cormun/servlet/trautorizarsolicitud? HTTP/1.1" 200 6906
186.103.159.230 - - [14/Mar/2017:12:46:24 -0300] "POST /cormunbeta/servlet/hlogin?b526051687cbc6f6f1706aa97f413b8c,gx-no-cache=1489506455059 HTTP/1.1" 200 90
186.103.159.230 - - [14/Mar/2017:12:46:24 -0300] "GET /cormunbeta/servlet/hpexe_link HTTP/1.1" 200 959
186.103.159.230 - - [14/Mar/2017:12:46:24 -0300] "GET /cormunbeta/servlet/hhome HTTP/1.1" 200 4301
186.103.159.230 - - [14/Mar/2017:12:46:25 -0300] "GET /cormunbeta/servlet/hhome HTTP/1.1" 200 4298
192.168.10.89 - - [14/Mar/2017:12:46:26 -0300] "POST /cormun/servlet/solicitudotadjuntos?gx-no-cache=1489509668837 HTTP/1.1" 200 26
186.103.156.211 - - [14/Mar/2017:12:46:27 -0300] "GET /cormun/servlet/trautorizarsolicitud? HTTP/1.1" 200 6906
186.103.156.211 - - [14/Mar/2017:12:46:27 -0300] "GET /cormun/servlet/trautorizarsolicitud? HTTP/1.1" 200 6906
186.103.159.230 - - [14/Mar/2017:12:46:28 -0300] "GET /cormunbeta/servlet/trlicencias? HTTP/1.1" 200 8704
186.103.159.230 - - [14/Mar/2017:12:46:29 -0300] "GET /cormunbeta/servlet/trlicencias? HTTP/1.1" 200 8701
186.103.156.211 - - [14/Mar/2017:12:46:31 -0300] "POST /cormun/servlet/trautorizarsolicitud?d3401b9b871de762a82762859b0396e7,,gx-no-cache=1489506460494 HTTP/1.1" 200 4118
186.103.156.211 - - [14/Mar/2017:12:46:34 -0300] "GET /cormun/servlet/hhome HTTP/1.1" 200 3986
186.103.156.211 - - [14/Mar/2017:12:46:34 -0300] "GET /cormun/servlet/hhome HTTP/1.1" 200 3982
186.103.156.211 - - [14/Mar/2017:12:46:40 -0300] "GET /cormun/servlet/trvisualizadoreventos? HTTP/1.1" 200 6717
186.103.156.211 - - [14/Mar/2017:12:46:40 -0300] "GET /cormun/static/gxcfg.js?2016101716203350 HTTP/1.1" 304 -
186.103.156.211 - - [14/Mar/2017:12:46:40 -0300] "GET /cormun/static/trvisualizadoreventos.js?2016101716203614 HTTP/1.1" 304 -
186.103.156.211 - - [14/Mar/2017:12:46:40 -0300] "GET /cormun/servlet/trvisualizadoreventos? HTTP/1.1" 200 6717
186.103.156.211 - - [14/Mar/2017:12:46:44 -0300] "GET /cormun/servlet/trsolicitudot? HTTP/1.1" 200 9075
186.103.156.211 - - [14/Mar/2017:12:46:44 -0300] "GET /cormun/servlet/trsolicitudot? HTTP/1.1" 200 9075
186.103.156.211 - - [14/Mar/2017:12:46:57 -0300] "POST /cormun/servlet/trsolicitudot?d3401b9b871de762a82762859b0396e7,,gx-no-cache=1489506485250 HTTP/1.1" 200 107
186.103.156.211 - - [14/Mar/2017:12:46:57 -0300] "GET /cormun/servlet/trsolicitudadjuntos?2017,5473, HTTP/1.1" 200 8233
186.103.156.211 - - [14/Mar/2017:12:46:57 -0300] "GET /cormun/servlet/trsolicitudadjuntos?2017,5473, HTTP/1.1" 200 8232
186.103.156.211 - - [14/Mar/2017:12:47:01 -0300] "GET /cormun/servlet/solicitudotadjuntos?INS,2017,5473,,2, HTTP/1.1" 200 6015
186.103.156.211 - - [14/Mar/2017:12:47:01 -0300] "GET /cormun/static/solicitudotadjuntos.js?201612218465969 HTTP/1.1" 304 -
186.103.156.211 - - [14/Mar/2017:12:47:01 -0300] "GET /cormun/static/about:blank HTTP/1.1" 404 1011
186.103.156.211 - - [14/Mar/2017:12:47:02 -0300] "GET /cormun/servlet/solicitudotadjuntos?INS,2017,5473,,2, HTTP/1.1" 200 6009
186.103.156.211 - - [14/Mar/2017:12:47:02 -0300] "GET /cormun/servlet/solicitudotadjuntos?6654c86aff33f2a39c8c803701f754bc410bdd92a95e6130c6b74cb240a408cb0feec4188f0db40cb62aa33f9a05fb14,gx-no-cache=1489506491657 HTTP/1.1" 200 30
186.103.156.211 - - [14/Mar/2017:12:47:03 -0300] "POST /cormun/servlet/solicitudotadjuntos?d3401b9b871de762a82762859b0396e7,INS,2017,5473,,2,,gx-no-cache=1489506491748 HTTP/1.1" 200 4048
186.103.156.211 - - [14/Mar/2017:12:47:05 -0300] "POST /cormun/servlet/solicitudotadjuntos?gx-no-cache=1489506493876 HTTP/1.1" 200 26
192.168.10.89 - - [14/Mar/2017:12:47:16 -0300] "GET /cormun/servlet/solicitudotadjuntos?f6dc18fd549e2fd907c0ad6e8aa0f4b69f4b723e17d4780f3938377db412cc6e,gx-no-cache=1489509719144 HTTP/1.1" 200 30
192.168.10.89 - - [14/Mar/2017:12:47:16 -0300] "GET /cormun/servlet/solicitudotadjuntos?f6dc18fd549e2fd907c0ad6e8aa0f4b69f4b723e17d4780f3938377db412cc6e,gx-no-cache=1489509719201 HTTP/1.1" 200 30
192.168.10.89 - - [14/Mar/2017:12:47:17 -0300] "POST /cormun/servlet/solicitudotadjuntos?5f6c5f2915b94184677aaf5fba460c82,INS,2017,5504,,1, HTTP/1.1" 200 116
192.168.10.89 - - [14/Mar/2017:12:47:17 -0300] "GET /cormun/servlet/hpexe_return? HTTP/1.1" 200 1024
