192.168.10.60 - - [14/Mar/2017:08:48:19 -0300] "GET /cormun/static/calendar-es.js?85251 HTTP/1.1" 200 1901
192.168.10.60 - - [14/Mar/2017:08:48:19 -0300] "GET /cormun/static/gxdec.js?85251 HTTP/1.1" 200 19579
192.168.10.60 - - [14/Mar/2017:08:48:19 -0300] "GET /cormun/static/Shared/ext/resources/css/ext-all.css?215870 HTTP/1.1" 200 416045
192.168.10.60 - - [14/Mar/2017:08:48:19 -0300] "GET /cormun/static/trautorizarot.js?201726223913 HTTP/1.1" 200 53009
192.168.10.60 - - [14/Mar/2017:08:48:19 -0300] "GET /cormun/static/Resources/PXTools/calendar.png HTTP/1.1" 200 1306
192.168.10.60 - - [14/Mar/2017:08:48:19 -0300] "GET /cormun/static/Resources/PXToolsDataSearch.png HTTP/1.1" 200 419
192.168.10.60 - - [14/Mar/2017:08:48:19 -0300] "GET /cormun/static/Resources/PXToolsGridFirstDisabled.gif HTTP/1.1" 200 100
192.168.10.60 - - [14/Mar/2017:08:48:19 -0300] "GET /cormun/static/Resources/PXToolsGridPreviousDisabled.gif HTTP/1.1" 200 90
192.168.10.60 - - [14/Mar/2017:08:48:19 -0300] "GET /cormun/static/Resources/PXToolsGridNextDisabled.gif HTTP/1.1" 200 90
192.168.10.60 - - [14/Mar/2017:08:48:19 -0300] "GET /cormun/static/Resources/PXToolsGridLastDisabled.gif HTTP/1.1" 200 98
192.168.10.60 - - [14/Mar/2017:08:48:19 -0300] "GET /cormun/static/Resources/PXToolsActionExcel.png HTTP/1.1" 200 3187
192.168.10.60 - - [14/Mar/2017:08:48:19 -0300] "GET /cormun/static/Resources/PXToolsAddAllStandardAction.png HTTP/1.1" 200 628
192.168.10.60 - - [14/Mar/2017:08:48:19 -0300] "GET /cormun/static/Resources/PXToolsRemoveAllStandardAction.png HTTP/1.1" 200 495
192.168.10.60 - - [14/Mar/2017:08:48:20 -0300] "GET /cormun/static/Resources/desc.gif HTTP/1.1" 200 65
192.168.10.60 - - [14/Mar/2017:08:48:20 -0300] "GET /cormun//static/Resources/PXToolsGridDelete.png HTTP/1.1" 200 357
192.168.10.60 - - [14/Mar/2017:08:48:20 -0300] "GET /cormun//static/Resources/PXToolsDataSearchRemember.gif HTTP/1.1" 200 1153
192.168.10.60 - - [14/Mar/2017:08:48:20 -0300] "GET /cormun/static/Resources/asc.gif HTTP/1.1" 200 67
192.168.10.60 - - [14/Mar/2017:08:48:20 -0300] "GET /cormun/static/Shared/ext/resources/themes/images/default/panel/bg-headersPanel.png HTTP/1.1" 200 255
192.168.10.60 - - [14/Mar/2017:08:48:20 -0300] "GET /cormun/static/Shared/ext/resources/themes/images/default/tools/tool-sprites.gif HTTP/1.1" 200 5434
192.168.10.60 - - [14/Mar/2017:08:48:21 -0300] "GET /cormun/servlet/trautorizarot? HTTP/1.1" 200 24596
192.168.10.60 - - [14/Mar/2017:08:48:23 -0300] "GET /cormun/static/menuarrow.gif HTTP/1.1" 404 1015
192.168.10.60 - - [14/Mar/2017:08:48:30 -0300] "POST /cormun/servlet/trautorizarot?d4ba5f9853e89104792f1312083cc573,,gx-no-cache=1489491363789 HTTP/1.1" 200 22358
192.168.10.60 - - [14/Mar/2017:08:48:31 -0300] "GET /cormun/static/Resources/PXToolsGridLast.gif HTTP/1.1" 200 370
192.168.10.60 - - [14/Mar/2017:08:48:31 -0300] "GET /cormun/static/Resources/PXToolsGridNext.gif HTTP/1.1" 200 369
192.168.10.60 - - [14/Mar/2017:08:48:39 -0300] "POST /cormun/servlet/trautorizarot?d4ba5f9853e89104792f1312083cc573,,gx-no-cache=1489491373124 HTTP/1.1" 200 22827
192.168.10.60 - - [14/Mar/2017:08:48:39 -0300] "GET /cormun/static/Resources/PXToolsGridLastDisabled.gif HTTP/1.1" 200 98
192.168.10.60 - - [14/Mar/2017:08:48:39 -0300] "GET /cormun/static/Resources/PXToolsGridNextDisabled.gif HTTP/1.1" 200 90
192.168.10.96 - - [14/Mar/2017:08:48:49 -0300] "GET /cormun/servlet/solicitudot?093b44832ed6c29f00df14da8673b031e417c10f4a86078c0681a23a71dc536111da95692d10d4907c526e0311983cbe8ce704c447ac8c1ad211168f7cdb5a3350dfe85427191e690ad7d28ab98baefdfe5bfe73fa2395385b2777290fa939be876eeed19759dba3a052dd45f25ec49136602e76f953d239f1e4e2eef608e47cc63b8f6f4c81257148250d444f2f4928551a685782920a5aba0c2a2227af686200730153b819545796414a191ea35489,gx-no-cache=1489495412286 HTTP/1.1" 200 30
192.168.10.60 - - [14/Mar/2017:08:48:57 -0300] "POST /cormun/servlet/trautorizarot?d4ba5f9853e89104792f1312083cc573,,gx-no-cache=1489491391069 HTTP/1.1" 200 22827
192.168.10.96 - - [14/Mar/2017:08:49:02 -0300] "POST /cormun/servlet/solicitudot?a90e5a810b5e993300fc012e1164963a,INS,0,0,,gx-no-cache=1489495425153 HTTP/1.1" 200 93
192.168.10.96 - - [14/Mar/2017:08:49:02 -0300] "GET /cormun/servlet/hpexe_return? HTTP/1.1" 200 1002
192.168.10.96 - - [14/Mar/2017:08:49:03 -0300] "GET /cormun/servlet/trsolicitudot HTTP/1.1" 200 8162
192.168.10.96 - - [14/Mar/2017:08:49:03 -0300] "GET /cormun/servlet/trsolicitudot HTTP/1.1" 200 8158
192.168.10.96 - - [14/Mar/2017:08:49:11 -0300] "POST /cormun/servlet/trsolicitudot?a90e5a810b5e993300fc012e1164963a,gx-no-cache=1489495433467 HTTP/1.1" 200 106
192.168.10.96 - - [14/Mar/2017:08:49:11 -0300] "GET /cormun/servlet/trsolicitudadjuntos?2017,5477, HTTP/1.1" 200 6029
192.168.10.96 - - [14/Mar/2017:08:49:11 -0300] "GET /cormun/servlet/trsolicitudadjuntos?2017,5477, HTTP/1.1" 200 6029
192.168.10.96 - - [14/Mar/2017:08:49:15 -0300] "GET /cormun/servlet/solicitudotadjuntos?INS,2017,5477,,1, HTTP/1.1" 200 5962
192.168.10.96 - - [14/Mar/2017:08:49:15 -0300] "GET /cormun/static/about:blank HTTP/1.1" 404 1011
192.168.10.96 - - [14/Mar/2017:08:49:15 -0300] "GET /cormun/servlet/solicitudotadjuntos?INS,2017,5477,,1, HTTP/1.1" 200 5955
192.168.10.96 - - [14/Mar/2017:08:49:15 -0300] "GET /cormun/servlet/solicitudotadjuntos?093b44832ed6c29f00df14da8673b031c76775648f1b0fbead255963997865ce968d595e47a0a2630d2483ba7627d041,gx-no-cache=1489495438287 HTTP/1.1" 200 30
192.168.10.96 - - [14/Mar/2017:08:49:15 -0300] "POST /cormun/servlet/solicitudotadjuntos?a90e5a810b5e993300fc012e1164963a,INS,2017,5477,,1,,gx-no-cache=1489495438324 HTTP/1.1" 200 3856
192.168.10.96 - - [14/Mar/2017:08:49:19 -0300] "POST /cormun/servlet/solicitudotadjuntos?gx-no-cache=1489495442208 HTTP/1.1" 200 26
192.168.10.60 - - [14/Mar/2017:08:49:33 -0300] "POST /cormun/servlet/trautorizarot?d4ba5f9853e89104792f1312083cc573,,gx-no-cache=1489491426882 HTTP/1.1" 200 19869
192.168.10.96 - - [14/Mar/2017:08:49:37 -0300] "GET /cormun/servlet/solicitudotadjuntos?093b44832ed6c29f00df14da8673b0319fbf8686b51df710b65c436ddb691d5e,gx-no-cache=1489495460217 HTTP/1.1" 200 30
192.168.10.96 - - [14/Mar/2017:08:49:37 -0300] "GET /cormun/servlet/solicitudotadjuntos?093b44832ed6c29f00df14da8673b0319fbf8686b51df710b65c436ddb691d5e,gx-no-cache=1489495460234 HTTP/1.1" 200 30
192.168.10.96 - - [14/Mar/2017:08:49:38 -0300] "POST /cormun/servlet/solicitudotadjuntos?a90e5a810b5e993300fc012e1164963a,INS,2017,5477,,1, HTTP/1.1" 200 116
192.168.10.96 - - [14/Mar/2017:08:49:38 -0300] "GET /cormun/servlet/hpexe_return? HTTP/1.1" 200 1021
192.168.10.96 - - [14/Mar/2017:08:49:38 -0300] "GET /cormun/servlet/trsolicitudadjuntos?2017,5477, HTTP/1.1" 200 8158
192.168.10.96 - - [14/Mar/2017:08:49:38 -0300] "GET /cormun/servlet/trsolicitudadjuntos?2017,5477, HTTP/1.1" 200 8166
192.168.10.96 - - [14/Mar/2017:08:49:41 -0300] "GET /cormun/servlet/solicitudotadjuntos?INS,2017,5477,,1, HTTP/1.1" 200 5962
192.168.10.96 - - [14/Mar/2017:08:49:41 -0300] "GET /cormun/static/about:blank HTTP/1.1" 404 1011
192.168.10.96 - - [14/Mar/2017:08:49:41 -0300] "GET /cormun/servlet/solicitudotadjuntos?INS,2017,5477,,1, HTTP/1.1" 200 5955
192.168.10.96 - - [14/Mar/2017:08:49:41 -0300] "GET /cormun/servlet/solicitudotadjuntos?093b44832ed6c29f00df14da8673b031c76775648f1b0fbead255963997865ce968d595e47a0a2630d2483ba7627d041,gx-no-cache=1489495464379 HTTP/1.1" 200 30
192.168.10.96 - - [14/Mar/2017:08:49:42 -0300] "POST /cormun/servlet/solicitudotadjuntos?a90e5a810b5e993300fc012e1164963a,INS,2017,5477,,1,,gx-no-cache=1489495464405 HTTP/1.1" 200 3856
192.168.10.96 - - [14/Mar/2017:08:49:44 -0300] "POST /cormun/servlet/solicitudotadjuntos?gx-no-cache=1489495466765 HTTP/1.1" 200 26
192.168.10.96 - - [14/Mar/2017:08:49:51 -0300] "GET /cormun/servlet/solicitudotadjuntos?093b44832ed6c29f00df14da8673b0319fbf8686b51df710b65c436ddb691d5e,gx-no-cache=1489495473689 HTTP/1.1" 200 30
192.168.10.96 - - [14/Mar/2017:08:49:51 -0300] "GET /cormun/servlet/solicitudotadjuntos?093b44832ed6c29f00df14da8673b0319fbf8686b51df710b65c436ddb691d5e,gx-no-cache=1489495473714 HTTP/1.1" 200 30
192.168.10.96 - - [14/Mar/2017:08:49:51 -0300] "POST /cormun/servlet/solicitudotadjuntos?a90e5a810b5e993300fc012e1164963a,INS,2017,5477,,1, HTTP/1.1" 200 116
192.168.10.96 - - [14/Mar/2017:08:49:51 -0300] "GET /cormun/servlet/hpexe_return? HTTP/1.1" 200 1021
192.168.10.96 - - [14/Mar/2017:08:49:51 -0300] "GET /cormun/servlet/trsolicitudadjuntos?2017,5477, HTTP/1.1" 200 8379
192.168.10.60 - - [14/Mar/2017:08:49:52 -0300] "POST /cormun/servlet/trautorizarot?d4ba5f9853e89104792f1312083cc573,,gx-no-cache=1489491445839 HTTP/1.1" 200 19174
192.168.10.96 - - [14/Mar/2017:08:49:52 -0300] "GET /cormun/servlet/trsolicitudadjuntos?2017,5477, HTTP/1.1" 200 8377
192.168.10.96 - - [14/Mar/2017:08:49:54 -0300] "GET /cormun/servlet/solicitudotadjuntos?INS,2017,5477,,1, HTTP/1.1" 200 5962
192.168.10.96 - - [14/Mar/2017:08:49:54 -0300] "GET /cormun/static/about:blank HTTP/1.1" 404 1011
192.168.10.96 - - [14/Mar/2017:08:49:54 -0300] "GET /cormun/servlet/solicitudotadjuntos?INS,2017,5477,,1, HTTP/1.1" 200 5955
192.168.10.96 - - [14/Mar/2017:08:49:55 -0300] "GET /cormun/servlet/solicitudotadjuntos?093b44832ed6c29f00df14da8673b031c76775648f1b0fbead255963997865ce968d595e47a0a2630d2483ba7627d041,gx-no-cache=1489495477608 HTTP/1.1" 200 30
192.168.10.96 - - [14/Mar/2017:08:49:55 -0300] "POST /cormun/servlet/solicitudotadjuntos?a90e5a810b5e993300fc012e1164963a,INS,2017,5477,,1,,gx-no-cache=1489495477642 HTTP/1.1" 200 3856
192.168.10.96 - - [14/Mar/2017:08:49:58 -0300] "POST /cormun/servlet/solicitudotadjuntos?gx-no-cache=1489495480675 HTTP/1.1" 200 26
192.168.10.60 - - [14/Mar/2017:08:50:08 -0300] "POST /cormun/servlet/trautorizarot?d4ba5f9853e89104792f1312083cc573,,gx-no-cache=1489491461920 HTTP/1.1" 200 18321
186.103.132.155 - - [14/Mar/2017:08:50:09 -0300] "POST /cormun/servlet/solicitudot?gx-no-cache=1489492279945 HTTP/1.1" 200 255
186.103.132.155 - - [14/Mar/2017:08:50:11 -0300] "GET /cormun/servlet/solicitudot?d6dd737f4baab59779b6010134e2d866740f8ea3481bdb04aa2f855c4b69994cc60484acf55a7065f663f29d80a637f121bff694c09e979c5aff4dd77c09b48d69e7e5475d7ab371efbeb42c67cf42fec9c6ec98e6b3db5ecbe9006aef0c9e629a3288bcc82ef41f4e723d4d0e9daf2c2f482ec9bad897309e6e56029457681b97b8a86b4004080de2119d14a9a9a33d66232b851d640cafbb94e3168885e2d6efff738311eb06c549ea0b63b687722d9e14360d09d57a8982750bdb9a7edc0feea00504177f9261233bb6d94f016ca78dd0835eb5a62e89b5145bca8f75696147eba0589164ed45011b11521c59adb3a34e00443b24e2ef7abf24d34c1a2f25ac01ac3280a97df665c391e9cce928ba78cb1dbca7f94ff4c3b26fea3ae858b95957adeda67d2fbd881ca25eb63b6886c2ebb94c8940dda86faaa1313e453ab16ce2515e0b504ad784ae29731184f68254a436b4a80168b9ddff66f3c35c5ccc021ddabf906ba9f09ccc91dce9d4a013e3a3bd19969edb3b6a6b4bd906a7b0b5,gx-no-cache=1489492282112 HTTP/1.1" 200 30
186.103.132.155 - - [14/Mar/2017:08:50:14 -0300] "POST /cormun/servlet/solicitudot?gx-no-cache=1489492284659 HTTP/1.1" 200 30
186.103.132.155 - - [14/Mar/2017:08:50:16 -0300] "POST /cormun/servlet/solicitudot?gx-no-cache=1489492287161 HTTP/1.1" 200 30
186.103.132.155 - - [14/Mar/2017:08:50:19 -0300] "POST /cormun/servlet/solicitudot?gx-no-cache=1489492289697 HTTP/1.1" 200 235
186.103.132.155 - - [14/Mar/2017:08:50:19 -0300] "POST /cormun/servlet/solicitudot?gx-no-cache=1489492289803 HTTP/1.1" 200 38
192.168.10.60 - - [14/Mar/2017:08:50:27 -0300] "POST /cormun/servlet/trautorizarot?d4ba5f9853e89104792f1312083cc573,,gx-no-cache=1489491481083 HTTP/1.1" 200 17339
192.168.10.60 - - [14/Mar/2017:08:50:35 -0300] "POST /cormun/servlet/trautorizarot?d4ba5f9853e89104792f1312083cc573,,gx-no-cache=1489491489401 HTTP/1.1" 200 16389
192.168.10.60 - - [14/Mar/2017:08:50:54 -0300] "POST /cormun/servlet/trautorizarot?d4ba5f9853e89104792f1312083cc573,,gx-no-cache=1489491508805 HTTP/1.1" 200 14650
192.168.10.60 - - [14/Mar/2017:08:51:05 -0300] "POST /cormun/servlet/trautorizarot?d4ba5f9853e89104792f1312083cc573,,gx-no-cache=1489491519322 HTTP/1.1" 200 14052
186.103.132.155 - - [14/Mar/2017:08:51:05 -0300] "GET /cormun/servlet/solicitudot?d6dd737f4baab59779b6010134e2d8663041c46202b645b68b7d29826102030716bcb9544b14d367a83ce72df342a132334d8e3968270cd74426c24e969be2cfd6f8a3a925f4eebe1ca21e42d44017dcf31b19a0437952d14a12f00130afc075e95ff6d3bbce4de430d981bad4d831ce,gx-no-cache=1489492336144 HTTP/1.1" 200 29
186.103.132.155 - - [14/Mar/2017:08:51:05 -0300] "POST /cormun/servlet/solicitudot?gx-no-cache=1489492336218 HTTP/1.1" 200 643
186.103.132.155 - - [14/Mar/2017:08:51:06 -0300] "POST /cormun/servlet/solicitudot?gx-no-cache=1489492337496 HTTP/1.1" 200 1157
192.168.10.60 - - [14/Mar/2017:08:51:16 -0300] "POST /cormun/servlet/trautorizarot?d4ba5f9853e89104792f1312083cc573,,gx-no-cache=1489491530064 HTTP/1.1" 200 13138
186.103.132.155 - - [14/Mar/2017:08:51:18 -0300] "GET /cormun/static/menuarrow.gif HTTP/1.1" 404 1015
186.103.132.155 - - [14/Mar/2017:08:51:27 -0300] "GET /cormun/servlet/solicitudot?d6dd737f4baab59779b6010134e2d866e0186b576bf5ebe287eb2ccec4a9b8ce5cd9943ad2a1f2e0e7237b6f5ffc1eae02d80ac0d1d6fb3d0f495cd3c9fce5d12ced278f316137f3fcb2feb75b9fc3675a5b74cbd1f5350dc783fbe15ee384c9f7d79cdd53da61d83abd54971b6c612db5e795396e1c4ff379c1464ce669ebe67de45dff0366ff324752e06f55178151c9227ff62cdb0d8bcaf718716d01ab2909ac4b7c59af5db383bd24a1eb548f6f,gx-no-cache=1489492358160 HTTP/1.1" 200 30
186.103.132.155 - - [14/Mar/2017:08:51:38 -0300] "POST /cormun/servlet/solicitudot?bac092819d0132388e45b9ee7503acdf,INS,0,0,,gx-no-cache=1489492368776 HTTP/1.1" 200 93
186.103.132.155 - - [14/Mar/2017:08:51:38 -0300] "GET /cormun/servlet/hpexe_return? HTTP/1.1" 200 1006
186.103.132.155 - - [14/Mar/2017:08:51:39 -0300] "GET /cormun/servlet/trsolicitudot HTTP/1.1" 200 15947
186.103.132.155 - - [14/Mar/2017:08:51:39 -0300] "GET /cormun/servlet/trsolicitudot HTTP/1.1" 200 15942
186.103.132.155 - - [14/Mar/2017:08:51:44 -0300] "POST /cormun/servlet/trsolicitudot?bac092819d0132388e45b9ee7503acdf,gx-no-cache=1489492374623 HTTP/1.1" 200 107
186.103.132.155 - - [14/Mar/2017:08:51:44 -0300] "GET /cormun/servlet/trsolicitudadjuntos?2017,5478, HTTP/1.1" 200 5907
186.103.132.155 - - [14/Mar/2017:08:51:44 -0300] "GET /cormun/static/gxcfg.js?201612218531388 HTTP/1.1" 200 953
186.103.132.155 - - [14/Mar/2017:08:51:45 -0300] "GET /cormun/static/trsolicitudadjuntos.js?201612218531657 HTTP/1.1" 200 17913
192.168.10.60 - - [14/Mar/2017:08:51:45 -0300] "POST /cormun/servlet/trautorizarot?d4ba5f9853e89104792f1312083cc573,,gx-no-cache=1489491559138 HTTP/1.1" 200 12793
186.103.132.155 - - [14/Mar/2017:08:51:45 -0300] "GET /cormun/servlet/trsolicitudadjuntos?2017,5478, HTTP/1.1" 200 5906
186.103.132.155 - - [14/Mar/2017:08:51:48 -0300] "GET /cormun/servlet/solicitudotadjuntos?INS,2017,5478,,1, HTTP/1.1" 200 5839
186.103.132.155 - - [14/Mar/2017:08:51:48 -0300] "GET /cormun/static/gxcfg.js?201612218465951 HTTP/1.1" 200 953
186.103.132.155 - - [14/Mar/2017:08:51:48 -0300] "GET /cormun/static/solicitudotadjuntos.js?201612218465969 HTTP/1.1" 200 11762
186.103.132.155 - - [14/Mar/2017:08:51:48 -0300] "GET /cormun/static/about:blank HTTP/1.1" 404 1011
186.103.132.155 - - [14/Mar/2017:08:51:48 -0300] "GET /cormun/servlet/solicitudotadjuntos?INS,2017,5478,,1, HTTP/1.1" 200 5833
186.103.132.155 - - [14/Mar/2017:08:51:49 -0300] "GET /cormun/servlet/solicitudotadjuntos?d6dd737f4baab59779b6010134e2d86684d6c4963843f734e6661632d497b6af473c4c0fa8a4412027121541b2292981,gx-no-cache=1489492379797 HTTP/1.1" 200 30
186.103.132.155 - - [14/Mar/2017:08:51:49 -0300] "POST /cormun/servlet/solicitudotadjuntos?bac092819d0132388e45b9ee7503acdf,INS,2017,5478,,1,,gx-no-cache=1489492380047 HTTP/1.1" 200 3677
186.103.132.155 - - [14/Mar/2017:08:51:53 -0300] "POST /cormun/servlet/solicitudotadjuntos?gx-no-cache=1489492383610 HTTP/1.1" 200 26
192.168.10.60 - - [14/Mar/2017:08:52:06 -0300] "POST /cormun/servlet/trautorizarot?d4ba5f9853e89104792f1312083cc573,,gx-no-cache=1489491580077 HTTP/1.1" 200 12442
192.168.10.60 - - [14/Mar/2017:08:52:15 -0300] "POST /cormun/servlet/trautorizarot?d4ba5f9853e89104792f1312083cc573,,gx-no-cache=1489491589648 HTTP/1.1" 200 12109
192.168.10.60 - - [14/Mar/2017:08:52:27 -0300] "POST /cormun/servlet/trautorizarot?d4ba5f9853e89104792f1312083cc573,,gx-no-cache=1489491602006 HTTP/1.1" 200 11476
192.168.10.60 - - [14/Mar/2017:08:52:36 -0300] "POST /cormun/servlet/trautorizarot?d4ba5f9853e89104792f1312083cc573,,gx-no-cache=1489491610664 HTTP/1.1" 200 11054
192.168.10.96 - - [14/Mar/2017:08:53:18 -0300] "GET /cormun/servlet/solicitudotadjuntos?093b44832ed6c29f00df14da8673b0319fbf8686b51df710b65c436ddb691d5e,gx-no-cache=1489495680570 HTTP/1.1" 200 30
192.168.10.96 - - [14/Mar/2017:08:53:18 -0300] "GET /cormun/servlet/solicitudotadjuntos?093b44832ed6c29f00df14da8673b0319fbf8686b51df710b65c436ddb691d5e,gx-no-cache=1489495680589 HTTP/1.1" 200 30
192.168.10.96 - - [14/Mar/2017:08:53:18 -0300] "POST /cormun/servlet/solicitudotadjuntos?a90e5a810b5e993300fc012e1164963a,INS,2017,5477,,1, HTTP/1.1" 200 116
192.168.10.96 - - [14/Mar/2017:08:53:18 -0300] "GET /cormun/servlet/hpexe_return? HTTP/1.1" 200 1021
192.168.10.96 - - [14/Mar/2017:08:53:18 -0300] "GET /cormun/servlet/trsolicitudadjuntos?2017,5477, HTTP/1.1" 200 8542
192.168.10.96 - - [14/Mar/2017:08:53:19 -0300] "GET /cormun/servlet/trsolicitudadjuntos?2017,5477, HTTP/1.1" 200 8540
192.168.10.96 - - [14/Mar/2017:08:53:22 -0300] "GET /cormun/servlet/solicitudotadjuntos?INS,2017,5477,,1, HTTP/1.1" 200 5962
192.168.10.96 - - [14/Mar/2017:08:53:22 -0300] "GET /cormun/static/about:blank HTTP/1.1" 404 1011
192.168.10.96 - - [14/Mar/2017:08:53:22 -0300] "GET /cormun/servlet/solicitudotadjuntos?INS,2017,5477,,1, HTTP/1.1" 200 5955
192.168.10.96 - - [14/Mar/2017:08:53:23 -0300] "GET /cormun/servlet/solicitudotadjuntos?093b44832ed6c29f00df14da8673b031c76775648f1b0fbead255963997865ce968d595e47a0a2630d2483ba7627d041,gx-no-cache=1489495685744 HTTP/1.1" 200 30
192.168.10.96 - - [14/Mar/2017:08:53:23 -0300] "POST /cormun/servlet/solicitudotadjuntos?a90e5a810b5e993300fc012e1164963a,INS,2017,5477,,1,,gx-no-cache=1489495685772 HTTP/1.1" 200 3856
192.168.10.96 - - [14/Mar/2017:08:53:31 -0300] "POST /cormun/servlet/solicitudotadjuntos?gx-no-cache=1489495693600 HTTP/1.1" 200 26
192.168.10.96 - - [14/Mar/2017:08:53:37 -0300] "GET /cormun/servlet/solicitudotadjuntos?093b44832ed6c29f00df14da8673b0319fbf8686b51df710b65c436ddb691d5e,gx-no-cache=1489495700300 HTTP/1.1" 200 30
192.168.10.96 - - [14/Mar/2017:08:53:37 -0300] "GET /cormun/servlet/solicitudotadjuntos?093b44832ed6c29f00df14da8673b0319fbf8686b51df710b65c436ddb691d5e,gx-no-cache=1489495700323 HTTP/1.1" 200 30
192.168.10.96 - - [14/Mar/2017:08:53:38 -0300] "POST /cormun/servlet/solicitudotadjuntos?a90e5a810b5e993300fc012e1164963a,INS,2017,5477,,1, HTTP/1.1" 200 116
192.168.10.96 - - [14/Mar/2017:08:53:38 -0300] "GET /cormun/servlet/hpexe_return? HTTP/1.1" 200 1021
192.168.10.96 - - [14/Mar/2017:08:53:38 -0300] "GET /cormun/servlet/trsolicitudadjuntos?2017,5477, HTTP/1.1" 200 8676
192.168.10.96 - - [14/Mar/2017:08:53:39 -0300] "GET /cormun/servlet/trsolicitudadjuntos?2017,5477, HTTP/1.1" 200 8674
192.168.10.96 - - [14/Mar/2017:08:53:42 -0300] "GET /cormun/servlet/solicitudotadjuntos?INS,2017,5477,,1, HTTP/1.1" 200 5962
192.168.10.96 - - [14/Mar/2017:08:53:42 -0300] "GET /cormun/static/about:blank HTTP/1.1" 404 1011
192.168.10.96 - - [14/Mar/2017:08:53:42 -0300] "GET /cormun/servlet/solicitudotadjuntos?INS,2017,5477,,1, HTTP/1.1" 200 5955
192.168.10.96 - - [14/Mar/2017:08:53:42 -0300] "GET /cormun/servlet/solicitudotadjuntos?093b44832ed6c29f00df14da8673b031c76775648f1b0fbead255963997865ce968d595e47a0a2630d2483ba7627d041,gx-no-cache=1489495705379 HTTP/1.1" 200 30
192.168.10.96 - - [14/Mar/2017:08:53:43 -0300] "POST /cormun/servlet/solicitudotadjuntos?a90e5a810b5e993300fc012e1164963a,INS,2017,5477,,1,,gx-no-cache=1489495705400 HTTP/1.1" 200 3856
192.168.10.96 - - [14/Mar/2017:08:53:45 -0300] "POST /cormun/servlet/solicitudotadjuntos?gx-no-cache=1489495707780 HTTP/1.1" 200 26
186.79.220.158 - - [14/Mar/2017:08:54:07 -0300] "POST /cormun/servlet/solicitudot?gx-no-cache=1489492515927 HTTP/1.1" 200 255
192.168.10.96 - - [14/Mar/2017:08:54:07 -0300] "GET /cormun/servlet/solicitudotadjuntos?093b44832ed6c29f00df14da8673b0319fbf8686b51df710b65c436ddb691d5e,gx-no-cache=1489495729920 HTTP/1.1" 200 30
192.168.10.96 - - [14/Mar/2017:08:54:07 -0300] "GET /cormun/servlet/solicitudotadjuntos?093b44832ed6c29f00df14da8673b0319fbf8686b51df710b65c436ddb691d5e,gx-no-cache=1489495729938 HTTP/1.1" 200 30
192.168.10.96 - - [14/Mar/2017:08:54:07 -0300] "POST /cormun/servlet/solicitudotadjuntos?a90e5a810b5e993300fc012e1164963a,INS,2017,5477,,1, HTTP/1.1" 200 116
192.168.10.96 - - [14/Mar/2017:08:54:08 -0300] "GET /cormun/servlet/hpexe_return? HTTP/1.1" 200 1021
192.168.10.96 - - [14/Mar/2017:08:54:08 -0300] "GET /cormun/servlet/trsolicitudadjuntos?2017,5477, HTTP/1.1" 200 8866
186.79.220.158 - - [14/Mar/2017:08:54:08 -0300] "GET /cormun/servlet/solicitudot?8062ad663387c2c7bed80898ed8279457b48110ec0c6d7afeef278a465650bc3ef5ddc3da90999f8c1bcd418e45e0c1ebc7eb3141116eef5d409d4da02399e44080c9264df4253535dcfb5ecc8f17ee681f568d3fc58d80137c6dc36dd75da30c283c63f718de55d08d9813bdd67aa9dd6a2606f34279cef6bbd3590c8504c0db87fb24ff258b501e282e93274215a13f384b42237751df3113bc5e5929f5f75ad21558c49c43024b3d6e9e5ec00a43aa71560196271f21d479f75834dd694c5995ca208441c3b717ac6dc6e70d48e9053d18aa66536af5da03f4d970bc7e466739684274c81a5c0daaafd1ab28c6b7693abd6db6a8507795a8a0782d1fec905212f0ebf43b7ae32821935d0039f1b721e43ff07c0c42d83d258667f33d1aedfcf0a561b208dcc48449a6f79e9e2317c872c12da5fd902e16dbd8fa764f2387396396c36647a54a01514a7d6924ec8d0faebce36633acfc011a0aa19e870048342dad0e6f56a37fee4bfec1430a843a4f6542ad289decb3d285d6a293ce2845f,gx-no-cache=1489492517516 HTTP/1.1" 200 30
192.168.10.96 - - [14/Mar/2017:08:54:09 -0300] "GET /cormun/servlet/trsolicitudadjuntos?2017,5477, HTTP/1.1" 200 8862
192.168.10.96 - - [14/Mar/2017:08:54:12 -0300] "GET /cormun/servlet/solicitudotadjuntos?INS,2017,5477,,1, HTTP/1.1" 200 5962
192.168.10.96 - - [14/Mar/2017:08:54:12 -0300] "GET /cormun/static/about:blank HTTP/1.1" 404 1011
192.168.10.96 - - [14/Mar/2017:08:54:12 -0300] "GET /cormun/servlet/solicitudotadjuntos?INS,2017,5477,,1, HTTP/1.1" 200 5955
192.168.10.96 - - [14/Mar/2017:08:54:13 -0300] "GET /cormun/servlet/solicitudotadjuntos?093b44832ed6c29f00df14da8673b031c76775648f1b0fbead255963997865ce968d595e47a0a2630d2483ba7627d041,gx-no-cache=1489495735683 HTTP/1.1" 200 30
192.168.10.96 - - [14/Mar/2017:08:54:13 -0300] "POST /cormun/servlet/solicitudotadjuntos?a90e5a810b5e993300fc012e1164963a,INS,2017,5477,,1,,gx-no-cache=1489495735730 HTTP/1.1" 200 3856
186.79.220.158 - - [14/Mar/2017:08:54:14 -0300] "POST /cormun/servlet/solicitudot?gx-no-cache=1489492523291 HTTP/1.1" 200 30
192.168.10.96 - - [14/Mar/2017:08:54:17 -0300] "POST /cormun/servlet/solicitudotadjuntos?gx-no-cache=1489495739553 HTTP/1.1" 200 26
192.168.10.96 - - [14/Mar/2017:08:54:24 -0300] "GET /cormun/servlet/solicitudotadjuntos?093b44832ed6c29f00df14da8673b0319fbf8686b51df710b65c436ddb691d5e,gx-no-cache=1489495746704 HTTP/1.1" 200 30
192.168.10.96 - - [14/Mar/2017:08:54:24 -0300] "GET /cormun/servlet/solicitudotadjuntos?093b44832ed6c29f00df14da8673b0319fbf8686b51df710b65c436ddb691d5e,gx-no-cache=1489495746722 HTTP/1.1" 200 30
192.168.10.96 - - [14/Mar/2017:08:54:24 -0300] "POST /cormun/servlet/solicitudotadjuntos?a90e5a810b5e993300fc012e1164963a,INS,2017,5477,,1, HTTP/1.1" 200 116
192.168.10.96 - - [14/Mar/2017:08:54:24 -0300] "GET /cormun/servlet/hpexe_return? HTTP/1.1" 200 1021
192.168.10.96 - - [14/Mar/2017:08:54:25 -0300] "GET /cormun/servlet/trsolicitudadjuntos?2017,5477, HTTP/1.1" 200 9114
192.168.10.96 - - [14/Mar/2017:08:54:25 -0300] "GET /cormun/servlet/trsolicitudadjuntos?2017,5477, HTTP/1.1" 200 9112
192.168.10.96 - - [14/Mar/2017:08:54:29 -0300] "POST /cormun/servlet/trsolicitudadjuntos?a90e5a810b5e993300fc012e1164963a,2017,5477,,gx-no-cache=1489495752172 HTTP/1.1" 200 90
192.168.10.96 - - [14/Mar/2017:08:54:29 -0300] "GET /cormun/servlet/hpexe_link HTTP/1.1" 200 968
192.168.10.96 - - [14/Mar/2017:08:54:29 -0300] "GET /cormun/servlet/trsolicitudot HTTP/1.1" 200 8160
192.168.10.96 - - [14/Mar/2017:08:54:30 -0300] "GET /cormun/servlet/trsolicitudot HTTP/1.1" 200 8158
186.79.220.158 - - [14/Mar/2017:08:54:32 -0300] "POST /cormun/servlet/solicitudot?gx-no-cache=1489492541144 HTTP/1.1" 200 235
186.79.220.158 - - [14/Mar/2017:08:54:32 -0300] "POST /cormun/servlet/solicitudot?gx-no-cache=1489492541240 HTTP/1.1" 200 38
192.168.10.96 - - [14/Mar/2017:08:54:36 -0300] "POST /cormun/servlet/trsolicitudot?a90e5a810b5e993300fc012e1164963a,gx-no-cache=1489495758880 HTTP/1.1" 200 4334
192.168.10.96 - - [14/Mar/2017:08:54:36 -0300] "GET /cormun/static/Shared/jqueryui/images/ui-bg_highlight-soft_100_c6c2c8_1x100.png HTTP/1.1" 404 1117
192.168.10.96 - - [14/Mar/2017:08:54:36 -0300] "GET /cormun/static/Shared/jqueryui/images/ui-icons_82798d_256x240.png HTTP/1.1" 404 1089
192.168.10.96 - - [14/Mar/2017:08:54:36 -0300] "GET /cormun/static/Shared/jqueryui/images/ui-bg_flat_55_fafafa_40x100.png HTTP/1.1" 404 1097
192.168.10.96 - - [14/Mar/2017:08:54:36 -0300] "GET /cormun/static/Shared/jqueryui/images/ui-icons_8d78a5_256x240.png HTTP/1.1" 404 1089
192.168.10.96 - - [14/Mar/2017:08:54:36 -0300] "POST /cormun/servlet/trsolicitudot?a90e5a810b5e993300fc012e1164963a,gx-no-cache=1489495759076 HTTP/1.1" 200 4116
192.168.10.96 - - [14/Mar/2017:08:54:39 -0300] "GET /cormun/servlet/trautorizarsolicitud? HTTP/1.1" 200 8102
192.168.10.96 - - [14/Mar/2017:08:54:40 -0300] "GET /cormun/servlet/trautorizarsolicitud? HTTP/1.1" 200 8101
192.168.10.96 - - [14/Mar/2017:08:54:46 -0300] "POST /cormun/servlet/trautorizarsolicitud?a90e5a810b5e993300fc012e1164963a,,gx-no-cache=1489495769123 HTTP/1.1" 200 4310
192.168.10.96 - - [14/Mar/2017:08:54:46 -0300] "GET /cormun/static/Shared/jqueryui/images/ui-icons_82798d_256x240.png HTTP/1.1" 404 1089
192.168.10.96 - - [14/Mar/2017:08:54:46 -0300] "GET /cormun/static/Shared/jqueryui/images/ui-bg_highlight-soft_100_c6c2c8_1x100.png HTTP/1.1" 404 1117
192.168.10.96 - - [14/Mar/2017:08:54:46 -0300] "GET /cormun/static/Shared/jqueryui/images/ui-bg_flat_55_fafafa_40x100.png HTTP/1.1" 404 1097
192.168.10.96 - - [14/Mar/2017:08:54:46 -0300] "GET /cormun/static/Shared/jqueryui/images/ui-icons_8d78a5_256x240.png HTTP/1.1" 404 1089
192.168.10.96 - - [14/Mar/2017:08:54:46 -0300] "POST /cormun/servlet/trautorizarsolicitud?a90e5a810b5e993300fc012e1164963a,,gx-no-cache=1489495769296 HTTP/1.1" 200 4098
192.168.10.96 - - [14/Mar/2017:08:55:02 -0300] "GET /cormun/servlet/hlogin HTTP/1.1" 200 1739
186.103.132.155 - - [14/Mar/2017:08:58:19 -0300] "POST /cormun/servlet/solicitudotadjuntos?gx-no-cache=1489492769508 HTTP/1.1" 200 26
186.103.132.155 - - [14/Mar/2017:09:00:51 -0300] "POST /cormun/servlet/solicitudotadjuntos?gx-no-cache=1489492921936 HTTP/1.1" 200 26
186.103.132.155 - - [14/Mar/2017:09:00:54 -0300] "GET /cormun/servlet/solicitudotadjuntos?d6dd737f4baab59779b6010134e2d86648f29b3c1fdadf8a74970c2edb6fd4be,gx-no-cache=1489492925430 HTTP/1.1" 200 30
186.103.132.155 - - [14/Mar/2017:09:00:55 -0300] "GET /cormun/servlet/solicitudotadjuntos?d6dd737f4baab59779b6010134e2d86648f29b3c1fdadf8a74970c2edb6fd4be,gx-no-cache=1489492925606 HTTP/1.1" 200 30
186.103.132.155 - - [14/Mar/2017:09:00:57 -0300] "POST /cormun/servlet/solicitudotadjuntos?bac092819d0132388e45b9ee7503acdf,INS,2017,5478,,1, HTTP/1.1" 200 116
186.103.132.155 - - [14/Mar/2017:09:00:57 -0300] "GET /cormun/servlet/hpexe_return? HTTP/1.1" 200 1025
186.103.132.155 - - [14/Mar/2017:09:00:57 -0300] "GET /cormun/servlet/trsolicitudadjuntos?2017,5478, HTTP/1.1" 200 8011
186.103.132.155 - - [14/Mar/2017:09:00:58 -0300] "GET /cormun/servlet/trsolicitudadjuntos?2017,5478, HTTP/1.1" 200 8011
186.103.132.155 - - [14/Mar/2017:09:01:02 -0300] "GET /cormun/servlet/solicitudotadjuntos?INS,2017,5478,,1, HTTP/1.1" 200 5839
186.103.132.155 - - [14/Mar/2017:09:01:02 -0300] "GET /cormun/static/about:blank HTTP/1.1" 404 1011
186.103.132.155 - - [14/Mar/2017:09:01:02 -0300] "GET /cormun/servlet/solicitudotadjuntos?INS,2017,5478,,1, HTTP/1.1" 200 5833
186.103.132.155 - - [14/Mar/2017:09:01:03 -0300] "GET /cormun/servlet/solicitudotadjuntos?d6dd737f4baab59779b6010134e2d86684d6c4963843f734e6661632d497b6af473c4c0fa8a4412027121541b2292981,gx-no-cache=1489492933769 HTTP/1.1" 200 30
186.103.132.155 - - [14/Mar/2017:09:01:03 -0300] "POST /cormun/servlet/solicitudotadjuntos?bac092819d0132388e45b9ee7503acdf,INS,2017,5478,,1,,gx-no-cache=1489492933963 HTTP/1.1" 200 3677
186.103.132.155 - - [14/Mar/2017:09:01:06 -0300] "POST /cormun/servlet/solicitudotadjuntos?gx-no-cache=1489492937065 HTTP/1.1" 200 26
186.103.132.155 - - [14/Mar/2017:09:01:29 -0300] "POST /cormun/servlet/solicitudotadjuntos?bac092819d0132388e45b9ee7503acdf,INS,2017,5478,,1,,gx-no-cache=1489492959737 HTTP/1.1" 200 93
186.103.132.155 - - [14/Mar/2017:09:01:29 -0300] "GET /cormun/servlet/hpexe_return? HTTP/1.1" 200 1025
186.103.132.155 - - [14/Mar/2017:09:01:29 -0300] "GET /cormun/servlet/trsolicitudadjuntos?2017,5478, HTTP/1.1" 200 8013
186.103.132.155 - - [14/Mar/2017:09:01:30 -0300] "GET /cormun/servlet/trsolicitudadjuntos?2017,5478, HTTP/1.1" 200 8010
186.103.132.155 - - [14/Mar/2017:09:01:32 -0300] "GET /cormun/servlet/solicitudotadjuntos?DLT,2017,5478,CERTIF4,0, HTTP/1.1" 200 5810
186.103.132.155 - - [14/Mar/2017:09:01:33 -0300] "GET /cormun/static/Shared/jqueryui/images/ui-icons_8d78a5_256x240.png HTTP/1.1" 404 1089
186.103.132.155 - - [14/Mar/2017:09:01:33 -0300] "GET /cormun/static/Shared/jqueryui/images/ui-bg_flat_55_fafafa_40x100.png HTTP/1.1" 404 1097
186.103.132.155 - - [14/Mar/2017:09:01:33 -0300] "GET /cormun/static/Shared/jqueryui/images/ui-bg_highlight-soft_100_c6c2c8_1x100.png HTTP/1.1" 404 1117
186.103.132.155 - - [14/Mar/2017:09:01:33 -0300] "GET /cormun/static/Shared/jqueryui/images/ui-icons_82798d_256x240.png HTTP/1.1" 404 1089
186.103.132.155 - - [14/Mar/2017:09:01:33 -0300] "GET /cormun/servlet/solicitudotadjuntos?DLT,2017,5478,CERTIF4,0, HTTP/1.1" 200 5805
186.103.132.155 - - [14/Mar/2017:09:01:35 -0300] "GET /cormun/PublicTempStorage/afp5937039.pdf HTTP/1.1" 200 904148
186.103.132.155 - - [14/Mar/2017:09:02:07 -0300] "POST /cormun/servlet/solicitudotadjuntos?bac092819d0132388e45b9ee7503acdf,DLT,2017,5478,CERTIF4,0,,gx-no-cache=1489492998125 HTTP/1.1" 200 93
186.103.132.155 - - [14/Mar/2017:09:02:07 -0300] "GET /cormun/servlet/hpexe_return? HTTP/1.1" 200 1031
186.103.132.155 - - [14/Mar/2017:09:02:08 -0300] "GET /cormun/servlet/trsolicitudadjuntos?2017,5478, HTTP/1.1" 200 8012
186.103.132.155 - - [14/Mar/2017:09:02:08 -0300] "GET /cormun/servlet/trsolicitudadjuntos?2017,5478, HTTP/1.1" 200 8010
186.103.132.155 - - [14/Mar/2017:09:02:11 -0300] "GET /cormun/servlet/solicitudotadjuntos?DLT,2017,5478,CERTIF4,0, HTTP/1.1" 200 5811
186.103.132.155 - - [14/Mar/2017:09:02:11 -0300] "GET /cormun/static/Shared/jqueryui/images/ui-bg_flat_55_fafafa_40x100.png HTTP/1.1" 404 1097
186.103.132.155 - - [14/Mar/2017:09:02:11 -0300] "GET /cormun/static/Shared/jqueryui/images/ui-icons_82798d_256x240.png HTTP/1.1" 404 1089
186.103.132.155 - - [14/Mar/2017:09:02:11 -0300] "GET /cormun/static/Shared/jqueryui/images/ui-bg_highlight-soft_100_c6c2c8_1x100.png HTTP/1.1" 404 1117
186.103.132.155 - - [14/Mar/2017:09:02:11 -0300] "GET /cormun/static/Shared/jqueryui/images/ui-icons_8d78a5_256x240.png HTTP/1.1" 404 1089
186.103.132.155 - - [14/Mar/2017:09:02:12 -0300] "GET /cormun/servlet/solicitudotadjuntos?DLT,2017,5478,CERTIF4,0, HTTP/1.1" 200 5804
186.79.220.158 - - [14/Mar/2017:09:02:12 -0300] "GET /cormun/servlet/solicitudot?8062ad663387c2c7bed80898ed8279457cba7d04c9a8519a149f7ebe9689dc4468c0b7cd34772afc96ea52c753a0cb438bb0190994ea77187cfddc7ed7f008a81ec275d7e9d462cc976675b2ace29a86474967760ac750634390b99a7487dec54527f231cd0f854be6601ae0680e9e08,gx-no-cache=1489493001336 HTTP/1.1" 200 29
186.79.220.158 - - [14/Mar/2017:09:02:12 -0300] "POST /cormun/servlet/solicitudot?gx-no-cache=1489493001562 HTTP/1.1" 200 643
186.103.132.155 - - [14/Mar/2017:09:02:12 -0300] "GET /cormun/PublicTempStorage/afp7587670.pdf HTTP/1.1" 200 904148
186.79.220.158 - - [14/Mar/2017:09:02:13 -0300] "POST /cormun/servlet/solicitudot?gx-no-cache=1489493002381 HTTP/1.1" 200 1157
186.103.132.155 - - [14/Mar/2017:09:02:14 -0300] "POST /cormun/servlet/solicitudotadjuntos?bac092819d0132388e45b9ee7503acdf,DLT,2017,5478,CERTIF4,0,,gx-no-cache=1489493005253 HTTP/1.1" 200 93
186.103.132.155 - - [14/Mar/2017:09:02:15 -0300] "GET /cormun/servlet/hpexe_return? HTTP/1.1" 200 1031
186.103.132.155 - - [14/Mar/2017:09:02:15 -0300] "GET /cormun/servlet/trsolicitudadjuntos?2017,5478, HTTP/1.1" 200 5910
186.103.132.155 - - [14/Mar/2017:09:02:15 -0300] "GET /cormun/servlet/trsolicitudadjuntos?2017,5478, HTTP/1.1" 200 5906
186.103.132.155 - - [14/Mar/2017:09:02:17 -0300] "GET /cormun/servlet/solicitudotadjuntos?INS,2017,5478,,1, HTTP/1.1" 200 5839
186.103.132.155 - - [14/Mar/2017:09:02:17 -0300] "GET /cormun/static/about:blank HTTP/1.1" 404 1011
186.103.132.155 - - [14/Mar/2017:09:02:17 -0300] "GET /cormun/servlet/solicitudotadjuntos?INS,2017,5478,,1, HTTP/1.1" 200 5833
186.103.132.155 - - [14/Mar/2017:09:02:18 -0300] "GET /cormun/servlet/solicitudotadjuntos?d6dd737f4baab59779b6010134e2d86684d6c4963843f734e6661632d497b6af473c4c0fa8a4412027121541b2292981,gx-no-cache=1489493008961 HTTP/1.1" 200 30
186.103.132.155 - - [14/Mar/2017:09:02:18 -0300] "POST /cormun/servlet/solicitudotadjuntos?bac092819d0132388e45b9ee7503acdf,INS,2017,5478,,1,,gx-no-cache=1489493009048 HTTP/1.1" 200 3676
186.103.132.155 - - [14/Mar/2017:09:02:22 -0300] "POST /cormun/servlet/solicitudotadjuntos?bac092819d0132388e45b9ee7503acdf,INS,2017,5478,,1,,gx-no-cache=1489493012749 HTTP/1.1" 200 93
186.103.132.155 - - [14/Mar/2017:09:02:22 -0300] "GET /cormun/servlet/hpexe_return? HTTP/1.1" 200 1025
186.103.132.155 - - [14/Mar/2017:09:02:22 -0300] "GET /cormun/servlet/trsolicitudadjuntos?2017,5478, HTTP/1.1" 200 5910
186.103.132.155 - - [14/Mar/2017:09:02:22 -0300] "GET /cormun/servlet/trsolicitudadjuntos?2017,5478, HTTP/1.1" 200 5906
186.103.132.155 - - [14/Mar/2017:09:02:26 -0300] "GET /cormun/servlet/trsolicitudot? HTTP/1.1" 200 15948
186.103.132.155 - - [14/Mar/2017:09:02:27 -0300] "GET /cormun/servlet/trsolicitudot? HTTP/1.1" 200 15942
186.103.132.155 - - [14/Mar/2017:09:02:31 -0300] "POST /cormun/servlet/trsolicitudot?bac092819d0132388e45b9ee7503acdf,,gx-no-cache=1489493021345 HTTP/1.1" 200 107
186.103.132.155 - - [14/Mar/2017:09:02:31 -0300] "GET /cormun/servlet/trsolicitudadjuntos?2017,5478, HTTP/1.1" 200 5907
186.103.132.155 - - [14/Mar/2017:09:02:31 -0300] "GET /cormun/servlet/trsolicitudadjuntos?2017,5478, HTTP/1.1" 200 5906
186.103.132.155 - - [14/Mar/2017:09:02:33 -0300] "GET /cormun/servlet/solicitudotadjuntos?INS,2017,5478,,1, HTTP/1.1" 200 5839
186.103.132.155 - - [14/Mar/2017:09:02:33 -0300] "GET /cormun/static/about:blank HTTP/1.1" 404 1011
186.103.132.155 - - [14/Mar/2017:09:02:34 -0300] "GET /cormun/servlet/solicitudotadjuntos?INS,2017,5478,,1, HTTP/1.1" 200 5833
186.103.132.155 - - [14/Mar/2017:09:02:34 -0300] "GET /cormun/servlet/solicitudotadjuntos?d6dd737f4baab59779b6010134e2d86684d6c4963843f734e6661632d497b6af473c4c0fa8a4412027121541b2292981,gx-no-cache=1489493025015 HTTP/1.1" 200 30
186.103.132.155 - - [14/Mar/2017:09:02:34 -0300] "POST /cormun/servlet/solicitudotadjuntos?bac092819d0132388e45b9ee7503acdf,INS,2017,5478,,1,,gx-no-cache=1489493025049 HTTP/1.1" 200 3676
186.103.132.155 - - [14/Mar/2017:09:02:36 -0300] "POST /cormun/servlet/solicitudotadjuntos?gx-no-cache=1489493027316 HTTP/1.1" 200 26
186.103.132.155 - - [14/Mar/2017:09:02:36 -0300] "GET /cormun/servlet/solicitudotadjuntos?d6dd737f4baab59779b6010134e2d86648f29b3c1fdadf8a74970c2edb6fd4be,gx-no-cache=1489493027382 HTTP/1.1" 200 30
186.103.132.155 - - [14/Mar/2017:09:02:36 -0300] "GET /cormun/servlet/solicitudotadjuntos?d6dd737f4baab59779b6010134e2d86648f29b3c1fdadf8a74970c2edb6fd4be,gx-no-cache=1489493027460 HTTP/1.1" 200 30
186.103.132.155 - - [14/Mar/2017:09:02:37 -0300] "POST /cormun/servlet/solicitudotadjuntos?bac092819d0132388e45b9ee7503acdf,INS,2017,5478,,1,,gx-no-cache=1489493027542 HTTP/1.1" 200 93
186.103.132.155 - - [14/Mar/2017:09:02:37 -0300] "GET /cormun/servlet/hpexe_return? HTTP/1.1" 200 1025
186.103.132.155 - - [14/Mar/2017:09:02:37 -0300] "GET /cormun/servlet/trsolicitudadjuntos?2017,5478, HTTP/1.1" 200 7889
186.103.132.155 - - [14/Mar/2017:09:02:37 -0300] "GET /cormun/servlet/trsolicitudadjuntos?2017,5478, HTTP/1.1" 200 7887
186.103.132.155 - - [14/Mar/2017:09:02:40 -0300] "GET /cormun/servlet/solicitudotadjuntos?INS,2017,5478,,1, HTTP/1.1" 200 5839
186.103.132.155 - - [14/Mar/2017:09:02:41 -0300] "GET /cormun/static/about:blank HTTP/1.1" 404 1011
186.103.132.155 - - [14/Mar/2017:09:02:41 -0300] "GET /cormun/servlet/solicitudotadjuntos?INS,2017,5478,,1, HTTP/1.1" 200 5833
186.103.132.155 - - [14/Mar/2017:09:02:41 -0300] "GET /cormun/servlet/solicitudotadjuntos?d6dd737f4baab59779b6010134e2d86684d6c4963843f734e6661632d497b6af473c4c0fa8a4412027121541b2292981,gx-no-cache=1489493032111 HTTP/1.1" 200 30
186.103.132.155 - - [14/Mar/2017:09:02:41 -0300] "POST /cormun/servlet/solicitudotadjuntos?bac092819d0132388e45b9ee7503acdf,INS,2017,5478,,1,,gx-no-cache=1489493032164 HTTP/1.1" 200 3676
186.103.132.155 - - [14/Mar/2017:09:02:44 -0300] "POST /cormun/servlet/solicitudotadjuntos?gx-no-cache=1489493035225 HTTP/1.1" 200 26
186.103.132.155 - - [14/Mar/2017:09:02:50 -0300] "GET /cormun/servlet/solicitudotadjuntos?d6dd737f4baab59779b6010134e2d86648f29b3c1fdadf8a74970c2edb6fd4be,gx-no-cache=1489493040730 HTTP/1.1" 200 30
186.103.132.155 - - [14/Mar/2017:09:02:50 -0300] "GET /cormun/servlet/solicitudotadjuntos?d6dd737f4baab59779b6010134e2d86648f29b3c1fdadf8a74970c2edb6fd4be,gx-no-cache=1489493040789 HTTP/1.1" 200 30
192.168.10.62 - - [14/Mar/2017:09:02:52 -0300] "GET /cormun/servlet/hlogin HTTP/1.1" 200 1721
186.103.132.155 - - [14/Mar/2017:09:02:53 -0300] "POST /cormun/servlet/solicitudotadjuntos?bac092819d0132388e45b9ee7503acdf,INS,2017,5478,,1, HTTP/1.1" 200 116
186.103.132.155 - - [14/Mar/2017:09:02:53 -0300] "GET /cormun/servlet/hpexe_return? HTTP/1.1" 200 1025
192.168.10.62 - - [14/Mar/2017:09:02:53 -0300] "GET /cormun/servlet/hlogin HTTP/1.1" 200 1730
186.103.132.155 - - [14/Mar/2017:09:02:53 -0300] "GET /cormun/servlet/trsolicitudadjuntos?2017,5478, HTTP/1.1" 200 8177
186.103.132.155 - - [14/Mar/2017:09:02:54 -0300] "GET /cormun/servlet/trsolicitudadjuntos?2017,5478, HTTP/1.1" 200 8175
186.103.132.155 - - [14/Mar/2017:09:02:56 -0300] "GET /cormun/servlet/solicitudotadjuntos?INS,2017,5478,,1, HTTP/1.1" 200 5839
186.103.132.155 - - [14/Mar/2017:09:02:56 -0300] "GET /cormun/static/about:blank HTTP/1.1" 404 1011
186.103.132.155 - - [14/Mar/2017:09:02:56 -0300] "GET /cormun/servlet/solicitudotadjuntos?INS,2017,5478,,1, HTTP/1.1" 200 5833
186.103.132.155 - - [14/Mar/2017:09:02:57 -0300] "GET /cormun/servlet/solicitudotadjuntos?d6dd737f4baab59779b6010134e2d86684d6c4963843f734e6661632d497b6af473c4c0fa8a4412027121541b2292981,gx-no-cache=1489493047933 HTTP/1.1" 200 30
186.103.132.155 - - [14/Mar/2017:09:02:57 -0300] "POST /cormun/servlet/solicitudotadjuntos?bac092819d0132388e45b9ee7503acdf,INS,2017,5478,,1,,gx-no-cache=1489493048047 HTTP/1.1" 200 3676
186.103.132.155 - - [14/Mar/2017:09:03:00 -0300] "POST /cormun/servlet/solicitudotadjuntos?gx-no-cache=1489493050920 HTTP/1.1" 200 26
192.168.10.62 - - [14/Mar/2017:09:03:04 -0300] "POST /cormun/servlet/hlogin?dbc11c51f784c112eedc00f7dc7da575,gx-no-cache=1489496266995 HTTP/1.1" 200 90
192.168.10.62 - - [14/Mar/2017:09:03:04 -0300] "GET /cormun/servlet/hpexe_link HTTP/1.1" 200 955
192.168.10.62 - - [14/Mar/2017:09:03:04 -0300] "GET /cormun/servlet/hhome HTTP/1.1" 200 3788
192.168.10.62 - - [14/Mar/2017:09:03:05 -0300] "GET /cormun/servlet/hhome HTTP/1.1" 200 3785
186.103.132.155 - - [14/Mar/2017:09:03:06 -0300] "GET /cormun/servlet/solicitudotadjuntos?d6dd737f4baab59779b6010134e2d86648f29b3c1fdadf8a74970c2edb6fd4be,gx-no-cache=1489493057465 HTTP/1.1" 200 30
186.103.132.155 - - [14/Mar/2017:09:03:06 -0300] "GET /cormun/servlet/solicitudotadjuntos?d6dd737f4baab59779b6010134e2d86648f29b3c1fdadf8a74970c2edb6fd4be,gx-no-cache=1489493057527 HTTP/1.1" 200 30
186.79.220.158 - - [14/Mar/2017:09:03:07 -0300] "GET /cormun/static/menuarrow.gif HTTP/1.1" 404 1015
186.103.132.155 - - [14/Mar/2017:09:03:08 -0300] "POST /cormun/servlet/solicitudotadjuntos?bac092819d0132388e45b9ee7503acdf,INS,2017,5478,,1, HTTP/1.1" 200 116
186.103.132.155 - - [14/Mar/2017:09:03:08 -0300] "GET /cormun/servlet/hpexe_return? HTTP/1.1" 200 1025
186.103.132.155 - - [14/Mar/2017:09:03:09 -0300] "GET /cormun/servlet/trsolicitudadjuntos?2017,5478, HTTP/1.1" 200 8336
186.103.132.155 - - [14/Mar/2017:09:03:09 -0300] "GET /cormun/servlet/trsolicitudadjuntos?2017,5478, HTTP/1.1" 200 8333
192.168.10.62 - - [14/Mar/2017:09:03:11 -0300] "GET /cormun/servlet/trsolicitudgral? HTTP/1.1" 200 23835
186.103.132.155 - - [14/Mar/2017:09:03:12 -0300] "GET /cormun/servlet/solicitudotadjuntos?INS,2017,5478,,1, HTTP/1.1" 200 5839
192.168.10.62 - - [14/Mar/2017:09:03:12 -0300] "GET /cormun/servlet/trsolicitudgral? HTTP/1.1" 200 23833
186.103.132.155 - - [14/Mar/2017:09:03:12 -0300] "GET /cormun/static/about:blank HTTP/1.1" 404 1011
186.103.132.155 - - [14/Mar/2017:09:03:12 -0300] "GET /cormun/servlet/solicitudotadjuntos?INS,2017,5478,,1, HTTP/1.1" 200 5833
186.103.132.155 - - [14/Mar/2017:09:03:12 -0300] "GET /cormun/servlet/solicitudotadjuntos?d6dd737f4baab59779b6010134e2d86684d6c4963843f734e6661632d497b6af473c4c0fa8a4412027121541b2292981,gx-no-cache=1489493063501 HTTP/1.1" 200 30
186.103.132.155 - - [14/Mar/2017:09:03:13 -0300] "POST /cormun/servlet/solicitudotadjuntos?bac092819d0132388e45b9ee7503acdf,INS,2017,5478,,1,,gx-no-cache=1489493063607 HTTP/1.1" 200 3676
186.103.132.155 - - [14/Mar/2017:09:03:16 -0300] "POST /cormun/servlet/solicitudotadjuntos?gx-no-cache=1489493066809 HTTP/1.1" 200 26
186.79.220.158 - - [14/Mar/2017:09:03:17 -0300] "GET /cormun/servlet/solicitudot?8062ad663387c2c7bed80898ed82794562f2c9c8eeee26aa13683e7e7f6cc22e1c0c7e54bf2f2d65255ac47310eab64b70067248867c9224ca0d932971d91e7e8fdf3c24989cc530a262b507de72ec3248226ed1b26397b3b8b5766b24a5276a0edb363e40339d244dc6446d06071588ccdd7237875cf664f45a772f76167e7a7d6e130f85b755f4d2b3727482b6eac563319b08ec370c570be7c09d0220e6c5b69e68daabcc7ff868996400fe71ea79,gx-no-cache=1489493066786 HTTP/1.1" 200 30
186.103.132.155 - - [14/Mar/2017:09:03:22 -0300] "GET /cormun/servlet/solicitudotadjuntos?d6dd737f4baab59779b6010134e2d86648f29b3c1fdadf8a74970c2edb6fd4be,gx-no-cache=1489493073148 HTTP/1.1" 200 30
186.103.132.155 - - [14/Mar/2017:09:03:22 -0300] "GET /cormun/servlet/solicitudotadjuntos?d6dd737f4baab59779b6010134e2d86648f29b3c1fdadf8a74970c2edb6fd4be,gx-no-cache=1489493073202 HTTP/1.1" 200 30
186.103.132.155 - - [14/Mar/2017:09:03:26 -0300] "POST /cormun/servlet/solicitudotadjuntos?bac092819d0132388e45b9ee7503acdf,INS,2017,5478,,1, HTTP/1.1" 200 116
186.103.132.155 - - [14/Mar/2017:09:03:26 -0300] "GET /cormun/servlet/hpexe_return? HTTP/1.1" 200 1025
186.103.132.155 - - [14/Mar/2017:09:03:27 -0300] "GET /cormun/servlet/trsolicitudadjuntos?2017,5478, HTTP/1.1" 200 8475
186.103.132.155 - - [14/Mar/2017:09:03:28 -0300] "GET /cormun/servlet/trsolicitudadjuntos?2017,5478, HTTP/1.1" 200 8473
186.103.132.155 - - [14/Mar/2017:09:03:30 -0300] "GET /cormun/servlet/solicitudotadjuntos?INS,2017,5478,,1, HTTP/1.1" 200 5838
186.103.132.155 - - [14/Mar/2017:09:03:30 -0300] "GET /cormun/static/about:blank HTTP/1.1" 404 1011
186.103.132.155 - - [14/Mar/2017:09:03:31 -0300] "GET /cormun/servlet/solicitudotadjuntos?INS,2017,5478,,1, HTTP/1.1" 200 5832
186.103.132.155 - - [14/Mar/2017:09:03:31 -0300] "GET /cormun/servlet/solicitudotadjuntos?d6dd737f4baab59779b6010134e2d86684d6c4963843f734e6661632d497b6af473c4c0fa8a4412027121541b2292981,gx-no-cache=1489493082056 HTTP/1.1" 200 30
186.103.132.155 - - [14/Mar/2017:09:03:31 -0300] "POST /cormun/servlet/solicitudotadjuntos?bac092819d0132388e45b9ee7503acdf,INS,2017,5478,,1,,gx-no-cache=1489493082097 HTTP/1.1" 200 3675
186.103.132.155 - - [14/Mar/2017:09:03:35 -0300] "POST /cormun/servlet/solicitudotadjuntos?gx-no-cache=1489493086249 HTTP/1.1" 200 26
186.103.132.155 - - [14/Mar/2017:09:03:40 -0300] "GET /cormun/servlet/solicitudotadjuntos?d6dd737f4baab59779b6010134e2d86648f29b3c1fdadf8a74970c2edb6fd4be,gx-no-cache=1489493091401 HTTP/1.1" 200 30
186.103.132.155 - - [14/Mar/2017:09:03:40 -0300] "GET /cormun/servlet/solicitudotadjuntos?d6dd737f4baab59779b6010134e2d86648f29b3c1fdadf8a74970c2edb6fd4be,gx-no-cache=1489493091464 HTTP/1.1" 200 30
186.103.132.155 - - [14/Mar/2017:09:03:41 -0300] "POST /cormun/servlet/solicitudotadjuntos?bac092819d0132388e45b9ee7503acdf,INS,2017,5478,,1, HTTP/1.1" 200 116
186.103.132.155 - - [14/Mar/2017:09:03:41 -0300] "GET /cormun/servlet/hpexe_return? HTTP/1.1" 200 1025
186.103.132.155 - - [14/Mar/2017:09:03:41 -0300] "GET /cormun/servlet/trsolicitudadjuntos?2017,5478, HTTP/1.1" 200 8660
186.103.132.155 - - [14/Mar/2017:09:03:42 -0300] "GET /cormun/servlet/trsolicitudadjuntos?2017,5478, HTTP/1.1" 200 8660
186.79.220.158 - - [14/Mar/2017:09:03:44 -0300] "GET /cormun/servlet/solicitudot?8062ad663387c2c7bed80898ed8279457b48110ec0c6d7afeef278a465650bc3ef5ddc3da90999f8c1bcd418e45e0c1ebc7eb3141116eef5d409d4da02399e44080c9264df4253535dcfb5ecc8f17ee681f568d3fc58d80137c6dc36dd75da30c283c63f718de55d08d9813bdd67aa9dd6a2606f34279cef6bbd3590c8504c0db87fb24ff258b501e282e93274215a13f384b42237751df3113bc5e5929f5f75ad21558c49c43024b3d6e9e5ec00a43aa71560196271f21d479f75834dd694c5995ca208441c3b717ac6dc6e70d48e9053d18aa66536af5da03f4d970bc7e466739684274c81a5c0daaafd1ab28c6b7693abd6db6a8507795a8a0782d1fec905212f0ebf43b7ae32821935d0039f1b721e43ff07c0c42d83d258667f33d1aedfcf0a561b208dcc48449a6f79e9e2317c872c12da5fd902e16dbd8fa764f2387396396c36647a54a01514a7d6924ec8d0faebce36633acfc011a0aa19e870048342dad0e6f56a37fee4bfec1430a843a488a8c45baac6546a6c41d28880298c78,gx-no-cache=1489493093308 HTTP/1.1" 200 30
186.79.220.158 - - [14/Mar/2017:09:03:44 -0300] "POST /cormun/servlet/solicitudot?gx-no-cache=1489493093400 HTTP/1.1" 200 30
186.79.220.158 - - [14/Mar/2017:09:03:44 -0300] "POST /cormun/servlet/solicitudot?gx-no-cache=1489493093498 HTTP/1.1" 200 1287
186.79.220.158 - - [14/Mar/2017:09:03:44 -0300] "POST /cormun/servlet/solicitudot?gx-no-cache=1489493093684 HTTP/1.1" 200 41
186.79.220.158 - - [14/Mar/2017:09:03:44 -0300] "POST /cormun/servlet/solicitudot?gx-no-cache=1489493093762 HTTP/1.1" 200 1274
186.79.220.158 - - [14/Mar/2017:09:03:44 -0300] "POST /cormun/servlet/solicitudot?gx-no-cache=1489493093933 HTTP/1.1" 200 1156
186.79.220.158 - - [14/Mar/2017:09:03:45 -0300] "GET /cormun/servlet/solicitudot?8062ad663387c2c7bed80898ed82794562f2c9c8eeee26aa13683e7e7f6cc22e1c0c7e54bf2f2d65255ac47310eab64b70067248867c9224ca0d932971d91e7e8fdf3c24989cc530a262b507de72ec3248226ed1b26397b3b8b5766b24a5276a0edb363e40339d244dc6446d06071588ccdd7237875cf664f45a772f76167e7a7d6e130f85b755f4d2b3727482b6eac563319b08ec370c570be7c09d0220e6c5b69e68daabcc7ff868996400fe71ea79,gx-no-cache=1489493094097 HTTP/1.1" 200 30
186.103.132.155 - - [14/Mar/2017:09:03:45 -0300] "GET /cormun/servlet/solicitudotadjuntos?INS,2017,5478,,1, HTTP/1.1" 200 5838
186.79.220.158 - - [14/Mar/2017:09:03:45 -0300] "POST /cormun/servlet/solicitudot?15de4fdd53c3bda3984872d9cb46a300,INS,0,0,,gx-no-cache=1489493094175 HTTP/1.1" 200 93
186.103.132.155 - - [14/Mar/2017:09:03:45 -0300] "GET /cormun/static/about:blank HTTP/1.1" 404 1011
186.79.220.158 - - [14/Mar/2017:09:03:45 -0300] "GET /cormun/servlet/hpexe_return? HTTP/1.1" 200 999
186.79.220.158 - - [14/Mar/2017:09:03:45 -0300] "GET /cormun/static/gxcfg.js?2016101716175148 HTTP/1.1" 304 -
186.79.220.158 - - [14/Mar/2017:09:03:45 -0300] "GET /cormun/static/hpexe_return.js?2016101716175153 HTTP/1.1" 304 -
186.103.132.155 - - [14/Mar/2017:09:03:45 -0300] "GET /cormun/servlet/solicitudotadjuntos?INS,2017,5478,,1, HTTP/1.1" 200 5832
186.79.220.158 - - [14/Mar/2017:09:03:45 -0300] "GET /cormun/servlet/trsolicitudot? HTTP/1.1" 200 8039
186.103.132.155 - - [14/Mar/2017:09:03:46 -0300] "GET /cormun/servlet/solicitudotadjuntos?d6dd737f4baab59779b6010134e2d86684d6c4963843f734e6661632d497b6af473c4c0fa8a4412027121541b2292981,gx-no-cache=1489493096924 HTTP/1.1" 200 30
186.79.220.158 - - [14/Mar/2017:09:03:46 -0300] "GET /cormun/servlet/trsolicitudot? HTTP/1.1" 200 8036
186.103.132.155 - - [14/Mar/2017:09:03:46 -0300] "POST /cormun/servlet/solicitudotadjuntos?bac092819d0132388e45b9ee7503acdf,INS,2017,5478,,1,,gx-no-cache=1489493097034 HTTP/1.1" 200 3675
186.103.132.155 - - [14/Mar/2017:09:03:48 -0300] "POST /cormun/servlet/solicitudotadjuntos?gx-no-cache=1489493099479 HTTP/1.1" 200 26
186.79.220.158 - - [14/Mar/2017:09:03:49 -0300] "POST /cormun/servlet/trsolicitudot?15de4fdd53c3bda3984872d9cb46a300,,gx-no-cache=1489493098304 HTTP/1.1" 200 107
186.79.220.158 - - [14/Mar/2017:09:03:49 -0300] "GET /cormun/servlet/trsolicitudadjuntos?2017,5479, HTTP/1.1" 200 5911
186.79.220.158 - - [14/Mar/2017:09:03:49 -0300] "GET /cormun/static/gxcfg.js?201612218531388 HTTP/1.1" 304 -
186.79.220.158 - - [14/Mar/2017:09:03:49 -0300] "GET /cormun/static/trsolicitudadjuntos.js?201612218531657 HTTP/1.1" 304 -
186.79.220.158 - - [14/Mar/2017:09:03:50 -0300] "GET /cormun/servlet/trsolicitudadjuntos?2017,5479, HTTP/1.1" 200 5911
186.79.220.158 - - [14/Mar/2017:09:03:54 -0300] "GET /cormun/servlet/solicitudotadjuntos?INS,2017,5479,,1, HTTP/1.1" 200 5838
186.79.220.158 - - [14/Mar/2017:09:03:54 -0300] "GET /cormun/static/gxcfg.js?201612218465951 HTTP/1.1" 304 -
186.79.220.158 - - [14/Mar/2017:09:03:54 -0300] "GET /cormun/static/about:blank HTTP/1.1" 404 1011
186.79.220.158 - - [14/Mar/2017:09:03:54 -0300] "GET /cormun/servlet/solicitudotadjuntos?INS,2017,5479,,1, HTTP/1.1" 200 5831
