201.236.61.115 - - [14/Mar/2017:15:40:40 -0300] "GET /cormun//static/Resources/PXToolsGridDelete.png HTTP/1.1" 200 357
186.103.248.213 - - [14/Mar/2017:15:40:40 -0300] "GET /cormun//static/Resources/PXToolsGridUpdate.png HTTP/1.1" 200 2984
186.103.248.213 - - [14/Mar/2017:15:40:40 -0300] "GET /cormun/servlet/trsolicitudot? HTTP/1.1" 200 8531
186.103.248.213 - - [14/Mar/2017:15:40:40 -0300] "GET /cormun//static/Resources/PXTools/ActionInsert.png HTTP/1.1" 200 1482
201.236.61.115 - - [14/Mar/2017:15:40:40 -0300] "GET /cormun//static/Resources/PXToolsRemoveAllAction.png HTTP/1.1" 200 3558
186.103.248.213 - - [14/Mar/2017:15:40:40 -0300] "GET /cormun/static/Shared/ext/resources/themes/images/default/panel/bg-headersPanel.png HTTP/1.1" 200 255
186.103.248.213 - - [14/Mar/2017:15:40:40 -0300] "GET /cormun/static/Shared/ext/resources/themes/images/default/tools/tool-sprites.gif HTTP/1.1" 200 5434
192.168.10.89 - - [14/Mar/2017:15:40:48 -0300] "POST /cormun/servlet/solicitudot?35a7a9761fd97fd79422ab3916d24380,INS,0,0,,gx-no-cache=1489520130953 HTTP/1.1" 200 93
192.168.10.89 - - [14/Mar/2017:15:40:48 -0300] "GET /cormun/servlet/hpexe_return? HTTP/1.1" 200 1011
192.168.10.89 - - [14/Mar/2017:15:40:50 -0300] "GET /cormun/servlet/trsolicitudot HTTP/1.1" 200 12115
186.103.248.213 - - [14/Mar/2017:15:40:52 -0300] "POST /cormun/servlet/trsolicitudot?e9e4ac21527f9558e75b03cbf2dfd23f,,gx-no-cache=1489516920516 HTTP/1.1" 200 3954
186.103.248.213 - - [14/Mar/2017:15:40:57 -0300] "POST /cormun/servlet/trsolicitudot?e9e4ac21527f9558e75b03cbf2dfd23f,,gx-no-cache=1489516925377 HTTP/1.1" 200 5218
186.103.157.235 - - [14/Mar/2017:15:40:58 -0300] "POST /cormun/servlet/hlogin?74d5bd1211c87cdb878eaeda2c9a0ef9,gx-no-cache=1489516925339 HTTP/1.1" 200 444
186.103.248.213 - - [14/Mar/2017:15:41:01 -0300] "POST /cormun/servlet/trsolicitudot?e9e4ac21527f9558e75b03cbf2dfd23f,,gx-no-cache=1489516929769 HTTP/1.1" 200 3955
192.168.10.89 - - [14/Mar/2017:15:41:03 -0300] "POST /cormun/servlet/trsolicitudot?35a7a9761fd97fd79422ab3916d24380,gx-no-cache=1489520145514 HTTP/1.1" 200 4154
186.103.157.235 - - [14/Mar/2017:15:41:05 -0300] "POST /cormun/servlet/hlogin?74d5bd1211c87cdb878eaeda2c9a0ef9,gx-no-cache=1489516932172 HTTP/1.1" 200 444
186.103.248.213 - - [14/Mar/2017:15:41:05 -0300] "POST /cormun/servlet/trsolicitudot?e9e4ac21527f9558e75b03cbf2dfd23f,,gx-no-cache=1489516933809 HTTP/1.1" 200 5259
186.103.157.235 - - [14/Mar/2017:15:41:06 -0300] "POST /cormun/servlet/hlogin?74d5bd1211c87cdb878eaeda2c9a0ef9,gx-no-cache=1489516933748 HTTP/1.1" 200 443
186.103.248.213 - - [14/Mar/2017:15:41:09 -0300] "POST /cormun/servlet/trsolicitudot?e9e4ac21527f9558e75b03cbf2dfd23f,,gx-no-cache=1489516938008 HTTP/1.1" 200 6051
186.103.248.213 - - [14/Mar/2017:15:41:15 -0300] "POST /cormun/servlet/trsolicitudot?e9e4ac21527f9558e75b03cbf2dfd23f,,gx-no-cache=1489516943722 HTTP/1.1" 200 5774
192.168.10.89 - - [14/Mar/2017:15:41:15 -0300] "POST /cormun/servlet/trsolicitudot?35a7a9761fd97fd79422ab3916d24380,gx-no-cache=1489520157946 HTTP/1.1" 200 5899
186.103.157.235 - - [14/Mar/2017:15:41:17 -0300] "POST /cormun/servlet/hlogin?74d5bd1211c87cdb878eaeda2c9a0ef9,gx-no-cache=1489516944231 HTTP/1.1" 200 447
192.168.10.89 - - [14/Mar/2017:15:41:18 -0300] "POST /cormun/servlet/trsolicitudot?35a7a9761fd97fd79422ab3916d24380,gx-no-cache=1489520161200 HTTP/1.1" 200 5433
192.168.10.89 - - [14/Mar/2017:15:41:19 -0300] "POST /cormun/servlet/trsolicitudot?35a7a9761fd97fd79422ab3916d24380,gx-no-cache=1489520161647 HTTP/1.1" 200 5376
192.168.10.89 - - [14/Mar/2017:15:41:19 -0300] "GET /cormun/static/Shared/jqueryui/images/ui-icons_82798d_256x240.png HTTP/1.1" 404 1089
192.168.10.89 - - [14/Mar/2017:15:41:19 -0300] "GET /cormun/static/Shared/jqueryui/images/ui-bg_highlight-soft_100_c6c2c8_1x100.png HTTP/1.1" 404 1117
192.168.10.89 - - [14/Mar/2017:15:41:19 -0300] "GET /cormun/static/Shared/jqueryui/images/ui-icons_8d78a5_256x240.png HTTP/1.1" 404 1089
192.168.10.89 - - [14/Mar/2017:15:41:19 -0300] "GET /cormun/static/Shared/jqueryui/images/ui-bg_flat_55_fafafa_40x100.png HTTP/1.1" 404 1097
186.103.248.213 - - [14/Mar/2017:15:41:19 -0300] "POST /cormun/servlet/trsolicitudot?e9e4ac21527f9558e75b03cbf2dfd23f,,gx-no-cache=1489516948064 HTTP/1.1" 200 107
186.103.248.213 - - [14/Mar/2017:15:41:19 -0300] "GET /cormun/servlet/trsolicitudadjuntos?2017,5146, HTTP/1.1" 200 7891
186.103.248.213 - - [14/Mar/2017:15:41:20 -0300] "GET /cormun/static/gxcfg.js?201612218531388 HTTP/1.1" 200 953
201.236.61.115 - - [14/Mar/2017:15:41:20 -0300] "GET /cormun/static/trsolicitudadjuntos.js?201612218531657 HTTP/1.1" 200 17913
186.103.248.213 - - [14/Mar/2017:15:41:20 -0300] "GET /cormun//static/Resources/PXToolsActionDisabled.gif HTTP/1.1" 200 53
201.236.61.115 - - [14/Mar/2017:15:41:20 -0300] "GET /cormun/servlet/trsolicitudadjuntos?2017,5146, HTTP/1.1" 200 7891
192.168.10.89 - - [14/Mar/2017:15:41:20 -0300] "GET /cormun/servlet/solicitudot?INS,0,0, HTTP/1.1" 200 12780
186.103.157.235 - - [14/Mar/2017:15:41:25 -0300] "POST /cormun/servlet/hlogin?74d5bd1211c87cdb878eaeda2c9a0ef9,gx-no-cache=1489516952889 HTTP/1.1" 200 447
186.103.157.235 - - [14/Mar/2017:15:41:26 -0300] "POST /cormun/servlet/hlogin?74d5bd1211c87cdb878eaeda2c9a0ef9,gx-no-cache=1489516953388 HTTP/1.1" 200 446
186.103.157.235 - - [14/Mar/2017:15:41:27 -0300] "POST /cormun/servlet/hlogin?74d5bd1211c87cdb878eaeda2c9a0ef9,gx-no-cache=1489516955039 HTTP/1.1" 200 446
201.236.61.115 - - [14/Mar/2017:15:41:28 -0300] "GET /cormun/servlet/trsolicitudot? HTTP/1.1" 200 8561
201.236.61.115 - - [14/Mar/2017:15:41:29 -0300] "GET /cormun/servlet/trsolicitudot? HTTP/1.1" 200 8559
192.168.10.89 - - [14/Mar/2017:15:41:32 -0300] "GET /cormun/servlet/prfichaempleado?,MD,,gxPopupLevel%3D0%3B HTTP/1.1" 200 8841
201.236.61.115 - - [14/Mar/2017:15:41:35 -0300] "POST /cormun/servlet/trsolicitudot?e9e4ac21527f9558e75b03cbf2dfd23f,,gx-no-cache=1489516963864 HTTP/1.1" 200 5750
192.168.10.89 - - [14/Mar/2017:15:41:38 -0300] "POST /cormun/servlet/prfichaempleado?35a7a9761fd97fd79422ab3916d24380,,MD,,gxPopupLevel%3D0%3B,gx-no-cache=1489520180475 HTTP/1.1" 200 3396
192.168.10.89 - - [14/Mar/2017:15:41:40 -0300] "POST /cormun/servlet/solicitudot?gx-no-cache=1489520182818 HTTP/1.1" 200 3152
192.168.10.89 - - [14/Mar/2017:15:41:40 -0300] "POST /cormun/servlet/solicitudot?35a7a9761fd97fd79422ab3916d24380,INS,0,0,,gx-no-cache=1489520183036 HTTP/1.1" 200 9953
192.168.10.89 - - [14/Mar/2017:15:41:42 -0300] "GET /cormun/servlet/solicitudot?82d50b1db047714461cdffabc8b8989723522b609bcbfbbb87457ac156f01634e64b3fed4115aca15101dec3a4328a39,gx-no-cache=1489520184508 HTTP/1.1" 200 30
192.168.10.89 - - [14/Mar/2017:15:41:42 -0300] "POST /cormun/servlet/solicitudot?gx-no-cache=1489520184544 HTTP/1.1" 200 255
192.168.10.89 - - [14/Mar/2017:15:41:42 -0300] "GET /cormun/servlet/solicitudot?82d50b1db047714461cdffabc8b89897bd1144a694d736fc18faa25ab3ffba73b4396e5e35f96997737872b08aad692e366e24513bf8a786c8f02b91704d0d422f603a1f4bd245eb5fa3e30cce5543c97224e487b7faca1b0d3d677bcea71eb0a4707b33d66338d4b2f7219894f393fe9e291534b10d4dbe8c6739b3e3184c59864d178b1e249510fa7739635bd10764255e7a65dea8ba9889a33c765b87aee168f264d2051e60660985ebfd0f8a482b18f07e4cb2cffcbb9691060dde9e8afa4a9b2951f0219cd279dadc459e03d60b2a2c6c33d4243ee2bea938004170876a09c5c8e69caa73e8b4588aea941613b6f002b34a27a74bcd72c44af736e4ad1ac680befb052abfcbd51cbfa126e5a0ce3977db4aada0a75c8a37f7758b5d12d4b0040527ba77e0f3e5b2989b5b1dd54b4975419a242413c181967d3b8630c2efbe5215bd4a29dc1bd6ea4d13086a9d347e5889b10fad8fb808f0e013cd13f9ed2bffe36a4da2456302dfd3ef1fe47ba518a353c6a4fd2bbe7a3450f7482f96c8,gx-no-cache=1489520184572 HTTP/1.1" 200 30
201.236.61.115 - - [14/Mar/2017:15:41:42 -0300] "POST /cormun/servlet/trsolicitudot?e9e4ac21527f9558e75b03cbf2dfd23f,,gx-no-cache=1489516970365 HTTP/1.1" 200 5750
192.168.10.89 - - [14/Mar/2017:15:41:43 -0300] "POST /cormun/servlet/solicitudot?gx-no-cache=1489520185840 HTTP/1.1" 200 30
186.79.176.150 - - [14/Mar/2017:15:41:43 -0300] "GET /cormun/servlet/hhome HTTP/1.1" 200 3289
186.79.176.150 - - [14/Mar/2017:15:41:45 -0300] "GET /cormun/servlet/hhome HTTP/1.1" 200 3298
186.79.176.150 - - [14/Mar/2017:15:41:45 -0300] "GET /cormun/servlet/hlogin HTTP/1.1" 200 1732
192.168.10.89 - - [14/Mar/2017:15:41:45 -0300] "POST /cormun/servlet/solicitudot?gx-no-cache=1489520188119 HTTP/1.1" 200 1291
192.168.10.89 - - [14/Mar/2017:15:41:45 -0300] "POST /cormun/servlet/solicitudot?gx-no-cache=1489520188249 HTTP/1.1" 200 38
192.168.10.89 - - [14/Mar/2017:15:41:48 -0300] "GET /cormun/servlet/solicitudot?82d50b1db047714461cdffabc8b8989797cd72c1134caccc00739de115e46508c818f7aabd2584ece8578eb06db31a063a805f046a412b2edfbd59f18bebd598e7326a0ac4f70af966901d033929ae66ca0d036aaf2c99ec2019e169a21a44d152dc0fc3d5f1207719745c362f3a72854b65089b0e3a8c9ba940f5a3b1d4d82275ffaab449cc83cfc03d553b38f889b3534809880a3cc6271d1209ec0d173fa9,gx-no-cache=1489520191131 HTTP/1.1" 200 29
192.168.10.89 - - [14/Mar/2017:15:41:48 -0300] "POST /cormun/servlet/solicitudot?gx-no-cache=1489520191167 HTTP/1.1" 200 1274
192.168.10.89 - - [14/Mar/2017:15:41:53 -0300] "POST /cormun/servlet/solicitudot?gx-no-cache=1489520196182 HTTP/1.1" 200 1157
201.236.61.115 - - [14/Mar/2017:15:41:54 -0300] "POST /cormun/servlet/trsolicitudot?e9e4ac21527f9558e75b03cbf2dfd23f,,gx-no-cache=1489516983497 HTTP/1.1" 200 107
201.236.61.115 - - [14/Mar/2017:15:41:55 -0300] "GET /cormun/servlet/trsolicitudadjuntos?2017,5146, HTTP/1.1" 200 7892
201.236.61.115 - - [14/Mar/2017:15:41:55 -0300] "GET /cormun/servlet/trsolicitudadjuntos?2017,5146, HTTP/1.1" 200 7893
201.236.61.115 - - [14/Mar/2017:15:41:59 -0300] "GET /cormun/PublicTempStorage/antecedentes_mitzi_araya4033464.pdf HTTP/1.1" 200 34424
201.236.61.115 - - [14/Mar/2017:15:42:03 -0300] "GET /cormun/servlet/trsolicitudadjuntos?2017,5146, HTTP/1.1" 200 7891
192.168.10.89 - - [14/Mar/2017:15:42:03 -0300] "GET /cormun/servlet/solicitudot?82d50b1db047714461cdffabc8b898972cb56fe01ea32d457a2783c62e21bc2aee22be7468a45b737113bfd1703f1ae696802bfa1b4aca7fa1d20d1e24751a3e4eae4e4e559597f0c91aca3caa05280a875c395f12330932bf1c9753baedfbc63240a663d8d6bdd188118b2301a68aaffd2cc788318151dbb1e01d9b82c7557d7cb2f5a068b48ceb83e8a129adc8b713763d9af1e6a1b4c4d84531cafb82e032f1f0a4ca8952ef5448042d631b163f22,gx-no-cache=1489520205682 HTTP/1.1" 200 30
201.236.61.115 - - [14/Mar/2017:15:42:03 -0300] "GET /cormun/servlet/trsolicitudadjuntos?2017,5146, HTTP/1.1" 200 7891
186.79.176.150 - - [14/Mar/2017:15:42:09 -0300] "POST /cormun/servlet/hlogin?c607836ddce4de514555e7baa9282577,gx-no-cache=1489520596660 HTTP/1.1" 200 90
186.79.176.150 - - [14/Mar/2017:15:42:10 -0300] "GET /cormun/servlet/hpexe_link HTTP/1.1" 200 956
186.79.176.150 - - [14/Mar/2017:15:42:10 -0300] "GET /cormun/servlet/hhome HTTP/1.1" 200 3708
201.236.61.115 - - [14/Mar/2017:15:42:10 -0300] "GET /cormun/servlet/trsolicitudot? HTTP/1.1" 200 8561
186.103.159.46 - - [14/Mar/2017:15:42:11 -0300] "GET /cormun/servlet/trautorizarsolicitud? HTTP/1.1" 200 8558
186.103.159.46 - - [14/Mar/2017:15:42:11 -0300] "GET /cormun/static/gxcfg.js?2017259112829 HTTP/1.1" 200 953
186.103.159.46 - - [14/Mar/2017:15:42:11 -0300] "GET /cormun/static/trautorizarsolicitud.js?2017259113483 HTTP/1.1" 200 53096
201.236.61.115 - - [14/Mar/2017:15:42:11 -0300] "GET /cormun/servlet/trsolicitudot? HTTP/1.1" 200 8559
186.103.159.46 - - [14/Mar/2017:15:42:11 -0300] "GET /cormun//static/Resources/PXToolsActionView.png HTTP/1.1" 200 2995
186.103.159.46 - - [14/Mar/2017:15:42:11 -0300] "GET /cormun//static/Resources/PXToolsRemoveAllAction.png HTTP/1.1" 200 3558
186.103.159.46 - - [14/Mar/2017:15:42:11 -0300] "GET /cormun/servlet/trautorizarsolicitud? HTTP/1.1" 200 8550
186.103.159.46 - - [14/Mar/2017:15:42:11 -0300] "GET /cormun/servlet/hlogin HTTP/1.1" 200 1739
186.79.176.150 - - [14/Mar/2017:15:42:12 -0300] "GET /cormun/servlet/hhome HTTP/1.1" 200 3705
192.168.10.89 - - [14/Mar/2017:15:42:12 -0300] "POST /cormun/servlet/solicitudot?35a7a9761fd97fd79422ab3916d24380,INS,0,0,,gx-no-cache=1489520214723 HTTP/1.1" 200 93
192.168.10.89 - - [14/Mar/2017:15:42:12 -0300] "GET /cormun/servlet/hpexe_return? HTTP/1.1" 200 1031
192.168.10.89 - - [14/Mar/2017:15:42:14 -0300] "GET /cormun/servlet/trsolicitudot?gx-no-cache=1489520161647 HTTP/1.1" 200 8684
186.79.176.150 - - [14/Mar/2017:15:42:16 -0300] "GET /cormun/servlet/trpermisosgoce? HTTP/1.1" 200 7574
201.236.61.115 - - [14/Mar/2017:15:42:17 -0300] "POST /cormun/servlet/trsolicitudot?e9e4ac21527f9558e75b03cbf2dfd23f,,gx-no-cache=1489517005778 HTTP/1.1" 200 5749
192.168.10.89 - - [14/Mar/2017:15:42:18 -0300] "POST /cormun/servlet/trsolicitudot?35a7a9761fd97fd79422ab3916d24380,gx-no-cache=1489520161647,gx-no-cache=1489520220590 HTTP/1.1" 200 5433
186.79.176.150 - - [14/Mar/2017:15:42:18 -0300] "GET /cormun/servlet/trpermisosgoce? HTTP/1.1" 200 7573
192.168.10.89 - - [14/Mar/2017:15:42:18 -0300] "POST /cormun/servlet/trsolicitudot?35a7a9761fd97fd79422ab3916d24380,gx-no-cache=1489520161647,gx-no-cache=1489520220913 HTTP/1.1" 200 5376
192.168.10.89 - - [14/Mar/2017:15:42:18 -0300] "GET /cormun/static/Shared/jqueryui/images/ui-icons_82798d_256x240.png HTTP/1.1" 404 1089
192.168.10.89 - - [14/Mar/2017:15:42:18 -0300] "GET /cormun/static/Shared/jqueryui/images/ui-bg_highlight-soft_100_c6c2c8_1x100.png HTTP/1.1" 404 1117
192.168.10.89 - - [14/Mar/2017:15:42:18 -0300] "GET /cormun/static/Shared/jqueryui/images/ui-icons_8d78a5_256x240.png HTTP/1.1" 404 1089
192.168.10.89 - - [14/Mar/2017:15:42:18 -0300] "GET /cormun/static/Shared/jqueryui/images/ui-bg_flat_55_fafafa_40x100.png HTTP/1.1" 404 1097
192.168.10.89 - - [14/Mar/2017:15:42:20 -0300] "GET /cormun/servlet/trautorizarsolicitud? HTTP/1.1" 200 8909
186.79.176.150 - - [14/Mar/2017:15:42:21 -0300] "GET /cormun/static/menuarrow.gif HTTP/1.1" 404 1015
201.236.61.115 - - [14/Mar/2017:15:42:22 -0300] "GET /cormun/servlet/solicitudot?INS,0,0, HTTP/1.1" 200 12573
186.103.248.213 - - [14/Mar/2017:15:42:22 -0300] "GET /cormun/static/gxcfg.js?20171191042720 HTTP/1.1" 200 953
186.103.248.213 - - [14/Mar/2017:15:42:22 -0300] "GET /cormun/static/Resources/prompt.gif HTTP/1.1" 200 902
201.236.61.115 - - [14/Mar/2017:15:42:22 -0300] "GET /cormun/static/solicitudot.js?2017119104297 HTTP/1.1" 200 63948
201.236.61.115 - - [14/Mar/2017:15:42:22 -0300] "GET /cormun/servlet/solicitudot?INS,0,0, HTTP/1.1" 200 12578
186.103.159.46 - - [14/Mar/2017:15:42:23 -0300] "POST /cormun/servlet/hlogin?33114de2f3333ded5d8eb38f61b6b696,gx-no-cache=1489517010922 HTTP/1.1" 200 90
186.103.159.46 - - [14/Mar/2017:15:42:23 -0300] "GET /cormun/servlet/hpexe_link HTTP/1.1" 200 964
186.103.159.46 - - [14/Mar/2017:15:42:23 -0300] "GET /cormun/servlet/trautorizarsolicitud HTTP/1.1" 200 8061
186.103.159.46 - - [14/Mar/2017:15:42:24 -0300] "GET /cormun/servlet/trautorizarsolicitud HTTP/1.1" 200 8060
192.168.10.89 - - [14/Mar/2017:15:42:26 -0300] "POST /cormun/servlet/trautorizarsolicitud?35a7a9761fd97fd79422ab3916d24380,,gx-no-cache=1489520228355 HTTP/1.1" 200 5840
192.168.10.89 - - [14/Mar/2017:15:42:26 -0300] "POST /cormun/servlet/trautorizarsolicitud?35a7a9761fd97fd79422ab3916d24380,,gx-no-cache=1489520228729 HTTP/1.1" 200 5785
192.168.10.89 - - [14/Mar/2017:15:42:26 -0300] "GET /cormun/static/Shared/jqueryui/images/ui-icons_82798d_256x240.png HTTP/1.1" 404 1089
192.168.10.89 - - [14/Mar/2017:15:42:26 -0300] "GET /cormun/static/Shared/jqueryui/images/ui-bg_highlight-soft_100_c6c2c8_1x100.png HTTP/1.1" 404 1117
192.168.10.89 - - [14/Mar/2017:15:42:26 -0300] "GET /cormun/static/Shared/jqueryui/images/ui-bg_flat_55_fafafa_40x100.png HTTP/1.1" 404 1097
192.168.10.89 - - [14/Mar/2017:15:42:26 -0300] "GET /cormun/static/Shared/jqueryui/images/ui-icons_8d78a5_256x240.png HTTP/1.1" 404 1089
186.103.248.213 - - [14/Mar/2017:15:42:27 -0300] "GET /cormun/static/Resources/resize.gif HTTP/1.1" 200 77
192.168.10.89 - - [14/Mar/2017:15:42:28 -0300] "POST /cormun/servlet/trautorizarsolicitud?35a7a9761fd97fd79422ab3916d24380,,gx-no-cache=1489520230325 HTTP/1.1" 200 5445
192.168.10.89 - - [14/Mar/2017:15:42:28 -0300] "POST /cormun/servlet/trautorizarsolicitud?35a7a9761fd97fd79422ab3916d24380,,gx-no-cache=1489520230778 HTTP/1.1" 200 5390
201.236.61.115 - - [14/Mar/2017:15:42:35 -0300] "GET /cormun/servlet/prfichaempleado?,MD,,gxPopupLevel%3D0%3B HTTP/1.1" 200 8807
186.103.248.213 - - [14/Mar/2017:15:42:35 -0300] "GET /cormun/static/gxcfg.js?2016102420561687 HTTP/1.1" 200 953
201.236.61.115 - - [14/Mar/2017:15:42:35 -0300] "GET /cormun/static/Resources/PXToolsMenuSearchCancel.png HTTP/1.1" 200 2972
186.103.248.213 - - [14/Mar/2017:15:42:35 -0300] "GET /cormun/static/hmpwkw011.js?201612218515582 HTTP/1.1" 200 1968
201.236.61.115 - - [14/Mar/2017:15:42:35 -0300] "GET /cormun/static/menusearch.js?201610171694467 HTTP/1.1" 200 1424
201.236.61.115 - - [14/Mar/2017:15:42:35 -0300] "GET /cormun/static/Resources/PXToolsMenuSearch.png HTTP/1.1" 200 2914
186.103.248.213 - - [14/Mar/2017:15:42:35 -0300] "GET /cormun/static/prfichaempleado.js?201610242056198 HTTP/1.1" 200 16015
192.168.10.89 - - [14/Mar/2017:15:42:38 -0300] "GET /cormun/servlet/hlogin HTTP/1.1" 200 1746
186.103.248.213 - - [14/Mar/2017:15:42:46 -0300] "POST /cormun/servlet/prfichaempleado?e9e4ac21527f9558e75b03cbf2dfd23f,,MD,,gxPopupLevel%3D0%3B,gx-no-cache=1489517034577 HTTP/1.1" 200 3478
192.168.10.89 - - [14/Mar/2017:15:42:46 -0300] "POST /cormun/servlet/hlogin?35a7a9761fd97fd79422ab3916d24380,gx-no-cache=1489520248579 HTTP/1.1" 200 90
192.168.10.89 - - [14/Mar/2017:15:42:46 -0300] "GET /cormun/servlet/hpexe_link HTTP/1.1" 200 959
192.168.10.89 - - [14/Mar/2017:15:42:49 -0300] "GET /cormun/servlet/hhome HTTP/1.1" 200 4395
186.103.248.213 - - [14/Mar/2017:15:42:56 -0300] "POST /cormun/servlet/solicitudot?gx-no-cache=1489517044777 HTTP/1.1" 200 3205
186.103.248.213 - - [14/Mar/2017:15:42:57 -0300] "POST /cormun/servlet/solicitudot?e9e4ac21527f9558e75b03cbf2dfd23f,INS,0,0,,gx-no-cache=1489517045249 HTTP/1.1" 200 9778
186.103.248.213 - - [14/Mar/2017:15:42:57 -0300] "GET /cormun/servlet/solicitudot?6ea2704723b7607d1bc3c2cf66f78af5fdb3a038beb6a9d3108c8568db71c25c9582b13175b19562d5f5d0d425375429,gx-no-cache=1489517046264 HTTP/1.1" 200 30
192.168.10.89 - - [14/Mar/2017:15:43:01 -0300] "GET /cormun/servlet/trsolicitudgral? HTTP/1.1" 200 10389
186.103.248.213 - - [14/Mar/2017:15:43:06 -0300] "POST /cormun/servlet/solicitudot?gx-no-cache=1489517055729 HTTP/1.1" 200 240
186.103.248.213 - - [14/Mar/2017:15:43:07 -0300] "GET /cormun/servlet/solicitudot?6ea2704723b7607d1bc3c2cf66f78af507cbdc8bffe5325976e76896094d2c093d03ad6346ee2dfde12b9689e27b1c001249505f7ed247eaab7066c7726e977e78f290cd7acc7178be45ef207a4ce245848bb76017afeeef04ec599cd9b35d0e248892182e345adb52615a1be9b8a628b8c66baeaa9f0028216b5ca4d227494b8ba9e9ad48134ac5b9c9d8f667dc842c9a890deb4d5c3711fd593adfdd93e86742d62e7489f59afa22220d1bde2fff0a29b3cbeac798e2e4d839acb13235b915a07bebce32da1ad1391c5443956fd0acb83c0db3ea1fe4d6389cc8da4ceb5326db7b96181033534e6adc1bf2fca4be620e1f3d96e6c8a3d56a7484440d56f8bcb3d019bd161ff7f38f055a55d35bc37ad16cd7ed1980fc2b79c173375b07a086002d16ce247fbc27f16b8b5e3df04936672ee8a95db805c29e4f0925196dcee6e7db4793b3889965b15ce2637a5a071bb15f2c1e0b4ab8b07fcd0f7f63075e6bc24b904daa67b882c9a6ceb158713f1e2e53ad2a0aba065b0d6110a2bdfa3746,gx-no-cache=1489517055864 HTTP/1.1" 200 30
186.103.248.213 - - [14/Mar/2017:15:43:07 -0300] "POST /cormun/servlet/solicitudot?gx-no-cache=1489517056254 HTTP/1.1" 200 30
186.103.248.213 - - [14/Mar/2017:15:43:07 -0300] "POST /cormun/servlet/solicitudot?gx-no-cache=1489517056379 HTTP/1.1" 200 235
186.103.248.213 - - [14/Mar/2017:15:43:07 -0300] "POST /cormun/servlet/solicitudot?gx-no-cache=1489517056518 HTTP/1.1" 200 38
186.103.248.213 - - [14/Mar/2017:15:43:08 -0300] "GET /cormun/servlet/solicitudot?6ea2704723b7607d1bc3c2cf66f78af556120a96030a37117d7f18ae1115ff7c4ee152a6e7475fa70db6f60e8aa241c826cf4a540aa66a6a20b704e6d509a2a2e6d788df6aa44e8755fcd22b3d6b4a3ff4b3c652f28d0945975dff62604bcf2d2742053015f8f5818c759c3263c485aa4137901bce65e8f475521605cc3d8d8b6e75eff12ebd757582079c64cde62e1ab14ef73457511c541e245748168347f5,gx-no-cache=1489517056634 HTTP/1.1" 200 29
186.79.176.150 - - [14/Mar/2017:15:43:08 -0300] "POST /cormun/servlet/trpermisosgoce?c607836ddce4de514555e7baa9282577,,gx-no-cache=1489520643378 HTTP/1.1" 200 3893
186.103.248.213 - - [14/Mar/2017:15:43:09 -0300] "POST /cormun/servlet/solicitudot?gx-no-cache=1489517057112 HTTP/1.1" 200 643
186.103.248.213 - - [14/Mar/2017:15:43:09 -0300] "POST /cormun/servlet/solicitudot?gx-no-cache=1489517058143 HTTP/1.1" 200 518
186.103.248.213 - - [14/Mar/2017:15:43:09 -0300] "GET /cormun/servlet/solicitudot?6ea2704723b7607d1bc3c2cf66f78af5bee1c41e0e43ee54fd979e24037b0cb0aa149b550b87d74790082691f31589fd078964aa7aaf9ded28c03ef4df21260ad4d40aa719e372c49e0476ea988f7a9eb00ba644b66340444993535532bffd7dfd7c9dfe4d152797d65b9dea02d4f5351f4ed9ef0f950db1880d19187d36940696b438aa6b82c0a34f8e18f9fdf77a722fda6f3d994de4f2562a2ca301e4d48f,gx-no-cache=1489517058288 HTTP/1.1" 200 30
186.103.248.213 - - [14/Mar/2017:15:43:09 -0300] "POST /cormun/servlet/solicitudot?e9e4ac21527f9558e75b03cbf2dfd23f,INS,0,0,,gx-no-cache=1489517058386 HTTP/1.1" 200 10555
186.103.248.213 - - [14/Mar/2017:15:43:10 -0300] "GET /cormun/static/Shared/jqueryui/images/ui-bg_highlight-soft_100_c6c2c8_1x100.png HTTP/1.1" 404 1117
186.103.248.213 - - [14/Mar/2017:15:43:10 -0300] "GET /cormun/static/Shared/jqueryui/images/ui-icons_ebccce_256x240.png HTTP/1.1" 404 1089
186.103.248.213 - - [14/Mar/2017:15:43:10 -0300] "GET /cormun/static/Shared/jqueryui/images/ui-icons_82798d_256x240.png HTTP/1.1" 404 1089
201.236.61.115 - - [14/Mar/2017:15:43:10 -0300] "GET /cormun/static/Shared/jqueryui/images/ui-bg_flat_55_994d53_40x100.png HTTP/1.1" 404 1097
192.168.10.89 - - [14/Mar/2017:15:43:11 -0300] "POST /cormun/servlet/trsolicitudgral?35a7a9761fd97fd79422ab3916d24380,,gx-no-cache=1489520274075 HTTP/1.1" 200 10212
186.79.176.150 - - [14/Mar/2017:15:43:16 -0300] "GET /cormun/servlet/permisogoce?INS,0,,, HTTP/1.1" 200 6484
192.168.10.89 - - [14/Mar/2017:15:43:16 -0300] "POST /cormun/servlet/trsolicitudgral?35a7a9761fd97fd79422ab3916d24380,,gx-no-cache=1489520278856 HTTP/1.1" 200 9935
192.168.10.89 - - [14/Mar/2017:15:43:17 -0300] "GET /cormun/static/Shared/jqueryui/images/ui-icons_82798d_256x240.png HTTP/1.1" 404 1089
192.168.10.89 - - [14/Mar/2017:15:43:17 -0300] "GET /cormun/static/Shared/jqueryui/images/ui-bg_flat_55_fafafa_40x100.png HTTP/1.1" 404 1097
192.168.10.89 - - [14/Mar/2017:15:43:17 -0300] "GET /cormun/static/Shared/jqueryui/images/ui-bg_highlight-soft_100_c6c2c8_1x100.png HTTP/1.1" 404 1117
192.168.10.89 - - [14/Mar/2017:15:43:17 -0300] "GET /cormun/static/Shared/jqueryui/images/ui-icons_8d78a5_256x240.png HTTP/1.1" 404 1089
186.79.176.150 - - [14/Mar/2017:15:43:19 -0300] "GET /cormun/servlet/permisogoce?INS,0,,, HTTP/1.1" 200 6484
201.236.61.115 - - [14/Mar/2017:15:43:22 -0300] "POST /cormun/servlet/solicitudot?gx-no-cache=1489517071041 HTTP/1.1" 200 30
192.168.10.89 - - [14/Mar/2017:15:43:26 -0300] "GET /cormun/servlet/solicitudgral?UPD,2017,5517, HTTP/1.1" 200 12144
186.79.176.150 - - [14/Mar/2017:15:43:29 -0300] "GET /cormun/servlet/prfichaempleado?,MD,,gxPopupLevel%3D0%3B HTTP/1.1" 200 8744
201.236.61.115 - - [14/Mar/2017:15:43:29 -0300] "POST /cormun/servlet/solicitudot?e9e4ac21527f9558e75b03cbf2dfd23f,INS,0,0,,gx-no-cache=1489517077976 HTTP/1.1" 200 93
192.168.10.89 - - [14/Mar/2017:15:43:29 -0300] "POST /cormun/servlet/solicitudgral?gx-no-cache=1489520292239 HTTP/1.1" 200 3156
192.168.10.89 - - [14/Mar/2017:15:43:30 -0300] "GET /cormun/servlet/solicitudgral?82d50b1db047714461cdffabc8b898976219e91724197a1e52238e97dc25db4e1702cc131492a96cd0f09206464df2b1543cb75a2f099a54c4f363cf4781ed361b5a494fabcc12117547a3340131834a1664855dc26e985a42b7e66218c0e250d2fc1aaacb09fefec20e3006066c0d7ac5bde46bbde6618dbf632e9c847b77ef4eba8804e1930cca73792cb5f43dadd9f0f1f7f6167bae0d19f27c0b651d482649ab0abe589ad0d7eca0da55f77bef293f511534a0554caeb5d3a6be01414bf6cbb77eab4bbc65cd1a20abb65dfc8a00f6c14602b22ddf680a1c1c22aa23a26d0d0df57461008594e5354c567d8cdce489c57f4b4ea4595b45100c16a1e839842547d2ba397c9736f82bc652e7aa42a14f2dc1b2f54a21386f2a565f5e72cee5d9e0ba30dd5ce838b55dd6a8315e2247ce9319c21acb3db66ebe9e19c0b4a6f695ab848726b8e5881070ff29e353c4d0,gx-no-cache=1489520292455 HTTP/1.1" 200 257
201.236.61.115 - - [14/Mar/2017:15:43:30 -0300] "GET /cormun/servlet/hpexe_return? HTTP/1.1" 200 1006
201.236.61.115 - - [14/Mar/2017:15:43:30 -0300] "GET /cormun/static/gxcfg.js?2016101716175148 HTTP/1.1" 200 953
186.103.248.213 - - [14/Mar/2017:15:43:30 -0300] "GET /cormun/static/hpexe_return.js?2016101716175153 HTTP/1.1" 200 1633
186.103.248.213 - - [14/Mar/2017:15:43:30 -0300] "GET /cormun/servlet/trsolicitudot? HTTP/1.1" 200 8563
186.103.248.213 - - [14/Mar/2017:15:43:31 -0300] "GET /cormun/servlet/trsolicitudot? HTTP/1.1" 200 8559
192.168.10.89 - - [14/Mar/2017:15:43:32 -0300] "GET /cormun/servlet/solicitudgral?82d50b1db047714461cdffabc8b898978415c5293d753ff9d26c496c19978ceb48b9ce1d338eeee1b79f3b8292d1b4a6a0259bdc196d79f3227a60585ec166e65db029247044a316b71860e630a11d2ba1c858f5099f9b6183ff29267cd721a4bca1ec1f769473eaa867a81ade09b120517e8815fd55d6828a077e8b6c0db3bc2c2ea1cb0de5104f67c4c12ecef761e4599a79d80ef2aabb4e3999083f0754864d76dbbe75e7401f087b69cc215e7481cbb77eab4bbc65cd1a20abb65dfc8a00189c18ba06196422499172d00f0b49076f877dcb0e6fe798ad798dd41c89091476890fb0600865cfcd04976aa43505aa861f155d3b1001392cca584e0a824655f85f92d0bb0909f96f64a1ef992e8222bbc53dfdd80e9aee1114d2005578d7e20248d6be927f551e07efd5e76266760c5383d54f06afb5bdfdb1b004d1c1658e5b6f2ff6693f3148fa43abbd2d40887995aa383f94ef8eaaf7fe36a942d47a00d9a1b118fe7891a186f720a069c84973d57d542bf0f9d42286d496c2813a67cf344e8fdc64469472fd5b919bc39b017c7029230d9103d0d96d19937a36b31fa8e87edde04dad72c61ab367d6bd0d882e44b4a3db227d6b73886fbed1cf0f738c9f7eb3e5d620684ea3c159c345cfc3f51d678a3c0eaea912db8541631eebd77d36d66ec46976b7259ac24749e602344c7029230d9103d0d96d19937a36b31fa882f6266d95607af86e9289905acf47489e1154fac18c2b42107d9bbe038364bebb4d6debce4375a25ec962a06b97db9d,gx-no-cache=1489520294813 HTTP/1.1" 200 48
186.103.248.213 - - [14/Mar/2017:15:43:34 -0300] "POST /cormun/servlet/trsolicitudot?e9e4ac21527f9558e75b03cbf2dfd23f,,gx-no-cache=1489517082858 HTTP/1.1" 200 107
186.103.248.213 - - [14/Mar/2017:15:43:34 -0300] "GET /cormun/servlet/trsolicitudadjuntos?2017,5146, HTTP/1.1" 200 7893
186.103.248.213 - - [14/Mar/2017:15:43:34 -0300] "GET /cormun/servlet/trsolicitudadjuntos?2017,5146, HTTP/1.1" 200 7891
192.168.10.89 - - [14/Mar/2017:15:43:35 -0300] "POST /cormun/servlet/solicitudgral?35a7a9761fd97fd79422ab3916d24380,UPD,2017,5517,,gx-no-cache=1489520297542 HTTP/1.1" 200 10549
192.168.10.89 - - [14/Mar/2017:15:43:37 -0300] "GET /cormun/servlet/solicitudgral?82d50b1db047714461cdffabc8b89897fffe4ce45eae9d1ab81d83d44dcaf61528c0954f4ad7bf8e709252ece3c2fadc29b911f1b2147616e3f6dd0f9f7dbcbf27509bf4610ac3eb3301db2389b67db0f3e1414231d0e0b0a0ea770fd3583862e987369e9e3860a04d91880010775c6eb0daffcebf17e15298dfbb5cb2f9e698cd4ec9e80d66a8a215a18241510bdf9ed422bce588ca3ae708540c9e9e2bb001,gx-no-cache=1489520299662 HTTP/1.1" 200 29
192.168.10.89 - - [14/Mar/2017:15:43:37 -0300] "POST /cormun/servlet/solicitudgral?gx-no-cache=1489520299686 HTTP/1.1" 200 1250
192.168.10.89 - - [14/Mar/2017:15:43:37 -0300] "POST /cormun/servlet/solicitudgral?gx-no-cache=1489520299724 HTTP/1.1" 200 1155
192.168.10.89 - - [14/Mar/2017:15:43:37 -0300] "POST /cormun/servlet/solicitudgral?35a7a9761fd97fd79422ab3916d24380,UPD,2017,5517,,gx-no-cache=1489520299764 HTTP/1.1" 200 93
192.168.10.89 - - [14/Mar/2017:15:43:37 -0300] "GET /cormun/servlet/hpexe_return? HTTP/1.1" 200 1017
186.103.248.213 - - [14/Mar/2017:15:43:37 -0300] "POST /cormun/servlet/trsolicitudadjuntos?e9e4ac21527f9558e75b03cbf2dfd23f,2017,5146,,gx-no-cache=1489517086347 HTTP/1.1" 200 6628
186.103.248.213 - - [14/Mar/2017:15:43:39 -0300] "POST /cormun/servlet/trsolicitudadjuntos?e9e4ac21527f9558e75b03cbf2dfd23f,2017,5146,,gx-no-cache=1489517087822 HTTP/1.1" 200 6629
192.168.10.89 - - [14/Mar/2017:15:43:39 -0300] "GET /cormun/servlet/trsolicitudgral? HTTP/1.1" 200 13200
186.79.176.150 - - [14/Mar/2017:15:43:45 -0300] "POST /cormun/servlet/prfichaempleado?c607836ddce4de514555e7baa9282577,,MD,,gxPopupLevel%3D0%3B,gx-no-cache=1489520685581 HTTP/1.1" 200 5969
186.79.176.150 - - [14/Mar/2017:15:43:47 -0300] "GET /cormun/static/Resources/PXToolsGridNext.gif HTTP/1.1" 200 369
186.79.176.150 - - [14/Mar/2017:15:43:47 -0300] "GET /cormun/static/Resources/PXToolsGridLast.gif HTTP/1.1" 200 370
186.79.176.150 - - [14/Mar/2017:15:44:38 -0300] "POST /cormun/servlet/prfichaempleado?c607836ddce4de514555e7baa9282577,,MD,,gxPopupLevel%3D0%3B,gx-no-cache=1489520736111 HTTP/1.1" 200 3405
186.79.176.150 - - [14/Mar/2017:15:44:48 -0300] "GET /cormun/servlet/permisogoce?33caf7904eefa968a614f86a72f2835a38bc890d1b5d4421c71b645ef486cb693f774cc210907fe32bd597551e72322e,gx-no-cache=1489520753358 HTTP/1.1" 200 171
186.79.176.150 - - [14/Mar/2017:15:44:50 -0300] "GET /cormun/static/Shared/jqueryui/images/ui-bg_highlight-soft_100_c6c2c8_1x100.png HTTP/1.1" 404 1117
186.79.176.150 - - [14/Mar/2017:15:44:50 -0300] "GET /cormun/static/Shared/jqueryui/images/ui-icons_82798d_256x240.png HTTP/1.1" 404 1089
186.79.176.150 - - [14/Mar/2017:15:44:52 -0300] "GET /cormun/static/Shared/jqueryui/images/ui-bg_flat_55_994d53_40x100.png HTTP/1.1" 404 1097
186.79.176.150 - - [14/Mar/2017:15:44:52 -0300] "GET /cormun/static/Shared/jqueryui/images/ui-icons_ebccce_256x240.png HTTP/1.1" 404 1089
186.79.176.150 - - [14/Mar/2017:15:44:52 -0300] "GET /cormun/servlet/permisogoce?33caf7904eefa968a614f86a72f2835a38bc890d1b5d4421c71b645ef486cb693f774cc210907fe32bd597551e72322e,gx-no-cache=1489520758644 HTTP/1.1" 200 171
186.79.176.150 - - [14/Mar/2017:15:44:52 -0300] "GET /cormun/static/menuarrow.gif HTTP/1.1" 404 1015
186.103.157.235 - - [14/Mar/2017:15:45:26 -0300] "POST /cormun/servlet/hlogin?74d5bd1211c87cdb878eaeda2c9a0ef9,gx-no-cache=1489517193058 HTTP/1.1" 200 90
186.103.157.235 - - [14/Mar/2017:15:45:26 -0300] "GET /cormun/servlet/hpexe_link HTTP/1.1" 200 952
186.103.157.235 - - [14/Mar/2017:15:45:26 -0300] "GET /cormun/static/gxcfg.js?201612218515529 HTTP/1.1" 304 -
186.103.157.235 - - [14/Mar/2017:15:45:26 -0300] "GET /cormun/servlet/hhome HTTP/1.1" 200 3953
186.103.157.235 - - [14/Mar/2017:15:45:26 -0300] "GET /cormun/static/gxcfg.js?201612218515568 HTTP/1.1" 304 -
186.103.157.235 - - [14/Mar/2017:15:45:28 -0300] "GET /cormun/servlet/hhome HTTP/1.1" 200 3949
186.103.157.235 - - [14/Mar/2017:15:45:37 -0300] "GET /cormun/servlet/trpermisosgoce? HTTP/1.1" 200 8421
186.103.157.235 - - [14/Mar/2017:15:45:38 -0300] "GET /cormun/static/gxcfg.js?201612262011714 HTTP/1.1" 200 953
186.103.157.235 - - [14/Mar/2017:15:45:38 -0300] "GET /cormun/static/calendar.js?85251 HTTP/1.1" 304 -
186.103.157.235 - - [14/Mar/2017:15:45:38 -0300] "GET /cormun/static/calendar-es.js?85251 HTTP/1.1" 304 -
186.103.157.235 - - [14/Mar/2017:15:45:38 -0300] "GET /cormun/static/calendar-setup.js?85251 HTTP/1.1" 304 -
186.103.157.235 - - [14/Mar/2017:15:45:39 -0300] "GET /cormun/static/trpermisosgoce.js?201612262012096 HTTP/1.1" 200 31909
186.103.157.235 - - [14/Mar/2017:15:45:40 -0300] "GET /cormun/servlet/trpermisosgoce? HTTP/1.1" 200 8420
186.103.157.235 - - [14/Mar/2017:15:45:45 -0300] "GET /cormun/servlet/apermisogoceprn?13720369,P,20170314162038,PU HTTP/1.1" 200 1560
186.103.159.204 - - [14/Mar/2017:15:47:00 -0300] "GET /cormun/servlet/trsolicitudot? HTTP/1.1" 200 7354
186.103.159.204 - - [14/Mar/2017:15:47:01 -0300] "GET /cormun/static/gxui/gxui-all.css?120300 HTTP/1.1" 200 2179
186.103.159.204 - - [14/Mar/2017:15:47:01 -0300] "GET /cormun/static/calendar-system.css?85620 HTTP/1.1" 200 5572
186.103.159.204 - - [14/Mar/2017:15:47:01 -0300] "GET /cormun/static/SmoothNavMenu/resources/ddsmoothmenu.css?1112540 HTTP/1.1" 200 2223
186.103.159.204 - - [14/Mar/2017:15:47:01 -0300] "GET /cormun/static/Shared/jqueryui/jquery-ui.min.css?1345370 HTTP/1.1" 200 30288
186.103.159.204 - - [14/Mar/2017:15:47:01 -0300] "GET /cormun/static/SmoothNavMenu/resources/ddsmoothmenu-v.css?1112540 HTTP/1.1" 200 1188
186.103.159.204 - - [14/Mar/2017:15:47:01 -0300] "GET /cormun/static/scaMessage/css/jquery.pnotify.default.css?1816380 HTTP/1.1" 200 1707
186.103.159.204 - - [14/Mar/2017:15:47:01 -0300] "GET /cormun/static/gxtimezone.js?85251 HTTP/1.1" 200 5781
186.103.159.204 - - [14/Mar/2017:15:47:01 -0300] "GET /cormun/static/gxcfg.js?20171191044697 HTTP/1.1" 200 953
186.103.159.204 - - [14/Mar/2017:15:47:01 -0300] "GET /cormun/static/Resources/Spanish/PXTools.css?18365030 HTTP/1.1" 200 89042
186.103.159.204 - - [14/Mar/2017:15:47:01 -0300] "GET /cormun/static/calendar-setup.js?85251 HTTP/1.1" 200 2588
186.103.159.204 - - [14/Mar/2017:15:47:01 -0300] "GET /cormun/static/calendar.js?85251 HTTP/1.1" 200 26246
186.103.159.204 - - [14/Mar/2017:15:47:01 -0300] "GET /cormun/static/Shared/ext/resources/css/ext-all.css?215870 HTTP/1.1" 200 416045
186.103.159.204 - - [14/Mar/2017:15:47:01 -0300] "GET /cormun/static/calendar-es.js?85251 HTTP/1.1" 200 1901
186.103.159.204 - - [14/Mar/2017:15:47:01 -0300] "GET /cormun/static/RunJS/RunJS.js HTTP/1.1" 200 288
186.103.159.204 - - [14/Mar/2017:15:47:01 -0300] "GET /cormun/static/PXToolsJavascripts/pexe_cookies.js HTTP/1.1" 200 792
186.103.159.204 - - [14/Mar/2017:15:47:01 -0300] "GET /cormun/static/PXToolsJavascripts/pexe_autoreload.js HTTP/1.1" 200 1762
186.103.159.204 - - [14/Mar/2017:15:47:01 -0300] "GET /cormun/static/PXToolsJavascripts/pexe_windows.js HTTP/1.1" 200 15207
186.103.159.204 - - [14/Mar/2017:15:47:01 -0300] "GET /cormun/static/gxgral.js?85251 HTTP/1.1" 200 384558
186.103.159.204 - - [14/Mar/2017:15:47:01 -0300] "GET /cormun/static/PXToolsJavascripts/pexe_grid.js HTTP/1.1" 200 7559
186.103.159.204 - - [14/Mar/2017:15:47:01 -0300] "GET /cormun/static/PXToolsJavascripts/pexe_griddivfix.js HTTP/1.1" 200 6644
186.103.159.204 - - [14/Mar/2017:15:47:01 -0300] "GET /cormun/static/PXToolsJavascripts/pexe_link.js HTTP/1.1" 200 5671
186.103.159.204 - - [14/Mar/2017:15:47:01 -0300] "GET /cormun/static/PXToolsJavascripts/pexe_menudivfix.js HTTP/1.1" 200 333
186.103.159.204 - - [14/Mar/2017:15:47:01 -0300] "GET /cormun/static/gxui/gxui-all.js HTTP/1.1" 200 107772
186.103.159.204 - - [14/Mar/2017:15:47:01 -0300] "GET /cormun/static/PXToolsJavascripts/pexe_menus.js HTTP/1.1" 200 1286
186.103.159.204 - - [14/Mar/2017:15:47:01 -0300] "GET /cormun/static/PXToolsJavascripts/pexe_layers.js HTTP/1.1" 200 4114
186.103.159.204 - - [14/Mar/2017:15:47:01 -0300] "GET /cormun/static/PXToolsJavascripts/pexe_oav.js HTTP/1.1" 200 645
186.103.159.204 - - [14/Mar/2017:15:47:01 -0300] "GET /cormun/static/PXToolsJavascripts/pexe_oavdivfix.js HTTP/1.1" 200 639
186.103.159.204 - - [14/Mar/2017:15:47:01 -0300] "GET /cormun/static/PXToolsJavascripts/pexe_scrolldiv.js HTTP/1.1" 200 4138
186.103.159.204 - - [14/Mar/2017:15:47:01 -0300] "GET /cormun/static/PXToolsJavascripts/pexe_picture.js HTTP/1.1" 200 689
186.103.159.204 - - [14/Mar/2017:15:47:02 -0300] "GET /cormun/static/PXToolsJavascripts/pexe_tabdivfix.js HTTP/1.1" 200 876
186.103.159.204 - - [14/Mar/2017:15:47:02 -0300] "GET /cormun/static/PXToolsJavascripts/pexe_popup.js HTTP/1.1" 200 13458
186.103.159.204 - - [14/Mar/2017:15:47:02 -0300] "GET /cormun/static/PXToolsJavascripts/pexe_tabs.js HTTP/1.1" 200 3748
186.103.159.204 - - [14/Mar/2017:15:47:02 -0300] "GET /cormun/static/Shared/ext/ext-all.js HTTP/1.1" 200 1289687
186.103.159.204 - - [14/Mar/2017:15:47:02 -0300] "GET /cormun/static/PXToolsJavascripts/PXToolsJavascriptsRender.js HTTP/1.1" 200 367
186.103.159.204 - - [14/Mar/2017:15:47:02 -0300] "GET /cormun/static/PXToolsJavascripts/pexe_upload.js HTTP/1.1" 200 1423
186.103.159.204 - - [14/Mar/2017:15:47:02 -0300] "GET /cormun/static/Shared/ext/locale/ext-lang-en.js HTTP/1.1" 200 10940
186.103.159.204 - - [14/Mar/2017:15:47:02 -0300] "GET /cormun/static/messages.spa.js?85251 HTTP/1.1" 200 30736
186.103.159.204 - - [14/Mar/2017:15:47:02 -0300] "GET /cormun/static/hwchdr01.js?201612218432057 HTTP/1.1" 200 1183
186.103.159.204 - - [14/Mar/2017:15:47:02 -0300] "GET /cormun/static/trsolicitudot.js?20171191045625 HTTP/1.1" 200 53117
186.103.159.204 - - [14/Mar/2017:15:47:02 -0300] "GET /cormun/static/hpexe_recentlink.js?201610171694390 HTTP/1.1" 200 2144
186.103.159.204 - - [14/Mar/2017:15:47:02 -0300] "GET /cormun/static/hpexe_scripts.js?201612218432016 HTTP/1.1" 200 1544
186.103.159.204 - - [14/Mar/2017:15:47:02 -0300] "GET /cormun/static/hpexe_messagecontroller.js?201610171694323 HTTP/1.1" 200 870
186.103.159.204 - - [14/Mar/2017:15:47:02 -0300] "GET /cormun/static/gxdec.js?85251 HTTP/1.1" 200 19579
186.103.159.204 - - [14/Mar/2017:15:47:02 -0300] "GET /cormun/static/hpexe_messagepopupcomponent.js?20161017169425 HTTP/1.1" 200 605
186.103.159.204 - - [14/Mar/2017:15:47:02 -0300] "GET /cormun/static/hpexe_messagegenexuscomponent.js?201612218431816 HTTP/1.1" 200 587
186.103.159.204 - - [14/Mar/2017:15:47:02 -0300] "GET /cormun/static/cmcontrolpreferences.js?201612218431999 HTTP/1.1" 200 1375
186.103.159.204 - - [14/Mar/2017:15:47:02 -0300] "GET /cormun/static/Shared/jquery/jquery-1.4.2.min.js HTTP/1.1" 200 72174
186.103.159.204 - - [14/Mar/2017:15:47:02 -0300] "GET /cormun/static/SmoothNavMenu/resources/ddsmoothmenu.js HTTP/1.1" 200 12712
186.103.159.204 - - [14/Mar/2017:15:47:02 -0300] "GET /cormun/static/SmoothNavMenu/resources/SmoothNavMenuRender.js HTTP/1.1" 200 5951
186.103.159.204 - - [14/Mar/2017:15:47:02 -0300] "GET /cormun/static/scaMessage/js/jquery.pnotify.min.js HTTP/1.1" 200 13038
186.103.159.204 - - [14/Mar/2017:15:47:02 -0300] "GET /cormun/static/scaMessage/scaMessageRender.js HTTP/1.1" 200 11977
186.103.159.204 - - [14/Mar/2017:15:47:02 -0300] "GET /cormun/static/hmpwkw03.js?20161221852152 HTTP/1.1" 200 3965
186.103.159.204 - - [14/Mar/2017:15:47:02 -0300] "GET /cormun/static/Shared/jqueryui/jquery-ui.min.js HTTP/1.1" 200 240427
186.103.159.204 - - [14/Mar/2017:15:47:02 -0300] "GET /cormun/static/Resources/logo4.png HTTP/1.1" 200 6582
186.103.159.204 - - [14/Mar/2017:15:47:02 -0300] "GET /cormun/static/Resources/PXToolsHeaderActionsLeft.png HTTP/1.1" 200 1118
186.103.159.204 - - [14/Mar/2017:15:47:02 -0300] "GET /cormun/static/Resources/PXToolsHeaderLogin.png HTTP/1.1" 200 4279
186.103.159.204 - - [14/Mar/2017:15:47:02 -0300] "GET /cormun/static/Resources/PXToolsHeaderHome.png HTTP/1.1" 200 4147
186.103.159.204 - - [14/Mar/2017:15:47:02 -0300] "GET /cormun/static/Shared/jquery/jquery-1.10.2.min.js HTTP/1.1" 200 273199
186.103.159.204 - - [14/Mar/2017:15:47:02 -0300] "GET /cormun/static/Resources/PXToolsHeaderPreferences.png HTTP/1.1" 200 4189
186.103.159.204 - - [14/Mar/2017:15:47:02 -0300] "GET /cormun/static/Resources/PXToolsHeaderSecurity.png HTTP/1.1" 200 4166
186.103.159.204 - - [14/Mar/2017:15:47:02 -0300] "GET /cormun/static/Resources/PXToolsHeaderActionsRight.png HTTP/1.1" 200 1201
186.103.159.204 - - [14/Mar/2017:15:47:02 -0300] "GET /cormun/static/Resources/PXTools/calendar.png HTTP/1.1" 200 1306
186.103.159.204 - - [14/Mar/2017:15:47:02 -0300] "GET /cormun/static/Resources/PXToolsGridNew.png HTTP/1.1" 200 2949
186.103.159.204 - - [14/Mar/2017:15:47:02 -0300] "GET /cormun/static/Resources/PXToolsGridNextDisabled.gif HTTP/1.1" 200 90
186.103.159.204 - - [14/Mar/2017:15:47:02 -0300] "GET /cormun/static/Resources/PXToolsGridPreviousDisabled.gif HTTP/1.1" 200 90
186.103.159.204 - - [14/Mar/2017:15:47:02 -0300] "GET /cormun/static/Resources/PXToolsGridFirstDisabled.gif HTTP/1.1" 200 100
186.103.159.204 - - [14/Mar/2017:15:47:02 -0300] "GET /cormun/static/Resources/PXToolsGridLastDisabled.gif HTTP/1.1" 200 98
186.103.159.204 - - [14/Mar/2017:15:47:02 -0300] "GET /cormun/static/Resources/PXToolsGridPage.gif HTTP/1.1" 200 725
186.103.159.204 - - [14/Mar/2017:15:47:02 -0300] "GET /cormun/static/Resources/PXToolsFooterBackground2.png HTTP/1.1" 200 1172
186.103.159.204 - - [14/Mar/2017:15:47:02 -0300] "GET /cormun/static/Resources/PXToolsActionExcel.png HTTP/1.1" 200 3187
186.103.159.204 - - [14/Mar/2017:15:47:02 -0300] "GET /cormun/static/Resources/PXToolsHeaderActionsBackground.png HTTP/1.1" 200 484
186.103.159.204 - - [14/Mar/2017:15:47:02 -0300] "GET /cormun/static/Resources/PXToolsDataTitle.png HTTP/1.1" 200 1173
186.103.159.204 - - [14/Mar/2017:15:47:03 -0300] "GET /cormun/static/Resources/indicator.gif HTTP/1.1" 200 1553
186.103.159.204 - - [14/Mar/2017:15:47:03 -0300] "GET /cormun/static/Resources/PXToolsDataSearch.png HTTP/1.1" 200 419
186.103.159.204 - - [14/Mar/2017:15:47:03 -0300] "GET /cormun/static/Resources/PXToolsHeaderBackground2.png HTTP/1.1" 200 1174
186.103.159.204 - - [14/Mar/2017:15:47:03 -0300] "GET /cormun/static/Resources/asc.gif HTTP/1.1" 200 67
186.103.159.204 - - [14/Mar/2017:15:47:03 -0300] "GET /cormun/static/Resources/desc.gif HTTP/1.1" 200 65
186.103.159.204 - - [14/Mar/2017:15:47:03 -0300] "GET /cormun/static/Resources/desc.gif HTTP/1.1" 200 65
186.103.159.204 - - [14/Mar/2017:15:47:03 -0300] "GET /cormun/static/Resources/asc.gif HTTP/1.1" 200 67
186.103.159.204 - - [14/Mar/2017:15:47:03 -0300] "GET /cormun/static/Resources/asc.gif HTTP/1.1" 200 67
186.103.159.204 - - [14/Mar/2017:15:47:03 -0300] "GET /cormun/static/Resources/asc.gif HTTP/1.1" 200 67
186.103.159.204 - - [14/Mar/2017:15:47:03 -0300] "GET /cormun//static/Resources/PXToolsGridDelete.png HTTP/1.1" 200 357
186.103.159.204 - - [14/Mar/2017:15:47:03 -0300] "GET /cormun//static/Resources/PXToolsGridUpdate.png HTTP/1.1" 200 2984
186.103.159.204 - - [14/Mar/2017:15:47:03 -0300] "GET /cormun//static/Resources/PXToolsActionView.png HTTP/1.1" 200 2995
186.103.159.204 - - [14/Mar/2017:15:47:03 -0300] "GET /cormun/static/Resources/desc.gif HTTP/1.1" 200 65
186.103.159.204 - - [14/Mar/2017:15:47:03 -0300] "GET /cormun//static/Resources/PXTools/ActionInsert.png HTTP/1.1" 200 1482
186.103.159.204 - - [14/Mar/2017:15:47:03 -0300] "GET /cormun//static/Resources/PXToolsRemoveAllAction.png HTTP/1.1" 200 3558
186.103.159.204 - - [14/Mar/2017:15:47:03 -0300] "GET /cormun/static/Shared/ext/resources/themes/images/default/tools/tool-sprites.gif HTTP/1.1" 200 5434
186.103.159.204 - - [14/Mar/2017:15:47:03 -0300] "GET /cormun/static/Shared/ext/resources/themes/images/default/panel/bg-headersPanel.png HTTP/1.1" 200 255
186.103.159.204 - - [14/Mar/2017:15:47:03 -0300] "GET /cormun/servlet/trsolicitudot? HTTP/1.1" 200 7370
186.103.159.204 - - [14/Mar/2017:15:47:03 -0300] "GET /cormun/servlet/hlogin HTTP/1.1" 200 1739
186.103.156.24 - - [14/Mar/2017:15:47:06 -0300] "GET /cormun/servlet/hlogin HTTP/1.1" 200 1716
186.103.159.46 - - [14/Mar/2017:15:47:09 -0300] "POST /cormun/servlet/trautorizarsolicitud?33114de2f3333ded5d8eb38f61b6b696,gx-no-cache=1489517297299 HTTP/1.1" 200 4062
186.103.159.46 - - [14/Mar/2017:15:47:09 -0300] "GET /cormun/static/Shared/jqueryui/images/ui-bg_highlight-soft_100_c6c2c8_1x100.png HTTP/1.1" 404 1117
186.103.159.46 - - [14/Mar/2017:15:47:09 -0300] "GET /cormun/static/Shared/jqueryui/images/ui-icons_82798d_256x240.png HTTP/1.1" 404 1089
186.103.159.46 - - [14/Mar/2017:15:47:09 -0300] "GET /cormun/static/Shared/jqueryui/images/ui-icons_8d78a5_256x240.png HTTP/1.1" 404 1089
186.103.159.46 - - [14/Mar/2017:15:47:09 -0300] "POST /cormun/servlet/trautorizarsolicitud?33114de2f3333ded5d8eb38f61b6b696,gx-no-cache=1489517297697 HTTP/1.1" 200 3830
186.103.159.46 - - [14/Mar/2017:15:47:10 -0300] "GET /cormun/static/Shared/jqueryui/images/ui-bg_flat_55_fafafa_40x100.png HTTP/1.1" 404 1097
192.168.10.89 - - [14/Mar/2017:15:47:19 -0300] "POST /cormun/servlet/trsolicitudgral?35a7a9761fd97fd79422ab3916d24380,,gx-no-cache=1489520521880 HTTP/1.1" 200 5410
186.103.159.46 - - [14/Mar/2017:15:47:19 -0300] "GET /cormun/servlet/trautorizarpermisogoce? HTTP/1.1" 200 6726
186.103.159.46 - - [14/Mar/2017:15:47:20 -0300] "GET /cormun/servlet/trautorizarpermisogoce? HTTP/1.1" 200 6740
186.103.159.46 - - [14/Mar/2017:15:47:24 -0300] "GET /cormun/servlet/trpermisosgoce? HTTP/1.1" 200 9769
186.103.156.24 - - [14/Mar/2017:15:47:24 -0300] "POST /cormun/servlet/hlogin?1f8f10818d554abfbacb51ed5610f2a3,gx-no-cache=1489520991502 HTTP/1.1" 200 90
186.103.156.24 - - [14/Mar/2017:15:47:24 -0300] "GET /cormun/servlet/hpexe_link HTTP/1.1" 200 964
186.103.156.24 - - [14/Mar/2017:15:47:25 -0300] "GET /cormun/servlet/solicitudot?INS,0,0, HTTP/1.1" 200 12780
186.103.159.46 - - [14/Mar/2017:15:47:25 -0300] "GET /cormun/servlet/trpermisosgoce? HTTP/1.1" 200 9769
186.103.156.24 - - [14/Mar/2017:15:47:26 -0300] "GET /cormun/servlet/solicitudot?INS,0,0, HTTP/1.1" 200 12784
192.168.10.89 - - [14/Mar/2017:15:47:42 -0300] "POST /cormun/servlet/trsolicitudgral?35a7a9761fd97fd79422ab3916d24380,,gx-no-cache=1489520545192 HTTP/1.1" 200 5410
186.103.157.235 - - [14/Mar/2017:15:47:49 -0300] "GET /cormun/servlet/apermisogoceprn?13720369,P,20170314162038,PU HTTP/1.1" 200 1560
186.103.156.24 - - [14/Mar/2017:15:47:52 -0300] "POST /cormun/servlet/solicitudot?gx-no-cache=1489521021873 HTTP/1.1" 200 3081
186.103.156.24 - - [14/Mar/2017:15:47:52 -0300] "POST /cormun/servlet/solicitudot?1f8f10818d554abfbacb51ed5610f2a3,INS,0,0,,gx-no-cache=1489521022084 HTTP/1.1" 200 9864
186.103.156.24 - - [14/Mar/2017:15:47:53 -0300] "GET /cormun/servlet/solicitudot?40ee5c395dcf0520ed510898709c74f02b41fc0d1ac79e3d9b32cef5ed818e2ecb3a4ffdf435fb3211f28c75ae2c274f,gx-no-cache=1489521023002 HTTP/1.1" 200 111
186.103.156.24 - - [14/Mar/2017:15:47:53 -0300] "GET /cormun/static/Shared/jqueryui/images/ui-bg_highlight-soft_100_c6c2c8_1x100.png HTTP/1.1" 404 1117
186.103.156.24 - - [14/Mar/2017:15:47:53 -0300] "GET /cormun/static/Shared/jqueryui/images/ui-bg_flat_55_994d53_40x100.png HTTP/1.1" 404 1097
186.103.156.24 - - [14/Mar/2017:15:47:53 -0300] "GET /cormun/static/Shared/jqueryui/images/ui-icons_ebccce_256x240.png HTTP/1.1" 404 1089
186.103.156.24 - - [14/Mar/2017:15:47:54 -0300] "GET /cormun/static/Shared/jqueryui/images/ui-icons_82798d_256x240.png HTTP/1.1" 404 1089
186.103.157.235 - - [14/Mar/2017:15:47:57 -0300] "GET /cormun/servlet/apermisogoceprn?13720369,P,20170314162038,PU HTTP/1.1" 200 1562
192.168.10.89 - - [14/Mar/2017:15:47:59 -0300] "POST /cormun/servlet/trsolicitudgral?35a7a9761fd97fd79422ab3916d24380,,gx-no-cache=1489520562242 HTTP/1.1" 200 5403
192.168.10.89 - - [14/Mar/2017:15:48:02 -0300] "GET /cormun/static/menuarrow.gif HTTP/1.1" 404 1015
186.103.156.24 - - [14/Mar/2017:15:48:05 -0300] "POST /cormun/servlet/solicitudot?gx-no-cache=1489521035883 HTTP/1.1" 200 3081
186.103.156.24 - - [14/Mar/2017:15:48:05 -0300] "POST /cormun/servlet/solicitudot?1f8f10818d554abfbacb51ed5610f2a3,INS,0,0,,gx-no-cache=1489521036073 HTTP/1.1" 200 9916
186.103.156.24 - - [14/Mar/2017:15:48:05 -0300] "GET /cormun/servlet/solicitudot?40ee5c395dcf0520ed510898709c74f0574d44d62519e6870989ff8146fdec5d7266fcf724a00a43383730dd4e6ba7e5,gx-no-cache=1489521036430 HTTP/1.1" 200 111
192.168.10.89 - - [14/Mar/2017:15:48:06 -0300] "POST /cormun/servlet/trsolicitudgral?35a7a9761fd97fd79422ab3916d24380,,gx-no-cache=1489520568872 HTTP/1.1" 200 13562
186.103.157.235 - - [14/Mar/2017:15:48:07 -0300] "GET /cormun/servlet/permisogoce?UPD,13720369,P,20170314162038, HTTP/1.1" 200 6771
186.103.157.235 - - [14/Mar/2017:15:48:07 -0300] "GET /cormun/static/gxcfg.js?201612262052844 HTTP/1.1" 200 953
186.103.157.235 - - [14/Mar/2017:15:48:07 -0300] "GET /cormun/static/permisogoce.js?201612262052891 HTTP/1.1" 200 26147
186.103.157.235 - - [14/Mar/2017:15:48:07 -0300] "GET /cormun/static/gxdec.js?85251 HTTP/1.1" 304 -
186.103.157.235 - - [14/Mar/2017:15:48:09 -0300] "GET /cormun/servlet/permisogoce?UPD,13720369,P,20170314162038, HTTP/1.1" 200 6771
186.103.157.235 - - [14/Mar/2017:15:48:10 -0300] "GET /cormun/servlet/permisogoce?3330ea6c5093c6c238856af803626c739bdf449a8a4983783f9d44b867e6b794ab2a7799af50e61f894707f8732c2c5b,gx-no-cache=1489517357313 HTTP/1.1" 200 69
186.103.157.235 - - [14/Mar/2017:15:48:16 -0300] "POST /cormun/servlet/permisogoce?74d5bd1211c87cdb878eaeda2c9a0ef9,UPD,13720369,P,20170314162038,,gx-no-cache=1489517363584 HTTP/1.1" 200 93
186.103.157.235 - - [14/Mar/2017:15:48:16 -0300] "GET /cormun/servlet/hpexe_return? HTTP/1.1" 200 1025
186.103.157.235 - - [14/Mar/2017:15:48:16 -0300] "GET /cormun/static/gxcfg.js?2016101716175148 HTTP/1.1" 304 -
186.103.157.235 - - [14/Mar/2017:15:48:17 -0300] "GET /cormun/servlet/trpermisosgoce HTTP/1.1" 200 8419
186.103.157.235 - - [14/Mar/2017:15:48:19 -0300] "GET /cormun/servlet/trpermisosgoce HTTP/1.1" 200 8414
186.103.157.235 - - [14/Mar/2017:15:48:24 -0300] "GET /cormun/servlet/apermisogoceprn?13720369,P,20170314162038,PU HTTP/1.1" 200 1561
186.103.156.24 - - [14/Mar/2017:15:48:26 -0300] "POST /cormun/servlet/solicitudot?gx-no-cache=1489521059397 HTTP/1.1" 200 3083
186.103.156.24 - - [14/Mar/2017:15:48:26 -0300] "POST /cormun/servlet/solicitudot?1f8f10818d554abfbacb51ed5610f2a3,INS,0,0,,gx-no-cache=1489521059610 HTTP/1.1" 200 9962
186.103.156.24 - - [14/Mar/2017:15:48:28 -0300] "GET /cormun/servlet/solicitudot?40ee5c395dcf0520ed510898709c74f009ddcbb911973bd770d8453547db2caf7266fcf724a00a43383730dd4e6ba7e5,gx-no-cache=1489521061918 HTTP/1.1" 200 30
186.103.156.24 - - [14/Mar/2017:15:50:30 -0300] "POST /cormun/servlet/solicitudot?gx-no-cache=1489521197736 HTTP/1.1" 200 297
190.101.9.138 - - [14/Mar/2017:15:50:30 -0300] "GET /cormun/servlet/hlogin HTTP/1.1" 200 1722
190.101.9.138 - - [14/Mar/2017:15:50:45 -0300] "POST /cormun/servlet/hlogin?675f88289530073b19dd6dcefd5ff70e,gx-no-cache=1489517514810 HTTP/1.1" 200 90
190.101.9.138 - - [14/Mar/2017:15:50:45 -0300] "GET /cormun/servlet/hpexe_link HTTP/1.1" 200 958
190.101.9.138 - - [14/Mar/2017:15:50:45 -0300] "GET /cormun/servlet/trsolicitudot HTTP/1.1" 200 9103
190.101.9.138 - - [14/Mar/2017:15:50:46 -0300] "GET /cormun/servlet/trsolicitudot HTTP/1.1" 200 9101
