186.103.159.204 - - [14/Mar/2017:11:15:00 -0300] "GET /cormun/servlet/solicitudot?9228b952446f0785e06781132be938e5c7e7519acd12918e772927c60eae0a1a10acc2d5612b1686f4f4af4cab1771849373924b21f15fdc442cd75ddae96b9182d42ee25d576dd2de6bbd8d89eebf727e1206146f768b4bd51c4cf73b8b3a7fae8fdadeead0e58e27d3dcc6fbdebdb152129f7550f1d5af7581f2df9d2f22864847727c885d5c1b150aad15839d7027b48c07f27799084849fbd910abcbe603,gx-no-cache=1489500970489 HTTP/1.1" 200 29
186.103.159.204 - - [14/Mar/2017:11:15:00 -0300] "POST /cormun/servlet/solicitudot?gx-no-cache=1489500970566 HTTP/1.1" 200 1275
186.103.159.204 - - [14/Mar/2017:11:15:00 -0300] "POST /cormun/servlet/solicitudot?gx-no-cache=1489500970666 HTTP/1.1" 200 1157
186.103.159.46 - - [14/Mar/2017:11:15:00 -0300] "GET /cormun/servlet/permisogoce?650c6c28e4a4fd260e625b7d18e5b92670ca0c6481dea95a74be19b46d0b0aa2dbf398015f34d3d047cea11f7b90d9b618b740faf5a0305294beabd264b079ea,gx-no-cache=1489504566483 HTTP/1.1" 200 47
192.168.10.62 - - [14/Mar/2017:11:15:03 -0300] "POST /cormun/servlet/vesolicitudgral?5b0cbad1d8259a45c1591ea0b28ed850,2017,4497,,,gx-no-cache=1489504185596 HTTP/1.1" 200 115
192.168.10.62 - - [14/Mar/2017:11:15:03 -0300] "GET /cormun/servlet/solicitudotlog?INS,2017,4497,0,REC, HTTP/1.1" 200 5589
192.168.10.62 - - [14/Mar/2017:11:15:03 -0300] "GET /cormun/servlet/solicitudotlog?INS,2017,4497,0,REC, HTTP/1.1" 200 5585
192.168.10.62 - - [14/Mar/2017:11:15:04 -0300] "GET /cormun/servlet/solicitudotlog?8c4fd428239190067d88db9b6f5d7b6e3acd14d288598b1779368511e6fd2b4d861f0edb82bf96034c4159dae316fbf0f3965ac1e89b24420333544cbe1e15dea0d76398d0642758a3fb35262c723e103d6951321d4de368069e1fed763f826676f7b0a3ae40e3cc4d7fe942960bd857795574b998b2a5114ab04430d18435cec2e7859eaf1747fd303d172311c06351b1d1ec4031769e926f8cd57b90813cf4,gx-no-cache=1489504186533 HTTP/1.1" 200 94
186.103.157.42 - - [14/Mar/2017:11:15:04 -0300] "POST /cormun/servlet/trlicencias?9f8d92fb51e2bfd2bd76706910044d7b,gx-no-cache=1489500974366 HTTP/1.1" 200 5422
186.103.157.42 - - [14/Mar/2017:11:15:04 -0300] "GET /cormun/static/Shared/jqueryui/images/ui-bg_highlight-soft_100_c6c2c8_1x100.png HTTP/1.1" 404 1117
186.103.157.42 - - [14/Mar/2017:11:15:04 -0300] "GET /cormun/static/Shared/jqueryui/images/ui-bg_flat_55_fafafa_40x100.png HTTP/1.1" 404 1097
186.103.157.42 - - [14/Mar/2017:11:15:04 -0300] "GET /cormun/static/Shared/jqueryui/images/ui-icons_8d78a5_256x240.png HTTP/1.1" 404 1089
186.103.157.42 - - [14/Mar/2017:11:15:04 -0300] "GET /cormun/static/Shared/jqueryui/images/ui-icons_82798d_256x240.png HTTP/1.1" 404 1089
186.103.158.250 - - [14/Mar/2017:11:15:06 -0300] "GET /cormun/servlet/solicitudotadjuntos?d4fff27e0b469dd19646526f1472b66cf62960a38a16cd4e0ca4955d716d3a66,gx-no-cache=1489500974495 HTTP/1.1" 200 30
186.103.158.250 - - [14/Mar/2017:11:15:06 -0300] "GET /cormun/servlet/solicitudotadjuntos?d4fff27e0b469dd19646526f1472b66cf62960a38a16cd4e0ca4955d716d3a66,gx-no-cache=1489500974572 HTTP/1.1" 200 30
186.103.158.250 - - [14/Mar/2017:11:15:06 -0300] "POST /cormun/servlet/solicitudotadjuntos?e2e93305384b47e168e45b7e88ff09e0,INS,2017,5495,,1, HTTP/1.1" 200 116
186.103.158.250 - - [14/Mar/2017:11:15:06 -0300] "GET /cormun/servlet/hpexe_return? HTTP/1.1" 200 1019
186.103.157.42 - - [14/Mar/2017:11:15:07 -0300] "GET /cormun/servlet/trlicenciaspermisosadjuntos?9178795,20170314000000,L, HTTP/1.1" 200 6401
186.103.157.42 - - [14/Mar/2017:11:15:07 -0300] "GET /cormun/static/gxcfg.js?2016122813131454 HTTP/1.1" 200 953
186.103.157.42 - - [14/Mar/2017:11:15:07 -0300] "GET /cormun/static/trlicenciaspermisosadjuntos.js?2016122813131728 HTTP/1.1" 304 -
186.103.158.250 - - [14/Mar/2017:11:15:07 -0300] "GET /cormun/servlet/trsolicitudadjuntos?2017,5495, HTTP/1.1" 200 8347
186.103.157.42 - - [14/Mar/2017:11:15:07 -0300] "GET /cormun/servlet/trlicenciaspermisosadjuntos?9178795,20170314000000,L, HTTP/1.1" 200 6402
186.103.158.250 - - [14/Mar/2017:11:15:08 -0300] "GET /cormun/servlet/trsolicitudadjuntos?2017,5495, HTTP/1.1" 200 8344
186.103.157.42 - - [14/Mar/2017:11:15:09 -0300] "GET /cormun/servlet/licenciaspermisosadjuntos?INS,9178795,L,20170314000000,, HTTP/1.1" 200 5695
186.103.157.42 - - [14/Mar/2017:11:15:09 -0300] "GET /cormun/static/gxcfg.js?2016122813131386 HTTP/1.1" 200 953
186.103.157.42 - - [14/Mar/2017:11:15:09 -0300] "GET /cormun/static/licenciaspermisosadjuntos.js?2016122813131394 HTTP/1.1" 304 -
186.103.157.42 - - [14/Mar/2017:11:15:09 -0300] "GET /cormun/static/about:blank HTTP/1.1" 404 1011
201.236.57.223 - - [14/Mar/2017:11:15:10 -0300] "POST /cormun/servlet/solicitudot?gx-no-cache=1489500973977 HTTP/1.1" 200 255
186.103.157.42 - - [14/Mar/2017:11:15:10 -0300] "GET /cormun/servlet/licenciaspermisosadjuntos?INS,9178795,L,20170314000000,, HTTP/1.1" 200 5684
186.103.158.250 - - [14/Mar/2017:11:15:11 -0300] "GET /cormun/servlet/solicitudotadjuntos?INS,2017,5495,,1, HTTP/1.1" 200 5966
186.103.158.250 - - [14/Mar/2017:11:15:11 -0300] "GET /cormun/static/about:blank HTTP/1.1" 404 1011
201.236.57.223 - - [14/Mar/2017:11:15:12 -0300] "GET /cormun/servlet/solicitudot?9c150e7e2d422f8edba3c1abc63d6fa6f35ad0efdf6df63a3763d223f4a0a1f12a4fdbd35452a7eaca3ec741309546adeb70e15f616a459445d3570af336b04efa7d2b094c2383529674865c3449ea9430f576f07e927b1659d27ae2a3f8f2d99c12a551782f4992d7c85de2b07197602e63031dd3d086ab5eb180be4f6bca1514ee22e347fefa791b7f98fa80d55c145de70a203bd01870bb0038d7a63f2a3d3659d6c16f366ec4581bd7568baf81485797473930ed6d3ff4d4f27bc08a16a1ad05a66e81bb315eb56452dba015fd012411e0653655fa10c1665e7ca593ea20965efdb533ff6af42978f432b4403d9564e0b71e738342f74b7d2c779a946dad6ed6d547ae8bfb7f9aa4d1cc466e03fca59892a21af4079de4ff12c30637384aafd5e5168d4b4c1c22635ee80963755bb72d89054f614e427b692d8317a7f86649bd7d93968a10b3c367b1759a81ec2eb722855a90998b6507b2900300ff19e03b4ca5e53d62ff802377c59496b0f6d614df86a5a8a29322cba6acb6e679d7a5,gx-no-cache=1489500976008 HTTP/1.1" 200 30
186.103.158.250 - - [14/Mar/2017:11:15:12 -0300] "GET /cormun/servlet/solicitudotadjuntos?INS,2017,5495,,1, HTTP/1.1" 200 5959
186.103.158.250 - - [14/Mar/2017:11:15:12 -0300] "GET /cormun/servlet/solicitudotadjuntos?d4fff27e0b469dd19646526f1472b66c2e4d44fa0d44df00206321e672382b166d228f9f40b01d9cdb76e2bfdc14d9c3,gx-no-cache=1489500981284 HTTP/1.1" 200 30
186.103.158.250 - - [14/Mar/2017:11:15:13 -0300] "POST /cormun/servlet/solicitudotadjuntos?e2e93305384b47e168e45b7e88ff09e0,INS,2017,5495,,1,,gx-no-cache=1489500981376 HTTP/1.1" 200 3857
201.236.57.223 - - [14/Mar/2017:11:15:16 -0300] "POST /cormun/servlet/solicitudot?gx-no-cache=1489500980232 HTTP/1.1" 200 30
186.103.158.250 - - [14/Mar/2017:11:15:17 -0300] "POST /cormun/servlet/solicitudotadjuntos?gx-no-cache=1489500985550 HTTP/1.1" 200 26
186.103.157.42 - - [14/Mar/2017:11:15:17 -0300] "POST /cormun/servlet/licenciaspermisosadjuntos?9f8d92fb51e2bfd2bd76706910044d7b,INS,9178795,L,20170314000000,, HTTP/1.1" 200 116
186.103.157.42 - - [14/Mar/2017:11:15:17 -0300] "GET /cormun/servlet/hpexe_return? HTTP/1.1" 200 1045
186.103.157.42 - - [14/Mar/2017:11:15:18 -0300] "GET /cormun/servlet/trlicenciaspermisosadjuntos?9178795,20170314000000,L, HTTP/1.1" 200 6878
186.103.158.250 - - [14/Mar/2017:11:15:18 -0300] "GET /cormun/servlet/solicitudotadjuntos?d4fff27e0b469dd19646526f1472b66cf62960a38a16cd4e0ca4955d716d3a66,gx-no-cache=1489500986659 HTTP/1.1" 200 30
186.103.158.250 - - [14/Mar/2017:11:15:18 -0300] "GET /cormun/servlet/solicitudotadjuntos?d4fff27e0b469dd19646526f1472b66cf62960a38a16cd4e0ca4955d716d3a66,gx-no-cache=1489500986693 HTTP/1.1" 200 30
186.103.158.250 - - [14/Mar/2017:11:15:18 -0300] "POST /cormun/servlet/solicitudotadjuntos?e2e93305384b47e168e45b7e88ff09e0,INS,2017,5495,,1,,gx-no-cache=1489500986731 HTTP/1.1" 200 93
186.103.158.250 - - [14/Mar/2017:11:15:18 -0300] "GET /cormun/servlet/hpexe_return? HTTP/1.1" 200 1019
186.103.158.250 - - [14/Mar/2017:11:15:18 -0300] "GET /cormun/servlet/trsolicitudadjuntos?2017,5495, HTTP/1.1" 200 8452
186.103.157.42 - - [14/Mar/2017:11:15:18 -0300] "GET /cormun/servlet/trlicenciaspermisosadjuntos?9178795,20170314000000,L, HTTP/1.1" 200 6876
186.103.157.42 - - [14/Mar/2017:11:15:19 -0300] "GET /cormun/PublicTempStorage/img1669840227.jpg HTTP/1.1" 200 748314
186.103.158.250 - - [14/Mar/2017:11:15:20 -0300] "GET /cormun/servlet/trsolicitudadjuntos?2017,5495, HTTP/1.1" 200 8450
201.236.57.223 - - [14/Mar/2017:11:15:21 -0300] "GET /cormun/servlet/prsolicitudot?17526119,,,,,MD,,gxPopupLevel%3D0%3B HTTP/1.1" 200 5944
186.103.159.204 - - [14/Mar/2017:11:15:22 -0300] "POST /cormun/servlet/solicitudot?gx-no-cache=1489500992293 HTTP/1.1" 200 1273
186.103.159.204 - - [14/Mar/2017:11:15:22 -0300] "POST /cormun/servlet/solicitudot?gx-no-cache=1489500992395 HTTP/1.1" 200 1157
186.103.159.204 - - [14/Mar/2017:11:15:22 -0300] "GET /cormun/servlet/solicitudot?9228b952446f0785e06781132be938e54c68408fe5b2f283f05f1a76319c9c9f007589732ec3bb35cd33d53299ca3442f8c3adede8b14e1da4d434cbc723692d8709e91cc62667422e7e57afd9cbfa8afc9d13b6d89c4d1c2628c509f0f26d676dfe40521e106e164719e965c18cd985536285ff380ccd415ce690bff3b1b42720b55a73c3711c8239e7f716eb3d13482499201bd1ac5070dea91b9738a3a04bd6783f8ddaf05b0d02dc7165a2d6bab8,gx-no-cache=1489500992500 HTTP/1.1" 200 30
192.168.10.62 - - [14/Mar/2017:11:15:23 -0300] "POST /cormun/servlet/solicitudotlog?5b0cbad1d8259a45c1591ea0b28ed850,INS,2017,4497,0,REC,,gx-no-cache=1489504205473 HTTP/1.1" 200 93
192.168.10.62 - - [14/Mar/2017:11:15:23 -0300] "GET /cormun/servlet/hpexe_return? HTTP/1.1" 200 1028
192.168.10.62 - - [14/Mar/2017:11:15:23 -0300] "GET /cormun/servlet/vesolicitudgral?2017,4497,, HTTP/1.1" 200 8219
192.168.10.62 - - [14/Mar/2017:11:15:23 -0300] "GET /cormun/pexe_scrolldiv.js HTTP/1.1" 404 1009
192.168.10.62 - - [14/Mar/2017:11:15:23 -0300] "GET /cormun/pexe_scrolldiv.js HTTP/1.1" 404 1009
186.103.157.42 - - [14/Mar/2017:11:15:23 -0300] "POST /cormun/servlet/trlicenciaspermisosadjuntos?9f8d92fb51e2bfd2bd76706910044d7b,9178795,20170314000000,L,,gx-no-cache=1489500993812 HTTP/1.1" 200 90
186.103.157.42 - - [14/Mar/2017:11:15:23 -0300] "GET /cormun/servlet/hpexe_link HTTP/1.1" 200 1013
186.103.157.42 - - [14/Mar/2017:11:15:23 -0300] "GET /cormun/servlet/trlicencias?gx-no-cache=1489500974366 HTTP/1.1" 200 8088
192.168.10.62 - - [14/Mar/2017:11:15:23 -0300] "GET /cormun/servlet/vesolicitudgral?2017,4497,, HTTP/1.1" 200 8214
186.103.157.42 - - [14/Mar/2017:11:15:24 -0300] "GET /cormun/servlet/trlicencias?gx-no-cache=1489500974366 HTTP/1.1" 200 8107
186.103.158.250 - - [14/Mar/2017:11:15:24 -0300] "GET /cormun/servlet/solicitudotadjuntos?DLT,2017,5495,CERTIF4,0, HTTP/1.1" 200 5863
186.103.158.250 - - [14/Mar/2017:11:15:25 -0300] "GET /cormun/static/about:blank HTTP/1.1" 404 1011
186.103.158.250 - - [14/Mar/2017:11:15:25 -0300] "GET /cormun/static/Shared/jqueryui/images/ui-bg_highlight-soft_100_c6c2c8_1x100.png HTTP/1.1" 404 1117
186.103.158.250 - - [14/Mar/2017:11:15:25 -0300] "GET /cormun/static/Shared/jqueryui/images/ui-icons_82798d_256x240.png HTTP/1.1" 404 1089
186.103.158.250 - - [14/Mar/2017:11:15:25 -0300] "GET /cormun/static/Shared/jqueryui/images/ui-bg_flat_55_fafafa_40x100.png HTTP/1.1" 404 1097
186.103.158.250 - - [14/Mar/2017:11:15:25 -0300] "GET /cormun/static/Shared/jqueryui/images/ui-icons_8d78a5_256x240.png HTTP/1.1" 404 1089
186.103.158.250 - - [14/Mar/2017:11:15:26 -0300] "GET /cormun/servlet/solicitudotadjuntos?DLT,2017,5495,CERTIF4,0, HTTP/1.1" 200 5857
192.168.10.62 - - [14/Mar/2017:11:15:26 -0300] "POST /cormun/servlet/vesolicitudgral?5b0cbad1d8259a45c1591ea0b28ed850,2017,4497,,,gx-no-cache=1489504209161 HTTP/1.1" 200 90
192.168.10.62 - - [14/Mar/2017:11:15:26 -0300] "GET /cormun/servlet/hpexe_link HTTP/1.1" 200 972
186.103.157.42 - - [14/Mar/2017:11:15:27 -0300] "GET /cormun/servlet/alicenciaprn?9178795,L,20170314000000,PU HTTP/1.1" 200 1572
192.168.10.62 - - [14/Mar/2017:11:15:27 -0300] "GET /cormun/servlet/trsolicitudgral? HTTP/1.1" 200 15793
186.103.158.250 - - [14/Mar/2017:11:15:27 -0300] "POST /cormun/servlet/solicitudotadjuntos?e2e93305384b47e168e45b7e88ff09e0,DLT,2017,5495,CERTIF4,0,,gx-no-cache=1489500995868 HTTP/1.1" 200 93
186.103.158.250 - - [14/Mar/2017:11:15:27 -0300] "GET /cormun/servlet/hpexe_return? HTTP/1.1" 200 1026
186.103.158.250 - - [14/Mar/2017:11:15:27 -0300] "GET /cormun/servlet/trsolicitudadjuntos?2017,5495, HTTP/1.1" 200 8344
192.168.10.62 - - [14/Mar/2017:11:15:27 -0300] "GET /cormun/servlet/trsolicitudgral? HTTP/1.1" 200 15792
201.236.57.223 - - [14/Mar/2017:11:15:28 -0300] "POST /cormun/servlet/solicitudot?gx-no-cache=1489500992196 HTTP/1.1" 200 235
201.236.57.223 - - [14/Mar/2017:11:15:28 -0300] "POST /cormun/servlet/solicitudot?gx-no-cache=1489500992325 HTTP/1.1" 200 38
201.236.57.223 - - [14/Mar/2017:11:15:28 -0300] "GET /cormun/servlet/solicitudot?9c150e7e2d422f8edba3c1abc63d6fa67cc9e323e86cab440c512457bdfadc2e6fc6a71740dff56fda26f9cc7bd6ce2aa8e37c351ed7e85df736971f270107606ab8911575f244dbf3122b8128ce50bd3d4379eeb07031bbd83815544d9fafd6ada2483ece47a9a461de45d2df3d7650,gx-no-cache=1489500992409 HTTP/1.1" 200 29
201.236.57.223 - - [14/Mar/2017:11:15:28 -0300] "POST /cormun/servlet/solicitudot?gx-no-cache=1489500992474 HTTP/1.1" 200 643
201.236.57.223 - - [14/Mar/2017:11:15:29 -0300] "POST /cormun/servlet/solicitudot?gx-no-cache=1489500992575 HTTP/1.1" 200 518
186.103.158.250 - - [14/Mar/2017:11:15:29 -0300] "GET /cormun/servlet/trsolicitudadjuntos?2017,5495, HTTP/1.1" 200 8344
192.168.10.62 - - [14/Mar/2017:11:15:29 -0300] "POST /cormun/servlet/trsolicitudgral?5b0cbad1d8259a45c1591ea0b28ed850,,gx-no-cache=1489504211873 HTTP/1.1" 200 105
192.168.10.62 - - [14/Mar/2017:11:15:29 -0300] "GET /cormun/SolicitudGral-3067.xls HTTP/1.1" 200 14336
186.103.158.250 - - [14/Mar/2017:11:15:31 -0300] "GET /cormun/servlet/solicitudotadjuntos?INS,2017,5495,,1, HTTP/1.1" 200 5967
186.103.158.250 - - [14/Mar/2017:11:15:31 -0300] "GET /cormun/static/about:blank HTTP/1.1" 404 1011
186.103.158.250 - - [14/Mar/2017:11:15:32 -0300] "GET /cormun/servlet/solicitudotadjuntos?INS,2017,5495,,1, HTTP/1.1" 200 5960
186.103.158.250 - - [14/Mar/2017:11:15:33 -0300] "GET /cormun/servlet/solicitudotadjuntos?d4fff27e0b469dd19646526f1472b66c2e4d44fa0d44df00206321e672382b166d228f9f40b01d9cdb76e2bfdc14d9c3,gx-no-cache=1489501001423 HTTP/1.1" 200 30
186.103.158.250 - - [14/Mar/2017:11:15:33 -0300] "POST /cormun/servlet/solicitudotadjuntos?e2e93305384b47e168e45b7e88ff09e0,INS,2017,5495,,1,,gx-no-cache=1489501001477 HTTP/1.1" 200 3858
186.103.158.250 - - [14/Mar/2017:11:15:36 -0300] "POST /cormun/servlet/solicitudotadjuntos?gx-no-cache=1489501005270 HTTP/1.1" 200 26
186.103.158.250 - - [14/Mar/2017:11:15:42 -0300] "GET /cormun/servlet/solicitudotadjuntos?d4fff27e0b469dd19646526f1472b66cf62960a38a16cd4e0ca4955d716d3a66,gx-no-cache=1489501011239 HTTP/1.1" 200 30
186.103.158.250 - - [14/Mar/2017:11:15:42 -0300] "GET /cormun/servlet/solicitudotadjuntos?d4fff27e0b469dd19646526f1472b66cf62960a38a16cd4e0ca4955d716d3a66,gx-no-cache=1489501011275 HTTP/1.1" 200 30
186.103.158.250 - - [14/Mar/2017:11:15:43 -0300] "POST /cormun/servlet/solicitudotadjuntos?e2e93305384b47e168e45b7e88ff09e0,INS,2017,5495,,1, HTTP/1.1" 200 116
186.103.158.250 - - [14/Mar/2017:11:15:43 -0300] "GET /cormun/servlet/hpexe_return? HTTP/1.1" 200 1019
186.103.158.250 - - [14/Mar/2017:11:15:43 -0300] "GET /cormun/servlet/trsolicitudadjuntos?2017,5495, HTTP/1.1" 200 8508
186.103.158.250 - - [14/Mar/2017:11:15:44 -0300] "GET /cormun/servlet/trsolicitudadjuntos?2017,5495, HTTP/1.1" 200 8507
186.103.158.250 - - [14/Mar/2017:11:15:47 -0300] "GET /cormun/servlet/solicitudotadjuntos?INS,2017,5495,,1, HTTP/1.1" 200 5967
186.103.158.250 - - [14/Mar/2017:11:15:47 -0300] "GET /cormun/static/about:blank HTTP/1.1" 404 1011
186.103.158.250 - - [14/Mar/2017:11:15:48 -0300] "GET /cormun/servlet/solicitudotadjuntos?INS,2017,5495,,1, HTTP/1.1" 200 5960
186.103.158.250 - - [14/Mar/2017:11:15:48 -0300] "GET /cormun/servlet/solicitudotadjuntos?d4fff27e0b469dd19646526f1472b66c2e4d44fa0d44df00206321e672382b166d228f9f40b01d9cdb76e2bfdc14d9c3,gx-no-cache=1489501017021 HTTP/1.1" 200 30
186.103.158.250 - - [14/Mar/2017:11:15:48 -0300] "POST /cormun/servlet/solicitudotadjuntos?e2e93305384b47e168e45b7e88ff09e0,INS,2017,5495,,1,,gx-no-cache=1489501017121 HTTP/1.1" 200 3858
186.103.158.250 - - [14/Mar/2017:11:15:52 -0300] "POST /cormun/servlet/solicitudotadjuntos?gx-no-cache=1489501020691 HTTP/1.1" 200 26
201.236.57.223 - - [14/Mar/2017:11:15:56 -0300] "POST /cormun/servlet/solicitudot?gx-no-cache=1489501020325 HTTP/1.1" 200 641
201.236.57.223 - - [14/Mar/2017:11:15:58 -0300] "POST /cormun/servlet/solicitudot?gx-no-cache=1489501021968 HTTP/1.1" 200 1157
186.103.158.250 - - [14/Mar/2017:11:15:59 -0300] "GET /cormun/servlet/solicitudotadjuntos?d4fff27e0b469dd19646526f1472b66cf62960a38a16cd4e0ca4955d716d3a66,gx-no-cache=1489501027430 HTTP/1.1" 200 30
186.103.158.250 - - [14/Mar/2017:11:15:59 -0300] "GET /cormun/servlet/solicitudotadjuntos?d4fff27e0b469dd19646526f1472b66cf62960a38a16cd4e0ca4955d716d3a66,gx-no-cache=1489501027480 HTTP/1.1" 200 30
186.103.158.250 - - [14/Mar/2017:11:16:01 -0300] "POST /cormun/servlet/solicitudotadjuntos?e2e93305384b47e168e45b7e88ff09e0,INS,2017,5495,,1, HTTP/1.1" 200 116
186.103.158.250 - - [14/Mar/2017:11:16:01 -0300] "GET /cormun/servlet/hpexe_return? HTTP/1.1" 200 1019
186.103.158.250 - - [14/Mar/2017:11:16:01 -0300] "GET /cormun/servlet/trsolicitudadjuntos?2017,5495, HTTP/1.1" 200 8641
186.103.158.250 - - [14/Mar/2017:11:16:03 -0300] "GET /cormun/servlet/trsolicitudadjuntos?2017,5495, HTTP/1.1" 200 8638
186.103.158.250 - - [14/Mar/2017:11:16:05 -0300] "GET /cormun/servlet/solicitudotadjuntos?INS,2017,5495,,1, HTTP/1.1" 200 5967
186.103.158.250 - - [14/Mar/2017:11:16:06 -0300] "GET /cormun/static/about:blank HTTP/1.1" 404 1011
186.103.158.250 - - [14/Mar/2017:11:16:06 -0300] "GET /cormun/servlet/solicitudotadjuntos?INS,2017,5495,,1, HTTP/1.1" 200 5960
186.103.158.250 - - [14/Mar/2017:11:16:07 -0300] "GET /cormun/servlet/solicitudotadjuntos?d4fff27e0b469dd19646526f1472b66c2e4d44fa0d44df00206321e672382b166d228f9f40b01d9cdb76e2bfdc14d9c3,gx-no-cache=1489501035850 HTTP/1.1" 200 30
186.103.158.250 - - [14/Mar/2017:11:16:07 -0300] "POST /cormun/servlet/solicitudotadjuntos?e2e93305384b47e168e45b7e88ff09e0,INS,2017,5495,,1,,gx-no-cache=1489501035891 HTTP/1.1" 200 3858
186.103.157.42 - - [14/Mar/2017:11:16:08 -0300] "GET /cormun/servlet/alicenciaprn?9178795,L,20170314000000,PU HTTP/1.1" 200 1572
186.103.158.250 - - [14/Mar/2017:11:16:10 -0300] "POST /cormun/servlet/solicitudotadjuntos?gx-no-cache=1489501039253 HTTP/1.1" 200 26
186.103.158.250 - - [14/Mar/2017:11:16:16 -0300] "GET /cormun/servlet/solicitudotadjuntos?d4fff27e0b469dd19646526f1472b66cf62960a38a16cd4e0ca4955d716d3a66,gx-no-cache=1489501044913 HTTP/1.1" 200 30
186.103.158.250 - - [14/Mar/2017:11:16:16 -0300] "GET /cormun/servlet/solicitudotadjuntos?d4fff27e0b469dd19646526f1472b66cf62960a38a16cd4e0ca4955d716d3a66,gx-no-cache=1489501044941 HTTP/1.1" 200 30
186.103.158.250 - - [14/Mar/2017:11:16:16 -0300] "POST /cormun/servlet/solicitudotadjuntos?e2e93305384b47e168e45b7e88ff09e0,INS,2017,5495,,1, HTTP/1.1" 200 116
186.103.158.250 - - [14/Mar/2017:11:16:16 -0300] "GET /cormun/servlet/hpexe_return? HTTP/1.1" 200 1019
186.103.158.250 - - [14/Mar/2017:11:16:17 -0300] "GET /cormun/servlet/trsolicitudadjuntos?2017,5495, HTTP/1.1" 200 8816
186.103.158.250 - - [14/Mar/2017:11:16:18 -0300] "GET /cormun/servlet/trsolicitudadjuntos?2017,5495, HTTP/1.1" 200 8816
186.103.158.250 - - [14/Mar/2017:11:16:23 -0300] "GET /cormun/servlet/solicitudotadjuntos?INS,2017,5495,,1, HTTP/1.1" 200 5969
186.103.158.250 - - [14/Mar/2017:11:16:23 -0300] "GET /cormun/static/about:blank HTTP/1.1" 404 1011
186.103.158.250 - - [14/Mar/2017:11:16:24 -0300] "GET /cormun/servlet/solicitudotadjuntos?INS,2017,5495,,1, HTTP/1.1" 200 5962
186.103.158.250 - - [14/Mar/2017:11:16:24 -0300] "GET /cormun/servlet/solicitudotadjuntos?d4fff27e0b469dd19646526f1472b66c2e4d44fa0d44df00206321e672382b166d228f9f40b01d9cdb76e2bfdc14d9c3,gx-no-cache=1489501053066 HTTP/1.1" 200 30
186.103.158.250 - - [14/Mar/2017:11:16:25 -0300] "POST /cormun/servlet/solicitudotadjuntos?e2e93305384b47e168e45b7e88ff09e0,INS,2017,5495,,1,,gx-no-cache=1489501053150 HTTP/1.1" 200 3858
201.236.57.223 - - [14/Mar/2017:11:16:30 -0300] "GET /cormun/servlet/solicitudot?9c150e7e2d422f8edba3c1abc63d6fa6b49c1bfaf46590fc3a0ccc898656714c376cc793cdb101fbb42d3157f479cb960f47460ee3543885cd50bf7afeb00a14724914e68612637cd9f3a4f4e3ffec5799b20062473ec327f73899a5838df4922fc4a4f53dce6d9ba0755f42326f9c51ebd76901517a68d0341e811fdf7d930a81e5f9ac338099a25facccfcd418d7778cf82aa44817ac760c60f3223ff3e3cc1852f04d47e1b84c005c79f766c025c2,gx-no-cache=1489501053640 HTTP/1.1" 200 30
201.236.57.223 - - [14/Mar/2017:11:16:30 -0300] "POST /cormun/servlet/solicitudot?d44fe8b81883253e2cedfa29a5f16867,INS,0,0,,gx-no-cache=1489501053835 HTTP/1.1" 200 93
201.236.57.223 - - [14/Mar/2017:11:16:30 -0300] "GET /cormun/servlet/hpexe_return? HTTP/1.1" 200 1004
201.236.57.223 - - [14/Mar/2017:11:16:31 -0300] "GET /cormun/servlet/trsolicitudot HTTP/1.1" 200 8281
186.103.158.250 - - [14/Mar/2017:11:16:32 -0300] "POST /cormun/servlet/solicitudotadjuntos?gx-no-cache=1489501060646 HTTP/1.1" 200 26
186.79.37.88 - - [14/Mar/2017:11:16:33 -0300] "GET /cormun/servlet/permisogoce?UPD,12692670,P,20170314120436, HTTP/1.1" 200 6558
186.79.37.88 - - [14/Mar/2017:11:16:36 -0300] "GET /cormun/servlet/permisogoce?UPD,12692670,P,20170314120436, HTTP/1.1" 200 6558
186.79.37.88 - - [14/Mar/2017:11:16:36 -0300] "GET /cormun/servlet/permisogoce?23274168130bdf22df882a60eca7337a7927cb22494b9f0c33afa1e5570b0103f6a86bff7cc43c398dfaeef603bfa1b7,gx-no-cache=1489501065663 HTTP/1.1" 200 72
186.79.37.88 - - [14/Mar/2017:11:16:38 -0300] "GET /cormun/servlet/permisogoce?23274168130bdf22df882a60eca7337a8ea2b9e5d384958e9745f1e7441e6b1e021c8637a5c721e90ed32bdc0b391107597fdac365b9d8bcf49490196521ef6b7cfce8f3c34c90cc1048c3d4f089efc8,gx-no-cache=1489501067223 HTTP/1.1" 200 47
186.79.37.88 - - [14/Mar/2017:11:16:38 -0300] "POST /cormun/servlet/permisogoce?2a1c6cc6c9dcab08ec78856ca9a2d59a,UPD,12692670,P,20170314120436,,gx-no-cache=1489501067328 HTTP/1.1" 200 4171
186.79.37.88 - - [14/Mar/2017:11:16:38 -0300] "GET /cormun/static/Shared/jqueryui/images/ui-bg_highlight-soft_100_c6c2c8_1x100.png HTTP/1.1" 404 1117
186.79.37.88 - - [14/Mar/2017:11:16:39 -0300] "GET /cormun/static/Shared/jqueryui/images/ui-icons_82798d_256x240.png HTTP/1.1" 404 1089
186.79.37.88 - - [14/Mar/2017:11:16:39 -0300] "GET /cormun/static/Shared/jqueryui/images/ui-bg_flat_55_994d53_40x100.png HTTP/1.1" 404 1097
186.79.37.88 - - [14/Mar/2017:11:16:39 -0300] "GET /cormun/static/Shared/jqueryui/images/ui-icons_ebccce_256x240.png HTTP/1.1" 404 1089
201.236.57.223 - - [14/Mar/2017:11:16:39 -0300] "POST /cormun/servlet/trsolicitudot?d44fe8b81883253e2cedfa29a5f16867,gx-no-cache=1489501062600 HTTP/1.1" 200 4356
201.236.57.223 - - [14/Mar/2017:11:16:39 -0300] "POST /cormun/servlet/trsolicitudot?d44fe8b81883253e2cedfa29a5f16867,gx-no-cache=1489501063143 HTTP/1.1" 200 4117
201.236.57.223 - - [14/Mar/2017:11:16:40 -0300] "GET /cormun/static/Shared/jqueryui/images/ui-icons_82798d_256x240.png HTTP/1.1" 404 1089
201.236.57.223 - - [14/Mar/2017:11:16:40 -0300] "GET /cormun/static/Shared/jqueryui/images/ui-icons_8d78a5_256x240.png HTTP/1.1" 404 1089
201.236.57.223 - - [14/Mar/2017:11:16:40 -0300] "GET /cormun/static/Shared/jqueryui/images/ui-bg_flat_55_fafafa_40x100.png HTTP/1.1" 404 1097
201.236.57.223 - - [14/Mar/2017:11:16:40 -0300] "GET /cormun/static/Shared/jqueryui/images/ui-bg_highlight-soft_100_c6c2c8_1x100.png HTTP/1.1" 404 1117
201.236.57.223 - - [14/Mar/2017:11:16:43 -0300] "GET /cormun/servlet/trautorizarsolicitud? HTTP/1.1" 200 8223
201.236.57.223 - - [14/Mar/2017:11:16:46 -0300] "POST /cormun/servlet/trautorizarsolicitud?d44fe8b81883253e2cedfa29a5f16867,,gx-no-cache=1489501069938 HTTP/1.1" 200 4334
201.236.57.223 - - [14/Mar/2017:11:16:47 -0300] "POST /cormun/servlet/trautorizarsolicitud?d44fe8b81883253e2cedfa29a5f16867,,gx-no-cache=1489501070500 HTTP/1.1" 200 4094
201.236.57.223 - - [14/Mar/2017:11:16:47 -0300] "GET /cormun/static/Shared/jqueryui/images/ui-icons_82798d_256x240.png HTTP/1.1" 404 1089
201.236.57.223 - - [14/Mar/2017:11:16:47 -0300] "GET /cormun/static/Shared/jqueryui/images/ui-bg_highlight-soft_100_c6c2c8_1x100.png HTTP/1.1" 404 1117
201.236.57.223 - - [14/Mar/2017:11:16:47 -0300] "GET /cormun/static/Shared/jqueryui/images/ui-icons_8d78a5_256x240.png HTTP/1.1" 404 1089
201.236.57.223 - - [14/Mar/2017:11:16:47 -0300] "GET /cormun/static/Shared/jqueryui/images/ui-bg_flat_55_fafafa_40x100.png HTTP/1.1" 404 1097
186.103.158.250 - - [14/Mar/2017:11:16:49 -0300] "GET /cormun/servlet/solicitudotadjuntos?d4fff27e0b469dd19646526f1472b66cf62960a38a16cd4e0ca4955d716d3a66,gx-no-cache=1489501078214 HTTP/1.1" 200 30
186.103.158.250 - - [14/Mar/2017:11:16:49 -0300] "GET /cormun/servlet/solicitudotadjuntos?d4fff27e0b469dd19646526f1472b66cf62960a38a16cd4e0ca4955d716d3a66,gx-no-cache=1489501078270 HTTP/1.1" 200 30
186.103.158.250 - - [14/Mar/2017:11:16:51 -0300] "POST /cormun/servlet/solicitudotadjuntos?e2e93305384b47e168e45b7e88ff09e0,INS,2017,5495,,1, HTTP/1.1" 200 116
186.103.158.250 - - [14/Mar/2017:11:16:51 -0300] "GET /cormun/servlet/hpexe_return? HTTP/1.1" 200 1019
186.103.158.250 - - [14/Mar/2017:11:16:52 -0300] "GET /cormun/servlet/trsolicitudadjuntos?2017,5495, HTTP/1.1" 200 9027
186.103.158.250 - - [14/Mar/2017:11:16:53 -0300] "GET /cormun/servlet/trsolicitudadjuntos?2017,5495, HTTP/1.1" 200 9025
186.103.158.250 - - [14/Mar/2017:11:16:57 -0300] "GET /cormun/servlet/solicitudotadjuntos?INS,2017,5495,,2, HTTP/1.1" 200 5965
186.103.158.250 - - [14/Mar/2017:11:16:58 -0300] "GET /cormun/static/about:blank HTTP/1.1" 404 1011
186.103.158.250 - - [14/Mar/2017:11:16:58 -0300] "GET /cormun/servlet/solicitudotadjuntos?INS,2017,5495,,2, HTTP/1.1" 200 5958
186.103.158.250 - - [14/Mar/2017:11:16:58 -0300] "GET /cormun/servlet/solicitudotadjuntos?d4fff27e0b469dd19646526f1472b66c2e4d44fa0d44df00206321e672382b166d228f9f40b01d9cdb76e2bfdc14d9c3,gx-no-cache=1489501087284 HTTP/1.1" 200 30
186.103.158.250 - - [14/Mar/2017:11:16:59 -0300] "POST /cormun/servlet/solicitudotadjuntos?e2e93305384b47e168e45b7e88ff09e0,INS,2017,5495,,2,,gx-no-cache=1489501087335 HTTP/1.1" 200 4002
186.103.158.250 - - [14/Mar/2017:11:17:14 -0300] "POST /cormun/servlet/solicitudotadjuntos?gx-no-cache=1489501102677 HTTP/1.1" 200 26
186.103.158.250 - - [14/Mar/2017:11:17:20 -0300] "GET /cormun/servlet/solicitudotadjuntos?d4fff27e0b469dd19646526f1472b66cf62960a38a16cd4e0ca4955d716d3a66,gx-no-cache=1489501108649 HTTP/1.1" 200 30
186.103.158.250 - - [14/Mar/2017:11:17:20 -0300] "GET /cormun/servlet/solicitudotadjuntos?d4fff27e0b469dd19646526f1472b66cf62960a38a16cd4e0ca4955d716d3a66,gx-no-cache=1489501108678 HTTP/1.1" 200 30
186.79.37.88 - - [14/Mar/2017:11:17:21 -0300] "POST /cormun/servlet/permisogoce?2a1c6cc6c9dcab08ec78856ca9a2d59a,UPD,12692670,P,20170314120436,,gx-no-cache=1489501110189 HTTP/1.1" 200 4124
186.103.158.250 - - [14/Mar/2017:11:17:23 -0300] "POST /cormun/servlet/solicitudotadjuntos?e2e93305384b47e168e45b7e88ff09e0,INS,2017,5495,,2, HTTP/1.1" 200 116
186.103.158.250 - - [14/Mar/2017:11:17:23 -0300] "GET /cormun/servlet/hpexe_return? HTTP/1.1" 200 1020
186.103.158.250 - - [14/Mar/2017:11:17:24 -0300] "GET /cormun/servlet/trsolicitudadjuntos?2017,5495, HTTP/1.1" 200 9269
186.103.158.250 - - [14/Mar/2017:11:17:26 -0300] "GET /cormun/servlet/trsolicitudadjuntos?2017,5495, HTTP/1.1" 200 9263
186.103.158.250 - - [14/Mar/2017:11:17:31 -0300] "GET /cormun/servlet/solicitudotadjuntos?DLT,2017,5495,TITULO,0, HTTP/1.1" 200 5949
186.103.158.250 - - [14/Mar/2017:11:17:32 -0300] "GET /cormun/static/Shared/jqueryui/images/ui-bg_highlight-soft_100_c6c2c8_1x100.png HTTP/1.1" 404 1117
186.103.158.250 - - [14/Mar/2017:11:17:32 -0300] "GET /cormun/static/Shared/jqueryui/images/ui-icons_82798d_256x240.png HTTP/1.1" 404 1089
186.103.158.250 - - [14/Mar/2017:11:17:32 -0300] "GET /cormun/static/Shared/jqueryui/images/ui-bg_flat_55_fafafa_40x100.png HTTP/1.1" 404 1097
186.103.158.250 - - [14/Mar/2017:11:17:32 -0300] "GET /cormun/static/Shared/jqueryui/images/ui-icons_8d78a5_256x240.png HTTP/1.1" 404 1089
186.103.158.250 - - [14/Mar/2017:11:17:32 -0300] "GET /cormun/servlet/solicitudotadjuntos?DLT,2017,5495,TITULO,0, HTTP/1.1" 200 5942
186.79.37.88 - - [14/Mar/2017:11:17:34 -0300] "POST /cormun/servlet/permisogoce?2a1c6cc6c9dcab08ec78856ca9a2d59a,UPD,12692670,P,20170314120436,,gx-no-cache=1489501123193 HTTP/1.1" 200 93
186.79.37.88 - - [14/Mar/2017:11:17:34 -0300] "GET /cormun/servlet/hpexe_return? HTTP/1.1" 200 1030
186.79.37.88 - - [14/Mar/2017:11:17:35 -0300] "GET /cormun/servlet/trpermisosgoce HTTP/1.1" 200 7339
186.103.158.250 - - [14/Mar/2017:11:17:36 -0300] "GET /cormun/PublicTempStorage/titulo9877153.pdf HTTP/1.1" 200 1286412
186.103.158.250 - - [14/Mar/2017:11:17:37 -0300] "POST /cormun/servlet/solicitudotadjuntos?e2e93305384b47e168e45b7e88ff09e0,DLT,2017,5495,TITULO,0,,gx-no-cache=1489501125429 HTTP/1.1" 200 93
186.103.158.250 - - [14/Mar/2017:11:17:37 -0300] "GET /cormun/servlet/hpexe_return? HTTP/1.1" 200 1025
186.79.37.88 - - [14/Mar/2017:11:17:38 -0300] "GET /cormun/servlet/trpermisosgoce HTTP/1.1" 200 7335
186.103.158.250 - - [14/Mar/2017:11:17:38 -0300] "GET /cormun/servlet/trsolicitudadjuntos?2017,5495, HTTP/1.1" 200 9050
186.103.158.250 - - [14/Mar/2017:11:17:39 -0300] "GET /cormun/servlet/trsolicitudadjuntos?2017,5495, HTTP/1.1" 200 9050
186.103.158.250 - - [14/Mar/2017:11:17:41 -0300] "GET /cormun/servlet/solicitudotadjuntos?INS,2017,5495,,1, HTTP/1.1" 200 5968
186.103.158.250 - - [14/Mar/2017:11:17:42 -0300] "GET /cormun/static/about:blank HTTP/1.1" 404 1011
186.103.158.250 - - [14/Mar/2017:11:17:42 -0300] "GET /cormun/servlet/solicitudotadjuntos?INS,2017,5495,,1, HTTP/1.1" 200 5961
186.103.158.250 - - [14/Mar/2017:11:17:43 -0300] "GET /cormun/servlet/solicitudotadjuntos?d4fff27e0b469dd19646526f1472b66c2e4d44fa0d44df00206321e672382b166d228f9f40b01d9cdb76e2bfdc14d9c3,gx-no-cache=1489501131707 HTTP/1.1" 200 30
186.103.158.250 - - [14/Mar/2017:11:17:43 -0300] "POST /cormun/servlet/solicitudotadjuntos?e2e93305384b47e168e45b7e88ff09e0,INS,2017,5495,,1,,gx-no-cache=1489501131797 HTTP/1.1" 200 3858
186.103.159.204 - - [14/Mar/2017:11:17:44 -0300] "POST /cormun/servlet/solicitudot?00e0b07d82c509defa6af6f222e9b764,INS,0,0,,gx-no-cache=1489501134137 HTTP/1.1" 200 93
186.103.159.204 - - [14/Mar/2017:11:17:44 -0300] "GET /cormun/servlet/hpexe_return? HTTP/1.1" 200 1010
186.103.159.204 - - [14/Mar/2017:11:17:44 -0300] "GET /cormun/static/gxcfg.js?2016101716175148 HTTP/1.1" 200 953
186.103.159.204 - - [14/Mar/2017:11:17:44 -0300] "GET /cormun/static/hpexe_return.js?2016101716175153 HTTP/1.1" 200 1633
186.103.159.204 - - [14/Mar/2017:11:17:44 -0300] "GET /cormun/servlet/trsolicitudot HTTP/1.1" 200 8102
186.103.159.204 - - [14/Mar/2017:11:17:45 -0300] "GET /cormun/static/Resources/asc.gif HTTP/1.1" 200 67
186.103.159.204 - - [14/Mar/2017:11:17:45 -0300] "GET /cormun/static/Resources/desc.gif HTTP/1.1" 200 65
186.103.159.204 - - [14/Mar/2017:11:17:45 -0300] "GET /cormun/static/Resources/asc.gif HTTP/1.1" 200 67
186.103.159.204 - - [14/Mar/2017:11:17:45 -0300] "GET /cormun/static/Resources/desc.gif HTTP/1.1" 200 65
186.103.159.204 - - [14/Mar/2017:11:17:45 -0300] "GET /cormun/static/Resources/asc.gif HTTP/1.1" 200 67
186.103.159.204 - - [14/Mar/2017:11:17:45 -0300] "GET /cormun/static/Resources/desc.gif HTTP/1.1" 200 65
186.103.159.204 - - [14/Mar/2017:11:17:45 -0300] "GET /cormun/static/Resources/desc.gif HTTP/1.1" 200 65
186.103.159.204 - - [14/Mar/2017:11:17:45 -0300] "GET /cormun/static/Resources/asc.gif HTTP/1.1" 200 67
186.103.159.204 - - [14/Mar/2017:11:17:45 -0300] "GET /cormun/static/Resources/desc.gif HTTP/1.1" 200 65
186.103.159.204 - - [14/Mar/2017:11:17:45 -0300] "GET /cormun/static/Resources/asc.gif HTTP/1.1" 200 67
186.103.159.204 - - [14/Mar/2017:11:17:45 -0300] "GET /cormun/static/Resources/asc.gif HTTP/1.1" 200 67
186.103.159.204 - - [14/Mar/2017:11:17:45 -0300] "GET /cormun/static/Resources/desc.gif HTTP/1.1" 200 65
186.103.159.204 - - [14/Mar/2017:11:17:45 -0300] "GET /cormun/servlet/trsolicitudot HTTP/1.1" 200 8098
186.79.37.88 - - [14/Mar/2017:11:17:45 -0300] "GET /cormun/servlet/permisogoce?INS,0,,, HTTP/1.1" 200 6503
186.79.37.88 - - [14/Mar/2017:11:17:47 -0300] "GET /cormun/servlet/permisogoce?INS,0,,, HTTP/1.1" 200 6503
186.103.158.250 - - [14/Mar/2017:11:17:48 -0300] "GET /cormun/servlet/trsolicitudadjuntos?2017,5495, HTTP/1.1" 200 9049
186.103.158.250 - - [14/Mar/2017:11:17:49 -0300] "GET /cormun/servlet/trsolicitudadjuntos?2017,5495, HTTP/1.1" 200 9047
186.103.158.250 - - [14/Mar/2017:11:17:51 -0300] "GET /cormun/servlet/solicitudotadjuntos?INS,2017,5495,,1, HTTP/1.1" 200 5968
186.103.158.250 - - [14/Mar/2017:11:17:51 -0300] "GET /cormun/static/about:blank HTTP/1.1" 404 1011
186.103.158.250 - - [14/Mar/2017:11:17:52 -0300] "GET /cormun/servlet/solicitudotadjuntos?INS,2017,5495,,1, HTTP/1.1" 200 5961
186.103.158.250 - - [14/Mar/2017:11:17:53 -0300] "GET /cormun/servlet/solicitudotadjuntos?d4fff27e0b469dd19646526f1472b66c2e4d44fa0d44df00206321e672382b166d228f9f40b01d9cdb76e2bfdc14d9c3,gx-no-cache=1489501141432 HTTP/1.1" 200 30
186.103.158.250 - - [14/Mar/2017:11:17:53 -0300] "POST /cormun/servlet/solicitudotadjuntos?e2e93305384b47e168e45b7e88ff09e0,INS,2017,5495,,1,,gx-no-cache=1489501141517 HTTP/1.1" 200 3858
186.103.159.204 - - [14/Mar/2017:11:17:55 -0300] "GET /cormun/servlet/trsolicitudot? HTTP/1.1" 200 8098
186.103.159.204 - - [14/Mar/2017:11:17:56 -0300] "GET /cormun/servlet/trsolicitudot? HTTP/1.1" 200 8098
186.103.158.250 - - [14/Mar/2017:11:17:56 -0300] "GET /cormun/servlet/trsolicitudadjuntos?2017,5495, HTTP/1.1" 200 9052
186.103.158.250 - - [14/Mar/2017:11:17:58 -0300] "GET /cormun/servlet/trsolicitudadjuntos?2017,5495, HTTP/1.1" 200 9050
186.103.158.250 - - [14/Mar/2017:11:17:59 -0300] "GET /cormun/servlet/solicitudotadjuntos?INS,2017,5495,,2, HTTP/1.1" 200 5965
186.103.158.250 - - [14/Mar/2017:11:18:00 -0300] "GET /cormun/static/about:blank HTTP/1.1" 404 1011
186.103.159.204 - - [14/Mar/2017:11:18:00 -0300] "GET /cormun/servlet/solicitudot?INS,0,0, HTTP/1.1" 200 12780
186.103.158.250 - - [14/Mar/2017:11:18:00 -0300] "GET /cormun/servlet/solicitudotadjuntos?INS,2017,5495,,2, HTTP/1.1" 200 5958
186.103.159.204 - - [14/Mar/2017:11:18:01 -0300] "GET /cormun/servlet/solicitudot?INS,0,0, HTTP/1.1" 200 12785
186.103.158.250 - - [14/Mar/2017:11:18:01 -0300] "GET /cormun/servlet/solicitudotadjuntos?d4fff27e0b469dd19646526f1472b66c2e4d44fa0d44df00206321e672382b166d228f9f40b01d9cdb76e2bfdc14d9c3,gx-no-cache=1489501149727 HTTP/1.1" 200 30
186.103.158.250 - - [14/Mar/2017:11:18:01 -0300] "POST /cormun/servlet/solicitudotadjuntos?e2e93305384b47e168e45b7e88ff09e0,INS,2017,5495,,2,,gx-no-cache=1489501149764 HTTP/1.1" 200 4000
186.103.158.250 - - [14/Mar/2017:11:18:03 -0300] "POST /cormun/servlet/solicitudotadjuntos?gx-no-cache=1489501152097 HTTP/1.1" 200 26
186.103.158.250 - - [14/Mar/2017:11:18:08 -0300] "GET /cormun/servlet/solicitudotadjuntos?d4fff27e0b469dd19646526f1472b66cf62960a38a16cd4e0ca4955d716d3a66,gx-no-cache=1489501157209 HTTP/1.1" 200 30
186.103.158.250 - - [14/Mar/2017:11:18:08 -0300] "GET /cormun/servlet/solicitudotadjuntos?d4fff27e0b469dd19646526f1472b66cf62960a38a16cd4e0ca4955d716d3a66,gx-no-cache=1489501157246 HTTP/1.1" 200 30
186.103.158.250 - - [14/Mar/2017:11:18:11 -0300] "POST /cormun/servlet/solicitudotadjuntos?e2e93305384b47e168e45b7e88ff09e0,INS,2017,5495,,2, HTTP/1.1" 200 116
186.103.158.250 - - [14/Mar/2017:11:18:11 -0300] "GET /cormun/servlet/hpexe_return? HTTP/1.1" 200 1020
186.103.158.250 - - [14/Mar/2017:11:18:12 -0300] "GET /cormun/servlet/trsolicitudadjuntos?2017,5495, HTTP/1.1" 200 9255
186.103.158.250 - - [14/Mar/2017:11:18:14 -0300] "GET /cormun/servlet/trsolicitudadjuntos?2017,5495, HTTP/1.1" 200 9250
186.103.159.204 - - [14/Mar/2017:11:18:20 -0300] "POST /cormun/servlet/solicitudot?gx-no-cache=1489501170305 HTTP/1.1" 200 3187
186.103.159.204 - - [14/Mar/2017:11:18:20 -0300] "POST /cormun/servlet/solicitudot?00e0b07d82c509defa6af6f222e9b764,INS,0,0,,gx-no-cache=1489501170528 HTTP/1.1" 200 9978
186.103.158.250 - - [14/Mar/2017:11:18:21 -0300] "GET /cormun/servlet/trautorizarsolicitud? HTTP/1.1" 200 6854
186.103.159.204 - - [14/Mar/2017:11:18:22 -0300] "GET /cormun/servlet/solicitudot?9228b952446f0785e06781132be938e5c26d33aac34cb112bbf00bc8614467361f4360375360c8575430dd4f3dcb8054,gx-no-cache=1489501172600 HTTP/1.1" 200 30
186.103.159.204 - - [14/Mar/2017:11:18:22 -0300] "POST /cormun/servlet/solicitudot?gx-no-cache=1489501172685 HTTP/1.1" 200 255
186.79.37.88 - - [14/Mar/2017:11:18:22 -0300] "GET /cormun/servlet/hlogin HTTP/1.1" 200 1722
186.103.158.250 - - [14/Mar/2017:11:18:22 -0300] "GET /cormun/servlet/trautorizarsolicitud? HTTP/1.1" 200 6843
186.103.159.204 - - [14/Mar/2017:11:18:22 -0300] "GET /cormun/servlet/solicitudot?9228b952446f0785e06781132be938e5c9470d7b651a59e5b20002e5e04758b0d68e30c0ce80a53a45496ce67b407c24cddf09cc9c7fa83d5185a0cb88a1576ea1f63cc8ce66f333bde0f0b517c169331c838e07f9baa0849f358e577581c05149467116a1e7ac68197eab4bdcff1fb7d1b04b8f03be3ffb91ded7797c4948c47c63dfa828da2e5a07a0b9d841ad2c99c097883019c601170978ab855fa2943d49b4e70a34d1e41607f73033dc0f6708878f148c53d2a9732f87081aae177436ecfab88df28c5f7fde00bf794b7b14f48ee443a1ab248e38d885a30e3a7718104b47105b85f8dced1443d6e2a5d9c8cd6f5b36ff55b5b867a268fa63ff71175a1485db011ca79923d13584f180d59cd8f19432b27a3a78318b389d56855f8eaadc23981755566dc577184f4653a1779c7b960e497151c82e440e73ad3a8f6f78ec9ecc313fcfa77254b88ed1113a81dc86f9e04e2b81c5f6a1f641aec72a76fc2ff71c7fdafc335a2947db11295168246a525168f8a67a3a88d328d51068e6d1,gx-no-cache=1489501172779 HTTP/1.1" 200 30
186.103.159.204 - - [14/Mar/2017:11:18:25 -0300] "POST /cormun/servlet/solicitudot?gx-no-cache=1489501175364 HTTP/1.1" 200 30
186.103.159.204 - - [14/Mar/2017:11:18:26 -0300] "GET /cormun/servlet/prsolicitudot?16491568,,,,,MD,,gxPopupLevel%3D0%3B HTTP/1.1" 200 6086
186.103.158.250 - - [14/Mar/2017:11:18:27 -0300] "GET /cormun/servlet/trsolicitudot? HTTP/1.1" 200 8923
186.103.158.250 - - [14/Mar/2017:11:18:28 -0300] "GET /cormun/servlet/trsolicitudot? HTTP/1.1" 200 8922
186.103.159.46 - - [14/Mar/2017:11:18:38 -0300] "POST /cormun/servlet/permisogoce?04c329c586768f460d7fa444bd7adbda,INS,0,,,,gx-no-cache=1489504784060 HTTP/1.1" 200 93
186.103.158.250 - - [14/Mar/2017:11:18:39 -0300] "POST /cormun/servlet/trsolicitudot?e2e93305384b47e168e45b7e88ff09e0,,gx-no-cache=1489501187739 HTTP/1.1" 200 5931
186.103.159.46 - - [14/Mar/2017:11:18:40 -0300] "GET /cormun/servlet/hpexe_return? HTTP/1.1" 200 1007
186.103.158.250 - - [14/Mar/2017:11:18:40 -0300] "GET /cormun/static/Shared/jqueryui/images/ui-bg_highlight-soft_100_c6c2c8_1x100.png HTTP/1.1" 404 1117
186.103.158.250 - - [14/Mar/2017:11:18:40 -0300] "GET /cormun/static/Shared/jqueryui/images/ui-icons_82798d_256x240.png HTTP/1.1" 404 1089
186.103.158.250 - - [14/Mar/2017:11:18:40 -0300] "GET /cormun/static/Shared/jqueryui/images/ui-bg_flat_55_fafafa_40x100.png HTTP/1.1" 404 1097
186.103.158.250 - - [14/Mar/2017:11:18:40 -0300] "GET /cormun/static/Shared/jqueryui/images/ui-icons_8d78a5_256x240.png HTTP/1.1" 404 1089
186.103.159.46 - - [14/Mar/2017:11:18:40 -0300] "GET /cormun/static/gxcfg.js?2016101716175148 HTTP/1.1" 304 -
186.103.159.46 - - [14/Mar/2017:11:18:40 -0300] "GET /cormun/servlet/trpermisosgoce HTTP/1.1" 200 9405
186.103.158.250 - - [14/Mar/2017:11:18:40 -0300] "POST /cormun/servlet/trsolicitudot?e2e93305384b47e168e45b7e88ff09e0,,gx-no-cache=1489501188648 HTTP/1.1" 200 5875
186.103.159.46 - - [14/Mar/2017:11:18:42 -0300] "GET /cormun/servlet/trpermisosgoce HTTP/1.1" 200 9401
186.103.159.204 - - [14/Mar/2017:11:18:44 -0300] "POST /cormun/servlet/solicitudot?gx-no-cache=1489501194775 HTTP/1.1" 200 1291
186.103.159.204 - - [14/Mar/2017:11:18:44 -0300] "POST /cormun/servlet/solicitudot?gx-no-cache=1489501194957 HTTP/1.1" 200 38
186.103.159.204 - - [14/Mar/2017:11:18:44 -0300] "GET /cormun/servlet/solicitudot?9228b952446f0785e06781132be938e5c7e7519acd12918e772927c60eae0a1a10acc2d5612b1686f4f4af4cab1771849373924b21f15fdc442cd75ddae96b9182d42ee25d576dd2de6bbd8d89eebf727e1206146f768b4bd51c4cf73b8b3a7fae8fdadeead0e58e27d3dcc6fbdebdb152129f7550f1d5af7581f2df9d2f22864847727c885d5c1b150aad15839d7027b48c07f27799084849fbd910abcbe603,gx-no-cache=1489501195045 HTTP/1.1" 200 29
186.103.159.204 - - [14/Mar/2017:11:18:44 -0300] "POST /cormun/servlet/solicitudot?gx-no-cache=1489501195089 HTTP/1.1" 200 1275
186.103.159.204 - - [14/Mar/2017:11:18:44 -0300] "POST /cormun/servlet/solicitudot?gx-no-cache=1489501195174 HTTP/1.1" 200 1157
186.103.159.46 - - [14/Mar/2017:11:18:47 -0300] "GET /cormun/servlet/trpermisosadjuntos?9569964,20170314121320,P, HTTP/1.1" 200 6087
186.103.159.46 - - [14/Mar/2017:11:18:49 -0300] "GET /cormun/static/gxcfg.js?2016122813135853 HTTP/1.1" 304 -
186.103.159.46 - - [14/Mar/2017:11:18:50 -0300] "GET /cormun/static/trpermisosadjuntos.js?20161228131414 HTTP/1.1" 304 -
186.103.158.250 - - [14/Mar/2017:11:18:50 -0300] "POST /cormun/servlet/trsolicitudot?e2e93305384b47e168e45b7e88ff09e0,,gx-no-cache=1489501198527 HTTP/1.1" 200 5897
186.103.159.46 - - [14/Mar/2017:11:18:50 -0300] "GET /cormun/servlet/trpermisosadjuntos?9569964,20170314121320,P, HTTP/1.1" 200 6086
186.103.158.250 - - [14/Mar/2017:11:18:53 -0300] "GET /cormun/servlet/trsolicitudot? HTTP/1.1" 200 8665
186.103.159.46 - - [14/Mar/2017:11:18:54 -0300] "GET /cormun/servlet/permisosadjuntos?INS,9569964,P,20170314121320,, HTTP/1.1" 200 5402
186.103.159.46 - - [14/Mar/2017:11:18:54 -0300] "GET /cormun/static/gxcfg.js?2016122813135788 HTTP/1.1" 304 -
186.103.159.46 - - [14/Mar/2017:11:18:54 -0300] "GET /cormun/static/permisosadjuntos.js?2016122813135797 HTTP/1.1" 304 -
186.103.159.46 - - [14/Mar/2017:11:18:54 -0300] "GET /cormun/static/about:blank HTTP/1.1" 404 1011
186.79.37.88 - - [14/Mar/2017:11:18:54 -0300] "POST /cormun/servlet/hlogin?2a1c6cc6c9dcab08ec78856ca9a2d59a,gx-no-cache=1489501203302 HTTP/1.1" 200 90
186.79.37.88 - - [14/Mar/2017:11:18:54 -0300] "GET /cormun/servlet/hpexe_link HTTP/1.1" 200 969
186.103.158.250 - - [14/Mar/2017:11:18:54 -0300] "GET /cormun/servlet/trsolicitudot? HTTP/1.1" 200 8665
186.79.37.88 - - [14/Mar/2017:11:18:54 -0300] "GET /cormun/servlet/permisogoce?INS,0,,, HTTP/1.1" 200 6505
186.103.159.46 - - [14/Mar/2017:11:18:56 -0300] "GET /cormun/servlet/permisosadjuntos?INS,9569964,P,20170314121320,, HTTP/1.1" 200 5392
186.79.37.88 - - [14/Mar/2017:11:18:56 -0300] "GET /cormun/servlet/permisogoce?INS,0,,, HTTP/1.1" 200 6503
186.103.159.204 - - [14/Mar/2017:11:18:57 -0300] "POST /cormun/servlet/solicitudot?gx-no-cache=1489501207594 HTTP/1.1" 200 1275
186.103.159.204 - - [14/Mar/2017:11:18:57 -0300] "POST /cormun/servlet/solicitudot?gx-no-cache=1489501207671 HTTP/1.1" 200 1157
186.103.159.204 - - [14/Mar/2017:11:18:57 -0300] "GET /cormun/servlet/solicitudot?9228b952446f0785e06781132be938e54c68408fe5b2f283f05f1a76319c9c9f007589732ec3bb35cd33d53299ca3442f8c3adede8b14e1da4d434cbc723692d8709e91cc62667422e7e57afd9cbfa8afc9d13b6d89c4d1c2628c509f0f26d676dfe40521e106e164719e965c18cd985536285ff380ccd415ce690bff3b1b42720b55a73c3711c8239e7f716eb3d13482499201bd1ac5070dea91b9738a3a04bd6783f8ddaf05b0d02dc7165a2d6bab8,gx-no-cache=1489501207740 HTTP/1.1" 200 30
186.103.158.250 - - [14/Mar/2017:11:19:00 -0300] "GET /cormun/servlet/solicitudot?INS,0,0, HTTP/1.1" 200 12741
186.103.158.250 - - [14/Mar/2017:11:19:01 -0300] "GET /cormun/servlet/solicitudot?INS,0,0, HTTP/1.1" 200 12746
186.103.159.204 - - [14/Mar/2017:11:19:07 -0300] "POST /cormun/servlet/solicitudot?00e0b07d82c509defa6af6f222e9b764,INS,0,0,,gx-no-cache=1489501217539 HTTP/1.1" 200 93
186.103.159.204 - - [14/Mar/2017:11:19:07 -0300] "GET /cormun/servlet/hpexe_return? HTTP/1.1" 200 1010
186.103.159.204 - - [14/Mar/2017:11:19:07 -0300] "GET /cormun/servlet/trsolicitudot HTTP/1.1" 200 8419
186.103.159.204 - - [14/Mar/2017:11:19:08 -0300] "GET /cormun/servlet/trsolicitudot HTTP/1.1" 200 8415
186.79.37.88 - - [14/Mar/2017:11:19:10 -0300] "POST /cormun/servlet/permisogoce?2a1c6cc6c9dcab08ec78856ca9a2d59a,INS,0,,,,gx-no-cache=1489501219519 HTTP/1.1" 200 93
186.79.37.88 - - [14/Mar/2017:11:19:10 -0300] "GET /cormun/servlet/hpexe_return? HTTP/1.1" 200 1011
186.79.37.88 - - [14/Mar/2017:11:19:11 -0300] "GET /cormun/servlet/trpermisosgoce HTTP/1.1" 200 7339
186.79.37.88 - - [14/Mar/2017:11:19:12 -0300] "GET /cormun/servlet/trpermisosgoce HTTP/1.1" 200 7335
186.103.158.250 - - [14/Mar/2017:11:19:14 -0300] "POST /cormun/servlet/solicitudot?gx-no-cache=1489501222597 HTTP/1.1" 200 3180
186.103.159.204 - - [14/Mar/2017:11:19:14 -0300] "GET /cormun/servlet/trsolicitudot? HTTP/1.1" 200 8415
186.103.158.250 - - [14/Mar/2017:11:19:14 -0300] "POST /cormun/servlet/solicitudot?e2e93305384b47e168e45b7e88ff09e0,INS,0,0,,gx-no-cache=1489501222859 HTTP/1.1" 200 9961
186.103.159.204 - - [14/Mar/2017:11:19:15 -0300] "GET /cormun/servlet/trsolicitudot? HTTP/1.1" 200 8415
186.103.159.204 - - [14/Mar/2017:11:19:18 -0300] "GET /cormun/servlet/solicitudot?INS,0,0, HTTP/1.1" 200 12781
186.103.159.204 - - [14/Mar/2017:11:19:19 -0300] "GET /cormun/servlet/solicitudot?INS,0,0, HTTP/1.1" 200 12786
186.79.37.88 - - [14/Mar/2017:11:19:19 -0300] "GET /cormun/servlet/permisogoce?DSP,12692670,P,20170314120436, HTTP/1.1" 200 6374
186.79.37.88 - - [14/Mar/2017:11:19:21 -0300] "GET /cormun/servlet/permisogoce?DSP,12692670,P,20170314120436, HTTP/1.1" 200 6375
186.103.158.250 - - [14/Mar/2017:11:19:22 -0300] "GET /cormun/servlet/solicitudot?d4fff27e0b469dd19646526f1472b66c56652c9753b876974b03faabe464794cab5de7c6f56eb4bbcf959a78cd70b265,gx-no-cache=1489501231188 HTTP/1.1" 200 30
186.103.158.250 - - [14/Mar/2017:11:19:23 -0300] "POST /cormun/servlet/solicitudot?gx-no-cache=1489501231318 HTTP/1.1" 200 255
186.103.158.250 - - [14/Mar/2017:11:19:23 -0300] "GET /cormun/servlet/solicitudot?d4fff27e0b469dd19646526f1472b66cbb46254dec72888158beeaef9953966da169fdc32b0c820fd4b62802fda8dd254e83b67146758d142a82ca3fdf04945add57ed57a9ab9606d4844ace5989215a993f3c1f883a924c0aca1ff5a630f7f86bd3a96c93ae5f2983d92e6ddd8435824b18510efba85fe9f5e55a278f6d8a2b81333286b75db3cfc3d0e070fe65177806ad1260846f94da89796c5692bf020cfaf62e41e00731af1e0fe59c18073057e19b9636293c984fe95cdfe23f9b33c3e822af6cc15e68aec8deaeceea484853b396b434f796e646628c5c849076856c68a5ebe7cf38e54b214ae6a1cd9f397ae63d7d709ef7e5ce47d8bf421af72384fec6ba7df8471a589c0fe5c4555cfe8af90ee31f64611d36177eccd4871e322fa671e5f4a79f748635d4402effa65e5bf67c29344cc8e1951c67d230f2a4d366dba9aeb98fa096dd5c6b6354c5a197d72b510c69353073260f771774c84561d8d4cc3e94e63171be88b4964a9d6a8e7cbc6afe153a24de9a52f15bd577dafe8f,gx-no-cache=1489501231781 HTTP/1.1" 200 30
186.103.158.250 - - [14/Mar/2017:11:19:23 -0300] "POST /cormun/servlet/solicitudot?gx-no-cache=1489501232193 HTTP/1.1" 200 30
186.103.158.250 - - [14/Mar/2017:11:19:23 -0300] "POST /cormun/servlet/solicitudot?gx-no-cache=1489501232342 HTTP/1.1" 200 235
186.103.158.250 - - [14/Mar/2017:11:19:24 -0300] "POST /cormun/servlet/solicitudot?gx-no-cache=1489501232462 HTTP/1.1" 200 38
186.103.159.46 - - [14/Mar/2017:11:19:30 -0300] "POST /cormun/servlet/permisosadjuntos?04c329c586768f460d7fa444bd7adbda,INS,9569964,P,20170314121320,, HTTP/1.1" 200 116
186.103.159.46 - - [14/Mar/2017:11:19:30 -0300] "GET /cormun/servlet/hpexe_return? HTTP/1.1" 200 1035
186.103.159.46 - - [14/Mar/2017:11:19:31 -0300] "GET /cormun/servlet/trpermisosadjuntos?9569964,20170314121320,P, HTTP/1.1" 200 6535
186.103.158.250 - - [14/Mar/2017:11:19:32 -0300] "POST /cormun/servlet/solicitudot?gx-no-cache=1489501240968 HTTP/1.1" 200 30
186.103.159.46 - - [14/Mar/2017:11:19:32 -0300] "GET /cormun/servlet/trpermisosadjuntos?9569964,20170314121320,P, HTTP/1.1" 200 6528
186.79.37.88 - - [14/Mar/2017:11:19:33 -0300] "POST /cormun/servlet/permisogoce?2a1c6cc6c9dcab08ec78856ca9a2d59a,DSP,12692670,P,20170314120436,,gx-no-cache=1489501242178 HTTP/1.1" 200 93
186.79.37.88 - - [14/Mar/2017:11:19:33 -0300] "GET /cormun/servlet/hpexe_return? HTTP/1.1" 200 1030
186.79.37.88 - - [14/Mar/2017:11:19:33 -0300] "GET /cormun/servlet/trpermisosgoce HTTP/1.1" 200 7339
186.79.37.88 - - [14/Mar/2017:11:19:35 -0300] "GET /cormun/servlet/trpermisosgoce HTTP/1.1" 200 7335
186.103.158.250 - - [14/Mar/2017:11:19:35 -0300] "POST /cormun/servlet/solicitudot?gx-no-cache=1489501244140 HTTP/1.1" 200 656
186.103.158.250 - - [14/Mar/2017:11:19:35 -0300] "POST /cormun/servlet/solicitudot?gx-no-cache=1489501244309 HTTP/1.1" 200 38
186.103.159.46 - - [14/Mar/2017:11:19:39 -0300] "POST /cormun/servlet/trpermisosadjuntos?04c329c586768f460d7fa444bd7adbda,9569964,20170314121320,P,,gx-no-cache=1489504845263 HTTP/1.1" 200 90
186.103.159.46 - - [14/Mar/2017:11:19:39 -0300] "GET /cormun/servlet/hpexe_link HTTP/1.1" 200 984
186.103.159.46 - - [14/Mar/2017:11:19:39 -0300] "GET /cormun/servlet/trpermisosgoce HTTP/1.1" 200 9393
186.103.159.46 - - [14/Mar/2017:11:19:41 -0300] "GET /cormun/servlet/trpermisosgoce HTTP/1.1" 200 9392
186.103.159.46 - - [14/Mar/2017:11:19:45 -0300] "GET /cormun/servlet/permisogoce?INS,0,,, HTTP/1.1" 200 6532
186.103.159.46 - - [14/Mar/2017:11:19:46 -0300] "GET /cormun/servlet/permisogoce?INS,0,,, HTTP/1.1" 200 6532
186.103.158.250 - - [14/Mar/2017:11:19:47 -0300] "GET /cormun/servlet/solicitudot?d4fff27e0b469dd19646526f1472b66c56f649b3cfa241a77c96be1c6ce756cd5381ef8187f58de81429c07f435c95063f0967e421babcac2108d49f656c85186e08dee91923c29a3c53f60ae4eb8f7771176dafd9dc36d5ced181e24b810d6252a691ef385c9548eff3ab5cd883a9354ba51de88cbbe99361185f7a356e308fef2d13709fd477518a87460837922f93e59ab0703774ddf7ab2a2728d3477c56,gx-no-cache=1489501255991 HTTP/1.1" 200 29
186.103.158.250 - - [14/Mar/2017:11:19:47 -0300] "POST /cormun/servlet/solicitudot?gx-no-cache=1489501256038 HTTP/1.1" 200 643
186.103.158.250 - - [14/Mar/2017:11:19:49 -0300] "POST /cormun/servlet/solicitudot?gx-no-cache=1489501258324 HTTP/1.1" 200 1157
