192.168.10.89 - - [14/Mar/2017:09:35:08 -0300] "GET /cormun/servlet/hlogin HTTP/1.1" 200 1722
192.168.10.89 - - [14/Mar/2017:09:35:08 -0300] "GET /cormun/servlet/hlogin HTTP/1.1" 200 1732
192.168.10.89 - - [14/Mar/2017:09:35:16 -0300] "POST /cormun/servlet/hlogin?48d6617d20efe8fc72d4f3794a011ad0,gx-no-cache=1489498198958 HTTP/1.1" 200 90
192.168.10.89 - - [14/Mar/2017:09:35:16 -0300] "GET /cormun/servlet/hpexe_link HTTP/1.1" 200 954
192.168.10.89 - - [14/Mar/2017:09:35:16 -0300] "GET /cormun/servlet/hhome HTTP/1.1" 200 3932
192.168.10.89 - - [14/Mar/2017:09:35:20 -0300] "GET /cormun/servlet/trsolicitudot? HTTP/1.1" 200 8167
192.168.10.89 - - [14/Mar/2017:09:35:26 -0300] "GET /cormun/static/menuarrow.gif HTTP/1.1" 404 1015
192.168.10.89 - - [14/Mar/2017:09:35:29 -0300] "POST /cormun/servlet/trsolicitudot?48d6617d20efe8fc72d4f3794a011ad0,,gx-no-cache=1489498211768 HTTP/1.1" 200 7235
186.103.158.250 - - [14/Mar/2017:09:35:55 -0300] "POST /cormun/servlet/solicitudot?gx-no-cache=1489495023390 HTTP/1.1" 200 3180
186.103.158.250 - - [14/Mar/2017:09:35:55 -0300] "POST /cormun/servlet/solicitudot?7de52a09f773af46d0ae96f6fbeb2896,UPD,2017,3488,,gx-no-cache=1489495023877 HTTP/1.1" 200 11439
186.103.158.250 - - [14/Mar/2017:09:35:56 -0300] "GET /cormun/servlet/solicitudot?85c6f64bf6d7591691adb87610f8592cdeb2b6d720832906ce927dc15e7eaaa72122e7fb151f0209fdb7c343aea95527,gx-no-cache=1489495024492 HTTP/1.1" 200 30
186.103.158.250 - - [14/Mar/2017:09:35:56 -0300] "POST /cormun/servlet/solicitudot?gx-no-cache=1489495024563 HTTP/1.1" 200 256
186.103.158.250 - - [14/Mar/2017:09:35:56 -0300] "GET /cormun/servlet/solicitudot?85c6f64bf6d7591691adb87610f8592c9cbd1376f82cc67e53ab29198c4b4a845a24e6ac44f3940a6ca69a2379b256c043226a385faea83b4b6cab520e18c919e256418c9450d33a9f65bd991cc7d30e3724a47e6b7ee92b3babc85841e1fce09a6909110f1050781daa68aa299c49f6ae681451b05227ee4010fd28618c4ebfdc6785f499a31511aa5896f20e2267fcaf5a3c1eb981a68ccbd33ed2786df0dd643f00084215605b54e819f2d625f9362acc0acda65b8af37775bc25ca4502a4bfb45baa76f40caab3fe9560f5f4ffee3a330c83972b3bd0336a146d00a85a193d8877244ac4c2415fb8798fcd2f5153a8844161321888cf39ea7b4c6289ef2790f99fca254ae6a2a40ee5710777b819599feca8d8cba871693fa27879157ba812cfd30b7c207178710a5f487cc860e3bb5c82ac3a77c87599b0409b4bd1bd30783227484ca538375fba8aa9351b456d1833248d271f72accb85ec5f2d7371e8a6593b47cd02d62e87e5689ad3553b7b3122647a164c80950db752cf9624cbb5,gx-no-cache=1489495024637 HTTP/1.1" 200 30
186.103.158.250 - - [14/Mar/2017:09:35:56 -0300] "POST /cormun/servlet/solicitudot?gx-no-cache=1489495024988 HTTP/1.1" 200 30
192.168.10.89 - - [14/Mar/2017:09:36:04 -0300] "GET /cormun/servlet/hlogin HTTP/1.1" 200 1739
192.168.10.89 - - [14/Mar/2017:09:36:11 -0300] "POST /cormun/servlet/hlogin?48d6617d20efe8fc72d4f3794a011ad0,gx-no-cache=1489498253440 HTTP/1.1" 200 90
192.168.10.89 - - [14/Mar/2017:09:36:11 -0300] "GET /cormun/servlet/hpexe_link HTTP/1.1" 200 954
192.168.10.89 - - [14/Mar/2017:09:36:11 -0300] "GET /cormun/servlet/hhome HTTP/1.1" 200 4387
192.168.10.89 - - [14/Mar/2017:09:36:14 -0300] "GET /cormun/servlet/trsolicitudgral? HTTP/1.1" 200 24478
186.103.158.250 - - [14/Mar/2017:09:36:20 -0300] "POST /cormun/servlet/solicitudot?gx-no-cache=1489495049264 HTTP/1.1" 200 1287
186.103.158.250 - - [14/Mar/2017:09:36:20 -0300] "POST /cormun/servlet/solicitudot?gx-no-cache=1489495049384 HTTP/1.1" 200 41
186.103.158.250 - - [14/Mar/2017:09:36:20 -0300] "POST /cormun/servlet/solicitudot?gx-no-cache=1489495049426 HTTP/1.1" 200 1274
186.103.158.250 - - [14/Mar/2017:09:36:21 -0300] "POST /cormun/servlet/solicitudot?gx-no-cache=1489495049481 HTTP/1.1" 200 1157
186.103.158.250 - - [14/Mar/2017:09:36:21 -0300] "GET /cormun/servlet/solicitudot?85c6f64bf6d7591691adb87610f8592c712c7e257a040f0702a29da75695b0db71655019e760f94be281884c373489a7e62fa9ca4bbebaa35b9fe701359b30c5f8ceba27d4bc65577d7d971f0ef8d892b5ce99b38babff89019a2e1a1001ecdea1ed8bef38efebfaf95092df15844da991e7a0b1bbb1ec89ef1f0be3e538ada0f0551e23a8341bf39c8e74562cee40eb36f06aaee12995090b1594e2ae2d4e891dc1727afa6cb0cb0809df93ccef4b95,gx-no-cache=1489495049542 HTTP/1.1" 200 30
186.103.158.250 - - [14/Mar/2017:09:36:21 -0300] "POST /cormun/servlet/solicitudot?7de52a09f773af46d0ae96f6fbeb2896,UPD,2017,3488,,gx-no-cache=1489495049583 HTTP/1.1" 200 11716
192.168.10.89 - - [14/Mar/2017:09:36:26 -0300] "POST /cormun/servlet/trsolicitudgral?48d6617d20efe8fc72d4f3794a011ad0,,gx-no-cache=1489498269290 HTTP/1.1" 200 5405
186.79.43.69 - - [14/Mar/2017:09:36:28 -0300] "POST /cormun/servlet/trsolicitudot?939091cfedcb9f428e011c3a40ca363b,gx-no-cache=1489495054644 HTTP/1.1" 200 107
186.79.43.69 - - [14/Mar/2017:09:36:28 -0300] "GET /cormun/servlet/trsolicitudadjuntos?2017,5481, HTTP/1.1" 200 6085
186.79.43.69 - - [14/Mar/2017:09:36:28 -0300] "GET /cormun/static/gxcfg.js?201612218531388 HTTP/1.1" 200 953
186.79.43.69 - - [14/Mar/2017:09:36:28 -0300] "GET /cormun/static/trsolicitudadjuntos.js?201612218531657 HTTP/1.1" 200 17913
186.79.43.69 - - [14/Mar/2017:09:36:29 -0300] "GET /cormun/servlet/trsolicitudadjuntos?2017,5481, HTTP/1.1" 200 6084
186.79.43.69 - - [14/Mar/2017:09:36:32 -0300] "GET /cormun/servlet/solicitudotadjuntos?INS,2017,5481,,1, HTTP/1.1" 200 6015
192.168.10.89 - - [14/Mar/2017:09:36:32 -0300] "POST /cormun/servlet/trsolicitudgral?48d6617d20efe8fc72d4f3794a011ad0,,gx-no-cache=1489498274922 HTTP/1.1" 200 5408
186.79.43.69 - - [14/Mar/2017:09:36:32 -0300] "GET /cormun/static/gxcfg.js?201612218465951 HTTP/1.1" 200 953
186.79.43.69 - - [14/Mar/2017:09:36:32 -0300] "GET /cormun/static/solicitudotadjuntos.js?201612218465969 HTTP/1.1" 200 11762
186.79.43.69 - - [14/Mar/2017:09:36:32 -0300] "GET /cormun/static/about:blank HTTP/1.1" 404 1011
186.79.43.69 - - [14/Mar/2017:09:36:33 -0300] "GET /cormun/servlet/solicitudotadjuntos?INS,2017,5481,,1, HTTP/1.1" 200 6008
186.79.43.69 - - [14/Mar/2017:09:36:33 -0300] "GET /cormun/servlet/solicitudotadjuntos?fe507d3df03ed8b7e6e8f88df445ce95792b8aaa9bbcd97bdae6efa08c3b5abbff9bc2609842a85806b8ef7b1b387c3f,gx-no-cache=1489495060703 HTTP/1.1" 200 30
186.79.43.69 - - [14/Mar/2017:09:36:33 -0300] "POST /cormun/servlet/solicitudotadjuntos?939091cfedcb9f428e011c3a40ca363b,INS,2017,5481,,1,,gx-no-cache=1489495060799 HTTP/1.1" 200 3826
192.168.10.89 - - [14/Mar/2017:09:36:34 -0300] "GET /cormun/servlet/hlogin HTTP/1.1" 200 1741
186.79.43.69 - - [14/Mar/2017:09:36:36 -0300] "POST /cormun/servlet/solicitudotadjuntos?gx-no-cache=1489495063140 HTTP/1.1" 200 26
192.168.10.89 - - [14/Mar/2017:09:36:41 -0300] "POST /cormun/servlet/hlogin?48d6617d20efe8fc72d4f3794a011ad0,gx-no-cache=1489498284003 HTTP/1.1" 200 90
192.168.10.89 - - [14/Mar/2017:09:36:41 -0300] "GET /cormun/servlet/hpexe_link HTTP/1.1" 200 954
192.168.10.89 - - [14/Mar/2017:09:36:41 -0300] "GET /cormun/servlet/hhome HTTP/1.1" 200 3932
192.168.10.89 - - [14/Mar/2017:09:36:44 -0300] "GET /cormun/servlet/trsolicitudot? HTTP/1.1" 200 9995
186.79.43.69 - - [14/Mar/2017:09:36:46 -0300] "GET /cormun/servlet/solicitudotadjuntos?fe507d3df03ed8b7e6e8f88df445ce9531222bde38e05d04c95ea81faa2e2b4b,gx-no-cache=1489495073111 HTTP/1.1" 200 30
186.79.43.69 - - [14/Mar/2017:09:36:46 -0300] "GET /cormun/servlet/solicitudotadjuntos?fe507d3df03ed8b7e6e8f88df445ce9531222bde38e05d04c95ea81faa2e2b4b,gx-no-cache=1489495073187 HTTP/1.1" 200 30
192.168.10.89 - - [14/Mar/2017:09:36:50 -0300] "POST /cormun/servlet/trsolicitudot?48d6617d20efe8fc72d4f3794a011ad0,,gx-no-cache=1489498292875 HTTP/1.1" 200 106
192.168.10.89 - - [14/Mar/2017:09:36:50 -0300] "GET /cormun/servlet/solicitudot?UPD,2017,3488, HTTP/1.1" 200 14439
186.79.43.69 - - [14/Mar/2017:09:36:51 -0300] "POST /cormun/servlet/solicitudotadjuntos?939091cfedcb9f428e011c3a40ca363b,INS,2017,5481,,1, HTTP/1.1" 200 116
186.79.43.69 - - [14/Mar/2017:09:36:51 -0300] "GET /cormun/servlet/hpexe_return? HTTP/1.1" 200 1029
186.79.43.69 - - [14/Mar/2017:09:36:51 -0300] "GET /cormun/servlet/trsolicitudadjuntos?2017,5481, HTTP/1.1" 200 8239
192.168.10.89 - - [14/Mar/2017:09:36:51 -0300] "POST /cormun/servlet/solicitudot?gx-no-cache=1489498294339 HTTP/1.1" 200 3180
192.168.10.89 - - [14/Mar/2017:09:36:52 -0300] "POST /cormun/servlet/solicitudot?48d6617d20efe8fc72d4f3794a011ad0,UPD,2017,3488,,gx-no-cache=1489498294605 HTTP/1.1" 200 11070
192.168.10.89 - - [14/Mar/2017:09:36:52 -0300] "GET /cormun/servlet/solicitudot?99f32ef8efe3705dbe4d6e132a23d1504575853efc50b2ce922bda887157f2d14bab509628c22ba67b450e5f3194efef,gx-no-cache=1489498294873 HTTP/1.1" 200 30
192.168.10.89 - - [14/Mar/2017:09:36:52 -0300] "POST /cormun/servlet/solicitudot?gx-no-cache=1489498294953 HTTP/1.1" 200 256
192.168.10.89 - - [14/Mar/2017:09:36:52 -0300] "GET /cormun/servlet/solicitudot?99f32ef8efe3705dbe4d6e132a23d150f2c1fda474dd2f4f8db0c1681644e1f35ab141eaba5526a1ee58decc5fe084e4d4ee7527004d22c10480a795d28ef76e09b5dd55f36ca558e972d4431e861c8d4fce51f08e34a5eb81b93025952c0a5a5580af20783760d956e26edef1a66a33ac2ec52cf040a74bd9c3a2f464141dca8574420a5cd43c2ee0f5d8b519b63dd36d70c9d94763bbd1925a0fe715899ea13f1588a887f6113d8dc279a1c3d24365193c7dd08603e4df597104e8859929fd36067c64eb59a8081287d6a0f4973666c407e840d40f0c4f53e77fde588a6a19309039ab33942194fda7fad965df27372234245217493c1c2e35a421eacd8e25cab6ab608183812db4eff502206a228e4727959779af1c3c4983935571e1283c941a8a405e97d73813aadbc1b7f9ed61c72129aaad236bc3e7e71d4beb42b3da64495ebd4e63782639ef610494b12a3ff33195e50d82de7d5ca36f8848112f22d20004ca406f470ce4ee3de20a816ca823cbb2e57197b09cda52d1a368d442e2,gx-no-cache=1489498294982 HTTP/1.1" 200 30
192.168.10.89 - - [14/Mar/2017:09:36:52 -0300] "POST /cormun/servlet/solicitudot?gx-no-cache=1489498295002 HTTP/1.1" 200 30
192.168.10.89 - - [14/Mar/2017:09:36:52 -0300] "POST /cormun/servlet/solicitudot?gx-no-cache=1489498295068 HTTP/1.1" 200 1287
186.79.43.69 - - [14/Mar/2017:09:36:52 -0300] "GET /cormun/servlet/trsolicitudadjuntos?2017,5481, HTTP/1.1" 200 8234
192.168.10.89 - - [14/Mar/2017:09:36:52 -0300] "POST /cormun/servlet/solicitudot?gx-no-cache=1489498295155 HTTP/1.1" 200 41
192.168.10.89 - - [14/Mar/2017:09:36:58 -0300] "POST /cormun/servlet/solicitudot?gx-no-cache=1489498300718 HTTP/1.1" 200 30
186.79.43.69 - - [14/Mar/2017:09:36:59 -0300] "GET /cormun/servlet/solicitudotadjuntos?INS,2017,5481,,1, HTTP/1.1" 200 6015
186.79.43.69 - - [14/Mar/2017:09:37:00 -0300] "GET /cormun/static/about:blank HTTP/1.1" 404 1011
186.79.43.69 - - [14/Mar/2017:09:37:00 -0300] "GET /cormun/servlet/solicitudotadjuntos?INS,2017,5481,,1, HTTP/1.1" 200 6008
186.79.43.69 - - [14/Mar/2017:09:37:00 -0300] "GET /cormun/servlet/solicitudotadjuntos?fe507d3df03ed8b7e6e8f88df445ce95792b8aaa9bbcd97bdae6efa08c3b5abbff9bc2609842a85806b8ef7b1b387c3f,gx-no-cache=1489495087699 HTTP/1.1" 200 30
192.168.10.89 - - [14/Mar/2017:09:37:00 -0300] "POST /cormun/servlet/solicitudot?gx-no-cache=1489498303041 HTTP/1.1" 200 1287
192.168.10.89 - - [14/Mar/2017:09:37:00 -0300] "POST /cormun/servlet/solicitudot?gx-no-cache=1489498303091 HTTP/1.1" 200 41
186.79.43.69 - - [14/Mar/2017:09:37:01 -0300] "POST /cormun/servlet/solicitudotadjuntos?939091cfedcb9f428e011c3a40ca363b,INS,2017,5481,,1,,gx-no-cache=1489495087810 HTTP/1.1" 200 3826
186.79.43.69 - - [14/Mar/2017:09:37:03 -0300] "POST /cormun/servlet/solicitudotadjuntos?gx-no-cache=1489495090505 HTTP/1.1" 200 26
192.168.10.89 - - [14/Mar/2017:09:37:04 -0300] "GET /cormun/servlet/solicitudot?99f32ef8efe3705dbe4d6e132a23d150563fbd77701bf830584f9731e243f8f2e0a089c5920d6f5649375dc7afaf056a9b9497ccba1bc84a11e4e2a0267bdd76e1cc1c6f7d759d4f9af0078330c3d0854097ed18943bb05ebb583e650c6b76cb7fe569fa2a0b2f7bbb1dfbb2cc8f31d2f84bee610a5ac6c429672c8048737efec839d03e90c62ab8266c9e8f2d43aecf3b2eeb77c268eba38c9be2bb396d57dd,gx-no-cache=1489498306457 HTTP/1.1" 200 29
192.168.10.89 - - [14/Mar/2017:09:37:04 -0300] "POST /cormun/servlet/solicitudot?gx-no-cache=1489498306497 HTTP/1.1" 200 1274
192.168.10.89 - - [14/Mar/2017:09:37:04 -0300] "POST /cormun/servlet/solicitudot?gx-no-cache=1489498306952 HTTP/1.1" 200 1158
192.168.10.89 - - [14/Mar/2017:09:37:11 -0300] "GET /cormun/servlet/solicitudot?99f32ef8efe3705dbe4d6e132a23d150c4d6dc84d8f073f9133aa3cd836f02522a60c245fbb29d7b32315317a35d028b9c30bbc4022ca3b2ec265f9cfee3f333f84ad0787e21939af58e4d089b8db799a5403d9845044ccb918e5238560dbdd86ccbf3cba051845218f8a9d4ef8421d9f84bee610a5ac6c429672c8048737efe284c89e1415719906d174d98a5b7ae0e9e327f8c5752627f258d24a6b190988c092a3ba4fcf9fd02ff15bf9206500965,gx-no-cache=1489498313845 HTTP/1.1" 200 30
186.79.43.69 - - [14/Mar/2017:09:37:12 -0300] "GET /cormun/servlet/solicitudotadjuntos?fe507d3df03ed8b7e6e8f88df445ce9531222bde38e05d04c95ea81faa2e2b4b,gx-no-cache=1489495099485 HTTP/1.1" 200 30
186.79.43.69 - - [14/Mar/2017:09:37:12 -0300] "GET /cormun/servlet/solicitudotadjuntos?fe507d3df03ed8b7e6e8f88df445ce9531222bde38e05d04c95ea81faa2e2b4b,gx-no-cache=1489495099565 HTTP/1.1" 200 30
192.168.10.89 - - [14/Mar/2017:09:37:16 -0300] "POST /cormun/servlet/solicitudot?48d6617d20efe8fc72d4f3794a011ad0,UPD,2017,3488,,gx-no-cache=1489498318244 HTTP/1.1" 200 93
192.168.10.89 - - [14/Mar/2017:09:37:16 -0300] "GET /cormun/servlet/hpexe_return? HTTP/1.1" 200 1012
192.168.10.89 - - [14/Mar/2017:09:37:16 -0300] "GET /cormun/servlet/trsolicitudot HTTP/1.1" 200 10032
186.79.43.69 - - [14/Mar/2017:09:37:19 -0300] "POST /cormun/servlet/solicitudotadjuntos?939091cfedcb9f428e011c3a40ca363b,INS,2017,5481,,1, HTTP/1.1" 200 116
186.79.43.69 - - [14/Mar/2017:09:37:19 -0300] "GET /cormun/servlet/hpexe_return? HTTP/1.1" 200 1029
186.79.43.69 - - [14/Mar/2017:09:37:19 -0300] "GET /cormun/servlet/trsolicitudadjuntos?2017,5481, HTTP/1.1" 200 8411
186.79.43.69 - - [14/Mar/2017:09:37:20 -0300] "GET /cormun/servlet/trsolicitudadjuntos?2017,5481, HTTP/1.1" 200 8410
192.168.10.89 - - [14/Mar/2017:09:37:20 -0300] "POST /cormun/servlet/trsolicitudot?48d6617d20efe8fc72d4f3794a011ad0,gx-no-cache=1489498322763 HTTP/1.1" 200 6935
192.168.10.89 - - [14/Mar/2017:09:37:21 -0300] "POST /cormun/servlet/trsolicitudot?48d6617d20efe8fc72d4f3794a011ad0,gx-no-cache=1489498323313 HTTP/1.1" 200 6878
192.168.10.89 - - [14/Mar/2017:09:37:21 -0300] "GET /cormun/static/Shared/jqueryui/images/ui-bg_highlight-soft_100_c6c2c8_1x100.png HTTP/1.1" 404 1117
192.168.10.89 - - [14/Mar/2017:09:37:21 -0300] "GET /cormun/static/Shared/jqueryui/images/ui-icons_8d78a5_256x240.png HTTP/1.1" 404 1089
192.168.10.89 - - [14/Mar/2017:09:37:21 -0300] "GET /cormun/static/Shared/jqueryui/images/ui-icons_82798d_256x240.png HTTP/1.1" 404 1089
192.168.10.89 - - [14/Mar/2017:09:37:21 -0300] "GET /cormun/static/Shared/jqueryui/images/ui-bg_flat_55_fafafa_40x100.png HTTP/1.1" 404 1097
192.168.10.89 - - [14/Mar/2017:09:37:39 -0300] "GET /cormun/servlet/trautorizarsolicitud? HTTP/1.1" 200 6852
192.168.10.89 - - [14/Mar/2017:09:37:39 -0300] "GET /cormun/static/trautorizarsolicitud.js?2017259113483 HTTP/1.1" 304 -
192.168.10.89 - - [14/Mar/2017:09:37:43 -0300] "POST /cormun/servlet/trautorizarsolicitud?48d6617d20efe8fc72d4f3794a011ad0,,gx-no-cache=1489498345703 HTTP/1.1" 200 4118
186.79.43.69 - - [14/Mar/2017:09:37:43 -0300] "GET /cormun/servlet/solicitudotadjuntos?INS,2017,5481,,1, HTTP/1.1" 200 6016
186.79.43.69 - - [14/Mar/2017:09:37:44 -0300] "GET /cormun/static/about:blank HTTP/1.1" 404 1011
186.79.43.69 - - [14/Mar/2017:09:37:44 -0300] "GET /cormun/servlet/solicitudotadjuntos?INS,2017,5481,,1, HTTP/1.1" 200 6009
186.79.43.69 - - [14/Mar/2017:09:37:44 -0300] "GET /cormun/servlet/solicitudotadjuntos?fe507d3df03ed8b7e6e8f88df445ce95792b8aaa9bbcd97bdae6efa08c3b5abbff9bc2609842a85806b8ef7b1b387c3f,gx-no-cache=1489495132021 HTTP/1.1" 200 30
186.79.43.69 - - [14/Mar/2017:09:37:45 -0300] "POST /cormun/servlet/solicitudotadjuntos?939091cfedcb9f428e011c3a40ca363b,INS,2017,5481,,1,,gx-no-cache=1489495132104 HTTP/1.1" 200 3827
192.168.10.89 - - [14/Mar/2017:09:37:47 -0300] "GET /cormun/servlet/trautorizarsolicitud? HTTP/1.1" 200 6852
192.168.10.89 - - [14/Mar/2017:09:37:49 -0300] "POST /cormun/servlet/trautorizarsolicitud?48d6617d20efe8fc72d4f3794a011ad0,,gx-no-cache=1489498351904 HTTP/1.1" 200 4118
186.79.43.69 - - [14/Mar/2017:09:37:50 -0300] "POST /cormun/servlet/solicitudotadjuntos?gx-no-cache=1489495137114 HTTP/1.1" 200 26
192.168.10.89 - - [14/Mar/2017:09:37:53 -0300] "GET /cormun/static/menuarrow.gif HTTP/1.1" 404 1015
192.168.10.89 - - [14/Mar/2017:09:37:56 -0300] "POST /cormun/servlet/trautorizarsolicitud?48d6617d20efe8fc72d4f3794a011ad0,,gx-no-cache=1489498359215 HTTP/1.1" 200 5858
192.168.10.89 - - [14/Mar/2017:09:38:07 -0300] "POST /cormun/servlet/trautorizarsolicitud?48d6617d20efe8fc72d4f3794a011ad0,,gx-no-cache=1489498370277 HTTP/1.1" 200 5442
192.168.10.89 - - [14/Mar/2017:09:38:08 -0300] "POST /cormun/servlet/trautorizarsolicitud?48d6617d20efe8fc72d4f3794a011ad0,,gx-no-cache=1489498370682 HTTP/1.1" 200 5387
192.168.10.89 - - [14/Mar/2017:09:38:08 -0300] "GET /cormun/static/Shared/jqueryui/images/ui-icons_8d78a5_256x240.png HTTP/1.1" 404 1089
192.168.10.89 - - [14/Mar/2017:09:38:08 -0300] "GET /cormun/static/Shared/jqueryui/images/ui-bg_flat_55_fafafa_40x100.png HTTP/1.1" 404 1097
192.168.10.89 - - [14/Mar/2017:09:38:08 -0300] "GET /cormun/static/Shared/jqueryui/images/ui-bg_highlight-soft_100_c6c2c8_1x100.png HTTP/1.1" 404 1117
192.168.10.89 - - [14/Mar/2017:09:38:08 -0300] "GET /cormun/static/Shared/jqueryui/images/ui-icons_82798d_256x240.png HTTP/1.1" 404 1089
186.79.43.69 - - [14/Mar/2017:09:38:13 -0300] "GET /cormun/servlet/solicitudotadjuntos?fe507d3df03ed8b7e6e8f88df445ce9531222bde38e05d04c95ea81faa2e2b4b,gx-no-cache=1489495160933 HTTP/1.1" 200 30
186.79.43.69 - - [14/Mar/2017:09:38:14 -0300] "GET /cormun/servlet/solicitudotadjuntos?fe507d3df03ed8b7e6e8f88df445ce9531222bde38e05d04c95ea81faa2e2b4b,gx-no-cache=1489495161125 HTTP/1.1" 200 30
186.79.43.69 - - [14/Mar/2017:09:38:18 -0300] "POST /cormun/servlet/solicitudotadjuntos?939091cfedcb9f428e011c3a40ca363b,INS,2017,5481,,1, HTTP/1.1" 200 116
186.79.43.69 - - [14/Mar/2017:09:38:18 -0300] "GET /cormun/servlet/hpexe_return? HTTP/1.1" 200 1029
186.79.43.69 - - [14/Mar/2017:09:38:18 -0300] "GET /cormun/servlet/trsolicitudadjuntos?2017,5481, HTTP/1.1" 200 8567
186.79.43.69 - - [14/Mar/2017:09:38:19 -0300] "GET /cormun/servlet/trsolicitudadjuntos?2017,5481, HTTP/1.1" 200 8566
192.168.10.89 - - [14/Mar/2017:09:38:19 -0300] "GET /cormun/servlet/hlogin HTTP/1.1" 200 1744
186.79.43.69 - - [14/Mar/2017:09:38:21 -0300] "GET /cormun/servlet/solicitudotadjuntos?INS,2017,5481,,1, HTTP/1.1" 200 6015
186.79.43.69 - - [14/Mar/2017:09:38:22 -0300] "GET /cormun/static/about:blank HTTP/1.1" 404 1011
186.79.43.69 - - [14/Mar/2017:09:38:22 -0300] "GET /cormun/servlet/solicitudotadjuntos?INS,2017,5481,,1, HTTP/1.1" 200 6009
186.79.43.69 - - [14/Mar/2017:09:38:22 -0300] "GET /cormun/servlet/solicitudotadjuntos?fe507d3df03ed8b7e6e8f88df445ce95792b8aaa9bbcd97bdae6efa08c3b5abbff9bc2609842a85806b8ef7b1b387c3f,gx-no-cache=1489495170056 HTTP/1.1" 200 30
186.79.43.69 - - [14/Mar/2017:09:38:23 -0300] "POST /cormun/servlet/solicitudotadjuntos?939091cfedcb9f428e011c3a40ca363b,INS,2017,5481,,1,,gx-no-cache=1489495170158 HTTP/1.1" 200 3827
186.79.43.69 - - [14/Mar/2017:09:38:26 -0300] "POST /cormun/servlet/solicitudotadjuntos?gx-no-cache=1489495173676 HTTP/1.1" 200 26
192.168.10.89 - - [14/Mar/2017:09:38:26 -0300] "POST /cormun/servlet/hlogin?48d6617d20efe8fc72d4f3794a011ad0,gx-no-cache=1489498389057 HTTP/1.1" 200 90
192.168.10.89 - - [14/Mar/2017:09:38:26 -0300] "GET /cormun/servlet/hpexe_link HTTP/1.1" 200 954
192.168.10.89 - - [14/Mar/2017:09:38:27 -0300] "GET /cormun/servlet/hhome HTTP/1.1" 200 4387
192.168.10.89 - - [14/Mar/2017:09:38:29 -0300] "GET /cormun/servlet/trsolicitudgral? HTTP/1.1" 200 8711
186.79.43.69 - - [14/Mar/2017:09:38:30 -0300] "GET /cormun/servlet/solicitudotadjuntos?fe507d3df03ed8b7e6e8f88df445ce9531222bde38e05d04c95ea81faa2e2b4b,gx-no-cache=1489495177812 HTTP/1.1" 200 30
186.79.43.69 - - [14/Mar/2017:09:38:30 -0300] "GET /cormun/servlet/solicitudotadjuntos?fe507d3df03ed8b7e6e8f88df445ce9531222bde38e05d04c95ea81faa2e2b4b,gx-no-cache=1489495177909 HTTP/1.1" 200 30
186.79.43.69 - - [14/Mar/2017:09:38:35 -0300] "POST /cormun/servlet/solicitudotadjuntos?939091cfedcb9f428e011c3a40ca363b,INS,2017,5481,,1, HTTP/1.1" 200 116
186.79.43.69 - - [14/Mar/2017:09:38:36 -0300] "GET /cormun/servlet/hpexe_return? HTTP/1.1" 200 1029
192.168.10.89 - - [14/Mar/2017:09:38:36 -0300] "POST /cormun/servlet/trsolicitudgral?48d6617d20efe8fc72d4f3794a011ad0,,gx-no-cache=1489498398415 HTTP/1.1" 200 5405
186.79.43.69 - - [14/Mar/2017:09:38:36 -0300] "GET /cormun/servlet/trsolicitudadjuntos?2017,5481, HTTP/1.1" 200 8696
186.79.43.69 - - [14/Mar/2017:09:38:37 -0300] "GET /cormun/servlet/trsolicitudadjuntos?2017,5481, HTTP/1.1" 200 8694
186.79.43.69 - - [14/Mar/2017:09:38:39 -0300] "GET /cormun/servlet/solicitudotadjuntos?INS,2017,5481,,1, HTTP/1.1" 200 6015
186.79.43.69 - - [14/Mar/2017:09:38:39 -0300] "GET /cormun/static/about:blank HTTP/1.1" 404 1011
186.79.43.69 - - [14/Mar/2017:09:38:39 -0300] "GET /cormun/servlet/solicitudotadjuntos?INS,2017,5481,,1, HTTP/1.1" 200 6009
186.79.43.69 - - [14/Mar/2017:09:38:40 -0300] "GET /cormun/servlet/solicitudotadjuntos?fe507d3df03ed8b7e6e8f88df445ce95792b8aaa9bbcd97bdae6efa08c3b5abbff9bc2609842a85806b8ef7b1b387c3f,gx-no-cache=1489495187283 HTTP/1.1" 200 30
186.79.43.69 - - [14/Mar/2017:09:38:40 -0300] "POST /cormun/servlet/solicitudotadjuntos?939091cfedcb9f428e011c3a40ca363b,INS,2017,5481,,1,,gx-no-cache=1489495187389 HTTP/1.1" 200 3827
192.168.10.89 - - [14/Mar/2017:09:38:40 -0300] "GET /cormun/servlet/trsolicitudgral? HTTP/1.1" 200 8707
192.168.10.89 - - [14/Mar/2017:09:38:44 -0300] "POST /cormun/servlet/trsolicitudgral?48d6617d20efe8fc72d4f3794a011ad0,,gx-no-cache=1489498406363 HTTP/1.1" 200 5405
186.79.43.69 - - [14/Mar/2017:09:38:44 -0300] "POST /cormun/servlet/solicitudotadjuntos?gx-no-cache=1489495191647 HTTP/1.1" 200 26
192.168.10.89 - - [14/Mar/2017:09:38:46 -0300] "GET /cormun/static/menuarrow.gif HTTP/1.1" 404 1015
192.168.10.89 - - [14/Mar/2017:09:38:50 -0300] "POST /cormun/servlet/trsolicitudgral?48d6617d20efe8fc72d4f3794a011ad0,,gx-no-cache=1489498412374 HTTP/1.1" 200 6705
186.79.43.69 - - [14/Mar/2017:09:38:50 -0300] "GET /cormun/servlet/solicitudotadjuntos?fe507d3df03ed8b7e6e8f88df445ce9531222bde38e05d04c95ea81faa2e2b4b,gx-no-cache=1489495197617 HTTP/1.1" 200 30
186.79.43.69 - - [14/Mar/2017:09:38:50 -0300] "GET /cormun/servlet/solicitudotadjuntos?fe507d3df03ed8b7e6e8f88df445ce9531222bde38e05d04c95ea81faa2e2b4b,gx-no-cache=1489495197705 HTTP/1.1" 200 30
186.79.43.69 - - [14/Mar/2017:09:38:58 -0300] "POST /cormun/servlet/solicitudotadjuntos?939091cfedcb9f428e011c3a40ca363b,INS,2017,5481,,1, HTTP/1.1" 200 116
186.79.43.69 - - [14/Mar/2017:09:38:58 -0300] "GET /cormun/servlet/hpexe_return? HTTP/1.1" 200 1029
186.79.43.69 - - [14/Mar/2017:09:38:58 -0300] "GET /cormun/servlet/trsolicitudadjuntos?2017,5481, HTTP/1.1" 200 8894
186.79.43.69 - - [14/Mar/2017:09:38:59 -0300] "GET /cormun/servlet/trsolicitudadjuntos?2017,5481, HTTP/1.1" 200 8894
192.168.10.89 - - [14/Mar/2017:09:39:00 -0300] "GET /cormun/servlet/solicitudgral?UPD,2017,3488, HTTP/1.1" 200 12208
186.79.43.69 - - [14/Mar/2017:09:39:01 -0300] "GET /cormun/servlet/solicitudotadjuntos?INS,2017,5481,,1, HTTP/1.1" 200 6015
192.168.10.89 - - [14/Mar/2017:09:39:02 -0300] "POST /cormun/servlet/solicitudgral?gx-no-cache=1489498424605 HTTP/1.1" 200 3185
186.79.43.69 - - [14/Mar/2017:09:39:02 -0300] "GET /cormun/static/about:blank HTTP/1.1" 404 1011
186.79.43.69 - - [14/Mar/2017:09:39:02 -0300] "GET /cormun/servlet/solicitudotadjuntos?INS,2017,5481,,1, HTTP/1.1" 200 6009
192.168.10.89 - - [14/Mar/2017:09:39:02 -0300] "GET /cormun/servlet/solicitudgral?99f32ef8efe3705dbe4d6e132a23d15009bbc70f8f5d71c5efcaa00f7630b83e74af110ae2eb7191a22a4285f6fe17853d350e43554750e8dbec6f67f5e698f1d364b7753fca74581f97a773e4391006bdbe99d6a171186579f2698a15b5fbedd75ea9e8548210d9b9120c8b87ef9de871860bf1b399448431e5a06cb17be710257ecdee97a3bb14e14a3868225f26c678349a6ffab0d1a6dd6b98d2502f1f760b3c09a51ad500b24fa14952b9f93e72bcc43962e33d2fd4497f01514ba459e9d032f3339eef65d9685f08173b4356c7279ea773ce28e45fb24e4a12e236f51faa7e4b00768b225fa3ccfefca7e66998bb3dfe7393c8ab63f384a4a9a8d7dd9cf19f9471b1106d3fc6d4a9b3164f550d04922b3207066f4be3255e832d509e458cef7fea503806be1e258b9b852c7e12bd88f876d21b935a606f1c2c71279fbe2304812af84be5fcae737076849404ce,gx-no-cache=1489498424834 HTTP/1.1" 200 257
186.79.43.69 - - [14/Mar/2017:09:39:02 -0300] "GET /cormun/servlet/solicitudotadjuntos?fe507d3df03ed8b7e6e8f88df445ce95792b8aaa9bbcd97bdae6efa08c3b5abbff9bc2609842a85806b8ef7b1b387c3f,gx-no-cache=1489495209894 HTTP/1.1" 200 30
186.79.43.69 - - [14/Mar/2017:09:39:03 -0300] "POST /cormun/servlet/solicitudotadjuntos?939091cfedcb9f428e011c3a40ca363b,INS,2017,5481,,1,,gx-no-cache=1489495210008 HTTP/1.1" 200 3827
192.168.10.89 - - [14/Mar/2017:09:39:04 -0300] "GET /cormun/servlet/solicitudgral?99f32ef8efe3705dbe4d6e132a23d1509a205c7464190d74f010f32de67ab0e0b1993210901792db2673b2a817daa07f9a495be3a52b66d34003553d68bdc7cb1148aba1a4c2465a7ebd1c906f4ebad0d8ec251c8b6c66c526508d3ab9ab8ef0393f05342edf2bf1430f88e5af8d19e67ca4b4c1c582942d60eb94627e78dee387499ab0b1f0f4fdf78830f02e131724755a7d8bc805e5b9ebf202203143eccf0bfa4d65308a40a7e43eccdd4d8707a9d032f3339eef65d9685f08173b4356c738cca622677aa933b078ca63d2aa3f6855f3280eb23a5ae26b00d821fd99d0e2dcc1bbc21f3e48ea154cbda205e094ecef7498256ffde6546ae4bfe20f4fb55c1923e69f2692db97d674ebfbe9bc0eb98c0ea20ee04fc2c9c88a37ada9c5a94063d11e9f23cc313cb690ba9571769330e886da1e1c5e4aa7621b5dc06f35fb139cb826b1fac62ac3907396349024518ca5cd209f969c3ed3bcb3cdcc57860847e045909092fb53553a6d332190d4560e83bdabdddd6dbbd082078b8e42322b86ba696536bcddc07a7b4060ea2902f96cb80262cf1d473b089a2f020b4ce6dca29f003e2a56d73546a107e214221cbc18349427a9b3969e48fab4981585dd4eb10379dc5cfecc1faf84fd7a9771775489d51a0b1e144149a454cc39f966fb628727ee9492390bdb9a8a2c66026d136c1ab80262cf1d473b089a2f020b4ce6dca23f4f2d38e4d9b06f57aff638293c30a7fd17ec953ef41ac7f032f89e2343140da07fce0cb07f9cdf5afa8cbe40603293,gx-no-cache=1489498426846 HTTP/1.1" 200 48
192.168.10.89 - - [14/Mar/2017:09:39:05 -0300] "POST /cormun/servlet/solicitudgral?48d6617d20efe8fc72d4f3794a011ad0,UPD,2017,3488,,gx-no-cache=1489498428006 HTTP/1.1" 200 10578
186.79.43.69 - - [14/Mar/2017:09:39:05 -0300] "POST /cormun/servlet/solicitudotadjuntos?gx-no-cache=1489495212796 HTTP/1.1" 200 26
192.168.10.89 - - [14/Mar/2017:09:39:05 -0300] "GET /cormun/servlet/solicitudgral?99f32ef8efe3705dbe4d6e132a23d150563fbd77701bf830584f9731e243f8f2e0a089c5920d6f5649375dc7afaf056a9b9497ccba1bc84a11e4e2a0267bdd76e1cc1c6f7d759d4f9af0078330c3d0854097ed18943bb05ebb583e650c6b76cb7fe569fa2a0b2f7bbb1dfbb2cc8f31d2f84bee610a5ac6c429672c8048737efec839d03e90c62ab8266c9e8f2d43aecf3b2eeb77c268eba38c9be2bb396d57dd,gx-no-cache=1489498428256 HTTP/1.1" 200 29
192.168.10.89 - - [14/Mar/2017:09:39:05 -0300] "POST /cormun/servlet/solicitudgral?gx-no-cache=1489498428279 HTTP/1.1" 200 1251
192.168.10.89 - - [14/Mar/2017:09:39:05 -0300] "POST /cormun/servlet/solicitudgral?gx-no-cache=1489498428315 HTTP/1.1" 200 1154
192.168.10.89 - - [14/Mar/2017:09:39:06 -0300] "POST /cormun/servlet/solicitudgral?48d6617d20efe8fc72d4f3794a011ad0,UPD,2017,3488,,gx-no-cache=1489498428352 HTTP/1.1" 200 93
192.168.10.89 - - [14/Mar/2017:09:39:06 -0300] "GET /cormun/servlet/hpexe_return? HTTP/1.1" 200 1012
192.168.10.89 - - [14/Mar/2017:09:39:06 -0300] "GET /cormun/servlet/trsolicitudgral? HTTP/1.1" 200 10016
192.168.10.89 - - [14/Mar/2017:09:39:33 -0300] "GET /cormun/servlet/hlogin HTTP/1.1" 200 1741
192.168.10.89 - - [14/Mar/2017:09:39:42 -0300] "POST /cormun/servlet/hlogin?48d6617d20efe8fc72d4f3794a011ad0,gx-no-cache=1489498465028 HTTP/1.1" 200 90
192.168.10.89 - - [14/Mar/2017:09:39:42 -0300] "GET /cormun/servlet/hpexe_link HTTP/1.1" 200 954
192.168.10.89 - - [14/Mar/2017:09:39:43 -0300] "GET /cormun/servlet/hhome HTTP/1.1" 200 3932
192.168.10.89 - - [14/Mar/2017:09:39:45 -0300] "GET /cormun/servlet/trsolicitudot? HTTP/1.1" 200 9656
192.168.10.89 - - [14/Mar/2017:09:39:54 -0300] "GET /cormun/servlet/trautorizarsolicitud? HTTP/1.1" 200 8111
192.168.10.89 - - [14/Mar/2017:09:40:07 -0300] "POST /cormun/servlet/trautorizarsolicitud?48d6617d20efe8fc72d4f3794a011ad0,,gx-no-cache=1489498489933 HTTP/1.1" 200 115
192.168.10.89 - - [14/Mar/2017:09:40:07 -0300] "GET /cormun/servlet/solicitudotlog?INS,2017,4703,0,REC, HTTP/1.1" 200 5732
192.168.10.89 - - [14/Mar/2017:09:40:08 -0300] "GET /cormun/servlet/solicitudotlog?99f32ef8efe3705dbe4d6e132a23d15069d9379d68291d84bcb369a2413b2cff41aab512d6c5270eb23b56867f663e681789bde6ab14ea9f3fd1fc9d2fd9dc1727ebad4aa4209a5b2163d311236a6f6a16d57fd707da76903c7dc4f559db1a7ef9df459c710c0e54d6bcb453de06f122f3947d0b872119985dc53d39762a6f89090472190833ef108231054cb339a23fa0b0a43569099f7cdadd0e365533c950,gx-no-cache=1489498491280 HTTP/1.1" 200 94
192.168.10.89 - - [14/Mar/2017:09:40:11 -0300] "POST /cormun/servlet/solicitudotlog?48d6617d20efe8fc72d4f3794a011ad0,INS,2017,4703,0,REC,,gx-no-cache=1489498493728 HTTP/1.1" 200 93
192.168.10.89 - - [14/Mar/2017:09:40:11 -0300] "GET /cormun/servlet/hpexe_return? HTTP/1.1" 200 1027
192.168.10.89 - - [14/Mar/2017:09:40:11 -0300] "GET /cormun/servlet/trautorizarsolicitud HTTP/1.1" 200 6855
192.168.10.89 - - [14/Mar/2017:09:40:14 -0300] "GET /cormun/servlet/trsolicitudot? HTTP/1.1" 200 9951
192.168.10.89 - - [14/Mar/2017:09:40:18 -0300] "POST /cormun/servlet/trsolicitudot?48d6617d20efe8fc72d4f3794a011ad0,,gx-no-cache=1489498501099 HTTP/1.1" 200 106
192.168.10.89 - - [14/Mar/2017:09:40:18 -0300] "GET /cormun/servlet/solicitudot?UPD,2017,4703, HTTP/1.1" 200 14388
192.168.10.89 - - [14/Mar/2017:09:40:20 -0300] "POST /cormun/servlet/solicitudot?gx-no-cache=1489498502701 HTTP/1.1" 200 3164
192.168.10.89 - - [14/Mar/2017:09:40:20 -0300] "POST /cormun/servlet/solicitudot?48d6617d20efe8fc72d4f3794a011ad0,UPD,2017,4703,,gx-no-cache=1489498502953 HTTP/1.1" 200 11058
192.168.10.89 - - [14/Mar/2017:09:40:20 -0300] "GET /cormun/servlet/solicitudot?99f32ef8efe3705dbe4d6e132a23d150d81f721f13c8baa3205ef575691140124bab509628c22ba67b450e5f3194efef,gx-no-cache=1489498503209 HTTP/1.1" 200 30
192.168.10.89 - - [14/Mar/2017:09:40:20 -0300] "POST /cormun/servlet/solicitudot?gx-no-cache=1489498503285 HTTP/1.1" 200 254
192.168.10.89 - - [14/Mar/2017:09:40:20 -0300] "GET /cormun/servlet/solicitudot?99f32ef8efe3705dbe4d6e132a23d150f2c1fda474dd2f4f8db0c1681644e1f35ab141eaba5526a1ee58decc5fe084e4d4ee7527004d22c10480a795d28ef76e09b5dd55f36ca558e972d4431e861c8d4fce51f08e34a5eb81b93025952c0a5a5580af20783760d956e26edef1a66a33ac2ec52cf040a74bd9c3a2f464141dca8574420a5cd43c2ee0f5d8b519b63dd36d70c9d94763bbd1925a0fe715899ea13f1588a887f6113d8dc279a1c3d24365193c7dd08603e4df597104e8859929fd36067c64eb59a8081287d6a0f4973666c407e840d40f0c4f53e77fde588a6a19309039ab33942194fda7fad965df27372234245217493c1c2e35a421eacd8e25cab6ab608183812db4eff502206a228e4727959779af1c3c4983935571e1283c941a8a405e97d73813aadbc1b7f9ed61c72129aaad236bc3e7e71d4beb42b3da64495ebd4e63782639ef610494b12a3ff33195e50d82de7d5ca36f8848112f22d20004ca406f470ce4ee3de20a816ca823cbb2e57197b09cda52d1a368d442e2,gx-no-cache=1489498503313 HTTP/1.1" 200 30
192.168.10.89 - - [14/Mar/2017:09:40:20 -0300] "POST /cormun/servlet/solicitudot?gx-no-cache=1489498503334 HTTP/1.1" 200 30
192.168.10.89 - - [14/Mar/2017:09:40:20 -0300] "POST /cormun/servlet/solicitudot?gx-no-cache=1489498503376 HTTP/1.1" 200 1287
192.168.10.89 - - [14/Mar/2017:09:40:21 -0300] "POST /cormun/servlet/solicitudot?gx-no-cache=1489498503416 HTTP/1.1" 200 41
192.168.10.89 - - [14/Mar/2017:09:40:39 -0300] "POST /cormun/servlet/solicitudot?48d6617d20efe8fc72d4f3794a011ad0,UPD,2017,4703,,gx-no-cache=1489498521594 HTTP/1.1" 200 93
192.168.10.89 - - [14/Mar/2017:09:40:39 -0300] "GET /cormun/servlet/hpexe_return? HTTP/1.1" 200 1012
192.168.10.89 - - [14/Mar/2017:09:40:39 -0300] "GET /cormun/servlet/trsolicitudot HTTP/1.1" 200 9954
192.168.10.89 - - [14/Mar/2017:09:40:59 -0300] "POST /cormun/servlet/trsolicitudot?48d6617d20efe8fc72d4f3794a011ad0,gx-no-cache=1489498542076 HTTP/1.1" 200 106
192.168.10.89 - - [14/Mar/2017:09:40:59 -0300] "GET /cormun/servlet/solicitudot?UPD,2017,4703, HTTP/1.1" 200 14388
192.168.10.89 - - [14/Mar/2017:09:41:01 -0300] "POST /cormun/servlet/solicitudot?gx-no-cache=1489498543744 HTTP/1.1" 200 3164
192.168.10.89 - - [14/Mar/2017:09:41:01 -0300] "POST /cormun/servlet/solicitudot?48d6617d20efe8fc72d4f3794a011ad0,UPD,2017,4703,,gx-no-cache=1489498543999 HTTP/1.1" 200 11058
192.168.10.89 - - [14/Mar/2017:09:41:01 -0300] "GET /cormun/servlet/solicitudot?99f32ef8efe3705dbe4d6e132a23d150d81f721f13c8baa3205ef575691140124bab509628c22ba67b450e5f3194efef,gx-no-cache=1489498544262 HTTP/1.1" 200 30
192.168.10.89 - - [14/Mar/2017:09:41:01 -0300] "POST /cormun/servlet/solicitudot?gx-no-cache=1489498544338 HTTP/1.1" 200 254
192.168.10.89 - - [14/Mar/2017:09:41:01 -0300] "GET /cormun/servlet/solicitudot?99f32ef8efe3705dbe4d6e132a23d150f2c1fda474dd2f4f8db0c1681644e1f35ab141eaba5526a1ee58decc5fe084e4d4ee7527004d22c10480a795d28ef76e09b5dd55f36ca558e972d4431e861c8d4fce51f08e34a5eb81b93025952c0a5a5580af20783760d956e26edef1a66a33ac2ec52cf040a74bd9c3a2f464141dca8574420a5cd43c2ee0f5d8b519b63dd36d70c9d94763bbd1925a0fe715899ea13f1588a887f6113d8dc279a1c3d24365193c7dd08603e4df597104e8859929fd36067c64eb59a8081287d6a0f4973666c407e840d40f0c4f53e77fde588a6a19309039ab33942194fda7fad965df27372234245217493c1c2e35a421eacd8e25cab6ab608183812db4eff502206a228e4727959779af1c3c4983935571e1283c941a8a405e97d73813aadbc1b7f9ed61c72129aaad236bc3e7e71d4beb42b3da64495ebd4e63782639ef610494b12a3ff33195e50d82de7d5ca36f8848112f22d20004ca406f470ce4ee3de20a816ca823cbb2e57197b09cda52d1a368d442e2,gx-no-cache=1489498544367 HTTP/1.1" 200 30
192.168.10.89 - - [14/Mar/2017:09:41:01 -0300] "POST /cormun/servlet/solicitudot?gx-no-cache=1489498544387 HTTP/1.1" 200 30
192.168.10.89 - - [14/Mar/2017:09:41:02 -0300] "POST /cormun/servlet/solicitudot?gx-no-cache=1489498544430 HTTP/1.1" 200 1287
192.168.10.89 - - [14/Mar/2017:09:41:02 -0300] "POST /cormun/servlet/solicitudot?gx-no-cache=1489498544470 HTTP/1.1" 200 41
192.168.10.89 - - [14/Mar/2017:09:41:21 -0300] "POST /cormun/servlet/solicitudot?48d6617d20efe8fc72d4f3794a011ad0,UPD,2017,4703,,gx-no-cache=1489498564206 HTTP/1.1" 200 93
192.168.10.89 - - [14/Mar/2017:09:41:21 -0300] "GET /cormun/servlet/hpexe_return? HTTP/1.1" 200 1012
192.168.10.89 - - [14/Mar/2017:09:41:22 -0300] "GET /cormun/servlet/trsolicitudot HTTP/1.1" 200 9954
192.168.10.89 - - [14/Mar/2017:09:41:28 -0300] "POST /cormun/servlet/trsolicitudot?48d6617d20efe8fc72d4f3794a011ad0,gx-no-cache=1489498571282 HTTP/1.1" 200 106
192.168.10.89 - - [14/Mar/2017:09:41:29 -0300] "GET /cormun/servlet/solicitudot?DLT,2017,4703, HTTP/1.1" 200 9517
192.168.10.89 - - [14/Mar/2017:09:41:30 -0300] "GET /cormun/static/Shared/jqueryui/images/ui-bg_highlight-soft_100_c6c2c8_1x100.png HTTP/1.1" 404 1117
192.168.10.89 - - [14/Mar/2017:09:41:30 -0300] "GET /cormun/static/Shared/jqueryui/images/ui-icons_8d78a5_256x240.png HTTP/1.1" 404 1089
192.168.10.89 - - [14/Mar/2017:09:41:30 -0300] "GET /cormun/static/Shared/jqueryui/images/ui-bg_flat_55_fafafa_40x100.png HTTP/1.1" 404 1097
192.168.10.89 - - [14/Mar/2017:09:41:30 -0300] "GET /cormun/static/Shared/jqueryui/images/ui-icons_82798d_256x240.png HTTP/1.1" 404 1089
192.168.10.89 - - [14/Mar/2017:09:41:32 -0300] "GET /cormun/servlet/trsolicitudot HTTP/1.1" 200 9954
186.103.158.250 - - [14/Mar/2017:09:41:32 -0300] "POST /cormun/servlet/solicitudot?7de52a09f773af46d0ae96f6fbeb2896,UPD,2017,3488,,gx-no-cache=1489495361303 HTTP/1.1" 200 93
186.103.158.250 - - [14/Mar/2017:09:41:33 -0300] "GET /cormun/servlet/hpexe_return? HTTP/1.1" 200 1007
186.103.158.250 - - [14/Mar/2017:09:41:33 -0300] "GET /cormun/servlet/trsolicitudot HTTP/1.1" 200 9947
186.103.158.250 - - [14/Mar/2017:09:41:35 -0300] "GET /cormun/servlet/trsolicitudot HTTP/1.1" 200 9943
186.103.158.250 - - [14/Mar/2017:09:41:42 -0300] "POST /cormun/servlet/trsolicitudot?7de52a09f773af46d0ae96f6fbeb2896,gx-no-cache=1489495370234 HTTP/1.1" 200 106
186.103.158.250 - - [14/Mar/2017:09:41:42 -0300] "GET /cormun/servlet/trsolicitudadjuntos?2017,4703, HTTP/1.1" 200 9264
186.103.158.250 - - [14/Mar/2017:09:41:44 -0300] "GET /cormun/servlet/trsolicitudadjuntos?2017,4703, HTTP/1.1" 200 9265
186.103.158.250 - - [14/Mar/2017:09:42:02 -0300] "GET /cormun/servlet/trsolicitudot HTTP/1.1" 200 9947
186.103.158.250 - - [14/Mar/2017:09:42:03 -0300] "GET /cormun/servlet/trsolicitudot HTTP/1.1" 200 9943
186.103.158.250 - - [14/Mar/2017:09:42:18 -0300] "POST /cormun/servlet/trsolicitudot?7de52a09f773af46d0ae96f6fbeb2896,gx-no-cache=1489495407193 HTTP/1.1" 200 106
186.103.158.250 - - [14/Mar/2017:09:42:19 -0300] "GET /cormun/servlet/solicitudot?UPD,2017,4703, HTTP/1.1" 200 14384
186.103.158.250 - - [14/Mar/2017:09:42:20 -0300] "GET /cormun/servlet/solicitudot?UPD,2017,4703, HTTP/1.1" 200 14393
186.103.158.250 - - [14/Mar/2017:09:42:21 -0300] "POST /cormun/servlet/solicitudot?gx-no-cache=1489495409390 HTTP/1.1" 200 3164
186.103.158.250 - - [14/Mar/2017:09:42:21 -0300] "POST /cormun/servlet/solicitudot?7de52a09f773af46d0ae96f6fbeb2896,UPD,2017,4703,,gx-no-cache=1489495409648 HTTP/1.1" 200 11055
186.103.158.250 - - [14/Mar/2017:09:42:21 -0300] "GET /cormun/servlet/solicitudot?85c6f64bf6d7591691adb87610f8592cee141bbca09791e86a872341dce449932122e7fb151f0209fdb7c343aea95527,gx-no-cache=1489495410052 HTTP/1.1" 200 30
186.103.158.250 - - [14/Mar/2017:09:42:21 -0300] "POST /cormun/servlet/solicitudot?gx-no-cache=1489495410126 HTTP/1.1" 200 254
186.103.158.250 - - [14/Mar/2017:09:42:22 -0300] "GET /cormun/servlet/solicitudot?85c6f64bf6d7591691adb87610f8592c9cbd1376f82cc67e53ab29198c4b4a845a24e6ac44f3940a6ca69a2379b256c043226a385faea83b4b6cab520e18c919e256418c9450d33a9f65bd991cc7d30e3724a47e6b7ee92b3babc85841e1fce09a6909110f1050781daa68aa299c49f6ae681451b05227ee4010fd28618c4ebfdc6785f499a31511aa5896f20e2267fcaf5a3c1eb981a68ccbd33ed2786df0dd643f00084215605b54e819f2d625f9362acc0acda65b8af37775bc25ca4502a4bfb45baa76f40caab3fe9560f5f4ffee3a330c83972b3bd0336a146d00a85a193d8877244ac4c2415fb8798fcd2f5153a8844161321888cf39ea7b4c6289ef2790f99fca254ae6a2a40ee5710777b819599feca8d8cba871693fa27879157ba812cfd30b7c207178710a5f487cc860e3bb5c82ac3a77c87599b0409b4bd1bd30783227484ca538375fba8aa9351b456d1833248d271f72accb85ec5f2d7371e8a6593b47cd02d62e87e5689ad3553b7b3122647a164c80950db752cf9624cbb5,gx-no-cache=1489495410184 HTTP/1.1" 200 30
186.103.158.250 - - [14/Mar/2017:09:42:22 -0300] "POST /cormun/servlet/solicitudot?gx-no-cache=1489495410535 HTTP/1.1" 200 30
186.103.158.250 - - [14/Mar/2017:09:42:22 -0300] "POST /cormun/servlet/solicitudot?gx-no-cache=1489495410596 HTTP/1.1" 200 1287
186.103.158.250 - - [14/Mar/2017:09:42:22 -0300] "POST /cormun/servlet/solicitudot?gx-no-cache=1489495410692 HTTP/1.1" 200 41
192.168.10.96 - - [14/Mar/2017:09:42:25 -0300] "GET /cormun/servlet/vesolicitudnombre?2017,4861,,SolicitudOTAdjuntos HTTP/1.1" 200 10409
192.168.10.96 - - [14/Mar/2017:09:42:26 -0300] "GET /cormun/servlet/vesolicitudnombre?2017,4861,,SolicitudOTAdjuntos HTTP/1.1" 200 10413
192.168.10.96 - - [14/Mar/2017:09:42:26 -0300] "POST /cormun/servlet/acontrolpreferencessavestate?None,DZAMUDIO,true HTTP/1.1" 200 35
192.168.10.96 - - [14/Mar/2017:09:42:33 -0300] "GET /cormun/servlet/hlogin HTTP/1.1" 200 1755
192.168.10.89 - - [14/Mar/2017:09:42:38 -0300] "GET /cormun/servlet/solicitudot?INS,0,0, HTTP/1.1" 200 12737
192.168.10.89 - - [14/Mar/2017:09:42:48 -0300] "GET /cormun/servlet/prfichaempleado?,MD,,gxPopupLevel%3D0%3B HTTP/1.1" 200 8790
186.79.43.69 - - [14/Mar/2017:09:42:50 -0300] "GET /cormun/servlet/solicitudotadjuntos?fe507d3df03ed8b7e6e8f88df445ce9531222bde38e05d04c95ea81faa2e2b4b,gx-no-cache=1489495437425 HTTP/1.1" 200 30
186.79.43.69 - - [14/Mar/2017:09:42:50 -0300] "GET /cormun/servlet/solicitudotadjuntos?fe507d3df03ed8b7e6e8f88df445ce9531222bde38e05d04c95ea81faa2e2b4b,gx-no-cache=1489495437679 HTTP/1.1" 200 30
192.168.10.89 - - [14/Mar/2017:09:42:53 -0300] "POST /cormun/servlet/prfichaempleado?48d6617d20efe8fc72d4f3794a011ad0,,MD,,gxPopupLevel%3D0%3B,gx-no-cache=1489498655453 HTTP/1.1" 200 5663
192.168.10.96 - - [14/Mar/2017:09:42:56 -0300] "POST /cormun/servlet/hlogin?a90e5a810b5e993300fc012e1164963a,gx-no-cache=1489498659065 HTTP/1.1" 200 473
192.168.10.89 - - [14/Mar/2017:09:42:56 -0300] "POST /cormun/servlet/solicitudot?gx-no-cache=1489498659207 HTTP/1.1" 200 3166
192.168.10.89 - - [14/Mar/2017:09:42:57 -0300] "POST /cormun/servlet/solicitudot?48d6617d20efe8fc72d4f3794a011ad0,INS,0,0,,gx-no-cache=1489498659471 HTTP/1.1" 200 9933
192.168.10.96 - - [14/Mar/2017:09:43:00 -0300] "POST /cormun/servlet/hlogin?a90e5a810b5e993300fc012e1164963a,gx-no-cache=1489498662420 HTTP/1.1" 200 90
192.168.10.96 - - [14/Mar/2017:09:43:00 -0300] "GET /cormun/servlet/hpexe_link HTTP/1.1" 200 951
192.168.10.96 - - [14/Mar/2017:09:43:00 -0300] "GET /cormun/servlet/hhome HTTP/1.1" 200 3930
192.168.10.96 - - [14/Mar/2017:09:43:00 -0300] "GET /cormun/servlet/hhome HTTP/1.1" 200 3926
192.168.10.89 - - [14/Mar/2017:09:43:01 -0300] "GET /cormun/servlet/solicitudot?99f32ef8efe3705dbe4d6e132a23d150d81f721f13c8baa3205ef575691140125631e7f542add145cbaa1671242bc018,gx-no-cache=1489498663993 HTTP/1.1" 200 30
186.79.43.69 - - [14/Mar/2017:09:43:02 -0300] "POST /cormun/servlet/solicitudotadjuntos?939091cfedcb9f428e011c3a40ca363b,INS,2017,5481,,1, HTTP/1.1" 200 116
186.79.43.69 - - [14/Mar/2017:09:43:02 -0300] "GET /cormun/servlet/hpexe_return? HTTP/1.1" 200 1029
186.79.43.69 - - [14/Mar/2017:09:43:03 -0300] "GET /cormun/servlet/trsolicitudadjuntos?2017,5481, HTTP/1.1" 200 9101
186.79.43.69 - - [14/Mar/2017:09:43:04 -0300] "GET /cormun/servlet/trsolicitudadjuntos?2017,5481, HTTP/1.1" 200 9095
192.168.10.89 - - [14/Mar/2017:09:43:14 -0300] "POST /cormun/servlet/solicitudot?gx-no-cache=1489498677177 HTTP/1.1" 200 240
192.168.10.89 - - [14/Mar/2017:09:43:14 -0300] "GET /cormun/servlet/solicitudot?99f32ef8efe3705dbe4d6e132a23d150f2c1fda474dd2f4f8db0c1681644e1f3bd34bb85a9f71a5f3841633d677e311ad4ee7527004d22c10480a795d28ef76e09b5dd55f36ca558e972d4431e861c8d4fce51f08e34a5eb81b93025952c0a5a5580af20783760d956e26edef1a66a33ac2ec52cf040a74bd9c3a2f464141dca8574420a5cd43c2ee0f5d8b519b63dd36d70c9d94763bbd1925a0fe715899ea13f1588a887f6113d8dc279a1c3d24365193c7dd08603e4df597104e8859929fd36067c64eb59a8081287d6a0f4973666c407e840d40f0c4f53e77fde588a6a19309039ab33942194fda7fad965df27372234245217493c1c2e35a421eacd8e25cab6ab608183812db4eff502206a228e51cb96411b21ca19a95d70ee2e5493d713a47faa9c92c2c0b1385c80e4e48c3595c657c7d5f286aa977c421f2ba82a881315f59376d426729718d2b1e167ef0d9e25b8002088f31442ff34e9415ee20d137790e1e041c42c3c653840daf4941ed158085e90e53a301118c60d45fc8602,gx-no-cache=1489498677212 HTTP/1.1" 200 30
192.168.10.96 - - [14/Mar/2017:09:43:17 -0300] "GET /cormun/servlet/trinasistencia? HTTP/1.1" 200 6710
192.168.10.96 - - [14/Mar/2017:09:43:17 -0300] "GET /cormun/static/gxcfg.js?2016111619565993 HTTP/1.1" 200 953
192.168.10.96 - - [14/Mar/2017:09:43:17 -0300] "GET /cormun/static/trinasistencia.js?201611161957459 HTTP/1.1" 200 31481
192.168.10.96 - - [14/Mar/2017:09:43:17 -0300] "GET /cormun/servlet/trinasistencia? HTTP/1.1" 200 6709
192.168.10.96 - - [14/Mar/2017:09:43:18 -0300] "POST /cormun/servlet/acontrolpreferencessavestate?None,MQUEZADA,true HTTP/1.1" 200 35
192.168.10.96 - - [14/Mar/2017:09:43:21 -0300] "GET /cormun/servlet/inasistencia?INS,0, HTTP/1.1" 200 6657
192.168.10.96 - - [14/Mar/2017:09:43:21 -0300] "GET /cormun/static/gxcfg.js?201612218493067 HTTP/1.1" 200 953
192.168.10.96 - - [14/Mar/2017:09:43:21 -0300] "GET /cormun/static/inasistencia.js?201612218493118 HTTP/1.1" 200 25055
192.168.10.89 - - [14/Mar/2017:09:43:21 -0300] "POST /cormun/servlet/solicitudot?gx-no-cache=1489498683896 HTTP/1.1" 200 30
192.168.10.96 - - [14/Mar/2017:09:43:21 -0300] "GET /cormun/servlet/inasistencia?INS,0, HTTP/1.1" 200 6657
192.168.10.96 - - [14/Mar/2017:09:43:31 -0300] "GET /cormun/servlet/prfichaempleado?,MD,,gxPopupLevel%3D0%3B HTTP/1.1" 200 8800
192.168.10.89 - - [14/Mar/2017:09:43:35 -0300] "GET /cormun/servlet/prfichaempleado?,MD,,gxPopupLevel%3D0%3B HTTP/1.1" 200 8790
186.79.43.69 - - [14/Mar/2017:09:43:37 -0300] "GET /cormun/servlet/solicitudotadjuntos?INS,2017,5481,,2, HTTP/1.1" 200 6015
186.79.43.69 - - [14/Mar/2017:09:43:38 -0300] "GET /cormun/static/about:blank HTTP/1.1" 404 1011
186.79.43.69 - - [14/Mar/2017:09:43:38 -0300] "GET /cormun/servlet/solicitudotadjuntos?INS,2017,5481,,2, HTTP/1.1" 200 6008
186.79.43.69 - - [14/Mar/2017:09:43:38 -0300] "GET /cormun/servlet/solicitudotadjuntos?fe507d3df03ed8b7e6e8f88df445ce95792b8aaa9bbcd97bdae6efa08c3b5abbff9bc2609842a85806b8ef7b1b387c3f,gx-no-cache=1489495485692 HTTP/1.1" 200 30
186.79.43.69 - - [14/Mar/2017:09:43:39 -0300] "POST /cormun/servlet/solicitudotadjuntos?939091cfedcb9f428e011c3a40ca363b,INS,2017,5481,,2,,gx-no-cache=1489495485820 HTTP/1.1" 200 4043
192.168.10.96 - - [14/Mar/2017:09:43:41 -0300] "GET /cormun/servlet/inasistencia?c487c39ad29bf01729f679eef91b2da0cd526e0763fe01a6e9bf19f82df41532c60dbd5414a6b13254c6c3e436982d1a50dfe85427191e690ad7d28ab98baefd0788d436ffca75a384b147556e6988bfbeb2c5ab426ef3af28f48e2a6e420400321badfa44158c134e31c2434ce6f0845e104167829ffa3f15aa6440dd0eb81503e24f899bfb7dad4d0b6970c2862ae62a5c1b16fe6a8a872ac404abd13957a3,gx-no-cache=1489498703539 HTTP/1.1" 200 118
192.168.10.89 - - [14/Mar/2017:09:43:42 -0300] "POST /cormun/servlet/prfichaempleado?48d6617d20efe8fc72d4f3794a011ad0,,MD,,gxPopupLevel%3D0%3B,gx-no-cache=1489498704360 HTTP/1.1" 200 3397
192.168.10.89 - - [14/Mar/2017:09:43:44 -0300] "POST /cormun/servlet/solicitudot?gx-no-cache=1489498706762 HTTP/1.1" 200 1291
192.168.10.89 - - [14/Mar/2017:09:43:48 -0300] "GET /cormun/servlet/prlicenciaspermisos?14202586,P,,MD,,gxPopupLevel%3D0%3B HTTP/1.1" 200 5448
192.168.10.89 - - [14/Mar/2017:09:43:48 -0300] "GET /cormun/static/gxcfg.js?2016122619302491 HTTP/1.1" 304 -
192.168.10.89 - - [14/Mar/2017:09:43:48 -0300] "GET /cormun/static/prlicenciaspermisos.js?2016122619302645 HTTP/1.1" 304 -
192.168.10.89 - - [14/Mar/2017:09:43:49 -0300] "POST /cormun/servlet/acontrolpreferencessavestate?None,CERIKAKS,true HTTP/1.1" 200 35
192.168.10.89 - - [14/Mar/2017:09:43:52 -0300] "POST /cormun/servlet/solicitudot?gx-no-cache=1489498714926 HTTP/1.1" 200 41
192.168.10.96 - - [14/Mar/2017:09:43:52 -0300] "GET /cormun/servlet/inasistencia?c487c39ad29bf01729f679eef91b2da094626a049e8ac3a6e4ff2c04511826078dee7275d898fbcdd36e3813c48d38a5,gx-no-cache=1489498714916 HTTP/1.1" 200 33
192.168.10.89 - - [14/Mar/2017:09:43:59 -0300] "GET /cormun/servlet/solicitudot?99f32ef8efe3705dbe4d6e132a23d150191bd0bc06ecfb8b34d30c21afc42dcc41aab512d6c5270eb23b56867f663e686030b66bac112468886bffcb917e46498f2fa623951a9a2608dd401ddd26dcc0955d08a7e1dfcb84ae3f85873d6c896cb0524e412f08aabc62e6580e529a540465a3518f99e8f53bfc26cadff74b9f02afaceae720ced390e84755a1035e0323820c52d0b63f626a35ddc560ce7ef7d2,gx-no-cache=1489498721917 HTTP/1.1" 200 29
192.168.10.89 - - [14/Mar/2017:09:43:59 -0300] "POST /cormun/servlet/solicitudot?gx-no-cache=1489498721957 HTTP/1.1" 200 1274
192.168.10.96 - - [14/Mar/2017:09:44:01 -0300] "GET /cormun/servlet/inasistencia?c487c39ad29bf01729f679eef91b2da0564177a728a2bef06a11afc76888c29d8d854b7bd8059ce4d5496abbf99a93608d265761f019a27f9e9bc5e99410cddc9472cd5a43e1f243c8255a880f826cb2a1cc191cfe70500e5bb256b8c045a28076bb42bbc1cf057ef3f192dc493c71c6b36d535294cc54c05f425dbcaf3a1f5f17a2851d098ee73efd3eb3fdf196dea970ae63455bbe4571eddd5a8b03ac0391,gx-no-cache=1489498723381 HTTP/1.1" 200 46
192.168.10.89 - - [14/Mar/2017:09:44:06 -0300] "POST /cormun/servlet/solicitudot?gx-no-cache=1489498728654 HTTP/1.1" 200 1157
192.168.10.89 - - [14/Mar/2017:09:44:10 -0300] "GET /cormun/servlet/solicitudot?99f32ef8efe3705dbe4d6e132a23d150dca4ffc23ba891581582906c91e5c6c234dfedc213c1bbc026479b035ef8d687449c77510c72efd2fab6efec458222bc8af1e5ff99fb7e76598782b788f1265e11a9aa7e9d1c215290548bdb2dc2610bd8d5b50a0cc335cbc126aa71d8f2f99c71e969d479d4f33719bbbf31a67dee49983752c3ec535849eb67e8b8a2c8b3a88eafcc724f39da70012534124562739ce7c7464d8d7a5b57c6547a836b59d05ed47d891a02ca57e20ac10746f7004596,gx-no-cache=1489498732575 HTTP/1.1" 200 30
192.168.10.89 - - [14/Mar/2017:09:44:28 -0300] "POST /cormun/servlet/solicitudot?48d6617d20efe8fc72d4f3794a011ad0,INS,0,0,,gx-no-cache=1489498750776 HTTP/1.1" 200 93
192.168.10.89 - - [14/Mar/2017:09:44:28 -0300] "GET /cormun/servlet/hpexe_return? HTTP/1.1" 200 1005
192.168.10.89 - - [14/Mar/2017:09:44:29 -0300] "GET /cormun/servlet/trsolicitudot HTTP/1.1" 200 10416
192.168.10.89 - - [14/Mar/2017:09:44:34 -0300] "POST /cormun/servlet/trsolicitudot?48d6617d20efe8fc72d4f3794a011ad0,gx-no-cache=1489498756698 HTTP/1.1" 200 7234
192.168.10.89 - - [14/Mar/2017:09:44:34 -0300] "POST /cormun/servlet/trsolicitudot?48d6617d20efe8fc72d4f3794a011ad0,gx-no-cache=1489498757250 HTTP/1.1" 200 7175
192.168.10.89 - - [14/Mar/2017:09:44:35 -0300] "GET /cormun/static/Shared/jqueryui/images/ui-bg_flat_55_fafafa_40x100.png HTTP/1.1" 404 1097
192.168.10.89 - - [14/Mar/2017:09:44:35 -0300] "GET /cormun/static/Shared/jqueryui/images/ui-bg_highlight-soft_100_c6c2c8_1x100.png HTTP/1.1" 404 1117
192.168.10.89 - - [14/Mar/2017:09:44:35 -0300] "GET /cormun/static/Shared/jqueryui/images/ui-icons_82798d_256x240.png HTTP/1.1" 404 1089
192.168.10.89 - - [14/Mar/2017:09:44:35 -0300] "GET /cormun/static/Shared/jqueryui/images/ui-icons_8d78a5_256x240.png HTTP/1.1" 404 1089
186.79.43.69 - - [14/Mar/2017:09:44:35 -0300] "POST /cormun/servlet/solicitudotadjuntos?939091cfedcb9f428e011c3a40ca363b,INS,2017,5481,,2,,gx-no-cache=1489495542353 HTTP/1.1" 200 93
186.79.43.69 - - [14/Mar/2017:09:44:35 -0300] "GET /cormun/servlet/hpexe_return? HTTP/1.1" 200 1029
186.79.43.69 - - [14/Mar/2017:09:44:36 -0300] "GET /cormun/servlet/trsolicitudadjuntos?2017,5481, HTTP/1.1" 200 9101
192.168.10.89 - - [14/Mar/2017:09:44:37 -0300] "GET /cormun/servlet/trautorizarsolicitud? HTTP/1.1" 200 8185
186.79.43.69 - - [14/Mar/2017:09:44:37 -0300] "GET /cormun/servlet/trsolicitudadjuntos?2017,5481, HTTP/1.1" 200 9096
