186.103.158.250 - - [14/Mar/2017:10:21:33 -0300] "POST /cormun/servlet/trsolicitudot?5b3e351a6b40837e5a0cd876b5085623,,gx-no-cache=1489497761840 HTTP/1.1" 200 6748
186.103.158.250 - - [14/Mar/2017:10:21:37 -0300] "POST /cormun/servlet/trsolicitudot?5b3e351a6b40837e5a0cd876b5085623,,gx-no-cache=1489497765921 HTTP/1.1" 200 107
186.103.158.250 - - [14/Mar/2017:10:21:37 -0300] "GET /cormun/servlet/trsolicitudadjuntos?2017,3464, HTTP/1.1" 200 5866
186.103.158.250 - - [14/Mar/2017:10:21:39 -0300] "GET /cormun/servlet/trsolicitudadjuntos?2017,3464, HTTP/1.1" 200 5865
192.168.10.89 - - [14/Mar/2017:10:21:44 -0300] "POST /cormun/servlet/trsolicitudgral?48d6617d20efe8fc72d4f3794a011ad0,,gx-no-cache=1489500986857 HTTP/1.1" 200 6693
186.103.158.250 - - [14/Mar/2017:10:21:46 -0300] "GET /cormun/servlet/solicitudotadjuntos?INS,2017,3464,,1, HTTP/1.1" 200 5798
186.103.158.250 - - [14/Mar/2017:10:21:46 -0300] "GET /cormun/static/about:blank HTTP/1.1" 404 1011
186.103.158.250 - - [14/Mar/2017:10:21:47 -0300] "GET /cormun/servlet/solicitudotadjuntos?INS,2017,3464,,1, HTTP/1.1" 200 5792
186.103.158.250 - - [14/Mar/2017:10:21:48 -0300] "GET /cormun/servlet/solicitudotadjuntos?d7516e6673fe3fd0f6fb732fce6dcae6974f7af5d5a3ec592881d4036abb71354435aff9cab94b0a131790dbb8d6de85,gx-no-cache=1489497776789 HTTP/1.1" 200 30
186.103.158.250 - - [14/Mar/2017:10:21:48 -0300] "POST /cormun/servlet/solicitudotadjuntos?5b3e351a6b40837e5a0cd876b5085623,INS,2017,3464,,1,,gx-no-cache=1489497776868 HTTP/1.1" 200 3641
186.103.158.250 - - [14/Mar/2017:10:21:51 -0300] "GET /cormun/servlet/trsolicitudadjuntos?2017,3464, HTTP/1.1" 200 5866
186.103.158.250 - - [14/Mar/2017:10:21:52 -0300] "GET /cormun/servlet/trsolicitudadjuntos?2017,3464, HTTP/1.1" 200 5865
186.103.158.250 - - [14/Mar/2017:10:21:53 -0300] "GET /cormun/servlet/trsolicitudot? HTTP/1.1" 200 9532
186.103.158.250 - - [14/Mar/2017:10:21:54 -0300] "GET /cormun/servlet/trsolicitudot? HTTP/1.1" 200 9530
186.103.158.250 - - [14/Mar/2017:10:22:00 -0300] "POST /cormun/servlet/trsolicitudot?5b3e351a6b40837e5a0cd876b5085623,,gx-no-cache=1489497788755 HTTP/1.1" 200 107
186.103.158.250 - - [14/Mar/2017:10:22:00 -0300] "GET /cormun/servlet/trsolicitudadjuntos?2017,3464, HTTP/1.1" 200 5866
186.103.158.250 - - [14/Mar/2017:10:22:01 -0300] "GET /cormun/servlet/trsolicitudadjuntos?2017,3464, HTTP/1.1" 200 5865
186.103.158.250 - - [14/Mar/2017:10:22:17 -0300] "GET /cormun/servlet/trvisualizadoreventos? HTTP/1.1" 200 6513
186.103.158.250 - - [14/Mar/2017:10:22:19 -0300] "GET /cormun/servlet/trvisualizadoreventos? HTTP/1.1" 200 6501
186.103.158.250 - - [14/Mar/2017:10:22:23 -0300] "GET /cormun/servlet/trsolicitudadjuntos?2017,3464, HTTP/1.1" 200 5866
186.103.158.250 - - [14/Mar/2017:10:22:24 -0300] "GET /cormun/servlet/trsolicitudadjuntos?2017,3464, HTTP/1.1" 200 5865
186.103.158.250 - - [14/Mar/2017:10:22:26 -0300] "GET /cormun/servlet/trsolicitudot? HTTP/1.1" 200 9532
186.103.158.250 - - [14/Mar/2017:10:22:27 -0300] "GET /cormun/servlet/trsolicitudot? HTTP/1.1" 200 9530
186.103.158.250 - - [14/Mar/2017:10:22:37 -0300] "POST /cormun/servlet/trsolicitudot?5b3e351a6b40837e5a0cd876b5085623,,gx-no-cache=1489497825871 HTTP/1.1" 200 106
186.103.158.250 - - [14/Mar/2017:10:22:38 -0300] "GET /cormun/servlet/trsolicitudadjuntos?2017,4703, HTTP/1.1" 200 9097
186.103.158.250 - - [14/Mar/2017:10:22:39 -0300] "GET /cormun/servlet/trsolicitudadjuntos?2017,4703, HTTP/1.1" 200 9099
186.103.158.250 - - [14/Mar/2017:10:22:44 -0300] "GET /cormun/servlet/trsolicitudot? HTTP/1.1" 200 9532
186.103.158.250 - - [14/Mar/2017:10:22:45 -0300] "GET /cormun/servlet/trsolicitudot? HTTP/1.1" 200 9530
186.103.132.155 - - [14/Mar/2017:10:25:56 -0300] "GET /cormun/servlet/hlogin HTTP/1.1" 200 1717
186.103.132.155 - - [14/Mar/2017:10:26:21 -0300] "POST /cormun/servlet/hlogin?41878f3ffcca43f5da7858d089816171,gx-no-cache=1489498051820 HTTP/1.1" 200 90
186.103.132.155 - - [14/Mar/2017:10:26:21 -0300] "GET /cormun/servlet/hpexe_link HTTP/1.1" 200 951
186.103.132.155 - - [14/Mar/2017:10:26:21 -0300] "GET /cormun/servlet/hhome HTTP/1.1" 200 3804
186.103.132.155 - - [14/Mar/2017:10:26:22 -0300] "GET /cormun/servlet/hhome HTTP/1.1" 200 3804
186.103.132.155 - - [14/Mar/2017:10:26:25 -0300] "GET /cormun/servlet/trlicencias? HTTP/1.1" 200 6641
186.103.132.155 - - [14/Mar/2017:10:26:26 -0300] "GET /cormun/servlet/trlicencias? HTTP/1.1" 200 6640
186.103.132.155 - - [14/Mar/2017:10:26:29 -0300] "GET /cormun/servlet/licenciaspermisos?INS,0,,, HTTP/1.1" 200 7164
186.103.132.155 - - [14/Mar/2017:10:26:29 -0300] "GET /cormun/servlet/licenciaspermisos?INS,0,,, HTTP/1.1" 200 7164
186.103.132.155 - - [14/Mar/2017:10:26:39 -0300] "GET /cormun/servlet/prfichaempleado?,MD,,gxPopupLevel%3D0%3B HTTP/1.1" 200 8862
186.103.132.155 - - [14/Mar/2017:10:27:16 -0300] "POST /cormun/servlet/prfichaempleado?41878f3ffcca43f5da7858d089816171,,MD,,gxPopupLevel%3D0%3B,gx-no-cache=1489498106630 HTTP/1.1" 200 3404
186.103.132.155 - - [14/Mar/2017:10:27:20 -0300] "GET /cormun/servlet/licenciaspermisos?b0f55bf5133e5216ec3ab2a039dde2dee6aa0f0330157adb353992de0b76422be365844091695df7e36361bebf89f64b,gx-no-cache=1489498111410 HTTP/1.1" 200 62
186.103.132.155 - - [14/Mar/2017:10:27:21 -0300] "POST /cormun/servlet/licenciaspermisos?41878f3ffcca43f5da7858d089816171,INS,0,,,,gx-no-cache=1489498111591 HTTP/1.1" 200 4410
186.103.132.155 - - [14/Mar/2017:10:27:42 -0300] "GET /cormun/static/menuarrow.gif HTTP/1.1" 404 1015
192.168.10.62 - - [14/Mar/2017:10:30:43 -0300] "GET /cormun/servlet/hlogin HTTP/1.1" 200 1742
192.168.10.62 - - [14/Mar/2017:10:30:51 -0300] "POST /cormun/servlet/hlogin?5b0cbad1d8259a45c1591ea0b28ed850,gx-no-cache=1489501534036 HTTP/1.1" 200 90
192.168.10.62 - - [14/Mar/2017:10:30:51 -0300] "GET /cormun/servlet/hpexe_link HTTP/1.1" 200 955
192.168.10.62 - - [14/Mar/2017:10:30:51 -0300] "GET /cormun/servlet/hhome HTTP/1.1" 200 3790
192.168.10.62 - - [14/Mar/2017:10:30:52 -0300] "GET /cormun/servlet/hhome HTTP/1.1" 200 3786
192.168.10.62 - - [14/Mar/2017:10:30:54 -0300] "GET /cormun/servlet/trvisualizadoreventos? HTTP/1.1" 200 6513
192.168.10.62 - - [14/Mar/2017:10:30:54 -0300] "GET /cormun/static/gxcfg.js?2016101716203350 HTTP/1.1" 200 953
192.168.10.62 - - [14/Mar/2017:10:30:54 -0300] "GET /cormun/static/trvisualizadoreventos.js?2016101716203614 HTTP/1.1" 200 19309
192.168.10.62 - - [14/Mar/2017:10:30:54 -0300] "GET /cormun/static/Resources/PXToolsActionPrint.png HTTP/1.1" 200 3317
192.168.10.62 - - [14/Mar/2017:10:30:55 -0300] "GET /cormun/servlet/trvisualizadoreventos? HTTP/1.1" 200 6514
207.46.13.58 - - [14/Mar/2017:10:30:56 -0300] "GET /cormun/servlet/vesolicitudot?2017,4625,_escaped_fragment_%3D, HTTP/1.1" 200 6940
192.168.10.62 - - [14/Mar/2017:10:30:57 -0300] "GET /cormun/servlet/trconsultaempleado? HTTP/1.1" 200 8844
192.168.10.62 - - [14/Mar/2017:10:30:57 -0300] "GET /cormun/static/gxcfg.js?201612218544926 HTTP/1.1" 200 953
192.168.10.62 - - [14/Mar/2017:10:30:57 -0300] "GET /cormun/static/trconsultaempleado.js?201612218545140 HTTP/1.1" 200 15811
192.168.10.62 - - [14/Mar/2017:10:30:57 -0300] "GET /cormun//static/Resources/PXToolsActionView.png HTTP/1.1" 200 2995
192.168.10.62 - - [14/Mar/2017:10:30:58 -0300] "GET /cormun/servlet/trconsultaempleado? HTTP/1.1" 200 8844
186.79.43.69 - - [14/Mar/2017:10:30:59 -0300] "GET /cormun/servlet/hlogin HTTP/1.1" 200 1724
192.168.10.62 - - [14/Mar/2017:10:31:06 -0300] "POST /cormun/servlet/trconsultaempleado?5b0cbad1d8259a45c1591ea0b28ed850,,gx-no-cache=1489501548598 HTTP/1.1" 200 3973
192.168.10.62 - - [14/Mar/2017:10:31:07 -0300] "GET /cormun/servlet/trsolicitudnombre?7838254, HTTP/1.1" 200 5720
186.79.43.69 - - [14/Mar/2017:10:31:07 -0300] "POST /cormun/servlet/hlogin?0da89dd2520bf87de9309602d7791aa8,gx-no-cache=1489498334841 HTTP/1.1" 200 90
192.168.10.62 - - [14/Mar/2017:10:31:07 -0300] "GET /cormun/static/gxcfg.js?20171191035873 HTTP/1.1" 200 953
192.168.10.62 - - [14/Mar/2017:10:31:07 -0300] "GET /cormun/static/trsolicitudnombre.js?201711910440 HTTP/1.1" 200 43570
186.79.43.69 - - [14/Mar/2017:10:31:07 -0300] "GET /cormun/servlet/hpexe_link HTTP/1.1" 200 960
192.168.10.62 - - [14/Mar/2017:10:31:08 -0300] "GET /cormun/servlet/trsolicitudnombre?7838254, HTTP/1.1" 200 5720
186.79.43.69 - - [14/Mar/2017:10:31:08 -0300] "GET /cormun/servlet/hhome HTTP/1.1" 200 3986
186.79.43.69 - - [14/Mar/2017:10:31:09 -0300] "GET /cormun/servlet/hhome HTTP/1.1" 200 3982
186.79.43.69 - - [14/Mar/2017:10:31:30 -0300] "GET /cormun/servlet/trpermisosgoce? HTTP/1.1" 200 7568
186.79.43.69 - - [14/Mar/2017:10:31:30 -0300] "GET /cormun/static/gxcfg.js?201612262011714 HTTP/1.1" 304 -
186.79.43.69 - - [14/Mar/2017:10:31:30 -0300] "GET /cormun/servlet/trpermisosgoce? HTTP/1.1" 200 7568
186.79.43.69 - - [14/Mar/2017:10:31:34 -0300] "GET /cormun/servlet/permisogoce?DLT,7141963,P,20170308121751, HTTP/1.1" 200 6698
186.79.43.69 - - [14/Mar/2017:10:31:34 -0300] "GET /cormun/static/gxcfg.js?201612262052844 HTTP/1.1" 304 -
186.79.43.69 - - [14/Mar/2017:10:31:35 -0300] "GET /cormun/static/Shared/jqueryui/images/ui-bg_highlight-soft_100_c6c2c8_1x100.png HTTP/1.1" 404 1117
186.79.43.69 - - [14/Mar/2017:10:31:35 -0300] "GET /cormun/static/Shared/jqueryui/images/ui-icons_82798d_256x240.png HTTP/1.1" 404 1089
186.79.43.69 - - [14/Mar/2017:10:31:35 -0300] "GET /cormun/static/Shared/jqueryui/images/ui-bg_flat_55_fafafa_40x100.png HTTP/1.1" 404 1097
186.79.43.69 - - [14/Mar/2017:10:31:35 -0300] "GET /cormun/static/Shared/jqueryui/images/ui-icons_8d78a5_256x240.png HTTP/1.1" 404 1089
186.79.43.69 - - [14/Mar/2017:10:31:35 -0300] "GET /cormun/servlet/permisogoce?DLT,7141963,P,20170308121751, HTTP/1.1" 200 6699
186.79.43.69 - - [14/Mar/2017:10:31:41 -0300] "POST /cormun/servlet/permisogoce?0da89dd2520bf87de9309602d7791aa8,DLT,7141963,P,20170308121751,,gx-no-cache=1489498367659 HTTP/1.1" 200 4390
186.79.43.69 - - [14/Mar/2017:10:31:41 -0300] "GET /cormun/static/Shared/jqueryui/images/ui-icons_ebccce_256x240.png HTTP/1.1" 404 1089
186.79.43.69 - - [14/Mar/2017:10:31:41 -0300] "GET /cormun/static/Shared/jqueryui/images/ui-bg_flat_55_994d53_40x100.png HTTP/1.1" 404 1097
186.79.43.69 - - [14/Mar/2017:10:31:43 -0300] "POST /cormun/servlet/permisogoce?0da89dd2520bf87de9309602d7791aa8,DLT,7141963,P,20170308121751,,gx-no-cache=1489498370568 HTTP/1.1" 200 93
186.79.43.69 - - [14/Mar/2017:10:31:43 -0300] "GET /cormun/servlet/hpexe_return? HTTP/1.1" 200 1033
186.79.43.69 - - [14/Mar/2017:10:31:44 -0300] "GET /cormun/servlet/trpermisosgoce HTTP/1.1" 200 7572
186.79.43.69 - - [14/Mar/2017:10:31:44 -0300] "GET /cormun/servlet/trpermisosgoce HTTP/1.1" 200 7568
192.168.10.89 - - [14/Mar/2017:10:31:45 -0300] "GET /cormun/servlet/hlogin HTTP/1.1" 200 1741
186.79.43.69 - - [14/Mar/2017:10:31:49 -0300] "GET /cormun/servlet/permisogoce?INS,0,,, HTTP/1.1" 200 6747
186.79.43.69 - - [14/Mar/2017:10:31:49 -0300] "GET /cormun/servlet/permisogoce?INS,0,,, HTTP/1.1" 200 6747
192.168.10.62 - - [14/Mar/2017:10:31:53 -0300] "GET /cormun/servlet/trsolicitudgral? HTTP/1.1" 200 24020
192.168.10.62 - - [14/Mar/2017:10:31:54 -0300] "GET /cormun/servlet/trsolicitudgral? HTTP/1.1" 200 24008
186.79.43.69 - - [14/Mar/2017:10:31:55 -0300] "GET /cormun/servlet/permisogoce?bef2f8e4ad9e1c855685619da13bd110b743d512884eee6476e031d827ed8ba27ffb401cdcc51d6c02b7540490709d5b,gx-no-cache=1489498382728 HTTP/1.1" 200 72
186.79.43.69 - - [14/Mar/2017:10:32:08 -0300] "GET /cormun/servlet/permisogoce?bef2f8e4ad9e1c855685619da13bd110d8b316fc56075dd90ffd7195f79b7d5b7cad2998e9b789a7fec3e998316ac5174e377a3bc581bad12e1931c2913c773f,gx-no-cache=1489498395153 HTTP/1.1" 200 47
186.79.43.69 - - [14/Mar/2017:10:32:13 -0300] "POST /cormun/servlet/permisogoce?0da89dd2520bf87de9309602d7791aa8,INS,0,,,,gx-no-cache=1489498399702 HTTP/1.1" 200 93
186.79.43.69 - - [14/Mar/2017:10:32:13 -0300] "GET /cormun/servlet/hpexe_return? HTTP/1.1" 200 1015
186.79.43.69 - - [14/Mar/2017:10:32:13 -0300] "GET /cormun/servlet/trpermisosgoce HTTP/1.1" 200 7831
186.79.43.69 - - [14/Mar/2017:10:32:14 -0300] "GET /cormun/servlet/trpermisosgoce HTTP/1.1" 200 7827
186.79.43.69 - - [14/Mar/2017:10:32:19 -0300] "GET /cormun/servlet/apermisogoceprn?13720292,P,20170314112655,PU HTTP/1.1" 200 1574
192.168.10.89 - - [14/Mar/2017:10:32:25 -0300] "POST /cormun/servlet/hlogin?48d6617d20efe8fc72d4f3794a011ad0,gx-no-cache=1489501627838 HTTP/1.1" 200 454
201.236.57.223 - - [14/Mar/2017:10:32:30 -0300] "GET /cormun/servlet/trsolicitudot? HTTP/1.1" 200 7379
201.236.57.223 - - [14/Mar/2017:10:32:30 -0300] "GET /cormun/static/gxcfg.js?20171191044697 HTTP/1.1" 304 -
201.236.57.223 - - [14/Mar/2017:10:32:30 -0300] "GET /cormun/static/trsolicitudot.js?20171191045625 HTTP/1.1" 304 -
201.236.57.223 - - [14/Mar/2017:10:32:30 -0300] "GET /cormun//static/Resources/PXTools/ActionInsert.png HTTP/1.1" 304 -
201.236.57.223 - - [14/Mar/2017:10:32:30 -0300] "GET /cormun/servlet/hlogin HTTP/1.1" 200 1741
192.168.10.89 - - [14/Mar/2017:10:32:32 -0300] "POST /cormun/servlet/hlogin?48d6617d20efe8fc72d4f3794a011ad0,gx-no-cache=1489501634464 HTTP/1.1" 200 90
192.168.10.89 - - [14/Mar/2017:10:32:32 -0300] "GET /cormun/servlet/hpexe_link HTTP/1.1" 200 954
192.168.10.89 - - [14/Mar/2017:10:32:33 -0300] "GET /cormun/servlet/hhome HTTP/1.1" 200 3999
201.236.57.223 - - [14/Mar/2017:10:32:40 -0300] "POST /cormun/servlet/hlogin?ba15b894c9bf6b8a8350c45e723a7f1d,gx-no-cache=1489498423983 HTTP/1.1" 200 90
201.236.57.223 - - [14/Mar/2017:10:32:40 -0300] "GET /cormun/servlet/hpexe_link HTTP/1.1" 200 962
201.236.57.223 - - [14/Mar/2017:10:32:40 -0300] "GET /cormun/servlet/trsolicitudot HTTP/1.1" 200 6795
201.236.57.223 - - [14/Mar/2017:10:32:45 -0300] "GET /cormun/servlet/solicitudot?INS,0,0, HTTP/1.1" 200 12802
201.236.57.223 - - [14/Mar/2017:10:32:45 -0300] "GET /cormun/static/gxcfg.js?20171191042720 HTTP/1.1" 304 -
201.236.57.223 - - [14/Mar/2017:10:32:45 -0300] "GET /cormun/static/solicitudot.js?2017119104297 HTTP/1.1" 304 -
192.168.10.89 - - [14/Mar/2017:10:32:53 -0300] "GET /cormun/servlet/trsolicitudot? HTTP/1.1" 200 13841
186.79.43.69 - - [14/Mar/2017:10:32:58 -0300] "GET /cormun/servlet/apermisogoceprn?7141963,P,20170308121751,PU HTTP/1.1" 200 1564
192.168.10.89 - - [14/Mar/2017:10:33:08 -0300] "POST /cormun/servlet/trsolicitudot?48d6617d20efe8fc72d4f3794a011ad0,,gx-no-cache=1489501670813 HTTP/1.1" 200 4147
192.168.10.89 - - [14/Mar/2017:10:33:11 -0300] "POST /cormun/servlet/trsolicitudot?48d6617d20efe8fc72d4f3794a011ad0,,gx-no-cache=1489501674117 HTTP/1.1" 200 11031
186.79.43.69 - - [14/Mar/2017:10:33:13 -0300] "GET /cormun/servlet/apermisogoceprn?13720292,P,20170314112655,PU HTTP/1.1" 200 1576
186.103.132.155 - - [14/Mar/2017:10:33:15 -0300] "GET /cormun/servlet/licenciaspermisos?b0f55bf5133e5216ec3ab2a039dde2de8414079b93252f85ae639e6047401adf7ecdc899e5bf56f9ddff7a02b61e7f144b8e54afb3419d315f3f4635e3254af6b00b42f0f0d067029979e7d87f1a2149542eb328fafcec2c65adf5447d833fd74940b748ee6085255e3d2202da4cbdd6f6df443fedee1c61c86bddc756eab8fc85082bd5b61cc545fb2a6dd6a78e6f2c322e9b70432ec801a363897a780f9631319dc0b2408da86b538545176f7291db1670ac2da7facb14e8635519ff86cd55871e549d9ad2327b6ffc7f59d4804c378931ec721cdc650fdb80b19006dbadf5,gx-no-cache=1489498465212 HTTP/1.1" 200 30
192.168.10.89 - - [14/Mar/2017:10:33:15 -0300] "GET /cormun/servlet/trautorizarsolicitud? HTTP/1.1" 200 6922
186.103.132.155 - - [14/Mar/2017:10:33:17 -0300] "POST /cormun/servlet/licenciaspermisos?41878f3ffcca43f5da7858d089816171,INS,0,,,,gx-no-cache=1489498466590 HTTP/1.1" 200 4493
192.168.10.89 - - [14/Mar/2017:10:33:19 -0300] "POST /cormun/servlet/trautorizarsolicitud?48d6617d20efe8fc72d4f3794a011ad0,,gx-no-cache=1489501681834 HTTP/1.1" 200 4121
186.103.157.235 - - [14/Mar/2017:10:33:20 -0300] "GET /cormun/servlet/hlogin HTTP/1.1" 200 1716
186.103.157.235 - - [14/Mar/2017:10:33:20 -0300] "GET /cormun/static/gxcfg.js?201612216162538 HTTP/1.1" 200 953
186.103.157.235 - - [14/Mar/2017:10:33:20 -0300] "GET /cormun/static/gxtimezone.js?85251 HTTP/1.1" 304 -
186.103.157.235 - - [14/Mar/2017:10:33:20 -0300] "GET /cormun/static/messages.spa.js?85251 HTTP/1.1" 304 -
186.103.157.235 - - [14/Mar/2017:10:33:20 -0300] "GET /cormun/static/Resources/PXToolsLoginTop.png HTTP/1.1" 200 1337
186.103.157.235 - - [14/Mar/2017:10:33:20 -0300] "GET /cormun/static/Resources/PXToolsLoginBackground.png HTTP/1.1" 200 1164
186.103.157.235 - - [14/Mar/2017:10:33:20 -0300] "GET /cormun/static/Resources/ComunLogin.png HTTP/1.1" 200 17326
186.103.157.235 - - [14/Mar/2017:10:33:20 -0300] "GET /cormun/servlet/hlogin HTTP/1.1" 200 1726
192.168.10.89 - - [14/Mar/2017:10:33:21 -0300] "GET /cormun/servlet/trsolicitudot? HTTP/1.1" 200 13839
192.168.10.89 - - [14/Mar/2017:10:33:25 -0300] "GET /cormun/servlet/solicitudot?INS,0,0, HTTP/1.1" 200 12788
186.103.132.155 - - [14/Mar/2017:10:33:29 -0300] "GET /cormun/servlet/prfichaempleado?,MD,,gxPopupLevel%3D0%3B HTTP/1.1" 200 8862
192.168.10.89 - - [14/Mar/2017:10:33:35 -0300] "POST /cormun/servlet/solicitudot?gx-no-cache=1489501697722 HTTP/1.1" 200 3170
192.168.10.89 - - [14/Mar/2017:10:33:35 -0300] "POST /cormun/servlet/solicitudot?48d6617d20efe8fc72d4f3794a011ad0,INS,0,0,,gx-no-cache=1489501697946 HTTP/1.1" 200 9946
186.103.157.235 - - [14/Mar/2017:10:33:39 -0300] "POST /cormun/servlet/hlogin?7dcf8c246d9c534f941411d885907f77,gx-no-cache=1489498489441 HTTP/1.1" 200 90
186.103.157.235 - - [14/Mar/2017:10:33:39 -0300] "GET /cormun/servlet/hpexe_link HTTP/1.1" 200 951
186.103.157.235 - - [14/Mar/2017:10:33:39 -0300] "GET /cormun/static/gxcfg.js?201612218515529 HTTP/1.1" 304 -
186.103.157.235 - - [14/Mar/2017:10:33:39 -0300] "GET /cormun/servlet/hhome HTTP/1.1" 200 3951
186.103.157.235 - - [14/Mar/2017:10:33:39 -0300] "GET /cormun/static/gxcfg.js?201612218515568 HTTP/1.1" 304 -
186.103.157.235 - - [14/Mar/2017:10:33:40 -0300] "GET /cormun/servlet/hhome HTTP/1.1" 200 3947
186.103.132.155 - - [14/Mar/2017:10:33:40 -0300] "POST /cormun/servlet/prfichaempleado?41878f3ffcca43f5da7858d089816171,,MD,,gxPopupLevel%3D0%3B,gx-no-cache=1489498490733 HTTP/1.1" 200 3402
186.103.132.155 - - [14/Mar/2017:10:33:42 -0300] "GET /cormun/servlet/licenciaspermisos?b0f55bf5133e5216ec3ab2a039dde2dee6aa0f0330157adb353992de0b76422bc6a1ca0f25a8723b51da48f8d9d7f5616cdc8db840d27fe97a389400aa37696aec9c698484e12e9832b592c5d2ec9243,gx-no-cache=1489498493004 HTTP/1.1" 200 62
186.103.132.155 - - [14/Mar/2017:10:33:42 -0300] "POST /cormun/servlet/licenciaspermisos?41878f3ffcca43f5da7858d089816171,INS,0,,,,gx-no-cache=1489498493180 HTTP/1.1" 200 4493
186.103.132.155 - - [14/Mar/2017:10:33:45 -0300] "GET /cormun/servlet/licenciaspermisos?b0f55bf5133e5216ec3ab2a039dde2def136494c328fab2fb08f4d05f4ce6fa928117c50f2d911a0629d23cc1d5b6d6a86104378ec24daf92caa1edef6dec1e5e13f8390c14e157986406142da2cec822f3bc250e4f7602030fb394bb464740b00f116286f54dc1e2367d9d42a800315ec49fb0e0c7d1825124a8fce1f3519f23acd2c31945e98a4a5ae3e3e64988dfc2c7394c2d51df59a5f66c89fcc959223f9ab85bc9986cc885d7beb6ac3738118638410fc56f87b4e19effe6e03f471ec7eb35e5d01e56e20f5df4f491b29a06dacc720d86961c81e062089babdc9f03e8d34779d61d9c0676b49be4ec1ff6dee,gx-no-cache=1489498496304 HTTP/1.1" 200 57
192.168.10.89 - - [14/Mar/2017:10:33:45 -0300] "GET /cormun/servlet/solicitudot?99f32ef8efe3705dbe4d6e132a23d1508fdbc50ad0c5c44eae8cee65da91ac5e5631e7f542add145cbaa1671242bc018,gx-no-cache=1489501708166 HTTP/1.1" 200 30
186.103.132.155 - - [14/Mar/2017:10:33:46 -0300] "POST /cormun/servlet/licenciaspermisos?41878f3ffcca43f5da7858d089816171,INS,0,,,,gx-no-cache=1489498496464 HTTP/1.1" 500 10
186.103.157.235 - - [14/Mar/2017:10:33:46 -0300] "GET /cormun/servlet/trsolicitudot? HTTP/1.1" 200 8608
186.103.157.235 - - [14/Mar/2017:10:33:46 -0300] "GET /cormun/static/gxcfg.js?20171191044697 HTTP/1.1" 304 -
186.103.157.235 - - [14/Mar/2017:10:33:46 -0300] "GET /cormun/static/calendar.js?85251 HTTP/1.1" 304 -
186.103.157.235 - - [14/Mar/2017:10:33:46 -0300] "GET /cormun/static/calendar-setup.js?85251 HTTP/1.1" 304 -
186.103.157.235 - - [14/Mar/2017:10:33:46 -0300] "GET /cormun/static/calendar-es.js?85251 HTTP/1.1" 304 -
186.103.157.235 - - [14/Mar/2017:10:33:47 -0300] "GET /cormun/static/gxdec.js?85251 HTTP/1.1" 304 -
186.103.157.235 - - [14/Mar/2017:10:33:47 -0300] "GET /cormun/servlet/trsolicitudot? HTTP/1.1" 200 8606
192.168.10.89 - - [14/Mar/2017:10:33:48 -0300] "POST /cormun/servlet/solicitudot?48d6617d20efe8fc72d4f3794a011ad0,INS,0,0,,gx-no-cache=1489501710687 HTTP/1.1" 200 10338
192.168.10.89 - - [14/Mar/2017:10:33:48 -0300] "GET /cormun/static/Shared/jqueryui/images/ui-icons_82798d_256x240.png HTTP/1.1" 404 1089
192.168.10.89 - - [14/Mar/2017:10:33:48 -0300] "GET /cormun/static/Shared/jqueryui/images/ui-icons_ebccce_256x240.png HTTP/1.1" 404 1089
192.168.10.89 - - [14/Mar/2017:10:33:48 -0300] "GET /cormun/static/Shared/jqueryui/images/ui-bg_highlight-soft_100_c6c2c8_1x100.png HTTP/1.1" 404 1117
192.168.10.89 - - [14/Mar/2017:10:33:48 -0300] "GET /cormun/static/Shared/jqueryui/images/ui-bg_flat_55_994d53_40x100.png HTTP/1.1" 404 1097
192.168.10.89 - - [14/Mar/2017:10:33:50 -0300] "POST /cormun/servlet/solicitudot?gx-no-cache=1489501712718 HTTP/1.1" 200 255
192.168.10.89 - - [14/Mar/2017:10:33:50 -0300] "GET /cormun/servlet/solicitudot?99f32ef8efe3705dbe4d6e132a23d150f2c1fda474dd2f4f8db0c1681644e1f35ab141eaba5526a1ee58decc5fe084e4d4ee7527004d22c10480a795d28ef76e09b5dd55f36ca558e972d4431e861c8d4fce51f08e34a5eb81b93025952c0a5a5580af20783760d956e26edef1a66a33ac2ec52cf040a74bd9c3a2f464141dca8574420a5cd43c2ee0f5d8b519b63dd36d70c9d94763bbd1925a0fe715899ea13f1588a887f6113d8dc279a1c3d24365193c7dd08603e4df597104e8859929fd36067c64eb59a8081287d6a0f4973666c407e840d40f0c4f53e77fde588a6a19309039ab33942194fda7fad965df27372234245217493c1c2e35a421eacd8e25cab6ab608183812db4eff502206a228e4727959779af1c3c4983935571e1283c941a8a405e97d73813aadbc1b7f9ed61c72129aaad236bc3e7e71d4beb42b3da64495ebd4e63782639ef610494b12a3ff33195e50d82de7d5ca36f8848112f22d20004ca406f470ce4ee3de20a816ca823cbb2e57197b09cda52d1a368d442e2,gx-no-cache=1489501712754 HTTP/1.1" 200 30
192.168.10.89 - - [14/Mar/2017:10:33:57 -0300] "POST /cormun/servlet/solicitudot?gx-no-cache=1489501720238 HTTP/1.1" 200 30
192.168.10.89 - - [14/Mar/2017:10:34:13 -0300] "POST /cormun/servlet/solicitudot?gx-no-cache=1489501735952 HTTP/1.1" 200 30
186.103.159.182 - - [14/Mar/2017:10:34:14 -0300] "GET /cormun/servlet/hlogin HTTP/1.1" 200 1718
186.103.159.182 - - [14/Mar/2017:10:34:14 -0300] "GET /cormun/static/gxtimezone.js?85251 HTTP/1.1" 304 -
186.103.159.182 - - [14/Mar/2017:10:34:14 -0300] "GET /cormun/static/Resources/Spanish/PXTools.css?167811 HTTP/1.1" 304 -
186.103.159.182 - - [14/Mar/2017:10:34:14 -0300] "GET /cormun/static/gxcfg.js?201612216162538 HTTP/1.1" 304 -
186.103.159.182 - - [14/Mar/2017:10:34:14 -0300] "GET /cormun/static/messages.spa.js?85251 HTTP/1.1" 304 -
186.103.159.182 - - [14/Mar/2017:10:34:14 -0300] "GET /cormun/static/hlogin.js?201612216162555 HTTP/1.1" 304 -
186.103.159.182 - - [14/Mar/2017:10:34:15 -0300] "GET /cormun/servlet/hlogin HTTP/1.1" 200 1728
186.103.159.182 - - [14/Mar/2017:10:34:15 -0300] "GET /favicon.ico HTTP/1.1" 200 21630
186.103.157.235 - - [14/Mar/2017:10:34:26 -0300] "GET /cormun/servlet/solicitudot?INS,0,0, HTTP/1.1" 200 12755
186.103.157.235 - - [14/Mar/2017:10:34:27 -0300] "GET /cormun/static/gxcfg.js?20171191042720 HTTP/1.1" 304 -
186.103.157.235 - - [14/Mar/2017:10:34:28 -0300] "GET /cormun/servlet/solicitudot?INS,0,0, HTTP/1.1" 200 12760
186.79.43.69 - - [14/Mar/2017:10:34:31 -0300] "POST /cormun/servlet/trpermisosgoce?0da89dd2520bf87de9309602d7791aa8,gx-no-cache=1489498538168 HTTP/1.1" 200 5114
192.168.10.89 - - [14/Mar/2017:10:34:31 -0300] "POST /cormun/servlet/solicitudot?gx-no-cache=1489501754334 HTTP/1.1" 200 655
192.168.10.89 - - [14/Mar/2017:10:34:32 -0300] "POST /cormun/servlet/solicitudot?gx-no-cache=1489501754423 HTTP/1.1" 200 38
186.103.157.235 - - [14/Mar/2017:10:34:37 -0300] "POST /cormun/servlet/solicitudot?gx-no-cache=1489498548218 HTTP/1.1" 200 3081
186.103.157.235 - - [14/Mar/2017:10:34:38 -0300] "POST /cormun/servlet/solicitudot?7dcf8c246d9c534f941411d885907f77,INS,0,0,,gx-no-cache=1489498548380 HTTP/1.1" 200 9864
186.79.43.69 - - [14/Mar/2017:10:34:38 -0300] "POST /cormun/servlet/trpermisosgoce?0da89dd2520bf87de9309602d7791aa8,gx-no-cache=1489498545166 HTTP/1.1" 200 4069
186.103.157.235 - - [14/Mar/2017:10:34:39 -0300] "GET /cormun/servlet/solicitudot?71d9170a2470e71808fe46d9ede7d9371ad14bfabdb438395d58b3c3b186cc6780fe816b87902f3572e6ef27e6f2afd6,gx-no-cache=1489498550282 HTTP/1.1" 200 111
186.103.157.235 - - [14/Mar/2017:10:34:39 -0300] "GET /cormun/static/Shared/jqueryui/images/ui-bg_highlight-soft_100_c6c2c8_1x100.png HTTP/1.1" 404 1117
186.103.157.235 - - [14/Mar/2017:10:34:39 -0300] "GET /cormun/static/Shared/jqueryui/images/ui-icons_82798d_256x240.png HTTP/1.1" 404 1089
186.103.157.235 - - [14/Mar/2017:10:34:39 -0300] "GET /cormun/static/Shared/jqueryui/images/ui-bg_flat_55_994d53_40x100.png HTTP/1.1" 404 1097
186.103.157.235 - - [14/Mar/2017:10:34:39 -0300] "GET /cormun/static/Shared/jqueryui/images/ui-icons_ebccce_256x240.png HTTP/1.1" 404 1089
186.79.43.69 - - [14/Mar/2017:10:34:43 -0300] "POST /cormun/servlet/trpermisosgoce?0da89dd2520bf87de9309602d7791aa8,gx-no-cache=1489498549763 HTTP/1.1" 200 5137
186.103.157.235 - - [14/Mar/2017:10:34:51 -0300] "GET /cormun/servlet/solicitudot?71d9170a2470e71808fe46d9ede7d9374eac53244c53b8addf0492bf7b60cf5551817857d702a2093b5f83172abd1a64,gx-no-cache=1489498562146 HTTP/1.1" 200 30
192.168.10.89 - - [14/Mar/2017:10:35:13 -0300] "GET /cormun/servlet/solicitudot?99f32ef8efe3705dbe4d6e132a23d150191bd0bc06ecfb8b34d30c21afc42dcc41aab512d6c5270eb23b56867f663e683374db9a36f65a1fb9fecaa50963b8c08414ae138639667c04a61bedb7c2d7f5955d08a7e1dfcb84ae3f85873d6c896cd7a874b822f0d2613465c83ba6b8f4b821a5457d07795decd9e5273de6abbabdbce8ceee07807f137859660f7129cc56b52a167ad4fd740b310e3337f0c817bf,gx-no-cache=1489501796106 HTTP/1.1" 200 29
192.168.10.89 - - [14/Mar/2017:10:35:13 -0300] "POST /cormun/servlet/solicitudot?gx-no-cache=1489501796135 HTTP/1.1" 200 643
192.168.10.89 - - [14/Mar/2017:10:35:16 -0300] "POST /cormun/servlet/solicitudot?gx-no-cache=1489501798689 HTTP/1.1" 200 1157
186.103.132.155 - - [14/Mar/2017:10:35:35 -0300] "GET /cormun/servlet/trlicencias? HTTP/1.1" 200 6641
186.103.132.155 - - [14/Mar/2017:10:35:38 -0300] "GET /cormun/servlet/trlicencias? HTTP/1.1" 200 6640
186.103.132.155 - - [14/Mar/2017:10:35:42 -0300] "GET /cormun/servlet/hlogin HTTP/1.1" 200 1732
186.103.159.187 - - [14/Mar/2017:10:35:44 -0300] "GET /cormun/servlet/hlogin HTTP/1.1" 200 1725
186.103.159.187 - - [14/Mar/2017:10:35:45 -0300] "GET /favicon.ico HTTP/1.1" 200 21630
186.103.159.187 - - [14/Mar/2017:10:35:52 -0300] "POST /cormun/servlet/hlogin?ee8eb36d443de8c6ee53e1e9f40958a8,gx-no-cache=1489498618264 HTTP/1.1" 200 433
186.103.159.182 - - [14/Mar/2017:10:35:54 -0300] "POST /cormun/servlet/hlogin?a6bac1f3bd7aaa558458331495e5f82b,gx-no-cache=1489498834178 HTTP/1.1" 200 90
186.103.159.182 - - [14/Mar/2017:10:35:54 -0300] "GET /cormun/servlet/hpexe_link HTTP/1.1" 200 953
186.103.159.182 - - [14/Mar/2017:10:35:54 -0300] "GET /cormun/static/gxcfg.js?201612218515529 HTTP/1.1" 304 -
186.103.159.182 - - [14/Mar/2017:10:35:54 -0300] "GET /cormun/static/Resources/Spanish/PXTools.css?18365030 HTTP/1.1" 304 -
186.103.159.182 - - [14/Mar/2017:10:35:54 -0300] "GET /cormun/static/hpexe_link.js?201612218515532 HTTP/1.1" 304 -
186.103.159.182 - - [14/Mar/2017:10:35:54 -0300] "GET /cormun/servlet/hhome HTTP/1.1" 200 4023
186.103.159.182 - - [14/Mar/2017:10:35:54 -0300] "GET /cormun/static/gxcfg.js?201612218515568 HTTP/1.1" 304 -
186.103.159.182 - - [14/Mar/2017:10:35:55 -0300] "GET /cormun/static/hhome.js?201612218515573 HTTP/1.1" 304 -
186.103.159.182 - - [14/Mar/2017:10:35:55 -0300] "GET /cormun/static/hwchdr01.js?201612218432057 HTTP/1.1" 304 -
186.103.159.182 - - [14/Mar/2017:10:35:55 -0300] "GET /cormun/static/hpexe_recentlink.js?201610171694390 HTTP/1.1" 304 -
186.103.159.182 - - [14/Mar/2017:10:35:55 -0300] "GET /cormun/static/hpexe_scripts.js?201612218432016 HTTP/1.1" 304 -
186.103.159.182 - - [14/Mar/2017:10:35:55 -0300] "GET /cormun/static/hpexe_messagecontroller.js?201610171694323 HTTP/1.1" 304 -
186.103.159.182 - - [14/Mar/2017:10:35:55 -0300] "GET /cormun/static/hpexe_messagepopupcomponent.js?20161017169425 HTTP/1.1" 304 -
186.103.159.182 - - [14/Mar/2017:10:35:55 -0300] "GET /cormun/static/hpexe_messagegenexuscomponent.js?201612218431816 HTTP/1.1" 304 -
186.103.159.182 - - [14/Mar/2017:10:35:55 -0300] "GET /cormun/static/cmcontrolpreferences.js?201612218431999 HTTP/1.1" 304 -
186.103.159.182 - - [14/Mar/2017:10:35:55 -0300] "GET /cormun/static/hmpwkw03.js?20161221852152 HTTP/1.1" 304 -
186.103.159.182 - - [14/Mar/2017:10:35:56 -0300] "GET /cormun/servlet/hhome HTTP/1.1" 200 4019
192.168.10.89 - - [14/Mar/2017:10:35:56 -0300] "GET /cormun/servlet/solicitudot?99f32ef8efe3705dbe4d6e132a23d1505ec11f8d486366130cbb18f4f066b55724a342943775b1777afe27f90bd84cb1371cb063dc4184090dbe7aed03ced82868081d70bee2f2029376ea3e706e62e923ef0db88ea62a298cd275a29795a1fb7497b3e352a3f70a5c58b963d0b7f40a89a240cf0b1ee44e2384b28aa6ae6c36bf99f4c2bd2325b127340259ecfd1f4e0e25b5631f10976fa4ffe1117d06d34fe5768dd4f4e4d37b6885f75ce9dc638c,gx-no-cache=1489501839011 HTTP/1.1" 200 30
186.103.159.187 - - [14/Mar/2017:10:35:56 -0300] "POST /cormun/servlet/hlogin?ee8eb36d443de8c6ee53e1e9f40958a8,gx-no-cache=1489498623010 HTTP/1.1" 200 433
186.103.159.187 - - [14/Mar/2017:10:36:02 -0300] "POST /cormun/servlet/hlogin?ee8eb36d443de8c6ee53e1e9f40958a8,gx-no-cache=1489498628517 HTTP/1.1" 200 90
186.103.159.187 - - [14/Mar/2017:10:36:02 -0300] "GET /cormun/servlet/hpexe_link HTTP/1.1" 200 955
186.103.159.187 - - [14/Mar/2017:10:36:02 -0300] "GET /cormun/servlet/hhome HTTP/1.1" 200 3739
186.103.159.187 - - [14/Mar/2017:10:36:03 -0300] "GET /cormun/servlet/hhome HTTP/1.1" 200 3736
201.236.57.223 - - [14/Mar/2017:10:36:03 -0300] "POST /cormun/servlet/solicitudot?gx-no-cache=1489498625475 HTTP/1.1" 200 3081
192.168.10.89 - - [14/Mar/2017:10:36:04 -0300] "POST /cormun/servlet/solicitudot?48d6617d20efe8fc72d4f3794a011ad0,INS,0,0,,gx-no-cache=1489501846573 HTTP/1.1" 200 93
192.168.10.89 - - [14/Mar/2017:10:36:04 -0300] "GET /cormun/servlet/hpexe_return? HTTP/1.1" 200 1005
192.168.10.89 - - [14/Mar/2017:10:36:05 -0300] "GET /cormun/servlet/trsolicitudot HTTP/1.1" 200 14195
201.236.57.223 - - [14/Mar/2017:10:36:05 -0300] "POST /cormun/servlet/solicitudot?ba15b894c9bf6b8a8350c45e723a7f1d,INS,0,0,,gx-no-cache=1489498628263 HTTP/1.1" 200 9872
201.236.57.223 - - [14/Mar/2017:10:36:08 -0300] "GET /cormun/servlet/solicitudot?d6f8c813e135d3cf27af91d3c35b6ad56d33505f1f59ea63c9c9564dc1a1bad809b5e845e9605a5adc198cf0c88657f1,gx-no-cache=1489498632008 HTTP/1.1" 200 30
186.103.159.187 - - [14/Mar/2017:10:36:10 -0300] "GET /cormun/servlet/trsolicitudot? HTTP/1.1" 200 7956
186.103.159.187 - - [14/Mar/2017:10:36:11 -0300] "GET /cormun/static/gxcfg.js?20171191044697 HTTP/1.1" 304 -
186.103.159.187 - - [14/Mar/2017:10:36:11 -0300] "GET /cormun/static/trsolicitudot.js?20171191045625 HTTP/1.1" 304 -
186.103.159.187 - - [14/Mar/2017:10:36:11 -0300] "GET /cormun/servlet/trsolicitudot? HTTP/1.1" 200 7954
186.103.159.182 - - [14/Mar/2017:10:36:13 -0300] "GET /cormun/servlet/trvisualizadoreventos? HTTP/1.1" 200 6776
186.103.159.182 - - [14/Mar/2017:10:36:13 -0300] "GET /cormun/static/gxcfg.js?2016101716203350 HTTP/1.1" 304 -
186.103.159.182 - - [14/Mar/2017:10:36:13 -0300] "GET /cormun/static/calendar-es.js?85251 HTTP/1.1" 304 -
186.103.159.182 - - [14/Mar/2017:10:36:13 -0300] "GET /cormun/static/calendar.js?85251 HTTP/1.1" 304 -
186.103.159.182 - - [14/Mar/2017:10:36:13 -0300] "GET /cormun/static/calendar-setup.js?85251 HTTP/1.1" 304 -
186.103.159.182 - - [14/Mar/2017:10:36:13 -0300] "GET /cormun/static/gxdec.js?85251 HTTP/1.1" 304 -
186.103.159.182 - - [14/Mar/2017:10:36:13 -0300] "GET /cormun/static/trvisualizadoreventos.js?2016101716203614 HTTP/1.1" 304 -
186.103.159.182 - - [14/Mar/2017:10:36:14 -0300] "GET /cormun/servlet/trvisualizadoreventos? HTTP/1.1" 200 6775
186.103.159.187 - - [14/Mar/2017:10:36:23 -0300] "POST /cormun/servlet/trsolicitudot?ee8eb36d443de8c6ee53e1e9f40958a8,,gx-no-cache=1489498649663 HTTP/1.1" 200 106
186.103.159.187 - - [14/Mar/2017:10:36:23 -0300] "GET /cormun/servlet/solicitudot?DLT,2017,5244, HTTP/1.1" 200 9317
186.103.159.187 - - [14/Mar/2017:10:36:26 -0300] "GET /cormun/static/gxcfg.js?20171191042720 HTTP/1.1" 304 -
186.103.159.187 - - [14/Mar/2017:10:36:27 -0300] "GET /cormun/static/solicitudot.js?2017119104297 HTTP/1.1" 304 -
186.103.159.187 - - [14/Mar/2017:10:36:27 -0300] "GET /cormun/static/Shared/jqueryui/images/ui-bg_highlight-soft_100_c6c2c8_1x100.png HTTP/1.1" 404 1117
186.103.159.187 - - [14/Mar/2017:10:36:27 -0300] "GET /cormun/static/Shared/jqueryui/images/ui-icons_82798d_256x240.png HTTP/1.1" 404 1089
186.103.159.187 - - [14/Mar/2017:10:36:27 -0300] "GET /cormun/static/Shared/jqueryui/images/ui-icons_8d78a5_256x240.png HTTP/1.1" 404 1089
186.103.159.187 - - [14/Mar/2017:10:36:27 -0300] "GET /cormun/static/Shared/jqueryui/images/ui-bg_flat_55_fafafa_40x100.png HTTP/1.1" 404 1097
186.103.159.187 - - [14/Mar/2017:10:36:27 -0300] "GET /cormun/servlet/solicitudot?DLT,2017,5244, HTTP/1.1" 200 9326
186.103.159.187 - - [14/Mar/2017:10:36:33 -0300] "POST /cormun/servlet/solicitudot?ee8eb36d443de8c6ee53e1e9f40958a8,DLT,2017,5244,,gx-no-cache=1489498659995 HTTP/1.1" 200 93
186.103.159.187 - - [14/Mar/2017:10:36:34 -0300] "GET /cormun/servlet/hpexe_return? HTTP/1.1" 200 1014
186.103.159.187 - - [14/Mar/2017:10:36:34 -0300] "GET /cormun/servlet/trsolicitudot HTTP/1.1" 200 7958
186.103.159.187 - - [14/Mar/2017:10:36:35 -0300] "GET /cormun/servlet/trsolicitudot HTTP/1.1" 200 7954
186.103.159.182 - - [14/Mar/2017:10:36:37 -0300] "POST /cormun/servlet/trvisualizadoreventos?a6bac1f3bd7aaa558458331495e5f82b,,gx-no-cache=1489498876319 HTTP/1.1" 200 3964
192.168.10.89 - - [14/Mar/2017:10:36:42 -0300] "POST /cormun/servlet/trsolicitudot?48d6617d20efe8fc72d4f3794a011ad0,gx-no-cache=1489501884905 HTTP/1.1" 200 106
192.168.10.89 - - [14/Mar/2017:10:36:42 -0300] "GET /cormun/servlet/solicitudot?UPD,2017,5485, HTTP/1.1" 200 14449
192.168.10.89 - - [14/Mar/2017:10:36:44 -0300] "POST /cormun/servlet/solicitudot?gx-no-cache=1489501887036 HTTP/1.1" 200 3170
192.168.10.89 - - [14/Mar/2017:10:36:45 -0300] "POST /cormun/servlet/solicitudot?48d6617d20efe8fc72d4f3794a011ad0,UPD,2017,5485,,gx-no-cache=1489501887329 HTTP/1.1" 200 11046
192.168.10.89 - - [14/Mar/2017:10:36:45 -0300] "GET /cormun/servlet/solicitudot?99f32ef8efe3705dbe4d6e132a23d1508fdbc50ad0c5c44eae8cee65da91ac5e4bab509628c22ba67b450e5f3194efef,gx-no-cache=1489501887550 HTTP/1.1" 200 30
192.168.10.89 - - [14/Mar/2017:10:36:45 -0300] "POST /cormun/servlet/solicitudot?gx-no-cache=1489501887667 HTTP/1.1" 200 254
192.168.10.89 - - [14/Mar/2017:10:36:45 -0300] "GET /cormun/servlet/solicitudot?99f32ef8efe3705dbe4d6e132a23d150f2c1fda474dd2f4f8db0c1681644e1f35ab141eaba5526a1ee58decc5fe084e4d4ee7527004d22c10480a795d28ef76e09b5dd55f36ca558e972d4431e861c8d4fce51f08e34a5eb81b93025952c0a5a5580af20783760d956e26edef1a66a33ac2ec52cf040a74bd9c3a2f464141dca8574420a5cd43c2ee0f5d8b519b63dd36d70c9d94763bbd1925a0fe715899ea13f1588a887f6113d8dc279a1c3d24365193c7dd08603e4df597104e8859929fd36067c64eb59a8081287d6a0f4973666c407e840d40f0c4f53e77fde588a6a19309039ab33942194fda7fad965df27372234245217493c1c2e35a421eacd8e25cab6ab608183812db4eff502206a228e4727959779af1c3c4983935571e1283c941a8a405e97d73813aadbc1b7f9ed61c72129aaad236bc3e7e71d4beb42b3da64495ebd4e63782639ef610494b12a3ff33195e50d82de7d5ca36f8848112f22d20004ca406f470ce4ee3de20a816ca823cbb2e57197b09cda52d1a368d442e2,gx-no-cache=1489501887702 HTTP/1.1" 200 30
192.168.10.89 - - [14/Mar/2017:10:36:45 -0300] "POST /cormun/servlet/solicitudot?gx-no-cache=1489501887723 HTTP/1.1" 200 30
192.168.10.89 - - [14/Mar/2017:10:36:45 -0300] "POST /cormun/servlet/solicitudot?gx-no-cache=1489501887767 HTTP/1.1" 200 1286
192.168.10.89 - - [14/Mar/2017:10:36:45 -0300] "POST /cormun/servlet/solicitudot?gx-no-cache=1489501887807 HTTP/1.1" 200 41
192.168.10.89 - - [14/Mar/2017:10:36:49 -0300] "GET /cormun/servlet/solicitudot?99f32ef8efe3705dbe4d6e132a23d15069ec4c7b28e0a50c55286e888531cbfee0a089c5920d6f5649375dc7afaf056afc3ede121acd944ff3686f45e9dc629c73f037a90c974ccb71896112c4653a264097ed18943bb05ebb583e650c6b76cb82a0993ac3c1cdda9229e5f345e0093fa851cc867a15d251d586d7490f52655dfdc98d8de504858938a926472aa864ebb77bfb9fe08e5426ee7d5f30df2fa1b1,gx-no-cache=1489501892001 HTTP/1.1" 200 29
192.168.10.89 - - [14/Mar/2017:10:36:49 -0300] "POST /cormun/servlet/solicitudot?gx-no-cache=1489501892040 HTTP/1.1" 200 1274
192.168.10.89 - - [14/Mar/2017:10:36:49 -0300] "POST /cormun/servlet/solicitudot?gx-no-cache=1489501892111 HTTP/1.1" 200 1156
192.168.10.89 - - [14/Mar/2017:10:36:49 -0300] "GET /cormun/servlet/solicitudot?99f32ef8efe3705dbe4d6e132a23d1505ec11f8d486366130cbb18f4f066b55724a342943775b1777afe27f90bd84cb1371cb063dc4184090dbe7aed03ced82868081d70bee2f2029376ea3e706e62e923ef0db88ea62a298cd275a29795a1fb7497b3e352a3f70a5c58b963d0b7f40a89a240cf0b1ee44e2384b28aa6ae6c36bf99f4c2bd2325b127340259ecfd1f4e0e25b5631f10976fa4ffe1117d06d34fe5768dd4f4e4d37b6885f75ce9dc638c,gx-no-cache=1489501892159 HTTP/1.1" 200 30
192.168.10.89 - - [14/Mar/2017:10:36:49 -0300] "POST /cormun/servlet/solicitudot?48d6617d20efe8fc72d4f3794a011ad0,UPD,2017,5485,,gx-no-cache=1489501892198 HTTP/1.1" 200 93
192.168.10.89 - - [14/Mar/2017:10:36:50 -0300] "GET /cormun/servlet/hpexe_return? HTTP/1.1" 200 1012
192.168.10.89 - - [14/Mar/2017:10:36:51 -0300] "GET /cormun/servlet/trsolicitudot HTTP/1.1" 200 14197
186.103.159.187 - - [14/Mar/2017:10:37:02 -0300] "GET /cormun/servlet/solicitudot?INS,0,0, HTTP/1.1" 200 12546
186.103.159.187 - - [14/Mar/2017:10:37:03 -0300] "GET /cormun/servlet/solicitudot?INS,0,0, HTTP/1.1" 200 12551
192.168.10.89 - - [14/Mar/2017:10:37:14 -0300] "GET /cormun/servlet/hlogin HTTP/1.1" 200 1738
186.103.159.187 - - [14/Mar/2017:10:37:19 -0300] "POST /cormun/servlet/solicitudot?gx-no-cache=1489498705961 HTTP/1.1" 200 3182
186.103.159.187 - - [14/Mar/2017:10:37:20 -0300] "POST /cormun/servlet/solicitudot?ee8eb36d443de8c6ee53e1e9f40958a8,INS,0,0,,gx-no-cache=1489498706159 HTTP/1.1" 200 9782
186.103.159.187 - - [14/Mar/2017:10:37:29 -0300] "GET /cormun/servlet/solicitudot?a368a00d5cadc76c8ce1f15d2f44d8044047db1fa7bcd0cd77d9c7a1921be462aac2534b970ab00f8024ba4e807dc3ea,gx-no-cache=1489498715425 HTTP/1.1" 200 30
186.103.159.187 - - [14/Mar/2017:10:37:29 -0300] "POST /cormun/servlet/solicitudot?gx-no-cache=1489498715473 HTTP/1.1" 200 255
186.103.159.187 - - [14/Mar/2017:10:37:29 -0300] "GET /cormun/servlet/solicitudot?a368a00d5cadc76c8ce1f15d2f44d8042594a16c1d3aafacd8b86f12684fac098ef8f8d811eb4a60ad85afb0bac7dea06cde089a119b11c179cacdc5a93e1761354f375f63ca695c02ffd5b2f210fd93cabf08ce9bb9d3a006437e6bdb8b2e1a0c9f190ae86ea7985a22be6bcbcbd7cf25cf16d4ab3a820fd57b1ce6bca7aae41c4563316802ad9a9e76566f83314f5afc2f58c3f3aacd619dfbf5b5c70e5297d919bca04854cc63394d3f556829021aa9da0d2c54e11fc654b526a439e037f7958056c3aa33124442542824526c1211f53786a010d1672eabadeb2cf3de5c4485f530f84f37548a0638f3a4d1b4e6782f1d517e8e9338df8f40bae19d4cba3eb4a98c14d363852d478c9c2402d84bb0e1dbef1700c3317cb275f3f3328d8392a0f09e1e62af7db0ce7b83268b8291b4481143ba1946b3d7978364a5da80c6016832c98781b69587df5bb738399426c96d2f7dacd5406f7bf72bd542f478b42cf22a2f0081f274b3cea54bbc575f3e9c755b73c1db114292dfefac7ba1675109,gx-no-cache=1489498715518 HTTP/1.1" 200 30
186.103.159.187 - - [14/Mar/2017:10:37:36 -0300] "POST /cormun/servlet/solicitudot?gx-no-cache=1489498722859 HTTP/1.1" 200 30
186.103.159.187 - - [14/Mar/2017:10:37:39 -0300] "GET /cormun/servlet/prcontratosol?17505935,,,,,MD,,gxPopupLevel%3D0%3B HTTP/1.1" 200 5890
186.103.159.187 - - [14/Mar/2017:10:37:39 -0300] "GET /cormun/static/gxcfg.js?2016102711553248 HTTP/1.1" 304 -
186.103.159.187 - - [14/Mar/2017:10:37:39 -0300] "GET /cormun/static/prcontratosol.js?2016102711553411 HTTP/1.1" 304 -
186.103.159.187 - - [14/Mar/2017:10:37:43 -0300] "POST /cormun/servlet/solicitudot?gx-no-cache=1489498729888 HTTP/1.1" 200 1373
186.103.159.187 - - [14/Mar/2017:10:37:43 -0300] "GET /cormun/static/Shared/jqueryui/images/ui-bg_highlight-soft_100_c6c2c8_1x100.png HTTP/1.1" 404 1117
186.103.159.187 - - [14/Mar/2017:10:37:43 -0300] "GET /cormun/static/Shared/jqueryui/images/ui-icons_82798d_256x240.png HTTP/1.1" 404 1089
186.103.159.187 - - [14/Mar/2017:10:37:43 -0300] "GET /cormun/static/Shared/jqueryui/images/ui-icons_ebccce_256x240.png HTTP/1.1" 404 1089
186.103.159.187 - - [14/Mar/2017:10:37:43 -0300] "GET /cormun/static/Shared/jqueryui/images/ui-bg_flat_55_994d53_40x100.png HTTP/1.1" 404 1097
186.103.159.187 - - [14/Mar/2017:10:37:43 -0300] "POST /cormun/servlet/solicitudot?gx-no-cache=1489498729975 HTTP/1.1" 200 117
186.103.159.187 - - [14/Mar/2017:10:37:43 -0300] "GET /cormun/servlet/solicitudot?a368a00d5cadc76c8ce1f15d2f44d804c7b4513bc9ad8ba9ca068c0b02febee2971c54ef0dbbc56cf9d16c0d69b3e84d91556a10636fe91b57f6efe7fdc033a3b8bc26b12f1e88a21c4e6aaa2fba63ced638d9627b4c5f3bd5fbeba04294f03cb9a583d8e39d244173903efae72ad1e5c1fe28cab7abb6a8e9eec622880dcc0391aa473a9eedbb9fc0526f26808cdd4f598f7de0930be443a6f80b441df1a39a,gx-no-cache=1489498730028 HTTP/1.1" 200 29
186.103.159.187 - - [14/Mar/2017:10:37:43 -0300] "GET /cormun/servlet/solicitudot?a368a00d5cadc76c8ce1f15d2f44d804020132ac6c4a60279e4d68b793d8c05d1921b203d5fcc13ba06d9f46e285d3884d03d487c930b51d569558fd5aec7bfbf89c2aec1d1589491777464fa53326affd8e8e3bf2076c96ebd86373d0463c9fd846f6c0b4b960c6cc55e36204717581c652a2feca83fcfa80b6919dec3d47e2ac7372abbf544e9f8f3ad8c4b7f4fcd3a3df2af2c35fb6aff5e9963a37b84197,gx-no-cache=1489498730067 HTTP/1.1" 200 57
186.103.159.187 - - [14/Mar/2017:10:37:44 -0300] "GET /cormun/servlet/solicitudot?a368a00d5cadc76c8ce1f15d2f44d80487673727293a8839b5c103980e167ccc1921b203d5fcc13ba06d9f46e285d3884d03d487c930b51d569558fd5aec7bfb45b4b0f753d864a22111dd91a2abcbcf02da59d021eefd206edfa89e238406fae07aef1da0b567ecbf51b4b1481b57c4aa5c6d3c2c8a66f7b035ffb069712300,gx-no-cache=1489498730098 HTTP/1.1" 200 57
186.103.159.187 - - [14/Mar/2017:10:38:04 -0300] "GET /cormun/servlet/prfichaempleado?,MD,,gxPopupLevel%3D0%3B HTTP/1.1" 200 8781
186.103.159.187 - - [14/Mar/2017:10:38:22 -0300] "POST /cormun/servlet/prfichaempleado?ee8eb36d443de8c6ee53e1e9f40958a8,,MD,,gxPopupLevel%3D0%3B,gx-no-cache=1489498768441 HTTP/1.1" 200 3397
186.103.159.187 - - [14/Mar/2017:10:38:28 -0300] "POST /cormun/servlet/solicitudot?gx-no-cache=1489498774292 HTTP/1.1" 200 1291
186.103.159.187 - - [14/Mar/2017:10:38:28 -0300] "GET /cormun/static/menuarrow.gif HTTP/1.1" 404 1015
186.103.159.187 - - [14/Mar/2017:10:38:39 -0300] "POST /cormun/servlet/solicitudot?gx-no-cache=1489498785418 HTTP/1.1" 200 41
201.236.57.223 - - [14/Mar/2017:10:39:17 -0300] "POST /cormun/servlet/solicitudot?gx-no-cache=1489498820871 HTTP/1.1" 200 297
201.236.57.223 - - [14/Mar/2017:10:39:17 -0300] "GET /cormun/servlet/solicitudot?d6f8c813e135d3cf27af91d3c35b6ad505df95ca6019e6828a714bd4fee5d6248bef57681257733c279d44398649da2fd02aefc44f0661436dd484ac44036043cbd8a01e68f3da72bacf3471f7a44ce13459a193b3341b363e36c31f8677ce3631cc93a0343705d665b86c30e34c41d35f55898ad61418d2d8e131f1fb285b9963ff4b57133b39afc40d1be4664f0bd22e2f0ee6f4757648d2c298e6ae04f8042b61884a65bdfb993c936a41f444c09ff1e4aebee69a6c5d1794a8c22e57ab69fa1e6626af3ba643eab9ed5c7f40d61d7af50bd4beb713d3b0fb05183b6425690c5ce524c7c33447c0cc452a62082d61203fe7f0ff59dab322f7fa560e2ef87601ac362dc2e1d966ddc48ce3f06a9ed01506107122c87adeeee5e66d96a137129f3e53d08998df6a5a13aae29347870f3cf47982a9c3be63ab71add2159438e23fc7f14efb3674329b7d63ed01300bad658768a4115953faf87e98fd5c7e6486ebb8c4a05efb0ce6e8e74bfc33c88f7e186827b5e79f3c9e36e2628119c29c9ccc844b8a7eac06b5e0b219aa0d4d2566,gx-no-cache=1489498821042 HTTP/1.1" 200 30
186.103.159.187 - - [14/Mar/2017:10:39:18 -0300] "POST /cormun/servlet/solicitudot?gx-no-cache=1489498824702 HTTP/1.1" 200 1274
186.103.159.187 - - [14/Mar/2017:10:39:18 -0300] "POST /cormun/servlet/solicitudot?gx-no-cache=1489498824799 HTTP/1.1" 200 1157
186.103.159.187 - - [14/Mar/2017:10:39:20 -0300] "POST /cormun/servlet/solicitudot?gx-no-cache=1489498826298 HTTP/1.1" 200 1274
186.103.159.187 - - [14/Mar/2017:10:39:20 -0300] "POST /cormun/servlet/solicitudot?gx-no-cache=1489498826345 HTTP/1.1" 200 1157
201.236.57.223 - - [14/Mar/2017:10:39:20 -0300] "POST /cormun/servlet/solicitudot?gx-no-cache=1489498824083 HTTP/1.1" 200 30
201.236.57.223 - - [14/Mar/2017:10:39:24 -0300] "POST /cormun/servlet/solicitudot?gx-no-cache=1489498828371 HTTP/1.1" 200 235
201.236.57.223 - - [14/Mar/2017:10:39:24 -0300] "POST /cormun/servlet/solicitudot?gx-no-cache=1489498828493 HTTP/1.1" 200 38
186.103.159.187 - - [14/Mar/2017:10:39:26 -0300] "GET /cormun/servlet/solicitudot?a368a00d5cadc76c8ce1f15d2f44d804b47939e854e23416e6a80d4ba78525a0345e9b6b776fee482bf58d1aa5296ddb061d40b7da22303c0c8e82d655d7735653500017fbdb7bf1f047c8d3eea0299dac7372abbf544e9f8f3ad8c4b7f4fcd3ed89e4e26ebfda7dc4b777adb6a6b23368f78dafc3fefe436aa753bc3bc392cc5a6c0e762dbf060864fe26c2ba986c6a16eac16a40e2b1df831fbb249badffe5aeb131d9a9d9f68ee883e42f33ced1b17fe6b4fadca28998b1293d260fc4b8b5,gx-no-cache=1489498833019 HTTP/1.1" 200 30
186.103.159.187 - - [14/Mar/2017:10:39:34 -0300] "POST /cormun/servlet/solicitudot?ee8eb36d443de8c6ee53e1e9f40958a8,INS,0,0,,gx-no-cache=1489498839903 HTTP/1.1" 200 93
186.103.159.187 - - [14/Mar/2017:10:39:34 -0300] "GET /cormun/servlet/hpexe_return? HTTP/1.1" 200 1008
186.103.159.187 - - [14/Mar/2017:10:39:34 -0300] "GET /cormun/servlet/trsolicitudot HTTP/1.1" 200 8539
186.103.159.187 - - [14/Mar/2017:10:39:35 -0300] "GET /cormun/servlet/trsolicitudot HTTP/1.1" 200 8535
186.103.159.187 - - [14/Mar/2017:10:39:45 -0300] "POST /cormun/servlet/trsolicitudot?ee8eb36d443de8c6ee53e1e9f40958a8,gx-no-cache=1489498851125 HTTP/1.1" 200 5254
186.103.159.187 - - [14/Mar/2017:10:39:45 -0300] "GET /cormun/static/Shared/jqueryui/images/ui-bg_highlight-soft_100_c6c2c8_1x100.png HTTP/1.1" 404 1117
186.103.159.187 - - [14/Mar/2017:10:39:45 -0300] "GET /cormun/static/Shared/jqueryui/images/ui-icons_82798d_256x240.png HTTP/1.1" 404 1089
186.103.159.187 - - [14/Mar/2017:10:39:45 -0300] "GET /cormun/static/Shared/jqueryui/images/ui-bg_flat_55_fafafa_40x100.png HTTP/1.1" 404 1097
186.103.159.187 - - [14/Mar/2017:10:39:45 -0300] "GET /cormun/static/Shared/jqueryui/images/ui-icons_8d78a5_256x240.png HTTP/1.1" 404 1089
186.103.159.187 - - [14/Mar/2017:10:39:45 -0300] "POST /cormun/servlet/trsolicitudot?ee8eb36d443de8c6ee53e1e9f40958a8,gx-no-cache=1489498851484 HTTP/1.1" 200 5195
186.103.159.187 - - [14/Mar/2017:10:39:50 -0300] "GET /cormun/servlet/solicitudot?INS,0,0, HTTP/1.1" 200 12546
186.103.159.187 - - [14/Mar/2017:10:39:51 -0300] "GET /cormun/servlet/solicitudot?INS,0,0, HTTP/1.1" 200 12551
192.168.10.62 - - [14/Mar/2017:10:40:09 -0300] "POST /cormun/servlet/trsolicitudgral?5b0cbad1d8259a45c1591ea0b28ed850,,gx-no-cache=1489502092091 HTTP/1.1" 200 6657
186.103.159.187 - - [14/Mar/2017:10:40:31 -0300] "POST /cormun/servlet/solicitudot?gx-no-cache=1489498897461 HTTP/1.1" 200 3152
186.103.159.187 - - [14/Mar/2017:10:40:31 -0300] "POST /cormun/servlet/solicitudot?ee8eb36d443de8c6ee53e1e9f40958a8,INS,0,0,,gx-no-cache=1489498897759 HTTP/1.1" 200 9761
186.103.159.187 - - [14/Mar/2017:10:40:35 -0300] "GET /cormun/servlet/solicitudot?a368a00d5cadc76c8ce1f15d2f44d80476187e68200aae693de837236d06d032294ff86f7c4669e20e8cdd548ae77aab,gx-no-cache=1489498901169 HTTP/1.1" 200 30
186.103.159.187 - - [14/Mar/2017:10:40:35 -0300] "POST /cormun/servlet/solicitudot?gx-no-cache=1489498901255 HTTP/1.1" 200 255
186.103.159.187 - - [14/Mar/2017:10:40:35 -0300] "GET /cormun/servlet/solicitudot?a368a00d5cadc76c8ce1f15d2f44d8042594a16c1d3aafacd8b86f12684fac098ef8f8d811eb4a60ad85afb0bac7dea06cde089a119b11c179cacdc5a93e1761354f375f63ca695c02ffd5b2f210fd93cabf08ce9bb9d3a006437e6bdb8b2e1a0c9f190ae86ea7985a22be6bcbcbd7cf25cf16d4ab3a820fd57b1ce6bca7aae41c4563316802ad9a9e76566f83314f5afc2f58c3f3aacd619dfbf5b5c70e5297d919bca04854cc63394d3f556829021aa9da0d2c54e11fc654b526a439e037f7958056c3aa33124442542824526c1211f53786a010d1672eabadeb2cf3de5c4485f530f84f37548a0638f3a4d1b4e6782f1d517e8e9338df8f40bae19d4cba3eb4a98c14d363852d478c9c2402d84bb0e1dbef1700c3317cb275f3f3328d8392a0f09e1e62af7db0ce7b83268b8291b4481143ba1946b3d7978364a5da80c6016832c98781b69587df5bb738399426c96d2f7dacd5406f7bf72bd542f478b42cf22a2f0081f274b3cea54bbc575f3e9c755b73c1db114292dfefac7ba1675109,gx-no-cache=1489498901323 HTTP/1.1" 200 30
186.103.159.187 - - [14/Mar/2017:10:40:37 -0300] "POST /cormun/servlet/solicitudot?gx-no-cache=1489498903584 HTTP/1.1" 200 30
186.103.159.187 - - [14/Mar/2017:10:40:39 -0300] "GET /cormun/servlet/prcontratosol?9543879,,,,,MD,,gxPopupLevel%3D0%3B HTTP/1.1" 200 5561
201.236.57.223 - - [14/Mar/2017:10:40:51 -0300] "GET /cormun/servlet/solicitudot?d6f8c813e135d3cf27af91d3c35b6ad56d41bdfc1f9a044ee1a95d8ae877faa7148e90dbdd1f50c64d9bdb7889d4bfc96659f723acf9fc1302d7ab1e24a78d6423bf253938184e11cd01bcf81ee97eccd907b704c272537e3dd837084b738d574aa790a1bae552c7ae320c81cddf040e,gx-no-cache=1489498914485 HTTP/1.1" 200 29
201.236.57.223 - - [14/Mar/2017:10:40:51 -0300] "POST /cormun/servlet/solicitudot?gx-no-cache=1489498914967 HTTP/1.1" 200 643
201.236.57.223 - - [14/Mar/2017:10:40:52 -0300] "POST /cormun/servlet/solicitudot?gx-no-cache=1489498916315 HTTP/1.1" 200 1157
192.168.10.62 - - [14/Mar/2017:10:40:56 -0300] "POST /cormun/servlet/trsolicitudgral?5b0cbad1d8259a45c1591ea0b28ed850,,gx-no-cache=1489502138807 HTTP/1.1" 200 105
192.168.10.62 - - [14/Mar/2017:10:40:56 -0300] "POST /cormun/servlet/trsolicitudgral?5b0cbad1d8259a45c1591ea0b28ed850,,gx-no-cache=1489502138921 HTTP/1.1" 200 6640
192.168.10.62 - - [14/Mar/2017:10:40:56 -0300] "GET /cormun/SolicitudGral-8665.xls HTTP/1.1" 200 6144
201.236.57.223 - - [14/Mar/2017:10:41:02 -0300] "GET /cormun/static/menuarrow.gif HTTP/1.1" 404 1015
186.103.159.187 - - [14/Mar/2017:10:41:05 -0300] "POST /cormun/servlet/solicitudot?gx-no-cache=1489498931615 HTTP/1.1" 200 1372
