186.103.159.44 - - [14/Mar/2017:15:18:51 -0300] "POST /cormun/servlet/trlicencias?d7078ca0049b4a80fe600385ec5a8828,,gx-no-cache=1489515598635 HTTP/1.1" 200 4060
186.103.159.44 - - [14/Mar/2017:15:18:52 -0300] "GET /cormun/static/Shared/jqueryui/images/ui-bg_highlight-soft_100_c6c2c8_1x100.png HTTP/1.1" 404 1117
186.103.159.44 - - [14/Mar/2017:15:18:52 -0300] "GET /cormun/static/Shared/jqueryui/images/ui-icons_82798d_256x240.png HTTP/1.1" 404 1089
186.103.159.44 - - [14/Mar/2017:15:18:52 -0300] "GET /cormun/static/Shared/jqueryui/images/ui-icons_8d78a5_256x240.png HTTP/1.1" 404 1089
186.103.159.44 - - [14/Mar/2017:15:18:52 -0300] "GET /cormun/static/Shared/jqueryui/images/ui-bg_flat_55_fafafa_40x100.png HTTP/1.1" 404 1097
186.67.84.234 - - [14/Mar/2017:15:18:52 -0300] "POST /cormun/servlet/trlicencias?298338bbcfc896cc15b0da6b3682c77b,,gx-no-cache=1489515600958 HTTP/1.1" 200 4227
186.67.84.234 - - [14/Mar/2017:15:18:53 -0300] "GET /cormun/static/Shared/jqueryui/images/ui-bg_highlight-soft_100_c6c2c8_1x100.png HTTP/1.1" 404 1117
186.67.84.234 - - [14/Mar/2017:15:18:53 -0300] "GET /cormun/static/Shared/jqueryui/images/ui-icons_82798d_256x240.png HTTP/1.1" 404 1089
186.67.84.234 - - [14/Mar/2017:15:18:53 -0300] "GET /cormun/static/Shared/jqueryui/images/ui-bg_flat_55_fafafa_40x100.png HTTP/1.1" 404 1097
186.67.84.234 - - [14/Mar/2017:15:18:53 -0300] "GET /cormun/static/Shared/jqueryui/images/ui-icons_8d78a5_256x240.png HTTP/1.1" 404 1089
186.103.159.46 - - [14/Mar/2017:15:18:55 -0300] "POST /cormun/servlet/trsolicitudot?d54f14d1e65644aa5b7ffeae7a59a1fc,gx-no-cache=1489515604033 HTTP/1.1" 200 106
186.103.159.46 - - [14/Mar/2017:15:18:55 -0300] "GET /cormun/servlet/trsolicitudadjuntos?2017,5508, HTTP/1.1" 200 5877
186.103.159.46 - - [14/Mar/2017:15:18:55 -0300] "GET /cormun/static/gxcfg.js?201612218531388 HTTP/1.1" 304 -
186.103.159.46 - - [14/Mar/2017:15:18:57 -0300] "GET /cormun/servlet/trsolicitudadjuntos?2017,5508, HTTP/1.1" 200 5877
190.101.9.138 - - [14/Mar/2017:15:18:58 -0300] "POST /cormun/servlet/solicitudot?gx-no-cache=1489515607093 HTTP/1.1" 200 1275
190.101.9.138 - - [14/Mar/2017:15:18:58 -0300] "POST /cormun/servlet/solicitudot?gx-no-cache=1489515607764 HTTP/1.1" 200 1157
186.103.159.44 - - [14/Mar/2017:15:18:59 -0300] "GET /cormun/servlet/licenciaspermisos?INS,0,,, HTTP/1.1" 200 7123
186.103.159.46 - - [14/Mar/2017:15:18:59 -0300] "GET /cormun/servlet/solicitudotadjuntos?INS,2017,5508,,1, HTTP/1.1" 200 5806
186.103.159.46 - - [14/Mar/2017:15:18:59 -0300] "GET /cormun/static/gxcfg.js?201612218465951 HTTP/1.1" 304 -
186.103.159.46 - - [14/Mar/2017:15:18:59 -0300] "GET /cormun/static/solicitudotadjuntos.js?201612218465969 HTTP/1.1" 304 -
186.103.159.46 - - [14/Mar/2017:15:18:59 -0300] "GET /cormun/static/about:blank HTTP/1.1" 404 1011
186.103.159.46 - - [14/Mar/2017:15:19:00 -0300] "GET /cormun/servlet/solicitudotadjuntos?INS,2017,5508,,1, HTTP/1.1" 200 5800
186.103.159.46 - - [14/Mar/2017:15:19:01 -0300] "GET /cormun/servlet/solicitudotadjuntos?a724a39dbb83093077818068eb28006c9f8421f2f5dd6288ac763ffa0eafcb8fb6cb0aa86dc99bfab842ea2ea5d07c12,gx-no-cache=1489515610328 HTTP/1.1" 200 30
186.103.159.46 - - [14/Mar/2017:15:19:01 -0300] "POST /cormun/servlet/solicitudotadjuntos?d54f14d1e65644aa5b7ffeae7a59a1fc,INS,2017,5508,,1,,gx-no-cache=1489515610432 HTTP/1.1" 200 3676
186.103.159.46 - - [14/Mar/2017:15:19:04 -0300] "POST /cormun/servlet/solicitudotadjuntos?gx-no-cache=1489515613225 HTTP/1.1" 200 26
186.103.159.46 - - [14/Mar/2017:15:19:31 -0300] "GET /cormun/servlet/solicitudotadjuntos?a724a39dbb83093077818068eb28006c426f6ce0aa63daecb968bb6915768f15,gx-no-cache=1489515640198 HTTP/1.1" 200 30
186.103.159.46 - - [14/Mar/2017:15:19:31 -0300] "GET /cormun/servlet/solicitudotadjuntos?a724a39dbb83093077818068eb28006c426f6ce0aa63daecb968bb6915768f15,gx-no-cache=1489515640292 HTTP/1.1" 200 30
186.103.159.46 - - [14/Mar/2017:15:19:31 -0300] "POST /cormun/servlet/solicitudotadjuntos?d54f14d1e65644aa5b7ffeae7a59a1fc,INS,2017,5508,,1, HTTP/1.1" 200 116
186.103.159.46 - - [14/Mar/2017:15:19:31 -0300] "GET /cormun/servlet/hpexe_return? HTTP/1.1" 200 1028
186.103.159.46 - - [14/Mar/2017:15:19:32 -0300] "GET /cormun/servlet/trsolicitudadjuntos?2017,5508, HTTP/1.1" 200 8011
186.103.159.46 - - [14/Mar/2017:15:19:33 -0300] "GET /cormun/servlet/trsolicitudadjuntos?2017,5508, HTTP/1.1" 200 8024
186.103.159.46 - - [14/Mar/2017:15:19:36 -0300] "GET /cormun/servlet/solicitudotadjuntos?INS,2017,5508,,1, HTTP/1.1" 200 5806
186.103.159.46 - - [14/Mar/2017:15:19:36 -0300] "GET /cormun/static/about:blank HTTP/1.1" 404 1011
186.103.159.46 - - [14/Mar/2017:15:19:37 -0300] "GET /cormun/servlet/solicitudotadjuntos?INS,2017,5508,,1, HTTP/1.1" 200 5800
186.103.159.46 - - [14/Mar/2017:15:19:38 -0300] "GET /cormun/servlet/solicitudotadjuntos?a724a39dbb83093077818068eb28006c9f8421f2f5dd6288ac763ffa0eafcb8fb6cb0aa86dc99bfab842ea2ea5d07c12,gx-no-cache=1489515647058 HTTP/1.1" 200 30
186.103.159.46 - - [14/Mar/2017:15:19:38 -0300] "POST /cormun/servlet/solicitudotadjuntos?d54f14d1e65644aa5b7ffeae7a59a1fc,INS,2017,5508,,1,,gx-no-cache=1489515647157 HTTP/1.1" 200 3676
186.103.159.46 - - [14/Mar/2017:15:19:42 -0300] "POST /cormun/servlet/solicitudotadjuntos?gx-no-cache=1489515651381 HTTP/1.1" 200 26
186.103.159.46 - - [14/Mar/2017:15:20:02 -0300] "GET /cormun/servlet/solicitudotadjuntos?a724a39dbb83093077818068eb28006c426f6ce0aa63daecb968bb6915768f15,gx-no-cache=1489515671000 HTTP/1.1" 200 30
186.103.159.46 - - [14/Mar/2017:15:20:02 -0300] "GET /cormun/servlet/solicitudotadjuntos?a724a39dbb83093077818068eb28006c426f6ce0aa63daecb968bb6915768f15,gx-no-cache=1489515671571 HTTP/1.1" 200 30
186.103.159.46 - - [14/Mar/2017:15:20:03 -0300] "POST /cormun/servlet/solicitudotadjuntos?d54f14d1e65644aa5b7ffeae7a59a1fc,INS,2017,5508,,1, HTTP/1.1" 200 116
186.103.159.46 - - [14/Mar/2017:15:20:03 -0300] "GET /cormun/servlet/hpexe_return? HTTP/1.1" 200 1028
186.103.159.46 - - [14/Mar/2017:15:20:04 -0300] "GET /cormun/servlet/trsolicitudadjuntos?2017,5508, HTTP/1.1" 200 8241
186.103.159.46 - - [14/Mar/2017:15:20:06 -0300] "GET /cormun/servlet/trsolicitudadjuntos?2017,5508, HTTP/1.1" 200 8241
186.103.159.46 - - [14/Mar/2017:15:20:09 -0300] "GET /cormun/servlet/solicitudotadjuntos?INS,2017,5508,,1, HTTP/1.1" 200 5806
186.103.159.46 - - [14/Mar/2017:15:20:09 -0300] "GET /cormun/static/about:blank HTTP/1.1" 404 1011
186.103.159.46 - - [14/Mar/2017:15:20:10 -0300] "GET /cormun/servlet/solicitudotadjuntos?INS,2017,5508,,1, HTTP/1.1" 200 5800
186.103.159.46 - - [14/Mar/2017:15:20:11 -0300] "GET /cormun/servlet/solicitudotadjuntos?a724a39dbb83093077818068eb28006c9f8421f2f5dd6288ac763ffa0eafcb8fb6cb0aa86dc99bfab842ea2ea5d07c12,gx-no-cache=1489515680026 HTTP/1.1" 200 30
186.103.159.46 - - [14/Mar/2017:15:20:11 -0300] "POST /cormun/servlet/solicitudotadjuntos?d54f14d1e65644aa5b7ffeae7a59a1fc,INS,2017,5508,,1,,gx-no-cache=1489515680090 HTTP/1.1" 200 3676
186.103.159.46 - - [14/Mar/2017:15:20:17 -0300] "POST /cormun/servlet/solicitudotadjuntos?gx-no-cache=1489515686183 HTTP/1.1" 200 26
186.79.220.158 - - [14/Mar/2017:15:20:19 -0300] "POST /cormun/servlet/solicitudot?gx-no-cache=1489515688025 HTTP/1.1" 200 255
186.79.220.158 - - [14/Mar/2017:15:20:22 -0300] "GET /cormun/servlet/solicitudot?f094b84c5bf0e3e55ebb8195706efde4c69a120b7a981d673168dea0e2a66e07a59b09bb5c2ba0dffdc55e44ae52c290db7894e5f6c4391553e0bc2350c976b78c65da6d1854325218d9a132daf88b7fcd754c62ce0395a06e644ee8472abcfc14ccae0cfc08a8fc6471d6aa1dc03afee83a8f891e5110fc9f9db029ab03aa30b4b12acf43727c4c274c8cae1666de72f8b5114f4a542a6890d3b88c1b4f5541b8d23164b96a1be3538243793d336575d47702d8159e23e85c91c21225eacafded2362e96e37836a1603248e8513244f19ff57ea116ad218a1f8f4f9ed0dc4aca2ce91ee58158ac663a325239c4055137c6ad2e390b5ce239611719cc767080d3b1ffa18c21fd82d99833247802f9e5ed2d59efede511f5cbecb803c09dbef2c92fb274339ac19665ee54fb23a70eaecd40b05c1931da78bdf29596ff1ff9a83fb13189589b41e32ecfe36e97b9b0397b563b0304237816b47fb726a7b39e417203db474717db670461d011ae22155fae99027c0e444bea4851e813cf60ad8da,gx-no-cache=1489515691616 HTTP/1.1" 200 30
186.79.220.158 - - [14/Mar/2017:15:20:25 -0300] "POST /cormun/servlet/solicitudot?gx-no-cache=1489515694360 HTTP/1.1" 200 30
186.79.220.158 - - [14/Mar/2017:15:20:26 -0300] "POST /cormun/servlet/solicitudot?gx-no-cache=1489515695549 HTTP/1.1" 200 235
186.79.220.158 - - [14/Mar/2017:15:20:26 -0300] "POST /cormun/servlet/solicitudot?gx-no-cache=1489515695685 HTTP/1.1" 200 38
186.103.159.46 - - [14/Mar/2017:15:20:42 -0300] "GET /cormun/servlet/solicitudotadjuntos?a724a39dbb83093077818068eb28006c426f6ce0aa63daecb968bb6915768f15,gx-no-cache=1489515711164 HTTP/1.1" 200 30
186.103.159.46 - - [14/Mar/2017:15:20:42 -0300] "GET /cormun/servlet/solicitudotadjuntos?a724a39dbb83093077818068eb28006c426f6ce0aa63daecb968bb6915768f15,gx-no-cache=1489515711307 HTTP/1.1" 200 30
186.103.159.46 - - [14/Mar/2017:15:20:43 -0300] "POST /cormun/servlet/solicitudotadjuntos?d54f14d1e65644aa5b7ffeae7a59a1fc,INS,2017,5508,,1, HTTP/1.1" 200 116
186.103.159.46 - - [14/Mar/2017:15:20:43 -0300] "GET /cormun/servlet/hpexe_return? HTTP/1.1" 200 1028
186.103.159.46 - - [14/Mar/2017:15:20:44 -0300] "GET /cormun/servlet/trsolicitudadjuntos?2017,5508, HTTP/1.1" 200 8394
186.103.159.46 - - [14/Mar/2017:15:20:45 -0300] "GET /cormun/servlet/trsolicitudadjuntos?2017,5508, HTTP/1.1" 200 8391
186.103.159.46 - - [14/Mar/2017:15:20:50 -0300] "GET /cormun/servlet/solicitudotadjuntos?INS,2017,5508,,1, HTTP/1.1" 200 5806
186.103.159.46 - - [14/Mar/2017:15:20:50 -0300] "GET /cormun/static/about:blank HTTP/1.1" 404 1011
186.103.159.46 - - [14/Mar/2017:15:20:51 -0300] "GET /cormun/servlet/solicitudotadjuntos?INS,2017,5508,,1, HTTP/1.1" 200 5800
186.103.159.46 - - [14/Mar/2017:15:20:52 -0300] "GET /cormun/servlet/solicitudotadjuntos?a724a39dbb83093077818068eb28006c9f8421f2f5dd6288ac763ffa0eafcb8fb6cb0aa86dc99bfab842ea2ea5d07c12,gx-no-cache=1489515721156 HTTP/1.1" 200 30
186.103.159.46 - - [14/Mar/2017:15:20:52 -0300] "POST /cormun/servlet/solicitudotadjuntos?d54f14d1e65644aa5b7ffeae7a59a1fc,INS,2017,5508,,1,,gx-no-cache=1489515721252 HTTP/1.1" 200 3676
186.103.159.46 - - [14/Mar/2017:15:20:57 -0300] "POST /cormun/servlet/solicitudotadjuntos?gx-no-cache=1489515726442 HTTP/1.1" 200 26
186.79.220.158 - - [14/Mar/2017:15:20:57 -0300] "GET /cormun/servlet/solicitudot?f094b84c5bf0e3e55ebb8195706efde4b86213e273632a12b31057a2d39fddf3211c94c9aef1f131d130113b68f4dc79283ed834533e3c3a5d2e1d2b8c98447be92f6392357a581db48c2657e269a2ec86cff36ccbe152fe9f7b4ba73d54d36949c92060bd9446015373598827aea578,gx-no-cache=1489515726933 HTTP/1.1" 200 29
186.79.220.158 - - [14/Mar/2017:15:20:57 -0300] "POST /cormun/servlet/solicitudot?gx-no-cache=1489515727075 HTTP/1.1" 200 643
186.79.220.158 - - [14/Mar/2017:15:20:58 -0300] "POST /cormun/servlet/solicitudot?gx-no-cache=1489515727887 HTTP/1.1" 200 1157
186.79.220.158 - - [14/Mar/2017:15:21:04 -0300] "GET /cormun/static/menuarrow.gif HTTP/1.1" 404 1015
186.103.159.46 - - [14/Mar/2017:15:21:12 -0300] "GET /cormun/servlet/solicitudotadjuntos?a724a39dbb83093077818068eb28006c426f6ce0aa63daecb968bb6915768f15,gx-no-cache=1489515740915 HTTP/1.1" 200 30
186.103.159.46 - - [14/Mar/2017:15:21:12 -0300] "GET /cormun/servlet/solicitudotadjuntos?a724a39dbb83093077818068eb28006c426f6ce0aa63daecb968bb6915768f15,gx-no-cache=1489515741402 HTTP/1.1" 200 30
186.79.220.158 - - [14/Mar/2017:15:21:12 -0300] "GET /cormun/servlet/solicitudot?f094b84c5bf0e3e55ebb8195706efde4162a081765a87df1b8727f45b7a137b2a1c9c04731b6df336a0f68998f7cfaf26eae6bb85bab63771a29fb5f052f891477fbb656592ee0e8b6b63f3d2dcb67d27fc2c5d1031f78287879cd587862db7edc977ad68d68a76a966431ec483793e1d89ba4fa4943f12f1e445d573ccdbecb6b9500259ce3b8ea2d1c8d1f94717113640fdf01ca6f96e2723408ad947edd8be27eccd97b0fca17d2bed880d984aeed,gx-no-cache=1489515741951 HTTP/1.1" 200 30
186.103.159.46 - - [14/Mar/2017:15:21:13 -0300] "POST /cormun/servlet/solicitudotadjuntos?d54f14d1e65644aa5b7ffeae7a59a1fc,INS,2017,5508,,1, HTTP/1.1" 200 116
186.103.159.46 - - [14/Mar/2017:15:21:13 -0300] "GET /cormun/servlet/hpexe_return? HTTP/1.1" 200 1028
186.103.159.46 - - [14/Mar/2017:15:21:14 -0300] "GET /cormun/servlet/trsolicitudadjuntos?2017,5508, HTTP/1.1" 200 8534
186.103.159.46 - - [14/Mar/2017:15:21:15 -0300] "GET /cormun/servlet/trsolicitudadjuntos?2017,5508, HTTP/1.1" 200 8531
186.103.159.46 - - [14/Mar/2017:15:21:18 -0300] "GET /cormun/servlet/solicitudotadjuntos?INS,2017,5508,,1, HTTP/1.1" 200 5806
186.103.159.46 - - [14/Mar/2017:15:21:18 -0300] "GET /cormun/static/about:blank HTTP/1.1" 404 1011
186.103.159.46 - - [14/Mar/2017:15:21:19 -0300] "GET /cormun/servlet/solicitudotadjuntos?INS,2017,5508,,1, HTTP/1.1" 200 5800
186.103.159.46 - - [14/Mar/2017:15:21:20 -0300] "GET /cormun/servlet/solicitudotadjuntos?a724a39dbb83093077818068eb28006c9f8421f2f5dd6288ac763ffa0eafcb8fb6cb0aa86dc99bfab842ea2ea5d07c12,gx-no-cache=1489515749104 HTTP/1.1" 200 30
186.103.159.46 - - [14/Mar/2017:15:21:20 -0300] "POST /cormun/servlet/solicitudotadjuntos?d54f14d1e65644aa5b7ffeae7a59a1fc,INS,2017,5508,,1,,gx-no-cache=1489515749202 HTTP/1.1" 200 3676
186.103.159.46 - - [14/Mar/2017:15:21:22 -0300] "POST /cormun/servlet/solicitudotadjuntos?gx-no-cache=1489515751159 HTTP/1.1" 200 26
186.79.220.158 - - [14/Mar/2017:15:21:23 -0300] "POST /cormun/servlet/solicitudot?ea150c5f64851c906623c1009045fe97,INS,0,0,,gx-no-cache=1489515751945 HTTP/1.1" 200 93
186.79.220.158 - - [14/Mar/2017:15:21:23 -0300] "GET /cormun/servlet/hpexe_return? HTTP/1.1" 200 999
186.79.220.158 - - [14/Mar/2017:15:21:23 -0300] "GET /cormun/servlet/trsolicitudot HTTP/1.1" 200 7940
186.79.220.158 - - [14/Mar/2017:15:21:24 -0300] "GET /cormun/servlet/trsolicitudot HTTP/1.1" 200 7936
186.79.220.158 - - [14/Mar/2017:15:21:27 -0300] "POST /cormun/servlet/trsolicitudot?ea150c5f64851c906623c1009045fe97,gx-no-cache=1489515756071 HTTP/1.1" 200 106
186.79.220.158 - - [14/Mar/2017:15:21:27 -0300] "GET /cormun/servlet/trsolicitudadjuntos?2017,5509, HTTP/1.1" 200 5913
186.79.220.158 - - [14/Mar/2017:15:21:27 -0300] "GET /cormun/servlet/trsolicitudadjuntos?2017,5509, HTTP/1.1" 200 5913
186.103.159.46 - - [14/Mar/2017:15:21:29 -0300] "POST /cormun/servlet/solicitudotadjuntos?gx-no-cache=1489515758414 HTTP/1.1" 200 26
186.79.220.158 - - [14/Mar/2017:15:21:30 -0300] "GET /cormun/servlet/solicitudotadjuntos?INS,2017,5509,,1, HTTP/1.1" 200 5842
186.79.220.158 - - [14/Mar/2017:15:21:31 -0300] "GET /cormun/static/about:blank HTTP/1.1" 404 1011
186.79.220.158 - - [14/Mar/2017:15:21:31 -0300] "GET /cormun/servlet/solicitudotadjuntos?INS,2017,5509,,1, HTTP/1.1" 200 5836
186.79.220.158 - - [14/Mar/2017:15:21:31 -0300] "GET /cormun/servlet/solicitudotadjuntos?f094b84c5bf0e3e55ebb8195706efde48fb8a6dd5e51236a13e05edf0f6afeadb46f8486bcec05cd6c6cb0262498374a,gx-no-cache=1489515760758 HTTP/1.1" 200 30
186.79.220.158 - - [14/Mar/2017:15:21:31 -0300] "POST /cormun/servlet/solicitudotadjuntos?ea150c5f64851c906623c1009045fe97,INS,2017,5509,,1,,gx-no-cache=1489515760862 HTTP/1.1" 200 3681
186.79.220.158 - - [14/Mar/2017:15:21:34 -0300] "POST /cormun/servlet/solicitudotadjuntos?gx-no-cache=1489515763859 HTTP/1.1" 200 26
186.103.159.46 - - [14/Mar/2017:15:21:43 -0300] "GET /cormun/servlet/solicitudotadjuntos?a724a39dbb83093077818068eb28006c426f6ce0aa63daecb968bb6915768f15,gx-no-cache=1489515771981 HTTP/1.1" 200 30
186.103.159.46 - - [14/Mar/2017:15:21:43 -0300] "GET /cormun/servlet/solicitudotadjuntos?a724a39dbb83093077818068eb28006c426f6ce0aa63daecb968bb6915768f15,gx-no-cache=1489515772047 HTTP/1.1" 200 30
186.103.159.46 - - [14/Mar/2017:15:21:43 -0300] "POST /cormun/servlet/solicitudotadjuntos?d54f14d1e65644aa5b7ffeae7a59a1fc,INS,2017,5508,,1, HTTP/1.1" 200 116
186.103.159.46 - - [14/Mar/2017:15:21:43 -0300] "GET /cormun/servlet/hpexe_return? HTTP/1.1" 200 1028
186.103.159.46 - - [14/Mar/2017:15:21:44 -0300] "GET /cormun/servlet/trsolicitudadjuntos?2017,5508, HTTP/1.1" 200 8701
186.103.159.46 - - [14/Mar/2017:15:21:45 -0300] "GET /cormun/servlet/trsolicitudadjuntos?2017,5508, HTTP/1.1" 200 8697
186.103.159.46 - - [14/Mar/2017:15:21:48 -0300] "GET /cormun/servlet/solicitudotadjuntos?INS,2017,5508,,1, HTTP/1.1" 200 5806
186.103.159.46 - - [14/Mar/2017:15:21:48 -0300] "GET /cormun/static/about:blank HTTP/1.1" 404 1011
186.103.159.46 - - [14/Mar/2017:15:21:49 -0300] "GET /cormun/servlet/solicitudotadjuntos?INS,2017,5508,,1, HTTP/1.1" 200 5800
186.103.159.46 - - [14/Mar/2017:15:21:50 -0300] "GET /cormun/servlet/solicitudotadjuntos?a724a39dbb83093077818068eb28006c9f8421f2f5dd6288ac763ffa0eafcb8fb6cb0aa86dc99bfab842ea2ea5d07c12,gx-no-cache=1489515779291 HTTP/1.1" 200 30
186.103.159.46 - - [14/Mar/2017:15:21:50 -0300] "POST /cormun/servlet/solicitudotadjuntos?d54f14d1e65644aa5b7ffeae7a59a1fc,INS,2017,5508,,1,,gx-no-cache=1489515779367 HTTP/1.1" 200 3676
186.103.159.46 - - [14/Mar/2017:15:21:54 -0300] "POST /cormun/servlet/solicitudotadjuntos?gx-no-cache=1489515783130 HTTP/1.1" 200 26
186.79.220.158 - - [14/Mar/2017:15:21:54 -0300] "GET /cormun/servlet/solicitudotadjuntos?f094b84c5bf0e3e55ebb8195706efde4150da0f27e08abf10993c546f5bdfc30,gx-no-cache=1489515783972 HTTP/1.1" 200 30
186.79.220.158 - - [14/Mar/2017:15:21:54 -0300] "GET /cormun/servlet/solicitudotadjuntos?f094b84c5bf0e3e55ebb8195706efde4150da0f27e08abf10993c546f5bdfc30,gx-no-cache=1489515784141 HTTP/1.1" 200 30
186.79.220.158 - - [14/Mar/2017:15:21:57 -0300] "POST /cormun/servlet/solicitudotadjuntos?ea150c5f64851c906623c1009045fe97,INS,2017,5509,,1, HTTP/1.1" 200 116
186.79.220.158 - - [14/Mar/2017:15:21:57 -0300] "GET /cormun/servlet/hpexe_return? HTTP/1.1" 200 1018
186.79.220.158 - - [14/Mar/2017:15:21:58 -0300] "GET /cormun/servlet/trsolicitudadjuntos?2017,5509, HTTP/1.1" 200 8066
186.79.220.158 - - [14/Mar/2017:15:21:58 -0300] "GET /cormun/servlet/trsolicitudadjuntos?2017,5509, HTTP/1.1" 200 8058
186.79.220.158 - - [14/Mar/2017:15:22:00 -0300] "GET /cormun/servlet/solicitudotadjuntos?INS,2017,5509,,1, HTTP/1.1" 200 5842
186.79.220.158 - - [14/Mar/2017:15:22:01 -0300] "GET /cormun/static/about:blank HTTP/1.1" 404 1011
186.79.220.158 - - [14/Mar/2017:15:22:01 -0300] "GET /cormun/servlet/solicitudotadjuntos?INS,2017,5509,,1, HTTP/1.1" 200 5836
186.79.220.158 - - [14/Mar/2017:15:22:01 -0300] "GET /cormun/servlet/solicitudotadjuntos?f094b84c5bf0e3e55ebb8195706efde48fb8a6dd5e51236a13e05edf0f6afeadb46f8486bcec05cd6c6cb0262498374a,gx-no-cache=1489515790913 HTTP/1.1" 200 30
186.79.220.158 - - [14/Mar/2017:15:22:02 -0300] "POST /cormun/servlet/solicitudotadjuntos?ea150c5f64851c906623c1009045fe97,INS,2017,5509,,1,,gx-no-cache=1489515791027 HTTP/1.1" 200 3681
186.103.159.46 - - [14/Mar/2017:15:22:08 -0300] "GET /cormun/servlet/solicitudotadjuntos?a724a39dbb83093077818068eb28006c426f6ce0aa63daecb968bb6915768f15,gx-no-cache=1489515797146 HTTP/1.1" 200 30
186.103.159.46 - - [14/Mar/2017:15:22:08 -0300] "GET /cormun/servlet/solicitudotadjuntos?a724a39dbb83093077818068eb28006c426f6ce0aa63daecb968bb6915768f15,gx-no-cache=1489515797212 HTTP/1.1" 200 30
186.79.220.158 - - [14/Mar/2017:15:22:09 -0300] "POST /cormun/servlet/solicitudotadjuntos?gx-no-cache=1489515799081 HTTP/1.1" 200 26
186.103.159.46 - - [14/Mar/2017:15:22:11 -0300] "POST /cormun/servlet/solicitudotadjuntos?d54f14d1e65644aa5b7ffeae7a59a1fc,INS,2017,5508,,1, HTTP/1.1" 200 116
186.103.159.46 - - [14/Mar/2017:15:22:11 -0300] "GET /cormun/servlet/hpexe_return? HTTP/1.1" 200 1028
186.103.159.46 - - [14/Mar/2017:15:22:11 -0300] "GET /cormun/servlet/trsolicitudadjuntos?2017,5508, HTTP/1.1" 200 8943
186.103.159.46 - - [14/Mar/2017:15:22:13 -0300] "GET /cormun/servlet/trsolicitudadjuntos?2017,5508, HTTP/1.1" 200 8939
186.79.220.158 - - [14/Mar/2017:15:22:17 -0300] "GET /cormun/servlet/solicitudotadjuntos?f094b84c5bf0e3e55ebb8195706efde4150da0f27e08abf10993c546f5bdfc30,gx-no-cache=1489515807171 HTTP/1.1" 200 30
186.79.220.158 - - [14/Mar/2017:15:22:18 -0300] "GET /cormun/servlet/solicitudotadjuntos?f094b84c5bf0e3e55ebb8195706efde4150da0f27e08abf10993c546f5bdfc30,gx-no-cache=1489515807233 HTTP/1.1" 200 30
186.79.220.158 - - [14/Mar/2017:15:22:19 -0300] "POST /cormun/servlet/solicitudotadjuntos?ea150c5f64851c906623c1009045fe97,INS,2017,5509,,1, HTTP/1.1" 200 116
186.79.220.158 - - [14/Mar/2017:15:22:19 -0300] "GET /cormun/servlet/hpexe_return? HTTP/1.1" 200 1018
186.103.159.46 - - [14/Mar/2017:15:22:19 -0300] "POST /cormun/servlet/trsolicitudadjuntos?d54f14d1e65644aa5b7ffeae7a59a1fc,2017,5508,,gx-no-cache=1489515808919 HTTP/1.1" 200 90
186.103.159.46 - - [14/Mar/2017:15:22:20 -0300] "GET /cormun/servlet/hpexe_link HTTP/1.1" 200 974
186.79.220.158 - - [14/Mar/2017:15:22:20 -0300] "GET /cormun/servlet/trsolicitudadjuntos?2017,5509, HTTP/1.1" 200 8287
186.103.159.46 - - [14/Mar/2017:15:22:20 -0300] "GET /cormun/servlet/trsolicitudot HTTP/1.1" 200 8030
186.79.220.158 - - [14/Mar/2017:15:22:20 -0300] "GET /cormun/servlet/trsolicitudadjuntos?2017,5509, HTTP/1.1" 200 8284
186.103.159.46 - - [14/Mar/2017:15:22:21 -0300] "GET /cormun/servlet/trsolicitudot HTTP/1.1" 200 8029
186.79.220.158 - - [14/Mar/2017:15:22:23 -0300] "GET /cormun/servlet/solicitudotadjuntos?INS,2017,5509,,1, HTTP/1.1" 200 5841
186.79.220.158 - - [14/Mar/2017:15:22:23 -0300] "GET /cormun/static/about:blank HTTP/1.1" 404 1011
186.79.220.158 - - [14/Mar/2017:15:22:23 -0300] "GET /cormun/servlet/solicitudotadjuntos?INS,2017,5509,,1, HTTP/1.1" 200 5835
186.79.220.158 - - [14/Mar/2017:15:22:24 -0300] "GET /cormun/servlet/solicitudotadjuntos?f094b84c5bf0e3e55ebb8195706efde48fb8a6dd5e51236a13e05edf0f6afeadb46f8486bcec05cd6c6cb0262498374a,gx-no-cache=1489515813426 HTTP/1.1" 200 30
186.79.220.158 - - [14/Mar/2017:15:22:24 -0300] "POST /cormun/servlet/solicitudotadjuntos?ea150c5f64851c906623c1009045fe97,INS,2017,5509,,1,,gx-no-cache=1489515813524 HTTP/1.1" 200 3678
186.79.220.158 - - [14/Mar/2017:15:22:27 -0300] "POST /cormun/servlet/solicitudotadjuntos?gx-no-cache=1489515817104 HTTP/1.1" 200 26
186.103.159.46 - - [14/Mar/2017:15:22:29 -0300] "POST /cormun/servlet/trsolicitudot?d54f14d1e65644aa5b7ffeae7a59a1fc,gx-no-cache=1489515817913 HTTP/1.1" 200 4165
186.103.159.46 - - [14/Mar/2017:15:22:29 -0300] "GET /cormun/static/Shared/jqueryui/images/ui-bg_highlight-soft_100_c6c2c8_1x100.png HTTP/1.1" 404 1117
186.103.159.46 - - [14/Mar/2017:15:22:29 -0300] "GET /cormun/static/Shared/jqueryui/images/ui-icons_82798d_256x240.png HTTP/1.1" 404 1089
186.103.159.46 - - [14/Mar/2017:15:22:29 -0300] "GET /cormun/static/Shared/jqueryui/images/ui-bg_flat_55_fafafa_40x100.png HTTP/1.1" 404 1097
186.103.159.46 - - [14/Mar/2017:15:22:29 -0300] "GET /cormun/static/Shared/jqueryui/images/ui-icons_8d78a5_256x240.png HTTP/1.1" 404 1089
186.103.159.46 - - [14/Mar/2017:15:22:29 -0300] "POST /cormun/servlet/trsolicitudot?d54f14d1e65644aa5b7ffeae7a59a1fc,gx-no-cache=1489515818416 HTTP/1.1" 200 3930
186.79.220.158 - - [14/Mar/2017:15:22:35 -0300] "GET /cormun/servlet/solicitudotadjuntos?f094b84c5bf0e3e55ebb8195706efde4150da0f27e08abf10993c546f5bdfc30,gx-no-cache=1489515824340 HTTP/1.1" 200 30
186.79.220.158 - - [14/Mar/2017:15:22:35 -0300] "GET /cormun/servlet/solicitudotadjuntos?f094b84c5bf0e3e55ebb8195706efde4150da0f27e08abf10993c546f5bdfc30,gx-no-cache=1489515824470 HTTP/1.1" 200 30
186.79.220.158 - - [14/Mar/2017:15:22:36 -0300] "POST /cormun/servlet/solicitudotadjuntos?ea150c5f64851c906623c1009045fe97,INS,2017,5509,,1, HTTP/1.1" 200 116
186.79.220.158 - - [14/Mar/2017:15:22:37 -0300] "GET /cormun/servlet/hpexe_return? HTTP/1.1" 200 1018
186.79.220.158 - - [14/Mar/2017:15:22:37 -0300] "GET /cormun/servlet/trsolicitudadjuntos?2017,5509, HTTP/1.1" 200 8436
186.79.220.158 - - [14/Mar/2017:15:22:37 -0300] "GET /cormun/servlet/trsolicitudadjuntos?2017,5509, HTTP/1.1" 200 8433
186.79.220.158 - - [14/Mar/2017:15:22:42 -0300] "GET /cormun/servlet/solicitudotadjuntos?INS,2017,5509,,1, HTTP/1.1" 200 5841
186.79.220.158 - - [14/Mar/2017:15:22:42 -0300] "GET /cormun/static/about:blank HTTP/1.1" 404 1011
186.79.220.158 - - [14/Mar/2017:15:22:43 -0300] "GET /cormun/servlet/solicitudotadjuntos?INS,2017,5509,,1, HTTP/1.1" 200 5835
186.79.220.158 - - [14/Mar/2017:15:22:43 -0300] "GET /cormun/servlet/solicitudotadjuntos?f094b84c5bf0e3e55ebb8195706efde48fb8a6dd5e51236a13e05edf0f6afeadb46f8486bcec05cd6c6cb0262498374a,gx-no-cache=1489515832970 HTTP/1.1" 200 30
186.79.220.158 - - [14/Mar/2017:15:22:44 -0300] "POST /cormun/servlet/solicitudotadjuntos?ea150c5f64851c906623c1009045fe97,INS,2017,5509,,1,,gx-no-cache=1489515833074 HTTP/1.1" 200 3678
186.79.220.158 - - [14/Mar/2017:15:22:54 -0300] "POST /cormun/servlet/solicitudotadjuntos?gx-no-cache=1489515843320 HTTP/1.1" 200 26
186.79.220.158 - - [14/Mar/2017:15:23:05 -0300] "GET /cormun/servlet/solicitudotadjuntos?f094b84c5bf0e3e55ebb8195706efde4150da0f27e08abf10993c546f5bdfc30,gx-no-cache=1489515855115 HTTP/1.1" 200 30
186.79.220.158 - - [14/Mar/2017:15:23:06 -0300] "GET /cormun/servlet/solicitudotadjuntos?f094b84c5bf0e3e55ebb8195706efde4150da0f27e08abf10993c546f5bdfc30,gx-no-cache=1489515855198 HTTP/1.1" 200 30
186.79.220.158 - - [14/Mar/2017:15:23:07 -0300] "POST /cormun/servlet/solicitudotadjuntos?ea150c5f64851c906623c1009045fe97,INS,2017,5509,,1, HTTP/1.1" 200 116
186.79.220.158 - - [14/Mar/2017:15:23:07 -0300] "GET /cormun/servlet/hpexe_return? HTTP/1.1" 200 1018
186.79.220.158 - - [14/Mar/2017:15:23:08 -0300] "GET /cormun/servlet/trsolicitudadjuntos?2017,5509, HTTP/1.1" 200 8558
186.79.220.158 - - [14/Mar/2017:15:23:08 -0300] "GET /cormun/servlet/trsolicitudadjuntos?2017,5509, HTTP/1.1" 200 8556
186.79.220.158 - - [14/Mar/2017:15:23:14 -0300] "GET /cormun/servlet/solicitudotadjuntos?INS,2017,5509,,1, HTTP/1.1" 200 5841
186.79.220.158 - - [14/Mar/2017:15:23:15 -0300] "GET /cormun/static/about:blank HTTP/1.1" 404 1011
186.79.220.158 - - [14/Mar/2017:15:23:15 -0300] "GET /cormun/servlet/solicitudotadjuntos?INS,2017,5509,,1, HTTP/1.1" 200 5835
186.79.220.158 - - [14/Mar/2017:15:23:15 -0300] "GET /cormun/servlet/solicitudotadjuntos?f094b84c5bf0e3e55ebb8195706efde48fb8a6dd5e51236a13e05edf0f6afeadb46f8486bcec05cd6c6cb0262498374a,gx-no-cache=1489515864962 HTTP/1.1" 200 30
186.79.220.158 - - [14/Mar/2017:15:23:16 -0300] "POST /cormun/servlet/solicitudotadjuntos?ea150c5f64851c906623c1009045fe97,INS,2017,5509,,1,,gx-no-cache=1489515865060 HTTP/1.1" 200 3678
186.79.220.158 - - [14/Mar/2017:15:23:20 -0300] "POST /cormun/servlet/solicitudotadjuntos?gx-no-cache=1489515869426 HTTP/1.1" 200 26
186.79.220.158 - - [14/Mar/2017:15:23:32 -0300] "GET /cormun/servlet/solicitudotadjuntos?f094b84c5bf0e3e55ebb8195706efde4150da0f27e08abf10993c546f5bdfc30,gx-no-cache=1489515881347 HTTP/1.1" 200 30
186.79.220.158 - - [14/Mar/2017:15:23:32 -0300] "GET /cormun/servlet/solicitudotadjuntos?f094b84c5bf0e3e55ebb8195706efde4150da0f27e08abf10993c546f5bdfc30,gx-no-cache=1489515881414 HTTP/1.1" 200 30
186.79.220.158 - - [14/Mar/2017:15:23:34 -0300] "POST /cormun/servlet/solicitudotadjuntos?ea150c5f64851c906623c1009045fe97,INS,2017,5509,,1, HTTP/1.1" 200 116
186.79.220.158 - - [14/Mar/2017:15:23:34 -0300] "GET /cormun/servlet/hpexe_return? HTTP/1.1" 200 1018
186.79.220.158 - - [14/Mar/2017:15:23:34 -0300] "GET /cormun/servlet/trsolicitudadjuntos?2017,5509, HTTP/1.1" 200 8722
186.79.220.158 - - [14/Mar/2017:15:23:35 -0300] "GET /cormun/servlet/trsolicitudadjuntos?2017,5509, HTTP/1.1" 200 8720
186.79.220.158 - - [14/Mar/2017:15:23:39 -0300] "POST /cormun/servlet/trsolicitudadjuntos?ea150c5f64851c906623c1009045fe97,2017,5509,,gx-no-cache=1489515888413 HTTP/1.1" 200 90
186.79.220.158 - - [14/Mar/2017:15:23:39 -0300] "GET /cormun/servlet/hpexe_link HTTP/1.1" 200 965
186.79.220.158 - - [14/Mar/2017:15:23:39 -0300] "GET /cormun/servlet/trsolicitudot HTTP/1.1" 200 7938
186.79.220.158 - - [14/Mar/2017:15:23:40 -0300] "GET /cormun/servlet/trsolicitudot HTTP/1.1" 200 7936
192.168.10.89 - - [14/Mar/2017:15:24:03 -0300] "GET /cormun/servlet/hlogin HTTP/1.1" 200 1743
192.168.10.89 - - [14/Mar/2017:15:24:13 -0300] "POST /cormun/servlet/hlogin?35a7a9761fd97fd79422ab3916d24380,gx-no-cache=1489519136298 HTTP/1.1" 200 459
192.168.10.89 - - [14/Mar/2017:15:24:18 -0300] "POST /cormun/servlet/hlogin?35a7a9761fd97fd79422ab3916d24380,gx-no-cache=1489519140921 HTTP/1.1" 200 90
192.168.10.89 - - [14/Mar/2017:15:24:18 -0300] "GET /cormun/servlet/hpexe_link HTTP/1.1" 200 959
192.168.10.89 - - [14/Mar/2017:15:24:21 -0300] "GET /cormun/servlet/hhome HTTP/1.1" 200 3935
192.168.10.89 - - [14/Mar/2017:15:24:25 -0300] "GET /cormun/servlet/trsolicitudot? HTTP/1.1" 200 6900
192.168.10.89 - - [14/Mar/2017:15:24:30 -0300] "GET /cormun/servlet/solicitudot?INS,0,0, HTTP/1.1" 200 12726
192.168.10.89 - - [14/Mar/2017:15:24:41 -0300] "GET /cormun/servlet/prfichaempleado?,MD,,gxPopupLevel%3D0%3B HTTP/1.1" 200 8790
186.103.157.235 - - [14/Mar/2017:15:24:41 -0300] "GET /cormun/servlet/trpermisosgoce? HTTP/1.1" 200 7029
186.103.157.235 - - [14/Mar/2017:15:24:42 -0300] "GET /cormun/static/gxcfg.js?201612262011714 HTTP/1.1" 304 -
186.103.157.235 - - [14/Mar/2017:15:24:42 -0300] "GET /cormun/static/trpermisosgoce.js?201612262012096 HTTP/1.1" 304 -
186.103.157.235 - - [14/Mar/2017:15:24:43 -0300] "GET /cormun/servlet/trpermisosgoce? HTTP/1.1" 200 7025
186.103.157.235 - - [14/Mar/2017:15:24:44 -0300] "GET /cormun/servlet/hlogin HTTP/1.1" 200 1738
192.168.10.89 - - [14/Mar/2017:15:24:49 -0300] "POST /cormun/servlet/prfichaempleado?35a7a9761fd97fd79422ab3916d24380,,MD,,gxPopupLevel%3D0%3B,gx-no-cache=1489519171493 HTTP/1.1" 200 3790
192.168.10.89 - - [14/Mar/2017:15:24:53 -0300] "POST /cormun/servlet/solicitudot?gx-no-cache=1489519175349 HTTP/1.1" 200 3173
192.168.10.89 - - [14/Mar/2017:15:24:53 -0300] "POST /cormun/servlet/solicitudot?35a7a9761fd97fd79422ab3916d24380,INS,0,0,,gx-no-cache=1489519175593 HTTP/1.1" 200 9958
192.168.10.89 - - [14/Mar/2017:15:24:54 -0300] "GET /cormun/servlet/solicitudot?82d50b1db047714461cdffabc8b8989781cc10f3564211c9c45832aa8974a982abf26f3372d9a9d2b7a27cb3448284c6,gx-no-cache=1489519177172 HTTP/1.1" 200 30
192.168.10.89 - - [14/Mar/2017:15:24:54 -0300] "POST /cormun/servlet/solicitudot?gx-no-cache=1489519177207 HTTP/1.1" 200 255
192.168.10.89 - - [14/Mar/2017:15:24:54 -0300] "GET /cormun/servlet/solicitudot?82d50b1db047714461cdffabc8b89897bd1144a694d736fc18faa25ab3ffba73b4396e5e35f96997737872b08aad692e366e24513bf8a786c8f02b91704d0d422f603a1f4bd245eb5fa3e30cce5543c97224e487b7faca1b0d3d677bcea71eb0a4707b33d66338d4b2f7219894f393fe9e291534b10d4dbe8c6739b3e3184c59864d178b1e249510fa7739635bd10764255e7a65dea8ba9889a33c765b87aee168f264d2051e60660985ebfd0f8a482b18f07e4cb2cffcbb9691060dde9e8afa4a9b2951f0219cd279dadc459e03d60b2a2c6c33d4243ee2bea938004170876a09c5c8e69caa73e8b4588aea941613b6f002b34a27a74bcd72c44af736e4ad1ac680befb052abfcbd51cbfa126e5a0ce3977db4aada0a75c8a37f7758b5d12d4b0040527ba77e0f3e5b2989b5b1dd54b4975419a242413c181967d3b8630c2efbe5215bd4a29dc1bd6ea4d13086a9d347e5889b10fad8fb808f0e013cd13f9ed2bffe36a4da2456302dfd3ef1fe47ba518a353c6a4fd2bbe7a3450f7482f96c8,gx-no-cache=1489519177237 HTTP/1.1" 200 30
192.168.10.89 - - [14/Mar/2017:15:24:56 -0300] "POST /cormun/servlet/solicitudot?gx-no-cache=1489519178450 HTTP/1.1" 200 30
66.249.75.9 - - [14/Mar/2017:15:24:56 -0300] "GET /robots.txt HTTP/1.1" 404 981
66.249.75.9 - - [14/Mar/2017:15:24:56 -0300] "GET /cormun/servlet/hlogin HTTP/1.1" 200 1709
46.174.191.32 - - [14/Mar/2017:15:24:56 -0300] "GET / HTTP/1.0" 200 11197
66.249.75.9 - - [14/Mar/2017:15:24:57 -0300] "GET /cormun/servlet/hlogin?_escaped_fragment_= HTTP/1.1" 200 1721
192.168.10.89 - - [14/Mar/2017:15:24:58 -0300] "POST /cormun/servlet/solicitudot?gx-no-cache=1489519180728 HTTP/1.1" 200 235
192.168.10.89 - - [14/Mar/2017:15:24:58 -0300] "POST /cormun/servlet/solicitudot?gx-no-cache=1489519180780 HTTP/1.1" 200 38
192.168.10.89 - - [14/Mar/2017:15:25:01 -0300] "GET /cormun/servlet/solicitudot?82d50b1db047714461cdffabc8b8989797cd72c1134caccc00739de115e46508c818f7aabd2584ece8578eb06db31a06a5ea3c1d8f73753ca70454a9fa31b8e16ae509b5e886fb319da774a2be80a87aca0d036aaf2c99ec2019e169a21a44d16c7245a22c177d7f01936f6505e94737bc01731669adf5d3c96d8c4bd5ca5581a1b47545b07f8d1cbdd98f010431f46f9494e59364bb46da28a3270277823777,gx-no-cache=1489519183466 HTTP/1.1" 200 29
192.168.10.89 - - [14/Mar/2017:15:25:01 -0300] "POST /cormun/servlet/solicitudot?gx-no-cache=1489519183498 HTTP/1.1" 200 643
192.168.10.89 - - [14/Mar/2017:15:25:03 -0300] "POST /cormun/servlet/solicitudot?gx-no-cache=1489519186010 HTTP/1.1" 200 1157
186.103.157.235 - - [14/Mar/2017:15:25:06 -0300] "POST /cormun/servlet/hlogin?db37abbd4edefa587c12d3d9d8300054,gx-no-cache=1489515970736 HTTP/1.1" 200 90
186.103.157.235 - - [14/Mar/2017:15:25:06 -0300] "GET /cormun/servlet/hpexe_link HTTP/1.1" 200 960
186.103.157.235 - - [14/Mar/2017:15:25:06 -0300] "GET /cormun/servlet/trpermisosgoce HTTP/1.1" 200 8062
186.103.157.235 - - [14/Mar/2017:15:25:07 -0300] "GET /cormun/servlet/trpermisosgoce HTTP/1.1" 200 8060
192.168.10.89 - - [14/Mar/2017:15:25:10 -0300] "GET /cormun/servlet/solicitudot?82d50b1db047714461cdffabc8b8989778efa35a8675cac5445df65a747e3e2e22ba1b5cfb9defbc868f0fc990d5b4f3ce9086e5c78f58c13bb20740002c1c5fb39edf9adf02f7161162f61c06e55ac07696c08fe2d3bb846d1d268adf3eacc71b63e67855e3c183a0ee4055484e6407d06a468106cb03ac2bfcf12557ebe4f10cd8d2cd53a3762fc29a2bb6e0c89977e08388b18968a78ccae566fc94690a021b1035db9a96c327caebee7a43a7e47d,gx-no-cache=1489519192959 HTTP/1.1" 200 30
192.168.10.89 - - [14/Mar/2017:15:25:19 -0300] "POST /cormun/servlet/solicitudot?35a7a9761fd97fd79422ab3916d24380,INS,0,0,,gx-no-cache=1489519201610 HTTP/1.1" 200 93
192.168.10.89 - - [14/Mar/2017:15:25:19 -0300] "GET /cormun/servlet/hpexe_return? HTTP/1.1" 200 1011
192.168.10.89 - - [14/Mar/2017:15:25:21 -0300] "GET /cormun/servlet/trsolicitudot HTTP/1.1" 200 8171
186.103.157.235 - - [14/Mar/2017:15:25:21 -0300] "GET /cormun/servlet/permisogoce?INS,0,,, HTTP/1.1" 200 6716
186.103.157.235 - - [14/Mar/2017:15:25:21 -0300] "GET /cormun/static/gxcfg.js?201612262052844 HTTP/1.1" 304 -
186.103.157.235 - - [14/Mar/2017:15:25:21 -0300] "GET /cormun/static/permisogoce.js?201612262052891 HTTP/1.1" 304 -
186.103.157.235 - - [14/Mar/2017:15:25:22 -0300] "GET /cormun/servlet/permisogoce?INS,0,,, HTTP/1.1" 200 6716
192.168.10.89 - - [14/Mar/2017:15:25:25 -0300] "GET /cormun/servlet/solicitudot?INS,0,0, HTTP/1.1" 200 12725
186.103.157.235 - - [14/Mar/2017:15:25:30 -0300] "GET /cormun/servlet/permisogoce?b4ef592124d6d135f38b1671e0188f0fb21415e4613bf453c81ce1bdb8dbaf2adc15a47cdd3d787ee5fc2f9d59e416a7,gx-no-cache=1489515995014 HTTP/1.1" 200 66
186.103.157.235 - - [14/Mar/2017:15:25:30 -0300] "GET /cormun/static/menuarrow.gif HTTP/1.1" 404 1015
186.103.159.44 - - [14/Mar/2017:15:25:42 -0300] "GET /cormun/servlet/licenciaspermisos?9c0e2957bb10afe656dd804db061258234f778193b2046b7ab550bc0782f0a812828414eecb7d6d96ddc88828ea090bc,gx-no-cache=1489516009525 HTTP/1.1" 200 62
186.103.159.44 - - [14/Mar/2017:15:25:42 -0300] "POST /cormun/servlet/licenciaspermisos?d7078ca0049b4a80fe600385ec5a8828,INS,0,,,,gx-no-cache=1489516009682 HTTP/1.1" 200 4401
186.103.157.235 - - [14/Mar/2017:15:25:49 -0300] "GET /cormun/servlet/permisogoce?b4ef592124d6d135f38b1671e0188f0f52de7215b0b48685aa40613c169134e0377cf3c9edd7ed44da3273df7ecf6e7eae1f8eddb3028ff10acb5ac2ed9824d4,gx-no-cache=1489516014075 HTTP/1.1" 200 46
186.103.157.235 - - [14/Mar/2017:15:25:56 -0300] "POST /cormun/servlet/permisogoce?db37abbd4edefa587c12d3d9d8300054,INS,0,,,,gx-no-cache=1489516020327 HTTP/1.1" 200 93
186.103.157.235 - - [14/Mar/2017:15:25:56 -0300] "GET /cormun/servlet/hpexe_return? HTTP/1.1" 200 1009
186.103.157.235 - - [14/Mar/2017:15:25:56 -0300] "GET /cormun/static/gxcfg.js?2016101716175148 HTTP/1.1" 304 -
186.103.157.235 - - [14/Mar/2017:15:25:56 -0300] "GET /cormun/servlet/trpermisosgoce HTTP/1.1" 200 8285
186.103.157.235 - - [14/Mar/2017:15:25:58 -0300] "GET /cormun/servlet/trpermisosgoce HTTP/1.1" 200 8283
186.103.157.235 - - [14/Mar/2017:15:26:14 -0300] "GET /cormun/servlet/apermisogoceprn?13720369,P,20170314162038,PU HTTP/1.1" 200 1564
186.103.159.44 - - [14/Mar/2017:15:26:34 -0300] "GET /cormun/static/menuarrow.gif HTTP/1.1" 404 1015
192.168.10.89 - - [14/Mar/2017:15:26:39 -0300] "GET /cormun/servlet/prfichaempleado?,MD,,gxPopupLevel%3D0%3B HTTP/1.1" 200 8790
192.168.10.89 - - [14/Mar/2017:15:26:48 -0300] "POST /cormun/servlet/prfichaempleado?35a7a9761fd97fd79422ab3916d24380,,MD,,gxPopupLevel%3D0%3B,gx-no-cache=1489519290346 HTTP/1.1" 200 3400
192.168.10.89 - - [14/Mar/2017:15:26:50 -0300] "POST /cormun/servlet/solicitudot?gx-no-cache=1489519292896 HTTP/1.1" 200 3183
192.168.10.89 - - [14/Mar/2017:15:26:50 -0300] "POST /cormun/servlet/solicitudot?35a7a9761fd97fd79422ab3916d24380,INS,0,0,,gx-no-cache=1489519293112 HTTP/1.1" 200 9967
192.168.10.89 - - [14/Mar/2017:15:26:51 -0300] "GET /cormun/servlet/solicitudot?82d50b1db047714461cdffabc8b89897510bee6a4d7654bc0a2a2bcd2105f77ee64b3fed4115aca15101dec3a4328a39,gx-no-cache=1489519294275 HTTP/1.1" 200 30
192.168.10.89 - - [14/Mar/2017:15:26:51 -0300] "POST /cormun/servlet/solicitudot?gx-no-cache=1489519294320 HTTP/1.1" 200 255
192.168.10.89 - - [14/Mar/2017:15:26:52 -0300] "GET /cormun/servlet/solicitudot?82d50b1db047714461cdffabc8b89897bd1144a694d736fc18faa25ab3ffba73b4396e5e35f96997737872b08aad692e366e24513bf8a786c8f02b91704d0d422f603a1f4bd245eb5fa3e30cce5543c97224e487b7faca1b0d3d677bcea71eb0a4707b33d66338d4b2f7219894f393fe9e291534b10d4dbe8c6739b3e3184c59864d178b1e249510fa7739635bd10764255e7a65dea8ba9889a33c765b87aee168f264d2051e60660985ebfd0f8a482b18f07e4cb2cffcbb9691060dde9e8afa4a9b2951f0219cd279dadc459e03d60b2a2c6c33d4243ee2bea938004170876a09c5c8e69caa73e8b4588aea941613b6f002b34a27a74bcd72c44af736e4ad1ac680befb052abfcbd51cbfa126e5a0ce3977db4aada0a75c8a37f7758b5d12d4b0040527ba77e0f3e5b2989b5b1dd54b4975419a242413c181967d3b8630c2efbe5215bd4a29dc1bd6ea4d13086a9d347e5889b10fad8fb808f0e013cd13f9ed2bffe36a4da2456302dfd3ef1fe47ba518a353c6a4fd2bbe7a3450f7482f96c8,gx-no-cache=1489519294353 HTTP/1.1" 200 30
192.168.10.89 - - [14/Mar/2017:15:26:52 -0300] "POST /cormun/servlet/solicitudot?gx-no-cache=1489519295181 HTTP/1.1" 200 30
192.168.10.89 - - [14/Mar/2017:15:26:54 -0300] "POST /cormun/servlet/solicitudot?gx-no-cache=1489519296890 HTTP/1.1" 200 235
192.168.10.89 - - [14/Mar/2017:15:26:54 -0300] "POST /cormun/servlet/solicitudot?gx-no-cache=1489519296934 HTTP/1.1" 200 38
192.168.10.89 - - [14/Mar/2017:15:26:57 -0300] "GET /cormun/servlet/solicitudot?82d50b1db047714461cdffabc8b8989797cd72c1134caccc00739de115e46508c818f7aabd2584ece8578eb06db31a06a5ea3c1d8f73753ca70454a9fa31b8e16ae509b5e886fb319da774a2be80a87aca0d036aaf2c99ec2019e169a21a44d16c7245a22c177d7f01936f6505e94737bc01731669adf5d3c96d8c4bd5ca5581a1b47545b07f8d1cbdd98f010431f46f9494e59364bb46da28a3270277823777,gx-no-cache=1489519299421 HTTP/1.1" 200 29
192.168.10.89 - - [14/Mar/2017:15:26:57 -0300] "POST /cormun/servlet/solicitudot?gx-no-cache=1489519299452 HTTP/1.1" 200 643
192.168.10.89 - - [14/Mar/2017:15:26:59 -0300] "POST /cormun/servlet/solicitudot?gx-no-cache=1489519301782 HTTP/1.1" 200 1157
186.103.157.235 - - [14/Mar/2017:15:27:02 -0300] "GET /cormun/servlet/trlicencias? HTTP/1.1" 200 6815
186.103.157.235 - - [14/Mar/2017:15:27:04 -0300] "GET /cormun/servlet/trlicencias? HTTP/1.1" 200 6814
192.168.10.89 - - [14/Mar/2017:15:27:12 -0300] "GET /cormun/servlet/solicitudot?82d50b1db047714461cdffabc8b898977d24201298b0cb57bed78f29f1dcf088ee22be7468a45b737113bfd1703f1ae696802bfa1b4aca7fa1d20d1e24751a3e4eae4e4e559597f0c91aca3caa05280a875c395f12330932bf1c9753baedfbc63240a663d8d6bdd188118b2301a68aaffd2cc788318151dbb1e01d9b82c7557d7cb2f5a068b48ceb83e8a129adc8b713763d9af1e6a1b4c4d84531cafb82e032f1f0a4ca8952ef5448042d631b163f22,gx-no-cache=1489519314403 HTTP/1.1" 200 30
186.103.157.235 - - [14/Mar/2017:15:27:13 -0300] "GET /cormun/servlet/licenciaspermisos?INS,0,,, HTTP/1.1" 200 7320
186.103.157.235 - - [14/Mar/2017:15:27:14 -0300] "GET /cormun/servlet/licenciaspermisos?INS,0,,, HTTP/1.1" 200 7320
192.168.10.89 - - [14/Mar/2017:15:27:18 -0300] "POST /cormun/servlet/solicitudot?35a7a9761fd97fd79422ab3916d24380,INS,0,0,,gx-no-cache=1489519320808 HTTP/1.1" 200 93
192.168.10.89 - - [14/Mar/2017:15:27:18 -0300] "GET /cormun/servlet/hpexe_return? HTTP/1.1" 200 1011
192.168.10.89 - - [14/Mar/2017:15:27:20 -0300] "GET /cormun/servlet/trsolicitudot HTTP/1.1" 200 8587
192.168.10.89 - - [14/Mar/2017:15:27:29 -0300] "GET /cormun/servlet/solicitudot?INS,0,0, HTTP/1.1" 200 12726
186.103.157.235 - - [14/Mar/2017:15:27:33 -0300] "GET /cormun/servlet/licenciaspermisos?b4ef592124d6d135f38b1671e0188f0f25b353a1a95f170718d02563e4ec78c068629b088573a43ae8fe919e1cda2a19,gx-no-cache=1489516118440 HTTP/1.1" 200 63
186.103.157.235 - - [14/Mar/2017:15:27:34 -0300] "POST /cormun/servlet/licenciaspermisos?db37abbd4edefa587c12d3d9d8300054,INS,0,,,,gx-no-cache=1489516118512 HTTP/1.1" 200 4608
192.168.10.89 - - [14/Mar/2017:15:27:39 -0300] "GET /cormun/servlet/prfichaempleado?,MD,,gxPopupLevel%3D0%3B HTTP/1.1" 200 8790
186.103.157.235 - - [14/Mar/2017:15:27:57 -0300] "GET /cormun/static/menuarrow.gif HTTP/1.1" 404 1015
192.168.10.89 - - [14/Mar/2017:15:27:58 -0300] "POST /cormun/servlet/prfichaempleado?35a7a9761fd97fd79422ab3916d24380,,MD,,gxPopupLevel%3D0%3B,gx-no-cache=1489519360297 HTTP/1.1" 200 3391
192.168.10.89 - - [14/Mar/2017:15:28:00 -0300] "POST /cormun/servlet/solicitudot?gx-no-cache=1489519362780 HTTP/1.1" 200 3173
192.168.10.89 - - [14/Mar/2017:15:28:00 -0300] "POST /cormun/servlet/solicitudot?35a7a9761fd97fd79422ab3916d24380,INS,0,0,,gx-no-cache=1489519362993 HTTP/1.1" 200 9954
192.168.10.89 - - [14/Mar/2017:15:28:02 -0300] "GET /cormun/servlet/solicitudot?82d50b1db047714461cdffabc8b89897ca5253e87e220aa3af36774d0df8c914e64b3fed4115aca15101dec3a4328a39,gx-no-cache=1489519364421 HTTP/1.1" 200 30
192.168.10.89 - - [14/Mar/2017:15:28:02 -0300] "POST /cormun/servlet/solicitudot?gx-no-cache=1489519364465 HTTP/1.1" 200 255
192.168.10.89 - - [14/Mar/2017:15:28:02 -0300] "GET /cormun/servlet/solicitudot?82d50b1db047714461cdffabc8b89897bd1144a694d736fc18faa25ab3ffba73b4396e5e35f96997737872b08aad692e366e24513bf8a786c8f02b91704d0d422f603a1f4bd245eb5fa3e30cce5543c97224e487b7faca1b0d3d677bcea71eb0a4707b33d66338d4b2f7219894f393fe9e291534b10d4dbe8c6739b3e3184c59864d178b1e249510fa7739635bd10764255e7a65dea8ba9889a33c765b87aee168f264d2051e60660985ebfd0f8a482b18f07e4cb2cffcbb9691060dde9e8afa4a9b2951f0219cd279dadc459e03d60b2a2c6c33d4243ee2bea938004170876a09c5c8e69caa73e8b4588aea941613b6f002b34a27a74bcd72c44af736e4ad1ac680befb052abfcbd51cbfa126e5a0ce3977db4aada0a75c8a37f7758b5d12d4b0040527ba77e0f3e5b2989b5b1dd54b4975419a242413c181967d3b8630c2efbe5215bd4a29dc1bd6ea4d13086a9d347e5889b10fad8fb808f0e013cd13f9ed2bffe36a4da2456302dfd3ef1fe47ba518a353c6a4fd2bbe7a3450f7482f96c8,gx-no-cache=1489519364495 HTTP/1.1" 200 30
192.168.10.89 - - [14/Mar/2017:15:28:03 -0300] "POST /cormun/servlet/solicitudot?gx-no-cache=1489519365622 HTTP/1.1" 200 30
192.168.10.89 - - [14/Mar/2017:15:28:06 -0300] "POST /cormun/servlet/solicitudot?gx-no-cache=1489519368927 HTTP/1.1" 200 235
192.168.10.89 - - [14/Mar/2017:15:28:06 -0300] "POST /cormun/servlet/solicitudot?gx-no-cache=1489519368979 HTTP/1.1" 200 38
192.168.10.89 - - [14/Mar/2017:15:28:09 -0300] "GET /cormun/servlet/solicitudot?82d50b1db047714461cdffabc8b8989797cd72c1134caccc00739de115e46508c818f7aabd2584ece8578eb06db31a06a5ea3c1d8f73753ca70454a9fa31b8e16ae509b5e886fb319da774a2be80a87aca0d036aaf2c99ec2019e169a21a44d16c7245a22c177d7f01936f6505e94737bc01731669adf5d3c96d8c4bd5ca5581a1b47545b07f8d1cbdd98f010431f46f9494e59364bb46da28a3270277823777,gx-no-cache=1489519372177 HTTP/1.1" 200 29
192.168.10.89 - - [14/Mar/2017:15:28:09 -0300] "POST /cormun/servlet/solicitudot?gx-no-cache=1489519372212 HTTP/1.1" 200 643
192.168.10.89 - - [14/Mar/2017:15:28:11 -0300] "POST /cormun/servlet/solicitudot?gx-no-cache=1489519374116 HTTP/1.1" 200 179
192.168.10.89 - - [14/Mar/2017:15:28:15 -0300] "GET /cormun/servlet/solicitudot?82d50b1db047714461cdffabc8b89897989aa64db4b1903db99531051a70363198fb45f3bf587dca24d8e90df7218646ce9319c21acb3db66ebe9e19c0b4a6f6b194ab79a9fa76a09a0237b71b76e54aeab5db014eb4619e4b6d66dc8c71370f253214c9498d62e1592bd9e30b9354eacf6f8f60a6217a5283bcee0f5cfd23eb05bf806b4b7b42eee0ce963d84f2bba46f13d750413731052a36baf87d97eb974338b0309d322cbbb9492794dbd4f513f19b6f986346dd48bd46aa687779c68669f78fc369f8413cb6e139419ef887d6b39edf9adf02f7161162f61c06e55ac05327794032b2f735daa73ebb42f2ffd79867ef30fe040826a61a3c9ea24c750b62566f6d2e1b1a45cbbd7572147b9bb43a53a3f4763cd82e748937688b855a2bce36169b2ac72bb12081b2ffe92d3588f38178e552a0fc78a80f4d75048ff3d6cea84f74583b09c71ef0f13e7d925a1e7c45bd7b12cffb21f2f94a4471b9caa44cef6daf3b7beed71e0a8c3816003312a2356c1fce51745d2b50aefe0bf3238aa537959c17d755b05f272918d7e993ab02a40b3b5f374377ee81ec85413dc1a335c152b6a18dbe7cb3e368868f0d04e54ea60d6cf86eaecfb50aba307025d6a8467ab1eac279ad89e58e16c3e62dd3904ab4377f7246e902f7c46be46623415af7e8f19aae3a2a70862c9c3c52482409d85c611b320323d4c2bfc6bdd34d3447dbb7c486f9093502f8ce7572b16455f3a6ab8897bd654f8d637222e9779467a7016f259320d8203f3b232f139947ce51ed1df4813b27b556f357e50cb1b54b50,gx-no-cache=1489519377589 HTTP/1.1" 200 1157
192.168.10.89 - - [14/Mar/2017:15:28:28 -0300] "GET /cormun/servlet/solicitudot?82d50b1db047714461cdffabc8b89897c81d69a822af2c5f03b82081a64b2e18ee22be7468a45b737113bfd1703f1ae696802bfa1b4aca7fa1d20d1e24751a3e4eae4e4e559597f0c91aca3caa05280a875c395f12330932bf1c9753baedfbc63240a663d8d6bdd188118b2301a68aaffd2cc788318151dbb1e01d9b82c7557d7cb2f5a068b48ceb83e8a129adc8b713763d9af1e6a1b4c4d84531cafb82e032f1f0a4ca8952ef5448042d631b163f22,gx-no-cache=1489519390367 HTTP/1.1" 200 30
192.168.10.89 - - [14/Mar/2017:15:28:37 -0300] "POST /cormun/servlet/solicitudot?35a7a9761fd97fd79422ab3916d24380,INS,0,0,,gx-no-cache=1489519399403 HTTP/1.1" 200 93
192.168.10.89 - - [14/Mar/2017:15:28:37 -0300] "GET /cormun/servlet/hpexe_return? HTTP/1.1" 200 1011
192.168.10.89 - - [14/Mar/2017:15:28:38 -0300] "GET /cormun/servlet/trsolicitudot HTTP/1.1" 200 8924
192.168.10.89 - - [14/Mar/2017:15:28:42 -0300] "GET /cormun/servlet/solicitudot?INS,0,0, HTTP/1.1" 200 12726
192.168.10.89 - - [14/Mar/2017:15:28:52 -0300] "GET /cormun/servlet/prfichaempleado?,MD,,gxPopupLevel%3D0%3B HTTP/1.1" 200 8790
192.168.10.89 - - [14/Mar/2017:15:28:57 -0300] "POST /cormun/servlet/prfichaempleado?35a7a9761fd97fd79422ab3916d24380,,MD,,gxPopupLevel%3D0%3B,gx-no-cache=1489519419945 HTTP/1.1" 200 4124
192.168.10.89 - - [14/Mar/2017:15:29:00 -0300] "POST /cormun/servlet/solicitudot?gx-no-cache=1489519422977 HTTP/1.1" 200 3146
192.168.10.89 - - [14/Mar/2017:15:29:00 -0300] "POST /cormun/servlet/solicitudot?35a7a9761fd97fd79422ab3916d24380,INS,0,0,,gx-no-cache=1489519423208 HTTP/1.1" 200 9942
192.168.10.89 - - [14/Mar/2017:15:29:02 -0300] "GET /cormun/servlet/solicitudot?82d50b1db047714461cdffabc8b89897b2ad95c2b1706bba67060bc6cc37274ce64b3fed4115aca15101dec3a4328a39,gx-no-cache=1489519424573 HTTP/1.1" 200 30
192.168.10.89 - - [14/Mar/2017:15:29:02 -0300] "POST /cormun/servlet/solicitudot?gx-no-cache=1489519424612 HTTP/1.1" 200 255
192.168.10.89 - - [14/Mar/2017:15:29:02 -0300] "GET /cormun/servlet/solicitudot?82d50b1db047714461cdffabc8b89897bd1144a694d736fc18faa25ab3ffba73b4396e5e35f96997737872b08aad692e366e24513bf8a786c8f02b91704d0d422f603a1f4bd245eb5fa3e30cce5543c97224e487b7faca1b0d3d677bcea71eb0a4707b33d66338d4b2f7219894f393fe9e291534b10d4dbe8c6739b3e3184c59864d178b1e249510fa7739635bd10764255e7a65dea8ba9889a33c765b87aee168f264d2051e60660985ebfd0f8a482b18f07e4cb2cffcbb9691060dde9e8afa4a9b2951f0219cd279dadc459e03d60b2a2c6c33d4243ee2bea938004170876a09c5c8e69caa73e8b4588aea941613b6f002b34a27a74bcd72c44af736e4ad1ac680befb052abfcbd51cbfa126e5a0ce3977db4aada0a75c8a37f7758b5d12d4b0040527ba77e0f3e5b2989b5b1dd54b4975419a242413c181967d3b8630c2efbe5215bd4a29dc1bd6ea4d13086a9d347e5889b10fad8fb808f0e013cd13f9ed2bffe36a4da2456302dfd3ef1fe47ba518a353c6a4fd2bbe7a3450f7482f96c8,gx-no-cache=1489519424642 HTTP/1.1" 200 30
192.168.10.89 - - [14/Mar/2017:15:29:03 -0300] "POST /cormun/servlet/solicitudot?gx-no-cache=1489519425813 HTTP/1.1" 200 30
192.168.10.89 - - [14/Mar/2017:15:29:06 -0300] "POST /cormun/servlet/solicitudot?gx-no-cache=1489519429111 HTTP/1.1" 200 235
192.168.10.89 - - [14/Mar/2017:15:29:06 -0300] "POST /cormun/servlet/solicitudot?gx-no-cache=1489519429165 HTTP/1.1" 200 38
192.168.10.89 - - [14/Mar/2017:15:29:09 -0300] "GET /cormun/servlet/solicitudot?82d50b1db047714461cdffabc8b8989797cd72c1134caccc00739de115e46508c818f7aabd2584ece8578eb06db31a06a5ea3c1d8f73753ca70454a9fa31b8e16ae509b5e886fb319da774a2be80a87aca0d036aaf2c99ec2019e169a21a44d16c7245a22c177d7f01936f6505e94737bc01731669adf5d3c96d8c4bd5ca5581a1b47545b07f8d1cbdd98f010431f46f9494e59364bb46da28a3270277823777,gx-no-cache=1489519431423 HTTP/1.1" 200 29
192.168.10.89 - - [14/Mar/2017:15:29:09 -0300] "POST /cormun/servlet/solicitudot?gx-no-cache=1489519431472 HTTP/1.1" 200 643
192.168.10.89 - - [14/Mar/2017:15:29:12 -0300] "POST /cormun/servlet/solicitudot?gx-no-cache=1489519434424 HTTP/1.1" 200 1157
186.103.157.235 - - [14/Mar/2017:15:29:19 -0300] "GET /cormun/servlet/licenciaspermisos?b4ef592124d6d135f38b1671e0188f0f680d7962dc583f1305b44bd09568df1098c34425fa88b72633ad77c40a893a07e84c03e963db5a5ec9e5016a0667ca5f2ac76c312cea12720fd40c816d3412b3692f566c21493c03f02ee794b478b2098a67059282321e083a65d3917b902007196defd13be982f949c43c09784359dfd6dd52f7638459574f1cfae76077ec8e525f498943b168c4e671932886622d8f8814ffa9caf8832b779ee3d572511c3fa55a7f9674c8a32bf2566802bd6ef1b9ddb70cd3c8dd92e893ff3eee8157a52b9c630a45218a5bbc5f9f568994ee6ccb,gx-no-cache=1489516224375 HTTP/1.1" 200 30
