186.103.158.250 - - [14/Mar/2017:10:55:25 -0300] "GET /cormun/static/about:blank HTTP/1.1" 404 1011
186.103.158.250 - - [14/Mar/2017:10:55:25 -0300] "GET /cormun/servlet/solicitudotadjuntos?INS,2017,5488,,1, HTTP/1.1" 200 5961
186.103.158.250 - - [14/Mar/2017:10:55:25 -0300] "GET /cormun/servlet/solicitudotadjuntos?d4fff27e0b469dd19646526f1472b66cf5182d11ffa56f3faa929fc892574ee66d228f9f40b01d9cdb76e2bfdc14d9c3,gx-no-cache=1489499794026 HTTP/1.1" 200 30
186.103.158.250 - - [14/Mar/2017:10:55:25 -0300] "POST /cormun/servlet/solicitudotadjuntos?e2e93305384b47e168e45b7e88ff09e0,INS,2017,5488,,1,,gx-no-cache=1489499794104 HTTP/1.1" 200 3857
186.103.158.250 - - [14/Mar/2017:10:55:27 -0300] "POST /cormun/servlet/solicitudotadjuntos?gx-no-cache=1489499795420 HTTP/1.1" 200 26
186.79.32.136 - - [14/Mar/2017:10:55:28 -0300] "GET /cormun/servlet/trsolicitudot? HTTP/1.1" 200 8686
186.79.32.136 - - [14/Mar/2017:10:55:29 -0300] "GET /cormun/static/calendar.js?85251 HTTP/1.1" 304 -
186.79.32.136 - - [14/Mar/2017:10:55:29 -0300] "GET /cormun/static/calendar-setup.js?85251 HTTP/1.1" 304 -
186.79.32.136 - - [14/Mar/2017:10:55:29 -0300] "GET /cormun/static/calendar-es.js?85251 HTTP/1.1" 304 -
186.103.159.187 - - [14/Mar/2017:10:55:29 -0300] "POST /cormun/servlet/trsolicitudot?ebcc730e546388a23c876c2f484606b2,gx-no-cache=1489499563261,gx-no-cache=1489499795649 HTTP/1.1" 200 5256
186.103.159.187 - - [14/Mar/2017:10:55:29 -0300] "GET /cormun/static/Shared/jqueryui/images/ui-bg_highlight-soft_100_c6c2c8_1x100.png HTTP/1.1" 404 1117
186.103.159.187 - - [14/Mar/2017:10:55:29 -0300] "GET /cormun/static/Shared/jqueryui/images/ui-icons_82798d_256x240.png HTTP/1.1" 404 1089
186.103.159.187 - - [14/Mar/2017:10:55:29 -0300] "GET /cormun/static/Shared/jqueryui/images/ui-bg_flat_55_fafafa_40x100.png HTTP/1.1" 404 1097
186.79.32.136 - - [14/Mar/2017:10:55:29 -0300] "GET /cormun/static/gxdec.js?85251 HTTP/1.1" 304 -
186.103.159.187 - - [14/Mar/2017:10:55:30 -0300] "POST /cormun/servlet/trsolicitudot?ebcc730e546388a23c876c2f484606b2,gx-no-cache=1489499563261,gx-no-cache=1489499795967 HTTP/1.1" 200 5196
186.103.159.187 - - [14/Mar/2017:10:55:30 -0300] "GET /cormun/static/Shared/jqueryui/images/ui-icons_8d78a5_256x240.png HTTP/1.1" 404 1089
186.79.32.136 - - [14/Mar/2017:10:55:30 -0300] "GET /cormun/servlet/trsolicitudot? HTTP/1.1" 200 8685
186.103.159.187 - - [14/Mar/2017:10:55:32 -0300] "GET /cormun/servlet/solicitudot?INS,0,0, HTTP/1.1" 200 12569
186.103.159.187 - - [14/Mar/2017:10:55:33 -0300] "GET /cormun/servlet/solicitudot?INS,0,0, HTTP/1.1" 200 12551
186.103.158.250 - - [14/Mar/2017:10:55:34 -0300] "GET /cormun/servlet/solicitudotadjuntos?d4fff27e0b469dd19646526f1472b66cf62960a38a16cd4e0ca4955d716d3a66,gx-no-cache=1489499803164 HTTP/1.1" 200 30
186.103.158.250 - - [14/Mar/2017:10:55:34 -0300] "GET /cormun/servlet/solicitudotadjuntos?d4fff27e0b469dd19646526f1472b66cf62960a38a16cd4e0ca4955d716d3a66,gx-no-cache=1489499803191 HTTP/1.1" 200 30
186.103.158.250 - - [14/Mar/2017:10:55:35 -0300] "POST /cormun/servlet/solicitudotadjuntos?e2e93305384b47e168e45b7e88ff09e0,INS,2017,5488,,1, HTTP/1.1" 200 6150
186.103.158.250 - - [14/Mar/2017:10:55:35 -0300] "GET /home/sistema/apache-tomcat-7.0.65/webapps/cormun/PrivateTempStorage/upload_00017524.pdf HTTP/1.1" 404 1135
186.103.158.250 - - [14/Mar/2017:10:55:35 -0300] "GET /home/sistema/apache-tomcat-7.0.65/webapps/cormun/PrivateTempStorage/upload_00017524.pdf HTTP/1.1" 404 1135
186.103.158.250 - - [14/Mar/2017:10:55:35 -0300] "GET /cormun/static/Shared/jqueryui/images/ui-bg_highlight-soft_100_c6c2c8_1x100.png HTTP/1.1" 404 1117
186.103.158.250 - - [14/Mar/2017:10:55:35 -0300] "GET /cormun/PrivateTempStorage/upload_00017524.pdf HTTP/1.1" 200 94657
186.103.158.250 - - [14/Mar/2017:10:55:35 -0300] "GET /cormun/static/Shared/jqueryui/images/ui-icons_82798d_256x240.png HTTP/1.1" 404 1089
186.103.158.250 - - [14/Mar/2017:10:55:35 -0300] "GET /cormun/static/Shared/jqueryui/images/ui-bg_flat_55_994d53_40x100.png HTTP/1.1" 404 1097
186.103.158.250 - - [14/Mar/2017:10:55:35 -0300] "GET /cormun/static/Shared/jqueryui/images/ui-icons_ebccce_256x240.png HTTP/1.1" 404 1089
186.103.158.250 - - [14/Mar/2017:10:55:35 -0300] "GET /cormun/PrivateTempStorage/upload_00017524.pdf HTTP/1.1" 304 -
186.79.32.136 - - [14/Mar/2017:10:55:38 -0300] "POST /cormun/servlet/trsolicitudot?764d0577ac3a6a8f084a7ad161613035,,gx-no-cache=1489499805735 HTTP/1.1" 200 107
186.79.32.136 - - [14/Mar/2017:10:55:38 -0300] "GET /cormun/servlet/trsolicitudadjuntos?2017,5485, HTTP/1.1" 200 6098
186.103.158.250 - - [14/Mar/2017:10:55:39 -0300] "GET /cormun/servlet/solicitudotadjuntos?d4fff27e0b469dd19646526f1472b66c0901aa8828c32e7a4bbc72d56d006680d6c720067fd19104bea10a4b82a8642d,gx-no-cache=1489499808026 HTTP/1.1" 200 30
186.79.32.136 - - [14/Mar/2017:10:55:40 -0300] "GET /cormun/servlet/trsolicitudadjuntos?2017,5485, HTTP/1.1" 200 6097
186.103.159.44 - - [14/Mar/2017:10:55:41 -0300] "GET /cormun/servlet/hlogin HTTP/1.1" 200 1721
186.103.158.250 - - [14/Mar/2017:10:55:41 -0300] "POST /cormun/servlet/solicitudotadjuntos?e2e93305384b47e168e45b7e88ff09e0,INS,2017,5488,,1, HTTP/1.1" 200 6150
186.103.159.44 - - [14/Mar/2017:10:55:41 -0300] "GET /cormun/static/Resources/Spanish/PXTools.css?167811 HTTP/1.1" 304 -
186.103.159.44 - - [14/Mar/2017:10:55:41 -0300] "GET /cormun/static/gxtimezone.js?85251 HTTP/1.1" 304 -
186.103.158.250 - - [14/Mar/2017:10:55:41 -0300] "GET /home/sistema/apache-tomcat-7.0.65/webapps/cormun/PrivateTempStorage/upload_00017536.pdf HTTP/1.1" 404 1135
186.103.159.44 - - [14/Mar/2017:10:55:41 -0300] "GET /cormun/static/gxgral.js?85251 HTTP/1.1" 304 -
186.103.158.250 - - [14/Mar/2017:10:55:41 -0300] "GET /home/sistema/apache-tomcat-7.0.65/webapps/cormun/PrivateTempStorage/upload_00017536.pdf HTTP/1.1" 404 1135
186.103.159.44 - - [14/Mar/2017:10:55:41 -0300] "GET /cormun/static/gxcfg.js?201612216162538 HTTP/1.1" 304 -
186.103.159.44 - - [14/Mar/2017:10:55:41 -0300] "GET /cormun/static/Resources/ComunLogin.png HTTP/1.1" 304 -
186.103.159.44 - - [14/Mar/2017:10:55:41 -0300] "GET /cormun/static/messages.spa.js?85251 HTTP/1.1" 304 -
186.103.159.44 - - [14/Mar/2017:10:55:41 -0300] "GET /cormun/static/hlogin.js?201612216162555 HTTP/1.1" 304 -
186.103.158.250 - - [14/Mar/2017:10:55:42 -0300] "GET /cormun/PrivateTempStorage/upload_00017536.pdf HTTP/1.1" 200 94657
186.103.159.44 - - [14/Mar/2017:10:55:42 -0300] "GET /cormun/static/Resources/PXToolsLoginTop.png HTTP/1.1" 304 -
186.103.159.44 - - [14/Mar/2017:10:55:42 -0300] "GET /cormun/static/Resources/PXToolsLoginBackground.png HTTP/1.1" 304 -
186.103.158.250 - - [14/Mar/2017:10:55:42 -0300] "GET /cormun/PrivateTempStorage/upload_00017536.pdf HTTP/1.1" 200 16384
186.103.159.44 - - [14/Mar/2017:10:55:42 -0300] "GET /cormun/static/Resources/PXToolsButtonLeft21.png HTTP/1.1" 304 -
186.103.159.44 - - [14/Mar/2017:10:55:42 -0300] "GET /cormun/static/Resources/PXToolsButtonRight21.png HTTP/1.1" 304 -
186.103.159.44 - - [14/Mar/2017:10:55:42 -0300] "GET /cormun/static/Resources/PXToolsLoginBottom.png HTTP/1.1" 304 -
186.103.159.44 - - [14/Mar/2017:10:55:42 -0300] "GET /cormun/static/Resources/PXToolsButtonBackground2.png HTTP/1.1" 304 -
186.103.159.44 - - [14/Mar/2017:10:55:42 -0300] "GET /cormun/servlet/hlogin HTTP/1.1" 200 1732
186.103.159.44 - - [14/Mar/2017:10:55:42 -0300] "GET /cormun/static/Resources/indicator.gif HTTP/1.1" 304 -
186.103.159.187 - - [14/Mar/2017:10:55:45 -0300] "POST /cormun/servlet/solicitudot?gx-no-cache=1489499811294 HTTP/1.1" 200 3081
186.103.159.187 - - [14/Mar/2017:10:55:45 -0300] "POST /cormun/servlet/solicitudot?ebcc730e546388a23c876c2f484606b2,INS,0,0,,gx-no-cache=1489499811577 HTTP/1.1" 200 9707
186.103.158.250 - - [14/Mar/2017:10:55:52 -0300] "POST /cormun/servlet/solicitudotadjuntos?gx-no-cache=1489499820921 HTTP/1.1" 200 26
186.103.158.250 - - [14/Mar/2017:10:55:56 -0300] "GET /cormun/servlet/trsolicitudadjuntos?2017,5488, HTTP/1.1" 200 8638
186.79.43.69 - - [14/Mar/2017:10:55:56 -0300] "GET /cormun/servlet/hlogin HTTP/1.1" 200 1743
186.103.158.250 - - [14/Mar/2017:10:55:57 -0300] "GET /cormun/servlet/trsolicitudadjuntos?2017,5488, HTTP/1.1" 200 8635
186.103.159.44 - - [14/Mar/2017:10:55:59 -0300] "POST /cormun/servlet/hlogin?ba92d5ec58b3c7ada6fab727871e55a2,gx-no-cache=1489499826276 HTTP/1.1" 200 90
186.103.159.44 - - [14/Mar/2017:10:55:59 -0300] "GET /cormun/servlet/hpexe_link HTTP/1.1" 200 954
186.103.159.44 - - [14/Mar/2017:10:55:59 -0300] "GET /cormun/servlet/hhome HTTP/1.1" 200 3773
186.103.159.44 - - [14/Mar/2017:10:55:59 -0300] "GET /cormun/static/PXToolsJavascripts/pexe_layers.js HTTP/1.1" 304 -
186.79.32.136 - - [14/Mar/2017:10:56:02 -0300] "GET /cormun/servlet/solicitudotadjuntos?INS,2017,5485,,1, HTTP/1.1" 200 6029
186.79.32.136 - - [14/Mar/2017:10:56:03 -0300] "GET /cormun/static/about:blank HTTP/1.1" 404 1011
186.79.32.136 - - [14/Mar/2017:10:56:04 -0300] "GET /cormun/servlet/solicitudotadjuntos?INS,2017,5485,,1, HTTP/1.1" 200 6022
186.79.32.136 - - [14/Mar/2017:10:56:05 -0300] "GET /cormun/servlet/solicitudotadjuntos?7307e1250d9d581035bb1b4de17a621cadb08e2dae54443622109d442ce282aacbea021e5e3f37446307d9dac77c4b80,gx-no-cache=1489499836256 HTTP/1.1" 200 30
186.103.158.250 - - [14/Mar/2017:10:56:06 -0300] "GET /cormun/servlet/solicitudotadjuntos?DLT,2017,5488,CARNET,0, HTTP/1.1" 200 5920
186.79.32.136 - - [14/Mar/2017:10:56:06 -0300] "POST /cormun/servlet/solicitudotadjuntos?764d0577ac3a6a8f084a7ad161613035,INS,2017,5485,,1,,gx-no-cache=1489499837342 HTTP/1.1" 200 3861
201.236.57.223 - - [14/Mar/2017:10:56:06 -0300] "GET /cormun/servlet/hlogin HTTP/1.1" 200 1717
201.236.57.223 - - [14/Mar/2017:10:56:06 -0300] "GET /cormun/static/Resources/Spanish/PXTools.css?167811 HTTP/1.1" 304 -
201.236.57.223 - - [14/Mar/2017:10:56:06 -0300] "GET /cormun/static/gxtimezone.js?85251 HTTP/1.1" 304 -
201.236.57.223 - - [14/Mar/2017:10:56:06 -0300] "GET /cormun/static/gxgral.js?85251 HTTP/1.1" 304 -
201.236.57.223 - - [14/Mar/2017:10:56:06 -0300] "GET /cormun/static/Resources/ComunLogin.png HTTP/1.1" 304 -
201.236.57.223 - - [14/Mar/2017:10:56:06 -0300] "GET /cormun/static/gxcfg.js?201612216162538 HTTP/1.1" 304 -
201.236.57.223 - - [14/Mar/2017:10:56:06 -0300] "GET /cormun/static/messages.spa.js?85251 HTTP/1.1" 304 -
201.236.57.223 - - [14/Mar/2017:10:56:06 -0300] "GET /cormun/static/hlogin.js?201612216162555 HTTP/1.1" 304 -
201.236.57.223 - - [14/Mar/2017:10:56:06 -0300] "GET /cormun/static/Resources/indicator.gif HTTP/1.1" 304 -
186.103.158.250 - - [14/Mar/2017:10:56:06 -0300] "GET /cormun/PublicTempStorage/ci870995.jpg HTTP/1.1" 200 519954
186.103.158.250 - - [14/Mar/2017:10:56:07 -0300] "GET /cormun/static/Shared/jqueryui/images/ui-bg_highlight-soft_100_c6c2c8_1x100.png HTTP/1.1" 404 1117
186.103.158.250 - - [14/Mar/2017:10:56:07 -0300] "GET /cormun/static/Shared/jqueryui/images/ui-bg_flat_55_fafafa_40x100.png HTTP/1.1" 404 1097
186.103.158.250 - - [14/Mar/2017:10:56:07 -0300] "GET /cormun/static/Shared/jqueryui/images/ui-icons_8d78a5_256x240.png HTTP/1.1" 404 1089
186.103.158.250 - - [14/Mar/2017:10:56:07 -0300] "GET /cormun/static/Shared/jqueryui/images/ui-icons_82798d_256x240.png HTTP/1.1" 404 1089
186.103.158.250 - - [14/Mar/2017:10:56:07 -0300] "GET /cormun/servlet/solicitudotadjuntos?DLT,2017,5488,CARNET,0, HTTP/1.1" 200 5915
186.79.32.136 - - [14/Mar/2017:10:56:09 -0300] "POST /cormun/servlet/solicitudotadjuntos?gx-no-cache=1489499841128 HTTP/1.1" 200 26
186.103.158.250 - - [14/Mar/2017:10:56:09 -0300] "POST /cormun/servlet/solicitudotadjuntos?e2e93305384b47e168e45b7e88ff09e0,DLT,2017,5488,CARNET,0,,gx-no-cache=1489499837933 HTTP/1.1" 200 93
186.103.158.250 - - [14/Mar/2017:10:56:09 -0300] "GET /cormun/servlet/hpexe_return? HTTP/1.1" 200 1025
186.103.158.250 - - [14/Mar/2017:10:56:10 -0300] "GET /cormun/servlet/trsolicitudadjuntos?2017,5488, HTTP/1.1" 200 8497
186.103.158.250 - - [14/Mar/2017:10:56:11 -0300] "GET /cormun/servlet/trsolicitudadjuntos?2017,5488, HTTP/1.1" 200 8494
186.103.158.250 - - [14/Mar/2017:10:56:15 -0300] "GET /cormun/servlet/solicitudotadjuntos?DLT,2017,5488,CERTIF3,0, HTTP/1.1" 200 5947
186.103.158.250 - - [14/Mar/2017:10:56:15 -0300] "GET /cormun/PublicTempStorage/afp3447493.pdf HTTP/1.1" 200 104072
186.103.159.187 - - [14/Mar/2017:10:56:16 -0300] "GET /cormun/servlet/prfichaempleado?,MD,,gxPopupLevel%3D0%3B HTTP/1.1" 200 8783
186.103.158.250 - - [14/Mar/2017:10:56:16 -0300] "GET /cormun/static/Shared/jqueryui/images/ui-bg_highlight-soft_100_c6c2c8_1x100.png HTTP/1.1" 404 1117
186.103.158.250 - - [14/Mar/2017:10:56:16 -0300] "GET /cormun/static/Shared/jqueryui/images/ui-icons_82798d_256x240.png HTTP/1.1" 404 1089
186.103.158.250 - - [14/Mar/2017:10:56:16 -0300] "GET /cormun/static/Shared/jqueryui/images/ui-bg_flat_55_fafafa_40x100.png HTTP/1.1" 404 1097
186.103.158.250 - - [14/Mar/2017:10:56:16 -0300] "GET /cormun/static/Shared/jqueryui/images/ui-icons_8d78a5_256x240.png HTTP/1.1" 404 1089
186.103.158.250 - - [14/Mar/2017:10:56:16 -0300] "GET /cormun/servlet/solicitudotadjuntos?DLT,2017,5488,CERTIF3,0, HTTP/1.1" 200 5940
186.103.159.44 - - [14/Mar/2017:10:56:18 -0300] "GET /cormun/servlet/trsolicitudot? HTTP/1.1" 200 9712
186.103.158.250 - - [14/Mar/2017:10:56:18 -0300] "POST /cormun/servlet/solicitudotadjuntos?e2e93305384b47e168e45b7e88ff09e0,DLT,2017,5488,CERTIF3,0,,gx-no-cache=1489499846593 HTTP/1.1" 200 93
186.103.158.250 - - [14/Mar/2017:10:56:18 -0300] "GET /cormun/servlet/hpexe_return? HTTP/1.1" 200 1026
186.103.159.44 - - [14/Mar/2017:10:56:18 -0300] "GET /cormun/static/Resources/PXToolsGridFirstDisabled.gif HTTP/1.1" 200 100
186.103.159.44 - - [14/Mar/2017:10:56:18 -0300] "GET /cormun/static/Resources/PXToolsGridPreviousDisabled.gif HTTP/1.1" 200 90
186.103.159.44 - - [14/Mar/2017:10:56:18 -0300] "GET /cormun/static/Resources/PXToolsGridNextDisabled.gif HTTP/1.1" 200 90
186.103.159.44 - - [14/Mar/2017:10:56:18 -0300] "GET /cormun/static/Resources/PXToolsGridLastDisabled.gif HTTP/1.1" 200 98
186.103.158.250 - - [14/Mar/2017:10:56:18 -0300] "GET /cormun/servlet/trsolicitudadjuntos?2017,5488, HTTP/1.1" 200 8354
201.236.57.223 - - [14/Mar/2017:10:56:19 -0300] "POST /cormun/servlet/hlogin?d44fe8b81883253e2cedfa29a5f16867,gx-no-cache=1489499843448 HTTP/1.1" 200 90
186.103.158.250 - - [14/Mar/2017:10:56:19 -0300] "GET /cormun/servlet/trsolicitudadjuntos?2017,5488, HTTP/1.1" 200 8352
201.236.57.223 - - [14/Mar/2017:10:56:20 -0300] "GET /cormun/servlet/hpexe_link HTTP/1.1" 200 952
201.236.57.223 - - [14/Mar/2017:10:56:20 -0300] "GET /cormun/servlet/hhome HTTP/1.1" 200 3998
186.103.158.250 - - [14/Mar/2017:10:56:21 -0300] "GET /cormun/servlet/solicitudotadjuntos?DLT,2017,5488,CERTIF4,0, HTTP/1.1" 200 5950
186.103.158.250 - - [14/Mar/2017:10:56:21 -0300] "GET /cormun/PublicTempStorage/fonasa4741407.pdf HTTP/1.1" 200 115134
186.103.158.250 - - [14/Mar/2017:10:56:22 -0300] "GET /cormun/static/Shared/jqueryui/images/ui-icons_82798d_256x240.png HTTP/1.1" 404 1089
186.103.158.250 - - [14/Mar/2017:10:56:22 -0300] "GET /cormun/static/Shared/jqueryui/images/ui-bg_highlight-soft_100_c6c2c8_1x100.png HTTP/1.1" 404 1117
186.103.158.250 - - [14/Mar/2017:10:56:22 -0300] "GET /cormun/static/Shared/jqueryui/images/ui-bg_flat_55_fafafa_40x100.png HTTP/1.1" 404 1097
186.103.158.250 - - [14/Mar/2017:10:56:22 -0300] "GET /cormun/static/Shared/jqueryui/images/ui-icons_8d78a5_256x240.png HTTP/1.1" 404 1089
186.103.158.250 - - [14/Mar/2017:10:56:22 -0300] "GET /cormun/servlet/solicitudotadjuntos?DLT,2017,5488,CERTIF4,0, HTTP/1.1" 200 5944
186.103.158.250 - - [14/Mar/2017:10:56:24 -0300] "POST /cormun/servlet/solicitudotadjuntos?e2e93305384b47e168e45b7e88ff09e0,DLT,2017,5488,CERTIF4,0,,gx-no-cache=1489499852436 HTTP/1.1" 200 93
186.103.158.250 - - [14/Mar/2017:10:56:24 -0300] "GET /cormun/servlet/hpexe_return? HTTP/1.1" 200 1025
186.103.158.250 - - [14/Mar/2017:10:56:24 -0300] "GET /cormun/servlet/trsolicitudadjuntos?2017,5488, HTTP/1.1" 200 8151
186.103.158.250 - - [14/Mar/2017:10:56:25 -0300] "GET /cormun/servlet/trsolicitudadjuntos?2017,5488, HTTP/1.1" 200 8147
186.103.158.250 - - [14/Mar/2017:10:56:27 -0300] "GET /cormun/servlet/solicitudotadjuntos?DLT,2017,5488,CERTIF5,0, HTTP/1.1" 200 5922
186.103.158.250 - - [14/Mar/2017:10:56:28 -0300] "GET /cormun/PublicTempStorage/ant911211.jpg HTTP/1.1" 200 608916
186.103.158.250 - - [14/Mar/2017:10:56:28 -0300] "GET /cormun/static/Shared/jqueryui/images/ui-bg_highlight-soft_100_c6c2c8_1x100.png HTTP/1.1" 404 1117
186.103.158.250 - - [14/Mar/2017:10:56:28 -0300] "GET /cormun/static/Shared/jqueryui/images/ui-icons_82798d_256x240.png HTTP/1.1" 404 1089
186.103.158.250 - - [14/Mar/2017:10:56:28 -0300] "GET /cormun/static/Shared/jqueryui/images/ui-bg_flat_55_fafafa_40x100.png HTTP/1.1" 404 1097
186.103.158.250 - - [14/Mar/2017:10:56:28 -0300] "GET /cormun/static/Shared/jqueryui/images/ui-icons_8d78a5_256x240.png HTTP/1.1" 404 1089
186.103.158.250 - - [14/Mar/2017:10:56:29 -0300] "GET /cormun/servlet/solicitudotadjuntos?DLT,2017,5488,CERTIF5,0, HTTP/1.1" 200 5917
186.103.158.250 - - [14/Mar/2017:10:56:31 -0300] "POST /cormun/servlet/solicitudotadjuntos?e2e93305384b47e168e45b7e88ff09e0,DLT,2017,5488,CERTIF5,0,,gx-no-cache=1489499859824 HTTP/1.1" 200 93
186.103.158.250 - - [14/Mar/2017:10:56:31 -0300] "GET /cormun/servlet/hpexe_return? HTTP/1.1" 200 1025
186.103.158.250 - - [14/Mar/2017:10:56:31 -0300] "GET /cormun/servlet/trsolicitudadjuntos?2017,5488, HTTP/1.1" 200 6038
186.103.158.250 - - [14/Mar/2017:10:56:32 -0300] "GET /cormun/servlet/trsolicitudadjuntos?2017,5488, HTTP/1.1" 200 6034
186.79.32.136 - - [14/Mar/2017:10:56:35 -0300] "GET /cormun/servlet/solicitudotadjuntos?7307e1250d9d581035bb1b4de17a621c55458d0c7139db5b2c138798b00f4add,gx-no-cache=1489499866197 HTTP/1.1" 200 30
186.79.32.136 - - [14/Mar/2017:10:56:36 -0300] "GET /cormun/servlet/solicitudotadjuntos?7307e1250d9d581035bb1b4de17a621c55458d0c7139db5b2c138798b00f4add,gx-no-cache=1489499867140 HTTP/1.1" 200 30
186.103.158.250 - - [14/Mar/2017:10:56:37 -0300] "GET /cormun/servlet/solicitudotadjuntos?INS,2017,5488,,1, HTTP/1.1" 200 5968
186.103.158.250 - - [14/Mar/2017:10:56:38 -0300] "GET /cormun/static/about:blank HTTP/1.1" 404 1011
186.103.158.250 - - [14/Mar/2017:10:56:38 -0300] "GET /cormun/servlet/solicitudotadjuntos?INS,2017,5488,,1, HTTP/1.1" 200 5961
186.103.159.44 - - [14/Mar/2017:10:56:38 -0300] "GET /cormun/servlet/solicitudot?INS,0,0, HTTP/1.1" 200 12578
186.103.158.250 - - [14/Mar/2017:10:56:39 -0300] "GET /cormun/servlet/solicitudotadjuntos?d4fff27e0b469dd19646526f1472b66cf5182d11ffa56f3faa929fc892574ee66d228f9f40b01d9cdb76e2bfdc14d9c3,gx-no-cache=1489499867460 HTTP/1.1" 200 30
186.103.159.44 - - [14/Mar/2017:10:56:39 -0300] "GET /cormun/static/gxcfg.js?20171191042720 HTTP/1.1" 304 -
186.103.158.250 - - [14/Mar/2017:10:56:39 -0300] "POST /cormun/servlet/solicitudotadjuntos?e2e93305384b47e168e45b7e88ff09e0,INS,2017,5488,,1,,gx-no-cache=1489499867516 HTTP/1.1" 200 3857
186.103.159.44 - - [14/Mar/2017:10:56:39 -0300] "GET /cormun/static/solicitudot.js?2017119104297 HTTP/1.1" 304 -
186.103.158.250 - - [14/Mar/2017:10:56:42 -0300] "POST /cormun/servlet/solicitudotadjuntos?gx-no-cache=1489499871052 HTTP/1.1" 200 26
186.103.159.44 - - [14/Mar/2017:10:56:51 -0300] "POST /cormun/servlet/solicitudot?gx-no-cache=1489499878738 HTTP/1.1" 200 3195
186.103.159.44 - - [14/Mar/2017:10:56:52 -0300] "POST /cormun/servlet/solicitudot?ba92d5ec58b3c7ada6fab727871e55a2,INS,0,0,,gx-no-cache=1489499879142 HTTP/1.1" 200 9794
186.103.159.187 - - [14/Mar/2017:10:56:53 -0300] "GET /cormun/servlet/prfichaempleado?,MD,,gxPopupLevel%3D0%3B HTTP/1.1" 200 8783
186.103.158.250 - - [14/Mar/2017:10:56:57 -0300] "GET /cormun/servlet/solicitudotadjuntos?d4fff27e0b469dd19646526f1472b66cf62960a38a16cd4e0ca4955d716d3a66,gx-no-cache=1489499885925 HTTP/1.1" 200 30
186.103.158.250 - - [14/Mar/2017:10:56:57 -0300] "GET /cormun/servlet/solicitudotadjuntos?d4fff27e0b469dd19646526f1472b66cf62960a38a16cd4e0ca4955d716d3a66,gx-no-cache=1489499885983 HTTP/1.1" 200 30
186.103.158.250 - - [14/Mar/2017:10:56:58 -0300] "POST /cormun/servlet/solicitudotadjuntos?e2e93305384b47e168e45b7e88ff09e0,INS,2017,5488,,1, HTTP/1.1" 200 116
186.103.158.250 - - [14/Mar/2017:10:56:58 -0300] "GET /cormun/servlet/hpexe_return? HTTP/1.1" 200 1019
186.103.158.250 - - [14/Mar/2017:10:56:58 -0300] "GET /cormun/servlet/trsolicitudadjuntos?2017,5488, HTTP/1.1" 200 8146
186.103.158.250 - - [14/Mar/2017:10:57:00 -0300] "GET /cormun/servlet/trsolicitudadjuntos?2017,5488, HTTP/1.1" 200 8140
186.103.159.44 - - [14/Mar/2017:10:57:00 -0300] "GET /cormun/servlet/solicitudot?305aea7ecb5d3cb7630b30c63a492fa04edd0728279be82abced7f0fdc77f2a4ba5e19bc962acc071c5659d11d285858,gx-no-cache=1489499888150 HTTP/1.1" 200 30
186.103.159.44 - - [14/Mar/2017:10:57:00 -0300] "POST /cormun/servlet/solicitudot?gx-no-cache=1489499888221 HTTP/1.1" 200 297
186.103.159.44 - - [14/Mar/2017:10:57:01 -0300] "GET /cormun/servlet/solicitudot?305aea7ecb5d3cb7630b30c63a492fa043cd7a160c8defc70cf3f090b8ba09dcfb4b44245a9f728752b43a39c5dd2ee719ff595f32ef0acd96012bd82fc9679727df1ca13e902bcfc21ddaa3f7e9cf50a57df526f539d2544b17f24838e07a5dfe0600cb466eb6b19d2827f128cc90882392fd87c0e983cb9b6865a503597a4e0e177d46af20974b6c3d3198a2273651723265dea21bd7e68b932ae72e6e25f282d89df5dc192cc1cfc81e7537f4ea26544b09eeec11165bd523af5afa4e0a0bb3c6f3b422c83561ea3036b39cf2190551b0523518300bb8b5f91de1d26dbd276c64d68c3d3bef5b6bb8a801ba0000aed0e7bc6f0caaee8adbfb6c346df1ee2cc0e53652038ee2203d17f20521d25e27e64bc6cce2437fc4a332c271348144d43038d16d2c1b45c2697f2832d84db08ec1994980bc19990e068e16bfc5bbacb598e94e8f82cc8d7e613604eac039223e4e8f32d5fb184f474dc6409923b6b86e0025b67113029f475192bc10eef16249700980ada2066640aa8c79d7149737b8314d7113542ea5aac7655fedd24efd83,gx-no-cache=1489499888293 HTTP/1.1" 200 30
186.79.32.136 - - [14/Mar/2017:10:57:02 -0300] "POST /cormun/servlet/solicitudotadjuntos?764d0577ac3a6a8f084a7ad161613035,INS,2017,5485,,1, HTTP/1.1" 200 116
186.79.32.136 - - [14/Mar/2017:10:57:02 -0300] "GET /cormun/servlet/hpexe_return? HTTP/1.1" 200 1022
186.79.32.136 - - [14/Mar/2017:10:57:03 -0300] "GET /cormun/servlet/trsolicitudadjuntos?2017,5485, HTTP/1.1" 200 8244
186.103.158.250 - - [14/Mar/2017:10:57:03 -0300] "GET /cormun/servlet/solicitudotadjuntos?INS,2017,5488,,1, HTTP/1.1" 200 5968
186.103.158.250 - - [14/Mar/2017:10:57:04 -0300] "GET /cormun/static/about:blank HTTP/1.1" 404 1011
186.79.32.136 - - [14/Mar/2017:10:57:04 -0300] "GET /cormun/servlet/trsolicitudadjuntos?2017,5485, HTTP/1.1" 200 8239
186.103.158.250 - - [14/Mar/2017:10:57:05 -0300] "GET /cormun/servlet/solicitudotadjuntos?INS,2017,5488,,1, HTTP/1.1" 200 5961
186.103.158.250 - - [14/Mar/2017:10:57:05 -0300] "GET /cormun/servlet/solicitudotadjuntos?d4fff27e0b469dd19646526f1472b66cf5182d11ffa56f3faa929fc892574ee66d228f9f40b01d9cdb76e2bfdc14d9c3,gx-no-cache=1489499894014 HTTP/1.1" 200 30
186.103.158.250 - - [14/Mar/2017:10:57:05 -0300] "POST /cormun/servlet/solicitudotadjuntos?e2e93305384b47e168e45b7e88ff09e0,INS,2017,5488,,1,,gx-no-cache=1489499894055 HTTP/1.1" 200 3857
186.103.159.44 - - [14/Mar/2017:10:57:06 -0300] "POST /cormun/servlet/solicitudot?gx-no-cache=1489499893891 HTTP/1.1" 200 30
186.103.158.250 - - [14/Mar/2017:10:57:08 -0300] "POST /cormun/servlet/solicitudotadjuntos?gx-no-cache=1489499896548 HTTP/1.1" 200 26
186.103.159.187 - - [14/Mar/2017:10:57:08 -0300] "POST /cormun/servlet/prfichaempleado?ebcc730e546388a23c876c2f484606b2,,MD,,gxPopupLevel%3D0%3B,gx-no-cache=1489499894188 HTTP/1.1" 200 3400
186.103.159.44 - - [14/Mar/2017:10:57:09 -0300] "GET /cormun/servlet/prcontratosol?11981150,,,,,MD,,gxPopupLevel%3D0%3B HTTP/1.1" 200 5591
186.103.159.44 - - [14/Mar/2017:10:57:09 -0300] "GET /cormun/static/gxcfg.js?2016102711553248 HTTP/1.1" 304 -
186.103.159.44 - - [14/Mar/2017:10:57:09 -0300] "GET /cormun/static/prcontratosol.js?2016102711553411 HTTP/1.1" 304 -
186.79.32.136 - - [14/Mar/2017:10:57:09 -0300] "GET /cormun/servlet/solicitudotadjuntos?INS,2017,5485,,1, HTTP/1.1" 200 6029
186.79.32.136 - - [14/Mar/2017:10:57:13 -0300] "GET /cormun/static/about:blank HTTP/1.1" 404 1011
186.79.32.136 - - [14/Mar/2017:10:57:13 -0300] "GET /cormun/servlet/solicitudotadjuntos?INS,2017,5485,,1, HTTP/1.1" 200 6022
186.103.158.250 - - [14/Mar/2017:10:57:14 -0300] "POST /cormun/servlet/solicitudotadjuntos?gx-no-cache=1489499902402 HTTP/1.1" 200 26
186.79.32.136 - - [14/Mar/2017:10:57:14 -0300] "GET /cormun/servlet/solicitudotadjuntos?7307e1250d9d581035bb1b4de17a621cadb08e2dae54443622109d442ce282aacbea021e5e3f37446307d9dac77c4b80,gx-no-cache=1489499906244 HTTP/1.1" 200 30
186.79.32.136 - - [14/Mar/2017:10:57:15 -0300] "POST /cormun/servlet/solicitudotadjuntos?764d0577ac3a6a8f084a7ad161613035,INS,2017,5485,,1,,gx-no-cache=1489499906494 HTTP/1.1" 200 3860
186.103.159.44 - - [14/Mar/2017:10:57:15 -0300] "POST /cormun/servlet/solicitudot?gx-no-cache=1489499902457 HTTP/1.1" 200 235
186.103.159.44 - - [14/Mar/2017:10:57:15 -0300] "POST /cormun/servlet/solicitudot?gx-no-cache=1489499902592 HTTP/1.1" 200 38
186.103.159.44 - - [14/Mar/2017:10:57:15 -0300] "GET /cormun/servlet/solicitudot?305aea7ecb5d3cb7630b30c63a492fa0da2d3ae812111b82636da43405ac62f9f6f7ac48912de7536b3c5b396acaf18b4f8158afb0f28a1737849c163a51dc7a2e0c905c625c091405f2d79b62264628b09ff6d9cf6cd69ea275a5d0994a09d2afbbb71cc01d6872827c2b6740e9d257,gx-no-cache=1489499902654 HTTP/1.1" 200 29
186.103.159.44 - - [14/Mar/2017:10:57:15 -0300] "POST /cormun/servlet/solicitudot?gx-no-cache=1489499903036 HTTP/1.1" 200 643
186.103.159.44 - - [14/Mar/2017:10:57:15 -0300] "POST /cormun/servlet/solicitudot?gx-no-cache=1489499903184 HTTP/1.1" 200 518
201.236.57.223 - - [14/Mar/2017:10:57:17 -0300] "GET /cormun/servlet/trcontratounov2? HTTP/1.1" 200 16433
201.236.57.223 - - [14/Mar/2017:10:57:17 -0300] "GET /cormun/static/gxcfg.js?201612281114880 HTTP/1.1" 304 -
186.79.32.136 - - [14/Mar/2017:10:57:19 -0300] "POST /cormun/servlet/solicitudotadjuntos?gx-no-cache=1489499910779 HTTP/1.1" 200 26
186.79.32.136 - - [14/Mar/2017:10:57:26 -0300] "GET /cormun/servlet/solicitudotadjuntos?7307e1250d9d581035bb1b4de17a621c55458d0c7139db5b2c138798b00f4add,gx-no-cache=1489499917978 HTTP/1.1" 200 30
186.79.32.136 - - [14/Mar/2017:10:57:26 -0300] "GET /cormun/servlet/solicitudotadjuntos?7307e1250d9d581035bb1b4de17a621c55458d0c7139db5b2c138798b00f4add,gx-no-cache=1489499918397 HTTP/1.1" 200 30
186.103.159.187 - - [14/Mar/2017:10:57:29 -0300] "POST /cormun/servlet/solicitudot?gx-no-cache=1489499915345 HTTP/1.1" 200 3162
186.103.159.187 - - [14/Mar/2017:10:57:29 -0300] "POST /cormun/servlet/solicitudot?ebcc730e546388a23c876c2f484606b2,INS,0,0,,gx-no-cache=1489499915536 HTTP/1.1" 200 9848
186.103.158.250 - - [14/Mar/2017:10:57:30 -0300] "GET /cormun/servlet/solicitudotadjuntos?d4fff27e0b469dd19646526f1472b66cf62960a38a16cd4e0ca4955d716d3a66,gx-no-cache=1489499919207 HTTP/1.1" 200 30
186.103.158.250 - - [14/Mar/2017:10:57:30 -0300] "GET /cormun/servlet/solicitudotadjuntos?d4fff27e0b469dd19646526f1472b66cf62960a38a16cd4e0ca4955d716d3a66,gx-no-cache=1489499919232 HTTP/1.1" 200 30
186.103.158.250 - - [14/Mar/2017:10:57:32 -0300] "POST /cormun/servlet/solicitudotadjuntos?e2e93305384b47e168e45b7e88ff09e0,INS,2017,5488,,1, HTTP/1.1" 200 116
186.103.158.250 - - [14/Mar/2017:10:57:32 -0300] "GET /cormun/servlet/hpexe_return? HTTP/1.1" 200 1019
186.103.158.250 - - [14/Mar/2017:10:57:32 -0300] "GET /cormun/servlet/trsolicitudadjuntos?2017,5488, HTTP/1.1" 200 8353
186.103.158.250 - - [14/Mar/2017:10:57:33 -0300] "GET /cormun/servlet/trsolicitudadjuntos?2017,5488, HTTP/1.1" 200 8351
186.103.158.250 - - [14/Mar/2017:10:57:36 -0300] "GET /cormun/servlet/solicitudotadjuntos?INS,2017,5488,,1, HTTP/1.1" 200 5968
186.103.158.250 - - [14/Mar/2017:10:57:37 -0300] "GET /cormun/static/about:blank HTTP/1.1" 404 1011
186.103.158.250 - - [14/Mar/2017:10:57:38 -0300] "GET /cormun/servlet/solicitudotadjuntos?INS,2017,5488,,1, HTTP/1.1" 200 5961
186.103.158.250 - - [14/Mar/2017:10:57:38 -0300] "GET /cormun/servlet/solicitudotadjuntos?d4fff27e0b469dd19646526f1472b66cf5182d11ffa56f3faa929fc892574ee66d228f9f40b01d9cdb76e2bfdc14d9c3,gx-no-cache=1489499926997 HTTP/1.1" 200 30
186.103.158.250 - - [14/Mar/2017:10:57:38 -0300] "POST /cormun/servlet/solicitudotadjuntos?e2e93305384b47e168e45b7e88ff09e0,INS,2017,5488,,1,,gx-no-cache=1489499927074 HTTP/1.1" 200 3857
186.103.159.187 - - [14/Mar/2017:10:57:39 -0300] "GET /cormun/servlet/solicitudot?01bf091b64388e65b2a2aeee0500ff822155585ff2f26dc9cf3cf101407aead90425dd7f4fa5b874eeabc922ecb2311a,gx-no-cache=1489499925855 HTTP/1.1" 200 30
186.103.159.187 - - [14/Mar/2017:10:57:39 -0300] "POST /cormun/servlet/solicitudot?gx-no-cache=1489499925916 HTTP/1.1" 200 255
186.103.159.187 - - [14/Mar/2017:10:57:39 -0300] "GET /cormun/servlet/solicitudot?01bf091b64388e65b2a2aeee0500ff827c7c47736860be9143c6c6baedd099d5556931731f566d641efe9c2d09988c1180b5b7e9388f2c2bd6a347fdccb49627d33dc94f7b8dd0a51ad7e497266fe20d72bd917aab6f9daeaad4a7ca65da33eb9c44acc89015c87a5e435d13fdab6f5f401fb1d55f1e6a10cfcebbdcb21c94e835c43731b71603f162917f201ba328f6d1013f8b0b7edc6d43a800f6477c464bbeb49d2271674ec42bb68435877a6fba171ff2d926ab53f9e6438de7386b1dea22191c93305c5604632eaa7c250cf97b9a2a21530f6fa9e6317abeebc555ce23530bb003154bc8041a16ab4c0a111aea80868aee8beb87baf0d6b7c09e17bb7902bf4fc920efe68a8aa7f13c7fe346abd838026d7cd33ec2cef77b958592fab5944e7b08dccd1cec972862cb441e5428b1aaa4d1becbed0f22ba90cd6f78905f9a60078030c0bf86d76739ec9cd053547869f8108cdf99e9c5b66c0b49c3b1ef092349b8a60b7b568f68e5dca976aba04f80333bbf0840c68ad46b5dd5c2a8d2,gx-no-cache=1489499925967 HTTP/1.1" 200 30
186.103.158.250 - - [14/Mar/2017:10:57:42 -0300] "POST /cormun/servlet/solicitudotadjuntos?gx-no-cache=1489499931107 HTTP/1.1" 200 26
186.103.159.187 - - [14/Mar/2017:10:57:44 -0300] "POST /cormun/servlet/solicitudot?gx-no-cache=1489499930439 HTTP/1.1" 200 30
186.103.159.187 - - [14/Mar/2017:10:57:46 -0300] "GET /cormun/servlet/prcontratosol?15993933,,,,,MD,,gxPopupLevel%3D0%3B HTTP/1.1" 200 5890
186.79.32.136 - - [14/Mar/2017:10:57:47 -0300] "POST /cormun/servlet/solicitudotadjuntos?764d0577ac3a6a8f084a7ad161613035,INS,2017,5485,,1, HTTP/1.1" 200 116
186.79.32.136 - - [14/Mar/2017:10:57:47 -0300] "GET /cormun/servlet/hpexe_return? HTTP/1.1" 200 1022
186.79.32.136 - - [14/Mar/2017:10:57:48 -0300] "GET /cormun/servlet/trsolicitudadjuntos?2017,5485, HTTP/1.1" 200 8416
186.79.32.136 - - [14/Mar/2017:10:57:50 -0300] "GET /cormun/servlet/trsolicitudadjuntos?2017,5485, HTTP/1.1" 200 8414
186.79.32.136 - - [14/Mar/2017:10:57:52 -0300] "GET /cormun/servlet/solicitudotadjuntos?INS,2017,5485,,1, HTTP/1.1" 200 6028
186.79.32.136 - - [14/Mar/2017:10:57:53 -0300] "GET /cormun/static/about:blank HTTP/1.1" 404 1011
186.79.32.136 - - [14/Mar/2017:10:57:53 -0300] "GET /cormun/servlet/solicitudotadjuntos?INS,2017,5485,,1, HTTP/1.1" 200 6021
186.103.158.250 - - [14/Mar/2017:10:57:54 -0300] "GET /cormun/servlet/solicitudotadjuntos?d4fff27e0b469dd19646526f1472b66cf62960a38a16cd4e0ca4955d716d3a66,gx-no-cache=1489499942673 HTTP/1.1" 200 30
186.103.158.250 - - [14/Mar/2017:10:57:54 -0300] "GET /cormun/servlet/solicitudotadjuntos?d4fff27e0b469dd19646526f1472b66cf62960a38a16cd4e0ca4955d716d3a66,gx-no-cache=1489499942746 HTTP/1.1" 200 30
186.79.32.136 - - [14/Mar/2017:10:57:54 -0300] "GET /cormun/servlet/solicitudotadjuntos?7307e1250d9d581035bb1b4de17a621cadb08e2dae54443622109d442ce282aacbea021e5e3f37446307d9dac77c4b80,gx-no-cache=1489499946247 HTTP/1.1" 200 30
186.103.158.250 - - [14/Mar/2017:10:57:55 -0300] "POST /cormun/servlet/solicitudotadjuntos?e2e93305384b47e168e45b7e88ff09e0,INS,2017,5488,,1, HTTP/1.1" 200 116
186.79.32.136 - - [14/Mar/2017:10:57:55 -0300] "POST /cormun/servlet/solicitudotadjuntos?764d0577ac3a6a8f084a7ad161613035,INS,2017,5485,,1,,gx-no-cache=1489499946757 HTTP/1.1" 200 3860
186.103.158.250 - - [14/Mar/2017:10:57:55 -0300] "GET /cormun/servlet/hpexe_return? HTTP/1.1" 200 1019
186.103.158.250 - - [14/Mar/2017:10:57:55 -0300] "GET /cormun/servlet/trsolicitudadjuntos?2017,5488, HTTP/1.1" 200 8509
186.103.159.187 - - [14/Mar/2017:10:57:56 -0300] "POST /cormun/servlet/solicitudot?gx-no-cache=1489499942667 HTTP/1.1" 200 1372
186.103.159.187 - - [14/Mar/2017:10:57:56 -0300] "GET /cormun/static/Shared/jqueryui/images/ui-bg_highlight-soft_100_c6c2c8_1x100.png HTTP/1.1" 404 1117
186.103.159.187 - - [14/Mar/2017:10:57:56 -0300] "GET /cormun/static/Shared/jqueryui/images/ui-icons_82798d_256x240.png HTTP/1.1" 404 1089
186.103.159.187 - - [14/Mar/2017:10:57:56 -0300] "GET /cormun/static/Shared/jqueryui/images/ui-bg_flat_55_994d53_40x100.png HTTP/1.1" 404 1097
186.103.159.187 - - [14/Mar/2017:10:57:56 -0300] "GET /cormun/static/Shared/jqueryui/images/ui-icons_ebccce_256x240.png HTTP/1.1" 404 1089
186.103.159.187 - - [14/Mar/2017:10:57:56 -0300] "POST /cormun/servlet/solicitudot?gx-no-cache=1489499942772 HTTP/1.1" 200 117
186.103.158.250 - - [14/Mar/2017:10:57:56 -0300] "GET /cormun/servlet/trsolicitudadjuntos?2017,5488, HTTP/1.1" 200 8508
186.103.159.187 - - [14/Mar/2017:10:57:56 -0300] "GET /cormun/servlet/solicitudot?01bf091b64388e65b2a2aeee0500ff8283753238783c58d7cf1b4fce629873491cb0a4a78b286b81dfeb6ebd65bd784eb174f67f2e3bf33357102db288620aae6c3c6f898ad5584e4235ae197c86bce89c07f4db9bd1cb0262a65f255d0fe6ca29e4d576faa0d1babe270a98f24c2df1a67cf7786a7375422eef4f9124370c0d74962f4e9bd1457ca11246d86148ea9871d250fed79bc68ad837900693d75add,gx-no-cache=1489499942892 HTTP/1.1" 200 29
186.103.159.187 - - [14/Mar/2017:10:57:56 -0300] "GET /cormun/servlet/solicitudot?01bf091b64388e65b2a2aeee0500ff82d5dc509014a496b391d8ea3bae27050cffa1f0d8040ce047ca6628c366951bd827ad5bacdaf7fcc628d21e8e601fba1589eac101f9aaf33e97bbb070456e3d4e10834c5def9afdb2000a13d2374fd77f16fd08f6fb44c06b9792a582c239960dde073dc9c79392a7f9947b75ef18042c8adae9cf1024c897be4af41b938bcf3f014381a0196dbdfac02211caaa2d32a2,gx-no-cache=1489499942936 HTTP/1.1" 200 57
186.103.159.187 - - [14/Mar/2017:10:57:56 -0300] "GET /cormun/servlet/solicitudot?01bf091b64388e65b2a2aeee0500ff8232edfa7817271b0a5b38493ba022bfe3ffa1f0d8040ce047ca6628c366951bd827ad5bacdaf7fcc628d21e8e601fba15b5c1042b9d3cd42a4bdf232d246072cacc7e00874977ac4822c2a0ce44a5def5d094198e5dc085a12c7bfc5b93a5521b0d37ebbe8a9c8a8d878c5cf5dbdc2a50,gx-no-cache=1489499942984 HTTP/1.1" 200 57
186.79.32.136 - - [14/Mar/2017:10:57:58 -0300] "POST /cormun/servlet/solicitudotadjuntos?gx-no-cache=1489499950498 HTTP/1.1" 200 26
186.103.158.250 - - [14/Mar/2017:10:58:00 -0300] "GET /cormun/servlet/solicitudotadjuntos?INS,2017,5488,,1, HTTP/1.1" 200 5968
186.103.158.250 - - [14/Mar/2017:10:58:00 -0300] "GET /cormun/static/about:blank HTTP/1.1" 404 1011
186.103.158.250 - - [14/Mar/2017:10:58:01 -0300] "GET /cormun/servlet/solicitudotadjuntos?INS,2017,5488,,1, HTTP/1.1" 200 5961
186.103.158.250 - - [14/Mar/2017:10:58:02 -0300] "GET /cormun/servlet/solicitudotadjuntos?d4fff27e0b469dd19646526f1472b66cf5182d11ffa56f3faa929fc892574ee66d228f9f40b01d9cdb76e2bfdc14d9c3,gx-no-cache=1489499950796 HTTP/1.1" 200 30
186.103.158.250 - - [14/Mar/2017:10:58:02 -0300] "POST /cormun/servlet/solicitudotadjuntos?e2e93305384b47e168e45b7e88ff09e0,INS,2017,5488,,1,,gx-no-cache=1489499950839 HTTP/1.1" 200 3857
186.79.32.136 - - [14/Mar/2017:10:58:04 -0300] "GET /cormun/servlet/solicitudotadjuntos?7307e1250d9d581035bb1b4de17a621c55458d0c7139db5b2c138798b00f4add,gx-no-cache=1489499956098 HTTP/1.1" 200 30
186.79.32.136 - - [14/Mar/2017:10:58:04 -0300] "GET /cormun/servlet/solicitudotadjuntos?7307e1250d9d581035bb1b4de17a621c55458d0c7139db5b2c138798b00f4add,gx-no-cache=1489499956195 HTTP/1.1" 200 30
186.103.158.250 - - [14/Mar/2017:10:58:07 -0300] "POST /cormun/servlet/solicitudotadjuntos?gx-no-cache=1489499955871 HTTP/1.1" 200 26
186.79.32.136 - - [14/Mar/2017:10:58:10 -0300] "POST /cormun/servlet/solicitudotadjuntos?764d0577ac3a6a8f084a7ad161613035,INS,2017,5485,,1, HTTP/1.1" 200 116
186.79.32.136 - - [14/Mar/2017:10:58:11 -0300] "GET /cormun/servlet/hpexe_return? HTTP/1.1" 200 1022
186.79.32.136 - - [14/Mar/2017:10:58:11 -0300] "GET /cormun/servlet/trsolicitudadjuntos?2017,5485, HTTP/1.1" 200 8563
186.79.32.136 - - [14/Mar/2017:10:58:12 -0300] "GET /cormun/servlet/trsolicitudadjuntos?2017,5485, HTTP/1.1" 200 8560
186.103.159.187 - - [14/Mar/2017:10:58:20 -0300] "GET /cormun/servlet/prfichaempleado?,MD,,gxPopupLevel%3D0%3B HTTP/1.1" 200 8783
186.79.32.136 - - [14/Mar/2017:10:58:27 -0300] "GET /cormun/servlet/solicitudotadjuntos?INS,2017,5485,,1, HTTP/1.1" 200 6029
186.103.158.250 - - [14/Mar/2017:10:58:27 -0300] "GET /cormun/servlet/solicitudotadjuntos?d4fff27e0b469dd19646526f1472b66cf62960a38a16cd4e0ca4955d716d3a66,gx-no-cache=1489499976027 HTTP/1.1" 200 30
186.103.158.250 - - [14/Mar/2017:10:58:27 -0300] "GET /cormun/servlet/solicitudotadjuntos?d4fff27e0b469dd19646526f1472b66cf62960a38a16cd4e0ca4955d716d3a66,gx-no-cache=1489499976116 HTTP/1.1" 200 30
186.79.32.136 - - [14/Mar/2017:10:58:28 -0300] "GET /cormun/static/about:blank HTTP/1.1" 404 1011
186.79.32.136 - - [14/Mar/2017:10:58:28 -0300] "GET /cormun/servlet/solicitudotadjuntos?INS,2017,5485,,1, HTTP/1.1" 200 6022
186.103.158.250 - - [14/Mar/2017:10:58:29 -0300] "POST /cormun/servlet/solicitudotadjuntos?e2e93305384b47e168e45b7e88ff09e0,INS,2017,5488,,1, HTTP/1.1" 200 116
186.103.158.250 - - [14/Mar/2017:10:58:29 -0300] "GET /cormun/servlet/hpexe_return? HTTP/1.1" 200 1019
186.103.158.250 - - [14/Mar/2017:10:58:29 -0300] "GET /cormun/servlet/trsolicitudadjuntos?2017,5488, HTTP/1.1" 200 8641
186.103.158.250 - - [14/Mar/2017:10:58:31 -0300] "GET /cormun/servlet/trsolicitudadjuntos?2017,5488, HTTP/1.1" 200 8641
186.103.159.187 - - [14/Mar/2017:10:58:32 -0300] "POST /cormun/servlet/prfichaempleado?ebcc730e546388a23c876c2f484606b2,,MD,,gxPopupLevel%3D0%3B,gx-no-cache=1489499978636 HTTP/1.1" 200 3395
201.236.57.223 - - [14/Mar/2017:10:58:33 -0300] "GET /cormun/servlet/trsolicitudot? HTTP/1.1" 200 6965
186.103.158.250 - - [14/Mar/2017:10:58:34 -0300] "GET /cormun/servlet/solicitudotadjuntos?INS,2017,5488,,1, HTTP/1.1" 200 5968
186.103.158.250 - - [14/Mar/2017:10:58:34 -0300] "GET /cormun/static/about:blank HTTP/1.1" 404 1011
186.103.158.250 - - [14/Mar/2017:10:58:35 -0300] "GET /cormun/servlet/solicitudotadjuntos?INS,2017,5488,,1, HTTP/1.1" 200 5961
186.103.158.250 - - [14/Mar/2017:10:58:35 -0300] "GET /cormun/servlet/solicitudotadjuntos?d4fff27e0b469dd19646526f1472b66cf5182d11ffa56f3faa929fc892574ee66d228f9f40b01d9cdb76e2bfdc14d9c3,gx-no-cache=1489499984020 HTTP/1.1" 200 30
186.103.158.250 - - [14/Mar/2017:10:58:35 -0300] "POST /cormun/servlet/solicitudotadjuntos?e2e93305384b47e168e45b7e88ff09e0,INS,2017,5488,,1,,gx-no-cache=1489499984076 HTTP/1.1" 200 3856
186.103.159.187 - - [14/Mar/2017:10:58:36 -0300] "POST /cormun/servlet/solicitudot?gx-no-cache=1489499982894 HTTP/1.1" 200 1291
186.103.159.187 - - [14/Mar/2017:10:58:36 -0300] "GET /cormun/static/menuarrow.gif HTTP/1.1" 404 1015
201.236.57.223 - - [14/Mar/2017:10:58:38 -0300] "GET /cormun/servlet/solicitudot?INS,0,0, HTTP/1.1" 200 12796
186.79.32.136 - - [14/Mar/2017:10:58:38 -0300] "POST /cormun/servlet/solicitudotadjuntos?764d0577ac3a6a8f084a7ad161613035,INS,2017,5485,,1,,gx-no-cache=1489499990335 HTTP/1.1" 200 3861
186.79.32.136 - - [14/Mar/2017:10:58:38 -0300] "GET /cormun/servlet/solicitudotadjuntos?INS,2017,5485,,1, HTTP/1.1" 200 6022
186.79.32.136 - - [14/Mar/2017:10:58:39 -0300] "GET /cormun/static/about:blank HTTP/1.1" 404 1011
186.79.32.136 - - [14/Mar/2017:10:58:40 -0300] "GET /cormun/servlet/solicitudotadjuntos?INS,2017,5485,,1, HTTP/1.1" 200 6022
186.79.32.136 - - [14/Mar/2017:10:58:40 -0300] "GET /cormun/servlet/solicitudotadjuntos?7307e1250d9d581035bb1b4de17a621cadb08e2dae54443622109d442ce282aacbea021e5e3f37446307d9dac77c4b80,gx-no-cache=1489499992542 HTTP/1.1" 200 30
186.103.158.250 - - [14/Mar/2017:10:58:40 -0300] "POST /cormun/servlet/solicitudotadjuntos?gx-no-cache=1489499989115 HTTP/1.1" 200 26
186.79.32.136 - - [14/Mar/2017:10:58:40 -0300] "POST /cormun/servlet/solicitudotadjuntos?764d0577ac3a6a8f084a7ad161613035,INS,2017,5485,,1,,gx-no-cache=1489499992649 HTTP/1.1" 200 3866
186.103.159.187 - - [14/Mar/2017:10:58:41 -0300] "POST /cormun/servlet/solicitudot?gx-no-cache=1489499988068 HTTP/1.1" 200 41
186.79.32.136 - - [14/Mar/2017:10:58:46 -0300] "POST /cormun/servlet/solicitudotadjuntos?gx-no-cache=1489499998562 HTTP/1.1" 200 26
186.103.158.250 - - [14/Mar/2017:10:58:46 -0300] "GET /cormun/servlet/solicitudotadjuntos?d4fff27e0b469dd19646526f1472b66cf62960a38a16cd4e0ca4955d716d3a66,gx-no-cache=1489499994973 HTTP/1.1" 200 30
186.103.158.250 - - [14/Mar/2017:10:58:46 -0300] "GET /cormun/servlet/solicitudotadjuntos?d4fff27e0b469dd19646526f1472b66cf62960a38a16cd4e0ca4955d716d3a66,gx-no-cache=1489499995009 HTTP/1.1" 200 30
186.103.158.250 - - [14/Mar/2017:10:58:46 -0300] "POST /cormun/servlet/solicitudotadjuntos?e2e93305384b47e168e45b7e88ff09e0,INS,2017,5488,,1, HTTP/1.1" 200 116
186.103.158.250 - - [14/Mar/2017:10:58:46 -0300] "GET /cormun/servlet/hpexe_return? HTTP/1.1" 200 1019
186.103.159.187 - - [14/Mar/2017:10:58:47 -0300] "POST /cormun/servlet/solicitudot?gx-no-cache=1489499993247 HTTP/1.1" 200 1274
186.103.159.187 - - [14/Mar/2017:10:58:47 -0300] "POST /cormun/servlet/solicitudot?gx-no-cache=1489499993440 HTTP/1.1" 200 1157
186.103.158.250 - - [14/Mar/2017:10:58:47 -0300] "GET /cormun/servlet/trsolicitudadjuntos?2017,5488, HTTP/1.1" 200 8819
186.103.158.250 - - [14/Mar/2017:10:58:48 -0300] "GET /cormun/servlet/trsolicitudadjuntos?2017,5488, HTTP/1.1" 200 8818
186.103.159.187 - - [14/Mar/2017:10:58:48 -0300] "POST /cormun/servlet/solicitudot?gx-no-cache=1489499994847 HTTP/1.1" 200 1274
186.103.159.187 - - [14/Mar/2017:10:58:48 -0300] "POST /cormun/servlet/solicitudot?gx-no-cache=1489499994926 HTTP/1.1" 200 1157
186.103.159.187 - - [14/Mar/2017:10:58:50 -0300] "GET /cormun/servlet/solicitudot?01bf091b64388e65b2a2aeee0500ff8217d988e0016fa57b37bb57bb95ec9881e9ec55f03abaff2b5947d466fe2a4c338b1b976f11e390bc8fe4df0fd6c6422ebab3314357db0cb7bcf8b481d89c82008adae9cf1024c897be4af41b938bcf3fdec31ecfd7c8063b79ed641933a5112bff802e3cd13b78469bfc2c79ec0da855800d23b527606232708ef75399032f71d4364571a9c78154a5fe135ec21fa0cbcba13b91757f7eb10dbd561574e66c6aaedc8c7666da04c1118cf85d36ce73e5,gx-no-cache=1489499996635 HTTP/1.1" 200 30
186.103.158.250 - - [14/Mar/2017:10:58:51 -0300] "GET /cormun/servlet/solicitudotadjuntos?INS,2017,5488,,1, HTTP/1.1" 200 5968
186.103.158.250 - - [14/Mar/2017:10:58:51 -0300] "GET /cormun/static/about:blank HTTP/1.1" 404 1011
186.103.158.250 - - [14/Mar/2017:10:58:52 -0300] "GET /cormun/servlet/solicitudotadjuntos?INS,2017,5488,,1, HTTP/1.1" 200 5961
186.79.32.136 - - [14/Mar/2017:10:58:52 -0300] "GET /cormun/servlet/solicitudotadjuntos?7307e1250d9d581035bb1b4de17a621c55458d0c7139db5b2c138798b00f4add,gx-no-cache=1489500004921 HTTP/1.1" 200 30
186.103.158.250 - - [14/Mar/2017:10:58:53 -0300] "GET /cormun/servlet/solicitudotadjuntos?d4fff27e0b469dd19646526f1472b66cf5182d11ffa56f3faa929fc892574ee66d228f9f40b01d9cdb76e2bfdc14d9c3,gx-no-cache=1489500001682 HTTP/1.1" 200 30
186.103.158.250 - - [14/Mar/2017:10:58:53 -0300] "POST /cormun/servlet/solicitudotadjuntos?e2e93305384b47e168e45b7e88ff09e0,INS,2017,5488,,1,,gx-no-cache=1489500001756 HTTP/1.1" 200 3856
186.79.32.136 - - [14/Mar/2017:10:58:53 -0300] "GET /cormun/servlet/solicitudotadjuntos?7307e1250d9d581035bb1b4de17a621c55458d0c7139db5b2c138798b00f4add,gx-no-cache=1489500005757 HTTP/1.1" 200 30
186.103.159.187 - - [14/Mar/2017:10:58:56 -0300] "POST /cormun/servlet/solicitudot?ebcc730e546388a23c876c2f484606b2,INS,0,0,,gx-no-cache=1489500002604 HTTP/1.1" 200 93
186.103.159.187 - - [14/Mar/2017:10:58:56 -0300] "GET /cormun/servlet/hpexe_return? HTTP/1.1" 200 1030
186.103.159.187 - - [14/Mar/2017:10:58:57 -0300] "GET /cormun/servlet/trsolicitudot?gx-no-cache=1489499563261 HTTP/1.1" 200 8531
186.103.158.250 - - [14/Mar/2017:10:58:58 -0300] "POST /cormun/servlet/solicitudotadjuntos?gx-no-cache=1489500006629 HTTP/1.1" 200 26
186.103.159.187 - - [14/Mar/2017:10:58:58 -0300] "GET /cormun/servlet/trsolicitudot?gx-no-cache=1489499563261 HTTP/1.1" 200 8548
186.103.159.44 - - [14/Mar/2017:10:59:06 -0300] "GET /cormun/servlet/prsolicitudot?11981150,,,,,MD,,gxPopupLevel%3D0%3B HTTP/1.1" 200 6078
186.103.159.44 - - [14/Mar/2017:10:59:06 -0300] "GET /cormun/static/gxcfg.js?20161221854215 HTTP/1.1" 200 953
186.103.159.44 - - [14/Mar/2017:10:59:06 -0300] "GET /cormun/static/prsolicitudot.js?201612218542259 HTTP/1.1" 200 13680
186.103.159.187 - - [14/Mar/2017:10:59:07 -0300] "POST /cormun/servlet/trsolicitudot?ebcc730e546388a23c876c2f484606b2,gx-no-cache=1489499563261,gx-no-cache=1489500013353 HTTP/1.1" 200 5256
186.103.159.187 - - [14/Mar/2017:10:59:07 -0300] "GET /cormun/static/Shared/jqueryui/images/ui-bg_highlight-soft_100_c6c2c8_1x100.png HTTP/1.1" 404 1117
186.103.159.187 - - [14/Mar/2017:10:59:07 -0300] "GET /cormun/static/Shared/jqueryui/images/ui-icons_82798d_256x240.png HTTP/1.1" 404 1089
186.103.159.187 - - [14/Mar/2017:10:59:07 -0300] "GET /cormun/static/Shared/jqueryui/images/ui-bg_flat_55_fafafa_40x100.png HTTP/1.1" 404 1097
186.103.159.187 - - [14/Mar/2017:10:59:07 -0300] "GET /cormun/static/Shared/jqueryui/images/ui-icons_8d78a5_256x240.png HTTP/1.1" 404 1089
186.103.159.187 - - [14/Mar/2017:10:59:07 -0300] "POST /cormun/servlet/trsolicitudot?ebcc730e546388a23c876c2f484606b2,gx-no-cache=1489499563261,gx-no-cache=1489500013652 HTTP/1.1" 200 5196
186.79.32.136 - - [14/Mar/2017:10:59:13 -0300] "POST /cormun/servlet/solicitudotadjuntos?764d0577ac3a6a8f084a7ad161613035,INS,2017,5485,,1, HTTP/1.1" 200 116
186.79.32.136 - - [14/Mar/2017:10:59:13 -0300] "GET /cormun/servlet/hpexe_return? HTTP/1.1" 200 1022
186.79.32.136 - - [14/Mar/2017:10:59:14 -0300] "GET /cormun/servlet/trsolicitudadjuntos?2017,5485, HTTP/1.1" 200 8697
186.79.32.136 - - [14/Mar/2017:10:59:16 -0300] "GET /cormun/servlet/trsolicitudadjuntos?2017,5485, HTTP/1.1" 200 8697
186.79.32.136 - - [14/Mar/2017:10:59:24 -0300] "GET /cormun/servlet/solicitudotadjuntos?INS,2017,5485,,1, HTTP/1.1" 200 6029
186.79.32.136 - - [14/Mar/2017:10:59:24 -0300] "GET /cormun/static/about:blank HTTP/1.1" 404 1011
186.79.32.136 - - [14/Mar/2017:10:59:25 -0300] "GET /cormun/servlet/solicitudotadjuntos?INS,2017,5485,,1, HTTP/1.1" 200 6022
186.79.32.136 - - [14/Mar/2017:10:59:26 -0300] "GET /cormun/servlet/solicitudotadjuntos?7307e1250d9d581035bb1b4de17a621cadb08e2dae54443622109d442ce282aacbea021e5e3f37446307d9dac77c4b80,gx-no-cache=1489500038149 HTTP/1.1" 200 30
186.79.32.136 - - [14/Mar/2017:10:59:26 -0300] "POST /cormun/servlet/solicitudotadjuntos?764d0577ac3a6a8f084a7ad161613035,INS,2017,5485,,1,,gx-no-cache=1489500038386 HTTP/1.1" 200 3861
186.103.159.187 - - [14/Mar/2017:10:59:29 -0300] "GET /cormun/servlet/hlogin HTTP/1.1" 200 1761
186.79.32.136 - - [14/Mar/2017:10:59:30 -0300] "POST /cormun/servlet/solicitudotadjuntos?gx-no-cache=1489500042513 HTTP/1.1" 200 26
186.103.159.44 - - [14/Mar/2017:10:59:36 -0300] "POST /cormun/servlet/solicitudot?gx-no-cache=1489500043137 HTTP/1.1" 200 656
186.103.159.44 - - [14/Mar/2017:10:59:36 -0300] "POST /cormun/servlet/solicitudot?gx-no-cache=1489500043335 HTTP/1.1" 200 38
186.103.158.250 - - [14/Mar/2017:10:59:43 -0300] "GET /cormun/servlet/solicitudotadjuntos?d4fff27e0b469dd19646526f1472b66cf62960a38a16cd4e0ca4955d716d3a66,gx-no-cache=1489500052203 HTTP/1.1" 200 30
186.103.158.250 - - [14/Mar/2017:10:59:43 -0300] "GET /cormun/servlet/solicitudotadjuntos?d4fff27e0b469dd19646526f1472b66cf62960a38a16cd4e0ca4955d716d3a66,gx-no-cache=1489500052247 HTTP/1.1" 200 30
186.103.159.44 - - [14/Mar/2017:10:59:45 -0300] "POST /cormun/servlet/solicitudot?gx-no-cache=1489500052244 HTTP/1.1" 200 641
186.103.158.250 - - [14/Mar/2017:10:59:46 -0300] "POST /cormun/servlet/solicitudotadjuntos?e2e93305384b47e168e45b7e88ff09e0,INS,2017,5488,,1, HTTP/1.1" 200 116
186.103.159.44 - - [14/Mar/2017:10:59:46 -0300] "POST /cormun/servlet/solicitudot?gx-no-cache=1489500053375 HTTP/1.1" 200 1157
186.103.158.250 - - [14/Mar/2017:10:59:46 -0300] "GET /cormun/servlet/hpexe_return? HTTP/1.1" 200 1019
186.103.158.250 - - [14/Mar/2017:10:59:46 -0300] "GET /cormun/servlet/trsolicitudadjuntos?2017,5488, HTTP/1.1" 200 9032
186.103.158.250 - - [14/Mar/2017:10:59:48 -0300] "GET /cormun/servlet/trsolicitudadjuntos?2017,5488, HTTP/1.1" 200 9030
186.103.159.187 - - [14/Mar/2017:10:59:49 -0300] "POST /cormun/servlet/hlogin?ebcc730e546388a23c876c2f484606b2,gx-no-cache=1489500055649 HTTP/1.1" 200 474
186.103.158.250 - - [14/Mar/2017:10:59:52 -0300] "GET /cormun/servlet/solicitudotadjuntos?INS,2017,5488,,1, HTTP/1.1" 200 5968
186.103.158.250 - - [14/Mar/2017:10:59:52 -0300] "GET /cormun/static/about:blank HTTP/1.1" 404 1011
186.103.158.250 - - [14/Mar/2017:10:59:53 -0300] "GET /cormun/servlet/solicitudotadjuntos?INS,2017,5488,,1, HTTP/1.1" 200 5961
186.103.158.250 - - [14/Mar/2017:10:59:53 -0300] "GET /cormun/servlet/solicitudotadjuntos?d4fff27e0b469dd19646526f1472b66cf5182d11ffa56f3faa929fc892574ee66d228f9f40b01d9cdb76e2bfdc14d9c3,gx-no-cache=1489500062096 HTTP/1.1" 200 30
186.103.158.250 - - [14/Mar/2017:10:59:53 -0300] "POST /cormun/servlet/solicitudotadjuntos?e2e93305384b47e168e45b7e88ff09e0,INS,2017,5488,,1,,gx-no-cache=1489500062184 HTTP/1.1" 200 3857
192.168.10.96 - - [14/Mar/2017:11:00:03 -0300] "GET /cormun/servlet/trsolicitudgral? HTTP/1.1" 200 24068
192.168.10.96 - - [14/Mar/2017:11:00:06 -0300] "GET /cormun/servlet/trsolicitudgral? HTTP/1.1" 200 24068
192.168.10.96 - - [14/Mar/2017:11:00:10 -0300] "POST /cormun/servlet/trsolicitudgral?30aacf61c83483e71ef964306466305e,,gx-no-cache=1489503292363 HTTP/1.1" 200 6492
186.103.159.44 - - [14/Mar/2017:11:00:12 -0300] "GET /cormun/static/menuarrow.gif HTTP/1.1" 404 1015
192.168.10.96 - - [14/Mar/2017:11:00:17 -0300] "POST /cormun/servlet/trsolicitudgral?30aacf61c83483e71ef964306466305e,,gx-no-cache=1489503300013 HTTP/1.1" 200 5134
186.103.158.250 - - [14/Mar/2017:11:00:20 -0300] "POST /cormun/servlet/solicitudotadjuntos?e2e93305384b47e168e45b7e88ff09e0,INS,2017,5488,,1,,gx-no-cache=1489500088972 HTTP/1.1" 200 93
