200.73.230.173 - - [13/Mar/2017:16:03:20 -0300] "POST /cormun/servlet/solicitudot?gx-no-cache=1489431874764 HTTP/1.1" 200 1290
200.73.230.173 - - [13/Mar/2017:16:03:20 -0300] "POST /cormun/servlet/solicitudot?gx-no-cache=1489431874939 HTTP/1.1" 200 118
200.73.230.173 - - [13/Mar/2017:16:03:20 -0300] "POST /cormun/servlet/solicitudot?gx-no-cache=1489431875314 HTTP/1.1" 200 1274
200.73.230.173 - - [13/Mar/2017:16:03:20 -0300] "POST /cormun/servlet/solicitudot?gx-no-cache=1489431875436 HTTP/1.1" 200 1157
200.73.230.173 - - [13/Mar/2017:16:03:27 -0300] "POST /cormun/servlet/solicitudot?gx-no-cache=1489431882188 HTTP/1.1" 200 3260
200.73.230.173 - - [13/Mar/2017:16:03:27 -0300] "POST /cormun/servlet/solicitudot?gx-no-cache=1489431882423 HTTP/1.1" 200 295
200.73.230.173 - - [13/Mar/2017:16:03:27 -0300] "GET /cormun/servlet/solicitudot?4d538324b4939f46a8ee61bfcb8b1a88763d473be33af8d7279688946e14d04404d14e613d8700849b9a4cf9276909149a152c94c8fdb7b5b3b302013ac2790f0576d00ad7a4f5c629ffa599958ea35e71c612156f9be2a7c6d91e56a772967633f03b008f7a1789312889f1c2a4626f7070478ad01c43b86b2a0d67bff3f44a771692e5046caeaf3c05ee041a8cd8a8c91d858bbc7b2ca870d7ea5bea6f7f3796f36104f02b7cc115e2fd5a48d85af42134927d9c85b882eec566476f48a26f019d7c4a8ab178c8920084363e42d2120ff698b11d518f3866c6c35564b57a9b5ab069bea186f5798686778aa5721184b4ad5d871795c8454c8e9997d6b8e19d0490c1174b888d3b376ca4c4c011f3da9b7a64069ba419e7f9e83e58e05962820629864fc6b2eb3bb7660114b5525126258abfc9d9e487c7d090cacd754ae1006316389af08de13610667caeeda66717372e5c057a24c6404e2eeffeb117eb40cb0b7e7ef6d4c27be5c23aae209003751768af7ed5fc49dde0696bb1f9184e523266e8ab82a1a500bdd975da6ac824b7,gx-no-cache=1489431882549 HTTP/1.1" 200 30
200.73.230.173 - - [13/Mar/2017:16:03:27 -0300] "POST /cormun/servlet/solicitudot?gx-no-cache=1489431882593 HTTP/1.1" 200 30
200.73.230.173 - - [13/Mar/2017:16:03:28 -0300] "POST /cormun/servlet/solicitudot?gx-no-cache=1489431882673 HTTP/1.1" 200 1290
200.73.230.173 - - [13/Mar/2017:16:03:28 -0300] "POST /cormun/servlet/solicitudot?gx-no-cache=1489431882788 HTTP/1.1" 200 118
200.73.230.173 - - [13/Mar/2017:16:03:28 -0300] "POST /cormun/servlet/solicitudot?gx-no-cache=1489431882842 HTTP/1.1" 200 1274
200.73.230.173 - - [13/Mar/2017:16:03:28 -0300] "POST /cormun/servlet/solicitudot?gx-no-cache=1489431882932 HTTP/1.1" 200 1157
200.73.230.173 - - [13/Mar/2017:16:03:33 -0300] "GET /cormun/static/Resources/resize.gif HTTP/1.1" 200 77
200.73.230.173 - - [13/Mar/2017:16:03:40 -0300] "GET /cormun/servlet/prfichaempleado?,MD,,gxPopupLevel%3D0%3B HTTP/1.1" 200 8845
200.73.230.173 - - [13/Mar/2017:16:03:40 -0300] "GET /cormun/static/gxcfg.js?2016102420561687 HTTP/1.1" 200 953
200.73.230.173 - - [13/Mar/2017:16:03:40 -0300] "GET /cormun/static/Resources/PXToolsMenuSearch.png HTTP/1.1" 200 2914
200.73.230.173 - - [13/Mar/2017:16:03:40 -0300] "GET /cormun/static/menusearch.js?201610171694467 HTTP/1.1" 200 1424
200.73.230.173 - - [13/Mar/2017:16:03:40 -0300] "GET /cormun/static/Resources/PXToolsMenuSearchCancel.png HTTP/1.1" 200 2972
200.73.230.173 - - [13/Mar/2017:16:03:40 -0300] "GET /cormun/static/hmpwkw011.js?201612218515582 HTTP/1.1" 200 1968
200.73.230.173 - - [13/Mar/2017:16:03:40 -0300] "GET /cormun/static/prfichaempleado.js?201610242056198 HTTP/1.1" 200 16015
186.79.113.67 - - [13/Mar/2017:16:03:43 -0300] "POST /cormun/servlet/trcontratosolicitud?eb3911bc7fa4f22db9fd6bd71306d484,,gx-no-cache=1489431890645 HTTP/1.1" 200 11119
200.73.230.173 - - [13/Mar/2017:16:03:48 -0300] "GET /cormun/servlet/solicitudot?4d538324b4939f46a8ee61bfcb8b1a8832c3e05c6a3c1a42f909ffc1e13dd3617e9793725278470c0857ff8132ad16e3393760004fb9467351ff582fa682d651eeeff226b7247e9a1115671894dbfba45d1c9563d3c0a20dc0bdc8a33372634210c532143b95ff68a6e15df8c5be5153ce3e4810a055251aa76c043d710436f8e9b8ee1b0bb525b064f2951bb3963ddea7d833c7072b0c93bcc2a32133ffe5b830764675845e11576144bc59e88873f26e933b8f415f8e544bfe6369cb65df52,gx-no-cache=1489431903146 HTTP/1.1" 200 30
200.73.230.173 - - [13/Mar/2017:16:03:48 -0300] "POST /cormun/servlet/solicitudot?1fa39a47373e3f4555eb5958ea575ff2,INS,0,0,,gx-no-cache=1489431903313 HTTP/1.1" 200 11220
200.73.230.173 - - [13/Mar/2017:16:04:02 -0300] "GET /cormun/servlet/solicitudot?4d538324b4939f46a8ee61bfcb8b1a8832c3e05c6a3c1a42f909ffc1e13dd361e65ce4c7352c79245dbbb4ef19d4b2d2393760004fb9467351ff582fa682d651eeeff226b7247e9a1115671894dbfba45d1c9563d3c0a20dc0bdc8a33372634210c532143b95ff68a6e15df8c5be5153ce3e4810a055251aa76c043d710436f8e9b8ee1b0bb525b064f2951bb3963ddea7d833c7072b0c93bcc2a32133ffe5b830764675845e11576144bc59e88873f26e933b8f415f8e544bfe6369cb65df52,gx-no-cache=1489431917056 HTTP/1.1" 200 30
200.73.230.173 - - [13/Mar/2017:16:04:02 -0300] "POST /cormun/servlet/solicitudot?1fa39a47373e3f4555eb5958ea575ff2,INS,0,0,,gx-no-cache=1489431917254 HTTP/1.1" 200 11272
192.168.10.89 - - [13/Mar/2017:16:04:07 -0300] "POST /cormun/servlet/trsolicitudgral?b0526e8aacfbdb548a45b50dca695bcb,gx-no-cache=1489434438039,gx-no-cache=1489435130193 HTTP/1.1" 200 6681
192.168.10.89 - - [13/Mar/2017:16:04:09 -0300] "GET /cormun/servlet/solicitudgral?UPD,2017,5314, HTTP/1.1" 200 12166
192.168.10.89 - - [13/Mar/2017:16:04:11 -0300] "POST /cormun/servlet/solicitudgral?gx-no-cache=1489435133610 HTTP/1.1" 200 3170
192.168.10.89 - - [13/Mar/2017:16:04:11 -0300] "GET /cormun/servlet/solicitudgral?46f472e390f9c3f44fd61aeb54868cafa588be141c0bad2e4369326d8020e92d157f9f43ac45657329d7d04e3bd36bcd2f365e8a82fd79dd94b5e2ac62e873c5a50246e27c262ea8722d749ed3a16a74a11a524f3fde12ab7be3fec5c973f882cd9dfacb64dde014f03d54743e8de8d80442e4864222529e67bc22ee79e677ad616f289a78ff535313cbe44ff5265aab805a11f4140c0b14da76f61da909d5cec4e94197197208472b3b529795ded286e9f2c65d83e69431f43af389a9f21f307f1734b8fb64e2f1bab1efa5d1ece5c15931d37992f5b94f4cf255e17053fbe6c24fefacdf9335fa508614122fd8faf6cb97e8c7d92db3d9fb254e7fe5656293a8ebab5888129558cbdb634e6abb2813148b24f5b8967afa6c0bdf3257c8cd7295047c9255e9ada20456434fc28032a01f08e652db5c50ad7cd748e74d143b691783e04acd8a4c1e03ffab401374734d,gx-no-cache=1489435133831 HTTP/1.1" 200 257
192.168.10.89 - - [13/Mar/2017:16:04:11 -0300] "GET /cormun/servlet/solicitudgral?46f472e390f9c3f44fd61aeb54868caf895be6de44567604acec866da91f2cc4019263b2a03e375972f171a1b699f9907286ea94153a348d09efec17bdf995611b809c5c931963d8873c2a555c9a7a12798c2909f51334a93966e6272ca596d31027bdbbdc8ce08fd9128f253f94d507b0f6773b2cfec1c2113161c5d121b2cedf7c290a907d1acba1220e0f26f076da6433716d5de5e96b2390ef5d3a9a96dd97fba67ad283cb7d62bdf0e166150f790f4c3f737d849cb782f839dd32be1c0b50f43a737b4ff144795a36282f2c5730d7872991b9a4572fd29f580c17397d66e1decaaa2eb91468f830ae7b26753106c5f7a04f9a6d17f0851c142ecfc8349b0ce86c54b9c57f829b8f376578718e51f1a5704ac0f8a73121fe58fa6a021f073fa1c5de164e9136b1afc5f0c4a7394fa45ff92e0018d68d57646e7437caea2554dabd33c9f6734487958115821a064ba7887a3335aa91f0856d86e1e1124b45932ed81b634fe06fbd5ffcccbecc43b168207324357c430e30e84cc2dc239280f3df93a1784bd15426265722fc419ffaad55ccf1495bcb9ff6bf0b79605649d9757a54327143447e00a0ee6f013bd6e2546b31f9af72bfac2847bf229543608a1ab9c3312379ef8dc387c16a7c438d56f340b58fdc6e382e643826a56e1e8226488d49c61821f026ace7a904a122a3bbd14d7f5fbf0b5fca49dacdb93b8d756fdfd08dd7598fae60bf8bd3409e1e3f5025a2b23a3ae7ca477b5ba896d0ef380444fefbe277b987df6aa674cbd92bd118,gx-no-cache=1489435134553 HTTP/1.1" 200 48
192.168.10.89 - - [13/Mar/2017:16:04:12 -0300] "POST /cormun/servlet/solicitudgral?b0526e8aacfbdb548a45b50dca695bcb,UPD,2017,5314,,gx-no-cache=1489435134589 HTTP/1.1" 200 10569
192.168.10.89 - - [13/Mar/2017:16:04:12 -0300] "GET /cormun/servlet/solicitudgral?46f472e390f9c3f44fd61aeb54868caf93b9a7fe1f22c79bdf7118df527ec205c754cf225643bfc721962149dbc67e51d8f7e3e1c821791205b889456c7d5f03a64ab1d1dfdbb355b703348bd3bd833d35916d4d3422b5ffba98c9c50084c6ccb1149cd9c2008eed8e95f5656fec445b9dcefede0a6c51c7cd8e77b1ea52dd3913f9a8a144a04f6035b8f51bdb30a7526bcfbd9c322b8a2c09a8de22a74b79fb,gx-no-cache=1489435134823 HTTP/1.1" 200 29
192.168.10.89 - - [13/Mar/2017:16:04:12 -0300] "POST /cormun/servlet/solicitudgral?gx-no-cache=1489435134845 HTTP/1.1" 200 1250
192.168.10.89 - - [13/Mar/2017:16:04:12 -0300] "POST /cormun/servlet/solicitudgral?gx-no-cache=1489435134881 HTTP/1.1" 200 1155
200.73.230.173 - - [13/Mar/2017:16:04:15 -0300] "POST /cormun/servlet/solicitudot?gx-no-cache=1489431930056 HTTP/1.1" 200 122
200.73.230.173 - - [13/Mar/2017:16:04:15 -0300] "POST /cormun/servlet/solicitudot?gx-no-cache=1489431930166 HTTP/1.1" 200 1274
200.73.230.173 - - [13/Mar/2017:16:04:15 -0300] "POST /cormun/servlet/solicitudot?gx-no-cache=1489431930275 HTTP/1.1" 200 1157
192.168.10.89 - - [13/Mar/2017:16:04:15 -0300] "POST /cormun/servlet/solicitudgral?b0526e8aacfbdb548a45b50dca695bcb,UPD,2017,5314,,gx-no-cache=1489435138421 HTTP/1.1" 200 93
192.168.10.89 - - [13/Mar/2017:16:04:15 -0300] "GET /cormun/servlet/hpexe_return? HTTP/1.1" 200 1031
192.168.10.89 - - [13/Mar/2017:16:04:16 -0300] "GET /cormun/servlet/trsolicitudgral?gx-no-cache=1489434438039 HTTP/1.1" 200 9972
200.73.230.173 - - [13/Mar/2017:16:04:19 -0300] "POST /cormun/servlet/solicitudot?gx-no-cache=1489431933680 HTTP/1.1" 200 122
200.73.230.173 - - [13/Mar/2017:16:04:19 -0300] "POST /cormun/servlet/solicitudot?gx-no-cache=1489431933784 HTTP/1.1" 200 1274
200.73.230.173 - - [13/Mar/2017:16:04:19 -0300] "POST /cormun/servlet/solicitudot?gx-no-cache=1489431933894 HTTP/1.1" 200 1157
200.73.230.173 - - [13/Mar/2017:16:04:20 -0300] "GET /cormun/servlet/prfichaempleado?,MD,,gxPopupLevel%3D0%3B HTTP/1.1" 200 8845
192.168.10.89 - - [13/Mar/2017:16:04:21 -0300] "POST /cormun/servlet/trsolicitudgral?b0526e8aacfbdb548a45b50dca695bcb,gx-no-cache=1489434438039,gx-no-cache=1489435143659 HTTP/1.1" 200 5602
192.168.10.89 - - [13/Mar/2017:16:04:21 -0300] "GET /cormun/static/Shared/jqueryui/images/ui-bg_flat_55_fafafa_40x100.png HTTP/1.1" 404 1097
192.168.10.89 - - [13/Mar/2017:16:04:21 -0300] "GET /cormun/static/Shared/jqueryui/images/ui-icons_82798d_256x240.png HTTP/1.1" 404 1089
192.168.10.89 - - [13/Mar/2017:16:04:21 -0300] "GET /cormun/static/Shared/jqueryui/images/ui-icons_8d78a5_256x240.png HTTP/1.1" 404 1089
192.168.10.89 - - [13/Mar/2017:16:04:21 -0300] "GET /cormun/static/Shared/jqueryui/images/ui-bg_highlight-soft_100_c6c2c8_1x100.png HTTP/1.1" 404 1117
200.73.230.173 - - [13/Mar/2017:16:04:22 -0300] "GET /cormun/servlet/solicitudot?4d538324b4939f46a8ee61bfcb8b1a8832c3e05c6a3c1a42f909ffc1e13dd3617e9793725278470c0857ff8132ad16e36fb0bae93b27f7d132b3afd41ce0255ceeeff226b7247e9a1115671894dbfba45d1c9563d3c0a20dc0bdc8a33372634210c532143b95ff68a6e15df8c5be5153ce3e4810a055251aa76c043d710436f8e9b8ee1b0bb525b064f2951bb3963ddea7d833c7072b0c93bcc2a32133ffe5b830764675845e11576144bc59e88873f26e933b8f415f8e544bfe6369cb65df52,gx-no-cache=1489431936642 HTTP/1.1" 200 30
200.73.230.173 - - [13/Mar/2017:16:04:22 -0300] "POST /cormun/servlet/solicitudot?1fa39a47373e3f4555eb5958ea575ff2,INS,0,0,,gx-no-cache=1489431936737 HTTP/1.1" 200 11322
200.73.230.173 - - [13/Mar/2017:16:04:29 -0300] "POST /cormun/servlet/solicitudot?1fa39a47373e3f4555eb5958ea575ff2,INS,0,0,,gx-no-cache=1489431944256 HTTP/1.1" 200 90
200.73.230.173 - - [13/Mar/2017:16:04:29 -0300] "GET /cormun/servlet/hpexe_link HTTP/1.1" 200 957
200.73.230.173 - - [13/Mar/2017:16:04:30 -0300] "GET /cormun/servlet/trsolicitudot? HTTP/1.1" 200 6762
200.73.230.173 - - [13/Mar/2017:16:04:30 -0300] "GET /cormun/servlet/trsolicitudot? HTTP/1.1" 200 6760
200.73.230.173 - - [13/Mar/2017:16:04:35 -0300] "POST /cormun/servlet/trsolicitudot?1fa39a47373e3f4555eb5958ea575ff2,,gx-no-cache=1489431950135 HTTP/1.1" 200 3948
200.73.230.173 - - [13/Mar/2017:16:04:37 -0300] "POST /cormun/servlet/trsolicitudot?1fa39a47373e3f4555eb5958ea575ff2,,gx-no-cache=1489431951961 HTTP/1.1" 200 3949
200.73.230.173 - - [13/Mar/2017:16:04:37 -0300] "POST /cormun/servlet/trsolicitudot?1fa39a47373e3f4555eb5958ea575ff2,,gx-no-cache=1489431952263 HTTP/1.1" 200 3950
200.73.230.173 - - [13/Mar/2017:16:04:38 -0300] "POST /cormun/servlet/trsolicitudot?1fa39a47373e3f4555eb5958ea575ff2,,gx-no-cache=1489431952550 HTTP/1.1" 200 3949
200.73.230.173 - - [13/Mar/2017:16:04:39 -0300] "GET /cormun/servlet/licenciaspermisos?206b3db9e35a23dafd8813d933011c24f2a1f9e52b0651de0c29074f61152848c8d8b42f73296698934fe892882ca657,gx-no-cache=1489432652841 HTTP/1.1" 200 78
200.73.230.173 - - [13/Mar/2017:16:04:39 -0300] "POST /cormun/servlet/licenciaspermisos?b01c164b27d3ec8150a7a6db07a37698,INS,0,,,,gx-no-cache=1489432652906 HTTP/1.1" 200 4415
200.73.230.173 - - [13/Mar/2017:16:04:43 -0300] "POST /cormun/servlet/trsolicitudot?1fa39a47373e3f4555eb5958ea575ff2,,gx-no-cache=1489431958082 HTTP/1.1" 200 3957
200.73.230.173 - - [13/Mar/2017:16:04:44 -0300] "POST /cormun/servlet/trsolicitudot?1fa39a47373e3f4555eb5958ea575ff2,,gx-no-cache=1489431959064 HTTP/1.1" 200 3958
200.73.230.173 - - [13/Mar/2017:16:04:44 -0300] "POST /cormun/servlet/trsolicitudot?1fa39a47373e3f4555eb5958ea575ff2,,gx-no-cache=1489431959346 HTTP/1.1" 200 3958
200.73.230.173 - - [13/Mar/2017:16:04:50 -0300] "GET /cormun/servlet/hlogin HTTP/1.1" 200 1714
200.73.230.173 - - [13/Mar/2017:16:05:00 -0300] "POST /cormun/servlet/hlogin?1fa39a47373e3f4555eb5958ea575ff2,gx-no-cache=1489431975308 HTTP/1.1" 200 90
200.73.230.173 - - [13/Mar/2017:16:05:00 -0300] "GET /cormun/servlet/hpexe_link HTTP/1.1" 200 952
200.73.230.173 - - [13/Mar/2017:16:05:01 -0300] "GET /cormun/servlet/trsolicitudot? HTTP/1.1" 200 6773
200.73.230.173 - - [13/Mar/2017:16:05:01 -0300] "GET /cormun/servlet/trsolicitudot? HTTP/1.1" 200 6771
200.73.230.173 - - [13/Mar/2017:16:05:40 -0300] "GET /cormun/servlet/trsolicitudot? HTTP/1.1" 200 6771
200.73.230.173 - - [13/Mar/2017:16:05:41 -0300] "GET /cormun/servlet/trsolicitudot? HTTP/1.1" 200 6771
200.73.230.173 - - [13/Mar/2017:16:05:46 -0300] "GET /cormun/servlet/solicitudot?INS,0,0, HTTP/1.1" 200 12596
200.73.230.173 - - [13/Mar/2017:16:05:47 -0300] "GET /cormun/servlet/solicitudot?INS,0,0, HTTP/1.1" 200 12601
200.73.230.173 - - [13/Mar/2017:16:06:04 -0300] "GET /cormun/servlet/trvisualizadoreventos? HTTP/1.1" 200 6523
200.73.230.173 - - [13/Mar/2017:16:06:05 -0300] "GET /cormun/servlet/trvisualizadoreventos? HTTP/1.1" 200 6517
200.73.230.173 - - [13/Mar/2017:16:06:13 -0300] "POST /cormun/servlet/acontrolpreferencessavestate?None,CF-19,true HTTP/1.1" 200 35
200.73.230.173 - - [13/Mar/2017:16:06:19 -0300] "POST /cormun/servlet/trvisualizadoreventos?1fa39a47373e3f4555eb5958ea575ff2,,gx-no-cache=1489432053930 HTTP/1.1" 200 3759
200.73.230.173 - - [13/Mar/2017:16:06:20 -0300] "POST /cormun/servlet/trvisualizadoreventos?1fa39a47373e3f4555eb5958ea575ff2,,gx-no-cache=1489432055127 HTTP/1.1" 200 3759
200.73.230.173 - - [13/Mar/2017:16:06:24 -0300] "GET /cormun/servlet/trsolicitudot? HTTP/1.1" 200 6767
200.73.230.173 - - [13/Mar/2017:16:06:24 -0300] "GET /cormun/servlet/trsolicitudot? HTTP/1.1" 200 6767
200.73.230.173 - - [13/Mar/2017:16:06:27 -0300] "GET /cormun/servlet/solicitudot?INS,0,0, HTTP/1.1" 200 12592
200.73.230.173 - - [13/Mar/2017:16:06:28 -0300] "GET /cormun/servlet/solicitudot?INS,0,0, HTTP/1.1" 200 12597
200.73.230.173 - - [13/Mar/2017:16:06:49 -0300] "POST /cormun/servlet/solicitudot?gx-no-cache=1489432083725 HTTP/1.1" 200 3081
200.73.230.173 - - [13/Mar/2017:16:06:49 -0300] "POST /cormun/servlet/solicitudot?1fa39a47373e3f4555eb5958ea575ff2,INS,0,0,,gx-no-cache=1489432084064 HTTP/1.1" 200 9668
200.73.230.173 - - [13/Mar/2017:16:06:52 -0300] "GET /cormun/servlet/solicitudot?4d538324b4939f46a8ee61bfcb8b1a88318a35bfb8603ead3cc4dc1ac3d005264b65e48030b163dfefbf825a8cb6c66c,gx-no-cache=1489432086754 HTTP/1.1" 200 111
200.73.230.173 - - [13/Mar/2017:16:06:52 -0300] "GET /cormun/static/Shared/jqueryui/images/ui-bg_highlight-soft_100_c6c2c8_1x100.png HTTP/1.1" 404 1117
200.73.230.173 - - [13/Mar/2017:16:06:52 -0300] "GET /cormun/static/Shared/jqueryui/images/ui-icons_82798d_256x240.png HTTP/1.1" 404 1089
200.73.230.173 - - [13/Mar/2017:16:06:52 -0300] "GET /cormun/static/Shared/jqueryui/images/ui-bg_flat_55_994d53_40x100.png HTTP/1.1" 404 1097
200.73.230.173 - - [13/Mar/2017:16:06:52 -0300] "GET /cormun/static/Shared/jqueryui/images/ui-icons_ebccce_256x240.png HTTP/1.1" 404 1089
200.73.230.173 - - [13/Mar/2017:16:07:05 -0300] "GET /cormun/servlet/prfichaempleado?,MD,,gxPopupLevel%3D0%3B HTTP/1.1" 200 8834
200.73.230.173 - - [13/Mar/2017:16:07:24 -0300] "GET /cormun/servlet/solicitudot?4d538324b4939f46a8ee61bfcb8b1a8864e099f244f367c42ee01115d7415c4ed3f871e0b27275c4963fa243fe2a03f6,gx-no-cache=1489432118675 HTTP/1.1" 200 111
200.73.230.173 - - [13/Mar/2017:16:07:27 -0300] "POST /cormun/servlet/solicitudot?gx-no-cache=1489432121766 HTTP/1.1" 200 240
200.73.230.173 - - [13/Mar/2017:16:07:29 -0300] "GET /cormun/servlet/solicitudot?4d538324b4939f46a8ee61bfcb8b1a88763d473be33af8d7279688946e14d04446319e3b631541a8ef48079fba59e1d09a152c94c8fdb7b5b3b302013ac2790f0576d00ad7a4f5c629ffa599958ea35e71c612156f9be2a7c6d91e56a772967633f03b008f7a1789312889f1c2a4626f7070478ad01c43b86b2a0d67bff3f44a771692e5046caeaf3c05ee041a8cd8a8c91d858bbc7b2ca870d7ea5bea6f7f3796f36104f02b7cc115e2fd5a48d85af42134927d9c85b882eec566476f48a26f019d7c4a8ab178c8920084363e42d2120ff698b11d518f3866c6c35564b57a9b5ab069bea186f5798686778aa5721184b4ad5d871795c8454c8e9997d6b8e19d0490c1174b888d3b376ca4c4c011f3da9b7a64069ba419e7f9e83e58e05962820629864fc6b2eb3bb7660114b5525126258abfc9d9e487c7d090cacd754ae100376cb30dc0769d80863cb2961d04edaf51b63efabcd6fb4142069e60a4e872c650d6b0980d8af9049bb27335b3f3f927c1cdc971991abbd9abd98a2861caa208,gx-no-cache=1489432124258 HTTP/1.1" 200 30
200.73.230.173 - - [13/Mar/2017:16:07:32 -0300] "POST /cormun/servlet/solicitudot?gx-no-cache=1489432126986 HTTP/1.1" 200 30
200.73.230.173 - - [13/Mar/2017:16:07:49 -0300] "POST /cormun/servlet/solicitudot?gx-no-cache=1489432144031 HTTP/1.1" 200 3260
200.73.230.173 - - [13/Mar/2017:16:07:49 -0300] "GET /cormun/servlet/solicitudot?4d538324b4939f46a8ee61bfcb8b1a8836f0c3ee406f6521593f0ea9213125f14b65e48030b163dfefbf825a8cb6c66c,gx-no-cache=1489432144272 HTTP/1.1" 200 30
200.73.230.173 - - [13/Mar/2017:16:08:58 -0300] "POST /cormun/servlet/solicitudot?gx-no-cache=1489432212967 HTTP/1.1" 200 296
200.73.230.173 - - [13/Mar/2017:16:09:35 -0300] "POST /cormun/servlet/solicitudot?gx-no-cache=1489432249850 HTTP/1.1" 200 1290
200.73.230.173 - - [13/Mar/2017:16:09:35 -0300] "POST /cormun/servlet/solicitudot?gx-no-cache=1489432250040 HTTP/1.1" 200 117
186.67.172.234 - - [13/Mar/2017:16:09:36 -0300] "GET /cormun/servlet/hlogin HTTP/1.1" 200 1725
186.67.172.234 - - [13/Mar/2017:16:09:36 -0300] "GET /cormun/static/Resources/Spanish/PXTools.css?167811 HTTP/1.1" 304 -
186.67.172.234 - - [13/Mar/2017:16:09:36 -0300] "GET /cormun/static/gxtimezone.js?85251 HTTP/1.1" 304 -
186.67.172.234 - - [13/Mar/2017:16:09:36 -0300] "GET /cormun/static/gxcfg.js?201612216162538 HTTP/1.1" 304 -
186.67.172.234 - - [13/Mar/2017:16:09:37 -0300] "GET /cormun/static/messages.spa.js?85251 HTTP/1.1" 304 -
186.67.172.234 - - [13/Mar/2017:16:09:37 -0300] "GET /cormun/static/hlogin.js?201612216162555 HTTP/1.1" 304 -
186.67.172.234 - - [13/Mar/2017:16:09:37 -0300] "GET /cormun/servlet/hlogin HTTP/1.1" 200 1730
186.67.172.234 - - [13/Mar/2017:16:09:37 -0300] "GET /favicon.ico HTTP/1.1" 200 21630
186.79.41.193 - - [13/Mar/2017:16:09:41 -0300] "POST /cormun/servlet/trcontratosolicitud?103fd32227c453d21c0c7dc3475e58dd,,gx-no-cache=1489435848227 HTTP/1.1" 200 10489
200.73.230.173 - - [13/Mar/2017:16:09:42 -0300] "GET /cormun/static/menuarrow.gif HTTP/1.1" 404 1015
186.67.172.234 - - [13/Mar/2017:16:09:53 -0300] "POST /cormun/servlet/hlogin?c9cf8b33b8d67c2b7425a4cac5190068,gx-no-cache=1489432273073 HTTP/1.1" 200 90
186.67.172.234 - - [13/Mar/2017:16:09:53 -0300] "GET /cormun/servlet/hpexe_link HTTP/1.1" 200 957
186.67.172.234 - - [13/Mar/2017:16:09:53 -0300] "GET /cormun/static/gxcfg.js?201612218515529 HTTP/1.1" 304 -
186.67.172.234 - - [13/Mar/2017:16:09:53 -0300] "GET /cormun/static/hpexe_link.js?201612218515532 HTTP/1.1" 304 -
186.67.172.234 - - [13/Mar/2017:16:09:53 -0300] "GET /cormun/static/Resources/Spanish/PXTools.css?18365030 HTTP/1.1" 304 -
186.67.172.234 - - [13/Mar/2017:16:09:53 -0300] "GET /cormun/servlet/hhome HTTP/1.1" 200 4023
186.67.172.234 - - [13/Mar/2017:16:09:53 -0300] "GET /cormun/static/gxcfg.js?201612218515568 HTTP/1.1" 304 -
186.67.172.234 - - [13/Mar/2017:16:09:53 -0300] "GET /cormun/static/hpexe_recentlink.js?201610171694390 HTTP/1.1" 304 -
186.67.172.234 - - [13/Mar/2017:16:09:53 -0300] "GET /cormun/static/hwchdr01.js?201612218432057 HTTP/1.1" 304 -
186.67.172.234 - - [13/Mar/2017:16:09:53 -0300] "GET /cormun/static/hhome.js?201612218515573 HTTP/1.1" 304 -
186.67.172.234 - - [13/Mar/2017:16:09:53 -0300] "GET /cormun/static/hpexe_scripts.js?201612218432016 HTTP/1.1" 304 -
186.67.172.234 - - [13/Mar/2017:16:09:53 -0300] "GET /cormun/static/hpexe_messagecontroller.js?201610171694323 HTTP/1.1" 304 -
186.67.172.234 - - [13/Mar/2017:16:09:53 -0300] "GET /cormun/static/hpexe_messagegenexuscomponent.js?201612218431816 HTTP/1.1" 304 -
186.67.172.234 - - [13/Mar/2017:16:09:53 -0300] "GET /cormun/static/hpexe_messagepopupcomponent.js?20161017169425 HTTP/1.1" 304 -
186.67.172.234 - - [13/Mar/2017:16:09:53 -0300] "GET /cormun/static/cmcontrolpreferences.js?201612218431999 HTTP/1.1" 304 -
186.67.172.234 - - [13/Mar/2017:16:09:54 -0300] "GET /cormun/static/hmpwkw03.js?20161221852152 HTTP/1.1" 304 -
186.67.172.234 - - [13/Mar/2017:16:09:54 -0300] "GET /cormun/servlet/hhome HTTP/1.1" 200 4020
186.67.172.234 - - [13/Mar/2017:16:10:00 -0300] "GET /cormun/servlet/trcontratosolicitud? HTTP/1.1" 200 13813
186.67.172.234 - - [13/Mar/2017:16:10:00 -0300] "GET /cormun/static/calendar.js?85251 HTTP/1.1" 304 -
186.67.172.234 - - [13/Mar/2017:16:10:00 -0300] "GET /cormun/static/calendar-setup.js?85251 HTTP/1.1" 304 -
186.67.172.234 - - [13/Mar/2017:16:10:00 -0300] "GET /cormun/static/gxcfg.js?20171317451682 HTTP/1.1" 304 -
186.67.172.234 - - [13/Mar/2017:16:10:00 -0300] "GET /cormun/static/calendar-es.js?85251 HTTP/1.1" 304 -
186.67.172.234 - - [13/Mar/2017:16:10:00 -0300] "GET /cormun/static/gxdec.js?85251 HTTP/1.1" 304 -
186.67.172.234 - - [13/Mar/2017:16:10:00 -0300] "GET /cormun/static/trcontratosolicitud.js?20171317452124 HTTP/1.1" 304 -
186.67.172.234 - - [13/Mar/2017:16:10:01 -0300] "GET /cormun/servlet/trcontratosolicitud? HTTP/1.1" 200 13809
200.73.230.173 - - [13/Mar/2017:16:10:04 -0300] "GET /cormun/servlet/licenciaspermisos?206b3db9e35a23dafd8813d933011c24e4737713caf2efa5da75541a29591b3311c493e12cbc925fea5927406d2b587f1cad6ec6cb6f54c2be53179fc21e7a3fca5ea6ea99e7dfae222cfbf076a6966320c399a6dea117def14c8e9a2ab7d7dc0b8829b70b4a3a0d4650d93b76a7875d6b5ee265ffc1153d40ecdcd5c1cb7cfbe09b70c88f05a79001c9895d976b05cd19a99ed12fd4791e48666856702f6144a55fceec4e661ab9d48e01ca984118bab4d3e1b38204031da35615eb6d32f90a06e4114d2a4fbf911f2d856f3ba29de479dad2fa36fda5a93b6f530b6c455e34,gx-no-cache=1489432977911 HTTP/1.1" 200 30
200.73.230.173 - - [13/Mar/2017:16:10:04 -0300] "POST /cormun/servlet/licenciaspermisos?b01c164b27d3ec8150a7a6db07a37698,INS,0,,,,gx-no-cache=1489432978106 HTTP/1.1" 200 4473
200.73.230.173 - - [13/Mar/2017:16:10:30 -0300] "POST /cormun/servlet/solicitudot?gx-no-cache=1489432304650 HTTP/1.1" 200 118
200.73.230.173 - - [13/Mar/2017:16:10:30 -0300] "GET /cormun/servlet/solicitudot?4d538324b4939f46a8ee61bfcb8b1a88586f2f90f7f199ef3d4e8b1f43dc5468cfe1ca13aad4fa275a372d3e022f16f99b90aca0d2606d4d77209e838406a38a420bee7ef690c1ac2958873894f0bf5964c5ff193f8e4d49b06123b05cb8e9e0fd9aaee9a948f0b8372780175ab5cdaf,gx-no-cache=1489432304834 HTTP/1.1" 200 29
200.73.230.173 - - [13/Mar/2017:16:10:30 -0300] "POST /cormun/servlet/solicitudot?gx-no-cache=1489432304910 HTTP/1.1" 200 1274
200.73.230.173 - - [13/Mar/2017:16:10:30 -0300] "POST /cormun/servlet/solicitudot?gx-no-cache=1489432304992 HTTP/1.1" 200 1157
200.73.230.173 - - [13/Mar/2017:16:10:33 -0300] "GET /cormun/servlet/licenciaspermisos?206b3db9e35a23dafd8813d933011c2471f6abbdb57c7c52d28460d15bf5100af60d3149677f5336741a22a73c0d0f8a4caafc197eb225e7d2d5215ee1efc4fd0104e3a9a64c66d7165c2ecd042435bd795cda96ae9c8aaf4fabef5856cdf9b5ac80ece888e2689b8b4ae44166f8c8011171ee83d719839d9f4ef9908893f0817f176c74f76f1f3e496232e5bab739c493c583c3d08a5351e615669c1919294d64038d496cb537ec6be75fd95d6d0a034fb79a314a456922a6ec252e80ca165e81302d48fc494d776bed414d67843489cc768c06de2e97aa536eea44f5833739c6dda55351eb8210c65cbfa1eaed2012,gx-no-cache=1489433006863 HTTP/1.1" 200 29
200.73.230.173 - - [13/Mar/2017:16:10:36 -0300] "POST /cormun/servlet/solicitudot?gx-no-cache=1489432310916 HTTP/1.1" 200 118
200.73.230.173 - - [13/Mar/2017:16:10:36 -0300] "POST /cormun/servlet/solicitudot?gx-no-cache=1489432311011 HTTP/1.1" 200 1274
200.73.230.173 - - [13/Mar/2017:16:10:36 -0300] "POST /cormun/servlet/solicitudot?gx-no-cache=1489432311507 HTTP/1.1" 200 1157
200.73.230.173 - - [13/Mar/2017:16:10:41 -0300] "GET /cormun/servlet/prfichaempleado?,MD,,gxPopupLevel%3D0%3B HTTP/1.1" 200 8840
200.73.230.173 - - [13/Mar/2017:16:10:53 -0300] "POST /cormun/servlet/solicitudot?gx-no-cache=1489432327753 HTTP/1.1" 200 118
200.73.230.173 - - [13/Mar/2017:16:10:53 -0300] "POST /cormun/servlet/solicitudot?gx-no-cache=1489432327848 HTTP/1.1" 200 1274
200.73.230.173 - - [13/Mar/2017:16:10:53 -0300] "POST /cormun/servlet/solicitudot?gx-no-cache=1489432327969 HTTP/1.1" 200 1157
186.67.172.234 - - [13/Mar/2017:16:10:56 -0300] "POST /cormun/servlet/trcontratosolicitud?c9cf8b33b8d67c2b7425a4cac5190068,,gx-no-cache=1489432336187 HTTP/1.1" 200 11473
200.73.230.173 - - [13/Mar/2017:16:10:57 -0300] "POST /cormun/servlet/solicitudot?gx-no-cache=1489432331811 HTTP/1.1" 200 118
200.73.230.173 - - [13/Mar/2017:16:10:57 -0300] "POST /cormun/servlet/solicitudot?gx-no-cache=1489432331913 HTTP/1.1" 200 1274
200.73.230.173 - - [13/Mar/2017:16:10:57 -0300] "POST /cormun/servlet/solicitudot?gx-no-cache=1489432332092 HTTP/1.1" 200 1157
200.73.230.173 - - [13/Mar/2017:16:11:13 -0300] "GET /cormun/servlet/licenciaspermisos?206b3db9e35a23dafd8813d933011c2471f6abbdb57c7c52d28460d15bf5100af60d3149677f5336741a22a73c0d0f8a4caafc197eb225e7d2d5215ee1efc4fd0104e3a9a64c66d7165c2ecd042435bd795cda96ae9c8aaf4fabef5856cdf9b5ac80ece888e2689b8b4ae44166f8c8011171ee83d719839d9f4ef9908893f0817f176c74f76f1f3e496232e5bab739c493c583c3d08a5351e615669c1919294d64038d496cb537ec6be75fd95d6d0a034fb79a314a456922a6ec252e80ca165e81302d48fc494d776bed414d67843489b40b95abe1ecefc15c7167ecec7f198f,gx-no-cache=1489433047461 HTTP/1.1" 200 108
200.73.230.173 - - [13/Mar/2017:16:11:13 -0300] "GET /cormun/static/Shared/jqueryui/images/ui-bg_highlight-soft_100_c6c2c8_1x100.png HTTP/1.1" 404 1117
200.73.230.173 - - [13/Mar/2017:16:11:13 -0300] "GET /cormun/static/Shared/jqueryui/images/ui-icons_82798d_256x240.png HTTP/1.1" 404 1089
200.73.230.173 - - [13/Mar/2017:16:11:13 -0300] "GET /cormun/static/Shared/jqueryui/images/ui-bg_flat_55_994d53_40x100.png HTTP/1.1" 404 1097
200.73.230.173 - - [13/Mar/2017:16:11:14 -0300] "GET /cormun/static/Shared/jqueryui/images/ui-icons_ebccce_256x240.png HTTP/1.1" 404 1089
200.73.230.173 - - [13/Mar/2017:16:11:14 -0300] "POST /cormun/servlet/licenciaspermisos?b01c164b27d3ec8150a7a6db07a37698,INS,0,,,,gx-no-cache=1489433047688 HTTP/1.1" 200 4561
200.73.230.173 - - [13/Mar/2017:16:11:23 -0300] "POST /cormun/servlet/solicitudot?gx-no-cache=1489432357685 HTTP/1.1" 200 122
200.73.230.173 - - [13/Mar/2017:16:11:23 -0300] "POST /cormun/servlet/solicitudot?gx-no-cache=1489432357851 HTTP/1.1" 200 1274
200.73.230.173 - - [13/Mar/2017:16:11:23 -0300] "POST /cormun/servlet/solicitudot?gx-no-cache=1489432358358 HTTP/1.1" 200 1157
200.73.230.173 - - [13/Mar/2017:16:11:23 -0300] "GET /cormun/servlet/solicitudot?4d538324b4939f46a8ee61bfcb8b1a8832c3e05c6a3c1a42f909ffc1e13dd3617e9793725278470c0857ff8132ad16e32ab182265c64c3f55de42b99f62f0b64eeeff226b7247e9a1115671894dbfba45d1c9563d3c0a20dc0bdc8a33372634210c532143b95ff68a6e15df8c5be5153ce3e4810a055251aa76c043d710436f8e9b8ee1b0bb525b064f2951bb3963ddea7d833c7072b0c93bcc2a32133ffe5b830764675845e11576144bc59e88873f26e933b8f415f8e544bfe6369cb65df52,gx-no-cache=1489432358455 HTTP/1.1" 200 30
200.73.230.173 - - [13/Mar/2017:16:11:24 -0300] "POST /cormun/servlet/solicitudot?1fa39a47373e3f4555eb5958ea575ff2,INS,0,0,,gx-no-cache=1489432358549 HTTP/1.1" 200 11205
200.73.230.173 - - [13/Mar/2017:16:11:30 -0300] "POST /cormun/servlet/solicitudot?1fa39a47373e3f4555eb5958ea575ff2,INS,0,0,,gx-no-cache=1489432364353 HTTP/1.1" 200 11259
186.67.172.234 - - [13/Mar/2017:16:12:31 -0300] "GET /cormun/servlet/hlogin HTTP/1.1" 200 1716
200.73.230.173 - - [13/Mar/2017:16:12:41 -0300] "GET /cormun/servlet/prfichaempleado?,MD,,gxPopupLevel%3D0%3B HTTP/1.1" 200 8834
186.67.172.234 - - [13/Mar/2017:16:12:43 -0300] "POST /cormun/servlet/hlogin?0a807a1e32f0422228ebdbdaf6b29ed2,gx-no-cache=1489432443520 HTTP/1.1" 200 90
186.67.172.234 - - [13/Mar/2017:16:12:43 -0300] "GET /cormun/servlet/hpexe_link HTTP/1.1" 200 946
186.67.172.234 - - [13/Mar/2017:16:12:43 -0300] "GET /cormun/servlet/hhome HTTP/1.1" 200 4016
186.67.172.234 - - [13/Mar/2017:16:12:44 -0300] "GET /cormun/servlet/hhome HTTP/1.1" 200 4013
200.73.230.173 - - [13/Mar/2017:16:12:45 -0300] "GET /cormun/servlet/licenciaspermisos?206b3db9e35a23dafd8813d933011c24e4737713caf2efa5da75541a29591b3311c493e12cbc925fea5927406d2b587f1cad6ec6cb6f54c2be53179fc21e7a3fca5ea6ea99e7dfae222cfbf076a6966320c399a6dea117def14c8e9a2ab7d7dc0b8829b70b4a3a0d4650d93b76a7875d6b5ee265ffc1153d40ecdcd5c1cb7cfbe09b70c88f05a79001c9895d976b05cd19a99ed12fd4791e48666856702f6144a55fceec4e661ab9d48e01ca984118bab4d3e1b38204031da35615eb6d32f90a06e4114d2a4fbf911f2d856f3ba29de479dad2fa36fda5a93b6f530b6c455e34,gx-no-cache=1489433139040 HTTP/1.1" 200 30
200.73.230.173 - - [13/Mar/2017:16:12:46 -0300] "GET /cormun/servlet/licenciaspermisos?206b3db9e35a23dafd8813d933011c2471f6abbdb57c7c52d28460d15bf5100af60d3149677f5336741a22a73c0d0f8a4caafc197eb225e7d2d5215ee1efc4fd0104e3a9a64c66d7165c2ecd042435bd795cda96ae9c8aaf4fabef5856cdf9b5ac80ece888e2689b8b4ae44166f8c8011171ee83d719839d9f4ef9908893f0817f176c74f76f1f3e496232e5bab739c493c583c3d08a5351e615669c1919294d64038d496cb537ec6be75fd95d6d0a034fb79a314a456922a6ec252e80ca165e81302d48fc494d776bed414d67843489b40b95abe1ecefc15c7167ecec7f198f,gx-no-cache=1489433139976 HTTP/1.1" 200 108
186.67.172.234 - - [13/Mar/2017:16:12:46 -0300] "GET /cormun/servlet/trcontratosolicitud? HTTP/1.1" 200 13814
186.67.172.234 - - [13/Mar/2017:16:12:47 -0300] "GET /cormun/servlet/trcontratosolicitud? HTTP/1.1" 200 13797
200.73.230.173 - - [13/Mar/2017:16:12:53 -0300] "POST /cormun/servlet/solicitudot?gx-no-cache=1489432448348 HTTP/1.1" 200 3167
200.73.230.173 - - [13/Mar/2017:16:12:54 -0300] "POST /cormun/servlet/solicitudot?1fa39a47373e3f4555eb5958ea575ff2,INS,0,0,,gx-no-cache=1489432448669 HTTP/1.1" 200 10983
200.73.230.173 - - [13/Mar/2017:16:12:54 -0300] "GET /cormun/servlet/solicitudot?4d538324b4939f46a8ee61bfcb8b1a88673a5eb637f9f5c6c1597ae6406524f07daa624c517ea82a279cc25e14ea3ddf,gx-no-cache=1489432449005 HTTP/1.1" 200 111
200.73.230.173 - - [13/Mar/2017:16:12:54 -0300] "POST /cormun/servlet/solicitudot?gx-no-cache=1489432449109 HTTP/1.1" 200 295
200.73.230.173 - - [13/Mar/2017:16:12:54 -0300] "GET /cormun/servlet/solicitudot?4d538324b4939f46a8ee61bfcb8b1a88763d473be33af8d7279688946e14d04404d14e613d8700849b9a4cf9276909149a152c94c8fdb7b5b3b302013ac2790f0576d00ad7a4f5c629ffa599958ea35e71c612156f9be2a7c6d91e56a772967633f03b008f7a1789312889f1c2a4626f7070478ad01c43b86b2a0d67bff3f44a771692e5046caeaf3c05ee041a8cd8a8c91d858bbc7b2ca870d7ea5bea6f7f3796f36104f02b7cc115e2fd5a48d85af42134927d9c85b882eec566476f48a26f019d7c4a8ab178c8920084363e42d2120ff698b11d518f3866c6c35564b57a9b5ab069bea186f5798686778aa5721184b4ad5d871795c8454c8e9997d6b8e19d0490c1174b888d3b376ca4c4c011f3da9b7a64069ba419e7f9e83e58e05962820629864fc6b2eb3bb7660114b5525126258abfc9d9e487c7d090cacd754ae1006316389af08de13610667caeeda66717372e5c057a24c6404e2eeffeb117eb40cb0b7e7ef6d4c27be5c23aae209003751768af7ed5fc49dde0696bb1f9184e523266e8ab82a1a500bdd975da6ac824b7,gx-no-cache=1489432449248 HTTP/1.1" 200 30
200.73.230.173 - - [13/Mar/2017:16:12:54 -0300] "POST /cormun/servlet/solicitudot?gx-no-cache=1489432449333 HTTP/1.1" 200 30
200.73.230.173 - - [13/Mar/2017:16:12:54 -0300] "POST /cormun/servlet/solicitudot?gx-no-cache=1489432449425 HTTP/1.1" 200 1290
200.73.230.173 - - [13/Mar/2017:16:12:55 -0300] "POST /cormun/servlet/solicitudot?gx-no-cache=1489432449913 HTTP/1.1" 200 122
200.73.230.173 - - [13/Mar/2017:16:12:55 -0300] "POST /cormun/servlet/solicitudot?gx-no-cache=1489432449990 HTTP/1.1" 200 1274
200.73.230.173 - - [13/Mar/2017:16:12:55 -0300] "POST /cormun/servlet/solicitudot?gx-no-cache=1489432450067 HTTP/1.1" 200 1157
200.73.230.173 - - [13/Mar/2017:16:12:55 -0300] "GET /cormun/servlet/solicitudot?4d538324b4939f46a8ee61bfcb8b1a8832c3e05c6a3c1a42f909ffc1e13dd361b891af7f04fff47c3667d47b5f849d7f29421a0b290a54cdb06330fae38896d66f5f0539770915a40b902abd038f8aab9a152c94c8fdb7b5b3b302013ac2790f73fb4227dd7fb9f4dd443b878e9d034cba9d79c75c07edb85a490ad66460daad785717ba63b101153aeeb4dfe825297522fa68be30c385cbc7154fb7d2f9563251a655f27f621a06f73372d81136ed33815dfe75f7595609cce855ddab33d614,gx-no-cache=1489432450141 HTTP/1.1" 200 30
200.73.230.173 - - [13/Mar/2017:16:12:56 -0300] "POST /cormun/servlet/solicitudot?1fa39a47373e3f4555eb5958ea575ff2,INS,0,0,,gx-no-cache=1489432450459 HTTP/1.1" 200 11290
200.73.230.173 - - [13/Mar/2017:16:13:13 -0300] "GET /cormun/servlet/prfichaempleado?,MD,,gxPopupLevel%3D0%3B HTTP/1.1" 200 8840
186.79.74.248 - - [13/Mar/2017:16:13:19 -0300] "GET /cormun/servlet/hlogin HTTP/1.1" 200 1720
192.168.10.89 - - [13/Mar/2017:16:13:26 -0300] "GET /cormun/servlet/hlogin HTTP/1.1" 200 1756
200.73.230.173 - - [13/Mar/2017:16:13:31 -0300] "GET /cormun/servlet/licenciaspermisos?206b3db9e35a23dafd8813d933011c2471f6abbdb57c7c52d28460d15bf5100af60d3149677f5336741a22a73c0d0f8a4caafc197eb225e7d2d5215ee1efc4fd0104e3a9a64c66d7165c2ecd042435bd795cda96ae9c8aaf4fabef5856cdf9b5ac80ece888e2689b8b4ae44166f8c8011171ee83d719839d9f4ef9908893f0817f176c74f76f1f3e496232e5bab739c493c583c3d08a5351e615669c1919294d64038d496cb537ec6be75fd95d6d0a034fb79a314a456922a6ec252e80ca165e81302d48fc494d776bed414d67843489f78b80323473e7fee4dd22a04da5a7d9be04da4ef4bcd874297bc230b086c00d,gx-no-cache=1489433185376 HTTP/1.1" 200 61
200.73.230.173 - - [13/Mar/2017:16:13:37 -0300] "POST /cormun/servlet/licenciaspermisos?b01c164b27d3ec8150a7a6db07a37698,INS,0,,,,gx-no-cache=1489433190951 HTTP/1.1" 200 4588
192.168.10.89 - - [13/Mar/2017:16:13:39 -0300] "POST /cormun/servlet/hlogin?b0526e8aacfbdb548a45b50dca695bcb,gx-no-cache=1489435702372 HTTP/1.1" 200 90
192.168.10.89 - - [13/Mar/2017:16:13:39 -0300] "GET /cormun/servlet/hpexe_link HTTP/1.1" 200 950
192.168.10.89 - - [13/Mar/2017:16:13:40 -0300] "GET /cormun/servlet/hhome HTTP/1.1" 200 3970
200.73.230.173 - - [13/Mar/2017:16:13:43 -0300] "POST /cormun/servlet/solicitudot?gx-no-cache=1489432498522 HTTP/1.1" 200 122
200.73.230.173 - - [13/Mar/2017:16:13:44 -0300] "POST /cormun/servlet/solicitudot?gx-no-cache=1489432498660 HTTP/1.1" 200 1274
200.73.230.173 - - [13/Mar/2017:16:13:44 -0300] "POST /cormun/servlet/solicitudot?gx-no-cache=1489432498785 HTTP/1.1" 200 1157
200.73.230.173 - - [13/Mar/2017:16:13:44 -0300] "GET /cormun/servlet/solicitudot?4d538324b4939f46a8ee61bfcb8b1a8832c3e05c6a3c1a42f909ffc1e13dd361b891af7f04fff47c3667d47b5f849d7fd5f778adb977cbfe3a710071574a0d946f5f0539770915a40b902abd038f8aab9a152c94c8fdb7b5b3b302013ac2790f73fb4227dd7fb9f4dd443b878e9d034cba9d79c75c07edb85a490ad66460daad785717ba63b101153aeeb4dfe825297522fa68be30c385cbc7154fb7d2f9563251a655f27f621a06f73372d81136ed33815dfe75f7595609cce855ddab33d614,gx-no-cache=1489432498905 HTTP/1.1" 200 30
200.73.230.173 - - [13/Mar/2017:16:13:44 -0300] "POST /cormun/servlet/solicitudot?1fa39a47373e3f4555eb5958ea575ff2,INS,0,0,,gx-no-cache=1489432498980 HTTP/1.1" 200 11331
186.67.172.234 - - [13/Mar/2017:16:13:44 -0300] "GET /cormun/static/Resources/PXToolsGridNew.png HTTP/1.1" 200 2949
186.67.172.234 - - [13/Mar/2017:16:13:44 -0300] "GET /cormun/static/Resources/PXToolsActionDisabled.gif HTTP/1.1" 304 -
200.73.230.173 - - [13/Mar/2017:16:13:45 -0300] "POST /cormun/servlet/solicitudot?1fa39a47373e3f4555eb5958ea575ff2,INS,0,0,,gx-no-cache=1489432500213 HTTP/1.1" 200 11403
192.168.10.89 - - [13/Mar/2017:16:13:46 -0300] "GET /cormun/servlet/trsolicitudot? HTTP/1.1" 200 15811
192.168.10.89 - - [13/Mar/2017:16:13:51 -0300] "GET /cormun/servlet/solicitudot?INS,0,0, HTTP/1.1" 200 12765
192.168.10.89 - - [13/Mar/2017:16:14:05 -0300] "GET /cormun/servlet/prfichaempleado?,MD,,gxPopupLevel%3D0%3B HTTP/1.1" 200 8838
200.73.230.173 - - [13/Mar/2017:16:14:05 -0300] "GET /cormun/servlet/licenciaspermisos?206b3db9e35a23dafd8813d933011c24e4737713caf2efa5da75541a29591b3311c493e12cbc925fea5927406d2b587f1cad6ec6cb6f54c2be53179fc21e7a3fca5ea6ea99e7dfae222cfbf076a6966320c399a6dea117def14c8e9a2ab7d7dc0b8829b70b4a3a0d4650d93b76a7875d6b5ee265ffc1153d40ecdcd5c1cb7cfbe09b70c88f05a79001c9895d976b05cd19a99ed12fd4791e48666856702f6144a55fceec4e661ab9d48e01ca984118bab4d3e1b38204031da35615eb6d32f90a06e4114d2a4fbf911f2d856f3ba29de479dad2fa36fda5a93b6f530b6c455e34,gx-no-cache=1489433219433 HTTP/1.1" 200 30
200.73.230.173 - - [13/Mar/2017:16:14:05 -0300] "GET /cormun/servlet/licenciaspermisos?206b3db9e35a23dafd8813d933011c2471f6abbdb57c7c52d28460d15bf5100af60d3149677f5336741a22a73c0d0f8a4caafc197eb225e7d2d5215ee1efc4fd0104e3a9a64c66d7165c2ecd042435bd795cda96ae9c8aaf4fabef5856cdf9b5ac80ece888e2689b8b4ae44166f8c8011171ee83d719839d9f4ef9908893f0817f176c74f76f1f3e496232e5bab739c493c583c3d08a5351e615669c1919294d64038d496cb537ec6be75fd95d6d0a034fb79a314a456922a6ec252e80ca165e81302d48fc494d776bed414d67843489f78b80323473e7fee4dd22a04da5a7d99dfec1d36f74b8d6b3af56eeea792020855af0815b6a98f98d0eb93c90025b4302915f4c32d98e75aef047f4fadc753c,gx-no-cache=1489433219548 HTTP/1.1" 200 61
200.73.230.173 - - [13/Mar/2017:16:14:06 -0300] "POST /cormun/servlet/licenciaspermisos?b01c164b27d3ec8150a7a6db07a37698,INS,0,,,,gx-no-cache=1489433219619 HTTP/1.1" 200 93
200.73.230.173 - - [13/Mar/2017:16:14:06 -0300] "GET /cormun/servlet/hpexe_return? HTTP/1.1" 200 1004
200.73.230.173 - - [13/Mar/2017:16:14:06 -0300] "GET /cormun/static/gxcfg.js?2016101716175148 HTTP/1.1" 304 -
200.73.230.173 - - [13/Mar/2017:16:14:06 -0300] "GET /cormun/static/hpexe_return.js?2016101716175153 HTTP/1.1" 304 -
200.73.230.173 - - [13/Mar/2017:16:14:06 -0300] "GET /cormun/servlet/trlicencias HTTP/1.1" 200 7838
200.73.230.173 - - [13/Mar/2017:16:14:07 -0300] "GET /cormun/servlet/trlicencias HTTP/1.1" 200 7834
192.168.10.89 - - [13/Mar/2017:16:14:11 -0300] "POST /cormun/servlet/prfichaempleado?b0526e8aacfbdb548a45b50dca695bcb,,MD,,gxPopupLevel%3D0%3B,gx-no-cache=1489435734117 HTTP/1.1" 200 3171
192.168.10.89 - - [13/Mar/2017:16:14:16 -0300] "GET /cormun/servlet/hlogin HTTP/1.1" 200 1739
200.73.230.173 - - [13/Mar/2017:16:14:17 -0300] "GET /cormun/servlet/alicenciaprn?17279322,L,20170313000000,PU HTTP/1.1" 200 1613
192.168.10.89 - - [13/Mar/2017:16:14:23 -0300] "POST /cormun/servlet/hlogin?b0526e8aacfbdb548a45b50dca695bcb,gx-no-cache=1489435745997 HTTP/1.1" 200 90
192.168.10.89 - - [13/Mar/2017:16:14:23 -0300] "GET /cormun/servlet/hpexe_link HTTP/1.1" 200 950
200.73.230.173 - - [13/Mar/2017:16:14:23 -0300] "POST /cormun/servlet/solicitudot?gx-no-cache=1489432538155 HTTP/1.1" 200 41
200.73.230.173 - - [13/Mar/2017:16:14:23 -0300] "POST /cormun/servlet/solicitudot?gx-no-cache=1489432538272 HTTP/1.1" 200 1274
200.73.230.173 - - [13/Mar/2017:16:14:23 -0300] "POST /cormun/servlet/solicitudot?gx-no-cache=1489432538361 HTTP/1.1" 200 1157
200.73.230.173 - - [13/Mar/2017:16:14:23 -0300] "GET /cormun/servlet/solicitudot?4d538324b4939f46a8ee61bfcb8b1a8832c3e05c6a3c1a42f909ffc1e13dd361b891af7f04fff47c3667d47b5f849d7ff8601cb9b7456d1d924c81db83e64f956f5f0539770915a40b902abd038f8aab9a152c94c8fdb7b5b3b302013ac2790f73fb4227dd7fb9f4dd443b878e9d034cba9d79c75c07edb85a490ad66460daad785717ba63b101153aeeb4dfe825297522fa68be30c385cbc7154fb7d2f9563251a655f27f621a06f73372d81136ed33e15d66f3b810b57b64abd30ea60b0f50,gx-no-cache=1489432538456 HTTP/1.1" 200 30
200.73.230.173 - - [13/Mar/2017:16:14:24 -0300] "POST /cormun/servlet/solicitudot?1fa39a47373e3f4555eb5958ea575ff2,INS,0,0,,gx-no-cache=1489432538527 HTTP/1.1" 200 11421
186.67.172.234 - - [13/Mar/2017:16:14:24 -0300] "POST /cormun/servlet/trcontratosolicitud?0a807a1e32f0422228ebdbdaf6b29ed2,,gx-no-cache=1489432543619 HTTP/1.1" 200 11469
192.168.10.89 - - [13/Mar/2017:16:14:24 -0300] "GET /cormun/servlet/hhome HTTP/1.1" 200 4384
186.67.172.234 - - [13/Mar/2017:16:14:28 -0300] "POST /cormun/servlet/trcontratosolicitud?0a807a1e32f0422228ebdbdaf6b29ed2,,gx-no-cache=1489432547960 HTTP/1.1" 200 11272
192.168.10.89 - - [13/Mar/2017:16:14:29 -0300] "GET /cormun/servlet/trsolicitudgral? HTTP/1.1" 200 8713
186.103.132.155 - - [13/Mar/2017:16:14:31 -0300] "GET /cormun/servlet/hlogin HTTP/1.1" 200 1717
186.67.172.234 - - [13/Mar/2017:16:14:33 -0300] "POST /cormun/servlet/trcontratosolicitud?0a807a1e32f0422228ebdbdaf6b29ed2,,gx-no-cache=1489432552496 HTTP/1.1" 200 11375
200.73.230.173 - - [13/Mar/2017:16:14:36 -0300] "POST /cormun/servlet/solicitudot?gx-no-cache=1489432550515 HTTP/1.1" 200 3260
200.73.230.173 - - [13/Mar/2017:16:14:36 -0300] "GET /cormun/servlet/solicitudot?4d538324b4939f46a8ee61bfcb8b1a8836f0c3ee406f6521593f0ea9213125f14b65e48030b163dfefbf825a8cb6c66c,gx-no-cache=1489432551019 HTTP/1.1" 200 30
186.67.172.234 - - [13/Mar/2017:16:14:36 -0300] "POST /cormun/servlet/trcontratosolicitud?0a807a1e32f0422228ebdbdaf6b29ed2,,gx-no-cache=1489432555207 HTTP/1.1" 200 9733
200.73.230.173 - - [13/Mar/2017:16:14:36 -0300] "GET /cormun/servlet/solicitudot?4d538324b4939f46a8ee61bfcb8b1a88763d473be33af8d7279688946e14d04404d14e613d8700849b9a4cf9276909149a152c94c8fdb7b5b3b302013ac2790f0576d00ad7a4f5c629ffa599958ea35e71c612156f9be2a7c6d91e56a772967633f03b008f7a1789312889f1c2a4626f7070478ad01c43b86b2a0d67bff3f44a771692e5046caeaf3c05ee041a8cd8a8c91d858bbc7b2ca870d7ea5bea6f7f3796f36104f02b7cc115e2fd5a48d85af42134927d9c85b882eec566476f48a26f019d7c4a8ab178c8920084363e42d2120ff698b11d518f3866c6c35564b57a9b5ab069bea186f5798686778aa5721184b4ad5d871795c8454c8e9997d6b8e19d0490c1174b888d3b376ca4c4c011f3da9b7a64069ba419e7f9e83e58e05962820629864fc6b2eb3bb7660114b5525126258abfc9d9e487c7d090cacd754ae1006316389af08de13610667caeeda66717372e5c057a24c6404e2eeffeb117eb40cb0b7e7ef6d4c27be5c23aae209003751768af7ed5fc49dde0696bb1f9184e523266e8ab82a1a500bdd975da6ac824b7,gx-no-cache=1489432551145 HTTP/1.1" 200 30
200.73.230.173 - - [13/Mar/2017:16:14:36 -0300] "POST /cormun/servlet/solicitudot?gx-no-cache=1489432551220 HTTP/1.1" 200 30
200.73.230.173 - - [13/Mar/2017:16:14:36 -0300] "POST /cormun/servlet/solicitudot?gx-no-cache=1489432551308 HTTP/1.1" 200 1290
200.73.230.173 - - [13/Mar/2017:16:14:36 -0300] "POST /cormun/servlet/solicitudot?gx-no-cache=1489432551473 HTTP/1.1" 200 41
200.73.230.173 - - [13/Mar/2017:16:14:36 -0300] "POST /cormun/servlet/solicitudot?gx-no-cache=1489432551565 HTTP/1.1" 200 1274
200.73.230.173 - - [13/Mar/2017:16:14:37 -0300] "POST /cormun/servlet/solicitudot?gx-no-cache=1489432551650 HTTP/1.1" 200 1157
200.73.230.173 - - [13/Mar/2017:16:14:37 -0300] "GET /cormun/servlet/solicitudot?4d538324b4939f46a8ee61bfcb8b1a8832c3e05c6a3c1a42f909ffc1e13dd3617e9793725278470c0857ff8132ad16e36fb0bae93b27f7d132b3afd41ce0255ceeeff226b7247e9a1115671894dbfba45d1c9563d3c0a20dc0bdc8a33372634210c532143b95ff68a6e15df8c5be5153ce3e4810a055251aa76c043d710436f8e9b8ee1b0bb525b064f2951bb3963ddea7d833c7072b0c93bcc2a32133ffe5b830764675845e11576144bc59e88873f2e4930bcdcab622e4479af0b62214ae6b,gx-no-cache=1489432552125 HTTP/1.1" 200 32
200.73.230.173 - - [13/Mar/2017:16:14:37 -0300] "POST /cormun/servlet/solicitudot?1fa39a47373e3f4555eb5958ea575ff2,INS,0,0,,gx-no-cache=1489432552233 HTTP/1.1" 200 11526
200.73.230.173 - - [13/Mar/2017:16:14:40 -0300] "POST /cormun/servlet/solicitudot?1fa39a47373e3f4555eb5958ea575ff2,INS,0,0,,gx-no-cache=1489432554861 HTTP/1.1" 200 11559
186.103.132.155 - - [13/Mar/2017:16:14:47 -0300] "POST /cormun/servlet/hlogin?f586b7731ffc159ae35e80885d629a83,gx-no-cache=1489432555170 HTTP/1.1" 200 90
186.103.132.155 - - [13/Mar/2017:16:14:48 -0300] "GET /cormun/servlet/hpexe_link HTTP/1.1" 200 952
186.103.132.155 - - [13/Mar/2017:16:14:48 -0300] "GET /cormun/servlet/hhome HTTP/1.1" 200 3804
186.103.132.155 - - [13/Mar/2017:16:14:49 -0300] "GET /cormun/servlet/hhome HTTP/1.1" 200 3804
192.168.10.89 - - [13/Mar/2017:16:14:53 -0300] "POST /cormun/servlet/trsolicitudgral?b0526e8aacfbdb548a45b50dca695bcb,,gx-no-cache=1489435776152 HTTP/1.1" 200 6681
186.103.132.155 - - [13/Mar/2017:16:14:55 -0300] "GET /cormun/servlet/trpermisosgoce? HTTP/1.1" 200 7888
192.168.10.89 - - [13/Mar/2017:16:14:56 -0300] "POST /cormun/servlet/trsolicitudgral?b0526e8aacfbdb548a45b50dca695bcb,,gx-no-cache=1489435778635 HTTP/1.1" 200 5602
192.168.10.89 - - [13/Mar/2017:16:14:56 -0300] "GET /cormun/static/Shared/jqueryui/images/ui-icons_8d78a5_256x240.png HTTP/1.1" 404 1089
192.168.10.89 - - [13/Mar/2017:16:14:56 -0300] "GET /cormun/static/Shared/jqueryui/images/ui-bg_flat_55_fafafa_40x100.png HTTP/1.1" 404 1097
192.168.10.89 - - [13/Mar/2017:16:14:56 -0300] "GET /cormun/static/Shared/jqueryui/images/ui-bg_highlight-soft_100_c6c2c8_1x100.png HTTP/1.1" 404 1117
192.168.10.89 - - [13/Mar/2017:16:14:56 -0300] "GET /cormun/static/Shared/jqueryui/images/ui-icons_82798d_256x240.png HTTP/1.1" 404 1089
186.103.132.155 - - [13/Mar/2017:16:14:56 -0300] "GET /cormun/servlet/trpermisosgoce? HTTP/1.1" 200 7886
186.67.172.234 - - [13/Mar/2017:16:14:58 -0300] "POST /cormun/servlet/trcontratosolicitud?0a807a1e32f0422228ebdbdaf6b29ed2,,gx-no-cache=1489432577870 HTTP/1.1" 200 11490
186.103.132.155 - - [13/Mar/2017:16:15:03 -0300] "GET /cormun/servlet/permisogoce?INS,0,,, HTTP/1.1" 200 6565
186.103.132.155 - - [13/Mar/2017:16:15:03 -0300] "GET /cormun/servlet/permisogoce?INS,0,,, HTTP/1.1" 200 6564
186.103.132.155 - - [13/Mar/2017:16:15:15 -0300] "GET /cormun/servlet/prfichaempleado?,MD,,gxPopupLevel%3D0%3B HTTP/1.1" 200 8859
200.73.230.173 - - [13/Mar/2017:16:15:18 -0300] "POST /cormun/servlet/solicitudot?gx-no-cache=1489432593223 HTTP/1.1" 200 3260
200.73.230.173 - - [13/Mar/2017:16:15:18 -0300] "GET /cormun/servlet/solicitudot?4d538324b4939f46a8ee61bfcb8b1a88763d473be33af8d7279688946e14d04404d14e613d8700849b9a4cf9276909149a152c94c8fdb7b5b3b302013ac2790f0576d00ad7a4f5c629ffa599958ea35e71c612156f9be2a7c6d91e56a772967633f03b008f7a1789312889f1c2a4626f7070478ad01c43b86b2a0d67bff3f44a771692e5046caeaf3c05ee041a8cd8a8c91d858bbc7b2ca870d7ea5bea6f7f3796f36104f02b7cc115e2fd5a48d85af42134927d9c85b882eec566476f48a26f019d7c4a8ab178c8920084363e42d2120ff698b11d518f3866c6c35564b57a9b5ab069bea186f5798686778aa5721184b4ad5d871795c8454c8e9997d6b8e19d0490c1174b888d3b376ca4c4c011f3da9b7a64069ba419e7f9e83e58e05962820629864fc6b2eb3bb7660114b5525126258abfc9d9e487c7d090cacd754ae1006316389af08de13610667caeeda66717372e5c057a24c6404e2eeffeb117eb40cb0b7e7ef6d4c27be5c23aae209003751768af7ed5fc49dde0696bb1f9184e523266e8ab82a1a500bdd975da6ac824b7,gx-no-cache=1489432593577 HTTP/1.1" 200 30
200.73.230.173 - - [13/Mar/2017:16:15:19 -0300] "POST /cormun/servlet/solicitudot?gx-no-cache=1489432593694 HTTP/1.1" 200 30
200.73.230.173 - - [13/Mar/2017:16:15:19 -0300] "POST /cormun/servlet/solicitudot?gx-no-cache=1489432593793 HTTP/1.1" 200 1290
200.73.230.173 - - [13/Mar/2017:16:15:19 -0300] "POST /cormun/servlet/solicitudot?gx-no-cache=1489432593957 HTTP/1.1" 200 41
200.73.230.173 - - [13/Mar/2017:16:15:20 -0300] "POST /cormun/servlet/solicitudot?gx-no-cache=1489432594460 HTTP/1.1" 200 1274
200.73.230.173 - - [13/Mar/2017:16:15:20 -0300] "POST /cormun/servlet/solicitudot?gx-no-cache=1489432594791 HTTP/1.1" 200 1157
200.73.230.173 - - [13/Mar/2017:16:15:20 -0300] "GET /cormun/servlet/solicitudot?4d538324b4939f46a8ee61bfcb8b1a8832c3e05c6a3c1a42f909ffc1e13dd3617e9793725278470c0857ff8132ad16e36fb0bae93b27f7d132b3afd41ce0255ceeeff226b7247e9a1115671894dbfba45d1c9563d3c0a20dc0bdc8a33372634210c532143b95ff68a6e15df8c5be5153ce3e4810a055251aa76c043d710436f8e9b8ee1b0bb525b064f2951bb3963ddea7d833c7072b0c93bcc2a32133ffe5b830764675845e11576144bc59e88873f2e4930bcdcab622e4479af0b62214ae6b,gx-no-cache=1489432594907 HTTP/1.1" 200 32
200.73.230.173 - - [13/Mar/2017:16:15:20 -0300] "POST /cormun/servlet/solicitudot?1fa39a47373e3f4555eb5958ea575ff2,INS,0,0,,gx-no-cache=1489432595002 HTTP/1.1" 200 11594
200.73.230.173 - - [13/Mar/2017:16:15:22 -0300] "POST /cormun/servlet/solicitudot?1fa39a47373e3f4555eb5958ea575ff2,INS,0,0,,gx-no-cache=1489432596806 HTTP/1.1" 200 11661
200.73.230.173 - - [13/Mar/2017:16:15:24 -0300] "GET /cormun/servlet/trlicenciaspermisosadjuntos?17279322,20170313000000,L, HTTP/1.1" 200 6150
200.73.230.173 - - [13/Mar/2017:16:15:24 -0300] "GET /cormun/static/gxcfg.js?2016122813131454 HTTP/1.1" 304 -
200.73.230.173 - - [13/Mar/2017:16:15:24 -0300] "GET /cormun/static/trlicenciaspermisosadjuntos.js?2016122813131728 HTTP/1.1" 304 -
200.73.230.173 - - [13/Mar/2017:16:15:24 -0300] "POST /cormun/servlet/solicitudot?1fa39a47373e3f4555eb5958ea575ff2,INS,0,0,,gx-no-cache=1489432599011 HTTP/1.1" 200 11694
200.73.230.173 - - [13/Mar/2017:16:15:25 -0300] "GET /cormun/servlet/trlicenciaspermisosadjuntos?17279322,20170313000000,L, HTTP/1.1" 200 6151
186.103.132.155 - - [13/Mar/2017:16:15:29 -0300] "POST /cormun/servlet/prfichaempleado?f586b7731ffc159ae35e80885d629a83,,MD,,gxPopupLevel%3D0%3B,gx-no-cache=1489432597831 HTTP/1.1" 200 3404
186.67.172.234 - - [13/Mar/2017:16:15:31 -0300] "POST /cormun/servlet/trcontratosolicitud?0a807a1e32f0422228ebdbdaf6b29ed2,,gx-no-cache=1489432610736 HTTP/1.1" 200 11252
200.73.230.173 - - [13/Mar/2017:16:15:32 -0300] "GET /cormun/servlet/licenciaspermisosadjuntos?INS,17279322,L,20170313000000,, HTTP/1.1" 200 5448
200.73.230.173 - - [13/Mar/2017:16:15:33 -0300] "GET /cormun/static/licenciaspermisosadjuntos.js?2016122813131394 HTTP/1.1" 304 -
200.73.230.173 - - [13/Mar/2017:16:15:33 -0300] "GET /cormun/static/gxcfg.js?2016122813131386 HTTP/1.1" 304 -
