186.103.158.250 - - [13/Mar/2017:14:46:09 -0300] "GET /cormun/servlet/solicitudot?e456b946ecbd5bc7518b40fd18ada389411f441c630c5b0480c7f7a5dfcaae6a792b9eb6cefee8c31d6f2ab5ea16c385,gx-no-cache=1489427238504 HTTP/1.1" 200 30
186.103.158.250 - - [13/Mar/2017:14:46:09 -0300] "POST /cormun/servlet/solicitudot?gx-no-cache=1489427238598 HTTP/1.1" 200 254
186.103.158.250 - - [13/Mar/2017:14:46:09 -0300] "GET /cormun/servlet/solicitudot?e456b946ecbd5bc7518b40fd18ada389767e6e3136847bab71adf387a3e8ebc9cd67615d559c239eef3a52eabd44d4a916a68bf5a8735a79d6f4fb39d604e466f7f5726f18161a15ef27f77fbb902457514e75d31355ad6c8b956cbfe5d2d4da8fcbf0f4f49b60880d3213a1f14df1df291bd1a9359ba0519c6a71a858b90361d4c51616a536f9abad9d83c389ecc25aa91aa7ab231c4b9e040682b99512019a573debfec8a630fafbc2a24bf0a77049aceaa6627bb5e761c6c5a5164023b1f82d1ece5ae20159759d4c585179767311f04904d724fe17824edd9e54df570360dc78aaf8327deb2cca5a20c09dfa4e7518779d3da8801afe00642d23b628ad6514adb4be9a427ed1fec3d7f205e5203b32200bde02b53979fc4ee6f692c08952613a9a1be0e526810f54cdfb5b87d8ad90f9cb3a057743c4dc3ee966d9124baa749299625d6e34011b856539ecb2431e6063079d04e06be0269f1ec6963f95312c0914c6ddd8680eca5ab44e7a1912e4962169415b3fb6ca71aae308efa903fc,gx-no-cache=1489427238702 HTTP/1.1" 200 30
186.103.158.250 - - [13/Mar/2017:14:46:10 -0300] "POST /cormun/servlet/solicitudot?gx-no-cache=1489427239081 HTTP/1.1" 200 30
186.103.158.250 - - [13/Mar/2017:14:46:10 -0300] "POST /cormun/servlet/solicitudot?gx-no-cache=1489427239184 HTTP/1.1" 200 1291
186.103.158.250 - - [13/Mar/2017:14:46:10 -0300] "POST /cormun/servlet/solicitudot?gx-no-cache=1489427239410 HTTP/1.1" 200 41
186.79.4.25 - - [13/Mar/2017:14:46:13 -0300] "POST /cormun/servlet/solicitudot?gx-no-cache=1489427245171 HTTP/1.1" 200 3247
186.79.4.25 - - [13/Mar/2017:14:46:13 -0300] "GET /cormun/static/Shared/jqueryui/images/ui-bg_highlight-soft_100_c6c2c8_1x100.png HTTP/1.1" 404 1117
186.79.4.25 - - [13/Mar/2017:14:46:13 -0300] "GET /cormun/static/Shared/jqueryui/images/ui-bg_flat_55_994d53_40x100.png HTTP/1.1" 404 1097
186.79.4.25 - - [13/Mar/2017:14:46:13 -0300] "GET /cormun/static/Shared/jqueryui/images/ui-icons_ebccce_256x240.png HTTP/1.1" 404 1089
186.79.4.25 - - [13/Mar/2017:14:46:13 -0300] "GET /cormun/static/Shared/jqueryui/images/ui-icons_82798d_256x240.png HTTP/1.1" 404 1089
186.103.158.250 - - [13/Mar/2017:14:46:17 -0300] "GET /cormun/servlet/trsolicitudot? HTTP/1.1" 200 8011
186.103.158.250 - - [13/Mar/2017:14:46:18 -0300] "GET /cormun/servlet/trsolicitudot? HTTP/1.1" 200 8005
186.79.4.25 - - [13/Mar/2017:14:46:21 -0300] "POST /cormun/servlet/solicitudot?d020f8740714d227226a6e60c5e41d6b,INS,0,0,,gx-no-cache=1489427252843 HTTP/1.1" 200 93
186.79.4.25 - - [13/Mar/2017:14:46:21 -0300] "GET /cormun/servlet/hpexe_return? HTTP/1.1" 200 1008
186.79.4.25 - - [13/Mar/2017:14:46:22 -0300] "GET /cormun/servlet/trsolicitudot HTTP/1.1" 200 8256
186.79.4.25 - - [13/Mar/2017:14:46:23 -0300] "GET /cormun/servlet/trsolicitudot HTTP/1.1" 200 8252
186.103.158.250 - - [13/Mar/2017:14:46:26 -0300] "GET /cormun/servlet/solicitudot?INS,0,0, HTTP/1.1" 200 12575
186.79.4.25 - - [13/Mar/2017:14:46:28 -0300] "POST /cormun/servlet/trsolicitudot?d020f8740714d227226a6e60c5e41d6b,gx-no-cache=1489427259906 HTTP/1.1" 200 106
186.103.158.250 - - [13/Mar/2017:14:46:28 -0300] "GET /cormun/servlet/solicitudot?INS,0,0, HTTP/1.1" 200 12579
186.79.4.25 - - [13/Mar/2017:14:46:28 -0300] "GET /cormun/servlet/solicitudot?DLT,2017,5431, HTTP/1.1" 200 9572
186.79.4.25 - - [13/Mar/2017:14:46:29 -0300] "GET /cormun/static/Shared/jqueryui/images/ui-bg_highlight-soft_100_c6c2c8_1x100.png HTTP/1.1" 404 1117
186.79.4.25 - - [13/Mar/2017:14:46:29 -0300] "GET /cormun/static/Shared/jqueryui/images/ui-icons_82798d_256x240.png HTTP/1.1" 404 1089
186.79.4.25 - - [13/Mar/2017:14:46:29 -0300] "GET /cormun/static/Shared/jqueryui/images/ui-bg_flat_55_fafafa_40x100.png HTTP/1.1" 404 1097
186.79.4.25 - - [13/Mar/2017:14:46:29 -0300] "GET /cormun/static/Shared/jqueryui/images/ui-icons_8d78a5_256x240.png HTTP/1.1" 404 1089
186.79.4.25 - - [13/Mar/2017:14:46:29 -0300] "GET /cormun/servlet/solicitudot?DLT,2017,5431, HTTP/1.1" 200 9581
186.79.4.25 - - [13/Mar/2017:14:46:39 -0300] "POST /cormun/servlet/solicitudot?d020f8740714d227226a6e60c5e41d6b,DLT,2017,5431,,gx-no-cache=1489427270766 HTTP/1.1" 200 12568
186.79.4.25 - - [13/Mar/2017:14:46:39 -0300] "GET /cormun/static/Shared/jqueryui/images/ui-bg_flat_55_994d53_40x100.png HTTP/1.1" 404 1097
186.79.4.25 - - [13/Mar/2017:14:46:39 -0300] "GET /cormun/static/Shared/jqueryui/images/ui-icons_ebccce_256x240.png HTTP/1.1" 404 1089
186.103.158.250 - - [13/Mar/2017:14:47:24 -0300] "POST /cormun/servlet/solicitudot?gx-no-cache=1489427312781 HTTP/1.1" 200 3081
186.103.158.250 - - [13/Mar/2017:14:47:25 -0300] "POST /cormun/servlet/solicitudot?37678fc7968204e2857481163374529a,INS,0,0,,gx-no-cache=1489427313975 HTTP/1.1" 200 9683
186.103.158.250 - - [13/Mar/2017:14:47:26 -0300] "GET /cormun/servlet/solicitudot?e456b946ecbd5bc7518b40fd18ada38962ef5528574bbb206f9b25a0cfff211e2ba2a6e1bfd9773273cb9d71e160b439,gx-no-cache=1489427315882 HTTP/1.1" 200 30
186.103.132.155 - - [13/Mar/2017:14:48:42 -0300] "GET /cormun/servlet/trpermisosgoce? HTTP/1.1" 200 7880
186.103.132.155 - - [13/Mar/2017:14:48:43 -0300] "GET /cormun/servlet/trpermisosgoce? HTTP/1.1" 200 7880
186.103.132.155 - - [13/Mar/2017:14:48:46 -0300] "GET /cormun/servlet/permisogoce?INS,0,,, HTTP/1.1" 200 6560
186.103.132.155 - - [13/Mar/2017:14:48:46 -0300] "GET /cormun/servlet/permisogoce?INS,0,,, HTTP/1.1" 200 6560
186.103.132.155 - - [13/Mar/2017:14:48:56 -0300] "GET /cormun/servlet/prfichaempleado?,MD,,gxPopupLevel%3D0%3B HTTP/1.1" 200 8855
186.103.132.155 - - [13/Mar/2017:14:49:09 -0300] "POST /cormun/servlet/prfichaempleado?9ffaaaeb4224bc3e5f9cfbbfd0e5fed7,,MD,,gxPopupLevel%3D0%3B,gx-no-cache=1489427417860 HTTP/1.1" 200 3403
186.103.132.155 - - [13/Mar/2017:14:49:21 -0300] "GET /cormun/servlet/permisogoce?d56713ec3609d7b85703d1ea4e7a2b4dd235ddf591262613829722c52d95fccdb38b7345f2971d192e1b528b57e483ac,gx-no-cache=1489427430932 HTTP/1.1" 200 174
186.103.132.155 - - [13/Mar/2017:14:49:22 -0300] "GET /cormun/static/Shared/jqueryui/images/ui-bg_highlight-soft_100_c6c2c8_1x100.png HTTP/1.1" 404 1117
186.103.132.155 - - [13/Mar/2017:14:49:22 -0300] "GET /cormun/static/Shared/jqueryui/images/ui-icons_82798d_256x240.png HTTP/1.1" 404 1089
186.103.132.155 - - [13/Mar/2017:14:49:22 -0300] "GET /cormun/static/Shared/jqueryui/images/ui-icons_ebccce_256x240.png HTTP/1.1" 404 1089
186.103.132.155 - - [13/Mar/2017:14:49:22 -0300] "GET /cormun/static/Shared/jqueryui/images/ui-bg_flat_55_994d53_40x100.png HTTP/1.1" 404 1097
186.103.132.155 - - [13/Mar/2017:14:49:26 -0300] "GET /cormun/static/menuarrow.gif HTTP/1.1" 404 1015
186.103.132.155 - - [13/Mar/2017:14:49:28 -0300] "GET /cormun/servlet/permisogoce?d56713ec3609d7b85703d1ea4e7a2b4dd235ddf591262613829722c52d95fccdb38b7345f2971d192e1b528b57e483ac,gx-no-cache=1489427437274 HTTP/1.1" 200 174
186.103.132.155 - - [13/Mar/2017:14:49:41 -0300] "GET /cormun/servlet/permisogoce?d56713ec3609d7b85703d1ea4e7a2b4d452ea5f348a10a2a687083e392f60e26755d8f370f3c12ad893703f3ed7d1cef12ca8cc9930a88d91caca27b119ee82e,gx-no-cache=1489427450371 HTTP/1.1" 200 47
186.103.132.155 - - [13/Mar/2017:14:49:48 -0300] "GET /cormun/servlet/trpermisosingoce? HTTP/1.1" 200 6586
186.103.132.155 - - [13/Mar/2017:14:49:49 -0300] "GET /cormun/static/gxcfg.js?2016111619312653 HTTP/1.1" 200 953
186.103.132.155 - - [13/Mar/2017:14:49:49 -0300] "GET /cormun/static/trpermisosingoce.js?2016111619313084 HTTP/1.1" 200 31498
186.103.132.155 - - [13/Mar/2017:14:49:49 -0300] "GET /cormun/servlet/trpermisosingoce? HTTP/1.1" 200 6580
186.103.132.155 - - [13/Mar/2017:14:49:50 -0300] "POST /cormun/servlet/acontrolpreferencessavestate?None,CA-L%2FE,true HTTP/1.1" 200 35
186.103.158.250 - - [13/Mar/2017:14:49:51 -0300] "POST /cormun/servlet/solicitudot?gx-no-cache=1489427460285 HTTP/1.1" 200 297
186.103.132.155 - - [13/Mar/2017:14:49:52 -0300] "GET /cormun/servlet/permisosingoce?INS,0, HTTP/1.1" 200 6510
186.103.132.155 - - [13/Mar/2017:14:49:52 -0300] "GET /cormun/static/gxcfg.js?2016111618225749 HTTP/1.1" 200 953
186.103.132.155 - - [13/Mar/2017:14:49:53 -0300] "GET /cormun/static/permisosingoce.js?2016111618225789 HTTP/1.1" 200 23797
186.103.132.155 - - [13/Mar/2017:14:49:53 -0300] "GET /cormun/servlet/permisosingoce?INS,0, HTTP/1.1" 200 6511
186.103.158.250 - - [13/Mar/2017:14:49:56 -0300] "GET /cormun/servlet/solicitudot?e456b946ecbd5bc7518b40fd18ada389767e6e3136847bab71adf387a3e8ebc93fee599c0bca129b3233089919eaba0f16a68bf5a8735a79d6f4fb39d604e466f7f5726f18161a15ef27f77fbb902457514e75d31355ad6c8b956cbfe5d2d4da8fcbf0f4f49b60880d3213a1f14df1df291bd1a9359ba0519c6a71a858b90361d4c51616a536f9abad9d83c389ecc25aa91aa7ab231c4b9e040682b99512019a573debfec8a630fafbc2a24bf0a77049aceaa6627bb5e761c6c5a5164023b1f82d1ece5ae20159759d4c585179767311f04904d724fe17824edd9e54df570360dc78aaf8327deb2cca5a20c09dfa4e754ca057a7528b835e47f8379649941e5414adb4be9a427ed1fec3d7f205e5203b3627067e33f90530dc3aff295f4a4d98faf533b7b87352eb4ace7ceb18d8839e2401efea9906e1ceb89c2005afb95b71b752c6c15e13d9fc69db8c141605dcae1a47096e9b58bd065253b66c35f55119a9647172e08d373c1ce46ed2ee60612368451ac8472e47080cb8db09b53805d79f2cbd84f84e18316a08f3c2ad87a8de,gx-no-cache=1489427464871 HTTP/1.1" 200 30
186.103.158.250 - - [13/Mar/2017:14:50:05 -0300] "POST /cormun/servlet/solicitudot?gx-no-cache=1489427474066 HTTP/1.1" 200 30
186.103.158.250 - - [13/Mar/2017:14:50:06 -0300] "POST /cormun/servlet/solicitudot?gx-no-cache=1489427475977 HTTP/1.1" 200 235
186.103.158.250 - - [13/Mar/2017:14:50:07 -0300] "POST /cormun/servlet/solicitudot?gx-no-cache=1489427476102 HTTP/1.1" 200 38
186.103.132.155 - - [13/Mar/2017:14:50:09 -0300] "GET /cormun/servlet/permisosingoce?343bded3b7bf905ef63b92ef8311a174db8820a9d516f06cf28ff5c33b5477bbe392cb26492b0373569c8538cebe41eb,gx-no-cache=1489427478144 HTTP/1.1" 200 178
186.103.132.155 - - [13/Mar/2017:14:50:09 -0300] "GET /cormun/static/Shared/jqueryui/images/ui-bg_highlight-soft_100_c6c2c8_1x100.png HTTP/1.1" 404 1117
186.103.132.155 - - [13/Mar/2017:14:50:09 -0300] "GET /cormun/static/Shared/jqueryui/images/ui-icons_82798d_256x240.png HTTP/1.1" 404 1089
186.103.132.155 - - [13/Mar/2017:14:50:09 -0300] "GET /cormun/static/Shared/jqueryui/images/ui-bg_flat_55_994d53_40x100.png HTTP/1.1" 404 1097
186.103.132.155 - - [13/Mar/2017:14:50:09 -0300] "GET /cormun/static/Shared/jqueryui/images/ui-icons_ebccce_256x240.png HTTP/1.1" 404 1089
186.103.158.250 - - [13/Mar/2017:14:50:34 -0300] "GET /cormun/servlet/solicitudot?e456b946ecbd5bc7518b40fd18ada389cf51d22af5801412c5fb898e6e202000f5b7e61a40e4819c19a5192c27a5f8a1c5097219a215395206872c51231c9090d2285b872c50068c7b492a3160becc24cb44c3caf62fb61ba0a1482e033624c70bf3ef44697720d7e86749788042b70a,gx-no-cache=1489427503801 HTTP/1.1" 200 29
186.103.158.250 - - [13/Mar/2017:14:50:34 -0300] "POST /cormun/servlet/solicitudot?gx-no-cache=1489427503939 HTTP/1.1" 200 641
186.103.158.250 - - [13/Mar/2017:14:50:37 -0300] "POST /cormun/servlet/solicitudot?gx-no-cache=1489427506361 HTTP/1.1" 200 1157
186.103.132.155 - - [13/Mar/2017:14:50:41 -0300] "GET /cormun/servlet/trpermisosgoce? HTTP/1.1" 200 7889
186.103.132.155 - - [13/Mar/2017:14:50:43 -0300] "GET /cormun/servlet/trpermisosgoce? HTTP/1.1" 200 7886
186.103.158.250 - - [13/Mar/2017:14:50:58 -0300] "GET /cormun/static/menuarrow.gif HTTP/1.1" 404 1015
186.103.158.250 - - [13/Mar/2017:14:51:13 -0300] "GET /cormun/servlet/solicitudot?e456b946ecbd5bc7518b40fd18ada38983e23db46d0a83c516e166c7614738c5168aec6282325546a51ece33c5455b9a38e72d82417e4b0d3b5b4e1738b5d369acf1c1829508ede907d9cebb682d22e530c0838bcaedb2301ec698a3efb97c33a8629131701e075f5fef792df9ca5a0cca4df0d55687150342f3f51e8a58878c3ca16d4d5b2a321e7f2b0011eb7019bd6313062c7f2e4616994501f95ae449c6c9fc378cb0d7a116ac1fe87bb9cfc064,gx-no-cache=1489427542163 HTTP/1.1" 200 30
186.103.158.250 - - [13/Mar/2017:14:52:12 -0300] "POST /cormun/servlet/solicitudot?37678fc7968204e2857481163374529a,INS,0,0,,gx-no-cache=1489427600569 HTTP/1.1" 200 93
186.103.158.250 - - [13/Mar/2017:14:52:12 -0300] "GET /cormun/servlet/hpexe_return? HTTP/1.1" 200 1013
186.103.158.250 - - [13/Mar/2017:14:52:12 -0300] "GET /cormun/static/gxcfg.js?2016101716175148 HTTP/1.1" 304 -
186.103.158.250 - - [13/Mar/2017:14:52:12 -0300] "GET /cormun/static/hpexe_return.js?2016101716175153 HTTP/1.1" 304 -
186.103.158.250 - - [13/Mar/2017:14:52:13 -0300] "GET /cormun/servlet/trsolicitudot HTTP/1.1" 200 8487
186.103.158.250 - - [13/Mar/2017:14:52:14 -0300] "GET /cormun/servlet/trsolicitudot HTTP/1.1" 200 8483
186.103.158.250 - - [13/Mar/2017:14:52:31 -0300] "POST /cormun/servlet/trsolicitudot?37678fc7968204e2857481163374529a,gx-no-cache=1489427620025 HTTP/1.1" 200 107
186.103.158.250 - - [13/Mar/2017:14:52:31 -0300] "GET /cormun/servlet/trsolicitudadjuntos?2017,4825, HTTP/1.1" 200 5872
186.103.158.250 - - [13/Mar/2017:14:52:31 -0300] "GET /cormun/static/gxcfg.js?201612218531388 HTTP/1.1" 200 953
186.103.158.250 - - [13/Mar/2017:14:52:31 -0300] "GET /cormun/static/trsolicitudadjuntos.js?201612218531657 HTTP/1.1" 200 17913
186.103.158.250 - - [13/Mar/2017:14:52:32 -0300] "GET /cormun/servlet/trsolicitudadjuntos?2017,4825, HTTP/1.1" 200 5871
186.103.158.250 - - [13/Mar/2017:14:52:49 -0300] "GET /cormun/servlet/solicitudotadjuntos?INS,2017,4825,,1, HTTP/1.1" 200 5803
186.103.158.250 - - [13/Mar/2017:14:52:49 -0300] "GET /cormun/static/gxcfg.js?201612218465951 HTTP/1.1" 200 953
186.103.158.250 - - [13/Mar/2017:14:52:49 -0300] "GET /cormun/static/solicitudotadjuntos.js?201612218465969 HTTP/1.1" 200 11762
186.103.158.250 - - [13/Mar/2017:14:52:50 -0300] "GET /cormun/static/about:blank HTTP/1.1" 404 1011
186.103.158.250 - - [13/Mar/2017:14:52:50 -0300] "GET /cormun/servlet/solicitudotadjuntos?INS,2017,4825,,1, HTTP/1.1" 200 5797
186.103.158.250 - - [13/Mar/2017:14:52:50 -0300] "GET /cormun/servlet/solicitudotadjuntos?e456b946ecbd5bc7518b40fd18ada38991c67f6d167b70922a302a8ceebe00e3fcdc9ca2e3049bbdd9592fbe6c65da12,gx-no-cache=1489427639963 HTTP/1.1" 200 30
186.103.158.250 - - [13/Mar/2017:14:52:51 -0300] "POST /cormun/servlet/solicitudotadjuntos?37678fc7968204e2857481163374529a,INS,2017,4825,,1,,gx-no-cache=1489427640073 HTTP/1.1" 200 3679
186.79.74.248 - - [13/Mar/2017:14:53:09 -0300] "POST /cormun/servlet/trpermisosadjuntos?2dfd8be709092f58a95507b6c7c30df7,15104832,20170313150622,P,,gx-no-cache=1489431116124 HTTP/1.1" 200 90
186.79.74.248 - - [13/Mar/2017:14:53:10 -0300] "GET /cormun/servlet/hpexe_link HTTP/1.1" 200 978
186.79.74.248 - - [13/Mar/2017:14:53:10 -0300] "GET /cormun/servlet/trpermisosgoce HTTP/1.1" 200 8382
186.79.74.248 - - [13/Mar/2017:14:53:13 -0300] "GET /cormun/servlet/trpermisosgoce HTTP/1.1" 200 8384
186.79.74.248 - - [13/Mar/2017:14:53:20 -0300] "POST /cormun/servlet/trpermisosgoce?2dfd8be709092f58a95507b6c7c30df7,gx-no-cache=1489431127177 HTTP/1.1" 200 5559
186.79.74.248 - - [13/Mar/2017:14:53:27 -0300] "POST /cormun/servlet/trpermisosgoce?2dfd8be709092f58a95507b6c7c30df7,gx-no-cache=1489431133866 HTTP/1.1" 200 5558
186.103.158.250 - - [13/Mar/2017:14:53:29 -0300] "POST /cormun/servlet/solicitudotadjuntos?gx-no-cache=1489427678558 HTTP/1.1" 200 26
186.103.158.250 - - [13/Mar/2017:14:55:35 -0300] "GET /cormun/servlet/solicitudotadjuntos?e456b946ecbd5bc7518b40fd18ada389d61683432344512cb2f957fdb6b72579,gx-no-cache=1489427804188 HTTP/1.1" 200 30
186.103.158.250 - - [13/Mar/2017:14:55:35 -0300] "GET /cormun/servlet/solicitudotadjuntos?e456b946ecbd5bc7518b40fd18ada389d61683432344512cb2f957fdb6b72579,gx-no-cache=1489427804374 HTTP/1.1" 200 30
186.103.158.250 - - [13/Mar/2017:14:55:35 -0300] "POST /cormun/servlet/solicitudotadjuntos?37678fc7968204e2857481163374529a,INS,2017,4825,,1, HTTP/1.1" 200 116
186.103.158.250 - - [13/Mar/2017:14:55:36 -0300] "GET /cormun/servlet/hpexe_return? HTTP/1.1" 200 1031
186.103.158.250 - - [13/Mar/2017:14:55:36 -0300] "GET /cormun/servlet/trsolicitudadjuntos?2017,4825, HTTP/1.1" 200 7969
186.103.158.250 - - [13/Mar/2017:14:55:37 -0300] "GET /cormun/servlet/trsolicitudadjuntos?2017,4825, HTTP/1.1" 200 7966
186.103.158.250 - - [13/Mar/2017:14:55:42 -0300] "GET /cormun/servlet/solicitudotadjuntos?INS,2017,4825,,1, HTTP/1.1" 200 5802
186.103.158.250 - - [13/Mar/2017:14:55:42 -0300] "GET /cormun/static/about:blank HTTP/1.1" 404 1011
186.103.158.250 - - [13/Mar/2017:14:55:43 -0300] "GET /cormun/servlet/solicitudotadjuntos?INS,2017,4825,,1, HTTP/1.1" 200 5796
186.103.158.250 - - [13/Mar/2017:14:55:43 -0300] "GET /cormun/servlet/solicitudotadjuntos?e456b946ecbd5bc7518b40fd18ada38991c67f6d167b70922a302a8ceebe00e3fcdc9ca2e3049bbdd9592fbe6c65da12,gx-no-cache=1489427812972 HTTP/1.1" 200 30
186.103.158.250 - - [13/Mar/2017:14:55:44 -0300] "POST /cormun/servlet/solicitudotadjuntos?37678fc7968204e2857481163374529a,INS,2017,4825,,1,,gx-no-cache=1489427813079 HTTP/1.1" 200 3679
186.103.158.250 - - [13/Mar/2017:14:55:49 -0300] "POST /cormun/servlet/solicitudotadjuntos?gx-no-cache=1489427818652 HTTP/1.1" 200 26
186.79.74.248 - - [13/Mar/2017:14:55:55 -0300] "POST /cormun/servlet/trpermisosgoce?2dfd8be709092f58a95507b6c7c30df7,gx-no-cache=1489431281508 HTTP/1.1" 200 104
186.79.74.248 - - [13/Mar/2017:14:55:55 -0300] "GET /cormun/PermisosGoce-5134.xls HTTP/1.1" 200 6144
186.103.158.250 - - [13/Mar/2017:14:56:01 -0300] "GET /cormun/servlet/solicitudotadjuntos?e456b946ecbd5bc7518b40fd18ada389d61683432344512cb2f957fdb6b72579,gx-no-cache=1489427830450 HTTP/1.1" 200 30
186.103.158.250 - - [13/Mar/2017:14:56:01 -0300] "GET /cormun/servlet/solicitudotadjuntos?e456b946ecbd5bc7518b40fd18ada389d61683432344512cb2f957fdb6b72579,gx-no-cache=1489427830523 HTTP/1.1" 200 30
186.103.158.250 - - [13/Mar/2017:14:56:02 -0300] "POST /cormun/servlet/solicitudotadjuntos?37678fc7968204e2857481163374529a,INS,2017,4825,,1, HTTP/1.1" 200 116
186.103.158.250 - - [13/Mar/2017:14:56:02 -0300] "GET /cormun/servlet/hpexe_return? HTTP/1.1" 200 1031
186.103.158.250 - - [13/Mar/2017:14:56:02 -0300] "GET /cormun/servlet/trsolicitudadjuntos?2017,4825, HTTP/1.1" 200 8186
186.103.158.250 - - [13/Mar/2017:14:56:03 -0300] "GET /cormun/servlet/trsolicitudadjuntos?2017,4825, HTTP/1.1" 200 8183
186.103.158.250 - - [13/Mar/2017:14:56:08 -0300] "GET /cormun/servlet/solicitudotadjuntos?INS,2017,4825,,1, HTTP/1.1" 200 5802
186.103.158.250 - - [13/Mar/2017:14:56:08 -0300] "GET /cormun/static/about:blank HTTP/1.1" 404 1011
186.103.158.250 - - [13/Mar/2017:14:56:09 -0300] "GET /cormun/servlet/solicitudotadjuntos?INS,2017,4825,,1, HTTP/1.1" 200 5796
186.103.158.250 - - [13/Mar/2017:14:56:09 -0300] "GET /cormun/servlet/solicitudotadjuntos?e456b946ecbd5bc7518b40fd18ada38991c67f6d167b70922a302a8ceebe00e3fcdc9ca2e3049bbdd9592fbe6c65da12,gx-no-cache=1489427838777 HTTP/1.1" 200 30
186.103.158.250 - - [13/Mar/2017:14:56:10 -0300] "POST /cormun/servlet/solicitudotadjuntos?37678fc7968204e2857481163374529a,INS,2017,4825,,1,,gx-no-cache=1489427838860 HTTP/1.1" 200 3679
186.103.158.250 - - [13/Mar/2017:14:56:17 -0300] "POST /cormun/servlet/solicitudotadjuntos?gx-no-cache=1489427846274 HTTP/1.1" 200 26
186.79.113.67 - - [13/Mar/2017:14:57:48 -0300] "GET /cormun/servlet/hlogin HTTP/1.1" 200 1723
186.79.113.67 - - [13/Mar/2017:14:57:50 -0300] "POST /cormun/servlet/hlogin?424ff89f47958748f729c3808654771c,gx-no-cache=1489427939512 HTTP/1.1" 200 90
186.79.113.67 - - [13/Mar/2017:14:57:51 -0300] "GET /cormun/servlet/hpexe_link HTTP/1.1" 200 957
186.79.113.67 - - [13/Mar/2017:14:57:51 -0300] "GET /cormun/servlet/hhome HTTP/1.1" 200 3962
186.79.113.67 - - [13/Mar/2017:14:57:51 -0300] "GET /cormun/servlet/hhome HTTP/1.1" 200 3959
186.79.113.67 - - [13/Mar/2017:14:57:57 -0300] "GET /cormun/servlet/trautorizarsolicitud? HTTP/1.1" 200 8132
186.79.113.67 - - [13/Mar/2017:14:57:58 -0300] "GET /cormun/servlet/trautorizarsolicitud? HTTP/1.1" 200 8130
186.79.113.67 - - [13/Mar/2017:14:58:16 -0300] "POST /cormun/servlet/trautorizarsolicitud?424ff89f47958748f729c3808654771c,,gx-no-cache=1489427964782 HTTP/1.1" 200 4317
186.79.113.67 - - [13/Mar/2017:14:58:16 -0300] "GET /cormun/static/Shared/jqueryui/images/ui-bg_highlight-soft_100_c6c2c8_1x100.png HTTP/1.1" 404 1117
186.79.113.67 - - [13/Mar/2017:14:58:16 -0300] "GET /cormun/static/Shared/jqueryui/images/ui-icons_82798d_256x240.png HTTP/1.1" 404 1089
186.79.113.67 - - [13/Mar/2017:14:58:16 -0300] "GET /cormun/static/Shared/jqueryui/images/ui-icons_8d78a5_256x240.png HTTP/1.1" 404 1089
186.79.113.67 - - [13/Mar/2017:14:58:16 -0300] "GET /cormun/static/Shared/jqueryui/images/ui-bg_flat_55_fafafa_40x100.png HTTP/1.1" 404 1097
186.79.113.67 - - [13/Mar/2017:14:58:16 -0300] "POST /cormun/servlet/trautorizarsolicitud?424ff89f47958748f729c3808654771c,,gx-no-cache=1489427965483 HTTP/1.1" 200 4101
186.79.4.25 - - [13/Mar/2017:14:59:07 -0300] "GET /cormun/servlet/hlogin HTTP/1.1" 200 1721
186.79.4.25 - - [13/Mar/2017:14:59:22 -0300] "POST /cormun/servlet/hlogin?d020f8740714d227226a6e60c5e41d6b,gx-no-cache=1489428034815 HTTP/1.1" 200 90
186.79.4.25 - - [13/Mar/2017:14:59:22 -0300] "GET /cormun/servlet/hpexe_link HTTP/1.1" 200 974
186.79.4.25 - - [13/Mar/2017:14:59:23 -0300] "GET /cormun/servlet/solicitudot?DLT,2017,5431, HTTP/1.1" 200 9573
186.103.158.250 - - [13/Mar/2017:14:59:23 -0300] "GET /cormun/servlet/solicitudotadjuntos?e456b946ecbd5bc7518b40fd18ada389d61683432344512cb2f957fdb6b72579,gx-no-cache=1489428032840 HTTP/1.1" 200 30
186.103.158.250 - - [13/Mar/2017:14:59:23 -0300] "GET /cormun/servlet/solicitudotadjuntos?e456b946ecbd5bc7518b40fd18ada389d61683432344512cb2f957fdb6b72579,gx-no-cache=1489428032931 HTTP/1.1" 200 30
186.79.4.25 - - [13/Mar/2017:14:59:25 -0300] "GET /cormun/static/Shared/jqueryui/images/ui-bg_highlight-soft_100_c6c2c8_1x100.png HTTP/1.1" 404 1117
186.79.4.25 - - [13/Mar/2017:14:59:25 -0300] "GET /cormun/static/Shared/jqueryui/images/ui-icons_82798d_256x240.png HTTP/1.1" 404 1089
186.79.4.25 - - [13/Mar/2017:14:59:26 -0300] "GET /cormun/static/Shared/jqueryui/images/ui-bg_flat_55_fafafa_40x100.png HTTP/1.1" 404 1097
186.79.4.25 - - [13/Mar/2017:14:59:26 -0300] "GET /cormun/static/Shared/jqueryui/images/ui-icons_8d78a5_256x240.png HTTP/1.1" 404 1089
186.79.4.25 - - [13/Mar/2017:14:59:26 -0300] "GET /cormun/servlet/solicitudot?DLT,2017,5431, HTTP/1.1" 200 9581
186.103.158.250 - - [13/Mar/2017:14:59:26 -0300] "POST /cormun/servlet/solicitudotadjuntos?37678fc7968204e2857481163374529a,INS,2017,4825,,1, HTTP/1.1" 200 116
186.103.158.250 - - [13/Mar/2017:14:59:27 -0300] "GET /cormun/servlet/hpexe_return? HTTP/1.1" 200 1031
186.103.158.250 - - [13/Mar/2017:14:59:27 -0300] "GET /cormun/servlet/trsolicitudadjuntos?2017,4825, HTTP/1.1" 200 8356
186.103.158.250 - - [13/Mar/2017:14:59:28 -0300] "GET /cormun/servlet/trsolicitudadjuntos?2017,4825, HTTP/1.1" 200 8353
186.79.4.25 - - [13/Mar/2017:14:59:31 -0300] "GET /cormun/servlet/trsolicitudot? HTTP/1.1" 200 8258
186.79.4.25 - - [13/Mar/2017:14:59:33 -0300] "GET /cormun/servlet/trsolicitudot? HTTP/1.1" 200 8252
186.79.4.25 - - [13/Mar/2017:14:59:35 -0300] "GET /cormun/servlet/solicitudot?INS,0,0, HTTP/1.1" 200 12791
186.103.158.250 - - [13/Mar/2017:14:59:37 -0300] "GET /cormun/servlet/solicitudotadjuntos?INS,2017,4825,,1, HTTP/1.1" 200 5803
186.103.158.250 - - [13/Mar/2017:14:59:37 -0300] "GET /cormun/static/about:blank HTTP/1.1" 404 1011
186.79.4.25 - - [13/Mar/2017:14:59:37 -0300] "GET /cormun/servlet/solicitudot?INS,0,0, HTTP/1.1" 200 12796
186.103.158.250 - - [13/Mar/2017:14:59:38 -0300] "GET /cormun/servlet/solicitudotadjuntos?INS,2017,4825,,1, HTTP/1.1" 200 5797
186.103.158.250 - - [13/Mar/2017:14:59:38 -0300] "GET /cormun/servlet/solicitudotadjuntos?e456b946ecbd5bc7518b40fd18ada38991c67f6d167b70922a302a8ceebe00e3fcdc9ca2e3049bbdd9592fbe6c65da12,gx-no-cache=1489428047833 HTTP/1.1" 200 30
186.103.158.250 - - [13/Mar/2017:14:59:39 -0300] "POST /cormun/servlet/solicitudotadjuntos?37678fc7968204e2857481163374529a,INS,2017,4825,,1,,gx-no-cache=1489428047910 HTTP/1.1" 200 3680
186.103.158.250 - - [13/Mar/2017:14:59:46 -0300] "POST /cormun/servlet/solicitudotadjuntos?gx-no-cache=1489428055581 HTTP/1.1" 200 26
186.79.4.25 - - [13/Mar/2017:15:00:04 -0300] "POST /cormun/servlet/solicitudot?gx-no-cache=1489428075856 HTTP/1.1" 200 3182
186.79.4.25 - - [13/Mar/2017:15:00:09 -0300] "POST /cormun/servlet/solicitudot?d020f8740714d227226a6e60c5e41d6b,INS,0,0,,gx-no-cache=1489428081417 HTTP/1.1" 200 9924
186.103.159.204 - - [13/Mar/2017:15:00:16 -0300] "GET /cormun/servlet/hpexe_return? HTTP/1.1" 200 986
186.103.159.204 - - [13/Mar/2017:15:00:16 -0300] "GET /cormun/static/gxtimezone.js?85251 HTTP/1.1" 200 5781
186.103.159.204 - - [13/Mar/2017:15:00:16 -0300] "GET /cormun/static/gxcfg.js?2016101716175148 HTTP/1.1" 200 953
186.103.159.204 - - [13/Mar/2017:15:00:16 -0300] "GET /cormun/static/RunJS/RunJS.js HTTP/1.1" 200 288
186.103.159.204 - - [13/Mar/2017:15:00:16 -0300] "GET /cormun/static/messages.spa.js?85251 HTTP/1.1" 200 30736
186.103.159.204 - - [13/Mar/2017:15:00:16 -0300] "GET /cormun/static/hpexe_return.js?2016101716175153 HTTP/1.1" 200 1633
186.103.159.204 - - [13/Mar/2017:15:00:16 -0300] "GET /cormun/static/Resources/Spanish/PXTools.css?167811 HTTP/1.1" 200 89042
186.103.159.204 - - [13/Mar/2017:15:00:16 -0300] "GET /cormun/static/gxgral.js?85251 HTTP/1.1" 200 384558
186.103.159.204 - - [13/Mar/2017:15:00:17 -0300] "GET /cormun/static/Resources/indicator.gif HTTP/1.1" 200 1553
186.103.159.204 - - [13/Mar/2017:15:00:18 -0300] "GET /cormun/servlet/hhome HTTP/1.1" 200 3299
186.79.4.25 - - [13/Mar/2017:15:00:28 -0300] "GET /cormun/servlet/solicitudot?13a80ef12d1f21727bf51a5bf4a07a8336d0635ce67ad89ae92dc951e13e26b32e5e32d507a6b89e51fbad6cffc15138,gx-no-cache=1489428100312 HTTP/1.1" 200 30
186.79.4.25 - - [13/Mar/2017:15:00:29 -0300] "POST /cormun/servlet/solicitudot?gx-no-cache=1489428101687 HTTP/1.1" 200 240
186.79.4.25 - - [13/Mar/2017:15:00:31 -0300] "GET /cormun/servlet/solicitudot?13a80ef12d1f21727bf51a5bf4a07a8381e21849d44669eda802a736dce882fcc612add38a8685be9298f311a40c9c6540e87de2e2287ff4e90b9372ca57d0f92d6826dbdacf6dc0c2c65ed38a2456182e0eea43551adaea638a065a1a2586bc38c10985c24b1585fb2169c7cba36bc27f1f2b4e9364a5c31bab992eceb61688c11f86cd5ee7c703185616beb72af5fdca1e69c6c064d1681a809be38862cf911966f454ceafbf4da8c0e8a1689c903edd30a5bbdeb2b0c1ef0ae4de4879f215748903ec7d6a107f48ac442a8820a54a882e453c29a1534be92dfbea5c3ff9daccabb20ff9f62f58e9fe2e4354e1e1f6cbd7492525d32bdcd4bc15cf451f4ec4d137467b016fa91f5db3197f8c9f18fe516eb9d2ab1fae68a59ad6f279cd4399de29646fcdacd1e2956922212e53632b11ff4cedd4ae19cef211901a401f471f5dbff85d44980004e95a0813fc12e4e12800bc847312ba320ec06e75706986f4ab1053f4b80eaecdef06e9d90ebc97ca8d3095de6ad5018a62fe77f975cb27e5,gx-no-cache=1489428103997 HTTP/1.1" 200 30
186.79.4.25 - - [13/Mar/2017:15:00:39 -0300] "POST /cormun/servlet/solicitudot?gx-no-cache=1489428111566 HTTP/1.1" 200 30
186.103.158.250 - - [13/Mar/2017:15:00:40 -0300] "GET /cormun/servlet/solicitudotadjuntos?e456b946ecbd5bc7518b40fd18ada389d61683432344512cb2f957fdb6b72579,gx-no-cache=1489428109373 HTTP/1.1" 200 30
186.103.158.250 - - [13/Mar/2017:15:00:40 -0300] "GET /cormun/servlet/solicitudotadjuntos?e456b946ecbd5bc7518b40fd18ada389d61683432344512cb2f957fdb6b72579,gx-no-cache=1489428109505 HTTP/1.1" 200 30
186.103.158.250 - - [13/Mar/2017:15:00:41 -0300] "POST /cormun/servlet/solicitudotadjuntos?37678fc7968204e2857481163374529a,INS,2017,4825,,1, HTTP/1.1" 200 116
186.103.158.250 - - [13/Mar/2017:15:00:42 -0300] "GET /cormun/servlet/hpexe_return? HTTP/1.1" 200 1031
186.103.158.250 - - [13/Mar/2017:15:00:42 -0300] "GET /cormun/servlet/trsolicitudadjuntos?2017,4825, HTTP/1.1" 200 8502
186.103.158.250 - - [13/Mar/2017:15:00:43 -0300] "GET /cormun/servlet/trsolicitudadjuntos?2017,4825, HTTP/1.1" 200 8499
186.103.158.250 - - [13/Mar/2017:15:00:47 -0300] "GET /cormun/servlet/solicitudotadjuntos?INS,2017,4825,,1, HTTP/1.1" 200 5802
186.103.158.250 - - [13/Mar/2017:15:00:47 -0300] "GET /cormun/static/about:blank HTTP/1.1" 404 1011
186.103.158.250 - - [13/Mar/2017:15:00:48 -0300] "GET /cormun/servlet/solicitudotadjuntos?INS,2017,4825,,1, HTTP/1.1" 200 5796
186.103.158.250 - - [13/Mar/2017:15:00:49 -0300] "GET /cormun/servlet/solicitudotadjuntos?e456b946ecbd5bc7518b40fd18ada38991c67f6d167b70922a302a8ceebe00e3fcdc9ca2e3049bbdd9592fbe6c65da12,gx-no-cache=1489428118280 HTTP/1.1" 200 30
186.103.158.250 - - [13/Mar/2017:15:00:49 -0300] "POST /cormun/servlet/solicitudotadjuntos?37678fc7968204e2857481163374529a,INS,2017,4825,,1,,gx-no-cache=1489428118356 HTTP/1.1" 200 3679
186.79.4.25 - - [13/Mar/2017:15:00:53 -0300] "POST /cormun/servlet/solicitudot?gx-no-cache=1489428125856 HTTP/1.1" 200 235
186.103.158.250 - - [13/Mar/2017:15:00:54 -0300] "POST /cormun/servlet/solicitudotadjuntos?gx-no-cache=1489428123278 HTTP/1.1" 200 26
186.103.158.250 - - [13/Mar/2017:15:01:03 -0300] "GET /cormun/servlet/solicitudotadjuntos?e456b946ecbd5bc7518b40fd18ada389d61683432344512cb2f957fdb6b72579,gx-no-cache=1489428132988 HTTP/1.1" 200 30
186.103.158.250 - - [13/Mar/2017:15:01:04 -0300] "GET /cormun/servlet/solicitudotadjuntos?e456b946ecbd5bc7518b40fd18ada389d61683432344512cb2f957fdb6b72579,gx-no-cache=1489428133074 HTTP/1.1" 200 30
186.103.158.250 - - [13/Mar/2017:15:01:06 -0300] "POST /cormun/servlet/solicitudotadjuntos?37678fc7968204e2857481163374529a,INS,2017,4825,,1, HTTP/1.1" 200 116
186.103.158.250 - - [13/Mar/2017:15:01:07 -0300] "GET /cormun/servlet/hpexe_return? HTTP/1.1" 200 1031
186.103.158.250 - - [13/Mar/2017:15:01:07 -0300] "GET /cormun/servlet/trsolicitudadjuntos?2017,4825, HTTP/1.1" 200 8663
186.103.158.250 - - [13/Mar/2017:15:01:08 -0300] "GET /cormun/servlet/trsolicitudadjuntos?2017,4825, HTTP/1.1" 200 8662
186.79.4.25 - - [13/Mar/2017:15:01:09 -0300] "POST /cormun/servlet/solicitudot?gx-no-cache=1489428141785 HTTP/1.1" 200 38
186.103.158.250 - - [13/Mar/2017:15:01:11 -0300] "GET /cormun/servlet/solicitudotadjuntos?INS,2017,4825,,1, HTTP/1.1" 200 5802
186.103.158.250 - - [13/Mar/2017:15:01:12 -0300] "GET /cormun/static/about:blank HTTP/1.1" 404 1011
186.103.158.250 - - [13/Mar/2017:15:01:12 -0300] "GET /cormun/servlet/solicitudotadjuntos?INS,2017,4825,,1, HTTP/1.1" 200 5796
186.103.158.250 - - [13/Mar/2017:15:01:13 -0300] "GET /cormun/servlet/solicitudotadjuntos?e456b946ecbd5bc7518b40fd18ada38991c67f6d167b70922a302a8ceebe00e3fcdc9ca2e3049bbdd9592fbe6c65da12,gx-no-cache=1489428142349 HTTP/1.1" 200 30
186.103.158.250 - - [13/Mar/2017:15:01:13 -0300] "POST /cormun/servlet/solicitudotadjuntos?37678fc7968204e2857481163374529a,INS,2017,4825,,1,,gx-no-cache=1489428142424 HTTP/1.1" 200 3679
186.103.158.250 - - [13/Mar/2017:15:01:18 -0300] "POST /cormun/servlet/solicitudotadjuntos?gx-no-cache=1489428147100 HTTP/1.1" 200 26
186.79.4.25 - - [13/Mar/2017:15:01:22 -0300] "GET /cormun/servlet/solicitudot?13a80ef12d1f21727bf51a5bf4a07a835320b8352aa58e6b98a4c10dfa5a3d3d52148c8460198dfb6abd912d85e136bbdb123becbc05c7960c4144f45d7f18b3e083175e8313321a705d118fcd67af1633d2ba86e3e4e04651cd1a2eff585d1c9b54cee27b34b0a84e20d9e826d31cb7,gx-no-cache=1489428155000 HTTP/1.1" 200 29
186.79.4.25 - - [13/Mar/2017:15:01:23 -0300] "POST /cormun/servlet/solicitudot?gx-no-cache=1489428155327 HTTP/1.1" 200 641
186.79.4.25 - - [13/Mar/2017:15:01:26 -0300] "POST /cormun/servlet/solicitudot?gx-no-cache=1489428158191 HTTP/1.1" 200 1157
186.79.4.25 - - [13/Mar/2017:15:02:09 -0300] "GET /cormun/static/menuarrow.gif HTTP/1.1" 404 1015
186.103.158.250 - - [13/Mar/2017:15:02:10 -0300] "GET /cormun/servlet/solicitudotadjuntos?e456b946ecbd5bc7518b40fd18ada389d61683432344512cb2f957fdb6b72579,gx-no-cache=1489428199089 HTTP/1.1" 200 30
186.103.158.250 - - [13/Mar/2017:15:02:10 -0300] "GET /cormun/servlet/solicitudotadjuntos?e456b946ecbd5bc7518b40fd18ada389d61683432344512cb2f957fdb6b72579,gx-no-cache=1489428199223 HTTP/1.1" 200 30
186.103.158.250 - - [13/Mar/2017:15:02:11 -0300] "POST /cormun/servlet/solicitudotadjuntos?37678fc7968204e2857481163374529a,INS,2017,4825,,1, HTTP/1.1" 200 116
186.103.158.250 - - [13/Mar/2017:15:02:11 -0300] "GET /cormun/servlet/hpexe_return? HTTP/1.1" 200 1031
186.103.158.250 - - [13/Mar/2017:15:02:12 -0300] "GET /cormun/servlet/trsolicitudadjuntos?2017,4825, HTTP/1.1" 200 8904
186.103.158.250 - - [13/Mar/2017:15:02:13 -0300] "GET /cormun/servlet/trsolicitudadjuntos?2017,4825, HTTP/1.1" 200 8904
186.79.4.25 - - [13/Mar/2017:15:02:20 -0300] "GET /cormun/servlet/solicitudot?13a80ef12d1f21727bf51a5bf4a07a8330e6593ea019d043e531ba5ac5ca4442c9b44a31fc5ead0b2abd6125810d0ff5ffc8f3103252c6c6365ecd7dcc5c6b15ae58b888e8028e43107dc9bc9666f6d2175498bdac9388ef058030d0e5eddcb45c548e56ce4222871b8733bb6f8318f49e10af3494888920d2c927fbfebffab9f9cbe232a4fdf368c7bc79e6d850363ddfcd12aceedd0a6a447b6181c1ee38ac06d4f43caec9fe7dcec931e5de56fce7,gx-no-cache=1489428212938 HTTP/1.1" 200 30
186.103.158.250 - - [13/Mar/2017:15:02:25 -0300] "GET /cormun/servlet/trsolicitudot? HTTP/1.1" 200 8488
186.103.158.250 - - [13/Mar/2017:15:02:26 -0300] "GET /cormun/servlet/trsolicitudot? HTTP/1.1" 200 8482
186.79.4.25 - - [13/Mar/2017:15:02:32 -0300] "POST /cormun/servlet/solicitudot?d020f8740714d227226a6e60c5e41d6b,INS,0,0,,gx-no-cache=1489428223791 HTTP/1.1" 200 93
186.79.4.25 - - [13/Mar/2017:15:02:32 -0300] "GET /cormun/servlet/hpexe_return? HTTP/1.1" 200 1008
186.79.4.25 - - [13/Mar/2017:15:02:33 -0300] "GET /cormun/servlet/trsolicitudot HTTP/1.1" 200 8681
186.103.158.250 - - [13/Mar/2017:15:02:35 -0300] "POST /cormun/servlet/trsolicitudot?37678fc7968204e2857481163374529a,,gx-no-cache=1489428223978 HTTP/1.1" 200 5923
186.103.158.250 - - [13/Mar/2017:15:02:35 -0300] "GET /cormun/static/Shared/jqueryui/images/ui-bg_highlight-soft_100_c6c2c8_1x100.png HTTP/1.1" 404 1117
186.103.158.250 - - [13/Mar/2017:15:02:35 -0300] "GET /cormun/static/Shared/jqueryui/images/ui-icons_82798d_256x240.png HTTP/1.1" 404 1089
186.103.158.250 - - [13/Mar/2017:15:02:35 -0300] "GET /cormun/static/Shared/jqueryui/images/ui-bg_flat_55_fafafa_40x100.png HTTP/1.1" 404 1097
186.79.4.25 - - [13/Mar/2017:15:02:35 -0300] "GET /cormun/servlet/trsolicitudot HTTP/1.1" 200 8677
186.103.158.250 - - [13/Mar/2017:15:02:35 -0300] "GET /cormun/static/Shared/jqueryui/images/ui-icons_8d78a5_256x240.png HTTP/1.1" 404 1089
186.103.158.250 - - [13/Mar/2017:15:02:44 -0300] "POST /cormun/servlet/trsolicitudot?37678fc7968204e2857481163374529a,,gx-no-cache=1489428232832 HTTP/1.1" 200 5923
186.79.4.25 - - [13/Mar/2017:15:02:44 -0300] "POST /cormun/servlet/trsolicitudot?d020f8740714d227226a6e60c5e41d6b,gx-no-cache=1489428236444 HTTP/1.1" 200 5469
186.79.4.25 - - [13/Mar/2017:15:02:44 -0300] "GET /cormun/static/Shared/jqueryui/images/ui-bg_highlight-soft_100_c6c2c8_1x100.png HTTP/1.1" 404 1117
186.79.4.25 - - [13/Mar/2017:15:02:45 -0300] "GET /cormun/static/Shared/jqueryui/images/ui-bg_flat_55_fafafa_40x100.png HTTP/1.1" 404 1097
186.79.4.25 - - [13/Mar/2017:15:02:45 -0300] "GET /cormun/static/Shared/jqueryui/images/ui-icons_8d78a5_256x240.png HTTP/1.1" 404 1089
186.79.4.25 - - [13/Mar/2017:15:02:45 -0300] "POST /cormun/servlet/trsolicitudot?d020f8740714d227226a6e60c5e41d6b,gx-no-cache=1489428237244 HTTP/1.1" 200 5412
186.79.4.25 - - [13/Mar/2017:15:02:45 -0300] "GET /cormun/static/Shared/jqueryui/images/ui-icons_82798d_256x240.png HTTP/1.1" 404 1089
186.103.158.250 - - [13/Mar/2017:15:02:52 -0300] "POST /cormun/servlet/trsolicitudot?37678fc7968204e2857481163374529a,,gx-no-cache=1489428241017 HTTP/1.1" 200 107
186.103.158.250 - - [13/Mar/2017:15:02:52 -0300] "GET /cormun/servlet/trsolicitudadjuntos?2017,5468, HTTP/1.1" 200 5872
186.79.4.25 - - [13/Mar/2017:15:02:52 -0300] "GET /cormun/servlet/trautorizarsolicitud? HTTP/1.1" 200 8153
186.103.158.250 - - [13/Mar/2017:15:02:53 -0300] "GET /cormun/servlet/trsolicitudadjuntos?2017,5468, HTTP/1.1" 200 5871
186.103.158.250 - - [13/Mar/2017:15:02:59 -0300] "GET /cormun/servlet/solicitudotadjuntos?INS,2017,5468,,1, HTTP/1.1" 200 5803
186.103.158.250 - - [13/Mar/2017:15:03:00 -0300] "GET /cormun/static/about:blank HTTP/1.1" 404 1011
186.103.158.250 - - [13/Mar/2017:15:03:00 -0300] "GET /cormun/servlet/solicitudotadjuntos?INS,2017,5468,,1, HTTP/1.1" 200 5797
186.103.158.250 - - [13/Mar/2017:15:03:01 -0300] "GET /cormun/servlet/solicitudotadjuntos?e456b946ecbd5bc7518b40fd18ada389d0bbf2f8a580337a64b741b273edc3b815988511db9f59df77d8cc81e64d97eb,gx-no-cache=1489428250299 HTTP/1.1" 200 30
186.103.158.250 - - [13/Mar/2017:15:03:01 -0300] "POST /cormun/servlet/solicitudotadjuntos?37678fc7968204e2857481163374529a,INS,2017,5468,,1,,gx-no-cache=1489428250396 HTTP/1.1" 200 3647
186.79.4.25 - - [13/Mar/2017:15:03:03 -0300] "GET /cormun/servlet/trautorizarsolicitud? HTTP/1.1" 200 8153
186.103.158.250 - - [13/Mar/2017:15:03:09 -0300] "GET /cormun/servlet/trsolicitudadjuntos?2017,5468, HTTP/1.1" 200 5872
186.103.158.250 - - [13/Mar/2017:15:03:11 -0300] "GET /cormun/servlet/trsolicitudadjuntos?2017,5468, HTTP/1.1" 200 5871
186.103.158.250 - - [13/Mar/2017:15:03:12 -0300] "GET /cormun/servlet/trsolicitudot? HTTP/1.1" 200 8488
186.79.4.25 - - [13/Mar/2017:15:03:12 -0300] "POST /cormun/servlet/trautorizarsolicitud?d020f8740714d227226a6e60c5e41d6b,,gx-no-cache=1489428264025 HTTP/1.1" 200 4316
186.103.158.250 - - [13/Mar/2017:15:03:13 -0300] "GET /cormun/servlet/trsolicitudot? HTTP/1.1" 200 8482
186.79.4.25 - - [13/Mar/2017:15:03:14 -0300] "POST /cormun/servlet/trautorizarsolicitud?d020f8740714d227226a6e60c5e41d6b,,gx-no-cache=1489428266822 HTTP/1.1" 200 4102
186.103.158.250 - - [13/Mar/2017:15:03:19 -0300] "POST /cormun/servlet/trsolicitudot?37678fc7968204e2857481163374529a,,gx-no-cache=1489428268013 HTTP/1.1" 200 107
186.103.158.250 - - [13/Mar/2017:15:03:19 -0300] "GET /cormun/servlet/trsolicitudadjuntos?2017,5468, HTTP/1.1" 200 5872
186.103.158.250 - - [13/Mar/2017:15:03:20 -0300] "GET /cormun/servlet/trsolicitudadjuntos?2017,5468, HTTP/1.1" 200 5871
186.103.159.204 - - [13/Mar/2017:15:03:22 -0300] "GET /cormun/servlet/hpexe_return? HTTP/1.1" 200 981
186.103.159.204 - - [13/Mar/2017:15:03:23 -0300] "GET /cormun/static/gxtimezone.js?85251 HTTP/1.1" 200 5781
186.103.159.204 - - [13/Mar/2017:15:03:23 -0300] "GET /cormun/static/gxcfg.js?2016101716175148 HTTP/1.1" 200 953
186.103.159.204 - - [13/Mar/2017:15:03:23 -0300] "GET /cormun/static/RunJS/RunJS.js HTTP/1.1" 200 288
186.103.159.204 - - [13/Mar/2017:15:03:23 -0300] "GET /cormun/static/hpexe_return.js?2016101716175153 HTTP/1.1" 200 1633
186.103.159.204 - - [13/Mar/2017:15:03:23 -0300] "GET /cormun/static/Resources/Spanish/PXTools.css?167811 HTTP/1.1" 200 89042
186.103.159.204 - - [13/Mar/2017:15:03:23 -0300] "GET /cormun/static/gxgral.js?85251 HTTP/1.1" 200 384558
186.103.159.204 - - [13/Mar/2017:15:03:23 -0300] "GET /cormun/static/messages.spa.js?85251 HTTP/1.1" 200 30736
186.103.158.250 - - [13/Mar/2017:15:03:25 -0300] "GET /cormun/servlet/solicitudotadjuntos?INS,2017,5468,,1, HTTP/1.1" 200 5803
186.103.159.204 - - [13/Mar/2017:15:03:25 -0300] "GET /cormun/static/Resources/indicator.gif HTTP/1.1" 200 1553
186.103.159.204 - - [13/Mar/2017:15:03:25 -0300] "GET /cormun/servlet/hhome HTTP/1.1" 200 3295
186.103.158.250 - - [13/Mar/2017:15:03:25 -0300] "GET /cormun/static/about:blank HTTP/1.1" 404 1011
186.103.157.39 - - [13/Mar/2017:15:03:26 -0300] "GET /cormun/servlet/hlogin HTTP/1.1" 200 1721
186.103.157.39 - - [13/Mar/2017:15:03:26 -0300] "GET /cormun/static/gxtimezone.js?85251 HTTP/1.1" 200 5781
186.103.157.39 - - [13/Mar/2017:15:03:26 -0300] "GET /cormun/static/gxcfg.js?201612216162538 HTTP/1.1" 200 953
186.103.157.39 - - [13/Mar/2017:15:03:26 -0300] "GET /cormun/static/hlogin.js?201612216162555 HTTP/1.1" 200 2136
186.103.157.39 - - [13/Mar/2017:15:03:26 -0300] "GET /cormun/static/Resources/ComunLogin.png HTTP/1.1" 200 17326
186.103.157.39 - - [13/Mar/2017:15:03:26 -0300] "GET /cormun/static/messages.spa.js?85251 HTTP/1.1" 200 30736
186.103.157.39 - - [13/Mar/2017:15:03:26 -0300] "GET /cormun/static/Resources/Spanish/PXTools.css?167811 HTTP/1.1" 200 89042
186.103.158.250 - - [13/Mar/2017:15:03:26 -0300] "GET /cormun/servlet/solicitudotadjuntos?INS,2017,5468,,1, HTTP/1.1" 200 5797
186.103.157.39 - - [13/Mar/2017:15:03:26 -0300] "GET /cormun/static/gxgral.js?85251 HTTP/1.1" 200 384558
186.103.157.39 - - [13/Mar/2017:15:03:27 -0300] "GET /cormun/servlet/hlogin HTTP/1.1" 200 1732
186.103.157.39 - - [13/Mar/2017:15:03:27 -0300] "GET /cormun/static/Resources/indicator.gif HTTP/1.1" 200 1553
186.103.157.39 - - [13/Mar/2017:15:03:27 -0300] "GET /cormun/static/Resources/PXToolsLoginBackground.png HTTP/1.1" 200 1164
186.103.158.250 - - [13/Mar/2017:15:03:27 -0300] "GET /cormun/servlet/solicitudotadjuntos?e456b946ecbd5bc7518b40fd18ada389d0bbf2f8a580337a64b741b273edc3b815988511db9f59df77d8cc81e64d97eb,gx-no-cache=1489428276237 HTTP/1.1" 200 30
186.103.157.39 - - [13/Mar/2017:15:03:27 -0300] "GET /favicon.ico HTTP/1.1" 200 21630
186.103.157.39 - - [13/Mar/2017:15:03:27 -0300] "GET /cormun/static/Resources/PXToolsButtonRight21.png HTTP/1.1" 200 1283
186.103.157.39 - - [13/Mar/2017:15:03:27 -0300] "GET /cormun/static/Resources/PXToolsLoginTop.png HTTP/1.1" 200 1337
186.103.157.39 - - [13/Mar/2017:15:03:27 -0300] "GET /cormun/static/Resources/PXToolsLoginBottom.png HTTP/1.1" 200 1389
186.103.157.39 - - [13/Mar/2017:15:03:27 -0300] "GET /cormun/static/Resources/PXToolsButtonBackground2.png HTTP/1.1" 200 1181
186.103.157.39 - - [13/Mar/2017:15:03:27 -0300] "GET /cormun/static/Resources/PXToolsButtonLeft21.png HTTP/1.1" 200 1287
186.103.158.250 - - [13/Mar/2017:15:03:27 -0300] "POST /cormun/servlet/solicitudotadjuntos?37678fc7968204e2857481163374529a,INS,2017,5468,,1,,gx-no-cache=1489428276335 HTTP/1.1" 200 3647
186.103.157.39 - - [13/Mar/2017:15:03:27 -0300] "GET /cormun/static/Resources/PXToolsLoginTop.png HTTP/1.1" 200 1337
186.103.157.39 - - [13/Mar/2017:15:03:27 -0300] "GET /cormun/static/Resources/PXToolsLoginBottom.png HTTP/1.1" 200 1389
186.103.157.39 - - [13/Mar/2017:15:03:27 -0300] "GET /cormun/static/Resources/PXToolsButtonRight21.png HTTP/1.1" 200 1283
186.103.157.39 - - [13/Mar/2017:15:03:27 -0300] "GET /cormun/static/Resources/PXToolsButtonLeft21.png HTTP/1.1" 200 1287
186.103.157.39 - - [13/Mar/2017:15:03:27 -0300] "GET /cormun/static/Resources/PXToolsButtonBackground2.png HTTP/1.1" 200 1181
186.103.158.250 - - [13/Mar/2017:15:03:29 -0300] "POST /cormun/servlet/solicitudotadjuntos?gx-no-cache=1489428278474 HTTP/1.1" 200 26
186.103.158.250 - - [13/Mar/2017:15:03:33 -0300] "GET /cormun/servlet/solicitudotadjuntos?e456b946ecbd5bc7518b40fd18ada389d61683432344512cb2f957fdb6b72579,gx-no-cache=1489428282865 HTTP/1.1" 200 30
186.103.158.250 - - [13/Mar/2017:15:03:33 -0300] "GET /cormun/servlet/solicitudotadjuntos?e456b946ecbd5bc7518b40fd18ada389d61683432344512cb2f957fdb6b72579,gx-no-cache=1489428282914 HTTP/1.1" 200 30
186.79.113.67 - - [13/Mar/2017:15:03:34 -0300] "GET /cormun/servlet/hlogin HTTP/1.1" 200 1720
186.103.158.250 - - [13/Mar/2017:15:03:34 -0300] "POST /cormun/servlet/solicitudotadjuntos?37678fc7968204e2857481163374529a,INS,2017,5468,,1, HTTP/1.1" 200 116
186.103.158.250 - - [13/Mar/2017:15:03:34 -0300] "GET /cormun/servlet/hpexe_return? HTTP/1.1" 200 1031
186.103.158.250 - - [13/Mar/2017:15:03:34 -0300] "GET /cormun/servlet/trsolicitudadjuntos?2017,5468, HTTP/1.1" 200 7969
186.103.158.250 - - [13/Mar/2017:15:03:35 -0300] "GET /cormun/servlet/trsolicitudadjuntos?2017,5468, HTTP/1.1" 200 7966
186.79.113.67 - - [13/Mar/2017:15:03:36 -0300] "POST /cormun/servlet/hlogin?747928e17c872ca1c4a2fa76c144bd38,gx-no-cache=1489428286145 HTTP/1.1" 200 90
186.79.113.67 - - [13/Mar/2017:15:03:36 -0300] "GET /cormun/servlet/hpexe_link HTTP/1.1" 200 955
186.79.113.67 - - [13/Mar/2017:15:03:37 -0300] "GET /cormun/servlet/hhome HTTP/1.1" 200 3762
186.79.113.67 - - [13/Mar/2017:15:03:37 -0300] "GET /cormun/servlet/hhome HTTP/1.1" 200 3759
186.103.158.250 - - [13/Mar/2017:15:03:38 -0300] "GET /cormun/servlet/solicitudotadjuntos?INS,2017,5468,,1, HTTP/1.1" 200 5803
186.103.158.250 - - [13/Mar/2017:15:03:39 -0300] "GET /cormun/static/about:blank HTTP/1.1" 404 1011
186.103.158.250 - - [13/Mar/2017:15:03:40 -0300] "GET /cormun/servlet/solicitudotadjuntos?INS,2017,5468,,1, HTTP/1.1" 200 5797
186.103.158.250 - - [13/Mar/2017:15:03:40 -0300] "GET /cormun/servlet/solicitudotadjuntos?e456b946ecbd5bc7518b40fd18ada389d0bbf2f8a580337a64b741b273edc3b815988511db9f59df77d8cc81e64d97eb,gx-no-cache=1489428289519 HTTP/1.1" 200 30
186.103.158.250 - - [13/Mar/2017:15:03:40 -0300] "POST /cormun/servlet/solicitudotadjuntos?37678fc7968204e2857481163374529a,INS,2017,5468,,1,,gx-no-cache=1489428289588 HTTP/1.1" 200 3647
186.79.113.67 - - [13/Mar/2017:15:03:40 -0300] "GET /cormun/servlet/trsolicitudot? HTTP/1.1" 200 6697
186.79.113.67 - - [13/Mar/2017:15:03:41 -0300] "GET /cormun/servlet/trsolicitudot? HTTP/1.1" 200 6696
186.79.113.67 - - [13/Mar/2017:15:03:44 -0300] "POST /cormun/servlet/trsolicitudot?747928e17c872ca1c4a2fa76c144bd38,,gx-no-cache=1489428293561 HTTP/1.1" 200 103
186.79.113.67 - - [13/Mar/2017:15:03:44 -0300] "GET /cormun/SolicitudOT-4848.xls HTTP/1.1" 200 4608
186.103.158.250 - - [13/Mar/2017:15:03:46 -0300] "POST /cormun/servlet/solicitudotadjuntos?gx-no-cache=1489428295673 HTTP/1.1" 200 26
186.79.113.67 - - [13/Mar/2017:15:03:56 -0300] "GET /cormun/servlet/solicitudot?INS,0,0, HTTP/1.1" 200 12573
186.79.113.67 - - [13/Mar/2017:15:03:57 -0300] "GET /cormun/servlet/solicitudot?INS,0,0, HTTP/1.1" 200 12577
186.103.158.250 - - [13/Mar/2017:15:03:57 -0300] "GET /cormun/servlet/solicitudotadjuntos?e456b946ecbd5bc7518b40fd18ada389d61683432344512cb2f957fdb6b72579,gx-no-cache=1489428306721 HTTP/1.1" 200 30
186.103.158.250 - - [13/Mar/2017:15:03:57 -0300] "GET /cormun/servlet/solicitudotadjuntos?e456b946ecbd5bc7518b40fd18ada389d61683432344512cb2f957fdb6b72579,gx-no-cache=1489428306784 HTTP/1.1" 200 30
186.103.158.250 - - [13/Mar/2017:15:03:58 -0300] "POST /cormun/servlet/solicitudotadjuntos?37678fc7968204e2857481163374529a,INS,2017,5468,,1, HTTP/1.1" 200 116
186.103.158.250 - - [13/Mar/2017:15:03:59 -0300] "GET /cormun/servlet/hpexe_return? HTTP/1.1" 200 1031
186.103.158.250 - - [13/Mar/2017:15:03:59 -0300] "GET /cormun/servlet/trsolicitudadjuntos?2017,5468, HTTP/1.1" 200 8181
186.103.158.250 - - [13/Mar/2017:15:04:00 -0300] "GET /cormun/servlet/trsolicitudadjuntos?2017,5468, HTTP/1.1" 200 8181
186.103.158.250 - - [13/Mar/2017:15:04:03 -0300] "GET /cormun/servlet/solicitudotadjuntos?INS,2017,5468,,1, HTTP/1.1" 200 5803
186.103.158.250 - - [13/Mar/2017:15:04:04 -0300] "GET /cormun/static/about:blank HTTP/1.1" 404 1011
186.103.158.250 - - [13/Mar/2017:15:04:04 -0300] "GET /cormun/servlet/solicitudotadjuntos?INS,2017,5468,,1, HTTP/1.1" 200 5797
186.103.158.250 - - [13/Mar/2017:15:04:04 -0300] "GET /cormun/servlet/solicitudotadjuntos?e456b946ecbd5bc7518b40fd18ada389d0bbf2f8a580337a64b741b273edc3b815988511db9f59df77d8cc81e64d97eb,gx-no-cache=1489428313776 HTTP/1.1" 200 30
186.103.158.250 - - [13/Mar/2017:15:04:05 -0300] "POST /cormun/servlet/solicitudotadjuntos?37678fc7968204e2857481163374529a,INS,2017,5468,,1,,gx-no-cache=1489428313867 HTTP/1.1" 200 3647
186.103.158.250 - - [13/Mar/2017:15:04:09 -0300] "POST /cormun/servlet/solicitudotadjuntos?gx-no-cache=1489428318433 HTTP/1.1" 200 26
186.103.158.250 - - [13/Mar/2017:15:04:21 -0300] "GET /cormun/servlet/solicitudotadjuntos?e456b946ecbd5bc7518b40fd18ada389d61683432344512cb2f957fdb6b72579,gx-no-cache=1489428330143 HTTP/1.1" 200 30
186.103.158.250 - - [13/Mar/2017:15:04:21 -0300] "GET /cormun/servlet/solicitudotadjuntos?e456b946ecbd5bc7518b40fd18ada389d61683432344512cb2f957fdb6b72579,gx-no-cache=1489428330208 HTTP/1.1" 200 30
186.103.158.250 - - [13/Mar/2017:15:04:21 -0300] "POST /cormun/servlet/solicitudotadjuntos?37678fc7968204e2857481163374529a,INS,2017,5468,,1, HTTP/1.1" 200 116
186.103.158.250 - - [13/Mar/2017:15:04:21 -0300] "GET /cormun/servlet/hpexe_return? HTTP/1.1" 200 1031
186.103.158.250 - - [13/Mar/2017:15:04:21 -0300] "GET /cormun/servlet/trsolicitudadjuntos?2017,5468, HTTP/1.1" 200 8356
186.79.113.67 - - [13/Mar/2017:15:04:22 -0300] "POST /cormun/servlet/solicitudot?gx-no-cache=1489428331926 HTTP/1.1" 200 3191
186.103.158.250 - - [13/Mar/2017:15:04:23 -0300] "GET /cormun/servlet/trsolicitudadjuntos?2017,5468, HTTP/1.1" 200 8354
186.79.113.67 - - [13/Mar/2017:15:04:23 -0300] "POST /cormun/servlet/solicitudot?747928e17c872ca1c4a2fa76c144bd38,INS,0,0,,gx-no-cache=1489428332479 HTTP/1.1" 200 9801
186.103.158.250 - - [13/Mar/2017:15:04:26 -0300] "GET /cormun/servlet/solicitudotadjuntos?INS,2017,5468,,1, HTTP/1.1" 200 5804
186.103.158.250 - - [13/Mar/2017:15:04:26 -0300] "GET /cormun/static/about:blank HTTP/1.1" 404 1011
186.103.158.250 - - [13/Mar/2017:15:04:27 -0300] "GET /cormun/servlet/solicitudotadjuntos?INS,2017,5468,,1, HTTP/1.1" 200 5798
186.103.158.250 - - [13/Mar/2017:15:04:27 -0300] "GET /cormun/servlet/solicitudotadjuntos?e456b946ecbd5bc7518b40fd18ada389d0bbf2f8a580337a64b741b273edc3b815988511db9f59df77d8cc81e64d97eb,gx-no-cache=1489428336879 HTTP/1.1" 200 30
186.103.158.250 - - [13/Mar/2017:15:04:28 -0300] "POST /cormun/servlet/solicitudotadjuntos?37678fc7968204e2857481163374529a,INS,2017,5468,,1,,gx-no-cache=1489428336973 HTTP/1.1" 200 3648
186.79.113.67 - - [13/Mar/2017:15:04:32 -0300] "GET /cormun/servlet/solicitudot?f8641e0d03807b1e169c588113c2a97d884a7e7494bd94b4b3839dd9bd4e793207e213e94835f21f9a4ea95e7f159332,gx-no-cache=1489428341514 HTTP/1.1" 200 30
186.79.113.67 - - [13/Mar/2017:15:04:32 -0300] "POST /cormun/servlet/solicitudot?gx-no-cache=1489428342035 HTTP/1.1" 200 297
