186.79.113.67 - - [13/Mar/2017:10:22:28 -0300] "POST /cormun/servlet/solicitudot?gx-no-cache=1489411417583 HTTP/1.1" 200 30
186.79.245.72 - - [13/Mar/2017:10:22:40 -0300] "POST /cormun/servlet/trlicencias?f4383acc3706ecb3dce1a03531298e17,,gx-no-cache=1489411428737 HTTP/1.1" 200 4083
186.79.113.67 - - [13/Mar/2017:10:22:41 -0300] "POST /cormun/servlet/solicitudot?gx-no-cache=1489411430505 HTTP/1.1" 200 235
186.79.113.67 - - [13/Mar/2017:10:22:41 -0300] "POST /cormun/servlet/solicitudot?gx-no-cache=1489411430785 HTTP/1.1" 200 38
192.168.10.89 - - [13/Mar/2017:10:22:53 -0300] "POST /cormun/servlet/trsolicitudgral?4c4fcba95a75dfcb85513b1a2f351d5b,gx-no-cache=1489413777955,gx-no-cache=1489414655834 HTTP/1.1" 200 6519
186.103.159.44 - - [13/Mar/2017:10:22:53 -0300] "GET /cormun/servlet/licenciaspermisos?3157d64962c25795a19c3052f42318c50d91177af444d0c14db8248994883cdce94d4683706dbee2497b73beb48da27efc7089f5583ad1077c23e093479c9bef60c2bf122eebc684e8e855047d98f667bb2caaeacc4b6f5280aee29a916efcf7dab86b3d6acdd664d61c9dfa13446a9fc06794ca93ec6db9ee7c587fba58c9a0e7efdfae6b96a88485bcb7c770cd91921d4391eeb13b95fa1d0cc54e4b37e82e328a11d28cc872572195f4ea7d86de21,gx-no-cache=1489411442311 HTTP/1.1" 200 30
186.103.159.44 - - [13/Mar/2017:10:22:54 -0300] "GET /cormun/servlet/licenciaspermisos?3157d64962c25795a19c3052f42318c53b166345f96a7f6ea7b1c52b7814ad3423a1690d8c703461f27c1410b3a8da3f1d4a817201db61d723b0987518903d191b990f78547d12cccab20c5a255b22a592cc8e5e4dc7e2ffaca4d56e9858620b0e45407c64b802aefa8b0384f1587867354747f26e69d813b91284ee2c87e8e6ce7a4c3429d4faa0469ec5cb81e9c5943a05b1f9e4be80c3529db5f1f944465cdfa264fa9df691be010c1e4fe7ec0cd6,gx-no-cache=1489411442763 HTTP/1.1" 200 29
186.103.159.44 - - [13/Mar/2017:10:22:54 -0300] "POST /cormun/servlet/licenciaspermisos?70e3666818512a37b949f59b46338c3d,INS,0,,,,gx-no-cache=1489411443126 HTTP/1.1" 200 93
186.103.159.44 - - [13/Mar/2017:10:22:54 -0300] "GET /cormun/servlet/hpexe_return? HTTP/1.1" 200 1012
186.103.159.44 - - [13/Mar/2017:10:22:55 -0300] "GET /cormun/servlet/trlicencias HTTP/1.1" 200 7808
192.168.10.89 - - [13/Mar/2017:10:22:57 -0300] "POST /cormun/servlet/trsolicitudgral?4c4fcba95a75dfcb85513b1a2f351d5b,gx-no-cache=1489413777955,gx-no-cache=1489414660506 HTTP/1.1" 200 5365
186.103.159.44 - - [13/Mar/2017:10:23:01 -0300] "GET /cormun/servlet/trlicenciaspermisosadjuntos?17135465,20170313000000,L, HTTP/1.1" 200 6127
186.103.159.44 - - [13/Mar/2017:10:23:01 -0300] "GET /cormun/static/gxcfg.js?2016122813131454 HTTP/1.1" 304 -
186.103.159.44 - - [13/Mar/2017:10:23:06 -0300] "GET /cormun/servlet/licenciaspermisosadjuntos?INS,17135465,L,20170313000000,, HTTP/1.1" 200 5423
186.103.159.44 - - [13/Mar/2017:10:23:07 -0300] "GET /cormun/static/gxcfg.js?2016122813131386 HTTP/1.1" 304 -
186.103.159.44 - - [13/Mar/2017:10:23:07 -0300] "HEAD /cormun/static/about:blank HTTP/1.1" 404 -
186.79.245.72 - - [13/Mar/2017:10:23:08 -0300] "GET /cormun/servlet/hlogin HTTP/1.1" 200 1718
186.79.245.72 - - [13/Mar/2017:10:23:20 -0300] "POST /cormun/servlet/hlogin?f4383acc3706ecb3dce1a03531298e17,gx-no-cache=1489411469315 HTTP/1.1" 200 90
186.79.245.72 - - [13/Mar/2017:10:23:21 -0300] "GET /cormun/servlet/hpexe_link HTTP/1.1" 200 954
186.79.245.72 - - [13/Mar/2017:10:23:21 -0300] "GET /cormun/servlet/hhome HTTP/1.1" 200 3742
186.79.245.72 - - [13/Mar/2017:10:23:22 -0300] "GET /cormun/servlet/hhome HTTP/1.1" 200 3739
186.79.245.72 - - [13/Mar/2017:10:23:27 -0300] "GET /cormun/servlet/trlicencias? HTTP/1.1" 200 6567
186.79.245.72 - - [13/Mar/2017:10:23:28 -0300] "GET /cormun/servlet/trlicencias? HTTP/1.1" 200 6566
186.79.245.72 - - [13/Mar/2017:10:23:32 -0300] "POST /cormun/servlet/trlicencias?f4383acc3706ecb3dce1a03531298e17,,gx-no-cache=1489411480937 HTTP/1.1" 200 3888
192.168.10.89 - - [13/Mar/2017:10:23:35 -0300] "POST /cormun/servlet/trsolicitudgral?4c4fcba95a75dfcb85513b1a2f351d5b,gx-no-cache=1489413777955,gx-no-cache=1489414697916 HTTP/1.1" 200 7661
186.103.159.44 - - [13/Mar/2017:10:23:37 -0300] "POST /cormun/servlet/licenciaspermisosadjuntos?70e3666818512a37b949f59b46338c3d,INS,17135465,L,20170313000000,, HTTP/1.1" 200 116
186.103.159.44 - - [13/Mar/2017:10:23:37 -0300] "GET /cormun/servlet/hpexe_return? HTTP/1.1" 200 1042
186.103.159.44 - - [13/Mar/2017:10:23:38 -0300] "GET /cormun/servlet/trlicenciaspermisosadjuntos?17135465,20170313000000,L, HTTP/1.1" 200 6606
192.168.10.89 - - [13/Mar/2017:10:23:42 -0300] "POST /cormun/servlet/trsolicitudgral?4c4fcba95a75dfcb85513b1a2f351d5b,gx-no-cache=1489413777955,gx-no-cache=1489414704914 HTTP/1.1" 200 7301
186.103.159.44 - - [13/Mar/2017:10:23:42 -0300] "GET /cormun/PublicTempStorage/licencia_estefania_torres4888240.pdf HTTP/1.1" 200 2755507
186.103.159.44 - - [13/Mar/2017:10:23:47 -0300] "GET /cormun/servlet/trlicencias? HTTP/1.1" 200 7805
186.79.245.72 - - [13/Mar/2017:10:23:52 -0300] "GET /cormun/static/menuarrow.gif HTTP/1.1" 404 1015
186.103.159.44 - - [13/Mar/2017:10:23:56 -0300] "GET /cormun/servlet/alicenciaprn?17135465,L,20170313000000,PU HTTP/1.1" 200 1519
192.168.10.89 - - [13/Mar/2017:10:24:05 -0300] "POST /cormun/servlet/trsolicitudgral?4c4fcba95a75dfcb85513b1a2f351d5b,gx-no-cache=1489413777955,gx-no-cache=1489414727609 HTTP/1.1" 200 6818
186.79.245.72 - - [13/Mar/2017:10:24:06 -0300] "POST /cormun/servlet/trlicencias?f4383acc3706ecb3dce1a03531298e17,,gx-no-cache=1489411514918 HTTP/1.1" 200 5145
186.79.245.72 - - [13/Mar/2017:10:24:12 -0300] "GET /cormun/servlet/alicenciaprn?9160114,L,20170313000000,PU HTTP/1.1" 200 1572
186.103.159.44 - - [13/Mar/2017:10:24:22 -0300] "POST /cormun/servlet/trlicencias?70e3666818512a37b949f59b46338c3d,,gx-no-cache=1489411530629 HTTP/1.1" 200 4071
186.103.159.44 - - [13/Mar/2017:10:24:22 -0300] "GET /cormun/static/Shared/jqueryui/images/ui-bg_flat_55_fafafa_40x100.png HTTP/1.1" 404 1097
186.103.159.44 - - [13/Mar/2017:10:24:22 -0300] "GET /cormun/static/Shared/jqueryui/images/ui-bg_highlight-soft_100_c6c2c8_1x100.png HTTP/1.1" 404 1117
186.103.159.44 - - [13/Mar/2017:10:24:22 -0300] "GET /cormun/static/Shared/jqueryui/images/ui-icons_82798d_256x240.png HTTP/1.1" 404 1089
186.103.159.44 - - [13/Mar/2017:10:24:22 -0300] "GET /cormun/static/Shared/jqueryui/images/ui-icons_8d78a5_256x240.png HTTP/1.1" 404 1089
192.168.10.89 - - [13/Mar/2017:10:24:28 -0300] "GET /cormun/servlet/solicitudgral3?UPD,2017,5259, HTTP/1.1" 200 13035
192.168.10.89 - - [13/Mar/2017:10:24:28 -0300] "GET /cormun/static/gxcfg.js?20171131357396 HTTP/1.1" 304 -
192.168.10.89 - - [13/Mar/2017:10:24:31 -0300] "POST /cormun/servlet/solicitudgral3?gx-no-cache=1489414753688 HTTP/1.1" 200 3352
192.168.10.89 - - [13/Mar/2017:10:24:31 -0300] "GET /cormun/servlet/solicitudgral3?8e58a4ebaffeee0cdb7017095db599c058162586f6523b10b069baed2b6f5dba71415bb42fc926e555f5a022ba99aeda4153ff2b814138e98040141fbb0319c683326274f4d3e2628d33f5989f19c4df239baa2e0bcbc8826086bdcd5b26793001069c13f183ae67ded1f532c05b18ddcdd755694a6e0b07a2e33b87346670f06af95f7313a69c2d33d29a13f23838a555c49855ae8ec490a01404dd5ff8719179fad3c83abc8bba497abffe592f0c413d986317aac1be8b418cf5f4a861f99b030c5dc549ec02d9de3fd1b497f52d24e47467824955dcfbb42e5b1845f55a620e63c45d5ecfc9d6237e6efda820fb99d41f9cf4d1fdb1e08dcf80813787ec0d25378b9c97dc3402d27614aeb7137d03272445b840d28d63cfff13288790efb22ca8f01cbdd3408d9ff9110d9d513c7b2f45e4a21b2cb813f9da703d6376f9fe8469b529d7d69f7ca13aad98b9475a14,gx-no-cache=1489414753977 HTTP/1.1" 200 242
192.168.10.89 - - [13/Mar/2017:10:24:31 -0300] "POST /cormun/servlet/solicitudgral3?gx-no-cache=1489414754009 HTTP/1.1" 200 1356
192.168.10.89 - - [13/Mar/2017:10:24:31 -0300] "GET /cormun/servlet/solicitudgral3?8e58a4ebaffeee0cdb7017095db599c0ab9f3f51089ff215471f07b8cb8f339c9618e36d0a88846c7bf56e7417f5b2174153ff2b814138e98040141fbb0319c6f651017a1ae4c665e7a24c5ac550c77d799eb658cd84378d12f141f973260ea96aff98f5678cd25fd96dd355d45c56ad5982736892eccc4ba7255beb5ab37d13,gx-no-cache=1489414754089 HTTP/1.1" 200 41
186.79.113.67 - - [13/Mar/2017:10:24:33 -0300] "POST /cormun/servlet/solicitudot?gx-no-cache=1489411542159 HTTP/1.1" 200 30
192.168.10.89 - - [13/Mar/2017:10:24:33 -0300] "POST /cormun/servlet/solicitudgral3?4c4fcba95a75dfcb85513b1a2f351d5b,UPD,2017,5259,,gx-no-cache=1489414756156 HTTP/1.1" 200 11061
192.168.10.89 - - [13/Mar/2017:10:24:34 -0300] "GET /cormun/servlet/solicitudgral3?8e58a4ebaffeee0cdb7017095db599c08206df1fd1fb9ed7fcf025959896ad988909d32e7ae804cb14140c9567e02e9c979ba17b00cb0224d1d51640c334935492203c41e48dde32cd431b12817c155f05892daf4c0c29b98344a6fb240b735bd7184b39beebf9def66be1ed5e28b71298af73ca76cbe1d7e76d9a02617e1cd7d611f9f206a9e279a5c479dab61d4687bd6d48e9b8ef948c4a8868eb8c61887d3a953252e84952fe0253db362df72b26fe30632a1910f4e376352f9492cecf90f3877c51466d32afde71e6db2fe399a4,gx-no-cache=1489414757355 HTTP/1.1" 200 29
192.168.10.89 - - [13/Mar/2017:10:24:34 -0300] "POST /cormun/servlet/solicitudgral3?gx-no-cache=1489414757384 HTTP/1.1" 200 1249
192.168.10.89 - - [13/Mar/2017:10:24:34 -0300] "POST /cormun/servlet/solicitudgral3?gx-no-cache=1489414757427 HTTP/1.1" 200 1155
192.168.10.89 - - [13/Mar/2017:10:24:36 -0300] "GET /cormun/servlet/solicitudgral3?8e58a4ebaffeee0cdb7017095db599c09d897d70b722efcfac172d78bd225a573a4036bc26e634f11ee47f5333212eb818e223b5d8fc9185db5a561ad3593c5d2f45e4a21b2cb813f9da703d6376f9fe86a5a798d597ff5b67b29c204ad4d4ed0b18bb30ac110dd2b4786b182b37a17af0c99656e1a4b84c35fba7fc784b3af21b7ad1ac64fae7dbd68b84e7db3641f1,gx-no-cache=1489414758807 HTTP/1.1" 200 30
192.168.10.89 - - [13/Mar/2017:10:24:36 -0300] "POST /cormun/servlet/solicitudgral3?4c4fcba95a75dfcb85513b1a2f351d5b,UPD,2017,5259,,gx-no-cache=1489414758832 HTTP/1.1" 200 93
192.168.10.89 - - [13/Mar/2017:10:24:36 -0300] "GET /cormun/servlet/hpexe_return? HTTP/1.1" 200 1033
192.168.10.89 - - [13/Mar/2017:10:24:37 -0300] "GET /cormun/servlet/trsolicitudgral?gx-no-cache=1489413777955 HTTP/1.1" 200 10208
186.79.113.67 - - [13/Mar/2017:10:24:38 -0300] "POST /cormun/servlet/solicitudot?gx-no-cache=1489411547334 HTTP/1.1" 200 656
186.79.113.67 - - [13/Mar/2017:10:24:38 -0300] "POST /cormun/servlet/solicitudot?gx-no-cache=1489411547485 HTTP/1.1" 200 38
186.79.113.67 - - [13/Mar/2017:10:24:42 -0300] "GET /cormun/servlet/solicitudot?0790fc9f8f78291918f2d1e1088771aaf51f1658bf117810933d7206e0932aa53c3281cf8b0de6085b93d03fe58e944182292215299e478cca25ed1a2c9a24e7081748c2a89aad553b6e7dc5d008ed7cf9b8feaca403aa0399fb7e5d9dabcdd9010b6e50d9feee8c3856e81085790068,gx-no-cache=1489411551962 HTTP/1.1" 200 29
186.79.113.67 - - [13/Mar/2017:10:24:42 -0300] "POST /cormun/servlet/solicitudot?gx-no-cache=1489411552113 HTTP/1.1" 200 643
186.79.113.67 - - [13/Mar/2017:10:24:44 -0300] "POST /cormun/servlet/solicitudot?gx-no-cache=1489411553451 HTTP/1.1" 200 1157
192.168.10.89 - - [13/Mar/2017:10:24:45 -0300] "POST /cormun/servlet/trsolicitudgral?4c4fcba95a75dfcb85513b1a2f351d5b,gx-no-cache=1489413777955,gx-no-cache=1489414768143 HTTP/1.1" 200 115
192.168.10.89 - - [13/Mar/2017:10:24:45 -0300] "GET /cormun/servlet/solicitudotlog?INS,2017,5262,0,REC, HTTP/1.1" 200 6175
192.168.10.89 - - [13/Mar/2017:10:24:47 -0300] "GET /cormun/servlet/solicitudotlog?8e58a4ebaffeee0cdb7017095db599c0a75efacf53add6f37256fc53d630d7074820d8d27b919f63fc9cfa32bb1a79b4800f63123cdc18477be724ddf2b020872ccf29c7ea9ec4bd272e8fc36a1aa87a629d27f4b2ac45b8371634a04645f19ade7101871e231921ac3deefa0086f549166d33eccbf86c846ada3b3e2737258ad814e2b3425676d34c6bc526a448ee0f0810dc4cf67f12ef14a1440e4c33222e,gx-no-cache=1489414770253 HTTP/1.1" 200 94
192.168.10.89 - - [13/Mar/2017:10:24:51 -0300] "POST /cormun/servlet/solicitudotlog?4c4fcba95a75dfcb85513b1a2f351d5b,INS,2017,5262,0,REC,,gx-no-cache=1489414774309 HTTP/1.1" 200 93
192.168.10.89 - - [13/Mar/2017:10:24:51 -0300] "GET /cormun/servlet/hpexe_return? HTTP/1.1" 200 1040
192.168.10.89 - - [13/Mar/2017:10:24:52 -0300] "GET /cormun/servlet/trsolicitudgral?gx-no-cache=1489413777955 HTTP/1.1" 200 9919
192.168.10.89 - - [13/Mar/2017:10:24:56 -0300] "POST /cormun/servlet/trsolicitudgral?4c4fcba95a75dfcb85513b1a2f351d5b,gx-no-cache=1489413777955,gx-no-cache=1489414779051 HTTP/1.1" 200 5380
192.168.10.89 - - [13/Mar/2017:10:24:56 -0300] "GET /cormun/static/Shared/jqueryui/images/ui-bg_flat_55_fafafa_40x100.png HTTP/1.1" 404 1097
192.168.10.89 - - [13/Mar/2017:10:24:56 -0300] "GET /cormun/static/Shared/jqueryui/images/ui-icons_8d78a5_256x240.png HTTP/1.1" 404 1089
192.168.10.89 - - [13/Mar/2017:10:24:56 -0300] "GET /cormun/static/Shared/jqueryui/images/ui-bg_highlight-soft_100_c6c2c8_1x100.png HTTP/1.1" 404 1117
192.168.10.89 - - [13/Mar/2017:10:24:56 -0300] "GET /cormun/static/Shared/jqueryui/images/ui-icons_82798d_256x240.png HTTP/1.1" 404 1089
192.168.10.89 - - [13/Mar/2017:10:25:18 -0300] "POST /cormun/servlet/trsolicitudgral?4c4fcba95a75dfcb85513b1a2f351d5b,gx-no-cache=1489413777955,gx-no-cache=1489414800647 HTTP/1.1" 200 6519
192.168.10.96 - - [13/Mar/2017:10:26:02 -0300] "GET /cormun/servlet/trsolicitudgral? HTTP/1.1" 200 13300
192.168.10.96 - - [13/Mar/2017:10:26:03 -0300] "GET /cormun/servlet/trsolicitudgral? HTTP/1.1" 200 13300
186.79.113.67 - - [13/Mar/2017:10:26:07 -0300] "GET /cormun/servlet/solicitudot?0790fc9f8f78291918f2d1e1088771aa6408508503a25ef0836c208ea5d8c70152bb898e823f5e1b7648b0ef61533d91424987b8badc17efed5fe3bbd7825aab3bc50376b975c6fec7639d4ad29ccc26f6cf02680f9f55d72d3894d809f7e445fe62e8f214fefee767964ce8cdbc772dee057911abd84fc630f892f5bc1aa9ffd7af4daa8e9ea4129d2792754d80294a1e2cbc1a46664a00a79ccc321eaac19c8e5876c8fc4858e36ef81249de722290,gx-no-cache=1489411636391 HTTP/1.1" 200 30
192.168.10.96 - - [13/Mar/2017:10:26:12 -0300] "POST /cormun/servlet/trsolicitudgral?0ab26e72e9fc4ce111a1387664fa28e7,,gx-no-cache=1489414853232 HTTP/1.1" 200 21590
192.168.10.96 - - [13/Mar/2017:10:26:24 -0300] "GET /cormun/servlet/trconsultaempleado? HTTP/1.1" 200 9185
192.168.10.96 - - [13/Mar/2017:10:26:25 -0300] "GET /cormun/static/gxcfg.js?201612218544926 HTTP/1.1" 304 -
192.168.10.96 - - [13/Mar/2017:10:26:26 -0300] "GET /cormun/servlet/trconsultaempleado? HTTP/1.1" 200 9184
192.168.10.96 - - [13/Mar/2017:10:26:33 -0300] "POST /cormun/servlet/trconsultaempleado?0ab26e72e9fc4ce111a1387664fa28e7,,gx-no-cache=1489414876428 HTTP/1.1" 200 4104
186.79.113.67 - - [13/Mar/2017:10:26:51 -0300] "POST /cormun/servlet/solicitudot?1ec21a52c42eb506bea3d17908429b48,INS,0,0,,gx-no-cache=1489411678940 HTTP/1.1" 200 93
186.79.113.67 - - [13/Mar/2017:10:26:51 -0300] "GET /cormun/servlet/hpexe_return? HTTP/1.1" 200 1011
186.79.113.67 - - [13/Mar/2017:10:26:51 -0300] "GET /cormun/servlet/trsolicitudot HTTP/1.1" 200 8008
186.79.113.67 - - [13/Mar/2017:10:26:52 -0300] "GET /cormun/servlet/trsolicitudot HTTP/1.1" 200 8004
186.79.113.67 - - [13/Mar/2017:10:26:59 -0300] "POST /cormun/servlet/trsolicitudot?1ec21a52c42eb506bea3d17908429b48,gx-no-cache=1489411688627 HTTP/1.1" 200 106
186.79.113.67 - - [13/Mar/2017:10:26:59 -0300] "GET /cormun/servlet/trsolicitudadjuntos?2017,5452, HTTP/1.1" 200 5863
186.79.113.67 - - [13/Mar/2017:10:27:00 -0300] "GET /cormun/servlet/trsolicitudadjuntos?2017,5452, HTTP/1.1" 200 5863
186.79.113.67 - - [13/Mar/2017:10:27:05 -0300] "GET /cormun/servlet/solicitudotadjuntos?INS,2017,5452,,1, HTTP/1.1" 200 5794
186.79.113.67 - - [13/Mar/2017:10:27:05 -0300] "GET /cormun/static/about:blank HTTP/1.1" 404 1011
186.79.113.67 - - [13/Mar/2017:10:27:05 -0300] "GET /cormun/servlet/solicitudotadjuntos?INS,2017,5452,,1, HTTP/1.1" 200 5788
186.79.113.67 - - [13/Mar/2017:10:27:06 -0300] "GET /cormun/servlet/solicitudotadjuntos?0790fc9f8f78291918f2d1e1088771aaf057cc46d53eecaed8bb97478f81a401dd056351e3ffead49000f91cf67026ce,gx-no-cache=1489411695513 HTTP/1.1" 200 30
186.79.113.67 - - [13/Mar/2017:10:27:06 -0300] "POST /cormun/servlet/solicitudotadjuntos?1ec21a52c42eb506bea3d17908429b48,INS,2017,5452,,1,,gx-no-cache=1489411695630 HTTP/1.1" 200 3678
186.79.113.67 - - [13/Mar/2017:10:27:11 -0300] "POST /cormun/servlet/solicitudotadjuntos?gx-no-cache=1489411700700 HTTP/1.1" 200 26
192.168.10.96 - - [13/Mar/2017:10:28:06 -0300] "POST /cormun/servlet/trconsultaempleado?0ab26e72e9fc4ce111a1387664fa28e7,,gx-no-cache=1489414969392 HTTP/1.1" 200 4429
186.79.113.67 - - [13/Mar/2017:10:28:25 -0300] "GET /cormun/servlet/solicitudotadjuntos?0790fc9f8f78291918f2d1e1088771aab09b48018fc0f3c572708086b223b048,gx-no-cache=1489411774869 HTTP/1.1" 200 30
186.79.113.67 - - [13/Mar/2017:10:28:26 -0300] "GET /cormun/servlet/solicitudotadjuntos?0790fc9f8f78291918f2d1e1088771aab09b48018fc0f3c572708086b223b048,gx-no-cache=1489411775050 HTTP/1.1" 200 30
186.79.113.67 - - [13/Mar/2017:10:28:35 -0300] "POST /cormun/servlet/solicitudotadjuntos?1ec21a52c42eb506bea3d17908429b48,INS,2017,5452,,1, HTTP/1.1" 200 116
186.79.113.67 - - [13/Mar/2017:10:28:35 -0300] "GET /cormun/servlet/hpexe_return? HTTP/1.1" 200 1029
186.79.113.67 - - [13/Mar/2017:10:28:36 -0300] "GET /cormun/servlet/trsolicitudadjuntos?2017,5452, HTTP/1.1" 200 7947
186.79.113.67 - - [13/Mar/2017:10:28:37 -0300] "GET /cormun/servlet/trsolicitudadjuntos?2017,5452, HTTP/1.1" 200 7943
186.79.113.67 - - [13/Mar/2017:10:28:43 -0300] "GET /cormun/servlet/solicitudotadjuntos?INS,2017,5452,,1, HTTP/1.1" 200 5795
186.79.113.67 - - [13/Mar/2017:10:28:44 -0300] "GET /cormun/static/about:blank HTTP/1.1" 404 1011
186.79.113.67 - - [13/Mar/2017:10:28:44 -0300] "GET /cormun/servlet/solicitudotadjuntos?INS,2017,5452,,1, HTTP/1.1" 200 5788
186.79.113.67 - - [13/Mar/2017:10:28:44 -0300] "GET /cormun/servlet/solicitudotadjuntos?0790fc9f8f78291918f2d1e1088771aaf057cc46d53eecaed8bb97478f81a401dd056351e3ffead49000f91cf67026ce,gx-no-cache=1489411793863 HTTP/1.1" 200 30
186.79.113.67 - - [13/Mar/2017:10:28:45 -0300] "POST /cormun/servlet/solicitudotadjuntos?1ec21a52c42eb506bea3d17908429b48,INS,2017,5452,,1,,gx-no-cache=1489411794023 HTTP/1.1" 200 3678
186.79.113.67 - - [13/Mar/2017:10:28:48 -0300] "POST /cormun/servlet/solicitudotadjuntos?gx-no-cache=1489411797443 HTTP/1.1" 200 26
186.79.113.67 - - [13/Mar/2017:10:28:52 -0300] "GET /cormun/servlet/solicitudotadjuntos?0790fc9f8f78291918f2d1e1088771aab09b48018fc0f3c572708086b223b048,gx-no-cache=1489411801603 HTTP/1.1" 200 30
186.79.113.67 - - [13/Mar/2017:10:28:52 -0300] "GET /cormun/servlet/solicitudotadjuntos?0790fc9f8f78291918f2d1e1088771aab09b48018fc0f3c572708086b223b048,gx-no-cache=1489411801682 HTTP/1.1" 200 30
186.79.113.67 - - [13/Mar/2017:10:28:52 -0300] "POST /cormun/servlet/solicitudotadjuntos?1ec21a52c42eb506bea3d17908429b48,INS,2017,5452,,1,,gx-no-cache=1489411801781 HTTP/1.1" 200 93
186.79.113.67 - - [13/Mar/2017:10:28:52 -0300] "GET /cormun/servlet/hpexe_return? HTTP/1.1" 200 1029
186.79.113.67 - - [13/Mar/2017:10:28:53 -0300] "GET /cormun/servlet/trsolicitudadjuntos?2017,5452, HTTP/1.1" 200 8102
186.79.113.67 - - [13/Mar/2017:10:28:53 -0300] "GET /cormun/servlet/trsolicitudadjuntos?2017,5452, HTTP/1.1" 200 8097
186.79.113.67 - - [13/Mar/2017:10:28:56 -0300] "GET /cormun/servlet/solicitudotadjuntos?INS,2017,5452,,1, HTTP/1.1" 200 5795
186.79.113.67 - - [13/Mar/2017:10:28:56 -0300] "GET /cormun/static/about:blank HTTP/1.1" 404 1011
186.79.113.67 - - [13/Mar/2017:10:28:57 -0300] "GET /cormun/servlet/solicitudotadjuntos?INS,2017,5452,,1, HTTP/1.1" 200 5788
186.79.113.67 - - [13/Mar/2017:10:28:57 -0300] "GET /cormun/servlet/solicitudotadjuntos?0790fc9f8f78291918f2d1e1088771aaf057cc46d53eecaed8bb97478f81a401dd056351e3ffead49000f91cf67026ce,gx-no-cache=1489411806836 HTTP/1.1" 200 30
186.79.113.67 - - [13/Mar/2017:10:28:57 -0300] "POST /cormun/servlet/solicitudotadjuntos?1ec21a52c42eb506bea3d17908429b48,INS,2017,5452,,1,,gx-no-cache=1489411806918 HTTP/1.1" 200 3678
186.79.113.67 - - [13/Mar/2017:10:29:00 -0300] "POST /cormun/servlet/solicitudotadjuntos?gx-no-cache=1489411810151 HTTP/1.1" 200 26
186.79.113.67 - - [13/Mar/2017:10:29:05 -0300] "GET /cormun/servlet/solicitudotadjuntos?0790fc9f8f78291918f2d1e1088771aab09b48018fc0f3c572708086b223b048,gx-no-cache=1489411814387 HTTP/1.1" 200 30
186.79.113.67 - - [13/Mar/2017:10:29:05 -0300] "GET /cormun/servlet/solicitudotadjuntos?0790fc9f8f78291918f2d1e1088771aab09b48018fc0f3c572708086b223b048,gx-no-cache=1489411814539 HTTP/1.1" 200 30
186.79.113.67 - - [13/Mar/2017:10:29:05 -0300] "POST /cormun/servlet/solicitudotadjuntos?1ec21a52c42eb506bea3d17908429b48,INS,2017,5452,,1,,gx-no-cache=1489411814653 HTTP/1.1" 200 93
186.79.113.67 - - [13/Mar/2017:10:29:05 -0300] "GET /cormun/servlet/hpexe_return? HTTP/1.1" 200 1029
186.79.113.67 - - [13/Mar/2017:10:29:06 -0300] "GET /cormun/servlet/trsolicitudadjuntos?2017,5452, HTTP/1.1" 200 8239
186.79.113.67 - - [13/Mar/2017:10:29:07 -0300] "GET /cormun/servlet/trsolicitudadjuntos?2017,5452, HTTP/1.1" 200 8237
186.79.245.72 - - [13/Mar/2017:10:29:14 -0300] "GET /cormun/servlet/trsolicitudot? HTTP/1.1" 200 7961
186.79.245.72 - - [13/Mar/2017:10:29:16 -0300] "GET /cormun/servlet/trsolicitudot? HTTP/1.1" 200 7961
186.79.245.72 - - [13/Mar/2017:10:29:21 -0300] "POST /cormun/servlet/trsolicitudot?f4383acc3706ecb3dce1a03531298e17,,gx-no-cache=1489411829986 HTTP/1.1" 200 106
186.79.245.72 - - [13/Mar/2017:10:29:22 -0300] "GET /cormun/servlet/trsolicitudadjuntos?2017,5350, HTTP/1.1" 200 7924
186.79.245.72 - - [13/Mar/2017:10:29:22 -0300] "GET /cormun/static/gxcfg.js?201612218531388 HTTP/1.1" 304 -
186.79.245.72 - - [13/Mar/2017:10:29:22 -0300] "GET /cormun/static/trsolicitudadjuntos.js?201612218531657 HTTP/1.1" 304 -
186.79.245.72 - - [13/Mar/2017:10:29:23 -0300] "GET /cormun/servlet/trsolicitudadjuntos?2017,5350, HTTP/1.1" 200 7926
186.79.113.67 - - [13/Mar/2017:10:29:27 -0300] "GET /cormun/servlet/solicitudotadjuntos?INS,2017,5452,,1, HTTP/1.1" 200 5795
186.79.113.67 - - [13/Mar/2017:10:29:28 -0300] "GET /cormun/static/about:blank HTTP/1.1" 404 1011
186.79.113.67 - - [13/Mar/2017:10:29:28 -0300] "GET /cormun/servlet/solicitudotadjuntos?INS,2017,5452,,1, HTTP/1.1" 200 5788
186.79.113.67 - - [13/Mar/2017:10:29:28 -0300] "GET /cormun/servlet/solicitudotadjuntos?0790fc9f8f78291918f2d1e1088771aaf057cc46d53eecaed8bb97478f81a401dd056351e3ffead49000f91cf67026ce,gx-no-cache=1489411838106 HTTP/1.1" 200 30
186.79.113.67 - - [13/Mar/2017:10:29:29 -0300] "POST /cormun/servlet/solicitudotadjuntos?1ec21a52c42eb506bea3d17908429b48,INS,2017,5452,,1,,gx-no-cache=1489411838224 HTTP/1.1" 200 3678
186.79.245.72 - - [13/Mar/2017:10:29:34 -0300] "GET /cormun/servlet/solicitudotadjuntos?INS,2017,5350,,2, HTTP/1.1" 200 5773
186.79.245.72 - - [13/Mar/2017:10:29:35 -0300] "GET /cormun/static/gxcfg.js?201612218465951 HTTP/1.1" 304 -
186.79.245.72 - - [13/Mar/2017:10:29:35 -0300] "GET /cormun/static/about:blank HTTP/1.1" 404 1011
186.79.113.67 - - [13/Mar/2017:10:29:35 -0300] "POST /cormun/servlet/solicitudotadjuntos?gx-no-cache=1489411844550 HTTP/1.1" 200 26
186.79.245.72 - - [13/Mar/2017:10:29:36 -0300] "GET /cormun/servlet/solicitudotadjuntos?INS,2017,5350,,2, HTTP/1.1" 200 5767
186.79.245.72 - - [13/Mar/2017:10:29:36 -0300] "GET /cormun/servlet/solicitudotadjuntos?da03e7ea476ce7397994e4fda0478bc067d27cbf282aa16278c08216527541f284c590899ec891c0f2b15918bc7e6fda,gx-no-cache=1489411845187 HTTP/1.1" 200 30
186.79.245.72 - - [13/Mar/2017:10:29:37 -0300] "POST /cormun/servlet/solicitudotadjuntos?f4383acc3706ecb3dce1a03531298e17,INS,2017,5350,,2,,gx-no-cache=1489411845329 HTTP/1.1" 200 3849
186.79.113.67 - - [13/Mar/2017:10:29:41 -0300] "GET /cormun/servlet/solicitudotadjuntos?0790fc9f8f78291918f2d1e1088771aab09b48018fc0f3c572708086b223b048,gx-no-cache=1489411850881 HTTP/1.1" 200 30
186.79.113.67 - - [13/Mar/2017:10:29:41 -0300] "GET /cormun/servlet/solicitudotadjuntos?0790fc9f8f78291918f2d1e1088771aab09b48018fc0f3c572708086b223b048,gx-no-cache=1489411850993 HTTP/1.1" 200 30
186.79.113.67 - - [13/Mar/2017:10:29:51 -0300] "POST /cormun/servlet/solicitudotadjuntos?1ec21a52c42eb506bea3d17908429b48,INS,2017,5452,,1, HTTP/1.1" 200 5860
186.79.113.67 - - [13/Mar/2017:10:29:52 -0300] "GET /cormun/static/Shared/jqueryui/images/ui-bg_highlight-soft_100_c6c2c8_1x100.png HTTP/1.1" 404 1117
186.79.113.67 - - [13/Mar/2017:10:29:52 -0300] "GET /cormun/static/Shared/jqueryui/images/ui-icons_82798d_256x240.png HTTP/1.1" 404 1089
186.79.113.67 - - [13/Mar/2017:10:29:52 -0300] "GET /cormun/static/Shared/jqueryui/images/ui-icons_ebccce_256x240.png HTTP/1.1" 404 1089
186.79.113.67 - - [13/Mar/2017:10:29:52 -0300] "GET /cormun/static/Shared/jqueryui/images/ui-bg_flat_55_994d53_40x100.png HTTP/1.1" 404 1097
186.79.113.67 - - [13/Mar/2017:10:29:53 -0300] "GET /cormun/PrivateTempStorage/upload_00016090.jpg HTTP/1.1" 200 467634
186.79.113.67 - - [13/Mar/2017:10:30:22 -0300] "GET /cormun/servlet/hlogin HTTP/1.1" 200 1719
186.79.113.67 - - [13/Mar/2017:10:30:25 -0300] "POST /cormun/servlet/hlogin?2df2cb6d170138a4612120ed9ce84a6f,gx-no-cache=1489411894305 HTTP/1.1" 200 90
186.79.113.67 - - [13/Mar/2017:10:30:25 -0300] "GET /cormun/servlet/hpexe_link HTTP/1.1" 200 955
186.79.113.67 - - [13/Mar/2017:10:30:25 -0300] "GET /cormun/servlet/hhome HTTP/1.1" 200 3760
186.79.113.67 - - [13/Mar/2017:10:30:26 -0300] "GET /cormun/servlet/hhome HTTP/1.1" 200 3757
192.168.10.89 - - [13/Mar/2017:10:30:27 -0300] "POST /cormun/servlet/trsolicitudgral?4c4fcba95a75dfcb85513b1a2f351d5b,gx-no-cache=1489413777955,gx-no-cache=1489415109682 HTTP/1.1" 200 7853
186.79.113.67 - - [13/Mar/2017:10:30:30 -0300] "GET /cormun/servlet/trsolicitudot? HTTP/1.1" 200 8002
186.79.113.67 - - [13/Mar/2017:10:30:31 -0300] "GET /cormun/servlet/trsolicitudot? HTTP/1.1" 200 8000
186.79.113.67 - - [13/Mar/2017:10:30:35 -0300] "POST /cormun/servlet/trsolicitudot?2df2cb6d170138a4612120ed9ce84a6f,,gx-no-cache=1489411904154 HTTP/1.1" 200 106
186.79.113.67 - - [13/Mar/2017:10:30:35 -0300] "GET /cormun/servlet/trsolicitudadjuntos?2017,5452, HTTP/1.1" 200 8232
186.79.113.67 - - [13/Mar/2017:10:30:36 -0300] "GET /cormun/servlet/trsolicitudadjuntos?2017,5452, HTTP/1.1" 200 8234
186.79.113.67 - - [13/Mar/2017:10:30:42 -0300] "GET /cormun/servlet/solicitudotadjuntos?INS,2017,5452,,1, HTTP/1.1" 200 5788
186.79.113.67 - - [13/Mar/2017:10:30:42 -0300] "GET /cormun/static/about:blank HTTP/1.1" 404 1011
186.79.113.67 - - [13/Mar/2017:10:30:43 -0300] "GET /cormun/servlet/solicitudotadjuntos?INS,2017,5452,,1, HTTP/1.1" 200 5783
186.79.113.67 - - [13/Mar/2017:10:30:43 -0300] "GET /cormun/servlet/solicitudotadjuntos?3186a0a65930b680247ce0ddd83ac2b2b05f936bb59e753942cb64756b1b83ff4853644779f9623b68489df072366d3c,gx-no-cache=1489411912955 HTTP/1.1" 200 30
186.79.113.67 - - [13/Mar/2017:10:30:44 -0300] "POST /cormun/servlet/solicitudotadjuntos?2df2cb6d170138a4612120ed9ce84a6f,INS,2017,5452,,1,,gx-no-cache=1489411913122 HTTP/1.1" 200 3673
186.79.113.67 - - [13/Mar/2017:10:30:49 -0300] "POST /cormun/servlet/solicitudotadjuntos?gx-no-cache=1489411918356 HTTP/1.1" 200 26
186.79.113.67 - - [13/Mar/2017:10:31:04 -0300] "GET /cormun/servlet/solicitudotadjuntos?3186a0a65930b680247ce0ddd83ac2b244be45d42015a3a342c625a52f0e9695,gx-no-cache=1489411934071 HTTP/1.1" 200 30
186.79.113.67 - - [13/Mar/2017:10:31:05 -0300] "GET /cormun/servlet/solicitudotadjuntos?3186a0a65930b680247ce0ddd83ac2b244be45d42015a3a342c625a52f0e9695,gx-no-cache=1489411934387 HTTP/1.1" 200 30
186.79.113.67 - - [13/Mar/2017:10:31:20 -0300] "POST /cormun/servlet/solicitudotadjuntos?2df2cb6d170138a4612120ed9ce84a6f,INS,2017,5452,,1, HTTP/1.1" 200 116
186.79.113.67 - - [13/Mar/2017:10:31:20 -0300] "GET /cormun/servlet/hpexe_return? HTTP/1.1" 200 1028
186.79.113.67 - - [13/Mar/2017:10:31:20 -0300] "GET /cormun/servlet/trsolicitudadjuntos?2017,5452, HTTP/1.1" 200 8424
186.79.113.67 - - [13/Mar/2017:10:31:21 -0300] "GET /cormun/servlet/trsolicitudadjuntos?2017,5452, HTTP/1.1" 200 8419
186.79.113.67 - - [13/Mar/2017:10:31:27 -0300] "GET /cormun/servlet/solicitudotadjuntos?INS,2017,5452,,1, HTTP/1.1" 200 5788
186.79.113.67 - - [13/Mar/2017:10:31:28 -0300] "GET /cormun/static/about:blank HTTP/1.1" 404 1011
186.79.113.67 - - [13/Mar/2017:10:31:28 -0300] "GET /cormun/servlet/solicitudotadjuntos?INS,2017,5452,,1, HTTP/1.1" 200 5783
186.79.113.67 - - [13/Mar/2017:10:31:28 -0300] "GET /cormun/servlet/solicitudotadjuntos?3186a0a65930b680247ce0ddd83ac2b2b05f936bb59e753942cb64756b1b83ff4853644779f9623b68489df072366d3c,gx-no-cache=1489411957907 HTTP/1.1" 200 30
186.79.113.67 - - [13/Mar/2017:10:31:28 -0300] "POST /cormun/servlet/solicitudotadjuntos?2df2cb6d170138a4612120ed9ce84a6f,INS,2017,5452,,1,,gx-no-cache=1489411958007 HTTP/1.1" 200 3673
186.79.113.67 - - [13/Mar/2017:10:31:31 -0300] "POST /cormun/servlet/solicitudotadjuntos?gx-no-cache=1489411960962 HTTP/1.1" 200 26
186.79.250.225 - - [13/Mar/2017:10:31:37 -0300] "GET /cormun/servlet/solicitudotadjuntos?INS,2017,5350,,2, HTTP/1.1" 200 5767
186.79.250.225 - - [13/Mar/2017:10:31:38 -0300] "GET /cormun/static/about:blank HTTP/1.1" 404 1011
186.79.250.225 - - [13/Mar/2017:10:31:38 -0300] "GET /cormun/servlet/solicitudotadjuntos?INS,2017,5350,,2, HTTP/1.1" 200 5767
186.79.250.225 - - [13/Mar/2017:10:31:39 -0300] "GET /cormun/servlet/solicitudotadjuntos?da03e7ea476ce7397994e4fda0478bc067d27cbf282aa16278c08216527541f284c590899ec891c0f2b15918bc7e6fda,gx-no-cache=1489411967992 HTTP/1.1" 200 30
186.79.250.225 - - [13/Mar/2017:10:31:39 -0300] "POST /cormun/servlet/solicitudotadjuntos?f4383acc3706ecb3dce1a03531298e17,INS,2017,5350,,2,,gx-no-cache=1489411968151 HTTP/1.1" 200 3855
186.79.113.67 - - [13/Mar/2017:10:31:44 -0300] "GET /cormun/servlet/solicitudotadjuntos?3186a0a65930b680247ce0ddd83ac2b244be45d42015a3a342c625a52f0e9695,gx-no-cache=1489411973760 HTTP/1.1" 200 30
186.79.113.67 - - [13/Mar/2017:10:31:44 -0300] "GET /cormun/servlet/solicitudotadjuntos?3186a0a65930b680247ce0ddd83ac2b244be45d42015a3a342c625a52f0e9695,gx-no-cache=1489411973860 HTTP/1.1" 200 30
186.79.113.67 - - [13/Mar/2017:10:32:09 -0300] "POST /cormun/servlet/solicitudotadjuntos?2df2cb6d170138a4612120ed9ce84a6f,INS,2017,5452,,1, HTTP/1.1" 200 116
186.79.113.67 - - [13/Mar/2017:10:32:10 -0300] "GET /cormun/servlet/hpexe_return? HTTP/1.1" 200 1028
186.79.113.67 - - [13/Mar/2017:10:32:11 -0300] "GET /cormun/servlet/trsolicitudadjuntos?2017,5452, HTTP/1.1" 200 8568
186.79.113.67 - - [13/Mar/2017:10:32:12 -0300] "GET /cormun/servlet/trsolicitudadjuntos?2017,5452, HTTP/1.1" 200 8566
186.79.113.67 - - [13/Mar/2017:10:32:21 -0300] "GET /cormun/servlet/solicitudotadjuntos?INS,2017,5452,,1, HTTP/1.1" 200 5789
186.79.113.67 - - [13/Mar/2017:10:32:22 -0300] "GET /cormun/static/about:blank HTTP/1.1" 404 1011
186.79.113.67 - - [13/Mar/2017:10:32:22 -0300] "GET /cormun/servlet/solicitudotadjuntos?INS,2017,5452,,1, HTTP/1.1" 200 5783
186.79.113.67 - - [13/Mar/2017:10:32:22 -0300] "GET /cormun/servlet/solicitudotadjuntos?3186a0a65930b680247ce0ddd83ac2b2b05f936bb59e753942cb64756b1b83ff4853644779f9623b68489df072366d3c,gx-no-cache=1489412012238 HTTP/1.1" 200 30
186.79.113.67 - - [13/Mar/2017:10:32:23 -0300] "POST /cormun/servlet/solicitudotadjuntos?2df2cb6d170138a4612120ed9ce84a6f,INS,2017,5452,,1,,gx-no-cache=1489412012380 HTTP/1.1" 200 3672
186.79.113.67 - - [13/Mar/2017:10:32:28 -0300] "POST /cormun/servlet/solicitudotadjuntos?gx-no-cache=1489412017584 HTTP/1.1" 200 26
186.79.113.67 - - [13/Mar/2017:10:32:34 -0300] "GET /cormun/servlet/solicitudotadjuntos?3186a0a65930b680247ce0ddd83ac2b244be45d42015a3a342c625a52f0e9695,gx-no-cache=1489412023425 HTTP/1.1" 200 30
186.79.113.67 - - [13/Mar/2017:10:32:35 -0300] "GET /cormun/servlet/solicitudotadjuntos?3186a0a65930b680247ce0ddd83ac2b244be45d42015a3a342c625a52f0e9695,gx-no-cache=1489412024273 HTTP/1.1" 200 30
192.168.10.96 - - [13/Mar/2017:10:32:41 -0300] "GET /cormun/servlet/trsolicitudgral? HTTP/1.1" 200 23883
192.168.10.96 - - [13/Mar/2017:10:32:45 -0300] "GET /cormun/servlet/trsolicitudgral? HTTP/1.1" 200 23883
192.168.10.96 - - [13/Mar/2017:10:32:49 -0300] "POST /cormun/servlet/trsolicitudgral?0ab26e72e9fc4ce111a1387664fa28e7,,gx-no-cache=1489415251746 HTTP/1.1" 200 6460
186.79.113.67 - - [13/Mar/2017:10:32:57 -0300] "POST /cormun/servlet/solicitudotadjuntos?2df2cb6d170138a4612120ed9ce84a6f,INS,2017,5452,,1, HTTP/1.1" 200 116
186.79.113.67 - - [13/Mar/2017:10:32:58 -0300] "GET /cormun/servlet/hpexe_return? HTTP/1.1" 200 1028
186.79.113.67 - - [13/Mar/2017:10:32:58 -0300] "GET /cormun/servlet/trsolicitudadjuntos?2017,5452, HTTP/1.1" 200 8797
186.79.113.67 - - [13/Mar/2017:10:33:00 -0300] "GET /cormun/servlet/trsolicitudadjuntos?2017,5452, HTTP/1.1" 200 8794
192.168.10.96 - - [13/Mar/2017:10:33:04 -0300] "POST /cormun/servlet/trsolicitudgral?0ab26e72e9fc4ce111a1387664fa28e7,,gx-no-cache=1489415266914 HTTP/1.1" 200 8627
186.79.113.67 - - [13/Mar/2017:10:33:27 -0300] "GET /cormun/servlet/solicitudotadjuntos?DLT,2017,5452,CERTIF4,0, HTTP/1.1" 200 5683
186.79.113.67 - - [13/Mar/2017:10:33:27 -0300] "GET /cormun/static/about:blank HTTP/1.1" 404 1011
186.79.113.67 - - [13/Mar/2017:10:33:28 -0300] "GET /cormun/static/Shared/jqueryui/images/ui-bg_highlight-soft_100_c6c2c8_1x100.png HTTP/1.1" 404 1117
186.79.113.67 - - [13/Mar/2017:10:33:28 -0300] "GET /cormun/static/Shared/jqueryui/images/ui-bg_flat_55_fafafa_40x100.png HTTP/1.1" 404 1097
186.79.113.67 - - [13/Mar/2017:10:33:28 -0300] "GET /cormun/static/Shared/jqueryui/images/ui-icons_82798d_256x240.png HTTP/1.1" 404 1089
186.79.113.67 - - [13/Mar/2017:10:33:28 -0300] "GET /cormun/servlet/solicitudotadjuntos?DLT,2017,5452,CERTIF4,0, HTTP/1.1" 200 5677
186.79.113.67 - - [13/Mar/2017:10:33:28 -0300] "GET /cormun/static/Shared/jqueryui/images/ui-icons_8d78a5_256x240.png HTTP/1.1" 404 1089
186.79.113.67 - - [13/Mar/2017:10:33:32 -0300] "POST /cormun/servlet/solicitudotadjuntos?2df2cb6d170138a4612120ed9ce84a6f,DLT,2017,5452,CERTIF4,0,,gx-no-cache=1489412081034 HTTP/1.1" 200 93
186.79.113.67 - - [13/Mar/2017:10:33:32 -0300] "GET /cormun/servlet/hpexe_return? HTTP/1.1" 200 1034
186.79.113.67 - - [13/Mar/2017:10:33:32 -0300] "GET /cormun/servlet/trsolicitudadjuntos?2017,5452, HTTP/1.1" 200 8593
186.79.113.67 - - [13/Mar/2017:10:33:34 -0300] "GET /cormun/servlet/trsolicitudadjuntos?2017,5452, HTTP/1.1" 200 8591
186.79.113.67 - - [13/Mar/2017:10:33:40 -0300] "GET /cormun/servlet/solicitudotadjuntos?INS,2017,5452,,1, HTTP/1.1" 200 5788
186.79.113.67 - - [13/Mar/2017:10:33:41 -0300] "GET /cormun/static/about:blank HTTP/1.1" 404 1011
186.79.113.67 - - [13/Mar/2017:10:33:41 -0300] "GET /cormun/servlet/solicitudotadjuntos?INS,2017,5452,,1, HTTP/1.1" 200 5783
186.79.113.67 - - [13/Mar/2017:10:33:42 -0300] "GET /cormun/servlet/solicitudotadjuntos?3186a0a65930b680247ce0ddd83ac2b2b05f936bb59e753942cb64756b1b83ff4853644779f9623b68489df072366d3c,gx-no-cache=1489412091357 HTTP/1.1" 200 30
186.79.113.67 - - [13/Mar/2017:10:33:42 -0300] "POST /cormun/servlet/solicitudotadjuntos?2df2cb6d170138a4612120ed9ce84a6f,INS,2017,5452,,1,,gx-no-cache=1489412091514 HTTP/1.1" 200 3673
186.79.113.67 - - [13/Mar/2017:10:33:46 -0300] "POST /cormun/servlet/solicitudotadjuntos?gx-no-cache=1489412095996 HTTP/1.1" 200 26
186.79.113.67 - - [13/Mar/2017:10:33:55 -0300] "POST /cormun/servlet/solicitudotadjuntos?2df2cb6d170138a4612120ed9ce84a6f,INS,2017,5452,,1,,gx-no-cache=1489412104625 HTTP/1.1" 200 93
186.79.113.67 - - [13/Mar/2017:10:33:55 -0300] "GET /cormun/servlet/hpexe_return? HTTP/1.1" 200 1028
186.79.113.67 - - [13/Mar/2017:10:33:56 -0300] "GET /cormun/servlet/trsolicitudadjuntos?2017,5452, HTTP/1.1" 200 8591
186.79.113.67 - - [13/Mar/2017:10:33:57 -0300] "GET /cormun/servlet/trsolicitudadjuntos?2017,5452, HTTP/1.1" 200 8592
186.79.171.146 - - [13/Mar/2017:10:34:14 -0300] "GET /cormun/servlet/solicitudotadjuntos?INS,2017,5448,,1, HTTP/1.1" 200 5171
186.79.171.146 - - [13/Mar/2017:10:34:15 -0300] "GET /cormun/static/about:blank HTTP/1.1" 404 1011
186.79.171.146 - - [13/Mar/2017:10:34:17 -0300] "GET /cormun/servlet/solicitudotadjuntos?INS,2017,5448,,1, HTTP/1.1" 200 5163
186.79.171.146 - - [13/Mar/2017:10:34:17 -0300] "GET /cormun/servlet/hlogin HTTP/1.1" 200 1763
186.79.113.67 - - [13/Mar/2017:10:34:27 -0300] "GET /cormun/servlet/solicitudotadjuntos?DLT,2017,5452,CARNET,0, HTTP/1.1" 200 5737
186.79.113.67 - - [13/Mar/2017:10:34:28 -0300] "GET /cormun/static/Shared/jqueryui/images/ui-bg_flat_55_fafafa_40x100.png HTTP/1.1" 404 1097
186.79.171.146 - - [13/Mar/2017:10:34:28 -0300] "POST /cormun/servlet/hlogin?6d7d7b0f8166567a6c5d99a4c06979fc,gx-no-cache=1489411997707 HTTP/1.1" 200 90
186.79.113.67 - - [13/Mar/2017:10:34:28 -0300] "GET /cormun/static/Shared/jqueryui/images/ui-icons_8d78a5_256x240.png HTTP/1.1" 404 1089
186.79.113.67 - - [13/Mar/2017:10:34:28 -0300] "GET /cormun/static/Shared/jqueryui/images/ui-bg_highlight-soft_100_c6c2c8_1x100.png HTTP/1.1" 404 1117
186.79.113.67 - - [13/Mar/2017:10:34:28 -0300] "GET /cormun/static/Shared/jqueryui/images/ui-icons_82798d_256x240.png HTTP/1.1" 404 1089
186.79.171.146 - - [13/Mar/2017:10:34:28 -0300] "GET /cormun/servlet/hpexe_link HTTP/1.1" 200 984
186.79.113.67 - - [13/Mar/2017:10:34:28 -0300] "GET /cormun/PublicTempStorage/afp3500832.jpg HTTP/1.1" 200 467634
186.79.113.67 - - [13/Mar/2017:10:34:28 -0300] "GET /cormun/servlet/solicitudotadjuntos?DLT,2017,5452,CARNET,0, HTTP/1.1" 200 5730
186.79.171.146 - - [13/Mar/2017:10:34:28 -0300] "GET /cormun/servlet/solicitudotadjuntos?INS,2017,5448,,1, HTTP/1.1" 200 5650
186.79.171.146 - - [13/Mar/2017:10:34:28 -0300] "GET /cormun/static/about:blank HTTP/1.1" 404 1011
186.79.171.146 - - [13/Mar/2017:10:34:29 -0300] "GET /cormun/servlet/solicitudotadjuntos?INS,2017,5448,,1, HTTP/1.1" 200 5651
186.79.171.146 - - [13/Mar/2017:10:34:30 -0300] "GET /cormun/servlet/solicitudotadjuntos?18f9d1f9444e4204810acf014754fa786708a3cc227f06df10249b4626e9ce4f8d28e8facf2e7eb7e958955f8beaba92,gx-no-cache=1489411999953 HTTP/1.1" 200 30
186.79.171.146 - - [13/Mar/2017:10:34:30 -0300] "POST /cormun/servlet/solicitudotadjuntos?6d7d7b0f8166567a6c5d99a4c06979fc,INS,2017,5448,,1,,gx-no-cache=1489412000085 HTTP/1.1" 200 3376
186.79.113.67 - - [13/Mar/2017:10:34:31 -0300] "POST /cormun/servlet/solicitudotadjuntos?2df2cb6d170138a4612120ed9ce84a6f,DLT,2017,5452,CARNET,0,,gx-no-cache=1489412140257 HTTP/1.1" 200 93
186.79.113.67 - - [13/Mar/2017:10:34:31 -0300] "GET /cormun/servlet/hpexe_return? HTTP/1.1" 200 1033
186.79.113.67 - - [13/Mar/2017:10:34:32 -0300] "GET /cormun/servlet/trsolicitudadjuntos?2017,5452, HTTP/1.1" 200 8435
186.79.113.67 - - [13/Mar/2017:10:34:33 -0300] "GET /cormun/servlet/trsolicitudadjuntos?2017,5452, HTTP/1.1" 200 8434
186.79.113.67 - - [13/Mar/2017:10:34:38 -0300] "GET /cormun/servlet/solicitudotadjuntos?DLT,2017,5452,CERTIF3,0, HTTP/1.1" 200 5682
186.79.113.67 - - [13/Mar/2017:10:34:38 -0300] "GET /cormun/static/about:blank HTTP/1.1" 404 1011
186.79.113.67 - - [13/Mar/2017:10:34:39 -0300] "GET /cormun/static/Shared/jqueryui/images/ui-bg_highlight-soft_100_c6c2c8_1x100.png HTTP/1.1" 404 1117
186.79.113.67 - - [13/Mar/2017:10:34:39 -0300] "GET /cormun/static/Shared/jqueryui/images/ui-icons_82798d_256x240.png HTTP/1.1" 404 1089
186.79.113.67 - - [13/Mar/2017:10:34:39 -0300] "GET /cormun/static/Shared/jqueryui/images/ui-bg_flat_55_fafafa_40x100.png HTTP/1.1" 404 1097
186.79.113.67 - - [13/Mar/2017:10:34:39 -0300] "GET /cormun/static/Shared/jqueryui/images/ui-icons_8d78a5_256x240.png HTTP/1.1" 404 1089
186.79.113.67 - - [13/Mar/2017:10:34:39 -0300] "GET /cormun/servlet/solicitudotadjuntos?DLT,2017,5452,CERTIF3,0, HTTP/1.1" 200 5676
186.79.113.67 - - [13/Mar/2017:10:34:41 -0300] "POST /cormun/servlet/solicitudotadjuntos?2df2cb6d170138a4612120ed9ce84a6f,DLT,2017,5452,CERTIF3,0,,gx-no-cache=1489412150462 HTTP/1.1" 200 93
186.79.113.67 - - [13/Mar/2017:10:34:41 -0300] "GET /cormun/servlet/hpexe_return? HTTP/1.1" 200 1034
186.79.113.67 - - [13/Mar/2017:10:34:42 -0300] "GET /cormun/servlet/trsolicitudadjuntos?2017,5452, HTTP/1.1" 200 8316
186.79.113.67 - - [13/Mar/2017:10:34:43 -0300] "GET /cormun/servlet/trsolicitudadjuntos?2017,5452, HTTP/1.1" 200 8313
186.79.113.67 - - [13/Mar/2017:10:35:08 -0300] "GET /cormun/servlet/solicitudotadjuntos?INS,2017,5452,,1, HTTP/1.1" 200 5788
186.79.113.67 - - [13/Mar/2017:10:35:08 -0300] "GET /cormun/static/about:blank HTTP/1.1" 404 1011
186.79.113.67 - - [13/Mar/2017:10:35:08 -0300] "GET /cormun/servlet/solicitudotadjuntos?INS,2017,5452,,1, HTTP/1.1" 200 5782
186.79.113.67 - - [13/Mar/2017:10:35:09 -0300] "GET /cormun/servlet/solicitudotadjuntos?3186a0a65930b680247ce0ddd83ac2b2b05f936bb59e753942cb64756b1b83ff4853644779f9623b68489df072366d3c,gx-no-cache=1489412178521 HTTP/1.1" 200 30
186.79.113.67 - - [13/Mar/2017:10:35:09 -0300] "POST /cormun/servlet/solicitudotadjuntos?2df2cb6d170138a4612120ed9ce84a6f,INS,2017,5452,,1,,gx-no-cache=1489412178625 HTTP/1.1" 200 3673
186.79.113.67 - - [13/Mar/2017:10:35:15 -0300] "POST /cormun/servlet/solicitudotadjuntos?gx-no-cache=1489412184895 HTTP/1.1" 200 26
186.79.113.67 - - [13/Mar/2017:10:35:20 -0300] "GET /cormun/servlet/solicitudotadjuntos?3186a0a65930b680247ce0ddd83ac2b244be45d42015a3a342c625a52f0e9695,gx-no-cache=1489412189700 HTTP/1.1" 200 30
186.79.113.67 - - [13/Mar/2017:10:35:20 -0300] "GET /cormun/servlet/solicitudotadjuntos?3186a0a65930b680247ce0ddd83ac2b244be45d42015a3a342c625a52f0e9695,gx-no-cache=1489412189874 HTTP/1.1" 200 30
192.168.10.62 - - [13/Mar/2017:10:35:36 -0300] "POST /cormun/servlet/trsolicitudgral?405b1ba482345e78eebe30475bb05e40,,gx-no-cache=1489415418812 HTTP/1.1" 200 7642
186.79.113.67 - - [13/Mar/2017:10:35:38 -0300] "POST /cormun/servlet/solicitudotadjuntos?2df2cb6d170138a4612120ed9ce84a6f,INS,2017,5452,,1, HTTP/1.1" 200 116
186.79.113.67 - - [13/Mar/2017:10:35:38 -0300] "GET /cormun/servlet/hpexe_return? HTTP/1.1" 200 1028
186.79.113.67 - - [13/Mar/2017:10:35:39 -0300] "GET /cormun/servlet/trsolicitudadjuntos?2017,5452, HTTP/1.1" 200 8463
186.79.113.67 - - [13/Mar/2017:10:35:40 -0300] "GET /cormun/servlet/trsolicitudadjuntos?2017,5452, HTTP/1.1" 200 8462
192.168.10.62 - - [13/Mar/2017:10:35:45 -0300] "POST /cormun/servlet/trsolicitudgral?405b1ba482345e78eebe30475bb05e40,,gx-no-cache=1489415427937 HTTP/1.1" 200 105
192.168.10.62 - - [13/Mar/2017:10:35:45 -0300] "POST /cormun/servlet/trsolicitudgral?405b1ba482345e78eebe30475bb05e40,,gx-no-cache=1489415428089 HTTP/1.1" 200 7625
192.168.10.62 - - [13/Mar/2017:10:35:45 -0300] "GET /cormun/SolicitudGral-9797.xls HTTP/1.1" 200 6656
186.79.113.67 - - [13/Mar/2017:10:35:51 -0300] "GET /cormun/servlet/solicitudotadjuntos?INS,2017,5452,,1, HTTP/1.1" 200 5789
186.79.113.67 - - [13/Mar/2017:10:35:51 -0300] "GET /cormun/static/about:blank HTTP/1.1" 404 1011
186.79.113.67 - - [13/Mar/2017:10:35:51 -0300] "GET /cormun/servlet/solicitudotadjuntos?INS,2017,5452,,1, HTTP/1.1" 200 5784
186.79.113.67 - - [13/Mar/2017:10:35:52 -0300] "GET /cormun/servlet/solicitudotadjuntos?3186a0a65930b680247ce0ddd83ac2b2b05f936bb59e753942cb64756b1b83ff4853644779f9623b68489df072366d3c,gx-no-cache=1489412221425 HTTP/1.1" 200 30
186.79.113.67 - - [13/Mar/2017:10:35:52 -0300] "POST /cormun/servlet/solicitudotadjuntos?2df2cb6d170138a4612120ed9ce84a6f,INS,2017,5452,,1,,gx-no-cache=1489412221538 HTTP/1.1" 200 3672
186.79.113.67 - - [13/Mar/2017:10:36:05 -0300] "POST /cormun/servlet/solicitudotadjuntos?gx-no-cache=1489412234992 HTTP/1.1" 200 26
186.79.113.67 - - [13/Mar/2017:10:36:12 -0300] "GET /cormun/servlet/solicitudotadjuntos?3186a0a65930b680247ce0ddd83ac2b244be45d42015a3a342c625a52f0e9695,gx-no-cache=1489412241005 HTTP/1.1" 200 30
186.79.113.67 - - [13/Mar/2017:10:36:12 -0300] "GET /cormun/servlet/solicitudotadjuntos?3186a0a65930b680247ce0ddd83ac2b244be45d42015a3a342c625a52f0e9695,gx-no-cache=1489412241487 HTTP/1.1" 200 30
186.79.113.67 - - [13/Mar/2017:10:36:25 -0300] "POST /cormun/servlet/solicitudotadjuntos?2df2cb6d170138a4612120ed9ce84a6f,INS,2017,5452,,1, HTTP/1.1" 200 116
186.79.113.67 - - [13/Mar/2017:10:36:25 -0300] "GET /cormun/servlet/hpexe_return? HTTP/1.1" 200 1028
186.79.113.67 - - [13/Mar/2017:10:36:26 -0300] "GET /cormun/servlet/trsolicitudadjuntos?2017,5452, HTTP/1.1" 200 8610
186.79.113.67 - - [13/Mar/2017:10:36:27 -0300] "GET /cormun/servlet/trsolicitudadjuntos?2017,5452, HTTP/1.1" 200 8612
186.79.113.67 - - [13/Mar/2017:10:37:05 -0300] "GET /cormun/servlet/solicitudotadjuntos?INS,2017,5452,,1, HTTP/1.1" 200 5789
186.79.113.67 - - [13/Mar/2017:10:37:05 -0300] "GET /cormun/static/about:blank HTTP/1.1" 404 1011
186.79.113.67 - - [13/Mar/2017:10:37:06 -0300] "GET /cormun/servlet/solicitudotadjuntos?INS,2017,5452,,1, HTTP/1.1" 200 5783
186.79.113.67 - - [13/Mar/2017:10:37:06 -0300] "GET /cormun/servlet/solicitudotadjuntos?3186a0a65930b680247ce0ddd83ac2b2b05f936bb59e753942cb64756b1b83ff4853644779f9623b68489df072366d3c,gx-no-cache=1489412296066 HTTP/1.1" 200 30
186.79.113.67 - - [13/Mar/2017:10:37:07 -0300] "POST /cormun/servlet/solicitudotadjuntos?2df2cb6d170138a4612120ed9ce84a6f,INS,2017,5452,,1,,gx-no-cache=1489412296219 HTTP/1.1" 200 3672
186.79.113.67 - - [13/Mar/2017:10:37:11 -0300] "POST /cormun/servlet/solicitudotadjuntos?gx-no-cache=1489412300815 HTTP/1.1" 200 26
186.79.171.146 - - [13/Mar/2017:10:37:13 -0300] "POST /cormun/servlet/solicitudotadjuntos?gx-no-cache=1489412163032 HTTP/1.1" 200 26
186.79.113.67 - - [13/Mar/2017:10:37:19 -0300] "GET /cormun/servlet/solicitudotadjuntos?3186a0a65930b680247ce0ddd83ac2b244be45d42015a3a342c625a52f0e9695,gx-no-cache=1489412308600 HTTP/1.1" 200 30
186.79.113.67 - - [13/Mar/2017:10:37:19 -0300] "GET /cormun/servlet/solicitudotadjuntos?3186a0a65930b680247ce0ddd83ac2b244be45d42015a3a342c625a52f0e9695,gx-no-cache=1489412308752 HTTP/1.1" 200 30
186.79.171.146 - - [13/Mar/2017:10:37:25 -0300] "POST /cormun/servlet/solicitudotadjuntos?gx-no-cache=1489412174841 HTTP/1.1" 200 26
186.79.113.67 - - [13/Mar/2017:10:37:30 -0300] "POST /cormun/servlet/solicitudotadjuntos?2df2cb6d170138a4612120ed9ce84a6f,INS,2017,5452,,1, HTTP/1.1" 200 116
186.79.113.67 - - [13/Mar/2017:10:37:30 -0300] "GET /cormun/servlet/hpexe_return? HTTP/1.1" 200 1028
186.79.113.67 - - [13/Mar/2017:10:37:31 -0300] "GET /cormun/servlet/trsolicitudadjuntos?2017,5452, HTTP/1.1" 200 8845
186.79.113.67 - - [13/Mar/2017:10:37:33 -0300] "GET /cormun/servlet/trsolicitudadjuntos?2017,5452, HTTP/1.1" 200 8845
186.79.171.146 - - [13/Mar/2017:10:37:46 -0300] "GET /cormun/servlet/solicitudotadjuntos?18f9d1f9444e4204810acf014754fa789c3ea4dfc452de14f8d164fe04c7902f,gx-no-cache=1489412195917 HTTP/1.1" 200 30
186.79.171.146 - - [13/Mar/2017:10:37:46 -0300] "GET /cormun/servlet/solicitudotadjuntos?18f9d1f9444e4204810acf014754fa789c3ea4dfc452de14f8d164fe04c7902f,gx-no-cache=1489412196103 HTTP/1.1" 200 30
186.79.171.146 - - [13/Mar/2017:10:37:49 -0300] "POST /cormun/servlet/solicitudotadjuntos?6d7d7b0f8166567a6c5d99a4c06979fc,INS,2017,5448,,1, HTTP/1.1" 200 116
186.79.171.146 - - [13/Mar/2017:10:37:49 -0300] "GET /cormun/servlet/hpexe_return? HTTP/1.1" 200 1025
186.79.171.146 - - [13/Mar/2017:10:37:50 -0300] "GET /cormun/servlet/hhome HTTP/1.1" 200 3792
186.79.171.146 - - [13/Mar/2017:10:37:52 -0300] "GET /cormun/servlet/hhome HTTP/1.1" 200 3787
186.79.113.67 - - [13/Mar/2017:10:38:01 -0300] "GET /cormun/servlet/trsolicitudot? HTTP/1.1" 200 8006
186.79.113.67 - - [13/Mar/2017:10:38:01 -0300] "GET /cormun/servlet/trsolicitudot? HTTP/1.1" 200 8000
186.79.113.67 - - [13/Mar/2017:10:38:07 -0300] "POST /cormun/servlet/trsolicitudot?2df2cb6d170138a4612120ed9ce84a6f,,gx-no-cache=1489412356315 HTTP/1.1" 200 106
186.79.113.67 - - [13/Mar/2017:10:38:08 -0300] "GET /cormun/servlet/trsolicitudadjuntos?2017,5452, HTTP/1.1" 200 8842
186.79.113.67 - - [13/Mar/2017:10:38:09 -0300] "GET /cormun/servlet/trsolicitudadjuntos?2017,5452, HTTP/1.1" 200 8846
186.79.171.146 - - [13/Mar/2017:10:38:20 -0300] "GET /cormun/servlet/trvisualizadoreventos? HTTP/1.1" 200 6521
186.79.171.146 - - [13/Mar/2017:10:38:21 -0300] "GET /cormun/static/gxcfg.js?2016101716203350 HTTP/1.1" 304 -
186.79.171.146 - - [13/Mar/2017:10:38:22 -0300] "GET /cormun/servlet/trvisualizadoreventos? HTTP/1.1" 200 6520
186.79.113.67 - - [13/Mar/2017:10:38:23 -0300] "GET /cormun/servlet/hlogin HTTP/1.1" 200 1714
186.79.171.146 - - [13/Mar/2017:10:38:26 -0300] "POST /cormun/servlet/trvisualizadoreventos?6d7d7b0f8166567a6c5d99a4c06979fc,,gx-no-cache=1489412235394 HTTP/1.1" 200 3760
186.79.113.67 - - [13/Mar/2017:10:38:27 -0300] "POST /cormun/servlet/hlogin?23e1ef630fc43c01ed89149f4ea05c83,gx-no-cache=1489412375648 HTTP/1.1" 200 90
186.79.113.67 - - [13/Mar/2017:10:38:27 -0300] "GET /cormun/servlet/hpexe_link HTTP/1.1" 200 947
186.79.113.67 - - [13/Mar/2017:10:38:27 -0300] "GET /cormun/servlet/hhome HTTP/1.1" 200 3753
186.79.113.67 - - [13/Mar/2017:10:38:28 -0300] "GET /cormun/servlet/hhome HTTP/1.1" 200 3750
186.103.157.42 - - [13/Mar/2017:10:38:29 -0300] "GET /cormun/servlet/trsolicitudot? HTTP/1.1" 200 12237
186.103.157.42 - - [13/Mar/2017:10:38:30 -0300] "GET /cormun/servlet/trsolicitudot? HTTP/1.1" 200 12233
186.103.157.42 - - [13/Mar/2017:10:38:30 -0300] "GET /favicon.ico HTTP/1.1" 200 21630
186.79.113.67 - - [13/Mar/2017:10:38:31 -0300] "GET /cormun/servlet/trsolicitudot? HTTP/1.1" 200 7993
186.79.113.67 - - [13/Mar/2017:10:38:32 -0300] "GET /cormun/servlet/trsolicitudot? HTTP/1.1" 200 7991
186.103.157.42 - - [13/Mar/2017:10:38:37 -0300] "POST /cormun/servlet/trsolicitudot?151e7b13bb8bd2a50914276487c14fd2,,gx-no-cache=1489412251872 HTTP/1.1" 200 6337
186.79.113.67 - - [13/Mar/2017:10:38:38 -0300] "POST /cormun/servlet/trsolicitudot?23e1ef630fc43c01ed89149f4ea05c83,,gx-no-cache=1489412387695 HTTP/1.1" 200 4145
186.79.113.67 - - [13/Mar/2017:10:38:38 -0300] "GET /cormun/static/Shared/jqueryui/images/ui-bg_highlight-soft_100_c6c2c8_1x100.png HTTP/1.1" 404 1117
186.79.113.67 - - [13/Mar/2017:10:38:38 -0300] "GET /cormun/static/Shared/jqueryui/images/ui-icons_82798d_256x240.png HTTP/1.1" 404 1089
186.79.113.67 - - [13/Mar/2017:10:38:38 -0300] "GET /cormun/static/Shared/jqueryui/images/ui-bg_flat_55_fafafa_40x100.png HTTP/1.1" 404 1097
186.79.113.67 - - [13/Mar/2017:10:38:39 -0300] "GET /cormun/static/Shared/jqueryui/images/ui-icons_8d78a5_256x240.png HTTP/1.1" 404 1089
186.79.113.67 - - [13/Mar/2017:10:38:39 -0300] "POST /cormun/servlet/trsolicitudot?23e1ef630fc43c01ed89149f4ea05c83,,gx-no-cache=1489412388265 HTTP/1.1" 200 3922
192.168.10.62 - - [13/Mar/2017:10:38:42 -0300] "POST /cormun/servlet/trsolicitudgral?405b1ba482345e78eebe30475bb05e40,,gx-no-cache=1489415605250 HTTP/1.1" 200 5167
