192.168.10.89 - - [13/Mar/2017:15:46:57 -0300] "GET /cormun/servlet/solicitudotlog?INS,2017,5311,0,REC, HTTP/1.1" 200 6153
192.168.10.89 - - [13/Mar/2017:15:46:59 -0300] "GET /cormun/servlet/solicitudotlog?46f472e390f9c3f44fd61aeb54868caf704f458377797449cf07d3f93b2554da5345d3bfde2d41f220d31914cc5e67f485a7cb92b626b4e61f5ceb0e5e4a82eeb44af182728fce6dd60f3601fa1c98e39d92b10b563552e862938db3983aaf9dc148f09e82c0cd06ec06f530de8d6e64eea8e6358ef9d9111a9f19a40cba773b4eda092463f7fd8881ae334678b98d7e7a9f188d67c9ad9ad108df0a61f34f60,gx-no-cache=1489434102373 HTTP/1.1" 200 94
192.168.10.89 - - [13/Mar/2017:15:47:02 -0300] "POST /cormun/servlet/solicitudotlog?b0526e8aacfbdb548a45b50dca695bcb,INS,2017,5311,0,REC,,gx-no-cache=1489434105394 HTTP/1.1" 200 93
192.168.10.89 - - [13/Mar/2017:15:47:02 -0300] "GET /cormun/servlet/hpexe_return? HTTP/1.1" 200 1019
192.168.10.89 - - [13/Mar/2017:15:47:04 -0300] "GET /cormun/servlet/trsolicitudgral? HTTP/1.1" 200 8725
192.168.10.89 - - [13/Mar/2017:15:47:19 -0300] "POST /cormun/servlet/trsolicitudgral?b0526e8aacfbdb548a45b50dca695bcb,,gx-no-cache=1489434122536 HTTP/1.1" 200 6685
192.168.10.89 - - [13/Mar/2017:15:47:46 -0300] "POST /cormun/servlet/trsolicitudgral?b0526e8aacfbdb548a45b50dca695bcb,,gx-no-cache=1489434148659 HTTP/1.1" 200 115
192.168.10.89 - - [13/Mar/2017:15:47:46 -0300] "GET /cormun/servlet/solicitudotlog?INS,2017,5302,0,REC, HTTP/1.1" 200 6153
192.168.10.89 - - [13/Mar/2017:15:48:08 -0300] "GET /cormunbeta/servlet/hlogin HTTP/1.1" 200 1728
192.168.10.89 - - [13/Mar/2017:15:48:12 -0300] "GET /cormun/servlet/hlogin HTTP/1.1" 200 1717
192.168.10.89 - - [13/Mar/2017:15:48:18 -0300] "POST /cormun/servlet/hlogin?b0526e8aacfbdb548a45b50dca695bcb,gx-no-cache=1489434181533 HTTP/1.1" 200 90
192.168.10.89 - - [13/Mar/2017:15:48:18 -0300] "GET /cormun/servlet/hpexe_link HTTP/1.1" 200 975
192.168.10.89 - - [13/Mar/2017:15:48:19 -0300] "GET /cormun/servlet/solicitudotlog?INS,2017,5302,0,REC, HTTP/1.1" 200 6155
192.168.10.89 - - [13/Mar/2017:15:48:20 -0300] "GET /cormun/servlet/solicitudotlog?46f472e390f9c3f44fd61aeb54868cafa0a0f7b58962a6b5a892e4181d1648a15345d3bfde2d41f220d31914cc5e67f485a7cb92b626b4e61f5ceb0e5e4a82eeb44af182728fce6dd60f3601fa1c98e39d92b10b563552e862938db3983aaf9dc148f09e82c0cd06ec06f530de8d6e64eea8e6358ef9d9111a9f19a40cba773b4eda092463f7fd8881ae334678b98d7e7a9f188d67c9ad9ad108df0a61f34f60,gx-no-cache=1489434182779 HTTP/1.1" 200 94
192.168.10.89 - - [13/Mar/2017:15:48:23 -0300] "GET /cormun/servlet/trsolicitudgral? HTTP/1.1" 200 9994
192.168.10.89 - - [13/Mar/2017:15:48:34 -0300] "POST /cormun/servlet/trsolicitudgral?b0526e8aacfbdb548a45b50dca695bcb,,gx-no-cache=1489434197030 HTTP/1.1" 200 115
192.168.10.89 - - [13/Mar/2017:15:48:34 -0300] "GET /cormun/servlet/solicitudotlog?INS,2017,5302,0,REC, HTTP/1.1" 200 6154
192.168.10.89 - - [13/Mar/2017:15:48:35 -0300] "GET /cormun/servlet/solicitudotlog?46f472e390f9c3f44fd61aeb54868cafa0a0f7b58962a6b5a892e4181d1648a15345d3bfde2d41f220d31914cc5e67f485a7cb92b626b4e61f5ceb0e5e4a82eeb44af182728fce6dd60f3601fa1c98e39d92b10b563552e862938db3983aaf9dc148f09e82c0cd06ec06f530de8d6e64eea8e6358ef9d9111a9f19a40cba773b4eda092463f7fd8881ae334678b98d7e7a9f188d67c9ad9ad108df0a61f34f60,gx-no-cache=1489434198193 HTTP/1.1" 200 94
192.168.10.89 - - [13/Mar/2017:15:48:39 -0300] "POST /cormun/servlet/solicitudotlog?b0526e8aacfbdb548a45b50dca695bcb,INS,2017,5302,0,REC,,gx-no-cache=1489434201710 HTTP/1.1" 200 93
192.168.10.89 - - [13/Mar/2017:15:48:39 -0300] "GET /cormun/servlet/hpexe_return? HTTP/1.1" 200 1018
192.168.10.89 - - [13/Mar/2017:15:48:39 -0300] "GET /cormun/servlet/trsolicitudgral HTTP/1.1" 200 8716
192.168.10.89 - - [13/Mar/2017:15:48:59 -0300] "POST /cormun/servlet/trsolicitudgral?b0526e8aacfbdb548a45b50dca695bcb,gx-no-cache=1489434222135 HTTP/1.1" 200 6701
192.168.10.89 - - [13/Mar/2017:15:49:07 -0300] "GET /cormun/servlet/hlogin HTTP/1.1" 200 1735
192.168.10.89 - - [13/Mar/2017:15:49:16 -0300] "POST /cormun/servlet/hlogin?b0526e8aacfbdb548a45b50dca695bcb,gx-no-cache=1489434238998 HTTP/1.1" 200 447
192.168.10.89 - - [13/Mar/2017:15:49:19 -0300] "POST /cormun/servlet/hlogin?b0526e8aacfbdb548a45b50dca695bcb,gx-no-cache=1489434242259 HTTP/1.1" 200 447
192.168.10.89 - - [13/Mar/2017:15:49:25 -0300] "POST /cormun/servlet/hlogin?b0526e8aacfbdb548a45b50dca695bcb,gx-no-cache=1489434247927 HTTP/1.1" 200 447
192.168.10.89 - - [13/Mar/2017:15:49:29 -0300] "POST /cormun/servlet/hlogin?b0526e8aacfbdb548a45b50dca695bcb,gx-no-cache=1489434252170 HTTP/1.1" 200 90
192.168.10.89 - - [13/Mar/2017:15:49:29 -0300] "GET /cormun/servlet/hpexe_link HTTP/1.1" 200 950
192.168.10.89 - - [13/Mar/2017:15:49:29 -0300] "GET /cormun/servlet/hhome HTTP/1.1" 200 3981
192.168.10.89 - - [13/Mar/2017:15:49:32 -0300] "GET /cormun/servlet/trsolicitudot? HTTP/1.1" 200 8250
192.168.10.89 - - [13/Mar/2017:15:49:37 -0300] "GET /cormun/servlet/solicitudot?INS,0,0, HTTP/1.1" 200 12781
192.168.10.89 - - [13/Mar/2017:15:49:46 -0300] "GET /cormun/servlet/prfichaempleado?,MD,,gxPopupLevel%3D0%3B HTTP/1.1" 200 8839
192.168.10.89 - - [13/Mar/2017:15:49:53 -0300] "POST /cormun/servlet/prfichaempleado?b0526e8aacfbdb548a45b50dca695bcb,,MD,,gxPopupLevel%3D0%3B,gx-no-cache=1489434276560 HTTP/1.1" 200 3393
192.168.10.89 - - [13/Mar/2017:15:49:56 -0300] "POST /cormun/servlet/solicitudot?gx-no-cache=1489434278833 HTTP/1.1" 200 3151
192.168.10.89 - - [13/Mar/2017:15:49:56 -0300] "POST /cormun/servlet/solicitudot?b0526e8aacfbdb548a45b50dca695bcb,INS,0,0,,gx-no-cache=1489434279070 HTTP/1.1" 200 9904
192.168.10.89 - - [13/Mar/2017:15:49:57 -0300] "GET /cormun/servlet/solicitudot?46f472e390f9c3f44fd61aeb54868caf6effbc2ac05530aca0448b9b84f8fd2b5da86c7c1ccac32aec8797e274f075ec,gx-no-cache=1489434280521 HTTP/1.1" 200 30
192.168.10.89 - - [13/Mar/2017:15:49:57 -0300] "POST /cormun/servlet/solicitudot?gx-no-cache=1489434280560 HTTP/1.1" 200 240
192.168.10.89 - - [13/Mar/2017:15:49:57 -0300] "GET /cormun/servlet/solicitudot?46f472e390f9c3f44fd61aeb54868caffa7c5d8fb18e34c62b25272f96c61053b74e6c3c6103edcda681f1561255a595927baa729446c4c0b5b568ea92457dbb5b3b13c5c913168ce7e57f65d925b9fa2b3d71898a6b2f67e696bc9c9d202a980990c8e9aa4d8be0aeed1d1d04791416001221d6a58915e18f0c24ed4e943cc9bc7540fb5c0212070cda8de884e42ae309dc603cca26776f0f93034e45935db6837832cc8becda318913f49dffd23273a68cef619894736c7c2d2e5cfa40a446421fd4f492944a5b868449aed24c121d76c245b2d5c38ea7265f3531a06b2cb86befa26bd38a09b95d53a8c12cbf40b9ff3197bf900109bf76f5ccdd00966b3c772e06704d7f8d1677fb96e2afdcaac33ae01eef93769611a3c55a76079b9126e9fd185e3686d9840661c67c8779fffee6f7cc14589271587116a6bddca825736afcc26bf7de07e28fc17d8dd529bdf88a3b8c30ce4513dbf4f7944d8a65a63859072f21075154d106c93d1fe18541f1bbda342bfceeea17df13865d68db8a98,gx-no-cache=1489434280589 HTTP/1.1" 200 30
192.168.10.89 - - [13/Mar/2017:15:49:59 -0300] "POST /cormun/servlet/solicitudot?gx-no-cache=1489434282372 HTTP/1.1" 200 30
192.168.10.89 - - [13/Mar/2017:15:50:03 -0300] "POST /cormun/servlet/solicitudot?gx-no-cache=1489434285924 HTTP/1.1" 200 296
192.168.10.89 - - [13/Mar/2017:15:50:03 -0300] "GET /cormun/static/Shared/jqueryui/images/ui-icons_ebccce_256x240.png HTTP/1.1" 404 1089
192.168.10.89 - - [13/Mar/2017:15:50:03 -0300] "GET /cormun/static/Shared/jqueryui/images/ui-bg_flat_55_994d53_40x100.png HTTP/1.1" 404 1097
192.168.10.89 - - [13/Mar/2017:15:50:03 -0300] "GET /cormun/static/Shared/jqueryui/images/ui-bg_highlight-soft_100_c6c2c8_1x100.png HTTP/1.1" 404 1117
192.168.10.89 - - [13/Mar/2017:15:50:03 -0300] "GET /cormun/static/Shared/jqueryui/images/ui-icons_82798d_256x240.png HTTP/1.1" 404 1089
192.168.10.89 - - [13/Mar/2017:15:50:11 -0300] "GET /cormun/servlet/prfichaempleado?,MD,,gxPopupLevel%3D0%3B HTTP/1.1" 200 8839
192.168.10.89 - - [13/Mar/2017:15:50:16 -0300] "GET /cormun/servlet/hlogin HTTP/1.1" 200 1739
192.168.10.89 - - [13/Mar/2017:15:50:35 -0300] "POST /cormun/servlet/hlogin?b0526e8aacfbdb548a45b50dca695bcb,gx-no-cache=1489434318082 HTTP/1.1" 200 90
192.168.10.89 - - [13/Mar/2017:15:50:35 -0300] "GET /cormun/servlet/hpexe_link HTTP/1.1" 200 950
192.168.10.89 - - [13/Mar/2017:15:50:35 -0300] "GET /cormun/servlet/hhome HTTP/1.1" 200 4384
192.168.10.89 - - [13/Mar/2017:15:50:37 -0300] "GET /cormun/servlet/trsolicitudgral? HTTP/1.1" 200 9998
192.168.10.89 - - [13/Mar/2017:15:50:51 -0300] "GET /cormun/servlet/solicitudgral?UPD,2017,5214, HTTP/1.1" 200 12194
192.168.10.89 - - [13/Mar/2017:15:50:52 -0300] "POST /cormun/servlet/solicitudgral?gx-no-cache=1489434335432 HTTP/1.1" 200 3152
192.168.10.89 - - [13/Mar/2017:15:50:52 -0300] "GET /cormun/servlet/solicitudgral?46f472e390f9c3f44fd61aeb54868cafa588be141c0bad2e4369326d8020e92d157f9f43ac45657329d7d04e3bd36bcd2f365e8a82fd79dd94b5e2ac62e873c5a50246e27c262ea8722d749ed3a16a74f371221e7c7d64d0eb33d141b1e20568cd9dfacb64dde014f03d54743e8de8d80442e4864222529e67bc22ee79e677ad616f289a78ff535313cbe44ff5265aab805a11f4140c0b14da76f61da909d5cec4e94197197208472b3b529795ded286e9f2c65d83e69431f43af389a9f21f307f1734b8fb64e2f1bab1efa5d1ece5c15931d37992f5b94f4cf255e17053fbe6c24fefacdf9335fa508614122fd8faf6cb97e8c7d92db3d9fb254e7fe5656293a8ebab5888129558cbdb634e6abb2813148b24f5b8967afa6c0bdf3257c8cd7295047c9255e9ada20456434fc28032a01f08e652db5c50ad7cd748e74d143b691783e04acd8a4c1e03ffab401374734d,gx-no-cache=1489434335636 HTTP/1.1" 200 242
192.168.10.89 - - [13/Mar/2017:15:50:54 -0300] "GET /cormun/servlet/solicitudgral?46f472e390f9c3f44fd61aeb54868caf895be6de44567604acec866da91f2cc4019263b2a03e375972f171a1b699f9907286ea94153a348d09efec17bdf995611b809c5c931963d8873c2a555c9a7a12798c2909f51334a93966e6272ca596d31027bdbbdc8ce08fd9128f253f94d507b0f6773b2cfec1c2113161c5d121b2cedf7c290a907d1acba1220e0f26f076da6433716d5de5e96b2390ef5d3a9a96dd97fba67ad283cb7d62bdf0e166150f790f4c3f737d849cb782f839dd32be1c0b50f43a737b4ff144795a36282f2c5730d7872991b9a4572fd29f580c17397d66e1decaaa2eb91468f830ae7b26753106c5f7a04f9a6d17f0851c142ecfc8349b0ce86c54b9c57f829b8f376578718e51f1a5704ac0f8a73121fe58fa6a021f073fa1c5de164e9136b1afc5f0c4a7394fa45ff92e0018d68d57646e7437caea2554dabd33c9f6734487958115821a064ba7887a3335aa91f0856d86e1e1124b45932ed81b634fe06fbd5ffcccbecc43b168207324357c430e30e84cc2dc239280f3df93a1784bd15426265722fc419ffaad55ccf1495bcb9ff6bf0b79605649d9757a54327143447e00a0ee6f013bd6e2546b31f9af72bfac2847bf229543608a1ab9c3312379ef8dc387c16a7c438d56f340b58fdc6e382e643826a56e1e8226488d49c61821f026ace7a904a122a3bbd14d7f5fbf0b5fca49dacdb93b8d756fdfd08dd7598fae60bf8bd3409e1e3f5025a2b23a3ae7ca477b5ba896d0ef380444fefbe277b987df6aa674cbd92bd118,gx-no-cache=1489434337547 HTTP/1.1" 200 48
192.168.10.89 - - [13/Mar/2017:15:50:55 -0300] "POST /cormun/servlet/solicitudgral?b0526e8aacfbdb548a45b50dca695bcb,UPD,2017,5214,,gx-no-cache=1489434337921 HTTP/1.1" 200 10561
192.168.10.89 - - [13/Mar/2017:15:50:55 -0300] "GET /cormun/servlet/solicitudgral?46f472e390f9c3f44fd61aeb54868caf7fc24a5a008161a3b9a407bfa2dc9431c754cf225643bfc721962149dbc67e5160b77963bbcce9fcd7f570b84d1b7dcaceaa1e44ecb63da1164db8c98e2f23db4efe05e1b57c3890ba0acd43250a8567b4b7753751607786475ca9e5a523c2ea,gx-no-cache=1489434338275 HTTP/1.1" 200 29
192.168.10.89 - - [13/Mar/2017:15:50:55 -0300] "POST /cormun/servlet/solicitudgral?gx-no-cache=1489434338303 HTTP/1.1" 200 1249
192.168.10.89 - - [13/Mar/2017:15:50:55 -0300] "POST /cormun/servlet/solicitudgral?gx-no-cache=1489434338377 HTTP/1.1" 200 1153
192.168.10.89 - - [13/Mar/2017:15:51:08 -0300] "POST /cormun/servlet/solicitudgral?b0526e8aacfbdb548a45b50dca695bcb,UPD,2017,5214,,gx-no-cache=1489434351098 HTTP/1.1" 200 93
192.168.10.89 - - [13/Mar/2017:15:51:08 -0300] "GET /cormun/servlet/hpexe_return? HTTP/1.1" 200 1010
192.168.10.89 - - [13/Mar/2017:15:51:08 -0300] "GET /cormun/servlet/trsolicitudgral HTTP/1.1" 200 10002
192.168.10.89 - - [13/Mar/2017:15:51:13 -0300] "POST /cormun/servlet/trsolicitudgral?b0526e8aacfbdb548a45b50dca695bcb,gx-no-cache=1489434356074 HTTP/1.1" 200 5611
192.168.10.89 - - [13/Mar/2017:15:51:13 -0300] "GET /cormun/static/Shared/jqueryui/images/ui-bg_flat_55_fafafa_40x100.png HTTP/1.1" 404 1097
192.168.10.89 - - [13/Mar/2017:15:51:13 -0300] "GET /cormun/static/Shared/jqueryui/images/ui-icons_8d78a5_256x240.png HTTP/1.1" 404 1089
192.168.10.89 - - [13/Mar/2017:15:51:13 -0300] "GET /cormun/static/Shared/jqueryui/images/ui-bg_highlight-soft_100_c6c2c8_1x100.png HTTP/1.1" 404 1117
192.168.10.89 - - [13/Mar/2017:15:51:13 -0300] "GET /cormun/static/Shared/jqueryui/images/ui-icons_82798d_256x240.png HTTP/1.1" 404 1089
192.168.10.89 - - [13/Mar/2017:15:51:51 -0300] "POST /cormun/servlet/trsolicitudgral?b0526e8aacfbdb548a45b50dca695bcb,gx-no-cache=1489434394476 HTTP/1.1" 200 6684
192.168.10.89 - - [13/Mar/2017:15:51:59 -0300] "POST /cormun/servlet/trsolicitudgral?b0526e8aacfbdb548a45b50dca695bcb,gx-no-cache=1489434401623 HTTP/1.1" 200 5603
186.79.41.193 - - [13/Mar/2017:15:52:27 -0300] "GET /cormun/servlet/hhome HTTP/1.1" 200 3290
186.79.41.193 - - [13/Mar/2017:15:52:28 -0300] "GET /cormun/servlet/hhome HTTP/1.1" 200 3300
186.79.41.193 - - [13/Mar/2017:15:52:29 -0300] "GET /cormun/servlet/hlogin HTTP/1.1" 200 1736
192.168.10.89 - - [13/Mar/2017:15:52:35 -0300] "POST /cormun/servlet/trsolicitudgral?b0526e8aacfbdb548a45b50dca695bcb,gx-no-cache=1489434438039 HTTP/1.1" 200 6705
186.79.41.193 - - [13/Mar/2017:15:52:36 -0300] "POST /cormun/servlet/hlogin?103fd32227c453d21c0c7dc3475e58dd,gx-no-cache=1489434823567 HTTP/1.1" 200 451
192.168.10.89 - - [13/Mar/2017:15:52:37 -0300] "POST /cormun/servlet/trsolicitudgral?b0526e8aacfbdb548a45b50dca695bcb,gx-no-cache=1489434440315 HTTP/1.1" 200 115
192.168.10.89 - - [13/Mar/2017:15:52:37 -0300] "GET /cormun/servlet/solicitudotlog?INS,2017,5180,0,REC, HTTP/1.1" 200 6153
192.168.10.89 - - [13/Mar/2017:15:52:38 -0300] "GET /cormun/servlet/solicitudotlog?46f472e390f9c3f44fd61aeb54868cafa173992f2d0943b226e55020e102c7575345d3bfde2d41f220d31914cc5e67f485a7cb92b626b4e61f5ceb0e5e4a82eeb44af182728fce6dd60f3601fa1c98e39d92b10b563552e862938db3983aaf9dc148f09e82c0cd06ec06f530de8d6e64eea8e6358ef9d9111a9f19a40cba773b4eda092463f7fd8881ae334678b98d7e7a9f188d67c9ad9ad108df0a61f34f60,gx-no-cache=1489434441631 HTTP/1.1" 200 94
186.79.41.193 - - [13/Mar/2017:15:52:50 -0300] "POST /cormun/servlet/hlogin?103fd32227c453d21c0c7dc3475e58dd,gx-no-cache=1489434837237 HTTP/1.1" 200 90
186.79.41.193 - - [13/Mar/2017:15:52:50 -0300] "GET /cormun/servlet/hpexe_link HTTP/1.1" 200 957
186.79.41.193 - - [13/Mar/2017:15:52:50 -0300] "GET /cormun/servlet/hhome HTTP/1.1" 200 3930
186.79.41.193 - - [13/Mar/2017:15:52:50 -0300] "GET /cormun/servlet/hhome HTTP/1.1" 200 3927
186.79.41.193 - - [13/Mar/2017:15:52:55 -0300] "GET /cormun/servlet/trcontratosolicitud? HTTP/1.1" 200 12718
186.79.41.193 - - [13/Mar/2017:15:52:56 -0300] "GET /cormun/static/gxcfg.js?20171317451682 HTTP/1.1" 200 953
186.79.41.193 - - [13/Mar/2017:15:52:56 -0300] "GET /cormun/static/trcontratosolicitud.js?20171317452124 HTTP/1.1" 200 28173
186.79.41.193 - - [13/Mar/2017:15:52:56 -0300] "GET /cormun//static/Resources/PXToolsActionDisabled.gif HTTP/1.1" 200 53
186.79.41.193 - - [13/Mar/2017:15:52:57 -0300] "GET /cormun/servlet/trcontratosolicitud? HTTP/1.1" 200 12718
186.79.41.193 - - [13/Mar/2017:15:52:57 -0300] "GET /cormun//static/Resources/PXToolsGridNew.png HTTP/1.1" 200 2949
192.168.10.89 - - [13/Mar/2017:15:53:37 -0300] "POST /cormun/servlet/solicitudotlog?b0526e8aacfbdb548a45b50dca695bcb,INS,2017,5180,0,REC,,gx-no-cache=1489434500357 HTTP/1.1" 200 93
192.168.10.89 - - [13/Mar/2017:15:53:37 -0300] "GET /cormun/servlet/hpexe_return? HTTP/1.1" 200 1040
192.168.10.89 - - [13/Mar/2017:15:53:38 -0300] "GET /cormun/servlet/trsolicitudgral?gx-no-cache=1489434438039 HTTP/1.1" 200 8718
186.79.41.193 - - [13/Mar/2017:15:53:45 -0300] "POST /cormun/servlet/trcontratosolicitud?103fd32227c453d21c0c7dc3475e58dd,,gx-no-cache=1489434891792 HTTP/1.1" 200 3990
186.79.41.193 - - [13/Mar/2017:15:53:56 -0300] "POST /cormun/servlet/trcontratosolicitud?103fd32227c453d21c0c7dc3475e58dd,,gx-no-cache=1489434902937 HTTP/1.1" 200 4747
186.79.41.193 - - [13/Mar/2017:15:54:03 -0300] "POST /cormun/servlet/trcontratosolicitud?103fd32227c453d21c0c7dc3475e58dd,,gx-no-cache=1489434909776 HTTP/1.1" 200 3992
186.79.41.193 - - [13/Mar/2017:15:54:09 -0300] "GET /cormun/servlet/hhome HTTP/1.1" 200 3930
186.79.41.193 - - [13/Mar/2017:15:54:10 -0300] "GET /cormun/servlet/hhome HTTP/1.1" 200 3927
186.79.41.193 - - [13/Mar/2017:15:54:13 -0300] "GET /cormun/servlet/trcontratosolicitud? HTTP/1.1" 200 6456
186.79.41.193 - - [13/Mar/2017:15:54:14 -0300] "GET /cormun/servlet/trcontratosolicitud? HTTP/1.1" 200 6456
186.79.41.193 - - [13/Mar/2017:15:54:22 -0300] "POST /cormun/servlet/trcontratosolicitud?103fd32227c453d21c0c7dc3475e58dd,,gx-no-cache=1489434928838 HTTP/1.1" 200 10454
192.168.10.89 - - [13/Mar/2017:15:55:00 -0300] "POST /cormun/servlet/trsolicitudgral?b0526e8aacfbdb548a45b50dca695bcb,gx-no-cache=1489434438039,gx-no-cache=1489434582616 HTTP/1.1" 200 6672
200.73.230.173 - - [13/Mar/2017:15:55:04 -0300] "GET /cormun/servlet/hlogin HTTP/1.1" 200 1714
200.73.230.173 - - [13/Mar/2017:15:55:04 -0300] "GET /cormun/static/gxtimezone.js?85251 HTTP/1.1" 304 -
200.73.230.173 - - [13/Mar/2017:15:55:04 -0300] "GET /cormun/static/gxcfg.js?201612216162538 HTTP/1.1" 304 -
200.73.230.173 - - [13/Mar/2017:15:55:04 -0300] "GET /cormun/static/messages.spa.js?85251 HTTP/1.1" 304 -
200.73.230.173 - - [13/Mar/2017:15:55:04 -0300] "GET /cormun/servlet/hlogin HTTP/1.1" 200 1720
192.168.10.89 - - [13/Mar/2017:15:55:09 -0300] "POST /cormun/servlet/trsolicitudgral?b0526e8aacfbdb548a45b50dca695bcb,gx-no-cache=1489434438039,gx-no-cache=1489434592323 HTTP/1.1" 200 5599
192.168.10.89 - - [13/Mar/2017:15:55:10 -0300] "GET /cormun/static/Shared/jqueryui/images/ui-bg_flat_55_fafafa_40x100.png HTTP/1.1" 404 1097
192.168.10.89 - - [13/Mar/2017:15:55:10 -0300] "GET /cormun/static/Shared/jqueryui/images/ui-icons_8d78a5_256x240.png HTTP/1.1" 404 1089
192.168.10.89 - - [13/Mar/2017:15:55:10 -0300] "GET /cormun/static/Shared/jqueryui/images/ui-bg_highlight-soft_100_c6c2c8_1x100.png HTTP/1.1" 404 1117
192.168.10.89 - - [13/Mar/2017:15:55:10 -0300] "GET /cormun/static/Shared/jqueryui/images/ui-icons_82798d_256x240.png HTTP/1.1" 404 1089
200.73.230.173 - - [13/Mar/2017:15:55:14 -0300] "POST /cormun/servlet/hlogin?1fa39a47373e3f4555eb5958ea575ff2,gx-no-cache=1489431389422 HTTP/1.1" 200 90
200.73.230.173 - - [13/Mar/2017:15:55:14 -0300] "GET /cormun/servlet/hpexe_link HTTP/1.1" 200 945
200.73.230.173 - - [13/Mar/2017:15:55:15 -0300] "GET /cormun/static/gxcfg.js?201612218515529 HTTP/1.1" 304 -
200.73.230.173 - - [13/Mar/2017:15:55:15 -0300] "GET /cormun/servlet/hhome HTTP/1.1" 200 3790
200.73.230.173 - - [13/Mar/2017:15:55:15 -0300] "GET /cormun/static/gxcfg.js?201612218515568 HTTP/1.1" 304 -
200.73.230.173 - - [13/Mar/2017:15:55:16 -0300] "GET /cormun/servlet/hhome HTTP/1.1" 200 3787
200.73.230.173 - - [13/Mar/2017:15:55:19 -0300] "GET /cormun/servlet/trvisualizadoreventos? HTTP/1.1" 200 6517
200.73.230.173 - - [13/Mar/2017:15:55:19 -0300] "GET /cormun/static/gxcfg.js?2016101716203350 HTTP/1.1" 200 953
200.73.230.173 - - [13/Mar/2017:15:55:19 -0300] "GET /cormun/static/calendar.js?85251 HTTP/1.1" 304 -
200.73.230.173 - - [13/Mar/2017:15:55:19 -0300] "GET /cormun/static/calendar-es.js?85251 HTTP/1.1" 304 -
200.73.230.173 - - [13/Mar/2017:15:55:19 -0300] "GET /cormun/static/calendar-setup.js?85251 HTTP/1.1" 304 -
200.73.230.173 - - [13/Mar/2017:15:55:20 -0300] "GET /cormun/static/Resources/PXToolsActionPrint.png HTTP/1.1" 200 3317
200.73.230.173 - - [13/Mar/2017:15:55:20 -0300] "GET /cormun/static/trvisualizadoreventos.js?2016101716203614 HTTP/1.1" 200 19309
200.73.230.173 - - [13/Mar/2017:15:55:20 -0300] "GET /cormun/static/gxdec.js?85251 HTTP/1.1" 304 -
200.73.230.173 - - [13/Mar/2017:15:55:20 -0300] "GET /cormun/servlet/trvisualizadoreventos? HTTP/1.1" 200 6517
200.73.230.173 - - [13/Mar/2017:15:55:26 -0300] "GET /cormun/servlet/trsolicitudot? HTTP/1.1" 200 6746
200.73.230.173 - - [13/Mar/2017:15:55:26 -0300] "GET /cormun/static/gxcfg.js?20171191044697 HTTP/1.1" 304 -
200.73.230.173 - - [13/Mar/2017:15:55:26 -0300] "GET /cormun/static/trsolicitudot.js?20171191045625 HTTP/1.1" 304 -
200.73.230.173 - - [13/Mar/2017:15:55:26 -0300] "GET /cormun/servlet/trsolicitudot? HTTP/1.1" 200 6745
192.168.10.89 - - [13/Mar/2017:15:55:33 -0300] "POST /cormun/servlet/trsolicitudgral?b0526e8aacfbdb548a45b50dca695bcb,gx-no-cache=1489434438039,gx-no-cache=1489434615839 HTTP/1.1" 200 6693
200.73.230.173 - - [13/Mar/2017:15:55:48 -0300] "POST /cormun/servlet/trsolicitudot?1fa39a47373e3f4555eb5958ea575ff2,,gx-no-cache=1489431422976 HTTP/1.1" 200 3952
200.73.230.173 - - [13/Mar/2017:15:55:50 -0300] "POST /cormun/servlet/trsolicitudot?1fa39a47373e3f4555eb5958ea575ff2,,gx-no-cache=1489431424795 HTTP/1.1" 200 3952
200.73.230.173 - - [13/Mar/2017:15:55:53 -0300] "GET /cormun/servlet/solicitudot?INS,0,0, HTTP/1.1" 200 12596
200.73.230.173 - - [13/Mar/2017:15:55:53 -0300] "GET /cormun/static/gxcfg.js?20171191042720 HTTP/1.1" 304 -
200.73.230.173 - - [13/Mar/2017:15:55:53 -0300] "GET /cormun/static/solicitudot.js?2017119104297 HTTP/1.1" 304 -
200.73.230.173 - - [13/Mar/2017:15:55:53 -0300] "GET /cormun/servlet/solicitudot?INS,0,0, HTTP/1.1" 200 12601
192.168.10.89 - - [13/Mar/2017:15:55:56 -0300] "POST /cormun/servlet/trsolicitudgral?b0526e8aacfbdb548a45b50dca695bcb,gx-no-cache=1489434438039,gx-no-cache=1489434638670 HTTP/1.1" 200 5611
200.73.230.173 - - [13/Mar/2017:15:56:07 -0300] "POST /cormun/servlet/solicitudot?gx-no-cache=1489431441656 HTTP/1.1" 200 3260
200.73.230.173 - - [13/Mar/2017:15:56:07 -0300] "GET /cormun/static/Shared/jqueryui/images/ui-bg_highlight-soft_100_c6c2c8_1x100.png HTTP/1.1" 404 1117
200.73.230.173 - - [13/Mar/2017:15:56:07 -0300] "GET /cormun/static/Shared/jqueryui/images/ui-icons_82798d_256x240.png HTTP/1.1" 404 1089
200.73.230.173 - - [13/Mar/2017:15:56:07 -0300] "GET /cormun/static/Shared/jqueryui/images/ui-bg_flat_55_994d53_40x100.png HTTP/1.1" 404 1097
200.73.230.173 - - [13/Mar/2017:15:56:07 -0300] "GET /cormun/static/Shared/jqueryui/images/ui-icons_ebccce_256x240.png HTTP/1.1" 404 1089
192.168.10.89 - - [13/Mar/2017:15:56:08 -0300] "POST /cormun/servlet/trsolicitudgral?b0526e8aacfbdb548a45b50dca695bcb,gx-no-cache=1489434438039,gx-no-cache=1489434651243 HTTP/1.1" 200 6681
200.73.230.173 - - [13/Mar/2017:15:56:12 -0300] "GET /cormun/servlet/solicitudot?4d538324b4939f46a8ee61bfcb8b1a8836f0c3ee406f6521593f0ea9213125f14b65e48030b163dfefbf825a8cb6c66c,gx-no-cache=1489431446669 HTTP/1.1" 200 30
192.168.10.89 - - [13/Mar/2017:15:56:24 -0300] "POST /cormun/servlet/trsolicitudgral?b0526e8aacfbdb548a45b50dca695bcb,gx-no-cache=1489434438039,gx-no-cache=1489434667157 HTTP/1.1" 200 5597
186.79.41.193 - - [13/Mar/2017:15:56:27 -0300] "POST /cormun/servlet/trcontratosolicitud?103fd32227c453d21c0c7dc3475e58dd,,gx-no-cache=1489435053934 HTTP/1.1" 200 10481
200.73.230.173 - - [13/Mar/2017:15:56:58 -0300] "GET /cormun/servlet/solicitudot?4d538324b4939f46a8ee61bfcb8b1a88e669559e1f376601a8909c15ab8085a862bd00a07a37ef53433e1caf2f49d75185ec0ff7797907fc38efa7ad3a16119a02a9ca0f9777600bd4056cd04ccfa7f79f046886f432b1aca11d632a4d0c454c981af0487b30077d975ef5610f60f9d24aefb45e95594ebb02fb96991cdf64cc83ea4b59656636c6723eb37464446db91d0cdb8d0383d2a7ce397d193d186de983c3199b8d1ad88755f58030e342a17946b0d08d3152c6f5b5319626c0657e597d7f0bf88ac5e35996fd9d7f1e30cf960fdb4e00e0a025f32cedfcd790c661c6b923e2054f4904e03f50ad48ea36cdeccfe1ca13aad4fa275a372d3e022f16f99ad2be012bdeb52f156af3a8ca89ef36e00a73ecebb1f3e1b9764c7b52bec6027a08c44b50ab2ce9ff11c778af406d66a471ad98a68844745a4816e7c9a38b543ae924951c78eb6cc78bb132af802c96,gx-no-cache=1489431492829 HTTP/1.1" 200 240
200.73.230.173 - - [13/Mar/2017:15:57:03 -0300] "GET /cormun/servlet/solicitudot?4d538324b4939f46a8ee61bfcb8b1a88763d473be33af8d7279688946e14d04446319e3b631541a8ef48079fba59e1d09a152c94c8fdb7b5b3b302013ac2790f0576d00ad7a4f5c629ffa599958ea35e71c612156f9be2a7c6d91e56a772967633f03b008f7a1789312889f1c2a4626f7070478ad01c43b86b2a0d67bff3f44a771692e5046caeaf3c05ee041a8cd8a8c91d858bbc7b2ca870d7ea5bea6f7f3796f36104f02b7cc115e2fd5a48d85af42134927d9c85b882eec566476f48a26f019d7c4a8ab178c8920084363e42d2120ff698b11d518f3866c6c35564b57a9b5ab069bea186f5798686778aa5721184b4ad5d871795c8454c8e9997d6b8e19d0490c1174b888d3b376ca4c4c011f3da9b7a64069ba419e7f9e83e58e05962820629864fc6b2eb3bb7660114b5525126258abfc9d9e487c7d090cacd754ae100376cb30dc0769d80863cb2961d04edaf51b63efabcd6fb4142069e60a4e872c650d6b0980d8af9049bb27335b3f3f927c1cdc971991abbd9abd98a2861caa208,gx-no-cache=1489431497937 HTTP/1.1" 200 30
200.73.230.173 - - [13/Mar/2017:15:57:07 -0300] "POST /cormun/servlet/solicitudot?gx-no-cache=1489431501888 HTTP/1.1" 200 30
192.168.10.89 - - [13/Mar/2017:15:57:31 -0300] "POST /cormun/servlet/trsolicitudgral?b0526e8aacfbdb548a45b50dca695bcb,gx-no-cache=1489434438039,gx-no-cache=1489434734162 HTTP/1.1" 200 6679
192.168.10.89 - - [13/Mar/2017:15:57:37 -0300] "POST /cormun/servlet/trsolicitudgral?b0526e8aacfbdb548a45b50dca695bcb,gx-no-cache=1489434438039,gx-no-cache=1489434739984 HTTP/1.1" 200 115
192.168.10.89 - - [13/Mar/2017:15:57:37 -0300] "GET /cormun/servlet/solicitudotlog?INS,2017,5342,0,REC, HTTP/1.1" 200 6174
192.168.10.89 - - [13/Mar/2017:15:57:38 -0300] "GET /cormun/servlet/solicitudotlog?46f472e390f9c3f44fd61aeb54868cafd91a2b68aa211c871f8153b9f073ffe95345d3bfde2d41f220d31914cc5e67f485a7cb92b626b4e61f5ceb0e5e4a82eeb44af182728fce6dd60f3601fa1c98e39d92b10b563552e862938db3983aaf9dc148f09e82c0cd06ec06f530de8d6e64eea8e6358ef9d9111a9f19a40cba773b4eda092463f7fd8881ae334678b98d7e7a9f188d67c9ad9ad108df0a61f34f60,gx-no-cache=1489434741363 HTTP/1.1" 200 94
200.73.230.173 - - [13/Mar/2017:15:57:41 -0300] "GET /cormun/servlet/prfichaempleado?,MD,,gxPopupLevel%3D0%3B HTTP/1.1" 200 8839
200.73.230.173 - - [13/Mar/2017:15:57:41 -0300] "GET /cormun/static/gxcfg.js?2016102420561687 HTTP/1.1" 304 -
192.168.10.89 - - [13/Mar/2017:15:57:42 -0300] "POST /cormun/servlet/solicitudotlog?b0526e8aacfbdb548a45b50dca695bcb,INS,2017,5342,0,REC,,gx-no-cache=1489434744999 HTTP/1.1" 200 93
192.168.10.89 - - [13/Mar/2017:15:57:42 -0300] "GET /cormun/servlet/hpexe_return? HTTP/1.1" 200 1040
192.168.10.89 - - [13/Mar/2017:15:57:42 -0300] "GET /cormun/servlet/trsolicitudgral?gx-no-cache=1489434438039 HTTP/1.1" 200 8711
192.168.10.89 - - [13/Mar/2017:15:57:49 -0300] "POST /cormun/servlet/trsolicitudgral?b0526e8aacfbdb548a45b50dca695bcb,gx-no-cache=1489434438039,gx-no-cache=1489434751977 HTTP/1.1" 200 5407
200.73.230.173 - - [13/Mar/2017:15:57:50 -0300] "POST /cormun/servlet/prfichaempleado?1fa39a47373e3f4555eb5958ea575ff2,,MD,,gxPopupLevel%3D0%3B,gx-no-cache=1489431544611 HTTP/1.1" 200 5736
192.168.10.89 - - [13/Mar/2017:15:57:54 -0300] "POST /cormun/servlet/trsolicitudgral?b0526e8aacfbdb548a45b50dca695bcb,gx-no-cache=1489434438039,gx-no-cache=1489434757181 HTTP/1.1" 200 6680
192.168.10.89 - - [13/Mar/2017:15:58:00 -0300] "POST /cormun/servlet/trsolicitudgral?b0526e8aacfbdb548a45b50dca695bcb,gx-no-cache=1489434438039,gx-no-cache=1489434763081 HTTP/1.1" 200 5407
200.73.230.173 - - [13/Mar/2017:15:58:12 -0300] "POST /cormun/servlet/prfichaempleado?1fa39a47373e3f4555eb5958ea575ff2,,MD,,gxPopupLevel%3D0%3B,gx-no-cache=1489431567001 HTTP/1.1" 200 3396
192.168.10.89 - - [13/Mar/2017:15:58:14 -0300] "POST /cormun/servlet/trsolicitudgral?b0526e8aacfbdb548a45b50dca695bcb,gx-no-cache=1489434438039,gx-no-cache=1489434776589 HTTP/1.1" 200 6682
192.168.10.89 - - [13/Mar/2017:15:58:15 -0300] "POST /cormun/servlet/trsolicitudgral?b0526e8aacfbdb548a45b50dca695bcb,gx-no-cache=1489434438039,gx-no-cache=1489434778527 HTTP/1.1" 200 115
192.168.10.89 - - [13/Mar/2017:15:58:16 -0300] "GET /cormun/servlet/solicitudotlog?INS,2017,5338,0,REC, HTTP/1.1" 200 6174
192.168.10.89 - - [13/Mar/2017:15:58:17 -0300] "GET /cormun/servlet/solicitudotlog?46f472e390f9c3f44fd61aeb54868caf3f1c275513524b15bcae6102c254a25c5345d3bfde2d41f220d31914cc5e67f485a7cb92b626b4e61f5ceb0e5e4a82eeb44af182728fce6dd60f3601fa1c98e39d92b10b563552e862938db3983aaf9dc148f09e82c0cd06ec06f530de8d6e64eea8e6358ef9d9111a9f19a40cba773b4eda092463f7fd8881ae334678b98d7e7a9f188d67c9ad9ad108df0a61f34f60,gx-no-cache=1489434779886 HTTP/1.1" 200 94
192.168.10.89 - - [13/Mar/2017:15:58:19 -0300] "POST /cormun/servlet/solicitudotlog?b0526e8aacfbdb548a45b50dca695bcb,INS,2017,5338,0,REC,,gx-no-cache=1489434782274 HTTP/1.1" 200 93
192.168.10.89 - - [13/Mar/2017:15:58:19 -0300] "GET /cormun/servlet/hpexe_return? HTTP/1.1" 200 1040
192.168.10.89 - - [13/Mar/2017:15:58:20 -0300] "GET /cormun/servlet/trsolicitudgral?gx-no-cache=1489434438039 HTTP/1.1" 200 8714
200.73.230.173 - - [13/Mar/2017:15:58:21 -0300] "POST /cormun/servlet/solicitudot?gx-no-cache=1489431576353 HTTP/1.1" 200 1290
200.73.230.173 - - [13/Mar/2017:15:58:21 -0300] "GET /cormun/static/menuarrow.gif HTTP/1.1" 404 1015
192.168.10.89 - - [13/Mar/2017:15:58:32 -0300] "POST /cormun/servlet/trsolicitudgral?b0526e8aacfbdb548a45b50dca695bcb,gx-no-cache=1489434438039,gx-no-cache=1489434794790 HTTP/1.1" 200 6675
200.73.230.173 - - [13/Mar/2017:15:58:33 -0300] "POST /cormun/servlet/solicitudot?gx-no-cache=1489431587700 HTTP/1.1" 200 118
192.168.10.89 - - [13/Mar/2017:15:58:33 -0300] "POST /cormun/servlet/trsolicitudgral?b0526e8aacfbdb548a45b50dca695bcb,gx-no-cache=1489434438039,gx-no-cache=1489434796418 HTTP/1.1" 200 115
192.168.10.89 - - [13/Mar/2017:15:58:33 -0300] "GET /cormun/servlet/solicitudotlog?INS,2017,5337,0,REC, HTTP/1.1" 200 6174
192.168.10.89 - - [13/Mar/2017:15:58:35 -0300] "GET /cormun/servlet/solicitudotlog?46f472e390f9c3f44fd61aeb54868cafb70df52e9a2cbaae5bcb2972d696aeb05345d3bfde2d41f220d31914cc5e67f485a7cb92b626b4e61f5ceb0e5e4a82eeb44af182728fce6dd60f3601fa1c98e39d92b10b563552e862938db3983aaf9dc148f09e82c0cd06ec06f530de8d6e64eea8e6358ef9d9111a9f19a40cba773b4eda092463f7fd8881ae334678b98d7e7a9f188d67c9ad9ad108df0a61f34f60,gx-no-cache=1489434797832 HTTP/1.1" 200 94
192.168.10.89 - - [13/Mar/2017:15:58:38 -0300] "POST /cormun/servlet/solicitudotlog?b0526e8aacfbdb548a45b50dca695bcb,INS,2017,5337,0,REC,,gx-no-cache=1489434800567 HTTP/1.1" 200 93
192.168.10.89 - - [13/Mar/2017:15:58:38 -0300] "GET /cormun/servlet/hpexe_return? HTTP/1.1" 200 1040
192.168.10.89 - - [13/Mar/2017:15:58:38 -0300] "GET /cormun/servlet/trsolicitudgral?gx-no-cache=1489434438039 HTTP/1.1" 200 8702
200.73.230.173 - - [13/Mar/2017:15:58:55 -0300] "POST /cormun/servlet/solicitudot?gx-no-cache=1489431609489 HTTP/1.1" 200 118
192.168.10.89 - - [13/Mar/2017:15:59:05 -0300] "POST /cormun/servlet/trsolicitudgral?b0526e8aacfbdb548a45b50dca695bcb,gx-no-cache=1489434438039,gx-no-cache=1489434828081 HTTP/1.1" 200 6681
192.168.10.89 - - [13/Mar/2017:15:59:07 -0300] "POST /cormun/servlet/trsolicitudgral?b0526e8aacfbdb548a45b50dca695bcb,gx-no-cache=1489434438039,gx-no-cache=1489434830299 HTTP/1.1" 200 115
192.168.10.89 - - [13/Mar/2017:15:59:07 -0300] "GET /cormun/servlet/solicitudotlog?INS,2017,5335,0,REC, HTTP/1.1" 200 6174
192.168.10.89 - - [13/Mar/2017:15:59:09 -0300] "GET /cormun/servlet/solicitudotlog?46f472e390f9c3f44fd61aeb54868cafc744516d9e9aeab6478050a1d6aa4bdd5345d3bfde2d41f220d31914cc5e67f485a7cb92b626b4e61f5ceb0e5e4a82eeb44af182728fce6dd60f3601fa1c98e39d92b10b563552e862938db3983aaf9dc148f09e82c0cd06ec06f530de8d6e64eea8e6358ef9d9111a9f19a40cba773b4eda092463f7fd8881ae334678b98d7e7a9f188d67c9ad9ad108df0a61f34f60,gx-no-cache=1489434831756 HTTP/1.1" 200 94
192.168.10.89 - - [13/Mar/2017:15:59:14 -0300] "POST /cormun/servlet/solicitudotlog?b0526e8aacfbdb548a45b50dca695bcb,INS,2017,5335,0,REC,,gx-no-cache=1489434837009 HTTP/1.1" 200 93
192.168.10.89 - - [13/Mar/2017:15:59:14 -0300] "GET /cormun/servlet/hpexe_return? HTTP/1.1" 200 1040
192.168.10.89 - - [13/Mar/2017:15:59:14 -0300] "GET /cormun/servlet/trsolicitudgral?gx-no-cache=1489434438039 HTTP/1.1" 200 8717
192.168.10.89 - - [13/Mar/2017:15:59:26 -0300] "POST /cormun/servlet/trsolicitudgral?b0526e8aacfbdb548a45b50dca695bcb,gx-no-cache=1489434438039,gx-no-cache=1489434849284 HTTP/1.1" 200 6665
200.73.230.173 - - [13/Mar/2017:15:59:31 -0300] "GET /cormun/servlet/solicitudot?4d538324b4939f46a8ee61bfcb8b1a88586f2f90f7f199ef3d4e8b1f43dc5468cfe1ca13aad4fa275a372d3e022f16f99ad2be012bdeb52f156af3a8ca89ef367b1264b9a63b76009f1499f483f875c0,gx-no-cache=1489431645612 HTTP/1.1" 200 29
200.73.230.173 - - [13/Mar/2017:15:59:31 -0300] "POST /cormun/servlet/solicitudot?gx-no-cache=1489431645717 HTTP/1.1" 200 1274
200.73.230.173 - - [13/Mar/2017:15:59:31 -0300] "POST /cormun/servlet/solicitudot?gx-no-cache=1489431645836 HTTP/1.1" 200 1157
200.73.230.173 - - [13/Mar/2017:15:59:33 -0300] "POST /cormun/servlet/solicitudot?gx-no-cache=1489431647652 HTTP/1.1" 200 1274
200.73.230.173 - - [13/Mar/2017:15:59:33 -0300] "POST /cormun/servlet/solicitudot?gx-no-cache=1489431647760 HTTP/1.1" 200 1157
200.73.230.173 - - [13/Mar/2017:15:59:38 -0300] "GET /cormun/servlet/solicitudot?4d538324b4939f46a8ee61bfcb8b1a8832c3e05c6a3c1a42f909ffc1e13dd3617e9793725278470c0857ff8132ad16e3393760004fb9467351ff582fa682d651eeeff226b7247e9a1115671894dbfba45d1c9563d3c0a20dc0bdc8a33372634210c532143b95ff68a6e15df8c5be5153ce3e4810a055251aa76c043d710436f8e9b8ee1b0bb525b064f2951bb3963ddea7d833c7072b0c93bcc2a32133ffe5b8a3b5fcf1915d1a7d44b33e39e8c41520,gx-no-cache=1489431653391 HTTP/1.1" 200 30
200.73.230.173 - - [13/Mar/2017:15:59:49 -0300] "POST /cormun/servlet/solicitudot?1fa39a47373e3f4555eb5958ea575ff2,INS,0,0,,gx-no-cache=1489431663551 HTTP/1.1" 200 11138
186.79.41.193 - - [13/Mar/2017:15:59:54 -0300] "GET /cormun/servlet/trcontratoobservaciondir? HTTP/1.1" 200 7682
186.79.41.193 - - [13/Mar/2017:15:59:54 -0300] "GET /cormun/static/gxcfg.js?201612218551235 HTTP/1.1" 200 953
192.168.10.89 - - [13/Mar/2017:15:59:54 -0300] "POST /cormun/servlet/trsolicitudgral?b0526e8aacfbdb548a45b50dca695bcb,gx-no-cache=1489434438039,gx-no-cache=1489434877434 HTTP/1.1" 200 115
192.168.10.89 - - [13/Mar/2017:15:59:54 -0300] "GET /cormun/servlet/solicitudotlog?INS,2017,5332,0,REC, HTTP/1.1" 200 6174
186.79.41.193 - - [13/Mar/2017:15:59:55 -0300] "GET /cormun/servlet/trcontratoobservaciondir? HTTP/1.1" 200 7682
192.168.10.89 - - [13/Mar/2017:15:59:56 -0300] "GET /cormun/servlet/solicitudotlog?46f472e390f9c3f44fd61aeb54868caf76d387c9e18c5b2c8fd2d8f1bf1d2e9e5345d3bfde2d41f220d31914cc5e67f485a7cb92b626b4e61f5ceb0e5e4a82eeb44af182728fce6dd60f3601fa1c98e39d92b10b563552e862938db3983aaf9dc148f09e82c0cd06ec06f530de8d6e64eea8e6358ef9d9111a9f19a40cba773b4eda092463f7fd8881ae334678b98d7e7a9f188d67c9ad9ad108df0a61f34f60,gx-no-cache=1489434878862 HTTP/1.1" 200 94
192.168.10.89 - - [13/Mar/2017:16:00:00 -0300] "POST /cormun/servlet/solicitudotlog?b0526e8aacfbdb548a45b50dca695bcb,INS,2017,5332,0,REC,,gx-no-cache=1489434883218 HTTP/1.1" 200 93
192.168.10.89 - - [13/Mar/2017:16:00:00 -0300] "GET /cormun/servlet/hpexe_return? HTTP/1.1" 200 1040
192.168.10.89 - - [13/Mar/2017:16:00:01 -0300] "GET /cormun/servlet/trsolicitudgral?gx-no-cache=1489434438039 HTTP/1.1" 200 8701
200.73.230.173 - - [13/Mar/2017:16:00:01 -0300] "GET /cormun/servlet/prfichaempleado?,MD,,gxPopupLevel%3D0%3B HTTP/1.1" 200 8839
186.79.41.193 - - [13/Mar/2017:16:00:06 -0300] "GET /cormun/servlet/trcontratosolicitud? HTTP/1.1" 200 12715
186.79.41.193 - - [13/Mar/2017:16:00:07 -0300] "GET /cormun/servlet/trcontratosolicitud? HTTP/1.1" 200 12710
186.79.113.67 - - [13/Mar/2017:16:00:18 -0300] "GET /cormun/servlet/hlogin HTTP/1.1" 200 1718
186.79.113.67 - - [13/Mar/2017:16:00:20 -0300] "POST /cormun/servlet/hlogin?eb3911bc7fa4f22db9fd6bd71306d484,gx-no-cache=1489431689716 HTTP/1.1" 200 90
186.79.113.67 - - [13/Mar/2017:16:00:20 -0300] "GET /cormun/servlet/hpexe_link HTTP/1.1" 200 954
186.79.113.67 - - [13/Mar/2017:16:00:21 -0300] "GET /cormun/servlet/hhome HTTP/1.1" 200 3961
186.79.113.67 - - [13/Mar/2017:16:00:21 -0300] "GET /cormun/servlet/hhome HTTP/1.1" 200 3958
186.79.113.67 - - [13/Mar/2017:16:00:27 -0300] "GET /cormun/servlet/trvisualizadoreventos? HTTP/1.1" 200 6689
186.79.113.67 - - [13/Mar/2017:16:00:27 -0300] "GET /cormun/static/gxcfg.js?2016101716203350 HTTP/1.1" 200 953
186.79.113.67 - - [13/Mar/2017:16:00:27 -0300] "GET /cormun/static/trvisualizadoreventos.js?2016101716203614 HTTP/1.1" 200 19309
186.79.113.67 - - [13/Mar/2017:16:00:28 -0300] "GET /cormun/static/Resources/PXToolsActionPrint.png HTTP/1.1" 200 3317
186.79.113.67 - - [13/Mar/2017:16:00:28 -0300] "GET /cormun/servlet/trvisualizadoreventos? HTTP/1.1" 200 6689
186.79.113.67 - - [13/Mar/2017:16:00:33 -0300] "GET /cormun/servlet/hhome HTTP/1.1" 200 3960
186.79.113.67 - - [13/Mar/2017:16:00:34 -0300] "GET /cormun/servlet/hhome HTTP/1.1" 200 3958
186.79.113.67 - - [13/Mar/2017:16:00:37 -0300] "GET /cormun/servlet/hlogin HTTP/1.1" 200 1730
186.79.113.67 - - [13/Mar/2017:16:00:40 -0300] "POST /cormun/servlet/hlogin?eb3911bc7fa4f22db9fd6bd71306d484,gx-no-cache=1489431709119 HTTP/1.1" 200 90
186.79.113.67 - - [13/Mar/2017:16:00:40 -0300] "GET /cormun/servlet/hpexe_link HTTP/1.1" 200 954
186.79.113.67 - - [13/Mar/2017:16:00:40 -0300] "GET /cormun/servlet/hhome HTTP/1.1" 200 3961
186.79.113.67 - - [13/Mar/2017:16:00:40 -0300] "GET /cormun/servlet/hhome HTTP/1.1" 200 3958
200.73.230.173 - - [13/Mar/2017:16:00:53 -0300] "GET /cormun/servlet/prfichaempleado?,MD,,gxPopupLevel%3D0%3B HTTP/1.1" 200 8839
186.79.113.67 - - [13/Mar/2017:16:00:59 -0300] "GET /cormun/servlet/trvisualizadoreventos? HTTP/1.1" 200 6689
186.79.113.67 - - [13/Mar/2017:16:00:59 -0300] "GET /cormun/servlet/trvisualizadoreventos? HTTP/1.1" 200 6689
200.73.230.173 - - [13/Mar/2017:16:01:06 -0300] "POST /cormun/servlet/prfichaempleado?1fa39a47373e3f4555eb5958ea575ff2,,MD,,gxPopupLevel%3D0%3B,gx-no-cache=1489431740898 HTTP/1.1" 200 5738
186.79.113.67 - - [13/Mar/2017:16:01:08 -0300] "POST /cormun/servlet/trvisualizadoreventos?eb3911bc7fa4f22db9fd6bd71306d484,,gx-no-cache=1489431736944 HTTP/1.1" 200 111
186.79.113.67 - - [13/Mar/2017:16:01:08 -0300] "GET /cormun/VisualizadorEventos-6240.xls HTTP/1.1" 200 4096
200.73.230.173 - - [13/Mar/2017:16:01:13 -0300] "POST /cormun/servlet/prfichaempleado?1fa39a47373e3f4555eb5958ea575ff2,,MD,,gxPopupLevel%3D0%3B,gx-no-cache=1489431748024 HTTP/1.1" 200 3400
186.79.113.67 - - [13/Mar/2017:16:01:19 -0300] "POST /cormun/servlet/acontrolpreferencessavestate?None,EVALENZUELA,true HTTP/1.1" 200 35
186.79.113.67 - - [13/Mar/2017:16:01:22 -0300] "POST /cormun/servlet/trvisualizadoreventos?eb3911bc7fa4f22db9fd6bd71306d484,,gx-no-cache=1489431751392 HTTP/1.1" 200 3962
192.168.10.89 - - [13/Mar/2017:16:01:28 -0300] "POST /cormun/servlet/trsolicitudgral?b0526e8aacfbdb548a45b50dca695bcb,gx-no-cache=1489434438039,gx-no-cache=1489434970711 HTTP/1.1" 200 6701
192.168.10.89 - - [13/Mar/2017:16:01:29 -0300] "POST /cormun/servlet/trsolicitudgral?b0526e8aacfbdb548a45b50dca695bcb,gx-no-cache=1489434438039,gx-no-cache=1489434972274 HTTP/1.1" 200 115
192.168.10.89 - - [13/Mar/2017:16:01:29 -0300] "GET /cormun/servlet/solicitudotlog?INS,2017,5331,0,REC, HTTP/1.1" 200 6174
192.168.10.89 - - [13/Mar/2017:16:01:31 -0300] "GET /cormun/servlet/solicitudotlog?46f472e390f9c3f44fd61aeb54868caf3cf277e101afc7a7c57b41e966b0f8b55345d3bfde2d41f220d31914cc5e67f485a7cb92b626b4e61f5ceb0e5e4a82eeb44af182728fce6dd60f3601fa1c98e39d92b10b563552e862938db3983aaf9dc148f09e82c0cd06ec06f530de8d6e64eea8e6358ef9d9111a9f19a40cba773b4eda092463f7fd8881ae334678b98d7e7a9f188d67c9ad9ad108df0a61f34f60,gx-no-cache=1489434973639 HTTP/1.1" 200 94
192.168.10.89 - - [13/Mar/2017:16:01:33 -0300] "POST /cormun/servlet/solicitudotlog?b0526e8aacfbdb548a45b50dca695bcb,INS,2017,5331,0,REC,,gx-no-cache=1489434976239 HTTP/1.1" 200 93
192.168.10.89 - - [13/Mar/2017:16:01:33 -0300] "GET /cormun/servlet/hpexe_return? HTTP/1.1" 200 1040
192.168.10.89 - - [13/Mar/2017:16:01:34 -0300] "GET /cormun/servlet/trsolicitudgral?gx-no-cache=1489434438039 HTTP/1.1" 200 8715
186.79.113.67 - - [13/Mar/2017:16:01:37 -0300] "GET /cormun/servlet/trcontratosolicitud? HTTP/1.1" 200 13391
186.79.113.67 - - [13/Mar/2017:16:01:37 -0300] "GET /cormun/static/gxcfg.js?20171317451682 HTTP/1.1" 304 -
186.79.113.67 - - [13/Mar/2017:16:01:38 -0300] "GET /cormun/servlet/trcontratosolicitud? HTTP/1.1" 200 13396
192.168.10.89 - - [13/Mar/2017:16:01:44 -0300] "POST /cormun/servlet/trsolicitudgral?b0526e8aacfbdb548a45b50dca695bcb,gx-no-cache=1489434438039,gx-no-cache=1489434987450 HTTP/1.1" 200 6693
192.168.10.89 - - [13/Mar/2017:16:01:46 -0300] "POST /cormun/servlet/trsolicitudgral?b0526e8aacfbdb548a45b50dca695bcb,gx-no-cache=1489434438039,gx-no-cache=1489434989095 HTTP/1.1" 200 115
192.168.10.89 - - [13/Mar/2017:16:01:46 -0300] "GET /cormun/servlet/solicitudotlog?INS,2017,5330,0,REC, HTTP/1.1" 200 6174
192.168.10.89 - - [13/Mar/2017:16:01:47 -0300] "GET /cormun/servlet/solicitudotlog?46f472e390f9c3f44fd61aeb54868cafaa0e5611865afc6b88e324806f9500535345d3bfde2d41f220d31914cc5e67f485a7cb92b626b4e61f5ceb0e5e4a82eeb44af182728fce6dd60f3601fa1c98e39d92b10b563552e862938db3983aaf9dc148f09e82c0cd06ec06f530de8d6e64eea8e6358ef9d9111a9f19a40cba773b4eda092463f7fd8881ae334678b98d7e7a9f188d67c9ad9ad108df0a61f34f60,gx-no-cache=1489434990479 HTTP/1.1" 200 94
186.79.113.67 - - [13/Mar/2017:16:01:50 -0300] "POST /cormun/servlet/trcontratosolicitud?eb3911bc7fa4f22db9fd6bd71306d484,,gx-no-cache=1489431778757 HTTP/1.1" 200 11118
192.168.10.89 - - [13/Mar/2017:16:01:55 -0300] "POST /cormun/servlet/solicitudotlog?b0526e8aacfbdb548a45b50dca695bcb,INS,2017,5330,0,REC,,gx-no-cache=1489434997658 HTTP/1.1" 200 93
192.168.10.89 - - [13/Mar/2017:16:01:55 -0300] "GET /cormun/servlet/hpexe_return? HTTP/1.1" 200 1040
192.168.10.89 - - [13/Mar/2017:16:01:55 -0300] "GET /cormun/servlet/trsolicitudgral?gx-no-cache=1489434438039 HTTP/1.1" 200 8715
186.79.113.67 - - [13/Mar/2017:16:01:57 -0300] "POST /cormun/servlet/trcontratosolicitud?eb3911bc7fa4f22db9fd6bd71306d484,,gx-no-cache=1489431785271 HTTP/1.1" 200 11122
192.168.10.89 - - [13/Mar/2017:16:02:09 -0300] "POST /cormun/servlet/trsolicitudgral?b0526e8aacfbdb548a45b50dca695bcb,gx-no-cache=1489434438039,gx-no-cache=1489435012062 HTTP/1.1" 200 6680
192.168.10.89 - - [13/Mar/2017:16:02:11 -0300] "POST /cormun/servlet/trsolicitudgral?b0526e8aacfbdb548a45b50dca695bcb,gx-no-cache=1489434438039,gx-no-cache=1489435013630 HTTP/1.1" 200 115
192.168.10.89 - - [13/Mar/2017:16:02:11 -0300] "GET /cormun/servlet/solicitudotlog?INS,2017,5327,0,REC, HTTP/1.1" 200 6174
192.168.10.89 - - [13/Mar/2017:16:02:12 -0300] "GET /cormun/servlet/solicitudotlog?46f472e390f9c3f44fd61aeb54868caf9e05f71d23acacb725c8c48b780aeefb5345d3bfde2d41f220d31914cc5e67f485a7cb92b626b4e61f5ceb0e5e4a82eeb44af182728fce6dd60f3601fa1c98e39d92b10b563552e862938db3983aaf9dc148f09e82c0cd06ec06f530de8d6e64eea8e6358ef9d9111a9f19a40cba773b4eda092463f7fd8881ae334678b98d7e7a9f188d67c9ad9ad108df0a61f34f60,gx-no-cache=1489435015221 HTTP/1.1" 200 94
192.168.10.89 - - [13/Mar/2017:16:02:16 -0300] "POST /cormun/servlet/solicitudotlog?b0526e8aacfbdb548a45b50dca695bcb,INS,2017,5327,0,REC,,gx-no-cache=1489435018589 HTTP/1.1" 200 93
192.168.10.89 - - [13/Mar/2017:16:02:16 -0300] "GET /cormun/servlet/hpexe_return? HTTP/1.1" 200 1040
192.168.10.89 - - [13/Mar/2017:16:02:16 -0300] "GET /cormun/servlet/trsolicitudgral?gx-no-cache=1489434438039 HTTP/1.1" 200 8710
186.79.113.67 - - [13/Mar/2017:16:02:25 -0300] "POST /cormun/servlet/trcontratosolicitud?eb3911bc7fa4f22db9fd6bd71306d484,,gx-no-cache=1489431812475 HTTP/1.1" 200 11099
192.168.10.89 - - [13/Mar/2017:16:02:26 -0300] "POST /cormun/servlet/trsolicitudgral?b0526e8aacfbdb548a45b50dca695bcb,gx-no-cache=1489434438039,gx-no-cache=1489435029154 HTTP/1.1" 200 6659
192.168.10.89 - - [13/Mar/2017:16:02:33 -0300] "POST /cormun/servlet/trsolicitudgral?b0526e8aacfbdb548a45b50dca695bcb,gx-no-cache=1489434438039,gx-no-cache=1489435036052 HTTP/1.1" 200 113
192.168.10.89 - - [13/Mar/2017:16:02:33 -0300] "GET /cormun/servlet/solicitudotlog?INS,2017,5317,0,REC, HTTP/1.1" 200 6172
192.168.10.89 - - [13/Mar/2017:16:02:35 -0300] "GET /cormun/servlet/solicitudotlog?46f472e390f9c3f44fd61aeb54868caf7ccaccdab511f4a227f8f2d1bec339db5345d3bfde2d41f220d31914cc5e67f485a7cb92b626b4e61f5ceb0e5e4a82eeb44af182728fce6dd60f3601fa1c98e39d92b10b563552e862938db3983aaf9dc148f09e82c0cd06ec06f530de8d6e64eea8e6358ef9d9111a9f19a40cba773b4eda092463f7fd8881ae334678b98d7e7a9f188d67c9ad9ad108df0a61f34f60,gx-no-cache=1489435037700 HTTP/1.1" 200 94
192.168.10.89 - - [13/Mar/2017:16:02:37 -0300] "POST /cormun/servlet/solicitudotlog?b0526e8aacfbdb548a45b50dca695bcb,INS,2017,5317,0,REC,,gx-no-cache=1489435040417 HTTP/1.1" 200 93
192.168.10.89 - - [13/Mar/2017:16:02:37 -0300] "GET /cormun/servlet/hpexe_return? HTTP/1.1" 200 1039
192.168.10.89 - - [13/Mar/2017:16:02:38 -0300] "GET /cormun/servlet/trsolicitudgral?gx-no-cache=1489434438039 HTTP/1.1" 200 8704
200.73.230.173 - - [13/Mar/2017:16:02:40 -0300] "GET /cormun/servlet/hlogin HTTP/1.1" 200 1711
200.73.230.173 - - [13/Mar/2017:16:02:40 -0300] "GET /cormun/static/Resources/Spanish/PXTools.css?167811 HTTP/1.1" 304 -
200.73.230.173 - - [13/Mar/2017:16:02:40 -0300] "GET /cormun/static/gxtimezone.js?85251 HTTP/1.1" 304 -
200.73.230.173 - - [13/Mar/2017:16:02:40 -0300] "GET /cormun/static/gxcfg.js?201612216162538 HTTP/1.1" 304 -
200.73.230.173 - - [13/Mar/2017:16:02:40 -0300] "GET /cormun/static/messages.spa.js?85251 HTTP/1.1" 304 -
200.73.230.173 - - [13/Mar/2017:16:02:40 -0300] "GET /cormun/static/hlogin.js?201612216162555 HTTP/1.1" 304 -
200.73.230.173 - - [13/Mar/2017:16:02:40 -0300] "GET /cormun/servlet/hlogin HTTP/1.1" 200 1722
200.73.230.173 - - [13/Mar/2017:16:02:58 -0300] "POST /cormun/servlet/hlogin?b01c164b27d3ec8150a7a6db07a37698,gx-no-cache=1489432552693 HTTP/1.1" 200 90
200.73.230.173 - - [13/Mar/2017:16:02:59 -0300] "GET /cormun/servlet/hpexe_link HTTP/1.1" 200 945
186.79.41.193 - - [13/Mar/2017:16:02:59 -0300] "POST /cormun/servlet/trcontratosolicitud?103fd32227c453d21c0c7dc3475e58dd,,gx-no-cache=1489435445328 HTTP/1.1" 200 3999
200.73.230.173 - - [13/Mar/2017:16:02:59 -0300] "GET /cormun/static/Resources/Spanish/PXTools.css?18365030 HTTP/1.1" 304 -
200.73.230.173 - - [13/Mar/2017:16:02:59 -0300] "GET /cormun/static/gxcfg.js?201612218515529 HTTP/1.1" 304 -
200.73.230.173 - - [13/Mar/2017:16:02:59 -0300] "GET /cormun/static/hpexe_link.js?201612218515532 HTTP/1.1" 304 -
200.73.230.173 - - [13/Mar/2017:16:02:59 -0300] "GET /cormun/servlet/hhome HTTP/1.1" 200 3790
200.73.230.173 - - [13/Mar/2017:16:02:59 -0300] "GET /cormun/static/gxcfg.js?201612218515568 HTTP/1.1" 304 -
200.73.230.173 - - [13/Mar/2017:16:02:59 -0300] "GET /cormun/static/hwchdr01.js?201612218432057 HTTP/1.1" 304 -
200.73.230.173 - - [13/Mar/2017:16:02:59 -0300] "GET /cormun/static/hhome.js?201612218515573 HTTP/1.1" 304 -
200.73.230.173 - - [13/Mar/2017:16:02:59 -0300] "GET /cormun/static/hpexe_recentlink.js?201610171694390 HTTP/1.1" 304 -
200.73.230.173 - - [13/Mar/2017:16:02:59 -0300] "GET /cormun/static/hpexe_scripts.js?201612218432016 HTTP/1.1" 304 -
200.73.230.173 - - [13/Mar/2017:16:02:59 -0300] "GET /cormun/static/hpexe_messagecontroller.js?201610171694323 HTTP/1.1" 304 -
200.73.230.173 - - [13/Mar/2017:16:02:59 -0300] "GET /cormun/static/hpexe_messagepopupcomponent.js?20161017169425 HTTP/1.1" 304 -
200.73.230.173 - - [13/Mar/2017:16:02:59 -0300] "GET /cormun/static/hpexe_messagegenexuscomponent.js?201612218431816 HTTP/1.1" 304 -
200.73.230.173 - - [13/Mar/2017:16:02:59 -0300] "GET /cormun/static/cmcontrolpreferences.js?201612218431999 HTTP/1.1" 304 -
200.73.230.173 - - [13/Mar/2017:16:02:59 -0300] "GET /cormun/static/hmpwkw03.js?20161221852152 HTTP/1.1" 304 -
200.73.230.173 - - [13/Mar/2017:16:03:00 -0300] "GET /cormun/servlet/hhome HTTP/1.1" 200 3786
200.73.230.173 - - [13/Mar/2017:16:03:03 -0300] "GET /cormun/servlet/trlicencias? HTTP/1.1" 200 6625
200.73.230.173 - - [13/Mar/2017:16:03:03 -0300] "GET /cormun/static/gxcfg.js?2016122619301429 HTTP/1.1" 304 -
200.73.230.173 - - [13/Mar/2017:16:03:03 -0300] "GET /cormun/static/calendar-setup.js?85251 HTTP/1.1" 304 -
200.73.230.173 - - [13/Mar/2017:16:03:03 -0300] "GET /cormun/static/calendar.js?85251 HTTP/1.1" 304 -
200.73.230.173 - - [13/Mar/2017:16:03:03 -0300] "GET /cormun/static/calendar-es.js?85251 HTTP/1.1" 304 -
200.73.230.173 - - [13/Mar/2017:16:03:03 -0300] "GET /cormun/static/gxdec.js?85251 HTTP/1.1" 304 -
200.73.230.173 - - [13/Mar/2017:16:03:03 -0300] "GET /cormun/static/trlicencias.js?2016122619301919 HTTP/1.1" 304 -
200.73.230.173 - - [13/Mar/2017:16:03:03 -0300] "GET /cormun/servlet/trlicencias? HTTP/1.1" 200 6624
200.73.230.173 - - [13/Mar/2017:16:03:05 -0300] "GET /cormun/servlet/licenciaspermisos?INS,0,,, HTTP/1.1" 200 7138
200.73.230.173 - - [13/Mar/2017:16:03:05 -0300] "GET /cormun/static/gxcfg.js?2016122619301043 HTTP/1.1" 304 -
200.73.230.173 - - [13/Mar/2017:16:03:05 -0300] "GET /cormun/static/licenciaspermisos.js?2016122619301096 HTTP/1.1" 304 -
200.73.230.173 - - [13/Mar/2017:16:03:06 -0300] "GET /cormun/servlet/licenciaspermisos?INS,0,,, HTTP/1.1" 200 7138
200.73.230.173 - - [13/Mar/2017:16:03:19 -0300] "POST /cormun/servlet/solicitudot?gx-no-cache=1489431873638 HTTP/1.1" 200 3260
200.73.230.173 - - [13/Mar/2017:16:03:20 -0300] "GET /cormun/servlet/solicitudot?4d538324b4939f46a8ee61bfcb8b1a88763d473be33af8d7279688946e14d04404d14e613d8700849b9a4cf9276909149a152c94c8fdb7b5b3b302013ac2790f0576d00ad7a4f5c629ffa599958ea35e71c612156f9be2a7c6d91e56a772967633f03b008f7a1789312889f1c2a4626f7070478ad01c43b86b2a0d67bff3f44a771692e5046caeaf3c05ee041a8cd8a8c91d858bbc7b2ca870d7ea5bea6f7f3796f36104f02b7cc115e2fd5a48d85af42134927d9c85b882eec566476f48a26f019d7c4a8ab178c8920084363e42d2120ff698b11d518f3866c6c35564b57a9b5ab069bea186f5798686778aa5721184b4ad5d871795c8454c8e9997d6b8e19d0490c1174b888d3b376ca4c4c011f3da9b7a64069ba419e7f9e83e58e05962820629864fc6b2eb3bb7660114b5525126258abfc9d9e487c7d090cacd754ae1006316389af08de13610667caeeda66717372e5c057a24c6404e2eeffeb117eb40cb0b7e7ef6d4c27be5c23aae209003751768af7ed5fc49dde0696bb1f9184e523266e8ab82a1a500bdd975da6ac824b7,gx-no-cache=1489431874581 HTTP/1.1" 200 30
200.73.230.173 - - [13/Mar/2017:16:03:20 -0300] "POST /cormun/servlet/solicitudot?gx-no-cache=1489431874676 HTTP/1.1" 200 30
