192.168.10.89 - - [13/Mar/2017:15:16:23 -0300] "GET /cormun/static/Shared/jqueryui/images/ui-icons_8d78a5_256x240.png HTTP/1.1" 404 1089
192.168.10.89 - - [13/Mar/2017:15:16:23 -0300] "GET /cormun/static/Shared/jqueryui/images/ui-bg_flat_55_fafafa_40x100.png HTTP/1.1" 404 1097
192.168.10.89 - - [13/Mar/2017:15:16:23 -0300] "GET /cormun/static/Shared/jqueryui/images/ui-icons_82798d_256x240.png HTTP/1.1" 404 1089
192.168.10.89 - - [13/Mar/2017:15:16:23 -0300] "GET /cormun/static/Shared/jqueryui/images/ui-bg_highlight-soft_100_c6c2c8_1x100.png HTTP/1.1" 404 1117
186.103.132.155 - - [13/Mar/2017:15:16:29 -0300] "POST /cormun/servlet/solicitudot?gx-no-cache=1489429045220 HTTP/1.1" 200 3168
192.168.10.89 - - [13/Mar/2017:15:16:36 -0300] "POST /cormun/servlet/trsolicitudgral?b0526e8aacfbdb548a45b50dca695bcb,gx-no-cache=1489432096687,gx-no-cache=1489432279213 HTTP/1.1" 200 6482
186.103.132.155 - - [13/Mar/2017:15:16:41 -0300] "POST /cormun/servlet/solicitudot?9ffaaaeb4224bc3e5f9cfbbfd0e5fed7,INS,0,0,,gx-no-cache=1489429059081 HTTP/1.1" 200 9759
186.103.132.155 - - [13/Mar/2017:15:16:43 -0300] "GET /cormun/servlet/solicitudot?d9df076f8cfd91bd2c46f403274d67bbf967a43b715e6c78525a8ddcc7dac20c0141b74f24b2de580af847d3eb5de840,gx-no-cache=1489429071107 HTTP/1.1" 200 30
192.168.10.89 - - [13/Mar/2017:15:16:46 -0300] "GET /cormun/servlet/solicitudgral2?UPD,2017,3181, HTTP/1.1" 200 12334
192.168.10.89 - - [13/Mar/2017:15:16:46 -0300] "GET /cormun/static/gxcfg.js?201711313564933 HTTP/1.1" 304 -
192.168.10.89 - - [13/Mar/2017:15:16:46 -0300] "GET /cormun/static/solicitudgral2.js?201711313564991 HTTP/1.1" 304 -
192.168.10.89 - - [13/Mar/2017:15:16:49 -0300] "POST /cormun/servlet/solicitudgral2?gx-no-cache=1489432291988 HTTP/1.1" 200 3163
192.168.10.89 - - [13/Mar/2017:15:16:49 -0300] "GET /cormun/servlet/solicitudgral2?46f472e390f9c3f44fd61aeb54868cafa588be141c0bad2e4369326d8020e92d157f9f43ac45657329d7d04e3bd36bcd2f365e8a82fd79dd94b5e2ac62e873c5a50246e27c262ea8722d749ed3a16a74a11a524f3fde12ab7be3fec5c973f882cd9dfacb64dde014f03d54743e8de8d80442e4864222529e67bc22ee79e677ad616f289a78ff535313cbe44ff5265aab805a11f4140c0b14da76f61da909d5cec4e94197197208472b3b529795ded286e9f2c65d83e69431f43af389a9f21f307f1734b8fb64e2f1bab1efa5d1ece5c15931d37992f5b94f4cf255e17053fbe6c24fefacdf9335fa508614122fd8faf6cb97e8c7d92db3d9fb254e7fe5656293a8ebab5888129558cbdb634e6abb2813148b24f5b8967afa6c0bdf3257c8cd7295047c9255e9ada20456434fc28032a01f08e652db5c50ad7cd748e74d143b691783e04acd8a4c1e03ffab401374734d,gx-no-cache=1489432292247 HTTP/1.1" 200 257
192.168.10.89 - - [13/Mar/2017:15:16:49 -0300] "POST /cormun/servlet/solicitudgral2?gx-no-cache=1489432292279 HTTP/1.1" 200 1354
192.168.10.89 - - [13/Mar/2017:15:16:49 -0300] "GET /cormun/servlet/solicitudgral2?46f472e390f9c3f44fd61aeb54868caf318b5bcf7765275b6110f172655e328611692f120fa8363ea494e70536149be62f365e8a82fd79dd94b5e2ac62e873c59c2d76d30053b0af4565eada11daa7fd8095d9fc21fffe1ec9aca7109b58a9e53c63eaca7f3b8a5f6a2a333c40e15aa3,gx-no-cache=1489432292323 HTTP/1.1" 200 41
186.103.132.155 - - [13/Mar/2017:15:16:50 -0300] "POST /cormun/servlet/solicitudot?gx-no-cache=1489429079654 HTTP/1.1" 200 255
186.103.132.155 - - [13/Mar/2017:15:16:51 -0300] "GET /cormun/servlet/solicitudot?d9df076f8cfd91bd2c46f403274d67bbf265bedc866d53050f99b90e247bb77ecccb40e2d367682268a6ce9f7720a91cba8dcc1bef9cc7e01ab9c1e32815b3ead970a399c9b6585f01dcd78a0df29b12442f1d327d66f799617076883dc891fca63337109817de9929b84e826ead3b4dd4f459c80a2322be62b76b9a849bc81da1f496628d0682f58f7cfa78fbaa34a879af6a284697c3288d8dd15b91a796dbf2908e2612aeb985a492875b55d2171a47b743c7bf6b6ddc75c113026715bc456547124eb05565b1792e3d42ebeb415c3965ccfce4384505c05c83d563a2b41a570e6f5ca0f3a35326188b8b3d7bf6c77b39b5d771712c7174e621a4e606671c08bc8d0da26d79eb6f06b07365365cafa165db53abe3a9532455747607ba2ade85ec002a9673d542113787a45eb65c80bc893df861007bec4c7468e8a19dca264b01393ff87edccd9311832e83a22e7a9d3481a27358f09fe4fd4c589d1160f26f96e4f4f09b5f075e2dbc6a55de9171732b212ecfbe52817f8f163217c98488,gx-no-cache=1489429080009 HTTP/1.1" 200 30
186.103.132.155 - - [13/Mar/2017:15:16:54 -0300] "POST /cormun/servlet/solicitudot?gx-no-cache=1489429082539 HTTP/1.1" 200 30
186.103.132.155 - - [13/Mar/2017:15:17:01 -0300] "POST /cormun/servlet/solicitudot?gx-no-cache=1489429086961 HTTP/1.1" 200 235
186.103.132.155 - - [13/Mar/2017:15:17:02 -0300] "POST /cormun/servlet/solicitudot?gx-no-cache=1489429090610 HTTP/1.1" 200 38
186.103.132.155 - - [13/Mar/2017:15:17:02 -0300] "GET /cormun/servlet/solicitudot?d9df076f8cfd91bd2c46f403274d67bb11c4271c4bbf54772c8cfb2ded2a45e38960bddca32dcda2e0ae2c8724730e7bb8722f82d5b0e9bb47f965dd8db0630111ed4c690361509c422c4f6dc0e0d488cee6f94d1511958b4e783aded4bdf0caf8837e5b9ebe432dac96ce19d8d891b5fc0e5c245ef549f93a0376eac4bd84df12bc29696567dbf99543bb697ff3aa80ad0c1a5ff12b18d7598e1c873b059bd5,gx-no-cache=1489429091406 HTTP/1.1" 200 29
186.103.132.155 - - [13/Mar/2017:15:17:03 -0300] "POST /cormun/servlet/solicitudot?gx-no-cache=1489429091982 HTTP/1.1" 200 643
192.168.10.89 - - [13/Mar/2017:15:17:06 -0300] "POST /cormun/servlet/solicitudgral2?b0526e8aacfbdb548a45b50dca695bcb,UPD,2017,3181,,gx-no-cache=1489432309518 HTTP/1.1" 200 93
192.168.10.89 - - [13/Mar/2017:15:17:06 -0300] "GET /cormun/servlet/hpexe_return? HTTP/1.1" 200 1032
192.168.10.89 - - [13/Mar/2017:15:17:09 -0300] "GET /cormun/servlet/trsolicitudgral?gx-no-cache=1489432096687 HTTP/1.1" 200 9879
186.103.132.155 - - [13/Mar/2017:15:17:12 -0300] "POST /cormun/servlet/solicitudot?gx-no-cache=1489429101106 HTTP/1.1" 200 643
192.168.10.89 - - [13/Mar/2017:15:17:12 -0300] "POST /cormun/servlet/trsolicitudgral?b0526e8aacfbdb548a45b50dca695bcb,gx-no-cache=1489432096687,gx-no-cache=1489432315407 HTTP/1.1" 200 115
192.168.10.89 - - [13/Mar/2017:15:17:12 -0300] "GET /cormun/servlet/solicitudotlog?INS,2017,3181,0,REC, HTTP/1.1" 200 6175
186.103.132.155 - - [13/Mar/2017:15:17:13 -0300] "POST /cormun/servlet/solicitudot?gx-no-cache=1489429101523 HTTP/1.1" 200 518
192.168.10.89 - - [13/Mar/2017:15:17:15 -0300] "GET /cormun/servlet/solicitudotlog?46f472e390f9c3f44fd61aeb54868caf93a6449f9b09f5f25459a619b03c45a35345d3bfde2d41f220d31914cc5e67f485a7cb92b626b4e61f5ceb0e5e4a82eeb44af182728fce6dd60f3601fa1c98e39d92b10b563552e862938db3983aaf9dc148f09e82c0cd06ec06f530de8d6e64eea8e6358ef9d9111a9f19a40cba773b4eda092463f7fd8881ae334678b98d7e7a9f188d67c9ad9ad108df0a61f34f60,gx-no-cache=1489432318556 HTTP/1.1" 200 94
192.168.10.89 - - [13/Mar/2017:15:17:18 -0300] "POST /cormun/servlet/solicitudotlog?b0526e8aacfbdb548a45b50dca695bcb,INS,2017,3181,0,REC,,gx-no-cache=1489432321182 HTTP/1.1" 200 93
192.168.10.89 - - [13/Mar/2017:15:17:18 -0300] "GET /cormun/servlet/hpexe_return? HTTP/1.1" 200 1039
192.168.10.89 - - [13/Mar/2017:15:17:20 -0300] "GET /cormun/servlet/trsolicitudgral?gx-no-cache=1489432096687 HTTP/1.1" 200 8535
186.103.132.155 - - [13/Mar/2017:15:17:22 -0300] "POST /cormun/servlet/solicitudot?gx-no-cache=1489429111510 HTTP/1.1" 200 1156
192.168.10.89 - - [13/Mar/2017:15:17:25 -0300] "GET /cormun/servlet/hlogin HTTP/1.1" 200 1757
186.103.132.155 - - [13/Mar/2017:15:17:44 -0300] "GET /cormun/servlet/solicitudot?d9df076f8cfd91bd2c46f403274d67bb6778dcdd41bb09b871dea37cb1102ff80eadcef66dad1521abb0afdc245d87ada004fcef8757997f5f1a421e3ba4ca5e7869f4deac99ec5e3b0dd2bf95680664b8297890e0616e975149dd9b3620ca9535768180357ba9be4c4f82489a49585524eb9ce2e4976214d76396563c42ff631cc36260062a233772ef49f2b3be8b3fe4cb9a039c314855a8c29cda1514b9815bf71d12f18277d909bd661730dc6e86,gx-no-cache=1489429132792 HTTP/1.1" 200 30
186.103.132.155 - - [13/Mar/2017:15:18:04 -0300] "POST /cormun/servlet/solicitudot?9ffaaaeb4224bc3e5f9cfbbfd0e5fed7,INS,0,0,,gx-no-cache=1489429149790 HTTP/1.1" 200 93
186.103.132.155 - - [13/Mar/2017:15:18:04 -0300] "GET /cormun/servlet/hpexe_return? HTTP/1.1" 200 1004
186.103.132.155 - - [13/Mar/2017:15:18:04 -0300] "GET /cormun/servlet/trsolicitudot HTTP/1.1" 200 12932
186.103.132.155 - - [13/Mar/2017:15:18:05 -0300] "GET /cormun/servlet/trsolicitudot HTTP/1.1" 200 12927
192.168.10.89 - - [13/Mar/2017:15:18:06 -0300] "POST /cormun/servlet/hlogin?b0526e8aacfbdb548a45b50dca695bcb,gx-no-cache=1489432369249 HTTP/1.1" 200 471
192.168.10.89 - - [13/Mar/2017:15:18:14 -0300] "POST /cormun/servlet/hlogin?b0526e8aacfbdb548a45b50dca695bcb,gx-no-cache=1489432377445 HTTP/1.1" 200 471
186.79.113.67 - - [13/Mar/2017:15:18:23 -0300] "GET /cormun/servlet/hlogin HTTP/1.1" 200 1713
186.79.113.67 - - [13/Mar/2017:15:18:25 -0300] "POST /cormun/servlet/hlogin?a64054b2daa8cdd8cc9a5ccd64b47f23,gx-no-cache=1489429174816 HTTP/1.1" 200 90
186.79.113.67 - - [13/Mar/2017:15:18:26 -0300] "GET /cormun/servlet/hpexe_link HTTP/1.1" 200 948
186.79.113.67 - - [13/Mar/2017:15:18:26 -0300] "GET /cormun/servlet/hhome HTTP/1.1" 200 3954
186.79.113.67 - - [13/Mar/2017:15:18:26 -0300] "GET /cormun/servlet/hhome HTTP/1.1" 200 3951
192.168.10.89 - - [13/Mar/2017:15:18:27 -0300] "POST /cormun/servlet/hlogin?b0526e8aacfbdb548a45b50dca695bcb,gx-no-cache=1489432390089 HTTP/1.1" 200 471
186.103.132.155 - - [13/Mar/2017:15:18:29 -0300] "POST /cormun/servlet/trsolicitudot?9ffaaaeb4224bc3e5f9cfbbfd0e5fed7,gx-no-cache=1489429171689 HTTP/1.1" 200 9832
186.103.132.155 - - [13/Mar/2017:15:18:29 -0300] "GET /cormun/static/Shared/jqueryui/images/ui-bg_highlight-soft_100_c6c2c8_1x100.png HTTP/1.1" 404 1117
186.103.132.155 - - [13/Mar/2017:15:18:29 -0300] "GET /cormun/static/Shared/jqueryui/images/ui-icons_82798d_256x240.png HTTP/1.1" 404 1089
186.103.132.155 - - [13/Mar/2017:15:18:29 -0300] "GET /cormun/static/Shared/jqueryui/images/ui-bg_flat_55_fafafa_40x100.png HTTP/1.1" 404 1097
186.103.132.155 - - [13/Mar/2017:15:18:30 -0300] "GET /cormun/static/Shared/jqueryui/images/ui-icons_8d78a5_256x240.png HTTP/1.1" 404 1089
186.79.113.67 - - [13/Mar/2017:15:18:30 -0300] "GET /cormun/servlet/trautorizarsolicitud? HTTP/1.1" 200 8106
186.79.113.67 - - [13/Mar/2017:15:18:30 -0300] "GET /cormun/servlet/trautorizarsolicitud? HTTP/1.1" 200 8104
192.168.10.89 - - [13/Mar/2017:15:18:31 -0300] "POST /cormun/servlet/hlogin?b0526e8aacfbdb548a45b50dca695bcb,gx-no-cache=1489432393770 HTTP/1.1" 200 471
186.103.132.155 - - [13/Mar/2017:15:18:31 -0300] "POST /cormun/servlet/trsolicitudot?9ffaaaeb4224bc3e5f9cfbbfd0e5fed7,gx-no-cache=1489429178652 HTTP/1.1" 200 9772
192.168.10.89 - - [13/Mar/2017:15:18:38 -0300] "POST /cormun/servlet/hlogin?b0526e8aacfbdb548a45b50dca695bcb,gx-no-cache=1489432400783 HTTP/1.1" 200 90
192.168.10.89 - - [13/Mar/2017:15:18:38 -0300] "GET /cormun/servlet/hpexe_link HTTP/1.1" 200 978
192.168.10.89 - - [13/Mar/2017:15:18:41 -0300] "GET /cormun/servlet/trsolicitudgral?gx-no-cache=1489432096687 HTTP/1.1" 200 8533
186.79.113.67 - - [13/Mar/2017:15:18:42 -0300] "POST /cormun/servlet/trautorizarsolicitud?a64054b2daa8cdd8cc9a5ccd64b47f23,,gx-no-cache=1489429190860 HTTP/1.1" 200 4300
186.79.113.67 - - [13/Mar/2017:15:18:42 -0300] "GET /cormun/static/Shared/jqueryui/images/ui-bg_highlight-soft_100_c6c2c8_1x100.png HTTP/1.1" 404 1117
186.79.113.67 - - [13/Mar/2017:15:18:42 -0300] "GET /cormun/static/Shared/jqueryui/images/ui-icons_82798d_256x240.png HTTP/1.1" 404 1089
186.79.113.67 - - [13/Mar/2017:15:18:42 -0300] "GET /cormun/static/Shared/jqueryui/images/ui-bg_flat_55_fafafa_40x100.png HTTP/1.1" 404 1097
186.79.113.67 - - [13/Mar/2017:15:18:42 -0300] "GET /cormun/static/Shared/jqueryui/images/ui-icons_8d78a5_256x240.png HTTP/1.1" 404 1089
186.79.113.67 - - [13/Mar/2017:15:18:42 -0300] "POST /cormun/servlet/trautorizarsolicitud?a64054b2daa8cdd8cc9a5ccd64b47f23,,gx-no-cache=1489429191371 HTTP/1.1" 200 4090
186.103.132.155 - - [13/Mar/2017:15:18:46 -0300] "GET /cormun/servlet/solicitudot?INS,0,0, HTTP/1.1" 200 12597
186.103.132.155 - - [13/Mar/2017:15:18:47 -0300] "GET /cormun/servlet/solicitudot?INS,0,0, HTTP/1.1" 200 12602
192.168.10.89 - - [13/Mar/2017:15:18:50 -0300] "GET /cormun/servlet/trsecurityrole? HTTP/1.1" 200 10198
192.168.10.89 - - [13/Mar/2017:15:18:50 -0300] "GET /cormun/static/gxcfg.js?201612218524892 HTTP/1.1" 200 953
192.168.10.89 - - [13/Mar/2017:15:18:50 -0300] "GET /cormun/static/trsecurityrole.js?201612218525110 HTTP/1.1" 304 -
186.103.132.155 - - [13/Mar/2017:15:18:51 -0300] "POST /cormun/servlet/solicitudot?9ffaaaeb4224bc3e5f9cfbbfd0e5fed7,INS,0,0,,gx-no-cache=1489429199043 HTTP/1.1" 200 93
186.103.132.155 - - [13/Mar/2017:15:18:52 -0300] "GET /cormun/servlet/hpexe_return? HTTP/1.1" 200 1025
186.103.132.155 - - [13/Mar/2017:15:18:52 -0300] "GET /cormun/servlet/trsolicitudot?gx-no-cache=1489429178652 HTTP/1.1" 200 12620
186.103.132.155 - - [13/Mar/2017:15:18:53 -0300] "GET /cormun/servlet/trsolicitudot?gx-no-cache=1489429178652 HTTP/1.1" 200 12638
186.103.132.155 - - [13/Mar/2017:15:18:54 -0300] "GET /cormun/servlet/hlogin HTTP/1.1" 200 1757
192.168.10.89 - - [13/Mar/2017:15:18:55 -0300] "GET /cormun/servlet/trsecurityuser01? HTTP/1.1" 200 11509
186.103.132.155 - - [13/Mar/2017:15:19:05 -0300] "POST /cormun/servlet/hlogin?9ffaaaeb4224bc3e5f9cfbbfd0e5fed7,gx-no-cache=1489429214368 HTTP/1.1" 200 90
186.103.132.155 - - [13/Mar/2017:15:19:06 -0300] "GET /cormun/servlet/hpexe_link HTTP/1.1" 200 950
186.103.132.155 - - [13/Mar/2017:15:19:06 -0300] "GET /cormun/servlet/hhome HTTP/1.1" 200 3972
186.103.132.155 - - [13/Mar/2017:15:19:06 -0300] "GET /cormun/servlet/hhome HTTP/1.1" 200 3968
186.103.132.155 - - [13/Mar/2017:15:19:10 -0300] "GET /cormun/static/SmoothNavMenu/resources/images/right.gif HTTP/1.1" 200 860
192.168.10.89 - - [13/Mar/2017:15:19:11 -0300] "POST /cormun/servlet/trsecurityuser01?b0526e8aacfbdb548a45b50dca695bcb,,gx-no-cache=1489432433574 HTTP/1.1" 200 9631
186.103.132.155 - - [13/Mar/2017:15:19:15 -0300] "GET /cormun/servlet/trautorizarsolicitud? HTTP/1.1" 200 8153
186.103.132.155 - - [13/Mar/2017:15:19:16 -0300] "GET /cormun/static/gxcfg.js?2017259112829 HTTP/1.1" 200 953
186.103.132.155 - - [13/Mar/2017:15:19:16 -0300] "GET /cormun/static/trautorizarsolicitud.js?2017259113483 HTTP/1.1" 200 53096
186.103.132.155 - - [13/Mar/2017:15:19:17 -0300] "GET /cormun/servlet/trautorizarsolicitud? HTTP/1.1" 200 8151
192.168.10.89 - - [13/Mar/2017:15:19:33 -0300] "GET /cormun/servlet/hlogin HTTP/1.1" 200 1736
186.103.132.155 - - [13/Mar/2017:15:19:36 -0300] "POST /cormun/servlet/trautorizarsolicitud?9ffaaaeb4224bc3e5f9cfbbfd0e5fed7,,gx-no-cache=1489429242005 HTTP/1.1" 200 4306
186.103.132.155 - - [13/Mar/2017:15:19:36 -0300] "GET /cormun/static/Shared/jqueryui/images/ui-bg_highlight-soft_100_c6c2c8_1x100.png HTTP/1.1" 404 1117
186.103.132.155 - - [13/Mar/2017:15:19:36 -0300] "GET /cormun/static/Shared/jqueryui/images/ui-icons_82798d_256x240.png HTTP/1.1" 404 1089
186.103.132.155 - - [13/Mar/2017:15:19:36 -0300] "GET /cormun/static/Shared/jqueryui/images/ui-bg_flat_55_fafafa_40x100.png HTTP/1.1" 404 1097
186.103.132.155 - - [13/Mar/2017:15:19:36 -0300] "GET /cormun/static/Shared/jqueryui/images/ui-icons_8d78a5_256x240.png HTTP/1.1" 404 1089
186.103.132.155 - - [13/Mar/2017:15:19:39 -0300] "POST /cormun/servlet/trautorizarsolicitud?9ffaaaeb4224bc3e5f9cfbbfd0e5fed7,,gx-no-cache=1489429245258 HTTP/1.1" 200 4086
192.168.10.89 - - [13/Mar/2017:15:19:42 -0300] "POST /cormun/servlet/hlogin?b0526e8aacfbdb548a45b50dca695bcb,gx-no-cache=1489432465459 HTTP/1.1" 200 448
192.168.10.89 - - [13/Mar/2017:15:19:46 -0300] "POST /cormun/servlet/hlogin?b0526e8aacfbdb548a45b50dca695bcb,gx-no-cache=1489432469265 HTTP/1.1" 200 90
192.168.10.89 - - [13/Mar/2017:15:19:46 -0300] "GET /cormun/servlet/hpexe_link HTTP/1.1" 200 950
186.103.132.155 - - [13/Mar/2017:15:19:46 -0300] "GET /cormun/servlet/trvisualizadoreventos? HTTP/1.1" 200 6704
186.103.132.155 - - [13/Mar/2017:15:19:47 -0300] "GET /cormun/servlet/trvisualizadoreventos? HTTP/1.1" 200 6703
192.168.10.89 - - [13/Mar/2017:15:19:50 -0300] "GET /cormun/servlet/hhome HTTP/1.1" 200 3896
192.168.10.89 - - [13/Mar/2017:15:19:54 -0300] "GET /cormun/servlet/trsolicitudot? HTTP/1.1" 200 9830
186.103.132.155 - - [13/Mar/2017:15:20:18 -0300] "POST /cormun/servlet/trvisualizadoreventos?9ffaaaeb4224bc3e5f9cfbbfd0e5fed7,,gx-no-cache=1489429286425 HTTP/1.1" 200 3960
192.168.10.89 - - [13/Mar/2017:15:21:12 -0300] "GET /cormun/servlet/solicitudot?INS,0,0, HTTP/1.1" 200 12697
186.103.132.155 - - [13/Mar/2017:15:21:13 -0300] "GET /cormun/servlet/trcontratounov2? HTTP/1.1" 200 15312
186.103.132.155 - - [13/Mar/2017:15:21:13 -0300] "GET /cormun/static/gxcfg.js?201612281114880 HTTP/1.1" 200 953
186.103.132.155 - - [13/Mar/2017:15:21:13 -0300] "GET /cormun/static/Resources/PXToolsAddSelectedAction.png HTTP/1.1" 200 3660
186.103.132.155 - - [13/Mar/2017:15:21:14 -0300] "GET /cormun/static/trcontratounov2.js?2016122811141421 HTTP/1.1" 200 38423
186.103.132.155 - - [13/Mar/2017:15:21:14 -0300] "GET /cormun//static/Resources/PXToolsActionDisabled.gif HTTP/1.1" 200 53
186.103.132.155 - - [13/Mar/2017:15:21:14 -0300] "GET /cormun/servlet/trcontratounov2? HTTP/1.1" 200 15307
192.168.10.89 - - [13/Mar/2017:15:21:25 -0300] "GET /cormun/servlet/prfichaempleado?,MD,,gxPopupLevel%3D0%3B HTTP/1.1" 200 8749
192.168.10.89 - - [13/Mar/2017:15:21:35 -0300] "POST /cormun/servlet/prfichaempleado?b0526e8aacfbdb548a45b50dca695bcb,,MD,,gxPopupLevel%3D0%3B,gx-no-cache=1489432578078 HTTP/1.1" 200 3390
192.168.10.89 - - [13/Mar/2017:15:21:38 -0300] "POST /cormun/servlet/solicitudot?gx-no-cache=1489432581339 HTTP/1.1" 200 3161
192.168.10.89 - - [13/Mar/2017:15:21:39 -0300] "POST /cormun/servlet/solicitudot?b0526e8aacfbdb548a45b50dca695bcb,INS,0,0,,gx-no-cache=1489432581558 HTTP/1.1" 200 9939
192.168.10.89 - - [13/Mar/2017:15:21:40 -0300] "GET /cormun/servlet/solicitudot?46f472e390f9c3f44fd61aeb54868cafaa836a0cd8df47bf0566434d3ee79aab55cb304f28fc8b59ea5fba5cab86eb2a,gx-no-cache=1489432583351 HTTP/1.1" 200 30
192.168.10.89 - - [13/Mar/2017:15:21:40 -0300] "POST /cormun/servlet/solicitudot?gx-no-cache=1489432583391 HTTP/1.1" 200 255
192.168.10.89 - - [13/Mar/2017:15:21:40 -0300] "GET /cormun/servlet/solicitudot?46f472e390f9c3f44fd61aeb54868caffa7c5d8fb18e34c62b25272f96c610533606521c7fc69dbcf2a4183502d5155e927baa729446c4c0b5b568ea92457dbb5b3b13c5c913168ce7e57f65d925b9fa2b3d71898a6b2f67e696bc9c9d202a980990c8e9aa4d8be0aeed1d1d04791416001221d6a58915e18f0c24ed4e943cc9bc7540fb5c0212070cda8de884e42ae309dc603cca26776f0f93034e45935db6837832cc8becda318913f49dffd23273a68cef619894736c7c2d2e5cfa40a446421fd4f492944a5b868449aed24c121d76c245b2d5c38ea7265f3531a06b2cb86befa26bd38a09b95d53a8c12cbf40b9c0f628d199219bd07a5df202b7007a72772e06704d7f8d1677fb96e2afdcaac3b004196cfff70b8314d660d35c666dc97be810ae2693034cf2a8bf677896574cf397311581815040d9e1be1c83dc06bfb84ec19bced076c9ecaf05e2daaa277509edc9cd911c422b33d2066b32a88e9b8703bca549e0d640ff6efed4c796accb7897e49364fad108495a9cd6377e701d,gx-no-cache=1489432583419 HTTP/1.1" 200 30
192.168.10.89 - - [13/Mar/2017:15:21:42 -0300] "POST /cormun/servlet/solicitudot?gx-no-cache=1489432584731 HTTP/1.1" 200 30
192.168.10.89 - - [13/Mar/2017:15:21:44 -0300] "POST /cormun/servlet/solicitudot?gx-no-cache=1489432586768 HTTP/1.1" 200 235
192.168.10.89 - - [13/Mar/2017:15:21:44 -0300] "POST /cormun/servlet/solicitudot?gx-no-cache=1489432586813 HTTP/1.1" 200 38
186.103.132.155 - - [13/Mar/2017:15:21:48 -0300] "POST /cormun/servlet/trcontratounov2?9ffaaaeb4224bc3e5f9cfbbfd0e5fed7,,gx-no-cache=1489429372693 HTTP/1.1" 200 5936
192.168.10.89 - - [13/Mar/2017:15:21:49 -0300] "GET /cormun/servlet/solicitudot?46f472e390f9c3f44fd61aeb54868caf6654abe40d9e997ebe7a12ac9746b0685345d3bfde2d41f220d31914cc5e67f4412d867edd361aedc34ae6c496584e4216821e7bf7cb5d02091b9d81154553d2f969c50edd54fb5b8a96e98ee82bf4851b1deee27170704e488d6ad3821d12f07dbbc4f6dc8cb34dedc4c3ddbee7e9caf71410ec70dd8b714cf7710378f2931d5c7a43c19759c9f30fed9df35ef60cf2,gx-no-cache=1489432592394 HTTP/1.1" 200 29
192.168.10.89 - - [13/Mar/2017:15:21:49 -0300] "POST /cormun/servlet/solicitudot?gx-no-cache=1489432592416 HTTP/1.1" 200 643
192.168.10.89 - - [13/Mar/2017:15:21:52 -0300] "POST /cormun/servlet/solicitudot?gx-no-cache=1489432594706 HTTP/1.1" 200 1157
192.168.10.89 - - [13/Mar/2017:15:22:08 -0300] "GET /cormun/servlet/solicitudot?46f472e390f9c3f44fd61aeb54868caf296a4b50194ab64d109fdff3717012a9ef87cdb1107f929408d6b8eb509ad9d623290ed488674af59d16a43418905a099b9063ded2e5bcef1596a83cef5fe6de004b4f23fac074624a3733e16cf9227e7af82d6f385cba8126056df03a596b7fad27aca1b035507191b0afc9060338ef494efee2eb55c4783cd76d6aba2407ab784928b085c126d77bc3a997b1d05df23b9281e98424b65120b225d6dc9d28e2,gx-no-cache=1489432611258 HTTP/1.1" 200 30
186.103.132.155 - - [13/Mar/2017:15:22:16 -0300] "GET /cormun/servlet/trvisualizadoreventos? HTTP/1.1" 200 6707
186.103.132.155 - - [13/Mar/2017:15:22:17 -0300] "GET /cormun/servlet/trvisualizadoreventos? HTTP/1.1" 200 6706
192.168.10.89 - - [13/Mar/2017:15:22:18 -0300] "POST /cormun/servlet/solicitudot?b0526e8aacfbdb548a45b50dca695bcb,INS,0,0,,gx-no-cache=1489432621098 HTTP/1.1" 200 93
192.168.10.89 - - [13/Mar/2017:15:22:18 -0300] "GET /cormun/servlet/hpexe_return? HTTP/1.1" 200 1001
192.168.10.89 - - [13/Mar/2017:15:22:20 -0300] "GET /cormun/servlet/trsolicitudot HTTP/1.1" 200 10254
192.168.10.89 - - [13/Mar/2017:15:22:25 -0300] "POST /cormun/servlet/trsolicitudot?b0526e8aacfbdb548a45b50dca695bcb,gx-no-cache=1489432628121 HTTP/1.1" 200 7145
192.168.10.89 - - [13/Mar/2017:15:22:26 -0300] "POST /cormun/servlet/trsolicitudot?b0526e8aacfbdb548a45b50dca695bcb,gx-no-cache=1489432628712 HTTP/1.1" 200 7088
192.168.10.89 - - [13/Mar/2017:15:22:26 -0300] "GET /cormun/static/Shared/jqueryui/images/ui-icons_82798d_256x240.png HTTP/1.1" 404 1089
192.168.10.89 - - [13/Mar/2017:15:22:26 -0300] "GET /cormun/static/Shared/jqueryui/images/ui-icons_8d78a5_256x240.png HTTP/1.1" 404 1089
192.168.10.89 - - [13/Mar/2017:15:22:26 -0300] "GET /cormun/static/Shared/jqueryui/images/ui-bg_flat_55_fafafa_40x100.png HTTP/1.1" 404 1097
192.168.10.89 - - [13/Mar/2017:15:22:26 -0300] "GET /cormun/static/Shared/jqueryui/images/ui-bg_highlight-soft_100_c6c2c8_1x100.png HTTP/1.1" 404 1117
192.168.10.89 - - [13/Mar/2017:15:22:28 -0300] "GET /cormun/servlet/trautorizarsolicitud? HTTP/1.1" 200 8952
192.168.10.89 - - [13/Mar/2017:15:22:28 -0300] "GET /cormun/static/gxcfg.js?2017259112829 HTTP/1.1" 304 -
186.103.132.155 - - [13/Mar/2017:15:22:30 -0300] "GET /cormun/servlet/trvisualizadoreventos? HTTP/1.1" 200 6706
186.103.132.155 - - [13/Mar/2017:15:22:30 -0300] "GET /cormun/servlet/trvisualizadoreventos? HTTP/1.1" 200 6706
192.168.10.89 - - [13/Mar/2017:15:22:34 -0300] "POST /cormun/servlet/trautorizarsolicitud?b0526e8aacfbdb548a45b50dca695bcb,,gx-no-cache=1489432636950 HTTP/1.1" 200 5841
192.168.10.89 - - [13/Mar/2017:15:22:34 -0300] "POST /cormun/servlet/trautorizarsolicitud?b0526e8aacfbdb548a45b50dca695bcb,,gx-no-cache=1489432637378 HTTP/1.1" 200 5786
192.168.10.89 - - [13/Mar/2017:15:22:35 -0300] "GET /cormun/static/Shared/jqueryui/images/ui-icons_82798d_256x240.png HTTP/1.1" 404 1089
192.168.10.89 - - [13/Mar/2017:15:22:35 -0300] "GET /cormun/static/Shared/jqueryui/images/ui-icons_8d78a5_256x240.png HTTP/1.1" 404 1089
192.168.10.89 - - [13/Mar/2017:15:22:35 -0300] "GET /cormun/static/Shared/jqueryui/images/ui-bg_highlight-soft_100_c6c2c8_1x100.png HTTP/1.1" 404 1117
192.168.10.89 - - [13/Mar/2017:15:22:35 -0300] "GET /cormun/static/Shared/jqueryui/images/ui-bg_flat_55_fafafa_40x100.png HTTP/1.1" 404 1097
192.168.10.89 - - [13/Mar/2017:15:22:44 -0300] "GET /cormun/servlet/hlogin HTTP/1.1" 200 1739
186.103.132.155 - - [13/Mar/2017:15:22:44 -0300] "GET /cormun/servlet/trcontratoobservaciondir? HTTP/1.1" 200 8831
186.103.132.155 - - [13/Mar/2017:15:22:45 -0300] "GET /cormun/static/gxcfg.js?201612218551235 HTTP/1.1" 200 953
186.103.132.155 - - [13/Mar/2017:15:22:46 -0300] "GET /cormun/static/trcontratoobservaciondir.js?201612218551533 HTTP/1.1" 200 27122
186.103.132.155 - - [13/Mar/2017:15:22:47 -0300] "GET /cormun/servlet/trcontratoobservaciondir? HTTP/1.1" 200 8830
192.168.10.89 - - [13/Mar/2017:15:22:52 -0300] "POST /cormun/servlet/hlogin?b0526e8aacfbdb548a45b50dca695bcb,gx-no-cache=1489432654678 HTTP/1.1" 200 90
192.168.10.89 - - [13/Mar/2017:15:22:52 -0300] "GET /cormun/servlet/hpexe_link HTTP/1.1" 200 950
192.168.10.89 - - [13/Mar/2017:15:22:55 -0300] "GET /cormun/servlet/hhome HTTP/1.1" 200 4384
192.168.10.89 - - [13/Mar/2017:15:23:00 -0300] "GET /cormun/servlet/trsolicitudot? HTTP/1.1" 200 8639
192.168.10.89 - - [13/Mar/2017:15:23:07 -0300] "GET /cormun/servlet/trsolicitudgral? HTTP/1.1" 200 8713
192.168.10.89 - - [13/Mar/2017:15:23:25 -0300] "POST /cormun/servlet/trsolicitudgral?b0526e8aacfbdb548a45b50dca695bcb,,gx-no-cache=1489432688462 HTTP/1.1" 200 6986
192.168.10.89 - - [13/Mar/2017:15:23:38 -0300] "POST /cormun/servlet/trsolicitudgral?b0526e8aacfbdb548a45b50dca695bcb,,gx-no-cache=1489432701068 HTTP/1.1" 200 115
192.168.10.89 - - [13/Mar/2017:15:23:38 -0300] "GET /cormun/servlet/solicitudotlog?INS,2017,5471,0,REC, HTTP/1.1" 200 6153
192.168.10.89 - - [13/Mar/2017:15:23:41 -0300] "GET /cormun/servlet/solicitudotlog?46f472e390f9c3f44fd61aeb54868cafafcc88fe27c1d212bbf3dcdc174ccc035345d3bfde2d41f220d31914cc5e67f485a7cb92b626b4e61f5ceb0e5e4a82eeb44af182728fce6dd60f3601fa1c98e39d92b10b563552e862938db3983aaf9dc148f09e82c0cd06ec06f530de8d6e64eea8e6358ef9d9111a9f19a40cba773b4eda092463f7fd8881ae334678b98d7e7a9f188d67c9ad9ad108df0a61f34f60,gx-no-cache=1489432704305 HTTP/1.1" 200 94
192.168.10.89 - - [13/Mar/2017:15:23:44 -0300] "POST /cormun/servlet/solicitudotlog?b0526e8aacfbdb548a45b50dca695bcb,INS,2017,5471,0,REC,,gx-no-cache=1489432707313 HTTP/1.1" 200 93
192.168.10.89 - - [13/Mar/2017:15:23:44 -0300] "GET /cormun/servlet/hpexe_return? HTTP/1.1" 200 1019
192.168.10.89 - - [13/Mar/2017:15:23:47 -0300] "GET /cormun/servlet/trsolicitudgral? HTTP/1.1" 200 9989
192.168.10.89 - - [13/Mar/2017:15:23:52 -0300] "POST /cormun/servlet/trsolicitudgral?b0526e8aacfbdb548a45b50dca695bcb,,gx-no-cache=1489432714713 HTTP/1.1" 200 5616
192.168.10.89 - - [13/Mar/2017:15:23:52 -0300] "GET /cormun/static/Shared/jqueryui/images/ui-icons_8d78a5_256x240.png HTTP/1.1" 404 1089
192.168.10.89 - - [13/Mar/2017:15:23:52 -0300] "GET /cormun/static/Shared/jqueryui/images/ui-bg_flat_55_fafafa_40x100.png HTTP/1.1" 404 1097
192.168.10.89 - - [13/Mar/2017:15:23:52 -0300] "GET /cormun/static/Shared/jqueryui/images/ui-bg_highlight-soft_100_c6c2c8_1x100.png HTTP/1.1" 404 1117
192.168.10.89 - - [13/Mar/2017:15:23:52 -0300] "GET /cormun/static/Shared/jqueryui/images/ui-icons_82798d_256x240.png HTTP/1.1" 404 1089
186.103.159.187 - - [13/Mar/2017:15:25:22 -0300] "GET /cormun/servlet/hlogin HTTP/1.1" 200 1724
186.103.159.187 - - [13/Mar/2017:15:25:30 -0300] "POST /cormun/servlet/hlogin?fd14e810c65cb05f3a95820496ce5e72,gx-no-cache=1489429597915 HTTP/1.1" 200 432
192.168.10.89 - - [13/Mar/2017:15:25:34 -0300] "POST /cormun/servlet/trsolicitudgral?b0526e8aacfbdb548a45b50dca695bcb,,gx-no-cache=1489432817374 HTTP/1.1" 200 5414
186.103.159.187 - - [13/Mar/2017:15:25:35 -0300] "POST /cormun/servlet/hlogin?fd14e810c65cb05f3a95820496ce5e72,gx-no-cache=1489429603682 HTTP/1.1" 200 432
192.168.10.89 - - [13/Mar/2017:15:25:37 -0300] "POST /cormun/servlet/trsolicitudgral?b0526e8aacfbdb548a45b50dca695bcb,,gx-no-cache=1489432820541 HTTP/1.1" 200 6698
186.103.159.187 - - [13/Mar/2017:15:25:40 -0300] "POST /cormun/servlet/hlogin?fd14e810c65cb05f3a95820496ce5e72,gx-no-cache=1489429608137 HTTP/1.1" 200 90
186.103.159.187 - - [13/Mar/2017:15:25:40 -0300] "GET /cormun/servlet/hpexe_link HTTP/1.1" 200 954
186.103.159.187 - - [13/Mar/2017:15:25:40 -0300] "GET /cormun/servlet/hhome HTTP/1.1" 200 3735
186.103.159.187 - - [13/Mar/2017:15:25:41 -0300] "GET /cormun/servlet/hhome HTTP/1.1" 200 3732
186.103.159.187 - - [13/Mar/2017:15:25:45 -0300] "GET /cormun/servlet/trlicencias? HTTP/1.1" 200 6573
186.103.159.187 - - [13/Mar/2017:15:25:46 -0300] "GET /cormun/servlet/trlicencias? HTTP/1.1" 200 6572
186.103.159.187 - - [13/Mar/2017:15:25:52 -0300] "GET /cormun/servlet/licenciaspermisos?INS,0,,, HTTP/1.1" 200 7086
186.103.159.187 - - [13/Mar/2017:15:25:53 -0300] "GET /cormun/servlet/licenciaspermisos?INS,0,,, HTTP/1.1" 200 7086
192.168.10.89 - - [13/Mar/2017:15:25:56 -0300] "POST /cormun/servlet/trsolicitudgral?b0526e8aacfbdb548a45b50dca695bcb,,gx-no-cache=1489432839431 HTTP/1.1" 200 5618
186.103.159.187 - - [13/Mar/2017:15:26:14 -0300] "GET /cormun/servlet/prfichaempleado?,MD,,gxPopupLevel%3D0%3B HTTP/1.1" 200 8784
186.103.159.187 - - [13/Mar/2017:15:26:31 -0300] "POST /cormun/servlet/prfichaempleado?fd14e810c65cb05f3a95820496ce5e72,,MD,,gxPopupLevel%3D0%3B,gx-no-cache=1489429658867 HTTP/1.1" 200 3401
186.103.159.187 - - [13/Mar/2017:15:26:35 -0300] "GET /cormun/servlet/licenciaspermisos?48e6d92f15b99e87310d1f0a006830da0479b478ec8f66fbdbffff58047fd9fd9c647e6297162cfa0070fc360cbfdb8a,gx-no-cache=1489429663712 HTTP/1.1" 200 64
186.103.159.187 - - [13/Mar/2017:15:26:36 -0300] "POST /cormun/servlet/licenciaspermisos?fd14e810c65cb05f3a95820496ce5e72,INS,0,,,,gx-no-cache=1489429663821 HTTP/1.1" 200 4399
192.168.10.89 - - [13/Mar/2017:15:26:47 -0300] "POST /cormun/servlet/trsolicitudgral?b0526e8aacfbdb548a45b50dca695bcb,,gx-no-cache=1489432890438 HTTP/1.1" 200 6706
192.168.10.89 - - [13/Mar/2017:15:26:50 -0300] "POST /cormun/servlet/trsolicitudgral?b0526e8aacfbdb548a45b50dca695bcb,,gx-no-cache=1489432892990 HTTP/1.1" 200 5623
186.103.159.187 - - [13/Mar/2017:15:27:27 -0300] "GET /cormun/static/menuarrow.gif HTTP/1.1" 404 1015
192.168.10.89 - - [13/Mar/2017:15:27:42 -0300] "POST /cormun/servlet/trsolicitudgral?b0526e8aacfbdb548a45b50dca695bcb,,gx-no-cache=1489432945169 HTTP/1.1" 200 7109
192.168.10.89 - - [13/Mar/2017:15:27:47 -0300] "POST /cormun/servlet/trsolicitudgral?b0526e8aacfbdb548a45b50dca695bcb,,gx-no-cache=1489432949632 HTTP/1.1" 200 115
192.168.10.89 - - [13/Mar/2017:15:27:47 -0300] "GET /cormun/servlet/solicitudotlog?INS,2017,5063,0,REC, HTTP/1.1" 200 6153
192.168.10.89 - - [13/Mar/2017:15:27:50 -0300] "GET /cormun/servlet/solicitudotlog?46f472e390f9c3f44fd61aeb54868cafd9233198ebc7dc273c4a3ab0de2157fe5345d3bfde2d41f220d31914cc5e67f485a7cb92b626b4e61f5ceb0e5e4a82eeb44af182728fce6dd60f3601fa1c98e39d92b10b563552e862938db3983aaf9dc148f09e82c0cd06ec06f530de8d6e64eea8e6358ef9d9111a9f19a40cba773b4eda092463f7fd8881ae334678b98d7e7a9f188d67c9ad9ad108df0a61f34f60,gx-no-cache=1489432953074 HTTP/1.1" 200 94
192.168.10.89 - - [13/Mar/2017:15:27:56 -0300] "POST /cormun/servlet/solicitudotlog?b0526e8aacfbdb548a45b50dca695bcb,INS,2017,5063,0,REC,,gx-no-cache=1489432959208 HTTP/1.1" 200 93
192.168.10.89 - - [13/Mar/2017:15:27:56 -0300] "GET /cormun/servlet/hpexe_return? HTTP/1.1" 200 1019
192.168.10.89 - - [13/Mar/2017:15:27:58 -0300] "GET /cormun/servlet/trsolicitudgral? HTTP/1.1" 200 9997
192.168.10.89 - - [13/Mar/2017:15:28:59 -0300] "POST /cormun/servlet/trsolicitudgral?b0526e8aacfbdb548a45b50dca695bcb,,gx-no-cache=1489433022297 HTTP/1.1" 200 6689
192.168.10.89 - - [13/Mar/2017:15:29:01 -0300] "POST /cormun/servlet/trsolicitudgral?b0526e8aacfbdb548a45b50dca695bcb,,gx-no-cache=1489433024435 HTTP/1.1" 200 5613
192.168.10.89 - - [13/Mar/2017:15:29:02 -0300] "GET /cormun/static/Shared/jqueryui/images/ui-icons_82798d_256x240.png HTTP/1.1" 404 1089
192.168.10.89 - - [13/Mar/2017:15:29:02 -0300] "GET /cormun/static/Shared/jqueryui/images/ui-bg_flat_55_fafafa_40x100.png HTTP/1.1" 404 1097
192.168.10.89 - - [13/Mar/2017:15:29:02 -0300] "GET /cormun/static/Shared/jqueryui/images/ui-icons_8d78a5_256x240.png HTTP/1.1" 404 1089
192.168.10.89 - - [13/Mar/2017:15:29:02 -0300] "GET /cormun/static/Shared/jqueryui/images/ui-bg_highlight-soft_100_c6c2c8_1x100.png HTTP/1.1" 404 1117
186.103.159.187 - - [13/Mar/2017:15:30:00 -0300] "GET /cormun/servlet/licenciaspermisos?48e6d92f15b99e87310d1f0a006830da98c6fff96f66ad15a561fbeff9b73bd1b601317e8c95f711776dd9fd35826874d1ad929c8a6672288b3eca78480510a1658d1206196fff2a4964d3b7c0d100dbff69df9d138b7191bde6de577f168b226b4f32605ce5f883ae301de5ced05cc7593ffe8829d3b280967b39aea9319b4372f74da0ce54b7e6ef21f8bd3f6e1eddca19fd2754d8a4bc609fdb59409970e036067e4420c508ce3f779414154c02e4,gx-no-cache=1489429867818 HTTP/1.1" 200 30
186.103.159.187 - - [13/Mar/2017:15:30:00 -0300] "GET /cormun/servlet/licenciaspermisos?48e6d92f15b99e87310d1f0a006830da36d9ba3ab59ce8f2c858ea78f3d65751fe0920e394b76c9195d7e85e1e6aa547310db737ae563940e790962d7b86beef0022ab13e96fef43a05eb43bb8fc49d9201da1007011c09a8c4ac1753615a570ba0d79d83921c4a2f55abe8c808c86161aa2b01b8b9ee29717b857bc11c1a13e2d0df34dec47905e9d83b23f09af08f532f53aa48dd93eb90e7de9bb92c6878e3a6748ae7160a054241061cbcd0c00bc,gx-no-cache=1489429867957 HTTP/1.1" 200 29
186.103.159.187 - - [13/Mar/2017:15:30:00 -0300] "POST /cormun/servlet/licenciaspermisos?fd14e810c65cb05f3a95820496ce5e72,INS,0,,,,gx-no-cache=1489429868029 HTTP/1.1" 200 93
186.103.159.187 - - [13/Mar/2017:15:30:00 -0300] "GET /cormun/servlet/hpexe_return? HTTP/1.1" 200 1011
186.103.159.187 - - [13/Mar/2017:15:30:00 -0300] "GET /cormun/static/gxcfg.js?2016101716175148 HTTP/1.1" 304 -
186.103.159.187 - - [13/Mar/2017:15:30:01 -0300] "GET /cormun/servlet/trlicencias HTTP/1.1" 200 7758
186.103.159.187 - - [13/Mar/2017:15:30:02 -0300] "GET /cormun/servlet/trlicencias HTTP/1.1" 200 7753
186.103.159.187 - - [13/Mar/2017:15:30:21 -0300] "GET /cormun/servlet/trlicenciaspermisosadjuntos?9076382,20170313000000,L, HTTP/1.1" 200 6090
186.103.159.187 - - [13/Mar/2017:15:30:21 -0300] "GET /cormun/static/gxcfg.js?2016122813131454 HTTP/1.1" 304 -
186.103.159.187 - - [13/Mar/2017:15:30:22 -0300] "GET /cormun/servlet/trlicenciaspermisosadjuntos?9076382,20170313000000,L, HTTP/1.1" 200 6090
192.168.10.89 - - [13/Mar/2017:15:30:45 -0300] "POST /cormun/servlet/trsolicitudgral?b0526e8aacfbdb548a45b50dca695bcb,,gx-no-cache=1489433125469 HTTP/1.1" 200 6694
186.103.159.187 - - [13/Mar/2017:15:33:19 -0300] "GET /cormun/servlet/licenciaspermisosadjuntos?INS,9076382,L,20170313000000,, HTTP/1.1" 200 5386
186.103.159.187 - - [13/Mar/2017:15:33:20 -0300] "GET /cormun/static/gxcfg.js?2016122813131386 HTTP/1.1" 304 -
186.103.159.187 - - [13/Mar/2017:15:33:20 -0300] "GET /cormun/static/about:blank HTTP/1.1" 404 1011
186.103.159.187 - - [13/Mar/2017:15:33:21 -0300] "GET /cormun/servlet/licenciaspermisosadjuntos?INS,9076382,L,20170313000000,, HTTP/1.1" 200 5376
186.103.159.187 - - [13/Mar/2017:15:33:47 -0300] "POST /cormun/servlet/licenciaspermisosadjuntos?fd14e810c65cb05f3a95820496ce5e72,INS,9076382,L,20170313000000,, HTTP/1.1" 200 116
186.103.159.187 - - [13/Mar/2017:15:33:47 -0300] "GET /cormun/servlet/hpexe_return? HTTP/1.1" 200 1042
186.103.159.187 - - [13/Mar/2017:15:33:48 -0300] "GET /cormun/servlet/trlicenciaspermisosadjuntos?9076382,20170313000000,L, HTTP/1.1" 200 6556
186.103.159.187 - - [13/Mar/2017:15:33:49 -0300] "GET /cormun/servlet/trlicenciaspermisosadjuntos?9076382,20170313000000,L, HTTP/1.1" 200 6553
186.103.159.187 - - [13/Mar/2017:15:33:50 -0300] "GET /cormun/PublicTempStorage/licencia_maria_teresa340492.jpeg HTTP/1.1" 200 852424
186.103.132.155 - - [13/Mar/2017:15:33:52 -0300] "GET /cormun/servlet/hlogin HTTP/1.1" 200 1719
186.103.159.187 - - [13/Mar/2017:15:33:58 -0300] "POST /cormun/servlet/trlicenciaspermisosadjuntos?fd14e810c65cb05f3a95820496ce5e72,9076382,20170313000000,L,,gx-no-cache=1489430106180 HTTP/1.1" 200 90
186.103.159.187 - - [13/Mar/2017:15:33:58 -0300] "GET /cormun/servlet/hpexe_link HTTP/1.1" 200 986
186.103.159.187 - - [13/Mar/2017:15:33:58 -0300] "GET /cormun/servlet/trlicencias HTTP/1.1" 200 7755
186.103.159.187 - - [13/Mar/2017:15:33:59 -0300] "GET /cormun/servlet/trlicencias HTTP/1.1" 200 7753
186.103.159.187 - - [13/Mar/2017:15:34:03 -0300] "GET /cormun/servlet/alicenciaprn?9076382,L,20170313000000,PU HTTP/1.1" 200 1523
186.103.132.155 - - [13/Mar/2017:15:34:06 -0300] "POST /cormun/servlet/hlogin?9ffaaaeb4224bc3e5f9cfbbfd0e5fed7,gx-no-cache=1489430114075 HTTP/1.1" 200 90
186.103.132.155 - - [13/Mar/2017:15:34:06 -0300] "GET /cormun/servlet/hpexe_link HTTP/1.1" 200 950
186.103.132.155 - - [13/Mar/2017:15:34:06 -0300] "GET /cormun/servlet/hhome HTTP/1.1" 200 3803
186.103.132.155 - - [13/Mar/2017:15:34:08 -0300] "GET /cormun/servlet/hhome HTTP/1.1" 200 3803
186.103.132.155 - - [13/Mar/2017:15:34:11 -0300] "GET /cormun/servlet/trpermisosgoce? HTTP/1.1" 200 7888
186.103.132.155 - - [13/Mar/2017:15:34:13 -0300] "GET /cormun/servlet/trpermisosgoce? HTTP/1.1" 200 7886
186.103.132.155 - - [13/Mar/2017:15:34:17 -0300] "GET /cormun/servlet/permisogoce?INS,0,,, HTTP/1.1" 200 6566
186.103.132.155 - - [13/Mar/2017:15:34:17 -0300] "GET /cormun/servlet/permisogoce?INS,0,,, HTTP/1.1" 200 6565
186.103.132.155 - - [13/Mar/2017:15:34:26 -0300] "GET /cormun/servlet/prfichaempleado?,MD,,gxPopupLevel%3D0%3B HTTP/1.1" 200 8862
192.168.10.89 - - [13/Mar/2017:15:34:37 -0300] "POST /cormun/servlet/trsolicitudgral?b0526e8aacfbdb548a45b50dca695bcb,,gx-no-cache=1489433359713 HTTP/1.1" 200 5617
186.103.132.155 - - [13/Mar/2017:15:34:39 -0300] "POST /cormun/servlet/prfichaempleado?9ffaaaeb4224bc3e5f9cfbbfd0e5fed7,,MD,,gxPopupLevel%3D0%3B,gx-no-cache=1489430147389 HTTP/1.1" 200 3403
186.103.132.155 - - [13/Mar/2017:15:34:49 -0300] "GET /cormun/servlet/prfichaempleado?,MD,,gxPopupLevel%3D0%3B HTTP/1.1" 200 8862
186.103.132.155 - - [13/Mar/2017:15:34:54 -0300] "GET /cormun/servlet/permisogoce?d56713ec3609d7b85703d1ea4e7a2b4dd235ddf591262613829722c52d95fccdb38b7345f2971d192e1b528b57e483ac,gx-no-cache=1489430163538 HTTP/1.1" 200 174
186.103.132.155 - - [13/Mar/2017:15:34:54 -0300] "GET /cormun/static/Shared/jqueryui/images/ui-bg_highlight-soft_100_c6c2c8_1x100.png HTTP/1.1" 404 1117
186.103.132.155 - - [13/Mar/2017:15:34:55 -0300] "GET /cormun/static/Shared/jqueryui/images/ui-icons_82798d_256x240.png HTTP/1.1" 404 1089
186.103.132.155 - - [13/Mar/2017:15:34:55 -0300] "GET /cormun/static/Shared/jqueryui/images/ui-icons_ebccce_256x240.png HTTP/1.1" 404 1089
186.103.132.155 - - [13/Mar/2017:15:34:55 -0300] "GET /cormun/static/Shared/jqueryui/images/ui-bg_flat_55_994d53_40x100.png HTTP/1.1" 404 1097
186.103.132.155 - - [13/Mar/2017:15:35:03 -0300] "GET /cormun/servlet/trcontratoobservacion? HTTP/1.1" 200 8165
186.103.132.155 - - [13/Mar/2017:15:35:04 -0300] "GET /cormun/servlet/trcontratoobservacion? HTTP/1.1" 200 8156
186.103.159.187 - - [13/Mar/2017:15:35:09 -0300] "POST /cormun/servlet/trlicencias?fd14e810c65cb05f3a95820496ce5e72,gx-no-cache=1489430176813 HTTP/1.1" 200 4044
186.103.159.187 - - [13/Mar/2017:15:35:09 -0300] "GET /cormun/static/Shared/jqueryui/images/ui-bg_highlight-soft_100_c6c2c8_1x100.png HTTP/1.1" 404 1117
186.103.159.187 - - [13/Mar/2017:15:35:09 -0300] "GET /cormun/static/Shared/jqueryui/images/ui-icons_82798d_256x240.png HTTP/1.1" 404 1089
186.103.159.187 - - [13/Mar/2017:15:35:09 -0300] "GET /cormun/static/Shared/jqueryui/images/ui-bg_flat_55_fafafa_40x100.png HTTP/1.1" 404 1097
186.103.159.187 - - [13/Mar/2017:15:35:09 -0300] "GET /cormun/static/Shared/jqueryui/images/ui-icons_8d78a5_256x240.png HTTP/1.1" 404 1089
192.168.10.89 - - [13/Mar/2017:15:35:12 -0300] "POST /cormun/servlet/trsolicitudgral?b0526e8aacfbdb548a45b50dca695bcb,,gx-no-cache=1489433394663 HTTP/1.1" 200 6699
192.168.10.89 - - [13/Mar/2017:15:35:14 -0300] "GET /cormun/servlet/solicitudgral?UPD,2017,5201, HTTP/1.1" 200 12149
192.168.10.89 - - [13/Mar/2017:15:35:14 -0300] "GET /cormun/static/solicitudgral.js?2017261155246 HTTP/1.1" 304 -
192.168.10.89 - - [13/Mar/2017:15:35:16 -0300] "POST /cormun/servlet/solicitudgral?gx-no-cache=1489433399195 HTTP/1.1" 200 3161
192.168.10.89 - - [13/Mar/2017:15:35:16 -0300] "GET /cormun/servlet/solicitudgral?46f472e390f9c3f44fd61aeb54868cafa588be141c0bad2e4369326d8020e92d157f9f43ac45657329d7d04e3bd36bcd2f365e8a82fd79dd94b5e2ac62e873c5a50246e27c262ea8722d749ed3a16a742deaa2cb59416ca186b1cbf95e10f0b5cd9dfacb64dde014f03d54743e8de8d80442e4864222529e67bc22ee79e677ad616f289a78ff535313cbe44ff5265aab805a11f4140c0b14da76f61da909d5cec4e94197197208472b3b529795ded286e9f2c65d83e69431f43af389a9f21f307f1734b8fb64e2f1bab1efa5d1ece5c15931d37992f5b94f4cf255e17053fbe6c24fefacdf9335fa508614122fd8faf6cb97e8c7d92db3d9fb254e7fe5656293a8ebab5888129558cbdb634e6abb2813148b24f5b8967afa6c0bdf3257c8cd7295047c9255e9ada20456434fc28032a01f08e652db5c50ad7cd748e74d143b691783e04acd8a4c1e03ffab401374734d,gx-no-cache=1489433399398 HTTP/1.1" 200 298
186.103.132.155 - - [13/Mar/2017:15:35:17 -0300] "GET /cormun/servlet/trsolicitudot? HTTP/1.1" 200 12934
186.103.132.155 - - [13/Mar/2017:15:35:18 -0300] "GET /cormun/servlet/trsolicitudot? HTTP/1.1" 200 12933
192.168.10.89 - - [13/Mar/2017:15:35:18 -0300] "GET /cormun/servlet/solicitudgral?46f472e390f9c3f44fd61aeb54868caf895be6de44567604acec866da91f2cc457fb78d0ec97b7c710b78095e99b26151604edee88e29202328719529c074d593951c475e4e149d3810d747b720acdda3d82bb7d2e823d6d8ff2d114508279cba66d089d21be16add1986f9b7612c6426fa6013805e1afe615c948215e154217e7a2dd733c5c4bbfe187062aa3ae83450137a05d2002c6261d8333eac5639a38452329e1bc9c0a321e4571f5795de4c67f1734b8fb64e2f1bab1efa5d1ece5c13ee0e571213bca67a519d3b8d5634b4c10708f74b47d309e65a05dd87461e1ee6a9683676f8564f8ce354f67a01b35b885570dd3d9d7b31f4e740584a5fc8ec39274a3f5949a7a25f9d1c2d7c88f58ab9db8fbe5f3f0153e2176be93ccf856cacb4d82586f08e2c5ed929641e7b2e1a6390262eada8a034151006b0c207d90fb6a3eb1d269ea16cd09ecc28585eaec8c397071db3f58a19002ac1dd92b1291750ff79d70cadae5615e893ee5b0ee2054341ff978a1d839d2718b2a9d0852aad43baa567919697dc83665c279ec68956f93dec60b52434372b6671c8706ee2d33248cbb06c55094e2ec78ab2022ec7e30213e004bfbea840b29fa10f846e174cf6938e18beca191bef155aefa2a1556feaec3677fc256f1f8805b7f04a9646521e100c5daa52343e607db38f60b7b3e8993dec60b52434372b6671c8706ee2d335804c1743b472c3efc7d40175b1e5d67a650f59a0f95583715b9ccfd5dc50cc948348207201d70607c87726cb864cd46,gx-no-cache=1489433401400 HTTP/1.1" 200 48
186.103.132.155 - - [13/Mar/2017:15:35:21 -0300] "GET /cormun/servlet/trpermisosgoce? HTTP/1.1" 200 7886
192.168.10.89 - - [13/Mar/2017:15:35:21 -0300] "POST /cormun/servlet/solicitudgral?b0526e8aacfbdb548a45b50dca695bcb,UPD,2017,5201,,gx-no-cache=1489433404213 HTTP/1.1" 200 10564
192.168.10.89 - - [13/Mar/2017:15:35:21 -0300] "GET /cormun/servlet/solicitudgral?46f472e390f9c3f44fd61aeb54868caf7fc24a5a008161a3b9a407bfa2dc9431c754cf225643bfc721962149dbc67e5160b77963bbcce9fcd7f570b84d1b7dcaceaa1e44ecb63da1164db8c98e2f23db4efe05e1b57c3890ba0acd43250a8567b4b7753751607786475ca9e5a523c2ea,gx-no-cache=1489433404555 HTTP/1.1" 200 29
192.168.10.89 - - [13/Mar/2017:15:35:21 -0300] "POST /cormun/servlet/solicitudgral?gx-no-cache=1489433404580 HTTP/1.1" 200 1251
186.103.132.155 - - [13/Mar/2017:15:35:22 -0300] "GET /cormun/servlet/trpermisosgoce? HTTP/1.1" 200 7886
192.168.10.89 - - [13/Mar/2017:15:35:22 -0300] "POST /cormun/servlet/solicitudgral?gx-no-cache=1489433404708 HTTP/1.1" 200 1154
186.103.132.155 - - [13/Mar/2017:15:35:26 -0300] "GET /cormun/servlet/hlogin HTTP/1.1" 200 1736
192.168.10.89 - - [13/Mar/2017:15:35:31 -0300] "POST /cormun/servlet/solicitudgral?b0526e8aacfbdb548a45b50dca695bcb,UPD,2017,5201,,gx-no-cache=1489433414005 HTTP/1.1" 200 93
192.168.10.89 - - [13/Mar/2017:15:35:31 -0300] "GET /cormun/servlet/hpexe_return? HTTP/1.1" 200 1009
192.168.10.89 - - [13/Mar/2017:15:35:33 -0300] "GET /cormun/servlet/trsolicitudgral? HTTP/1.1" 200 8717
192.168.10.89 - - [13/Mar/2017:15:35:51 -0300] "POST /cormun/servlet/trsolicitudgral?b0526e8aacfbdb548a45b50dca695bcb,,gx-no-cache=1489433434211 HTTP/1.1" 200 5419
192.168.10.89 - - [13/Mar/2017:15:35:57 -0300] "POST /cormun/servlet/trsolicitudgral?b0526e8aacfbdb548a45b50dca695bcb,,gx-no-cache=1489433439874 HTTP/1.1" 200 6693
192.168.10.89 - - [13/Mar/2017:15:35:58 -0300] "POST /cormun/servlet/trsolicitudgral?b0526e8aacfbdb548a45b50dca695bcb,,gx-no-cache=1489433441541 HTTP/1.1" 200 113
192.168.10.89 - - [13/Mar/2017:15:35:58 -0300] "GET /cormun/servlet/solicitudotlog?INS,2017,4917,0,REC, HTTP/1.1" 200 6153
192.168.10.89 - - [13/Mar/2017:15:36:01 -0300] "GET /cormun/servlet/solicitudotlog?46f472e390f9c3f44fd61aeb54868cafa5e91cba353844b9936969471331d5a75345d3bfde2d41f220d31914cc5e67f485a7cb92b626b4e61f5ceb0e5e4a82eeb44af182728fce6dd60f3601fa1c98e39d92b10b563552e862938db3983aaf9dc148f09e82c0cd06ec06f530de8d6e64eea8e6358ef9d9111a9f19a40cba773b4eda092463f7fd8881ae334678b98d7e7a9f188d67c9ad9ad108df0a61f34f60,gx-no-cache=1489433443828 HTTP/1.1" 200 94
192.168.10.89 - - [13/Mar/2017:15:36:04 -0300] "POST /cormun/servlet/solicitudotlog?b0526e8aacfbdb548a45b50dca695bcb,INS,2017,4917,0,REC,,gx-no-cache=1489433447565 HTTP/1.1" 200 93
192.168.10.89 - - [13/Mar/2017:15:36:04 -0300] "GET /cormun/servlet/hpexe_return? HTTP/1.1" 200 1018
192.168.10.89 - - [13/Mar/2017:15:36:06 -0300] "GET /cormun/servlet/trsolicitudgral? HTTP/1.1" 200 8722
192.168.10.89 - - [13/Mar/2017:15:36:43 -0300] "POST /cormun/servlet/trsolicitudgral?b0526e8aacfbdb548a45b50dca695bcb,,gx-no-cache=1489433484691 HTTP/1.1" 200 22245
192.168.10.89 - - [13/Mar/2017:15:36:50 -0300] "POST /cormun/servlet/trsolicitudgral?b0526e8aacfbdb548a45b50dca695bcb,,gx-no-cache=1489433493142 HTTP/1.1" 200 6689
192.168.10.89 - - [13/Mar/2017:15:37:02 -0300] "POST /cormun/servlet/trsolicitudgral?b0526e8aacfbdb548a45b50dca695bcb,,gx-no-cache=1489433503834 HTTP/1.1" 200 22245
192.168.10.89 - - [13/Mar/2017:15:37:12 -0300] "POST /cormun/servlet/trsolicitudgral?b0526e8aacfbdb548a45b50dca695bcb,,gx-no-cache=1489433514672 HTTP/1.1" 200 22479
192.168.10.89 - - [13/Mar/2017:15:38:28 -0300] "POST /cormun/servlet/trsolicitudgral?b0526e8aacfbdb548a45b50dca695bcb,,gx-no-cache=1489433590524 HTTP/1.1" 200 6687
192.168.10.89 - - [13/Mar/2017:15:38:30 -0300] "POST /cormun/servlet/trsolicitudgral?b0526e8aacfbdb548a45b50dca695bcb,,gx-no-cache=1489433592679 HTTP/1.1" 200 115
192.168.10.89 - - [13/Mar/2017:15:38:30 -0300] "GET /cormun/servlet/solicitudotlog?INS,2017,5398,0,REC, HTTP/1.1" 200 6153
192.168.10.89 - - [13/Mar/2017:15:38:32 -0300] "GET /cormun/servlet/solicitudotlog?46f472e390f9c3f44fd61aeb54868caf6e829f98881b3c2cf0282b80cf8e93025345d3bfde2d41f220d31914cc5e67f485a7cb92b626b4e61f5ceb0e5e4a82eeb44af182728fce6dd60f3601fa1c98e39d92b10b563552e862938db3983aaf9dc148f09e82c0cd06ec06f530de8d6e64eea8e6358ef9d9111a9f19a40cba773b4eda092463f7fd8881ae334678b98d7e7a9f188d67c9ad9ad108df0a61f34f60,gx-no-cache=1489433595001 HTTP/1.1" 200 94
192.168.10.89 - - [13/Mar/2017:15:38:36 -0300] "POST /cormun/servlet/solicitudotlog?b0526e8aacfbdb548a45b50dca695bcb,INS,2017,5398,0,REC,,gx-no-cache=1489433599465 HTTP/1.1" 200 93
192.168.10.89 - - [13/Mar/2017:15:38:36 -0300] "GET /cormun/servlet/hpexe_return? HTTP/1.1" 200 1020
192.168.10.89 - - [13/Mar/2017:15:38:38 -0300] "GET /cormun/servlet/trsolicitudgral? HTTP/1.1" 200 8719
192.168.10.89 - - [13/Mar/2017:15:39:31 -0300] "POST /cormun/servlet/trsolicitudgral?b0526e8aacfbdb548a45b50dca695bcb,,gx-no-cache=1489433654220 HTTP/1.1" 200 6694
192.168.10.89 - - [13/Mar/2017:15:39:38 -0300] "POST /cormun/servlet/trsolicitudgral?b0526e8aacfbdb548a45b50dca695bcb,,gx-no-cache=1489433660944 HTTP/1.1" 200 5616
192.168.10.89 - - [13/Mar/2017:15:39:38 -0300] "GET /cormun/static/Shared/jqueryui/images/ui-icons_8d78a5_256x240.png HTTP/1.1" 404 1089
192.168.10.89 - - [13/Mar/2017:15:39:38 -0300] "GET /cormun/static/Shared/jqueryui/images/ui-bg_highlight-soft_100_c6c2c8_1x100.png HTTP/1.1" 404 1117
192.168.10.89 - - [13/Mar/2017:15:39:38 -0300] "GET /cormun/static/Shared/jqueryui/images/ui-icons_82798d_256x240.png HTTP/1.1" 404 1089
192.168.10.89 - - [13/Mar/2017:15:39:38 -0300] "GET /cormun/static/Shared/jqueryui/images/ui-bg_flat_55_fafafa_40x100.png HTTP/1.1" 404 1097
192.168.10.89 - - [13/Mar/2017:15:40:15 -0300] "POST /cormun/servlet/trsolicitudgral?b0526e8aacfbdb548a45b50dca695bcb,,gx-no-cache=1489433698247 HTTP/1.1" 200 6660
192.168.10.89 - - [13/Mar/2017:15:43:20 -0300] "POST /cormun/servlet/trsolicitudgral?b0526e8aacfbdb548a45b50dca695bcb,,gx-no-cache=1489433883166 HTTP/1.1" 200 5593
192.168.10.89 - - [13/Mar/2017:15:44:53 -0300] "POST /cormun/servlet/trsolicitudgral?b0526e8aacfbdb548a45b50dca695bcb,,gx-no-cache=1489433976377 HTTP/1.1" 200 6703
192.168.10.89 - - [13/Mar/2017:15:44:57 -0300] "POST /cormun/servlet/trsolicitudgral?b0526e8aacfbdb548a45b50dca695bcb,,gx-no-cache=1489433980044 HTTP/1.1" 200 5615
192.168.10.89 - - [13/Mar/2017:15:45:08 -0300] "POST /cormun/servlet/trsolicitudgral?b0526e8aacfbdb548a45b50dca695bcb,,gx-no-cache=1489433991272 HTTP/1.1" 200 6645
192.168.10.89 - - [13/Mar/2017:15:45:16 -0300] "POST /cormun/servlet/trsolicitudgral?b0526e8aacfbdb548a45b50dca695bcb,,gx-no-cache=1489433998817 HTTP/1.1" 200 5581
192.168.10.89 - - [13/Mar/2017:15:46:00 -0300] "POST /cormun/servlet/trsolicitudgral?b0526e8aacfbdb548a45b50dca695bcb,,gx-no-cache=1489434042866 HTTP/1.1" 200 6692
192.168.10.89 - - [13/Mar/2017:15:46:14 -0300] "POST /cormun/servlet/trsolicitudgral?b0526e8aacfbdb548a45b50dca695bcb,,gx-no-cache=1489434057632 HTTP/1.1" 200 115
192.168.10.89 - - [13/Mar/2017:15:46:15 -0300] "GET /cormun/servlet/solicitudotlog?INS,2017,5340,0,REC, HTTP/1.1" 200 6152
192.168.10.89 - - [13/Mar/2017:15:46:17 -0300] "GET /cormun/servlet/solicitudotlog?46f472e390f9c3f44fd61aeb54868caff705cc974e4ceee3cd7a9c23c9aa522f5345d3bfde2d41f220d31914cc5e67f485a7cb92b626b4e61f5ceb0e5e4a82eeb44af182728fce6dd60f3601fa1c98e39d92b10b563552e862938db3983aaf9dc148f09e82c0cd06ec06f530de8d6e64eea8e6358ef9d9111a9f19a40cba773b4eda092463f7fd8881ae334678b98d7e7a9f188d67c9ad9ad108df0a61f34f60,gx-no-cache=1489434059843 HTTP/1.1" 200 94
192.168.10.89 - - [13/Mar/2017:15:46:20 -0300] "POST /cormun/servlet/solicitudotlog?b0526e8aacfbdb548a45b50dca695bcb,INS,2017,5340,0,REC,,gx-no-cache=1489434062779 HTTP/1.1" 200 93
192.168.10.89 - - [13/Mar/2017:15:46:20 -0300] "GET /cormun/servlet/hpexe_return? HTTP/1.1" 200 1019
192.168.10.89 - - [13/Mar/2017:15:46:21 -0300] "GET /cormun/servlet/trsolicitudgral? HTTP/1.1" 200 8720
192.168.10.89 - - [13/Mar/2017:15:46:55 -0300] "POST /cormun/servlet/trsolicitudgral?b0526e8aacfbdb548a45b50dca695bcb,,gx-no-cache=1489434098307 HTTP/1.1" 200 6691
192.168.10.89 - - [13/Mar/2017:15:46:57 -0300] "POST /cormun/servlet/trsolicitudgral?b0526e8aacfbdb548a45b50dca695bcb,,gx-no-cache=1489434100111 HTTP/1.1" 200 115
