186.79.41.193 - - [13/Mar/2017:08:56:08 -0300] "GET /cormun/static/permisogoce.js?201612262052891 HTTP/1.1" 200 26147
186.79.41.193 - - [13/Mar/2017:08:56:09 -0300] "GET /cormun/servlet/permisogoce?INS,0,,, HTTP/1.1" 200 6480
186.79.41.193 - - [13/Mar/2017:08:56:11 -0300] "GET /cormun/static/Resources/resize.gif HTTP/1.1" 200 77
192.168.10.89 - - [13/Mar/2017:08:56:17 -0300] "POST /cormun/servlet/trsolicitudgral?4e55acc228eee252e4c903121b6b6ce5,,gx-no-cache=1489409460373 HTTP/1.1" 200 5403
186.79.41.193 - - [13/Mar/2017:08:56:19 -0300] "GET /cormun/servlet/prfichaempleado?,MD,,gxPopupLevel%3D0%3B HTTP/1.1" 200 8739
186.79.41.193 - - [13/Mar/2017:08:56:19 -0300] "GET /cormun/static/gxcfg.js?2016102420561687 HTTP/1.1" 200 953
186.79.41.193 - - [13/Mar/2017:08:56:19 -0300] "GET /cormun/static/prfichaempleado.js?201610242056198 HTTP/1.1" 304 -
186.79.41.193 - - [13/Mar/2017:08:56:19 -0300] "GET /cormun/static/Resources/PXToolsMenuSearch.png HTTP/1.1" 200 2914
186.79.41.193 - - [13/Mar/2017:08:56:19 -0300] "GET /cormun/static/menusearch.js?201610171694467 HTTP/1.1" 304 -
186.79.41.193 - - [13/Mar/2017:08:56:19 -0300] "GET /cormun/static/hmpwkw011.js?201612218515582 HTTP/1.1" 304 -
186.79.41.193 - - [13/Mar/2017:08:56:19 -0300] "GET /cormun/static/Resources/PXToolsMenuSearchCancel.png HTTP/1.1" 200 2972
192.168.10.89 - - [13/Mar/2017:08:56:23 -0300] "POST /cormun/servlet/trsolicitudgral?4e55acc228eee252e4c903121b6b6ce5,,gx-no-cache=1489409465653 HTTP/1.1" 200 5406
192.168.10.89 - - [13/Mar/2017:08:56:26 -0300] "POST /cormun/servlet/trsolicitudgral?4e55acc228eee252e4c903121b6b6ce5,,gx-no-cache=1489409468627 HTTP/1.1" 200 5403
192.168.10.89 - - [13/Mar/2017:08:56:31 -0300] "POST /cormun/servlet/trsolicitudgral?4e55acc228eee252e4c903121b6b6ce5,,gx-no-cache=1489409474068 HTTP/1.1" 200 5400
186.79.41.193 - - [13/Mar/2017:08:56:38 -0300] "POST /cormun/servlet/prfichaempleado?a436ad624e1e23b2529d5c3bb188c70e,,MD,,gxPopupLevel%3D0%3B,gx-no-cache=1489406266754 HTTP/1.1" 200 4685
192.168.10.89 - - [13/Mar/2017:08:56:49 -0300] "GET /cormun/servlet/hlogin HTTP/1.1" 200 1742
192.168.10.89 - - [13/Mar/2017:08:56:57 -0300] "POST /cormun/servlet/hlogin?4e55acc228eee252e4c903121b6b6ce5,gx-no-cache=1489409500390 HTTP/1.1" 200 90
192.168.10.89 - - [13/Mar/2017:08:56:57 -0300] "GET /cormun/servlet/hpexe_link HTTP/1.1" 200 955
192.168.10.89 - - [13/Mar/2017:08:56:58 -0300] "GET /cormun/servlet/hhome HTTP/1.1" 200 3951
192.168.10.89 - - [13/Mar/2017:08:57:02 -0300] "GET /cormun/servlet/trsolicitudot? HTTP/1.1" 200 6925
192.168.10.89 - - [13/Mar/2017:08:57:06 -0300] "POST /cormun/servlet/trsolicitudot?4e55acc228eee252e4c903121b6b6ce5,,gx-no-cache=1489409508609 HTTP/1.1" 200 4142
192.168.10.89 - - [13/Mar/2017:08:57:10 -0300] "POST /cormun/servlet/trsolicitudot?4e55acc228eee252e4c903121b6b6ce5,,gx-no-cache=1489409513167 HTTP/1.1" 200 4142
192.168.10.89 - - [13/Mar/2017:08:57:16 -0300] "POST /cormun/servlet/trsolicitudot?4e55acc228eee252e4c903121b6b6ce5,,gx-no-cache=1489409518785 HTTP/1.1" 200 4143
186.79.113.67 - - [13/Mar/2017:08:58:14 -0300] "GET /cormun/servlet/solicitudotadjuntos?be33a87419beb4b2d543b44e1c4b788bd01ea3b0f12d356987c8646a1c202744,gx-no-cache=1489406363799 HTTP/1.1" 200 30
186.79.113.67 - - [13/Mar/2017:08:58:14 -0300] "GET /cormun/servlet/solicitudotadjuntos?be33a87419beb4b2d543b44e1c4b788bd01ea3b0f12d356987c8646a1c202744,gx-no-cache=1489406363902 HTTP/1.1" 200 30
186.79.41.193 - - [13/Mar/2017:08:58:17 -0300] "GET /cormun/servlet/permisogoce?662978994af010228a61f134e311b83a9dbba04b5654e59401a15c9df5970ed3d0f7d9f6a173c3492739a3af88e702c0,gx-no-cache=1489406366829 HTTP/1.1" 200 66
186.79.41.193 - - [13/Mar/2017:08:58:17 -0300] "GET /cormun/static/menuarrow.gif HTTP/1.1" 404 1015
186.79.41.193 - - [13/Mar/2017:08:58:25 -0300] "GET /cormun/servlet/permisogoce?662978994af010228a61f134e311b83a883df7f05148a62e54169c33dd48906725069f54e588c3292d8adf19fe0366986fcda32f316a855f8f948dd000e14d65,gx-no-cache=1489406375066 HTTP/1.1" 200 47
186.79.113.67 - - [13/Mar/2017:08:58:30 -0300] "POST /cormun/servlet/solicitudotadjuntos?d00fc3de2748fc24ae0552581ff4e71c,INS,2017,5437,,1, HTTP/1.1" 200 116
186.79.113.67 - - [13/Mar/2017:08:58:30 -0300] "GET /cormun/servlet/hpexe_return? HTTP/1.1" 200 1026
186.79.113.67 - - [13/Mar/2017:08:58:31 -0300] "GET /cormun/static/gxcfg.js?2016101716175148 HTTP/1.1" 304 -
186.79.113.67 - - [13/Mar/2017:08:58:31 -0300] "GET /cormun/servlet/trsolicitudadjuntos?2017,5437, HTTP/1.1" 200 7946
186.79.113.67 - - [13/Mar/2017:08:58:32 -0300] "GET /cormun/servlet/trsolicitudadjuntos?2017,5437, HTTP/1.1" 200 7944
186.79.41.193 - - [13/Mar/2017:08:58:34 -0300] "GET /cormun/servlet/puconsultapgoce?7211375,MD,gxPopupLevel%3D0%3B HTTP/1.1" 200 3757
186.79.41.193 - - [13/Mar/2017:08:58:34 -0300] "GET /cormun/static/gxcfg.js?2016122619324821 HTTP/1.1" 200 953
186.79.41.193 - - [13/Mar/2017:08:58:34 -0300] "GET /cormun/pexe_menus.js HTTP/1.1" 404 1001
186.79.41.193 - - [13/Mar/2017:08:58:34 -0300] "GET /cormun/pexe_layers.js HTTP/1.1" 404 1003
186.79.41.193 - - [13/Mar/2017:08:58:34 -0300] "GET /cormun/pexe_link.js HTTP/1.1" 404 999
186.79.41.193 - - [13/Mar/2017:08:58:34 -0300] "GET /cormun/pexe_cookies.js HTTP/1.1" 404 1005
186.79.41.193 - - [13/Mar/2017:08:58:35 -0300] "GET /cormun/pexe_grid.js HTTP/1.1" 404 999
186.79.41.193 - - [13/Mar/2017:08:58:35 -0300] "GET /cormun/pexe_griddivfix.js HTTP/1.1" 404 1011
186.79.41.193 - - [13/Mar/2017:08:58:35 -0300] "GET /cormun/pexe_picture.js HTTP/1.1" 404 1005
186.79.41.193 - - [13/Mar/2017:08:58:35 -0300] "GET /cormun/pexe_treedivfix.js HTTP/1.1" 404 1011
186.79.41.193 - - [13/Mar/2017:08:58:35 -0300] "GET /cormun/pexe_autoreload.js HTTP/1.1" 404 1011
186.79.41.193 - - [13/Mar/2017:08:58:35 -0300] "GET /cormun/pexe_menudivfix.js HTTP/1.1" 404 1011
186.79.41.193 - - [13/Mar/2017:08:58:35 -0300] "GET /cormun/pexe_tabdivfix.js HTTP/1.1" 404 1009
186.79.41.193 - - [13/Mar/2017:08:58:35 -0300] "GET /cormun/static/mpprompt.js?201612218534882 HTTP/1.1" 200 940
186.79.41.193 - - [13/Mar/2017:08:58:35 -0300] "GET /cormun/pexe_windows.js HTTP/1.1" 404 1005
186.79.41.193 - - [13/Mar/2017:08:58:35 -0300] "GET /cormun/static/puconsultapgoce.js?2016122619325082 HTTP/1.1" 200 26916
186.79.41.193 - - [13/Mar/2017:08:58:35 -0300] "GET /cormun/pexe_link.js HTTP/1.1" 404 999
186.79.41.193 - - [13/Mar/2017:08:58:35 -0300] "GET /cormun/pexe_cookies.js HTTP/1.1" 404 1005
186.79.41.193 - - [13/Mar/2017:08:58:35 -0300] "GET /cormun/pexe_grid.js HTTP/1.1" 404 999
186.79.41.193 - - [13/Mar/2017:08:58:35 -0300] "GET /cormun/pexe_griddivfix.js HTTP/1.1" 404 1011
186.79.41.193 - - [13/Mar/2017:08:58:35 -0300] "GET /cormun/pexe_picture.js HTTP/1.1" 404 1005
186.79.41.193 - - [13/Mar/2017:08:58:35 -0300] "GET /cormun/pexe_treedivfix.js HTTP/1.1" 404 1011
186.79.41.193 - - [13/Mar/2017:08:58:35 -0300] "GET /cormun/pexe_autoreload.js HTTP/1.1" 404 1011
186.79.41.193 - - [13/Mar/2017:08:58:36 -0300] "GET /cormun/pexe_menudivfix.js HTTP/1.1" 404 1011
186.79.41.193 - - [13/Mar/2017:08:58:36 -0300] "GET /cormun/pexe_tabdivfix.js HTTP/1.1" 404 1009
186.79.113.67 - - [13/Mar/2017:08:58:36 -0300] "GET /cormun/servlet/solicitudotadjuntos?INS,2017,5437,,1, HTTP/1.1" 200 5793
186.79.113.67 - - [13/Mar/2017:08:58:37 -0300] "GET /cormun/static/about:blank HTTP/1.1" 404 1011
186.79.113.67 - - [13/Mar/2017:08:58:37 -0300] "GET /cormun/servlet/solicitudotadjuntos?INS,2017,5437,,1, HTTP/1.1" 200 5787
186.79.113.67 - - [13/Mar/2017:08:58:37 -0300] "GET /cormun/servlet/solicitudotadjuntos?be33a87419beb4b2d543b44e1c4b788b7fa8bddaa2a2c933cfe88d714a692737a84dbbb177421b9f2b770e5017fa3aa1,gx-no-cache=1489406387065 HTTP/1.1" 200 30
186.79.113.67 - - [13/Mar/2017:08:58:38 -0300] "POST /cormun/servlet/solicitudotadjuntos?d00fc3de2748fc24ae0552581ff4e71c,INS,2017,5437,,1,,gx-no-cache=1489406387206 HTTP/1.1" 200 3674
186.79.41.193 - - [13/Mar/2017:08:58:40 -0300] "POST /cormun/servlet/puconsultapgoce?a436ad624e1e23b2529d5c3bb188c70e,7211375,MD,gxPopupLevel%3D0%3B,gx-no-cache=1489406389704 HTTP/1.1" 200 59
186.79.113.67 - - [13/Mar/2017:08:58:43 -0300] "POST /cormun/servlet/solicitudotadjuntos?gx-no-cache=1489406392636 HTTP/1.1" 200 26
186.79.41.193 - - [13/Mar/2017:08:58:45 -0300] "POST /cormun/servlet/permisogoce?a436ad624e1e23b2529d5c3bb188c70e,INS,0,,,,gx-no-cache=1489406393767 HTTP/1.1" 200 93
186.79.41.193 - - [13/Mar/2017:08:58:45 -0300] "GET /cormun/servlet/hpexe_return? HTTP/1.1" 200 1008
186.79.41.193 - - [13/Mar/2017:08:58:45 -0300] "GET /cormun/static/gxcfg.js?2016101716175148 HTTP/1.1" 304 -
186.79.41.193 - - [13/Mar/2017:08:58:45 -0300] "GET /cormun/static/hpexe_return.js?2016101716175153 HTTP/1.1" 304 -
186.79.41.193 - - [13/Mar/2017:08:58:46 -0300] "GET /cormun/servlet/trpermisosgoce? HTTP/1.1" 200 6477
186.79.41.193 - - [13/Mar/2017:08:58:47 -0300] "GET /cormun/servlet/trpermisosgoce? HTTP/1.1" 200 6473
186.79.113.67 - - [13/Mar/2017:08:58:52 -0300] "GET /cormun/servlet/solicitudotadjuntos?be33a87419beb4b2d543b44e1c4b788bd01ea3b0f12d356987c8646a1c202744,gx-no-cache=1489406401235 HTTP/1.1" 200 30
186.79.113.67 - - [13/Mar/2017:08:58:52 -0300] "GET /cormun/servlet/solicitudotadjuntos?be33a87419beb4b2d543b44e1c4b788bd01ea3b0f12d356987c8646a1c202744,gx-no-cache=1489406401664 HTTP/1.1" 200 30
186.79.113.67 - - [13/Mar/2017:08:59:04 -0300] "POST /cormun/servlet/solicitudotadjuntos?d00fc3de2748fc24ae0552581ff4e71c,INS,2017,5437,,1, HTTP/1.1" 200 116
186.79.113.67 - - [13/Mar/2017:08:59:04 -0300] "GET /cormun/servlet/hpexe_return? HTTP/1.1" 200 1026
186.79.113.67 - - [13/Mar/2017:08:59:06 -0300] "GET /cormun/servlet/trsolicitudadjuntos?2017,5437, HTTP/1.1" 200 8155
186.79.113.67 - - [13/Mar/2017:08:59:06 -0300] "GET /cormun/servlet/trsolicitudadjuntos?2017,5437, HTTP/1.1" 200 8148
186.79.113.67 - - [13/Mar/2017:08:59:11 -0300] "GET /cormun/servlet/solicitudotadjuntos?INS,2017,5437,,1, HTTP/1.1" 200 5793
186.79.113.67 - - [13/Mar/2017:08:59:11 -0300] "GET /cormun/static/about:blank HTTP/1.1" 404 1011
186.79.113.67 - - [13/Mar/2017:08:59:12 -0300] "GET /cormun/servlet/solicitudotadjuntos?INS,2017,5437,,1, HTTP/1.1" 200 5787
186.79.113.67 - - [13/Mar/2017:08:59:12 -0300] "GET /cormun/servlet/solicitudotadjuntos?be33a87419beb4b2d543b44e1c4b788b7fa8bddaa2a2c933cfe88d714a692737a84dbbb177421b9f2b770e5017fa3aa1,gx-no-cache=1489406421647 HTTP/1.1" 200 30
186.79.113.67 - - [13/Mar/2017:08:59:12 -0300] "POST /cormun/servlet/solicitudotadjuntos?d00fc3de2748fc24ae0552581ff4e71c,INS,2017,5437,,1,,gx-no-cache=1489406421766 HTTP/1.1" 200 3674
186.79.113.67 - - [13/Mar/2017:08:59:16 -0300] "POST /cormun/servlet/solicitudotadjuntos?gx-no-cache=1489406425468 HTTP/1.1" 200 26
186.79.113.67 - - [13/Mar/2017:08:59:27 -0300] "GET /cormun/servlet/solicitudotadjuntos?be33a87419beb4b2d543b44e1c4b788bd01ea3b0f12d356987c8646a1c202744,gx-no-cache=1489406436496 HTTP/1.1" 200 30
186.79.113.67 - - [13/Mar/2017:08:59:27 -0300] "GET /cormun/servlet/solicitudotadjuntos?be33a87419beb4b2d543b44e1c4b788bd01ea3b0f12d356987c8646a1c202744,gx-no-cache=1489406436749 HTTP/1.1" 200 30
186.79.113.67 - - [13/Mar/2017:08:59:38 -0300] "POST /cormun/servlet/solicitudotadjuntos?d00fc3de2748fc24ae0552581ff4e71c,INS,2017,5437,,1, HTTP/1.1" 200 116
186.79.113.67 - - [13/Mar/2017:08:59:38 -0300] "GET /cormun/servlet/hpexe_return? HTTP/1.1" 200 1026
186.79.113.67 - - [13/Mar/2017:08:59:39 -0300] "GET /cormun/servlet/trsolicitudadjuntos?2017,5437, HTTP/1.1" 200 8315
186.79.113.67 - - [13/Mar/2017:08:59:39 -0300] "GET /cormun/servlet/trsolicitudadjuntos?2017,5437, HTTP/1.1" 200 8311
186.79.113.67 - - [13/Mar/2017:08:59:42 -0300] "GET /cormun/servlet/solicitudotadjuntos?INS,2017,5437,,1, HTTP/1.1" 200 5793
186.79.113.67 - - [13/Mar/2017:08:59:43 -0300] "GET /cormun/static/about:blank HTTP/1.1" 404 1011
186.79.113.67 - - [13/Mar/2017:08:59:43 -0300] "GET /cormun/servlet/solicitudotadjuntos?INS,2017,5437,,1, HTTP/1.1" 200 5787
186.79.113.67 - - [13/Mar/2017:08:59:43 -0300] "GET /cormun/servlet/solicitudotadjuntos?be33a87419beb4b2d543b44e1c4b788b7fa8bddaa2a2c933cfe88d714a692737a84dbbb177421b9f2b770e5017fa3aa1,gx-no-cache=1489406453150 HTTP/1.1" 200 30
186.79.113.67 - - [13/Mar/2017:08:59:44 -0300] "POST /cormun/servlet/solicitudotadjuntos?d00fc3de2748fc24ae0552581ff4e71c,INS,2017,5437,,1,,gx-no-cache=1489406453235 HTTP/1.1" 200 3674
192.168.10.89 - - [13/Mar/2017:08:59:45 -0300] "POST /cormun/servlet/trsolicitudot?4e55acc228eee252e4c903121b6b6ce5,,gx-no-cache=1489409667990 HTTP/1.1" 200 4141
186.79.113.67 - - [13/Mar/2017:08:59:52 -0300] "POST /cormun/servlet/solicitudotadjuntos?gx-no-cache=1489406461351 HTTP/1.1" 200 26
192.168.10.62 - - [13/Mar/2017:08:59:55 -0300] "POST /cormun/servlet/trsolicitudgral?405b1ba482345e78eebe30475bb05e40,gx-no-cache=1489409678549 HTTP/1.1" 200 4963
192.168.10.62 - - [13/Mar/2017:08:59:57 -0300] "POST /cormun/servlet/trsolicitudgral?405b1ba482345e78eebe30475bb05e40,gx-no-cache=1489409679573 HTTP/1.1" 200 4964
192.168.10.62 - - [13/Mar/2017:08:59:58 -0300] "GET /cormun/static/menuarrow.gif HTTP/1.1" 404 1015
192.168.10.62 - - [13/Mar/2017:09:00:02 -0300] "POST /cormun/servlet/trsolicitudgral?405b1ba482345e78eebe30475bb05e40,gx-no-cache=1489409684656 HTTP/1.1" 200 4964
186.79.113.67 - - [13/Mar/2017:09:00:12 -0300] "POST /cormun/servlet/solicitudotadjuntos?gx-no-cache=1489406481863 HTTP/1.1" 200 26
192.168.10.62 - - [13/Mar/2017:09:00:14 -0300] "GET /cormun/servlet/trsolicitudgral? HTTP/1.1" 200 7973
192.168.10.62 - - [13/Mar/2017:09:00:15 -0300] "GET /cormun/servlet/trsolicitudgral? HTTP/1.1" 200 7973
186.79.113.67 - - [13/Mar/2017:09:00:19 -0300] "GET /cormun/servlet/solicitudotadjuntos?be33a87419beb4b2d543b44e1c4b788bd01ea3b0f12d356987c8646a1c202744,gx-no-cache=1489406488584 HTTP/1.1" 200 30
186.79.113.67 - - [13/Mar/2017:09:00:19 -0300] "GET /cormun/servlet/solicitudotadjuntos?be33a87419beb4b2d543b44e1c4b788bd01ea3b0f12d356987c8646a1c202744,gx-no-cache=1489406488796 HTTP/1.1" 200 30
186.79.113.67 - - [13/Mar/2017:09:00:34 -0300] "POST /cormun/servlet/solicitudotadjuntos?d00fc3de2748fc24ae0552581ff4e71c,INS,2017,5437,,1, HTTP/1.1" 200 116
186.79.113.67 - - [13/Mar/2017:09:00:34 -0300] "GET /cormun/servlet/hpexe_return? HTTP/1.1" 200 1026
186.79.113.67 - - [13/Mar/2017:09:00:35 -0300] "GET /cormun/servlet/trsolicitudadjuntos?2017,5437, HTTP/1.1" 200 8462
186.79.113.67 - - [13/Mar/2017:09:00:36 -0300] "GET /cormun/servlet/trsolicitudadjuntos?2017,5437, HTTP/1.1" 200 8458
186.79.113.67 - - [13/Mar/2017:09:00:40 -0300] "GET /cormun/servlet/solicitudotadjuntos?INS,2017,5437,,1, HTTP/1.1" 200 5793
186.79.113.67 - - [13/Mar/2017:09:00:40 -0300] "GET /cormun/static/about:blank HTTP/1.1" 404 1011
186.79.113.67 - - [13/Mar/2017:09:00:41 -0300] "GET /cormun/servlet/solicitudotadjuntos?INS,2017,5437,,1, HTTP/1.1" 200 5787
186.79.113.67 - - [13/Mar/2017:09:00:41 -0300] "GET /cormun/servlet/solicitudotadjuntos?be33a87419beb4b2d543b44e1c4b788b7fa8bddaa2a2c933cfe88d714a692737a84dbbb177421b9f2b770e5017fa3aa1,gx-no-cache=1489406510701 HTTP/1.1" 200 30
186.79.113.67 - - [13/Mar/2017:09:00:41 -0300] "POST /cormun/servlet/solicitudotadjuntos?d00fc3de2748fc24ae0552581ff4e71c,INS,2017,5437,,1,,gx-no-cache=1489406510786 HTTP/1.1" 200 3674
192.168.10.62 - - [13/Mar/2017:09:00:45 -0300] "POST /cormun/servlet/trsolicitudgral?405b1ba482345e78eebe30475bb05e40,,gx-no-cache=1489409727660 HTTP/1.1" 200 4964
186.79.113.67 - - [13/Mar/2017:09:00:46 -0300] "POST /cormun/servlet/solicitudotadjuntos?gx-no-cache=1489406515872 HTTP/1.1" 200 26
192.168.10.89 - - [13/Mar/2017:09:00:48 -0300] "GET /cormun/servlet/solicitudot?INS,0,0, HTTP/1.1" 200 12755
186.79.113.67 - - [13/Mar/2017:09:00:53 -0300] "GET /cormun/servlet/solicitudotadjuntos?be33a87419beb4b2d543b44e1c4b788bd01ea3b0f12d356987c8646a1c202744,gx-no-cache=1489406523177 HTTP/1.1" 200 30
186.79.113.67 - - [13/Mar/2017:09:00:54 -0300] "GET /cormun/servlet/solicitudotadjuntos?be33a87419beb4b2d543b44e1c4b788bd01ea3b0f12d356987c8646a1c202744,gx-no-cache=1489406523243 HTTP/1.1" 200 30
192.168.10.89 - - [13/Mar/2017:09:00:55 -0300] "POST /cormun/servlet/solicitudot?gx-no-cache=1489409738039 HTTP/1.1" 200 3281
192.168.10.89 - - [13/Mar/2017:09:00:55 -0300] "GET /cormun/static/Shared/jqueryui/images/ui-bg_flat_55_994d53_40x100.png HTTP/1.1" 404 1097
192.168.10.89 - - [13/Mar/2017:09:00:55 -0300] "GET /cormun/static/Shared/jqueryui/images/ui-icons_82798d_256x240.png HTTP/1.1" 404 1089
192.168.10.89 - - [13/Mar/2017:09:00:55 -0300] "GET /cormun/static/Shared/jqueryui/images/ui-bg_highlight-soft_100_c6c2c8_1x100.png HTTP/1.1" 404 1117
192.168.10.89 - - [13/Mar/2017:09:00:55 -0300] "GET /cormun/static/Shared/jqueryui/images/ui-icons_ebccce_256x240.png HTTP/1.1" 404 1089
186.79.113.67 - - [13/Mar/2017:09:01:04 -0300] "POST /cormun/servlet/solicitudotadjuntos?d00fc3de2748fc24ae0552581ff4e71c,INS,2017,5437,,1, HTTP/1.1" 200 116
186.79.113.67 - - [13/Mar/2017:09:01:04 -0300] "GET /cormun/servlet/hpexe_return? HTTP/1.1" 200 1026
186.79.113.67 - - [13/Mar/2017:09:01:05 -0300] "GET /cormun/servlet/trsolicitudadjuntos?2017,5437, HTTP/1.1" 200 8608
186.79.113.67 - - [13/Mar/2017:09:01:06 -0300] "GET /cormun/servlet/trsolicitudadjuntos?2017,5437, HTTP/1.1" 200 8606
186.79.113.67 - - [13/Mar/2017:09:01:09 -0300] "GET /cormun/servlet/solicitudotadjuntos?INS,2017,5437,,1, HTTP/1.1" 200 5793
186.79.113.67 - - [13/Mar/2017:09:01:10 -0300] "GET /cormun/static/about:blank HTTP/1.1" 404 1011
186.79.113.67 - - [13/Mar/2017:09:01:10 -0300] "GET /cormun/servlet/solicitudotadjuntos?INS,2017,5437,,1, HTTP/1.1" 200 5787
186.79.113.67 - - [13/Mar/2017:09:01:10 -0300] "GET /cormun/servlet/solicitudotadjuntos?be33a87419beb4b2d543b44e1c4b788b7fa8bddaa2a2c933cfe88d714a692737a84dbbb177421b9f2b770e5017fa3aa1,gx-no-cache=1489406539853 HTTP/1.1" 200 30
186.79.113.67 - - [13/Mar/2017:09:01:11 -0300] "POST /cormun/servlet/solicitudotadjuntos?d00fc3de2748fc24ae0552581ff4e71c,INS,2017,5437,,1,,gx-no-cache=1489406539966 HTTP/1.1" 200 3674
186.79.113.67 - - [13/Mar/2017:09:01:14 -0300] "POST /cormun/servlet/solicitudotadjuntos?gx-no-cache=1489406543802 HTTP/1.1" 200 26
186.79.113.67 - - [13/Mar/2017:09:01:19 -0300] "GET /cormun/servlet/solicitudotadjuntos?be33a87419beb4b2d543b44e1c4b788bd01ea3b0f12d356987c8646a1c202744,gx-no-cache=1489406548679 HTTP/1.1" 200 30
186.79.113.67 - - [13/Mar/2017:09:01:20 -0300] "GET /cormun/servlet/solicitudotadjuntos?be33a87419beb4b2d543b44e1c4b788bd01ea3b0f12d356987c8646a1c202744,gx-no-cache=1489406548871 HTTP/1.1" 200 30
186.79.113.67 - - [13/Mar/2017:09:01:38 -0300] "POST /cormun/servlet/solicitudotadjuntos?d00fc3de2748fc24ae0552581ff4e71c,INS,2017,5437,,1, HTTP/1.1" 200 116
186.79.113.67 - - [13/Mar/2017:09:01:39 -0300] "GET /cormun/servlet/hpexe_return? HTTP/1.1" 200 1026
186.79.113.67 - - [13/Mar/2017:09:01:39 -0300] "GET /cormun/servlet/trsolicitudadjuntos?2017,5437, HTTP/1.1" 200 8837
186.79.113.67 - - [13/Mar/2017:09:01:41 -0300] "GET /cormun/servlet/trsolicitudadjuntos?2017,5437, HTTP/1.1" 200 8836
186.79.113.67 - - [13/Mar/2017:09:01:45 -0300] "GET /cormun/servlet/trsolicitudot? HTTP/1.1" 200 8331
186.79.113.67 - - [13/Mar/2017:09:01:46 -0300] "GET /cormun/servlet/trsolicitudot? HTTP/1.1" 200 8325
186.79.113.67 - - [13/Mar/2017:09:01:52 -0300] "POST /cormun/servlet/trsolicitudot?d00fc3de2748fc24ae0552581ff4e71c,,gx-no-cache=1489406580899 HTTP/1.1" 200 5292
186.79.113.67 - - [13/Mar/2017:09:01:52 -0300] "GET /cormun/static/Shared/jqueryui/images/ui-bg_highlight-soft_100_c6c2c8_1x100.png HTTP/1.1" 404 1117
186.79.113.67 - - [13/Mar/2017:09:01:52 -0300] "GET /cormun/static/Shared/jqueryui/images/ui-bg_flat_55_fafafa_40x100.png HTTP/1.1" 404 1097
186.79.113.67 - - [13/Mar/2017:09:01:52 -0300] "GET /cormun/static/Shared/jqueryui/images/ui-icons_8d78a5_256x240.png HTTP/1.1" 404 1089
186.79.113.67 - - [13/Mar/2017:09:01:52 -0300] "GET /cormun/static/Shared/jqueryui/images/ui-icons_82798d_256x240.png HTTP/1.1" 404 1089
186.79.113.67 - - [13/Mar/2017:09:01:53 -0300] "POST /cormun/servlet/trsolicitudot?d00fc3de2748fc24ae0552581ff4e71c,,gx-no-cache=1489406581644 HTTP/1.1" 200 5235
192.168.10.89 - - [13/Mar/2017:09:02:20 -0300] "GET /cormun/servlet/hlogin HTTP/1.1" 200 1746
186.79.113.67 - - [13/Mar/2017:09:02:21 -0300] "POST /cormun/servlet/trsolicitudot?d00fc3de2748fc24ae0552581ff4e71c,,gx-no-cache=1489406610268 HTTP/1.1" 200 5504
186.79.41.193 - - [13/Mar/2017:09:02:30 -0300] "GET /cormun/servlet/hhome HTTP/1.1" 200 3286
192.168.10.89 - - [13/Mar/2017:09:02:31 -0300] "POST /cormun/servlet/hlogin?4e55acc228eee252e4c903121b6b6ce5,gx-no-cache=1489409834638 HTTP/1.1" 200 90
192.168.10.89 - - [13/Mar/2017:09:02:32 -0300] "GET /cormun/servlet/hpexe_link HTTP/1.1" 200 968
186.79.41.193 - - [13/Mar/2017:09:02:32 -0300] "GET /cormun/servlet/hhome HTTP/1.1" 200 3296
192.168.10.89 - - [13/Mar/2017:09:02:32 -0300] "GET /cormun/servlet/solicitudot?INS,0,0, HTTP/1.1" 200 12755
186.79.41.193 - - [13/Mar/2017:09:02:32 -0300] "GET /cormun/servlet/hlogin HTTP/1.1" 200 1730
186.79.41.193 - - [13/Mar/2017:09:02:34 -0300] "POST /cormun/servlet/hlogin?68b7955ce61dc724995e292113345dc7,gx-no-cache=1489406623599 HTTP/1.1" 200 90
186.79.41.193 - - [13/Mar/2017:09:02:34 -0300] "GET /cormun/servlet/hpexe_link HTTP/1.1" 200 952
186.79.41.193 - - [13/Mar/2017:09:02:34 -0300] "GET /cormun/servlet/hhome HTTP/1.1" 200 3705
186.79.41.193 - - [13/Mar/2017:09:02:35 -0300] "GET /cormun/servlet/hhome HTTP/1.1" 200 3702
186.79.113.67 - - [13/Mar/2017:09:02:36 -0300] "POST /cormun/servlet/trsolicitudot?d00fc3de2748fc24ae0552581ff4e71c,,gx-no-cache=1489406625652 HTTP/1.1" 200 107
186.79.113.67 - - [13/Mar/2017:09:02:36 -0300] "GET /cormun/servlet/trsolicitudadjuntos?2017,5434, HTTP/1.1" 200 5859
186.79.113.67 - - [13/Mar/2017:09:02:37 -0300] "GET /cormun/servlet/trsolicitudadjuntos?2017,5434, HTTP/1.1" 200 5859
186.79.41.193 - - [13/Mar/2017:09:02:38 -0300] "GET /cormun/servlet/trpermisosgoce? HTTP/1.1" 200 7299
186.79.41.193 - - [13/Mar/2017:09:02:38 -0300] "GET /cormun/servlet/trpermisosgoce? HTTP/1.1" 200 7299
186.79.41.193 - - [13/Mar/2017:09:02:38 -0300] "GET /cormun//static/Resources/PXToolsGridDisplay.png HTTP/1.1" 200 362
186.79.41.193 - - [13/Mar/2017:09:02:38 -0300] "GET /cormun//static/Resources/PXToolsActionPrint.png HTTP/1.1" 200 3317
186.79.41.193 - - [13/Mar/2017:09:02:38 -0300] "GET /cormun//static/Resources/PXToolsHeaderHelp.png HTTP/1.1" 200 4055
186.79.41.193 - - [13/Mar/2017:09:02:38 -0300] "GET /cormun//static/Resources/PXToolsHeaderFavorites.png HTTP/1.1" 200 2744
192.168.10.89 - - [13/Mar/2017:09:02:39 -0300] "POST /cormun/servlet/solicitudot?gx-no-cache=1489409842553 HTTP/1.1" 200 3193
192.168.10.89 - - [13/Mar/2017:09:02:40 -0300] "POST /cormun/servlet/solicitudot?4e55acc228eee252e4c903121b6b6ce5,INS,0,0,,gx-no-cache=1489409842777 HTTP/1.1" 200 9975
186.79.113.67 - - [13/Mar/2017:09:02:41 -0300] "GET /cormun/servlet/solicitudotadjuntos?INS,2017,5434,,1, HTTP/1.1" 200 5793
186.79.113.67 - - [13/Mar/2017:09:02:42 -0300] "GET /cormun/static/about:blank HTTP/1.1" 404 1011
186.79.113.67 - - [13/Mar/2017:09:02:42 -0300] "GET /cormun/servlet/solicitudotadjuntos?INS,2017,5434,,1, HTTP/1.1" 200 5787
186.79.113.67 - - [13/Mar/2017:09:02:42 -0300] "GET /cormun/servlet/solicitudotadjuntos?be33a87419beb4b2d543b44e1c4b788b5d5752f6846d28ffa6887c892333c963a84dbbb177421b9f2b770e5017fa3aa1,gx-no-cache=1489406631924 HTTP/1.1" 200 30
186.79.113.67 - - [13/Mar/2017:09:02:43 -0300] "POST /cormun/servlet/solicitudotadjuntos?d00fc3de2748fc24ae0552581ff4e71c,INS,2017,5434,,1,,gx-no-cache=1489406632041 HTTP/1.1" 200 3674
192.168.10.89 - - [13/Mar/2017:09:02:45 -0300] "GET /cormun/servlet/solicitudot?8de96639e16179d28c7bb490fc714a944ab04ddc571cb799445a37fff34595d6394c4ef7a003aa432e62eecb2ded26fe,gx-no-cache=1489409848022 HTTP/1.1" 200 30
186.79.113.67 - - [13/Mar/2017:09:02:49 -0300] "POST /cormun/servlet/solicitudotadjuntos?gx-no-cache=1489406638686 HTTP/1.1" 200 26
186.79.113.67 - - [13/Mar/2017:09:03:11 -0300] "GET /cormun/servlet/solicitudotadjuntos?be33a87419beb4b2d543b44e1c4b788bd01ea3b0f12d356987c8646a1c202744,gx-no-cache=1489406660268 HTTP/1.1" 200 30
186.79.113.67 - - [13/Mar/2017:09:03:11 -0300] "GET /cormun/servlet/solicitudotadjuntos?be33a87419beb4b2d543b44e1c4b788bd01ea3b0f12d356987c8646a1c202744,gx-no-cache=1489406660555 HTTP/1.1" 200 30
186.79.113.67 - - [13/Mar/2017:09:03:28 -0300] "POST /cormun/servlet/solicitudotadjuntos?d00fc3de2748fc24ae0552581ff4e71c,INS,2017,5434,,1, HTTP/1.1" 200 116
186.79.113.67 - - [13/Mar/2017:09:03:28 -0300] "GET /cormun/servlet/hpexe_return? HTTP/1.1" 200 1026
186.79.113.67 - - [13/Mar/2017:09:03:28 -0300] "GET /cormun/servlet/trsolicitudadjuntos?2017,5434, HTTP/1.1" 200 7946
186.79.113.67 - - [13/Mar/2017:09:03:29 -0300] "GET /cormun/servlet/trsolicitudadjuntos?2017,5434, HTTP/1.1" 200 7942
186.79.113.67 - - [13/Mar/2017:09:03:35 -0300] "GET /cormun/servlet/solicitudotadjuntos?INS,2017,5434,,1, HTTP/1.1" 200 5792
186.79.113.67 - - [13/Mar/2017:09:03:35 -0300] "GET /cormun/static/about:blank HTTP/1.1" 404 1011
186.79.113.67 - - [13/Mar/2017:09:03:35 -0300] "GET /cormun/servlet/solicitudotadjuntos?INS,2017,5434,,1, HTTP/1.1" 200 5786
186.79.113.67 - - [13/Mar/2017:09:03:36 -0300] "GET /cormun/servlet/solicitudotadjuntos?be33a87419beb4b2d543b44e1c4b788b5d5752f6846d28ffa6887c892333c963a84dbbb177421b9f2b770e5017fa3aa1,gx-no-cache=1489406685292 HTTP/1.1" 200 30
186.79.113.67 - - [13/Mar/2017:09:03:36 -0300] "POST /cormun/servlet/solicitudotadjuntos?d00fc3de2748fc24ae0552581ff4e71c,INS,2017,5434,,1,,gx-no-cache=1489406685412 HTTP/1.1" 200 3675
186.79.41.193 - - [13/Mar/2017:09:03:38 -0300] "GET /cormun/servlet/apermisogoceprn?7211375,P,20170313095328,PU HTTP/1.1" 200 1555
186.79.113.67 - - [13/Mar/2017:09:03:39 -0300] "POST /cormun/servlet/solicitudotadjuntos?gx-no-cache=1489406688779 HTTP/1.1" 200 26
192.168.10.89 - - [13/Mar/2017:09:04:16 -0300] "POST /cormun/servlet/solicitudot?gx-no-cache=1489409938905 HTTP/1.1" 200 255
192.168.10.89 - - [13/Mar/2017:09:04:16 -0300] "GET /cormun/servlet/solicitudot?8de96639e16179d28c7bb490fc714a9498c6e576c47e60fce1f3e67f099af4a655d993e8b10aa8021dfc506748707093f515e2c720285ae9fe00a57a5ad0f23c0cddc8a22f06a38e0ad0f21bf6da8fbd8d98e3f0a271be54313ea23111fd4ac5f3a10215d4ef6191bed7a47006a4f17a58038e65682de02ecd7aec7bf3323f68dd08c27ffe706dd3e28a7e35c9dff4eba42d4f8aeb657dbacc43545eeca31e4691b7cd77e265bf04c0a64cd997de486900b240fc465ade54ed710069997d69459cd8ad85c3ecc0ffca6f25c5efda41197b65c7b51e0a6ae300124483d996024e2de798627a971a045a81b08efb3a44b90a6816c63eb527b2475d8c8d7a8bd72b66d6636f6ec1335d4d4c2514e577046f9d332170aee265ef7060c927af09eb6d47a437d4aab2f4023336f61bb3b219f7beaa66c3dfcf2acaa0a73ca699129a5ee5842587b56903294fc09d0af8b7ab5a97f76de55aa0d0f66c794db6c5ab349843d29e84b9c75c237d4cb50dbcd3d495bfef5788eeec24866d58f1708a30896a,gx-no-cache=1489409939100 HTTP/1.1" 200 30
186.79.113.67 - - [13/Mar/2017:09:04:17 -0300] "GET /cormun/servlet/solicitudotadjuntos?be33a87419beb4b2d543b44e1c4b788bd01ea3b0f12d356987c8646a1c202744,gx-no-cache=1489406726581 HTTP/1.1" 200 30
186.79.113.67 - - [13/Mar/2017:09:04:17 -0300] "GET /cormun/servlet/solicitudotadjuntos?be33a87419beb4b2d543b44e1c4b788bd01ea3b0f12d356987c8646a1c202744,gx-no-cache=1489406726710 HTTP/1.1" 200 30
192.168.10.89 - - [13/Mar/2017:09:04:21 -0300] "POST /cormun/servlet/solicitudot?gx-no-cache=1489409944486 HTTP/1.1" 200 30
192.168.10.89 - - [13/Mar/2017:09:04:23 -0300] "POST /cormun/servlet/solicitudot?gx-no-cache=1489409946253 HTTP/1.1" 200 235
192.168.10.89 - - [13/Mar/2017:09:04:23 -0300] "POST /cormun/servlet/solicitudot?gx-no-cache=1489409946471 HTTP/1.1" 200 38
186.79.113.67 - - [13/Mar/2017:09:04:27 -0300] "POST /cormun/servlet/solicitudotadjuntos?d00fc3de2748fc24ae0552581ff4e71c,INS,2017,5434,,1, HTTP/1.1" 200 116
186.79.113.67 - - [13/Mar/2017:09:04:27 -0300] "GET /cormun/servlet/hpexe_return? HTTP/1.1" 200 1026
186.79.113.67 - - [13/Mar/2017:09:04:27 -0300] "GET /cormun/servlet/trsolicitudadjuntos?2017,5434, HTTP/1.1" 200 8160
186.79.113.67 - - [13/Mar/2017:09:04:28 -0300] "GET /cormun/servlet/trsolicitudadjuntos?2017,5434, HTTP/1.1" 200 8153
192.168.10.89 - - [13/Mar/2017:09:04:37 -0300] "GET /cormun/servlet/solicitudot?8de96639e16179d28c7bb490fc714a949dd4ac12a38d2ec566a0bc5c011e7805faa7e396518a96c135b1d3ab6003b17258f2a011e8859bf718b75397989dfebbde00c71675992ef53be641738f35237e0d4a27ee2a4b703e8b16e825b08bc6962b1ee900baa51cadc39454c60f50afe040ce254ac74eced26b0c00b4e9b7bdf8152d53be5ce15cc4904aff97520aabfe3b1ae26faa660ec085951f764f0a0465,gx-no-cache=1489409959721 HTTP/1.1" 200 29
192.168.10.89 - - [13/Mar/2017:09:04:37 -0300] "POST /cormun/servlet/solicitudot?gx-no-cache=1489409959769 HTTP/1.1" 200 643
192.168.10.89 - - [13/Mar/2017:09:04:38 -0300] "POST /cormun/servlet/solicitudot?gx-no-cache=1489409961641 HTTP/1.1" 200 1157
186.79.113.67 - - [13/Mar/2017:09:04:39 -0300] "GET /cormun/servlet/solicitudotadjuntos?INS,2017,5434,,1, HTTP/1.1" 200 5793
186.79.113.67 - - [13/Mar/2017:09:04:39 -0300] "GET /cormun/static/about:blank HTTP/1.1" 404 1011
186.79.113.67 - - [13/Mar/2017:09:04:39 -0300] "GET /cormun/servlet/solicitudotadjuntos?INS,2017,5434,,1, HTTP/1.1" 200 5787
186.79.113.67 - - [13/Mar/2017:09:04:40 -0300] "GET /cormun/servlet/solicitudotadjuntos?be33a87419beb4b2d543b44e1c4b788b5d5752f6846d28ffa6887c892333c963a84dbbb177421b9f2b770e5017fa3aa1,gx-no-cache=1489406749542 HTTP/1.1" 200 30
186.79.113.67 - - [13/Mar/2017:09:04:40 -0300] "POST /cormun/servlet/solicitudotadjuntos?d00fc3de2748fc24ae0552581ff4e71c,INS,2017,5434,,1,,gx-no-cache=1489406749645 HTTP/1.1" 200 3675
186.79.113.67 - - [13/Mar/2017:09:04:45 -0300] "POST /cormun/servlet/solicitudotadjuntos?gx-no-cache=1489406754742 HTTP/1.1" 200 26
186.79.113.67 - - [13/Mar/2017:09:04:53 -0300] "GET /cormun/servlet/solicitudotadjuntos?be33a87419beb4b2d543b44e1c4b788bd01ea3b0f12d356987c8646a1c202744,gx-no-cache=1489406762527 HTTP/1.1" 200 30
186.79.113.67 - - [13/Mar/2017:09:04:53 -0300] "GET /cormun/servlet/solicitudotadjuntos?be33a87419beb4b2d543b44e1c4b788bd01ea3b0f12d356987c8646a1c202744,gx-no-cache=1489406762632 HTTP/1.1" 200 30
186.79.113.67 - - [13/Mar/2017:09:05:03 -0300] "POST /cormun/servlet/solicitudotadjuntos?d00fc3de2748fc24ae0552581ff4e71c,INS,2017,5434,,1, HTTP/1.1" 200 116
186.79.113.67 - - [13/Mar/2017:09:05:03 -0300] "GET /cormun/servlet/hpexe_return? HTTP/1.1" 200 1026
186.79.113.67 - - [13/Mar/2017:09:05:04 -0300] "GET /cormun/servlet/trsolicitudadjuntos?2017,5434, HTTP/1.1" 200 8316
186.79.113.67 - - [13/Mar/2017:09:05:05 -0300] "GET /cormun/servlet/trsolicitudadjuntos?2017,5434, HTTP/1.1" 200 8311
186.79.113.67 - - [13/Mar/2017:09:05:09 -0300] "GET /cormun/servlet/solicitudotadjuntos?INS,2017,5434,,1, HTTP/1.1" 200 5793
186.79.113.67 - - [13/Mar/2017:09:05:10 -0300] "GET /cormun/static/about:blank HTTP/1.1" 404 1011
186.79.113.67 - - [13/Mar/2017:09:05:10 -0300] "GET /cormun/servlet/solicitudotadjuntos?INS,2017,5434,,1, HTTP/1.1" 200 5787
186.79.113.67 - - [13/Mar/2017:09:05:10 -0300] "GET /cormun/servlet/solicitudotadjuntos?be33a87419beb4b2d543b44e1c4b788b5d5752f6846d28ffa6887c892333c963a84dbbb177421b9f2b770e5017fa3aa1,gx-no-cache=1489406779928 HTTP/1.1" 200 30
186.79.113.67 - - [13/Mar/2017:09:05:11 -0300] "POST /cormun/servlet/solicitudotadjuntos?d00fc3de2748fc24ae0552581ff4e71c,INS,2017,5434,,1,,gx-no-cache=1489406780038 HTTP/1.1" 200 3675
192.168.10.89 - - [13/Mar/2017:09:05:13 -0300] "GET /cormun/servlet/solicitudot?8de96639e16179d28c7bb490fc714a941804238f29427eea1d14cc9f81897c4293057f940fb49366db5fe3dbc208f57ed471095e1d42db2b07925db4f7512316f47484e08555916987f2a7fdd83fb7a85a78ac5a22e785fc5ccf376a89889ab16f1b20611fa4bf4e692870a39367c7205bde7ea89fc8790fa3b5f449f5fec6aa35027df98b68658908e731653c6791b3f68be433739d3094eb36955c2f50cecb2eb88513ca3a8f9a4c70d252ace0f7b6,gx-no-cache=1489409995866 HTTP/1.1" 200 30
186.79.113.67 - - [13/Mar/2017:09:05:19 -0300] "POST /cormun/servlet/solicitudotadjuntos?gx-no-cache=1489406789006 HTTP/1.1" 200 26
192.168.10.89 - - [13/Mar/2017:09:05:20 -0300] "POST /cormun/servlet/solicitudot?4e55acc228eee252e4c903121b6b6ce5,INS,0,0,,gx-no-cache=1489410003072 HTTP/1.1" 200 93
192.168.10.89 - - [13/Mar/2017:09:05:20 -0300] "GET /cormun/servlet/hpexe_return? HTTP/1.1" 200 1009
192.168.10.89 - - [13/Mar/2017:09:05:21 -0300] "GET /cormun/servlet/trsolicitudot? HTTP/1.1" 200 8178
192.168.10.89 - - [13/Mar/2017:09:05:24 -0300] "POST /cormun/servlet/trsolicitudot?4e55acc228eee252e4c903121b6b6ce5,,gx-no-cache=1489410007314 HTTP/1.1" 200 106
192.168.10.89 - - [13/Mar/2017:09:05:24 -0300] "GET /cormun/servlet/trsolicitudadjuntos?2017,5447, HTTP/1.1" 200 6051
192.168.10.89 - - [13/Mar/2017:09:05:24 -0300] "GET /cormun/static/gxcfg.js?201612218531388 HTTP/1.1" 304 -
192.168.10.89 - - [13/Mar/2017:09:05:24 -0300] "GET /cormun/static/trsolicitudadjuntos.js?201612218531657 HTTP/1.1" 304 -
186.79.113.67 - - [13/Mar/2017:09:05:25 -0300] "GET /cormun/servlet/solicitudotadjuntos?be33a87419beb4b2d543b44e1c4b788bd01ea3b0f12d356987c8646a1c202744,gx-no-cache=1489406795009 HTTP/1.1" 200 30
186.79.113.67 - - [13/Mar/2017:09:05:25 -0300] "GET /cormun/servlet/solicitudotadjuntos?be33a87419beb4b2d543b44e1c4b788bd01ea3b0f12d356987c8646a1c202744,gx-no-cache=1489406795078 HTTP/1.1" 200 30
192.168.10.89 - - [13/Mar/2017:09:05:27 -0300] "GET /cormun/servlet/solicitudotadjuntos?INS,2017,5447,,1, HTTP/1.1" 200 5985
192.168.10.89 - - [13/Mar/2017:09:05:27 -0300] "GET /cormun/static/gxcfg.js?201612218465951 HTTP/1.1" 304 -
192.168.10.89 - - [13/Mar/2017:09:05:27 -0300] "GET /cormun/static/solicitudotadjuntos.js?201612218465969 HTTP/1.1" 304 -
192.168.10.89 - - [13/Mar/2017:09:05:28 -0300] "HEAD /cormun/static/about:blank HTTP/1.1" 404 -
192.168.10.89 - - [13/Mar/2017:09:05:29 -0300] "GET /cormun/servlet/solicitudotadjuntos?8de96639e16179d28c7bb490fc714a945f4777edb6b0874f5edc70dad6a2f0f31edd4f47f3ad8c9375bb4e459e56c5c8,gx-no-cache=1489410011692 HTTP/1.1" 200 30
192.168.10.89 - - [13/Mar/2017:09:05:29 -0300] "POST /cormun/servlet/solicitudotadjuntos?4e55acc228eee252e4c903121b6b6ce5,INS,2017,5447,,1,,gx-no-cache=1489410011724 HTTP/1.1" 200 3857
192.168.10.89 - - [13/Mar/2017:09:05:32 -0300] "POST /cormun/servlet/solicitudotadjuntos?gx-no-cache=1489410015054 HTTP/1.1" 200 26
186.79.113.67 - - [13/Mar/2017:09:05:41 -0300] "POST /cormun/servlet/solicitudotadjuntos?d00fc3de2748fc24ae0552581ff4e71c,INS,2017,5434,,1, HTTP/1.1" 200 116
186.79.113.67 - - [13/Mar/2017:09:05:41 -0300] "GET /cormun/servlet/hpexe_return? HTTP/1.1" 200 1026
186.79.113.67 - - [13/Mar/2017:09:05:42 -0300] "GET /cormun/servlet/trsolicitudadjuntos?2017,5434, HTTP/1.1" 200 8471
186.79.113.67 - - [13/Mar/2017:09:05:43 -0300] "GET /cormun/servlet/trsolicitudadjuntos?2017,5434, HTTP/1.1" 200 8466
186.79.113.67 - - [13/Mar/2017:09:05:45 -0300] "GET /cormun/servlet/solicitudotadjuntos?INS,2017,5434,,1, HTTP/1.1" 200 5794
186.79.113.67 - - [13/Mar/2017:09:05:46 -0300] "GET /cormun/static/about:blank HTTP/1.1" 404 1011
186.79.113.67 - - [13/Mar/2017:09:05:46 -0300] "GET /cormun/servlet/solicitudotadjuntos?INS,2017,5434,,1, HTTP/1.1" 200 5788
186.79.113.67 - - [13/Mar/2017:09:05:46 -0300] "GET /cormun/servlet/solicitudotadjuntos?be33a87419beb4b2d543b44e1c4b788b5d5752f6846d28ffa6887c892333c963a84dbbb177421b9f2b770e5017fa3aa1,gx-no-cache=1489406815924 HTTP/1.1" 200 30
186.79.113.67 - - [13/Mar/2017:09:05:47 -0300] "POST /cormun/servlet/solicitudotadjuntos?d00fc3de2748fc24ae0552581ff4e71c,INS,2017,5434,,1,,gx-no-cache=1489406816030 HTTP/1.1" 200 3672
186.79.113.67 - - [13/Mar/2017:09:05:50 -0300] "POST /cormun/servlet/solicitudotadjuntos?gx-no-cache=1489406819248 HTTP/1.1" 200 26
186.79.113.67 - - [13/Mar/2017:09:05:59 -0300] "POST /cormun/servlet/solicitudotadjuntos?gx-no-cache=1489406828238 HTTP/1.1" 200 26
186.79.113.67 - - [13/Mar/2017:09:06:14 -0300] "GET /cormun/servlet/solicitudotadjuntos?be33a87419beb4b2d543b44e1c4b788bd01ea3b0f12d356987c8646a1c202744,gx-no-cache=1489406843841 HTTP/1.1" 200 30
186.79.113.67 - - [13/Mar/2017:09:06:16 -0300] "GET /cormun/servlet/solicitudotadjuntos?be33a87419beb4b2d543b44e1c4b788bd01ea3b0f12d356987c8646a1c202744,gx-no-cache=1489406844023 HTTP/1.1" 200 30
192.168.10.89 - - [13/Mar/2017:09:06:22 -0300] "GET /cormun/servlet/solicitudotadjuntos?8de96639e16179d28c7bb490fc714a94aa0f202f81a97ee71cd1262bc738a2f9,gx-no-cache=1489410065440 HTTP/1.1" 200 30
192.168.10.89 - - [13/Mar/2017:09:06:22 -0300] "GET /cormun/servlet/solicitudotadjuntos?8de96639e16179d28c7bb490fc714a94aa0f202f81a97ee71cd1262bc738a2f9,gx-no-cache=1489410065465 HTTP/1.1" 200 30
192.168.10.89 - - [13/Mar/2017:09:06:22 -0300] "POST /cormun/servlet/solicitudotadjuntos?4e55acc228eee252e4c903121b6b6ce5,INS,2017,5447,,1, HTTP/1.1" 200 116
192.168.10.89 - - [13/Mar/2017:09:06:22 -0300] "GET /cormun/servlet/hpexe_return? HTTP/1.1" 200 1028
192.168.10.89 - - [13/Mar/2017:09:06:23 -0300] "GET /cormun/servlet/trsolicitudadjuntos?2017,5447, HTTP/1.1" 200 8213
192.168.10.89 - - [13/Mar/2017:09:06:26 -0300] "GET /cormun/servlet/solicitudotadjuntos?INS,2017,5447,,1, HTTP/1.1" 200 5983
192.168.10.89 - - [13/Mar/2017:09:06:26 -0300] "HEAD /cormun/static/about:blank HTTP/1.1" 404 -
192.168.10.89 - - [13/Mar/2017:09:06:27 -0300] "GET /cormun/servlet/solicitudotadjuntos?8de96639e16179d28c7bb490fc714a945f4777edb6b0874f5edc70dad6a2f0f31edd4f47f3ad8c9375bb4e459e56c5c8,gx-no-cache=1489410069883 HTTP/1.1" 200 30
192.168.10.89 - - [13/Mar/2017:09:06:27 -0300] "POST /cormun/servlet/solicitudotadjuntos?4e55acc228eee252e4c903121b6b6ce5,INS,2017,5447,,1,,gx-no-cache=1489410069916 HTTP/1.1" 200 3859
186.79.113.67 - - [13/Mar/2017:09:06:27 -0300] "POST /cormun/servlet/solicitudotadjuntos?d00fc3de2748fc24ae0552581ff4e71c,INS,2017,5434,,1, HTTP/1.1" 200 116
186.79.113.67 - - [13/Mar/2017:09:06:27 -0300] "GET /cormun/servlet/hpexe_return? HTTP/1.1" 200 1026
186.79.113.67 - - [13/Mar/2017:09:06:28 -0300] "GET /cormun/servlet/trsolicitudadjuntos?2017,5434, HTTP/1.1" 200 8618
186.79.113.67 - - [13/Mar/2017:09:06:29 -0300] "GET /cormun/servlet/trsolicitudadjuntos?2017,5434, HTTP/1.1" 200 8617
192.168.10.89 - - [13/Mar/2017:09:06:29 -0300] "POST /cormun/servlet/solicitudotadjuntos?gx-no-cache=1489410072478 HTTP/1.1" 200 26
186.79.113.67 - - [13/Mar/2017:09:06:32 -0300] "GET /cormun/servlet/solicitudotadjuntos?INS,2017,5434,,1, HTTP/1.1" 200 5792
192.168.10.89 - - [13/Mar/2017:09:06:33 -0300] "POST /cormun/servlet/solicitudotadjuntos?gx-no-cache=1489410075730 HTTP/1.1" 200 26
186.79.113.67 - - [13/Mar/2017:09:06:33 -0300] "GET /cormun/static/about:blank HTTP/1.1" 404 1011
186.79.113.67 - - [13/Mar/2017:09:06:33 -0300] "GET /cormun/servlet/solicitudotadjuntos?INS,2017,5434,,1, HTTP/1.1" 200 5786
186.79.113.67 - - [13/Mar/2017:09:06:34 -0300] "GET /cormun/servlet/solicitudotadjuntos?be33a87419beb4b2d543b44e1c4b788b5d5752f6846d28ffa6887c892333c963a84dbbb177421b9f2b770e5017fa3aa1,gx-no-cache=1489406863067 HTTP/1.1" 200 30
186.79.113.67 - - [13/Mar/2017:09:06:34 -0300] "POST /cormun/servlet/solicitudotadjuntos?d00fc3de2748fc24ae0552581ff4e71c,INS,2017,5434,,1,,gx-no-cache=1489406863492 HTTP/1.1" 200 3675
186.79.113.67 - - [13/Mar/2017:09:06:40 -0300] "POST /cormun/servlet/solicitudotadjuntos?gx-no-cache=1489406869770 HTTP/1.1" 200 26
186.79.113.67 - - [13/Mar/2017:09:06:44 -0300] "GET /cormun/servlet/solicitudotadjuntos?be33a87419beb4b2d543b44e1c4b788bd01ea3b0f12d356987c8646a1c202744,gx-no-cache=1489406873735 HTTP/1.1" 200 30
186.79.113.67 - - [13/Mar/2017:09:06:44 -0300] "GET /cormun/servlet/solicitudotadjuntos?be33a87419beb4b2d543b44e1c4b788bd01ea3b0f12d356987c8646a1c202744,gx-no-cache=1489406873800 HTTP/1.1" 200 30
186.79.113.67 - - [13/Mar/2017:09:06:44 -0300] "POST /cormun/servlet/solicitudotadjuntos?d00fc3de2748fc24ae0552581ff4e71c,INS,2017,5434,,1,,gx-no-cache=1489406873894 HTTP/1.1" 200 93
186.79.113.67 - - [13/Mar/2017:09:06:45 -0300] "GET /cormun/servlet/hpexe_return? HTTP/1.1" 200 1026
186.79.113.67 - - [13/Mar/2017:09:06:45 -0300] "GET /cormun/servlet/trsolicitudadjuntos?2017,5434, HTTP/1.1" 200 8795
186.79.113.67 - - [13/Mar/2017:09:06:46 -0300] "GET /cormun/servlet/trsolicitudadjuntos?2017,5434, HTTP/1.1" 200 8790
192.168.10.89 - - [13/Mar/2017:09:06:52 -0300] "GET /cormun/servlet/solicitudotadjuntos?8de96639e16179d28c7bb490fc714a94aa0f202f81a97ee71cd1262bc738a2f9,gx-no-cache=1489410094933 HTTP/1.1" 200 30
192.168.10.89 - - [13/Mar/2017:09:06:52 -0300] "GET /cormun/servlet/solicitudotadjuntos?8de96639e16179d28c7bb490fc714a94aa0f202f81a97ee71cd1262bc738a2f9,gx-no-cache=1489410094955 HTTP/1.1" 200 30
192.168.10.89 - - [13/Mar/2017:09:06:52 -0300] "POST /cormun/servlet/solicitudotadjuntos?4e55acc228eee252e4c903121b6b6ce5,INS,2017,5447,,1, HTTP/1.1" 200 116
192.168.10.89 - - [13/Mar/2017:09:06:52 -0300] "GET /cormun/servlet/hpexe_return? HTTP/1.1" 200 1028
192.168.10.89 - - [13/Mar/2017:09:06:52 -0300] "GET /cormun/servlet/trsolicitudadjuntos?2017,5447, HTTP/1.1" 200 8395
192.168.10.89 - - [13/Mar/2017:09:06:56 -0300] "GET /cormun/servlet/solicitudotadjuntos?INS,2017,5447,,1, HTTP/1.1" 200 5983
192.168.10.89 - - [13/Mar/2017:09:06:56 -0300] "HEAD /cormun/static/about:blank HTTP/1.1" 404 -
192.168.10.89 - - [13/Mar/2017:09:06:57 -0300] "GET /cormun/servlet/solicitudotadjuntos?8de96639e16179d28c7bb490fc714a945f4777edb6b0874f5edc70dad6a2f0f31edd4f47f3ad8c9375bb4e459e56c5c8,gx-no-cache=1489410099913 HTTP/1.1" 200 30
192.168.10.89 - - [13/Mar/2017:09:06:57 -0300] "POST /cormun/servlet/solicitudotadjuntos?4e55acc228eee252e4c903121b6b6ce5,INS,2017,5447,,1,,gx-no-cache=1489410099945 HTTP/1.1" 200 3859
192.168.10.89 - - [13/Mar/2017:09:07:00 -0300] "POST /cormun/servlet/solicitudotadjuntos?gx-no-cache=1489410103627 HTTP/1.1" 200 26
192.168.10.89 - - [13/Mar/2017:09:07:15 -0300] "GET /cormun/servlet/solicitudotadjuntos?8de96639e16179d28c7bb490fc714a94aa0f202f81a97ee71cd1262bc738a2f9,gx-no-cache=1489410117716 HTTP/1.1" 200 30
192.168.10.89 - - [13/Mar/2017:09:07:15 -0300] "GET /cormun/servlet/solicitudotadjuntos?8de96639e16179d28c7bb490fc714a94aa0f202f81a97ee71cd1262bc738a2f9,gx-no-cache=1489410117747 HTTP/1.1" 200 30
192.168.10.89 - - [13/Mar/2017:09:07:15 -0300] "POST /cormun/servlet/solicitudotadjuntos?4e55acc228eee252e4c903121b6b6ce5,INS,2017,5447,,1, HTTP/1.1" 200 116
192.168.10.89 - - [13/Mar/2017:09:07:15 -0300] "GET /cormun/servlet/hpexe_return? HTTP/1.1" 200 1028
192.168.10.89 - - [13/Mar/2017:09:07:15 -0300] "GET /cormun/servlet/trsolicitudadjuntos?2017,5447, HTTP/1.1" 200 8540
192.168.10.89 - - [13/Mar/2017:09:07:18 -0300] "GET /cormun/servlet/solicitudotadjuntos?INS,2017,5447,,1, HTTP/1.1" 200 5983
192.168.10.89 - - [13/Mar/2017:09:07:18 -0300] "HEAD /cormun/static/about:blank HTTP/1.1" 404 -
192.168.10.89 - - [13/Mar/2017:09:07:19 -0300] "GET /cormun/servlet/solicitudotadjuntos?8de96639e16179d28c7bb490fc714a945f4777edb6b0874f5edc70dad6a2f0f31edd4f47f3ad8c9375bb4e459e56c5c8,gx-no-cache=1489410122293 HTTP/1.1" 200 30
192.168.10.89 - - [13/Mar/2017:09:07:19 -0300] "POST /cormun/servlet/solicitudotadjuntos?4e55acc228eee252e4c903121b6b6ce5,INS,2017,5447,,1,,gx-no-cache=1489410122325 HTTP/1.1" 200 3859
192.168.10.89 - - [13/Mar/2017:09:07:21 -0300] "POST /cormun/servlet/solicitudotadjuntos?gx-no-cache=1489410124645 HTTP/1.1" 200 26
192.168.10.89 - - [13/Mar/2017:09:07:28 -0300] "GET /cormun/servlet/solicitudotadjuntos?8de96639e16179d28c7bb490fc714a94aa0f202f81a97ee71cd1262bc738a2f9,gx-no-cache=1489410131662 HTTP/1.1" 200 30
192.168.10.89 - - [13/Mar/2017:09:07:28 -0300] "GET /cormun/servlet/solicitudotadjuntos?8de96639e16179d28c7bb490fc714a94aa0f202f81a97ee71cd1262bc738a2f9,gx-no-cache=1489410131690 HTTP/1.1" 200 30
192.168.10.89 - - [13/Mar/2017:09:07:29 -0300] "POST /cormun/servlet/solicitudotadjuntos?4e55acc228eee252e4c903121b6b6ce5,INS,2017,5447,,1, HTTP/1.1" 200 116
192.168.10.89 - - [13/Mar/2017:09:07:29 -0300] "GET /cormun/servlet/hpexe_return? HTTP/1.1" 200 1028
192.168.10.89 - - [13/Mar/2017:09:07:29 -0300] "GET /cormun/servlet/trsolicitudadjuntos?2017,5447, HTTP/1.1" 200 8674
192.168.10.89 - - [13/Mar/2017:09:07:32 -0300] "GET /cormun/servlet/solicitudotadjuntos?INS,2017,5447,,1, HTTP/1.1" 200 5983
192.168.10.89 - - [13/Mar/2017:09:07:33 -0300] "HEAD /cormun/static/about:blank HTTP/1.1" 404 -
192.168.10.89 - - [13/Mar/2017:09:07:33 -0300] "GET /cormun/servlet/solicitudotadjuntos?8de96639e16179d28c7bb490fc714a945f4777edb6b0874f5edc70dad6a2f0f31edd4f47f3ad8c9375bb4e459e56c5c8,gx-no-cache=1489410136654 HTTP/1.1" 200 30
192.168.10.89 - - [13/Mar/2017:09:07:34 -0300] "POST /cormun/servlet/solicitudotadjuntos?4e55acc228eee252e4c903121b6b6ce5,INS,2017,5447,,1,,gx-no-cache=1489410136682 HTTP/1.1" 200 3859
192.168.10.89 - - [13/Mar/2017:09:07:35 -0300] "POST /cormun/servlet/solicitudotadjuntos?gx-no-cache=1489410138603 HTTP/1.1" 200 26
192.168.10.89 - - [13/Mar/2017:09:07:36 -0300] "GET /cormun/servlet/solicitudotadjuntos?8de96639e16179d28c7bb490fc714a94aa0f202f81a97ee71cd1262bc738a2f9,gx-no-cache=1489410139391 HTTP/1.1" 200 30
192.168.10.89 - - [13/Mar/2017:09:07:36 -0300] "GET /cormun/servlet/solicitudotadjuntos?8de96639e16179d28c7bb490fc714a94aa0f202f81a97ee71cd1262bc738a2f9,gx-no-cache=1489410139409 HTTP/1.1" 200 30
192.168.10.89 - - [13/Mar/2017:09:07:36 -0300] "POST /cormun/servlet/solicitudotadjuntos?4e55acc228eee252e4c903121b6b6ce5,INS,2017,5447,,1,,gx-no-cache=1489410139424 HTTP/1.1" 200 93
192.168.10.89 - - [13/Mar/2017:09:07:36 -0300] "GET /cormun/servlet/hpexe_return? HTTP/1.1" 200 1028
192.168.10.89 - - [13/Mar/2017:09:07:37 -0300] "GET /cormun/servlet/trsolicitudadjuntos?2017,5447, HTTP/1.1" 200 8794
192.168.10.89 - - [13/Mar/2017:09:07:40 -0300] "GET /cormun/servlet/solicitudotadjuntos?DLT,2017,5447,TITULO,0, HTTP/1.1" 200 5876
192.168.10.89 - - [13/Mar/2017:09:07:40 -0300] "HEAD /cormun/static/about:blank HTTP/1.1" 404 -
192.168.10.89 - - [13/Mar/2017:09:07:41 -0300] "GET /cormun/static/Shared/jqueryui/images/ui-bg_highlight-soft_100_c6c2c8_1x100.png HTTP/1.1" 404 1117
192.168.10.89 - - [13/Mar/2017:09:07:41 -0300] "GET /cormun/static/Shared/jqueryui/images/ui-bg_flat_55_fafafa_40x100.png HTTP/1.1" 404 1097
192.168.10.89 - - [13/Mar/2017:09:07:41 -0300] "GET /cormun/static/Shared/jqueryui/images/ui-icons_82798d_256x240.png HTTP/1.1" 404 1089
192.168.10.89 - - [13/Mar/2017:09:07:41 -0300] "GET /cormun/static/Shared/jqueryui/images/ui-icons_8d78a5_256x240.png HTTP/1.1" 404 1089
192.168.10.89 - - [13/Mar/2017:09:07:42 -0300] "POST /cormun/servlet/solicitudotadjuntos?4e55acc228eee252e4c903121b6b6ce5,DLT,2017,5447,TITULO,0,,gx-no-cache=1489410145463 HTTP/1.1" 200 93
192.168.10.89 - - [13/Mar/2017:09:07:42 -0300] "GET /cormun/servlet/hpexe_return? HTTP/1.1" 200 1033
192.168.10.89 - - [13/Mar/2017:09:07:43 -0300] "GET /cormun/servlet/trsolicitudadjuntos?2017,5447, HTTP/1.1" 200 8672
192.168.10.89 - - [13/Mar/2017:09:07:46 -0300] "GET /cormun/servlet/solicitudotadjuntos?INS,2017,5447,,1, HTTP/1.1" 200 5983
192.168.10.89 - - [13/Mar/2017:09:07:46 -0300] "HEAD /cormun/static/about:blank HTTP/1.1" 404 -
192.168.10.89 - - [13/Mar/2017:09:07:47 -0300] "GET /cormun/servlet/solicitudotadjuntos?8de96639e16179d28c7bb490fc714a945f4777edb6b0874f5edc70dad6a2f0f31edd4f47f3ad8c9375bb4e459e56c5c8,gx-no-cache=1489410150312 HTTP/1.1" 200 30
192.168.10.89 - - [13/Mar/2017:09:07:47 -0300] "POST /cormun/servlet/solicitudotadjuntos?4e55acc228eee252e4c903121b6b6ce5,INS,2017,5447,,1,,gx-no-cache=1489410150340 HTTP/1.1" 200 3859
192.168.10.89 - - [13/Mar/2017:09:07:48 -0300] "POST /cormun/servlet/solicitudotadjuntos?gx-no-cache=1489410151003 HTTP/1.1" 200 26
192.168.10.89 - - [13/Mar/2017:09:07:56 -0300] "GET /cormun/servlet/solicitudotadjuntos?8de96639e16179d28c7bb490fc714a94aa0f202f81a97ee71cd1262bc738a2f9,gx-no-cache=1489410159413 HTTP/1.1" 200 30
192.168.10.89 - - [13/Mar/2017:09:07:56 -0300] "GET /cormun/servlet/solicitudotadjuntos?8de96639e16179d28c7bb490fc714a94aa0f202f81a97ee71cd1262bc738a2f9,gx-no-cache=1489410159444 HTTP/1.1" 200 30
192.168.10.89 - - [13/Mar/2017:09:07:56 -0300] "POST /cormun/servlet/solicitudotadjuntos?4e55acc228eee252e4c903121b6b6ce5,INS,2017,5447,,1, HTTP/1.1" 200 6208
192.168.10.89 - - [13/Mar/2017:09:07:57 -0300] "GET /home/sistema/apache-tomcat-7.0.65/webapps/cormun/PrivateTempStorage/upload_00015892.pdf HTTP/1.1" 404 1135
192.168.10.89 - - [13/Mar/2017:09:07:57 -0300] "GET /cormun/PrivateTempStorage/upload_00015892.pdf HTTP/1.1" 200 92924
192.168.10.89 - - [13/Mar/2017:09:07:57 -0300] "GET /cormun/static/Shared/jqueryui/images/ui-bg_highlight-soft_100_c6c2c8_1x100.png HTTP/1.1" 404 1117
192.168.10.89 - - [13/Mar/2017:09:07:57 -0300] "GET /cormun/static/Shared/jqueryui/images/ui-bg_flat_55_994d53_40x100.png HTTP/1.1" 404 1097
192.168.10.89 - - [13/Mar/2017:09:07:57 -0300] "GET /cormun/static/Shared/jqueryui/images/ui-icons_ebccce_256x240.png HTTP/1.1" 404 1089
192.168.10.89 - - [13/Mar/2017:09:07:57 -0300] "GET /cormun/static/Shared/jqueryui/images/ui-icons_82798d_256x240.png HTTP/1.1" 404 1089
192.168.10.89 - - [13/Mar/2017:09:07:59 -0300] "GET /cormun/servlet/solicitudotadjuntos?8de96639e16179d28c7bb490fc714a944f571b6ab7e0583f2f07b408e405e7e9aad3a93268dc7d7ceb6ceaa7eb247581,gx-no-cache=1489410162413 HTTP/1.1" 200 30
192.168.10.89 - - [13/Mar/2017:09:07:59 -0300] "POST /cormun/servlet/solicitudotadjuntos?4e55acc228eee252e4c903121b6b6ce5,INS,2017,5447,,1, HTTP/1.1" 200 6208
192.168.10.89 - - [13/Mar/2017:09:07:59 -0300] "GET /home/sistema/apache-tomcat-7.0.65/webapps/cormun/PrivateTempStorage/upload_00015904.pdf HTTP/1.1" 404 1135
192.168.10.89 - - [13/Mar/2017:09:07:59 -0300] "GET /cormun/PrivateTempStorage/upload_00015904.pdf HTTP/1.1" 200 92924
186.79.113.67 - - [13/Mar/2017:09:08:03 -0300] "GET /cormun/servlet/trsolicitudot? HTTP/1.1" 200 8008
186.79.113.67 - - [13/Mar/2017:09:08:04 -0300] "GET /cormun/servlet/trsolicitudot? HTTP/1.1" 200 8002
186.79.113.67 - - [13/Mar/2017:09:08:08 -0300] "POST /cormun/servlet/trsolicitudot?d00fc3de2748fc24ae0552581ff4e71c,,gx-no-cache=1489406957479 HTTP/1.1" 200 107
192.168.10.89 - - [13/Mar/2017:09:08:09 -0300] "POST /cormun/servlet/solicitudotadjuntos?4e55acc228eee252e4c903121b6b6ce5,INS,2017,5447,,1, HTTP/1.1" 200 114
