186.67.172.234 - - [13/Mar/2017:11:02:22 -0300] "GET /cormun/servlet/vacaciones?ce678ee5e4169c6c750e6ddabcc805ba40964d3864217e1169c9126123610223a0f112ab4c1d7f71d0db8bf6ce4dc049c6ebe07564ee4131f8d0bfd08122eed2466782c5d3989b353a18a5d0920f9f8d,gx-no-cache=1489413810111 HTTP/1.1" 200 132
186.67.172.234 - - [13/Mar/2017:11:02:23 -0300] "POST /cormun/servlet/vacaciones?0f3623fd834eb3c4ed52d5a822466dbc,INS,0,,gx-no-cache=1489413810162 HTTP/1.1" 200 3913
186.67.172.234 - - [13/Mar/2017:11:02:25 -0300] "POST /cormun/servlet/vacaciones?0f3623fd834eb3c4ed52d5a822466dbc,INS,0,,gx-no-cache=1489413812130 HTTP/1.1" 200 3918
186.103.159.230 - - [13/Mar/2017:11:02:29 -0300] "GET /cormun/servlet/hlogin HTTP/1.1" 200 1714
186.103.159.230 - - [13/Mar/2017:11:02:29 -0300] "GET /cormun/static/gxtimezone.js?85251 HTTP/1.1" 304 -
186.103.159.230 - - [13/Mar/2017:11:02:29 -0300] "GET /cormun/static/messages.spa.js?85251 HTTP/1.1" 304 -
186.103.159.230 - - [13/Mar/2017:11:02:30 -0300] "GET /cormun/servlet/hlogin HTTP/1.1" 200 1724
186.67.172.234 - - [13/Mar/2017:11:02:32 -0300] "GET /cormun/servlet/trvacaciones? HTTP/1.1" 200 6364
186.67.172.234 - - [13/Mar/2017:11:02:32 -0300] "GET /cormun/servlet/trvacaciones? HTTP/1.1" 200 6364
186.67.172.234 - - [13/Mar/2017:11:02:41 -0300] "GET /cormun/static/menuarrow.gif HTTP/1.1" 404 1015
186.103.159.230 - - [13/Mar/2017:11:02:42 -0300] "POST /cormun/servlet/hlogin?19cd99000055fafb9d1769f1b2b6be96,gx-no-cache=1489413832064 HTTP/1.1" 200 90
186.103.159.230 - - [13/Mar/2017:11:02:42 -0300] "GET /cormun/servlet/hpexe_link HTTP/1.1" 200 950
186.103.159.230 - - [13/Mar/2017:11:02:42 -0300] "GET /cormun/servlet/hhome HTTP/1.1" 200 3964
186.103.159.230 - - [13/Mar/2017:11:02:43 -0300] "GET /cormun/servlet/hhome HTTP/1.1" 200 3960
186.103.159.230 - - [13/Mar/2017:11:02:47 -0300] "GET /cormun/servlet/trsolicitudot? HTTP/1.1" 200 8169
186.103.159.230 - - [13/Mar/2017:11:02:47 -0300] "GET /cormun/static/calendar.js?85251 HTTP/1.1" 304 -
186.103.159.230 - - [13/Mar/2017:11:02:47 -0300] "GET /cormun/static/calendar-setup.js?85251 HTTP/1.1" 304 -
186.103.159.230 - - [13/Mar/2017:11:02:47 -0300] "GET /cormun/static/calendar-es.js?85251 HTTP/1.1" 304 -
186.103.159.230 - - [13/Mar/2017:11:02:47 -0300] "GET /cormun/static/gxdec.js?85251 HTTP/1.1" 304 -
186.103.159.230 - - [13/Mar/2017:11:02:48 -0300] "GET /cormun/servlet/trsolicitudot? HTTP/1.1" 200 8167
186.103.159.230 - - [13/Mar/2017:11:02:51 -0300] "GET /cormun/servlet/solicitudot?INS,0,0, HTTP/1.1" 200 12765
186.103.159.230 - - [13/Mar/2017:11:02:51 -0300] "GET /cormun/static/solicitudot.js?2017119104297 HTTP/1.1" 304 -
186.103.159.230 - - [13/Mar/2017:11:02:52 -0300] "GET /cormun/servlet/solicitudot?INS,0,0, HTTP/1.1" 200 12770
186.67.172.234 - - [13/Mar/2017:11:03:35 -0300] "POST /cormun/servlet/trvacaciones?0f3623fd834eb3c4ed52d5a822466dbc,,gx-no-cache=1489413882730 HTTP/1.1" 200 3635
186.67.172.234 - - [13/Mar/2017:11:03:38 -0300] "GET /cormun/servlet/vacaciones?INS,0, HTTP/1.1" 200 6264
186.67.172.234 - - [13/Mar/2017:11:03:39 -0300] "GET /cormun/servlet/vacaciones?INS,0, HTTP/1.1" 200 6265
186.103.159.230 - - [13/Mar/2017:11:03:50 -0300] "POST /cormun/servlet/solicitudot?gx-no-cache=1489413899668 HTTP/1.1" 200 3198
186.103.159.230 - - [13/Mar/2017:11:03:50 -0300] "POST /cormun/servlet/solicitudot?19cd99000055fafb9d1769f1b2b6be96,INS,0,0,,gx-no-cache=1489413900070 HTTP/1.1" 200 9959
186.67.172.234 - - [13/Mar/2017:11:03:53 -0300] "GET /cormun/servlet/prfichaempleado?,MD,,gxPopupLevel%3D0%3B HTTP/1.1" 200 8805
186.103.159.230 - - [13/Mar/2017:11:03:58 -0300] "GET /cormun/servlet/solicitudot?f895e756a090a4bf890f20e9773bfd2affe65fb3fe3d2057bd5439c827392a7df9566ff549389e3ebde30cf1d874d826,gx-no-cache=1489413907835 HTTP/1.1" 200 30
186.103.159.230 - - [13/Mar/2017:11:03:58 -0300] "POST /cormun/servlet/solicitudot?gx-no-cache=1489413907912 HTTP/1.1" 200 256
186.103.159.230 - - [13/Mar/2017:11:03:58 -0300] "GET /cormun/servlet/solicitudot?f895e756a090a4bf890f20e9773bfd2acffca5336c5cc2b3aa400f03edac36f8cf8da7d36b5d6afb6ab424013eaaad4f150f31f14c54064fb74b55ea5f5ba087f1dfcdf3fff5a4b8af698f39e85ac6a68f1021048f8d885dadb5d32526bff71631c3fd82e4f0d59eae5ada07bfad47ede2e03aa40086504c4e493de5e21c6189b6d9db4dec2551891193f098ab15d66059a47717abc910343b49a91f6dcc13f9efc22057225cb8857d78b93098bd4aa420fbc12f8c247cfb5076c465d247d6412dbce002dc7600ad263cff81f124ae40f2851eef11c6650e06caaf4278281086236ed8af1054bbf357aa214f81b8a9d8428bfed18fcb67001ccd7c2216976663721c844ed927301f18c154aec0a95ed089b141abd31d8982347ababf2b0b1bb9819c2731b66170aa83214f09487d35715a726147099aeeb60efaf951e4b8d07cedf357f221b58baaf1be5156a6bf95204c23c40b03b8054850d8da954d6617dbd3d3e66cf8865c207a7bb73f83b836a999783362b278435aeabcae34390f4427,gx-no-cache=1489413907985 HTTP/1.1" 200 30
186.103.159.230 - - [13/Mar/2017:11:04:04 -0300] "POST /cormun/servlet/solicitudot?gx-no-cache=1489413913730 HTTP/1.1" 200 30
186.103.159.230 - - [13/Mar/2017:11:04:07 -0300] "POST /cormun/servlet/solicitudot?gx-no-cache=1489413917526 HTTP/1.1" 200 1292
186.103.159.230 - - [13/Mar/2017:11:04:08 -0300] "POST /cormun/servlet/solicitudot?gx-no-cache=1489413917646 HTTP/1.1" 200 38
186.67.172.234 - - [13/Mar/2017:11:04:11 -0300] "POST /cormun/servlet/prfichaempleado?0f3623fd834eb3c4ed52d5a822466dbc,,MD,,gxPopupLevel%3D0%3B,gx-no-cache=1489413919184 HTTP/1.1" 200 3402
186.103.159.230 - - [13/Mar/2017:11:04:25 -0300] "GET /cormun/servlet/solicitudot?f895e756a090a4bf890f20e9773bfd2a7a7c612be5e115a8abc41cf6709a9802d55a3ac7a74a1f1da3abe135061d8bc91f2f7a12efb541424c91797850387e5c6840452d8696912da4c5f61832c45276a2e0688122913c47c787b86aa0b10d6b7d663a34ec92715186460e70a4f38a0c,gx-no-cache=1489413934770 HTTP/1.1" 200 29
186.103.159.230 - - [13/Mar/2017:11:04:25 -0300] "POST /cormun/servlet/solicitudot?gx-no-cache=1489413934842 HTTP/1.1" 200 1275
186.67.172.234 - - [13/Mar/2017:11:04:26 -0300] "GET /cormun/servlet/vacaciones?ce678ee5e4169c6c750e6ddabcc805ba1ed16dbac4c6d0b138584bad114c792e4a2a1f251ca4a1253d342a3c6ba9a538,gx-no-cache=1489413933374 HTTP/1.1" 200 76
186.67.172.234 - - [13/Mar/2017:11:04:26 -0300] "GET /cormun/static/menuarrow.gif HTTP/1.1" 404 1015
186.103.159.230 - - [13/Mar/2017:11:04:30 -0300] "POST /cormun/servlet/solicitudot?gx-no-cache=1489413940011 HTTP/1.1" 200 1157
186.103.159.230 - - [13/Mar/2017:11:04:30 -0300] "GET /cormun/static/menuarrow.gif HTTP/1.1" 404 1015
186.67.172.234 - - [13/Mar/2017:11:04:48 -0300] "GET /cormun/servlet/vacaciones?ce678ee5e4169c6c750e6ddabcc805bac7240515865685aa23b49efe4ecf91bea0f112ab4c1d7f71d0db8bf6ce4dc04922c70a854e7b668e4cc76455fa42c40a,gx-no-cache=1489413955875 HTTP/1.1" 200 132
186.67.172.234 - - [13/Mar/2017:11:04:48 -0300] "GET /cormun/static/Shared/jqueryui/images/ui-bg_highlight-soft_100_c6c2c8_1x100.png HTTP/1.1" 404 1117
186.67.172.234 - - [13/Mar/2017:11:04:48 -0300] "GET /cormun/static/Shared/jqueryui/images/ui-icons_82798d_256x240.png HTTP/1.1" 404 1089
186.67.172.234 - - [13/Mar/2017:11:04:48 -0300] "GET /cormun/static/Shared/jqueryui/images/ui-icons_ebccce_256x240.png HTTP/1.1" 404 1089
186.67.172.234 - - [13/Mar/2017:11:04:49 -0300] "GET /cormun/static/Shared/jqueryui/images/ui-bg_flat_55_994d53_40x100.png HTTP/1.1" 404 1097
186.67.172.234 - - [13/Mar/2017:11:04:49 -0300] "POST /cormun/servlet/vacaciones?0f3623fd834eb3c4ed52d5a822466dbc,INS,0,,gx-no-cache=1489413956190 HTTP/1.1" 200 3889
186.103.156.24 - - [13/Mar/2017:11:05:23 -0300] "GET /cormun/servlet/licenciaspermisos?89d027b25789ffd393957cc91d33e6c1cb762dbc97630cde225a584abe3c3d299e1e0cb7c7dd6901475ed3cc6efcf063926e888fb3e4d079c9ed52fbc7db4373a59edb772f8a63aa29d062cf284dfb9f102f4cd1362150e85f7f1197d6d8dfe438c1292a850d55eed6ae8b2ab6cdc9eb5b163bfde337c45d7717587b03e265f1f0f6c2126030549b03624ffb838909e02ab12970c87dd52b83e4008f84a0e1e4ce8f43352a58a567b64806dfa59eb93241a4ecdf6c47720097795c7dd2222d96fabf47cdef8516c829ff2174cf81e9d5b6bd8e696469b49fa7b05c33a179ab7b,gx-no-cache=1489417658123 HTTP/1.1" 200 30
186.103.156.24 - - [13/Mar/2017:11:05:23 -0300] "POST /cormun/servlet/licenciaspermisos?e0f1a924391f52392d39e6b5189b5ac2,INS,0,,,,gx-no-cache=1489417658189 HTTP/1.1" 200 4645
186.103.159.230 - - [13/Mar/2017:11:05:24 -0300] "GET /cormun/servlet/solicitudot?f895e756a090a4bf890f20e9773bfd2ac66437fc515c189af964b94182b66363fa0567ce163cc2749cf0e478256c0d437a979fdff58852b9e2b0df902cba79766317261572c71fc83198d2cfcfdce0340dcaacf667168420bf0a8de0fe9a8db10234940fb01bc776e040e69341b440bda1f37b7fa7c9a33833a9b33ea5bf16cae1dc3f64ef1a36fc11e9a5849c23c24f81ec8010ed02b2e85768786cf409aee5953511839c6c540948eaa8e2e45ad17b,gx-no-cache=1489413994181 HTTP/1.1" 200 30
186.103.156.24 - - [13/Mar/2017:11:05:29 -0300] "GET /cormun/servlet/licenciaspermisos?89d027b25789ffd393957cc91d33e6c1cb762dbc97630cde225a584abe3c3d29ff43ee9b487a1e5f3156367add95f1bf926e888fb3e4d079c9ed52fbc7db4373a59edb772f8a63aa29d062cf284dfb9f102f4cd1362150e85f7f1197d6d8dfe438c1292a850d55eed6ae8b2ab6cdc9eb5b163bfde337c45d7717587b03e265f1f0f6c2126030549b03624ffb838909e02ab12970c87dd52b83e4008f84a0e1e4ce8f43352a58a567b64806dfa59eb93241a4ecdf6c47720097795c7dd2222d96fabf47cdef8516c829ff2174cf81e9d5b6bd8e696469b49fa7b05c33a179ab7b,gx-no-cache=1489417664866 HTTP/1.1" 200 30
186.103.156.24 - - [13/Mar/2017:11:05:29 -0300] "POST /cormun/servlet/licenciaspermisos?e0f1a924391f52392d39e6b5189b5ac2,INS,0,,,,gx-no-cache=1489417664925 HTTP/1.1" 200 4642
186.103.159.182 - - [13/Mar/2017:11:05:44 -0300] "GET /cormun/servlet/hlogin HTTP/1.1" 200 1717
186.103.159.182 - - [13/Mar/2017:11:05:44 -0300] "GET /cormun/static/gxtimezone.js?85251 HTTP/1.1" 200 5781
186.103.159.182 - - [13/Mar/2017:11:05:44 -0300] "GET /cormun/static/gxcfg.js?201612216162538 HTTP/1.1" 200 953
186.103.159.182 - - [13/Mar/2017:11:05:44 -0300] "GET /cormun/static/Resources/Spanish/PXTools.css?167811 HTTP/1.1" 200 89042
186.103.159.182 - - [13/Mar/2017:11:05:44 -0300] "GET /cormun/static/messages.spa.js?85251 HTTP/1.1" 200 30736
186.103.159.182 - - [13/Mar/2017:11:05:44 -0300] "GET /cormun/static/hlogin.js?201612216162555 HTTP/1.1" 200 2136
186.103.159.182 - - [13/Mar/2017:11:05:44 -0300] "GET /cormun/static/Resources/ComunLogin.png HTTP/1.1" 200 17326
186.103.159.182 - - [13/Mar/2017:11:05:45 -0300] "GET /cormun/static/gxgral.js?85251 HTTP/1.1" 200 384558
186.103.159.182 - - [13/Mar/2017:11:05:45 -0300] "GET /cormun/static/Resources/PXToolsLoginTop.png HTTP/1.1" 200 1337
186.103.159.182 - - [13/Mar/2017:11:05:45 -0300] "GET /cormun/static/Resources/PXToolsLoginBackground.png HTTP/1.1" 200 1164
186.103.159.182 - - [13/Mar/2017:11:05:45 -0300] "GET /cormun/static/Resources/PXToolsButtonLeft21.png HTTP/1.1" 200 1287
186.103.159.182 - - [13/Mar/2017:11:05:45 -0300] "GET /cormun/static/Resources/PXToolsButtonRight21.png HTTP/1.1" 200 1283
186.103.159.182 - - [13/Mar/2017:11:05:45 -0300] "GET /cormun/static/Resources/PXToolsButtonBackground2.png HTTP/1.1" 200 1181
186.103.159.182 - - [13/Mar/2017:11:05:45 -0300] "GET /cormun/static/Resources/PXToolsLoginBottom.png HTTP/1.1" 200 1389
186.103.159.182 - - [13/Mar/2017:11:05:45 -0300] "GET /cormun/static/Resources/indicator.gif HTTP/1.1" 200 1553
186.103.159.182 - - [13/Mar/2017:11:05:45 -0300] "GET /cormun/servlet/hlogin HTTP/1.1" 200 1723
186.103.159.182 - - [13/Mar/2017:11:05:46 -0300] "GET /favicon.ico HTTP/1.1" 200 21630
186.103.159.182 - - [13/Mar/2017:11:05:53 -0300] "POST /cormun/servlet/hlogin?500c60968892634e64545856ae2e2ee9,gx-no-cache=1489414025311 HTTP/1.1" 200 90
186.103.159.182 - - [13/Mar/2017:11:05:54 -0300] "GET /cormun/servlet/hpexe_link HTTP/1.1" 200 949
186.103.159.182 - - [13/Mar/2017:11:05:55 -0300] "GET /cormun/static/gxcfg.js?201612218515529 HTTP/1.1" 200 953
186.103.156.24 - - [13/Mar/2017:11:05:55 -0300] "GET /cormun/servlet/licenciaspermisos?89d027b25789ffd393957cc91d33e6c10fd59c150b51ac9eb01cb416f1dac2f318750a488a7d4970901637cc57779001dd24dba35cdf51a8baf5fdb92feb425f9c65e09864027ceed0fc426c8083afb4a48f823044d88408e91ce5e830b4e60302aff760f61b24f5aae2de187d9f60ef9f7b600551130e5d377a3b5c856528a82344c443baf9445e145f45e7bbc6b7d6a9564707d646158fa4f225f36fde7e9d35a69d9543960f059c9f304671416d4193653627ccc3e4031e5199d7a944e4c8e39ee6b091334e1c5a938f8b90dc65c9ea4dbe01928868924ad8b28ce36a85ba,gx-no-cache=1489417693525 HTTP/1.1" 200 29
186.103.156.24 - - [13/Mar/2017:11:05:55 -0300] "POST /cormun/servlet/licenciaspermisos?e0f1a924391f52392d39e6b5189b5ac2,INS,0,,,,gx-no-cache=1489417693623 HTTP/1.1" 500 10
186.103.159.182 - - [13/Mar/2017:11:05:55 -0300] "GET /cormun/static/hpexe_link.js?201612218515532 HTTP/1.1" 200 625
186.103.159.182 - - [13/Mar/2017:11:05:57 -0300] "GET /cormun/static/Resources/Spanish/PXTools.css?18365030 HTTP/1.1" 200 89042
186.103.156.24 - - [13/Mar/2017:11:06:07 -0300] "GET /cormun/servlet/trlicencias? HTTP/1.1" 200 6838
186.79.113.67 - - [13/Mar/2017:11:06:07 -0300] "GET /cormun/servlet/hlogin HTTP/1.1" 200 1716
186.103.156.24 - - [13/Mar/2017:11:06:08 -0300] "GET /cormun/servlet/trlicencias? HTTP/1.1" 200 6837
186.79.113.67 - - [13/Mar/2017:11:06:09 -0300] "POST /cormun/servlet/hlogin?8bd7470b7df775768f1e734931358b85,gx-no-cache=1489414038876 HTTP/1.1" 200 90
186.79.113.67 - - [13/Mar/2017:11:06:10 -0300] "GET /cormun/servlet/hpexe_link HTTP/1.1" 200 949
186.79.113.67 - - [13/Mar/2017:11:06:10 -0300] "GET /cormun/servlet/hhome HTTP/1.1" 200 3956
186.79.113.67 - - [13/Mar/2017:11:06:10 -0300] "GET /cormun/servlet/hhome HTTP/1.1" 200 3952
186.103.156.24 - - [13/Mar/2017:11:06:12 -0300] "POST /cormun/servlet/trlicencias?e0f1a924391f52392d39e6b5189b5ac2,,gx-no-cache=1489417711751 HTTP/1.1" 200 101
186.103.156.24 - - [13/Mar/2017:11:06:12 -0300] "GET /cormun/Licencias-2802.xls HTTP/1.1" 200 4608
186.79.113.67 - - [13/Mar/2017:11:06:15 -0300] "GET /cormun/servlet/trautorizarsolicitud? HTTP/1.1" 200 8128
186.79.113.67 - - [13/Mar/2017:11:06:15 -0300] "GET /cormun/servlet/trautorizarsolicitud? HTTP/1.1" 200 8126
186.103.156.24 - - [13/Mar/2017:11:06:17 -0300] "POST /cormun/servlet/trlicencias?e0f1a924391f52392d39e6b5189b5ac2,,gx-no-cache=1489417717391 HTTP/1.1" 200 4093
186.103.156.24 - - [13/Mar/2017:11:06:20 -0300] "POST /cormun/servlet/trlicencias?e0f1a924391f52392d39e6b5189b5ac2,,gx-no-cache=1489417720743 HTTP/1.1" 200 4093
186.103.159.182 - - [13/Mar/2017:11:06:21 -0300] "GET /cormun/servlet/hpexe_link HTTP/1.1" 200 937
186.103.159.182 - - [13/Mar/2017:11:06:21 -0300] "GET /cormun/static/Resources/Spanish/PXTools.css?18365030 HTTP/1.1" 206 1
186.103.159.182 - - [13/Mar/2017:11:06:22 -0300] "GET /cormun/static/Resources/Spanish/PXTools.css?18365030 HTTP/1.1" 206 64071
186.103.159.182 - - [13/Mar/2017:11:06:23 -0300] "GET /cormun/servlet/hhome HTTP/1.1" 200 4020
186.103.159.182 - - [13/Mar/2017:11:06:23 -0300] "GET /cormun/static/SmoothNavMenu/resources/ddsmoothmenu.css?1112540 HTTP/1.1" 200 2223
186.103.159.182 - - [13/Mar/2017:11:06:23 -0300] "GET /cormun/static/Shared/jqueryui/jquery-ui.min.css?1345370 HTTP/1.1" 200 30288
186.103.159.182 - - [13/Mar/2017:11:06:23 -0300] "GET /cormun/static/SmoothNavMenu/resources/ddsmoothmenu-v.css?1112540 HTTP/1.1" 200 1188
186.103.159.182 - - [13/Mar/2017:11:06:23 -0300] "GET /cormun/static/scaMessage/css/jquery.pnotify.default.css?1816380 HTTP/1.1" 200 1707
186.103.159.182 - - [13/Mar/2017:11:06:23 -0300] "GET /cormun/static/gxcfg.js?201612218515568 HTTP/1.1" 200 953
186.103.159.182 - - [13/Mar/2017:11:06:23 -0300] "GET /cormun/static/PXToolsJavascripts/pexe_autoreload.js HTTP/1.1" 200 1762
186.103.159.182 - - [13/Mar/2017:11:06:23 -0300] "GET /cormun/static/PXToolsJavascripts/pexe_cookies.js HTTP/1.1" 200 792
186.103.159.182 - - [13/Mar/2017:11:06:23 -0300] "GET /cormun/static/PXToolsJavascripts/pexe_windows.js HTTP/1.1" 200 15207
186.103.159.182 - - [13/Mar/2017:11:06:23 -0300] "GET /cormun/static/PXToolsJavascripts/pexe_grid.js HTTP/1.1" 200 7559
186.103.159.182 - - [13/Mar/2017:11:06:24 -0300] "GET /cormun/static/PXToolsJavascripts/pexe_menus.js HTTP/1.1" 200 1286
186.103.159.182 - - [13/Mar/2017:11:06:24 -0300] "GET /cormun/static/PXToolsJavascripts/pexe_layers.js HTTP/1.1" 200 4114
186.103.159.182 - - [13/Mar/2017:11:06:24 -0300] "GET /cormun/static/PXToolsJavascripts/pexe_oav.js HTTP/1.1" 200 645
186.103.159.182 - - [13/Mar/2017:11:06:24 -0300] "GET /cormun/static/PXToolsJavascripts/pexe_oavdivfix.js HTTP/1.1" 200 639
186.103.159.182 - - [13/Mar/2017:11:06:24 -0300] "GET /cormun/static/PXToolsJavascripts/pexe_picture.js HTTP/1.1" 200 689
186.103.159.182 - - [13/Mar/2017:11:06:24 -0300] "GET /cormun/static/PXToolsJavascripts/pexe_popup.js HTTP/1.1" 200 13458
186.103.159.182 - - [13/Mar/2017:11:06:24 -0300] "GET /cormun/static/PXToolsJavascripts/pexe_scrolldiv.js HTTP/1.1" 200 4138
186.103.159.182 - - [13/Mar/2017:11:06:24 -0300] "GET /cormun/static/PXToolsJavascripts/pexe_tabs.js HTTP/1.1" 200 3748
186.103.159.182 - - [13/Mar/2017:11:06:24 -0300] "GET /cormun/static/PXToolsJavascripts/pexe_griddivfix.js HTTP/1.1" 200 6644
186.103.159.182 - - [13/Mar/2017:11:06:24 -0300] "GET /cormun/static/PXToolsJavascripts/pexe_upload.js HTTP/1.1" 200 1423
186.103.159.182 - - [13/Mar/2017:11:06:24 -0300] "GET /cormun/static/PXToolsJavascripts/PXToolsJavascriptsRender.js HTTP/1.1" 200 367
186.103.159.182 - - [13/Mar/2017:11:06:24 -0300] "GET /cormun/static/PXToolsJavascripts/pexe_link.js HTTP/1.1" 200 5671
186.103.159.182 - - [13/Mar/2017:11:06:24 -0300] "GET /cormun/static/PXToolsJavascripts/pexe_menudivfix.js HTTP/1.1" 200 333
186.103.159.182 - - [13/Mar/2017:11:06:26 -0300] "GET /cormun/static/RunJS/RunJS.js HTTP/1.1" 200 288
186.103.159.182 - - [13/Mar/2017:11:06:26 -0300] "GET /cormun/static/PXToolsJavascripts/pexe_tabdivfix.js HTTP/1.1" 200 876
186.103.159.182 - - [13/Mar/2017:11:06:28 -0300] "GET /cormun/static/hhome.js?201612218515573 HTTP/1.1" 200 777
186.103.159.182 - - [13/Mar/2017:11:06:28 -0300] "GET /cormun/static/hwchdr01.js?201612218432057 HTTP/1.1" 200 1183
186.103.159.182 - - [13/Mar/2017:11:06:28 -0300] "GET /cormun/static/hpexe_recentlink.js?201610171694390 HTTP/1.1" 200 2144
186.103.159.182 - - [13/Mar/2017:11:06:28 -0300] "GET /cormun/static/Shared/ext/locale/ext-lang-en.js HTTP/1.1" 200 10940
186.103.159.182 - - [13/Mar/2017:11:06:28 -0300] "GET /cormun/static/hpexe_scripts.js?201612218432016 HTTP/1.1" 200 1544
186.103.159.182 - - [13/Mar/2017:11:06:28 -0300] "GET /cormun/static/hpexe_messagecontroller.js?201610171694323 HTTP/1.1" 200 870
186.103.159.182 - - [13/Mar/2017:11:06:29 -0300] "GET /cormun/static/Resources/PXToolsHeaderPreferences.png HTTP/1.1" 200 4189
186.103.159.182 - - [13/Mar/2017:11:06:29 -0300] "GET /cormun/static/Resources/logo4.png HTTP/1.1" 200 6582
186.103.159.182 - - [13/Mar/2017:11:06:29 -0300] "GET /cormun/static/Resources/PXToolsHeaderActionsLeft.png HTTP/1.1" 200 1118
186.103.159.182 - - [13/Mar/2017:11:06:29 -0300] "GET /cormun/static/Resources/PXToolsHeaderLogin.png HTTP/1.1" 200 4279
186.103.159.182 - - [13/Mar/2017:11:06:29 -0300] "GET /cormun/static/Resources/PXToolsDataTitle.png HTTP/1.1" 200 1173
186.103.159.182 - - [13/Mar/2017:11:06:30 -0300] "GET /cormun/static/Resources/PXToolsHeaderActionsBackground.png HTTP/1.1" 200 484
186.103.159.182 - - [13/Mar/2017:11:06:30 -0300] "GET /cormun/static/Resources/PXToolsFooterBackground2.png HTTP/1.1" 200 1172
186.103.159.182 - - [13/Mar/2017:11:06:30 -0300] "GET /cormun/static/Resources/PXToolsHeaderSecurity.png HTTP/1.1" 200 4166
186.103.159.182 - - [13/Mar/2017:11:06:30 -0300] "GET /cormun/static/Resources/PXToolsHeaderActionsRight.png HTTP/1.1" 200 1201
186.103.159.182 - - [13/Mar/2017:11:06:30 -0300] "GET /cormun/static/Resources/PXToolsHeaderBackground2.png HTTP/1.1" 200 1174
186.103.159.182 - - [13/Mar/2017:11:06:30 -0300] "GET /cormun/static/Resources/PXToolsHeaderHome.png HTTP/1.1" 200 4147
186.103.159.182 - - [13/Mar/2017:11:06:30 -0300] "GET /cormun/static/hpexe_messagepopupcomponent.js?20161017169425 HTTP/1.1" 200 605
186.103.159.182 - - [13/Mar/2017:11:06:30 -0300] "GET /cormun/static/hpexe_messagegenexuscomponent.js?201612218431816 HTTP/1.1" 200 587
186.103.159.182 - - [13/Mar/2017:11:06:30 -0300] "GET /cormun/static/cmcontrolpreferences.js?201612218431999 HTTP/1.1" 200 1375
186.79.113.67 - - [13/Mar/2017:11:06:31 -0300] "POST /cormun/servlet/trautorizarsolicitud?8bd7470b7df775768f1e734931358b85,,gx-no-cache=1489414059488 HTTP/1.1" 200 4312
186.79.113.67 - - [13/Mar/2017:11:06:31 -0300] "GET /cormun/static/Shared/jqueryui/images/ui-bg_highlight-soft_100_c6c2c8_1x100.png HTTP/1.1" 404 1117
186.79.113.67 - - [13/Mar/2017:11:06:31 -0300] "GET /cormun/static/Shared/jqueryui/images/ui-icons_82798d_256x240.png HTTP/1.1" 404 1089
186.79.113.67 - - [13/Mar/2017:11:06:31 -0300] "GET /cormun/static/Shared/jqueryui/images/ui-bg_flat_55_fafafa_40x100.png HTTP/1.1" 404 1097
186.79.113.67 - - [13/Mar/2017:11:06:31 -0300] "GET /cormun/static/Shared/jqueryui/images/ui-icons_8d78a5_256x240.png HTTP/1.1" 404 1089
186.103.159.182 - - [13/Mar/2017:11:06:31 -0300] "GET /cormun/static/Shared/jquery/jquery-1.4.2.min.js HTTP/1.1" 200 72174
186.79.113.67 - - [13/Mar/2017:11:06:31 -0300] "POST /cormun/servlet/trautorizarsolicitud?8bd7470b7df775768f1e734931358b85,,gx-no-cache=1489414060440 HTTP/1.1" 200 4090
186.103.159.182 - - [13/Mar/2017:11:06:32 -0300] "GET /cormun/static/SmoothNavMenu/resources/ddsmoothmenu.js HTTP/1.1" 200 12712
186.103.159.182 - - [13/Mar/2017:11:06:32 -0300] "GET /cormun/static/SmoothNavMenu/resources/SmoothNavMenuRender.js HTTP/1.1" 200 5951
186.103.159.182 - - [13/Mar/2017:11:06:32 -0300] "GET /cormun/static/scaMessage/js/jquery.pnotify.min.js HTTP/1.1" 200 13038
186.103.159.182 - - [13/Mar/2017:11:06:32 -0300] "GET /cormun/static/scaMessage/scaMessageRender.js HTTP/1.1" 200 11977
186.103.159.182 - - [13/Mar/2017:11:06:32 -0300] "GET /cormun/static/hmpwkw03.js?20161221852152 HTTP/1.1" 200 3965
186.103.156.24 - - [13/Mar/2017:11:06:33 -0300] "GET /cormun/servlet/trlicencias? HTTP/1.1" 200 6837
186.103.156.24 - - [13/Mar/2017:11:06:33 -0300] "GET /cormun/servlet/trlicencias? HTTP/1.1" 200 6837
186.103.159.182 - - [13/Mar/2017:11:06:35 -0300] "GET /cormun/static/Shared/jqueryui/jquery-ui.min.js HTTP/1.1" 200 240427
186.103.159.182 - - [13/Mar/2017:11:06:36 -0300] "GET /cormun/static/Shared/jquery/jquery-1.10.2.min.js HTTP/1.1" 200 273199
186.103.159.182 - - [13/Mar/2017:11:06:38 -0300] "GET /cormun/static/gxui/gxui-all.js HTTP/1.1" 200 107772
186.103.156.24 - - [13/Mar/2017:11:06:38 -0300] "POST /cormun/servlet/trlicencias?e0f1a924391f52392d39e6b5189b5ac2,,gx-no-cache=1489417740217 HTTP/1.1" 200 4091
186.103.156.24 - - [13/Mar/2017:11:06:43 -0300] "GET /cormun/servlet/licenciaspermisos?INS,0,,, HTTP/1.1" 200 7340
186.103.156.24 - - [13/Mar/2017:11:06:44 -0300] "GET /cormun/servlet/licenciaspermisos?INS,0,,, HTTP/1.1" 200 7339
186.67.172.234 - - [13/Mar/2017:11:06:53 -0300] "POST /cormun/servlet/vacaciones?0f3623fd834eb3c4ed52d5a822466dbc,INS,0,,gx-no-cache=1489414080553 HTTP/1.1" 200 3899
186.67.172.234 - - [13/Mar/2017:11:06:55 -0300] "POST /cormun/servlet/vacaciones?0f3623fd834eb3c4ed52d5a822466dbc,INS,0,,gx-no-cache=1489414081697 HTTP/1.1" 200 3906
186.103.156.24 - - [13/Mar/2017:11:06:55 -0300] "GET /cormun/static/Resources/resize.gif HTTP/1.1" 200 77
186.67.172.234 - - [13/Mar/2017:11:06:56 -0300] "POST /cormun/servlet/vacaciones?0f3623fd834eb3c4ed52d5a822466dbc,INS,0,,gx-no-cache=1489414084105 HTTP/1.1" 200 3911
186.103.156.24 - - [13/Mar/2017:11:07:02 -0300] "GET /cormun/servlet/prfichaempleado?,MD,,gxPopupLevel%3D0%3B HTTP/1.1" 200 8836
186.103.156.24 - - [13/Mar/2017:11:07:02 -0300] "GET /cormun/static/Resources/PXToolsMenuSearch.png HTTP/1.1" 200 2914
186.103.156.24 - - [13/Mar/2017:11:07:02 -0300] "GET /cormun/static/gxcfg.js?2016102420561687 HTTP/1.1" 200 953
186.103.156.24 - - [13/Mar/2017:11:07:02 -0300] "GET /cormun/static/Resources/PXToolsMenuSearchCancel.png HTTP/1.1" 200 2972
186.103.156.24 - - [13/Mar/2017:11:07:02 -0300] "GET /cormun/static/menusearch.js?201610171694467 HTTP/1.1" 200 1424
186.103.156.24 - - [13/Mar/2017:11:07:02 -0300] "GET /cormun/static/hmpwkw011.js?201612218515582 HTTP/1.1" 200 1968
186.103.156.24 - - [13/Mar/2017:11:07:02 -0300] "GET /cormun/static/prfichaempleado.js?201610242056198 HTTP/1.1" 200 16015
186.67.172.234 - - [13/Mar/2017:11:07:05 -0300] "GET /cormun/servlet/trvacaciones? HTTP/1.1" 200 6381
186.67.172.234 - - [13/Mar/2017:11:07:06 -0300] "GET /cormun/servlet/trvacaciones? HTTP/1.1" 200 6381
186.67.172.234 - - [13/Mar/2017:11:07:21 -0300] "GET /cormun/servlet/vacaciones?INS,0, HTTP/1.1" 200 6265
186.67.172.234 - - [13/Mar/2017:11:07:21 -0300] "GET /cormun/servlet/vacaciones?INS,0, HTTP/1.1" 200 6266
186.103.159.182 - - [13/Mar/2017:11:07:30 -0300] "GET /cormun/servlet/hlogin HTTP/1.1" 200 1716
186.103.159.182 - - [13/Mar/2017:11:07:30 -0300] "GET /cormun/static/gxtimezone.js?85251 HTTP/1.1" 304 -
186.103.159.182 - - [13/Mar/2017:11:07:30 -0300] "GET /cormun/static/gxcfg.js?201612216162538 HTTP/1.1" 304 -
186.103.159.182 - - [13/Mar/2017:11:07:30 -0300] "GET /cormun/static/messages.spa.js?85251 HTTP/1.1" 304 -
186.103.159.182 - - [13/Mar/2017:11:07:30 -0300] "GET /cormun/servlet/hlogin HTTP/1.1" 200 1726
186.103.159.182 - - [13/Mar/2017:11:07:33 -0300] "POST /cormun/servlet/hlogin?e3e0ac1db9979da11c56d610d16c30f6,gx-no-cache=1489414122738 HTTP/1.1" 200 90
186.103.159.182 - - [13/Mar/2017:11:07:33 -0300] "GET /cormun/servlet/hpexe_link HTTP/1.1" 200 951
186.103.159.182 - - [13/Mar/2017:11:07:33 -0300] "GET /cormun/static/gxcfg.js?201612218515529 HTTP/1.1" 304 -
186.103.159.182 - - [13/Mar/2017:11:07:33 -0300] "GET /cormun/servlet/hhome HTTP/1.1" 200 4022
186.103.159.182 - - [13/Mar/2017:11:07:33 -0300] "GET /cormun/static/gxcfg.js?201612218515568 HTTP/1.1" 304 -
186.103.159.182 - - [13/Mar/2017:11:07:35 -0300] "GET /cormun/servlet/hhome HTTP/1.1" 200 4018
186.103.156.24 - - [13/Mar/2017:11:07:48 -0300] "GET /cormun/servlet/trlicencias? HTTP/1.1" 200 6838
186.103.156.24 - - [13/Mar/2017:11:07:49 -0300] "GET /cormun/servlet/trlicencias? HTTP/1.1" 200 6837
186.103.159.182 - - [13/Mar/2017:11:07:52 -0300] "GET /cormun/servlet/trsolicitudot? HTTP/1.1" 200 8288
186.103.159.182 - - [13/Mar/2017:11:07:52 -0300] "GET /cormun/static/gxcfg.js?20171191044697 HTTP/1.1" 304 -
186.103.159.182 - - [13/Mar/2017:11:07:52 -0300] "GET /cormun/static/calendar.js?85251 HTTP/1.1" 304 -
186.103.159.182 - - [13/Mar/2017:11:07:52 -0300] "GET /cormun/static/calendar-setup.js?85251 HTTP/1.1" 304 -
186.103.159.182 - - [13/Mar/2017:11:07:52 -0300] "GET /cormun/static/calendar-es.js?85251 HTTP/1.1" 304 -
186.103.159.182 - - [13/Mar/2017:11:07:52 -0300] "GET /cormun/static/gxdec.js?85251 HTTP/1.1" 304 -
186.103.159.182 - - [13/Mar/2017:11:07:52 -0300] "GET /cormun/static/trsolicitudot.js?20171191045625 HTTP/1.1" 304 -
186.103.156.24 - - [13/Mar/2017:11:07:53 -0300] "POST /cormun/servlet/trlicencias?e0f1a924391f52392d39e6b5189b5ac2,,gx-no-cache=1489417818576 HTTP/1.1" 200 4092
186.103.159.182 - - [13/Mar/2017:11:07:53 -0300] "GET /cormun/servlet/trsolicitudot? HTTP/1.1" 200 8286
186.103.156.24 - - [13/Mar/2017:11:08:18 -0300] "POST /cormun/servlet/acontrolpreferencessavestate?None,GALVAREZ,true HTTP/1.1" 200 35
186.103.156.24 - - [13/Mar/2017:11:08:19 -0300] "POST /cormun/servlet/acontrolpreferencessavestate?None,GALVAREZ,true HTTP/1.1" 200 35
186.103.159.230 - - [13/Mar/2017:11:08:23 -0300] "POST /cormun/servlet/solicitudot?19cd99000055fafb9d1769f1b2b6be96,INS,0,0,,gx-no-cache=1489414173023 HTTP/1.1" 200 93
186.103.159.230 - - [13/Mar/2017:11:08:23 -0300] "GET /cormun/servlet/hpexe_return? HTTP/1.1" 200 1001
186.103.159.230 - - [13/Mar/2017:11:08:24 -0300] "GET /cormun/servlet/trsolicitudot HTTP/1.1" 200 8588
186.103.159.230 - - [13/Mar/2017:11:08:24 -0300] "GET /cormun/servlet/trsolicitudot HTTP/1.1" 200 8584
186.103.159.230 - - [13/Mar/2017:11:08:46 -0300] "POST /cormun/servlet/trsolicitudot?19cd99000055fafb9d1769f1b2b6be96,gx-no-cache=1489414195666 HTTP/1.1" 200 5420
186.103.159.230 - - [13/Mar/2017:11:08:46 -0300] "GET /cormun/static/Shared/jqueryui/images/ui-bg_highlight-soft_100_c6c2c8_1x100.png HTTP/1.1" 404 1117
186.103.159.230 - - [13/Mar/2017:11:08:46 -0300] "GET /cormun/static/Shared/jqueryui/images/ui-icons_82798d_256x240.png HTTP/1.1" 404 1089
186.103.159.230 - - [13/Mar/2017:11:08:46 -0300] "GET /cormun/static/Shared/jqueryui/images/ui-bg_flat_55_fafafa_40x100.png HTTP/1.1" 404 1097
186.103.159.230 - - [13/Mar/2017:11:08:46 -0300] "GET /cormun/static/Shared/jqueryui/images/ui-icons_8d78a5_256x240.png HTTP/1.1" 404 1089
186.103.159.230 - - [13/Mar/2017:11:08:46 -0300] "POST /cormun/servlet/trsolicitudot?19cd99000055fafb9d1769f1b2b6be96,gx-no-cache=1489414196172 HTTP/1.1" 200 5364
186.103.159.182 - - [13/Mar/2017:11:08:50 -0300] "GET /cormun/servlet/solicitudot?INS,0,0, HTTP/1.1" 200 12820
186.103.159.182 - - [13/Mar/2017:11:08:50 -0300] "GET /cormun/static/gxcfg.js?20171191042720 HTTP/1.1" 304 -
186.103.159.182 - - [13/Mar/2017:11:08:50 -0300] "GET /cormun/static/solicitudot.js?2017119104297 HTTP/1.1" 304 -
186.103.159.230 - - [13/Mar/2017:11:08:50 -0300] "GET /cormun/servlet/trautorizarsolicitud? HTTP/1.1" 200 8589
186.103.159.230 - - [13/Mar/2017:11:08:51 -0300] "GET /cormun/servlet/trautorizarsolicitud? HTTP/1.1" 200 8588
186.103.159.182 - - [13/Mar/2017:11:08:52 -0300] "GET /cormun/servlet/solicitudot?INS,0,0, HTTP/1.1" 200 12825
186.103.159.230 - - [13/Mar/2017:11:09:08 -0300] "POST /cormun/servlet/trautorizarsolicitud?19cd99000055fafb9d1769f1b2b6be96,,gx-no-cache=1489414217485 HTTP/1.1" 200 5426
186.103.159.230 - - [13/Mar/2017:11:09:08 -0300] "GET /cormun/static/Shared/jqueryui/images/ui-bg_highlight-soft_100_c6c2c8_1x100.png HTTP/1.1" 404 1117
186.103.159.230 - - [13/Mar/2017:11:09:08 -0300] "GET /cormun/static/Shared/jqueryui/images/ui-icons_82798d_256x240.png HTTP/1.1" 404 1089
186.103.159.230 - - [13/Mar/2017:11:09:08 -0300] "GET /cormun/static/Shared/jqueryui/images/ui-bg_flat_55_fafafa_40x100.png HTTP/1.1" 404 1097
186.103.159.230 - - [13/Mar/2017:11:09:08 -0300] "GET /cormun/static/Shared/jqueryui/images/ui-icons_8d78a5_256x240.png HTTP/1.1" 404 1089
186.103.159.230 - - [13/Mar/2017:11:09:08 -0300] "POST /cormun/servlet/trautorizarsolicitud?19cd99000055fafb9d1769f1b2b6be96,,gx-no-cache=1489414217821 HTTP/1.1" 200 5371
186.103.156.24 - - [13/Mar/2017:11:09:58 -0300] "POST /cormun/servlet/trlicencias?e0f1a924391f52392d39e6b5189b5ac2,,gx-no-cache=1489417957718 HTTP/1.1" 200 4093
186.103.159.230 - - [13/Mar/2017:11:11:45 -0300] "GET /cormun/servlet/trsolicitudot? HTTP/1.1" 200 8167
186.103.159.230 - - [13/Mar/2017:11:11:45 -0300] "GET /cormun/servlet/trsolicitudot? HTTP/1.1" 200 8167
186.103.159.230 - - [13/Mar/2017:11:11:55 -0300] "GET /cormun/servlet/solicitudot?INS,0,0, HTTP/1.1" 200 12766
186.103.159.230 - - [13/Mar/2017:11:11:56 -0300] "GET /cormun/servlet/solicitudot?INS,0,0, HTTP/1.1" 200 12771
186.103.159.230 - - [13/Mar/2017:11:12:18 -0300] "POST /cormun/servlet/solicitudot?gx-no-cache=1489414408019 HTTP/1.1" 200 3194
186.103.159.230 - - [13/Mar/2017:11:12:18 -0300] "POST /cormun/servlet/solicitudot?19cd99000055fafb9d1769f1b2b6be96,INS,0,0,,gx-no-cache=1489414408350 HTTP/1.1" 200 9992
186.103.159.230 - - [13/Mar/2017:11:12:27 -0300] "GET /cormun/servlet/solicitudot?f895e756a090a4bf890f20e9773bfd2aeae24065409d99a1737e13473eba8636f9566ff549389e3ebde30cf1d874d826,gx-no-cache=1489414416855 HTTP/1.1" 200 30
186.103.159.230 - - [13/Mar/2017:11:13:30 -0300] "POST /cormun/servlet/solicitudot?gx-no-cache=1489414479986 HTTP/1.1" 200 297
186.103.159.230 - - [13/Mar/2017:11:13:30 -0300] "GET /cormun/servlet/solicitudot?f895e756a090a4bf890f20e9773bfd2acffca5336c5cc2b3aa400f03edac36f8977c659daeeff24b7acbdf755c6e8f9d150f31f14c54064fb74b55ea5f5ba087f1dfcdf3fff5a4b8af698f39e85ac6a68f1021048f8d885dadb5d32526bff71631c3fd82e4f0d59eae5ada07bfad47ede2e03aa40086504c4e493de5e21c6189b6d9db4dec2551891193f098ab15d66059a47717abc910343b49a91f6dcc13f9efc22057225cb8857d78b93098bd4aa420fbc12f8c247cfb5076c465d247d6412dbce002dc7600ad263cff81f124ae40f2851eef11c6650e06caaf4278281086236ed8af1054bbf357aa214f81b8a9d8428bfed18fcb67001ccd7c2216976663721c844ed927301f18c154aec0a95ed089b141abd31d8982347ababf2b0b1bb9819c2731b66170aa83214f09487d35715a726147099aeeb60efaf951e4b8d07cf35cfe01e6d2fe4fa9c65ebb1851acecd03cdb6966d34f66cd3af0b990fcd76395025b3e1f7660b9e1b9eb19a712a866000072985e95efb60063faa729411565090591861ea91edc7a81cf7927177cb9,gx-no-cache=1489414480052 HTTP/1.1" 200 30
186.103.159.230 - - [13/Mar/2017:11:13:35 -0300] "POST /cormun/servlet/solicitudot?gx-no-cache=1489414484759 HTTP/1.1" 200 30
192.168.10.89 - - [13/Mar/2017:11:13:41 -0300] "GET /cormun/servlet/hlogin HTTP/1.1" 200 1760
192.168.10.89 - - [13/Mar/2017:11:13:48 -0300] "POST /cormun/servlet/hlogin?13f787222cb2565a1ab7e4066310c96c,gx-no-cache=1489417710972 HTTP/1.1" 200 90
192.168.10.89 - - [13/Mar/2017:11:13:48 -0300] "GET /cormun/servlet/hpexe_link HTTP/1.1" 200 956
192.168.10.89 - - [13/Mar/2017:11:13:50 -0300] "GET /cormun/servlet/hhome HTTP/1.1" 200 4389
192.168.10.89 - - [13/Mar/2017:11:14:07 -0300] "GET /cormun/servlet/trsolicitudgral? HTTP/1.1" 200 24342
186.103.159.230 - - [13/Mar/2017:11:14:10 -0300] "POST /cormun/servlet/solicitudot?gx-no-cache=1489414519994 HTTP/1.1" 200 1291
186.103.159.230 - - [13/Mar/2017:11:14:10 -0300] "POST /cormun/servlet/solicitudot?gx-no-cache=1489414520216 HTTP/1.1" 200 38
192.168.10.89 - - [13/Mar/2017:11:14:19 -0300] "GET /cormun/static/menuarrow.gif HTTP/1.1" 404 1015
186.103.159.230 - - [13/Mar/2017:11:14:24 -0300] "GET /cormun/servlet/solicitudot?f895e756a090a4bf890f20e9773bfd2a7a7c612be5e115a8abc41cf6709a9802d55a3ac7a74a1f1da3abe135061d8bc91f2f7a12efb541424c91797850387e5c6840452d8696912da4c5f61832c45276a2e0688122913c47c787b86aa0b10d6b7d663a34ec92715186460e70a4f38a0c,gx-no-cache=1489414534450 HTTP/1.1" 200 29
186.103.159.230 - - [13/Mar/2017:11:14:24 -0300] "POST /cormun/servlet/solicitudot?gx-no-cache=1489414534530 HTTP/1.1" 200 1275
186.103.159.230 - - [13/Mar/2017:11:14:24 -0300] "POST /cormun/servlet/solicitudot?gx-no-cache=1489414534634 HTTP/1.1" 200 1157
186.103.159.230 - - [13/Mar/2017:11:14:25 -0300] "GET /cormun/static/menuarrow.gif HTTP/1.1" 404 1015
192.168.10.89 - - [13/Mar/2017:11:14:25 -0300] "POST /cormun/servlet/trsolicitudgral?13f787222cb2565a1ab7e4066310c96c,,gx-no-cache=1489417747855 HTTP/1.1" 200 22508
186.103.159.230 - - [13/Mar/2017:11:14:28 -0300] "POST /cormun/servlet/solicitudot?gx-no-cache=1489414538599 HTTP/1.1" 200 1275
186.103.159.230 - - [13/Mar/2017:11:14:28 -0300] "POST /cormun/servlet/solicitudot?gx-no-cache=1489414538647 HTTP/1.1" 200 1157
186.103.159.230 - - [13/Mar/2017:11:14:41 -0300] "GET /cormun/servlet/solicitudot?f895e756a090a4bf890f20e9773bfd2a9f1b847fbee94146b547b9c420970576fa0567ce163cc2749cf0e478256c0d437a979fdff58852b9e2b0df902cba79766317261572c71fc83198d2cfcfdce0340dcaacf667168420bf0a8de0fe9a8db10234940fb01bc776e040e69341b440bda1f37b7fa7c9a33833a9b33ea5bf16cae1dc3f64ef1a36fc11e9a5849c23c24f81ec8010ed02b2e85768786cf409aee5953511839c6c540948eaa8e2e45ad17b,gx-no-cache=1489414551104 HTTP/1.1" 200 30
192.168.10.89 - - [13/Mar/2017:11:15:18 -0300] "POST /cormun/servlet/trsolicitudgral?13f787222cb2565a1ab7e4066310c96c,,gx-no-cache=1489417800622 HTTP/1.1" 200 6735
192.168.10.89 - - [13/Mar/2017:11:15:22 -0300] "POST /cormun/servlet/trsolicitudgral?13f787222cb2565a1ab7e4066310c96c,,gx-no-cache=1489417805290 HTTP/1.1" 200 5638
192.168.10.89 - - [13/Mar/2017:11:15:23 -0300] "GET /cormun/static/Shared/jqueryui/images/ui-icons_82798d_256x240.png HTTP/1.1" 404 1089
192.168.10.89 - - [13/Mar/2017:11:15:23 -0300] "GET /cormun/static/Shared/jqueryui/images/ui-bg_highlight-soft_100_c6c2c8_1x100.png HTTP/1.1" 404 1117
192.168.10.89 - - [13/Mar/2017:11:15:23 -0300] "GET /cormun/static/Shared/jqueryui/images/ui-bg_flat_55_fafafa_40x100.png HTTP/1.1" 404 1097
192.168.10.89 - - [13/Mar/2017:11:15:23 -0300] "GET /cormun/static/Shared/jqueryui/images/ui-icons_8d78a5_256x240.png HTTP/1.1" 404 1089
192.168.10.96 - - [13/Mar/2017:11:16:26 -0300] "GET /cormun/servlet/trlicenciasgenerales? HTTP/1.1" 200 15104
192.168.10.96 - - [13/Mar/2017:11:16:26 -0300] "GET /cormun/static/gxcfg.js?2016122619302770 HTTP/1.1" 200 953
192.168.10.96 - - [13/Mar/2017:11:16:26 -0300] "GET /cormun/static/trlicenciasgenerales.js?2016122619303217 HTTP/1.1" 200 34810
192.168.10.96 - - [13/Mar/2017:11:16:27 -0300] "GET /cormun/servlet/hlogin HTTP/1.1" 200 1741
192.168.10.96 - - [13/Mar/2017:11:16:27 -0300] "GET /cormun/servlet/trlicenciasgenerales? HTTP/1.1" 200 15099
192.168.10.96 - - [13/Mar/2017:11:16:36 -0300] "POST /cormun/servlet/hlogin?78dda81e7ebb47d2d616dd72506ecdb4,gx-no-cache=1489417879522 HTTP/1.1" 200 90
192.168.10.96 - - [13/Mar/2017:11:16:36 -0300] "GET /cormun/servlet/hpexe_link HTTP/1.1" 200 963
192.168.10.96 - - [13/Mar/2017:11:16:37 -0300] "GET /cormun/servlet/trlicenciasgenerales HTTP/1.1" 200 15952
192.168.10.96 - - [13/Mar/2017:11:16:37 -0300] "GET /cormun/servlet/trlicenciasgenerales HTTP/1.1" 200 15947
192.168.10.96 - - [13/Mar/2017:11:16:38 -0300] "POST /cormun/servlet/acontrolpreferencessavestate?None,DZAMUDIO,true HTTP/1.1" 200 35
192.168.10.96 - - [13/Mar/2017:11:16:45 -0300] "GET /cormun/servlet/hlogin HTTP/1.1" 200 1741
192.168.10.96 - - [13/Mar/2017:11:17:12 -0300] "POST /cormun/servlet/hlogin?78dda81e7ebb47d2d616dd72506ecdb4,gx-no-cache=1489417914909 HTTP/1.1" 200 90
192.168.10.96 - - [13/Mar/2017:11:17:12 -0300] "GET /cormun/servlet/hpexe_link HTTP/1.1" 200 955
192.168.10.96 - - [13/Mar/2017:11:17:12 -0300] "GET /cormun/servlet/hhome HTTP/1.1" 200 3975
192.168.10.96 - - [13/Mar/2017:11:17:12 -0300] "GET /cormun/servlet/hhome HTTP/1.1" 200 3971
192.168.10.96 - - [13/Mar/2017:11:17:14 -0300] "GET /cormun/servlet/trlicencias? HTTP/1.1" 200 6837
192.168.10.96 - - [13/Mar/2017:11:17:14 -0300] "GET /cormun/static/gxcfg.js?2016122619301429 HTTP/1.1" 304 -
192.168.10.96 - - [13/Mar/2017:11:17:14 -0300] "GET /cormun/static/trlicencias.js?2016122619301919 HTTP/1.1" 304 -
192.168.10.96 - - [13/Mar/2017:11:17:14 -0300] "GET /cormun/servlet/trlicencias? HTTP/1.1" 200 6836
192.168.10.96 - - [13/Mar/2017:11:17:20 -0300] "POST /cormun/servlet/trlicencias?78dda81e7ebb47d2d616dd72506ecdb4,,gx-no-cache=1489417923137 HTTP/1.1" 200 4093
192.168.10.96 - - [13/Mar/2017:11:17:25 -0300] "POST /cormun/servlet/trlicencias?78dda81e7ebb47d2d616dd72506ecdb4,,gx-no-cache=1489417928444 HTTP/1.1" 200 4092
192.168.10.96 - - [13/Mar/2017:11:17:27 -0300] "POST /cormun/servlet/trlicencias?78dda81e7ebb47d2d616dd72506ecdb4,,gx-no-cache=1489417930593 HTTP/1.1" 200 4091
192.168.10.96 - - [13/Mar/2017:11:17:30 -0300] "POST /cormun/servlet/trlicencias?78dda81e7ebb47d2d616dd72506ecdb4,,gx-no-cache=1489417932882 HTTP/1.1" 200 4093
192.168.10.96 - - [13/Mar/2017:11:17:32 -0300] "POST /cormun/servlet/trlicencias?78dda81e7ebb47d2d616dd72506ecdb4,,gx-no-cache=1489417934815 HTTP/1.1" 200 5326
192.168.10.96 - - [13/Mar/2017:11:17:36 -0300] "POST /cormun/servlet/trlicencias?78dda81e7ebb47d2d616dd72506ecdb4,,gx-no-cache=1489417938696 HTTP/1.1" 200 4091
192.168.10.96 - - [13/Mar/2017:11:17:43 -0300] "POST /cormun/servlet/trlicencias?78dda81e7ebb47d2d616dd72506ecdb4,,gx-no-cache=1489417945779 HTTP/1.1" 200 4093
192.168.10.96 - - [13/Mar/2017:11:17:45 -0300] "POST /cormun/servlet/trlicencias?78dda81e7ebb47d2d616dd72506ecdb4,,gx-no-cache=1489417948197 HTTP/1.1" 200 4093
192.168.10.96 - - [13/Mar/2017:11:17:48 -0300] "POST /cormun/servlet/trlicencias?78dda81e7ebb47d2d616dd72506ecdb4,,gx-no-cache=1489417951546 HTTP/1.1" 200 4093
192.168.10.96 - - [13/Mar/2017:11:17:49 -0300] "POST /cormun/servlet/trlicencias?78dda81e7ebb47d2d616dd72506ecdb4,,gx-no-cache=1489417952235 HTTP/1.1" 200 4093
192.168.10.96 - - [13/Mar/2017:11:17:51 -0300] "POST /cormun/servlet/trlicencias?78dda81e7ebb47d2d616dd72506ecdb4,,gx-no-cache=1489417954061 HTTP/1.1" 200 5324
192.168.10.96 - - [13/Mar/2017:11:17:54 -0300] "GET /cormun/servlet/hlogin HTTP/1.1" 200 1738
192.168.10.96 - - [13/Mar/2017:11:18:02 -0300] "POST /cormun/servlet/hlogin?78dda81e7ebb47d2d616dd72506ecdb4,gx-no-cache=1489417965143 HTTP/1.1" 200 90
192.168.10.96 - - [13/Mar/2017:11:18:02 -0300] "GET /cormun/servlet/hpexe_link HTTP/1.1" 200 955
192.168.10.96 - - [13/Mar/2017:11:18:02 -0300] "GET /cormun/servlet/hhome HTTP/1.1" 200 4127
192.168.10.96 - - [13/Mar/2017:11:18:03 -0300] "GET /cormun/servlet/hhome HTTP/1.1" 200 4124
192.168.10.96 - - [13/Mar/2017:11:18:04 -0300] "GET /cormun/servlet/trlicenciasgenerales? HTTP/1.1" 200 16097
192.168.10.96 - - [13/Mar/2017:11:18:05 -0300] "GET /cormun/servlet/trlicenciasgenerales? HTTP/1.1" 200 16094
192.168.10.96 - - [13/Mar/2017:11:18:16 -0300] "GET /cormun/servlet/hlogin HTTP/1.1" 200 1741
186.103.156.24 - - [13/Mar/2017:11:18:22 -0300] "GET /cormun/servlet/trlicencias? HTTP/1.1" 200 6837
186.103.156.24 - - [13/Mar/2017:11:18:23 -0300] "GET /cormun/servlet/trlicencias? HTTP/1.1" 200 6837
192.168.10.96 - - [13/Mar/2017:11:18:40 -0300] "POST /cormun/servlet/hlogin?78dda81e7ebb47d2d616dd72506ecdb4,gx-no-cache=1489418003253 HTTP/1.1" 200 456
186.103.159.230 - - [13/Mar/2017:11:18:43 -0300] "POST /cormun/servlet/solicitudot?gx-no-cache=1489414793203 HTTP/1.1" 200 297
186.103.159.230 - - [13/Mar/2017:11:18:43 -0300] "GET /cormun/servlet/solicitudot?f895e756a090a4bf890f20e9773bfd2acffca5336c5cc2b3aa400f03edac36f8977c659daeeff24b7acbdf755c6e8f9d150f31f14c54064fb74b55ea5f5ba087f1dfcdf3fff5a4b8af698f39e85ac6a68f1021048f8d885dadb5d32526bff71631c3fd82e4f0d59eae5ada07bfad47ede2e03aa40086504c4e493de5e21c6189b6d9db4dec2551891193f098ab15d66059a47717abc910343b49a91f6dcc13f9efc22057225cb8857d78b93098bd4aa420fbc12f8c247cfb5076c465d247d6412dbce002dc7600ad263cff81f124ae40f2851eef11c6650e06caaf4278281086236ed8af1054bbf357aa214f81b8a9d8428bfed18fcb67001ccd7c2216976663721c844ed927301f18c154aec0a95ed089b141abd31d8982347ababf2b0b1bb9819c2731b66170aa83214f09487d35715a726147099aeeb60efaf951e4b8d07cf35cfe01e6d2fe4fa9c65ebb1851acecd03cdb6966d34f66cd3af0b990fcd76395025b3e1f7660b9e1b9eb19a712a866a75b6d31c19029bae34b157aea6ae01d090591861ea91edc7a81cf7927177cb9,gx-no-cache=1489414793329 HTTP/1.1" 200 30
186.103.159.230 - - [13/Mar/2017:11:18:44 -0300] "POST /cormun/servlet/solicitudot?gx-no-cache=1489414793672 HTTP/1.1" 200 30
186.103.159.230 - - [13/Mar/2017:11:18:44 -0300] "POST /cormun/servlet/solicitudot?gx-no-cache=1489414793747 HTTP/1.1" 200 1291
186.103.159.230 - - [13/Mar/2017:11:18:44 -0300] "POST /cormun/servlet/solicitudot?gx-no-cache=1489414794042 HTTP/1.1" 200 41
186.103.159.182 - - [13/Mar/2017:11:18:47 -0300] "GET /cormun/servlet/prfichaempleado?,MD,,gxPopupLevel%3D0%3B HTTP/1.1" 200 8890
186.103.159.182 - - [13/Mar/2017:11:18:47 -0300] "GET /cormun/static/gxcfg.js?2016102420561687 HTTP/1.1" 304 -
186.103.159.182 - - [13/Mar/2017:11:19:00 -0300] "POST /cormun/servlet/prfichaempleado?e3e0ac1db9979da11c56d610d16c30f6,,MD,,gxPopupLevel%3D0%3B,gx-no-cache=1489414810293 HTTP/1.1" 200 3395
192.168.10.96 - - [13/Mar/2017:11:19:01 -0300] "POST /cormun/servlet/hlogin?78dda81e7ebb47d2d616dd72506ecdb4,gx-no-cache=1489418024140 HTTP/1.1" 200 90
192.168.10.96 - - [13/Mar/2017:11:19:01 -0300] "GET /cormun/servlet/hpexe_link HTTP/1.1" 200 955
192.168.10.96 - - [13/Mar/2017:11:19:01 -0300] "GET /cormun/servlet/hhome HTTP/1.1" 200 3975
192.168.10.96 - - [13/Mar/2017:11:19:02 -0300] "GET /cormun/servlet/hhome HTTP/1.1" 200 3971
192.168.10.96 - - [13/Mar/2017:11:19:03 -0300] "GET /cormun/servlet/trlicencias? HTTP/1.1" 200 7937
192.168.10.96 - - [13/Mar/2017:11:19:04 -0300] "GET /cormun/servlet/trlicencias? HTTP/1.1" 200 7934
186.103.159.182 - - [13/Mar/2017:11:19:11 -0300] "POST /cormun/servlet/solicitudot?gx-no-cache=1489414820514 HTTP/1.1" 200 3189
186.103.159.182 - - [13/Mar/2017:11:19:11 -0300] "POST /cormun/servlet/solicitudot?e3e0ac1db9979da11c56d610d16c30f6,INS,0,0,,gx-no-cache=1489414820949 HTTP/1.1" 200 9946
186.103.159.182 - - [13/Mar/2017:11:19:11 -0300] "GET /cormun/servlet/solicitudot?28ecc6336187701ed1766e2057c08e93026fda8862dc6ff3c39eb7cf162c57dfa0bf8497bc19dd44e43b6aa30c3aef37,gx-no-cache=1489414821350 HTTP/1.1" 200 30
192.168.10.96 - - [13/Mar/2017:11:19:14 -0300] "GET /cormun/servlet/licenciaspermisos?INS,0,,, HTTP/1.1" 200 7341
192.168.10.96 - - [13/Mar/2017:11:19:14 -0300] "GET /cormun/static/gxcfg.js?2016122619301043 HTTP/1.1" 304 -
192.168.10.96 - - [13/Mar/2017:11:19:14 -0300] "GET /cormun/static/licenciaspermisos.js?2016122619301096 HTTP/1.1" 304 -
192.168.10.96 - - [13/Mar/2017:11:19:14 -0300] "GET /cormun/servlet/licenciaspermisos?INS,0,,, HTTP/1.1" 200 7341
192.168.10.96 - - [13/Mar/2017:11:19:29 -0300] "GET /cormun/servlet/licenciaspermisos?905883ba3e20f5b0bb3f22256711da83a5e7eeb737485399b24232f73991deb3ecc87ffa2d6fa7a383dc856112df6216,gx-no-cache=1489418051813 HTTP/1.1" 200 63
192.168.10.96 - - [13/Mar/2017:11:19:29 -0300] "POST /cormun/servlet/licenciaspermisos?78dda81e7ebb47d2d616dd72506ecdb4,INS,0,,,,gx-no-cache=1489418051866 HTTP/1.1" 200 4606
186.103.159.182 - - [13/Mar/2017:11:19:44 -0300] "POST /cormun/servlet/solicitudot?gx-no-cache=1489414853512 HTTP/1.1" 200 256
186.103.159.182 - - [13/Mar/2017:11:19:44 -0300] "GET /cormun/servlet/solicitudot?28ecc6336187701ed1766e2057c08e934d0b9c175cbe630c327a187d02f46a0830ae231c7d6c9af53ebf9c5d47c2dd568503ba308445d1b2318a9adc0058ac34f8fb96bd2829f7dcf544cd287653f11408da4096452e65863a55a5012b33566c2eb0faf4bef653cf21a0c5a757d1d32df172370684826550f69694e00c5320d0451d34baaf46c3dda557b31198f38b3a685bb2c98b330e20baf909857ca5879bd5b9849aef0d7d45d47047a6abead39900ce54bb05e046dc78019cc47ef4c9bae347b2245bd01a4a4e926bc0cc37ca93628d8028c66b758d52d2549c42323fef8183060769c533f90521825b161b274cf9aebac8edc340afc03cc2b2b16d2a701610edc7ecb6e07b33bd84e5b2c4569bafc555e09da836f0499a6620d7b40fa88adaf4294c3fe9e2541e04d7b554361c007f5bcb6c8bee931e579475799803205605ca0a256abe409981011439438eef5d1b1e06e13344f5c8881e6128cefb41ed6c89dd8687934995c8259a15f391b9ca26b305dd9aa6fffb73f79449e25993,gx-no-cache=1489414853655 HTTP/1.1" 200 30
186.103.159.182 - - [13/Mar/2017:11:19:47 -0300] "POST /cormun/servlet/solicitudot?gx-no-cache=1489414857130 HTTP/1.1" 200 30
192.168.10.96 - - [13/Mar/2017:11:20:14 -0300] "GET /cormun/servlet/trlicencias? HTTP/1.1" 200 7936
192.168.10.96 - - [13/Mar/2017:11:20:15 -0300] "GET /cormun/servlet/trlicencias? HTTP/1.1" 200 7934
186.103.159.230 - - [13/Mar/2017:11:20:19 -0300] "POST /cormun/servlet/solicitudot?gx-no-cache=1489414889094 HTTP/1.1" 200 1275
186.103.159.230 - - [13/Mar/2017:11:20:19 -0300] "POST /cormun/servlet/solicitudot?gx-no-cache=1489414889224 HTTP/1.1" 200 1157
186.103.159.230 - - [13/Mar/2017:11:20:19 -0300] "GET /cormun/servlet/solicitudot?f895e756a090a4bf890f20e9773bfd2a9f1b847fbee94146b547b9c420970576fa0567ce163cc2749cf0e478256c0d437a979fdff58852b9e2b0df902cba79766317261572c71fc83198d2cfcfdce0340dcaacf667168420bf0a8de0fe9a8db10234940fb01bc776e040e69341b440bda1f37b7fa7c9a33833a9b33ea5bf16cae1dc3f64ef1a36fc11e9a5849c23c24f81ec8010ed02b2e85768786cf409aee5953511839c6c540948eaa8e2e45ad17b,gx-no-cache=1489414889276 HTTP/1.1" 200 30
186.103.159.230 - - [13/Mar/2017:11:20:19 -0300] "POST /cormun/servlet/solicitudot?19cd99000055fafb9d1769f1b2b6be96,INS,0,0,,gx-no-cache=1489414889339 HTTP/1.1" 200 93
186.103.159.230 - - [13/Mar/2017:11:20:19 -0300] "GET /cormun/servlet/hpexe_return? HTTP/1.1" 200 1001
186.103.159.230 - - [13/Mar/2017:11:20:20 -0300] "GET /cormun/servlet/trsolicitudot HTTP/1.1" 200 8600
186.103.159.230 - - [13/Mar/2017:11:20:20 -0300] "GET /cormun/servlet/trsolicitudot HTTP/1.1" 200 8596
186.103.159.230 - - [13/Mar/2017:11:20:29 -0300] "POST /cormun/servlet/trsolicitudot?19cd99000055fafb9d1769f1b2b6be96,gx-no-cache=1489414899092 HTTP/1.1" 200 5418
186.103.159.230 - - [13/Mar/2017:11:20:29 -0300] "GET /cormun/static/Shared/jqueryui/images/ui-bg_highlight-soft_100_c6c2c8_1x100.png HTTP/1.1" 404 1117
186.103.159.230 - - [13/Mar/2017:11:20:29 -0300] "GET /cormun/static/Shared/jqueryui/images/ui-bg_flat_55_fafafa_40x100.png HTTP/1.1" 404 1097
186.103.159.230 - - [13/Mar/2017:11:20:29 -0300] "GET /cormun/static/Shared/jqueryui/images/ui-icons_8d78a5_256x240.png HTTP/1.1" 404 1089
186.103.159.230 - - [13/Mar/2017:11:20:29 -0300] "GET /cormun/static/Shared/jqueryui/images/ui-icons_82798d_256x240.png HTTP/1.1" 404 1089
186.103.159.230 - - [13/Mar/2017:11:20:29 -0300] "POST /cormun/servlet/trsolicitudot?19cd99000055fafb9d1769f1b2b6be96,gx-no-cache=1489414899336 HTTP/1.1" 200 5362
186.103.159.230 - - [13/Mar/2017:11:20:37 -0300] "GET /cormun/servlet/trautorizarsolicitud? HTTP/1.1" 200 8598
186.103.159.230 - - [13/Mar/2017:11:20:38 -0300] "GET /cormun/servlet/trautorizarsolicitud? HTTP/1.1" 200 8598
192.168.10.96 - - [13/Mar/2017:11:20:42 -0300] "GET /cormun/servlet/licenciaspermisos?INS,0,,, HTTP/1.1" 200 7341
186.103.156.24 - - [13/Mar/2017:11:20:42 -0300] "GET /cormun/servlet/licenciaspermisos?INS,0,,, HTTP/1.1" 200 7340
192.168.10.96 - - [13/Mar/2017:11:20:42 -0300] "GET /cormun/servlet/licenciaspermisos?INS,0,,, HTTP/1.1" 200 7341
186.103.156.24 - - [13/Mar/2017:11:20:42 -0300] "GET /cormun/servlet/licenciaspermisos?INS,0,,, HTTP/1.1" 200 7339
186.103.159.182 - - [13/Mar/2017:11:20:46 -0300] "POST /cormun/servlet/solicitudot?gx-no-cache=1489414915866 HTTP/1.1" 200 1292
186.103.159.182 - - [13/Mar/2017:11:20:46 -0300] "POST /cormun/servlet/solicitudot?gx-no-cache=1489414915999 HTTP/1.1" 200 38
186.103.159.230 - - [13/Mar/2017:11:20:48 -0300] "POST /cormun/servlet/trautorizarsolicitud?19cd99000055fafb9d1769f1b2b6be96,,gx-no-cache=1489414918467 HTTP/1.1" 200 5426
186.103.159.230 - - [13/Mar/2017:11:20:48 -0300] "GET /cormun/static/Shared/jqueryui/images/ui-bg_highlight-soft_100_c6c2c8_1x100.png HTTP/1.1" 404 1117
186.103.159.230 - - [13/Mar/2017:11:20:48 -0300] "GET /cormun/static/Shared/jqueryui/images/ui-icons_82798d_256x240.png HTTP/1.1" 404 1089
186.103.159.230 - - [13/Mar/2017:11:20:48 -0300] "GET /cormun/static/Shared/jqueryui/images/ui-bg_flat_55_fafafa_40x100.png HTTP/1.1" 404 1097
186.103.159.230 - - [13/Mar/2017:11:20:48 -0300] "GET /cormun/static/Shared/jqueryui/images/ui-icons_8d78a5_256x240.png HTTP/1.1" 404 1089
