201.236.61.235 - - [13/Mar/2017:13:09:35 -0300] "GET /cormun/static/PXToolsJavascripts/pexe_scrolldiv.js HTTP/1.1" 304 -
201.236.61.235 - - [13/Mar/2017:13:09:35 -0300] "GET /cormun/static/PXToolsJavascripts/pexe_tabdivfix.js HTTP/1.1" 304 -
201.236.61.235 - - [13/Mar/2017:13:09:35 -0300] "GET /cormun/static/PXToolsJavascripts/pexe_tabs.js HTTP/1.1" 304 -
201.236.61.235 - - [13/Mar/2017:13:09:35 -0300] "GET /cormun/static/PXToolsJavascripts/pexe_upload.js HTTP/1.1" 304 -
201.236.61.235 - - [13/Mar/2017:13:09:35 -0300] "GET /cormun/static/PXToolsJavascripts/PXToolsJavascriptsRender.js HTTP/1.1" 304 -
201.236.61.235 - - [13/Mar/2017:13:09:35 -0300] "GET /cormun/static/Shared/ext/locale/ext-lang-en.js HTTP/1.1" 304 -
201.236.61.235 - - [13/Mar/2017:13:09:35 -0300] "GET /cormun/static/messages.spa.js?85251 HTTP/1.1" 304 -
192.168.10.96 - - [13/Mar/2017:13:09:35 -0300] "GET /cormun/servlet/vesolicitudnombre?2017,4923,,SolicitudOTAdjuntos HTTP/1.1" 200 10190
201.236.61.235 - - [13/Mar/2017:13:09:35 -0300] "GET /cormun/static/gxdec.js?85251 HTTP/1.1" 304 -
192.168.10.96 - - [13/Mar/2017:13:09:35 -0300] "POST /cormun/servlet/acontrolpreferencessavestate?None,DZAMUDIO,true HTTP/1.1" 200 35
201.236.61.235 - - [13/Mar/2017:13:09:35 -0300] "GET /cormun/static/trsolicitudot.js?20171191045625 HTTP/1.1" 304 -
201.236.61.235 - - [13/Mar/2017:13:09:36 -0300] "GET /cormun/static/hwchdr01.js?201612218432057 HTTP/1.1" 304 -
201.236.61.235 - - [13/Mar/2017:13:09:36 -0300] "GET /cormun/static/hpexe_recentlink.js?201610171694390 HTTP/1.1" 304 -
201.236.61.235 - - [13/Mar/2017:13:09:36 -0300] "GET /cormun/static/hpexe_scripts.js?201612218432016 HTTP/1.1" 304 -
201.236.61.235 - - [13/Mar/2017:13:09:36 -0300] "GET /cormun/static/hpexe_messagecontroller.js?201610171694323 HTTP/1.1" 304 -
201.236.61.235 - - [13/Mar/2017:13:09:36 -0300] "GET /cormun/static/hpexe_messagepopupcomponent.js?20161017169425 HTTP/1.1" 304 -
201.236.61.235 - - [13/Mar/2017:13:09:36 -0300] "GET /cormun/static/hpexe_messagegenexuscomponent.js?201612218431816 HTTP/1.1" 304 -
201.236.61.235 - - [13/Mar/2017:13:09:36 -0300] "GET /cormun/static/cmcontrolpreferences.js?201612218431999 HTTP/1.1" 304 -
201.236.61.235 - - [13/Mar/2017:13:09:36 -0300] "GET /cormun/static/Resources/PXToolsHeaderActionsBackground.png HTTP/1.1" 304 -
201.236.61.235 - - [13/Mar/2017:13:09:36 -0300] "GET /cormun/static/Resources/PXToolsHeaderLogin.png HTTP/1.1" 304 -
201.236.61.235 - - [13/Mar/2017:13:09:36 -0300] "GET /cormun/static/Resources/PXToolsHeaderActionsRight.png HTTP/1.1" 304 -
201.236.61.235 - - [13/Mar/2017:13:09:36 -0300] "GET /cormun/static/Resources/PXToolsHeaderActionsLeft.png HTTP/1.1" 304 -
201.236.61.235 - - [13/Mar/2017:13:09:36 -0300] "GET /cormun/static/Resources/PXToolsFooterBackground2.png HTTP/1.1" 304 -
201.236.61.235 - - [13/Mar/2017:13:09:36 -0300] "GET /cormun/static/Resources/PXToolsHeaderSecurity.png HTTP/1.1" 304 -
201.236.61.235 - - [13/Mar/2017:13:09:36 -0300] "GET /cormun/static/Resources/PXToolsHeaderPreferences.png HTTP/1.1" 304 -
201.236.61.235 - - [13/Mar/2017:13:09:36 -0300] "GET /cormun/static/Resources/PXToolsHeaderHome.png HTTP/1.1" 304 -
201.236.61.235 - - [13/Mar/2017:13:09:36 -0300] "GET /cormun/static/Resources/PXToolsGridLastDisabled.gif HTTP/1.1" 304 -
201.236.61.235 - - [13/Mar/2017:13:09:36 -0300] "GET /cormun/static/Resources/PXToolsGridPreviousDisabled.gif HTTP/1.1" 304 -
201.236.61.235 - - [13/Mar/2017:13:09:36 -0300] "GET /cormun/static/Resources/PXToolsGridPage.gif HTTP/1.1" 304 -
201.236.61.235 - - [13/Mar/2017:13:09:36 -0300] "GET /cormun/static/Resources/PXToolsGridNew.png HTTP/1.1" 304 -
201.236.61.235 - - [13/Mar/2017:13:09:36 -0300] "GET /cormun/static/Resources/PXToolsGridFirstDisabled.gif HTTP/1.1" 304 -
201.236.61.235 - - [13/Mar/2017:13:09:36 -0300] "GET /cormun/static/Resources/PXToolsActionExcel.png HTTP/1.1" 304 -
201.236.61.235 - - [13/Mar/2017:13:09:36 -0300] "GET /cormun/static/Resources/PXToolsGridNextDisabled.gif HTTP/1.1" 304 -
201.236.61.235 - - [13/Mar/2017:13:09:36 -0300] "GET /cormun/static/Shared/jquery/jquery-1.4.2.min.js HTTP/1.1" 304 -
201.236.61.235 - - [13/Mar/2017:13:09:36 -0300] "GET /cormun/static/Shared/jquery/jquery-1.10.2.min.js HTTP/1.1" 304 -
201.236.61.235 - - [13/Mar/2017:13:09:36 -0300] "GET /cormun/static/Shared/jqueryui/jquery-ui.min.js HTTP/1.1" 304 -
201.236.61.235 - - [13/Mar/2017:13:09:36 -0300] "GET /cormun/static/SmoothNavMenu/resources/ddsmoothmenu.js HTTP/1.1" 304 -
201.236.61.235 - - [13/Mar/2017:13:09:36 -0300] "GET /cormun/static/SmoothNavMenu/resources/SmoothNavMenuRender.js HTTP/1.1" 304 -
201.236.61.235 - - [13/Mar/2017:13:09:36 -0300] "GET /cormun/static/scaMessage/js/jquery.pnotify.min.js HTTP/1.1" 304 -
201.236.61.235 - - [13/Mar/2017:13:09:36 -0300] "GET /cormun/static/scaMessage/scaMessageRender.js HTTP/1.1" 304 -
201.236.61.235 - - [13/Mar/2017:13:09:36 -0300] "GET /cormun/static/hmpwkw03.js?20161221852152 HTTP/1.1" 304 -
201.236.61.235 - - [13/Mar/2017:13:09:36 -0300] "GET /cormun/static/Resources/logo4.png HTTP/1.1" 304 -
201.236.61.235 - - [13/Mar/2017:13:09:36 -0300] "GET /cormun/static/Resources/PXTools/calendar.png HTTP/1.1" 304 -
201.236.61.235 - - [13/Mar/2017:13:09:36 -0300] "GET /cormun/static/Resources/PXToolsDataSearch.png HTTP/1.1" 304 -
201.236.61.235 - - [13/Mar/2017:13:09:37 -0300] "GET /cormun//static/Resources/PXToolsActionView.png HTTP/1.1" 304 -
201.236.61.235 - - [13/Mar/2017:13:09:37 -0300] "GET /cormun//static/Resources/PXToolsGridUpdate.png HTTP/1.1" 304 -
201.236.61.235 - - [13/Mar/2017:13:09:37 -0300] "GET /cormun//static/Resources/PXToolsGridDelete.png HTTP/1.1" 304 -
201.236.61.235 - - [13/Mar/2017:13:09:37 -0300] "GET /cormun//static/Resources/PXTools/ActionInsert.png HTTP/1.1" 304 -
201.236.61.235 - - [13/Mar/2017:13:09:37 -0300] "GET /cormun/static/Resources/indicator.gif HTTP/1.1" 304 -
201.236.61.235 - - [13/Mar/2017:13:09:37 -0300] "GET /cormun/static/Resources/asc.gif HTTP/1.1" 304 -
201.236.61.235 - - [13/Mar/2017:13:09:37 -0300] "GET /cormun/static/Resources/desc.gif HTTP/1.1" 304 -
201.236.61.235 - - [13/Mar/2017:13:09:37 -0300] "GET /cormun/servlet/trsolicitudot HTTP/1.1" 200 8085
201.236.61.235 - - [13/Mar/2017:13:09:37 -0300] "GET /cormun/static/SmoothNavMenu/resources/images/down.gif HTTP/1.1" 304 -
201.236.61.235 - - [13/Mar/2017:13:09:37 -0300] "GET /cormun/static/SmoothNavMenu/resources/images/right.gif HTTP/1.1" 304 -
201.236.61.235 - - [13/Mar/2017:13:09:37 -0300] "GET /cormun//static/Resources/PXToolsRemoveAllAction.png HTTP/1.1" 304 -
201.236.61.235 - - [13/Mar/2017:13:09:37 -0300] "GET /cormun/static/Shared/ext/resources/themes/images/default/panel/bg-headersPanel.png HTTP/1.1" 304 -
201.236.61.235 - - [13/Mar/2017:13:09:37 -0300] "GET /cormun/static/Shared/ext/resources/themes/images/default/tools/tool-sprites.gif HTTP/1.1" 304 -
192.168.10.96 - - [13/Mar/2017:13:09:37 -0300] "GET /cormun/PublicTempStorage/img_04759876241.JPG HTTP/1.1" 200 1627446
186.79.113.67 - - [13/Mar/2017:13:09:44 -0300] "GET /cormun/servlet/solicitudot?45fd4664ac753976648a081759552dbbe09326aeb41acfd8cf18ee1aa38703c15bec50ec8215eaa54fe7c20c0ce88f49,gx-no-cache=1489421454157 HTTP/1.1" 200 30
192.168.10.96 - - [13/Mar/2017:13:09:51 -0300] "GET /cormun/servlet/vesolicitudnombre?2017,4923,,SolicitudOTAdjuntos HTTP/1.1" 200 10189
192.168.10.96 - - [13/Mar/2017:13:09:53 -0300] "GET /cormun/servlet/vesolicitudnombre?2017,4923,,SolicitudOTAdjuntos HTTP/1.1" 200 10190
192.168.10.96 - - [13/Mar/2017:13:09:53 -0300] "POST /cormun/servlet/acontrolpreferencessavestate?None,DZAMUDIO,true HTTP/1.1" 200 35
201.236.61.235 - - [13/Mar/2017:13:09:58 -0300] "POST /cormun/servlet/trsolicitudot?e4ce4d06629f63478e0aea4c870cafa6,gx-no-cache=1489421466977 HTTP/1.1" 200 4334
201.236.61.235 - - [13/Mar/2017:13:09:59 -0300] "POST /cormun/servlet/trsolicitudot?e4ce4d06629f63478e0aea4c870cafa6,gx-no-cache=1489421467742 HTTP/1.1" 200 4115
201.236.61.235 - - [13/Mar/2017:13:10:10 -0300] "GET /cormun/servlet/trautorizarsolicitud? HTTP/1.1" 200 8029
201.236.61.235 - - [13/Mar/2017:13:10:11 -0300] "GET /cormun/static/gxcfg.js?2017259112829 HTTP/1.1" 304 -
201.236.61.235 - - [13/Mar/2017:13:10:11 -0300] "GET /cormun/static/trautorizarsolicitud.js?2017259113483 HTTP/1.1" 304 -
201.236.61.235 - - [13/Mar/2017:13:10:12 -0300] "GET /cormun/servlet/trautorizarsolicitud? HTTP/1.1" 200 8028
201.236.61.235 - - [13/Mar/2017:13:10:14 -0300] "POST /cormun/servlet/acontrolpreferencessavestate?None,CALCAINO,true HTTP/1.1" 200 35
201.236.61.235 - - [13/Mar/2017:13:10:33 -0300] "POST /cormun/servlet/trautorizarsolicitud?e4ce4d06629f63478e0aea4c870cafa6,,gx-no-cache=1489421501981 HTTP/1.1" 200 4323
201.236.61.235 - - [13/Mar/2017:13:10:34 -0300] "POST /cormun/servlet/trautorizarsolicitud?e4ce4d06629f63478e0aea4c870cafa6,,gx-no-cache=1489421503026 HTTP/1.1" 200 4105
201.236.61.235 - - [13/Mar/2017:13:10:41 -0300] "GET /cormun/servlet/trvisualizadoreventos? HTTP/1.1" 200 6597
201.236.61.235 - - [13/Mar/2017:13:10:42 -0300] "GET /cormun/static/gxcfg.js?2016101716203350 HTTP/1.1" 304 -
201.236.61.235 - - [13/Mar/2017:13:10:42 -0300] "GET /cormun/static/trvisualizadoreventos.js?2016101716203614 HTTP/1.1" 304 -
201.236.61.235 - - [13/Mar/2017:13:10:43 -0300] "GET /cormun/servlet/trvisualizadoreventos? HTTP/1.1" 200 6596
201.236.61.235 - - [13/Mar/2017:13:10:45 -0300] "POST /cormun/servlet/acontrolpreferencessavestate?None,CALCAINO,true HTTP/1.1" 200 35
201.236.61.235 - - [13/Mar/2017:13:10:50 -0300] "POST /cormun/servlet/trvisualizadoreventos?e4ce4d06629f63478e0aea4c870cafa6,,gx-no-cache=1489421519574 HTTP/1.1" 200 4322
201.236.61.235 - - [13/Mar/2017:13:11:05 -0300] "GET /cormun/servlet/trautorizarsolicitud? HTTP/1.1" 200 6783
201.236.61.235 - - [13/Mar/2017:13:11:06 -0300] "GET /cormun/servlet/trautorizarsolicitud? HTTP/1.1" 200 6782
201.236.61.235 - - [13/Mar/2017:13:11:14 -0300] "POST /cormun/servlet/trautorizarsolicitud?e4ce4d06629f63478e0aea4c870cafa6,,gx-no-cache=1489421543575 HTTP/1.1" 200 4132
201.236.61.235 - - [13/Mar/2017:13:11:21 -0300] "POST /cormun/servlet/trautorizarsolicitud?e4ce4d06629f63478e0aea4c870cafa6,,gx-no-cache=1489421550546 HTTP/1.1" 200 5414
201.236.61.235 - - [13/Mar/2017:13:11:33 -0300] "GET /cormun/servlet/veautorizarsolicitud?2017,5464,, HTTP/1.1" 200 8034
201.236.61.235 - - [13/Mar/2017:13:11:34 -0300] "GET /cormun/static/gxcfg.js?20161221854380 HTTP/1.1" 200 953
201.236.61.235 - - [13/Mar/2017:13:11:34 -0300] "GET /cormun/static/hwcviewtabs.js?201612218431866 HTTP/1.1" 304 -
201.236.61.235 - - [13/Mar/2017:13:11:34 -0300] "GET /cormun/static/hpexe_tabsview.js?201610171694228 HTTP/1.1" 304 -
201.236.61.235 - - [13/Mar/2017:13:11:34 -0300] "GET /cormun/static/tbautorizarsolicitud01.js?20171102163122 HTTP/1.1" 304 -
201.236.61.235 - - [13/Mar/2017:13:11:34 -0300] "GET /cormun/pexe_scrolldiv.js HTTP/1.1" 404 1009
201.236.61.235 - - [13/Mar/2017:13:11:34 -0300] "GET /cormun/static/veautorizarsolicitud.js?20161221854433 HTTP/1.1" 304 -
201.236.61.235 - - [13/Mar/2017:13:11:36 -0300] "GET /cormun/servlet/veautorizarsolicitud?2017,5464,, HTTP/1.1" 200 8032
192.168.10.96 - - [13/Mar/2017:13:14:00 -0300] "GET /cormun/servlet/trconsultaempleado? HTTP/1.1" 200 6546
192.168.10.96 - - [13/Mar/2017:13:14:01 -0300] "GET /cormun/servlet/trconsultaempleado? HTTP/1.1" 200 6529
192.168.10.96 - - [13/Mar/2017:13:14:11 -0300] "POST /cormun/servlet/trconsultaempleado?78dda81e7ebb47d2d616dd72506ecdb4,,gx-no-cache=1489424934234 HTTP/1.1" 200 4408
192.168.10.96 - - [13/Mar/2017:13:14:13 -0300] "GET /cormun/servlet/trsolicitudnombre?15125831, HTTP/1.1" 200 7175
192.168.10.96 - - [13/Mar/2017:13:14:13 -0300] "GET /cormun/servlet/trsolicitudnombre?15125831, HTTP/1.1" 200 7175
192.168.10.96 - - [13/Mar/2017:13:14:15 -0300] "GET /cormun/servlet/vesolicitudnombre?2017,5044,, HTTP/1.1" 200 8349
192.168.10.96 - - [13/Mar/2017:13:14:15 -0300] "GET /cormun/pexe_scrolldiv.js HTTP/1.1" 404 1009
192.168.10.96 - - [13/Mar/2017:13:14:15 -0300] "GET /cormun/pexe_scrolldiv.js HTTP/1.1" 404 1009
192.168.10.96 - - [13/Mar/2017:13:14:16 -0300] "GET /cormun/servlet/vesolicitudnombre?2017,5044,, HTTP/1.1" 200 8342
192.168.10.96 - - [13/Mar/2017:13:14:17 -0300] "GET /cormun/servlet/vesolicitudnombre?2017,5044,,SolicitudOTAdjuntos HTTP/1.1" 200 10295
192.168.10.96 - - [13/Mar/2017:13:14:17 -0300] "GET /cormun/pexe_scrolldiv.js HTTP/1.1" 404 1009
192.168.10.96 - - [13/Mar/2017:13:14:17 -0300] "GET /cormun/pexe_scrolldiv.js HTTP/1.1" 404 1009
192.168.10.96 - - [13/Mar/2017:13:14:18 -0300] "GET /cormun/servlet/vesolicitudnombre?2017,5044,,SolicitudOTAdjuntos HTTP/1.1" 200 10301
192.168.10.96 - - [13/Mar/2017:13:14:18 -0300] "POST /cormun/servlet/acontrolpreferencessavestate?None,DZAMUDIO,true HTTP/1.1" 200 35
192.168.10.96 - - [13/Mar/2017:13:14:19 -0300] "GET /cormun/PublicTempStorage/c._antecedentes1678855.pdf HTTP/1.1" 200 262055
186.79.113.67 - - [13/Mar/2017:13:14:59 -0300] "POST /cormun/servlet/solicitudot?gx-no-cache=1489421768319 HTTP/1.1" 200 297
186.79.113.67 - - [13/Mar/2017:13:14:59 -0300] "GET /cormun/servlet/solicitudot?45fd4664ac753976648a081759552dbb1a165df172eb686d82801e90fdc3bea6ca092f7b05030e101d98740d22702e89edd8ec41d6b49ac08b32cee3eba1d83f488a68fc9de04be46df2c603842df677da217f9afdc437ab90424aa81f7efd7bc86cbb65accb6d81fb2b8372f02bf41451830fd8485cc488b590bc58ec458fd982c011527d6d562c9a20411e45e6b79b2c6a6ec2ba6353da69d43713fed87416698e384295218c843a95c3f7d2f85892ed9028a65e62e42d0a6a2c8027c4f05e734f2968aa34ace0ffccabf4df316eb3f70e7d1aa1c871f3c53b4ad35695e1e5b7aaf068d9b9c487a603ba8bfd4fc037d7161af1b4c6290f3e116d2eca1f2d12b09bb372271e8bd6be587c047326f7b049ef5802152060106601a2dfcd2c501a1e5000dfc8ba525cd44819ed679ac0ad7ba8b080dc286e00d35a23b79fee2e3b04196ff35534107c421ba67efef99dfb209b49d0ac72bd60eaa63ca2850ea562638ffc55f3eb1413da834ac7beda83e4eb050f2136fa3311ac1f6b8ca655d3ece5b1060a4615f87228965fb6d2b43354,gx-no-cache=1489421768699 HTTP/1.1" 200 30
186.79.113.67 - - [13/Mar/2017:13:15:01 -0300] "POST /cormun/servlet/solicitudot?gx-no-cache=1489421771060 HTTP/1.1" 200 30
190.101.9.138 - - [13/Mar/2017:13:15:32 -0300] "GET /cormun/servlet/hlogin HTTP/1.1" 200 1720
186.79.113.67 - - [13/Mar/2017:13:15:42 -0300] "POST /cormun/servlet/solicitudot?gx-no-cache=1489421811853 HTTP/1.1" 200 256
186.79.113.67 - - [13/Mar/2017:13:15:45 -0300] "GET /cormun/servlet/solicitudot?45fd4664ac753976648a081759552dbb1a165df172eb686d82801e90fdc3bea6ef464861bb19032137c2c0f8b53e3ecaedd8ec41d6b49ac08b32cee3eba1d83f488a68fc9de04be46df2c603842df677da217f9afdc437ab90424aa81f7efd7bc86cbb65accb6d81fb2b8372f02bf41451830fd8485cc488b590bc58ec458fd982c011527d6d562c9a20411e45e6b79b2c6a6ec2ba6353da69d43713fed87416698e384295218c843a95c3f7d2f85892ed9028a65e62e42d0a6a2c8027c4f05e734f2968aa34ace0ffccabf4df316eb3f70e7d1aa1c871f3c53b4ad35695e1e5b7aaf068d9b9c487a603ba8bfd4fc0373a4b39e75fa209de1196df43f5d0a1f5b09bb372271e8bd6be587c047326f7b0e9dabeb36cf052fe1659e01eb91445fbc02feeb72c3ec29c3e6c18e64c2b6d094b4b35c12ba217f77ef29053740058bf89458b5bfde2262f1fc56b748a9dd93731139e077a25025f0b6c09b8523257bcd4a30a88e05a12e0898ebcd0d990644ba6ed7593c582f871d503b6dd488ae259,gx-no-cache=1489421815090 HTTP/1.1" 200 30
186.79.113.67 - - [13/Mar/2017:13:15:49 -0300] "POST /cormun/servlet/solicitudot?gx-no-cache=1489421818454 HTTP/1.1" 200 30
186.79.113.67 - - [13/Mar/2017:13:15:49 -0300] "POST /cormun/servlet/solicitudot?gx-no-cache=1489421818617 HTTP/1.1" 200 235
186.79.113.67 - - [13/Mar/2017:13:15:49 -0300] "POST /cormun/servlet/solicitudot?gx-no-cache=1489421818789 HTTP/1.1" 200 38
186.79.113.67 - - [13/Mar/2017:13:16:34 -0300] "GET /cormun/servlet/solicitudot?45fd4664ac753976648a081759552dbb91a00be8e30bf64cbcd22aa43049c34b988d8db542113c36739cdb72fef5473dc38835a94c9164b48aa429e159afea23334d572457d08805bf6f7160ddd1c70362573e154619ebb2609eeb5803a7b3eac339391b4a45cf7768b9da1bdf2a33bc,gx-no-cache=1489421863640 HTTP/1.1" 200 29
186.79.113.67 - - [13/Mar/2017:13:16:34 -0300] "POST /cormun/servlet/solicitudot?gx-no-cache=1489421863833 HTTP/1.1" 200 643
186.79.113.67 - - [13/Mar/2017:13:16:35 -0300] "POST /cormun/servlet/solicitudot?gx-no-cache=1489421865138 HTTP/1.1" 200 1157
192.168.10.89 - - [13/Mar/2017:13:16:49 -0300] "POST /cormun/servlet/hlogin?13f787222cb2565a1ab7e4066310c96c,gx-no-cache=1489425091886 HTTP/1.1" 200 90
192.168.10.89 - - [13/Mar/2017:13:16:49 -0300] "GET /cormun/servlet/hpexe_link HTTP/1.1" 200 956
192.168.10.89 - - [13/Mar/2017:13:16:52 -0300] "GET /cormun/servlet/hhome HTTP/1.1" 200 4389
186.79.113.67 - - [13/Mar/2017:13:17:27 -0300] "GET /cormun/servlet/solicitudot?45fd4664ac753976648a081759552dbb5fe61d7f6da192fbfebeab9459f0f0efc5bdd914fbdd9c596ad24613461ed8d1c0f375b7dec410368a05678a4dc94403789a01693026ae6ecae4facb66f343d05da91ca81f0edec1ba8a4f870d35bee7e5c3973f71fefad99a8b784909d46f8c6824416ce7435bc116cb463d531405688b34467388699ab45a8dce74e28cc718741fceff48ee35cc51abf420c576d591909ecf14913de83bdf19b064e5d0ae9a,gx-no-cache=1489421916946 HTTP/1.1" 200 30
192.168.10.89 - - [13/Mar/2017:13:17:37 -0300] "GET /cormun/servlet/trsolicitudgral? HTTP/1.1" 200 12637
192.168.10.89 - - [13/Mar/2017:13:17:49 -0300] "POST /cormun/servlet/trsolicitudgral?13f787222cb2565a1ab7e4066310c96c,,gx-no-cache=1489425149700 HTTP/1.1" 200 21825
192.168.10.89 - - [13/Mar/2017:13:18:07 -0300] "POST /cormun/servlet/trsolicitudgral?13f787222cb2565a1ab7e4066310c96c,,gx-no-cache=1489425167173 HTTP/1.1" 200 105
192.168.10.89 - - [13/Mar/2017:13:18:07 -0300] "GET /cormun/SolicitudGral-6041.xls HTTP/1.1" 200 179200
192.168.10.89 - - [13/Mar/2017:13:18:11 -0300] "OPTIONS /cormun/ HTTP/1.1" 200 -
192.168.10.89 - - [13/Mar/2017:13:18:11 -0300] "HEAD /cormun/SolicitudGral-6041.xls HTTP/1.1" 200 -
192.168.10.89 - - [13/Mar/2017:13:18:11 -0300] "OPTIONS /cormun HTTP/1.1" 302 -
192.168.10.89 - - [13/Mar/2017:13:18:11 -0300] "OPTIONS /cormun/ HTTP/1.1" 200 -
192.168.10.89 - - [13/Mar/2017:13:18:11 -0300] "PROPFIND /cormun HTTP/1.1" 302 -
192.168.10.89 - - [13/Mar/2017:13:18:11 -0300] "PROPFIND /cormun/ HTTP/1.1" 501 1141
192.168.10.89 - - [13/Mar/2017:13:18:11 -0300] "PROPFIND /cormun HTTP/1.1" 302 -
192.168.10.89 - - [13/Mar/2017:13:18:11 -0300] "PROPFIND /cormun/ HTTP/1.1" 501 1141
192.168.10.89 - - [13/Mar/2017:13:18:11 -0300] "HEAD /cormun/SolicitudGral-6041.xls HTTP/1.1" 200 -
192.168.10.89 - - [13/Mar/2017:13:18:12 -0300] "PROPFIND / HTTP/1.1" 200 11217
192.168.10.89 - - [13/Mar/2017:13:18:12 -0300] "PROPFIND / HTTP/1.1" 200 11217
192.168.10.89 - - [13/Mar/2017:13:18:15 -0300] "PROPFIND /cormun HTTP/1.1" 302 -
192.168.10.89 - - [13/Mar/2017:13:18:15 -0300] "PROPFIND /cormun/ HTTP/1.1" 501 1141
192.168.10.89 - - [13/Mar/2017:13:18:15 -0300] "PROPFIND /cormun HTTP/1.1" 302 -
192.168.10.89 - - [13/Mar/2017:13:18:15 -0300] "PROPFIND /cormun/ HTTP/1.1" 501 1141
192.168.10.89 - - [13/Mar/2017:13:18:15 -0300] "GET /cormun/SolicitudGral-6041.xls HTTP/1.1" 200 179200
192.168.10.89 - - [13/Mar/2017:13:18:15 -0300] "HEAD /cormun/SolicitudGral-6041.xls HTTP/1.1" 200 -
186.79.113.67 - - [13/Mar/2017:13:18:35 -0300] "POST /cormun/servlet/solicitudot?6a5d67bae1538bc956a80bc47a920600,INS,0,0,,gx-no-cache=1489421984459 HTTP/1.1" 200 93
186.79.113.67 - - [13/Mar/2017:13:18:36 -0300] "GET /cormun/servlet/hpexe_return? HTTP/1.1" 200 1010
186.79.113.67 - - [13/Mar/2017:13:18:36 -0300] "GET /cormun/servlet/trsolicitudot HTTP/1.1" 200 7998
186.79.113.67 - - [13/Mar/2017:13:18:37 -0300] "GET /cormun/servlet/trsolicitudot HTTP/1.1" 200 7994
186.79.113.67 - - [13/Mar/2017:13:19:10 -0300] "POST /cormun/servlet/trsolicitudot?6a5d67bae1538bc956a80bc47a920600,gx-no-cache=1489422019865 HTTP/1.1" 200 107
186.79.113.67 - - [13/Mar/2017:13:19:10 -0300] "GET /cormun/servlet/trsolicitudadjuntos?2017,5467, HTTP/1.1" 200 5861
186.79.113.67 - - [13/Mar/2017:13:19:11 -0300] "GET /cormun/servlet/trsolicitudadjuntos?2017,5467, HTTP/1.1" 200 5860
186.79.113.67 - - [13/Mar/2017:13:19:15 -0300] "GET /cormun/servlet/solicitudotadjuntos?INS,2017,5467,,1, HTTP/1.1" 200 5794
186.79.113.67 - - [13/Mar/2017:13:19:15 -0300] "GET /cormun/static/about:blank HTTP/1.1" 404 1011
186.79.113.67 - - [13/Mar/2017:13:19:16 -0300] "GET /cormun/servlet/solicitudotadjuntos?INS,2017,5467,,1, HTTP/1.1" 200 5788
186.79.113.67 - - [13/Mar/2017:13:19:16 -0300] "GET /cormun/servlet/solicitudotadjuntos?45fd4664ac753976648a081759552dbb96f50b8686c66e7653a673d843239ff44f9255c79a551861fc41280cc03e78b0,gx-no-cache=1489422025794 HTTP/1.1" 200 30
186.79.113.67 - - [13/Mar/2017:13:19:16 -0300] "POST /cormun/servlet/solicitudotadjuntos?6a5d67bae1538bc956a80bc47a920600,INS,2017,5467,,1,,gx-no-cache=1489422025918 HTTP/1.1" 200 3676
192.168.10.89 - - [13/Mar/2017:13:19:20 -0300] "POST /cormun/servlet/trsolicitudgral?13f787222cb2565a1ab7e4066310c96c,,gx-no-cache=1489425242761 HTTP/1.1" 200 6694
186.79.113.67 - - [13/Mar/2017:13:19:21 -0300] "POST /cormun/servlet/solicitudotadjuntos?gx-no-cache=1489422030660 HTTP/1.1" 200 26
192.168.10.89 - - [13/Mar/2017:13:19:23 -0300] "POST /cormun/servlet/trsolicitudgral?13f787222cb2565a1ab7e4066310c96c,,gx-no-cache=1489425245688 HTTP/1.1" 200 5608
192.168.10.89 - - [13/Mar/2017:13:19:23 -0300] "GET /cormun/static/Shared/jqueryui/images/ui-icons_8d78a5_256x240.png HTTP/1.1" 404 1089
192.168.10.89 - - [13/Mar/2017:13:19:23 -0300] "GET /cormun/static/Shared/jqueryui/images/ui-bg_highlight-soft_100_c6c2c8_1x100.png HTTP/1.1" 404 1117
192.168.10.89 - - [13/Mar/2017:13:19:23 -0300] "GET /cormun/static/Shared/jqueryui/images/ui-icons_82798d_256x240.png HTTP/1.1" 404 1089
192.168.10.89 - - [13/Mar/2017:13:19:23 -0300] "GET /cormun/static/Shared/jqueryui/images/ui-bg_flat_55_fafafa_40x100.png HTTP/1.1" 404 1097
192.168.10.89 - - [13/Mar/2017:13:19:39 -0300] "POST /cormun/servlet/trsolicitudgral?13f787222cb2565a1ab7e4066310c96c,,gx-no-cache=1489425261594 HTTP/1.1" 200 6671
192.168.10.96 - - [13/Mar/2017:13:19:47 -0300] "GET /cormun/servlet/vesolicitudnombre?2017,5044,,SolicitudOTAdjuntos HTTP/1.1" 200 10297
192.168.10.89 - - [13/Mar/2017:13:19:47 -0300] "POST /cormun/servlet/trsolicitudgral?13f787222cb2565a1ab7e4066310c96c,,gx-no-cache=1489425270161 HTTP/1.1" 200 5605
192.168.10.96 - - [13/Mar/2017:13:19:48 -0300] "GET /cormun/servlet/vesolicitudnombre?2017,5044,,SolicitudOTAdjuntos HTTP/1.1" 200 10302
192.168.10.96 - - [13/Mar/2017:13:19:48 -0300] "POST /cormun/servlet/acontrolpreferencessavestate?None,DZAMUDIO,true HTTP/1.1" 200 35
192.168.10.96 - - [13/Mar/2017:13:19:49 -0300] "GET /cormun/servlet/trconsultaempleado? HTTP/1.1" 200 6610
192.168.10.96 - - [13/Mar/2017:13:19:50 -0300] "GET /cormun/servlet/trconsultaempleado? HTTP/1.1" 200 6593
192.168.10.96 - - [13/Mar/2017:13:19:57 -0300] "POST /cormun/servlet/trconsultaempleado?78dda81e7ebb47d2d616dd72506ecdb4,,gx-no-cache=1489425279772 HTTP/1.1" 200 4354
192.168.10.96 - - [13/Mar/2017:13:19:58 -0300] "GET /cormun/servlet/trsolicitudnombre?14024644, HTTP/1.1" 200 7632
192.168.10.96 - - [13/Mar/2017:13:19:58 -0300] "GET /cormun/servlet/trsolicitudnombre?14024644, HTTP/1.1" 200 7635
192.168.10.96 - - [13/Mar/2017:13:20:01 -0300] "GET /cormun/servlet/vesolicitudnombre?2017,5064,, HTTP/1.1" 200 8350
192.168.10.96 - - [13/Mar/2017:13:20:01 -0300] "GET /cormun/pexe_scrolldiv.js HTTP/1.1" 404 1009
192.168.10.96 - - [13/Mar/2017:13:20:01 -0300] "GET /cormun/pexe_scrolldiv.js HTTP/1.1" 404 1009
192.168.10.96 - - [13/Mar/2017:13:20:02 -0300] "GET /cormun/servlet/vesolicitudnombre?2017,5064,, HTTP/1.1" 200 8343
186.79.113.67 - - [13/Mar/2017:13:20:02 -0300] "GET /cormun/servlet/solicitudotadjuntos?45fd4664ac753976648a081759552dbb47397d9acee1e85cd5e4f69854dd65de,gx-no-cache=1489422071805 HTTP/1.1" 200 30
186.79.113.67 - - [13/Mar/2017:13:20:02 -0300] "GET /cormun/servlet/solicitudotadjuntos?45fd4664ac753976648a081759552dbb47397d9acee1e85cd5e4f69854dd65de,gx-no-cache=1489422072017 HTTP/1.1" 200 30
192.168.10.96 - - [13/Mar/2017:13:20:03 -0300] "GET /cormun/servlet/vesolicitudnombre?2017,5064,,SolicitudOTAdjuntos HTTP/1.1" 200 7343
192.168.10.96 - - [13/Mar/2017:13:20:03 -0300] "GET /cormun/pexe_scrolldiv.js HTTP/1.1" 404 1009
192.168.10.96 - - [13/Mar/2017:13:20:03 -0300] "GET /cormun/pexe_scrolldiv.js HTTP/1.1" 404 1009
192.168.10.96 - - [13/Mar/2017:13:20:03 -0300] "GET /cormun/servlet/vesolicitudnombre?2017,5064,,SolicitudOTAdjuntos HTTP/1.1" 200 7344
192.168.10.96 - - [13/Mar/2017:13:20:04 -0300] "POST /cormun/servlet/acontrolpreferencessavestate?None,DZAMUDIO,true HTTP/1.1" 200 35
192.168.10.96 - - [13/Mar/2017:13:20:04 -0300] "POST /cormun/servlet/vesolicitudnombre?78dda81e7ebb47d2d616dd72506ecdb4,2017,5064,,SolicitudOTAdjuntos,gx-no-cache=1489425287490 HTTP/1.1" 200 90
192.168.10.96 - - [13/Mar/2017:13:20:04 -0300] "GET /cormun/servlet/hpexe_link HTTP/1.1" 200 992
192.168.10.96 - - [13/Mar/2017:13:20:05 -0300] "GET /cormun/servlet/trsolicitudnombre?14024644, HTTP/1.1" 200 7633
192.168.10.96 - - [13/Mar/2017:13:20:05 -0300] "GET /cormun/servlet/trsolicitudnombre?14024644, HTTP/1.1" 200 7635
192.168.10.96 - - [13/Mar/2017:13:20:07 -0300] "POST /cormun/servlet/trsolicitudnombre?78dda81e7ebb47d2d616dd72506ecdb4,14024644,,gx-no-cache=1489425290140 HTTP/1.1" 200 90
192.168.10.96 - - [13/Mar/2017:13:20:07 -0300] "GET /cormun/servlet/hpexe_link HTTP/1.1" 200 980
192.168.10.96 - - [13/Mar/2017:13:20:07 -0300] "GET /cormun/servlet/trconsultaempleado? HTTP/1.1" 200 6535
192.168.10.89 - - [13/Mar/2017:13:20:07 -0300] "POST /cormun/servlet/trsolicitudgral?13f787222cb2565a1ab7e4066310c96c,,gx-no-cache=1489425290466 HTTP/1.1" 200 6690
192.168.10.96 - - [13/Mar/2017:13:20:08 -0300] "GET /cormun/servlet/trconsultaempleado? HTTP/1.1" 200 6533
192.168.10.96 - - [13/Mar/2017:13:20:09 -0300] "GET /cormun/servlet/trsolicitudnombre?14024644, HTTP/1.1" 200 7633
192.168.10.96 - - [13/Mar/2017:13:20:10 -0300] "GET /cormun/servlet/trsolicitudnombre?14024644, HTTP/1.1" 200 7634
192.168.10.96 - - [13/Mar/2017:13:20:12 -0300] "GET /cormun/servlet/vesolicitudnombre?2017,5065,, HTTP/1.1" 200 8356
192.168.10.96 - - [13/Mar/2017:13:20:12 -0300] "GET /cormun/pexe_scrolldiv.js HTTP/1.1" 404 1009
192.168.10.96 - - [13/Mar/2017:13:20:12 -0300] "GET /cormun/pexe_scrolldiv.js HTTP/1.1" 404 1009
192.168.10.96 - - [13/Mar/2017:13:20:12 -0300] "GET /cormun/servlet/vesolicitudnombre?2017,5065,, HTTP/1.1" 200 8349
192.168.10.96 - - [13/Mar/2017:13:20:13 -0300] "GET /cormun/servlet/vesolicitudnombre?2017,5065,,SolicitudOTAdjuntos HTTP/1.1" 200 7347
192.168.10.96 - - [13/Mar/2017:13:20:13 -0300] "GET /cormun/pexe_scrolldiv.js HTTP/1.1" 404 1009
192.168.10.96 - - [13/Mar/2017:13:20:13 -0300] "GET /cormun/pexe_scrolldiv.js HTTP/1.1" 404 1009
192.168.10.96 - - [13/Mar/2017:13:20:14 -0300] "GET /cormun/servlet/vesolicitudnombre?2017,5065,,SolicitudOTAdjuntos HTTP/1.1" 200 7348
192.168.10.96 - - [13/Mar/2017:13:20:15 -0300] "POST /cormun/servlet/acontrolpreferencessavestate?None,DZAMUDIO,true HTTP/1.1" 200 35
192.168.10.89 - - [13/Mar/2017:13:20:15 -0300] "POST /cormun/servlet/trsolicitudgral?13f787222cb2565a1ab7e4066310c96c,,gx-no-cache=1489425297996 HTTP/1.1" 200 5620
192.168.10.89 - - [13/Mar/2017:13:20:16 -0300] "POST /cormun/servlet/trsolicitudgral?13f787222cb2565a1ab7e4066310c96c,,gx-no-cache=1489425298916 HTTP/1.1" 200 5407
192.168.10.96 - - [13/Mar/2017:13:20:16 -0300] "POST /cormun/servlet/vesolicitudnombre?78dda81e7ebb47d2d616dd72506ecdb4,2017,5065,,SolicitudOTAdjuntos,gx-no-cache=1489425299279 HTTP/1.1" 200 90
192.168.10.96 - - [13/Mar/2017:13:20:16 -0300] "GET /cormun/servlet/hpexe_link HTTP/1.1" 200 992
192.168.10.96 - - [13/Mar/2017:13:20:16 -0300] "GET /cormun/servlet/trsolicitudnombre?14024644, HTTP/1.1" 200 7634
192.168.10.96 - - [13/Mar/2017:13:20:17 -0300] "GET /cormun/servlet/trsolicitudnombre?14024644, HTTP/1.1" 200 7635
192.168.10.96 - - [13/Mar/2017:13:20:17 -0300] "POST /cormun/servlet/trsolicitudnombre?78dda81e7ebb47d2d616dd72506ecdb4,14024644,,gx-no-cache=1489425300424 HTTP/1.1" 200 90
192.168.10.96 - - [13/Mar/2017:13:20:17 -0300] "GET /cormun/servlet/hpexe_link HTTP/1.1" 200 979
192.168.10.96 - - [13/Mar/2017:13:20:17 -0300] "GET /cormun/servlet/trconsultaempleado HTTP/1.1" 200 6535
192.168.10.96 - - [13/Mar/2017:13:20:18 -0300] "GET /cormun/servlet/trconsultaempleado HTTP/1.1" 200 6533
192.168.10.96 - - [13/Mar/2017:13:20:19 -0300] "GET /cormun/servlet/trsolicitudnombre?14024644, HTTP/1.1" 200 7633
192.168.10.96 - - [13/Mar/2017:13:20:20 -0300] "GET /cormun/servlet/trsolicitudnombre?14024644, HTTP/1.1" 200 7633
192.168.10.96 - - [13/Mar/2017:13:20:21 -0300] "GET /cormun/servlet/vesolicitudnombre?2017,5066,, HTTP/1.1" 200 8356
192.168.10.96 - - [13/Mar/2017:13:20:21 -0300] "GET /cormun/pexe_scrolldiv.js HTTP/1.1" 404 1009
192.168.10.96 - - [13/Mar/2017:13:20:21 -0300] "GET /cormun/pexe_scrolldiv.js HTTP/1.1" 404 1009
192.168.10.96 - - [13/Mar/2017:13:20:22 -0300] "GET /cormun/servlet/vesolicitudnombre?2017,5066,, HTTP/1.1" 200 8349
192.168.10.96 - - [13/Mar/2017:13:20:23 -0300] "GET /cormun/servlet/vesolicitudnombre?2017,5066,,SolicitudOTAdjuntos HTTP/1.1" 200 7347
192.168.10.96 - - [13/Mar/2017:13:20:23 -0300] "GET /cormun/pexe_scrolldiv.js HTTP/1.1" 404 1009
192.168.10.96 - - [13/Mar/2017:13:20:23 -0300] "GET /cormun/pexe_scrolldiv.js HTTP/1.1" 404 1009
192.168.10.96 - - [13/Mar/2017:13:20:23 -0300] "GET /cormun/servlet/vesolicitudnombre?2017,5066,,SolicitudOTAdjuntos HTTP/1.1" 200 7348
192.168.10.96 - - [13/Mar/2017:13:20:24 -0300] "POST /cormun/servlet/acontrolpreferencessavestate?None,DZAMUDIO,true HTTP/1.1" 200 35
192.168.10.89 - - [13/Mar/2017:13:20:30 -0300] "POST /cormun/servlet/trsolicitudgral?13f787222cb2565a1ab7e4066310c96c,,gx-no-cache=1489425313368 HTTP/1.1" 200 7226
186.79.113.67 - - [13/Mar/2017:13:20:32 -0300] "POST /cormun/servlet/solicitudotadjuntos?6a5d67bae1538bc956a80bc47a920600,INS,2017,5467,,1, HTTP/1.1" 200 116
186.79.113.67 - - [13/Mar/2017:13:20:33 -0300] "GET /cormun/servlet/hpexe_return? HTTP/1.1" 200 1028
186.79.113.67 - - [13/Mar/2017:13:20:33 -0300] "GET /cormun/servlet/trsolicitudadjuntos?2017,5467, HTTP/1.1" 200 7947
186.79.113.67 - - [13/Mar/2017:13:20:34 -0300] "GET /cormun/servlet/trsolicitudadjuntos?2017,5467, HTTP/1.1" 200 7942
192.168.10.89 - - [13/Mar/2017:13:20:38 -0300] "POST /cormun/servlet/trsolicitudgral?13f787222cb2565a1ab7e4066310c96c,,gx-no-cache=1489425320741 HTTP/1.1" 200 7011
186.79.113.67 - - [13/Mar/2017:13:20:39 -0300] "GET /cormun/servlet/solicitudotadjuntos?INS,2017,5467,,1, HTTP/1.1" 200 5794
186.79.113.67 - - [13/Mar/2017:13:20:40 -0300] "GET /cormun/static/about:blank HTTP/1.1" 404 1011
186.79.113.67 - - [13/Mar/2017:13:20:40 -0300] "GET /cormun/servlet/solicitudotadjuntos?INS,2017,5467,,1, HTTP/1.1" 200 5788
186.79.113.67 - - [13/Mar/2017:13:20:40 -0300] "GET /cormun/servlet/solicitudotadjuntos?45fd4664ac753976648a081759552dbb96f50b8686c66e7653a673d843239ff44f9255c79a551861fc41280cc03e78b0,gx-no-cache=1489422110319 HTTP/1.1" 200 30
186.79.113.67 - - [13/Mar/2017:13:20:41 -0300] "POST /cormun/servlet/solicitudotadjuntos?6a5d67bae1538bc956a80bc47a920600,INS,2017,5467,,1,,gx-no-cache=1489422110448 HTTP/1.1" 200 3676
186.79.113.67 - - [13/Mar/2017:13:20:44 -0300] "POST /cormun/servlet/solicitudotadjuntos?gx-no-cache=1489422113432 HTTP/1.1" 200 26
192.168.10.89 - - [13/Mar/2017:13:20:50 -0300] "POST /cormun/servlet/trsolicitudgral?13f787222cb2565a1ab7e4066310c96c,,gx-no-cache=1489425332627 HTTP/1.1" 200 6659
186.79.113.67 - - [13/Mar/2017:13:20:51 -0300] "GET /cormun/servlet/solicitudotadjuntos?45fd4664ac753976648a081759552dbb47397d9acee1e85cd5e4f69854dd65de,gx-no-cache=1489422120223 HTTP/1.1" 200 30
186.79.113.67 - - [13/Mar/2017:13:20:51 -0300] "GET /cormun/servlet/solicitudotadjuntos?45fd4664ac753976648a081759552dbb47397d9acee1e85cd5e4f69854dd65de,gx-no-cache=1489422120683 HTTP/1.1" 200 30
186.79.113.67 - - [13/Mar/2017:13:21:01 -0300] "POST /cormun/servlet/solicitudotadjuntos?6a5d67bae1538bc956a80bc47a920600,INS,2017,5467,,1, HTTP/1.1" 200 116
186.79.113.67 - - [13/Mar/2017:13:21:01 -0300] "GET /cormun/servlet/hpexe_return? HTTP/1.1" 200 1028
186.79.113.67 - - [13/Mar/2017:13:21:01 -0300] "GET /cormun/servlet/trsolicitudadjuntos?2017,5467, HTTP/1.1" 200 8154
192.168.10.89 - - [13/Mar/2017:13:21:02 -0300] "POST /cormun/servlet/trsolicitudgral?13f787222cb2565a1ab7e4066310c96c,,gx-no-cache=1489425345183 HTTP/1.1" 200 5586
186.79.113.67 - - [13/Mar/2017:13:21:03 -0300] "GET /cormun/servlet/trsolicitudadjuntos?2017,5467, HTTP/1.1" 200 8148
186.79.113.67 - - [13/Mar/2017:13:21:06 -0300] "GET /cormun/servlet/solicitudotadjuntos?INS,2017,5467,,1, HTTP/1.1" 200 5794
186.79.113.67 - - [13/Mar/2017:13:21:06 -0300] "GET /cormun/static/about:blank HTTP/1.1" 404 1011
186.79.113.67 - - [13/Mar/2017:13:21:06 -0300] "GET /cormun/servlet/solicitudotadjuntos?INS,2017,5467,,1, HTTP/1.1" 200 5788
186.79.113.67 - - [13/Mar/2017:13:21:07 -0300] "GET /cormun/servlet/solicitudotadjuntos?45fd4664ac753976648a081759552dbb96f50b8686c66e7653a673d843239ff44f9255c79a551861fc41280cc03e78b0,gx-no-cache=1489422136825 HTTP/1.1" 200 30
186.79.113.67 - - [13/Mar/2017:13:21:07 -0300] "POST /cormun/servlet/solicitudotadjuntos?6a5d67bae1538bc956a80bc47a920600,INS,2017,5467,,1,,gx-no-cache=1489422136944 HTTP/1.1" 200 3676
186.79.113.67 - - [13/Mar/2017:13:21:10 -0300] "POST /cormun/servlet/solicitudotadjuntos?gx-no-cache=1489422140063 HTTP/1.1" 200 26
192.168.10.89 - - [13/Mar/2017:13:21:12 -0300] "POST /cormun/servlet/trsolicitudgral?13f787222cb2565a1ab7e4066310c96c,,gx-no-cache=1489425355246 HTTP/1.1" 200 7214
186.79.113.67 - - [13/Mar/2017:13:21:17 -0300] "GET /cormun/servlet/solicitudotadjuntos?45fd4664ac753976648a081759552dbb47397d9acee1e85cd5e4f69854dd65de,gx-no-cache=1489422147098 HTTP/1.1" 200 30
186.79.113.67 - - [13/Mar/2017:13:21:17 -0300] "GET /cormun/servlet/solicitudotadjuntos?45fd4664ac753976648a081759552dbb47397d9acee1e85cd5e4f69854dd65de,gx-no-cache=1489422147280 HTTP/1.1" 200 30
192.168.10.96 - - [13/Mar/2017:13:21:24 -0300] "GET /cormun/servlet/trconsultaempleado? HTTP/1.1" 200 6550
192.168.10.96 - - [13/Mar/2017:13:21:24 -0300] "GET /cormun/servlet/trconsultaempleado? HTTP/1.1" 200 6533
192.168.10.96 - - [13/Mar/2017:13:21:29 -0300] "POST /cormun/servlet/trconsultaempleado?78dda81e7ebb47d2d616dd72506ecdb4,,gx-no-cache=1489425371872 HTTP/1.1" 200 4355
186.79.113.67 - - [13/Mar/2017:13:21:30 -0300] "POST /cormun/servlet/solicitudotadjuntos?6a5d67bae1538bc956a80bc47a920600,INS,2017,5467,,1, HTTP/1.1" 200 116
192.168.10.96 - - [13/Mar/2017:13:21:30 -0300] "GET /cormun/servlet/trsolicitudnombre?15105577, HTTP/1.1" 200 8231
186.79.113.67 - - [13/Mar/2017:13:21:30 -0300] "GET /cormun/servlet/hpexe_return? HTTP/1.1" 200 1028
186.79.113.67 - - [13/Mar/2017:13:21:31 -0300] "GET /cormun/servlet/trsolicitudadjuntos?2017,5467, HTTP/1.1" 200 8316
192.168.10.96 - - [13/Mar/2017:13:21:31 -0300] "GET /cormun/servlet/trsolicitudnombre?15105577, HTTP/1.1" 200 8234
186.79.113.67 - - [13/Mar/2017:13:21:32 -0300] "GET /cormun/servlet/trsolicitudadjuntos?2017,5467, HTTP/1.1" 200 8313
192.168.10.96 - - [13/Mar/2017:13:21:34 -0300] "GET /cormun/servlet/vesolicitudnombre?2017,5144,, HTTP/1.1" 200 8376
192.168.10.96 - - [13/Mar/2017:13:21:34 -0300] "GET /cormun/pexe_scrolldiv.js HTTP/1.1" 404 1009
192.168.10.96 - - [13/Mar/2017:13:21:34 -0300] "GET /cormun/pexe_scrolldiv.js HTTP/1.1" 404 1009
192.168.10.96 - - [13/Mar/2017:13:21:34 -0300] "GET /cormun/servlet/vesolicitudnombre?2017,5144,, HTTP/1.1" 200 8369
192.168.10.96 - - [13/Mar/2017:13:21:36 -0300] "GET /cormun/servlet/vesolicitudnombre?2017,5144,,SolicitudOTAdjuntos HTTP/1.1" 200 7348
192.168.10.96 - - [13/Mar/2017:13:21:36 -0300] "GET /cormun/pexe_scrolldiv.js HTTP/1.1" 404 1009
192.168.10.96 - - [13/Mar/2017:13:21:36 -0300] "GET /cormun/pexe_scrolldiv.js HTTP/1.1" 404 1009
192.168.10.96 - - [13/Mar/2017:13:21:36 -0300] "GET /cormun/servlet/vesolicitudnombre?2017,5144,,SolicitudOTAdjuntos HTTP/1.1" 200 7349
186.79.113.67 - - [13/Mar/2017:13:21:37 -0300] "GET /cormun/servlet/solicitudotadjuntos?INS,2017,5467,,1, HTTP/1.1" 200 5794
192.168.10.96 - - [13/Mar/2017:13:21:37 -0300] "POST /cormun/servlet/acontrolpreferencessavestate?None,DZAMUDIO,true HTTP/1.1" 200 35
186.79.113.67 - - [13/Mar/2017:13:21:37 -0300] "GET /cormun/static/about:blank HTTP/1.1" 404 1011
186.79.113.67 - - [13/Mar/2017:13:21:37 -0300] "GET /cormun/servlet/solicitudotadjuntos?INS,2017,5467,,1, HTTP/1.1" 200 5788
186.79.113.67 - - [13/Mar/2017:13:21:38 -0300] "GET /cormun/servlet/solicitudotadjuntos?45fd4664ac753976648a081759552dbb96f50b8686c66e7653a673d843239ff44f9255c79a551861fc41280cc03e78b0,gx-no-cache=1489422167593 HTTP/1.1" 200 30
186.79.113.67 - - [13/Mar/2017:13:21:38 -0300] "POST /cormun/servlet/solicitudotadjuntos?6a5d67bae1538bc956a80bc47a920600,INS,2017,5467,,1,,gx-no-cache=1489422167698 HTTP/1.1" 200 3677
192.168.10.96 - - [13/Mar/2017:13:21:38 -0300] "POST /cormun/servlet/vesolicitudnombre?78dda81e7ebb47d2d616dd72506ecdb4,2017,5144,,SolicitudOTAdjuntos,gx-no-cache=1489425381204 HTTP/1.1" 200 90
192.168.10.96 - - [13/Mar/2017:13:21:38 -0300] "GET /cormun/servlet/hpexe_link HTTP/1.1" 200 992
192.168.10.96 - - [13/Mar/2017:13:21:38 -0300] "GET /cormun/servlet/trsolicitudnombre?15105577, HTTP/1.1" 200 8232
192.168.10.96 - - [13/Mar/2017:13:21:39 -0300] "GET /cormun/servlet/trsolicitudnombre?15105577, HTTP/1.1" 200 8234
192.168.10.96 - - [13/Mar/2017:13:21:41 -0300] "GET /cormun/servlet/vesolicitudnombre?2017,5145,, HTTP/1.1" 200 8373
192.168.10.96 - - [13/Mar/2017:13:21:41 -0300] "GET /cormun/pexe_scrolldiv.js HTTP/1.1" 404 1009
192.168.10.96 - - [13/Mar/2017:13:21:41 -0300] "GET /cormun/pexe_scrolldiv.js HTTP/1.1" 404 1009
186.79.113.67 - - [13/Mar/2017:13:21:41 -0300] "POST /cormun/servlet/solicitudotadjuntos?gx-no-cache=1489422171183 HTTP/1.1" 200 26
192.168.10.96 - - [13/Mar/2017:13:21:41 -0300] "GET /cormun/servlet/vesolicitudnombre?2017,5145,, HTTP/1.1" 200 8366
192.168.10.96 - - [13/Mar/2017:13:21:43 -0300] "GET /cormun/servlet/vesolicitudnombre?2017,5145,,SolicitudOTAdjuntos HTTP/1.1" 200 7344
192.168.10.96 - - [13/Mar/2017:13:21:43 -0300] "GET /cormun/pexe_scrolldiv.js HTTP/1.1" 404 1009
192.168.10.96 - - [13/Mar/2017:13:21:43 -0300] "GET /cormun/pexe_scrolldiv.js HTTP/1.1" 404 1009
192.168.10.96 - - [13/Mar/2017:13:21:43 -0300] "GET /cormun/servlet/vesolicitudnombre?2017,5145,,SolicitudOTAdjuntos HTTP/1.1" 200 7345
192.168.10.96 - - [13/Mar/2017:13:21:44 -0300] "POST /cormun/servlet/acontrolpreferencessavestate?None,DZAMUDIO,true HTTP/1.1" 200 35
192.168.10.96 - - [13/Mar/2017:13:21:46 -0300] "POST /cormun/servlet/vesolicitudnombre?78dda81e7ebb47d2d616dd72506ecdb4,2017,5145,,SolicitudOTAdjuntos,gx-no-cache=1489425389087 HTTP/1.1" 200 90
192.168.10.96 - - [13/Mar/2017:13:21:46 -0300] "GET /cormun/servlet/hpexe_link HTTP/1.1" 200 992
192.168.10.96 - - [13/Mar/2017:13:21:46 -0300] "GET /cormun/servlet/trsolicitudnombre?15105577, HTTP/1.1" 200 8231
192.168.10.96 - - [13/Mar/2017:13:21:47 -0300] "GET /cormun/servlet/trsolicitudnombre?15105577, HTTP/1.1" 200 8232
186.79.113.67 - - [13/Mar/2017:13:21:51 -0300] "POST /cormun/servlet/solicitudotadjuntos?gx-no-cache=1489422181186 HTTP/1.1" 200 26
192.168.10.96 - - [13/Mar/2017:13:22:00 -0300] "GET /cormun/servlet/trconsultaempleado? HTTP/1.1" 200 6534
192.168.10.96 - - [13/Mar/2017:13:22:01 -0300] "GET /cormun/servlet/trconsultaempleado? HTTP/1.1" 200 6534
186.79.113.67 - - [13/Mar/2017:13:22:01 -0300] "GET /cormun/servlet/solicitudotadjuntos?45fd4664ac753976648a081759552dbb47397d9acee1e85cd5e4f69854dd65de,gx-no-cache=1489422190743 HTTP/1.1" 200 30
186.79.113.67 - - [13/Mar/2017:13:22:01 -0300] "GET /cormun/servlet/solicitudotadjuntos?45fd4664ac753976648a081759552dbb47397d9acee1e85cd5e4f69854dd65de,gx-no-cache=1489422190906 HTTP/1.1" 200 30
192.168.10.96 - - [13/Mar/2017:13:22:11 -0300] "POST /cormun/servlet/trconsultaempleado?78dda81e7ebb47d2d616dd72506ecdb4,,gx-no-cache=1489425414090 HTTP/1.1" 200 4331
192.168.10.96 - - [13/Mar/2017:13:22:13 -0300] "GET /cormun/servlet/trsolicitudnombre?17651985, HTTP/1.1" 200 7422
192.168.10.96 - - [13/Mar/2017:13:22:14 -0300] "GET /cormun/servlet/trsolicitudnombre?17651985, HTTP/1.1" 200 7425
186.79.113.67 - - [13/Mar/2017:13:22:16 -0300] "POST /cormun/servlet/solicitudotadjuntos?6a5d67bae1538bc956a80bc47a920600,INS,2017,5467,,1, HTTP/1.1" 200 116
186.79.113.67 - - [13/Mar/2017:13:22:17 -0300] "GET /cormun/servlet/hpexe_return? HTTP/1.1" 200 1028
186.79.113.67 - - [13/Mar/2017:13:22:17 -0300] "GET /cormun/servlet/trsolicitudadjuntos?2017,5467, HTTP/1.1" 200 8456
186.79.113.67 - - [13/Mar/2017:13:22:19 -0300] "GET /cormun/servlet/trsolicitudadjuntos?2017,5467, HTTP/1.1" 200 8455
186.79.113.67 - - [13/Mar/2017:13:22:26 -0300] "GET /cormun/servlet/solicitudotadjuntos?INS,2017,5467,,1, HTTP/1.1" 200 5793
186.79.113.67 - - [13/Mar/2017:13:22:26 -0300] "GET /cormun/static/about:blank HTTP/1.1" 404 1011
186.79.113.67 - - [13/Mar/2017:13:22:27 -0300] "GET /cormun/servlet/solicitudotadjuntos?INS,2017,5467,,1, HTTP/1.1" 200 5787
186.79.113.67 - - [13/Mar/2017:13:22:27 -0300] "GET /cormun/servlet/solicitudotadjuntos?45fd4664ac753976648a081759552dbb96f50b8686c66e7653a673d843239ff44f9255c79a551861fc41280cc03e78b0,gx-no-cache=1489422217169 HTTP/1.1" 200 30
186.79.113.67 - - [13/Mar/2017:13:22:28 -0300] "POST /cormun/servlet/solicitudotadjuntos?6a5d67bae1538bc956a80bc47a920600,INS,2017,5467,,1,,gx-no-cache=1489422217301 HTTP/1.1" 200 3675
186.79.113.67 - - [13/Mar/2017:13:22:32 -0300] "POST /cormun/servlet/solicitudotadjuntos?gx-no-cache=1489422221744 HTTP/1.1" 200 26
186.79.113.67 - - [13/Mar/2017:13:22:49 -0300] "GET /cormun/servlet/solicitudotadjuntos?45fd4664ac753976648a081759552dbb47397d9acee1e85cd5e4f69854dd65de,gx-no-cache=1489422238958 HTTP/1.1" 200 30
186.79.113.67 - - [13/Mar/2017:13:22:49 -0300] "GET /cormun/servlet/solicitudotadjuntos?45fd4664ac753976648a081759552dbb47397d9acee1e85cd5e4f69854dd65de,gx-no-cache=1489422239173 HTTP/1.1" 200 30
186.79.113.67 - - [13/Mar/2017:13:23:23 -0300] "POST /cormun/servlet/solicitudotadjuntos?6a5d67bae1538bc956a80bc47a920600,INS,2017,5467,,1, HTTP/1.1" 200 116
186.79.113.67 - - [13/Mar/2017:13:23:24 -0300] "GET /cormun/servlet/hpexe_return? HTTP/1.1" 200 1028
186.79.113.67 - - [13/Mar/2017:13:23:25 -0300] "GET /cormun/servlet/trsolicitudadjuntos?2017,5467, HTTP/1.1" 200 8608
186.79.113.67 - - [13/Mar/2017:13:23:26 -0300] "GET /cormun/servlet/trsolicitudadjuntos?2017,5467, HTTP/1.1" 200 8606
186.79.113.67 - - [13/Mar/2017:13:23:31 -0300] "GET /cormun/servlet/solicitudotadjuntos?INS,2017,5467,,1, HTTP/1.1" 200 5794
186.79.113.67 - - [13/Mar/2017:13:23:31 -0300] "GET /cormun/static/about:blank HTTP/1.1" 404 1011
186.79.113.67 - - [13/Mar/2017:13:23:31 -0300] "GET /cormun/servlet/solicitudotadjuntos?INS,2017,5467,,1, HTTP/1.1" 200 5789
186.79.113.67 - - [13/Mar/2017:13:23:32 -0300] "GET /cormun/servlet/solicitudotadjuntos?45fd4664ac753976648a081759552dbb96f50b8686c66e7653a673d843239ff44f9255c79a551861fc41280cc03e78b0,gx-no-cache=1489422281884 HTTP/1.1" 200 30
186.79.113.67 - - [13/Mar/2017:13:23:32 -0300] "POST /cormun/servlet/solicitudotadjuntos?6a5d67bae1538bc956a80bc47a920600,INS,2017,5467,,1,,gx-no-cache=1489422282002 HTTP/1.1" 200 3676
192.168.10.89 - - [13/Mar/2017:13:23:38 -0300] "POST /cormun/servlet/trsolicitudgral?13f787222cb2565a1ab7e4066310c96c,,gx-no-cache=1489425500535 HTTP/1.1" 200 6985
186.79.113.67 - - [13/Mar/2017:13:23:38 -0300] "POST /cormun/servlet/solicitudotadjuntos?gx-no-cache=1489422287679 HTTP/1.1" 200 26
186.79.113.67 - - [13/Mar/2017:13:23:44 -0300] "GET /cormun/servlet/solicitudotadjuntos?45fd4664ac753976648a081759552dbb47397d9acee1e85cd5e4f69854dd65de,gx-no-cache=1489422294213 HTTP/1.1" 200 30
186.79.113.67 - - [13/Mar/2017:13:23:44 -0300] "GET /cormun/servlet/solicitudotadjuntos?45fd4664ac753976648a081759552dbb47397d9acee1e85cd5e4f69854dd65de,gx-no-cache=1489422294310 HTTP/1.1" 200 30
186.79.113.67 - - [13/Mar/2017:13:23:45 -0300] "POST /cormun/servlet/solicitudotadjuntos?6a5d67bae1538bc956a80bc47a920600,INS,2017,5467,,1,,gx-no-cache=1489422294389 HTTP/1.1" 200 93
186.79.113.67 - - [13/Mar/2017:13:23:45 -0300] "GET /cormun/servlet/hpexe_return? HTTP/1.1" 200 1028
186.79.113.67 - - [13/Mar/2017:13:23:46 -0300] "GET /cormun/servlet/trsolicitudadjuntos?2017,5467, HTTP/1.1" 200 8781
186.79.113.67 - - [13/Mar/2017:13:23:47 -0300] "GET /cormun/servlet/trsolicitudadjuntos?2017,5467, HTTP/1.1" 200 8778
186.79.113.67 - - [13/Mar/2017:13:24:00 -0300] "GET /cormun/servlet/solicitudotadjuntos?DLT,2017,5467,TITULO,0, HTTP/1.1" 200 5690
186.79.113.67 - - [13/Mar/2017:13:24:00 -0300] "GET /cormun/static/about:blank HTTP/1.1" 404 1011
186.79.113.67 - - [13/Mar/2017:13:24:00 -0300] "GET /cormun/static/Shared/jqueryui/images/ui-icons_82798d_256x240.png HTTP/1.1" 404 1089
186.79.113.67 - - [13/Mar/2017:13:24:00 -0300] "GET /cormun/static/Shared/jqueryui/images/ui-bg_highlight-soft_100_c6c2c8_1x100.png HTTP/1.1" 404 1117
186.79.113.67 - - [13/Mar/2017:13:24:00 -0300] "GET /cormun/static/Shared/jqueryui/images/ui-bg_flat_55_fafafa_40x100.png HTTP/1.1" 404 1097
186.79.113.67 - - [13/Mar/2017:13:24:00 -0300] "GET /cormun/servlet/solicitudotadjuntos?DLT,2017,5467,TITULO,0, HTTP/1.1" 200 5684
186.79.113.67 - - [13/Mar/2017:13:24:00 -0300] "GET /cormun/static/Shared/jqueryui/images/ui-icons_8d78a5_256x240.png HTTP/1.1" 404 1089
186.79.113.67 - - [13/Mar/2017:13:24:04 -0300] "POST /cormun/servlet/solicitudotadjuntos?6a5d67bae1538bc956a80bc47a920600,DLT,2017,5467,TITULO,0,,gx-no-cache=1489422313629 HTTP/1.1" 200 93
186.79.113.67 - - [13/Mar/2017:13:24:04 -0300] "GET /cormun/servlet/hpexe_return? HTTP/1.1" 200 1034
186.79.113.67 - - [13/Mar/2017:13:24:05 -0300] "GET /cormun/servlet/trsolicitudadjuntos?2017,5467, HTTP/1.1" 200 8609
186.79.113.67 - - [13/Mar/2017:13:24:06 -0300] "GET /cormun/servlet/trsolicitudadjuntos?2017,5467, HTTP/1.1" 200 8602
186.79.113.67 - - [13/Mar/2017:13:24:17 -0300] "GET /cormun/servlet/solicitudotadjuntos?INS,2017,5467,,1, HTTP/1.1" 200 5794
186.79.113.67 - - [13/Mar/2017:13:24:17 -0300] "GET /cormun/static/about:blank HTTP/1.1" 404 1011
186.79.113.67 - - [13/Mar/2017:13:24:17 -0300] "GET /cormun/servlet/solicitudotadjuntos?INS,2017,5467,,1, HTTP/1.1" 200 5788
186.79.113.67 - - [13/Mar/2017:13:24:18 -0300] "GET /cormun/servlet/solicitudotadjuntos?45fd4664ac753976648a081759552dbb96f50b8686c66e7653a673d843239ff44f9255c79a551861fc41280cc03e78b0,gx-no-cache=1489422327531 HTTP/1.1" 200 30
186.79.113.67 - - [13/Mar/2017:13:24:18 -0300] "POST /cormun/servlet/solicitudotadjuntos?6a5d67bae1538bc956a80bc47a920600,INS,2017,5467,,1,,gx-no-cache=1489422327633 HTTP/1.1" 200 3676
186.79.113.67 - - [13/Mar/2017:13:24:21 -0300] "POST /cormun/servlet/solicitudotadjuntos?gx-no-cache=1489422331106 HTTP/1.1" 200 26
186.79.113.67 - - [13/Mar/2017:13:24:24 -0300] "GET /cormun/servlet/solicitudotadjuntos?45fd4664ac753976648a081759552dbb47397d9acee1e85cd5e4f69854dd65de,gx-no-cache=1489422333646 HTTP/1.1" 200 30
186.79.113.67 - - [13/Mar/2017:13:24:24 -0300] "GET /cormun/servlet/solicitudotadjuntos?45fd4664ac753976648a081759552dbb47397d9acee1e85cd5e4f69854dd65de,gx-no-cache=1489422333733 HTTP/1.1" 200 30
186.79.113.67 - - [13/Mar/2017:13:24:24 -0300] "POST /cormun/servlet/solicitudotadjuntos?6a5d67bae1538bc956a80bc47a920600,INS,2017,5467,,1,,gx-no-cache=1489422333849 HTTP/1.1" 200 93
186.79.113.67 - - [13/Mar/2017:13:24:24 -0300] "GET /cormun/servlet/hpexe_return? HTTP/1.1" 200 1028
186.79.113.67 - - [13/Mar/2017:13:24:25 -0300] "GET /cormun/servlet/trsolicitudadjuntos?2017,5467, HTTP/1.1" 200 8783
186.79.113.67 - - [13/Mar/2017:13:24:27 -0300] "GET /cormun/servlet/trsolicitudadjuntos?2017,5467, HTTP/1.1" 200 8783
186.79.113.67 - - [13/Mar/2017:13:24:33 -0300] "GET /cormun/servlet/solicitudotadjuntos?DLT,2017,5467,TITULO,0, HTTP/1.1" 200 5691
186.79.113.67 - - [13/Mar/2017:13:24:33 -0300] "GET /cormun/static/about:blank HTTP/1.1" 404 1011
186.79.113.67 - - [13/Mar/2017:13:24:33 -0300] "GET /cormun/servlet/solicitudotadjuntos?DLT,2017,5467,TITULO,0, HTTP/1.1" 200 5685
186.79.113.67 - - [13/Mar/2017:13:24:37 -0300] "POST /cormun/servlet/solicitudotadjuntos?6a5d67bae1538bc956a80bc47a920600,DLT,2017,5467,TITULO,0,,gx-no-cache=1489422346581 HTTP/1.1" 200 93
192.168.10.96 - - [13/Mar/2017:13:24:37 -0300] "GET /cormun/servlet/vesolicitudnombre?2017,5196,, HTTP/1.1" 200 8331
192.168.10.96 - - [13/Mar/2017:13:24:37 -0300] "GET /cormun/pexe_scrolldiv.js HTTP/1.1" 404 1009
186.79.113.67 - - [13/Mar/2017:13:24:37 -0300] "GET /cormun/servlet/hpexe_return? HTTP/1.1" 200 1034
192.168.10.96 - - [13/Mar/2017:13:24:38 -0300] "GET /cormun/pexe_scrolldiv.js HTTP/1.1" 404 1009
192.168.10.96 - - [13/Mar/2017:13:24:38 -0300] "GET /cormun/servlet/vesolicitudnombre?2017,5196,, HTTP/1.1" 200 8324
186.79.113.67 - - [13/Mar/2017:13:24:39 -0300] "GET /cormun/servlet/trsolicitudadjuntos?2017,5467, HTTP/1.1" 200 8606
192.168.10.96 - - [13/Mar/2017:13:24:40 -0300] "GET /cormun/servlet/vesolicitudnombre?2017,5196,,SolicitudOTAdjuntos HTTP/1.1" 200 10155
192.168.10.96 - - [13/Mar/2017:13:24:40 -0300] "GET /cormun/pexe_scrolldiv.js HTTP/1.1" 404 1009
192.168.10.96 - - [13/Mar/2017:13:24:40 -0300] "GET /cormun/pexe_scrolldiv.js HTTP/1.1" 404 1009
186.79.113.67 - - [13/Mar/2017:13:24:40 -0300] "GET /cormun/servlet/trsolicitudadjuntos?2017,5467, HTTP/1.1" 200 8605
192.168.10.96 - - [13/Mar/2017:13:24:40 -0300] "GET /cormun/servlet/vesolicitudnombre?2017,5196,,SolicitudOTAdjuntos HTTP/1.1" 200 10157
192.168.10.96 - - [13/Mar/2017:13:24:41 -0300] "POST /cormun/servlet/acontrolpreferencessavestate?None,DZAMUDIO,true HTTP/1.1" 200 35
186.79.113.67 - - [13/Mar/2017:13:24:47 -0300] "GET /cormun/servlet/solicitudotadjuntos?INS,2017,5467,,1, HTTP/1.1" 200 5794
186.79.113.67 - - [13/Mar/2017:13:24:47 -0300] "GET /cormun/static/about:blank HTTP/1.1" 404 1011
186.79.113.67 - - [13/Mar/2017:13:24:48 -0300] "GET /cormun/servlet/solicitudotadjuntos?INS,2017,5467,,1, HTTP/1.1" 200 5788
186.79.113.67 - - [13/Mar/2017:13:24:48 -0300] "GET /cormun/servlet/solicitudotadjuntos?45fd4664ac753976648a081759552dbb96f50b8686c66e7653a673d843239ff44f9255c79a551861fc41280cc03e78b0,gx-no-cache=1489422357951 HTTP/1.1" 200 30
