186.103.159.230 - - [13/Mar/2017:11:20:49 -0300] "POST /cormun/servlet/trautorizarsolicitud?19cd99000055fafb9d1769f1b2b6be96,,gx-no-cache=1489414918668 HTTP/1.1" 200 5371
186.103.156.24 - - [13/Mar/2017:11:21:15 -0300] "GET /cormun/servlet/licenciaspermisos?89d027b25789ffd393957cc91d33e6c135b8e2773bd2538cdaeb83ab2aed5ae30ba6e853c7e6994beaac256a7c1ec829,gx-no-cache=1489418625816 HTTP/1.1" 200 63
186.103.156.24 - - [13/Mar/2017:11:21:16 -0300] "POST /cormun/servlet/licenciaspermisos?e0f1a924391f52392d39e6b5189b5ac2,INS,0,,,,gx-no-cache=1489418625931 HTTP/1.1" 200 4602
186.103.159.182 - - [13/Mar/2017:11:21:17 -0300] "GET /cormun/servlet/solicitudot?28ecc6336187701ed1766e2057c08e935c92d65161138e25d652e07da6cc6ff1ecaecdf1c8a257edf544058b03b84e31685504c4cf33eb432b85f093da7c3a184964271c0673bcca328fee261f5fbef0896ab41ef06307e6c11090ca008c3fcd8befeef435429043bfb2a4fdbb374f61,gx-no-cache=1489414946948 HTTP/1.1" 200 29
186.103.159.182 - - [13/Mar/2017:11:21:17 -0300] "POST /cormun/servlet/solicitudot?gx-no-cache=1489414947092 HTTP/1.1" 200 1275
186.103.159.182 - - [13/Mar/2017:11:21:27 -0300] "POST /cormun/servlet/solicitudot?gx-no-cache=1489414957318 HTTP/1.1" 200 1157
186.103.159.182 - - [13/Mar/2017:11:21:27 -0300] "GET /cormun/static/menuarrow.gif HTTP/1.1" 404 1015
192.168.10.96 - - [13/Mar/2017:11:21:34 -0300] "GET /cormun/servlet/licenciaspermisos?905883ba3e20f5b0bb3f22256711da83295ec08941263ae03877c44271025d41,gx-no-cache=1489418176968 HTTP/1.1" 200 107
192.168.10.96 - - [13/Mar/2017:11:21:34 -0300] "GET /cormun/static/Shared/jqueryui/images/ui-bg_highlight-soft_100_c6c2c8_1x100.png HTTP/1.1" 404 1117
192.168.10.96 - - [13/Mar/2017:11:21:34 -0300] "GET /cormun/static/Shared/jqueryui/images/ui-icons_82798d_256x240.png HTTP/1.1" 404 1089
192.168.10.96 - - [13/Mar/2017:11:21:34 -0300] "GET /cormun/static/Shared/jqueryui/images/ui-icons_ebccce_256x240.png HTTP/1.1" 404 1089
192.168.10.96 - - [13/Mar/2017:11:21:34 -0300] "GET /cormun/static/Shared/jqueryui/images/ui-bg_flat_55_994d53_40x100.png HTTP/1.1" 404 1097
192.168.10.96 - - [13/Mar/2017:11:21:37 -0300] "GET /cormun/servlet/licenciaspermisos?905883ba3e20f5b0bb3f22256711da83295ec08941263ae03877c44271025d41,gx-no-cache=1489418179669 HTTP/1.1" 200 107
186.103.159.182 - - [13/Mar/2017:11:21:47 -0300] "GET /cormun/servlet/solicitudot?28ecc6336187701ed1766e2057c08e936a8be9608ab970146ff66df691fe719ed9f9b3ef36f101df836420f5ffabde234cbeb9f9b2b11edc82943a729e626fd0bf5f16679c98e314381b75cdcdceb083cbc9625d614c26145c0ec2d76e65de3d61e45153f0401023ebea690dc4e3f5127559505c143388d4b3cec5d1bfe4e75cd1a954dca3572a41b547446d08378816f5a5b1c9ac5ac97197ad4bb3a6ab0fef3905e926f7c67b2afc9321f6a60fab0e,gx-no-cache=1489414977069 HTTP/1.1" 200 30
186.103.157.42 - - [13/Mar/2017:11:22:01 -0300] "POST /cormun/servlet/trsolicitudot?151e7b13bb8bd2a50914276487c14fd2,,gx-no-cache=1489414855631 HTTP/1.1" 440 972
192.168.10.96 - - [13/Mar/2017:11:22:02 -0300] "GET /cormun/servlet/trlicencias? HTTP/1.1" 200 7936
192.168.10.96 - - [13/Mar/2017:11:22:02 -0300] "GET /cormun/servlet/trlicencias? HTTP/1.1" 200 7934
186.103.157.42 - - [13/Mar/2017:11:22:02 -0300] "GET /cormun/servlet/trsolicitudot? HTTP/1.1" 200 7367
186.103.157.42 - - [13/Mar/2017:11:22:03 -0300] "GET /cormun/servlet/hlogin HTTP/1.1" 200 1734
186.103.157.42 - - [13/Mar/2017:11:22:03 -0300] "GET /cormun/servlet/trsolicitudot? HTTP/1.1" 200 7367
186.103.157.42 - - [13/Mar/2017:11:22:05 -0300] "POST /cormun/servlet/hlogin?b5d31186d4ff1c0d4c9fc39313085794,gx-no-cache=1489414859292 HTTP/1.1" 200 90
186.103.157.42 - - [13/Mar/2017:11:22:05 -0300] "GET /cormun/servlet/hpexe_link HTTP/1.1" 200 958
186.103.157.42 - - [13/Mar/2017:11:22:05 -0300] "GET /cormun/servlet/trsolicitudot HTTP/1.1" 200 10398
186.103.157.42 - - [13/Mar/2017:11:22:05 -0300] "GET /cormun/servlet/trsolicitudot HTTP/1.1" 200 10397
186.103.159.182 - - [13/Mar/2017:11:22:10 -0300] "POST /cormun/servlet/solicitudot?e3e0ac1db9979da11c56d610d16c30f6,INS,0,0,,gx-no-cache=1489414998963 HTTP/1.1" 200 93
186.103.159.182 - - [13/Mar/2017:11:22:10 -0300] "GET /cormun/servlet/hpexe_return? HTTP/1.1" 200 1004
186.103.159.182 - - [13/Mar/2017:11:22:10 -0300] "GET /cormun/static/gxcfg.js?2016101716175148 HTTP/1.1" 304 -
186.103.159.182 - - [13/Mar/2017:11:22:10 -0300] "GET /cormun/servlet/trsolicitudot HTTP/1.1" 200 8714
186.103.159.182 - - [13/Mar/2017:11:22:12 -0300] "GET /cormun/servlet/trsolicitudot HTTP/1.1" 200 8710
192.168.10.96 - - [13/Mar/2017:11:22:14 -0300] "POST /cormun/servlet/trlicencias?78dda81e7ebb47d2d616dd72506ecdb4,,gx-no-cache=1489418217413 HTTP/1.1" 200 4089
192.168.10.96 - - [13/Mar/2017:11:22:17 -0300] "POST /cormun/servlet/trlicencias?78dda81e7ebb47d2d616dd72506ecdb4,,gx-no-cache=1489418219744 HTTP/1.1" 200 4091
192.168.10.96 - - [13/Mar/2017:11:22:19 -0300] "POST /cormun/servlet/trlicencias?78dda81e7ebb47d2d616dd72506ecdb4,,gx-no-cache=1489418221848 HTTP/1.1" 200 4092
192.168.10.96 - - [13/Mar/2017:11:22:21 -0300] "POST /cormun/servlet/trlicencias?78dda81e7ebb47d2d616dd72506ecdb4,,gx-no-cache=1489418224085 HTTP/1.1" 200 5324
192.168.10.96 - - [13/Mar/2017:11:22:27 -0300] "POST /cormun/servlet/trlicencias?78dda81e7ebb47d2d616dd72506ecdb4,,gx-no-cache=1489418230010 HTTP/1.1" 200 4089
192.168.10.96 - - [13/Mar/2017:11:22:29 -0300] "POST /cormun/servlet/trlicencias?78dda81e7ebb47d2d616dd72506ecdb4,,gx-no-cache=1489418231944 HTTP/1.1" 200 4090
192.168.10.96 - - [13/Mar/2017:11:22:33 -0300] "POST /cormun/servlet/trlicencias?78dda81e7ebb47d2d616dd72506ecdb4,,gx-no-cache=1489418235879 HTTP/1.1" 200 4092
192.168.10.96 - - [13/Mar/2017:11:22:37 -0300] "POST /cormun/servlet/trlicencias?78dda81e7ebb47d2d616dd72506ecdb4,,gx-no-cache=1489418240240 HTTP/1.1" 200 4088
192.168.10.96 - - [13/Mar/2017:11:22:40 -0300] "POST /cormun/servlet/trlicencias?78dda81e7ebb47d2d616dd72506ecdb4,,gx-no-cache=1489418242918 HTTP/1.1" 200 4090
192.168.10.96 - - [13/Mar/2017:11:22:42 -0300] "POST /cormun/servlet/trlicencias?78dda81e7ebb47d2d616dd72506ecdb4,,gx-no-cache=1489418244837 HTTP/1.1" 200 4091
192.168.10.96 - - [13/Mar/2017:11:22:44 -0300] "POST /cormun/servlet/trlicencias?78dda81e7ebb47d2d616dd72506ecdb4,,gx-no-cache=1489418247088 HTTP/1.1" 200 4092
192.168.10.96 - - [13/Mar/2017:11:22:46 -0300] "POST /cormun/servlet/trlicencias?78dda81e7ebb47d2d616dd72506ecdb4,,gx-no-cache=1489418249022 HTTP/1.1" 200 5324
192.168.10.96 - - [13/Mar/2017:11:23:19 -0300] "POST /cormun/servlet/trlicencias?78dda81e7ebb47d2d616dd72506ecdb4,,gx-no-cache=1489418281792 HTTP/1.1" 200 4090
186.103.159.182 - - [13/Mar/2017:11:23:19 -0300] "POST /cormun/servlet/trsolicitudot?e3e0ac1db9979da11c56d610d16c30f6,gx-no-cache=1489415068797 HTTP/1.1" 200 5865
192.168.10.96 - - [13/Mar/2017:11:23:21 -0300] "POST /cormun/servlet/trlicencias?78dda81e7ebb47d2d616dd72506ecdb4,,gx-no-cache=1489418283822 HTTP/1.1" 200 4093
192.168.10.96 - - [13/Mar/2017:11:23:22 -0300] "POST /cormun/servlet/trlicencias?78dda81e7ebb47d2d616dd72506ecdb4,,gx-no-cache=1489418285487 HTTP/1.1" 200 5323
192.168.10.96 - - [13/Mar/2017:11:23:25 -0300] "POST /cormun/servlet/trlicencias?78dda81e7ebb47d2d616dd72506ecdb4,,gx-no-cache=1489418287807 HTTP/1.1" 200 4090
192.168.10.89 - - [13/Mar/2017:11:23:26 -0300] "POST /cormun/servlet/trsolicitudgral?13f787222cb2565a1ab7e4066310c96c,,gx-no-cache=1489418288882 HTTP/1.1" 200 6726
192.168.10.96 - - [13/Mar/2017:11:23:27 -0300] "POST /cormun/servlet/trlicencias?78dda81e7ebb47d2d616dd72506ecdb4,,gx-no-cache=1489418289887 HTTP/1.1" 200 4092
186.103.159.182 - - [13/Mar/2017:11:23:28 -0300] "GET /cormun/servlet/solicitudot?INS,0,0, HTTP/1.1" 200 12820
186.103.159.182 - - [13/Mar/2017:11:23:30 -0300] "GET /cormun/servlet/solicitudot?INS,0,0, HTTP/1.1" 200 12824
192.168.10.96 - - [13/Mar/2017:11:23:33 -0300] "GET /cormun/servlet/trlicencias? HTTP/1.1" 200 6835
192.168.10.96 - - [13/Mar/2017:11:23:34 -0300] "GET /cormun/servlet/trlicencias? HTTP/1.1" 200 6835
192.168.10.96 - - [13/Mar/2017:11:23:37 -0300] "GET /cormun/servlet/trpermisosgoce? HTTP/1.1" 200 7565
192.168.10.96 - - [13/Mar/2017:11:23:37 -0300] "GET /cormun/static/gxcfg.js?201612262011714 HTTP/1.1" 304 -
192.168.10.96 - - [13/Mar/2017:11:23:37 -0300] "GET /cormun/static/trpermisosgoce.js?201612262012096 HTTP/1.1" 304 -
192.168.10.96 - - [13/Mar/2017:11:23:37 -0300] "GET /cormun/servlet/trpermisosgoce? HTTP/1.1" 200 7565
186.103.159.182 - - [13/Mar/2017:11:23:42 -0300] "GET /cormun/servlet/prfichaempleado?,MD,,gxPopupLevel%3D0%3B HTTP/1.1" 200 8890
192.168.10.96 - - [13/Mar/2017:11:23:44 -0300] "GET /cormun/servlet/trpermisosingoce? HTTP/1.1" 200 6784
192.168.10.96 - - [13/Mar/2017:11:23:45 -0300] "GET /cormun/static/gxcfg.js?2016111619312653 HTTP/1.1" 200 953
192.168.10.96 - - [13/Mar/2017:11:23:45 -0300] "GET /cormun/static/trpermisosingoce.js?2016111619313084 HTTP/1.1" 200 31498
192.168.10.96 - - [13/Mar/2017:11:23:45 -0300] "GET /cormun/servlet/trpermisosingoce? HTTP/1.1" 200 6783
192.168.10.96 - - [13/Mar/2017:11:23:46 -0300] "POST /cormun/servlet/acontrolpreferencessavestate?None,GALVAREZ,true HTTP/1.1" 200 35
192.168.10.96 - - [13/Mar/2017:11:23:47 -0300] "GET /cormun/servlet/trlicencias? HTTP/1.1" 200 6843
192.168.10.96 - - [13/Mar/2017:11:23:47 -0300] "GET /cormun/servlet/trlicencias? HTTP/1.1" 200 6843
192.168.10.96 - - [13/Mar/2017:11:23:52 -0300] "GET /cormun/servlet/licenciaspermisos?INS,0,,, HTTP/1.1" 200 7349
192.168.10.96 - - [13/Mar/2017:11:23:52 -0300] "GET /cormun/servlet/licenciaspermisos?INS,0,,, HTTP/1.1" 200 7349
186.103.159.182 - - [13/Mar/2017:11:23:56 -0300] "POST /cormun/servlet/prfichaempleado?e3e0ac1db9979da11c56d610d16c30f6,,MD,,gxPopupLevel%3D0%3B,gx-no-cache=1489415105544 HTTP/1.1" 200 3385
186.103.159.182 - - [13/Mar/2017:11:24:14 -0300] "POST /cormun/servlet/solicitudot?gx-no-cache=1489415123589 HTTP/1.1" 200 3176
186.103.159.182 - - [13/Mar/2017:11:24:15 -0300] "POST /cormun/servlet/solicitudot?e3e0ac1db9979da11c56d610d16c30f6,INS,0,0,,gx-no-cache=1489415124263 HTTP/1.1" 200 9973
186.103.159.182 - - [13/Mar/2017:11:24:15 -0300] "GET /cormun/servlet/solicitudot?28ecc6336187701ed1766e2057c08e933d849d8ffb41f24ca77f3ececefdba54a0bf8497bc19dd44e43b6aa30c3aef37,gx-no-cache=1489415124820 HTTP/1.1" 200 30
186.103.159.182 - - [13/Mar/2017:11:24:47 -0300] "POST /cormun/servlet/solicitudot?gx-no-cache=1489415156575 HTTP/1.1" 200 297
192.168.10.96 - - [13/Mar/2017:11:25:02 -0300] "GET /cormun/servlet/licenciaspermisos?905883ba3e20f5b0bb3f22256711da83295ec08941263ae03877c44271025d41,gx-no-cache=1489418385556 HTTP/1.1" 200 107
192.168.10.96 - - [13/Mar/2017:11:25:02 -0300] "GET /cormun/static/Shared/jqueryui/images/ui-icons_82798d_256x240.png HTTP/1.1" 404 1089
192.168.10.96 - - [13/Mar/2017:11:25:02 -0300] "GET /cormun/static/Shared/jqueryui/images/ui-bg_highlight-soft_100_c6c2c8_1x100.png HTTP/1.1" 404 1117
192.168.10.96 - - [13/Mar/2017:11:25:02 -0300] "GET /cormun/static/Shared/jqueryui/images/ui-icons_ebccce_256x240.png HTTP/1.1" 404 1089
192.168.10.96 - - [13/Mar/2017:11:25:02 -0300] "GET /cormun/static/Shared/jqueryui/images/ui-bg_flat_55_994d53_40x100.png HTTP/1.1" 404 1097
192.168.10.89 - - [13/Mar/2017:11:25:05 -0300] "GET /cormun/servlet/solicitudgral3?UPD,2017,5270, HTTP/1.1" 200 12940
186.103.159.182 - - [13/Mar/2017:11:25:06 -0300] "GET /cormun/servlet/solicitudot?28ecc6336187701ed1766e2057c08e934d0b9c175cbe630c327a187d02f46a08d2582039d58e38afb340c2706ce2006e8503ba308445d1b2318a9adc0058ac34f8fb96bd2829f7dcf544cd287653f11408da4096452e65863a55a5012b33566c2eb0faf4bef653cf21a0c5a757d1d32df172370684826550f69694e00c5320d0451d34baaf46c3dda557b31198f38b3a685bb2c98b330e20baf909857ca5879bd5b9849aef0d7d45d47047a6abead39900ce54bb05e046dc78019cc47ef4c9bae347b2245bd01a4a4e926bc0cc37ca93628d8028c66b758d52d2549c42323fef8183060769c533f90521825b161b274cf9aebac8edc340afc03cc2b2b16d2a701610edc7ecb6e07b33bd84e5b2c4569bafc555e09da836f0499a6620d7b40fa88adaf4294c3fe9e2541e04d7b554361c007f5bcb6c8bee931e57947579980320d54e9a6d1a6ac600f579753cc6b23042bd8aa6897e8dafd1c1657bd5f2d61dfc17e97a29b4b002fb7a68f18e3a18003420fc8e7b0e4a13df66d39c3d703b0627e3c0dc67247ef882f2b2ef4a14dc8456,gx-no-cache=1489415156655 HTTP/1.1" 200 30
192.168.10.89 - - [13/Mar/2017:11:25:07 -0300] "POST /cormun/servlet/solicitudgral3?gx-no-cache=1489418390348 HTTP/1.1" 200 3348
192.168.10.89 - - [13/Mar/2017:11:25:07 -0300] "GET /cormun/servlet/solicitudgral3?95a43668e2a864b292edf7129e69d7ab178eaeead57b673183eddc87f747b7961fcfcaae7d4b43fec2cafcedd2644efc6e26e4d6a933b77025bcc3d3561f195d755d186c8b1cccb9d6f4200eceff390b0805f664056df623a31bedfc941716d6e827326ca6c5440da1d00b4a04a3eea0b1329cb2a39b128bd303859fb60cc86ec2fa9482a0885ae7f0173af4b42602e9f65b9cf34dbd1afe00b060d7ef893d42048772e901588d2ee81a5572840634bba5f85f5fc5c5af8f4f22eb9d3a4688a93c7c3e8ad683ae199a7d96f27907631db9c0bb9959fd86403800dbe8ed5c766c85794bb7fd68620870f778460823de53e0614d4cb574062c495437cebf3ba095634b64730aae0d8213de87e3b9b5c0eb00cc58543690032220637d350b26326569ed068af035d042d4489b5d67674a51c6d79b1e751eccbae260bfd469221bdcdde238a7494448215cdbfd96f274edfb,gx-no-cache=1489418390576 HTTP/1.1" 200 242
192.168.10.89 - - [13/Mar/2017:11:25:08 -0300] "POST /cormun/servlet/solicitudgral3?gx-no-cache=1489418390606 HTTP/1.1" 200 1356
192.168.10.89 - - [13/Mar/2017:11:25:08 -0300] "GET /cormun/servlet/solicitudgral3?95a43668e2a864b292edf7129e69d7ababb211826ec4c2df318f4755603d033334d4755c74cf8fb542be2f7d43a5f8856e26e4d6a933b77025bcc3d3561f195de5d0c7fad74bde8d24dd0301c3cfe059dfd7291b3a2d2f788455a898c066ed8ffccba0eece291714f306dda6f5be427b8fb2de96d85e7f336c6f0d15d8d344ca,gx-no-cache=1489418390684 HTTP/1.1" 200 41
192.168.10.89 - - [13/Mar/2017:11:25:10 -0300] "POST /cormun/servlet/solicitudgral3?13f787222cb2565a1ab7e4066310c96c,UPD,2017,5270,,gx-no-cache=1489418392978 HTTP/1.1" 200 10970
192.168.10.89 - - [13/Mar/2017:11:25:11 -0300] "GET /cormun/servlet/solicitudgral3?95a43668e2a864b292edf7129e69d7abfc7ee52f1eb33344a06d875e3bfba804c317cddb628d2dec8178da42557142f7f6aa34032fdeceea36448ceb264d41fddf44ed3ff02edc38a7f5fe81908b16cdbe98997f28bdc2b4374f6f3c1740259bf16774299d89842d302f7ff91f8491219839b0c6e157ee80675fe0273af4a7c9609aa92d29d6cd5f86ec6016d5ffdc45de91812b8054005abb433789f059ab26,gx-no-cache=1489418393928 HTTP/1.1" 200 29
192.168.10.89 - - [13/Mar/2017:11:25:11 -0300] "POST /cormun/servlet/solicitudgral3?gx-no-cache=1489418393984 HTTP/1.1" 200 1249
192.168.10.89 - - [13/Mar/2017:11:25:11 -0300] "POST /cormun/servlet/solicitudgral3?gx-no-cache=1489418394027 HTTP/1.1" 200 1155
192.168.10.89 - - [13/Mar/2017:11:25:12 -0300] "GET /cormun/servlet/solicitudgral3?95a43668e2a864b292edf7129e69d7ab2d73d206f445fb7756db2d3688cacfd562f91b55c8a069e4448165d36f44a311ef7807353bedfe14ccef97eea1f73c98c6d79b1e751eccbae260bfd469221bdc7e465ee79485e2acef7f9a1c9e86f778acb80006e09e0960bac6ad156c3d9e323efbefd0adfaca4a691f5f6252f96291138eca32a0ef4319960f6142ab01b6ce,gx-no-cache=1489418395419 HTTP/1.1" 200 30
186.103.159.182 - - [13/Mar/2017:11:25:13 -0300] "POST /cormun/servlet/solicitudot?gx-no-cache=1489415183093 HTTP/1.1" 200 30
186.103.159.182 - - [13/Mar/2017:11:25:17 -0300] "POST /cormun/servlet/solicitudot?gx-no-cache=1489415187101 HTTP/1.1" 200 1291
186.103.159.182 - - [13/Mar/2017:11:25:17 -0300] "POST /cormun/servlet/solicitudot?gx-no-cache=1489415187225 HTTP/1.1" 200 38
192.168.10.89 - - [13/Mar/2017:11:25:21 -0300] "POST /cormun/servlet/solicitudgral3?13f787222cb2565a1ab7e4066310c96c,UPD,2017,5270,,gx-no-cache=1489418403935 HTTP/1.1" 200 93
192.168.10.89 - - [13/Mar/2017:11:25:21 -0300] "GET /cormun/servlet/hpexe_return? HTTP/1.1" 200 1017
192.168.10.89 - - [13/Mar/2017:11:25:22 -0300] "GET /cormun/servlet/trsolicitudgral? HTTP/1.1" 200 10036
192.168.10.89 - - [13/Mar/2017:11:25:26 -0300] "POST /cormun/servlet/trsolicitudgral?13f787222cb2565a1ab7e4066310c96c,,gx-no-cache=1489418409357 HTTP/1.1" 200 5640
192.168.10.89 - - [13/Mar/2017:11:25:27 -0300] "GET /cormun/static/Shared/jqueryui/images/ui-bg_highlight-soft_100_c6c2c8_1x100.png HTTP/1.1" 404 1117
192.168.10.89 - - [13/Mar/2017:11:25:27 -0300] "GET /cormun/static/Shared/jqueryui/images/ui-icons_82798d_256x240.png HTTP/1.1" 404 1089
192.168.10.89 - - [13/Mar/2017:11:25:27 -0300] "GET /cormun/static/Shared/jqueryui/images/ui-bg_flat_55_fafafa_40x100.png HTTP/1.1" 404 1097
192.168.10.89 - - [13/Mar/2017:11:25:27 -0300] "GET /cormun/static/Shared/jqueryui/images/ui-icons_8d78a5_256x240.png HTTP/1.1" 404 1089
186.103.159.182 - - [13/Mar/2017:11:25:27 -0300] "GET /cormun/servlet/solicitudot?28ecc6336187701ed1766e2057c08e935c92d65161138e25d652e07da6cc6ff1ecaecdf1c8a257edf544058b03b84e31685504c4cf33eb432b85f093da7c3a184964271c0673bcca328fee261f5fbef0896ab41ef06307e6c11090ca008c3fcd8befeef435429043bfb2a4fdbb374f61,gx-no-cache=1489415197179 HTTP/1.1" 200 29
186.103.159.182 - - [13/Mar/2017:11:25:27 -0300] "POST /cormun/servlet/solicitudot?gx-no-cache=1489415197227 HTTP/1.1" 200 1275
186.103.159.182 - - [13/Mar/2017:11:25:27 -0300] "POST /cormun/servlet/solicitudot?gx-no-cache=1489415197351 HTTP/1.1" 200 1157
186.103.159.182 - - [13/Mar/2017:11:25:28 -0300] "GET /cormun/static/menuarrow.gif HTTP/1.1" 404 1015
186.103.159.182 - - [13/Mar/2017:11:25:29 -0300] "POST /cormun/servlet/solicitudot?gx-no-cache=1489415198613 HTTP/1.1" 200 1275
186.103.159.182 - - [13/Mar/2017:11:25:29 -0300] "POST /cormun/servlet/solicitudot?gx-no-cache=1489415198684 HTTP/1.1" 200 1157
186.103.156.24 - - [13/Mar/2017:11:25:32 -0300] "GET /cormun/servlet/licenciaspermisos?89d027b25789ffd393957cc91d33e6c1cb762dbc97630cde225a584abe3c3d29ff43ee9b487a1e5f3156367add95f1bf926e888fb3e4d079c9ed52fbc7db4373a59edb772f8a63aa29d062cf284dfb9f102f4cd1362150e85f7f1197d6d8dfe438c1292a850d55eed6ae8b2ab6cdc9eb5b163bfde337c45d7717587b03e265f1f0f6c2126030549b03624ffb838909e02ab12970c87dd52b83e4008f84a0e1e4ce8f43352a58a567b64806dfa59eb93241a4ecdf6c47720097795c7dd2222d96fabf47cdef8516c829ff2174cf81e9d51d3a7fd04cb66eb4f03a8e0e76cf3ff2,gx-no-cache=1489418911960 HTTP/1.1" 200 30
186.103.156.24 - - [13/Mar/2017:11:25:32 -0300] "GET /cormun/servlet/licenciaspermisos?89d027b25789ffd393957cc91d33e6c10fd59c150b51ac9eb01cb416f1dac2f318750a488a7d4970901637cc57779001dd24dba35cdf51a8baf5fdb92feb425f9c65e09864027ceed0fc426c8083afb4a48f823044d88408e91ce5e830b4e60302aff760f61b24f5aae2de187d9f60ef9f7b600551130e5d377a3b5c856528a82344c443baf9445e145f45e7bbc6b7d6a9564707d646158fa4f225f36fde7e9d35a69d9543960f059c9f304671416d4193653627ccc3e4031e5199d7a944e4c8e39ee6b091334e1c5a938f8b90dc65c967459c709c50c1612fb5d856ee5c89a4,gx-no-cache=1489418912020 HTTP/1.1" 200 29
186.103.156.24 - - [13/Mar/2017:11:25:32 -0300] "POST /cormun/servlet/licenciaspermisos?e0f1a924391f52392d39e6b5189b5ac2,INS,0,,,,gx-no-cache=1489418912050 HTTP/1.1" 500 10
192.168.10.96 - - [13/Mar/2017:11:25:34 -0300] "GET /cormun/servlet/trlicencias? HTTP/1.1" 200 6844
192.168.10.96 - - [13/Mar/2017:11:25:34 -0300] "GET /cormun/servlet/trlicencias? HTTP/1.1" 200 6843
192.168.10.96 - - [13/Mar/2017:11:25:37 -0300] "GET /cormun/servlet/trlicencias? HTTP/1.1" 200 6843
192.168.10.96 - - [13/Mar/2017:11:25:37 -0300] "GET /cormun/servlet/trlicencias? HTTP/1.1" 200 6843
192.168.10.96 - - [13/Mar/2017:11:25:40 -0300] "GET /cormun/servlet/trlicencias? HTTP/1.1" 200 6843
192.168.10.96 - - [13/Mar/2017:11:25:41 -0300] "GET /cormun/servlet/trlicencias? HTTP/1.1" 200 6843
186.103.159.182 - - [13/Mar/2017:11:25:42 -0300] "GET /cormun/servlet/solicitudot?28ecc6336187701ed1766e2057c08e93f6345e3f48f509d591ded60e70a50eabfe66328f6c99cf14e0abe8dcf68832644cbeb9f9b2b11edc82943a729e626fd0bf5f16679c98e314381b75cdcdceb083cbc9625d614c26145c0ec2d76e65de3d61e45153f0401023ebea690dc4e3f5127559505c143388d4b3cec5d1bfe4e75cd1a954dca3572a41b547446d08378816f5a5b1c9ac5ac97197ad4bb3a6ab0fef3905e926f7c67b2afc9321f6a60fab0e,gx-no-cache=1489415211823 HTTP/1.1" 200 30
192.168.10.96 - - [13/Mar/2017:11:25:43 -0300] "GET /cormun/servlet/trlicencias? HTTP/1.1" 200 6843
192.168.10.96 - - [13/Mar/2017:11:25:44 -0300] "GET /cormun/servlet/trlicencias? HTTP/1.1" 200 6843
192.168.10.96 - - [13/Mar/2017:11:25:45 -0300] "GET /cormun/servlet/trlicencias? HTTP/1.1" 200 6843
192.168.10.96 - - [13/Mar/2017:11:25:46 -0300] "GET /cormun/servlet/trlicencias? HTTP/1.1" 200 6843
192.168.10.89 - - [13/Mar/2017:11:25:49 -0300] "POST /cormun/servlet/trsolicitudgral?13f787222cb2565a1ab7e4066310c96c,,gx-no-cache=1489418431971 HTTP/1.1" 200 6766
192.168.10.96 - - [13/Mar/2017:11:25:49 -0300] "GET /cormun/servlet/trlicencias? HTTP/1.1" 200 6843
192.168.10.96 - - [13/Mar/2017:11:25:50 -0300] "GET /cormun/servlet/trlicencias? HTTP/1.1" 200 6843
192.168.10.96 - - [13/Mar/2017:11:25:51 -0300] "GET /cormun/servlet/trlicencias? HTTP/1.1" 200 6843
192.168.10.96 - - [13/Mar/2017:11:25:52 -0300] "GET /cormun/servlet/trlicencias? HTTP/1.1" 200 6843
186.103.159.182 - - [13/Mar/2017:11:25:59 -0300] "POST /cormun/servlet/solicitudot?e3e0ac1db9979da11c56d610d16c30f6,INS,0,0,,gx-no-cache=1489415228185 HTTP/1.1" 200 93
186.103.159.182 - - [13/Mar/2017:11:25:59 -0300] "GET /cormun/servlet/hpexe_return? HTTP/1.1" 200 1025
186.103.159.182 - - [13/Mar/2017:11:25:59 -0300] "GET /cormun/servlet/trsolicitudot?gx-no-cache=1489415068797 HTTP/1.1" 200 9059
186.103.159.182 - - [13/Mar/2017:11:26:01 -0300] "GET /cormun/servlet/trsolicitudot?gx-no-cache=1489415068797 HTTP/1.1" 200 9077
192.168.10.89 - - [13/Mar/2017:11:26:04 -0300] "GET /cormun/servlet/solicitudgral3?UPD,2017,5284, HTTP/1.1" 200 12989
192.168.10.96 - - [13/Mar/2017:11:26:05 -0300] "GET /cormun/servlet/trlicencias? HTTP/1.1" 200 6843
192.168.10.96 - - [13/Mar/2017:11:26:06 -0300] "GET /cormun/servlet/trlicencias? HTTP/1.1" 200 6843
192.168.10.89 - - [13/Mar/2017:11:26:06 -0300] "POST /cormun/servlet/solicitudgral3?gx-no-cache=1489418449236 HTTP/1.1" 200 3333
192.168.10.89 - - [13/Mar/2017:11:26:06 -0300] "GET /cormun/servlet/solicitudgral3?95a43668e2a864b292edf7129e69d7ab178eaeead57b673183eddc87f747b7961fcfcaae7d4b43fec2cafcedd2644efc6e26e4d6a933b77025bcc3d3561f195d755d186c8b1cccb9d6f4200eceff390b0805f664056df623a31bedfc941716d6e827326ca6c5440da1d00b4a04a3eea0b1329cb2a39b128bd303859fb60cc86ec2fa9482a0885ae7f0173af4b42602e9f65b9cf34dbd1afe00b060d7ef893d42048772e901588d2ee81a5572840634bba5f85f5fc5c5af8f4f22eb9d3a4688a93c7c3e8ad683ae199a7d96f27907631db9c0bb9959fd86403800dbe8ed5c766c85794bb7fd68620870f778460823de53e0614d4cb574062c495437cebf3ba095634b64730aae0d8213de87e3b9b5c0eb00cc58543690032220637d350b26326569ed068af035d042d4489b5d67674a51c6d79b1e751eccbae260bfd469221bdcdde238a7494448215cdbfd96f274edfb,gx-no-cache=1489418449435 HTTP/1.1" 200 242
192.168.10.89 - - [13/Mar/2017:11:26:06 -0300] "POST /cormun/servlet/solicitudgral3?gx-no-cache=1489418449467 HTTP/1.1" 200 1357
192.168.10.89 - - [13/Mar/2017:11:26:06 -0300] "GET /cormun/servlet/solicitudgral3?95a43668e2a864b292edf7129e69d7ababb211826ec4c2df318f4755603d033334d4755c74cf8fb542be2f7d43a5f8856e26e4d6a933b77025bcc3d3561f195de5d0c7fad74bde8d24dd0301c3cfe05914c1052a44949d6531fc9815009e53263ae804eefce317624718088eb593d189a420412ea5b7b00869cb64b7f9570c50,gx-no-cache=1489418449547 HTTP/1.1" 200 41
192.168.10.96 - - [13/Mar/2017:11:26:08 -0300] "GET /cormun/servlet/trlicencias? HTTP/1.1" 200 6843
192.168.10.96 - - [13/Mar/2017:11:26:09 -0300] "GET /cormun/servlet/trlicencias? HTTP/1.1" 200 6843
192.168.10.96 - - [13/Mar/2017:11:26:13 -0300] "GET /cormun/servlet/trlicencias? HTTP/1.1" 200 6843
192.168.10.96 - - [13/Mar/2017:11:26:14 -0300] "GET /cormun/servlet/trlicencias? HTTP/1.1" 200 6843
192.168.10.96 - - [13/Mar/2017:11:26:16 -0300] "GET /cormun/servlet/trlicencias? HTTP/1.1" 200 6843
192.168.10.96 - - [13/Mar/2017:11:26:16 -0300] "GET /cormun/servlet/trlicencias? HTTP/1.1" 200 6843
192.168.10.96 - - [13/Mar/2017:11:26:25 -0300] "GET /cormun/servlet/trlicencias? HTTP/1.1" 200 6843
192.168.10.96 - - [13/Mar/2017:11:26:25 -0300] "GET /cormun/servlet/trlicencias? HTTP/1.1" 200 6843
192.168.10.96 - - [13/Mar/2017:11:26:27 -0300] "GET /cormun/servlet/trlicencias? HTTP/1.1" 200 6843
192.168.10.89 - - [13/Mar/2017:11:26:27 -0300] "POST /cormun/servlet/solicitudgral3?13f787222cb2565a1ab7e4066310c96c,UPD,2017,5284,,gx-no-cache=1489418469856 HTTP/1.1" 200 10994
192.168.10.96 - - [13/Mar/2017:11:26:27 -0300] "GET /cormun/servlet/trlicencias? HTTP/1.1" 200 6843
192.168.10.89 - - [13/Mar/2017:11:26:29 -0300] "GET /cormun/servlet/solicitudgral3?95a43668e2a864b292edf7129e69d7abbb817a2bfc7755ac1ed2aec1549a26b2c317cddb628d2dec8178da42557142f7c9900c13b88892c0aa7bd932d17d5205a0af6b98df5c68421d8e41ee2c39dd52be98997f28bdc2b4374f6f3c1740259b967c293c016fa89cae47095d742339f6c2193993d9f4cdb7ab862c2b3aa549d962127feb47ea2ca88fcf7f62130721e510b4030c2af251990e4a4f8113210bdf,gx-no-cache=1489418472370 HTTP/1.1" 200 30
200.83.57.219 - - [13/Mar/2017:11:26:30 -0300] "GET /cormun/servlet/hlogin HTTP/1.1" 200 1723
200.83.57.219 - - [13/Mar/2017:11:26:30 -0300] "GET /cormun/static/gxtimezone.js?85251 HTTP/1.1" 304 -
200.83.57.219 - - [13/Mar/2017:11:26:30 -0300] "GET /cormun/static/gxcfg.js?201612216162538 HTTP/1.1" 304 -
200.83.57.219 - - [13/Mar/2017:11:26:30 -0300] "GET /cormun/static/Resources/Spanish/PXTools.css?167811 HTTP/1.1" 304 -
200.83.57.219 - - [13/Mar/2017:11:26:30 -0300] "GET /cormun/static/messages.spa.js?85251 HTTP/1.1" 304 -
200.83.57.219 - - [13/Mar/2017:11:26:30 -0300] "GET /cormun/static/hlogin.js?201612216162555 HTTP/1.1" 304 -
200.83.57.219 - - [13/Mar/2017:11:26:31 -0300] "GET /cormun/servlet/hlogin HTTP/1.1" 200 1734
200.83.57.219 - - [13/Mar/2017:11:26:31 -0300] "GET /favicon.ico HTTP/1.1" 200 21630
192.168.10.89 - - [13/Mar/2017:11:26:32 -0300] "POST /cormun/servlet/solicitudgral3?gx-no-cache=1489418474644 HTTP/1.1" 200 1250
192.168.10.89 - - [13/Mar/2017:11:26:32 -0300] "POST /cormun/servlet/solicitudgral3?gx-no-cache=1489418474689 HTTP/1.1" 200 1154
200.83.57.219 - - [13/Mar/2017:11:26:32 -0300] "POST /cormun/servlet/hlogin?8dc3baba7b06793c2a67ab72ac73f672,gx-no-cache=1489415261811 HTTP/1.1" 200 90
200.83.57.219 - - [13/Mar/2017:11:26:32 -0300] "GET /cormun/servlet/hpexe_link HTTP/1.1" 200 954
200.83.57.219 - - [13/Mar/2017:11:26:33 -0300] "GET /cormun/static/Resources/Spanish/PXTools.css?18365030 HTTP/1.1" 304 -
200.83.57.219 - - [13/Mar/2017:11:26:33 -0300] "GET /cormun/static/gxcfg.js?201612218515529 HTTP/1.1" 304 -
200.83.57.219 - - [13/Mar/2017:11:26:33 -0300] "GET /cormun/static/hpexe_link.js?201612218515532 HTTP/1.1" 304 -
200.83.57.219 - - [13/Mar/2017:11:26:33 -0300] "GET /cormun/servlet/hhome HTTP/1.1" 200 4099
200.83.57.219 - - [13/Mar/2017:11:26:33 -0300] "GET /cormun/static/gxcfg.js?201612218515568 HTTP/1.1" 304 -
192.168.10.89 - - [13/Mar/2017:11:26:33 -0300] "GET /cormun/servlet/solicitudgral3?95a43668e2a864b292edf7129e69d7ab2d73d206f445fb7756db2d3688cacfd5774da834a30259ae08aeafd93deffc77ef7807353bedfe14ccef97eea1f73c98c6d79b1e751eccbae260bfd469221bdc7e465ee79485e2acef7f9a1c9e86f7780f3418f8af3791e84f8e901f80299ee8ec9cbed234568edf6b110d5d00f279d9138eca32a0ef4319960f6142ab01b6ce,gx-no-cache=1489418475947 HTTP/1.1" 200 30
200.83.57.219 - - [13/Mar/2017:11:26:33 -0300] "GET /cormun/static/hpexe_recentlink.js?201610171694390 HTTP/1.1" 304 -
200.83.57.219 - - [13/Mar/2017:11:26:33 -0300] "GET /cormun/static/hwchdr01.js?201612218432057 HTTP/1.1" 304 -
200.83.57.219 - - [13/Mar/2017:11:26:33 -0300] "GET /cormun/static/hhome.js?201612218515573 HTTP/1.1" 304 -
200.83.57.219 - - [13/Mar/2017:11:26:33 -0300] "GET /cormun/static/hpexe_messagecontroller.js?201610171694323 HTTP/1.1" 304 -
200.83.57.219 - - [13/Mar/2017:11:26:33 -0300] "GET /cormun/static/hpexe_scripts.js?201612218432016 HTTP/1.1" 304 -
200.83.57.219 - - [13/Mar/2017:11:26:33 -0300] "GET /cormun/static/hpexe_messagepopupcomponent.js?20161017169425 HTTP/1.1" 304 -
200.83.57.219 - - [13/Mar/2017:11:26:33 -0300] "GET /cormun/static/hpexe_messagegenexuscomponent.js?201612218431816 HTTP/1.1" 304 -
200.83.57.219 - - [13/Mar/2017:11:26:33 -0300] "GET /cormun/static/cmcontrolpreferences.js?201612218431999 HTTP/1.1" 304 -
200.83.57.219 - - [13/Mar/2017:11:26:33 -0300] "GET /cormun/static/hmpwkw03.js?20161221852152 HTTP/1.1" 304 -
200.83.57.219 - - [13/Mar/2017:11:26:34 -0300] "GET /cormun/servlet/hhome HTTP/1.1" 200 4095
192.168.10.96 - - [13/Mar/2017:11:26:35 -0300] "GET /cormun/servlet/trlicencias? HTTP/1.1" 200 6843
192.168.10.96 - - [13/Mar/2017:11:26:35 -0300] "GET /cormun/servlet/trlicencias? HTTP/1.1" 200 6843
200.83.57.219 - - [13/Mar/2017:11:26:39 -0300] "GET /cormun/servlet/trlicencias? HTTP/1.1" 200 6971
200.83.57.219 - - [13/Mar/2017:11:26:39 -0300] "GET /cormun/static/gxcfg.js?2016122619301429 HTTP/1.1" 304 -
200.83.57.219 - - [13/Mar/2017:11:26:39 -0300] "GET /cormun/static/calendar.js?85251 HTTP/1.1" 304 -
200.83.57.219 - - [13/Mar/2017:11:26:39 -0300] "GET /cormun/static/calendar-es.js?85251 HTTP/1.1" 304 -
200.83.57.219 - - [13/Mar/2017:11:26:39 -0300] "GET /cormun/static/calendar-setup.js?85251 HTTP/1.1" 304 -
200.83.57.219 - - [13/Mar/2017:11:26:39 -0300] "GET /cormun/static/gxdec.js?85251 HTTP/1.1" 304 -
200.83.57.219 - - [13/Mar/2017:11:26:39 -0300] "GET /cormun/static/trlicencias.js?2016122619301919 HTTP/1.1" 304 -
200.83.57.219 - - [13/Mar/2017:11:26:40 -0300] "GET /cormun/servlet/trlicencias? HTTP/1.1" 200 6972
200.83.57.219 - - [13/Mar/2017:11:26:42 -0300] "GET /cormun/servlet/licenciaspermisos?INS,0,,, HTTP/1.1" 200 7463
200.83.57.219 - - [13/Mar/2017:11:26:42 -0300] "GET /cormun/static/gxcfg.js?2016122619301043 HTTP/1.1" 304 -
200.83.57.219 - - [13/Mar/2017:11:26:42 -0300] "GET /cormun/static/licenciaspermisos.js?2016122619301096 HTTP/1.1" 304 -
192.168.10.96 - - [13/Mar/2017:11:26:43 -0300] "GET /cormun/servlet/trlicencias? HTTP/1.1" 200 6843
200.83.57.219 - - [13/Mar/2017:11:26:43 -0300] "GET /cormun/servlet/licenciaspermisos?INS,0,,, HTTP/1.1" 200 7471
192.168.10.96 - - [13/Mar/2017:11:26:43 -0300] "GET /cormun/servlet/trlicencias? HTTP/1.1" 200 6843
192.168.10.89 - - [13/Mar/2017:11:26:53 -0300] "POST /cormun/servlet/solicitudgral3?13f787222cb2565a1ab7e4066310c96c,UPD,2017,5284,,gx-no-cache=1489418496004 HTTP/1.1" 200 93
192.168.10.89 - - [13/Mar/2017:11:26:53 -0300] "GET /cormun/servlet/hpexe_return? HTTP/1.1" 200 1017
192.168.10.89 - - [13/Mar/2017:11:26:54 -0300] "GET /cormun/servlet/trsolicitudgral? HTTP/1.1" 200 10055
200.83.57.219 - - [13/Mar/2017:11:26:59 -0300] "GET /cormun/servlet/prfichaempleado?,MD,,gxPopupLevel%3D0%3B HTTP/1.1" 200 8984
200.83.57.219 - - [13/Mar/2017:11:26:59 -0300] "GET /cormun/static/gxcfg.js?2016102420561687 HTTP/1.1" 304 -
200.83.57.219 - - [13/Mar/2017:11:26:59 -0300] "GET /cormun/static/prfichaempleado.js?201610242056198 HTTP/1.1" 304 -
200.83.57.219 - - [13/Mar/2017:11:26:59 -0300] "GET /cormun/static/menusearch.js?201610171694467 HTTP/1.1" 304 -
200.83.57.219 - - [13/Mar/2017:11:26:59 -0300] "GET /cormun/static/hmpwkw011.js?201612218515582 HTTP/1.1" 304 -
192.168.10.96 - - [13/Mar/2017:11:27:05 -0300] "GET /cormun/servlet/licenciaspermisos?INS,0,,, HTTP/1.1" 200 7349
192.168.10.96 - - [13/Mar/2017:11:27:06 -0300] "GET /cormun/servlet/licenciaspermisos?INS,0,,, HTTP/1.1" 200 7349
192.168.10.89 - - [13/Mar/2017:11:27:09 -0300] "POST /cormun/servlet/trsolicitudgral?13f787222cb2565a1ab7e4066310c96c,,gx-no-cache=1489418511987 HTTP/1.1" 200 5664
192.168.10.89 - - [13/Mar/2017:11:27:09 -0300] "GET /cormun/static/Shared/jqueryui/images/ui-bg_highlight-soft_100_c6c2c8_1x100.png HTTP/1.1" 404 1117
192.168.10.89 - - [13/Mar/2017:11:27:09 -0300] "GET /cormun/static/Shared/jqueryui/images/ui-icons_82798d_256x240.png HTTP/1.1" 404 1089
192.168.10.89 - - [13/Mar/2017:11:27:09 -0300] "GET /cormun/static/Shared/jqueryui/images/ui-bg_flat_55_fafafa_40x100.png HTTP/1.1" 404 1097
192.168.10.89 - - [13/Mar/2017:11:27:09 -0300] "GET /cormun/static/Shared/jqueryui/images/ui-icons_8d78a5_256x240.png HTTP/1.1" 404 1089
192.168.10.96 - - [13/Mar/2017:11:27:17 -0300] "GET /cormun/servlet/prfichaempleado?,MD,,gxPopupLevel%3D0%3B HTTP/1.1" 200 8847
192.168.10.89 - - [13/Mar/2017:11:27:26 -0300] "GET /cormun/servlet/trlicenciasgenerales? HTTP/1.1" 200 16376
192.168.10.89 - - [13/Mar/2017:11:27:26 -0300] "GET /cormun/static/gxcfg.js?2016122619302770 HTTP/1.1" 304 -
192.168.10.89 - - [13/Mar/2017:11:27:37 -0300] "GET /cormun/static/menuarrow.gif HTTP/1.1" 404 1015
192.168.10.96 - - [13/Mar/2017:11:27:45 -0300] "GET /cormun/servlet/prfichaempleado?,MD,,gxPopupLevel%3D0%3B HTTP/1.1" 200 8847
192.168.10.89 - - [13/Mar/2017:11:27:50 -0300] "POST /cormun/servlet/trlicenciasgenerales?13f787222cb2565a1ab7e4066310c96c,,gx-no-cache=1489418553301 HTTP/1.1" 200 5673
192.168.10.96 - - [13/Mar/2017:11:27:55 -0300] "POST /cormun/servlet/prfichaempleado?78dda81e7ebb47d2d616dd72506ecdb4,,MD,,gxPopupLevel%3D0%3B,gx-no-cache=1489418558132 HTTP/1.1" 200 3457
192.168.10.89 - - [13/Mar/2017:11:27:55 -0300] "POST /cormun/servlet/trlicenciasgenerales?13f787222cb2565a1ab7e4066310c96c,,gx-no-cache=1489418558139 HTTP/1.1" 200 5676
192.168.10.89 - - [13/Mar/2017:11:27:59 -0300] "POST /cormun/servlet/trlicenciasgenerales?13f787222cb2565a1ab7e4066310c96c,,gx-no-cache=1489418562055 HTTP/1.1" 200 5675
192.168.10.89 - - [13/Mar/2017:11:28:02 -0300] "POST /cormun/servlet/trlicenciasgenerales?13f787222cb2565a1ab7e4066310c96c,,gx-no-cache=1489418565183 HTTP/1.1" 200 6820
192.168.10.96 - - [13/Mar/2017:11:28:04 -0300] "GET /cormun/servlet/licenciaspermisos?905883ba3e20f5b0bb3f22256711da83a5e7eeb737485399b24232f73991deb3ecc87ffa2d6fa7a383dc856112df6216,gx-no-cache=1489418567151 HTTP/1.1" 200 63
192.168.10.96 - - [13/Mar/2017:11:28:04 -0300] "POST /cormun/servlet/licenciaspermisos?78dda81e7ebb47d2d616dd72506ecdb4,INS,0,,,,gx-no-cache=1489418567208 HTTP/1.1" 200 4606
192.168.10.89 - - [13/Mar/2017:11:28:17 -0300] "POST /cormun/servlet/trlicenciasgenerales?13f787222cb2565a1ab7e4066310c96c,,gx-no-cache=1489418580062 HTTP/1.1" 200 5674
192.168.10.89 - - [13/Mar/2017:11:28:25 -0300] "POST /cormun/servlet/trlicenciasgenerales?13f787222cb2565a1ab7e4066310c96c,,gx-no-cache=1489418587540 HTTP/1.1" 200 7351
192.168.10.89 - - [13/Mar/2017:11:28:31 -0300] "POST /cormun/servlet/trlicenciasgenerales?13f787222cb2565a1ab7e4066310c96c,,gx-no-cache=1489418593570 HTTP/1.1" 200 14216
186.103.159.182 - - [13/Mar/2017:11:28:43 -0300] "POST /cormun/servlet/trsolicitudot?e3e0ac1db9979da11c56d610d16c30f6,gx-no-cache=1489415068797,gx-no-cache=1489415392898 HTTP/1.1" 200 5895
186.103.159.182 - - [13/Mar/2017:11:28:43 -0300] "GET /cormun/static/Shared/jqueryui/images/ui-bg_highlight-soft_100_c6c2c8_1x100.png HTTP/1.1" 404 1117
186.103.159.182 - - [13/Mar/2017:11:28:43 -0300] "GET /cormun/static/Shared/jqueryui/images/ui-icons_82798d_256x240.png HTTP/1.1" 404 1089
186.103.159.182 - - [13/Mar/2017:11:28:43 -0300] "GET /cormun/static/Shared/jqueryui/images/ui-bg_flat_55_fafafa_40x100.png HTTP/1.1" 404 1097
186.103.159.182 - - [13/Mar/2017:11:28:43 -0300] "GET /cormun/static/Shared/jqueryui/images/ui-icons_8d78a5_256x240.png HTTP/1.1" 404 1089
186.103.159.182 - - [13/Mar/2017:11:28:44 -0300] "POST /cormun/servlet/trsolicitudot?e3e0ac1db9979da11c56d610d16c30f6,gx-no-cache=1489415068797,gx-no-cache=1489415393459 HTTP/1.1" 200 5838
186.103.159.182 - - [13/Mar/2017:11:28:49 -0300] "POST /cormun/servlet/trsolicitudot?e3e0ac1db9979da11c56d610d16c30f6,gx-no-cache=1489415068797,gx-no-cache=1489415399194 HTTP/1.1" 200 5477
186.103.159.182 - - [13/Mar/2017:11:28:50 -0300] "POST /cormun/servlet/trsolicitudot?e3e0ac1db9979da11c56d610d16c30f6,gx-no-cache=1489415068797,gx-no-cache=1489415399547 HTTP/1.1" 200 5421
186.103.159.182 - - [13/Mar/2017:11:28:54 -0300] "GET /cormun/servlet/trautorizarsolicitud? HTTP/1.1" 200 8588
186.103.159.182 - - [13/Mar/2017:11:28:54 -0300] "GET /cormun/static/gxcfg.js?2017259112829 HTTP/1.1" 304 -
186.103.159.182 - - [13/Mar/2017:11:28:54 -0300] "GET /cormun/static/trautorizarsolicitud.js?2017259113483 HTTP/1.1" 304 -
186.103.159.182 - - [13/Mar/2017:11:28:55 -0300] "GET /cormun/servlet/trautorizarsolicitud? HTTP/1.1" 200 8566
200.83.57.219 - - [13/Mar/2017:11:29:08 -0300] "POST /cormun/servlet/licenciaspermisos?8dc3baba7b06793c2a67ab72ac73f672,INS,0,,,,gx-no-cache=1489415417200 HTTP/1.1" 200 4790
200.83.57.219 - - [13/Mar/2017:11:29:08 -0300] "GET /cormun/static/Shared/jqueryui/images/ui-bg_highlight-soft_100_c6c2c8_1x100.png HTTP/1.1" 404 1117
200.83.57.219 - - [13/Mar/2017:11:29:08 -0300] "GET /cormun/static/Shared/jqueryui/images/ui-icons_82798d_256x240.png HTTP/1.1" 404 1089
200.83.57.219 - - [13/Mar/2017:11:29:08 -0300] "GET /cormun/static/Shared/jqueryui/images/ui-bg_flat_55_994d53_40x100.png HTTP/1.1" 404 1097
200.83.57.219 - - [13/Mar/2017:11:29:08 -0300] "GET /cormun/static/Shared/jqueryui/images/ui-icons_ebccce_256x240.png HTTP/1.1" 404 1089
200.83.57.219 - - [13/Mar/2017:11:29:11 -0300] "GET /cormun/servlet/licenciaspermisos?881a9ad322c76b1e03cb0e82b2d7430c340711ccf6ac78448ab0016ac8805c0447de60060aa34ec94a7e8d79709ea5c2c0ab9c2e6aaaf09593b4d524c65c77f9fba2f446fdea305cc199d3f3ec487926,gx-no-cache=1489415420440 HTTP/1.1" 200 62
200.83.57.219 - - [13/Mar/2017:11:29:11 -0300] "POST /cormun/servlet/licenciaspermisos?8dc3baba7b06793c2a67ab72ac73f672,INS,0,,,,gx-no-cache=1489415420507 HTTP/1.1" 200 4609
200.83.57.219 - - [13/Mar/2017:11:29:48 -0300] "GET /cormun/static/menuarrow.gif HTTP/1.1" 404 1015
200.83.57.219 - - [13/Mar/2017:11:29:56 -0300] "POST /cormun/servlet/licenciaspermisos?8dc3baba7b06793c2a67ab72ac73f672,INS,0,,,,gx-no-cache=1489415465227 HTTP/1.1" 200 4735
186.103.159.182 - - [13/Mar/2017:11:30:59 -0300] "POST /cormun/servlet/trautorizarsolicitud?e3e0ac1db9979da11c56d610d16c30f6,,gx-no-cache=1489415528714 HTTP/1.1" 200 5396
186.103.159.182 - - [13/Mar/2017:11:30:59 -0300] "GET /cormun/static/Shared/jqueryui/images/ui-bg_highlight-soft_100_c6c2c8_1x100.png HTTP/1.1" 404 1117
186.103.159.182 - - [13/Mar/2017:11:30:59 -0300] "GET /cormun/static/Shared/jqueryui/images/ui-icons_82798d_256x240.png HTTP/1.1" 404 1089
186.103.159.182 - - [13/Mar/2017:11:30:59 -0300] "GET /cormun/static/Shared/jqueryui/images/ui-bg_flat_55_fafafa_40x100.png HTTP/1.1" 404 1097
186.103.159.182 - - [13/Mar/2017:11:30:59 -0300] "GET /cormun/static/Shared/jqueryui/images/ui-icons_8d78a5_256x240.png HTTP/1.1" 404 1089
186.103.159.182 - - [13/Mar/2017:11:31:00 -0300] "POST /cormun/servlet/trautorizarsolicitud?e3e0ac1db9979da11c56d610d16c30f6,,gx-no-cache=1489415529364 HTTP/1.1" 200 5340
186.103.159.182 - - [13/Mar/2017:11:31:02 -0300] "POST /cormun/servlet/trautorizarsolicitud?e3e0ac1db9979da11c56d610d16c30f6,,gx-no-cache=1489415531884 HTTP/1.1" 200 4303
186.103.159.182 - - [13/Mar/2017:11:31:03 -0300] "POST /cormun/servlet/trautorizarsolicitud?e3e0ac1db9979da11c56d610d16c30f6,,gx-no-cache=1489415532357 HTTP/1.1" 200 4105
186.103.159.182 - - [13/Mar/2017:11:31:08 -0300] "GET /cormun/servlet/trsolicitudot? HTTP/1.1" 200 8286
186.103.159.182 - - [13/Mar/2017:11:31:10 -0300] "GET /cormun/servlet/trsolicitudot? HTTP/1.1" 200 8286
192.168.10.96 - - [13/Mar/2017:11:31:20 -0300] "GET /cormun/servlet/licenciaspermisos?905883ba3e20f5b0bb3f22256711da83c71b21d047f04e0b52f99802ee4f4bd6bb282f367c02f68c21b920f350c4a7cf224e8c92ee6ca33bc7a8c2b2f1a5d0724161cab8d273e4953aafbe5e8c4262687e19c1d4f1fdd3385230b4f38fdd2acfee970bb83ba3ce5d5fae4b8423ce860d17007762704c26c89a3c2b0a9153f53f5b30cf2bb5eab9f57259b5840d823ca48c6268c08c07244f35e10af6db7a40ce563dcb5536ccaaa88a070473fc118deff5b2debd63e238510109d9ad6a984e9a97349b760c69d4d1594e592f8a4aafab4eb96855f2c4ec4d77a843a8fbfb7070,gx-no-cache=1489418762830 HTTP/1.1" 200 30
192.168.10.96 - - [13/Mar/2017:11:31:20 -0300] "GET /cormun/servlet/licenciaspermisos?905883ba3e20f5b0bb3f22256711da8309727e84126299a75a068e2713e96b300d91f1b7c96d32b065e2899b85767eedf30bec79a045fc295ccbd4d7adfe665ee9818ab96e1ba0df6f79ea9d4657f1c58eaa107101a0a5611a5eb203658069f7570ddc45dcd17d5945820c2c09c15763db91981812e9f5bbc71604d88c9695611c9a37dd14675115c5d79369e16c85372f2cc39583f4abacb4c665b926cf1b8532943a5c182786e6fdab7c5d44135c8daca9139ac2c3a722ca26eee0388e8b045cbd5c6e8a26c1086cf1bcb2d1db32386d509034e4678604b31e080113966e64,gx-no-cache=1489418762849 HTTP/1.1" 200 29
192.168.10.96 - - [13/Mar/2017:11:31:20 -0300] "POST /cormun/servlet/licenciaspermisos?78dda81e7ebb47d2d616dd72506ecdb4,INS,0,,,,gx-no-cache=1489418762865 HTTP/1.1" 500 10
186.103.159.182 - - [13/Mar/2017:11:31:23 -0300] "POST /cormun/servlet/trsolicitudot?e3e0ac1db9979da11c56d610d16c30f6,,gx-no-cache=1489415552032 HTTP/1.1" 200 105
186.103.159.182 - - [13/Mar/2017:11:31:23 -0300] "GET /cormun/servlet/solicitudot?DLT,2017,5118, HTTP/1.1" 200 9593
186.103.159.182 - - [13/Mar/2017:11:31:24 -0300] "GET /cormun/static/Shared/jqueryui/images/ui-bg_highlight-soft_100_c6c2c8_1x100.png HTTP/1.1" 404 1117
186.103.159.182 - - [13/Mar/2017:11:31:25 -0300] "GET /cormun/static/Shared/jqueryui/images/ui-icons_82798d_256x240.png HTTP/1.1" 404 1089
186.103.159.182 - - [13/Mar/2017:11:31:25 -0300] "GET /cormun/static/Shared/jqueryui/images/ui-bg_flat_55_fafafa_40x100.png HTTP/1.1" 404 1097
186.103.159.182 - - [13/Mar/2017:11:31:25 -0300] "GET /cormun/static/Shared/jqueryui/images/ui-icons_8d78a5_256x240.png HTTP/1.1" 404 1089
186.103.159.182 - - [13/Mar/2017:11:31:25 -0300] "GET /cormun/servlet/solicitudot?DLT,2017,5118, HTTP/1.1" 200 9603
192.168.10.96 - - [13/Mar/2017:11:31:31 -0300] "GET /cormun/servlet/licenciaspermisos?INS,0,,, HTTP/1.1" 200 7338
192.168.10.96 - - [13/Mar/2017:11:31:31 -0300] "GET /cormun/servlet/licenciaspermisos?INS,0,,, HTTP/1.1" 200 7349
192.168.10.96 - - [13/Mar/2017:11:31:34 -0300] "GET /cormun/servlet/trlicencias? HTTP/1.1" 200 6844
192.168.10.96 - - [13/Mar/2017:11:31:35 -0300] "GET /cormun/servlet/trlicencias? HTTP/1.1" 200 6843
186.103.159.182 - - [13/Mar/2017:11:31:37 -0300] "GET /cormun/servlet/trsolicitudot? HTTP/1.1" 200 8286
186.103.159.182 - - [13/Mar/2017:11:31:39 -0300] "GET /cormun/servlet/trsolicitudot? HTTP/1.1" 200 8286
192.168.10.96 - - [13/Mar/2017:11:31:39 -0300] "GET /cormun/servlet/licenciaspermisos?INS,0,,, HTTP/1.1" 200 7349
192.168.10.96 - - [13/Mar/2017:11:31:40 -0300] "GET /cormun/servlet/licenciaspermisos?INS,0,,, HTTP/1.1" 200 7349
186.103.159.182 - - [13/Mar/2017:11:31:44 -0300] "POST /cormun/servlet/trsolicitudot?e3e0ac1db9979da11c56d610d16c30f6,,gx-no-cache=1489415573017 HTTP/1.1" 200 105
186.103.159.182 - - [13/Mar/2017:11:31:44 -0300] "GET /cormun/servlet/solicitudot?UPD,2017,5118, HTTP/1.1" 200 14473
186.103.159.182 - - [13/Mar/2017:11:31:46 -0300] "GET /cormun/servlet/solicitudot?UPD,2017,5118, HTTP/1.1" 200 14482
186.103.159.182 - - [13/Mar/2017:11:31:46 -0300] "POST /cormun/servlet/solicitudot?gx-no-cache=1489415575946 HTTP/1.1" 200 3152
186.103.159.182 - - [13/Mar/2017:11:31:47 -0300] "POST /cormun/servlet/solicitudot?e3e0ac1db9979da11c56d610d16c30f6,UPD,2017,5118,,gx-no-cache=1489415576502 HTTP/1.1" 200 11039
186.103.159.182 - - [13/Mar/2017:11:31:47 -0300] "GET /cormun/servlet/solicitudot?28ecc6336187701ed1766e2057c08e9363bc2d8c5a9693c608407acb0460bf3e10d17a6d8a859b7972609d09e90f18b1,gx-no-cache=1489415577311 HTTP/1.1" 200 30
186.103.159.182 - - [13/Mar/2017:11:31:48 -0300] "POST /cormun/servlet/solicitudot?gx-no-cache=1489415577432 HTTP/1.1" 200 256
186.103.159.182 - - [13/Mar/2017:11:31:48 -0300] "GET /cormun/servlet/solicitudot?28ecc6336187701ed1766e2057c08e934d0b9c175cbe630c327a187d02f46a08e5607dd469e79e92b21afabc5d06f11d8503ba308445d1b2318a9adc0058ac34f8fb96bd2829f7dcf544cd287653f11408da4096452e65863a55a5012b33566c2eb0faf4bef653cf21a0c5a757d1d32df172370684826550f69694e00c5320d0451d34baaf46c3dda557b31198f38b3a685bb2c98b330e20baf909857ca5879bd5b9849aef0d7d45d47047a6abead39900ce54bb05e046dc78019cc47ef4c9bae347b2245bd01a4a4e926bc0cc37ca93628d8028c66b758d52d2549c42323fef8183060769c533f90521825b161b274ca4e5379b1b4deb94110a726cbb94a6031610edc7ecb6e07b33bd84e5b2c4569b60f6c0d25f022e822bebc04cec5a20c379f9ccd733b5167a6fe302880ba106d012e4179acf6183b0643006f8fcf452cf478b566168614f13a4000e9ea6e9a3d4fea936a180232daf6f453aa827c9123c4af28904644c86d17789d1854f6f29649ce33e1e2b1b3e9a81e27b1855693738,gx-no-cache=1489415577511 HTTP/1.1" 200 30
186.103.159.182 - - [13/Mar/2017:11:31:48 -0300] "POST /cormun/servlet/solicitudot?gx-no-cache=1489415577734 HTTP/1.1" 200 30
186.103.159.182 - - [13/Mar/2017:11:31:48 -0300] "POST /cormun/servlet/solicitudot?gx-no-cache=1489415577830 HTTP/1.1" 200 1290
186.103.159.182 - - [13/Mar/2017:11:31:49 -0300] "POST /cormun/servlet/solicitudot?gx-no-cache=1489415578025 HTTP/1.1" 200 41
186.103.159.182 - - [13/Mar/2017:11:31:59 -0300] "POST /cormun/servlet/solicitudot?gx-no-cache=1489415588899 HTTP/1.1" 200 3198
186.103.159.182 - - [13/Mar/2017:11:31:59 -0300] "GET /cormun/static/Shared/jqueryui/images/ui-bg_highlight-soft_100_c6c2c8_1x100.png HTTP/1.1" 404 1117
186.103.159.182 - - [13/Mar/2017:11:31:59 -0300] "GET /cormun/static/Shared/jqueryui/images/ui-icons_82798d_256x240.png HTTP/1.1" 404 1089
186.103.159.182 - - [13/Mar/2017:11:31:59 -0300] "GET /cormun/static/Shared/jqueryui/images/ui-bg_flat_55_994d53_40x100.png HTTP/1.1" 404 1097
186.103.159.182 - - [13/Mar/2017:11:31:59 -0300] "GET /cormun/static/Shared/jqueryui/images/ui-icons_ebccce_256x240.png HTTP/1.1" 404 1089
186.103.159.182 - - [13/Mar/2017:11:32:01 -0300] "GET /cormun/servlet/solicitudot?28ecc6336187701ed1766e2057c08e9329fb3cd2d2b5f5ce37186d51d28cb0e5,gx-no-cache=1489415591241 HTTP/1.1" 200 111
186.103.159.182 - - [13/Mar/2017:11:32:27 -0300] "GET /cormun/servlet/solicitudot?28ecc6336187701ed1766e2057c08e9335ce7f4e02d6028153f5bdd213f4b210,gx-no-cache=1489415616423 HTTP/1.1" 200 111
186.103.159.182 - - [13/Mar/2017:11:32:36 -0300] "GET /cormun/servlet/solicitudot?28ecc6336187701ed1766e2057c08e9335ce7f4e02d6028153f5bdd213f4b210,gx-no-cache=1489415625518 HTTP/1.1" 200 111
186.103.159.182 - - [13/Mar/2017:11:32:36 -0300] "POST /cormun/servlet/solicitudot?gx-no-cache=1489415625612 HTTP/1.1" 200 256
186.103.159.182 - - [13/Mar/2017:11:32:36 -0300] "GET /cormun/servlet/solicitudot?28ecc6336187701ed1766e2057c08e934d0b9c175cbe630c327a187d02f46a08e5607dd469e79e92b21afabc5d06f11d8503ba308445d1b2318a9adc0058ac34f8fb96bd2829f7dcf544cd287653f11408da4096452e65863a55a5012b33566c2eb0faf4bef653cf21a0c5a757d1d32df172370684826550f69694e00c5320d0451d34baaf46c3dda557b31198f38b3a685bb2c98b330e20baf909857ca5879bd5b9849aef0d7d45d47047a6abead39900ce54bb05e046dc78019cc47ef4c9bae347b2245bd01a4a4e926bc0cc37ca93628d8028c66b758d52d2549c42323fef8183060769c533f90521825b161b274ca4e5379b1b4deb94110a726cbb94a6031610edc7ecb6e07b33bd84e5b2c4569b60f6c0d25f022e822bebc04cec5a20c379f9ccd733b5167a6fe302880ba106d012e4179acf6183b0643006f8fcf452cf478b566168614f13a4000e9ea6e9a3d4fea936a180232daf6f453aa827c9123c4af28904644c86d17789d1854f6f29649ce33e1e2b1b3e9a81e27b1855693738,gx-no-cache=1489415625706 HTTP/1.1" 200 30
186.103.159.182 - - [13/Mar/2017:11:32:36 -0300] "POST /cormun/servlet/solicitudot?gx-no-cache=1489415626182 HTTP/1.1" 200 30
186.103.159.182 - - [13/Mar/2017:11:32:48 -0300] "POST /cormun/servlet/solicitudot?gx-no-cache=1489415637655 HTTP/1.1" 200 30
186.103.159.182 - - [13/Mar/2017:11:32:52 -0300] "POST /cormun/servlet/solicitudot?gx-no-cache=1489415641702 HTTP/1.1" 200 1290
186.103.159.182 - - [13/Mar/2017:11:32:52 -0300] "POST /cormun/servlet/solicitudot?gx-no-cache=1489415642322 HTTP/1.1" 200 41
186.103.159.182 - - [13/Mar/2017:11:32:58 -0300] "GET /cormun/servlet/solicitudot?28ecc6336187701ed1766e2057c08e93c9307823ea7830ec9f33d15587994af27915159005e37af6636f560353fc117210797a782fd2d67454a26b3e2801960b1f8fd27785d744324ce6c3e4950ee2e2a020d9400fbd18348b386a1cf1c7d5cb130a77300367192300cdcfc24c2f9199155f20b1c5987329d107575b615c6b7d32b75774af26106295ce91d990bf94ec015bd5e00c730813a9c546f2f780d2ae,gx-no-cache=1489415647675 HTTP/1.1" 200 29
186.103.159.182 - - [13/Mar/2017:11:32:58 -0300] "POST /cormun/servlet/solicitudot?gx-no-cache=1489415647764 HTTP/1.1" 200 1274
186.103.159.182 - - [13/Mar/2017:11:32:59 -0300] "POST /cormun/servlet/solicitudot?gx-no-cache=1489415648400 HTTP/1.1" 200 1157
192.168.10.96 - - [13/Mar/2017:11:32:59 -0300] "GET /cormun/servlet/trlicencias? HTTP/1.1" 200 6844
192.168.10.96 - - [13/Mar/2017:11:32:59 -0300] "GET /cormun/servlet/trlicencias? HTTP/1.1" 200 6843
192.168.10.96 - - [13/Mar/2017:11:33:02 -0300] "GET /cormun/servlet/licenciaspermisos?INS,0,,, HTTP/1.1" 200 7349
186.103.159.182 - - [13/Mar/2017:11:33:02 -0300] "GET /cormun/servlet/solicitudot?28ecc6336187701ed1766e2057c08e93172f7f90871d7c8bbf3714c1fa85bbcfecaecdf1c8a257edf544058b03b84e31187194127b38b040ce5ff0d072841b071be559dd88171c2aeea04346242b67fdeb3086471e64d422fccd7dbf924fb72aa10c7b768b9a316b3bb73262014826cd37be6e7b7d702bae0e61345dfe7f9d227aab86a683ba09f66d3abf65847ad03e,gx-no-cache=1489415651985 HTTP/1.1" 200 32
192.168.10.96 - - [13/Mar/2017:11:33:02 -0300] "GET /cormun/servlet/licenciaspermisos?INS,0,,, HTTP/1.1" 200 7349
200.83.57.219 - - [13/Mar/2017:11:33:06 -0300] "GET /cormun/servlet/licenciaspermisos?881a9ad322c76b1e03cb0e82b2d7430c7f5d37dacfd7d43174ca7aa2cadb023596c6d1f371302f3ae9d617481a4fc63e363a05d3f1a0985981ef9bf4cd19e779cd079519a0afde7ccfea1389d6745c3464d2e3ff9b9f908263b77a21356ee8f8bfaf7af83705a7e4f23a020cea6cec13d5d84e9e227a47d85ae857c9b8c4d375f0aaa45f5cb0676d6eed803fec0daa10080426ff1a64e108a0e9d12cfccc9c1afa998e3e3bcde95baaeb11275125b9c25a1277cc3ccaf3d0d52218b738dce854eff10a09062e232ac92595bb56e5a2e9dce639051723d556cbf234c1f3148b45,gx-no-cache=1489415655249 HTTP/1.1" 200 30
200.83.57.219 - - [13/Mar/2017:11:33:06 -0300] "GET /cormun/servlet/licenciaspermisos?881a9ad322c76b1e03cb0e82b2d7430cd39686b571b4dee96e004758afbad819b8e123a56572abcbfc98a4005b4e0b997415f6e0c559d4b101301aaba4fa903317069b6ffd5cdafb8ed1e3a529bbb35d871102d3f8d5cf0357e845e5c1dca071cd8a67867794774b16e4048ee71dec01c4227a8cba3d56a7523c0eeeb68866b9d3e7e5d96e43184aa95d9b9919715ed58f31f48a5cf8f99db8d6ab4ac43ddfcb949ec0a65b2c054fc7a49cc0854db84d866eb77f8f2b75d35a7594f6fefa81ae55700c3f121bc6ddf9aeec277e6987adb3ba0ec468c2a4a7a3cc6b8c6b840788,gx-no-cache=1489415655412 HTTP/1.1" 200 29
186.103.159.182 - - [13/Mar/2017:11:33:06 -0300] "POST /cormun/servlet/solicitudot?e3e0ac1db9979da11c56d610d16c30f6,UPD,2017,5118,,gx-no-cache=1489415655679 HTTP/1.1" 200 93
186.103.159.182 - - [13/Mar/2017:11:33:06 -0300] "GET /cormun/servlet/hpexe_return? HTTP/1.1" 200 1011
