192.168.10.89 - - [13/Mar/2017:09:27:54 -0300] "GET /cormun/static/solicitudotlog.js?20161221847122 HTTP/1.1" 304 -
192.168.10.89 - - [13/Mar/2017:09:27:56 -0300] "GET /cormun/servlet/solicitudotlog?8de96639e16179d28c7bb490fc714a94c53b5b8f5de64b0a4ba4ff76145a62a6faa7e396518a96c135b1d3ab6003b17232355fecdf3da8d876a29696dbc8cef8943c11edd902d6a3488ded2b4c77046370e93925ed8ff894c115ea818f6ee4b27b4cfd4409f4828bd58a86f763c30af05551cb3ebad3895506b2ff999bd37257badf4fede58560f8d2d88e266d97a8dd406a019cf0ddf789a23f1df584616664,gx-no-cache=1489411359257 HTTP/1.1" 200 94
192.168.10.89 - - [13/Mar/2017:09:27:59 -0300] "POST /cormun/servlet/solicitudotlog?4e55acc228eee252e4c903121b6b6ce5,INS,2017,5406,0,REC,,gx-no-cache=1489411362366 HTTP/1.1" 200 93
192.168.10.89 - - [13/Mar/2017:09:27:59 -0300] "GET /cormun/servlet/hpexe_return? HTTP/1.1" 200 1025
192.168.10.89 - - [13/Mar/2017:09:28:00 -0300] "GET /cormun/servlet/trsolicitudgral? HTTP/1.1" 200 10026
200.111.191.210 - - [13/Mar/2017:09:28:15 -0300] "GET /cormun/servlet/solicitudot?5ec50e8dd19a3b4439701a7f2d93bf2888db7a771ccdaedfe41f1c26c97832d8de1d3eac7ebfa32875acd78dc79edda2894db70268f5f5bed57aec86d1b114fec281e717038630d56090089eae99cd35ba235fd85e0b7f09991f468a2dbb78bb08c2e650eac21b649f96a4d7370351cee436ef21ae53326dcf5088c4faa9cee3ade9e526fccbb8b41ef05f8451342f5b15255bfba980a13cc0972dcebb507ff3f7c4ac724c180efaec0e114106b38a85,gx-no-cache=1489411677200 HTTP/1.1" 200 30
200.111.191.210 - - [13/Mar/2017:09:28:23 -0300] "POST /cormun/servlet/solicitudot?d6fbc9152df2c0b17b12a99e0d39cac6,INS,0,0,,gx-no-cache=1489411684658 HTTP/1.1" 200 11121
200.111.191.210 - - [13/Mar/2017:09:28:23 -0300] "GET /cormun/static/Shared/jqueryui/images/ui-bg_highlight-soft_100_c6c2c8_1x100.png HTTP/1.1" 404 1117
200.111.191.210 - - [13/Mar/2017:09:28:23 -0300] "GET /cormun/static/Shared/jqueryui/images/ui-icons_82798d_256x240.png HTTP/1.1" 404 1089
200.111.191.210 - - [13/Mar/2017:09:28:23 -0300] "GET /cormun/static/Shared/jqueryui/images/ui-bg_flat_55_994d53_40x100.png HTTP/1.1" 404 1097
200.111.191.210 - - [13/Mar/2017:09:28:23 -0300] "GET /cormun/static/Shared/jqueryui/images/ui-icons_ebccce_256x240.png HTTP/1.1" 404 1089
200.111.191.210 - - [13/Mar/2017:09:28:40 -0300] "GET /cormun/servlet/solicitudot?5ec50e8dd19a3b4439701a7f2d93bf2888db7a771ccdaedfe41f1c26c97832d8de1d3eac7ebfa32875acd78dc79edda2894db70268f5f5bed57aec86d1b114fec281e717038630d56090089eae99cd35ba235fd85e0b7f09991f468a2dbb78bb08c2e650eac21b649f96a4d7370351cee436ef21ae53326dcf5088c4faa9cee3ade9e526fccbb8b41ef05f8451342f5b15255bfba980a13cc0972dcebb507ff3e51d803942c92d7cc39fd171552df929,gx-no-cache=1489411702063 HTTP/1.1" 200 30
200.111.191.210 - - [13/Mar/2017:09:28:40 -0300] "POST /cormun/servlet/solicitudot?d6fbc9152df2c0b17b12a99e0d39cac6,INS,0,0,,gx-no-cache=1489411702133 HTTP/1.1" 200 93
200.111.191.210 - - [13/Mar/2017:09:28:40 -0300] "GET /cormun/servlet/hpexe_return? HTTP/1.1" 200 1013
200.111.191.210 - - [13/Mar/2017:09:28:40 -0300] "GET /cormun/static/gxcfg.js?2016101716175148 HTTP/1.1" 304 -
200.111.191.210 - - [13/Mar/2017:09:28:40 -0300] "GET /cormun/static/hpexe_return.js?2016101716175153 HTTP/1.1" 304 -
200.111.191.210 - - [13/Mar/2017:09:28:40 -0300] "GET /cormun/servlet/trsolicitudot HTTP/1.1" 200 7844
200.111.191.210 - - [13/Mar/2017:09:28:41 -0300] "GET /cormun/servlet/trsolicitudot HTTP/1.1" 200 7841
200.111.191.210 - - [13/Mar/2017:09:28:48 -0300] "POST /cormun/servlet/trsolicitudot?d6fbc9152df2c0b17b12a99e0d39cac6,gx-no-cache=1489411710283 HTTP/1.1" 200 3896
200.111.191.210 - - [13/Mar/2017:09:28:49 -0300] "GET /cormun/static/Shared/jqueryui/images/ui-bg_highlight-soft_100_c6c2c8_1x100.png HTTP/1.1" 404 1117
200.111.191.210 - - [13/Mar/2017:09:28:49 -0300] "GET /cormun/static/Shared/jqueryui/images/ui-icons_82798d_256x240.png HTTP/1.1" 404 1089
200.111.191.210 - - [13/Mar/2017:09:28:49 -0300] "GET /cormun/static/Shared/jqueryui/images/ui-icons_8d78a5_256x240.png HTTP/1.1" 404 1089
200.111.191.210 - - [13/Mar/2017:09:28:49 -0300] "GET /cormun/static/Shared/jqueryui/images/ui-bg_flat_55_fafafa_40x100.png HTTP/1.1" 404 1097
200.111.191.210 - - [13/Mar/2017:09:28:49 -0300] "POST /cormun/servlet/trsolicitudot?d6fbc9152df2c0b17b12a99e0d39cac6,gx-no-cache=1489411710839 HTTP/1.1" 200 3668
200.111.191.210 - - [13/Mar/2017:09:28:53 -0300] "GET /cormun/servlet/trsolicitudot? HTTP/1.1" 200 6490
200.111.191.210 - - [13/Mar/2017:09:28:53 -0300] "GET /cormun/servlet/trsolicitudot? HTTP/1.1" 200 6490
200.111.191.210 - - [13/Mar/2017:09:28:55 -0300] "GET /cormun/servlet/hlogin HTTP/1.1" 200 1744
192.168.10.89 - - [13/Mar/2017:09:29:19 -0300] "POST /cormun/servlet/trsolicitudgral?4e55acc228eee252e4c903121b6b6ce5,,gx-no-cache=1489411442430 HTTP/1.1" 200 6694
200.111.191.210 - - [13/Mar/2017:09:29:22 -0300] "POST /cormun/servlet/hlogin?d6fbc9152df2c0b17b12a99e0d39cac6,gx-no-cache=1489411744040 HTTP/1.1" 200 90
200.111.191.210 - - [13/Mar/2017:09:29:22 -0300] "GET /cormun/servlet/hpexe_link HTTP/1.1" 200 960
200.111.191.210 - - [13/Mar/2017:09:29:22 -0300] "GET /cormun/servlet/hhome HTTP/1.1" 200 3936
200.111.191.210 - - [13/Mar/2017:09:29:22 -0300] "GET /cormun/static/gxcfg.js?201612218515568 HTTP/1.1" 304 -
200.111.191.210 - - [13/Mar/2017:09:29:22 -0300] "GET /cormun/static/hhome.js?201612218515573 HTTP/1.1" 304 -
200.111.191.210 - - [13/Mar/2017:09:29:22 -0300] "GET /cormun/servlet/hhome HTTP/1.1" 200 3932
200.111.191.210 - - [13/Mar/2017:09:29:30 -0300] "GET /cormun/servlet/trautorizarsolicitud? HTTP/1.1" 200 8122
200.111.191.210 - - [13/Mar/2017:09:29:30 -0300] "GET /cormun/static/gxcfg.js?2017259112829 HTTP/1.1" 304 -
200.111.191.210 - - [13/Mar/2017:09:29:30 -0300] "GET /cormun/static/trautorizarsolicitud.js?2017259113483 HTTP/1.1" 304 -
200.111.191.210 - - [13/Mar/2017:09:29:31 -0300] "GET /cormun/servlet/trautorizarsolicitud? HTTP/1.1" 200 8119
192.168.10.89 - - [13/Mar/2017:09:29:33 -0300] "GET /cormun/servlet/solicitudgral?UPD,2017,5386, HTTP/1.1" 200 12180
200.111.191.210 - - [13/Mar/2017:09:29:34 -0300] "POST /cormun/servlet/trautorizarsolicitud?d6fbc9152df2c0b17b12a99e0d39cac6,,gx-no-cache=1489411756060 HTTP/1.1" 200 4326
200.111.191.210 - - [13/Mar/2017:09:29:34 -0300] "GET /cormun/static/Shared/jqueryui/images/ui-bg_highlight-soft_100_c6c2c8_1x100.png HTTP/1.1" 404 1117
200.111.191.210 - - [13/Mar/2017:09:29:34 -0300] "GET /cormun/static/Shared/jqueryui/images/ui-icons_82798d_256x240.png HTTP/1.1" 404 1089
200.111.191.210 - - [13/Mar/2017:09:29:34 -0300] "GET /cormun/static/Shared/jqueryui/images/ui-bg_flat_55_fafafa_40x100.png HTTP/1.1" 404 1097
200.111.191.210 - - [13/Mar/2017:09:29:34 -0300] "GET /cormun/static/Shared/jqueryui/images/ui-icons_8d78a5_256x240.png HTTP/1.1" 404 1089
200.111.191.210 - - [13/Mar/2017:09:29:34 -0300] "POST /cormun/servlet/trautorizarsolicitud?d6fbc9152df2c0b17b12a99e0d39cac6,,gx-no-cache=1489411756285 HTTP/1.1" 200 4096
192.168.10.89 - - [13/Mar/2017:09:29:35 -0300] "POST /cormun/servlet/solicitudgral?gx-no-cache=1489411457645 HTTP/1.1" 200 3192
192.168.10.89 - - [13/Mar/2017:09:29:35 -0300] "GET /cormun/servlet/solicitudgral?8de96639e16179d28c7bb490fc714a9471f8be1dd0e79b240ddeb831d5920a60919ea8d4c2528207f331e046f41fa2611804999dc66f01ecdf8fafdc5d245c0b7085772d63778f8804097029d79c777e5c7c6c9c1709fc5a012bedd9198a34aebc18ccb2f12cba59268e5dab9a7cdb0f833b427d95de71f875de52f3e027b583310f19369d880e4a9af264df10e5664d39f1198e4571f12baef735e7a41b973e3acaaf9f0121e119a87867f09e544b3db9964c44d2b189774698730f850672021cc31ea04c026ca23f1659767b70ce578a7d61ba1ae8ebc71a3a51aa85c227b25cf514b890fb979dda13560d61c94e15070fa6d1da0b1b7948774e51783db4bccc87a3c83b3e2c5118a259205b221a7112b5cd5ecac20fd4d67a8fba758fb9c8a64c7b757c7acda8ab457eff603dacef260184045ddcd0e4d900a7385a88156762c5cb813a0d0f11ec06ee4822fa2ec8,gx-no-cache=1489411457861 HTTP/1.1" 200 242
192.168.10.89 - - [13/Mar/2017:09:29:38 -0300] "GET /cormun/servlet/solicitudgral?8de96639e16179d28c7bb490fc714a94652af18aac601815431943d7f8b03d12e2ad309dec72459c1180ccb24b6884e3f47484e08555916987f2a7fdd83fb7a838cb2ef075d37871ca27260c70296034bb2a3ce2c1f1d9c1592e3b32a3ccc96b7e9349c201eed296b6bcea7d6b065cd295295f2ae638912b28a458d31b22ce0c7eff1c3c1c9949260c3b1df7b9e3e3634640d1656bc8963d2ee9c69e9d301a28f21d48908be3711a694cd3466fbd522cf058a7b49d28ff388ee4d60961d8c73123e462ca2a9943ca262f5691fa5d554d963a6b0b9f65b69e9ff50589c2576aecca7e560a603a7160da1588c8ac8e04a1e2b11514ce3a84da33fc17461539195266e4a1d6ec7fa7d4d8cd030f41396e31a4f6c78d22d5265d7989dfdee197c8975fedca9bd7cd5cdd468126a4ebf4356db7e80944b2bc9a8de57abf12dcfb0ce6e2c33d2311c6da97e7b1c1cd2d58176b881c4961a294cbd5d85b559f3aa0bbac87fde71bb1363d3ff16871f4d359ef3c8ef52d8f9e0d0d97fec90d29c5bceb7223b349377b0fb5bba0ca90648eeab39bcacfed8bc5f300d41193eb063ecf9567801fc4c4581753e194c6cf4cc5fc3819fd67d785bda71a3288426d8425ceb874aee888ca1050990420efec313c86661987feb82bc32310c5c854a21f2ab67da957a20fe6588aca76ecec2b5b25980f2794590bbd53669d7efb1263f7a80110e75a67f2a3322a162b082b0df2e7471393f016cc560a2230ac95efe325955297f5535bc2f6212075ef24e5655447624b8e,gx-no-cache=1489411461472 HTTP/1.1" 200 48
192.168.10.89 - - [13/Mar/2017:09:29:39 -0300] "POST /cormun/servlet/solicitudgral?4e55acc228eee252e4c903121b6b6ce5,UPD,2017,5386,,gx-no-cache=1489411462243 HTTP/1.1" 200 10537
200.111.191.210 - - [13/Mar/2017:09:29:40 -0300] "GET /cormun/servlet/trsolicitudot? HTTP/1.1" 200 6894
200.111.191.210 - - [13/Mar/2017:09:29:40 -0300] "GET /cormun/servlet/trsolicitudot? HTTP/1.1" 200 6894
192.168.10.89 - - [13/Mar/2017:09:29:41 -0300] "GET /cormun/servlet/solicitudgral?8de96639e16179d28c7bb490fc714a9435b43a678b2a001ceae2fe64fe4cf968bbef5815e9ef4473fcb4a8bdd37bf1edbc9690309dc8700fe0cc0c7e96d895e97bff51a83ea56668bc1cdb8c2f9374c35535dbd87047eccafcbf51fbdd287d26b7537c76f511c984adeff271ff19d1808580394f178c4138d9a0497fe250e6d0def237f27df950d97c36e4a7dee56c1e2499f280f2b086641f62e14327c05423,gx-no-cache=1489411464281 HTTP/1.1" 200 29
192.168.10.89 - - [13/Mar/2017:09:29:41 -0300] "POST /cormun/servlet/solicitudgral?gx-no-cache=1489411464310 HTTP/1.1" 200 1250
192.168.10.89 - - [13/Mar/2017:09:29:41 -0300] "POST /cormun/servlet/solicitudgral?gx-no-cache=1489411464347 HTTP/1.1" 200 1155
200.111.191.210 - - [13/Mar/2017:09:29:46 -0300] "GET /cormun/servlet/hlogin HTTP/1.1" 200 1744
192.168.10.89 - - [13/Mar/2017:09:29:57 -0300] "POST /cormun/servlet/solicitudgral?4e55acc228eee252e4c903121b6b6ce5,UPD,2017,5386,,gx-no-cache=1489411479937 HTTP/1.1" 200 93
192.168.10.89 - - [13/Mar/2017:09:29:57 -0300] "GET /cormun/servlet/hpexe_return? HTTP/1.1" 200 1015
192.168.10.89 - - [13/Mar/2017:09:29:58 -0300] "GET /cormun/servlet/trsolicitudgral? HTTP/1.1" 200 9986
192.168.10.89 - - [13/Mar/2017:09:30:01 -0300] "POST /cormun/servlet/trsolicitudgral?4e55acc228eee252e4c903121b6b6ce5,,gx-no-cache=1489411484380 HTTP/1.1" 200 5617
192.168.10.89 - - [13/Mar/2017:09:30:02 -0300] "GET /cormun/static/Shared/jqueryui/images/ui-bg_flat_55_fafafa_40x100.png HTTP/1.1" 404 1097
192.168.10.89 - - [13/Mar/2017:09:30:02 -0300] "GET /cormun/static/Shared/jqueryui/images/ui-icons_8d78a5_256x240.png HTTP/1.1" 404 1089
192.168.10.89 - - [13/Mar/2017:09:30:02 -0300] "GET /cormun/static/Shared/jqueryui/images/ui-bg_highlight-soft_100_c6c2c8_1x100.png HTTP/1.1" 404 1117
192.168.10.89 - - [13/Mar/2017:09:30:02 -0300] "GET /cormun/static/Shared/jqueryui/images/ui-icons_82798d_256x240.png HTTP/1.1" 404 1089
192.168.10.89 - - [13/Mar/2017:09:30:44 -0300] "POST /cormun/servlet/trsolicitudgral?4e55acc228eee252e4c903121b6b6ce5,,gx-no-cache=1489411526832 HTTP/1.1" 200 6680
192.168.10.89 - - [13/Mar/2017:09:30:45 -0300] "POST /cormun/servlet/trsolicitudgral?4e55acc228eee252e4c903121b6b6ce5,,gx-no-cache=1489411528508 HTTP/1.1" 200 115
192.168.10.89 - - [13/Mar/2017:09:30:45 -0300] "GET /cormun/servlet/solicitudotlog?INS,2017,5431,0,REC, HTTP/1.1" 200 6160
192.168.10.89 - - [13/Mar/2017:09:30:47 -0300] "GET /cormun/servlet/solicitudotlog?8de96639e16179d28c7bb490fc714a94f5793020dc17b00f88b0d84efbaabc9cfaa7e396518a96c135b1d3ab6003b17232355fecdf3da8d876a29696dbc8cef8943c11edd902d6a3488ded2b4c77046370e93925ed8ff894c115ea818f6ee4b27b4cfd4409f4828bd58a86f763c30af05551cb3ebad3895506b2ff999bd37257badf4fede58560f8d2d88e266d97a8dd406a019cf0ddf789a23f1df584616664,gx-no-cache=1489411530404 HTTP/1.1" 200 94
192.168.10.89 - - [13/Mar/2017:09:30:57 -0300] "POST /cormun/servlet/solicitudotlog?4e55acc228eee252e4c903121b6b6ce5,INS,2017,5431,0,REC,,gx-no-cache=1489411539861 HTTP/1.1" 200 93
192.168.10.89 - - [13/Mar/2017:09:30:57 -0300] "GET /cormun/servlet/hpexe_return? HTTP/1.1" 200 1025
192.168.10.89 - - [13/Mar/2017:09:30:58 -0300] "GET /cormun/servlet/trsolicitudgral? HTTP/1.1" 200 8706
192.168.10.89 - - [13/Mar/2017:09:31:20 -0300] "POST /cormun/servlet/trsolicitudgral?4e55acc228eee252e4c903121b6b6ce5,,gx-no-cache=1489411563553 HTTP/1.1" 200 6737
192.168.10.89 - - [13/Mar/2017:09:31:25 -0300] "POST /cormun/servlet/trsolicitudgral?4e55acc228eee252e4c903121b6b6ce5,,gx-no-cache=1489411568290 HTTP/1.1" 200 5637
192.168.10.89 - - [13/Mar/2017:09:31:26 -0300] "GET /cormun/static/Shared/jqueryui/images/ui-icons_8d78a5_256x240.png HTTP/1.1" 404 1089
192.168.10.89 - - [13/Mar/2017:09:31:26 -0300] "GET /cormun/static/Shared/jqueryui/images/ui-icons_82798d_256x240.png HTTP/1.1" 404 1089
192.168.10.89 - - [13/Mar/2017:09:31:26 -0300] "GET /cormun/static/Shared/jqueryui/images/ui-bg_flat_55_fafafa_40x100.png HTTP/1.1" 404 1097
192.168.10.89 - - [13/Mar/2017:09:31:26 -0300] "GET /cormun/static/Shared/jqueryui/images/ui-bg_highlight-soft_100_c6c2c8_1x100.png HTTP/1.1" 404 1117
192.168.10.89 - - [13/Mar/2017:09:31:29 -0300] "POST /cormun/servlet/trsolicitudgral?4e55acc228eee252e4c903121b6b6ce5,,gx-no-cache=1489411571778 HTTP/1.1" 200 6730
192.168.10.89 - - [13/Mar/2017:09:31:31 -0300] "POST /cormun/servlet/trsolicitudgral?4e55acc228eee252e4c903121b6b6ce5,,gx-no-cache=1489411574160 HTTP/1.1" 200 5630
186.79.41.193 - - [13/Mar/2017:09:31:54 -0300] "GET /cormun/servlet/trpermisosadjuntos?11699454,20170313101353,P, HTTP/1.1" 200 6017
186.79.41.193 - - [13/Mar/2017:09:31:54 -0300] "GET /cormun/static/gxcfg.js?2016122813135853 HTTP/1.1" 200 953
186.79.41.193 - - [13/Mar/2017:09:31:55 -0300] "GET /cormun/static/trpermisosadjuntos.js?20161228131414 HTTP/1.1" 200 20048
186.79.41.193 - - [13/Mar/2017:09:31:55 -0300] "GET /cormun/servlet/trpermisosadjuntos?11699454,20170313101353,P, HTTP/1.1" 200 6017
186.79.41.193 - - [13/Mar/2017:09:31:58 -0300] "GET /cormun/servlet/permisosadjuntos?INS,11699454,P,20170313101353,, HTTP/1.1" 200 5342
186.79.41.193 - - [13/Mar/2017:09:31:59 -0300] "GET /cormun/static/gxcfg.js?2016122813135788 HTTP/1.1" 200 953
186.79.41.193 - - [13/Mar/2017:09:31:59 -0300] "GET /cormun/static/permisosadjuntos.js?2016122813135797 HTTP/1.1" 200 8721
186.79.41.193 - - [13/Mar/2017:09:32:00 -0300] "GET /cormun/static/about:blank HTTP/1.1" 404 1011
186.79.41.193 - - [13/Mar/2017:09:32:00 -0300] "GET /cormun/servlet/permisosadjuntos?INS,11699454,P,20170313101353,, HTTP/1.1" 200 5332
192.168.10.89 - - [13/Mar/2017:09:32:11 -0300] "POST /cormun/servlet/trsolicitudgral?4e55acc228eee252e4c903121b6b6ce5,,gx-no-cache=1489411613776 HTTP/1.1" 200 7264
186.79.41.193 - - [13/Mar/2017:09:32:14 -0300] "POST /cormun/servlet/permisosadjuntos?20c8699d458292d9e66bfd93c6fd7c3e,INS,11699454,P,20170313101353,, HTTP/1.1" 200 116
186.79.41.193 - - [13/Mar/2017:09:32:15 -0300] "GET /cormun/servlet/hpexe_return? HTTP/1.1" 200 1034
186.79.41.193 - - [13/Mar/2017:09:32:16 -0300] "GET /cormun/servlet/trpermisosadjuntos?11699454,20170313101353,P, HTTP/1.1" 200 6474
186.79.41.193 - - [13/Mar/2017:09:32:17 -0300] "GET /cormun/servlet/trpermisosadjuntos?11699454,20170313101353,P, HTTP/1.1" 200 6469
186.79.41.193 - - [13/Mar/2017:09:32:23 -0300] "GET /cormun/servlet/permisosadjuntos?INS,11699454,P,20170313101353,, HTTP/1.1" 200 5342
186.79.41.193 - - [13/Mar/2017:09:32:25 -0300] "GET /cormun/servlet/permisosadjuntos?INS,11699454,P,20170313101353,, HTTP/1.1" 200 5332
186.79.41.193 - - [13/Mar/2017:09:32:28 -0300] "GET /cormun/servlet/trpermisosadjuntos?11699454,20170313101353,P, HTTP/1.1" 200 6470
186.79.41.193 - - [13/Mar/2017:09:32:29 -0300] "GET /cormun/servlet/trpermisosadjuntos?11699454,20170313101353,P, HTTP/1.1" 200 6469
192.168.10.89 - - [13/Mar/2017:09:32:33 -0300] "GET /cormun/servlet/solicitudgral?UPD,2017,5377, HTTP/1.1" 200 12151
192.168.10.89 - - [13/Mar/2017:09:32:35 -0300] "POST /cormun/servlet/solicitudgral?gx-no-cache=1489411638096 HTTP/1.1" 200 3175
192.168.10.89 - - [13/Mar/2017:09:32:35 -0300] "GET /cormun/servlet/solicitudgral?8de96639e16179d28c7bb490fc714a9471f8be1dd0e79b240ddeb831d5920a60919ea8d4c2528207f331e046f41fa2611804999dc66f01ecdf8fafdc5d245c0b7085772d63778f8804097029d79c777ea14834d6b753dd9537398b5f10500ad4bc18ccb2f12cba59268e5dab9a7cdb0f833b427d95de71f875de52f3e027b583310f19369d880e4a9af264df10e5664d39f1198e4571f12baef735e7a41b973e3acaaf9f0121e119a87867f09e544b3db9964c44d2b189774698730f850672021cc31ea04c026ca23f1659767b70ce578a7d61ba1ae8ebc71a3a51aa85c227b25cf514b890fb979dda13560d61c94e15070fa6d1da0b1b7948774e51783db4bccc87a3c83b3e2c5118a259205b221a7112b5cd5ecac20fd4d67a8fba758fb9c8a64c7b757c7acda8ab457eff603dacef260184045ddcd0e4d900a7385a88156762c5cb813a0d0f11ec06ee4822fa2ec8,gx-no-cache=1489411638300 HTTP/1.1" 200 257
186.79.41.193 - - [13/Mar/2017:09:32:36 -0300] "GET /cormun/servlet/trpermisosgoce? HTTP/1.1" 200 7574
186.79.41.193 - - [13/Mar/2017:09:32:37 -0300] "GET /cormun/servlet/trpermisosgoce? HTTP/1.1" 200 7569
192.168.10.89 - - [13/Mar/2017:09:32:38 -0300] "GET /cormun/servlet/solicitudgral?8de96639e16179d28c7bb490fc714a94652af18aac601815431943d7f8b03d12e2ad309dec72459c1180ccb24b6884e3f47484e08555916987f2a7fdd83fb7a838cb2ef075d37871ca27260c70296034bb2a3ce2c1f1d9c1592e3b32a3ccc96b7e9349c201eed296b6bcea7d6b065cd295295f2ae638912b28a458d31b22ce0c7eff1c3c1c9949260c3b1df7b9e3e3634640d1656bc8963d2ee9c69e9d301a28f21d48908be3711a694cd3466fbd522cf058a7b49d28ff388ee4d60961d8c73123e462ca2a9943ca262f5691fa5d554d963a6b0b9f65b69e9ff50589c2576aecca7e560a603a7160da1588c8ac8e04a1e2b11514ce3a84da33fc17461539195266e4a1d6ec7fa7d4d8cd030f41396e31a4f6c78d22d5265d7989dfdee197c8975fedca9bd7cd5cdd468126a4ebf4356db7e80944b2bc9a8de57abf12dcfb0ce6e2c33d2311c6da97e7b1c1cd2d58176b881c4961a294cbd5d85b559f3aa0bbac87fde71bb1363d3ff16871f4d359ef3c8ef52d8f9e0d0d97fec90d29c5bceb7223b349377b0fb5bba0ca90648eeab39bcacfed8bc5f300d41193eb063ecf9567801fc4c4581753e194c6cf4cc5fc3819fd67d785bda71a3288426d8425ceb874aee888ca1050990420efec313c86661987feb82bc32310c5c854a21f2ab67da957a20fe6588aca76ecec2b5b25980f2794590bbd53669d7efb1263f7a80110e75a67f2a3322a162b082b0df2e7471393f016cc560a2230ac95efe325955297f5535bc2f6212075ef24e5655447624b8e,gx-no-cache=1489411640882 HTTP/1.1" 200 48
192.168.10.89 - - [13/Mar/2017:09:32:41 -0300] "POST /cormun/servlet/solicitudgral?4e55acc228eee252e4c903121b6b6ce5,UPD,2017,5377,,gx-no-cache=1489411643793 HTTP/1.1" 200 10545
192.168.10.89 - - [13/Mar/2017:09:32:44 -0300] "GET /cormun/servlet/solicitudgral?8de96639e16179d28c7bb490fc714a9435b43a678b2a001ceae2fe64fe4cf968bbef5815e9ef4473fcb4a8bdd37bf1edbc9690309dc8700fe0cc0c7e96d895e97bff51a83ea56668bc1cdb8c2f9374c35535dbd87047eccafcbf51fbdd287d26b7537c76f511c984adeff271ff19d1808580394f178c4138d9a0497fe250e6d0def237f27df950d97c36e4a7dee56c1e2499f280f2b086641f62e14327c05423,gx-no-cache=1489411646869 HTTP/1.1" 200 29
192.168.10.89 - - [13/Mar/2017:09:32:44 -0300] "POST /cormun/servlet/solicitudgral?gx-no-cache=1489411646907 HTTP/1.1" 200 1249
192.168.10.89 - - [13/Mar/2017:09:32:44 -0300] "POST /cormun/servlet/solicitudgral?gx-no-cache=1489411646947 HTTP/1.1" 200 1153
192.168.10.89 - - [13/Mar/2017:09:32:44 -0300] "POST /cormun/servlet/solicitudgral?4e55acc228eee252e4c903121b6b6ce5,UPD,2017,5377,,gx-no-cache=1489411646988 HTTP/1.1" 200 93
192.168.10.89 - - [13/Mar/2017:09:32:44 -0300] "GET /cormun/servlet/hpexe_return? HTTP/1.1" 200 1015
192.168.10.89 - - [13/Mar/2017:09:32:45 -0300] "GET /cormun/servlet/trsolicitudgral? HTTP/1.1" 200 10541
192.168.10.89 - - [13/Mar/2017:09:32:51 -0300] "POST /cormun/servlet/trsolicitudgral?4e55acc228eee252e4c903121b6b6ce5,,gx-no-cache=1489411653576 HTTP/1.1" 200 7026
192.168.10.89 - - [13/Mar/2017:09:32:51 -0300] "GET /cormun/static/Shared/jqueryui/images/ui-bg_flat_55_fafafa_40x100.png HTTP/1.1" 404 1097
192.168.10.89 - - [13/Mar/2017:09:32:51 -0300] "GET /cormun/static/Shared/jqueryui/images/ui-icons_82798d_256x240.png HTTP/1.1" 404 1089
192.168.10.89 - - [13/Mar/2017:09:32:51 -0300] "GET /cormun/static/Shared/jqueryui/images/ui-icons_8d78a5_256x240.png HTTP/1.1" 404 1089
192.168.10.89 - - [13/Mar/2017:09:32:51 -0300] "GET /cormun/static/Shared/jqueryui/images/ui-bg_highlight-soft_100_c6c2c8_1x100.png HTTP/1.1" 404 1117
192.168.10.89 - - [13/Mar/2017:09:32:57 -0300] "POST /cormun/servlet/trsolicitudgral?4e55acc228eee252e4c903121b6b6ce5,,gx-no-cache=1489411659986 HTTP/1.1" 200 115
192.168.10.89 - - [13/Mar/2017:09:32:57 -0300] "GET /cormun/servlet/solicitudotlog?INS,2017,3334,0,REC, HTTP/1.1" 200 6161
192.168.10.89 - - [13/Mar/2017:09:32:59 -0300] "GET /cormun/servlet/solicitudotlog?8de96639e16179d28c7bb490fc714a940bee70627c3e22e3f8f9eeab5b6a8814faa7e396518a96c135b1d3ab6003b17232355fecdf3da8d876a29696dbc8cef8943c11edd902d6a3488ded2b4c77046370e93925ed8ff894c115ea818f6ee4b27b4cfd4409f4828bd58a86f763c30af05551cb3ebad3895506b2ff999bd37257badf4fede58560f8d2d88e266d97a8dd406a019cf0ddf789a23f1df584616664,gx-no-cache=1489411662000 HTTP/1.1" 200 94
192.168.10.89 - - [13/Mar/2017:09:33:02 -0300] "POST /cormun/servlet/solicitudotlog?4e55acc228eee252e4c903121b6b6ce5,INS,2017,3334,0,REC,,gx-no-cache=1489411665528 HTTP/1.1" 200 93
192.168.10.89 - - [13/Mar/2017:09:33:02 -0300] "GET /cormun/servlet/hpexe_return? HTTP/1.1" 200 1025
186.79.41.193 - - [13/Mar/2017:09:33:03 -0300] "GET /cormun/servlet/permisogoce?DSP,11699454,P,20170313101353, HTTP/1.1" 200 6356
192.168.10.89 - - [13/Mar/2017:09:33:04 -0300] "GET /cormun/servlet/trsolicitudgral? HTTP/1.1" 200 9969
186.79.41.193 - - [13/Mar/2017:09:33:05 -0300] "GET /cormun/servlet/permisogoce?DSP,11699454,P,20170313101353, HTTP/1.1" 200 6356
186.79.41.193 - - [13/Mar/2017:09:33:09 -0300] "GET /cormun/servlet/trpermisosgoce? HTTP/1.1" 200 7574
186.79.41.193 - - [13/Mar/2017:09:33:11 -0300] "GET /cormun/servlet/trpermisosgoce? HTTP/1.1" 200 7574
186.79.41.193 - - [13/Mar/2017:09:33:17 -0300] "GET /cormun/servlet/trpermisosadjuntos?7211375,20170313095328,P, HTTP/1.1" 200 6015
186.79.41.193 - - [13/Mar/2017:09:33:18 -0300] "GET /cormun/servlet/trpermisosadjuntos?7211375,20170313095328,P, HTTP/1.1" 200 6015
186.79.41.193 - - [13/Mar/2017:09:33:22 -0300] "GET /cormun/servlet/permisosadjuntos?INS,7211375,P,20170313095328,, HTTP/1.1" 200 5339
186.79.41.193 - - [13/Mar/2017:09:33:22 -0300] "GET /cormun/static/about:blank HTTP/1.1" 404 1011
186.79.41.193 - - [13/Mar/2017:09:33:22 -0300] "GET /cormun/servlet/permisosadjuntos?INS,7211375,P,20170313095328,, HTTP/1.1" 200 5329
192.168.10.89 - - [13/Mar/2017:09:33:28 -0300] "POST /cormun/servlet/trsolicitudgral?4e55acc228eee252e4c903121b6b6ce5,,gx-no-cache=1489411690609 HTTP/1.1" 200 15182
186.79.41.193 - - [13/Mar/2017:09:33:37 -0300] "POST /cormun/servlet/permisosadjuntos?20c8699d458292d9e66bfd93c6fd7c3e,INS,7211375,P,20170313095328,, HTTP/1.1" 200 116
192.168.10.89 - - [13/Mar/2017:09:33:38 -0300] "POST /cormun/servlet/trsolicitudgral?4e55acc228eee252e4c903121b6b6ce5,,gx-no-cache=1489411700822 HTTP/1.1" 200 7687
186.79.41.193 - - [13/Mar/2017:09:33:38 -0300] "GET /cormun/servlet/hpexe_return? HTTP/1.1" 200 1033
186.79.41.193 - - [13/Mar/2017:09:33:40 -0300] "GET /cormun/servlet/trpermisosadjuntos?7211375,20170313095328,P, HTTP/1.1" 200 6472
186.79.41.193 - - [13/Mar/2017:09:33:41 -0300] "GET /cormun/servlet/trpermisosadjuntos?7211375,20170313095328,P, HTTP/1.1" 200 6469
186.79.41.193 - - [13/Mar/2017:09:33:45 -0300] "GET /cormun/servlet/trpermisosgoce? HTTP/1.1" 200 7574
186.79.41.193 - - [13/Mar/2017:09:33:46 -0300] "GET /cormun/servlet/trpermisosgoce? HTTP/1.1" 200 7574
192.168.10.89 - - [13/Mar/2017:09:33:56 -0300] "POST /cormun/servlet/trsolicitudgral?4e55acc228eee252e4c903121b6b6ce5,,gx-no-cache=1489411718818 HTTP/1.1" 200 5609
192.168.10.89 - - [13/Mar/2017:09:33:56 -0300] "GET /cormun/static/Shared/jqueryui/images/ui-icons_82798d_256x240.png HTTP/1.1" 404 1089
192.168.10.89 - - [13/Mar/2017:09:33:56 -0300] "GET /cormun/static/Shared/jqueryui/images/ui-bg_flat_55_fafafa_40x100.png HTTP/1.1" 404 1097
192.168.10.89 - - [13/Mar/2017:09:33:56 -0300] "GET /cormun/static/Shared/jqueryui/images/ui-icons_8d78a5_256x240.png HTTP/1.1" 404 1089
192.168.10.89 - - [13/Mar/2017:09:33:56 -0300] "GET /cormun/static/Shared/jqueryui/images/ui-bg_highlight-soft_100_c6c2c8_1x100.png HTTP/1.1" 404 1117
186.79.41.193 - - [13/Mar/2017:09:34:17 -0300] "GET /cormun/servlet/permisogoce?UPD,11699454,P,20170313101353, HTTP/1.1" 200 6544
186.79.41.193 - - [13/Mar/2017:09:34:18 -0300] "GET /cormun/servlet/permisogoce?UPD,11699454,P,20170313101353, HTTP/1.1" 200 6544
186.79.41.193 - - [13/Mar/2017:09:34:19 -0300] "GET /cormun/servlet/permisogoce?86701563aa426147a2655a976d0f29dff1d116d5045baee0b1a57b0d5b1bcff6e3d5bccfb4f4112171836df65d0bd5e6,gx-no-cache=1489408527911 HTTP/1.1" 200 71
186.79.41.193 - - [13/Mar/2017:09:34:25 -0300] "GET /cormun/servlet/trpermisosgoce? HTTP/1.1" 200 7574
186.79.41.193 - - [13/Mar/2017:09:34:26 -0300] "GET /cormun/servlet/trpermisosgoce? HTTP/1.1" 200 7574
186.79.41.193 - - [13/Mar/2017:09:34:28 -0300] "GET /cormun/servlet/permisogoce?UPD,7211375,P,20170313095328, HTTP/1.1" 200 6525
186.79.41.193 - - [13/Mar/2017:09:34:29 -0300] "GET /cormun/servlet/permisogoce?UPD,7211375,P,20170313095328, HTTP/1.1" 200 6525
186.79.41.193 - - [13/Mar/2017:09:34:30 -0300] "GET /cormun/servlet/permisogoce?86701563aa426147a2655a976d0f29df2174c5dda007a25d7161a67bf79bff7f6b3274ec864f219e20d7d704d0557f9a,gx-no-cache=1489408539115 HTTP/1.1" 200 69
192.168.10.89 - - [13/Mar/2017:09:34:33 -0300] "POST /cormun/servlet/trsolicitudgral?4e55acc228eee252e4c903121b6b6ce5,,gx-no-cache=1489411755195 HTTP/1.1" 200 22529
186.79.41.193 - - [13/Mar/2017:09:34:34 -0300] "GET /cormun/servlet/trpermisosgoce? HTTP/1.1" 200 7569
186.79.41.193 - - [13/Mar/2017:09:34:36 -0300] "GET /cormun/servlet/trpermisosgoce? HTTP/1.1" 200 7574
192.168.10.89 - - [13/Mar/2017:09:34:41 -0300] "POST /cormun/servlet/trsolicitudgral?4e55acc228eee252e4c903121b6b6ce5,,gx-no-cache=1489411764507 HTTP/1.1" 200 6730
186.79.41.193 - - [13/Mar/2017:09:35:01 -0300] "POST /cormun/servlet/trpermisosgoce?20c8699d458292d9e66bfd93c6fd7c3e,,gx-no-cache=1489408569271 HTTP/1.1" 200 4947
186.79.41.193 - - [13/Mar/2017:09:35:07 -0300] "POST /cormun/servlet/trpermisosgoce?20c8699d458292d9e66bfd93c6fd7c3e,,gx-no-cache=1489408576001 HTTP/1.1" 200 4948
186.79.41.193 - - [13/Mar/2017:09:35:21 -0300] "POST /cormun/servlet/trpermisosgoce?20c8699d458292d9e66bfd93c6fd7c3e,,gx-no-cache=1489408589554 HTTP/1.1" 200 4949
186.79.41.193 - - [13/Mar/2017:09:35:24 -0300] "POST /cormun/servlet/trpermisosgoce?20c8699d458292d9e66bfd93c6fd7c3e,,gx-no-cache=1489408592782 HTTP/1.1" 200 4949
192.168.10.62 - - [13/Mar/2017:09:35:48 -0300] "POST /cormun/servlet/trsolicitudgral?405b1ba482345e78eebe30475bb05e40,,gx-no-cache=1489411830756 HTTP/1.1" 200 6276
192.168.10.62 - - [13/Mar/2017:09:35:48 -0300] "GET /cormun/static/Shared/jqueryui/images/ui-bg_highlight-soft_100_c6c2c8_1x100.png HTTP/1.1" 404 1117
192.168.10.62 - - [13/Mar/2017:09:35:48 -0300] "GET /cormun/static/Shared/jqueryui/images/ui-icons_82798d_256x240.png HTTP/1.1" 404 1089
192.168.10.62 - - [13/Mar/2017:09:35:48 -0300] "GET /cormun/static/Shared/jqueryui/images/ui-icons_8d78a5_256x240.png HTTP/1.1" 404 1089
192.168.10.62 - - [13/Mar/2017:09:35:48 -0300] "GET /cormun/static/Shared/jqueryui/images/ui-bg_flat_55_fafafa_40x100.png HTTP/1.1" 404 1097
192.168.10.89 - - [13/Mar/2017:09:35:55 -0300] "POST /cormun/servlet/trsolicitudgral?4e55acc228eee252e4c903121b6b6ce5,,gx-no-cache=1489411837649 HTTP/1.1" 200 7060
186.103.157.42 - - [13/Mar/2017:09:39:41 -0300] "GET /cormun/servlet/hlogin HTTP/1.1" 200 1724
186.103.157.42 - - [13/Mar/2017:09:39:41 -0300] "GET /cormun/static/Resources/Spanish/PXTools.css?167811 HTTP/1.1" 304 -
186.103.157.42 - - [13/Mar/2017:09:39:41 -0300] "GET /cormun/static/gxtimezone.js?85251 HTTP/1.1" 304 -
186.103.157.42 - - [13/Mar/2017:09:39:41 -0300] "GET /cormun/static/gxcfg.js?201612216162538 HTTP/1.1" 304 -
186.103.157.42 - - [13/Mar/2017:09:39:41 -0300] "GET /cormun/static/gxgral.js?85251 HTTP/1.1" 304 -
186.103.157.42 - - [13/Mar/2017:09:39:42 -0300] "GET /cormun/static/messages.spa.js?85251 HTTP/1.1" 304 -
186.103.157.42 - - [13/Mar/2017:09:39:42 -0300] "GET /cormun/static/hlogin.js?201612216162555 HTTP/1.1" 304 -
186.103.157.42 - - [13/Mar/2017:09:39:42 -0300] "GET /cormun/servlet/hlogin HTTP/1.1" 200 1730
186.103.157.42 - - [13/Mar/2017:09:39:43 -0300] "POST /cormun/servlet/hlogin?151e7b13bb8bd2a50914276487c14fd2,gx-no-cache=1489408717773 HTTP/1.1" 200 90
186.103.157.42 - - [13/Mar/2017:09:39:43 -0300] "GET /cormun/servlet/hpexe_link HTTP/1.1" 200 954
186.103.157.42 - - [13/Mar/2017:09:39:43 -0300] "GET /cormun/static/Resources/Spanish/PXTools.css?18365030 HTTP/1.1" 304 -
186.103.157.42 - - [13/Mar/2017:09:39:43 -0300] "GET /cormun/static/gxcfg.js?201612218515529 HTTP/1.1" 304 -
186.103.157.42 - - [13/Mar/2017:09:39:43 -0300] "GET /cormun/static/hpexe_link.js?201612218515532 HTTP/1.1" 304 -
186.103.157.42 - - [13/Mar/2017:09:39:43 -0300] "GET /cormun/servlet/hhome HTTP/1.1" 200 4045
186.103.157.42 - - [13/Mar/2017:09:39:43 -0300] "GET /cormun/static/gxcfg.js?201612218515568 HTTP/1.1" 304 -
186.103.157.42 - - [13/Mar/2017:09:39:44 -0300] "GET /cormun/static/hhome.js?201612218515573 HTTP/1.1" 304 -
186.103.157.42 - - [13/Mar/2017:09:39:44 -0300] "GET /cormun/static/hpexe_recentlink.js?201610171694390 HTTP/1.1" 304 -
186.103.157.42 - - [13/Mar/2017:09:39:44 -0300] "GET /cormun/static/hwchdr01.js?201612218432057 HTTP/1.1" 304 -
186.103.157.42 - - [13/Mar/2017:09:39:44 -0300] "GET /cormun/static/hpexe_scripts.js?201612218432016 HTTP/1.1" 304 -
186.103.157.42 - - [13/Mar/2017:09:39:44 -0300] "GET /cormun/static/hpexe_messagecontroller.js?201610171694323 HTTP/1.1" 304 -
186.103.157.42 - - [13/Mar/2017:09:39:44 -0300] "GET /cormun/static/hpexe_messagepopupcomponent.js?20161017169425 HTTP/1.1" 304 -
186.103.157.42 - - [13/Mar/2017:09:39:44 -0300] "GET /cormun/static/hpexe_messagegenexuscomponent.js?201612218431816 HTTP/1.1" 304 -
186.103.157.42 - - [13/Mar/2017:09:39:44 -0300] "GET /cormun/static/cmcontrolpreferences.js?201612218431999 HTTP/1.1" 304 -
186.103.157.42 - - [13/Mar/2017:09:39:44 -0300] "GET /cormun/static/hmpwkw03.js?20161221852152 HTTP/1.1" 304 -
186.103.157.42 - - [13/Mar/2017:09:39:44 -0300] "GET /cormun/servlet/hhome HTTP/1.1" 200 4041
186.103.157.42 - - [13/Mar/2017:09:39:47 -0300] "GET /cormun/servlet/trsolicitudot? HTTP/1.1" 200 9761
186.103.157.42 - - [13/Mar/2017:09:39:48 -0300] "GET /cormun/static/calendar-setup.js?85251 HTTP/1.1" 304 -
186.103.157.42 - - [13/Mar/2017:09:39:48 -0300] "GET /cormun/static/calendar.js?85251 HTTP/1.1" 304 -
186.103.157.42 - - [13/Mar/2017:09:39:48 -0300] "GET /cormun/static/gxcfg.js?20171191044697 HTTP/1.1" 304 -
186.103.157.42 - - [13/Mar/2017:09:39:48 -0300] "GET /cormun/static/calendar-es.js?85251 HTTP/1.1" 304 -
186.103.157.42 - - [13/Mar/2017:09:39:48 -0300] "GET /cormun/static/gxdec.js?85251 HTTP/1.1" 304 -
186.103.157.42 - - [13/Mar/2017:09:39:48 -0300] "GET /cormun/static/trsolicitudot.js?20171191045625 HTTP/1.1" 304 -
186.103.157.42 - - [13/Mar/2017:09:39:48 -0300] "GET /cormun/servlet/trsolicitudot? HTTP/1.1" 200 9759
186.103.157.42 - - [13/Mar/2017:09:39:59 -0300] "GET /cormun/static/menuarrow.gif HTTP/1.1" 404 1015
186.103.157.42 - - [13/Mar/2017:09:40:04 -0300] "POST /cormun/servlet/trsolicitudot?151e7b13bb8bd2a50914276487c14fd2,,gx-no-cache=1489408738595 HTTP/1.1" 200 13153
186.79.41.193 - - [13/Mar/2017:09:41:21 -0300] "GET /cormun/servlet/hhome HTTP/1.1" 200 3690
186.79.41.193 - - [13/Mar/2017:09:41:22 -0300] "GET /cormun/servlet/hhome HTTP/1.1" 200 3698
192.168.10.62 - - [13/Mar/2017:09:41:31 -0300] "POST /cormun/servlet/trsolicitudgral?405b1ba482345e78eebe30475bb05e40,,gx-no-cache=1489412173690 HTTP/1.1" 200 8106
186.79.41.193 - - [13/Mar/2017:09:41:32 -0300] "GET /cormun/servlet/hhome HTTP/1.1" 200 3700
192.168.10.62 - - [13/Mar/2017:09:41:33 -0300] "POST /cormun/servlet/trsolicitudgral?405b1ba482345e78eebe30475bb05e40,,gx-no-cache=1489412175951 HTTP/1.1" 200 105
192.168.10.62 - - [13/Mar/2017:09:41:33 -0300] "POST /cormun/servlet/trsolicitudgral?405b1ba482345e78eebe30475bb05e40,,gx-no-cache=1489412176073 HTTP/1.1" 200 8090
192.168.10.62 - - [13/Mar/2017:09:41:33 -0300] "GET /cormun/SolicitudGral-9242.xls HTTP/1.1" 200 7680
186.79.41.193 - - [13/Mar/2017:09:41:34 -0300] "GET /cormun/servlet/hhome HTTP/1.1" 200 3698
186.79.41.193 - - [13/Mar/2017:09:41:40 -0300] "GET /cormun/servlet/hhome HTTP/1.1" 200 3698
186.79.41.193 - - [13/Mar/2017:09:41:41 -0300] "GET /cormun/servlet/hhome HTTP/1.1" 200 3698
186.79.41.193 - - [13/Mar/2017:09:41:43 -0300] "GET /cormun/servlet/hlogin HTTP/1.1" 200 1729
186.79.115.245 - - [13/Mar/2017:09:42:29 -0300] "GET /cormun/servlet/hlogin HTTP/1.1" 200 1721
186.79.115.245 - - [13/Mar/2017:09:42:29 -0300] "GET /cormun/static/gxtimezone.js?85251 HTTP/1.1" 304 -
186.79.115.245 - - [13/Mar/2017:09:42:29 -0300] "GET /cormun/static/gxcfg.js?201612216162538 HTTP/1.1" 304 -
186.79.115.245 - - [13/Mar/2017:09:42:31 -0300] "GET /cormun/servlet/hlogin HTTP/1.1" 200 1731
186.79.115.245 - - [13/Mar/2017:09:42:52 -0300] "POST /cormun/servlet/hlogin?6694b0abb81fe215f8faa4f38cd9601e,gx-no-cache=1489409044073 HTTP/1.1" 200 90
186.79.115.245 - - [13/Mar/2017:09:42:53 -0300] "GET /cormun/servlet/hpexe_link HTTP/1.1" 200 956
186.79.115.245 - - [13/Mar/2017:09:42:53 -0300] "GET /cormun/static/gxcfg.js?201612218515529 HTTP/1.1" 304 -
186.79.115.245 - - [13/Mar/2017:09:42:53 -0300] "GET /cormun/servlet/hhome HTTP/1.1" 200 4000
186.79.115.245 - - [13/Mar/2017:09:42:55 -0300] "GET /cormun/servlet/hhome HTTP/1.1" 200 3998
186.79.115.245 - - [13/Mar/2017:09:42:59 -0300] "GET /cormun/servlet/trsolicitudot? HTTP/1.1" 200 8251
186.79.115.245 - - [13/Mar/2017:09:43:00 -0300] "GET /cormun/static/gxcfg.js?20171191044697 HTTP/1.1" 304 -
186.79.115.245 - - [13/Mar/2017:09:43:01 -0300] "GET /cormun/servlet/trsolicitudot? HTTP/1.1" 200 8249
186.79.115.245 - - [13/Mar/2017:09:43:10 -0300] "POST /cormun/servlet/trsolicitudot?6694b0abb81fe215f8faa4f38cd9601e,,gx-no-cache=1489409061654 HTTP/1.1" 200 106
186.79.115.245 - - [13/Mar/2017:09:43:10 -0300] "GET /cormun/servlet/solicitudot?DLT,2017,5431, HTTP/1.1" 200 9572
186.79.115.245 - - [13/Mar/2017:09:43:10 -0300] "GET /cormun/static/gxcfg.js?20171191042720 HTTP/1.1" 304 -
192.168.10.62 - - [13/Mar/2017:09:43:11 -0300] "POST /cormun/servlet/trsolicitudgral?405b1ba482345e78eebe30475bb05e40,,gx-no-cache=1489412273686 HTTP/1.1" 200 115
192.168.10.62 - - [13/Mar/2017:09:43:11 -0300] "GET /cormun/servlet/solicitudotlog?INS,2017,5418,0,REC, HTTP/1.1" 200 5567
192.168.10.62 - - [13/Mar/2017:09:43:11 -0300] "GET /cormun/static/gxcfg.js?201612218471193 HTTP/1.1" 304 -
192.168.10.62 - - [13/Mar/2017:09:43:11 -0300] "GET /cormun/static/solicitudotlog.js?20161221847122 HTTP/1.1" 304 -
192.168.10.62 - - [13/Mar/2017:09:43:11 -0300] "GET /cormun/servlet/solicitudotlog?INS,2017,5418,0,REC, HTTP/1.1" 200 5567
186.79.115.245 - - [13/Mar/2017:09:43:12 -0300] "GET /cormun/static/Shared/jqueryui/images/ui-bg_highlight-soft_100_c6c2c8_1x100.png HTTP/1.1" 404 1117
192.168.10.62 - - [13/Mar/2017:09:43:12 -0300] "GET /cormun/servlet/solicitudotlog?e6834928a4952805d955908d3c8d52340264e362440266fd3b675a5a09946252ac0736f33c1e872fd1f8c96faaa26a223ad8407b5c62903e0b8dfcd516ca88b90b3aa70c5a722492544c06b190f48f1ee6b8007fb22a0b3b0059fc99a84192c6032c7234c157cab333645a40040c51bfb8c47340a8dc75527d857d47914c037704c1c863eece0772fbf6fed7ce9ff752c1a7c2d64505ad390ab6322a5e2724a7,gx-no-cache=1489412274789 HTTP/1.1" 200 94
186.79.115.245 - - [13/Mar/2017:09:43:12 -0300] "GET /cormun/static/Shared/jqueryui/images/ui-icons_82798d_256x240.png HTTP/1.1" 404 1089
186.79.115.245 - - [13/Mar/2017:09:43:12 -0300] "GET /cormun/static/Shared/jqueryui/images/ui-icons_8d78a5_256x240.png HTTP/1.1" 404 1089
186.79.115.245 - - [13/Mar/2017:09:43:12 -0300] "GET /cormun/static/Shared/jqueryui/images/ui-bg_flat_55_fafafa_40x100.png HTTP/1.1" 404 1097
186.79.115.245 - - [13/Mar/2017:09:43:12 -0300] "GET /cormun/servlet/solicitudot?DLT,2017,5431, HTTP/1.1" 200 9582
186.79.115.245 - - [13/Mar/2017:09:43:19 -0300] "POST /cormun/servlet/solicitudot?6694b0abb81fe215f8faa4f38cd9601e,DLT,2017,5431,,gx-no-cache=1489409070746 HTTP/1.1" 200 93
186.79.115.245 - - [13/Mar/2017:09:43:19 -0300] "GET /cormun/servlet/hpexe_return? HTTP/1.1" 200 1014
186.79.115.245 - - [13/Mar/2017:09:43:19 -0300] "GET /cormun/static/gxcfg.js?2016101716175148 HTTP/1.1" 304 -
186.79.115.245 - - [13/Mar/2017:09:43:20 -0300] "GET /cormun/servlet/trsolicitudot HTTP/1.1" 200 8253
186.79.115.245 - - [13/Mar/2017:09:43:21 -0300] "GET /cormun/servlet/trsolicitudot HTTP/1.1" 200 8249
186.79.115.245 - - [13/Mar/2017:09:43:25 -0300] "GET /cormun/servlet/solicitudot?INS,0,0, HTTP/1.1" 200 12791
186.79.115.245 - - [13/Mar/2017:09:43:27 -0300] "GET /cormun/servlet/solicitudot?INS,0,0, HTTP/1.1" 200 12796
186.79.115.245 - - [13/Mar/2017:09:43:36 -0300] "POST /cormun/servlet/solicitudot?gx-no-cache=1489409087064 HTTP/1.1" 200 3081
186.79.115.245 - - [13/Mar/2017:09:43:36 -0300] "POST /cormun/servlet/solicitudot?6694b0abb81fe215f8faa4f38cd9601e,INS,0,0,,gx-no-cache=1489409087798 HTTP/1.1" 200 9862
186.79.115.245 - - [13/Mar/2017:09:43:40 -0300] "GET /cormun/servlet/solicitudot?959ea0f7b8fc2578750eed3baf0f148f8e34013e9af493a6e4fa91639adeb103c118945f864519f08dcda189ec2bb341,gx-no-cache=1489409091721 HTTP/1.1" 200 30
192.168.10.62 - - [13/Mar/2017:09:43:48 -0300] "POST /cormun/servlet/solicitudotlog?405b1ba482345e78eebe30475bb05e40,INS,2017,5418,0,REC,,gx-no-cache=1489412311403 HTTP/1.1" 200 93
192.168.10.62 - - [13/Mar/2017:09:43:48 -0300] "GET /cormun/servlet/hpexe_return? HTTP/1.1" 200 1017
192.168.10.62 - - [13/Mar/2017:09:43:49 -0300] "GET /cormun/servlet/trsolicitudgral? HTTP/1.1" 200 10803
192.168.10.62 - - [13/Mar/2017:09:43:49 -0300] "GET /cormun/servlet/trsolicitudgral? HTTP/1.1" 200 10799
186.79.115.245 - - [13/Mar/2017:09:45:33 -0300] "POST /cormun/servlet/solicitudot?gx-no-cache=1489409205095 HTTP/1.1" 200 255
186.79.115.245 - - [13/Mar/2017:09:45:36 -0300] "GET /cormun/servlet/solicitudot?959ea0f7b8fc2578750eed3baf0f148f5a969ca828119d45a5368f6f46f24abbe056b5224bbac1a8b98375e7a842a261eb3b476dcafbc7a55f584f385c12ecd46a572e38a9d98396869cd21267df6d872eae48db1310f9af9b88182cd78318bb7add62dc07883fadc5d1ea1e16630bb71ccf59cadce67e9dbfd3ba091e873729bbf5f837e34b017af2b69a703ef0bc28901892ef0847a86ae7e51a40d2c93eea99d9166a400197d32b804dfaa346dbbd76cbb792eddfac3a33e34c2985d5959fd5fac4ef1090176717a860a8ede395f74cb2f2b1cc8f519d810f4e7400f69846bacb080eadbec5971103df55d10e14c669eee3ea5901d1e839c4052cd1c84525517995164de7d6900c63b1c6914e03bbe0f894129051a7a83a7ab21fc196d2e0a53efd6d2046da006a1c9797ce43de4fa132d0f5a1d731b2d034fc752fe049594f243240030a76e6034909fb64122d1d5047c0c7db6f6d2570d089c3921f897ad99d7436ae7d8b06e503780e7914e61d217d84ec90e1591ec9180274859d70f4,gx-no-cache=1489409208006 HTTP/1.1" 200 30
186.79.115.245 - - [13/Mar/2017:09:45:50 -0300] "POST /cormun/servlet/solicitudot?gx-no-cache=1489409221345 HTTP/1.1" 200 30
186.79.115.245 - - [13/Mar/2017:09:45:55 -0300] "POST /cormun/servlet/solicitudot?gx-no-cache=1489409226718 HTTP/1.1" 200 235
186.79.115.245 - - [13/Mar/2017:09:45:58 -0300] "POST /cormun/servlet/solicitudot?gx-no-cache=1489409230196 HTTP/1.1" 200 38
186.67.172.234 - - [13/Mar/2017:09:46:13 -0300] "GET /cormun/servlet/hlogin HTTP/1.1" 200 1722
186.67.172.234 - - [13/Mar/2017:09:46:13 -0300] "GET /cormun/static/gxcfg.js?201612216162538 HTTP/1.1" 304 -
186.67.172.234 - - [13/Mar/2017:09:46:13 -0300] "GET /cormun/servlet/hlogin HTTP/1.1" 200 1733
186.79.115.245 - - [13/Mar/2017:09:46:26 -0300] "GET /cormun/servlet/solicitudot?959ea0f7b8fc2578750eed3baf0f148fb8335af5b5689b49fb8b34c8646907ce9eea2253e9e37cabb05bae3f1d62576407b7a5749504e017c685be78cff65d9d41414eb3f14274f36657c3344c2b5cb180492e662c43f220ec9bd520b8688e9aa395991f17c1b42a637351ea635f1026,gx-no-cache=1489409258013 HTTP/1.1" 200 29
186.79.115.245 - - [13/Mar/2017:09:46:27 -0300] "POST /cormun/servlet/solicitudot?gx-no-cache=1489409258493 HTTP/1.1" 200 643
186.79.115.245 - - [13/Mar/2017:09:46:28 -0300] "POST /cormun/servlet/solicitudot?gx-no-cache=1489409260105 HTTP/1.1" 200 1157
186.79.115.245 - - [13/Mar/2017:09:46:41 -0300] "GET /cormun/static/menuarrow.gif HTTP/1.1" 404 1015
186.79.115.245 - - [13/Mar/2017:09:46:51 -0300] "GET /cormun/servlet/solicitudot?959ea0f7b8fc2578750eed3baf0f148fedca47eaadd90aaeec1dd8ac880a137f516b8e4298aa01cc2e2b2b5bfcd86e904b157bd922a6a650b30b8edb3e768920e1bfe806d8833f2f3060868f59743a9f6383eca1945f8431d06247374ee41234064661d17a260f84b4291e7fd1d5dc8cd63c4fa9ce9acaf4b822b231357bd57e1cf0ba2d7e97a33f8b2eca3a5a504f5dff4963d9451a6aa20bdbf3c815551c430d72f528a87c2edc32d85deb9c3ef8d8,gx-no-cache=1489409282879 HTTP/1.1" 200 30
186.79.115.245 - - [13/Mar/2017:09:47:10 -0300] "POST /cormun/servlet/solicitudot?6694b0abb81fe215f8faa4f38cd9601e,INS,0,0,,gx-no-cache=1489409301347 HTTP/1.1" 200 93
186.79.115.245 - - [13/Mar/2017:09:47:10 -0300] "GET /cormun/servlet/hpexe_return? HTTP/1.1" 200 1009
186.79.115.245 - - [13/Mar/2017:09:47:11 -0300] "GET /cormun/servlet/trsolicitudot HTTP/1.1" 200 8668
186.79.115.245 - - [13/Mar/2017:09:47:13 -0300] "GET /cormun/servlet/trsolicitudot HTTP/1.1" 200 8664
186.79.115.245 - - [13/Mar/2017:09:47:17 -0300] "POST /cormun/servlet/trsolicitudot?6694b0abb81fe215f8faa4f38cd9601e,gx-no-cache=1489409308504 HTTP/1.1" 200 106
186.79.115.245 - - [13/Mar/2017:09:47:17 -0300] "GET /cormun/servlet/trsolicitudadjuntos?2017,5450, HTTP/1.1" 200 6098
186.79.115.245 - - [13/Mar/2017:09:47:18 -0300] "GET /cormun/static/gxcfg.js?201612218531388 HTTP/1.1" 304 -
186.79.115.245 - - [13/Mar/2017:09:47:19 -0300] "GET /cormun/servlet/trsolicitudadjuntos?2017,5450, HTTP/1.1" 200 6098
186.79.115.245 - - [13/Mar/2017:09:47:21 -0300] "GET /cormun/servlet/solicitudotadjuntos?INS,2017,5450,,1, HTTP/1.1" 200 6031
186.79.115.245 - - [13/Mar/2017:09:47:22 -0300] "GET /cormun/static/gxcfg.js?201612218465951 HTTP/1.1" 304 -
186.79.115.245 - - [13/Mar/2017:09:47:24 -0300] "GET /cormun/static/about:blank HTTP/1.1" 404 1011
186.79.115.245 - - [13/Mar/2017:09:47:24 -0300] "GET /cormun/servlet/solicitudotadjuntos?INS,2017,5450,,1, HTTP/1.1" 200 6024
186.79.115.245 - - [13/Mar/2017:09:47:25 -0300] "GET /cormun/servlet/solicitudotadjuntos?959ea0f7b8fc2578750eed3baf0f148ffecc3e02783e74e7e739f0fa1869ce933bc161849c3ebf3dba89ea275b0bb79a,gx-no-cache=1489409316593 HTTP/1.1" 200 30
186.79.115.245 - - [13/Mar/2017:09:47:25 -0300] "POST /cormun/servlet/solicitudotadjuntos?6694b0abb81fe215f8faa4f38cd9601e,INS,2017,5450,,1,,gx-no-cache=1489409316841 HTTP/1.1" 200 3863
186.79.115.245 - - [13/Mar/2017:09:47:27 -0300] "POST /cormun/servlet/solicitudotadjuntos?gx-no-cache=1489409319230 HTTP/1.1" 200 26
186.67.172.234 - - [13/Mar/2017:09:47:35 -0300] "POST /cormun/servlet/hlogin?48f8fb9ec4e08cafead5d4bc42cbbd71,gx-no-cache=1489409322456 HTTP/1.1" 200 90
186.67.172.234 - - [13/Mar/2017:09:47:35 -0300] "GET /cormun/servlet/hpexe_link HTTP/1.1" 200 957
186.67.172.234 - - [13/Mar/2017:09:47:35 -0300] "GET /cormun/static/gxcfg.js?201612218515529 HTTP/1.1" 304 -
186.67.172.234 - - [13/Mar/2017:09:47:35 -0300] "GET /cormun/servlet/hhome HTTP/1.1" 200 3772
186.67.172.234 - - [13/Mar/2017:09:47:35 -0300] "GET /cormun/static/gxcfg.js?201612218515568 HTTP/1.1" 304 -
186.67.172.234 - - [13/Mar/2017:09:47:36 -0300] "GET /cormun/servlet/hhome HTTP/1.1" 200 3769
186.67.172.234 - - [13/Mar/2017:09:47:48 -0300] "GET /cormun/servlet/trvisualizadoreventos? HTTP/1.1" 200 6501
186.67.172.234 - - [13/Mar/2017:09:47:48 -0300] "GET /cormun/static/gxcfg.js?2016101716203350 HTTP/1.1" 304 -
186.67.172.234 - - [13/Mar/2017:09:47:48 -0300] "GET /cormun/servlet/trvisualizadoreventos? HTTP/1.1" 200 6500
186.79.115.245 - - [13/Mar/2017:09:48:05 -0300] "GET /cormun/servlet/solicitudotadjuntos?959ea0f7b8fc2578750eed3baf0f148f387b015a619e44f20aa667703e0986b3,gx-no-cache=1489409356818 HTTP/1.1" 200 30
186.79.115.245 - - [13/Mar/2017:09:48:05 -0300] "GET /cormun/servlet/solicitudotadjuntos?959ea0f7b8fc2578750eed3baf0f148f387b015a619e44f20aa667703e0986b3,gx-no-cache=1489409357199 HTTP/1.1" 200 30
186.67.172.234 - - [13/Mar/2017:09:48:06 -0300] "POST /cormun/servlet/trvisualizadoreventos?48f8fb9ec4e08cafead5d4bc42cbbd71,,gx-no-cache=1489409353634 HTTP/1.1" 200 3773
186.67.172.234 - - [13/Mar/2017:09:48:07 -0300] "POST /cormun/servlet/trvisualizadoreventos?48f8fb9ec4e08cafead5d4bc42cbbd71,,gx-no-cache=1489409354766 HTTP/1.1" 200 3773
186.79.115.245 - - [13/Mar/2017:09:48:13 -0300] "POST /cormun/servlet/solicitudotadjuntos?6694b0abb81fe215f8faa4f38cd9601e,INS,2017,5450,,1, HTTP/1.1" 200 116
186.79.115.245 - - [13/Mar/2017:09:48:13 -0300] "GET /cormun/servlet/hpexe_return? HTTP/1.1" 200 1027
186.79.115.245 - - [13/Mar/2017:09:48:14 -0300] "GET /cormun/servlet/trsolicitudadjuntos?2017,5450, HTTP/1.1" 200 8254
186.79.115.245 - - [13/Mar/2017:09:48:15 -0300] "GET /cormun/servlet/trsolicitudadjuntos?2017,5450, HTTP/1.1" 200 8249
186.79.115.245 - - [13/Mar/2017:09:48:18 -0300] "GET /cormun/servlet/solicitudotadjuntos?INS,2017,5450,,1, HTTP/1.1" 200 6032
186.79.115.245 - - [13/Mar/2017:09:48:18 -0300] "GET /cormun/static/about:blank HTTP/1.1" 404 1011
186.79.115.245 - - [13/Mar/2017:09:48:23 -0300] "GET /cormun/servlet/solicitudotadjuntos?INS,2017,5450,,1, HTTP/1.1" 200 6025
186.79.115.245 - - [13/Mar/2017:09:48:24 -0300] "GET /cormun/servlet/solicitudotadjuntos?959ea0f7b8fc2578750eed3baf0f148ffecc3e02783e74e7e739f0fa1869ce933bc161849c3ebf3dba89ea275b0bb79a,gx-no-cache=1489409375565 HTTP/1.1" 200 30
186.79.115.245 - - [13/Mar/2017:09:48:24 -0300] "POST /cormun/servlet/solicitudotadjuntos?6694b0abb81fe215f8faa4f38cd9601e,INS,2017,5450,,1,,gx-no-cache=1489409375836 HTTP/1.1" 200 3864
186.79.115.245 - - [13/Mar/2017:09:48:28 -0300] "POST /cormun/servlet/solicitudotadjuntos?gx-no-cache=1489409379801 HTTP/1.1" 200 26
186.67.172.234 - - [13/Mar/2017:09:48:31 -0300] "GET /cormun/servlet/trsolicitudot? HTTP/1.1" 200 7998
186.67.172.234 - - [13/Mar/2017:09:48:31 -0300] "GET /cormun/static/gxcfg.js?20171191044697 HTTP/1.1" 304 -
186.67.172.234 - - [13/Mar/2017:09:48:31 -0300] "GET /cormun/servlet/trsolicitudot? HTTP/1.1" 200 7998
186.79.115.245 - - [13/Mar/2017:09:48:34 -0300] "GET /cormun/servlet/solicitudotadjuntos?959ea0f7b8fc2578750eed3baf0f148f387b015a619e44f20aa667703e0986b3,gx-no-cache=1489409385507 HTTP/1.1" 200 30
186.79.115.245 - - [13/Mar/2017:09:48:38 -0300] "GET /cormun/servlet/solicitudotadjuntos?959ea0f7b8fc2578750eed3baf0f148f387b015a619e44f20aa667703e0986b3,gx-no-cache=1489409390033 HTTP/1.1" 200 30
186.79.115.245 - - [13/Mar/2017:09:48:48 -0300] "POST /cormun/servlet/solicitudotadjuntos?6694b0abb81fe215f8faa4f38cd9601e,INS,2017,5450,,1, HTTP/1.1" 200 116
186.79.115.245 - - [13/Mar/2017:09:48:48 -0300] "GET /cormun/servlet/hpexe_return? HTTP/1.1" 200 1027
186.79.115.245 - - [13/Mar/2017:09:48:49 -0300] "GET /cormun/servlet/trsolicitudadjuntos?2017,5450, HTTP/1.1" 200 8426
186.79.115.245 - - [13/Mar/2017:09:48:51 -0300] "GET /cormun/servlet/trsolicitudadjuntos?2017,5450, HTTP/1.1" 200 8423
186.79.115.245 - - [13/Mar/2017:09:48:53 -0300] "GET /cormun/servlet/solicitudotadjuntos?INS,2017,5450,,1, HTTP/1.1" 200 6032
186.79.115.245 - - [13/Mar/2017:09:48:53 -0300] "GET /cormun/static/about:blank HTTP/1.1" 404 1011
186.79.115.245 - - [13/Mar/2017:09:48:54 -0300] "GET /cormun/servlet/solicitudotadjuntos?INS,2017,5450,,1, HTTP/1.1" 200 6025
186.79.115.245 - - [13/Mar/2017:09:48:56 -0300] "GET /cormun/servlet/solicitudotadjuntos?959ea0f7b8fc2578750eed3baf0f148ffecc3e02783e74e7e739f0fa1869ce933bc161849c3ebf3dba89ea275b0bb79a,gx-no-cache=1489409406423 HTTP/1.1" 200 30
186.79.115.245 - - [13/Mar/2017:09:48:56 -0300] "POST /cormun/servlet/solicitudotadjuntos?6694b0abb81fe215f8faa4f38cd9601e,INS,2017,5450,,1,,gx-no-cache=1489409408076 HTTP/1.1" 200 3864
186.79.115.245 - - [13/Mar/2017:09:49:06 -0300] "POST /cormun/servlet/solicitudotadjuntos?gx-no-cache=1489409418305 HTTP/1.1" 200 26
186.79.115.245 - - [13/Mar/2017:09:49:12 -0300] "GET /cormun/servlet/solicitudotadjuntos?959ea0f7b8fc2578750eed3baf0f148f387b015a619e44f20aa667703e0986b3,gx-no-cache=1489409423594 HTTP/1.1" 200 30
186.79.115.245 - - [13/Mar/2017:09:49:12 -0300] "GET /cormun/servlet/solicitudotadjuntos?959ea0f7b8fc2578750eed3baf0f148f387b015a619e44f20aa667703e0986b3,gx-no-cache=1489409423806 HTTP/1.1" 200 30
186.103.157.42 - - [13/Mar/2017:09:49:15 -0300] "GET /cormun/servlet/trsolicitudot? HTTP/1.1" 200 15768
186.103.157.42 - - [13/Mar/2017:09:49:17 -0300] "GET /cormun/servlet/trsolicitudot? HTTP/1.1" 200 15765
186.103.157.42 - - [13/Mar/2017:09:49:17 -0300] "GET /favicon.ico HTTP/1.1" 200 21630
186.79.115.245 - - [13/Mar/2017:09:49:26 -0300] "POST /cormun/servlet/solicitudotadjuntos?6694b0abb81fe215f8faa4f38cd9601e,INS,2017,5450,,1, HTTP/1.1" 200 116
186.79.115.245 - - [13/Mar/2017:09:49:26 -0300] "GET /cormun/servlet/hpexe_return? HTTP/1.1" 200 1027
186.79.115.245 - - [13/Mar/2017:09:49:27 -0300] "GET /cormun/servlet/trsolicitudadjuntos?2017,5450, HTTP/1.1" 200 8575
186.79.115.245 - - [13/Mar/2017:09:49:28 -0300] "GET /cormun/servlet/trsolicitudadjuntos?2017,5450, HTTP/1.1" 200 8574
186.79.115.245 - - [13/Mar/2017:09:49:31 -0300] "GET /cormun/servlet/solicitudotadjuntos?INS,2017,5450,,1, HTTP/1.1" 200 6032
186.79.115.245 - - [13/Mar/2017:09:49:32 -0300] "GET /cormun/static/about:blank HTTP/1.1" 404 1011
186.79.115.245 - - [13/Mar/2017:09:49:32 -0300] "GET /cormun/servlet/solicitudotadjuntos?INS,2017,5450,,1, HTTP/1.1" 200 6025
