186.79.115.245 - - [13/Mar/2017:09:49:32 -0300] "GET /cormun/servlet/solicitudotadjuntos?959ea0f7b8fc2578750eed3baf0f148ffecc3e02783e74e7e739f0fa1869ce933bc161849c3ebf3dba89ea275b0bb79a,gx-no-cache=1489409444183 HTTP/1.1" 200 30
186.79.115.245 - - [13/Mar/2017:09:49:33 -0300] "POST /cormun/servlet/solicitudotadjuntos?6694b0abb81fe215f8faa4f38cd9601e,INS,2017,5450,,1,,gx-no-cache=1489409444441 HTTP/1.1" 200 3864
186.79.115.245 - - [13/Mar/2017:09:49:37 -0300] "POST /cormun/servlet/solicitudotadjuntos?gx-no-cache=1489409448679 HTTP/1.1" 200 26
186.79.115.245 - - [13/Mar/2017:09:49:43 -0300] "GET /cormun/servlet/solicitudotadjuntos?959ea0f7b8fc2578750eed3baf0f148f387b015a619e44f20aa667703e0986b3,gx-no-cache=1489409454666 HTTP/1.1" 200 30
186.79.115.245 - - [13/Mar/2017:09:49:43 -0300] "GET /cormun/servlet/solicitudotadjuntos?959ea0f7b8fc2578750eed3baf0f148f387b015a619e44f20aa667703e0986b3,gx-no-cache=1489409454879 HTTP/1.1" 200 30
186.79.115.245 - - [13/Mar/2017:09:50:00 -0300] "POST /cormun/servlet/solicitudotadjuntos?6694b0abb81fe215f8faa4f38cd9601e,INS,2017,5450,,1, HTTP/1.1" 200 116
186.79.115.245 - - [13/Mar/2017:09:50:00 -0300] "GET /cormun/servlet/hpexe_return? HTTP/1.1" 200 1027
186.79.115.245 - - [13/Mar/2017:09:50:01 -0300] "GET /cormun/servlet/trsolicitudadjuntos?2017,5450, HTTP/1.1" 200 8707
186.79.115.245 - - [13/Mar/2017:09:50:03 -0300] "GET /cormun/servlet/trsolicitudadjuntos?2017,5450, HTTP/1.1" 200 8708
186.79.115.245 - - [13/Mar/2017:09:50:05 -0300] "GET /cormun/servlet/solicitudotadjuntos?INS,2017,5450,,1, HTTP/1.1" 200 6032
186.79.115.245 - - [13/Mar/2017:09:50:06 -0300] "GET /cormun/static/about:blank HTTP/1.1" 404 1011
186.79.115.245 - - [13/Mar/2017:09:50:07 -0300] "GET /cormun/servlet/solicitudotadjuntos?INS,2017,5450,,1, HTTP/1.1" 200 6025
186.79.115.245 - - [13/Mar/2017:09:50:07 -0300] "GET /cormun/servlet/solicitudotadjuntos?959ea0f7b8fc2578750eed3baf0f148ffecc3e02783e74e7e739f0fa1869ce933bc161849c3ebf3dba89ea275b0bb79a,gx-no-cache=1489409479148 HTTP/1.1" 200 30
186.79.115.245 - - [13/Mar/2017:09:50:08 -0300] "POST /cormun/servlet/solicitudotadjuntos?6694b0abb81fe215f8faa4f38cd9601e,INS,2017,5450,,1,,gx-no-cache=1489409479578 HTTP/1.1" 200 3864
186.79.115.245 - - [13/Mar/2017:09:50:12 -0300] "POST /cormun/servlet/solicitudotadjuntos?gx-no-cache=1489409483944 HTTP/1.1" 200 26
192.168.10.62 - - [13/Mar/2017:09:50:12 -0300] "POST /cormun/servlet/trsolicitudgral?405b1ba482345e78eebe30475bb05e40,,gx-no-cache=1489412695399 HTTP/1.1" 200 7464
192.168.10.62 - - [13/Mar/2017:09:50:12 -0300] "GET /cormun/static/Shared/jqueryui/images/ui-bg_highlight-soft_100_c6c2c8_1x100.png HTTP/1.1" 404 1117
192.168.10.62 - - [13/Mar/2017:09:50:12 -0300] "GET /cormun/static/Shared/jqueryui/images/ui-icons_82798d_256x240.png HTTP/1.1" 404 1089
192.168.10.62 - - [13/Mar/2017:09:50:12 -0300] "GET /cormun/static/Shared/jqueryui/images/ui-bg_flat_55_fafafa_40x100.png HTTP/1.1" 404 1097
192.168.10.62 - - [13/Mar/2017:09:50:12 -0300] "GET /cormun/static/Shared/jqueryui/images/ui-icons_8d78a5_256x240.png HTTP/1.1" 404 1089
186.79.115.245 - - [13/Mar/2017:09:50:17 -0300] "GET /cormun/servlet/solicitudotadjuntos?959ea0f7b8fc2578750eed3baf0f148f387b015a619e44f20aa667703e0986b3,gx-no-cache=1489409489451 HTTP/1.1" 200 30
186.79.115.245 - - [13/Mar/2017:09:50:18 -0300] "GET /cormun/servlet/solicitudotadjuntos?959ea0f7b8fc2578750eed3baf0f148f387b015a619e44f20aa667703e0986b3,gx-no-cache=1489409490397 HTTP/1.1" 200 30
186.79.115.245 - - [13/Mar/2017:09:50:38 -0300] "POST /cormun/servlet/solicitudotadjuntos?6694b0abb81fe215f8faa4f38cd9601e,INS,2017,5450,,1, HTTP/1.1" 200 116
186.79.115.245 - - [13/Mar/2017:09:50:39 -0300] "GET /cormun/servlet/hpexe_return? HTTP/1.1" 200 1027
186.79.115.245 - - [13/Mar/2017:09:50:39 -0300] "GET /cormun/servlet/trsolicitudadjuntos?2017,5450, HTTP/1.1" 200 8916
192.168.10.62 - - [13/Mar/2017:09:50:40 -0300] "POST /cormun/servlet/trsolicitudgral?405b1ba482345e78eebe30475bb05e40,,gx-no-cache=1489412723269 HTTP/1.1" 200 10709
186.79.115.245 - - [13/Mar/2017:09:50:41 -0300] "GET /cormun/servlet/trsolicitudadjuntos?2017,5450, HTTP/1.1" 200 8915
186.79.115.245 - - [13/Mar/2017:09:50:48 -0300] "GET /cormun/servlet/solicitudotadjuntos?INS,2017,5450,,1, HTTP/1.1" 200 6032
186.79.115.245 - - [13/Mar/2017:09:50:50 -0300] "GET /cormun/servlet/solicitudotadjuntos?INS,2017,5450,,1, HTTP/1.1" 200 6025
186.79.115.245 - - [13/Mar/2017:09:50:50 -0300] "GET /cormun/servlet/solicitudotadjuntos?959ea0f7b8fc2578750eed3baf0f148ffecc3e02783e74e7e739f0fa1869ce933bc161849c3ebf3dba89ea275b0bb79a,gx-no-cache=1489409522110 HTTP/1.1" 200 30
186.79.115.245 - - [13/Mar/2017:09:50:50 -0300] "GET /cormun/static/about:blank HTTP/1.1" 404 1011
186.79.115.245 - - [13/Mar/2017:09:50:51 -0300] "POST /cormun/servlet/solicitudotadjuntos?6694b0abb81fe215f8faa4f38cd9601e,INS,2017,5450,,1,,gx-no-cache=1489409522594 HTTP/1.1" 200 3864
186.79.115.245 - - [13/Mar/2017:09:50:54 -0300] "POST /cormun/servlet/solicitudotadjuntos?gx-no-cache=1489409526086 HTTP/1.1" 200 26
186.79.115.245 - - [13/Mar/2017:09:50:59 -0300] "GET /cormun/servlet/solicitudotadjuntos?959ea0f7b8fc2578750eed3baf0f148f387b015a619e44f20aa667703e0986b3,gx-no-cache=1489409530954 HTTP/1.1" 200 30
186.79.115.245 - - [13/Mar/2017:09:50:59 -0300] "GET /cormun/servlet/solicitudotadjuntos?959ea0f7b8fc2578750eed3baf0f148f387b015a619e44f20aa667703e0986b3,gx-no-cache=1489409531191 HTTP/1.1" 200 30
186.67.172.234 - - [13/Mar/2017:09:51:13 -0300] "GET /cormun/servlet/trcontratoobservacion? HTTP/1.1" 200 6394
186.67.172.234 - - [13/Mar/2017:09:51:13 -0300] "GET /cormun/static/gxcfg.js?20161221855213 HTTP/1.1" 304 -
186.67.172.234 - - [13/Mar/2017:09:51:13 -0300] "GET /cormun/servlet/trcontratoobservacion? HTTP/1.1" 200 6395
186.79.115.245 - - [13/Mar/2017:09:51:29 -0300] "POST /cormun/servlet/solicitudotadjuntos?6694b0abb81fe215f8faa4f38cd9601e,INS,2017,5450,,1, HTTP/1.1" 200 116
186.79.115.245 - - [13/Mar/2017:09:51:29 -0300] "GET /cormun/servlet/hpexe_return? HTTP/1.1" 200 1027
186.79.115.245 - - [13/Mar/2017:09:51:31 -0300] "GET /cormun/servlet/trsolicitudadjuntos?2017,5450, HTTP/1.1" 200 9111
186.79.115.245 - - [13/Mar/2017:09:51:33 -0300] "GET /cormun/servlet/trsolicitudadjuntos?2017,5450, HTTP/1.1" 200 9110
192.168.10.62 - - [13/Mar/2017:09:51:35 -0300] "POST /cormun/servlet/trsolicitudgral?405b1ba482345e78eebe30475bb05e40,,gx-no-cache=1489412778207 HTTP/1.1" 200 104
192.168.10.62 - - [13/Mar/2017:09:51:35 -0300] "POST /cormun/servlet/trsolicitudgral?405b1ba482345e78eebe30475bb05e40,,gx-no-cache=1489412778377 HTTP/1.1" 200 10691
192.168.10.62 - - [13/Mar/2017:09:51:36 -0300] "GET /cormun/SolicitudGral-572.xls HTTP/1.1" 200 11264
186.79.115.245 - - [13/Mar/2017:09:51:45 -0300] "GET /cormun/servlet/trsolicitudot? HTTP/1.1" 200 8670
186.79.115.245 - - [13/Mar/2017:09:51:58 -0300] "GET /cormun/servlet/trsolicitudot? HTTP/1.1" 200 8664
186.79.115.245 - - [13/Mar/2017:09:52:07 -0300] "POST /cormun/servlet/trsolicitudot?6694b0abb81fe215f8faa4f38cd9601e,,gx-no-cache=1489409598405 HTTP/1.1" 200 5474
186.79.115.245 - - [13/Mar/2017:09:52:07 -0300] "GET /cormun/static/Shared/jqueryui/images/ui-bg_highlight-soft_100_c6c2c8_1x100.png HTTP/1.1" 404 1117
186.79.115.245 - - [13/Mar/2017:09:52:08 -0300] "GET /cormun/static/Shared/jqueryui/images/ui-icons_82798d_256x240.png HTTP/1.1" 404 1089
186.79.115.245 - - [13/Mar/2017:09:52:08 -0300] "GET /cormun/static/Shared/jqueryui/images/ui-bg_flat_55_fafafa_40x100.png HTTP/1.1" 404 1097
186.79.115.245 - - [13/Mar/2017:09:52:08 -0300] "GET /cormun/static/Shared/jqueryui/images/ui-icons_8d78a5_256x240.png HTTP/1.1" 404 1089
186.79.115.245 - - [13/Mar/2017:09:52:08 -0300] "POST /cormun/servlet/trsolicitudot?6694b0abb81fe215f8faa4f38cd9601e,,gx-no-cache=1489409599457 HTTP/1.1" 200 5419
186.79.115.245 - - [13/Mar/2017:09:52:12 -0300] "GET /cormun/servlet/trautorizarsolicitud? HTTP/1.1" 200 8172
186.79.115.245 - - [13/Mar/2017:09:52:12 -0300] "GET /cormun/static/gxcfg.js?2017259112829 HTTP/1.1" 304 -
186.79.115.245 - - [13/Mar/2017:09:52:12 -0300] "GET /cormun/static/trautorizarsolicitud.js?2017259113483 HTTP/1.1" 304 -
186.79.115.245 - - [13/Mar/2017:09:52:18 -0300] "GET /cormun/servlet/trautorizarsolicitud? HTTP/1.1" 200 8172
186.79.115.245 - - [13/Mar/2017:09:52:32 -0300] "POST /cormun/servlet/trautorizarsolicitud?6694b0abb81fe215f8faa4f38cd9601e,,gx-no-cache=1489409622785 HTTP/1.1" 200 4321
186.79.115.245 - - [13/Mar/2017:09:52:35 -0300] "POST /cormun/servlet/trautorizarsolicitud?6694b0abb81fe215f8faa4f38cd9601e,,gx-no-cache=1489409626846 HTTP/1.1" 200 4100
186.79.115.245 - - [13/Mar/2017:09:52:47 -0300] "GET /cormun/servlet/hlogin HTTP/1.1" 200 1743
192.168.10.62 - - [13/Mar/2017:09:56:28 -0300] "POST /cormun/servlet/trsolicitudgral?405b1ba482345e78eebe30475bb05e40,,gx-no-cache=1489413071449 HTTP/1.1" 200 115
192.168.10.62 - - [13/Mar/2017:09:56:28 -0300] "GET /cormun/servlet/solicitudotlog?INS,2017,4139,0,REC, HTTP/1.1" 200 5566
192.168.10.62 - - [13/Mar/2017:09:56:29 -0300] "GET /cormun/servlet/solicitudotlog?INS,2017,4139,0,REC, HTTP/1.1" 200 5566
192.168.10.62 - - [13/Mar/2017:09:56:29 -0300] "GET /cormun/servlet/solicitudotlog?e6834928a4952805d955908d3c8d52348894e8f000c29c136baa60ac5f08a9fbac0736f33c1e872fd1f8c96faaa26a223ad8407b5c62903e0b8dfcd516ca88b90b3aa70c5a722492544c06b190f48f1ee6b8007fb22a0b3b0059fc99a84192c6032c7234c157cab333645a40040c51bfb8c47340a8dc75527d857d47914c037704c1c863eece0772fbf6fed7ce9ff752c1a7c2d64505ad390ab6322a5e2724a7,gx-no-cache=1489413072568 HTTP/1.1" 200 94
192.168.10.62 - - [13/Mar/2017:09:56:41 -0300] "POST /cormun/servlet/solicitudotlog?405b1ba482345e78eebe30475bb05e40,INS,2017,4139,0,REC,,gx-no-cache=1489413084593 HTTP/1.1" 200 93
192.168.10.62 - - [13/Mar/2017:09:56:41 -0300] "GET /cormun/servlet/hpexe_return? HTTP/1.1" 200 1017
192.168.10.62 - - [13/Mar/2017:09:56:42 -0300] "GET /cormun/servlet/trsolicitudgral? HTTP/1.1" 200 13537
192.168.10.62 - - [13/Mar/2017:09:56:42 -0300] "GET /cormun/servlet/trsolicitudgral? HTTP/1.1" 200 13532
186.103.157.42 - - [13/Mar/2017:09:58:22 -0300] "GET /cormun/servlet/trsolicitudot? HTTP/1.1" 200 15204
186.103.157.42 - - [13/Mar/2017:09:58:23 -0300] "GET /cormun/servlet/trsolicitudot? HTTP/1.1" 200 15202
186.103.157.42 - - [13/Mar/2017:09:58:23 -0300] "GET /favicon.ico HTTP/1.1" 200 21630
186.103.157.42 - - [13/Mar/2017:09:58:32 -0300] "POST /cormun/servlet/trsolicitudot?151e7b13bb8bd2a50914276487c14fd2,,gx-no-cache=1489409846253 HTTP/1.1" 200 6335
186.103.157.42 - - [13/Mar/2017:09:58:52 -0300] "POST /cormun/servlet/trsolicitudot?151e7b13bb8bd2a50914276487c14fd2,,gx-no-cache=1489409866423 HTTP/1.1" 200 12012
186.103.157.42 - - [13/Mar/2017:09:59:07 -0300] "POST /cormun/servlet/trsolicitudot?151e7b13bb8bd2a50914276487c14fd2,,gx-no-cache=1489409881784 HTTP/1.1" 200 4142
186.103.157.42 - - [13/Mar/2017:09:59:13 -0300] "POST /cormun/servlet/trsolicitudot?151e7b13bb8bd2a50914276487c14fd2,,gx-no-cache=1489409887889 HTTP/1.1" 200 5401
186.103.157.42 - - [13/Mar/2017:10:00:10 -0300] "POST /cormun/servlet/trsolicitudot?151e7b13bb8bd2a50914276487c14fd2,,gx-no-cache=1489409944098 HTTP/1.1" 200 12352
186.103.157.42 - - [13/Mar/2017:10:01:16 -0300] "GET /cormun/servlet/solicitudot?INS,0,0, HTTP/1.1" 200 12849
186.103.157.42 - - [13/Mar/2017:10:01:17 -0300] "GET /cormun/static/solicitudot.js?2017119104297 HTTP/1.1" 304 -
186.103.157.42 - - [13/Mar/2017:10:01:17 -0300] "GET /cormun/static/gxcfg.js?20171191042720 HTTP/1.1" 304 -
186.103.157.42 - - [13/Mar/2017:10:01:17 -0300] "GET /cormun/servlet/solicitudot?INS,0,0, HTTP/1.1" 200 12854
186.103.157.42 - - [13/Mar/2017:10:01:27 -0300] "GET /cormun/servlet/prfichaempleado?,MD,,gxPopupLevel%3D0%3B HTTP/1.1" 200 8927
186.103.157.42 - - [13/Mar/2017:10:01:27 -0300] "GET /cormun/static/prfichaempleado.js?201610242056198 HTTP/1.1" 304 -
186.103.157.42 - - [13/Mar/2017:10:01:27 -0300] "GET /cormun/static/menusearch.js?201610171694467 HTTP/1.1" 304 -
186.103.157.42 - - [13/Mar/2017:10:01:27 -0300] "GET /cormun/static/hmpwkw011.js?201612218515582 HTTP/1.1" 304 -
186.103.157.42 - - [13/Mar/2017:10:01:27 -0300] "GET /cormun/static/gxcfg.js?2016102420561687 HTTP/1.1" 304 -
186.103.157.42 - - [13/Mar/2017:10:01:34 -0300] "POST /cormun/servlet/prfichaempleado?151e7b13bb8bd2a50914276487c14fd2,,MD,,gxPopupLevel%3D0%3B,gx-no-cache=1489410028778 HTTP/1.1" 200 3466
186.103.157.42 - - [13/Mar/2017:10:01:39 -0300] "POST /cormun/servlet/solicitudot?gx-no-cache=1489410034055 HTTP/1.1" 200 3157
186.103.157.42 - - [13/Mar/2017:10:01:40 -0300] "POST /cormun/servlet/solicitudot?151e7b13bb8bd2a50914276487c14fd2,INS,0,0,,gx-no-cache=1489410034232 HTTP/1.1" 200 9943
186.103.157.42 - - [13/Mar/2017:10:01:40 -0300] "GET /cormun/servlet/solicitudot?f164554b235e58510f296720926e6f3ca5098f7b5e20fd25fe8d768427301ee450fec58ff46ccf29125afd9db2083ef2,gx-no-cache=1489410034614 HTTP/1.1" 200 30
186.103.157.42 - - [13/Mar/2017:10:01:41 -0300] "POST /cormun/servlet/solicitudot?gx-no-cache=1489410036159 HTTP/1.1" 200 255
186.103.157.42 - - [13/Mar/2017:10:01:41 -0300] "GET /cormun/servlet/solicitudot?f164554b235e58510f296720926e6f3c9c4c0c229f5a6c7ff4ab35e2a3abab70ea810885357a04684793c60f5fc2b0665735284ed8d2a9c2a3370b19696d8a6727858c0e4fc31032c5115e608b17747b81dd391f10077296f9c357571e36b106a430241bba9f9a3e2613304b30486667f8161fa76ba87af0b4ac47f45eb8218a3907bd030c7fb8ae1cc3b7d8b46c2fdc9a4425e5fc2b82197352397655dc243d8245e90a2c6b0fc58016209a8f0f7750a39b6a6f8e83dfdd892f267555205945565123342babdc44382e04658168bdc76af510af3c069a801650a035c08dc879410f9c7c88ba760b097ffdc3da024491b5c4c47cdcb56225734146c0ae9dba11b063e78699d524eb92359feff58a85b14ec24c3edbd623791b448153a806260a121ad10f1a9a3363bc863bb32bcd17d694ed8845ad449bfddfcad2150e61513d1fa799262266a2b2eb736aed8b1525d007478d7f2a97a871a28f2f7341c05d58c0d6a155c816d88ae22912679731d3993b26b615135a2ea5ac1db1c53c1fbe5f,gx-no-cache=1489410036200 HTTP/1.1" 200 30
186.103.157.42 - - [13/Mar/2017:10:01:44 -0300] "POST /cormun/servlet/solicitudot?gx-no-cache=1489410038488 HTTP/1.1" 200 30
186.103.157.42 - - [13/Mar/2017:10:01:45 -0300] "GET /cormun/servlet/prsolicitudot?15123618,,,,,MD,,gxPopupLevel%3D0%3B HTTP/1.1" 200 6089
186.103.157.42 - - [13/Mar/2017:10:01:45 -0300] "GET /cormun/static/gxcfg.js?20161221854215 HTTP/1.1" 304 -
186.103.157.42 - - [13/Mar/2017:10:01:51 -0300] "POST /cormun/servlet/solicitudot?gx-no-cache=1489410045559 HTTP/1.1" 200 235
186.103.157.42 - - [13/Mar/2017:10:01:51 -0300] "POST /cormun/servlet/solicitudot?gx-no-cache=1489410045626 HTTP/1.1" 200 38
186.103.157.42 - - [13/Mar/2017:10:01:51 -0300] "GET /cormun/servlet/solicitudot?f164554b235e58510f296720926e6f3c9e8c7f7add02a4a6aadadffb8877bb8d31eac59ca2dc4234caebb46a0c6dacdb5ef841d681089a4484a0fd7496cf3d8b99ad19a79044126eca9730bb71fee78a788e1ed9ce9a8d5898ea999aa8b82d6cb567aa75dbc73763371cb0c1326ab1e52f577cd5b33c50ffbf808b995e3517ff62e9bfafcebf582265ef01aaf1e9248fe7efca0e3627417d035de72e5006e314,gx-no-cache=1489410045688 HTTP/1.1" 200 29
186.103.157.42 - - [13/Mar/2017:10:01:51 -0300] "POST /cormun/servlet/solicitudot?gx-no-cache=1489410045742 HTTP/1.1" 200 643
186.103.157.42 - - [13/Mar/2017:10:01:51 -0300] "POST /cormun/servlet/solicitudot?gx-no-cache=1489410045811 HTTP/1.1" 200 518
186.103.157.42 - - [13/Mar/2017:10:01:55 -0300] "GET /cormun/servlet/prcontratosol?15123618,,,,,MD,,gxPopupLevel%3D0%3B HTTP/1.1" 200 5693
186.103.157.42 - - [13/Mar/2017:10:01:55 -0300] "GET /cormun/static/gxcfg.js?2016102711553248 HTTP/1.1" 304 -
186.103.157.42 - - [13/Mar/2017:10:01:55 -0300] "GET /cormun/static/prcontratosol.js?2016102711553411 HTTP/1.1" 304 -
186.103.157.42 - - [13/Mar/2017:10:02:04 -0300] "GET /cormun/servlet/prcontratosol?15123618,,,,,MD,,gxPopupLevel%3D0%3B HTTP/1.1" 200 5693
186.103.157.42 - - [13/Mar/2017:10:02:07 -0300] "POST /cormun/servlet/solicitudot?gx-no-cache=1489410061993 HTTP/1.1" 200 30
186.103.157.42 - - [13/Mar/2017:10:02:07 -0300] "POST /cormun/servlet/solicitudot?gx-no-cache=1489410062027 HTTP/1.1" 200 656
186.103.157.42 - - [13/Mar/2017:10:02:07 -0300] "POST /cormun/servlet/solicitudot?gx-no-cache=1489410062064 HTTP/1.1" 200 41
186.103.157.42 - - [13/Mar/2017:10:02:07 -0300] "POST /cormun/servlet/solicitudot?gx-no-cache=1489410062090 HTTP/1.1" 200 643
186.103.157.42 - - [13/Mar/2017:10:02:07 -0300] "POST /cormun/servlet/solicitudot?gx-no-cache=1489410062122 HTTP/1.1" 200 518
186.103.157.42 - - [13/Mar/2017:10:02:08 -0300] "GET /cormun/servlet/prsolicitudot?15123618,,,,,MD,,gxPopupLevel%3D0%3B HTTP/1.1" 200 6089
186.103.157.42 - - [13/Mar/2017:10:02:16 -0300] "POST /cormun/servlet/solicitudot?gx-no-cache=1489410070212 HTTP/1.1" 200 656
186.103.157.42 - - [13/Mar/2017:10:02:16 -0300] "POST /cormun/servlet/solicitudot?gx-no-cache=1489410070277 HTTP/1.1" 200 41
186.103.157.42 - - [13/Mar/2017:10:02:16 -0300] "POST /cormun/servlet/solicitudot?gx-no-cache=1489410070331 HTTP/1.1" 200 643
186.103.157.42 - - [13/Mar/2017:10:02:16 -0300] "POST /cormun/servlet/solicitudot?gx-no-cache=1489410070397 HTTP/1.1" 200 518
192.168.10.62 - - [13/Mar/2017:10:02:21 -0300] "POST /cormun/servlet/trsolicitudgral?405b1ba482345e78eebe30475bb05e40,,gx-no-cache=1489413424372 HTTP/1.1" 200 104
192.168.10.62 - - [13/Mar/2017:10:02:21 -0300] "GET /cormun/SolicitudGral-152.xls HTTP/1.1" 200 10752
186.103.157.42 - - [13/Mar/2017:10:02:32 -0300] "GET /cormun/servlet/prcontratosol?15123618,,,,,MD,,gxPopupLevel%3D0%3B HTTP/1.1" 200 5693
186.103.157.42 - - [13/Mar/2017:10:02:34 -0300] "POST /cormun/servlet/solicitudot?gx-no-cache=1489410089109 HTTP/1.1" 200 30
186.103.157.42 - - [13/Mar/2017:10:02:34 -0300] "POST /cormun/servlet/solicitudot?gx-no-cache=1489410089160 HTTP/1.1" 200 656
186.103.157.42 - - [13/Mar/2017:10:02:35 -0300] "POST /cormun/servlet/solicitudot?gx-no-cache=1489410089229 HTTP/1.1" 200 41
186.103.157.42 - - [13/Mar/2017:10:02:35 -0300] "POST /cormun/servlet/solicitudot?gx-no-cache=1489410089305 HTTP/1.1" 200 643
186.103.157.42 - - [13/Mar/2017:10:02:35 -0300] "POST /cormun/servlet/solicitudot?gx-no-cache=1489410089388 HTTP/1.1" 200 518
186.103.157.42 - - [13/Mar/2017:10:02:43 -0300] "POST /cormun/servlet/solicitudot?gx-no-cache=1489410098195 HTTP/1.1" 200 641
186.103.157.42 - - [13/Mar/2017:10:02:44 -0300] "POST /cormun/servlet/solicitudot?gx-no-cache=1489410099136 HTTP/1.1" 200 1157
186.103.157.42 - - [13/Mar/2017:10:03:34 -0300] "GET /cormun/servlet/solicitudot?f164554b235e58510f296720926e6f3c41a98e99eca70bd5c0e565f57e6cd855d88fe9f049e93aceb0bbc77bbb00691221ced6345524ec70f25fc35942ce1aa6a6880b809edc271c325eb001cdccb95cdb5123893096380edf1b86aa06e73160ef95e7c74b38f95f97187dbcec0886c05c9c80274ce6b0909ccaabb985dbaa1ca137f84d022f57922bd5f5f1ba8b62b715ea4446b6b79f37edcced26676e5086f4b1addcc0adffb72da9743377344601,gx-no-cache=1489410148879 HTTP/1.1" 200 30
186.103.157.42 - - [13/Mar/2017:10:03:39 -0300] "POST /cormun/servlet/solicitudot?151e7b13bb8bd2a50914276487c14fd2,INS,0,0,,gx-no-cache=1489410153623 HTTP/1.1" 200 93
186.103.157.42 - - [13/Mar/2017:10:03:39 -0300] "GET /cormun/servlet/hpexe_return? HTTP/1.1" 200 1006
186.103.157.42 - - [13/Mar/2017:10:03:39 -0300] "GET /cormun/static/gxcfg.js?2016101716175148 HTTP/1.1" 304 -
186.103.157.42 - - [13/Mar/2017:10:03:39 -0300] "GET /cormun/static/hpexe_return.js?2016101716175153 HTTP/1.1" 304 -
186.103.157.42 - - [13/Mar/2017:10:03:40 -0300] "GET /cormun/servlet/trsolicitudot? HTTP/1.1" 200 15206
186.103.157.42 - - [13/Mar/2017:10:03:40 -0300] "GET /cormun/servlet/trsolicitudot? HTTP/1.1" 200 15202
192.168.10.62 - - [13/Mar/2017:10:06:26 -0300] "POST /cormun/servlet/trsolicitudgral?405b1ba482345e78eebe30475bb05e40,,gx-no-cache=1489413669005 HTTP/1.1" 200 6995
192.168.10.62 - - [13/Mar/2017:10:06:26 -0300] "GET /cormun/static/Shared/jqueryui/images/ui-bg_highlight-soft_100_c6c2c8_1x100.png HTTP/1.1" 404 1117
192.168.10.62 - - [13/Mar/2017:10:06:26 -0300] "GET /cormun/static/Shared/jqueryui/images/ui-icons_82798d_256x240.png HTTP/1.1" 404 1089
192.168.10.62 - - [13/Mar/2017:10:06:26 -0300] "GET /cormun/static/Shared/jqueryui/images/ui-bg_flat_55_fafafa_40x100.png HTTP/1.1" 404 1097
192.168.10.62 - - [13/Mar/2017:10:06:26 -0300] "GET /cormun/static/Shared/jqueryui/images/ui-icons_8d78a5_256x240.png HTTP/1.1" 404 1089
192.168.10.89 - - [13/Mar/2017:10:07:20 -0300] "POST /cormun/servlet/trsolicitudgral?4e55acc228eee252e4c903121b6b6ce5,,gx-no-cache=1489413723473 HTTP/1.1" 440 972
192.168.10.89 - - [13/Mar/2017:10:07:23 -0300] "GET /cormun/servlet/trsolicitudgral? HTTP/1.1" 200 23023
192.168.10.89 - - [13/Mar/2017:10:07:26 -0300] "GET /cormun/servlet/hlogin HTTP/1.1" 200 1736
192.168.10.89 - - [13/Mar/2017:10:07:33 -0300] "POST /cormun/servlet/hlogin?4c4fcba95a75dfcb85513b1a2f351d5b,gx-no-cache=1489413736157 HTTP/1.1" 200 90
192.168.10.89 - - [13/Mar/2017:10:07:33 -0300] "GET /cormun/servlet/hpexe_link HTTP/1.1" 200 957
192.168.10.89 - - [13/Mar/2017:10:07:36 -0300] "GET /cormun/servlet/trsolicitudgral HTTP/1.1" 200 24164
192.168.10.89 - - [13/Mar/2017:10:07:50 -0300] "GET /cormun/static/menuarrow.gif HTTP/1.1" 404 1015
192.168.10.89 - - [13/Mar/2017:10:07:59 -0300] "POST /cormun/servlet/trsolicitudgral?4c4fcba95a75dfcb85513b1a2f351d5b,gx-no-cache=1489413761844 HTTP/1.1" 200 10551
192.168.10.89 - - [13/Mar/2017:10:08:15 -0300] "POST /cormun/servlet/trsolicitudgral?4c4fcba95a75dfcb85513b1a2f351d5b,gx-no-cache=1489413777955 HTTP/1.1" 200 6452
192.168.10.89 - - [13/Mar/2017:10:08:35 -0300] "GET /cormun/servlet/solicitudgral?UPD,2017,5185, HTTP/1.1" 200 12097
192.168.10.89 - - [13/Mar/2017:10:08:38 -0300] "POST /cormun/servlet/solicitudgral?gx-no-cache=1489413800657 HTTP/1.1" 200 3140
192.168.10.89 - - [13/Mar/2017:10:08:38 -0300] "GET /cormun/servlet/solicitudgral?8e58a4ebaffeee0cdb7017095db599c058162586f6523b10b069baed2b6f5dba71415bb42fc926e555f5a022ba99aeda4153ff2b814138e98040141fbb0319c683326274f4d3e2628d33f5989f19c4df89220c2600bb9360033f186a19f2734601069c13f183ae67ded1f532c05b18ddcdd755694a6e0b07a2e33b87346670f06af95f7313a69c2d33d29a13f23838a555c49855ae8ec490a01404dd5ff8719179fad3c83abc8bba497abffe592f0c413d986317aac1be8b418cf5f4a861f99b030c5dc549ec02d9de3fd1b497f52d24e47467824955dcfbb42e5b1845f55a620e63c45d5ecfc9d6237e6efda820fb99d41f9cf4d1fdb1e08dcf80813787ec0d25378b9c97dc3402d27614aeb7137d03272445b840d28d63cfff13288790efb22ca8f01cbdd3408d9ff9110d9d513c7b2f45e4a21b2cb813f9da703d6376f9fe8469b529d7d69f7ca13aad98b9475a14,gx-no-cache=1489413800866 HTTP/1.1" 200 257
192.168.10.89 - - [13/Mar/2017:10:08:38 -0300] "GET /cormun/servlet/solicitudgral?8e58a4ebaffeee0cdb7017095db599c06ceca1a2be7f257f2dccf99aa4951e2b29a5f24f6dd6989ed58517c67297451e279f57ebbac4a022181053bbecd12b6bf9052bf5f5f78272acd0a75d393caa01ccac8dd292884e99d6fcd8d7968d43b9b698309e7c02620abfc1b6f7bf57855a49f587086cb9ec9fc78e5c3d5413b41e95be2586de62363c3cd197ff1f74ca3c5cec2ea49f14d27e430375d54d961c5182dc7759fb133c45eea989ee4d579221c59925f0fb83fe0de29d8b326ebcbbc0194cfa8a0bf78158d4ce2509c47c074a092a210b4ae53ed83a7d21992eed9a3ab26eab7b9306000db52f5cb59b3283387814a99c8e6ce8031b8d598ae4624094181691d2889d3cde383fa8eff3044c280cd462535baf85152304d6f69edf2816ad27c0850f2a9a77812e31aced15d7c1ababfde9cc1e6169faed6bbbb5ff832cfb0f5079d3e078d835edeab112854219636d062a4a6e08d08e59875a4cfded9cb2721b7e56ca333e5072ef9ec58de0625a77d28f895a8a80b7b39b8fd90f8658848adcd621eb9b3ccbe9b3b215fe75942a1ad79ec23570d2a3d3f9ef95bfc7bf5f0c46475d2d0cd9c72a5325be9406a20f1ee86371221964fe7ef6d69bdfbb454aae5b5aa7b32455e7eb7f661fab711278cfcd770b0328dda50c69ee16bdb9d1aac898da351391737ac8877234eb08ba2a1ad79ec23570d2a3d3f9ef95bfc7bffe25b46921f6fe0930a333921c84c70dacb4e441ddae328669adc8d53edde4148d53d71960e9980de2bf75195ddc533fc851d65dca9fb4c8585f7b9d55096bb3,gx-no-cache=1489413801364 HTTP/1.1" 200 48
192.168.10.89 - - [13/Mar/2017:10:08:41 -0300] "POST /cormun/servlet/solicitudgral?4c4fcba95a75dfcb85513b1a2f351d5b,UPD,2017,5185,,gx-no-cache=1489413804312 HTTP/1.1" 200 10515
192.168.10.89 - - [13/Mar/2017:10:08:44 -0300] "GET /cormun/servlet/solicitudgral?8e58a4ebaffeee0cdb7017095db599c08206df1fd1fb9ed7fcf025959896ad988909d32e7ae804cb14140c9567e02e9c979ba17b00cb0224d1d51640c334935492203c41e48dde32cd431b12817c155f05892daf4c0c29b98344a6fb240b735bd7184b39beebf9def66be1ed5e28b71298af73ca76cbe1d7e76d9a02617e1cd74dbe20cd4f814a684d03adee9f88fbb1c838af0b4a25278cfdb4e99159b31a8a,gx-no-cache=1489413807456 HTTP/1.1" 200 29
192.168.10.89 - - [13/Mar/2017:10:08:44 -0300] "POST /cormun/servlet/solicitudgral?gx-no-cache=1489413807496 HTTP/1.1" 200 1249
192.168.10.89 - - [13/Mar/2017:10:08:44 -0300] "POST /cormun/servlet/solicitudgral?gx-no-cache=1489413807541 HTTP/1.1" 200 1154
192.168.10.89 - - [13/Mar/2017:10:08:45 -0300] "POST /cormun/servlet/solicitudgral?4c4fcba95a75dfcb85513b1a2f351d5b,UPD,2017,5185,,gx-no-cache=1489413807582 HTTP/1.1" 200 93
192.168.10.89 - - [13/Mar/2017:10:08:45 -0300] "GET /cormun/servlet/hpexe_return? HTTP/1.1" 200 1031
192.168.10.89 - - [13/Mar/2017:10:08:46 -0300] "GET /cormun/servlet/trsolicitudgral?gx-no-cache=1489413777955 HTTP/1.1" 200 9850
192.168.10.89 - - [13/Mar/2017:10:08:58 -0300] "POST /cormun/servlet/trsolicitudgral?4c4fcba95a75dfcb85513b1a2f351d5b,gx-no-cache=1489413777955,gx-no-cache=1489413821343 HTTP/1.1" 200 10554
186.79.243.246 - - [13/Mar/2017:10:10:22 -0300] "GET /cormun/servlet/hlogin HTTP/1.1" 200 1718
186.79.243.246 - - [13/Mar/2017:10:10:57 -0300] "POST /cormun/servlet/hlogin?f4383acc3706ecb3dce1a03531298e17,gx-no-cache=1489410726265 HTTP/1.1" 200 90
186.79.243.246 - - [13/Mar/2017:10:10:57 -0300] "GET /cormun/servlet/hpexe_link HTTP/1.1" 200 954
186.79.243.246 - - [13/Mar/2017:10:10:58 -0300] "GET /cormun/servlet/hhome HTTP/1.1" 200 3738
186.79.243.246 - - [13/Mar/2017:10:11:00 -0300] "GET /cormun/servlet/hhome HTTP/1.1" 200 3735
186.79.243.246 - - [13/Mar/2017:10:11:04 -0300] "GET /cormun/servlet/trlicencias? HTTP/1.1" 200 6575
186.79.243.246 - - [13/Mar/2017:10:11:04 -0300] "GET /cormun/static/gxcfg.js?2016122619301429 HTTP/1.1" 200 953
186.79.243.246 - - [13/Mar/2017:10:11:05 -0300] "GET /cormun/static/trlicencias.js?2016122619301919 HTTP/1.1" 200 37916
186.79.243.246 - - [13/Mar/2017:10:11:06 -0300] "GET /cormun/servlet/trlicencias? HTTP/1.1" 200 6574
186.79.243.246 - - [13/Mar/2017:10:11:12 -0300] "GET /cormun/servlet/licenciaspermisos?INS,0,,, HTTP/1.1" 200 7090
186.79.243.246 - - [13/Mar/2017:10:11:12 -0300] "GET /cormun/static/gxcfg.js?2016122619301043 HTTP/1.1" 200 953
186.79.243.246 - - [13/Mar/2017:10:11:12 -0300] "GET /cormun/static/licenciaspermisos.js?2016122619301096 HTTP/1.1" 200 33213
186.79.243.246 - - [13/Mar/2017:10:11:13 -0300] "GET /cormun/servlet/licenciaspermisos?INS,0,,, HTTP/1.1" 200 7087
186.79.243.246 - - [13/Mar/2017:10:11:49 -0300] "GET /cormun/servlet/prfichaempleado?,MD,,gxPopupLevel%3D0%3B HTTP/1.1" 200 8787
186.79.243.246 - - [13/Mar/2017:10:11:49 -0300] "GET /cormun/static/gxcfg.js?2016102420561687 HTTP/1.1" 200 953
186.79.243.246 - - [13/Mar/2017:10:11:50 -0300] "GET /cormun/static/menusearch.js?201610171694467 HTTP/1.1" 304 -
186.79.243.246 - - [13/Mar/2017:10:11:50 -0300] "GET /cormun/static/hmpwkw011.js?201612218515582 HTTP/1.1" 304 -
186.79.243.246 - - [13/Mar/2017:10:11:50 -0300] "GET /cormun/static/prfichaempleado.js?201610242056198 HTTP/1.1" 200 16015
186.79.243.246 - - [13/Mar/2017:10:12:04 -0300] "POST /cormun/servlet/prfichaempleado?f4383acc3706ecb3dce1a03531298e17,,MD,,gxPopupLevel%3D0%3B,gx-no-cache=1489410792678 HTTP/1.1" 200 3449
186.79.243.246 - - [13/Mar/2017:10:12:15 -0300] "GET /cormun/servlet/licenciaspermisos?d0d10338d8cdd3e6825f322ec981b4f2e08c4dbe2bbd8a612aaaf45c8c4b53b93defff9b717a30a9f8a6ef546d1d5d5e,gx-no-cache=1489410804370 HTTP/1.1" 200 61
186.79.243.246 - - [13/Mar/2017:10:12:16 -0300] "POST /cormun/servlet/licenciaspermisos?f4383acc3706ecb3dce1a03531298e17,INS,0,,,,gx-no-cache=1489410804562 HTTP/1.1" 200 4406
186.103.157.42 - - [13/Mar/2017:10:12:20 -0300] "POST /cormun/servlet/trsolicitudot?151e7b13bb8bd2a50914276487c14fd2,,gx-no-cache=1489410674479 HTTP/1.1" 200 6339
186.103.157.42 - - [13/Mar/2017:10:12:26 -0300] "POST /cormun/servlet/trsolicitudot?151e7b13bb8bd2a50914276487c14fd2,,gx-no-cache=1489410680343 HTTP/1.1" 200 12016
186.79.243.246 - - [13/Mar/2017:10:12:36 -0300] "GET /cormun/static/menuarrow.gif HTTP/1.1" 404 1015
186.103.157.42 - - [13/Mar/2017:10:12:40 -0300] "POST /cormun/servlet/trsolicitudot?151e7b13bb8bd2a50914276487c14fd2,,gx-no-cache=1489410694377 HTTP/1.1" 200 4146
186.103.157.42 - - [13/Mar/2017:10:12:44 -0300] "POST /cormun/servlet/trsolicitudot?151e7b13bb8bd2a50914276487c14fd2,,gx-no-cache=1489410698415 HTTP/1.1" 200 9281
192.168.10.62 - - [13/Mar/2017:10:13:03 -0300] "POST /cormun/servlet/trsolicitudgral?405b1ba482345e78eebe30475bb05e40,,gx-no-cache=1489414066510 HTTP/1.1" 200 7430
192.168.10.62 - - [13/Mar/2017:10:13:07 -0300] "POST /cormun/servlet/trsolicitudgral?405b1ba482345e78eebe30475bb05e40,,gx-no-cache=1489414070217 HTTP/1.1" 200 105
192.168.10.62 - - [13/Mar/2017:10:13:07 -0300] "POST /cormun/servlet/trsolicitudgral?405b1ba482345e78eebe30475bb05e40,,gx-no-cache=1489414070324 HTTP/1.1" 200 7415
192.168.10.62 - - [13/Mar/2017:10:13:07 -0300] "GET /cormun/SolicitudGral-4995.xls HTTP/1.1" 200 6656
192.168.10.96 - - [13/Mar/2017:10:14:27 -0300] "POST /cormun/servlet/trsolicitudgral?c7d3e8d2b848b25549fc8e7117f79605,,gx-no-cache=1489414149652 HTTP/1.1" 440 972
186.79.245.72 - - [13/Mar/2017:10:14:27 -0300] "GET /cormun/servlet/licenciaspermisos?d0d10338d8cdd3e6825f322ec981b4f2894a3ab7eac6bf4ca86eef51799a8d394cbca8b1bd5d1dd3dec1a4996248ff73da791e6697f3f66cdce400be6c2703a0faf1f18e90a862638b5bc7b3c35e6cbf0b7e325fafabc07324d2b1a96e8db3859d6d0cd52f53add2fa33ff6554374b551f8e47db09ea881029e642c9f0d88d3260873560d25e0b282db74ef05f685633f75e6651424644f81de4e82ee3ed92ceb1cbc70a30e88e7f600a39336cf958ff62794f5f474dfb14219514023aeea0a6b807d26ef079716457b3a166f222625f58b07d776a9957f25a08c87021d95551,gx-no-cache=1489410936175 HTTP/1.1" 200 30
186.79.245.72 - - [13/Mar/2017:10:14:28 -0300] "POST /cormun/servlet/licenciaspermisos?f4383acc3706ecb3dce1a03531298e17,INS,0,,,,gx-no-cache=1489410936326 HTTP/1.1" 200 4461
192.168.10.96 - - [13/Mar/2017:10:14:30 -0300] "GET /cormun/servlet/trsolicitudgral? HTTP/1.1" 200 23021
192.168.10.96 - - [13/Mar/2017:10:14:30 -0300] "GET /cormun/servlet/hlogin HTTP/1.1" 200 1734
192.168.10.96 - - [13/Mar/2017:10:14:32 -0300] "GET /cormun/servlet/trsolicitudgral? HTTP/1.1" 200 23021
192.168.10.96 - - [13/Mar/2017:10:14:40 -0300] "POST /cormun/servlet/hlogin?0ab26e72e9fc4ce111a1387664fa28e7,gx-no-cache=1489414162715 HTTP/1.1" 200 90
192.168.10.96 - - [13/Mar/2017:10:14:40 -0300] "GET /cormun/servlet/hpexe_link HTTP/1.1" 200 958
192.168.10.96 - - [13/Mar/2017:10:14:42 -0300] "GET /cormun/servlet/trsolicitudgral HTTP/1.1" 200 23885
186.79.245.72 - - [13/Mar/2017:10:14:43 -0300] "GET /cormun/servlet/prfichaempleado?,MD,,gxPopupLevel%3D0%3B HTTP/1.1" 200 8787
192.168.10.96 - - [13/Mar/2017:10:14:44 -0300] "GET /cormun/servlet/trsolicitudgral HTTP/1.1" 200 23883
192.168.10.96 - - [13/Mar/2017:10:14:50 -0300] "POST /cormun/servlet/trsolicitudgral?0ab26e72e9fc4ce111a1387664fa28e7,gx-no-cache=1489414172817 HTTP/1.1" 200 9091
186.79.245.72 - - [13/Mar/2017:10:14:57 -0300] "POST /cormun/servlet/prfichaempleado?f4383acc3706ecb3dce1a03531298e17,,MD,,gxPopupLevel%3D0%3B,gx-no-cache=1489410965727 HTTP/1.1" 200 3407
192.168.10.96 - - [13/Mar/2017:10:14:59 -0300] "POST /cormun/servlet/trsolicitudgral?0ab26e72e9fc4ce111a1387664fa28e7,gx-no-cache=1489414182052 HTTP/1.1" 200 10117
186.79.245.72 - - [13/Mar/2017:10:15:05 -0300] "GET /cormun/servlet/licenciaspermisos?d0d10338d8cdd3e6825f322ec981b4f2478ff26c8f294b928e3bbb90009624636da43d50d9c53a27691bc0738578798b8769e7c65fd95929e89d00861794cc96d8f72903e20354937427f424b93a944c9d4e53352ff2a6aa8b376e6807e2513d9b847eece9df8037eece418050be6b4e99fcc67059323967c5bdccbb4238f9e121fd238fd1cb1a3567f93cd35f04157ecacf7889de8889ac341f451c20024cbf2c284fcb3f46b825e2a8f3fece247eb0f50989b8031c71eaaa9e4e278ae16ef08af8d4b5fb6037cd0ac20fc46806aaddd34dcc2b175f8c911685475b028326358ef2f0d0b786fc9d1f6d6acbd5762e25,gx-no-cache=1489410973856 HTTP/1.1" 200 64
186.103.159.44 - - [13/Mar/2017:10:15:05 -0300] "GET /cormun/servlet/hlogin HTTP/1.1" 200 1720
186.103.159.44 - - [13/Mar/2017:10:15:05 -0300] "GET /cormun/static/Resources/Spanish/PXTools.css?167811 HTTP/1.1" 304 -
186.103.159.44 - - [13/Mar/2017:10:15:05 -0300] "GET /cormun/static/gxtimezone.js?85251 HTTP/1.1" 304 -
186.103.159.44 - - [13/Mar/2017:10:15:05 -0300] "GET /cormun/static/gxgral.js?85251 HTTP/1.1" 304 -
186.103.159.44 - - [13/Mar/2017:10:15:05 -0300] "GET /cormun/static/gxcfg.js?201612216162538 HTTP/1.1" 304 -
186.103.159.44 - - [13/Mar/2017:10:15:05 -0300] "GET /cormun/static/Resources/ComunLogin.png HTTP/1.1" 304 -
186.103.159.44 - - [13/Mar/2017:10:15:05 -0300] "GET /cormun/static/messages.spa.js?85251 HTTP/1.1" 304 -
186.79.245.72 - - [13/Mar/2017:10:15:05 -0300] "POST /cormun/servlet/licenciaspermisos?f4383acc3706ecb3dce1a03531298e17,INS,0,,,,gx-no-cache=1489410973992 HTTP/1.1" 200 93
186.103.159.44 - - [13/Mar/2017:10:15:05 -0300] "GET /cormun/static/hlogin.js?201612216162555 HTTP/1.1" 304 -
186.79.245.72 - - [13/Mar/2017:10:15:05 -0300] "GET /cormun/servlet/hpexe_return? HTTP/1.1" 200 1012
186.103.159.44 - - [13/Mar/2017:10:15:06 -0300] "GET /cormun/servlet/hlogin HTTP/1.1" 200 1731
186.103.159.44 - - [13/Mar/2017:10:15:06 -0300] "GET /cormun/static/Resources/indicator.gif HTTP/1.1" 304 -
186.79.245.72 - - [13/Mar/2017:10:15:06 -0300] "GET /cormun/static/gxcfg.js?2016101716175148 HTTP/1.1" 304 -
186.103.159.44 - - [13/Mar/2017:10:15:06 -0300] "GET /cormun/static/Resources/PXToolsLoginBackground.png HTTP/1.1" 304 -
186.79.245.72 - - [13/Mar/2017:10:15:06 -0300] "GET /cormun/static/hpexe_return.js?2016101716175153 HTTP/1.1" 304 -
186.103.159.44 - - [13/Mar/2017:10:15:06 -0300] "GET /cormun/static/Resources/PXToolsLoginTop.png HTTP/1.1" 304 -
186.103.159.44 - - [13/Mar/2017:10:15:06 -0300] "GET /cormun/static/Resources/PXToolsButtonLeft21.png HTTP/1.1" 304 -
186.103.159.44 - - [13/Mar/2017:10:15:06 -0300] "GET /cormun/static/Resources/PXToolsButtonRight21.png HTTP/1.1" 304 -
186.79.245.72 - - [13/Mar/2017:10:15:06 -0300] "GET /cormun/servlet/trlicencias HTTP/1.1" 200 7782
186.103.159.44 - - [13/Mar/2017:10:15:06 -0300] "GET /cormun/static/Resources/PXToolsButtonBackground2.png HTTP/1.1" 304 -
186.79.245.72 - - [13/Mar/2017:10:15:08 -0300] "GET /cormun//static/Resources/PXToolsGridDisplay.png HTTP/1.1" 200 362
186.79.245.72 - - [13/Mar/2017:10:15:08 -0300] "GET /cormun/servlet/trlicencias HTTP/1.1" 200 7779
186.79.245.72 - - [13/Mar/2017:10:15:08 -0300] "GET /cormun//static/Resources/PXToolsHeaderHelp.png HTTP/1.1" 200 4055
186.79.245.72 - - [13/Mar/2017:10:15:08 -0300] "GET /cormun//static/Resources/PXToolsHeaderFavorites.png HTTP/1.1" 200 2744
186.79.245.72 - - [13/Mar/2017:10:15:08 -0300] "GET /cormun//static/Resources/PXToolsActionPrint.png HTTP/1.1" 200 3317
186.79.245.72 - - [13/Mar/2017:10:15:24 -0300] "GET /cormun/servlet/trlicenciaspermisosadjuntos?9160114,20170313000000,L, HTTP/1.1" 200 6084
186.79.245.72 - - [13/Mar/2017:10:15:24 -0300] "GET /cormun/static/gxcfg.js?2016122813131454 HTTP/1.1" 200 953
186.79.245.72 - - [13/Mar/2017:10:15:24 -0300] "GET /cormun/static/trlicenciaspermisosadjuntos.js?2016122813131728 HTTP/1.1" 200 21008
186.79.245.72 - - [13/Mar/2017:10:15:25 -0300] "GET /cormun/servlet/trlicenciaspermisosadjuntos?9160114,20170313000000,L, HTTP/1.1" 200 6084
186.79.245.72 - - [13/Mar/2017:10:15:26 -0300] "POST /cormun/servlet/acontrolpreferencessavestate?None,CA-36,true HTTP/1.1" 200 35
186.79.245.72 - - [13/Mar/2017:10:15:30 -0300] "GET /cormun/servlet/licenciaspermisosadjuntos?INS,9160114,L,20170313000000,, HTTP/1.1" 200 5385
186.79.245.72 - - [13/Mar/2017:10:15:30 -0300] "GET /cormun/static/gxcfg.js?2016122813131386 HTTP/1.1" 200 953
186.79.245.72 - - [13/Mar/2017:10:15:30 -0300] "GET /cormun/static/about:blank HTTP/1.1" 404 1011
186.79.245.72 - - [13/Mar/2017:10:15:30 -0300] "GET /cormun/static/licenciaspermisosadjuntos.js?2016122813131394 HTTP/1.1" 200 8757
186.79.245.72 - - [13/Mar/2017:10:15:31 -0300] "GET /cormun/servlet/licenciaspermisosadjuntos?INS,9160114,L,20170313000000,, HTTP/1.1" 200 5375
186.103.157.42 - - [13/Mar/2017:10:15:56 -0300] "POST /cormun/servlet/trsolicitudot?151e7b13bb8bd2a50914276487c14fd2,,gx-no-cache=1489410890773 HTTP/1.1" 200 9129
186.79.245.72 - - [13/Mar/2017:10:16:06 -0300] "POST /cormun/servlet/licenciaspermisosadjuntos?f4383acc3706ecb3dce1a03531298e17,INS,9160114,L,20170313000000,, HTTP/1.1" 200 116
186.79.245.72 - - [13/Mar/2017:10:16:06 -0300] "GET /cormun/servlet/hpexe_return? HTTP/1.1" 200 1042
186.79.245.72 - - [13/Mar/2017:10:16:07 -0300] "GET /cormun/servlet/trlicenciaspermisosadjuntos?9160114,20170313000000,L, HTTP/1.1" 200 6557
186.79.245.72 - - [13/Mar/2017:10:16:09 -0300] "GET /cormun/servlet/trlicenciaspermisosadjuntos?9160114,20170313000000,L, HTTP/1.1" 200 6553
186.79.245.72 - - [13/Mar/2017:10:16:10 -0300] "GET /cormun/PublicTempStorage/alejandro_3_0014349785.jpg HTTP/1.1" 200 1112250
186.79.245.72 - - [13/Mar/2017:10:16:12 -0300] "GET /cormun/servlet/licenciaspermisosadjuntos?INS,9160114,L,20170313000000,, HTTP/1.1" 200 5385
186.79.245.72 - - [13/Mar/2017:10:16:13 -0300] "GET /cormun/static/about:blank HTTP/1.1" 404 1011
186.79.245.72 - - [13/Mar/2017:10:16:14 -0300] "GET /cormun/servlet/licenciaspermisosadjuntos?INS,9160114,L,20170313000000,, HTTP/1.1" 200 5375
186.79.113.67 - - [13/Mar/2017:10:16:16 -0300] "GET /cormun/servlet/hlogin HTTP/1.1" 200 1725
186.79.113.67 - - [13/Mar/2017:10:16:18 -0300] "POST /cormun/servlet/hlogin?1ec21a52c42eb506bea3d17908429b48,gx-no-cache=1489411048064 HTTP/1.1" 200 90
186.79.113.67 - - [13/Mar/2017:10:16:18 -0300] "GET /cormun/servlet/hpexe_link HTTP/1.1" 200 958
186.79.113.67 - - [13/Mar/2017:10:16:19 -0300] "GET /cormun/servlet/hhome HTTP/1.1" 200 3765
186.79.113.67 - - [13/Mar/2017:10:16:20 -0300] "GET /cormun/servlet/hhome HTTP/1.1" 200 3762
186.79.113.67 - - [13/Mar/2017:10:16:21 -0300] "GET /cormun/servlet/trsolicitudot? HTTP/1.1" 200 6700
186.79.113.67 - - [13/Mar/2017:10:16:22 -0300] "GET /cormun/servlet/trsolicitudot? HTTP/1.1" 200 6699
186.79.113.67 - - [13/Mar/2017:10:16:26 -0300] "POST /cormun/servlet/trsolicitudot?1ec21a52c42eb506bea3d17908429b48,,gx-no-cache=1489411055319 HTTP/1.1" 200 103
186.79.113.67 - - [13/Mar/2017:10:16:26 -0300] "GET /cormun/SolicitudOT-2616.xls HTTP/1.1" 200 4608
192.168.10.62 - - [13/Mar/2017:10:16:28 -0300] "POST /cormun/servlet/trsolicitudgral?405b1ba482345e78eebe30475bb05e40,,gx-no-cache=1489414271146 HTTP/1.1" 200 6246
192.168.10.62 - - [13/Mar/2017:10:16:30 -0300] "POST /cormun/servlet/trsolicitudgral?405b1ba482345e78eebe30475bb05e40,,gx-no-cache=1489414273114 HTTP/1.1" 200 105
192.168.10.62 - - [13/Mar/2017:10:16:30 -0300] "POST /cormun/servlet/trsolicitudgral?405b1ba482345e78eebe30475bb05e40,,gx-no-cache=1489414273212 HTTP/1.1" 200 6228
192.168.10.62 - - [13/Mar/2017:10:16:30 -0300] "GET /cormun/SolicitudGral-7568.xls HTTP/1.1" 200 5632
186.79.245.72 - - [13/Mar/2017:10:16:41 -0300] "POST /cormun/servlet/licenciaspermisosadjuntos?f4383acc3706ecb3dce1a03531298e17,INS,9160114,L,20170313000000,, HTTP/1.1" 200 116
186.79.245.72 - - [13/Mar/2017:10:16:41 -0300] "GET /cormun/servlet/hpexe_return? HTTP/1.1" 200 1042
186.79.245.72 - - [13/Mar/2017:10:16:42 -0300] "GET /cormun/servlet/trlicenciaspermisosadjuntos?9160114,20170313000000,L, HTTP/1.1" 200 6657
186.79.245.72 - - [13/Mar/2017:10:16:43 -0300] "GET /cormun/servlet/trlicenciaspermisosadjuntos?9160114,20170313000000,L, HTTP/1.1" 200 6653
186.79.245.72 - - [13/Mar/2017:10:16:46 -0300] "GET /cormun/PublicTempStorage/alejandro_3_0016486030.jpg HTTP/1.1" 200 1112250
186.79.245.72 - - [13/Mar/2017:10:16:46 -0300] "GET /cormun/PublicTempStorage/licencia_alejandro_0019507631.jpg HTTP/1.1" 200 1068427
186.79.245.72 - - [13/Mar/2017:10:16:46 -0300] "GET /cormun/servlet/licenciaspermisosadjuntos?INS,9160114,L,20170313000000,, HTTP/1.1" 200 5385
186.79.113.67 - - [13/Mar/2017:10:16:46 -0300] "POST /cormun/servlet/trsolicitudot?1ec21a52c42eb506bea3d17908429b48,,gx-no-cache=1489411075858 HTTP/1.1" 200 103
186.79.245.72 - - [13/Mar/2017:10:16:47 -0300] "GET /cormun/static/about:blank HTTP/1.1" 404 1011
186.79.113.67 - - [13/Mar/2017:10:16:47 -0300] "GET /cormun/SolicitudOT-1718.xls HTTP/1.1" 200 4608
186.79.245.72 - - [13/Mar/2017:10:16:47 -0300] "GET /cormun/servlet/licenciaspermisosadjuntos?INS,9160114,L,20170313000000,, HTTP/1.1" 200 5374
186.79.113.67 - - [13/Mar/2017:10:16:56 -0300] "GET /cormun/servlet/solicitudot?INS,0,0, HTTP/1.1" 200 12574
186.79.113.67 - - [13/Mar/2017:10:16:56 -0300] "GET /cormun/static/gxcfg.js?20171191042720 HTTP/1.1" 304 -
186.79.113.67 - - [13/Mar/2017:10:16:57 -0300] "GET /cormun/static/solicitudot.js?2017119104297 HTTP/1.1" 304 -
186.79.113.67 - - [13/Mar/2017:10:16:57 -0300] "GET /cormun/servlet/solicitudot?INS,0,0, HTTP/1.1" 200 12579
186.79.245.72 - - [13/Mar/2017:10:17:11 -0300] "POST /cormun/servlet/licenciaspermisosadjuntos?f4383acc3706ecb3dce1a03531298e17,INS,9160114,L,20170313000000,, HTTP/1.1" 200 116
186.79.245.72 - - [13/Mar/2017:10:17:12 -0300] "GET /cormun/servlet/hpexe_return? HTTP/1.1" 200 1042
186.79.245.72 - - [13/Mar/2017:10:17:12 -0300] "GET /cormun/servlet/trlicenciaspermisosadjuntos?9160114,20170313000000,L, HTTP/1.1" 200 6747
186.79.245.72 - - [13/Mar/2017:10:17:14 -0300] "GET /cormun/servlet/trlicenciaspermisosadjuntos?9160114,20170313000000,L, HTTP/1.1" 200 6744
186.79.245.72 - - [13/Mar/2017:10:17:17 -0300] "GET /cormun/PublicTempStorage/licencia_alejandro_0016791150.jpg HTTP/1.1" 200 1068427
186.79.245.72 - - [13/Mar/2017:10:17:17 -0300] "GET /cormun/PublicTempStorage/licencia_hoja_2_0017938679.jpg HTTP/1.1" 200 1011221
186.79.245.72 - - [13/Mar/2017:10:17:17 -0300] "GET /cormun/PublicTempStorage/alejandro_3_0015139338.jpg HTTP/1.1" 200 1112250
186.79.245.72 - - [13/Mar/2017:10:17:27 -0300] "GET /cormun/servlet/trsolicitudot? HTTP/1.1" 200 7989
186.79.245.72 - - [13/Mar/2017:10:17:28 -0300] "GET /cormun/servlet/trsolicitudot? HTTP/1.1" 200 7965
186.79.245.72 - - [13/Mar/2017:10:17:35 -0300] "GET /cormun/servlet/trlicencias? HTTP/1.1" 200 7781
186.79.245.72 - - [13/Mar/2017:10:17:37 -0300] "GET /cormun/servlet/trlicencias? HTTP/1.1" 200 7780
186.103.159.44 - - [13/Mar/2017:10:17:38 -0300] "POST /cormun/servlet/hlogin?70e3666818512a37b949f59b46338c3d,gx-no-cache=1489411127720 HTTP/1.1" 200 90
186.103.159.44 - - [13/Mar/2017:10:17:38 -0300] "GET /cormun/servlet/hpexe_link HTTP/1.1" 200 953
186.103.159.44 - - [13/Mar/2017:10:17:39 -0300] "GET /cormun/static/gxcfg.js?201612218515529 HTTP/1.1" 304 -
186.103.159.44 - - [13/Mar/2017:10:17:39 -0300] "GET /cormun/servlet/hhome HTTP/1.1" 200 3772
186.103.159.44 - - [13/Mar/2017:10:17:39 -0300] "GET /cormun/static/gxcfg.js?201612218515568 HTTP/1.1" 304 -
186.103.159.44 - - [13/Mar/2017:10:17:43 -0300] "GET /cormun/servlet/trsolicitudot? HTTP/1.1" 200 9389
186.103.159.44 - - [13/Mar/2017:10:17:43 -0300] "GET /cormun/static/gxcfg.js?20171191044697 HTTP/1.1" 304 -
186.103.159.44 - - [13/Mar/2017:10:17:44 -0300] "GET /cormun/static/trsolicitudot.js?20171191045625 HTTP/1.1" 304 -
186.103.159.44 - - [13/Mar/2017:10:17:55 -0300] "GET /cormun/servlet/trlicencias? HTTP/1.1" 200 6614
186.103.159.44 - - [13/Mar/2017:10:17:55 -0300] "GET /cormun/static/gxcfg.js?2016122619301429 HTTP/1.1" 304 -
186.79.245.72 - - [13/Mar/2017:10:17:57 -0300] "GET /cormun/servlet/licenciaspermisos?DSP,9160114,L,20170313000000, HTTP/1.1" 200 6642
186.79.245.72 - - [13/Mar/2017:10:17:58 -0300] "GET /cormun/servlet/licenciaspermisos?DSP,9160114,L,20170313000000, HTTP/1.1" 200 6643
186.103.159.44 - - [13/Mar/2017:10:18:09 -0300] "GET /cormun/servlet/licenciaspermisos?INS,0,,, HTTP/1.1" 200 7122
186.103.159.44 - - [13/Mar/2017:10:18:09 -0300] "GET /cormun/static/gxcfg.js?2016122619301043 HTTP/1.1" 304 -
192.168.10.62 - - [13/Mar/2017:10:18:15 -0300] "POST /cormun/servlet/trsolicitudgral?405b1ba482345e78eebe30475bb05e40,,gx-no-cache=1489414377651 HTTP/1.1" 200 5172
186.79.245.72 - - [13/Mar/2017:10:18:18 -0300] "GET /cormun/servlet/trlicencias? HTTP/1.1" 200 7782
186.79.245.72 - - [13/Mar/2017:10:18:20 -0300] "GET /cormun/servlet/trlicencias? HTTP/1.1" 200 7780
186.79.113.67 - - [13/Mar/2017:10:18:23 -0300] "POST /cormun/servlet/solicitudot?gx-no-cache=1489411172499 HTTP/1.1" 200 3081
186.79.113.67 - - [13/Mar/2017:10:18:24 -0300] "POST /cormun/servlet/solicitudot?1ec21a52c42eb506bea3d17908429b48,INS,0,0,,gx-no-cache=1489411173232 HTTP/1.1" 200 9682
186.79.113.67 - - [13/Mar/2017:10:18:29 -0300] "GET /cormun/servlet/solicitudot?0790fc9f8f78291918f2d1e1088771aa37debf863fd7dd0927d1d68f6c5d2ed9c0fd032f4d78bc484c40cc63df34db6d,gx-no-cache=1489411178827 HTTP/1.1" 200 30
186.79.245.72 - - [13/Mar/2017:10:18:30 -0300] "GET /cormun/servlet/alicenciaprn?9160114,L,20170313000000,PU HTTP/1.1" 200 1569
186.103.159.44 - - [13/Mar/2017:10:18:33 -0300] "GET /cormun/servlet/licenciaspermisos?3157d64962c25795a19c3052f42318c5ff7f7e46fe304b87507caddaca3cd9312d1403e33d83b397b05f4d2ae28da65a,gx-no-cache=1489411182514 HTTP/1.1" 200 63
186.103.159.44 - - [13/Mar/2017:10:18:33 -0300] "POST /cormun/servlet/licenciaspermisos?70e3666818512a37b949f59b46338c3d,INS,0,,,,gx-no-cache=1489411182614 HTTP/1.1" 200 4401
186.103.159.44 - - [13/Mar/2017:10:20:09 -0300] "GET /cormun/static/menuarrow.gif HTTP/1.1" 404 1015
186.103.157.42 - - [13/Mar/2017:10:20:27 -0300] "POST /cormun/servlet/trsolicitudot?151e7b13bb8bd2a50914276487c14fd2,,gx-no-cache=1489411161517 HTTP/1.1" 200 9279
186.79.245.72 - - [13/Mar/2017:10:20:34 -0300] "GET /cormun/servlet/alicenciaprn?9160114,L,20170313000000,PU HTTP/1.1" 200 1569
186.103.157.42 - - [13/Mar/2017:10:20:40 -0300] "GET /cormun/static/menuarrow.gif HTTP/1.1" 404 1015
186.103.157.42 - - [13/Mar/2017:10:20:44 -0300] "POST /cormun/servlet/trsolicitudot?151e7b13bb8bd2a50914276487c14fd2,,gx-no-cache=1489411178694 HTTP/1.1" 200 9282
186.103.157.42 - - [13/Mar/2017:10:20:50 -0300] "POST /cormun/servlet/trsolicitudot?151e7b13bb8bd2a50914276487c14fd2,,gx-no-cache=1489411184956 HTTP/1.1" 200 9129
186.103.157.42 - - [13/Mar/2017:10:20:59 -0300] "POST /cormun/servlet/trsolicitudot?151e7b13bb8bd2a50914276487c14fd2,,gx-no-cache=1489411193431 HTTP/1.1" 200 9281
186.79.245.72 - - [13/Mar/2017:10:21:31 -0300] "POST /cormun/servlet/trlicencias?f4383acc3706ecb3dce1a03531298e17,,gx-no-cache=1489411359905 HTTP/1.1" 200 4063
186.79.245.72 - - [13/Mar/2017:10:21:32 -0300] "GET /cormun/static/Shared/jqueryui/images/ui-bg_highlight-soft_100_c6c2c8_1x100.png HTTP/1.1" 404 1117
186.79.245.72 - - [13/Mar/2017:10:21:32 -0300] "GET /cormun/static/Shared/jqueryui/images/ui-icons_82798d_256x240.png HTTP/1.1" 404 1089
186.79.245.72 - - [13/Mar/2017:10:21:32 -0300] "GET /cormun/static/Shared/jqueryui/images/ui-bg_flat_55_fafafa_40x100.png HTTP/1.1" 404 1097
186.79.245.72 - - [13/Mar/2017:10:21:32 -0300] "GET /cormun/static/Shared/jqueryui/images/ui-icons_8d78a5_256x240.png HTTP/1.1" 404 1089
192.168.10.89 - - [13/Mar/2017:10:21:37 -0300] "POST /cormun/servlet/trsolicitudgral?4c4fcba95a75dfcb85513b1a2f351d5b,gx-no-cache=1489413777955,gx-no-cache=1489414579370 HTTP/1.1" 200 22187
186.79.245.72 - - [13/Mar/2017:10:21:50 -0300] "GET /cormun/servlet/hlogin HTTP/1.1" 200 1718
186.79.113.67 - - [13/Mar/2017:10:22:07 -0300] "POST /cormun/servlet/solicitudot?gx-no-cache=1489411396623 HTTP/1.1" 200 255
192.168.10.89 - - [13/Mar/2017:10:22:11 -0300] "POST /cormun/servlet/trsolicitudgral?4c4fcba95a75dfcb85513b1a2f351d5b,gx-no-cache=1489413777955,gx-no-cache=1489414613820 HTTP/1.1" 200 6515
186.79.245.72 - - [13/Mar/2017:10:22:12 -0300] "POST /cormun/servlet/hlogin?f4383acc3706ecb3dce1a03531298e17,gx-no-cache=1489411400904 HTTP/1.1" 200 90
186.79.245.72 - - [13/Mar/2017:10:22:12 -0300] "GET /cormun/servlet/hpexe_link HTTP/1.1" 200 954
186.79.245.72 - - [13/Mar/2017:10:22:12 -0300] "GET /cormun/servlet/hhome HTTP/1.1" 200 3861
186.79.245.72 - - [13/Mar/2017:10:22:14 -0300] "GET /cormun/servlet/hhome HTTP/1.1" 200 3858
192.168.10.89 - - [13/Mar/2017:10:22:19 -0300] "POST /cormun/servlet/trsolicitudgral?4c4fcba95a75dfcb85513b1a2f351d5b,gx-no-cache=1489413777955,gx-no-cache=1489414621639 HTTP/1.1" 200 5357
192.168.10.89 - - [13/Mar/2017:10:22:19 -0300] "GET /cormun/static/Shared/jqueryui/images/ui-icons_82798d_256x240.png HTTP/1.1" 404 1089
192.168.10.89 - - [13/Mar/2017:10:22:19 -0300] "GET /cormun/static/Shared/jqueryui/images/ui-bg_highlight-soft_100_c6c2c8_1x100.png HTTP/1.1" 404 1117
192.168.10.89 - - [13/Mar/2017:10:22:19 -0300] "GET /cormun/static/Shared/jqueryui/images/ui-bg_flat_55_fafafa_40x100.png HTTP/1.1" 404 1097
192.168.10.89 - - [13/Mar/2017:10:22:19 -0300] "GET /cormun/static/Shared/jqueryui/images/ui-icons_8d78a5_256x240.png HTTP/1.1" 404 1089
186.79.245.72 - - [13/Mar/2017:10:22:23 -0300] "GET /cormun/servlet/trlicencias? HTTP/1.1" 200 6695
186.79.113.67 - - [13/Mar/2017:10:22:23 -0300] "GET /cormun/servlet/solicitudot?0790fc9f8f78291918f2d1e1088771aaa27520764689ab7c77c928f8d07d174bb2a269fef96ad6ec39fb31dab5bbe94fa8dd82b5421ecf1720b0919e78fb60f18ef5bd7016d8090eb468e64471e09dd284c4b0684b84cebc6219a07388f7b1c863db33e30f6fb72e580ee6ee2267b57382925ab713a424229150fa2efa235329bf12450d8eb6beed292eb68768a90659fa3f8a1275372981f104fbd39ea5e9d4cff88abc346b44707764ab1bd7016e57b6cf0abb967247724a0408d53633b6e8e709f5c66d87de278d2fa78b746a88cf42887cee0ab877937dd398b63dea4b885ed1e4aba8bd63fa7bbeaa2deb087b8508f9f0308a8b589973dd8dd5f122e06ab58c49f89dce87136e251fac6d221b83188c168804a12247811e3464596518007e768a19bf90d964e59bc413a244b47c2ad53a5fd77b3362e1ecb3dcbc965ea03f34d4ada12da015b80dffdff240a5890ccfc7d5373db7e72a85126c2b6d1b7d53116f325b4a2b55470a4d6377fe0b39ecb3b5f906e225d148f6d4dd6c11e7e7,gx-no-cache=1489411412850 HTTP/1.1" 200 30
186.79.245.72 - - [13/Mar/2017:10:22:24 -0300] "GET /cormun/servlet/trlicencias? HTTP/1.1" 200 6694
186.79.245.72 - - [13/Mar/2017:10:22:26 -0300] "POST /cormun/servlet/acontrolpreferencessavestate?None,CDELSO,true HTTP/1.1" 200 35
