200.73.230.173 - - [13/Mar/2017:16:15:33 -0300] "GET /cormun/static/about:blank HTTP/1.1" 404 1011
200.73.230.173 - - [13/Mar/2017:16:15:33 -0300] "GET /cormun/servlet/licenciaspermisosadjuntos?INS,17279322,L,20170313000000,, HTTP/1.1" 200 5438
200.73.230.173 - - [13/Mar/2017:16:15:44 -0300] "POST /cormun/servlet/solicitudot?gx-no-cache=1489432618815 HTTP/1.1" 200 30
200.73.230.173 - - [13/Mar/2017:16:15:45 -0300] "POST /cormun/servlet/solicitudot?gx-no-cache=1489432619280 HTTP/1.1" 200 1290
200.73.230.173 - - [13/Mar/2017:16:15:45 -0300] "POST /cormun/servlet/solicitudot?gx-no-cache=1489432619730 HTTP/1.1" 200 41
186.103.132.155 - - [13/Mar/2017:16:15:45 -0300] "GET /cormun/servlet/prfichaempleado?,MD,,gxPopupLevel%3D0%3B HTTP/1.1" 200 8859
200.73.230.173 - - [13/Mar/2017:16:15:45 -0300] "POST /cormun/servlet/solicitudot?gx-no-cache=1489432619834 HTTP/1.1" 200 1274
200.73.230.173 - - [13/Mar/2017:16:15:45 -0300] "POST /cormun/servlet/solicitudot?gx-no-cache=1489432620299 HTTP/1.1" 200 1157
200.73.230.173 - - [13/Mar/2017:16:15:45 -0300] "GET /cormun/servlet/solicitudot?4d538324b4939f46a8ee61bfcb8b1a8832c3e05c6a3c1a42f909ffc1e13dd3617e9793725278470c0857ff8132ad16e36fb0bae93b27f7d132b3afd41ce0255ceeeff226b7247e9a1115671894dbfba45d1c9563d3c0a20dc0bdc8a33372634210c532143b95ff68a6e15df8c5be5153ce3e4810a055251aa76c043d710436f8e9b8ee1b0bb525b064f2951bb3963ddea7d833c7072b0c93bcc2a32133ffe5b830764675845e11576144bc59e88873f2e4930bcdcab622e4479af0b62214ae6b,gx-no-cache=1489432620483 HTTP/1.1" 200 32
200.73.230.173 - - [13/Mar/2017:16:15:46 -0300] "POST /cormun/servlet/solicitudot?1fa39a47373e3f4555eb5958ea575ff2,INS,0,0,,gx-no-cache=1489432620855 HTTP/1.1" 200 11824
186.103.132.155 - - [13/Mar/2017:16:15:52 -0300] "GET /cormun/servlet/permisogoce?4159960a40bca50d0b9b8607ae798f6749426e9049065260925998cd68ec734ff061ebfc3a4c8d56bc852f0fa47f8d1a,gx-no-cache=1489432620931 HTTP/1.1" 200 174
186.103.132.155 - - [13/Mar/2017:16:15:52 -0300] "GET /cormun/static/Shared/jqueryui/images/ui-bg_highlight-soft_100_c6c2c8_1x100.png HTTP/1.1" 404 1117
186.103.132.155 - - [13/Mar/2017:16:15:52 -0300] "GET /cormun/static/Shared/jqueryui/images/ui-bg_flat_55_994d53_40x100.png HTTP/1.1" 404 1097
186.103.132.155 - - [13/Mar/2017:16:15:52 -0300] "GET /cormun/static/Shared/jqueryui/images/ui-icons_82798d_256x240.png HTTP/1.1" 404 1089
186.103.132.155 - - [13/Mar/2017:16:15:52 -0300] "GET /cormun/static/Shared/jqueryui/images/ui-icons_ebccce_256x240.png HTTP/1.1" 404 1089
200.73.230.173 - - [13/Mar/2017:16:16:10 -0300] "POST /cormun/servlet/licenciaspermisosadjuntos?b01c164b27d3ec8150a7a6db07a37698,INS,17279322,L,20170313000000,, HTTP/1.1" 200 116
200.73.230.173 - - [13/Mar/2017:16:16:10 -0300] "GET /cormun/servlet/hpexe_return? HTTP/1.1" 200 1035
200.73.230.173 - - [13/Mar/2017:16:16:11 -0300] "GET /cormun/servlet/trlicenciaspermisosadjuntos?17279322,20170313000000,L, HTTP/1.1" 200 6613
200.73.230.173 - - [13/Mar/2017:16:16:12 -0300] "GET /cormun/servlet/trlicenciaspermisosadjuntos?17279322,20170313000000,L, HTTP/1.1" 200 6610
200.73.230.173 - - [13/Mar/2017:16:16:13 -0300] "GET /cormun/PublicTempStorage/licencia_america5411619.jpg HTTP/1.1" 200 1149778
186.103.156.211 - - [13/Mar/2017:16:16:16 -0300] "GET /cormun/servlet/licenciaspermisos?INS,0,,, HTTP/1.1" 200 6456
186.103.156.211 - - [13/Mar/2017:16:16:16 -0300] "GET /cormun/static/Resources/Spanish/PXTools.css?18365030 HTTP/1.1" 304 -
186.103.156.211 - - [13/Mar/2017:16:16:16 -0300] "GET /cormun/static/gxtimezone.js?85251 HTTP/1.1" 304 -
186.103.156.211 - - [13/Mar/2017:16:16:16 -0300] "GET /cormun/static/gxcfg.js?2016122619301043 HTTP/1.1" 304 -
186.103.156.211 - - [13/Mar/2017:16:16:16 -0300] "GET /cormun/static/calendar.js?85251 HTTP/1.1" 304 -
186.103.156.211 - - [13/Mar/2017:16:16:16 -0300] "GET /cormun/static/calendar-setup.js?85251 HTTP/1.1" 304 -
186.103.156.211 - - [13/Mar/2017:16:16:16 -0300] "GET /cormun/static/calendar-es.js?85251 HTTP/1.1" 304 -
186.103.156.211 - - [13/Mar/2017:16:16:16 -0300] "GET /cormun/static/messages.spa.js?85251 HTTP/1.1" 304 -
186.103.156.211 - - [13/Mar/2017:16:16:16 -0300] "GET /cormun/static/gxdec.js?85251 HTTP/1.1" 304 -
186.103.156.211 - - [13/Mar/2017:16:16:16 -0300] "GET /cormun/static/hwchdr01.js?201612218432057 HTTP/1.1" 304 -
186.103.156.211 - - [13/Mar/2017:16:16:16 -0300] "GET /cormun/static/hpexe_recentlink.js?201610171694390 HTTP/1.1" 304 -
186.103.156.211 - - [13/Mar/2017:16:16:16 -0300] "GET /cormun/static/hpexe_scripts.js?201612218432016 HTTP/1.1" 304 -
186.103.156.211 - - [13/Mar/2017:16:16:16 -0300] "GET /cormun/static/hpexe_messagecontroller.js?201610171694323 HTTP/1.1" 304 -
186.103.156.211 - - [13/Mar/2017:16:16:16 -0300] "GET /cormun/static/hpexe_messagepopupcomponent.js?20161017169425 HTTP/1.1" 304 -
186.103.156.211 - - [13/Mar/2017:16:16:17 -0300] "GET /cormun/static/hpexe_messagegenexuscomponent.js?201612218431816 HTTP/1.1" 304 -
186.103.156.211 - - [13/Mar/2017:16:16:17 -0300] "GET /cormun/static/cmcontrolpreferences.js?201612218431999 HTTP/1.1" 304 -
186.103.156.211 - - [13/Mar/2017:16:16:17 -0300] "GET /cormun/static/hmpwkw03.js?20161221852152 HTTP/1.1" 304 -
186.103.156.211 - - [13/Mar/2017:16:16:17 -0300] "GET /cormun/servlet/hlogin HTTP/1.1" 200 1746
186.103.156.211 - - [13/Mar/2017:16:16:17 -0300] "GET /cormun/servlet/licenciaspermisos?INS,0,,, HTTP/1.1" 200 6467
186.103.156.211 - - [13/Mar/2017:16:16:17 -0300] "GET /cormun/static/Resources/Spanish/PXTools.css?167811 HTTP/1.1" 304 -
186.103.156.211 - - [13/Mar/2017:16:16:17 -0300] "GET /cormun/static/gxcfg.js?201612216162538 HTTP/1.1" 304 -
186.103.156.211 - - [13/Mar/2017:16:16:17 -0300] "GET /cormun/static/hlogin.js?201612216162555 HTTP/1.1" 304 -
200.73.230.173 - - [13/Mar/2017:16:16:20 -0300] "POST /cormun/servlet/solicitudot?gx-no-cache=1489432654365 HTTP/1.1" 200 3167
200.73.230.173 - - [13/Mar/2017:16:16:21 -0300] "POST /cormun/servlet/solicitudot?1fa39a47373e3f4555eb5958ea575ff2,INS,0,0,,gx-no-cache=1489432655053 HTTP/1.1" 200 11572
200.73.230.173 - - [13/Mar/2017:16:16:21 -0300] "GET /cormun/servlet/solicitudot?4d538324b4939f46a8ee61bfcb8b1a88673a5eb637f9f5c6c1597ae6406524f07daa624c517ea82a279cc25e14ea3ddf,gx-no-cache=1489432655777 HTTP/1.1" 200 111
200.73.230.173 - - [13/Mar/2017:16:16:21 -0300] "POST /cormun/servlet/solicitudot?gx-no-cache=1489432655868 HTTP/1.1" 200 295
200.73.230.173 - - [13/Mar/2017:16:16:21 -0300] "GET /cormun/servlet/solicitudot?4d538324b4939f46a8ee61bfcb8b1a88763d473be33af8d7279688946e14d04404d14e613d8700849b9a4cf9276909149a152c94c8fdb7b5b3b302013ac2790f0576d00ad7a4f5c629ffa599958ea35e71c612156f9be2a7c6d91e56a772967633f03b008f7a1789312889f1c2a4626f7070478ad01c43b86b2a0d67bff3f44a771692e5046caeaf3c05ee041a8cd8a8c91d858bbc7b2ca870d7ea5bea6f7f3796f36104f02b7cc115e2fd5a48d85af42134927d9c85b882eec566476f48a26f019d7c4a8ab178c8920084363e42d2120ff698b11d518f3866c6c35564b57a9b5ab069bea186f5798686778aa5721184b4ad5d871795c8454c8e9997d6b8e19d0490c1174b888d3b376ca4c4c011f3da9b7a64069ba419e7f9e83e58e05962820629864fc6b2eb3bb7660114b5525126258abfc9d9e487c7d090cacd754ae1006316389af08de13610667caeeda66717372e5c057a24c6404e2eeffeb117eb40cb0b7e7ef6d4c27be5c23aae209003751768af7ed5fc49dde0696bb1f9184e523266e8ab82a1a500bdd975da6ac824b7,gx-no-cache=1489432655925 HTTP/1.1" 200 30
200.73.230.173 - - [13/Mar/2017:16:16:21 -0300] "POST /cormun/servlet/solicitudot?gx-no-cache=1489432656028 HTTP/1.1" 200 30
200.73.230.173 - - [13/Mar/2017:16:16:21 -0300] "POST /cormun/servlet/solicitudot?gx-no-cache=1489432656105 HTTP/1.1" 200 1290
200.73.230.173 - - [13/Mar/2017:16:16:21 -0300] "POST /cormun/servlet/solicitudot?gx-no-cache=1489432656230 HTTP/1.1" 200 41
200.73.230.173 - - [13/Mar/2017:16:16:21 -0300] "POST /cormun/servlet/solicitudot?gx-no-cache=1489432656305 HTTP/1.1" 200 1274
200.73.230.173 - - [13/Mar/2017:16:16:21 -0300] "POST /cormun/servlet/solicitudot?gx-no-cache=1489432656401 HTTP/1.1" 200 1157
200.73.230.173 - - [13/Mar/2017:16:16:21 -0300] "GET /cormun/servlet/solicitudot?4d538324b4939f46a8ee61bfcb8b1a8832c3e05c6a3c1a42f909ffc1e13dd361b891af7f04fff47c3667d47b5f849d7ff8601cb9b7456d1d924c81db83e64f956f5f0539770915a40b902abd038f8aab9a152c94c8fdb7b5b3b302013ac2790f73fb4227dd7fb9f4dd443b878e9d034cba9d79c75c07edb85a490ad66460daad785717ba63b101153aeeb4dfe825297522fa68be30c385cbc7154fb7d2f9563251a655f27f621a06f73372d81136ed339fca79cf581a81c70af6efd51592fca1,gx-no-cache=1489432656496 HTTP/1.1" 200 32
200.73.230.173 - - [13/Mar/2017:16:16:22 -0300] "POST /cormun/servlet/solicitudot?1fa39a47373e3f4555eb5958ea575ff2,INS,0,0,,gx-no-cache=1489432656592 HTTP/1.1" 200 11853
192.168.10.89 - - [13/Mar/2017:16:16:27 -0300] "POST /cormun/servlet/trsolicitudgral?b0526e8aacfbdb548a45b50dca695bcb,,gx-no-cache=1489435869841 HTTP/1.1" 200 6686
186.103.156.211 - - [13/Mar/2017:16:16:33 -0300] "POST /cormun/servlet/hlogin?872f24110b71a75c14fd9d8b25c42117,gx-no-cache=1489432662492 HTTP/1.1" 200 90
186.103.156.211 - - [13/Mar/2017:16:16:33 -0300] "GET /cormun/servlet/hpexe_link HTTP/1.1" 200 970
186.103.156.211 - - [13/Mar/2017:16:16:33 -0300] "GET /cormun/static/gxcfg.js?201612218515529 HTTP/1.1" 304 -
186.103.156.211 - - [13/Mar/2017:16:16:34 -0300] "GET /cormun/servlet/licenciaspermisos?INS,0,,, HTTP/1.1" 200 7201
186.103.156.211 - - [13/Mar/2017:16:16:34 -0300] "GET /cormun/static/hpexe_link.js?201612218515532 HTTP/1.1" 304 -
186.103.156.211 - - [13/Mar/2017:16:16:34 -0300] "GET /cormun/servlet/licenciaspermisos?INS,0,,, HTTP/1.1" 200 7200
186.67.172.234 - - [13/Mar/2017:16:16:38 -0300] "POST /cormun/servlet/trcontratosolicitud?0a807a1e32f0422228ebdbdaf6b29ed2,,gx-no-cache=1489432677103 HTTP/1.1" 200 11486
186.103.156.211 - - [13/Mar/2017:16:16:38 -0300] "GET /cormun/servlet/trsolicitudot? HTTP/1.1" 200 8707
186.103.156.211 - - [13/Mar/2017:16:16:38 -0300] "GET /cormun/static/gxcfg.js?20171191044697 HTTP/1.1" 304 -
186.103.156.211 - - [13/Mar/2017:16:16:38 -0300] "GET /cormun/static/trsolicitudot.js?20171191045625 HTTP/1.1" 304 -
186.103.156.211 - - [13/Mar/2017:16:16:39 -0300] "GET /cormun/servlet/trsolicitudot? HTTP/1.1" 200 8698
186.67.172.234 - - [13/Mar/2017:16:16:46 -0300] "POST /cormun/servlet/trcontratosolicitud?0a807a1e32f0422228ebdbdaf6b29ed2,,gx-no-cache=1489432686447 HTTP/1.1" 200 11252
186.103.156.211 - - [13/Mar/2017:16:16:47 -0300] "GET /cormun/servlet/solicitudot?INS,0,0, HTTP/1.1" 200 12800
186.103.156.211 - - [13/Mar/2017:16:16:47 -0300] "GET /cormun/static/solicitudot.js?2017119104297 HTTP/1.1" 304 -
186.103.156.211 - - [13/Mar/2017:16:16:48 -0300] "GET /cormun/servlet/solicitudot?INS,0,0, HTTP/1.1" 200 12805
200.73.230.173 - - [13/Mar/2017:16:16:51 -0300] "GET /cormun/servlet/licenciaspermisosadjuntos?INS,17279322,L,20170313000000,, HTTP/1.1" 200 5448
200.73.230.173 - - [13/Mar/2017:16:16:53 -0300] "GET /cormun/servlet/licenciaspermisosadjuntos?INS,17279322,L,20170313000000,, HTTP/1.1" 200 5438
200.73.230.173 - - [13/Mar/2017:16:16:56 -0300] "POST /cormun/servlet/solicitudot?1fa39a47373e3f4555eb5958ea575ff2,INS,0,0,,gx-no-cache=1489432690576 HTTP/1.1" 200 11886
200.73.230.173 - - [13/Mar/2017:16:16:56 -0300] "GET /cormun/servlet/trlicenciaspermisosadjuntos?17279322,20170313000000,L, HTTP/1.1" 200 6614
200.73.230.173 - - [13/Mar/2017:16:16:57 -0300] "GET /cormun/servlet/trlicenciaspermisosadjuntos?17279322,20170313000000,L, HTTP/1.1" 200 6610
200.73.230.173 - - [13/Mar/2017:16:16:59 -0300] "GET /cormun/PublicTempStorage/licencia_america1973738.jpg HTTP/1.1" 200 1149778
200.73.230.173 - - [13/Mar/2017:16:17:04 -0300] "POST /cormun/servlet/trlicenciaspermisosadjuntos?b01c164b27d3ec8150a7a6db07a37698,17279322,20170313000000,L,,gx-no-cache=1489433398564 HTTP/1.1" 200 90
200.73.230.173 - - [13/Mar/2017:16:17:05 -0300] "GET /cormun/servlet/hpexe_link HTTP/1.1" 200 980
200.73.230.173 - - [13/Mar/2017:16:17:05 -0300] "GET /cormun/servlet/hlogin HTTP/1.1" 200 1714
200.73.230.173 - - [13/Mar/2017:16:17:05 -0300] "GET /cormun/servlet/trlicencias HTTP/1.1" 200 7835
200.73.230.173 - - [13/Mar/2017:16:17:05 -0300] "GET /cormun/servlet/trlicencias HTTP/1.1" 200 7834
186.67.172.234 - - [13/Mar/2017:16:17:10 -0300] "POST /cormun/servlet/trcontratosolicitud?0a807a1e32f0422228ebdbdaf6b29ed2,,gx-no-cache=1489432709375 HTTP/1.1" 200 11383
186.103.156.211 - - [13/Mar/2017:16:17:20 -0300] "POST /cormun/servlet/solicitudot?gx-no-cache=1489432709299 HTTP/1.1" 200 3081
186.103.156.211 - - [13/Mar/2017:16:17:21 -0300] "POST /cormun/servlet/solicitudot?872f24110b71a75c14fd9d8b25c42117,INS,0,0,,gx-no-cache=1489432710069 HTTP/1.1" 200 9870
186.103.156.211 - - [13/Mar/2017:16:17:25 -0300] "GET /cormun/servlet/solicitudot?ea17f424aa414d5ab42213b3ecec295cba2c13396ab93fdfc0324e1029a3c7d78096adeed767a547b0ac0230720e1a23,gx-no-cache=1489432714049 HTTP/1.1" 200 30
186.67.172.234 - - [13/Mar/2017:16:17:28 -0300] "POST /cormun/servlet/trcontratosolicitud?0a807a1e32f0422228ebdbdaf6b29ed2,,gx-no-cache=1489432728247 HTTP/1.1" 200 9738
200.73.230.173 - - [13/Mar/2017:16:17:30 -0300] "POST /cormun/servlet/solicitudot?gx-no-cache=1489432724373 HTTP/1.1" 200 3260
200.73.230.173 - - [13/Mar/2017:16:17:30 -0300] "GET /cormun/servlet/solicitudot?4d538324b4939f46a8ee61bfcb8b1a8836f0c3ee406f6521593f0ea9213125f14b65e48030b163dfefbf825a8cb6c66c,gx-no-cache=1489432724688 HTTP/1.1" 200 30
200.73.230.173 - - [13/Mar/2017:16:17:30 -0300] "GET /cormun/servlet/solicitudot?4d538324b4939f46a8ee61bfcb8b1a88763d473be33af8d7279688946e14d04404d14e613d8700849b9a4cf9276909149a152c94c8fdb7b5b3b302013ac2790f0576d00ad7a4f5c629ffa599958ea35e71c612156f9be2a7c6d91e56a772967633f03b008f7a1789312889f1c2a4626f7070478ad01c43b86b2a0d67bff3f44a771692e5046caeaf3c05ee041a8cd8a8c91d858bbc7b2ca870d7ea5bea6f7f3796f36104f02b7cc115e2fd5a48d85af42134927d9c85b882eec566476f48a26f019d7c4a8ab178c8920084363e42d2120ff698b11d518f3866c6c35564b57a9b5ab069bea186f5798686778aa5721184b4ad5d871795c8454c8e9997d6b8e19d0490c1174b888d3b376ca4c4c011f3da9b7a64069ba419e7f9e83e58e05962820629864fc6b2eb3bb7660114b5525126258abfc9d9e487c7d090cacd754ae1006316389af08de13610667caeeda66717372e5c057a24c6404e2eeffeb117eb40cb0b7e7ef6d4c27be5c23aae209003751768af7ed5fc49dde0696bb1f9184e523266e8ab82a1a500bdd975da6ac824b7,gx-no-cache=1489432724790 HTTP/1.1" 200 30
200.73.230.173 - - [13/Mar/2017:16:17:30 -0300] "POST /cormun/servlet/solicitudot?gx-no-cache=1489432724935 HTTP/1.1" 200 30
200.73.230.173 - - [13/Mar/2017:16:17:30 -0300] "POST /cormun/servlet/solicitudot?gx-no-cache=1489432725023 HTTP/1.1" 200 88
200.73.230.173 - - [13/Mar/2017:16:17:30 -0300] "POST /cormun/servlet/solicitudot?gx-no-cache=1489432725168 HTTP/1.1" 200 41
200.73.230.173 - - [13/Mar/2017:16:17:30 -0300] "GET /cormun/servlet/solicitudot?4d538324b4939f46a8ee61bfcb8b1a8872d103a404f80c8b6465b52b55b891bea6bcb14ad3f630504cf35abd3fd5851ae3abda15c554557737884da4f7f0939ded2669470d22ddca8a000168a292b12e6947ad0ff1fa59207b550231860f4106684350f994528282a091faacedbd10bcae3d43aeb8af288b3666269af72a2b12d0d6424199bf31093a8d20693e978b9215d6ace89cc48914b6f0e828d4803383,gx-no-cache=1489432725269 HTTP/1.1" 200 57
200.73.230.173 - - [13/Mar/2017:16:17:30 -0300] "GET /cormun/servlet/solicitudot?4d538324b4939f46a8ee61bfcb8b1a8823b90b5869a150c82a1f0651a6260145a6bcb14ad3f630504cf35abd3fd5851ae3abda15c554557737884da4f7f0939d093202754d11bbb7305f33426c1b4a9b4a9855659ff450c00daa73282f669ac2f47038241ad7f545eacb77e9b57b86b739f13c443cdf478c9ec2d48cad354d9f,gx-no-cache=1489432725340 HTTP/1.1" 200 57
200.73.230.173 - - [13/Mar/2017:16:17:30 -0300] "GET /cormun/servlet/solicitudot?4d538324b4939f46a8ee61bfcb8b1a8832c3e05c6a3c1a42f909ffc1e13dd3617e9793725278470c0857ff8132ad16e36fb0bae93b27f7d132b3afd41ce0255ceeeff226b7247e9a1115671894dbfba45d1c9563d3c0a20dc0bdc8a33372634210c532143b95ff68a6e15df8c5be5153ce3e4810a055251aa76c043d710436f8e9b8ee1b0bb525b064f2951bb3963ddea7d833c7072b0c93bcc2a32133ffe5b830764675845e11576144bc59e88873f2e4930bcdcab622e4479af0b62214ae6b,gx-no-cache=1489432725451 HTTP/1.1" 200 32
200.73.230.173 - - [13/Mar/2017:16:17:31 -0300] "POST /cormun/servlet/solicitudot?1fa39a47373e3f4555eb5958ea575ff2,INS,0,0,,gx-no-cache=1489432725543 HTTP/1.1" 200 10926
200.73.230.173 - - [13/Mar/2017:16:17:31 -0300] "GET /cormun/servlet/hlogin HTTP/1.1" 200 1733
200.73.230.173 - - [13/Mar/2017:16:17:46 -0300] "POST /cormun/servlet/trlicencias?b01c164b27d3ec8150a7a6db07a37698,gx-no-cache=1489433440188 HTTP/1.1" 200 4052
200.73.230.173 - - [13/Mar/2017:16:17:46 -0300] "GET /cormun/static/Shared/jqueryui/images/ui-bg_highlight-soft_100_c6c2c8_1x100.png HTTP/1.1" 404 1117
200.73.230.173 - - [13/Mar/2017:16:17:47 -0300] "GET /cormun/static/Shared/jqueryui/images/ui-bg_flat_55_fafafa_40x100.png HTTP/1.1" 404 1097
200.73.230.173 - - [13/Mar/2017:16:17:47 -0300] "GET /cormun/static/Shared/jqueryui/images/ui-icons_8d78a5_256x240.png HTTP/1.1" 404 1089
200.73.230.173 - - [13/Mar/2017:16:17:47 -0300] "GET /cormun/static/Shared/jqueryui/images/ui-icons_82798d_256x240.png HTTP/1.1" 404 1089
186.67.172.234 - - [13/Mar/2017:16:18:01 -0300] "HEAD /cormun/servlet/solicitudotcontratos?INS,2017,0,16881448,8,2,2016,1523,NADA,201702,30,M, HTTP/1.1" 200 -
186.67.172.234 - - [13/Mar/2017:16:18:01 -0300] "HEAD /cormun/servlet/solicitudotcontratos?INS,2017,0,16881448,8,2,2016,1523,NADA,201702,30,M, HTTP/1.1" 200 -
186.67.172.234 - - [13/Mar/2017:16:18:01 -0300] "GET /cormun/servlet/solicitudotcontratos?INS,2017,0,16881448,8,2,2016,1523,NADA,201702,30,M, HTTP/1.1" 200 7336
186.67.172.234 - - [13/Mar/2017:16:18:02 -0300] "GET /cormun/servlet/solicitudotcontratos?INS,2017,0,16881448,8,2,2016,1523,NADA,201702,30,M, HTTP/1.1" 200 9614
186.67.172.234 - - [13/Mar/2017:16:18:02 -0300] "GET /cormun/static/gxcfg.js?201711020431995 HTTP/1.1" 304 -
186.67.172.234 - - [13/Mar/2017:16:18:02 -0300] "GET /cormun/static/solicitudotcontratos.js?201711020432118 HTTP/1.1" 304 -
186.67.172.234 - - [13/Mar/2017:16:18:02 -0300] "GET /cormun/static/Resources/prompt.gif HTTP/1.1" 304 -
186.67.172.234 - - [13/Mar/2017:16:18:02 -0300] "GET /cormun/servlet/solicitudotcontratos?INS,2017,0,16881448,8,2,2016,1523,NADA,201702,30,M, HTTP/1.1" 200 9657
186.67.172.234 - - [13/Mar/2017:16:18:03 -0300] "GET /cormun/servlet/solicitudotcontratos?e91065d4d04855d547bec8dab6b6c66a8c7ff17190da28ee2b7fcf91aa504c6261f519dc3012a07d7a38ac5fe4d9d1b9,gx-no-cache=1489432763243 HTTP/1.1" 200 30
186.67.172.234 - - [13/Mar/2017:16:18:03 -0300] "GET /cormun/servlet/solicitudotcontratos?e91065d4d04855d547bec8dab6b6c66a1222ae5c066d5fab3594850ed09baac43cbf349b85522ca077c95de779dca9b72550b1ec1517b4f583f57beb500584de315f1733902c0028a7df2065a622af35d249a0a27672314a8b06bda0fa38cd9dceabb66970375153dd2b48c6cb1af139427f5141adb811ed2ff56aab523f3038,gx-no-cache=1489432763355 HTTP/1.1" 200 48
186.67.172.234 - - [13/Mar/2017:16:18:03 -0300] "GET /cormun/servlet/solicitudotcontratos?e91065d4d04855d547bec8dab6b6c66a3657e291bb36c31232c2d01637112a1d15ff63dddb575ae18703415296f542e7,gx-no-cache=1489432763431 HTTP/1.1" 200 30
186.67.172.234 - - [13/Mar/2017:16:18:03 -0300] "GET /cormun/servlet/solicitudotcontratos?e91065d4d04855d547bec8dab6b6c66a1c19c546bcd76c5b6593a668d3105cd3b1aaadb7fbffa610fba3072d7670e21cafca29f8341fde13e5f5b1cb327c0a58e9965dfc9fdcdbd5b955331827dc09279df1e608e2e69d35f04e947921d1b7e3e73f6a34e724229c1fc54efe2f56285e,gx-no-cache=1489432763799 HTTP/1.1" 200 30
186.67.172.234 - - [13/Mar/2017:16:18:04 -0300] "GET /cormun/servlet/solicitudotcontratos?e91065d4d04855d547bec8dab6b6c66a03df2cd2eea5538f52c1fdd629c530826cfa8e28d9c3d5bdd58a8dae7abc8dd158fc69eca36083f97db996d14e3d0c392f033e49c753b869b03cea8ac4b3f5f1a1e37ba4ee72889ccba8cbd157fb36c7ddab51bdb868243e5e2c781bf31487f2c0af0e88981e05df0fca66176a0bdd472cf47640883cb74357ff9b5456577980afca4e128986940179e40c49dacbc9378bb75ea6b059ad357771bd22631f093e747eff6882dc736422e68abeee64208272a07c2fc0a71cdd00cf2636c2e2ee1b7eec786abb614533a0e8ed8748a7619337a1e80dbae873093b0596872766ffdcb6345e9fe98efe3205bc750d9770a3ff5db8b45bea4b0bd4b81653d187a46b7a924d522edfb20c97db4aef0fc0b8710ddc2d305f5a6184dc94e8c3d5e015a8e4fd7531a0af8d28816e373c991f7636ac41738fd8654640c9e3ab39badd46f1affbcda4e62b5155e6630c489a425593d3b62613ad5a4b248bc929d010a7ddd57542c95884f07d9af4493686acbccf92a541156fc5cbb5de1c555af053f057a8f6863d5b3bb4ddfd7ff649cc7788c4be15e58ba215fd39befd74bf79712c80d17ef9267da265f4693a142155656b9c6377c529520a52216d926bcdedaf52880ff3cad435525b6ce2597ee16b244717f4da0222372ff54f64bc9d2e682783f7c0bb863d5b3bb4ddfd7ff649cc7788c4be15a42ef929f15f91849fe11f8f0e951a7b08c28964c77e97e826b3934a47e48f545bd83af43809257c0fe4fd63375ad2beba9c35e0fc5cc6c56456a6f13aa2d39e,gx-no-cache=1489432763863 HTTP/1.1" 200 72
186.67.172.234 - - [13/Mar/2017:16:18:13 -0300] "HEAD /cormun/servlet/solicitudotcontratos?INS,2017,0,16881448,8,2,2016,1523,NADA,201702,30,M, HTTP/1.1" 200 -
186.67.172.234 - - [13/Mar/2017:16:18:13 -0300] "GET /cormun/servlet/solicitudotcontratos?INS,2017,0,16881448,8,2,2016,1523,NADA,201702,30,M, HTTP/1.1" 200 7336
186.67.172.234 - - [13/Mar/2017:16:18:14 -0300] "GET /cormun/servlet/solicitudotcontratos?INS,2017,0,16881448,8,2,2016,1523,NADA,201702,30,M, HTTP/1.1" 200 9614
186.67.172.234 - - [13/Mar/2017:16:18:14 -0300] "GET /cormun/servlet/solicitudotcontratos?INS,2017,0,16881448,8,2,2016,1523,NADA,201702,30,M, HTTP/1.1" 200 9657
186.67.172.234 - - [13/Mar/2017:16:18:15 -0300] "GET /cormun/servlet/solicitudotcontratos?e91065d4d04855d547bec8dab6b6c66a8c7ff17190da28ee2b7fcf91aa504c6261f519dc3012a07d7a38ac5fe4d9d1b9,gx-no-cache=1489432775086 HTTP/1.1" 200 30
186.67.172.234 - - [13/Mar/2017:16:18:15 -0300] "GET /cormun/servlet/solicitudotcontratos?e91065d4d04855d547bec8dab6b6c66a1222ae5c066d5fab3594850ed09baac43cbf349b85522ca077c95de779dca9b72550b1ec1517b4f583f57beb500584de315f1733902c0028a7df2065a622af35d249a0a27672314a8b06bda0fa38cd9dceabb66970375153dd2b48c6cb1af139427f5141adb811ed2ff56aab523f3038,gx-no-cache=1489432775164 HTTP/1.1" 200 48
186.67.172.234 - - [13/Mar/2017:16:18:15 -0300] "GET /cormun/servlet/solicitudotcontratos?e91065d4d04855d547bec8dab6b6c66a3657e291bb36c31232c2d01637112a1d15ff63dddb575ae18703415296f542e7,gx-no-cache=1489432775241 HTTP/1.1" 200 30
186.67.172.234 - - [13/Mar/2017:16:18:15 -0300] "GET /cormun/servlet/solicitudotcontratos?e91065d4d04855d547bec8dab6b6c66a1c19c546bcd76c5b6593a668d3105cd3b1aaadb7fbffa610fba3072d7670e21cafca29f8341fde13e5f5b1cb327c0a58e9965dfc9fdcdbd5b955331827dc09279df1e608e2e69d35f04e947921d1b7e3e73f6a34e724229c1fc54efe2f56285e,gx-no-cache=1489432775302 HTTP/1.1" 200 30
186.67.172.234 - - [13/Mar/2017:16:18:15 -0300] "GET /cormun/servlet/solicitudotcontratos?e91065d4d04855d547bec8dab6b6c66a03df2cd2eea5538f52c1fdd629c530826cfa8e28d9c3d5bdd58a8dae7abc8dd158fc69eca36083f97db996d14e3d0c392f033e49c753b869b03cea8ac4b3f5f1a1e37ba4ee72889ccba8cbd157fb36c7ddab51bdb868243e5e2c781bf31487f2c0af0e88981e05df0fca66176a0bdd472cf47640883cb74357ff9b5456577980afca4e128986940179e40c49dacbc9378bb75ea6b059ad357771bd22631f093e747eff6882dc736422e68abeee64208272a07c2fc0a71cdd00cf2636c2e2ee1b7eec786abb614533a0e8ed8748a7619337a1e80dbae873093b0596872766ffdcb6345e9fe98efe3205bc750d9770a3ff5db8b45bea4b0bd4b81653d187a46b7a924d522edfb20c97db4aef0fc0b8710ddc2d305f5a6184dc94e8c3d5e015a8e4fd7531a0af8d28816e373c991f7636ac41738fd8654640c9e3ab39badd46f1affbcda4e62b5155e6630c489a425593d3b62613ad5a4b248bc929d010a7ddd57542c95884f07d9af4493686acbccf92a541156fc5cbb5de1c555af053f057a8f6863d5b3bb4ddfd7ff649cc7788c4be15e58ba215fd39befd74bf79712c80d17ef9267da265f4693a142155656b9c6377c529520a52216d926bcdedaf52880ff3cad435525b6ce2597ee16b244717f4da0222372ff54f64bc9d2e682783f7c0bb863d5b3bb4ddfd7ff649cc7788c4be15a42ef929f15f91849fe11f8f0e951a7b08c28964c77e97e826b3934a47e48f545bd83af43809257c0fe4fd63375ad2beba9c35e0fc5cc6c56456a6f13aa2d39e,gx-no-cache=1489432775396 HTTP/1.1" 200 72
192.168.10.89 - - [13/Mar/2017:16:18:26 -0300] "POST /cormun/servlet/trsolicitudgral?b0526e8aacfbdb548a45b50dca695bcb,,gx-no-cache=1489435989437 HTTP/1.1" 200 5595
186.79.41.193 - - [13/Mar/2017:16:19:01 -0300] "POST /cormun/servlet/trcontratosolicitud?103fd32227c453d21c0c7dc3475e58dd,,gx-no-cache=1489436408148 HTTP/1.1" 200 4980
192.168.10.89 - - [13/Mar/2017:16:19:47 -0300] "POST /cormun/servlet/trsolicitudgral?b0526e8aacfbdb548a45b50dca695bcb,,gx-no-cache=1489436069521 HTTP/1.1" 200 12252
192.168.10.89 - - [13/Mar/2017:16:19:52 -0300] "POST /cormun/servlet/trsolicitudgral?b0526e8aacfbdb548a45b50dca695bcb,,gx-no-cache=1489436074774 HTTP/1.1" 200 105
192.168.10.89 - - [13/Mar/2017:16:19:52 -0300] "GET /cormun/SolicitudGral-8062.xls HTTP/1.1" 200 12800
192.168.10.89 - - [13/Mar/2017:16:19:54 -0300] "HEAD /cormun/SolicitudGral-8062.xls HTTP/1.1" 200 -
192.168.10.89 - - [13/Mar/2017:16:19:54 -0300] "OPTIONS /cormun HTTP/1.1" 302 -
192.168.10.89 - - [13/Mar/2017:16:19:54 -0300] "OPTIONS /cormun/ HTTP/1.1" 200 -
192.168.10.89 - - [13/Mar/2017:16:19:54 -0300] "PROPFIND /cormun HTTP/1.1" 302 -
192.168.10.89 - - [13/Mar/2017:16:19:54 -0300] "PROPFIND /cormun/ HTTP/1.1" 501 1141
192.168.10.89 - - [13/Mar/2017:16:19:54 -0300] "PROPFIND /cormun HTTP/1.1" 302 -
192.168.10.89 - - [13/Mar/2017:16:19:54 -0300] "PROPFIND /cormun/ HTTP/1.1" 501 1141
192.168.10.89 - - [13/Mar/2017:16:19:54 -0300] "HEAD /cormun/SolicitudGral-8062.xls HTTP/1.1" 200 -
192.168.10.89 - - [13/Mar/2017:16:19:54 -0300] "PROPFIND / HTTP/1.1" 200 11217
192.168.10.89 - - [13/Mar/2017:16:19:54 -0300] "PROPFIND / HTTP/1.1" 200 11217
192.168.10.89 - - [13/Mar/2017:16:19:56 -0300] "PROPFIND /cormun HTTP/1.1" 302 -
192.168.10.89 - - [13/Mar/2017:16:19:56 -0300] "PROPFIND /cormun/ HTTP/1.1" 501 1141
192.168.10.89 - - [13/Mar/2017:16:19:56 -0300] "PROPFIND /cormun HTTP/1.1" 302 -
192.168.10.89 - - [13/Mar/2017:16:19:56 -0300] "PROPFIND /cormun/ HTTP/1.1" 501 1141
192.168.10.89 - - [13/Mar/2017:16:19:56 -0300] "GET /cormun/SolicitudGral-8062.xls HTTP/1.1" 200 12800
192.168.10.89 - - [13/Mar/2017:16:19:56 -0300] "HEAD /cormun/SolicitudGral-8062.xls HTTP/1.1" 200 -
186.79.41.193 - - [13/Mar/2017:16:20:46 -0300] "POST /cormun/servlet/trcontratosolicitud?103fd32227c453d21c0c7dc3475e58dd,,gx-no-cache=1489436513376 HTTP/1.1" 200 4764
192.168.10.96 - - [13/Mar/2017:16:21:09 -0300] "GET /cormun/servlet/vesolicitudnombre?2017,5196,,SolicitudOTAdjuntos HTTP/1.1" 200 9219
192.168.10.96 - - [13/Mar/2017:16:21:09 -0300] "GET /cormun/servlet/hlogin HTTP/1.1" 200 1753
192.168.10.96 - - [13/Mar/2017:16:21:09 -0300] "GET /cormun/servlet/vesolicitudnombre?2017,5196,,SolicitudOTAdjuntos HTTP/1.1" 200 9219
192.168.10.96 - - [13/Mar/2017:16:21:18 -0300] "POST /cormun/servlet/hlogin?ce11da38af805ab5fb7eef9d232ecf56,gx-no-cache=1489436161299 HTTP/1.1" 200 90
192.168.10.96 - - [13/Mar/2017:16:21:18 -0300] "GET /cormun/servlet/hpexe_link HTTP/1.1" 200 980
192.168.10.96 - - [13/Mar/2017:16:21:19 -0300] "GET /cormun/servlet/vesolicitudnombre?2017,5196,,SolicitudOTAdjuntos HTTP/1.1" 200 10043
192.168.10.96 - - [13/Mar/2017:16:21:19 -0300] "GET /cormun/pexe_scrolldiv.js HTTP/1.1" 404 1009
192.168.10.96 - - [13/Mar/2017:16:21:19 -0300] "GET /cormun/pexe_scrolldiv.js HTTP/1.1" 404 1009
192.168.10.96 - - [13/Mar/2017:16:21:19 -0300] "GET /cormun/servlet/vesolicitudnombre?2017,5196,,SolicitudOTAdjuntos HTTP/1.1" 200 10051
192.168.10.96 - - [13/Mar/2017:16:21:20 -0300] "POST /cormun/servlet/acontrolpreferencessavestate?None,DZAMUDIO,true HTTP/1.1" 200 35
192.168.10.89 - - [13/Mar/2017:16:21:26 -0300] "GET /cormun/servlet/trlicenciasgenerales? HTTP/1.1" 200 16354
186.103.156.211 - - [13/Mar/2017:16:21:40 -0300] "POST /cormun/servlet/solicitudot?gx-no-cache=1489432969113 HTTP/1.1" 200 256
186.103.156.211 - - [13/Mar/2017:16:21:51 -0300] "GET /cormun/servlet/solicitudot?ea17f424aa414d5ab42213b3ecec295c5009308d1afaeb84be4508da5537f155b9d2f412e12c52abd334071c3c11f960c5742b7cab9d4f0b3413b5e83709b71ae07d589da619ecc7ea44e7fa98a2ff50731760467b845c4814b57fe4bd0b66bc943400bb08def0601a4a4960df9904ac21a1441d3d1c035e2a5bef214d9b08d1e9b88cda17b178dee07afbfbb0d3ffcda6d18904cca182230d51c0f37c68ff82b73e8f07af3f5b6b6c82e9a0b045a60d618a8b687eb933dc62862d0d40f5331990211509f59c96f60363334c6ad954a9c5d3e1c5a6889e65c093586dbdcbbc1d8ad53039a00105594ca603476c46d9c6b7d3abea6aba783d1ed4f052c0a3fef17ff08ca61b26e7c910f3989418148cdf5ab0c8e42009bf5a78d919cb61cd9333d283ebf9ded8f03e02d7facdf763d0bffcf944ba0d8f2da1b8f4435e79616f21ce9b3cbb576726c6a898b39cff201551b313ed56fb163b6a8c8f273d1efa3b305194845f8bb968a409e0c3120d8155c0126b0f07ea3a4d0b0a6f034418d3ae66,gx-no-cache=1489432980268 HTTP/1.1" 200 30
186.79.41.193 - - [13/Mar/2017:16:21:52 -0300] "POST /cormun/servlet/trcontratosolicitud?103fd32227c453d21c0c7dc3475e58dd,,gx-no-cache=1489436578848 HTTP/1.1" 200 4763
186.103.156.211 - - [13/Mar/2017:16:21:56 -0300] "POST /cormun/servlet/solicitudot?gx-no-cache=1489432984994 HTTP/1.1" 200 30
186.103.156.211 - - [13/Mar/2017:16:22:01 -0300] "POST /cormun/servlet/solicitudot?gx-no-cache=1489432989861 HTTP/1.1" 200 30
186.103.156.211 - - [13/Mar/2017:16:22:04 -0300] "POST /cormun/servlet/solicitudot?gx-no-cache=1489432993840 HTTP/1.1" 200 235
186.103.156.211 - - [13/Mar/2017:16:22:05 -0300] "POST /cormun/servlet/solicitudot?gx-no-cache=1489432993990 HTTP/1.1" 200 38
186.103.156.211 - - [13/Mar/2017:16:22:16 -0300] "GET /cormun/servlet/solicitudot?ea17f424aa414d5ab42213b3ecec295c0d17a9fa97a8fe76f12971ee3351a2c01d5e63ee4027c3cec7b629e24c60c05cee493635e93d558071c35efc4ef7bc682c6215ef9c09b57d284cae061f4a797ff9ccbceb0ab287619672bc9c20b2b6d99d88be1719f818340efa468a0eb13b2d,gx-no-cache=1489433005461 HTTP/1.1" 200 29
186.103.156.211 - - [13/Mar/2017:16:22:16 -0300] "POST /cormun/servlet/solicitudot?gx-no-cache=1489433005613 HTTP/1.1" 200 643
186.103.156.211 - - [13/Mar/2017:16:22:18 -0300] "POST /cormun/servlet/solicitudot?gx-no-cache=1489433007077 HTTP/1.1" 200 1157
186.103.156.211 - - [13/Mar/2017:16:22:21 -0300] "GET /cormun/static/menuarrow.gif HTTP/1.1" 404 1015
186.79.41.193 - - [13/Mar/2017:16:22:29 -0300] "POST /cormun/servlet/trcontratosolicitud?103fd32227c453d21c0c7dc3475e58dd,,gx-no-cache=1489436615816 HTTP/1.1" 200 4980
192.168.10.89 - - [13/Mar/2017:16:22:56 -0300] "OPTIONS / HTTP/1.1" 200 11217
192.168.10.89 - - [13/Mar/2017:16:22:56 -0300] "OPTIONS / HTTP/1.1" 200 11217
192.168.10.89 - - [13/Mar/2017:16:22:56 -0300] "PROPFIND / HTTP/1.1" 200 11217
192.168.10.89 - - [13/Mar/2017:16:22:56 -0300] "PROPFIND / HTTP/1.1" 200 11217
192.168.10.89 - - [13/Mar/2017:16:22:56 -0300] "PROPFIND /cormun HTTP/1.1" 302 -
192.168.10.89 - - [13/Mar/2017:16:22:56 -0300] "PROPFIND /cormun/ HTTP/1.1" 501 1141
186.79.41.193 - - [13/Mar/2017:16:23:36 -0300] "POST /cormun/servlet/trcontratosolicitud?103fd32227c453d21c0c7dc3475e58dd,,gx-no-cache=1489436683431 HTTP/1.1" 200 3999
186.79.41.193 - - [13/Mar/2017:16:23:46 -0300] "GET /cormun/servlet/trcontratosolicitud? HTTP/1.1" 200 6457
186.79.41.193 - - [13/Mar/2017:16:23:47 -0300] "GET /cormun/servlet/trcontratosolicitud? HTTP/1.1" 200 6457
186.79.41.193 - - [13/Mar/2017:16:23:53 -0300] "POST /cormun/servlet/trcontratosolicitud?103fd32227c453d21c0c7dc3475e58dd,,gx-no-cache=1489436700321 HTTP/1.1" 200 10475
186.103.156.211 - - [13/Mar/2017:16:24:14 -0300] "GET /cormun/servlet/solicitudot?ea17f424aa414d5ab42213b3ecec295c976ec0608900a4e38b99427819002e951f583bde4373c440115423fa6e869d3fca6d353710b87d0cfd5b3ba7ec7f7db6efe4de902240dcc5a767f726038bb9d4d9a30711edc56554c3440b8155a784ad71b4d73819d65b29c51f54f98200a3a7f8089bccbc3946d0c7581d9b940bc5896447d343384d7dfb24b970797122c4709de9b1b7fceb52294ec5957ee9661399d4077b0772382bf9e726e2ff55faebf7,gx-no-cache=1489433123200 HTTP/1.1" 200 30
186.103.156.211 - - [13/Mar/2017:16:24:31 -0300] "POST /cormun/servlet/solicitudot?872f24110b71a75c14fd9d8b25c42117,INS,0,0,,gx-no-cache=1489433139144 HTTP/1.1" 200 93
186.103.156.211 - - [13/Mar/2017:16:24:31 -0300] "GET /cormun/servlet/hpexe_return? HTTP/1.1" 200 1006
186.103.156.211 - - [13/Mar/2017:16:24:31 -0300] "GET /cormun/static/hpexe_return.js?2016101716175153 HTTP/1.1" 304 -
186.103.156.211 - - [13/Mar/2017:16:24:31 -0300] "GET /cormun/servlet/trsolicitudot HTTP/1.1" 200 9082
186.103.156.211 - - [13/Mar/2017:16:24:32 -0300] "GET /cormun/servlet/trsolicitudot HTTP/1.1" 200 9078
186.103.156.211 - - [13/Mar/2017:16:24:45 -0300] "POST /cormun/servlet/trsolicitudot?872f24110b71a75c14fd9d8b25c42117,gx-no-cache=1489433153783 HTTP/1.1" 200 107
186.103.156.211 - - [13/Mar/2017:16:24:45 -0300] "GET /cormun/servlet/trsolicitudadjuntos?2017,5473, HTTP/1.1" 200 6091
186.103.156.211 - - [13/Mar/2017:16:24:45 -0300] "GET /cormun/static/gxcfg.js?201612218531388 HTTP/1.1" 304 -
186.103.156.211 - - [13/Mar/2017:16:24:45 -0300] "GET /cormun/static/trsolicitudadjuntos.js?201612218531657 HTTP/1.1" 304 -
186.103.156.211 - - [13/Mar/2017:16:24:46 -0300] "GET /cormun/servlet/trsolicitudadjuntos?2017,5473, HTTP/1.1" 200 6090
186.79.41.193 - - [13/Mar/2017:16:25:38 -0300] "POST /cormun/servlet/trcontratosolicitud?103fd32227c453d21c0c7dc3475e58dd,,gx-no-cache=1489436804745 HTTP/1.1" 200 4940
192.168.10.96 - - [13/Mar/2017:16:26:32 -0300] "GET /cormun/servlet/trconsultaempleado? HTTP/1.1" 200 9214
192.168.10.96 - - [13/Mar/2017:16:26:33 -0300] "GET /cormun/servlet/trconsultaempleado? HTTP/1.1" 200 9197
186.103.156.211 - - [13/Mar/2017:16:26:49 -0300] "GET /cormun/servlet/solicitudotadjuntos?INS,2017,5473,,2, HTTP/1.1" 200 6023
186.103.156.211 - - [13/Mar/2017:16:26:49 -0300] "GET /cormun/static/gxcfg.js?201612218465951 HTTP/1.1" 304 -
186.103.156.211 - - [13/Mar/2017:16:26:50 -0300] "GET /cormun/static/about:blank HTTP/1.1" 404 1011
186.103.156.211 - - [13/Mar/2017:16:26:50 -0300] "GET /cormun/servlet/solicitudotadjuntos?INS,2017,5473,,2, HTTP/1.1" 200 6017
186.103.156.211 - - [13/Mar/2017:16:26:50 -0300] "GET /cormun/servlet/solicitudotadjuntos?ea17f424aa414d5ab42213b3ecec295cb614e3571deff0f936bb942ca41ee21e9d121e17ccce2ef77a1749215d276e1f,gx-no-cache=1489433279942 HTTP/1.1" 200 30
186.103.156.211 - - [13/Mar/2017:16:26:51 -0300] "POST /cormun/servlet/solicitudotadjuntos?872f24110b71a75c14fd9d8b25c42117,INS,2017,5473,,2,,gx-no-cache=1489433280008 HTTP/1.1" 200 4057
186.103.156.211 - - [13/Mar/2017:16:26:53 -0300] "POST /cormun/servlet/solicitudotadjuntos?gx-no-cache=1489433282409 HTTP/1.1" 200 26
186.103.156.211 - - [13/Mar/2017:16:27:17 -0300] "GET /cormun/servlet/solicitudotadjuntos?ea17f424aa414d5ab42213b3ecec295c306d3d72dc8c1ffe18c2fbc2e6e38f37,gx-no-cache=1489433306373 HTTP/1.1" 200 30
186.103.156.211 - - [13/Mar/2017:16:27:17 -0300] "GET /cormun/servlet/solicitudotadjuntos?ea17f424aa414d5ab42213b3ecec295c306d3d72dc8c1ffe18c2fbc2e6e38f37,gx-no-cache=1489433306490 HTTP/1.1" 200 30
186.103.156.211 - - [13/Mar/2017:16:27:29 -0300] "POST /cormun/servlet/solicitudotadjuntos?872f24110b71a75c14fd9d8b25c42117,INS,2017,5473,,2, HTTP/1.1" 200 116
186.79.41.193 - - [13/Mar/2017:16:27:29 -0300] "POST /cormun/servlet/trcontratosolicitud?103fd32227c453d21c0c7dc3475e58dd,,gx-no-cache=1489436915648 HTTP/1.1" 200 4753
186.103.156.211 - - [13/Mar/2017:16:27:29 -0300] "GET /cormun/servlet/hpexe_return? HTTP/1.1" 200 1025
186.103.156.211 - - [13/Mar/2017:16:27:29 -0300] "GET /cormun/servlet/trsolicitudadjuntos?2017,5473, HTTP/1.1" 200 8241
186.103.156.211 - - [13/Mar/2017:16:27:30 -0300] "GET /cormun/servlet/trsolicitudadjuntos?2017,5473, HTTP/1.1" 200 8237
186.79.41.193 - - [13/Mar/2017:16:27:59 -0300] "POST /cormun/servlet/trcontratosolicitud?103fd32227c453d21c0c7dc3475e58dd,,gx-no-cache=1489436946129 HTTP/1.1" 200 4001
186.79.41.193 - - [13/Mar/2017:16:28:10 -0300] "POST /cormun/servlet/trcontratosolicitud?103fd32227c453d21c0c7dc3475e58dd,,gx-no-cache=1489436956984 HTTP/1.1" 200 10475
186.79.41.193 - - [13/Mar/2017:16:28:44 -0300] "POST /cormun/servlet/trcontratosolicitud?103fd32227c453d21c0c7dc3475e58dd,,gx-no-cache=1489436991002 HTTP/1.1" 200 4792
186.103.156.211 - - [13/Mar/2017:16:28:52 -0300] "GET /cormun/servlet/solicitudotadjuntos?INS,2017,5473,,2, HTTP/1.1" 200 6022
186.103.156.211 - - [13/Mar/2017:16:28:52 -0300] "GET /cormun/static/about:blank HTTP/1.1" 404 1011
186.103.156.211 - - [13/Mar/2017:16:28:52 -0300] "GET /cormun/servlet/solicitudotadjuntos?INS,2017,5473,,2, HTTP/1.1" 200 6016
186.103.156.211 - - [13/Mar/2017:16:28:53 -0300] "GET /cormun/servlet/solicitudotadjuntos?ea17f424aa414d5ab42213b3ecec295cb614e3571deff0f936bb942ca41ee21e9d121e17ccce2ef77a1749215d276e1f,gx-no-cache=1489433402230 HTTP/1.1" 200 30
186.103.156.211 - - [13/Mar/2017:16:28:53 -0300] "POST /cormun/servlet/solicitudotadjuntos?872f24110b71a75c14fd9d8b25c42117,INS,2017,5473,,2,,gx-no-cache=1489433402329 HTTP/1.1" 200 4056
186.103.156.211 - - [13/Mar/2017:16:28:56 -0300] "POST /cormun/servlet/solicitudotadjuntos?gx-no-cache=1489433405552 HTTP/1.1" 200 26
186.103.156.211 - - [13/Mar/2017:16:29:11 -0300] "GET /cormun/servlet/solicitudotadjuntos?ea17f424aa414d5ab42213b3ecec295c306d3d72dc8c1ffe18c2fbc2e6e38f37,gx-no-cache=1489433420922 HTTP/1.1" 200 30
186.103.156.211 - - [13/Mar/2017:16:29:12 -0300] "GET /cormun/servlet/solicitudotadjuntos?ea17f424aa414d5ab42213b3ecec295c306d3d72dc8c1ffe18c2fbc2e6e38f37,gx-no-cache=1489433421056 HTTP/1.1" 200 30
186.103.156.211 - - [13/Mar/2017:16:29:27 -0300] "POST /cormun/servlet/solicitudotadjuntos?872f24110b71a75c14fd9d8b25c42117,INS,2017,5473,,2, HTTP/1.1" 200 6112
186.103.156.211 - - [13/Mar/2017:16:29:27 -0300] "GET /home/sistema/apache-tomcat-7.0.65/webapps/cormun/PrivateTempStorage/upload_00016732.pdf HTTP/1.1" 404 1135
186.103.156.211 - - [13/Mar/2017:16:29:27 -0300] "GET /cormun/static/Shared/jqueryui/images/ui-bg_highlight-soft_100_c6c2c8_1x100.png HTTP/1.1" 404 1117
186.103.156.211 - - [13/Mar/2017:16:29:27 -0300] "GET /cormun/static/Shared/jqueryui/images/ui-icons_82798d_256x240.png HTTP/1.1" 404 1089
186.103.156.211 - - [13/Mar/2017:16:29:28 -0300] "GET /cormun/static/Shared/jqueryui/images/ui-bg_flat_55_994d53_40x100.png HTTP/1.1" 404 1097
186.103.156.211 - - [13/Mar/2017:16:29:28 -0300] "GET /cormun/static/Shared/jqueryui/images/ui-icons_ebccce_256x240.png HTTP/1.1" 404 1089
186.103.156.211 - - [13/Mar/2017:16:29:28 -0300] "GET /home/sistema/apache-tomcat-7.0.65/webapps/cormun/PrivateTempStorage/upload_00016732.pdf HTTP/1.1" 404 1135
186.103.156.211 - - [13/Mar/2017:16:29:30 -0300] "GET /cormun/PrivateTempStorage/upload_00016732.pdf HTTP/1.1" 200 609996
186.103.156.211 - - [13/Mar/2017:16:29:39 -0300] "GET /cormun/static/Shared/jqueryui/images/ui-bg_highlight-soft_100_eae6ea_1x100.png HTTP/1.1" 404 1117
186.79.41.193 - - [13/Mar/2017:16:29:49 -0300] "POST /cormun/servlet/trcontratosolicitud?103fd32227c453d21c0c7dc3475e58dd,,gx-no-cache=1489437056298 HTTP/1.1" 200 10465
186.79.41.193 - - [13/Mar/2017:16:30:15 -0300] "POST /cormun/servlet/trcontratosolicitud?103fd32227c453d21c0c7dc3475e58dd,,gx-no-cache=1489437081315 HTTP/1.1" 200 4767
186.103.156.211 - - [13/Mar/2017:16:30:43 -0300] "GET /cormun/servlet/solicitudotadjuntos?ea17f424aa414d5ab42213b3ecec295c781885b655b019bb4fbf9f3750739daf111cc8ea1ec25d5e658c7aef01415141,gx-no-cache=1489433511981 HTTP/1.1" 200 30
186.79.41.193 - - [13/Mar/2017:16:30:45 -0300] "POST /cormun/servlet/trcontratosolicitud?103fd32227c453d21c0c7dc3475e58dd,,gx-no-cache=1489437110992 HTTP/1.1" 200 4977
186.103.156.211 - - [13/Mar/2017:16:30:59 -0300] "GET /cormun/servlet/solicitudotadjuntos?ea17f424aa414d5ab42213b3ecec295cac470f764c90c1952ff7c2f3bea7f7a5111cc8ea1ec25d5e658c7aef01415141,gx-no-cache=1489433528530 HTTP/1.1" 200 30
186.103.156.211 - - [13/Mar/2017:16:30:59 -0300] "GET /cormun/servlet/solicitudotadjuntos?ea17f424aa414d5ab42213b3ecec295cac470f764c90c1952ff7c2f3bea7f7a5111cc8ea1ec25d5e658c7aef01415141,gx-no-cache=1489433528689 HTTP/1.1" 200 30
186.103.156.211 - - [13/Mar/2017:16:31:06 -0300] "POST /cormun/servlet/solicitudotadjuntos?872f24110b71a75c14fd9d8b25c42117,INS,2017,5473,,2, HTTP/1.1" 200 6105
186.103.156.211 - - [13/Mar/2017:16:31:06 -0300] "GET /home/sistema/apache-tomcat-7.0.65/webapps/cormun/PrivateTempStorage/upload_00016744.pdf HTTP/1.1" 404 1135
186.103.156.211 - - [13/Mar/2017:16:31:06 -0300] "GET /home/sistema/apache-tomcat-7.0.65/webapps/cormun/PrivateTempStorage/upload_00016744.pdf HTTP/1.1" 404 1135
186.103.156.211 - - [13/Mar/2017:16:31:06 -0300] "GET /cormun/PrivateTempStorage/upload_00016744.pdf HTTP/1.1" 200 16384
186.103.156.211 - - [13/Mar/2017:16:31:07 -0300] "GET /cormun/PrivateTempStorage/upload_00016744.pdf HTTP/1.1" 200 253596
186.103.156.211 - - [13/Mar/2017:16:31:21 -0300] "GET /cormun/servlet/solicitudotadjuntos?ea17f424aa414d5ab42213b3ecec295cac470f764c90c1952ff7c2f3bea7f7a5111cc8ea1ec25d5e658c7aef01415141,gx-no-cache=1489433550661 HTTP/1.1" 200 30
186.103.156.211 - - [13/Mar/2017:16:31:27 -0300] "POST /cormun/servlet/solicitudotadjuntos?872f24110b71a75c14fd9d8b25c42117,INS,2017,5473,,2, HTTP/1.1" 200 6105
186.103.156.211 - - [13/Mar/2017:16:31:27 -0300] "GET /home/sistema/apache-tomcat-7.0.65/webapps/cormun/PrivateTempStorage/upload_00016756.pdf HTTP/1.1" 404 1135
186.103.156.211 - - [13/Mar/2017:16:31:29 -0300] "GET /cormun/PrivateTempStorage/upload_00016756.pdf HTTP/1.1" 200 253596
186.79.41.193 - - [13/Mar/2017:16:31:52 -0300] "POST /cormun/servlet/trcontratosolicitud?103fd32227c453d21c0c7dc3475e58dd,,gx-no-cache=1489437179279 HTTP/1.1" 200 4810
186.103.156.211 - - [13/Mar/2017:16:33:07 -0300] "GET /cormun/servlet/solicitudotadjuntos?ea17f424aa414d5ab42213b3ecec295cac470f764c90c1952ff7c2f3bea7f7a5111cc8ea1ec25d5e658c7aef01415141,gx-no-cache=1489433656145 HTTP/1.1" 200 30
186.103.156.211 - - [13/Mar/2017:16:33:23 -0300] "GET /cormun/servlet/solicitudotadjuntos?ea17f424aa414d5ab42213b3ecec295cac470f764c90c1952ff7c2f3bea7f7a5111cc8ea1ec25d5e658c7aef01415141,gx-no-cache=1489433671986 HTTP/1.1" 200 30
186.103.156.211 - - [13/Mar/2017:16:33:23 -0300] "GET /cormun/servlet/solicitudotadjuntos?ea17f424aa414d5ab42213b3ecec295cac470f764c90c1952ff7c2f3bea7f7a5111cc8ea1ec25d5e658c7aef01415141,gx-no-cache=1489433672108 HTTP/1.1" 200 30
186.103.156.211 - - [13/Mar/2017:16:33:29 -0300] "POST /cormun/servlet/solicitudotadjuntos?872f24110b71a75c14fd9d8b25c42117,INS,2017,5473,,2, HTTP/1.1" 200 6196
186.103.156.211 - - [13/Mar/2017:16:33:29 -0300] "GET /home/sistema/apache-tomcat-7.0.65/webapps/cormun/PrivateTempStorage/upload_00016768.pdf HTTP/1.1" 404 1135
186.103.156.211 - - [13/Mar/2017:16:33:30 -0300] "GET /cormun/PrivateTempStorage/upload_00016768.pdf HTTP/1.1" 200 223312
186.79.41.193 - - [13/Mar/2017:16:33:44 -0300] "POST /cormun/servlet/trcontratosolicitud?103fd32227c453d21c0c7dc3475e58dd,,gx-no-cache=1489437291416 HTTP/1.1" 200 3992
186.79.41.193 - - [13/Mar/2017:16:34:27 -0300] "POST /cormun/servlet/trcontratosolicitud?103fd32227c453d21c0c7dc3475e58dd,,gx-no-cache=1489437333895 HTTP/1.1" 200 3993
186.79.41.193 - - [13/Mar/2017:16:34:31 -0300] "POST /cormun/servlet/trcontratosolicitud?103fd32227c453d21c0c7dc3475e58dd,,gx-no-cache=1489437338207 HTTP/1.1" 200 3993
186.103.156.211 - - [13/Mar/2017:16:34:44 -0300] "GET /cormun/servlet/solicitudotadjuntos?ea17f424aa414d5ab42213b3ecec295cac470f764c90c1952ff7c2f3bea7f7a5111cc8ea1ec25d5e658c7aef01415141,gx-no-cache=1489433753556 HTTP/1.1" 200 30
186.103.156.211 - - [13/Mar/2017:16:34:50 -0300] "POST /cormun/servlet/solicitudotadjuntos?872f24110b71a75c14fd9d8b25c42117,INS,2017,5473,,2, HTTP/1.1" 200 6197
186.103.156.211 - - [13/Mar/2017:16:34:50 -0300] "GET /home/sistema/apache-tomcat-7.0.65/webapps/cormun/PrivateTempStorage/upload_00016780.pdf HTTP/1.1" 404 1135
186.103.156.211 - - [13/Mar/2017:16:34:51 -0300] "GET /cormun/PrivateTempStorage/upload_00016780.pdf HTTP/1.1" 200 223312
186.79.104.159 - - [13/Mar/2017:16:35:01 -0300] "GET /cormun/servlet/hlogin HTTP/1.1" 200 1720
186.79.104.159 - - [13/Mar/2017:16:35:33 -0300] "POST /cormun/servlet/hlogin?9145ab0d2fb0ce3387e6736bbe3d10ef,gx-no-cache=1489433802868 HTTP/1.1" 200 90
186.79.104.159 - - [13/Mar/2017:16:35:34 -0300] "GET /cormun/servlet/hpexe_link HTTP/1.1" 200 955
186.79.104.159 - - [13/Mar/2017:16:35:34 -0300] "GET /cormun/servlet/hhome HTTP/1.1" 200 3745
186.79.104.159 - - [13/Mar/2017:16:35:36 -0300] "GET /cormun/servlet/hhome HTTP/1.1" 200 3742
186.79.41.193 - - [13/Mar/2017:16:35:37 -0300] "POST /cormun/servlet/trcontratosolicitud?103fd32227c453d21c0c7dc3475e58dd,,gx-no-cache=1489437404568 HTTP/1.1" 200 4797
186.79.104.159 - - [13/Mar/2017:16:35:42 -0300] "GET /cormun/servlet/trsolicitudot? HTTP/1.1" 200 7971
186.79.104.159 - - [13/Mar/2017:16:35:43 -0300] "GET /cormun/static/trsolicitudot.js?20171191045625 HTTP/1.1" 304 -
186.79.104.159 - - [13/Mar/2017:16:35:44 -0300] "GET /cormun/servlet/trsolicitudot? HTTP/1.1" 200 7969
186.79.104.159 - - [13/Mar/2017:16:35:50 -0300] "GET /cormun/servlet/solicitudot?INS,0,0, HTTP/1.1" 200 12537
186.79.104.159 - - [13/Mar/2017:16:35:51 -0300] "GET /cormun/static/gxcfg.js?20171191042720 HTTP/1.1" 304 -
186.79.104.159 - - [13/Mar/2017:16:35:51 -0300] "GET /cormun/static/solicitudot.js?2017119104297 HTTP/1.1" 304 -
186.79.104.159 - - [13/Mar/2017:16:35:52 -0300] "GET /cormun/servlet/solicitudot?INS,0,0, HTTP/1.1" 200 12542
186.79.104.159 - - [13/Mar/2017:16:36:21 -0300] "POST /cormun/servlet/solicitudot?gx-no-cache=1489433850420 HTTP/1.1" 200 3081
186.79.104.159 - - [13/Mar/2017:16:36:22 -0300] "POST /cormun/servlet/solicitudot?9145ab0d2fb0ce3387e6736bbe3d10ef,INS,0,0,,gx-no-cache=1489433851053 HTTP/1.1" 200 9676
186.79.41.193 - - [13/Mar/2017:16:36:28 -0300] "POST /cormun/servlet/trcontratosolicitud?103fd32227c453d21c0c7dc3475e58dd,,gx-no-cache=1489437454864 HTTP/1.1" 200 4794
186.79.104.159 - - [13/Mar/2017:16:36:37 -0300] "POST /cormun/servlet/solicitudot?gx-no-cache=1489433866133 HTTP/1.1" 200 3081
186.79.104.159 - - [13/Mar/2017:16:36:37 -0300] "POST /cormun/servlet/solicitudot?9145ab0d2fb0ce3387e6736bbe3d10ef,INS,0,0,,gx-no-cache=1489433866597 HTTP/1.1" 200 9730
186.79.104.159 - - [13/Mar/2017:16:36:41 -0300] "GET /cormun/servlet/solicitudot?599e0d06c4a3029c0df06c5d256885604c24b306675076117f51f396a63c2e23ac0a11e704f743b91c855611e92a48bf,gx-no-cache=1489433870447 HTTP/1.1" 200 111
186.79.104.159 - - [13/Mar/2017:16:36:41 -0300] "GET /cormun/static/Shared/jqueryui/images/ui-bg_highlight-soft_100_c6c2c8_1x100.png HTTP/1.1" 404 1117
186.79.104.159 - - [13/Mar/2017:16:36:41 -0300] "GET /cormun/static/Shared/jqueryui/images/ui-icons_82798d_256x240.png HTTP/1.1" 404 1089
186.79.104.159 - - [13/Mar/2017:16:36:41 -0300] "GET /cormun/static/Shared/jqueryui/images/ui-bg_flat_55_994d53_40x100.png HTTP/1.1" 404 1097
186.79.104.159 - - [13/Mar/2017:16:36:41 -0300] "GET /cormun/static/Shared/jqueryui/images/ui-icons_ebccce_256x240.png HTTP/1.1" 404 1089
186.79.41.193 - - [13/Mar/2017:16:37:11 -0300] "POST /cormun/servlet/trcontratosolicitud?103fd32227c453d21c0c7dc3475e58dd,,gx-no-cache=1489437498224 HTTP/1.1" 200 4797
186.79.104.159 - - [13/Mar/2017:16:37:18 -0300] "POST /cormun/servlet/solicitudot?gx-no-cache=1489433907402 HTTP/1.1" 200 3141
186.79.104.159 - - [13/Mar/2017:16:37:29 -0300] "POST /cormun/servlet/solicitudot?gx-no-cache=1489433918732 HTTP/1.1" 200 3081
186.79.104.159 - - [13/Mar/2017:16:37:30 -0300] "POST /cormun/servlet/solicitudot?9145ab0d2fb0ce3387e6736bbe3d10ef,INS,0,0,,gx-no-cache=1489433919135 HTTP/1.1" 200 9772
186.79.104.159 - - [13/Mar/2017:16:37:34 -0300] "GET /cormun/servlet/solicitudot?599e0d06c4a3029c0df06c5d256885601abc8e5ef9365f6132f6e34a942322f356a4a77f1b675668842d01343cc2677b,gx-no-cache=1489433923694 HTTP/1.1" 200 30
186.79.41.193 - - [13/Mar/2017:16:37:54 -0300] "POST /cormun/servlet/trcontratosolicitud?103fd32227c453d21c0c7dc3475e58dd,,gx-no-cache=1489437541584 HTTP/1.1" 200 4974
186.79.41.193 - - [13/Mar/2017:16:38:34 -0300] "POST /cormun/servlet/trcontratosolicitud?103fd32227c453d21c0c7dc3475e58dd,,gx-no-cache=1489437581353 HTTP/1.1" 200 4757
186.103.156.211 - - [13/Mar/2017:16:38:35 -0300] "GET /cormun/servlet/solicitudotadjuntos?ea17f424aa414d5ab42213b3ecec295cac470f764c90c1952ff7c2f3bea7f7a5111cc8ea1ec25d5e658c7aef01415141,gx-no-cache=1489433984204 HTTP/1.1" 200 30
200.73.230.173 - - [13/Mar/2017:16:38:40 -0300] "GET /cormun/servlet/hlogin HTTP/1.1" 200 1722
200.73.230.173 - - [13/Mar/2017:16:38:40 -0300] "GET /cormun/static/Resources/Spanish/PXTools.css?167811 HTTP/1.1" 200 89042
200.73.230.173 - - [13/Mar/2017:16:38:40 -0300] "GET /cormun/static/gxtimezone.js?85251 HTTP/1.1" 200 5781
200.73.230.173 - - [13/Mar/2017:16:38:40 -0300] "GET /cormun/static/gxgral.js?85251 HTTP/1.1" 200 384558
200.73.230.173 - - [13/Mar/2017:16:38:41 -0300] "GET /cormun/static/gxcfg.js?201612216162538 HTTP/1.1" 200 953
200.73.230.173 - - [13/Mar/2017:16:38:41 -0300] "GET /cormun/static/messages.spa.js?85251 HTTP/1.1" 200 30736
200.73.230.173 - - [13/Mar/2017:16:38:41 -0300] "GET /cormun/static/hlogin.js?201612216162555 HTTP/1.1" 200 2136
200.73.230.173 - - [13/Mar/2017:16:38:41 -0300] "GET /cormun/static/Resources/ComunLogin.png HTTP/1.1" 200 17326
200.73.230.173 - - [13/Mar/2017:16:38:41 -0300] "GET /cormun/static/Resources/PXToolsLoginTop.png HTTP/1.1" 200 1337
200.73.230.173 - - [13/Mar/2017:16:38:41 -0300] "GET /cormun/static/Resources/PXToolsLoginBackground.png HTTP/1.1" 200 1164
200.73.230.173 - - [13/Mar/2017:16:38:41 -0300] "GET /cormun/static/Resources/PXToolsButtonLeft21.png HTTP/1.1" 200 1287
200.73.230.173 - - [13/Mar/2017:16:38:41 -0300] "GET /cormun/static/Resources/PXToolsButtonRight21.png HTTP/1.1" 200 1283
200.73.230.173 - - [13/Mar/2017:16:38:41 -0300] "GET /cormun/static/Resources/PXToolsLoginBottom.png HTTP/1.1" 200 1389
200.73.230.173 - - [13/Mar/2017:16:38:41 -0300] "GET /cormun/static/Resources/PXToolsButtonBackground2.png HTTP/1.1" 200 1181
200.73.230.173 - - [13/Mar/2017:16:38:41 -0300] "GET /cormun/static/Resources/indicator.gif HTTP/1.1" 200 1553
200.73.230.173 - - [13/Mar/2017:16:38:41 -0300] "GET /cormun/servlet/hlogin HTTP/1.1" 200 1727
200.73.230.173 - - [13/Mar/2017:16:38:42 -0300] "GET /favicon.ico HTTP/1.1" 200 21630
186.103.156.211 - - [13/Mar/2017:16:38:56 -0300] "GET /cormun/servlet/solicitudotadjuntos?ea17f424aa414d5ab42213b3ecec295cac470f764c90c1952ff7c2f3bea7f7a5111cc8ea1ec25d5e658c7aef01415141,gx-no-cache=1489434005719 HTTP/1.1" 200 30
