186.79.113.67 - - [13/Mar/2017:09:08:09 -0300] "GET /cormun/servlet/trsolicitudadjuntos?2017,5434, HTTP/1.1" 200 8790
192.168.10.89 - - [13/Mar/2017:09:08:09 -0300] "GET /cormun/servlet/hpexe_link HTTP/1.1" 200 985
192.168.10.89 - - [13/Mar/2017:09:08:09 -0300] "GET /cormun/servlet/trsolicitudadjuntos?2017,5447, HTTP/1.1" 200 8670
186.79.113.67 - - [13/Mar/2017:09:08:10 -0300] "GET /cormun/servlet/trsolicitudadjuntos?2017,5434, HTTP/1.1" 200 8792
192.168.10.89 - - [13/Mar/2017:09:08:16 -0300] "GET /cormun/servlet/solicitudotadjuntos?INS,2017,5447,,1, HTTP/1.1" 200 5983
192.168.10.89 - - [13/Mar/2017:09:08:16 -0300] "HEAD /cormun/static/about:blank HTTP/1.1" 404 -
192.168.10.89 - - [13/Mar/2017:09:08:17 -0300] "GET /cormun/servlet/solicitudotadjuntos?8de96639e16179d28c7bb490fc714a945f4777edb6b0874f5edc70dad6a2f0f31edd4f47f3ad8c9375bb4e459e56c5c8,gx-no-cache=1489410180143 HTTP/1.1" 200 30
192.168.10.89 - - [13/Mar/2017:09:08:17 -0300] "POST /cormun/servlet/solicitudotadjuntos?4e55acc228eee252e4c903121b6b6ce5,INS,2017,5447,,1,,gx-no-cache=1489410180199 HTTP/1.1" 200 3859
192.168.10.89 - - [13/Mar/2017:09:08:19 -0300] "POST /cormun/servlet/solicitudotadjuntos?gx-no-cache=1489410181876 HTTP/1.1" 200 26
192.168.10.89 - - [13/Mar/2017:09:08:25 -0300] "GET /cormun/servlet/solicitudotadjuntos?8de96639e16179d28c7bb490fc714a94aa0f202f81a97ee71cd1262bc738a2f9,gx-no-cache=1489410188412 HTTP/1.1" 200 30
192.168.10.89 - - [13/Mar/2017:09:08:25 -0300] "GET /cormun/servlet/solicitudotadjuntos?8de96639e16179d28c7bb490fc714a94aa0f202f81a97ee71cd1262bc738a2f9,gx-no-cache=1489410188443 HTTP/1.1" 200 30
192.168.10.89 - - [13/Mar/2017:09:08:25 -0300] "POST /cormun/servlet/solicitudotadjuntos?4e55acc228eee252e4c903121b6b6ce5,INS,2017,5447,,1, HTTP/1.1" 200 116
192.168.10.89 - - [13/Mar/2017:09:08:25 -0300] "GET /cormun/servlet/hpexe_return? HTTP/1.1" 200 1028
192.168.10.89 - - [13/Mar/2017:09:08:26 -0300] "GET /cormun/servlet/trsolicitudadjuntos?2017,5447, HTTP/1.1" 200 8856
192.168.10.89 - - [13/Mar/2017:09:08:30 -0300] "POST /cormun/servlet/trsolicitudadjuntos?4e55acc228eee252e4c903121b6b6ce5,2017,5447,,gx-no-cache=1489410193258 HTTP/1.1" 200 90
192.168.10.89 - - [13/Mar/2017:09:08:30 -0300] "GET /cormun/servlet/hpexe_link HTTP/1.1" 200 974
186.79.171.146 - - [13/Mar/2017:09:08:30 -0300] "POST /cormun/servlet/hlogin?fb6c67ee9f8129461eebcf5f973a55c1,gx-no-cache=1489406837667 HTTP/1.1" 200 90
192.168.10.89 - - [13/Mar/2017:09:08:31 -0300] "GET /cormun/servlet/trsolicitudot HTTP/1.1" 200 8175
186.79.171.146 - - [13/Mar/2017:09:08:32 -0300] "GET /cormun/servlet/hpexe_link HTTP/1.1" 200 962
186.79.171.146 - - [13/Mar/2017:09:08:33 -0300] "GET /cormun/servlet/trsolicitudot HTTP/1.1" 200 6549
192.168.10.89 - - [13/Mar/2017:09:08:34 -0300] "POST /cormun/servlet/trsolicitudot?4e55acc228eee252e4c903121b6b6ce5,gx-no-cache=1489410196797 HTTP/1.1" 200 4336
192.168.10.89 - - [13/Mar/2017:09:08:34 -0300] "POST /cormun/servlet/trsolicitudot?4e55acc228eee252e4c903121b6b6ce5,gx-no-cache=1489410197178 HTTP/1.1" 200 4121
192.168.10.89 - - [13/Mar/2017:09:08:34 -0300] "GET /cormun/static/Shared/jqueryui/images/ui-icons_8d78a5_256x240.png HTTP/1.1" 404 1089
192.168.10.89 - - [13/Mar/2017:09:08:34 -0300] "GET /cormun/static/Shared/jqueryui/images/ui-bg_flat_55_fafafa_40x100.png HTTP/1.1" 404 1097
192.168.10.89 - - [13/Mar/2017:09:08:34 -0300] "GET /cormun/static/Shared/jqueryui/images/ui-icons_82798d_256x240.png HTTP/1.1" 404 1089
192.168.10.89 - - [13/Mar/2017:09:08:34 -0300] "GET /cormun/static/Shared/jqueryui/images/ui-bg_highlight-soft_100_c6c2c8_1x100.png HTTP/1.1" 404 1117
192.168.10.89 - - [13/Mar/2017:09:08:36 -0300] "GET /cormun/servlet/trautorizarsolicitud? HTTP/1.1" 200 8122
186.79.171.146 - - [13/Mar/2017:09:08:37 -0300] "GET /cormun/servlet/trsolicitudot HTTP/1.1" 200 6548
192.168.10.89 - - [13/Mar/2017:09:08:39 -0300] "POST /cormun/servlet/trautorizarsolicitud?4e55acc228eee252e4c903121b6b6ce5,,gx-no-cache=1489410202301 HTTP/1.1" 200 4313
192.168.10.89 - - [13/Mar/2017:09:08:39 -0300] "POST /cormun/servlet/trautorizarsolicitud?4e55acc228eee252e4c903121b6b6ce5,,gx-no-cache=1489410202622 HTTP/1.1" 200 4101
192.168.10.89 - - [13/Mar/2017:09:08:40 -0300] "GET /cormun/static/Shared/jqueryui/images/ui-bg_highlight-soft_100_c6c2c8_1x100.png HTTP/1.1" 404 1117
192.168.10.89 - - [13/Mar/2017:09:08:40 -0300] "GET /cormun/static/Shared/jqueryui/images/ui-bg_flat_55_fafafa_40x100.png HTTP/1.1" 404 1097
192.168.10.89 - - [13/Mar/2017:09:08:40 -0300] "GET /cormun/static/Shared/jqueryui/images/ui-icons_82798d_256x240.png HTTP/1.1" 404 1089
192.168.10.89 - - [13/Mar/2017:09:08:40 -0300] "GET /cormun/static/Shared/jqueryui/images/ui-icons_8d78a5_256x240.png HTTP/1.1" 404 1089
186.79.113.67 - - [13/Mar/2017:09:08:42 -0300] "GET /cormun/servlet/trsolicitudot? HTTP/1.1" 200 8008
186.79.113.67 - - [13/Mar/2017:09:08:43 -0300] "GET /cormun/servlet/trsolicitudot? HTTP/1.1" 200 8002
186.79.171.146 - - [13/Mar/2017:09:08:49 -0300] "GET /cormun/servlet/solicitudot?INS,0,0, HTTP/1.1" 200 12590
186.79.171.146 - - [13/Mar/2017:09:08:49 -0300] "GET /cormun/static/gxcfg.js?20171191042720 HTTP/1.1" 304 -
186.79.171.146 - - [13/Mar/2017:09:08:49 -0300] "GET /cormun/static/solicitudot.js?2017119104297 HTTP/1.1" 304 -
186.79.171.146 - - [13/Mar/2017:09:08:52 -0300] "GET /cormun/servlet/solicitudot?INS,0,0, HTTP/1.1" 200 12595
186.79.113.67 - - [13/Mar/2017:09:08:56 -0300] "POST /cormun/servlet/trsolicitudot?d00fc3de2748fc24ae0552581ff4e71c,,gx-no-cache=1489407004968 HTTP/1.1" 200 107
186.79.113.67 - - [13/Mar/2017:09:08:57 -0300] "GET /cormun/servlet/trsolicitudadjuntos?2017,5434, HTTP/1.1" 200 8790
186.79.113.67 - - [13/Mar/2017:09:08:58 -0300] "GET /cormun/servlet/trsolicitudadjuntos?2017,5434, HTTP/1.1" 200 8794
186.79.113.67 - - [13/Mar/2017:09:09:03 -0300] "GET /cormun/servlet/solicitudotadjuntos?INS,2017,5434,,1, HTTP/1.1" 200 5792
186.79.113.67 - - [13/Mar/2017:09:09:04 -0300] "GET /cormun/static/about:blank HTTP/1.1" 404 1011
186.79.113.67 - - [13/Mar/2017:09:09:04 -0300] "GET /cormun/servlet/solicitudotadjuntos?INS,2017,5434,,1, HTTP/1.1" 200 5786
186.79.113.67 - - [13/Mar/2017:09:09:04 -0300] "GET /cormun/servlet/solicitudotadjuntos?be33a87419beb4b2d543b44e1c4b788b5d5752f6846d28ffa6887c892333c963a84dbbb177421b9f2b770e5017fa3aa1,gx-no-cache=1489407013867 HTTP/1.1" 200 30
186.79.113.67 - - [13/Mar/2017:09:09:05 -0300] "POST /cormun/servlet/solicitudotadjuntos?d00fc3de2748fc24ae0552581ff4e71c,INS,2017,5434,,1,,gx-no-cache=1489407013970 HTTP/1.1" 200 3675
186.79.113.67 - - [13/Mar/2017:09:09:09 -0300] "GET /cormun/servlet/trsolicitudot? HTTP/1.1" 200 8013
186.79.113.67 - - [13/Mar/2017:09:09:09 -0300] "GET /cormun/servlet/trsolicitudot? HTTP/1.1" 200 8002
186.79.113.67 - - [13/Mar/2017:09:09:18 -0300] "POST /cormun/servlet/trsolicitudot?d00fc3de2748fc24ae0552581ff4e71c,,gx-no-cache=1489407027189 HTTP/1.1" 200 4175
186.79.113.67 - - [13/Mar/2017:09:09:18 -0300] "POST /cormun/servlet/trsolicitudot?d00fc3de2748fc24ae0552581ff4e71c,,gx-no-cache=1489407027755 HTTP/1.1" 200 3949
186.79.171.146 - - [13/Mar/2017:09:09:21 -0300] "POST /cormun/servlet/solicitudot?gx-no-cache=1489406889266 HTTP/1.1" 200 3081
186.79.171.146 - - [13/Mar/2017:09:09:22 -0300] "POST /cormun/servlet/solicitudot?fb6c67ee9f8129461eebcf5f973a55c1,INS,0,0,,gx-no-cache=1489406891489 HTTP/1.1" 200 9683
186.79.171.146 - - [13/Mar/2017:09:09:25 -0300] "GET /cormun/servlet/solicitudot?97b6c998b9db97ae1efe3ef09a9890be1ed9a72867a051dc1d5e70a6cf21c130c2820feb390c88f4744e011e56c95cdf,gx-no-cache=1489406894831 HTTP/1.1" 200 30
192.168.10.96 - - [13/Mar/2017:09:11:13 -0300] "POST /cormun/servlet/hlogin?b28358d93e38223f003765a61768fd2a,gx-no-cache=1489410356105 HTTP/1.1" 440 972
192.168.10.96 - - [13/Mar/2017:09:11:13 -0300] "GET /cormun/servlet/hlogin HTTP/1.1" 200 1731
192.168.10.96 - - [13/Mar/2017:09:11:13 -0300] "POST /cormun/servlet/hlogin?c7d3e8d2b848b25549fc8e7117f79605,gx-no-cache=1489410356522 HTTP/1.1" 200 436
192.168.10.96 - - [13/Mar/2017:09:11:14 -0300] "POST /cormun/servlet/hlogin?c7d3e8d2b848b25549fc8e7117f79605,gx-no-cache=1489410356697 HTTP/1.1" 200 436
192.168.10.96 - - [13/Mar/2017:09:11:14 -0300] "POST /cormun/servlet/hlogin?c7d3e8d2b848b25549fc8e7117f79605,gx-no-cache=1489410356894 HTTP/1.1" 200 436
192.168.10.96 - - [13/Mar/2017:09:11:14 -0300] "POST /cormun/servlet/hlogin?c7d3e8d2b848b25549fc8e7117f79605,gx-no-cache=1489410357064 HTTP/1.1" 200 436
192.168.10.96 - - [13/Mar/2017:09:11:14 -0300] "POST /cormun/servlet/hlogin?c7d3e8d2b848b25549fc8e7117f79605,gx-no-cache=1489410357224 HTTP/1.1" 200 436
192.168.10.96 - - [13/Mar/2017:09:11:14 -0300] "POST /cormun/servlet/hlogin?c7d3e8d2b848b25549fc8e7117f79605,gx-no-cache=1489410357377 HTTP/1.1" 200 436
186.79.171.146 - - [13/Mar/2017:09:11:38 -0300] "POST /cormun/servlet/solicitudot?gx-no-cache=1489407022670 HTTP/1.1" 200 297
186.79.171.146 - - [13/Mar/2017:09:11:40 -0300] "GET /cormun/servlet/solicitudot?97b6c998b9db97ae1efe3ef09a9890be402151ec3b6b84bdea850171d98cab422335c5fca884e4d98ea5d2fd7badc08cb779348d4e12692c09fe2cbf1f768d13889f9b7c414bb4f734e06ae6d241dbf0f18e172a9c7833ec8934fbe0cc5cbc94bdb970d30434ac1e1c3a20d68e27a00111d5c69163b96b56857f5666f3a862e089dbbf63649a66f66d9ad465213b51b2f2c347538d96ecfe11cd7887a2e0a84ea84fae95dfe1b8b191d33fa300217be010666f31455fde838c6f873e7053ca41a6bf7b9faeaa827284349320d2eda593ebd16d86c615f5c140b901332ff4ddf17f4a1579b2a678214c67cf8cb1c14a30523e9478cf428ec428a767bb6b659a54ce07faaa85b5400de056161f81dd49b7afa7a29af0976e95c3108215b04a8fe2b5fd702f185e451612f794f2223f95e75e3a704d8f67699b999f9edec9249098b3bf5b3238abc31948e2cb16c87514fa0a9efd393195e17ebab6d85cc8eae9cb26b00c80b42611c0bce2dfc299ce6445a4dbb20f5c8a89a4e83cc3ae5644062e64f00d843326c8ad82b1665e6320f035,gx-no-cache=1489407029861 HTTP/1.1" 200 30
186.79.171.146 - - [13/Mar/2017:09:11:42 -0300] "POST /cormun/servlet/solicitudot?gx-no-cache=1489407032002 HTTP/1.1" 200 30
186.79.171.146 - - [13/Mar/2017:09:11:44 -0300] "POST /cormun/servlet/solicitudot?gx-no-cache=1489407034073 HTTP/1.1" 200 235
186.79.171.146 - - [13/Mar/2017:09:11:46 -0300] "POST /cormun/servlet/solicitudot?gx-no-cache=1489407036100 HTTP/1.1" 200 38
186.79.113.67 - - [13/Mar/2017:09:11:47 -0300] "GET /cormun/servlet/hlogin HTTP/1.1" 200 1721
186.79.113.67 - - [13/Mar/2017:09:11:47 -0300] "GET /cormun/static/Resources/Spanish/PXTools.css?167811 HTTP/1.1" 304 -
186.79.113.67 - - [13/Mar/2017:09:11:47 -0300] "GET /cormun/static/gxtimezone.js?85251 HTTP/1.1" 304 -
186.79.113.67 - - [13/Mar/2017:09:11:47 -0300] "GET /cormun/static/gxcfg.js?201612216162538 HTTP/1.1" 304 -
186.79.113.67 - - [13/Mar/2017:09:11:47 -0300] "GET /cormun/static/messages.spa.js?85251 HTTP/1.1" 304 -
186.79.113.67 - - [13/Mar/2017:09:11:47 -0300] "GET /cormun/static/hlogin.js?201612216162555 HTTP/1.1" 304 -
186.79.113.67 - - [13/Mar/2017:09:11:47 -0300] "GET /cormun/servlet/hlogin HTTP/1.1" 200 1732
186.79.113.67 - - [13/Mar/2017:09:11:50 -0300] "POST /cormun/servlet/hlogin?4e52dbe297566c22b931b54ef2aa8f9e,gx-no-cache=1489407179277 HTTP/1.1" 200 90
186.79.113.67 - - [13/Mar/2017:09:11:50 -0300] "GET /cormun/servlet/hpexe_link HTTP/1.1" 200 952
186.79.113.67 - - [13/Mar/2017:09:11:50 -0300] "GET /cormun/static/Resources/Spanish/PXTools.css?18365030 HTTP/1.1" 304 -
186.79.113.67 - - [13/Mar/2017:09:11:50 -0300] "GET /cormun/static/gxcfg.js?201612218515529 HTTP/1.1" 304 -
186.79.113.67 - - [13/Mar/2017:09:11:50 -0300] "GET /cormun/static/hpexe_link.js?201612218515532 HTTP/1.1" 304 -
186.79.113.67 - - [13/Mar/2017:09:11:50 -0300] "GET /cormun/servlet/hhome HTTP/1.1" 200 3960
186.79.113.67 - - [13/Mar/2017:09:11:51 -0300] "GET /cormun/static/gxcfg.js?201612218515568 HTTP/1.1" 304 -
186.79.113.67 - - [13/Mar/2017:09:11:51 -0300] "GET /cormun/static/PXToolsJavascripts/pexe_layers.js HTTP/1.1" 304 -
186.79.113.67 - - [13/Mar/2017:09:11:51 -0300] "GET /cormun/static/PXToolsJavascripts/pexe_tabdivfix.js HTTP/1.1" 304 -
186.79.113.67 - - [13/Mar/2017:09:11:51 -0300] "GET /cormun/static/hhome.js?201612218515573 HTTP/1.1" 304 -
186.79.113.67 - - [13/Mar/2017:09:11:51 -0300] "GET /cormun/static/hwchdr01.js?201612218432057 HTTP/1.1" 304 -
186.79.113.67 - - [13/Mar/2017:09:11:51 -0300] "GET /cormun/static/hpexe_recentlink.js?201610171694390 HTTP/1.1" 304 -
186.79.113.67 - - [13/Mar/2017:09:11:51 -0300] "GET /cormun/static/hpexe_scripts.js?201612218432016 HTTP/1.1" 304 -
186.79.113.67 - - [13/Mar/2017:09:11:51 -0300] "GET /cormun/static/hpexe_messagecontroller.js?201610171694323 HTTP/1.1" 304 -
186.79.113.67 - - [13/Mar/2017:09:11:51 -0300] "GET /cormun/static/cmcontrolpreferences.js?201612218431999 HTTP/1.1" 304 -
186.79.113.67 - - [13/Mar/2017:09:11:51 -0300] "GET /cormun/static/hpexe_messagepopupcomponent.js?20161017169425 HTTP/1.1" 304 -
186.79.113.67 - - [13/Mar/2017:09:11:51 -0300] "GET /cormun/static/hpexe_messagegenexuscomponent.js?201612218431816 HTTP/1.1" 304 -
186.79.113.67 - - [13/Mar/2017:09:11:51 -0300] "GET /cormun/static/hmpwkw03.js?20161221852152 HTTP/1.1" 304 -
186.79.113.67 - - [13/Mar/2017:09:11:51 -0300] "GET /cormun/servlet/hhome HTTP/1.1" 200 3956
186.79.113.67 - - [13/Mar/2017:09:11:58 -0300] "GET /cormun/servlet/trautorizarsolicitud? HTTP/1.1" 200 8726
186.79.113.67 - - [13/Mar/2017:09:11:58 -0300] "GET /cormun/static/gxcfg.js?2017259112829 HTTP/1.1" 304 -
186.79.113.67 - - [13/Mar/2017:09:11:58 -0300] "GET /cormun/static/calendar.js?85251 HTTP/1.1" 304 -
186.79.113.67 - - [13/Mar/2017:09:11:58 -0300] "GET /cormun/static/calendar-setup.js?85251 HTTP/1.1" 304 -
186.79.113.67 - - [13/Mar/2017:09:11:58 -0300] "GET /cormun/static/calendar-es.js?85251 HTTP/1.1" 304 -
186.79.171.146 - - [13/Mar/2017:09:11:58 -0300] "POST /cormun/servlet/solicitudot?gx-no-cache=1489407048129 HTTP/1.1" 200 30
186.79.113.67 - - [13/Mar/2017:09:11:58 -0300] "GET /cormun/static/gxdec.js?85251 HTTP/1.1" 304 -
186.79.113.67 - - [13/Mar/2017:09:11:58 -0300] "GET /cormun/static/trautorizarsolicitud.js?2017259113483 HTTP/1.1" 304 -
186.79.113.67 - - [13/Mar/2017:09:11:58 -0300] "GET /cormun/servlet/trautorizarsolicitud? HTTP/1.1" 200 8724
186.79.171.146 - - [13/Mar/2017:09:12:01 -0300] "POST /cormun/servlet/solicitudot?gx-no-cache=1489407051105 HTTP/1.1" 200 656
186.79.171.146 - - [13/Mar/2017:09:12:01 -0300] "POST /cormun/servlet/solicitudot?gx-no-cache=1489407051462 HTTP/1.1" 200 38
186.79.113.67 - - [13/Mar/2017:09:12:10 -0300] "POST /cormun/servlet/trautorizarsolicitud?4e52dbe297566c22b931b54ef2aa8f9e,,gx-no-cache=1489407198684 HTTP/1.1" 200 5730
186.79.113.67 - - [13/Mar/2017:09:12:10 -0300] "GET /cormun/static/Shared/jqueryui/images/ui-icons_82798d_256x240.png HTTP/1.1" 404 1089
186.79.113.67 - - [13/Mar/2017:09:12:10 -0300] "GET /cormun/static/Shared/jqueryui/images/ui-bg_highlight-soft_100_c6c2c8_1x100.png HTTP/1.1" 404 1117
186.79.113.67 - - [13/Mar/2017:09:12:10 -0300] "GET /cormun/static/Shared/jqueryui/images/ui-bg_flat_55_fafafa_40x100.png HTTP/1.1" 404 1097
186.79.113.67 - - [13/Mar/2017:09:12:10 -0300] "GET /cormun/static/Shared/jqueryui/images/ui-icons_8d78a5_256x240.png HTTP/1.1" 404 1089
186.79.113.67 - - [13/Mar/2017:09:12:11 -0300] "POST /cormun/servlet/trautorizarsolicitud?4e52dbe297566c22b931b54ef2aa8f9e,,gx-no-cache=1489407199716 HTTP/1.1" 200 5674
186.79.113.67 - - [13/Mar/2017:09:12:17 -0300] "POST /cormun/servlet/trautorizarsolicitud?4e52dbe297566c22b931b54ef2aa8f9e,,gx-no-cache=1489407205507 HTTP/1.1" 200 5428
186.79.113.67 - - [13/Mar/2017:09:12:17 -0300] "POST /cormun/servlet/trautorizarsolicitud?4e52dbe297566c22b931b54ef2aa8f9e,,gx-no-cache=1489407206325 HTTP/1.1" 200 5373
186.79.113.67 - - [13/Mar/2017:09:12:21 -0300] "POST /cormun/servlet/trautorizarsolicitud?4e52dbe297566c22b931b54ef2aa8f9e,,gx-no-cache=1489407210115 HTTP/1.1" 200 4317
186.79.113.67 - - [13/Mar/2017:09:12:21 -0300] "POST /cormun/servlet/trautorizarsolicitud?4e52dbe297566c22b931b54ef2aa8f9e,,gx-no-cache=1489407210596 HTTP/1.1" 200 4095
186.79.171.146 - - [13/Mar/2017:09:13:16 -0300] "GET /cormun/servlet/solicitudot?97b6c998b9db97ae1efe3ef09a9890be5551cdbbba2f173bffdf2e140f1d972fe1d2b11d8fc484c42aeb3efa8a84a23bac2ff934d52ebac57698f4e90408ab4eeb1c477e1887f7dd245edf1aaf09cf69bd8ee2a78ed7bc28fe44245bdf712a3cb4afd641f520486edbbf12949e2a1e97,gx-no-cache=1489407123716 HTTP/1.1" 200 29
192.168.10.96 - - [13/Mar/2017:09:13:16 -0300] "POST /cormun/servlet/hlogin?c7d3e8d2b848b25549fc8e7117f79605,gx-no-cache=1489410479563 HTTP/1.1" 200 90
192.168.10.96 - - [13/Mar/2017:09:13:16 -0300] "GET /cormun/servlet/hpexe_link HTTP/1.1" 200 953
192.168.10.96 - - [13/Mar/2017:09:13:17 -0300] "GET /cormun/servlet/hhome HTTP/1.1" 200 4124
192.168.10.96 - - [13/Mar/2017:09:13:17 -0300] "GET /cormun/servlet/hhome HTTP/1.1" 200 4121
186.79.171.146 - - [13/Mar/2017:09:13:18 -0300] "POST /cormun/servlet/solicitudot?gx-no-cache=1489407126644 HTTP/1.1" 200 643
186.79.171.146 - - [13/Mar/2017:09:13:18 -0300] "POST /cormun/servlet/solicitudot?gx-no-cache=1489407127979 HTTP/1.1" 200 518
186.79.171.146 - - [13/Mar/2017:09:13:22 -0300] "POST /cormun/servlet/solicitudot?gx-no-cache=1489407132319 HTTP/1.1" 200 1157
192.168.10.96 - - [13/Mar/2017:09:13:23 -0300] "GET /cormun/servlet/trsolicitudgral? HTTP/1.1" 200 23946
192.168.10.96 - - [13/Mar/2017:09:13:25 -0300] "GET /cormun/servlet/trsolicitudgral? HTTP/1.1" 200 23943
192.168.10.89 - - [13/Mar/2017:09:13:32 -0300] "GET /cormun/servlet/hlogin HTTP/1.1" 200 1745
192.168.10.89 - - [13/Mar/2017:09:13:39 -0300] "POST /cormun/servlet/hlogin?4e55acc228eee252e4c903121b6b6ce5,gx-no-cache=1489410501912 HTTP/1.1" 200 90
192.168.10.89 - - [13/Mar/2017:09:13:39 -0300] "GET /cormun/servlet/hpexe_link HTTP/1.1" 200 955
192.168.10.89 - - [13/Mar/2017:09:13:40 -0300] "GET /cormun/servlet/hhome HTTP/1.1" 200 4390
192.168.10.89 - - [13/Mar/2017:09:13:49 -0300] "GET /cormun/servlet/trconsultaempleado? HTTP/1.1" 200 9473
192.168.10.96 - - [13/Mar/2017:09:13:56 -0300] "POST /cormun/servlet/trsolicitudgral?c7d3e8d2b848b25549fc8e7117f79605,,gx-no-cache=1489410518587 HTTP/1.1" 200 8554
192.168.10.89 - - [13/Mar/2017:09:13:58 -0300] "POST /cormun/servlet/trconsultaempleado?4e55acc228eee252e4c903121b6b6ce5,,gx-no-cache=1489410520676 HTTP/1.1" 200 4455
192.168.10.89 - - [13/Mar/2017:09:14:02 -0300] "GET /cormun/servlet/trsolicitudnombre?19020669, HTTP/1.1" 200 7459
192.168.10.89 - - [13/Mar/2017:09:14:02 -0300] "GET /cormun/static/trsolicitudnombre.js?201711910440 HTTP/1.1" 304 -
192.168.10.89 - - [13/Mar/2017:09:14:05 -0300] "GET /cormun/servlet/vesolicitudnombre?2017,5387,, HTTP/1.1" 200 8678
192.168.10.89 - - [13/Mar/2017:09:14:05 -0300] "GET /cormun/pexe_scrolldiv.js HTTP/1.1" 404 1009
192.168.10.89 - - [13/Mar/2017:09:14:10 -0300] "GET /cormun/servlet/vesolicitudnombre?2017,5387,,SolicitudOTAdjuntos HTTP/1.1" 200 10369
192.168.10.89 - - [13/Mar/2017:09:14:10 -0300] "GET /cormun/pexe_scrolldiv.js HTTP/1.1" 404 1009
192.168.10.89 - - [13/Mar/2017:09:14:12 -0300] "POST /cormun/servlet/acontrolpreferencessavestate?None,CDROGUETT,true HTTP/1.1" 200 35
192.168.10.89 - - [13/Mar/2017:09:14:12 -0300] "GET /cormun/PublicTempStorage/fotocopia_carnet_de_identidad4700211.pdf HTTP/1.1" 200 32024
186.79.171.146 - - [13/Mar/2017:09:14:17 -0300] "GET /cormun/static/menuarrow.gif HTTP/1.1" 404 1015
192.168.10.89 - - [13/Mar/2017:09:14:24 -0300] "GET /cormun/servlet/vesolicitudnombre?2017,5387,,SolicitudOTAdjuntos HTTP/1.1" 200 10370
192.168.10.89 - - [13/Mar/2017:09:14:24 -0300] "GET /cormun/pexe_scrolldiv.js HTTP/1.1" 404 1009
192.168.10.89 - - [13/Mar/2017:09:14:26 -0300] "POST /cormun/servlet/acontrolpreferencessavestate?None,CDROGUETT,true HTTP/1.1" 200 35
192.168.10.89 - - [13/Mar/2017:09:14:27 -0300] "GET /cormun/PublicTempStorage/certificado_titulo3428529.pdf HTTP/1.1" 200 90315
192.168.10.89 - - [13/Mar/2017:09:14:37 -0300] "GET /cormun/servlet/vesolicitudnombre?2017,5387,,SolicitudOTAdjuntos HTTP/1.1" 200 10372
192.168.10.89 - - [13/Mar/2017:09:14:37 -0300] "GET /cormun/pexe_scrolldiv.js HTTP/1.1" 404 1009
192.168.10.89 - - [13/Mar/2017:09:14:39 -0300] "POST /cormun/servlet/acontrolpreferencessavestate?None,CDROGUETT,true HTTP/1.1" 200 35
192.168.10.89 - - [13/Mar/2017:09:14:39 -0300] "GET /cormun/PublicTempStorage/certificado_afp3097218.pdf HTTP/1.1" 200 27390
192.168.10.96 - - [13/Mar/2017:09:14:40 -0300] "POST /cormun/servlet/trsolicitudgral?c7d3e8d2b848b25549fc8e7117f79605,,gx-no-cache=1489410563450 HTTP/1.1" 200 115
192.168.10.96 - - [13/Mar/2017:09:14:40 -0300] "GET /cormun/servlet/solicitudotlog?INS,2017,4887,0,REC, HTTP/1.1" 200 5902
192.168.10.96 - - [13/Mar/2017:09:14:41 -0300] "GET /cormun/servlet/solicitudotlog?INS,2017,4887,0,REC, HTTP/1.1" 200 5902
192.168.10.96 - - [13/Mar/2017:09:14:41 -0300] "GET /cormun/servlet/solicitudotlog?32b9912bfe5f1d97144c765a99e35141105c858f18d2ab917f0faa7aadd55283aa8f2753b1ba3ae99ca16b402502659acde344506cfac423bcf87fc4204e1550636c5b52559e675ebc6097a6c1072165800597b3165fa713e41b7db04bee406b93c7445bc6ad1e35c95006c229d95dec1c213b8796b62789513c1f0f4315614715592de1efbb75c837fea35bca600a9531bb4b6daa8c9d2d7b297633373eca11,gx-no-cache=1489410564658 HTTP/1.1" 200 94
186.79.171.146 - - [13/Mar/2017:09:14:45 -0300] "GET /cormun/servlet/solicitudot?97b6c998b9db97ae1efe3ef09a9890bebb70c8005f3ae92d0787646eb13797232af437542c752dc5c4f7b8291a8cd82d5e7b05015fe927453d293283e113c7cedf87d66361d84670906ad5a5cc4c4a3f62dfa8779ca4a31ab1bd3c7cb3de2a131d3324d0fea4d25adf898559f3542b3472ffff30a3d0eeef991b720a730ec179ee1c255128d4a4f3d4dc6229ab4b5caf7ea5dc65804e473d3e53d9de99e663802ed6c76c9b12ce7ff306bc9719361731,gx-no-cache=1489407215036 HTTP/1.1" 200 30
192.168.10.89 - - [13/Mar/2017:09:14:46 -0300] "GET /cormun/servlet/vesolicitudnombre?2017,5387,,SolicitudOTAdjuntos HTTP/1.1" 200 10370
192.168.10.89 - - [13/Mar/2017:09:14:46 -0300] "GET /cormun/pexe_scrolldiv.js HTTP/1.1" 404 1009
192.168.10.89 - - [13/Mar/2017:09:14:48 -0300] "POST /cormun/servlet/acontrolpreferencessavestate?None,CDROGUETT,true HTTP/1.1" 200 35
192.168.10.96 - - [13/Mar/2017:09:14:48 -0300] "POST /cormun/servlet/solicitudotlog?c7d3e8d2b848b25549fc8e7117f79605,INS,2017,4887,0,REC,,gx-no-cache=1489410571350 HTTP/1.1" 200 93
192.168.10.96 - - [13/Mar/2017:09:14:48 -0300] "GET /cormun/servlet/hpexe_return? HTTP/1.1" 200 1022
192.168.10.96 - - [13/Mar/2017:09:14:48 -0300] "GET /cormun/servlet/trsolicitudgral? HTTP/1.1" 200 11197
192.168.10.89 - - [13/Mar/2017:09:14:49 -0300] "GET /cormun/PublicTempStorage/certificado_fonasa9778352.pdf HTTP/1.1" 200 43042
192.168.10.96 - - [13/Mar/2017:09:14:49 -0300] "GET /cormun/servlet/trsolicitudgral? HTTP/1.1" 200 11192
192.168.10.89 - - [13/Mar/2017:09:14:58 -0300] "GET /cormun/servlet/vesolicitudnombre?2017,5387,,SolicitudOTAdjuntos HTTP/1.1" 200 10372
192.168.10.89 - - [13/Mar/2017:09:14:58 -0300] "GET /cormun/pexe_scrolldiv.js HTTP/1.1" 404 1009
192.168.10.89 - - [13/Mar/2017:09:14:59 -0300] "POST /cormun/servlet/acontrolpreferencessavestate?None,CDROGUETT,true HTTP/1.1" 200 35
192.168.10.89 - - [13/Mar/2017:09:15:02 -0300] "GET /cormun/PublicTempStorage/certificado_antecedentes3084916.pdf HTTP/1.1" 200 85205
192.168.10.89 - - [13/Mar/2017:09:15:11 -0300] "GET /cormun/servlet/vesolicitudnombre?2017,5387,,SolicitudOTAdjuntos HTTP/1.1" 200 10370
192.168.10.89 - - [13/Mar/2017:09:15:11 -0300] "GET /cormun/pexe_scrolldiv.js HTTP/1.1" 404 1009
192.168.10.89 - - [13/Mar/2017:09:15:13 -0300] "POST /cormun/servlet/acontrolpreferencessavestate?None,CDROGUETT,true HTTP/1.1" 200 35
192.168.10.89 - - [13/Mar/2017:09:15:16 -0300] "POST /cormun/servlet/vesolicitudnombre?4e55acc228eee252e4c903121b6b6ce5,2017,5387,,SolicitudOTAdjuntos,gx-no-cache=1489410599102 HTTP/1.1" 200 90
192.168.10.89 - - [13/Mar/2017:09:15:16 -0300] "GET /cormun/servlet/hpexe_link HTTP/1.1" 200 993
192.168.10.89 - - [13/Mar/2017:09:15:17 -0300] "GET /cormun/servlet/trsolicitudnombre?19020669, HTTP/1.1" 200 7461
186.79.41.193 - - [13/Mar/2017:09:15:42 -0300] "GET /cormun/static/menuarrow.gif HTTP/1.1" 404 1015
186.79.171.146 - - [13/Mar/2017:09:15:57 -0300] "POST /cormun/servlet/solicitudot?gx-no-cache=1489407286307 HTTP/1.1" 200 1275
186.79.171.146 - - [13/Mar/2017:09:15:57 -0300] "POST /cormun/servlet/solicitudot?gx-no-cache=1489407286915 HTTP/1.1" 200 1156
186.79.171.146 - - [13/Mar/2017:09:15:57 -0300] "GET /cormun/servlet/solicitudot?97b6c998b9db97ae1efe3ef09a9890bebb70c8005f3ae92d0787646eb13797232af437542c752dc5c4f7b8291a8cd82d5e7b05015fe927453d293283e113c7cedf87d66361d84670906ad5a5cc4c4a3f62dfa8779ca4a31ab1bd3c7cb3de2a131d3324d0fea4d25adf898559f3542b3472ffff30a3d0eeef991b720a730ec179ee1c255128d4a4f3d4dc6229ab4b5caf7ea5dc65804e473d3e53d9de99e663802ed6c76c9b12ce7ff306bc9719361731,gx-no-cache=1489407287392 HTTP/1.1" 200 30
186.79.171.146 - - [13/Mar/2017:09:15:59 -0300] "POST /cormun/servlet/solicitudot?fb6c67ee9f8129461eebcf5f973a55c1,INS,0,0,,gx-no-cache=1489407287603 HTTP/1.1" 200 93
186.79.171.146 - - [13/Mar/2017:09:15:59 -0300] "GET /cormun/servlet/hpexe_return? HTTP/1.1" 200 1010
186.79.171.146 - - [13/Mar/2017:09:15:59 -0300] "GET /cormun/servlet/trsolicitudot HTTP/1.1" 200 7888
186.79.171.146 - - [13/Mar/2017:09:16:01 -0300] "GET /cormun/servlet/trsolicitudot HTTP/1.1" 200 7884
186.79.171.146 - - [13/Mar/2017:09:16:05 -0300] "POST /cormun/servlet/trsolicitudot?fb6c67ee9f8129461eebcf5f973a55c1,gx-no-cache=1489407294615 HTTP/1.1" 200 107
186.79.171.146 - - [13/Mar/2017:09:16:05 -0300] "GET /cormun/servlet/trsolicitudadjuntos?2017,5448, HTTP/1.1" 200 5888
186.79.171.146 - - [13/Mar/2017:09:16:05 -0300] "GET /cormun/static/gxcfg.js?201612218531388 HTTP/1.1" 304 -
186.79.171.146 - - [13/Mar/2017:09:16:05 -0300] "GET /cormun/static/trsolicitudadjuntos.js?201612218531657 HTTP/1.1" 304 -
186.79.171.146 - - [13/Mar/2017:09:16:07 -0300] "GET /cormun/servlet/trsolicitudadjuntos?2017,5448, HTTP/1.1" 200 5887
186.79.171.146 - - [13/Mar/2017:09:16:12 -0300] "GET /cormun/servlet/solicitudotadjuntos?INS,2017,5448,,1, HTTP/1.1" 200 5819
186.79.171.146 - - [13/Mar/2017:09:16:12 -0300] "GET /cormun/static/gxcfg.js?201612218465951 HTTP/1.1" 304 -
186.79.171.146 - - [13/Mar/2017:09:16:12 -0300] "GET /cormun/static/solicitudotadjuntos.js?201612218465969 HTTP/1.1" 304 -
186.79.171.146 - - [13/Mar/2017:09:16:13 -0300] "GET /cormun/static/about:blank HTTP/1.1" 404 1011
186.79.171.146 - - [13/Mar/2017:09:16:14 -0300] "GET /cormun/servlet/solicitudotadjuntos?INS,2017,5448,,1, HTTP/1.1" 200 5813
186.79.171.146 - - [13/Mar/2017:09:16:14 -0300] "GET /cormun/servlet/solicitudotadjuntos?97b6c998b9db97ae1efe3ef09a9890becf71726c9014a0a8053e3530651da5e1a0a9382ce5c9fb0785163da615caf619,gx-no-cache=1489407304306 HTTP/1.1" 200 30
186.79.171.146 - - [13/Mar/2017:09:16:15 -0300] "POST /cormun/servlet/solicitudotadjuntos?fb6c67ee9f8129461eebcf5f973a55c1,INS,2017,5448,,1,,gx-no-cache=1489407304465 HTTP/1.1" 200 3641
186.79.171.146 - - [13/Mar/2017:09:16:20 -0300] "POST /cormun/servlet/solicitudotadjuntos?gx-no-cache=1489407310220 HTTP/1.1" 200 26
186.79.41.193 - - [13/Mar/2017:09:16:37 -0300] "GET /cormun/servlet/permisogoce?UPD,7211375,P,20170313095328, HTTP/1.1" 200 6527
186.79.41.193 - - [13/Mar/2017:09:16:38 -0300] "GET /cormun/servlet/permisogoce?UPD,7211375,P,20170313095328, HTTP/1.1" 200 6527
186.79.41.193 - - [13/Mar/2017:09:16:38 -0300] "GET /cormun/servlet/permisogoce?c2ef1d7bd932a343a2eeb3ed98567f2893092a71e80ad45bb1427d6943f2e429f9f4155202fc4a9dfdd577a86fd4b5b0,gx-no-cache=1489407468312 HTTP/1.1" 200 69
186.79.41.193 - - [13/Mar/2017:09:16:41 -0300] "GET /cormun/servlet/puconsultapgoce?7211375,MD,gxPopupLevel%3D0%3B HTTP/1.1" 200 4193
186.79.41.193 - - [13/Mar/2017:09:16:41 -0300] "GET /cormun/pexe_menus.js HTTP/1.1" 404 1001
186.79.41.193 - - [13/Mar/2017:09:16:41 -0300] "GET /cormun/pexe_layers.js HTTP/1.1" 404 1003
186.79.41.193 - - [13/Mar/2017:09:16:41 -0300] "GET /cormun/pexe_windows.js HTTP/1.1" 404 1005
186.79.41.193 - - [13/Mar/2017:09:16:41 -0300] "GET /cormun/pexe_link.js HTTP/1.1" 404 999
186.79.41.193 - - [13/Mar/2017:09:16:41 -0300] "GET /cormun/pexe_cookies.js HTTP/1.1" 404 1005
186.79.41.193 - - [13/Mar/2017:09:16:41 -0300] "GET /cormun/pexe_grid.js HTTP/1.1" 404 999
186.79.41.193 - - [13/Mar/2017:09:16:41 -0300] "GET /cormun/pexe_griddivfix.js HTTP/1.1" 404 1011
186.79.41.193 - - [13/Mar/2017:09:16:41 -0300] "GET /cormun/pexe_picture.js HTTP/1.1" 404 1005
186.79.41.193 - - [13/Mar/2017:09:16:41 -0300] "GET /cormun/pexe_treedivfix.js HTTP/1.1" 404 1011
186.79.41.193 - - [13/Mar/2017:09:16:41 -0300] "GET /cormun/pexe_autoreload.js HTTP/1.1" 404 1011
186.79.41.193 - - [13/Mar/2017:09:16:42 -0300] "GET /cormun/pexe_menudivfix.js HTTP/1.1" 404 1011
186.79.41.193 - - [13/Mar/2017:09:16:42 -0300] "GET /cormun/pexe_tabdivfix.js HTTP/1.1" 404 1009
186.79.41.193 - - [13/Mar/2017:09:16:42 -0300] "GET /cormun/pexe_autoreload.js HTTP/1.1" 404 1011
186.79.41.193 - - [13/Mar/2017:09:16:42 -0300] "GET /cormun/pexe_menudivfix.js HTTP/1.1" 404 1011
186.79.41.193 - - [13/Mar/2017:09:16:42 -0300] "GET /cormun/pexe_tabdivfix.js HTTP/1.1" 404 1009
186.79.41.193 - - [13/Mar/2017:09:16:53 -0300] "POST /cormun/servlet/puconsultapgoce?68b7955ce61dc724995e292113345dc7,7211375,MD,gxPopupLevel%3D0%3B,gx-no-cache=1489407482435 HTTP/1.1" 200 59
186.79.41.193 - - [13/Mar/2017:09:16:58 -0300] "GET /cormun/servlet/trpermisosgoce? HTTP/1.1" 200 7299
186.79.41.193 - - [13/Mar/2017:09:16:59 -0300] "GET /cormun/servlet/trpermisosgoce? HTTP/1.1" 200 7299
186.79.171.146 - - [13/Mar/2017:09:17:39 -0300] "GET /cormun/servlet/solicitudotadjuntos?97b6c998b9db97ae1efe3ef09a9890bed84297f0185515bade9ba45503dd65c8,gx-no-cache=1489407388244 HTTP/1.1" 200 30
186.79.171.146 - - [13/Mar/2017:09:17:39 -0300] "GET /cormun/servlet/solicitudotadjuntos?97b6c998b9db97ae1efe3ef09a9890bed84297f0185515bade9ba45503dd65c8,gx-no-cache=1489407389151 HTTP/1.1" 200 30
192.168.10.96 - - [13/Mar/2017:09:17:46 -0300] "POST /cormun/servlet/trsolicitudgral?c7d3e8d2b848b25549fc8e7117f79605,,gx-no-cache=1489410748834 HTTP/1.1" 200 8189
186.79.171.146 - - [13/Mar/2017:09:17:46 -0300] "POST /cormun/servlet/solicitudotadjuntos?fb6c67ee9f8129461eebcf5f973a55c1,INS,2017,5448,,1, HTTP/1.1" 200 116
186.79.171.146 - - [13/Mar/2017:09:17:46 -0300] "GET /cormun/servlet/hpexe_return? HTTP/1.1" 200 1029
186.79.171.146 - - [13/Mar/2017:09:17:47 -0300] "GET /cormun/servlet/trsolicitudadjuntos?2017,5448, HTTP/1.1" 200 7996
186.79.171.146 - - [13/Mar/2017:09:17:48 -0300] "GET /cormun/servlet/trsolicitudadjuntos?2017,5448, HTTP/1.1" 200 7994
192.168.10.96 - - [13/Mar/2017:09:17:50 -0300] "POST /cormun/servlet/trsolicitudgral?c7d3e8d2b848b25549fc8e7117f79605,,gx-no-cache=1489410752611 HTTP/1.1" 200 7681
186.79.171.146 - - [13/Mar/2017:09:17:52 -0300] "GET /cormun/servlet/solicitudotadjuntos?INS,2017,5448,,1, HTTP/1.1" 200 5820
186.79.171.146 - - [13/Mar/2017:09:17:52 -0300] "GET /cormun/static/about:blank HTTP/1.1" 404 1011
186.79.171.146 - - [13/Mar/2017:09:17:53 -0300] "GET /cormun/servlet/solicitudotadjuntos?INS,2017,5448,,1, HTTP/1.1" 200 5814
186.79.171.146 - - [13/Mar/2017:09:17:54 -0300] "GET /cormun/servlet/solicitudotadjuntos?97b6c998b9db97ae1efe3ef09a9890becf71726c9014a0a8053e3530651da5e1a0a9382ce5c9fb0785163da615caf619,gx-no-cache=1489407403614 HTTP/1.1" 200 30
186.79.41.193 - - [13/Mar/2017:09:17:54 -0300] "POST /cormun/servlet/trpermisosgoce?68b7955ce61dc724995e292113345dc7,,gx-no-cache=1489407543192 HTTP/1.1" 200 3895
186.79.171.146 - - [13/Mar/2017:09:17:54 -0300] "POST /cormun/servlet/solicitudotadjuntos?fb6c67ee9f8129461eebcf5f973a55c1,INS,2017,5448,,1,,gx-no-cache=1489407403834 HTTP/1.1" 200 3640
192.168.10.89 - - [13/Mar/2017:09:17:59 -0300] "GET /cormun/servlet/trsolicitudgral? HTTP/1.1" 200 9971
186.79.41.193 - - [13/Mar/2017:09:17:59 -0300] "POST /cormun/servlet/trpermisosgoce?68b7955ce61dc724995e292113345dc7,,gx-no-cache=1489407548980 HTTP/1.1" 200 3894
186.79.171.146 - - [13/Mar/2017:09:18:00 -0300] "POST /cormun/servlet/solicitudotadjuntos?gx-no-cache=1489407409583 HTTP/1.1" 200 26
186.79.41.193 - - [13/Mar/2017:09:18:01 -0300] "GET /cormun/servlet/permisogoce?INS,0,,, HTTP/1.1" 200 6480
186.79.41.193 - - [13/Mar/2017:09:18:02 -0300] "GET /cormun/servlet/permisogoce?INS,0,,, HTTP/1.1" 200 6479
192.168.10.89 - - [13/Mar/2017:09:18:09 -0300] "POST /cormun/servlet/trsolicitudgral?4e55acc228eee252e4c903121b6b6ce5,,gx-no-cache=1489410772346 HTTP/1.1" 200 5600
192.168.10.89 - - [13/Mar/2017:09:18:10 -0300] "GET /cormun/static/Shared/jqueryui/images/ui-icons_8d78a5_256x240.png HTTP/1.1" 404 1089
192.168.10.89 - - [13/Mar/2017:09:18:10 -0300] "GET /cormun/static/Shared/jqueryui/images/ui-bg_highlight-soft_100_c6c2c8_1x100.png HTTP/1.1" 404 1117
192.168.10.89 - - [13/Mar/2017:09:18:10 -0300] "GET /cormun/static/Shared/jqueryui/images/ui-icons_82798d_256x240.png HTTP/1.1" 404 1089
192.168.10.89 - - [13/Mar/2017:09:18:10 -0300] "GET /cormun/static/Shared/jqueryui/images/ui-bg_flat_55_fafafa_40x100.png HTTP/1.1" 404 1097
186.79.41.193 - - [13/Mar/2017:09:18:11 -0300] "GET /cormun/servlet/prfichaempleado?,MD,,gxPopupLevel%3D0%3B HTTP/1.1" 200 8741
186.79.171.146 - - [13/Mar/2017:09:18:16 -0300] "GET /cormun/servlet/solicitudotadjuntos?97b6c998b9db97ae1efe3ef09a9890bed84297f0185515bade9ba45503dd65c8,gx-no-cache=1489407426180 HTTP/1.1" 200 30
186.79.171.146 - - [13/Mar/2017:09:18:16 -0300] "GET /cormun/servlet/solicitudotadjuntos?97b6c998b9db97ae1efe3ef09a9890bed84297f0185515bade9ba45503dd65c8,gx-no-cache=1489407426266 HTTP/1.1" 200 30
186.79.171.146 - - [13/Mar/2017:09:18:17 -0300] "POST /cormun/servlet/solicitudotadjuntos?fb6c67ee9f8129461eebcf5f973a55c1,INS,2017,5448,,1, HTTP/1.1" 200 116
186.79.171.146 - - [13/Mar/2017:09:18:17 -0300] "GET /cormun/servlet/hpexe_return? HTTP/1.1" 200 1029
186.79.171.146 - - [13/Mar/2017:09:18:17 -0300] "GET /cormun/servlet/trsolicitudadjuntos?2017,5448, HTTP/1.1" 200 8248
192.168.10.96 - - [13/Mar/2017:09:18:18 -0300] "POST /cormun/servlet/trsolicitudgral?c7d3e8d2b848b25549fc8e7117f79605,,gx-no-cache=1489410781491 HTTP/1.1" 200 7681
186.79.171.146 - - [13/Mar/2017:09:18:19 -0300] "GET /cormun/servlet/trsolicitudadjuntos?2017,5448, HTTP/1.1" 200 8245
186.79.41.193 - - [13/Mar/2017:09:18:23 -0300] "POST /cormun/servlet/prfichaempleado?68b7955ce61dc724995e292113345dc7,,MD,,gxPopupLevel%3D0%3B,gx-no-cache=1489407572467 HTTP/1.1" 200 3626
186.79.171.146 - - [13/Mar/2017:09:18:24 -0300] "GET /cormun/servlet/solicitudotadjuntos?INS,2017,5448,,1, HTTP/1.1" 200 5819
186.79.171.146 - - [13/Mar/2017:09:18:24 -0300] "GET /cormun/static/about:blank HTTP/1.1" 404 1011
186.79.171.146 - - [13/Mar/2017:09:18:25 -0300] "GET /cormun/servlet/solicitudotadjuntos?INS,2017,5448,,1, HTTP/1.1" 200 5813
186.79.171.146 - - [13/Mar/2017:09:18:26 -0300] "GET /cormun/servlet/solicitudotadjuntos?97b6c998b9db97ae1efe3ef09a9890becf71726c9014a0a8053e3530651da5e1a0a9382ce5c9fb0785163da615caf619,gx-no-cache=1489407435719 HTTP/1.1" 200 30
186.79.171.146 - - [13/Mar/2017:09:18:26 -0300] "POST /cormun/servlet/solicitudotadjuntos?fb6c67ee9f8129461eebcf5f973a55c1,INS,2017,5448,,1,,gx-no-cache=1489407435837 HTTP/1.1" 200 3641
186.79.41.193 - - [13/Mar/2017:09:18:29 -0300] "GET /cormun/servlet/permisogoce?c2ef1d7bd932a343a2eeb3ed98567f28ee66031dca2cd1dd70180638a2db0ea4449017905fbf91334a7d97f2b7ecaedb,gx-no-cache=1489407578638 HTTP/1.1" 200 68
186.79.41.193 - - [13/Mar/2017:09:18:29 -0300] "GET /cormun/static/menuarrow.gif HTTP/1.1" 404 1015
186.79.171.146 - - [13/Mar/2017:09:18:30 -0300] "POST /cormun/servlet/solicitudotadjuntos?gx-no-cache=1489407439967 HTTP/1.1" 200 26
192.168.10.96 - - [13/Mar/2017:09:18:38 -0300] "POST /cormun/servlet/trsolicitudgral?c7d3e8d2b848b25549fc8e7117f79605,,gx-no-cache=1489410801118 HTTP/1.1" 200 8188
186.79.41.193 - - [13/Mar/2017:09:18:39 -0300] "GET /cormun/servlet/permisogoce?c2ef1d7bd932a343a2eeb3ed98567f2833fe3b45d0d1a2347d6987135cc8bb976d9da382b2fd9df943de18f9844ff5480a7e5fc64d5f70be2b805f7d02ee410c,gx-no-cache=1489407588235 HTTP/1.1" 200 47
186.79.171.146 - - [13/Mar/2017:09:18:44 -0300] "GET /cormun/servlet/solicitudotadjuntos?97b6c998b9db97ae1efe3ef09a9890bed84297f0185515bade9ba45503dd65c8,gx-no-cache=1489407454247 HTTP/1.1" 200 30
186.79.171.146 - - [13/Mar/2017:09:18:44 -0300] "GET /cormun/servlet/solicitudotadjuntos?97b6c998b9db97ae1efe3ef09a9890bed84297f0185515bade9ba45503dd65c8,gx-no-cache=1489407454339 HTTP/1.1" 200 30
186.79.171.146 - - [13/Mar/2017:09:18:46 -0300] "POST /cormun/servlet/solicitudotadjuntos?fb6c67ee9f8129461eebcf5f973a55c1,INS,2017,5448,,1, HTTP/1.1" 200 116
186.79.171.146 - - [13/Mar/2017:09:18:46 -0300] "GET /cormun/servlet/hpexe_return? HTTP/1.1" 200 1029
186.79.171.146 - - [13/Mar/2017:09:18:46 -0300] "GET /cormun/servlet/trsolicitudadjuntos?2017,5448, HTTP/1.1" 200 8410
186.79.171.146 - - [13/Mar/2017:09:18:48 -0300] "GET /cormun/servlet/trsolicitudadjuntos?2017,5448, HTTP/1.1" 200 8407
186.79.41.193 - - [13/Mar/2017:09:19:01 -0300] "GET /cormun/servlet/puconsultapgoce?11699454,MD,gxPopupLevel%3D0%3B HTTP/1.1" 200 3763
186.79.41.193 - - [13/Mar/2017:09:19:01 -0300] "GET /cormun/pexe_menus.js HTTP/1.1" 404 1001
186.79.41.193 - - [13/Mar/2017:09:19:01 -0300] "GET /cormun/pexe_layers.js HTTP/1.1" 404 1003
186.79.41.193 - - [13/Mar/2017:09:19:01 -0300] "GET /cormun/pexe_windows.js HTTP/1.1" 404 1005
186.79.41.193 - - [13/Mar/2017:09:19:01 -0300] "GET /cormun/pexe_link.js HTTP/1.1" 404 999
186.79.41.193 - - [13/Mar/2017:09:19:01 -0300] "GET /cormun/pexe_cookies.js HTTP/1.1" 404 1005
186.79.41.193 - - [13/Mar/2017:09:19:01 -0300] "GET /cormun/pexe_grid.js HTTP/1.1" 404 999
186.79.41.193 - - [13/Mar/2017:09:19:01 -0300] "GET /cormun/pexe_griddivfix.js HTTP/1.1" 404 1011
186.79.41.193 - - [13/Mar/2017:09:19:01 -0300] "GET /cormun/pexe_picture.js HTTP/1.1" 404 1005
186.79.41.193 - - [13/Mar/2017:09:19:01 -0300] "GET /cormun/pexe_treedivfix.js HTTP/1.1" 404 1011
186.79.41.193 - - [13/Mar/2017:09:19:01 -0300] "GET /cormun/pexe_menudivfix.js HTTP/1.1" 404 1011
186.79.41.193 - - [13/Mar/2017:09:19:01 -0300] "GET /cormun/pexe_tabdivfix.js HTTP/1.1" 404 1009
186.79.41.193 - - [13/Mar/2017:09:19:02 -0300] "GET /cormun/pexe_autoreload.js HTTP/1.1" 404 1011
186.79.41.193 - - [13/Mar/2017:09:19:02 -0300] "GET /cormun/pexe_menudivfix.js HTTP/1.1" 404 1011
186.79.41.193 - - [13/Mar/2017:09:19:02 -0300] "GET /cormun/pexe_tabdivfix.js HTTP/1.1" 404 1009
186.79.41.193 - - [13/Mar/2017:09:19:07 -0300] "POST /cormun/servlet/puconsultapgoce?68b7955ce61dc724995e292113345dc7,11699454,MD,gxPopupLevel%3D0%3B,gx-no-cache=1489407616818 HTTP/1.1" 200 60
186.79.41.193 - - [13/Mar/2017:09:19:11 -0300] "POST /cormun/servlet/permisogoce?68b7955ce61dc724995e292113345dc7,INS,0,,,,gx-no-cache=1489407620039 HTTP/1.1" 200 93
186.79.41.193 - - [13/Mar/2017:09:19:11 -0300] "GET /cormun/servlet/hpexe_return? HTTP/1.1" 200 1008
186.79.41.193 - - [13/Mar/2017:09:19:11 -0300] "GET /cormun/servlet/trpermisosgoce? HTTP/1.1" 200 6483
186.79.41.193 - - [13/Mar/2017:09:19:12 -0300] "GET /cormun/servlet/trpermisosgoce? HTTP/1.1" 200 6479
186.79.41.193 - - [13/Mar/2017:09:22:02 -0300] "GET /cormun/servlet/hhome HTTP/1.1" 200 3282
186.79.41.193 - - [13/Mar/2017:09:22:03 -0300] "GET /cormun/servlet/hhome HTTP/1.1" 200 3293
186.79.41.193 - - [13/Mar/2017:09:22:03 -0300] "GET /cormun/servlet/hlogin HTTP/1.1" 200 1729
186.79.41.193 - - [13/Mar/2017:09:22:05 -0300] "POST /cormun/servlet/hlogin?20c8699d458292d9e66bfd93c6fd7c3e,gx-no-cache=1489407794606 HTTP/1.1" 200 90
186.79.41.193 - - [13/Mar/2017:09:22:05 -0300] "GET /cormun/servlet/hpexe_link HTTP/1.1" 200 950
186.79.41.193 - - [13/Mar/2017:09:22:05 -0300] "GET /cormun/servlet/hhome HTTP/1.1" 200 3701
186.79.41.193 - - [13/Mar/2017:09:22:06 -0300] "GET /cormun/servlet/hhome HTTP/1.1" 200 3698
186.79.41.193 - - [13/Mar/2017:09:22:11 -0300] "GET /cormun/servlet/trpermisosgoce? HTTP/1.1" 200 7569
186.79.41.193 - - [13/Mar/2017:09:22:12 -0300] "GET /cormun/servlet/trpermisosgoce? HTTP/1.1" 200 7569
186.79.41.193 - - [13/Mar/2017:09:22:17 -0300] "GET /cormun/servlet/apermisogoceprn?11699454,P,20170313101353,PU HTTP/1.1" 200 1567
186.79.41.193 - - [13/Mar/2017:09:22:49 -0300] "GET /cormun/servlet/permisogoce?DSP,7211375,P,20170313095328, HTTP/1.1" 200 6339
186.79.41.193 - - [13/Mar/2017:09:22:50 -0300] "GET /cormun/servlet/permisogoce?DSP,7211375,P,20170313095328, HTTP/1.1" 200 6339
186.79.41.193 - - [13/Mar/2017:09:22:56 -0300] "GET /cormun/servlet/trpermisosgoce? HTTP/1.1" 200 7575
186.79.41.193 - - [13/Mar/2017:09:22:57 -0300] "GET /cormun/servlet/trpermisosgoce? HTTP/1.1" 200 7569
192.168.10.96 - - [13/Mar/2017:09:24:14 -0300] "POST /cormun/servlet/trsolicitudgral?c7d3e8d2b848b25549fc8e7117f79605,,gx-no-cache=1489411137052 HTTP/1.1" 200 7681
157.55.39.220 - - [13/Mar/2017:09:24:19 -0300] "GET /cormun/servlet/trsolicitudadjuntos?2016,2909, HTTP/1.1" 200 8299
192.168.10.96 - - [13/Mar/2017:09:24:44 -0300] "POST /cormun/servlet/trsolicitudgral?c7d3e8d2b848b25549fc8e7117f79605,,gx-no-cache=1489411167112 HTTP/1.1" 200 7680
192.168.10.96 - - [13/Mar/2017:09:24:52 -0300] "POST /cormun/servlet/trsolicitudgral?c7d3e8d2b848b25549fc8e7117f79605,,gx-no-cache=1489411174696 HTTP/1.1" 200 8189
200.111.191.210 - - [13/Mar/2017:09:25:19 -0300] "GET /cormun/servlet/trsolicitudot? HTTP/1.1" 200 7365
200.111.191.210 - - [13/Mar/2017:09:25:19 -0300] "GET /cormun/static/Resources/Spanish/PXTools.css?18365030 HTTP/1.1" 304 -
200.111.191.210 - - [13/Mar/2017:09:25:19 -0300] "GET /cormun/static/gxtimezone.js?85251 HTTP/1.1" 304 -
200.111.191.210 - - [13/Mar/2017:09:25:19 -0300] "GET /cormun/static/calendar-es.js?85251 HTTP/1.1" 304 -
200.111.191.210 - - [13/Mar/2017:09:25:19 -0300] "GET /cormun/static/gxcfg.js?20171191044697 HTTP/1.1" 304 -
200.111.191.210 - - [13/Mar/2017:09:25:19 -0300] "GET /cormun/static/calendar.js?85251 HTTP/1.1" 304 -
200.111.191.210 - - [13/Mar/2017:09:25:19 -0300] "GET /cormun/static/calendar-setup.js?85251 HTTP/1.1" 304 -
200.111.191.210 - - [13/Mar/2017:09:25:19 -0300] "GET /cormun/static/messages.spa.js?85251 HTTP/1.1" 304 -
200.111.191.210 - - [13/Mar/2017:09:25:19 -0300] "GET /cormun/static/gxdec.js?85251 HTTP/1.1" 304 -
200.111.191.210 - - [13/Mar/2017:09:25:19 -0300] "GET /cormun/static/trsolicitudot.js?20171191045625 HTTP/1.1" 304 -
200.111.191.210 - - [13/Mar/2017:09:25:19 -0300] "GET /cormun/static/hwchdr01.js?201612218432057 HTTP/1.1" 304 -
200.111.191.210 - - [13/Mar/2017:09:25:19 -0300] "GET /cormun/static/hpexe_recentlink.js?201610171694390 HTTP/1.1" 304 -
200.111.191.210 - - [13/Mar/2017:09:25:20 -0300] "GET /cormun/static/hpexe_messagecontroller.js?201610171694323 HTTP/1.1" 304 -
200.111.191.210 - - [13/Mar/2017:09:25:20 -0300] "GET /cormun/static/hpexe_messagepopupcomponent.js?20161017169425 HTTP/1.1" 304 -
200.111.191.210 - - [13/Mar/2017:09:25:20 -0300] "GET /cormun/static/hpexe_messagegenexuscomponent.js?201612218431816 HTTP/1.1" 304 -
200.111.191.210 - - [13/Mar/2017:09:25:20 -0300] "GET /cormun/static/hpexe_scripts.js?201612218432016 HTTP/1.1" 304 -
200.111.191.210 - - [13/Mar/2017:09:25:20 -0300] "GET /cormun/static/cmcontrolpreferences.js?201612218431999 HTTP/1.1" 304 -
200.111.191.210 - - [13/Mar/2017:09:25:20 -0300] "GET /cormun/static/hmpwkw03.js?20161221852152 HTTP/1.1" 304 -
200.111.191.210 - - [13/Mar/2017:09:25:20 -0300] "GET /cormun/servlet/hlogin HTTP/1.1" 200 1744
200.111.191.210 - - [13/Mar/2017:09:25:20 -0300] "GET /cormun/servlet/trsolicitudot? HTTP/1.1" 200 7376
200.111.191.210 - - [13/Mar/2017:09:25:20 -0300] "GET /cormun/static/Resources/Spanish/PXTools.css?167811 HTTP/1.1" 304 -
200.111.191.210 - - [13/Mar/2017:09:25:20 -0300] "GET /cormun/static/gxcfg.js?201612216162538 HTTP/1.1" 304 -
200.111.191.210 - - [13/Mar/2017:09:25:20 -0300] "GET /cormun/static/hlogin.js?201612216162555 HTTP/1.1" 304 -
200.111.191.210 - - [13/Mar/2017:09:25:27 -0300] "POST /cormun/servlet/hlogin?d6fbc9152df2c0b17b12a99e0d39cac6,gx-no-cache=1489411509446 HTTP/1.1" 200 90
200.111.191.210 - - [13/Mar/2017:09:25:27 -0300] "GET /cormun/servlet/hpexe_link HTTP/1.1" 200 966
200.111.191.210 - - [13/Mar/2017:09:25:27 -0300] "GET /cormun/static/gxcfg.js?201612218515529 HTTP/1.1" 304 -
200.111.191.210 - - [13/Mar/2017:09:25:27 -0300] "GET /cormun/static/hpexe_link.js?201612218515532 HTTP/1.1" 304 -
200.111.191.210 - - [13/Mar/2017:09:25:27 -0300] "GET /cormun/servlet/trsolicitudot HTTP/1.1" 200 6492
200.111.191.210 - - [13/Mar/2017:09:25:28 -0300] "GET /cormun/servlet/trsolicitudot HTTP/1.1" 200 6490
200.111.191.210 - - [13/Mar/2017:09:25:31 -0300] "GET /cormun/servlet/solicitudot?INS,0,0, HTTP/1.1" 200 12526
200.111.191.210 - - [13/Mar/2017:09:25:31 -0300] "GET /cormun/static/gxcfg.js?20171191042720 HTTP/1.1" 304 -
200.111.191.210 - - [13/Mar/2017:09:25:31 -0300] "GET /cormun/static/solicitudot.js?2017119104297 HTTP/1.1" 304 -
200.111.191.210 - - [13/Mar/2017:09:25:31 -0300] "GET /cormun/servlet/solicitudot?INS,0,0, HTTP/1.1" 200 12530
200.111.191.210 - - [13/Mar/2017:09:25:41 -0300] "GET /cormun/servlet/prfichaempleado?,MD,,gxPopupLevel%3D0%3B HTTP/1.1" 200 8779
200.111.191.210 - - [13/Mar/2017:09:25:41 -0300] "GET /cormun/static/gxcfg.js?2016102420561687 HTTP/1.1" 304 -
200.111.191.210 - - [13/Mar/2017:09:25:41 -0300] "GET /cormun/static/prfichaempleado.js?201610242056198 HTTP/1.1" 304 -
200.111.191.210 - - [13/Mar/2017:09:25:41 -0300] "GET /cormun/static/menusearch.js?201610171694467 HTTP/1.1" 304 -
200.111.191.210 - - [13/Mar/2017:09:25:41 -0300] "GET /cormun/static/hmpwkw011.js?201612218515582 HTTP/1.1" 304 -
200.111.191.210 - - [13/Mar/2017:09:25:46 -0300] "POST /cormun/servlet/prfichaempleado?d6fbc9152df2c0b17b12a99e0d39cac6,,MD,,gxPopupLevel%3D0%3B,gx-no-cache=1489411528209 HTTP/1.1" 200 5926
192.168.10.62 - - [13/Mar/2017:09:25:57 -0300] "POST /cormun/servlet/trsolicitudgral?405b1ba482345e78eebe30475bb05e40,,gx-no-cache=1489411240406 HTTP/1.1" 200 6231
192.168.10.62 - - [13/Mar/2017:09:26:05 -0300] "POST /cormun/servlet/trsolicitudgral?405b1ba482345e78eebe30475bb05e40,,gx-no-cache=1489411247985 HTTP/1.1" 200 6634
200.111.191.210 - - [13/Mar/2017:09:27:06 -0300] "POST /cormun/servlet/solicitudot?gx-no-cache=1489411608085 HTTP/1.1" 200 3176
200.111.191.210 - - [13/Mar/2017:09:27:06 -0300] "POST /cormun/servlet/solicitudot?d6fbc9152df2c0b17b12a99e0d39cac6,INS,0,0,,gx-no-cache=1489411608231 HTTP/1.1" 200 9765
200.111.191.210 - - [13/Mar/2017:09:27:12 -0300] "GET /cormun/servlet/solicitudot?5ec50e8dd19a3b4439701a7f2d93bf281e4764e21508189a10f3a8cb17919afde872668019c2bc594da2c55776b9eb7f,gx-no-cache=1489411614649 HTTP/1.1" 200 30
200.111.191.210 - - [13/Mar/2017:09:27:12 -0300] "POST /cormun/servlet/solicitudot?gx-no-cache=1489411614690 HTTP/1.1" 200 255
200.111.191.210 - - [13/Mar/2017:09:27:12 -0300] "GET /cormun/servlet/solicitudot?5ec50e8dd19a3b4439701a7f2d93bf289330946e8fb6a845800f65233bfdf7182f88c110f34ef749a96f8115d60593b55fc668da40fc2103b41e961f004db98b8681d71afdf2c1a90818815f7968c5737fe847b9385a9ec1d7272e3d2b3a242c9406ef2b6ee53feabc3d4f0aeb4951189ced4e1ae457e719ec2527cc5d461fe4607e8eabb0983232069947f97550912b1471f638a88645f90a636bd7cab97a894971c5490fd26ed11d4e484fe1146f27da12bd93b79432359ad4c4fa0dd7999a9472586967890efaff2446244df9ef43d3d96b5690842c149651b99d83718fb155deb35076a38593de8c5557a7a5b0f3c2a8d3c9cb7444ec62f7666837cbcb024fa8af2cdb019fbed442213cf8afdd13e235adaab03c92b46e5d0afeb41d1f14824ceac369c82f2d2185da8cbf3a2bdad974c411edbd4d568cc1c2cd54fcf5a59ab0cca7b371461db991ff16351d6030c9a043d7a425319673da0a5b5ab7a8e273c73d616f060fa713de93bb3972d3050fc2f34a82113a8f9ac3cb6e4cc378f0,gx-no-cache=1489411614738 HTTP/1.1" 200 30
200.111.191.210 - - [13/Mar/2017:09:27:31 -0300] "POST /cormun/servlet/solicitudot?gx-no-cache=1489411633450 HTTP/1.1" 200 30
200.111.191.210 - - [13/Mar/2017:09:27:33 -0300] "GET /cormun/servlet/prcontratosol?11648335,,,,,MD,,gxPopupLevel%3D0%3B HTTP/1.1" 200 5883
200.111.191.210 - - [13/Mar/2017:09:27:33 -0300] "GET /cormun/static/gxcfg.js?2016102711553248 HTTP/1.1" 304 -
200.111.191.210 - - [13/Mar/2017:09:27:35 -0300] "POST /cormun/servlet/solicitudot?gx-no-cache=1489411637604 HTTP/1.1" 200 1291
200.111.191.210 - - [13/Mar/2017:09:27:35 -0300] "POST /cormun/servlet/solicitudot?gx-no-cache=1489411637670 HTTP/1.1" 200 38
200.111.191.210 - - [13/Mar/2017:09:27:35 -0300] "GET /cormun/servlet/solicitudot?5ec50e8dd19a3b4439701a7f2d93bf28bdb0824ff6fc4144fd42f8c1ffffe89485f572a6bf78b27b498c116c2b30388b05fd77be273493d04980304a2185a9ad336435ffd67685a0a4d11f2c1b7d4abd8365623b39a59c2e19131c2f78538b9dcc48efaf7fe08c61d5bdf1db6c94cb5b8381cfd2e2ca7a190acd8c72b47f346665b65e8190d9e87cba1665342f99c97f3d3f84f76ff2467052ceb823664d2ed6,gx-no-cache=1489411637692 HTTP/1.1" 200 29
200.111.191.210 - - [13/Mar/2017:09:27:35 -0300] "POST /cormun/servlet/solicitudot?gx-no-cache=1489411637714 HTTP/1.1" 200 1274
200.111.191.210 - - [13/Mar/2017:09:27:35 -0300] "POST /cormun/servlet/solicitudot?gx-no-cache=1489411637751 HTTP/1.1" 200 1156
192.168.10.89 - - [13/Mar/2017:09:27:36 -0300] "POST /cormun/servlet/trsolicitudgral?4e55acc228eee252e4c903121b6b6ce5,,gx-no-cache=1489411338931 HTTP/1.1" 200 7039
192.168.10.62 - - [13/Mar/2017:09:27:49 -0300] "POST /cormun/servlet/trsolicitudgral?405b1ba482345e78eebe30475bb05e40,,gx-no-cache=1489411351840 HTTP/1.1" 200 105
192.168.10.62 - - [13/Mar/2017:09:27:49 -0300] "POST /cormun/servlet/trsolicitudgral?405b1ba482345e78eebe30475bb05e40,,gx-no-cache=1489411351962 HTTP/1.1" 200 6614
192.168.10.62 - - [13/Mar/2017:09:27:49 -0300] "GET /cormun/SolicitudGral-5582.xls HTTP/1.1" 200 6144
200.111.191.210 - - [13/Mar/2017:09:27:51 -0300] "POST /cormun/servlet/solicitudot?gx-no-cache=1489411652716 HTTP/1.1" 200 1273
200.111.191.210 - - [13/Mar/2017:09:27:51 -0300] "POST /cormun/servlet/solicitudot?gx-no-cache=1489411653236 HTTP/1.1" 200 1156
192.168.10.89 - - [13/Mar/2017:09:27:54 -0300] "POST /cormun/servlet/trsolicitudgral?4e55acc228eee252e4c903121b6b6ce5,,gx-no-cache=1489411357367 HTTP/1.1" 200 115
192.168.10.89 - - [13/Mar/2017:09:27:54 -0300] "GET /cormun/servlet/solicitudotlog?INS,2017,5406,0,REC, HTTP/1.1" 200 6159
192.168.10.89 - - [13/Mar/2017:09:27:54 -0300] "GET /cormun/static/gxcfg.js?201612218471193 HTTP/1.1" 304 -
