192.168.10.96 - - [10/Mar/2017:08:56:18 -0300] "POST /cormun/servlet/trsolicitudgral?d4e5d888e3b0ef2ddd22fa5cc1bc6480,,gx-no-cache=1489150262090 HTTP/1.1" 200 5406
186.103.156.211 - - [10/Mar/2017:08:56:18 -0300] "POST /cormun/servlet/hlogin?762a540e67787781d70e712a49e81bb2,gx-no-cache=1489147050531 HTTP/1.1" 200 90
186.103.156.211 - - [10/Mar/2017:08:56:18 -0300] "GET /cormun/servlet/hpexe_link HTTP/1.1" 200 966
186.103.156.211 - - [10/Mar/2017:08:56:19 -0300] "GET /cormun/static/gxcfg.js?201612218515529 HTTP/1.1" 304 -
186.103.156.211 - - [10/Mar/2017:08:56:19 -0300] "GET /cormun/servlet/licenciaspermisos?INS,0,,, HTTP/1.1" 200 7190
186.103.156.211 - - [10/Mar/2017:08:56:19 -0300] "GET /cormun/servlet/licenciaspermisos?INS,0,,, HTTP/1.1" 200 7189
192.168.10.96 - - [10/Mar/2017:08:56:22 -0300] "POST /cormun/servlet/trsolicitudgral?d4e5d888e3b0ef2ddd22fa5cc1bc6480,,gx-no-cache=1489150265522 HTTP/1.1" 200 12738
186.103.156.211 - - [10/Mar/2017:08:56:27 -0300] "GET /cormun/servlet/trvisualizadoreventos? HTTP/1.1" 200 6722
186.103.156.211 - - [10/Mar/2017:08:56:27 -0300] "GET /cormun/static/gxcfg.js?2016101716203350 HTTP/1.1" 304 -
186.103.156.211 - - [10/Mar/2017:08:56:28 -0300] "GET /cormun/servlet/trvisualizadoreventos? HTTP/1.1" 200 6711
186.103.159.188 - - [10/Mar/2017:08:56:48 -0300] "GET /cormun/static/menuarrow.gif HTTP/1.1" 404 1015
186.103.159.188 - - [10/Mar/2017:08:57:23 -0300] "GET /cormun/servlet/solicitudot?dde14ecbf93541ca1caf7175cc919108ef6a4fd45649474dfc0c47f8b037866e2dda111a2de44c513110db340b6acf69960eed3dea1f02f63bf8d9b316c7441a8f8b6496c3cff2817b8405bbbf3a64ee62b08c867d1641297dd1eff28bb5bd01d20418888661c737880f61792871636306b25eed1d11cdad994ea6041ed5237a41daa338a86f8abeeaa889b95b29fa9c4190b9b5ef8bb11bc978dcf02f548937c153ceee38eca0d898de4835bde21c73,gx-no-cache=1489147113229 HTTP/1.1" 200 30
186.103.159.188 - - [10/Mar/2017:08:58:36 -0300] "GET /cormun/servlet/solicitudot?dde14ecbf93541ca1caf7175cc919108ef6a4fd45649474dfc0c47f8b037866e2dda111a2de44c513110db340b6acf69960eed3dea1f02f63bf8d9b316c7441a8f8b6496c3cff2817b8405bbbf3a64ee62b08c867d1641297dd1eff28bb5bd01d20418888661c737880f61792871636306b25eed1d11cdad994ea6041ed5237a41daa338a86f8abeeaa889b95b29fa9c4190b9b5ef8bb11bc978dcf02f548937c2e8b9b08452e0b066336423030682c7,gx-no-cache=1489147185907 HTTP/1.1" 200 30
186.103.159.188 - - [10/Mar/2017:08:58:36 -0300] "POST /cormun/servlet/solicitudot?c3e0d74de33ef27ec1e5d4203cd4c6ea,INS,0,0,,gx-no-cache=1489147186126 HTTP/1.1" 200 93
186.103.159.188 - - [10/Mar/2017:08:58:36 -0300] "GET /cormun/servlet/hpexe_return? HTTP/1.1" 200 1006
186.103.159.188 - - [10/Mar/2017:08:58:37 -0300] "GET /cormun/servlet/trsolicitudot HTTP/1.1" 200 8753
186.103.159.188 - - [10/Mar/2017:08:58:37 -0300] "GET /cormun/servlet/trsolicitudot HTTP/1.1" 200 8749
186.103.159.188 - - [10/Mar/2017:08:59:36 -0300] "POST /cormun/servlet/trsolicitudot?c3e0d74de33ef27ec1e5d4203cd4c6ea,gx-no-cache=1489147245509 HTTP/1.1" 200 5626
186.103.159.188 - - [10/Mar/2017:08:59:36 -0300] "GET /cormun/static/Shared/jqueryui/images/ui-bg_highlight-soft_100_c6c2c8_1x100.png HTTP/1.1" 404 1117
186.103.159.188 - - [10/Mar/2017:08:59:36 -0300] "GET /cormun/static/Shared/jqueryui/images/ui-icons_82798d_256x240.png HTTP/1.1" 404 1089
186.103.159.188 - - [10/Mar/2017:08:59:36 -0300] "GET /cormun/static/Shared/jqueryui/images/ui-bg_flat_55_fafafa_40x100.png HTTP/1.1" 404 1097
190.101.9.138 - - [10/Mar/2017:08:59:36 -0300] "GET /cormun/static/Shared/jqueryui/images/ui-icons_8d78a5_256x240.png HTTP/1.1" 404 1089
186.103.159.188 - - [10/Mar/2017:08:59:36 -0300] "POST /cormun/servlet/trsolicitudot?c3e0d74de33ef27ec1e5d4203cd4c6ea,gx-no-cache=1489147246102 HTTP/1.1" 200 5567
186.67.172.234 - - [10/Mar/2017:08:59:43 -0300] "POST /cormun/servlet/solicitudot?gx-no-cache=1489147252628 HTTP/1.1" 200 1291
186.67.172.234 - - [10/Mar/2017:08:59:49 -0300] "GET /cormun/servlet/prlicenciaspermisos?11553313,L,,MD,,gxPopupLevel%3D0%3B HTTP/1.1" 200 7374
186.67.172.234 - - [10/Mar/2017:08:59:49 -0300] "GET /cormun/static/gxcfg.js?2016122619302491 HTTP/1.1" 200 953
186.67.172.234 - - [10/Mar/2017:08:59:49 -0300] "GET /cormun/static/prlicenciaspermisos.js?2016122619302645 HTTP/1.1" 200 13363
186.67.172.234 - - [10/Mar/2017:08:59:50 -0300] "POST /cormun/servlet/acontrolpreferencessavestate?None,BSILVA,true HTTP/1.1" 200 35
192.168.10.60 - - [10/Mar/2017:09:00:42 -0300] "GET /cormun/servlet/hlogin HTTP/1.1" 200 1719
192.168.10.60 - - [10/Mar/2017:09:00:42 -0300] "GET /cormun/servlet/hlogin HTTP/1.1" 200 1729
192.168.10.60 - - [10/Mar/2017:09:00:44 -0300] "POST /cormun/servlet/hlogin?d176802e8965cfbd4249d385849fe3dd,gx-no-cache=1489146506158 HTTP/1.1" 200 90
192.168.10.60 - - [10/Mar/2017:09:00:44 -0300] "GET /cormun/servlet/hpexe_link HTTP/1.1" 200 954
192.168.10.60 - - [10/Mar/2017:09:00:45 -0300] "GET /cormun/servlet/hhome HTTP/1.1" 200 3751
192.168.10.60 - - [10/Mar/2017:09:00:45 -0300] "GET /cormun/servlet/hhome HTTP/1.1" 200 3752
192.168.10.60 - - [10/Mar/2017:09:00:48 -0300] "GET /cormun/servlet/trautorizarot? HTTP/1.1" 200 24056
192.168.10.60 - - [10/Mar/2017:09:00:49 -0300] "GET /cormun/servlet/trautorizarot? HTTP/1.1" 200 24053
201.214.54.252 - - [10/Mar/2017:09:00:50 -0300] "POST /cormun/servlet/renuncias?9904a1e691dd64264b0810f12e642569,INS,0,,gx-no-cache=1489147319482 HTTP/1.1" 200 93
201.214.54.252 - - [10/Mar/2017:09:00:50 -0300] "GET /cormun/servlet/hpexe_return? HTTP/1.1" 200 1001
201.214.54.252 - - [10/Mar/2017:09:00:50 -0300] "GET /cormun/servlet/trrenuncias? HTTP/1.1" 200 6680
201.214.54.252 - - [10/Mar/2017:09:00:51 -0300] "GET /cormun/servlet/trrenuncias? HTTP/1.1" 200 6676
192.168.10.60 - - [10/Mar/2017:09:00:52 -0300] "GET /cormun/static/menuarrow.gif HTTP/1.1" 404 1015
192.168.10.60 - - [10/Mar/2017:09:01:01 -0300] "POST /cormun/servlet/trautorizarot?d176802e8965cfbd4249d385849fe3dd,,gx-no-cache=1489146522710 HTTP/1.1" 200 6283
192.168.10.60 - - [10/Mar/2017:09:01:06 -0300] "POST /cormun/servlet/trautorizarot?d176802e8965cfbd4249d385849fe3dd,,gx-no-cache=1489146528193 HTTP/1.1" 200 5174
192.168.10.60 - - [10/Mar/2017:09:01:14 -0300] "POST /cormun/servlet/trautorizarot?d176802e8965cfbd4249d385849fe3dd,,gx-no-cache=1489146535778 HTTP/1.1" 200 4996
192.168.10.60 - - [10/Mar/2017:09:01:16 -0300] "POST /cormun/servlet/trautorizarot?d176802e8965cfbd4249d385849fe3dd,,gx-no-cache=1489146537940 HTTP/1.1" 200 4996
200.112.49.242 - - [10/Mar/2017:09:01:56 -0300] "GET /cormun/static/menuarrow.gif HTTP/1.1" 404 1015
157.55.39.247 - - [10/Mar/2017:09:02:06 -0300] "GET /cormun/static/PXToolsJavascripts/pexe_grid.js HTTP/1.1" 200 7559
157.55.39.247 - - [10/Mar/2017:09:02:06 -0300] "GET /cormun/static/PXToolsJavascripts/pexe_link.js HTTP/1.1" 200 5671
157.55.39.247 - - [10/Mar/2017:09:02:07 -0300] "GET /cormun/static/PXToolsJavascripts/pexe_menudivfix.js HTTP/1.1" 200 333
157.55.39.247 - - [10/Mar/2017:09:02:07 -0300] "GET /cormun/static/PXToolsJavascripts/pexe_oav.js HTTP/1.1" 200 645
157.55.39.247 - - [10/Mar/2017:09:02:07 -0300] "GET /cormun/static/PXToolsJavascripts/pexe_popup.js HTTP/1.1" 200 13458
157.55.39.247 - - [10/Mar/2017:09:02:08 -0300] "GET /cormun/static/PXToolsJavascripts/pexe_tabdivfix.js HTTP/1.1" 200 876
157.55.39.247 - - [10/Mar/2017:09:02:08 -0300] "GET /cormun/static/SmoothNavMenu/resources/SmoothNavMenuRender.js HTTP/1.1" 200 5951
157.55.39.247 - - [10/Mar/2017:09:02:08 -0300] "GET /cormun/static/calendar-setup.js?85251 HTTP/1.1" 200 2588
157.55.39.247 - - [10/Mar/2017:09:02:08 -0300] "GET /cormun/static/gxdec.js?85251 HTTP/1.1" 200 19579
186.67.172.234 - - [10/Mar/2017:09:02:09 -0300] "POST /cormun/servlet/acontrolpreferencessavestate?None,BSILVA,true HTTP/1.1" 200 35
157.55.39.226 - - [10/Mar/2017:09:02:18 -0300] "GET /cormun/static/PXToolsJavascripts/pexe_cookies.js HTTP/1.1" 200 792
157.55.39.226 - - [10/Mar/2017:09:02:18 -0300] "GET /cormun/static/PXToolsJavascripts/pexe_griddivfix.js HTTP/1.1" 200 6644
157.55.39.226 - - [10/Mar/2017:09:02:20 -0300] "GET /cormun/static/PXToolsJavascripts/pexe_layers.js HTTP/1.1" 200 4114
157.55.39.226 - - [10/Mar/2017:09:02:20 -0300] "GET /cormun/static/PXToolsJavascripts/pexe_picture.js HTTP/1.1" 200 689
157.55.39.226 - - [10/Mar/2017:09:02:21 -0300] "GET /cormun/static/PXToolsJavascripts/pexe_scrolldiv.js HTTP/1.1" 200 4138
157.55.39.226 - - [10/Mar/2017:09:02:21 -0300] "GET /cormun/static/PXToolsJavascripts/pexe_upload.js HTTP/1.1" 200 1423
157.55.39.247 - - [10/Mar/2017:09:02:31 -0300] "GET /cormun/static/hpexe_messagegenexuscomponent.js?201612218431816 HTTP/1.1" 200 587
200.112.49.242 - - [10/Mar/2017:09:02:31 -0300] "GET /cormun/servlet/solicitudot?af99da87dca42ccdf9d287f0e16f2128ad19059e57ac2cfc516252593825ef8c22404a37b6c6776d12196dc3cd62c5e91e9d01bc596f1491d99828fc7c141982aca4338d94bc1e136d0d4f03c45824008908484ab82083d89b9bede14d4eb045993dd9e30b7e1091c2898229f73d8813a8b446410b91443e4217e664b7f5d2e82a65a4ec152c51e0d37bf159c8e9dff68f618e3b1f81f42357f2011a28c30dcb1737ce5a764ef3950692d4bc9cd1a912,gx-no-cache=1489147419419 HTTP/1.1" 200 30
200.112.49.242 - - [10/Mar/2017:09:02:32 -0300] "POST /cormun/servlet/solicitudot?0dcbcc117c8c06906b10e2fd7978ec36,INS,0,0,,gx-no-cache=1489147419564 HTTP/1.1" 200 93
200.112.49.242 - - [10/Mar/2017:09:02:32 -0300] "GET /cormun/servlet/hpexe_return? HTTP/1.1" 200 1002
200.112.49.242 - - [10/Mar/2017:09:02:32 -0300] "GET /cormun/static/hpexe_return.js?2016101716175153 HTTP/1.1" 304 -
200.112.49.242 - - [10/Mar/2017:09:02:32 -0300] "GET /cormun/servlet/trsolicitudot HTTP/1.1" 200 8257
157.55.39.193 - - [10/Mar/2017:09:02:35 -0300] "GET /cormun/static/PXToolsJavascripts/PXToolsJavascriptsRender.js HTTP/1.1" 200 367
157.55.39.193 - - [10/Mar/2017:09:02:35 -0300] "GET /cormun/static/PXToolsJavascripts/pexe_menus.js HTTP/1.1" 200 1286
157.55.39.193 - - [10/Mar/2017:09:02:36 -0300] "GET /cormun/static/PXToolsJavascripts/pexe_oavdivfix.js HTTP/1.1" 200 639
157.55.39.193 - - [10/Mar/2017:09:02:37 -0300] "GET /cormun/static/Shared/jqueryui/jquery-ui.min.js HTTP/1.1" 200 240427
157.55.39.193 - - [10/Mar/2017:09:02:38 -0300] "GET /cormun/static/SmoothNavMenu/resources/ddsmoothmenu.js HTTP/1.1" 200 12712
157.55.39.193 - - [10/Mar/2017:09:02:38 -0300] "GET /cormun/static/calendar-es.js?85251 HTTP/1.1" 200 1901
157.55.39.193 - - [10/Mar/2017:09:02:38 -0300] "GET /cormun/static/scaMessage/scaMessageRender.js HTTP/1.1" 200 11977
157.55.39.193 - - [10/Mar/2017:09:02:39 -0300] "GET /cormun/static/trlicencias.js?2016122619301919 HTTP/1.1" 200 37916
200.112.49.242 - - [10/Mar/2017:09:02:40 -0300] "POST /cormun/servlet/trsolicitudot?0dcbcc117c8c06906b10e2fd7978ec36,gx-no-cache=1489147427909 HTTP/1.1" 200 106
200.112.49.242 - - [10/Mar/2017:09:02:40 -0300] "GET /cormun/servlet/trsolicitudadjuntos?2017,5410, HTTP/1.1" 200 6091
200.112.49.242 - - [10/Mar/2017:09:02:40 -0300] "GET /cormun/static/gxcfg.js?201612218531388 HTTP/1.1" 304 -
186.67.172.234 - - [10/Mar/2017:09:02:45 -0300] "POST /cormun/servlet/solicitudot?gx-no-cache=1489147434924 HTTP/1.1" 200 41
186.67.172.234 - - [10/Mar/2017:09:02:45 -0300] "POST /cormun/servlet/solicitudot?gx-no-cache=1489147435055 HTTP/1.1" 200 1274
186.67.172.234 - - [10/Mar/2017:09:02:45 -0300] "POST /cormun/servlet/solicitudot?gx-no-cache=1489147435144 HTTP/1.1" 200 1157
186.67.172.234 - - [10/Mar/2017:09:02:46 -0300] "GET /cormun/servlet/solicitudot?c135e4a7a4d23ce8e24a9b69d9db5c1f0e8ea700b7b089762a8e4f461cf9d5c44db7a7e70e3a2fd6923a8799fcb63ca39ff3e4c5dcf7bb5c30ab6632a725aa15f7a1a910e063872c7b2a138c6a79b266a8d25305049cbf994a6468f7575a1385a761ba1a7256b43ea04f537dfa7465d789069df11576266ac74504f2001ebabeec0244073a20872854b885a4942bbe2a1b98e50aba3c2ac973a12d35658117d6d928513213e25215d92afac6c1861d79a4cc3782cf9018725e067c865290a161,gx-no-cache=1489147435199 HTTP/1.1" 200 30
186.67.172.234 - - [10/Mar/2017:09:02:46 -0300] "POST /cormun/servlet/solicitudot?b981d1b4b5ad30aaccc7e8baf614c9d0,INS,0,0,,gx-no-cache=1489147435239 HTTP/1.1" 200 93
186.67.172.234 - - [10/Mar/2017:09:02:46 -0300] "GET /cormun/servlet/hpexe_return? HTTP/1.1" 200 1007
186.67.172.234 - - [10/Mar/2017:09:02:46 -0300] "GET /cormun/servlet/trsolicitudot HTTP/1.1" 200 8489
186.67.172.234 - - [10/Mar/2017:09:02:47 -0300] "GET /cormun/servlet/trsolicitudot HTTP/1.1" 200 8485
200.112.49.242 - - [10/Mar/2017:09:03:01 -0300] "GET /cormun/servlet/solicitudotadjuntos?INS,2017,5410,,1, HTTP/1.1" 200 6027
200.112.49.242 - - [10/Mar/2017:09:03:01 -0300] "GET /cormun/static/gxcfg.js?201612218465951 HTTP/1.1" 304 -
200.112.49.242 - - [10/Mar/2017:09:03:01 -0300] "HEAD /cormun/static/about:blank HTTP/1.1" 404 -
200.112.49.242 - - [10/Mar/2017:09:03:02 -0300] "GET /cormun/servlet/solicitudotadjuntos?af99da87dca42ccdf9d287f0e16f2128ec172e4057dd2f4c7d06d9665872635cf50f32167f92322b6d0a8afd50c12de9,gx-no-cache=1489147450466 HTTP/1.1" 200 30
200.112.49.242 - - [10/Mar/2017:09:03:03 -0300] "POST /cormun/servlet/solicitudotadjuntos?0dcbcc117c8c06906b10e2fd7978ec36,INS,2017,5410,,1,,gx-no-cache=1489147450536 HTTP/1.1" 200 3855
200.112.49.242 - - [10/Mar/2017:09:03:06 -0300] "POST /cormun/servlet/solicitudotadjuntos?gx-no-cache=1489147453963 HTTP/1.1" 200 26
200.112.49.242 - - [10/Mar/2017:09:03:21 -0300] "GET /cormun/servlet/solicitudotadjuntos?af99da87dca42ccdf9d287f0e16f21285052d36b684e345a45658d45c1365716,gx-no-cache=1489147469001 HTTP/1.1" 200 30
200.112.49.242 - - [10/Mar/2017:09:03:21 -0300] "GET /cormun/servlet/solicitudotadjuntos?af99da87dca42ccdf9d287f0e16f21285052d36b684e345a45658d45c1365716,gx-no-cache=1489147469096 HTTP/1.1" 200 30
200.112.49.242 - - [10/Mar/2017:09:03:26 -0300] "POST /cormun/servlet/solicitudotadjuntos?0dcbcc117c8c06906b10e2fd7978ec36,INS,2017,5410,,1, HTTP/1.1" 200 116
200.112.49.242 - - [10/Mar/2017:09:03:26 -0300] "GET /cormun/servlet/hpexe_return? HTTP/1.1" 200 1021
200.112.49.242 - - [10/Mar/2017:09:03:27 -0300] "GET /cormun/servlet/trsolicitudadjuntos?2017,5410, HTTP/1.1" 200 8217
200.112.49.242 - - [10/Mar/2017:09:03:30 -0300] "GET /cormun/servlet/solicitudotadjuntos?INS,2017,5410,,1, HTTP/1.1" 200 6026
200.112.49.242 - - [10/Mar/2017:09:03:30 -0300] "HEAD /cormun/static/about:blank HTTP/1.1" 404 -
200.112.49.242 - - [10/Mar/2017:09:03:31 -0300] "GET /cormun/servlet/solicitudotadjuntos?af99da87dca42ccdf9d287f0e16f2128ec172e4057dd2f4c7d06d9665872635cf50f32167f92322b6d0a8afd50c12de9,gx-no-cache=1489147478755 HTTP/1.1" 200 30
200.112.49.242 - - [10/Mar/2017:09:03:31 -0300] "POST /cormun/servlet/solicitudotadjuntos?0dcbcc117c8c06906b10e2fd7978ec36,INS,2017,5410,,1,,gx-no-cache=1489147478866 HTTP/1.1" 200 3856
200.112.49.242 - - [10/Mar/2017:09:03:36 -0300] "POST /cormun/servlet/solicitudotadjuntos?gx-no-cache=1489147484706 HTTP/1.1" 200 26
200.112.49.242 - - [10/Mar/2017:09:03:42 -0300] "GET /cormun/servlet/solicitudotadjuntos?af99da87dca42ccdf9d287f0e16f21285052d36b684e345a45658d45c1365716,gx-no-cache=1489147490650 HTTP/1.1" 200 30
200.112.49.242 - - [10/Mar/2017:09:03:42 -0300] "GET /cormun/servlet/solicitudotadjuntos?af99da87dca42ccdf9d287f0e16f21285052d36b684e345a45658d45c1365716,gx-no-cache=1489147490707 HTTP/1.1" 200 30
186.67.172.234 - - [10/Mar/2017:09:03:49 -0300] "POST /cormun/servlet/trsolicitudot?b981d1b4b5ad30aaccc7e8baf614c9d0,gx-no-cache=1489147498889 HTTP/1.1" 200 5306
186.67.172.234 - - [10/Mar/2017:09:03:50 -0300] "GET /cormun/static/Shared/jqueryui/images/ui-bg_highlight-soft_100_c6c2c8_1x100.png HTTP/1.1" 404 1117
186.67.172.234 - - [10/Mar/2017:09:03:50 -0300] "GET /cormun/static/Shared/jqueryui/images/ui-bg_flat_55_fafafa_40x100.png HTTP/1.1" 404 1097
186.67.172.234 - - [10/Mar/2017:09:03:50 -0300] "GET /cormun/static/Shared/jqueryui/images/ui-icons_82798d_256x240.png HTTP/1.1" 404 1089
186.67.172.234 - - [10/Mar/2017:09:03:50 -0300] "POST /cormun/servlet/trsolicitudot?b981d1b4b5ad30aaccc7e8baf614c9d0,gx-no-cache=1489147499189 HTTP/1.1" 200 5247
186.67.172.234 - - [10/Mar/2017:09:03:50 -0300] "GET /cormun/static/Shared/jqueryui/images/ui-icons_8d78a5_256x240.png HTTP/1.1" 404 1089
200.112.49.242 - - [10/Mar/2017:09:03:51 -0300] "POST /cormun/servlet/solicitudotadjuntos?0dcbcc117c8c06906b10e2fd7978ec36,INS,2017,5410,,1, HTTP/1.1" 200 116
200.112.49.242 - - [10/Mar/2017:09:03:51 -0300] "GET /cormun/servlet/hpexe_return? HTTP/1.1" 200 1021
200.112.49.242 - - [10/Mar/2017:09:03:51 -0300] "GET /cormun/servlet/trsolicitudadjuntos?2017,5410, HTTP/1.1" 200 8387
200.112.49.242 - - [10/Mar/2017:09:03:56 -0300] "GET /cormun/servlet/solicitudotadjuntos?INS,2017,5410,,1, HTTP/1.1" 200 6026
200.112.49.242 - - [10/Mar/2017:09:03:56 -0300] "HEAD /cormun/static/about:blank HTTP/1.1" 404 -
200.112.49.242 - - [10/Mar/2017:09:03:57 -0300] "GET /cormun/servlet/solicitudotadjuntos?af99da87dca42ccdf9d287f0e16f2128ec172e4057dd2f4c7d06d9665872635cf50f32167f92322b6d0a8afd50c12de9,gx-no-cache=1489147504814 HTTP/1.1" 200 30
200.112.49.242 - - [10/Mar/2017:09:03:57 -0300] "POST /cormun/servlet/solicitudotadjuntos?0dcbcc117c8c06906b10e2fd7978ec36,INS,2017,5410,,1,,gx-no-cache=1489147504896 HTTP/1.1" 200 3856
157.55.39.226 - - [10/Mar/2017:09:03:58 -0300] "GET /cormun/static/Shared/ext/ext-all.js HTTP/1.1" 200 1289687
186.67.172.234 - - [10/Mar/2017:09:03:59 -0300] "POST /cormun/servlet/trsolicitudot?b981d1b4b5ad30aaccc7e8baf614c9d0,gx-no-cache=1489147508213 HTTP/1.1" 200 4193
186.67.172.234 - - [10/Mar/2017:09:03:59 -0300] "POST /cormun/servlet/trsolicitudot?b981d1b4b5ad30aaccc7e8baf614c9d0,gx-no-cache=1489147508861 HTTP/1.1" 200 3939
200.112.49.242 - - [10/Mar/2017:09:04:02 -0300] "POST /cormun/servlet/solicitudotadjuntos?gx-no-cache=1489147509746 HTTP/1.1" 200 26
200.112.49.242 - - [10/Mar/2017:09:04:14 -0300] "GET /cormun/servlet/solicitudotadjuntos?af99da87dca42ccdf9d287f0e16f21285052d36b684e345a45658d45c1365716,gx-no-cache=1489147522257 HTTP/1.1" 200 30
200.112.49.242 - - [10/Mar/2017:09:04:14 -0300] "GET /cormun/servlet/solicitudotadjuntos?af99da87dca42ccdf9d287f0e16f21285052d36b684e345a45658d45c1365716,gx-no-cache=1489147522329 HTTP/1.1" 200 30
157.55.39.226 - - [10/Mar/2017:09:04:17 -0300] "GET /cormun/static/Shared/jquery/jquery-1.10.2.min.js HTTP/1.1" 200 273199
200.112.49.242 - - [10/Mar/2017:09:04:18 -0300] "POST /cormun/servlet/solicitudotadjuntos?0dcbcc117c8c06906b10e2fd7978ec36,INS,2017,5410,,1, HTTP/1.1" 200 116
200.112.49.242 - - [10/Mar/2017:09:04:18 -0300] "GET /cormun/servlet/hpexe_return? HTTP/1.1" 200 1021
200.112.49.242 - - [10/Mar/2017:09:04:18 -0300] "GET /cormun/servlet/trsolicitudadjuntos?2017,5410, HTTP/1.1" 200 8536
157.55.39.226 - - [10/Mar/2017:09:04:20 -0300] "GET /cormun/static/Shared/jquery/jquery-1.4.2.min.js HTTP/1.1" 200 72174
157.55.39.226 - - [10/Mar/2017:09:04:25 -0300] "GET /cormun/static/gxui/gxui-all.js HTTP/1.1" 200 107772
200.112.49.242 - - [10/Mar/2017:09:04:26 -0300] "GET /cormun/servlet/solicitudotadjuntos?INS,2017,5410,,1, HTTP/1.1" 200 6027
200.112.49.242 - - [10/Mar/2017:09:04:27 -0300] "HEAD /cormun/static/about:blank HTTP/1.1" 404 -
200.112.49.242 - - [10/Mar/2017:09:04:27 -0300] "GET /cormun/servlet/solicitudotadjuntos?af99da87dca42ccdf9d287f0e16f2128ec172e4057dd2f4c7d06d9665872635cf50f32167f92322b6d0a8afd50c12de9,gx-no-cache=1489147535517 HTTP/1.1" 200 30
200.112.49.242 - - [10/Mar/2017:09:04:28 -0300] "POST /cormun/servlet/solicitudotadjuntos?0dcbcc117c8c06906b10e2fd7978ec36,INS,2017,5410,,1,,gx-no-cache=1489147535588 HTTP/1.1" 200 3856
157.55.39.226 - - [10/Mar/2017:09:04:29 -0300] "GET /cormun/static/hmpwkw03.js?20161221852152 HTTP/1.1" 200 3965
157.55.39.226 - - [10/Mar/2017:09:04:29 -0300] "GET /cormun/static/hpexe_messagepopupcomponent.js?20161017169425 HTTP/1.1" 200 605
157.55.39.226 - - [10/Mar/2017:09:04:29 -0300] "GET /cormun/static/hpexe_scripts.js?201612218432016 HTTP/1.1" 200 1544
157.55.39.226 - - [10/Mar/2017:09:04:29 -0300] "GET /cormun/static/hwchdr01.js?201612218432057 HTTP/1.1" 200 1183
157.55.39.226 - - [10/Mar/2017:09:04:30 -0300] "GET /cormun/static/messages.spa.js?85251 HTTP/1.1" 200 30736
200.112.49.242 - - [10/Mar/2017:09:04:30 -0300] "POST /cormun/servlet/solicitudotadjuntos?gx-no-cache=1489147538521 HTTP/1.1" 200 26
157.55.39.226 - - [10/Mar/2017:09:04:30 -0300] "GET /cormun/static/scaMessage/js/jquery.pnotify.min.js HTTP/1.1" 200 13038
200.112.49.242 - - [10/Mar/2017:09:04:37 -0300] "GET /cormun/servlet/solicitudotadjuntos?af99da87dca42ccdf9d287f0e16f21285052d36b684e345a45658d45c1365716,gx-no-cache=1489147545009 HTTP/1.1" 200 30
200.112.49.242 - - [10/Mar/2017:09:04:37 -0300] "GET /cormun/servlet/solicitudotadjuntos?af99da87dca42ccdf9d287f0e16f21285052d36b684e345a45658d45c1365716,gx-no-cache=1489147545068 HTTP/1.1" 200 30
200.112.49.242 - - [10/Mar/2017:09:04:41 -0300] "POST /cormun/servlet/solicitudotadjuntos?0dcbcc117c8c06906b10e2fd7978ec36,INS,2017,5410,,1, HTTP/1.1" 200 116
200.112.49.242 - - [10/Mar/2017:09:04:41 -0300] "GET /cormun/servlet/hpexe_return? HTTP/1.1" 200 1021
200.112.49.242 - - [10/Mar/2017:09:04:42 -0300] "GET /cormun/servlet/trsolicitudadjuntos?2017,5410, HTTP/1.1" 200 8654
200.112.49.242 - - [10/Mar/2017:09:04:47 -0300] "GET /cormun/servlet/solicitudotadjuntos?INS,2017,5410,,1, HTTP/1.1" 200 6027
200.112.49.242 - - [10/Mar/2017:09:04:47 -0300] "HEAD /cormun/static/about:blank HTTP/1.1" 404 -
200.112.49.242 - - [10/Mar/2017:09:04:48 -0300] "GET /cormun/servlet/solicitudotadjuntos?af99da87dca42ccdf9d287f0e16f2128ec172e4057dd2f4c7d06d9665872635cf50f32167f92322b6d0a8afd50c12de9,gx-no-cache=1489147556503 HTTP/1.1" 200 30
200.112.49.242 - - [10/Mar/2017:09:04:49 -0300] "POST /cormun/servlet/solicitudotadjuntos?0dcbcc117c8c06906b10e2fd7978ec36,INS,2017,5410,,1,,gx-no-cache=1489147556590 HTTP/1.1" 200 3856
200.112.49.242 - - [10/Mar/2017:09:04:53 -0300] "POST /cormun/servlet/solicitudotadjuntos?gx-no-cache=1489147560768 HTTP/1.1" 200 26
200.112.49.242 - - [10/Mar/2017:09:04:59 -0300] "GET /cormun/servlet/solicitudotadjuntos?af99da87dca42ccdf9d287f0e16f21285052d36b684e345a45658d45c1365716,gx-no-cache=1489147567184 HTTP/1.1" 200 30
200.112.49.242 - - [10/Mar/2017:09:04:59 -0300] "GET /cormun/servlet/solicitudotadjuntos?af99da87dca42ccdf9d287f0e16f21285052d36b684e345a45658d45c1365716,gx-no-cache=1489147567241 HTTP/1.1" 200 30
200.112.49.242 - - [10/Mar/2017:09:05:09 -0300] "POST /cormun/servlet/solicitudotadjuntos?0dcbcc117c8c06906b10e2fd7978ec36,INS,2017,5410,,1, HTTP/1.1" 200 116
200.112.49.242 - - [10/Mar/2017:09:05:09 -0300] "GET /cormun/servlet/hpexe_return? HTTP/1.1" 200 1021
200.112.49.242 - - [10/Mar/2017:09:05:09 -0300] "GET /cormun/servlet/trsolicitudadjuntos?2017,5410, HTTP/1.1" 200 8826
200.112.49.242 - - [10/Mar/2017:09:05:13 -0300] "GET /cormun/servlet/solicitudotadjuntos?INS,2017,5410,,1, HTTP/1.1" 200 6027
200.112.49.242 - - [10/Mar/2017:09:05:14 -0300] "HEAD /cormun/static/about:blank HTTP/1.1" 404 -
200.112.49.242 - - [10/Mar/2017:09:05:14 -0300] "GET /cormun/servlet/solicitudotadjuntos?af99da87dca42ccdf9d287f0e16f2128ec172e4057dd2f4c7d06d9665872635cf50f32167f92322b6d0a8afd50c12de9,gx-no-cache=1489147582601 HTTP/1.1" 200 30
200.112.49.242 - - [10/Mar/2017:09:05:15 -0300] "POST /cormun/servlet/solicitudotadjuntos?0dcbcc117c8c06906b10e2fd7978ec36,INS,2017,5410,,1,,gx-no-cache=1489147582667 HTTP/1.1" 200 3856
200.112.49.242 - - [10/Mar/2017:09:05:19 -0300] "POST /cormun/servlet/solicitudotadjuntos?gx-no-cache=1489147587665 HTTP/1.1" 200 26
200.112.49.242 - - [10/Mar/2017:09:05:25 -0300] "GET /cormun/servlet/solicitudotadjuntos?af99da87dca42ccdf9d287f0e16f21285052d36b684e345a45658d45c1365716,gx-no-cache=1489147593616 HTTP/1.1" 200 30
200.112.49.242 - - [10/Mar/2017:09:05:25 -0300] "GET /cormun/servlet/solicitudotadjuntos?af99da87dca42ccdf9d287f0e16f21285052d36b684e345a45658d45c1365716,gx-no-cache=1489147593696 HTTP/1.1" 200 30
200.112.49.242 - - [10/Mar/2017:09:05:36 -0300] "POST /cormun/servlet/solicitudotadjuntos?0dcbcc117c8c06906b10e2fd7978ec36,INS,2017,5410,,1, HTTP/1.1" 200 116
200.112.49.242 - - [10/Mar/2017:09:05:36 -0300] "GET /cormun/servlet/hpexe_return? HTTP/1.1" 200 1021
200.112.49.242 - - [10/Mar/2017:09:05:36 -0300] "GET /cormun/servlet/trsolicitudadjuntos?2017,5410, HTTP/1.1" 200 9034
200.112.49.242 - - [10/Mar/2017:09:05:42 -0300] "GET /cormun/servlet/solicitudotadjuntos?INS,2017,5410,,2, HTTP/1.1" 200 6026
200.112.49.242 - - [10/Mar/2017:09:05:43 -0300] "HEAD /cormun/static/about:blank HTTP/1.1" 404 -
200.112.49.242 - - [10/Mar/2017:09:05:43 -0300] "GET /cormun/servlet/solicitudotadjuntos?af99da87dca42ccdf9d287f0e16f2128ec172e4057dd2f4c7d06d9665872635cf50f32167f92322b6d0a8afd50c12de9,gx-no-cache=1489147611732 HTTP/1.1" 200 30
200.112.49.242 - - [10/Mar/2017:09:05:44 -0300] "POST /cormun/servlet/solicitudotadjuntos?0dcbcc117c8c06906b10e2fd7978ec36,INS,2017,5410,,2,,gx-no-cache=1489147611810 HTTP/1.1" 200 3995
131.253.25.216 - - [10/Mar/2017:09:06:32 -0300] "GET /cormun/static/rijndaelSD.js?85251 HTTP/1.1" 200 6763
200.112.49.242 - - [10/Mar/2017:09:06:33 -0300] "POST /cormun/servlet/solicitudotadjuntos?gx-no-cache=1489147660831 HTTP/1.1" 200 26
131.253.25.191 - - [10/Mar/2017:09:06:33 -0300] "GET /cormun/static/Resources/indicator.gif HTTP/1.1" 200 1553
200.112.49.242 - - [10/Mar/2017:09:06:40 -0300] "GET /cormun/servlet/solicitudotadjuntos?af99da87dca42ccdf9d287f0e16f21285052d36b684e345a45658d45c1365716,gx-no-cache=1489147668574 HTTP/1.1" 200 30
200.112.49.242 - - [10/Mar/2017:09:06:40 -0300] "GET /cormun/servlet/solicitudotadjuntos?af99da87dca42ccdf9d287f0e16f21285052d36b684e345a45658d45c1365716,gx-no-cache=1489147668641 HTTP/1.1" 200 30
200.112.49.242 - - [10/Mar/2017:09:06:45 -0300] "POST /cormun/servlet/solicitudotadjuntos?0dcbcc117c8c06906b10e2fd7978ec36,INS,2017,5410,,2, HTTP/1.1" 200 116
200.112.49.242 - - [10/Mar/2017:09:06:45 -0300] "GET /cormun/servlet/hpexe_return? HTTP/1.1" 200 1021
200.112.49.242 - - [10/Mar/2017:09:06:46 -0300] "GET /cormun/servlet/trsolicitudadjuntos?2017,5410, HTTP/1.1" 200 9238
192.168.10.96 - - [10/Mar/2017:09:06:52 -0300] "GET /cormun/servlet/hlogin HTTP/1.1" 200 1740
200.112.49.242 - - [10/Mar/2017:09:06:56 -0300] "GET /cormun/servlet/solicitudotadjuntos?INS,2017,5410,,2, HTTP/1.1" 200 6023
200.112.49.242 - - [10/Mar/2017:09:06:56 -0300] "HEAD /cormun/static/about:blank HTTP/1.1" 404 -
200.112.49.242 - - [10/Mar/2017:09:06:57 -0300] "GET /cormun/servlet/solicitudotadjuntos?af99da87dca42ccdf9d287f0e16f2128ec172e4057dd2f4c7d06d9665872635cf50f32167f92322b6d0a8afd50c12de9,gx-no-cache=1489147684991 HTTP/1.1" 200 30
200.112.49.242 - - [10/Mar/2017:09:06:57 -0300] "POST /cormun/servlet/solicitudotadjuntos?0dcbcc117c8c06906b10e2fd7978ec36,INS,2017,5410,,2,,gx-no-cache=1489147685058 HTTP/1.1" 200 3996
192.168.10.96 - - [10/Mar/2017:09:07:08 -0300] "POST /cormun/servlet/hlogin?d4e5d888e3b0ef2ddd22fa5cc1bc6480,gx-no-cache=1489150911992 HTTP/1.1" 200 452
192.168.10.96 - - [10/Mar/2017:09:07:11 -0300] "POST /cormun/servlet/hlogin?d4e5d888e3b0ef2ddd22fa5cc1bc6480,gx-no-cache=1489150915360 HTTP/1.1" 200 452
192.168.10.96 - - [10/Mar/2017:09:07:15 -0300] "POST /cormun/servlet/hlogin?d4e5d888e3b0ef2ddd22fa5cc1bc6480,gx-no-cache=1489150919382 HTTP/1.1" 200 452
201.214.54.252 - - [10/Mar/2017:09:07:18 -0300] "GET /cormun/servlet/trvisualizadoreventos? HTTP/1.1" 200 6672
201.214.54.252 - - [10/Mar/2017:09:07:19 -0300] "GET /cormun/servlet/trvisualizadoreventos? HTTP/1.1" 200 6672
192.168.10.96 - - [10/Mar/2017:09:07:24 -0300] "POST /cormun/servlet/hlogin?d4e5d888e3b0ef2ddd22fa5cc1bc6480,gx-no-cache=1489150927710 HTTP/1.1" 200 452
192.168.10.96 - - [10/Mar/2017:09:07:27 -0300] "POST /cormun/servlet/hlogin?d4e5d888e3b0ef2ddd22fa5cc1bc6480,gx-no-cache=1489150930895 HTTP/1.1" 200 90
192.168.10.96 - - [10/Mar/2017:09:07:27 -0300] "GET /cormun/servlet/hpexe_link HTTP/1.1" 200 956
192.168.10.96 - - [10/Mar/2017:09:07:27 -0300] "GET /cormun/servlet/hhome HTTP/1.1" 200 3774
192.168.10.96 - - [10/Mar/2017:09:07:28 -0300] "GET /cormun/servlet/hhome HTTP/1.1" 200 3771
192.168.10.96 - - [10/Mar/2017:09:07:30 -0300] "GET /cormun/servlet/trsolicitudot? HTTP/1.1" 200 9391
192.168.10.96 - - [10/Mar/2017:09:07:30 -0300] "GET /cormun/static/gxcfg.js?20171191044697 HTTP/1.1" 304 -
192.168.10.96 - - [10/Mar/2017:09:07:30 -0300] "GET /cormun/servlet/trsolicitudot? HTTP/1.1" 200 9389
192.168.10.96 - - [10/Mar/2017:09:07:33 -0300] "GET /cormun/servlet/solicitudot?INS,0,0, HTTP/1.1" 200 12578
192.168.10.96 - - [10/Mar/2017:09:07:33 -0300] "GET /cormun/static/gxcfg.js?20171191042720 HTTP/1.1" 304 -
192.168.10.96 - - [10/Mar/2017:09:07:34 -0300] "GET /cormun/servlet/solicitudot?INS,0,0, HTTP/1.1" 200 12583
192.168.10.89 - - [10/Mar/2017:09:07:40 -0300] "GET /cormun/servlet/hlogin HTTP/1.1" 200 1743
192.168.10.96 - - [10/Mar/2017:09:07:45 -0300] "POST /cormun/servlet/solicitudot?gx-no-cache=1489150949063 HTTP/1.1" 200 3081
192.168.10.96 - - [10/Mar/2017:09:07:45 -0300] "POST /cormun/servlet/solicitudot?d4e5d888e3b0ef2ddd22fa5cc1bc6480,INS,0,0,,gx-no-cache=1489150949194 HTTP/1.1" 200 9681
192.168.10.96 - - [10/Mar/2017:09:07:48 -0300] "GET /cormun/servlet/solicitudot?6448a6b47be06385d1808a243cf1e3f078f284e22568575ab006f7fa5ae501794f02874ebaa87b088edf0754fcf4cd58,gx-no-cache=1489150951646 HTTP/1.1" 200 111
192.168.10.96 - - [10/Mar/2017:09:07:48 -0300] "GET /cormun/static/Shared/jqueryui/images/ui-bg_highlight-soft_100_c6c2c8_1x100.png HTTP/1.1" 404 1117
192.168.10.96 - - [10/Mar/2017:09:07:48 -0300] "GET /cormun/static/Shared/jqueryui/images/ui-icons_82798d_256x240.png HTTP/1.1" 404 1089
192.168.10.96 - - [10/Mar/2017:09:07:48 -0300] "GET /cormun/static/Shared/jqueryui/images/ui-bg_flat_55_994d53_40x100.png HTTP/1.1" 404 1097
192.168.10.96 - - [10/Mar/2017:09:07:48 -0300] "GET /cormun/static/Shared/jqueryui/images/ui-icons_ebccce_256x240.png HTTP/1.1" 404 1089
192.168.10.96 - - [10/Mar/2017:09:07:49 -0300] "POST /cormun/servlet/solicitudot?gx-no-cache=1489150952849 HTTP/1.1" 200 255
192.168.10.89 - - [10/Mar/2017:09:07:49 -0300] "POST /cormun/servlet/hlogin?ea02cf5fe1c2aa9466175592fd156b19,gx-no-cache=1489150953252 HTTP/1.1" 200 90
192.168.10.89 - - [10/Mar/2017:09:07:49 -0300] "GET /cormun/servlet/hpexe_link HTTP/1.1" 200 955
192.168.10.89 - - [10/Mar/2017:09:07:50 -0300] "GET /cormun/servlet/hhome HTTP/1.1" 200 4391
200.112.49.242 - - [10/Mar/2017:09:07:51 -0300] "GET /cormun/servlet/trautorizarsolicitud? HTTP/1.1" 200 6969
192.168.10.96 - - [10/Mar/2017:09:07:56 -0300] "POST /cormun/servlet/solicitudot?gx-no-cache=1489150959560 HTTP/1.1" 200 240
200.112.49.242 - - [10/Mar/2017:09:07:56 -0300] "GET /cormun/servlet/trsolicitudot? HTTP/1.1" 200 8253
192.168.10.89 - - [10/Mar/2017:09:07:57 -0300] "GET /cormun/servlet/trsolicitudgral? HTTP/1.1" 200 8713
192.168.10.96 - - [10/Mar/2017:09:07:59 -0300] "GET /cormun/servlet/solicitudot?6448a6b47be06385d1808a243cf1e3f04bdb2d824e3fa17cdfee171b1d87b0fc57725f41383728fa0cd2509f3e445348c432116352a1c86a0abee531b1066b72f7a237e39c5c0c9d96862ce69ff6799e5fd3ee98d5c7f58ac10a7cd85af6eea7cf43846a5e7dca17af6d2c8c632e5133c17a06d937174407f531edab3b5b36c5fcf74e2fed129047ccf3efcad8c6028c2443d9ec739e18d15306ff64a3727fa3243eb156d04926ab345585355654c7d0efc3ade27c4550f51c330b20f7186534cf23f9aae2cc11211235d4f9dff38c7bdcad448a3b8918ba99aef0b591405ff2d20d537fcda8eb800f7770c31823e3bffc8657663b207b5f86093b99178fe148d8e0ea7dcacbd29a4313419d77a9ebf19de2ffddca6d9c6a17f6e6a32eb3ac3d611ac0bf962deb85435a1430c98ddd48c31363914f6768df7b9424308a20773dc1925cd54279c8074bf8191072ce80e456220e9ea0b5627fa042f200e21e6df31e5eefbb753800df0f8094af047f5337b3d30a2f26739f09fbdb66e9060d41d6,gx-no-cache=1489150962472 HTTP/1.1" 200 30
192.168.10.96 - - [10/Mar/2017:09:08:01 -0300] "POST /cormun/servlet/solicitudot?gx-no-cache=1489150965332 HTTP/1.1" 200 30
200.112.49.242 - - [10/Mar/2017:09:08:02 -0300] "POST /cormun/servlet/trsolicitudot?0dcbcc117c8c06906b10e2fd7978ec36,,gx-no-cache=1489147749810 HTTP/1.1" 200 4346
200.112.49.242 - - [10/Mar/2017:09:08:03 -0300] "POST /cormun/servlet/trsolicitudot?0dcbcc117c8c06906b10e2fd7978ec36,,gx-no-cache=1489147750400 HTTP/1.1" 200 4115
200.112.49.242 - - [10/Mar/2017:09:08:03 -0300] "GET /cormun/static/Shared/jqueryui/images/ui-bg_flat_55_fafafa_40x100.png HTTP/1.1" 404 1097
200.112.49.242 - - [10/Mar/2017:09:08:03 -0300] "GET /cormun/static/Shared/jqueryui/images/ui-icons_8d78a5_256x240.png HTTP/1.1" 404 1089
200.112.49.242 - - [10/Mar/2017:09:08:03 -0300] "GET /cormun/static/Shared/jqueryui/images/ui-icons_82798d_256x240.png HTTP/1.1" 404 1089
200.112.49.242 - - [10/Mar/2017:09:08:03 -0300] "GET /cormun/static/Shared/jqueryui/images/ui-bg_highlight-soft_100_c6c2c8_1x100.png HTTP/1.1" 404 1117
192.168.10.89 - - [10/Mar/2017:09:08:03 -0300] "POST /cormun/servlet/trsolicitudgral?ea02cf5fe1c2aa9466175592fd156b19,,gx-no-cache=1489150967088 HTTP/1.1" 200 6681
200.112.49.242 - - [10/Mar/2017:09:08:07 -0300] "GET /cormun/servlet/trautorizarsolicitud? HTTP/1.1" 200 6950
192.168.10.89 - - [10/Mar/2017:09:08:13 -0300] "GET /cormun/servlet/solicitudgral?UPD,2017,5314, HTTP/1.1" 200 12143
200.112.49.242 - - [10/Mar/2017:09:08:13 -0300] "GET /cormun/servlet/trautorizarsolicitud? HTTP/1.1" 200 6950
192.168.10.89 - - [10/Mar/2017:09:08:15 -0300] "POST /cormun/servlet/solicitudgral?gx-no-cache=1489150978862 HTTP/1.1" 200 3170
192.168.10.89 - - [10/Mar/2017:09:08:15 -0300] "GET /cormun/servlet/solicitudgral?350cfb2d53f24f850be85bebedaa3cd427c59d17a5435eea5ea3a047109a93051ce9f9260aa00e6ac01b5e737ca51a91ff482bda7bbb6c0f0ee2874deb73197a5360107a4c2e50b8cdf7c85a31f7f8b31e362879eae7e5655609c1b96a843a6c3e4c1505939a59aed5483685c7f667ff776a1f692aa78bbc362188ef5edf4fbfb6a711988d5b9e419aec2d1dd49a0fda000ccc7b3f746d1d70bdde2ae6cae7b837d6317300e7f8b9702c5e841731e6da4ebc866ddfcfd891f04cc157b1f0878c257a51bdf86f95f4bd3fa8af476b9467dd60e9aa66e875e11a49bf5af7dbb2cca1314d2b4afae13be9217690fdee3428739da9096a463d8593283838ce0c340691b3f746432bf76d8108124240aff623b6bb75f8890839ce01584aaa395f21f89965c63bcb44f0c3f823fbe5358d60aa0ef84cdc65ebcfcca12a682af67c7ae100d1931548c6656366409da634a216ea,gx-no-cache=1489150979072 HTTP/1.1" 200 257
192.168.10.89 - - [10/Mar/2017:09:08:17 -0300] "GET /cormun/servlet/solicitudgral?350cfb2d53f24f850be85bebedaa3cd40eeda51e0939b7d59bf25364dd776eb6cac61f24330a99688f67aa7906351db146020e73540697496906eb79d21a7f727647e6b21d0a7fd15fadc402883f14a59590c73ae3dce83ed506296dcc7b773eefdea1f6cf206ebb7823789e2674c93b3906e38aa3f31bf7032f3872863f58299f0d305985317831d98e3fbf7214c14d1317bae5aa444576d665fcb428bcc503d9fe8e502317738d3da5efcad1e15e8d5bbeb92e74925ce87f953e78a3effaf1849a187b16f7b871525d9c0a8aeb4873455483c700c18c95c8d922cd5cb3f404a35ca0b0f338e879c700702d484640581bd1b41bea2010f9a537d06ea9c888db0c316af53b9e62142fa8a11dc19e1569dc5400b106d27243577ebcf998d1f276782310161561f7779bd81dc90fedba78d3a00575eff35d44ec744983dcaa06b36bedde6f946046e2537d869c4352c42bd91e7253df9da092dc409d66d4c790b7682392fd0c5a6078f5c89c5d28b36a9cb44e6c9b5fe0b43f0488b3ebd15f06ec5412d8c818cd34df12b3e9eeec9a677d964de1d713e9b3eba6241d483276ed385824673aa13f4b1d6b5d4ec8b8c7c6535d64d1c5fa8ce3ff9a96110004a9234397651accdb4bfddcca8a57228e05d2d358f595d3ab6270e22e734054a5d16f1cabdea18e6194b49160cd68d956a761e7fc826b0a1967a7c43de732721f35f771f556ff1f4895d3bad782ae66ac29122d0bba3423da67ddb93a8cf629f6bfcb914b00a43cb7af804f1da533a3ea06ca8b,gx-no-cache=1489150981155 HTTP/1.1" 200 48
200.112.49.242 - - [10/Mar/2017:09:08:18 -0300] "GET /cormun/servlet/trsolicitudot? HTTP/1.1" 200 6963
192.168.10.89 - - [10/Mar/2017:09:08:19 -0300] "POST /cormun/servlet/solicitudgral?ea02cf5fe1c2aa9466175592fd156b19,UPD,2017,5314,,gx-no-cache=1489150982477 HTTP/1.1" 200 10548
192.168.10.89 - - [10/Mar/2017:09:08:21 -0300] "GET /cormun/servlet/solicitudgral?350cfb2d53f24f850be85bebedaa3cd4edaacf47904bd63c8910a1113741562f1e88f491dbe2628ea1872396b97457c26c9d919f683c333c2af353e3e61d2367c41114c14016d342c0ac7b80375dd30839e3511f0e99b4a922edba9b8f7416b02003d27a619b478575d357c04dccb918efa2e0f45f09776cb669a130fcc4bc2b790568da25fba2b752179ae494f5a0453625f3d0104304567584138577775155,gx-no-cache=1489150984883 HTTP/1.1" 200 29
192.168.10.89 - - [10/Mar/2017:09:08:21 -0300] "POST /cormun/servlet/solicitudgral?gx-no-cache=1489150984907 HTTP/1.1" 200 1250
192.168.10.89 - - [10/Mar/2017:09:08:21 -0300] "POST /cormun/servlet/solicitudgral?gx-no-cache=1489150984945 HTTP/1.1" 200 1155
192.168.10.89 - - [10/Mar/2017:09:08:21 -0300] "POST /cormun/servlet/solicitudgral?ea02cf5fe1c2aa9466175592fd156b19,UPD,2017,5314,,gx-no-cache=1489150985006 HTTP/1.1" 200 93
192.168.10.89 - - [10/Mar/2017:09:08:21 -0300] "GET /cormun/servlet/hpexe_return? HTTP/1.1" 200 1015
192.168.10.96 - - [10/Mar/2017:09:08:21 -0300] "POST /cormun/servlet/solicitudot?gx-no-cache=1489150985304 HTTP/1.1" 200 1291
200.112.49.242 - - [10/Mar/2017:09:08:22 -0300] "GET /cormun/servlet/trvisualizadoreventos? HTTP/1.1" 200 6738
192.168.10.89 - - [10/Mar/2017:09:08:22 -0300] "GET /cormun/servlet/trsolicitudgral? HTTP/1.1" 200 9982
192.168.10.96 - - [10/Mar/2017:09:08:26 -0300] "GET /cormun/static/menuarrow.gif HTTP/1.1" 404 1015
200.112.49.242 - - [10/Mar/2017:09:08:26 -0300] "GET /cormun/servlet/trsolicitudot? HTTP/1.1" 200 6963
200.112.49.242 - - [10/Mar/2017:09:08:29 -0300] "GET /cormun/servlet/trautorizarsolicitud? HTTP/1.1" 200 6950
192.168.10.96 - - [10/Mar/2017:09:08:30 -0300] "POST /cormun/servlet/solicitudot?gx-no-cache=1489150994283 HTTP/1.1" 200 118
192.168.10.96 - - [10/Mar/2017:09:08:41 -0300] "POST /cormun/servlet/solicitudot?gx-no-cache=1489151005361 HTTP/1.1" 200 118
192.168.10.96 - - [10/Mar/2017:09:09:10 -0300] "POST /cormun/servlet/solicitudot?gx-no-cache=1489151033499 HTTP/1.1" 200 118
192.168.10.96 - - [10/Mar/2017:09:09:16 -0300] "POST /cormun/servlet/solicitudot?gx-no-cache=1489151040240 HTTP/1.1" 200 118
192.168.10.96 - - [10/Mar/2017:09:10:26 -0300] "GET /cormun/servlet/solicitudot?6448a6b47be06385d1808a243cf1e3f0cee2af578ffe85235fec0185fe3f12b7715fdf3aab3b6749763bf3c14ff2a38e,gx-no-cache=1489151110280 HTTP/1.1" 200 111
192.168.10.96 - - [10/Mar/2017:09:10:31 -0300] "POST /cormun/servlet/solicitudot?gx-no-cache=1489151115249 HTTP/1.1" 200 30
192.168.10.96 - - [10/Mar/2017:09:10:31 -0300] "POST /cormun/servlet/solicitudot?gx-no-cache=1489151115281 HTTP/1.1" 200 1291
192.168.10.96 - - [10/Mar/2017:09:10:39 -0300] "GET /cormun/servlet/prlicenciaspermisos?17135699,L,,MD,,gxPopupLevel%3D0%3B HTTP/1.1" 200 5567
192.168.10.96 - - [10/Mar/2017:09:10:39 -0300] "GET /cormun/static/gxcfg.js?2016122619302491 HTTP/1.1" 200 953
192.168.10.96 - - [10/Mar/2017:09:10:39 -0300] "GET /cormun/static/prlicenciaspermisos.js?2016122619302645 HTTP/1.1" 200 13363
192.168.10.96 - - [10/Mar/2017:09:10:50 -0300] "POST /cormun/servlet/solicitudot?gx-no-cache=1489151133986 HTTP/1.1" 200 41
192.168.10.96 - - [10/Mar/2017:09:10:53 -0300] "GET /cormun/servlet/prlicenciaspermisos?17135699,L,,MD,,gxPopupLevel%3D0%3B HTTP/1.1" 200 5567
200.112.49.242 - - [10/Mar/2017:09:12:11 -0300] "GET /cormun/servlet/trsolicitudot? HTTP/1.1" 200 6963
200.112.49.242 - - [10/Mar/2017:09:12:18 -0300] "GET /cormun/servlet/solicitudot?INS,0,0, HTTP/1.1" 200 12795
192.168.10.89 - - [10/Mar/2017:09:13:12 -0300] "POST /cormun/servlet/trsolicitudgral?ea02cf5fe1c2aa9466175592fd156b19,,gx-no-cache=1489151275692 HTTP/1.1" 200 11486
200.112.49.242 - - [10/Mar/2017:09:13:15 -0300] "POST /cormun/servlet/solicitudot?gx-no-cache=1489148062656 HTTP/1.1" 200 3081
200.112.49.242 - - [10/Mar/2017:09:13:16 -0300] "POST /cormun/servlet/solicitudot?0dcbcc117c8c06906b10e2fd7978ec36,INS,0,0,,gx-no-cache=1489148063896 HTTP/1.1" 200 9865
192.168.10.89 - - [10/Mar/2017:09:13:17 -0300] "POST /cormun/servlet/trsolicitudgral?ea02cf5fe1c2aa9466175592fd156b19,,gx-no-cache=1489151280483 HTTP/1.1" 200 105
192.168.10.89 - - [10/Mar/2017:09:13:17 -0300] "POST /cormun/servlet/trsolicitudgral?ea02cf5fe1c2aa9466175592fd156b19,,gx-no-cache=1489151280668 HTTP/1.1" 200 11468
192.168.10.89 - - [10/Mar/2017:09:13:18 -0300] "GET /cormun/SolicitudGral-4194.xls HTTP/1.1" 200 11776
192.168.10.89 - - [10/Mar/2017:09:13:19 -0300] "HEAD /cormun/SolicitudGral-4194.xls HTTP/1.1" 200 -
192.168.10.89 - - [10/Mar/2017:09:13:19 -0300] "OPTIONS /cormun HTTP/1.1" 302 -
192.168.10.89 - - [10/Mar/2017:09:13:19 -0300] "OPTIONS /cormun/ HTTP/1.1" 200 -
192.168.10.89 - - [10/Mar/2017:09:13:19 -0300] "PROPFIND /cormun HTTP/1.1" 302 -
192.168.10.89 - - [10/Mar/2017:09:13:19 -0300] "PROPFIND /cormun/ HTTP/1.1" 501 1141
192.168.10.89 - - [10/Mar/2017:09:13:19 -0300] "PROPFIND /cormun HTTP/1.1" 302 -
192.168.10.89 - - [10/Mar/2017:09:13:19 -0300] "PROPFIND /cormun/ HTTP/1.1" 501 1141
192.168.10.89 - - [10/Mar/2017:09:13:19 -0300] "HEAD /cormun/SolicitudGral-4194.xls HTTP/1.1" 200 -
192.168.10.89 - - [10/Mar/2017:09:13:20 -0300] "PROPFIND / HTTP/1.1" 200 11217
192.168.10.89 - - [10/Mar/2017:09:13:20 -0300] "PROPFIND / HTTP/1.1" 200 11217
192.168.10.89 - - [10/Mar/2017:09:13:22 -0300] "PROPFIND /cormun HTTP/1.1" 302 -
192.168.10.89 - - [10/Mar/2017:09:13:22 -0300] "PROPFIND /cormun/ HTTP/1.1" 501 1141
192.168.10.89 - - [10/Mar/2017:09:13:22 -0300] "PROPFIND /cormun HTTP/1.1" 302 -
192.168.10.89 - - [10/Mar/2017:09:13:22 -0300] "PROPFIND /cormun/ HTTP/1.1" 501 1141
192.168.10.89 - - [10/Mar/2017:09:13:22 -0300] "GET /cormun/SolicitudGral-4194.xls HTTP/1.1" 200 11776
192.168.10.89 - - [10/Mar/2017:09:13:22 -0300] "HEAD /cormun/SolicitudGral-4194.xls HTTP/1.1" 200 -
200.112.49.242 - - [10/Mar/2017:09:13:35 -0300] "GET /cormun/servlet/solicitudot?af99da87dca42ccdf9d287f0e16f2128c2a008348c0adc612e73314977d1535a72e9583bcd1f6f9ff6fabfc1c71e9b06,gx-no-cache=1489148083466 HTTP/1.1" 200 30
200.112.49.242 - - [10/Mar/2017:09:15:29 -0300] "POST /cormun/servlet/solicitudot?gx-no-cache=1489148197512 HTTP/1.1" 200 255
200.112.49.242 - - [10/Mar/2017:09:15:35 -0300] "POST /cormun/servlet/solicitudot?gx-no-cache=1489148202832 HTTP/1.1" 200 256
200.112.49.242 - - [10/Mar/2017:09:15:37 -0300] "GET /cormun/servlet/solicitudot?af99da87dca42ccdf9d287f0e16f2128a870a044d9beefc892dffb705925acdf26a11d9b73684af27e34548596bb2ede066ba6572bc4f8c08bf00e610c14cbdaef58a9350d16df2d76a7660a2f1401a6ee6b172d6428611049da6e93b91eaf29169eb672e31caff87bc8004dc229823b980d445a825bfb3887672b2afe5e6586b4e97513603f5d851c27e06d4317de489eb2f3e591a63613574701bb9eac51ba92b9cb21c1f3407dffb7eb60fd0fceafc605a2f7aa5a3702a64eb71427f0b5c0cf98319ff58b9e804b270672939639cdb2ad59acebd6598bc789b4e55551d495af990ea60f36a556cde1c3d5e01604a3c83411162c02a5fc40af238638f87c7be6a4398984a796567735d5eaffca9a4d5df82b56887760ee39b2a446180e9706efba757ab7112327ab049488fb940fb93d244d612267c13a391e66436ea05acdef0eedd0d2a3dd04cc05fae73441b31400b6e1d256a05dfd166a32571c91c9a8ae01fa434c6b15938d5ada4462e82928985286927d6a70cdef71332fc32ab87d,gx-no-cache=1489148205634 HTTP/1.1" 200 30
200.112.49.242 - - [10/Mar/2017:09:15:40 -0300] "POST /cormun/servlet/solicitudot?gx-no-cache=1489148208496 HTTP/1.1" 200 30
200.112.49.242 - - [10/Mar/2017:09:15:43 -0300] "POST /cormun/servlet/solicitudot?gx-no-cache=1489148211646 HTTP/1.1" 200 235
200.112.49.242 - - [10/Mar/2017:09:15:44 -0300] "POST /cormun/servlet/solicitudot?gx-no-cache=1489148211748 HTTP/1.1" 200 38
200.112.49.242 - - [10/Mar/2017:09:16:16 -0300] "GET /cormun/servlet/solicitudot?af99da87dca42ccdf9d287f0e16f212873e938dd9ecf6f015fff38349b930f2b84ede93db547d3a5c2ac974aa0b2d33b8d26aa2ddec37bda335f3b0104ad8da6d95c8bdd14a458d4cda4a001336ce101626c6c72563fb563d5eed81a04c3e3ff7489cc0c9e680ee6caa6002d36bea169,gx-no-cache=1489148242938 HTTP/1.1" 200 29
200.112.49.242 - - [10/Mar/2017:09:16:16 -0300] "POST /cormun/servlet/solicitudot?gx-no-cache=1489148244020 HTTP/1.1" 200 643
200.112.49.242 - - [10/Mar/2017:09:16:21 -0300] "POST /cormun/servlet/solicitudot?gx-no-cache=1489148248777 HTTP/1.1" 200 1157
200.112.49.242 - - [10/Mar/2017:09:16:35 -0300] "GET /cormun/static/menuarrow.gif HTTP/1.1" 404 1015
200.112.49.242 - - [10/Mar/2017:09:16:57 -0300] "GET /cormun/servlet/solicitudot?af99da87dca42ccdf9d287f0e16f212898843fe7dced7c1d5d99101cb06d66c9e994c479e8bbdfd2e37e7b41807114061e9d01bc596f1491d99828fc7c141982aca4338d94bc1e136d0d4f03c45824008908484ab82083d89b9bede14d4eb045993dd9e30b7e1091c2898229f73d8813a8b446410b91443e4217e664b7f5d2e82a65a4ec152c51e0d37bf159c8e9dff68f618e3b1f81f42357f2011a28c30dcb1737ce5a764ef3950692d4bc9cd1a912,gx-no-cache=1489148284716 HTTP/1.1" 200 30
200.112.49.242 - - [10/Mar/2017:09:17:17 -0300] "POST /cormun/servlet/solicitudot?0dcbcc117c8c06906b10e2fd7978ec36,INS,0,0,,gx-no-cache=1489148304736 HTTP/1.1" 200 93
200.112.49.242 - - [10/Mar/2017:09:17:17 -0300] "GET /cormun/servlet/hpexe_return? HTTP/1.1" 200 1002
200.112.49.242 - - [10/Mar/2017:09:17:17 -0300] "GET /cormun/servlet/trsolicitudot HTTP/1.1" 200 8234
200.112.49.242 - - [10/Mar/2017:09:17:21 -0300] "POST /cormun/servlet/trsolicitudot?0dcbcc117c8c06906b10e2fd7978ec36,gx-no-cache=1489148308737 HTTP/1.1" 200 106
200.112.49.242 - - [10/Mar/2017:09:17:21 -0300] "GET /cormun/servlet/trsolicitudadjuntos?2017,5412, HTTP/1.1" 200 6092
200.112.49.242 - - [10/Mar/2017:09:17:25 -0300] "GET /cormun/servlet/solicitudotadjuntos?INS,2017,5412,,1, HTTP/1.1" 200 6025
200.112.49.242 - - [10/Mar/2017:09:17:25 -0300] "HEAD /cormun/static/about:blank HTTP/1.1" 404 -
200.112.49.242 - - [10/Mar/2017:09:17:26 -0300] "GET /cormun/servlet/solicitudotadjuntos?af99da87dca42ccdf9d287f0e16f21282035b54a8a23fe4172c007ecd693c8a1f50f32167f92322b6d0a8afd50c12de9,gx-no-cache=1489148313833 HTTP/1.1" 200 30
200.112.49.242 - - [10/Mar/2017:09:17:26 -0300] "POST /cormun/servlet/solicitudotadjuntos?0dcbcc117c8c06906b10e2fd7978ec36,INS,2017,5412,,1,,gx-no-cache=1489148313912 HTTP/1.1" 200 3854
200.112.49.242 - - [10/Mar/2017:09:17:29 -0300] "POST /cormun/servlet/solicitudotadjuntos?gx-no-cache=1489148317064 HTTP/1.1" 200 26
200.112.49.242 - - [10/Mar/2017:09:17:39 -0300] "GET /cormun/servlet/solicitudotadjuntos?af99da87dca42ccdf9d287f0e16f21285052d36b684e345a45658d45c1365716,gx-no-cache=1489148326975 HTTP/1.1" 200 30
200.112.49.242 - - [10/Mar/2017:09:17:39 -0300] "GET /cormun/servlet/solicitudotadjuntos?af99da87dca42ccdf9d287f0e16f21285052d36b684e345a45658d45c1365716,gx-no-cache=1489148327032 HTTP/1.1" 200 30
200.112.49.242 - - [10/Mar/2017:09:17:41 -0300] "POST /cormun/servlet/solicitudotadjuntos?0dcbcc117c8c06906b10e2fd7978ec36,INS,2017,5412,,1, HTTP/1.1" 200 116
200.112.49.242 - - [10/Mar/2017:09:17:41 -0300] "GET /cormun/servlet/hpexe_return? HTTP/1.1" 200 1021
200.112.49.242 - - [10/Mar/2017:09:17:41 -0300] "GET /cormun/servlet/trsolicitudadjuntos?2017,5412, HTTP/1.1" 200 8227
200.112.49.242 - - [10/Mar/2017:09:17:49 -0300] "GET /cormun/servlet/solicitudotadjuntos?INS,2017,5412,,1, HTTP/1.1" 200 6025
200.112.49.242 - - [10/Mar/2017:09:17:49 -0300] "HEAD /cormun/static/about:blank HTTP/1.1" 404 -
200.112.49.242 - - [10/Mar/2017:09:17:50 -0300] "GET /cormun/servlet/solicitudotadjuntos?af99da87dca42ccdf9d287f0e16f21282035b54a8a23fe4172c007ecd693c8a1f50f32167f92322b6d0a8afd50c12de9,gx-no-cache=1489148337854 HTTP/1.1" 200 30
200.112.49.242 - - [10/Mar/2017:09:17:50 -0300] "POST /cormun/servlet/solicitudotadjuntos?0dcbcc117c8c06906b10e2fd7978ec36,INS,2017,5412,,1,,gx-no-cache=1489148337960 HTTP/1.1" 200 3854
200.112.49.242 - - [10/Mar/2017:09:17:56 -0300] "POST /cormun/servlet/solicitudotadjuntos?gx-no-cache=1489148344286 HTTP/1.1" 200 26
200.112.49.242 - - [10/Mar/2017:09:18:05 -0300] "GET /cormun/servlet/solicitudotadjuntos?af99da87dca42ccdf9d287f0e16f21285052d36b684e345a45658d45c1365716,gx-no-cache=1489148353390 HTTP/1.1" 200 30
200.112.49.242 - - [10/Mar/2017:09:18:05 -0300] "GET /cormun/servlet/solicitudotadjuntos?af99da87dca42ccdf9d287f0e16f21285052d36b684e345a45658d45c1365716,gx-no-cache=1489148353446 HTTP/1.1" 200 30
200.112.49.242 - - [10/Mar/2017:09:18:13 -0300] "POST /cormun/servlet/solicitudotadjuntos?0dcbcc117c8c06906b10e2fd7978ec36,INS,2017,5412,,1, HTTP/1.1" 200 116
200.112.49.242 - - [10/Mar/2017:09:18:15 -0300] "GET /cormun/servlet/hpexe_return? HTTP/1.1" 200 1021
200.112.49.242 - - [10/Mar/2017:09:18:16 -0300] "GET /cormun/servlet/trsolicitudadjuntos?2017,5412, HTTP/1.1" 200 8417
200.112.49.242 - - [10/Mar/2017:09:18:20 -0300] "GET /cormun/servlet/solicitudotadjuntos?INS,2017,5412,,1, HTTP/1.1" 200 6026
200.112.49.242 - - [10/Mar/2017:09:18:20 -0300] "HEAD /cormun/static/about:blank HTTP/1.1" 404 -
200.112.49.242 - - [10/Mar/2017:09:18:21 -0300] "GET /cormun/servlet/solicitudotadjuntos?af99da87dca42ccdf9d287f0e16f21282035b54a8a23fe4172c007ecd693c8a1f50f32167f92322b6d0a8afd50c12de9,gx-no-cache=1489148369308 HTTP/1.1" 200 30
200.112.49.242 - - [10/Mar/2017:09:18:21 -0300] "POST /cormun/servlet/solicitudotadjuntos?0dcbcc117c8c06906b10e2fd7978ec36,INS,2017,5412,,1,,gx-no-cache=1489148369375 HTTP/1.1" 200 3855
192.168.10.96 - - [10/Mar/2017:09:18:23 -0300] "GET /cormun/servlet/hlogin HTTP/1.1" 200 1743
200.112.49.242 - - [10/Mar/2017:09:18:28 -0300] "POST /cormun/servlet/solicitudotadjuntos?gx-no-cache=1489148376270 HTTP/1.1" 200 26
192.168.10.96 - - [10/Mar/2017:09:18:32 -0300] "POST /cormun/servlet/hlogin?d4e5d888e3b0ef2ddd22fa5cc1bc6480,gx-no-cache=1489151595961 HTTP/1.1" 200 90
192.168.10.96 - - [10/Mar/2017:09:18:32 -0300] "GET /cormun/servlet/hpexe_link HTTP/1.1" 200 956
192.168.10.96 - - [10/Mar/2017:09:18:32 -0300] "GET /cormun/servlet/hhome HTTP/1.1" 200 4124
192.168.10.96 - - [10/Mar/2017:09:18:33 -0300] "GET /cormun/servlet/hhome HTTP/1.1" 200 4120
192.168.10.96 - - [10/Mar/2017:09:18:35 -0300] "GET /cormun/servlet/trsolicitudgral? HTTP/1.1" 200 15692
192.168.10.96 - - [10/Mar/2017:09:18:36 -0300] "GET /cormun/servlet/trsolicitudgral? HTTP/1.1" 200 15690
200.112.49.242 - - [10/Mar/2017:09:18:38 -0300] "GET /cormun/servlet/solicitudotadjuntos?af99da87dca42ccdf9d287f0e16f21285052d36b684e345a45658d45c1365716,gx-no-cache=1489148386030 HTTP/1.1" 200 30
200.112.49.242 - - [10/Mar/2017:09:18:38 -0300] "GET /cormun/servlet/solicitudotadjuntos?af99da87dca42ccdf9d287f0e16f21285052d36b684e345a45658d45c1365716,gx-no-cache=1489148386086 HTTP/1.1" 200 30
200.112.49.242 - - [10/Mar/2017:09:18:39 -0300] "POST /cormun/servlet/solicitudotadjuntos?0dcbcc117c8c06906b10e2fd7978ec36,INS,2017,5412,,1, HTTP/1.1" 200 116
200.112.49.242 - - [10/Mar/2017:09:18:39 -0300] "GET /cormun/servlet/hpexe_return? HTTP/1.1" 200 1021
