192.168.10.96 - - [10/Mar/2017:09:43:19 -0300] "GET /cormun/servlet/trsolicitudot? HTTP/1.1" 200 6974
192.168.10.96 - - [10/Mar/2017:09:43:19 -0300] "GET /cormun/servlet/trsolicitudot? HTTP/1.1" 200 6974
192.168.10.96 - - [10/Mar/2017:09:43:24 -0300] "POST /cormun/servlet/trsolicitudot?d4e5d888e3b0ef2ddd22fa5cc1bc6480,,gx-no-cache=1489153088119 HTTP/1.1" 200 5816
192.168.10.96 - - [10/Mar/2017:09:43:27 -0300] "POST /cormun/servlet/trsolicitudot?d4e5d888e3b0ef2ddd22fa5cc1bc6480,,gx-no-cache=1489153091163 HTTP/1.1" 200 5468
192.168.10.96 - - [10/Mar/2017:09:43:27 -0300] "GET /cormun/static/Shared/jqueryui/images/ui-bg_highlight-soft_100_c6c2c8_1x100.png HTTP/1.1" 404 1117
192.168.10.96 - - [10/Mar/2017:09:43:27 -0300] "GET /cormun/static/Shared/jqueryui/images/ui-icons_82798d_256x240.png HTTP/1.1" 404 1089
192.168.10.96 - - [10/Mar/2017:09:43:27 -0300] "GET /cormun/static/Shared/jqueryui/images/ui-icons_8d78a5_256x240.png HTTP/1.1" 404 1089
192.168.10.96 - - [10/Mar/2017:09:43:27 -0300] "GET /cormun/static/Shared/jqueryui/images/ui-bg_flat_55_fafafa_40x100.png HTTP/1.1" 404 1097
192.168.10.96 - - [10/Mar/2017:09:43:27 -0300] "POST /cormun/servlet/trsolicitudot?d4e5d888e3b0ef2ddd22fa5cc1bc6480,,gx-no-cache=1489153091338 HTTP/1.1" 200 5412
192.168.10.96 - - [10/Mar/2017:09:43:28 -0300] "POST /cormun/servlet/trsolicitudot?d4e5d888e3b0ef2ddd22fa5cc1bc6480,,gx-no-cache=1489153091977 HTTP/1.1" 200 4344
192.168.10.96 - - [10/Mar/2017:09:43:28 -0300] "POST /cormun/servlet/trsolicitudot?d4e5d888e3b0ef2ddd22fa5cc1bc6480,,gx-no-cache=1489153092151 HTTP/1.1" 200 4119
192.168.10.96 - - [10/Mar/2017:09:43:30 -0300] "GET /cormun/servlet/trautorizarsolicitud? HTTP/1.1" 200 8604
192.168.10.96 - - [10/Mar/2017:09:43:30 -0300] "GET /cormun/servlet/trautorizarsolicitud? HTTP/1.1" 200 8604
192.168.10.96 - - [10/Mar/2017:09:43:35 -0300] "GET /cormun/servlet/trautorizarsolicitud? HTTP/1.1" 200 8604
192.168.10.96 - - [10/Mar/2017:09:43:36 -0300] "GET /cormun/servlet/trautorizarsolicitud? HTTP/1.1" 200 8604
192.168.10.96 - - [10/Mar/2017:09:43:40 -0300] "POST /cormun/servlet/trautorizarsolicitud?d4e5d888e3b0ef2ddd22fa5cc1bc6480,,gx-no-cache=1489153104078 HTTP/1.1" 200 6478
192.168.10.96 - - [10/Mar/2017:09:43:49 -0300] "POST /cormun/servlet/trautorizarsolicitud?d4e5d888e3b0ef2ddd22fa5cc1bc6480,,gx-no-cache=1489153112628 HTTP/1.1" 200 6191
192.168.10.96 - - [10/Mar/2017:09:43:49 -0300] "GET /cormun/static/Shared/jqueryui/images/ui-bg_highlight-soft_100_c6c2c8_1x100.png HTTP/1.1" 404 1117
192.168.10.96 - - [10/Mar/2017:09:43:49 -0300] "GET /cormun/static/Shared/jqueryui/images/ui-icons_82798d_256x240.png HTTP/1.1" 404 1089
192.168.10.96 - - [10/Mar/2017:09:43:49 -0300] "GET /cormun/static/Shared/jqueryui/images/ui-bg_flat_55_fafafa_40x100.png HTTP/1.1" 404 1097
192.168.10.96 - - [10/Mar/2017:09:43:49 -0300] "GET /cormun/static/Shared/jqueryui/images/ui-icons_8d78a5_256x240.png HTTP/1.1" 404 1089
192.168.10.96 - - [10/Mar/2017:09:43:49 -0300] "POST /cormun/servlet/trautorizarsolicitud?d4e5d888e3b0ef2ddd22fa5cc1bc6480,,gx-no-cache=1489153112862 HTTP/1.1" 200 6134
192.168.10.96 - - [10/Mar/2017:09:43:52 -0300] "POST /cormun/servlet/trautorizarsolicitud?d4e5d888e3b0ef2ddd22fa5cc1bc6480,,gx-no-cache=1489153115784 HTTP/1.1" 200 5835
192.168.10.96 - - [10/Mar/2017:09:43:52 -0300] "POST /cormun/servlet/trautorizarsolicitud?d4e5d888e3b0ef2ddd22fa5cc1bc6480,,gx-no-cache=1489153116010 HTTP/1.1" 200 5778
192.168.10.96 - - [10/Mar/2017:09:43:55 -0300] "POST /cormun/servlet/trautorizarsolicitud?d4e5d888e3b0ef2ddd22fa5cc1bc6480,,gx-no-cache=1489153118808 HTTP/1.1" 200 5430
192.168.10.96 - - [10/Mar/2017:09:43:55 -0300] "POST /cormun/servlet/trautorizarsolicitud?d4e5d888e3b0ef2ddd22fa5cc1bc6480,,gx-no-cache=1489153119030 HTTP/1.1" 200 5375
192.168.10.96 - - [10/Mar/2017:09:43:59 -0300] "POST /cormun/servlet/trautorizarsolicitud?d4e5d888e3b0ef2ddd22fa5cc1bc6480,,gx-no-cache=1489153123071 HTTP/1.1" 200 4312
192.168.10.96 - - [10/Mar/2017:09:43:59 -0300] "POST /cormun/servlet/trautorizarsolicitud?d4e5d888e3b0ef2ddd22fa5cc1bc6480,,gx-no-cache=1489153123248 HTTP/1.1" 200 4098
186.79.206.45 - - [10/Mar/2017:09:44:01 -0300] "GET /cormun/servlet/hlogin HTTP/1.1" 200 1724
186.79.206.45 - - [10/Mar/2017:09:44:01 -0300] "GET /cormun/static/gxtimezone.js?85251 HTTP/1.1" 304 -
186.79.206.45 - - [10/Mar/2017:09:44:01 -0300] "GET /cormun/static/messages.spa.js?85251 HTTP/1.1" 304 -
186.79.206.45 - - [10/Mar/2017:09:44:03 -0300] "POST /cormun/servlet/hlogin?4c55877d9e9e5967c55caf3b549e7a64,gx-no-cache=1489149912731 HTTP/1.1" 200 90
186.79.206.45 - - [10/Mar/2017:09:44:03 -0300] "GET /cormun/servlet/hpexe_link HTTP/1.1" 200 956
186.79.206.45 - - [10/Mar/2017:09:44:04 -0300] "GET /cormun/servlet/hhome HTTP/1.1" 200 3988
186.79.206.45 - - [10/Mar/2017:09:44:04 -0300] "GET /cormun/servlet/hhome HTTP/1.1" 200 3984
186.79.206.45 - - [10/Mar/2017:09:44:21 -0300] "GET /cormun/servlet/trautorizarsolicitud? HTTP/1.1" 200 8520
186.79.206.45 - - [10/Mar/2017:09:44:21 -0300] "GET /cormun/static/calendar.js?85251 HTTP/1.1" 304 -
186.79.206.45 - - [10/Mar/2017:09:44:22 -0300] "GET /cormun/static/calendar-setup.js?85251 HTTP/1.1" 304 -
186.79.206.45 - - [10/Mar/2017:09:44:22 -0300] "GET /cormun/static/calendar-es.js?85251 HTTP/1.1" 304 -
186.79.206.45 - - [10/Mar/2017:09:44:22 -0300] "GET /cormun/static/gxdec.js?85251 HTTP/1.1" 304 -
186.79.206.45 - - [10/Mar/2017:09:44:22 -0300] "GET /cormun/servlet/trautorizarsolicitud? HTTP/1.1" 200 8518
186.79.206.45 - - [10/Mar/2017:09:44:34 -0300] "POST /cormun/servlet/trautorizarsolicitud?4c55877d9e9e5967c55caf3b549e7a64,,gx-no-cache=1489149943707 HTTP/1.1" 200 115
186.79.206.45 - - [10/Mar/2017:09:44:35 -0300] "GET /cormun/servlet/solicitudotlog?INS,2017,5392,0,REC, HTTP/1.1" 200 5771
186.79.206.45 - - [10/Mar/2017:09:44:35 -0300] "GET /cormun/static/gxcfg.js?201612218471193 HTTP/1.1" 304 -
186.79.206.45 - - [10/Mar/2017:09:44:35 -0300] "GET /cormun/servlet/solicitudotlog?INS,2017,5392,0,REC, HTTP/1.1" 200 5771
186.79.206.45 - - [10/Mar/2017:09:44:36 -0300] "GET /cormun/servlet/solicitudotlog?9cf7a0e99c4f443e81130ea21154235919767915a1f01b107a56b9e0787405f6609c3f573659dde5d4d46c06a6bff5ea0c01d5a2b724feb264d814840e53c27f6c6a929dcd78cf7e24176a8b3e967a5783c4c21d5a19ab5653c54607e6454629068f5f6e4a53a6df05ff6b5aedeef974ef02fb758146dbdf6f7a582d21cea306bfd7a20a13ef476652b3e5ac454f8c1e1797bf5acac4a53f624ba65fe6107483,gx-no-cache=1489149945102 HTTP/1.1" 200 94
192.168.10.96 - - [10/Mar/2017:09:44:44 -0300] "GET /cormun/servlet/hlogin HTTP/1.1" 200 1743
186.79.206.45 - - [10/Mar/2017:09:44:51 -0300] "POST /cormun/servlet/solicitudotlog?4c55877d9e9e5967c55caf3b549e7a64,INS,2017,5392,0,REC,,gx-no-cache=1489149960096 HTTP/1.1" 200 93
186.79.206.45 - - [10/Mar/2017:09:44:51 -0300] "GET /cormun/servlet/hpexe_return? HTTP/1.1" 200 1028
186.79.206.45 - - [10/Mar/2017:09:44:51 -0300] "GET /cormun/static/gxcfg.js?2016101716175148 HTTP/1.1" 304 -
186.79.206.45 - - [10/Mar/2017:09:44:51 -0300] "GET /cormun/servlet/trautorizarsolicitud HTTP/1.1" 200 8140
186.79.206.45 - - [10/Mar/2017:09:44:52 -0300] "GET /cormun/servlet/trautorizarsolicitud HTTP/1.1" 200 8136
192.168.10.96 - - [10/Mar/2017:09:44:53 -0300] "POST /cormun/servlet/hlogin?d4e5d888e3b0ef2ddd22fa5cc1bc6480,gx-no-cache=1489153176496 HTTP/1.1" 200 90
192.168.10.96 - - [10/Mar/2017:09:44:53 -0300] "GET /cormun/servlet/hpexe_link HTTP/1.1" 200 956
192.168.10.96 - - [10/Mar/2017:09:44:53 -0300] "GET /cormun/servlet/hhome HTTP/1.1" 200 4124
192.168.10.96 - - [10/Mar/2017:09:44:53 -0300] "GET /cormun/servlet/hhome HTTP/1.1" 200 4120
192.168.10.96 - - [10/Mar/2017:09:44:55 -0300] "GET /cormun/servlet/trsolicitudgral? HTTP/1.1" 200 8430
192.168.10.96 - - [10/Mar/2017:09:44:56 -0300] "GET /cormun/servlet/trsolicitudgral? HTTP/1.1" 200 8428
186.79.206.45 - - [10/Mar/2017:09:44:57 -0300] "POST /cormun/servlet/trautorizarsolicitud?4c55877d9e9e5967c55caf3b549e7a64,gx-no-cache=1489149965880 HTTP/1.1" 200 115
186.79.206.45 - - [10/Mar/2017:09:44:57 -0300] "GET /cormun/servlet/solicitudotlog?INS,2017,5391,0,REC, HTTP/1.1" 200 5770
186.79.206.45 - - [10/Mar/2017:09:44:57 -0300] "GET /cormun/servlet/solicitudotlog?INS,2017,5391,0,REC, HTTP/1.1" 200 5770
186.79.206.45 - - [10/Mar/2017:09:44:58 -0300] "GET /cormun/servlet/solicitudotlog?9cf7a0e99c4f443e81130ea211542359ed0d562d6e65a14941b6d218dfa3efd8609c3f573659dde5d4d46c06a6bff5ea0c01d5a2b724feb264d814840e53c27f6c6a929dcd78cf7e24176a8b3e967a5783c4c21d5a19ab5653c54607e6454629068f5f6e4a53a6df05ff6b5aedeef974ef02fb758146dbdf6f7a582d21cea306bfd7a20a13ef476652b3e5ac454f8c1e1797bf5acac4a53f624ba65fe6107483,gx-no-cache=1489149967125 HTTP/1.1" 200 94
186.79.206.45 - - [10/Mar/2017:09:45:20 -0300] "POST /cormun/servlet/solicitudotlog?4c55877d9e9e5967c55caf3b549e7a64,INS,2017,5391,0,REC,,gx-no-cache=1489149988496 HTTP/1.1" 200 93
186.79.206.45 - - [10/Mar/2017:09:45:20 -0300] "GET /cormun/servlet/hpexe_return? HTTP/1.1" 200 1028
186.79.206.45 - - [10/Mar/2017:09:45:20 -0300] "GET /cormun/servlet/trautorizarsolicitud HTTP/1.1" 200 6908
186.79.206.45 - - [10/Mar/2017:09:45:21 -0300] "GET /cormun/servlet/trautorizarsolicitud HTTP/1.1" 200 6905
192.168.10.96 - - [10/Mar/2017:09:45:22 -0300] "POST /cormun/servlet/trsolicitudgral?d4e5d888e3b0ef2ddd22fa5cc1bc6480,,gx-no-cache=1489153205942 HTTP/1.1" 200 5417
192.168.10.96 - - [10/Mar/2017:09:45:25 -0300] "POST /cormun/servlet/trsolicitudgral?d4e5d888e3b0ef2ddd22fa5cc1bc6480,,gx-no-cache=1489153208806 HTTP/1.1" 200 5418
192.168.10.96 - - [10/Mar/2017:09:45:31 -0300] "POST /cormun/servlet/trsolicitudgral?d4e5d888e3b0ef2ddd22fa5cc1bc6480,,gx-no-cache=1489153214726 HTTP/1.1" 200 5418
192.168.10.96 - - [10/Mar/2017:09:45:33 -0300] "POST /cormun/servlet/trsolicitudgral?d4e5d888e3b0ef2ddd22fa5cc1bc6480,,gx-no-cache=1489153217261 HTTP/1.1" 200 5422
192.168.10.96 - - [10/Mar/2017:09:45:37 -0300] "POST /cormun/servlet/trsolicitudgral?d4e5d888e3b0ef2ddd22fa5cc1bc6480,,gx-no-cache=1489153220910 HTTP/1.1" 200 5420
192.168.10.96 - - [10/Mar/2017:09:45:43 -0300] "POST /cormun/servlet/trsolicitudgral?d4e5d888e3b0ef2ddd22fa5cc1bc6480,,gx-no-cache=1489153227042 HTTP/1.1" 200 8503
192.168.10.96 - - [10/Mar/2017:09:45:48 -0300] "POST /cormun/servlet/trsolicitudgral?d4e5d888e3b0ef2ddd22fa5cc1bc6480,,gx-no-cache=1489153232285 HTTP/1.1" 200 5400
192.168.10.96 - - [10/Mar/2017:09:45:56 -0300] "POST /cormun/servlet/trsolicitudgral?d4e5d888e3b0ef2ddd22fa5cc1bc6480,,gx-no-cache=1489153240165 HTTP/1.1" 200 10646
192.168.10.96 - - [10/Mar/2017:09:46:04 -0300] "POST /cormun/servlet/trsolicitudgral?d4e5d888e3b0ef2ddd22fa5cc1bc6480,,gx-no-cache=1489153248215 HTTP/1.1" 200 7119
186.79.206.45 - - [10/Mar/2017:09:46:09 -0300] "POST /cormun/servlet/trsolicitudot?9225d5b423440c3e121499a41bd6a657,,gx-no-cache=1489150038387 HTTP/1.1" 200 3972
192.168.10.96 - - [10/Mar/2017:09:46:09 -0300] "POST /cormun/servlet/trsolicitudgral?d4e5d888e3b0ef2ddd22fa5cc1bc6480,,gx-no-cache=1489153252614 HTTP/1.1" 200 8503
192.168.10.96 - - [10/Mar/2017:09:46:15 -0300] "POST /cormun/servlet/trsolicitudgral?d4e5d888e3b0ef2ddd22fa5cc1bc6480,,gx-no-cache=1489153258181 HTTP/1.1" 200 20571
186.79.206.45 - - [10/Mar/2017:09:46:17 -0300] "POST /cormun/servlet/trsolicitudot?9225d5b423440c3e121499a41bd6a657,,gx-no-cache=1489150047233 HTTP/1.1" 200 5587
201.214.54.252 - - [10/Mar/2017:09:46:19 -0300] "POST /cormun/servlet/trrenuncias?83354024d58789090669fc593cec0d41,,gx-no-cache=1489150050292 HTTP/1.1" 200 4044
192.168.10.96 - - [10/Mar/2017:09:46:29 -0300] "POST /cormun/servlet/trsolicitudgral?d4e5d888e3b0ef2ddd22fa5cc1bc6480,,gx-no-cache=1489153273035 HTTP/1.1" 200 10645
201.214.54.252 - - [10/Mar/2017:09:46:40 -0300] "GET /cormun/servlet/renuncias?INS,0, HTTP/1.1" 200 6048
201.214.54.252 - - [10/Mar/2017:09:46:40 -0300] "GET /cormun/static/gxcfg.js?201610171616599 HTTP/1.1" 200 953
201.214.54.252 - - [10/Mar/2017:09:46:40 -0300] "GET /cormun/static/Resources/prompt.gif HTTP/1.1" 200 902
201.214.54.252 - - [10/Mar/2017:09:46:40 -0300] "GET /cormun/static/renuncias.js?201610171616612 HTTP/1.1" 200 13629
201.214.54.252 - - [10/Mar/2017:09:46:51 -0300] "GET /cormun/servlet/renuncias?ec57f81172078a347a4238543ac2f687798f0772b3f80ef773a0de77ba9844e78df35b6a1d711324bd8c5d83348a3568,gx-no-cache=1489150082769 HTTP/1.1" 200 33
201.214.54.252 - - [10/Mar/2017:09:47:03 -0300] "GET /cormun/static/Resources/resize.gif HTTP/1.1" 200 77
201.214.54.252 - - [10/Mar/2017:09:47:10 -0300] "GET /cormun/servlet/prfichaempleado?,MD,,gxPopupLevel%3D0%3B HTTP/1.1" 200 8802
201.214.54.252 - - [10/Mar/2017:09:47:10 -0300] "GET /cormun/static/gxcfg.js?2016102420561687 HTTP/1.1" 200 953
201.214.54.252 - - [10/Mar/2017:09:47:10 -0300] "GET /cormun/static/Resources/PXToolsMenuSearch.png HTTP/1.1" 200 2914
201.214.54.252 - - [10/Mar/2017:09:47:10 -0300] "GET /cormun/static/Resources/PXToolsMenuSearchCancel.png HTTP/1.1" 200 2972
201.214.54.252 - - [10/Mar/2017:09:47:10 -0300] "GET /cormun/static/hmpwkw011.js?201612218515582 HTTP/1.1" 200 1968
201.214.54.252 - - [10/Mar/2017:09:47:10 -0300] "GET /cormun/static/menusearch.js?201610171694467 HTTP/1.1" 200 1424
201.214.54.252 - - [10/Mar/2017:09:47:10 -0300] "GET /cormun/static/prfichaempleado.js?201610242056198 HTTP/1.1" 200 16015
201.214.54.252 - - [10/Mar/2017:09:47:39 -0300] "POST /cormun/servlet/prfichaempleado?83354024d58789090669fc593cec0d41,,MD,,gxPopupLevel%3D0%3B,gx-no-cache=1489150129902 HTTP/1.1" 200 3394
201.214.54.252 - - [10/Mar/2017:09:47:43 -0300] "GET /cormun/servlet/renuncias?ec57f81172078a347a4238543ac2f6873f700108d2929956d0f1f5b6037e1f34a373a867ba64f9d134ef155ae157b2a3,gx-no-cache=1489150135042 HTTP/1.1" 200 168
201.214.54.252 - - [10/Mar/2017:09:47:44 -0300] "GET /cormun/static/Shared/jqueryui/images/ui-bg_flat_55_994d53_40x100.png HTTP/1.1" 404 1097
201.214.54.252 - - [10/Mar/2017:09:47:44 -0300] "GET /cormun/static/Shared/jqueryui/images/ui-bg_highlight-soft_100_c6c2c8_1x100.png HTTP/1.1" 404 1117
201.214.54.252 - - [10/Mar/2017:09:47:44 -0300] "GET /cormun/static/Shared/jqueryui/images/ui-icons_ebccce_256x240.png HTTP/1.1" 404 1089
201.214.54.252 - - [10/Mar/2017:09:47:44 -0300] "GET /cormun/static/Shared/jqueryui/images/ui-icons_82798d_256x240.png HTTP/1.1" 404 1089
201.214.54.252 - - [10/Mar/2017:09:47:56 -0300] "POST /cormun/servlet/renuncias?83354024d58789090669fc593cec0d41,INS,0,,gx-no-cache=1489150146868 HTTP/1.1" 200 93
201.214.54.252 - - [10/Mar/2017:09:47:56 -0300] "GET /cormun/servlet/hpexe_return? HTTP/1.1" 200 1002
201.214.54.252 - - [10/Mar/2017:09:47:56 -0300] "GET /cormun/static/gxcfg.js?2016101716175148 HTTP/1.1" 200 953
201.214.54.252 - - [10/Mar/2017:09:47:56 -0300] "GET /cormun/static/hpexe_return.js?2016101716175153 HTTP/1.1" 200 1633
201.214.54.252 - - [10/Mar/2017:09:47:57 -0300] "GET /cormun/servlet/trrenuncias? HTTP/1.1" 200 6701
192.168.10.96 - - [10/Mar/2017:09:49:05 -0300] "POST /cormun/servlet/trsolicitudgral?d4e5d888e3b0ef2ddd22fa5cc1bc6480,,gx-no-cache=1489153428406 HTTP/1.1" 200 9413
201.214.54.252 - - [10/Mar/2017:09:49:57 -0300] "POST /cormun/servlet/trrenuncias?83354024d58789090669fc593cec0d41,,gx-no-cache=1489150268776 HTTP/1.1" 200 90
201.214.54.252 - - [10/Mar/2017:09:49:57 -0300] "GET /cormun/servlet/hpexe_link HTTP/1.1" 200 961
201.214.54.252 - - [10/Mar/2017:09:49:58 -0300] "GET /cormun/servlet/trsolicitudot HTTP/1.1" 200 6922
207.46.13.59 - - [10/Mar/2017:09:50:38 -0300] "GET /cormun/static/PXToolsJavascripts/pexe_autoreload.js HTTP/1.1" 200 1762
207.46.13.59 - - [10/Mar/2017:09:50:38 -0300] "GET /cormun/static/PXToolsJavascripts/pexe_tabs.js HTTP/1.1" 200 3748
207.46.13.59 - - [10/Mar/2017:09:50:39 -0300] "GET /cormun/static/PXToolsJavascripts/pexe_windows.js HTTP/1.1" 200 15207
207.46.13.59 - - [10/Mar/2017:09:50:39 -0300] "GET /cormun/static/RunJS/RunJS.js HTTP/1.1" 200 288
207.46.13.59 - - [10/Mar/2017:09:50:39 -0300] "GET /cormun/static/Shared/ext/locale/ext-lang-en.js HTTP/1.1" 200 10940
207.46.13.59 - - [10/Mar/2017:09:50:40 -0300] "GET /cormun/static/calendar.js?85251 HTTP/1.1" 200 26246
207.46.13.59 - - [10/Mar/2017:09:50:40 -0300] "GET /cormun/static/gxcfg.js?2016122619301429 HTTP/1.1" 200 953
207.46.13.59 - - [10/Mar/2017:09:50:43 -0300] "GET /cormun/static/gxgral.js?85251 HTTP/1.1" 200 384558
207.46.13.59 - - [10/Mar/2017:09:50:49 -0300] "GET /cormun/static/gxtimezone.js?85251 HTTP/1.1" 200 5781
207.46.13.59 - - [10/Mar/2017:09:50:49 -0300] "GET /cormun/static/hpexe_messagecontroller.js?201610171694323 HTTP/1.1" 200 870
207.46.13.59 - - [10/Mar/2017:09:50:49 -0300] "GET /cormun/static/hpexe_recentlink.js?201610171694390 HTTP/1.1" 200 2144
186.79.127.233 - - [10/Mar/2017:09:53:14 -0300] "GET /cormun/servlet/hlogin HTTP/1.1" 200 1724
186.79.127.233 - - [10/Mar/2017:09:53:35 -0300] "POST /cormun/servlet/hlogin?1f42598b17b4ea5eb1319ea196b80786,gx-no-cache=1489150487012 HTTP/1.1" 200 90
186.79.127.233 - - [10/Mar/2017:09:53:36 -0300] "GET /cormun/servlet/hpexe_link HTTP/1.1" 200 955
186.79.127.233 - - [10/Mar/2017:09:53:36 -0300] "GET /cormun/static/gxcfg.js?201612218515529 HTTP/1.1" 304 -
186.79.127.233 - - [10/Mar/2017:09:53:37 -0300] "GET /cormun/servlet/hhome HTTP/1.1" 200 3992
186.79.127.233 - - [10/Mar/2017:09:53:37 -0300] "GET /cormun/static/gxcfg.js?201612218515568 HTTP/1.1" 304 -
186.79.127.233 - - [10/Mar/2017:09:53:39 -0300] "GET /cormun/servlet/hhome HTTP/1.1" 200 3989
186.79.127.233 - - [10/Mar/2017:09:53:49 -0300] "GET /cormun/servlet/trsolicitudot? HTTP/1.1" 200 6964
186.79.127.233 - - [10/Mar/2017:09:53:49 -0300] "GET /cormun/static/gxcfg.js?20171191044697 HTTP/1.1" 200 953
186.79.127.233 - - [10/Mar/2017:09:53:50 -0300] "GET /cormun/static/trsolicitudot.js?20171191045625 HTTP/1.1" 200 53117
186.79.127.233 - - [10/Mar/2017:09:53:51 -0300] "GET /cormun/servlet/trsolicitudot? HTTP/1.1" 200 6963
186.79.127.233 - - [10/Mar/2017:09:53:58 -0300] "GET /cormun/servlet/trautorizarsolicitud? HTTP/1.1" 200 6915
186.79.127.233 - - [10/Mar/2017:09:53:58 -0300] "GET /cormun/static/gxcfg.js?2017259112829 HTTP/1.1" 304 -
186.79.127.233 - - [10/Mar/2017:09:53:58 -0300] "GET /cormun/static/trautorizarsolicitud.js?2017259113483 HTTP/1.1" 304 -
186.79.127.233 - - [10/Mar/2017:09:54:01 -0300] "GET /cormun/servlet/trautorizarsolicitud? HTTP/1.1" 200 6915
186.79.127.233 - - [10/Mar/2017:09:54:11 -0300] "GET /cormun/servlet/trcontratounov2? HTTP/1.1" 200 16816
186.79.127.233 - - [10/Mar/2017:09:54:13 -0300] "GET /cormun/servlet/trcontratounov2? HTTP/1.1" 200 16818
186.79.206.45 - - [10/Mar/2017:09:57:30 -0300] "POST /cormun/servlet/trsolicitudot?9225d5b423440c3e121499a41bd6a657,,gx-no-cache=1489150719446 HTTP/1.1" 200 5588
186.79.206.45 - - [10/Mar/2017:09:58:02 -0300] "POST /cormun/servlet/trsolicitudot?9225d5b423440c3e121499a41bd6a657,,gx-no-cache=1489150751234 HTTP/1.1" 200 107
186.79.206.45 - - [10/Mar/2017:09:58:02 -0300] "GET /cormun/servlet/trsolicitudadjuntos?2017,5392, HTTP/1.1" 200 8051
186.79.206.45 - - [10/Mar/2017:09:58:03 -0300] "GET /cormun/servlet/trsolicitudadjuntos?2017,5392, HTTP/1.1" 200 8052
186.79.206.45 - - [10/Mar/2017:09:58:07 -0300] "GET /cormun/servlet/solicitudotadjuntos?INS,2017,5392,,1, HTTP/1.1" 200 5843
186.79.206.45 - - [10/Mar/2017:09:58:07 -0300] "GET /cormun/static/about:blank HTTP/1.1" 404 1011
186.79.206.45 - - [10/Mar/2017:09:58:07 -0300] "GET /cormun/servlet/solicitudotadjuntos?INS,2017,5392,,1, HTTP/1.1" 200 5836
186.79.206.45 - - [10/Mar/2017:09:58:08 -0300] "GET /cormun/servlet/solicitudotadjuntos?f7e2f461ab92e1a93624c0e670aaf0a9d8238d2163fddef06fdd461b76efd570020d38b7f78c464dd1f29cf2d551665f,gx-no-cache=1489150757882 HTTP/1.1" 200 30
186.79.206.45 - - [10/Mar/2017:09:58:08 -0300] "POST /cormun/servlet/solicitudotadjuntos?9225d5b423440c3e121499a41bd6a657,INS,2017,5392,,1,,gx-no-cache=1489150757982 HTTP/1.1" 200 3655
186.79.206.45 - - [10/Mar/2017:09:58:10 -0300] "POST /cormun/servlet/solicitudotadjuntos?gx-no-cache=1489150759599 HTTP/1.1" 200 26
192.168.10.89 - - [10/Mar/2017:09:58:12 -0300] "POST /cormun/servlet/trsolicitudgral?ea02cf5fe1c2aa9466175592fd156b19,gx-no-cache=1489152505093,gx-no-cache=1489153975462 HTTP/1.1" 200 5403
192.168.10.89 - - [10/Mar/2017:09:58:25 -0300] "POST /cormun/servlet/trsolicitudgral?ea02cf5fe1c2aa9466175592fd156b19,gx-no-cache=1489152505093,gx-no-cache=1489153989326 HTTP/1.1" 200 5403
186.79.206.45 - - [10/Mar/2017:09:58:26 -0300] "GET /cormun/servlet/solicitudotadjuntos?f7e2f461ab92e1a93624c0e670aaf0a9fb3c0a93a085b6d74310be627c6f6039,gx-no-cache=1489150776406 HTTP/1.1" 200 30
186.79.206.45 - - [10/Mar/2017:09:58:26 -0300] "GET /cormun/servlet/solicitudotadjuntos?f7e2f461ab92e1a93624c0e670aaf0a9fb3c0a93a085b6d74310be627c6f6039,gx-no-cache=1489150776458 HTTP/1.1" 200 30
192.168.10.89 - - [10/Mar/2017:09:58:27 -0300] "GET /cormun/servlet/hlogin HTTP/1.1" 200 1762
186.79.206.45 - - [10/Mar/2017:09:58:28 -0300] "POST /cormun/servlet/solicitudotadjuntos?9225d5b423440c3e121499a41bd6a657,INS,2017,5392,,1, HTTP/1.1" 200 116
186.79.206.45 - - [10/Mar/2017:09:58:28 -0300] "GET /cormun/servlet/hpexe_return? HTTP/1.1" 200 1027
186.79.206.45 - - [10/Mar/2017:09:58:28 -0300] "GET /cormun/servlet/trsolicitudadjuntos?2017,5392, HTTP/1.1" 200 8282
186.79.206.45 - - [10/Mar/2017:09:58:29 -0300] "GET /cormun/servlet/trsolicitudadjuntos?2017,5392, HTTP/1.1" 200 8279
186.79.206.45 - - [10/Mar/2017:09:58:36 -0300] "GET /cormun/servlet/solicitudotadjuntos?INS,2017,5392,,1, HTTP/1.1" 200 5844
186.79.206.45 - - [10/Mar/2017:09:58:36 -0300] "GET /cormun/static/about:blank HTTP/1.1" 404 1011
186.79.206.45 - - [10/Mar/2017:09:58:36 -0300] "GET /cormun/servlet/solicitudotadjuntos?INS,2017,5392,,1, HTTP/1.1" 200 5836
186.79.206.45 - - [10/Mar/2017:09:58:37 -0300] "GET /cormun/servlet/solicitudotadjuntos?f7e2f461ab92e1a93624c0e670aaf0a9d8238d2163fddef06fdd461b76efd570020d38b7f78c464dd1f29cf2d551665f,gx-no-cache=1489150786885 HTTP/1.1" 200 30
186.79.206.45 - - [10/Mar/2017:09:58:37 -0300] "POST /cormun/servlet/solicitudotadjuntos?9225d5b423440c3e121499a41bd6a657,INS,2017,5392,,1,,gx-no-cache=1489150786996 HTTP/1.1" 200 3656
192.168.10.89 - - [10/Mar/2017:09:58:39 -0300] "POST /cormun/servlet/hlogin?ea02cf5fe1c2aa9466175592fd156b19,gx-no-cache=1489154002740 HTTP/1.1" 200 475
186.79.206.45 - - [10/Mar/2017:09:58:39 -0300] "POST /cormun/servlet/solicitudotadjuntos?gx-no-cache=1489150789536 HTTP/1.1" 200 26
192.168.10.89 - - [10/Mar/2017:09:58:44 -0300] "POST /cormun/servlet/hlogin?ea02cf5fe1c2aa9466175592fd156b19,gx-no-cache=1489154007616 HTTP/1.1" 200 475
186.79.206.45 - - [10/Mar/2017:09:58:46 -0300] "GET /cormun/servlet/solicitudotadjuntos?f7e2f461ab92e1a93624c0e670aaf0a9fb3c0a93a085b6d74310be627c6f6039,gx-no-cache=1489150795906 HTTP/1.1" 200 30
186.79.206.45 - - [10/Mar/2017:09:58:46 -0300] "GET /cormun/servlet/solicitudotadjuntos?f7e2f461ab92e1a93624c0e670aaf0a9fb3c0a93a085b6d74310be627c6f6039,gx-no-cache=1489150795952 HTTP/1.1" 200 30
186.79.206.45 - - [10/Mar/2017:09:58:48 -0300] "POST /cormun/servlet/solicitudotadjuntos?9225d5b423440c3e121499a41bd6a657,INS,2017,5392,,1, HTTP/1.1" 200 116
186.79.206.45 - - [10/Mar/2017:09:58:48 -0300] "GET /cormun/servlet/hpexe_return? HTTP/1.1" 200 1027
186.79.206.45 - - [10/Mar/2017:09:58:48 -0300] "GET /cormun/servlet/trsolicitudadjuntos?2017,5392, HTTP/1.1" 200 8433
186.79.127.233 - - [10/Mar/2017:09:58:49 -0300] "POST /cormun/servlet/trcontratounov2?1f42598b17b4ea5eb1319ea196b80786,,gx-no-cache=1489150799209 HTTP/1.1" 200 12812
186.79.206.45 - - [10/Mar/2017:09:58:49 -0300] "GET /cormun/servlet/trsolicitudadjuntos?2017,5392, HTTP/1.1" 200 8431
186.79.127.233 - - [10/Mar/2017:09:58:49 -0300] "GET /cormun/static/Resources/PXToolsGridFirst.gif HTTP/1.1" 200 379
186.79.127.233 - - [10/Mar/2017:09:58:49 -0300] "GET /cormun/static/Resources/PXToolsGridPrevious.gif HTTP/1.1" 200 369
192.168.10.89 - - [10/Mar/2017:09:58:51 -0300] "POST /cormun/servlet/hlogin?ea02cf5fe1c2aa9466175592fd156b19,gx-no-cache=1489154014453 HTTP/1.1" 200 475
186.79.206.45 - - [10/Mar/2017:09:58:51 -0300] "GET /cormun/servlet/solicitudotadjuntos?INS,2017,5392,,1, HTTP/1.1" 200 5844
186.79.206.45 - - [10/Mar/2017:09:58:52 -0300] "GET /cormun/static/about:blank HTTP/1.1" 404 1011
186.79.206.45 - - [10/Mar/2017:09:58:52 -0300] "GET /cormun/servlet/solicitudotadjuntos?INS,2017,5392,,1, HTTP/1.1" 200 5836
186.79.206.45 - - [10/Mar/2017:09:58:52 -0300] "GET /cormun/servlet/solicitudotadjuntos?f7e2f461ab92e1a93624c0e670aaf0a9d8238d2163fddef06fdd461b76efd570020d38b7f78c464dd1f29cf2d551665f,gx-no-cache=1489150802355 HTTP/1.1" 200 30
186.79.206.45 - - [10/Mar/2017:09:58:53 -0300] "POST /cormun/servlet/solicitudotadjuntos?9225d5b423440c3e121499a41bd6a657,INS,2017,5392,,1,,gx-no-cache=1489150802433 HTTP/1.1" 200 3656
186.79.206.45 - - [10/Mar/2017:09:58:56 -0300] "POST /cormun/servlet/solicitudotadjuntos?gx-no-cache=1489150805767 HTTP/1.1" 200 26
186.79.206.45 - - [10/Mar/2017:09:59:01 -0300] "GET /cormun/servlet/solicitudotadjuntos?f7e2f461ab92e1a93624c0e670aaf0a9fb3c0a93a085b6d74310be627c6f6039,gx-no-cache=1489150811593 HTTP/1.1" 200 30
186.79.206.45 - - [10/Mar/2017:09:59:02 -0300] "GET /cormun/servlet/solicitudotadjuntos?f7e2f461ab92e1a93624c0e670aaf0a9fb3c0a93a085b6d74310be627c6f6039,gx-no-cache=1489150811661 HTTP/1.1" 200 30
186.79.206.45 - - [10/Mar/2017:09:59:03 -0300] "POST /cormun/servlet/solicitudotadjuntos?9225d5b423440c3e121499a41bd6a657,INS,2017,5392,,1, HTTP/1.1" 200 116
186.79.206.45 - - [10/Mar/2017:09:59:03 -0300] "GET /cormun/servlet/hpexe_return? HTTP/1.1" 200 1027
186.79.206.45 - - [10/Mar/2017:09:59:03 -0300] "GET /cormun/servlet/trsolicitudadjuntos?2017,5392, HTTP/1.1" 200 8556
186.79.206.45 - - [10/Mar/2017:09:59:04 -0300] "GET /cormun/servlet/trsolicitudadjuntos?2017,5392, HTTP/1.1" 200 8555
192.168.10.89 - - [10/Mar/2017:09:59:06 -0300] "POST /cormun/servlet/hlogin?ea02cf5fe1c2aa9466175592fd156b19,gx-no-cache=1489154029486 HTTP/1.1" 200 90
192.168.10.89 - - [10/Mar/2017:09:59:06 -0300] "GET /cormun/servlet/hpexe_link HTTP/1.1" 200 955
186.79.206.45 - - [10/Mar/2017:09:59:06 -0300] "GET /cormun/servlet/solicitudotadjuntos?INS,2017,5392,,1, HTTP/1.1" 200 5844
186.79.206.45 - - [10/Mar/2017:09:59:06 -0300] "GET /cormun/static/about:blank HTTP/1.1" 404 1011
186.79.206.45 - - [10/Mar/2017:09:59:07 -0300] "GET /cormun/servlet/solicitudotadjuntos?INS,2017,5392,,1, HTTP/1.1" 200 5836
186.79.206.45 - - [10/Mar/2017:09:59:07 -0300] "GET /cormun/servlet/solicitudotadjuntos?f7e2f461ab92e1a93624c0e670aaf0a9d8238d2163fddef06fdd461b76efd570020d38b7f78c464dd1f29cf2d551665f,gx-no-cache=1489150816969 HTTP/1.1" 200 30
192.168.10.89 - - [10/Mar/2017:09:59:07 -0300] "GET /cormun/servlet/hhome HTTP/1.1" 200 3942
186.79.206.45 - - [10/Mar/2017:09:59:07 -0300] "POST /cormun/servlet/solicitudotadjuntos?9225d5b423440c3e121499a41bd6a657,INS,2017,5392,,1,,gx-no-cache=1489150817066 HTTP/1.1" 200 3656
186.79.206.45 - - [10/Mar/2017:09:59:10 -0300] "POST /cormun/servlet/solicitudotadjuntos?gx-no-cache=1489150819933 HTTP/1.1" 200 26
192.168.10.89 - - [10/Mar/2017:09:59:11 -0300] "GET /cormun/servlet/trsolicitudot? HTTP/1.1" 200 6904
192.168.10.89 - - [10/Mar/2017:09:59:13 -0300] "GET /cormun/static/menuarrow.gif HTTP/1.1" 404 1015
192.168.10.89 - - [10/Mar/2017:09:59:19 -0300] "POST /cormun/servlet/trsolicitudot?ea02cf5fe1c2aa9466175592fd156b19,,gx-no-cache=1489154042870 HTTP/1.1" 200 6258
192.168.10.89 - - [10/Mar/2017:09:59:28 -0300] "GET /cormun/servlet/solicitudot?INS,0,0, HTTP/1.1" 200 12750
186.79.206.45 - - [10/Mar/2017:09:59:35 -0300] "GET /cormun/servlet/solicitudotadjuntos?f7e2f461ab92e1a93624c0e670aaf0a9fb3c0a93a085b6d74310be627c6f6039,gx-no-cache=1489150845553 HTTP/1.1" 200 30
186.79.206.45 - - [10/Mar/2017:09:59:36 -0300] "GET /cormun/servlet/solicitudotadjuntos?f7e2f461ab92e1a93624c0e670aaf0a9fb3c0a93a085b6d74310be627c6f6039,gx-no-cache=1489150845629 HTTP/1.1" 200 30
186.79.206.45 - - [10/Mar/2017:09:59:37 -0300] "POST /cormun/servlet/solicitudotadjuntos?9225d5b423440c3e121499a41bd6a657,INS,2017,5392,,1, HTTP/1.1" 200 116
186.79.206.45 - - [10/Mar/2017:09:59:37 -0300] "GET /cormun/servlet/hpexe_return? HTTP/1.1" 200 1027
186.79.206.45 - - [10/Mar/2017:09:59:38 -0300] "GET /cormun/servlet/trsolicitudadjuntos?2017,5392, HTTP/1.1" 200 8716
186.79.206.45 - - [10/Mar/2017:09:59:38 -0300] "GET /cormun/servlet/trsolicitudadjuntos?2017,5392, HTTP/1.1" 200 8714
192.168.10.89 - - [10/Mar/2017:09:59:39 -0300] "GET /cormun/servlet/prfichaempleado?,MD,,gxPopupLevel%3D0%3B HTTP/1.1" 200 8796
186.79.206.45 - - [10/Mar/2017:09:59:41 -0300] "GET /cormun/servlet/solicitudotadjuntos?INS,2017,5392,,1, HTTP/1.1" 200 5844
186.79.206.45 - - [10/Mar/2017:09:59:41 -0300] "GET /cormun/static/about:blank HTTP/1.1" 404 1011
186.79.206.45 - - [10/Mar/2017:09:59:41 -0300] "GET /cormun/servlet/solicitudotadjuntos?INS,2017,5392,,1, HTTP/1.1" 200 5836
186.79.206.45 - - [10/Mar/2017:09:59:42 -0300] "GET /cormun/servlet/solicitudotadjuntos?f7e2f461ab92e1a93624c0e670aaf0a9d8238d2163fddef06fdd461b76efd570020d38b7f78c464dd1f29cf2d551665f,gx-no-cache=1489150851834 HTTP/1.1" 200 30
186.79.206.45 - - [10/Mar/2017:09:59:42 -0300] "POST /cormun/servlet/solicitudotadjuntos?9225d5b423440c3e121499a41bd6a657,INS,2017,5392,,1,,gx-no-cache=1489150851936 HTTP/1.1" 200 3656
186.79.206.45 - - [10/Mar/2017:09:59:46 -0300] "POST /cormun/servlet/solicitudotadjuntos?gx-no-cache=1489150855744 HTTP/1.1" 200 26
186.79.206.45 - - [10/Mar/2017:09:59:50 -0300] "GET /cormun/servlet/solicitudotadjuntos?f7e2f461ab92e1a93624c0e670aaf0a9fb3c0a93a085b6d74310be627c6f6039,gx-no-cache=1489150860465 HTTP/1.1" 200 30
186.79.206.45 - - [10/Mar/2017:09:59:50 -0300] "GET /cormun/servlet/solicitudotadjuntos?f7e2f461ab92e1a93624c0e670aaf0a9fb3c0a93a085b6d74310be627c6f6039,gx-no-cache=1489150860514 HTTP/1.1" 200 30
186.79.206.45 - - [10/Mar/2017:09:59:52 -0300] "POST /cormun/servlet/solicitudotadjuntos?9225d5b423440c3e121499a41bd6a657,INS,2017,5392,,1, HTTP/1.1" 200 116
186.79.206.45 - - [10/Mar/2017:09:59:52 -0300] "GET /cormun/servlet/hpexe_return? HTTP/1.1" 200 1027
186.79.206.45 - - [10/Mar/2017:09:59:53 -0300] "GET /cormun/servlet/trsolicitudadjuntos?2017,5392, HTTP/1.1" 200 8940
186.79.206.45 - - [10/Mar/2017:09:59:53 -0300] "GET /cormun/servlet/trsolicitudadjuntos?2017,5392, HTTP/1.1" 200 8938
192.168.10.89 - - [10/Mar/2017:10:00:01 -0300] "POST /cormun/servlet/prfichaempleado?ea02cf5fe1c2aa9466175592fd156b19,,MD,,gxPopupLevel%3D0%3B,gx-no-cache=1489154084592 HTTP/1.1" 200 3397
186.79.206.45 - - [10/Mar/2017:10:00:02 -0300] "POST /cormun/servlet/trsolicitudadjuntos?9225d5b423440c3e121499a41bd6a657,2017,5392,,gx-no-cache=1489150872015 HTTP/1.1" 200 90
186.79.206.45 - - [10/Mar/2017:10:00:02 -0300] "GET /cormun/servlet/hpexe_link HTTP/1.1" 200 974
186.79.206.45 - - [10/Mar/2017:10:00:02 -0300] "GET /cormun/servlet/trsolicitudot? HTTP/1.1" 200 8410
186.79.206.45 - - [10/Mar/2017:10:00:03 -0300] "GET /cormun/servlet/trsolicitudot? HTTP/1.1" 200 8409
192.168.10.89 - - [10/Mar/2017:10:00:04 -0300] "POST /cormun/servlet/solicitudot?gx-no-cache=1489154087921 HTTP/1.1" 200 3169
192.168.10.89 - - [10/Mar/2017:10:00:04 -0300] "POST /cormun/servlet/solicitudot?ea02cf5fe1c2aa9466175592fd156b19,INS,0,0,,gx-no-cache=1489154088144 HTTP/1.1" 200 9975
192.168.10.89 - - [10/Mar/2017:10:00:06 -0300] "GET /cormun/servlet/solicitudot?350cfb2d53f24f850be85bebedaa3cd4e87bc52cd347235cfc49491946f1d98875a576eae8925fe3661723165242e8d2,gx-no-cache=1489154089600 HTTP/1.1" 200 30
192.168.10.89 - - [10/Mar/2017:10:00:06 -0300] "POST /cormun/servlet/solicitudot?gx-no-cache=1489154089639 HTTP/1.1" 200 255
192.168.10.89 - - [10/Mar/2017:10:00:06 -0300] "GET /cormun/servlet/solicitudot?350cfb2d53f24f850be85bebedaa3cd45ba57ad5637c9d4a1a06b5fc8a5a997b35b562455abd8df2c756d5ef7662c7743e99bcec53a6ec1a014ff952e6173749f7652072a2a3f0b9b78075ba88bf4a8dfe7f0edd7eba7d29bdefa474cb004cb9d02c7b73d488d74d85237a9d3095705af583be2965a429b5972f4267855cdf9d45da3d21a68d14c648d9268e4d77c25c62c30f33131d84572c88c430337076796eaaf9d682b89503af83c829e8837c10b7078a21ec0acdf775cea80107b02a258b71845a07afdff7e037681cd2b00bff00504afe74f994630c0df7bdc724e2b5f50d65b0b16b7c73f5bb00867bcbab5110c41bee955773173cd414ee36109021fa8827c1961f3536032e0410f6e189b6277e20877c6be1d73ecad50854081e828efc662e12f8e6999b034cdf4d6c3b6a8399e0ea8ecc134d204ef457b6e2132581607bbe76b424b5690722535d7693a61025cd9cf2e7b41a55abd10e49f5276d79f1f500a2d3053a09692445c774ebd174cce6a364c9f02c2cbbdb2eb6c1032a,gx-no-cache=1489154089668 HTTP/1.1" 200 30
192.168.10.89 - - [10/Mar/2017:10:00:07 -0300] "POST /cormun/servlet/solicitudot?gx-no-cache=1489154091043 HTTP/1.1" 200 30
192.168.10.89 - - [10/Mar/2017:10:00:09 -0300] "GET /cormun/servlet/prcontratosol?7550523,,,,,MD,,gxPopupLevel%3D0%3B HTTP/1.1" 200 5905
192.168.10.89 - - [10/Mar/2017:10:00:09 -0300] "GET /cormun/static/gxcfg.js?2016102711553248 HTTP/1.1" 304 -
186.79.206.45 - - [10/Mar/2017:10:00:11 -0300] "POST /cormun/servlet/trsolicitudot?9225d5b423440c3e121499a41bd6a657,,gx-no-cache=1489150880479 HTTP/1.1" 200 105
186.79.206.45 - - [10/Mar/2017:10:00:11 -0300] "GET /cormun/servlet/solicitudot?UPD,2017,5391, HTTP/1.1" 200 14327
192.168.10.89 - - [10/Mar/2017:10:00:11 -0300] "POST /cormun/servlet/acontrolpreferencessavestate?None,CANGELEV,true HTTP/1.1" 200 35
186.79.206.45 - - [10/Mar/2017:10:00:11 -0300] "GET /cormun/servlet/solicitudot?UPD,2017,5391, HTTP/1.1" 200 14336
192.168.10.89 - - [10/Mar/2017:10:00:12 -0300] "POST /cormun/servlet/solicitudot?gx-no-cache=1489154095577 HTTP/1.1" 200 1292
192.168.10.89 - - [10/Mar/2017:10:00:12 -0300] "POST /cormun/servlet/solicitudot?gx-no-cache=1489154095716 HTTP/1.1" 200 38
192.168.10.89 - - [10/Mar/2017:10:00:12 -0300] "GET /cormun/servlet/solicitudot?350cfb2d53f24f850be85bebedaa3cd4ec0df481ad6dca1f3e6f98cbefb48d2419449034f06bf489bb4fc5526f51dfa70f508347b13afea867d8fde3ed34112890abbdde278c19232b4cb681cf29a6402478ff05d2d6f10e04dcbb31d0596fbdb75303b208a5e0001895bc1812534dced27b43678b4454116f778f760181089cb3eb9c6d799af6901e72e908beb9e71b0041154b89aae1ec2c55a71d3e875872,gx-no-cache=1489154095746 HTTP/1.1" 200 29
192.168.10.89 - - [10/Mar/2017:10:00:12 -0300] "POST /cormun/servlet/solicitudot?gx-no-cache=1489154095771 HTTP/1.1" 200 1275
192.168.10.89 - - [10/Mar/2017:10:00:12 -0300] "POST /cormun/servlet/solicitudot?gx-no-cache=1489154095812 HTTP/1.1" 200 1157
186.79.206.45 - - [10/Mar/2017:10:00:12 -0300] "POST /cormun/servlet/solicitudot?gx-no-cache=1489150881943 HTTP/1.1" 200 3196
186.79.206.45 - - [10/Mar/2017:10:00:13 -0300] "POST /cormun/servlet/solicitudot?9225d5b423440c3e121499a41bd6a657,UPD,2017,5391,,gx-no-cache=1489150882369 HTTP/1.1" 200 10866
186.79.206.45 - - [10/Mar/2017:10:00:13 -0300] "GET /cormun/servlet/solicitudot?f7e2f461ab92e1a93624c0e670aaf0a9cc59313b6bb958a54ced82c21f5b2857349c62c04703bc4233bf314f7ff0b936,gx-no-cache=1489150882896 HTTP/1.1" 200 30
186.79.206.45 - - [10/Mar/2017:10:00:13 -0300] "POST /cormun/servlet/solicitudot?gx-no-cache=1489150882999 HTTP/1.1" 200 297
186.79.206.45 - - [10/Mar/2017:10:00:13 -0300] "GET /cormun/servlet/solicitudot?f7e2f461ab92e1a93624c0e670aaf0a9cd203d77c434460b8f30489244c129d76a46fe7f5996554b2d0f9b54aaf47004395e09c79e6b305799245c32909a9b025f96a871d5de5d716c7bac3e2f2393a5d86fde900bb381db99e892f61da79843343aa58b0a0f0059e28e6fd79be6d4d688a1b4d0e36a58481c71ba2cee93969ffede517a1d2f6ab5527d446c4d34b03dd03773dbcdb321da4de11b392677864f3364f5fe3e49ac8df2325d6ff88a6e665f9037c08d1b7ed5882ef12c79c705f646d21592b18712596a391f9f49c372fba2e33d918c03df99509cec09acb3d9f6f9df1863bbf6d042037d594b3cae2d3b457b0d14897c7049365dbf1651d42fece069f3b176a324d6d1141d67cdaf63b93fee485f512ccb490373a7a4a0a2886eb3ace8caddbe5077d89ff0b8ff2b3f49d720097678b5cbff332db74bfe3049a2f3c892443d216c6c99d8f330c61e4d5e5f02535cc538f2b96210938f5b2d02f31caece1ff26001622c06d00ceb6f7a87113ac22d9d4105e1b24c8dc552c47afba9bf6830bb608f9b264c508fe8ada404,gx-no-cache=1489150883106 HTTP/1.1" 200 30
186.79.206.45 - - [10/Mar/2017:10:00:13 -0300] "POST /cormun/servlet/solicitudot?gx-no-cache=1489150883180 HTTP/1.1" 200 30
186.79.206.45 - - [10/Mar/2017:10:00:13 -0300] "POST /cormun/servlet/solicitudot?gx-no-cache=1489150883267 HTTP/1.1" 200 1287
186.79.206.45 - - [10/Mar/2017:10:00:13 -0300] "POST /cormun/servlet/solicitudot?gx-no-cache=1489150883457 HTTP/1.1" 200 41
192.168.10.89 - - [10/Mar/2017:10:00:19 -0300] "GET /cormun/servlet/solicitudot?350cfb2d53f24f850be85bebedaa3cd4ec0df481ad6dca1f3e6f98cbefb48d2419449034f06bf489bb4fc5526f51dfa70f508347b13afea867d8fde3ed34112890abbdde278c19232b4cb681cf29a6402478ff05d2d6f10e04dcbb31d0596fbdb75303b208a5e0001895bc1812534dced27b43678b4454116f778f760181089cb3eb9c6d799af6901e72e908beb9e71b0041154b89aae1ec2c55a71d3e875872,gx-no-cache=1489154102745 HTTP/1.1" 200 29
192.168.10.89 - - [10/Mar/2017:10:00:19 -0300] "POST /cormun/servlet/solicitudot?gx-no-cache=1489154102826 HTTP/1.1" 200 1274
192.168.10.89 - - [10/Mar/2017:10:00:19 -0300] "POST /cormun/servlet/solicitudot?gx-no-cache=1489154103312 HTTP/1.1" 200 1157
192.168.10.89 - - [10/Mar/2017:10:00:26 -0300] "GET /cormun/servlet/solicitudot?350cfb2d53f24f850be85bebedaa3cd4831bde84ff2716e64343f940a9256faa73efea595e96dee65d24463eb7437f6902a15104d900bc554567cfc87f9b601dbbfbe3f1671719f449b6d29f71bbf8ea0a1188b2d8bb5c9aabb05b49fcae04bed968e5aa71c824603b83f9ab8601f8608dea633b542fbe835645f2f0a0d7ac341a22ec1360466da2c569e9a6ab89d7804da7b0f400753c55af44d8ec18ad8c977960bde6dba861d44e7d40f7c0b537c2,gx-no-cache=1489154110346 HTTP/1.1" 200 30
192.168.10.89 - - [10/Mar/2017:10:00:31 -0300] "POST /cormun/servlet/solicitudot?ea02cf5fe1c2aa9466175592fd156b19,INS,0,0,,gx-no-cache=1489154114675 HTTP/1.1" 200 93
192.168.10.89 - - [10/Mar/2017:10:00:31 -0300] "GET /cormun/servlet/hpexe_return? HTTP/1.1" 200 1008
192.168.10.89 - - [10/Mar/2017:10:00:32 -0300] "GET /cormun/servlet/trsolicitudot? HTTP/1.1" 200 9398
192.168.10.89 - - [10/Mar/2017:10:00:35 -0300] "GET /cormun/servlet/solicitudot?INS,0,0, HTTP/1.1" 200 12758
192.168.10.89 - - [10/Mar/2017:10:00:44 -0300] "GET /cormun/servlet/prfichaempleado?,MD,,gxPopupLevel%3D0%3B HTTP/1.1" 200 8804
192.168.10.89 - - [10/Mar/2017:10:00:50 -0300] "POST /cormun/servlet/prfichaempleado?ea02cf5fe1c2aa9466175592fd156b19,,MD,,gxPopupLevel%3D0%3B,gx-no-cache=1489154133878 HTTP/1.1" 200 3453
192.168.10.89 - - [10/Mar/2017:10:00:52 -0300] "POST /cormun/servlet/solicitudot?gx-no-cache=1489154136236 HTTP/1.1" 200 3169
192.168.10.89 - - [10/Mar/2017:10:00:53 -0300] "POST /cormun/servlet/solicitudot?ea02cf5fe1c2aa9466175592fd156b19,INS,0,0,,gx-no-cache=1489154136453 HTTP/1.1" 200 9963
192.168.10.89 - - [10/Mar/2017:10:00:54 -0300] "GET /cormun/servlet/solicitudot?350cfb2d53f24f850be85bebedaa3cd4378276b4d3485c97190404f6949802d875a576eae8925fe3661723165242e8d2,gx-no-cache=1489154137997 HTTP/1.1" 200 30
192.168.10.89 - - [10/Mar/2017:10:00:54 -0300] "POST /cormun/servlet/solicitudot?gx-no-cache=1489154138048 HTTP/1.1" 200 255
192.168.10.89 - - [10/Mar/2017:10:00:54 -0300] "GET /cormun/servlet/solicitudot?350cfb2d53f24f850be85bebedaa3cd45ba57ad5637c9d4a1a06b5fc8a5a997b35b562455abd8df2c756d5ef7662c7743e99bcec53a6ec1a014ff952e6173749f7652072a2a3f0b9b78075ba88bf4a8dfe7f0edd7eba7d29bdefa474cb004cb9d02c7b73d488d74d85237a9d3095705af583be2965a429b5972f4267855cdf9d45da3d21a68d14c648d9268e4d77c25c62c30f33131d84572c88c430337076796eaaf9d682b89503af83c829e8837c10b7078a21ec0acdf775cea80107b02a258b71845a07afdff7e037681cd2b00bff00504afe74f994630c0df7bdc724e2b5f50d65b0b16b7c73f5bb00867bcbab5110c41bee955773173cd414ee36109021fa8827c1961f3536032e0410f6e189b6277e20877c6be1d73ecad50854081e828efc662e12f8e6999b034cdf4d6c3b6a8399e0ea8ecc134d204ef457b6e2132581607bbe76b424b5690722535d7693a61025cd9cf2e7b41a55abd10e49f5276d79f1f500a2d3053a09692445c774ebd174cce6a364c9f02c2cbbdb2eb6c1032a,gx-no-cache=1489154138078 HTTP/1.1" 200 30
192.168.10.89 - - [10/Mar/2017:10:00:55 -0300] "POST /cormun/servlet/solicitudot?gx-no-cache=1489154139127 HTTP/1.1" 200 30
192.168.10.89 - - [10/Mar/2017:10:00:57 -0300] "GET /cormun/servlet/prcontratosol?9454755,,,,,MD,,gxPopupLevel%3D0%3B HTTP/1.1" 200 5908
192.168.10.89 - - [10/Mar/2017:10:00:58 -0300] "POST /cormun/servlet/solicitudot?gx-no-cache=1489154142407 HTTP/1.1" 200 1292
192.168.10.89 - - [10/Mar/2017:10:00:59 -0300] "POST /cormun/servlet/solicitudot?gx-no-cache=1489154142541 HTTP/1.1" 200 38
192.168.10.89 - - [10/Mar/2017:10:00:59 -0300] "GET /cormun/servlet/solicitudot?350cfb2d53f24f850be85bebedaa3cd4ec0df481ad6dca1f3e6f98cbefb48d2419449034f06bf489bb4fc5526f51dfa70f508347b13afea867d8fde3ed34112890abbdde278c19232b4cb681cf29a6402478ff05d2d6f10e04dcbb31d0596fbdb75303b208a5e0001895bc1812534dced27b43678b4454116f778f760181089cb3eb9c6d799af6901e72e908beb9e71b0041154b89aae1ec2c55a71d3e875872,gx-no-cache=1489154142572 HTTP/1.1" 200 29
192.168.10.89 - - [10/Mar/2017:10:00:59 -0300] "POST /cormun/servlet/solicitudot?gx-no-cache=1489154142595 HTTP/1.1" 200 1275
192.168.10.89 - - [10/Mar/2017:10:00:59 -0300] "POST /cormun/servlet/solicitudot?gx-no-cache=1489154142634 HTTP/1.1" 200 1157
186.79.206.45 - - [10/Mar/2017:10:00:59 -0300] "POST /cormun/servlet/solicitudot?gx-no-cache=1489150928841 HTTP/1.1" 200 30
192.168.10.89 - - [10/Mar/2017:10:01:04 -0300] "GET /cormun/servlet/solicitudot?350cfb2d53f24f850be85bebedaa3cd4ec0df481ad6dca1f3e6f98cbefb48d2419449034f06bf489bb4fc5526f51dfa70f508347b13afea867d8fde3ed34112890abbdde278c19232b4cb681cf29a6402478ff05d2d6f10e04dcbb31d0596fbdb75303b208a5e0001895bc1812534dced27b43678b4454116f778f760181089cb3eb9c6d799af6901e72e908beb9e71b0041154b89aae1ec2c55a71d3e875872,gx-no-cache=1489154148184 HTTP/1.1" 200 29
192.168.10.89 - - [10/Mar/2017:10:01:04 -0300] "POST /cormun/servlet/solicitudot?gx-no-cache=1489154148275 HTTP/1.1" 200 1274
192.168.10.89 - - [10/Mar/2017:10:01:05 -0300] "POST /cormun/servlet/solicitudot?gx-no-cache=1489154148634 HTTP/1.1" 200 1157
192.168.10.89 - - [10/Mar/2017:10:01:09 -0300] "GET /cormun/servlet/solicitudot?350cfb2d53f24f850be85bebedaa3cd43a5b5cb1ae488f090ecd3c5041482273c79d1de4fd78c87883d06f9b6c74f74102a15104d900bc554567cfc87f9b601dbbfbe3f1671719f449b6d29f71bbf8ea0a1188b2d8bb5c9aabb05b49fcae04bed968e5aa71c824603b83f9ab8601f8608dea633b542fbe835645f2f0a0d7ac341a22ec1360466da2c569e9a6ab89d7804da7b0f400753c55af44d8ec18ad8c977960bde6dba861d44e7d40f7c0b537c2,gx-no-cache=1489154152608 HTTP/1.1" 200 30
192.168.10.89 - - [10/Mar/2017:10:01:12 -0300] "POST /cormun/servlet/solicitudot?ea02cf5fe1c2aa9466175592fd156b19,INS,0,0,,gx-no-cache=1489154155669 HTTP/1.1" 200 93
192.168.10.89 - - [10/Mar/2017:10:01:12 -0300] "GET /cormun/servlet/hpexe_return? HTTP/1.1" 200 1008
192.168.10.89 - - [10/Mar/2017:10:01:13 -0300] "GET /cormun/servlet/hpexe_return? HTTP/1.1" 200 1002
192.168.10.89 - - [10/Mar/2017:10:01:13 -0300] "GET /cormun/servlet/trsolicitudot HTTP/1.1" 200 9685
192.168.10.89 - - [10/Mar/2017:10:01:16 -0300] "GET /cormun/servlet/solicitudot?INS,0,0, HTTP/1.1" 200 12758
192.168.10.89 - - [10/Mar/2017:10:01:25 -0300] "GET /cormun/servlet/prfichaempleado?,MD,,gxPopupLevel%3D0%3B HTTP/1.1" 200 8804
192.168.10.89 - - [10/Mar/2017:10:01:32 -0300] "POST /cormun/servlet/prfichaempleado?ea02cf5fe1c2aa9466175592fd156b19,,MD,,gxPopupLevel%3D0%3B,gx-no-cache=1489154175985 HTTP/1.1" 200 3395
192.168.10.89 - - [10/Mar/2017:10:01:35 -0300] "POST /cormun/servlet/solicitudot?gx-no-cache=1489154179080 HTTP/1.1" 200 3196
192.168.10.89 - - [10/Mar/2017:10:01:35 -0300] "POST /cormun/servlet/solicitudot?ea02cf5fe1c2aa9466175592fd156b19,INS,0,0,,gx-no-cache=1489154179295 HTTP/1.1" 200 9981
192.168.10.89 - - [10/Mar/2017:10:01:38 -0300] "GET /cormun/servlet/solicitudot?350cfb2d53f24f850be85bebedaa3cd408830ac5c80683a7c1bd17adce82487b9855d58ae6f8e5213b80eee6382222a8,gx-no-cache=1489154182074 HTTP/1.1" 200 30
192.168.10.89 - - [10/Mar/2017:10:01:38 -0300] "POST /cormun/servlet/solicitudot?gx-no-cache=1489154182119 HTTP/1.1" 200 255
192.168.10.89 - - [10/Mar/2017:10:01:38 -0300] "GET /cormun/servlet/solicitudot?350cfb2d53f24f850be85bebedaa3cd45ba57ad5637c9d4a1a06b5fc8a5a997b35b562455abd8df2c756d5ef7662c7743e99bcec53a6ec1a014ff952e6173749f7652072a2a3f0b9b78075ba88bf4a8dfe7f0edd7eba7d29bdefa474cb004cb9d02c7b73d488d74d85237a9d3095705af583be2965a429b5972f4267855cdf9d45da3d21a68d14c648d9268e4d77c25c62c30f33131d84572c88c430337076796eaaf9d682b89503af83c829e8837c10b7078a21ec0acdf775cea80107b02a258b71845a07afdff7e037681cd2b00bff00504afe74f994630c0df7bdc724e2b5f50d65b0b16b7c73f5bb00867bcbab5110c41bee955773173cd414ee36109021fa8827c1961f3536032e0410f6e189b6277e20877c6be1d73ecad50854081e828efc662e12f8e6999b034cdf4d6c3b6a8399e0ea8ecc134d204ef457b6e2132581607bbe76b424b5690722535d7693a61025cd9cf2e7b41a55abd10e49f5276d79f1f500a2d3053a09692445c774ebd174cce6a364c9f02c2cbbdb2eb6c1032a,gx-no-cache=1489154182155 HTTP/1.1" 200 30
192.168.10.89 - - [10/Mar/2017:10:01:40 -0300] "POST /cormun/servlet/solicitudot?gx-no-cache=1489154183515 HTTP/1.1" 200 30
192.168.10.89 - - [10/Mar/2017:10:01:41 -0300] "GET /cormun/servlet/prcontratosol?15105682,,,,,MD,,gxPopupLevel%3D0%3B HTTP/1.1" 200 5907
192.168.10.89 - - [10/Mar/2017:10:01:43 -0300] "POST /cormun/servlet/solicitudot?gx-no-cache=1489154186929 HTTP/1.1" 200 1291
192.168.10.89 - - [10/Mar/2017:10:01:43 -0300] "POST /cormun/servlet/solicitudot?gx-no-cache=1489154187064 HTTP/1.1" 200 38
192.168.10.89 - - [10/Mar/2017:10:01:43 -0300] "GET /cormun/servlet/solicitudot?350cfb2d53f24f850be85bebedaa3cd4ec0df481ad6dca1f3e6f98cbefb48d2419449034f06bf489bb4fc5526f51dfa70f508347b13afea867d8fde3ed34112890abbdde278c19232b4cb681cf29a6402478ff05d2d6f10e04dcbb31d0596fbdb75303b208a5e0001895bc1812534dced27b43678b4454116f778f760181089cb3eb9c6d799af6901e72e908beb9e71b0041154b89aae1ec2c55a71d3e875872,gx-no-cache=1489154187093 HTTP/1.1" 200 29
192.168.10.89 - - [10/Mar/2017:10:01:43 -0300] "POST /cormun/servlet/solicitudot?gx-no-cache=1489154187118 HTTP/1.1" 200 1274
192.168.10.89 - - [10/Mar/2017:10:01:43 -0300] "POST /cormun/servlet/solicitudot?gx-no-cache=1489154187186 HTTP/1.1" 200 1157
192.168.10.89 - - [10/Mar/2017:10:01:49 -0300] "GET /cormun/servlet/solicitudot?350cfb2d53f24f850be85bebedaa3cd4ec0df481ad6dca1f3e6f98cbefb48d2419449034f06bf489bb4fc5526f51dfa70f508347b13afea867d8fde3ed34112890abbdde278c19232b4cb681cf29a6402478ff05d2d6f10e04dcbb31d0596fbdb75303b208a5e0001895bc1812534dced27b43678b4454116f778f760181089cb3eb9c6d799af6901e72e908beb9e71b0041154b89aae1ec2c55a71d3e875872,gx-no-cache=1489154193104 HTTP/1.1" 200 29
192.168.10.89 - - [10/Mar/2017:10:01:49 -0300] "POST /cormun/servlet/solicitudot?gx-no-cache=1489154193145 HTTP/1.1" 200 1273
192.168.10.89 - - [10/Mar/2017:10:01:49 -0300] "POST /cormun/servlet/solicitudot?gx-no-cache=1489154193415 HTTP/1.1" 200 1157
192.168.10.89 - - [10/Mar/2017:10:01:54 -0300] "GET /cormun/servlet/solicitudot?350cfb2d53f24f850be85bebedaa3cd4b8b00181a76627398a372960d4cb40795e6f3875e801538bfd769dabd263ca3d8956fc01a0819ae07b03d1027e266b4c42dc7e8a6115c2307f6138ee175776b4930262ab6d51acd3b04427a6e705f87f32a1f4dedd07ec94e549a3a118a8a2a1ad48d1c36a4dbd1155abedd41aa828f9642bc2d3e038ec5ab76bd2e75fe7ed197601c1d3ed04a8c34d2f78b3df3c685629cd6f47433adfc9537c4b4e00202bc6,gx-no-cache=1489154197615 HTTP/1.1" 200 30
192.168.10.89 - - [10/Mar/2017:10:02:05 -0300] "POST /cormun/servlet/solicitudot?ea02cf5fe1c2aa9466175592fd156b19,INS,0,0,,gx-no-cache=1489154208369 HTTP/1.1" 200 93
192.168.10.89 - - [10/Mar/2017:10:02:05 -0300] "GET /cormun/servlet/hpexe_return? HTTP/1.1" 200 1008
192.168.10.89 - - [10/Mar/2017:10:02:06 -0300] "GET /cormun/servlet/trsolicitudot HTTP/1.1" 200 10029
192.168.10.89 - - [10/Mar/2017:10:02:10 -0300] "POST /cormun/servlet/trsolicitudot?ea02cf5fe1c2aa9466175592fd156b19,gx-no-cache=1489154213463 HTTP/1.1" 200 6959
192.168.10.89 - - [10/Mar/2017:10:02:10 -0300] "POST /cormun/servlet/trsolicitudot?ea02cf5fe1c2aa9466175592fd156b19,gx-no-cache=1489154214016 HTTP/1.1" 200 6903
192.168.10.89 - - [10/Mar/2017:10:02:11 -0300] "GET /cormun/static/Shared/jqueryui/images/ui-bg_flat_55_fafafa_40x100.png HTTP/1.1" 404 1097
192.168.10.89 - - [10/Mar/2017:10:02:11 -0300] "GET /cormun/static/Shared/jqueryui/images/ui-icons_82798d_256x240.png HTTP/1.1" 404 1089
192.168.10.89 - - [10/Mar/2017:10:02:11 -0300] "GET /cormun/static/Shared/jqueryui/images/ui-bg_highlight-soft_100_c6c2c8_1x100.png HTTP/1.1" 404 1117
192.168.10.89 - - [10/Mar/2017:10:02:11 -0300] "GET /cormun/static/Shared/jqueryui/images/ui-icons_8d78a5_256x240.png HTTP/1.1" 404 1089
192.168.10.89 - - [10/Mar/2017:10:02:12 -0300] "POST /cormun/servlet/trsolicitudot?ea02cf5fe1c2aa9466175592fd156b19,gx-no-cache=1489154216193 HTTP/1.1" 200 6663
192.168.10.89 - - [10/Mar/2017:10:02:13 -0300] "POST /cormun/servlet/trsolicitudot?ea02cf5fe1c2aa9466175592fd156b19,gx-no-cache=1489154216850 HTTP/1.1" 200 6607
192.168.10.89 - - [10/Mar/2017:10:02:15 -0300] "POST /cormun/servlet/trsolicitudot?ea02cf5fe1c2aa9466175592fd156b19,gx-no-cache=1489154218996 HTTP/1.1" 200 6296
192.168.10.89 - - [10/Mar/2017:10:02:16 -0300] "POST /cormun/servlet/trsolicitudot?ea02cf5fe1c2aa9466175592fd156b19,gx-no-cache=1489154219767 HTTP/1.1" 200 6237
192.168.10.89 - - [10/Mar/2017:10:02:20 -0300] "GET /cormun/servlet/trautorizarsolicitud? HTTP/1.1" 200 8883
192.168.10.89 - - [10/Mar/2017:10:02:24 -0300] "POST /cormun/servlet/trautorizarsolicitud?ea02cf5fe1c2aa9466175592fd156b19,,gx-no-cache=1489154227985 HTTP/1.1" 200 5788
192.168.10.89 - - [10/Mar/2017:10:02:25 -0300] "POST /cormun/servlet/trautorizarsolicitud?ea02cf5fe1c2aa9466175592fd156b19,,gx-no-cache=1489154228348 HTTP/1.1" 200 5733
192.168.10.89 - - [10/Mar/2017:10:02:25 -0300] "GET /cormun/static/Shared/jqueryui/images/ui-icons_82798d_256x240.png HTTP/1.1" 404 1089
192.168.10.89 - - [10/Mar/2017:10:02:25 -0300] "GET /cormun/static/Shared/jqueryui/images/ui-icons_8d78a5_256x240.png HTTP/1.1" 404 1089
192.168.10.89 - - [10/Mar/2017:10:02:25 -0300] "GET /cormun/static/Shared/jqueryui/images/ui-bg_highlight-soft_100_c6c2c8_1x100.png HTTP/1.1" 404 1117
192.168.10.89 - - [10/Mar/2017:10:02:25 -0300] "GET /cormun/static/Shared/jqueryui/images/ui-bg_flat_55_fafafa_40x100.png HTTP/1.1" 404 1097
