186.79.206.45 - - [10/Mar/2017:10:31:16 -0300] "GET /cormun/static/trpermisosadjuntos.js?20161228131414 HTTP/1.1" 200 20048
186.79.206.45 - - [10/Mar/2017:10:31:16 -0300] "GET /cormun/servlet/trpermisosadjuntos?17107771,20170310112547,P, HTTP/1.1" 200 6135
186.103.132.155 - - [10/Mar/2017:10:31:17 -0300] "POST /cormun/servlet/solicitudot?gx-no-cache=1489149149691 HTTP/1.1" 200 30
186.103.132.155 - - [10/Mar/2017:10:31:17 -0300] "POST /cormun/servlet/solicitudot?gx-no-cache=1489149149830 HTTP/1.1" 200 1292
186.103.132.155 - - [10/Mar/2017:10:31:18 -0300] "POST /cormun/servlet/solicitudot?gx-no-cache=1489149150135 HTTP/1.1" 200 41
186.103.132.155 - - [10/Mar/2017:10:31:18 -0300] "GET /cormun/servlet/solicitudot?7f0f9f40ad3d3f95d99ed29d023d90c25a6ebba4d70076d83aa28da909d073450a3fcaccb1fa80a2c29d65bdcd8a1ce0ab721d6feaeb9f76379eece8b857771131d19a6d5bb69a28e2191bea934657ef10039cb351d4213041769a2ec2f905a138741bc23689416b03defc24b2c6a695e45978167ae14742dba1edb2e72ae7b5c9dcc76a94a33b816ca4fafefe55e21d417bc1bb4dce20253a9b71c2b7df516b,gx-no-cache=1489149150429 HTTP/1.1" 200 29
186.103.132.155 - - [10/Mar/2017:10:31:18 -0300] "POST /cormun/servlet/solicitudot?gx-no-cache=1489149150537 HTTP/1.1" 200 1275
186.103.132.155 - - [10/Mar/2017:10:31:18 -0300] "POST /cormun/servlet/solicitudot?gx-no-cache=1489149150906 HTTP/1.1" 200 1158
186.79.206.45 - - [10/Mar/2017:10:31:19 -0300] "GET /cormun/servlet/permisosadjuntos?INS,17107771,P,20170310112547,, HTTP/1.1" 200 5455
186.79.206.45 - - [10/Mar/2017:10:31:19 -0300] "GET /cormun/static/gxcfg.js?2016122813135788 HTTP/1.1" 200 953
186.79.206.45 - - [10/Mar/2017:10:31:19 -0300] "GET /cormun/static/permisosadjuntos.js?2016122813135797 HTTP/1.1" 200 8721
186.79.206.45 - - [10/Mar/2017:10:31:19 -0300] "GET /cormun/static/about:blank HTTP/1.1" 404 1011
186.79.206.45 - - [10/Mar/2017:10:31:20 -0300] "GET /cormun/servlet/permisosadjuntos?INS,17107771,P,20170310112547,, HTTP/1.1" 200 5446
186.103.132.155 - - [10/Mar/2017:10:31:26 -0300] "GET /cormun/servlet/solicitudot?7f0f9f40ad3d3f95d99ed29d023d90c232c0d9682dc73404402762645e8a0da2d71e83bb2189150d1d520f34fd376baa809c61bfeb8ac54a1abdf18c7cb978207ebd943068efd04bf9483cc21107080aa6e86c0c0a40fc3b7b0d3affaa98c9ace08909f521d9911be87d36696015b0ba432c852f03ee9ec64300fc1fe5901f1257932fc02e12f4cb98d54c5daa4b0d805fde9da0307f3e8e8225c66b61c52a5d34d33c06510d2b2e4a9d238693271f65,gx-no-cache=1489149158386 HTTP/1.1" 200 30
186.103.132.155 - - [10/Mar/2017:10:31:42 -0300] "POST /cormun/servlet/solicitudot?f80ea2e3e88fc41c8a337847e61fb39e,UPD,2017,5326,,gx-no-cache=1489149173756 HTTP/1.1" 200 93
186.103.132.155 - - [10/Mar/2017:10:31:42 -0300] "GET /cormun/servlet/hpexe_return? HTTP/1.1" 200 1015
186.103.132.155 - - [10/Mar/2017:10:31:43 -0300] "GET /cormun/servlet/trsolicitudot HTTP/1.1" 200 12617
186.103.132.155 - - [10/Mar/2017:10:31:46 -0300] "GET /cormun/servlet/trsolicitudot HTTP/1.1" 200 12612
186.79.206.45 - - [10/Mar/2017:10:31:52 -0300] "POST /cormun/servlet/permisosadjuntos?9225d5b423440c3e121499a41bd6a657,INS,17107771,P,20170310112547,, HTTP/1.1" 200 116
186.79.206.45 - - [10/Mar/2017:10:31:52 -0300] "GET /cormun/servlet/hpexe_return? HTTP/1.1" 200 1038
186.79.206.45 - - [10/Mar/2017:10:31:53 -0300] "GET /cormun/servlet/trpermisosadjuntos?17107771,20170310112547,P, HTTP/1.1" 200 6588
186.103.132.155 - - [10/Mar/2017:10:31:53 -0300] "POST /cormun/servlet/trsolicitudot?f80ea2e3e88fc41c8a337847e61fb39e,gx-no-cache=1489149183745 HTTP/1.1" 200 106
186.79.206.45 - - [10/Mar/2017:10:31:54 -0300] "GET /cormun/servlet/trpermisosadjuntos?17107771,20170310112547,P, HTTP/1.1" 200 6585
186.103.132.155 - - [10/Mar/2017:10:31:59 -0300] "GET /cormun/servlet/solicitudot?DLT,2017,5326, HTTP/1.1" 200 9403
186.103.132.155 - - [10/Mar/2017:10:32:00 -0300] "GET /cormun/static/Shared/jqueryui/images/ui-bg_highlight-soft_100_c6c2c8_1x100.png HTTP/1.1" 404 1117
186.103.132.155 - - [10/Mar/2017:10:32:00 -0300] "GET /cormun/static/Shared/jqueryui/images/ui-icons_8d78a5_256x240.png HTTP/1.1" 404 1089
186.103.132.155 - - [10/Mar/2017:10:32:00 -0300] "GET /cormun/static/Shared/jqueryui/images/ui-bg_flat_55_fafafa_40x100.png HTTP/1.1" 404 1097
186.103.132.155 - - [10/Mar/2017:10:32:00 -0300] "GET /cormun/static/Shared/jqueryui/images/ui-icons_82798d_256x240.png HTTP/1.1" 404 1089
186.103.132.155 - - [10/Mar/2017:10:32:00 -0300] "GET /cormun/servlet/solicitudot?DLT,2017,5326, HTTP/1.1" 200 9413
186.79.206.45 - - [10/Mar/2017:10:32:00 -0300] "POST /cormun/servlet/trpermisosadjuntos?9225d5b423440c3e121499a41bd6a657,17107771,20170310112547,P,,gx-no-cache=1489152789891 HTTP/1.1" 200 90
186.79.206.45 - - [10/Mar/2017:10:32:00 -0300] "GET /cormun/servlet/hpexe_link HTTP/1.1" 200 987
186.79.206.45 - - [10/Mar/2017:10:32:00 -0300] "GET /cormun/servlet/trpermisosgoce HTTP/1.1" 200 7410
186.79.206.45 - - [10/Mar/2017:10:32:01 -0300] "GET /cormun/servlet/trpermisosgoce HTTP/1.1" 200 7409
186.103.132.155 - - [10/Mar/2017:10:32:06 -0300] "POST /cormun/servlet/solicitudot?f80ea2e3e88fc41c8a337847e61fb39e,DLT,2017,5326,,gx-no-cache=1489149197887 HTTP/1.1" 200 12419
186.103.132.155 - - [10/Mar/2017:10:32:06 -0300] "GET /cormun/static/Shared/jqueryui/images/ui-icons_ebccce_256x240.png HTTP/1.1" 404 1089
186.103.132.155 - - [10/Mar/2017:10:32:06 -0300] "GET /cormun/static/Shared/jqueryui/images/ui-bg_flat_55_994d53_40x100.png HTTP/1.1" 404 1097
186.79.206.45 - - [10/Mar/2017:10:32:07 -0300] "GET /cormun/servlet/apermisogoceprn?17107771,P,20170310112547,PU HTTP/1.1" 200 1575
186.103.132.155 - - [10/Mar/2017:10:32:08 -0300] "POST /cormun/servlet/solicitudot?f80ea2e3e88fc41c8a337847e61fb39e,DLT,2017,5326,,gx-no-cache=1489149200299 HTTP/1.1" 200 12528
91.196.50.33 - - [10/Mar/2017:10:32:36 -0300] "GET /testproxy.php HTTP/1.1" 404 987
186.103.132.155 - - [10/Mar/2017:10:33:08 -0300] "POST /cormun/servlet/solicitudot?f80ea2e3e88fc41c8a337847e61fb39e,DLT,2017,5326,,gx-no-cache=1489149259658 HTTP/1.1" 200 12652
186.103.132.155 - - [10/Mar/2017:10:33:11 -0300] "POST /cormun/servlet/solicitudot?f80ea2e3e88fc41c8a337847e61fb39e,DLT,2017,5326,,gx-no-cache=1489149263117 HTTP/1.1" 200 93
186.103.132.155 - - [10/Mar/2017:10:33:12 -0300] "GET /cormun/servlet/hpexe_return? HTTP/1.1" 200 1015
186.103.132.155 - - [10/Mar/2017:10:33:12 -0300] "GET /cormun/servlet/trsolicitudot HTTP/1.1" 200 12617
186.103.132.155 - - [10/Mar/2017:10:33:14 -0300] "GET /cormun/servlet/trsolicitudot HTTP/1.1" 200 12612
186.103.248.213 - - [10/Mar/2017:10:33:15 -0300] "POST /cormun/servlet/trautorizarsolicitud?ad6924f076a44657f15bd3a97c0b0b2f,,gx-no-cache=1489152859666 HTTP/1.1" 200 115
186.103.248.213 - - [10/Mar/2017:10:33:15 -0300] "GET /cormun/servlet/solicitudotlog?INS,2017,5406,0,REC, HTTP/1.1" 200 5768
186.103.248.213 - - [10/Mar/2017:10:33:15 -0300] "GET /cormun/servlet/solicitudotlog?INS,2017,5406,0,REC, HTTP/1.1" 200 5769
186.103.248.213 - - [10/Mar/2017:10:33:16 -0300] "GET /cormun/servlet/solicitudotlog?de3f388722692e566dd5aa1c0c6cc9ccc7b8e5e22f61499df8039ee0e92a94f0f29185bf441e25668fd03ca39776dd1d5ce0a24c2c0d5b79281ea2d5fc262dcc98cb55c8884cd218b5190a32b0116d544e657bf90caea9de720ea1d08e43c6aa6509924a863bfd0133ac8f1a3365c39e8286753db486d1657745ab62fd23dbf4f8de608f58f2feb4461eee1ca210d2469930e742adbdf0d26c1346091555c73a,gx-no-cache=1489152861358 HTTP/1.1" 200 94
186.103.132.155 - - [10/Mar/2017:10:33:17 -0300] "POST /cormun/servlet/trsolicitudot?f80ea2e3e88fc41c8a337847e61fb39e,gx-no-cache=1489149268487 HTTP/1.1" 200 103
186.103.132.155 - - [10/Mar/2017:10:33:17 -0300] "GET /cormun/SolicitudOT-1615.xls HTTP/1.1" 200 10752
186.103.157.42 - - [10/Mar/2017:10:33:29 -0300] "GET /cormun/servlet/hlogin HTTP/1.1" 200 1730
186.103.248.213 - - [10/Mar/2017:10:33:34 -0300] "POST /cormun/servlet/solicitudotlog?ad6924f076a44657f15bd3a97c0b0b2f,INS,2017,5406,0,REC,,gx-no-cache=1489152878889 HTTP/1.1" 200 93
186.103.248.213 - - [10/Mar/2017:10:33:34 -0300] "GET /cormun/servlet/hpexe_return? HTTP/1.1" 200 1023
186.103.248.213 - - [10/Mar/2017:10:33:34 -0300] "GET /cormun/static/gxcfg.js?2016101716175148 HTTP/1.1" 304 -
186.103.248.213 - - [10/Mar/2017:10:33:34 -0300] "GET /cormun/servlet/trautorizarsolicitud HTTP/1.1" 200 6895
186.103.248.213 - - [10/Mar/2017:10:33:35 -0300] "GET /cormun/static/gxcfg.js?2017259112829 HTTP/1.1" 304 -
186.103.248.213 - - [10/Mar/2017:10:33:35 -0300] "GET /cormun/servlet/trautorizarsolicitud HTTP/1.1" 200 6891
186.79.206.45 - - [10/Mar/2017:10:33:39 -0300] "GET /cormun/servlet/permisogoce?DSP,17107771,P,20170310112547, HTTP/1.1" 200 6449
186.79.206.45 - - [10/Mar/2017:10:33:39 -0300] "GET /cormun/servlet/permisogoce?DSP,17107771,P,20170310112547, HTTP/1.1" 200 6451
186.79.206.45 - - [10/Mar/2017:10:33:49 -0300] "POST /cormun/servlet/permisogoce?9225d5b423440c3e121499a41bd6a657,DSP,17107771,P,20170310112547,,gx-no-cache=1489152899137 HTTP/1.1" 200 93
186.79.206.45 - - [10/Mar/2017:10:33:50 -0300] "GET /cormun/servlet/hpexe_return? HTTP/1.1" 200 1028
186.79.206.45 - - [10/Mar/2017:10:33:50 -0300] "GET /cormun/servlet/trpermisosgoce HTTP/1.1" 200 7413
186.79.206.45 - - [10/Mar/2017:10:33:51 -0300] "GET /cormun/servlet/trpermisosgoce HTTP/1.1" 200 7409
186.103.132.155 - - [10/Mar/2017:10:33:55 -0300] "GET /cormun/servlet/trvisualizadoreventos? HTTP/1.1" 200 6542
186.103.132.155 - - [10/Mar/2017:10:33:55 -0300] "GET /cormun/static/gxcfg.js?2016101716203350 HTTP/1.1" 200 953
186.103.132.155 - - [10/Mar/2017:10:33:56 -0300] "GET /cormun/static/trvisualizadoreventos.js?2016101716203614 HTTP/1.1" 200 19309
186.103.132.155 - - [10/Mar/2017:10:33:56 -0300] "GET /cormun/static/Resources/PXToolsActionPrint.png HTTP/1.1" 200 3317
186.103.132.155 - - [10/Mar/2017:10:33:56 -0300] "GET /cormun/servlet/trvisualizadoreventos? HTTP/1.1" 200 6542
186.103.157.42 - - [10/Mar/2017:10:33:56 -0300] "POST /cormun/servlet/hlogin?a5b94201c4be011091387c77d7510dc8,gx-no-cache=1489152911878 HTTP/1.1" 200 436
186.103.132.155 - - [10/Mar/2017:10:34:01 -0300] "GET /cormun/servlet/trsolicitudot HTTP/1.1" 200 12617
186.103.132.155 - - [10/Mar/2017:10:34:03 -0300] "GET /cormun/servlet/trsolicitudot HTTP/1.1" 200 12612
186.103.157.42 - - [10/Mar/2017:10:34:04 -0300] "POST /cormun/servlet/hlogin?a5b94201c4be011091387c77d7510dc8,gx-no-cache=1489152919357 HTTP/1.1" 200 90
186.103.157.42 - - [10/Mar/2017:10:34:04 -0300] "GET /cormun/servlet/hpexe_link HTTP/1.1" 200 964
186.103.157.42 - - [10/Mar/2017:10:34:04 -0300] "GET /cormun/servlet/trsolicitudot? HTTP/1.1" 200 9966
186.103.157.42 - - [10/Mar/2017:10:34:05 -0300] "GET /cormun/servlet/trsolicitudot? HTTP/1.1" 200 9965
186.79.206.45 - - [10/Mar/2017:10:34:10 -0300] "GET /cormun/servlet/apermisogoceprn?17107771,P,20170310112547,PU HTTP/1.1" 200 1573
186.103.132.155 - - [10/Mar/2017:10:34:13 -0300] "GET /cormun/servlet/treventos?2017,5329, HTTP/1.1" 200 7590
186.103.132.155 - - [10/Mar/2017:10:34:13 -0300] "GET /cormun/static/gxcfg.js?2016101716195975 HTTP/1.1" 200 953
186.103.132.155 - - [10/Mar/2017:10:34:13 -0300] "GET /cormun/static/treventos.js?201610171620222 HTTP/1.1" 200 16055
186.103.132.155 - - [10/Mar/2017:10:34:14 -0300] "GET /cormun/servlet/treventos?2017,5329, HTTP/1.1" 200 7597
186.103.157.42 - - [10/Mar/2017:10:34:17 -0300] "GET /cormun/servlet/solicitudot?INS,0,0, HTTP/1.1" 200 12852
186.103.157.42 - - [10/Mar/2017:10:34:18 -0300] "GET /cormun/servlet/solicitudot?INS,0,0, HTTP/1.1" 200 12857
186.103.157.42 - - [10/Mar/2017:10:34:25 -0300] "POST /cormun/servlet/solicitudot?gx-no-cache=1489152940550 HTTP/1.1" 200 3194
186.103.157.42 - - [10/Mar/2017:10:34:25 -0300] "POST /cormun/servlet/solicitudot?a5b94201c4be011091387c77d7510dc8,INS,0,0,,gx-no-cache=1489152940754 HTTP/1.1" 200 9974
186.79.206.45 - - [10/Mar/2017:10:34:25 -0300] "POST /cormun/servlet/trpermisosgoce?9225d5b423440c3e121499a41bd6a657,gx-no-cache=1489152934987 HTTP/1.1" 200 4694
186.103.157.42 - - [10/Mar/2017:10:34:27 -0300] "GET /cormun/servlet/solicitudot?3e8073eef7f2ac52a6535ae0b9c7d34275709dca1a6599b8600dbb53bb055513e93ff7322094499cc31752f5b18f95c7,gx-no-cache=1489152942685 HTTP/1.1" 200 30
186.103.157.42 - - [10/Mar/2017:10:34:27 -0300] "POST /cormun/servlet/solicitudot?gx-no-cache=1489152942782 HTTP/1.1" 200 255
186.103.157.42 - - [10/Mar/2017:10:34:27 -0300] "GET /cormun/servlet/solicitudot?3e8073eef7f2ac52a6535ae0b9c7d3428d6288ab6d9b4935df724b8632ead049b0c9a0a7a46f0eeb4272a36d10499abb84288c60b1d6c0ce0bd7b27cad75bcc5e409630aabf1ddb6862dfc0edf79b70ca2a03cf1b1921106e9cf2fa445b79b2251c046f810844124c3e5ce3356a531b8bd7c93049f27fa871aff23688273c434f971267d2e285d028918171d4b37295918bc3d3885113f0da010d4f80a0cdbcd27db254f8f3a8347e39dadb193e1e162a827385ec7eda0c1eaf091b30af97a37a7d4e5ad132389c17d0c25670213e6feff770424ae39ee3b85ac4e786ffb1e0801dba7d1c84e5d9485681aaf0b823b1618f0736a064959b870f04d300546a2ef56e89d809155aa6f22c449d65115e8e59339e14760a766f43d3077ed2f198d5b492ef3fa3817908bbf2d9620a393dae98404e67a09d6f91e1c761194f7b5c4350a5e8064e41c9cccc2e2656e3c34dc456db199b1d3c70725560903d8df0a59eb577f2da1052fa9c7216113e7952a2b1cd17903268cbb90c7b4c1d507c2511005,gx-no-cache=1489152942827 HTTP/1.1" 200 30
186.103.157.42 - - [10/Mar/2017:10:34:29 -0300] "POST /cormun/servlet/solicitudot?gx-no-cache=1489152944583 HTTP/1.1" 200 30
186.103.157.42 - - [10/Mar/2017:10:34:31 -0300] "GET /cormun/servlet/prsolicitudot?12315566,,,,,MD,,gxPopupLevel%3D0%3B HTTP/1.1" 200 6228
186.103.132.155 - - [10/Mar/2017:10:34:31 -0300] "POST /cormun/servlet/treventos?f80ea2e3e88fc41c8a337847e61fb39e,2017,5329,,gx-no-cache=1489149343238 HTTP/1.1" 200 6125
186.79.206.45 - - [10/Mar/2017:10:34:32 -0300] "POST /cormun/servlet/trpermisosgoce?9225d5b423440c3e121499a41bd6a657,gx-no-cache=1489152941608 HTTP/1.1" 200 4695
186.79.206.45 - - [10/Mar/2017:10:34:38 -0300] "GET /cormun/servlet/trlicenciaspermisoslog?17107771,P,20170310112547, HTTP/1.1" 200 6040
186.79.206.45 - - [10/Mar/2017:10:34:38 -0300] "GET /cormun/static/gxcfg.js?201612261930395 HTTP/1.1" 200 953
186.103.157.42 - - [10/Mar/2017:10:34:38 -0300] "POST /cormun/servlet/solicitudot?gx-no-cache=1489152953603 HTTP/1.1" 200 1291
186.79.206.45 - - [10/Mar/2017:10:34:38 -0300] "GET /cormun/static/trlicenciaspermisoslog.js?2016122619304187 HTTP/1.1" 200 20023
186.103.157.42 - - [10/Mar/2017:10:34:38 -0300] "POST /cormun/servlet/solicitudot?gx-no-cache=1489152953724 HTTP/1.1" 200 38
186.103.157.42 - - [10/Mar/2017:10:34:38 -0300] "GET /cormun/servlet/solicitudot?3e8073eef7f2ac52a6535ae0b9c7d3423b64c3767ce9e3d2c1161d36c71dfc73cc9615c4e2989efc367f38e46106f429f11d6ce43a25cc04367321e37991958aada575e77564448113646717535be733286844708a130a5ed6ed870f2ddf240e5bbb221cb54a873216a82f5e61810cb79bf6cc0e2ee829e4f1cbdcfaaa1d08c1751a10d5954df982cc8c85f75e5fa0879ec3997beb09a984e76efa35bfa12ce1,gx-no-cache=1489152953816 HTTP/1.1" 200 29
186.103.157.42 - - [10/Mar/2017:10:34:38 -0300] "POST /cormun/servlet/solicitudot?gx-no-cache=1489152953887 HTTP/1.1" 200 1274
186.103.157.42 - - [10/Mar/2017:10:34:38 -0300] "POST /cormun/servlet/solicitudot?gx-no-cache=1489152953979 HTTP/1.1" 200 1157
186.79.206.45 - - [10/Mar/2017:10:34:38 -0300] "GET /cormun/servlet/trlicenciaspermisoslog?17107771,P,20170310112547, HTTP/1.1" 200 6041
186.79.206.45 - - [10/Mar/2017:10:34:39 -0300] "POST /cormun/servlet/acontrolpreferencessavestate?None,CD-33,true HTTP/1.1" 200 35
186.103.132.155 - - [10/Mar/2017:10:34:40 -0300] "GET /cormun/servlet/trcontratoobservacion? HTTP/1.1" 200 8154
186.103.132.155 - - [10/Mar/2017:10:34:41 -0300] "GET /cormun/static/gxcfg.js?20161221855213 HTTP/1.1" 200 953
186.79.206.45 - - [10/Mar/2017:10:34:43 -0300] "POST /cormun/servlet/trlicenciaspermisoslog?9225d5b423440c3e121499a41bd6a657,17107771,P,20170310112547,,gx-no-cache=1489152953200 HTTP/1.1" 200 90
186.79.206.45 - - [10/Mar/2017:10:34:43 -0300] "GET /cormun/servlet/hpexe_link HTTP/1.1" 200 1012
186.79.206.45 - - [10/Mar/2017:10:34:44 -0300] "GET /cormun/servlet/trpermisosgoce?gx-no-cache=1489152941608 HTTP/1.1" 200 7417
186.79.206.45 - - [10/Mar/2017:10:34:44 -0300] "GET /cormun/servlet/trpermisosgoce?gx-no-cache=1489152941608 HTTP/1.1" 200 7435
186.103.132.155 - - [10/Mar/2017:10:34:49 -0300] "GET /cormun/static/trcontratoobservacion.js?20161221855487 HTTP/1.1" 200 25085
186.103.132.155 - - [10/Mar/2017:10:34:49 -0300] "GET /cormun/servlet/trcontratoobservacion? HTTP/1.1" 200 8146
186.79.206.45 - - [10/Mar/2017:10:34:51 -0300] "GET /cormun/servlet/trpermisosadjuntos?17107771,20170310112547,P, HTTP/1.1" 200 6612
186.79.206.45 - - [10/Mar/2017:10:34:51 -0300] "GET /cormun/servlet/trpermisosadjuntos?17107771,20170310112547,P, HTTP/1.1" 200 6592
186.103.157.42 - - [10/Mar/2017:10:34:53 -0300] "POST /cormun/servlet/solicitudot?gx-no-cache=1489152968511 HTTP/1.1" 200 1275
186.103.157.42 - - [10/Mar/2017:10:34:53 -0300] "POST /cormun/servlet/solicitudot?gx-no-cache=1489152968590 HTTP/1.1" 200 1157
186.103.157.42 - - [10/Mar/2017:10:34:53 -0300] "GET /cormun/servlet/solicitudot?3e8073eef7f2ac52a6535ae0b9c7d342432c903a0d9586412b885fb531bd2ad8ac94c249ac0bd7a77545ed0838dba9527d2f1e7eac791915af09295ae546b95494e53779291d5422485a0648959228f54e2161f0df29610dee065f60faf68c6bd1cae52abfe994ae79e6c3c834b9ae2574fa90d678966ebb70cef11a8c79b052f70df4ff16e85b51d7b282f88357712dd1a73981403f188e49ef7c1c5a3ac435cc074d276facb2925de18e18e8159b1c,gx-no-cache=1489152968644 HTTP/1.1" 200 30
186.103.157.42 - - [10/Mar/2017:10:34:57 -0300] "POST /cormun/servlet/solicitudot?a5b94201c4be011091387c77d7510dc8,INS,0,0,,gx-no-cache=1489152972216 HTTP/1.1" 200 93
186.103.157.42 - - [10/Mar/2017:10:34:57 -0300] "GET /cormun/servlet/hpexe_return? HTTP/1.1" 200 1011
186.103.157.42 - - [10/Mar/2017:10:34:57 -0300] "GET /cormun/servlet/trsolicitudot HTTP/1.1" 200 9969
186.79.206.45 - - [10/Mar/2017:10:34:58 -0300] "GET /cormun/PublicTempStorage/alejandra_moreno_aguilera8212606.pdf HTTP/1.1" 200 529524
186.103.157.42 - - [10/Mar/2017:10:34:58 -0300] "GET /cormun/servlet/trsolicitudot HTTP/1.1" 200 9965
186.103.157.42 - - [10/Mar/2017:10:35:08 -0300] "POST /cormun/servlet/trsolicitudot?a5b94201c4be011091387c77d7510dc8,gx-no-cache=1489152983875 HTTP/1.1" 200 7318
186.103.157.42 - - [10/Mar/2017:10:35:11 -0300] "POST /cormun/servlet/trsolicitudot?a5b94201c4be011091387c77d7510dc8,gx-no-cache=1489152987044 HTTP/1.1" 200 6948
186.103.157.42 - - [10/Mar/2017:10:35:12 -0300] "GET /cormun/static/Shared/jqueryui/images/ui-bg_highlight-soft_100_c6c2c8_1x100.png HTTP/1.1" 404 1117
186.103.157.42 - - [10/Mar/2017:10:35:12 -0300] "GET /cormun/static/Shared/jqueryui/images/ui-icons_82798d_256x240.png HTTP/1.1" 404 1089
186.103.157.42 - - [10/Mar/2017:10:35:12 -0300] "GET /cormun/static/Shared/jqueryui/images/ui-bg_flat_55_fafafa_40x100.png HTTP/1.1" 404 1097
186.103.157.42 - - [10/Mar/2017:10:35:12 -0300] "GET /cormun/static/Shared/jqueryui/images/ui-icons_8d78a5_256x240.png HTTP/1.1" 404 1089
186.103.157.42 - - [10/Mar/2017:10:35:12 -0300] "POST /cormun/servlet/trsolicitudot?a5b94201c4be011091387c77d7510dc8,gx-no-cache=1489152987482 HTTP/1.1" 200 6890
186.103.157.42 - - [10/Mar/2017:10:35:15 -0300] "GET /cormun/servlet/trautorizarsolicitud? HTTP/1.1" 200 8260
186.103.157.42 - - [10/Mar/2017:10:35:16 -0300] "GET /cormun/servlet/trautorizarsolicitud? HTTP/1.1" 200 8259
186.103.157.42 - - [10/Mar/2017:10:35:19 -0300] "POST /cormun/servlet/trautorizarsolicitud?a5b94201c4be011091387c77d7510dc8,,gx-no-cache=1489152994956 HTTP/1.1" 200 4330
186.103.157.42 - - [10/Mar/2017:10:35:19 -0300] "POST /cormun/servlet/trautorizarsolicitud?a5b94201c4be011091387c77d7510dc8,,gx-no-cache=1489152995199 HTTP/1.1" 200 4108
186.79.206.45 - - [10/Mar/2017:10:35:25 -0300] "GET /cormun/servlet/hlogin HTTP/1.1" 200 1722
186.103.132.155 - - [10/Mar/2017:10:35:43 -0300] "GET /cormun/servlet/trsolicitudot? HTTP/1.1" 200 12613
186.103.132.155 - - [10/Mar/2017:10:35:44 -0300] "GET /cormun/servlet/trsolicitudot? HTTP/1.1" 200 12612
186.79.206.45 - - [10/Mar/2017:10:35:44 -0300] "POST /cormun/servlet/hlogin?9225d5b423440c3e121499a41bd6a657,gx-no-cache=1489153014274 HTTP/1.1" 200 90
186.79.206.45 - - [10/Mar/2017:10:35:44 -0300] "GET /cormun/servlet/hpexe_link HTTP/1.1" 200 987
186.79.206.45 - - [10/Mar/2017:10:35:44 -0300] "GET /cormun/servlet/trpermisosadjuntos?17107771,20170310112547,P, HTTP/1.1" 200 6592
186.79.206.45 - - [10/Mar/2017:10:35:45 -0300] "GET /cormun/servlet/trpermisosadjuntos?17107771,20170310112547,P, HTTP/1.1" 200 6591
186.79.206.45 - - [10/Mar/2017:10:35:57 -0300] "POST /cormun/servlet/trpermisosadjuntos?9225d5b423440c3e121499a41bd6a657,17107771,20170310112547,P,,gx-no-cache=1489153027331 HTTP/1.1" 200 90
186.79.206.45 - - [10/Mar/2017:10:35:58 -0300] "GET /cormun/servlet/hpexe_link HTTP/1.1" 200 1008
186.79.206.45 - - [10/Mar/2017:10:35:58 -0300] "GET /cormun/servlet/trpermisosgoce?gx-no-cache=1489152941608 HTTP/1.1" 200 7417
186.79.206.45 - - [10/Mar/2017:10:35:58 -0300] "GET /cormun/servlet/trpermisosgoce?gx-no-cache=1489152941608 HTTP/1.1" 200 7435
186.103.132.155 - - [10/Mar/2017:10:36:02 -0300] "POST /cormun/servlet/trsolicitudot?f80ea2e3e88fc41c8a337847e61fb39e,,gx-no-cache=1489149433078 HTTP/1.1" 200 105
186.103.132.155 - - [10/Mar/2017:10:36:03 -0300] "GET /cormun/servlet/solicitudot?DLT,2017,5313, HTTP/1.1" 200 9390
186.103.132.155 - - [10/Mar/2017:10:36:03 -0300] "GET /cormun/static/Shared/jqueryui/images/ui-bg_highlight-soft_100_c6c2c8_1x100.png HTTP/1.1" 404 1117
186.103.132.155 - - [10/Mar/2017:10:36:03 -0300] "GET /cormun/static/Shared/jqueryui/images/ui-bg_flat_55_fafafa_40x100.png HTTP/1.1" 404 1097
186.103.132.155 - - [10/Mar/2017:10:36:03 -0300] "GET /cormun/static/Shared/jqueryui/images/ui-icons_8d78a5_256x240.png HTTP/1.1" 404 1089
186.103.132.155 - - [10/Mar/2017:10:36:03 -0300] "GET /cormun/static/Shared/jqueryui/images/ui-icons_82798d_256x240.png HTTP/1.1" 404 1089
186.103.132.155 - - [10/Mar/2017:10:36:03 -0300] "GET /cormun/servlet/solicitudot?DLT,2017,5313, HTTP/1.1" 200 9399
186.79.206.45 - - [10/Mar/2017:10:36:05 -0300] "POST /cormun/servlet/trpermisosgoce?9225d5b423440c3e121499a41bd6a657,gx-no-cache=1489152941608,gx-no-cache=1489153035311 HTTP/1.1" 200 4693
186.103.157.42 - - [10/Mar/2017:10:36:10 -0300] "POST /cormun/servlet/trautorizarsolicitud?a5b94201c4be011091387c77d7510dc8,,gx-no-cache=1489153045855 HTTP/1.1" 200 9354
186.103.132.155 - - [10/Mar/2017:10:36:13 -0300] "POST /cormun/servlet/solicitudot?f80ea2e3e88fc41c8a337847e61fb39e,DLT,2017,5313,,gx-no-cache=1489149444635 HTTP/1.1" 200 12383
186.103.132.155 - - [10/Mar/2017:10:36:13 -0300] "GET /cormun/static/Shared/jqueryui/images/ui-icons_ebccce_256x240.png HTTP/1.1" 404 1089
186.103.132.155 - - [10/Mar/2017:10:36:13 -0300] "GET /cormun/static/Shared/jqueryui/images/ui-bg_flat_55_994d53_40x100.png HTTP/1.1" 404 1097
186.79.206.45 - - [10/Mar/2017:10:36:15 -0300] "GET /cormun/servlet/permisogoce?UPD,17107771,P,20170310112547, HTTP/1.1" 200 6671
186.79.206.45 - - [10/Mar/2017:10:36:15 -0300] "GET /cormun/servlet/permisogoce?UPD,17107771,P,20170310112547, HTTP/1.1" 200 6650
186.79.206.45 - - [10/Mar/2017:10:36:16 -0300] "GET /cormun/servlet/permisogoce?2eae78cd9870eceb116bffcea35f9ad5bb4dc3b2beb131c37dbc176e0c5f6edddfc58aaf7c3f91f04037d341564177c0,gx-no-cache=1489153045974 HTTP/1.1" 200 75
186.103.132.155 - - [10/Mar/2017:10:36:16 -0300] "POST /cormun/servlet/solicitudot?f80ea2e3e88fc41c8a337847e61fb39e,DLT,2017,5313,,gx-no-cache=1489149447132 HTTP/1.1" 200 12491
186.103.132.155 - - [10/Mar/2017:10:36:20 -0300] "POST /cormun/servlet/solicitudot?f80ea2e3e88fc41c8a337847e61fb39e,DLT,2017,5313,,gx-no-cache=1489149451417 HTTP/1.1" 200 12607
186.103.132.155 - - [10/Mar/2017:10:36:23 -0300] "GET /cormun/servlet/trsolicitudot? HTTP/1.1" 200 12613
186.103.132.155 - - [10/Mar/2017:10:36:24 -0300] "GET /cormun/servlet/trsolicitudot? HTTP/1.1" 200 12612
186.79.206.45 - - [10/Mar/2017:10:36:26 -0300] "POST /cormun/servlet/permisogoce?9225d5b423440c3e121499a41bd6a657,UPD,17107771,P,20170310112547,,gx-no-cache=1489153055397 HTTP/1.1" 200 93
186.79.206.45 - - [10/Mar/2017:10:36:26 -0300] "GET /cormun/servlet/hpexe_return? HTTP/1.1" 200 1049
186.79.206.45 - - [10/Mar/2017:10:36:26 -0300] "GET /cormun/servlet/trpermisosgoce?gx-no-cache=1489152941608 HTTP/1.1" 200 7419
186.79.206.45 - - [10/Mar/2017:10:36:27 -0300] "GET /cormun/servlet/trpermisosgoce?gx-no-cache=1489152941608 HTTP/1.1" 200 7435
186.103.132.155 - - [10/Mar/2017:10:36:29 -0300] "GET /cormun/servlet/hlogin HTTP/1.1" 200 1738
192.168.10.89 - - [10/Mar/2017:10:37:19 -0300] "GET /cormun/servlet/trautorizarpermisogoce? HTTP/1.1" 200 5833
192.168.10.89 - - [10/Mar/2017:10:37:19 -0300] "GET /cormun/static/gxcfg.js?201612262053193 HTTP/1.1" 200 953
192.168.10.89 - - [10/Mar/2017:10:37:19 -0300] "GET /cormun/static/trautorizarpermisogoce.js?201612262053552 HTTP/1.1" 200 31039
192.168.10.89 - - [10/Mar/2017:10:37:21 -0300] "GET /cormun/servlet/hlogin HTTP/1.1" 200 1738
192.168.10.89 - - [10/Mar/2017:10:37:31 -0300] "POST /cormun/servlet/hlogin?f8c9b5cf156a813e3a0da3be51082bc0,gx-no-cache=1489156334821 HTTP/1.1" 200 90
192.168.10.89 - - [10/Mar/2017:10:37:31 -0300] "GET /cormun/servlet/hpexe_link HTTP/1.1" 200 950
192.168.10.89 - - [10/Mar/2017:10:37:32 -0300] "GET /cormun/servlet/hhome HTTP/1.1" 200 4381
192.168.10.89 - - [10/Mar/2017:10:37:36 -0300] "GET /cormun/servlet/trpermisosgeneralesgoce? HTTP/1.1" 200 8592
192.168.10.89 - - [10/Mar/2017:10:37:36 -0300] "GET /cormun/static/gxcfg.js?201612262051892 HTTP/1.1" 200 953
192.168.10.89 - - [10/Mar/2017:10:37:36 -0300] "GET /cormun/static/trpermisosgeneralesgoce.js?201612262052293 HTTP/1.1" 200 27491
192.168.10.89 - - [10/Mar/2017:10:37:53 -0300] "POST /cormun/servlet/trpermisosgeneralesgoce?f8c9b5cf156a813e3a0da3be51082bc0,,gx-no-cache=1489156356866 HTTP/1.1" 200 6132
192.168.10.89 - - [10/Mar/2017:10:37:56 -0300] "GET /cormun/servlet/trpermisosadjuntos?17107771,20170310112547,P, HTTP/1.1" 200 7178
192.168.10.89 - - [10/Mar/2017:10:37:56 -0300] "GET /cormun/static/gxcfg.js?2016122813135853 HTTP/1.1" 200 953
192.168.10.89 - - [10/Mar/2017:10:37:56 -0300] "GET /cormun/static/trpermisosadjuntos.js?20161228131414 HTTP/1.1" 200 20048
192.168.10.89 - - [10/Mar/2017:10:37:58 -0300] "GET /cormun/PublicTempStorage/alejandra_moreno_aguilera8114043.pdf HTTP/1.1" 200 529524
186.103.248.213 - - [10/Mar/2017:10:38:00 -0300] "GET /cormun/servlet/trlicencias? HTTP/1.1" 200 7774
186.103.248.213 - - [10/Mar/2017:10:38:01 -0300] "GET /cormun/servlet/hlogin HTTP/1.1" 200 1738
186.103.248.213 - - [10/Mar/2017:10:38:01 -0300] "GET /cormun/servlet/trlicencias? HTTP/1.1" 200 7769
186.103.248.213 - - [10/Mar/2017:10:38:02 -0300] "POST /cormun/servlet/hlogin?d3a770cc391c4a7db945ef0891c3cde1,gx-no-cache=1489153152332 HTTP/1.1" 200 90
186.103.248.213 - - [10/Mar/2017:10:38:02 -0300] "GET /cormun/servlet/hpexe_link HTTP/1.1" 200 960
186.103.248.213 - - [10/Mar/2017:10:38:03 -0300] "GET /cormun/servlet/trlicencias HTTP/1.1" 200 6423
186.103.248.213 - - [10/Mar/2017:10:38:03 -0300] "GET /cormun/servlet/trlicencias HTTP/1.1" 200 6421
186.103.248.213 - - [10/Mar/2017:10:38:06 -0300] "GET /cormun/servlet/trlicencias? HTTP/1.1" 200 6421
186.103.248.213 - - [10/Mar/2017:10:38:06 -0300] "GET /cormun/servlet/trlicencias? HTTP/1.1" 200 6421
192.168.10.89 - - [10/Mar/2017:10:38:08 -0300] "GET /cormun/servlet/trpermisosadjuntos?17107771,20170310112547,P, HTTP/1.1" 200 7179
192.168.10.89 - - [10/Mar/2017:10:38:09 -0300] "GET /cormun/PublicTempStorage/alejandra_moreno_aguilera1186869.pdf HTTP/1.1" 200 529524
186.103.248.213 - - [10/Mar/2017:10:38:11 -0300] "GET /cormun/static/menuarrow.gif HTTP/1.1" 404 1015
192.168.10.89 - - [10/Mar/2017:10:38:14 -0300] "GET /cormun/servlet/trpermisosgeneralesgoce? HTTP/1.1" 200 9176
186.103.248.213 - - [10/Mar/2017:10:38:16 -0300] "POST /cormun/servlet/trlicencias?d3a770cc391c4a7db945ef0891c3cde1,,gx-no-cache=1489153165573 HTTP/1.1" 200 5737
192.168.10.89 - - [10/Mar/2017:10:38:19 -0300] "GET /cormun/servlet/trsolicitudgral? HTTP/1.1" 200 24930
186.103.248.213 - - [10/Mar/2017:10:39:03 -0300] "POST /cormun/servlet/trlicencias?d3a770cc391c4a7db945ef0891c3cde1,,gx-no-cache=1489153212201 HTTP/1.1" 200 5736
186.103.248.213 - - [10/Mar/2017:10:39:11 -0300] "POST /cormun/servlet/trlicencias?d3a770cc391c4a7db945ef0891c3cde1,,gx-no-cache=1489153220590 HTTP/1.1" 200 3646
186.103.248.213 - - [10/Mar/2017:10:39:15 -0300] "POST /cormun/servlet/trlicencias?d3a770cc391c4a7db945ef0891c3cde1,,gx-no-cache=1489153225056 HTTP/1.1" 200 3646
186.103.248.213 - - [10/Mar/2017:10:39:31 -0300] "GET /cormun/servlet/trlicencias? HTTP/1.1" 200 6421
186.103.248.213 - - [10/Mar/2017:10:39:32 -0300] "GET /cormun/servlet/trlicencias? HTTP/1.1" 200 6421
186.103.248.213 - - [10/Mar/2017:10:39:35 -0300] "GET /cormun/static/menuarrow.gif HTTP/1.1" 404 1015
192.168.10.89 - - [10/Mar/2017:10:42:14 -0300] "GET /cormun/static/menuarrow.gif HTTP/1.1" 404 1015
192.168.10.89 - - [10/Mar/2017:10:42:21 -0300] "POST /cormun/servlet/trsolicitudgral?f8c9b5cf156a813e3a0da3be51082bc0,,gx-no-cache=1489156624309 HTTP/1.1" 200 8758
192.168.10.89 - - [10/Mar/2017:10:43:35 -0300] "POST /cormun/servlet/trsolicitudgral?f8c9b5cf156a813e3a0da3be51082bc0,,gx-no-cache=1489156699221 HTTP/1.1" 200 5395
192.168.10.89 - - [10/Mar/2017:10:43:41 -0300] "POST /cormun/servlet/trsolicitudgral?f8c9b5cf156a813e3a0da3be51082bc0,,gx-no-cache=1489156704412 HTTP/1.1" 200 8759
186.79.127.233 - - [10/Mar/2017:10:46:10 -0300] "GET /cormun/servlet/hlogin HTTP/1.1" 200 1717
186.79.127.233 - - [10/Mar/2017:10:46:24 -0300] "POST /cormun/servlet/hlogin?b61fe22df121a295775e9d34d8f06d6d,gx-no-cache=1489153655768 HTTP/1.1" 200 90
186.79.127.233 - - [10/Mar/2017:10:46:24 -0300] "GET /cormun/servlet/hpexe_link HTTP/1.1" 200 947
186.79.127.233 - - [10/Mar/2017:10:46:25 -0300] "GET /cormun/servlet/hhome HTTP/1.1" 200 3992
186.79.127.233 - - [10/Mar/2017:10:46:27 -0300] "GET /cormun/servlet/hhome HTTP/1.1" 200 3988
186.79.206.45 - - [10/Mar/2017:10:48:29 -0300] "GET /cormun/servlet/trautorizarpermisogoce? HTTP/1.1" 200 5834
186.79.206.45 - - [10/Mar/2017:10:48:29 -0300] "GET /cormun/static/gxcfg.js?201612262053193 HTTP/1.1" 200 953
186.79.206.45 - - [10/Mar/2017:10:48:29 -0300] "GET /cormun/static/trautorizarpermisogoce.js?201612262053552 HTTP/1.1" 200 31039
186.79.206.45 - - [10/Mar/2017:10:48:29 -0300] "GET /cormun/servlet/hlogin HTTP/1.1" 200 1742
186.79.206.45 - - [10/Mar/2017:10:48:29 -0300] "GET /cormun/servlet/trautorizarpermisogoce? HTTP/1.1" 200 5829
186.79.206.45 - - [10/Mar/2017:10:48:32 -0300] "POST /cormun/servlet/hlogin?9136aed3e2df04707d3cf41136794de7,gx-no-cache=1489153781474 HTTP/1.1" 200 90
186.79.206.45 - - [10/Mar/2017:10:48:32 -0300] "GET /cormun/servlet/hpexe_link HTTP/1.1" 200 964
186.79.206.45 - - [10/Mar/2017:10:48:32 -0300] "GET /cormun/servlet/trautorizarpermisogoce HTTP/1.1" 200 6536
186.79.206.45 - - [10/Mar/2017:10:48:33 -0300] "GET /cormun/servlet/trautorizarpermisogoce HTTP/1.1" 200 6533
186.79.206.45 - - [10/Mar/2017:10:48:34 -0300] "POST /cormun/servlet/acontrolpreferencessavestate?None,MCACERES,true HTTP/1.1" 200 35
192.168.10.89 - - [10/Mar/2017:10:48:42 -0300] "POST /cormun/servlet/trsolicitudgral?f8c9b5cf156a813e3a0da3be51082bc0,,gx-no-cache=1489157006132 HTTP/1.1" 200 11983
186.79.206.45 - - [10/Mar/2017:10:49:02 -0300] "GET /cormun/servlet/trautorizarpermisogoce? HTTP/1.1" 200 6536
186.79.206.45 - - [10/Mar/2017:10:49:03 -0300] "GET /cormun/servlet/trautorizarpermisogoce? HTTP/1.1" 200 6536
186.79.206.45 - - [10/Mar/2017:10:49:28 -0300] "GET /cormun/servlet/trautorizarpermisogoce HTTP/1.1" 200 6538
186.79.206.45 - - [10/Mar/2017:10:49:29 -0300] "GET /cormun/servlet/trautorizarpermisogoce HTTP/1.1" 200 6536
192.168.10.89 - - [10/Mar/2017:10:53:39 -0300] "POST /cormun/servlet/trsolicitudgral?f8c9b5cf156a813e3a0da3be51082bc0,,gx-no-cache=1489157302504 HTTP/1.1" 200 7540
186.103.159.44 - - [10/Mar/2017:10:57:21 -0300] "GET /cormun/servlet/hlogin HTTP/1.1" 200 1709
186.103.159.44 - - [10/Mar/2017:10:57:22 -0300] "GET /cormun/static/gxgral.js?85251 HTTP/1.1" 304 -
186.103.159.44 - - [10/Mar/2017:10:57:22 -0300] "GET /cormun/static/gxcfg.js?201612216162538 HTTP/1.1" 304 -
186.103.159.44 - - [10/Mar/2017:10:57:22 -0300] "GET /cormun/static/Resources/ComunLogin.png HTTP/1.1" 304 -
186.103.159.44 - - [10/Mar/2017:10:57:22 -0300] "GET /cormun/static/messages.spa.js?85251 HTTP/1.1" 304 -
186.103.159.44 - - [10/Mar/2017:10:57:22 -0300] "GET /cormun/static/gxtimezone.js?85251 HTTP/1.1" 304 -
186.103.159.44 - - [10/Mar/2017:10:57:22 -0300] "GET /cormun/static/Resources/Spanish/PXTools.css?167811 HTTP/1.1" 304 -
186.103.159.44 - - [10/Mar/2017:10:57:22 -0300] "GET /cormun/static/hlogin.js?201612216162555 HTTP/1.1" 304 -
186.103.159.44 - - [10/Mar/2017:10:57:22 -0300] "GET /cormun/static/Resources/indicator.gif HTTP/1.1" 304 -
186.103.159.44 - - [10/Mar/2017:10:58:05 -0300] "POST /cormun/servlet/hlogin?4239a1a2dfd6dd4340aef5346c502383,gx-no-cache=1489154347275 HTTP/1.1" 200 90
186.103.159.44 - - [10/Mar/2017:10:58:05 -0300] "GET /cormun/servlet/hpexe_link HTTP/1.1" 200 944
186.103.159.44 - - [10/Mar/2017:10:58:06 -0300] "GET /cormun/servlet/hhome HTTP/1.1" 200 3761
186.103.159.44 - - [10/Mar/2017:10:58:14 -0300] "GET /cormun/servlet/trsolicitudot? HTTP/1.1" 200 9376
186.103.159.44 - - [10/Mar/2017:10:58:21 -0300] "GET /cormun/servlet/solicitudot?INS,0,0, HTTP/1.1" 200 12565
186.103.159.44 - - [10/Mar/2017:10:58:44 -0300] "POST /cormun/servlet/solicitudot?gx-no-cache=1489154386732 HTTP/1.1" 200 3081
186.103.159.44 - - [10/Mar/2017:10:58:45 -0300] "POST /cormun/servlet/solicitudot?4239a1a2dfd6dd4340aef5346c502383,INS,0,0,,gx-no-cache=1489154387110 HTTP/1.1" 200 9666
186.103.248.213 - - [10/Mar/2017:10:59:23 -0300] "POST /cormun/servlet/trlicencias?d3a770cc391c4a7db945ef0891c3cde1,,gx-no-cache=1489154431723 HTTP/1.1" 200 3643
186.103.248.213 - - [10/Mar/2017:10:59:26 -0300] "POST /cormun/servlet/trlicencias?d3a770cc391c4a7db945ef0891c3cde1,,gx-no-cache=1489154435442 HTTP/1.1" 200 5735
186.103.159.44 - - [10/Mar/2017:10:59:32 -0300] "GET /cormun/servlet/solicitudot?42a86af84d5eee09b4d522a97c2dec5c410903b30410ac0fe47aa7bf0d6e2ec8efcc24c11c4208c0d2d25c471bb30761,gx-no-cache=1489154434101 HTTP/1.1" 200 30
186.103.248.213 - - [10/Mar/2017:10:59:37 -0300] "GET /cormun/servlet/licenciaspermisos?DSP,15805109,L,20170309000000, HTTP/1.1" 200 6669
186.103.248.213 - - [10/Mar/2017:10:59:44 -0300] "GET /cormun/static/gxcfg.js?2016122619301043 HTTP/1.1" 200 953
186.103.248.213 - - [10/Mar/2017:10:59:47 -0300] "GET /cormun/static/licenciaspermisos.js?2016122619301096 HTTP/1.1" 200 33213
186.103.248.213 - - [10/Mar/2017:10:59:48 -0300] "GET /cormun/servlet/licenciaspermisos?DSP,15805109,L,20170309000000, HTTP/1.1" 200 6668
186.103.248.213 - - [10/Mar/2017:10:59:59 -0300] "GET /cormun/servlet/trsolicitudot? HTTP/1.1" 200 8011
186.103.248.213 - - [10/Mar/2017:11:00:00 -0300] "GET /cormun/servlet/trsolicitudot? HTTP/1.1" 200 7985
186.103.248.213 - - [10/Mar/2017:11:00:08 -0300] "POST /cormun/servlet/trsolicitudot?d3a770cc391c4a7db945ef0891c3cde1,,gx-no-cache=1489154478274 HTTP/1.1" 200 106
186.103.248.213 - - [10/Mar/2017:11:00:09 -0300] "GET /cormun/servlet/solicitudot?UPD,2017,5406, HTTP/1.1" 200 14283
186.103.248.213 - - [10/Mar/2017:11:00:10 -0300] "GET /cormun/servlet/solicitudot?UPD,2017,5406, HTTP/1.1" 200 14292
186.103.248.213 - - [10/Mar/2017:11:00:13 -0300] "POST /cormun/servlet/solicitudot?gx-no-cache=1489154480826 HTTP/1.1" 200 3164
186.103.248.213 - - [10/Mar/2017:11:00:13 -0300] "POST /cormun/servlet/solicitudot?d3a770cc391c4a7db945ef0891c3cde1,UPD,2017,5406,,gx-no-cache=1489154483222 HTTP/1.1" 200 10844
186.103.248.213 - - [10/Mar/2017:11:00:14 -0300] "GET /cormun/servlet/solicitudot?af73eabc6dd132c5d09abd3f75622ac379310a543847c7ca324695faf3f63e3f689ba7268044d5f94ebfd0e38531567c,gx-no-cache=1489154483911 HTTP/1.1" 200 30
186.103.248.213 - - [10/Mar/2017:11:00:14 -0300] "POST /cormun/servlet/solicitudot?gx-no-cache=1489154484010 HTTP/1.1" 200 257
186.103.248.213 - - [10/Mar/2017:11:00:17 -0300] "GET /cormun/servlet/solicitudot?af73eabc6dd132c5d09abd3f75622ac3e50396d3049e1d7766a278259a5ccd7a5e3041f22558fc56e765a071832d776fa4df371d4c5a25817e1f6553c81e830ee9c5622db4d3e19770cf5fbf3dd6445b9cced153acc0ff32a842d3011d61a05ad3742bf93fe5076456084e81c9573789afbe4061551517ba30940b145e46b6ce30d4522cb9092047937f57d890f61696fd0da541b21e9a913f088834cd3b75d23444036661719a4a86af64c22dac39f2f7fcc692695589a238e0df2ff09b02312c80950fc1bb223fd004561b4420d3a9e9c03f371ecc7d700b321b49783f4f25df40923d17097499a0028faffa60f9e485a6a54f098e84553b251172fc6aed33eace77f5f6f3ba0cf30eb4dded57ff68ea475e5e73bcc59aaa678daa475311cbfea4183878bdfafac1ea4b5aec79ce896ecc44e9b87d7c13368ac10e6875cd2fb22bb7b2ba0baf3bcffd7e9aa8273d27cb4ca631fe02236eee12ddb8d1676c1a414d1edccf7dab8df4efd5740f4ed38b767abf76b0da69466d0b004016ba06d0,gx-no-cache=1489154484119 HTTP/1.1" 200 30
186.103.248.213 - - [10/Mar/2017:11:00:17 -0300] "POST /cormun/servlet/solicitudot?gx-no-cache=1489154487571 HTTP/1.1" 200 30
186.103.248.213 - - [10/Mar/2017:11:00:18 -0300] "POST /cormun/servlet/solicitudot?gx-no-cache=1489154487711 HTTP/1.1" 200 1287
186.103.248.213 - - [10/Mar/2017:11:00:18 -0300] "POST /cormun/servlet/solicitudot?gx-no-cache=1489154488040 HTTP/1.1" 200 41
186.103.248.213 - - [10/Mar/2017:11:00:27 -0300] "POST /cormun/servlet/solicitudot?gx-no-cache=1489154497090 HTTP/1.1" 200 241
186.103.248.213 - - [10/Mar/2017:11:00:32 -0300] "GET /cormun/servlet/solicitudot?af73eabc6dd132c5d09abd3f75622ac3e50396d3049e1d7766a278259a5ccd7aece9639370387ef67ec406d0ce048d5da4df371d4c5a25817e1f6553c81e830ee9c5622db4d3e19770cf5fbf3dd6445b9cced153acc0ff32a842d3011d61a05ad3742bf93fe5076456084e81c9573789afbe4061551517ba30940b145e46b6ce30d4522cb9092047937f57d890f61696fd0da541b21e9a913f088834cd3b75d23444036661719a4a86af64c22dac39f2f7fcc692695589a238e0df2ff09b02312c80950fc1bb223fd004561b4420d3a9e9c03f371ecc7d700b321b49783f4f25df40923d17097499a0028faffa60f9e485a6a54f098e84553b251172fc6aed33eace77f5f6f3ba0cf30eb4dded57ff68ea475e5e73bcc59aaa678daa475311cbfea4183878bdfafac1ea4b5aec79ce896ecc44e9b87d7c13368ac10e6875cd2fb22bb7b2ba0baf3bcffd7e9aa8273d27cb4ca631fe02236eee12ddb8d1676c1a414d1edccf7dab8df4efd5740f4ed38b767abf76b0da69466d0b004016ba06d0,gx-no-cache=1489154500276 HTTP/1.1" 200 30
186.103.248.213 - - [10/Mar/2017:11:00:35 -0300] "POST /cormun/servlet/solicitudot?gx-no-cache=1489154504962 HTTP/1.1" 200 30
186.103.248.213 - - [10/Mar/2017:11:00:38 -0300] "GET /cormun/static/Resources/resize.gif HTTP/1.1" 200 77
186.103.248.213 - - [10/Mar/2017:11:00:45 -0300] "GET /cormun/servlet/prfichaempleado?,MD,,gxPopupLevel%3D0%3B HTTP/1.1" 200 8812
186.103.248.213 - - [10/Mar/2017:11:00:45 -0300] "GET /cormun/static/gxcfg.js?2016102420561687 HTTP/1.1" 200 953
186.103.248.213 - - [10/Mar/2017:11:00:45 -0300] "GET /cormun/static/prfichaempleado.js?201610242056198 HTTP/1.1" 200 16015
186.103.248.213 - - [10/Mar/2017:11:00:46 -0300] "GET /cormun/static/hmpwkw011.js?201612218515582 HTTP/1.1" 200 1968
186.103.248.213 - - [10/Mar/2017:11:00:46 -0300] "GET /cormun/static/Resources/PXToolsMenuSearchCancel.png HTTP/1.1" 200 2972
186.103.248.213 - - [10/Mar/2017:11:00:47 -0300] "GET /cormun/static/menusearch.js?201610171694467 HTTP/1.1" 200 1424
186.103.248.213 - - [10/Mar/2017:11:00:49 -0300] "GET /cormun/static/Resources/PXToolsMenuSearch.png HTTP/1.1" 200 2914
186.103.248.213 - - [10/Mar/2017:11:00:59 -0300] "POST /cormun/servlet/prfichaempleado?d3a770cc391c4a7db945ef0891c3cde1,,MD,,gxPopupLevel%3D0%3B,gx-no-cache=1489154528442 HTTP/1.1" 200 3412
186.103.248.213 - - [10/Mar/2017:11:01:03 -0300] "POST /cormun/servlet/solicitudot?gx-no-cache=1489154533035 HTTP/1.1" 200 1291
186.103.248.213 - - [10/Mar/2017:11:01:05 -0300] "GET /cormun/static/menuarrow.gif HTTP/1.1" 404 1015
186.103.248.213 - - [10/Mar/2017:11:01:09 -0300] "GET /cormun/servlet/prlicenciaspermisos?15805109,L,,MD,,gxPopupLevel%3D0%3B HTTP/1.1" 200 5655
186.103.248.213 - - [10/Mar/2017:11:01:09 -0300] "GET /cormun/static/gxcfg.js?2016122619302491 HTTP/1.1" 200 953
186.103.248.213 - - [10/Mar/2017:11:01:09 -0300] "GET /cormun/static/prlicenciaspermisos.js?2016122619302645 HTTP/1.1" 200 13363
186.103.248.213 - - [10/Mar/2017:11:01:24 -0300] "POST /cormun/servlet/solicitudot?gx-no-cache=1489154554487 HTTP/1.1" 200 41
186.103.159.44 - - [10/Mar/2017:11:01:29 -0300] "POST /cormun/servlet/solicitudot?gx-no-cache=1489154551063 HTTP/1.1" 200 297
186.103.159.44 - - [10/Mar/2017:11:01:29 -0300] "GET /cormun/servlet/solicitudot?42a86af84d5eee09b4d522a97c2dec5c924785dab3b4ffcac1e589d528e2036ecdc49e34ad3f9c30f3757cc18820571870396876d9a5da95c78edf6fef2ab5b9517e21638484f6eff97131a6d2d0045f2511f5573b511c5a1a0e8942bae2016f446da30793ae4d5662ba7996e7a35d6b1efb697e7cb2253998f3e9904c9e1936f5e03702f7a58605f03e759b60013c776cebb1b181338cf840e7625a37e2726d4f2cf9df9d154ecf02f4f87beb26b218d1d109eee2bdd4a6d67157126e3d3c1da8cc27b0af316527af4395ed4bef4ddc791c519452775e604a5c0474279c8d05087157f7111ee58ff2c24ab731f63c8354381b9fe94c69ed4170e3929992080d32a0fcb941d4fa21af095ae62db73abed500a64e1d70fbd806f508015b3ff07f6e46ece2e66bff8f35e41548451c51d1855034f2ea1a6af2d785b080d66539e4b325af86b1d61fe2fa03b669923b207ae48c42736245596c3688cb082efaa3f20f8e1bd0e478511a8effcbf01b5f011404da94fc5e9c9723ebffde1cf26a98740f50d533f8f436eb6f76cad7f90de266,gx-no-cache=1489154551301 HTTP/1.1" 200 30
186.103.159.44 - - [10/Mar/2017:11:01:31 -0300] "POST /cormun/servlet/solicitudot?gx-no-cache=1489154553381 HTTP/1.1" 200 30
186.103.248.213 - - [10/Mar/2017:11:01:34 -0300] "GET /cormun/servlet/solicitudot?af73eabc6dd132c5d09abd3f75622ac3c3f8834dd0d036c2d690b7343de600b4f2a5041facadea59c9b2dc4fc93a9c6c97c15f29984c08ac068a44db97c932c17d8df7af82da1e150bc584ceddcd50d6e5654cb8f4260cb3d6f9e6dcc603bbd18b7d6a7d5a081c74ceef7951e49c321a,gx-no-cache=1489154564145 HTTP/1.1" 200 29
186.103.248.213 - - [10/Mar/2017:11:01:34 -0300] "POST /cormun/servlet/solicitudot?gx-no-cache=1489154564248 HTTP/1.1" 200 1274
186.103.248.213 - - [10/Mar/2017:11:01:36 -0300] "POST /cormun/servlet/solicitudot?gx-no-cache=1489154565457 HTTP/1.1" 200 1157
186.103.159.44 - - [10/Mar/2017:11:01:45 -0300] "POST /cormun/servlet/solicitudot?gx-no-cache=1489154567550 HTTP/1.1" 200 1291
186.103.159.44 - - [10/Mar/2017:11:01:49 -0300] "GET /cormun/static/menuarrow.gif HTTP/1.1" 404 1015
186.103.248.213 - - [10/Mar/2017:11:01:52 -0300] "GET /cormun/servlet/solicitudot?af73eabc6dd132c5d09abd3f75622ac3e9a376eaeff660fd90b8159267b4f6ae0976230fbc800a01e7c2d817c6171b86e4073de5bb6197d7e805a687cbad560dc49ade1ed917d60ed2a81200e1b804f8b1713e501f0fc8241505259cc36a1b10a394bba264ae19fabf8756730ea598b453b464e81c08a6d39126c7fba420452d0a78e7ace58204260f387e90168ce52d6052b110c349e86cb3fa3164cd0bddfa32c0d5ef363726f2d9cebd72a2ed47687fa6e0d84c54625e9973cad8beeed357,gx-no-cache=1489154581785 HTTP/1.1" 200 30
186.103.159.44 - - [10/Mar/2017:11:01:54 -0300] "POST /cormun/servlet/solicitudot?gx-no-cache=1489154576115 HTTP/1.1" 200 118
186.103.159.44 - - [10/Mar/2017:11:01:54 -0300] "GET /cormun/static/Shared/jqueryui/images/ui-bg_highlight-soft_100_c6c2c8_1x100.png HTTP/1.1" 404 1117
186.103.159.44 - - [10/Mar/2017:11:01:54 -0300] "GET /cormun/static/Shared/jqueryui/images/ui-icons_82798d_256x240.png HTTP/1.1" 404 1089
186.103.159.44 - - [10/Mar/2017:11:01:54 -0300] "GET /cormun/static/Shared/jqueryui/images/ui-bg_flat_55_994d53_40x100.png HTTP/1.1" 404 1097
186.103.159.44 - - [10/Mar/2017:11:01:54 -0300] "GET /cormun/static/Shared/jqueryui/images/ui-icons_ebccce_256x240.png HTTP/1.1" 404 1089
186.103.248.213 - - [10/Mar/2017:11:02:01 -0300] "POST /cormun/servlet/solicitudot?d3a770cc391c4a7db945ef0891c3cde1,UPD,2017,5406,,gx-no-cache=1489154590578 HTTP/1.1" 200 93
186.103.248.213 - - [10/Mar/2017:11:02:01 -0300] "GET /cormun/servlet/hpexe_return? HTTP/1.1" 200 1014
186.103.248.213 - - [10/Mar/2017:11:02:02 -0300] "GET /cormun/servlet/trsolicitudot HTTP/1.1" 200 8041
186.103.248.213 - - [10/Mar/2017:11:02:03 -0300] "GET /cormun/servlet/trsolicitudot HTTP/1.1" 200 8037
186.103.159.44 - - [10/Mar/2017:11:02:10 -0300] "GET /cormun/servlet/solicitudot?42a86af84d5eee09b4d522a97c2dec5ce113e162022da3a58dc64667d22d8db6d43f51ab6e05d4b7e869a1fde3c1765c4dd8dfa25e2bb41896a51e17b87606930851c986e0df05f1c9eeaf5cfaf854cf65a5769021be2992d28e99c0818c692345a628fad3a2ef5c6443e3ee7cb58c86,gx-no-cache=1489154591759 HTTP/1.1" 200 29
186.103.159.44 - - [10/Mar/2017:11:02:10 -0300] "POST /cormun/servlet/solicitudot?gx-no-cache=1489154592164 HTTP/1.1" 200 1275
186.103.159.44 - - [10/Mar/2017:11:02:14 -0300] "POST /cormun/servlet/solicitudot?gx-no-cache=1489154596432 HTTP/1.1" 200 1156
186.103.159.44 - - [10/Mar/2017:11:02:21 -0300] "GET /cormun/servlet/solicitudot?42a86af84d5eee09b4d522a97c2dec5c3c6d9bfddc026bb159138b800235d893020623a5dfb330c7f1a644de6c8aa2f4dee976f95716fb1056213b48f1c8bd3ed0e932885ba41c727f8e099106a6f742c986521e5ce2e2dad6b5cad43280219975ce80fd436663578a822e775dddd942bc675789b7f465f3f250ec1c79fbb5e0c634756a0d69274677c7265e35f134d4ef9d5b6deac237e90af6a2d12e5c72b60ac40fbdc478713381838c821b1edd8155bf6026a9adca8ea29923831fc43b5f,gx-no-cache=1489154602664 HTTP/1.1" 200 30
186.103.248.213 - - [10/Mar/2017:11:02:53 -0300] "POST /cormun/servlet/trautorizarsolicitud?ad6924f076a44657f15bd3a97c0b0b2f,gx-no-cache=1489154637775 HTTP/1.1" 200 4119
186.103.248.213 - - [10/Mar/2017:11:02:56 -0300] "GET /cormun/servlet/trautorizarsolicitud? HTTP/1.1" 200 6891
186.103.248.213 - - [10/Mar/2017:11:02:58 -0300] "GET /cormun/servlet/trautorizarsolicitud? HTTP/1.1" 200 6891
186.103.248.213 - - [10/Mar/2017:11:03:19 -0300] "POST /cormun/servlet/trsolicitudot?d3a770cc391c4a7db945ef0891c3cde1,gx-no-cache=1489154668856 HTTP/1.1" 200 4191
186.103.248.213 - - [10/Mar/2017:11:03:19 -0300] "GET /cormun/static/Shared/jqueryui/images/ui-bg_highlight-soft_100_c6c2c8_1x100.png HTTP/1.1" 404 1117
186.103.248.213 - - [10/Mar/2017:11:03:20 -0300] "GET /cormun/static/Shared/jqueryui/images/ui-bg_flat_55_fafafa_40x100.png HTTP/1.1" 404 1097
186.103.248.213 - - [10/Mar/2017:11:03:20 -0300] "GET /cormun/static/Shared/jqueryui/images/ui-icons_8d78a5_256x240.png HTTP/1.1" 404 1089
186.103.248.213 - - [10/Mar/2017:11:03:20 -0300] "GET /cormun/static/Shared/jqueryui/images/ui-icons_82798d_256x240.png HTTP/1.1" 404 1089
186.103.248.213 - - [10/Mar/2017:11:03:21 -0300] "POST /cormun/servlet/trsolicitudot?d3a770cc391c4a7db945ef0891c3cde1,gx-no-cache=1489154669714 HTTP/1.1" 200 3933
186.103.248.213 - - [10/Mar/2017:11:03:40 -0300] "POST /cormun/servlet/trautorizarsolicitud?ad6924f076a44657f15bd3a97c0b0b2f,,gx-no-cache=1489154683977 HTTP/1.1" 200 5427
186.103.248.213 - - [10/Mar/2017:11:03:42 -0300] "GET /cormun/servlet/veautorizarsolicitud?2017,5406,, HTTP/1.1" 200 8149
186.103.248.213 - - [10/Mar/2017:11:03:42 -0300] "GET /cormun/static/gxcfg.js?20161221854380 HTTP/1.1" 304 -
186.103.248.213 - - [10/Mar/2017:11:03:42 -0300] "GET /cormun/pexe_scrolldiv.js HTTP/1.1" 404 1009
186.103.248.213 - - [10/Mar/2017:11:03:43 -0300] "GET /cormun/servlet/veautorizarsolicitud?2017,5406,, HTTP/1.1" 200 8148
186.103.248.213 - - [10/Mar/2017:11:04:02 -0300] "POST /cormun/servlet/veautorizarsolicitud?ad6924f076a44657f15bd3a97c0b0b2f,2017,5406,,,gx-no-cache=1489154702311 HTTP/1.1" 200 93
186.103.248.213 - - [10/Mar/2017:11:04:02 -0300] "GET /cormun/servlet/hpexe_return? HTTP/1.1" 200 1014
186.103.248.213 - - [10/Mar/2017:11:04:02 -0300] "GET /cormun/servlet/trautorizarsolicitud? HTTP/1.1" 200 8184
186.103.248.213 - - [10/Mar/2017:11:04:03 -0300] "GET /cormun/servlet/trautorizarsolicitud? HTTP/1.1" 200 8180
186.103.248.213 - - [10/Mar/2017:11:04:07 -0300] "POST /cormun/servlet/trautorizarsolicitud?ad6924f076a44657f15bd3a97c0b0b2f,,gx-no-cache=1489154712014 HTTP/1.1" 200 4355
186.103.248.213 - - [10/Mar/2017:11:04:07 -0300] "GET /cormun/static/Shared/jqueryui/images/ui-bg_highlight-soft_100_c6c2c8_1x100.png HTTP/1.1" 404 1117
186.103.248.213 - - [10/Mar/2017:11:04:07 -0300] "GET /cormun/static/Shared/jqueryui/images/ui-icons_82798d_256x240.png HTTP/1.1" 404 1089
186.103.248.213 - - [10/Mar/2017:11:04:07 -0300] "GET /cormun/static/Shared/jqueryui/images/ui-bg_flat_55_fafafa_40x100.png HTTP/1.1" 404 1097
186.103.248.213 - - [10/Mar/2017:11:04:07 -0300] "GET /cormun/static/Shared/jqueryui/images/ui-icons_8d78a5_256x240.png HTTP/1.1" 404 1089
186.103.248.213 - - [10/Mar/2017:11:04:08 -0300] "POST /cormun/servlet/trautorizarsolicitud?ad6924f076a44657f15bd3a97c0b0b2f,,gx-no-cache=1489154712937 HTTP/1.1" 200 4099
186.103.159.44 - - [10/Mar/2017:11:04:31 -0300] "GET /cormun/servlet/prfichaempleado?,MD,,gxPopupLevel%3D0%3B HTTP/1.1" 200 8808
186.103.159.44 - - [10/Mar/2017:11:04:31 -0300] "GET /cormun/static/gxcfg.js?2016102420561687 HTTP/1.1" 304 -
186.103.159.44 - - [10/Mar/2017:11:04:31 -0300] "GET /cormun/static/prfichaempleado.js?201610242056198 HTTP/1.1" 304 -
186.103.159.44 - - [10/Mar/2017:11:04:31 -0300] "GET /cormun/static/menusearch.js?201610171694467 HTTP/1.1" 304 -
186.103.159.44 - - [10/Mar/2017:11:04:31 -0300] "GET /cormun/static/hmpwkw011.js?201612218515582 HTTP/1.1" 304 -
186.103.159.44 - - [10/Mar/2017:11:05:02 -0300] "GET /cormun/servlet/prfichaempleado?,MD,,gxPopupLevel%3D0%3B HTTP/1.1" 200 8808
186.103.159.44 - - [10/Mar/2017:11:05:54 -0300] "GET /cormun/servlet/trsolicitudot? HTTP/1.1" 200 9381
186.103.159.44 - - [10/Mar/2017:11:06:00 -0300] "GET /cormun/servlet/solicitudot?INS,0,0, HTTP/1.1" 200 12564
186.103.159.44 - - [10/Mar/2017:11:06:13 -0300] "POST /cormun/servlet/solicitudot?gx-no-cache=1489154834940 HTTP/1.1" 200 3081
186.103.159.44 - - [10/Mar/2017:11:06:14 -0300] "POST /cormun/servlet/solicitudot?4239a1a2dfd6dd4340aef5346c502383,INS,0,0,,gx-no-cache=1489154835802 HTTP/1.1" 200 9665
186.103.159.44 - - [10/Mar/2017:11:06:19 -0300] "GET /cormun/servlet/solicitudot?42a86af84d5eee09b4d522a97c2dec5c410903b30410ac0fe47aa7bf0d6e2ec8efcc24c11c4208c0d2d25c471bb30761,gx-no-cache=1489154840981 HTTP/1.1" 200 30
186.103.248.213 - - [10/Mar/2017:11:09:58 -0300] "POST /cormun/servlet/trautorizarsolicitud?ad6924f076a44657f15bd3a97c0b0b2f,,gx-no-cache=1489155062776 HTTP/1.1" 200 4120
186.103.248.213 - - [10/Mar/2017:11:10:06 -0300] "GET /cormun/servlet/hlogin HTTP/1.1" 200 1738
