186.79.127.233 - - [10/Mar/2017:10:21:08 -0300] "GET /cormun/servlet/trcontratosolicitud? HTTP/1.1" 200 13879
186.79.127.233 - - [10/Mar/2017:10:21:08 -0300] "GET /cormun/static/gxcfg.js?20171317451682 HTTP/1.1" 304 -
186.103.157.42 - - [10/Mar/2017:10:21:09 -0300] "GET /cormun/static/Resources/resize.gif HTTP/1.1" 200 77
186.103.157.42 - - [10/Mar/2017:10:21:09 -0300] "GET /cormun/servlet/prsolicitudot?7992920,,,,,MD,,gxPopupLevel%3D0%3B HTTP/1.1" 200 6006
186.103.157.42 - - [10/Mar/2017:10:21:09 -0300] "GET /cormun/static/Resources/PXToolsMenuSearch.png HTTP/1.1" 200 2914
186.103.157.42 - - [10/Mar/2017:10:21:09 -0300] "GET /cormun/static/gxcfg.js?20161221854215 HTTP/1.1" 200 953
186.103.157.42 - - [10/Mar/2017:10:21:09 -0300] "GET /cormun/static/prsolicitudot.js?201612218542259 HTTP/1.1" 200 13680
186.103.157.42 - - [10/Mar/2017:10:21:09 -0300] "GET /cormun/static/Resources/PXToolsMenuSearchCancel.png HTTP/1.1" 200 2972
186.103.157.42 - - [10/Mar/2017:10:21:09 -0300] "GET /cormun/static/menusearch.js?201610171694467 HTTP/1.1" 200 1424
186.103.157.42 - - [10/Mar/2017:10:21:09 -0300] "GET /cormun/static/hmpwkw011.js?201612218515582 HTTP/1.1" 200 1968
186.79.127.233 - - [10/Mar/2017:10:21:10 -0300] "GET /cormun/servlet/trcontratosolicitud? HTTP/1.1" 200 13886
186.103.157.42 - - [10/Mar/2017:10:21:12 -0300] "POST /cormun/servlet/solicitudot?gx-no-cache=1489152148024 HTTP/1.1" 200 235
186.103.157.42 - - [10/Mar/2017:10:21:12 -0300] "POST /cormun/servlet/solicitudot?gx-no-cache=1489152148140 HTTP/1.1" 200 38
186.103.157.42 - - [10/Mar/2017:10:21:12 -0300] "GET /cormun/servlet/solicitudot?3e8073eef7f2ac52a6535ae0b9c7d3423b64c3767ce9e3d2c1161d36c71dfc73cc9615c4e2989efc367f38e46106f429f11d6ce43a25cc04367321e37991958aada575e77564448113646717535be733286844708a130a5ed6ed870f2ddf240e5bbb221cb54a873216a82f5e61810cb79bf6cc0e2ee829e4f1cbdcfaaa1d08c1751a10d5954df982cc8c85f75e5fa0879ec3997beb09a984e76efa35bfa12ce1,gx-no-cache=1489152148233 HTTP/1.1" 200 29
186.103.157.42 - - [10/Mar/2017:10:21:13 -0300] "POST /cormun/servlet/solicitudot?gx-no-cache=1489152148297 HTTP/1.1" 200 643
186.103.157.42 - - [10/Mar/2017:10:21:13 -0300] "POST /cormun/servlet/solicitudot?gx-no-cache=1489152148390 HTTP/1.1" 200 518
186.103.132.155 - - [10/Mar/2017:10:21:22 -0300] "GET /cormun/static/Shared/ext/ext-all.js HTTP/1.1" 200 1289687
186.103.132.155 - - [10/Mar/2017:10:21:24 -0300] "GET /cormun/servlet/hhome HTTP/1.1" 200 3802
186.103.132.155 - - [10/Mar/2017:10:21:25 -0300] "GET /cormun/static/SmoothNavMenu/resources/images/down.gif HTTP/1.1" 200 854
186.103.132.155 - - [10/Mar/2017:10:21:29 -0300] "GET /cormun/servlet/trsolicitudot? HTTP/1.1" 200 12921
186.103.132.155 - - [10/Mar/2017:10:21:29 -0300] "GET /cormun/static/gxcfg.js?20171191044697 HTTP/1.1" 200 953
186.103.132.155 - - [10/Mar/2017:10:21:29 -0300] "GET /cormun/static/calendar-system.css?85620 HTTP/1.1" 200 5572
186.103.132.155 - - [10/Mar/2017:10:21:29 -0300] "GET /cormun/static/gxui/gxui-all.css?120300 HTTP/1.1" 200 2179
186.103.132.155 - - [10/Mar/2017:10:21:30 -0300] "GET /cormun/static/calendar-setup.js?85251 HTTP/1.1" 200 2588
186.103.132.155 - - [10/Mar/2017:10:21:30 -0300] "GET /cormun/static/calendar.js?85251 HTTP/1.1" 200 26246
186.103.132.155 - - [10/Mar/2017:10:21:30 -0300] "GET /cormun/static/calendar-es.js?85251 HTTP/1.1" 200 1901
186.103.157.42 - - [10/Mar/2017:10:21:30 -0300] "POST /cormun/servlet/solicitudot?gx-no-cache=1489152165823 HTTP/1.1" 200 641
186.103.157.42 - - [10/Mar/2017:10:21:31 -0300] "POST /cormun/servlet/solicitudot?gx-no-cache=1489152166660 HTTP/1.1" 200 1157
186.103.132.155 - - [10/Mar/2017:10:21:31 -0300] "GET /cormun/static/Resources/PXTools/calendar.png HTTP/1.1" 200 1306
186.103.132.155 - - [10/Mar/2017:10:21:38 -0300] "GET /cormun/static/gxdec.js?85251 HTTP/1.1" 200 19579
186.79.127.233 - - [10/Mar/2017:10:21:42 -0300] "POST /cormun/servlet/trcontratosolicitud?1f42598b17b4ea5eb1319ea196b80786,,gx-no-cache=1489152173020 HTTP/1.1" 200 8056
186.103.132.155 - - [10/Mar/2017:10:21:47 -0300] "GET /cormun/static/trsolicitudot.js?20171191045625 HTTP/1.1" 200 53117
186.103.132.155 - - [10/Mar/2017:10:21:48 -0300] "GET /cormun/static/Resources/PXToolsDataSearch.png HTTP/1.1" 200 419
186.103.132.155 - - [10/Mar/2017:10:21:48 -0300] "GET /cormun/static/Resources/PXToolsGridFirstDisabled.gif HTTP/1.1" 200 100
186.103.132.155 - - [10/Mar/2017:10:21:48 -0300] "GET /cormun/static/Resources/PXToolsGridPreviousDisabled.gif HTTP/1.1" 200 90
186.103.132.155 - - [10/Mar/2017:10:21:49 -0300] "GET /cormun/static/Resources/PXToolsGridNextDisabled.gif HTTP/1.1" 200 90
186.103.132.155 - - [10/Mar/2017:10:21:49 -0300] "GET /cormun/static/Resources/PXToolsGridLastDisabled.gif HTTP/1.1" 200 98
186.103.132.155 - - [10/Mar/2017:10:21:49 -0300] "GET /cormun/static/Resources/PXToolsGridPage.gif HTTP/1.1" 200 725
186.103.132.155 - - [10/Mar/2017:10:21:49 -0300] "GET /cormun/static/Resources/PXToolsActionExcel.png HTTP/1.1" 200 3187
186.103.132.155 - - [10/Mar/2017:10:21:49 -0300] "GET /cormun/static/Resources/PXToolsGridNew.png HTTP/1.1" 200 2949
186.103.132.155 - - [10/Mar/2017:10:21:52 -0300] "GET /cormun/static/Shared/ext/resources/css/ext-all.css?215870 HTTP/1.1" 200 416045
186.103.132.155 - - [10/Mar/2017:10:21:56 -0300] "GET /cormun/static/Resources/asc.gif HTTP/1.1" 200 67
186.103.132.155 - - [10/Mar/2017:10:21:56 -0300] "GET /cormun/servlet/trsolicitudot? HTTP/1.1" 200 12919
186.103.132.155 - - [10/Mar/2017:10:21:57 -0300] "GET /cormun/static/Resources/desc.gif HTTP/1.1" 200 65
186.103.132.155 - - [10/Mar/2017:10:21:57 -0300] "GET /cormun//static/Resources/PXToolsRemoveAllAction.png HTTP/1.1" 200 3558
186.103.132.155 - - [10/Mar/2017:10:21:57 -0300] "GET /cormun/static/Shared/ext/resources/themes/images/default/tools/tool-sprites.gif HTTP/1.1" 200 5434
186.103.132.155 - - [10/Mar/2017:10:21:57 -0300] "GET /cormun//static/Resources/PXTools/ActionInsert.png HTTP/1.1" 200 1482
186.103.132.155 - - [10/Mar/2017:10:21:57 -0300] "GET /cormun/static/Shared/ext/resources/themes/images/default/panel/bg-headersPanel.png HTTP/1.1" 200 255
186.103.132.155 - - [10/Mar/2017:10:21:57 -0300] "GET /cormun//static/Resources/PXToolsActionView.png HTTP/1.1" 200 2995
186.103.132.155 - - [10/Mar/2017:10:21:57 -0300] "GET /cormun//static/Resources/PXToolsGridUpdate.png HTTP/1.1" 200 2984
186.103.132.155 - - [10/Mar/2017:10:21:57 -0300] "GET /cormun//static/Resources/PXToolsGridDelete.png HTTP/1.1" 200 357
186.103.132.155 - - [10/Mar/2017:10:22:02 -0300] "GET /cormun/servlet/trsolicitudot? HTTP/1.1" 200 12919
186.103.132.155 - - [10/Mar/2017:10:22:03 -0300] "GET /cormun/static/Shared/ext/resources/themes/images/default/tools/tool-sprites.gif HTTP/1.1" 206 1
186.103.132.155 - - [10/Mar/2017:10:22:03 -0300] "GET /cormun/servlet/trsolicitudot? HTTP/1.1" 200 12919
186.103.132.155 - - [10/Mar/2017:10:22:03 -0300] "GET /cormun/static/Shared/ext/resources/themes/images/default/tools/tool-sprites.gif HTTP/1.1" 206 2862
186.103.132.155 - - [10/Mar/2017:10:22:09 -0300] "POST /cormun/servlet/trsolicitudot?f80ea2e3e88fc41c8a337847e61fb39e,,gx-no-cache=1489148600755 HTTP/1.1" 200 105
186.103.132.155 - - [10/Mar/2017:10:22:09 -0300] "GET /cormun/servlet/solicitudot?DLT,2017,5050, HTTP/1.1" 200 9383
186.103.132.155 - - [10/Mar/2017:10:22:09 -0300] "GET /cormun/static/gxcfg.js?20171191042720 HTTP/1.1" 200 953
186.103.132.155 - - [10/Mar/2017:10:22:09 -0300] "GET /cormun/static/Resources/prompt.gif HTTP/1.1" 200 902
186.79.127.233 - - [10/Mar/2017:10:22:12 -0300] "GET /cormun/servlet/trvisualizadoreventos? HTTP/1.1" 200 6724
186.79.127.233 - - [10/Mar/2017:10:22:12 -0300] "GET /cormun/static/gxcfg.js?2016101716203350 HTTP/1.1" 304 -
186.103.132.155 - - [10/Mar/2017:10:22:13 -0300] "GET /cormun/static/solicitudot.js?2017119104297 HTTP/1.1" 200 63948
186.79.127.233 - - [10/Mar/2017:10:22:13 -0300] "GET /cormun/servlet/trvisualizadoreventos? HTTP/1.1" 200 6724
186.103.132.155 - - [10/Mar/2017:10:22:14 -0300] "GET /cormun/static/Shared/jqueryui/images/ui-bg_highlight-soft_100_c6c2c8_1x100.png HTTP/1.1" 404 1117
186.103.132.155 - - [10/Mar/2017:10:22:14 -0300] "GET /cormun/static/Shared/jqueryui/images/ui-icons_82798d_256x240.png HTTP/1.1" 404 1089
186.103.132.155 - - [10/Mar/2017:10:22:14 -0300] "GET /cormun/static/Shared/jqueryui/images/ui-bg_flat_55_fafafa_40x100.png HTTP/1.1" 404 1097
186.103.132.155 - - [10/Mar/2017:10:22:14 -0300] "GET /cormun/static/Shared/jqueryui/images/ui-icons_8d78a5_256x240.png HTTP/1.1" 404 1089
186.103.156.24 - - [10/Mar/2017:10:22:15 -0300] "GET /cormun/servlet/trcontratounov2? HTTP/1.1" 200 15924
186.103.132.155 - - [10/Mar/2017:10:22:15 -0300] "GET /cormun/servlet/solicitudot?DLT,2017,5050, HTTP/1.1" 200 9392
186.103.156.24 - - [10/Mar/2017:10:22:15 -0300] "GET /cormun/static/Resources/Spanish/PXTools.css?18365030 HTTP/1.1" 304 -
186.103.156.24 - - [10/Mar/2017:10:22:15 -0300] "GET /cormun/static/gxcfg.js?201612281114880 HTTP/1.1" 304 -
186.103.156.24 - - [10/Mar/2017:10:22:17 -0300] "GET /cormun/static/hwchdr01.js?201612218432057 HTTP/1.1" 304 -
186.103.156.24 - - [10/Mar/2017:10:22:17 -0300] "GET /cormun/static/hpexe_recentlink.js?201610171694390 HTTP/1.1" 304 -
186.103.156.24 - - [10/Mar/2017:10:22:17 -0300] "GET /cormun/static/hpexe_scripts.js?201612218432016 HTTP/1.1" 304 -
186.103.156.24 - - [10/Mar/2017:10:22:17 -0300] "GET /cormun/static/hpexe_messagecontroller.js?201610171694323 HTTP/1.1" 304 -
186.103.156.24 - - [10/Mar/2017:10:22:17 -0300] "GET /cormun/static/hpexe_messagepopupcomponent.js?20161017169425 HTTP/1.1" 304 -
186.103.156.24 - - [10/Mar/2017:10:22:17 -0300] "GET /cormun/static/cmcontrolpreferences.js?201612218431999 HTTP/1.1" 304 -
186.103.156.24 - - [10/Mar/2017:10:22:17 -0300] "GET /cormun/static/hpexe_messagegenexuscomponent.js?201612218431816 HTTP/1.1" 304 -
186.103.156.24 - - [10/Mar/2017:10:22:17 -0300] "GET /cormun/static/hmpwkw03.js?20161221852152 HTTP/1.1" 304 -
186.103.156.24 - - [10/Mar/2017:10:22:18 -0300] "GET /cormun/servlet/hlogin HTTP/1.1" 200 1741
186.103.156.24 - - [10/Mar/2017:10:22:18 -0300] "GET /cormun/static/Resources/Spanish/PXTools.css?167811 HTTP/1.1" 304 -
186.103.156.24 - - [10/Mar/2017:10:22:18 -0300] "GET /cormun/servlet/trcontratounov2? HTTP/1.1" 200 15927
186.103.156.24 - - [10/Mar/2017:10:22:18 -0300] "GET /cormun/static/gxcfg.js?201612216162538 HTTP/1.1" 304 -
186.103.156.24 - - [10/Mar/2017:10:22:18 -0300] "GET /cormun/static/hlogin.js?201612216162555 HTTP/1.1" 304 -
186.103.132.155 - - [10/Mar/2017:10:22:21 -0300] "POST /cormun/servlet/solicitudot?f80ea2e3e88fc41c8a337847e61fb39e,DLT,2017,5050,,gx-no-cache=1489148612201 HTTP/1.1" 200 12391
186.103.132.155 - - [10/Mar/2017:10:22:21 -0300] "GET /cormun/static/Shared/jqueryui/images/ui-bg_flat_55_994d53_40x100.png HTTP/1.1" 404 1097
186.103.132.155 - - [10/Mar/2017:10:22:21 -0300] "GET /cormun/static/Shared/jqueryui/images/ui-icons_ebccce_256x240.png HTTP/1.1" 404 1089
201.214.54.252 - - [10/Mar/2017:10:22:26 -0300] "GET /cormun/servlet/hlogin HTTP/1.1" 200 1736
186.103.157.42 - - [10/Mar/2017:10:22:29 -0300] "GET /cormun/static/menuarrow.gif HTTP/1.1" 404 1015
186.103.132.155 - - [10/Mar/2017:10:22:31 -0300] "POST /cormun/servlet/solicitudot?f80ea2e3e88fc41c8a337847e61fb39e,DLT,2017,5050,,gx-no-cache=1489148623060 HTTP/1.1" 200 93
186.103.132.155 - - [10/Mar/2017:10:22:31 -0300] "GET /cormun/servlet/hpexe_return? HTTP/1.1" 200 1015
186.103.132.155 - - [10/Mar/2017:10:22:31 -0300] "GET /cormun/static/hpexe_return.js?2016101716175153 HTTP/1.1" 200 1633
186.103.132.155 - - [10/Mar/2017:10:22:31 -0300] "GET /cormun/static/gxcfg.js?2016101716175148 HTTP/1.1" 200 953
186.103.132.155 - - [10/Mar/2017:10:22:32 -0300] "GET /cormun/servlet/trsolicitudot HTTP/1.1" 200 12924
186.103.157.42 - - [10/Mar/2017:10:22:32 -0300] "GET /cormun/servlet/solicitudot?3e8073eef7f2ac52a6535ae0b9c7d342ce9b957260aa31cb8bbd6a6a887e080129e47bc013a5c8ea61b95a233e5b367fbbf23d78e366fc504daf2dba912e036daa864761bebba42972963c7ef0265910020def051dfa7ceb62fd665a163058ffe23dc1970d3cd3672fa1211a33baba9dc2c084c1892df00ca496e19f8ee96b429bc2185740004855b70d76f4d6e0923de1d0b09df5657ed7b372ff57e870f769e6ad854d8b211bb365119e526342c70a,gx-no-cache=1489152228079 HTTP/1.1" 200 30
186.103.132.155 - - [10/Mar/2017:10:22:33 -0300] "GET /cormun/servlet/trsolicitudot HTTP/1.1" 200 12919
186.103.156.24 - - [10/Mar/2017:10:22:34 -0300] "POST /cormun/servlet/hlogin?26bb3f2400cd3ac342b3837129170664,gx-no-cache=1489152228467 HTTP/1.1" 200 90
186.103.156.24 - - [10/Mar/2017:10:22:34 -0300] "GET /cormun/servlet/hpexe_link HTTP/1.1" 200 961
186.103.156.24 - - [10/Mar/2017:10:22:34 -0300] "GET /cormun/static/gxcfg.js?201612218515529 HTTP/1.1" 304 -
186.103.156.24 - - [10/Mar/2017:10:22:34 -0300] "GET /cormun/static/hpexe_link.js?201612218515532 HTTP/1.1" 304 -
186.103.156.24 - - [10/Mar/2017:10:22:34 -0300] "GET /cormun/servlet/trcontratounov2 HTTP/1.1" 200 16478
186.103.156.24 - - [10/Mar/2017:10:22:35 -0300] "GET /cormun/servlet/trcontratounov2 HTTP/1.1" 200 16487
186.79.127.233 - - [10/Mar/2017:10:22:37 -0300] "POST /cormun/servlet/trvisualizadoreventos?1f42598b17b4ea5eb1319ea196b80786,,gx-no-cache=1489152228363 HTTP/1.1" 200 3964
186.103.132.155 - - [10/Mar/2017:10:22:37 -0300] "POST /cormun/servlet/trsolicitudot?f80ea2e3e88fc41c8a337847e61fb39e,gx-no-cache=1489148628855 HTTP/1.1" 200 106
186.103.132.155 - - [10/Mar/2017:10:22:37 -0300] "GET /cormun/servlet/solicitudot?DLT,2017,5344, HTTP/1.1" 200 9410
186.103.157.42 - - [10/Mar/2017:10:22:39 -0300] "POST /cormun/servlet/solicitudot?a5b94201c4be011091387c77d7510dc8,INS,0,0,,gx-no-cache=1489152234263 HTTP/1.1" 200 93
186.103.157.42 - - [10/Mar/2017:10:22:39 -0300] "GET /cormun/servlet/hpexe_return? HTTP/1.1" 200 1011
186.103.157.42 - - [10/Mar/2017:10:22:39 -0300] "GET /cormun/static/gxcfg.js?2016101716175148 HTTP/1.1" 200 953
186.103.157.42 - - [10/Mar/2017:10:22:39 -0300] "GET /cormun/static/hpexe_return.js?2016101716175153 HTTP/1.1" 304 -
186.103.157.42 - - [10/Mar/2017:10:22:39 -0300] "GET /cormun/servlet/trsolicitudot HTTP/1.1" 200 10884
186.103.157.42 - - [10/Mar/2017:10:22:40 -0300] "GET /cormun/servlet/trsolicitudot HTTP/1.1" 200 10880
186.103.132.155 - - [10/Mar/2017:10:22:41 -0300] "GET /cormun/static/Shared/jqueryui/images/ui-bg_highlight-soft_100_c6c2c8_1x100.png HTTP/1.1" 404 1117
186.103.132.155 - - [10/Mar/2017:10:22:41 -0300] "GET /cormun/static/Shared/jqueryui/images/ui-icons_82798d_256x240.png HTTP/1.1" 404 1089
186.103.132.155 - - [10/Mar/2017:10:22:41 -0300] "GET /cormun/static/Shared/jqueryui/images/ui-bg_flat_55_fafafa_40x100.png HTTP/1.1" 404 1097
186.103.132.155 - - [10/Mar/2017:10:22:41 -0300] "GET /cormun/static/Shared/jqueryui/images/ui-icons_8d78a5_256x240.png HTTP/1.1" 404 1089
186.103.132.155 - - [10/Mar/2017:10:22:41 -0300] "GET /cormun/servlet/solicitudot?DLT,2017,5344, HTTP/1.1" 200 9420
186.103.157.42 - - [10/Mar/2017:10:22:45 -0300] "POST /cormun/servlet/trsolicitudot?a5b94201c4be011091387c77d7510dc8,gx-no-cache=1489152240785 HTTP/1.1" 200 7637
186.103.157.42 - - [10/Mar/2017:10:22:45 -0300] "GET /cormun/static/Shared/jqueryui/images/ui-bg_highlight-soft_100_c6c2c8_1x100.png HTTP/1.1" 404 1117
186.103.157.42 - - [10/Mar/2017:10:22:45 -0300] "GET /cormun/static/Shared/jqueryui/images/ui-icons_82798d_256x240.png HTTP/1.1" 404 1089
186.103.157.42 - - [10/Mar/2017:10:22:45 -0300] "GET /cormun/static/Shared/jqueryui/images/ui-icons_8d78a5_256x240.png HTTP/1.1" 404 1089
186.103.157.42 - - [10/Mar/2017:10:22:45 -0300] "GET /cormun/static/Shared/jqueryui/images/ui-bg_flat_55_fafafa_40x100.png HTTP/1.1" 404 1097
186.103.157.42 - - [10/Mar/2017:10:22:46 -0300] "POST /cormun/servlet/trsolicitudot?a5b94201c4be011091387c77d7510dc8,gx-no-cache=1489152241268 HTTP/1.1" 200 7569
186.103.157.42 - - [10/Mar/2017:10:22:50 -0300] "GET /cormun/servlet/solicitudot?INS,0,0, HTTP/1.1" 200 12849
186.103.157.42 - - [10/Mar/2017:10:22:51 -0300] "GET /cormun/servlet/solicitudot?INS,0,0, HTTP/1.1" 200 12854
186.103.157.42 - - [10/Mar/2017:10:22:57 -0300] "POST /cormun/servlet/solicitudot?gx-no-cache=1489152252609 HTTP/1.1" 200 3185
186.103.157.42 - - [10/Mar/2017:10:22:57 -0300] "POST /cormun/servlet/solicitudot?a5b94201c4be011091387c77d7510dc8,INS,0,0,,gx-no-cache=1489152252800 HTTP/1.1" 200 9972
186.103.132.155 - - [10/Mar/2017:10:23:00 -0300] "POST /cormun/servlet/solicitudot?f80ea2e3e88fc41c8a337847e61fb39e,DLT,2017,5344,,gx-no-cache=1489148637186 HTTP/1.1" 200 12418
186.103.132.155 - - [10/Mar/2017:10:23:02 -0300] "GET /cormun/static/Shared/jqueryui/images/ui-bg_flat_55_994d53_40x100.png HTTP/1.1" 404 1097
186.103.157.42 - - [10/Mar/2017:10:23:02 -0300] "GET /cormun/servlet/solicitudot?3e8073eef7f2ac52a6535ae0b9c7d34259e756e931fdab9b5c60d231359b3ddbd5116f3bfa7a1dd1bd1bf8464741a00b,gx-no-cache=1489152257834 HTTP/1.1" 200 30
186.103.157.42 - - [10/Mar/2017:10:23:02 -0300] "POST /cormun/servlet/solicitudot?gx-no-cache=1489152257923 HTTP/1.1" 200 255
186.103.157.42 - - [10/Mar/2017:10:23:02 -0300] "GET /cormun/servlet/solicitudot?3e8073eef7f2ac52a6535ae0b9c7d3428d6288ab6d9b4935df724b8632ead049b0c9a0a7a46f0eeb4272a36d10499abb84288c60b1d6c0ce0bd7b27cad75bcc5e409630aabf1ddb6862dfc0edf79b70ca2a03cf1b1921106e9cf2fa445b79b2251c046f810844124c3e5ce3356a531b8bd7c93049f27fa871aff23688273c434f971267d2e285d028918171d4b37295918bc3d3885113f0da010d4f80a0cdbcd27db254f8f3a8347e39dadb193e1e162a827385ec7eda0c1eaf091b30af97a37a7d4e5ad132389c17d0c25670213e6feff770424ae39ee3b85ac4e786ffb1e0801dba7d1c84e5d9485681aaf0b823b1618f0736a064959b870f04d300546a2ef56e89d809155aa6f22c449d65115e8e59339e14760a766f43d3077ed2f198d5b492ef3fa3817908bbf2d9620a393dae98404e67a09d6f91e1c761194f7b5c4350a5e8064e41c9cccc2e2656e3c34dc456db199b1d3c70725560903d8df0a59eb577f2da1052fa9c7216113e7952a2b1cd17903268cbb90c7b4c1d507c2511005,gx-no-cache=1489152257976 HTTP/1.1" 200 30
186.103.132.155 - - [10/Mar/2017:10:23:03 -0300] "GET /cormun/static/Shared/jqueryui/images/ui-icons_ebccce_256x240.png HTTP/1.1" 404 1089
186.103.157.42 - - [10/Mar/2017:10:23:04 -0300] "POST /cormun/servlet/solicitudot?gx-no-cache=1489152260018 HTTP/1.1" 200 30
186.103.157.42 - - [10/Mar/2017:10:23:08 -0300] "GET /cormun/servlet/prsolicitudot?7992920,,,,,MD,,gxPopupLevel%3D0%3B HTTP/1.1" 200 6052
186.103.157.42 - - [10/Mar/2017:10:23:11 -0300] "POST /cormun/servlet/solicitudot?gx-no-cache=1489152266981 HTTP/1.1" 200 296
186.103.157.42 - - [10/Mar/2017:10:23:11 -0300] "GET /cormun/static/Shared/jqueryui/images/ui-bg_flat_55_994d53_40x100.png HTTP/1.1" 404 1097
186.103.157.42 - - [10/Mar/2017:10:23:11 -0300] "GET /cormun/static/Shared/jqueryui/images/ui-icons_ebccce_256x240.png HTTP/1.1" 404 1089
186.103.157.42 - - [10/Mar/2017:10:23:11 -0300] "POST /cormun/servlet/solicitudot?gx-no-cache=1489152267091 HTTP/1.1" 200 117
186.103.157.42 - - [10/Mar/2017:10:23:11 -0300] "GET /cormun/servlet/solicitudot?3e8073eef7f2ac52a6535ae0b9c7d3423b64c3767ce9e3d2c1161d36c71dfc73cc9615c4e2989efc367f38e46106f429f11d6ce43a25cc04367321e37991958aada575e77564448113646717535be733286844708a130a5ed6ed870f2ddf240e5bbb221cb54a873216a82f5e61810cb79bf6cc0e2ee829e4f1cbdcfaaa1d08c1751a10d5954df982cc8c85f75e5fa0879ec3997beb09a984e76efa35bfa12ce1,gx-no-cache=1489152267175 HTTP/1.1" 200 29
186.103.157.42 - - [10/Mar/2017:10:23:11 -0300] "GET /cormun/servlet/solicitudot?3e8073eef7f2ac52a6535ae0b9c7d3425ace05d49dc914fe65873441c4c64099eb40c9af6594166abe02a7d7cdade2454f3d409849b2bd27e3b437061a78a3084ae389c4be287f239677ed9d89e0aee9bf9d70373c75c8dc3ba1e6db8a1c695989cbdde958e7c6c87b09afb2c151dadd35f6f7195e0472fdf58f60fee46c87149403e07a30f37ef20bec4aee716c6cf49ce67128e8d84a6f159a0d2283b781cd,gx-no-cache=1489152267238 HTTP/1.1" 200 57
186.103.157.42 - - [10/Mar/2017:10:23:12 -0300] "GET /cormun/servlet/solicitudot?3e8073eef7f2ac52a6535ae0b9c7d342f10e55435d42af60a7d3e94ae79064d3eb40c9af6594166abe02a7d7cdade2454f3d409849b2bd27e3b437061a78a30828391c69511884a279e93bafbb6e462df1d3769e9d672e3187d29cc943844e41d4ae920c8bdb3299e42564ed38dcd2785f6b8288c29b58a766f5762cb827cce9,gx-no-cache=1489152267301 HTTP/1.1" 200 57
186.103.132.155 - - [10/Mar/2017:10:23:16 -0300] "POST /cormun/servlet/solicitudot?f80ea2e3e88fc41c8a337847e61fb39e,DLT,2017,5344,,gx-no-cache=1489148657351 HTTP/1.1" 200 12527
186.103.132.155 - - [10/Mar/2017:10:23:18 -0300] "POST /cormun/servlet/solicitudot?f80ea2e3e88fc41c8a337847e61fb39e,DLT,2017,5344,,gx-no-cache=1489148669438 HTTP/1.1" 200 93
186.103.132.155 - - [10/Mar/2017:10:23:18 -0300] "GET /cormun/servlet/hpexe_return? HTTP/1.1" 200 1015
186.103.132.155 - - [10/Mar/2017:10:23:21 -0300] "GET /cormun/servlet/trsolicitudot HTTP/1.1" 200 12924
186.103.157.42 - - [10/Mar/2017:10:23:26 -0300] "GET /cormun/servlet/prfichaempleado?,MD,,gxPopupLevel%3D0%3B HTTP/1.1" 200 8929
186.103.157.42 - - [10/Mar/2017:10:23:26 -0300] "GET /cormun/static/gxcfg.js?2016102420561687 HTTP/1.1" 200 953
186.103.157.42 - - [10/Mar/2017:10:23:26 -0300] "GET /cormun/static/prfichaempleado.js?201610242056198 HTTP/1.1" 200 16015
186.103.132.155 - - [10/Mar/2017:10:23:28 -0300] "GET /cormun/servlet/trsolicitudot HTTP/1.1" 200 12919
186.103.157.42 - - [10/Mar/2017:10:23:32 -0300] "POST /cormun/servlet/prfichaempleado?a5b94201c4be011091387c77d7510dc8,,MD,,gxPopupLevel%3D0%3B,gx-no-cache=1489152288072 HTTP/1.1" 200 3842
186.103.157.42 - - [10/Mar/2017:10:23:39 -0300] "GET /cormun/servlet/prlicenciaspermisos?16490969,L,,MD,,gxPopupLevel%3D0%3B HTTP/1.1" 200 5918
186.103.157.42 - - [10/Mar/2017:10:23:39 -0300] "GET /cormun/static/gxcfg.js?2016122619302491 HTTP/1.1" 200 953
186.103.157.42 - - [10/Mar/2017:10:23:39 -0300] "GET /cormun/static/prlicenciaspermisos.js?2016122619302645 HTTP/1.1" 200 13363
186.103.157.42 - - [10/Mar/2017:10:23:42 -0300] "POST /cormun/servlet/solicitudot?gx-no-cache=1489152297582 HTTP/1.1" 200 1292
186.103.132.155 - - [10/Mar/2017:10:23:52 -0300] "POST /cormun/servlet/trsolicitudot?f80ea2e3e88fc41c8a337847e61fb39e,gx-no-cache=1489148683602 HTTP/1.1" 200 106
186.103.132.155 - - [10/Mar/2017:10:23:53 -0300] "GET /cormun/servlet/solicitudot?UPD,2017,5344, HTTP/1.1" 200 14282
186.103.157.42 - - [10/Mar/2017:10:23:55 -0300] "POST /cormun/servlet/solicitudot?gx-no-cache=1489152310062 HTTP/1.1" 200 41
186.103.132.155 - - [10/Mar/2017:10:23:57 -0300] "GET /cormun/servlet/solicitudot?UPD,2017,5344, HTTP/1.1" 200 14291
186.103.157.42 - - [10/Mar/2017:10:24:02 -0300] "POST /cormun/servlet/solicitudot?gx-no-cache=1489152318114 HTTP/1.1" 200 1275
186.103.157.42 - - [10/Mar/2017:10:24:05 -0300] "POST /cormun/servlet/solicitudot?gx-no-cache=1489152320690 HTTP/1.1" 200 1158
186.103.157.42 - - [10/Mar/2017:10:24:15 -0300] "GET /cormun/static/menuarrow.gif HTTP/1.1" 404 1015
186.103.132.155 - - [10/Mar/2017:10:24:16 -0300] "POST /cormun/servlet/solicitudot?gx-no-cache=1489148708217 HTTP/1.1" 200 3133
186.103.157.42 - - [10/Mar/2017:10:24:18 -0300] "GET /cormun/servlet/solicitudot?3e8073eef7f2ac52a6535ae0b9c7d342ce9b957260aa31cb8bbd6a6a887e080129e47bc013a5c8ea61b95a233e5b367fe3fe9b46180e0fead7d7d5f3cddf4c1c7c34b55f539f78b788d027d826db9d1956e89d809155aa6f22c449d65115e8e599852b51ae8cd19d1164aebcd7a79535d3c94d0df52ca57d33e1fe3d38c42743774f3bf65d74dd105e4f9794c73cbded341f0229c72b88776a935a6ed372042ac7e2e18e526db5a8393c298f254c1f6147263fd3dabd532fefd7a67873cabd18,gx-no-cache=1489152334135 HTTP/1.1" 200 30
186.103.132.155 - - [10/Mar/2017:10:24:19 -0300] "POST /cormun/servlet/solicitudot?f80ea2e3e88fc41c8a337847e61fb39e,UPD,2017,5344,,gx-no-cache=1489148728284 HTTP/1.1" 200 10858
186.103.132.155 - - [10/Mar/2017:10:24:20 -0300] "GET /cormun/servlet/solicitudot?7f0f9f40ad3d3f95d99ed29d023d90c29cc96c84e8284ab962d7fc42fd640970bae36aa474227fe5622489e090531ab8,gx-no-cache=1489148731609 HTTP/1.1" 200 30
186.103.132.155 - - [10/Mar/2017:10:24:21 -0300] "POST /cormun/servlet/solicitudot?gx-no-cache=1489148732433 HTTP/1.1" 200 254
186.103.132.155 - - [10/Mar/2017:10:24:23 -0300] "GET /cormun/servlet/solicitudot?7f0f9f40ad3d3f95d99ed29d023d90c23bb9703acc71a682dc4087469fec58213ceb3eb97fa4376826fcb8fef9ae044e263bfe9e5b8fff61942ac19357c5b743b59075fd2bb8fef947e80f9305f33209ae08c85404e5bc15bb86127a42143642b359586fb2e9e119e7aab3d456507722f38ecb960cf8a9269e3b7b7d2c3def895ffd1f1e58576d7904b601d9a8e44764ede5ab829ffd90a1d2bcbceae174b18e1440cc12e89aca9ffaad349841ca51a76445d1edf92bdf1627ce07c8cee74e8a003043c4c9833936df2deffa8ec185dedea51dc32c8bd8d9be1ee30f115c9818cd4af5361e87a1247812867ad217b54b126ce3140e08bf2c36c6a15d4a7743e9fd60e8ffa8af4ad262b2a093251e254f5d8db96bd35e84b63e106daaef9e8e470b0335f7b4e44ea19bab4d246c96cbc42fb69510ae9f58248a89603c9ca2c53497fd3bd3ca8cbd21010d09fa2818d37a59b73dbc4516fd7932c6aac4380f42c7346d6166b53ce7a8b07ad6efa1d6e2d11f6df5dd54db4d721bf64165f39dce59,gx-no-cache=1489148733781 HTTP/1.1" 200 30
186.103.132.155 - - [10/Mar/2017:10:24:24 -0300] "POST /cormun/servlet/solicitudot?gx-no-cache=1489148735739 HTTP/1.1" 200 30
186.103.132.155 - - [10/Mar/2017:10:24:25 -0300] "POST /cormun/servlet/solicitudot?gx-no-cache=1489148736959 HTTP/1.1" 200 1287
186.103.132.155 - - [10/Mar/2017:10:24:26 -0300] "POST /cormun/servlet/solicitudot?gx-no-cache=1489148738066 HTTP/1.1" 200 41
186.103.156.24 - - [10/Mar/2017:10:24:30 -0300] "POST /cormun/servlet/trcontratounov2?26bb3f2400cd3ac342b3837129170664,gx-no-cache=1489152344483 HTTP/1.1" 200 105
186.103.156.24 - - [10/Mar/2017:10:24:30 -0300] "GET /cormun/ContratoUnoV3-4451.xls HTTP/1.1" 200 18432
186.103.132.155 - - [10/Mar/2017:10:24:30 -0300] "GET /cormun/servlet/solicitudot?7f0f9f40ad3d3f95d99ed29d023d90c2b27b505e5bd3e8ffe203d30806af580c0a3fcaccb1fa80a2c29d65bdcd8a1ce0a5608693882904943c6e43f9e8ba62a131d19a6d5bb69a28e2191bea934657ef10039cb351d4213041769a2ec2f905a138741bc23689416b03defc24b2c6a695e45978167ae14742dba1edb2e72ae7b5c9dcc76a94a33b816ca4fafefe55e21d417bc1bb4dce20253a9b71c2b7df516b,gx-no-cache=1489148740919 HTTP/1.1" 200 29
186.103.132.155 - - [10/Mar/2017:10:24:32 -0300] "POST /cormun/servlet/solicitudot?gx-no-cache=1489148743049 HTTP/1.1" 200 1275
186.103.132.155 - - [10/Mar/2017:10:24:33 -0300] "POST /cormun/servlet/solicitudot?gx-no-cache=1489148744214 HTTP/1.1" 200 1157
186.103.157.42 - - [10/Mar/2017:10:24:53 -0300] "GET /cormun/servlet/solicitudot?3e8073eef7f2ac52a6535ae0b9c7d342ce9b957260aa31cb8bbd6a6a887e080129e47bc013a5c8ea61b95a233e5b367f715f9267b592b1bcf5b8e0776131754d7c34b55f539f78b788d027d826db9d1956e89d809155aa6f22c449d65115e8e599852b51ae8cd19d1164aebcd7a79535d3c94d0df52ca57d33e1fe3d38c42743774f3bf65d74dd105e4f9794c73cbded341f0229c72b88776a935a6ed372042ac7e2e18e526db5a8393c298f254c1f6147263fd3dabd532fefd7a67873cabd18,gx-no-cache=1489152368858 HTTP/1.1" 200 30
186.103.157.42 - - [10/Mar/2017:10:24:54 -0300] "POST /cormun/servlet/solicitudot?a5b94201c4be011091387c77d7510dc8,INS,0,0,,gx-no-cache=1489152369218 HTTP/1.1" 200 93
186.103.157.42 - - [10/Mar/2017:10:24:54 -0300] "GET /cormun/servlet/hpexe_return? HTTP/1.1" 200 1031
186.103.157.42 - - [10/Mar/2017:10:24:54 -0300] "GET /cormun/servlet/trsolicitudot?gx-no-cache=1489152241268 HTTP/1.1" 200 10979
186.103.157.42 - - [10/Mar/2017:10:24:55 -0300] "GET /cormun/servlet/trsolicitudot?gx-no-cache=1489152241268 HTTP/1.1" 200 10996
186.103.132.155 - - [10/Mar/2017:10:24:58 -0300] "GET /cormun/servlet/solicitudot?7f0f9f40ad3d3f95d99ed29d023d90c2d9450b880a22b44addac44220aceba08e041e9db76bfe771fa7035aa7d9560f3809c61bfeb8ac54a1abdf18c7cb978207ebd943068efd04bf9483cc21107080aa6e86c0c0a40fc3b7b0d3affaa98c9ace08909f521d9911be87d36696015b0ba432c852f03ee9ec64300fc1fe5901f1257932fc02e12f4cb98d54c5daa4b0d80c9cc7b9a9a0bc8c19bd96799a0d09d4a971000c60c356ffc40bcef2d78d1acb3,gx-no-cache=1489148770545 HTTP/1.1" 200 30
186.103.157.42 - - [10/Mar/2017:10:24:59 -0300] "POST /cormun/servlet/trsolicitudot?a5b94201c4be011091387c77d7510dc8,gx-no-cache=1489152241268,gx-no-cache=1489152373714 HTTP/1.1" 200 7637
186.103.157.42 - - [10/Mar/2017:10:24:59 -0300] "GET /cormun/static/Shared/jqueryui/images/ui-bg_highlight-soft_100_c6c2c8_1x100.png HTTP/1.1" 404 1117
186.103.157.42 - - [10/Mar/2017:10:24:59 -0300] "GET /cormun/static/Shared/jqueryui/images/ui-icons_82798d_256x240.png HTTP/1.1" 404 1089
186.103.157.42 - - [10/Mar/2017:10:24:59 -0300] "GET /cormun/static/Shared/jqueryui/images/ui-bg_flat_55_fafafa_40x100.png HTTP/1.1" 404 1097
186.103.157.42 - - [10/Mar/2017:10:24:59 -0300] "GET /cormun/static/Shared/jqueryui/images/ui-icons_8d78a5_256x240.png HTTP/1.1" 404 1089
186.103.157.42 - - [10/Mar/2017:10:24:59 -0300] "POST /cormun/servlet/trsolicitudot?a5b94201c4be011091387c77d7510dc8,gx-no-cache=1489152241268,gx-no-cache=1489152374613 HTTP/1.1" 200 7569
186.103.132.155 - - [10/Mar/2017:10:25:00 -0300] "POST /cormun/servlet/solicitudot?f80ea2e3e88fc41c8a337847e61fb39e,UPD,2017,5344,,gx-no-cache=1489148770982 HTTP/1.1" 200 93
186.103.132.155 - - [10/Mar/2017:10:25:00 -0300] "GET /cormun/servlet/hpexe_return? HTTP/1.1" 200 1015
186.103.157.42 - - [10/Mar/2017:10:25:05 -0300] "POST /cormun/servlet/trsolicitudot?a5b94201c4be011091387c77d7510dc8,gx-no-cache=1489152241268,gx-no-cache=1489152380551 HTTP/1.1" 200 5864
186.103.157.42 - - [10/Mar/2017:10:25:09 -0300] "POST /cormun/servlet/trsolicitudot?a5b94201c4be011091387c77d7510dc8,gx-no-cache=1489152241268,gx-no-cache=1489152383967 HTTP/1.1" 200 5841
186.103.157.42 - - [10/Mar/2017:10:25:10 -0300] "POST /cormun/servlet/trsolicitudot?a5b94201c4be011091387c77d7510dc8,gx-no-cache=1489152241268,gx-no-cache=1489152385528 HTTP/1.1" 200 5841
186.103.157.42 - - [10/Mar/2017:10:25:12 -0300] "POST /cormun/servlet/trsolicitudot?a5b94201c4be011091387c77d7510dc8,gx-no-cache=1489152241268,gx-no-cache=1489152387703 HTTP/1.1" 200 5841
186.103.157.42 - - [10/Mar/2017:10:25:18 -0300] "GET /cormun/servlet/trautorizarsolicitud? HTTP/1.1" 200 8707
186.103.157.42 - - [10/Mar/2017:10:25:18 -0300] "GET /cormun/static/gxcfg.js?2017259112829 HTTP/1.1" 200 953
186.103.157.42 - - [10/Mar/2017:10:25:18 -0300] "GET /cormun/static/trautorizarsolicitud.js?2017259113483 HTTP/1.1" 200 53096
186.103.157.42 - - [10/Mar/2017:10:25:19 -0300] "GET /cormun/servlet/trautorizarsolicitud? HTTP/1.1" 200 8686
186.103.157.42 - - [10/Mar/2017:10:25:22 -0300] "POST /cormun/servlet/trautorizarsolicitud?a5b94201c4be011091387c77d7510dc8,,gx-no-cache=1489152397723 HTTP/1.1" 200 5487
186.103.157.42 - - [10/Mar/2017:10:25:22 -0300] "POST /cormun/servlet/trautorizarsolicitud?a5b94201c4be011091387c77d7510dc8,,gx-no-cache=1489152397982 HTTP/1.1" 200 5433
186.103.157.42 - - [10/Mar/2017:10:25:23 -0300] "POST /cormun/servlet/trautorizarsolicitud?a5b94201c4be011091387c77d7510dc8,,gx-no-cache=1489152399012 HTTP/1.1" 200 4356
186.103.157.42 - - [10/Mar/2017:10:25:24 -0300] "POST /cormun/servlet/trautorizarsolicitud?a5b94201c4be011091387c77d7510dc8,,gx-no-cache=1489152399214 HTTP/1.1" 200 4115
186.103.157.42 - - [10/Mar/2017:10:25:26 -0300] "GET /cormun/servlet/trsolicitudot? HTTP/1.1" 200 7023
186.103.132.155 - - [10/Mar/2017:10:25:26 -0300] "GET /cormun/servlet/trsolicitudot HTTP/1.1" 200 12912
186.103.157.42 - - [10/Mar/2017:10:25:27 -0300] "GET /cormun/servlet/trsolicitudot? HTTP/1.1" 200 7023
192.168.10.96 - - [10/Mar/2017:10:25:29 -0300] "POST /cormun/servlet/trsolicitudgral?d4e5d888e3b0ef2ddd22fa5cc1bc6480,,gx-no-cache=1489155612893 HTTP/1.1" 440 972
186.103.132.155 - - [10/Mar/2017:10:25:30 -0300] "GET /cormun/servlet/trsolicitudot HTTP/1.1" 200 12907
192.168.10.96 - - [10/Mar/2017:10:25:32 -0300] "GET /cormun/servlet/trsolicitudgral? HTTP/1.1" 200 23730
192.168.10.96 - - [10/Mar/2017:10:25:33 -0300] "GET /cormun/servlet/hlogin HTTP/1.1" 200 1736
186.103.157.42 - - [10/Mar/2017:10:25:33 -0300] "POST /cormun/servlet/trsolicitudot?a5b94201c4be011091387c77d7510dc8,,gx-no-cache=1489152408527 HTTP/1.1" 200 7605
192.168.10.96 - - [10/Mar/2017:10:25:35 -0300] "GET /cormun/servlet/trsolicitudgral? HTTP/1.1" 200 23730
186.103.132.155 - - [10/Mar/2017:10:25:37 -0300] "POST /cormun/servlet/trsolicitudot?f80ea2e3e88fc41c8a337847e61fb39e,gx-no-cache=1489148803997 HTTP/1.1" 200 9828
186.103.132.155 - - [10/Mar/2017:10:25:42 -0300] "GET /cormun/static/Shared/jqueryui/images/ui-bg_highlight-soft_100_c6c2c8_1x100.png HTTP/1.1" 404 1117
186.103.132.155 - - [10/Mar/2017:10:25:42 -0300] "GET /cormun/static/Shared/jqueryui/images/ui-icons_82798d_256x240.png HTTP/1.1" 404 1089
186.103.132.155 - - [10/Mar/2017:10:25:42 -0300] "GET /cormun/static/Shared/jqueryui/images/ui-bg_flat_55_fafafa_40x100.png HTTP/1.1" 404 1097
186.103.132.155 - - [10/Mar/2017:10:25:42 -0300] "GET /cormun/static/Shared/jqueryui/images/ui-icons_8d78a5_256x240.png HTTP/1.1" 404 1089
192.168.10.96 - - [10/Mar/2017:10:25:43 -0300] "POST /cormun/servlet/hlogin?f904b9ace5272bed2b267e5023d74dd7,gx-no-cache=1489155627282 HTTP/1.1" 200 90
192.168.10.96 - - [10/Mar/2017:10:25:43 -0300] "GET /cormun/servlet/hpexe_link HTTP/1.1" 200 957
186.103.132.155 - - [10/Mar/2017:10:25:45 -0300] "POST /cormun/servlet/trsolicitudot?f80ea2e3e88fc41c8a337847e61fb39e,gx-no-cache=1489148814012 HTTP/1.1" 200 9767
192.168.10.96 - - [10/Mar/2017:10:25:45 -0300] "GET /cormun/servlet/trsolicitudgral HTTP/1.1" 200 24599
186.103.157.42 - - [10/Mar/2017:10:25:45 -0300] "POST /cormun/servlet/trsolicitudot?a5b94201c4be011091387c77d7510dc8,,gx-no-cache=1489152420880 HTTP/1.1" 200 7365
186.103.157.42 - - [10/Mar/2017:10:25:46 -0300] "POST /cormun/servlet/trsolicitudot?a5b94201c4be011091387c77d7510dc8,,gx-no-cache=1489152421536 HTTP/1.1" 200 7303
186.103.157.42 - - [10/Mar/2017:10:25:47 -0300] "POST /cormun/servlet/trsolicitudot?a5b94201c4be011091387c77d7510dc8,,gx-no-cache=1489152422877 HTTP/1.1" 200 6948
186.103.157.42 - - [10/Mar/2017:10:25:48 -0300] "POST /cormun/servlet/trsolicitudot?a5b94201c4be011091387c77d7510dc8,,gx-no-cache=1489152423311 HTTP/1.1" 200 6890
192.168.10.96 - - [10/Mar/2017:10:25:48 -0300] "GET /cormun/servlet/trsolicitudgral HTTP/1.1" 200 24597
186.103.157.42 - - [10/Mar/2017:10:25:50 -0300] "POST /cormun/servlet/trsolicitudot?a5b94201c4be011091387c77d7510dc8,,gx-no-cache=1489152425145 HTTP/1.1" 200 6544
186.103.132.155 - - [10/Mar/2017:10:25:50 -0300] "POST /cormun/servlet/trsolicitudot?f80ea2e3e88fc41c8a337847e61fb39e,gx-no-cache=1489148820583 HTTP/1.1" 200 106
186.103.157.42 - - [10/Mar/2017:10:25:50 -0300] "POST /cormun/servlet/trsolicitudot?a5b94201c4be011091387c77d7510dc8,,gx-no-cache=1489152425580 HTTP/1.1" 200 6487
186.103.132.155 - - [10/Mar/2017:10:25:50 -0300] "GET /cormun/servlet/solicitudot?DLT,2017,5329, HTTP/1.1" 200 9345
186.103.132.155 - - [10/Mar/2017:10:25:51 -0300] "GET /cormun/static/Shared/jqueryui/images/ui-bg_highlight-soft_100_c6c2c8_1x100.png HTTP/1.1" 404 1117
186.103.132.155 - - [10/Mar/2017:10:25:51 -0300] "GET /cormun/static/Shared/jqueryui/images/ui-bg_flat_55_fafafa_40x100.png HTTP/1.1" 404 1097
186.103.132.155 - - [10/Mar/2017:10:25:51 -0300] "GET /cormun/static/Shared/jqueryui/images/ui-icons_82798d_256x240.png HTTP/1.1" 404 1089
186.103.132.155 - - [10/Mar/2017:10:25:51 -0300] "GET /cormun/static/Shared/jqueryui/images/ui-icons_8d78a5_256x240.png HTTP/1.1" 404 1089
186.103.132.155 - - [10/Mar/2017:10:25:51 -0300] "GET /cormun/servlet/solicitudot?DLT,2017,5329, HTTP/1.1" 200 9355
186.103.157.42 - - [10/Mar/2017:10:25:54 -0300] "GET /cormun/servlet/trautorizarsolicitud? HTTP/1.1" 200 8973
186.103.157.42 - - [10/Mar/2017:10:25:55 -0300] "GET /cormun/servlet/trautorizarsolicitud? HTTP/1.1" 200 8972
186.103.132.155 - - [10/Mar/2017:10:25:57 -0300] "POST /cormun/servlet/solicitudot?f80ea2e3e88fc41c8a337847e61fb39e,DLT,2017,5329,,gx-no-cache=1489148828235 HTTP/1.1" 200 12416
186.103.132.155 - - [10/Mar/2017:10:25:57 -0300] "GET /cormun/static/Shared/jqueryui/images/ui-bg_flat_55_994d53_40x100.png HTTP/1.1" 404 1097
186.103.132.155 - - [10/Mar/2017:10:25:57 -0300] "GET /cormun/static/Shared/jqueryui/images/ui-icons_ebccce_256x240.png HTTP/1.1" 404 1089
186.103.157.42 - - [10/Mar/2017:10:25:59 -0300] "POST /cormun/servlet/trautorizarsolicitud?a5b94201c4be011091387c77d7510dc8,,gx-no-cache=1489152434778 HTTP/1.1" 200 115
186.103.157.42 - - [10/Mar/2017:10:25:59 -0300] "GET /cormun/servlet/solicitudotlog?INS,2017,5148,0,REC, HTTP/1.1" 200 5834
186.103.157.42 - - [10/Mar/2017:10:25:59 -0300] "GET /cormun/static/gxcfg.js?201612218471193 HTTP/1.1" 200 953
186.103.157.42 - - [10/Mar/2017:10:25:59 -0300] "GET /cormun/static/solicitudotlog.js?20161221847122 HTTP/1.1" 200 8925
186.103.157.42 - - [10/Mar/2017:10:26:00 -0300] "GET /cormun/servlet/solicitudotlog?INS,2017,5148,0,REC, HTTP/1.1" 200 5833
186.103.157.42 - - [10/Mar/2017:10:26:00 -0300] "GET /cormun/servlet/solicitudotlog?3e8073eef7f2ac52a6535ae0b9c7d3426915135f530514794542fde8e95b5ba2cc9615c4e2989efc367f38e46106f429a82e244af026dc264cad07a45232ded55a44c29eba047d05ac606e0fe2d239585de7ae943182351e2b5981c65aa61ac8e886898f8f596f4c7ec2658ada726117c7c4b62bcce0d123fa5ce38e187e1b5882d4dc323c15c7659bd5492d64211c45c4b0b92f27af3f2659f69dbc0d1f7abd,gx-no-cache=1489152436198 HTTP/1.1" 200 94
192.168.10.96 - - [10/Mar/2017:10:26:03 -0300] "POST /cormun/servlet/trsolicitudgral?f904b9ace5272bed2b267e5023d74dd7,gx-no-cache=1489155647073 HTTP/1.1" 200 8365
186.103.157.42 - - [10/Mar/2017:10:26:10 -0300] "POST /cormun/servlet/solicitudotlog?a5b94201c4be011091387c77d7510dc8,INS,2017,5148,0,REC,,gx-no-cache=1489152445432 HTTP/1.1" 200 93
186.103.157.42 - - [10/Mar/2017:10:26:10 -0300] "GET /cormun/servlet/hpexe_return? HTTP/1.1" 200 1030
186.103.157.42 - - [10/Mar/2017:10:26:10 -0300] "GET /cormun/servlet/trautorizarsolicitud HTTP/1.1" 200 8571
186.103.157.42 - - [10/Mar/2017:10:26:11 -0300] "GET /cormun/servlet/trautorizarsolicitud HTTP/1.1" 200 8567
186.103.157.42 - - [10/Mar/2017:10:26:14 -0300] "POST /cormun/servlet/trautorizarsolicitud?a5b94201c4be011091387c77d7510dc8,gx-no-cache=1489152449544 HTTP/1.1" 200 5445
186.103.157.42 - - [10/Mar/2017:10:26:14 -0300] "POST /cormun/servlet/trautorizarsolicitud?a5b94201c4be011091387c77d7510dc8,gx-no-cache=1489152449822 HTTP/1.1" 200 5391
186.103.157.42 - - [10/Mar/2017:10:26:15 -0300] "POST /cormun/servlet/trautorizarsolicitud?a5b94201c4be011091387c77d7510dc8,gx-no-cache=1489152451047 HTTP/1.1" 200 4326
186.103.157.42 - - [10/Mar/2017:10:26:16 -0300] "POST /cormun/servlet/trautorizarsolicitud?a5b94201c4be011091387c77d7510dc8,gx-no-cache=1489152451250 HTTP/1.1" 200 4107
186.103.157.42 - - [10/Mar/2017:10:26:19 -0300] "GET /cormun/servlet/trsolicitudot? HTTP/1.1" 200 9765
186.103.157.42 - - [10/Mar/2017:10:26:20 -0300] "GET /cormun/servlet/trsolicitudot? HTTP/1.1" 200 9764
186.103.132.155 - - [10/Mar/2017:10:26:32 -0300] "POST /cormun/servlet/solicitudot?f80ea2e3e88fc41c8a337847e61fb39e,DLT,2017,5329,,gx-no-cache=1489148855269 HTTP/1.1" 200 12524
186.103.132.155 - - [10/Mar/2017:10:26:39 -0300] "GET /cormun/servlet/trsolicitudot? HTTP/1.1" 200 12618
186.103.132.155 - - [10/Mar/2017:10:26:41 -0300] "GET /cormun/servlet/trsolicitudot? HTTP/1.1" 200 12612
186.103.157.42 - - [10/Mar/2017:10:26:42 -0300] "POST /cormun/servlet/trsolicitudot?a5b94201c4be011091387c77d7510dc8,,gx-no-cache=1489152477759 HTTP/1.1" 200 7110
186.103.157.42 - - [10/Mar/2017:10:26:45 -0300] "POST /cormun/servlet/trsolicitudot?a5b94201c4be011091387c77d7510dc8,,gx-no-cache=1489152480151 HTTP/1.1" 200 7110
186.103.157.42 - - [10/Mar/2017:10:26:46 -0300] "GET /cormun/static/menuarrow.gif HTTP/1.1" 404 1015
186.103.157.42 - - [10/Mar/2017:10:26:50 -0300] "POST /cormun/servlet/trsolicitudot?a5b94201c4be011091387c77d7510dc8,,gx-no-cache=1489152485715 HTTP/1.1" 200 7115
186.103.132.155 - - [10/Mar/2017:10:26:51 -0300] "POST /cormun/servlet/trsolicitudot?f80ea2e3e88fc41c8a337847e61fb39e,,gx-no-cache=1489148880629 HTTP/1.1" 200 106
186.103.132.155 - - [10/Mar/2017:10:26:51 -0300] "GET /cormun/servlet/solicitudot?DLT,2017,5328, HTTP/1.1" 200 9374
186.103.132.155 - - [10/Mar/2017:10:26:52 -0300] "GET /cormun/static/Shared/jqueryui/images/ui-icons_82798d_256x240.png HTTP/1.1" 404 1089
186.103.132.155 - - [10/Mar/2017:10:26:52 -0300] "GET /cormun/static/Shared/jqueryui/images/ui-bg_highlight-soft_100_c6c2c8_1x100.png HTTP/1.1" 404 1117
186.103.132.155 - - [10/Mar/2017:10:26:52 -0300] "GET /cormun/static/Shared/jqueryui/images/ui-bg_flat_55_fafafa_40x100.png HTTP/1.1" 404 1097
186.103.132.155 - - [10/Mar/2017:10:26:52 -0300] "GET /cormun/static/Shared/jqueryui/images/ui-icons_8d78a5_256x240.png HTTP/1.1" 404 1089
186.103.132.155 - - [10/Mar/2017:10:26:52 -0300] "GET /cormun/servlet/solicitudot?DLT,2017,5328, HTTP/1.1" 200 9383
186.103.157.42 - - [10/Mar/2017:10:26:55 -0300] "POST /cormun/servlet/trsolicitudot?a5b94201c4be011091387c77d7510dc8,,gx-no-cache=1489152490141 HTTP/1.1" 200 11418
186.103.132.155 - - [10/Mar/2017:10:27:15 -0300] "POST /cormun/servlet/solicitudot?f80ea2e3e88fc41c8a337847e61fb39e,DLT,2017,5328,,gx-no-cache=1489148904727 HTTP/1.1" 200 12448
186.103.157.42 - - [10/Mar/2017:10:27:18 -0300] "POST /cormun/servlet/trsolicitudot?a5b94201c4be011091387c77d7510dc8,,gx-no-cache=1489152513154 HTTP/1.1" 200 12986
186.103.132.155 - - [10/Mar/2017:10:27:24 -0300] "GET /cormun/static/Shared/jqueryui/images/ui-bg_flat_55_994d53_40x100.png HTTP/1.1" 404 1097
186.103.132.155 - - [10/Mar/2017:10:27:25 -0300] "GET /cormun/static/Shared/jqueryui/images/ui-icons_ebccce_256x240.png HTTP/1.1" 404 1089
186.103.132.155 - - [10/Mar/2017:10:27:40 -0300] "POST /cormun/servlet/solicitudot?f80ea2e3e88fc41c8a337847e61fb39e,DLT,2017,5328,,gx-no-cache=1489148920230 HTTP/1.1" 200 93
186.103.132.155 - - [10/Mar/2017:10:27:41 -0300] "GET /cormun/servlet/hpexe_return? HTTP/1.1" 200 1015
186.103.132.155 - - [10/Mar/2017:10:27:48 -0300] "GET /cormun/servlet/trsolicitudot HTTP/1.1" 200 12617
186.103.132.155 - - [10/Mar/2017:10:27:56 -0300] "GET /cormun/servlet/trsolicitudot HTTP/1.1" 200 12612
186.103.157.42 - - [10/Mar/2017:10:28:12 -0300] "POST /cormun/servlet/trsolicitudot?a5b94201c4be011091387c77d7510dc8,,gx-no-cache=1489152567757 HTTP/1.1" 200 4154
186.103.157.42 - - [10/Mar/2017:10:28:16 -0300] "POST /cormun/servlet/trsolicitudot?a5b94201c4be011091387c77d7510dc8,,gx-no-cache=1489152571958 HTTP/1.1" 200 4154
186.103.157.42 - - [10/Mar/2017:10:28:20 -0300] "POST /cormun/servlet/trsolicitudot?a5b94201c4be011091387c77d7510dc8,,gx-no-cache=1489152575409 HTTP/1.1" 200 4153
186.103.157.42 - - [10/Mar/2017:10:28:25 -0300] "POST /cormun/servlet/trsolicitudot?a5b94201c4be011091387c77d7510dc8,,gx-no-cache=1489152579806 HTTP/1.1" 200 4155
186.103.157.42 - - [10/Mar/2017:10:28:29 -0300] "POST /cormun/servlet/trsolicitudot?a5b94201c4be011091387c77d7510dc8,,gx-no-cache=1489152584883 HTTP/1.1" 200 7114
186.103.132.155 - - [10/Mar/2017:10:28:30 -0300] "POST /cormun/servlet/trsolicitudot?f80ea2e3e88fc41c8a337847e61fb39e,gx-no-cache=1489148980571 HTTP/1.1" 200 106
186.103.132.155 - - [10/Mar/2017:10:28:30 -0300] "GET /cormun/servlet/solicitudot?DLT,2017,5320, HTTP/1.1" 200 9392
186.103.132.155 - - [10/Mar/2017:10:28:38 -0300] "GET /cormun/static/Shared/jqueryui/images/ui-bg_highlight-soft_100_c6c2c8_1x100.png HTTP/1.1" 404 1117
186.103.132.155 - - [10/Mar/2017:10:28:38 -0300] "GET /cormun/static/Shared/jqueryui/images/ui-icons_82798d_256x240.png HTTP/1.1" 404 1089
186.103.132.155 - - [10/Mar/2017:10:28:38 -0300] "GET /cormun/static/Shared/jqueryui/images/ui-bg_flat_55_fafafa_40x100.png HTTP/1.1" 404 1097
186.103.132.155 - - [10/Mar/2017:10:28:38 -0300] "GET /cormun/static/Shared/jqueryui/images/ui-icons_8d78a5_256x240.png HTTP/1.1" 404 1089
186.103.132.155 - - [10/Mar/2017:10:28:38 -0300] "GET /cormun/servlet/solicitudot?DLT,2017,5320, HTTP/1.1" 200 9401
186.103.132.155 - - [10/Mar/2017:10:29:02 -0300] "POST /cormun/servlet/solicitudot?f80ea2e3e88fc41c8a337847e61fb39e,DLT,2017,5320,,gx-no-cache=1489149013577 HTTP/1.1" 200 12374
186.103.132.155 - - [10/Mar/2017:10:29:02 -0300] "GET /cormun/static/Shared/jqueryui/images/ui-bg_flat_55_994d53_40x100.png HTTP/1.1" 404 1097
186.103.132.155 - - [10/Mar/2017:10:29:02 -0300] "GET /cormun/static/Shared/jqueryui/images/ui-icons_ebccce_256x240.png HTTP/1.1" 404 1089
186.103.132.155 - - [10/Mar/2017:10:29:07 -0300] "POST /cormun/servlet/solicitudot?f80ea2e3e88fc41c8a337847e61fb39e,DLT,2017,5320,,gx-no-cache=1489149019134 HTTP/1.1" 200 93
186.103.132.155 - - [10/Mar/2017:10:29:08 -0300] "GET /cormun/servlet/hpexe_return? HTTP/1.1" 200 1015
186.103.132.155 - - [10/Mar/2017:10:29:08 -0300] "GET /cormun/servlet/trsolicitudot HTTP/1.1" 200 12617
186.103.132.155 - - [10/Mar/2017:10:29:15 -0300] "GET /cormun/servlet/trsolicitudot HTTP/1.1" 200 12612
186.103.132.155 - - [10/Mar/2017:10:29:35 -0300] "POST /cormun/servlet/trsolicitudot?f80ea2e3e88fc41c8a337847e61fb39e,gx-no-cache=1489149045743 HTTP/1.1" 200 105
186.103.132.155 - - [10/Mar/2017:10:29:41 -0300] "GET /cormun/servlet/solicitudot?DLT,2017,5312, HTTP/1.1" 200 9377
186.103.132.155 - - [10/Mar/2017:10:29:42 -0300] "GET /cormun/static/Shared/jqueryui/images/ui-bg_highlight-soft_100_c6c2c8_1x100.png HTTP/1.1" 404 1117
186.103.132.155 - - [10/Mar/2017:10:29:42 -0300] "GET /cormun/static/Shared/jqueryui/images/ui-icons_82798d_256x240.png HTTP/1.1" 404 1089
186.103.132.155 - - [10/Mar/2017:10:29:42 -0300] "GET /cormun/static/Shared/jqueryui/images/ui-bg_flat_55_fafafa_40x100.png HTTP/1.1" 404 1097
186.103.132.155 - - [10/Mar/2017:10:29:42 -0300] "GET /cormun/static/Shared/jqueryui/images/ui-icons_8d78a5_256x240.png HTTP/1.1" 404 1089
186.103.132.155 - - [10/Mar/2017:10:29:42 -0300] "GET /cormun/servlet/solicitudot?DLT,2017,5312, HTTP/1.1" 200 9386
186.79.206.45 - - [10/Mar/2017:10:30:02 -0300] "GET /cormun/servlet/trpermisosgoce? HTTP/1.1" 200 6569
186.79.206.45 - - [10/Mar/2017:10:30:02 -0300] "GET /cormun/static/gxcfg.js?201612262011714 HTTP/1.1" 200 953
186.79.206.45 - - [10/Mar/2017:10:30:02 -0300] "GET /cormun/static/trpermisosgoce.js?201612262012096 HTTP/1.1" 200 31909
186.79.206.45 - - [10/Mar/2017:10:30:03 -0300] "GET /cormun/servlet/trpermisosgoce? HTTP/1.1" 200 6569
186.79.206.45 - - [10/Mar/2017:10:30:08 -0300] "GET /cormun/servlet/permisogoce?INS,0,,, HTTP/1.1" 200 6570
186.79.206.45 - - [10/Mar/2017:10:30:08 -0300] "GET /cormun/static/gxcfg.js?201612262052844 HTTP/1.1" 200 953
186.79.206.45 - - [10/Mar/2017:10:30:08 -0300] "GET /cormun/static/permisogoce.js?201612262052891 HTTP/1.1" 200 26147
186.79.206.45 - - [10/Mar/2017:10:30:09 -0300] "GET /cormun/servlet/permisogoce?INS,0,,, HTTP/1.1" 200 6570
186.79.206.45 - - [10/Mar/2017:10:30:24 -0300] "GET /cormun/servlet/permisogoce?2eae78cd9870eceb116bffcea35f9ad5bb4dc3b2beb131c37dbc176e0c5f6edd07263340d2daa0e2b12fb1c5c780fd33,gx-no-cache=1489152694563 HTTP/1.1" 200 71
186.79.206.45 - - [10/Mar/2017:10:30:27 -0300] "GET /cormun/static/menuarrow.gif HTTP/1.1" 404 1015
186.103.132.155 - - [10/Mar/2017:10:30:28 -0300] "POST /cormun/servlet/solicitudot?f80ea2e3e88fc41c8a337847e61fb39e,DLT,2017,5312,,gx-no-cache=1489149099999 HTTP/1.1" 200 12396
186.103.132.155 - - [10/Mar/2017:10:30:28 -0300] "GET /cormun/static/Shared/jqueryui/images/ui-bg_flat_55_994d53_40x100.png HTTP/1.1" 404 1097
186.103.132.155 - - [10/Mar/2017:10:30:29 -0300] "GET /cormun/static/Shared/jqueryui/images/ui-icons_ebccce_256x240.png HTTP/1.1" 404 1089
186.103.132.155 - - [10/Mar/2017:10:30:31 -0300] "GET /cormun/servlet/trsolicitudot HTTP/1.1" 200 12617
186.103.132.155 - - [10/Mar/2017:10:30:32 -0300] "GET /cormun/servlet/trsolicitudot HTTP/1.1" 200 12612
186.79.206.45 - - [10/Mar/2017:10:30:38 -0300] "GET /cormun/servlet/permisogoce?2eae78cd9870eceb116bffcea35f9ad56987e41e8314b91d92e0cc77bce993b67ebe441d9d947f7771dcde8f5670eec4acda78f6bb8a535c2ece2f1940c0e5ee,gx-no-cache=1489152707786 HTTP/1.1" 200 47
186.103.132.155 - - [10/Mar/2017:10:30:40 -0300] "POST /cormun/servlet/trsolicitudot?f80ea2e3e88fc41c8a337847e61fb39e,gx-no-cache=1489149110779 HTTP/1.1" 200 106
186.103.132.155 - - [10/Mar/2017:10:30:58 -0300] "GET /cormun/servlet/solicitudot?UPD,2017,5326, HTTP/1.1" 200 14279
186.79.206.45 - - [10/Mar/2017:10:31:04 -0300] "POST /cormun/servlet/permisogoce?9225d5b423440c3e121499a41bd6a657,INS,0,,,,gx-no-cache=1489152733325 HTTP/1.1" 200 93
186.79.206.45 - - [10/Mar/2017:10:31:04 -0300] "GET /cormun/servlet/hpexe_return? HTTP/1.1" 200 1011
186.79.206.45 - - [10/Mar/2017:10:31:04 -0300] "GET /cormun/servlet/trpermisosgoce HTTP/1.1" 200 7413
186.103.132.155 - - [10/Mar/2017:10:31:04 -0300] "GET /cormun/servlet/solicitudot?UPD,2017,5326, HTTP/1.1" 200 14288
186.79.206.45 - - [10/Mar/2017:10:31:05 -0300] "GET /cormun/servlet/trpermisosgoce HTTP/1.1" 200 7409
186.103.132.155 - - [10/Mar/2017:10:31:05 -0300] "POST /cormun/servlet/solicitudot?gx-no-cache=1489149137199 HTTP/1.1" 200 3190
186.103.132.155 - - [10/Mar/2017:10:31:12 -0300] "POST /cormun/servlet/solicitudot?f80ea2e3e88fc41c8a337847e61fb39e,UPD,2017,5326,,gx-no-cache=1489149144329 HTTP/1.1" 200 10875
186.103.132.155 - - [10/Mar/2017:10:31:13 -0300] "GET /cormun/servlet/solicitudot?7f0f9f40ad3d3f95d99ed29d023d90c29449f5ca299ad5319fd986400952f79cbae36aa474227fe5622489e090531ab8,gx-no-cache=1489149145236 HTTP/1.1" 200 30
186.103.132.155 - - [10/Mar/2017:10:31:13 -0300] "POST /cormun/servlet/solicitudot?gx-no-cache=1489149145528 HTTP/1.1" 200 254
186.103.132.155 - - [10/Mar/2017:10:31:13 -0300] "GET /cormun/servlet/solicitudot?7f0f9f40ad3d3f95d99ed29d023d90c23bb9703acc71a682dc4087469fec58213ceb3eb97fa4376826fcb8fef9ae044e263bfe9e5b8fff61942ac19357c5b743b59075fd2bb8fef947e80f9305f33209ae08c85404e5bc15bb86127a42143642b359586fb2e9e119e7aab3d456507722f38ecb960cf8a9269e3b7b7d2c3def895ffd1f1e58576d7904b601d9a8e44764ede5ab829ffd90a1d2bcbceae174b18e1440cc12e89aca9ffaad349841ca51a76445d1edf92bdf1627ce07c8cee74e8a003043c4c9833936df2deffa8ec185dedea51dc32c8bd8d9be1ee30f115c9818cd4af5361e87a1247812867ad217b54b126ce3140e08bf2c36c6a15d4a7743e9fd60e8ffa8af4ad262b2a093251e254f5d8db96bd35e84b63e106daaef9e8e470b0335f7b4e44ea19bab4d246c96cbc42fb69510ae9f58248a89603c9ca2c53497fd3bd3ca8cbd21010d09fa2818d37a59b73dbc4516fd7932c6aac4380f42c7346d6166b53ce7a8b07ad6efa1d6e2d11f6df5dd54db4d721bf64165f39dce59,gx-no-cache=1489149145759 HTTP/1.1" 200 30
186.79.206.45 - - [10/Mar/2017:10:31:16 -0300] "GET /cormun/servlet/trpermisosadjuntos?17107771,20170310112547,P, HTTP/1.1" 200 6135
186.79.206.45 - - [10/Mar/2017:10:31:16 -0300] "GET /cormun/static/gxcfg.js?2016122813135853 HTTP/1.1" 200 953
