192.168.10.89 - - [10/Mar/2017:08:34:04 -0300] "GET /cormun/servlet/hpexe_return? HTTP/1.1" 200 1045
192.168.10.89 - - [10/Mar/2017:08:34:04 -0300] "GET /cormun/servlet/trsolicitudgral?gx-no-cache=1489148798116 HTTP/1.1" 200 9978
192.168.10.89 - - [10/Mar/2017:08:34:09 -0300] "POST /cormun/servlet/trsolicitudgral?ea02cf5fe1c2aa9466175592fd156b19,gx-no-cache=1489148798116,gx-no-cache=1489148933399 HTTP/1.1" 200 115
192.168.10.89 - - [10/Mar/2017:08:34:10 -0300] "GET /cormun/servlet/solicitudotlog?INS,2017,5318,0,REC, HTTP/1.1" 200 6180
192.168.10.89 - - [10/Mar/2017:08:34:11 -0300] "GET /cormun/servlet/solicitudotlog?350cfb2d53f24f850be85bebedaa3cd46a4fb0c0b96eb3b02f61b7e5afd5474019449034f06bf489bb4fc5526f51dfa77019d7793c85f7238cda468adfff20cecf4ff9f6d03c84fea3291c6e34baa3390bf6b5fe3ad4c730f0552e890c5a2ee62ff43b9a88777e2f80e33af52d4fdf568cbcb5fa13fdeee89ef1c4756c36891f1bfc1c989b3d119f748f49d9301d0c305f710ceb59d5fc910e18abb7ed4ab1c0,gx-no-cache=1489148934767 HTTP/1.1" 200 94
192.168.10.89 - - [10/Mar/2017:08:34:13 -0300] "POST /cormun/servlet/solicitudotlog?ea02cf5fe1c2aa9466175592fd156b19,INS,2017,5318,0,REC,,gx-no-cache=1489148937262 HTTP/1.1" 200 93
192.168.10.89 - - [10/Mar/2017:08:34:13 -0300] "GET /cormun/servlet/hpexe_return? HTTP/1.1" 200 1045
192.168.10.89 - - [10/Mar/2017:08:34:14 -0300] "GET /cormun/servlet/trsolicitudgral?gx-no-cache=1489148798116 HTTP/1.1" 200 8715
200.112.49.242 - - [10/Mar/2017:08:35:06 -0300] "POST /cormun/servlet/solicitudot?gx-no-cache=1489145774260 HTTP/1.1" 200 3202
200.112.49.242 - - [10/Mar/2017:08:35:07 -0300] "POST /cormun/servlet/solicitudot?0dcbcc117c8c06906b10e2fd7978ec36,INS,0,0,,gx-no-cache=1489145774837 HTTP/1.1" 200 9962
200.112.49.242 - - [10/Mar/2017:08:35:14 -0300] "GET /cormun/servlet/solicitudot?af99da87dca42ccdf9d287f0e16f21284c99c6818828cd9c596f82dfb48dc78572e9583bcd1f6f9ff6fabfc1c71e9b06,gx-no-cache=1489145782177 HTTP/1.1" 200 30
200.112.49.242 - - [10/Mar/2017:08:35:14 -0300] "POST /cormun/servlet/solicitudot?gx-no-cache=1489145782290 HTTP/1.1" 200 256
200.112.49.242 - - [10/Mar/2017:08:35:14 -0300] "GET /cormun/servlet/solicitudot?af99da87dca42ccdf9d287f0e16f2128a870a044d9beefc892dffb705925acdf26a11d9b73684af27e34548596bb2ede066ba6572bc4f8c08bf00e610c14cbdaef58a9350d16df2d76a7660a2f1401a6ee6b172d6428611049da6e93b91eaf29169eb672e31caff87bc8004dc229823b980d445a825bfb3887672b2afe5e6586b4e97513603f5d851c27e06d4317de489eb2f3e591a63613574701bb9eac51ba92b9cb21c1f3407dffb7eb60fd0fceafc605a2f7aa5a3702a64eb71427f0b5c0cf98319ff58b9e804b270672939639cdb2ad59acebd6598bc789b4e55551d495af990ea60f36a556cde1c3d5e01604a31d9573235012bdbc94c1b98554416fb4e6a4398984a796567735d5eaffca9a4d5df82b56887760ee39b2a446180e9706efba757ab7112327ab049488fb940fb93d244d612267c13a391e66436ea05acdef0eedd0d2a3dd04cc05fae73441b31400b6e1d256a05dfd166a32571c91c9a8ae01fa434c6b15938d5ada4462e82928985286927d6a70cdef71332fc32ab87d,gx-no-cache=1489145782404 HTTP/1.1" 200 30
200.112.49.242 - - [10/Mar/2017:08:35:16 -0300] "POST /cormun/servlet/solicitudot?gx-no-cache=1489145783982 HTTP/1.1" 200 30
200.112.49.242 - - [10/Mar/2017:08:35:19 -0300] "POST /cormun/servlet/solicitudot?gx-no-cache=1489145787351 HTTP/1.1" 200 235
200.112.49.242 - - [10/Mar/2017:08:35:19 -0300] "POST /cormun/servlet/solicitudot?gx-no-cache=1489145787495 HTTP/1.1" 200 38
192.168.10.89 - - [10/Mar/2017:08:35:23 -0300] "POST /cormun/servlet/trsolicitudgral?ea02cf5fe1c2aa9466175592fd156b19,gx-no-cache=1489148798116,gx-no-cache=1489149007340 HTTP/1.1" 200 6688
200.112.49.242 - - [10/Mar/2017:08:35:24 -0300] "GET /cormun/servlet/solicitudot?af99da87dca42ccdf9d287f0e16f212873e938dd9ecf6f015fff38349b930f2b84ede93db547d3a5c2ac974aa0b2d33b8d26aa2ddec37bda335f3b0104ad8da6d95c8bdd14a458d4cda4a001336ce101626c6c72563fb563d5eed81a04c3e3ff7489cc0c9e680ee6caa6002d36bea169,gx-no-cache=1489145792070 HTTP/1.1" 200 29
200.112.49.242 - - [10/Mar/2017:08:35:24 -0300] "POST /cormun/servlet/solicitudot?gx-no-cache=1489145792153 HTTP/1.1" 200 643
192.168.10.89 - - [10/Mar/2017:08:35:25 -0300] "POST /cormun/servlet/trsolicitudgral?ea02cf5fe1c2aa9466175592fd156b19,gx-no-cache=1489148798116,gx-no-cache=1489149008893 HTTP/1.1" 200 115
192.168.10.89 - - [10/Mar/2017:08:35:25 -0300] "GET /cormun/servlet/solicitudotlog?INS,2017,5313,0,REC, HTTP/1.1" 200 6179
200.112.49.242 - - [10/Mar/2017:08:35:25 -0300] "POST /cormun/servlet/solicitudot?gx-no-cache=1489145793676 HTTP/1.1" 200 1157
192.168.10.89 - - [10/Mar/2017:08:35:26 -0300] "GET /cormun/servlet/solicitudotlog?350cfb2d53f24f850be85bebedaa3cd4a337609aacebc4a7befe771f5aec962019449034f06bf489bb4fc5526f51dfa77019d7793c85f7238cda468adfff20cecf4ff9f6d03c84fea3291c6e34baa3390bf6b5fe3ad4c730f0552e890c5a2ee62ff43b9a88777e2f80e33af52d4fdf568cbcb5fa13fdeee89ef1c4756c36891f1bfc1c989b3d119f748f49d9301d0c305f710ceb59d5fc910e18abb7ed4ab1c0,gx-no-cache=1489149010391 HTTP/1.1" 200 94
192.168.10.89 - - [10/Mar/2017:08:35:29 -0300] "POST /cormun/servlet/solicitudotlog?ea02cf5fe1c2aa9466175592fd156b19,INS,2017,5313,0,REC,,gx-no-cache=1489149012911 HTTP/1.1" 200 93
192.168.10.89 - - [10/Mar/2017:08:35:29 -0300] "GET /cormun/servlet/hpexe_return? HTTP/1.1" 200 1045
192.168.10.89 - - [10/Mar/2017:08:35:30 -0300] "GET /cormun/servlet/trsolicitudgral?gx-no-cache=1489148798116 HTTP/1.1" 200 8715
200.112.49.242 - - [10/Mar/2017:08:35:32 -0300] "POST /cormun/servlet/solicitudot?gx-no-cache=1489145800418 HTTP/1.1" 200 1275
200.112.49.242 - - [10/Mar/2017:08:35:32 -0300] "POST /cormun/servlet/solicitudot?gx-no-cache=1489145800600 HTTP/1.1" 200 1157
192.168.10.89 - - [10/Mar/2017:08:36:02 -0300] "POST /cormun/servlet/trsolicitudgral?ea02cf5fe1c2aa9466175592fd156b19,gx-no-cache=1489148798116,gx-no-cache=1489149045763 HTTP/1.1" 200 6685
192.168.10.89 - - [10/Mar/2017:08:36:03 -0300] "POST /cormun/servlet/trsolicitudgral?ea02cf5fe1c2aa9466175592fd156b19,gx-no-cache=1489148798116,gx-no-cache=1489149047427 HTTP/1.1" 200 115
192.168.10.89 - - [10/Mar/2017:08:36:04 -0300] "GET /cormun/servlet/solicitudotlog?INS,2017,5312,0,REC, HTTP/1.1" 200 6179
192.168.10.89 - - [10/Mar/2017:08:36:05 -0300] "GET /cormun/servlet/solicitudotlog?350cfb2d53f24f850be85bebedaa3cd432235f3332ff9932aa6079696125536d19449034f06bf489bb4fc5526f51dfa77019d7793c85f7238cda468adfff20cecf4ff9f6d03c84fea3291c6e34baa3390bf6b5fe3ad4c730f0552e890c5a2ee62ff43b9a88777e2f80e33af52d4fdf568cbcb5fa13fdeee89ef1c4756c36891f1bfc1c989b3d119f748f49d9301d0c305f710ceb59d5fc910e18abb7ed4ab1c0,gx-no-cache=1489149048858 HTTP/1.1" 200 94
192.168.10.89 - - [10/Mar/2017:08:36:07 -0300] "POST /cormun/servlet/solicitudotlog?ea02cf5fe1c2aa9466175592fd156b19,INS,2017,5312,0,REC,,gx-no-cache=1489149051326 HTTP/1.1" 200 93
192.168.10.89 - - [10/Mar/2017:08:36:07 -0300] "GET /cormun/servlet/hpexe_return? HTTP/1.1" 200 1045
192.168.10.89 - - [10/Mar/2017:08:36:08 -0300] "GET /cormun/servlet/trsolicitudgral?gx-no-cache=1489148798116 HTTP/1.1" 200 8715
200.112.49.242 - - [10/Mar/2017:08:36:23 -0300] "GET /cormun/static/menuarrow.gif HTTP/1.1" 404 1015
186.103.159.44 - - [10/Mar/2017:08:36:52 -0300] "POST /cormun/servlet/hlogin?b36dd04ebf12bb95a835e06ae6dd8fab,gx-no-cache=1489145874674 HTTP/1.1" 200 90
186.103.159.44 - - [10/Mar/2017:08:36:52 -0300] "GET /cormun/servlet/hpexe_link HTTP/1.1" 200 958
186.103.159.44 - - [10/Mar/2017:08:36:53 -0300] "GET /cormun/servlet/hhome HTTP/1.1" 200 3777
186.103.159.44 - - [10/Mar/2017:08:36:59 -0300] "GET /cormun/servlet/trsolicitudot? HTTP/1.1" 200 9393
200.112.49.242 - - [10/Mar/2017:08:36:59 -0300] "POST /cormun/servlet/solicitudot?gx-no-cache=1489145887613 HTTP/1.1" 200 257
200.112.49.242 - - [10/Mar/2017:08:37:00 -0300] "GET /cormun/servlet/solicitudot?af99da87dca42ccdf9d287f0e16f2128a870a044d9beefc892dffb705925acdf26a11d9b73684af27e34548596bb2ede066ba6572bc4f8c08bf00e610c14cbdaef58a9350d16df2d76a7660a2f1401a6ee6b172d6428611049da6e93b91eaf29169eb672e31caff87bc8004dc229823b980d445a825bfb3887672b2afe5e6586b4e97513603f5d851c27e06d4317de489eb2f3e591a63613574701bb9eac51ba92b9cb21c1f3407dffb7eb60fd0fceafc605a2f7aa5a3702a64eb71427f0b5c0cf98319ff58b9e804b270672939639cdb2ad59acebd6598bc789b4e55551d495af990ea60f36a556cde1c3d5e01604a31d9573235012bdbc94c1b98554416fb4e6a4398984a796567735d5eaffca9a4d5df82b56887760ee39b2a446180e9706efba757ab7112327ab049488fb940fb93d244d612267c13a391e66436ea05acdef0eedd0d2a3dd04cc05fae73441b31400b6e1d256a05dfd166a32571c91c9a8ae01fa434c6b15938d5ada4462e8292859b52f6ff9f1bd83e631479ea48ee39c,gx-no-cache=1489145887753 HTTP/1.1" 200 30
200.112.49.242 - - [10/Mar/2017:08:37:00 -0300] "POST /cormun/servlet/solicitudot?gx-no-cache=1489145887849 HTTP/1.1" 200 30
200.112.49.242 - - [10/Mar/2017:08:37:00 -0300] "POST /cormun/servlet/solicitudot?gx-no-cache=1489145887952 HTTP/1.1" 200 1287
200.112.49.242 - - [10/Mar/2017:08:37:00 -0300] "POST /cormun/servlet/solicitudot?gx-no-cache=1489145888166 HTTP/1.1" 200 41
200.112.49.242 - - [10/Mar/2017:08:37:00 -0300] "POST /cormun/servlet/solicitudot?gx-no-cache=1489145888254 HTTP/1.1" 200 1275
200.112.49.242 - - [10/Mar/2017:08:37:00 -0300] "POST /cormun/servlet/solicitudot?gx-no-cache=1489145888432 HTTP/1.1" 200 1157
200.112.49.242 - - [10/Mar/2017:08:37:00 -0300] "GET /cormun/servlet/solicitudot?af99da87dca42ccdf9d287f0e16f21282cef2c59e64b02a6bf45a0b3e40ba42ebbc5998776e46cb81f73d2f706ead13c1e9d01bc596f1491d99828fc7c141982aca4338d94bc1e136d0d4f03c45824008908484ab82083d89b9bede14d4eb045993dd9e30b7e1091c2898229f73d8813a8b446410b91443e4217e664b7f5d2e82a65a4ec152c51e0d37bf159c8e9dff68f618e3b1f81f42357f2011a28c30dcb1737ce5a764ef3950692d4bc9cd1a912,gx-no-cache=1489145888626 HTTP/1.1" 200 30
200.112.49.242 - - [10/Mar/2017:08:37:01 -0300] "POST /cormun/servlet/solicitudot?0dcbcc117c8c06906b10e2fd7978ec36,INS,0,0,,gx-no-cache=1489145888738 HTTP/1.1" 200 93
200.112.49.242 - - [10/Mar/2017:08:37:01 -0300] "GET /cormun/servlet/hpexe_return? HTTP/1.1" 200 1002
200.112.49.242 - - [10/Mar/2017:08:37:01 -0300] "GET /cormun/static/gxcfg.js?2016101716175148 HTTP/1.1" 304 -
200.112.49.242 - - [10/Mar/2017:08:37:01 -0300] "GET /cormun/servlet/trsolicitudot HTTP/1.1" 200 8241
186.103.159.44 - - [10/Mar/2017:08:37:07 -0300] "GET /cormun/servlet/solicitudot?INS,0,0, HTTP/1.1" 200 12580
200.112.49.242 - - [10/Mar/2017:08:37:08 -0300] "POST /cormun/servlet/trsolicitudot?0dcbcc117c8c06906b10e2fd7978ec36,gx-no-cache=1489145896316 HTTP/1.1" 200 4347
200.112.49.242 - - [10/Mar/2017:08:37:09 -0300] "POST /cormun/servlet/trsolicitudot?0dcbcc117c8c06906b10e2fd7978ec36,gx-no-cache=1489145896889 HTTP/1.1" 200 4118
200.112.49.242 - - [10/Mar/2017:08:37:09 -0300] "GET /cormun/static/Shared/jqueryui/images/ui-bg_flat_55_fafafa_40x100.png HTTP/1.1" 404 1097
200.112.49.242 - - [10/Mar/2017:08:37:09 -0300] "GET /cormun/static/Shared/jqueryui/images/ui-icons_82798d_256x240.png HTTP/1.1" 404 1089
200.112.49.242 - - [10/Mar/2017:08:37:09 -0300] "GET /cormun/static/Shared/jqueryui/images/ui-bg_highlight-soft_100_c6c2c8_1x100.png HTTP/1.1" 404 1117
200.112.49.242 - - [10/Mar/2017:08:37:09 -0300] "GET /cormun/static/Shared/jqueryui/images/ui-icons_8d78a5_256x240.png HTTP/1.1" 404 1089
200.112.49.242 - - [10/Mar/2017:08:37:12 -0300] "GET /cormun/servlet/trautorizarsolicitud? HTTP/1.1" 200 8158
200.112.49.242 - - [10/Mar/2017:08:37:13 -0300] "GET /cormun/static/trautorizarsolicitud.js?2017259113483 HTTP/1.1" 304 -
200.112.49.242 - - [10/Mar/2017:08:37:17 -0300] "POST /cormun/servlet/trautorizarsolicitud?0dcbcc117c8c06906b10e2fd7978ec36,,gx-no-cache=1489145905122 HTTP/1.1" 200 4317
200.112.49.242 - - [10/Mar/2017:08:37:18 -0300] "POST /cormun/servlet/trautorizarsolicitud?0dcbcc117c8c06906b10e2fd7978ec36,,gx-no-cache=1489145905696 HTTP/1.1" 200 4089
200.112.49.242 - - [10/Mar/2017:08:37:18 -0300] "GET /cormun/static/Shared/jqueryui/images/ui-bg_highlight-soft_100_c6c2c8_1x100.png HTTP/1.1" 404 1117
200.112.49.242 - - [10/Mar/2017:08:37:18 -0300] "GET /cormun/static/Shared/jqueryui/images/ui-bg_flat_55_fafafa_40x100.png HTTP/1.1" 404 1097
200.112.49.242 - - [10/Mar/2017:08:37:18 -0300] "GET /cormun/static/Shared/jqueryui/images/ui-icons_82798d_256x240.png HTTP/1.1" 404 1089
200.112.49.242 - - [10/Mar/2017:08:37:18 -0300] "GET /cormun/static/Shared/jqueryui/images/ui-icons_8d78a5_256x240.png HTTP/1.1" 404 1089
186.103.159.44 - - [10/Mar/2017:08:37:20 -0300] "POST /cormun/servlet/solicitudot?gx-no-cache=1489145901876 HTTP/1.1" 200 3081
186.103.159.44 - - [10/Mar/2017:08:37:20 -0300] "POST /cormun/servlet/solicitudot?b36dd04ebf12bb95a835e06ae6dd8fab,INS,0,0,,gx-no-cache=1489145902420 HTTP/1.1" 200 9682
186.103.159.44 - - [10/Mar/2017:08:37:22 -0300] "GET /cormun/servlet/solicitudot?da595942b7b9706d2db8529228b5c3033e865933120fd4a33fb36f5af4cf552acacac218d4c20ae45d7139b16fcfac0b,gx-no-cache=1489145904731 HTTP/1.1" 200 30
186.103.159.44 - - [10/Mar/2017:08:38:41 -0300] "POST /cormun/servlet/solicitudot?gx-no-cache=1489145983933 HTTP/1.1" 200 297
186.103.159.44 - - [10/Mar/2017:08:38:42 -0300] "GET /cormun/servlet/solicitudot?da595942b7b9706d2db8529228b5c303d7f49f4f81863e8d856e32159ff0483dd6c08a945d08f33c7c04441d130e73e7c151a46c4ea37185871b370632da638a582e4f8f2eaaabb71edeed8be806148da87a8c8315447d0d86663102dce5b8a7aabdbeac86a0097fed9f1efe4dd48b7d06d69d1c267bcd36f3c99acd6c58dbad3a0e9d546e61cefc574c8e297d15eb879354ebf68adc2d2289c8cdc938aecbcca6f0ab01a871ac5c4067fa70d47e9b7268fc5d75680bf104e34addb2366f7e18dc25ab875780ad70695d186a3cbc80d7119b6091f02073326b3963b64aa6d985cab148265acfd6cb54b0566f2cbb81962639f9adcfb757ba4e0585b6f97972acb5a1ec91ad7d662b889f5d260e2d374efba356ab531400772e7c9b4815bc1982892d9d8192136bf239372c848642dd2f5902db7d843541663cd43c49dd1e6c3f9cfaa56ba51734cb7c459baac2be8c489b327f95d453975ff38d3d72f8bdf9f66ca446bfc65bbe340591f696078a2fef83b4e7d8ae0efbb300b808086801bd95efc5658b37270b277a5fd562f986fe3b,gx-no-cache=1489145984278 HTTP/1.1" 200 30
186.103.159.44 - - [10/Mar/2017:08:38:45 -0300] "POST /cormun/servlet/solicitudot?gx-no-cache=1489145987604 HTTP/1.1" 200 30
186.103.159.44 - - [10/Mar/2017:08:39:01 -0300] "POST /cormun/servlet/solicitudot?gx-no-cache=1489146003086 HTTP/1.1" 200 1291
200.112.49.242 - - [10/Mar/2017:08:39:10 -0300] "POST /cormun/servlet/trautorizarsolicitud?0dcbcc117c8c06906b10e2fd7978ec36,,gx-no-cache=1489146017876 HTTP/1.1" 200 4134
200.112.49.242 - - [10/Mar/2017:08:39:13 -0300] "POST /cormun/servlet/trautorizarsolicitud?0dcbcc117c8c06906b10e2fd7978ec36,,gx-no-cache=1489146020473 HTTP/1.1" 200 4134
186.67.172.234 - - [10/Mar/2017:08:39:24 -0300] "POST /cormun/servlet/solicitudot?gx-no-cache=1489146033362 HTTP/1.1" 200 1287
186.67.172.234 - - [10/Mar/2017:08:39:24 -0300] "POST /cormun/servlet/solicitudot?gx-no-cache=1489146033635 HTTP/1.1" 200 38
186.67.172.234 - - [10/Mar/2017:08:39:24 -0300] "POST /cormun/servlet/solicitudot?gx-no-cache=1489146033662 HTTP/1.1" 200 1274
186.67.172.234 - - [10/Mar/2017:08:39:24 -0300] "POST /cormun/servlet/solicitudot?gx-no-cache=1489146033715 HTTP/1.1" 200 1157
200.112.49.242 - - [10/Mar/2017:08:39:42 -0300] "GET /cormun/servlet/trvisualizadoreventos? HTTP/1.1" 200 6722
200.112.49.242 - - [10/Mar/2017:08:39:46 -0300] "GET /cormun/static/menuarrow.gif HTTP/1.1" 404 1015
200.112.49.242 - - [10/Mar/2017:08:40:01 -0300] "POST /cormun/servlet/trvisualizadoreventos?0dcbcc117c8c06906b10e2fd7978ec36,,gx-no-cache=1489146069338 HTTP/1.1" 200 3963
200.112.49.242 - - [10/Mar/2017:08:40:03 -0300] "POST /cormun/servlet/trvisualizadoreventos?0dcbcc117c8c06906b10e2fd7978ec36,,gx-no-cache=1489146071029 HTTP/1.1" 200 3963
186.67.172.234 - - [10/Mar/2017:08:40:09 -0300] "GET /cormun/static/menuarrow.gif HTTP/1.1" 404 1015
200.112.49.242 - - [10/Mar/2017:08:40:10 -0300] "GET /cormun/servlet/trautorizarsolicitud? HTTP/1.1" 200 6951
200.112.49.242 - - [10/Mar/2017:08:40:19 -0300] "POST /cormun/servlet/trautorizarsolicitud?0dcbcc117c8c06906b10e2fd7978ec36,,gx-no-cache=1489146086333 HTTP/1.1" 200 4142
200.112.49.242 - - [10/Mar/2017:08:40:23 -0300] "POST /cormun/servlet/trautorizarsolicitud?0dcbcc117c8c06906b10e2fd7978ec36,,gx-no-cache=1489146091126 HTTP/1.1" 200 4139
186.67.172.234 - - [10/Mar/2017:08:40:26 -0300] "GET /cormun/servlet/solicitudot?c135e4a7a4d23ce8e24a9b69d9db5c1f0e8ea700b7b089762a8e4f461cf9d5c4f4bf1720da63c4bb0f0458f2e663971d9ae69cc3ab2f334a7363db0ad558372097cd14460973eb2a4589ff5760974cb8c6d1fae92df24bf8f41f0b346acb86aea8a28474923a1f381be1f8c7fb04575ac9628487a7686ae583944e40495826466e6ca4864f7a2079bf6c1ef64eff985aa0d55110735fdd62df00a605410443e64c91cae805ddf2d0bc84aafd2b5229e8,gx-no-cache=1489146095973 HTTP/1.1" 200 30
200.112.49.242 - - [10/Mar/2017:08:40:27 -0300] "GET /cormun/servlet/trsolicitudot? HTTP/1.1" 200 6963
186.67.172.234 - - [10/Mar/2017:08:40:56 -0300] "POST /cormun/servlet/solicitudot?b981d1b4b5ad30aaccc7e8baf614c9d0,INS,0,0,,gx-no-cache=1489146125094 HTTP/1.1" 200 11175
186.103.159.44 - - [10/Mar/2017:08:40:58 -0300] "GET /cormun/static/menuarrow.gif HTTP/1.1" 404 1015
186.103.159.44 - - [10/Mar/2017:08:41:03 -0300] "POST /cormun/servlet/solicitudot?gx-no-cache=1489146125264 HTTP/1.1" 200 118
186.103.159.44 - - [10/Mar/2017:08:41:03 -0300] "GET /cormun/static/Shared/jqueryui/images/ui-bg_highlight-soft_100_c6c2c8_1x100.png HTTP/1.1" 404 1117
186.103.159.44 - - [10/Mar/2017:08:41:03 -0300] "GET /cormun/static/Shared/jqueryui/images/ui-icons_82798d_256x240.png HTTP/1.1" 404 1089
186.103.159.44 - - [10/Mar/2017:08:41:03 -0300] "GET /cormun/static/Shared/jqueryui/images/ui-bg_flat_55_994d53_40x100.png HTTP/1.1" 404 1097
186.103.159.44 - - [10/Mar/2017:08:41:03 -0300] "GET /cormun/static/Shared/jqueryui/images/ui-icons_ebccce_256x240.png HTTP/1.1" 404 1089
186.103.159.44 - - [10/Mar/2017:08:41:32 -0300] "GET /cormun/servlet/solicitudot?da595942b7b9706d2db8529228b5c3030d726b2ea6d824c54aa73c5aa894dd8ff3ce8f98b8ae450c79e140ab050d28702f00240462d9daa3a57bf06b4be2b476989cd9e01381dd746b8647d47ad6fbf34fca9a921704d1c7ead46ef4b8cdec9f6579f85c8301d70aa76dfb591282e10c,gx-no-cache=1489146154221 HTTP/1.1" 200 29
186.103.159.44 - - [10/Mar/2017:08:41:33 -0300] "POST /cormun/servlet/solicitudot?gx-no-cache=1489146154732 HTTP/1.1" 200 1275
186.103.159.44 - - [10/Mar/2017:08:41:33 -0300] "POST /cormun/servlet/solicitudot?gx-no-cache=1489146155131 HTTP/1.1" 200 1156
186.103.159.44 - - [10/Mar/2017:08:41:37 -0300] "POST /cormun/servlet/solicitudot?gx-no-cache=1489146159751 HTTP/1.1" 200 1275
186.103.159.44 - - [10/Mar/2017:08:41:37 -0300] "POST /cormun/servlet/solicitudot?gx-no-cache=1489146159909 HTTP/1.1" 200 1156
186.103.159.44 - - [10/Mar/2017:08:42:02 -0300] "GET /cormun/servlet/solicitudot?da595942b7b9706d2db8529228b5c3034d9118d9b7b073b61f4da4c74a24cec97905bcea400e96bac74d68248dda7ef259c96f9d92b67a1de21abfc2496bed61b8812856e1c1afa36ea696b89906b3ab2e44fdcea46b10ccecab7514e10225b8f76e2008592a8f586c6ee1ceda2415ca8840f233085cba7a920d577817364c63ab1fab8afb40bfd9524519c30faf07f18d112105f5351e398c91d0884d88c7c59d5e8675a3d7ea4e96815e9f7f4dd8654b3e852a0a8ea01a2a9a358875a44694,gx-no-cache=1489146184661 HTTP/1.1" 200 30
186.103.159.44 - - [10/Mar/2017:08:42:14 -0300] "POST /cormun/servlet/solicitudot?b36dd04ebf12bb95a835e06ae6dd8fab,INS,0,0,,gx-no-cache=1489146196568 HTTP/1.1" 200 11142
200.112.49.242 - - [10/Mar/2017:08:44:36 -0300] "GET /cormun/servlet/trsolicitudot? HTTP/1.1" 200 6962
200.112.49.242 - - [10/Mar/2017:08:44:40 -0300] "GET /cormun/servlet/solicitudot?INS,0,0, HTTP/1.1" 200 12797
200.112.49.242 - - [10/Mar/2017:08:45:31 -0300] "POST /cormun/servlet/solicitudot?gx-no-cache=1489146398357 HTTP/1.1" 200 3081
200.112.49.242 - - [10/Mar/2017:08:45:32 -0300] "POST /cormun/servlet/solicitudot?0dcbcc117c8c06906b10e2fd7978ec36,INS,0,0,,gx-no-cache=1489146399868 HTTP/1.1" 200 9865
200.112.49.242 - - [10/Mar/2017:08:45:35 -0300] "GET /cormun/servlet/solicitudot?af99da87dca42ccdf9d287f0e16f2128fc9921cceb1836a26a30961feab2041772e9583bcd1f6f9ff6fabfc1c71e9b06,gx-no-cache=1489146403053 HTTP/1.1" 200 30
192.168.10.96 - - [10/Mar/2017:08:45:52 -0300] "GET /cormun/servlet/trconsultaempleado? HTTP/1.1" 200 9192
192.168.10.96 - - [10/Mar/2017:08:45:52 -0300] "GET /cormun/static/trconsultaempleado.js?201612218545140 HTTP/1.1" 304 -
192.168.10.96 - - [10/Mar/2017:08:45:53 -0300] "GET /cormun/servlet/trconsultaempleado? HTTP/1.1" 200 9192
192.168.10.96 - - [10/Mar/2017:08:45:55 -0300] "GET /cormun/servlet/trsolicitudgral? HTTP/1.1" 200 10497
192.168.10.96 - - [10/Mar/2017:08:45:55 -0300] "GET /cormun/servlet/trsolicitudgral? HTTP/1.1" 200 10497
192.168.10.96 - - [10/Mar/2017:08:47:02 -0300] "POST /cormun/servlet/trsolicitudgral?d4e5d888e3b0ef2ddd22fa5cc1bc6480,,gx-no-cache=1489149705602 HTTP/1.1" 200 5404
192.168.10.96 - - [10/Mar/2017:08:47:06 -0300] "POST /cormun/servlet/trsolicitudgral?d4e5d888e3b0ef2ddd22fa5cc1bc6480,,gx-no-cache=1489149709608 HTTP/1.1" 200 6707
95.213.177.123 - - [10/Mar/2017:08:47:31 -0300] "CONNECT check.proxyradar.com:80 HTTP/1.1" 400 -
192.168.10.96 - - [10/Mar/2017:08:48:34 -0300] "GET /cormun/servlet/solicitudgral?UPD,2017,5387, HTTP/1.1" 200 11935
192.168.10.96 - - [10/Mar/2017:08:48:35 -0300] "GET /cormun/servlet/solicitudgral?UPD,2017,5387, HTTP/1.1" 200 11944
192.168.10.96 - - [10/Mar/2017:08:48:35 -0300] "POST /cormun/servlet/solicitudgral?gx-no-cache=1489149799174 HTTP/1.1" 200 3180
192.168.10.96 - - [10/Mar/2017:08:48:35 -0300] "GET /cormun/servlet/solicitudgral?6448a6b47be06385d1808a243cf1e3f0f35096ce9216575caf3f6f8eb92f9504fc9a0e45efd052c5133c111288dcaab2937579707563dbb17aab4132ce288691ad338d182c84b8168d68dae6b43aedf0973ee6cc169696217cfb914ce6cd6c2ded0cfe947f2b621db68cd09b1732c1bed0260276ec7df49591dd5daea8698d46eeae819637332aaf09f05e33c8eb81f2d7160a42650775874fa8d9d0f1378b91f043640cf16442a5037664d2f6ec14d0fce603f7d9b113ac3b34daf91a29837c56769ef83152166361ec0766af65da0aec34e81305675c86ac66e587d2c2c2059e5ca0cdd9aebfd6937873695e9f45f1155fd5bce3c1237d0e877801d8ed404ad3a326db04f1ad43871934e8921c8cb39f3d147001ed913211ba573c409581bf8649107c1bb9a869f5ab8cf364929ba66ea57b384e9da703e57ffcb6d60cbb50d83c195dea34b016abab138163e4b068,gx-no-cache=1489149799302 HTTP/1.1" 200 298
200.112.49.242 - - [10/Mar/2017:08:48:38 -0300] "POST /cormun/servlet/solicitudot?gx-no-cache=1489146586278 HTTP/1.1" 200 255
201.214.54.252 - - [10/Mar/2017:08:48:40 -0300] "GET /cormun/servlet/hlogin HTTP/1.1" 200 1716
201.214.54.252 - - [10/Mar/2017:08:48:43 -0300] "POST /cormun/servlet/hlogin?9904a1e691dd64264b0810f12e642569,gx-no-cache=1489146593090 HTTP/1.1" 200 90
201.214.54.252 - - [10/Mar/2017:08:48:43 -0300] "GET /cormun/servlet/hpexe_link HTTP/1.1" 200 951
201.214.54.252 - - [10/Mar/2017:08:48:43 -0300] "GET /cormun/servlet/hhome HTTP/1.1" 200 3944
200.112.49.242 - - [10/Mar/2017:08:48:44 -0300] "GET /cormun/servlet/solicitudot?af99da87dca42ccdf9d287f0e16f2128a870a044d9beefc892dffb705925acdf0ac3b62848e0e97a7aeab5ace76f85fd066ba6572bc4f8c08bf00e610c14cbdaef58a9350d16df2d76a7660a2f1401a6ee6b172d6428611049da6e93b91eaf29169eb672e31caff87bc8004dc229823b980d445a825bfb3887672b2afe5e6586b4e97513603f5d851c27e06d4317de489eb2f3e591a63613574701bb9eac51ba92b9cb21c1f3407dffb7eb60fd0fceafc605a2f7aa5a3702a64eb71427f0b5c0cf98319ff58b9e804b270672939639cdb2ad59acebd6598bc789b4e55551d495af990ea60f36a556cde1c3d5e01604a3c83411162c02a5fc40af238638f87c7be6a4398984a796567735d5eaffca9a4da162997e551b642b7dad7bb70d6dac9ee50c47f0dea775cb2fe1f2421abf9d57d3859f6b3e5b8051b2f0c81b4a7a5c19eb883074939472fa95b0a30605434e313ababc0d866eef4fa0b036d6e2d2b2dd4e38b4f0253511e079805ec1ff377e0b6198a242da25a931ed0ea7368c9ad061,gx-no-cache=1489146591751 HTTP/1.1" 200 30
201.214.54.252 - - [10/Mar/2017:08:48:44 -0300] "GET /cormun/servlet/hhome HTTP/1.1" 200 3940
200.112.49.242 - - [10/Mar/2017:08:48:48 -0300] "POST /cormun/servlet/solicitudot?gx-no-cache=1489146595893 HTTP/1.1" 200 30
200.112.49.242 - - [10/Mar/2017:08:48:51 -0300] "POST /cormun/servlet/solicitudot?gx-no-cache=1489146598740 HTTP/1.1" 200 235
200.112.49.242 - - [10/Mar/2017:08:48:51 -0300] "POST /cormun/servlet/solicitudot?gx-no-cache=1489146598843 HTTP/1.1" 200 38
201.214.54.252 - - [10/Mar/2017:08:48:56 -0300] "GET /cormun/servlet/trrenuncias? HTTP/1.1" 200 6675
201.214.54.252 - - [10/Mar/2017:08:48:56 -0300] "GET /cormun/static/gxcfg.js?201612218563964 HTTP/1.1" 200 953
201.214.54.252 - - [10/Mar/2017:08:48:56 -0300] "GET /cormun/static/trrenuncias.js?201612218564318 HTTP/1.1" 200 28329
192.168.10.89 - - [10/Mar/2017:08:48:57 -0300] "GET /cormun/servlet/hlogin HTTP/1.1" 200 1760
201.214.54.252 - - [10/Mar/2017:08:48:57 -0300] "GET /cormun/servlet/trrenuncias? HTTP/1.1" 200 6674
192.168.10.89 - - [10/Mar/2017:08:49:13 -0300] "POST /cormun/servlet/hlogin?ea02cf5fe1c2aa9466175592fd156b19,gx-no-cache=1489149837058 HTTP/1.1" 200 90
192.168.10.89 - - [10/Mar/2017:08:49:13 -0300] "GET /cormun/servlet/hpexe_link HTTP/1.1" 200 955
192.168.10.89 - - [10/Mar/2017:08:49:14 -0300] "GET /cormun/servlet/hhome HTTP/1.1" 200 3977
192.168.10.89 - - [10/Mar/2017:08:49:18 -0300] "GET /cormun/servlet/trsolicitudot? HTTP/1.1" 200 13098
192.168.10.89 - - [10/Mar/2017:08:49:32 -0300] "GET /cormun/servlet/solicitudot?INS,0,0, HTTP/1.1" 200 12770
192.168.10.96 - - [10/Mar/2017:08:49:42 -0300] "GET /cormun/servlet/solicitudgral?6448a6b47be06385d1808a243cf1e3f09e8e633112e392739b1b0c7eb655e08bae16b9f520fa789806e26f33713c7d3f7ff47d0d9bd36f583a1017af316bd1ebbf32cdb188f9518c62fe473d9c83852787c1d74030651c0dbd820cdcb3a9b3f0874a452ab26f8791b68b0b1eb001a9f17b58da452f5a743d1d44a4a6bd3bba1e45e36ff352f28cce502e8df6924e866996395ff9971b9e9049898bf42367206bd81954f764fcd58b14286bd9c3ba6d49a2f2766430e6920e7a85dc42a6ee19b34c44cb994acc08e3dc3e95ec47cc296eb06fbc7b9dd99be8f278ea6ad2b5ca17e296a3d8c94bc9c2ee25a14b8a13fcdd3da02216ee909407dad8d8c47ff0512df8e62fe14ec78876c013f201d1532f6d4fd89eee3c1a51d77d1834cd927d266f4d2c25acbcf2e2d9d197d25326dc3509f773647e5ea5fa575e4f2b05482969a316c5572e4b5f7554e827ca7fee4ab15bcbf24992f41a7882e167cbfa163ffed1af90093d6e43cb029b38ce4d0d927a982b1ab63916f2b3ae130eb64935b43e8bdeb024b93b7488b08bf1aacab78a0d113920e5793ed076377178eab0842d0dc2739669d0e0780b877acc7d78b0a091475a3b227157b5993adf8edef844ee084cca15408177099675f6925267526750cff8ef956a02ae293be62c193402de50919f1ff3e8f03b4618a7b6619e2902ecfb771a72c350f1a9ceb41b37ab656078a341c6e54e75d103020ce2403faac90f2fef5042d229af890a0ecc619b5229402f56f3d8907233f65468a4ed061c7fe88e,gx-no-cache=1489149865459 HTTP/1.1" 200 48
192.168.10.96 - - [10/Mar/2017:08:49:42 -0300] "POST /cormun/servlet/solicitudgral?d4e5d888e3b0ef2ddd22fa5cc1bc6480,UPD,2017,5387,,gx-no-cache=1489149865508 HTTP/1.1" 200 10599
192.168.10.96 - - [10/Mar/2017:08:49:42 -0300] "GET /cormun/servlet/solicitudgral?6448a6b47be06385d1808a243cf1e3f08dd83b35031dfedf7fe2d3fb90717975f21ecf70b212fabf64dbb1efa41a7ea01daa2dd47464baa57bc4a4e7559f5fec269f94bec4aad40df4b995a61b6f59ef89025d37d574ede6ecf803690432b349369885b09759c423a08e06c7ac64ffd5,gx-no-cache=1489149865779 HTTP/1.1" 200 29
192.168.10.96 - - [10/Mar/2017:08:49:42 -0300] "POST /cormun/servlet/solicitudgral?gx-no-cache=1489149865796 HTTP/1.1" 200 1250
192.168.10.96 - - [10/Mar/2017:08:49:42 -0300] "POST /cormun/servlet/solicitudgral?gx-no-cache=1489149865863 HTTP/1.1" 200 1154
192.168.10.96 - - [10/Mar/2017:08:49:42 -0300] "POST /cormun/servlet/solicitudgral?d4e5d888e3b0ef2ddd22fa5cc1bc6480,UPD,2017,5387,,gx-no-cache=1489149865900 HTTP/1.1" 200 93
192.168.10.96 - - [10/Mar/2017:08:49:42 -0300] "GET /cormun/servlet/hpexe_return? HTTP/1.1" 200 1015
192.168.10.96 - - [10/Mar/2017:08:49:42 -0300] "GET /cormun/servlet/trsolicitudgral? HTTP/1.1" 200 9738
192.168.10.96 - - [10/Mar/2017:08:49:43 -0300] "GET /cormun/servlet/trsolicitudgral? HTTP/1.1" 200 9735
192.168.10.89 - - [10/Mar/2017:08:49:46 -0300] "GET /cormun/servlet/prfichaempleado?,MD,,gxPopupLevel%3D0%3B HTTP/1.1" 200 8840
192.168.10.96 - - [10/Mar/2017:08:49:47 -0300] "POST /cormun/servlet/trsolicitudgral?d4e5d888e3b0ef2ddd22fa5cc1bc6480,,gx-no-cache=1489149870839 HTTP/1.1" 200 5615
192.168.10.96 - - [10/Mar/2017:08:49:47 -0300] "GET /cormun/static/Shared/jqueryui/images/ui-bg_highlight-soft_100_c6c2c8_1x100.png HTTP/1.1" 404 1117
192.168.10.96 - - [10/Mar/2017:08:49:47 -0300] "GET /cormun/static/Shared/jqueryui/images/ui-icons_82798d_256x240.png HTTP/1.1" 404 1089
192.168.10.96 - - [10/Mar/2017:08:49:47 -0300] "GET /cormun/static/Shared/jqueryui/images/ui-bg_flat_55_fafafa_40x100.png HTTP/1.1" 404 1097
192.168.10.96 - - [10/Mar/2017:08:49:47 -0300] "GET /cormun/static/Shared/jqueryui/images/ui-icons_8d78a5_256x240.png HTTP/1.1" 404 1089
192.168.10.89 - - [10/Mar/2017:08:49:53 -0300] "POST /cormun/servlet/prfichaempleado?ea02cf5fe1c2aa9466175592fd156b19,,MD,,gxPopupLevel%3D0%3B,gx-no-cache=1489149876581 HTTP/1.1" 200 3398
192.168.10.89 - - [10/Mar/2017:08:49:55 -0300] "POST /cormun/servlet/solicitudot?gx-no-cache=1489149878565 HTTP/1.1" 200 3190
192.168.10.89 - - [10/Mar/2017:08:49:55 -0300] "POST /cormun/servlet/solicitudot?ea02cf5fe1c2aa9466175592fd156b19,INS,0,0,,gx-no-cache=1489149878781 HTTP/1.1" 200 9976
192.168.10.89 - - [10/Mar/2017:08:49:57 -0300] "GET /cormun/servlet/solicitudot?350cfb2d53f24f850be85bebedaa3cd4f3ae6c7a05cf233f914d70dcb44c4c699855d58ae6f8e5213b80eee6382222a8,gx-no-cache=1489149880492 HTTP/1.1" 200 30
192.168.10.89 - - [10/Mar/2017:08:49:57 -0300] "POST /cormun/servlet/solicitudot?gx-no-cache=1489149880532 HTTP/1.1" 200 255
192.168.10.89 - - [10/Mar/2017:08:49:57 -0300] "GET /cormun/servlet/solicitudot?350cfb2d53f24f850be85bebedaa3cd45ba57ad5637c9d4a1a06b5fc8a5a997b35b562455abd8df2c756d5ef7662c7743e99bcec53a6ec1a014ff952e6173749f7652072a2a3f0b9b78075ba88bf4a8dfe7f0edd7eba7d29bdefa474cb004cb9d02c7b73d488d74d85237a9d3095705af583be2965a429b5972f4267855cdf9d45da3d21a68d14c648d9268e4d77c25c62c30f33131d84572c88c430337076796eaaf9d682b89503af83c829e8837c10b7078a21ec0acdf775cea80107b02a258b71845a07afdff7e037681cd2b00bff00504afe74f994630c0df7bdc724e2b5f50d65b0b16b7c73f5bb00867bcbab5110c41bee955773173cd414ee36109021fa8827c1961f3536032e0410f6e189b6277e20877c6be1d73ecad50854081e828efc662e12f8e6999b034cdf4d6c3b6a8399e0ea8ecc134d204ef457b6e2132581607bbe76b424b5690722535d7693a61025cd9cf2e7b41a55abd10e49f5276d79f1f500a2d3053a09692445c774ebd174cce6a364c9f02c2cbbdb2eb6c1032a,gx-no-cache=1489149880561 HTTP/1.1" 200 30
192.168.10.89 - - [10/Mar/2017:08:49:58 -0300] "POST /cormun/servlet/solicitudot?gx-no-cache=1489149881706 HTTP/1.1" 200 30
192.168.10.89 - - [10/Mar/2017:08:49:59 -0300] "GET /cormun/servlet/prsolicitudot?15993422,,,,,MD,,gxPopupLevel%3D0%3B HTTP/1.1" 200 6407
192.168.10.89 - - [10/Mar/2017:08:49:59 -0300] "GET /cormun/static/gxcfg.js?20161221854215 HTTP/1.1" 304 -
192.168.10.96 - - [10/Mar/2017:08:50:01 -0300] "POST /cormun/servlet/trsolicitudgral?d4e5d888e3b0ef2ddd22fa5cc1bc6480,,gx-no-cache=1489149884837 HTTP/1.1" 200 5420
192.168.10.89 - - [10/Mar/2017:08:50:02 -0300] "POST /cormun/servlet/solicitudot?gx-no-cache=1489149885674 HTTP/1.1" 200 1292
192.168.10.89 - - [10/Mar/2017:08:50:02 -0300] "POST /cormun/servlet/solicitudot?gx-no-cache=1489149885808 HTTP/1.1" 200 38
192.168.10.89 - - [10/Mar/2017:08:50:02 -0300] "GET /cormun/servlet/solicitudot?350cfb2d53f24f850be85bebedaa3cd4ec0df481ad6dca1f3e6f98cbefb48d2419449034f06bf489bb4fc5526f51dfa79e3812442493ffd8c3562189f9032ebcf815707384ab38d25484c6189c9056bb2478ff05d2d6f10e04dcbb31d0596fbd67ec4b85fc003b319adcfdb6991e19b342ac6df3fd16028882f9f5695fc08ec8eda929144c2a17a705307b12fb7de472e7f5b9675c2986459e6ee84831403a62,gx-no-cache=1489149885838 HTTP/1.1" 200 29
192.168.10.89 - - [10/Mar/2017:08:50:02 -0300] "POST /cormun/servlet/solicitudot?gx-no-cache=1489149885862 HTTP/1.1" 200 1275
192.168.10.89 - - [10/Mar/2017:08:50:02 -0300] "POST /cormun/servlet/solicitudot?gx-no-cache=1489149885905 HTTP/1.1" 200 1158
192.168.10.96 - - [10/Mar/2017:08:50:05 -0300] "POST /cormun/servlet/trsolicitudgral?d4e5d888e3b0ef2ddd22fa5cc1bc6480,,gx-no-cache=1489149888727 HTTP/1.1" 200 5423
192.168.10.89 - - [10/Mar/2017:08:50:07 -0300] "GET /cormun/servlet/solicitudot?350cfb2d53f24f850be85bebedaa3cd4ec0df481ad6dca1f3e6f98cbefb48d2419449034f06bf489bb4fc5526f51dfa79e3812442493ffd8c3562189f9032ebcf815707384ab38d25484c6189c9056bb2478ff05d2d6f10e04dcbb31d0596fbd67ec4b85fc003b319adcfdb6991e19b342ac6df3fd16028882f9f5695fc08ec8eda929144c2a17a705307b12fb7de472e7f5b9675c2986459e6ee84831403a62,gx-no-cache=1489149891207 HTTP/1.1" 200 29
192.168.10.89 - - [10/Mar/2017:08:50:07 -0300] "POST /cormun/servlet/solicitudot?gx-no-cache=1489149891272 HTTP/1.1" 200 1275
192.168.10.89 - - [10/Mar/2017:08:50:08 -0300] "POST /cormun/servlet/solicitudot?gx-no-cache=1489149891700 HTTP/1.1" 200 1158
192.168.10.89 - - [10/Mar/2017:08:50:09 -0300] "GET /cormun/servlet/solicitudot?350cfb2d53f24f850be85bebedaa3cd438c30809499f5271764b95dd69f931e3576ea4dfbbaf543b8d3973661aff90ad8956fc01a0819ae07b03d1027e266b4c42dc7e8a6115c2307f6138ee175776b4930262ab6d51acd3b04427a6e705f87f32a1f4dedd07ec94e549a3a118a8a2a1ad48d1c36a4dbd1155abedd41aa828f9642bc2d3e038ec5ab76bd2e75fe7ed197601c1d3ed04a8c34d2f78b3df3c685629cd6f47433adfc9537c4b4e00202bc6,gx-no-cache=1489149892754 HTTP/1.1" 200 30
192.168.10.96 - - [10/Mar/2017:08:50:09 -0300] "POST /cormun/servlet/trsolicitudgral?d4e5d888e3b0ef2ddd22fa5cc1bc6480,,gx-no-cache=1489149892777 HTTP/1.1" 200 5422
192.168.10.96 - - [10/Mar/2017:08:50:12 -0300] "POST /cormun/servlet/trsolicitudgral?d4e5d888e3b0ef2ddd22fa5cc1bc6480,,gx-no-cache=1489149895444 HTTP/1.1" 200 5423
192.168.10.96 - - [10/Mar/2017:08:50:14 -0300] "POST /cormun/servlet/trsolicitudgral?d4e5d888e3b0ef2ddd22fa5cc1bc6480,,gx-no-cache=1489149898246 HTTP/1.1" 200 5423
192.168.10.89 - - [10/Mar/2017:08:50:16 -0300] "POST /cormun/servlet/solicitudot?ea02cf5fe1c2aa9466175592fd156b19,INS,0,0,,gx-no-cache=1489149899370 HTTP/1.1" 200 93
192.168.10.89 - - [10/Mar/2017:08:50:16 -0300] "GET /cormun/servlet/hpexe_return? HTTP/1.1" 200 1008
192.168.10.89 - - [10/Mar/2017:08:50:16 -0300] "GET /cormun/servlet/trsolicitudot HTTP/1.1" 200 13401
192.168.10.96 - - [10/Mar/2017:08:50:19 -0300] "POST /cormun/servlet/trsolicitudgral?d4e5d888e3b0ef2ddd22fa5cc1bc6480,,gx-no-cache=1489149902561 HTTP/1.1" 200 5420
192.168.10.89 - - [10/Mar/2017:08:50:21 -0300] "POST /cormun/servlet/trsolicitudot?ea02cf5fe1c2aa9466175592fd156b19,gx-no-cache=1489149904642 HTTP/1.1" 200 10354
192.168.10.89 - - [10/Mar/2017:08:50:22 -0300] "POST /cormun/servlet/trsolicitudot?ea02cf5fe1c2aa9466175592fd156b19,gx-no-cache=1489149905617 HTTP/1.1" 200 10294
192.168.10.89 - - [10/Mar/2017:08:50:23 -0300] "GET /cormun/static/Shared/jqueryui/images/ui-icons_8d78a5_256x240.png HTTP/1.1" 404 1089
192.168.10.89 - - [10/Mar/2017:08:50:23 -0300] "GET /cormun/static/Shared/jqueryui/images/ui-bg_highlight-soft_100_c6c2c8_1x100.png HTTP/1.1" 404 1117
192.168.10.89 - - [10/Mar/2017:08:50:23 -0300] "GET /cormun/static/Shared/jqueryui/images/ui-icons_82798d_256x240.png HTTP/1.1" 404 1089
192.168.10.89 - - [10/Mar/2017:08:50:23 -0300] "GET /cormun/static/Shared/jqueryui/images/ui-bg_flat_55_fafafa_40x100.png HTTP/1.1" 404 1097
192.168.10.89 - - [10/Mar/2017:08:50:26 -0300] "GET /cormun/servlet/trautorizarsolicitud? HTTP/1.1" 200 12169
192.168.10.89 - - [10/Mar/2017:08:50:26 -0300] "GET /cormun/static/gxcfg.js?2017259112829 HTTP/1.1" 304 -
192.168.10.89 - - [10/Mar/2017:08:50:26 -0300] "GET /cormun/static/trautorizarsolicitud.js?2017259113483 HTTP/1.1" 304 -
200.112.49.242 - - [10/Mar/2017:08:50:47 -0300] "GET /cormun/servlet/solicitudot?af99da87dca42ccdf9d287f0e16f212873e938dd9ecf6f015fff38349b930f2b84ede93db547d3a5c2ac974aa0b2d33b8d26aa2ddec37bda335f3b0104ad8da6d95c8bdd14a458d4cda4a001336ce101626c6c72563fb563d5eed81a04c3e3ff7489cc0c9e680ee6caa6002d36bea169,gx-no-cache=1489146715069 HTTP/1.1" 200 29
200.112.49.242 - - [10/Mar/2017:08:50:47 -0300] "POST /cormun/servlet/solicitudot?gx-no-cache=1489146715260 HTTP/1.1" 200 643
192.168.10.89 - - [10/Mar/2017:08:50:48 -0300] "POST /cormun/servlet/trautorizarsolicitud?ea02cf5fe1c2aa9466175592fd156b19,,gx-no-cache=1489149931426 HTTP/1.1" 200 8986
200.112.49.242 - - [10/Mar/2017:08:50:48 -0300] "POST /cormun/servlet/solicitudot?gx-no-cache=1489146716460 HTTP/1.1" 200 1157
192.168.10.89 - - [10/Mar/2017:08:50:48 -0300] "POST /cormun/servlet/trautorizarsolicitud?ea02cf5fe1c2aa9466175592fd156b19,,gx-no-cache=1489149932243 HTTP/1.1" 200 8924
192.168.10.89 - - [10/Mar/2017:08:50:49 -0300] "GET /cormun/static/Shared/jqueryui/images/ui-icons_82798d_256x240.png HTTP/1.1" 404 1089
192.168.10.89 - - [10/Mar/2017:08:50:49 -0300] "GET /cormun/static/Shared/jqueryui/images/ui-icons_8d78a5_256x240.png HTTP/1.1" 404 1089
192.168.10.89 - - [10/Mar/2017:08:50:49 -0300] "GET /cormun/static/Shared/jqueryui/images/ui-bg_flat_55_fafafa_40x100.png HTTP/1.1" 404 1097
192.168.10.89 - - [10/Mar/2017:08:50:49 -0300] "GET /cormun/static/Shared/jqueryui/images/ui-bg_highlight-soft_100_c6c2c8_1x100.png HTTP/1.1" 404 1117
186.67.172.234 - - [10/Mar/2017:08:51:02 -0300] "POST /cormun/servlet/solicitudot?gx-no-cache=1489146731359 HTTP/1.1" 200 30
186.67.172.234 - - [10/Mar/2017:08:51:08 -0300] "POST /cormun/servlet/solicitudot?gx-no-cache=1489146737242 HTTP/1.1" 200 1287
186.67.172.234 - - [10/Mar/2017:08:51:08 -0300] "POST /cormun/servlet/solicitudot?gx-no-cache=1489146737318 HTTP/1.1" 200 41
186.67.172.234 - - [10/Mar/2017:08:51:09 -0300] "POST /cormun/servlet/solicitudot?gx-no-cache=1489146737395 HTTP/1.1" 200 1274
186.67.172.234 - - [10/Mar/2017:08:51:09 -0300] "POST /cormun/servlet/solicitudot?gx-no-cache=1489146738543 HTTP/1.1" 200 1157
186.67.172.234 - - [10/Mar/2017:08:51:09 -0300] "GET /cormun/servlet/solicitudot?c135e4a7a4d23ce8e24a9b69d9db5c1f0e8ea700b7b089762a8e4f461cf9d5c4f4bf1720da63c4bb0f0458f2e663971d9ae69cc3ab2f334a7363db0ad558372097cd14460973eb2a4589ff5760974cb8c6d1fae92df24bf8f41f0b346acb86aea8a28474923a1f381be1f8c7fb04575ac9628487a7686ae583944e40495826466e6ca4864f7a2079bf6c1ef64eff985aa0d55110735fdd62df00a605410443e64c91cae805ddf2d0bc84aafd2b5229e8,gx-no-cache=1489146738671 HTTP/1.1" 200 30
186.67.172.234 - - [10/Mar/2017:08:51:09 -0300] "POST /cormun/servlet/solicitudot?b981d1b4b5ad30aaccc7e8baf614c9d0,INS,0,0,,gx-no-cache=1489146738750 HTTP/1.1" 200 11229
186.103.159.188 - - [10/Mar/2017:08:51:33 -0300] "GET /cormun/servlet/hlogin HTTP/1.1" 200 1721
186.103.159.188 - - [10/Mar/2017:08:51:33 -0300] "GET /cormun/servlet/hlogin HTTP/1.1" 200 1728
190.101.9.138 - - [10/Mar/2017:08:52:15 -0300] "POST /cormun/servlet/hlogin?c3e0d74de33ef27ec1e5d4203cd4c6ea,gx-no-cache=1489146805261 HTTP/1.1" 200 90
190.101.9.138 - - [10/Mar/2017:08:52:15 -0300] "GET /cormun/servlet/hpexe_link HTTP/1.1" 200 952
190.101.9.138 - - [10/Mar/2017:08:52:16 -0300] "GET /cormun/servlet/hhome HTTP/1.1" 200 3775
190.101.9.138 - - [10/Mar/2017:08:52:16 -0300] "GET /cormun/servlet/hhome HTTP/1.1" 200 3772
190.101.9.138 - - [10/Mar/2017:08:52:20 -0300] "GET /cormun/servlet/trsolicitudot? HTTP/1.1" 200 8382
190.101.9.138 - - [10/Mar/2017:08:52:20 -0300] "GET /cormun/servlet/trsolicitudot? HTTP/1.1" 200 8380
190.101.9.138 - - [10/Mar/2017:08:52:31 -0300] "GET /cormun/servlet/solicitudot?INS,0,0, HTTP/1.1" 200 12579
190.101.9.138 - - [10/Mar/2017:08:52:32 -0300] "GET /cormun/servlet/solicitudot?INS,0,0, HTTP/1.1" 200 12583
190.101.9.138 - - [10/Mar/2017:08:52:43 -0300] "POST /cormun/servlet/solicitudot?gx-no-cache=1489146832708 HTTP/1.1" 200 3156
190.101.9.138 - - [10/Mar/2017:08:52:43 -0300] "POST /cormun/servlet/solicitudot?c3e0d74de33ef27ec1e5d4203cd4c6ea,INS,0,0,,gx-no-cache=1489146832895 HTTP/1.1" 200 9760
190.101.9.138 - - [10/Mar/2017:08:52:51 -0300] "GET /cormun/servlet/solicitudot?dde14ecbf93541ca1caf7175cc919108f42edbbe9407614f3af4255eb97dd33a291ff9e56b05680ea5cd5d8542d43a61,gx-no-cache=1489146840804 HTTP/1.1" 200 30
190.101.9.138 - - [10/Mar/2017:08:52:51 -0300] "POST /cormun/servlet/solicitudot?gx-no-cache=1489146840914 HTTP/1.1" 200 255
190.101.9.138 - - [10/Mar/2017:08:52:51 -0300] "GET /cormun/servlet/solicitudot?dde14ecbf93541ca1caf7175cc9191083f041f96938e4844fa998426d722bab218e70393233e066e097d1d3de12b7903228ef884ead6d65ef64f7ebf85f4bc1a39a19c5ca9d1064618b8068e762036d53dea2faceb4c0edaaa0279f8376e8d9bdfa8c9cbea9a79cdb7f1018a0accf9ae6d1a9121b8aefff59cee31fa781bac1c656b3897b2fe624327efc2281dd14f88a0b1b80668d25fb811ac4599c377b8f052fb9a63394eb245d2e74d080e28a82cf11bcf94406552fda42f11b565570a910653a1ff0ee4cc2dc846219639d23563df81828c04ec1075a00838bc676012f1d5643530dca6bf55e982fb91f318c2047b49035df3c5bf6983c919de9e059ddad174078d31befba7d1d828dae39747a70e2a6bbab6ba4208bbc16b36c207b9a4cf4ad3d5e3c72abf84a888cce304311ed08050ed059ba63b9c5b8ca7e250ed8765126117ab2ae818df7a495b92d089088d631d054600ef588b4705dd8127571a807d3c9571590626d1f9a57c182054b0beb795c4d3b4e9556b889d16b118996e,gx-no-cache=1489146840992 HTTP/1.1" 200 30
186.67.172.234 - - [10/Mar/2017:08:53:06 -0300] "POST /cormun/servlet/solicitudot?gx-no-cache=1489146855438 HTTP/1.1" 200 30
186.67.172.234 - - [10/Mar/2017:08:53:11 -0300] "POST /cormun/servlet/solicitudot?gx-no-cache=1489146860417 HTTP/1.1" 200 1367
186.67.172.234 - - [10/Mar/2017:08:53:11 -0300] "POST /cormun/servlet/solicitudot?gx-no-cache=1489146860492 HTTP/1.1" 200 121
186.67.172.234 - - [10/Mar/2017:08:53:11 -0300] "POST /cormun/servlet/solicitudot?gx-no-cache=1489146860590 HTTP/1.1" 200 1274
186.67.172.234 - - [10/Mar/2017:08:53:11 -0300] "POST /cormun/servlet/solicitudot?gx-no-cache=1489146860700 HTTP/1.1" 200 1157
186.67.172.234 - - [10/Mar/2017:08:53:11 -0300] "GET /cormun/servlet/solicitudot?c135e4a7a4d23ce8e24a9b69d9db5c1f0e8ea700b7b089762a8e4f461cf9d5c4f4bf1720da63c4bb0f0458f2e663971d9ae69cc3ab2f334a7363db0ad558372097cd14460973eb2a4589ff5760974cb8c6d1fae92df24bf8f41f0b346acb86aea8a28474923a1f381be1f8c7fb04575ac9628487a7686ae583944e40495826466e6ca4864f7a2079bf6c1ef64eff985aa0d55110735fdd62df00a605410443e64c91cae805ddf2d0bc84aafd2b5229e8,gx-no-cache=1489146861124 HTTP/1.1" 200 30
186.67.172.234 - - [10/Mar/2017:08:53:12 -0300] "POST /cormun/servlet/solicitudot?b981d1b4b5ad30aaccc7e8baf614c9d0,INS,0,0,,gx-no-cache=1489146861160 HTTP/1.1" 200 11306
190.101.9.138 - - [10/Mar/2017:08:53:16 -0300] "POST /cormun/servlet/solicitudot?gx-no-cache=1489146865718 HTTP/1.1" 200 30
190.101.9.138 - - [10/Mar/2017:08:53:28 -0300] "POST /cormun/servlet/solicitudot?gx-no-cache=1489146878151 HTTP/1.1" 200 30
201.214.54.252 - - [10/Mar/2017:08:53:30 -0300] "GET /cormun/static/menuarrow.gif HTTP/1.1" 404 1015
190.101.9.138 - - [10/Mar/2017:08:53:32 -0300] "GET /cormun/static/Resources/resize.gif HTTP/1.1" 200 77
186.103.159.188 - - [10/Mar/2017:08:53:32 -0300] "GET /cormun/servlet/prsolicitudot?10798657,,,,,MD,,gxPopupLevel%3D0%3B HTTP/1.1" 200 5599
186.103.159.188 - - [10/Mar/2017:08:53:32 -0300] "GET /cormun/static/gxcfg.js?20161221854215 HTTP/1.1" 200 953
186.103.159.188 - - [10/Mar/2017:08:53:33 -0300] "GET /cormun/static/prsolicitudot.js?201612218542259 HTTP/1.1" 200 13680
190.101.9.138 - - [10/Mar/2017:08:53:33 -0300] "GET /cormun/static/Resources/PXToolsMenuSearch.png HTTP/1.1" 200 2914
186.103.159.188 - - [10/Mar/2017:08:53:33 -0300] "GET /cormun/static/menusearch.js?201610171694467 HTTP/1.1" 200 1424
186.103.159.188 - - [10/Mar/2017:08:53:33 -0300] "GET /cormun/static/Resources/PXToolsMenuSearchCancel.png HTTP/1.1" 200 2972
186.103.159.188 - - [10/Mar/2017:08:53:33 -0300] "GET /cormun/static/hmpwkw011.js?201612218515582 HTTP/1.1" 200 1968
186.103.159.188 - - [10/Mar/2017:08:53:36 -0300] "POST /cormun/servlet/solicitudot?gx-no-cache=1489146885746 HTTP/1.1" 200 1291
186.103.159.188 - - [10/Mar/2017:08:53:36 -0300] "POST /cormun/servlet/solicitudot?gx-no-cache=1489146885824 HTTP/1.1" 200 38
186.103.159.188 - - [10/Mar/2017:08:53:36 -0300] "GET /cormun/servlet/solicitudot?dde14ecbf93541ca1caf7175cc919108255ab3703fdc6b7dc440cb59776d3fc0391037891f24fb5f42692c59ef3fd563c29ca9cc04d552b031a3fd5a498c84a506d48a39e918ceb18a726d79444f051599f25a271e66635f036d13719f450b590aa6ca7e986531f33207027a9bed0cdb9211a33004979ba8755dd95c2a5bba59289519780221d843105ee38b142a0685ab084439769933647c6e5a259fcac6cf,gx-no-cache=1489146885855 HTTP/1.1" 200 29
186.103.159.188 - - [10/Mar/2017:08:53:36 -0300] "POST /cormun/servlet/solicitudot?gx-no-cache=1489146885902 HTTP/1.1" 200 1274
186.103.159.188 - - [10/Mar/2017:08:53:36 -0300] "POST /cormun/servlet/solicitudot?gx-no-cache=1489146885964 HTTP/1.1" 200 1157
186.103.159.188 - - [10/Mar/2017:08:53:39 -0300] "GET /cormun/servlet/prpersonalsolicitud?10798657,,,,,MD,,gxPopupLevel%3D0%3B HTTP/1.1" 200 5610
186.103.159.188 - - [10/Mar/2017:08:53:39 -0300] "GET /cormun/static/gxcfg.js?201612218544014 HTTP/1.1" 200 953
186.103.159.188 - - [10/Mar/2017:08:53:39 -0300] "GET /cormun/static/prpersonalsolicitud.js?201612218544168 HTTP/1.1" 200 13873
186.67.172.234 - - [10/Mar/2017:08:53:42 -0300] "GET /cormun/servlet/prfichaempleado?,MD,,gxPopupLevel%3D0%3B HTTP/1.1" 200 8791
186.67.172.234 - - [10/Mar/2017:08:54:09 -0300] "POST /cormun/servlet/prfichaempleado?b981d1b4b5ad30aaccc7e8baf614c9d0,,MD,,gxPopupLevel%3D0%3B,gx-no-cache=1489146918843 HTTP/1.1" 200 5039
186.103.159.188 - - [10/Mar/2017:08:54:27 -0300] "POST /cormun/servlet/solicitudot?gx-no-cache=1489146936664 HTTP/1.1" 200 30
201.214.54.252 - - [10/Mar/2017:08:54:29 -0300] "POST /cormun/servlet/trrenuncias?9904a1e691dd64264b0810f12e642569,,gx-no-cache=1489146939507 HTTP/1.1" 200 4029
186.103.159.188 - - [10/Mar/2017:08:54:38 -0300] "POST /cormun/servlet/solicitudot?gx-no-cache=1489146947668 HTTP/1.1" 200 30
186.103.159.188 - - [10/Mar/2017:08:54:40 -0300] "GET /cormun/servlet/prcontratosol?10798657,,,,,MD,,gxPopupLevel%3D0%3B HTTP/1.1" 200 5923
186.103.159.188 - - [10/Mar/2017:08:54:40 -0300] "GET /cormun/static/gxcfg.js?2016102711553248 HTTP/1.1" 200 953
186.103.159.188 - - [10/Mar/2017:08:54:41 -0300] "GET /cormun/static/prcontratosol.js?2016102711553411 HTTP/1.1" 200 14084
186.103.159.188 - - [10/Mar/2017:08:54:41 -0300] "GET /cormun/static/Resources/PXToolsGridFirst.gif HTTP/1.1" 200 379
186.103.159.188 - - [10/Mar/2017:08:54:41 -0300] "GET /cormun/static/Resources/PXToolsGridPrevious.gif HTTP/1.1" 200 369
190.101.9.138 - - [10/Mar/2017:08:54:41 -0300] "GET /cormun/static/Resources/PXToolsGridNext.gif HTTP/1.1" 200 369
186.103.159.188 - - [10/Mar/2017:08:54:41 -0300] "GET /cormun/static/Resources/PXToolsGridLast.gif HTTP/1.1" 200 370
201.214.54.252 - - [10/Mar/2017:08:54:43 -0300] "GET /cormun/servlet/renuncias?INS,0, HTTP/1.1" 200 6046
201.214.54.252 - - [10/Mar/2017:08:54:43 -0300] "GET /cormun/static/gxcfg.js?201610171616599 HTTP/1.1" 200 953
201.214.54.252 - - [10/Mar/2017:08:54:43 -0300] "GET /cormun/static/renuncias.js?201610171616612 HTTP/1.1" 200 13629
201.214.54.252 - - [10/Mar/2017:08:54:44 -0300] "GET /cormun/servlet/renuncias?INS,0, HTTP/1.1" 200 6046
186.103.159.188 - - [10/Mar/2017:08:54:46 -0300] "POST /cormun/servlet/solicitudot?gx-no-cache=1489146955608 HTTP/1.1" 200 1291
186.103.159.188 - - [10/Mar/2017:08:54:46 -0300] "POST /cormun/servlet/solicitudot?gx-no-cache=1489146955733 HTTP/1.1" 200 38
186.103.159.188 - - [10/Mar/2017:08:54:46 -0300] "POST /cormun/servlet/solicitudot?gx-no-cache=1489146955764 HTTP/1.1" 200 1274
186.103.159.188 - - [10/Mar/2017:08:54:46 -0300] "POST /cormun/servlet/solicitudot?gx-no-cache=1489146955874 HTTP/1.1" 200 1157
201.214.54.252 - - [10/Mar/2017:08:54:51 -0300] "GET /cormun/servlet/renuncias?d89d7e59aea9f7708f8102046d1c40d14efa6fca5f83181b48772ebefdee5d12b40de6bb0325d8ee312a8e3d98dde3bd,gx-no-cache=1489146961238 HTTP/1.1" 200 33
201.214.54.252 - - [10/Mar/2017:08:54:54 -0300] "GET /cormun/static/Resources/resize.gif HTTP/1.1" 200 77
201.214.54.252 - - [10/Mar/2017:08:55:01 -0300] "GET /cormun/servlet/prfichaempleado?,MD,,gxPopupLevel%3D0%3B HTTP/1.1" 200 8799
201.214.54.252 - - [10/Mar/2017:08:55:01 -0300] "GET /cormun/static/gxcfg.js?2016102420561687 HTTP/1.1" 200 953
201.214.54.252 - - [10/Mar/2017:08:55:01 -0300] "GET /cormun/static/menusearch.js?201610171694467 HTTP/1.1" 200 1424
201.214.54.252 - - [10/Mar/2017:08:55:01 -0300] "GET /cormun/static/prfichaempleado.js?201610242056198 HTTP/1.1" 200 16015
201.214.54.252 - - [10/Mar/2017:08:55:01 -0300] "GET /cormun/static/Resources/PXToolsMenuSearchCancel.png HTTP/1.1" 200 2972
201.214.54.252 - - [10/Mar/2017:08:55:01 -0300] "GET /cormun/static/Resources/PXToolsMenuSearch.png HTTP/1.1" 200 2914
201.214.54.252 - - [10/Mar/2017:08:55:01 -0300] "GET /cormun/static/hmpwkw011.js?201612218515582 HTTP/1.1" 200 1968
190.101.9.138 - - [10/Mar/2017:08:55:10 -0300] "POST /cormun/servlet/solicitudot?gx-no-cache=1489146979445 HTTP/1.1" 200 1275
190.101.9.138 - - [10/Mar/2017:08:55:10 -0300] "POST /cormun/servlet/solicitudot?gx-no-cache=1489146979633 HTTP/1.1" 200 1157
192.168.10.96 - - [10/Mar/2017:08:55:20 -0300] "POST /cormun/servlet/trsolicitudgral?d4e5d888e3b0ef2ddd22fa5cc1bc6480,,gx-no-cache=1489150203951 HTTP/1.1" 200 5421
192.168.10.96 - - [10/Mar/2017:08:55:25 -0300] "POST /cormun/servlet/trsolicitudgral?d4e5d888e3b0ef2ddd22fa5cc1bc6480,,gx-no-cache=1489150209265 HTTP/1.1" 200 5416
192.168.10.96 - - [10/Mar/2017:08:55:26 -0300] "POST /cormun/servlet/trsolicitudgral?d4e5d888e3b0ef2ddd22fa5cc1bc6480,,gx-no-cache=1489150210007 HTTP/1.1" 200 5415
192.168.10.96 - - [10/Mar/2017:08:55:26 -0300] "POST /cormun/servlet/trsolicitudgral?d4e5d888e3b0ef2ddd22fa5cc1bc6480,,gx-no-cache=1489150210191 HTTP/1.1" 200 5415
201.214.54.252 - - [10/Mar/2017:08:55:29 -0300] "POST /cormun/servlet/prfichaempleado?9904a1e691dd64264b0810f12e642569,,MD,,gxPopupLevel%3D0%3B,gx-no-cache=1489146999783 HTTP/1.1" 200 3398
201.214.54.252 - - [10/Mar/2017:08:55:37 -0300] "GET /cormun/servlet/renuncias?d89d7e59aea9f7708f8102046d1c40d1b2526a9c91ef269e63ac26ce42eb8f82ff15f84ef89e0cb5cba83d70eab72c6c,gx-no-cache=1489147007093 HTTP/1.1" 200 63
186.103.156.211 - - [10/Mar/2017:08:56:02 -0300] "GET /cormun/servlet/licenciaspermisos?INS,0,,, HTTP/1.1" 200 6449
186.103.156.211 - - [10/Mar/2017:08:56:02 -0300] "GET /cormun/static/gxcfg.js?2016122619301043 HTTP/1.1" 304 -
186.103.156.211 - - [10/Mar/2017:08:56:03 -0300] "GET /cormun/servlet/hlogin HTTP/1.1" 200 1741
186.103.156.211 - - [10/Mar/2017:08:56:03 -0300] "GET /cormun/servlet/licenciaspermisos?INS,0,,, HTTP/1.1" 200 6460
186.103.156.211 - - [10/Mar/2017:08:56:03 -0300] "GET /cormun/static/gxcfg.js?201612216162538 HTTP/1.1" 304 -
