186.103.157.246 - - [10/Mar/2017:13:23:28 -0300] "GET /cormun/static/Resources/PXToolsGridNew.png HTTP/1.1" 304 -
186.103.157.246 - - [10/Mar/2017:13:23:28 -0300] "GET /cormun/static/Resources/PXToolsGridLastDisabled.gif HTTP/1.1" 304 -
186.103.157.246 - - [10/Mar/2017:13:23:28 -0300] "GET /cormun/static/trsolicitudot.js?20171191045625 HTTP/1.1" 200 53117
186.103.157.246 - - [10/Mar/2017:13:23:28 -0300] "GET /cormun/static/gxdec.js?85251 HTTP/1.1" 304 -
186.103.157.246 - - [10/Mar/2017:13:23:28 -0300] "GET /cormun/static/Resources/asc.gif HTTP/1.1" 304 -
186.103.157.246 - - [10/Mar/2017:13:23:28 -0300] "GET /cormun/static/Resources/desc.gif HTTP/1.1" 304 -
186.103.157.246 - - [10/Mar/2017:13:23:28 -0300] "GET /cormun/static/Shared/ext/resources/themes/images/default/panel/bg-headersPanel.png HTTP/1.1" 304 -
186.103.157.246 - - [10/Mar/2017:13:23:28 -0300] "GET /cormun/static/Shared/ext/resources/themes/images/default/tools/tool-sprites.gif HTTP/1.1" 304 -
186.103.157.246 - - [10/Mar/2017:13:23:28 -0300] "GET /cormun/static/Shared/ext/resources/themes/images/default/tip/tip-corners.gif HTTP/1.1" 304 -
186.103.157.246 - - [10/Mar/2017:13:23:28 -0300] "GET /cormun/static/Shared/ext/resources/themes/images/default/tip/tip-sides.gif HTTP/1.1" 304 -
186.79.28.72 - - [10/Mar/2017:13:23:29 -0300] "GET /cormun/servlet/trsolicitudot? HTTP/1.1" 200 7986
186.79.28.72 - - [10/Mar/2017:13:23:30 -0300] "GET /cormun/servlet/trsolicitudot? HTTP/1.1" 200 7984
186.79.28.72 - - [10/Mar/2017:13:23:34 -0300] "POST /cormun/servlet/trsolicitudot?fcc8e96110d469719b7f3f3e1bb49f84,,gx-no-cache=1489163086263 HTTP/1.1" 200 107
186.79.28.72 - - [10/Mar/2017:13:23:34 -0300] "GET /cormun/servlet/trsolicitudadjuntos?2017,5430, HTTP/1.1" 200 8830
186.79.28.72 - - [10/Mar/2017:13:23:36 -0300] "GET /cormun/servlet/trsolicitudadjuntos?2017,5430, HTTP/1.1" 200 8832
186.103.157.246 - - [10/Mar/2017:13:23:36 -0300] "GET /cormun/servlet/solicitudot?INS,0,0, HTTP/1.1" 200 12513
186.103.157.246 - - [10/Mar/2017:13:23:36 -0300] "GET /cormun/static/gxcfg.js?20171191042720 HTTP/1.1" 200 953
186.103.157.246 - - [10/Mar/2017:13:23:36 -0300] "GET /cormun/static/Resources/prompt.gif HTTP/1.1" 304 -
186.103.157.246 - - [10/Mar/2017:13:23:36 -0300] "GET /cormun/static/solicitudot.js?2017119104297 HTTP/1.1" 200 63948
186.79.28.72 - - [10/Mar/2017:13:23:55 -0300] "GET /cormun/servlet/solicitudotadjuntos?DLT,2017,5430,CARNET,0, HTTP/1.1" 200 5736
186.79.28.72 - - [10/Mar/2017:13:23:55 -0300] "GET /cormun/static/Shared/jqueryui/images/ui-bg_highlight-soft_100_c6c2c8_1x100.png HTTP/1.1" 404 1117
186.79.28.72 - - [10/Mar/2017:13:23:55 -0300] "GET /cormun/static/Shared/jqueryui/images/ui-icons_82798d_256x240.png HTTP/1.1" 404 1089
186.79.28.72 - - [10/Mar/2017:13:23:55 -0300] "GET /cormun/static/Shared/jqueryui/images/ui-bg_flat_55_fafafa_40x100.png HTTP/1.1" 404 1097
186.79.28.72 - - [10/Mar/2017:13:23:55 -0300] "GET /cormun/static/Shared/jqueryui/images/ui-icons_8d78a5_256x240.png HTTP/1.1" 404 1089
186.79.28.72 - - [10/Mar/2017:13:23:56 -0300] "GET /cormun/servlet/solicitudotadjuntos?DLT,2017,5430,CARNET,0, HTTP/1.1" 200 5731
186.79.28.72 - - [10/Mar/2017:13:23:56 -0300] "GET /cormun/PublicTempStorage/afp394866.jpg HTTP/1.1" 200 470042
186.79.28.72 - - [10/Mar/2017:13:23:59 -0300] "POST /cormun/servlet/solicitudotadjuntos?fcc8e96110d469719b7f3f3e1bb49f84,DLT,2017,5430,CARNET,0,,gx-no-cache=1489163111969 HTTP/1.1" 200 93
186.79.28.72 - - [10/Mar/2017:13:24:00 -0300] "GET /cormun/servlet/hpexe_return? HTTP/1.1" 200 1028
186.79.28.72 - - [10/Mar/2017:13:24:00 -0300] "GET /cormun/servlet/trsolicitudadjuntos?2017,5430, HTTP/1.1" 200 8605
186.79.28.72 - - [10/Mar/2017:13:24:01 -0300] "GET /cormun/servlet/trsolicitudadjuntos?2017,5430, HTTP/1.1" 200 8603
186.79.28.72 - - [10/Mar/2017:13:24:07 -0300] "GET /cormun/servlet/solicitudotadjuntos?INS,2017,5430,,1, HTTP/1.1" 200 5785
186.79.28.72 - - [10/Mar/2017:13:24:07 -0300] "GET /cormun/static/about:blank HTTP/1.1" 404 1011
186.79.28.72 - - [10/Mar/2017:13:24:07 -0300] "GET /cormun/servlet/solicitudotadjuntos?INS,2017,5430,,1, HTTP/1.1" 200 5779
186.79.28.72 - - [10/Mar/2017:13:24:08 -0300] "GET /cormun/servlet/solicitudotadjuntos?f06f8f23653ef680db10f4d64bb08ff2276d4be4930ae1128788f77b679777c516edab5fe7eefd5880c4906f902b4c05,gx-no-cache=1489163120462 HTTP/1.1" 200 30
186.79.28.72 - - [10/Mar/2017:13:24:08 -0300] "POST /cormun/servlet/solicitudotadjuntos?fcc8e96110d469719b7f3f3e1bb49f84,INS,2017,5430,,1,,gx-no-cache=1489163120552 HTTP/1.1" 200 3670
186.103.157.246 - - [10/Mar/2017:13:24:16 -0300] "POST /cormun/servlet/solicitudot?gx-no-cache=1489163125476 HTTP/1.1" 200 3081
186.103.157.246 - - [10/Mar/2017:13:24:16 -0300] "POST /cormun/servlet/solicitudot?a9d561cb95e8fa92d41761a3006a6a02,INS,0,0,,gx-no-cache=1489163126083 HTTP/1.1" 200 9664
186.103.157.246 - - [10/Mar/2017:13:24:22 -0300] "GET /cormun/servlet/solicitudot?e139ffaed5d569b1c8f2aa8e7ff478e586b0c0763a1330aba286d949f49bc8dd533e6a5a89d8a763e3cec1d16fe2bc86,gx-no-cache=1489163131378 HTTP/1.1" 200 30
186.79.28.72 - - [10/Mar/2017:13:26:10 -0300] "POST /cormun/servlet/solicitudotadjuntos?gx-no-cache=1489163242234 HTTP/1.1" 200 26
186.79.28.72 - - [10/Mar/2017:13:26:15 -0300] "GET /cormun/servlet/solicitudotadjuntos?f06f8f23653ef680db10f4d64bb08ff201bcee18ea794e76220326b09a1af3b9,gx-no-cache=1489163247546 HTTP/1.1" 200 30
186.79.28.72 - - [10/Mar/2017:13:26:15 -0300] "GET /cormun/servlet/solicitudotadjuntos?f06f8f23653ef680db10f4d64bb08ff201bcee18ea794e76220326b09a1af3b9,gx-no-cache=1489163247638 HTTP/1.1" 200 30
186.79.28.72 - - [10/Mar/2017:13:26:27 -0300] "POST /cormun/servlet/solicitudotadjuntos?fcc8e96110d469719b7f3f3e1bb49f84,INS,2017,5430,,1, HTTP/1.1" 200 116
186.79.28.72 - - [10/Mar/2017:13:26:27 -0300] "GET /cormun/servlet/hpexe_return? HTTP/1.1" 200 1023
186.79.28.72 - - [10/Mar/2017:13:26:28 -0300] "GET /cormun/servlet/trsolicitudadjuntos?2017,5430, HTTP/1.1" 200 8842
186.79.28.72 - - [10/Mar/2017:13:26:29 -0300] "GET /cormun/servlet/trsolicitudadjuntos?2017,5430, HTTP/1.1" 200 8840
188.32.76.129 - - [10/Mar/2017:13:27:47 -0300] "GET /cormun/servlet/trsolicitudot?gx-no-cache=1488819267975 HTTP/1.1" 200 7351
188.32.76.129 - - [10/Mar/2017:13:27:48 -0300] "GET /cormun/static/calendar-system.css?85620 HTTP/1.1" 200 5572
188.32.76.129 - - [10/Mar/2017:13:27:48 -0300] "GET /cormun/static/gxui/gxui-all.css?120300 HTTP/1.1" 200 2179
188.32.76.129 - - [10/Mar/2017:13:27:49 -0300] "GET /cormun/static/Resources/Spanish/PXTools.css?18365030 HTTP/1.1" 200 89042
188.32.76.129 - - [10/Mar/2017:13:27:49 -0300] "GET /cormun/static/SmoothNavMenu/resources/ddsmoothmenu.css?1112540 HTTP/1.1" 200 2223
188.32.76.129 - - [10/Mar/2017:13:27:49 -0300] "GET /cormun/static/Shared/jqueryui/jquery-ui.min.css?1345370 HTTP/1.1" 200 30288
188.32.76.129 - - [10/Mar/2017:13:27:49 -0300] "GET /cormun/static/SmoothNavMenu/resources/ddsmoothmenu-v.css?1112540 HTTP/1.1" 200 1188
188.32.76.129 - - [10/Mar/2017:13:27:50 -0300] "GET /cormun/static/scaMessage/css/jquery.pnotify.default.css?1816380 HTTP/1.1" 200 1707
188.32.76.129 - - [10/Mar/2017:13:27:50 -0300] "GET /cormun/static/Shared/ext/resources/css/ext-all.css?215870 HTTP/1.1" 200 416045
188.32.76.129 - - [10/Mar/2017:13:27:50 -0300] "GET /cormun/static/gxtimezone.js?85251 HTTP/1.1" 200 5781
188.32.76.129 - - [10/Mar/2017:13:27:51 -0300] "GET /cormun/static/gxcfg.js?20171191044697 HTTP/1.1" 200 953
188.32.76.129 - - [10/Mar/2017:13:27:51 -0300] "GET /cormun/static/calendar-setup.js?85251 HTTP/1.1" 200 2588
188.32.76.129 - - [10/Mar/2017:13:27:51 -0300] "GET /cormun/static/calendar.js?85251 HTTP/1.1" 200 26246
188.32.76.129 - - [10/Mar/2017:13:27:52 -0300] "GET /cormun/static/calendar-es.js?85251 HTTP/1.1" 200 1901
188.32.76.129 - - [10/Mar/2017:13:27:52 -0300] "GET /cormun/static/RunJS/RunJS.js HTTP/1.1" 200 288
188.32.76.129 - - [10/Mar/2017:13:27:53 -0300] "GET /cormun/static/gxgral.js?85251 HTTP/1.1" 200 384558
188.32.76.129 - - [10/Mar/2017:13:27:53 -0300] "GET /cormun/static/gxui/gxui-all.js HTTP/1.1" 200 107772
188.32.76.129 - - [10/Mar/2017:13:27:53 -0300] "GET /cormun/static/PXToolsJavascripts/pexe_autoreload.js HTTP/1.1" 200 1762
188.32.76.129 - - [10/Mar/2017:13:27:53 -0300] "GET /cormun/static/PXToolsJavascripts/pexe_cookies.js HTTP/1.1" 200 792
188.32.76.129 - - [10/Mar/2017:13:27:54 -0300] "GET /cormun/static/PXToolsJavascripts/pexe_grid.js HTTP/1.1" 200 7559
188.32.76.129 - - [10/Mar/2017:13:27:54 -0300] "GET /cormun/static/PXToolsJavascripts/pexe_windows.js HTTP/1.1" 200 15207
188.32.76.129 - - [10/Mar/2017:13:27:54 -0300] "GET /cormun/static/PXToolsJavascripts/pexe_griddivfix.js HTTP/1.1" 200 6644
188.32.76.129 - - [10/Mar/2017:13:27:54 -0300] "GET /cormun/static/PXToolsJavascripts/pexe_link.js HTTP/1.1" 200 5671
188.32.76.129 - - [10/Mar/2017:13:27:54 -0300] "GET /cormun/static/PXToolsJavascripts/pexe_menudivfix.js HTTP/1.1" 200 333
188.32.76.129 - - [10/Mar/2017:13:27:55 -0300] "GET /cormun/static/PXToolsJavascripts/pexe_menus.js HTTP/1.1" 200 1286
188.32.76.129 - - [10/Mar/2017:13:27:55 -0300] "GET /cormun/static/PXToolsJavascripts/pexe_layers.js HTTP/1.1" 200 4114
188.32.76.129 - - [10/Mar/2017:13:27:55 -0300] "GET /cormun/static/PXToolsJavascripts/pexe_oav.js HTTP/1.1" 200 645
188.32.76.129 - - [10/Mar/2017:13:27:55 -0300] "GET /cormun/static/PXToolsJavascripts/pexe_oavdivfix.js HTTP/1.1" 200 639
188.32.76.129 - - [10/Mar/2017:13:27:56 -0300] "GET /cormun/static/PXToolsJavascripts/pexe_picture.js HTTP/1.1" 200 689
188.32.76.129 - - [10/Mar/2017:13:27:56 -0300] "GET /cormun/static/PXToolsJavascripts/pexe_popup.js HTTP/1.1" 200 13458
188.32.76.129 - - [10/Mar/2017:13:27:56 -0300] "GET /cormun/static/PXToolsJavascripts/pexe_scrolldiv.js HTTP/1.1" 200 4138
188.32.76.129 - - [10/Mar/2017:13:27:57 -0300] "GET /cormun/static/PXToolsJavascripts/pexe_tabdivfix.js HTTP/1.1" 200 876
188.32.76.129 - - [10/Mar/2017:13:27:57 -0300] "GET /cormun/static/PXToolsJavascripts/pexe_tabs.js HTTP/1.1" 200 3748
188.32.76.129 - - [10/Mar/2017:13:27:57 -0300] "GET /cormun/static/PXToolsJavascripts/PXToolsJavascriptsRender.js HTTP/1.1" 200 367
188.32.76.129 - - [10/Mar/2017:13:27:57 -0300] "GET /cormun/static/Shared/ext/ext-all.js HTTP/1.1" 200 1289687
188.32.76.129 - - [10/Mar/2017:13:27:58 -0300] "GET /cormun/static/PXToolsJavascripts/pexe_upload.js HTTP/1.1" 200 1423
188.32.76.129 - - [10/Mar/2017:13:27:59 -0300] "GET /cormun/static/Shared/ext/locale/ext-lang-en.js HTTP/1.1" 200 10940
188.32.76.129 - - [10/Mar/2017:13:28:00 -0300] "GET /cormun/static/gxdec.js?85251 HTTP/1.1" 200 19579
188.32.76.129 - - [10/Mar/2017:13:28:00 -0300] "GET /cormun/static/messages.spa.js?85251 HTTP/1.1" 200 30736
188.32.76.129 - - [10/Mar/2017:13:28:00 -0300] "GET /cormun/static/hwchdr01.js?201612218432057 HTTP/1.1" 200 1183
188.32.76.129 - - [10/Mar/2017:13:28:00 -0300] "GET /cormun/static/trsolicitudot.js?20171191045625 HTTP/1.1" 200 53117
188.32.76.129 - - [10/Mar/2017:13:28:00 -0300] "GET /cormun/static/hpexe_recentlink.js?201610171694390 HTTP/1.1" 200 2144
188.32.76.129 - - [10/Mar/2017:13:28:00 -0300] "GET /cormun/static/hpexe_scripts.js?201612218432016 HTTP/1.1" 200 1544
188.32.76.129 - - [10/Mar/2017:13:28:01 -0300] "GET /cormun/static/hpexe_messagecontroller.js?201610171694323 HTTP/1.1" 200 870
188.32.76.129 - - [10/Mar/2017:13:28:01 -0300] "GET /cormun/static/hpexe_messagepopupcomponent.js?20161017169425 HTTP/1.1" 200 605
188.32.76.129 - - [10/Mar/2017:13:28:01 -0300] "GET /cormun/static/hpexe_messagegenexuscomponent.js?201612218431816 HTTP/1.1" 200 587
188.32.76.129 - - [10/Mar/2017:13:28:01 -0300] "GET /cormun/static/cmcontrolpreferences.js?201612218431999 HTTP/1.1" 200 1375
188.32.76.129 - - [10/Mar/2017:13:28:02 -0300] "GET /cormun/static/SmoothNavMenu/resources/ddsmoothmenu.js HTTP/1.1" 200 12712
188.32.76.129 - - [10/Mar/2017:13:28:02 -0300] "GET /cormun/static/Shared/jquery/jquery-1.4.2.min.js HTTP/1.1" 200 72174
188.32.76.129 - - [10/Mar/2017:13:28:03 -0300] "GET /cormun/static/SmoothNavMenu/resources/SmoothNavMenuRender.js HTTP/1.1" 200 5951
188.32.76.129 - - [10/Mar/2017:13:28:03 -0300] "GET /cormun/static/Shared/jquery/jquery-1.10.2.min.js HTTP/1.1" 200 273199
188.32.76.129 - - [10/Mar/2017:13:28:03 -0300] "GET /cormun/static/scaMessage/js/jquery.pnotify.min.js HTTP/1.1" 200 13038
188.32.76.129 - - [10/Mar/2017:13:28:03 -0300] "GET /cormun/static/Shared/jqueryui/jquery-ui.min.js HTTP/1.1" 200 240427
188.32.76.129 - - [10/Mar/2017:13:28:03 -0300] "GET /cormun/static/hmpwkw03.js?20161221852152 HTTP/1.1" 200 3965
188.32.76.129 - - [10/Mar/2017:13:28:04 -0300] "GET /cormun/static/scaMessage/scaMessageRender.js HTTP/1.1" 200 11977
186.103.157.246 - - [10/Mar/2017:13:28:09 -0300] "POST /cormun/servlet/solicitudot?gx-no-cache=1489163358893 HTTP/1.1" 200 256
186.103.157.246 - - [10/Mar/2017:13:28:17 -0300] "GET /cormun/servlet/solicitudot?e139ffaed5d569b1c8f2aa8e7ff478e5800237984b4cd9a6f56eb67aa77382a8b4fa1e428f502fcfa1f32fb8bd4b1d8e6419698c6e1631a1287b99e78124415a200499ba371fe6411b9ac29c5ac9ce229ab93a2eb1be124e9bcf77aa50a445a5d918952f0c42c428b46e44dc2b1831321615f4af486406b712d9de4907d678a6ccfc28871eab91ea0028ac9860f1c920274c887eb6df02bd465fe20eb56ba8e02ce4ebe63153706a5eba782d1e9373922120e729d63b9d851fa21a483fcfe889fd0a659030006a05b10c6d02a4ef3a12ee22b552102253a1c441e65767f12d0be5b32f3550e25915f72dfea6de84e885533d9ca06e2dca9d3dc53ae0ec047dd3e0c7a28012ef0b8ecc7e430146588ab041f6c6e35b9512787565e133c628ee313a5dfd1d8c605227e2a3089c7833cf30510517282a72ed6f761841ecebe7b206ed80f1ebc7e7195edc20c599994c0f47d36b4c09d51771c1c0f9234a63165828a4710e506eff2d04571dedc7cd35f90a0e7603be2919471555737269e933a933,gx-no-cache=1489163366539 HTTP/1.1" 200 30
186.103.157.246 - - [10/Mar/2017:13:28:38 -0300] "POST /cormun/servlet/solicitudot?gx-no-cache=1489163388327 HTTP/1.1" 200 30
186.103.157.246 - - [10/Mar/2017:13:28:43 -0300] "POST /cormun/servlet/solicitudot?gx-no-cache=1489163393080 HTTP/1.1" 200 235
186.103.157.246 - - [10/Mar/2017:13:28:43 -0300] "POST /cormun/servlet/solicitudot?gx-no-cache=1489163393223 HTTP/1.1" 200 38
188.32.76.129 - - [10/Mar/2017:13:29:17 -0300] "GET /cormun/servlet/trsolicitudot?gx-no-cache=1488819267975 HTTP/1.1" 200 7351
188.32.76.129 - - [10/Mar/2017:13:29:17 -0300] "GET /cormun/servlet/hlogin HTTP/1.1" 200 1747
46.242.92.1 - - [10/Mar/2017:13:30:03 -0300] "GET /cormun/servlet/solicitudot?UPD,2017,5214, HTTP/1.1" 200 13578
46.242.92.1 - - [10/Mar/2017:13:30:03 -0300] "GET /cormun/static/calendar-system.css?85620 HTTP/1.1" 200 5572
46.242.92.1 - - [10/Mar/2017:13:30:04 -0300] "GET /cormun/static/Resources/Spanish/PXTools.css?18365030 HTTP/1.1" 200 89042
46.242.92.1 - - [10/Mar/2017:13:30:04 -0300] "GET /cormun/static/Shared/jqueryui/jquery-ui.min.css?1345370 HTTP/1.1" 200 30288
46.242.92.1 - - [10/Mar/2017:13:30:05 -0300] "GET /cormun/static/SmoothNavMenu/resources/ddsmoothmenu.css?1112540 HTTP/1.1" 200 2223
46.242.92.1 - - [10/Mar/2017:13:30:05 -0300] "GET /cormun/static/SmoothNavMenu/resources/ddsmoothmenu-v.css?1112540 HTTP/1.1" 200 1188
46.242.92.1 - - [10/Mar/2017:13:30:06 -0300] "GET /cormun/static/scaMessage/css/jquery.pnotify.default.css?1816380 HTTP/1.1" 200 1707
46.242.92.1 - - [10/Mar/2017:13:30:06 -0300] "GET /cormun/static/gxtimezone.js?85251 HTTP/1.1" 200 5781
46.242.92.1 - - [10/Mar/2017:13:30:07 -0300] "GET /cormun/static/gxcfg.js?20171191042720 HTTP/1.1" 200 953
46.242.92.1 - - [10/Mar/2017:13:30:08 -0300] "GET /cormun/static/calendar.js?85251 HTTP/1.1" 200 26246
46.242.92.1 - - [10/Mar/2017:13:30:08 -0300] "GET /cormun/static/gxgral.js?85251 HTTP/1.1" 200 384558
46.242.92.1 - - [10/Mar/2017:13:30:08 -0300] "GET /cormun/static/calendar-setup.js?85251 HTTP/1.1" 200 2588
46.242.92.1 - - [10/Mar/2017:13:30:09 -0300] "GET /cormun/static/calendar-es.js?85251 HTTP/1.1" 200 1901
46.242.92.1 - - [10/Mar/2017:13:30:09 -0300] "GET /cormun/static/RunJS/RunJS.js HTTP/1.1" 200 288
46.242.92.1 - - [10/Mar/2017:13:30:10 -0300] "GET /cormun/static/PXToolsJavascripts/pexe_autoreload.js HTTP/1.1" 200 1762
46.242.92.1 - - [10/Mar/2017:13:30:10 -0300] "GET /cormun/static/PXToolsJavascripts/pexe_cookies.js HTTP/1.1" 200 792
46.242.92.1 - - [10/Mar/2017:13:30:10 -0300] "GET /cormun/static/PXToolsJavascripts/pexe_grid.js HTTP/1.1" 200 7559
46.242.92.1 - - [10/Mar/2017:13:30:11 -0300] "GET /cormun/static/PXToolsJavascripts/pexe_windows.js HTTP/1.1" 200 15207
46.242.92.1 - - [10/Mar/2017:13:30:11 -0300] "GET /cormun/static/PXToolsJavascripts/pexe_griddivfix.js HTTP/1.1" 200 6644
46.242.92.1 - - [10/Mar/2017:13:30:12 -0300] "GET /cormun/static/PXToolsJavascripts/pexe_menudivfix.js HTTP/1.1" 200 333
46.242.92.1 - - [10/Mar/2017:13:30:12 -0300] "GET /cormun/static/PXToolsJavascripts/pexe_menus.js HTTP/1.1" 200 1286
46.242.92.1 - - [10/Mar/2017:13:30:12 -0300] "GET /cormun/static/PXToolsJavascripts/pexe_layers.js HTTP/1.1" 200 4114
46.242.92.1 - - [10/Mar/2017:13:30:12 -0300] "GET /cormun/static/PXToolsJavascripts/pexe_oav.js HTTP/1.1" 200 645
46.242.92.1 - - [10/Mar/2017:13:30:13 -0300] "GET /cormun/static/PXToolsJavascripts/pexe_oavdivfix.js HTTP/1.1" 200 639
46.242.92.1 - - [10/Mar/2017:13:30:13 -0300] "GET /cormun/static/PXToolsJavascripts/pexe_link.js HTTP/1.1" 200 5671
46.242.92.1 - - [10/Mar/2017:13:30:14 -0300] "GET /cormun/static/PXToolsJavascripts/pexe_picture.js HTTP/1.1" 200 689
46.242.92.1 - - [10/Mar/2017:13:30:14 -0300] "GET /cormun/static/PXToolsJavascripts/pexe_popup.js HTTP/1.1" 200 13458
46.242.92.1 - - [10/Mar/2017:13:30:14 -0300] "GET /cormun/static/PXToolsJavascripts/pexe_scrolldiv.js HTTP/1.1" 200 4138
46.242.92.1 - - [10/Mar/2017:13:30:15 -0300] "GET /cormun/static/PXToolsJavascripts/pexe_tabdivfix.js HTTP/1.1" 200 876
46.242.92.1 - - [10/Mar/2017:13:30:15 -0300] "GET /cormun/static/PXToolsJavascripts/pexe_tabs.js HTTP/1.1" 200 3748
46.242.92.1 - - [10/Mar/2017:13:30:15 -0300] "GET /cormun/static/PXToolsJavascripts/pexe_upload.js HTTP/1.1" 200 1423
46.242.92.1 - - [10/Mar/2017:13:30:16 -0300] "GET /cormun/static/PXToolsJavascripts/PXToolsJavascriptsRender.js HTTP/1.1" 200 367
46.242.92.1 - - [10/Mar/2017:13:30:17 -0300] "GET /cormun/static/Shared/ext/locale/ext-lang-en.js HTTP/1.1" 200 10940
46.242.92.1 - - [10/Mar/2017:13:30:18 -0300] "GET /cormun/static/messages.spa.js?85251 HTTP/1.1" 200 30736
46.242.92.1 - - [10/Mar/2017:13:30:19 -0300] "GET /cormun/static/gxdec.js?85251 HTTP/1.1" 200 19579
46.242.92.1 - - [10/Mar/2017:13:30:20 -0300] "GET /cormun/static/solicitudot.js?2017119104297 HTTP/1.1" 200 63948
46.242.92.1 - - [10/Mar/2017:13:30:21 -0300] "GET /cormun/static/hwchdr01.js?201612218432057 HTTP/1.1" 200 1183
46.242.92.1 - - [10/Mar/2017:13:30:22 -0300] "GET /cormun/static/hpexe_recentlink.js?201610171694390 HTTP/1.1" 200 2144
46.242.92.1 - - [10/Mar/2017:13:30:22 -0300] "GET /cormun/static/hpexe_scripts.js?201612218432016 HTTP/1.1" 200 1544
46.242.92.1 - - [10/Mar/2017:13:30:23 -0300] "GET /cormun/static/hpexe_messagecontroller.js?201610171694323 HTTP/1.1" 200 870
46.242.92.1 - - [10/Mar/2017:13:30:24 -0300] "GET /cormun/static/hpexe_messagepopupcomponent.js?20161017169425 HTTP/1.1" 200 605
46.242.92.1 - - [10/Mar/2017:13:30:24 -0300] "GET /cormun/static/hpexe_messagegenexuscomponent.js?201612218431816 HTTP/1.1" 200 587
46.242.92.1 - - [10/Mar/2017:13:30:25 -0300] "GET /cormun/static/cmcontrolpreferences.js?201612218431999 HTTP/1.1" 200 1375
46.242.92.1 - - [10/Mar/2017:13:30:26 -0300] "GET /cormun/static/Shared/jquery/jquery-1.4.2.min.js HTTP/1.1" 200 72174
46.242.92.1 - - [10/Mar/2017:13:30:30 -0300] "GET /cormun/static/Shared/jquery/jquery-1.10.2.min.js HTTP/1.1" 200 273199
46.242.92.1 - - [10/Mar/2017:13:30:31 -0300] "GET /cormun/static/Shared/ext/ext-all.js HTTP/1.1" 200 1289687
192.168.10.62 - - [10/Mar/2017:13:30:32 -0300] "GET /cormun/static/Shared/jqueryui/images/ui-bg_highlight-soft_100_eae6ea_1x100.png HTTP/1.1" 404 1117
46.242.92.1 - - [10/Mar/2017:13:30:32 -0300] "GET /cormun/static/SmoothNavMenu/resources/ddsmoothmenu.js HTTP/1.1" 200 12712
46.242.92.1 - - [10/Mar/2017:13:30:33 -0300] "GET /cormun/static/Shared/jqueryui/jquery-ui.min.js HTTP/1.1" 200 240427
186.103.157.246 - - [10/Mar/2017:13:30:33 -0300] "POST /cormun/servlet/solicitudot?gx-no-cache=1489163502549 HTTP/1.1" 200 30
192.168.10.62 - - [10/Mar/2017:13:30:33 -0300] "GET /cormun/servlet/hlogin HTTP/1.1" 200 1760
46.242.92.1 - - [10/Mar/2017:13:30:34 -0300] "GET /cormun/static/SmoothNavMenu/resources/SmoothNavMenuRender.js HTTP/1.1" 200 5951
46.242.92.1 - - [10/Mar/2017:13:30:34 -0300] "GET /cormun/static/gxui/gxui-all.js HTTP/1.1" 200 107772
46.242.92.1 - - [10/Mar/2017:13:30:34 -0300] "GET /cormun/static/scaMessage/js/jquery.pnotify.min.js HTTP/1.1" 200 13038
46.242.92.1 - - [10/Mar/2017:13:30:35 -0300] "GET /cormun/static/scaMessage/scaMessageRender.js HTTP/1.1" 200 11977
46.242.92.1 - - [10/Mar/2017:13:30:35 -0300] "GET /cormun/static/hmpwkw03.js?20161221852152 HTTP/1.1" 200 3965
46.242.92.1 - - [10/Mar/2017:13:30:40 -0300] "GET /cormun/servlet/hlogin HTTP/1.1" 200 1736
46.242.92.1 - - [10/Mar/2017:13:30:40 -0300] "GET /cormun/servlet/solicitudot?UPD,2017,5214, HTTP/1.1" 200 13578
46.242.92.1 - - [10/Mar/2017:13:30:41 -0300] "POST /cormun/servlet/solicitudot?gx-no-cache=1489149109462 HTTP/1.1" 200 11867
46.242.92.1 - - [10/Mar/2017:13:30:43 -0300] "POST /cormun/servlet/solicitudot?746db352fc17ac74c18fefd305a0963b,UPD,2017,5214,,gx-no-cache=1489149110744 HTTP/1.1" 200 13619
46.242.92.1 - - [10/Mar/2017:13:30:44 -0300] "GET /cormun/servlet/solicitudot?c2a8a864d5b399e5d0044a90519b390350200f4e03f366a5564b0a7c6a5f2886d2a978cca20707d13ff8a57a53ada8d8,gx-no-cache=1489149112400 HTTP/1.1" 200 12057
46.242.92.1 - - [10/Mar/2017:13:30:44 -0300] "GET /cormun/servlet/hlogin HTTP/1.1" 200 1819
46.242.92.1 - - [10/Mar/2017:13:30:45 -0300] "POST /cormun/servlet/solicitudot?gx-no-cache=1489149113291 HTTP/1.1" 200 12006
46.242.92.1 - - [10/Mar/2017:13:30:46 -0300] "GET /cormun/servlet/solicitudot?c2a8a864d5b399e5d0044a90519b3903c48b300ef370664236c1f32725c08ddfa8addd4dbc2ed24c33aaa0a8aaf2bdb5d7e17af2db4a0c8a5408c263dde1b34fc0396e47a63416557a92f95c2007187bc3f376bd8b0353e14102a584fb169879fa8a464c36993adbe7dad83c29cb065b48ef01e1ee18169dc2a361505f350a747e727e086768b2add7113947109713d015a7687875710147f13870303a150bfe310fe56afcf2802bb76ede9eb786a518d43a76be0a8deae5c4785c905f5d57653e635aa769286bb8c266a7dc9689d10ee9bae29449b46905f1ce57df115765d68db6f1a5f151e34f8181bcd64add419e562b26ff2be9d3fcfcb17f7637823f85660220c62513dcb92bf38c5619acd9470af721eff3df7a5c7a320230f8158bfa22f7cace8d8aa1007aee87b0dbe5058e6d1ccc08edcd1cd6ab29a35ae12cf23891795acdf71ea6e71369092a5a15b0ff2fa9f88b815ef014cccb8509ef65465a537d637d11c0bb481e770f49242654edfe2999b7c09e7f07461e4f650742ddfa,gx-no-cache=1489149114181 HTTP/1.1" 200 13065
46.242.92.1 - - [10/Mar/2017:13:30:47 -0300] "POST /cormun/servlet/solicitudot?gx-no-cache=1489149115291 HTTP/1.1" 200 12012
46.242.92.1 - - [10/Mar/2017:13:30:48 -0300] "POST /cormun/servlet/solicitudot?gx-no-cache=1489149116478 HTTP/1.1" 200 11843
46.242.92.1 - - [10/Mar/2017:13:30:49 -0300] "POST /cormun/servlet/solicitudot?gx-no-cache=1489149117712 HTTP/1.1" 200 11843
46.242.92.1 - - [10/Mar/2017:13:30:50 -0300] "GET /cormun/static/gxtimezone.js?85251 HTTP/1.1" 200 5781
46.242.92.1 - - [10/Mar/2017:13:30:51 -0300] "GET /cormun/static/Resources/Spanish/PXTools.css?167811 HTTP/1.1" 200 89042
46.242.92.1 - - [10/Mar/2017:13:30:52 -0300] "GET /cormun/static/gxcfg.js?201612216162538 HTTP/1.1" 200 953
46.242.92.1 - - [10/Mar/2017:13:30:53 -0300] "GET /cormun/static/messages.spa.js?85251 HTTP/1.1" 200 30736
46.242.92.1 - - [10/Mar/2017:13:30:54 -0300] "GET /cormun/static/gxgral.js?85251 HTTP/1.1" 200 384558
46.242.92.1 - - [10/Mar/2017:13:30:54 -0300] "GET /cormun/static/hlogin.js?201612216162555 HTTP/1.1" 200 2136
186.103.157.246 - - [10/Mar/2017:13:31:02 -0300] "POST /cormun/servlet/solicitudot?gx-no-cache=1489163531957 HTTP/1.1" 200 30
186.103.157.246 - - [10/Mar/2017:13:31:07 -0300] "POST /cormun/servlet/solicitudot?gx-no-cache=1489163536548 HTTP/1.1" 200 656
186.103.157.246 - - [10/Mar/2017:13:31:07 -0300] "POST /cormun/servlet/solicitudot?gx-no-cache=1489163536660 HTTP/1.1" 200 38
192.168.10.89 - - [10/Mar/2017:13:31:07 -0300] "POST /cormun/servlet/trsolicitudgral?80d519eb0ed419651b23fab04afe26df,,gx-no-cache=1489166750991 HTTP/1.1" 440 972
192.168.10.89 - - [10/Mar/2017:13:31:11 -0300] "GET /cormun/servlet/trsolicitudgral? HTTP/1.1" 200 23488
192.168.10.89 - - [10/Mar/2017:13:31:11 -0300] "GET /cormun/static/Resources/Spanish/PXTools.css?18365030 HTTP/1.1" 304 -
192.168.10.89 - - [10/Mar/2017:13:31:11 -0300] "GET /cormun/static/hpexe_scripts.js?201612218432016 HTTP/1.1" 304 -
192.168.10.89 - - [10/Mar/2017:13:31:11 -0300] "GET /cormun/static/hwchdr01.js?201612218432057 HTTP/1.1" 304 -
192.168.10.89 - - [10/Mar/2017:13:31:11 -0300] "GET /cormun/static/hpexe_messagecontroller.js?201610171694323 HTTP/1.1" 304 -
192.168.10.89 - - [10/Mar/2017:13:31:11 -0300] "GET /cormun/static/hpexe_recentlink.js?201610171694390 HTTP/1.1" 304 -
192.168.10.89 - - [10/Mar/2017:13:31:11 -0300] "GET /cormun/static/hpexe_messagepopupcomponent.js?20161017169425 HTTP/1.1" 304 -
192.168.10.89 - - [10/Mar/2017:13:31:11 -0300] "GET /cormun/static/cmcontrolpreferences.js?201612218431999 HTTP/1.1" 304 -
192.168.10.89 - - [10/Mar/2017:13:31:11 -0300] "GET /cormun/static/hpexe_messagegenexuscomponent.js?201612218431816 HTTP/1.1" 304 -
192.168.10.89 - - [10/Mar/2017:13:31:11 -0300] "GET /cormun/static/hmpwkw03.js?20161221852152 HTTP/1.1" 304 -
192.168.10.89 - - [10/Mar/2017:13:31:13 -0300] "GET /cormun/servlet/hlogin HTTP/1.1" 200 1741
192.168.10.89 - - [10/Mar/2017:13:31:19 -0300] "POST /cormun/servlet/hlogin?c973d0d47ba6d020130f74d7031e1a64,gx-no-cache=1489166763303 HTTP/1.1" 200 90
192.168.10.89 - - [10/Mar/2017:13:31:19 -0300] "GET /cormun/servlet/hpexe_link HTTP/1.1" 200 964
192.168.10.89 - - [10/Mar/2017:13:31:23 -0300] "GET /cormun/servlet/trsolicitudgral HTTP/1.1" 200 24629
192.168.10.89 - - [10/Mar/2017:13:31:31 -0300] "GET /cormun/static/menuarrow.gif HTTP/1.1" 404 1015
186.103.157.246 - - [10/Mar/2017:13:31:45 -0300] "GET /cormun/servlet/solicitudot?e139ffaed5d569b1c8f2aa8e7ff478e5f06aff4cc18866da481aac8bd7a03f1381dc31b1ff0d3efd3bdaa8358392c5a100da0d54c0fb60629770a8e3b82acc5aa4b98fab7d1828a1a5c356682c663937796e4ddf07090bb91b2c63859ab0a819e329baf35ccb6df02ef50f87ed441438,gx-no-cache=1489163574598 HTTP/1.1" 200 29
186.103.157.246 - - [10/Mar/2017:13:31:45 -0300] "POST /cormun/servlet/solicitudot?gx-no-cache=1489163575056 HTTP/1.1" 200 643
186.103.157.246 - - [10/Mar/2017:13:31:48 -0300] "POST /cormun/servlet/solicitudot?gx-no-cache=1489163577656 HTTP/1.1" 200 1157
192.168.10.62 - - [10/Mar/2017:13:32:15 -0300] "POST /cormun/servlet/hlogin?a4d76aa65df82c68c508487269b0bfe5,gx-no-cache=1489166818354 HTTP/1.1" 200 90
192.168.10.62 - - [10/Mar/2017:13:32:15 -0300] "GET /cormun/servlet/hpexe_link HTTP/1.1" 200 980
192.168.10.62 - - [10/Mar/2017:13:32:15 -0300] "GET /cormun/servlet/trsolicitudgral?gx-no-cache=1489164116011 HTTP/1.1" 200 7805
192.168.10.62 - - [10/Mar/2017:13:32:15 -0300] "GET /cormun/servlet/trsolicitudgral?gx-no-cache=1489164116011 HTTP/1.1" 200 7828
186.103.157.246 - - [10/Mar/2017:13:32:17 -0300] "GET /cormun/static/menuarrow.gif HTTP/1.1" 404 1015
192.168.10.89 - - [10/Mar/2017:13:32:18 -0300] "POST /cormun/servlet/trsolicitudgral?c973d0d47ba6d020130f74d7031e1a64,gx-no-cache=1489166821936 HTTP/1.1" 200 9476
192.168.10.62 - - [10/Mar/2017:13:32:23 -0300] "POST /cormun/servlet/trsolicitudgral?a4d76aa65df82c68c508487269b0bfe5,gx-no-cache=1489164116011,gx-no-cache=1489166827053 HTTP/1.1" 200 6780
192.168.10.89 - - [10/Mar/2017:13:32:28 -0300] "POST /cormun/servlet/trsolicitudgral?c973d0d47ba6d020130f74d7031e1a64,gx-no-cache=1489166832287 HTTP/1.1" 200 115
192.168.10.89 - - [10/Mar/2017:13:32:28 -0300] "GET /cormun/servlet/solicitudotlog?INS,2017,5401,0,REC, HTTP/1.1" 200 6159
192.168.10.89 - - [10/Mar/2017:13:32:31 -0300] "GET /cormun/servlet/solicitudotlog?273e7a215e770525c2aa8b1e00300ab3b89495e8363a8c503a01b875436163aa3b2c301bc86cddba83406c6cd5bae6a71288bfa33255f75d410baae50970cc1f1638c3ae38503118491bdf87629f503066908754ba4f399f04db43ebf2a5e3bcd4296cb7bf263420fb320979c8d7e4a7dc3c4fcebc4179482dfd52e7f909fbea513c0bed1610d939b2707e20d1e6f36a52a3a453184054c98cb5bb572ca200cc,gx-no-cache=1489166834744 HTTP/1.1" 200 94
192.168.10.62 - - [10/Mar/2017:13:32:33 -0300] "POST /cormun/servlet/trsolicitudgral?a4d76aa65df82c68c508487269b0bfe5,gx-no-cache=1489164116011,gx-no-cache=1489166836913 HTTP/1.1" 200 105
192.168.10.62 - - [10/Mar/2017:13:32:33 -0300] "POST /cormun/servlet/trsolicitudgral?a4d76aa65df82c68c508487269b0bfe5,gx-no-cache=1489164116011,gx-no-cache=1489166837027 HTTP/1.1" 200 6763
192.168.10.62 - - [10/Mar/2017:13:32:33 -0300] "GET /cormun/SolicitudGral-6711.xls HTTP/1.1" 200 6144
192.168.10.89 - - [10/Mar/2017:13:32:34 -0300] "POST /cormun/servlet/solicitudotlog?c973d0d47ba6d020130f74d7031e1a64,INS,2017,5401,0,REC,,gx-no-cache=1489166837588 HTTP/1.1" 200 93
192.168.10.89 - - [10/Mar/2017:13:32:34 -0300] "GET /cormun/servlet/hpexe_return? HTTP/1.1" 200 1045
192.168.10.89 - - [10/Mar/2017:13:32:35 -0300] "GET /cormun/servlet/trsolicitudgral?gx-no-cache=1489166821936 HTTP/1.1" 200 12444
192.168.10.89 - - [10/Mar/2017:13:32:43 -0300] "POST /cormun/servlet/trsolicitudgral?c973d0d47ba6d020130f74d7031e1a64,gx-no-cache=1489166821936,gx-no-cache=1489166846870 HTTP/1.1" 200 115
192.168.10.89 - - [10/Mar/2017:13:32:43 -0300] "GET /cormun/servlet/solicitudotlog?INS,2017,5398,0,REC, HTTP/1.1" 200 6181
186.79.28.72 - - [10/Mar/2017:13:32:45 -0300] "GET /cormun/servlet/hlogin HTTP/1.1" 200 1721
192.168.10.89 - - [10/Mar/2017:13:32:45 -0300] "GET /cormun/servlet/solicitudotlog?273e7a215e770525c2aa8b1e00300ab39bb704b248a7d04708ec16b43fdd25e23b2c301bc86cddba83406c6cd5bae6a71288bfa33255f75d410baae50970cc1f1638c3ae38503118491bdf87629f503066908754ba4f399f04db43ebf2a5e3bcd4296cb7bf263420fb320979c8d7e4a7dc3c4fcebc4179482dfd52e7f909fbea513c0bed1610d939b2707e20d1e6f36a52a3a453184054c98cb5bb572ca200cc,gx-no-cache=1489166849274 HTTP/1.1" 200 94
186.79.28.72 - - [10/Mar/2017:13:32:47 -0300] "POST /cormun/servlet/hlogin?0bcd3542ddbb0403d34b0f22ccd571fd,gx-no-cache=1489163639818 HTTP/1.1" 200 90
186.79.28.72 - - [10/Mar/2017:13:32:47 -0300] "GET /cormun/servlet/hpexe_link HTTP/1.1" 200 954
186.79.28.72 - - [10/Mar/2017:13:32:47 -0300] "GET /cormun/servlet/hhome HTTP/1.1" 200 3759
192.168.10.89 - - [10/Mar/2017:13:32:48 -0300] "POST /cormun/servlet/solicitudotlog?c973d0d47ba6d020130f74d7031e1a64,INS,2017,5398,0,REC,,gx-no-cache=1489166851792 HTTP/1.1" 200 93
192.168.10.89 - - [10/Mar/2017:13:32:48 -0300] "GET /cormun/servlet/hpexe_return? HTTP/1.1" 200 1045
186.79.28.72 - - [10/Mar/2017:13:32:48 -0300] "GET /cormun/servlet/hhome HTTP/1.1" 200 3756
192.168.10.89 - - [10/Mar/2017:13:32:49 -0300] "GET /cormun/servlet/trsolicitudgral?gx-no-cache=1489166821936 HTTP/1.1" 200 12155
186.79.28.72 - - [10/Mar/2017:13:32:51 -0300] "GET /cormun/servlet/trsolicitudot? HTTP/1.1" 200 7992
186.79.28.72 - - [10/Mar/2017:13:32:52 -0300] "GET /cormun/servlet/trsolicitudot? HTTP/1.1" 200 7990
186.79.28.72 - - [10/Mar/2017:13:32:59 -0300] "POST /cormun/servlet/trsolicitudot?0bcd3542ddbb0403d34b0f22ccd571fd,,gx-no-cache=1489163651062 HTTP/1.1" 200 107
186.79.28.72 - - [10/Mar/2017:13:32:59 -0300] "GET /cormun/servlet/trsolicitudadjuntos?2017,5430, HTTP/1.1" 200 8843
186.79.28.72 - - [10/Mar/2017:13:33:00 -0300] "GET /cormun/servlet/trsolicitudadjuntos?2017,5430, HTTP/1.1" 200 8844
186.79.28.72 - - [10/Mar/2017:13:33:09 -0300] "GET /cormun/servlet/trsolicitudot? HTTP/1.1" 200 7996
186.79.28.72 - - [10/Mar/2017:13:33:10 -0300] "GET /cormun/servlet/trsolicitudot? HTTP/1.1" 200 7990
186.79.28.72 - - [10/Mar/2017:13:33:15 -0300] "GET /cormun/servlet/solicitudot?INS,0,0, HTTP/1.1" 200 12568
186.79.28.72 - - [10/Mar/2017:13:33:16 -0300] "GET /cormun/servlet/solicitudot?INS,0,0, HTTP/1.1" 200 12573
192.168.10.62 - - [10/Mar/2017:13:33:37 -0300] "POST /cormun/servlet/trsolicitudgral?a4d76aa65df82c68c508487269b0bfe5,gx-no-cache=1489164116011,gx-no-cache=1489166900350 HTTP/1.1" 200 105
192.168.10.62 - - [10/Mar/2017:13:33:37 -0300] "POST /cormun/servlet/trsolicitudgral?a4d76aa65df82c68c508487269b0bfe5,gx-no-cache=1489164116011,gx-no-cache=1489166900461 HTTP/1.1" 200 6763
192.168.10.62 - - [10/Mar/2017:13:33:37 -0300] "GET /cormun/SolicitudGral-2625.xls HTTP/1.1" 200 6144
186.79.28.72 - - [10/Mar/2017:13:33:45 -0300] "POST /cormun/servlet/solicitudot?gx-no-cache=1489163697463 HTTP/1.1" 200 3081
186.79.28.72 - - [10/Mar/2017:13:33:46 -0300] "POST /cormun/servlet/solicitudot?0bcd3542ddbb0403d34b0f22ccd571fd,INS,0,0,,gx-no-cache=1489163697996 HTTP/1.1" 200 9679
186.79.28.72 - - [10/Mar/2017:13:33:51 -0300] "GET /cormun/servlet/solicitudot?7247254bb9b6ddf493c7f5896fe22a13d0a05e8d7571e888f53603f754b7844bc27b6b7ea5f3803f568c3dd798bfd673,gx-no-cache=1489163703254 HTTP/1.1" 200 30
192.168.10.89 - - [10/Mar/2017:13:34:34 -0300] "POST /cormun/servlet/trsolicitudgral?c973d0d47ba6d020130f74d7031e1a64,gx-no-cache=1489166821936,gx-no-cache=1489166957416 HTTP/1.1" 200 8451
192.168.10.89 - - [10/Mar/2017:13:34:34 -0300] "GET /cormun/static/Shared/jqueryui/images/ui-bg_flat_55_fafafa_40x100.png HTTP/1.1" 404 1097
192.168.10.89 - - [10/Mar/2017:13:34:34 -0300] "GET /cormun/static/Shared/jqueryui/images/ui-icons_8d78a5_256x240.png HTTP/1.1" 404 1089
192.168.10.89 - - [10/Mar/2017:13:34:34 -0300] "GET /cormun/static/Shared/jqueryui/images/ui-bg_highlight-soft_100_c6c2c8_1x100.png HTTP/1.1" 404 1117
192.168.10.89 - - [10/Mar/2017:13:34:34 -0300] "GET /cormun/static/Shared/jqueryui/images/ui-icons_82798d_256x240.png HTTP/1.1" 404 1089
186.79.28.72 - - [10/Mar/2017:13:35:26 -0300] "POST /cormun/servlet/solicitudot?gx-no-cache=1489163798242 HTTP/1.1" 200 255
192.168.10.62 - - [10/Mar/2017:13:37:19 -0300] "POST /cormun/servlet/trsolicitudgral?a4d76aa65df82c68c508487269b0bfe5,gx-no-cache=1489164116011,gx-no-cache=1489167122512 HTTP/1.1" 200 6456
192.168.10.62 - - [10/Mar/2017:13:37:19 -0300] "GET /cormun/static/Shared/jqueryui/images/ui-bg_highlight-soft_100_c6c2c8_1x100.png HTTP/1.1" 404 1117
192.168.10.62 - - [10/Mar/2017:13:37:19 -0300] "GET /cormun/static/Shared/jqueryui/images/ui-icons_82798d_256x240.png HTTP/1.1" 404 1089
192.168.10.62 - - [10/Mar/2017:13:37:19 -0300] "GET /cormun/static/Shared/jqueryui/images/ui-bg_flat_55_fafafa_40x100.png HTTP/1.1" 404 1097
192.168.10.62 - - [10/Mar/2017:13:37:19 -0300] "GET /cormun/static/Shared/jqueryui/images/ui-icons_8d78a5_256x240.png HTTP/1.1" 404 1089
192.168.10.62 - - [10/Mar/2017:13:37:23 -0300] "POST /cormun/servlet/trsolicitudgral?a4d76aa65df82c68c508487269b0bfe5,gx-no-cache=1489164116011,gx-no-cache=1489167127011 HTTP/1.1" 200 6418
186.79.28.72 - - [10/Mar/2017:13:37:39 -0300] "GET /cormun/servlet/solicitudot?7247254bb9b6ddf493c7f5896fe22a13e2442a43100f891cb7b39ab54a3d11df8f9c2050f2a1b1c9ae9589c99f2f3df1a7cde5af3aeb78cc7c36638fdff3a1a35adab67c22a090c19ec89203229cfe4640ec31a8db863a4de85a8eb7a60c1688702fb39e905c662dbfce7de89d4af5b0013c03213d8cb12cc30d6a7496eafc9d7c0abc9daafce1b4a565eac099ab04440d9206c614167d44e5dd05d7bdd477856c656598d66b7580a6291c5d5fc18550d3773db3fca1c1b3453c035aaa198c83dd329b67195e198a54f4675a65778f8bbf16ce44819f8d2a17db801820d6c2ccb2865899dc74db3028a8c8f4feb500069d65316ca79e216539bbd105cc8bd971c2552810a8f9936bab87fb0d37d25315825026abb9091e887a008a3c0e14b7434194383dd5c38a54ea566f496f1d5c320a40edd6f20e50b8e3801d420b6910a538609609c4d551d5d98dfbd7e56b3c4f617f9a5e03dc811dbd4993ffac2270be452297dd7a9496bbaf75d3dde05e9011a65cf04b3d6ee35299d30bf4cb56d5b7,gx-no-cache=1489163931498 HTTP/1.1" 200 30
186.79.28.72 - - [10/Mar/2017:13:37:41 -0300] "POST /cormun/servlet/solicitudot?gx-no-cache=1489163933222 HTTP/1.1" 200 30
186.79.28.72 - - [10/Mar/2017:13:37:42 -0300] "POST /cormun/servlet/solicitudot?gx-no-cache=1489163934929 HTTP/1.1" 200 235
186.79.28.72 - - [10/Mar/2017:13:37:42 -0300] "POST /cormun/servlet/solicitudot?gx-no-cache=1489163935080 HTTP/1.1" 200 38
192.168.10.62 - - [10/Mar/2017:13:39:06 -0300] "GET /cormun/servlet/hlogin HTTP/1.1" 200 1760
186.79.28.72 - - [10/Mar/2017:13:39:47 -0300] "GET /cormun/servlet/solicitudot?7247254bb9b6ddf493c7f5896fe22a13e2442a43100f891cb7b39ab54a3d11df8f9c2050f2a1b1c9ae9589c99f2f3df1a7cde5af3aeb78cc7c36638fdff3a1a35adab67c22a090c19ec89203229cfe4640ec31a8db863a4de85a8eb7a60c1688702fb39e905c662dbfce7de89d4af5b0013c03213d8cb12cc30d6a7496eafc9d7c0abc9daafce1b4a565eac099ab04440d9206c614167d44e5dd05d7bdd477856c656598d66b7580a6291c5d5fc18550d3773db3fca1c1b3453c035aaa198c83dd329b67195e198a54f4675a65778f8bbf16ce44819f8d2a17db801820d6c2ccb2865899dc74db3028a8c8f4feb500062ea1527c49b37b0121d8b15acd7cc76ac2552810a8f9936bab87fb0d37d25315825026abb9091e887a008a3c0e14b7434194383dd5c38a54ea566f496f1d5c320a40edd6f20e50b8e3801d420b6910a538609609c4d551d5d98dfbd7e56b3c4f617f9a5e03dc811dbd4993ffac2270be452297dd7a9496bbaf75d3dde05e9011d70a031282c8f959357171a5f774131e,gx-no-cache=1489164060114 HTTP/1.1" 200 30
46.174.191.32 - - [10/Mar/2017:13:39:52 -0300] "GET / HTTP/1.0" 200 11197
186.79.28.72 - - [10/Mar/2017:13:39:55 -0300] "POST /cormun/servlet/solicitudot?gx-no-cache=1489164068138 HTTP/1.1" 200 30
186.79.28.72 - - [10/Mar/2017:13:39:56 -0300] "POST /cormun/servlet/solicitudot?gx-no-cache=1489164068288 HTTP/1.1" 200 655
186.79.28.72 - - [10/Mar/2017:13:39:56 -0300] "POST /cormun/servlet/solicitudot?gx-no-cache=1489164068418 HTTP/1.1" 200 38
192.168.10.89 - - [10/Mar/2017:13:39:56 -0300] "POST /cormun/servlet/trsolicitudgral?c973d0d47ba6d020130f74d7031e1a64,gx-no-cache=1489166821936,gx-no-cache=1489167279733 HTTP/1.1" 200 7802
186.79.28.72 - - [10/Mar/2017:13:40:05 -0300] "GET /cormun/servlet/solicitudot?7247254bb9b6ddf493c7f5896fe22a135ee460287ced897841b13f6b51131044905c6e92c3884b87f4d23ea4739e8bd68bcf80540b1b352e22df8bc39dedae893a4ea47c89524486e011c3930624e6d3f4e3852def29aa6117153458515a888a7d8c7bc1741dd10090edefa3d1a73d7e,gx-no-cache=1489164077754 HTTP/1.1" 200 29
186.79.28.72 - - [10/Mar/2017:13:40:05 -0300] "POST /cormun/servlet/solicitudot?gx-no-cache=1489164077870 HTTP/1.1" 200 641
186.79.28.72 - - [10/Mar/2017:13:40:06 -0300] "POST /cormun/servlet/solicitudot?gx-no-cache=1489164079153 HTTP/1.1" 200 1157
192.168.10.89 - - [10/Mar/2017:13:40:26 -0300] "GET /cormun/servlet/hlogin HTTP/1.1" 200 1760
192.168.10.89 - - [10/Mar/2017:13:40:37 -0300] "POST /cormun/servlet/hlogin?c973d0d47ba6d020130f74d7031e1a64,gx-no-cache=1489167320535 HTTP/1.1" 200 478
192.168.10.89 - - [10/Mar/2017:13:40:40 -0300] "POST /cormun/servlet/hlogin?c973d0d47ba6d020130f74d7031e1a64,gx-no-cache=1489167323572 HTTP/1.1" 200 90
192.168.10.89 - - [10/Mar/2017:13:40:40 -0300] "GET /cormun/servlet/hpexe_link HTTP/1.1" 200 957
192.168.10.89 - - [10/Mar/2017:13:40:42 -0300] "GET /cormun/servlet/hhome HTTP/1.1" 200 3954
192.168.10.89 - - [10/Mar/2017:13:40:46 -0300] "GET /cormun/servlet/trsolicitudot? HTTP/1.1" 200 8611
192.168.10.89 - - [10/Mar/2017:13:40:51 -0300] "GET /cormun/servlet/solicitudot?INS,0,0, HTTP/1.1" 200 12759
192.168.10.89 - - [10/Mar/2017:13:41:03 -0300] "GET /cormun/servlet/prfichaempleado?,MD,,gxPopupLevel%3D0%3B HTTP/1.1" 200 8816
186.79.28.72 - - [10/Mar/2017:13:41:05 -0300] "GET /cormun/servlet/solicitudot?7247254bb9b6ddf493c7f5896fe22a1371343ab5d3da63789f0d7dfc2c8d1704f0dea868ebaccc5d04025688fee6ccec9ad201e95c303d16fcfdefd0c4b53d218486c5c7f0a5dcb96af70d5b9424757ccc563e0d4064efabef7774c556b82506c81572b56f807f6e78f27ef1c93e34ae7ad504c977915558be3cc8847152f93ec0a29e0c86b808c7f34bee0c7d9757d442ba6c69cb1937e4f86b9013e7b4b33f0e388cc5c6e974af8b9891857e701c49,gx-no-cache=1489164137554 HTTP/1.1" 200 30
192.168.10.89 - - [10/Mar/2017:13:41:16 -0300] "POST /cormun/servlet/prfichaempleado?c973d0d47ba6d020130f74d7031e1a64,,MD,,gxPopupLevel%3D0%3B,gx-no-cache=1489167360330 HTTP/1.1" 200 3407
192.168.10.89 - - [10/Mar/2017:13:41:21 -0300] "POST /cormun/servlet/solicitudot?gx-no-cache=1489167365043 HTTP/1.1" 200 3146
192.168.10.89 - - [10/Mar/2017:13:41:21 -0300] "POST /cormun/servlet/solicitudot?c973d0d47ba6d020130f74d7031e1a64,INS,0,0,,gx-no-cache=1489167365282 HTTP/1.1" 200 9938
192.168.10.89 - - [10/Mar/2017:13:41:23 -0300] "GET /cormun/servlet/solicitudot?273e7a215e770525c2aa8b1e00300ab3cbf7738e16125d87ac758292a2e75110aaf0635d91cdeef6101b7633cd14fcb2,gx-no-cache=1489167366937 HTTP/1.1" 200 30
192.168.10.89 - - [10/Mar/2017:13:41:23 -0300] "POST /cormun/servlet/solicitudot?gx-no-cache=1489167366972 HTTP/1.1" 200 255
192.168.10.89 - - [10/Mar/2017:13:41:23 -0300] "GET /cormun/servlet/solicitudot?273e7a215e770525c2aa8b1e00300ab3aa7457e9a83b12feeddc49daf5f9daffe2329c5646dd9455f5a889d0c4d62e093615f0fc0c12586747f72cb56fbb19e1e948b019416e0f0112948f28986ea491facb410dbb114b26b5a22bf4656ffb563f1bc818bac63cf65c72435050677dcc286532f43229a3418789ae68df0422bc2bf6b0bb1c77609195c58255cee8d5a1891786d6c2a1a1858201867d0add7efffdc4e86124250bbfaac22a8dab9ae39aebfa8aac258a4109c523ec2d9e90fb4ee89b80012dcbf96026ad70e77e72b7211d4820f9da26c890fb67b5b7ff26eb2e4ebd6586d435c73b5347751735938cbd5d8ff2eeaf78fa72e5a986d975afb943d5e6aa3e6097fbd43e7d59aa60c930955161f0e239323d30579c001c26933ffa812d8dfc71491dbdf240311ef5220cb92f1dfe5a8691c0ffe3f1d4a35611accd900f549fcdba205fd6a1f213c9ad6293c0fe02da8a7558cb6aa690827fb40b45e56a0714bb39e1c365229b5c7ac3be4be03c0f0080d0cbcf6cd7077f34e8d295,gx-no-cache=1489167367014 HTTP/1.1" 200 30
192.168.10.89 - - [10/Mar/2017:13:41:25 -0300] "POST /cormun/servlet/solicitudot?gx-no-cache=1489167368503 HTTP/1.1" 200 30
192.168.10.89 - - [10/Mar/2017:13:41:27 -0300] "POST /cormun/servlet/solicitudot?gx-no-cache=1489167371221 HTTP/1.1" 200 235
192.168.10.89 - - [10/Mar/2017:13:41:27 -0300] "POST /cormun/servlet/solicitudot?gx-no-cache=1489167371305 HTTP/1.1" 200 38
192.168.10.89 - - [10/Mar/2017:13:41:33 -0300] "GET /cormun/servlet/solicitudot?273e7a215e770525c2aa8b1e00300ab3374b9d45a42496cf477d6c50315dd28c3b2c301bc86cddba83406c6cd5bae6a7e9cdf75f109eb0c583009354fd7e347fd29aa6497ff26b07500c026aee7bee04b054d6073655eb0817151e2f62f7ac0a5564cb9a3458f4d3aed06552c7892a915dfef8608c32219777a862168167cb0adcd6eeb37eb5856c6bc2ce9a0a859aacb81e606d0ae69fe31d3a20720dcfc919,gx-no-cache=1489167376794 HTTP/1.1" 200 29
192.168.10.89 - - [10/Mar/2017:13:41:33 -0300] "POST /cormun/servlet/solicitudot?gx-no-cache=1489167376855 HTTP/1.1" 200 641
192.168.10.89 - - [10/Mar/2017:13:41:36 -0300] "POST /cormun/servlet/solicitudot?gx-no-cache=1489167379641 HTTP/1.1" 200 1157
186.79.28.72 - - [10/Mar/2017:13:41:57 -0300] "POST /cormun/servlet/solicitudot?0bcd3542ddbb0403d34b0f22ccd571fd,INS,0,0,,gx-no-cache=1489164189140 HTTP/1.1" 200 93
186.79.28.72 - - [10/Mar/2017:13:41:57 -0300] "GET /cormun/servlet/hpexe_return? HTTP/1.1" 200 1007
186.79.28.72 - - [10/Mar/2017:13:41:57 -0300] "GET /cormun/servlet/trsolicitudot HTTP/1.1" 200 8323
186.79.28.72 - - [10/Mar/2017:13:41:58 -0300] "GET /cormun/servlet/trsolicitudot HTTP/1.1" 200 8319
192.168.10.89 - - [10/Mar/2017:13:41:58 -0300] "GET /cormun/servlet/solicitudot?273e7a215e770525c2aa8b1e00300ab3a6cc045a91fa866d9219763999724379aa35dba77fa67f775a07b448fd567b033a4aabea8bb2462b0ac1106e85be8f8d25553d1c3317a990a8c310d8437fa377624f37c7e36730d2c98d476a77623f99a1c1aa46df0f5543e55905e9f33e2a26e0eb162079ed76ae727b6541b118e14319b695b0a6e2581f0b34d2bc41d1e3a237ff94058ce1cce8d2ede9eae1393fe598650fb7343b0a1d5474672e3ddd307d,gx-no-cache=1489167402430 HTTP/1.1" 200 30
186.79.28.72 - - [10/Mar/2017:13:42:07 -0300] "GET /cormun/servlet/solicitudot?INS,0,0, HTTP/1.1" 200 12570
186.79.28.72 - - [10/Mar/2017:13:42:08 -0300] "GET /cormun/servlet/solicitudot?INS,0,0, HTTP/1.1" 200 12575
192.168.10.89 - - [10/Mar/2017:13:42:39 -0300] "POST /cormun/servlet/solicitudot?c973d0d47ba6d020130f74d7031e1a64,INS,0,0,,gx-no-cache=1489167443106 HTTP/1.1" 200 93
192.168.10.89 - - [10/Mar/2017:13:42:39 -0300] "GET /cormun/servlet/hpexe_return? HTTP/1.1" 200 1009
192.168.10.89 - - [10/Mar/2017:13:42:41 -0300] "GET /cormun/servlet/trsolicitudot HTTP/1.1" 200 8984
186.79.28.72 - - [10/Mar/2017:13:42:45 -0300] "POST /cormun/servlet/solicitudot?gx-no-cache=1489164236954 HTTP/1.1" 200 3081
186.79.28.72 - - [10/Mar/2017:13:42:45 -0300] "POST /cormun/servlet/solicitudot?0bcd3542ddbb0403d34b0f22ccd571fd,INS,0,0,,gx-no-cache=1489164237398 HTTP/1.1" 200 9679
186.79.28.72 - - [10/Mar/2017:13:42:50 -0300] "GET /cormun/servlet/solicitudot?7247254bb9b6ddf493c7f5896fe22a13d0a05e8d7571e888f53603f754b7844bc27b6b7ea5f3803f568c3dd798bfd673,gx-no-cache=1489164242583 HTTP/1.1" 200 30
192.168.10.89 - - [10/Mar/2017:13:42:52 -0300] "POST /cormun/servlet/trsolicitudot?c973d0d47ba6d020130f74d7031e1a64,gx-no-cache=1489167456194 HTTP/1.1" 200 5860
192.168.10.89 - - [10/Mar/2017:13:42:53 -0300] "POST /cormun/servlet/trsolicitudot?c973d0d47ba6d020130f74d7031e1a64,gx-no-cache=1489167456601 HTTP/1.1" 200 5804
192.168.10.89 - - [10/Mar/2017:13:42:53 -0300] "GET /cormun/static/Shared/jqueryui/images/ui-bg_flat_55_fafafa_40x100.png HTTP/1.1" 404 1097
192.168.10.89 - - [10/Mar/2017:13:42:53 -0300] "GET /cormun/static/Shared/jqueryui/images/ui-icons_8d78a5_256x240.png HTTP/1.1" 404 1089
192.168.10.89 - - [10/Mar/2017:13:42:53 -0300] "GET /cormun/static/Shared/jqueryui/images/ui-bg_highlight-soft_100_c6c2c8_1x100.png HTTP/1.1" 404 1117
192.168.10.89 - - [10/Mar/2017:13:42:53 -0300] "GET /cormun/static/Shared/jqueryui/images/ui-icons_82798d_256x240.png HTTP/1.1" 404 1089
192.168.10.89 - - [10/Mar/2017:13:42:55 -0300] "GET /cormun/servlet/trautorizarsolicitud? HTTP/1.1" 200 8126
192.168.10.89 - - [10/Mar/2017:13:42:59 -0300] "POST /cormun/servlet/trautorizarsolicitud?c973d0d47ba6d020130f74d7031e1a64,,gx-no-cache=1489167462512 HTTP/1.1" 200 4307
192.168.10.89 - - [10/Mar/2017:13:42:59 -0300] "POST /cormun/servlet/trautorizarsolicitud?c973d0d47ba6d020130f74d7031e1a64,,gx-no-cache=1489167462826 HTTP/1.1" 200 4103
192.168.10.89 - - [10/Mar/2017:13:42:59 -0300] "GET /cormun/static/Shared/jqueryui/images/ui-bg_flat_55_fafafa_40x100.png HTTP/1.1" 404 1097
192.168.10.89 - - [10/Mar/2017:13:42:59 -0300] "GET /cormun/static/Shared/jqueryui/images/ui-bg_highlight-soft_100_c6c2c8_1x100.png HTTP/1.1" 404 1117
192.168.10.89 - - [10/Mar/2017:13:42:59 -0300] "GET /cormun/static/Shared/jqueryui/images/ui-icons_8d78a5_256x240.png HTTP/1.1" 404 1089
192.168.10.89 - - [10/Mar/2017:13:42:59 -0300] "GET /cormun/static/Shared/jqueryui/images/ui-icons_82798d_256x240.png HTTP/1.1" 404 1089
192.168.10.89 - - [10/Mar/2017:13:43:01 -0300] "GET /cormun/servlet/trsolicitudot? HTTP/1.1" 200 8609
192.168.10.89 - - [10/Mar/2017:13:43:05 -0300] "GET /cormun/servlet/solicitudot?INS,0,0, HTTP/1.1" 200 12758
192.168.10.89 - - [10/Mar/2017:13:43:15 -0300] "GET /cormun/servlet/prfichaempleado?,MD,,gxPopupLevel%3D0%3B HTTP/1.1" 200 8816
192.168.10.89 - - [10/Mar/2017:13:43:22 -0300] "POST /cormun/servlet/prfichaempleado?c973d0d47ba6d020130f74d7031e1a64,,MD,,gxPopupLevel%3D0%3B,gx-no-cache=1489167485823 HTTP/1.1" 200 3400
192.168.10.89 - - [10/Mar/2017:13:43:26 -0300] "POST /cormun/servlet/solicitudot?gx-no-cache=1489167490023 HTTP/1.1" 200 3146
192.168.10.89 - - [10/Mar/2017:13:43:26 -0300] "POST /cormun/servlet/solicitudot?c973d0d47ba6d020130f74d7031e1a64,INS,0,0,,gx-no-cache=1489167490228 HTTP/1.1" 200 9938
192.168.10.89 - - [10/Mar/2017:13:43:28 -0300] "GET /cormun/servlet/solicitudot?273e7a215e770525c2aa8b1e00300ab3cbf7738e16125d87ac758292a2e75110aaf0635d91cdeef6101b7633cd14fcb2,gx-no-cache=1489167491647 HTTP/1.1" 200 30
192.168.10.89 - - [10/Mar/2017:13:43:28 -0300] "POST /cormun/servlet/solicitudot?gx-no-cache=1489167491689 HTTP/1.1" 200 255
192.168.10.89 - - [10/Mar/2017:13:43:28 -0300] "GET /cormun/servlet/solicitudot?273e7a215e770525c2aa8b1e00300ab3aa7457e9a83b12feeddc49daf5f9daffe2329c5646dd9455f5a889d0c4d62e093615f0fc0c12586747f72cb56fbb19e1e948b019416e0f0112948f28986ea491facb410dbb114b26b5a22bf4656ffb563f1bc818bac63cf65c72435050677dcc286532f43229a3418789ae68df0422bc2bf6b0bb1c77609195c58255cee8d5a1891786d6c2a1a1858201867d0add7efffdc4e86124250bbfaac22a8dab9ae39aebfa8aac258a4109c523ec2d9e90fb4ee89b80012dcbf96026ad70e77e72b7211d4820f9da26c890fb67b5b7ff26eb2e4ebd6586d435c73b5347751735938cbd5d8ff2eeaf78fa72e5a986d975afb943d5e6aa3e6097fbd43e7d59aa60c930955161f0e239323d30579c001c26933ffa812d8dfc71491dbdf240311ef5220cb92f1dfe5a8691c0ffe3f1d4a35611accd900f549fcdba205fd6a1f213c9ad6293c0fe02da8a7558cb6aa690827fb40b45e56a0714bb39e1c365229b5c7ac3be4be03c0f0080d0cbcf6cd7077f34e8d295,gx-no-cache=1489167491722 HTTP/1.1" 200 30
192.168.10.89 - - [10/Mar/2017:13:43:29 -0300] "POST /cormun/servlet/solicitudot?gx-no-cache=1489167493177 HTTP/1.1" 200 30
192.168.10.89 - - [10/Mar/2017:13:43:31 -0300] "GET /cormun/servlet/prsolicitudot?12693069,,,,,MD,,gxPopupLevel%3D0%3B HTTP/1.1" 200 5906
192.168.10.89 - - [10/Mar/2017:13:43:35 -0300] "POST /cormun/servlet/solicitudot?gx-no-cache=1489167498520 HTTP/1.1" 200 235
192.168.10.89 - - [10/Mar/2017:13:43:35 -0300] "POST /cormun/servlet/solicitudot?gx-no-cache=1489167498564 HTTP/1.1" 200 38
192.168.10.89 - - [10/Mar/2017:13:43:35 -0300] "GET /cormun/servlet/solicitudot?273e7a215e770525c2aa8b1e00300ab3374b9d45a42496cf477d6c50315dd28c3b2c301bc86cddba83406c6cd5bae6a7e9cdf75f109eb0c583009354fd7e347fd29aa6497ff26b07500c026aee7bee04b054d6073655eb0817151e2f62f7ac0a5564cb9a3458f4d3aed06552c7892a915dfef8608c32219777a862168167cb0adcd6eeb37eb5856c6bc2ce9a0a859aacb81e606d0ae69fe31d3a20720dcfc919,gx-no-cache=1489167498597 HTTP/1.1" 200 29
192.168.10.89 - - [10/Mar/2017:13:43:35 -0300] "POST /cormun/servlet/solicitudot?gx-no-cache=1489167498617 HTTP/1.1" 200 643
192.168.10.89 - - [10/Mar/2017:13:43:35 -0300] "POST /cormun/servlet/solicitudot?gx-no-cache=1489167498661 HTTP/1.1" 200 518
186.79.127.233 - - [10/Mar/2017:13:43:39 -0300] "POST /cormun/servlet/trcontratosolicitud?64416b4027f9d91c970e8d3752bab208,,gx-no-cache=1489164291939 HTTP/1.1" 440 972
186.79.28.72 - - [10/Mar/2017:13:43:40 -0300] "POST /cormun/servlet/solicitudot?gx-no-cache=1489164292562 HTTP/1.1" 200 297
