192.168.10.96 - - [10/Mar/2017:08:12:38 -0300] "GET /cormun/static/hmpwkw03.js?20161221852152 HTTP/1.1" 304 -
192.168.10.96 - - [10/Mar/2017:08:12:38 -0300] "GET /cormun/servlet/hhome HTTP/1.1" 200 4120
192.168.10.96 - - [10/Mar/2017:08:12:43 -0300] "GET /cormun/servlet/trsolicitudgral? HTTP/1.1" 200 24335
192.168.10.96 - - [10/Mar/2017:08:12:43 -0300] "GET /cormun/static/calendar.js?85251 HTTP/1.1" 304 -
192.168.10.96 - - [10/Mar/2017:08:12:43 -0300] "GET /cormun/static/calendar-es.js?85251 HTTP/1.1" 304 -
192.168.10.96 - - [10/Mar/2017:08:12:43 -0300] "GET /cormun/static/calendar-setup.js?85251 HTTP/1.1" 304 -
192.168.10.96 - - [10/Mar/2017:08:12:43 -0300] "GET /cormun/static/gxdec.js?85251 HTTP/1.1" 304 -
192.168.10.96 - - [10/Mar/2017:08:12:45 -0300] "GET /cormun/servlet/trsolicitudgral? HTTP/1.1" 200 24332
186.103.248.213 - - [10/Mar/2017:08:12:52 -0300] "GET /cormun/servlet/solicitudotadjuntos?dc5ba666bdd03b8ee4f422a00b4749d2237b9ebf1bb05814f8f22318183dfb1e,gx-no-cache=1489144442189 HTTP/1.1" 200 30
186.103.248.213 - - [10/Mar/2017:08:12:52 -0300] "GET /cormun/servlet/solicitudotadjuntos?dc5ba666bdd03b8ee4f422a00b4749d2237b9ebf1bb05814f8f22318183dfb1e,gx-no-cache=1489144442302 HTTP/1.1" 200 30
186.103.248.213 - - [10/Mar/2017:08:12:58 -0300] "POST /cormun/servlet/solicitudotadjuntos?7719a0fdda15a9407ad52157a46cfe76,INS,2017,5406,,1, HTTP/1.1" 200 116
186.103.248.213 - - [10/Mar/2017:08:12:58 -0300] "GET /cormun/servlet/hpexe_return? HTTP/1.1" 200 1021
192.168.10.96 - - [10/Mar/2017:08:12:58 -0300] "POST /cormun/servlet/trsolicitudgral?d4e5d888e3b0ef2ddd22fa5cc1bc6480,,gx-no-cache=1489147661793 HTTP/1.1" 200 8975
186.103.248.213 - - [10/Mar/2017:08:12:58 -0300] "GET /cormun/servlet/trsolicitudadjuntos?2017,5406, HTTP/1.1" 200 7982
186.103.248.213 - - [10/Mar/2017:08:12:59 -0300] "GET /cormun/servlet/trsolicitudadjuntos?2017,5406, HTTP/1.1" 200 7980
186.103.248.213 - - [10/Mar/2017:08:13:03 -0300] "GET /cormun/servlet/solicitudotadjuntos?INS,2017,5406,,1, HTTP/1.1" 200 5795
186.103.248.213 - - [10/Mar/2017:08:13:03 -0300] "GET /cormun/static/about:blank HTTP/1.1" 404 1011
186.103.248.213 - - [10/Mar/2017:08:13:04 -0300] "GET /cormun/servlet/solicitudotadjuntos?INS,2017,5406,,1, HTTP/1.1" 200 5789
186.103.248.213 - - [10/Mar/2017:08:13:04 -0300] "GET /cormun/servlet/solicitudotadjuntos?dc5ba666bdd03b8ee4f422a00b4749d2be0e40e3137fd24df7abf34c6d986f1b6e664cc1f6d2ca00ef4f051ceba9c9cc,gx-no-cache=1489144454240 HTTP/1.1" 200 30
186.103.248.213 - - [10/Mar/2017:08:13:04 -0300] "POST /cormun/servlet/solicitudotadjuntos?7719a0fdda15a9407ad52157a46cfe76,INS,2017,5406,,1,,gx-no-cache=1489144454333 HTTP/1.1" 200 3639
186.103.248.213 - - [10/Mar/2017:08:13:06 -0300] "POST /cormun/servlet/solicitudotadjuntos?gx-no-cache=1489144456337 HTTP/1.1" 200 26
192.168.10.96 - - [10/Mar/2017:08:13:13 -0300] "POST /cormun/servlet/trsolicitudgral?d4e5d888e3b0ef2ddd22fa5cc1bc6480,,gx-no-cache=1489147677153 HTTP/1.1" 200 7120
186.103.248.213 - - [10/Mar/2017:08:13:16 -0300] "GET /cormun/servlet/solicitudotadjuntos?dc5ba666bdd03b8ee4f422a00b4749d2237b9ebf1bb05814f8f22318183dfb1e,gx-no-cache=1489144465704 HTTP/1.1" 200 30
186.103.248.213 - - [10/Mar/2017:08:13:16 -0300] "GET /cormun/servlet/solicitudotadjuntos?dc5ba666bdd03b8ee4f422a00b4749d2237b9ebf1bb05814f8f22318183dfb1e,gx-no-cache=1489144465791 HTTP/1.1" 200 30
192.168.10.96 - - [10/Mar/2017:08:13:17 -0300] "POST /cormun/servlet/trsolicitudgral?d4e5d888e3b0ef2ddd22fa5cc1bc6480,,gx-no-cache=1489147681321 HTTP/1.1" 200 8501
192.168.10.96 - - [10/Mar/2017:08:13:24 -0300] "POST /cormun/servlet/trsolicitudgral?d4e5d888e3b0ef2ddd22fa5cc1bc6480,,gx-no-cache=1489147688256 HTTP/1.1" 200 8975
186.103.248.213 - - [10/Mar/2017:08:13:33 -0300] "POST /cormun/servlet/solicitudotadjuntos?7719a0fdda15a9407ad52157a46cfe76,INS,2017,5406,,1, HTTP/1.1" 200 116
186.103.248.213 - - [10/Mar/2017:08:13:33 -0300] "GET /cormun/servlet/hpexe_return? HTTP/1.1" 200 1021
186.103.248.213 - - [10/Mar/2017:08:13:34 -0300] "GET /cormun/servlet/trsolicitudadjuntos?2017,5406, HTTP/1.1" 200 8261
186.103.248.213 - - [10/Mar/2017:08:13:35 -0300] "GET /cormun/servlet/trsolicitudadjuntos?2017,5406, HTTP/1.1" 200 8260
186.103.248.213 - - [10/Mar/2017:08:13:37 -0300] "GET /cormun/servlet/solicitudotadjuntos?INS,2017,5406,,1, HTTP/1.1" 200 5795
186.103.248.213 - - [10/Mar/2017:08:13:38 -0300] "GET /cormun/static/about:blank HTTP/1.1" 404 1011
186.103.248.213 - - [10/Mar/2017:08:13:38 -0300] "GET /cormun/servlet/solicitudotadjuntos?INS,2017,5406,,1, HTTP/1.1" 200 5789
186.103.248.213 - - [10/Mar/2017:08:13:38 -0300] "GET /cormun/servlet/solicitudotadjuntos?dc5ba666bdd03b8ee4f422a00b4749d2be0e40e3137fd24df7abf34c6d986f1b6e664cc1f6d2ca00ef4f051ceba9c9cc,gx-no-cache=1489144488172 HTTP/1.1" 200 30
186.103.248.213 - - [10/Mar/2017:08:13:38 -0300] "POST /cormun/servlet/solicitudotadjuntos?7719a0fdda15a9407ad52157a46cfe76,INS,2017,5406,,1,,gx-no-cache=1489144488277 HTTP/1.1" 200 3640
186.103.248.213 - - [10/Mar/2017:08:13:41 -0300] "POST /cormun/servlet/solicitudotadjuntos?gx-no-cache=1489144490585 HTTP/1.1" 200 26
186.103.248.213 - - [10/Mar/2017:08:13:51 -0300] "GET /cormun/servlet/solicitudotadjuntos?dc5ba666bdd03b8ee4f422a00b4749d2237b9ebf1bb05814f8f22318183dfb1e,gx-no-cache=1489144500777 HTTP/1.1" 200 30
186.103.248.213 - - [10/Mar/2017:08:13:51 -0300] "GET /cormun/servlet/solicitudotadjuntos?dc5ba666bdd03b8ee4f422a00b4749d2237b9ebf1bb05814f8f22318183dfb1e,gx-no-cache=1489144500838 HTTP/1.1" 200 30
186.103.159.44 - - [10/Mar/2017:08:13:54 -0300] "POST /cormun/servlet/solicitudot?gx-no-cache=1489144496699 HTTP/1.1" 200 3081
186.103.159.44 - - [10/Mar/2017:08:13:55 -0300] "POST /cormun/servlet/solicitudot?47875203c5ad535d98e00ea789b06d48,INS,0,0,,gx-no-cache=1489144497124 HTTP/1.1" 200 9673
186.103.248.213 - - [10/Mar/2017:08:13:57 -0300] "POST /cormun/servlet/solicitudotadjuntos?7719a0fdda15a9407ad52157a46cfe76,INS,2017,5406,,1, HTTP/1.1" 200 116
186.103.248.213 - - [10/Mar/2017:08:13:57 -0300] "GET /cormun/servlet/hpexe_return? HTTP/1.1" 200 1021
186.103.248.213 - - [10/Mar/2017:08:13:57 -0300] "GET /cormun/servlet/trsolicitudadjuntos?2017,5406, HTTP/1.1" 200 8407
186.103.248.213 - - [10/Mar/2017:08:13:58 -0300] "GET /cormun/servlet/trsolicitudadjuntos?2017,5406, HTTP/1.1" 200 8406
186.103.248.213 - - [10/Mar/2017:08:14:00 -0300] "GET /cormun/servlet/solicitudotadjuntos?INS,2017,5406,,1, HTTP/1.1" 200 5795
186.103.248.213 - - [10/Mar/2017:08:14:01 -0300] "GET /cormun/static/about:blank HTTP/1.1" 404 1011
186.103.248.213 - - [10/Mar/2017:08:14:01 -0300] "GET /cormun/servlet/solicitudotadjuntos?INS,2017,5406,,1, HTTP/1.1" 200 5789
186.103.248.213 - - [10/Mar/2017:08:14:01 -0300] "GET /cormun/servlet/solicitudotadjuntos?dc5ba666bdd03b8ee4f422a00b4749d2be0e40e3137fd24df7abf34c6d986f1b6e664cc1f6d2ca00ef4f051ceba9c9cc,gx-no-cache=1489144511113 HTTP/1.1" 200 30
186.103.159.44 - - [10/Mar/2017:08:14:01 -0300] "GET /cormun/servlet/solicitudot?f1d5225fa30729d7e0f403b82240fc757acf1a3679b5a2d57d17f28f91bacc7f023e943d81b3ea2bf23c99253def7f86,gx-no-cache=1489144503880 HTTP/1.1" 200 30
186.103.248.213 - - [10/Mar/2017:08:14:01 -0300] "POST /cormun/servlet/solicitudotadjuntos?7719a0fdda15a9407ad52157a46cfe76,INS,2017,5406,,1,,gx-no-cache=1489144511194 HTTP/1.1" 200 3640
186.103.248.213 - - [10/Mar/2017:08:14:04 -0300] "POST /cormun/servlet/solicitudotadjuntos?gx-no-cache=1489144513828 HTTP/1.1" 200 26
186.103.248.213 - - [10/Mar/2017:08:14:10 -0300] "GET /cormun/servlet/solicitudotadjuntos?dc5ba666bdd03b8ee4f422a00b4749d2237b9ebf1bb05814f8f22318183dfb1e,gx-no-cache=1489144519852 HTTP/1.1" 200 30
186.103.248.213 - - [10/Mar/2017:08:14:10 -0300] "GET /cormun/servlet/solicitudotadjuntos?dc5ba666bdd03b8ee4f422a00b4749d2237b9ebf1bb05814f8f22318183dfb1e,gx-no-cache=1489144519920 HTTP/1.1" 200 30
192.168.10.96 - - [10/Mar/2017:08:14:16 -0300] "POST /cormun/servlet/trsolicitudgral?d4e5d888e3b0ef2ddd22fa5cc1bc6480,,gx-no-cache=1489147740142 HTTP/1.1" 200 7119
186.103.248.213 - - [10/Mar/2017:08:14:18 -0300] "POST /cormun/servlet/solicitudotadjuntos?7719a0fdda15a9407ad52157a46cfe76,INS,2017,5406,,1, HTTP/1.1" 200 116
186.103.248.213 - - [10/Mar/2017:08:14:19 -0300] "GET /cormun/servlet/hpexe_return? HTTP/1.1" 200 1021
186.103.248.213 - - [10/Mar/2017:08:14:19 -0300] "GET /cormun/servlet/trsolicitudadjuntos?2017,5406, HTTP/1.1" 200 8543
186.103.248.213 - - [10/Mar/2017:08:14:20 -0300] "GET /cormun/servlet/trsolicitudadjuntos?2017,5406, HTTP/1.1" 200 8537
186.103.248.213 - - [10/Mar/2017:08:14:22 -0300] "GET /cormun/servlet/solicitudotadjuntos?INS,2017,5406,,1, HTTP/1.1" 200 5795
186.103.248.213 - - [10/Mar/2017:08:14:22 -0300] "GET /cormun/static/about:blank HTTP/1.1" 404 1011
186.103.248.213 - - [10/Mar/2017:08:14:23 -0300] "GET /cormun/servlet/solicitudotadjuntos?INS,2017,5406,,1, HTTP/1.1" 200 5789
186.103.248.213 - - [10/Mar/2017:08:14:23 -0300] "GET /cormun/servlet/solicitudotadjuntos?dc5ba666bdd03b8ee4f422a00b4749d2be0e40e3137fd24df7abf34c6d986f1b6e664cc1f6d2ca00ef4f051ceba9c9cc,gx-no-cache=1489144533005 HTTP/1.1" 200 30
186.103.248.213 - - [10/Mar/2017:08:14:23 -0300] "POST /cormun/servlet/solicitudotadjuntos?7719a0fdda15a9407ad52157a46cfe76,INS,2017,5406,,1,,gx-no-cache=1489144533097 HTTP/1.1" 200 3640
192.168.10.96 - - [10/Mar/2017:08:14:23 -0300] "POST /cormun/servlet/trsolicitudgral?d4e5d888e3b0ef2ddd22fa5cc1bc6480,,gx-no-cache=1489147747247 HTTP/1.1" 200 8502
186.103.248.213 - - [10/Mar/2017:08:14:28 -0300] "POST /cormun/servlet/solicitudotadjuntos?gx-no-cache=1489144538317 HTTP/1.1" 200 26
192.168.10.96 - - [10/Mar/2017:08:14:29 -0300] "POST /cormun/servlet/trsolicitudgral?d4e5d888e3b0ef2ddd22fa5cc1bc6480,,gx-no-cache=1489147752106 HTTP/1.1" 200 20571
186.103.248.213 - - [10/Mar/2017:08:14:45 -0300] "GET /cormun/servlet/solicitudotadjuntos?dc5ba666bdd03b8ee4f422a00b4749d2237b9ebf1bb05814f8f22318183dfb1e,gx-no-cache=1489144555366 HTTP/1.1" 200 30
186.103.248.213 - - [10/Mar/2017:08:14:45 -0300] "GET /cormun/servlet/solicitudotadjuntos?dc5ba666bdd03b8ee4f422a00b4749d2237b9ebf1bb05814f8f22318183dfb1e,gx-no-cache=1489144555432 HTTP/1.1" 200 30
186.67.172.234 - - [10/Mar/2017:08:15:00 -0300] "GET /cormun/servlet/hlogin HTTP/1.1" 200 1721
186.103.248.213 - - [10/Mar/2017:08:15:09 -0300] "POST /cormun/servlet/solicitudotadjuntos?7719a0fdda15a9407ad52157a46cfe76,INS,2017,5406,,1, HTTP/1.1" 200 116
186.103.248.213 - - [10/Mar/2017:08:15:09 -0300] "GET /cormun/servlet/hpexe_return? HTTP/1.1" 200 1021
186.103.248.213 - - [10/Mar/2017:08:15:10 -0300] "GET /cormun/servlet/trsolicitudadjuntos?2017,5406, HTTP/1.1" 200 8688
186.103.248.213 - - [10/Mar/2017:08:15:11 -0300] "GET /cormun/servlet/trsolicitudadjuntos?2017,5406, HTTP/1.1" 200 8687
186.103.248.213 - - [10/Mar/2017:08:15:30 -0300] "GET /cormun/servlet/solicitudotadjuntos?INS,2017,5406,,1, HTTP/1.1" 200 5795
186.103.248.213 - - [10/Mar/2017:08:15:30 -0300] "GET /cormun/static/about:blank HTTP/1.1" 404 1011
186.103.248.213 - - [10/Mar/2017:08:15:31 -0300] "GET /cormun/servlet/solicitudotadjuntos?INS,2017,5406,,1, HTTP/1.1" 200 5789
186.103.248.213 - - [10/Mar/2017:08:15:31 -0300] "GET /cormun/servlet/solicitudotadjuntos?dc5ba666bdd03b8ee4f422a00b4749d2be0e40e3137fd24df7abf34c6d986f1b6e664cc1f6d2ca00ef4f051ceba9c9cc,gx-no-cache=1489144601041 HTTP/1.1" 200 30
186.103.248.213 - - [10/Mar/2017:08:15:31 -0300] "POST /cormun/servlet/solicitudotadjuntos?7719a0fdda15a9407ad52157a46cfe76,INS,2017,5406,,1,,gx-no-cache=1489144601126 HTTP/1.1" 200 3640
192.168.10.96 - - [10/Mar/2017:08:15:33 -0300] "POST /cormun/servlet/trsolicitudgral?d4e5d888e3b0ef2ddd22fa5cc1bc6480,,gx-no-cache=1489147817134 HTTP/1.1" 200 8976
186.103.248.213 - - [10/Mar/2017:08:15:34 -0300] "POST /cormun/servlet/solicitudotadjuntos?gx-no-cache=1489144604225 HTTP/1.1" 200 26
186.103.248.213 - - [10/Mar/2017:08:15:39 -0300] "POST /cormun/servlet/solicitudotadjuntos?gx-no-cache=1489144608779 HTTP/1.1" 200 26
192.168.10.96 - - [10/Mar/2017:08:15:40 -0300] "POST /cormun/servlet/trsolicitudgral?d4e5d888e3b0ef2ddd22fa5cc1bc6480,,gx-no-cache=1489147824007 HTTP/1.1" 200 7119
186.67.172.234 - - [10/Mar/2017:08:15:44 -0300] "POST /cormun/servlet/hlogin?b981d1b4b5ad30aaccc7e8baf614c9d0,gx-no-cache=1489144613798 HTTP/1.1" 200 90
186.67.172.234 - - [10/Mar/2017:08:15:44 -0300] "GET /cormun/servlet/hpexe_link HTTP/1.1" 200 955
186.67.172.234 - - [10/Mar/2017:08:15:44 -0300] "GET /cormun/servlet/hhome HTTP/1.1" 200 3754
192.168.10.96 - - [10/Mar/2017:08:15:44 -0300] "POST /cormun/servlet/trsolicitudgral?d4e5d888e3b0ef2ddd22fa5cc1bc6480,,gx-no-cache=1489147828342 HTTP/1.1" 200 8503
186.103.248.213 - - [10/Mar/2017:08:15:45 -0300] "GET /cormun/servlet/solicitudotadjuntos?dc5ba666bdd03b8ee4f422a00b4749d2237b9ebf1bb05814f8f22318183dfb1e,gx-no-cache=1489144615036 HTTP/1.1" 200 30
186.103.248.213 - - [10/Mar/2017:08:15:45 -0300] "GET /cormun/servlet/solicitudotadjuntos?dc5ba666bdd03b8ee4f422a00b4749d2237b9ebf1bb05814f8f22318183dfb1e,gx-no-cache=1489144615108 HTTP/1.1" 200 30
186.67.172.234 - - [10/Mar/2017:08:15:45 -0300] "GET /cormun/servlet/hhome HTTP/1.1" 200 3751
192.168.10.96 - - [10/Mar/2017:08:15:50 -0300] "POST /cormun/servlet/trsolicitudgral?d4e5d888e3b0ef2ddd22fa5cc1bc6480,,gx-no-cache=1489147833687 HTTP/1.1" 200 20571
186.103.248.213 - - [10/Mar/2017:08:15:59 -0300] "POST /cormun/servlet/solicitudotadjuntos?7719a0fdda15a9407ad52157a46cfe76,INS,2017,5406,,1, HTTP/1.1" 200 116
186.103.248.213 - - [10/Mar/2017:08:16:00 -0300] "GET /cormun/servlet/hpexe_return? HTTP/1.1" 200 1021
186.103.248.213 - - [10/Mar/2017:08:16:00 -0300] "GET /cormun/servlet/trsolicitudadjuntos?2017,5406, HTTP/1.1" 200 8930
186.103.248.213 - - [10/Mar/2017:08:16:02 -0300] "GET /cormun/servlet/trsolicitudadjuntos?2017,5406, HTTP/1.1" 200 8925
192.168.10.96 - - [10/Mar/2017:08:16:03 -0300] "POST /cormun/servlet/trsolicitudgral?d4e5d888e3b0ef2ddd22fa5cc1bc6480,,gx-no-cache=1489147846755 HTTP/1.1" 200 8976
186.103.248.213 - - [10/Mar/2017:08:16:08 -0300] "GET /cormun/servlet/trsolicitudot? HTTP/1.1" 200 7986
186.103.248.213 - - [10/Mar/2017:08:16:08 -0300] "GET /cormun/servlet/trsolicitudot? HTTP/1.1" 200 7980
192.168.10.96 - - [10/Mar/2017:08:16:10 -0300] "POST /cormun/servlet/trsolicitudgral?d4e5d888e3b0ef2ddd22fa5cc1bc6480,,gx-no-cache=1489147853573 HTTP/1.1" 200 7119
186.103.248.213 - - [10/Mar/2017:08:16:12 -0300] "POST /cormun/servlet/trsolicitudot?7719a0fdda15a9407ad52157a46cfe76,,gx-no-cache=1489144641292 HTTP/1.1" 200 4158
186.103.248.213 - - [10/Mar/2017:08:16:12 -0300] "GET /cormun/static/Shared/jqueryui/images/ui-bg_highlight-soft_100_c6c2c8_1x100.png HTTP/1.1" 404 1117
186.103.248.213 - - [10/Mar/2017:08:16:12 -0300] "GET /cormun/static/Shared/jqueryui/images/ui-icons_82798d_256x240.png HTTP/1.1" 404 1089
186.103.248.213 - - [10/Mar/2017:08:16:12 -0300] "GET /cormun/static/Shared/jqueryui/images/ui-bg_flat_55_fafafa_40x100.png HTTP/1.1" 404 1097
186.103.248.213 - - [10/Mar/2017:08:16:12 -0300] "GET /cormun/static/Shared/jqueryui/images/ui-icons_8d78a5_256x240.png HTTP/1.1" 404 1089
186.103.248.213 - - [10/Mar/2017:08:16:12 -0300] "POST /cormun/servlet/trsolicitudot?7719a0fdda15a9407ad52157a46cfe76,,gx-no-cache=1489144641803 HTTP/1.1" 200 3939
192.168.10.96 - - [10/Mar/2017:08:16:41 -0300] "POST /cormun/servlet/trsolicitudgral?d4e5d888e3b0ef2ddd22fa5cc1bc6480,,gx-no-cache=1489147884665 HTTP/1.1" 200 8976
192.168.10.96 - - [10/Mar/2017:08:16:46 -0300] "POST /cormun/servlet/trsolicitudgral?d4e5d888e3b0ef2ddd22fa5cc1bc6480,,gx-no-cache=1489147890362 HTTP/1.1" 200 5403
192.168.10.89 - - [10/Mar/2017:08:16:48 -0300] "GET /cormun/servlet/trsolicitudgral? HTTP/1.1" 200 24616
192.168.10.96 - - [10/Mar/2017:08:16:49 -0300] "POST /cormun/servlet/trsolicitudgral?d4e5d888e3b0ef2ddd22fa5cc1bc6480,,gx-no-cache=1489147893368 HTTP/1.1" 200 7032
192.168.10.89 - - [10/Mar/2017:08:16:54 -0300] "GET /cormun/static/menuarrow.gif HTTP/1.1" 404 1015
192.168.10.89 - - [10/Mar/2017:08:17:13 -0300] "POST /cormun/servlet/trsolicitudgral?ea02cf5fe1c2aa9466175592fd156b19,,gx-no-cache=1489147916988 HTTP/1.1" 200 13240
192.168.10.96 - - [10/Mar/2017:08:17:21 -0300] "POST /cormun/servlet/trsolicitudgral?d4e5d888e3b0ef2ddd22fa5cc1bc6480,,gx-no-cache=1489147925068 HTTP/1.1" 200 8975
192.168.10.89 - - [10/Mar/2017:08:17:31 -0300] "POST /cormun/servlet/trsolicitudgral?ea02cf5fe1c2aa9466175592fd156b19,,gx-no-cache=1489147935166 HTTP/1.1" 200 105
192.168.10.89 - - [10/Mar/2017:08:17:32 -0300] "GET /cormun/SolicitudGral-6517.xls HTTP/1.1" 200 14848
192.168.10.89 - - [10/Mar/2017:08:17:33 -0300] "OPTIONS /cormun/ HTTP/1.1" 200 -
192.168.10.96 - - [10/Mar/2017:08:17:33 -0300] "POST /cormun/servlet/trsolicitudgral?d4e5d888e3b0ef2ddd22fa5cc1bc6480,,gx-no-cache=1489147936965 HTTP/1.1" 200 7121
192.168.10.89 - - [10/Mar/2017:08:17:33 -0300] "HEAD /cormun/SolicitudGral-6517.xls HTTP/1.1" 200 -
192.168.10.96 - - [10/Mar/2017:08:17:36 -0300] "POST /cormun/servlet/trsolicitudgral?d4e5d888e3b0ef2ddd22fa5cc1bc6480,,gx-no-cache=1489147940167 HTTP/1.1" 200 8502
192.168.10.89 - - [10/Mar/2017:08:17:48 -0300] "OPTIONS / HTTP/1.1" 200 11217
192.168.10.89 - - [10/Mar/2017:08:18:03 -0300] "OPTIONS / HTTP/1.1" 200 11217
192.168.10.89 - - [10/Mar/2017:08:18:18 -0300] "OPTIONS /cormun HTTP/1.1" 302 -
192.168.10.89 - - [10/Mar/2017:08:18:18 -0300] "OPTIONS /cormun/ HTTP/1.1" 200 -
192.168.10.89 - - [10/Mar/2017:08:18:18 -0300] "PROPFIND /cormun HTTP/1.1" 302 -
192.168.10.89 - - [10/Mar/2017:08:18:19 -0300] "PROPFIND /cormun/ HTTP/1.1" 501 1141
192.168.10.89 - - [10/Mar/2017:08:18:19 -0300] "HEAD /cormun/SolicitudGral-6517.xls HTTP/1.1" 200 -
192.168.10.89 - - [10/Mar/2017:08:18:19 -0300] "PROPFIND / HTTP/1.1" 200 11217
192.168.10.89 - - [10/Mar/2017:08:18:19 -0300] "PROPFIND / HTTP/1.1" 200 11217
192.168.10.96 - - [10/Mar/2017:08:18:21 -0300] "POST /cormun/servlet/trsolicitudgral?d4e5d888e3b0ef2ddd22fa5cc1bc6480,,gx-no-cache=1489147985262 HTTP/1.1" 200 7120
192.168.10.89 - - [10/Mar/2017:08:18:23 -0300] "PROPFIND /cormun HTTP/1.1" 302 -
192.168.10.89 - - [10/Mar/2017:08:18:23 -0300] "PROPFIND /cormun/ HTTP/1.1" 501 1141
192.168.10.89 - - [10/Mar/2017:08:18:23 -0300] "PROPFIND /cormun HTTP/1.1" 302 -
192.168.10.89 - - [10/Mar/2017:08:18:23 -0300] "PROPFIND /cormun/ HTTP/1.1" 501 1141
192.168.10.89 - - [10/Mar/2017:08:18:23 -0300] "GET /cormun/SolicitudGral-6517.xls HTTP/1.1" 200 14848
192.168.10.89 - - [10/Mar/2017:08:18:23 -0300] "HEAD /cormun/SolicitudGral-6517.xls HTTP/1.1" 200 -
192.168.10.96 - - [10/Mar/2017:08:18:26 -0300] "POST /cormun/servlet/trsolicitudgral?d4e5d888e3b0ef2ddd22fa5cc1bc6480,,gx-no-cache=1489147989701 HTTP/1.1" 200 8501
192.168.10.96 - - [10/Mar/2017:08:18:39 -0300] "POST /cormun/servlet/trsolicitudgral?d4e5d888e3b0ef2ddd22fa5cc1bc6480,,gx-no-cache=1489148002352 HTTP/1.1" 200 8975
192.168.10.96 - - [10/Mar/2017:08:18:45 -0300] "POST /cormun/servlet/trsolicitudgral?d4e5d888e3b0ef2ddd22fa5cc1bc6480,,gx-no-cache=1489148008505 HTTP/1.1" 200 7118
192.168.10.96 - - [10/Mar/2017:08:18:50 -0300] "POST /cormun/servlet/trsolicitudgral?d4e5d888e3b0ef2ddd22fa5cc1bc6480,,gx-no-cache=1489148013503 HTTP/1.1" 200 8501
192.168.10.96 - - [10/Mar/2017:08:18:56 -0300] "POST /cormun/servlet/trsolicitudgral?d4e5d888e3b0ef2ddd22fa5cc1bc6480,,gx-no-cache=1489148018895 HTTP/1.1" 200 20572
192.168.10.96 - - [10/Mar/2017:08:19:22 -0300] "POST /cormun/servlet/trsolicitudgral?d4e5d888e3b0ef2ddd22fa5cc1bc6480,,gx-no-cache=1489148046035 HTTP/1.1" 200 5402
192.168.10.96 - - [10/Mar/2017:08:19:26 -0300] "POST /cormun/servlet/trsolicitudgral?d4e5d888e3b0ef2ddd22fa5cc1bc6480,,gx-no-cache=1489148049683 HTTP/1.1" 200 7032
192.168.10.96 - - [10/Mar/2017:08:19:35 -0300] "POST /cormun/servlet/trsolicitudgral?d4e5d888e3b0ef2ddd22fa5cc1bc6480,,gx-no-cache=1489148058386 HTTP/1.1" 200 8975
192.168.10.96 - - [10/Mar/2017:08:19:40 -0300] "POST /cormun/servlet/trsolicitudgral?d4e5d888e3b0ef2ddd22fa5cc1bc6480,,gx-no-cache=1489148064372 HTTP/1.1" 200 7119
192.168.10.96 - - [10/Mar/2017:08:19:48 -0300] "POST /cormun/servlet/trsolicitudgral?d4e5d888e3b0ef2ddd22fa5cc1bc6480,,gx-no-cache=1489148071941 HTTP/1.1" 200 8974
192.168.10.96 - - [10/Mar/2017:08:19:54 -0300] "POST /cormun/servlet/trsolicitudgral?d4e5d888e3b0ef2ddd22fa5cc1bc6480,,gx-no-cache=1489148078335 HTTP/1.1" 200 8505
192.168.10.96 - - [10/Mar/2017:08:20:42 -0300] "POST /cormun/servlet/trsolicitudgral?d4e5d888e3b0ef2ddd22fa5cc1bc6480,,gx-no-cache=1489148125392 HTTP/1.1" 200 8723
192.168.10.96 - - [10/Mar/2017:08:20:50 -0300] "POST /cormun/servlet/trsolicitudgral?d4e5d888e3b0ef2ddd22fa5cc1bc6480,,gx-no-cache=1489148133971 HTTP/1.1" 200 7390
192.168.10.96 - - [10/Mar/2017:08:21:09 -0300] "POST /cormun/servlet/trsolicitudgral?d4e5d888e3b0ef2ddd22fa5cc1bc6480,,gx-no-cache=1489148153213 HTTP/1.1" 200 7477
200.112.49.242 - - [10/Mar/2017:08:22:34 -0300] "GET /cormun/servlet/hlogin HTTP/1.1" 200 1718
200.112.49.242 - - [10/Mar/2017:08:22:34 -0300] "GET /cormun/static/Resources/Spanish/PXTools.css?167811 HTTP/1.1" 304 -
200.112.49.242 - - [10/Mar/2017:08:22:34 -0300] "GET /cormun/static/gxtimezone.js?85251 HTTP/1.1" 304 -
200.112.49.242 - - [10/Mar/2017:08:22:34 -0300] "GET /cormun/static/gxgral.js?85251 HTTP/1.1" 304 -
200.112.49.242 - - [10/Mar/2017:08:22:34 -0300] "GET /cormun/static/gxcfg.js?201612216162538 HTTP/1.1" 304 -
200.112.49.242 - - [10/Mar/2017:08:22:34 -0300] "GET /cormun/static/Resources/ComunLogin.png HTTP/1.1" 304 -
200.112.49.242 - - [10/Mar/2017:08:22:34 -0300] "GET /cormun/static/messages.spa.js?85251 HTTP/1.1" 304 -
200.112.49.242 - - [10/Mar/2017:08:22:34 -0300] "GET /cormun/static/hlogin.js?201612216162555 HTTP/1.1" 304 -
200.112.49.242 - - [10/Mar/2017:08:22:34 -0300] "GET /cormun/servlet/hlogin HTTP/1.1" 200 1729
200.112.49.242 - - [10/Mar/2017:08:22:34 -0300] "GET /cormun/static/Resources/indicator.gif HTTP/1.1" 304 -
200.112.49.242 - - [10/Mar/2017:08:22:34 -0300] "GET /cormun/static/Resources/PXToolsLoginBackground.png HTTP/1.1" 304 -
200.112.49.242 - - [10/Mar/2017:08:22:34 -0300] "GET /cormun/static/Resources/PXToolsButtonLeft21.png HTTP/1.1" 304 -
200.112.49.242 - - [10/Mar/2017:08:22:34 -0300] "GET /cormun/static/Resources/PXToolsButtonRight21.png HTTP/1.1" 304 -
200.112.49.242 - - [10/Mar/2017:08:22:34 -0300] "GET /cormun/static/Resources/PXToolsButtonBackground2.png HTTP/1.1" 304 -
200.112.49.242 - - [10/Mar/2017:08:22:34 -0300] "GET /cormun/static/Resources/PXToolsLoginTop.png HTTP/1.1" 304 -
200.112.49.242 - - [10/Mar/2017:08:22:34 -0300] "GET /cormun/static/Resources/PXToolsLoginBottom.png HTTP/1.1" 304 -
192.168.10.96 - - [10/Mar/2017:08:22:38 -0300] "POST /cormun/servlet/trsolicitudgral?d4e5d888e3b0ef2ddd22fa5cc1bc6480,,gx-no-cache=1489148242069 HTTP/1.1" 200 7505
192.168.10.96 - - [10/Mar/2017:08:22:38 -0300] "GET /cormun/static/Shared/jqueryui/images/ui-bg_highlight-soft_100_c6c2c8_1x100.png HTTP/1.1" 404 1117
192.168.10.96 - - [10/Mar/2017:08:22:38 -0300] "GET /cormun/static/Shared/jqueryui/images/ui-icons_82798d_256x240.png HTTP/1.1" 404 1089
192.168.10.96 - - [10/Mar/2017:08:22:38 -0300] "GET /cormun/static/Shared/jqueryui/images/ui-icons_8d78a5_256x240.png HTTP/1.1" 404 1089
192.168.10.96 - - [10/Mar/2017:08:22:38 -0300] "GET /cormun/static/Shared/jqueryui/images/ui-bg_flat_55_fafafa_40x100.png HTTP/1.1" 404 1097
200.112.49.242 - - [10/Mar/2017:08:22:48 -0300] "POST /cormun/servlet/hlogin?0dcbcc117c8c06906b10e2fd7978ec36,gx-no-cache=1489145036083 HTTP/1.1" 200 90
200.112.49.242 - - [10/Mar/2017:08:22:48 -0300] "GET /cormun/servlet/hpexe_link HTTP/1.1" 200 950
200.112.49.242 - - [10/Mar/2017:08:22:48 -0300] "GET /cormun/servlet/hhome HTTP/1.1" 200 3997
200.112.49.242 - - [10/Mar/2017:08:22:53 -0300] "GET /cormun/servlet/trautorizarsolicitud? HTTP/1.1" 200 6917
200.112.49.242 - - [10/Mar/2017:08:22:54 -0300] "GET /cormun/static/gxcfg.js?2017259112829 HTTP/1.1" 304 -
200.112.49.242 - - [10/Mar/2017:08:23:00 -0300] "GET /cormun/servlet/trvisualizadoreventos? HTTP/1.1" 200 6722
200.112.49.242 - - [10/Mar/2017:08:23:01 -0300] "GET /cormun/static/gxcfg.js?2016101716203350 HTTP/1.1" 304 -
200.112.49.242 - - [10/Mar/2017:08:23:05 -0300] "GET /cormun/servlet/trsolicitudot? HTTP/1.1" 200 6965
200.112.49.242 - - [10/Mar/2017:08:23:11 -0300] "GET /cormun/servlet/trsolicitudot? HTTP/1.1" 200 6964
200.112.49.242 - - [10/Mar/2017:08:23:16 -0300] "GET /cormun/servlet/trautorizarsolicitud? HTTP/1.1" 200 6918
200.112.49.242 - - [10/Mar/2017:08:23:43 -0300] "GET /cormun/servlet/trvisualizadoreventos? HTTP/1.1" 200 6722
200.112.49.242 - - [10/Mar/2017:08:23:48 -0300] "GET /cormun/servlet/trsolicitudot? HTTP/1.1" 200 6965
200.112.49.242 - - [10/Mar/2017:08:23:51 -0300] "GET /cormun/servlet/solicitudot?INS,0,0, HTTP/1.1" 200 12796
186.67.172.234 - - [10/Mar/2017:08:24:27 -0300] "GET /cormun/servlet/trsolicitudot? HTTP/1.1" 200 7972
186.67.172.234 - - [10/Mar/2017:08:24:28 -0300] "GET /cormun/servlet/trsolicitudot? HTTP/1.1" 200 7969
186.67.172.234 - - [10/Mar/2017:08:24:34 -0300] "GET /cormun/servlet/vesolicitudot?2017,5395,, HTTP/1.1" 200 7936
186.67.172.234 - - [10/Mar/2017:08:24:34 -0300] "GET /cormun/pexe_scrolldiv.js HTTP/1.1" 404 1009
186.67.172.234 - - [10/Mar/2017:08:24:34 -0300] "GET /cormun/servlet/vesolicitudot?2017,5395,, HTTP/1.1" 200 7935
186.67.172.234 - - [10/Mar/2017:08:24:44 -0300] "GET /cormun/servlet/vesolicitudot?2017,5395,,SolicitudOTAdjuntos HTTP/1.1" 200 7129
186.67.172.234 - - [10/Mar/2017:08:24:44 -0300] "GET /cormun/pexe_scrolldiv.js HTTP/1.1" 404 1009
186.67.172.234 - - [10/Mar/2017:08:24:44 -0300] "GET /cormun/pexe_scrolldiv.js HTTP/1.1" 404 1009
186.67.172.234 - - [10/Mar/2017:08:24:45 -0300] "GET /cormun/servlet/vesolicitudot?2017,5395,,SolicitudOTAdjuntos HTTP/1.1" 200 7130
186.67.172.234 - - [10/Mar/2017:08:24:46 -0300] "POST /cormun/servlet/acontrolpreferencessavestate?None,BSILVA,true HTTP/1.1" 200 35
186.67.172.234 - - [10/Mar/2017:08:24:50 -0300] "GET /cormun/servlet/vesolicitudot?2017,5395,,SolicitudOTLog HTTP/1.1" 200 6945
186.67.172.234 - - [10/Mar/2017:08:24:50 -0300] "GET /cormun/pexe_scrolldiv.js HTTP/1.1" 404 1009
186.67.172.234 - - [10/Mar/2017:08:24:50 -0300] "GET /cormun/static/tbsolicitudot03.js?201612218425438 HTTP/1.1" 200 13323
186.67.172.234 - - [10/Mar/2017:08:24:50 -0300] "GET /cormun/static/Resources/PXToolsTabLastSelected.png HTTP/1.1" 200 1262
186.67.172.234 - - [10/Mar/2017:08:24:50 -0300] "GET /cormun/servlet/vesolicitudot?2017,5395,,SolicitudOTLog HTTP/1.1" 200 6945
186.67.172.234 - - [10/Mar/2017:08:24:51 -0300] "POST /cormun/servlet/acontrolpreferencessavestate?None,BSILVA,true HTTP/1.1" 200 35
186.67.172.234 - - [10/Mar/2017:08:24:59 -0300] "GET /cormun/servlet/trsolicitudot? HTTP/1.1" 200 7979
186.67.172.234 - - [10/Mar/2017:08:24:59 -0300] "GET /cormun/servlet/trsolicitudot? HTTP/1.1" 200 7973
186.67.172.234 - - [10/Mar/2017:08:25:54 -0300] "GET /cormun/static/menuarrow.gif HTTP/1.1" 404 1015
191.96.249.97 - - [10/Mar/2017:08:29:16 -0300] "GET /setup.cgi HTTP/1.1" 404 979
186.67.172.234 - - [10/Mar/2017:08:29:24 -0300] "GET /cormun/servlet/solicitudot?INS,0,0, HTTP/1.1" 200 12558
186.67.172.234 - - [10/Mar/2017:08:29:25 -0300] "GET /cormun/servlet/solicitudot?INS,0,0, HTTP/1.1" 200 12563
186.67.172.234 - - [10/Mar/2017:08:29:45 -0300] "POST /cormun/servlet/solicitudot?gx-no-cache=1489145454236 HTTP/1.1" 200 3081
186.67.172.234 - - [10/Mar/2017:08:29:45 -0300] "POST /cormun/servlet/solicitudot?b981d1b4b5ad30aaccc7e8baf614c9d0,INS,0,0,,gx-no-cache=1489145454818 HTTP/1.1" 200 9679
192.168.10.89 - - [10/Mar/2017:08:29:49 -0300] "POST /cormun/servlet/trsolicitudgral?ea02cf5fe1c2aa9466175592fd156b19,,gx-no-cache=1489148673100 HTTP/1.1" 200 6677
186.67.172.234 - - [10/Mar/2017:08:29:51 -0300] "GET /cormun/servlet/solicitudot?c135e4a7a4d23ce8e24a9b69d9db5c1f740940bf62f253c52b095ea35f8f35b2e5df0ddab5f89f57e7d1bcecf826718c,gx-no-cache=1489145460857 HTTP/1.1" 200 111
186.67.172.234 - - [10/Mar/2017:08:29:51 -0300] "GET /cormun/static/Shared/jqueryui/images/ui-bg_highlight-soft_100_c6c2c8_1x100.png HTTP/1.1" 404 1117
186.67.172.234 - - [10/Mar/2017:08:29:51 -0300] "GET /cormun/static/Shared/jqueryui/images/ui-icons_82798d_256x240.png HTTP/1.1" 404 1089
186.67.172.234 - - [10/Mar/2017:08:29:51 -0300] "GET /cormun/static/Shared/jqueryui/images/ui-bg_flat_55_994d53_40x100.png HTTP/1.1" 404 1097
186.67.172.234 - - [10/Mar/2017:08:29:51 -0300] "GET /cormun/static/Shared/jqueryui/images/ui-icons_ebccce_256x240.png HTTP/1.1" 404 1089
192.168.10.89 - - [10/Mar/2017:08:30:01 -0300] "POST /cormun/servlet/trsolicitudgral?ea02cf5fe1c2aa9466175592fd156b19,,gx-no-cache=1489148685069 HTTP/1.1" 200 115
192.168.10.89 - - [10/Mar/2017:08:30:01 -0300] "GET /cormun/servlet/solicitudotlog?INS,2017,5344,0,REC, HTTP/1.1" 200 6159
192.168.10.89 - - [10/Mar/2017:08:30:02 -0300] "GET /cormun/servlet/solicitudotlog?350cfb2d53f24f850be85bebedaa3cd4d3ba6b7dd3fce7343c4521c47d52f43e19449034f06bf489bb4fc5526f51dfa77019d7793c85f7238cda468adfff20cecf4ff9f6d03c84fea3291c6e34baa3390bf6b5fe3ad4c730f0552e890c5a2ee62ff43b9a88777e2f80e33af52d4fdf568cbcb5fa13fdeee89ef1c4756c36891f1bfc1c989b3d119f748f49d9301d0c305f710ceb59d5fc910e18abb7ed4ab1c0,gx-no-cache=1489148686251 HTTP/1.1" 200 94
192.168.10.89 - - [10/Mar/2017:08:30:05 -0300] "POST /cormun/servlet/solicitudotlog?ea02cf5fe1c2aa9466175592fd156b19,INS,2017,5344,0,REC,,gx-no-cache=1489148689034 HTTP/1.1" 200 93
192.168.10.89 - - [10/Mar/2017:08:30:05 -0300] "GET /cormun/servlet/hpexe_return? HTTP/1.1" 200 1024
192.168.10.89 - - [10/Mar/2017:08:30:05 -0300] "GET /cormun/servlet/trsolicitudgral? HTTP/1.1" 200 8717
192.168.10.89 - - [10/Mar/2017:08:30:09 -0300] "POST /cormun/servlet/trsolicitudgral?ea02cf5fe1c2aa9466175592fd156b19,,gx-no-cache=1489148693084 HTTP/1.1" 200 12925
186.67.172.234 - - [10/Mar/2017:08:30:11 -0300] "POST /cormun/servlet/solicitudot?gx-no-cache=1489145480145 HTTP/1.1" 200 3205
186.67.172.234 - - [10/Mar/2017:08:30:12 -0300] "POST /cormun/servlet/solicitudot?b981d1b4b5ad30aaccc7e8baf614c9d0,INS,0,0,,gx-no-cache=1489145480305 HTTP/1.1" 200 9818
186.67.172.234 - - [10/Mar/2017:08:30:12 -0300] "GET /cormun/servlet/solicitudot?c135e4a7a4d23ce8e24a9b69d9db5c1fb5f6af8993545e7e020b5384ab5acd77e5df0ddab5f89f57e7d1bcecf826718c,gx-no-cache=1489145481637 HTTP/1.1" 200 30
192.168.10.89 - - [10/Mar/2017:08:30:22 -0300] "POST /cormun/servlet/trsolicitudgral?ea02cf5fe1c2aa9466175592fd156b19,,gx-no-cache=1489148706336 HTTP/1.1" 200 6687
192.168.10.89 - - [10/Mar/2017:08:30:24 -0300] "POST /cormun/servlet/trsolicitudgral?ea02cf5fe1c2aa9466175592fd156b19,,gx-no-cache=1489148708057 HTTP/1.1" 200 115
192.168.10.89 - - [10/Mar/2017:08:30:24 -0300] "GET /cormun/servlet/solicitudotlog?INS,2017,5329,0,REC, HTTP/1.1" 200 6159
192.168.10.89 - - [10/Mar/2017:08:30:25 -0300] "GET /cormun/servlet/solicitudotlog?350cfb2d53f24f850be85bebedaa3cd4b214e075c73b562b4992eb3b80cc0dc719449034f06bf489bb4fc5526f51dfa77019d7793c85f7238cda468adfff20cecf4ff9f6d03c84fea3291c6e34baa3390bf6b5fe3ad4c730f0552e890c5a2ee62ff43b9a88777e2f80e33af52d4fdf568cbcb5fa13fdeee89ef1c4756c36891f1bfc1c989b3d119f748f49d9301d0c305f710ceb59d5fc910e18abb7ed4ab1c0,gx-no-cache=1489148709255 HTTP/1.1" 200 94
186.67.172.234 - - [10/Mar/2017:08:30:29 -0300] "POST /cormun/servlet/solicitudot?gx-no-cache=1489145498258 HTTP/1.1" 200 240
186.67.172.234 - - [10/Mar/2017:08:30:29 -0300] "GET /cormun/servlet/solicitudot?c135e4a7a4d23ce8e24a9b69d9db5c1fc417c136640991e5f2aad23b29290cf2b8712b96320eaeba58f7a9d91496c47c87d0269e1a997bed1525216f8bfe7615025261413b2bf3558d9154cdc5851bc581f754c29e09ac6e52d891f1a20db26616e4710a5db23df86b28704f4eaf6329f8834d6c6cd2a56ef295d33681ad70f91c539d744f273fc389433ee6e0218fc6324aa85dc300d86ffcf46738b6ad7c86b9dd8c6a1345842c6b011a885121f6f90c1d1848cf2a85b29d697d955c4d0c772b158e0432ecae724a7f47de29e8c73ec5bd0e6fcbc6a028aa085b29b2dcff74b8d23c920f2af3963e092e1789c84089c3160c71d264191bc843f6fa687bde3f1d54fcf7ace3767e5fb92fe77a93ed5b2795599686c49ebde3d55eb07b081e3732e5bbfa3a00997ee2e744d2ac2c1439b5adb41170f0803e1846c3dd3131535886a02118579acf317625e87a2f56841d09d884c6937164aaa8115daef981ddbb9913607780a5969da3fbc839289dd0fff4b550db3d5f188eab504a113e8f9bdd,gx-no-cache=1489145498344 HTTP/1.1" 200 30
186.67.172.234 - - [10/Mar/2017:08:30:29 -0300] "POST /cormun/servlet/solicitudot?gx-no-cache=1489145498480 HTTP/1.1" 200 30
186.67.172.234 - - [10/Mar/2017:08:30:29 -0300] "POST /cormun/servlet/solicitudot?gx-no-cache=1489145498560 HTTP/1.1" 200 235
186.67.172.234 - - [10/Mar/2017:08:30:29 -0300] "POST /cormun/servlet/solicitudot?gx-no-cache=1489145498638 HTTP/1.1" 200 38
192.168.10.89 - - [10/Mar/2017:08:30:30 -0300] "POST /cormun/servlet/solicitudotlog?ea02cf5fe1c2aa9466175592fd156b19,INS,2017,5329,0,REC,,gx-no-cache=1489148714237 HTTP/1.1" 200 93
192.168.10.89 - - [10/Mar/2017:08:30:30 -0300] "GET /cormun/servlet/hpexe_return? HTTP/1.1" 200 1025
192.168.10.89 - - [10/Mar/2017:08:30:31 -0300] "GET /cormun/servlet/trsolicitudgral? HTTP/1.1" 200 8715
192.168.10.89 - - [10/Mar/2017:08:30:51 -0300] "POST /cormun/servlet/trsolicitudgral?ea02cf5fe1c2aa9466175592fd156b19,,gx-no-cache=1489148735268 HTTP/1.1" 200 6668
186.67.172.234 - - [10/Mar/2017:08:30:53 -0300] "GET /cormun/servlet/solicitudot?c135e4a7a4d23ce8e24a9b69d9db5c1f8334e584f2c59ad500b65fdd491bfe4f8c45a886e6fec6cd231fb7602b5c6ebd77b2f06432e4e56421d3b2210ec84b99f1d34b1c387ffc99bac8dd21afcab605aae02773e72701388aa59a4070176b88a1ff6b510324630052b54c7800f42787,gx-no-cache=1489145522555 HTTP/1.1" 200 29
186.67.172.234 - - [10/Mar/2017:08:30:53 -0300] "POST /cormun/servlet/solicitudot?gx-no-cache=1489145522601 HTTP/1.1" 200 643
192.168.10.89 - - [10/Mar/2017:08:30:53 -0300] "POST /cormun/servlet/trsolicitudgral?ea02cf5fe1c2aa9466175592fd156b19,,gx-no-cache=1489148736921 HTTP/1.1" 200 115
192.168.10.89 - - [10/Mar/2017:08:30:53 -0300] "GET /cormun/servlet/solicitudotlog?INS,2017,5328,0,REC, HTTP/1.1" 200 6159
192.168.10.89 - - [10/Mar/2017:08:30:54 -0300] "GET /cormun/servlet/solicitudotlog?350cfb2d53f24f850be85bebedaa3cd4298e43a356d5fa2d654484f51bd44bce19449034f06bf489bb4fc5526f51dfa77019d7793c85f7238cda468adfff20cecf4ff9f6d03c84fea3291c6e34baa3390bf6b5fe3ad4c730f0552e890c5a2ee62ff43b9a88777e2f80e33af52d4fdf568cbcb5fa13fdeee89ef1c4756c36891f1bfc1c989b3d119f748f49d9301d0c305f710ceb59d5fc910e18abb7ed4ab1c0,gx-no-cache=1489148738073 HTTP/1.1" 200 94
186.67.172.234 - - [10/Mar/2017:08:30:56 -0300] "POST /cormun/servlet/solicitudot?gx-no-cache=1489145525726 HTTP/1.1" 200 1157
192.168.10.89 - - [10/Mar/2017:08:30:57 -0300] "POST /cormun/servlet/solicitudotlog?ea02cf5fe1c2aa9466175592fd156b19,INS,2017,5328,0,REC,,gx-no-cache=1489148740801 HTTP/1.1" 200 93
192.168.10.89 - - [10/Mar/2017:08:30:57 -0300] "GET /cormun/servlet/hpexe_return? HTTP/1.1" 200 1024
192.168.10.89 - - [10/Mar/2017:08:30:57 -0300] "GET /cormun/servlet/trsolicitudgral? HTTP/1.1" 200 8720
186.103.159.44 - - [10/Mar/2017:08:31:06 -0300] "POST /cormun/servlet/solicitudot?gx-no-cache=1489145527887 HTTP/1.1" 200 297
192.168.10.89 - - [10/Mar/2017:08:31:23 -0300] "POST /cormun/servlet/trsolicitudgral?ea02cf5fe1c2aa9466175592fd156b19,,gx-no-cache=1489148766876 HTTP/1.1" 200 6682
186.103.159.44 - - [10/Mar/2017:08:31:23 -0300] "POST /cormun/servlet/solicitudot?gx-no-cache=1489145545956 HTTP/1.1" 200 256
192.168.10.89 - - [10/Mar/2017:08:31:31 -0300] "GET /cormun/servlet/solicitudgral?UPD,2017,5326, HTTP/1.1" 200 12189
192.168.10.89 - - [10/Mar/2017:08:31:31 -0300] "GET /cormun/static/gxcfg.js?2017261155185 HTTP/1.1" 304 -
192.168.10.89 - - [10/Mar/2017:08:31:31 -0300] "GET /cormun/static/solicitudgral.js?2017261155246 HTTP/1.1" 304 -
192.168.10.89 - - [10/Mar/2017:08:31:33 -0300] "POST /cormun/servlet/solicitudgral?gx-no-cache=1489148776476 HTTP/1.1" 200 3191
192.168.10.89 - - [10/Mar/2017:08:31:33 -0300] "GET /cormun/servlet/solicitudgral?350cfb2d53f24f850be85bebedaa3cd427c59d17a5435eea5ea3a047109a93051ce9f9260aa00e6ac01b5e737ca51a91ff482bda7bbb6c0f0ee2874deb73197a5360107a4c2e50b8cdf7c85a31f7f8b31e362879eae7e5655609c1b96a843a6c3e4c1505939a59aed5483685c7f667ff776a1f692aa78bbc362188ef5edf4fbfb6a711988d5b9e419aec2d1dd49a0fda000ccc7b3f746d1d70bdde2ae6cae7b837d6317300e7f8b9702c5e841731e6da4ebc866ddfcfd891f04cc157b1f0878c257a51bdf86f95f4bd3fa8af476b9467dd60e9aa66e875e11a49bf5af7dbb2cca1314d2b4afae13be9217690fdee3428739da9096a463d8593283838ce0c340691b3f746432bf76d8108124240aff623b6bb75f8890839ce01584aaa395f21f89965c63bcb44f0c3f823fbe5358d60aa0ef84cdc65ebcfcca12a682af67c7ae100d1931548c6656366409da634a216ea,gx-no-cache=1489148776770 HTTP/1.1" 200 257
192.168.10.89 - - [10/Mar/2017:08:31:36 -0300] "GET /cormun/servlet/trsolicitudgral? HTTP/1.1" 200 9976
192.168.10.89 - - [10/Mar/2017:08:31:39 -0300] "POST /cormun/servlet/trsolicitudgral?ea02cf5fe1c2aa9466175592fd156b19,,gx-no-cache=1489148783144 HTTP/1.1" 200 115
192.168.10.89 - - [10/Mar/2017:08:31:39 -0300] "GET /cormun/servlet/solicitudotlog?INS,2017,5326,0,REC, HTTP/1.1" 200 6157
186.103.159.44 - - [10/Mar/2017:08:31:40 -0300] "GET /cormun/servlet/solicitudot?f1d5225fa30729d7e0f403b82240fc75d06ee3eb1bd64b51b46bc6468df334c06adf9b92050c40369d9d11b83b6e3cbc96bc9238ba874bd05032899d195c42c87063dbf5e5866f8f4ce7358be3fbd079217337f61305a31f8cba9f671fbe75cdf71ce49e4c87ba52273bc431af53802cac2154aa7b50dcaef0cd86a5e79d878728d71877362f6baf9f24b98d08f8e75ba20975e471bedd72a7f2bd39369fc1eed96932c214fabe7c9aeacc5c1a0ad079c7ef40d514eb1ad547bf46fb8cc7e49472b8aced155c87edbe935e63c51f6e4e567f7994ad01f5ab7aefc021bfd5d75462166864b9cebccbf72c1e7bd5efb1b9f03f243067fc8c6bb76bcaee4b272a36be8a0ac4cd3ae2960d994a2f38db73538d006aaa139328a8c41ca977179e4c67e2375e311b5f134d436a22b5ebba1156b60bbb38c1d43db641f43a890f8ecc8f52a9c29aa6ee895bc915f269ce2807510a681f10aeaad0d91be596dfc90bc5d81fc12dd2a569680c30d0e8f30929a5d6762d2b7c83bd38ce269d6828bd8129ab,gx-no-cache=1489145562231 HTTP/1.1" 200 30
192.168.10.89 - - [10/Mar/2017:08:31:40 -0300] "GET /cormun/servlet/solicitudotlog?350cfb2d53f24f850be85bebedaa3cd476da17b6cafdf6f3b544e346c44d2d0019449034f06bf489bb4fc5526f51dfa77019d7793c85f7238cda468adfff20cecf4ff9f6d03c84fea3291c6e34baa3390bf6b5fe3ad4c730f0552e890c5a2ee62ff43b9a88777e2f80e33af52d4fdf568cbcb5fa13fdeee89ef1c4756c36891f1bfc1c989b3d119f748f49d9301d0c305f710ceb59d5fc910e18abb7ed4ab1c0,gx-no-cache=1489148784357 HTTP/1.1" 200 94
192.168.10.89 - - [10/Mar/2017:08:31:43 -0300] "POST /cormun/servlet/solicitudotlog?ea02cf5fe1c2aa9466175592fd156b19,INS,2017,5326,0,REC,,gx-no-cache=1489148787301 HTTP/1.1" 200 93
192.168.10.89 - - [10/Mar/2017:08:31:43 -0300] "GET /cormun/servlet/hpexe_return? HTTP/1.1" 200 1023
192.168.10.89 - - [10/Mar/2017:08:31:44 -0300] "GET /cormun/servlet/trsolicitudgral HTTP/1.1" 200 8717
192.168.10.89 - - [10/Mar/2017:08:31:54 -0300] "POST /cormun/servlet/trsolicitudgral?ea02cf5fe1c2aa9466175592fd156b19,gx-no-cache=1489148798116 HTTP/1.1" 200 6691
192.168.10.89 - - [10/Mar/2017:08:31:56 -0300] "POST /cormun/servlet/trsolicitudgral?ea02cf5fe1c2aa9466175592fd156b19,gx-no-cache=1489148799720 HTTP/1.1" 200 115
192.168.10.89 - - [10/Mar/2017:08:31:56 -0300] "GET /cormun/servlet/solicitudotlog?INS,2017,5325,0,REC, HTTP/1.1" 200 6159
192.168.10.89 - - [10/Mar/2017:08:31:57 -0300] "GET /cormun/servlet/solicitudotlog?350cfb2d53f24f850be85bebedaa3cd47249dda3ff125eaa225f72f12513ebff19449034f06bf489bb4fc5526f51dfa77019d7793c85f7238cda468adfff20cecf4ff9f6d03c84fea3291c6e34baa3390bf6b5fe3ad4c730f0552e890c5a2ee62ff43b9a88777e2f80e33af52d4fdf568cbcb5fa13fdeee89ef1c4756c36891f1bfc1c989b3d119f748f49d9301d0c305f710ceb59d5fc910e18abb7ed4ab1c0,gx-no-cache=1489148800979 HTTP/1.1" 200 94
192.168.10.89 - - [10/Mar/2017:08:32:00 -0300] "POST /cormun/servlet/solicitudotlog?ea02cf5fe1c2aa9466175592fd156b19,INS,2017,5325,0,REC,,gx-no-cache=1489148803678 HTTP/1.1" 200 93
192.168.10.89 - - [10/Mar/2017:08:32:00 -0300] "GET /cormun/servlet/hpexe_return? HTTP/1.1" 200 1045
192.168.10.89 - - [10/Mar/2017:08:32:00 -0300] "GET /cormun/servlet/trsolicitudgral?gx-no-cache=1489148798116 HTTP/1.1" 200 8719
186.103.159.44 - - [10/Mar/2017:08:32:01 -0300] "POST /cormun/servlet/solicitudot?gx-no-cache=1489145583372 HTTP/1.1" 200 298
192.168.10.89 - - [10/Mar/2017:08:32:12 -0300] "POST /cormun/servlet/trsolicitudgral?ea02cf5fe1c2aa9466175592fd156b19,gx-no-cache=1489148798116,gx-no-cache=1489148815609 HTTP/1.1" 200 6673
192.168.10.89 - - [10/Mar/2017:08:32:13 -0300] "POST /cormun/servlet/trsolicitudgral?ea02cf5fe1c2aa9466175592fd156b19,gx-no-cache=1489148798116,gx-no-cache=1489148817304 HTTP/1.1" 200 115
192.168.10.89 - - [10/Mar/2017:08:32:13 -0300] "GET /cormun/servlet/solicitudotlog?INS,2017,5324,0,REC, HTTP/1.1" 200 6180
192.168.10.89 - - [10/Mar/2017:08:32:15 -0300] "GET /cormun/servlet/solicitudotlog?350cfb2d53f24f850be85bebedaa3cd45cca139129bcc292b869fd47fdbf830319449034f06bf489bb4fc5526f51dfa77019d7793c85f7238cda468adfff20cecf4ff9f6d03c84fea3291c6e34baa3390bf6b5fe3ad4c730f0552e890c5a2ee62ff43b9a88777e2f80e33af52d4fdf568cbcb5fa13fdeee89ef1c4756c36891f1bfc1c989b3d119f748f49d9301d0c305f710ceb59d5fc910e18abb7ed4ab1c0,gx-no-cache=1489148818608 HTTP/1.1" 200 94
192.168.10.89 - - [10/Mar/2017:08:32:18 -0300] "POST /cormun/servlet/solicitudotlog?ea02cf5fe1c2aa9466175592fd156b19,INS,2017,5324,0,REC,,gx-no-cache=1489148822343 HTTP/1.1" 200 93
192.168.10.89 - - [10/Mar/2017:08:32:18 -0300] "GET /cormun/servlet/hpexe_return? HTTP/1.1" 200 1045
192.168.10.89 - - [10/Mar/2017:08:32:19 -0300] "GET /cormun/servlet/trsolicitudgral?gx-no-cache=1489148798116 HTTP/1.1" 200 8715
192.168.10.89 - - [10/Mar/2017:08:32:27 -0300] "POST /cormun/servlet/trsolicitudgral?ea02cf5fe1c2aa9466175592fd156b19,gx-no-cache=1489148798116,gx-no-cache=1489148830481 HTTP/1.1" 200 6693
192.168.10.89 - - [10/Mar/2017:08:32:28 -0300] "POST /cormun/servlet/trsolicitudgral?ea02cf5fe1c2aa9466175592fd156b19,gx-no-cache=1489148798116,gx-no-cache=1489148832378 HTTP/1.1" 200 115
192.168.10.89 - - [10/Mar/2017:08:32:29 -0300] "GET /cormun/servlet/solicitudotlog?INS,2017,5323,0,REC, HTTP/1.1" 200 6180
192.168.10.89 - - [10/Mar/2017:08:32:30 -0300] "GET /cormun/servlet/solicitudotlog?350cfb2d53f24f850be85bebedaa3cd4def311df779b7a8c438d66130d39dae519449034f06bf489bb4fc5526f51dfa77019d7793c85f7238cda468adfff20cecf4ff9f6d03c84fea3291c6e34baa3390bf6b5fe3ad4c730f0552e890c5a2ee62ff43b9a88777e2f80e33af52d4fdf568cbcb5fa13fdeee89ef1c4756c36891f1bfc1c989b3d119f748f49d9301d0c305f710ceb59d5fc910e18abb7ed4ab1c0,gx-no-cache=1489148833692 HTTP/1.1" 200 94
192.168.10.89 - - [10/Mar/2017:08:32:32 -0300] "POST /cormun/servlet/solicitudotlog?ea02cf5fe1c2aa9466175592fd156b19,INS,2017,5323,0,REC,,gx-no-cache=1489148836375 HTTP/1.1" 200 93
192.168.10.89 - - [10/Mar/2017:08:32:32 -0300] "GET /cormun/servlet/hpexe_return? HTTP/1.1" 200 1045
192.168.10.89 - - [10/Mar/2017:08:32:33 -0300] "GET /cormun/servlet/trsolicitudgral?gx-no-cache=1489148798116 HTTP/1.1" 200 8717
192.168.10.89 - - [10/Mar/2017:08:32:49 -0300] "POST /cormun/servlet/trsolicitudgral?ea02cf5fe1c2aa9466175592fd156b19,gx-no-cache=1489148798116,gx-no-cache=1489148852940 HTTP/1.1" 200 6975
192.168.10.89 - - [10/Mar/2017:08:32:51 -0300] "POST /cormun/servlet/trsolicitudgral?ea02cf5fe1c2aa9466175592fd156b19,gx-no-cache=1489148798116,gx-no-cache=1489148855294 HTTP/1.1" 200 115
192.168.10.89 - - [10/Mar/2017:08:32:51 -0300] "GET /cormun/servlet/solicitudotlog?INS,2017,5322,0,REC, HTTP/1.1" 200 6180
192.168.10.89 - - [10/Mar/2017:08:32:53 -0300] "GET /cormun/servlet/solicitudotlog?350cfb2d53f24f850be85bebedaa3cd435779af8638616b7b28fdc0e400798c819449034f06bf489bb4fc5526f51dfa77019d7793c85f7238cda468adfff20cecf4ff9f6d03c84fea3291c6e34baa3390bf6b5fe3ad4c730f0552e890c5a2ee62ff43b9a88777e2f80e33af52d4fdf568cbcb5fa13fdeee89ef1c4756c36891f1bfc1c989b3d119f748f49d9301d0c305f710ceb59d5fc910e18abb7ed4ab1c0,gx-no-cache=1489148856627 HTTP/1.1" 200 94
192.168.10.89 - - [10/Mar/2017:08:32:57 -0300] "POST /cormun/servlet/solicitudotlog?ea02cf5fe1c2aa9466175592fd156b19,INS,2017,5322,0,REC,,gx-no-cache=1489148860670 HTTP/1.1" 200 93
192.168.10.89 - - [10/Mar/2017:08:32:57 -0300] "GET /cormun/servlet/hpexe_return? HTTP/1.1" 200 1045
192.168.10.89 - - [10/Mar/2017:08:32:57 -0300] "GET /cormun/servlet/trsolicitudgral?gx-no-cache=1489148798116 HTTP/1.1" 200 9985
192.168.10.89 - - [10/Mar/2017:08:32:59 -0300] "POST /cormun/servlet/trsolicitudgral?ea02cf5fe1c2aa9466175592fd156b19,gx-no-cache=1489148798116,gx-no-cache=1489148863201 HTTP/1.1" 200 115
192.168.10.89 - - [10/Mar/2017:08:32:59 -0300] "GET /cormun/servlet/solicitudotlog?INS,2017,5050,0,REC, HTTP/1.1" 200 6180
192.168.10.89 - - [10/Mar/2017:08:33:01 -0300] "GET /cormun/servlet/solicitudotlog?350cfb2d53f24f850be85bebedaa3cd4cf36dbce2a9154328956df43f5c199a119449034f06bf489bb4fc5526f51dfa77019d7793c85f7238cda468adfff20cecf4ff9f6d03c84fea3291c6e34baa3390bf6b5fe3ad4c730f0552e890c5a2ee62ff43b9a88777e2f80e33af52d4fdf568cbcb5fa13fdeee89ef1c4756c36891f1bfc1c989b3d119f748f49d9301d0c305f710ceb59d5fc910e18abb7ed4ab1c0,gx-no-cache=1489148864611 HTTP/1.1" 200 94
192.168.10.89 - - [10/Mar/2017:08:33:04 -0300] "POST /cormun/servlet/solicitudotlog?ea02cf5fe1c2aa9466175592fd156b19,INS,2017,5050,0,REC,,gx-no-cache=1489148867457 HTTP/1.1" 200 93
192.168.10.89 - - [10/Mar/2017:08:33:04 -0300] "GET /cormun/servlet/hpexe_return? HTTP/1.1" 200 1045
192.168.10.89 - - [10/Mar/2017:08:33:04 -0300] "GET /cormun/servlet/trsolicitudgral?gx-no-cache=1489148798116 HTTP/1.1" 200 8716
192.168.10.89 - - [10/Mar/2017:08:33:21 -0300] "POST /cormun/servlet/trsolicitudgral?ea02cf5fe1c2aa9466175592fd156b19,gx-no-cache=1489148798116,gx-no-cache=1489148884561 HTTP/1.1" 200 6671
192.168.10.89 - - [10/Mar/2017:08:33:22 -0300] "POST /cormun/servlet/trsolicitudgral?ea02cf5fe1c2aa9466175592fd156b19,gx-no-cache=1489148798116,gx-no-cache=1489148886240 HTTP/1.1" 200 115
192.168.10.89 - - [10/Mar/2017:08:33:22 -0300] "GET /cormun/servlet/solicitudotlog?INS,2017,5321,0,REC, HTTP/1.1" 200 6181
192.168.10.89 - - [10/Mar/2017:08:33:24 -0300] "GET /cormun/servlet/solicitudotlog?350cfb2d53f24f850be85bebedaa3cd487ceb2dae03651cc931d05138330c0d519449034f06bf489bb4fc5526f51dfa77019d7793c85f7238cda468adfff20cecf4ff9f6d03c84fea3291c6e34baa3390bf6b5fe3ad4c730f0552e890c5a2ee62ff43b9a88777e2f80e33af52d4fdf568cbcb5fa13fdeee89ef1c4756c36891f1bfc1c989b3d119f748f49d9301d0c305f710ceb59d5fc910e18abb7ed4ab1c0,gx-no-cache=1489148887653 HTTP/1.1" 200 94
192.168.10.89 - - [10/Mar/2017:08:33:26 -0300] "POST /cormun/servlet/solicitudotlog?ea02cf5fe1c2aa9466175592fd156b19,INS,2017,5321,0,REC,,gx-no-cache=1489148890319 HTTP/1.1" 200 93
192.168.10.89 - - [10/Mar/2017:08:33:26 -0300] "GET /cormun/servlet/hpexe_return? HTTP/1.1" 200 1045
186.103.159.44 - - [10/Mar/2017:08:33:26 -0300] "GET /cormun/servlet/hlogin HTTP/1.1" 200 1722
186.103.159.44 - - [10/Mar/2017:08:33:27 -0300] "GET /cormun/static/Resources/Spanish/PXTools.css?167811 HTTP/1.1" 304 -
186.103.159.44 - - [10/Mar/2017:08:33:27 -0300] "GET /cormun/static/gxtimezone.js?85251 HTTP/1.1" 304 -
186.103.159.44 - - [10/Mar/2017:08:33:27 -0300] "GET /cormun/static/gxgral.js?85251 HTTP/1.1" 304 -
186.103.159.44 - - [10/Mar/2017:08:33:27 -0300] "GET /cormun/static/gxcfg.js?201612216162538 HTTP/1.1" 304 -
186.103.159.44 - - [10/Mar/2017:08:33:27 -0300] "GET /cormun/static/Resources/ComunLogin.png HTTP/1.1" 304 -
186.103.159.44 - - [10/Mar/2017:08:33:27 -0300] "GET /cormun/static/messages.spa.js?85251 HTTP/1.1" 304 -
186.103.159.44 - - [10/Mar/2017:08:33:27 -0300] "GET /cormun/static/hlogin.js?201612216162555 HTTP/1.1" 304 -
192.168.10.89 - - [10/Mar/2017:08:33:27 -0300] "GET /cormun/servlet/trsolicitudgral?gx-no-cache=1489148798116 HTTP/1.1" 200 8716
186.103.159.44 - - [10/Mar/2017:08:33:27 -0300] "GET /cormun/static/Resources/indicator.gif HTTP/1.1" 304 -
192.168.10.89 - - [10/Mar/2017:08:33:38 -0300] "POST /cormun/servlet/trsolicitudgral?ea02cf5fe1c2aa9466175592fd156b19,gx-no-cache=1489148798116,gx-no-cache=1489148901489 HTTP/1.1" 200 6692
192.168.10.89 - - [10/Mar/2017:08:33:39 -0300] "POST /cormun/servlet/trsolicitudgral?ea02cf5fe1c2aa9466175592fd156b19,gx-no-cache=1489148798116,gx-no-cache=1489148903043 HTTP/1.1" 200 115
192.168.10.89 - - [10/Mar/2017:08:33:39 -0300] "GET /cormun/servlet/solicitudotlog?INS,2017,5320,0,REC, HTTP/1.1" 200 6180
192.168.10.89 - - [10/Mar/2017:08:33:41 -0300] "GET /cormun/servlet/solicitudotlog?350cfb2d53f24f850be85bebedaa3cd42d425a344267a3d74b5bfa47a0060be619449034f06bf489bb4fc5526f51dfa77019d7793c85f7238cda468adfff20cecf4ff9f6d03c84fea3291c6e34baa3390bf6b5fe3ad4c730f0552e890c5a2ee62ff43b9a88777e2f80e33af52d4fdf568cbcb5fa13fdeee89ef1c4756c36891f1bfc1c989b3d119f748f49d9301d0c305f710ceb59d5fc910e18abb7ed4ab1c0,gx-no-cache=1489148904492 HTTP/1.1" 200 94
192.168.10.89 - - [10/Mar/2017:08:33:44 -0300] "POST /cormun/servlet/solicitudotlog?ea02cf5fe1c2aa9466175592fd156b19,INS,2017,5320,0,REC,,gx-no-cache=1489148907989 HTTP/1.1" 200 93
192.168.10.89 - - [10/Mar/2017:08:33:44 -0300] "GET /cormun/servlet/hpexe_return? HTTP/1.1" 200 1045
192.168.10.89 - - [10/Mar/2017:08:33:45 -0300] "GET /cormun/servlet/trsolicitudgral?gx-no-cache=1489148798116 HTTP/1.1" 200 8715
192.168.10.89 - - [10/Mar/2017:08:33:53 -0300] "POST /cormun/servlet/trsolicitudgral?ea02cf5fe1c2aa9466175592fd156b19,gx-no-cache=1489148798116,gx-no-cache=1489148917227 HTTP/1.1" 200 7049
192.168.10.89 - - [10/Mar/2017:08:33:59 -0300] "POST /cormun/servlet/trsolicitudgral?ea02cf5fe1c2aa9466175592fd156b19,gx-no-cache=1489148798116,gx-no-cache=1489148922460 HTTP/1.1" 200 115
192.168.10.89 - - [10/Mar/2017:08:33:59 -0300] "GET /cormun/servlet/solicitudotlog?INS,2017,5319,0,REC, HTTP/1.1" 200 6180
192.168.10.89 - - [10/Mar/2017:08:34:00 -0300] "GET /cormun/servlet/solicitudotlog?350cfb2d53f24f850be85bebedaa3cd444f1ef012d3e3b6b0a3fa605fca9a5d219449034f06bf489bb4fc5526f51dfa77019d7793c85f7238cda468adfff20cecf4ff9f6d03c84fea3291c6e34baa3390bf6b5fe3ad4c730f0552e890c5a2ee62ff43b9a88777e2f80e33af52d4fdf568cbcb5fa13fdeee89ef1c4756c36891f1bfc1c989b3d119f748f49d9301d0c305f710ceb59d5fc910e18abb7ed4ab1c0,gx-no-cache=1489148923773 HTTP/1.1" 200 94
192.168.10.89 - - [10/Mar/2017:08:34:03 -0300] "POST /cormun/servlet/solicitudotlog?ea02cf5fe1c2aa9466175592fd156b19,INS,2017,5319,0,REC,,gx-no-cache=1489148927403 HTTP/1.1" 200 93
