186.103.156.211 - - [10/Mar/2017:12:35:31 -0300] "POST /cormun/servlet/solicitudotadjuntos?90348fdedd2220e2601f01e9e7c8cc8b,INS,2017,5361,,2,,gx-no-cache=1489160202318 HTTP/1.1" 200 4061
200.112.49.242 - - [10/Mar/2017:12:35:36 -0300] "GET /cormun/servlet/solicitudot?1fa445620ed0c84f0cded3ee2a17e616ae0ce76dd98819792419128cc4542bf944adb33898958c67870dd6f79b4567fc748cec5758b4351ab8d500b5705660f2f20deadcc8b29e933cb8833a2e7feb35144b403104de76baef09770b22142b724a8e3e62a6aad7353ac6b2b96554cca8,gx-no-cache=1489160203922 HTTP/1.1" 200 29
200.112.49.242 - - [10/Mar/2017:12:35:36 -0300] "POST /cormun/servlet/solicitudot?gx-no-cache=1489160204033 HTTP/1.1" 200 641
200.112.49.242 - - [10/Mar/2017:12:35:38 -0300] "POST /cormun/servlet/solicitudot?gx-no-cache=1489160205823 HTTP/1.1" 200 1157
200.112.49.242 - - [10/Mar/2017:12:35:40 -0300] "GET /cormun/static/menuarrow.gif HTTP/1.1" 404 1015
186.103.156.211 - - [10/Mar/2017:12:35:44 -0300] "GET /cormun/servlet/trsolicitudadjuntos?2017,5361, HTTP/1.1" 200 8092
186.103.156.211 - - [10/Mar/2017:12:35:44 -0300] "GET /cormun/servlet/trsolicitudadjuntos?2017,5361, HTTP/1.1" 200 8091
186.79.127.233 - - [10/Mar/2017:12:37:17 -0300] "POST /cormun/servlet/solicitudotadjuntos?gx-no-cache=1489160307072 HTTP/1.1" 200 26
200.112.49.242 - - [10/Mar/2017:12:37:32 -0300] "POST /cormun/servlet/solicitudot?gx-no-cache=1489160319769 HTTP/1.1" 200 1273
200.112.49.242 - - [10/Mar/2017:12:37:32 -0300] "POST /cormun/servlet/solicitudot?gx-no-cache=1489160320052 HTTP/1.1" 200 1157
186.79.127.233 - - [10/Mar/2017:12:37:35 -0300] "GET /cormun/servlet/solicitudotadjuntos?eaedf7d709b19ea1c84bf37dda38787adb001fa8cfc46622eb8fc2ed86b06bd7,gx-no-cache=1489160325647 HTTP/1.1" 200 30
186.79.127.233 - - [10/Mar/2017:12:37:39 -0300] "GET /cormun/servlet/solicitudotadjuntos?eaedf7d709b19ea1c84bf37dda38787adb001fa8cfc46622eb8fc2ed86b06bd7,gx-no-cache=1489160329816 HTTP/1.1" 200 30
186.79.127.233 - - [10/Mar/2017:12:37:51 -0300] "POST /cormun/servlet/solicitudotadjuntos?c4a81de6299d39325dff0bdf6093d477,INS,2017,5431,,2, HTTP/1.1" 200 116
186.79.127.233 - - [10/Mar/2017:12:37:52 -0300] "GET /cormun/servlet/hpexe_return? HTTP/1.1" 200 1028
186.79.127.233 - - [10/Mar/2017:12:37:52 -0300] "GET /cormun/servlet/trsolicitudadjuntos?2017,5431, HTTP/1.1" 200 8251
186.79.127.233 - - [10/Mar/2017:12:37:55 -0300] "GET /cormun/servlet/trsolicitudadjuntos?2017,5431, HTTP/1.1" 200 8247
200.112.49.242 - - [10/Mar/2017:12:38:14 -0300] "GET /cormun/servlet/solicitudot?1fa445620ed0c84f0cded3ee2a17e6164f3b499091da52b7c34291716cbe66502c25b6ad8cb53599b76406349a0104a5f8795eb43110a605188472cef5663393ee8732ae26f778316ddfc1c7f4f33cf383d14de74ad690335fbc09967b878bc86ba2d62d17e7047d34cfe2e98b1c5e46b726d8d330244aac144998a66655ce1369a62d070d3b848740ee6b0146b0d58c699ff4f602fdaff139f854de045de85b8d2e1fa4bd0b31735766438afda2f756,gx-no-cache=1489160361638 HTTP/1.1" 200 30
200.112.49.242 - - [10/Mar/2017:12:38:14 -0300] "POST /cormun/servlet/solicitudot?4e824a9b5c7067891db3b483256ef6b3,INS,0,0,,gx-no-cache=1489160361823 HTTP/1.1" 200 93
200.112.49.242 - - [10/Mar/2017:12:38:14 -0300] "GET /cormun/servlet/hpexe_return? HTTP/1.1" 200 1009
200.112.49.242 - - [10/Mar/2017:12:38:15 -0300] "GET /cormun/servlet/trsolicitudot HTTP/1.1" 200 8087
192.168.10.89 - - [10/Mar/2017:12:38:16 -0300] "GET /cormun/servlet/hlogin HTTP/1.1" 200 1743
200.112.49.242 - - [10/Mar/2017:12:38:19 -0300] "POST /cormun/servlet/trsolicitudot?4e824a9b5c7067891db3b483256ef6b3,gx-no-cache=1489160366411 HTTP/1.1" 200 107
186.79.127.233 - - [10/Mar/2017:12:38:19 -0300] "GET /cormun/servlet/trsolicitudot? HTTP/1.1" 200 8682
200.112.49.242 - - [10/Mar/2017:12:38:19 -0300] "GET /cormun/servlet/trsolicitudadjuntos?2017,5432, HTTP/1.1" 200 6100
200.112.49.242 - - [10/Mar/2017:12:38:22 -0300] "GET /cormun/servlet/solicitudotadjuntos?INS,2017,5432,,1, HTTP/1.1" 200 6034
200.112.49.242 - - [10/Mar/2017:12:38:23 -0300] "HEAD /cormun/static/about:blank HTTP/1.1" 404 -
186.79.127.233 - - [10/Mar/2017:12:38:23 -0300] "GET /cormun/servlet/trsolicitudot? HTTP/1.1" 200 8676
200.112.49.242 - - [10/Mar/2017:12:38:23 -0300] "GET /cormun/servlet/solicitudotadjuntos?1fa445620ed0c84f0cded3ee2a17e6165334661ea2c92bdcbbb213c69a79893c9b30c6587e60d8697c1208f90a5222b2,gx-no-cache=1489160371442 HTTP/1.1" 200 30
200.112.49.242 - - [10/Mar/2017:12:38:24 -0300] "POST /cormun/servlet/solicitudotadjuntos?4e824a9b5c7067891db3b483256ef6b3,INS,2017,5432,,1,,gx-no-cache=1489160371519 HTTP/1.1" 200 3828
200.112.49.242 - - [10/Mar/2017:12:38:27 -0300] "POST /cormun/servlet/solicitudotadjuntos?gx-no-cache=1489160374669 HTTP/1.1" 200 26
186.79.127.233 - - [10/Mar/2017:12:38:38 -0300] "POST /cormun/servlet/trsolicitudot?c4a81de6299d39325dff0bdf6093d477,,gx-no-cache=1489160387440 HTTP/1.1" 200 106
186.79.127.233 - - [10/Mar/2017:12:38:38 -0300] "GET /cormun/servlet/solicitudot?UPD,2017,5431, HTTP/1.1" 200 14436
186.79.127.233 - - [10/Mar/2017:12:38:40 -0300] "GET /cormun/servlet/solicitudot?UPD,2017,5431, HTTP/1.1" 200 14445
200.112.49.242 - - [10/Mar/2017:12:38:41 -0300] "GET /cormun/servlet/solicitudotadjuntos?1fa445620ed0c84f0cded3ee2a17e6162ed8f590d270b24b42c7d66bd9d20e97,gx-no-cache=1489160388884 HTTP/1.1" 200 30
200.112.49.242 - - [10/Mar/2017:12:38:41 -0300] "GET /cormun/servlet/solicitudotadjuntos?1fa445620ed0c84f0cded3ee2a17e6162ed8f590d270b24b42c7d66bd9d20e97,gx-no-cache=1489160388941 HTTP/1.1" 200 30
186.79.127.233 - - [10/Mar/2017:12:38:41 -0300] "POST /cormun/servlet/solicitudot?gx-no-cache=1489160391052 HTTP/1.1" 200 3167
186.79.127.233 - - [10/Mar/2017:12:38:42 -0300] "POST /cormun/servlet/solicitudot?c4a81de6299d39325dff0bdf6093d477,UPD,2017,5431,,gx-no-cache=1489160391927 HTTP/1.1" 200 11036
186.79.127.233 - - [10/Mar/2017:12:38:42 -0300] "GET /cormun/servlet/solicitudot?eaedf7d709b19ea1c84bf37dda38787a8fa10d66cce5deff01188472d29e56c137979e7503397402ecf4887cacc41444,gx-no-cache=1489160392657 HTTP/1.1" 200 30
186.79.127.233 - - [10/Mar/2017:12:38:42 -0300] "POST /cormun/servlet/solicitudot?gx-no-cache=1489160393013 HTTP/1.1" 200 238
186.79.127.233 - - [10/Mar/2017:12:38:43 -0300] "GET /cormun/servlet/solicitudot?eaedf7d709b19ea1c84bf37dda38787a6bf258bda3009231e2bf0306bf408f1912d98f45e913e08b16236ea8ea325c63529c6b70d74fcd9d60a1fce7a16582f2fc34f0eeeb1579e94ec152fbe590ef67c6d02c5b308e661ed47f0c4fb98ea28083a351c53f7e869daf4e646c82c3d2d1f2abacd4acc1f05cf9f0faada23ea22e1bf1242231eb650ad07bd91d39f3e5cb4ae4d4e734d32b07500e83824e88ba9a972219a6fabe025f36dcb754c43a673f691b5b5029102de30801a20e16111ffaf0e8ae2145defa97b89df18e3baefede2ef7b946e8e5d66d73b74e19ce874caec2292a4e105a0062d5ab17da97739d7ad4e8929bd957c28d50a5ed8258f99b81560a816bb6bdf6feb5a31c16bc85b60488aa794dfcb6ba36bd323f903a9c8d2bf36d952f1cfab1d5fba4fa7afde9480469b93788c6602dcdd100d5408f48e47762c002d3c857c63e612699aaff6bad0f204695571c6c72c4d0a1e3ede719ee55c7da6c64f8d45678d74a58691bdab3233e55194d7e6f004408d3c7a275a7c76c,gx-no-cache=1489160393277 HTTP/1.1" 200 30
186.79.127.233 - - [10/Mar/2017:12:38:44 -0300] "POST /cormun/servlet/solicitudot?gx-no-cache=1489160394138 HTTP/1.1" 200 30
200.112.49.242 - - [10/Mar/2017:12:38:44 -0300] "POST /cormun/servlet/solicitudotadjuntos?4e824a9b5c7067891db3b483256ef6b3,INS,2017,5432,,1, HTTP/1.1" 200 116
186.79.127.233 - - [10/Mar/2017:12:38:44 -0300] "POST /cormun/servlet/solicitudot?gx-no-cache=1489160394484 HTTP/1.1" 200 1287
200.112.49.242 - - [10/Mar/2017:12:38:44 -0300] "GET /cormun/servlet/hpexe_return? HTTP/1.1" 200 1028
186.79.127.233 - - [10/Mar/2017:12:38:45 -0300] "POST /cormun/servlet/solicitudot?gx-no-cache=1489160394946 HTTP/1.1" 200 41
200.112.49.242 - - [10/Mar/2017:12:38:45 -0300] "GET /cormun/servlet/trsolicitudadjuntos?2017,5432, HTTP/1.1" 200 8261
200.112.49.242 - - [10/Mar/2017:12:38:48 -0300] "GET /cormun/servlet/solicitudotadjuntos?INS,2017,5432,,1, HTTP/1.1" 200 6034
200.112.49.242 - - [10/Mar/2017:12:38:48 -0300] "HEAD /cormun/static/about:blank HTTP/1.1" 404 -
200.112.49.242 - - [10/Mar/2017:12:38:49 -0300] "GET /cormun/servlet/solicitudotadjuntos?1fa445620ed0c84f0cded3ee2a17e6165334661ea2c92bdcbbb213c69a79893c9b30c6587e60d8697c1208f90a5222b2,gx-no-cache=1489160397043 HTTP/1.1" 200 30
200.112.49.242 - - [10/Mar/2017:12:38:49 -0300] "POST /cormun/servlet/solicitudotadjuntos?4e824a9b5c7067891db3b483256ef6b3,INS,2017,5432,,1,,gx-no-cache=1489160397127 HTTP/1.1" 200 3828
186.79.127.233 - - [10/Mar/2017:12:38:52 -0300] "GET /cormun/servlet/solicitudot?eaedf7d709b19ea1c84bf37dda38787a603cbc109848dff221772e26ea8a0bd911251ae7c398c96163e9f897eeb0386e7c0caefa070df8905211b8de3d2a137aa409bf0dd52c085fcc46b3c12fff07917ad9ff259646111541f7c9780815ad6fb3c256039f7f499a04cf9958c2accd28c58595857163c082e71ceeccfd3d2ce4930a8cf1ad23bad3c69e9103638067c7e56baf30b2f15910c60e2a6d2650badf,gx-no-cache=1489160401855 HTTP/1.1" 200 29
186.79.127.233 - - [10/Mar/2017:12:38:52 -0300] "POST /cormun/servlet/solicitudot?gx-no-cache=1489160402315 HTTP/1.1" 200 1275
186.79.127.233 - - [10/Mar/2017:12:38:52 -0300] "POST /cormun/servlet/solicitudot?gx-no-cache=1489160402816 HTTP/1.1" 200 1157
186.79.127.233 - - [10/Mar/2017:12:38:53 -0300] "GET /cormun/servlet/solicitudot?eaedf7d709b19ea1c84bf37dda38787a772fdafe7748b35eea07456e4dcf183cd3429678daed39181293f0078f4fbf305cc3134a875823b16656822f22f392bf740d30bdaa9de10ed691269def74bb94162da0411766f30f50867f00e7ae9093730a3931f890ece9263fb298c4ec738d0c0439b81bc18e304b0fd8991071f19b3c508edad35ed39ca130e788ca4daafaea2478968f68d83006d840daac17106819571ff3e89b85919120832a36543355,gx-no-cache=1489160403226 HTTP/1.1" 200 30
200.112.49.242 - - [10/Mar/2017:12:38:53 -0300] "POST /cormun/servlet/solicitudotadjuntos?gx-no-cache=1489160401300 HTTP/1.1" 200 26
186.79.127.233 - - [10/Mar/2017:12:38:53 -0300] "POST /cormun/servlet/solicitudot?c4a81de6299d39325dff0bdf6093d477,UPD,2017,5431,,gx-no-cache=1489160403457 HTTP/1.1" 200 93
186.79.127.233 - - [10/Mar/2017:12:38:54 -0300] "GET /cormun/servlet/hpexe_return? HTTP/1.1" 200 1016
186.79.127.233 - - [10/Mar/2017:12:38:54 -0300] "GET /cormun/servlet/trsolicitudot HTTP/1.1" 200 8680
186.79.127.233 - - [10/Mar/2017:12:38:55 -0300] "GET /cormun/servlet/trsolicitudot HTTP/1.1" 200 8676
186.79.127.233 - - [10/Mar/2017:12:38:59 -0300] "POST /cormun/servlet/trsolicitudot?c4a81de6299d39325dff0bdf6093d477,gx-no-cache=1489160408480 HTTP/1.1" 200 5432
186.79.127.233 - - [10/Mar/2017:12:38:59 -0300] "GET /cormun/static/Shared/jqueryui/images/ui-bg_highlight-soft_100_c6c2c8_1x100.png HTTP/1.1" 404 1117
186.79.127.233 - - [10/Mar/2017:12:38:59 -0300] "GET /cormun/static/Shared/jqueryui/images/ui-icons_82798d_256x240.png HTTP/1.1" 404 1089
186.79.127.233 - - [10/Mar/2017:12:38:59 -0300] "GET /cormun/static/Shared/jqueryui/images/ui-bg_flat_55_fafafa_40x100.png HTTP/1.1" 404 1097
186.79.127.233 - - [10/Mar/2017:12:39:00 -0300] "GET /cormun/static/Shared/jqueryui/images/ui-icons_8d78a5_256x240.png HTTP/1.1" 404 1089
186.79.127.233 - - [10/Mar/2017:12:39:00 -0300] "POST /cormun/servlet/trsolicitudot?c4a81de6299d39325dff0bdf6093d477,gx-no-cache=1489160409657 HTTP/1.1" 200 5375
186.79.127.233 - - [10/Mar/2017:12:39:03 -0300] "POST /cormun/servlet/trsolicitudot?c4a81de6299d39325dff0bdf6093d477,gx-no-cache=1489160412803 HTTP/1.1" 200 4342
186.79.127.233 - - [10/Mar/2017:12:39:03 -0300] "POST /cormun/servlet/trsolicitudot?c4a81de6299d39325dff0bdf6093d477,gx-no-cache=1489160413498 HTTP/1.1" 200 4126
200.112.49.242 - - [10/Mar/2017:12:39:04 -0300] "GET /cormun/servlet/solicitudotadjuntos?1fa445620ed0c84f0cded3ee2a17e6162ed8f590d270b24b42c7d66bd9d20e97,gx-no-cache=1489160411892 HTTP/1.1" 200 30
200.112.49.242 - - [10/Mar/2017:12:39:04 -0300] "GET /cormun/servlet/solicitudotadjuntos?1fa445620ed0c84f0cded3ee2a17e6162ed8f590d270b24b42c7d66bd9d20e97,gx-no-cache=1489160411973 HTTP/1.1" 200 30
186.79.127.233 - - [10/Mar/2017:12:39:06 -0300] "GET /cormun/servlet/trautorizarsolicitud? HTTP/1.1" 200 8622
186.79.127.233 - - [10/Mar/2017:12:39:09 -0300] "GET /cormun/servlet/trautorizarsolicitud? HTTP/1.1" 200 8622
186.79.127.233 - - [10/Mar/2017:12:39:12 -0300] "POST /cormun/servlet/trautorizarsolicitud?c4a81de6299d39325dff0bdf6093d477,,gx-no-cache=1489160421965 HTTP/1.1" 200 5405
186.79.127.233 - - [10/Mar/2017:12:39:12 -0300] "GET /cormun/static/Shared/jqueryui/images/ui-bg_highlight-soft_100_c6c2c8_1x100.png HTTP/1.1" 404 1117
186.79.127.233 - - [10/Mar/2017:12:39:12 -0300] "GET /cormun/static/Shared/jqueryui/images/ui-icons_82798d_256x240.png HTTP/1.1" 404 1089
186.79.127.233 - - [10/Mar/2017:12:39:12 -0300] "GET /cormun/static/Shared/jqueryui/images/ui-bg_flat_55_fafafa_40x100.png HTTP/1.1" 404 1097
186.79.127.233 - - [10/Mar/2017:12:39:13 -0300] "GET /cormun/static/Shared/jqueryui/images/ui-icons_8d78a5_256x240.png HTTP/1.1" 404 1089
186.79.127.233 - - [10/Mar/2017:12:39:13 -0300] "POST /cormun/servlet/trautorizarsolicitud?c4a81de6299d39325dff0bdf6093d477,,gx-no-cache=1489160422991 HTTP/1.1" 200 5349
186.79.127.233 - - [10/Mar/2017:12:39:16 -0300] "POST /cormun/servlet/trautorizarsolicitud?c4a81de6299d39325dff0bdf6093d477,,gx-no-cache=1489160425674 HTTP/1.1" 200 4315
186.79.127.233 - - [10/Mar/2017:12:39:17 -0300] "POST /cormun/servlet/trautorizarsolicitud?c4a81de6299d39325dff0bdf6093d477,,gx-no-cache=1489160426609 HTTP/1.1" 200 4104
186.103.156.211 - - [10/Mar/2017:12:40:39 -0300] "GET /cormun/servlet/solicitudotadjuntos?INS,2017,5361,,2, HTTP/1.1" 200 6024
186.103.156.211 - - [10/Mar/2017:12:40:39 -0300] "GET /cormun/static/about:blank HTTP/1.1" 404 1011
186.103.156.211 - - [10/Mar/2017:12:40:39 -0300] "GET /cormun/servlet/solicitudotadjuntos?INS,2017,5361,,2, HTTP/1.1" 200 6017
186.103.156.211 - - [10/Mar/2017:12:40:40 -0300] "GET /cormun/servlet/solicitudotadjuntos?4a0ece37c75668d9cffab8ea7fcb0ece8d493d7f146a83f0f45593b6d10be1a1870ac271126a4ae44218fd6521fe6f45,gx-no-cache=1489160511482 HTTP/1.1" 200 30
186.103.156.211 - - [10/Mar/2017:12:40:41 -0300] "POST /cormun/servlet/solicitudotadjuntos?90348fdedd2220e2601f01e9e7c8cc8b,INS,2017,5361,,2,,gx-no-cache=1489160511697 HTTP/1.1" 200 4062
186.103.156.211 - - [10/Mar/2017:12:40:45 -0300] "POST /cormun/servlet/solicitudotadjuntos?gx-no-cache=1489160516111 HTTP/1.1" 200 26
192.168.10.89 - - [10/Mar/2017:12:41:05 -0300] "POST /cormun/servlet/hlogin?80d519eb0ed419651b23fab04afe26df,gx-no-cache=1489163748907 HTTP/1.1" 200 90
192.168.10.89 - - [10/Mar/2017:12:41:05 -0300] "GET /cormun/servlet/hpexe_link HTTP/1.1" 200 965
192.168.10.89 - - [10/Mar/2017:12:41:07 -0300] "GET /cormun/servlet/trsolicitudgral? HTTP/1.1" 200 17266
186.103.156.211 - - [10/Mar/2017:12:41:09 -0300] "GET /cormun/servlet/solicitudotadjuntos?4a0ece37c75668d9cffab8ea7fcb0ece5ab6d69053f62727781be331d1f7c060,gx-no-cache=1489160539858 HTTP/1.1" 200 30
186.103.156.211 - - [10/Mar/2017:12:41:09 -0300] "GET /cormun/servlet/solicitudotadjuntos?4a0ece37c75668d9cffab8ea7fcb0ece5ab6d69053f62727781be331d1f7c060,gx-no-cache=1489160540365 HTTP/1.1" 200 30
192.168.10.89 - - [10/Mar/2017:12:41:23 -0300] "GET /cormun/servlet/trpermisosgeneralesgoce? HTTP/1.1" 200 8596
192.168.10.89 - - [10/Mar/2017:12:41:31 -0300] "POST /cormun/servlet/trpermisosgeneralesgoce?80d519eb0ed419651b23fab04afe26df,,gx-no-cache=1489163774975 HTTP/1.1" 200 10928
192.168.10.89 - - [10/Mar/2017:12:41:52 -0300] "GET /cormun/servlet/trpermisosadjuntos?13503289,20170306133747,P, HTTP/1.1" 200 7167
192.168.10.89 - - [10/Mar/2017:12:41:53 -0300] "GET /cormun/PublicTempStorage/permiso_47369210.pdf HTTP/1.1" 200 378920
192.168.10.89 - - [10/Mar/2017:12:42:06 -0300] "GET /cormun/servlet/trpermisosadjuntos?13503289,20170306133747,P, HTTP/1.1" 200 7166
192.168.10.89 - - [10/Mar/2017:12:42:07 -0300] "GET /cormun/PublicTempStorage/permiso_41881328.pdf HTTP/1.1" 200 378920
186.67.172.234 - - [10/Mar/2017:12:42:18 -0300] "POST /cormun/servlet/solicitudot?gx-no-cache=1489160607081 HTTP/1.1" 200 297
186.67.172.234 - - [10/Mar/2017:12:42:18 -0300] "GET /cormun/servlet/solicitudot?e945c6c809bddcd5c94acbf019c1c87483b79e76b7ca4a07c7f40a804368a8aa8fa89d81f354a04d4f63b39b22a8e38a2c4361ef6e6c0105ae1ea78d7fe732778acc58712462777c0a80e28a3932e34109b3c5f5f1a3414a25df7c1110d280f41e121eb483a010b52b02be7b3c1fa5bec95d322c2713963e0d6c9b527fefef99a6c90faf3a796fcf42bbd6cdd6cbfed1ef8d7498cc4e76cc86610fd10d3b3f1cc24f631cf84ef77a9bb4ee0aefa5d5c54ee6245c3a33e140f88a4072926c6e3b6bfaac0c6108833b0574639803215f0c2b5c1cb2b786db73956efff7a66537fa4360102ac9b264d5214290c8669ba3e868a6ed8fc3cecf8aeb48537c85180e4a8fbecc30e32be217d8b9b2991f2d5289b420e291b6b6a323b778f2b0d8f18d5cc3e2db6fadec6728eb47c076ca76f65b3222d9455c181d207d5ce75b750c613c5f41cc6c3a606a127e6afa0de9d7757335bf90fb5a110b3759636df4e96240d03d1e73d45693eef1dfe9d54e0205cc1375b02e11b732a8770b1b6cc26e026895455ca3ea1a40e4892843d241efa73db5,gx-no-cache=1489160607183 HTTP/1.1" 200 30
186.67.172.234 - - [10/Mar/2017:12:42:24 -0300] "POST /cormun/servlet/solicitudot?gx-no-cache=1489160612860 HTTP/1.1" 200 30
200.112.49.242 - - [10/Mar/2017:12:42:24 -0300] "POST /cormun/servlet/solicitudotadjuntos?4e824a9b5c7067891db3b483256ef6b3,INS,2017,5432,,1, HTTP/1.1" 200 116
200.112.49.242 - - [10/Mar/2017:12:42:25 -0300] "GET /cormun/servlet/hpexe_return? HTTP/1.1" 200 1028
192.168.10.89 - - [10/Mar/2017:12:42:25 -0300] "GET /cormun/servlet/trpermisosadjuntos?13503289,20170306133747,P, HTTP/1.1" 200 7167
192.168.10.89 - - [10/Mar/2017:12:42:25 -0300] "GET /cormun/PublicTempStorage/permiso_41538757.pdf HTTP/1.1" 200 378920
200.112.49.242 - - [10/Mar/2017:12:42:26 -0300] "GET /cormun/servlet/trsolicitudadjuntos?2017,5432, HTTP/1.1" 200 8481
186.67.172.234 - - [10/Mar/2017:12:42:32 -0300] "POST /cormun/servlet/solicitudot?gx-no-cache=1489160621662 HTTP/1.1" 200 235
186.67.172.234 - - [10/Mar/2017:12:42:32 -0300] "POST /cormun/servlet/solicitudot?gx-no-cache=1489160621752 HTTP/1.1" 200 38
192.168.10.89 - - [10/Mar/2017:12:42:55 -0300] "GET /cormun/servlet/trpermisosadjuntos?13503289,20170306133747,P, HTTP/1.1" 200 7168
192.168.10.89 - - [10/Mar/2017:12:42:56 -0300] "GET /cormun/PublicTempStorage/permiso_44054446.pdf HTTP/1.1" 200 378920
192.168.10.89 - - [10/Mar/2017:12:43:03 -0300] "GET /cormun/servlet/trsolicitudgral? HTTP/1.1" 200 17287
192.168.10.62 - - [10/Mar/2017:12:43:15 -0300] "POST /cormun/servlet/trsolicitudgral?5d626d7598ed1b29afe3bee8ea0de110,,gx-no-cache=1489163878956 HTTP/1.1" 440 972
192.168.10.62 - - [10/Mar/2017:12:43:18 -0300] "GET /cormun/servlet/trsolicitudgral? HTTP/1.1" 200 23474
192.168.10.62 - - [10/Mar/2017:12:43:19 -0300] "GET /cormun/servlet/hlogin HTTP/1.1" 200 1739
192.168.10.62 - - [10/Mar/2017:12:43:21 -0300] "GET /cormun/servlet/trsolicitudgral? HTTP/1.1" 200 23474
192.168.10.89 - - [10/Mar/2017:12:43:29 -0300] "POST /cormun/servlet/trsolicitudgral?80d519eb0ed419651b23fab04afe26df,,gx-no-cache=1489163892850 HTTP/1.1" 200 9768
200.112.49.242 - - [10/Mar/2017:12:43:29 -0300] "GET /cormun/servlet/solicitudotadjuntos?INS,2017,5432,,1, HTTP/1.1" 200 6034
192.168.10.62 - - [10/Mar/2017:12:43:29 -0300] "POST /cormun/servlet/hlogin?a4d76aa65df82c68c508487269b0bfe5,gx-no-cache=1489163893251 HTTP/1.1" 200 90
192.168.10.62 - - [10/Mar/2017:12:43:29 -0300] "GET /cormun/servlet/hpexe_link HTTP/1.1" 200 960
200.112.49.242 - - [10/Mar/2017:12:43:30 -0300] "HEAD /cormun/static/about:blank HTTP/1.1" 404 -
192.168.10.62 - - [10/Mar/2017:12:43:30 -0300] "GET /cormun/servlet/trsolicitudgral HTTP/1.1" 200 23912
200.112.49.242 - - [10/Mar/2017:12:43:30 -0300] "GET /cormun/servlet/solicitudotadjuntos?1fa445620ed0c84f0cded3ee2a17e6165334661ea2c92bdcbbb213c69a79893c9b30c6587e60d8697c1208f90a5222b2,gx-no-cache=1489160678519 HTTP/1.1" 200 30
200.112.49.242 - - [10/Mar/2017:12:43:31 -0300] "POST /cormun/servlet/solicitudotadjuntos?4e824a9b5c7067891db3b483256ef6b3,INS,2017,5432,,1,,gx-no-cache=1489160678616 HTTP/1.1" 200 3828
192.168.10.62 - - [10/Mar/2017:12:43:31 -0300] "GET /cormun/servlet/trsolicitudgral HTTP/1.1" 200 23910
200.112.49.242 - - [10/Mar/2017:12:43:37 -0300] "POST /cormun/servlet/solicitudotadjuntos?gx-no-cache=1489160685088 HTTP/1.1" 200 26
192.168.10.62 - - [10/Mar/2017:12:43:43 -0300] "GET /cormun/static/menuarrow.gif HTTP/1.1" 404 1015
200.112.49.242 - - [10/Mar/2017:12:43:46 -0300] "GET /cormun/servlet/solicitudotadjuntos?1fa445620ed0c84f0cded3ee2a17e6162ed8f590d270b24b42c7d66bd9d20e97,gx-no-cache=1489160694527 HTTP/1.1" 200 30
200.112.49.242 - - [10/Mar/2017:12:43:47 -0300] "GET /cormun/servlet/solicitudotadjuntos?1fa445620ed0c84f0cded3ee2a17e6162ed8f590d270b24b42c7d66bd9d20e97,gx-no-cache=1489160694617 HTTP/1.1" 200 30
200.112.49.242 - - [10/Mar/2017:12:43:48 -0300] "POST /cormun/servlet/solicitudotadjuntos?4e824a9b5c7067891db3b483256ef6b3,INS,2017,5432,,1, HTTP/1.1" 200 116
200.112.49.242 - - [10/Mar/2017:12:43:48 -0300] "GET /cormun/servlet/hpexe_return? HTTP/1.1" 200 1028
200.112.49.242 - - [10/Mar/2017:12:43:50 -0300] "GET /cormun/servlet/trsolicitudadjuntos?2017,5432, HTTP/1.1" 200 8667
192.168.10.62 - - [10/Mar/2017:12:43:51 -0300] "POST /cormun/servlet/trsolicitudgral?a4d76aa65df82c68c508487269b0bfe5,gx-no-cache=1489163914463 HTTP/1.1" 200 6015
200.112.49.242 - - [10/Mar/2017:12:43:54 -0300] "GET /cormun/servlet/solicitudotadjuntos?INS,2017,5432,,1, HTTP/1.1" 200 6034
200.112.49.242 - - [10/Mar/2017:12:43:54 -0300] "HEAD /cormun/static/about:blank HTTP/1.1" 404 -
200.112.49.242 - - [10/Mar/2017:12:43:55 -0300] "GET /cormun/servlet/solicitudotadjuntos?1fa445620ed0c84f0cded3ee2a17e6165334661ea2c92bdcbbb213c69a79893c9b30c6587e60d8697c1208f90a5222b2,gx-no-cache=1489160703138 HTTP/1.1" 200 30
200.112.49.242 - - [10/Mar/2017:12:43:55 -0300] "POST /cormun/servlet/solicitudotadjuntos?4e824a9b5c7067891db3b483256ef6b3,INS,2017,5432,,1,,gx-no-cache=1489160703239 HTTP/1.1" 200 3828
192.168.10.62 - - [10/Mar/2017:12:43:58 -0300] "POST /cormun/servlet/trsolicitudgral?a4d76aa65df82c68c508487269b0bfe5,gx-no-cache=1489163921687 HTTP/1.1" 200 4879
192.168.10.62 - - [10/Mar/2017:12:43:58 -0300] "GET /cormun/static/Shared/jqueryui/images/ui-bg_highlight-soft_100_c6c2c8_1x100.png HTTP/1.1" 404 1117
192.168.10.62 - - [10/Mar/2017:12:43:58 -0300] "GET /cormun/static/Shared/jqueryui/images/ui-icons_82798d_256x240.png HTTP/1.1" 404 1089
192.168.10.62 - - [10/Mar/2017:12:43:58 -0300] "GET /cormun/static/Shared/jqueryui/images/ui-bg_flat_55_fafafa_40x100.png HTTP/1.1" 404 1097
192.168.10.62 - - [10/Mar/2017:12:43:58 -0300] "GET /cormun/static/Shared/jqueryui/images/ui-icons_8d78a5_256x240.png HTTP/1.1" 404 1089
200.112.49.242 - - [10/Mar/2017:12:43:58 -0300] "POST /cormun/servlet/solicitudotadjuntos?gx-no-cache=1489160706168 HTTP/1.1" 200 26
200.112.49.242 - - [10/Mar/2017:12:44:08 -0300] "GET /cormun/servlet/solicitudotadjuntos?1fa445620ed0c84f0cded3ee2a17e6162ed8f590d270b24b42c7d66bd9d20e97,gx-no-cache=1489160715688 HTTP/1.1" 200 30
200.112.49.242 - - [10/Mar/2017:12:44:08 -0300] "GET /cormun/servlet/solicitudotadjuntos?1fa445620ed0c84f0cded3ee2a17e6162ed8f590d270b24b42c7d66bd9d20e97,gx-no-cache=1489160715792 HTTP/1.1" 200 30
200.112.49.242 - - [10/Mar/2017:12:44:09 -0300] "POST /cormun/servlet/solicitudotadjuntos?4e824a9b5c7067891db3b483256ef6b3,INS,2017,5432,,1, HTTP/1.1" 200 116
200.112.49.242 - - [10/Mar/2017:12:44:09 -0300] "GET /cormun/servlet/hpexe_return? HTTP/1.1" 200 1028
200.112.49.242 - - [10/Mar/2017:12:44:10 -0300] "GET /cormun/servlet/trsolicitudadjuntos?2017,5432, HTTP/1.1" 200 8812
186.103.156.211 - - [10/Mar/2017:12:44:11 -0300] "POST /cormun/servlet/solicitudotadjuntos?90348fdedd2220e2601f01e9e7c8cc8b,INS,2017,5361,,2, HTTP/1.1" 200 6114
186.103.156.211 - - [10/Mar/2017:12:44:11 -0300] "GET /home/sistema/apache-tomcat-7.0.65/webapps/cormun/PrivateTempStorage/upload_00015367.pdf HTTP/1.1" 404 1135
186.103.156.211 - - [10/Mar/2017:12:44:11 -0300] "GET /cormun/static/Shared/jqueryui/images/ui-bg_flat_55_994d53_40x100.png HTTP/1.1" 404 1097
186.103.156.211 - - [10/Mar/2017:12:44:12 -0300] "GET /cormun/static/Shared/jqueryui/images/ui-bg_highlight-soft_100_c6c2c8_1x100.png HTTP/1.1" 404 1117
186.103.156.211 - - [10/Mar/2017:12:44:12 -0300] "GET /cormun/static/Shared/jqueryui/images/ui-icons_82798d_256x240.png HTTP/1.1" 404 1089
186.103.156.211 - - [10/Mar/2017:12:44:12 -0300] "GET /cormun/static/Shared/jqueryui/images/ui-icons_ebccce_256x240.png HTTP/1.1" 404 1089
200.112.49.242 - - [10/Mar/2017:12:44:14 -0300] "GET /cormun/servlet/solicitudotadjuntos?INS,2017,5432,,1, HTTP/1.1" 200 6034
200.112.49.242 - - [10/Mar/2017:12:44:14 -0300] "HEAD /cormun/static/about:blank HTTP/1.1" 404 -
200.112.49.242 - - [10/Mar/2017:12:44:15 -0300] "GET /cormun/servlet/solicitudotadjuntos?1fa445620ed0c84f0cded3ee2a17e6165334661ea2c92bdcbbb213c69a79893c9b30c6587e60d8697c1208f90a5222b2,gx-no-cache=1489160723284 HTTP/1.1" 200 30
200.112.49.242 - - [10/Mar/2017:12:44:17 -0300] "POST /cormun/servlet/solicitudotadjuntos?4e824a9b5c7067891db3b483256ef6b3,INS,2017,5432,,1,,gx-no-cache=1489160723374 HTTP/1.1" 200 3828
200.112.49.242 - - [10/Mar/2017:12:44:21 -0300] "POST /cormun/servlet/solicitudotadjuntos?gx-no-cache=1489160728736 HTTP/1.1" 200 26
200.112.49.242 - - [10/Mar/2017:12:44:29 -0300] "GET /cormun/servlet/solicitudotadjuntos?1fa445620ed0c84f0cded3ee2a17e6162ed8f590d270b24b42c7d66bd9d20e97,gx-no-cache=1489160736687 HTTP/1.1" 200 30
200.112.49.242 - - [10/Mar/2017:12:44:30 -0300] "GET /cormun/servlet/solicitudotadjuntos?1fa445620ed0c84f0cded3ee2a17e6162ed8f590d270b24b42c7d66bd9d20e97,gx-no-cache=1489160736788 HTTP/1.1" 200 30
186.103.156.211 - - [10/Mar/2017:12:44:31 -0300] "GET /cormun/PrivateTempStorage/upload_00015367.pdf HTTP/1.1" 200 3823409
200.112.49.242 - - [10/Mar/2017:12:44:32 -0300] "POST /cormun/servlet/solicitudotadjuntos?4e824a9b5c7067891db3b483256ef6b3,INS,2017,5432,,1, HTTP/1.1" 200 116
200.112.49.242 - - [10/Mar/2017:12:44:33 -0300] "GET /cormun/servlet/hpexe_return? HTTP/1.1" 200 1028
200.112.49.242 - - [10/Mar/2017:12:44:34 -0300] "GET /cormun/servlet/trsolicitudadjuntos?2017,5432, HTTP/1.1" 200 9027
200.112.49.242 - - [10/Mar/2017:12:44:38 -0300] "GET /cormun/servlet/solicitudotadjuntos?INS,2017,5432,,1, HTTP/1.1" 200 6034
200.112.49.242 - - [10/Mar/2017:12:44:39 -0300] "HEAD /cormun/static/about:blank HTTP/1.1" 404 -
200.112.49.242 - - [10/Mar/2017:12:44:40 -0300] "GET /cormun/servlet/solicitudotadjuntos?1fa445620ed0c84f0cded3ee2a17e6165334661ea2c92bdcbbb213c69a79893c9b30c6587e60d8697c1208f90a5222b2,gx-no-cache=1489160747360 HTTP/1.1" 200 30
186.103.156.211 - - [10/Mar/2017:12:44:40 -0300] "GET /cormun/servlet/solicitudotadjuntos?4a0ece37c75668d9cffab8ea7fcb0ece48b87301e42daa436546abdfec412d90eafc68932250efff3b7a76ff6bad95a5,gx-no-cache=1489160751539 HTTP/1.1" 200 30
200.112.49.242 - - [10/Mar/2017:12:44:42 -0300] "POST /cormun/servlet/solicitudotadjuntos?4e824a9b5c7067891db3b483256ef6b3,INS,2017,5432,,1,,gx-no-cache=1489160747786 HTTP/1.1" 200 3828
200.112.49.242 - - [10/Mar/2017:12:44:47 -0300] "POST /cormun/servlet/solicitudotadjuntos?gx-no-cache=1489160754311 HTTP/1.1" 200 26
186.67.172.234 - - [10/Mar/2017:12:44:55 -0300] "GET /cormun/servlet/solicitudot?e945c6c809bddcd5c94acbf019c1c8745e0cbb8a9739545c5b0cb9073d6f0e78c51b06745fe1245e99db3dc36c7386d91513580618f64d1f4545d196216ddd1c92dcef0984e4c7ff5cbc137d8feb5b325fb3dc2df551f906a9fbded5b8904b895ef2f5e0527151b25d7daec0d493c148,gx-no-cache=1489160764211 HTTP/1.1" 200 29
186.67.172.234 - - [10/Mar/2017:12:44:55 -0300] "POST /cormun/servlet/solicitudot?gx-no-cache=1489160764373 HTTP/1.1" 200 643
200.112.49.242 - - [10/Mar/2017:12:44:55 -0300] "GET /cormun/servlet/solicitudotadjuntos?1fa445620ed0c84f0cded3ee2a17e6162ed8f590d270b24b42c7d66bd9d20e97,gx-no-cache=1489160763007 HTTP/1.1" 200 30
200.112.49.242 - - [10/Mar/2017:12:44:55 -0300] "GET /cormun/servlet/solicitudotadjuntos?1fa445620ed0c84f0cded3ee2a17e6162ed8f590d270b24b42c7d66bd9d20e97,gx-no-cache=1489160763086 HTTP/1.1" 200 30
200.112.49.242 - - [10/Mar/2017:12:44:57 -0300] "POST /cormun/servlet/solicitudotadjuntos?4e824a9b5c7067891db3b483256ef6b3,INS,2017,5432,,1, HTTP/1.1" 200 116
200.112.49.242 - - [10/Mar/2017:12:44:57 -0300] "GET /cormun/servlet/hpexe_return? HTTP/1.1" 200 1028
200.112.49.242 - - [10/Mar/2017:12:44:59 -0300] "GET /cormun/servlet/trsolicitudadjuntos?2017,5432, HTTP/1.1" 200 9235
186.67.172.234 - - [10/Mar/2017:12:44:59 -0300] "POST /cormun/servlet/solicitudot?gx-no-cache=1489160768628 HTTP/1.1" 200 1157
200.112.49.242 - - [10/Mar/2017:12:45:06 -0300] "GET /cormun/servlet/solicitudotadjuntos?INS,2017,5432,,2, HTTP/1.1" 200 6034
200.112.49.242 - - [10/Mar/2017:12:45:07 -0300] "HEAD /cormun/static/about:blank HTTP/1.1" 404 -
200.112.49.242 - - [10/Mar/2017:12:45:08 -0300] "GET /cormun/servlet/solicitudotadjuntos?1fa445620ed0c84f0cded3ee2a17e6165334661ea2c92bdcbbb213c69a79893c9b30c6587e60d8697c1208f90a5222b2,gx-no-cache=1489160775618 HTTP/1.1" 200 30
200.112.49.242 - - [10/Mar/2017:12:45:09 -0300] "POST /cormun/servlet/solicitudotadjuntos?4e824a9b5c7067891db3b483256ef6b3,INS,2017,5432,,2,,gx-no-cache=1489160775715 HTTP/1.1" 200 4044
200.112.49.242 - - [10/Mar/2017:12:45:15 -0300] "POST /cormun/servlet/solicitudotadjuntos?gx-no-cache=1489160782534 HTTP/1.1" 200 26
186.67.172.234 - - [10/Mar/2017:12:45:41 -0300] "GET /cormun/static/menuarrow.gif HTTP/1.1" 404 1015
200.112.49.242 - - [10/Mar/2017:12:45:50 -0300] "GET /cormun/servlet/solicitudotadjuntos?1fa445620ed0c84f0cded3ee2a17e6162ed8f590d270b24b42c7d66bd9d20e97,gx-no-cache=1489160817190 HTTP/1.1" 200 30
200.112.49.242 - - [10/Mar/2017:12:45:50 -0300] "GET /cormun/servlet/solicitudotadjuntos?1fa445620ed0c84f0cded3ee2a17e6162ed8f590d270b24b42c7d66bd9d20e97,gx-no-cache=1489160817656 HTTP/1.1" 200 30
200.112.49.242 - - [10/Mar/2017:12:45:52 -0300] "POST /cormun/servlet/solicitudotadjuntos?4e824a9b5c7067891db3b483256ef6b3,INS,2017,5432,,2, HTTP/1.1" 200 116
200.112.49.242 - - [10/Mar/2017:12:45:52 -0300] "GET /cormun/servlet/hpexe_return? HTTP/1.1" 200 1029
200.112.49.242 - - [10/Mar/2017:12:45:54 -0300] "GET /cormun/servlet/trsolicitudadjuntos?2017,5432, HTTP/1.1" 200 9459
200.112.49.242 - - [10/Mar/2017:12:46:00 -0300] "GET /cormun/servlet/trsolicitudot? HTTP/1.1" 200 8089
186.67.172.234 - - [10/Mar/2017:12:46:05 -0300] "GET /cormun/servlet/solicitudot?e945c6c809bddcd5c94acbf019c1c8741b8b50255f1ee7e53d81e673bb3f90b2cba3223ff8b0b30a000bdfbb51dd61afa449914f403f7b17365a7ab90c4512ef4b8326a466cec98f55422e0eb5286de7b7a8cc9055a745e7ce34ac5decba06c5db5789a0ddc7eeba98dbb045576a41d233af15d018d7e3d569f6159fa84d0b009898035f957c5b9a4487eca4d3ab9c439c5dd97bd3d94ace15b3e7ab882252309eda80139795e55152fe10dd43f514d5,gx-no-cache=1489160833895 HTTP/1.1" 200 30
200.112.49.242 - - [10/Mar/2017:12:46:05 -0300] "POST /cormun/servlet/trsolicitudot?4e824a9b5c7067891db3b483256ef6b3,,gx-no-cache=1489160832811 HTTP/1.1" 200 4084
200.112.49.242 - - [10/Mar/2017:12:46:06 -0300] "POST /cormun/servlet/trsolicitudot?4e824a9b5c7067891db3b483256ef6b3,,gx-no-cache=1489160833474 HTTP/1.1" 200 3877
200.112.49.242 - - [10/Mar/2017:12:46:06 -0300] "GET /cormun/static/Shared/jqueryui/images/ui-bg_flat_55_fafafa_40x100.png HTTP/1.1" 404 1097
200.112.49.242 - - [10/Mar/2017:12:46:06 -0300] "GET /cormun/static/Shared/jqueryui/images/ui-bg_highlight-soft_100_c6c2c8_1x100.png HTTP/1.1" 404 1117
200.112.49.242 - - [10/Mar/2017:12:46:06 -0300] "GET /cormun/static/Shared/jqueryui/images/ui-icons_8d78a5_256x240.png HTTP/1.1" 404 1089
200.112.49.242 - - [10/Mar/2017:12:46:06 -0300] "GET /cormun/static/Shared/jqueryui/images/ui-icons_82798d_256x240.png HTTP/1.1" 404 1089
200.112.49.242 - - [10/Mar/2017:12:46:12 -0300] "GET /cormun/servlet/trautorizarsolicitud? HTTP/1.1" 200 8154
200.112.49.242 - - [10/Mar/2017:12:46:16 -0300] "POST /cormun/servlet/trautorizarsolicitud?4e824a9b5c7067891db3b483256ef6b3,,gx-no-cache=1489160842855 HTTP/1.1" 200 4310
200.112.49.242 - - [10/Mar/2017:12:46:17 -0300] "POST /cormun/servlet/trautorizarsolicitud?4e824a9b5c7067891db3b483256ef6b3,,gx-no-cache=1489160844050 HTTP/1.1" 200 4100
200.112.49.242 - - [10/Mar/2017:12:46:17 -0300] "GET /cormun/static/Shared/jqueryui/images/ui-icons_82798d_256x240.png HTTP/1.1" 404 1089
200.112.49.242 - - [10/Mar/2017:12:46:17 -0300] "GET /cormun/static/Shared/jqueryui/images/ui-icons_8d78a5_256x240.png HTTP/1.1" 404 1089
200.112.49.242 - - [10/Mar/2017:12:46:17 -0300] "GET /cormun/static/Shared/jqueryui/images/ui-bg_highlight-soft_100_c6c2c8_1x100.png HTTP/1.1" 404 1117
200.112.49.242 - - [10/Mar/2017:12:46:17 -0300] "GET /cormun/static/Shared/jqueryui/images/ui-bg_flat_55_fafafa_40x100.png HTTP/1.1" 404 1097
186.67.172.234 - - [10/Mar/2017:12:46:28 -0300] "POST /cormun/servlet/solicitudot?a709744452bb1c40f43b69611a0a95e1,INS,0,0,,gx-no-cache=1489160856399 HTTP/1.1" 200 93
186.67.172.234 - - [10/Mar/2017:12:46:28 -0300] "GET /cormun/servlet/hpexe_return? HTTP/1.1" 200 1006
186.67.172.234 - - [10/Mar/2017:12:46:28 -0300] "GET /cormun/servlet/trsolicitudot HTTP/1.1" 200 7858
186.67.172.234 - - [10/Mar/2017:12:46:29 -0300] "GET /cormun/servlet/trsolicitudot HTTP/1.1" 200 7854
186.67.172.234 - - [10/Mar/2017:12:46:51 -0300] "POST /cormun/servlet/trsolicitudot?a709744452bb1c40f43b69611a0a95e1,gx-no-cache=1489160878906 HTTP/1.1" 200 107
186.67.172.234 - - [10/Mar/2017:12:46:51 -0300] "GET /cormun/servlet/trsolicitudadjuntos?2017,5433, HTTP/1.1" 200 5865
186.67.172.234 - - [10/Mar/2017:12:46:52 -0300] "GET /cormun/servlet/trsolicitudadjuntos?2017,5433, HTTP/1.1" 200 5865
192.168.10.62 - - [10/Mar/2017:12:47:00 -0300] "POST /cormun/servlet/trsolicitudgral?a4d76aa65df82c68c508487269b0bfe5,gx-no-cache=1489164103815 HTTP/1.1" 200 9894
186.67.172.234 - - [10/Mar/2017:12:47:03 -0300] "GET /cormun/servlet/solicitudotadjuntos?INS,2017,5433,,1, HTTP/1.1" 200 5798
186.67.172.234 - - [10/Mar/2017:12:47:03 -0300] "GET /cormun/static/about:blank HTTP/1.1" 404 1011
186.67.172.234 - - [10/Mar/2017:12:47:04 -0300] "GET /cormun/servlet/solicitudotadjuntos?e945c6c809bddcd5c94acbf019c1c874dbff1c31491c71ca843070b77aeb2e3d9052d5212ce1189f465e2a8b67a42913,gx-no-cache=1489160893044 HTTP/1.1" 200 30
186.67.172.234 - - [10/Mar/2017:12:47:04 -0300] "POST /cormun/servlet/solicitudotadjuntos?a709744452bb1c40f43b69611a0a95e1,INS,2017,5433,,1,,gx-no-cache=1489160893416 HTTP/1.1" 200 3645
186.67.172.234 - - [10/Mar/2017:12:47:06 -0300] "GET /cormun/servlet/solicitudotadjuntos?INS,2017,5433,,1, HTTP/1.1" 200 5792
192.168.10.62 - - [10/Mar/2017:12:47:12 -0300] "POST /cormun/servlet/trsolicitudgral?a4d76aa65df82c68c508487269b0bfe5,gx-no-cache=1489164115834 HTTP/1.1" 200 105
192.168.10.62 - - [10/Mar/2017:12:47:12 -0300] "POST /cormun/servlet/trsolicitudgral?a4d76aa65df82c68c508487269b0bfe5,gx-no-cache=1489164116011 HTTP/1.1" 200 9878
192.168.10.62 - - [10/Mar/2017:12:47:12 -0300] "GET /cormun/SolicitudGral-6525.xls HTTP/1.1" 200 10240
186.67.172.234 - - [10/Mar/2017:12:47:13 -0300] "POST /cormun/servlet/solicitudotadjuntos?gx-no-cache=1489160902363 HTTP/1.1" 200 26
186.67.172.234 - - [10/Mar/2017:12:47:27 -0300] "POST /cormun/servlet/solicitudotadjuntos?gx-no-cache=1489160916818 HTTP/1.1" 200 26
200.112.49.242 - - [10/Mar/2017:12:47:38 -0300] "GET /cormun/servlet/trsolicitudot? HTTP/1.1" 200 6792
200.112.49.242 - - [10/Mar/2017:12:47:42 -0300] "GET /cormun/servlet/solicitudot?INS,0,0, HTTP/1.1" 200 12802
186.79.127.233 - - [10/Mar/2017:12:47:59 -0300] "GET /cormun/servlet/trsolicitudot? HTTP/1.1" 200 6973
186.79.127.233 - - [10/Mar/2017:12:48:01 -0300] "GET /cormun/servlet/trsolicitudot? HTTP/1.1" 200 6973
186.79.127.233 - - [10/Mar/2017:12:48:03 -0300] "GET /cormun/servlet/solicitudot?INS,0,0, HTTP/1.1" 200 12793
186.79.127.233 - - [10/Mar/2017:12:48:07 -0300] "GET /cormun/servlet/solicitudot?INS,0,0, HTTP/1.1" 200 12798
192.168.10.62 - - [10/Mar/2017:12:48:09 -0300] "GET /cormun/servlet/vesolicitudgral?2017,4915,, HTTP/1.1" 200 8144
192.168.10.62 - - [10/Mar/2017:12:48:09 -0300] "GET /cormun/static/gxcfg.js?201612218543032 HTTP/1.1" 304 -
192.168.10.62 - - [10/Mar/2017:12:48:09 -0300] "GET /cormun/pexe_scrolldiv.js HTTP/1.1" 404 1009
192.168.10.62 - - [10/Mar/2017:12:48:09 -0300] "GET /cormun/static/hpexe_tabsview.js?201610171694228 HTTP/1.1" 304 -
192.168.10.62 - - [10/Mar/2017:12:48:09 -0300] "GET /cormun/static/hwcviewtabs.js?201612218431866 HTTP/1.1" 304 -
192.168.10.62 - - [10/Mar/2017:12:48:09 -0300] "GET /cormun/static/vesolicitudgral.js?201612218543091 HTTP/1.1" 304 -
192.168.10.62 - - [10/Mar/2017:12:48:09 -0300] "GET /cormun/pexe_scrolldiv.js HTTP/1.1" 404 1009
192.168.10.62 - - [10/Mar/2017:12:48:09 -0300] "GET /cormun/servlet/vesolicitudgral?2017,4915,, HTTP/1.1" 200 8143
192.168.10.62 - - [10/Mar/2017:12:48:12 -0300] "POST /cormun/servlet/vesolicitudgral?a4d76aa65df82c68c508487269b0bfe5,2017,4915,,,gx-no-cache=1489164175525 HTTP/1.1" 200 107
192.168.10.62 - - [10/Mar/2017:12:48:12 -0300] "GET /cormun/servlet/solicitudgral?UPD,2017,4915, HTTP/1.1" 200 11541
192.168.10.62 - - [10/Mar/2017:12:48:12 -0300] "GET /cormun/static/gxcfg.js?2017261155185 HTTP/1.1" 304 -
192.168.10.62 - - [10/Mar/2017:12:48:12 -0300] "GET /cormun/static/solicitudgral.js?2017261155246 HTTP/1.1" 304 -
192.168.10.62 - - [10/Mar/2017:12:48:12 -0300] "GET /cormun/servlet/solicitudgral?UPD,2017,4915, HTTP/1.1" 200 11541
192.168.10.62 - - [10/Mar/2017:12:48:13 -0300] "POST /cormun/servlet/solicitudgral?gx-no-cache=1489164176594 HTTP/1.1" 200 3166
192.168.10.62 - - [10/Mar/2017:12:48:13 -0300] "GET /cormun/servlet/solicitudgral?8a2ec42fe200bc9ecec982de0a0701d2cc9a8bbec7f0a39b03032c25bcd1cfe659657d6a6793d52e6f380300f448011f2c2e5565852f9d99fb4eab7a182529bd00673fc261d51ec944436f434d113f1760ad8a16e6d9d045f58f76a9a77429b0009f261059caef55b79bc1c2614ed36b43a569e5c17b13e92fa30b51649e8e86e59a5cdd28c4748b1acd8b69041efab5247cd898ec7012aa078f983a3fee9e3476dd12d33ac356a093fb1ddcb966e40dda6fc69786d27b346eb76bfdf5a3df6e6a8db444069505c012823b704e532fd7234671872a7cddfbafa50c672af7806a313d979acb67a500e422f941bae622ac9be09426692e54de713fd02b441463f0c3a7bc19ebe9409efff55b47e7e746c79e145ebc66fb1ad550092235c116c88ab04f2499c1f9b4c14d0e1895549e1df9a99016bf3f5d347a808db9cbfb3a91bfdaf6f4ce2a2242a428a980a65a248a59,gx-no-cache=1489164176734 HTTP/1.1" 200 298
192.168.10.62 - - [10/Mar/2017:12:48:13 -0300] "GET /cormun/servlet/solicitudgral?8a2ec42fe200bc9ecec982de0a0701d28ba646a6b1745032df38ab0743377b9468fcc20b5467b7e60e7ab4ba8f580592944350d2a5e88ff9dd74f7887527debfaa1e4a0efca31b6d4fe88466727c66c3729f977b0d62c442d3ced7cea6c8f862f36995594f284de2d74cdacde0b106659abc48fd0c50c24aa3f3beadfd17c06d973d89fa5fee4c7df3a9df1c24365dbb323e62e97a07068b60c7993e38c6f63dbc7ef3b6aff81fd41cabea9695cef2aeb6b1b2a0349555a8a22ffe6e9e71cab3a298b4df30696580692bc091c6fe5bdf48370a46de547dafeb10f7026080603c7d7b9daf765650fe1c16f75fc0d95608b40769d5c134bc1629100bbf7259343978840c8a11229c844b4b4eb9becbda6292017b50dbb48bcf7e17d9bc26a9d7b388bd3f382f743d41acc1148198d9bf17a6b8c4ad439f1169641a02080718a2d8a1eb6df4bd4e93e0fdabb36b06ef538c3c0b2850a9f10b2cc2208fb8ae89dc120801704b74ab26c2a077752721241bd2ffea157f501c92b25c0058e9e345c9e39277e99a4c2e80b19ef3f095dde4290d7d4f282fdcd4eb789885a6b39d07b64e19d06c7385d76acfb375a15e360bfac16dcdaded7d4a9638afc301888b806c98574b21e23cdfa81c552566ed0fde140da74abbd43d7742e6d3b70e07b4cf21c2ed1eca7f72b4eee2937a8be9b6a995c77d4f282fdcd4eb789885a6b39d07b64e930f8ca927caa7bbd791d96ba0a776b724505c36afa20cd69c772c11d7ba5ee073b6601d1b20d3bfa9346ebff750ddfe4586536c95f275cb40d3b968b0286d30,gx-no-cache=1489164177285 HTTP/1.1" 200 48
186.103.156.211 - - [10/Mar/2017:12:48:14 -0300] "POST /cormun/servlet/solicitudotadjuntos?90348fdedd2220e2601f01e9e7c8cc8b,INS,2017,5361,,2, HTTP/1.1" 200 6118
186.103.156.211 - - [10/Mar/2017:12:48:15 -0300] "GET /home/sistema/apache-tomcat-7.0.65/webapps/cormun/PrivateTempStorage/upload_00015419.pdf HTTP/1.1" 404 1135
192.168.10.62 - - [10/Mar/2017:12:48:18 -0300] "POST /cormun/servlet/solicitudgral?a4d76aa65df82c68c508487269b0bfe5,UPD,2017,4915,,gx-no-cache=1489164181382 HTTP/1.1" 200 10210
192.168.10.62 - - [10/Mar/2017:12:48:18 -0300] "GET /cormun/servlet/solicitudgral?8a2ec42fe200bc9ecec982de0a0701d2db81c64584e22e7e812ce6727db10abc1377b4cc52cf7b86d643b7e47252b9929c3c55e151f88675eea015956d3da721e7eaf64ef7579afadb511ae85ec8113cf75fc83b0708965b6b6738738b9424461b55f44acabbcbe024ea34c7a96c0ce2,gx-no-cache=1489164181563 HTTP/1.1" 200 29
192.168.10.62 - - [10/Mar/2017:12:48:18 -0300] "POST /cormun/servlet/solicitudgral?gx-no-cache=1489164181581 HTTP/1.1" 200 1249
192.168.10.62 - - [10/Mar/2017:12:48:18 -0300] "POST /cormun/servlet/solicitudgral?gx-no-cache=1489164181660 HTTP/1.1" 200 1153
192.168.10.62 - - [10/Mar/2017:12:48:18 -0300] "POST /cormun/servlet/solicitudgral?a4d76aa65df82c68c508487269b0bfe5,UPD,2017,4915,,gx-no-cache=1489164181714 HTTP/1.1" 200 93
192.168.10.62 - - [10/Mar/2017:12:48:18 -0300] "GET /cormun/servlet/hpexe_return? HTTP/1.1" 200 1017
192.168.10.62 - - [10/Mar/2017:12:48:18 -0300] "GET /cormun/static/gxcfg.js?2016101716175148 HTTP/1.1" 304 -
192.168.10.62 - - [10/Mar/2017:12:48:18 -0300] "GET /cormun/static/hpexe_return.js?2016101716175153 HTTP/1.1" 304 -
192.168.10.62 - - [10/Mar/2017:12:48:18 -0300] "GET /cormun/servlet/vesolicitudgral?2017,4915,, HTTP/1.1" 200 8147
192.168.10.62 - - [10/Mar/2017:12:48:18 -0300] "GET /cormun/pexe_scrolldiv.js HTTP/1.1" 404 1009
192.168.10.62 - - [10/Mar/2017:12:48:18 -0300] "GET /cormun/pexe_scrolldiv.js HTTP/1.1" 404 1009
192.168.10.62 - - [10/Mar/2017:12:48:19 -0300] "GET /cormun/servlet/vesolicitudgral?2017,4915,, HTTP/1.1" 200 8142
186.103.156.211 - - [10/Mar/2017:12:48:27 -0300] "GET /cormun/servlet/trsolicitudadjuntos?2017,5361, HTTP/1.1" 200 8092
186.103.156.211 - - [10/Mar/2017:12:48:28 -0300] "GET /cormun/servlet/trsolicitudadjuntos?2017,5361, HTTP/1.1" 200 8091
186.79.127.233 - - [10/Mar/2017:12:48:31 -0300] "POST /cormun/servlet/solicitudot?gx-no-cache=1489160980407 HTTP/1.1" 200 3081
192.168.10.62 - - [10/Mar/2017:12:48:32 -0300] "POST /cormun/servlet/vesolicitudgral?a4d76aa65df82c68c508487269b0bfe5,2017,4915,,,gx-no-cache=1489164195580 HTTP/1.1" 200 90
192.168.10.62 - - [10/Mar/2017:12:48:32 -0300] "GET /cormun/servlet/hpexe_link HTTP/1.1" 200 989
192.168.10.62 - - [10/Mar/2017:12:48:32 -0300] "GET /cormun/servlet/trsolicitudgral?gx-no-cache=1489164116011 HTTP/1.1" 200 13120
192.168.10.62 - - [10/Mar/2017:12:48:33 -0300] "GET /cormun/servlet/trsolicitudgral?gx-no-cache=1489164116011 HTTP/1.1" 200 13139
186.79.127.233 - - [10/Mar/2017:12:48:34 -0300] "POST /cormun/servlet/solicitudot?c4a81de6299d39325dff0bdf6093d477,INS,0,0,,gx-no-cache=1489160983026 HTTP/1.1" 200 9864
192.168.10.62 - - [10/Mar/2017:12:48:36 -0300] "POST /cormun/servlet/trsolicitudgral?a4d76aa65df82c68c508487269b0bfe5,gx-no-cache=1489164116011,gx-no-cache=1489164199323 HTTP/1.1" 200 9893
192.168.10.62 - - [10/Mar/2017:12:48:40 -0300] "POST /cormun/servlet/trsolicitudgral?a4d76aa65df82c68c508487269b0bfe5,gx-no-cache=1489164116011,gx-no-cache=1489164203259 HTTP/1.1" 200 105
192.168.10.62 - - [10/Mar/2017:12:48:40 -0300] "POST /cormun/servlet/trsolicitudgral?a4d76aa65df82c68c508487269b0bfe5,gx-no-cache=1489164116011,gx-no-cache=1489164203434 HTTP/1.1" 200 9876
186.79.127.233 - - [10/Mar/2017:12:48:40 -0300] "GET /cormun/servlet/solicitudot?eaedf7d709b19ea1c84bf37dda38787ab15edef67ca322c564d2817e18cd8ef77ba6e15da3fc140aa699bc1d82272ec1,gx-no-cache=1489160990285 HTTP/1.1" 200 30
192.168.10.62 - - [10/Mar/2017:12:48:40 -0300] "GET /cormun/SolicitudGral-7313.xls HTTP/1.1" 200 10240
186.103.156.211 - - [10/Mar/2017:12:48:41 -0300] "GET /cormun/servlet/trsolicitudot? HTTP/1.1" 200 8234
186.103.156.211 - - [10/Mar/2017:12:48:42 -0300] "GET /cormun/servlet/trsolicitudot? HTTP/1.1" 200 8227
186.103.156.211 - - [10/Mar/2017:12:48:50 -0300] "POST /cormun/servlet/trsolicitudot?90348fdedd2220e2601f01e9e7c8cc8b,,gx-no-cache=1489161001192 HTTP/1.1" 200 5639
186.103.156.211 - - [10/Mar/2017:12:48:51 -0300] "GET /cormun/static/Shared/jqueryui/images/ui-bg_highlight-soft_100_c6c2c8_1x100.png HTTP/1.1" 404 1117
186.103.156.211 - - [10/Mar/2017:12:48:51 -0300] "GET /cormun/static/Shared/jqueryui/images/ui-icons_82798d_256x240.png HTTP/1.1" 404 1089
186.103.156.211 - - [10/Mar/2017:12:48:51 -0300] "GET /cormun/static/Shared/jqueryui/images/ui-bg_flat_55_fafafa_40x100.png HTTP/1.1" 404 1097
186.103.156.211 - - [10/Mar/2017:12:48:51 -0300] "GET /cormun/static/Shared/jqueryui/images/ui-icons_8d78a5_256x240.png HTTP/1.1" 404 1089
186.103.156.211 - - [10/Mar/2017:12:49:02 -0300] "POST /cormun/servlet/trsolicitudot?90348fdedd2220e2601f01e9e7c8cc8b,,gx-no-cache=1489161013582 HTTP/1.1" 200 105
186.103.156.211 - - [10/Mar/2017:12:49:03 -0300] "GET /cormun/servlet/solicitudot?UPD,2017,5361, HTTP/1.1" 200 14492
186.103.156.211 - - [10/Mar/2017:12:49:03 -0300] "GET /cormun/static/gxcfg.js?20171191042720 HTTP/1.1" 304 -
186.103.156.211 - - [10/Mar/2017:12:49:04 -0300] "GET /cormun/servlet/solicitudot?UPD,2017,5361, HTTP/1.1" 200 14501
186.103.156.211 - - [10/Mar/2017:12:49:05 -0300] "POST /cormun/servlet/solicitudot?gx-no-cache=1489161015853 HTTP/1.1" 200 3164
186.103.156.211 - - [10/Mar/2017:12:49:07 -0300] "POST /cormun/servlet/solicitudot?90348fdedd2220e2601f01e9e7c8cc8b,UPD,2017,5361,,gx-no-cache=1489161016591 HTTP/1.1" 200 11054
186.103.156.211 - - [10/Mar/2017:12:49:07 -0300] "GET /cormun/servlet/solicitudot?4a0ece37c75668d9cffab8ea7fcb0ece3fcfd4d98ad6e1f00094b4914938112d7c53582dd5eaf160c6594604a7b14b3b,gx-no-cache=1489161018475 HTTP/1.1" 200 30
186.103.156.211 - - [10/Mar/2017:12:49:07 -0300] "POST /cormun/servlet/solicitudot?gx-no-cache=1489161018600 HTTP/1.1" 200 297
186.103.156.211 - - [10/Mar/2017:12:49:08 -0300] "GET /cormun/servlet/solicitudot?4a0ece37c75668d9cffab8ea7fcb0ece7681c0b569604340ad7584cda874991c4f01eade831a583e172ab3ec57f05bb4612ca3473422a3b5af5e3017aea58086bfd3ad900c6f41c98f5044b2b1406aa9f0936b47d594cc5975d83792da251d7cd0776aaeb2f34a035621b2a3089a87d161a2ddf1b6ae9fd3e5efc38ca578a45338a19fcadef3ab87e5f750876498ce1ca1ff9c0c345887dba61d4b5099e6a199a53dd676bdb1f6403e5a982f644b354b8914c5eab6b3839da8defce02d31d2b106c2efd8cc2a0f2afd01e4b8f1aaf80f0c0dc9192d0e73b5bc061303fd8ddd4fb9e05c5eb9de331ddbdc7e1eb9ee06f12e0d7b5b3096a674a3ae47a63217d08142e514f9b6d8ad3254f4f9dd7654d21cfeaa726a25c8cc1394c1181344512bfb58371bfc7bdeafaa864951b98a5b417b9214974608b9aa166f1da7bc78e74fb3f5f48402fb369f292eaf9f44f0f32a02a174602b944509b1d8d44a5c6170cf8dc8c518a52da74be27a0dc6f97f81b21a17714c84c368de55cd1904a9d3d4b7b5eafc68932250efff3b7a76ff6bad95a5,gx-no-cache=1489161019109 HTTP/1.1" 200 30
186.103.156.211 - - [10/Mar/2017:12:49:08 -0300] "POST /cormun/servlet/solicitudot?gx-no-cache=1489161019587 HTTP/1.1" 200 30
186.103.156.211 - - [10/Mar/2017:12:49:10 -0300] "POST /cormun/servlet/solicitudot?gx-no-cache=1489161019799 HTTP/1.1" 200 1286
186.103.156.211 - - [10/Mar/2017:12:49:10 -0300] "POST /cormun/servlet/solicitudot?gx-no-cache=1489161021330 HTTP/1.1" 200 41
186.67.172.234 - - [10/Mar/2017:12:49:13 -0300] "POST /cormun/servlet/solicitudotadjuntos?gx-no-cache=1489161022745 HTTP/1.1" 200 26
186.103.156.211 - - [10/Mar/2017:12:49:23 -0300] "GET /cormun/servlet/solicitudot?4a0ece37c75668d9cffab8ea7fcb0ece01d1407b5a43b48228564625b716fd9c08333857b3551951039faf5bf2058a20488bcd18c1c796f19801d636e58d07eb39db57d2614881ed0a4cf33bc78ff696599bef7fa9bf8ff7461452597714fdd48e990eb8a2222945986a238792d39e0b,gx-no-cache=1489161034543 HTTP/1.1" 200 29
186.103.156.211 - - [10/Mar/2017:12:49:25 -0300] "POST /cormun/servlet/solicitudot?gx-no-cache=1489161035067 HTTP/1.1" 200 1274
186.103.156.211 - - [10/Mar/2017:12:49:25 -0300] "POST /cormun/servlet/solicitudot?gx-no-cache=1489161036568 HTTP/1.1" 200 1157
186.103.156.211 - - [10/Mar/2017:12:49:25 -0300] "GET /cormun/servlet/solicitudot?4a0ece37c75668d9cffab8ea7fcb0eceefb0ca41999f033c1f56f98e484afc0b66f93cde2cf7a14b8976528915c938ed3c8a9087f583329172e6f12742adf8eb8699126d960e4636396aa0e9ffebe10dfd2cfed4c74d79688d4548385aba0ee08e54fd0bf093b8404a453a60413f9c5c53a2b497a6dc34458e870449379e817ccdbcb8069c7132d2fecee2d1b4be95b0a7ed388a36b7db87e95a1d670d9a2635f4849861a9a7ca80bc9fc8d3a1ac142d,gx-no-cache=1489161036838 HTTP/1.1" 200 30
186.103.156.211 - - [10/Mar/2017:12:49:29 -0300] "GET /cormun/static/Resources/resize.gif HTTP/1.1" 200 77
186.67.172.234 - - [10/Mar/2017:12:49:33 -0300] "POST /cormun/servlet/solicitudotadjuntos?gx-no-cache=1489161041153 HTTP/1.1" 200 26
186.103.156.211 - - [10/Mar/2017:12:49:36 -0300] "GET /cormun/servlet/prfichaempleado?,MD,,gxPopupLevel%3D0%3B HTTP/1.1" 200 8854
186.103.156.211 - - [10/Mar/2017:12:49:36 -0300] "GET /cormun/static/Resources/PXToolsMenuSearch.png HTTP/1.1" 200 2914
186.103.156.211 - - [10/Mar/2017:12:49:37 -0300] "GET /cormun/static/Resources/PXToolsMenuSearchCancel.png HTTP/1.1" 200 2972
186.103.156.211 - - [10/Mar/2017:12:49:37 -0300] "GET /cormun/static/menusearch.js?201610171694467 HTTP/1.1" 200 1424
186.103.156.211 - - [10/Mar/2017:12:49:37 -0300] "GET /cormun/static/hmpwkw011.js?201612218515582 HTTP/1.1" 200 1968
186.103.156.211 - - [10/Mar/2017:12:49:37 -0300] "GET /cormun/static/prfichaempleado.js?201610242056198 HTTP/1.1" 200 16015
186.103.156.211 - - [10/Mar/2017:12:49:37 -0300] "GET /cormun/static/gxcfg.js?2016102420561687 HTTP/1.1" 200 953
192.168.10.62 - - [10/Mar/2017:12:49:38 -0300] "POST /cormun/servlet/trsolicitudgral?a4d76aa65df82c68c508487269b0bfe5,gx-no-cache=1489164116011,gx-no-cache=1489164262142 HTTP/1.1" 200 4901
192.168.10.62 - - [10/Mar/2017:12:49:38 -0300] "GET /cormun/static/Shared/jqueryui/images/ui-bg_highlight-soft_100_c6c2c8_1x100.png HTTP/1.1" 404 1117
192.168.10.62 - - [10/Mar/2017:12:49:38 -0300] "GET /cormun/static/Shared/jqueryui/images/ui-icons_82798d_256x240.png HTTP/1.1" 404 1089
192.168.10.62 - - [10/Mar/2017:12:49:38 -0300] "GET /cormun/static/Shared/jqueryui/images/ui-bg_flat_55_fafafa_40x100.png HTTP/1.1" 404 1097
192.168.10.62 - - [10/Mar/2017:12:49:38 -0300] "GET /cormun/static/Shared/jqueryui/images/ui-icons_8d78a5_256x240.png HTTP/1.1" 404 1089
186.103.156.211 - - [10/Mar/2017:12:49:41 -0300] "GET /cormun/servlet/trsolicitudot? HTTP/1.1" 200 8234
186.103.156.211 - - [10/Mar/2017:12:49:42 -0300] "GET /cormun/servlet/trsolicitudot? HTTP/1.1" 200 8227
186.67.172.234 - - [10/Mar/2017:12:49:48 -0300] "POST /cormun/servlet/solicitudotadjuntos?gx-no-cache=1489161057617 HTTP/1.1" 200 26
