200.112.49.242 - - [10/Mar/2017:09:18:39 -0300] "GET /cormun/servlet/trsolicitudadjuntos?2017,5412, HTTP/1.1" 200 8581
200.112.49.242 - - [10/Mar/2017:09:18:44 -0300] "GET /cormun/servlet/solicitudotadjuntos?INS,2017,5412,,1, HTTP/1.1" 200 6026
200.112.49.242 - - [10/Mar/2017:09:18:45 -0300] "HEAD /cormun/static/about:blank HTTP/1.1" 404 -
200.112.49.242 - - [10/Mar/2017:09:18:45 -0300] "GET /cormun/servlet/solicitudotadjuntos?af99da87dca42ccdf9d287f0e16f21282035b54a8a23fe4172c007ecd693c8a1f50f32167f92322b6d0a8afd50c12de9,gx-no-cache=1489148393602 HTTP/1.1" 200 30
200.112.49.242 - - [10/Mar/2017:09:18:46 -0300] "POST /cormun/servlet/solicitudotadjuntos?0dcbcc117c8c06906b10e2fd7978ec36,INS,2017,5412,,1,,gx-no-cache=1489148393704 HTTP/1.1" 200 3855
200.112.49.242 - - [10/Mar/2017:09:18:50 -0300] "POST /cormun/servlet/solicitudotadjuntos?gx-no-cache=1489148398438 HTTP/1.1" 200 26
192.168.10.96 - - [10/Mar/2017:09:18:54 -0300] "POST /cormun/servlet/trsolicitudgral?d4e5d888e3b0ef2ddd22fa5cc1bc6480,,gx-no-cache=1489151618300 HTTP/1.1" 200 5412
200.112.49.242 - - [10/Mar/2017:09:18:57 -0300] "GET /cormun/servlet/solicitudotadjuntos?af99da87dca42ccdf9d287f0e16f21285052d36b684e345a45658d45c1365716,gx-no-cache=1489148405142 HTTP/1.1" 200 30
200.112.49.242 - - [10/Mar/2017:09:18:57 -0300] "GET /cormun/servlet/solicitudotadjuntos?af99da87dca42ccdf9d287f0e16f21285052d36b684e345a45658d45c1365716,gx-no-cache=1489148405239 HTTP/1.1" 200 30
200.112.49.242 - - [10/Mar/2017:09:18:58 -0300] "POST /cormun/servlet/solicitudotadjuntos?0dcbcc117c8c06906b10e2fd7978ec36,INS,2017,5412,,1, HTTP/1.1" 200 116
200.112.49.242 - - [10/Mar/2017:09:18:58 -0300] "GET /cormun/servlet/hpexe_return? HTTP/1.1" 200 1021
192.168.10.96 - - [10/Mar/2017:09:18:59 -0300] "POST /cormun/servlet/trsolicitudgral?d4e5d888e3b0ef2ddd22fa5cc1bc6480,,gx-no-cache=1489151622459 HTTP/1.1" 200 5415
200.112.49.242 - - [10/Mar/2017:09:18:59 -0300] "GET /cormun/servlet/trsolicitudadjuntos?2017,5412, HTTP/1.1" 200 8721
192.168.10.96 - - [10/Mar/2017:09:19:02 -0300] "POST /cormun/servlet/trsolicitudgral?d4e5d888e3b0ef2ddd22fa5cc1bc6480,,gx-no-cache=1489151625744 HTTP/1.1" 200 6995
200.112.49.242 - - [10/Mar/2017:09:19:05 -0300] "GET /cormun/servlet/solicitudotadjuntos?INS,2017,5412,,1, HTTP/1.1" 200 6026
200.112.49.242 - - [10/Mar/2017:09:19:05 -0300] "HEAD /cormun/static/about:blank HTTP/1.1" 404 -
200.112.49.242 - - [10/Mar/2017:09:19:06 -0300] "GET /cormun/servlet/solicitudotadjuntos?af99da87dca42ccdf9d287f0e16f21282035b54a8a23fe4172c007ecd693c8a1f50f32167f92322b6d0a8afd50c12de9,gx-no-cache=1489148414133 HTTP/1.1" 200 30
200.112.49.242 - - [10/Mar/2017:09:19:06 -0300] "POST /cormun/servlet/solicitudotadjuntos?0dcbcc117c8c06906b10e2fd7978ec36,INS,2017,5412,,1,,gx-no-cache=1489148414232 HTTP/1.1" 200 3855
200.112.49.242 - - [10/Mar/2017:09:19:09 -0300] "POST /cormun/servlet/solicitudotadjuntos?gx-no-cache=1489148417133 HTTP/1.1" 200 26
200.112.49.242 - - [10/Mar/2017:09:19:15 -0300] "GET /cormun/servlet/solicitudotadjuntos?af99da87dca42ccdf9d287f0e16f21285052d36b684e345a45658d45c1365716,gx-no-cache=1489148423597 HTTP/1.1" 200 30
200.112.49.242 - - [10/Mar/2017:09:19:15 -0300] "GET /cormun/servlet/solicitudotadjuntos?af99da87dca42ccdf9d287f0e16f21285052d36b684e345a45658d45c1365716,gx-no-cache=1489148423722 HTTP/1.1" 200 30
200.112.49.242 - - [10/Mar/2017:09:19:16 -0300] "POST /cormun/servlet/solicitudotadjuntos?0dcbcc117c8c06906b10e2fd7978ec36,INS,2017,5412,,1, HTTP/1.1" 200 116
200.112.49.242 - - [10/Mar/2017:09:19:16 -0300] "GET /cormun/servlet/hpexe_return? HTTP/1.1" 200 1021
200.112.49.242 - - [10/Mar/2017:09:19:17 -0300] "GET /cormun/servlet/trsolicitudadjuntos?2017,5412, HTTP/1.1" 200 8917
200.112.49.242 - - [10/Mar/2017:09:19:20 -0300] "GET /cormun/servlet/solicitudotadjuntos?INS,2017,5412,,1, HTTP/1.1" 200 6026
200.112.49.242 - - [10/Mar/2017:09:19:20 -0300] "HEAD /cormun/static/about:blank HTTP/1.1" 404 -
200.112.49.242 - - [10/Mar/2017:09:19:21 -0300] "GET /cormun/servlet/solicitudotadjuntos?af99da87dca42ccdf9d287f0e16f21282035b54a8a23fe4172c007ecd693c8a1f50f32167f92322b6d0a8afd50c12de9,gx-no-cache=1489148429003 HTTP/1.1" 200 30
200.112.49.242 - - [10/Mar/2017:09:19:21 -0300] "POST /cormun/servlet/solicitudotadjuntos?0dcbcc117c8c06906b10e2fd7978ec36,INS,2017,5412,,1,,gx-no-cache=1489148429069 HTTP/1.1" 200 3855
200.112.49.242 - - [10/Mar/2017:09:19:24 -0300] "POST /cormun/servlet/solicitudotadjuntos?gx-no-cache=1489148432494 HTTP/1.1" 200 26
200.112.49.242 - - [10/Mar/2017:09:19:33 -0300] "GET /cormun/servlet/solicitudotadjuntos?af99da87dca42ccdf9d287f0e16f21285052d36b684e345a45658d45c1365716,gx-no-cache=1489148441229 HTTP/1.1" 200 30
200.112.49.242 - - [10/Mar/2017:09:19:33 -0300] "GET /cormun/servlet/solicitudotadjuntos?af99da87dca42ccdf9d287f0e16f21285052d36b684e345a45658d45c1365716,gx-no-cache=1489148441290 HTTP/1.1" 200 30
200.112.49.242 - - [10/Mar/2017:09:19:34 -0300] "POST /cormun/servlet/solicitudotadjuntos?0dcbcc117c8c06906b10e2fd7978ec36,INS,2017,5412,,1, HTTP/1.1" 200 116
200.112.49.242 - - [10/Mar/2017:09:19:34 -0300] "GET /cormun/servlet/hpexe_return? HTTP/1.1" 200 1021
200.112.49.242 - - [10/Mar/2017:09:19:34 -0300] "GET /cormun/servlet/trsolicitudadjuntos?2017,5412, HTTP/1.1" 200 9107
200.112.49.242 - - [10/Mar/2017:09:19:42 -0300] "GET /cormun/servlet/trsolicitudot? HTTP/1.1" 200 8236
200.112.49.242 - - [10/Mar/2017:09:19:45 -0300] "POST /cormun/servlet/trsolicitudot?0dcbcc117c8c06906b10e2fd7978ec36,,gx-no-cache=1489148453330 HTTP/1.1" 200 4338
200.112.49.242 - - [10/Mar/2017:09:19:46 -0300] "POST /cormun/servlet/trsolicitudot?0dcbcc117c8c06906b10e2fd7978ec36,,gx-no-cache=1489148454037 HTTP/1.1" 200 4125
200.112.49.242 - - [10/Mar/2017:09:19:46 -0300] "GET /cormun/static/Shared/jqueryui/images/ui-bg_highlight-soft_100_c6c2c8_1x100.png HTTP/1.1" 404 1117
200.112.49.242 - - [10/Mar/2017:09:19:46 -0300] "GET /cormun/static/Shared/jqueryui/images/ui-icons_8d78a5_256x240.png HTTP/1.1" 404 1089
200.112.49.242 - - [10/Mar/2017:09:19:46 -0300] "GET /cormun/static/Shared/jqueryui/images/ui-bg_flat_55_fafafa_40x100.png HTTP/1.1" 404 1097
200.112.49.242 - - [10/Mar/2017:09:19:46 -0300] "GET /cormun/static/Shared/jqueryui/images/ui-icons_82798d_256x240.png HTTP/1.1" 404 1089
200.112.49.242 - - [10/Mar/2017:09:19:50 -0300] "GET /cormun/servlet/trautorizarsolicitud? HTTP/1.1" 200 6950
200.112.49.242 - - [10/Mar/2017:09:19:55 -0300] "GET /cormun/servlet/trautorizarsolicitud? HTTP/1.1" 200 6950
200.112.49.242 - - [10/Mar/2017:09:20:01 -0300] "GET /cormun/servlet/trvisualizadoreventos? HTTP/1.1" 200 6728
200.112.49.242 - - [10/Mar/2017:09:20:05 -0300] "GET /cormun/servlet/trsolicitudot? HTTP/1.1" 200 6965
200.112.49.242 - - [10/Mar/2017:09:20:16 -0300] "POST /cormun/servlet/trsolicitudot?0dcbcc117c8c06906b10e2fd7978ec36,,gx-no-cache=1489148483932 HTTP/1.1" 200 4132
186.103.156.211 - - [10/Mar/2017:09:20:20 -0300] "GET /cormun/servlet/trcontratoobservaciondir? HTTP/1.1" 200 6167
186.103.156.211 - - [10/Mar/2017:09:20:20 -0300] "GET /cormun/static/gxcfg.js?201612218551235 HTTP/1.1" 304 -
186.103.156.211 - - [10/Mar/2017:09:20:21 -0300] "GET /cormun/servlet/trcontratoobservaciondir? HTTP/1.1" 200 6166
200.112.49.242 - - [10/Mar/2017:09:20:23 -0300] "GET /cormun/servlet/trsolicitudot? HTTP/1.1" 200 6964
186.103.156.211 - - [10/Mar/2017:09:20:25 -0300] "GET /cormun/servlet/trautorizarsolicitud? HTTP/1.1" 200 8117
186.103.156.211 - - [10/Mar/2017:09:20:25 -0300] "GET /cormun/static/gxcfg.js?2017259112829 HTTP/1.1" 304 -
186.103.156.211 - - [10/Mar/2017:09:20:25 -0300] "GET /cormun/servlet/trautorizarsolicitud? HTTP/1.1" 200 8117
200.112.49.242 - - [10/Mar/2017:09:20:27 -0300] "GET /cormun/servlet/trautorizarsolicitud? HTTP/1.1" 200 6950
200.112.49.242 - - [10/Mar/2017:09:20:34 -0300] "GET /cormun/servlet/trvisualizadoreventos? HTTP/1.1" 200 6728
200.112.49.242 - - [10/Mar/2017:09:20:43 -0300] "POST /cormun/servlet/trvisualizadoreventos?0dcbcc117c8c06906b10e2fd7978ec36,,gx-no-cache=1489148510788 HTTP/1.1" 200 3963
200.112.49.242 - - [10/Mar/2017:09:20:51 -0300] "GET /cormun/servlet/trcontratounov2? HTTP/1.1" 200 16345
200.112.49.242 - - [10/Mar/2017:09:20:51 -0300] "GET /cormun/static/gxcfg.js?201612281114880 HTTP/1.1" 304 -
200.112.49.242 - - [10/Mar/2017:09:20:51 -0300] "GET /cormun/static/trcontratounov2.js?2016122811141421 HTTP/1.1" 304 -
186.103.156.211 - - [10/Mar/2017:09:20:52 -0300] "GET /cormun/servlet/treventos?2017,5265, HTTP/1.1" 200 7405
186.103.156.211 - - [10/Mar/2017:09:20:53 -0300] "GET /cormun/static/gxcfg.js?2016101716195975 HTTP/1.1" 304 -
186.103.156.211 - - [10/Mar/2017:09:20:53 -0300] "GET /cormun/servlet/treventos?2017,5265, HTTP/1.1" 200 7404
186.103.156.211 - - [10/Mar/2017:09:21:04 -0300] "POST /cormun/servlet/treventos?762a540e67787781d70e712a49e81bb2,2017,5265,,gx-no-cache=1489148535932 HTTP/1.1" 200 90
186.103.156.211 - - [10/Mar/2017:09:21:04 -0300] "GET /cormun/servlet/hpexe_link HTTP/1.1" 200 967
186.103.156.211 - - [10/Mar/2017:09:21:05 -0300] "GET /cormun/servlet/trautorizarsolicitud HTTP/1.1" 200 8118
186.103.156.211 - - [10/Mar/2017:09:21:06 -0300] "GET /cormun/servlet/trautorizarsolicitud HTTP/1.1" 200 8117
200.112.49.242 - - [10/Mar/2017:09:21:20 -0300] "POST /cormun/servlet/trcontratounov2?0dcbcc117c8c06906b10e2fd7978ec36,,gx-no-cache=1489148547302 HTTP/1.1" 200 15702
200.112.49.242 - - [10/Mar/2017:09:21:27 -0300] "POST /cormun/servlet/trcontratounov2?0dcbcc117c8c06906b10e2fd7978ec36,,gx-no-cache=1489148553781 HTTP/1.1" 200 15680
200.112.49.242 - - [10/Mar/2017:09:21:46 -0300] "POST /cormun/servlet/trcontratounov2?0dcbcc117c8c06906b10e2fd7978ec36,,gx-no-cache=1489148572378 HTTP/1.1" 200 15684
200.112.49.242 - - [10/Mar/2017:09:22:06 -0300] "POST /cormun/servlet/trcontratounov2?0dcbcc117c8c06906b10e2fd7978ec36,,gx-no-cache=1489148593015 HTTP/1.1" 200 5759
200.112.49.242 - - [10/Mar/2017:09:22:15 -0300] "POST /cormun/servlet/trcontratounov2?0dcbcc117c8c06906b10e2fd7978ec36,,gx-no-cache=1489148602344 HTTP/1.1" 200 4044
200.112.49.242 - - [10/Mar/2017:09:22:17 -0300] "GET /cormun/servlet/trcontratounov2? HTTP/1.1" 200 6789
200.112.49.242 - - [10/Mar/2017:09:22:21 -0300] "GET /cormun/servlet/trcontratounov2? HTTP/1.1" 200 6789
200.112.49.242 - - [10/Mar/2017:09:22:25 -0300] "GET /cormun/servlet/trcontratosolicitud? HTTP/1.1" 200 13430
200.112.49.242 - - [10/Mar/2017:09:22:25 -0300] "GET /cormun/static/gxcfg.js?20171317451682 HTTP/1.1" 304 -
200.112.49.242 - - [10/Mar/2017:09:22:25 -0300] "GET /cormun/static/trcontratosolicitud.js?20171317452124 HTTP/1.1" 304 -
200.112.49.242 - - [10/Mar/2017:09:22:50 -0300] "POST /cormun/servlet/trcontratosolicitud?0dcbcc117c8c06906b10e2fd7978ec36,,gx-no-cache=1489148637657 HTTP/1.1" 200 8540
200.112.49.242 - - [10/Mar/2017:09:23:10 -0300] "POST /cormun/servlet/trcontratosolicitud?0dcbcc117c8c06906b10e2fd7978ec36,,gx-no-cache=1489148657881 HTTP/1.1" 200 11091
200.112.49.242 - - [10/Mar/2017:09:23:20 -0300] "POST /cormun/servlet/trcontratosolicitud?0dcbcc117c8c06906b10e2fd7978ec36,,gx-no-cache=1489148667109 HTTP/1.1" 200 11104
200.112.49.242 - - [10/Mar/2017:09:23:25 -0300] "POST /cormun/servlet/trcontratosolicitud?0dcbcc117c8c06906b10e2fd7978ec36,,gx-no-cache=1489148672783 HTTP/1.1" 200 11103
200.112.49.242 - - [10/Mar/2017:09:23:39 -0300] "POST /cormun/servlet/trcontratosolicitud?0dcbcc117c8c06906b10e2fd7978ec36,,gx-no-cache=1489148686660 HTTP/1.1" 200 11084
201.214.54.252 - - [10/Mar/2017:09:24:39 -0300] "GET /cormun/servlet/hlogin HTTP/1.1" 200 1716
201.214.54.252 - - [10/Mar/2017:09:24:40 -0300] "GET /cormun/static/gxtimezone.js?85251 HTTP/1.1" 200 5781
201.214.54.252 - - [10/Mar/2017:09:24:40 -0300] "GET /cormun/static/gxcfg.js?201612216162538 HTTP/1.1" 200 953
201.214.54.252 - - [10/Mar/2017:09:24:40 -0300] "GET /cormun/static/Resources/ComunLogin.png HTTP/1.1" 200 17326
201.214.54.252 - - [10/Mar/2017:09:24:40 -0300] "GET /cormun/static/messages.spa.js?85251 HTTP/1.1" 200 30736
201.214.54.252 - - [10/Mar/2017:09:24:40 -0300] "GET /cormun/static/hlogin.js?201612216162555 HTTP/1.1" 200 2136
201.214.54.252 - - [10/Mar/2017:09:24:40 -0300] "GET /cormun/static/Resources/Spanish/PXTools.css?167811 HTTP/1.1" 200 89042
201.214.54.252 - - [10/Mar/2017:09:24:40 -0300] "GET /cormun/static/gxgral.js?85251 HTTP/1.1" 200 40960
186.67.172.234 - - [10/Mar/2017:09:24:40 -0300] "GET /cormun/servlet/trcontratoobservacion? HTTP/1.1" 200 6390
186.67.172.234 - - [10/Mar/2017:09:24:41 -0300] "GET /cormun/servlet/trcontratoobservacion? HTTP/1.1" 200 6390
186.67.172.234 - - [10/Mar/2017:09:24:41 -0300] "GET /cormun/servlet/trcontratoobservacion? HTTP/1.1" 200 6390
201.214.54.252 - - [10/Mar/2017:09:24:41 -0300] "GET /cormun/servlet/hlogin HTTP/1.1" 200 1727
201.214.54.252 - - [10/Mar/2017:09:24:41 -0300] "GET /cormun/static/Resources/indicator.gif HTTP/1.1" 200 1553
201.214.54.252 - - [10/Mar/2017:09:24:41 -0300] "GET /favicon.ico HTTP/1.1" 200 21630
201.214.54.252 - - [10/Mar/2017:09:24:41 -0300] "GET /cormun/static/Resources/PXToolsLoginBackground.png HTTP/1.1" 200 1164
201.214.54.252 - - [10/Mar/2017:09:24:41 -0300] "GET /cormun/static/Resources/PXToolsLoginTop.png HTTP/1.1" 200 1337
201.214.54.252 - - [10/Mar/2017:09:24:41 -0300] "GET /cormun/static/Resources/PXToolsButtonLeft21.png HTTP/1.1" 200 1287
201.214.54.252 - - [10/Mar/2017:09:24:41 -0300] "GET /cormun/static/Resources/PXToolsButtonRight21.png HTTP/1.1" 200 1283
201.214.54.252 - - [10/Mar/2017:09:24:41 -0300] "GET /cormun/static/Resources/PXToolsButtonBackground2.png HTTP/1.1" 200 1181
186.67.172.234 - - [10/Mar/2017:09:24:41 -0300] "GET /cormun/servlet/trcontratoobservacion? HTTP/1.1" 200 6390
201.214.54.252 - - [10/Mar/2017:09:24:41 -0300] "GET /cormun/static/Resources/PXToolsLoginBackground.png HTTP/1.1" 200 1164
201.214.54.252 - - [10/Mar/2017:09:24:41 -0300] "GET /cormun/static/Resources/PXToolsButtonRight21.png HTTP/1.1" 200 1283
201.214.54.252 - - [10/Mar/2017:09:24:41 -0300] "GET /cormun/static/Resources/PXToolsLoginTop.png HTTP/1.1" 200 1337
201.214.54.252 - - [10/Mar/2017:09:24:41 -0300] "GET /cormun/static/Resources/PXToolsButtonLeft21.png HTTP/1.1" 200 1287
201.214.54.252 - - [10/Mar/2017:09:24:41 -0300] "GET /cormun/static/Resources/PXToolsButtonBackground2.png HTTP/1.1" 200 1181
201.214.54.252 - - [10/Mar/2017:09:24:41 -0300] "GET /cormun/static/Resources/PXToolsLoginBottom.png HTTP/1.1" 200 1389
186.67.172.234 - - [10/Mar/2017:09:24:59 -0300] "GET /cormun/servlet/trvisualizadoreventos? HTTP/1.1" 200 6493
186.67.172.234 - - [10/Mar/2017:09:24:59 -0300] "GET /cormun/servlet/trvisualizadoreventos? HTTP/1.1" 200 6493
186.67.172.234 - - [10/Mar/2017:09:25:10 -0300] "POST /cormun/servlet/trvisualizadoreventos?b981d1b4b5ad30aaccc7e8baf614c9d0,,gx-no-cache=1489148779113 HTTP/1.1" 200 111
186.67.172.234 - - [10/Mar/2017:09:25:10 -0300] "GET /cormun/VisualizadorEventos-1341.xls HTTP/1.1" 200 4096
201.214.54.252 - - [10/Mar/2017:09:25:14 -0300] "POST /cormun/servlet/hlogin?83354024d58789090669fc593cec0d41,gx-no-cache=1489148785104 HTTP/1.1" 200 443
201.214.54.252 - - [10/Mar/2017:09:25:32 -0300] "POST /cormun/servlet/hlogin?83354024d58789090669fc593cec0d41,gx-no-cache=1489148803419 HTTP/1.1" 200 443
192.168.10.96 - - [10/Mar/2017:09:25:33 -0300] "POST /cormun/servlet/trsolicitudgral?d4e5d888e3b0ef2ddd22fa5cc1bc6480,,gx-no-cache=1489152015731 HTTP/1.1" 200 23102
201.214.54.252 - - [10/Mar/2017:09:25:34 -0300] "POST /cormun/servlet/hlogin?83354024d58789090669fc593cec0d41,gx-no-cache=1489148805902 HTTP/1.1" 200 441
200.112.49.242 - - [10/Mar/2017:09:25:35 -0300] "POST /cormun/servlet/trcontratosolicitud?0dcbcc117c8c06906b10e2fd7978ec36,,gx-no-cache=1489148802253 HTTP/1.1" 200 11095
186.67.172.234 - - [10/Mar/2017:09:25:40 -0300] "GET /cormun/servlet/trsolicitudot? HTTP/1.1" 200 6708
200.112.49.242 - - [10/Mar/2017:09:25:40 -0300] "POST /cormun/servlet/trcontratosolicitud?0dcbcc117c8c06906b10e2fd7978ec36,,gx-no-cache=1489148807482 HTTP/1.1" 200 11097
186.67.172.234 - - [10/Mar/2017:09:25:40 -0300] "GET /cormun/servlet/trsolicitudot? HTTP/1.1" 200 6701
186.67.172.234 - - [10/Mar/2017:09:25:45 -0300] "GET /cormun/servlet/trvisualizadoreventos? HTTP/1.1" 200 6502
186.67.172.234 - - [10/Mar/2017:09:25:46 -0300] "GET /cormun/servlet/trvisualizadoreventos? HTTP/1.1" 200 6502
201.214.54.252 - - [10/Mar/2017:09:25:47 -0300] "POST /cormun/servlet/hlogin?83354024d58789090669fc593cec0d41,gx-no-cache=1489148818826 HTTP/1.1" 200 443
186.67.172.234 - - [10/Mar/2017:09:25:50 -0300] "POST /cormun/servlet/trvisualizadoreventos?b981d1b4b5ad30aaccc7e8baf614c9d0,,gx-no-cache=1489148819511 HTTP/1.1" 200 111
186.67.172.234 - - [10/Mar/2017:09:25:50 -0300] "POST /cormun/servlet/trvisualizadoreventos?b981d1b4b5ad30aaccc7e8baf614c9d0,,gx-no-cache=1489148819626 HTTP/1.1" 200 3752
186.67.172.234 - - [10/Mar/2017:09:25:50 -0300] "GET /cormun/VisualizadorEventos-9481.xls HTTP/1.1" 200 4096
200.112.49.242 - - [10/Mar/2017:09:25:50 -0300] "POST /cormun/servlet/trcontratosolicitud?0dcbcc117c8c06906b10e2fd7978ec36,,gx-no-cache=1489148817657 HTTP/1.1" 200 7294
192.168.10.96 - - [10/Mar/2017:09:26:06 -0300] "POST /cormun/servlet/trsolicitudgral?d4e5d888e3b0ef2ddd22fa5cc1bc6480,,gx-no-cache=1489152049115 HTTP/1.1" 200 22189
200.112.49.242 - - [10/Mar/2017:09:26:15 -0300] "GET /cormun/servlet/trsolicitudot? HTTP/1.1" 200 6964
192.168.10.96 - - [10/Mar/2017:09:26:25 -0300] "POST /cormun/servlet/trsolicitudgral?d4e5d888e3b0ef2ddd22fa5cc1bc6480,,gx-no-cache=1489152068350 HTTP/1.1" 200 16305
192.168.10.96 - - [10/Mar/2017:09:26:39 -0300] "POST /cormun/servlet/trsolicitudgral?d4e5d888e3b0ef2ddd22fa5cc1bc6480,,gx-no-cache=1489152081892 HTTP/1.1" 200 22189
192.168.10.96 - - [10/Mar/2017:09:26:56 -0300] "POST /cormun/servlet/trsolicitudgral?d4e5d888e3b0ef2ddd22fa5cc1bc6480,,gx-no-cache=1489152098253 HTTP/1.1" 200 23101
201.214.54.252 - - [10/Mar/2017:09:27:24 -0300] "POST /cormun/servlet/hlogin?83354024d58789090669fc593cec0d41,gx-no-cache=1489148915860 HTTP/1.1" 200 443
192.168.10.96 - - [10/Mar/2017:09:27:27 -0300] "POST /cormun/servlet/trsolicitudgral?d4e5d888e3b0ef2ddd22fa5cc1bc6480,,gx-no-cache=1489152130353 HTTP/1.1" 200 22189
192.168.10.96 - - [10/Mar/2017:09:27:50 -0300] "POST /cormun/servlet/trsolicitudgral?d4e5d888e3b0ef2ddd22fa5cc1bc6480,,gx-no-cache=1489152151771 HTTP/1.1" 200 22256
192.168.10.96 - - [10/Mar/2017:09:28:12 -0300] "POST /cormun/servlet/trsolicitudgral?d4e5d888e3b0ef2ddd22fa5cc1bc6480,,gx-no-cache=1489152176136 HTTP/1.1" 200 9719
192.168.10.96 - - [10/Mar/2017:09:28:27 -0300] "POST /cormun/servlet/trsolicitudgral?d4e5d888e3b0ef2ddd22fa5cc1bc6480,,gx-no-cache=1489152191029 HTTP/1.1" 200 6679
192.168.10.96 - - [10/Mar/2017:09:28:32 -0300] "POST /cormun/servlet/trsolicitudgral?d4e5d888e3b0ef2ddd22fa5cc1bc6480,,gx-no-cache=1489152195568 HTTP/1.1" 200 6677
192.168.10.96 - - [10/Mar/2017:09:28:37 -0300] "POST /cormun/servlet/trsolicitudgral?d4e5d888e3b0ef2ddd22fa5cc1bc6480,,gx-no-cache=1489152200495 HTTP/1.1" 200 8083
192.168.10.96 - - [10/Mar/2017:09:28:44 -0300] "POST /cormun/servlet/trsolicitudgral?d4e5d888e3b0ef2ddd22fa5cc1bc6480,,gx-no-cache=1489152207096 HTTP/1.1" 200 17852
192.168.10.96 - - [10/Mar/2017:09:30:29 -0300] "POST /cormun/servlet/trsolicitudgral?d4e5d888e3b0ef2ddd22fa5cc1bc6480,,gx-no-cache=1489152312482 HTTP/1.1" 200 9718
192.168.10.96 - - [10/Mar/2017:09:30:45 -0300] "POST /cormun/servlet/trsolicitudgral?d4e5d888e3b0ef2ddd22fa5cc1bc6480,,gx-no-cache=1489152329260 HTTP/1.1" 200 115
192.168.10.96 - - [10/Mar/2017:09:30:45 -0300] "GET /cormun/servlet/solicitudotlog?INS,2017,5098,0,REC, HTTP/1.1" 200 5904
192.168.10.96 - - [10/Mar/2017:09:30:45 -0300] "GET /cormun/static/gxcfg.js?201612218471193 HTTP/1.1" 304 -
192.168.10.96 - - [10/Mar/2017:09:30:46 -0300] "GET /cormun/servlet/solicitudotlog?INS,2017,5098,0,REC, HTTP/1.1" 200 5904
192.168.10.96 - - [10/Mar/2017:09:30:46 -0300] "GET /cormun/servlet/solicitudotlog?6448a6b47be06385d1808a243cf1e3f0d8d093fac6aaad2eb2c38ff650aaf01869981166732b581e9312d04c5dbb7a5b0cd92725f80a52c05836117f31f37ea70e8213e6a7ff345479385c3d0c46b656bbeeb6f9449b3e63595434ee3e93b6ba1553f3e01c2f91506153534082b523df251208754cffa9cc66f43b94b004ce95b045610391ed7f4439ee25f410066a3f962059fccdb712b2f2fa1c6927799b1e,gx-no-cache=1489152330403 HTTP/1.1" 200 94
192.168.10.96 - - [10/Mar/2017:09:30:53 -0300] "POST /cormun/servlet/solicitudotlog?d4e5d888e3b0ef2ddd22fa5cc1bc6480,INS,2017,5098,0,REC,,gx-no-cache=1489152336494 HTTP/1.1" 200 93
192.168.10.96 - - [10/Mar/2017:09:30:53 -0300] "GET /cormun/servlet/hpexe_return? HTTP/1.1" 200 1025
192.168.10.96 - - [10/Mar/2017:09:30:53 -0300] "GET /cormun/servlet/trsolicitudgral? HTTP/1.1" 200 12375
192.168.10.96 - - [10/Mar/2017:09:30:53 -0300] "GET /cormun/servlet/trsolicitudgral? HTTP/1.1" 200 12370
192.168.10.89 - - [10/Mar/2017:09:31:40 -0300] "POST /cormun/servlet/trsolicitudgral?ea02cf5fe1c2aa9466175592fd156b19,,gx-no-cache=1489152384220 HTTP/1.1" 200 7007
192.168.10.89 - - [10/Mar/2017:09:31:50 -0300] "GET /cormun/servlet/solicitudgral?UPD,2017,3113, HTTP/1.1" 200 12165
192.168.10.89 - - [10/Mar/2017:09:31:51 -0300] "POST /cormun/servlet/solicitudgral?gx-no-cache=1489152395327 HTTP/1.1" 200 3156
192.168.10.89 - - [10/Mar/2017:09:31:52 -0300] "GET /cormun/servlet/solicitudgral?350cfb2d53f24f850be85bebedaa3cd427c59d17a5435eea5ea3a047109a93051ce9f9260aa00e6ac01b5e737ca51a91ff482bda7bbb6c0f0ee2874deb73197a5360107a4c2e50b8cdf7c85a31f7f8b33c7c9eebae7dde20f1755c8e72710cad3e4c1505939a59aed5483685c7f667ff776a1f692aa78bbc362188ef5edf4fbfb6a711988d5b9e419aec2d1dd49a0fda000ccc7b3f746d1d70bdde2ae6cae7b837d6317300e7f8b9702c5e841731e6da4ebc866ddfcfd891f04cc157b1f0878c257a51bdf86f95f4bd3fa8af476b9467dd60e9aa66e875e11a49bf5af7dbb2cca1314d2b4afae13be9217690fdee3428739da9096a463d8593283838ce0c340691b3f746432bf76d8108124240aff623b6bb75f8890839ce01584aaa395f21f89965c63bcb44f0c3f823fbe5358d60aa0ef84cdc65ebcfcca12a682af67c7ae100d1931548c6656366409da634a216ea,gx-no-cache=1489152395600 HTTP/1.1" 200 258
192.168.10.89 - - [10/Mar/2017:09:31:53 -0300] "GET /cormun/servlet/solicitudgral?350cfb2d53f24f850be85bebedaa3cd40eeda51e0939b7d59bf25364dd776eb6864be7bd85725f863bed7440a0dcc45120b50bc0b38c596329432015bc80b7b542cc051ccd761b0db84fb996b0d493737cd57b080f307ef3e5e95c15960837c0f06f7d9029710afbdcc55e0d38692d31f498059763a86c4b6d686daf59538d100dc5cacceab421aa0c82ae82296a7ff3f1d795f73f6159f8b0f13a6f19e691f6bd1a0e211a42acc22e743d9c18416141257a51bdf86f95f4bd3fa8af476b9467ae55d27111c3ccc114d3b997e4334c38c4d6ebeef6def696f226bcda7ca69be302fc1834b0b723c9ee876aea31e62ba5917aaebe5cdd1beca7c36b64085049fa70a22d9212206f1292d7622fee65ca1a0fadb138d11308f074773f047d20c32e53f3f21f823245374e8786e248e7a490532175afb36e883807f74e58a3eabef21388a57acb4f8e18a7caadd57d95f4dec22e074e828386fca2c6f6ec1a50a5cbc3bcf56286a16cc4fce84b1a52e89315eb8953a6f943a015358e7b066a595cead26a1625a97ac5661f5c780268a01142c7776fc6f22ad9c291012245019c7dcfa02670478410fdc7d1731d9af63972ea2dfe5b13f41b9b7990ee44c46f0b2acf80aaf4bced0880d217f1a8cb27f1fe6c630cb8554d26f2c1bd89f05177b5ebc4250d2fe8bc68dc8b6ec8489b5a53987fc7776fc6f22ad9c291012245019c7dcf287ea4b741a3efb005626b0d2ac9be833a17ffd020569d6471fa427f8908eac29146d7767542d3231464770db08bc8be,gx-no-cache=1489152396526 HTTP/1.1" 200 48
192.168.10.89 - - [10/Mar/2017:09:31:54 -0300] "POST /cormun/servlet/solicitudgral?ea02cf5fe1c2aa9466175592fd156b19,UPD,2017,3113,,gx-no-cache=1489152397666 HTTP/1.1" 200 10544
192.168.10.89 - - [10/Mar/2017:09:31:55 -0300] "GET /cormun/servlet/solicitudgral?350cfb2d53f24f850be85bebedaa3cd446411e291a630ce00b25210cddc7ee591e88f491dbe2628ea1872396b97457c2c0e41921f1713a682e16754efbedbb8a42778ba8dfd1a1c8ef986eefdb32928d39e3511f0e99b4a922edba9b8f7416b0664c690e8dab998c6efaf5bdf52661478dea633b542fbe835645f2f0a0d7ac3422272b1ea50e5eff532f474ebb62c2368fe04d9a6580e69316029f165b25b0ca,gx-no-cache=1489152398522 HTTP/1.1" 200 29
192.168.10.89 - - [10/Mar/2017:09:31:55 -0300] "POST /cormun/servlet/solicitudgral?gx-no-cache=1489152398551 HTTP/1.1" 200 1250
192.168.10.89 - - [10/Mar/2017:09:31:55 -0300] "POST /cormun/servlet/solicitudgral?gx-no-cache=1489152398618 HTTP/1.1" 200 1155
192.168.10.89 - - [10/Mar/2017:09:31:57 -0300] "POST /cormun/servlet/solicitudgral?ea02cf5fe1c2aa9466175592fd156b19,UPD,2017,3113,,gx-no-cache=1489152400759 HTTP/1.1" 200 93
192.168.10.89 - - [10/Mar/2017:09:31:57 -0300] "GET /cormun/servlet/hpexe_return? HTTP/1.1" 200 1015
192.168.10.89 - - [10/Mar/2017:09:31:58 -0300] "GET /cormun/servlet/trsolicitudgral? HTTP/1.1" 200 10307
192.168.10.89 - - [10/Mar/2017:09:32:04 -0300] "GET /cormun/servlet/solicitudgral2?UPD,2017,3116, HTTP/1.1" 200 12313
192.168.10.89 - - [10/Mar/2017:09:32:04 -0300] "GET /cormun/static/gxcfg.js?201711313564933 HTTP/1.1" 304 -
192.168.10.89 - - [10/Mar/2017:09:32:06 -0300] "POST /cormun/servlet/solicitudgral2?gx-no-cache=1489152410043 HTTP/1.1" 200 3156
192.168.10.89 - - [10/Mar/2017:09:32:06 -0300] "GET /cormun/servlet/solicitudgral2?350cfb2d53f24f850be85bebedaa3cd427c59d17a5435eea5ea3a047109a93051ce9f9260aa00e6ac01b5e737ca51a91ff482bda7bbb6c0f0ee2874deb73197a5360107a4c2e50b8cdf7c85a31f7f8b33c7c9eebae7dde20f1755c8e72710cad3e4c1505939a59aed5483685c7f667ff776a1f692aa78bbc362188ef5edf4fbfb6a711988d5b9e419aec2d1dd49a0fda000ccc7b3f746d1d70bdde2ae6cae7b837d6317300e7f8b9702c5e841731e6da4ebc866ddfcfd891f04cc157b1f0878c257a51bdf86f95f4bd3fa8af476b9467dd60e9aa66e875e11a49bf5af7dbb2cca1314d2b4afae13be9217690fdee3428739da9096a463d8593283838ce0c340691b3f746432bf76d8108124240aff623b6bb75f8890839ce01584aaa395f21f89965c63bcb44f0c3f823fbe5358d60aa0ef84cdc65ebcfcca12a682af67c7ae100d1931548c6656366409da634a216ea,gx-no-cache=1489152410262 HTTP/1.1" 200 258
192.168.10.89 - - [10/Mar/2017:09:32:06 -0300] "POST /cormun/servlet/solicitudgral2?gx-no-cache=1489152410297 HTTP/1.1" 200 1353
192.168.10.89 - - [10/Mar/2017:09:32:06 -0300] "GET /cormun/servlet/solicitudgral2?350cfb2d53f24f850be85bebedaa3cd4f59ccf4d67d0c2dbbef13b4fad08f814edb8b76a475399d11b1f829a2c247a57ff482bda7bbb6c0f0ee2874deb73197a388b1649115be135e712cad712e0205a8257cde7aac7853bcfe76fb493ed853ddfaf0b270532957895caec99d2a28f57,gx-no-cache=1489152410341 HTTP/1.1" 200 41
192.168.10.89 - - [10/Mar/2017:09:32:10 -0300] "POST /cormun/servlet/solicitudgral2?ea02cf5fe1c2aa9466175592fd156b19,UPD,2017,3116,,gx-no-cache=1489152413708 HTTP/1.1" 200 10578
192.168.10.89 - - [10/Mar/2017:09:32:13 -0300] "GET /cormun/servlet/solicitudgral2?350cfb2d53f24f850be85bebedaa3cd446411e291a630ce00b25210cddc7ee591e88f491dbe2628ea1872396b97457c2c0e41921f1713a682e16754efbedbb8a42778ba8dfd1a1c8ef986eefdb32928d39e3511f0e99b4a922edba9b8f7416b0664c690e8dab998c6efaf5bdf52661478dea633b542fbe835645f2f0a0d7ac3422272b1ea50e5eff532f474ebb62c2368fe04d9a6580e69316029f165b25b0ca,gx-no-cache=1489152417380 HTTP/1.1" 200 29
192.168.10.89 - - [10/Mar/2017:09:32:13 -0300] "POST /cormun/servlet/solicitudgral2?gx-no-cache=1489152417419 HTTP/1.1" 200 1249
192.168.10.89 - - [10/Mar/2017:09:32:14 -0300] "POST /cormun/servlet/solicitudgral2?gx-no-cache=1489152417464 HTTP/1.1" 200 1155
192.168.10.89 - - [10/Mar/2017:09:32:16 -0300] "GET /cormun/servlet/solicitudgral2?350cfb2d53f24f850be85bebedaa3cd4f24d8f94753a6c658566c93d78c25a752f7d30ba52a038c44fd6adff22edc44762ab4400a3472049b6d90d099629b47b53e6969c128c78e45351771df629e8a710e6a41f1e08093f2c9ced3d2bd5183835003e84813275457e14e0936674dc9f75a576eae8925fe3661723165242e8d2,gx-no-cache=1489152419926 HTTP/1.1" 200 30
192.168.10.89 - - [10/Mar/2017:09:32:16 -0300] "POST /cormun/servlet/solicitudgral2?ea02cf5fe1c2aa9466175592fd156b19,UPD,2017,3116,,gx-no-cache=1489152419987 HTTP/1.1" 200 93
192.168.10.89 - - [10/Mar/2017:09:32:16 -0300] "GET /cormun/servlet/hpexe_return? HTTP/1.1" 200 1015
192.168.10.89 - - [10/Mar/2017:09:32:17 -0300] "GET /cormun/servlet/trsolicitudgral HTTP/1.1" 200 10306
192.168.10.96 - - [10/Mar/2017:09:32:48 -0300] "POST /cormun/servlet/trsolicitudgral?d4e5d888e3b0ef2ddd22fa5cc1bc6480,,gx-no-cache=1489152452264 HTTP/1.1" 200 8087
186.79.206.45 - - [10/Mar/2017:09:33:00 -0300] "GET /cormun/servlet/hlogin HTTP/1.1" 200 1722
186.79.206.45 - - [10/Mar/2017:09:33:00 -0300] "GET /cormun/static/gxtimezone.js?85251 HTTP/1.1" 304 -
186.79.206.45 - - [10/Mar/2017:09:33:00 -0300] "GET /cormun/static/messages.spa.js?85251 HTTP/1.1" 304 -
192.168.10.96 - - [10/Mar/2017:09:33:39 -0300] "POST /cormun/servlet/trsolicitudgral?d4e5d888e3b0ef2ddd22fa5cc1bc6480,,gx-no-cache=1489152502363 HTTP/1.1" 200 9417
192.168.10.89 - - [10/Mar/2017:09:33:41 -0300] "POST /cormun/servlet/trsolicitudgral?ea02cf5fe1c2aa9466175592fd156b19,gx-no-cache=1489152505093 HTTP/1.1" 200 6688
192.168.10.89 - - [10/Mar/2017:09:33:44 -0300] "POST /cormun/servlet/trsolicitudgral?ea02cf5fe1c2aa9466175592fd156b19,gx-no-cache=1489152508067 HTTP/1.1" 200 115
192.168.10.89 - - [10/Mar/2017:09:33:44 -0300] "GET /cormun/servlet/solicitudotlog?INS,2017,3123,0,REC, HTTP/1.1" 200 6160
192.168.10.89 - - [10/Mar/2017:09:33:46 -0300] "GET /cormun/servlet/solicitudotlog?350cfb2d53f24f850be85bebedaa3cd44bbc841a089338383f52d636caa0d0fd19449034f06bf489bb4fc5526f51dfa77019d7793c85f7238cda468adfff20cecf4ff9f6d03c84fea3291c6e34baa3390bf6b5fe3ad4c730f0552e890c5a2ee62ff43b9a88777e2f80e33af52d4fdf568cbcb5fa13fdeee89ef1c4756c36891f1bfc1c989b3d119f748f49d9301d0c305f710ceb59d5fc910e18abb7ed4ab1c0,gx-no-cache=1489152509672 HTTP/1.1" 200 94
192.168.10.89 - - [10/Mar/2017:09:33:51 -0300] "POST /cormun/servlet/solicitudotlog?ea02cf5fe1c2aa9466175592fd156b19,INS,2017,3123,0,REC,,gx-no-cache=1489152514594 HTTP/1.1" 200 93
192.168.10.89 - - [10/Mar/2017:09:33:51 -0300] "GET /cormun/servlet/hpexe_return? HTTP/1.1" 200 1045
192.168.10.89 - - [10/Mar/2017:09:33:51 -0300] "GET /cormun/servlet/trsolicitudgral?gx-no-cache=1489152505093 HTTP/1.1" 200 8720
192.168.10.89 - - [10/Mar/2017:09:34:11 -0300] "POST /cormun/servlet/trsolicitudgral?ea02cf5fe1c2aa9466175592fd156b19,gx-no-cache=1489152505093,gx-no-cache=1489152534697 HTTP/1.1" 200 6709
192.168.10.89 - - [10/Mar/2017:09:34:15 -0300] "GET /cormun/servlet/solicitudgral2?UPD,2017,3119, HTTP/1.1" 200 12398
192.168.10.89 - - [10/Mar/2017:09:34:17 -0300] "POST /cormun/servlet/solicitudgral2?gx-no-cache=1489152541047 HTTP/1.1" 200 3194
192.168.10.89 - - [10/Mar/2017:09:34:17 -0300] "GET /cormun/servlet/solicitudgral2?350cfb2d53f24f850be85bebedaa3cd427c59d17a5435eea5ea3a047109a93051ce9f9260aa00e6ac01b5e737ca51a91ff482bda7bbb6c0f0ee2874deb73197a5360107a4c2e50b8cdf7c85a31f7f8b31e362879eae7e5655609c1b96a843a6c3e4c1505939a59aed5483685c7f667ff776a1f692aa78bbc362188ef5edf4fbfb6a711988d5b9e419aec2d1dd49a0fda000ccc7b3f746d1d70bdde2ae6cae7b837d6317300e7f8b9702c5e841731e6da4ebc866ddfcfd891f04cc157b1f0878c257a51bdf86f95f4bd3fa8af476b9467dd60e9aa66e875e11a49bf5af7dbb2cca1314d2b4afae13be9217690fdee3428739da9096a463d8593283838ce0c340691b3f746432bf76d8108124240aff623b6bb75f8890839ce01584aaa395f21f89965c63bcb44f0c3f823fbe5358d60aa0ef84cdc65ebcfcca12a682af67c7ae100d1931548c6656366409da634a216ea,gx-no-cache=1489152541246 HTTP/1.1" 200 257
192.168.10.89 - - [10/Mar/2017:09:34:17 -0300] "POST /cormun/servlet/solicitudgral2?gx-no-cache=1489152541277 HTTP/1.1" 200 1354
192.168.10.89 - - [10/Mar/2017:09:34:17 -0300] "GET /cormun/servlet/solicitudgral2?350cfb2d53f24f850be85bebedaa3cd4f59ccf4d67d0c2dbbef13b4fad08f814edb8b76a475399d11b1f829a2c247a57ff482bda7bbb6c0f0ee2874deb73197a388b1649115be135e712cad712e0205a8257cde7aac7853bcfe76fb493ed853ddfaf0b270532957895caec99d2a28f57,gx-no-cache=1489152541322 HTTP/1.1" 200 41
192.168.10.89 - - [10/Mar/2017:09:34:24 -0300] "POST /cormun/servlet/solicitudgral2?ea02cf5fe1c2aa9466175592fd156b19,UPD,2017,3119,,gx-no-cache=1489152547510 HTTP/1.1" 200 10636
192.168.10.89 - - [10/Mar/2017:09:34:24 -0300] "GET /cormun/servlet/solicitudgral2?350cfb2d53f24f850be85bebedaa3cd446411e291a630ce00b25210cddc7ee591e88f491dbe2628ea1872396b97457c2c0e41921f1713a682e16754efbedbb8a42778ba8dfd1a1c8ef986eefdb32928d39e3511f0e99b4a922edba9b8f7416b0664c690e8dab998c6efaf5bdf52661478dea633b542fbe835645f2f0a0d7ac3422272b1ea50e5eff532f474ebb62c2368fe04d9a6580e69316029f165b25b0ca,gx-no-cache=1489152547730 HTTP/1.1" 200 29
192.168.10.89 - - [10/Mar/2017:09:34:24 -0300] "POST /cormun/servlet/solicitudgral2?gx-no-cache=1489152547753 HTTP/1.1" 200 1250
192.168.10.89 - - [10/Mar/2017:09:34:24 -0300] "POST /cormun/servlet/solicitudgral2?gx-no-cache=1489152547792 HTTP/1.1" 200 1155
192.168.10.89 - - [10/Mar/2017:09:34:38 -0300] "GET /cormun/servlet/solicitudgral2?350cfb2d53f24f850be85bebedaa3cd4f24d8f94753a6c658566c93d78c25a752f7d30ba52a038c44fd6adff22edc44762ab4400a3472049b6d90d099629b47b53e6969c128c78e45351771df629e8a710e6a41f1e08093f2c9ced3d2bd5183835003e84813275457e14e0936674dc9f75a576eae8925fe3661723165242e8d2,gx-no-cache=1489152561883 HTTP/1.1" 200 30
192.168.10.89 - - [10/Mar/2017:09:34:38 -0300] "POST /cormun/servlet/solicitudgral2?ea02cf5fe1c2aa9466175592fd156b19,UPD,2017,3119,,gx-no-cache=1489152561943 HTTP/1.1" 200 93
192.168.10.89 - - [10/Mar/2017:09:34:38 -0300] "GET /cormun/servlet/hpexe_return? HTTP/1.1" 200 1038
192.168.10.89 - - [10/Mar/2017:09:34:39 -0300] "GET /cormun/servlet/trsolicitudgral?gx-no-cache=1489152505093 HTTP/1.1" 200 10026
192.168.10.96 - - [10/Mar/2017:09:37:19 -0300] "POST /cormun/servlet/trsolicitudgral?d4e5d888e3b0ef2ddd22fa5cc1bc6480,,gx-no-cache=1489152722338 HTTP/1.1" 200 9417
192.168.10.96 - - [10/Mar/2017:09:37:23 -0300] "POST /cormun/servlet/trsolicitudgral?d4e5d888e3b0ef2ddd22fa5cc1bc6480,,gx-no-cache=1489152726509 HTTP/1.1" 200 8087
192.168.10.96 - - [10/Mar/2017:09:37:30 -0300] "POST /cormun/servlet/trsolicitudgral?d4e5d888e3b0ef2ddd22fa5cc1bc6480,,gx-no-cache=1489152733832 HTTP/1.1" 200 17855
200.112.49.242 - - [10/Mar/2017:09:37:46 -0300] "GET /cormun/servlet/trcontratounov2? HTTP/1.1" 200 6789
200.112.49.242 - - [10/Mar/2017:09:37:50 -0300] "GET /cormun/servlet/trcontratosolicitud? HTTP/1.1" 200 10380
200.112.49.242 - - [10/Mar/2017:09:38:20 -0300] "POST /cormun/servlet/trcontratosolicitud?0dcbcc117c8c06906b10e2fd7978ec36,,gx-no-cache=1489149567482 HTTP/1.1" 200 3977
200.112.49.242 - - [10/Mar/2017:09:38:50 -0300] "GET /cormun/servlet/trcontratosolicitud? HTTP/1.1" 200 6525
200.112.49.242 - - [10/Mar/2017:09:38:54 -0300] "GET /cormun/servlet/trcontratounov2? HTTP/1.1" 200 6789
200.112.49.242 - - [10/Mar/2017:09:38:58 -0300] "GET /cormun/servlet/trcontratosolicitud? HTTP/1.1" 200 6525
200.112.49.242 - - [10/Mar/2017:09:39:04 -0300] "GET /cormun/servlet/trsolicitudot? HTTP/1.1" 200 6964
192.168.10.96 - - [10/Mar/2017:09:39:06 -0300] "POST /cormun/servlet/trsolicitudgral?d4e5d888e3b0ef2ddd22fa5cc1bc6480,,gx-no-cache=1489152830135 HTTP/1.1" 200 9418
200.112.49.242 - - [10/Mar/2017:09:39:09 -0300] "GET /cormun/servlet/trcontratosolicitud? HTTP/1.1" 200 6525
200.112.49.242 - - [10/Mar/2017:09:39:17 -0300] "GET /cormun/servlet/trcontratosolicitud? HTTP/1.1" 200 6525
200.112.49.242 - - [10/Mar/2017:09:39:24 -0300] "GET /cormun/servlet/trvisualizadoreventos? HTTP/1.1" 200 6728
200.112.49.242 - - [10/Mar/2017:09:41:15 -0300] "GET /cormun/servlet/trcontratosolicitud? HTTP/1.1" 200 6527
200.112.49.242 - - [10/Mar/2017:09:41:20 -0300] "GET /cormun/servlet/trcontratoobservaciondir? HTTP/1.1" 200 7088
200.112.49.242 - - [10/Mar/2017:09:41:20 -0300] "GET /cormun/static/gxcfg.js?201612218551235 HTTP/1.1" 304 -
200.112.49.242 - - [10/Mar/2017:09:41:20 -0300] "GET /cormun/static/trcontratoobservaciondir.js?201612218551533 HTTP/1.1" 304 -
200.112.49.242 - - [10/Mar/2017:09:41:48 -0300] "GET /cormun/servlet/trcontratosolicitud? HTTP/1.1" 200 6527
200.112.49.242 - - [10/Mar/2017:09:41:53 -0300] "GET /cormun/servlet/trlicencias? HTTP/1.1" 200 6851
201.214.54.252 - - [10/Mar/2017:09:42:03 -0300] "POST /cormun/servlet/hlogin?83354024d58789090669fc593cec0d41,gx-no-cache=1489149794040 HTTP/1.1" 200 90
201.214.54.252 - - [10/Mar/2017:09:42:03 -0300] "GET /cormun/servlet/hpexe_link HTTP/1.1" 200 952
201.214.54.252 - - [10/Mar/2017:09:42:03 -0300] "GET /cormun/static/gxcfg.js?201612218515529 HTTP/1.1" 200 953
201.214.54.252 - - [10/Mar/2017:09:42:03 -0300] "GET /cormun/static/hpexe_link.js?201612218515532 HTTP/1.1" 200 625
201.214.54.252 - - [10/Mar/2017:09:42:03 -0300] "GET /cormun/static/Resources/Spanish/PXTools.css?18365030 HTTP/1.1" 200 89042
201.214.54.252 - - [10/Mar/2017:09:42:03 -0300] "GET /cormun/servlet/hhome HTTP/1.1" 200 3945
201.214.54.252 - - [10/Mar/2017:09:42:03 -0300] "GET /cormun/static/SmoothNavMenu/resources/ddsmoothmenu.css?1112540 HTTP/1.1" 200 2223
201.214.54.252 - - [10/Mar/2017:09:42:03 -0300] "GET /cormun/static/SmoothNavMenu/resources/ddsmoothmenu-v.css?1112540 HTTP/1.1" 200 1188
201.214.54.252 - - [10/Mar/2017:09:42:03 -0300] "GET /cormun/static/scaMessage/css/jquery.pnotify.default.css?1816380 HTTP/1.1" 200 1707
201.214.54.252 - - [10/Mar/2017:09:42:03 -0300] "GET /cormun/static/Shared/jqueryui/jquery-ui.min.css?1345370 HTTP/1.1" 200 30288
201.214.54.252 - - [10/Mar/2017:09:42:03 -0300] "GET /cormun/static/gxcfg.js?201612218515568 HTTP/1.1" 200 953
201.214.54.252 - - [10/Mar/2017:09:42:03 -0300] "GET /cormun/static/PXToolsJavascripts/pexe_autoreload.js HTTP/1.1" 200 1762
201.214.54.252 - - [10/Mar/2017:09:42:03 -0300] "GET /cormun/static/PXToolsJavascripts/pexe_cookies.js HTTP/1.1" 200 792
201.214.54.252 - - [10/Mar/2017:09:42:03 -0300] "GET /cormun/static/PXToolsJavascripts/pexe_windows.js HTTP/1.1" 200 15207
201.214.54.252 - - [10/Mar/2017:09:42:03 -0300] "GET /cormun/static/PXToolsJavascripts/pexe_grid.js HTTP/1.1" 200 7559
201.214.54.252 - - [10/Mar/2017:09:42:03 -0300] "GET /cormun/static/PXToolsJavascripts/pexe_link.js HTTP/1.1" 200 5671
201.214.54.252 - - [10/Mar/2017:09:42:03 -0300] "GET /cormun/static/PXToolsJavascripts/pexe_griddivfix.js HTTP/1.1" 200 6644
201.214.54.252 - - [10/Mar/2017:09:42:03 -0300] "GET /cormun/static/PXToolsJavascripts/pexe_menudivfix.js HTTP/1.1" 200 333
201.214.54.252 - - [10/Mar/2017:09:42:03 -0300] "GET /cormun/static/PXToolsJavascripts/pexe_menus.js HTTP/1.1" 200 1286
201.214.54.252 - - [10/Mar/2017:09:42:03 -0300] "GET /cormun/static/PXToolsJavascripts/pexe_layers.js HTTP/1.1" 200 4114
201.214.54.252 - - [10/Mar/2017:09:42:03 -0300] "GET /cormun/static/PXToolsJavascripts/pexe_oav.js HTTP/1.1" 200 645
201.214.54.252 - - [10/Mar/2017:09:42:03 -0300] "GET /cormun/static/PXToolsJavascripts/pexe_oavdivfix.js HTTP/1.1" 200 639
201.214.54.252 - - [10/Mar/2017:09:42:03 -0300] "GET /cormun/static/PXToolsJavascripts/pexe_picture.js HTTP/1.1" 200 689
201.214.54.252 - - [10/Mar/2017:09:42:03 -0300] "GET /cormun/static/PXToolsJavascripts/pexe_popup.js HTTP/1.1" 200 13458
201.214.54.252 - - [10/Mar/2017:09:42:03 -0300] "GET /cormun/static/PXToolsJavascripts/pexe_scrolldiv.js HTTP/1.1" 200 4138
201.214.54.252 - - [10/Mar/2017:09:42:04 -0300] "GET /cormun/static/PXToolsJavascripts/pexe_tabdivfix.js HTTP/1.1" 200 876
201.214.54.252 - - [10/Mar/2017:09:42:04 -0300] "GET /cormun/static/PXToolsJavascripts/pexe_tabs.js HTTP/1.1" 200 3748
201.214.54.252 - - [10/Mar/2017:09:42:04 -0300] "GET /cormun/static/PXToolsJavascripts/pexe_upload.js HTTP/1.1" 200 1423
201.214.54.252 - - [10/Mar/2017:09:42:04 -0300] "GET /cormun/static/PXToolsJavascripts/PXToolsJavascriptsRender.js HTTP/1.1" 200 367
201.214.54.252 - - [10/Mar/2017:09:42:04 -0300] "GET /cormun/static/RunJS/RunJS.js HTTP/1.1" 200 288
201.214.54.252 - - [10/Mar/2017:09:42:04 -0300] "GET /cormun/static/Shared/ext/locale/ext-lang-en.js HTTP/1.1" 200 10940
201.214.54.252 - - [10/Mar/2017:09:42:04 -0300] "GET /cormun/static/hhome.js?201612218515573 HTTP/1.1" 200 777
201.214.54.252 - - [10/Mar/2017:09:42:04 -0300] "GET /cormun/static/hwchdr01.js?201612218432057 HTTP/1.1" 200 1183
201.214.54.252 - - [10/Mar/2017:09:42:04 -0300] "GET /cormun/static/hpexe_recentlink.js?201610171694390 HTTP/1.1" 200 2144
201.214.54.252 - - [10/Mar/2017:09:42:04 -0300] "GET /cormun/static/hpexe_scripts.js?201612218432016 HTTP/1.1" 200 1544
201.214.54.252 - - [10/Mar/2017:09:42:04 -0300] "GET /cormun/static/hpexe_messagecontroller.js?201610171694323 HTTP/1.1" 200 870
201.214.54.252 - - [10/Mar/2017:09:42:04 -0300] "GET /cormun/static/hpexe_messagepopupcomponent.js?20161017169425 HTTP/1.1" 200 605
201.214.54.252 - - [10/Mar/2017:09:42:04 -0300] "GET /cormun/static/gxui/gxui-all.js HTTP/1.1" 200 107772
201.214.54.252 - - [10/Mar/2017:09:42:04 -0300] "GET /cormun/static/hpexe_messagegenexuscomponent.js?201612218431816 HTTP/1.1" 200 587
201.214.54.252 - - [10/Mar/2017:09:42:04 -0300] "GET /cormun/static/cmcontrolpreferences.js?201612218431999 HTTP/1.1" 200 1375
201.214.54.252 - - [10/Mar/2017:09:42:04 -0300] "GET /cormun/static/Shared/jquery/jquery-1.4.2.min.js HTTP/1.1" 200 72174
201.214.54.252 - - [10/Mar/2017:09:42:04 -0300] "GET /cormun/static/Resources/PXToolsHeaderActionsBackground.png HTTP/1.1" 200 484
201.214.54.252 - - [10/Mar/2017:09:42:04 -0300] "GET /cormun/static/Resources/PXToolsHeaderBackground2.png HTTP/1.1" 200 1174
201.214.54.252 - - [10/Mar/2017:09:42:04 -0300] "GET /cormun/static/Resources/PXToolsFooterBackground2.png HTTP/1.1" 200 1172
201.214.54.252 - - [10/Mar/2017:09:42:04 -0300] "GET /cormun/static/Resources/PXToolsDataTitle.png HTTP/1.1" 200 1173
201.214.54.252 - - [10/Mar/2017:09:42:04 -0300] "GET /cormun/static/SmoothNavMenu/resources/ddsmoothmenu.js HTTP/1.1" 200 12712
201.214.54.252 - - [10/Mar/2017:09:42:04 -0300] "GET /cormun/static/Shared/jqueryui/jquery-ui.min.js HTTP/1.1" 200 240427
201.214.54.252 - - [10/Mar/2017:09:42:04 -0300] "GET /cormun/static/scaMessage/js/jquery.pnotify.min.js HTTP/1.1" 200 13038
201.214.54.252 - - [10/Mar/2017:09:42:04 -0300] "GET /cormun/static/Shared/jquery/jquery-1.10.2.min.js HTTP/1.1" 200 273199
201.214.54.252 - - [10/Mar/2017:09:42:04 -0300] "GET /cormun/static/SmoothNavMenu/resources/SmoothNavMenuRender.js HTTP/1.1" 200 5951
201.214.54.252 - - [10/Mar/2017:09:42:04 -0300] "GET /cormun/static/scaMessage/scaMessageRender.js HTTP/1.1" 200 11977
201.214.54.252 - - [10/Mar/2017:09:42:04 -0300] "GET /cormun/static/hmpwkw03.js?20161221852152 HTTP/1.1" 200 3965
201.214.54.252 - - [10/Mar/2017:09:42:04 -0300] "GET /cormun/static/Resources/logo4.png HTTP/1.1" 200 6582
201.214.54.252 - - [10/Mar/2017:09:42:05 -0300] "GET /cormun/static/Resources/PXToolsHeaderActionsLeft.png HTTP/1.1" 200 1118
201.214.54.252 - - [10/Mar/2017:09:42:05 -0300] "GET /cormun/static/Resources/PXToolsHeaderHome.png HTTP/1.1" 200 4147
201.214.54.252 - - [10/Mar/2017:09:42:05 -0300] "GET /cormun/static/Resources/PXToolsHeaderLogin.png HTTP/1.1" 200 4279
201.214.54.252 - - [10/Mar/2017:09:42:05 -0300] "GET /cormun/static/Resources/PXToolsHeaderPreferences.png HTTP/1.1" 200 4189
201.214.54.252 - - [10/Mar/2017:09:42:05 -0300] "GET /cormun/static/Resources/PXToolsHeaderSecurity.png HTTP/1.1" 200 4166
201.214.54.252 - - [10/Mar/2017:09:42:05 -0300] "GET /cormun/static/Resources/PXToolsHeaderActionsRight.png HTTP/1.1" 200 1201
201.214.54.252 - - [10/Mar/2017:09:42:05 -0300] "GET /cormun/static/Shared/ext/ext-all.js HTTP/1.1" 200 1289687
201.214.54.252 - - [10/Mar/2017:09:42:07 -0300] "GET /cormun/static/SmoothNavMenu/resources/images/down.gif HTTP/1.1" 200 854
201.214.54.252 - - [10/Mar/2017:09:42:07 -0300] "GET /cormun/static/SmoothNavMenu/resources/images/right.gif HTTP/1.1" 200 860
192.168.10.96 - - [10/Mar/2017:09:42:18 -0300] "POST /cormun/servlet/trsolicitudgral?d4e5d888e3b0ef2ddd22fa5cc1bc6480,,gx-no-cache=1489153022005 HTTP/1.1" 200 9374
201.214.54.252 - - [10/Mar/2017:09:42:19 -0300] "GET /cormun/servlet/trsolicitudot? HTTP/1.1" 200 6921
201.214.54.252 - - [10/Mar/2017:09:42:19 -0300] "GET /cormun/static/gxui/gxui-all.css?120300 HTTP/1.1" 200 2179
201.214.54.252 - - [10/Mar/2017:09:42:19 -0300] "GET /cormun/static/calendar-system.css?85620 HTTP/1.1" 200 5572
201.214.54.252 - - [10/Mar/2017:09:42:19 -0300] "GET /cormun/static/gxcfg.js?20171191044697 HTTP/1.1" 200 953
201.214.54.252 - - [10/Mar/2017:09:42:19 -0300] "GET /cormun/static/calendar.js?85251 HTTP/1.1" 200 26246
201.214.54.252 - - [10/Mar/2017:09:42:19 -0300] "GET /cormun/static/calendar-setup.js?85251 HTTP/1.1" 200 2588
201.214.54.252 - - [10/Mar/2017:09:42:19 -0300] "GET /cormun/static/calendar-es.js?85251 HTTP/1.1" 200 1901
201.214.54.252 - - [10/Mar/2017:09:42:19 -0300] "GET /cormun/static/trsolicitudot.js?20171191045625 HTTP/1.1" 200 53117
201.214.54.252 - - [10/Mar/2017:09:42:19 -0300] "GET /cormun/static/gxdec.js?85251 HTTP/1.1" 200 19579
201.214.54.252 - - [10/Mar/2017:09:42:19 -0300] "GET /cormun/static/Resources/PXToolsDataSearch.png HTTP/1.1" 200 419
201.214.54.252 - - [10/Mar/2017:09:42:19 -0300] "GET /cormun/static/Resources/PXTools/calendar.png HTTP/1.1" 200 1306
201.214.54.252 - - [10/Mar/2017:09:42:19 -0300] "GET /cormun/static/Resources/PXToolsGridFirstDisabled.gif HTTP/1.1" 200 100
201.214.54.252 - - [10/Mar/2017:09:42:19 -0300] "GET /cormun/static/Resources/PXToolsGridPreviousDisabled.gif HTTP/1.1" 200 90
201.214.54.252 - - [10/Mar/2017:09:42:19 -0300] "GET /cormun/static/Resources/PXToolsGridNextDisabled.gif HTTP/1.1" 200 90
201.214.54.252 - - [10/Mar/2017:09:42:19 -0300] "GET /cormun/static/Resources/PXToolsGridLastDisabled.gif HTTP/1.1" 200 98
201.214.54.252 - - [10/Mar/2017:09:42:19 -0300] "GET /cormun/static/Resources/PXToolsActionExcel.png HTTP/1.1" 200 3187
201.214.54.252 - - [10/Mar/2017:09:42:20 -0300] "GET /cormun/static/Resources/PXToolsGridPage.gif HTTP/1.1" 200 725
201.214.54.252 - - [10/Mar/2017:09:42:20 -0300] "GET /cormun/static/Resources/PXToolsGridNew.png HTTP/1.1" 200 2949
201.214.54.252 - - [10/Mar/2017:09:42:20 -0300] "GET /cormun/static/Shared/ext/resources/css/ext-all.css?215870 HTTP/1.1" 200 416045
201.214.54.252 - - [10/Mar/2017:09:42:22 -0300] "GET /cormun/static/Resources/desc.gif HTTP/1.1" 200 65
201.214.54.252 - - [10/Mar/2017:09:42:22 -0300] "GET /cormun/static/Resources/asc.gif HTTP/1.1" 200 67
192.168.10.96 - - [10/Mar/2017:09:42:22 -0300] "POST /cormun/servlet/trsolicitudgral?d4e5d888e3b0ef2ddd22fa5cc1bc6480,,gx-no-cache=1489153026034 HTTP/1.1" 200 7058
201.214.54.252 - - [10/Mar/2017:09:42:23 -0300] "GET /cormun/static/Shared/ext/resources/themes/images/default/tools/tool-sprites.gif HTTP/1.1" 200 5434
201.214.54.252 - - [10/Mar/2017:09:42:23 -0300] "GET /cormun/static/Shared/ext/resources/themes/images/default/panel/bg-headersPanel.png HTTP/1.1" 200 255
192.168.10.96 - - [10/Mar/2017:09:42:27 -0300] "POST /cormun/servlet/trsolicitudgral?d4e5d888e3b0ef2ddd22fa5cc1bc6480,,gx-no-cache=1489153030749 HTTP/1.1" 200 7035
201.214.54.252 - - [10/Mar/2017:09:42:30 -0300] "GET /cormun/servlet/trrenuncias? HTTP/1.1" 200 7397
201.214.54.252 - - [10/Mar/2017:09:42:30 -0300] "GET /cormun/static/gxcfg.js?201612218563964 HTTP/1.1" 200 953
201.214.54.252 - - [10/Mar/2017:09:42:30 -0300] "GET /cormun/static/trrenuncias.js?201612218564318 HTTP/1.1" 200 28329
201.214.54.252 - - [10/Mar/2017:09:42:32 -0300] "GET /cormun//static/Resources/PXToolsGridUpdate.png HTTP/1.1" 200 2984
201.214.54.252 - - [10/Mar/2017:09:42:32 -0300] "GET /cormun//static/Resources/PXToolsActionPrint.png HTTP/1.1" 200 3317
201.214.54.252 - - [10/Mar/2017:09:42:32 -0300] "GET /cormun//static/Resources/PXToolsGridDelete.png HTTP/1.1" 200 357
201.214.54.252 - - [10/Mar/2017:09:42:32 -0300] "GET /cormun//static/Resources/PXTools/ActionInsert.png HTTP/1.1" 200 1482
201.214.54.252 - - [10/Mar/2017:09:42:32 -0300] "GET /cormun//static/Resources/PXToolsHeaderHelp.png HTTP/1.1" 200 4055
201.214.54.252 - - [10/Mar/2017:09:42:32 -0300] "GET /cormun//static/Resources/PXToolsHeaderFavorites.png HTTP/1.1" 200 2744
200.112.49.242 - - [10/Mar/2017:09:42:35 -0300] "GET /cormun/servlet/trsolicitudot? HTTP/1.1" 200 6963
201.214.54.252 - - [10/Mar/2017:09:42:44 -0300] "POST /cormun/servlet/trrenuncias?83354024d58789090669fc593cec0d41,,gx-no-cache=1489149835211 HTTP/1.1" 200 4698
200.112.49.242 - - [10/Mar/2017:09:42:47 -0300] "GET /cormun/static/menuarrow.gif HTTP/1.1" 404 1015
186.79.206.45 - - [10/Mar/2017:09:42:49 -0300] "POST /cormun/servlet/hlogin?9225d5b423440c3e121499a41bd6a657,gx-no-cache=1489149839114 HTTP/1.1" 200 90
186.79.206.45 - - [10/Mar/2017:09:42:49 -0300] "GET /cormun/servlet/hpexe_link HTTP/1.1" 200 956
186.79.206.45 - - [10/Mar/2017:09:42:50 -0300] "GET /cormun/servlet/hhome HTTP/1.1" 200 3812
186.79.206.45 - - [10/Mar/2017:09:42:51 -0300] "GET /cormun/servlet/hhome HTTP/1.1" 200 3809
201.214.54.252 - - [10/Mar/2017:09:42:51 -0300] "POST /cormun/servlet/trrenuncias?83354024d58789090669fc593cec0d41,,gx-no-cache=1489149841605 HTTP/1.1" 200 4698
186.79.206.45 - - [10/Mar/2017:09:42:54 -0300] "GET /cormun/servlet/trsolicitudot? HTTP/1.1" 200 6769
186.79.206.45 - - [10/Mar/2017:09:42:54 -0300] "GET /cormun/static/calendar.js?85251 HTTP/1.1" 304 -
186.79.206.45 - - [10/Mar/2017:09:42:54 -0300] "GET /cormun/static/calendar-setup.js?85251 HTTP/1.1" 304 -
186.79.206.45 - - [10/Mar/2017:09:42:54 -0300] "GET /cormun/static/calendar-es.js?85251 HTTP/1.1" 304 -
186.79.206.45 - - [10/Mar/2017:09:42:54 -0300] "GET /cormun/static/gxdec.js?85251 HTTP/1.1" 304 -
186.79.206.45 - - [10/Mar/2017:09:42:54 -0300] "GET /cormun/servlet/trsolicitudot? HTTP/1.1" 200 6768
186.79.206.45 - - [10/Mar/2017:09:42:58 -0300] "POST /cormun/servlet/trsolicitudot?9225d5b423440c3e121499a41bd6a657,,gx-no-cache=1489149847829 HTTP/1.1" 200 3970
192.168.10.96 - - [10/Mar/2017:09:43:01 -0300] "GET /cormun/servlet/hlogin HTTP/1.1" 200 1740
186.79.206.45 - - [10/Mar/2017:09:43:09 -0300] "POST /cormun/servlet/trsolicitudot?9225d5b423440c3e121499a41bd6a657,,gx-no-cache=1489149858343 HTTP/1.1" 200 3972
192.168.10.96 - - [10/Mar/2017:09:43:12 -0300] "POST /cormun/servlet/hlogin?d4e5d888e3b0ef2ddd22fa5cc1bc6480,gx-no-cache=1489153075839 HTTP/1.1" 200 454
192.168.10.96 - - [10/Mar/2017:09:43:17 -0300] "POST /cormun/servlet/hlogin?d4e5d888e3b0ef2ddd22fa5cc1bc6480,gx-no-cache=1489153080494 HTTP/1.1" 200 90
192.168.10.96 - - [10/Mar/2017:09:43:17 -0300] "GET /cormun/servlet/hpexe_link HTTP/1.1" 200 956
192.168.10.96 - - [10/Mar/2017:09:43:17 -0300] "GET /cormun/servlet/hhome HTTP/1.1" 200 4002
192.168.10.96 - - [10/Mar/2017:09:43:17 -0300] "GET /cormun/servlet/hhome HTTP/1.1" 200 3998
