186.103.159.230 - - [10/Mar/2017:12:21:19 -0300] "POST /cormun/servlet/trsolicitudot?7ee70b60e74f6152b62ea27a00451df8,gx-no-cache=1489159344361 HTTP/1.1" 200 5363
186.103.159.230 - - [10/Mar/2017:12:21:23 -0300] "GET /cormun/servlet/trautorizarsolicitud? HTTP/1.1" 200 9180
186.103.159.230 - - [10/Mar/2017:12:21:23 -0300] "GET /cormun/servlet/trautorizarsolicitud? HTTP/1.1" 200 9180
186.103.159.230 - - [10/Mar/2017:12:21:39 -0300] "POST /cormun/servlet/trautorizarsolicitud?7ee70b60e74f6152b62ea27a00451df8,,gx-no-cache=1489159364651 HTTP/1.1" 200 6133
186.103.159.230 - - [10/Mar/2017:12:21:39 -0300] "GET /cormun/static/Shared/jqueryui/images/ui-bg_highlight-soft_100_c6c2c8_1x100.png HTTP/1.1" 404 1117
186.103.159.230 - - [10/Mar/2017:12:21:39 -0300] "GET /cormun/static/Shared/jqueryui/images/ui-icons_82798d_256x240.png HTTP/1.1" 404 1089
186.103.159.230 - - [10/Mar/2017:12:21:39 -0300] "GET /cormun/static/Shared/jqueryui/images/ui-bg_flat_55_fafafa_40x100.png HTTP/1.1" 404 1097
186.103.159.230 - - [10/Mar/2017:12:21:39 -0300] "GET /cormun/static/Shared/jqueryui/images/ui-icons_8d78a5_256x240.png HTTP/1.1" 404 1089
186.103.159.230 - - [10/Mar/2017:12:21:39 -0300] "POST /cormun/servlet/trautorizarsolicitud?7ee70b60e74f6152b62ea27a00451df8,,gx-no-cache=1489159364897 HTTP/1.1" 200 6076
186.103.159.230 - - [10/Mar/2017:12:22:03 -0300] "POST /cormun/servlet/trautorizarsolicitud?7ee70b60e74f6152b62ea27a00451df8,,gx-no-cache=1489159388701 HTTP/1.1" 200 5809
186.103.159.230 - - [10/Mar/2017:12:22:03 -0300] "POST /cormun/servlet/trautorizarsolicitud?7ee70b60e74f6152b62ea27a00451df8,,gx-no-cache=1489159389091 HTTP/1.1" 200 5753
200.112.49.242 - - [10/Mar/2017:12:22:26 -0300] "GET /cormun/servlet/trsolicitudot? HTTP/1.1" 200 6050
200.112.49.242 - - [10/Mar/2017:12:22:26 -0300] "GET /cormun/static/calendar.js?85251 HTTP/1.1" 304 -
200.112.49.242 - - [10/Mar/2017:12:22:26 -0300] "GET /cormun/static/calendar-setup.js?85251 HTTP/1.1" 304 -
200.112.49.242 - - [10/Mar/2017:12:22:26 -0300] "GET /cormun/static/calendar-es.js?85251 HTTP/1.1" 304 -
200.112.49.242 - - [10/Mar/2017:12:22:26 -0300] "GET /cormun/static/gxdec.js?85251 HTTP/1.1" 304 -
186.103.159.230 - - [10/Mar/2017:12:22:27 -0300] "POST /cormun/servlet/trautorizarsolicitud?7ee70b60e74f6152b62ea27a00451df8,,gx-no-cache=1489159411258 HTTP/1.1" 200 5423
186.103.159.230 - - [10/Mar/2017:12:22:27 -0300] "POST /cormun/servlet/trautorizarsolicitud?7ee70b60e74f6152b62ea27a00451df8,,gx-no-cache=1489159412538 HTTP/1.1" 200 5368
200.112.49.242 - - [10/Mar/2017:12:22:27 -0300] "GET /cormun/servlet/hlogin HTTP/1.1" 200 1743
200.112.49.242 - - [10/Mar/2017:12:22:41 -0300] "POST /cormun/servlet/hlogin?4e824a9b5c7067891db3b483256ef6b3,gx-no-cache=1489159428906 HTTP/1.1" 200 90
200.112.49.242 - - [10/Mar/2017:12:22:41 -0300] "GET /cormun/servlet/hpexe_link HTTP/1.1" 200 963
200.112.49.242 - - [10/Mar/2017:12:22:41 -0300] "GET /cormun/servlet/trsolicitudot HTTP/1.1" 200 6793
186.103.159.230 - - [10/Mar/2017:12:22:44 -0300] "GET /cormun/servlet/trsolicitudot? HTTP/1.1" 200 8166
186.103.159.230 - - [10/Mar/2017:12:22:45 -0300] "GET /cormun/servlet/trsolicitudot? HTTP/1.1" 200 8165
200.112.49.242 - - [10/Mar/2017:12:22:45 -0300] "GET /cormun/servlet/solicitudot?INS,0,0, HTTP/1.1" 200 12800
186.103.159.230 - - [10/Mar/2017:12:22:48 -0300] "GET /cormun/servlet/solicitudot?INS,0,0, HTTP/1.1" 200 12761
186.103.159.230 - - [10/Mar/2017:12:22:48 -0300] "GET /cormun/servlet/solicitudot?INS,0,0, HTTP/1.1" 200 12765
186.79.28.72 - - [10/Mar/2017:12:23:15 -0300] "POST /cormun/servlet/solicitudot?gx-no-cache=1489159466400 HTTP/1.1" 200 297
186.79.28.72 - - [10/Mar/2017:12:23:15 -0300] "GET /cormun/servlet/solicitudot?4aa08b019d063c9f95c263a98615356f983c866763b3a8a45a8381036eae9301a643f190314ae5253da41a128e108b2b5512710cccc2ddf4dbf8af4d3ef3f486180d3f8511a663d6eeeaa5610273ba82224257bd8d57735b93eb189030c243259ffd3b89601ad76f84fa7bf443515e29dd3ad6cbe3cbd779af5db7dd2f8a8c0c7f396dc5149474669c7a10bb7ad234eddbc35b50427a38cb19b40ac6f929154116b0ea9ef0a4fd0aeb8ca2a3ec05fefe424f95b3d775eaaeff78f4994ab09fa51115a095fa3926aac090cc8edebf1c73f467a7506ad8613300b211d33cd3c691ef4d8547430209d0708e9745fd796dae9707cda3e478b1f57867abab1b6a0b29c76be3fb30088c877b4a9615f05a8272bf2c60d14e3d47653fd1ecb565da1cfecab696a6b14de1e6eab7b25bf5c25a6fc9248b822f7bc420b180624424ebe9cffb8a35134af3a4eaf405483b30875a56b61cbc633734b2102c7b25671e3ecc4d62f00e1d842614b5becd832f7c16a86b9a2e6493a4a385a8d3f940bccdeebcc6af5c3f4eba01ab4b7a1dc8688dca2545,gx-no-cache=1489159467844 HTTP/1.1" 200 30
186.79.28.72 - - [10/Mar/2017:12:23:18 -0300] "POST /cormun/servlet/solicitudot?gx-no-cache=1489159470939 HTTP/1.1" 200 30
186.103.159.230 - - [10/Mar/2017:12:24:07 -0300] "POST /cormun/servlet/solicitudot?gx-no-cache=1489159512728 HTTP/1.1" 200 3143
186.103.159.230 - - [10/Mar/2017:12:24:07 -0300] "POST /cormun/servlet/solicitudot?7ee70b60e74f6152b62ea27a00451df8,INS,0,0,,gx-no-cache=1489159512896 HTTP/1.1" 200 9918
186.103.159.230 - - [10/Mar/2017:12:24:10 -0300] "GET /cormun/servlet/solicitudot?daf3a87304a81c3712c9519ef7bae2f087eaa0e2386c6393965c362660671a599f651a3f18e65312a5dc535ba5d9bff1,gx-no-cache=1489159516375 HTTP/1.1" 200 30
186.103.159.230 - - [10/Mar/2017:12:24:11 -0300] "POST /cormun/servlet/solicitudot?gx-no-cache=1489159516423 HTTP/1.1" 200 255
186.103.159.230 - - [10/Mar/2017:12:24:11 -0300] "GET /cormun/servlet/solicitudot?daf3a87304a81c3712c9519ef7bae2f03a8aa87e9f423067ef7d99380128c555993f3176bcf062a2dcfd2888fee5ad0e5ae5deec321085eef0a6cc4aedf5199c88b4462d43ddcfe9ad2534fb43ab8e70b2e1c90a1f90348773f9cf3fa931650e68e9073f7276f4800b9859634eda7becc64b8867f1657aa8e653034ab1363ddbd69de40c9c0a37dae8ae56108917d28ac950957d219144953ee7851bef16df2667753181a337919f31e58914e83791640aecd10f2c3868c162745af5161a7335eecfb540a133dd32a99f54fc67b52682cf353472198f070aebd31a81a5d7cc7572cb30c1e1e93db7138f3b007a69e20cd3c6b744e3ba16d7587aefbe98e7a8e317ec1f963d881f59a74405e958bf9f58ebe46e58f50a593231d6dbfd6755498f2a2d9ee556f997d820e485c5c48d1628b53cb3c558d9221214daaad2ed561a2fc7674522e8bf321292ae3c98de6b1b30865b362bdf4575fbe73a58db59891bc6e7bfca8c05a321ef294eb4cca92bd990ee3480414ae4da1217ccc3030b882785,gx-no-cache=1489159516463 HTTP/1.1" 200 30
186.103.159.230 - - [10/Mar/2017:12:24:13 -0300] "POST /cormun/servlet/solicitudot?gx-no-cache=1489159518475 HTTP/1.1" 200 30
186.103.159.230 - - [10/Mar/2017:12:24:23 -0300] "POST /cormun/servlet/solicitudot?gx-no-cache=1489159528675 HTTP/1.1" 200 1291
186.103.159.230 - - [10/Mar/2017:12:24:23 -0300] "POST /cormun/servlet/solicitudot?gx-no-cache=1489159528774 HTTP/1.1" 200 38
186.103.159.230 - - [10/Mar/2017:12:24:41 -0300] "GET /cormun/servlet/solicitudot?daf3a87304a81c3712c9519ef7bae2f00d68a1b5e4dc8e8b39f36534412355ef99dc8446530a4b0b24138e0d34b3d25347201cb37dc6d417d7cf4586a50a1f3c65086a99842f42c98b3344879477493ce6bb2e3b8a5f9d17d693cd163719c854714008006694f22de5e5c603ba2904db371725906bc018e46b88c6827c30576c40218210353d7907aca5155909024584bfba2fec5b8199b527dcd0d62408bf4c,gx-no-cache=1489159546906 HTTP/1.1" 200 29
186.103.159.230 - - [10/Mar/2017:12:24:41 -0300] "POST /cormun/servlet/solicitudot?gx-no-cache=1489159546940 HTTP/1.1" 200 1275
186.103.159.230 - - [10/Mar/2017:12:24:41 -0300] "POST /cormun/servlet/solicitudot?gx-no-cache=1489159546986 HTTP/1.1" 200 1157
186.103.159.230 - - [10/Mar/2017:12:24:41 -0300] "GET /cormun/static/menuarrow.gif HTTP/1.1" 404 1015
186.79.28.72 - - [10/Mar/2017:12:24:43 -0300] "POST /cormun/servlet/solicitudot?gx-no-cache=1489159555456 HTTP/1.1" 200 256
186.103.159.230 - - [10/Mar/2017:12:24:45 -0300] "POST /cormun/servlet/solicitudot?gx-no-cache=1489159551187 HTTP/1.1" 200 1275
186.103.159.230 - - [10/Mar/2017:12:24:45 -0300] "POST /cormun/servlet/solicitudot?gx-no-cache=1489159551274 HTTP/1.1" 200 1157
186.79.28.72 - - [10/Mar/2017:12:25:01 -0300] "GET /cormun/servlet/solicitudot?4aa08b019d063c9f95c263a98615356f983c866763b3a8a45a8381036eae93012ac1a3a22d02d01be39cc05cfcea6c2c5512710cccc2ddf4dbf8af4d3ef3f486180d3f8511a663d6eeeaa5610273ba82224257bd8d57735b93eb189030c243259ffd3b89601ad76f84fa7bf443515e29dd3ad6cbe3cbd779af5db7dd2f8a8c0c7f396dc5149474669c7a10bb7ad234eddbc35b50427a38cb19b40ac6f929154116b0ea9ef0a4fd0aeb8ca2a3ec05fefe424f95b3d775eaaeff78f4994ab09fa51115a095fa3926aac090cc8edebf1c73f467a7506ad8613300b211d33cd3c691ef4d8547430209d0708e9745fd796dae963cfb6f2fa503df96fb629c55a3bbc3c76be3fb30088c877b4a9615f05a8272e8b06730d66b68315af848e1c050302c22e06aa04c2c17d06dffb3f35ac5cf4b7fc33a5f118e240305c5a201c3a3c0e31273c91b956bd894750105c6f9920dc7682c2e2b4ae0527277c3852557f27b1acb5f55ffc56d87be28540d23adca7af20fff5b2c99abe571dfb04a697a88da76,gx-no-cache=1489159573207 HTTP/1.1" 200 30
186.79.28.72 - - [10/Mar/2017:12:25:04 -0300] "POST /cormun/servlet/solicitudot?gx-no-cache=1489159576824 HTTP/1.1" 200 30
186.79.28.72 - - [10/Mar/2017:12:25:04 -0300] "POST /cormun/servlet/solicitudot?gx-no-cache=1489159576978 HTTP/1.1" 200 235
186.79.28.72 - - [10/Mar/2017:12:25:05 -0300] "POST /cormun/servlet/solicitudot?gx-no-cache=1489159577163 HTTP/1.1" 200 38
200.112.49.242 - - [10/Mar/2017:12:25:11 -0300] "POST /cormun/servlet/solicitudot?gx-no-cache=1489159578431 HTTP/1.1" 200 3148
200.112.49.242 - - [10/Mar/2017:12:25:11 -0300] "POST /cormun/servlet/solicitudot?4e824a9b5c7067891db3b483256ef6b3,INS,0,0,,gx-no-cache=1489159578995 HTTP/1.1" 200 9935
186.103.159.230 - - [10/Mar/2017:12:25:15 -0300] "GET /cormun/servlet/solicitudot?daf3a87304a81c3712c9519ef7bae2f05fee2b687e750e58b37e07e8437f74796be92839afdac7c16eaf74e9c366fc0466b94e370ad3a5bd9a3436ae8c60a5ccf5dc3c6cffa3f54f3c92998a7a649a466177d4ab8c8b33d408092bca2f3d5318cebadc9cca1a4d202dc6e2a6ace62f9e04dfd72ceff3d032e9b30e56f177625bd2a2011aa82a2b119de502436a082fee8ae0ae3e455d4ebc5428e7efa1d227e35a34169f1a77988923622bdcf0100238,gx-no-cache=1489159581259 HTTP/1.1" 200 30
200.112.49.242 - - [10/Mar/2017:12:25:22 -0300] "GET /cormun/servlet/solicitudot?1fa445620ed0c84f0cded3ee2a17e6169a711b6772e3f5fee66aeeeebd07f06429705d642c5fc3c623bbd4f93ea8ca9c,gx-no-cache=1489159590373 HTTP/1.1" 200 30
200.112.49.242 - - [10/Mar/2017:12:25:22 -0300] "POST /cormun/servlet/solicitudot?gx-no-cache=1489159590497 HTTP/1.1" 200 255
200.112.49.242 - - [10/Mar/2017:12:25:23 -0300] "GET /cormun/servlet/solicitudot?1fa445620ed0c84f0cded3ee2a17e616bcd7c48ae370ec024a22ab4bc34cce5d04dedea1c4ecd431d57a9583c2e874245f03206f5c546fb54b0d3301c94e66995d3c391d38293ecf8fbd0e0d6fa6dec7a7d1dc4511e2307cfc1a777b98b30175a17f906cb128a4d80be3d73617530e6718251a16d0a5664d933a766ac13b19fd9f92f26b82f39d1e30edfe794e17b684537e9073c32af11a2a6855773211c8046d53a8ffade98ac04db42a20e6f1df4f71064bc4ab3514aa639ff0975b5c04a51a62a1d55807be3fa9820d0d2ef690cd1de265abfb14f3c8d8f9623ed0430aa79d1eb469237f2d84b85466ebfae67dbf27cbd79594908048d0a217abf13310b8c4eed5344819936f4ee440b0bea5e1e0dfffee7ed7c42ed62d260101e020d6db346da803dca0059917a80535431fc11a5fef08c18be0ceb24562905b7020e8649172fded08acf320527ecdf7766e0fc67b48b93c60179166a520cfe773b4fdef89318003515fc53ae60ae516a4d8f2003c80fa1780fe817c21840e259acaf119,gx-no-cache=1489159590618 HTTP/1.1" 200 30
200.112.49.242 - - [10/Mar/2017:12:25:23 -0300] "POST /cormun/servlet/solicitudot?gx-no-cache=1489159590718 HTTP/1.1" 200 30
200.112.49.242 - - [10/Mar/2017:12:25:23 -0300] "POST /cormun/servlet/solicitudot?gx-no-cache=1489159590859 HTTP/1.1" 200 235
200.112.49.242 - - [10/Mar/2017:12:25:23 -0300] "POST /cormun/servlet/solicitudot?gx-no-cache=1489159590999 HTTP/1.1" 200 38
200.112.49.242 - - [10/Mar/2017:12:25:39 -0300] "POST /cormun/servlet/solicitudot?gx-no-cache=1489159606660 HTTP/1.1" 200 30
200.112.49.242 - - [10/Mar/2017:12:25:40 -0300] "POST /cormun/servlet/solicitudot?gx-no-cache=1489159608461 HTTP/1.1" 200 656
200.112.49.242 - - [10/Mar/2017:12:25:41 -0300] "POST /cormun/servlet/solicitudot?gx-no-cache=1489159608608 HTTP/1.1" 200 38
200.112.49.242 - - [10/Mar/2017:12:25:51 -0300] "GET /cormun/servlet/solicitudot?1fa445620ed0c84f0cded3ee2a17e616ae0ce76dd98819792419128cc4542bf944adb33898958c67870dd6f79b4567fc180dc12e1a60ef8746154d81ac845185edf9d99e9a6ff828fd281c60286d8b161eef16c318224bc37156ee9551ae6855cd9f2bcc74b34439ce04cc2d3c2d456faeb69d652925d32b1b15852b98fb9f283a6ac9e635142d4360643dfe8e48c230b0f2956b6af1667267cff7aa8efc62ea,gx-no-cache=1489159618673 HTTP/1.1" 200 29
200.112.49.242 - - [10/Mar/2017:12:25:51 -0300] "POST /cormun/servlet/solicitudot?gx-no-cache=1489159618760 HTTP/1.1" 200 643
200.112.49.242 - - [10/Mar/2017:12:25:52 -0300] "POST /cormun/servlet/solicitudot?gx-no-cache=1489159620509 HTTP/1.1" 200 1157
186.79.127.233 - - [10/Mar/2017:12:26:02 -0300] "GET /cormun/servlet/hlogin HTTP/1.1" 200 1723
186.103.159.230 - - [10/Mar/2017:12:26:03 -0300] "POST /cormun/servlet/solicitudot?7ee70b60e74f6152b62ea27a00451df8,INS,0,0,,gx-no-cache=1489159629050 HTTP/1.1" 200 93
186.103.159.230 - - [10/Mar/2017:12:26:04 -0300] "GET /cormun/servlet/hpexe_return? HTTP/1.1" 200 998
186.103.159.230 - - [10/Mar/2017:12:26:04 -0300] "GET /cormun/servlet/trsolicitudot HTTP/1.1" 200 8635
186.103.159.230 - - [10/Mar/2017:12:26:04 -0300] "GET /cormun/servlet/trsolicitudot HTTP/1.1" 200 8631
200.112.49.242 - - [10/Mar/2017:12:26:09 -0300] "GET /cormun/static/menuarrow.gif HTTP/1.1" 404 1015
186.79.127.233 - - [10/Mar/2017:12:26:16 -0300] "POST /cormun/servlet/hlogin?c4a81de6299d39325dff0bdf6093d477,gx-no-cache=1489159645811 HTTP/1.1" 200 431
200.112.49.242 - - [10/Mar/2017:12:26:20 -0300] "GET /cormun/servlet/solicitudot?1fa445620ed0c84f0cded3ee2a17e6164b7418e79db8e60115d4a92bd35d99930bab7cf23948c4c78b71635c2dc64974f8795eb43110a605188472cef5663393ee8732ae26f778316ddfc1c7f4f33cf383d14de74ad690335fbc09967b878bc86ba2d62d17e7047d34cfe2e98b1c5e46b726d8d330244aac144998a66655ce1369a62d070d3b848740ee6b0146b0d58c699ff4f602fdaff139f854de045de85b8d2e1fa4bd0b31735766438afda2f756,gx-no-cache=1489159647862 HTTP/1.1" 200 30
200.112.49.242 - - [10/Mar/2017:12:26:20 -0300] "POST /cormun/servlet/solicitudot?4e824a9b5c7067891db3b483256ef6b3,INS,0,0,,gx-no-cache=1489159647945 HTTP/1.1" 200 11240
200.112.49.242 - - [10/Mar/2017:12:26:21 -0300] "GET /cormun/static/Shared/jqueryui/images/ui-icons_ebccce_256x240.png HTTP/1.1" 404 1089
200.112.49.242 - - [10/Mar/2017:12:26:21 -0300] "GET /cormun/static/Shared/jqueryui/images/ui-icons_82798d_256x240.png HTTP/1.1" 404 1089
200.112.49.242 - - [10/Mar/2017:12:26:21 -0300] "GET /cormun/static/Shared/jqueryui/images/ui-bg_highlight-soft_100_c6c2c8_1x100.png HTTP/1.1" 404 1117
200.112.49.242 - - [10/Mar/2017:12:26:21 -0300] "GET /cormun/static/Shared/jqueryui/images/ui-bg_flat_55_994d53_40x100.png HTTP/1.1" 404 1097
186.103.159.230 - - [10/Mar/2017:12:26:21 -0300] "POST /cormun/servlet/trsolicitudot?7ee70b60e74f6152b62ea27a00451df8,gx-no-cache=1489159647318 HTTP/1.1" 200 5421
186.103.159.230 - - [10/Mar/2017:12:26:22 -0300] "GET /cormun/static/Shared/jqueryui/images/ui-bg_highlight-soft_100_c6c2c8_1x100.png HTTP/1.1" 404 1117
186.103.159.230 - - [10/Mar/2017:12:26:22 -0300] "GET /cormun/static/Shared/jqueryui/images/ui-icons_82798d_256x240.png HTTP/1.1" 404 1089
186.103.159.230 - - [10/Mar/2017:12:26:22 -0300] "GET /cormun/static/Shared/jqueryui/images/ui-bg_flat_55_fafafa_40x100.png HTTP/1.1" 404 1097
186.103.159.230 - - [10/Mar/2017:12:26:22 -0300] "GET /cormun/static/Shared/jqueryui/images/ui-icons_8d78a5_256x240.png HTTP/1.1" 404 1089
186.103.159.230 - - [10/Mar/2017:12:26:22 -0300] "POST /cormun/servlet/trsolicitudot?7ee70b60e74f6152b62ea27a00451df8,gx-no-cache=1489159647530 HTTP/1.1" 200 5363
186.79.127.233 - - [10/Mar/2017:12:26:22 -0300] "POST /cormun/servlet/hlogin?c4a81de6299d39325dff0bdf6093d477,gx-no-cache=1489159652503 HTTP/1.1" 200 90
186.79.127.233 - - [10/Mar/2017:12:26:23 -0300] "GET /cormun/servlet/hpexe_link HTTP/1.1" 200 957
186.79.127.233 - - [10/Mar/2017:12:26:23 -0300] "GET /cormun/servlet/hhome HTTP/1.1" 200 4003
186.79.127.233 - - [10/Mar/2017:12:26:25 -0300] "GET /cormun/static/gxcfg.js?201612218515568 HTTP/1.1" 200 953
186.79.127.233 - - [10/Mar/2017:12:26:25 -0300] "GET /cormun/static/hhome.js?201612218515573 HTTP/1.1" 200 777
186.103.159.230 - - [10/Mar/2017:12:26:26 -0300] "GET /cormun/servlet/trautorizarsolicitud? HTTP/1.1" 200 8524
186.103.159.230 - - [10/Mar/2017:12:26:26 -0300] "GET /cormun/servlet/trautorizarsolicitud? HTTP/1.1" 200 8524
186.79.127.233 - - [10/Mar/2017:12:26:26 -0300] "GET /cormun/servlet/hhome HTTP/1.1" 200 3999
186.79.127.233 - - [10/Mar/2017:12:26:39 -0300] "GET /cormun/servlet/trsolicitudot? HTTP/1.1" 200 6973
186.79.127.233 - - [10/Mar/2017:12:26:40 -0300] "GET /cormun/servlet/trsolicitudot? HTTP/1.1" 200 6973
186.79.127.233 - - [10/Mar/2017:12:26:43 -0300] "GET /cormun/servlet/solicitudot?INS,0,0, HTTP/1.1" 200 12792
186.79.127.233 - - [10/Mar/2017:12:26:45 -0300] "GET /cormun/servlet/solicitudot?INS,0,0, HTTP/1.1" 200 12797
200.112.49.242 - - [10/Mar/2017:12:26:48 -0300] "POST /cormun/servlet/solicitudot?gx-no-cache=1489159675710 HTTP/1.1" 200 254
200.112.49.242 - - [10/Mar/2017:12:26:48 -0300] "GET /cormun/servlet/solicitudot?1fa445620ed0c84f0cded3ee2a17e616bcd7c48ae370ec024a22ab4bc34cce5d04dedea1c4ecd431d57a9583c2e874245f03206f5c546fb54b0d3301c94e66995d3c391d38293ecf8fbd0e0d6fa6dec7a7d1dc4511e2307cfc1a777b98b30175a17f906cb128a4d80be3d73617530e6718251a16d0a5664d933a766ac13b19fd9f92f26b82f39d1e30edfe794e17b684537e9073c32af11a2a6855773211c8046d53a8ffade98ac04db42a20e6f1df4f71064bc4ab3514aa639ff0975b5c04a51a62a1d55807be3fa9820d0d2ef690cd1de265abfb14f3c8d8f9623ed0430aa79d1eb469237f2d84b85466ebfae67dbf27cbd79594908048d0a217abf13310b8c4eed5344819936f4ee440b0bea5e1e0dfffee7ed7c42ed62d260101e020d6db346da803dca0059917a80535431fc11a5fef08c18be0ceb24562905b7020e8649172fded08acf320527ecdf7766e0fc67b48b93c60179166a520cfe773b4fdef89318003515fc53ae60ae516a4d8f200383e6c1c5da8ae4fd70138ae07295566,gx-no-cache=1489159675877 HTTP/1.1" 200 30
200.112.49.242 - - [10/Mar/2017:12:26:48 -0300] "POST /cormun/servlet/solicitudot?gx-no-cache=1489159675960 HTTP/1.1" 200 30
200.112.49.242 - - [10/Mar/2017:12:26:48 -0300] "POST /cormun/servlet/solicitudot?gx-no-cache=1489159676086 HTTP/1.1" 200 1287
200.112.49.242 - - [10/Mar/2017:12:26:48 -0300] "POST /cormun/servlet/solicitudot?gx-no-cache=1489159676304 HTTP/1.1" 200 41
200.112.49.242 - - [10/Mar/2017:12:26:49 -0300] "POST /cormun/servlet/solicitudot?gx-no-cache=1489159676408 HTTP/1.1" 200 1275
200.112.49.242 - - [10/Mar/2017:12:26:49 -0300] "POST /cormun/servlet/solicitudot?gx-no-cache=1489159677097 HTTP/1.1" 200 1158
200.112.49.242 - - [10/Mar/2017:12:26:49 -0300] "GET /cormun/servlet/solicitudot?1fa445620ed0c84f0cded3ee2a17e6164b7418e79db8e60115d4a92bd35d99930bab7cf23948c4c78b71635c2dc64974f8795eb43110a605188472cef5663393ee8732ae26f778316ddfc1c7f4f33cf383d14de74ad690335fbc09967b878bc86ba2d62d17e7047d34cfe2e98b1c5e46b726d8d330244aac144998a66655ce1369a62d070d3b848740ee6b0146b0d58c699ff4f602fdaff139f854de045de85b8d2e1fa4bd0b31735766438afda2f756,gx-no-cache=1489159677297 HTTP/1.1" 200 30
200.112.49.242 - - [10/Mar/2017:12:26:50 -0300] "POST /cormun/servlet/solicitudot?4e824a9b5c7067891db3b483256ef6b3,INS,0,0,,gx-no-cache=1489159677375 HTTP/1.1" 200 93
200.112.49.242 - - [10/Mar/2017:12:26:50 -0300] "GET /cormun/servlet/hpexe_return? HTTP/1.1" 200 1009
200.112.49.242 - - [10/Mar/2017:12:26:50 -0300] "GET /cormun/servlet/trsolicitudot HTTP/1.1" 200 8097
200.112.49.242 - - [10/Mar/2017:12:26:54 -0300] "POST /cormun/servlet/trsolicitudot?4e824a9b5c7067891db3b483256ef6b3,gx-no-cache=1489159681555 HTTP/1.1" 200 107
200.112.49.242 - - [10/Mar/2017:12:26:54 -0300] "GET /cormun/servlet/trsolicitudadjuntos?2017,5428, HTTP/1.1" 200 6101
200.112.49.242 - - [10/Mar/2017:12:26:54 -0300] "GET /cormun/static/trsolicitudadjuntos.js?201612218531657 HTTP/1.1" 304 -
200.112.49.242 - - [10/Mar/2017:12:26:56 -0300] "GET /cormun/servlet/solicitudotadjuntos?INS,2017,5428,,1, HTTP/1.1" 200 6033
200.112.49.242 - - [10/Mar/2017:12:26:57 -0300] "HEAD /cormun/static/about:blank HTTP/1.1" 404 -
186.79.127.233 - - [10/Mar/2017:12:26:57 -0300] "POST /cormun/servlet/solicitudot?gx-no-cache=1489159686972 HTTP/1.1" 200 3182
200.112.49.242 - - [10/Mar/2017:12:26:57 -0300] "GET /cormun/servlet/solicitudotadjuntos?1fa445620ed0c84f0cded3ee2a17e61655613bdaedd04fff1c6c5c004698696b8dcb51b98466eda98860f275ac18d2fb,gx-no-cache=1489159685500 HTTP/1.1" 200 30
186.79.127.233 - - [10/Mar/2017:12:26:58 -0300] "POST /cormun/servlet/solicitudot?c4a81de6299d39325dff0bdf6093d477,INS,0,0,,gx-no-cache=1489159687864 HTTP/1.1" 200 9926
200.112.49.242 - - [10/Mar/2017:12:26:58 -0300] "POST /cormun/servlet/solicitudotadjuntos?4e824a9b5c7067891db3b483256ef6b3,INS,2017,5428,,1,,gx-no-cache=1489159685566 HTTP/1.1" 200 3860
186.103.159.230 - - [10/Mar/2017:12:26:58 -0300] "POST /cormun/servlet/trautorizarsolicitud?7ee70b60e74f6152b62ea27a00451df8,,gx-no-cache=1489159683851 HTTP/1.1" 200 5424
186.103.159.230 - - [10/Mar/2017:12:26:59 -0300] "GET /cormun/static/Shared/jqueryui/images/ui-bg_highlight-soft_100_c6c2c8_1x100.png HTTP/1.1" 404 1117
186.103.159.230 - - [10/Mar/2017:12:26:59 -0300] "GET /cormun/static/Shared/jqueryui/images/ui-bg_flat_55_fafafa_40x100.png HTTP/1.1" 404 1097
186.103.159.230 - - [10/Mar/2017:12:26:59 -0300] "GET /cormun/static/Shared/jqueryui/images/ui-icons_8d78a5_256x240.png HTTP/1.1" 404 1089
186.103.159.230 - - [10/Mar/2017:12:26:59 -0300] "GET /cormun/static/Shared/jqueryui/images/ui-icons_82798d_256x240.png HTTP/1.1" 404 1089
186.103.159.230 - - [10/Mar/2017:12:26:59 -0300] "POST /cormun/servlet/trautorizarsolicitud?7ee70b60e74f6152b62ea27a00451df8,,gx-no-cache=1489159684504 HTTP/1.1" 200 5368
200.112.49.242 - - [10/Mar/2017:12:27:01 -0300] "POST /cormun/servlet/solicitudotadjuntos?gx-no-cache=1489159688805 HTTP/1.1" 200 26
186.79.127.233 - - [10/Mar/2017:12:27:04 -0300] "GET /cormun/servlet/solicitudot?eaedf7d709b19ea1c84bf37dda38787ac2826f2fa5bd42ce3e322172e27e642f7ba6e15da3fc140aa699bc1d82272ec1,gx-no-cache=1489159694477 HTTP/1.1" 200 30
186.79.127.233 - - [10/Mar/2017:12:27:04 -0300] "POST /cormun/servlet/solicitudot?gx-no-cache=1489159694746 HTTP/1.1" 200 240
186.79.127.233 - - [10/Mar/2017:12:27:04 -0300] "GET /cormun/servlet/solicitudot?eaedf7d709b19ea1c84bf37dda38787a6bf258bda3009231e2bf0306bf408f1912d98f45e913e08b16236ea8ea325c63529c6b70d74fcd9d60a1fce7a16582f2fc34f0eeeb1579e94ec152fbe590ef67c6d02c5b308e661ed47f0c4fb98ea28083a351c53f7e869daf4e646c82c3d2d1f2abacd4acc1f05cf9f0faada23ea22e1bf1242231eb650ad07bd91d39f3e5cb4ae4d4e734d32b07500e83824e88ba9a972219a6fabe025f36dcb754c43a673f691b5b5029102de30801a20e16111ffaf0e8ae2145defa97b89df18e3baefede2ef7b946e8e5d66d73b74e19ce874caec2292a4e105a0062d5ab17da97739d7a727ffc219819493bf92718e2a68ce54e560a816bb6bdf6feb5a31c16bc85b60488aa794dfcb6ba36bd323f903a9c8d2bf36d952f1cfab1d5fba4fa7afde9480469b93788c6602dcdd100d5408f48e47762c002d3c857c63e612699aaff6bad0f204695571c6c72c4d0a1e3ede719ee55c7da6c64f8d45678d74a58691bdab323b6e9f4ad4853d2ec3bd40b716c6479ff,gx-no-cache=1489159695019 HTTP/1.1" 200 30
186.79.127.233 - - [10/Mar/2017:12:27:07 -0300] "POST /cormun/servlet/solicitudot?gx-no-cache=1489159697129 HTTP/1.1" 200 30
200.112.49.242 - - [10/Mar/2017:12:27:12 -0300] "GET /cormun/servlet/solicitudotadjuntos?1fa445620ed0c84f0cded3ee2a17e6162ed8f590d270b24b42c7d66bd9d20e97,gx-no-cache=1489159700348 HTTP/1.1" 200 30
200.112.49.242 - - [10/Mar/2017:12:27:12 -0300] "GET /cormun/servlet/solicitudotadjuntos?1fa445620ed0c84f0cded3ee2a17e6162ed8f590d270b24b42c7d66bd9d20e97,gx-no-cache=1489159700433 HTTP/1.1" 200 30
200.112.49.242 - - [10/Mar/2017:12:27:13 -0300] "POST /cormun/servlet/solicitudotadjuntos?4e824a9b5c7067891db3b483256ef6b3,INS,2017,5428,,1, HTTP/1.1" 200 116
200.112.49.242 - - [10/Mar/2017:12:27:13 -0300] "GET /cormun/servlet/hpexe_return? HTTP/1.1" 200 1028
200.112.49.242 - - [10/Mar/2017:12:27:14 -0300] "GET /cormun/servlet/trsolicitudadjuntos?2017,5428, HTTP/1.1" 200 8261
186.79.127.233 - - [10/Mar/2017:12:27:14 -0300] "POST /cormun/servlet/solicitudot?gx-no-cache=1489159704892 HTTP/1.1" 200 235
186.79.127.233 - - [10/Mar/2017:12:27:15 -0300] "POST /cormun/servlet/solicitudot?gx-no-cache=1489159705146 HTTP/1.1" 200 38
200.112.49.242 - - [10/Mar/2017:12:27:17 -0300] "GET /cormun/servlet/solicitudotadjuntos?INS,2017,5428,,1, HTTP/1.1" 200 6034
200.112.49.242 - - [10/Mar/2017:12:27:17 -0300] "HEAD /cormun/static/about:blank HTTP/1.1" 404 -
186.79.28.72 - - [10/Mar/2017:12:27:18 -0300] "GET /cormun/servlet/solicitudot?4aa08b019d063c9f95c263a98615356f5b13e54ae67be53c5bad3af5e3484d8498bedceb5ab44c8262962e7a208fb4014f987d84adcfededa959aeca73534ec9ed53f5b77330b29a41196643b83ce6411a72a59cff81aa4c983e17b35de60cfc2616003923ebf595a20e8837cb49971e,gx-no-cache=1489159710159 HTTP/1.1" 200 29
186.79.28.72 - - [10/Mar/2017:12:27:18 -0300] "POST /cormun/servlet/solicitudot?gx-no-cache=1489159710301 HTTP/1.1" 200 643
200.112.49.242 - - [10/Mar/2017:12:27:18 -0300] "GET /cormun/servlet/solicitudotadjuntos?1fa445620ed0c84f0cded3ee2a17e61655613bdaedd04fff1c6c5c004698696b8dcb51b98466eda98860f275ac18d2fb,gx-no-cache=1489159705789 HTTP/1.1" 200 30
200.112.49.242 - - [10/Mar/2017:12:27:18 -0300] "POST /cormun/servlet/solicitudotadjuntos?4e824a9b5c7067891db3b483256ef6b3,INS,2017,5428,,1,,gx-no-cache=1489159705890 HTTP/1.1" 200 3861
186.79.28.72 - - [10/Mar/2017:12:27:19 -0300] "POST /cormun/servlet/solicitudot?gx-no-cache=1489159712136 HTTP/1.1" 200 1157
200.112.49.242 - - [10/Mar/2017:12:27:24 -0300] "POST /cormun/servlet/solicitudotadjuntos?gx-no-cache=1489159711750 HTTP/1.1" 200 26
186.79.127.233 - - [10/Mar/2017:12:27:26 -0300] "GET /cormun/servlet/solicitudot?eaedf7d709b19ea1c84bf37dda38787a2181cae300960f826ef7a0117b72c07393eda6ce8d9bc22ab4f0ea1ecaade43b973d63ada27a2c1eddcb8c717861af6e6057e3f4e9586f4dd915fcae7ecf572d930a8cf1ad23bad3c69e9103638067c7e56baf30b2f15910c60e2a6d2650badf,gx-no-cache=1489159715596 HTTP/1.1" 200 29
186.79.127.233 - - [10/Mar/2017:12:27:26 -0300] "POST /cormun/servlet/solicitudot?gx-no-cache=1489159716722 HTTP/1.1" 200 641
186.79.127.233 - - [10/Mar/2017:12:27:28 -0300] "POST /cormun/servlet/solicitudot?gx-no-cache=1489159718458 HTTP/1.1" 200 1157
200.112.49.242 - - [10/Mar/2017:12:27:29 -0300] "GET /cormun/servlet/solicitudotadjuntos?1fa445620ed0c84f0cded3ee2a17e6162ed8f590d270b24b42c7d66bd9d20e97,gx-no-cache=1489159717460 HTTP/1.1" 200 30
200.112.49.242 - - [10/Mar/2017:12:27:29 -0300] "GET /cormun/servlet/solicitudotadjuntos?1fa445620ed0c84f0cded3ee2a17e6162ed8f590d270b24b42c7d66bd9d20e97,gx-no-cache=1489159717516 HTTP/1.1" 200 30
200.112.49.242 - - [10/Mar/2017:12:27:40 -0300] "POST /cormun/servlet/solicitudotadjuntos?4e824a9b5c7067891db3b483256ef6b3,INS,2017,5428,,1, HTTP/1.1" 200 116
200.112.49.242 - - [10/Mar/2017:12:27:41 -0300] "GET /cormun/servlet/hpexe_return? HTTP/1.1" 200 1028
200.112.49.242 - - [10/Mar/2017:12:27:41 -0300] "GET /cormun/servlet/trsolicitudadjuntos?2017,5428, HTTP/1.1" 200 8433
200.112.49.242 - - [10/Mar/2017:12:27:44 -0300] "GET /cormun/servlet/solicitudotadjuntos?INS,2017,5428,,1, HTTP/1.1" 200 6034
200.112.49.242 - - [10/Mar/2017:12:27:44 -0300] "HEAD /cormun/static/about:blank HTTP/1.1" 404 -
200.112.49.242 - - [10/Mar/2017:12:27:45 -0300] "GET /cormun/servlet/solicitudotadjuntos?1fa445620ed0c84f0cded3ee2a17e61655613bdaedd04fff1c6c5c004698696b8dcb51b98466eda98860f275ac18d2fb,gx-no-cache=1489159733411 HTTP/1.1" 200 30
200.112.49.242 - - [10/Mar/2017:12:27:46 -0300] "POST /cormun/servlet/solicitudotadjuntos?4e824a9b5c7067891db3b483256ef6b3,INS,2017,5428,,1,,gx-no-cache=1489159733479 HTTP/1.1" 200 3861
200.112.49.242 - - [10/Mar/2017:12:27:49 -0300] "POST /cormun/servlet/solicitudotadjuntos?gx-no-cache=1489159736996 HTTP/1.1" 200 26
200.112.49.242 - - [10/Mar/2017:12:27:59 -0300] "GET /cormun/servlet/solicitudotadjuntos?1fa445620ed0c84f0cded3ee2a17e6162ed8f590d270b24b42c7d66bd9d20e97,gx-no-cache=1489159747508 HTTP/1.1" 200 30
200.112.49.242 - - [10/Mar/2017:12:27:59 -0300] "GET /cormun/servlet/solicitudotadjuntos?1fa445620ed0c84f0cded3ee2a17e6162ed8f590d270b24b42c7d66bd9d20e97,gx-no-cache=1489159747563 HTTP/1.1" 200 30
186.79.127.233 - - [10/Mar/2017:12:28:00 -0300] "GET /cormun/static/menuarrow.gif HTTP/1.1" 404 1015
200.112.49.242 - - [10/Mar/2017:12:28:01 -0300] "POST /cormun/servlet/solicitudotadjuntos?4e824a9b5c7067891db3b483256ef6b3,INS,2017,5428,,1, HTTP/1.1" 200 116
200.112.49.242 - - [10/Mar/2017:12:28:01 -0300] "GET /cormun/servlet/hpexe_return? HTTP/1.1" 200 1028
200.112.49.242 - - [10/Mar/2017:12:28:02 -0300] "GET /cormun/servlet/trsolicitudadjuntos?2017,5428, HTTP/1.1" 200 8596
200.112.49.242 - - [10/Mar/2017:12:28:07 -0300] "GET /cormun/servlet/solicitudotadjuntos?INS,2017,5428,,1, HTTP/1.1" 200 6034
200.112.49.242 - - [10/Mar/2017:12:28:07 -0300] "HEAD /cormun/static/about:blank HTTP/1.1" 404 -
200.112.49.242 - - [10/Mar/2017:12:28:08 -0300] "GET /cormun/servlet/solicitudotadjuntos?1fa445620ed0c84f0cded3ee2a17e61655613bdaedd04fff1c6c5c004698696b8dcb51b98466eda98860f275ac18d2fb,gx-no-cache=1489159756255 HTTP/1.1" 200 30
200.112.49.242 - - [10/Mar/2017:12:28:09 -0300] "POST /cormun/servlet/solicitudotadjuntos?4e824a9b5c7067891db3b483256ef6b3,INS,2017,5428,,1,,gx-no-cache=1489159756395 HTTP/1.1" 200 3861
200.112.49.242 - - [10/Mar/2017:12:28:10 -0300] "POST /cormun/servlet/solicitudotadjuntos?gx-no-cache=1489159757861 HTTP/1.1" 200 26
200.112.49.242 - - [10/Mar/2017:12:28:13 -0300] "POST /cormun/servlet/solicitudotadjuntos?gx-no-cache=1489159761251 HTTP/1.1" 200 26
186.79.127.233 - - [10/Mar/2017:12:28:18 -0300] "GET /cormun/servlet/solicitudot?eaedf7d709b19ea1c84bf37dda38787ac0a6bcc9072a64d09ce327db2499777bb0dfae61a1c1284308949add2d60f7615cc3134a875823b16656822f22f392bf740d30bdaa9de10ed691269def74bb94162da0411766f30f50867f00e7ae9093730a3931f890ece9263fb298c4ec738d0c0439b81bc18e304b0fd8991071f19b3c508edad35ed39ca130e788ca4daafaea2478968f68d83006d840daac17106819571ff3e89b85919120832a36543355,gx-no-cache=1489159768705 HTTP/1.1" 200 30
186.79.127.233 - - [10/Mar/2017:12:28:34 -0300] "POST /cormun/servlet/solicitudot?c4a81de6299d39325dff0bdf6093d477,INS,0,0,,gx-no-cache=1489159783854 HTTP/1.1" 200 93
186.79.127.233 - - [10/Mar/2017:12:28:34 -0300] "GET /cormun/servlet/hpexe_return? HTTP/1.1" 200 1009
186.79.127.233 - - [10/Mar/2017:12:28:34 -0300] "GET /cormun/servlet/trsolicitudot HTTP/1.1" 200 8228
186.79.127.233 - - [10/Mar/2017:12:28:36 -0300] "GET /cormun/servlet/trsolicitudot HTTP/1.1" 200 8223
200.112.49.242 - - [10/Mar/2017:12:28:37 -0300] "GET /cormun/servlet/solicitudotadjuntos?1fa445620ed0c84f0cded3ee2a17e6162ed8f590d270b24b42c7d66bd9d20e97,gx-no-cache=1489159785354 HTTP/1.1" 200 30
200.112.49.242 - - [10/Mar/2017:12:28:37 -0300] "GET /cormun/servlet/solicitudotadjuntos?1fa445620ed0c84f0cded3ee2a17e6162ed8f590d270b24b42c7d66bd9d20e97,gx-no-cache=1489159785504 HTTP/1.1" 200 30
200.112.49.242 - - [10/Mar/2017:12:28:39 -0300] "POST /cormun/servlet/solicitudotadjuntos?4e824a9b5c7067891db3b483256ef6b3,INS,2017,5428,,1, HTTP/1.1" 200 116
200.112.49.242 - - [10/Mar/2017:12:28:39 -0300] "GET /cormun/servlet/hpexe_return? HTTP/1.1" 200 1028
200.112.49.242 - - [10/Mar/2017:12:28:40 -0300] "GET /cormun/servlet/trsolicitudadjuntos?2017,5428, HTTP/1.1" 200 8734
200.112.49.242 - - [10/Mar/2017:12:28:46 -0300] "GET /cormun/servlet/solicitudotadjuntos?INS,2017,5428,,1, HTTP/1.1" 200 6034
200.112.49.242 - - [10/Mar/2017:12:28:46 -0300] "HEAD /cormun/static/about:blank HTTP/1.1" 404 -
200.112.49.242 - - [10/Mar/2017:12:28:47 -0300] "GET /cormun/servlet/solicitudotadjuntos?1fa445620ed0c84f0cded3ee2a17e61655613bdaedd04fff1c6c5c004698696b8dcb51b98466eda98860f275ac18d2fb,gx-no-cache=1489159795118 HTTP/1.1" 200 30
200.112.49.242 - - [10/Mar/2017:12:28:47 -0300] "POST /cormun/servlet/solicitudotadjuntos?4e824a9b5c7067891db3b483256ef6b3,INS,2017,5428,,1,,gx-no-cache=1489159795209 HTTP/1.1" 200 3862
200.112.49.242 - - [10/Mar/2017:12:28:51 -0300] "POST /cormun/servlet/solicitudotadjuntos?gx-no-cache=1489159798523 HTTP/1.1" 200 26
186.67.172.234 - - [10/Mar/2017:12:28:55 -0300] "GET /cormun/servlet/solicitudot?INS,0,0, HTTP/1.1" 200 12567
186.67.172.234 - - [10/Mar/2017:12:28:57 -0300] "GET /cormun/servlet/solicitudot?INS,0,0, HTTP/1.1" 200 12571
200.112.49.242 - - [10/Mar/2017:12:29:00 -0300] "GET /cormun/servlet/solicitudotadjuntos?1fa445620ed0c84f0cded3ee2a17e6162ed8f590d270b24b42c7d66bd9d20e97,gx-no-cache=1489159807755 HTTP/1.1" 200 30
200.112.49.242 - - [10/Mar/2017:12:29:00 -0300] "GET /cormun/servlet/solicitudotadjuntos?1fa445620ed0c84f0cded3ee2a17e6162ed8f590d270b24b42c7d66bd9d20e97,gx-no-cache=1489159807814 HTTP/1.1" 200 30
200.112.49.242 - - [10/Mar/2017:12:29:01 -0300] "POST /cormun/servlet/solicitudotadjuntos?4e824a9b5c7067891db3b483256ef6b3,INS,2017,5428,,1, HTTP/1.1" 200 116
200.112.49.242 - - [10/Mar/2017:12:29:01 -0300] "GET /cormun/servlet/hpexe_return? HTTP/1.1" 200 1028
200.112.49.242 - - [10/Mar/2017:12:29:01 -0300] "GET /cormun/servlet/trsolicitudadjuntos?2017,5428, HTTP/1.1" 200 8937
200.112.49.242 - - [10/Mar/2017:12:29:04 -0300] "GET /cormun/servlet/solicitudotadjuntos?INS,2017,5428,,1, HTTP/1.1" 200 6034
200.112.49.242 - - [10/Mar/2017:12:29:05 -0300] "HEAD /cormun/static/about:blank HTTP/1.1" 404 -
200.112.49.242 - - [10/Mar/2017:12:29:05 -0300] "GET /cormun/servlet/solicitudotadjuntos?1fa445620ed0c84f0cded3ee2a17e61655613bdaedd04fff1c6c5c004698696b8dcb51b98466eda98860f275ac18d2fb,gx-no-cache=1489159813427 HTTP/1.1" 200 30
200.112.49.242 - - [10/Mar/2017:12:29:06 -0300] "POST /cormun/servlet/solicitudotadjuntos?4e824a9b5c7067891db3b483256ef6b3,INS,2017,5428,,1,,gx-no-cache=1489159813531 HTTP/1.1" 200 3862
200.112.49.242 - - [10/Mar/2017:12:29:10 -0300] "POST /cormun/servlet/solicitudotadjuntos?gx-no-cache=1489159817563 HTTP/1.1" 200 26
186.79.28.72 - - [10/Mar/2017:12:29:15 -0300] "GET /cormun/servlet/solicitudot?4aa08b019d063c9f95c263a98615356f714f6ab6027e3523ec1ab0aeee2460b55927cbb2b11c74fbdb0699b556794cbb07cebd813aa1de2a0d399ae677ba73d52048ec63ed703c57d9b0a388110f27de038237ee7cac5125756ebad9ee964a94ee76e57e751ac4c36b6938826a25f1bed780e83dae5a83e79455df9a456eeae546ac2134851386bb8e06444adb952c75732fd9cdaf3b4185ed37e770e29d52d6290f63edc01191d7ee1253a995ea3636,gx-no-cache=1489159827843 HTTP/1.1" 200 30
200.112.49.242 - - [10/Mar/2017:12:29:17 -0300] "GET /cormun/servlet/solicitudotadjuntos?1fa445620ed0c84f0cded3ee2a17e6162ed8f590d270b24b42c7d66bd9d20e97,gx-no-cache=1489159825034 HTTP/1.1" 200 30
200.112.49.242 - - [10/Mar/2017:12:29:17 -0300] "GET /cormun/servlet/solicitudotadjuntos?1fa445620ed0c84f0cded3ee2a17e6162ed8f590d270b24b42c7d66bd9d20e97,gx-no-cache=1489159825123 HTTP/1.1" 200 30
200.112.49.242 - - [10/Mar/2017:12:29:22 -0300] "POST /cormun/servlet/solicitudotadjuntos?4e824a9b5c7067891db3b483256ef6b3,INS,2017,5428,,1, HTTP/1.1" 200 116
200.112.49.242 - - [10/Mar/2017:12:29:22 -0300] "GET /cormun/servlet/hpexe_return? HTTP/1.1" 200 1028
200.112.49.242 - - [10/Mar/2017:12:29:22 -0300] "GET /cormun/servlet/trsolicitudadjuntos?2017,5428, HTTP/1.1" 200 9151
200.112.49.242 - - [10/Mar/2017:12:29:34 -0300] "GET /cormun/servlet/trvisualizadoreventos? HTTP/1.1" 200 6748
200.112.49.242 - - [10/Mar/2017:12:29:39 -0300] "GET /cormun/servlet/trsolicitudot? HTTP/1.1" 200 8093
200.112.49.242 - - [10/Mar/2017:12:29:46 -0300] "POST /cormun/servlet/trsolicitudot?4e824a9b5c7067891db3b483256ef6b3,,gx-no-cache=1489159853838 HTTP/1.1" 200 4074
200.112.49.242 - - [10/Mar/2017:12:29:47 -0300] "POST /cormun/servlet/trsolicitudot?4e824a9b5c7067891db3b483256ef6b3,,gx-no-cache=1489159854379 HTTP/1.1" 200 3866
200.112.49.242 - - [10/Mar/2017:12:29:47 -0300] "GET /cormun/static/Shared/jqueryui/images/ui-bg_highlight-soft_100_c6c2c8_1x100.png HTTP/1.1" 404 1117
200.112.49.242 - - [10/Mar/2017:12:29:47 -0300] "GET /cormun/static/Shared/jqueryui/images/ui-icons_82798d_256x240.png HTTP/1.1" 404 1089
200.112.49.242 - - [10/Mar/2017:12:29:47 -0300] "GET /cormun/static/Shared/jqueryui/images/ui-icons_8d78a5_256x240.png HTTP/1.1" 404 1089
200.112.49.242 - - [10/Mar/2017:12:29:47 -0300] "GET /cormun/static/Shared/jqueryui/images/ui-bg_flat_55_fafafa_40x100.png HTTP/1.1" 404 1097
200.112.49.242 - - [10/Mar/2017:12:29:51 -0300] "GET /cormun/servlet/trautorizarsolicitud? HTTP/1.1" 200 8161
200.112.49.242 - - [10/Mar/2017:12:29:54 -0300] "POST /cormun/servlet/trautorizarsolicitud?4e824a9b5c7067891db3b483256ef6b3,,gx-no-cache=1489159861590 HTTP/1.1" 200 4307
200.112.49.242 - - [10/Mar/2017:12:29:54 -0300] "POST /cormun/servlet/trautorizarsolicitud?4e824a9b5c7067891db3b483256ef6b3,,gx-no-cache=1489159862190 HTTP/1.1" 200 4101
200.112.49.242 - - [10/Mar/2017:12:29:55 -0300] "GET /cormun/static/Shared/jqueryui/images/ui-icons_82798d_256x240.png HTTP/1.1" 404 1089
200.112.49.242 - - [10/Mar/2017:12:29:55 -0300] "GET /cormun/static/Shared/jqueryui/images/ui-bg_highlight-soft_100_c6c2c8_1x100.png HTTP/1.1" 404 1117
200.112.49.242 - - [10/Mar/2017:12:29:55 -0300] "GET /cormun/static/Shared/jqueryui/images/ui-bg_flat_55_fafafa_40x100.png HTTP/1.1" 404 1097
200.112.49.242 - - [10/Mar/2017:12:29:55 -0300] "GET /cormun/static/Shared/jqueryui/images/ui-icons_8d78a5_256x240.png HTTP/1.1" 404 1089
186.67.172.234 - - [10/Mar/2017:12:30:55 -0300] "POST /cormun/servlet/solicitudot?gx-no-cache=1489159923918 HTTP/1.1" 200 3081
186.67.172.234 - - [10/Mar/2017:12:30:56 -0300] "POST /cormun/servlet/solicitudot?a709744452bb1c40f43b69611a0a95e1,INS,0,0,,gx-no-cache=1489159925133 HTTP/1.1" 200 9677
186.67.172.234 - - [10/Mar/2017:12:31:02 -0300] "GET /cormun/servlet/solicitudot?e945c6c809bddcd5c94acbf019c1c8746aa91f1ea597b662bf75b16fa8140c696fc2862ef7670e5c5a17791e2001d79c,gx-no-cache=1489159931886 HTTP/1.1" 200 30
186.79.28.72 - - [10/Mar/2017:12:31:06 -0300] "GET /cormun/servlet/solicitudot?4aa08b019d063c9f95c263a98615356f983c866763b3a8a45a8381036eae93012ac1a3a22d02d01be39cc05cfcea6c2c5512710cccc2ddf4dbf8af4d3ef3f486180d3f8511a663d6eeeaa5610273ba82224257bd8d57735b93eb189030c243259ffd3b89601ad76f84fa7bf443515e29dd3ad6cbe3cbd779af5db7dd2f8a8c0c7f396dc5149474669c7a10bb7ad234eddbc35b50427a38cb19b40ac6f929154116b0ea9ef0a4fd0aeb8ca2a3ec05fefe424f95b3d775eaaeff78f4994ab09fa51115a095fa3926aac090cc8edebf1c73f467a7506ad8613300b211d33cd3c691ef4d8547430209d0708e9745fd796dae963cfb6f2fa503df96fb629c55a3bbc3c76be3fb30088c877b4a9615f05a8272e8b06730d66b68315af848e1c050302c22e06aa04c2c17d06dffb3f35ac5cf4b7fc33a5f118e240305c5a201c3a3c0e31273c91b956bd894750105c6f9920dc7682c2e2b4ae0527277c3852557f27b1acb5f55ffc56d87be28540d23adca7af20fff5b2c99abe571dfb04a697a88da76,gx-no-cache=1489159938713 HTTP/1.1" 200 30
186.79.28.72 - - [10/Mar/2017:12:31:06 -0300] "POST /cormun/servlet/solicitudot?gx-no-cache=1489159938925 HTTP/1.1" 200 30
186.79.28.72 - - [10/Mar/2017:12:31:07 -0300] "POST /cormun/servlet/solicitudot?gx-no-cache=1489159939086 HTTP/1.1" 200 1287
186.79.28.72 - - [10/Mar/2017:12:31:07 -0300] "POST /cormun/servlet/solicitudot?gx-no-cache=1489159939459 HTTP/1.1" 200 41
186.79.28.72 - - [10/Mar/2017:12:31:07 -0300] "POST /cormun/servlet/solicitudot?gx-no-cache=1489159939591 HTTP/1.1" 200 1275
186.79.28.72 - - [10/Mar/2017:12:31:07 -0300] "POST /cormun/servlet/solicitudot?gx-no-cache=1489159939858 HTTP/1.1" 200 1157
186.79.28.72 - - [10/Mar/2017:12:31:08 -0300] "GET /cormun/servlet/solicitudot?4aa08b019d063c9f95c263a98615356f714f6ab6027e3523ec1ab0aeee2460b55927cbb2b11c74fbdb0699b556794cbb07cebd813aa1de2a0d399ae677ba73d52048ec63ed703c57d9b0a388110f27de038237ee7cac5125756ebad9ee964a94ee76e57e751ac4c36b6938826a25f1bed780e83dae5a83e79455df9a456eeae546ac2134851386bb8e06444adb952c75732fd9cdaf3b4185ed37e770e29d52d6290f63edc01191d7ee1253a995ea3636,gx-no-cache=1489159940098 HTTP/1.1" 200 30
186.79.28.72 - - [10/Mar/2017:12:31:09 -0300] "POST /cormun/servlet/solicitudot?231203b9a5258754523f0439dd948be6,INS,0,0,,gx-no-cache=1489159940489 HTTP/1.1" 200 93
186.79.28.72 - - [10/Mar/2017:12:31:09 -0300] "GET /cormun/servlet/hpexe_return? HTTP/1.1" 200 1003
186.79.28.72 - - [10/Mar/2017:12:31:09 -0300] "GET /cormun/servlet/trsolicitudot HTTP/1.1" 200 7992
186.79.28.72 - - [10/Mar/2017:12:31:10 -0300] "GET /cormun/servlet/trsolicitudot HTTP/1.1" 200 7988
186.79.127.233 - - [10/Mar/2017:12:31:23 -0300] "GET /cormun/servlet/solicitudot?INS,0,0, HTTP/1.1" 200 12793
192.168.10.89 - - [10/Mar/2017:12:31:24 -0300] "POST /cormun/servlet/hlogin?80d519eb0ed419651b23fab04afe26df,gx-no-cache=1489163167363 HTTP/1.1" 200 90
192.168.10.89 - - [10/Mar/2017:12:31:24 -0300] "GET /cormun/servlet/hpexe_link HTTP/1.1" 200 957
186.79.127.233 - - [10/Mar/2017:12:31:25 -0300] "GET /cormun/servlet/solicitudot?INS,0,0, HTTP/1.1" 200 12798
192.168.10.89 - - [10/Mar/2017:12:31:25 -0300] "GET /cormun/servlet/hhome HTTP/1.1" 200 4389
192.168.10.89 - - [10/Mar/2017:12:31:31 -0300] "GET /cormun/servlet/trsolicitudgral? HTTP/1.1" 200 24713
186.79.127.233 - - [10/Mar/2017:12:31:39 -0300] "POST /cormun/servlet/solicitudot?gx-no-cache=1489159968771 HTTP/1.1" 200 3167
186.79.127.233 - - [10/Mar/2017:12:31:39 -0300] "POST /cormun/servlet/solicitudot?c4a81de6299d39325dff0bdf6093d477,INS,0,0,,gx-no-cache=1489159969303 HTTP/1.1" 200 9946
192.168.10.89 - - [10/Mar/2017:12:31:39 -0300] "GET /cormun/static/menuarrow.gif HTTP/1.1" 404 1015
186.79.127.233 - - [10/Mar/2017:12:31:43 -0300] "GET /cormun/servlet/solicitudot?eaedf7d709b19ea1c84bf37dda38787a8fa10d66cce5deff01188472d29e56c17ba6e15da3fc140aa699bc1d82272ec1,gx-no-cache=1489159973030 HTTP/1.1" 200 30
200.112.49.242 - - [10/Mar/2017:12:31:43 -0300] "GET /cormun/servlet/trsolicitudot? HTTP/1.1" 200 6792
186.79.127.233 - - [10/Mar/2017:12:31:43 -0300] "POST /cormun/servlet/solicitudot?gx-no-cache=1489159973282 HTTP/1.1" 200 240
186.79.127.233 - - [10/Mar/2017:12:31:43 -0300] "GET /cormun/servlet/solicitudot?eaedf7d709b19ea1c84bf37dda38787a6bf258bda3009231e2bf0306bf408f1912d98f45e913e08b16236ea8ea325c63529c6b70d74fcd9d60a1fce7a16582f2fc34f0eeeb1579e94ec152fbe590ef67c6d02c5b308e661ed47f0c4fb98ea28083a351c53f7e869daf4e646c82c3d2d1f2abacd4acc1f05cf9f0faada23ea22e1bf1242231eb650ad07bd91d39f3e5cb4ae4d4e734d32b07500e83824e88ba9a972219a6fabe025f36dcb754c43a673f691b5b5029102de30801a20e16111ffaf0e8ae2145defa97b89df18e3baefede2ef7b946e8e5d66d73b74e19ce874caec2292a4e105a0062d5ab17da97739d7ad4e8929bd957c28d50a5ed8258f99b81560a816bb6bdf6feb5a31c16bc85b60488aa794dfcb6ba36bd323f903a9c8d2bf36d952f1cfab1d5fba4fa7afde9480469b93788c6602dcdd100d5408f48e47762c002d3c857c63e612699aaff6bad0f204695571c6c72c4d0a1e3ede719ee55c7da6c64f8d45678d74a58691bdab323b6e9f4ad4853d2ec3bd40b716c6479ff,gx-no-cache=1489159973445 HTTP/1.1" 200 30
192.168.10.89 - - [10/Mar/2017:12:31:46 -0300] "POST /cormun/servlet/trsolicitudgral?80d519eb0ed419651b23fab04afe26df,,gx-no-cache=1489163189726 HTTP/1.1" 200 14096
186.79.127.233 - - [10/Mar/2017:12:31:49 -0300] "POST /cormun/servlet/solicitudot?gx-no-cache=1489159979481 HTTP/1.1" 200 30
186.79.127.233 - - [10/Mar/2017:12:31:52 -0300] "POST /cormun/servlet/solicitudot?gx-no-cache=1489159982532 HTTP/1.1" 200 235
186.79.127.233 - - [10/Mar/2017:12:31:52 -0300] "POST /cormun/servlet/solicitudot?gx-no-cache=1489159982871 HTTP/1.1" 200 38
200.112.49.242 - - [10/Mar/2017:12:32:00 -0300] "GET /cormun/servlet/solicitudot?INS,0,0, HTTP/1.1" 200 12802
192.168.10.89 - - [10/Mar/2017:12:32:18 -0300] "POST /cormun/servlet/trsolicitudgral?80d519eb0ed419651b23fab04afe26df,,gx-no-cache=1489163221433 HTTP/1.1" 200 7388
192.168.10.89 - - [10/Mar/2017:12:32:51 -0300] "POST /cormun/servlet/trsolicitudgral?80d519eb0ed419651b23fab04afe26df,,gx-no-cache=1489163254578 HTTP/1.1" 200 14096
186.79.127.233 - - [10/Mar/2017:12:33:19 -0300] "GET /cormun/servlet/solicitudot?eaedf7d709b19ea1c84bf37dda38787a2181cae300960f826ef7a0117b72c07393eda6ce8d9bc22ab4f0ea1ecaade43b76a0a4a9564abd1857f63382bbc4b607d3601d074620af582aae76a7bce3623486342abab9b5a3085ccbceefc25c2cef83ae8b133d58e7407b5874fa89ab19d0fa4502c0bb5c7491f15dfb5a55a46e9c94d4a867604d6b54d0c7719bb01da62ce577b65193ea45edc12359d5f77cb129,gx-no-cache=1489160069709 HTTP/1.1" 200 29
186.79.127.233 - - [10/Mar/2017:12:33:19 -0300] "POST /cormun/servlet/solicitudot?gx-no-cache=1489160069984 HTTP/1.1" 200 643
186.79.127.233 - - [10/Mar/2017:12:33:21 -0300] "POST /cormun/servlet/solicitudot?gx-no-cache=1489160071001 HTTP/1.1" 200 1157
186.103.156.211 - - [10/Mar/2017:12:33:37 -0300] "POST /cormun/servlet/trsolicitudot?90348fdedd2220e2601f01e9e7c8cc8b,,gx-no-cache=1489160087749 HTTP/1.1" 200 5640
186.79.127.233 - - [10/Mar/2017:12:34:19 -0300] "POST /cormun/servlet/solicitudot?gx-no-cache=1489160129085 HTTP/1.1" 200 1275
186.79.127.233 - - [10/Mar/2017:12:34:19 -0300] "POST /cormun/servlet/solicitudot?gx-no-cache=1489160129493 HTTP/1.1" 200 1157
186.79.127.233 - - [10/Mar/2017:12:34:19 -0300] "GET /cormun/static/menuarrow.gif HTTP/1.1" 404 1015
186.79.127.233 - - [10/Mar/2017:12:34:23 -0300] "POST /cormun/servlet/solicitudot?gx-no-cache=1489160133044 HTTP/1.1" 200 1275
186.79.127.233 - - [10/Mar/2017:12:34:23 -0300] "POST /cormun/servlet/solicitudot?gx-no-cache=1489160133322 HTTP/1.1" 200 1157
200.112.49.242 - - [10/Mar/2017:12:34:26 -0300] "POST /cormun/servlet/solicitudot?gx-no-cache=1489160133764 HTTP/1.1" 200 3175
200.112.49.242 - - [10/Mar/2017:12:34:27 -0300] "POST /cormun/servlet/solicitudot?4e824a9b5c7067891db3b483256ef6b3,INS,0,0,,gx-no-cache=1489160134323 HTTP/1.1" 200 9975
186.79.127.233 - - [10/Mar/2017:12:34:29 -0300] "GET /cormun/servlet/solicitudot?eaedf7d709b19ea1c84bf37dda38787a772fdafe7748b35eea07456e4dcf183cd3429678daed39181293f0078f4fbf305cc3134a875823b16656822f22f392bf740d30bdaa9de10ed691269def74bb94162da0411766f30f50867f00e7ae9093730a3931f890ece9263fb298c4ec738d0c0439b81bc18e304b0fd8991071f19b3c508edad35ed39ca130e788ca4daafaea2478968f68d83006d840daac17106819571ff3e89b85919120832a36543355,gx-no-cache=1489160139241 HTTP/1.1" 200 30
200.112.49.242 - - [10/Mar/2017:12:34:33 -0300] "GET /cormun/servlet/solicitudot?1fa445620ed0c84f0cded3ee2a17e616887d3cdd4bce2713069e36ca68b93f1429705d642c5fc3c623bbd4f93ea8ca9c,gx-no-cache=1489160140633 HTTP/1.1" 200 30
200.112.49.242 - - [10/Mar/2017:12:34:33 -0300] "POST /cormun/servlet/solicitudot?gx-no-cache=1489160140778 HTTP/1.1" 200 297
200.112.49.242 - - [10/Mar/2017:12:34:33 -0300] "GET /cormun/servlet/solicitudot?1fa445620ed0c84f0cded3ee2a17e616bcd7c48ae370ec024a22ab4bc34cce5d995e9d4d877cd729d304b4cdff5a4bbb5f03206f5c546fb54b0d3301c94e66995d3c391d38293ecf8fbd0e0d6fa6dec7a7d1dc4511e2307cfc1a777b98b30175a17f906cb128a4d80be3d73617530e6718251a16d0a5664d933a766ac13b19fd9f92f26b82f39d1e30edfe794e17b684537e9073c32af11a2a6855773211c8046d53a8ffade98ac04db42a20e6f1df4f71064bc4ab3514aa639ff0975b5c04a51a62a1d55807be3fa9820d0d2ef690cd1de265abfb14f3c8d8f9623ed0430aa79d1eb469237f2d84b85466ebfae67dbfce3775215a319d35c8519cd5b8fe26e2c4eed5344819936f4ee440b0bea5e1e05266e57b30a486d0f74c08834e322c955e205341adea121d723888c37b5c974dc858d8ac963163e1ade7db66bef7f5399953af3c7bbe150c5d69b680fc29c3bbedf5b07242bafed9895c22b9b1876afa4c469304fa22e926306104395c12f483e345fd7b954fc9d3d42d57cf717b4bd2fb8d3cce82b7e4fe0140bedc73a1ccc4,gx-no-cache=1489160140919 HTTP/1.1" 200 30
200.112.49.242 - - [10/Mar/2017:12:34:35 -0300] "POST /cormun/servlet/solicitudot?gx-no-cache=1489160143191 HTTP/1.1" 200 30
200.112.49.242 - - [10/Mar/2017:12:34:39 -0300] "POST /cormun/servlet/solicitudot?gx-no-cache=1489160146571 HTTP/1.1" 200 235
200.112.49.242 - - [10/Mar/2017:12:34:39 -0300] "POST /cormun/servlet/solicitudot?gx-no-cache=1489160146717 HTTP/1.1" 200 38
186.79.127.233 - - [10/Mar/2017:12:34:57 -0300] "POST /cormun/servlet/solicitudot?c4a81de6299d39325dff0bdf6093d477,INS,0,0,,gx-no-cache=1489160167048 HTTP/1.1" 200 93
186.79.127.233 - - [10/Mar/2017:12:34:57 -0300] "GET /cormun/servlet/hpexe_return? HTTP/1.1" 200 1009
186.79.127.233 - - [10/Mar/2017:12:34:58 -0300] "GET /cormun/servlet/trsolicitudot HTTP/1.1" 200 8680
186.79.127.233 - - [10/Mar/2017:12:35:00 -0300] "GET /cormun/servlet/trsolicitudot HTTP/1.1" 200 8676
186.103.156.211 - - [10/Mar/2017:12:35:03 -0300] "POST /cormun/servlet/trsolicitudot?90348fdedd2220e2601f01e9e7c8cc8b,,gx-no-cache=1489160174239 HTTP/1.1" 200 107
186.103.156.211 - - [10/Mar/2017:12:35:04 -0300] "GET /cormun/servlet/trsolicitudadjuntos?2017,5361, HTTP/1.1" 200 8092
186.103.156.211 - - [10/Mar/2017:12:35:04 -0300] "GET /cormun/static/gxcfg.js?201612218531388 HTTP/1.1" 304 -
186.103.156.211 - - [10/Mar/2017:12:35:04 -0300] "GET /cormun/servlet/trsolicitudadjuntos?2017,5361, HTTP/1.1" 200 8091
186.79.127.233 - - [10/Mar/2017:12:35:06 -0300] "POST /cormun/servlet/trsolicitudot?c4a81de6299d39325dff0bdf6093d477,gx-no-cache=1489160176090 HTTP/1.1" 200 107
186.79.127.233 - - [10/Mar/2017:12:35:06 -0300] "GET /cormun/servlet/trsolicitudadjuntos?2017,5431, HTTP/1.1" 200 6104
186.79.127.233 - - [10/Mar/2017:12:35:08 -0300] "GET /cormun/servlet/trsolicitudadjuntos?2017,5431, HTTP/1.1" 200 6103
186.79.127.233 - - [10/Mar/2017:12:35:11 -0300] "GET /cormun/servlet/solicitudotadjuntos?INS,2017,5431,,2, HTTP/1.1" 200 6033
186.79.127.233 - - [10/Mar/2017:12:35:12 -0300] "GET /cormun/static/about:blank HTTP/1.1" 404 1011
186.79.127.233 - - [10/Mar/2017:12:35:13 -0300] "GET /cormun/servlet/solicitudotadjuntos?INS,2017,5431,,2, HTTP/1.1" 200 6027
186.79.127.233 - - [10/Mar/2017:12:35:13 -0300] "GET /cormun/servlet/solicitudotadjuntos?eaedf7d709b19ea1c84bf37dda38787aa004ff7def64c54248ab36c43f920008e298abef94c7a916c9ba7984a818feec,gx-no-cache=1489160183673 HTTP/1.1" 200 30
186.79.127.233 - - [10/Mar/2017:12:35:14 -0300] "POST /cormun/servlet/solicitudotadjuntos?c4a81de6299d39325dff0bdf6093d477,INS,2017,5431,,2,,gx-no-cache=1489160183847 HTTP/1.1" 200 4012
186.103.156.211 - - [10/Mar/2017:12:35:29 -0300] "GET /cormun/servlet/solicitudotadjuntos?INS,2017,5361,,2, HTTP/1.1" 200 6025
186.103.156.211 - - [10/Mar/2017:12:35:30 -0300] "GET /cormun/static/about:blank HTTP/1.1" 404 1011
186.103.156.211 - - [10/Mar/2017:12:35:30 -0300] "GET /cormun/servlet/solicitudotadjuntos?INS,2017,5361,,2, HTTP/1.1" 200 6019
186.103.156.211 - - [10/Mar/2017:12:35:31 -0300] "GET /cormun/servlet/solicitudotadjuntos?4a0ece37c75668d9cffab8ea7fcb0ece8d493d7f146a83f0f45593b6d10be1a1870ac271126a4ae44218fd6521fe6f45,gx-no-cache=1489160202268 HTTP/1.1" 200 30
