186.67.172.234 - - [09/Mar/2017:17:37:06 -0300] "GET /cormun/servlet/solicitudot?8c8717f34f7eb72e6b10f8d0b0a9ed3ab7cf7debe5c773da389895fc94c7928f29226fb8b87c498011ccb844e116f4c3,gx-no-cache=1489091895430 HTTP/1.1" 200 30
186.67.172.234 - - [09/Mar/2017:17:37:06 -0300] "POST /cormun/servlet/solicitudot?gx-no-cache=1489091895462 HTTP/1.1" 200 241
186.67.172.234 - - [09/Mar/2017:17:37:06 -0300] "GET /cormun/servlet/solicitudot?8c8717f34f7eb72e6b10f8d0b0a9ed3afd73033b8abf38e7e092154d304655d14f60702ae4d21baf77483312df44e254dae703f430be48a24435cdcad77cd02ee7ebe14e8c342e1a8bcf276b0bd876500a29dd343e8baffb7c1497ba772990d0aacb8acac405713f491e11c624e41786f6f0f6f3bf3bdf6d1937e8163fea537009658c9fbb96d0eb722a62a37709072a01dfecb11f51fc87d727cdb1cf3e1c4e907a346a28af22d9efa4bb491c3a06e23074ad9fbb45d59faf4150b18c779520858a5cef3cd40022f9d0741621447393cad00386618361217313ff10d45d937f6264b6346a848d2da2e7a7a23f4498fc58c1d7594a88ff32c8da591bc4fcb96eac87e39a8ffc7a9148902b9f564961ec81f54abeb18bc294bd2d0740c55293848b912cf3428d3ad3beeae904211eca79abcaf28afa814087af8c2a1bf5276514dc1aa7cdee5777178608c4a27da291646bee4e1a3e40af39164f312e63489bbb7d230a2f2be498d11043d8431b8a4725c478c58a19b46603eca26177b86c67d8,gx-no-cache=1489091895539 HTTP/1.1" 200 30
186.67.172.234 - - [09/Mar/2017:17:37:06 -0300] "POST /cormun/servlet/solicitudot?gx-no-cache=1489091895607 HTTP/1.1" 200 30
186.67.172.234 - - [09/Mar/2017:17:37:06 -0300] "POST /cormun/servlet/solicitudot?gx-no-cache=1489091895703 HTTP/1.1" 200 1287
186.67.172.234 - - [09/Mar/2017:17:37:06 -0300] "POST /cormun/servlet/solicitudot?gx-no-cache=1489091895783 HTTP/1.1" 200 41
186.67.172.234 - - [09/Mar/2017:17:37:13 -0300] "GET /cormun/servlet/trsolicitudot? HTTP/1.1" 200 7961
186.67.172.234 - - [09/Mar/2017:17:37:14 -0300] "GET /cormun/servlet/trsolicitudot? HTTP/1.1" 200 7955
186.67.172.234 - - [09/Mar/2017:17:37:24 -0300] "GET /cormun/servlet/solicitudot?INS,0,0, HTTP/1.1" 200 12541
186.67.172.234 - - [09/Mar/2017:17:37:24 -0300] "GET /cormun/servlet/solicitudot?INS,0,0, HTTP/1.1" 200 12546
186.67.172.234 - - [09/Mar/2017:17:37:32 -0300] "GET /cormun/servlet/trsolicitudot? HTTP/1.1" 200 7956
186.67.172.234 - - [09/Mar/2017:17:37:33 -0300] "GET /cormun/servlet/trsolicitudot? HTTP/1.1" 200 7955
186.67.172.234 - - [09/Mar/2017:17:38:16 -0300] "GET /cormun/static/menuarrow.gif HTTP/1.1" 404 1015
186.103.158.250 - - [09/Mar/2017:17:39:08 -0300] "GET /cormun/servlet/solicitudotadjuntos?INS,2017,5388,,1, HTTP/1.1" 200 5793
186.103.158.250 - - [09/Mar/2017:17:39:09 -0300] "GET /cormun/static/about:blank HTTP/1.1" 404 1011
186.103.158.250 - - [09/Mar/2017:17:39:09 -0300] "GET /cormun/servlet/solicitudotadjuntos?INS,2017,5388,,1, HTTP/1.1" 200 5787
186.103.158.250 - - [09/Mar/2017:17:39:10 -0300] "GET /cormun/servlet/solicitudotadjuntos?0790a563d6b6da4cbd24431c015a7f4268a6da30f55a7f493ef50166c4f3d367a9c7034206f2745917b6e225ec7dce53,gx-no-cache=1489091922480 HTTP/1.1" 200 30
186.103.158.250 - - [09/Mar/2017:17:39:10 -0300] "POST /cormun/servlet/solicitudotadjuntos?5e407e73fbb396ee5ef46df700821e5f,INS,2017,5388,,1,,gx-no-cache=1489091922577 HTTP/1.1" 200 3636
186.103.158.250 - - [09/Mar/2017:17:39:20 -0300] "POST /cormun/servlet/solicitudotadjuntos?gx-no-cache=1489091932375 HTTP/1.1" 200 26
186.103.158.250 - - [09/Mar/2017:17:39:36 -0300] "GET /cormun/servlet/solicitudotadjuntos?0790a563d6b6da4cbd24431c015a7f42ff3a13d33ff34fa45957daf7e175928e,gx-no-cache=1489091949011 HTTP/1.1" 200 30
186.103.158.250 - - [09/Mar/2017:17:39:36 -0300] "GET /cormun/servlet/solicitudotadjuntos?0790a563d6b6da4cbd24431c015a7f42ff3a13d33ff34fa45957daf7e175928e,gx-no-cache=1489091949032 HTTP/1.1" 200 30
186.103.158.250 - - [09/Mar/2017:17:39:37 -0300] "POST /cormun/servlet/solicitudotadjuntos?5e407e73fbb396ee5ef46df700821e5f,INS,2017,5388,,1, HTTP/1.1" 200 116
186.103.158.250 - - [09/Mar/2017:17:39:37 -0300] "GET /cormun/servlet/hpexe_return? HTTP/1.1" 200 1021
186.103.158.250 - - [09/Mar/2017:17:39:38 -0300] "GET /cormun/servlet/trsolicitudadjuntos?2017,5388, HTTP/1.1" 200 8434
186.103.158.250 - - [09/Mar/2017:17:39:40 -0300] "GET /cormun/servlet/trsolicitudadjuntos?2017,5388, HTTP/1.1" 200 8432
186.103.158.250 - - [09/Mar/2017:17:39:49 -0300] "GET /cormun/PublicTempStorage/ci8067301.jpg HTTP/1.1" 200 396253
186.103.158.250 - - [09/Mar/2017:17:40:30 -0300] "GET /cormun/servlet/hlogin HTTP/1.1" 200 1714
186.103.158.250 - - [09/Mar/2017:17:40:53 -0300] "POST /cormun/servlet/hlogin?e86eb549662f979c42e56d28db0f259d,gx-no-cache=1489092025416 HTTP/1.1" 200 90
186.103.158.250 - - [09/Mar/2017:17:40:53 -0300] "GET /cormun/servlet/hpexe_link HTTP/1.1" 200 948
186.103.158.250 - - [09/Mar/2017:17:40:53 -0300] "GET /cormun/servlet/hhome HTTP/1.1" 200 3758
186.103.158.250 - - [09/Mar/2017:17:40:55 -0300] "GET /cormun/servlet/hhome HTTP/1.1" 200 3754
186.103.158.250 - - [09/Mar/2017:17:41:02 -0300] "GET /cormun/servlet/trsolicitudot? HTTP/1.1" 200 8479
186.103.158.250 - - [09/Mar/2017:17:41:03 -0300] "GET /cormun/servlet/trsolicitudot? HTTP/1.1" 200 8476
186.103.158.250 - - [09/Mar/2017:17:41:09 -0300] "POST /cormun/servlet/trsolicitudot?e86eb549662f979c42e56d28db0f259d,,gx-no-cache=1489092041864 HTTP/1.1" 200 107
186.103.158.250 - - [09/Mar/2017:17:41:10 -0300] "GET /cormun/servlet/trsolicitudadjuntos?2017,5388, HTTP/1.1" 200 8431
186.103.158.250 - - [09/Mar/2017:17:41:11 -0300] "GET /cormun/servlet/trsolicitudadjuntos?2017,5388, HTTP/1.1" 200 8433
186.103.158.250 - - [09/Mar/2017:17:41:24 -0300] "GET /cormun/PublicTempStorage/ci3819937.jpg HTTP/1.1" 200 396253
186.67.172.234 - - [09/Mar/2017:17:41:56 -0300] "GET /cormun/servlet/solicitudot?INS,0,0, HTTP/1.1" 200 12541
186.67.172.234 - - [09/Mar/2017:17:41:57 -0300] "GET /cormun/servlet/solicitudot?INS,0,0, HTTP/1.1" 200 12546
186.103.158.250 - - [09/Mar/2017:17:42:18 -0300] "GET /cormun/servlet/hlogin HTTP/1.1" 200 1714
186.103.158.250 - - [09/Mar/2017:17:42:41 -0300] "POST /cormun/servlet/hlogin?421fd48a3f9f04c690b2f629598fbbc3,gx-no-cache=1489092133322 HTTP/1.1" 200 90
186.103.158.250 - - [09/Mar/2017:17:42:41 -0300] "GET /cormun/servlet/hpexe_link HTTP/1.1" 200 949
186.103.158.250 - - [09/Mar/2017:17:42:41 -0300] "GET /cormun/servlet/hhome HTTP/1.1" 200 3758
186.103.158.250 - - [09/Mar/2017:17:42:43 -0300] "GET /cormun/servlet/hhome HTTP/1.1" 200 3754
186.103.158.250 - - [09/Mar/2017:17:42:51 -0300] "GET /cormun/servlet/trsolicitudot? HTTP/1.1" 200 8478
186.103.158.250 - - [09/Mar/2017:17:42:52 -0300] "GET /cormun/servlet/trsolicitudot? HTTP/1.1" 200 8475
186.103.158.250 - - [09/Mar/2017:17:43:54 -0300] "POST /cormun/servlet/trsolicitudot?421fd48a3f9f04c690b2f629598fbbc3,,gx-no-cache=1489092205548 HTTP/1.1" 200 107
186.103.158.250 - - [09/Mar/2017:17:43:54 -0300] "GET /cormun/servlet/trsolicitudadjuntos?2017,5388, HTTP/1.1" 200 8429
186.103.158.250 - - [09/Mar/2017:17:43:57 -0300] "GET /cormun/servlet/trsolicitudadjuntos?2017,5388, HTTP/1.1" 200 8431
186.103.158.250 - - [09/Mar/2017:17:44:03 -0300] "GET /cormun/PublicTempStorage/certf_titulo5341587.jpg HTTP/1.1" 200 551134
186.103.158.250 - - [09/Mar/2017:17:44:08 -0300] "GET /cormun/servlet/trsolicitudadjuntos?2017,5388, HTTP/1.1" 200 8429
186.103.158.250 - - [09/Mar/2017:17:44:10 -0300] "GET /cormun/servlet/trsolicitudadjuntos?2017,5388, HTTP/1.1" 200 8429
186.103.158.250 - - [09/Mar/2017:17:44:14 -0300] "GET /cormun/PublicTempStorage/afp4877822.jpg HTTP/1.1" 200 482647
186.103.158.250 - - [09/Mar/2017:17:44:20 -0300] "GET /cormun/servlet/trsolicitudadjuntos?2017,5388, HTTP/1.1" 200 8429
186.103.158.250 - - [09/Mar/2017:17:44:22 -0300] "GET /cormun/servlet/trsolicitudadjuntos?2017,5388, HTTP/1.1" 200 8428
186.103.158.250 - - [09/Mar/2017:17:44:27 -0300] "GET /cormun/PublicTempStorage/fonasa5085540.jpg HTTP/1.1" 200 424219
186.103.158.250 - - [09/Mar/2017:17:44:32 -0300] "GET /cormun/servlet/trsolicitudadjuntos?2017,5388, HTTP/1.1" 200 8429
186.103.158.250 - - [09/Mar/2017:17:44:34 -0300] "GET /cormun/servlet/trsolicitudadjuntos?2017,5388, HTTP/1.1" 200 8430
186.103.158.250 - - [09/Mar/2017:17:44:42 -0300] "GET /cormun/servlet/solicitudotadjuntos?INS,2017,5388,,1, HTTP/1.1" 200 5796
186.103.158.250 - - [09/Mar/2017:17:44:44 -0300] "GET /cormun/static/about:blank HTTP/1.1" 404 1011
186.103.158.250 - - [09/Mar/2017:17:44:44 -0300] "GET /cormun/servlet/solicitudotadjuntos?INS,2017,5388,,1, HTTP/1.1" 200 5790
186.103.158.250 - - [09/Mar/2017:17:44:45 -0300] "GET /cormun/servlet/solicitudotadjuntos?3abfda2b66e84f537a67a227a7575e156b512c35d076b33736e72b3244a9192702025452c82b07acab3f91b75e35b504,gx-no-cache=1489092257184 HTTP/1.1" 200 30
186.103.158.250 - - [09/Mar/2017:17:44:45 -0300] "POST /cormun/servlet/solicitudotadjuntos?421fd48a3f9f04c690b2f629598fbbc3,INS,2017,5388,,1,,gx-no-cache=1489092257296 HTTP/1.1" 200 3637
186.103.158.250 - - [09/Mar/2017:17:44:54 -0300] "POST /cormun/servlet/solicitudotadjuntos?gx-no-cache=1489092266927 HTTP/1.1" 200 26
186.103.158.250 - - [09/Mar/2017:17:45:06 -0300] "GET /cormun/servlet/solicitudotadjuntos?3abfda2b66e84f537a67a227a7575e1523b14fea8f6f5376c3beac0310695e03,gx-no-cache=1489092278377 HTTP/1.1" 200 30
186.103.158.250 - - [09/Mar/2017:17:45:06 -0300] "GET /cormun/servlet/solicitudotadjuntos?3abfda2b66e84f537a67a227a7575e1523b14fea8f6f5376c3beac0310695e03,gx-no-cache=1489092278442 HTTP/1.1" 200 30
186.103.158.250 - - [09/Mar/2017:17:45:10 -0300] "POST /cormun/servlet/solicitudotadjuntos?421fd48a3f9f04c690b2f629598fbbc3,INS,2017,5388,,1, HTTP/1.1" 200 116
186.103.158.250 - - [09/Mar/2017:17:45:10 -0300] "GET /cormun/servlet/hpexe_return? HTTP/1.1" 200 1020
186.103.158.250 - - [09/Mar/2017:17:45:11 -0300] "GET /cormun/servlet/trsolicitudadjuntos?2017,5388, HTTP/1.1" 200 8578
186.103.158.250 - - [09/Mar/2017:17:45:13 -0300] "GET /cormun/servlet/trsolicitudadjuntos?2017,5388, HTTP/1.1" 200 8576
186.103.158.250 - - [09/Mar/2017:17:45:25 -0300] "GET /cormun/servlet/solicitudotadjuntos?INS,2017,5388,,1, HTTP/1.1" 200 5796
186.103.158.250 - - [09/Mar/2017:17:45:27 -0300] "GET /cormun/static/about:blank HTTP/1.1" 404 1011
186.103.158.250 - - [09/Mar/2017:17:45:27 -0300] "GET /cormun/servlet/solicitudotadjuntos?INS,2017,5388,,1, HTTP/1.1" 200 5790
186.103.158.250 - - [09/Mar/2017:17:45:28 -0300] "GET /cormun/servlet/solicitudotadjuntos?3abfda2b66e84f537a67a227a7575e156b512c35d076b33736e72b3244a9192702025452c82b07acab3f91b75e35b504,gx-no-cache=1489092300217 HTTP/1.1" 200 30
186.103.158.250 - - [09/Mar/2017:17:45:28 -0300] "POST /cormun/servlet/solicitudotadjuntos?421fd48a3f9f04c690b2f629598fbbc3,INS,2017,5388,,1,,gx-no-cache=1489092300293 HTTP/1.1" 200 3636
186.103.158.250 - - [09/Mar/2017:17:45:34 -0300] "POST /cormun/servlet/solicitudotadjuntos?gx-no-cache=1489092306607 HTTP/1.1" 200 26
186.103.158.250 - - [09/Mar/2017:17:45:42 -0300] "GET /cormun/servlet/solicitudotadjuntos?3abfda2b66e84f537a67a227a7575e1523b14fea8f6f5376c3beac0310695e03,gx-no-cache=1489092314673 HTTP/1.1" 200 30
186.103.158.250 - - [09/Mar/2017:17:45:42 -0300] "GET /cormun/servlet/solicitudotadjuntos?3abfda2b66e84f537a67a227a7575e1523b14fea8f6f5376c3beac0310695e03,gx-no-cache=1489092314739 HTTP/1.1" 200 30
186.103.158.250 - - [09/Mar/2017:17:45:43 -0300] "POST /cormun/servlet/solicitudotadjuntos?421fd48a3f9f04c690b2f629598fbbc3,INS,2017,5388,,1, HTTP/1.1" 200 116
186.103.158.250 - - [09/Mar/2017:17:45:44 -0300] "GET /cormun/servlet/hpexe_return? HTTP/1.1" 200 1020
186.103.158.250 - - [09/Mar/2017:17:45:44 -0300] "GET /cormun/servlet/trsolicitudadjuntos?2017,5388, HTTP/1.1" 200 8819
186.103.158.250 - - [09/Mar/2017:17:45:46 -0300] "GET /cormun/servlet/trsolicitudadjuntos?2017,5388, HTTP/1.1" 200 8816
186.103.158.250 - - [09/Mar/2017:17:46:02 -0300] "GET /cormun/servlet/solicitudotadjuntos?INS,2017,5388,,1, HTTP/1.1" 200 5796
186.103.158.250 - - [09/Mar/2017:17:46:04 -0300] "GET /cormun/servlet/solicitudotadjuntos?INS,2017,5388,,1, HTTP/1.1" 200 5790
186.103.158.250 - - [09/Mar/2017:17:46:04 -0300] "GET /cormun/servlet/solicitudotadjuntos?3abfda2b66e84f537a67a227a7575e156b512c35d076b33736e72b3244a9192702025452c82b07acab3f91b75e35b504,gx-no-cache=1489092336797 HTTP/1.1" 200 30
186.103.158.250 - - [09/Mar/2017:17:46:04 -0300] "POST /cormun/servlet/solicitudotadjuntos?421fd48a3f9f04c690b2f629598fbbc3,INS,2017,5388,,1,,gx-no-cache=1489092336875 HTTP/1.1" 200 3636
186.103.158.250 - - [09/Mar/2017:17:46:11 -0300] "POST /cormun/servlet/solicitudotadjuntos?421fd48a3f9f04c690b2f629598fbbc3,INS,2017,5388,,1,,gx-no-cache=1489092343765 HTTP/1.1" 200 93
186.103.158.250 - - [09/Mar/2017:17:46:11 -0300] "GET /cormun/servlet/hpexe_return? HTTP/1.1" 200 1020
186.103.158.250 - - [09/Mar/2017:17:46:12 -0300] "GET /cormun/servlet/trsolicitudadjuntos?2017,5388, HTTP/1.1" 200 8817
186.103.158.250 - - [09/Mar/2017:17:46:14 -0300] "GET /cormun/servlet/trsolicitudadjuntos?2017,5388, HTTP/1.1" 200 8816
186.103.158.250 - - [09/Mar/2017:17:46:23 -0300] "GET /cormun/servlet/trsolicitudot? HTTP/1.1" 200 8481
186.103.158.250 - - [09/Mar/2017:17:46:25 -0300] "GET /cormun/servlet/trsolicitudot? HTTP/1.1" 200 8475
192.168.10.89 - - [09/Mar/2017:17:46:31 -0300] "GET /cormunbeta/servlet/hlogin HTTP/1.1" 200 1719
192.168.10.89 - - [09/Mar/2017:17:46:35 -0300] "GET /cormun/servlet/hlogin HTTP/1.1" 200 1721
186.103.158.250 - - [09/Mar/2017:17:46:37 -0300] "POST /cormun/servlet/trsolicitudot?421fd48a3f9f04c690b2f629598fbbc3,,gx-no-cache=1489092369438 HTTP/1.1" 200 5285
186.103.158.250 - - [09/Mar/2017:17:46:37 -0300] "GET /cormun/static/Shared/jqueryui/images/ui-bg_highlight-soft_100_c6c2c8_1x100.png HTTP/1.1" 404 1117
186.103.158.250 - - [09/Mar/2017:17:46:37 -0300] "GET /cormun/static/Shared/jqueryui/images/ui-icons_82798d_256x240.png HTTP/1.1" 404 1089
186.103.158.250 - - [09/Mar/2017:17:46:37 -0300] "GET /cormun/static/Shared/jqueryui/images/ui-bg_flat_55_fafafa_40x100.png HTTP/1.1" 404 1097
186.103.158.250 - - [09/Mar/2017:17:46:37 -0300] "GET /cormun/static/Shared/jqueryui/images/ui-icons_8d78a5_256x240.png HTTP/1.1" 404 1089
186.103.158.250 - - [09/Mar/2017:17:46:38 -0300] "POST /cormun/servlet/trsolicitudot?421fd48a3f9f04c690b2f629598fbbc3,,gx-no-cache=1489092369945 HTTP/1.1" 200 5229
192.168.10.89 - - [09/Mar/2017:17:46:52 -0300] "POST /cormun/servlet/hlogin?bce8136a22d530dc256a6c84953ab48a,gx-no-cache=1489095696233 HTTP/1.1" 200 90
192.168.10.89 - - [09/Mar/2017:17:46:52 -0300] "GET /cormun/servlet/hpexe_link HTTP/1.1" 200 956
192.168.10.89 - - [09/Mar/2017:17:46:52 -0300] "GET /cormun/servlet/hhome HTTP/1.1" 200 3745
192.168.10.89 - - [09/Mar/2017:17:46:56 -0300] "GET /cormun/servlet/trsolicitudot? HTTP/1.1" 200 7960
186.103.158.250 - - [09/Mar/2017:17:46:59 -0300] "GET /cormun/servlet/hlogin HTTP/1.1" 200 1714
192.168.10.89 - - [09/Mar/2017:17:47:02 -0300] "GET /cormun/static/menuarrow.gif HTTP/1.1" 404 1015
192.168.10.89 - - [09/Mar/2017:17:47:05 -0300] "POST /cormun/servlet/trsolicitudot?bce8136a22d530dc256a6c84953ab48a,,gx-no-cache=1489095709342 HTTP/1.1" 200 5224
192.168.10.89 - - [09/Mar/2017:17:47:08 -0300] "GET /cormun/servlet/solicitudot?INS,0,0, HTTP/1.1" 200 12543
192.168.10.89 - - [09/Mar/2017:17:47:17 -0300] "GET /cormun/servlet/prfichaempleado?,MD,,gxPopupLevel%3D0%3B HTTP/1.1" 200 8779
192.168.10.89 - - [09/Mar/2017:17:47:25 -0300] "POST /cormun/servlet/prfichaempleado?bce8136a22d530dc256a6c84953ab48a,,MD,,gxPopupLevel%3D0%3B,gx-no-cache=1489095728930 HTTP/1.1" 200 3184
192.168.10.89 - - [09/Mar/2017:17:47:30 -0300] "POST /cormun/servlet/prfichaempleado?bce8136a22d530dc256a6c84953ab48a,,MD,,gxPopupLevel%3D0%3B,gx-no-cache=1489095734103 HTTP/1.1" 200 3400
192.168.10.89 - - [09/Mar/2017:17:47:32 -0300] "POST /cormun/servlet/solicitudot?gx-no-cache=1489095736312 HTTP/1.1" 200 3192
192.168.10.89 - - [09/Mar/2017:17:47:33 -0300] "POST /cormun/servlet/solicitudot?bce8136a22d530dc256a6c84953ab48a,INS,0,0,,gx-no-cache=1489095736597 HTTP/1.1" 200 9792
192.168.10.89 - - [09/Mar/2017:17:47:35 -0300] "GET /cormun/servlet/solicitudot?c7a49ef6a88153e17321f05ab7fbc4592c4c7916fa2f84d5ad28554cd78d6004d15fe4af897e6c7675d6a6234fbe699e,gx-no-cache=1489095738779 HTTP/1.1" 200 30
192.168.10.89 - - [09/Mar/2017:17:47:35 -0300] "POST /cormun/servlet/solicitudot?gx-no-cache=1489095738822 HTTP/1.1" 200 297
192.168.10.89 - - [09/Mar/2017:17:47:35 -0300] "GET /cormun/servlet/solicitudot?c7a49ef6a88153e17321f05ab7fbc459d11621177e4362ba9c20090fed34565dbb45e2beabdbd00671f711ce731a16d76cf9a450daac7c39190f14507a6df273d4eea8c2f5520cff13f4c3912e7e85dbc4784eb642a85b3d9a16e8bf029db6045fd5061782984d3966073e32982b7fb603f6b6b98ff183afabde8b1e334e936ae2e6fe1f327ac44e55adc26c351d42a2481a29d81f93da4897cebcc15ae10f0cee7af5547dee818b6ae581fbccd4f270b5b88d85f76276df01d16085db84298bcd90769c2bae5f491a8d85464e6d10e4f0c1a1ab20e3390dfd0f845a8361b4f51e99ca38ea5d409c36e68b800352761d9acf965a77ea9846dcc7064476e6e3719b4fd7745b12d1b399cd767d8cd533fd63fed533e9e7dc8042dd3f916f23a455427e6ef9109772374e394b66b31bf988151fe19313d95c65ce157979dc701936353dfec1babbe37abfd3b0cb28006feee978e4fff0d9cfbfcf31a4b388592ed54e56c0210c44650f3f0cb99feb306f4e5f5bb4746f9cebb9e1fcbf081aae676612ecaf108725b05cc3709fe587fb9fa8,gx-no-cache=1489095738851 HTTP/1.1" 200 30
186.103.158.250 - - [09/Mar/2017:17:47:35 -0300] "POST /cormun/servlet/hlogin?421fd48a3f9f04c690b2f629598fbbc3,gx-no-cache=1489092427609 HTTP/1.1" 200 90
186.103.158.250 - - [09/Mar/2017:17:47:35 -0300] "GET /cormun/servlet/hpexe_link HTTP/1.1" 200 949
192.168.10.89 - - [09/Mar/2017:17:47:36 -0300] "POST /cormun/servlet/solicitudot?gx-no-cache=1489095740089 HTTP/1.1" 200 30
186.103.158.250 - - [09/Mar/2017:17:47:36 -0300] "GET /cormun/servlet/hhome HTTP/1.1" 200 3928
192.168.10.89 - - [09/Mar/2017:17:47:37 -0300] "POST /cormun/servlet/solicitudot?gx-no-cache=1489095741168 HTTP/1.1" 200 235
192.168.10.89 - - [09/Mar/2017:17:47:37 -0300] "POST /cormun/servlet/solicitudot?gx-no-cache=1489095741218 HTTP/1.1" 200 38
186.103.158.250 - - [09/Mar/2017:17:47:38 -0300] "GET /cormun/servlet/hhome HTTP/1.1" 200 3924
186.103.158.250 - - [09/Mar/2017:17:47:59 -0300] "GET /cormun/servlet/trautorizarsolicitud? HTTP/1.1" 200 8085
186.103.158.250 - - [09/Mar/2017:17:47:59 -0300] "GET /cormun/static/gxcfg.js?2017259112829 HTTP/1.1" 304 -
186.103.158.250 - - [09/Mar/2017:17:48:00 -0300] "GET /cormun/static/trautorizarsolicitud.js?2017259113483 HTTP/1.1" 304 -
186.103.158.250 - - [09/Mar/2017:17:48:02 -0300] "GET /cormun/servlet/trautorizarsolicitud? HTTP/1.1" 200 8083
186.103.158.250 - - [09/Mar/2017:17:48:09 -0300] "POST /cormun/servlet/trautorizarsolicitud?421fd48a3f9f04c690b2f629598fbbc3,,gx-no-cache=1489092461779 HTTP/1.1" 200 4308
186.103.158.250 - - [09/Mar/2017:17:48:10 -0300] "GET /cormun/static/Shared/jqueryui/images/ui-bg_highlight-soft_100_c6c2c8_1x100.png HTTP/1.1" 404 1117
186.103.158.250 - - [09/Mar/2017:17:48:10 -0300] "GET /cormun/static/Shared/jqueryui/images/ui-icons_82798d_256x240.png HTTP/1.1" 404 1089
186.103.158.250 - - [09/Mar/2017:17:48:10 -0300] "GET /cormun/static/Shared/jqueryui/images/ui-icons_8d78a5_256x240.png HTTP/1.1" 404 1089
186.103.158.250 - - [09/Mar/2017:17:48:10 -0300] "GET /cormun/static/Shared/jqueryui/images/ui-bg_flat_55_fafafa_40x100.png HTTP/1.1" 404 1097
186.103.158.250 - - [09/Mar/2017:17:48:10 -0300] "POST /cormun/servlet/trautorizarsolicitud?421fd48a3f9f04c690b2f629598fbbc3,,gx-no-cache=1489092462369 HTTP/1.1" 200 4088
192.168.10.89 - - [09/Mar/2017:17:48:23 -0300] "GET /cormun/servlet/solicitudot?c7a49ef6a88153e17321f05ab7fbc459ddabb677682f6b764a184b595e294ffa168fbd5acb49a5e1cd6a47db4afec15c67a389338f433707c9b338b86070c981961a998ed40019205904bdd9b5e2a39ad45e4b87904e3aa6a7ea3976d6120460e56590eb6fc9c64f2c424dcdfbbcdc48,gx-no-cache=1489095786876 HTTP/1.1" 200 29
192.168.10.89 - - [09/Mar/2017:17:48:23 -0300] "POST /cormun/servlet/solicitudot?gx-no-cache=1489095786910 HTTP/1.1" 200 643
192.168.10.89 - - [09/Mar/2017:17:48:27 -0300] "POST /cormun/servlet/solicitudot?gx-no-cache=1489095791454 HTTP/1.1" 200 1157
192.168.10.89 - - [09/Mar/2017:17:49:01 -0300] "GET /cormun/servlet/solicitudot?c7a49ef6a88153e17321f05ab7fbc459f87b774a6a11bfc4f334b3f8befe5708595c27df5d0adc664aa12c68a0b8a886c0be23d2f09078eee5eec5371810d0c541587e6ebf3db6d33f189790cadc65d81128d734a02b5e5c8a9caf86cd2c23f808a2f949fb3e78363b4f150cc7cf7a1607d5c7d66be75d663fd384c8ce0e0f12ff9e1420cd2e57b981861731782dee3ad8d8c85cd8ff3971f9d548c0ef35ff2f68e17f6c3776a78954ed162d1ee9efc4,gx-no-cache=1489095824778 HTTP/1.1" 200 30
192.168.10.89 - - [09/Mar/2017:17:49:06 -0300] "POST /cormun/servlet/solicitudot?bce8136a22d530dc256a6c84953ab48a,INS,0,0,,gx-no-cache=1489095829645 HTTP/1.1" 200 93
192.168.10.89 - - [09/Mar/2017:17:49:06 -0300] "GET /cormun/servlet/hpexe_return? HTTP/1.1" 200 1011
192.168.10.89 - - [09/Mar/2017:17:49:06 -0300] "GET /cormun/servlet/trsolicitudot? HTTP/1.1" 200 8425
192.168.10.89 - - [09/Mar/2017:17:49:15 -0300] "GET /cormun/servlet/hlogin HTTP/1.1" 200 1741
186.67.172.234 - - [09/Mar/2017:17:49:36 -0300] "GET /cormun/servlet/trsolicitudot? HTTP/1.1" 200 8417
186.67.172.234 - - [09/Mar/2017:17:49:36 -0300] "GET /cormun/servlet/trsolicitudot? HTTP/1.1" 200 8416
186.79.206.45 - - [09/Mar/2017:17:50:38 -0300] "GET /cormun/servlet/hlogin HTTP/1.1" 200 1720
186.79.206.45 - - [09/Mar/2017:17:50:38 -0300] "GET /cormun/servlet/hlogin HTTP/1.1" 200 1730
186.79.206.45 - - [09/Mar/2017:17:50:44 -0300] "POST /cormun/servlet/hlogin?743130a7b8fa3f3d48117370a324a33d,gx-no-cache=1489092714600 HTTP/1.1" 200 90
186.79.206.45 - - [09/Mar/2017:17:50:45 -0300] "GET /cormun/servlet/hpexe_link HTTP/1.1" 200 952
186.79.206.45 - - [09/Mar/2017:17:50:46 -0300] "GET /cormun/servlet/hhome HTTP/1.1" 200 3808
186.79.206.45 - - [09/Mar/2017:17:50:49 -0300] "GET /cormun/servlet/hhome HTTP/1.1" 200 3805
186.79.206.45 - - [09/Mar/2017:17:50:58 -0300] "GET /cormun/servlet/trsolicitudot? HTTP/1.1" 200 6765
186.79.206.45 - - [09/Mar/2017:17:50:59 -0300] "GET /cormun/servlet/trsolicitudot? HTTP/1.1" 200 6764
186.79.206.45 - - [09/Mar/2017:17:51:02 -0300] "GET /cormun/servlet/solicitudot?INS,0,0, HTTP/1.1" 200 12610
186.79.206.45 - - [09/Mar/2017:17:51:03 -0300] "GET /cormun/servlet/solicitudot?INS,0,0, HTTP/1.1" 200 12615
186.67.172.234 - - [09/Mar/2017:17:51:06 -0300] "POST /cormun/servlet/trsolicitudot?7874fe303d4ffa5b7a9d4dac80ad3807,,gx-no-cache=1489092736003 HTTP/1.1" 200 106
186.67.172.234 - - [09/Mar/2017:17:51:06 -0300] "GET /cormun/servlet/trsolicitudadjuntos?2017,5372, HTTP/1.1" 200 7901
186.67.172.234 - - [09/Mar/2017:17:51:06 -0300] "GET /cormun/static/gxcfg.js?201612218531388 HTTP/1.1" 200 953
186.67.172.234 - - [09/Mar/2017:17:51:07 -0300] "GET /cormun/servlet/trsolicitudadjuntos?2017,5372, HTTP/1.1" 200 7901
186.79.206.45 - - [09/Mar/2017:17:51:11 -0300] "POST /cormun/servlet/solicitudot?gx-no-cache=1489092740693 HTTP/1.1" 200 3196
186.79.206.45 - - [09/Mar/2017:17:51:11 -0300] "POST /cormun/servlet/solicitudot?743130a7b8fa3f3d48117370a324a33d,INS,0,0,,gx-no-cache=1489092741172 HTTP/1.1" 200 9786
186.79.206.45 - - [09/Mar/2017:17:51:18 -0300] "GET /cormun/servlet/solicitudot?4d927168fc2f387b2741a2a050a340f172ac92ccd0a7d21743e15fcb432401473020c93b246ba32b9fd4a5b089b4bb64,gx-no-cache=1489092748034 HTTP/1.1" 200 30
186.79.206.45 - - [09/Mar/2017:17:51:18 -0300] "POST /cormun/servlet/solicitudot?gx-no-cache=1489092748123 HTTP/1.1" 200 297
186.79.206.45 - - [09/Mar/2017:17:51:18 -0300] "GET /cormun/servlet/solicitudot?4d927168fc2f387b2741a2a050a340f1d021b224b639081cf898e2d5624768143d1ed511fb1b67f033334d1a9547325b5603cb955fd24bf3c322c26c394ed6da3bef729764a8316b92e328cdb459ff163bd3a97e134c40df9ff661cb62523ce4db40c3e9d5ec16dc0c40c3f02f23ff42f25bfc58ab1cb0e0c370a2e8bb3ea0211590cac9b668ff8e5149894e3036cb40da47802b3035612bd75db97fa388455f3c83798541014affac34385c7f35a603c962481bf96ca376e357df5e8887bfce979ac42a295feea8bb673951efc0d2b8bbbac3f70d213c55336ae1b10a00cbd9474c179a4dbebfd38f96c37eb34d62456cc2b386e762d96b51e09e5ad8e7d2a62b218bf371ec1935a2e3ecbc165ed6aeb18412ad8d0fd16c7723dd6bea509c7c9dee7e86df11b595d2540e91d38f238bcc24dd3c0f277c466b10c502e061aa7192585c84f8e11eae84461bd8dbea44f703227967187f195ec7c641de95753ae5f8e7652529ca670883fb6186df794f6c32cb860e5dcfc21394f3155b1c0fedf6f5c802a2e9e27174deaac7472285542b,gx-no-cache=1489092748215 HTTP/1.1" 200 30
186.79.206.45 - - [09/Mar/2017:17:51:21 -0300] "POST /cormun/servlet/solicitudot?gx-no-cache=1489092751671 HTTP/1.1" 200 30
186.67.172.234 - - [09/Mar/2017:17:51:23 -0300] "GET /cormun/PublicTempStorage/img0768923299.pdf HTTP/1.1" 200 505347
186.79.206.45 - - [09/Mar/2017:17:51:24 -0300] "POST /cormun/servlet/solicitudot?gx-no-cache=1489092754097 HTTP/1.1" 200 235
186.79.206.45 - - [09/Mar/2017:17:51:24 -0300] "POST /cormun/servlet/solicitudot?gx-no-cache=1489092754584 HTTP/1.1" 200 38
186.67.172.234 - - [09/Mar/2017:17:51:27 -0300] "GET /cormun/servlet/trsolicitudadjuntos?2017,5372, HTTP/1.1" 200 7901
186.67.172.234 - - [09/Mar/2017:17:51:27 -0300] "GET /cormun/servlet/trsolicitudadjuntos?2017,5372, HTTP/1.1" 200 7900
186.79.206.45 - - [09/Mar/2017:17:51:34 -0300] "GET /cormun/servlet/solicitudot?4d927168fc2f387b2741a2a050a340f1f3f6afddc3a65af1389d566b7efdd2e9ce8511b61d00c56369b57934ea6868a364faef28455e3643d7ba3e153ad09ddb400a3bd329f3a067240d6ce6bb24e756cde43f0b1231bdd45905d9b4ecddce7030ec3ea82556d74de16ea07fa7a82670,gx-no-cache=1489092764159 HTTP/1.1" 200 29
186.79.206.45 - - [09/Mar/2017:17:51:34 -0300] "POST /cormun/servlet/solicitudot?gx-no-cache=1489092764223 HTTP/1.1" 200 643
186.67.172.234 - - [09/Mar/2017:17:51:35 -0300] "POST /cormun/servlet/trsolicitudadjuntos?7874fe303d4ffa5b7a9d4dac80ad3807,2017,5372,,gx-no-cache=1489092764256 HTTP/1.1" 200 90
186.67.172.234 - - [09/Mar/2017:17:51:35 -0300] "GET /cormun/servlet/hpexe_link HTTP/1.1" 200 971
186.79.206.45 - - [09/Mar/2017:17:51:35 -0300] "POST /cormun/servlet/solicitudot?gx-no-cache=1489092765015 HTTP/1.1" 200 1157
186.67.172.234 - - [09/Mar/2017:17:51:35 -0300] "GET /cormun/servlet/trsolicitudot HTTP/1.1" 200 8417
186.67.172.234 - - [09/Mar/2017:17:51:35 -0300] "GET /cormun/servlet/trsolicitudot HTTP/1.1" 200 8416
186.67.172.234 - - [09/Mar/2017:17:51:40 -0300] "POST /cormun/servlet/trsolicitudot?7874fe303d4ffa5b7a9d4dac80ad3807,gx-no-cache=1489092768864 HTTP/1.1" 200 107
186.67.172.234 - - [09/Mar/2017:17:51:40 -0300] "GET /cormun/servlet/trsolicitudadjuntos?2017,5390, HTTP/1.1" 200 5839
186.67.172.234 - - [09/Mar/2017:17:51:40 -0300] "GET /cormun/servlet/trsolicitudadjuntos?2017,5390, HTTP/1.1" 200 5838
186.79.206.45 - - [09/Mar/2017:17:51:43 -0300] "GET /cormun/static/menuarrow.gif HTTP/1.1" 404 1015
186.79.206.45 - - [09/Mar/2017:17:51:49 -0300] "GET /cormun/servlet/solicitudot?4d927168fc2f387b2741a2a050a340f1a497b5b3864faaa490bc9b111b963f1bf2e9d891ab4ca5eaaced1e3f0d043e09e8e1cba2f5b469aa13cf3d5c0cd887ba9333fdfca3664801ea597e8b83cde103151e375547937121a86f1688f4dc7b65c2a6cd19b89cc99bd4a01cd54cc63e52658f4046ff925bca8152df55ec29d65f30e1ae03c9ac4fa05a32ad68e261bb06deb5c9557749f20a69a29fb12c8f6b758c36548dd0892a1d81180306bf824dc8,gx-no-cache=1489092779917 HTTP/1.1" 200 30
186.67.172.234 - - [09/Mar/2017:17:51:52 -0300] "GET /cormun/servlet/solicitudotadjuntos?INS,2017,5390,,1, HTTP/1.1" 200 5774
186.67.172.234 - - [09/Mar/2017:17:51:52 -0300] "GET /cormun/static/gxcfg.js?201612218465951 HTTP/1.1" 200 953
186.67.172.234 - - [09/Mar/2017:17:51:52 -0300] "GET /cormun/static/about:blank HTTP/1.1" 404 1011
186.67.172.234 - - [09/Mar/2017:17:51:52 -0300] "GET /cormun/servlet/solicitudotadjuntos?INS,2017,5390,,1, HTTP/1.1" 200 5768
186.67.172.234 - - [09/Mar/2017:17:51:53 -0300] "GET /cormun/servlet/solicitudotadjuntos?8c8717f34f7eb72e6b10f8d0b0a9ed3a6a682f0261943f631462824fd870012c43842cf121aaa72d6003535aa53f7979,gx-no-cache=1489092782629 HTTP/1.1" 200 30
186.67.172.234 - - [09/Mar/2017:17:51:53 -0300] "POST /cormun/servlet/solicitudotadjuntos?7874fe303d4ffa5b7a9d4dac80ad3807,INS,2017,5390,,1,,gx-no-cache=1489092782660 HTTP/1.1" 200 3647
186.67.172.234 - - [09/Mar/2017:17:51:58 -0300] "POST /cormun/servlet/solicitudotadjuntos?gx-no-cache=1489092787497 HTTP/1.1" 200 26
186.79.206.45 - - [09/Mar/2017:17:52:04 -0300] "POST /cormun/servlet/solicitudot?743130a7b8fa3f3d48117370a324a33d,INS,0,0,,gx-no-cache=1489092794268 HTTP/1.1" 200 93
186.79.206.45 - - [09/Mar/2017:17:52:04 -0300] "GET /cormun/servlet/hpexe_return? HTTP/1.1" 200 1005
186.79.206.45 - - [09/Mar/2017:17:52:05 -0300] "GET /cormun/servlet/trsolicitudot HTTP/1.1" 200 8020
186.79.206.45 - - [09/Mar/2017:17:52:05 -0300] "GET /cormun/servlet/trsolicitudot HTTP/1.1" 200 8017
186.79.206.45 - - [09/Mar/2017:17:52:08 -0300] "GET /cormun/servlet/solicitudot?INS,0,0, HTTP/1.1" 200 12610
186.79.206.45 - - [09/Mar/2017:17:52:10 -0300] "GET /cormun/servlet/solicitudot?INS,0,0, HTTP/1.1" 200 12615
186.79.206.45 - - [09/Mar/2017:17:52:15 -0300] "POST /cormun/servlet/solicitudot?gx-no-cache=1489092805457 HTTP/1.1" 200 3207
186.79.206.45 - - [09/Mar/2017:17:52:16 -0300] "POST /cormun/servlet/solicitudot?743130a7b8fa3f3d48117370a324a33d,INS,0,0,,gx-no-cache=1489092806024 HTTP/1.1" 200 9809
186.79.206.45 - - [09/Mar/2017:17:52:30 -0300] "GET /cormun/servlet/solicitudot?4d927168fc2f387b2741a2a050a340f1ed03fb2d2b62b60b943896b1052852543020c93b246ba32b9fd4a5b089b4bb64,gx-no-cache=1489092819942 HTTP/1.1" 200 30
186.67.172.234 - - [09/Mar/2017:17:52:33 -0300] "POST /cormun/servlet/solicitudotadjuntos?gx-no-cache=1489092822458 HTTP/1.1" 200 26
186.79.194.182 - - [09/Mar/2017:17:52:44 -0300] "GET /cormun/servlet/hlogin HTTP/1.1" 200 1723
186.67.172.234 - - [09/Mar/2017:17:52:49 -0300] "POST /cormun/servlet/solicitudotadjuntos?gx-no-cache=1489092838362 HTTP/1.1" 200 26
186.79.206.45 - - [09/Mar/2017:17:52:50 -0300] "POST /cormun/servlet/solicitudot?743130a7b8fa3f3d48117370a324a33d,INS,0,0,,gx-no-cache=1489092839473 HTTP/1.1" 200 10197
186.79.206.45 - - [09/Mar/2017:17:52:50 -0300] "GET /cormun/static/Shared/jqueryui/images/ui-bg_highlight-soft_100_c6c2c8_1x100.png HTTP/1.1" 404 1117
186.79.206.45 - - [09/Mar/2017:17:52:50 -0300] "GET /cormun/static/Shared/jqueryui/images/ui-icons_82798d_256x240.png HTTP/1.1" 404 1089
186.79.206.45 - - [09/Mar/2017:17:52:50 -0300] "GET /cormun/static/Shared/jqueryui/images/ui-bg_flat_55_994d53_40x100.png HTTP/1.1" 404 1097
186.79.206.45 - - [09/Mar/2017:17:52:50 -0300] "GET /cormun/static/Shared/jqueryui/images/ui-icons_ebccce_256x240.png HTTP/1.1" 404 1089
186.67.172.234 - - [09/Mar/2017:17:53:05 -0300] "POST /cormun/servlet/solicitudotadjuntos?gx-no-cache=1489092854994 HTTP/1.1" 200 26
186.79.194.182 - - [09/Mar/2017:17:53:07 -0300] "POST /cormun/servlet/hlogin?b3e1060f4c283f6e14a9e85e95e57b2c,gx-no-cache=1489092857511 HTTP/1.1" 200 90
186.79.194.182 - - [09/Mar/2017:17:53:07 -0300] "GET /cormun/servlet/hpexe_link HTTP/1.1" 200 959
186.79.194.182 - - [09/Mar/2017:17:53:08 -0300] "GET /cormun/servlet/hhome HTTP/1.1" 200 3745
186.79.206.45 - - [09/Mar/2017:17:53:10 -0300] "POST /cormun/servlet/solicitudot?gx-no-cache=1489092860104 HTTP/1.1" 200 297
186.79.206.45 - - [09/Mar/2017:17:53:10 -0300] "GET /cormun/servlet/solicitudot?4d927168fc2f387b2741a2a050a340f1d021b224b639081cf898e2d5624768143d1ed511fb1b67f033334d1a9547325b5603cb955fd24bf3c322c26c394ed6da3bef729764a8316b92e328cdb459ff163bd3a97e134c40df9ff661cb62523ce4db40c3e9d5ec16dc0c40c3f02f23ff42f25bfc58ab1cb0e0c370a2e8bb3ea0211590cac9b668ff8e5149894e3036cb40da47802b3035612bd75db97fa388455f3c83798541014affac34385c7f35a603c962481bf96ca376e357df5e8887bfce979ac42a295feea8bb673951efc0d2b8bbbac3f70d213c55336ae1b10a00cbd9474c179a4dbebfd38f96c37eb34d62456cc2b386e762d96b51e09e5ad8e7d2a62b218bf371ec1935a2e3ecbc165ed6aeb18412ad8d0fd16c7723dd6bea509c7c9dee7e86df11b595d2540e91d38f238bcc24dd3c0f277c466b10c502e061aa7192585c84f8e11eae84461bd8dbea44f703227967187f195ec7c641de95753ae5f8e7652529ca670883fb6186df794f6cc6263ff3ad5850f74b3df016849cf82bf5c802a2e9e27174deaac7472285542b,gx-no-cache=1489092860596 HTTP/1.1" 200 30
186.79.194.182 - - [09/Mar/2017:17:53:11 -0300] "GET /cormun/servlet/hhome HTTP/1.1" 200 3742
186.79.206.45 - - [09/Mar/2017:17:53:13 -0300] "POST /cormun/servlet/solicitudot?gx-no-cache=1489092863078 HTTP/1.1" 200 30
186.79.206.45 - - [09/Mar/2017:17:53:14 -0300] "POST /cormun/servlet/solicitudot?gx-no-cache=1489092864460 HTTP/1.1" 200 655
186.79.206.45 - - [09/Mar/2017:17:53:14 -0300] "POST /cormun/servlet/solicitudot?gx-no-cache=1489092864573 HTTP/1.1" 200 38
186.67.172.234 - - [09/Mar/2017:17:53:18 -0300] "POST /cormun/servlet/solicitudotadjuntos?gx-no-cache=1489092868162 HTTP/1.1" 200 26
186.79.194.182 - - [09/Mar/2017:17:53:22 -0300] "GET /cormun/servlet/trsolicitudot? HTTP/1.1" 200 7970
186.79.206.45 - - [09/Mar/2017:17:53:23 -0300] "GET /cormun/servlet/solicitudot?4d927168fc2f387b2741a2a050a340f1f3f6afddc3a65af1389d566b7efdd2e9ce8511b61d00c56369b57934ea6868a364faef28455e3643d7ba3e153ad09ddb400a3bd329f3a067240d6ce6bb24e756cde43f0b1231bdd45905d9b4ecddce7030ec3ea82556d74de16ea07fa7a82670,gx-no-cache=1489092873556 HTTP/1.1" 200 29
186.79.194.182 - - [09/Mar/2017:17:53:23 -0300] "GET /cormun/servlet/trsolicitudot? HTTP/1.1" 200 7968
186.79.206.45 - - [09/Mar/2017:17:53:23 -0300] "POST /cormun/servlet/solicitudot?gx-no-cache=1489092873651 HTTP/1.1" 200 643
186.79.206.45 - - [09/Mar/2017:17:53:24 -0300] "POST /cormun/servlet/solicitudot?gx-no-cache=1489092874599 HTTP/1.1" 200 1157
186.79.194.182 - - [09/Mar/2017:17:53:28 -0300] "GET /cormun/servlet/solicitudot?INS,0,0, HTTP/1.1" 200 12542
186.79.194.182 - - [09/Mar/2017:17:53:30 -0300] "GET /cormun/servlet/solicitudot?INS,0,0, HTTP/1.1" 200 12547
186.79.206.45 - - [09/Mar/2017:17:53:32 -0300] "GET /cormun/static/menuarrow.gif HTTP/1.1" 404 1015
186.67.172.234 - - [09/Mar/2017:17:53:35 -0300] "POST /cormun/servlet/solicitudotadjuntos?gx-no-cache=1489092885058 HTTP/1.1" 200 26
186.79.206.45 - - [09/Mar/2017:17:53:39 -0300] "GET /cormun/servlet/solicitudot?4d927168fc2f387b2741a2a050a340f104bf9fc294c7764e2de024bddd254aaf258516b57eef1a6ffdb37c6c7c276c3be8e1cba2f5b469aa13cf3d5c0cd887ba9333fdfca3664801ea597e8b83cde103151e375547937121a86f1688f4dc7b65c2a6cd19b89cc99bd4a01cd54cc63e52658f4046ff925bca8152df55ec29d65f30e1ae03c9ac4fa05a32ad68e261bb06deb5c9557749f20a69a29fb12c8f6b758c36548dd0892a1d81180306bf824dc8,gx-no-cache=1489092889645 HTTP/1.1" 200 30
186.67.172.234 - - [09/Mar/2017:17:53:45 -0300] "GET /cormun/servlet/solicitudotadjuntos?8c8717f34f7eb72e6b10f8d0b0a9ed3a3b4f4453f65b19c5256934f48b569a9e,gx-no-cache=1489092894612 HTTP/1.1" 200 30
186.67.172.234 - - [09/Mar/2017:17:53:45 -0300] "GET /cormun/servlet/solicitudotadjuntos?8c8717f34f7eb72e6b10f8d0b0a9ed3a3b4f4453f65b19c5256934f48b569a9e,gx-no-cache=1489092894636 HTTP/1.1" 200 30
186.67.172.234 - - [09/Mar/2017:17:53:46 -0300] "POST /cormun/servlet/solicitudotadjuntos?7874fe303d4ffa5b7a9d4dac80ad3807,INS,2017,5390,,1, HTTP/1.1" 200 116
186.67.172.234 - - [09/Mar/2017:17:53:46 -0300] "GET /cormun/servlet/hpexe_return? HTTP/1.1" 200 1026
186.79.206.45 - - [09/Mar/2017:17:53:46 -0300] "POST /cormun/servlet/solicitudot?743130a7b8fa3f3d48117370a324a33d,INS,0,0,,gx-no-cache=1489092895895 HTTP/1.1" 200 93
186.67.172.234 - - [09/Mar/2017:17:53:46 -0300] "GET /cormun/servlet/trsolicitudadjuntos?2017,5390, HTTP/1.1" 200 7896
186.79.206.45 - - [09/Mar/2017:17:53:46 -0300] "GET /cormun/servlet/hpexe_return? HTTP/1.1" 200 1005
186.79.206.45 - - [09/Mar/2017:17:53:46 -0300] "GET /cormun/servlet/trsolicitudot HTTP/1.1" 200 8406
186.67.172.234 - - [09/Mar/2017:17:53:46 -0300] "GET /cormun/servlet/trsolicitudadjuntos?2017,5390, HTTP/1.1" 200 7891
186.79.206.45 - - [09/Mar/2017:17:53:47 -0300] "GET /cormun/servlet/trsolicitudot HTTP/1.1" 200 8402
186.79.206.45 - - [09/Mar/2017:17:53:56 -0300] "POST /cormun/servlet/trsolicitudot?743130a7b8fa3f3d48117370a324a33d,gx-no-cache=1489092905981 HTTP/1.1" 200 107
186.79.206.45 - - [09/Mar/2017:17:53:56 -0300] "GET /cormun/servlet/trsolicitudadjuntos?2017,5392, HTTP/1.1" 200 5912
186.79.206.45 - - [09/Mar/2017:17:53:58 -0300] "GET /cormun/servlet/trsolicitudadjuntos?2017,5392, HTTP/1.1" 200 5912
186.79.206.45 - - [09/Mar/2017:17:54:01 -0300] "GET /cormun/servlet/solicitudotadjuntos?INS,2017,5392,,1, HTTP/1.1" 200 5840
186.79.206.45 - - [09/Mar/2017:17:54:01 -0300] "GET /cormun/static/about:blank HTTP/1.1" 404 1011
186.79.206.45 - - [09/Mar/2017:17:54:01 -0300] "GET /cormun/servlet/solicitudotadjuntos?INS,2017,5392,,1, HTTP/1.1" 200 5834
186.79.206.45 - - [09/Mar/2017:17:54:01 -0300] "GET /cormun/servlet/solicitudotadjuntos?4d927168fc2f387b2741a2a050a340f18431775d8030a1d07bded7997db679b137fcb0076cf71f2183591e5225c540e1,gx-no-cache=1489092911905 HTTP/1.1" 200 30
186.79.206.45 - - [09/Mar/2017:17:54:02 -0300] "POST /cormun/servlet/solicitudotadjuntos?743130a7b8fa3f3d48117370a324a33d,INS,2017,5392,,1,,gx-no-cache=1489092911969 HTTP/1.1" 200 3653
186.79.206.45 - - [09/Mar/2017:17:54:04 -0300] "POST /cormun/servlet/solicitudotadjuntos?gx-no-cache=1489092914184 HTTP/1.1" 200 26
186.67.172.234 - - [09/Mar/2017:17:54:09 -0300] "GET /cormun/servlet/solicitudotadjuntos?INS,2017,5390,,1, HTTP/1.1" 200 5774
186.67.172.234 - - [09/Mar/2017:17:54:10 -0300] "GET /cormun/servlet/solicitudotadjuntos?INS,2017,5390,,1, HTTP/1.1" 200 5768
186.67.172.234 - - [09/Mar/2017:17:54:10 -0300] "GET /cormun/servlet/solicitudotadjuntos?8c8717f34f7eb72e6b10f8d0b0a9ed3a6a682f0261943f631462824fd870012c43842cf121aaa72d6003535aa53f7979,gx-no-cache=1489092919871 HTTP/1.1" 200 30
186.67.172.234 - - [09/Mar/2017:17:54:10 -0300] "POST /cormun/servlet/solicitudotadjuntos?7874fe303d4ffa5b7a9d4dac80ad3807,INS,2017,5390,,1,,gx-no-cache=1489092919963 HTTP/1.1" 200 3647
186.67.172.234 - - [09/Mar/2017:17:54:19 -0300] "GET /cormun/servlet/trsolicitudot? HTTP/1.1" 200 8427
186.67.172.234 - - [09/Mar/2017:17:54:20 -0300] "GET /cormun/servlet/trsolicitudot? HTTP/1.1" 200 8416
186.67.172.234 - - [09/Mar/2017:17:54:33 -0300] "POST /cormun/servlet/trsolicitudot?7874fe303d4ffa5b7a9d4dac80ad3807,,gx-no-cache=1489092942738 HTTP/1.1" 200 5266
186.67.172.234 - - [09/Mar/2017:17:54:34 -0300] "GET /cormun/static/Shared/jqueryui/images/ui-bg_highlight-soft_100_c6c2c8_1x100.png HTTP/1.1" 404 1117
186.67.172.234 - - [09/Mar/2017:17:54:34 -0300] "GET /cormun/static/Shared/jqueryui/images/ui-icons_82798d_256x240.png HTTP/1.1" 404 1089
186.67.172.234 - - [09/Mar/2017:17:54:34 -0300] "GET /cormun/static/Shared/jqueryui/images/ui-bg_flat_55_fafafa_40x100.png HTTP/1.1" 404 1097
186.67.172.234 - - [09/Mar/2017:17:54:34 -0300] "POST /cormun/servlet/trsolicitudot?7874fe303d4ffa5b7a9d4dac80ad3807,,gx-no-cache=1489092943310 HTTP/1.1" 200 5209
186.67.172.234 - - [09/Mar/2017:17:54:34 -0300] "GET /cormun/static/Shared/jqueryui/images/ui-icons_8d78a5_256x240.png HTTP/1.1" 404 1089
186.67.172.234 - - [09/Mar/2017:17:55:10 -0300] "GET /cormun/servlet/trsolicitudot? HTTP/1.1" 200 7955
186.67.172.234 - - [09/Mar/2017:17:55:11 -0300] "GET /cormun/servlet/trsolicitudot? HTTP/1.1" 200 7955
186.67.172.234 - - [09/Mar/2017:17:55:16 -0300] "GET /cormun/servlet/trcontratoobservacion? HTTP/1.1" 200 6364
186.67.172.234 - - [09/Mar/2017:17:55:16 -0300] "GET /cormun/servlet/trcontratoobservacion? HTTP/1.1" 200 6364
186.79.206.45 - - [09/Mar/2017:17:55:20 -0300] "GET /cormun/servlet/solicitudotadjuntos?4d927168fc2f387b2741a2a050a340f12cfaf6c29986323172cb556c2487448d,gx-no-cache=1489092990356 HTTP/1.1" 200 30
186.79.206.45 - - [09/Mar/2017:17:55:20 -0300] "GET /cormun/servlet/solicitudotadjuntos?4d927168fc2f387b2741a2a050a340f12cfaf6c29986323172cb556c2487448d,gx-no-cache=1489092990845 HTTP/1.1" 200 30
186.79.206.45 - - [09/Mar/2017:17:55:22 -0300] "POST /cormun/servlet/solicitudotadjuntos?743130a7b8fa3f3d48117370a324a33d,INS,2017,5392,,1, HTTP/1.1" 200 116
186.79.206.45 - - [09/Mar/2017:17:55:22 -0300] "GET /cormun/servlet/hpexe_return? HTTP/1.1" 200 1023
186.79.206.45 - - [09/Mar/2017:17:55:22 -0300] "GET /cormun/servlet/trsolicitudadjuntos?2017,5392, HTTP/1.1" 200 8053
186.79.206.45 - - [09/Mar/2017:17:55:23 -0300] "GET /cormun/servlet/trsolicitudadjuntos?2017,5392, HTTP/1.1" 200 8048
186.79.206.45 - - [09/Mar/2017:17:55:30 -0300] "POST /cormun/servlet/trsolicitudadjuntos?743130a7b8fa3f3d48117370a324a33d,2017,5392,,gx-no-cache=1489093000089 HTTP/1.1" 200 90
186.79.206.45 - - [09/Mar/2017:17:55:30 -0300] "GET /cormun/servlet/hpexe_link HTTP/1.1" 200 969
186.79.206.45 - - [09/Mar/2017:17:55:30 -0300] "GET /cormun/servlet/trsolicitudot HTTP/1.1" 200 8403
186.79.206.45 - - [09/Mar/2017:17:55:31 -0300] "GET /cormun/servlet/trsolicitudot HTTP/1.1" 200 8402
186.79.206.45 - - [09/Mar/2017:17:55:34 -0300] "POST /cormun/servlet/trsolicitudot?743130a7b8fa3f3d48117370a324a33d,gx-no-cache=1489093003700 HTTP/1.1" 200 5262
186.79.206.45 - - [09/Mar/2017:17:55:34 -0300] "GET /cormun/static/Shared/jqueryui/images/ui-bg_highlight-soft_100_c6c2c8_1x100.png HTTP/1.1" 404 1117
186.79.206.45 - - [09/Mar/2017:17:55:34 -0300] "GET /cormun/static/Shared/jqueryui/images/ui-icons_82798d_256x240.png HTTP/1.1" 404 1089
186.79.206.45 - - [09/Mar/2017:17:55:34 -0300] "GET /cormun/static/Shared/jqueryui/images/ui-icons_8d78a5_256x240.png HTTP/1.1" 404 1089
186.79.206.45 - - [09/Mar/2017:17:55:34 -0300] "GET /cormun/static/Shared/jqueryui/images/ui-bg_flat_55_fafafa_40x100.png HTTP/1.1" 404 1097
186.79.206.45 - - [09/Mar/2017:17:55:35 -0300] "POST /cormun/servlet/trsolicitudot?743130a7b8fa3f3d48117370a324a33d,gx-no-cache=1489093004702 HTTP/1.1" 200 5203
186.67.172.234 - - [09/Mar/2017:17:55:43 -0300] "GET /cormun/servlet/trsolicitudot? HTTP/1.1" 200 7956
186.67.172.234 - - [09/Mar/2017:17:55:43 -0300] "GET /cormun/servlet/trsolicitudot? HTTP/1.1" 200 7955
186.79.206.45 - - [09/Mar/2017:17:57:00 -0300] "POST /cormun/servlet/trsolicitudot?743130a7b8fa3f3d48117370a324a33d,gx-no-cache=1489093087702 HTTP/1.1" 200 107
186.79.206.45 - - [09/Mar/2017:17:57:00 -0300] "GET /cormun/servlet/trsolicitudadjuntos?2017,5391, HTTP/1.1" 200 5912
186.79.206.45 - - [09/Mar/2017:17:57:01 -0300] "GET /cormun/servlet/trsolicitudadjuntos?2017,5391, HTTP/1.1" 200 5912
186.79.206.45 - - [09/Mar/2017:17:57:02 -0300] "GET /cormun/servlet/solicitudotadjuntos?INS,2017,5391,,1, HTTP/1.1" 200 5839
186.79.206.45 - - [09/Mar/2017:17:57:02 -0300] "GET /cormun/static/about:blank HTTP/1.1" 404 1011
186.79.206.45 - - [09/Mar/2017:17:57:02 -0300] "GET /cormun/servlet/solicitudotadjuntos?INS,2017,5391,,1, HTTP/1.1" 200 5833
186.79.206.45 - - [09/Mar/2017:17:57:03 -0300] "GET /cormun/servlet/solicitudotadjuntos?4d927168fc2f387b2741a2a050a340f131d968344d56f0b679d534df478548c037fcb0076cf71f2183591e5225c540e1,gx-no-cache=1489093093380 HTTP/1.1" 200 30
186.79.206.45 - - [09/Mar/2017:17:57:03 -0300] "POST /cormun/servlet/solicitudotadjuntos?743130a7b8fa3f3d48117370a324a33d,INS,2017,5391,,1,,gx-no-cache=1489093093452 HTTP/1.1" 200 3653
186.79.206.45 - - [09/Mar/2017:17:57:06 -0300] "POST /cormun/servlet/solicitudotadjuntos?gx-no-cache=1489093096513 HTTP/1.1" 200 26
186.79.206.45 - - [09/Mar/2017:17:57:23 -0300] "GET /cormun/servlet/solicitudotadjuntos?4d927168fc2f387b2741a2a050a340f12cfaf6c29986323172cb556c2487448d,gx-no-cache=1489093113875 HTTP/1.1" 200 30
186.79.206.45 - - [09/Mar/2017:17:57:23 -0300] "GET /cormun/servlet/solicitudotadjuntos?4d927168fc2f387b2741a2a050a340f12cfaf6c29986323172cb556c2487448d,gx-no-cache=1489093113923 HTTP/1.1" 200 30
186.79.206.45 - - [09/Mar/2017:17:57:25 -0300] "POST /cormun/servlet/solicitudotadjuntos?743130a7b8fa3f3d48117370a324a33d,INS,2017,5391,,1, HTTP/1.1" 200 116
186.79.206.45 - - [09/Mar/2017:17:57:25 -0300] "GET /cormun/servlet/hpexe_return? HTTP/1.1" 200 1023
186.79.206.45 - - [09/Mar/2017:17:57:26 -0300] "GET /cormun/servlet/trsolicitudadjuntos?2017,5391, HTTP/1.1" 200 8053
186.79.206.45 - - [09/Mar/2017:17:57:26 -0300] "GET /cormun/servlet/trsolicitudadjuntos?2017,5391, HTTP/1.1" 200 8050
186.79.206.45 - - [09/Mar/2017:17:57:28 -0300] "GET /cormun/servlet/solicitudotadjuntos?INS,2017,5391,,1, HTTP/1.1" 200 5840
186.79.206.45 - - [09/Mar/2017:17:57:29 -0300] "GET /cormun/static/about:blank HTTP/1.1" 404 1011
186.79.206.45 - - [09/Mar/2017:17:57:29 -0300] "GET /cormun/servlet/solicitudotadjuntos?INS,2017,5391,,1, HTTP/1.1" 200 5834
186.79.206.45 - - [09/Mar/2017:17:57:30 -0300] "GET /cormun/servlet/solicitudotadjuntos?4d927168fc2f387b2741a2a050a340f131d968344d56f0b679d534df478548c037fcb0076cf71f2183591e5225c540e1,gx-no-cache=1489093119940 HTTP/1.1" 200 30
186.79.206.45 - - [09/Mar/2017:17:57:31 -0300] "POST /cormun/servlet/solicitudotadjuntos?743130a7b8fa3f3d48117370a324a33d,INS,2017,5391,,1,,gx-no-cache=1489093121016 HTTP/1.1" 200 3653
186.79.206.45 - - [09/Mar/2017:17:57:33 -0300] "POST /cormun/servlet/solicitudotadjuntos?gx-no-cache=1489093123705 HTTP/1.1" 200 26
186.79.206.45 - - [09/Mar/2017:17:57:42 -0300] "GET /cormun/servlet/solicitudotadjuntos?4d927168fc2f387b2741a2a050a340f12cfaf6c29986323172cb556c2487448d,gx-no-cache=1489093132059 HTTP/1.1" 200 30
186.79.206.45 - - [09/Mar/2017:17:57:42 -0300] "GET /cormun/servlet/solicitudotadjuntos?4d927168fc2f387b2741a2a050a340f12cfaf6c29986323172cb556c2487448d,gx-no-cache=1489093132109 HTTP/1.1" 200 30
186.79.206.45 - - [09/Mar/2017:17:57:43 -0300] "POST /cormun/servlet/solicitudotadjuntos?743130a7b8fa3f3d48117370a324a33d,INS,2017,5391,,1, HTTP/1.1" 200 116
186.79.206.45 - - [09/Mar/2017:17:57:43 -0300] "GET /cormun/servlet/hpexe_return? HTTP/1.1" 200 1023
186.79.206.45 - - [09/Mar/2017:17:57:43 -0300] "GET /cormun/servlet/trsolicitudadjuntos?2017,5391, HTTP/1.1" 200 8261
186.79.206.45 - - [09/Mar/2017:17:57:44 -0300] "GET /cormun/servlet/trsolicitudadjuntos?2017,5391, HTTP/1.1" 200 8257
186.79.206.45 - - [09/Mar/2017:17:57:46 -0300] "GET /cormun/servlet/solicitudotadjuntos?INS,2017,5391,,1, HTTP/1.1" 200 5840
186.79.206.45 - - [09/Mar/2017:17:57:46 -0300] "GET /cormun/static/about:blank HTTP/1.1" 404 1011
186.79.206.45 - - [09/Mar/2017:17:57:46 -0300] "GET /cormun/servlet/solicitudotadjuntos?INS,2017,5391,,1, HTTP/1.1" 200 5834
186.79.206.45 - - [09/Mar/2017:17:57:47 -0300] "GET /cormun/servlet/solicitudotadjuntos?4d927168fc2f387b2741a2a050a340f131d968344d56f0b679d534df478548c037fcb0076cf71f2183591e5225c540e1,gx-no-cache=1489093137076 HTTP/1.1" 200 30
186.79.206.45 - - [09/Mar/2017:17:57:47 -0300] "POST /cormun/servlet/solicitudotadjuntos?743130a7b8fa3f3d48117370a324a33d,INS,2017,5391,,1,,gx-no-cache=1489093137134 HTTP/1.1" 200 3653
186.79.206.45 - - [09/Mar/2017:17:57:50 -0300] "POST /cormun/servlet/solicitudotadjuntos?gx-no-cache=1489093139959 HTTP/1.1" 200 26
186.79.194.182 - - [09/Mar/2017:17:57:56 -0300] "POST /cormun/servlet/solicitudot?gx-no-cache=1489093146393 HTTP/1.1" 200 3183
186.79.194.182 - - [09/Mar/2017:17:57:57 -0300] "POST /cormun/servlet/solicitudot?b3e1060f4c283f6e14a9e85e95e57b2c,INS,0,0,,gx-no-cache=1489093147083 HTTP/1.1" 200 9788
186.79.206.45 - - [09/Mar/2017:17:57:58 -0300] "GET /cormun/servlet/solicitudotadjuntos?4d927168fc2f387b2741a2a050a340f12cfaf6c29986323172cb556c2487448d,gx-no-cache=1489093148370 HTTP/1.1" 200 30
186.79.206.45 - - [09/Mar/2017:17:57:58 -0300] "GET /cormun/servlet/solicitudotadjuntos?4d927168fc2f387b2741a2a050a340f12cfaf6c29986323172cb556c2487448d,gx-no-cache=1489093148424 HTTP/1.1" 200 30
186.79.206.45 - - [09/Mar/2017:17:58:00 -0300] "POST /cormun/servlet/solicitudotadjuntos?743130a7b8fa3f3d48117370a324a33d,INS,2017,5391,,1, HTTP/1.1" 200 116
186.79.194.182 - - [09/Mar/2017:17:58:00 -0300] "GET /cormun/servlet/solicitudot?160fe7e5e6e47f887587f1be0962b66ead7c43d79e26454c6a7882e658e8977e5e720ba2e9a224382a07f297c2657b1c,gx-no-cache=1489093150725 HTTP/1.1" 200 30
186.79.206.45 - - [09/Mar/2017:17:58:00 -0300] "GET /cormun/servlet/hpexe_return? HTTP/1.1" 200 1023
186.79.194.182 - - [09/Mar/2017:17:58:00 -0300] "POST /cormun/servlet/solicitudot?gx-no-cache=1489093150912 HTTP/1.1" 200 255
186.79.194.182 - - [09/Mar/2017:17:58:00 -0300] "GET /cormun/servlet/solicitudot?160fe7e5e6e47f887587f1be0962b66e0415e31ef6e788adfc442407030918025f4701598f15f966d78ea475da1425f48df0c5d6c1f04d7c055e42a5755dec3aad7d19db979ed23ce1459c9dd64cd23dee3231d5ee7d6d0fef8b3cbb7a27ad944ea09f51f9b279bf3dfba56f6be632e8a7254af850d9d0a8437cf5a1198efc10a7dabffb5158d9998d85d663523ba47418a05b6a62ba41f0b8c9548f5aef428397dbc71f0b15fe297ae411636c02607290358297711060f0c833afd6420d041c9c5863582a95c3eea3c0767cbd62af3c8cb68569f48bd1e2b95dbfba0527bb37f8801fe3c71265e4419fd809fe1543e16abc1ea9c9e6fb27d47e4059b6888bdae2d99199898f23baac5eca3a191b7e9764da3f3d3d7308c5baa03d388bde9384d70d90645f97cdac6224794903052bb9f7bfc547deafcdd1b73a2ae4c58095e8bfb2cc068940d1bfd7a66f63c3f720fb1f5c65a1c6de9253389a4f7e84e680f68779a2d9bb240f5c6a1273c9991dac806ce0c5205e1adafae694ac12ed754b7f,gx-no-cache=1489093151041 HTTP/1.1" 200 30
186.79.206.45 - - [09/Mar/2017:17:58:01 -0300] "GET /cormun/servlet/trsolicitudadjuntos?2017,5391, HTTP/1.1" 200 8424
186.79.206.45 - - [09/Mar/2017:17:58:01 -0300] "GET /cormun/servlet/trsolicitudadjuntos?2017,5391, HTTP/1.1" 200 8421
186.79.206.45 - - [09/Mar/2017:17:58:03 -0300] "GET /cormun/servlet/solicitudotadjuntos?INS,2017,5391,,1, HTTP/1.1" 200 5840
186.79.206.45 - - [09/Mar/2017:17:58:04 -0300] "GET /cormun/static/about:blank HTTP/1.1" 404 1011
186.79.206.45 - - [09/Mar/2017:17:58:04 -0300] "GET /cormun/servlet/solicitudotadjuntos?INS,2017,5391,,1, HTTP/1.1" 200 5834
186.79.206.45 - - [09/Mar/2017:17:58:04 -0300] "GET /cormun/servlet/solicitudotadjuntos?4d927168fc2f387b2741a2a050a340f131d968344d56f0b679d534df478548c037fcb0076cf71f2183591e5225c540e1,gx-no-cache=1489093154670 HTTP/1.1" 200 30
186.79.206.45 - - [09/Mar/2017:17:58:04 -0300] "POST /cormun/servlet/solicitudotadjuntos?743130a7b8fa3f3d48117370a324a33d,INS,2017,5391,,1,,gx-no-cache=1489093154734 HTTP/1.1" 200 3653
186.79.194.182 - - [09/Mar/2017:17:58:05 -0300] "POST /cormun/servlet/solicitudot?gx-no-cache=1489093155322 HTTP/1.1" 200 30
186.79.206.45 - - [09/Mar/2017:17:58:07 -0300] "POST /cormun/servlet/solicitudotadjuntos?gx-no-cache=1489093157310 HTTP/1.1" 200 26
186.79.194.182 - - [09/Mar/2017:17:58:08 -0300] "GET /cormun/servlet/prcontratosol?14012818,,,,,MD,,gxPopupLevel%3D0%3B HTTP/1.1" 200 5894
186.79.194.182 - - [09/Mar/2017:17:58:12 -0300] "POST /cormun/servlet/solicitudot?gx-no-cache=1489093163231 HTTP/1.1" 200 1291
