186.9.132.225 - - [09/Mar/2017:10:18:46 -0300] "GET /cormun/servlet/solicitudot?b23275ee81be182f476047210e6c543f5ad0b630fde30fb7b8dc9d8c6f5033cd9504ecc17fd3187f56ce4bbc866e592ff3402040571b78a8735949e23225358d9f45cef815e88b1723b07285ce9beac079fc5f44f877de2d568cf34d9c3dee1938b01c76cfe09d3e32e025061067ff36b3718fb30bd80194f29bffa7cb58d5c8331c1f7e9975d3a87b32d659147b67a90d49452395ff0b257c3ff70718ad85f2bad0db37d520cc09a44a9118ed8879ea8a94a1b94821c47b5d4cd922fae88d7e9de1a563870a471c1b55721ca88f919f0d61ce062829f58f55f8d71719a5ad60f0783696f8f8bc2aefc1e3e2ae8494a1fd3e66a0772ea7739aec3bfa13c6eac026b9b512b096734b1b8564a574a09917fcf1cbf8321edf7876e8890411ee931c1db43c4902a85c9edcc7add667c5bfdb207683d2fb66519ee1aa4e4bb87808b804da91e779c4261682e38643b29970b7efc704d6c8e07c9a11f1bb01efc7625f8dfc7f6a7536cc7bcedc28db5ead4084f402ebdab66c55e274cbdc2a7553c3bf,gx-no-cache=1489065589950 HTTP/1.1" 200 30
186.9.132.225 - - [09/Mar/2017:10:19:04 -0300] "POST /cormun/servlet/solicitudot?gx-no-cache=1489065611006 HTTP/1.1" 200 30
186.79.49.141 - - [09/Mar/2017:10:19:56 -0300] "POST /cormun/servlet/solicitudot?gx-no-cache=1489065666334 HTTP/1.1" 200 297
186.79.49.141 - - [09/Mar/2017:10:19:58 -0300] "GET /cormun/servlet/solicitudot?a13836e92802ffb8ea094ef97435edd5d688e492421b26c25eb01bb2f8320e185f185620897c9e9e3783a88e57932c8f3c6033667575c13feab5fceb6910994966dc213825ee8bb3aa0d91e8a99a5fd052269c955d266c24f052cc372ce7b0ba215c00df6b209f4d1735a7929e3f10ae046327d93e89635ecc74fd9e23b1595326be17873abf41ee0abb175f7b9d10dde966cd9f1244eb391b832e4e31e5243aadd98ed8843578f1afdb85566b8e8ebff10fbf31a68e0c223b74bb5de7e3db3b9e99cbea480ac4dd62a58c9b740b2bfa40afad9445767f4142c99bd53d9f60858826b28147e0191dd81a47aaa0e53ca1623e3804408bc70af2322ec32ac99486829eb067e0efcf78ba1f557332b5f2d60f1731b413a50b32afdc10aa6a87add2fe3c02bb65bce7694e33e57a4783567c9c7cc897ee1e5d76650e8a025496c82df74139e50fa360175b389f2e2606be2b359fb7ef72b2c3bf9087f0bf8183f508df596a48b82774821b77a65c1a0350f453966172ce93195862795929f126f04104b19f5c5c9256849fe95b7c84dcb839,gx-no-cache=1489065668708 HTTP/1.1" 200 30
186.79.49.141 - - [09/Mar/2017:10:20:00 -0300] "POST /cormun/servlet/solicitudot?gx-no-cache=1489065670200 HTTP/1.1" 200 30
186.79.49.141 - - [09/Mar/2017:10:20:02 -0300] "POST /cormun/servlet/solicitudot?gx-no-cache=1489065672186 HTTP/1.1" 200 235
186.79.49.141 - - [09/Mar/2017:10:20:02 -0300] "POST /cormun/servlet/solicitudot?gx-no-cache=1489065672290 HTTP/1.1" 200 38
186.67.172.234 - - [09/Mar/2017:10:20:21 -0300] "POST /cormun/servlet/hlogin?2c537f530b88313af7cfa33098eabc28,gx-no-cache=1489065691076 HTTP/1.1" 200 90
186.67.172.234 - - [09/Mar/2017:10:20:21 -0300] "GET /cormun/servlet/hpexe_link HTTP/1.1" 200 951
186.67.172.234 - - [09/Mar/2017:10:20:21 -0300] "GET /cormun/servlet/trsolicitudot HTTP/1.1" 200 6479
186.67.172.234 - - [09/Mar/2017:10:20:22 -0300] "GET /cormun/servlet/trsolicitudot HTTP/1.1" 200 6477
186.67.172.234 - - [09/Mar/2017:10:20:35 -0300] "GET /cormun/servlet/solicitudot?INS,0,0, HTTP/1.1" 200 12521
186.67.172.234 - - [09/Mar/2017:10:20:35 -0300] "GET /cormun/static/gxcfg.js?20171191042720 HTTP/1.1" 200 953
186.67.172.234 - - [09/Mar/2017:10:20:35 -0300] "GET /cormun/static/Resources/prompt.gif HTTP/1.1" 200 902
186.67.172.234 - - [09/Mar/2017:10:20:35 -0300] "GET /cormun/static/solicitudot.js?2017119104297 HTTP/1.1" 200 63948
186.67.172.234 - - [09/Mar/2017:10:20:36 -0300] "GET /cormun/servlet/solicitudot?INS,0,0, HTTP/1.1" 200 12526
186.67.172.234 - - [09/Mar/2017:10:24:12 -0300] "POST /cormun/servlet/solicitudot?gx-no-cache=1489065921751 HTTP/1.1" 200 3165
186.67.172.234 - - [09/Mar/2017:10:24:13 -0300] "POST /cormun/servlet/solicitudot?2c537f530b88313af7cfa33098eabc28,INS,0,0,,gx-no-cache=1489065922388 HTTP/1.1" 200 9726
186.79.38.202 - - [09/Mar/2017:10:24:52 -0300] "GET /cormun/servlet/trlicencias? HTTP/1.1" 200 6626
186.79.38.202 - - [09/Mar/2017:10:24:54 -0300] "GET /cormun/servlet/trlicencias? HTTP/1.1" 200 6625
186.79.38.202 - - [09/Mar/2017:10:24:57 -0300] "GET /cormun/servlet/licenciaspermisos?INS,0,,, HTTP/1.1" 200 7139
186.79.38.202 - - [09/Mar/2017:10:24:58 -0300] "GET /cormun/servlet/licenciaspermisos?INS,0,,, HTTP/1.1" 200 7139
186.79.38.202 - - [09/Mar/2017:10:25:09 -0300] "GET /cormun/servlet/prfichaempleado?,MD,,gxPopupLevel%3D0%3B HTTP/1.1" 200 8838
200.112.49.242 - - [09/Mar/2017:10:25:16 -0300] "GET /cormun/servlet/hlogin HTTP/1.1" 200 1725
200.112.49.242 - - [09/Mar/2017:10:25:16 -0300] "GET /cormun/static/Resources/Spanish/PXTools.css?167811 HTTP/1.1" 304 -
200.112.49.242 - - [09/Mar/2017:10:25:16 -0300] "GET /cormun/static/gxtimezone.js?85251 HTTP/1.1" 304 -
200.112.49.242 - - [09/Mar/2017:10:25:16 -0300] "GET /cormun/static/gxgral.js?85251 HTTP/1.1" 304 -
200.112.49.242 - - [09/Mar/2017:10:25:16 -0300] "GET /cormun/static/gxcfg.js?201612216162538 HTTP/1.1" 304 -
200.112.49.242 - - [09/Mar/2017:10:25:16 -0300] "GET /cormun/static/Resources/ComunLogin.png HTTP/1.1" 304 -
200.112.49.242 - - [09/Mar/2017:10:25:16 -0300] "GET /cormun/static/messages.spa.js?85251 HTTP/1.1" 304 -
200.112.49.242 - - [09/Mar/2017:10:25:16 -0300] "GET /cormun/static/hlogin.js?201612216162555 HTTP/1.1" 304 -
200.112.49.242 - - [09/Mar/2017:10:25:16 -0300] "GET /cormun/static/Resources/PXToolsLoginBackground.png HTTP/1.1" 304 -
200.112.49.242 - - [09/Mar/2017:10:25:16 -0300] "GET /cormun/static/Resources/PXToolsButtonBackground2.png HTTP/1.1" 304 -
200.112.49.242 - - [09/Mar/2017:10:25:16 -0300] "GET /cormun/static/Resources/PXToolsLoginBottom.png HTTP/1.1" 304 -
200.112.49.242 - - [09/Mar/2017:10:25:16 -0300] "GET /cormun/static/Resources/PXToolsButtonRight21.png HTTP/1.1" 304 -
200.112.49.242 - - [09/Mar/2017:10:25:16 -0300] "GET /cormun/static/Resources/PXToolsButtonLeft21.png HTTP/1.1" 304 -
200.112.49.242 - - [09/Mar/2017:10:25:16 -0300] "GET /cormun/static/Resources/PXToolsLoginTop.png HTTP/1.1" 304 -
200.112.49.242 - - [09/Mar/2017:10:25:16 -0300] "GET /cormun/static/Resources/indicator.gif HTTP/1.1" 304 -
186.79.38.202 - - [09/Mar/2017:10:25:19 -0300] "GET /cormun/servlet/trvisualizadoreventos? HTTP/1.1" 200 6524
192.168.10.96 - - [09/Mar/2017:10:25:20 -0300] "GET /cormun/servlet/vesolicitudnombre?2017,4625,,SolicitudOTAdjuntos HTTP/1.1" 200 10173
186.79.38.202 - - [09/Mar/2017:10:25:20 -0300] "GET /cormun/servlet/trvisualizadoreventos? HTTP/1.1" 200 6516
192.168.10.96 - - [09/Mar/2017:10:25:21 -0300] "GET /cormun/servlet/vesolicitudnombre?2017,4625,,SolicitudOTAdjuntos HTTP/1.1" 200 10172
192.168.10.96 - - [09/Mar/2017:10:25:22 -0300] "POST /cormun/servlet/acontrolpreferencessavestate?None,DZAMUDIO,true HTTP/1.1" 200 35
192.168.10.96 - - [09/Mar/2017:10:25:22 -0300] "GET /cormun/PublicTempStorage/afp.2.-d.gaete1095146.jpg HTTP/1.1" 200 1007295
186.79.38.202 - - [09/Mar/2017:10:25:28 -0300] "GET /cormun/static/menuarrow.gif HTTP/1.1" 404 1015
186.79.38.202 - - [09/Mar/2017:10:25:32 -0300] "POST /cormun/servlet/trvisualizadoreventos?243c8398585c1d6e08c33a87c83837a5,,gx-no-cache=1489065862832 HTTP/1.1" 200 3775
200.112.49.242 - - [09/Mar/2017:10:25:33 -0300] "POST /cormun/servlet/hlogin?e25d14ae6565b97557c48d052f6eb153,gx-no-cache=1489066002692 HTTP/1.1" 200 90
200.112.49.242 - - [09/Mar/2017:10:25:33 -0300] "GET /cormun/servlet/hpexe_link HTTP/1.1" 200 959
200.112.49.242 - - [09/Mar/2017:10:25:33 -0300] "GET /cormun/servlet/hhome HTTP/1.1" 200 3998
186.79.38.202 - - [09/Mar/2017:10:25:38 -0300] "POST /cormun/servlet/trvisualizadoreventos?243c8398585c1d6e08c33a87c83837a5,,gx-no-cache=1489065868313 HTTP/1.1" 200 4136
186.9.132.225 - - [09/Mar/2017:10:25:42 -0300] "POST /cormun/servlet/solicitudot?gx-no-cache=1489066008417 HTTP/1.1" 200 235
186.9.132.225 - - [09/Mar/2017:10:25:47 -0300] "POST /cormun/servlet/solicitudot?gx-no-cache=1489066010742 HTTP/1.1" 200 38
200.112.49.242 - - [09/Mar/2017:10:25:50 -0300] "GET /cormun/servlet/trsolicitudot? HTTP/1.1" 200 6971
200.112.49.242 - - [09/Mar/2017:10:25:51 -0300] "GET /cormun/static/gxcfg.js?20171191044697 HTTP/1.1" 304 -
200.112.49.242 - - [09/Mar/2017:10:25:55 -0300] "GET /cormun/servlet/solicitudot?INS,0,0, HTTP/1.1" 200 12795
200.112.49.242 - - [09/Mar/2017:10:25:56 -0300] "GET /cormun/static/gxcfg.js?20171191042720 HTTP/1.1" 304 -
200.112.49.242 - - [09/Mar/2017:10:26:08 -0300] "POST /cormun/servlet/solicitudot?gx-no-cache=1489066037761 HTTP/1.1" 200 3172
200.112.49.242 - - [09/Mar/2017:10:26:09 -0300] "POST /cormun/servlet/solicitudot?e25d14ae6565b97557c48d052f6eb153,INS,0,0,,gx-no-cache=1489066038687 HTTP/1.1" 200 9922
192.168.10.96 - - [09/Mar/2017:10:26:12 -0300] "GET /cormun/servlet/vesolicitudnombre?2017,4625,,SolicitudOTAdjuntos HTTP/1.1" 200 10174
192.168.10.96 - - [09/Mar/2017:10:26:14 -0300] "GET /cormun/servlet/vesolicitudnombre?2017,4625,,SolicitudOTAdjuntos HTTP/1.1" 200 10171
200.112.49.242 - - [09/Mar/2017:10:26:14 -0300] "GET /cormun/servlet/solicitudot?bf4dfaa4e7e565fc8ba9339d773e67986a2601823f9c44ba228a2673b1a461df7bd3d76974c7e4da921cae917c1d86cc,gx-no-cache=1489066043814 HTTP/1.1" 200 30
192.168.10.96 - - [09/Mar/2017:10:26:14 -0300] "POST /cormun/servlet/acontrolpreferencessavestate?None,DZAMUDIO,true HTTP/1.1" 200 35
200.112.49.242 - - [09/Mar/2017:10:26:14 -0300] "POST /cormun/servlet/solicitudot?gx-no-cache=1489066043893 HTTP/1.1" 200 240
200.112.49.242 - - [09/Mar/2017:10:26:14 -0300] "GET /cormun/servlet/solicitudot?bf4dfaa4e7e565fc8ba9339d773e6798ed2c63e8b0005ec20d606013b640f2aa2dbd006ba3ba8c5e206f8992f3d15d58e0d5f57551c6329cc9f26b7240e88118ec0090dd42c9d9ea03f43ce05e3318aaab8156e72a2e272fa26000c4456511b015c46c0ce90353009ec18461e44cc7a372f66aba1d2312b16aadf6fe69fccca11f6e3b2181a3043454abdd590059a4d79fffcaf4534e50ad6976edd4d6cb31b6097d813a347f158d637d125e261d9449f70fbe49aa68a82f4cda7d3e64ba2654465cf114c64253413597b156ec25fa4ef8929fdba63687cc93ecceafc7c455033c9b10ef4606b7d63cf4a8f96f89d31229bbd33290ffb204481b9abddc7f2136aeb148aa8178e0e405f9f93d2229903d36be0029f7aa0a0e9ade25cdb9f5030a6c355d37ec670c25599eafb7b4413c4e9c36bef801daacfbfac3cb7ccccc490bde1d5778b31edaa1f861093bb1b5aa2cab373337f2a7e86065e488c09eeb912c49c954fcaad23da84d70c5f083a69dee9cd9441fcc93f8e0e590a00380cf3db3,gx-no-cache=1489066043986 HTTP/1.1" 200 30
200.112.49.242 - - [09/Mar/2017:10:26:16 -0300] "POST /cormun/servlet/solicitudot?gx-no-cache=1489066046201 HTTP/1.1" 200 30
192.168.10.96 - - [09/Mar/2017:10:26:20 -0300] "GET /cormun/servlet/trconsultaempleado? HTTP/1.1" 200 6540
192.168.10.96 - - [09/Mar/2017:10:26:20 -0300] "GET /cormun/servlet/trconsultaempleado? HTTP/1.1" 200 6523
192.168.10.96 - - [09/Mar/2017:10:26:27 -0300] "GET /cormun/servlet/trsolicitudgral? HTTP/1.1" 200 24201
192.168.10.96 - - [09/Mar/2017:10:26:27 -0300] "GET /cormun/static/gxcfg.js?2017262239522 HTTP/1.1" 304 -
192.168.10.96 - - [09/Mar/2017:10:26:27 -0300] "GET /cormun/static/trsolicitudgral.js?20172622391253 HTTP/1.1" 304 -
192.168.10.96 - - [09/Mar/2017:10:26:29 -0300] "GET /cormun/servlet/trsolicitudgral? HTTP/1.1" 200 24200
186.79.38.202 - - [09/Mar/2017:10:26:39 -0300] "GET /cormun/servlet/trlicencias? HTTP/1.1" 200 6626
186.79.38.202 - - [09/Mar/2017:10:26:41 -0300] "GET /cormun/servlet/trlicencias? HTTP/1.1" 200 6625
186.79.38.202 - - [09/Mar/2017:10:26:46 -0300] "GET /cormun/servlet/licenciaspermisos?INS,0,,, HTTP/1.1" 200 7139
186.79.38.202 - - [09/Mar/2017:10:26:47 -0300] "GET /cormun/servlet/licenciaspermisos?INS,0,,, HTTP/1.1" 200 7139
192.168.10.96 - - [09/Mar/2017:10:26:48 -0300] "POST /cormun/servlet/trsolicitudgral?dde6c36a16d9998a2854a063f79e944d,,gx-no-cache=1489069292242 HTTP/1.1" 200 6725
186.79.38.202 - - [09/Mar/2017:10:26:56 -0300] "GET /cormun/servlet/prfichaempleado?,MD,,gxPopupLevel%3D0%3B HTTP/1.1" 200 8838
192.168.10.96 - - [09/Mar/2017:10:27:07 -0300] "POST /cormun/servlet/trsolicitudgral?dde6c36a16d9998a2854a063f79e944d,,gx-no-cache=1489069311411 HTTP/1.1" 200 14279
200.112.49.242 - - [09/Mar/2017:10:27:24 -0300] "GET /cormun/servlet/prfichaempleado?,MD,,gxPopupLevel%3D0%3B HTTP/1.1" 200 8860
186.79.38.202 - - [09/Mar/2017:10:28:23 -0300] "POST /cormun/servlet/prfichaempleado?243c8398585c1d6e08c33a87c83837a5,,MD,,gxPopupLevel%3D0%3B,gx-no-cache=1489066033603 HTTP/1.1" 200 3425
200.112.49.242 - - [09/Mar/2017:10:28:23 -0300] "POST /cormun/servlet/prfichaempleado?e25d14ae6565b97557c48d052f6eb153,,MD,,gxPopupLevel%3D0%3B,gx-no-cache=1489066172613 HTTP/1.1" 200 3418
186.79.38.202 - - [09/Mar/2017:10:28:28 -0300] "GET /cormun/servlet/licenciaspermisos?232866f977574da2794ba5a259b45e5d8047c2a555e0b7a369ae8ec8ae2ea32a96f8ab001aa3ef9ecc54628681e3f2d1,gx-no-cache=1489066039334 HTTP/1.1" 200 76
200.112.49.242 - - [09/Mar/2017:10:28:29 -0300] "POST /cormun/servlet/solicitudot?gx-no-cache=1489066178835 HTTP/1.1" 200 1290
186.79.38.202 - - [09/Mar/2017:10:28:29 -0300] "POST /cormun/servlet/licenciaspermisos?243c8398585c1d6e08c33a87c83837a5,INS,0,,,,gx-no-cache=1489066039578 HTTP/1.1" 200 4412
200.112.49.242 - - [09/Mar/2017:10:28:32 -0300] "GET /cormun/static/menuarrow.gif HTTP/1.1" 404 1015
186.67.172.234 - - [09/Mar/2017:10:28:52 -0300] "GET /cormun/servlet/solicitudot?eee9d27ddbf6b7fd028e1b98fb549019726208f09a66a09ee0dfe61827902a4ccdfd5fbf644e96a0363b04973846c55e,gx-no-cache=1489066201933 HTTP/1.1" 200 30
186.67.172.234 - - [09/Mar/2017:10:28:52 -0300] "POST /cormun/servlet/solicitudot?gx-no-cache=1489066202155 HTTP/1.1" 200 240
186.67.172.234 - - [09/Mar/2017:10:28:52 -0300] "GET /cormun/servlet/solicitudot?eee9d27ddbf6b7fd028e1b98fb549019c7e6ce104780cd6e76add6302ee012ef066015ce92049810c3e8cd09f2d4367068684a2acea328fe48fc6b13cbba3334296251d1c3f483eaed8f6bf3df2101e4c7c33d94be0bc7227172795cf0a1a11c88277924cf31eeff8f1c2b12726c82d6ff9e3cbdc04270ba7d013dfa9da698e80b3c2df38365bd8d9d19a986f0ec0dca7a3d4aec24162919135a72f5e6679bba7b976d10022dd7b3908cda2e0e28b39ad5bdfba281f9bcebdeda5d4e147a005f10975725e7d18af42aa2b15da513715fdb2d64e901c879c3297be52350f29dbc834b2cf357347040898c156247b8f3442459bd4f4f75ccd1043e164b86e5f52f9a6ec9966a1c2f47da708429aa4b60ff9f16fa550e7c9a7f96808ad69e93ac26d2da22d1c28ed015fd60dac73ed7eb82dec66ea51d2c7a587929471e052f85fdbd7b7af7d7ba4152e32b29727e663912a8ffdb36fcdaf13bdb6b05d5d45848dfaf76d6b030bff490f433edd6014875a39d733a7d8ddf9bebb2f37e4585766745,gx-no-cache=1489066202183 HTTP/1.1" 200 30
186.79.38.202 - - [09/Mar/2017:10:29:02 -0300] "GET /cormun/static/menuarrow.gif HTTP/1.1" 404 1015
200.112.49.242 - - [09/Mar/2017:10:29:06 -0300] "POST /cormun/servlet/solicitudot?gx-no-cache=1489066215834 HTTP/1.1" 200 117
200.112.49.242 - - [09/Mar/2017:10:29:06 -0300] "GET /cormun/static/Shared/jqueryui/images/ui-bg_highlight-soft_100_c6c2c8_1x100.png HTTP/1.1" 404 1117
200.112.49.242 - - [09/Mar/2017:10:29:06 -0300] "GET /cormun/static/Shared/jqueryui/images/ui-bg_flat_55_994d53_40x100.png HTTP/1.1" 404 1097
200.112.49.242 - - [09/Mar/2017:10:29:06 -0300] "GET /cormun/static/Shared/jqueryui/images/ui-icons_82798d_256x240.png HTTP/1.1" 404 1089
200.112.49.242 - - [09/Mar/2017:10:29:06 -0300] "GET /cormun/static/Shared/jqueryui/images/ui-icons_ebccce_256x240.png HTTP/1.1" 404 1089
186.67.172.234 - - [09/Mar/2017:10:30:42 -0300] "GET /cormun/servlet/hlogin HTTP/1.1" 200 1718
186.79.38.202 - - [09/Mar/2017:10:31:34 -0300] "GET /cormun/servlet/licenciaspermisos?232866f977574da2794ba5a259b45e5d07101faeaafddfbfe00b9336060575a0ce3a2be299c93626a2c6a957ce75452efbd8feecb9c3c81b3f901465d6d792f8a0d4fdfaec39cd04b38c783acbc72682a9f0f75b864eb2923b8be5832fe011ddde5ac15af0e12a68b3f7da890ef9af8482a803f67d37a778ccb9ef0047ecac7bec683f4e39ea5f17fdc85484690a48374570380a3edb2a0248f4ad1c530e3e4544b3c48c2cd8c726739f4833635bc950,gx-no-cache=1489066224115 HTTP/1.1" 200 30
200.112.49.242 - - [09/Mar/2017:10:31:34 -0300] "POST /cormun/servlet/solicitudot?gx-no-cache=1489066363323 HTTP/1.1" 200 238
186.79.38.202 - - [09/Mar/2017:10:31:34 -0300] "GET /cormun/servlet/licenciaspermisos?232866f977574da2794ba5a259b45e5d442ee12804c551e2c0346762f42b5ae374c79aed860188cb2ad9b96734fb7c17b027fc39eb67ad2153d1abc040b99efb700d036a1e3a5511ee25363fdcee221ab71445a2a94289c268aeb0fbd0dbae80cd3cee2462e4769ef7a18da85b8b5a1c2fca22ba96cc0b8a11667be3ca0ecb744bb18e8f3b46ef4c2a7400a45a6508cb0bac5d8a5dea5851223e866d2e5b6042979c63e646e55d60b8f9ce576c4b34a8,gx-no-cache=1489066224958 HTTP/1.1" 200 29
200.112.49.242 - - [09/Mar/2017:10:31:35 -0300] "GET /cormun/servlet/solicitudot?bf4dfaa4e7e565fc8ba9339d773e6798ed2c63e8b0005ec20d606013b640f2aa2dbd006ba3ba8c5e206f8992f3d15d58e0d5f57551c6329cc9f26b7240e88118ec0090dd42c9d9ea03f43ce05e3318aaab8156e72a2e272fa26000c4456511b015c46c0ce90353009ec18461e44cc7a372f66aba1d2312b16aadf6fe69fccca11f6e3b2181a3043454abdd590059a4d79fffcaf4534e50ad6976edd4d6cb31b6097d813a347f158d637d125e261d9449f70fbe49aa68a82f4cda7d3e64ba2654465cf114c64253413597b156ec25fa4ef8929fdba63687cc93ecceafc7c455033c9b10ef4606b7d63cf4a8f96f89d31229bbd33290ffb204481b9abddc7f2136aeb148aa8178e0e405f9f93d2229903d36be0029f7aa0a0e9ade25cdb9f5030a6c355d37ec670c25599eafb7b4413c4e9c36bef801daacfbfac3cb7ccccc490bde1d5778b31edaa1f861093bb1b5aa2cab373337f2a7e86065e488c09eeb912c49c954fcaad23da84d70c5f083a69dee98a17db0f9d6d23374fd895eb40a9181,gx-no-cache=1489066364793 HTTP/1.1" 200 30
186.79.38.202 - - [09/Mar/2017:10:31:35 -0300] "POST /cormun/servlet/licenciaspermisos?243c8398585c1d6e08c33a87c83837a5,INS,0,,,,gx-no-cache=1489066225533 HTTP/1.1" 200 93
200.112.49.242 - - [09/Mar/2017:10:31:35 -0300] "POST /cormun/servlet/solicitudot?gx-no-cache=1489066365591 HTTP/1.1" 200 30
186.79.38.202 - - [09/Mar/2017:10:31:36 -0300] "GET /cormun/servlet/hpexe_return? HTTP/1.1" 200 1014
200.112.49.242 - - [09/Mar/2017:10:31:37 -0300] "POST /cormun/servlet/solicitudot?gx-no-cache=1489066366338 HTTP/1.1" 200 1290
186.79.38.202 - - [09/Mar/2017:10:31:37 -0300] "GET /cormun/servlet/trlicencias HTTP/1.1" 200 7832
200.112.49.242 - - [09/Mar/2017:10:31:38 -0300] "POST /cormun/servlet/solicitudot?gx-no-cache=1489066367827 HTTP/1.1" 200 117
200.112.49.242 - - [09/Mar/2017:10:31:38 -0300] "GET /cormun/servlet/solicitudot?bf4dfaa4e7e565fc8ba9339d773e679820b39fd0c41dc95f849b9df42d8f8e08640082919d0bd27fb0113c0684c27b557301fcec11b3d34b37e100d2849d8489c5f100a484e62b13c6d32056c9147034a33f8a8a5ebd8d6d7b4af1e2f506f24038d7a7601e1aa51336ce85b78913a006,gx-no-cache=1489066368084 HTTP/1.1" 200 29
200.112.49.242 - - [09/Mar/2017:10:31:38 -0300] "POST /cormun/servlet/solicitudot?gx-no-cache=1489066368267 HTTP/1.1" 200 1273
186.79.38.202 - - [09/Mar/2017:10:31:40 -0300] "GET /cormun/servlet/trlicencias HTTP/1.1" 200 7827
200.112.49.242 - - [09/Mar/2017:10:31:41 -0300] "POST /cormun/servlet/solicitudot?gx-no-cache=1489066368644 HTTP/1.1" 200 1156
200.112.49.242 - - [09/Mar/2017:10:31:48 -0300] "GET /cormun/servlet/prlicenciaspermisos?12872656,L,,MD,,gxPopupLevel%3D0%3B HTTP/1.1" 200 5441
200.112.49.242 - - [09/Mar/2017:10:31:49 -0300] "GET /cormun/static/gxcfg.js?2016122619302491 HTTP/1.1" 200 953
200.112.49.242 - - [09/Mar/2017:10:31:49 -0300] "GET /cormun/static/prlicenciaspermisos.js?2016122619302645 HTTP/1.1" 200 13363
186.79.38.202 - - [09/Mar/2017:10:31:50 -0300] "GET /cormun/servlet/trlicenciaspermisosadjuntos?12665075,20170309000000,L, HTTP/1.1" 200 6152
186.79.38.202 - - [09/Mar/2017:10:31:50 -0300] "GET /cormun/static/gxcfg.js?2016122813131454 HTTP/1.1" 304 -
186.79.38.202 - - [09/Mar/2017:10:31:50 -0300] "GET /cormun/static/trlicenciaspermisosadjuntos.js?2016122813131728 HTTP/1.1" 304 -
186.79.38.202 - - [09/Mar/2017:10:31:52 -0300] "GET /cormun/servlet/trlicenciaspermisosadjuntos?12665075,20170309000000,L, HTTP/1.1" 200 6153
186.79.38.202 - - [09/Mar/2017:10:31:54 -0300] "GET /cormun/servlet/licenciaspermisosadjuntos?INS,12665075,L,20170309000000,, HTTP/1.1" 200 5449
186.79.38.202 - - [09/Mar/2017:10:31:54 -0300] "GET /cormun/static/gxcfg.js?2016122813131386 HTTP/1.1" 304 -
186.79.38.202 - - [09/Mar/2017:10:31:55 -0300] "GET /cormun/static/licenciaspermisosadjuntos.js?2016122813131394 HTTP/1.1" 304 -
186.79.38.202 - - [09/Mar/2017:10:31:55 -0300] "GET /cormun/static/about:blank HTTP/1.1" 404 1011
186.79.38.202 - - [09/Mar/2017:10:31:56 -0300] "GET /cormun/servlet/licenciaspermisosadjuntos?INS,12665075,L,20170309000000,, HTTP/1.1" 200 5437
200.112.49.242 - - [09/Mar/2017:10:32:03 -0300] "POST /cormun/servlet/solicitudot?gx-no-cache=1489066393174 HTTP/1.1" 200 238
200.112.49.242 - - [09/Mar/2017:10:32:03 -0300] "GET /cormun/servlet/solicitudot?bf4dfaa4e7e565fc8ba9339d773e6798ed2c63e8b0005ec20d606013b640f2aa2dbd006ba3ba8c5e206f8992f3d15d58e0d5f57551c6329cc9f26b7240e88118ec0090dd42c9d9ea03f43ce05e3318aaab8156e72a2e272fa26000c4456511b015c46c0ce90353009ec18461e44cc7a372f66aba1d2312b16aadf6fe69fccca11f6e3b2181a3043454abdd590059a4d79fffcaf4534e50ad6976edd4d6cb31b6097d813a347f158d637d125e261d9449f70fbe49aa68a82f4cda7d3e64ba2654465cf114c64253413597b156ec25fa4ef8929fdba63687cc93ecceafc7c455033c9b10ef4606b7d63cf4a8f96f89d31229bbd33290ffb204481b9abddc7f2136aeb148aa8178e0e405f9f93d2229903d36be0029f7aa0a0e9ade25cdb9f5030a6c355d37ec670c25599eafb7b4413c4e9c36bef801daacfbfac3cb7ccccc490bde1d5778b31edaa1f861093bb1b5aa2cab373337f2a7e86065e488c09eeb912c49c954fcaad23da84d70c5f083a69dee98a17db0f9d6d23374fd895eb40a9181,gx-no-cache=1489066393378 HTTP/1.1" 200 30
200.112.49.242 - - [09/Mar/2017:10:32:06 -0300] "POST /cormun/servlet/solicitudot?gx-no-cache=1489066393497 HTTP/1.1" 200 30
200.112.49.242 - - [09/Mar/2017:10:32:06 -0300] "POST /cormun/servlet/solicitudot?gx-no-cache=1489066395706 HTTP/1.1" 200 1290
200.112.49.242 - - [09/Mar/2017:10:32:13 -0300] "GET /cormun/servlet/prlicenciaspermisos?12872656,L,,MD,,gxPopupLevel%3D0%3B HTTP/1.1" 200 5441
200.112.49.242 - - [09/Mar/2017:10:32:22 -0300] "GET /cormun/servlet/prlicenciaspermisos?12872656,L,,MD,,gxPopupLevel%3D0%3B HTTP/1.1" 200 5441
186.79.38.202 - - [09/Mar/2017:10:32:29 -0300] "POST /cormun/servlet/licenciaspermisosadjuntos?243c8398585c1d6e08c33a87c83837a5,INS,12665075,L,20170309000000,, HTTP/1.1" 200 116
186.79.38.202 - - [09/Mar/2017:10:32:29 -0300] "GET /cormun/servlet/hpexe_return? HTTP/1.1" 200 1044
186.79.38.202 - - [09/Mar/2017:10:32:30 -0300] "GET /cormun/servlet/trlicenciaspermisosadjuntos?12665075,20170309000000,L, HTTP/1.1" 200 6626
186.79.38.202 - - [09/Mar/2017:10:32:32 -0300] "GET /cormun/servlet/trlicenciaspermisosadjuntos?12665075,20170309000000,L, HTTP/1.1" 200 6622
200.112.49.242 - - [09/Mar/2017:10:32:34 -0300] "POST /cormun/servlet/solicitudot?gx-no-cache=1489066424567 HTTP/1.1" 200 118
200.112.49.242 - - [09/Mar/2017:10:32:35 -0300] "POST /cormun/servlet/solicitudot?gx-no-cache=1489066424677 HTTP/1.1" 200 1273
200.112.49.242 - - [09/Mar/2017:10:32:35 -0300] "POST /cormun/servlet/solicitudot?gx-no-cache=1489066424856 HTTP/1.1" 200 1156
200.112.49.242 - - [09/Mar/2017:10:32:51 -0300] "POST /cormun/servlet/solicitudot?gx-no-cache=1489066440663 HTTP/1.1" 200 41
200.112.49.242 - - [09/Mar/2017:10:32:51 -0300] "POST /cormun/servlet/solicitudot?gx-no-cache=1489066440793 HTTP/1.1" 200 1273
200.112.49.242 - - [09/Mar/2017:10:32:51 -0300] "POST /cormun/servlet/solicitudot?gx-no-cache=1489066441006 HTTP/1.1" 200 1156
200.112.49.242 - - [09/Mar/2017:10:32:53 -0300] "POST /cormun/servlet/solicitudot?gx-no-cache=1489066442767 HTTP/1.1" 200 1273
200.112.49.242 - - [09/Mar/2017:10:32:53 -0300] "POST /cormun/servlet/solicitudot?gx-no-cache=1489066442956 HTTP/1.1" 200 1156
186.79.38.202 - - [09/Mar/2017:10:33:02 -0300] "POST /cormun/servlet/trlicenciaspermisosadjuntos?243c8398585c1d6e08c33a87c83837a5,12665075,20170309000000,L,,gx-no-cache=1489066313042 HTTP/1.1" 200 90
186.79.38.202 - - [09/Mar/2017:10:33:02 -0300] "GET /cormun/servlet/hpexe_link HTTP/1.1" 200 988
186.79.38.202 - - [09/Mar/2017:10:33:03 -0300] "GET /cormun/servlet/trlicencias HTTP/1.1" 200 7829
200.112.49.242 - - [09/Mar/2017:10:33:03 -0300] "GET /cormun/servlet/solicitudot?bf4dfaa4e7e565fc8ba9339d773e6798716e502ac422049d569444724278cb547f3825b019b5309d8e87d00ab019c7582b214c48753c8d25aea1b21184e3dc4094426e6246943bf6fd6c4dacfdbd2499ecf2f4723422bae46e7834f9080ccd0d57df361e2ee3a0af2adfd9ae7bec4f018eccca4d82f988f5a2c7cc606b52d9b61e1c8d2f7dc90af07d3d13506085d7f2aee0b05ecacdf673f7db984cad5067688c2b3e603d8ac4e5cf3b1543ef3d24fddabb04fb5d4c2f800948fecc1fd4d271,gx-no-cache=1489066452434 HTTP/1.1" 200 30
200.112.49.242 - - [09/Mar/2017:10:33:05 -0300] "POST /cormun/servlet/solicitudot?e25d14ae6565b97557c48d052f6eb153,INS,0,0,,gx-no-cache=1489066453263 HTTP/1.1" 200 93
200.112.49.242 - - [09/Mar/2017:10:33:05 -0300] "GET /cormun/servlet/hpexe_return? HTTP/1.1" 200 1012
186.79.38.202 - - [09/Mar/2017:10:33:05 -0300] "GET /cormun/servlet/trlicencias HTTP/1.1" 200 7827
200.112.49.242 - - [09/Mar/2017:10:33:05 -0300] "GET /cormun/servlet/trsolicitudot HTTP/1.1" 200 8296
200.112.49.242 - - [09/Mar/2017:10:33:06 -0300] "GET /cormun//static/Resources/PXToolsRemoveAllAction.png HTTP/1.1" 304 -
200.112.49.242 - - [09/Mar/2017:10:33:06 -0300] "GET /cormun//static/Resources/PXToolsActionView.png HTTP/1.1" 304 -
186.67.172.234 - - [09/Mar/2017:10:33:07 -0300] "POST /cormun/servlet/solicitudot?gx-no-cache=1489066457388 HTTP/1.1" 200 30
186.79.38.202 - - [09/Mar/2017:10:33:14 -0300] "GET /cormun/servlet/alicenciaprn?12665075,L,20170309000000,PU HTTP/1.1" 200 1517
200.112.49.242 - - [09/Mar/2017:10:33:16 -0300] "POST /cormun/servlet/trsolicitudot?e25d14ae6565b97557c48d052f6eb153,gx-no-cache=1489066466266 HTTP/1.1" 200 107
200.112.49.242 - - [09/Mar/2017:10:33:17 -0300] "GET /cormun/servlet/trsolicitudadjuntos?2017,5367, HTTP/1.1" 200 6097
200.112.49.242 - - [09/Mar/2017:10:33:19 -0300] "GET /cormun/servlet/solicitudotadjuntos?INS,2017,5367,,1, HTTP/1.1" 200 6031
200.112.49.242 - - [09/Mar/2017:10:33:19 -0300] "GET /cormun/static/solicitudotadjuntos.js?201612218465969 HTTP/1.1" 304 -
200.112.49.242 - - [09/Mar/2017:10:33:20 -0300] "HEAD /cormun/static/about:blank HTTP/1.1" 404 -
200.112.49.242 - - [09/Mar/2017:10:33:20 -0300] "GET /cormun/servlet/solicitudotadjuntos?bf4dfaa4e7e565fc8ba9339d773e6798b56d0d437820ce8baa417e2d127407c569194f92f16be177496c2ab54dff5742,gx-no-cache=1489066470495 HTTP/1.1" 200 30
200.112.49.242 - - [09/Mar/2017:10:33:21 -0300] "POST /cormun/servlet/solicitudotadjuntos?e25d14ae6565b97557c48d052f6eb153,INS,2017,5367,,1,,gx-no-cache=1489066470612 HTTP/1.1" 200 3829
200.112.49.242 - - [09/Mar/2017:10:33:30 -0300] "POST /cormun/servlet/solicitudotadjuntos?gx-no-cache=1489066479854 HTTP/1.1" 200 26
186.67.172.234 - - [09/Mar/2017:10:34:38 -0300] "POST /cormun/servlet/solicitudot?gx-no-cache=1489066547677 HTTP/1.1" 200 70
186.67.172.234 - - [09/Mar/2017:10:34:38 -0300] "POST /cormun/servlet/solicitudot?gx-no-cache=1489066547744 HTTP/1.1" 200 38
186.9.132.225 - - [09/Mar/2017:10:34:55 -0300] "GET /cormun/servlet/solicitudot?b23275ee81be182f476047210e6c543f8864dd529cf98cad2d4ea7300c83d8609b0f479d367082cdaf32edd8075b5f57b27b609e5e3ed7750f078aa27dc1d3f3a5efbac008d112751e5f8369827abc6388e7d6b3592614d6cf5b8cbfbccd77d3a1260929dab0cbff8b04ca260760d26f,gx-no-cache=1489066561863 HTTP/1.1" 200 29
186.9.132.225 - - [09/Mar/2017:10:34:57 -0300] "POST /cormun/servlet/solicitudot?gx-no-cache=1489066563896 HTTP/1.1" 200 643
186.9.132.225 - - [09/Mar/2017:10:35:17 -0300] "POST /cormun/servlet/solicitudot?gx-no-cache=1489066583134 HTTP/1.1" 200 1157
200.112.49.242 - - [09/Mar/2017:10:35:45 -0300] "GET /cormun/servlet/solicitudotadjuntos?bf4dfaa4e7e565fc8ba9339d773e6798039cf1392dab1d1bdd38390c803b781d,gx-no-cache=1489066615348 HTTP/1.1" 200 30
200.112.49.242 - - [09/Mar/2017:10:35:45 -0300] "GET /cormun/servlet/solicitudotadjuntos?bf4dfaa4e7e565fc8ba9339d773e6798039cf1392dab1d1bdd38390c803b781d,gx-no-cache=1489066615454 HTTP/1.1" 200 30
200.112.49.242 - - [09/Mar/2017:10:35:50 -0300] "POST /cormun/servlet/solicitudotadjuntos?e25d14ae6565b97557c48d052f6eb153,INS,2017,5367,,1, HTTP/1.1" 200 116
200.112.49.242 - - [09/Mar/2017:10:35:51 -0300] "GET /cormun/servlet/hpexe_return? HTTP/1.1" 200 1030
200.112.49.242 - - [09/Mar/2017:10:35:51 -0300] "GET /cormun/servlet/trsolicitudadjuntos?2017,5367, HTTP/1.1" 200 8244
200.112.49.242 - - [09/Mar/2017:10:35:55 -0300] "GET /cormun/servlet/trautorizarsolicitud? HTTP/1.1" 200 6926
200.112.49.242 - - [09/Mar/2017:10:35:59 -0300] "GET /cormun/servlet/trvisualizadoreventos? HTTP/1.1" 200 6726
200.112.49.242 - - [09/Mar/2017:10:35:59 -0300] "GET /cormun/static/trvisualizadoreventos.js?2016101716203614 HTTP/1.1" 304 -
200.112.49.242 - - [09/Mar/2017:10:36:03 -0300] "GET /cormun/servlet/trsolicitudot? HTTP/1.1" 200 8293
200.112.49.242 - - [09/Mar/2017:10:36:07 -0300] "POST /cormun/servlet/trsolicitudot?e25d14ae6565b97557c48d052f6eb153,,gx-no-cache=1489066637035 HTTP/1.1" 200 4393
200.112.49.242 - - [09/Mar/2017:10:36:08 -0300] "POST /cormun/servlet/trsolicitudot?e25d14ae6565b97557c48d052f6eb153,,gx-no-cache=1489066637630 HTTP/1.1" 200 4132
200.112.49.242 - - [09/Mar/2017:10:36:08 -0300] "GET /cormun/static/Shared/jqueryui/images/ui-icons_82798d_256x240.png HTTP/1.1" 404 1089
200.112.49.242 - - [09/Mar/2017:10:36:08 -0300] "GET /cormun/static/Shared/jqueryui/images/ui-bg_flat_55_fafafa_40x100.png HTTP/1.1" 404 1097
200.112.49.242 - - [09/Mar/2017:10:36:08 -0300] "GET /cormun/static/Shared/jqueryui/images/ui-bg_highlight-soft_100_c6c2c8_1x100.png HTTP/1.1" 404 1117
200.112.49.242 - - [09/Mar/2017:10:36:08 -0300] "GET /cormun/static/Shared/jqueryui/images/ui-icons_8d78a5_256x240.png HTTP/1.1" 404 1089
200.112.49.242 - - [09/Mar/2017:10:36:13 -0300] "GET /cormun/servlet/trautorizarsolicitud? HTTP/1.1" 200 8238
200.112.49.242 - - [09/Mar/2017:10:36:17 -0300] "POST /cormun/servlet/trautorizarsolicitud?e25d14ae6565b97557c48d052f6eb153,,gx-no-cache=1489066647137 HTTP/1.1" 200 4364
200.112.49.242 - - [09/Mar/2017:10:36:18 -0300] "POST /cormun/servlet/trautorizarsolicitud?e25d14ae6565b97557c48d052f6eb153,,gx-no-cache=1489066647736 HTTP/1.1" 200 4105
200.112.49.242 - - [09/Mar/2017:10:36:18 -0300] "GET /cormun/static/Shared/jqueryui/images/ui-bg_flat_55_fafafa_40x100.png HTTP/1.1" 404 1097
200.112.49.242 - - [09/Mar/2017:10:36:18 -0300] "GET /cormun/static/Shared/jqueryui/images/ui-bg_highlight-soft_100_c6c2c8_1x100.png HTTP/1.1" 404 1117
200.112.49.242 - - [09/Mar/2017:10:36:18 -0300] "GET /cormun/static/Shared/jqueryui/images/ui-icons_8d78a5_256x240.png HTTP/1.1" 404 1089
200.112.49.242 - - [09/Mar/2017:10:36:18 -0300] "GET /cormun/static/Shared/jqueryui/images/ui-icons_82798d_256x240.png HTTP/1.1" 404 1089
186.67.172.234 - - [09/Mar/2017:10:39:01 -0300] "GET /cormun/servlet/solicitudot?eee9d27ddbf6b7fd028e1b98fb5490192e390ec7c97c69c43bb32308ea047b9b39e65c88780b3db9c544be226315a0a20feb75e99d26eea52dea000713c90492415a06fdb2b1a8f643f7a3cd22fa3890ab602235e55d07e77fd66e2777af09b576cad8177bae7f1d41f8078865bc9261,gx-no-cache=1489066811127 HTTP/1.1" 200 29
186.67.172.234 - - [09/Mar/2017:10:39:01 -0300] "GET /cormun/servlet/solicitudot?eee9d27ddbf6b7fd028e1b98fb549019cae91252ffd6424e7742f683888a19fbf0d2462d961fba01beb0e2529db385e23c77559bb30cd702ee784eb8ee18b7aa586de4ffc2c7ec8a23ddaeec8d36977ed7c9a77bda63bc038f2ff3665d5e291ae14b68bec2e9aceafe448cf3d84eaca449e1ac3cc95b4db764643dd68f3dd16b4ad35bc7273d530b8f5ec6e7ec25eede7b53d7581a53162e494e5cc5d406bf2b,gx-no-cache=1489066811359 HTTP/1.1" 200 57
186.67.172.234 - - [09/Mar/2017:10:39:04 -0300] "GET /cormun/servlet/solicitudot?eee9d27ddbf6b7fd028e1b98fb5490199579c3ffba589933cfaed564b5a3e1dcf0d2462d961fba01beb0e2529db385e23c77559bb30cd702ee784eb8ee18b7aa8d14137ff70974758486392a978a8e34625defec8ea25b34400433302ddaa7a201cae41982a28eaed5cd6904533aa6b351b6e75e9f391726adb710a66946d5f7,gx-no-cache=1489066814167 HTTP/1.1" 200 57
186.67.172.234 - - [09/Mar/2017:10:39:16 -0300] "GET /cormun/static/menuarrow.gif HTTP/1.1" 404 1015
186.67.172.234 - - [09/Mar/2017:10:39:59 -0300] "GET /cormun/servlet/solicitudot?eee9d27ddbf6b7fd028e1b98fb549019a72c51cd0177e0f1d53f280773463bdb8d108380eb89cee0f3676efd85528fafb9395682b370407e9382debd3d1bb5914d012253dbd8154af09d2df7be0762de2884530b0cf4306b83aeec6ae874a88663dd6f2c65c245a7c794e1c48a7580abded94d92703043a7b564c05076d4250ac15230750bd2939e8af500b8b9c0fe171fd13185d97ba2cc389092eeb697e78b83089e4437ccb80c0c08e84b7bf0bd9b,gx-no-cache=1489066868631 HTTP/1.1" 200 30
186.79.38.202 - - [09/Mar/2017:10:40:37 -0300] "POST /cormun/servlet/trlicencias?243c8398585c1d6e08c33a87c83837a5,gx-no-cache=1489066768173 HTTP/1.1" 200 4056
186.79.38.202 - - [09/Mar/2017:10:40:38 -0300] "GET /cormun/static/Shared/jqueryui/images/ui-bg_highlight-soft_100_c6c2c8_1x100.png HTTP/1.1" 404 1117
186.79.38.202 - - [09/Mar/2017:10:40:38 -0300] "GET /cormun/static/Shared/jqueryui/images/ui-icons_82798d_256x240.png HTTP/1.1" 404 1089
186.79.38.202 - - [09/Mar/2017:10:40:38 -0300] "GET /cormun/static/Shared/jqueryui/images/ui-bg_flat_55_fafafa_40x100.png HTTP/1.1" 404 1097
186.79.38.202 - - [09/Mar/2017:10:40:38 -0300] "GET /cormun/static/Shared/jqueryui/images/ui-icons_8d78a5_256x240.png HTTP/1.1" 404 1089
186.79.38.202 - - [09/Mar/2017:10:40:47 -0300] "GET /cormun/servlet/hlogin HTTP/1.1" 200 1723
186.79.38.202 - - [09/Mar/2017:10:41:04 -0300] "POST /cormun/servlet/hlogin?243c8398585c1d6e08c33a87c83837a5,gx-no-cache=1489066794999 HTTP/1.1" 200 90
186.79.38.202 - - [09/Mar/2017:10:41:04 -0300] "GET /cormun/servlet/hpexe_link HTTP/1.1" 200 955
186.79.38.202 - - [09/Mar/2017:10:41:04 -0300] "GET /cormun/servlet/hhome HTTP/1.1" 200 3964
186.79.38.202 - - [09/Mar/2017:10:41:06 -0300] "GET /cormun/servlet/hhome HTTP/1.1" 200 3961
186.79.38.202 - - [09/Mar/2017:10:41:11 -0300] "GET /cormun/servlet/trautorizarsolicitud? HTTP/1.1" 200 6888
186.79.38.202 - - [09/Mar/2017:10:41:13 -0300] "GET /cormun/servlet/trautorizarsolicitud? HTTP/1.1" 200 6888
186.79.38.202 - - [09/Mar/2017:10:41:15 -0300] "GET /cormun/servlet/trlicencias? HTTP/1.1" 200 6828
186.79.38.202 - - [09/Mar/2017:10:41:17 -0300] "GET /cormun/servlet/trlicencias? HTTP/1.1" 200 6827
186.79.38.202 - - [09/Mar/2017:10:41:19 -0300] "POST /cormun/servlet/trlicencias?243c8398585c1d6e08c33a87c83837a5,,gx-no-cache=1489066809711 HTTP/1.1" 200 4096
186.79.38.202 - - [09/Mar/2017:10:41:21 -0300] "POST /cormun/servlet/trlicencias?243c8398585c1d6e08c33a87c83837a5,,gx-no-cache=1489066812191 HTTP/1.1" 200 4096
186.79.38.202 - - [09/Mar/2017:10:41:27 -0300] "GET /cormun/servlet/trvisualizadoreventos? HTTP/1.1" 200 7055
186.79.38.202 - - [09/Mar/2017:10:41:28 -0300] "GET /cormun/servlet/trvisualizadoreventos? HTTP/1.1" 200 7055
186.79.38.202 - - [09/Mar/2017:10:41:42 -0300] "GET /cormun/servlet/trlicencias? HTTP/1.1" 200 6828
186.79.38.202 - - [09/Mar/2017:10:41:44 -0300] "GET /cormun/servlet/trlicencias? HTTP/1.1" 200 6827
186.79.38.202 - - [09/Mar/2017:10:41:49 -0300] "POST /cormun/servlet/trlicencias?243c8398585c1d6e08c33a87c83837a5,,gx-no-cache=1489066840129 HTTP/1.1" 200 90
186.79.38.202 - - [09/Mar/2017:10:41:49 -0300] "GET /cormun/servlet/hpexe_link HTTP/1.1" 200 969
186.79.38.202 - - [09/Mar/2017:10:41:50 -0300] "GET /cormun/servlet/trautorizarsolicitud HTTP/1.1" 200 6889
186.79.38.202 - - [09/Mar/2017:10:41:51 -0300] "GET /cormun/servlet/trautorizarsolicitud HTTP/1.1" 200 6888
186.79.194.182 - - [09/Mar/2017:10:41:51 -0300] "GET /cormun/servlet/hlogin HTTP/1.1" 200 1721
186.79.194.182 - - [09/Mar/2017:10:41:52 -0300] "GET /cormun/static/gxcfg.js?201612216162538 HTTP/1.1" 304 -
186.79.194.182 - - [09/Mar/2017:10:41:53 -0300] "GET /cormun/servlet/hlogin HTTP/1.1" 200 1731
186.79.38.202 - - [09/Mar/2017:10:41:57 -0300] "POST /cormun/servlet/trautorizarsolicitud?243c8398585c1d6e08c33a87c83837a5,gx-no-cache=1489066847855 HTTP/1.1" 200 4116
186.79.38.202 - - [09/Mar/2017:10:42:04 -0300] "POST /cormun/servlet/trautorizarsolicitud?243c8398585c1d6e08c33a87c83837a5,gx-no-cache=1489066855244 HTTP/1.1" 200 4114
186.79.194.182 - - [09/Mar/2017:10:42:09 -0300] "POST /cormun/servlet/hlogin?9ea5dd963797908914c3040111ba9c8e,gx-no-cache=1489066999408 HTTP/1.1" 200 90
186.79.194.182 - - [09/Mar/2017:10:42:09 -0300] "GET /cormun/servlet/hpexe_link HTTP/1.1" 200 956
186.79.194.182 - - [09/Mar/2017:10:42:09 -0300] "GET /cormun/static/gxcfg.js?201612218515529 HTTP/1.1" 304 -
186.79.194.182 - - [09/Mar/2017:10:42:09 -0300] "GET /cormun/servlet/hhome HTTP/1.1" 200 3741
186.79.194.182 - - [09/Mar/2017:10:42:09 -0300] "GET /cormun/static/gxcfg.js?201612218515568 HTTP/1.1" 304 -
186.79.194.182 - - [09/Mar/2017:10:42:11 -0300] "GET /cormun/servlet/hhome HTTP/1.1" 200 3739
186.79.194.182 - - [09/Mar/2017:10:42:17 -0300] "GET /cormun/servlet/trsolicitudot? HTTP/1.1" 200 7963
186.79.194.182 - - [09/Mar/2017:10:42:19 -0300] "GET /cormun/servlet/trsolicitudot? HTTP/1.1" 200 7962
186.79.194.182 - - [09/Mar/2017:10:42:51 -0300] "GET /cormun/servlet/solicitudot?INS,0,0, HTTP/1.1" 200 12538
186.79.194.182 - - [09/Mar/2017:10:42:51 -0300] "GET /cormun/static/gxcfg.js?20171191042720 HTTP/1.1" 304 -
186.79.194.182 - - [09/Mar/2017:10:42:53 -0300] "GET /cormun/servlet/solicitudot?INS,0,0, HTTP/1.1" 200 12542
186.79.194.182 - - [09/Mar/2017:10:43:26 -0300] "POST /cormun/servlet/solicitudot?gx-no-cache=1489067076832 HTTP/1.1" 200 3148
186.79.194.182 - - [09/Mar/2017:10:43:27 -0300] "POST /cormun/servlet/solicitudot?9ea5dd963797908914c3040111ba9c8e,INS,0,0,,gx-no-cache=1489067077436 HTTP/1.1" 200 9747
186.79.194.182 - - [09/Mar/2017:10:43:33 -0300] "GET /cormun/servlet/solicitudot?2086aa562adaee6af6542789847c0c36bc1cc9fde2b3aa7457b6fe0f8a02b152f2bbcd2337f812095104cf1cd984a8e2,gx-no-cache=1489067083698 HTTP/1.1" 200 30
186.79.194.182 - - [09/Mar/2017:10:43:33 -0300] "POST /cormun/servlet/solicitudot?gx-no-cache=1489067083849 HTTP/1.1" 200 255
186.79.194.182 - - [09/Mar/2017:10:43:33 -0300] "GET /cormun/servlet/solicitudot?2086aa562adaee6af6542789847c0c36f8f5d84d332caae12927ab906eb6c7d2f408bbab1062e421b66cbe59f8b2407ffc41133319179cb8c742c973fcb54d36e44b44683ea229079ace090c251f71c3fd51877e09214cfef3dd8840057f48c10fcf7a5f88a0c20dfbe6516bb7149a5385528c2aa9a7ce7139f53cba35827b1a4be3996243c7bb0a20c05ddbeb143503ffb31ca9c8c6ae492c7df140fc83bd53795d4ee1c1b6613e010b62d5ac75d07d634666d83e2f5fa235cee3f80fe0734346ca3682520d9567b99808fa36f64e27ae204ae3ee20847ba31b202c34d1d97b80b3d09b5381ffc2f265f0f9b5027fb1fd86ad6321bb715716588244978f693b3209a4df43f2279654f2feff2b6eb61d1433e7a3e4597d71d24718b591938a702cfe895de3e3dc0480af1288fe0c86570418e2487cb0d39f1b5df701d178e5a58c841b3578271f19f41e15d72e9627dadbee28704221631f768a86ab79a513f68d5f89ee8b8bb3cc231921e495d52d369ec61f429da0a1fa4f6fab3c6d01b298,gx-no-cache=1489067083993 HTTP/1.1" 200 30
186.79.194.182 - - [09/Mar/2017:10:43:35 -0300] "POST /cormun/servlet/solicitudot?gx-no-cache=1489067086142 HTTP/1.1" 200 30
200.112.49.242 - - [09/Mar/2017:10:44:15 -0300] "GET /cormun/servlet/trlicencias? HTTP/1.1" 200 6859
200.112.49.242 - - [09/Mar/2017:10:44:24 -0300] "GET /cormun/servlet/trlicencias? HTTP/1.1" 200 6858
200.112.49.242 - - [09/Mar/2017:10:44:32 -0300] "GET /cormun/servlet/licenciaspermisos?INS,0,,, HTTP/1.1" 200 7363
186.79.194.182 - - [09/Mar/2017:10:44:33 -0300] "POST /cormun/servlet/solicitudot?gx-no-cache=1489067144101 HTTP/1.1" 200 30
186.79.194.182 - - [09/Mar/2017:10:44:43 -0300] "GET /cormun/servlet/prcontratosol?7097476,,,,,MD,,gxPopupLevel%3D0%3B HTTP/1.1" 200 5889
186.79.194.182 - - [09/Mar/2017:10:44:43 -0300] "GET /cormun/static/gxcfg.js?2016102711553248 HTTP/1.1" 304 -
186.79.194.182 - - [09/Mar/2017:10:44:47 -0300] "POST /cormun/servlet/solicitudot?gx-no-cache=1489067158182 HTTP/1.1" 200 1291
186.79.194.182 - - [09/Mar/2017:10:44:48 -0300] "POST /cormun/servlet/solicitudot?gx-no-cache=1489067158434 HTTP/1.1" 200 38
186.79.194.182 - - [09/Mar/2017:10:44:48 -0300] "GET /cormun/servlet/solicitudot?2086aa562adaee6af6542789847c0c3621d89bda43c1e1a024ab045a75ee4415b5e1aac8ca6eb42d2b1f045851c13e2d5e578f89bad2fd365e74ba565f72b699382ac87abf78d1dd15e2aa8be64532b7ad6dd48a118b68b2f0dfb211a273d9d55666e37448d57ed7cce2022db730384b0513cd1d6151739426406b0c513295808b507162d8beec26066919e31296eb02149732936acb28eef8937302d23167d164b48b38f7959391aae018a15c3c6581f9e6eb32c79a235bfefd95e9a642556f2299ef803c32f7887e852181b497a07a,gx-no-cache=1489067158566 HTTP/1.1" 200 29
186.79.194.182 - - [09/Mar/2017:10:44:48 -0300] "POST /cormun/servlet/solicitudot?gx-no-cache=1489067158663 HTTP/1.1" 200 1275
186.79.194.182 - - [09/Mar/2017:10:44:48 -0300] "POST /cormun/servlet/solicitudot?gx-no-cache=1489067158860 HTTP/1.1" 200 1157
200.112.49.242 - - [09/Mar/2017:10:44:54 -0300] "GET /cormun/servlet/prfichaempleado?,MD,,gxPopupLevel%3D0%3B HTTP/1.1" 200 8864
186.79.194.182 - - [09/Mar/2017:10:45:17 -0300] "GET /cormun/servlet/solicitudot?2086aa562adaee6af6542789847c0c3621d89bda43c1e1a024ab045a75ee4415b5e1aac8ca6eb42d2b1f045851c13e2dd7508ef049d6ba02a8e963b263278cb4382ac87abf78d1dd15e2aa8be64532b7ad6dd48a118b68b2f0dfb211a273d9d55666e37448d57ed7cce2022db730384b0513cd1d6151739426406b0c513295808b507162d8beec26066919e31296eb02149732936acb28eef8937302d23167d164b48b38f7959391aae018a15c3c6581f9e6eb32c79a235bfefd95e9a642556f2299ef803c32f7887e852181b497a07a,gx-no-cache=1489067188054 HTTP/1.1" 200 29
186.79.194.182 - - [09/Mar/2017:10:45:24 -0300] "POST /cormun/servlet/solicitudot?gx-no-cache=1489067194724 HTTP/1.1" 200 1275
186.79.194.182 - - [09/Mar/2017:10:45:24 -0300] "POST /cormun/servlet/solicitudot?gx-no-cache=1489067195012 HTTP/1.1" 200 1157
186.79.194.182 - - [09/Mar/2017:10:45:24 -0300] "GET /cormun/static/menuarrow.gif HTTP/1.1" 404 1015
186.79.194.182 - - [09/Mar/2017:10:45:30 -0300] "POST /cormun/servlet/solicitudot?gx-no-cache=1489067200738 HTTP/1.1" 200 1275
186.79.194.182 - - [09/Mar/2017:10:45:30 -0300] "POST /cormun/servlet/solicitudot?gx-no-cache=1489067200972 HTTP/1.1" 200 1157
186.79.194.182 - - [09/Mar/2017:10:45:50 -0300] "GET /cormun/servlet/solicitudot?2086aa562adaee6af6542789847c0c36855249020d66a4ec2f6a887b6f95f0369ea6e81c80a8708a517e28489c32a60acfc21183f38a6bc474cc4f47f2a41aa89275d3b2b42850613a12ad560aa43cb0e1e01e65a50cbb1b442c348c1c5677f268136b58e423eee7c36dc59cf1e74b387449c6f50a4819ce62e84ff813fd13203a659df92505e75ac308bede95bf5f65548a13a2fcfae853bd58a1d0437bbc53aba40524a4ec15981ac6a130cbf4f182,gx-no-cache=1489067220769 HTTP/1.1" 200 30
186.79.194.182 - - [09/Mar/2017:10:46:08 -0300] "POST /cormun/servlet/solicitudot?9ea5dd963797908914c3040111ba9c8e,INS,0,0,,gx-no-cache=1489067238706 HTTP/1.1" 200 11114
186.79.194.182 - - [09/Mar/2017:10:46:09 -0300] "GET /cormun/static/Shared/jqueryui/images/ui-bg_highlight-soft_100_c6c2c8_1x100.png HTTP/1.1" 404 1117
186.79.194.182 - - [09/Mar/2017:10:46:09 -0300] "GET /cormun/static/Shared/jqueryui/images/ui-icons_82798d_256x240.png HTTP/1.1" 404 1089
186.79.194.182 - - [09/Mar/2017:10:46:09 -0300] "GET /cormun/static/Shared/jqueryui/images/ui-icons_ebccce_256x240.png HTTP/1.1" 404 1089
186.79.194.182 - - [09/Mar/2017:10:46:09 -0300] "GET /cormun/static/Shared/jqueryui/images/ui-bg_flat_55_994d53_40x100.png HTTP/1.1" 404 1097
186.79.206.45 - - [09/Mar/2017:10:46:10 -0300] "GET /cormun/servlet/solicitudot?a13836e92802ffb8ea094ef97435edd514abb72475bd8451661e459b69d3c1a4b965fb4edc1b75d472b93d3309169c9a6ae67fba5999d44785872674df4447e62eb8e0bcb012c94e6156500271712f7e6315c83abdd2313ef4b24a6631b117d386383b857ad9520dd40e82a7fbd458b3,gx-no-cache=1489067240126 HTTP/1.1" 200 29
186.79.206.45 - - [09/Mar/2017:10:46:10 -0300] "POST /cormun/servlet/solicitudot?gx-no-cache=1489067240249 HTTP/1.1" 200 643
200.112.49.242 - - [09/Mar/2017:10:46:10 -0300] "POST /cormun/servlet/prfichaempleado?e25d14ae6565b97557c48d052f6eb153,,MD,,gxPopupLevel%3D0%3B,gx-no-cache=1489067239478 HTTP/1.1" 200 3189
186.79.206.45 - - [09/Mar/2017:10:46:12 -0300] "POST /cormun/servlet/solicitudot?gx-no-cache=1489067241905 HTTP/1.1" 200 1157
186.79.206.45 - - [09/Mar/2017:10:46:19 -0300] "GET /cormun/static/menuarrow.gif HTTP/1.1" 404 1015
186.79.206.45 - - [09/Mar/2017:10:46:27 -0300] "GET /cormun/servlet/solicitudot?a13836e92802ffb8ea094ef97435edd5fcd48ab5aa26fd74a1298b82defb486ebe9127171b7d7e6d74415b2ddcbf59291735f005bb8c80e7d5c6cf068f6fda0bfa55b2d6393e2671292b18ae1213bfdb6a5a75f4797cf2c74cf50d53bee50057745cf08144dc8591ad28c4deb565505799dba1571680354cb95cea0966f720a21307a2a1bacc6103e9cf91a86089ce04fe72efb5df4b8f4d79493047e6257b9ab51753e619c4e689fab73ef94e039ef6,gx-no-cache=1489067257023 HTTP/1.1" 200 30
200.112.49.242 - - [09/Mar/2017:10:46:27 -0300] "POST /cormun/servlet/prfichaempleado?e25d14ae6565b97557c48d052f6eb153,,MD,,gxPopupLevel%3D0%3B,gx-no-cache=1489067257361 HTTP/1.1" 200 3189
200.112.49.242 - - [09/Mar/2017:10:46:29 -0300] "POST /cormun/servlet/prfichaempleado?e25d14ae6565b97557c48d052f6eb153,,MD,,gxPopupLevel%3D0%3B,gx-no-cache=1489067258543 HTTP/1.1" 200 3189
200.112.49.242 - - [09/Mar/2017:10:46:33 -0300] "POST /cormun/servlet/prfichaempleado?e25d14ae6565b97557c48d052f6eb153,,MD,,gxPopupLevel%3D0%3B,gx-no-cache=1489067263328 HTTP/1.1" 200 3189
186.79.194.182 - - [09/Mar/2017:10:46:34 -0300] "GET /cormun/servlet/solicitudot?2086aa562adaee6af6542789847c0c36855249020d66a4ec2f6a887b6f95f03647468fcc32411837ad9bfc0ab4debf96cfc21183f38a6bc474cc4f47f2a41aa89275d3b2b42850613a12ad560aa43cb0e1e01e65a50cbb1b442c348c1c5677f268136b58e423eee7c36dc59cf1e74b387449c6f50a4819ce62e84ff813fd13203a659df92505e75ac308bede95bf5f65548a13a2fcfae853bd58a1d0437bbc53aba40524a4ec15981ac6a130cbf4f182,gx-no-cache=1489067264867 HTTP/1.1" 200 30
186.79.194.182 - - [09/Mar/2017:10:46:35 -0300] "POST /cormun/servlet/solicitudot?9ea5dd963797908914c3040111ba9c8e,INS,0,0,,gx-no-cache=1489067265112 HTTP/1.1" 200 11158
192.168.10.96 - - [09/Mar/2017:10:46:44 -0300] "GET /cormun/servlet/trconsultaempleado? HTTP/1.1" 200 6523
192.168.10.96 - - [09/Mar/2017:10:46:45 -0300] "GET /cormun/servlet/trconsultaempleado? HTTP/1.1" 200 6523
192.168.10.96 - - [09/Mar/2017:10:46:45 -0300] "GET /cormun/servlet/trconsultaempleado? HTTP/1.1" 200 6523
192.168.10.96 - - [09/Mar/2017:10:46:45 -0300] "GET /cormun/servlet/trconsultaempleado? HTTP/1.1" 200 6523
200.112.49.242 - - [09/Mar/2017:10:46:46 -0300] "GET /cormun/servlet/licenciaspermisos?dfc633c42492c205a58cc99c9b06f5ef27203d510d72c80708eb6c1b8e0f46ded178272e56ba8127a601b9599dc8f3c1,gx-no-cache=1489067275904 HTTP/1.1" 200 72
200.112.49.242 - - [09/Mar/2017:10:46:46 -0300] "POST /cormun/servlet/licenciaspermisos?e25d14ae6565b97557c48d052f6eb153,INS,0,,,,gx-no-cache=1489067275999 HTTP/1.1" 200 4607
192.168.10.96 - - [09/Mar/2017:10:46:53 -0300] "POST /cormun/servlet/trconsultaempleado?dde6c36a16d9998a2854a063f79e944d,,gx-no-cache=1489070496708 HTTP/1.1" 200 4103
192.168.10.96 - - [09/Mar/2017:10:47:04 -0300] "POST /cormun/servlet/trconsultaempleado?dde6c36a16d9998a2854a063f79e944d,,gx-no-cache=1489070508185 HTTP/1.1" 200 4333
186.79.194.182 - - [09/Mar/2017:10:47:06 -0300] "GET /cormun/servlet/prcontratosol?7097476,,,,,MD,,gxPopupLevel%3D0%3B HTTP/1.1" 200 5889
192.168.10.96 - - [09/Mar/2017:10:47:06 -0300] "GET /cormun/servlet/trsolicitudnombre?16542623, HTTP/1.1" 200 7179
192.168.10.96 - - [09/Mar/2017:10:47:06 -0300] "GET /cormun/servlet/trsolicitudnombre?16542623, HTTP/1.1" 200 7179
186.79.194.182 - - [09/Mar/2017:10:47:11 -0300] "POST /cormun/servlet/solicitudot?gx-no-cache=1489067302175 HTTP/1.1" 200 30
186.79.194.182 - - [09/Mar/2017:10:47:12 -0300] "POST /cormun/servlet/solicitudot?gx-no-cache=1489067302298 HTTP/1.1" 200 1291
186.79.194.182 - - [09/Mar/2017:10:47:12 -0300] "POST /cormun/servlet/solicitudot?gx-no-cache=1489067302579 HTTP/1.1" 200 41
186.79.194.182 - - [09/Mar/2017:10:47:12 -0300] "POST /cormun/servlet/solicitudot?gx-no-cache=1489067302698 HTTP/1.1" 200 1275
186.79.194.182 - - [09/Mar/2017:10:47:12 -0300] "POST /cormun/servlet/solicitudot?gx-no-cache=1489067302898 HTTP/1.1" 200 1157
186.79.194.182 - - [09/Mar/2017:10:47:15 -0300] "GET /cormun/servlet/solicitudot?2086aa562adaee6af6542789847c0c36855249020d66a4ec2f6a887b6f95f0369ea6e81c80a8708a517e28489c32a60a4ff919f2b0bb7a39f5b2e4d215a663559275d3b2b42850613a12ad560aa43cb0e1e01e65a50cbb1b442c348c1c5677f268136b58e423eee7c36dc59cf1e74b387449c6f50a4819ce62e84ff813fd13203a659df92505e75ac308bede95bf5f65548a13a2fcfae853bd58a1d0437bbc535167da3db507a9e9a5dc63c351225f0d,gx-no-cache=1489067306217 HTTP/1.1" 200 30
186.79.194.182 - - [09/Mar/2017:10:47:23 -0300] "POST /cormun/servlet/solicitudot?9ea5dd963797908914c3040111ba9c8e,INS,0,0,,gx-no-cache=1489067313689 HTTP/1.1" 200 11170
192.168.10.96 - - [09/Mar/2017:10:47:36 -0300] "GET /cormun/servlet/vesolicitudnombre?2017,4627,, HTTP/1.1" 200 8350
192.168.10.96 - - [09/Mar/2017:10:47:36 -0300] "GET /cormun/pexe_scrolldiv.js HTTP/1.1" 404 1009
192.168.10.96 - - [09/Mar/2017:10:47:36 -0300] "GET /cormun/pexe_scrolldiv.js HTTP/1.1" 404 1009
192.168.10.96 - - [09/Mar/2017:10:47:36 -0300] "GET /cormun/servlet/vesolicitudnombre?2017,4627,, HTTP/1.1" 200 8343
192.168.10.96 - - [09/Mar/2017:10:47:39 -0300] "GET /cormun/servlet/vesolicitudnombre?2017,4627,,SolicitudOTAdjuntos HTTP/1.1" 200 10242
192.168.10.96 - - [09/Mar/2017:10:47:39 -0300] "GET /cormun/pexe_scrolldiv.js HTTP/1.1" 404 1009
192.168.10.96 - - [09/Mar/2017:10:47:39 -0300] "GET /cormun/pexe_scrolldiv.js HTTP/1.1" 404 1009
192.168.10.96 - - [09/Mar/2017:10:47:39 -0300] "GET /cormun/servlet/vesolicitudnombre?2017,4627,,SolicitudOTAdjuntos HTTP/1.1" 200 10240
192.168.10.96 - - [09/Mar/2017:10:47:40 -0300] "POST /cormun/servlet/acontrolpreferencessavestate?None,DZAMUDIO,true HTTP/1.1" 200 35
186.79.194.182 - - [09/Mar/2017:10:47:59 -0300] "POST /cormun/servlet/solicitudot?gx-no-cache=1489067349397 HTTP/1.1" 200 256
186.79.194.182 - - [09/Mar/2017:10:47:59 -0300] "GET /cormun/servlet/solicitudot?2086aa562adaee6af6542789847c0c36f8f5d84d332caae12927ab906eb6c7d2f408bbab1062e421b66cbe59f8b2407ffc41133319179cb8c742c973fcb54d36e44b44683ea229079ace090c251f71c3fd51877e09214cfef3dd8840057f48c10fcf7a5f88a0c20dfbe6516bb7149a5385528c2aa9a7ce7139f53cba35827b1a4be3996243c7bb0a20c05ddbeb143503ffb31ca9c8c6ae492c7df140fc83bd53795d4ee1c1b6613e010b62d5ac75d07d634666d83e2f5fa235cee3f80fe0734346ca3682520d9567b99808fa36f64e27ae204ae3ee20847ba31b202c34d1d97b80b3d09b5381ffc2f265f0f9b5027fb1fd86ad6321bb715716588244978f693b3209a4df43f2279654f2feff2b6eb61d1433e7a3e4597d71d24718b591938a702cfe895de3e3dc0480af1288fe0c86570418e2487cb0d39f1b5df701d178e5a58c841b3578271f19f41e15d72e9627dadbee28704221631f768a86ab79a513f68d5f89ee8b8bb3cc231921e495d52d3654a744223d256403b6cf51d6ab4bcc71,gx-no-cache=1489067349619 HTTP/1.1" 200 30
