186.67.172.234 - - [09/Mar/2017:13:46:00 -0300] "POST /cormun/servlet/trpermisosgoce?2a63d9df1f054c2e94e53e2edec0ea8a,gx-no-cache=1489078029478 HTTP/1.1" 200 4697
186.67.172.234 - - [09/Mar/2017:13:46:05 -0300] "GET /cormun/servlet/apermisogoceprn?9698725,P,20170309144009,PU HTTP/1.1" 200 1570
186.67.172.234 - - [09/Mar/2017:13:46:23 -0300] "GET /cormun/servlet/apermisogoceprn?9698725,P,20170309144009,PU HTTP/1.1" 200 1565
186.67.172.234 - - [09/Mar/2017:13:46:37 -0300] "GET /cormun/servlet/trlicenciaspermisoslog?9698725,P,20170309144009, HTTP/1.1" 200 5968
186.67.172.234 - - [09/Mar/2017:13:46:37 -0300] "GET /cormun/static/gxcfg.js?201612261930395 HTTP/1.1" 200 953
186.67.172.234 - - [09/Mar/2017:13:46:37 -0300] "GET /cormun/static/trlicenciaspermisoslog.js?2016122619304187 HTTP/1.1" 200 20023
186.67.172.234 - - [09/Mar/2017:13:46:37 -0300] "GET /cormun/servlet/trlicenciaspermisoslog?9698725,P,20170309144009, HTTP/1.1" 200 5968
186.67.172.234 - - [09/Mar/2017:13:47:45 -0300] "GET /cormun/servlet/trcontratoobservacion? HTTP/1.1" 200 6384
186.67.172.234 - - [09/Mar/2017:13:47:46 -0300] "GET /cormun/servlet/trcontratoobservacion? HTTP/1.1" 200 6358
186.103.159.187 - - [09/Mar/2017:13:48:34 -0300] "GET /cormun/servlet/licenciaspermisos?aaa9955f95056719f40345b7d3b88d855e1951e54783b6765616d581a923b41e7239e98c2c1c46472d6fdba5ca2fcb57bf45146318a6b56daf929ff0d92c589698d21f8ac9c8364914ec0c35bd4ee5bf8b7ce89f314e36e826da952774a7ecaf536d47b559db84c551318a1e6ace5a87559745c8c72866dcbd916141f8eeb2f9e5420c9cc47f8b24e1c48d4c69f25df73f1f9173bbf67a0e33cd85296ad652a40d4c91302d5e8eb9a43302c2105fb900,gx-no-cache=1489078184309 HTTP/1.1" 200 30
186.103.159.187 - - [09/Mar/2017:13:48:34 -0300] "GET /cormun/servlet/licenciaspermisos?aaa9955f95056719f40345b7d3b88d85a8e37ffc1d7552281b4130fad3079c4db6ca5de378f42bafb49575ec25e2e2e61f223d4c156a0487f8d49407cacfaf8e72c23857f5705ad5858ed049dde63b0ceca41cde1852c0f5eeea7c33bea13f01faa6db23b86b39b85808a4d8621b6faa408c19b1ce85518251423d78c6aaecc5c75ab262b74d4df639dadfc66384b4dd69f9b8ff6bd9ba1d17988824c52390bc431e2d696006bb8eb4f53f04dd653024,gx-no-cache=1489078184410 HTTP/1.1" 200 29
186.103.159.187 - - [09/Mar/2017:13:48:35 -0300] "POST /cormun/servlet/licenciaspermisos?4e92171dcfcde808ddf2f22bc0164f83,INS,0,,,,gx-no-cache=1489078184466 HTTP/1.1" 200 93
186.103.159.187 - - [09/Mar/2017:13:48:35 -0300] "GET /cormun/servlet/hpexe_return? HTTP/1.1" 200 1011
186.103.159.187 - - [09/Mar/2017:13:48:35 -0300] "GET /cormun/servlet/trlicencias HTTP/1.1" 200 7753
186.103.159.187 - - [09/Mar/2017:13:48:36 -0300] "GET /cormun//static/Resources/PXToolsGridDisplay.png HTTP/1.1" 200 362
186.103.159.187 - - [09/Mar/2017:13:48:36 -0300] "GET /cormun//static/Resources/PXToolsActionPrint.png HTTP/1.1" 200 3317
186.103.159.187 - - [09/Mar/2017:13:48:36 -0300] "GET /cormun//static/Resources/PXToolsHeaderHelp.png HTTP/1.1" 200 4055
186.103.159.187 - - [09/Mar/2017:13:48:36 -0300] "GET /cormun//static/Resources/PXToolsHeaderFavorites.png HTTP/1.1" 200 2744
186.103.159.187 - - [09/Mar/2017:13:48:36 -0300] "GET /cormun/servlet/trlicencias HTTP/1.1" 200 7748
186.103.159.187 - - [09/Mar/2017:13:49:08 -0300] "GET /cormun/servlet/trlicenciaspermisosadjuntos?9076382,20170309000000,L, HTTP/1.1" 200 6091
186.103.159.187 - - [09/Mar/2017:13:49:08 -0300] "GET /cormun/static/gxcfg.js?2016122813131454 HTTP/1.1" 200 953
186.103.159.187 - - [09/Mar/2017:13:49:08 -0300] "GET /cormun/static/trlicenciaspermisosadjuntos.js?2016122813131728 HTTP/1.1" 200 21008
186.103.159.187 - - [09/Mar/2017:13:49:09 -0300] "GET /cormun/servlet/trlicenciaspermisosadjuntos?9076382,20170309000000,L, HTTP/1.1" 200 6091
186.67.172.234 - - [09/Mar/2017:13:49:23 -0300] "POST /cormun/servlet/trcontratoobservacion?2a63d9df1f054c2e94e53e2edec0ea8a,,gx-no-cache=1489078232615 HTTP/1.1" 200 3623
186.103.159.187 - - [09/Mar/2017:13:49:28 -0300] "GET /cormun/servlet/licenciaspermisosadjuntos?INS,9076382,L,20170309000000,, HTTP/1.1" 200 5386
186.103.159.187 - - [09/Mar/2017:13:49:28 -0300] "GET /cormun/static/gxcfg.js?2016122813131386 HTTP/1.1" 200 953
186.103.159.187 - - [09/Mar/2017:13:49:28 -0300] "GET /cormun/static/licenciaspermisosadjuntos.js?2016122813131394 HTTP/1.1" 200 8757
186.103.159.187 - - [09/Mar/2017:13:49:29 -0300] "GET /cormun/static/about:blank HTTP/1.1" 404 1011
186.103.159.187 - - [09/Mar/2017:13:49:29 -0300] "GET /cormun/servlet/licenciaspermisosadjuntos?INS,9076382,L,20170309000000,, HTTP/1.1" 200 5375
186.67.172.234 - - [09/Mar/2017:13:49:32 -0300] "GET /cormun/servlet/trvisualizadoreventos? HTTP/1.1" 200 6471
186.67.172.234 - - [09/Mar/2017:13:49:33 -0300] "GET /cormun/servlet/trvisualizadoreventos? HTTP/1.1" 200 6470
200.112.49.242 - - [09/Mar/2017:13:49:40 -0300] "GET /cormun/servlet/hlogin HTTP/1.1" 200 1717
186.67.172.234 - - [09/Mar/2017:13:49:55 -0300] "GET /cormun/servlet/avisualizareventos?0,0,ING,20170309,20170309,PU HTTP/1.1" 200 1024
200.112.49.242 - - [09/Mar/2017:13:50:07 -0300] "POST /cormun/servlet/hlogin?255c423831079e32d90cb4e7b537fa54,gx-no-cache=1489078277142 HTTP/1.1" 200 90
200.112.49.242 - - [09/Mar/2017:13:50:07 -0300] "GET /cormun/servlet/hpexe_link HTTP/1.1" 200 952
186.67.172.234 - - [09/Mar/2017:13:50:07 -0300] "POST /cormun/servlet/trvisualizadoreventos?2a63d9df1f054c2e94e53e2edec0ea8a,,gx-no-cache=1489078277319 HTTP/1.1" 200 3775
200.112.49.242 - - [09/Mar/2017:13:50:08 -0300] "GET /cormun/servlet/hhome HTTP/1.1" 200 3989
200.112.49.242 - - [09/Mar/2017:13:50:15 -0300] "GET /cormun/servlet/trlicencias? HTTP/1.1" 200 6854
200.112.49.242 - - [09/Mar/2017:13:50:15 -0300] "GET /cormun/static/gxcfg.js?2016122619301429 HTTP/1.1" 200 953
200.112.49.242 - - [09/Mar/2017:13:50:15 -0300] "GET /cormun/static/trlicencias.js?2016122619301919 HTTP/1.1" 200 37916
200.112.49.242 - - [09/Mar/2017:13:50:23 -0300] "POST /cormun/servlet/trlicencias?255c423831079e32d90cb4e7b537fa54,,gx-no-cache=1489078292899 HTTP/1.1" 200 100
200.112.49.242 - - [09/Mar/2017:13:50:23 -0300] "GET /cormun/Licencias-405.xls HTTP/1.1" 200 4608
200.112.49.242 - - [09/Mar/2017:13:50:27 -0300] "OPTIONS /cormun/ HTTP/1.1" 200 -
200.112.49.242 - - [09/Mar/2017:13:50:27 -0300] "OPTIONS /cormun/ HTTP/1.1" 200 -
200.112.49.242 - - [09/Mar/2017:13:50:27 -0300] "OPTIONS /cormun/ HTTP/1.1" 200 -
200.112.49.242 - - [09/Mar/2017:13:50:27 -0300] "HEAD /cormun/Licencias-405.xls HTTP/1.1" 200 -
186.67.172.234 - - [09/Mar/2017:13:50:27 -0300] "GET /cormun/servlet/trsolicitudot? HTTP/1.1" 200 7950
186.67.172.234 - - [09/Mar/2017:13:50:28 -0300] "GET /cormun/servlet/trsolicitudot? HTTP/1.1" 200 7950
200.112.49.242 - - [09/Mar/2017:13:50:38 -0300] "HEAD /cormun/Licencias-405.xls HTTP/1.1" 200 -
200.112.49.242 - - [09/Mar/2017:13:50:42 -0300] "OPTIONS / HTTP/1.1" 200 11217
186.67.172.234 - - [09/Mar/2017:13:53:04 -0300] "POST /cormun/servlet/trsolicitudot?2a63d9df1f054c2e94e53e2edec0ea8a,,gx-no-cache=1489078453951 HTTP/1.1" 200 105
186.67.172.234 - - [09/Mar/2017:13:53:04 -0300] "GET /cormun/servlet/solicitudot?DLT,2017,5372, HTTP/1.1" 200 9300
186.67.172.234 - - [09/Mar/2017:13:53:05 -0300] "GET /cormun/static/Shared/jqueryui/images/ui-bg_highlight-soft_100_c6c2c8_1x100.png HTTP/1.1" 404 1117
186.67.172.234 - - [09/Mar/2017:13:53:05 -0300] "GET /cormun/static/Shared/jqueryui/images/ui-bg_flat_55_fafafa_40x100.png HTTP/1.1" 404 1097
186.67.172.234 - - [09/Mar/2017:13:53:05 -0300] "GET /cormun/static/Shared/jqueryui/images/ui-icons_82798d_256x240.png HTTP/1.1" 404 1089
186.67.172.234 - - [09/Mar/2017:13:53:05 -0300] "GET /cormun/static/Shared/jqueryui/images/ui-icons_8d78a5_256x240.png HTTP/1.1" 404 1089
186.67.172.234 - - [09/Mar/2017:13:53:05 -0300] "GET /cormun/servlet/solicitudot?DLT,2017,5372, HTTP/1.1" 200 9309
186.103.159.187 - - [09/Mar/2017:13:54:01 -0300] "POST /cormun/servlet/licenciaspermisosadjuntos?4e92171dcfcde808ddf2f22bc0164f83,INS,9076382,L,20170309000000,, HTTP/1.1" 200 116
186.103.159.187 - - [09/Mar/2017:13:54:01 -0300] "GET /cormun/servlet/hpexe_return? HTTP/1.1" 200 1043
186.103.159.187 - - [09/Mar/2017:13:54:02 -0300] "GET /cormun/servlet/trlicenciaspermisosadjuntos?9076382,20170309000000,L, HTTP/1.1" 200 6553
186.103.159.187 - - [09/Mar/2017:13:54:03 -0300] "GET /cormun/servlet/trlicenciaspermisosadjuntos?9076382,20170309000000,L, HTTP/1.1" 200 6549
186.103.159.187 - - [09/Mar/2017:13:54:03 -0300] "GET /cormun/PublicTempStorage/licencia_hoja_34261197.jpeg HTTP/1.1" 200 671521
186.103.159.187 - - [09/Mar/2017:13:54:13 -0300] "GET /cormun/servlet/licenciaspermisosadjuntos?DLT,9076382,L,20170309000000,20170309144412, HTTP/1.1" 200 5403
186.103.159.187 - - [09/Mar/2017:13:54:14 -0300] "GET /cormun/PublicTempStorage/licencia_hoja_35572616.jpeg HTTP/1.1" 200 671521
186.103.159.187 - - [09/Mar/2017:13:54:14 -0300] "GET /cormun/static/Shared/jqueryui/images/ui-bg_highlight-soft_100_c6c2c8_1x100.png HTTP/1.1" 404 1117
186.103.159.187 - - [09/Mar/2017:13:54:14 -0300] "GET /cormun/static/Shared/jqueryui/images/ui-icons_82798d_256x240.png HTTP/1.1" 404 1089
186.103.159.187 - - [09/Mar/2017:13:54:14 -0300] "GET /cormun/static/Shared/jqueryui/images/ui-bg_flat_55_fafafa_40x100.png HTTP/1.1" 404 1097
186.103.159.187 - - [09/Mar/2017:13:54:14 -0300] "GET /cormun/static/Shared/jqueryui/images/ui-icons_8d78a5_256x240.png HTTP/1.1" 404 1089
186.103.159.187 - - [09/Mar/2017:13:54:14 -0300] "GET /cormun/servlet/licenciaspermisosadjuntos?DLT,9076382,L,20170309000000,20170309144412, HTTP/1.1" 200 5394
186.103.159.187 - - [09/Mar/2017:13:54:28 -0300] "POST /cormun/servlet/licenciaspermisosadjuntos?4e92171dcfcde808ddf2f22bc0164f83,DLT,9076382,L,20170309000000,20170309144412,,gx-no-cache=1489078538310 HTTP/1.1" 200 90
186.103.159.187 - - [09/Mar/2017:13:54:28 -0300] "GET /cormun/servlet/hpexe_link HTTP/1.1" 200 1006
186.103.159.187 - - [09/Mar/2017:13:54:29 -0300] "GET /cormun/servlet/trlicenciaspermisosadjuntos?9076382,20170309000000,L, HTTP/1.1" 200 6550
186.103.159.187 - - [09/Mar/2017:13:54:30 -0300] "GET /cormun/servlet/trlicenciaspermisosadjuntos?9076382,20170309000000,L, HTTP/1.1" 200 6549
186.103.159.187 - - [09/Mar/2017:13:54:30 -0300] "GET /cormun/PublicTempStorage/licencia_hoja_37262355.jpeg HTTP/1.1" 200 671521
186.103.159.187 - - [09/Mar/2017:13:54:47 -0300] "GET /cormun/servlet/licenciaspermisosadjuntos?DLT,9076382,L,20170309000000,20170309144412, HTTP/1.1" 200 5403
186.103.159.187 - - [09/Mar/2017:13:54:48 -0300] "GET /cormun/servlet/licenciaspermisosadjuntos?DLT,9076382,L,20170309000000,20170309144412, HTTP/1.1" 200 5395
186.103.159.187 - - [09/Mar/2017:13:54:48 -0300] "GET /cormun/PublicTempStorage/licencia_hoja_39135956.jpeg HTTP/1.1" 200 671521
186.67.172.234 - - [09/Mar/2017:13:54:49 -0300] "POST /cormun/servlet/solicitudot?2a63d9df1f054c2e94e53e2edec0ea8a,DLT,2017,5372,,gx-no-cache=1489078558742 HTTP/1.1" 200 12397
186.67.172.234 - - [09/Mar/2017:13:54:49 -0300] "GET /cormun/static/Shared/jqueryui/images/ui-icons_ebccce_256x240.png HTTP/1.1" 404 1089
186.67.172.234 - - [09/Mar/2017:13:54:49 -0300] "GET /cormun/static/Shared/jqueryui/images/ui-bg_flat_55_994d53_40x100.png HTTP/1.1" 404 1097
186.103.159.187 - - [09/Mar/2017:13:54:49 -0300] "GET /cormun/servlet/trlicenciaspermisosadjuntos?9076382,20170309000000,L, HTTP/1.1" 200 6553
186.103.159.187 - - [09/Mar/2017:13:54:50 -0300] "GET /cormun/servlet/trlicenciaspermisosadjuntos?9076382,20170309000000,L, HTTP/1.1" 200 6549
186.103.159.187 - - [09/Mar/2017:13:54:50 -0300] "GET /cormun/PublicTempStorage/licencia_hoja_39174429.jpeg HTTP/1.1" 200 671521
186.67.172.234 - - [09/Mar/2017:13:54:56 -0300] "POST /cormun/servlet/solicitudot?2a63d9df1f054c2e94e53e2edec0ea8a,DLT,2017,5372,,gx-no-cache=1489078565171 HTTP/1.1" 200 93
186.67.172.234 - - [09/Mar/2017:13:54:56 -0300] "GET /cormun/servlet/hpexe_return? HTTP/1.1" 200 1016
186.67.172.234 - - [09/Mar/2017:13:54:56 -0300] "GET /cormun/servlet/trsolicitudot HTTP/1.1" 200 7954
186.67.172.234 - - [09/Mar/2017:13:54:56 -0300] "GET /cormun/servlet/trsolicitudot HTTP/1.1" 200 7950
186.67.172.234 - - [09/Mar/2017:13:55:13 -0300] "POST /cormun/servlet/trsolicitudot?2a63d9df1f054c2e94e53e2edec0ea8a,gx-no-cache=1489078583215 HTTP/1.1" 200 105
186.67.172.234 - - [09/Mar/2017:13:55:13 -0300] "GET /cormun/servlet/solicitudot?DLT,2017,5372, HTTP/1.1" 200 9300
186.67.172.234 - - [09/Mar/2017:13:55:14 -0300] "GET /cormun/static/Shared/jqueryui/images/ui-bg_highlight-soft_100_c6c2c8_1x100.png HTTP/1.1" 404 1117
186.67.172.234 - - [09/Mar/2017:13:55:14 -0300] "GET /cormun/static/Shared/jqueryui/images/ui-icons_82798d_256x240.png HTTP/1.1" 404 1089
186.67.172.234 - - [09/Mar/2017:13:55:14 -0300] "GET /cormun/static/Shared/jqueryui/images/ui-bg_flat_55_fafafa_40x100.png HTTP/1.1" 404 1097
186.67.172.234 - - [09/Mar/2017:13:55:14 -0300] "GET /cormun/static/Shared/jqueryui/images/ui-icons_8d78a5_256x240.png HTTP/1.1" 404 1089
186.67.172.234 - - [09/Mar/2017:13:55:14 -0300] "GET /cormun/servlet/solicitudot?DLT,2017,5372, HTTP/1.1" 200 9309
186.103.159.187 - - [09/Mar/2017:13:55:30 -0300] "GET /cormun/servlet/trlicencias? HTTP/1.1" 200 7749
186.103.159.187 - - [09/Mar/2017:13:55:32 -0300] "GET /cormun/servlet/trlicencias? HTTP/1.1" 200 7748
186.103.159.187 - - [09/Mar/2017:13:55:47 -0300] "POST /cormun/servlet/trlicencias?4e92171dcfcde808ddf2f22bc0164f83,,gx-no-cache=1489078617002 HTTP/1.1" 200 4044
186.103.159.187 - - [09/Mar/2017:13:55:47 -0300] "GET /cormun/static/Shared/jqueryui/images/ui-bg_highlight-soft_100_c6c2c8_1x100.png HTTP/1.1" 404 1117
186.103.159.187 - - [09/Mar/2017:13:55:47 -0300] "GET /cormun/static/Shared/jqueryui/images/ui-icons_82798d_256x240.png HTTP/1.1" 404 1089
186.103.159.187 - - [09/Mar/2017:13:55:47 -0300] "GET /cormun/static/Shared/jqueryui/images/ui-bg_flat_55_fafafa_40x100.png HTTP/1.1" 404 1097
186.103.159.187 - - [09/Mar/2017:13:55:47 -0300] "GET /cormun/static/Shared/jqueryui/images/ui-icons_8d78a5_256x240.png HTTP/1.1" 404 1089
186.67.172.234 - - [09/Mar/2017:13:56:02 -0300] "GET /cormun/servlet/trsolicitudot? HTTP/1.1" 200 7956
186.67.172.234 - - [09/Mar/2017:13:56:02 -0300] "GET /cormun/servlet/trsolicitudot? HTTP/1.1" 200 7950
186.103.159.187 - - [09/Mar/2017:13:56:05 -0300] "GET /cormun/servlet/hlogin HTTP/1.1" 200 1737
186.67.172.234 - - [09/Mar/2017:13:56:07 -0300] "GET /cormun/servlet/treventos?2017,5372, HTTP/1.1" 200 5806
186.67.172.234 - - [09/Mar/2017:13:56:08 -0300] "GET /cormun/static/gxcfg.js?2016101716195975 HTTP/1.1" 200 953
186.67.172.234 - - [09/Mar/2017:13:56:08 -0300] "GET /cormun/static/treventos.js?201610171620222 HTTP/1.1" 200 16055
186.67.172.234 - - [09/Mar/2017:13:56:08 -0300] "GET /cormun/servlet/treventos?2017,5372, HTTP/1.1" 200 5806
186.67.172.234 - - [09/Mar/2017:13:56:09 -0300] "POST /cormun/servlet/acontrolpreferencessavestate?None,BSILVA,true HTTP/1.1" 200 35
186.103.159.187 - - [09/Mar/2017:13:56:15 -0300] "POST /cormun/servlet/hlogin?4e92171dcfcde808ddf2f22bc0164f83,gx-no-cache=1489078644698 HTTP/1.1" 200 446
186.103.159.187 - - [09/Mar/2017:13:56:20 -0300] "POST /cormun/servlet/hlogin?4e92171dcfcde808ddf2f22bc0164f83,gx-no-cache=1489078650407 HTTP/1.1" 200 90
186.103.159.187 - - [09/Mar/2017:13:56:20 -0300] "GET /cormun/servlet/hpexe_link HTTP/1.1" 200 955
186.103.159.187 - - [09/Mar/2017:13:56:21 -0300] "GET /cormun/servlet/hhome HTTP/1.1" 200 3946
186.103.159.187 - - [09/Mar/2017:13:56:22 -0300] "GET /cormun/servlet/hhome HTTP/1.1" 200 3942
186.103.159.187 - - [09/Mar/2017:13:56:30 -0300] "GET /cormun/servlet/trautorizarsolicitud? HTTP/1.1" 200 6860
186.103.159.187 - - [09/Mar/2017:13:56:31 -0300] "GET /cormun/servlet/trautorizarsolicitud? HTTP/1.1" 200 6859
186.103.159.187 - - [09/Mar/2017:13:56:36 -0300] "GET /cormun/servlet/trlicencias? HTTP/1.1" 200 6808
186.103.159.187 - - [09/Mar/2017:13:56:37 -0300] "GET /cormun/servlet/trlicencias? HTTP/1.1" 200 6807
186.103.159.187 - - [09/Mar/2017:13:56:49 -0300] "GET /cormun/servlet/licenciaspermisos?INS,0,,, HTTP/1.1" 200 7319
186.103.159.187 - - [09/Mar/2017:13:56:50 -0300] "GET /cormun/servlet/licenciaspermisos?INS,0,,, HTTP/1.1" 200 7319
186.103.159.187 - - [09/Mar/2017:13:56:54 -0300] "GET /cormun/servlet/hlogin HTTP/1.1" 200 1745
200.112.49.242 - - [09/Mar/2017:13:57:32 -0300] "GET /cormun/servlet/hlogin HTTP/1.1" 200 1717
186.67.172.234 - - [09/Mar/2017:13:57:41 -0300] "POST /cormun/servlet/treventos?2a63d9df1f054c2e94e53e2edec0ea8a,2017,5372,,gx-no-cache=1489078731147 HTTP/1.1" 200 90
186.67.172.234 - - [09/Mar/2017:13:57:41 -0300] "GET /cormun/servlet/hpexe_link HTTP/1.1" 200 970
186.67.172.234 - - [09/Mar/2017:13:57:42 -0300] "GET /cormun/servlet/trsolicitudot HTTP/1.1" 200 7960
186.67.172.234 - - [09/Mar/2017:13:57:42 -0300] "GET /cormun/servlet/trsolicitudot HTTP/1.1" 200 7959
200.112.49.242 - - [09/Mar/2017:13:57:45 -0300] "POST /cormun/servlet/hlogin?255c423831079e32d90cb4e7b537fa54,gx-no-cache=1489078734646 HTTP/1.1" 200 90
200.112.49.242 - - [09/Mar/2017:13:57:45 -0300] "GET /cormun/servlet/hpexe_link HTTP/1.1" 200 956
200.112.49.242 - - [09/Mar/2017:13:57:45 -0300] "GET /cormun/servlet/trlicencias HTTP/1.1" 200 6855
200.112.49.242 - - [09/Mar/2017:13:57:55 -0300] "POST /cormun/servlet/trlicencias?255c423831079e32d90cb4e7b537fa54,gx-no-cache=1489078744844 HTTP/1.1" 200 4092
186.67.172.234 - - [09/Mar/2017:13:58:01 -0300] "POST /cormun/servlet/trsolicitudot?2a63d9df1f054c2e94e53e2edec0ea8a,gx-no-cache=1489078750533 HTTP/1.1" 200 105
186.67.172.234 - - [09/Mar/2017:13:58:01 -0300] "GET /cormun/servlet/solicitudot?DLT,2017,5372, HTTP/1.1" 200 9303
186.67.172.234 - - [09/Mar/2017:13:58:01 -0300] "GET /cormun/static/Shared/jqueryui/images/ui-bg_highlight-soft_100_c6c2c8_1x100.png HTTP/1.1" 404 1117
186.67.172.234 - - [09/Mar/2017:13:58:01 -0300] "GET /cormun/static/Shared/jqueryui/images/ui-bg_flat_55_fafafa_40x100.png HTTP/1.1" 404 1097
186.67.172.234 - - [09/Mar/2017:13:58:01 -0300] "GET /cormun/static/Shared/jqueryui/images/ui-icons_8d78a5_256x240.png HTTP/1.1" 404 1089
186.67.172.234 - - [09/Mar/2017:13:58:01 -0300] "GET /cormun/static/Shared/jqueryui/images/ui-icons_82798d_256x240.png HTTP/1.1" 404 1089
186.67.172.234 - - [09/Mar/2017:13:58:01 -0300] "GET /cormun/servlet/solicitudot?DLT,2017,5372, HTTP/1.1" 200 9312
200.112.49.242 - - [09/Mar/2017:13:58:05 -0300] "POST /cormun/servlet/trlicencias?255c423831079e32d90cb4e7b537fa54,gx-no-cache=1489078754371 HTTP/1.1" 200 6408
200.112.49.242 - - [09/Mar/2017:13:58:05 -0300] "GET /cormun//static/Resources/PXToolsActionDisabled.gif HTTP/1.1" 200 53
200.112.49.242 - - [09/Mar/2017:13:58:05 -0300] "GET /cormun//static/Resources/PXToolsActionPrint.png HTTP/1.1" 200 3317
200.112.49.242 - - [09/Mar/2017:13:58:05 -0300] "GET /cormun//static/Resources/PXToolsHeaderFavorites.png HTTP/1.1" 200 2744
200.112.49.242 - - [09/Mar/2017:13:58:05 -0300] "GET /cormun//static/Resources/PXToolsHeaderHelp.png HTTP/1.1" 200 4055
200.112.49.242 - - [09/Mar/2017:13:58:05 -0300] "GET /cormun//static/Resources/PXToolsGridDisplay.png HTTP/1.1" 200 362
200.112.49.242 - - [09/Mar/2017:13:58:05 -0300] "GET /cormun//static/Resources/PXTools/ActionInsert.png HTTP/1.1" 200 1482
186.67.172.234 - - [09/Mar/2017:13:58:10 -0300] "GET /cormun/servlet/trsolicitudot? HTTP/1.1" 200 7965
186.67.172.234 - - [09/Mar/2017:13:58:11 -0300] "GET /cormun/servlet/trsolicitudot? HTTP/1.1" 200 7959
186.9.132.225 - - [09/Mar/2017:13:58:17 -0300] "POST /cormun/servlet/trsolicitudot?2244776f8be83658a07d3f1c96ad8a15,gx-no-cache=1489078749596 HTTP/1.1" 200 107
186.9.132.225 - - [09/Mar/2017:13:58:18 -0300] "GET /cormun/servlet/trsolicitudadjuntos?2017,5376, HTTP/1.1" 200 6067
186.9.132.225 - - [09/Mar/2017:13:58:20 -0300] "GET /cormun/servlet/trsolicitudadjuntos?2017,5376, HTTP/1.1" 200 6066
186.9.132.225 - - [09/Mar/2017:13:58:22 -0300] "GET /cormun/servlet/trsolicitudadjuntos?2017,5376, HTTP/1.1" 200 6066
186.67.172.234 - - [09/Mar/2017:13:58:26 -0300] "GET /cormun/servlet/trcontratoobservacion? HTTP/1.1" 200 5912
186.67.172.234 - - [09/Mar/2017:13:58:26 -0300] "GET /cormun/servlet/trcontratoobservacion? HTTP/1.1" 200 5912
186.9.132.225 - - [09/Mar/2017:13:58:31 -0300] "GET /cormun/servlet/trsolicitudadjuntos?2017,5376, HTTP/1.1" 200 6066
186.79.206.45 - - [09/Mar/2017:13:58:33 -0300] "POST /cormun/servlet/trlicencias?d9b645e5a3d8fc501352ba6b77daecdf,,gx-no-cache=1489078781438 HTTP/1.1" 200 3654
186.9.132.225 - - [09/Mar/2017:13:58:33 -0300] "GET /cormun/servlet/solicitudotadjuntos?INS,2017,5376,,2, HTTP/1.1" 200 5994
200.112.49.242 - - [09/Mar/2017:13:58:33 -0300] "GET /cormun/servlet/trautorizarpermisogoce? HTTP/1.1" 200 6705
200.112.49.242 - - [09/Mar/2017:13:58:36 -0300] "POST /cormun/servlet/trautorizarpermisogoce?255c423831079e32d90cb4e7b537fa54,,gx-no-cache=1489078786045 HTTP/1.1" 200 4055
186.9.132.225 - - [09/Mar/2017:13:58:36 -0300] "GET /cormun/static/about:blank HTTP/1.1" 404 1011
186.9.132.225 - - [09/Mar/2017:13:58:37 -0300] "GET /cormun/servlet/solicitudotadjuntos?INS,2017,5376,,2, HTTP/1.1" 200 5987
186.9.132.225 - - [09/Mar/2017:13:58:39 -0300] "GET /cormun/servlet/solicitudotadjuntos?edef8e98f43c10a85aca9c06d17765ba572fcd55661b45b17af3dffca0e5286943c419662f104f6b13b9dc0edc8498f8,gx-no-cache=1489078784410 HTTP/1.1" 200 30
200.112.49.242 - - [09/Mar/2017:13:58:40 -0300] "GET /cormun/servlet/trpermisosgoce? HTTP/1.1" 200 6752
200.112.49.242 - - [09/Mar/2017:13:58:43 -0300] "POST /cormun/servlet/trpermisosgoce?255c423831079e32d90cb4e7b537fa54,,gx-no-cache=1489078792358 HTTP/1.1" 200 4063
200.112.49.242 - - [09/Mar/2017:13:58:49 -0300] "GET /cormun/servlet/trcontratosolicitud? HTTP/1.1" 200 13428
186.9.132.225 - - [09/Mar/2017:13:58:49 -0300] "POST /cormun/servlet/solicitudotadjuntos?2244776f8be83658a07d3f1c96ad8a15,INS,2017,5376,,2,,gx-no-cache=1489078787917 HTTP/1.1" 200 4178
200.112.49.242 - - [09/Mar/2017:13:58:49 -0300] "GET /cormun/static/gxcfg.js?20171317451682 HTTP/1.1" 200 953
200.112.49.242 - - [09/Mar/2017:13:58:49 -0300] "GET /cormun/static/trcontratosolicitud.js?20171317452124 HTTP/1.1" 200 28173
200.112.49.242 - - [09/Mar/2017:13:58:49 -0300] "GET /cormun//static/Resources/PXToolsGridNew.png HTTP/1.1" 200 2949
200.112.49.242 - - [09/Mar/2017:13:59:11 -0300] "GET /cormun/servlet/trvisualizadoreventos? HTTP/1.1" 200 6716
200.112.49.242 - - [09/Mar/2017:13:59:13 -0300] "POST /cormun/servlet/trvisualizadoreventos?255c423831079e32d90cb4e7b537fa54,,gx-no-cache=1489078823185 HTTP/1.1" 200 3959
200.112.49.242 - - [09/Mar/2017:13:59:23 -0300] "GET /cormun/servlet/trpermisosingoce? HTTP/1.1" 200 6778
200.112.49.242 - - [09/Mar/2017:13:59:23 -0300] "GET /cormun/static/gxcfg.js?2016111619312653 HTTP/1.1" 200 953
200.112.49.242 - - [09/Mar/2017:13:59:23 -0300] "GET /cormun/static/trpermisosingoce.js?2016111619313084 HTTP/1.1" 200 31498
200.112.49.242 - - [09/Mar/2017:13:59:25 -0300] "POST /cormun/servlet/acontrolpreferencessavestate?None,MGALVEZ,true HTTP/1.1" 200 35
200.112.49.242 - - [09/Mar/2017:13:59:26 -0300] "POST /cormun/servlet/trpermisosingoce?255c423831079e32d90cb4e7b537fa54,,gx-no-cache=1489078835722 HTTP/1.1" 200 4078
186.9.132.225 - - [09/Mar/2017:13:59:32 -0300] "POST /cormun/servlet/solicitudotadjuntos?2244776f8be83658a07d3f1c96ad8a15,INS,2017,5376,,2,,gx-no-cache=1489078831883 HTTP/1.1" 200 93
186.9.132.225 - - [09/Mar/2017:13:59:32 -0300] "GET /cormun/servlet/hpexe_return? HTTP/1.1" 200 1026
186.67.172.234 - - [09/Mar/2017:13:59:34 -0300] "GET /cormun/servlet/trsolicitudot? HTTP/1.1" 200 7959
186.9.132.225 - - [09/Mar/2017:13:59:34 -0300] "GET /cormun/servlet/trsolicitudadjuntos?2017,5376, HTTP/1.1" 200 6070
186.67.172.234 - - [09/Mar/2017:13:59:34 -0300] "GET /cormun/servlet/trsolicitudot? HTTP/1.1" 200 7959
186.9.132.225 - - [09/Mar/2017:13:59:37 -0300] "GET /cormun/servlet/trsolicitudadjuntos?2017,5376, HTTP/1.1" 200 6066
186.9.132.225 - - [09/Mar/2017:13:59:41 -0300] "GET /cormun/servlet/solicitudotadjuntos?INS,2017,5376,,1, HTTP/1.1" 200 5995
186.9.132.225 - - [09/Mar/2017:13:59:44 -0300] "GET /cormun/static/about:blank HTTP/1.1" 404 1011
186.9.132.225 - - [09/Mar/2017:13:59:44 -0300] "GET /cormun/servlet/solicitudotadjuntos?INS,2017,5376,,1, HTTP/1.1" 200 5988
186.9.132.225 - - [09/Mar/2017:13:59:45 -0300] "GET /cormun/servlet/solicitudotadjuntos?edef8e98f43c10a85aca9c06d17765ba572fcd55661b45b17af3dffca0e5286943c419662f104f6b13b9dc0edc8498f8,gx-no-cache=1489078851057 HTTP/1.1" 200 30
186.67.172.234 - - [09/Mar/2017:13:59:45 -0300] "GET /cormun/servlet/solicitudot?INS,0,0, HTTP/1.1" 200 12544
186.67.172.234 - - [09/Mar/2017:13:59:46 -0300] "GET /cormun/servlet/solicitudot?INS,0,0, HTTP/1.1" 200 12549
186.9.132.225 - - [09/Mar/2017:13:59:58 -0300] "POST /cormun/servlet/solicitudotadjuntos?2244776f8be83658a07d3f1c96ad8a15,INS,2017,5376,,1,,gx-no-cache=1489078856134 HTTP/1.1" 200 3644
192.168.10.89 - - [09/Mar/2017:14:00:27 -0300] "POST /cormun/servlet/hlogin?d0048bda50f446a0286eadfd022bff07,gx-no-cache=1489082110816 HTTP/1.1" 200 90
192.168.10.89 - - [09/Mar/2017:14:00:27 -0300] "GET /cormun/servlet/hpexe_link HTTP/1.1" 200 975
192.168.10.89 - - [09/Mar/2017:14:00:27 -0300] "GET /cormun/servlet/trsolicitudgral?gx-no-cache=1489080813111 HTTP/1.1" 200 18757
192.168.10.89 - - [09/Mar/2017:14:00:39 -0300] "POST /cormun/servlet/trsolicitudgral?d0048bda50f446a0286eadfd022bff07,gx-no-cache=1489080813111,gx-no-cache=1489082123220 HTTP/1.1" 200 115
192.168.10.89 - - [09/Mar/2017:14:00:39 -0300] "GET /cormun/servlet/solicitudotlog?INS,2017,5342,0,REC, HTTP/1.1" 200 6174
192.168.10.89 - - [09/Mar/2017:14:00:40 -0300] "GET /cormun/servlet/solicitudotlog?6f0aa8d30802af3a7e4fc7b508d5a8c2b9552f9efe05205c88b130b02ee032731f3139c654407c706b39d2fd179a2ac9ffc38b3594edf02e20afb4f4b259f52e039b7cec79f45c402c990e8c274d4b094544b643c77e9bfbccd73ce6e4e5f24eca47e4f99a36042d6f39ed637f2f9da58389483bad5048da33041c0eb00bcbdde9b88fc2c8261f3dd8549e51eb7d1bfe228245f386f244370d0e99b2a48f4455,gx-no-cache=1489082124587 HTTP/1.1" 200 94
192.168.10.89 - - [09/Mar/2017:14:00:44 -0300] "POST /cormun/servlet/solicitudotlog?d0048bda50f446a0286eadfd022bff07,INS,2017,5342,0,REC,,gx-no-cache=1489082127782 HTTP/1.1" 200 93
192.168.10.89 - - [09/Mar/2017:14:00:44 -0300] "GET /cormun/servlet/hpexe_return? HTTP/1.1" 200 1039
200.112.49.242 - - [09/Mar/2017:14:00:44 -0300] "GET /cormun/servlet/trpermisosgoce? HTTP/1.1" 200 6758
192.168.10.89 - - [09/Mar/2017:14:00:44 -0300] "GET /cormun/servlet/trsolicitudgral?gx-no-cache=1489080813111 HTTP/1.1" 200 18446
186.9.132.225 - - [09/Mar/2017:14:00:48 -0300] "POST /cormun/servlet/solicitudotadjuntos?2244776f8be83658a07d3f1c96ad8a15,INS,2017,5376,,1,,gx-no-cache=1489078906563 HTTP/1.1" 200 93
186.9.132.225 - - [09/Mar/2017:14:00:48 -0300] "GET /cormun/servlet/hpexe_return? HTTP/1.1" 200 1025
186.9.132.225 - - [09/Mar/2017:14:00:50 -0300] "GET /cormun/servlet/trsolicitudadjuntos?2017,5376, HTTP/1.1" 200 6070
192.168.10.89 - - [09/Mar/2017:14:00:50 -0300] "POST /cormun/servlet/trsolicitudgral?d0048bda50f446a0286eadfd022bff07,gx-no-cache=1489080813111,gx-no-cache=1489082134560 HTTP/1.1" 200 115
192.168.10.89 - - [09/Mar/2017:14:00:50 -0300] "GET /cormun/servlet/solicitudotlog?INS,2017,5339,0,REC, HTTP/1.1" 200 6174
192.168.10.89 - - [09/Mar/2017:14:00:52 -0300] "GET /cormun/servlet/solicitudotlog?6f0aa8d30802af3a7e4fc7b508d5a8c2345999b2010bbf0fb84753eb21b8cba31f3139c654407c706b39d2fd179a2ac9ffc38b3594edf02e20afb4f4b259f52e039b7cec79f45c402c990e8c274d4b094544b643c77e9bfbccd73ce6e4e5f24eca47e4f99a36042d6f39ed637f2f9da58389483bad5048da33041c0eb00bcbdde9b88fc2c8261f3dd8549e51eb7d1bfe228245f386f244370d0e99b2a48f4455,gx-no-cache=1489082135952 HTTP/1.1" 200 94
186.9.132.225 - - [09/Mar/2017:14:00:52 -0300] "GET /cormun/servlet/trsolicitudadjuntos?2017,5376, HTTP/1.1" 200 6066
192.168.10.89 - - [09/Mar/2017:14:00:54 -0300] "POST /cormun/servlet/solicitudotlog?d0048bda50f446a0286eadfd022bff07,INS,2017,5339,0,REC,,gx-no-cache=1489082138576 HTTP/1.1" 200 93
192.168.10.89 - - [09/Mar/2017:14:00:54 -0300] "GET /cormun/servlet/hpexe_return? HTTP/1.1" 200 1040
192.168.10.89 - - [09/Mar/2017:14:00:55 -0300] "GET /cormun/servlet/trsolicitudgral?gx-no-cache=1489080813111 HTTP/1.1" 200 18176
186.9.132.225 - - [09/Mar/2017:14:00:59 -0300] "GET /cormun/servlet/solicitudotadjuntos?INS,2017,5376,,2, HTTP/1.1" 200 5994
192.168.10.89 - - [09/Mar/2017:14:01:00 -0300] "POST /cormun/servlet/trsolicitudgral?d0048bda50f446a0286eadfd022bff07,gx-no-cache=1489080813111,gx-no-cache=1489082144221 HTTP/1.1" 200 115
192.168.10.89 - - [09/Mar/2017:14:01:00 -0300] "GET /cormun/servlet/solicitudotlog?INS,2017,5338,0,REC, HTTP/1.1" 200 6174
186.9.132.225 - - [09/Mar/2017:14:01:00 -0300] "GET /cormun/static/about:blank HTTP/1.1" 404 1011
186.9.132.225 - - [09/Mar/2017:14:01:01 -0300] "GET /cormun/servlet/solicitudotadjuntos?INS,2017,5376,,2, HTTP/1.1" 200 5987
192.168.10.89 - - [09/Mar/2017:14:01:01 -0300] "GET /cormun/servlet/solicitudotlog?6f0aa8d30802af3a7e4fc7b508d5a8c26ee0d51bee0d23a66719f6f60b7162341f3139c654407c706b39d2fd179a2ac9ffc38b3594edf02e20afb4f4b259f52e039b7cec79f45c402c990e8c274d4b094544b643c77e9bfbccd73ce6e4e5f24eca47e4f99a36042d6f39ed637f2f9da58389483bad5048da33041c0eb00bcbdde9b88fc2c8261f3dd8549e51eb7d1bfe228245f386f244370d0e99b2a48f4455,gx-no-cache=1489082145673 HTTP/1.1" 200 94
186.9.132.225 - - [09/Mar/2017:14:01:02 -0300] "GET /cormun/servlet/solicitudotadjuntos?edef8e98f43c10a85aca9c06d17765ba572fcd55661b45b17af3dffca0e5286943c419662f104f6b13b9dc0edc8498f8,gx-no-cache=1489078929113 HTTP/1.1" 200 30
192.168.10.89 - - [09/Mar/2017:14:01:07 -0300] "POST /cormun/servlet/solicitudotlog?d0048bda50f446a0286eadfd022bff07,INS,2017,5338,0,REC,,gx-no-cache=1489082151506 HTTP/1.1" 200 93
192.168.10.89 - - [09/Mar/2017:14:01:07 -0300] "GET /cormun/servlet/hpexe_return? HTTP/1.1" 200 1039
192.168.10.89 - - [09/Mar/2017:14:01:08 -0300] "GET /cormun/servlet/trsolicitudgral?gx-no-cache=1489080813111 HTTP/1.1" 200 17878
186.9.132.225 - - [09/Mar/2017:14:01:08 -0300] "POST /cormun/servlet/solicitudotadjuntos?2244776f8be83658a07d3f1c96ad8a15,INS,2017,5376,,2,,gx-no-cache=1489078930693 HTTP/1.1" 200 4178
200.112.49.242 - - [09/Mar/2017:14:01:11 -0300] "GET /cormun/servlet/trvacaciones? HTTP/1.1" 200 6798
200.112.49.242 - - [09/Mar/2017:14:01:11 -0300] "GET /cormun/static/gxcfg.js?2016111620393194 HTTP/1.1" 200 953
200.112.49.242 - - [09/Mar/2017:14:01:11 -0300] "GET /cormun/static/trvacaciones.js?2016111620393599 HTTP/1.1" 200 29522
192.168.10.89 - - [09/Mar/2017:14:01:14 -0300] "POST /cormun/servlet/trsolicitudgral?d0048bda50f446a0286eadfd022bff07,gx-no-cache=1489080813111,gx-no-cache=1489082158493 HTTP/1.1" 200 115
192.168.10.89 - - [09/Mar/2017:14:01:14 -0300] "GET /cormun/servlet/solicitudotlog?INS,2017,5337,0,REC, HTTP/1.1" 200 6174
192.168.10.89 - - [09/Mar/2017:14:01:16 -0300] "GET /cormun/servlet/solicitudotlog?6f0aa8d30802af3a7e4fc7b508d5a8c243589a7622487f4af01a9b9fffcc4d9d1f3139c654407c706b39d2fd179a2ac9ffc38b3594edf02e20afb4f4b259f52e039b7cec79f45c402c990e8c274d4b094544b643c77e9bfbccd73ce6e4e5f24eca47e4f99a36042d6f39ed637f2f9da58389483bad5048da33041c0eb00bcbdde9b88fc2c8261f3dd8549e51eb7d1bfe228245f386f244370d0e99b2a48f4455,gx-no-cache=1489082159828 HTTP/1.1" 200 94
192.168.10.89 - - [09/Mar/2017:14:01:19 -0300] "POST /cormun/servlet/solicitudotlog?d0048bda50f446a0286eadfd022bff07,INS,2017,5337,0,REC,,gx-no-cache=1489082163464 HTTP/1.1" 200 93
192.168.10.89 - - [09/Mar/2017:14:01:19 -0300] "GET /cormun/servlet/hpexe_return? HTTP/1.1" 200 1039
192.168.10.89 - - [09/Mar/2017:14:01:20 -0300] "GET /cormun/servlet/trsolicitudgral?gx-no-cache=1489080813111 HTTP/1.1" 200 17607
192.168.10.89 - - [09/Mar/2017:14:01:26 -0300] "POST /cormun/servlet/trsolicitudgral?d0048bda50f446a0286eadfd022bff07,gx-no-cache=1489080813111,gx-no-cache=1489082170622 HTTP/1.1" 200 115
192.168.10.89 - - [09/Mar/2017:14:01:27 -0300] "GET /cormun/servlet/solicitudotlog?INS,2017,5335,0,REC, HTTP/1.1" 200 6174
192.168.10.89 - - [09/Mar/2017:14:01:28 -0300] "GET /cormun/servlet/solicitudotlog?6f0aa8d30802af3a7e4fc7b508d5a8c219634af57dbd5aa681732a05769166d71f3139c654407c706b39d2fd179a2ac9ffc38b3594edf02e20afb4f4b259f52e039b7cec79f45c402c990e8c274d4b094544b643c77e9bfbccd73ce6e4e5f24eca47e4f99a36042d6f39ed637f2f9da58389483bad5048da33041c0eb00bcbdde9b88fc2c8261f3dd8549e51eb7d1bfe228245f386f244370d0e99b2a48f4455,gx-no-cache=1489082171942 HTTP/1.1" 200 94
192.168.10.89 - - [09/Mar/2017:14:01:31 -0300] "POST /cormun/servlet/solicitudotlog?d0048bda50f446a0286eadfd022bff07,INS,2017,5335,0,REC,,gx-no-cache=1489082175100 HTTP/1.1" 200 93
192.168.10.89 - - [09/Mar/2017:14:01:31 -0300] "GET /cormun/servlet/hpexe_return? HTTP/1.1" 200 1039
192.168.10.89 - - [09/Mar/2017:14:01:32 -0300] "GET /cormun/servlet/trsolicitudgral?gx-no-cache=1489080813111 HTTP/1.1" 200 17327
186.9.132.225 - - [09/Mar/2017:14:01:35 -0300] "POST /cormun/servlet/solicitudotadjuntos?gx-no-cache=1489078960423 HTTP/1.1" 200 26
192.168.10.89 - - [09/Mar/2017:14:01:41 -0300] "POST /cormun/servlet/trsolicitudgral?d0048bda50f446a0286eadfd022bff07,gx-no-cache=1489080813111,gx-no-cache=1489082185510 HTTP/1.1" 200 115
192.168.10.89 - - [09/Mar/2017:14:01:41 -0300] "GET /cormun/servlet/solicitudotlog?INS,2017,5332,0,REC, HTTP/1.1" 200 6174
192.168.10.89 - - [09/Mar/2017:14:01:43 -0300] "GET /cormun/servlet/solicitudotlog?6f0aa8d30802af3a7e4fc7b508d5a8c2c41b7086252e2d2584c83ea5c390818d1f3139c654407c706b39d2fd179a2ac9ffc38b3594edf02e20afb4f4b259f52e039b7cec79f45c402c990e8c274d4b094544b643c77e9bfbccd73ce6e4e5f24eca47e4f99a36042d6f39ed637f2f9da58389483bad5048da33041c0eb00bcbdde9b88fc2c8261f3dd8549e51eb7d1bfe228245f386f244370d0e99b2a48f4455,gx-no-cache=1489082186895 HTTP/1.1" 200 94
200.112.49.242 - - [09/Mar/2017:14:01:45 -0300] "POST /cormun/servlet/trvacaciones?255c423831079e32d90cb4e7b537fa54,,gx-no-cache=1489078974709 HTTP/1.1" 200 4080
192.168.10.89 - - [09/Mar/2017:14:01:46 -0300] "POST /cormun/servlet/solicitudotlog?d0048bda50f446a0286eadfd022bff07,INS,2017,5332,0,REC,,gx-no-cache=1489082189814 HTTP/1.1" 200 93
192.168.10.89 - - [09/Mar/2017:14:01:46 -0300] "GET /cormun/servlet/hpexe_return? HTTP/1.1" 200 1039
192.168.10.89 - - [09/Mar/2017:14:01:46 -0300] "GET /cormun/servlet/trsolicitudgral?gx-no-cache=1489080813111 HTTP/1.1" 200 17059
192.168.10.89 - - [09/Mar/2017:14:01:54 -0300] "POST /cormun/servlet/trsolicitudgral?d0048bda50f446a0286eadfd022bff07,gx-no-cache=1489080813111,gx-no-cache=1489082197748 HTTP/1.1" 200 115
192.168.10.89 - - [09/Mar/2017:14:01:54 -0300] "GET /cormun/servlet/solicitudotlog?INS,2017,5330,0,REC, HTTP/1.1" 200 6173
192.168.10.89 - - [09/Mar/2017:14:01:55 -0300] "GET /cormun/servlet/solicitudotlog?6f0aa8d30802af3a7e4fc7b508d5a8c24a1a2d014dc2696c8476e7b79cb24c461f3139c654407c706b39d2fd179a2ac9ffc38b3594edf02e20afb4f4b259f52e039b7cec79f45c402c990e8c274d4b094544b643c77e9bfbccd73ce6e4e5f24eca47e4f99a36042d6f39ed637f2f9da58389483bad5048da33041c0eb00bcbdde9b88fc2c8261f3dd8549e51eb7d1bfe228245f386f244370d0e99b2a48f4455,gx-no-cache=1489082199126 HTTP/1.1" 200 94
192.168.10.89 - - [09/Mar/2017:14:01:58 -0300] "POST /cormun/servlet/solicitudotlog?d0048bda50f446a0286eadfd022bff07,INS,2017,5330,0,REC,,gx-no-cache=1489082201790 HTTP/1.1" 200 93
192.168.10.89 - - [09/Mar/2017:14:01:58 -0300] "GET /cormun/servlet/hpexe_return? HTTP/1.1" 200 1039
192.168.10.89 - - [09/Mar/2017:14:01:58 -0300] "GET /cormun/servlet/trsolicitudgral?gx-no-cache=1489080813111 HTTP/1.1" 200 16806
200.112.49.242 - - [09/Mar/2017:14:01:59 -0300] "GET /cormun/Manuales/ManualSolicitud.pdf HTTP/1.1" 200 850295
186.9.132.225 - - [09/Mar/2017:14:02:03 -0300] "GET /cormun/servlet/solicitudotadjuntos?edef8e98f43c10a85aca9c06d17765ba01b540f9e640a8f5bc2ceae44eec8224,gx-no-cache=1489078990320 HTTP/1.1" 200 30
186.9.132.225 - - [09/Mar/2017:14:02:05 -0300] "GET /cormun/servlet/solicitudotadjuntos?edef8e98f43c10a85aca9c06d17765ba01b540f9e640a8f5bc2ceae44eec8224,gx-no-cache=1489078991942 HTTP/1.1" 200 30
192.168.10.89 - - [09/Mar/2017:14:03:08 -0300] "POST /cormun/servlet/trsolicitudgral?d0048bda50f446a0286eadfd022bff07,gx-no-cache=1489080813111,gx-no-cache=1489082272313 HTTP/1.1" 200 115
192.168.10.89 - - [09/Mar/2017:14:03:08 -0300] "GET /cormun/servlet/solicitudotlog?INS,2017,5331,0,REC, HTTP/1.1" 200 6174
192.168.10.89 - - [09/Mar/2017:14:03:10 -0300] "GET /cormun/servlet/solicitudotlog?6f0aa8d30802af3a7e4fc7b508d5a8c2851745c9886be20e0c60df44ec38f4af1f3139c654407c706b39d2fd179a2ac9ffc38b3594edf02e20afb4f4b259f52e039b7cec79f45c402c990e8c274d4b094544b643c77e9bfbccd73ce6e4e5f24eca47e4f99a36042d6f39ed637f2f9da58389483bad5048da33041c0eb00bcbdde9b88fc2c8261f3dd8549e51eb7d1bfe228245f386f244370d0e99b2a48f4455,gx-no-cache=1489082273896 HTTP/1.1" 200 94
192.168.10.89 - - [09/Mar/2017:14:03:14 -0300] "POST /cormun/servlet/solicitudotlog?d0048bda50f446a0286eadfd022bff07,INS,2017,5331,0,REC,,gx-no-cache=1489082277998 HTTP/1.1" 200 93
192.168.10.89 - - [09/Mar/2017:14:03:14 -0300] "GET /cormun/servlet/hpexe_return? HTTP/1.1" 200 1039
192.168.10.89 - - [09/Mar/2017:14:03:15 -0300] "GET /cormun/servlet/trsolicitudgral?gx-no-cache=1489080813111 HTTP/1.1" 200 16515
186.9.132.225 - - [09/Mar/2017:14:03:28 -0300] "POST /cormun/servlet/solicitudotadjuntos?2244776f8be83658a07d3f1c96ad8a15,INS,2017,5376,,2, HTTP/1.1" 200 116
186.9.132.225 - - [09/Mar/2017:14:03:29 -0300] "GET /cormun/servlet/hpexe_return? HTTP/1.1" 200 1026
186.9.132.225 - - [09/Mar/2017:14:03:31 -0300] "GET /cormun/servlet/trsolicitudadjuntos?2017,5376, HTTP/1.1" 200 8165
186.9.132.225 - - [09/Mar/2017:14:03:35 -0300] "GET /cormun/servlet/trsolicitudadjuntos?2017,5376, HTTP/1.1" 200 8163
186.9.132.225 - - [09/Mar/2017:14:03:40 -0300] "GET /cormun/servlet/solicitudotadjuntos?INS,2017,5376,,2, HTTP/1.1" 200 5993
186.9.132.225 - - [09/Mar/2017:14:03:45 -0300] "GET /cormun/static/about:blank HTTP/1.1" 404 1011
186.9.132.225 - - [09/Mar/2017:14:03:46 -0300] "GET /cormun/servlet/solicitudotadjuntos?INS,2017,5376,,2, HTTP/1.1" 200 5987
186.9.132.225 - - [09/Mar/2017:14:03:47 -0300] "GET /cormun/servlet/solicitudotadjuntos?edef8e98f43c10a85aca9c06d17765ba572fcd55661b45b17af3dffca0e5286943c419662f104f6b13b9dc0edc8498f8,gx-no-cache=1489079091143 HTTP/1.1" 200 30
186.9.132.225 - - [09/Mar/2017:14:03:55 -0300] "POST /cormun/servlet/solicitudotadjuntos?2244776f8be83658a07d3f1c96ad8a15,INS,2017,5376,,2,,gx-no-cache=1489079095620 HTTP/1.1" 200 4178
186.9.132.225 - - [09/Mar/2017:14:04:32 -0300] "POST /cormun/servlet/solicitudotadjuntos?gx-no-cache=1489079138474 HTTP/1.1" 200 26
186.9.132.225 - - [09/Mar/2017:14:05:50 -0300] "GET /cormun/servlet/solicitudotadjuntos?edef8e98f43c10a85aca9c06d17765ba01b540f9e640a8f5bc2ceae44eec8224,gx-no-cache=1489079216729 HTTP/1.1" 200 30
186.9.132.225 - - [09/Mar/2017:14:05:51 -0300] "GET /cormun/servlet/solicitudotadjuntos?edef8e98f43c10a85aca9c06d17765ba01b540f9e640a8f5bc2ceae44eec8224,gx-no-cache=1489079218442 HTTP/1.1" 200 30
186.9.132.225 - - [09/Mar/2017:14:07:08 -0300] "POST /cormun/servlet/solicitudotadjuntos?2244776f8be83658a07d3f1c96ad8a15,INS,2017,5376,,2, HTTP/1.1" 200 116
186.9.132.225 - - [09/Mar/2017:14:07:10 -0300] "GET /cormun/servlet/hpexe_return? HTTP/1.1" 200 1026
186.9.132.225 - - [09/Mar/2017:14:07:11 -0300] "GET /cormun/servlet/trsolicitudadjuntos?2017,5376, HTTP/1.1" 200 8361
186.9.132.225 - - [09/Mar/2017:14:07:34 -0300] "GET /cormun/servlet/trsolicitudadjuntos?2017,5376, HTTP/1.1" 200 8359
192.168.10.89 - - [09/Mar/2017:14:08:13 -0300] "POST /cormun/servlet/trsolicitudgral?d0048bda50f446a0286eadfd022bff07,gx-no-cache=1489080813111,gx-no-cache=1489082576686 HTTP/1.1" 200 113
192.168.10.89 - - [09/Mar/2017:14:08:13 -0300] "GET /cormun/servlet/solicitudotlog?INS,2017,5317,0,REC, HTTP/1.1" 200 6173
192.168.10.89 - - [09/Mar/2017:14:08:14 -0300] "GET /cormun/servlet/solicitudotlog?6f0aa8d30802af3a7e4fc7b508d5a8c2e96dc5aae989649a319f6852738535d31f3139c654407c706b39d2fd179a2ac9ffc38b3594edf02e20afb4f4b259f52e039b7cec79f45c402c990e8c274d4b094544b643c77e9bfbccd73ce6e4e5f24eca47e4f99a36042d6f39ed637f2f9da58389483bad5048da33041c0eb00bcbdde9b88fc2c8261f3dd8549e51eb7d1bfe228245f386f244370d0e99b2a48f4455,gx-no-cache=1489082578116 HTTP/1.1" 200 94
192.168.10.89 - - [09/Mar/2017:14:08:20 -0300] "POST /cormun/servlet/solicitudotlog?d0048bda50f446a0286eadfd022bff07,INS,2017,5317,0,REC,,gx-no-cache=1489082584228 HTTP/1.1" 200 93
192.168.10.89 - - [09/Mar/2017:14:08:20 -0300] "GET /cormun/servlet/hpexe_return? HTTP/1.1" 200 1037
192.168.10.89 - - [09/Mar/2017:14:08:21 -0300] "GET /cormun/servlet/trsolicitudgral?gx-no-cache=1489080813111 HTTP/1.1" 200 16236
186.103.248.213 - - [09/Mar/2017:14:29:42 -0300] "GET /cormun/servlet/trsolicitudot? HTTP/1.1" 200 7345
186.103.248.213 - - [09/Mar/2017:14:29:43 -0300] "GET /cormun/static/Shared/ext/resources/css/ext-all.css?215870 HTTP/1.1" 304 -
186.103.248.213 - - [09/Mar/2017:14:29:43 -0300] "GET /cormun/static/calendar-system.css?85620 HTTP/1.1" 304 -
186.103.248.213 - - [09/Mar/2017:14:29:43 -0300] "GET /cormun/static/Shared/jqueryui/jquery-ui.min.css?1345370 HTTP/1.1" 304 -
186.103.248.213 - - [09/Mar/2017:14:29:43 -0300] "GET /cormun/static/SmoothNavMenu/resources/ddsmoothmenu.css?1112540 HTTP/1.1" 304 -
186.103.248.213 - - [09/Mar/2017:14:29:43 -0300] "GET /cormun/static/scaMessage/css/jquery.pnotify.default.css?1816380 HTTP/1.1" 304 -
186.103.248.213 - - [09/Mar/2017:14:29:43 -0300] "GET /cormun/static/gxtimezone.js?85251 HTTP/1.1" 304 -
186.103.248.213 - - [09/Mar/2017:14:29:43 -0300] "GET /cormun/static/gxgral.js?85251 HTTP/1.1" 304 -
186.103.248.213 - - [09/Mar/2017:14:29:43 -0300] "GET /cormun/static/gxcfg.js?20171191044697 HTTP/1.1" 304 -
186.103.248.213 - - [09/Mar/2017:14:29:43 -0300] "GET /cormun/static/calendar.js?85251 HTTP/1.1" 304 -
186.103.248.213 - - [09/Mar/2017:14:29:43 -0300] "GET /cormun/static/calendar-setup.js?85251 HTTP/1.1" 304 -
186.103.248.213 - - [09/Mar/2017:14:29:43 -0300] "GET /cormun/static/calendar-es.js?85251 HTTP/1.1" 304 -
186.103.248.213 - - [09/Mar/2017:14:29:43 -0300] "GET /cormun/static/Shared/ext/ext-all.js HTTP/1.1" 304 -
186.103.248.213 - - [09/Mar/2017:14:29:43 -0300] "GET /cormun/static/RunJS/RunJS.js HTTP/1.1" 304 -
186.103.248.213 - - [09/Mar/2017:14:29:43 -0300] "GET /cormun/static/PXToolsJavascripts/pexe_autoreload.js HTTP/1.1" 304 -
186.103.248.213 - - [09/Mar/2017:14:29:43 -0300] "GET /cormun/static/PXToolsJavascripts/pexe_cookies.js HTTP/1.1" 304 -
186.103.248.213 - - [09/Mar/2017:14:29:43 -0300] "GET /cormun/static/PXToolsJavascripts/pexe_windows.js HTTP/1.1" 304 -
186.103.248.213 - - [09/Mar/2017:14:29:43 -0300] "GET /cormun/static/PXToolsJavascripts/pexe_grid.js HTTP/1.1" 304 -
186.103.248.213 - - [09/Mar/2017:14:29:43 -0300] "GET /cormun/static/PXToolsJavascripts/pexe_griddivfix.js HTTP/1.1" 304 -
186.103.248.213 - - [09/Mar/2017:14:29:43 -0300] "GET /cormun/static/PXToolsJavascripts/pexe_link.js HTTP/1.1" 304 -
186.103.248.213 - - [09/Mar/2017:14:29:43 -0300] "GET /cormun/static/gxui/gxui-all.js HTTP/1.1" 304 -
186.103.248.213 - - [09/Mar/2017:14:29:43 -0300] "GET /cormun/static/PXToolsJavascripts/pexe_menus.js HTTP/1.1" 304 -
186.103.248.213 - - [09/Mar/2017:14:29:43 -0300] "GET /cormun/static/PXToolsJavascripts/pexe_oav.js HTTP/1.1" 304 -
186.103.248.213 - - [09/Mar/2017:14:29:44 -0300] "GET /cormun/static/PXToolsJavascripts/pexe_oavdivfix.js HTTP/1.1" 304 -
186.103.248.213 - - [09/Mar/2017:14:29:44 -0300] "GET /cormun/static/PXToolsJavascripts/pexe_picture.js HTTP/1.1" 304 -
186.103.248.213 - - [09/Mar/2017:14:29:44 -0300] "GET /cormun/static/PXToolsJavascripts/pexe_popup.js HTTP/1.1" 304 -
186.103.248.213 - - [09/Mar/2017:14:29:44 -0300] "GET /cormun/static/PXToolsJavascripts/pexe_menudivfix.js HTTP/1.1" 304 -
186.103.248.213 - - [09/Mar/2017:14:29:44 -0300] "GET /cormun/static/PXToolsJavascripts/pexe_layers.js HTTP/1.1" 304 -
186.103.248.213 - - [09/Mar/2017:14:29:44 -0300] "GET /cormun/static/PXToolsJavascripts/pexe_tabdivfix.js HTTP/1.1" 304 -
186.103.248.213 - - [09/Mar/2017:14:29:44 -0300] "GET /cormun/static/PXToolsJavascripts/pexe_tabs.js HTTP/1.1" 304 -
186.103.248.213 - - [09/Mar/2017:14:29:44 -0300] "GET /cormun/static/PXToolsJavascripts/pexe_upload.js HTTP/1.1" 304 -
186.103.248.213 - - [09/Mar/2017:14:29:44 -0300] "GET /cormun/static/PXToolsJavascripts/pexe_scrolldiv.js HTTP/1.1" 304 -
186.103.248.213 - - [09/Mar/2017:14:29:44 -0300] "GET /cormun/static/PXToolsJavascripts/PXToolsJavascriptsRender.js HTTP/1.1" 304 -
186.103.248.213 - - [09/Mar/2017:14:29:46 -0300] "GET /cormun/static/gxui/gxui-all.css?120300 HTTP/1.1" 304 -
186.103.248.213 - - [09/Mar/2017:14:29:46 -0300] "GET /cormun/static/Resources/Spanish/PXTools.css?18365030 HTTP/1.1" 304 -
186.103.248.213 - - [09/Mar/2017:14:29:52 -0300] "GET /cormun/static/SmoothNavMenu/resources/ddsmoothmenu-v.css?1112540 HTTP/1.1" 304 -
186.103.248.213 - - [09/Mar/2017:14:29:52 -0300] "GET /cormun/static/Resources/logo4.png HTTP/1.1" 304 -
186.103.248.213 - - [09/Mar/2017:14:29:52 -0300] "GET /cormun/static/Resources/PXToolsFooterBackground2.png HTTP/1.1" 304 -
186.103.248.213 - - [09/Mar/2017:14:29:52 -0300] "GET /cormun/static/Resources/PXToolsHeaderActionsLeft.png HTTP/1.1" 304 -
186.103.248.213 - - [09/Mar/2017:14:29:52 -0300] "GET /cormun/static/Resources/PXToolsHeaderBackground2.png HTTP/1.1" 304 -
186.103.248.213 - - [09/Mar/2017:14:29:52 -0300] "GET /cormun/static/Resources/PXToolsHeaderHome.png HTTP/1.1" 304 -
186.103.248.213 - - [09/Mar/2017:14:29:52 -0300] "GET /cormun/static/Resources/PXToolsHeaderActionsBackground.png HTTP/1.1" 304 -
186.103.248.213 - - [09/Mar/2017:14:29:52 -0300] "GET /cormun/static/Resources/PXToolsHeaderLogin.png HTTP/1.1" 304 -
186.103.248.213 - - [09/Mar/2017:14:29:52 -0300] "GET /cormun/static/Resources/PXToolsHeaderPreferences.png HTTP/1.1" 304 -
186.103.248.213 - - [09/Mar/2017:14:29:52 -0300] "GET /cormun/static/Resources/PXToolsHeaderSecurity.png HTTP/1.1" 304 -
186.103.248.213 - - [09/Mar/2017:14:29:52 -0300] "GET /cormun/static/Resources/PXToolsHeaderActionsRight.png HTTP/1.1" 304 -
186.103.248.213 - - [09/Mar/2017:14:29:52 -0300] "GET /cormun/static/Resources/PXTools/calendar.png HTTP/1.1" 304 -
186.103.248.213 - - [09/Mar/2017:14:29:52 -0300] "GET /cormun/static/Resources/PXToolsDataTitle.png HTTP/1.1" 304 -
186.103.248.213 - - [09/Mar/2017:14:29:52 -0300] "GET /cormun/static/Resources/PXToolsDataSearch.png HTTP/1.1" 304 -
186.103.248.213 - - [09/Mar/2017:14:29:52 -0300] "GET /cormun/static/Resources/PXToolsGridFirstDisabled.gif HTTP/1.1" 304 -
186.103.248.213 - - [09/Mar/2017:14:29:52 -0300] "GET /cormun/static/Resources/PXToolsGridPreviousDisabled.gif HTTP/1.1" 304 -
186.103.248.213 - - [09/Mar/2017:14:29:52 -0300] "GET /cormun/static/Resources/PXToolsGridNextDisabled.gif HTTP/1.1" 304 -
186.103.248.213 - - [09/Mar/2017:14:29:52 -0300] "GET /cormun/static/Resources/PXToolsGridLastDisabled.gif HTTP/1.1" 304 -
186.103.248.213 - - [09/Mar/2017:14:29:52 -0300] "GET /cormun/static/Resources/PXToolsGridPage.gif HTTP/1.1" 304 -
186.103.248.213 - - [09/Mar/2017:14:29:52 -0300] "GET /cormun/static/Resources/PXToolsActionExcel.png HTTP/1.1" 304 -
186.103.248.213 - - [09/Mar/2017:14:29:52 -0300] "GET /cormun/static/Resources/PXToolsGridNew.png HTTP/1.1" 304 -
186.103.248.213 - - [09/Mar/2017:14:29:52 -0300] "GET /cormun/static/Shared/ext/locale/ext-lang-en.js HTTP/1.1" 304 -
186.103.248.213 - - [09/Mar/2017:14:29:53 -0300] "GET /cormun/static/messages.spa.js?85251 HTTP/1.1" 304 -
186.103.248.213 - - [09/Mar/2017:14:29:53 -0300] "GET /cormun/static/gxdec.js?85251 HTTP/1.1" 304 -
186.103.248.213 - - [09/Mar/2017:14:29:53 -0300] "GET /cormun/static/trsolicitudot.js?20171191045625 HTTP/1.1" 304 -
186.103.248.213 - - [09/Mar/2017:14:29:53 -0300] "GET /cormun/static/hwchdr01.js?201612218432057 HTTP/1.1" 304 -
186.103.248.213 - - [09/Mar/2017:14:29:53 -0300] "GET /cormun/static/hpexe_recentlink.js?201610171694390 HTTP/1.1" 304 -
186.103.248.213 - - [09/Mar/2017:14:29:53 -0300] "GET /cormun/static/hpexe_scripts.js?201612218432016 HTTP/1.1" 304 -
186.103.248.213 - - [09/Mar/2017:14:29:54 -0300] "GET /cormun/static/hpexe_messagecontroller.js?201610171694323 HTTP/1.1" 304 -
186.103.248.213 - - [09/Mar/2017:14:29:54 -0300] "GET /cormun/static/hpexe_messagepopupcomponent.js?20161017169425 HTTP/1.1" 304 -
186.103.248.213 - - [09/Mar/2017:14:29:54 -0300] "GET /cormun/static/hpexe_messagegenexuscomponent.js?201612218431816 HTTP/1.1" 304 -
186.103.248.213 - - [09/Mar/2017:14:29:54 -0300] "GET /cormun/static/cmcontrolpreferences.js?201612218431999 HTTP/1.1" 304 -
186.103.248.213 - - [09/Mar/2017:14:29:55 -0300] "GET /cormun/static/Shared/jquery/jquery-1.4.2.min.js HTTP/1.1" 304 -
186.103.248.213 - - [09/Mar/2017:14:29:55 -0300] "GET /cormun/static/Shared/jquery/jquery-1.10.2.min.js HTTP/1.1" 304 -
186.103.248.213 - - [09/Mar/2017:14:29:55 -0300] "GET /cormun/static/Shared/jqueryui/jquery-ui.min.js HTTP/1.1" 304 -
186.103.248.213 - - [09/Mar/2017:14:29:55 -0300] "GET /cormun/static/SmoothNavMenu/resources/ddsmoothmenu.js HTTP/1.1" 304 -
186.103.248.213 - - [09/Mar/2017:14:29:55 -0300] "GET /cormun/static/SmoothNavMenu/resources/SmoothNavMenuRender.js HTTP/1.1" 304 -
186.103.248.213 - - [09/Mar/2017:14:29:55 -0300] "GET /cormun/static/scaMessage/js/jquery.pnotify.min.js HTTP/1.1" 304 -
186.103.248.213 - - [09/Mar/2017:14:29:56 -0300] "GET /cormun/static/scaMessage/scaMessageRender.js HTTP/1.1" 304 -
186.103.248.213 - - [09/Mar/2017:14:29:56 -0300] "GET /cormun/static/hmpwkw03.js?20161221852152 HTTP/1.1" 304 -
186.103.248.213 - - [09/Mar/2017:14:29:56 -0300] "GET /cormun/static/Resources/indicator.gif HTTP/1.1" 304 -
186.103.248.213 - - [09/Mar/2017:14:29:56 -0300] "GET /cormun/static/Resources/desc.gif HTTP/1.1" 304 -
186.103.248.213 - - [09/Mar/2017:14:29:56 -0300] "GET /cormun//static/Resources/PXToolsGridDelete.png HTTP/1.1" 304 -
186.103.248.213 - - [09/Mar/2017:14:29:56 -0300] "GET /cormun//static/Resources/PXToolsRemoveAllAction.png HTTP/1.1" 200 3558
186.103.248.213 - - [09/Mar/2017:14:29:56 -0300] "GET /cormun//static/Resources/PXToolsActionView.png HTTP/1.1" 200 2995
186.103.248.213 - - [09/Mar/2017:14:29:56 -0300] "GET /cormun//static/Resources/PXTools/ActionInsert.png HTTP/1.1" 304 -
