186.9.132.225 - - [09/Mar/2017:12:51:32 -0300] "GET /cormun/servlet/solicitudot?edef8e98f43c10a85aca9c06d17765baf6ba9ba1be4ec4619a3ccee39d13cbe05c20b8256abd1ba3f3b58a50b24d527e4b8291edff1ff2c6e1024c8ab023c396a8b1a650ccf49f4cfd2febb881bcb236c46116b2a85f87a491ab5597c535b37c6ff7f84fbd4fb5c57a4275de797d1e77,gx-no-cache=1489074758972 HTTP/1.1" 200 29
186.9.132.225 - - [09/Mar/2017:12:51:33 -0300] "POST /cormun/servlet/solicitudot?gx-no-cache=1489074760642 HTTP/1.1" 200 643
186.9.132.225 - - [09/Mar/2017:12:51:38 -0300] "POST /cormun/servlet/solicitudot?gx-no-cache=1489074765089 HTTP/1.1" 200 1157
186.9.132.225 - - [09/Mar/2017:12:52:42 -0300] "GET /cormun/servlet/solicitudot?edef8e98f43c10a85aca9c06d17765ba5686799d41b1ed000f9cc835e0bda2288953b71543f991527a93608cfce8063347f15ba7daf6eaf4a5100bfb57957d779e3ab5606281aa1957c7bcd1ba70fe708eefbaee9d04198ba9cee7a848a709006277631fbcebffa10fe053ca76bcf442b13b0007d5fb655d64f0707fee2afa2377f9b0001a421618436ecf850cd9281cf168be06490dfe2ce1d077d874bbb83de4abc1c84a4c42fbd4f0af5e8db4ca9f,gx-no-cache=1489074829287 HTTP/1.1" 200 30
192.168.10.62 - - [09/Mar/2017:12:52:43 -0300] "GET /cormun/servlet/trconsultaempleado? HTTP/1.1" 200 8844
192.168.10.62 - - [09/Mar/2017:12:52:43 -0300] "GET /cormun/static/gxcfg.js?201612218544926 HTTP/1.1" 304 -
192.168.10.62 - - [09/Mar/2017:12:52:45 -0300] "GET /cormun/servlet/trconsultaempleado? HTTP/1.1" 200 8844
186.9.132.225 - - [09/Mar/2017:12:52:49 -0300] "POST /cormun/servlet/solicitudot?2244776f8be83658a07d3f1c96ad8a15,INS,0,0,,gx-no-cache=1489074830824 HTTP/1.1" 200 11241
186.9.132.225 - - [09/Mar/2017:12:52:54 -0300] "GET /cormun/static/Shared/jqueryui/images/ui-bg_highlight-soft_100_c6c2c8_1x100.png HTTP/1.1" 404 1117
186.9.132.225 - - [09/Mar/2017:12:52:54 -0300] "GET /cormun/static/Shared/jqueryui/images/ui-bg_flat_55_994d53_40x100.png HTTP/1.1" 404 1097
186.9.132.225 - - [09/Mar/2017:12:52:54 -0300] "GET /cormun/static/Shared/jqueryui/images/ui-icons_ebccce_256x240.png HTTP/1.1" 404 1089
192.168.10.62 - - [09/Mar/2017:12:52:55 -0300] "POST /cormun/servlet/trconsultaempleado?1593785675881e9f7ed7f72505490036,,gx-no-cache=1489078058749 HTTP/1.1" 200 3976
186.9.132.225 - - [09/Mar/2017:12:52:55 -0300] "GET /cormun/static/Shared/jqueryui/images/ui-icons_82798d_256x240.png HTTP/1.1" 404 1089
192.168.10.62 - - [09/Mar/2017:12:52:56 -0300] "GET /cormun/servlet/trsolicitudnombre?14202165, HTTP/1.1" 200 8230
192.168.10.62 - - [09/Mar/2017:12:52:57 -0300] "GET /cormun/servlet/trsolicitudnombre?14202165, HTTP/1.1" 200 8235
192.168.10.62 - - [09/Mar/2017:12:53:06 -0300] "POST /cormun/servlet/trsolicitudnombre?1593785675881e9f7ed7f72505490036,14202165,,gx-no-cache=1489078069838 HTTP/1.1" 200 107
192.168.10.62 - - [09/Mar/2017:12:53:06 -0300] "POST /cormun/servlet/trsolicitudnombre?1593785675881e9f7ed7f72505490036,14202165,,gx-no-cache=1489078069996 HTTP/1.1" 200 6217
192.168.10.62 - - [09/Mar/2017:12:53:06 -0300] "GET /cormun/SolicitudNombre-1768.xls HTTP/1.1" 200 7168
186.9.132.225 - - [09/Mar/2017:12:53:53 -0300] "POST /cormun/servlet/solicitudot?gx-no-cache=1489074897123 HTTP/1.1" 200 256
186.9.132.225 - - [09/Mar/2017:12:53:59 -0300] "GET /cormun/servlet/solicitudot?edef8e98f43c10a85aca9c06d17765bab3aab0c434758809714c964b9951e180035995d06ccfeb82e4d7cc28d5584c582fc0bfb062b80396fac588d49276025edaf550e4ef1678dfe69df3ea9746d1d1bc49463513e6bed46f2a9a1b132464b8eb25a25ce6eacd308c7a306b79b3ab534c43c5f5769e2d5c035131a961aca6b8f1b8ee1145175a12faff7e023a69641be1206bc62b3f1057d24b17b6bcad288480375909a03731737914294894013684c131745dbc7202e84004b86abaecd5de3442af41520a419a1361999aa120808a60a395e0a841a2653b7ee927b133c52b8ff2771d388bf75fd3f145f9ee7260b08f89d5478a2be58973cd00c5554d5765570d0ba85c5584d0f55840c25697cd993fbbf9bea0243ee03cb67d76efd64620138a384d51c435085b6801e4ee6942019e236bab03ed8a9acb1e2102f35911e4951615618f190884884b4f4364ac505e3bee94c8eb09bbf99c829bc2256fd7cbea1a7e909e0a197753c6a5a61d0985aa3d3f0b34ad96b823335db6ec0985d131,gx-no-cache=1489074905586 HTTP/1.1" 200 30
186.9.132.225 - - [09/Mar/2017:12:54:03 -0300] "POST /cormun/servlet/solicitudot?gx-no-cache=1489074907426 HTTP/1.1" 200 30
192.168.10.62 - - [09/Mar/2017:12:54:25 -0300] "GET /cormun/servlet/vesolicitudnombre?2017,4878,, HTTP/1.1" 200 8058
192.168.10.62 - - [09/Mar/2017:12:54:25 -0300] "GET /cormun/pexe_scrolldiv.js HTTP/1.1" 404 1009
192.168.10.62 - - [09/Mar/2017:12:54:25 -0300] "GET /cormun/pexe_scrolldiv.js HTTP/1.1" 404 1009
192.168.10.62 - - [09/Mar/2017:12:54:26 -0300] "GET /cormun/servlet/vesolicitudnombre?2017,4878,, HTTP/1.1" 200 8051
186.9.132.225 - - [09/Mar/2017:12:54:28 -0300] "POST /cormun/servlet/solicitudot?gx-no-cache=1489074910923 HTTP/1.1" 200 1287
192.168.10.62 - - [09/Mar/2017:12:54:29 -0300] "GET /cormun/servlet/vesolicitudnombre?2017,4878,,SolicitudOTLog HTTP/1.1" 200 8728
192.168.10.62 - - [09/Mar/2017:12:54:29 -0300] "GET /cormun/pexe_scrolldiv.js HTTP/1.1" 404 1009
192.168.10.62 - - [09/Mar/2017:12:54:29 -0300] "GET /cormun/pexe_scrolldiv.js HTTP/1.1" 404 1009
192.168.10.62 - - [09/Mar/2017:12:54:30 -0300] "GET /cormun/servlet/vesolicitudnombre?2017,4878,,SolicitudOTLog HTTP/1.1" 200 8729
192.168.10.62 - - [09/Mar/2017:12:54:31 -0300] "POST /cormun/servlet/acontrolpreferencessavestate?None,FGONZALEZG,true HTTP/1.1" 200 35
186.9.132.225 - - [09/Mar/2017:12:54:33 -0300] "POST /cormun/servlet/solicitudot?gx-no-cache=1489074939841 HTTP/1.1" 200 41
186.9.132.225 - - [09/Mar/2017:12:54:36 -0300] "POST /cormun/servlet/solicitudot?gx-no-cache=1489074941492 HTTP/1.1" 200 1275
186.9.132.225 - - [09/Mar/2017:12:54:39 -0300] "POST /cormun/servlet/solicitudot?gx-no-cache=1489074945240 HTTP/1.1" 200 1157
186.9.132.225 - - [09/Mar/2017:12:54:41 -0300] "GET /cormun/servlet/solicitudot?edef8e98f43c10a85aca9c06d17765ba5686799d41b1ed000f9cc835e0bda2288953b71543f991527a93608cfce8063347f15ba7daf6eaf4a5100bfb57957d779e3ab5606281aa1957c7bcd1ba70fe708eefbaee9d04198ba9cee7a848a709006277631fbcebffa10fe053ca76bcf442b13b0007d5fb655d64f0707fee2afa2377f9b0001a421618436ecf850cd9281cf168be06490dfe2ce1d077d874bbb83de4abc1c84a4c42fbd4f0af5e8db4ca9f,gx-no-cache=1489074948289 HTTP/1.1" 200 30
186.9.132.225 - - [09/Mar/2017:12:54:48 -0300] "POST /cormun/servlet/solicitudot?2244776f8be83658a07d3f1c96ad8a15,INS,0,0,,gx-no-cache=1489074949060 HTTP/1.1" 200 93
186.9.132.225 - - [09/Mar/2017:12:54:49 -0300] "GET /cormun/servlet/hpexe_return? HTTP/1.1" 200 1007
186.9.132.225 - - [09/Mar/2017:12:54:51 -0300] "GET /cormun/servlet/trsolicitudot HTTP/1.1" 200 8169
186.9.132.225 - - [09/Mar/2017:12:54:55 -0300] "GET /cormun/servlet/trsolicitudot HTTP/1.1" 200 8165
186.67.172.234 - - [09/Mar/2017:12:54:56 -0300] "GET /cormun/servlet/hhome HTTP/1.1" 200 3317
186.67.172.234 - - [09/Mar/2017:12:54:56 -0300] "GET /cormun/servlet/hhome HTTP/1.1" 200 3300
186.67.172.234 - - [09/Mar/2017:12:54:57 -0300] "GET /cormun/servlet/hlogin HTTP/1.1" 200 1732
186.67.172.234 - - [09/Mar/2017:12:55:21 -0300] "POST /cormun/servlet/hlogin?2a63d9df1f054c2e94e53e2edec0ea8a,gx-no-cache=1489074990855 HTTP/1.1" 200 444
192.168.10.62 - - [09/Mar/2017:12:55:33 -0300] "GET /cormun/servlet/vesolicitudnombre?2017,4878,,General HTTP/1.1" 200 8057
192.168.10.62 - - [09/Mar/2017:12:55:33 -0300] "GET /cormun/pexe_scrolldiv.js HTTP/1.1" 404 1009
192.168.10.62 - - [09/Mar/2017:12:55:33 -0300] "GET /cormun/pexe_scrolldiv.js HTTP/1.1" 404 1009
192.168.10.62 - - [09/Mar/2017:12:55:34 -0300] "GET /cormun/servlet/vesolicitudnombre?2017,4878,,General HTTP/1.1" 200 8057
192.168.10.62 - - [09/Mar/2017:12:55:36 -0300] "POST /cormun/servlet/vesolicitudnombre?1593785675881e9f7ed7f72505490036,2017,4878,,General,gx-no-cache=1489078219818 HTTP/1.1" 200 90
192.168.10.62 - - [09/Mar/2017:12:55:36 -0300] "GET /cormun/servlet/hpexe_link HTTP/1.1" 200 987
192.168.10.62 - - [09/Mar/2017:12:55:36 -0300] "GET /cormun/servlet/trsolicitudnombre?14202165, HTTP/1.1" 200 8232
192.168.10.62 - - [09/Mar/2017:12:55:36 -0300] "GET /cormun/servlet/trsolicitudnombre?14202165, HTTP/1.1" 200 8234
186.9.132.225 - - [09/Mar/2017:12:55:38 -0300] "GET /cormun/servlet/treventos?2017,5375, HTTP/1.1" 200 6028
192.168.10.62 - - [09/Mar/2017:12:55:40 -0300] "GET /cormun/servlet/trconsultaempleado? HTTP/1.1" 200 6185
192.168.10.62 - - [09/Mar/2017:12:55:41 -0300] "GET /cormun/servlet/trconsultaempleado? HTTP/1.1" 200 6185
186.9.132.225 - - [09/Mar/2017:12:55:41 -0300] "GET /cormun/servlet/treventos?2017,5375, HTTP/1.1" 200 6028
186.9.132.225 - - [09/Mar/2017:12:55:46 -0300] "GET /cormun/servlet/trsolicitudot? HTTP/1.1" 200 8165
186.9.132.225 - - [09/Mar/2017:12:55:48 -0300] "GET /cormun/servlet/trsolicitudot? HTTP/1.1" 200 8164
192.168.10.62 - - [09/Mar/2017:12:55:49 -0300] "POST /cormun/servlet/trconsultaempleado?1593785675881e9f7ed7f72505490036,,gx-no-cache=1489078232610 HTTP/1.1" 200 5255
186.9.132.225 - - [09/Mar/2017:12:55:56 -0300] "POST /cormun/servlet/trsolicitudot?2244776f8be83658a07d3f1c96ad8a15,,gx-no-cache=1489075018801 HTTP/1.1" 200 106
192.168.10.62 - - [09/Mar/2017:12:55:57 -0300] "GET /cormun/servlet/trsolicitudnombre?10798657, HTTP/1.1" 200 5724
186.9.132.225 - - [09/Mar/2017:12:55:57 -0300] "GET /cormun/servlet/solicitudot?UPD,2017,5375, HTTP/1.1" 200 14410
192.168.10.62 - - [09/Mar/2017:12:55:57 -0300] "GET /cormun/servlet/trsolicitudnombre?10798657, HTTP/1.1" 200 5723
186.9.132.225 - - [09/Mar/2017:12:56:01 -0300] "GET /cormun/servlet/solicitudot?UPD,2017,5375, HTTP/1.1" 200 14419
186.67.172.234 - - [09/Mar/2017:12:56:07 -0300] "POST /cormun/servlet/hlogin?2a63d9df1f054c2e94e53e2edec0ea8a,gx-no-cache=1489075037086 HTTP/1.1" 200 90
186.67.172.234 - - [09/Mar/2017:12:56:07 -0300] "GET /cormun/servlet/hpexe_link HTTP/1.1" 200 957
186.67.172.234 - - [09/Mar/2017:12:56:07 -0300] "GET /cormun/servlet/hhome HTTP/1.1" 200 3731
186.9.132.225 - - [09/Mar/2017:12:56:08 -0300] "POST /cormun/servlet/solicitudot?gx-no-cache=1489075028961 HTTP/1.1" 200 3171
186.67.172.234 - - [09/Mar/2017:12:56:08 -0300] "GET /cormun/servlet/hhome HTTP/1.1" 200 3728
186.67.172.234 - - [09/Mar/2017:12:56:15 -0300] "GET /cormun/servlet/trvisualizadoreventos? HTTP/1.1" 200 6462
186.67.172.234 - - [09/Mar/2017:12:56:15 -0300] "GET /cormun/servlet/trvisualizadoreventos? HTTP/1.1" 200 6462
186.9.132.225 - - [09/Mar/2017:12:56:22 -0300] "POST /cormun/servlet/solicitudot?2244776f8be83658a07d3f1c96ad8a15,UPD,2017,5375,,gx-no-cache=1489075037570 HTTP/1.1" 200 11024
192.168.10.62 - - [09/Mar/2017:12:56:23 -0300] "GET /cormun/servlet/trconsultaempleado? HTTP/1.1" 200 7507
192.168.10.62 - - [09/Mar/2017:12:56:23 -0300] "GET /cormun/servlet/trconsultaempleado? HTTP/1.1" 200 7506
186.9.132.225 - - [09/Mar/2017:12:56:31 -0300] "GET /cormun/servlet/solicitudot?edef8e98f43c10a85aca9c06d17765ba79be43c3f676e245bde8da47f434dfe52fdd63174a63145473f7f4442674583a,gx-no-cache=1489075058955 HTTP/1.1" 200 30
186.9.132.225 - - [09/Mar/2017:12:56:35 -0300] "POST /cormun/servlet/solicitudot?gx-no-cache=1489075061769 HTTP/1.1" 200 256
192.168.10.62 - - [09/Mar/2017:12:56:35 -0300] "POST /cormun/servlet/trconsultaempleado?1593785675881e9f7ed7f72505490036,,gx-no-cache=1489078279390 HTTP/1.1" 200 3984
186.9.132.225 - - [09/Mar/2017:12:56:36 -0300] "GET /cormun/servlet/solicitudot?edef8e98f43c10a85aca9c06d17765bab3aab0c434758809714c964b9951e180035995d06ccfeb82e4d7cc28d5584c582fc0bfb062b80396fac588d49276025edaf550e4ef1678dfe69df3ea9746d1d1bc49463513e6bed46f2a9a1b132464b8eb25a25ce6eacd308c7a306b79b3ab534c43c5f5769e2d5c035131a961aca6b8f1b8ee1145175a12faff7e023a69641be1206bc62b3f1057d24b17b6bcad288480375909a03731737914294894013684c131745dbc7202e84004b86abaecd5de3442af41520a419a1361999aa120808a60a395e0a841a2653b7ee927b133c52b8ff2771d388bf75fd3f145f9ee7260b08f89d5478a2be58973cd00c5554d5765570d0ba85c5584d0f55840c25697cd993fbbf9bea0243ee03cb67d76efd64620138a384d51c435085b6801e4ee6942019e236bab03ed8a9acb1e2102f35911e4951615618f190884884b4f4364ac505e3bee94c8eb09bbf99c829bc2256fd7cbea1a7e909e0a197753c6a5a61d0985aa3d3f0b34ad96b823335db6ec0985d131,gx-no-cache=1489075063198 HTTP/1.1" 200 30
186.9.132.225 - - [09/Mar/2017:12:56:36 -0300] "POST /cormun/servlet/solicitudot?gx-no-cache=1489075063969 HTTP/1.1" 200 30
192.168.10.62 - - [09/Mar/2017:12:56:37 -0300] "GET /cormun/servlet/trsolicitudnombre?14202165, HTTP/1.1" 200 8233
192.168.10.62 - - [09/Mar/2017:12:56:38 -0300] "GET /cormun/servlet/trsolicitudnombre?14202165, HTTP/1.1" 200 8235
186.9.132.225 - - [09/Mar/2017:12:56:39 -0300] "POST /cormun/servlet/solicitudot?gx-no-cache=1489075065102 HTTP/1.1" 200 1287
186.9.132.225 - - [09/Mar/2017:12:56:41 -0300] "POST /cormun/servlet/solicitudot?gx-no-cache=1489075068435 HTTP/1.1" 200 41
186.9.132.225 - - [09/Mar/2017:12:56:42 -0300] "GET /cormun/servlet/treventos?2017,5375, HTTP/1.1" 200 6028
192.168.10.62 - - [09/Mar/2017:12:56:43 -0300] "POST /cormun/servlet/trsolicitudnombre?1593785675881e9f7ed7f72505490036,14202165,,gx-no-cache=1489078287430 HTTP/1.1" 200 90
192.168.10.62 - - [09/Mar/2017:12:56:43 -0300] "GET /cormun/servlet/hpexe_link HTTP/1.1" 200 982
192.168.10.62 - - [09/Mar/2017:12:56:43 -0300] "GET /cormun/servlet/trconsultaempleado? HTTP/1.1" 200 6186
192.168.10.62 - - [09/Mar/2017:12:56:44 -0300] "GET /cormun/servlet/trconsultaempleado? HTTP/1.1" 200 6185
186.9.132.225 - - [09/Mar/2017:12:56:44 -0300] "GET /cormun/servlet/treventos?2017,5375, HTTP/1.1" 200 6028
192.168.10.62 - - [09/Mar/2017:12:56:46 -0300] "GET /cormun/servlet/trsolicitudnombre?14202165, HTTP/1.1" 200 8231
192.168.10.62 - - [09/Mar/2017:12:56:46 -0300] "GET /cormun/servlet/trsolicitudnombre?14202165, HTTP/1.1" 200 8234
186.9.132.225 - - [09/Mar/2017:12:56:47 -0300] "GET /cormun/servlet/trsolicitudot? HTTP/1.1" 200 8165
186.9.132.225 - - [09/Mar/2017:12:56:47 -0300] "GET /cormun/servlet/trsolicitudot? HTTP/1.1" 200 8165
186.9.132.225 - - [09/Mar/2017:12:56:53 -0300] "GET /cormun/servlet/trsolicitudot? HTTP/1.1" 200 8164
186.9.132.225 - - [09/Mar/2017:12:57:04 -0300] "POST /cormun/servlet/trsolicitudot?2244776f8be83658a07d3f1c96ad8a15,,gx-no-cache=1489075082829 HTTP/1.1" 200 4342
186.67.172.234 - - [09/Mar/2017:12:57:04 -0300] "POST /cormun/servlet/trvisualizadoreventos?2a63d9df1f054c2e94e53e2edec0ea8a,,gx-no-cache=1489075094232 HTTP/1.1" 200 3768
186.9.132.225 - - [09/Mar/2017:12:57:06 -0300] "GET /cormun/static/Shared/jqueryui/images/ui-bg_highlight-soft_100_c6c2c8_1x100.png HTTP/1.1" 404 1117
186.9.132.225 - - [09/Mar/2017:12:57:08 -0300] "GET /cormun/static/Shared/jqueryui/images/ui-bg_flat_55_fafafa_40x100.png HTTP/1.1" 404 1097
186.9.132.225 - - [09/Mar/2017:12:57:10 -0300] "GET /cormun/static/Shared/jqueryui/images/ui-icons_82798d_256x240.png HTTP/1.1" 404 1089
186.9.132.225 - - [09/Mar/2017:12:57:10 -0300] "GET /cormun/static/Shared/jqueryui/images/ui-icons_8d78a5_256x240.png HTTP/1.1" 404 1089
186.9.132.225 - - [09/Mar/2017:12:57:14 -0300] "POST /cormun/servlet/trsolicitudot?2244776f8be83658a07d3f1c96ad8a15,,gx-no-cache=1489075093651 HTTP/1.1" 200 4134
186.9.132.225 - - [09/Mar/2017:12:57:25 -0300] "GET /cormun/servlet/solicitudot?INS,0,0, HTTP/1.1" 200 12771
186.9.132.225 - - [09/Mar/2017:12:57:29 -0300] "GET /cormun/servlet/solicitudot?INS,0,0, HTTP/1.1" 200 12776
186.9.132.225 - - [09/Mar/2017:12:57:35 -0300] "GET /cormun/servlet/trsolicitudot? HTTP/1.1" 200 6936
186.9.132.225 - - [09/Mar/2017:12:57:38 -0300] "GET /cormun/servlet/trsolicitudot? HTTP/1.1" 200 6936
192.168.10.62 - - [09/Mar/2017:12:57:52 -0300] "GET /cormun/servlet/trconsultaempleado? HTTP/1.1" 200 6185
192.168.10.62 - - [09/Mar/2017:12:57:52 -0300] "GET /cormun/servlet/trconsultaempleado? HTTP/1.1" 200 6185
186.67.172.234 - - [09/Mar/2017:12:57:55 -0300] "GET /cormun/servlet/hlogin HTTP/1.1" 200 1742
192.168.10.62 - - [09/Mar/2017:12:58:03 -0300] "POST /cormun/servlet/trconsultaempleado?1593785675881e9f7ed7f72505490036,,gx-no-cache=1489078366756 HTTP/1.1" 200 5255
192.168.10.62 - - [09/Mar/2017:12:58:05 -0300] "GET /cormun/servlet/trsolicitudnombre?10798657, HTTP/1.1" 200 5726
192.168.10.62 - - [09/Mar/2017:12:58:06 -0300] "GET /cormun/servlet/trsolicitudnombre?10798657, HTTP/1.1" 200 5725
192.168.10.62 - - [09/Mar/2017:12:58:08 -0300] "POST /cormun/servlet/trsolicitudnombre?1593785675881e9f7ed7f72505490036,10798657,,gx-no-cache=1489078372237 HTTP/1.1" 200 90
192.168.10.62 - - [09/Mar/2017:12:58:08 -0300] "GET /cormun/servlet/hpexe_link HTTP/1.1" 200 982
192.168.10.62 - - [09/Mar/2017:12:58:08 -0300] "GET /cormun/servlet/trconsultaempleado? HTTP/1.1" 200 7507
192.168.10.62 - - [09/Mar/2017:12:58:09 -0300] "GET /cormun/servlet/trconsultaempleado? HTTP/1.1" 200 7506
192.168.10.62 - - [09/Mar/2017:12:58:23 -0300] "GET /cormun/servlet/trsolicitudnombre?10798657, HTTP/1.1" 200 5725
192.168.10.62 - - [09/Mar/2017:12:58:23 -0300] "GET /cormun/servlet/trsolicitudnombre?10798657, HTTP/1.1" 200 5725
186.9.132.225 - - [09/Mar/2017:12:58:40 -0300] "GET /cormun/servlet/trvisualizadoreventos? HTTP/1.1" 200 6703
186.9.132.225 - - [09/Mar/2017:12:58:41 -0300] "GET /cormun/static/gxcfg.js?2016101716203350 HTTP/1.1" 200 953
186.9.132.225 - - [09/Mar/2017:12:58:42 -0300] "GET /cormun/static/Resources/PXToolsActionPrint.png HTTP/1.1" 200 3317
186.67.172.234 - - [09/Mar/2017:12:58:44 -0300] "POST /cormun/servlet/hlogin?2a63d9df1f054c2e94e53e2edec0ea8a,gx-no-cache=1489075194135 HTTP/1.1" 200 456
186.9.132.225 - - [09/Mar/2017:12:58:45 -0300] "GET /cormun/static/trvisualizadoreventos.js?2016101716203614 HTTP/1.1" 200 19309
186.9.132.225 - - [09/Mar/2017:12:58:49 -0300] "GET /cormun/servlet/trvisualizadoreventos? HTTP/1.1" 200 6703
186.79.206.45 - - [09/Mar/2017:12:58:51 -0300] "GET /cormun/servlet/trlicencias? HTTP/1.1" 200 7768
186.79.206.45 - - [09/Mar/2017:12:58:51 -0300] "GET /cormun/static/gxcfg.js?2016122619301429 HTTP/1.1" 304 -
186.79.206.45 - - [09/Mar/2017:12:58:51 -0300] "GET /cormun/static/trlicencias.js?2016122619301919 HTTP/1.1" 304 -
186.79.206.45 - - [09/Mar/2017:12:58:52 -0300] "GET /cormun/servlet/hlogin HTTP/1.1" 200 1735
186.79.206.45 - - [09/Mar/2017:12:58:52 -0300] "GET /cormun/servlet/trlicencias? HTTP/1.1" 200 7765
186.67.172.234 - - [09/Mar/2017:12:58:53 -0300] "POST /cormun/servlet/hlogin?2a63d9df1f054c2e94e53e2edec0ea8a,gx-no-cache=1489075202884 HTTP/1.1" 200 90
186.67.172.234 - - [09/Mar/2017:12:58:53 -0300] "GET /cormun/servlet/hpexe_link HTTP/1.1" 200 968
186.67.172.234 - - [09/Mar/2017:12:58:53 -0300] "GET /cormun/servlet/trvisualizadoreventos? HTTP/1.1" 200 6465
186.67.172.234 - - [09/Mar/2017:12:58:54 -0300] "GET /cormun/servlet/trvisualizadoreventos? HTTP/1.1" 200 6464
186.67.172.234 - - [09/Mar/2017:12:59:06 -0300] "GET /cormun/servlet/trcontratoobservacion? HTTP/1.1" 200 6355
186.67.172.234 - - [09/Mar/2017:12:59:06 -0300] "GET /cormun/static/gxcfg.js?20161221855213 HTTP/1.1" 200 953
186.67.172.234 - - [09/Mar/2017:12:59:06 -0300] "GET /cormun/static/trcontratoobservacion.js?20161221855487 HTTP/1.1" 200 25085
186.67.172.234 - - [09/Mar/2017:12:59:06 -0300] "GET /cormun/servlet/trcontratoobservacion? HTTP/1.1" 200 6355
186.67.172.234 - - [09/Mar/2017:12:59:07 -0300] "POST /cormun/servlet/acontrolpreferencessavestate?None,BSILVA,true HTTP/1.1" 200 35
186.79.206.45 - - [09/Mar/2017:12:59:11 -0300] "POST /cormun/servlet/hlogin?d9b645e5a3d8fc501352ba6b77daecdf,gx-no-cache=1489075221297 HTTP/1.1" 200 90
186.79.206.45 - - [09/Mar/2017:12:59:11 -0300] "GET /cormun/servlet/hpexe_link HTTP/1.1" 200 956
186.79.206.45 - - [09/Mar/2017:12:59:12 -0300] "GET /cormun/servlet/trlicencias HTTP/1.1" 200 6469
186.79.206.45 - - [09/Mar/2017:12:59:13 -0300] "GET /cormun/servlet/trlicencias HTTP/1.1" 200 6467
186.79.206.45 - - [09/Mar/2017:12:59:15 -0300] "GET /cormun/servlet/trlicencias? HTTP/1.1" 200 6467
186.79.206.45 - - [09/Mar/2017:12:59:16 -0300] "GET /cormun/servlet/trlicencias? HTTP/1.1" 200 6467
186.79.206.45 - - [09/Mar/2017:12:59:18 -0300] "GET /cormun/servlet/licenciaspermisos?INS,0,,, HTTP/1.1" 200 7161
186.79.206.45 - - [09/Mar/2017:12:59:18 -0300] "GET /cormun/static/gxcfg.js?2016122619301043 HTTP/1.1" 200 953
186.79.206.45 - - [09/Mar/2017:12:59:18 -0300] "GET /cormun/static/licenciaspermisos.js?2016122619301096 HTTP/1.1" 304 -
186.79.206.45 - - [09/Mar/2017:12:59:19 -0300] "GET /cormun/servlet/licenciaspermisos?INS,0,,, HTTP/1.1" 200 7160
186.79.206.45 - - [09/Mar/2017:12:59:27 -0300] "GET /cormun/servlet/licenciaspermisos?027b03faa49b03468f9fc5e4419b03690a59d9f79fe29136e7bb8153362a9b0c33918d9994e1484b4baba6e222e2707c,gx-no-cache=1489075236876 HTTP/1.1" 200 67
186.79.206.45 - - [09/Mar/2017:12:59:27 -0300] "POST /cormun/servlet/licenciaspermisos?d9b645e5a3d8fc501352ba6b77daecdf,INS,0,,,,gx-no-cache=1489075236956 HTTP/1.1" 200 4419
186.79.206.45 - - [09/Mar/2017:12:59:49 -0300] "GET /cormun/static/menuarrow.gif HTTP/1.1" 404 1015
186.79.207.187 - - [09/Mar/2017:13:00:11 -0300] "GET /cormun/servlet/hlogin HTTP/1.1" 200 1725
186.79.207.187 - - [09/Mar/2017:13:00:11 -0300] "GET /cormun/static/gxcfg.js?201612216162538 HTTP/1.1" 200 953
186.79.207.187 - - [09/Mar/2017:13:00:13 -0300] "GET /cormun/servlet/hlogin HTTP/1.1" 200 1729
186.9.132.225 - - [09/Mar/2017:13:00:25 -0300] "POST /cormun/servlet/trvisualizadoreventos?2244776f8be83658a07d3f1c96ad8a15,,gx-no-cache=1489075287690 HTTP/1.1" 200 3970
186.9.132.225 - - [09/Mar/2017:13:00:28 -0300] "GET /cormun/servlet/trautorizarsolicitud? HTTP/1.1" 200 8622
186.9.132.225 - - [09/Mar/2017:13:00:31 -0300] "GET /cormun/static/gxcfg.js?2017259112829 HTTP/1.1" 200 953
186.79.207.187 - - [09/Mar/2017:13:00:32 -0300] "POST /cormun/servlet/hlogin?7f9f7a2850b365d8f26f6cbffe15123b,gx-no-cache=1489075304992 HTTP/1.1" 200 90
186.79.207.187 - - [09/Mar/2017:13:00:33 -0300] "GET /cormun/servlet/hpexe_link HTTP/1.1" 200 955
186.79.207.187 - - [09/Mar/2017:13:00:33 -0300] "GET /cormun/servlet/hhome HTTP/1.1" 200 3993
186.79.207.187 - - [09/Mar/2017:13:00:35 -0300] "GET /cormun/servlet/hhome HTTP/1.1" 200 3990
186.9.132.225 - - [09/Mar/2017:13:00:41 -0300] "GET /cormun/static/trautorizarsolicitud.js?2017259113483 HTTP/1.1" 200 53096
186.79.207.187 - - [09/Mar/2017:13:00:44 -0300] "GET /cormun/servlet/trvisualizadoreventos? HTTP/1.1" 200 6725
186.79.207.187 - - [09/Mar/2017:13:00:46 -0300] "GET /cormun/servlet/trvisualizadoreventos? HTTP/1.1" 200 6724
186.79.207.187 - - [09/Mar/2017:13:00:54 -0300] "POST /cormun/servlet/trvisualizadoreventos?7f9f7a2850b365d8f26f6cbffe15123b,,gx-no-cache=1489075324576 HTTP/1.1" 200 3964
186.9.132.225 - - [09/Mar/2017:13:00:55 -0300] "GET /cormun/servlet/trautorizarsolicitud? HTTP/1.1" 200 8622
186.79.207.187 - - [09/Mar/2017:13:01:07 -0300] "GET /cormun/servlet/trcontratosolicitud? HTTP/1.1" 200 12707
186.9.132.225 - - [09/Mar/2017:13:01:08 -0300] "POST /cormun/servlet/trautorizarsolicitud?2244776f8be83658a07d3f1c96ad8a15,,gx-no-cache=1489075330112 HTTP/1.1" 200 115
186.9.132.225 - - [09/Mar/2017:13:01:09 -0300] "GET /cormun/servlet/solicitudotlog?INS,2017,5375,0,REC, HTTP/1.1" 200 5748
186.79.207.187 - - [09/Mar/2017:13:01:10 -0300] "GET /cormun/servlet/trcontratosolicitud? HTTP/1.1" 200 12707
186.9.132.225 - - [09/Mar/2017:13:01:11 -0300] "GET /cormun/static/gxcfg.js?201612218471193 HTTP/1.1" 200 953
186.9.132.225 - - [09/Mar/2017:13:01:13 -0300] "GET /cormun/static/solicitudotlog.js?20161221847122 HTTP/1.1" 200 8925
186.79.206.45 - - [09/Mar/2017:13:01:14 -0300] "GET /cormun/servlet/licenciaspermisos?027b03faa49b03468f9fc5e4419b0369ccee198c4237f0dcaed5d77ac5ffa945520518cd108a07c481a583134f17db52562851aa468e53171df351c60cf039abc08e706b1e81902b59e83bffe273b1e9cd6ff1f61395320dba67731cfed990a55db454b1a4863d4a9415daad3513edeb07e1655ca1193e57c273ff7e45d738ecf11ba6111f711f8884f11f47c6fef9da4144e24da4b32c2ccdc326d2a530e0a8067e4bbd348189ea255818c3cbff77e8,gx-no-cache=1489075344295 HTTP/1.1" 200 30
186.79.206.45 - - [09/Mar/2017:13:01:14 -0300] "POST /cormun/servlet/licenciaspermisos?d9b645e5a3d8fc501352ba6b77daecdf,INS,0,,,,gx-no-cache=1489075344384 HTTP/1.1" 200 4532
186.9.132.225 - - [09/Mar/2017:13:01:16 -0300] "GET /cormun/servlet/solicitudotlog?INS,2017,5375,0,REC, HTTP/1.1" 200 5749
186.9.132.225 - - [09/Mar/2017:13:01:17 -0300] "GET /cormun/servlet/solicitudotlog?edef8e98f43c10a85aca9c06d17765ba19bff5acf2ca977aaba6c3b74a7f92145c20b8256abd1ba3f3b58a50b24d527eccf536f48698df588f6bb1fb1ece25fea5ecf9498f4168a53af2684e81269448917cd31428a4ea99269d5b267dd979db57585127f795678662f32ff186236cacdd2005e83abf570b3ee0b259dadad13d06ba40e51bcffdace6faf23ba58d5417f2e2db77087cc7533534e8e8e5fb2a91,gx-no-cache=1489075344605 HTTP/1.1" 200 94
186.103.156.211 - - [09/Mar/2017:13:01:23 -0300] "GET /cormun/servlet/licenciaspermisos?INS,0,,, HTTP/1.1" 200 6459
186.103.156.211 - - [09/Mar/2017:13:01:24 -0300] "GET /cormun/static/licenciaspermisos.js?2016122619301096 HTTP/1.1" 304 -
186.103.156.211 - - [09/Mar/2017:13:01:26 -0300] "GET /cormun/servlet/licenciaspermisos?INS,0,,, HTTP/1.1" 200 6470
186.103.156.211 - - [09/Mar/2017:13:01:29 -0300] "GET /cormun/servlet/hlogin HTTP/1.1" 200 1751
186.103.156.211 - - [09/Mar/2017:13:01:50 -0300] "POST /cormun/servlet/hlogin?9d64aff268bd2ac0b780ad5be7e67465,gx-no-cache=1489075381876 HTTP/1.1" 200 90
186.103.156.211 - - [09/Mar/2017:13:01:50 -0300] "GET /cormun/servlet/hpexe_link HTTP/1.1" 200 975
186.103.156.211 - - [09/Mar/2017:13:01:50 -0300] "GET /cormun/servlet/licenciaspermisos?INS,0,,, HTTP/1.1" 200 7199
186.103.156.211 - - [09/Mar/2017:13:01:51 -0300] "GET /cormun/servlet/licenciaspermisos?INS,0,,, HTTP/1.1" 200 7198
186.9.132.225 - - [09/Mar/2017:13:01:57 -0300] "POST /cormun/servlet/solicitudotlog?2244776f8be83658a07d3f1c96ad8a15,INS,2017,5375,0,REC,,gx-no-cache=1489075379401 HTTP/1.1" 200 93
186.9.132.225 - - [09/Mar/2017:13:02:00 -0300] "GET /cormun/servlet/hpexe_return? HTTP/1.1" 200 1028
186.9.132.225 - - [09/Mar/2017:13:02:04 -0300] "GET /cormun/servlet/trautorizarsolicitud HTTP/1.1" 200 8164
186.103.156.211 - - [09/Mar/2017:13:02:14 -0300] "GET /cormun/servlet/trsolicitudot? HTTP/1.1" 200 8235
186.103.156.211 - - [09/Mar/2017:13:02:15 -0300] "GET /cormun/servlet/trsolicitudot? HTTP/1.1" 200 8227
186.79.206.45 - - [09/Mar/2017:13:02:28 -0300] "GET /cormun/servlet/prfichaempleado?,MD,,gxPopupLevel%3D0%3B HTTP/1.1" 200 8859
186.79.206.45 - - [09/Mar/2017:13:02:28 -0300] "GET /cormun/static/gxcfg.js?2016102420561687 HTTP/1.1" 200 953
186.79.206.45 - - [09/Mar/2017:13:02:28 -0300] "GET /cormun/static/prfichaempleado.js?201610242056198 HTTP/1.1" 200 16015
186.9.132.225 - - [09/Mar/2017:13:02:33 -0300] "GET /cormun/servlet/trautorizarsolicitud HTTP/1.1" 200 8160
186.79.206.45 - - [09/Mar/2017:13:02:44 -0300] "POST /cormun/servlet/licenciaspermisos?d9b645e5a3d8fc501352ba6b77daecdf,INS,0,,,,gx-no-cache=1489075433970 HTTP/1.1" 200 93
186.79.206.45 - - [09/Mar/2017:13:02:44 -0300] "GET /cormun/servlet/hpexe_return? HTTP/1.1" 200 1009
186.79.206.45 - - [09/Mar/2017:13:02:44 -0300] "GET /cormun/servlet/trlicencias HTTP/1.1" 200 7753
186.79.206.45 - - [09/Mar/2017:13:02:45 -0300] "GET /cormun/servlet/trlicencias HTTP/1.1" 200 7748
186.79.207.187 - - [09/Mar/2017:13:03:17 -0300] "GET /cormun/servlet/trcontratounov2? HTTP/1.1" 200 16696
186.79.207.187 - - [09/Mar/2017:13:03:17 -0300] "GET /cormun/static/gxcfg.js?201612281114880 HTTP/1.1" 200 953
186.79.207.187 - - [09/Mar/2017:13:03:17 -0300] "GET /cormun/static/Resources/PXToolsGridNew.png HTTP/1.1" 200 2949
186.79.207.187 - - [09/Mar/2017:13:03:17 -0300] "GET /cormun/static/Resources/PXToolsAddSelectedAction.png HTTP/1.1" 200 3660
186.79.207.187 - - [09/Mar/2017:13:03:21 -0300] "GET /cormun/static/trcontratounov2.js?2016122811141421 HTTP/1.1" 200 38423
186.79.207.187 - - [09/Mar/2017:13:03:22 -0300] "GET /cormun/servlet/trcontratounov2? HTTP/1.1" 200 16698
186.67.172.234 - - [09/Mar/2017:13:03:50 -0300] "GET /cormun/servlet/trcontratoobservacion? HTTP/1.1" 200 6359
186.67.172.234 - - [09/Mar/2017:13:03:51 -0300] "GET /cormun/servlet/trcontratoobservacion? HTTP/1.1" 200 6359
186.67.172.234 - - [09/Mar/2017:13:04:13 -0300] "POST /cormun/servlet/acontrolpreferencessavestate?None,BSILVA,true HTTP/1.1" 200 35
186.67.172.234 - - [09/Mar/2017:13:04:14 -0300] "POST /cormun/servlet/acontrolpreferencessavestate?None,BSILVA,true HTTP/1.1" 200 35
186.79.207.187 - - [09/Mar/2017:13:04:23 -0300] "GET /cormun/servlet/trpermisosingoce? HTTP/1.1" 200 6797
186.79.207.187 - - [09/Mar/2017:13:04:24 -0300] "GET /cormun/static/gxcfg.js?2016111619312653 HTTP/1.1" 200 953
186.79.207.187 - - [09/Mar/2017:13:04:24 -0300] "GET /cormun/static/trpermisosingoce.js?2016111619313084 HTTP/1.1" 200 31498
186.79.207.187 - - [09/Mar/2017:13:04:25 -0300] "GET /cormun/servlet/trpermisosingoce? HTTP/1.1" 200 6797
186.67.172.234 - - [09/Mar/2017:13:04:25 -0300] "GET /cormun/servlet/trvisualizadoreventos? HTTP/1.1" 200 6471
186.67.172.234 - - [09/Mar/2017:13:04:25 -0300] "GET /cormun/servlet/trvisualizadoreventos? HTTP/1.1" 200 6470
186.79.207.187 - - [09/Mar/2017:13:04:32 -0300] "GET /cormun/servlet/trcontratounov2? HTTP/1.1" 200 16696
186.79.207.187 - - [09/Mar/2017:13:04:34 -0300] "GET /cormun/servlet/trcontratounov2? HTTP/1.1" 200 16691
186.79.207.187 - - [09/Mar/2017:13:04:44 -0300] "GET /cormun/servlet/trpermisosingoceautorizar? HTTP/1.1" 200 6645
186.79.207.187 - - [09/Mar/2017:13:04:45 -0300] "GET /cormun/static/gxcfg.js?201612218562859 HTTP/1.1" 200 953
186.79.207.187 - - [09/Mar/2017:13:04:45 -0300] "GET /cormun/static/trpermisosingoceautorizar.js?201612218563221 HTTP/1.1" 200 29726
186.79.207.187 - - [09/Mar/2017:13:04:46 -0300] "GET /cormun/servlet/trpermisosingoceautorizar? HTTP/1.1" 200 6647
186.67.172.234 - - [09/Mar/2017:13:04:53 -0300] "POST /cormun/servlet/trvisualizadoreventos?2a63d9df1f054c2e94e53e2edec0ea8a,,gx-no-cache=1489075563160 HTTP/1.1" 200 3772
186.67.172.234 - - [09/Mar/2017:13:04:55 -0300] "POST /cormun/servlet/trvisualizadoreventos?2a63d9df1f054c2e94e53e2edec0ea8a,,gx-no-cache=1489075564267 HTTP/1.1" 200 3772
186.67.172.234 - - [09/Mar/2017:13:04:57 -0300] "POST /cormun/servlet/trvisualizadoreventos?2a63d9df1f054c2e94e53e2edec0ea8a,,gx-no-cache=1489075566491 HTTP/1.1" 200 111
186.67.172.234 - - [09/Mar/2017:13:04:57 -0300] "POST /cormun/servlet/trvisualizadoreventos?2a63d9df1f054c2e94e53e2edec0ea8a,,gx-no-cache=1489075566590 HTTP/1.1" 200 3748
186.67.172.234 - - [09/Mar/2017:13:04:57 -0300] "GET /cormun/VisualizadorEventos-9399.xls HTTP/1.1" 200 4096
186.79.207.187 - - [09/Mar/2017:13:05:05 -0300] "GET /cormun/servlet/trcontratounov2? HTTP/1.1" 200 16694
186.67.172.234 - - [09/Mar/2017:13:05:06 -0300] "GET /cormun/servlet/trvisualizadoreventos? HTTP/1.1" 200 6470
186.9.132.225 - - [09/Mar/2017:13:05:06 -0300] "POST /cormun/servlet/trautorizarsolicitud?2244776f8be83658a07d3f1c96ad8a15,gx-no-cache=1489075566197 HTTP/1.1" 200 4346
186.67.172.234 - - [09/Mar/2017:13:05:07 -0300] "GET /cormun/servlet/trvisualizadoreventos? HTTP/1.1" 200 6470
186.79.207.187 - - [09/Mar/2017:13:05:07 -0300] "GET /cormun/servlet/trcontratounov2? HTTP/1.1" 200 16690
186.9.132.225 - - [09/Mar/2017:13:05:17 -0300] "POST /cormun/servlet/trautorizarsolicitud?2244776f8be83658a07d3f1c96ad8a15,gx-no-cache=1489075576030 HTTP/1.1" 200 4096
186.67.172.234 - - [09/Mar/2017:13:05:20 -0300] "POST /cormun/servlet/trvisualizadoreventos?2a63d9df1f054c2e94e53e2edec0ea8a,,gx-no-cache=1489075589558 HTTP/1.1" 200 3770
186.67.172.234 - - [09/Mar/2017:13:05:22 -0300] "POST /cormun/servlet/trvisualizadoreventos?2a63d9df1f054c2e94e53e2edec0ea8a,,gx-no-cache=1489075591138 HTTP/1.1" 200 3770
186.9.132.225 - - [09/Mar/2017:13:05:41 -0300] "GET /cormun/servlet/trsolicitudot? HTTP/1.1" 200 8165
186.9.132.225 - - [09/Mar/2017:13:05:44 -0300] "GET /cormun/servlet/trsolicitudot? HTTP/1.1" 200 8164
192.168.10.89 - - [09/Mar/2017:13:05:46 -0300] "POST /cormun/servlet/hlogin?e5ca7320f648b9f0988c5e880dc103f9,gx-no-cache=1489078829836 HTTP/1.1" 200 90
192.168.10.89 - - [09/Mar/2017:13:05:46 -0300] "GET /cormun/servlet/hpexe_link HTTP/1.1" 200 960
192.168.10.89 - - [09/Mar/2017:13:05:46 -0300] "GET /cormun/servlet/hhome HTTP/1.1" 200 4396
192.168.10.89 - - [09/Mar/2017:13:05:50 -0300] "GET /cormun/servlet/trsolicitudgral? HTTP/1.1" 200 24577
186.9.132.225 - - [09/Mar/2017:13:05:57 -0300] "POST /cormun/servlet/trsolicitudot?2244776f8be83658a07d3f1c96ad8a15,,gx-no-cache=1489075620755 HTTP/1.1" 200 106
186.9.132.225 - - [09/Mar/2017:13:05:58 -0300] "GET /cormun/servlet/solicitudot?DLT,2017,5375, HTTP/1.1" 200 9488
186.9.132.225 - - [09/Mar/2017:13:06:00 -0300] "GET /cormun/servlet/solicitudot?DLT,2017,5375, HTTP/1.1" 200 9498
192.168.10.89 - - [09/Mar/2017:13:06:04 -0300] "POST /cormun/servlet/trsolicitudgral?e5ca7320f648b9f0988c5e880dc103f9,,gx-no-cache=1489078848198 HTTP/1.1" 200 8601
186.9.132.225 - - [09/Mar/2017:13:06:22 -0300] "POST /cormun/servlet/solicitudot?2244776f8be83658a07d3f1c96ad8a15,DLT,2017,5375,,gx-no-cache=1489075642023 HTTP/1.1" 200 93
186.9.132.225 - - [09/Mar/2017:13:06:23 -0300] "GET /cormun/servlet/hpexe_return? HTTP/1.1" 200 1012
186.9.132.225 - - [09/Mar/2017:13:06:24 -0300] "GET /cormun/servlet/trsolicitudot HTTP/1.1" 200 8169
186.9.132.225 - - [09/Mar/2017:13:06:27 -0300] "GET /cormun/servlet/trsolicitudot HTTP/1.1" 200 8165
186.9.132.225 - - [09/Mar/2017:13:07:24 -0300] "POST /cormun/servlet/trsolicitudot?2244776f8be83658a07d3f1c96ad8a15,gx-no-cache=1489075698408 HTTP/1.1" 200 106
186.9.132.225 - - [09/Mar/2017:13:07:25 -0300] "GET /cormun/servlet/solicitudot?DLT,2017,5375, HTTP/1.1" 200 9488
186.79.206.45 - - [09/Mar/2017:13:07:58 -0300] "GET /cormun/servlet/trlicenciaspermisosadjuntos?13901635,20170309000000,L, HTTP/1.1" 200 6167
186.79.206.45 - - [09/Mar/2017:13:07:58 -0300] "GET /cormun/static/gxcfg.js?2016122813131454 HTTP/1.1" 200 953
186.79.206.45 - - [09/Mar/2017:13:07:58 -0300] "GET /cormun/static/trlicenciaspermisosadjuntos.js?2016122813131728 HTTP/1.1" 304 -
186.79.206.45 - - [09/Mar/2017:13:07:59 -0300] "GET /cormun/servlet/trlicenciaspermisosadjuntos?13901635,20170309000000,L, HTTP/1.1" 200 6167
186.79.206.45 - - [09/Mar/2017:13:08:00 -0300] "GET /cormun/servlet/licenciaspermisosadjuntos?INS,13901635,L,20170309000000,, HTTP/1.1" 200 5461
186.79.206.45 - - [09/Mar/2017:13:08:01 -0300] "GET /cormun/static/gxcfg.js?2016122813131386 HTTP/1.1" 200 953
186.79.206.45 - - [09/Mar/2017:13:08:01 -0300] "GET /cormun/static/licenciaspermisosadjuntos.js?2016122813131394 HTTP/1.1" 304 -
186.79.206.45 - - [09/Mar/2017:13:08:01 -0300] "GET /cormun/static/about:blank HTTP/1.1" 404 1011
186.79.206.45 - - [09/Mar/2017:13:08:01 -0300] "GET /cormun/servlet/licenciaspermisosadjuntos?INS,13901635,L,20170309000000,, HTTP/1.1" 200 5450
186.9.132.225 - - [09/Mar/2017:13:08:28 -0300] "GET /cormun/servlet/solicitudot?DLT,2017,5375, HTTP/1.1" 200 9498
186.79.206.45 - - [09/Mar/2017:13:08:57 -0300] "POST /cormun/servlet/licenciaspermisosadjuntos?d9b645e5a3d8fc501352ba6b77daecdf,INS,13901635,L,20170309000000,, HTTP/1.1" 200 116
186.79.206.45 - - [09/Mar/2017:13:08:57 -0300] "GET /cormun/servlet/hpexe_return? HTTP/1.1" 200 1040
186.79.206.45 - - [09/Mar/2017:13:08:58 -0300] "GET /cormun/servlet/trlicenciaspermisosadjuntos?13901635,20170309000000,L, HTTP/1.1" 200 6650
186.79.206.45 - - [09/Mar/2017:13:08:58 -0300] "GET /cormun/servlet/trlicenciaspermisosadjuntos?13901635,20170309000000,L, HTTP/1.1" 200 6645
186.79.206.45 - - [09/Mar/2017:13:09:01 -0300] "POST /cormun/servlet/trlicenciaspermisosadjuntos?d9b645e5a3d8fc501352ba6b77daecdf,13901635,20170309000000,L,,gx-no-cache=1489075810822 HTTP/1.1" 200 90
186.79.206.45 - - [09/Mar/2017:13:09:01 -0300] "GET /cormun/servlet/hpexe_link HTTP/1.1" 200 984
186.79.206.45 - - [09/Mar/2017:13:09:02 -0300] "GET /cormun/servlet/trlicencias HTTP/1.1" 200 7750
186.79.206.45 - - [09/Mar/2017:13:09:02 -0300] "GET /cormun/servlet/trlicencias HTTP/1.1" 200 7748
186.79.206.45 - - [09/Mar/2017:13:09:05 -0300] "GET /cormun/servlet/alicenciaprn?13901635,L,20170309000000,PU HTTP/1.1" 200 1608
186.103.156.211 - - [09/Mar/2017:13:09:24 -0300] "POST /cormun/servlet/trsolicitudot?9d64aff268bd2ac0b780ad5be7e67465,,gx-no-cache=1489075836334 HTTP/1.1" 200 107
186.103.156.211 - - [09/Mar/2017:13:09:24 -0300] "GET /cormun/servlet/trsolicitudadjuntos?2017,5361, HTTP/1.1" 200 8072
186.103.156.211 - - [09/Mar/2017:13:09:25 -0300] "GET /cormun/servlet/trsolicitudadjuntos?2017,5361, HTTP/1.1" 200 8072
186.103.156.211 - - [09/Mar/2017:13:09:28 -0300] "GET /cormun/servlet/solicitudotadjuntos?INS,2017,5361,,2, HTTP/1.1" 200 6024
186.9.132.225 - - [09/Mar/2017:13:09:29 -0300] "POST /cormun/servlet/solicitudot?2244776f8be83658a07d3f1c96ad8a15,DLT,2017,5375,,gx-no-cache=1489075818243 HTTP/1.1" 200 93
186.103.156.211 - - [09/Mar/2017:13:09:29 -0300] "GET /cormun/static/about:blank HTTP/1.1" 404 1011
186.103.156.211 - - [09/Mar/2017:13:09:29 -0300] "GET /cormun/servlet/solicitudotadjuntos?INS,2017,5361,,2, HTTP/1.1" 200 6017
186.103.156.211 - - [09/Mar/2017:13:09:29 -0300] "GET /cormun/servlet/solicitudotadjuntos?bdda6033dd0e2313e54b0ee09f1b819483d49e1a28f83038d89d70fcb90720b3ce524a988cf2f0720c49c5d07cf282ce,gx-no-cache=1489075841656 HTTP/1.1" 200 30
186.103.156.211 - - [09/Mar/2017:13:09:30 -0300] "POST /cormun/servlet/solicitudotadjuntos?9d64aff268bd2ac0b780ad5be7e67465,INS,2017,5361,,2,,gx-no-cache=1489075841731 HTTP/1.1" 200 4060
186.9.132.225 - - [09/Mar/2017:13:09:32 -0300] "GET /cormun/servlet/hpexe_return? HTTP/1.1" 200 1012
186.103.156.211 - - [09/Mar/2017:13:09:34 -0300] "POST /cormun/servlet/solicitudotadjuntos?gx-no-cache=1489075846091 HTTP/1.1" 200 26
186.9.132.225 - - [09/Mar/2017:13:09:40 -0300] "GET /cormun/servlet/trsolicitudot HTTP/1.1" 200 8169
186.9.132.225 - - [09/Mar/2017:13:09:59 -0300] "GET /cormun/servlet/trsolicitudot HTTP/1.1" 200 8165
186.9.132.225 - - [09/Mar/2017:13:10:21 -0300] "POST /cormun/servlet/trsolicitudot?2244776f8be83658a07d3f1c96ad8a15,gx-no-cache=1489075874339 HTTP/1.1" 200 106
186.79.206.45 - - [09/Mar/2017:13:10:23 -0300] "POST /cormun/servlet/trlicencias?d9b645e5a3d8fc501352ba6b77daecdf,gx-no-cache=1489075893401 HTTP/1.1" 200 3819
186.79.206.45 - - [09/Mar/2017:13:10:24 -0300] "GET /cormun/static/Shared/jqueryui/images/ui-bg_highlight-soft_100_c6c2c8_1x100.png HTTP/1.1" 404 1117
186.79.206.45 - - [09/Mar/2017:13:10:24 -0300] "GET /cormun/static/Shared/jqueryui/images/ui-icons_82798d_256x240.png HTTP/1.1" 404 1089
186.79.206.45 - - [09/Mar/2017:13:10:24 -0300] "GET /cormun/static/Shared/jqueryui/images/ui-bg_flat_55_fafafa_40x100.png HTTP/1.1" 404 1097
186.79.206.45 - - [09/Mar/2017:13:10:24 -0300] "GET /cormun/static/Shared/jqueryui/images/ui-icons_8d78a5_256x240.png HTTP/1.1" 404 1089
186.9.132.225 - - [09/Mar/2017:13:10:48 -0300] "GET /cormun/servlet/solicitudot?UPD,2017,5375, HTTP/1.1" 200 14410
186.9.132.225 - - [09/Mar/2017:13:11:57 -0300] "GET /cormun/servlet/solicitudot?UPD,2017,5375, HTTP/1.1" 200 14419
186.103.156.211 - - [09/Mar/2017:13:12:15 -0300] "GET /cormun/servlet/solicitudotadjuntos?bdda6033dd0e2313e54b0ee09f1b8194ab6dc6fb5e62bc86ca91353fdac240d7,gx-no-cache=1489076007041 HTTP/1.1" 200 30
186.103.156.211 - - [09/Mar/2017:13:12:15 -0300] "GET /cormun/servlet/solicitudotadjuntos?bdda6033dd0e2313e54b0ee09f1b8194ab6dc6fb5e62bc86ca91353fdac240d7,gx-no-cache=1489076007171 HTTP/1.1" 200 30
186.9.132.225 - - [09/Mar/2017:13:12:39 -0300] "POST /cormun/servlet/solicitudot?2244776f8be83658a07d3f1c96ad8a15,UPD,2017,5375,,gx-no-cache=1489075968614 HTTP/1.1" 200 11002
186.103.156.211 - - [09/Mar/2017:13:12:45 -0300] "POST /cormun/servlet/solicitudotadjuntos?9d64aff268bd2ac0b780ad5be7e67465,INS,2017,5361,,2, HTTP/1.1" 200 6105
186.103.156.211 - - [09/Mar/2017:13:12:45 -0300] "GET /home/sistema/apache-tomcat-7.0.65/webapps/cormun/PrivateTempStorage/upload_00014090.pdf HTTP/1.1" 404 1135
186.103.156.211 - - [09/Mar/2017:13:12:45 -0300] "GET /cormun/static/Shared/jqueryui/images/ui-bg_highlight-soft_100_c6c2c8_1x100.png HTTP/1.1" 404 1117
186.103.156.211 - - [09/Mar/2017:13:12:45 -0300] "GET /cormun/static/Shared/jqueryui/images/ui-bg_flat_55_994d53_40x100.png HTTP/1.1" 404 1097
186.103.156.211 - - [09/Mar/2017:13:12:45 -0300] "GET /cormun/static/Shared/jqueryui/images/ui-icons_ebccce_256x240.png HTTP/1.1" 404 1089
186.103.156.211 - - [09/Mar/2017:13:12:45 -0300] "GET /home/sistema/apache-tomcat-7.0.65/webapps/cormun/PrivateTempStorage/upload_00014090.pdf HTTP/1.1" 404 1135
186.103.156.211 - - [09/Mar/2017:13:12:45 -0300] "GET /cormun/static/Shared/jqueryui/images/ui-icons_82798d_256x240.png HTTP/1.1" 404 1089
186.103.156.211 - - [09/Mar/2017:13:12:55 -0300] "GET /cormun/PrivateTempStorage/upload_00014090.pdf HTTP/1.1" 200 2411045
186.103.156.211 - - [09/Mar/2017:13:13:22 -0300] "POST /cormun/servlet/solicitudotadjuntos?9d64aff268bd2ac0b780ad5be7e67465,INS,2017,5361,,2, HTTP/1.1" 200 116
186.103.156.211 - - [09/Mar/2017:13:13:22 -0300] "GET /cormun/servlet/hpexe_return? HTTP/1.1" 200 1030
186.103.156.211 - - [09/Mar/2017:13:13:22 -0300] "GET /cormun/servlet/trsolicitudadjuntos?2017,5361, HTTP/1.1" 200 8076
186.103.156.211 - - [09/Mar/2017:13:13:23 -0300] "GET /cormun/servlet/trsolicitudadjuntos?2017,5361, HTTP/1.1" 200 8072
186.103.156.211 - - [09/Mar/2017:13:13:30 -0300] "GET /cormun/servlet/trsolicitudot? HTTP/1.1" 200 8233
186.103.156.211 - - [09/Mar/2017:13:13:30 -0300] "GET /cormun/servlet/trsolicitudot? HTTP/1.1" 200 8227
186.103.156.211 - - [09/Mar/2017:13:13:36 -0300] "POST /cormun/servlet/trsolicitudot?9d64aff268bd2ac0b780ad5be7e67465,,gx-no-cache=1489076088024 HTTP/1.1" 200 5639
186.103.156.211 - - [09/Mar/2017:13:13:36 -0300] "GET /cormun/static/Shared/jqueryui/images/ui-bg_highlight-soft_100_c6c2c8_1x100.png HTTP/1.1" 404 1117
186.103.156.211 - - [09/Mar/2017:13:13:36 -0300] "GET /cormun/static/Shared/jqueryui/images/ui-icons_82798d_256x240.png HTTP/1.1" 404 1089
186.103.156.211 - - [09/Mar/2017:13:13:36 -0300] "GET /cormun/static/Shared/jqueryui/images/ui-bg_flat_55_fafafa_40x100.png HTTP/1.1" 404 1097
186.103.156.211 - - [09/Mar/2017:13:13:36 -0300] "GET /cormun/static/Shared/jqueryui/images/ui-icons_8d78a5_256x240.png HTTP/1.1" 404 1089
186.9.132.225 - - [09/Mar/2017:13:14:12 -0300] "GET /cormun/servlet/solicitudot?edef8e98f43c10a85aca9c06d17765ba79be43c3f676e245bde8da47f434dfe52fdd63174a63145473f7f4442674583a,gx-no-cache=1489076102872 HTTP/1.1" 200 30
186.9.132.225 - - [09/Mar/2017:13:14:16 -0300] "POST /cormun/servlet/solicitudot?gx-no-cache=1489076123200 HTTP/1.1" 200 256
186.9.132.225 - - [09/Mar/2017:13:14:22 -0300] "GET /cormun/servlet/solicitudot?edef8e98f43c10a85aca9c06d17765bab3aab0c434758809714c964b9951e180035995d06ccfeb82e4d7cc28d5584c582fc0bfb062b80396fac588d49276025edaf550e4ef1678dfe69df3ea9746d1d1bc49463513e6bed46f2a9a1b132464b8eb25a25ce6eacd308c7a306b79b3ab534c43c5f5769e2d5c035131a961aca6b8f1b8ee1145175a12faff7e023a69641be1206bc62b3f1057d24b17b6bcad288480375909a03731737914294894013684c131745dbc7202e84004b86abaecd5de3442af41520a419a1361999aa120808a60a395e0a841a2653b7ee927b133c52b8ff2771d388bf75fd3f145f9ee7260b08f89d5478a2be58973cd00c5554d5765570d0ba85c5584d0f55840c25697cd993fbbf9bea0243ee03cb67d76efd64620138a384d51c435085b6801e4ee6942019e236bab03ed8a9acb1e2102f35911e4951615618f190884884b4f4364ac505e3bee94c8eb09bbf99c829bc2256fd7cbea1a7e909e0a197753c6a5a61d0985aa3d3f0b34ad96b823335db6ec0985d131,gx-no-cache=1489076129224 HTTP/1.1" 200 30
186.9.132.225 - - [09/Mar/2017:13:14:27 -0300] "POST /cormun/servlet/solicitudot?gx-no-cache=1489076133151 HTTP/1.1" 200 30
186.9.132.225 - - [09/Mar/2017:13:14:40 -0300] "POST /cormun/servlet/solicitudot?gx-no-cache=1489076139824 HTTP/1.1" 200 1287
186.9.132.225 - - [09/Mar/2017:13:14:43 -0300] "POST /cormun/servlet/solicitudot?gx-no-cache=1489076150250 HTTP/1.1" 200 41
186.9.132.225 - - [09/Mar/2017:13:14:46 -0300] "GET /cormun/servlet/solicitudot?UPD,2017,5375, HTTP/1.1" 200 14419
186.9.132.225 - - [09/Mar/2017:13:15:12 -0300] "GET /cormun/servlet/solicitudot?UPD,2017,5375, HTTP/1.1" 200 14419
186.9.132.225 - - [09/Mar/2017:13:15:21 -0300] "POST /cormun/servlet/solicitudot?gx-no-cache=1489076175204 HTTP/1.1" 200 3171
186.9.132.225 - - [09/Mar/2017:13:15:40 -0300] "POST /cormun/servlet/solicitudot?2244776f8be83658a07d3f1c96ad8a15,UPD,2017,5375,,gx-no-cache=1489076192365 HTTP/1.1" 200 11035
186.9.132.225 - - [09/Mar/2017:13:15:45 -0300] "GET /cormun/servlet/solicitudot?edef8e98f43c10a85aca9c06d17765ba79be43c3f676e245bde8da47f434dfe52fdd63174a63145473f7f4442674583a,gx-no-cache=1489076212291 HTTP/1.1" 200 30
186.9.132.225 - - [09/Mar/2017:13:15:52 -0300] "POST /cormun/servlet/solicitudot?gx-no-cache=1489076218701 HTTP/1.1" 200 256
186.9.132.225 - - [09/Mar/2017:13:15:53 -0300] "GET /cormun/servlet/solicitudot?edef8e98f43c10a85aca9c06d17765bab3aab0c434758809714c964b9951e180035995d06ccfeb82e4d7cc28d5584c582fc0bfb062b80396fac588d49276025edaf550e4ef1678dfe69df3ea9746d1d1bc49463513e6bed46f2a9a1b132464b8eb25a25ce6eacd308c7a306b79b3ab534c43c5f5769e2d5c035131a961aca6b8f1b8ee1145175a12faff7e023a69641be1206bc62b3f1057d24b17b6bcad288480375909a03731737914294894013684c131745dbc7202e84004b86abaecd5de3442af41520a419a1361999aa120808a60a395e0a841a2653b7ee927b133c52b8ff2771d388bf75fd3f145f9ee7260b08f89d5478a2be58973cd00c5554d5765570d0ba85c5584d0f55840c25697cd993fbbf9bea0243ee03cb67d76efd64620138a384d51c435085b6801e4ee6942019e236bab03ed8a9acb1e2102f35911e4951615618f190884884b4f4364ac505e3bee94c8eb09bbf99c829bc2256fd7cbea1a7e909e0a197753c6a5a61d0985aa3d3f0b34ad96b823335db6ec0985d131,gx-no-cache=1489076220659 HTTP/1.1" 200 30
186.9.132.225 - - [09/Mar/2017:13:15:58 -0300] "POST /cormun/servlet/solicitudot?gx-no-cache=1489076223882 HTTP/1.1" 200 30
186.9.132.225 - - [09/Mar/2017:13:16:03 -0300] "POST /cormun/servlet/solicitudot?gx-no-cache=1489076227862 HTTP/1.1" 200 1287
186.9.132.225 - - [09/Mar/2017:13:16:06 -0300] "POST /cormun/servlet/solicitudot?gx-no-cache=1489076233628 HTTP/1.1" 200 41
186.9.132.225 - - [09/Mar/2017:13:16:23 -0300] "POST /cormun/servlet/solicitudot?gx-no-cache=1489076249658 HTTP/1.1" 200 256
186.9.132.225 - - [09/Mar/2017:13:16:24 -0300] "GET /cormun/servlet/solicitudot?edef8e98f43c10a85aca9c06d17765bab3aab0c434758809714c964b9951e180035995d06ccfeb82e4d7cc28d5584c582fc0bfb062b80396fac588d49276025edaf550e4ef1678dfe69df3ea9746d1d1bc49463513e6bed46f2a9a1b132464b8eb25a25ce6eacd308c7a306b79b3ab534c43c5f5769e2d5c035131a961aca6b8f1b8ee1145175a12faff7e023a69641be1206bc62b3f1057d24b17b6bcad288480375909a03731737914294894013684c131745dbc7202e84004b86abaecd5de3442af41520a419a1361999aa120808a60a395e0a841a2653b7ee927b133c52b8ff2771d388bf75fd3f145f9ee7260b08f89d5478a2be58973cd00c5554d5765570d0ba85c5584d0f55840c25697cd993fbbf9bea0243ee03cb67d76efd64620138a384d51c435085b6801e4ee6942019e236bab03ed8a9acb1e2102f35911e4951615618f190884884b4f4364ac505e3bee94c8eb09bbf99c829bc2256fd7cbea1a7e909e0a197753c6a5a61d0985aa3d3f0b34ad96b823335db6ec0985d131,gx-no-cache=1489076251861 HTTP/1.1" 200 30
186.9.132.225 - - [09/Mar/2017:13:16:26 -0300] "POST /cormun/servlet/solicitudot?gx-no-cache=1489076253020 HTTP/1.1" 200 30
186.9.132.225 - - [09/Mar/2017:13:16:29 -0300] "POST /cormun/servlet/solicitudot?gx-no-cache=1489076254447 HTTP/1.1" 200 1287
186.9.132.225 - - [09/Mar/2017:13:16:31 -0300] "POST /cormun/servlet/solicitudot?gx-no-cache=1489076257868 HTTP/1.1" 200 41
186.9.132.225 - - [09/Mar/2017:13:16:47 -0300] "GET /cormun/servlet/solicitudot?edef8e98f43c10a85aca9c06d17765ba78df64a38b31e600c1597bcd44e50614316b6240fafed344ff68bde0f0c779014cceb2917e19a5356e50b3092c4a0c846c05335540cc082d9d711b765e721240e51d518b076ab1345b73bcc6ba6dcbddf1e7ac90f462470917a01c8174467447,gx-no-cache=1489076274613 HTTP/1.1" 200 29
186.9.132.225 - - [09/Mar/2017:13:16:51 -0300] "POST /cormun/servlet/solicitudot?gx-no-cache=1489076275953 HTTP/1.1" 200 1275
186.9.132.225 - - [09/Mar/2017:13:16:54 -0300] "POST /cormun/servlet/solicitudot?gx-no-cache=1489076279383 HTTP/1.1" 200 1157
186.9.132.225 - - [09/Mar/2017:13:16:55 -0300] "GET /cormun/servlet/solicitudot?edef8e98f43c10a85aca9c06d17765ba5686799d41b1ed000f9cc835e0bda2288953b71543f991527a93608cfce8063347f15ba7daf6eaf4a5100bfb57957d779e3ab5606281aa1957c7bcd1ba70fe708eefbaee9d04198ba9cee7a848a709006277631fbcebffa10fe053ca76bcf442b13b0007d5fb655d64f0707fee2afa2377f9b0001a421618436ecf850cd9281cf168be06490dfe2ce1d077d874bbb83de4abc1c84a4c42fbd4f0af5e8db4ca9f,gx-no-cache=1489076282597 HTTP/1.1" 200 30
186.9.132.225 - - [09/Mar/2017:13:17:02 -0300] "POST /cormun/servlet/solicitudot?2244776f8be83658a07d3f1c96ad8a15,UPD,2017,5375,,gx-no-cache=1489076283847 HTTP/1.1" 200 93
186.9.132.225 - - [09/Mar/2017:13:17:04 -0300] "GET /cormun/servlet/hpexe_return? HTTP/1.1" 200 1012
186.9.132.225 - - [09/Mar/2017:13:17:05 -0300] "GET /cormun/servlet/trsolicitudot HTTP/1.1" 200 8166
186.9.132.225 - - [09/Mar/2017:13:17:08 -0300] "GET /cormun/servlet/trsolicitudot HTTP/1.1" 200 8162
186.9.132.225 - - [09/Mar/2017:13:17:22 -0300] "POST /cormun/servlet/trsolicitudot?2244776f8be83658a07d3f1c96ad8a15,gx-no-cache=1489076302026 HTTP/1.1" 200 106
186.9.132.225 - - [09/Mar/2017:13:17:25 -0300] "GET /cormun/servlet/solicitudot?UPD,2017,5375, HTTP/1.1" 200 14410
186.9.132.225 - - [09/Mar/2017:13:17:31 -0300] "GET /cormun/servlet/solicitudot?UPD,2017,5375, HTTP/1.1" 200 14419
186.9.132.225 - - [09/Mar/2017:13:17:58 -0300] "POST /cormun/servlet/solicitudot?gx-no-cache=1489076319417 HTTP/1.1" 200 3171
186.9.132.225 - - [09/Mar/2017:13:18:15 -0300] "POST /cormun/servlet/solicitudot?2244776f8be83658a07d3f1c96ad8a15,UPD,2017,5375,,gx-no-cache=1489076353291 HTTP/1.1" 200 11021
186.9.132.225 - - [09/Mar/2017:13:20:16 -0300] "GET /cormun/servlet/solicitudot?edef8e98f43c10a85aca9c06d17765ba79be43c3f676e245bde8da47f434dfe52fdd63174a63145473f7f4442674583a,gx-no-cache=1489076439383 HTTP/1.1" 200 30
186.9.132.225 - - [09/Mar/2017:13:20:27 -0300] "POST /cormun/servlet/solicitudot?gx-no-cache=1489076484436 HTTP/1.1" 200 256
