192.168.10.96 - - [09/Mar/2017:16:13:32 -0300] "POST /cormun/servlet/hlogin?baf21880bb65964a6a445aac0c3c647d,gx-no-cache=1489090096328 HTTP/1.1" 200 90
192.168.10.96 - - [09/Mar/2017:16:13:32 -0300] "GET /cormun/servlet/hpexe_link HTTP/1.1" 200 948
192.168.10.96 - - [09/Mar/2017:16:13:32 -0300] "GET /cormun/servlet/hhome HTTP/1.1" 200 4117
192.168.10.96 - - [09/Mar/2017:16:13:33 -0300] "GET /cormun/servlet/hhome HTTP/1.1" 200 4114
192.168.10.96 - - [09/Mar/2017:16:13:36 -0300] "GET /cormun/servlet/trsolicitudgral? HTTP/1.1" 200 8420
192.168.10.96 - - [09/Mar/2017:16:13:37 -0300] "GET /cormun/servlet/trsolicitudgral? HTTP/1.1" 200 8418
192.168.10.96 - - [09/Mar/2017:16:13:52 -0300] "POST /cormun/servlet/trsolicitudgral?baf21880bb65964a6a445aac0c3c647d,,gx-no-cache=1489090116354 HTTP/1.1" 200 5409
192.168.10.96 - - [09/Mar/2017:16:13:56 -0300] "POST /cormun/servlet/trsolicitudgral?baf21880bb65964a6a445aac0c3c647d,,gx-no-cache=1489090119943 HTTP/1.1" 200 5410
192.168.10.96 - - [09/Mar/2017:16:13:58 -0300] "POST /cormun/servlet/trsolicitudgral?baf21880bb65964a6a445aac0c3c647d,,gx-no-cache=1489090122472 HTTP/1.1" 200 5412
192.168.10.96 - - [09/Mar/2017:16:14:14 -0300] "POST /cormun/servlet/trsolicitudgral?baf21880bb65964a6a445aac0c3c647d,,gx-no-cache=1489090137961 HTTP/1.1" 200 5413
192.168.10.96 - - [09/Mar/2017:16:14:20 -0300] "POST /cormun/servlet/trsolicitudgral?baf21880bb65964a6a445aac0c3c647d,,gx-no-cache=1489090144056 HTTP/1.1" 200 5411
192.168.10.96 - - [09/Mar/2017:16:14:21 -0300] "POST /cormun/servlet/trsolicitudgral?baf21880bb65964a6a445aac0c3c647d,,gx-no-cache=1489090144913 HTTP/1.1" 200 5411
192.168.10.96 - - [09/Mar/2017:16:14:21 -0300] "POST /cormun/servlet/trsolicitudgral?baf21880bb65964a6a445aac0c3c647d,,gx-no-cache=1489090145111 HTTP/1.1" 200 5410
192.168.10.96 - - [09/Mar/2017:16:14:21 -0300] "POST /cormun/servlet/trsolicitudgral?baf21880bb65964a6a445aac0c3c647d,,gx-no-cache=1489090145311 HTTP/1.1" 200 5410
192.168.10.96 - - [09/Mar/2017:16:14:21 -0300] "POST /cormun/servlet/trsolicitudgral?baf21880bb65964a6a445aac0c3c647d,,gx-no-cache=1489090145494 HTTP/1.1" 200 5411
192.168.10.96 - - [09/Mar/2017:16:14:22 -0300] "POST /cormun/servlet/trsolicitudgral?baf21880bb65964a6a445aac0c3c647d,,gx-no-cache=1489090145687 HTTP/1.1" 200 5411
192.168.10.96 - - [09/Mar/2017:16:14:22 -0300] "POST /cormun/servlet/trsolicitudgral?baf21880bb65964a6a445aac0c3c647d,,gx-no-cache=1489090146008 HTTP/1.1" 200 5411
186.79.206.45 - - [09/Mar/2017:16:14:38 -0300] "POST /cormun/servlet/hlogin?bb7ed71ba095ce650c7f3832878b10cb,gx-no-cache=1489086948009 HTTP/1.1" 200 90
186.79.206.45 - - [09/Mar/2017:16:14:38 -0300] "GET /cormun/servlet/hpexe_link HTTP/1.1" 200 955
186.79.206.45 - - [09/Mar/2017:16:14:38 -0300] "GET /cormun/servlet/hhome HTTP/1.1" 200 3809
186.79.206.45 - - [09/Mar/2017:16:14:38 -0300] "GET /cormun/servlet/hhome HTTP/1.1" 200 3806
186.79.206.45 - - [09/Mar/2017:16:14:57 -0300] "GET /cormun/servlet/trsolicitudot? HTTP/1.1" 200 6766
186.79.206.45 - - [09/Mar/2017:16:14:58 -0300] "GET /cormun/servlet/trsolicitudot? HTTP/1.1" 200 6765
186.79.206.45 - - [09/Mar/2017:16:15:00 -0300] "GET /cormun/servlet/solicitudot?INS,0,0, HTTP/1.1" 200 12614
186.79.206.45 - - [09/Mar/2017:16:15:00 -0300] "GET /cormun/servlet/solicitudot?INS,0,0, HTTP/1.1" 200 12619
186.79.206.45 - - [09/Mar/2017:16:15:08 -0300] "POST /cormun/servlet/solicitudot?gx-no-cache=1489086977671 HTTP/1.1" 200 3273
186.79.206.45 - - [09/Mar/2017:16:15:08 -0300] "GET /cormun/static/Shared/jqueryui/images/ui-bg_highlight-soft_100_c6c2c8_1x100.png HTTP/1.1" 404 1117
186.79.206.45 - - [09/Mar/2017:16:15:08 -0300] "GET /cormun/static/Shared/jqueryui/images/ui-icons_82798d_256x240.png HTTP/1.1" 404 1089
186.79.206.45 - - [09/Mar/2017:16:15:08 -0300] "GET /cormun/static/Shared/jqueryui/images/ui-bg_flat_55_994d53_40x100.png HTTP/1.1" 404 1097
186.79.206.45 - - [09/Mar/2017:16:15:08 -0300] "GET /cormun/static/Shared/jqueryui/images/ui-icons_ebccce_256x240.png HTTP/1.1" 404 1089
192.168.10.96 - - [09/Mar/2017:16:15:15 -0300] "POST /cormun/servlet/trsolicitudgral?baf21880bb65964a6a445aac0c3c647d,,gx-no-cache=1489090198750 HTTP/1.1" 200 5410
186.79.206.45 - - [09/Mar/2017:16:15:20 -0300] "POST /cormun/servlet/solicitudot?bb7ed71ba095ce650c7f3832878b10cb,INS,0,0,,gx-no-cache=1489086990115 HTTP/1.1" 200 93
186.79.206.45 - - [09/Mar/2017:16:15:20 -0300] "GET /cormun/servlet/hpexe_return? HTTP/1.1" 200 1006
186.79.206.45 - - [09/Mar/2017:16:15:20 -0300] "GET /cormun/servlet/trsolicitudot HTTP/1.1" 200 6769
186.79.206.45 - - [09/Mar/2017:16:15:21 -0300] "GET /cormun/servlet/trsolicitudot HTTP/1.1" 200 6766
192.168.10.96 - - [09/Mar/2017:16:15:22 -0300] "POST /cormun/servlet/trsolicitudgral?baf21880bb65964a6a445aac0c3c647d,,gx-no-cache=1489090206437 HTTP/1.1" 200 5401
186.79.206.45 - - [09/Mar/2017:16:15:23 -0300] "GET /cormun/servlet/trsolicitudot? HTTP/1.1" 200 6766
186.79.206.45 - - [09/Mar/2017:16:15:24 -0300] "GET /cormun/servlet/trsolicitudot? HTTP/1.1" 200 6765
186.79.206.45 - - [09/Mar/2017:16:15:26 -0300] "GET /cormun/servlet/solicitudot?INS,0,0, HTTP/1.1" 200 12612
186.79.206.45 - - [09/Mar/2017:16:15:26 -0300] "GET /cormun/servlet/solicitudot?INS,0,0, HTTP/1.1" 200 12617
186.79.206.45 - - [09/Mar/2017:16:15:32 -0300] "POST /cormun/servlet/solicitudot?gx-no-cache=1489087001761 HTTP/1.1" 200 3273
186.79.206.45 - - [09/Mar/2017:16:15:32 -0300] "GET /cormun/static/Shared/jqueryui/images/ui-bg_highlight-soft_100_c6c2c8_1x100.png HTTP/1.1" 404 1117
186.79.206.45 - - [09/Mar/2017:16:15:32 -0300] "GET /cormun/static/Shared/jqueryui/images/ui-icons_82798d_256x240.png HTTP/1.1" 404 1089
186.79.206.45 - - [09/Mar/2017:16:15:32 -0300] "GET /cormun/static/Shared/jqueryui/images/ui-icons_ebccce_256x240.png HTTP/1.1" 404 1089
186.79.206.45 - - [09/Mar/2017:16:15:32 -0300] "GET /cormun/static/Shared/jqueryui/images/ui-bg_flat_55_994d53_40x100.png HTTP/1.1" 404 1097
192.168.10.96 - - [09/Mar/2017:16:15:35 -0300] "POST /cormun/servlet/trsolicitudgral?baf21880bb65964a6a445aac0c3c647d,,gx-no-cache=1489090219172 HTTP/1.1" 200 5404
186.79.206.45 - - [09/Mar/2017:16:15:36 -0300] "GET /cormun/servlet/solicitudot?67223808f30781d8a610891ae37b45826920f5cd67cefeb8125e31c586fb2ebda35643c5aa4375966decadba4098c5d8,gx-no-cache=1489087006417 HTTP/1.1" 200 111
192.168.10.96 - - [09/Mar/2017:16:15:40 -0300] "POST /cormun/servlet/trsolicitudgral?baf21880bb65964a6a445aac0c3c647d,,gx-no-cache=1489090223735 HTTP/1.1" 200 5402
192.168.10.96 - - [09/Mar/2017:16:15:44 -0300] "POST /cormun/servlet/trsolicitudgral?baf21880bb65964a6a445aac0c3c647d,,gx-no-cache=1489090227662 HTTP/1.1" 200 5403
186.79.206.45 - - [09/Mar/2017:16:15:47 -0300] "GET /cormun/servlet/solicitudot?67223808f30781d8a610891ae37b4582f3186845746cc87e89ee13948707681e34419738bd66a27528fb58df8e3a6109,gx-no-cache=1489087017600 HTTP/1.1" 200 30
192.168.10.96 - - [09/Mar/2017:16:16:06 -0300] "POST /cormun/servlet/trsolicitudgral?baf21880bb65964a6a445aac0c3c647d,,gx-no-cache=1489090249983 HTTP/1.1" 200 6679
186.79.206.45 - - [09/Mar/2017:16:17:34 -0300] "POST /cormun/servlet/solicitudot?bb7ed71ba095ce650c7f3832878b10cb,INS,0,0,,gx-no-cache=1489087123881 HTTP/1.1" 200 10109
186.103.132.155 - - [09/Mar/2017:16:17:54 -0300] "POST /cormun/servlet/solicitudotadjuntos?7ce733e859f19a4a9dd498a162f59354,INS,2017,5385,,1, HTTP/1.1" 200 6320
186.103.132.155 - - [09/Mar/2017:16:17:56 -0300] "GET /cormun/servlet/trsolicitudadjuntos?2017,5385, HTTP/1.1" 200 8672
186.103.132.155 - - [09/Mar/2017:16:18:00 -0300] "GET /cormun/servlet/trsolicitudadjuntos?2017,5385, HTTP/1.1" 200 8669
186.103.132.155 - - [09/Mar/2017:16:18:22 -0300] "GET /cormun/servlet/solicitudotadjuntos?INS,2017,5385,,1, HTTP/1.1" 200 5833
186.103.132.155 - - [09/Mar/2017:16:18:23 -0300] "GET /cormun/static/about:blank HTTP/1.1" 404 1011
186.103.132.155 - - [09/Mar/2017:16:18:23 -0300] "GET /cormun/servlet/solicitudotadjuntos?INS,2017,5385,,1, HTTP/1.1" 200 5827
186.103.132.155 - - [09/Mar/2017:16:18:26 -0300] "GET /cormun/servlet/solicitudotadjuntos?877126d5690d8a5e5807bb451bd7d4c1bd2b11328507b6aa36d89bc7d184de4fb104c224db082688e96aae207adbecd1,gx-no-cache=1489083574249 HTTP/1.1" 200 30
186.103.132.155 - - [09/Mar/2017:16:18:29 -0300] "POST /cormun/servlet/solicitudotadjuntos?7ce733e859f19a4a9dd498a162f59354,INS,2017,5385,,1,,gx-no-cache=1489083576436 HTTP/1.1" 200 3645
186.103.132.155 - - [09/Mar/2017:16:18:34 -0300] "POST /cormun/servlet/solicitudotadjuntos?gx-no-cache=1489083582668 HTTP/1.1" 200 26
186.103.132.155 - - [09/Mar/2017:16:18:41 -0300] "GET /cormun/servlet/solicitudotadjuntos?877126d5690d8a5e5807bb451bd7d4c15a03856028994fd39374b88030528b3c,gx-no-cache=1489083591677 HTTP/1.1" 200 30
186.103.132.155 - - [09/Mar/2017:16:18:41 -0300] "GET /cormun/servlet/solicitudotadjuntos?877126d5690d8a5e5807bb451bd7d4c15a03856028994fd39374b88030528b3c,gx-no-cache=1489083592004 HTTP/1.1" 200 30
192.168.10.96 - - [09/Mar/2017:16:18:51 -0300] "POST /cormun/servlet/trsolicitudgral?baf21880bb65964a6a445aac0c3c647d,,gx-no-cache=1489090414741 HTTP/1.1" 200 5412
192.168.10.96 - - [09/Mar/2017:16:18:57 -0300] "POST /cormun/servlet/trsolicitudgral?baf21880bb65964a6a445aac0c3c647d,,gx-no-cache=1489090420703 HTTP/1.1" 200 9872
186.103.132.155 - - [09/Mar/2017:16:19:23 -0300] "POST /cormun/servlet/solicitudotadjuntos?7ce733e859f19a4a9dd498a162f59354,INS,2017,5385,,1, HTTP/1.1" 200 6320
192.168.10.62 - - [09/Mar/2017:16:20:06 -0300] "GET /cormun/servlet/hlogin HTTP/1.1" 200 1725
192.168.10.62 - - [09/Mar/2017:16:20:06 -0300] "GET /cormun/servlet/hlogin HTTP/1.1" 200 1736
192.168.10.62 - - [09/Mar/2017:16:20:19 -0300] "POST /cormun/servlet/hlogin?aec258ad8a5d4a348531f2634b9681de,gx-no-cache=1489090503111 HTTP/1.1" 200 90
192.168.10.62 - - [09/Mar/2017:16:20:19 -0300] "GET /cormun/servlet/hpexe_link HTTP/1.1" 200 957
192.168.10.62 - - [09/Mar/2017:16:20:19 -0300] "GET /cormun/servlet/hhome HTTP/1.1" 200 3797
192.168.10.62 - - [09/Mar/2017:16:20:20 -0300] "GET /cormun/servlet/hhome HTTP/1.1" 200 3793
186.103.132.155 - - [09/Mar/2017:16:20:31 -0300] "POST /cormun/servlet/solicitudotadjuntos?7ce733e859f19a4a9dd498a162f59354,INS,2017,5385,,1, HTTP/1.1" 200 6320
192.168.10.62 - - [09/Mar/2017:16:20:33 -0300] "GET /cormun/servlet/trsolicitudgral? HTTP/1.1" 200 24217
192.168.10.62 - - [09/Mar/2017:16:20:35 -0300] "GET /cormun/servlet/trsolicitudgral? HTTP/1.1" 200 24215
192.168.10.62 - - [09/Mar/2017:16:20:37 -0300] "GET /cormun/static/menuarrow.gif HTTP/1.1" 404 1015
192.168.10.62 - - [09/Mar/2017:16:20:46 -0300] "POST /cormun/servlet/trsolicitudgral?aec258ad8a5d4a348531f2634b9681de,,gx-no-cache=1489090530353 HTTP/1.1" 200 12971
192.168.10.62 - - [09/Mar/2017:16:20:52 -0300] "POST /cormun/servlet/trsolicitudgral?aec258ad8a5d4a348531f2634b9681de,,gx-no-cache=1489090535667 HTTP/1.1" 200 105
192.168.10.62 - - [09/Mar/2017:16:20:52 -0300] "GET /cormun/SolicitudGral-7415.xls HTTP/1.1" 200 14848
192.168.10.62 - - [09/Mar/2017:16:23:21 -0300] "POST /cormun/servlet/trsolicitudgral?aec258ad8a5d4a348531f2634b9681de,,gx-no-cache=1489090685215 HTTP/1.1" 200 5197
192.168.10.62 - - [09/Mar/2017:16:23:21 -0300] "GET /cormun/static/Shared/jqueryui/images/ui-bg_highlight-soft_100_c6c2c8_1x100.png HTTP/1.1" 404 1117
192.168.10.62 - - [09/Mar/2017:16:23:21 -0300] "GET /cormun/static/Shared/jqueryui/images/ui-icons_82798d_256x240.png HTTP/1.1" 404 1089
192.168.10.62 - - [09/Mar/2017:16:23:21 -0300] "GET /cormun/static/Shared/jqueryui/images/ui-bg_flat_55_fafafa_40x100.png HTTP/1.1" 404 1097
192.168.10.62 - - [09/Mar/2017:16:23:21 -0300] "GET /cormun/static/Shared/jqueryui/images/ui-icons_8d78a5_256x240.png HTTP/1.1" 404 1089
192.168.10.62 - - [09/Mar/2017:16:24:33 -0300] "GET /cormun/servlet/trconsultaempleado? HTTP/1.1" 200 8843
192.168.10.62 - - [09/Mar/2017:16:24:34 -0300] "GET /cormun/servlet/trconsultaempleado? HTTP/1.1" 200 8842
192.168.10.62 - - [09/Mar/2017:16:24:39 -0300] "POST /cormun/servlet/trconsultaempleado?aec258ad8a5d4a348531f2634b9681de,,gx-no-cache=1489090763390 HTTP/1.1" 200 4075
192.168.10.62 - - [09/Mar/2017:16:24:45 -0300] "GET /cormun/servlet/trsolicitudnombre?14202116, HTTP/1.1" 200 7423
192.168.10.62 - - [09/Mar/2017:16:24:45 -0300] "GET /cormun/servlet/trsolicitudnombre?14202116, HTTP/1.1" 200 7426
192.168.10.62 - - [09/Mar/2017:16:24:52 -0300] "POST /cormun/servlet/trsolicitudnombre?aec258ad8a5d4a348531f2634b9681de,14202116,,gx-no-cache=1489090776375 HTTP/1.1" 200 107
192.168.10.62 - - [09/Mar/2017:16:24:52 -0300] "POST /cormun/servlet/trsolicitudnombre?aec258ad8a5d4a348531f2634b9681de,14202116,,gx-no-cache=1489090776461 HTTP/1.1" 200 5421
192.168.10.62 - - [09/Mar/2017:16:24:53 -0300] "GET /cormun/SolicitudNombre-1040.xls HTTP/1.1" 200 6144
186.79.206.45 - - [09/Mar/2017:16:25:20 -0300] "POST /cormun/servlet/solicitudot?gx-no-cache=1489087590124 HTTP/1.1" 200 255
186.79.206.45 - - [09/Mar/2017:16:25:20 -0300] "GET /cormun/servlet/solicitudot?67223808f30781d8a610891ae37b45821c39e0bdb6fc9a65486f37aeb7fd6bc43b7aee171876d8410b2891833a13acf4394a5f2f56dcf730bc7537a7ffaeaaa90d6e51993a02eb4478c85e16c4d8c19b6d72c254df38e8c61040694685453963a30dfef709544dcb5518fbe50c1ca21a6aac711b4b269d4b55d8d4aaa8f388d1fbffe4af1e6a568dbfbae97f5ec3d37a23c675abb934c6d8ea1d664763589c95880b88ae0210a5da6fbb72829e94e98f66f0f9b25d2212227a81055cd636dc8b80284f9f22a5b51e710c9ce13b28f4a0f722ed70543cbd9aa670e16fe204c0815334650a8340893547e985e84f607d6737f856d8bf1536a285e63be944b81823943c31ff99de9ff257fe73f8b6dc9e8783c9492763384fcb1050a0402e03709a8021cd625abe5fee5bdb5e7cba9b042b482fc4add3bd40f31ea5e238e2f887f49bdcf658a3d7cd1e7437e36cebce6bb98f36c97017f9055dccbf95e66ee2b3642c9f3ad8f5ebc21b5f9753125eb1cfa2c6cd510325d2996ce9bf17a361a5846c,gx-no-cache=1489087590255 HTTP/1.1" 200 30
186.79.206.45 - - [09/Mar/2017:16:25:44 -0300] "POST /cormun/servlet/solicitudot?bb7ed71ba095ce650c7f3832878b10cb,INS,0,0,,gx-no-cache=1489087613438 HTTP/1.1" 200 93
186.79.206.45 - - [09/Mar/2017:16:25:44 -0300] "GET /cormun/servlet/hpexe_return? HTTP/1.1" 200 1006
186.79.206.45 - - [09/Mar/2017:16:25:44 -0300] "GET /cormun/servlet/trsolicitudot HTTP/1.1" 200 6769
186.79.206.45 - - [09/Mar/2017:16:25:44 -0300] "GET /cormun/servlet/trsolicitudot HTTP/1.1" 200 6766
186.79.206.45 - - [09/Mar/2017:16:25:50 -0300] "GET /cormun/servlet/solicitudot?INS,0,0, HTTP/1.1" 200 12612
186.79.206.45 - - [09/Mar/2017:16:25:51 -0300] "GET /cormun/servlet/solicitudot?INS,0,0, HTTP/1.1" 200 12617
186.79.206.45 - - [09/Mar/2017:16:25:56 -0300] "POST /cormun/servlet/solicitudot?gx-no-cache=1489087626288 HTTP/1.1" 200 3273
186.79.206.45 - - [09/Mar/2017:16:25:56 -0300] "GET /cormun/static/Shared/jqueryui/images/ui-bg_highlight-soft_100_c6c2c8_1x100.png HTTP/1.1" 404 1117
186.79.206.45 - - [09/Mar/2017:16:25:56 -0300] "GET /cormun/static/Shared/jqueryui/images/ui-icons_82798d_256x240.png HTTP/1.1" 404 1089
186.79.206.45 - - [09/Mar/2017:16:25:56 -0300] "GET /cormun/static/Shared/jqueryui/images/ui-icons_ebccce_256x240.png HTTP/1.1" 404 1089
186.79.206.45 - - [09/Mar/2017:16:25:56 -0300] "GET /cormun/static/Shared/jqueryui/images/ui-bg_flat_55_994d53_40x100.png HTTP/1.1" 404 1097
186.79.206.45 - - [09/Mar/2017:16:25:58 -0300] "GET /cormun/servlet/solicitudot?67223808f30781d8a610891ae37b45826920f5cd67cefeb8125e31c586fb2ebda35643c5aa4375966decadba4098c5d8,gx-no-cache=1489087628296 HTTP/1.1" 200 111
200.112.48.149 - - [09/Mar/2017:16:26:14 -0300] "GET /cormun/servlet/hlogin HTTP/1.1" 200 1727
200.112.48.149 - - [09/Mar/2017:16:26:14 -0300] "GET /cormun/static/gxcfg.js?201612216162538 HTTP/1.1" 304 -
200.112.48.149 - - [09/Mar/2017:16:26:15 -0300] "GET /cormun/servlet/hlogin HTTP/1.1" 200 1731
186.79.206.45 - - [09/Mar/2017:16:26:26 -0300] "GET /cormun/servlet/solicitudot?67223808f30781d8a610891ae37b4582f3186845746cc87e89ee13948707681e34419738bd66a27528fb58df8e3a6109,gx-no-cache=1489087656136 HTTP/1.1" 200 30
200.112.48.149 - - [09/Mar/2017:16:26:29 -0300] "POST /cormun/servlet/hlogin?013ce84fff6c364a8fe2d09d40541348,gx-no-cache=1489087659292 HTTP/1.1" 200 90
200.112.48.149 - - [09/Mar/2017:16:26:29 -0300] "GET /cormun/servlet/hpexe_link HTTP/1.1" 200 956
200.112.48.149 - - [09/Mar/2017:16:26:29 -0300] "GET /cormun/static/gxcfg.js?201612218515529 HTTP/1.1" 304 -
200.112.48.149 - - [09/Mar/2017:16:26:29 -0300] "GET /cormun/servlet/hhome HTTP/1.1" 200 3993
200.112.48.149 - - [09/Mar/2017:16:26:30 -0300] "GET /cormun/static/gxcfg.js?201612218515568 HTTP/1.1" 304 -
200.112.48.149 - - [09/Mar/2017:16:26:30 -0300] "GET /cormun/static/Resources/PXToolsFooterBackground2.png HTTP/1.1" 304 -
200.112.48.149 - - [09/Mar/2017:16:26:30 -0300] "GET /cormun/static/Resources/PXToolsHeaderBackground2.png HTTP/1.1" 304 -
200.112.48.149 - - [09/Mar/2017:16:26:31 -0300] "GET /cormun/servlet/hhome HTTP/1.1" 200 3990
200.112.48.149 - - [09/Mar/2017:16:26:53 -0300] "GET /cormun/servlet/wbsecusr01? HTTP/1.1" 200 4164
200.112.48.149 - - [09/Mar/2017:16:26:53 -0300] "GET /cormun/static/gxcfg.js?201610171618599 HTTP/1.1" 200 953
200.112.48.149 - - [09/Mar/2017:16:26:53 -0300] "GET /cormun/static/wbsecusr01.js?2016101716185938 HTTP/1.1" 200 4681
200.112.48.149 - - [09/Mar/2017:16:27:22 -0300] "POST /cormun/servlet/wbsecusr01?013ce84fff6c364a8fe2d09d40541348,,gx-no-cache=1489087712494 HTTP/1.1" 200 86
200.112.48.149 - - [09/Mar/2017:16:27:23 -0300] "GET /cormun/servlet/hhome? HTTP/1.1" 200 3992
200.112.48.149 - - [09/Mar/2017:16:27:24 -0300] "GET /cormun/servlet/hhome? HTTP/1.1" 200 3992
186.79.206.45 - - [09/Mar/2017:16:27:32 -0300] "GET /cormun/servlet/solicitudot?67223808f30781d8a610891ae37b4582cbfb629f0e32358d9726ad078024f182b45c144d9e43583d87e90ad181f1a791269cd1e0e9bc0f107671d9628d370dc798601f2242a1d6576371d68716ad48b5e8d0d20ba4d3ee5747cbba9e9572929a580b35a16b44ea297fc20a3f9019a1179fbf90f3891aa2983240aaf776f208a59c28001580be29e4aa678fe951a9778080e17edcf9ecaf0dd0c97f321c186d03ee634acb8e58d030acca13dcfc97b40149b35de42b13f2e3baab40765674ed075b54c7bdd349cd8886e29f73b49710c4e2961c15cf5fd3b36b3c93e001bebb38907716e4f55757fe85f0d3871a1254b57bcae2e9c8e8e9d8abffeeed518561008ec56ad1b9470747d316a3831db62c17604c167f507d15086a70faff8bf9e052228cee96ebd1076d87ac5296d75b4615bd611243b09815257a7ae29423db6d71bd32cf45e2ea0c6e6afaf2454302e395,gx-no-cache=1489087722855 HTTP/1.1" 200 297
186.79.206.45 - - [09/Mar/2017:16:27:35 -0300] "GET /cormun/servlet/solicitudot?67223808f30781d8a610891ae37b45821c39e0bdb6fc9a65486f37aeb7fd6bc4322269f5f2c5ec4fd6c525aead31c621394a5f2f56dcf730bc7537a7ffaeaaa90d6e51993a02eb4478c85e16c4d8c19b6d72c254df38e8c61040694685453963a30dfef709544dcb5518fbe50c1ca21a6aac711b4b269d4b55d8d4aaa8f388d1fbffe4af1e6a568dbfbae97f5ec3d37a23c675abb934c6d8ea1d664763589c95880b88ae0210a5da6fbb72829e94e98f66f0f9b25d2212227a81055cd636dc8b80284f9f22a5b51e710c9ce13b28f4a0f722ed70543cbd9aa670e16fe204c0815334650a8340893547e985e84f607d671b6a6296b66e4c5eae170cbcd837983d943c31ff99de9ff257fe73f8b6dc9e87936e6f809daa146ef61d147233a6f8614f228807de6ef90093c7851d3490206fdd9282aff2d87c8fcc28f6707b486a3faad5e5c5a1388295ee7d3a471a299fc3f9abfaa29f82c0e4381adde6f0f3a0ae5383a1a22d7fcd9281ce0fcd971c80bfd0427ff2beb335b1a63c6471c0496942ed170ed9a7aa047c7b0f953fe8d7090f,gx-no-cache=1489087725633 HTTP/1.1" 200 30
186.79.206.45 - - [09/Mar/2017:16:27:38 -0300] "POST /cormun/servlet/solicitudot?gx-no-cache=1489087728319 HTTP/1.1" 200 30
186.79.206.45 - - [09/Mar/2017:16:27:40 -0300] "POST /cormun/servlet/solicitudot?gx-no-cache=1489087729933 HTTP/1.1" 200 235
186.79.206.45 - - [09/Mar/2017:16:27:40 -0300] "POST /cormun/servlet/solicitudot?gx-no-cache=1489087730061 HTTP/1.1" 200 38
186.79.206.45 - - [09/Mar/2017:16:28:01 -0300] "GET /cormun/servlet/solicitudot?67223808f30781d8a610891ae37b45822a0b148daa172628b79c0fb249f3fdf27bcae2e9c8e8e9d8abffeeed518561008ec56ad1b9470747d316a3831db62c170c44524bd90cedcf3013ace4ff090f38,gx-no-cache=1489087751097 HTTP/1.1" 200 29
186.79.206.45 - - [09/Mar/2017:16:28:01 -0300] "POST /cormun/servlet/solicitudot?gx-no-cache=1489087751196 HTTP/1.1" 200 643
186.79.206.45 - - [09/Mar/2017:16:28:02 -0300] "POST /cormun/servlet/solicitudot?gx-no-cache=1489087752023 HTTP/1.1" 200 1157
186.79.206.45 - - [09/Mar/2017:16:28:09 -0300] "GET /cormun/static/menuarrow.gif HTTP/1.1" 404 1015
186.79.206.45 - - [09/Mar/2017:16:28:16 -0300] "GET /cormun/servlet/solicitudot?67223808f30781d8a610891ae37b45823b41be05948d574a575814cc7b2cc057bd96d52733f416b0782c616e9d15fadc00be03c6f679785fd092a58b5d5776018ec56ad1b9470747d316a3831db62c173333547423e47c57ad5a5719c7dff2eca3a609c6db5490b3eb664734f0d1525c4c96a6b235e3aa2a49863a983eb08b1603c702b9ffe736c96b7d35f01f69bfdd170f2bb5ab77a84d7a681321d7ddeab305e335d0d731a94f0b8e260266f65d66,gx-no-cache=1489087766598 HTTP/1.1" 200 30
186.79.206.45 - - [09/Mar/2017:16:28:26 -0300] "POST /cormun/servlet/solicitudot?bb7ed71ba095ce650c7f3832878b10cb,INS,0,0,,gx-no-cache=1489087775594 HTTP/1.1" 200 11041
200.112.48.149 - - [09/Mar/2017:16:28:27 -0300] "GET /cormun/servlet/hlogin HTTP/1.1" 200 1727
186.79.206.45 - - [09/Mar/2017:16:28:36 -0300] "POST /cormun/servlet/solicitudot?bb7ed71ba095ce650c7f3832878b10cb,INS,0,0,,gx-no-cache=1489087785757 HTTP/1.1" 200 11097
200.112.48.149 - - [09/Mar/2017:16:29:02 -0300] "POST /cormun/servlet/hlogin?013ce84fff6c364a8fe2d09d40541348,gx-no-cache=1489087811861 HTTP/1.1" 200 90
200.112.48.149 - - [09/Mar/2017:16:29:02 -0300] "GET /cormun/servlet/hpexe_link HTTP/1.1" 200 956
200.112.48.149 - - [09/Mar/2017:16:29:02 -0300] "GET /cormun/servlet/hhome HTTP/1.1" 200 3993
200.112.48.149 - - [09/Mar/2017:16:29:04 -0300] "GET /cormun/servlet/hhome HTTP/1.1" 200 3990
200.112.48.149 - - [09/Mar/2017:16:29:33 -0300] "GET /cormun/servlet/trvisualizadoreventos? HTTP/1.1" 200 6723
200.112.48.149 - - [09/Mar/2017:16:29:33 -0300] "GET /cormun/static/gxcfg.js?2016101716203350 HTTP/1.1" 304 -
200.112.48.149 - - [09/Mar/2017:16:29:33 -0300] "GET /cormun/static/Resources/PXTools/calendar.png HTTP/1.1" 304 -
200.112.48.149 - - [09/Mar/2017:16:29:35 -0300] "GET /cormun/servlet/trvisualizadoreventos? HTTP/1.1" 200 6723
200.112.48.149 - - [09/Mar/2017:16:29:42 -0300] "POST /cormun/servlet/trvisualizadoreventos?013ce84fff6c364a8fe2d09d40541348,,gx-no-cache=1489087851692 HTTP/1.1" 200 3963
200.112.48.149 - - [09/Mar/2017:16:29:50 -0300] "GET /cormun/servlet/trautorizarsolicitud? HTTP/1.1" 200 6907
200.112.48.149 - - [09/Mar/2017:16:29:50 -0300] "GET /cormun/static/gxcfg.js?2017259112829 HTTP/1.1" 304 -
200.112.48.149 - - [09/Mar/2017:16:29:50 -0300] "GET /cormun/static/trautorizarsolicitud.js?2017259113483 HTTP/1.1" 304 -
200.112.48.149 - - [09/Mar/2017:16:29:52 -0300] "GET /cormun/servlet/trautorizarsolicitud? HTTP/1.1" 200 6907
200.112.48.149 - - [09/Mar/2017:16:29:58 -0300] "POST /cormun/servlet/trautorizarsolicitud?013ce84fff6c364a8fe2d09d40541348,,gx-no-cache=1489087868136 HTTP/1.1" 200 6473
186.79.206.45 - - [09/Mar/2017:16:30:20 -0300] "POST /cormun/servlet/solicitudot?bb7ed71ba095ce650c7f3832878b10cb,INS,0,0,,gx-no-cache=1489087889692 HTTP/1.1" 200 93
186.79.206.45 - - [09/Mar/2017:16:30:20 -0300] "GET /cormun/servlet/hpexe_return? HTTP/1.1" 200 1006
186.79.206.45 - - [09/Mar/2017:16:30:20 -0300] "GET /cormun/servlet/trsolicitudot HTTP/1.1" 200 6769
186.79.206.45 - - [09/Mar/2017:16:30:21 -0300] "GET /cormun/servlet/trsolicitudot HTTP/1.1" 200 6766
186.79.206.45 - - [09/Mar/2017:16:30:23 -0300] "GET /cormun/servlet/solicitudot?INS,0,0, HTTP/1.1" 200 12614
186.79.206.45 - - [09/Mar/2017:16:30:24 -0300] "GET /cormun/servlet/solicitudot?INS,0,0, HTTP/1.1" 200 12619
186.79.206.45 - - [09/Mar/2017:16:30:40 -0300] "POST /cormun/servlet/solicitudot?gx-no-cache=1489087909530 HTTP/1.1" 200 3286
186.79.206.45 - - [09/Mar/2017:16:30:40 -0300] "GET /cormun/static/Shared/jqueryui/images/ui-bg_highlight-soft_100_c6c2c8_1x100.png HTTP/1.1" 404 1117
186.79.206.45 - - [09/Mar/2017:16:30:40 -0300] "GET /cormun/static/Shared/jqueryui/images/ui-icons_82798d_256x240.png HTTP/1.1" 404 1089
186.79.206.45 - - [09/Mar/2017:16:30:40 -0300] "GET /cormun/static/Shared/jqueryui/images/ui-bg_flat_55_994d53_40x100.png HTTP/1.1" 404 1097
186.79.206.45 - - [09/Mar/2017:16:30:40 -0300] "GET /cormun/static/Shared/jqueryui/images/ui-icons_ebccce_256x240.png HTTP/1.1" 404 1089
200.112.48.149 - - [09/Mar/2017:16:30:41 -0300] "POST /cormun/servlet/trautorizarsolicitud?013ce84fff6c364a8fe2d09d40541348,,gx-no-cache=1489087911007 HTTP/1.1" 200 4116
186.79.206.45 - - [09/Mar/2017:16:30:43 -0300] "GET /cormun/servlet/solicitudot?67223808f30781d8a610891ae37b45825e32e64fe94a3e67fcf28dfba322c5eb34419738bd66a27528fb58df8e3a6109,gx-no-cache=1489087913282 HTTP/1.1" 200 30
200.112.48.149 - - [09/Mar/2017:16:30:52 -0300] "POST /cormun/servlet/trautorizarsolicitud?013ce84fff6c364a8fe2d09d40541348,,gx-no-cache=1489087921707 HTTP/1.1" 200 4117
200.112.48.149 - - [09/Mar/2017:16:30:59 -0300] "POST /cormun/servlet/trautorizarsolicitud?013ce84fff6c364a8fe2d09d40541348,,gx-no-cache=1489087928689 HTTP/1.1" 200 6472
186.79.206.45 - - [09/Mar/2017:16:31:30 -0300] "POST /cormun/servlet/solicitudot?bb7ed71ba095ce650c7f3832878b10cb,INS,0,0,,gx-no-cache=1489087959914 HTTP/1.1" 200 10132
186.79.206.45 - - [09/Mar/2017:16:31:35 -0300] "POST /cormun/servlet/solicitudot?bb7ed71ba095ce650c7f3832878b10cb,INS,0,0,,gx-no-cache=1489087965433 HTTP/1.1" 200 93
186.79.206.45 - - [09/Mar/2017:16:31:35 -0300] "GET /cormun/servlet/hpexe_return? HTTP/1.1" 200 1006
186.79.206.45 - - [09/Mar/2017:16:31:36 -0300] "GET /cormun/servlet/trsolicitudot HTTP/1.1" 200 6769
186.67.172.234 - - [09/Mar/2017:16:31:36 -0300] "GET /cormun/servlet/hlogin HTTP/1.1" 200 1722
186.79.206.45 - - [09/Mar/2017:16:31:36 -0300] "GET /cormun/servlet/trsolicitudot HTTP/1.1" 200 6766
186.79.206.45 - - [09/Mar/2017:16:31:42 -0300] "GET /cormun/servlet/hlogin HTTP/1.1" 200 1719
186.79.206.45 - - [09/Mar/2017:16:32:41 -0300] "POST /cormun/servlet/hlogin?bb7ed71ba095ce650c7f3832878b10cb,gx-no-cache=1489088031164 HTTP/1.1" 200 90
186.79.206.45 - - [09/Mar/2017:16:32:41 -0300] "GET /cormun/servlet/hpexe_link HTTP/1.1" 200 960
186.79.206.45 - - [09/Mar/2017:16:32:41 -0300] "GET /cormun/servlet/trsolicitudot HTTP/1.1" 200 6767
186.79.206.45 - - [09/Mar/2017:16:32:42 -0300] "GET /cormun/servlet/trsolicitudot HTTP/1.1" 200 6766
186.79.206.45 - - [09/Mar/2017:16:32:44 -0300] "GET /cormun/servlet/solicitudot?INS,0,0, HTTP/1.1" 200 12612
186.79.206.45 - - [09/Mar/2017:16:32:45 -0300] "GET /cormun/servlet/solicitudot?INS,0,0, HTTP/1.1" 200 12617
186.79.206.45 - - [09/Mar/2017:16:32:52 -0300] "POST /cormun/servlet/solicitudot?gx-no-cache=1489088041709 HTTP/1.1" 200 3286
186.79.206.45 - - [09/Mar/2017:16:32:52 -0300] "GET /cormun/static/Shared/jqueryui/images/ui-bg_highlight-soft_100_c6c2c8_1x100.png HTTP/1.1" 404 1117
186.79.206.45 - - [09/Mar/2017:16:32:52 -0300] "GET /cormun/static/Shared/jqueryui/images/ui-icons_82798d_256x240.png HTTP/1.1" 404 1089
186.79.206.45 - - [09/Mar/2017:16:32:52 -0300] "GET /cormun/static/Shared/jqueryui/images/ui-bg_flat_55_994d53_40x100.png HTTP/1.1" 404 1097
186.79.206.45 - - [09/Mar/2017:16:32:52 -0300] "GET /cormun/static/Shared/jqueryui/images/ui-icons_ebccce_256x240.png HTTP/1.1" 404 1089
186.79.206.45 - - [09/Mar/2017:16:32:55 -0300] "GET /cormun/servlet/solicitudot?67223808f30781d8a610891ae37b45825e32e64fe94a3e67fcf28dfba322c5eb34419738bd66a27528fb58df8e3a6109,gx-no-cache=1489088045073 HTTP/1.1" 200 30
200.112.48.149 - - [09/Mar/2017:16:33:18 -0300] "GET /cormun/static/menuarrow.gif HTTP/1.1" 404 1015
200.112.48.149 - - [09/Mar/2017:16:33:37 -0300] "POST /cormun/servlet/trautorizarsolicitud?013ce84fff6c364a8fe2d09d40541348,,gx-no-cache=1489088086983 HTTP/1.1" 200 4115
200.112.48.149 - - [09/Mar/2017:16:33:50 -0300] "POST /cormun/servlet/trautorizarsolicitud?013ce84fff6c364a8fe2d09d40541348,,gx-no-cache=1489088099995 HTTP/1.1" 200 6465
200.112.48.149 - - [09/Mar/2017:16:34:11 -0300] "POST /cormun/servlet/trautorizarsolicitud?013ce84fff6c364a8fe2d09d40541348,,gx-no-cache=1489088120655 HTTP/1.1" 200 4119
200.112.48.149 - - [09/Mar/2017:16:34:20 -0300] "GET /cormun/servlet/trvisualizadoreventos? HTTP/1.1" 200 6724
200.112.48.149 - - [09/Mar/2017:16:34:22 -0300] "GET /cormun/servlet/trvisualizadoreventos? HTTP/1.1" 200 6723
200.112.48.149 - - [09/Mar/2017:16:34:28 -0300] "GET /cormun/static/menuarrow.gif HTTP/1.1" 404 1015
200.112.48.149 - - [09/Mar/2017:16:34:39 -0300] "POST /cormun/servlet/trvisualizadoreventos?013ce84fff6c364a8fe2d09d40541348,,gx-no-cache=1489088148534 HTTP/1.1" 200 3971
200.112.48.149 - - [09/Mar/2017:16:34:44 -0300] "POST /cormun/servlet/trvisualizadoreventos?013ce84fff6c364a8fe2d09d40541348,,gx-no-cache=1489088153423 HTTP/1.1" 200 4804
200.112.48.149 - - [09/Mar/2017:16:35:07 -0300] "POST /cormun/servlet/trvisualizadoreventos?013ce84fff6c364a8fe2d09d40541348,,gx-no-cache=1489088176631 HTTP/1.1" 200 4788
200.112.48.149 - - [09/Mar/2017:16:35:18 -0300] "POST /cormun/servlet/trvisualizadoreventos?013ce84fff6c364a8fe2d09d40541348,,gx-no-cache=1489088187822 HTTP/1.1" 200 4609
200.112.48.149 - - [09/Mar/2017:16:35:32 -0300] "POST /cormun/servlet/trvisualizadoreventos?013ce84fff6c364a8fe2d09d40541348,,gx-no-cache=1489088202076 HTTP/1.1" 200 4834
186.79.206.45 - - [09/Mar/2017:16:35:52 -0300] "GET /cormun/servlet/solicitudot?67223808f30781d8a610891ae37b4582cbfb629f0e32358d9726ad078024f182b45c144d9e43583d87e90ad181f1a791269cd1e0e9bc0f107671d9628d370dc798601f2242a1d6576371d68716ad48b5e8d0d20ba4d3ee5747cbba9e9572929a580b35a16b44ea297fc20a3f9019a1179fbf90f3891aa2983240aaf776f208a59c28001580be29e4aa678fe951a9778080e17edcf9ecaf0dd0c97f321c186d03ee634acb8e58d030acca13dcfc97b40149b35de42b13f2e3baab40765674ed075b54c7bdd349cd8886e29f73b49710c4e2961c15cf5fd3b36b3c93e001bebb38907716e4f55757fe85f0d3871a1254b57bcae2e9c8e8e9d8abffeeed518561008ec56ad1b9470747d316a3831db62c17604c167f507d15086a70faff8bf9e052228cee96ebd1076d87ac5296d75b4615bd611243b09815257a7ae29423db6d71bd32cf45e2ea0c6e6afaf2454302e395,gx-no-cache=1489088221909 HTTP/1.1" 200 297
186.79.206.45 - - [09/Mar/2017:16:35:54 -0300] "GET /cormun/servlet/solicitudot?67223808f30781d8a610891ae37b45821c39e0bdb6fc9a65486f37aeb7fd6bc4322269f5f2c5ec4fd6c525aead31c621394a5f2f56dcf730bc7537a7ffaeaaa90d6e51993a02eb4478c85e16c4d8c19b6d72c254df38e8c61040694685453963a30dfef709544dcb5518fbe50c1ca21a6aac711b4b269d4b55d8d4aaa8f388d1fbffe4af1e6a568dbfbae97f5ec3d37a23c675abb934c6d8ea1d664763589c95880b88ae0210a5da6fbb72829e94e98f66f0f9b25d2212227a81055cd636dc8b80284f9f22a5b51e710c9ce13b28f4a0f722ed70543cbd9aa670e16fe204c0815334650a8340893547e985e84f607d671b6a6296b66e4c5eae170cbcd837983d943c31ff99de9ff257fe73f8b6dc9e87936e6f809daa146ef61d147233a6f8614f228807de6ef90093c7851d3490206fdd9282aff2d87c8fcc28f6707b486a3faad5e5c5a1388295ee7d3a471a299fc3f9abfaa29f82c0e4381adde6f0f3a0ae5383a1a22d7fcd9281ce0fcd971c80bfd0427ff2beb335b1a63c6471c0496942ed170ed9a7aa047c7b0f953fe8d7090f,gx-no-cache=1489088223990 HTTP/1.1" 200 30
186.79.206.45 - - [09/Mar/2017:16:35:55 -0300] "POST /cormun/servlet/solicitudot?gx-no-cache=1489088225399 HTTP/1.1" 200 30
186.79.206.45 - - [09/Mar/2017:16:35:57 -0300] "POST /cormun/servlet/solicitudot?gx-no-cache=1489088227078 HTTP/1.1" 200 235
186.79.206.45 - - [09/Mar/2017:16:35:57 -0300] "POST /cormun/servlet/solicitudot?gx-no-cache=1489088227183 HTTP/1.1" 200 38
186.79.206.45 - - [09/Mar/2017:16:36:32 -0300] "GET /cormun/servlet/solicitudot?67223808f30781d8a610891ae37b45822a0b148daa172628b79c0fb249f3fdf27bcae2e9c8e8e9d8abffeeed518561008ec56ad1b9470747d316a3831db62c170c44524bd90cedcf3013ace4ff090f38,gx-no-cache=1489088261855 HTTP/1.1" 200 29
186.79.206.45 - - [09/Mar/2017:16:36:32 -0300] "POST /cormun/servlet/solicitudot?gx-no-cache=1489088261998 HTTP/1.1" 200 643
186.79.206.45 - - [09/Mar/2017:16:36:32 -0300] "POST /cormun/servlet/solicitudot?gx-no-cache=1489088262102 HTTP/1.1" 200 518
200.112.48.149 - - [09/Mar/2017:16:36:43 -0300] "POST /cormun/servlet/trvisualizadoreventos?013ce84fff6c364a8fe2d09d40541348,,gx-no-cache=1489088272427 HTTP/1.1" 200 4412
200.112.48.149 - - [09/Mar/2017:16:36:55 -0300] "POST /cormun/servlet/trvisualizadoreventos?013ce84fff6c364a8fe2d09d40541348,,gx-no-cache=1489088284539 HTTP/1.1" 200 3974
186.79.206.45 - - [09/Mar/2017:16:36:55 -0300] "POST /cormun/servlet/solicitudot?gx-no-cache=1489088285190 HTTP/1.1" 200 1157
200.112.48.149 - - [09/Mar/2017:16:37:00 -0300] "POST /cormun/servlet/trvisualizadoreventos?013ce84fff6c364a8fe2d09d40541348,,gx-no-cache=1489088289962 HTTP/1.1" 200 3973
186.79.206.45 - - [09/Mar/2017:16:37:09 -0300] "POST /cormun/servlet/solicitudot?gx-no-cache=1489088299454 HTTP/1.1" 200 1275
200.112.48.149 - - [09/Mar/2017:16:37:09 -0300] "POST /cormun/servlet/trvisualizadoreventos?013ce84fff6c364a8fe2d09d40541348,,gx-no-cache=1489088299099 HTTP/1.1" 200 3973
186.79.206.45 - - [09/Mar/2017:16:37:09 -0300] "POST /cormun/servlet/solicitudot?gx-no-cache=1489088299633 HTTP/1.1" 200 1156
186.79.206.45 - - [09/Mar/2017:16:37:09 -0300] "GET /cormun/static/menuarrow.gif HTTP/1.1" 404 1015
186.79.206.45 - - [09/Mar/2017:16:37:12 -0300] "POST /cormun/servlet/solicitudot?gx-no-cache=1489088301907 HTTP/1.1" 200 1275
186.79.206.45 - - [09/Mar/2017:16:37:12 -0300] "POST /cormun/servlet/solicitudot?gx-no-cache=1489088302279 HTTP/1.1" 200 1156
186.79.206.45 - - [09/Mar/2017:16:37:20 -0300] "GET /cormun/servlet/solicitudot?67223808f30781d8a610891ae37b4582cc1ceb847f778476e065f5fb8d25d2243768e1fc829c18a3d67fbf9211e2ab6800be03c6f679785fd092a58b5d5776018ec56ad1b9470747d316a3831db62c173333547423e47c57ad5a5719c7dff2eca3a609c6db5490b3eb664734f0d1525c4c96a6b235e3aa2a49863a983eb08b1603c702b9ffe736c96b7d35f01f69bfdd170f2bb5ab77a84d7a681321d7ddeab305e335d0d731a94f0b8e260266f65d66,gx-no-cache=1489088310125 HTTP/1.1" 200 30
186.79.206.45 - - [09/Mar/2017:16:37:30 -0300] "POST /cormun/servlet/solicitudot?bb7ed71ba095ce650c7f3832878b10cb,INS,0,0,,gx-no-cache=1489088319799 HTTP/1.1" 200 11061
186.103.132.155 - - [09/Mar/2017:16:37:51 -0300] "GET /cormun/servlet/trsolicitudadjuntos?2017,5385, HTTP/1.1" 200 8667
186.103.132.155 - - [09/Mar/2017:16:37:56 -0300] "GET /cormun/servlet/trsolicitudot? HTTP/1.1" 200 8014
186.79.206.45 - - [09/Mar/2017:16:38:50 -0300] "GET /cormun/servlet/solicitudot?67223808f30781d8a610891ae37b45821c39e0bdb6fc9a65486f37aeb7fd6bc43b7aee171876d8410b2891833a13acf4394a5f2f56dcf730bc7537a7ffaeaaa90d6e51993a02eb4478c85e16c4d8c19b6d72c254df38e8c61040694685453963a30dfef709544dcb5518fbe50c1ca21a6aac711b4b269d4b55d8d4aaa8f388d1fbffe4af1e6a568dbfbae97f5ec3d37a23c675abb934c6d8ea1d664763589c95880b88ae0210a5da6fbb72829e94e98f66f0f9b25d2212227a81055cd636dc8b80284f9f22a5b51e710c9ce13b28f4a0f722ed70543cbd9aa670e16fe204c0815334650a8340893547e985e84f607d6737f856d8bf1536a285e63be944b81823943c31ff99de9ff257fe73f8b6dc9e8783c9492763384fcb1050a0402e03709a8021cd625abe5fee5bdb5e7cba9b042b482fc4add3bd40f31ea5e238e2f887f49bdcf658a3d7cd1e7437e36cebce6bb98f36c97017f9055dccbf95e66ee2b3642c9f3ad8f5ebc21b5f9753125eb1cfa2c6cd510325d2996ce9bf17a361a5846c,gx-no-cache=1489088399985 HTTP/1.1" 200 30
186.79.206.45 - - [09/Mar/2017:16:38:50 -0300] "POST /cormun/servlet/solicitudot?gx-no-cache=1489088400172 HTTP/1.1" 200 30
186.79.206.45 - - [09/Mar/2017:16:38:50 -0300] "POST /cormun/servlet/solicitudot?gx-no-cache=1489088400305 HTTP/1.1" 200 1287
186.79.206.45 - - [09/Mar/2017:16:38:50 -0300] "POST /cormun/servlet/solicitudot?gx-no-cache=1489088400495 HTTP/1.1" 200 41
186.79.206.45 - - [09/Mar/2017:16:38:50 -0300] "POST /cormun/servlet/solicitudot?gx-no-cache=1489088400577 HTTP/1.1" 200 1275
186.79.206.45 - - [09/Mar/2017:16:38:50 -0300] "POST /cormun/servlet/solicitudot?gx-no-cache=1489088400744 HTTP/1.1" 200 1156
186.79.206.45 - - [09/Mar/2017:16:38:50 -0300] "GET /cormun/servlet/solicitudot?67223808f30781d8a610891ae37b4582cc1ceb847f778476e065f5fb8d25d2243768e1fc829c18a3d67fbf9211e2ab6800be03c6f679785fd092a58b5d5776018ec56ad1b9470747d316a3831db62c173333547423e47c57ad5a5719c7dff2eca3a609c6db5490b3eb664734f0d1525c4c96a6b235e3aa2a49863a983eb08b1603c702b9ffe736c96b7d35f01f69bfdd170f2bb5ab77a84d7a681321d7ddeab305e335d0d731a94f0b8e260266f65d66,gx-no-cache=1489088400908 HTTP/1.1" 200 30
186.79.206.45 - - [09/Mar/2017:16:38:51 -0300] "POST /cormun/servlet/solicitudot?bb7ed71ba095ce650c7f3832878b10cb,INS,0,0,,gx-no-cache=1489088400978 HTTP/1.1" 200 11119
186.79.206.45 - - [09/Mar/2017:16:39:11 -0300] "POST /cormun/servlet/solicitudot?bb7ed71ba095ce650c7f3832878b10cb,INS,0,0,,gx-no-cache=1489088420612 HTTP/1.1" 200 93
186.79.206.45 - - [09/Mar/2017:16:39:11 -0300] "GET /cormun/servlet/hpexe_return? HTTP/1.1" 200 1006
186.79.206.45 - - [09/Mar/2017:16:39:11 -0300] "GET /cormun/servlet/trsolicitudot HTTP/1.1" 200 6769
186.79.206.45 - - [09/Mar/2017:16:39:12 -0300] "GET /cormun/servlet/trsolicitudot HTTP/1.1" 200 6766
186.79.206.45 - - [09/Mar/2017:16:39:14 -0300] "GET /cormun/servlet/solicitudot?INS,0,0, HTTP/1.1" 200 12613
186.79.206.45 - - [09/Mar/2017:16:39:14 -0300] "GET /cormun/servlet/solicitudot?INS,0,0, HTTP/1.1" 200 12618
200.112.48.149 - - [09/Mar/2017:16:39:20 -0300] "GET /cormun/servlet/trlicencias? HTTP/1.1" 200 6853
200.112.48.149 - - [09/Mar/2017:16:39:22 -0300] "GET /cormun/servlet/trlicencias? HTTP/1.1" 200 6852
186.79.206.45 - - [09/Mar/2017:16:39:23 -0300] "POST /cormun/servlet/solicitudot?gx-no-cache=1489088432715 HTTP/1.1" 200 3286
186.79.206.45 - - [09/Mar/2017:16:39:23 -0300] "GET /cormun/static/Shared/jqueryui/images/ui-bg_highlight-soft_100_c6c2c8_1x100.png HTTP/1.1" 404 1117
186.79.206.45 - - [09/Mar/2017:16:39:23 -0300] "GET /cormun/static/Shared/jqueryui/images/ui-icons_82798d_256x240.png HTTP/1.1" 404 1089
186.79.206.45 - - [09/Mar/2017:16:39:23 -0300] "GET /cormun/static/Shared/jqueryui/images/ui-bg_flat_55_994d53_40x100.png HTTP/1.1" 404 1097
186.79.206.45 - - [09/Mar/2017:16:39:23 -0300] "GET /cormun/static/Shared/jqueryui/images/ui-icons_ebccce_256x240.png HTTP/1.1" 404 1089
186.79.206.45 - - [09/Mar/2017:16:39:24 -0300] "GET /cormun/servlet/solicitudot?67223808f30781d8a610891ae37b45825e32e64fe94a3e67fcf28dfba322c5eb34419738bd66a27528fb58df8e3a6109,gx-no-cache=1489088434137 HTTP/1.1" 200 30
200.112.48.149 - - [09/Mar/2017:16:39:26 -0300] "POST /cormun/servlet/trlicencias?013ce84fff6c364a8fe2d09d40541348,,gx-no-cache=1489088436347 HTTP/1.1" 200 4100
186.79.206.45 - - [09/Mar/2017:16:40:39 -0300] "GET /cormun/servlet/solicitudot?67223808f30781d8a610891ae37b4582cbfb629f0e32358d9726ad078024f182b45c144d9e43583d87e90ad181f1a791269cd1e0e9bc0f107671d9628d370dc798601f2242a1d6576371d68716ad48b5e8d0d20ba4d3ee5747cbba9e9572929a580b35a16b44ea297fc20a3f9019a1179fbf90f3891aa2983240aaf776f208a59c28001580be29e4aa678fe951a9778080e17edcf9ecaf0dd0c97f321c186d03ee634acb8e58d030acca13dcfc97b40149b35de42b13f2e3baab40765674ed075b54c7bdd349cd8886e29f73b49710c4e2961c15cf5fd3b36b3c93e001bebb38907716e4f55757fe85f0d3871a1254b57bcae2e9c8e8e9d8abffeeed518561008ec56ad1b9470747d316a3831db62c17604c167f507d15086a70faff8bf9e052228cee96ebd1076d87ac5296d75b4615bd611243b09815257a7ae29423db6d71bd32cf45e2ea0c6e6afaf2454302e395,gx-no-cache=1489088509227 HTTP/1.1" 200 297
186.79.206.45 - - [09/Mar/2017:16:40:41 -0300] "GET /cormun/servlet/solicitudot?67223808f30781d8a610891ae37b45821c39e0bdb6fc9a65486f37aeb7fd6bc4322269f5f2c5ec4fd6c525aead31c621394a5f2f56dcf730bc7537a7ffaeaaa90d6e51993a02eb4478c85e16c4d8c19b6d72c254df38e8c61040694685453963a30dfef709544dcb5518fbe50c1ca21a6aac711b4b269d4b55d8d4aaa8f388d1fbffe4af1e6a568dbfbae97f5ec3d37a23c675abb934c6d8ea1d664763589c95880b88ae0210a5da6fbb72829e94e98f66f0f9b25d2212227a81055cd636dc8b80284f9f22a5b51e710c9ce13b28f4a0f722ed70543cbd9aa670e16fe204c0815334650a8340893547e985e84f607d671b6a6296b66e4c5eae170cbcd837983d943c31ff99de9ff257fe73f8b6dc9e87936e6f809daa146ef61d147233a6f8614f228807de6ef90093c7851d3490206fdd9282aff2d87c8fcc28f6707b486a3faad5e5c5a1388295ee7d3a471a299fc3f9abfaa29f82c0e4381adde6f0f3a0ae5383a1a22d7fcd9281ce0fcd971c80bfd0427ff2beb335b1a63c6471c0496942ed170ed9a7aa047c7b0f953fe8d7090f,gx-no-cache=1489088511077 HTTP/1.1" 200 30
186.79.206.45 - - [09/Mar/2017:16:40:44 -0300] "POST /cormun/servlet/solicitudot?gx-no-cache=1489088514263 HTTP/1.1" 200 30
186.79.206.45 - - [09/Mar/2017:16:40:47 -0300] "POST /cormun/servlet/solicitudot?gx-no-cache=1489088517270 HTTP/1.1" 200 235
186.79.206.45 - - [09/Mar/2017:16:40:47 -0300] "POST /cormun/servlet/solicitudot?gx-no-cache=1489088517374 HTTP/1.1" 200 38
186.79.206.45 - - [09/Mar/2017:16:41:01 -0300] "GET /cormun/servlet/solicitudot?67223808f30781d8a610891ae37b45822a0b148daa172628b79c0fb249f3fdf27bcae2e9c8e8e9d8abffeeed518561008ec56ad1b9470747d316a3831db62c170c44524bd90cedcf3013ace4ff090f38,gx-no-cache=1489088531113 HTTP/1.1" 200 29
186.79.206.45 - - [09/Mar/2017:16:41:01 -0300] "POST /cormun/servlet/solicitudot?gx-no-cache=1489088531219 HTTP/1.1" 200 643
186.79.206.45 - - [09/Mar/2017:16:41:02 -0300] "POST /cormun/servlet/solicitudot?gx-no-cache=1489088532368 HTTP/1.1" 200 1157
200.112.48.149 - - [09/Mar/2017:16:41:06 -0300] "POST /cormun/servlet/trlicencias?013ce84fff6c364a8fe2d09d40541348,,gx-no-cache=1489088535883 HTTP/1.1" 200 4098
186.79.206.45 - - [09/Mar/2017:16:41:08 -0300] "GET /cormun/static/menuarrow.gif HTTP/1.1" 404 1015
200.112.48.149 - - [09/Mar/2017:16:41:12 -0300] "GET /cormun/servlet/licenciaspermisos?INS,0,,, HTTP/1.1" 200 7357
200.112.48.149 - - [09/Mar/2017:16:41:13 -0300] "GET /cormun/servlet/licenciaspermisos?INS,0,,, HTTP/1.1" 200 7356
186.79.206.45 - - [09/Mar/2017:16:41:16 -0300] "GET /cormun/servlet/solicitudot?67223808f30781d8a610891ae37b4582cc1ceb847f778476e065f5fb8d25d2243768e1fc829c18a3d67fbf9211e2ab6800be03c6f679785fd092a58b5d5776018ec56ad1b9470747d316a3831db62c173333547423e47c57ad5a5719c7dff2eca3a609c6db5490b3eb664734f0d1525c4c96a6b235e3aa2a49863a983eb08b1603c702b9ffe736c96b7d35f01f69bfdd170f2bb5ab77a84d7a681321d7ddeab305e335d0d731a94f0b8e260266f65d66,gx-no-cache=1489088546724 HTTP/1.1" 200 30
200.112.48.149 - - [09/Mar/2017:16:41:24 -0300] "GET /cormun/servlet/prfichaempleado?,MD,,gxPopupLevel%3D0%3B HTTP/1.1" 200 8856
200.112.48.149 - - [09/Mar/2017:16:41:24 -0300] "GET /cormun/static/gxcfg.js?2016102420561687 HTTP/1.1" 304 -
186.79.206.45 - - [09/Mar/2017:16:41:25 -0300] "POST /cormun/servlet/solicitudot?bb7ed71ba095ce650c7f3832878b10cb,INS,0,0,,gx-no-cache=1489088555087 HTTP/1.1" 200 11061
221.194.44.252 - - [09/Mar/2017:16:41:33 -0300] "GET /manager/html HTTP/1.1" 401 2474
221.194.44.252 - - [09/Mar/2017:16:41:34 -0300] "GET /manager/html HTTP/1.1" 401 2474
221.194.44.252 - tomcat [09/Mar/2017:16:41:34 -0300] "GET /manager/html HTTP/1.1" 403 3196
221.194.44.252 - - [09/Mar/2017:16:41:35 -0300] "GET /manager/html HTTP/1.1" 401 2474
221.194.44.252 - - [09/Mar/2017:16:41:35 -0300] "GET /manager/html HTTP/1.1" 401 2474
221.194.44.252 - - [09/Mar/2017:16:41:36 -0300] "GET /manager/html HTTP/1.1" 401 2474
221.194.44.252 - - [09/Mar/2017:16:41:36 -0300] "GET /manager/html HTTP/1.1" 401 2474
221.194.44.252 - - [09/Mar/2017:16:41:37 -0300] "GET /manager/html HTTP/1.1" 401 2474
221.194.44.252 - - [09/Mar/2017:16:41:37 -0300] "GET /manager/html HTTP/1.1" 401 2474
200.112.48.149 - - [09/Mar/2017:16:41:38 -0300] "POST /cormun/servlet/prfichaempleado?013ce84fff6c364a8fe2d09d40541348,,MD,,gxPopupLevel%3D0%3B,gx-no-cache=1489088567530 HTTP/1.1" 200 3405
221.194.44.252 - - [09/Mar/2017:16:41:38 -0300] "GET /manager/html HTTP/1.1" 401 2474
221.194.44.252 - - [09/Mar/2017:16:41:38 -0300] "GET /manager/html HTTP/1.1" 401 2474
221.194.44.252 - - [09/Mar/2017:16:41:39 -0300] "GET /manager/html HTTP/1.1" 401 2474
221.194.44.252 - - [09/Mar/2017:16:41:39 -0300] "GET /manager/html HTTP/1.1" 401 2474
221.194.44.252 - - [09/Mar/2017:16:41:40 -0300] "GET /manager/html HTTP/1.1" 401 2474
221.194.44.252 - - [09/Mar/2017:16:41:40 -0300] "GET /manager/html HTTP/1.1" 401 2474
221.194.44.252 - - [09/Mar/2017:16:41:41 -0300] "GET /manager/html HTTP/1.1" 401 2474
221.194.44.252 - - [09/Mar/2017:16:41:41 -0300] "GET /manager/html HTTP/1.1" 401 2474
221.194.44.252 - - [09/Mar/2017:16:41:42 -0300] "GET /manager/html HTTP/1.1" 401 2474
221.194.44.252 - - [09/Mar/2017:16:41:42 -0300] "GET /manager/html HTTP/1.1" 401 2474
221.194.44.252 - - [09/Mar/2017:16:41:43 -0300] "GET /manager/html HTTP/1.1" 401 2474
221.194.44.252 - - [09/Mar/2017:16:41:43 -0300] "GET /manager/html HTTP/1.1" 401 2474
221.194.44.252 - - [09/Mar/2017:16:41:44 -0300] "GET /manager/html HTTP/1.1" 401 2474
221.194.44.252 - - [09/Mar/2017:16:41:44 -0300] "GET /manager/html HTTP/1.1" 401 2474
221.194.44.252 - - [09/Mar/2017:16:41:45 -0300] "GET /manager/html HTTP/1.1" 401 2474
221.194.44.252 - - [09/Mar/2017:16:41:45 -0300] "GET /manager/html HTTP/1.1" 401 2474
221.194.44.252 - - [09/Mar/2017:16:41:46 -0300] "GET /manager/html HTTP/1.1" 401 2474
221.194.44.252 - - [09/Mar/2017:16:41:46 -0300] "GET /manager/html HTTP/1.1" 401 2474
221.194.44.252 - - [09/Mar/2017:16:41:47 -0300] "GET /manager/html HTTP/1.1" 401 2474
221.194.44.252 - - [09/Mar/2017:16:41:47 -0300] "GET /manager/html HTTP/1.1" 401 2474
221.194.44.252 - - [09/Mar/2017:16:41:48 -0300] "GET /manager/html HTTP/1.1" 401 2474
221.194.44.252 - - [09/Mar/2017:16:41:48 -0300] "GET /manager/html HTTP/1.1" 401 2474
221.194.44.252 - - [09/Mar/2017:16:41:49 -0300] "GET /manager/html HTTP/1.1" 401 2474
221.194.44.252 - - [09/Mar/2017:16:41:49 -0300] "GET /manager/html HTTP/1.1" 401 2474
221.194.44.252 - - [09/Mar/2017:16:41:50 -0300] "GET /manager/html HTTP/1.1" 401 2474
221.194.44.252 - - [09/Mar/2017:16:41:50 -0300] "GET /manager/html HTTP/1.1" 401 2474
221.194.44.252 - - [09/Mar/2017:16:41:51 -0300] "GET /manager/html HTTP/1.1" 401 2474
221.194.44.252 - - [09/Mar/2017:16:41:51 -0300] "GET /manager/html HTTP/1.1" 401 2474
221.194.44.252 - - [09/Mar/2017:16:41:52 -0300] "GET /manager/html HTTP/1.1" 401 2474
221.194.44.252 - - [09/Mar/2017:16:41:52 -0300] "GET /manager/html HTTP/1.1" 401 2474
221.194.44.252 - - [09/Mar/2017:16:41:53 -0300] "GET /manager/html HTTP/1.1" 401 2474
221.194.44.252 - - [09/Mar/2017:16:41:53 -0300] "GET /manager/html HTTP/1.1" 401 2474
221.194.44.252 - - [09/Mar/2017:16:41:54 -0300] "GET /manager/html HTTP/1.1" 401 2474
221.194.44.252 - - [09/Mar/2017:16:41:54 -0300] "GET /manager/html HTTP/1.1" 401 2474
221.194.44.252 - - [09/Mar/2017:16:41:55 -0300] "GET /manager/html HTTP/1.1" 401 2474
221.194.44.252 - - [09/Mar/2017:16:41:55 -0300] "GET /manager/html HTTP/1.1" 401 2474
221.194.44.252 - - [09/Mar/2017:16:41:56 -0300] "GET /manager/html HTTP/1.1" 401 2474
221.194.44.252 - - [09/Mar/2017:16:41:56 -0300] "GET /manager/html HTTP/1.1" 401 2474
221.194.44.252 - - [09/Mar/2017:16:41:57 -0300] "GET /manager/html HTTP/1.1" 401 2474
221.194.44.252 - - [09/Mar/2017:16:41:57 -0300] "GET /manager/html HTTP/1.1" 401 2474
221.194.44.252 - - [09/Mar/2017:16:41:58 -0300] "GET /manager/html HTTP/1.1" 401 2474
221.194.44.252 - - [09/Mar/2017:16:41:58 -0300] "GET /manager/html HTTP/1.1" 401 2474
221.194.44.252 - - [09/Mar/2017:16:41:59 -0300] "GET /manager/html HTTP/1.1" 401 2474
221.194.44.252 - - [09/Mar/2017:16:41:59 -0300] "GET /manager/html HTTP/1.1" 401 2474
221.194.44.252 - - [09/Mar/2017:16:42:00 -0300] "GET /manager/html HTTP/1.1" 401 2474
221.194.44.252 - - [09/Mar/2017:16:42:00 -0300] "GET /manager/html HTTP/1.1" 401 2474
221.194.44.252 - - [09/Mar/2017:16:42:01 -0300] "GET /manager/html HTTP/1.1" 401 2474
221.194.44.252 - - [09/Mar/2017:16:42:01 -0300] "GET /manager/html HTTP/1.1" 401 2474
221.194.44.252 - - [09/Mar/2017:16:42:02 -0300] "GET /manager/html HTTP/1.1" 401 2474
221.194.44.252 - - [09/Mar/2017:16:42:02 -0300] "GET /manager/html HTTP/1.1" 401 2474
221.194.44.252 - - [09/Mar/2017:16:42:03 -0300] "GET /manager/html HTTP/1.1" 401 2474
221.194.44.252 - - [09/Mar/2017:16:42:03 -0300] "GET /manager/html HTTP/1.1" 401 2474
221.194.44.252 - - [09/Mar/2017:16:42:04 -0300] "GET /manager/html HTTP/1.1" 401 2474
221.194.44.252 - - [09/Mar/2017:16:42:04 -0300] "GET /manager/html HTTP/1.1" 401 2474
221.194.44.252 - - [09/Mar/2017:16:42:05 -0300] "GET /manager/html HTTP/1.1" 401 2474
221.194.44.252 - - [09/Mar/2017:16:42:05 -0300] "GET /manager/html HTTP/1.1" 401 2474
221.194.44.252 - - [09/Mar/2017:16:42:06 -0300] "GET /manager/html HTTP/1.1" 401 2474
221.194.44.252 - - [09/Mar/2017:16:42:06 -0300] "GET /manager/html HTTP/1.1" 401 2474
221.194.44.252 - - [09/Mar/2017:16:42:07 -0300] "GET /manager/html HTTP/1.1" 401 2474
221.194.44.252 - - [09/Mar/2017:16:42:07 -0300] "GET /manager/html HTTP/1.1" 401 2474
221.194.44.252 - - [09/Mar/2017:16:42:08 -0300] "GET /manager/html HTTP/1.1" 401 2474
221.194.44.252 - - [09/Mar/2017:16:42:08 -0300] "GET /manager/html HTTP/1.1" 401 2474
221.194.44.252 - - [09/Mar/2017:16:42:09 -0300] "GET /manager/html HTTP/1.1" 401 2474
221.194.44.252 - - [09/Mar/2017:16:42:09 -0300] "GET /manager/html HTTP/1.1" 401 2474
221.194.44.252 - - [09/Mar/2017:16:42:10 -0300] "GET /manager/html HTTP/1.1" 401 2474
221.194.44.252 - - [09/Mar/2017:16:42:10 -0300] "GET /manager/html HTTP/1.1" 401 2474
221.194.44.252 - - [09/Mar/2017:16:42:11 -0300] "GET /manager/html HTTP/1.1" 401 2474
221.194.44.252 - - [09/Mar/2017:16:42:11 -0300] "GET /manager/html HTTP/1.1" 401 2474
221.194.44.252 - - [09/Mar/2017:16:42:12 -0300] "GET /manager/html HTTP/1.1" 401 2474
221.194.44.252 - - [09/Mar/2017:16:42:13 -0300] "GET /manager/html HTTP/1.1" 401 2474
221.194.44.252 - - [09/Mar/2017:16:42:13 -0300] "GET /manager/html HTTP/1.1" 401 2474
221.194.44.252 - - [09/Mar/2017:16:42:14 -0300] "GET /manager/html HTTP/1.1" 401 2474
221.194.44.252 - - [09/Mar/2017:16:42:14 -0300] "GET /manager/html HTTP/1.1" 401 2474
221.194.44.252 - - [09/Mar/2017:16:42:15 -0300] "GET /manager/html HTTP/1.1" 401 2474
221.194.44.252 - - [09/Mar/2017:16:42:15 -0300] "GET /manager/html HTTP/1.1" 401 2474
221.194.44.252 - - [09/Mar/2017:16:42:16 -0300] "GET /manager/html HTTP/1.1" 401 2474
221.194.44.252 - - [09/Mar/2017:16:42:16 -0300] "GET /manager/html HTTP/1.1" 401 2474
221.194.44.252 - - [09/Mar/2017:16:42:17 -0300] "GET /manager/html HTTP/1.1" 401 2474
221.194.44.252 - - [09/Mar/2017:16:42:17 -0300] "GET /manager/html HTTP/1.1" 401 2474
221.194.44.252 - - [09/Mar/2017:16:42:18 -0300] "GET /manager/html HTTP/1.1" 401 2474
221.194.44.252 - - [09/Mar/2017:16:42:18 -0300] "GET /manager/html HTTP/1.1" 401 2474
