186.9.132.225 - - [09/Mar/2017:13:20:30 -0300] "GET /cormun/servlet/solicitudot?edef8e98f43c10a85aca9c06d17765bab3aab0c434758809714c964b9951e180035995d06ccfeb82e4d7cc28d5584c582fc0bfb062b80396fac588d49276025edaf550e4ef1678dfe69df3ea9746d1d1bc49463513e6bed46f2a9a1b132464b8eb25a25ce6eacd308c7a306b79b3ab534c43c5f5769e2d5c035131a961aca6b8f1b8ee1145175a12faff7e023a69641be1206bc62b3f1057d24b17b6bcad288480375909a03731737914294894013684c131745dbc7202e84004b86abaecd5de3442af41520a419a1361999aa120808a60a395e0a841a2653b7ee927b133c52b8ff2771d388bf75fd3f145f9ee7260b08f89d5478a2be58973cd00c5554d5765570d0ba85c5584d0f55840c25697cd993fbbf9bea0243ee03cb67d76efd64620138a384d51c435085b6801e4ee6942019e236bab03ed8a9acb1e2102f35911e4951615618f190884884b4f4364ac505e3bee94c8eb09bbf99c829bc2256fd7cbea1a7e909e0a197753c6a5a61d0985aa3d3f0b34ad96b823335db6ec0985d131,gx-no-cache=1489076495254 HTTP/1.1" 200 30
186.9.132.225 - - [09/Mar/2017:13:20:31 -0300] "POST /cormun/servlet/solicitudot?gx-no-cache=1489076498044 HTTP/1.1" 200 30
186.9.132.225 - - [09/Mar/2017:13:20:39 -0300] "POST /cormun/servlet/solicitudot?gx-no-cache=1489076499608 HTTP/1.1" 200 1287
186.9.132.225 - - [09/Mar/2017:13:20:41 -0300] "POST /cormun/servlet/solicitudot?gx-no-cache=1489076508941 HTTP/1.1" 200 41
186.67.172.234 - - [09/Mar/2017:13:21:33 -0300] "POST /cormun/servlet/trvisualizadoreventos?2a63d9df1f054c2e94e53e2edec0ea8a,,gx-no-cache=1489076562592 HTTP/1.1" 200 111
186.67.172.234 - - [09/Mar/2017:13:21:33 -0300] "GET /cormun/VisualizadorEventos-8305.xls HTTP/1.1" 200 4096
186.9.132.225 - - [09/Mar/2017:13:21:33 -0300] "GET /cormun/servlet/solicitudot?edef8e98f43c10a85aca9c06d17765ba78df64a38b31e600c1597bcd44e50614316b6240fafed344ff68bde0f0c779014cceb2917e19a5356e50b3092c4a0c846c05335540cc082d9d711b765e721240e51d518b076ab1345b73bcc6ba6dcbddf1e7ac90f462470917a01c8174467447,gx-no-cache=1489076559300 HTTP/1.1" 200 29
186.9.132.225 - - [09/Mar/2017:13:21:38 -0300] "POST /cormun/servlet/solicitudot?gx-no-cache=1489076561788 HTTP/1.1" 200 1275
192.168.10.60 - - [09/Mar/2017:13:21:43 -0300] "GET /cormun/servlet/hlogin HTTP/1.1" 200 1721
192.168.10.60 - - [09/Mar/2017:13:21:43 -0300] "GET /cormun/static/Resources/Spanish/PXTools.css?167811 HTTP/1.1" 304 -
192.168.10.60 - - [09/Mar/2017:13:21:43 -0300] "GET /cormun/static/hlogin.js?201612216162555 HTTP/1.1" 304 -
186.9.132.225 - - [09/Mar/2017:13:21:44 -0300] "POST /cormun/servlet/solicitudot?gx-no-cache=1489076566618 HTTP/1.1" 200 1157
186.9.132.225 - - [09/Mar/2017:13:21:45 -0300] "GET /cormun/servlet/solicitudot?edef8e98f43c10a85aca9c06d17765ba5686799d41b1ed000f9cc835e0bda2288953b71543f991527a93608cfce8063347f15ba7daf6eaf4a5100bfb57957d779e3ab5606281aa1957c7bcd1ba70fe708eefbaee9d04198ba9cee7a848a709006277631fbcebffa10fe053ca76bcf442b13b0007d5fb655d64f0707fee2afa2377f9b0001a421618436ecf850cd9281cf168be06490dfe2ce1d077d874bbb83de4abc1c84a4c42fbd4f0af5e8db4ca9f,gx-no-cache=1489076572653 HTTP/1.1" 200 30
186.9.132.225 - - [09/Mar/2017:13:21:56 -0300] "POST /cormun/servlet/solicitudot?2244776f8be83658a07d3f1c96ad8a15,UPD,2017,5375,,gx-no-cache=1489076573728 HTTP/1.1" 200 93
186.9.132.225 - - [09/Mar/2017:13:21:56 -0300] "GET /cormun/servlet/hpexe_return? HTTP/1.1" 200 1012
186.9.132.225 - - [09/Mar/2017:13:21:58 -0300] "GET /cormun/servlet/trsolicitudot HTTP/1.1" 200 8166
186.9.132.225 - - [09/Mar/2017:13:22:02 -0300] "GET /cormun/servlet/trsolicitudot HTTP/1.1" 200 8162
186.67.172.234 - - [09/Mar/2017:13:22:23 -0300] "GET /cormun/servlet/trpermisosgoce? HTTP/1.1" 200 6496
186.67.172.234 - - [09/Mar/2017:13:22:23 -0300] "GET /cormun/static/gxcfg.js?201612262011714 HTTP/1.1" 200 953
186.67.172.234 - - [09/Mar/2017:13:22:23 -0300] "GET /cormun/static/trpermisosgoce.js?201612262012096 HTTP/1.1" 200 31909
186.67.172.234 - - [09/Mar/2017:13:22:24 -0300] "GET /cormun/servlet/trpermisosgoce? HTTP/1.1" 200 6495
186.9.132.225 - - [09/Mar/2017:13:22:58 -0300] "GET /cormun/servlet/solicitudot?INS,0,0, HTTP/1.1" 200 12768
186.9.132.225 - - [09/Mar/2017:13:23:01 -0300] "GET /cormun/servlet/solicitudot?INS,0,0, HTTP/1.1" 200 12773
186.9.132.225 - - [09/Mar/2017:13:23:21 -0300] "POST /cormun/servlet/solicitudot?gx-no-cache=1489076659036 HTTP/1.1" 200 3081
186.67.172.234 - - [09/Mar/2017:13:23:28 -0300] "GET /cormun/servlet/trpermisosgoce? HTTP/1.1" 200 6495
186.67.172.234 - - [09/Mar/2017:13:23:29 -0300] "GET /cormun/servlet/trpermisosgoce? HTTP/1.1" 200 6495
186.9.132.225 - - [09/Mar/2017:13:23:32 -0300] "POST /cormun/servlet/solicitudot?2244776f8be83658a07d3f1c96ad8a15,INS,0,0,,gx-no-cache=1489076670559 HTTP/1.1" 200 9865
186.67.172.234 - - [09/Mar/2017:13:23:37 -0300] "GET /cormun/static/menuarrow.gif HTTP/1.1" 404 1015
186.9.132.225 - - [09/Mar/2017:13:23:48 -0300] "GET /cormun/servlet/solicitudot?edef8e98f43c10a85aca9c06d17765ba359c86b57b94b4fbc315546032a3a300c564272fa46c386ed0e29901237a2179,gx-no-cache=1489076694462 HTTP/1.1" 200 111
186.9.132.225 - - [09/Mar/2017:13:23:49 -0300] "GET /cormun/static/Shared/jqueryui/images/ui-bg_flat_55_994d53_40x100.png HTTP/1.1" 404 1097
186.9.132.225 - - [09/Mar/2017:13:23:49 -0300] "GET /cormun/static/Shared/jqueryui/images/ui-icons_ebccce_256x240.png HTTP/1.1" 404 1089
186.9.132.225 - - [09/Mar/2017:13:24:19 -0300] "POST /cormun/servlet/solicitudot?2244776f8be83658a07d3f1c96ad8a15,INS,0,0,,gx-no-cache=1489076715927 HTTP/1.1" 200 10302
186.9.132.225 - - [09/Mar/2017:13:24:50 -0300] "POST /cormun/servlet/solicitudot?gx-no-cache=1489076741128 HTTP/1.1" 200 3137
186.9.132.225 - - [09/Mar/2017:13:25:02 -0300] "POST /cormun/servlet/solicitudot?2244776f8be83658a07d3f1c96ad8a15,INS,0,0,,gx-no-cache=1489076759279 HTTP/1.1" 200 10509
186.9.132.225 - - [09/Mar/2017:13:25:05 -0300] "GET /cormun/servlet/solicitudot?edef8e98f43c10a85aca9c06d17765ba79be43c3f676e245bde8da47f434dfe52fdd63174a63145473f7f4442674583a,gx-no-cache=1489076772262 HTTP/1.1" 200 30
186.9.132.225 - - [09/Mar/2017:13:25:06 -0300] "POST /cormun/servlet/solicitudot?gx-no-cache=1489076772881 HTTP/1.1" 200 255
186.9.132.225 - - [09/Mar/2017:13:25:07 -0300] "GET /cormun/servlet/solicitudot?edef8e98f43c10a85aca9c06d17765bab3aab0c434758809714c964b9951e180035995d06ccfeb82e4d7cc28d5584c582fc0bfb062b80396fac588d49276025edaf550e4ef1678dfe69df3ea9746d1d1bc49463513e6bed46f2a9a1b132464b8eb25a25ce6eacd308c7a306b79b3ab534c43c5f5769e2d5c035131a961aca6b8f1b8ee1145175a12faff7e023a69641be1206bc62b3f1057d24b17b6bcad288480375909a03731737914294894013684c131745dbc7202e84004b86abaecd5de3442af41520a419a1361999aa120808a60a395e0a841a2653b7ee927b133c52b8ff2771d388bf75fd3f145f9ee7260b08f89d5478a2be58973cd00c5554d5765570d0ba85c5584d0f55840c25697cd993fbbf9bea0243ee03cb67d76efd64620138a384d51c435085b6801e4ee6942019e236bab03ed8a9acb1e2102f35911e4951615618f190884884b4f4364ac505e3bee94c8eb09bbf99c829bc2256fd7cbea1a7e909e0a197753c6a5a61d0985aa3d3f0b34ad96b823335db6ec0985d131,gx-no-cache=1489076774004 HTTP/1.1" 200 30
186.9.132.225 - - [09/Mar/2017:13:25:08 -0300] "POST /cormun/servlet/solicitudot?gx-no-cache=1489076775063 HTTP/1.1" 200 30
186.9.132.225 - - [09/Mar/2017:13:25:10 -0300] "POST /cormun/servlet/solicitudot?gx-no-cache=1489076776163 HTTP/1.1" 200 655
186.9.132.225 - - [09/Mar/2017:13:25:11 -0300] "POST /cormun/servlet/solicitudot?gx-no-cache=1489076778382 HTTP/1.1" 200 38
186.9.132.225 - - [09/Mar/2017:13:25:48 -0300] "POST /cormun/servlet/solicitudot?gx-no-cache=1489076813758 HTTP/1.1" 200 255
186.9.132.225 - - [09/Mar/2017:13:25:53 -0300] "GET /cormun/servlet/solicitudot?edef8e98f43c10a85aca9c06d17765bab3aab0c434758809714c964b9951e180035995d06ccfeb82e4d7cc28d5584c582fc0bfb062b80396fac588d49276025edaf550e4ef1678dfe69df3ea9746d1d1bc49463513e6bed46f2a9a1b132464b8eb25a25ce6eacd308c7a306b79b3ab534c43c5f5769e2d5c035131a961aca6b8f1b8ee1145175a12faff7e023a69641be1206bc62b3f1057d24b17b6bcad288480375909a03731737914294894013684c131745dbc7202e84004b86abaecd5de3442af41520a419a1361999aa120808a60a395e0a841a2653b7ee927b133c52b8ff2771d388bf75fd3f145f9ee7260b08f89d5478a2be58973cd00c5554d5765570d0ba85c5584d0f55840c25697cd993fbbf9bea0243ee03cb67d76efd64620138a384d51c435085b6801e4ee6942019e236bab03ed8a9acb1e2102f35911e4951615618f190884884b4f4364ac505e3bee94c8eb09bbf99c829bc2256fd7cbea1a7e909e0a197753c6a5a61d0985aa3d3f0b34ad96b823335db6ec0985d131,gx-no-cache=1489076819250 HTTP/1.1" 200 30
186.9.132.225 - - [09/Mar/2017:13:26:09 -0300] "POST /cormun/servlet/solicitudot?gx-no-cache=1489076831244 HTTP/1.1" 200 255
186.9.132.225 - - [09/Mar/2017:13:26:12 -0300] "GET /cormun/servlet/solicitudot?edef8e98f43c10a85aca9c06d17765bab3aab0c434758809714c964b9951e180035995d06ccfeb82e4d7cc28d5584c582fc0bfb062b80396fac588d49276025edaf550e4ef1678dfe69df3ea9746d1d1bc49463513e6bed46f2a9a1b132464b8eb25a25ce6eacd308c7a306b79b3ab534c43c5f5769e2d5c035131a961aca6b8f1b8ee1145175a12faff7e023a69641be1206bc62b3f1057d24b17b6bcad288480375909a03731737914294894013684c131745dbc7202e84004b86abaecd5de3442af41520a419a1361999aa120808a60a395e0a841a2653b7ee927b133c52b8ff2771d388bf75fd3f145f9ee7260b08f89d5478a2be58973cd00c5554d5765570d0ba85c5584d0f55840c25697cd993fbbf9bea0243ee03cb67d76efd64620138a384d51c435085b6801e4ee6942019e236bab03ed8a9acb1e2102f35911e4951615618f190884884b4f4364ac505e3bee94c8eb09bbf99c829bc2256fd7cbea1a7e909e0a197753c6a5a61d0985aa3d3f0b34ad96b823335db6ec0985d131,gx-no-cache=1489076837697 HTTP/1.1" 200 30
186.9.132.225 - - [09/Mar/2017:13:26:24 -0300] "POST /cormun/servlet/solicitudot?gx-no-cache=1489076850220 HTTP/1.1" 200 255
186.9.132.225 - - [09/Mar/2017:13:26:27 -0300] "GET /cormun/servlet/solicitudot?edef8e98f43c10a85aca9c06d17765bab3aab0c434758809714c964b9951e180035995d06ccfeb82e4d7cc28d5584c582fc0bfb062b80396fac588d49276025edaf550e4ef1678dfe69df3ea9746d1d1bc49463513e6bed46f2a9a1b132464b8eb25a25ce6eacd308c7a306b79b3ab534c43c5f5769e2d5c035131a961aca6b8f1b8ee1145175a12faff7e023a69641be1206bc62b3f1057d24b17b6bcad288480375909a03731737914294894013684c131745dbc7202e84004b86abaecd5de3442af41520a419a1361999aa120808a60a395e0a841a2653b7ee927b133c52b8ff2771d388bf75fd3f145f9ee7260b08f89d5478a2be58973cd00c5554d5765570d0ba85c5584d0f55840c25697cd993fbbf9bea0243ee03cb67d76efd64620138a384d51c435085b6801e4ee6942019e236bab03ed8a9acb1e2102f35911e4951615618f190884884b4f4364ac505e3bee94c8eb09bbf99c829bc2256fd7cbea1a7e909e0a197753c6a5a61d0985aa3d3f0b34ad96b823335db6ec0985d131,gx-no-cache=1489076852936 HTTP/1.1" 200 30
186.9.132.225 - - [09/Mar/2017:13:26:32 -0300] "POST /cormun/servlet/solicitudot?gx-no-cache=1489076858389 HTTP/1.1" 200 30
186.9.132.225 - - [09/Mar/2017:13:26:37 -0300] "POST /cormun/servlet/solicitudot?gx-no-cache=1489076862993 HTTP/1.1" 200 655
186.9.132.225 - - [09/Mar/2017:13:26:39 -0300] "POST /cormun/servlet/solicitudot?gx-no-cache=1489076865808 HTTP/1.1" 200 38
186.9.132.225 - - [09/Mar/2017:13:27:58 -0300] "GET /cormun/servlet/solicitudot?edef8e98f43c10a85aca9c06d17765baf6ba9ba1be4ec4619a3ccee39d13cbe05c20b8256abd1ba3f3b58a50b24d527e4b8291edff1ff2c6e1024c8ab023c396a8b1a650ccf49f4cfd2febb881bcb236c46116b2a85f87a491ab5597c535b37c6ff7f84fbd4fb5c57a4275de797d1e77,gx-no-cache=1489076945043 HTTP/1.1" 200 29
186.9.132.225 - - [09/Mar/2017:13:28:00 -0300] "POST /cormun/servlet/solicitudot?gx-no-cache=1489076946849 HTTP/1.1" 200 641
186.9.132.225 - - [09/Mar/2017:13:28:08 -0300] "POST /cormun/servlet/solicitudot?gx-no-cache=1489076955021 HTTP/1.1" 200 1157
186.9.132.225 - - [09/Mar/2017:13:28:58 -0300] "GET /cormun/servlet/solicitudot?edef8e98f43c10a85aca9c06d17765ba5686799d41b1ed000f9cc835e0bda2288953b71543f991527a93608cfce8063347f15ba7daf6eaf4a5100bfb57957d779e3ab5606281aa1957c7bcd1ba70fe708eefbaee9d04198ba9cee7a848a709006277631fbcebffa10fe053ca76bcf442b13b0007d5fb655d64f0707fee2afa2377f9b0001a421618436ecf850cd9281cf168be06490dfe2ce1d077d874bbb83de4abc1c84a4c42fbd4f0af5e8db4ca9f,gx-no-cache=1489077004086 HTTP/1.1" 200 30
186.9.132.225 - - [09/Mar/2017:13:29:13 -0300] "POST /cormun/servlet/solicitudot?2244776f8be83658a07d3f1c96ad8a15,INS,0,0,,gx-no-cache=1489077006695 HTTP/1.1" 200 93
186.9.132.225 - - [09/Mar/2017:13:29:14 -0300] "GET /cormun/servlet/hpexe_return? HTTP/1.1" 200 1007
186.9.132.225 - - [09/Mar/2017:13:29:15 -0300] "GET /cormun/servlet/trsolicitudot HTTP/1.1" 200 8515
186.9.132.225 - - [09/Mar/2017:13:29:18 -0300] "GET /cormun/servlet/trsolicitudot HTTP/1.1" 200 8511
186.9.132.225 - - [09/Mar/2017:13:29:54 -0300] "POST /cormun/servlet/trsolicitudot?2244776f8be83658a07d3f1c96ad8a15,gx-no-cache=1489077056583 HTTP/1.1" 200 106
186.9.132.225 - - [09/Mar/2017:13:29:55 -0300] "GET /cormun/servlet/solicitudot?UPD,2017,5376, HTTP/1.1" 200 14407
186.9.132.225 - - [09/Mar/2017:13:29:58 -0300] "GET /cormun/servlet/solicitudot?UPD,2017,5376, HTTP/1.1" 200 14417
186.9.132.225 - - [09/Mar/2017:13:30:06 -0300] "POST /cormun/servlet/solicitudot?gx-no-cache=1489077066644 HTTP/1.1" 200 3171
186.9.132.225 - - [09/Mar/2017:13:30:12 -0300] "POST /cormun/servlet/solicitudot?2244776f8be83658a07d3f1c96ad8a15,UPD,2017,5376,,gx-no-cache=1489077075052 HTTP/1.1" 200 11024
186.9.132.225 - - [09/Mar/2017:13:30:15 -0300] "GET /cormun/servlet/solicitudot?edef8e98f43c10a85aca9c06d17765ba79be43c3f676e245bde8da47f434dfe52fdd63174a63145473f7f4442674583a,gx-no-cache=1489077082736 HTTP/1.1" 200 30
186.9.132.225 - - [09/Mar/2017:13:30:16 -0300] "POST /cormun/servlet/solicitudot?gx-no-cache=1489077083711 HTTP/1.1" 200 256
186.9.132.225 - - [09/Mar/2017:13:30:18 -0300] "GET /cormun/servlet/solicitudot?edef8e98f43c10a85aca9c06d17765bab3aab0c434758809714c964b9951e180035995d06ccfeb82e4d7cc28d5584c582fc0bfb062b80396fac588d49276025edaf550e4ef1678dfe69df3ea9746d1d1bc49463513e6bed46f2a9a1b132464b8eb25a25ce6eacd308c7a306b79b3ab534c43c5f5769e2d5c035131a961aca6b8f1b8ee1145175a12faff7e023a69641be1206bc62b3f1057d24b17b6bcad288480375909a03731737914294894013684c131745dbc7202e84004b86abaecd5de3442af41520a419a1361999aa120808a60a395e0a841a2653b7ee927b133c52b8ff2771d388bf75fd3f145f9ee7260b08f89d5478a2be58973cd00c5554d5765570d0ba85c5584d0f55840c25697cd993fbbf9bea0243ee03cb67d76efd64620138a384d51c435085b6801e4ee6942019e236bab03ed8a9acb1e2102f35911e4951615618f190884884b4f4364ac505e3bee94c8eb09bbf99c829bc2256fd7cbea1a7e909e0a197753c6a5a61d0985aa3d3f0b34ad96b823335db6ec0985d131,gx-no-cache=1489077084961 HTTP/1.1" 200 30
186.9.132.225 - - [09/Mar/2017:13:30:20 -0300] "POST /cormun/servlet/solicitudot?gx-no-cache=1489077087469 HTTP/1.1" 200 30
186.9.132.225 - - [09/Mar/2017:13:30:39 -0300] "POST /cormun/servlet/solicitudot?gx-no-cache=1489077089557 HTTP/1.1" 200 1286
186.79.206.45 - - [09/Mar/2017:13:35:38 -0300] "GET /cormun/servlet/hlogin HTTP/1.1" 200 1725
186.79.206.45 - - [09/Mar/2017:13:35:38 -0300] "GET /cormun/static/Resources/Spanish/PXTools.css?167811 HTTP/1.1" 304 -
186.79.206.45 - - [09/Mar/2017:13:35:39 -0300] "GET /cormun/static/gxcfg.js?201612216162538 HTTP/1.1" 304 -
186.79.206.45 - - [09/Mar/2017:13:35:39 -0300] "GET /cormun/static/hlogin.js?201612216162555 HTTP/1.1" 304 -
186.79.206.45 - - [09/Mar/2017:13:35:39 -0300] "GET /cormun/servlet/hlogin HTTP/1.1" 200 1736
186.79.206.45 - - [09/Mar/2017:13:35:39 -0300] "GET /favicon.ico HTTP/1.1" 200 21630
186.79.206.45 - - [09/Mar/2017:13:35:41 -0300] "POST /cormun/servlet/hlogin?4b5d78b70c12933bb2717b029749b2b1,gx-no-cache=1489077411122 HTTP/1.1" 200 90
186.79.206.45 - - [09/Mar/2017:13:35:41 -0300] "GET /cormun/servlet/hpexe_link HTTP/1.1" 200 959
186.79.206.45 - - [09/Mar/2017:13:35:41 -0300] "GET /cormun/static/Resources/Spanish/PXTools.css?18365030 HTTP/1.1" 304 -
186.79.206.45 - - [09/Mar/2017:13:35:41 -0300] "GET /cormun/static/gxcfg.js?201612218515529 HTTP/1.1" 304 -
186.79.206.45 - - [09/Mar/2017:13:35:41 -0300] "GET /cormun/static/hpexe_link.js?201612218515532 HTTP/1.1" 304 -
186.79.206.45 - - [09/Mar/2017:13:35:41 -0300] "GET /cormun/servlet/hhome HTTP/1.1" 200 3993
186.79.206.45 - - [09/Mar/2017:13:35:42 -0300] "GET /cormun/static/gxcfg.js?201612218515568 HTTP/1.1" 304 -
186.79.206.45 - - [09/Mar/2017:13:35:42 -0300] "GET /cormun/static/hhome.js?201612218515573 HTTP/1.1" 304 -
186.79.206.45 - - [09/Mar/2017:13:35:42 -0300] "GET /cormun/static/hwchdr01.js?201612218432057 HTTP/1.1" 304 -
186.79.206.45 - - [09/Mar/2017:13:35:42 -0300] "GET /cormun/static/hpexe_recentlink.js?201610171694390 HTTP/1.1" 304 -
186.79.206.45 - - [09/Mar/2017:13:35:42 -0300] "GET /cormun/static/hpexe_scripts.js?201612218432016 HTTP/1.1" 304 -
186.79.206.45 - - [09/Mar/2017:13:35:42 -0300] "GET /cormun/static/hpexe_messagecontroller.js?201610171694323 HTTP/1.1" 304 -
186.79.206.45 - - [09/Mar/2017:13:35:42 -0300] "GET /cormun/static/hpexe_messagepopupcomponent.js?20161017169425 HTTP/1.1" 304 -
186.79.206.45 - - [09/Mar/2017:13:35:42 -0300] "GET /cormun/static/hpexe_messagegenexuscomponent.js?201612218431816 HTTP/1.1" 304 -
186.79.206.45 - - [09/Mar/2017:13:35:42 -0300] "GET /cormun/static/cmcontrolpreferences.js?201612218431999 HTTP/1.1" 304 -
186.79.206.45 - - [09/Mar/2017:13:35:42 -0300] "GET /cormun/static/hmpwkw03.js?20161221852152 HTTP/1.1" 304 -
186.79.206.45 - - [09/Mar/2017:13:35:43 -0300] "GET /cormun/servlet/hhome HTTP/1.1" 200 3989
186.79.206.45 - - [09/Mar/2017:13:35:47 -0300] "GET /cormun/servlet/trautorizarsolicitud? HTTP/1.1" 200 9644
186.79.206.45 - - [09/Mar/2017:13:35:47 -0300] "GET /cormun/static/gxcfg.js?2017259112829 HTTP/1.1" 304 -
186.79.206.45 - - [09/Mar/2017:13:35:47 -0300] "GET /cormun/static/trautorizarsolicitud.js?2017259113483 HTTP/1.1" 304 -
186.79.206.45 - - [09/Mar/2017:13:35:48 -0300] "GET /cormun/servlet/trautorizarsolicitud? HTTP/1.1" 200 9642
201.219.233.59 - - [09/Mar/2017:13:35:59 -0300] "GET /cormun/servlet/solicitudot?UPD,2017,5376, HTTP/1.1" 200 14417
201.219.233.59 - - [09/Mar/2017:13:36:00 -0300] "GET /cormun/static/calendar-system.css?85620 HTTP/1.1" 304 -
201.219.233.59 - - [09/Mar/2017:13:36:00 -0300] "GET /cormun/static/Resources/Spanish/PXTools.css?18365030 HTTP/1.1" 304 -
201.219.233.59 - - [09/Mar/2017:13:36:00 -0300] "GET /cormun/static/SmoothNavMenu/resources/ddsmoothmenu.css?1112540 HTTP/1.1" 304 -
201.219.233.59 - - [09/Mar/2017:13:36:02 -0300] "GET /cormun/static/gxtimezone.js?85251 HTTP/1.1" 304 -
201.219.233.59 - - [09/Mar/2017:13:36:02 -0300] "GET /cormun/static/gxgral.js?85251 HTTP/1.1" 304 -
201.219.233.59 - - [09/Mar/2017:13:36:02 -0300] "GET /cormun/static/Shared/jqueryui/jquery-ui.min.css?1345370 HTTP/1.1" 304 -
201.219.233.59 - - [09/Mar/2017:13:36:03 -0300] "GET /cormun/static/gxcfg.js?20171191042720 HTTP/1.1" 304 -
201.219.233.59 - - [09/Mar/2017:13:36:03 -0300] "GET /cormun/static/calendar-es.js?85251 HTTP/1.1" 304 -
201.219.233.59 - - [09/Mar/2017:13:36:04 -0300] "GET /cormun/static/calendar-setup.js?85251 HTTP/1.1" 304 -
201.219.233.59 - - [09/Mar/2017:13:36:04 -0300] "GET /cormun/static/scaMessage/css/jquery.pnotify.default.css?1816380 HTTP/1.1" 304 -
201.219.233.59 - - [09/Mar/2017:13:36:04 -0300] "GET /cormun/static/calendar.js?85251 HTTP/1.1" 304 -
201.219.233.59 - - [09/Mar/2017:13:36:05 -0300] "GET /cormun/static/SmoothNavMenu/resources/ddsmoothmenu-v.css?1112540 HTTP/1.1" 304 -
201.219.233.59 - - [09/Mar/2017:13:36:05 -0300] "GET /cormun/static/PXToolsJavascripts/pexe_windows.js HTTP/1.1" 304 -
201.219.233.59 - - [09/Mar/2017:13:36:05 -0300] "GET /cormun/static/PXToolsJavascripts/pexe_grid.js HTTP/1.1" 304 -
201.219.233.59 - - [09/Mar/2017:13:36:06 -0300] "GET /cormun/static/PXToolsJavascripts/pexe_griddivfix.js HTTP/1.1" 304 -
201.219.233.59 - - [09/Mar/2017:13:36:06 -0300] "GET /cormun/static/PXToolsJavascripts/pexe_link.js HTTP/1.1" 304 -
201.219.233.59 - - [09/Mar/2017:13:36:06 -0300] "GET /cormun/static/PXToolsJavascripts/pexe_menudivfix.js HTTP/1.1" 304 -
201.219.233.59 - - [09/Mar/2017:13:36:07 -0300] "GET /cormun/static/PXToolsJavascripts/pexe_cookies.js HTTP/1.1" 304 -
201.219.233.59 - - [09/Mar/2017:13:36:08 -0300] "GET /cormun/static/PXToolsJavascripts/pexe_menus.js HTTP/1.1" 304 -
201.219.233.59 - - [09/Mar/2017:13:36:08 -0300] "GET /cormun/static/PXToolsJavascripts/pexe_oav.js HTTP/1.1" 304 -
201.219.233.59 - - [09/Mar/2017:13:36:08 -0300] "GET /cormun/static/PXToolsJavascripts/pexe_oavdivfix.js HTTP/1.1" 304 -
201.219.233.59 - - [09/Mar/2017:13:36:10 -0300] "GET /cormun/static/PXToolsJavascripts/pexe_autoreload.js HTTP/1.1" 304 -
201.219.233.59 - - [09/Mar/2017:13:36:10 -0300] "GET /cormun/static/RunJS/RunJS.js HTTP/1.1" 304 -
201.219.233.59 - - [09/Mar/2017:13:36:10 -0300] "GET /cormun/static/PXToolsJavascripts/pexe_scrolldiv.js HTTP/1.1" 304 -
201.219.233.59 - - [09/Mar/2017:13:36:10 -0300] "GET /cormun/static/PXToolsJavascripts/pexe_tabdivfix.js HTTP/1.1" 304 -
201.219.233.59 - - [09/Mar/2017:13:36:11 -0300] "GET /cormun/static/PXToolsJavascripts/pexe_picture.js HTTP/1.1" 304 -
201.219.233.59 - - [09/Mar/2017:13:36:11 -0300] "GET /cormun/static/PXToolsJavascripts/pexe_tabs.js HTTP/1.1" 304 -
201.219.233.59 - - [09/Mar/2017:13:36:11 -0300] "GET /cormun/static/PXToolsJavascripts/pexe_upload.js HTTP/1.1" 304 -
201.219.233.59 - - [09/Mar/2017:13:36:12 -0300] "GET /cormun/static/PXToolsJavascripts/PXToolsJavascriptsRender.js HTTP/1.1" 304 -
201.219.233.59 - - [09/Mar/2017:13:36:12 -0300] "GET /cormun/static/PXToolsJavascripts/pexe_layers.js HTTP/1.1" 304 -
186.79.206.45 - - [09/Mar/2017:13:36:17 -0300] "POST /cormun/servlet/trautorizarsolicitud?4b5d78b70c12933bb2717b029749b2b1,,gx-no-cache=1489077446406 HTTP/1.1" 200 6565
186.79.206.45 - - [09/Mar/2017:13:36:17 -0300] "GET /cormun/static/Shared/jqueryui/images/ui-bg_highlight-soft_100_c6c2c8_1x100.png HTTP/1.1" 404 1117
186.79.206.45 - - [09/Mar/2017:13:36:17 -0300] "GET /cormun/static/Shared/jqueryui/images/ui-icons_82798d_256x240.png HTTP/1.1" 404 1089
186.79.206.45 - - [09/Mar/2017:13:36:17 -0300] "GET /cormun/static/Shared/jqueryui/images/ui-bg_flat_55_fafafa_40x100.png HTTP/1.1" 404 1097
186.79.206.45 - - [09/Mar/2017:13:36:17 -0300] "GET /cormun/static/Shared/jqueryui/images/ui-icons_8d78a5_256x240.png HTTP/1.1" 404 1089
186.79.206.45 - - [09/Mar/2017:13:36:18 -0300] "POST /cormun/servlet/trautorizarsolicitud?4b5d78b70c12933bb2717b029749b2b1,,gx-no-cache=1489077447239 HTTP/1.1" 200 6509
201.219.233.59 - - [09/Mar/2017:13:36:18 -0300] "GET /cormun/static/PXToolsJavascripts/pexe_popup.js HTTP/1.1" 304 -
201.219.233.59 - - [09/Mar/2017:13:36:18 -0300] "GET /cormun/static/Resources/logo4.png HTTP/1.1" 304 -
201.219.233.59 - - [09/Mar/2017:13:36:18 -0300] "GET /cormun/static/Resources/PXToolsFooterBackground2.png HTTP/1.1" 304 -
201.219.233.59 - - [09/Mar/2017:13:36:18 -0300] "GET /cormun/static/Resources/PXToolsHeaderActionsBackground.png HTTP/1.1" 304 -
201.219.233.59 - - [09/Mar/2017:13:36:18 -0300] "GET /cormun/static/Resources/prompt.gif HTTP/1.1" 304 -
201.219.233.59 - - [09/Mar/2017:13:36:18 -0300] "GET /cormun/static/Resources/PXToolsHeaderSecurity.png HTTP/1.1" 304 -
201.219.233.59 - - [09/Mar/2017:13:36:18 -0300] "GET /cormun/static/Resources/PXToolsHeaderActionsRight.png HTTP/1.1" 304 -
201.219.233.59 - - [09/Mar/2017:13:36:19 -0300] "GET /cormun/static/Resources/PXToolsHeaderHome.png HTTP/1.1" 304 -
201.219.233.59 - - [09/Mar/2017:13:36:19 -0300] "GET /cormun/static/Resources/PXToolsHeaderPreferences.png HTTP/1.1" 304 -
201.219.233.59 - - [09/Mar/2017:13:36:19 -0300] "GET /cormun/static/Resources/PXToolsHeaderActionsLeft.png HTTP/1.1" 304 -
186.79.206.45 - - [09/Mar/2017:13:36:19 -0300] "POST /cormun/servlet/trautorizarsolicitud?4b5d78b70c12933bb2717b029749b2b1,,gx-no-cache=1489077449099 HTTP/1.1" 200 6201
186.79.206.45 - - [09/Mar/2017:13:36:20 -0300] "POST /cormun/servlet/trautorizarsolicitud?4b5d78b70c12933bb2717b029749b2b1,,gx-no-cache=1489077449698 HTTP/1.1" 200 6141
201.219.233.59 - - [09/Mar/2017:13:36:21 -0300] "GET /cormun/static/Resources/PXToolsHeaderLogin.png HTTP/1.1" 304 -
186.79.206.45 - - [09/Mar/2017:13:36:21 -0300] "POST /cormun/servlet/trautorizarsolicitud?4b5d78b70c12933bb2717b029749b2b1,,gx-no-cache=1489077451050 HTTP/1.1" 200 5851
192.168.10.60 - - [09/Mar/2017:13:36:22 -0300] "POST /cormun/servlet/hlogin?3093bdcf142a0e60b5a6c311375b29cb,gx-no-cache=1489076641857 HTTP/1.1" 200 90
192.168.10.60 - - [09/Mar/2017:13:36:22 -0300] "GET /cormun/servlet/hpexe_link HTTP/1.1" 200 956
192.168.10.60 - - [09/Mar/2017:13:36:22 -0300] "GET /cormun/static/Resources/Spanish/PXTools.css?18365030 HTTP/1.1" 304 -
192.168.10.60 - - [09/Mar/2017:13:36:22 -0300] "GET /cormun/static/hpexe_link.js?201612218515532 HTTP/1.1" 304 -
192.168.10.60 - - [09/Mar/2017:13:36:22 -0300] "GET /cormun/servlet/hhome HTTP/1.1" 200 3753
192.168.10.60 - - [09/Mar/2017:13:36:22 -0300] "GET /cormun/static/hhome.js?201612218515573 HTTP/1.1" 304 -
192.168.10.60 - - [09/Mar/2017:13:36:22 -0300] "GET /cormun/static/hwchdr01.js?201612218432057 HTTP/1.1" 304 -
192.168.10.60 - - [09/Mar/2017:13:36:22 -0300] "GET /cormun/static/hpexe_recentlink.js?201610171694390 HTTP/1.1" 304 -
192.168.10.60 - - [09/Mar/2017:13:36:22 -0300] "GET /cormun/static/hpexe_scripts.js?201612218432016 HTTP/1.1" 304 -
192.168.10.60 - - [09/Mar/2017:13:36:22 -0300] "GET /cormun/static/hpexe_messagepopupcomponent.js?20161017169425 HTTP/1.1" 304 -
192.168.10.60 - - [09/Mar/2017:13:36:22 -0300] "GET /cormun/static/hpexe_messagegenexuscomponent.js?201612218431816 HTTP/1.1" 304 -
192.168.10.60 - - [09/Mar/2017:13:36:22 -0300] "GET /cormun/static/hpexe_messagecontroller.js?201610171694323 HTTP/1.1" 304 -
192.168.10.60 - - [09/Mar/2017:13:36:22 -0300] "GET /cormun/static/cmcontrolpreferences.js?201612218431999 HTTP/1.1" 304 -
192.168.10.60 - - [09/Mar/2017:13:36:22 -0300] "GET /cormun/static/hmpwkw03.js?20161221852152 HTTP/1.1" 304 -
186.79.206.45 - - [09/Mar/2017:13:36:22 -0300] "POST /cormun/servlet/trautorizarsolicitud?4b5d78b70c12933bb2717b029749b2b1,,gx-no-cache=1489077451657 HTTP/1.1" 200 5795
192.168.10.60 - - [09/Mar/2017:13:36:22 -0300] "GET /cormun/servlet/hhome HTTP/1.1" 200 3750
186.79.206.45 - - [09/Mar/2017:13:36:24 -0300] "POST /cormun/servlet/trautorizarsolicitud?4b5d78b70c12933bb2717b029749b2b1,,gx-no-cache=1489077453773 HTTP/1.1" 200 5460
186.79.206.45 - - [09/Mar/2017:13:36:25 -0300] "POST /cormun/servlet/trautorizarsolicitud?4b5d78b70c12933bb2717b029749b2b1,,gx-no-cache=1489077454494 HTTP/1.1" 200 5407
201.219.233.59 - - [09/Mar/2017:13:36:26 -0300] "GET /cormun/static/Resources/PXTools/calendar.png HTTP/1.1" 304 -
186.79.206.45 - - [09/Mar/2017:13:36:27 -0300] "POST /cormun/servlet/trautorizarsolicitud?4b5d78b70c12933bb2717b029749b2b1,,gx-no-cache=1489077456594 HTTP/1.1" 200 4362
186.79.206.45 - - [09/Mar/2017:13:36:27 -0300] "POST /cormun/servlet/trautorizarsolicitud?4b5d78b70c12933bb2717b029749b2b1,,gx-no-cache=1489077457096 HTTP/1.1" 200 4116
186.79.206.45 - - [09/Mar/2017:13:36:31 -0300] "GET /cormun/servlet/trlicencias? HTTP/1.1" 200 6854
186.79.206.45 - - [09/Mar/2017:13:36:31 -0300] "GET /cormun/static/gxcfg.js?2016122619301429 HTTP/1.1" 200 953
186.79.206.45 - - [09/Mar/2017:13:36:31 -0300] "GET /cormun/static/trlicencias.js?2016122619301919 HTTP/1.1" 200 37916
186.79.206.45 - - [09/Mar/2017:13:36:31 -0300] "GET /cormun/static/Resources/PXToolsGridNew.png HTTP/1.1" 200 2949
186.79.206.45 - - [09/Mar/2017:13:36:32 -0300] "GET /cormun/servlet/trlicencias? HTTP/1.1" 200 6853
201.219.233.59 - - [09/Mar/2017:13:36:33 -0300] "GET /cormun/static/gxui/gxui-all.js HTTP/1.1" 304 -
201.219.233.59 - - [09/Mar/2017:13:36:33 -0300] "GET /cormun/static/Shared/ext/ext-all.js HTTP/1.1" 304 -
201.219.233.59 - - [09/Mar/2017:13:36:33 -0300] "GET /cormun/static/Shared/ext/locale/ext-lang-en.js HTTP/1.1" 304 -
201.219.233.59 - - [09/Mar/2017:13:36:33 -0300] "GET /cormun/static/messages.spa.js?85251 HTTP/1.1" 304 -
201.219.233.59 - - [09/Mar/2017:13:36:34 -0300] "GET /cormun/static/solicitudot.js?2017119104297 HTTP/1.1" 304 -
201.219.233.59 - - [09/Mar/2017:13:36:34 -0300] "GET /cormun/static/gxdec.js?85251 HTTP/1.1" 304 -
201.219.233.59 - - [09/Mar/2017:13:36:34 -0300] "GET /cormun/static/hwchdr01.js?201612218432057 HTTP/1.1" 304 -
201.219.233.59 - - [09/Mar/2017:13:36:34 -0300] "GET /cormun/static/hpexe_recentlink.js?201610171694390 HTTP/1.1" 304 -
186.79.206.45 - - [09/Mar/2017:13:36:35 -0300] "POST /cormun/servlet/trlicencias?4b5d78b70c12933bb2717b029749b2b1,,gx-no-cache=1489077464821 HTTP/1.1" 200 4119
201.219.233.59 - - [09/Mar/2017:13:36:35 -0300] "GET /cormun/static/hpexe_messagecontroller.js?201610171694323 HTTP/1.1" 304 -
201.219.233.59 - - [09/Mar/2017:13:36:35 -0300] "GET /cormun/static/hpexe_scripts.js?201612218432016 HTTP/1.1" 304 -
201.219.233.59 - - [09/Mar/2017:13:36:36 -0300] "GET /cormun/static/hpexe_messagepopupcomponent.js?20161017169425 HTTP/1.1" 304 -
201.219.233.59 - - [09/Mar/2017:13:36:36 -0300] "GET /cormun/static/cmcontrolpreferences.js?201612218431999 HTTP/1.1" 304 -
201.219.233.59 - - [09/Mar/2017:13:36:37 -0300] "GET /cormun/static/Shared/jquery/jquery-1.4.2.min.js HTTP/1.1" 304 -
201.219.233.59 - - [09/Mar/2017:13:36:38 -0300] "GET /cormun/static/Shared/jqueryui/jquery-ui.min.js HTTP/1.1" 304 -
201.219.233.59 - - [09/Mar/2017:13:36:38 -0300] "GET /cormun/static/hpexe_messagegenexuscomponent.js?201612218431816 HTTP/1.1" 304 -
201.219.233.59 - - [09/Mar/2017:13:36:38 -0300] "GET /cormun/static/SmoothNavMenu/resources/ddsmoothmenu.js HTTP/1.1" 304 -
201.219.233.59 - - [09/Mar/2017:13:36:38 -0300] "GET /cormun/static/Shared/jquery/jquery-1.10.2.min.js HTTP/1.1" 304 -
201.219.233.59 - - [09/Mar/2017:13:36:38 -0300] "GET /cormun/static/scaMessage/scaMessageRender.js HTTP/1.1" 304 -
201.219.233.59 - - [09/Mar/2017:13:36:38 -0300] "GET /cormun/static/scaMessage/js/jquery.pnotify.min.js HTTP/1.1" 304 -
201.219.233.59 - - [09/Mar/2017:13:36:41 -0300] "GET /cormun/static/hmpwkw03.js?20161221852152 HTTP/1.1" 304 -
192.168.10.60 - - [09/Mar/2017:13:36:42 -0300] "GET /cormun/servlet/trautorizarot? HTTP/1.1" 200 19227
192.168.10.60 - - [09/Mar/2017:13:36:43 -0300] "GET /cormun/servlet/trautorizarot? HTTP/1.1" 200 19224
201.219.233.59 - - [09/Mar/2017:13:36:44 -0300] "GET /cormun/static/SmoothNavMenu/resources/SmoothNavMenuRender.js HTTP/1.1" 304 -
201.219.233.59 - - [09/Mar/2017:13:36:44 -0300] "GET /cormun/static/Resources/indicator.gif HTTP/1.1" 304 -
201.219.233.59 - - [09/Mar/2017:13:36:44 -0300] "GET /cormun/static/SmoothNavMenu/resources/images/down.gif HTTP/1.1" 304 -
201.219.233.59 - - [09/Mar/2017:13:36:44 -0300] "GET /cormun/static/SmoothNavMenu/resources/images/right.gif HTTP/1.1" 304 -
201.219.233.59 - - [09/Mar/2017:13:36:44 -0300] "GET /cormun/servlet/solicitudot?UPD,2017,5376, HTTP/1.1" 200 14417
192.168.10.60 - - [09/Mar/2017:13:36:46 -0300] "GET /cormun/static/menuarrow.gif HTTP/1.1" 404 1015
201.219.233.59 - - [09/Mar/2017:13:36:52 -0300] "POST /cormun/servlet/solicitudot?gx-no-cache=1489077472779 HTTP/1.1" 200 3171
192.168.10.89 - - [09/Mar/2017:13:36:54 -0300] "POST /cormun/servlet/trsolicitudgral?e5ca7320f648b9f0988c5e880dc103f9,,gx-no-cache=1489080698453 HTTP/1.1" 440 972
186.79.206.45 - - [09/Mar/2017:13:36:55 -0300] "GET /cormun/servlet/trautorizarsolicitud? HTTP/1.1" 200 6909
186.79.206.45 - - [09/Mar/2017:13:36:56 -0300] "GET /cormun/servlet/trautorizarsolicitud? HTTP/1.1" 200 6909
192.168.10.89 - - [09/Mar/2017:13:36:57 -0300] "GET /cormun/servlet/trsolicitudgral? HTTP/1.1" 200 23171
192.168.10.89 - - [09/Mar/2017:13:36:58 -0300] "GET /cormun/servlet/hlogin HTTP/1.1" 200 1735
192.168.10.60 - - [09/Mar/2017:13:36:59 -0300] "POST /cormun/servlet/trautorizarot?3093bdcf142a0e60b5a6c311375b29cb,,gx-no-cache=1489076679456 HTTP/1.1" 200 4998
192.168.10.60 - - [09/Mar/2017:13:37:01 -0300] "POST /cormun/servlet/trautorizarot?3093bdcf142a0e60b5a6c311375b29cb,,gx-no-cache=1489076681570 HTTP/1.1" 200 4996
186.79.206.45 - - [09/Mar/2017:13:37:03 -0300] "POST /cormun/servlet/trautorizarsolicitud?4b5d78b70c12933bb2717b029749b2b1,,gx-no-cache=1489077492829 HTTP/1.1" 200 4140
192.168.10.60 - - [09/Mar/2017:13:37:06 -0300] "POST /cormun/servlet/trautorizarot?3093bdcf142a0e60b5a6c311375b29cb,,gx-no-cache=1489076685864 HTTP/1.1" 200 4997
201.219.233.59 - - [09/Mar/2017:13:37:08 -0300] "POST /cormun/servlet/solicitudot?2244776f8be83658a07d3f1c96ad8a15,UPD,2017,5376,,gx-no-cache=1489077482090 HTTP/1.1" 200 11035
201.219.233.59 - - [09/Mar/2017:13:37:13 -0300] "GET /cormun/servlet/solicitudot?edef8e98f43c10a85aca9c06d17765ba79be43c3f676e245bde8da47f434dfe52fdd63174a63145473f7f4442674583a,gx-no-cache=1489077500963 HTTP/1.1" 200 30
201.219.233.59 - - [09/Mar/2017:13:37:13 -0300] "POST /cormun/servlet/solicitudot?gx-no-cache=1489077501371 HTTP/1.1" 200 256
201.219.233.59 - - [09/Mar/2017:13:37:14 -0300] "GET /cormun/servlet/solicitudot?edef8e98f43c10a85aca9c06d17765bab3aab0c434758809714c964b9951e180035995d06ccfeb82e4d7cc28d5584c582fc0bfb062b80396fac588d49276025edaf550e4ef1678dfe69df3ea9746d1d1bc49463513e6bed46f2a9a1b132464b8eb25a25ce6eacd308c7a306b79b3ab534c43c5f5769e2d5c035131a961aca6b8f1b8ee1145175a12faff7e023a69641be1206bc62b3f1057d24b17b6bcad288480375909a03731737914294894013684c131745dbc7202e84004b86abaecd5de3442af41520a419a1361999aa120808a60a395e0a841a2653b7ee927b133c52b8ff2771d388bf75fd3f145f9ee7260b08f89d5478a2be58973cd00c5554d5765570d0ba85c5584d0f55840c25697cd993fbbf9bea0243ee03cb67d76efd64620138a384d51c435085b6801e4ee6942019e236bab03ed8a9acb1e2102f35911e4951615618f190884884b4f4364ac505e3bee94c8eb09bbf99c829bc2256fd7cbea1a7e909e0a197753c6a5a61d0985aa3d3f0b34ad96b823335db6ec0985d131,gx-no-cache=1489077501574 HTTP/1.1" 200 30
201.219.233.59 - - [09/Mar/2017:13:37:14 -0300] "POST /cormun/servlet/solicitudot?gx-no-cache=1489077501807 HTTP/1.1" 200 30
201.219.233.59 - - [09/Mar/2017:13:37:15 -0300] "POST /cormun/servlet/solicitudot?gx-no-cache=1489077502960 HTTP/1.1" 200 1286
186.67.172.234 - - [09/Mar/2017:13:37:16 -0300] "GET /cormun/servlet/permisogoce?INS,0,,, HTTP/1.1" 200 6514
186.67.172.234 - - [09/Mar/2017:13:37:16 -0300] "GET /cormun/static/gxcfg.js?201612262052844 HTTP/1.1" 200 953
186.67.172.234 - - [09/Mar/2017:13:37:16 -0300] "GET /cormun/static/permisogoce.js?201612262052891 HTTP/1.1" 200 26147
186.67.172.234 - - [09/Mar/2017:13:37:16 -0300] "GET /cormun/servlet/permisogoce?INS,0,,, HTTP/1.1" 200 6514
201.219.233.59 - - [09/Mar/2017:13:37:19 -0300] "POST /cormun/servlet/solicitudot?gx-no-cache=1489077506531 HTTP/1.1" 200 41
186.79.206.45 - - [09/Mar/2017:13:37:22 -0300] "GET /cormun/static/menuarrow.gif HTTP/1.1" 404 1015
186.67.172.234 - - [09/Mar/2017:13:37:26 -0300] "GET /cormun/static/Resources/resize.gif HTTP/1.1" 200 77
186.79.206.45 - - [09/Mar/2017:13:37:32 -0300] "POST /cormun/servlet/trautorizarsolicitud?4b5d78b70c12933bb2717b029749b2b1,,gx-no-cache=1489077522252 HTTP/1.1" 200 4137
186.67.172.234 - - [09/Mar/2017:13:37:34 -0300] "GET /cormun/servlet/prfichaempleado?,MD,,gxPopupLevel%3D0%3B HTTP/1.1" 200 8783
186.67.172.234 - - [09/Mar/2017:13:37:34 -0300] "GET /cormun/static/gxcfg.js?2016102420561687 HTTP/1.1" 200 953
186.67.172.234 - - [09/Mar/2017:13:37:34 -0300] "GET /cormun/static/hmpwkw011.js?201612218515582 HTTP/1.1" 200 1968
186.67.172.234 - - [09/Mar/2017:13:37:34 -0300] "GET /cormun/static/Resources/PXToolsMenuSearch.png HTTP/1.1" 200 2914
186.67.172.234 - - [09/Mar/2017:13:37:34 -0300] "GET /cormun/static/menusearch.js?201610171694467 HTTP/1.1" 200 1424
186.67.172.234 - - [09/Mar/2017:13:37:34 -0300] "GET /cormun/static/Resources/PXToolsMenuSearchCancel.png HTTP/1.1" 200 2972
186.67.172.234 - - [09/Mar/2017:13:37:34 -0300] "GET /cormun/static/prfichaempleado.js?201610242056198 HTTP/1.1" 200 16015
192.168.10.89 - - [09/Mar/2017:13:37:34 -0300] "POST /cormun/servlet/hlogin?d0048bda50f446a0286eadfd022bff07,gx-no-cache=1489080738362 HTTP/1.1" 200 90
192.168.10.89 - - [09/Mar/2017:13:37:34 -0300] "GET /cormun/servlet/hpexe_link HTTP/1.1" 200 956
192.168.10.89 - - [09/Mar/2017:13:37:36 -0300] "GET /cormun/servlet/trsolicitudgral HTTP/1.1" 200 24309
192.168.10.89 - - [09/Mar/2017:13:37:43 -0300] "GET /cormun/static/menuarrow.gif HTTP/1.1" 404 1015
201.219.233.59 - - [09/Mar/2017:13:37:44 -0300] "GET /cormun/servlet/solicitudot?edef8e98f43c10a85aca9c06d17765ba78df64a38b31e600c1597bcd44e50614316b6240fafed344ff68bde0f0c779014cceb2917e19a5356e50b3092c4a0c846c05335540cc082d9d711b765e721240e51d518b076ab1345b73bcc6ba6dcbddf1e7ac90f462470917a01c8174467447,gx-no-cache=1489077530794 HTTP/1.1" 200 29
201.219.233.59 - - [09/Mar/2017:13:37:49 -0300] "POST /cormun/servlet/solicitudot?gx-no-cache=1489077532456 HTTP/1.1" 200 1273
186.79.206.45 - - [09/Mar/2017:13:37:49 -0300] "GET /cormun/servlet/trautorizarsolicitud? HTTP/1.1" 200 6907
186.79.206.45 - - [09/Mar/2017:13:37:50 -0300] "GET /cormun/servlet/trautorizarsolicitud? HTTP/1.1" 200 6907
192.168.10.89 - - [09/Mar/2017:13:37:50 -0300] "POST /cormun/servlet/trsolicitudgral?d0048bda50f446a0286eadfd022bff07,gx-no-cache=1489080754346 HTTP/1.1" 200 15885
201.219.233.59 - - [09/Mar/2017:13:37:55 -0300] "POST /cormun/servlet/solicitudot?gx-no-cache=1489077537088 HTTP/1.1" 200 1157
201.219.233.59 - - [09/Mar/2017:13:37:55 -0300] "GET /cormun/servlet/solicitudot?edef8e98f43c10a85aca9c06d17765ba5686799d41b1ed000f9cc835e0bda2288953b71543f991527a93608cfce8063347f15ba7daf6eaf4a5100bfb57957d779e3ab5606281aa1957c7bcd1ba70fe708eefbaee9d04198ba9cee7a848a709006277631fbcebffa10fe053ca76bcf442b13b0007d5fb655d64f0707fee2afa2377f9b0001a421618436ecf850cd9281cf168be06490dfe2ce1d077d874bbb83de4abc1c84a4c42fbd4f0af5e8db4ca9f,gx-no-cache=1489077542939 HTTP/1.1" 200 30
201.219.233.59 - - [09/Mar/2017:13:38:10 -0300] "POST /cormun/servlet/solicitudot?2244776f8be83658a07d3f1c96ad8a15,UPD,2017,5376,,gx-no-cache=1489077543218 HTTP/1.1" 200 93
201.219.233.59 - - [09/Mar/2017:13:38:11 -0300] "GET /cormun/servlet/hpexe_return? HTTP/1.1" 200 1013
201.219.233.59 - - [09/Mar/2017:13:38:11 -0300] "GET /cormun/servlet/trsolicitudot HTTP/1.1" 200 8488
201.219.233.59 - - [09/Mar/2017:13:38:18 -0300] "GET /cormun/servlet/trsolicitudot HTTP/1.1" 200 8484
186.67.172.234 - - [09/Mar/2017:13:38:46 -0300] "POST /cormun/servlet/prfichaempleado?2a63d9df1f054c2e94e53e2edec0ea8a,,MD,,gxPopupLevel%3D0%3B,gx-no-cache=1489077588699 HTTP/1.1" 200 5972
186.67.172.234 - - [09/Mar/2017:13:38:46 -0300] "GET /cormun/static/Resources/PXToolsGridNext.gif HTTP/1.1" 200 369
186.67.172.234 - - [09/Mar/2017:13:38:46 -0300] "GET /cormun/static/Resources/PXToolsGridLast.gif HTTP/1.1" 200 370
192.168.10.89 - - [09/Mar/2017:13:38:49 -0300] "POST /cormun/servlet/trsolicitudgral?d0048bda50f446a0286eadfd022bff07,gx-no-cache=1489080813111 HTTP/1.1" 200 6467
192.168.10.89 - - [09/Mar/2017:13:38:53 -0300] "POST /cormun/servlet/trsolicitudgral?d0048bda50f446a0286eadfd022bff07,gx-no-cache=1489080817553 HTTP/1.1" 200 115
192.168.10.89 - - [09/Mar/2017:13:38:53 -0300] "GET /cormun/servlet/solicitudotlog?INS,2017,5327,0,REC, HTTP/1.1" 200 6150
192.168.10.89 - - [09/Mar/2017:13:38:53 -0300] "GET /cormun/static/gxcfg.js?201612218471193 HTTP/1.1" 304 -
192.168.10.89 - - [09/Mar/2017:13:38:55 -0300] "GET /cormun/servlet/solicitudotlog?6f0aa8d30802af3a7e4fc7b508d5a8c279088ce9dd669e266a28bb7415bd1e371f3139c654407c706b39d2fd179a2ac9ffc38b3594edf02e20afb4f4b259f52e039b7cec79f45c402c990e8c274d4b094544b643c77e9bfbccd73ce6e4e5f24eca47e4f99a36042d6f39ed637f2f9da58389483bad5048da33041c0eb00bcbdde9b88fc2c8261f3dd8549e51eb7d1bfe228245f386f244370d0e99b2a48f4455,gx-no-cache=1489080818890 HTTP/1.1" 200 94
192.168.10.89 - - [09/Mar/2017:13:38:58 -0300] "POST /cormun/servlet/solicitudotlog?d0048bda50f446a0286eadfd022bff07,INS,2017,5327,0,REC,,gx-no-cache=1489080822040 HTTP/1.1" 200 93
192.168.10.89 - - [09/Mar/2017:13:38:58 -0300] "GET /cormun/servlet/hpexe_return? HTTP/1.1" 200 1039
186.67.172.234 - - [09/Mar/2017:13:38:58 -0300] "POST /cormun/servlet/prfichaempleado?2a63d9df1f054c2e94e53e2edec0ea8a,,MD,,gxPopupLevel%3D0%3B,gx-no-cache=1489077600736 HTTP/1.1" 200 5972
192.168.10.89 - - [09/Mar/2017:13:38:58 -0300] "GET /cormun/servlet/trsolicitudgral?gx-no-cache=1489080813111 HTTP/1.1" 200 8534
192.168.10.89 - - [09/Mar/2017:13:39:04 -0300] "POST /cormun/servlet/trsolicitudgral?d0048bda50f446a0286eadfd022bff07,gx-no-cache=1489080813111,gx-no-cache=1489080827523 HTTP/1.1" 200 15595
186.79.206.45 - - [09/Mar/2017:13:39:11 -0300] "GET /cormun/servlet/trvisualizadoreventos? HTTP/1.1" 200 6536
186.79.206.45 - - [09/Mar/2017:13:39:11 -0300] "GET /cormun/static/gxcfg.js?2016101716203350 HTTP/1.1" 200 953
186.79.206.45 - - [09/Mar/2017:13:39:11 -0300] "GET /cormun/static/Resources/PXToolsActionPrint.png HTTP/1.1" 200 3317
186.79.206.45 - - [09/Mar/2017:13:39:11 -0300] "GET /cormun/static/trvisualizadoreventos.js?2016101716203614 HTTP/1.1" 200 19309
186.79.206.45 - - [09/Mar/2017:13:39:11 -0300] "GET /cormun/servlet/trvisualizadoreventos? HTTP/1.1" 200 6536
186.79.206.45 - - [09/Mar/2017:13:39:15 -0300] "GET /cormun/servlet/trlicencias? HTTP/1.1" 200 6468
186.79.206.45 - - [09/Mar/2017:13:39:15 -0300] "GET /cormun/servlet/trlicencias? HTTP/1.1" 200 6467
186.79.206.45 - - [09/Mar/2017:13:39:32 -0300] "GET /cormun/servlet/trlicencias? HTTP/1.1" 200 6467
186.79.206.45 - - [09/Mar/2017:13:39:33 -0300] "GET /cormun/servlet/trlicencias? HTTP/1.1" 200 6467
186.79.206.45 - - [09/Mar/2017:13:39:49 -0300] "POST /cormun/servlet/trlicencias?d9b645e5a3d8fc501352ba6b77daecdf,,gx-no-cache=1489077657266 HTTP/1.1" 200 5274
186.79.206.45 - - [09/Mar/2017:13:39:49 -0300] "GET /cormun//static/Resources/PXToolsActionDisabled.gif HTTP/1.1" 200 53
186.79.206.45 - - [09/Mar/2017:13:40:40 -0300] "POST /cormun/servlet/trlicencias?d9b645e5a3d8fc501352ba6b77daecdf,,gx-no-cache=1489077710099 HTTP/1.1" 200 3654
186.79.206.45 - - [09/Mar/2017:13:40:46 -0300] "POST /cormun/servlet/trlicencias?d9b645e5a3d8fc501352ba6b77daecdf,,gx-no-cache=1489077716104 HTTP/1.1" 200 4975
186.79.206.45 - - [09/Mar/2017:13:40:57 -0300] "POST /cormun/servlet/trlicencias?d9b645e5a3d8fc501352ba6b77daecdf,,gx-no-cache=1489077726873 HTTP/1.1" 200 3656
186.79.206.45 - - [09/Mar/2017:13:41:01 -0300] "POST /cormun/servlet/trlicencias?d9b645e5a3d8fc501352ba6b77daecdf,,gx-no-cache=1489077730747 HTTP/1.1" 200 3653
186.79.206.45 - - [09/Mar/2017:13:41:22 -0300] "GET /cormun/servlet/trlicencias? HTTP/1.1" 200 6854
186.79.206.45 - - [09/Mar/2017:13:41:22 -0300] "GET /cormun/servlet/trlicencias? HTTP/1.1" 200 6853
186.103.159.187 - - [09/Mar/2017:13:41:26 -0300] "GET /cormun/servlet/hlogin HTTP/1.1" 200 1723
186.79.206.45 - - [09/Mar/2017:13:41:28 -0300] "POST /cormun/servlet/trlicencias?4b5d78b70c12933bb2717b029749b2b1,,gx-no-cache=1489077758245 HTTP/1.1" 200 4122
186.103.159.187 - - [09/Mar/2017:13:41:29 -0300] "GET /cormun/servlet/hlogin HTTP/1.1" 200 1723
186.67.172.234 - - [09/Mar/2017:13:41:38 -0300] "POST /cormun/servlet/prfichaempleado?2a63d9df1f054c2e94e53e2edec0ea8a,,MD,,gxPopupLevel%3D0%3B,gx-no-cache=1489077767910 HTTP/1.1" 200 3405
186.103.159.187 - - [09/Mar/2017:13:41:39 -0300] "POST /cormun/servlet/hlogin?4e92171dcfcde808ddf2f22bc0164f83,gx-no-cache=1489077768870 HTTP/1.1" 200 90
186.103.159.187 - - [09/Mar/2017:13:41:39 -0300] "GET /cormun/servlet/hpexe_link HTTP/1.1" 200 955
186.79.206.45 - - [09/Mar/2017:13:41:39 -0300] "GET /cormun/servlet/trautorizarsolicitud? HTTP/1.1" 200 6907
186.103.159.187 - - [09/Mar/2017:13:41:39 -0300] "GET /cormun/servlet/hhome HTTP/1.1" 200 3736
186.79.206.45 - - [09/Mar/2017:13:41:40 -0300] "GET /cormun/servlet/trautorizarsolicitud? HTTP/1.1" 200 6907
186.103.159.187 - - [09/Mar/2017:13:41:40 -0300] "GET /cormun/servlet/hhome HTTP/1.1" 200 3733
186.103.159.187 - - [09/Mar/2017:13:41:47 -0300] "GET /cormun/servlet/trlicencias? HTTP/1.1" 200 6575
186.103.159.187 - - [09/Mar/2017:13:41:47 -0300] "GET /cormun/static/gxcfg.js?2016122619301429 HTTP/1.1" 200 953
186.103.159.187 - - [09/Mar/2017:13:41:47 -0300] "GET /cormun/static/trlicencias.js?2016122619301919 HTTP/1.1" 200 37916
186.103.159.187 - - [09/Mar/2017:13:41:48 -0300] "GET /cormun/servlet/trlicencias? HTTP/1.1" 200 6574
186.79.206.45 - - [09/Mar/2017:13:41:52 -0300] "POST /cormun/servlet/trautorizarsolicitud?4b5d78b70c12933bb2717b029749b2b1,,gx-no-cache=1489077782038 HTTP/1.1" 200 4136
186.103.159.187 - - [09/Mar/2017:13:41:53 -0300] "GET /cormun/servlet/licenciaspermisos?INS,0,,, HTTP/1.1" 200 7088
186.103.159.187 - - [09/Mar/2017:13:41:53 -0300] "GET /cormun/static/gxcfg.js?2016122619301043 HTTP/1.1" 200 953
186.103.159.187 - - [09/Mar/2017:13:41:53 -0300] "GET /cormun/static/licenciaspermisos.js?2016122619301096 HTTP/1.1" 200 33213
186.103.159.187 - - [09/Mar/2017:13:41:54 -0300] "GET /cormun/servlet/licenciaspermisos?INS,0,,, HTTP/1.1" 200 7087
186.79.206.45 - - [09/Mar/2017:13:41:57 -0300] "POST /cormun/servlet/trautorizarsolicitud?4b5d78b70c12933bb2717b029749b2b1,,gx-no-cache=1489077787288 HTTP/1.1" 200 4139
186.67.172.234 - - [09/Mar/2017:13:42:05 -0300] "POST /cormun/servlet/prfichaempleado?2a63d9df1f054c2e94e53e2edec0ea8a,,MD,,gxPopupLevel%3D0%3B,gx-no-cache=1489077794646 HTTP/1.1" 200 3405
186.103.159.187 - - [09/Mar/2017:13:42:19 -0300] "GET /cormun/servlet/prfichaempleado?,MD,,gxPopupLevel%3D0%3B HTTP/1.1" 200 8783
186.103.159.187 - - [09/Mar/2017:13:42:19 -0300] "GET /cormun/static/gxcfg.js?2016102420561687 HTTP/1.1" 200 953
186.103.159.187 - - [09/Mar/2017:13:42:19 -0300] "GET /cormun/static/prfichaempleado.js?201610242056198 HTTP/1.1" 304 -
186.103.159.187 - - [09/Mar/2017:13:42:19 -0300] "GET /cormun/static/menusearch.js?201610171694467 HTTP/1.1" 304 -
186.103.159.187 - - [09/Mar/2017:13:42:19 -0300] "GET /cormun/static/hmpwkw011.js?201612218515582 HTTP/1.1" 304 -
186.103.159.187 - - [09/Mar/2017:13:42:39 -0300] "POST /cormun/servlet/prfichaempleado?4e92171dcfcde808ddf2f22bc0164f83,,MD,,gxPopupLevel%3D0%3B,gx-no-cache=1489077828914 HTTP/1.1" 200 3403
186.103.159.187 - - [09/Mar/2017:13:43:32 -0300] "GET /cormun/servlet/licenciaspermisos?aaa9955f95056719f40345b7d3b88d854bc7ae52da59fe55faadd902496cfbdf318b073cdc58a429b3aff6c0f985ecb3,gx-no-cache=1489077882299 HTTP/1.1" 200 64
186.103.159.187 - - [09/Mar/2017:13:43:32 -0300] "POST /cormun/servlet/licenciaspermisos?4e92171dcfcde808ddf2f22bc0164f83,INS,0,,,,gx-no-cache=1489077882358 HTTP/1.1" 200 4401
186.67.172.234 - - [09/Mar/2017:13:43:39 -0300] "GET /cormun/servlet/prfichaempleado?,MD,,gxPopupLevel%3D0%3B HTTP/1.1" 200 8783
186.103.159.187 - - [09/Mar/2017:13:44:11 -0300] "GET /cormun/static/menuarrow.gif HTTP/1.1" 404 1015
186.67.172.234 - - [09/Mar/2017:13:44:45 -0300] "POST /cormun/servlet/prfichaempleado?2a63d9df1f054c2e94e53e2edec0ea8a,,MD,,gxPopupLevel%3D0%3B,gx-no-cache=1489077954874 HTTP/1.1" 200 3405
186.67.172.234 - - [09/Mar/2017:13:44:54 -0300] "GET /cormun/servlet/permisogoce?3114d6981298b3db0d8eaabfd88c9a6c593095f37525913fcce1735cf8a08a201339abe18ba5c98966ce8c64b555c3f1,gx-no-cache=1489077964278 HTTP/1.1" 200 72
186.67.172.234 - - [09/Mar/2017:13:44:54 -0300] "GET /cormun/static/menuarrow.gif HTTP/1.1" 404 1015
186.67.172.234 - - [09/Mar/2017:13:45:03 -0300] "GET /cormun/servlet/permisogoce?3114d6981298b3db0d8eaabfd88c9a6c6d6962b6c953f80ac94001b322f9c59d2072faacf0ddbb31d7238638dba2009428828ebd6fd24489f617370118249907,gx-no-cache=1489077972828 HTTP/1.1" 200 47
186.67.172.234 - - [09/Mar/2017:13:45:14 -0300] "GET /cormun/servlet/puconsultapgoce?9698725,MD,gxPopupLevel%3D0%3B HTTP/1.1" 200 3768
186.67.172.234 - - [09/Mar/2017:13:45:14 -0300] "GET /cormun/static/gxcfg.js?2016122619324821 HTTP/1.1" 200 953
186.67.172.234 - - [09/Mar/2017:13:45:14 -0300] "GET /cormun/pexe_menus.js HTTP/1.1" 404 1001
186.67.172.234 - - [09/Mar/2017:13:45:14 -0300] "GET /cormun/pexe_layers.js HTTP/1.1" 404 1003
186.67.172.234 - - [09/Mar/2017:13:45:14 -0300] "GET /cormun/pexe_windows.js HTTP/1.1" 404 1005
186.67.172.234 - - [09/Mar/2017:13:45:14 -0300] "GET /cormun/pexe_link.js HTTP/1.1" 404 999
186.67.172.234 - - [09/Mar/2017:13:45:14 -0300] "GET /cormun/pexe_cookies.js HTTP/1.1" 404 1005
186.67.172.234 - - [09/Mar/2017:13:45:14 -0300] "GET /cormun/pexe_grid.js HTTP/1.1" 404 999
186.67.172.234 - - [09/Mar/2017:13:45:15 -0300] "GET /cormun/pexe_griddivfix.js HTTP/1.1" 404 1011
186.67.172.234 - - [09/Mar/2017:13:45:15 -0300] "GET /cormun/pexe_picture.js HTTP/1.1" 404 1005
186.67.172.234 - - [09/Mar/2017:13:45:15 -0300] "GET /cormun/pexe_treedivfix.js HTTP/1.1" 404 1011
186.67.172.234 - - [09/Mar/2017:13:45:15 -0300] "GET /cormun/pexe_autoreload.js HTTP/1.1" 404 1011
186.67.172.234 - - [09/Mar/2017:13:45:15 -0300] "GET /cormun/pexe_menudivfix.js HTTP/1.1" 404 1011
186.67.172.234 - - [09/Mar/2017:13:45:15 -0300] "GET /cormun/pexe_tabdivfix.js HTTP/1.1" 404 1009
186.67.172.234 - - [09/Mar/2017:13:45:15 -0300] "GET /cormun/pexe_menudivfix.js HTTP/1.1" 404 1011
186.67.172.234 - - [09/Mar/2017:13:45:15 -0300] "GET /cormun/static/puconsultapgoce.js?2016122619325082 HTTP/1.1" 200 26916
186.67.172.234 - - [09/Mar/2017:13:45:15 -0300] "GET /cormun/static/mpprompt.js?201612218534882 HTTP/1.1" 200 940
186.67.172.234 - - [09/Mar/2017:13:45:15 -0300] "GET /cormun/pexe_tabdivfix.js HTTP/1.1" 404 1009
186.67.172.234 - - [09/Mar/2017:13:45:23 -0300] "POST /cormun/servlet/puconsultapgoce?2a63d9df1f054c2e94e53e2edec0ea8a,9698725,MD,gxPopupLevel%3D0%3B,gx-no-cache=1489077992699 HTTP/1.1" 200 59
186.67.172.234 - - [09/Mar/2017:13:45:25 -0300] "POST /cormun/servlet/permisogoce?2a63d9df1f054c2e94e53e2edec0ea8a,INS,0,,,,gx-no-cache=1489077994731 HTTP/1.1" 200 93
186.67.172.234 - - [09/Mar/2017:13:45:25 -0300] "GET /cormun/servlet/hpexe_return? HTTP/1.1" 200 1013
186.67.172.234 - - [09/Mar/2017:13:45:26 -0300] "GET /cormun/servlet/trpermisosgoce HTTP/1.1" 200 7354
186.67.172.234 - - [09/Mar/2017:13:45:26 -0300] "GET /cormun//static/Resources/PXToolsActionPrint.png HTTP/1.1" 200 3317
186.67.172.234 - - [09/Mar/2017:13:45:26 -0300] "GET /cormun//static/Resources/PXToolsGridDisplay.png HTTP/1.1" 200 362
186.67.172.234 - - [09/Mar/2017:13:45:26 -0300] "GET /cormun//static/Resources/PXToolsHeaderFavorites.png HTTP/1.1" 200 2744
186.67.172.234 - - [09/Mar/2017:13:45:26 -0300] "GET /cormun//static/Resources/PXToolsHeaderHelp.png HTTP/1.1" 200 4055
186.67.172.234 - - [09/Mar/2017:13:45:26 -0300] "GET /cormun/servlet/trpermisosgoce HTTP/1.1" 200 7350
192.168.10.89 - - [09/Mar/2017:13:45:27 -0300] "GET /cormun/servlet/hlogin HTTP/1.1" 200 1754
