186.79.207.187 - - [09/Mar/2017:15:26:06 -0300] "GET /cormun/static/Shared/jqueryui/images/ui-icons_8d78a5_256x240.png HTTP/1.1" 404 1089
186.79.207.187 - - [09/Mar/2017:15:26:07 -0300] "POST /cormun/servlet/trautorizarsolicitud?3cbc70b7560d836f5a4c8d8bf41709ea,,gx-no-cache=1489084037244 HTTP/1.1" 200 4097
186.79.38.202 - - [09/Mar/2017:15:27:13 -0300] "GET /cormun/servlet/trvisualizadoreventos? HTTP/1.1" 200 8426
186.103.132.155 - - [09/Mar/2017:15:27:14 -0300] "POST /cormun/servlet/solicitudotadjuntos?7ce733e859f19a4a9dd498a162f59354,INS,2017,5385,,1, HTTP/1.1" 200 116
186.103.132.155 - - [09/Mar/2017:15:27:15 -0300] "GET /cormun/servlet/hpexe_return? HTTP/1.1" 200 1023
186.79.38.202 - - [09/Mar/2017:15:27:16 -0300] "GET /cormun/servlet/trvisualizadoreventos? HTTP/1.1" 200 8427
186.103.132.155 - - [09/Mar/2017:15:27:17 -0300] "GET /cormun/servlet/trsolicitudadjuntos?2017,5385, HTTP/1.1" 200 8360
186.103.132.155 - - [09/Mar/2017:15:27:19 -0300] "GET /cormun/servlet/trsolicitudadjuntos?2017,5385, HTTP/1.1" 200 8359
186.79.38.202 - - [09/Mar/2017:15:27:26 -0300] "GET /cormun/Manuales/InstructivoDirector.pdf HTTP/1.1" 200 352207
186.103.132.155 - - [09/Mar/2017:15:27:31 -0300] "GET /cormun/servlet/solicitudotadjuntos?INS,2017,5385,,1, HTTP/1.1" 200 5833
186.103.132.155 - - [09/Mar/2017:15:27:33 -0300] "GET /cormun/static/about:blank HTTP/1.1" 404 1011
186.103.132.155 - - [09/Mar/2017:15:27:33 -0300] "GET /cormun/servlet/solicitudotadjuntos?INS,2017,5385,,1, HTTP/1.1" 200 5827
186.103.132.155 - - [09/Mar/2017:15:27:34 -0300] "GET /cormun/servlet/solicitudotadjuntos?877126d5690d8a5e5807bb451bd7d4c1bd2b11328507b6aa36d89bc7d184de4fb104c224db082688e96aae207adbecd1,gx-no-cache=1489080522356 HTTP/1.1" 200 30
186.103.132.155 - - [09/Mar/2017:15:27:43 -0300] "POST /cormun/servlet/solicitudotadjuntos?7ce733e859f19a4a9dd498a162f59354,INS,2017,5385,,1,,gx-no-cache=1489080524970 HTTP/1.1" 200 3645
186.103.132.155 - - [09/Mar/2017:15:27:55 -0300] "POST /cormun/servlet/solicitudotadjuntos?gx-no-cache=1489080538637 HTTP/1.1" 200 26
186.103.132.155 - - [09/Mar/2017:15:28:07 -0300] "GET /cormun/servlet/solicitudotadjuntos?877126d5690d8a5e5807bb451bd7d4c15a03856028994fd39374b88030528b3c,gx-no-cache=1489080556336 HTTP/1.1" 200 30
186.103.132.155 - - [09/Mar/2017:15:28:08 -0300] "GET /cormun/servlet/solicitudotadjuntos?877126d5690d8a5e5807bb451bd7d4c15a03856028994fd39374b88030528b3c,gx-no-cache=1489080557542 HTTP/1.1" 200 30
186.79.38.202 - - [09/Mar/2017:15:28:39 -0300] "GET /cormun/servlet/trvisualizadoreventos? HTTP/1.1" 200 8426
186.79.38.202 - - [09/Mar/2017:15:28:41 -0300] "GET /cormun/servlet/trvisualizadoreventos? HTTP/1.1" 200 8427
186.79.38.202 - - [09/Mar/2017:15:29:17 -0300] "GET /cormun/servlet/hlogin HTTP/1.1" 200 1721
186.79.38.202 - - [09/Mar/2017:15:29:31 -0300] "POST /cormun/servlet/hlogin?c6989d8e9eb050be97dc4662244cf26d,gx-no-cache=1489084102051 HTTP/1.1" 200 90
186.79.38.202 - - [09/Mar/2017:15:29:32 -0300] "GET /cormun/servlet/hpexe_link HTTP/1.1" 200 956
186.79.38.202 - - [09/Mar/2017:15:29:33 -0300] "GET /cormun/servlet/hhome HTTP/1.1" 200 3962
186.79.38.202 - - [09/Mar/2017:15:29:35 -0300] "GET /cormun/servlet/hhome HTTP/1.1" 200 3959
186.79.38.202 - - [09/Mar/2017:15:29:41 -0300] "GET /cormun/servlet/trautorizarsolicitud? HTTP/1.1" 200 6885
186.79.38.202 - - [09/Mar/2017:15:29:41 -0300] "GET /cormun/static/gxcfg.js?2017259112829 HTTP/1.1" 304 -
186.79.38.202 - - [09/Mar/2017:15:29:41 -0300] "GET /cormun/static/trautorizarsolicitud.js?2017259113483 HTTP/1.1" 304 -
186.79.38.202 - - [09/Mar/2017:15:29:42 -0300] "GET /cormun/servlet/trautorizarsolicitud? HTTP/1.1" 200 6885
186.79.38.202 - - [09/Mar/2017:15:29:49 -0300] "POST /cormun/servlet/trautorizarsolicitud?c6989d8e9eb050be97dc4662244cf26d,,gx-no-cache=1489084119275 HTTP/1.1" 200 4111
186.79.38.202 - - [09/Mar/2017:15:29:57 -0300] "POST /cormun/servlet/trautorizarsolicitud?c6989d8e9eb050be97dc4662244cf26d,,gx-no-cache=1489084127654 HTTP/1.1" 200 4112
186.79.38.202 - - [09/Mar/2017:15:30:02 -0300] "POST /cormun/servlet/trautorizarsolicitud?c6989d8e9eb050be97dc4662244cf26d,,gx-no-cache=1489084133115 HTTP/1.1" 200 5410
186.79.38.202 - - [09/Mar/2017:15:30:17 -0300] "POST /cormun/servlet/trautorizarsolicitud?c6989d8e9eb050be97dc4662244cf26d,,gx-no-cache=1489084144543 HTTP/1.1" 200 5758
186.79.38.202 - - [09/Mar/2017:15:31:13 -0300] "POST /cormun/servlet/trautorizarsolicitud?c6989d8e9eb050be97dc4662244cf26d,,gx-no-cache=1489084199229 HTTP/1.1" 200 6623
186.103.132.155 - - [09/Mar/2017:15:32:33 -0300] "POST /cormun/servlet/solicitudotadjuntos?7ce733e859f19a4a9dd498a162f59354,INS,2017,5385,,1, HTTP/1.1" 200 6320
186.79.38.202 - - [09/Mar/2017:15:33:10 -0300] "GET /cormun/servlet/trvisualizadoreventos? HTTP/1.1" 200 8593
186.79.38.202 - - [09/Mar/2017:15:33:12 -0300] "GET /cormun/servlet/trvisualizadoreventos? HTTP/1.1" 200 8593
186.79.38.202 - - [09/Mar/2017:15:33:23 -0300] "POST /cormun/servlet/trvisualizadoreventos?c6989d8e9eb050be97dc4662244cf26d,,gx-no-cache=1489084332047 HTTP/1.1" 200 5280
186.103.132.155 - - [09/Mar/2017:15:33:44 -0300] "POST /cormun/servlet/solicitudotadjuntos?gx-no-cache=1489080892269 HTTP/1.1" 200 26
186.79.38.202 - - [09/Mar/2017:15:33:48 -0300] "POST /cormun/servlet/trvisualizadoreventos?c6989d8e9eb050be97dc4662244cf26d,,gx-no-cache=1489084357645 HTTP/1.1" 200 5259
186.79.38.202 - - [09/Mar/2017:15:33:52 -0300] "POST /cormun/servlet/trvisualizadoreventos?c6989d8e9eb050be97dc4662244cf26d,,gx-no-cache=1489084362514 HTTP/1.1" 200 5259
186.103.132.155 - - [09/Mar/2017:15:33:54 -0300] "GET /cormun/servlet/solicitudotadjuntos?877126d5690d8a5e5807bb451bd7d4c15a03856028994fd39374b88030528b3c,gx-no-cache=1489080903335 HTTP/1.1" 200 30
186.103.132.155 - - [09/Mar/2017:15:33:55 -0300] "GET /cormun/servlet/solicitudotadjuntos?877126d5690d8a5e5807bb451bd7d4c15a03856028994fd39374b88030528b3c,gx-no-cache=1489080904448 HTTP/1.1" 200 30
186.79.38.202 - - [09/Mar/2017:15:33:59 -0300] "POST /cormun/servlet/trvisualizadoreventos?c6989d8e9eb050be97dc4662244cf26d,,gx-no-cache=1489084369437 HTTP/1.1" 200 5962
186.79.38.202 - - [09/Mar/2017:15:34:16 -0300] "POST /cormun/servlet/trvisualizadoreventos?c6989d8e9eb050be97dc4662244cf26d,,gx-no-cache=1489084385050 HTTP/1.1" 200 5280
186.79.38.202 - - [09/Mar/2017:15:34:26 -0300] "POST /cormun/servlet/trvisualizadoreventos?c6989d8e9eb050be97dc4662244cf26d,,gx-no-cache=1489084394726 HTTP/1.1" 200 3967
186.9.132.225 - - [09/Mar/2017:15:36:01 -0300] "POST /cormun/servlet/solicitudotadjuntos?gx-no-cache=1489084627143 HTTP/1.1" 200 26
186.9.132.225 - - [09/Mar/2017:15:36:15 -0300] "GET /cormun/servlet/solicitudotadjuntos?5c7c8e400ac5df0a315728ed58bc728ae5f309db2eff43134e0740ebf3770f03,gx-no-cache=1489084642432 HTTP/1.1" 200 30
186.9.132.225 - - [09/Mar/2017:15:36:16 -0300] "GET /cormun/servlet/solicitudotadjuntos?5c7c8e400ac5df0a315728ed58bc728ae5f309db2eff43134e0740ebf3770f03,gx-no-cache=1489084643369 HTTP/1.1" 200 30
186.9.132.225 - - [09/Mar/2017:15:36:52 -0300] "POST /cormun/servlet/solicitudotadjuntos?134d7d74e672092b6c6732fe38a74946,INS,2017,5376,,2, HTTP/1.1" 200 116
186.9.132.225 - - [09/Mar/2017:15:36:54 -0300] "GET /cormun/servlet/hpexe_return? HTTP/1.1" 200 1024
186.9.132.225 - - [09/Mar/2017:15:36:56 -0300] "GET /cormun/servlet/trsolicitudadjuntos?2017,5376, HTTP/1.1" 200 8657
186.9.132.225 - - [09/Mar/2017:15:37:00 -0300] "GET /cormun/servlet/trsolicitudadjuntos?2017,5376, HTTP/1.1" 200 8653
192.168.10.96 - - [09/Mar/2017:15:37:01 -0300] "GET /cormun/servlet/vesolicitudnombre?2017,4740,,SolicitudOTAdjuntos HTTP/1.1" 200 10160
192.168.10.96 - - [09/Mar/2017:15:37:02 -0300] "GET /cormun/servlet/vesolicitudnombre?2017,4740,,SolicitudOTAdjuntos HTTP/1.1" 200 10161
192.168.10.96 - - [09/Mar/2017:15:37:03 -0300] "POST /cormun/servlet/acontrolpreferencessavestate?None,DZAMUDIO,true HTTP/1.1" 200 35
192.168.10.96 - - [09/Mar/2017:15:37:05 -0300] "GET /cormun/servlet/trsolicitudgral? HTTP/1.1" 200 24336
192.168.10.96 - - [09/Mar/2017:15:37:06 -0300] "GET /cormun/servlet/trsolicitudgral? HTTP/1.1" 200 24336
192.168.10.96 - - [09/Mar/2017:15:37:08 -0300] "GET /cormun/servlet/trsolicitudgral? HTTP/1.1" 200 24336
186.9.132.225 - - [09/Mar/2017:15:37:10 -0300] "GET /cormun/servlet/solicitudotadjuntos?INS,2017,5376,,1, HTTP/1.1" 200 5994
192.168.10.96 - - [09/Mar/2017:15:37:11 -0300] "GET /cormun/servlet/trsolicitudgral? HTTP/1.1" 200 24318
186.9.132.225 - - [09/Mar/2017:15:37:12 -0300] "GET /cormun/static/about:blank HTTP/1.1" 404 1011
186.9.132.225 - - [09/Mar/2017:15:37:14 -0300] "GET /cormun/servlet/solicitudotadjuntos?INS,2017,5376,,1, HTTP/1.1" 200 5988
186.9.132.225 - - [09/Mar/2017:15:37:14 -0300] "GET /cormun/servlet/solicitudotadjuntos?5c7c8e400ac5df0a315728ed58bc728a8213212148053882eeab9387c37233d00fbb882246565ce0dbf7582f7715a2b2,gx-no-cache=1489084701776 HTTP/1.1" 200 30
186.9.132.225 - - [09/Mar/2017:15:37:20 -0300] "POST /cormun/servlet/solicitudotadjuntos?134d7d74e672092b6c6732fe38a74946,INS,2017,5376,,1,,gx-no-cache=1489084704520 HTTP/1.1" 200 3646
186.9.132.225 - - [09/Mar/2017:15:37:27 -0300] "GET /cormun/servlet/solicitudotadjuntos?91bc6f11eabbdd26a8515fb7495b503835bd01b96b68d874ddccee7b2077e7ccc5f4bef7ab653d5283a652c623e6844f44ab3ca767901fce273b283409b50540ca443f9d2db3aa144863a09574c5f4749e07434ece30bcf0ba7b7625081ab2f8e59620f751c4cc7483854265d4bdc1fffa52780c1877b7d8bbf0aa399bfd308efde0a93a4a88f06c91e16949f82ba4d9,gx-no-cache=1489084714233 HTTP/1.1" 200 26
192.168.10.96 - - [09/Mar/2017:15:37:28 -0300] "POST /cormun/servlet/trsolicitudgral?baf21880bb65964a6a445aac0c3c647d,,gx-no-cache=1489087931859 HTTP/1.1" 200 6695
186.9.132.225 - - [09/Mar/2017:15:37:39 -0300] "GET /cormun/servlet/solicitudotadjuntos?5c7c8e400ac5df0a315728ed58bc728ae5f309db2eff43134e0740ebf3770f03,gx-no-cache=1489084725468 HTTP/1.1" 200 30
186.9.132.225 - - [09/Mar/2017:15:37:39 -0300] "GET /cormun/servlet/solicitudotadjuntos?5c7c8e400ac5df0a315728ed58bc728ae5f309db2eff43134e0740ebf3770f03,gx-no-cache=1489084726912 HTTP/1.1" 200 30
192.168.10.96 - - [09/Mar/2017:15:37:44 -0300] "GET /cormun/servlet/solicitudgral?UPD,2017,5309, HTTP/1.1" 200 11893
192.168.10.96 - - [09/Mar/2017:15:37:44 -0300] "GET /cormun/static/gxcfg.js?2017261155185 HTTP/1.1" 304 -
192.168.10.96 - - [09/Mar/2017:15:37:44 -0300] "GET /cormun/static/solicitudgral.js?2017261155246 HTTP/1.1" 304 -
192.168.10.96 - - [09/Mar/2017:15:37:44 -0300] "GET /cormun/servlet/solicitudgral?UPD,2017,5309, HTTP/1.1" 200 11902
192.168.10.96 - - [09/Mar/2017:15:37:45 -0300] "POST /cormun/servlet/solicitudgral?gx-no-cache=1489087948823 HTTP/1.1" 200 3153
192.168.10.96 - - [09/Mar/2017:15:37:45 -0300] "GET /cormun/servlet/solicitudgral?17c28dc2e0a08f9d3cde381c48226a09d104b6a511eb0bc6bc3332c4d895d318e340fcfff972b73b2cfd934e55094c4df3c7ffbb947897802112f7f5fa92fbf88f9642728ec86d8080aa8dffa09669b959dfdf8433c91f6ad8c43fe08509bfd50ed3398348118d1bcb3eacf3073faa8964f98f7ca88807d0147c9da9d097b85d4aa098837c01972c0f82515c76eb816bc0a4974adca4d117efe4b52bf75fbc4853150ade38dcab00af854e00a7be747636f32161662e8b314d1f678875e2a30e589fa28f62073804cc6b372d640c31dd8e1eae7b686872a0cbccd420581ea9022bba7284aeb0293ac78f10b5dfec4f4176b9ff15256088110f2ce042e1bfd33f65a35cd243069ef494f4a38d8d0c170c0bb6c426ea7e998f2ebca93f835bec7ec7ad0f9c3d9fa85b90b89ca6422b308c01339197a45b5d430bafc245acae94fc100c0c363d487bcb01dbd430fa5de2b8,gx-no-cache=1489087948976 HTTP/1.1" 200 257
192.168.10.96 - - [09/Mar/2017:15:37:46 -0300] "GET /cormun/servlet/solicitudgral?17c28dc2e0a08f9d3cde381c48226a0932492a1ac8177c010bcffe33305b3406c55ef4f0f3615f76ce1ad6d273cb220ea99746d8ee4bb995bb4fd09d401f3752f6a5341bac7b6ac9077fb873d4935285d25f38464a0dc734cdf066834cc931382fefd85f3319526150e028876b2423fabdb7830dcd415d9f09b41cfa30e8ccfc27dd7ca876aa3b3c2b423082986419be7216b2b26c037750322add29b2abc25b263fb5bf2f6c12b6509a90f51b9394325474cfdaae307848c2bcadf7b5756dabbb6200c1503733a214a520b4481849d1668a85c9967eff24bf3f5404e413faa0fe242537dd39ef01ba74ad34af8a93847fa0aa4c08efda9a6554f3273032a21078f5501b0ca1bc520a418a9dfd538286b5cdcf94a7475c3da53fc372041202fdad5e0cee4aa4ba47fea2e41c798f350aa68b9a16e7bb7d00849e75584cf28f0b4ab17a79f1dd65e87e810ae00a0626fda681c11fd229071dc331e43ec0d351ae31ef5bb2f4401b983f1d416622bcb14c36113d91448a01451e67ade4eb83fe475f4f108e1820e25b93a7194ccd0b71831487f8f143373507ebdacebb60c01c38a5dbf017faec8df03274cd73dd96dcec59aa5de3f0d87e5179a7d11da617815ef94122d2e27ccbb758cc4b6a14fcbfb9950f49b702cdb418cb827861dcf961621711ab391ff382842c9d3a622a1a637be68d63c60efa70dd2edb79999b3b0fc9608601e3a8c12af7df55e0aabc1be81987fa95c39306e6831fafe0f46b45b42d0a8fbf5d76e46a3d35a728ec72399671,gx-no-cache=1489087950350 HTTP/1.1" 200 48
192.168.10.96 - - [09/Mar/2017:15:37:46 -0300] "POST /cormun/servlet/solicitudgral?baf21880bb65964a6a445aac0c3c647d,UPD,2017,5309,,gx-no-cache=1489087950428 HTTP/1.1" 200 10549
192.168.10.96 - - [09/Mar/2017:15:37:47 -0300] "GET /cormun/servlet/solicitudgral?17c28dc2e0a08f9d3cde381c48226a09055ab63f3dae284bb45b82e88a2f47e11291ecff6a47c67ed2e20a79c2e4390d9b81efb7905bacd68f057a0b1d4f0ef96e5fd919ad6b5067d9abf65cd7f264e09b27c161d87d6f1ab84544d581f3dcb2858a381028d02fe07c0d4cf471376db333f9565ff08c25033138f6cc10ae80f67be2203380f844aceb6604f8085c54c73c8def165195114c5ae15bc28aa463cd4a00d08ed7a94e99c6176dda3b9be64d1247e56d46d37519df2a6ab091162204fd12f1621214b9c79741431be705f15e,gx-no-cache=1489087950627 HTTP/1.1" 200 29
192.168.10.96 - - [09/Mar/2017:15:37:47 -0300] "POST /cormun/servlet/solicitudgral?gx-no-cache=1489087950643 HTTP/1.1" 200 1251
192.168.10.96 - - [09/Mar/2017:15:37:47 -0300] "POST /cormun/servlet/solicitudgral?gx-no-cache=1489087950708 HTTP/1.1" 200 1154
192.168.10.96 - - [09/Mar/2017:15:37:56 -0300] "GET /cormun/servlet/solicitudgral?17c28dc2e0a08f9d3cde381c48226a09055ab63f3dae284bb45b82e88a2f47e11291ecff6a47c67ed2e20a79c2e4390d0e5c43863b41894db278c687dda5c5596e5fd919ad6b5067d9abf65cd7f264e09b27c161d87d6f1ab84544d581f3dcb2858a381028d02fe07c0d4cf471376db333f9565ff08c25033138f6cc10ae80f67be2203380f844aceb6604f8085c54c73c8def165195114c5ae15bc28aa463cd4a00d08ed7a94e99c6176dda3b9be64d1247e56d46d37519df2a6ab091162204fd12f1621214b9c79741431be705f15e,gx-no-cache=1489087959911 HTTP/1.1" 200 30
192.168.10.96 - - [09/Mar/2017:15:38:04 -0300] "POST /cormun/servlet/solicitudgral?baf21880bb65964a6a445aac0c3c647d,UPD,2017,5309,,gx-no-cache=1489087968146 HTTP/1.1" 200 90
192.168.10.96 - - [09/Mar/2017:15:38:04 -0300] "GET /cormun/servlet/hpexe_link HTTP/1.1" 200 968
192.168.10.96 - - [09/Mar/2017:15:38:04 -0300] "GET /cormun/servlet/trsolicitudgral? HTTP/1.1" 200 9699
192.168.10.96 - - [09/Mar/2017:15:38:05 -0300] "GET /cormun/servlet/trsolicitudgral? HTTP/1.1" 200 9698
192.168.10.96 - - [09/Mar/2017:15:38:07 -0300] "GET /cormun/servlet/solicitudgral?UPD,2017,5309, HTTP/1.1" 200 11893
192.168.10.96 - - [09/Mar/2017:15:38:07 -0300] "GET /cormun/servlet/solicitudgral?UPD,2017,5309, HTTP/1.1" 200 11902
192.168.10.96 - - [09/Mar/2017:15:38:08 -0300] "POST /cormun/servlet/solicitudgral?gx-no-cache=1489087971548 HTTP/1.1" 200 3153
192.168.10.96 - - [09/Mar/2017:15:38:08 -0300] "GET /cormun/servlet/solicitudgral?17c28dc2e0a08f9d3cde381c48226a09d104b6a511eb0bc6bc3332c4d895d318e340fcfff972b73b2cfd934e55094c4df3c7ffbb947897802112f7f5fa92fbf88f9642728ec86d8080aa8dffa09669b959dfdf8433c91f6ad8c43fe08509bfd50ed3398348118d1bcb3eacf3073faa8964f98f7ca88807d0147c9da9d097b85d4aa098837c01972c0f82515c76eb816bc0a4974adca4d117efe4b52bf75fbc4853150ade38dcab00af854e00a7be747636f32161662e8b314d1f678875e2a30e589fa28f62073804cc6b372d640c31dd8e1eae7b686872a0cbccd420581ea9022bba7284aeb0293ac78f10b5dfec4f4176b9ff15256088110f2ce042e1bfd33f65a35cd243069ef494f4a38d8d0c170c0bb6c426ea7e998f2ebca93f835bec7ec7ad0f9c3d9fa85b90b89ca6422b308c01339197a45b5d430bafc245acae94fc100c0c363d487bcb01dbd430fa5de2b8,gx-no-cache=1489087971678 HTTP/1.1" 200 257
186.103.132.155 - - [09/Mar/2017:15:38:08 -0300] "POST /cormun/servlet/solicitudotadjuntos?7ce733e859f19a4a9dd498a162f59354,INS,2017,5385,,1, HTTP/1.1" 200 6320
192.168.10.96 - - [09/Mar/2017:15:38:10 -0300] "GET /cormun/servlet/solicitudgral?17c28dc2e0a08f9d3cde381c48226a0932492a1ac8177c010bcffe33305b3406c55ef4f0f3615f76ce1ad6d273cb220ea99746d8ee4bb995bb4fd09d401f3752f6a5341bac7b6ac9077fb873d4935285d25f38464a0dc734cdf066834cc931382fefd85f3319526150e028876b2423fabdb7830dcd415d9f09b41cfa30e8ccfc27dd7ca876aa3b3c2b423082986419be7216b2b26c037750322add29b2abc25b263fb5bf2f6c12b6509a90f51b9394325474cfdaae307848c2bcadf7b5756dabbb6200c1503733a214a520b4481849d1668a85c9967eff24bf3f5404e413faa0fe242537dd39ef01ba74ad34af8a93847fa0aa4c08efda9a6554f3273032a21078f5501b0ca1bc520a418a9dfd538286b5cdcf94a7475c3da53fc372041202fdad5e0cee4aa4ba47fea2e41c798f350aa68b9a16e7bb7d00849e75584cf28f0b4ab17a79f1dd65e87e810ae00a0626fda681c11fd229071dc331e43ec0d351ae31ef5bb2f4401b983f1d416622bcb14c36113d91448a01451e67ade4eb83fe475f4f108e1820e25b93a7194ccd0b71831487f8f143373507ebdacebb60c01c38a5dbf017faec8df03274cd73dd96dcec59aa5de3f0d87e5179a7d11da617815ef94122d2e27ccbb758cc4b6a14fcbfb9950f49b702cdb418cb827861dcf961621711ab391ff382842c9d3a622a1a637be68d63c60efa70dd2edb79999b3b0fc9608601e3a8c12af7df55e0aabc1be81987fa95c39306e6831fafe0f46b45b42d0a8fbf5d76e46a3d35a728ec72399671,gx-no-cache=1489087974574 HTTP/1.1" 200 48
192.168.10.96 - - [09/Mar/2017:15:38:11 -0300] "POST /cormun/servlet/solicitudgral?baf21880bb65964a6a445aac0c3c647d,UPD,2017,5309,,gx-no-cache=1489087974599 HTTP/1.1" 200 10549
192.168.10.96 - - [09/Mar/2017:15:38:11 -0300] "GET /cormun/servlet/solicitudgral?17c28dc2e0a08f9d3cde381c48226a09055ab63f3dae284bb45b82e88a2f47e11291ecff6a47c67ed2e20a79c2e4390d9b81efb7905bacd68f057a0b1d4f0ef96e5fd919ad6b5067d9abf65cd7f264e09b27c161d87d6f1ab84544d581f3dcb2858a381028d02fe07c0d4cf471376db333f9565ff08c25033138f6cc10ae80f67be2203380f844aceb6604f8085c54c73c8def165195114c5ae15bc28aa463cd4a00d08ed7a94e99c6176dda3b9be64d1247e56d46d37519df2a6ab091162204fd12f1621214b9c79741431be705f15e,gx-no-cache=1489087974783 HTTP/1.1" 200 29
192.168.10.96 - - [09/Mar/2017:15:38:11 -0300] "POST /cormun/servlet/solicitudgral?gx-no-cache=1489087974799 HTTP/1.1" 200 1251
192.168.10.96 - - [09/Mar/2017:15:38:11 -0300] "POST /cormun/servlet/solicitudgral?gx-no-cache=1489087974839 HTTP/1.1" 200 1154
192.168.10.96 - - [09/Mar/2017:15:38:22 -0300] "GET /cormun/servlet/solicitudgral?17c28dc2e0a08f9d3cde381c48226a09055ab63f3dae284bb45b82e88a2f47e11291ecff6a47c67ed2e20a79c2e4390d0e5c43863b41894db278c687dda5c5596e5fd919ad6b5067d9abf65cd7f264e09b27c161d87d6f1ab84544d581f3dcb2858a381028d02fe07c0d4cf471376db333f9565ff08c25033138f6cc10ae80f67be2203380f844aceb6604f8085c54c73c8def165195114c5ae15bc28aa463cd4a00d08ed7a94e99c6176dda3b9be64d1247e56d46d37519df2a6ab091162204fd12f1621214b9c79741431be705f15e,gx-no-cache=1489087985954 HTTP/1.1" 200 30
192.168.10.96 - - [09/Mar/2017:15:38:23 -0300] "POST /cormun/servlet/solicitudgral?gx-no-cache=1489087987351 HTTP/1.1" 200 1251
192.168.10.96 - - [09/Mar/2017:15:38:23 -0300] "POST /cormun/servlet/solicitudgral?gx-no-cache=1489087987407 HTTP/1.1" 200 1154
192.168.10.96 - - [09/Mar/2017:15:38:23 -0300] "POST /cormun/servlet/solicitudgral?baf21880bb65964a6a445aac0c3c647d,UPD,2017,5309,,gx-no-cache=1489087987459 HTTP/1.1" 200 93
192.168.10.96 - - [09/Mar/2017:15:38:23 -0300] "GET /cormun/servlet/hpexe_return? HTTP/1.1" 200 1009
192.168.10.96 - - [09/Mar/2017:15:38:24 -0300] "GET /cormun/static/gxcfg.js?2016101716175148 HTTP/1.1" 304 -
192.168.10.96 - - [09/Mar/2017:15:38:24 -0300] "GET /cormun/servlet/trsolicitudgral HTTP/1.1" 200 9699
192.168.10.96 - - [09/Mar/2017:15:38:24 -0300] "GET /cormun/servlet/trsolicitudgral HTTP/1.1" 200 9695
186.9.132.225 - - [09/Mar/2017:15:38:56 -0300] "POST /cormun/servlet/solicitudotadjuntos?134d7d74e672092b6c6732fe38a74946,INS,2017,5376,,1, HTTP/1.1" 200 116
186.9.132.225 - - [09/Mar/2017:15:38:57 -0300] "GET /cormun/servlet/hpexe_return? HTTP/1.1" 200 1024
186.9.132.225 - - [09/Mar/2017:15:38:59 -0300] "GET /cormun/servlet/trsolicitudadjuntos?2017,5376, HTTP/1.1" 200 8831
186.9.132.225 - - [09/Mar/2017:15:39:04 -0300] "GET /cormun/servlet/trsolicitudadjuntos?2017,5376, HTTP/1.1" 200 8830
186.9.132.225 - - [09/Mar/2017:15:39:17 -0300] "GET /cormun/servlet/trsolicitudot? HTTP/1.1" 200 8490
186.9.132.225 - - [09/Mar/2017:15:39:21 -0300] "GET /cormun/servlet/trsolicitudot? HTTP/1.1" 200 8483
186.9.132.225 - - [09/Mar/2017:15:39:42 -0300] "POST /cormun/servlet/trsolicitudot?134d7d74e672092b6c6732fe38a74946,,gx-no-cache=1489084844012 HTTP/1.1" 200 5431
186.9.132.225 - - [09/Mar/2017:15:39:45 -0300] "GET /cormun/static/Shared/jqueryui/images/ui-bg_highlight-soft_100_c6c2c8_1x100.png HTTP/1.1" 404 1117
186.9.132.225 - - [09/Mar/2017:15:39:46 -0300] "GET /cormun/static/Shared/jqueryui/images/ui-icons_8d78a5_256x240.png HTTP/1.1" 404 1089
186.9.132.225 - - [09/Mar/2017:15:39:47 -0300] "GET /cormun/static/Shared/jqueryui/images/ui-icons_82798d_256x240.png HTTP/1.1" 404 1089
186.9.132.225 - - [09/Mar/2017:15:39:49 -0300] "GET /cormun/static/Shared/jqueryui/images/ui-bg_flat_55_fafafa_40x100.png HTTP/1.1" 404 1097
186.9.132.225 - - [09/Mar/2017:15:39:52 -0300] "POST /cormun/servlet/trsolicitudot?134d7d74e672092b6c6732fe38a74946,,gx-no-cache=1489084852218 HTTP/1.1" 200 5375
186.9.132.225 - - [09/Mar/2017:15:40:18 -0300] "POST /cormun/servlet/trsolicitudot?134d7d74e672092b6c6732fe38a74946,,gx-no-cache=1489084881090 HTTP/1.1" 200 106
186.9.132.225 - - [09/Mar/2017:15:40:20 -0300] "GET /cormun/servlet/trsolicitudadjuntos?2017,5375, HTTP/1.1" 200 6063
186.9.132.225 - - [09/Mar/2017:15:40:22 -0300] "GET /cormun/servlet/trsolicitudadjuntos?2017,5375, HTTP/1.1" 200 6063
186.9.132.225 - - [09/Mar/2017:15:40:25 -0300] "GET /cormun/servlet/solicitudotadjuntos?INS,2017,5375,,1, HTTP/1.1" 200 5995
186.9.132.225 - - [09/Mar/2017:15:40:28 -0300] "GET /cormun/static/about:blank HTTP/1.1" 404 1011
186.9.132.225 - - [09/Mar/2017:15:40:29 -0300] "GET /cormun/servlet/solicitudotadjuntos?INS,2017,5375,,1, HTTP/1.1" 200 5988
186.9.132.225 - - [09/Mar/2017:15:40:32 -0300] "GET /cormun/servlet/solicitudotadjuntos?5c7c8e400ac5df0a315728ed58bc728a17879f6ee8fde36289fa91225f0a2f1f0fbb882246565ce0dbf7582f7715a2b2,gx-no-cache=1489084896708 HTTP/1.1" 200 30
186.9.132.225 - - [09/Mar/2017:15:40:37 -0300] "POST /cormun/servlet/solicitudotadjuntos?134d7d74e672092b6c6732fe38a74946,INS,2017,5375,,1,,gx-no-cache=1489084901275 HTTP/1.1" 200 3647
186.9.132.225 - - [09/Mar/2017:15:40:44 -0300] "GET /cormun/servlet/solicitudotadjuntos?91bc6f11eabbdd26a8515fb7495b503835bd01b96b68d874ddccee7b2077e7ccc5f4bef7ab653d5283a652c623e6844f44ab3ca767901fce273b283409b50540ca443f9d2db3aa144863a09574c5f4749e07434ece30bcf0ba7b7625081ab2f8e59620f751c4cc7483854265d4bdc1fffa52780c1877b7d8bbf0aa399bfd308efde0a93a4a88f06c91e16949f82ba4d9,gx-no-cache=1489084911207 HTTP/1.1" 200 26
186.9.132.225 - - [09/Mar/2017:15:41:31 -0300] "GET /cormun/servlet/solicitudotadjuntos?5c7c8e400ac5df0a315728ed58bc728ae5f309db2eff43134e0740ebf3770f03,gx-no-cache=1489084957650 HTTP/1.1" 200 30
186.9.132.225 - - [09/Mar/2017:15:41:34 -0300] "GET /cormun/servlet/solicitudotadjuntos?5c7c8e400ac5df0a315728ed58bc728ae5f309db2eff43134e0740ebf3770f03,gx-no-cache=1489084961208 HTTP/1.1" 200 30
186.103.132.155 - - [09/Mar/2017:15:42:13 -0300] "POST /cormun/servlet/solicitudotadjuntos?7ce733e859f19a4a9dd498a162f59354,INS,2017,5385,,1, HTTP/1.1" 200 6320
201.214.54.252 - - [09/Mar/2017:15:42:43 -0300] "GET /cormun/servlet/hlogin HTTP/1.1" 200 1720
201.214.54.252 - - [09/Mar/2017:15:42:45 -0300] "POST /cormun/servlet/hlogin?aad684c267b4974919c1817a7d2e0361,gx-no-cache=1489085034887 HTTP/1.1" 200 90
201.214.54.252 - - [09/Mar/2017:15:42:46 -0300] "GET /cormun/servlet/hpexe_link HTTP/1.1" 200 955
201.214.54.252 - - [09/Mar/2017:15:42:46 -0300] "GET /cormun/servlet/hhome HTTP/1.1" 200 3950
201.214.54.252 - - [09/Mar/2017:15:42:47 -0300] "GET /cormun/servlet/hhome HTTP/1.1" 200 3947
201.214.54.252 - - [09/Mar/2017:15:42:51 -0300] "GET /cormun/servlet/trsolicitudot? HTTP/1.1" 200 6924
201.214.54.252 - - [09/Mar/2017:15:42:51 -0300] "GET /cormun/static/gxcfg.js?20171191044697 HTTP/1.1" 200 953
201.214.54.252 - - [09/Mar/2017:15:42:51 -0300] "GET /cormun/static/gxdec.js?85251 HTTP/1.1" 304 -
201.214.54.252 - - [09/Mar/2017:15:42:51 -0300] "GET /cormun/static/trsolicitudot.js?20171191045625 HTTP/1.1" 200 53117
201.214.54.252 - - [09/Mar/2017:15:42:52 -0300] "GET /cormun/static/Resources/PXTools/calendar.png HTTP/1.1" 200 1306
201.214.54.252 - - [09/Mar/2017:15:42:52 -0300] "GET /cormun/static/Resources/PXToolsDataSearch.png HTTP/1.1" 200 419
201.214.54.252 - - [09/Mar/2017:15:42:52 -0300] "GET /cormun/static/Resources/PXToolsGridFirstDisabled.gif HTTP/1.1" 200 100
201.214.54.252 - - [09/Mar/2017:15:42:52 -0300] "GET /cormun/static/Resources/PXToolsGridPreviousDisabled.gif HTTP/1.1" 200 90
201.214.54.252 - - [09/Mar/2017:15:42:52 -0300] "GET /cormun/static/Resources/PXToolsGridPage.gif HTTP/1.1" 200 725
201.214.54.252 - - [09/Mar/2017:15:42:52 -0300] "GET /cormun/static/Resources/PXToolsGridLastDisabled.gif HTTP/1.1" 200 98
201.214.54.252 - - [09/Mar/2017:15:42:52 -0300] "GET /cormun/static/Resources/PXToolsGridNextDisabled.gif HTTP/1.1" 200 90
201.214.54.252 - - [09/Mar/2017:15:42:52 -0300] "GET /cormun/static/Resources/PXToolsActionExcel.png HTTP/1.1" 200 3187
201.214.54.252 - - [09/Mar/2017:15:42:52 -0300] "GET /cormun/static/Resources/PXToolsGridNew.png HTTP/1.1" 200 2949
201.214.54.252 - - [09/Mar/2017:15:42:52 -0300] "GET /cormun/static/Resources/asc.gif HTTP/1.1" 200 67
201.214.54.252 - - [09/Mar/2017:15:42:52 -0300] "GET /cormun/static/Resources/desc.gif HTTP/1.1" 200 65
201.214.54.252 - - [09/Mar/2017:15:42:52 -0300] "GET /cormun/servlet/trsolicitudot? HTTP/1.1" 200 6923
201.214.54.252 - - [09/Mar/2017:15:42:52 -0300] "GET /cormun/static/Shared/ext/resources/themes/images/default/tools/tool-sprites.gif HTTP/1.1" 200 5434
201.214.54.252 - - [09/Mar/2017:15:42:52 -0300] "GET /cormun/static/Shared/ext/resources/themes/images/default/panel/bg-headersPanel.png HTTP/1.1" 200 255
186.9.132.225 - - [09/Mar/2017:15:42:56 -0300] "POST /cormun/servlet/solicitudotadjuntos?134d7d74e672092b6c6732fe38a74946,INS,2017,5375,,1, HTTP/1.1" 200 116
186.9.132.225 - - [09/Mar/2017:15:42:57 -0300] "GET /cormun/servlet/hpexe_return? HTTP/1.1" 200 1024
186.9.132.225 - - [09/Mar/2017:15:42:59 -0300] "GET /cormun/servlet/trsolicitudadjuntos?2017,5375, HTTP/1.1" 200 8175
186.9.132.225 - - [09/Mar/2017:15:43:04 -0300] "GET /cormun/servlet/trsolicitudadjuntos?2017,5375, HTTP/1.1" 200 8172
186.9.132.225 - - [09/Mar/2017:15:43:18 -0300] "GET /cormun/servlet/solicitudotadjuntos?INS,2017,5375,,2, HTTP/1.1" 200 5995
186.9.132.225 - - [09/Mar/2017:15:43:22 -0300] "GET /cormun/static/about:blank HTTP/1.1" 404 1011
186.9.132.225 - - [09/Mar/2017:15:43:22 -0300] "GET /cormun/servlet/solicitudotadjuntos?INS,2017,5375,,2, HTTP/1.1" 200 5988
186.9.132.225 - - [09/Mar/2017:15:43:23 -0300] "GET /cormun/servlet/solicitudotadjuntos?5c7c8e400ac5df0a315728ed58bc728a17879f6ee8fde36289fa91225f0a2f1f0fbb882246565ce0dbf7582f7715a2b2,gx-no-cache=1489085070125 HTTP/1.1" 200 30
186.9.132.225 - - [09/Mar/2017:15:43:28 -0300] "POST /cormun/servlet/solicitudotadjuntos?134d7d74e672092b6c6732fe38a74946,INS,2017,5375,,2,,gx-no-cache=1489085071955 HTTP/1.1" 200 4183
186.9.132.225 - - [09/Mar/2017:15:43:42 -0300] "POST /cormun/servlet/solicitudotadjuntos?gx-no-cache=1489085088147 HTTP/1.1" 200 26
186.9.132.225 - - [09/Mar/2017:15:44:00 -0300] "GET /cormun/servlet/solicitudotadjuntos?5c7c8e400ac5df0a315728ed58bc728ae5f309db2eff43134e0740ebf3770f03,gx-no-cache=1489085106515 HTTP/1.1" 200 30
186.9.132.225 - - [09/Mar/2017:15:44:01 -0300] "GET /cormun/servlet/solicitudotadjuntos?5c7c8e400ac5df0a315728ed58bc728ae5f309db2eff43134e0740ebf3770f03,gx-no-cache=1489085108248 HTTP/1.1" 200 30
201.214.54.252 - - [09/Mar/2017:15:44:43 -0300] "GET /cormun/servlet/solicitudot?INS,0,0, HTTP/1.1" 200 12752
201.214.54.252 - - [09/Mar/2017:15:44:43 -0300] "GET /cormun/static/gxcfg.js?20171191042720 HTTP/1.1" 200 953
201.214.54.252 - - [09/Mar/2017:15:44:43 -0300] "GET /cormun/static/Resources/prompt.gif HTTP/1.1" 200 902
201.214.54.252 - - [09/Mar/2017:15:44:43 -0300] "GET /cormun/static/solicitudot.js?2017119104297 HTTP/1.1" 200 63948
201.214.54.252 - - [09/Mar/2017:15:44:44 -0300] "GET /cormun/servlet/solicitudot?INS,0,0, HTTP/1.1" 200 12757
201.214.54.252 - - [09/Mar/2017:15:44:56 -0300] "POST /cormun/servlet/solicitudot?gx-no-cache=1489085165365 HTTP/1.1" 200 3081
201.214.54.252 - - [09/Mar/2017:15:44:57 -0300] "POST /cormun/servlet/solicitudot?aad684c267b4974919c1817a7d2e0361,INS,0,0,,gx-no-cache=1489085166113 HTTP/1.1" 200 9866
201.214.54.252 - - [09/Mar/2017:15:45:00 -0300] "GET /cormun/servlet/solicitudot?657e4c4a2aa551b49bd7f0a8120d16d328200f90f549849e3308bbb38109ecae4610a969d97f73d23b468605a87ba88f,gx-no-cache=1489085169645 HTTP/1.1" 200 30
186.9.132.225 - - [09/Mar/2017:15:45:04 -0300] "POST /cormun/servlet/solicitudotadjuntos?134d7d74e672092b6c6732fe38a74946,INS,2017,5375,,2, HTTP/1.1" 200 116
186.9.132.225 - - [09/Mar/2017:15:45:05 -0300] "GET /cormun/servlet/hpexe_return? HTTP/1.1" 200 1024
186.9.132.225 - - [09/Mar/2017:15:45:06 -0300] "GET /cormun/servlet/trsolicitudadjuntos?2017,5375, HTTP/1.1" 200 8373
186.9.132.225 - - [09/Mar/2017:15:45:12 -0300] "GET /cormun/servlet/trsolicitudadjuntos?2017,5375, HTTP/1.1" 200 8372
186.9.132.225 - - [09/Mar/2017:15:45:21 -0300] "GET /cormun/servlet/solicitudotadjuntos?INS,2017,5375,,2, HTTP/1.1" 200 5996
192.168.10.96 - - [09/Mar/2017:15:45:21 -0300] "POST /cormun/servlet/trsolicitudgral?baf21880bb65964a6a445aac0c3c647d,gx-no-cache=1489088405428 HTTP/1.1" 200 7371
186.9.132.225 - - [09/Mar/2017:15:45:23 -0300] "GET /cormun/static/about:blank HTTP/1.1" 404 1011
186.9.132.225 - - [09/Mar/2017:15:45:24 -0300] "GET /cormun/servlet/solicitudotadjuntos?INS,2017,5375,,2, HTTP/1.1" 200 5989
186.9.132.225 - - [09/Mar/2017:15:45:25 -0300] "GET /cormun/servlet/solicitudotadjuntos?5c7c8e400ac5df0a315728ed58bc728a17879f6ee8fde36289fa91225f0a2f1f0fbb882246565ce0dbf7582f7715a2b2,gx-no-cache=1489085191676 HTTP/1.1" 200 30
186.103.132.155 - - [09/Mar/2017:15:45:33 -0300] "GET /cormun/servlet/trsolicitudadjuntos?2017,5385, HTTP/1.1" 200 8359
186.9.132.225 - - [09/Mar/2017:15:45:34 -0300] "POST /cormun/servlet/solicitudotadjuntos?134d7d74e672092b6c6732fe38a74946,INS,2017,5375,,2,,gx-no-cache=1489085193900 HTTP/1.1" 200 4182
186.103.132.155 - - [09/Mar/2017:15:45:35 -0300] "GET /cormun/servlet/trsolicitudadjuntos?2017,5385, HTTP/1.1" 200 8356
186.103.132.155 - - [09/Mar/2017:15:45:39 -0300] "GET /cormun/servlet/solicitudotadjuntos?INS,2017,5385,,1, HTTP/1.1" 200 5834
186.103.132.155 - - [09/Mar/2017:15:45:40 -0300] "GET /cormun/static/about:blank HTTP/1.1" 404 1011
186.103.132.155 - - [09/Mar/2017:15:45:40 -0300] "GET /cormun/servlet/solicitudotadjuntos?INS,2017,5385,,1, HTTP/1.1" 200 5827
186.103.132.155 - - [09/Mar/2017:15:45:41 -0300] "GET /cormun/servlet/solicitudotadjuntos?877126d5690d8a5e5807bb451bd7d4c1bd2b11328507b6aa36d89bc7d184de4fb104c224db082688e96aae207adbecd1,gx-no-cache=1489081610774 HTTP/1.1" 200 30
186.9.132.225 - - [09/Mar/2017:15:45:49 -0300] "POST /cormun/servlet/solicitudotadjuntos?gx-no-cache=1489085211009 HTTP/1.1" 200 26
186.103.132.155 - - [09/Mar/2017:15:45:53 -0300] "POST /cormun/servlet/solicitudotadjuntos?7ce733e859f19a4a9dd498a162f59354,INS,2017,5385,,1,,gx-no-cache=1489081611706 HTTP/1.1" 200 3645
192.168.10.96 - - [09/Mar/2017:15:46:01 -0300] "GET /cormun/servlet/solicitudgral2?UPD,2017,5236, HTTP/1.1" 200 12071
192.168.10.96 - - [09/Mar/2017:15:46:01 -0300] "GET /cormun/static/gxcfg.js?201711313564933 HTTP/1.1" 304 -
192.168.10.96 - - [09/Mar/2017:15:46:01 -0300] "GET /cormun/static/solicitudgral2.js?201711313564991 HTTP/1.1" 304 -
192.168.10.96 - - [09/Mar/2017:15:46:01 -0300] "GET /cormun/servlet/solicitudgral2?UPD,2017,5236, HTTP/1.1" 200 12082
192.168.10.96 - - [09/Mar/2017:15:46:02 -0300] "POST /cormun/servlet/solicitudgral2?gx-no-cache=1489088445832 HTTP/1.1" 200 3192
192.168.10.96 - - [09/Mar/2017:15:46:02 -0300] "GET /cormun/servlet/solicitudgral2?17c28dc2e0a08f9d3cde381c48226a09d104b6a511eb0bc6bc3332c4d895d318e340fcfff972b73b2cfd934e55094c4df3c7ffbb947897802112f7f5fa92fbf88f9642728ec86d8080aa8dffa09669b959dfdf8433c91f6ad8c43fe08509bfd50ed3398348118d1bcb3eacf3073faa8964f98f7ca88807d0147c9da9d097b85d4aa098837c01972c0f82515c76eb816bc0a4974adca4d117efe4b52bf75fbc4853150ade38dcab00af854e00a7be747636f32161662e8b314d1f678875e2a30e589fa28f62073804cc6b372d640c31dd8e1eae7b686872a0cbccd420581ea9022bba7284aeb0293ac78f10b5dfec4f4176b9ff15256088110f2ce042e1bfd33f65a35cd243069ef494f4a38d8d0c170c0bb6c426ea7e998f2ebca93f835bec7ec7ad0f9c3d9fa85b90b89ca6422b308c01339197a45b5d430bafc245acae94fc100c0c363d487bcb01dbd430fa5de2b8,gx-no-cache=1489088445994 HTTP/1.1" 200 257
192.168.10.96 - - [09/Mar/2017:15:46:02 -0300] "POST /cormun/servlet/solicitudgral2?gx-no-cache=1489088446019 HTTP/1.1" 200 1353
192.168.10.96 - - [09/Mar/2017:15:46:02 -0300] "GET /cormun/servlet/solicitudgral2?17c28dc2e0a08f9d3cde381c48226a0979a1218b2f4746d8b22abfd07d1dd8f016ee512f2b6f785f55d6a090e6062c85f3c7ffbb947897802112f7f5fa92fbf8b131e2972266b20afde3572f092385429ef7c9dd1bb2ed5e06644e59bd500104bf05015c9e000c10f3737c4f1b7fd0b2,gx-no-cache=1489088446052 HTTP/1.1" 200 41
186.103.132.155 - - [09/Mar/2017:15:46:05 -0300] "POST /cormun/servlet/solicitudotadjuntos?gx-no-cache=1489081627056 HTTP/1.1" 200 26
192.168.10.96 - - [09/Mar/2017:15:46:06 -0300] "POST /cormun/servlet/solicitudgral2?baf21880bb65964a6a445aac0c3c647d,UPD,2017,5236,,gx-no-cache=1489088449998 HTTP/1.1" 200 90
192.168.10.96 - - [09/Mar/2017:15:46:06 -0300] "GET /cormun/servlet/hpexe_link HTTP/1.1" 200 989
192.168.10.96 - - [09/Mar/2017:15:46:06 -0300] "GET /cormun/servlet/trsolicitudgral?gx-no-cache=1489088405428 HTTP/1.1" 200 10383
192.168.10.96 - - [09/Mar/2017:15:46:07 -0300] "GET /cormun/servlet/trsolicitudgral?gx-no-cache=1489088405428 HTTP/1.1" 200 10404
186.9.132.225 - - [09/Mar/2017:15:46:12 -0300] "GET /cormun/servlet/solicitudotadjuntos?5c7c8e400ac5df0a315728ed58bc728ae5f309db2eff43134e0740ebf3770f03,gx-no-cache=1489085238577 HTTP/1.1" 200 30
186.9.132.225 - - [09/Mar/2017:15:46:13 -0300] "GET /cormun/servlet/solicitudotadjuntos?5c7c8e400ac5df0a315728ed58bc728ae5f309db2eff43134e0740ebf3770f03,gx-no-cache=1489085240647 HTTP/1.1" 200 30
186.103.132.155 - - [09/Mar/2017:15:46:37 -0300] "GET /cormun/servlet/solicitudotadjuntos?877126d5690d8a5e5807bb451bd7d4c15a03856028994fd39374b88030528b3c,gx-no-cache=1489081660078 HTTP/1.1" 200 30
186.9.132.225 - - [09/Mar/2017:15:46:39 -0300] "POST /cormun/servlet/solicitudotadjuntos?134d7d74e672092b6c6732fe38a74946,INS,2017,5375,,2, HTTP/1.1" 200 116
186.9.132.225 - - [09/Mar/2017:15:46:40 -0300] "GET /cormun/servlet/hpexe_return? HTTP/1.1" 200 1024
186.9.132.225 - - [09/Mar/2017:15:46:42 -0300] "GET /cormun/servlet/trsolicitudadjuntos?2017,5375, HTTP/1.1" 200 8534
186.9.132.225 - - [09/Mar/2017:15:46:45 -0300] "GET /cormun/servlet/trsolicitudadjuntos?2017,5375, HTTP/1.1" 200 8535
186.9.132.225 - - [09/Mar/2017:15:46:51 -0300] "GET /cormun/servlet/solicitudotadjuntos?INS,2017,5375,,2, HTTP/1.1" 200 5995
186.103.132.155 - - [09/Mar/2017:15:46:53 -0300] "GET /cormun/servlet/solicitudotadjuntos?877126d5690d8a5e5807bb451bd7d4c15a03856028994fd39374b88030528b3c,gx-no-cache=1489081667777 HTTP/1.1" 200 30
186.9.132.225 - - [09/Mar/2017:15:46:54 -0300] "GET /cormun/static/about:blank HTTP/1.1" 404 1011
186.9.132.225 - - [09/Mar/2017:15:46:54 -0300] "GET /cormun/servlet/solicitudotadjuntos?INS,2017,5375,,2, HTTP/1.1" 200 5988
186.9.132.225 - - [09/Mar/2017:15:46:55 -0300] "GET /cormun/servlet/solicitudotadjuntos?5c7c8e400ac5df0a315728ed58bc728a17879f6ee8fde36289fa91225f0a2f1f0fbb882246565ce0dbf7582f7715a2b2,gx-no-cache=1489085282109 HTTP/1.1" 200 30
192.168.10.96 - - [09/Mar/2017:15:47:04 -0300] "POST /cormun/servlet/trsolicitudgral?baf21880bb65964a6a445aac0c3c647d,gx-no-cache=1489088405428,gx-no-cache=1489088508552 HTTP/1.1" 200 90
192.168.10.96 - - [09/Mar/2017:15:47:04 -0300] "GET /cormun/servlet/hpexe_link HTTP/1.1" 200 1001
192.168.10.96 - - [09/Mar/2017:15:47:05 -0300] "GET /cormun/servlet/vesolicitudnombre?2017,4740,,SolicitudOTAdjuntos HTTP/1.1" 200 10153
192.168.10.96 - - [09/Mar/2017:15:47:05 -0300] "GET /cormun/pexe_scrolldiv.js HTTP/1.1" 404 1009
192.168.10.96 - - [09/Mar/2017:15:47:05 -0300] "GET /cormun/pexe_scrolldiv.js HTTP/1.1" 404 1009
192.168.10.96 - - [09/Mar/2017:15:47:06 -0300] "GET /cormun/servlet/vesolicitudnombre?2017,4740,,SolicitudOTAdjuntos HTTP/1.1" 200 10161
186.9.132.225 - - [09/Mar/2017:15:47:06 -0300] "POST /cormun/servlet/solicitudotadjuntos?134d7d74e672092b6c6732fe38a74946,INS,2017,5375,,2,,gx-no-cache=1489085284602 HTTP/1.1" 200 4182
192.168.10.96 - - [09/Mar/2017:15:47:06 -0300] "POST /cormun/servlet/acontrolpreferencessavestate?None,DZAMUDIO,true HTTP/1.1" 200 35
201.214.54.252 - - [09/Mar/2017:15:47:14 -0300] "POST /cormun/servlet/solicitudot?gx-no-cache=1489085303995 HTTP/1.1" 200 297
186.9.132.225 - - [09/Mar/2017:15:47:19 -0300] "POST /cormun/servlet/solicitudotadjuntos?gx-no-cache=1489085303914 HTTP/1.1" 200 26
201.214.54.252 - - [09/Mar/2017:15:47:27 -0300] "GET /cormun/servlet/solicitudot?657e4c4a2aa551b49bd7f0a8120d16d32ba8dc78f3d6631e0bcbfb30a10aa1a78f3af6dc196c3f15c90db78405e09793862478d64993c40d567ab6440811d8ff1a6fdb5030b039b7a3cfb8ead6787ff45ab86816cc534e1a956dc5c30fec38ea97420bbec2f8f297a6c684e00e42cde5c94d114590067767100f373670459c1b1d70d3034b3f00982dc5f406d6fc801b3ea480509bad861bfb738abcbe50822aff5451a114910aeb594c7d134ac2acac7957fba8b8af9ae9905570d755cc3e01f52aeba524080b172c8a8ebccb1f59cdc9c6322d646c5214c8123b3beccddaa7efb6ede1421427eff263a372b22683eb65793334ed96eb7803aee93d861db94c5a8afc4d607bd528c6c6892d5aa622ef13f1a1da388a663368f613f5e1117ae63b6453b6fa4845750d1664103ad171af001bbe0a00e4fb130b61773b0aa5ed26ea160b40ec760d92b2b7b8142dfe6c8d28aabb65da15b562845ca329e5a4f453a1a9f9f3d4a1a5cef33a8a32e312cbca57796495d3e568da51ed7831957967e2fd451e3ded5dcf64079b4cf4204ae5e9,gx-no-cache=1489085316988 HTTP/1.1" 200 30
186.103.132.155 - - [09/Mar/2017:15:47:29 -0300] "POST /cormun/servlet/solicitudotadjuntos?7ce733e859f19a4a9dd498a162f59354,INS,2017,5385,,1, HTTP/1.1" 200 6320
186.9.132.225 - - [09/Mar/2017:15:47:34 -0300] "GET /cormun/servlet/solicitudotadjuntos?5c7c8e400ac5df0a315728ed58bc728ae5f309db2eff43134e0740ebf3770f03,gx-no-cache=1489085321367 HTTP/1.1" 200 30
186.9.132.225 - - [09/Mar/2017:15:47:36 -0300] "GET /cormun/servlet/solicitudotadjuntos?5c7c8e400ac5df0a315728ed58bc728ae5f309db2eff43134e0740ebf3770f03,gx-no-cache=1489085323102 HTTP/1.1" 200 30
201.214.54.252 - - [09/Mar/2017:15:47:38 -0300] "POST /cormun/servlet/solicitudot?gx-no-cache=1489085327615 HTTP/1.1" 200 30
186.103.159.46 - - [09/Mar/2017:15:47:40 -0300] "GET /cormun/servlet/hhome HTTP/1.1" 200 3290
201.214.54.252 - - [09/Mar/2017:15:47:40 -0300] "POST /cormun/servlet/solicitudot?gx-no-cache=1489085330408 HTTP/1.1" 200 235
201.214.54.252 - - [09/Mar/2017:15:47:40 -0300] "POST /cormun/servlet/solicitudot?gx-no-cache=1489085330540 HTTP/1.1" 200 38
186.103.159.46 - - [09/Mar/2017:15:47:41 -0300] "GET /cormun/static/gxcfg.js?201612218515568 HTTP/1.1" 304 -
186.103.159.46 - - [09/Mar/2017:15:47:43 -0300] "GET /cormun/servlet/hhome HTTP/1.1" 200 3299
186.103.159.46 - - [09/Mar/2017:15:47:43 -0300] "GET /cormun/servlet/hlogin HTTP/1.1" 200 1732
186.103.159.46 - - [09/Mar/2017:15:47:43 -0300] "GET /cormun/static/gxcfg.js?201612216162538 HTTP/1.1" 304 -
186.103.159.46 - - [09/Mar/2017:15:48:04 -0300] "POST /cormun/servlet/hlogin?c28d19545ae0d166f64db22724eb234c,gx-no-cache=1489085353442 HTTP/1.1" 200 90
186.103.159.46 - - [09/Mar/2017:15:48:04 -0300] "GET /cormun/servlet/hpexe_link HTTP/1.1" 200 956
186.103.159.46 - - [09/Mar/2017:15:48:04 -0300] "GET /cormun/static/gxcfg.js?201612218515529 HTTP/1.1" 304 -
186.103.159.46 - - [09/Mar/2017:15:48:04 -0300] "GET /cormun/servlet/hhome HTTP/1.1" 200 3778
201.214.54.252 - - [09/Mar/2017:15:48:05 -0300] "GET /cormun/servlet/solicitudot?657e4c4a2aa551b49bd7f0a8120d16d375ef08382c6a2702d53d342301d3cb265d67554034a80631711d40a24c59e985a9c9eb244b2f98bfaeb2b2e1ca26a8d89520cebb48a1e68dbc5b99e6ad6d703481167b312989fe697928b24cf3d53acb815715678e485b6b78547655678a0ece,gx-no-cache=1489085355283 HTTP/1.1" 200 29
201.214.54.252 - - [09/Mar/2017:15:48:05 -0300] "POST /cormun/servlet/solicitudot?gx-no-cache=1489085355442 HTTP/1.1" 200 643
186.103.159.46 - - [09/Mar/2017:15:48:05 -0300] "GET /cormun/servlet/hhome HTTP/1.1" 200 3775
201.214.54.252 - - [09/Mar/2017:15:48:08 -0300] "POST /cormun/servlet/solicitudot?gx-no-cache=1489085357597 HTTP/1.1" 200 1157
186.103.159.46 - - [09/Mar/2017:15:48:17 -0300] "GET /cormun/servlet/trpermisosgoce? HTTP/1.1" 200 8971
186.103.159.46 - - [09/Mar/2017:15:48:17 -0300] "GET /cormun/static/gxcfg.js?201612262011714 HTTP/1.1" 304 -
186.103.159.46 - - [09/Mar/2017:15:48:18 -0300] "GET /cormun/static/trpermisosgoce.js?201612262012096 HTTP/1.1" 304 -
186.103.159.46 - - [09/Mar/2017:15:48:19 -0300] "GET /cormun/servlet/trpermisosgoce? HTTP/1.1" 200 8969
186.103.159.46 - - [09/Mar/2017:15:48:30 -0300] "GET /cormun/servlet/permisogoce?INS,0,,, HTTP/1.1" 200 6536
186.103.159.46 - - [09/Mar/2017:15:48:30 -0300] "GET /cormun/static/gxcfg.js?201612262052844 HTTP/1.1" 304 -
186.103.159.46 - - [09/Mar/2017:15:48:30 -0300] "GET /cormun/static/permisogoce.js?201612262052891 HTTP/1.1" 304 -
186.103.159.46 - - [09/Mar/2017:15:48:32 -0300] "GET /cormun/servlet/permisogoce?INS,0,,, HTTP/1.1" 200 6536
201.214.54.252 - - [09/Mar/2017:15:48:55 -0300] "GET /cormun/servlet/solicitudot?657e4c4a2aa551b49bd7f0a8120d16d3b463d7064fe9e758f5a37d4b9b74c5b46d7a1da17174eb3a5d2a18ac2b936728e30d9fed91e995e98e2500c18e1aeff887b93bcf57126c4310a39ed7b664b5473f5950a0541f440ff8e7f1fba43dac6763830166e2ab9295c1b39f58d19fc9dec5f9c7db152c5ae002cf3840ec17e75016f3f37c8805a8d467e761dbb3e423399d8bfb95a51e73579189d2e066f427873e0a90449eb7f533c119f47d9b2b64ae,gx-no-cache=1489085404581 HTTP/1.1" 200 30
186.9.132.225 - - [09/Mar/2017:15:49:16 -0300] "POST /cormun/servlet/solicitudotadjuntos?134d7d74e672092b6c6732fe38a74946,INS,2017,5375,,2, HTTP/1.1" 200 116
186.9.132.225 - - [09/Mar/2017:15:49:17 -0300] "GET /cormun/servlet/hpexe_return? HTTP/1.1" 200 1024
186.9.132.225 - - [09/Mar/2017:15:49:18 -0300] "GET /cormun/servlet/trsolicitudadjuntos?2017,5375, HTTP/1.1" 200 8665
186.9.132.225 - - [09/Mar/2017:15:49:20 -0300] "GET /cormun/servlet/trsolicitudadjuntos?2017,5375, HTTP/1.1" 200 8664
186.103.159.46 - - [09/Mar/2017:15:49:42 -0300] "GET /cormun/servlet/prfichaempleado?,MD,,gxPopupLevel%3D0%3B HTTP/1.1" 200 8824
186.103.159.46 - - [09/Mar/2017:15:50:13 -0300] "POST /cormun/servlet/prfichaempleado?c28d19545ae0d166f64db22724eb234c,,MD,,gxPopupLevel%3D0%3B,gx-no-cache=1489085476512 HTTP/1.1" 200 6006
186.9.132.225 - - [09/Mar/2017:15:50:14 -0300] "GET /cormun/servlet/solicitudotadjuntos?INS,2017,5375,,2, HTTP/1.1" 200 5995
186.9.132.225 - - [09/Mar/2017:15:50:21 -0300] "GET /cormun/static/about:blank HTTP/1.1" 404 1011
186.9.132.225 - - [09/Mar/2017:15:50:22 -0300] "GET /cormun/servlet/solicitudotadjuntos?5c7c8e400ac5df0a315728ed58bc728a17879f6ee8fde36289fa91225f0a2f1f0fbb882246565ce0dbf7582f7715a2b2,gx-no-cache=1489085489542 HTTP/1.1" 200 30
186.9.132.225 - - [09/Mar/2017:15:50:22 -0300] "GET /cormun/servlet/solicitudotadjuntos?INS,2017,5375,,2, HTTP/1.1" 200 5987
186.9.132.225 - - [09/Mar/2017:15:50:26 -0300] "POST /cormun/servlet/solicitudotadjuntos?134d7d74e672092b6c6732fe38a74946,INS,2017,5375,,2,,gx-no-cache=1489085490290 HTTP/1.1" 200 4182
186.103.132.155 - - [09/Mar/2017:15:50:35 -0300] "POST /cormun/servlet/solicitudotadjuntos?7ce733e859f19a4a9dd498a162f59354,INS,2017,5385,,1, HTTP/1.1" 200 6320
186.9.132.225 - - [09/Mar/2017:15:50:37 -0300] "POST /cormun/servlet/solicitudotadjuntos?gx-no-cache=1489085503916 HTTP/1.1" 200 26
186.103.159.46 - - [09/Mar/2017:15:50:40 -0300] "POST /cormun/servlet/prfichaempleado?c28d19545ae0d166f64db22724eb234c,,MD,,gxPopupLevel%3D0%3B,gx-no-cache=1489085503173 HTTP/1.1" 200 6006
192.168.10.96 - - [09/Mar/2017:15:50:42 -0300] "GET /cormun/servlet/trsolicitudgral? HTTP/1.1" 200 10399
192.168.10.96 - - [09/Mar/2017:15:50:43 -0300] "GET /cormun/servlet/trsolicitudgral? HTTP/1.1" 200 10382
192.168.10.96 - - [09/Mar/2017:15:50:54 -0300] "POST /cormun/servlet/trsolicitudgral?baf21880bb65964a6a445aac0c3c647d,,gx-no-cache=1489088738194 HTTP/1.1" 200 6695
186.103.159.46 - - [09/Mar/2017:15:50:58 -0300] "POST /cormun/servlet/prfichaempleado?c28d19545ae0d166f64db22724eb234c,,MD,,gxPopupLevel%3D0%3B,gx-no-cache=1489085520372 HTTP/1.1" 200 5894
186.103.159.46 - - [09/Mar/2017:15:51:20 -0300] "POST /cormun/servlet/prfichaempleado?c28d19545ae0d166f64db22724eb234c,,MD,,gxPopupLevel%3D0%3B,gx-no-cache=1489085542328 HTTP/1.1" 200 5976
186.9.132.225 - - [09/Mar/2017:15:51:51 -0300] "GET /cormun/servlet/solicitudotadjuntos?5c7c8e400ac5df0a315728ed58bc728ae5f309db2eff43134e0740ebf3770f03,gx-no-cache=1489085577924 HTTP/1.1" 200 30
186.9.132.225 - - [09/Mar/2017:15:51:52 -0300] "GET /cormun/servlet/solicitudotadjuntos?5c7c8e400ac5df0a315728ed58bc728ae5f309db2eff43134e0740ebf3770f03,gx-no-cache=1489085579966 HTTP/1.1" 200 30
186.103.159.46 - - [09/Mar/2017:15:51:59 -0300] "POST /cormun/servlet/prfichaempleado?c28d19545ae0d166f64db22724eb234c,,MD,,gxPopupLevel%3D0%3B,gx-no-cache=1489085581087 HTTP/1.1" 200 6040
186.103.159.46 - - [09/Mar/2017:15:52:13 -0300] "GET /cormun/servlet/permisogoce?b5647d4ac8b1a830a4a6b9f29cef914340c9febe7735cf696fe7c32f117fcd5af71e59ed4891f1c9462ca866e6557251,gx-no-cache=1489085602770 HTTP/1.1" 200 67
186.103.159.46 - - [09/Mar/2017:15:52:13 -0300] "GET /cormun/static/menuarrow.gif HTTP/1.1" 404 1015
186.103.159.46 - - [09/Mar/2017:15:52:23 -0300] "GET /cormun/servlet/permisogoce?b5647d4ac8b1a830a4a6b9f29cef9143f81f32e6da8a561aa9abf15df0685af9b9ae763f329f29688ff18ec3a188a82ca4c2b4046ad9d3190f762eb174d13d00,gx-no-cache=1489085613579 HTTP/1.1" 200 46
192.168.10.96 - - [09/Mar/2017:15:52:29 -0300] "POST /cormun/servlet/trsolicitudgral?baf21880bb65964a6a445aac0c3c647d,,gx-no-cache=1489088833407 HTTP/1.1" 200 6717
186.9.132.225 - - [09/Mar/2017:15:52:39 -0300] "POST /cormun/servlet/solicitudotadjuntos?134d7d74e672092b6c6732fe38a74946,INS,2017,5375,,2, HTTP/1.1" 200 116
201.214.54.252 - - [09/Mar/2017:15:52:39 -0300] "POST /cormun/servlet/solicitudot?aad684c267b4974919c1817a7d2e0361,INS,0,0,,gx-no-cache=1489085629222 HTTP/1.1" 200 93
201.214.54.252 - - [09/Mar/2017:15:52:40 -0300] "GET /cormun/servlet/hpexe_return? HTTP/1.1" 200 1008
201.214.54.252 - - [09/Mar/2017:15:52:40 -0300] "GET /cormun/static/gxcfg.js?2016101716175148 HTTP/1.1" 200 953
186.9.132.225 - - [09/Mar/2017:15:52:40 -0300] "GET /cormun/servlet/hpexe_return? HTTP/1.1" 200 1024
201.214.54.252 - - [09/Mar/2017:15:52:40 -0300] "GET /cormun/static/hpexe_return.js?2016101716175153 HTTP/1.1" 200 1633
201.214.54.252 - - [09/Mar/2017:15:52:40 -0300] "GET /cormun/servlet/trsolicitudot HTTP/1.1" 200 8176
186.9.132.225 - - [09/Mar/2017:15:52:41 -0300] "GET /cormun/servlet/trsolicitudadjuntos?2017,5375, HTTP/1.1" 200 8829
201.214.54.252 - - [09/Mar/2017:15:52:41 -0300] "GET /cormun//static/Resources/PXToolsActionView.png HTTP/1.1" 200 2995
201.214.54.252 - - [09/Mar/2017:15:52:41 -0300] "GET /cormun/servlet/trsolicitudot HTTP/1.1" 200 8172
201.214.54.252 - - [09/Mar/2017:15:52:41 -0300] "GET /cormun//static/Resources/PXToolsGridUpdate.png HTTP/1.1" 200 2984
201.214.54.252 - - [09/Mar/2017:15:52:41 -0300] "GET /cormun//static/Resources/PXToolsGridDelete.png HTTP/1.1" 200 357
201.214.54.252 - - [09/Mar/2017:15:52:41 -0300] "GET /cormun//static/Resources/PXToolsRemoveAllAction.png HTTP/1.1" 200 3558
201.214.54.252 - - [09/Mar/2017:15:52:41 -0300] "GET /cormun//static/Resources/PXTools/ActionInsert.png HTTP/1.1" 200 1482
186.9.132.225 - - [09/Mar/2017:15:52:45 -0300] "GET /cormun/servlet/trsolicitudadjuntos?2017,5375, HTTP/1.1" 200 8825
186.103.159.46 - - [09/Mar/2017:15:52:50 -0300] "POST /cormun/servlet/permisogoce?c28d19545ae0d166f64db22724eb234c,INS,0,,,,gx-no-cache=1489085639887 HTTP/1.1" 200 93
186.103.159.46 - - [09/Mar/2017:15:52:50 -0300] "GET /cormun/servlet/hpexe_return? HTTP/1.1" 200 1011
186.103.159.46 - - [09/Mar/2017:15:52:51 -0300] "GET /cormun/static/gxcfg.js?2016101716175148 HTTP/1.1" 304 -
186.103.159.46 - - [09/Mar/2017:15:52:51 -0300] "GET /cormun/servlet/trpermisosgoce HTTP/1.1" 200 9182
186.103.159.46 - - [09/Mar/2017:15:52:53 -0300] "GET /cormun/servlet/trpermisosgoce HTTP/1.1" 200 9186
186.9.132.225 - - [09/Mar/2017:15:52:53 -0300] "GET /cormun/servlet/solicitudotadjuntos?INS,2017,5375,,2, HTTP/1.1" 200 5994
201.214.54.252 - - [09/Mar/2017:15:52:54 -0300] "POST /cormun/servlet/trsolicitudot?aad684c267b4974919c1817a7d2e0361,gx-no-cache=1489085643764 HTTP/1.1" 200 107
201.214.54.252 - - [09/Mar/2017:15:52:54 -0300] "GET /cormun/servlet/trsolicitudadjuntos?2017,5387, HTTP/1.1" 200 6050
201.214.54.252 - - [09/Mar/2017:15:52:54 -0300] "GET /cormun/static/gxcfg.js?201612218531388 HTTP/1.1" 200 953
201.214.54.252 - - [09/Mar/2017:15:52:54 -0300] "GET /cormun/static/trsolicitudadjuntos.js?201612218531657 HTTP/1.1" 200 17913
201.214.54.252 - - [09/Mar/2017:15:52:55 -0300] "GET /cormun/servlet/trsolicitudadjuntos?2017,5387, HTTP/1.1" 200 6049
186.9.132.225 - - [09/Mar/2017:15:52:56 -0300] "GET /cormun/static/about:blank HTTP/1.1" 404 1011
186.9.132.225 - - [09/Mar/2017:15:52:58 -0300] "GET /cormun/servlet/solicitudotadjuntos?INS,2017,5375,,2, HTTP/1.1" 200 5987
186.9.132.225 - - [09/Mar/2017:15:52:58 -0300] "GET /cormun/servlet/solicitudotadjuntos?5c7c8e400ac5df0a315728ed58bc728a17879f6ee8fde36289fa91225f0a2f1f0fbb882246565ce0dbf7582f7715a2b2,gx-no-cache=1489085644971 HTTP/1.1" 200 30
201.214.54.252 - - [09/Mar/2017:15:53:02 -0300] "GET /cormun/servlet/solicitudotadjuntos?INS,2017,5387,,1, HTTP/1.1" 200 5984
201.214.54.252 - - [09/Mar/2017:15:53:02 -0300] "GET /cormun/static/gxcfg.js?201612218465951 HTTP/1.1" 200 953
