201.214.54.252 - - [09/Mar/2017:15:53:02 -0300] "GET /cormun/static/solicitudotadjuntos.js?201612218465969 HTTP/1.1" 200 11762
201.214.54.252 - - [09/Mar/2017:15:53:03 -0300] "GET /cormun/static/about:blank HTTP/1.1" 404 1011
201.214.54.252 - - [09/Mar/2017:15:53:03 -0300] "GET /cormun/servlet/solicitudotadjuntos?INS,2017,5387,,1, HTTP/1.1" 200 5977
201.214.54.252 - - [09/Mar/2017:15:53:03 -0300] "GET /cormun/servlet/solicitudotadjuntos?657e4c4a2aa551b49bd7f0a8120d16d3c540c91290af0a42cff4ccaae76dc4a5db096d4d84cc6ba058a1a9fceee46196,gx-no-cache=1489085653286 HTTP/1.1" 200 30
201.214.54.252 - - [09/Mar/2017:15:53:03 -0300] "POST /cormun/servlet/solicitudotadjuntos?aad684c267b4974919c1817a7d2e0361,INS,2017,5387,,1,,gx-no-cache=1489085653391 HTTP/1.1" 200 3825
186.9.132.225 - - [09/Mar/2017:15:53:06 -0300] "POST /cormun/servlet/solicitudotadjuntos?134d7d74e672092b6c6732fe38a74946,INS,2017,5375,,2,,gx-no-cache=1489085648130 HTTP/1.1" 200 4181
201.214.54.252 - - [09/Mar/2017:15:53:07 -0300] "POST /cormun/servlet/solicitudotadjuntos?gx-no-cache=1489085656810 HTTP/1.1" 200 26
186.103.159.46 - - [09/Mar/2017:15:53:09 -0300] "POST /cormun/servlet/trpermisosgoce?c28d19545ae0d166f64db22724eb234c,gx-no-cache=1489085659507 HTTP/1.1" 200 6481
186.9.132.225 - - [09/Mar/2017:15:53:16 -0300] "POST /cormun/servlet/solicitudotadjuntos?gx-no-cache=1489085661128 HTTP/1.1" 200 26
192.168.10.96 - - [09/Mar/2017:15:53:17 -0300] "POST /cormun/servlet/trsolicitudgral?baf21880bb65964a6a445aac0c3c647d,,gx-no-cache=1489088881045 HTTP/1.1" 200 6711
201.214.54.252 - - [09/Mar/2017:15:53:24 -0300] "GET /cormun/servlet/solicitudotadjuntos?657e4c4a2aa551b49bd7f0a8120d16d3def574c3112b92504477c0e615764171,gx-no-cache=1489085674141 HTTP/1.1" 200 30
201.214.54.252 - - [09/Mar/2017:15:53:24 -0300] "GET /cormun/servlet/solicitudotadjuntos?657e4c4a2aa551b49bd7f0a8120d16d3def574c3112b92504477c0e615764171,gx-no-cache=1489085674195 HTTP/1.1" 200 30
201.214.54.252 - - [09/Mar/2017:15:53:24 -0300] "POST /cormun/servlet/solicitudotadjuntos?aad684c267b4974919c1817a7d2e0361,INS,2017,5387,,1, HTTP/1.1" 200 116
201.214.54.252 - - [09/Mar/2017:15:53:24 -0300] "GET /cormun/servlet/hpexe_return? HTTP/1.1" 200 1027
201.214.54.252 - - [09/Mar/2017:15:53:25 -0300] "GET /cormun/servlet/trsolicitudadjuntos?2017,5387, HTTP/1.1" 200 8170
201.214.54.252 - - [09/Mar/2017:15:53:26 -0300] "GET /cormun/servlet/trsolicitudadjuntos?2017,5387, HTTP/1.1" 200 8166
201.214.54.252 - - [09/Mar/2017:15:53:32 -0300] "GET /cormun/servlet/solicitudotadjuntos?INS,2017,5387,,1, HTTP/1.1" 200 5983
201.214.54.252 - - [09/Mar/2017:15:53:33 -0300] "GET /cormun/static/about:blank HTTP/1.1" 404 1011
201.214.54.252 - - [09/Mar/2017:15:53:33 -0300] "GET /cormun/servlet/solicitudotadjuntos?INS,2017,5387,,1, HTTP/1.1" 200 5977
201.214.54.252 - - [09/Mar/2017:15:53:33 -0300] "GET /cormun/servlet/solicitudotadjuntos?657e4c4a2aa551b49bd7f0a8120d16d3c540c91290af0a42cff4ccaae76dc4a5db096d4d84cc6ba058a1a9fceee46196,gx-no-cache=1489085683602 HTTP/1.1" 200 30
201.214.54.252 - - [09/Mar/2017:15:53:34 -0300] "POST /cormun/servlet/solicitudotadjuntos?aad684c267b4974919c1817a7d2e0361,INS,2017,5387,,1,,gx-no-cache=1489085683691 HTTP/1.1" 200 3825
201.214.54.252 - - [09/Mar/2017:15:53:38 -0300] "POST /cormun/servlet/solicitudotadjuntos?gx-no-cache=1489085687855 HTTP/1.1" 200 26
186.103.159.46 - - [09/Mar/2017:15:53:40 -0300] "POST /cormun/servlet/trpermisosgoce?c28d19545ae0d166f64db22724eb234c,gx-no-cache=1489085690249 HTTP/1.1" 200 6484
186.9.132.225 - - [09/Mar/2017:15:53:45 -0300] "GET /cormun/servlet/solicitudotadjuntos?5c7c8e400ac5df0a315728ed58bc728ae5f309db2eff43134e0740ebf3770f03,gx-no-cache=1489085691911 HTTP/1.1" 200 30
186.9.132.225 - - [09/Mar/2017:15:53:46 -0300] "GET /cormun/servlet/solicitudotadjuntos?5c7c8e400ac5df0a315728ed58bc728ae5f309db2eff43134e0740ebf3770f03,gx-no-cache=1489085693344 HTTP/1.1" 200 30
186.103.159.46 - - [09/Mar/2017:15:53:47 -0300] "GET /cormun/servlet/trlicenciaspermisoslog?12290697,P,20170309164734, HTTP/1.1" 200 5997
186.103.159.46 - - [09/Mar/2017:15:53:47 -0300] "GET /cormun/static/gxcfg.js?201612261930395 HTTP/1.1" 200 953
192.168.10.96 - - [09/Mar/2017:15:53:48 -0300] "POST /cormun/servlet/trsolicitudgral?baf21880bb65964a6a445aac0c3c647d,,gx-no-cache=1489088912390 HTTP/1.1" 200 6712
186.103.159.46 - - [09/Mar/2017:15:53:49 -0300] "GET /cormun/servlet/trlicenciaspermisoslog?12290697,P,20170309164734, HTTP/1.1" 200 5997
201.214.54.252 - - [09/Mar/2017:15:53:52 -0300] "GET /cormun/servlet/solicitudotadjuntos?657e4c4a2aa551b49bd7f0a8120d16d3def574c3112b92504477c0e615764171,gx-no-cache=1489085701975 HTTP/1.1" 200 30
201.214.54.252 - - [09/Mar/2017:15:53:52 -0300] "GET /cormun/servlet/solicitudotadjuntos?657e4c4a2aa551b49bd7f0a8120d16d3def574c3112b92504477c0e615764171,gx-no-cache=1489085702056 HTTP/1.1" 200 30
201.214.54.252 - - [09/Mar/2017:15:53:52 -0300] "POST /cormun/servlet/solicitudotadjuntos?aad684c267b4974919c1817a7d2e0361,INS,2017,5387,,1, HTTP/1.1" 200 116
201.214.54.252 - - [09/Mar/2017:15:53:52 -0300] "GET /cormun/servlet/hpexe_return? HTTP/1.1" 200 1027
201.214.54.252 - - [09/Mar/2017:15:53:53 -0300] "GET /cormun/servlet/trsolicitudadjuntos?2017,5387, HTTP/1.1" 200 8366
201.214.54.252 - - [09/Mar/2017:15:53:53 -0300] "GET /cormun/servlet/trsolicitudadjuntos?2017,5387, HTTP/1.1" 200 8366
201.214.54.252 - - [09/Mar/2017:15:53:56 -0300] "GET /cormun/servlet/solicitudotadjuntos?INS,2017,5387,,1, HTTP/1.1" 200 5983
201.214.54.252 - - [09/Mar/2017:15:53:57 -0300] "GET /cormun/static/about:blank HTTP/1.1" 404 1011
201.214.54.252 - - [09/Mar/2017:15:53:57 -0300] "GET /cormun/servlet/solicitudotadjuntos?INS,2017,5387,,1, HTTP/1.1" 200 5977
201.214.54.252 - - [09/Mar/2017:15:53:58 -0300] "GET /cormun/servlet/solicitudotadjuntos?657e4c4a2aa551b49bd7f0a8120d16d3c540c91290af0a42cff4ccaae76dc4a5db096d4d84cc6ba058a1a9fceee46196,gx-no-cache=1489085707658 HTTP/1.1" 200 30
201.214.54.252 - - [09/Mar/2017:15:53:58 -0300] "POST /cormun/servlet/solicitudotadjuntos?aad684c267b4974919c1817a7d2e0361,INS,2017,5387,,1,,gx-no-cache=1489085707739 HTTP/1.1" 200 3825
201.214.54.252 - - [09/Mar/2017:15:54:03 -0300] "POST /cormun/servlet/solicitudotadjuntos?gx-no-cache=1489085713267 HTTP/1.1" 200 26
186.103.159.46 - - [09/Mar/2017:15:54:10 -0300] "POST /cormun/servlet/trlicenciaspermisoslog?c28d19545ae0d166f64db22724eb234c,12290697,P,20170309164734,,gx-no-cache=1489085719692 HTTP/1.1" 200 3756
201.214.54.252 - - [09/Mar/2017:15:54:14 -0300] "GET /cormun/servlet/solicitudotadjuntos?657e4c4a2aa551b49bd7f0a8120d16d3def574c3112b92504477c0e615764171,gx-no-cache=1489085724362 HTTP/1.1" 200 30
201.214.54.252 - - [09/Mar/2017:15:54:14 -0300] "GET /cormun/servlet/solicitudotadjuntos?657e4c4a2aa551b49bd7f0a8120d16d3def574c3112b92504477c0e615764171,gx-no-cache=1489085724442 HTTP/1.1" 200 30
201.214.54.252 - - [09/Mar/2017:15:54:15 -0300] "POST /cormun/servlet/solicitudotadjuntos?aad684c267b4974919c1817a7d2e0361,INS,2017,5387,,1, HTTP/1.1" 200 116
201.214.54.252 - - [09/Mar/2017:15:54:15 -0300] "GET /cormun/servlet/hpexe_return? HTTP/1.1" 200 1027
201.214.54.252 - - [09/Mar/2017:15:54:15 -0300] "GET /cormun/servlet/trsolicitudadjuntos?2017,5387, HTTP/1.1" 200 8506
201.214.54.252 - - [09/Mar/2017:15:54:16 -0300] "GET /cormun/servlet/trsolicitudadjuntos?2017,5387, HTTP/1.1" 200 8505
186.103.159.46 - - [09/Mar/2017:15:54:18 -0300] "GET /cormun/servlet/trpermisosgoce? HTTP/1.1" 200 9178
186.103.159.46 - - [09/Mar/2017:15:54:20 -0300] "GET /cormun/servlet/trpermisosgoce? HTTP/1.1" 200 9185
201.214.54.252 - - [09/Mar/2017:15:54:21 -0300] "GET /cormun/servlet/solicitudotadjuntos?INS,2017,5387,,1, HTTP/1.1" 200 5984
201.214.54.252 - - [09/Mar/2017:15:54:22 -0300] "GET /cormun/static/about:blank HTTP/1.1" 404 1011
201.214.54.252 - - [09/Mar/2017:15:54:22 -0300] "GET /cormun/servlet/solicitudotadjuntos?INS,2017,5387,,1, HTTP/1.1" 200 5978
201.214.54.252 - - [09/Mar/2017:15:54:23 -0300] "GET /cormun/servlet/solicitudotadjuntos?657e4c4a2aa551b49bd7f0a8120d16d3c540c91290af0a42cff4ccaae76dc4a5db096d4d84cc6ba058a1a9fceee46196,gx-no-cache=1489085732806 HTTP/1.1" 200 30
201.214.54.252 - - [09/Mar/2017:15:54:23 -0300] "POST /cormun/servlet/solicitudotadjuntos?aad684c267b4974919c1817a7d2e0361,INS,2017,5387,,1,,gx-no-cache=1489085732872 HTTP/1.1" 200 3826
201.214.54.252 - - [09/Mar/2017:15:54:28 -0300] "POST /cormun/servlet/solicitudotadjuntos?gx-no-cache=1489085738495 HTTP/1.1" 200 26
201.214.54.252 - - [09/Mar/2017:15:54:37 -0300] "GET /cormun/servlet/solicitudotadjuntos?657e4c4a2aa551b49bd7f0a8120d16d3def574c3112b92504477c0e615764171,gx-no-cache=1489085746871 HTTP/1.1" 200 30
201.214.54.252 - - [09/Mar/2017:15:54:37 -0300] "GET /cormun/servlet/solicitudotadjuntos?657e4c4a2aa551b49bd7f0a8120d16d3def574c3112b92504477c0e615764171,gx-no-cache=1489085746963 HTTP/1.1" 200 30
201.214.54.252 - - [09/Mar/2017:15:54:38 -0300] "POST /cormun/servlet/solicitudotadjuntos?aad684c267b4974919c1817a7d2e0361,INS,2017,5387,,1, HTTP/1.1" 200 116
201.214.54.252 - - [09/Mar/2017:15:54:38 -0300] "GET /cormun/servlet/hpexe_return? HTTP/1.1" 200 1027
201.214.54.252 - - [09/Mar/2017:15:54:38 -0300] "GET /cormun/servlet/trsolicitudadjuntos?2017,5387, HTTP/1.1" 200 8632
201.214.54.252 - - [09/Mar/2017:15:54:39 -0300] "GET /cormun/servlet/trsolicitudadjuntos?2017,5387, HTTP/1.1" 200 8633
201.214.54.252 - - [09/Mar/2017:15:54:42 -0300] "GET /cormun/servlet/solicitudotadjuntos?INS,2017,5387,,1, HTTP/1.1" 200 5984
201.214.54.252 - - [09/Mar/2017:15:54:42 -0300] "GET /cormun/static/about:blank HTTP/1.1" 404 1011
201.214.54.252 - - [09/Mar/2017:15:54:43 -0300] "GET /cormun/servlet/solicitudotadjuntos?INS,2017,5387,,1, HTTP/1.1" 200 5978
201.214.54.252 - - [09/Mar/2017:15:54:43 -0300] "GET /cormun/servlet/solicitudotadjuntos?657e4c4a2aa551b49bd7f0a8120d16d3c540c91290af0a42cff4ccaae76dc4a5db096d4d84cc6ba058a1a9fceee46196,gx-no-cache=1489085753357 HTTP/1.1" 200 30
201.214.54.252 - - [09/Mar/2017:15:54:44 -0300] "POST /cormun/servlet/solicitudotadjuntos?aad684c267b4974919c1817a7d2e0361,INS,2017,5387,,1,,gx-no-cache=1489085753498 HTTP/1.1" 200 3826
192.168.10.96 - - [09/Mar/2017:15:54:47 -0300] "POST /cormun/servlet/trsolicitudgral?baf21880bb65964a6a445aac0c3c647d,,gx-no-cache=1489088970615 HTTP/1.1" 200 6722
201.214.54.252 - - [09/Mar/2017:15:54:48 -0300] "POST /cormun/servlet/solicitudotadjuntos?gx-no-cache=1489085758525 HTTP/1.1" 200 26
186.9.132.225 - - [09/Mar/2017:15:54:51 -0300] "POST /cormun/servlet/solicitudotadjuntos?134d7d74e672092b6c6732fe38a74946,INS,2017,5375,,2, HTTP/1.1" 200 116
186.9.132.225 - - [09/Mar/2017:15:54:53 -0300] "GET /cormun/servlet/hpexe_return? HTTP/1.1" 200 1024
186.9.132.225 - - [09/Mar/2017:15:54:55 -0300] "GET /cormun/servlet/trsolicitudadjuntos?2017,5375, HTTP/1.1" 200 9031
201.214.54.252 - - [09/Mar/2017:15:54:58 -0300] "GET /cormun/servlet/solicitudotadjuntos?657e4c4a2aa551b49bd7f0a8120d16d3def574c3112b92504477c0e615764171,gx-no-cache=1489085767967 HTTP/1.1" 200 30
201.214.54.252 - - [09/Mar/2017:15:54:58 -0300] "GET /cormun/servlet/solicitudotadjuntos?657e4c4a2aa551b49bd7f0a8120d16d3def574c3112b92504477c0e615764171,gx-no-cache=1489085768023 HTTP/1.1" 200 30
201.214.54.252 - - [09/Mar/2017:15:54:58 -0300] "POST /cormun/servlet/solicitudotadjuntos?aad684c267b4974919c1817a7d2e0361,INS,2017,5387,,1, HTTP/1.1" 200 116
201.214.54.252 - - [09/Mar/2017:15:54:59 -0300] "GET /cormun/servlet/hpexe_return? HTTP/1.1" 200 1027
201.214.54.252 - - [09/Mar/2017:15:54:59 -0300] "GET /cormun/servlet/trsolicitudadjuntos?2017,5387, HTTP/1.1" 200 8799
201.214.54.252 - - [09/Mar/2017:15:55:00 -0300] "GET /cormun/servlet/trsolicitudadjuntos?2017,5387, HTTP/1.1" 200 8794
186.9.132.225 - - [09/Mar/2017:15:55:01 -0300] "GET /cormun/servlet/trsolicitudadjuntos?2017,5375, HTTP/1.1" 200 9026
201.214.54.252 - - [09/Mar/2017:15:55:02 -0300] "GET /cormun/servlet/solicitudotadjuntos?INS,2017,5387,,1, HTTP/1.1" 200 5984
201.214.54.252 - - [09/Mar/2017:15:55:03 -0300] "GET /cormun/static/about:blank HTTP/1.1" 404 1011
201.214.54.252 - - [09/Mar/2017:15:55:03 -0300] "GET /cormun/servlet/solicitudotadjuntos?INS,2017,5387,,1, HTTP/1.1" 200 5978
201.214.54.252 - - [09/Mar/2017:15:55:04 -0300] "GET /cormun/servlet/solicitudotadjuntos?657e4c4a2aa551b49bd7f0a8120d16d3c540c91290af0a42cff4ccaae76dc4a5db096d4d84cc6ba058a1a9fceee46196,gx-no-cache=1489085773641 HTTP/1.1" 200 30
201.214.54.252 - - [09/Mar/2017:15:55:04 -0300] "POST /cormun/servlet/solicitudotadjuntos?aad684c267b4974919c1817a7d2e0361,INS,2017,5387,,1,,gx-no-cache=1489085773773 HTTP/1.1" 200 3826
201.214.54.252 - - [09/Mar/2017:15:55:07 -0300] "POST /cormun/servlet/solicitudotadjuntos?gx-no-cache=1489085777049 HTTP/1.1" 200 26
201.214.54.252 - - [09/Mar/2017:15:55:08 -0300] "GET /cormun/servlet/solicitudotadjuntos?657e4c4a2aa551b49bd7f0a8120d16d3def574c3112b92504477c0e615764171,gx-no-cache=1489085778149 HTTP/1.1" 200 30
201.214.54.252 - - [09/Mar/2017:15:55:08 -0300] "GET /cormun/servlet/solicitudotadjuntos?657e4c4a2aa551b49bd7f0a8120d16d3def574c3112b92504477c0e615764171,gx-no-cache=1489085778228 HTTP/1.1" 200 30
201.214.54.252 - - [09/Mar/2017:15:55:08 -0300] "POST /cormun/servlet/solicitudotadjuntos?aad684c267b4974919c1817a7d2e0361,INS,2017,5387,,1,,gx-no-cache=1489085778314 HTTP/1.1" 200 93
201.214.54.252 - - [09/Mar/2017:15:55:08 -0300] "GET /cormun/servlet/hpexe_return? HTTP/1.1" 200 1027
201.214.54.252 - - [09/Mar/2017:15:55:09 -0300] "GET /cormun/servlet/trsolicitudadjuntos?2017,5387, HTTP/1.1" 200 8949
201.214.54.252 - - [09/Mar/2017:15:55:10 -0300] "GET /cormun/servlet/trsolicitudadjuntos?2017,5387, HTTP/1.1" 200 8946
201.214.54.252 - - [09/Mar/2017:15:55:22 -0300] "GET /cormun/servlet/solicitudotadjuntos?INS,2017,5387,,1, HTTP/1.1" 200 5984
201.214.54.252 - - [09/Mar/2017:15:55:23 -0300] "GET /cormun/static/about:blank HTTP/1.1" 404 1011
201.214.54.252 - - [09/Mar/2017:15:55:23 -0300] "GET /cormun/servlet/solicitudotadjuntos?INS,2017,5387,,1, HTTP/1.1" 200 5978
201.214.54.252 - - [09/Mar/2017:15:55:23 -0300] "GET /cormun/servlet/solicitudotadjuntos?657e4c4a2aa551b49bd7f0a8120d16d3c540c91290af0a42cff4ccaae76dc4a5db096d4d84cc6ba058a1a9fceee46196,gx-no-cache=1489085793379 HTTP/1.1" 200 30
201.214.54.252 - - [09/Mar/2017:15:55:23 -0300] "POST /cormun/servlet/solicitudotadjuntos?aad684c267b4974919c1817a7d2e0361,INS,2017,5387,,1,,gx-no-cache=1489085793474 HTTP/1.1" 200 3826
186.9.132.225 - - [09/Mar/2017:15:55:27 -0300] "GET /cormun/servlet/trsolicitudot? HTTP/1.1" 200 8167
186.9.132.225 - - [09/Mar/2017:15:55:29 -0300] "GET /cormun/servlet/trsolicitudot? HTTP/1.1" 200 8161
201.214.54.252 - - [09/Mar/2017:15:55:32 -0300] "POST /cormun/servlet/solicitudotadjuntos?gx-no-cache=1489085801831 HTTP/1.1" 200 26
201.214.54.252 - - [09/Mar/2017:15:55:39 -0300] "GET /cormun/servlet/solicitudotadjuntos?657e4c4a2aa551b49bd7f0a8120d16d3def574c3112b92504477c0e615764171,gx-no-cache=1489085808769 HTTP/1.1" 200 30
201.214.54.252 - - [09/Mar/2017:15:55:39 -0300] "GET /cormun/servlet/solicitudotadjuntos?657e4c4a2aa551b49bd7f0a8120d16d3def574c3112b92504477c0e615764171,gx-no-cache=1489085808838 HTTP/1.1" 200 30
192.168.10.96 - - [09/Mar/2017:15:55:39 -0300] "POST /cormun/servlet/trsolicitudgral?baf21880bb65964a6a445aac0c3c647d,,gx-no-cache=1489089023252 HTTP/1.1" 200 6721
201.214.54.252 - - [09/Mar/2017:15:55:39 -0300] "POST /cormun/servlet/solicitudotadjuntos?aad684c267b4974919c1817a7d2e0361,INS,2017,5387,,1, HTTP/1.1" 200 6150
201.214.54.252 - - [09/Mar/2017:15:55:39 -0300] "GET /home/sistema/apache-tomcat-7.0.65/webapps/cormun/PrivateTempStorage/upload_00014489.pdf HTTP/1.1" 404 1135
201.214.54.252 - - [09/Mar/2017:15:55:40 -0300] "GET /home/sistema/apache-tomcat-7.0.65/webapps/cormun/PrivateTempStorage/upload_00014489.pdf HTTP/1.1" 404 1135
201.214.54.252 - - [09/Mar/2017:15:55:40 -0300] "GET /cormun/static/Shared/jqueryui/images/ui-icons_ebccce_256x240.png HTTP/1.1" 404 1089
201.214.54.252 - - [09/Mar/2017:15:55:40 -0300] "GET /cormun/PrivateTempStorage/upload_00014489.pdf HTTP/1.1" 200 117306
201.214.54.252 - - [09/Mar/2017:15:55:40 -0300] "GET /cormun/static/Shared/jqueryui/images/ui-bg_flat_55_994d53_40x100.png HTTP/1.1" 404 1097
201.214.54.252 - - [09/Mar/2017:15:55:40 -0300] "GET /cormun/static/Shared/jqueryui/images/ui-bg_highlight-soft_100_c6c2c8_1x100.png HTTP/1.1" 404 1117
201.214.54.252 - - [09/Mar/2017:15:55:40 -0300] "GET /cormun/static/Shared/jqueryui/images/ui-icons_82798d_256x240.png HTTP/1.1" 404 1089
186.9.132.225 - - [09/Mar/2017:15:55:45 -0300] "POST /cormun/servlet/trsolicitudot?134d7d74e672092b6c6732fe38a74946,,gx-no-cache=1489085805168 HTTP/1.1" 200 4339
201.214.54.252 - - [09/Mar/2017:15:55:45 -0300] "GET /cormun/servlet/solicitudotadjuntos?657e4c4a2aa551b49bd7f0a8120d16d376801dc3e9e0c0bf570417ddf0c93dabfd451e3ded5dcf64079b4cf4204ae5e9,gx-no-cache=1489085815260 HTTP/1.1" 200 30
201.214.54.252 - - [09/Mar/2017:15:55:46 -0300] "POST /cormun/servlet/solicitudotadjuntos?aad684c267b4974919c1817a7d2e0361,INS,2017,5387,,1, HTTP/1.1" 200 6150
201.214.54.252 - - [09/Mar/2017:15:55:46 -0300] "GET /home/sistema/apache-tomcat-7.0.65/webapps/cormun/PrivateTempStorage/upload_00014501.pdf HTTP/1.1" 404 1135
201.214.54.252 - - [09/Mar/2017:15:55:46 -0300] "GET /home/sistema/apache-tomcat-7.0.65/webapps/cormun/PrivateTempStorage/upload_00014501.pdf HTTP/1.1" 404 1135
201.214.54.252 - - [09/Mar/2017:15:55:46 -0300] "GET /cormun/PrivateTempStorage/upload_00014501.pdf HTTP/1.1" 200 16384
201.214.54.252 - - [09/Mar/2017:15:55:46 -0300] "GET /cormun/PrivateTempStorage/upload_00014501.pdf HTTP/1.1" 200 117306
186.103.132.155 - - [09/Mar/2017:15:55:49 -0300] "POST /cormun/servlet/solicitudotadjuntos?gx-no-cache=1489082219391 HTTP/1.1" 200 26
186.9.132.225 - - [09/Mar/2017:15:55:52 -0300] "GET /cormun/static/Shared/jqueryui/images/ui-bg_highlight-soft_100_c6c2c8_1x100.png HTTP/1.1" 404 1117
201.214.54.252 - - [09/Mar/2017:15:55:53 -0300] "GET /cormun/servlet/solicitudotadjuntos?657e4c4a2aa551b49bd7f0a8120d16d30b2b4e106310f96ba9a80af64cd3f4f0fd451e3ded5dcf64079b4cf4204ae5e9,gx-no-cache=1489085822716 HTTP/1.1" 200 30
201.214.54.252 - - [09/Mar/2017:15:55:53 -0300] "POST /cormun/servlet/solicitudotadjuntos?aad684c267b4974919c1817a7d2e0361,INS,2017,5387,,1, HTTP/1.1" 200 6151
201.214.54.252 - - [09/Mar/2017:15:55:53 -0300] "GET /home/sistema/apache-tomcat-7.0.65/webapps/cormun/PrivateTempStorage/upload_00014513.pdf HTTP/1.1" 404 1135
201.214.54.252 - - [09/Mar/2017:15:55:53 -0300] "GET /home/sistema/apache-tomcat-7.0.65/webapps/cormun/PrivateTempStorage/upload_00014513.pdf HTTP/1.1" 404 1135
201.214.54.252 - - [09/Mar/2017:15:55:53 -0300] "GET /cormun/PrivateTempStorage/upload_00014513.pdf HTTP/1.1" 200 16384
186.9.132.225 - - [09/Mar/2017:15:55:53 -0300] "GET /cormun/static/Shared/jqueryui/images/ui-icons_82798d_256x240.png HTTP/1.1" 404 1089
186.9.132.225 - - [09/Mar/2017:15:55:53 -0300] "GET /cormun/static/Shared/jqueryui/images/ui-bg_flat_55_fafafa_40x100.png HTTP/1.1" 404 1097
201.214.54.252 - - [09/Mar/2017:15:55:54 -0300] "GET /cormun/PrivateTempStorage/upload_00014513.pdf HTTP/1.1" 200 117306
186.9.132.225 - - [09/Mar/2017:15:55:54 -0300] "GET /cormun/static/Shared/jqueryui/images/ui-icons_8d78a5_256x240.png HTTP/1.1" 404 1089
186.103.132.155 - - [09/Mar/2017:15:55:56 -0300] "POST /cormun/servlet/solicitudotadjuntos?gx-no-cache=1489082226934 HTTP/1.1" 200 26
201.214.54.252 - - [09/Mar/2017:15:55:59 -0300] "POST /cormun/servlet/solicitudotadjuntos?aad684c267b4974919c1817a7d2e0361,INS,2017,5387,,1, HTTP/1.1" 200 116
201.214.54.252 - - [09/Mar/2017:15:55:59 -0300] "GET /cormun/servlet/hpexe_return? HTTP/1.1" 200 1027
201.214.54.252 - - [09/Mar/2017:15:56:00 -0300] "GET /cormun/servlet/trsolicitudadjuntos?2017,5387, HTTP/1.1" 200 8950
201.214.54.252 - - [09/Mar/2017:15:56:01 -0300] "GET /cormun/servlet/trsolicitudadjuntos?2017,5387, HTTP/1.1" 200 8946
186.9.132.225 - - [09/Mar/2017:15:56:02 -0300] "POST /cormun/servlet/trsolicitudot?134d7d74e672092b6c6732fe38a74946,,gx-no-cache=1489085819297 HTTP/1.1" 200 4135
186.103.132.155 - - [09/Mar/2017:15:56:03 -0300] "GET /cormun/servlet/solicitudotadjuntos?877126d5690d8a5e5807bb451bd7d4c15a03856028994fd39374b88030528b3c,gx-no-cache=1489082233404 HTTP/1.1" 200 30
186.103.132.155 - - [09/Mar/2017:15:56:03 -0300] "GET /cormun/servlet/solicitudotadjuntos?877126d5690d8a5e5807bb451bd7d4c15a03856028994fd39374b88030528b3c,gx-no-cache=1489082233534 HTTP/1.1" 200 30
186.103.132.155 - - [09/Mar/2017:15:56:06 -0300] "POST /cormun/servlet/solicitudotadjuntos?7ce733e859f19a4a9dd498a162f59354,INS,2017,5385,,1, HTTP/1.1" 200 116
186.103.132.155 - - [09/Mar/2017:15:56:07 -0300] "GET /cormun/servlet/hpexe_return? HTTP/1.1" 200 1023
186.103.132.155 - - [09/Mar/2017:15:56:08 -0300] "GET /cormun/servlet/trsolicitudadjuntos?2017,5385, HTTP/1.1" 200 8516
201.214.54.252 - - [09/Mar/2017:15:56:11 -0300] "GET /cormun/servlet/solicitudotadjuntos?INS,2017,5387,,1, HTTP/1.1" 200 5984
201.214.54.252 - - [09/Mar/2017:15:56:11 -0300] "GET /cormun/static/about:blank HTTP/1.1" 404 1011
186.103.132.155 - - [09/Mar/2017:15:56:11 -0300] "GET /cormun/servlet/trsolicitudadjuntos?2017,5385, HTTP/1.1" 200 8512
201.214.54.252 - - [09/Mar/2017:15:56:12 -0300] "GET /cormun/servlet/solicitudotadjuntos?INS,2017,5387,,1, HTTP/1.1" 200 5978
201.214.54.252 - - [09/Mar/2017:15:56:12 -0300] "GET /cormun/servlet/solicitudotadjuntos?657e4c4a2aa551b49bd7f0a8120d16d3c540c91290af0a42cff4ccaae76dc4a5db096d4d84cc6ba058a1a9fceee46196,gx-no-cache=1489085842290 HTTP/1.1" 200 30
201.214.54.252 - - [09/Mar/2017:15:56:12 -0300] "POST /cormun/servlet/solicitudotadjuntos?aad684c267b4974919c1817a7d2e0361,INS,2017,5387,,1,,gx-no-cache=1489085842392 HTTP/1.1" 200 3826
186.103.132.155 - - [09/Mar/2017:15:56:21 -0300] "GET /cormun/servlet/solicitudotadjuntos?INS,2017,5385,,1, HTTP/1.1" 200 5833
186.103.132.155 - - [09/Mar/2017:15:56:22 -0300] "GET /cormun/static/about:blank HTTP/1.1" 404 1011
186.103.132.155 - - [09/Mar/2017:15:56:22 -0300] "GET /cormun/servlet/solicitudotadjuntos?INS,2017,5385,,1, HTTP/1.1" 200 5827
186.103.132.155 - - [09/Mar/2017:15:56:22 -0300] "GET /cormun/servlet/solicitudotadjuntos?877126d5690d8a5e5807bb451bd7d4c1bd2b11328507b6aa36d89bc7d184de4fb104c224db082688e96aae207adbecd1,gx-no-cache=1489082252915 HTTP/1.1" 200 30
186.103.132.155 - - [09/Mar/2017:15:56:22 -0300] "POST /cormun/servlet/solicitudotadjuntos?7ce733e859f19a4a9dd498a162f59354,INS,2017,5385,,1,,gx-no-cache=1489082253038 HTTP/1.1" 200 3645
186.103.132.155 - - [09/Mar/2017:15:56:26 -0300] "POST /cormun/servlet/solicitudotadjuntos?gx-no-cache=1489082256303 HTTP/1.1" 200 26
186.103.132.155 - - [09/Mar/2017:15:56:33 -0300] "GET /cormun/servlet/solicitudotadjuntos?877126d5690d8a5e5807bb451bd7d4c15a03856028994fd39374b88030528b3c,gx-no-cache=1489082263346 HTTP/1.1" 200 30
186.103.132.155 - - [09/Mar/2017:15:56:33 -0300] "GET /cormun/servlet/solicitudotadjuntos?877126d5690d8a5e5807bb451bd7d4c15a03856028994fd39374b88030528b3c,gx-no-cache=1489082263522 HTTP/1.1" 200 30
201.214.54.252 - - [09/Mar/2017:15:56:36 -0300] "POST /cormun/servlet/solicitudotadjuntos?aad684c267b4974919c1817a7d2e0361,INS,2017,5387,,1,,gx-no-cache=1489085865774 HTTP/1.1" 200 93
201.214.54.252 - - [09/Mar/2017:15:56:36 -0300] "GET /cormun/servlet/hpexe_return? HTTP/1.1" 200 1027
201.214.54.252 - - [09/Mar/2017:15:56:36 -0300] "GET /cormun/servlet/trsolicitudadjuntos?2017,5387, HTTP/1.1" 200 8949
186.103.132.155 - - [09/Mar/2017:15:56:37 -0300] "POST /cormun/servlet/solicitudotadjuntos?7ce733e859f19a4a9dd498a162f59354,INS,2017,5385,,1, HTTP/1.1" 200 116
186.103.132.155 - - [09/Mar/2017:15:56:37 -0300] "GET /cormun/servlet/hpexe_return? HTTP/1.1" 200 1023
201.214.54.252 - - [09/Mar/2017:15:56:37 -0300] "GET /cormun/servlet/trsolicitudadjuntos?2017,5387, HTTP/1.1" 200 8946
186.103.132.155 - - [09/Mar/2017:15:56:38 -0300] "GET /cormun/servlet/trsolicitudadjuntos?2017,5385, HTTP/1.1" 200 8670
186.103.132.155 - - [09/Mar/2017:15:56:42 -0300] "GET /cormun/servlet/trsolicitudadjuntos?2017,5385, HTTP/1.1" 200 8668
186.103.132.155 - - [09/Mar/2017:15:56:47 -0300] "GET /cormun/servlet/trsolicitudot? HTTP/1.1" 200 8019
186.103.132.155 - - [09/Mar/2017:15:56:49 -0300] "GET /cormun/servlet/trsolicitudot? HTTP/1.1" 200 8013
186.103.132.155 - - [09/Mar/2017:15:56:55 -0300] "POST /cormun/servlet/trsolicitudot?7ce733e859f19a4a9dd498a162f59354,,gx-no-cache=1489082281641 HTTP/1.1" 200 5271
186.103.132.155 - - [09/Mar/2017:15:56:57 -0300] "GET /cormun/static/Shared/jqueryui/images/ui-bg_highlight-soft_100_c6c2c8_1x100.png HTTP/1.1" 404 1117
186.103.132.155 - - [09/Mar/2017:15:56:57 -0300] "GET /cormun/static/Shared/jqueryui/images/ui-icons_82798d_256x240.png HTTP/1.1" 404 1089
186.103.132.155 - - [09/Mar/2017:15:56:59 -0300] "GET /cormun/static/Shared/jqueryui/images/ui-bg_flat_55_fafafa_40x100.png HTTP/1.1" 404 1097
186.103.132.155 - - [09/Mar/2017:15:56:59 -0300] "GET /cormun/static/Shared/jqueryui/images/ui-icons_8d78a5_256x240.png HTTP/1.1" 404 1089
186.103.132.155 - - [09/Mar/2017:15:57:14 -0300] "POST /cormun/servlet/trsolicitudot?7ce733e859f19a4a9dd498a162f59354,,gx-no-cache=1489082293304 HTTP/1.1" 200 107
186.103.132.155 - - [09/Mar/2017:15:57:16 -0300] "GET /cormun/servlet/trsolicitudadjuntos?2017,5385, HTTP/1.1" 200 8668
201.214.54.252 - - [09/Mar/2017:15:57:20 -0300] "GET /cormun/servlet/trvisualizadoreventos? HTTP/1.1" 200 6697
186.103.132.155 - - [09/Mar/2017:15:57:20 -0300] "GET /cormun/servlet/trsolicitudadjuntos?2017,5385, HTTP/1.1" 200 8668
201.214.54.252 - - [09/Mar/2017:15:57:20 -0300] "GET /cormun/static/gxcfg.js?2016101716203350 HTTP/1.1" 200 953
201.214.54.252 - - [09/Mar/2017:15:57:20 -0300] "GET /cormun/static/trvisualizadoreventos.js?2016101716203614 HTTP/1.1" 200 19309
201.214.54.252 - - [09/Mar/2017:15:57:20 -0300] "GET /cormun/static/Resources/PXToolsActionPrint.png HTTP/1.1" 200 3317
201.214.54.252 - - [09/Mar/2017:15:57:21 -0300] "GET /cormun/servlet/trvisualizadoreventos? HTTP/1.1" 200 6684
186.103.132.155 - - [09/Mar/2017:15:57:27 -0300] "GET /cormun/servlet/solicitudotadjuntos?INS,2017,5385,,1, HTTP/1.1" 200 5833
186.103.132.155 - - [09/Mar/2017:15:57:28 -0300] "GET /cormun/static/about:blank HTTP/1.1" 404 1011
186.103.132.155 - - [09/Mar/2017:15:57:28 -0300] "GET /cormun/servlet/solicitudotadjuntos?INS,2017,5385,,1, HTTP/1.1" 200 5827
186.103.132.155 - - [09/Mar/2017:15:57:30 -0300] "GET /cormun/servlet/solicitudotadjuntos?877126d5690d8a5e5807bb451bd7d4c1bd2b11328507b6aa36d89bc7d184de4fb104c224db082688e96aae207adbecd1,gx-no-cache=1489082318862 HTTP/1.1" 200 30
186.103.132.155 - - [09/Mar/2017:15:57:33 -0300] "POST /cormun/servlet/solicitudotadjuntos?7ce733e859f19a4a9dd498a162f59354,INS,2017,5385,,1,,gx-no-cache=1489082320573 HTTP/1.1" 200 3645
186.103.132.155 - - [09/Mar/2017:15:57:37 -0300] "POST /cormun/servlet/solicitudotadjuntos?gx-no-cache=1489082326300 HTTP/1.1" 200 26
186.103.132.155 - - [09/Mar/2017:15:57:44 -0300] "GET /cormun/servlet/solicitudotadjuntos?877126d5690d8a5e5807bb451bd7d4c15a03856028994fd39374b88030528b3c,gx-no-cache=1489082333615 HTTP/1.1" 200 30
186.103.132.155 - - [09/Mar/2017:15:57:46 -0300] "GET /cormun/servlet/solicitudotadjuntos?877126d5690d8a5e5807bb451bd7d4c15a03856028994fd39374b88030528b3c,gx-no-cache=1489082334739 HTTP/1.1" 200 30
192.168.10.96 - - [09/Mar/2017:15:58:29 -0300] "GET /cormun/servlet/trsolicitudgral? HTTP/1.1" 200 9731
192.168.10.96 - - [09/Mar/2017:15:58:30 -0300] "GET /cormun/servlet/trsolicitudgral? HTTP/1.1" 200 9731
186.103.132.155 - - [09/Mar/2017:15:58:31 -0300] "POST /cormun/servlet/solicitudotadjuntos?7ce733e859f19a4a9dd498a162f59354,INS,2017,5385,,1, HTTP/1.1" 200 6320
192.168.10.96 - - [09/Mar/2017:15:58:45 -0300] "POST /cormun/servlet/trsolicitudgral?baf21880bb65964a6a445aac0c3c647d,,gx-no-cache=1489089208858 HTTP/1.1" 200 5400
192.168.10.96 - - [09/Mar/2017:15:58:53 -0300] "POST /cormun/servlet/trsolicitudgral?baf21880bb65964a6a445aac0c3c647d,,gx-no-cache=1489089216722 HTTP/1.1" 200 6695
201.214.54.252 - - [09/Mar/2017:15:59:13 -0300] "GET /cormun/servlet/trautorizarsolicitud? HTTP/1.1" 200 6868
201.214.54.252 - - [09/Mar/2017:15:59:13 -0300] "GET /cormun/static/gxcfg.js?2017259112829 HTTP/1.1" 200 953
201.214.54.252 - - [09/Mar/2017:15:59:13 -0300] "GET /cormun/static/trautorizarsolicitud.js?2017259113483 HTTP/1.1" 200 53096
201.214.54.252 - - [09/Mar/2017:15:59:14 -0300] "GET /cormun/servlet/trautorizarsolicitud? HTTP/1.1" 200 6867
201.214.54.252 - - [09/Mar/2017:15:59:26 -0300] "GET /cormun/servlet/trautorizarsolicitud? HTTP/1.1" 200 6867
201.214.54.252 - - [09/Mar/2017:15:59:27 -0300] "GET /cormun/servlet/trautorizarsolicitud? HTTP/1.1" 200 6867
192.168.10.96 - - [09/Mar/2017:15:59:27 -0300] "GET /cormun/servlet/hlogin HTTP/1.1" 200 1734
192.168.10.96 - - [09/Mar/2017:15:59:59 -0300] "POST /cormun/servlet/hlogin?baf21880bb65964a6a445aac0c3c647d,gx-no-cache=1489089283270 HTTP/1.1" 200 448
192.168.10.96 - - [09/Mar/2017:16:00:04 -0300] "POST /cormun/servlet/hlogin?baf21880bb65964a6a445aac0c3c647d,gx-no-cache=1489089288251 HTTP/1.1" 200 90
192.168.10.96 - - [09/Mar/2017:16:00:04 -0300] "GET /cormun/servlet/hpexe_link HTTP/1.1" 200 948
192.168.10.96 - - [09/Mar/2017:16:00:04 -0300] "GET /cormun/servlet/hhome HTTP/1.1" 200 3943
192.168.10.96 - - [09/Mar/2017:16:00:05 -0300] "GET /cormun/servlet/hhome HTTP/1.1" 200 3939
192.168.10.96 - - [09/Mar/2017:16:00:06 -0300] "GET /cormun/servlet/trautorizarsolicitud? HTTP/1.1" 200 6866
192.168.10.96 - - [09/Mar/2017:16:00:06 -0300] "GET /cormun/static/gxcfg.js?2017259112829 HTTP/1.1" 200 953
192.168.10.96 - - [09/Mar/2017:16:00:06 -0300] "GET /cormun/static/trautorizarsolicitud.js?2017259113483 HTTP/1.1" 200 53096
192.168.10.96 - - [09/Mar/2017:16:00:07 -0300] "GET /cormun/servlet/trautorizarsolicitud? HTTP/1.1" 200 6865
192.168.10.96 - - [09/Mar/2017:16:00:10 -0300] "GET /cormun/servlet/trsolicitudot? HTTP/1.1" 200 8161
192.168.10.96 - - [09/Mar/2017:16:00:10 -0300] "GET /cormun/servlet/trsolicitudot? HTTP/1.1" 200 8161
192.168.10.96 - - [09/Mar/2017:16:00:18 -0300] "POST /cormun/servlet/trsolicitudot?baf21880bb65964a6a445aac0c3c647d,,gx-no-cache=1489089301622 HTTP/1.1" 200 4345
192.168.10.96 - - [09/Mar/2017:16:00:18 -0300] "GET /cormun/static/Shared/jqueryui/images/ui-bg_highlight-soft_100_c6c2c8_1x100.png HTTP/1.1" 404 1117
192.168.10.96 - - [09/Mar/2017:16:00:18 -0300] "GET /cormun/static/Shared/jqueryui/images/ui-icons_82798d_256x240.png HTTP/1.1" 404 1089
192.168.10.96 - - [09/Mar/2017:16:00:18 -0300] "GET /cormun/static/Shared/jqueryui/images/ui-bg_flat_55_fafafa_40x100.png HTTP/1.1" 404 1097
192.168.10.96 - - [09/Mar/2017:16:00:18 -0300] "GET /cormun/static/Shared/jqueryui/images/ui-icons_8d78a5_256x240.png HTTP/1.1" 404 1089
192.168.10.96 - - [09/Mar/2017:16:00:18 -0300] "POST /cormun/servlet/trsolicitudot?baf21880bb65964a6a445aac0c3c647d,,gx-no-cache=1489089302041 HTTP/1.1" 200 4115
192.168.10.96 - - [09/Mar/2017:16:00:20 -0300] "GET /cormun/servlet/trautorizarsolicitud? HTTP/1.1" 200 8106
192.168.10.96 - - [09/Mar/2017:16:00:20 -0300] "GET /cormun/servlet/trautorizarsolicitud? HTTP/1.1" 200 8106
192.168.10.96 - - [09/Mar/2017:16:00:39 -0300] "POST /cormun/servlet/trautorizarsolicitud?baf21880bb65964a6a445aac0c3c647d,,gx-no-cache=1489089322666 HTTP/1.1" 200 4315
192.168.10.96 - - [09/Mar/2017:16:00:39 -0300] "GET /cormun/static/Shared/jqueryui/images/ui-bg_highlight-soft_100_c6c2c8_1x100.png HTTP/1.1" 404 1117
192.168.10.96 - - [09/Mar/2017:16:00:39 -0300] "GET /cormun/static/Shared/jqueryui/images/ui-icons_82798d_256x240.png HTTP/1.1" 404 1089
192.168.10.96 - - [09/Mar/2017:16:00:39 -0300] "GET /cormun/static/Shared/jqueryui/images/ui-icons_8d78a5_256x240.png HTTP/1.1" 404 1089
192.168.10.96 - - [09/Mar/2017:16:00:39 -0300] "GET /cormun/static/Shared/jqueryui/images/ui-bg_flat_55_fafafa_40x100.png HTTP/1.1" 404 1097
192.168.10.96 - - [09/Mar/2017:16:00:39 -0300] "POST /cormun/servlet/trautorizarsolicitud?baf21880bb65964a6a445aac0c3c647d,,gx-no-cache=1489089322848 HTTP/1.1" 200 4089
192.168.10.96 - - [09/Mar/2017:16:00:57 -0300] "GET /cormun/servlet/hlogin HTTP/1.1" 200 1736
186.103.132.155 - - [09/Mar/2017:16:01:00 -0300] "GET /cormun/servlet/trsolicitudadjuntos?2017,5385, HTTP/1.1" 200 8667
186.103.132.155 - - [09/Mar/2017:16:01:03 -0300] "GET /cormun/servlet/trsolicitudadjuntos?2017,5385, HTTP/1.1" 200 8670
186.103.132.155 - - [09/Mar/2017:16:01:05 -0300] "GET /cormun/servlet/trpermisosgoce? HTTP/1.1" 200 7665
186.103.132.155 - - [09/Mar/2017:16:01:05 -0300] "GET /cormun/static/gxcfg.js?201612262011714 HTTP/1.1" 304 -
186.103.132.155 - - [09/Mar/2017:16:01:06 -0300] "GET /cormun/static/trpermisosgoce.js?201612262012096 HTTP/1.1" 304 -
186.103.132.155 - - [09/Mar/2017:16:01:07 -0300] "GET /cormun/servlet/trpermisosgoce? HTTP/1.1" 200 7654
186.103.132.155 - - [09/Mar/2017:16:01:19 -0300] "POST /cormun/servlet/trpermisosgoce?7ce733e859f19a4a9dd498a162f59354,,gx-no-cache=1489082544654 HTTP/1.1" 200 4953
186.103.132.155 - - [09/Mar/2017:16:01:24 -0300] "GET /cormun/servlet/trpermisosgoce? HTTP/1.1" 200 7654
186.103.132.155 - - [09/Mar/2017:16:01:27 -0300] "GET /cormun/servlet/trpermisosgoce? HTTP/1.1" 200 7654
186.103.132.155 - - [09/Mar/2017:16:01:28 -0300] "GET /cormun/servlet/permisogoce?INS,0,,, HTTP/1.1" 200 6561
186.103.132.155 - - [09/Mar/2017:16:01:28 -0300] "GET /cormun/static/gxcfg.js?201612262052844 HTTP/1.1" 304 -
186.103.132.155 - - [09/Mar/2017:16:01:29 -0300] "GET /cormun/static/permisogoce.js?201612262052891 HTTP/1.1" 304 -
186.103.132.155 - - [09/Mar/2017:16:01:37 -0300] "GET /cormun/servlet/permisogoce?INS,0,,, HTTP/1.1" 200 6561
186.103.132.155 - - [09/Mar/2017:16:01:48 -0300] "GET /cormun/servlet/prfichaempleado?,MD,,gxPopupLevel%3D0%3B HTTP/1.1" 200 8853
186.103.132.155 - - [09/Mar/2017:16:01:49 -0300] "GET /cormun/static/gxcfg.js?2016102420561687 HTTP/1.1" 304 -
186.103.158.250 - - [09/Mar/2017:16:02:27 -0300] "GET /cormun/servlet/hlogin HTTP/1.1" 200 1720
186.103.158.250 - - [09/Mar/2017:16:02:27 -0300] "GET /cormun/static/gxcfg.js?201612216162538 HTTP/1.1" 304 -
186.103.158.250 - - [09/Mar/2017:16:02:27 -0300] "GET /cormun/servlet/hlogin HTTP/1.1" 200 1730
186.103.132.155 - - [09/Mar/2017:16:02:32 -0300] "GET /cormun/servlet/trpermisosgoce? HTTP/1.1" 200 7654
186.103.132.155 - - [09/Mar/2017:16:02:33 -0300] "GET /cormun/servlet/trpermisosgoce? HTTP/1.1" 200 7654
186.103.132.155 - - [09/Mar/2017:16:02:36 -0300] "GET /cormun/servlet/permisogoce?INS,0,,, HTTP/1.1" 200 6561
186.103.132.155 - - [09/Mar/2017:16:02:37 -0300] "GET /cormun/servlet/permisogoce?INS,0,,, HTTP/1.1" 200 6561
186.103.132.155 - - [09/Mar/2017:16:02:51 -0300] "POST /cormun/servlet/prfichaempleado?7ce733e859f19a4a9dd498a162f59354,,MD,,gxPopupLevel%3D0%3B,gx-no-cache=1489082592401 HTTP/1.1" 500 10
186.103.158.250 - - [09/Mar/2017:16:02:55 -0300] "POST /cormun/servlet/hlogin?7c28c79520ac93708202b7b0cab94105,gx-no-cache=1489086147232 HTTP/1.1" 200 90
186.103.158.250 - - [09/Mar/2017:16:02:55 -0300] "GET /cormun/servlet/hpexe_link HTTP/1.1" 200 955
186.103.158.250 - - [09/Mar/2017:16:02:55 -0300] "GET /cormun/static/gxcfg.js?201612218515529 HTTP/1.1" 304 -
186.103.158.250 - - [09/Mar/2017:16:02:55 -0300] "GET /cormun/servlet/hhome HTTP/1.1" 200 3762
186.103.158.250 - - [09/Mar/2017:16:02:55 -0300] "GET /cormun/static/gxcfg.js?201612218515568 HTTP/1.1" 304 -
186.103.158.250 - - [09/Mar/2017:16:02:57 -0300] "GET /cormun/servlet/hhome HTTP/1.1" 200 3759
186.103.158.250 - - [09/Mar/2017:16:03:18 -0300] "GET /cormun/servlet/trsolicitudot? HTTP/1.1" 200 8001
186.103.158.250 - - [09/Mar/2017:16:03:18 -0300] "GET /cormun/static/gxcfg.js?20171191044697 HTTP/1.1" 304 -
186.103.158.250 - - [09/Mar/2017:16:03:19 -0300] "GET /cormun/servlet/trsolicitudot? HTTP/1.1" 200 7999
186.103.158.250 - - [09/Mar/2017:16:03:30 -0300] "GET /cormun/servlet/treventos?2017,4825, HTTP/1.1" 200 8017
186.103.158.250 - - [09/Mar/2017:16:03:30 -0300] "GET /cormun/static/gxcfg.js?2016101716195975 HTTP/1.1" 200 953
186.103.158.250 - - [09/Mar/2017:16:03:30 -0300] "GET /cormun/static/treventos.js?201610171620222 HTTP/1.1" 200 16055
186.103.158.250 - - [09/Mar/2017:16:03:31 -0300] "GET /cormun/servlet/treventos?2017,4825, HTTP/1.1" 200 8022
186.103.158.250 - - [09/Mar/2017:16:03:47 -0300] "GET /cormun/servlet/trsolicitudot? HTTP/1.1" 200 7999
186.103.158.250 - - [09/Mar/2017:16:03:48 -0300] "GET /cormun/servlet/trsolicitudot? HTTP/1.1" 200 7999
186.103.132.155 - - [09/Mar/2017:16:03:51 -0300] "GET /cormun/servlet/prfichaempleado?,MD,,gxPopupLevel%3D0%3B HTTP/1.1" 200 8853
186.103.158.250 - - [09/Mar/2017:16:03:57 -0300] "GET /cormun/servlet/solicitudot?INS,0,0, HTTP/1.1" 200 12570
186.103.158.250 - - [09/Mar/2017:16:03:58 -0300] "GET /cormun/static/gxcfg.js?20171191042720 HTTP/1.1" 304 -
186.103.158.250 - - [09/Mar/2017:16:03:59 -0300] "GET /cormun/servlet/solicitudot?INS,0,0, HTTP/1.1" 200 12575
186.103.132.155 - - [09/Mar/2017:16:04:10 -0300] "POST /cormun/servlet/prfichaempleado?7ce733e859f19a4a9dd498a162f59354,,MD,,gxPopupLevel%3D0%3B,gx-no-cache=1489082713904 HTTP/1.1" 200 3399
186.103.132.155 - - [09/Mar/2017:16:04:18 -0300] "GET /cormun/servlet/permisogoce?7e93c3846d4e232d5019b6230d8840ed1544a0212298ad4a30e29a9eb65f8fe181a2f9244fd4554119a2c1863f2f0edc,gx-no-cache=1489082726628 HTTP/1.1" 200 73
186.103.132.155 - - [09/Mar/2017:16:04:20 -0300] "GET /cormun/static/menuarrow.gif HTTP/1.1" 404 1015
186.103.132.155 - - [09/Mar/2017:16:04:36 -0300] "GET /cormun/servlet/permisogoce?7e93c3846d4e232d5019b6230d8840ed4cf6b79ee318602914400792c14fe558b0b4595ab28dadce34331a43a0ebc765cc24dbc1c547b647fa00ecd851b8c9b8,gx-no-cache=1489082742070 HTTP/1.1" 200 47
186.103.132.155 - - [09/Mar/2017:16:05:03 -0300] "POST /cormun/servlet/permisogoce?7ce733e859f19a4a9dd498a162f59354,INS,0,,,,gx-no-cache=1489082772329 HTTP/1.1" 200 93
186.103.132.155 - - [09/Mar/2017:16:05:03 -0300] "GET /cormun/servlet/hpexe_return? HTTP/1.1" 200 1007
186.103.132.155 - - [09/Mar/2017:16:05:04 -0300] "GET /cormun/servlet/trpermisosgoce HTTP/1.1" 200 7885
186.103.132.155 - - [09/Mar/2017:16:05:05 -0300] "GET /cormun/servlet/trpermisosgoce HTTP/1.1" 200 7881
186.103.132.155 - - [09/Mar/2017:16:05:12 -0300] "GET /cormun/servlet/apermisogoceprn?9650706,P,20170309165947,PU HTTP/1.1" 200 1569
186.103.158.250 - - [09/Mar/2017:16:05:23 -0300] "GET /cormun/servlet/prfichaempleado?,MD,,gxPopupLevel%3D0%3B HTTP/1.1" 200 8810
186.103.158.250 - - [09/Mar/2017:16:05:23 -0300] "GET /cormun/static/gxcfg.js?2016102420561687 HTTP/1.1" 304 -
186.103.132.155 - - [09/Mar/2017:16:05:28 -0300] "GET /cormun/servlet/apermisogoceprn?9650706,P,20170309165947,PU HTTP/1.1" 200 1569
186.103.158.250 - - [09/Mar/2017:16:05:40 -0300] "GET /cormun/servlet/trsolicitudot? HTTP/1.1" 200 7999
186.103.158.250 - - [09/Mar/2017:16:05:42 -0300] "GET /cormun/servlet/trsolicitudot? HTTP/1.1" 200 7999
186.103.158.250 - - [09/Mar/2017:16:05:51 -0300] "GET /cormun/servlet/solicitudot?INS,0,0, HTTP/1.1" 200 12569
186.103.158.250 - - [09/Mar/2017:16:05:52 -0300] "GET /cormun/servlet/solicitudot?INS,0,0, HTTP/1.1" 200 12574
186.103.158.250 - - [09/Mar/2017:16:06:09 -0300] "POST /cormun/servlet/solicitudot?gx-no-cache=1489086341060 HTTP/1.1" 200 3182
186.103.158.250 - - [09/Mar/2017:16:06:09 -0300] "POST /cormun/servlet/solicitudot?7c28c79520ac93708202b7b0cab94105,INS,0,0,,gx-no-cache=1489086341380 HTTP/1.1" 200 9792
186.103.158.250 - - [09/Mar/2017:16:07:14 -0300] "GET /cormun/servlet/solicitudot?75aa746cb6e977fcf4778f7e41ef63de18be34a77f763dc5a9dcfda7f37589b3df53d7ad9ae63bbff082022379ca081b,gx-no-cache=1489086406678 HTTP/1.1" 200 30
186.103.158.250 - - [09/Mar/2017:16:07:14 -0300] "POST /cormun/servlet/solicitudot?gx-no-cache=1489086406768 HTTP/1.1" 200 297
186.103.158.250 - - [09/Mar/2017:16:07:15 -0300] "GET /cormun/servlet/solicitudot?75aa746cb6e977fcf4778f7e41ef63dee69f9c62e4984caa163bac2c96c03c496ef191eb63bbf3df71e9f167a9f89d061f2f04b525338ec43090dfd5bad82adfa40edd7147178518c850766974e29eacc5a5596de00296a06108bab6149cd60736c3e116c5d7a76072d22c263153aa6cb0e6e16f150b6988d5ea28cdc43d2277e179562cdc1cd2fdd645b6b60259f3e98784cbd5d9e75ddd14e4807d670597a72f779d70105664041018c165ba7167a2328bd2e3ea08abd0b51116aa4830fabbc2ca2c45e1e13b96e8500c0345fd80b7b238a46b60d89f39506da9652b8ed308df0b69801f76fc6817c0619ee7fa368383235fd968630738a2d5ed046c7c08778980db3d9ea9127b63c8d4b0ff03a43c8c3347c61fa3c785cc782af66094920465404d61619285dcf766ede3068d145c81788e4ad514b5f24db5b03b6be0dc4267bf763948826730e76f24b333c77104d55cb81c5183a1223aef215b2a26e384b31697b85bbd4f93c22acc21a6a0db64cfdf25d9c6e15894530a937f9b0af3e6edfd20992af0641271594387a0f6e8d0,gx-no-cache=1489086406875 HTTP/1.1" 200 30
186.103.158.250 - - [09/Mar/2017:16:07:15 -0300] "POST /cormun/servlet/solicitudot?gx-no-cache=1489086407214 HTTP/1.1" 200 30
186.103.158.250 - - [09/Mar/2017:16:07:15 -0300] "POST /cormun/servlet/solicitudot?gx-no-cache=1489086407267 HTTP/1.1" 200 235
186.103.158.250 - - [09/Mar/2017:16:07:15 -0300] "POST /cormun/servlet/solicitudot?gx-no-cache=1489086407353 HTTP/1.1" 200 38
186.103.158.250 - - [09/Mar/2017:16:07:15 -0300] "GET /cormun/servlet/solicitudot?75aa746cb6e977fcf4778f7e41ef63de9f50dc2e0bd204ce5ec4fd0eca352232645e2ba4e5c039d68573d4e85987881f180289ad6743a4acb69076187913122914ad25a290229bd5416c763da3b7ded853a0a9373b883da6ff5181e3c145e1fc2b9ca979de539ddd9a2cbef4d0749672,gx-no-cache=1489086407438 HTTP/1.1" 200 29
186.103.158.250 - - [09/Mar/2017:16:07:15 -0300] "POST /cormun/servlet/solicitudot?gx-no-cache=1489086407520 HTTP/1.1" 200 643
186.103.158.250 - - [09/Mar/2017:16:07:15 -0300] "POST /cormun/servlet/solicitudot?gx-no-cache=1489086407585 HTTP/1.1" 200 518
186.103.132.155 - - [09/Mar/2017:16:07:24 -0300] "GET /cormun/servlet/apermisogoceprn?5764028,P,20170306173359,PU HTTP/1.1" 200 1567
186.103.158.250 - - [09/Mar/2017:16:07:39 -0300] "POST /cormun/servlet/solicitudot?gx-no-cache=1489086431219 HTTP/1.1" 200 30
186.103.158.250 - - [09/Mar/2017:16:07:45 -0300] "POST /cormun/servlet/solicitudot?gx-no-cache=1489086437578 HTTP/1.1" 200 297
186.103.158.250 - - [09/Mar/2017:16:07:45 -0300] "GET /cormun/servlet/solicitudot?75aa746cb6e977fcf4778f7e41ef63dee69f9c62e4984caa163bac2c96c03c496ef191eb63bbf3df71e9f167a9f89d061f2f04b525338ec43090dfd5bad82adfa40edd7147178518c850766974e29eacc5a5596de00296a06108bab6149cd60736c3e116c5d7a76072d22c263153aa6cb0e6e16f150b6988d5ea28cdc43d2277e179562cdc1cd2fdd645b6b60259f3e98784cbd5d9e75ddd14e4807d670597a72f779d70105664041018c165ba7167a2328bd2e3ea08abd0b51116aa4830fabbc2ca2c45e1e13b96e8500c0345fd80b7b238a46b60d89f39506da9652b8ed308df0b69801f76fc6817c0619ee7fa368383235fd968630738a2d5ed046c7c08778980db3d9ea9127b63c8d4b0ff03a43c8c3347c61fa3c785cc782af66094920465404d61619285dcf766ede3068d145c81788e4ad514b5f24db5b03b6be0dc4267bf763948826730e76f24b333c77104d55cb81c5183a1223aef215b2a26e384b31697b85bbd4f93c22acc21a6a0db64a5c9fd66bc0bce70eede7e406305ec5dedfd20992af0641271594387a0f6e8d0,gx-no-cache=1489086437634 HTTP/1.1" 200 30
186.103.158.250 - - [09/Mar/2017:16:07:45 -0300] "POST /cormun/servlet/solicitudot?gx-no-cache=1489086437969 HTTP/1.1" 200 30
186.103.158.250 - - [09/Mar/2017:16:07:45 -0300] "POST /cormun/servlet/solicitudot?gx-no-cache=1489086438016 HTTP/1.1" 200 656
186.103.158.250 - - [09/Mar/2017:16:07:45 -0300] "POST /cormun/servlet/solicitudot?gx-no-cache=1489086438100 HTTP/1.1" 200 38
186.79.206.45 - - [09/Mar/2017:16:07:55 -0300] "GET /cormun/servlet/hlogin HTTP/1.1" 200 1719
186.103.132.155 - - [09/Mar/2017:16:07:56 -0300] "GET /cormun/servlet/apermisogoceprn?9650706,P,20170309165947,PU HTTP/1.1" 200 1569
186.103.132.155 - - [09/Mar/2017:16:08:05 -0300] "GET /cormun/servlet/apermisogoceprn?11044892,P,20170302091837,PU HTTP/1.1" 200 1559
186.103.158.250 - - [09/Mar/2017:16:08:12 -0300] "POST /cormun/servlet/solicitudot?gx-no-cache=1489086464752 HTTP/1.1" 200 641
186.103.158.250 - - [09/Mar/2017:16:08:14 -0300] "POST /cormun/servlet/solicitudot?gx-no-cache=1489086466862 HTTP/1.1" 200 1157
186.103.158.250 - - [09/Mar/2017:16:09:03 -0300] "GET /cormun/static/menuarrow.gif HTTP/1.1" 404 1015
186.103.132.155 - - [09/Mar/2017:16:09:11 -0300] "GET /cormun/servlet/apermisogoceprn?11044892,P,20170302091837,PU HTTP/1.1" 200 1560
186.103.158.250 - - [09/Mar/2017:16:09:13 -0300] "GET /cormun/servlet/solicitudot?75aa746cb6e977fcf4778f7e41ef63de4332462278a638dba1a0330aaf7fcfc6b63a924541a73f442bb86fb156d47cbd1eeca05b9520569ee1f2ac383ca9bd8d7647e86263826cf12cb210adc384847dc25fa9fffedc4cd32a3ccab9722ed85ca0b123deb7edc704acb860044f89a96fe256176b9ec2a1dfd920b3e2f0980a17df469374a52a2a2caf6bbd8f837a40bcf075784922469a5ac2fcc764d751b0e4,gx-no-cache=1489086525226 HTTP/1.1" 200 30
186.103.132.155 - - [09/Mar/2017:16:11:12 -0300] "GET /cormun/servlet/trsolicitudot? HTTP/1.1" 200 8014
186.103.132.155 - - [09/Mar/2017:16:11:14 -0300] "GET /cormun/servlet/trsolicitudot? HTTP/1.1" 200 8013
186.103.132.155 - - [09/Mar/2017:16:11:17 -0300] "GET /cormun/servlet/solicitudot?INS,0,0, HTTP/1.1" 200 12593
186.103.132.155 - - [09/Mar/2017:16:11:19 -0300] "GET /cormun/servlet/solicitudot?INS,0,0, HTTP/1.1" 200 12598
186.103.132.155 - - [09/Mar/2017:16:11:23 -0300] "GET /cormun/servlet/trsolicitudot? HTTP/1.1" 200 8014
186.103.132.155 - - [09/Mar/2017:16:11:28 -0300] "GET /cormun/servlet/trsolicitudot? HTTP/1.1" 200 8013
186.103.132.155 - - [09/Mar/2017:16:11:37 -0300] "POST /cormun/servlet/trsolicitudot?7ce733e859f19a4a9dd498a162f59354,,gx-no-cache=1489083157250 HTTP/1.1" 200 107
186.103.132.155 - - [09/Mar/2017:16:11:39 -0300] "GET /cormun/servlet/trsolicitudadjuntos?2017,5385, HTTP/1.1" 200 8665
186.103.132.155 - - [09/Mar/2017:16:11:42 -0300] "GET /cormun/servlet/trsolicitudadjuntos?2017,5385, HTTP/1.1" 200 8669
186.103.132.155 - - [09/Mar/2017:16:11:53 -0300] "GET /cormun/servlet/solicitudotadjuntos?INS,2017,5385,,1, HTTP/1.1" 200 5833
186.103.132.155 - - [09/Mar/2017:16:11:55 -0300] "GET /cormun/static/about:blank HTTP/1.1" 404 1011
186.103.132.155 - - [09/Mar/2017:16:11:56 -0300] "GET /cormun/servlet/solicitudotadjuntos?877126d5690d8a5e5807bb451bd7d4c1bd2b11328507b6aa36d89bc7d184de4fb104c224db082688e96aae207adbecd1,gx-no-cache=1489083184644 HTTP/1.1" 200 30
186.103.132.155 - - [09/Mar/2017:16:11:57 -0300] "GET /cormun/servlet/solicitudotadjuntos?INS,2017,5385,,1, HTTP/1.1" 200 5827
201.214.54.252 - - [09/Mar/2017:16:11:58 -0300] "GET /cormun/PrivateTempStorage/upload_00014489.pdf HTTP/1.1" 200 24576
186.103.132.155 - - [09/Mar/2017:16:12:06 -0300] "POST /cormun/servlet/solicitudotadjuntos?7ce733e859f19a4a9dd498a162f59354,INS,2017,5385,,1,,gx-no-cache=1489083186602 HTTP/1.1" 200 3645
186.103.132.155 - - [09/Mar/2017:16:12:27 -0300] "POST /cormun/servlet/solicitudotadjuntos?7ce733e859f19a4a9dd498a162f59354,INS,2017,5385,,1,,gx-no-cache=1489083204063 HTTP/1.1" 200 93
186.103.132.155 - - [09/Mar/2017:16:12:29 -0300] "GET /cormun/servlet/hpexe_return? HTTP/1.1" 200 1023
186.103.132.155 - - [09/Mar/2017:16:12:37 -0300] "GET /cormun/servlet/trsolicitudadjuntos?2017,5385, HTTP/1.1" 200 8671
186.103.132.155 - - [09/Mar/2017:16:12:52 -0300] "GET /cormun/servlet/solicitudotadjuntos?INS,2017,5385,,1, HTTP/1.1" 200 5833
186.103.132.155 - - [09/Mar/2017:16:12:56 -0300] "GET /cormun/servlet/solicitudotadjuntos?877126d5690d8a5e5807bb451bd7d4c1bd2b11328507b6aa36d89bc7d184de4fb104c224db082688e96aae207adbecd1,gx-no-cache=1489083243441 HTTP/1.1" 200 30
186.103.132.155 - - [09/Mar/2017:16:13:02 -0300] "GET /cormun/servlet/solicitudotadjuntos?INS,2017,5385,,1, HTTP/1.1" 200 5827
186.103.132.155 - - [09/Mar/2017:16:13:03 -0300] "POST /cormun/servlet/solicitudotadjuntos?7ce733e859f19a4a9dd498a162f59354,INS,2017,5385,,1,,gx-no-cache=1489083246493 HTTP/1.1" 200 3644
186.103.132.155 - - [09/Mar/2017:16:13:06 -0300] "GET /cormun/static/about:blank HTTP/1.1" 404 1011
186.103.132.155 - - [09/Mar/2017:16:13:08 -0300] "POST /cormun/servlet/solicitudotadjuntos?gx-no-cache=1489083257691 HTTP/1.1" 200 26
186.103.158.250 - - [09/Mar/2017:16:13:11 -0300] "GET /cormun/servlet/solicitudot?75aa746cb6e977fcf4778f7e41ef63de4332462278a638dba1a0330aaf7fcfc6b63a924541a73f442bb86fb156d47cbd1eeca05b9520569ee1f2ac383ca9bd8d7647e86263826cf12cb210adc384847dc25fa9fffedc4cd32a3ccab9722ed85ca0b123deb7edc704acb860044f89a96fe256176b9ec2a1dfd920b3e2f0980a17df469374a52a2a2caf6bbd8f837a40bc55a91be6386f33d2203fb2d21a51872c0cd006f44e40b23eb83d3dbc4da61d46,gx-no-cache=1489086763481 HTTP/1.1" 200 30
186.103.158.250 - - [09/Mar/2017:16:13:11 -0300] "POST /cormun/servlet/solicitudot?7c28c79520ac93708202b7b0cab94105,INS,0,0,,gx-no-cache=1489086763599 HTTP/1.1" 200 93
186.103.158.250 - - [09/Mar/2017:16:13:11 -0300] "GET /cormun/servlet/hpexe_return? HTTP/1.1" 200 1008
186.103.158.250 - - [09/Mar/2017:16:13:11 -0300] "GET /cormun/static/gxcfg.js?2016101716175148 HTTP/1.1" 304 -
186.103.158.250 - - [09/Mar/2017:16:13:11 -0300] "GET /cormun/static/hpexe_return.js?2016101716175153 HTTP/1.1" 304 -
186.103.158.250 - - [09/Mar/2017:16:13:12 -0300] "GET /cormun/servlet/trsolicitudot HTTP/1.1" 200 8485
186.103.158.250 - - [09/Mar/2017:16:13:13 -0300] "GET /cormun/servlet/trsolicitudot HTTP/1.1" 200 8481
186.103.132.155 - - [09/Mar/2017:16:13:15 -0300] "GET /cormun/servlet/solicitudotadjuntos?877126d5690d8a5e5807bb451bd7d4c15a03856028994fd39374b88030528b3c,gx-no-cache=1489083264047 HTTP/1.1" 200 30
186.103.158.250 - - [09/Mar/2017:16:13:18 -0300] "POST /cormun/servlet/trsolicitudot?7c28c79520ac93708202b7b0cab94105,gx-no-cache=1489086770690 HTTP/1.1" 200 107
186.103.158.250 - - [09/Mar/2017:16:13:18 -0300] "GET /cormun/servlet/trsolicitudadjuntos?2017,4825, HTTP/1.1" 200 5868
186.103.158.250 - - [09/Mar/2017:16:13:18 -0300] "GET /cormun/static/gxcfg.js?201612218531388 HTTP/1.1" 304 -
186.103.158.250 - - [09/Mar/2017:16:13:18 -0300] "GET /cormun/static/trsolicitudadjuntos.js?201612218531657 HTTP/1.1" 304 -
186.103.158.250 - - [09/Mar/2017:16:13:19 -0300] "GET /cormun/servlet/trsolicitudadjuntos?2017,4825, HTTP/1.1" 200 5867
186.103.132.155 - - [09/Mar/2017:16:13:21 -0300] "GET /cormun/servlet/solicitudotadjuntos?877126d5690d8a5e5807bb451bd7d4c15a03856028994fd39374b88030528b3c,gx-no-cache=1489083268717 HTTP/1.1" 200 30
