192.168.10.89 - - [09/Mar/2017:15:07:38 -0300] "POST /cormun/servlet/trsolicitudgral?d0048bda50f446a0286eadfd022bff07,gx-no-cache=1489080813111,gx-no-cache=1489086142577 HTTP/1.1" 440 972
186.103.132.155 - - [09/Mar/2017:15:07:39 -0300] "POST /cormun/servlet/trsolicitudot?7ce733e859f19a4a9dd498a162f59354,,gx-no-cache=1489079329111 HTTP/1.1" 200 7694
192.168.10.89 - - [09/Mar/2017:15:07:42 -0300] "GET /cormun/servlet/trsolicitudgral?gx-no-cache=1489080813111 HTTP/1.1" 200 23622
192.168.10.89 - - [09/Mar/2017:15:07:44 -0300] "GET /cormun/servlet/hlogin HTTP/1.1" 200 1761
186.103.132.155 - - [09/Mar/2017:15:07:44 -0300] "POST /cormun/servlet/trsolicitudot?7ce733e859f19a4a9dd498a162f59354,,gx-no-cache=1489079330404 HTTP/1.1" 200 7635
186.103.132.155 - - [09/Mar/2017:15:07:48 -0300] "POST /cormun/servlet/trsolicitudot?7ce733e859f19a4a9dd498a162f59354,,gx-no-cache=1489079336958 HTTP/1.1" 200 7322
186.103.132.155 - - [09/Mar/2017:15:07:49 -0300] "POST /cormun/servlet/trsolicitudot?7ce733e859f19a4a9dd498a162f59354,,gx-no-cache=1489079338819 HTTP/1.1" 200 7263
186.103.132.155 - - [09/Mar/2017:15:07:54 -0300] "POST /cormun/servlet/trsolicitudot?7ce733e859f19a4a9dd498a162f59354,,gx-no-cache=1489079343143 HTTP/1.1" 200 6985
186.103.132.155 - - [09/Mar/2017:15:07:55 -0300] "POST /cormun/servlet/trsolicitudot?7ce733e859f19a4a9dd498a162f59354,,gx-no-cache=1489079345248 HTTP/1.1" 200 6927
186.79.38.202 - - [09/Mar/2017:15:07:55 -0300] "GET /cormun/servlet/hlogin HTTP/1.1" 200 1721
186.79.38.202 - - [09/Mar/2017:15:07:56 -0300] "GET /cormun/static/gxcfg.js?201612216162538 HTTP/1.1" 304 -
186.103.132.155 - - [09/Mar/2017:15:07:59 -0300] "POST /cormun/servlet/trsolicitudot?7ce733e859f19a4a9dd498a162f59354,,gx-no-cache=1489079348438 HTTP/1.1" 200 6678
186.103.132.155 - - [09/Mar/2017:15:08:00 -0300] "POST /cormun/servlet/trsolicitudot?7ce733e859f19a4a9dd498a162f59354,,gx-no-cache=1489079350114 HTTP/1.1" 200 6619
186.103.132.155 - - [09/Mar/2017:15:08:04 -0300] "POST /cormun/servlet/trsolicitudot?7ce733e859f19a4a9dd498a162f59354,,gx-no-cache=1489079354478 HTTP/1.1" 200 6381
186.103.132.155 - - [09/Mar/2017:15:08:05 -0300] "POST /cormun/servlet/trsolicitudot?7ce733e859f19a4a9dd498a162f59354,,gx-no-cache=1489079355561 HTTP/1.1" 200 6321
186.103.132.155 - - [09/Mar/2017:15:08:08 -0300] "POST /cormun/servlet/trsolicitudot?7ce733e859f19a4a9dd498a162f59354,,gx-no-cache=1489079357261 HTTP/1.1" 200 6066
186.79.38.202 - - [09/Mar/2017:15:08:13 -0300] "POST /cormun/servlet/hlogin?c6989d8e9eb050be97dc4662244cf26d,gx-no-cache=1489082824560 HTTP/1.1" 200 90
186.79.38.202 - - [09/Mar/2017:15:08:14 -0300] "GET /cormun/servlet/hpexe_link HTTP/1.1" 200 956
186.79.38.202 - - [09/Mar/2017:15:08:14 -0300] "GET /cormun/static/gxcfg.js?201612218515529 HTTP/1.1" 304 -
186.79.38.202 - - [09/Mar/2017:15:08:14 -0300] "GET /cormun/servlet/hhome HTTP/1.1" 200 3786
186.79.38.202 - - [09/Mar/2017:15:08:14 -0300] "GET /cormun/static/gxcfg.js?201612218515568 HTTP/1.1" 304 -
186.79.38.202 - - [09/Mar/2017:15:08:16 -0300] "GET /cormun/servlet/hhome HTTP/1.1" 200 3783
186.103.132.155 - - [09/Mar/2017:15:08:17 -0300] "POST /cormun/servlet/trsolicitudot?7ce733e859f19a4a9dd498a162f59354,,gx-no-cache=1489079358786 HTTP/1.1" 200 6008
186.103.132.155 - - [09/Mar/2017:15:08:18 -0300] "POST /cormun/servlet/trsolicitudot?7ce733e859f19a4a9dd498a162f59354,,gx-no-cache=1489079368352 HTTP/1.1" 200 5655
186.103.132.155 - - [09/Mar/2017:15:08:19 -0300] "POST /cormun/servlet/trsolicitudot?7ce733e859f19a4a9dd498a162f59354,,gx-no-cache=1489079369086 HTTP/1.1" 200 5596
186.103.132.155 - - [09/Mar/2017:15:08:25 -0300] "POST /cormun/servlet/trsolicitudot?7ce733e859f19a4a9dd498a162f59354,,gx-no-cache=1489079370925 HTTP/1.1" 200 5262
186.103.132.155 - - [09/Mar/2017:15:08:26 -0300] "POST /cormun/servlet/trsolicitudot?7ce733e859f19a4a9dd498a162f59354,,gx-no-cache=1489079376155 HTTP/1.1" 200 5203
186.103.132.155 - - [09/Mar/2017:15:08:30 -0300] "POST /cormun/servlet/trsolicitudot?7ce733e859f19a4a9dd498a162f59354,,gx-no-cache=1489079378125 HTTP/1.1" 200 4135
186.103.132.155 - - [09/Mar/2017:15:08:31 -0300] "POST /cormun/servlet/trsolicitudot?7ce733e859f19a4a9dd498a162f59354,,gx-no-cache=1489079380983 HTTP/1.1" 200 3931
186.79.38.202 - - [09/Mar/2017:15:08:42 -0300] "GET /cormun/servlet/trpermisosgoce? HTTP/1.1" 200 8043
186.79.38.202 - - [09/Mar/2017:15:08:44 -0300] "GET /cormun/servlet/trpermisosgoce? HTTP/1.1" 200 8041
186.79.38.202 - - [09/Mar/2017:15:08:51 -0300] "GET /cormun/servlet/trpermisosadjuntos?14247258,20170309110059,P, HTTP/1.1" 200 6096
186.103.132.155 - - [09/Mar/2017:15:08:52 -0300] "GET /cormun/servlet/solicitudot?INS,0,0, HTTP/1.1" 200 12593
186.103.132.155 - - [09/Mar/2017:15:08:52 -0300] "GET /cormun/servlet/solicitudot?INS,0,0, HTTP/1.1" 200 12598
186.79.38.202 - - [09/Mar/2017:15:08:53 -0300] "GET /cormun/servlet/trpermisosadjuntos?14247258,20170309110059,P, HTTP/1.1" 200 6097
186.79.38.202 - - [09/Mar/2017:15:08:57 -0300] "GET /cormun/servlet/permisosadjuntos?INS,14247258,P,20170309110059,, HTTP/1.1" 200 5425
186.79.38.202 - - [09/Mar/2017:15:08:57 -0300] "GET /cormun/static/about:blank HTTP/1.1" 404 1011
186.79.38.202 - - [09/Mar/2017:15:08:58 -0300] "GET /cormun/servlet/permisosadjuntos?INS,14247258,P,20170309110059,, HTTP/1.1" 200 5415
186.103.132.155 - - [09/Mar/2017:15:09:14 -0300] "POST /cormun/servlet/solicitudot?gx-no-cache=1489079423180 HTTP/1.1" 200 3081
186.103.132.155 - - [09/Mar/2017:15:09:17 -0300] "POST /cormun/servlet/solicitudot?7ce733e859f19a4a9dd498a162f59354,INS,0,0,,gx-no-cache=1489079425168 HTTP/1.1" 200 9677
186.103.132.155 - - [09/Mar/2017:15:09:23 -0300] "GET /cormun/servlet/solicitudot?877126d5690d8a5e5807bb451bd7d4c157670ec70db9c667092dc93c705cbf894c50e4565f88cee4789c3fc9137f86ca,gx-no-cache=1489079433576 HTTP/1.1" 200 30
46.174.191.29 - - [09/Mar/2017:15:09:45 -0300] "GET / HTTP/1.0" 200 11197
186.79.38.202 - - [09/Mar/2017:15:09:45 -0300] "POST /cormun/servlet/permisosadjuntos?c6989d8e9eb050be97dc4662244cf26d,INS,14247258,P,20170309110059,, HTTP/1.1" 200 116
186.79.38.202 - - [09/Mar/2017:15:09:46 -0300] "GET /cormun/servlet/hpexe_return? HTTP/1.1" 200 1039
186.79.38.202 - - [09/Mar/2017:15:09:47 -0300] "GET /cormun/static/gxcfg.js?2016101716175148 HTTP/1.1" 304 -
186.79.38.202 - - [09/Mar/2017:15:09:47 -0300] "GET /cormun/servlet/trpermisosadjuntos?14247258,20170309110059,P, HTTP/1.1" 200 6552
186.79.38.202 - - [09/Mar/2017:15:09:50 -0300] "GET /cormun/servlet/trpermisosadjuntos?14247258,20170309110059,P, HTTP/1.1" 200 6548
186.79.38.202 - - [09/Mar/2017:15:10:07 -0300] "GET /cormun/servlet/permisosadjuntos?INS,14247258,P,20170309110059,, HTTP/1.1" 200 5425
186.79.38.202 - - [09/Mar/2017:15:10:07 -0300] "GET /cormun/static/about:blank HTTP/1.1" 404 1011
186.79.38.202 - - [09/Mar/2017:15:10:09 -0300] "GET /cormun/servlet/permisosadjuntos?INS,14247258,P,20170309110059,, HTTP/1.1" 200 5415
186.79.38.202 - - [09/Mar/2017:15:10:13 -0300] "POST /cormun/servlet/permisosadjuntos?c6989d8e9eb050be97dc4662244cf26d,INS,14247258,P,20170309110059,,,gx-no-cache=1489082944222 HTTP/1.1" 200 90
186.79.38.202 - - [09/Mar/2017:15:10:13 -0300] "GET /cormun/servlet/hpexe_link HTTP/1.1" 200 996
186.79.38.202 - - [09/Mar/2017:15:10:14 -0300] "GET /cormun/servlet/trpermisosadjuntos?14247258,20170309110059,P, HTTP/1.1" 200 6550
186.79.38.202 - - [09/Mar/2017:15:10:15 -0300] "GET /cormun/servlet/trpermisosadjuntos?14247258,20170309110059,P, HTTP/1.1" 200 6548
186.79.38.202 - - [09/Mar/2017:15:10:22 -0300] "POST /cormun/servlet/trpermisosadjuntos?c6989d8e9eb050be97dc4662244cf26d,14247258,20170309110059,P,,gx-no-cache=1489082953147 HTTP/1.1" 200 90
186.79.38.202 - - [09/Mar/2017:15:10:22 -0300] "GET /cormun/servlet/hpexe_link HTTP/1.1" 200 988
186.79.38.202 - - [09/Mar/2017:15:10:23 -0300] "GET /cormun/servlet/trpermisosgoce HTTP/1.1" 200 8043
186.79.38.202 - - [09/Mar/2017:15:10:24 -0300] "GET /cormun/servlet/trpermisosgoce HTTP/1.1" 200 8041
192.168.10.60 - - [09/Mar/2017:15:11:18 -0300] "GET /cormun/servlet/hlogin HTTP/1.1" 200 1712
192.168.10.60 - - [09/Mar/2017:15:11:21 -0300] "POST /cormun/servlet/hlogin?9e77c5a4844b9ddcd34be7c563bb5502,gx-no-cache=1489082341011 HTTP/1.1" 200 90
192.168.10.60 - - [09/Mar/2017:15:11:21 -0300] "GET /cormun/servlet/hpexe_link HTTP/1.1" 200 948
192.168.10.60 - - [09/Mar/2017:15:11:21 -0300] "GET /cormun/servlet/hhome HTTP/1.1" 200 3744
192.168.10.60 - - [09/Mar/2017:15:11:21 -0300] "GET /cormun/servlet/hhome HTTP/1.1" 200 3741
192.168.10.60 - - [09/Mar/2017:15:11:25 -0300] "GET /cormun/servlet/trautorizarot? HTTP/1.1" 200 19221
192.168.10.60 - - [09/Mar/2017:15:11:26 -0300] "GET /cormun/servlet/trautorizarot? HTTP/1.1" 200 19218
192.168.10.60 - - [09/Mar/2017:15:11:29 -0300] "GET /cormun/static/menuarrow.gif HTTP/1.1" 404 1015
192.168.10.60 - - [09/Mar/2017:15:11:40 -0300] "POST /cormun/servlet/trautorizarot?9e77c5a4844b9ddcd34be7c563bb5502,,gx-no-cache=1489082360167 HTTP/1.1" 200 4990
192.168.10.96 - - [09/Mar/2017:15:11:48 -0300] "GET /cormun/servlet/hlogin HTTP/1.1" 200 1716
192.168.10.60 - - [09/Mar/2017:15:11:50 -0300] "POST /cormun/servlet/trautorizarot?9e77c5a4844b9ddcd34be7c563bb5502,,gx-no-cache=1489082370228 HTTP/1.1" 200 6923
186.103.132.155 - - [09/Mar/2017:15:11:58 -0300] "POST /cormun/servlet/solicitudot?gx-no-cache=1489079588271 HTTP/1.1" 200 297
186.103.132.155 - - [09/Mar/2017:15:11:58 -0300] "GET /cormun/servlet/solicitudot?877126d5690d8a5e5807bb451bd7d4c1c0ba698212085d463b867a3c063a17d68d38788c5bf296a0d254625cbc244413a6f27cb41bde8ed2be7fc96b6392da02e6c41aa827e9c95c59a64ba9fb168ecb0507f22bad00c5115c199c32755db428c5d3e5bcb58ef10c730feb3c9d10ba4d2b3a3fd4d28af0dc3cbb8884b3ec043c85216a75ddf155221075fa756c1ce5caec8c8f5e29bbf31f2106a63156998320f5ee5fc2215c830a52f32412cd7f00a9524ae94c0eaaef5fcbc638f3cb826d384347bbfbf19b4b7e44c1957d36fc4f58f688e83e3bf9b90a7ec5090274610425b6ca467da0f0e156e94f9f4dbe9f48aee961b5c5b58e8d783b1a9fc544d78dfcd71831938a563070bb92a68276bd038c19ecef2099dff9c49d129ae3d4b3f39106c949f8b50b8e0a5bbfb10f8f4740b8d59d317b6a04432b49076908df54618358b51b07c31f31f081399c1e26409a3df39d0710ef7133aadddd0b65e975987b4d456c8f98e0b844c02f58b4b68faab922e81bdf755f124dcb5654b7d1e5fc6f6f416244b5f3bfd9fd7fc27de127ddc6,gx-no-cache=1489079588864 HTTP/1.1" 200 30
186.103.132.155 - - [09/Mar/2017:15:12:01 -0300] "POST /cormun/servlet/solicitudot?gx-no-cache=1489079591261 HTTP/1.1" 200 30
192.168.10.96 - - [09/Mar/2017:15:12:01 -0300] "POST /cormun/servlet/hlogin?baf21880bb65964a6a445aac0c3c647d,gx-no-cache=1489086405241 HTTP/1.1" 200 90
192.168.10.96 - - [09/Mar/2017:15:12:01 -0300] "GET /cormun/servlet/hpexe_link HTTP/1.1" 200 948
192.168.10.96 - - [09/Mar/2017:15:12:01 -0300] "GET /cormun/servlet/hhome HTTP/1.1" 200 4117
192.168.10.96 - - [09/Mar/2017:15:12:02 -0300] "GET /cormun/servlet/hhome HTTP/1.1" 200 4114
186.103.132.155 - - [09/Mar/2017:15:12:02 -0300] "POST /cormun/servlet/solicitudot?gx-no-cache=1489079592931 HTTP/1.1" 200 235
186.103.132.155 - - [09/Mar/2017:15:12:03 -0300] "POST /cormun/servlet/solicitudot?gx-no-cache=1489079593328 HTTP/1.1" 200 38
192.168.10.96 - - [09/Mar/2017:15:12:05 -0300] "GET /cormun/servlet/trconsultaempleado? HTTP/1.1" 200 9193
192.168.10.96 - - [09/Mar/2017:15:12:06 -0300] "GET /cormun/servlet/trconsultaempleado? HTTP/1.1" 200 9191
192.168.10.96 - - [09/Mar/2017:15:12:12 -0300] "POST /cormun/servlet/trconsultaempleado?baf21880bb65964a6a445aac0c3c647d,,gx-no-cache=1489086415617 HTTP/1.1" 200 4317
192.168.10.96 - - [09/Mar/2017:15:12:13 -0300] "GET /cormun/servlet/trsolicitudnombre?17522932, HTTP/1.1" 200 7160
192.168.10.96 - - [09/Mar/2017:15:12:13 -0300] "GET /cormun/servlet/trsolicitudnombre?17522932, HTTP/1.1" 200 7160
192.168.10.96 - - [09/Mar/2017:15:12:15 -0300] "GET /cormun/servlet/vesolicitudnombre?2017,4740,, HTTP/1.1" 200 8349
192.168.10.96 - - [09/Mar/2017:15:12:15 -0300] "GET /cormun/pexe_scrolldiv.js HTTP/1.1" 404 1009
192.168.10.96 - - [09/Mar/2017:15:12:15 -0300] "GET /cormun/pexe_scrolldiv.js HTTP/1.1" 404 1009
192.168.10.96 - - [09/Mar/2017:15:12:16 -0300] "GET /cormun/servlet/vesolicitudnombre?2017,4740,, HTTP/1.1" 200 8343
192.168.10.96 - - [09/Mar/2017:15:12:17 -0300] "GET /cormun/servlet/vesolicitudnombre?2017,4740,,SolicitudOTAdjuntos HTTP/1.1" 200 10155
192.168.10.96 - - [09/Mar/2017:15:12:18 -0300] "GET /cormun/pexe_scrolldiv.js HTTP/1.1" 404 1009
192.168.10.96 - - [09/Mar/2017:15:12:18 -0300] "GET /cormun/pexe_scrolldiv.js HTTP/1.1" 404 1009
192.168.10.96 - - [09/Mar/2017:15:12:18 -0300] "GET /cormun/servlet/vesolicitudnombre?2017,4740,,SolicitudOTAdjuntos HTTP/1.1" 200 10155
192.168.10.96 - - [09/Mar/2017:15:12:19 -0300] "POST /cormun/servlet/acontrolpreferencessavestate?None,DZAMUDIO,true HTTP/1.1" 200 35
186.103.132.155 - - [09/Mar/2017:15:12:20 -0300] "GET /cormun/servlet/solicitudot?877126d5690d8a5e5807bb451bd7d4c121b6939fc3e40a6c3422440e86907af5323c9d14be98d5f94d4b6fa23dc86835920a3ceb1e8806a2e66994298ecaa817f88ed967560d498b17552c64ff705d7b97fe5ddc4f2662a0e47eb7725df31a7eb1609f8f26790d5daa75fefd85678197,gx-no-cache=1489079609820 HTTP/1.1" 200 29
192.168.10.96 - - [09/Mar/2017:15:12:22 -0300] "GET /cormun/PublicTempStorage/rptcertafiliacion-20170223104135-afp9385099.pdf HTTP/1.1" 200 43850
192.168.10.96 - - [09/Mar/2017:15:12:28 -0300] "GET /cormun/servlet/vesolicitudnombre?2017,4740,,SolicitudOTAdjuntos HTTP/1.1" 200 10153
186.103.132.155 - - [09/Mar/2017:15:12:29 -0300] "POST /cormun/servlet/solicitudot?gx-no-cache=1489079611323 HTTP/1.1" 200 643
192.168.10.96 - - [09/Mar/2017:15:12:29 -0300] "GET /cormun/servlet/vesolicitudnombre?2017,4740,,SolicitudOTAdjuntos HTTP/1.1" 200 10155
186.103.132.155 - - [09/Mar/2017:15:12:29 -0300] "POST /cormun/servlet/solicitudot?gx-no-cache=1489079619657 HTTP/1.1" 200 518
192.168.10.96 - - [09/Mar/2017:15:12:30 -0300] "POST /cormun/servlet/acontrolpreferencessavestate?None,DZAMUDIO,true HTTP/1.1" 200 35
186.103.132.155 - - [09/Mar/2017:15:12:33 -0300] "POST /cormun/servlet/solicitudot?gx-no-cache=1489079623547 HTTP/1.1" 200 1157
192.168.10.60 - - [09/Mar/2017:15:12:33 -0300] "POST /cormun/servlet/trautorizarot?9e77c5a4844b9ddcd34be7c563bb5502,,gx-no-cache=1489082413682 HTTP/1.1" 200 5143
192.168.10.96 - - [09/Mar/2017:15:12:33 -0300] "GET /cormun/PublicTempStorage/certificadoafiliacionmaria_natlia8270097.PDF HTTP/1.1" 200 66855
192.168.10.60 - - [09/Mar/2017:15:12:40 -0300] "POST /cormun/servlet/trautorizarot?9e77c5a4844b9ddcd34be7c563bb5502,,gx-no-cache=1489082420577 HTTP/1.1" 200 4990
201.214.54.252 - - [09/Mar/2017:15:12:40 -0300] "GET /cormun/servlet/hlogin HTTP/1.1" 200 1720
201.214.54.252 - - [09/Mar/2017:15:12:41 -0300] "GET /cormun/servlet/hlogin HTTP/1.1" 200 1730
201.214.54.252 - - [09/Mar/2017:15:12:41 -0300] "GET /favicon.ico HTTP/1.1" 200 21630
186.103.132.155 - - [09/Mar/2017:15:12:48 -0300] "GET /cormun/static/menuarrow.gif HTTP/1.1" 404 1015
186.103.132.155 - - [09/Mar/2017:15:12:57 -0300] "GET /cormun/servlet/solicitudot?877126d5690d8a5e5807bb451bd7d4c1f5f102944980cb19db8011497a06cb70bd4b5c528b38d1ee44ffed9098e264c8707a1913f6b1f6b7d48e24c9c4f37329c94e4752dee710bdccece5619c4f38fe1a9ddcbe9023ee4230a579b44190fc386877ccfc887f26fefe56648710b7e6d9bd9c51a85151fbb0ae558b4bc43cd07dc8cde2d31b5fcf1e070b1536077115d1af5a707b9f838b58139822479c7dc39c11606b74b5a4d326b3762ac60e32312c,gx-no-cache=1489079648011 HTTP/1.1" 200 30
186.103.132.155 - - [09/Mar/2017:15:13:13 -0300] "POST /cormun/servlet/solicitudot?7ce733e859f19a4a9dd498a162f59354,INS,0,0,,gx-no-cache=1489079662675 HTTP/1.1" 200 93
186.103.132.155 - - [09/Mar/2017:15:13:13 -0300] "GET /cormun/servlet/hpexe_return? HTTP/1.1" 200 1005
186.103.132.155 - - [09/Mar/2017:15:13:13 -0300] "GET /cormun/static/gxcfg.js?2016101716175148 HTTP/1.1" 304 -
186.103.132.155 - - [09/Mar/2017:15:13:14 -0300] "GET /cormun/servlet/trsolicitudot? HTTP/1.1" 200 8017
186.103.132.155 - - [09/Mar/2017:15:13:14 -0300] "GET /cormun/servlet/trsolicitudot? HTTP/1.1" 200 8013
186.103.132.155 - - [09/Mar/2017:15:13:17 -0300] "POST /cormun/servlet/trsolicitudot?7ce733e859f19a4a9dd498a162f59354,,gx-no-cache=1489079667989 HTTP/1.1" 200 107
186.103.132.155 - - [09/Mar/2017:15:13:18 -0300] "GET /cormun/servlet/trsolicitudadjuntos?2017,5385, HTTP/1.1" 200 5898
186.103.132.155 - - [09/Mar/2017:15:13:18 -0300] "GET /cormun/servlet/trsolicitudadjuntos?2017,5385, HTTP/1.1" 200 5898
186.103.132.155 - - [09/Mar/2017:15:13:21 -0300] "GET /cormun/servlet/solicitudotadjuntos?INS,2017,5385,,1, HTTP/1.1" 200 5832
186.103.132.155 - - [09/Mar/2017:15:13:21 -0300] "GET /cormun/static/about:blank HTTP/1.1" 404 1011
186.103.132.155 - - [09/Mar/2017:15:13:21 -0300] "GET /cormun/servlet/solicitudotadjuntos?INS,2017,5385,,1, HTTP/1.1" 200 5826
186.103.132.155 - - [09/Mar/2017:15:13:22 -0300] "GET /cormun/servlet/solicitudotadjuntos?877126d5690d8a5e5807bb451bd7d4c1bd2b11328507b6aa36d89bc7d184de4fb104c224db082688e96aae207adbecd1,gx-no-cache=1489079672476 HTTP/1.1" 200 30
186.103.132.155 - - [09/Mar/2017:15:13:23 -0300] "POST /cormun/servlet/solicitudotadjuntos?7ce733e859f19a4a9dd498a162f59354,INS,2017,5385,,1,,gx-no-cache=1489079672598 HTTP/1.1" 200 3644
186.103.132.155 - - [09/Mar/2017:15:13:26 -0300] "POST /cormun/servlet/solicitudotadjuntos?gx-no-cache=1489079676819 HTTP/1.1" 200 26
186.9.132.225 - - [09/Mar/2017:15:13:44 -0300] "POST /cormun/servlet/solicitudotadjuntos?gx-no-cache=1489083275312 HTTP/1.1" 200 26
186.103.132.155 - - [09/Mar/2017:15:14:40 -0300] "GET /cormun/servlet/solicitudotadjuntos?877126d5690d8a5e5807bb451bd7d4c15a03856028994fd39374b88030528b3c,gx-no-cache=1489079750716 HTTP/1.1" 200 30
186.103.132.155 - - [09/Mar/2017:15:14:40 -0300] "GET /cormun/servlet/solicitudotadjuntos?877126d5690d8a5e5807bb451bd7d4c15a03856028994fd39374b88030528b3c,gx-no-cache=1489079750923 HTTP/1.1" 200 30
186.9.132.225 - - [09/Mar/2017:15:15:03 -0300] "GET /cormun/servlet/solicitudotadjuntos?5c7c8e400ac5df0a315728ed58bc728ae5f309db2eff43134e0740ebf3770f03,gx-no-cache=1489083370203 HTTP/1.1" 200 30
186.9.132.225 - - [09/Mar/2017:15:15:04 -0300] "GET /cormun/servlet/solicitudotadjuntos?5c7c8e400ac5df0a315728ed58bc728ae5f309db2eff43134e0740ebf3770f03,gx-no-cache=1489083371455 HTTP/1.1" 200 30
186.79.38.202 - - [09/Mar/2017:15:15:11 -0300] "POST /cormun/servlet/trpermisosgoce?c6989d8e9eb050be97dc4662244cf26d,gx-no-cache=1489083242066 HTTP/1.1" 200 5335
186.103.132.155 - - [09/Mar/2017:15:15:12 -0300] "POST /cormun/servlet/solicitudotadjuntos?7ce733e859f19a4a9dd498a162f59354,INS,2017,5385,,1, HTTP/1.1" 200 116
186.103.132.155 - - [09/Mar/2017:15:15:13 -0300] "GET /cormun/servlet/hpexe_return? HTTP/1.1" 200 1023
186.103.132.155 - - [09/Mar/2017:15:15:13 -0300] "GET /cormun/servlet/trsolicitudadjuntos?2017,5385, HTTP/1.1" 200 7995
186.103.132.155 - - [09/Mar/2017:15:15:15 -0300] "GET /cormun/servlet/trsolicitudadjuntos?2017,5385, HTTP/1.1" 200 7992
186.79.38.202 - - [09/Mar/2017:15:15:15 -0300] "POST /cormun/servlet/trpermisosgoce?c6989d8e9eb050be97dc4662244cf26d,gx-no-cache=1489083245957 HTTP/1.1" 200 5335
186.103.132.155 - - [09/Mar/2017:15:15:18 -0300] "GET /cormun/servlet/solicitudotadjuntos?INS,2017,5385,,1, HTTP/1.1" 200 5832
186.103.132.155 - - [09/Mar/2017:15:15:18 -0300] "GET /cormun/static/about:blank HTTP/1.1" 404 1011
186.103.132.155 - - [09/Mar/2017:15:15:18 -0300] "GET /cormun/servlet/solicitudotadjuntos?INS,2017,5385,,1, HTTP/1.1" 200 5826
186.103.132.155 - - [09/Mar/2017:15:15:19 -0300] "GET /cormun/servlet/solicitudotadjuntos?877126d5690d8a5e5807bb451bd7d4c1bd2b11328507b6aa36d89bc7d184de4fb104c224db082688e96aae207adbecd1,gx-no-cache=1489079789274 HTTP/1.1" 200 30
186.103.132.155 - - [09/Mar/2017:15:15:20 -0300] "POST /cormun/servlet/solicitudotadjuntos?7ce733e859f19a4a9dd498a162f59354,INS,2017,5385,,1,,gx-no-cache=1489079789526 HTTP/1.1" 200 3645
186.103.132.155 - - [09/Mar/2017:15:15:23 -0300] "POST /cormun/servlet/solicitudotadjuntos?gx-no-cache=1489079793912 HTTP/1.1" 200 26
186.103.132.155 - - [09/Mar/2017:15:15:35 -0300] "GET /cormun/servlet/solicitudotadjuntos?877126d5690d8a5e5807bb451bd7d4c15a03856028994fd39374b88030528b3c,gx-no-cache=1489079805577 HTTP/1.1" 200 30
186.103.132.155 - - [09/Mar/2017:15:15:35 -0300] "GET /cormun/servlet/solicitudotadjuntos?877126d5690d8a5e5807bb451bd7d4c15a03856028994fd39374b88030528b3c,gx-no-cache=1489079805848 HTTP/1.1" 200 30
186.103.132.155 - - [09/Mar/2017:15:16:12 -0300] "POST /cormun/servlet/solicitudotadjuntos?7ce733e859f19a4a9dd498a162f59354,INS,2017,5385,,1, HTTP/1.1" 200 116
186.103.132.155 - - [09/Mar/2017:15:16:12 -0300] "GET /cormun/servlet/hpexe_return? HTTP/1.1" 200 1023
186.103.132.155 - - [09/Mar/2017:15:16:13 -0300] "GET /cormun/servlet/trsolicitudadjuntos?2017,5385, HTTP/1.1" 200 8215
186.103.132.155 - - [09/Mar/2017:15:16:14 -0300] "GET /cormun/servlet/trsolicitudadjuntos?2017,5385, HTTP/1.1" 200 8213
186.103.132.155 - - [09/Mar/2017:15:16:17 -0300] "GET /cormun/servlet/solicitudotadjuntos?INS,2017,5385,,1, HTTP/1.1" 200 5833
186.103.132.155 - - [09/Mar/2017:15:16:18 -0300] "GET /cormun/servlet/solicitudotadjuntos?INS,2017,5385,,1, HTTP/1.1" 200 5827
186.103.132.155 - - [09/Mar/2017:15:16:19 -0300] "GET /cormun/servlet/solicitudotadjuntos?877126d5690d8a5e5807bb451bd7d4c1bd2b11328507b6aa36d89bc7d184de4fb104c224db082688e96aae207adbecd1,gx-no-cache=1489079848893 HTTP/1.1" 200 30
186.103.132.155 - - [09/Mar/2017:15:16:20 -0300] "GET /cormun/static/about:blank HTTP/1.1" 404 1011
186.103.132.155 - - [09/Mar/2017:15:16:26 -0300] "POST /cormun/servlet/solicitudotadjuntos?7ce733e859f19a4a9dd498a162f59354,INS,2017,5385,,1,,gx-no-cache=1489079849994 HTTP/1.1" 200 3645
186.103.132.155 - - [09/Mar/2017:15:16:36 -0300] "POST /cormun/servlet/solicitudotadjuntos?gx-no-cache=1489079860451 HTTP/1.1" 200 26
186.103.132.155 - - [09/Mar/2017:15:16:53 -0300] "GET /cormun/servlet/solicitudotadjuntos?877126d5690d8a5e5807bb451bd7d4c15a03856028994fd39374b88030528b3c,gx-no-cache=1489079883383 HTTP/1.1" 200 30
186.103.132.155 - - [09/Mar/2017:15:16:53 -0300] "GET /cormun/servlet/solicitudotadjuntos?877126d5690d8a5e5807bb451bd7d4c15a03856028994fd39374b88030528b3c,gx-no-cache=1489079883936 HTTP/1.1" 200 30
186.9.132.225 - - [09/Mar/2017:15:16:55 -0300] "POST /cormun/servlet/solicitudotadjuntos?134d7d74e672092b6c6732fe38a74946,INS,2017,5376,,2, HTTP/1.1" 200 6584
186.79.207.187 - - [09/Mar/2017:15:18:56 -0300] "GET /cormun/servlet/hlogin HTTP/1.1" 200 1717
186.79.207.187 - - [09/Mar/2017:15:19:05 -0300] "POST /cormun/servlet/hlogin?3cbc70b7560d836f5a4c8d8bf41709ea,gx-no-cache=1489083615834 HTTP/1.1" 200 90
186.79.207.187 - - [09/Mar/2017:15:19:05 -0300] "GET /cormun/servlet/hpexe_link HTTP/1.1" 200 960
186.79.207.187 - - [09/Mar/2017:15:19:06 -0300] "GET /cormun/servlet/trautorizarsolicitud? HTTP/1.1" 200 6912
186.79.207.187 - - [09/Mar/2017:15:19:08 -0300] "GET /cormun/servlet/trautorizarsolicitud? HTTP/1.1" 200 6911
186.79.207.187 - - [09/Mar/2017:15:19:12 -0300] "GET /cormun/servlet/trsolicitudot? HTTP/1.1" 200 6954
186.79.207.187 - - [09/Mar/2017:15:19:14 -0300] "GET /cormun/servlet/trsolicitudot? HTTP/1.1" 200 6954
186.79.207.187 - - [09/Mar/2017:15:19:16 -0300] "GET /cormun/servlet/solicitudot?INS,0,0, HTTP/1.1" 200 12779
186.79.207.187 - - [09/Mar/2017:15:19:18 -0300] "GET /cormun/servlet/solicitudot?INS,0,0, HTTP/1.1" 200 12784
186.79.207.187 - - [09/Mar/2017:15:19:26 -0300] "POST /cormun/servlet/solicitudot?gx-no-cache=1489083636189 HTTP/1.1" 200 3190
186.79.207.187 - - [09/Mar/2017:15:19:27 -0300] "POST /cormun/servlet/solicitudot?3cbc70b7560d836f5a4c8d8bf41709ea,INS,0,0,,gx-no-cache=1489083636793 HTTP/1.1" 200 9940
186.79.207.187 - - [09/Mar/2017:15:19:36 -0300] "GET /cormun/servlet/solicitudot?123b5e94f8cdee06403f83e01550f1c6ab6090c7e7a3e40ac8502ab74bb8de5d9eccc62912909bad7572e377dc277c62,gx-no-cache=1489083647073 HTTP/1.1" 200 30
186.79.207.187 - - [09/Mar/2017:15:19:37 -0300] "POST /cormun/servlet/solicitudot?gx-no-cache=1489083647254 HTTP/1.1" 200 240
186.79.207.187 - - [09/Mar/2017:15:19:37 -0300] "GET /cormun/servlet/solicitudot?123b5e94f8cdee06403f83e01550f1c6cc9f1416004ff275fbca2db3ef658944f907e77185a51e27fa5827ffa9fd62a383e86feb43de568c96871edc16b9274687e0cb078b3c3493afa009a3f22ed52ac0da1310da2384efd43ef8cba1995eca6cb5783ebc4ee51f7f6d810164e3b8eb1e94bfd33ea0ada2bab0fcd30ff1a1faa0cdc42da4b2b1c4f64f57438e26a7112a8d1bbcb310a8967ac2c4d0923b473e54f1887e9196794660ac4cd26797683c52dbae5adb0da76f405b5284afa1701cc92c86d33bf0de4d099a6c922041bb4d9fa05963b9cf512d981c0ea68ef27f52a01a4ecae8d1e30c0bce1292287e288bf5263c74370ac69e570d379c0fb1e794625997ee3ecda17dc3cd275756bfbd3644d048fa186d4bfedb950257f9f004e79f2d796a5d6283681a55fb1278b7d84a487beb9666a76258ab29c065e2391887dbc45cd298070642e98e3a5fb43981fdb7d1663da226810c0fc37910d90ecef8ea27fedc1cc8408ede5f3bbd294f26159a886f852b2e826096dc58103f755dfd,gx-no-cache=1489083647384 HTTP/1.1" 200 30
186.79.207.187 - - [09/Mar/2017:15:19:46 -0300] "POST /cormun/servlet/solicitudot?gx-no-cache=1489083656779 HTTP/1.1" 200 30
186.79.207.187 - - [09/Mar/2017:15:19:50 -0300] "POST /cormun/servlet/solicitudot?gx-no-cache=1489083660872 HTTP/1.1" 200 235
186.79.207.187 - - [09/Mar/2017:15:19:50 -0300] "POST /cormun/servlet/solicitudot?gx-no-cache=1489083661041 HTTP/1.1" 200 38
186.79.207.187 - - [09/Mar/2017:15:19:55 -0300] "GET /cormun/servlet/solicitudot?123b5e94f8cdee06403f83e01550f1c6a4a5c578310897a080fec4d53e30a03dd2d26da3d27735ccb8a59d1d33d596617b5d6796c42d2235e37ba68526c81732f44ca83510c45ce6a35c2d0c239f1fc9c09f9507ce80145d0860561153bf57d9581c42b0b8072058fea3583775c304a7b42a47dc8c035008f5422d8243b84163fd7dff889864f120075fa76bd33507809ddbb75cc544fb44c03111b5ec7a4464,gx-no-cache=1489083665936 HTTP/1.1" 200 29
186.79.207.187 - - [09/Mar/2017:15:19:55 -0300] "POST /cormun/servlet/solicitudot?gx-no-cache=1489083666043 HTTP/1.1" 200 643
186.79.207.187 - - [09/Mar/2017:15:19:57 -0300] "POST /cormun/servlet/solicitudot?gx-no-cache=1489083667327 HTTP/1.1" 200 1157
186.79.207.187 - - [09/Mar/2017:15:20:32 -0300] "GET /cormun/static/menuarrow.gif HTTP/1.1" 404 1015
186.103.132.155 - - [09/Mar/2017:15:20:36 -0300] "POST /cormun/servlet/solicitudotadjuntos?7ce733e859f19a4a9dd498a162f59354,INS,2017,5385,,1, HTTP/1.1" 200 6320
186.79.207.187 - - [09/Mar/2017:15:20:45 -0300] "GET /cormun/servlet/solicitudot?123b5e94f8cdee06403f83e01550f1c6bf7c4be4544715c513e8647ea5bebc8640e2195925e9b0b5f2c6934fb75834f069badb268baaa739b406c7725b3baf79177493526063a0b67a3f4fab6b02ace928adea904491275e7bc045471427d4afd003b64b304b061b8ca99efee828ec38b88c890b07344b08d9d1bc1a717349f8ffcce0f55e77780a8525862a4395c1378094477e5c426d73f77a16008f829176e03fff7f14ed176b1e9b721638db5349,gx-no-cache=1489083715167 HTTP/1.1" 200 30
186.79.207.187 - - [09/Mar/2017:15:20:58 -0300] "POST /cormun/servlet/solicitudot?3cbc70b7560d836f5a4c8d8bf41709ea,INS,0,0,,gx-no-cache=1489083728228 HTTP/1.1" 200 93
186.79.207.187 - - [09/Mar/2017:15:20:58 -0300] "GET /cormun/servlet/hpexe_return? HTTP/1.1" 200 999
186.79.207.187 - - [09/Mar/2017:15:20:59 -0300] "GET /cormun/servlet/trsolicitudot HTTP/1.1" 200 8260
186.79.207.187 - - [09/Mar/2017:15:21:00 -0300] "GET /cormun/servlet/trsolicitudot HTTP/1.1" 200 8256
186.79.207.187 - - [09/Mar/2017:15:21:03 -0300] "POST /cormun/servlet/trsolicitudot?3cbc70b7560d836f5a4c8d8bf41709ea,gx-no-cache=1489083733686 HTTP/1.1" 200 107
186.79.207.187 - - [09/Mar/2017:15:21:03 -0300] "GET /cormun/servlet/trsolicitudadjuntos?2017,5386, HTTP/1.1" 200 6088
186.79.207.187 - - [09/Mar/2017:15:21:05 -0300] "GET /cormun/servlet/trsolicitudadjuntos?2017,5386, HTTP/1.1" 200 6088
186.103.132.155 - - [09/Mar/2017:15:21:08 -0300] "POST /cormun/servlet/solicitudotadjuntos?gx-no-cache=1489080127517 HTTP/1.1" 200 26
186.79.207.187 - - [09/Mar/2017:15:21:17 -0300] "GET /cormun/servlet/solicitudotadjuntos?INS,2017,5386,,1, HTTP/1.1" 200 6020
186.79.207.187 - - [09/Mar/2017:15:21:17 -0300] "GET /cormun/static/gxcfg.js?201612218465951 HTTP/1.1" 200 953
186.79.207.187 - - [09/Mar/2017:15:21:17 -0300] "GET /cormun/static/solicitudotadjuntos.js?201612218465969 HTTP/1.1" 200 11762
186.79.207.187 - - [09/Mar/2017:15:21:17 -0300] "GET /cormun/static/about:blank HTTP/1.1" 404 1011
186.79.207.187 - - [09/Mar/2017:15:21:18 -0300] "GET /cormun/servlet/solicitudotadjuntos?INS,2017,5386,,1, HTTP/1.1" 200 6013
186.79.207.187 - - [09/Mar/2017:15:21:19 -0300] "GET /cormun/servlet/solicitudotadjuntos?123b5e94f8cdee06403f83e01550f1c69cbd196c316cd081efd12b59113ad4a35355ce1bedbf0887da294e02dbdf5114,gx-no-cache=1489083749370 HTTP/1.1" 200 30
186.79.207.187 - - [09/Mar/2017:15:21:19 -0300] "POST /cormun/servlet/solicitudotadjuntos?3cbc70b7560d836f5a4c8d8bf41709ea,INS,2017,5386,,1,,gx-no-cache=1489083749508 HTTP/1.1" 200 3857
186.79.207.187 - - [09/Mar/2017:15:21:21 -0300] "POST /cormun/servlet/solicitudotadjuntos?gx-no-cache=1489083752018 HTTP/1.1" 200 26
186.79.38.202 - - [09/Mar/2017:15:21:38 -0300] "POST /cormun/servlet/trpermisosgoce?c6989d8e9eb050be97dc4662244cf26d,gx-no-cache=1489083628808 HTTP/1.1" 200 5336
186.79.38.202 - - [09/Mar/2017:15:21:40 -0300] "POST /cormun/servlet/trpermisosgoce?c6989d8e9eb050be97dc4662244cf26d,gx-no-cache=1489083630724 HTTP/1.1" 200 5335
186.79.207.187 - - [09/Mar/2017:15:21:41 -0300] "GET /cormun/servlet/solicitudotadjuntos?123b5e94f8cdee06403f83e01550f1c6c228b83e1d1781f7540abd22df93aefb,gx-no-cache=1489083771936 HTTP/1.1" 200 30
186.79.207.187 - - [09/Mar/2017:15:21:41 -0300] "GET /cormun/servlet/solicitudotadjuntos?123b5e94f8cdee06403f83e01550f1c6c228b83e1d1781f7540abd22df93aefb,gx-no-cache=1489083772015 HTTP/1.1" 200 30
186.79.38.202 - - [09/Mar/2017:15:21:42 -0300] "POST /cormun/servlet/trpermisosgoce?c6989d8e9eb050be97dc4662244cf26d,gx-no-cache=1489083632518 HTTP/1.1" 200 5336
186.79.38.202 - - [09/Mar/2017:15:21:45 -0300] "POST /cormun/servlet/trpermisosgoce?c6989d8e9eb050be97dc4662244cf26d,gx-no-cache=1489083634855 HTTP/1.1" 200 5336
186.103.132.155 - - [09/Mar/2017:15:21:47 -0300] "GET /cormun/servlet/trsolicitudadjuntos?2017,5385, HTTP/1.1" 200 8213
186.79.38.202 - - [09/Mar/2017:15:21:53 -0300] "POST /cormun/servlet/trpermisosgoce?c6989d8e9eb050be97dc4662244cf26d,gx-no-cache=1489083643360 HTTP/1.1" 200 3872
186.79.207.187 - - [09/Mar/2017:15:21:53 -0300] "POST /cormun/servlet/solicitudotadjuntos?3cbc70b7560d836f5a4c8d8bf41709ea,INS,2017,5386,,1, HTTP/1.1" 200 116
186.79.207.187 - - [09/Mar/2017:15:21:54 -0300] "GET /cormun/servlet/hpexe_return? HTTP/1.1" 200 1019
186.79.207.187 - - [09/Mar/2017:15:21:54 -0300] "GET /cormun/servlet/trsolicitudadjuntos?2017,5386, HTTP/1.1" 200 8218
186.79.207.187 - - [09/Mar/2017:15:21:56 -0300] "GET /cormun/servlet/trsolicitudadjuntos?2017,5386, HTTP/1.1" 200 8213
186.79.38.202 - - [09/Mar/2017:15:21:58 -0300] "POST /cormun/servlet/trpermisosgoce?c6989d8e9eb050be97dc4662244cf26d,gx-no-cache=1489083649230 HTTP/1.1" 200 3872
186.79.38.202 - - [09/Mar/2017:15:22:03 -0300] "POST /cormun/servlet/trpermisosgoce?c6989d8e9eb050be97dc4662244cf26d,gx-no-cache=1489083653982 HTTP/1.1" 200 3875
186.79.207.187 - - [09/Mar/2017:15:22:04 -0300] "GET /cormun/servlet/solicitudotadjuntos?INS,2017,5386,,1, HTTP/1.1" 200 6020
186.79.207.187 - - [09/Mar/2017:15:22:04 -0300] "GET /cormun/static/about:blank HTTP/1.1" 404 1011
186.79.207.187 - - [09/Mar/2017:15:22:05 -0300] "GET /cormun/servlet/solicitudotadjuntos?INS,2017,5386,,1, HTTP/1.1" 200 6013
186.79.207.187 - - [09/Mar/2017:15:22:05 -0300] "GET /cormun/servlet/solicitudotadjuntos?123b5e94f8cdee06403f83e01550f1c69cbd196c316cd081efd12b59113ad4a35355ce1bedbf0887da294e02dbdf5114,gx-no-cache=1489083795948 HTTP/1.1" 200 30
186.79.207.187 - - [09/Mar/2017:15:22:06 -0300] "POST /cormun/servlet/solicitudotadjuntos?3cbc70b7560d836f5a4c8d8bf41709ea,INS,2017,5386,,1,,gx-no-cache=1489083796099 HTTP/1.1" 200 3857
186.79.38.202 - - [09/Mar/2017:15:22:12 -0300] "GET /cormun/servlet/trvisualizadoreventos? HTTP/1.1" 200 6519
186.79.207.187 - - [09/Mar/2017:15:22:15 -0300] "POST /cormun/servlet/solicitudotadjuntos?gx-no-cache=1489083805181 HTTP/1.1" 200 26
186.79.38.202 - - [09/Mar/2017:15:22:15 -0300] "GET /cormun/servlet/trvisualizadoreventos? HTTP/1.1" 200 6519
186.79.38.202 - - [09/Mar/2017:15:22:20 -0300] "POST /cormun/servlet/trvisualizadoreventos?c6989d8e9eb050be97dc4662244cf26d,,gx-no-cache=1489083670483 HTTP/1.1" 200 3763
186.79.38.202 - - [09/Mar/2017:15:22:24 -0300] "POST /cormun/servlet/trvisualizadoreventos?c6989d8e9eb050be97dc4662244cf26d,,gx-no-cache=1489083675186 HTTP/1.1" 200 3764
186.79.207.187 - - [09/Mar/2017:15:22:26 -0300] "GET /cormun/servlet/solicitudotadjuntos?123b5e94f8cdee06403f83e01550f1c6c228b83e1d1781f7540abd22df93aefb,gx-no-cache=1489083816686 HTTP/1.1" 200 30
186.79.207.187 - - [09/Mar/2017:15:22:26 -0300] "GET /cormun/servlet/solicitudotadjuntos?123b5e94f8cdee06403f83e01550f1c6c228b83e1d1781f7540abd22df93aefb,gx-no-cache=1489083816796 HTTP/1.1" 200 30
186.79.207.187 - - [09/Mar/2017:15:22:30 -0300] "POST /cormun/servlet/solicitudotadjuntos?3cbc70b7560d836f5a4c8d8bf41709ea,INS,2017,5386,,1, HTTP/1.1" 200 116
186.79.207.187 - - [09/Mar/2017:15:22:30 -0300] "GET /cormun/servlet/hpexe_return? HTTP/1.1" 200 1019
186.79.207.187 - - [09/Mar/2017:15:22:31 -0300] "GET /cormun/servlet/trsolicitudadjuntos?2017,5386, HTTP/1.1" 200 8390
186.79.38.202 - - [09/Mar/2017:15:22:32 -0300] "GET /cormun/static/menuarrow.gif HTTP/1.1" 404 1015
186.79.207.187 - - [09/Mar/2017:15:22:32 -0300] "GET /cormun/servlet/trsolicitudadjuntos?2017,5386, HTTP/1.1" 200 8389
186.103.132.155 - - [09/Mar/2017:15:22:36 -0300] "GET /cormun/servlet/hlogin HTTP/1.1" 200 1716
186.79.38.202 - - [09/Mar/2017:15:22:39 -0300] "POST /cormun/servlet/trvisualizadoreventos?c6989d8e9eb050be97dc4662244cf26d,,gx-no-cache=1489083689927 HTTP/1.1" 200 5097
186.79.207.187 - - [09/Mar/2017:15:22:41 -0300] "GET /cormun/servlet/solicitudotadjuntos?INS,2017,5386,,1, HTTP/1.1" 200 6020
186.79.207.187 - - [09/Mar/2017:15:22:41 -0300] "GET /cormun/static/about:blank HTTP/1.1" 404 1011
186.79.207.187 - - [09/Mar/2017:15:22:42 -0300] "GET /cormun/servlet/solicitudotadjuntos?INS,2017,5386,,1, HTTP/1.1" 200 6013
186.79.207.187 - - [09/Mar/2017:15:22:42 -0300] "GET /cormun/servlet/solicitudotadjuntos?123b5e94f8cdee06403f83e01550f1c69cbd196c316cd081efd12b59113ad4a35355ce1bedbf0887da294e02dbdf5114,gx-no-cache=1489083832896 HTTP/1.1" 200 30
186.79.207.187 - - [09/Mar/2017:15:22:43 -0300] "POST /cormun/servlet/solicitudotadjuntos?3cbc70b7560d836f5a4c8d8bf41709ea,INS,2017,5386,,1,,gx-no-cache=1489083833004 HTTP/1.1" 200 3857
186.79.207.187 - - [09/Mar/2017:15:22:49 -0300] "POST /cormun/servlet/solicitudotadjuntos?gx-no-cache=1489083839908 HTTP/1.1" 200 26
186.79.207.187 - - [09/Mar/2017:15:22:57 -0300] "GET /cormun/servlet/solicitudotadjuntos?123b5e94f8cdee06403f83e01550f1c6c228b83e1d1781f7540abd22df93aefb,gx-no-cache=1489083847430 HTTP/1.1" 200 30
186.79.207.187 - - [09/Mar/2017:15:22:57 -0300] "GET /cormun/servlet/solicitudotadjuntos?123b5e94f8cdee06403f83e01550f1c6c228b83e1d1781f7540abd22df93aefb,gx-no-cache=1489083847630 HTTP/1.1" 200 30
186.79.207.187 - - [09/Mar/2017:15:23:01 -0300] "POST /cormun/servlet/solicitudotadjuntos?3cbc70b7560d836f5a4c8d8bf41709ea,INS,2017,5386,,1, HTTP/1.1" 200 116
186.79.207.187 - - [09/Mar/2017:15:23:01 -0300] "GET /cormun/servlet/hpexe_return? HTTP/1.1" 200 1019
186.79.207.187 - - [09/Mar/2017:15:23:02 -0300] "GET /cormun/servlet/trsolicitudadjuntos?2017,5386, HTTP/1.1" 200 8521
186.79.207.187 - - [09/Mar/2017:15:23:03 -0300] "GET /cormun/servlet/trsolicitudadjuntos?2017,5386, HTTP/1.1" 200 8520
186.103.132.155 - - [09/Mar/2017:15:23:05 -0300] "POST /cormun/servlet/hlogin?7ce733e859f19a4a9dd498a162f59354,gx-no-cache=1489080248101 HTTP/1.1" 200 90
186.103.132.155 - - [09/Mar/2017:15:23:07 -0300] "GET /cormun/servlet/hpexe_link HTTP/1.1" 200 971
186.103.132.155 - - [09/Mar/2017:15:23:09 -0300] "GET /cormun/servlet/trsolicitudadjuntos?2017,5385, HTTP/1.1" 200 8211
186.103.132.155 - - [09/Mar/2017:15:23:12 -0300] "GET /cormun/servlet/trsolicitudadjuntos?2017,5385, HTTP/1.1" 200 8212
186.79.38.202 - - [09/Mar/2017:15:23:16 -0300] "POST /cormun/servlet/trvisualizadoreventos?c6989d8e9eb050be97dc4662244cf26d,,gx-no-cache=1489083722200 HTTP/1.1" 200 111
186.79.38.202 - - [09/Mar/2017:15:23:17 -0300] "GET /cormun/VisualizadorEventos-9477.xls HTTP/1.1" 200 6144
186.79.207.187 - - [09/Mar/2017:15:23:26 -0300] "GET /cormun/servlet/solicitudotadjuntos?DLT,2017,5386,CERTIF4,0, HTTP/1.1" 200 5997
186.79.207.187 - - [09/Mar/2017:15:23:27 -0300] "GET /cormun/PublicTempStorage/afp8217029.pdf HTTP/1.1" 200 234866
186.79.207.187 - - [09/Mar/2017:15:23:27 -0300] "GET /cormun/static/Shared/jqueryui/images/ui-bg_highlight-soft_100_c6c2c8_1x100.png HTTP/1.1" 404 1117
186.79.207.187 - - [09/Mar/2017:15:23:27 -0300] "GET /cormun/static/Shared/jqueryui/images/ui-icons_82798d_256x240.png HTTP/1.1" 404 1089
186.79.207.187 - - [09/Mar/2017:15:23:27 -0300] "GET /cormun/static/Shared/jqueryui/images/ui-bg_flat_55_fafafa_40x100.png HTTP/1.1" 404 1097
186.79.207.187 - - [09/Mar/2017:15:23:27 -0300] "GET /cormun/static/Shared/jqueryui/images/ui-icons_8d78a5_256x240.png HTTP/1.1" 404 1089
186.79.207.187 - - [09/Mar/2017:15:23:28 -0300] "GET /cormun/servlet/solicitudotadjuntos?DLT,2017,5386,CERTIF4,0, HTTP/1.1" 200 5990
186.103.132.155 - - [09/Mar/2017:15:23:40 -0300] "GET /cormun/servlet/solicitudotadjuntos?INS,2017,5385,,1, HTTP/1.1" 200 5832
186.79.207.187 - - [09/Mar/2017:15:23:42 -0300] "POST /cormun/servlet/solicitudotadjuntos?3cbc70b7560d836f5a4c8d8bf41709ea,DLT,2017,5386,CERTIF4,0,,gx-no-cache=1489083892275 HTTP/1.1" 200 93
186.79.207.187 - - [09/Mar/2017:15:23:42 -0300] "GET /cormun/servlet/hpexe_return? HTTP/1.1" 200 1026
186.79.207.187 - - [09/Mar/2017:15:23:42 -0300] "GET /cormun/servlet/trsolicitudadjuntos?2017,5386, HTTP/1.1" 200 8522
186.103.132.155 - - [09/Mar/2017:15:23:43 -0300] "GET /cormun/static/about:blank HTTP/1.1" 404 1011
186.79.207.187 - - [09/Mar/2017:15:23:44 -0300] "GET /cormun/servlet/trsolicitudadjuntos?2017,5386, HTTP/1.1" 200 8519
186.103.132.155 - - [09/Mar/2017:15:23:46 -0300] "GET /cormun/servlet/solicitudotadjuntos?877126d5690d8a5e5807bb451bd7d4c1bd2b11328507b6aa36d89bc7d184de4fb104c224db082688e96aae207adbecd1,gx-no-cache=1489080292198 HTTP/1.1" 200 30
186.103.132.155 - - [09/Mar/2017:15:23:46 -0300] "GET /cormun/servlet/solicitudotadjuntos?INS,2017,5385,,1, HTTP/1.1" 200 5826
186.79.207.187 - - [09/Mar/2017:15:23:50 -0300] "GET /cormun/servlet/solicitudotadjuntos?DLT,2017,5386,CERTIF4,0, HTTP/1.1" 200 5997
186.79.207.187 - - [09/Mar/2017:15:23:51 -0300] "GET /cormun/static/Shared/jqueryui/images/ui-bg_highlight-soft_100_c6c2c8_1x100.png HTTP/1.1" 404 1117
186.79.207.187 - - [09/Mar/2017:15:23:51 -0300] "GET /cormun/static/Shared/jqueryui/images/ui-icons_82798d_256x240.png HTTP/1.1" 404 1089
186.79.207.187 - - [09/Mar/2017:15:23:51 -0300] "GET /cormun/static/Shared/jqueryui/images/ui-bg_flat_55_fafafa_40x100.png HTTP/1.1" 404 1097
186.79.207.187 - - [09/Mar/2017:15:23:51 -0300] "GET /cormun/static/Shared/jqueryui/images/ui-icons_8d78a5_256x240.png HTTP/1.1" 404 1089
186.79.207.187 - - [09/Mar/2017:15:23:51 -0300] "GET /cormun/servlet/solicitudotadjuntos?DLT,2017,5386,CERTIF4,0, HTTP/1.1" 200 5990
186.103.132.155 - - [09/Mar/2017:15:23:52 -0300] "POST /cormun/servlet/solicitudotadjuntos?7ce733e859f19a4a9dd498a162f59354,INS,2017,5385,,1,,gx-no-cache=1489080296972 HTTP/1.1" 200 3644
186.79.207.187 - - [09/Mar/2017:15:23:52 -0300] "GET /cormun/PublicTempStorage/afp9441628.pdf HTTP/1.1" 200 234866
186.79.38.202 - - [09/Mar/2017:15:23:53 -0300] "POST /cormun/servlet/trvisualizadoreventos?c6989d8e9eb050be97dc4662244cf26d,,gx-no-cache=1489083761689 HTTP/1.1" 200 5590
186.79.207.187 - - [09/Mar/2017:15:23:57 -0300] "POST /cormun/servlet/solicitudotadjuntos?3cbc70b7560d836f5a4c8d8bf41709ea,DLT,2017,5386,CERTIF4,0,,gx-no-cache=1489083906797 HTTP/1.1" 200 93
186.79.207.187 - - [09/Mar/2017:15:23:57 -0300] "GET /cormun/servlet/hpexe_return? HTTP/1.1" 200 1026
186.79.207.187 - - [09/Mar/2017:15:23:57 -0300] "GET /cormun/servlet/trsolicitudadjuntos?2017,5386, HTTP/1.1" 200 8390
186.79.207.187 - - [09/Mar/2017:15:23:59 -0300] "GET /cormun/servlet/trsolicitudadjuntos?2017,5386, HTTP/1.1" 200 8389
186.79.207.187 - - [09/Mar/2017:15:24:01 -0300] "GET /cormun/servlet/solicitudotadjuntos?INS,2017,5386,,1, HTTP/1.1" 200 6021
186.79.207.187 - - [09/Mar/2017:15:24:02 -0300] "GET /cormun/static/about:blank HTTP/1.1" 404 1011
186.79.207.187 - - [09/Mar/2017:15:24:02 -0300] "GET /cormun/servlet/solicitudotadjuntos?INS,2017,5386,,1, HTTP/1.1" 200 6015
186.79.207.187 - - [09/Mar/2017:15:24:03 -0300] "GET /cormun/servlet/solicitudotadjuntos?123b5e94f8cdee06403f83e01550f1c69cbd196c316cd081efd12b59113ad4a35355ce1bedbf0887da294e02dbdf5114,gx-no-cache=1489083913445 HTTP/1.1" 200 30
186.79.207.187 - - [09/Mar/2017:15:24:03 -0300] "POST /cormun/servlet/solicitudotadjuntos?3cbc70b7560d836f5a4c8d8bf41709ea,INS,2017,5386,,1,,gx-no-cache=1489083913656 HTTP/1.1" 200 3858
186.103.132.155 - - [09/Mar/2017:15:24:04 -0300] "POST /cormun/servlet/solicitudotadjuntos?gx-no-cache=1489080310208 HTTP/1.1" 200 26
186.79.207.187 - - [09/Mar/2017:15:24:08 -0300] "POST /cormun/servlet/solicitudotadjuntos?gx-no-cache=1489083918236 HTTP/1.1" 200 26
186.79.207.187 - - [09/Mar/2017:15:24:15 -0300] "GET /cormun/servlet/solicitudotadjuntos?123b5e94f8cdee06403f83e01550f1c6c228b83e1d1781f7540abd22df93aefb,gx-no-cache=1489083925391 HTTP/1.1" 200 30
186.79.207.187 - - [09/Mar/2017:15:24:15 -0300] "GET /cormun/servlet/solicitudotadjuntos?123b5e94f8cdee06403f83e01550f1c6c228b83e1d1781f7540abd22df93aefb,gx-no-cache=1489083925482 HTTP/1.1" 200 30
186.79.207.187 - - [09/Mar/2017:15:24:19 -0300] "POST /cormun/servlet/solicitudotadjuntos?3cbc70b7560d836f5a4c8d8bf41709ea,INS,2017,5386,,1, HTTP/1.1" 200 116
186.79.207.187 - - [09/Mar/2017:15:24:19 -0300] "GET /cormun/servlet/hpexe_return? HTTP/1.1" 200 1019
186.79.207.187 - - [09/Mar/2017:15:24:19 -0300] "GET /cormun/servlet/trsolicitudadjuntos?2017,5386, HTTP/1.1" 200 8537
186.79.207.187 - - [09/Mar/2017:15:24:21 -0300] "GET /cormun/servlet/trsolicitudadjuntos?2017,5386, HTTP/1.1" 200 8533
186.79.207.187 - - [09/Mar/2017:15:24:25 -0300] "GET /cormun/servlet/solicitudotadjuntos?INS,2017,5386,,1, HTTP/1.1" 200 6022
186.79.38.202 - - [09/Mar/2017:15:24:26 -0300] "POST /cormun/servlet/trvisualizadoreventos?c6989d8e9eb050be97dc4662244cf26d,,gx-no-cache=1489083790550 HTTP/1.1" 200 5661
186.79.207.187 - - [09/Mar/2017:15:24:26 -0300] "GET /cormun/static/about:blank HTTP/1.1" 404 1011
186.79.207.187 - - [09/Mar/2017:15:24:27 -0300] "GET /cormun/servlet/solicitudotadjuntos?INS,2017,5386,,1, HTTP/1.1" 200 6015
186.79.207.187 - - [09/Mar/2017:15:24:27 -0300] "GET /cormun/servlet/solicitudotadjuntos?123b5e94f8cdee06403f83e01550f1c69cbd196c316cd081efd12b59113ad4a35355ce1bedbf0887da294e02dbdf5114,gx-no-cache=1489083937658 HTTP/1.1" 200 30
186.79.207.187 - - [09/Mar/2017:15:24:28 -0300] "POST /cormun/servlet/solicitudotadjuntos?3cbc70b7560d836f5a4c8d8bf41709ea,INS,2017,5386,,1,,gx-no-cache=1489083938010 HTTP/1.1" 200 3858
186.103.132.155 - - [09/Mar/2017:15:24:31 -0300] "GET /cormun/servlet/solicitudotadjuntos?877126d5690d8a5e5807bb451bd7d4c15a03856028994fd39374b88030528b3c,gx-no-cache=1489080329704 HTTP/1.1" 200 30
186.79.207.187 - - [09/Mar/2017:15:24:32 -0300] "POST /cormun/servlet/solicitudotadjuntos?gx-no-cache=1489083942635 HTTP/1.1" 200 26
186.103.132.155 - - [09/Mar/2017:15:24:32 -0300] "GET /cormun/servlet/solicitudotadjuntos?877126d5690d8a5e5807bb451bd7d4c15a03856028994fd39374b88030528b3c,gx-no-cache=1489080341419 HTTP/1.1" 200 30
186.79.207.187 - - [09/Mar/2017:15:24:37 -0300] "GET /cormun/servlet/solicitudotadjuntos?123b5e94f8cdee06403f83e01550f1c6c228b83e1d1781f7540abd22df93aefb,gx-no-cache=1489083948110 HTTP/1.1" 200 30
186.79.207.187 - - [09/Mar/2017:15:24:37 -0300] "GET /cormun/servlet/solicitudotadjuntos?123b5e94f8cdee06403f83e01550f1c6c228b83e1d1781f7540abd22df93aefb,gx-no-cache=1489083948184 HTTP/1.1" 200 30
186.79.207.187 - - [09/Mar/2017:15:24:44 -0300] "POST /cormun/servlet/solicitudotadjuntos?3cbc70b7560d836f5a4c8d8bf41709ea,INS,2017,5386,,1, HTTP/1.1" 200 116
186.79.207.187 - - [09/Mar/2017:15:24:45 -0300] "GET /cormun/servlet/hpexe_return? HTTP/1.1" 200 1019
186.79.207.187 - - [09/Mar/2017:15:24:45 -0300] "GET /cormun/servlet/trsolicitudadjuntos?2017,5386, HTTP/1.1" 200 8661
186.79.207.187 - - [09/Mar/2017:15:24:47 -0300] "GET /cormun/servlet/trsolicitudadjuntos?2017,5386, HTTP/1.1" 200 8658
186.79.207.187 - - [09/Mar/2017:15:24:50 -0300] "GET /cormun/servlet/solicitudotadjuntos?INS,2017,5386,,1, HTTP/1.1" 200 6022
186.79.207.187 - - [09/Mar/2017:15:24:51 -0300] "GET /cormun/static/about:blank HTTP/1.1" 404 1011
186.79.207.187 - - [09/Mar/2017:15:24:52 -0300] "GET /cormun/servlet/solicitudotadjuntos?INS,2017,5386,,1, HTTP/1.1" 200 6015
186.79.207.187 - - [09/Mar/2017:15:24:52 -0300] "GET /cormun/servlet/solicitudotadjuntos?123b5e94f8cdee06403f83e01550f1c69cbd196c316cd081efd12b59113ad4a35355ce1bedbf0887da294e02dbdf5114,gx-no-cache=1489083962749 HTTP/1.1" 200 30
186.79.207.187 - - [09/Mar/2017:15:24:52 -0300] "POST /cormun/servlet/solicitudotadjuntos?3cbc70b7560d836f5a4c8d8bf41709ea,INS,2017,5386,,1,,gx-no-cache=1489083962856 HTTP/1.1" 200 3858
186.79.207.187 - - [09/Mar/2017:15:24:58 -0300] "POST /cormun/servlet/solicitudotadjuntos?gx-no-cache=1489083968411 HTTP/1.1" 200 26
186.79.207.187 - - [09/Mar/2017:15:25:03 -0300] "GET /cormun/servlet/solicitudotadjuntos?123b5e94f8cdee06403f83e01550f1c6c228b83e1d1781f7540abd22df93aefb,gx-no-cache=1489083973950 HTTP/1.1" 200 30
186.79.207.187 - - [09/Mar/2017:15:25:04 -0300] "GET /cormun/servlet/solicitudotadjuntos?123b5e94f8cdee06403f83e01550f1c6c228b83e1d1781f7540abd22df93aefb,gx-no-cache=1489083974181 HTTP/1.1" 200 30
186.79.207.187 - - [09/Mar/2017:15:25:13 -0300] "POST /cormun/servlet/solicitudotadjuntos?3cbc70b7560d836f5a4c8d8bf41709ea,INS,2017,5386,,1, HTTP/1.1" 200 116
186.79.207.187 - - [09/Mar/2017:15:25:14 -0300] "GET /cormun/servlet/hpexe_return? HTTP/1.1" 200 1019
186.79.207.187 - - [09/Mar/2017:15:25:14 -0300] "GET /cormun/servlet/trsolicitudadjuntos?2017,5386, HTTP/1.1" 200 8856
186.79.207.187 - - [09/Mar/2017:15:25:16 -0300] "GET /cormun/servlet/trsolicitudadjuntos?2017,5386, HTTP/1.1" 200 8854
186.79.207.187 - - [09/Mar/2017:15:25:19 -0300] "GET /cormun/servlet/solicitudotadjuntos?INS,2017,5386,,1, HTTP/1.1" 200 6022
186.79.207.187 - - [09/Mar/2017:15:25:20 -0300] "GET /cormun/static/about:blank HTTP/1.1" 404 1011
186.79.207.187 - - [09/Mar/2017:15:25:21 -0300] "GET /cormun/servlet/solicitudotadjuntos?INS,2017,5386,,1, HTTP/1.1" 200 6015
186.79.207.187 - - [09/Mar/2017:15:25:21 -0300] "GET /cormun/servlet/solicitudotadjuntos?123b5e94f8cdee06403f83e01550f1c69cbd196c316cd081efd12b59113ad4a35355ce1bedbf0887da294e02dbdf5114,gx-no-cache=1489083992005 HTTP/1.1" 200 30
186.79.207.187 - - [09/Mar/2017:15:25:22 -0300] "POST /cormun/servlet/solicitudotadjuntos?3cbc70b7560d836f5a4c8d8bf41709ea,INS,2017,5386,,1,,gx-no-cache=1489083992163 HTTP/1.1" 200 3858
186.79.207.187 - - [09/Mar/2017:15:25:27 -0300] "POST /cormun/servlet/solicitudotadjuntos?gx-no-cache=1489083998036 HTTP/1.1" 200 26
186.79.207.187 - - [09/Mar/2017:15:25:34 -0300] "GET /cormun/servlet/solicitudotadjuntos?123b5e94f8cdee06403f83e01550f1c6c228b83e1d1781f7540abd22df93aefb,gx-no-cache=1489084004565 HTTP/1.1" 200 30
186.79.207.187 - - [09/Mar/2017:15:25:34 -0300] "GET /cormun/servlet/solicitudotadjuntos?123b5e94f8cdee06403f83e01550f1c6c228b83e1d1781f7540abd22df93aefb,gx-no-cache=1489084004658 HTTP/1.1" 200 30
186.79.38.202 - - [09/Mar/2017:15:25:41 -0300] "POST /cormun/servlet/trvisualizadoreventos?c6989d8e9eb050be97dc4662244cf26d,,gx-no-cache=1489083871695 HTTP/1.1" 200 5781
186.79.207.187 - - [09/Mar/2017:15:25:42 -0300] "POST /cormun/servlet/solicitudotadjuntos?3cbc70b7560d836f5a4c8d8bf41709ea,INS,2017,5386,,1, HTTP/1.1" 200 116
186.79.207.187 - - [09/Mar/2017:15:25:42 -0300] "GET /cormun/servlet/hpexe_return? HTTP/1.1" 200 1019
186.79.207.187 - - [09/Mar/2017:15:25:43 -0300] "GET /cormun/servlet/trsolicitudadjuntos?2017,5386, HTTP/1.1" 200 9038
186.79.207.187 - - [09/Mar/2017:15:25:45 -0300] "GET /cormun/servlet/trsolicitudadjuntos?2017,5386, HTTP/1.1" 200 9034
186.79.207.187 - - [09/Mar/2017:15:25:50 -0300] "GET /cormun/servlet/trsolicitudot? HTTP/1.1" 200 8262
186.79.207.187 - - [09/Mar/2017:15:25:51 -0300] "GET /cormun/servlet/trsolicitudot? HTTP/1.1" 200 8255
186.79.207.187 - - [09/Mar/2017:15:25:59 -0300] "POST /cormun/servlet/trsolicitudot?3cbc70b7560d836f5a4c8d8bf41709ea,,gx-no-cache=1489084029288 HTTP/1.1" 200 4369
186.79.207.187 - - [09/Mar/2017:15:25:59 -0300] "GET /cormun/static/Shared/jqueryui/images/ui-bg_highlight-soft_100_c6c2c8_1x100.png HTTP/1.1" 404 1117
186.79.207.187 - - [09/Mar/2017:15:25:59 -0300] "GET /cormun/static/Shared/jqueryui/images/ui-icons_82798d_256x240.png HTTP/1.1" 404 1089
186.79.207.187 - - [09/Mar/2017:15:25:59 -0300] "GET /cormun/static/Shared/jqueryui/images/ui-icons_8d78a5_256x240.png HTTP/1.1" 404 1089
186.79.207.187 - - [09/Mar/2017:15:25:59 -0300] "GET /cormun/static/Shared/jqueryui/images/ui-bg_flat_55_fafafa_40x100.png HTTP/1.1" 404 1097
186.79.207.187 - - [09/Mar/2017:15:26:00 -0300] "POST /cormun/servlet/trsolicitudot?3cbc70b7560d836f5a4c8d8bf41709ea,,gx-no-cache=1489084029940 HTTP/1.1" 200 4128
186.79.207.187 - - [09/Mar/2017:15:26:03 -0300] "GET /cormun/servlet/trautorizarsolicitud? HTTP/1.1" 200 8188
186.79.207.187 - - [09/Mar/2017:15:26:04 -0300] "GET /cormun/servlet/trautorizarsolicitud? HTTP/1.1" 200 8187
186.79.207.187 - - [09/Mar/2017:15:26:06 -0300] "POST /cormun/servlet/trautorizarsolicitud?3cbc70b7560d836f5a4c8d8bf41709ea,,gx-no-cache=1489084036651 HTTP/1.1" 200 4337
186.79.207.187 - - [09/Mar/2017:15:26:06 -0300] "GET /cormun/static/Shared/jqueryui/images/ui-icons_82798d_256x240.png HTTP/1.1" 404 1089
186.79.207.187 - - [09/Mar/2017:15:26:06 -0300] "GET /cormun/static/Shared/jqueryui/images/ui-bg_highlight-soft_100_c6c2c8_1x100.png HTTP/1.1" 404 1117
186.79.207.187 - - [09/Mar/2017:15:26:06 -0300] "GET /cormun/static/Shared/jqueryui/images/ui-bg_flat_55_fafafa_40x100.png HTTP/1.1" 404 1097
