192.168.10.89 - - [08/Mar/2017:09:40:09 -0300] "POST /cormun/servlet/solicitudotlog?e5bdcae641cc92ca5da0c4fbe6cae67f,INS,2017,5118,0,REC,,gx-no-cache=1488980093741 HTTP/1.1" 200 93
192.168.10.89 - - [08/Mar/2017:09:40:09 -0300] "GET /cormun/servlet/hpexe_return? HTTP/1.1" 200 1026
192.168.10.89 - - [08/Mar/2017:09:40:10 -0300] "GET /cormun/servlet/trsolicitudgral? HTTP/1.1" 200 17023
186.103.159.182 - - [08/Mar/2017:09:40:15 -0300] "GET /cormun/servlet/solicitudot?d9aa7e4cabde8ac52d1d5ae28e992e6bfa3be524de86000af612a3061bd5a2768a78b63ec50a47dcce5fd306f6189d3532d197e5abfd087e3d42d0f75ee0af9ef8622a72f93bc2fdf683ae75b92d9cc9bad76d5c1b7f55f6c6c7cc017f9684ab2e46173eac36b7e664b6d1fa63df366086c32f00f3dea7a0af3d127dcc017de1611eed369018f6d4ff851a68e754cc08f82432329954c5fa8ad2f11a137d09b5,gx-no-cache=1488976885728 HTTP/1.1" 200 29
186.103.159.182 - - [08/Mar/2017:09:40:15 -0300] "POST /cormun/servlet/solicitudot?gx-no-cache=1488976885781 HTTP/1.1" 200 1274
186.103.159.182 - - [08/Mar/2017:09:40:15 -0300] "POST /cormun/servlet/solicitudot?gx-no-cache=1488976885850 HTTP/1.1" 200 1157
186.103.159.182 - - [08/Mar/2017:09:40:15 -0300] "GET /cormun/static/menuarrow.gif HTTP/1.1" 404 1015
186.79.226.62 - - [08/Mar/2017:09:40:17 -0300] "POST /cormun/servlet/solicitudotadjuntos?b7a385eaa97e4ea07487642b66ec0376,INS,2017,5310,,1, HTTP/1.1" 200 116
186.103.159.182 - - [08/Mar/2017:09:40:17 -0300] "POST /cormun/servlet/solicitudot?gx-no-cache=1488976887175 HTTP/1.1" 200 1274
186.103.159.182 - - [08/Mar/2017:09:40:17 -0300] "POST /cormun/servlet/solicitudot?gx-no-cache=1488976887349 HTTP/1.1" 200 1157
186.79.226.62 - - [08/Mar/2017:09:40:17 -0300] "GET /cormun/servlet/hpexe_return? HTTP/1.1" 200 1023
186.79.226.62 - - [08/Mar/2017:09:40:18 -0300] "GET /cormun/servlet/trsolicitudadjuntos?2017,5310, HTTP/1.1" 200 8573
186.79.226.62 - - [08/Mar/2017:09:40:19 -0300] "GET /cormun/servlet/trsolicitudadjuntos?2017,5310, HTTP/1.1" 200 8569
186.103.159.182 - - [08/Mar/2017:09:40:24 -0300] "GET /cormun/servlet/solicitudot?d9aa7e4cabde8ac52d1d5ae28e992e6bb463ae3f377f840d343389ced441abb5ad5d8ecdb768e963b8bf13c8533f63b87b7ad291a7f498665c67feb8d336c8a6dec9582a03a4abbf43fc3550a7a54e659deedb8aa57b8c25690de7542054d497673eafb6ddb398c07247da97974932dca6c1b2916029b0845ad7707a105340a7e44b531bf2a72f17c626638a10eb94037a82a645b1cf6e99f1b59f2e73da84fe88d8699aa6f06d43595857c4daeb9fa1,gx-no-cache=1488976894385 HTTP/1.1" 200 30
186.79.226.62 - - [08/Mar/2017:09:40:24 -0300] "GET /cormun/servlet/solicitudotadjuntos?INS,2017,5310,,1, HTTP/1.1" 200 5786
186.79.226.62 - - [08/Mar/2017:09:40:24 -0300] "GET /cormun/static/about:blank HTTP/1.1" 404 1011
186.79.226.62 - - [08/Mar/2017:09:40:24 -0300] "GET /cormun/servlet/solicitudotadjuntos?INS,2017,5310,,1, HTTP/1.1" 200 5780
186.79.226.62 - - [08/Mar/2017:09:40:25 -0300] "GET /cormun/servlet/solicitudotadjuntos?1368e2a6bd1157964167c65452b3fb4d625e779f31a22633774d4bd8048ef338b30cf0f846800d3ee71d76a4c6562e33,gx-no-cache=1488976895803 HTTP/1.1" 200 30
186.79.226.62 - - [08/Mar/2017:09:40:25 -0300] "POST /cormun/servlet/solicitudotadjuntos?b7a385eaa97e4ea07487642b66ec0376,INS,2017,5310,,1,,gx-no-cache=1488976895930 HTTP/1.1" 200 3639
192.168.10.89 - - [08/Mar/2017:09:40:30 -0300] "POST /cormun/servlet/trsolicitudgral?e5bdcae641cc92ca5da0c4fbe6cae67f,,gx-no-cache=1488980114306 HTTP/1.1" 200 9852
186.79.226.62 - - [08/Mar/2017:09:40:30 -0300] "POST /cormun/servlet/solicitudotadjuntos?gx-no-cache=1488976901156 HTTP/1.1" 200 26
186.79.226.62 - - [08/Mar/2017:09:40:38 -0300] "GET /cormun/servlet/solicitudotadjuntos?1368e2a6bd1157964167c65452b3fb4d1b2c30dbf2ce2d1ba4f56658335b3a9d,gx-no-cache=1488976909342 HTTP/1.1" 200 30
186.79.226.62 - - [08/Mar/2017:09:40:38 -0300] "GET /cormun/servlet/solicitudotadjuntos?1368e2a6bd1157964167c65452b3fb4d1b2c30dbf2ce2d1ba4f56658335b3a9d,gx-no-cache=1488976909457 HTTP/1.1" 200 30
192.168.10.89 - - [08/Mar/2017:09:40:46 -0300] "POST /cormun/servlet/trsolicitudgral?e5bdcae641cc92ca5da0c4fbe6cae67f,,gx-no-cache=1488980130286 HTTP/1.1" 200 13858
186.79.226.62 - - [08/Mar/2017:09:40:47 -0300] "POST /cormun/servlet/solicitudotadjuntos?b7a385eaa97e4ea07487642b66ec0376,INS,2017,5310,,1, HTTP/1.1" 200 116
186.79.226.62 - - [08/Mar/2017:09:40:47 -0300] "GET /cormun/servlet/hpexe_return? HTTP/1.1" 200 1023
186.79.226.62 - - [08/Mar/2017:09:40:48 -0300] "GET /cormun/servlet/trsolicitudadjuntos?2017,5310, HTTP/1.1" 200 8792
186.79.226.62 - - [08/Mar/2017:09:40:49 -0300] "GET /cormun/servlet/trsolicitudadjuntos?2017,5310, HTTP/1.1" 200 8789
186.79.226.62 - - [08/Mar/2017:09:41:00 -0300] "POST /cormun/servlet/trsolicitudadjuntos?b7a385eaa97e4ea07487642b66ec0376,2017,5310,,gx-no-cache=1488976930728 HTTP/1.1" 200 90
186.79.226.62 - - [08/Mar/2017:09:41:00 -0300] "GET /cormun/servlet/hpexe_link HTTP/1.1" 200 969
186.79.226.62 - - [08/Mar/2017:09:41:00 -0300] "GET /cormun/servlet/trsolicitudot HTTP/1.1" 200 7982
186.79.226.62 - - [08/Mar/2017:09:41:01 -0300] "GET /cormun/servlet/trsolicitudot HTTP/1.1" 200 7981
186.79.226.62 - - [08/Mar/2017:09:41:14 -0300] "POST /cormun/servlet/trsolicitudot?b7a385eaa97e4ea07487642b66ec0376,gx-no-cache=1488976945283 HTTP/1.1" 200 106
186.79.226.62 - - [08/Mar/2017:09:41:15 -0300] "GET /cormun/servlet/trsolicitudadjuntos?2017,5310, HTTP/1.1" 200 8788
186.79.226.62 - - [08/Mar/2017:09:41:16 -0300] "GET /cormun/servlet/trsolicitudadjuntos?2017,5310, HTTP/1.1" 200 8788
186.79.226.62 - - [08/Mar/2017:09:41:21 -0300] "POST /cormun/servlet/trsolicitudadjuntos?b7a385eaa97e4ea07487642b66ec0376,2017,5310,,gx-no-cache=1488976951857 HTTP/1.1" 200 90
186.79.226.62 - - [08/Mar/2017:09:41:21 -0300] "GET /cormun/servlet/hpexe_link HTTP/1.1" 200 969
186.79.226.62 - - [08/Mar/2017:09:41:21 -0300] "GET /cormun/servlet/trsolicitudot HTTP/1.1" 200 7982
186.79.226.62 - - [08/Mar/2017:09:41:22 -0300] "GET /cormun/servlet/trsolicitudot HTTP/1.1" 200 7981
186.79.226.62 - - [08/Mar/2017:09:41:31 -0300] "POST /cormun/servlet/trsolicitudot?b7a385eaa97e4ea07487642b66ec0376,gx-no-cache=1488976962247 HTTP/1.1" 200 4151
186.79.226.62 - - [08/Mar/2017:09:41:32 -0300] "GET /cormun/static/Shared/jqueryui/images/ui-bg_highlight-soft_100_c6c2c8_1x100.png HTTP/1.1" 404 1117
186.79.226.62 - - [08/Mar/2017:09:41:32 -0300] "GET /cormun/static/Shared/jqueryui/images/ui-icons_82798d_256x240.png HTTP/1.1" 404 1089
186.79.226.62 - - [08/Mar/2017:09:41:32 -0300] "GET /cormun/static/Shared/jqueryui/images/ui-bg_flat_55_fafafa_40x100.png HTTP/1.1" 404 1097
186.79.226.62 - - [08/Mar/2017:09:41:32 -0300] "GET /cormun/static/Shared/jqueryui/images/ui-icons_8d78a5_256x240.png HTTP/1.1" 404 1089
186.79.226.62 - - [08/Mar/2017:09:41:32 -0300] "POST /cormun/servlet/trsolicitudot?b7a385eaa97e4ea07487642b66ec0376,gx-no-cache=1488976962751 HTTP/1.1" 200 3927
186.103.159.46 - - [08/Mar/2017:09:42:06 -0300] "GET /cormun/servlet/trlicencias? HTTP/1.1" 200 6612
186.103.159.46 - - [08/Mar/2017:09:42:07 -0300] "GET /cormun/static/gxcfg.js?2016122619301429 HTTP/1.1" 200 953
186.103.159.46 - - [08/Mar/2017:09:42:07 -0300] "GET /cormun/static/trlicencias.js?2016122619301919 HTTP/1.1" 200 37916
186.103.159.46 - - [08/Mar/2017:09:42:08 -0300] "GET /cormun/servlet/trlicencias? HTTP/1.1" 200 6611
186.103.159.46 - - [08/Mar/2017:09:42:18 -0300] "GET /cormun/servlet/licenciaspermisos?INS,0,,, HTTP/1.1" 200 7123
186.103.159.46 - - [08/Mar/2017:09:42:18 -0300] "GET /cormun/static/gxcfg.js?2016122619301043 HTTP/1.1" 200 953
186.103.159.46 - - [08/Mar/2017:09:42:19 -0300] "GET /cormun/static/licenciaspermisos.js?2016122619301096 HTTP/1.1" 200 33213
186.103.159.46 - - [08/Mar/2017:09:42:20 -0300] "GET /cormun/servlet/licenciaspermisos?INS,0,,, HTTP/1.1" 200 7122
192.168.10.89 - - [08/Mar/2017:09:42:30 -0300] "POST /cormun/servlet/trsolicitudgral?e5bdcae641cc92ca5da0c4fbe6cae67f,,gx-no-cache=1488980234319 HTTP/1.1" 200 9853
186.103.159.46 - - [08/Mar/2017:09:43:30 -0300] "GET /cormun/servlet/prfichaempleado?,MD,,gxPopupLevel%3D0%3B HTTP/1.1" 200 8824
186.103.159.46 - - [08/Mar/2017:09:43:30 -0300] "GET /cormun/static/gxcfg.js?2016102420561687 HTTP/1.1" 304 -
186.103.159.182 - - [08/Mar/2017:09:44:08 -0300] "POST /cormun/servlet/solicitudot?d23585cbfde9d4d776bfc70582156f2d,INS,0,0,,gx-no-cache=1488977118699 HTTP/1.1" 200 93
186.103.159.182 - - [08/Mar/2017:09:44:08 -0300] "GET /cormun/servlet/hpexe_return? HTTP/1.1" 200 1002
186.103.159.46 - - [08/Mar/2017:09:44:09 -0300] "GET /cormun/servlet/licenciaspermisos?1c53a447f9931f960d8522d8b91c49ec071c36c69a7a497eb2ee1d98f6f022c8b07ad16de29d24012bd21493817d6420,gx-no-cache=1488977119092 HTTP/1.1" 200 58
186.103.159.182 - - [08/Mar/2017:09:44:09 -0300] "GET /cormun/servlet/trsolicitudot HTTP/1.1" 200 10786
186.103.159.46 - - [08/Mar/2017:09:44:09 -0300] "POST /cormun/servlet/licenciaspermisos?6e19d6ce2ba915bc8b4147463f6c8a48,INS,0,,,,gx-no-cache=1488977119337 HTTP/1.1" 200 4408
186.103.159.182 - - [08/Mar/2017:09:44:11 -0300] "GET /cormun/servlet/trsolicitudot HTTP/1.1" 200 10782
186.103.159.46 - - [08/Mar/2017:09:46:20 -0300] "GET /cormun/static/menuarrow.gif HTTP/1.1" 404 1015
186.103.159.182 - - [08/Mar/2017:09:46:33 -0300] "POST /cormun/servlet/trsolicitudot?d23585cbfde9d4d776bfc70582156f2d,gx-no-cache=1488977263101 HTTP/1.1" 200 106
186.103.159.182 - - [08/Mar/2017:09:46:33 -0300] "GET /cormun/servlet/solicitudot?UPD,2017,5307, HTTP/1.1" 200 14512
186.103.159.182 - - [08/Mar/2017:09:46:35 -0300] "GET /cormun/servlet/solicitudot?UPD,2017,5307, HTTP/1.1" 200 14521
186.103.159.182 - - [08/Mar/2017:09:46:36 -0300] "POST /cormun/servlet/solicitudot?gx-no-cache=1488977266388 HTTP/1.1" 200 3201
186.103.159.182 - - [08/Mar/2017:09:46:36 -0300] "POST /cormun/servlet/solicitudot?d23585cbfde9d4d776bfc70582156f2d,UPD,2017,5307,,gx-no-cache=1488977266690 HTTP/1.1" 200 11060
186.103.159.182 - - [08/Mar/2017:09:46:36 -0300] "GET /cormun/servlet/solicitudot?d9aa7e4cabde8ac52d1d5ae28e992e6b31a15a7ed1dda0fc536b7d53519d838f2de35edf6f8c1025ee006f2d220b4c3e,gx-no-cache=1488977267194 HTTP/1.1" 200 30
186.103.159.182 - - [08/Mar/2017:09:46:37 -0300] "POST /cormun/servlet/solicitudot?gx-no-cache=1488977267269 HTTP/1.1" 200 238
186.103.159.182 - - [08/Mar/2017:09:46:37 -0300] "GET /cormun/servlet/solicitudot?d9aa7e4cabde8ac52d1d5ae28e992e6bb20efa9938b89f84818adbddc3c1dcf057007334cd25ac063096beace70a20147c29ee25c3075326727391ea792538116f9092ddc1bd22664b3a35f183be29049f47435789f424f5f3fcb0682a20ce12078fc1f106008ada7ddd37f08a0e564e7852bd3ffd1436414dc60647d62b17d234ea9893f1f62776f5adda572833e8c767f09d88c63d72f8400d2655dc8b5f58a66ac77f1100349d3ce3ab21811b8e60602e64462dbcad2e120a115d6aa9f10291c2017ea74d8a2fc639482ef5307c1548e2315f8ddcb91c874e3fcd92c0ed903442cf17c66ac0b9c5606a7e80fa766485c03992b38f43671a9593cc3e25db075dbd6d1262f416326272cbc1be1849de9051ca7873487d1c07b5640e10c66cd287c6f9b2438b68e957c4c068577ec67f20c054c2c8b38b9340db99edd510afa50a2bec1ab157b9a0bdbfefa2872eca4a95c700edb2769762b4d5345028b98768f10e4a18e6531f8a9f3eb16e31d262875b9b9c986ff767c8f3b8f34a6bbe091e,gx-no-cache=1488977267337 HTTP/1.1" 200 30
186.103.159.182 - - [08/Mar/2017:09:46:37 -0300] "POST /cormun/servlet/solicitudot?gx-no-cache=1488977267713 HTTP/1.1" 200 30
186.103.159.182 - - [08/Mar/2017:09:46:37 -0300] "POST /cormun/servlet/solicitudot?gx-no-cache=1488977267775 HTTP/1.1" 200 1287
186.103.159.182 - - [08/Mar/2017:09:46:37 -0300] "POST /cormun/servlet/solicitudot?gx-no-cache=1488977267898 HTTP/1.1" 200 41
186.103.159.182 - - [08/Mar/2017:09:46:40 -0300] "GET /cormun/servlet/solicitudot?d9aa7e4cabde8ac52d1d5ae28e992e6b37e56fc1f347436916a6137e322bd62ec8a350bcdf8c4870244ef31b369e475ecb50a4a9f686372aaa453c3f09b13eb123c636876603a15c0cf2e91c90c0ec0f1527293f583db15e79ecb1b1b6c1696c022608104d2787ae14e34ebbeb56a20dacc549f87ccf154305cc695124c314bb663bf0f2d04295bfbf286544eff447ae2e473fa934a7ac8593ee872b118fd6e3,gx-no-cache=1488977270437 HTTP/1.1" 200 29
186.103.159.182 - - [08/Mar/2017:09:46:40 -0300] "POST /cormun/servlet/solicitudot?gx-no-cache=1488977270476 HTTP/1.1" 200 1275
186.103.159.182 - - [08/Mar/2017:09:46:40 -0300] "POST /cormun/servlet/solicitudot?gx-no-cache=1488977270542 HTTP/1.1" 200 1157
186.103.159.182 - - [08/Mar/2017:09:46:40 -0300] "GET /cormun/servlet/solicitudot?d9aa7e4cabde8ac52d1d5ae28e992e6ba0f70080af4432820ef93af184be1ab56cf79a16338f2ab021639757a7b16cf07b7ad291a7f498665c67feb8d336c8a6dec9582a03a4abbf43fc3550a7a54e659deedb8aa57b8c25690de7542054d497673eafb6ddb398c07247da97974932dca6c1b2916029b0845ad7707a105340a7e44b531bf2a72f17c626638a10eb94037a82a645b1cf6e99f1b59f2e73da84feda163660a7e4d5ad45467db56736d084,gx-no-cache=1488977270615 HTTP/1.1" 200 30
186.103.159.182 - - [08/Mar/2017:09:47:26 -0300] "POST /cormun/servlet/solicitudot?d23585cbfde9d4d776bfc70582156f2d,UPD,2017,5307,,gx-no-cache=1488977315972 HTTP/1.1" 200 93
186.103.159.182 - - [08/Mar/2017:09:47:26 -0300] "GET /cormun/servlet/hpexe_return? HTTP/1.1" 200 1008
186.103.159.182 - - [08/Mar/2017:09:47:26 -0300] "GET /cormun/servlet/trsolicitudot HTTP/1.1" 200 10786
186.103.159.182 - - [08/Mar/2017:09:47:28 -0300] "GET /cormun/servlet/trsolicitudot HTTP/1.1" 200 10782
186.103.159.182 - - [08/Mar/2017:09:47:35 -0300] "POST /cormun/servlet/trsolicitudot?d23585cbfde9d4d776bfc70582156f2d,gx-no-cache=1488977324951 HTTP/1.1" 200 106
186.103.159.182 - - [08/Mar/2017:09:47:35 -0300] "GET /cormun/servlet/solicitudot?UPD,2017,5308, HTTP/1.1" 200 14512
186.103.159.182 - - [08/Mar/2017:09:47:36 -0300] "GET /cormun/servlet/solicitudot?UPD,2017,5308, HTTP/1.1" 200 14521
186.103.159.182 - - [08/Mar/2017:09:47:37 -0300] "POST /cormun/servlet/solicitudot?gx-no-cache=1488977327683 HTTP/1.1" 200 3201
186.103.159.182 - - [08/Mar/2017:09:47:38 -0300] "POST /cormun/servlet/solicitudot?d23585cbfde9d4d776bfc70582156f2d,UPD,2017,5308,,gx-no-cache=1488977328018 HTTP/1.1" 200 11065
186.103.159.182 - - [08/Mar/2017:09:47:38 -0300] "GET /cormun/servlet/solicitudot?d9aa7e4cabde8ac52d1d5ae28e992e6b31a15a7ed1dda0fc536b7d53519d838f2de35edf6f8c1025ee006f2d220b4c3e,gx-no-cache=1488977328795 HTTP/1.1" 200 30
186.103.159.182 - - [08/Mar/2017:09:47:38 -0300] "POST /cormun/servlet/solicitudot?gx-no-cache=1488977328914 HTTP/1.1" 200 238
186.103.159.182 - - [08/Mar/2017:09:47:39 -0300] "GET /cormun/servlet/solicitudot?d9aa7e4cabde8ac52d1d5ae28e992e6bb20efa9938b89f84818adbddc3c1dcf057007334cd25ac063096beace70a20147c29ee25c3075326727391ea792538116f9092ddc1bd22664b3a35f183be29049f47435789f424f5f3fcb0682a20ce12078fc1f106008ada7ddd37f08a0e564e7852bd3ffd1436414dc60647d62b17d234ea9893f1f62776f5adda572833e8c767f09d88c63d72f8400d2655dc8b5f58a66ac77f1100349d3ce3ab21811b8e60602e64462dbcad2e120a115d6aa9f10291c2017ea74d8a2fc639482ef5307c1548e2315f8ddcb91c874e3fcd92c0ed903442cf17c66ac0b9c5606a7e80fa766485c03992b38f43671a9593cc3e25db075dbd6d1262f416326272cbc1be1849de9051ca7873487d1c07b5640e10c66cd287c6f9b2438b68e957c4c068577ec67f20c054c2c8b38b9340db99edd510afa50a2bec1ab157b9a0bdbfefa2872eca4a95c700edb2769762b4d5345028b98768f10e4a18e6531f8a9f3eb16e31d262875b9b9c986ff767c8f3b8f34a6bbe091e,gx-no-cache=1488977328976 HTTP/1.1" 200 30
186.103.159.182 - - [08/Mar/2017:09:47:39 -0300] "POST /cormun/servlet/solicitudot?gx-no-cache=1488977329324 HTTP/1.1" 200 30
186.103.159.182 - - [08/Mar/2017:09:47:39 -0300] "POST /cormun/servlet/solicitudot?gx-no-cache=1488977329389 HTTP/1.1" 200 1286
186.103.159.182 - - [08/Mar/2017:09:47:39 -0300] "POST /cormun/servlet/solicitudot?gx-no-cache=1488977329505 HTTP/1.1" 200 41
186.103.159.182 - - [08/Mar/2017:09:47:40 -0300] "GET /cormun/servlet/solicitudot?d9aa7e4cabde8ac52d1d5ae28e992e6b37e56fc1f347436916a6137e322bd62ec8a350bcdf8c4870244ef31b369e475ecb50a4a9f686372aaa453c3f09b13eb123c636876603a15c0cf2e91c90c0ec0f1527293f583db15e79ecb1b1b6c1696c022608104d2787ae14e34ebbeb56a20dacc549f87ccf154305cc695124c314bb663bf0f2d04295bfbf286544eff447ae2e473fa934a7ac8593ee872b118fd6e3,gx-no-cache=1488977330563 HTTP/1.1" 200 29
186.103.159.182 - - [08/Mar/2017:09:47:40 -0300] "POST /cormun/servlet/solicitudot?gx-no-cache=1488977330608 HTTP/1.1" 200 1273
186.103.159.182 - - [08/Mar/2017:09:47:40 -0300] "POST /cormun/servlet/solicitudot?gx-no-cache=1488977330715 HTTP/1.1" 200 1157
186.103.159.182 - - [08/Mar/2017:09:47:40 -0300] "GET /cormun/servlet/solicitudot?d9aa7e4cabde8ac52d1d5ae28e992e6ba0f70080af4432820ef93af184be1ab56cf79a16338f2ab021639757a7b16cf07b7ad291a7f498665c67feb8d336c8a6dec9582a03a4abbf43fc3550a7a54e659deedb8aa57b8c25690de7542054d497673eafb6ddb398c07247da97974932dca6c1b2916029b0845ad7707a105340a7e44b531bf2a72f17c626638a10eb94037a82a645b1cf6e99f1b59f2e73da84feda163660a7e4d5ad45467db56736d084,gx-no-cache=1488977330796 HTTP/1.1" 200 30
186.103.159.182 - - [08/Mar/2017:09:47:52 -0300] "POST /cormun/servlet/solicitudot?d23585cbfde9d4d776bfc70582156f2d,UPD,2017,5308,,gx-no-cache=1488977342394 HTTP/1.1" 200 93
186.103.159.182 - - [08/Mar/2017:09:47:52 -0300] "GET /cormun/servlet/hpexe_return? HTTP/1.1" 200 1008
186.103.159.182 - - [08/Mar/2017:09:47:53 -0300] "GET /cormun/servlet/trsolicitudot HTTP/1.1" 200 10786
186.103.159.182 - - [08/Mar/2017:09:47:54 -0300] "GET /cormun/servlet/trsolicitudot HTTP/1.1" 200 10782
131.253.25.181 - - [08/Mar/2017:09:48:49 -0300] "GET /cormun/servlet/hpexe_return HTTP/1.1" 200 1037
131.253.25.181 - - [08/Mar/2017:09:48:49 -0300] "GET /cormun/static/gxtimezone.js?85251 HTTP/1.1" 200 5781
131.253.25.181 - - [08/Mar/2017:09:48:50 -0300] "GET /cormun/static/gxpopupSD.js?85251 HTTP/1.1" 200 22377
131.253.25.181 - - [08/Mar/2017:09:48:50 -0300] "GET /cormun/static/rijndaelSD.js?85251 HTTP/1.1" 200 6763
131.253.25.181 - - [08/Mar/2017:09:48:51 -0300] "GET /cormun/static/Resources/indicator.gif HTTP/1.1" 200 1553
131.253.25.181 - - [08/Mar/2017:09:48:51 -0300] "GET /cormun/servlet/hhome HTTP/1.1" 200 3347
131.253.25.181 - - [08/Mar/2017:09:48:52 -0300] "GET /cormun/static/SmoothNavMenu/resources/ddsmoothmenu-v.css?1112540 HTTP/1.1" 200 1188
131.253.25.181 - - [08/Mar/2017:09:48:52 -0300] "GET /cormun/static/SmoothNavMenu/resources/ddsmoothmenu.css?1112540 HTTP/1.1" 200 2223
131.253.25.181 - - [08/Mar/2017:09:48:52 -0300] "GET /cormun/static/Shared/jqueryui/jquery-ui.min.css?1345370 HTTP/1.1" 200 30288
131.253.25.181 - - [08/Mar/2017:09:48:52 -0300] "GET /cormun/static/scaMessage/css/jquery.pnotify.default.css?1816380 HTTP/1.1" 200 1707
131.253.25.181 - - [08/Mar/2017:09:48:52 -0300] "GET /cormun/static/Resources/Spanish/PXTools.css?18365030 HTTP/1.1" 200 89042
131.253.25.181 - - [08/Mar/2017:09:48:53 -0300] "GET /cormun/static/PXToolsJavascripts/pexe_autoreload.js HTTP/1.1" 200 1762
131.253.25.181 - - [08/Mar/2017:09:48:53 -0300] "GET /cormun/static/PXToolsJavascripts/pexe_cookies.js HTTP/1.1" 200 792
131.253.25.181 - - [08/Mar/2017:09:48:53 -0300] "GET /cormun/static/PXToolsJavascripts/pexe_windows.js HTTP/1.1" 200 15207
131.253.25.181 - - [08/Mar/2017:09:48:54 -0300] "GET /cormun/static/PXToolsJavascripts/pexe_grid.js HTTP/1.1" 200 7559
131.253.25.181 - - [08/Mar/2017:09:48:54 -0300] "GET /cormun/static/PXToolsJavascripts/pexe_griddivfix.js HTTP/1.1" 200 6644
131.253.25.181 - - [08/Mar/2017:09:48:54 -0300] "GET /cormun/static/PXToolsJavascripts/pexe_link.js HTTP/1.1" 200 5671
131.253.25.181 - - [08/Mar/2017:09:48:55 -0300] "GET /cormun/static/PXToolsJavascripts/pexe_menudivfix.js HTTP/1.1" 200 333
131.253.25.181 - - [08/Mar/2017:09:48:55 -0300] "GET /cormun/static/PXToolsJavascripts/pexe_menus.js HTTP/1.1" 200 1286
131.253.25.181 - - [08/Mar/2017:09:48:55 -0300] "GET /cormun/static/PXToolsJavascripts/pexe_layers.js HTTP/1.1" 200 4114
131.253.25.181 - - [08/Mar/2017:09:48:56 -0300] "GET /cormun/static/PXToolsJavascripts/pexe_oav.js HTTP/1.1" 200 645
131.253.25.181 - - [08/Mar/2017:09:48:56 -0300] "GET /cormun/static/PXToolsJavascripts/pexe_oavdivfix.js HTTP/1.1" 200 639
131.253.25.181 - - [08/Mar/2017:09:48:56 -0300] "GET /cormun/static/PXToolsJavascripts/pexe_picture.js HTTP/1.1" 200 689
131.253.25.181 - - [08/Mar/2017:09:48:56 -0300] "GET /cormun/static/PXToolsJavascripts/pexe_popup.js HTTP/1.1" 200 13458
131.253.25.181 - - [08/Mar/2017:09:48:57 -0300] "GET /cormun/static/PXToolsJavascripts/pexe_scrolldiv.js HTTP/1.1" 200 4138
131.253.25.181 - - [08/Mar/2017:09:48:57 -0300] "GET /cormun/static/PXToolsJavascripts/pexe_tabdivfix.js HTTP/1.1" 200 876
131.253.25.181 - - [08/Mar/2017:09:48:57 -0300] "GET /cormun/static/PXToolsJavascripts/pexe_tabs.js HTTP/1.1" 200 3748
131.253.25.181 - - [08/Mar/2017:09:48:57 -0300] "GET /cormun/static/PXToolsJavascripts/pexe_upload.js HTTP/1.1" 200 1423
192.168.10.89 - - [08/Mar/2017:09:48:58 -0300] "POST /cormun/servlet/trsolicitudgral?e5bdcae641cc92ca5da0c4fbe6cae67f,,gx-no-cache=1488980622008 HTTP/1.1" 200 13859
131.253.25.181 - - [08/Mar/2017:09:48:58 -0300] "GET /cormun/static/PXToolsJavascripts/PXToolsJavascriptsRender.js HTTP/1.1" 200 367
131.253.25.181 - - [08/Mar/2017:09:48:58 -0300] "GET /cormun/static/Resources/logo4.png HTTP/1.1" 200 6582
131.253.25.181 - - [08/Mar/2017:09:48:58 -0300] "GET /cormun/static/Resources/PXToolsHeaderActionsLeft.png HTTP/1.1" 200 1118
131.253.25.181 - - [08/Mar/2017:09:48:58 -0300] "GET /cormun/static/Resources/PXToolsHeaderLogin.png HTTP/1.1" 200 4279
131.253.25.181 - - [08/Mar/2017:09:48:59 -0300] "GET /cormun/static/Resources/PXToolsHeaderPreferences.png HTTP/1.1" 200 4189
131.253.25.181 - - [08/Mar/2017:09:48:59 -0300] "GET /cormun/static/Resources/PXToolsHeaderSecurity.png HTTP/1.1" 200 4166
131.253.25.181 - - [08/Mar/2017:09:48:59 -0300] "GET /cormun/static/Resources/PXToolsHeaderActionsRight.png HTTP/1.1" 200 1201
131.253.25.181 - - [08/Mar/2017:09:48:59 -0300] "GET /cormun/static/Resources/PXToolsFooterBackground2.png HTTP/1.1" 200 1172
131.253.25.181 - - [08/Mar/2017:09:48:59 -0300] "GET /cormun/static/Resources/PXToolsHeaderBackground2.png HTTP/1.1" 200 1174
131.253.25.181 - - [08/Mar/2017:09:48:59 -0300] "GET /cormun/static/Resources/PXToolsHeaderActionsBackground.png HTTP/1.1" 200 484
131.253.25.181 - - [08/Mar/2017:09:48:59 -0300] "GET /cormun/static/Resources/PXToolsDataTitle.png HTTP/1.1" 200 1173
131.253.25.181 - - [08/Mar/2017:09:49:00 -0300] "GET /cormun/static/Shared/ext/ext-all.js HTTP/1.1" 200 1289687
186.103.159.182 - - [08/Mar/2017:09:49:21 -0300] "POST /cormun/servlet/trsolicitudot?d23585cbfde9d4d776bfc70582156f2d,gx-no-cache=1488977431337 HTTP/1.1" 200 106
186.103.159.182 - - [08/Mar/2017:09:49:22 -0300] "GET /cormun/servlet/trsolicitudadjuntos?2017,5302, HTTP/1.1" 200 9053
192.168.10.89 - - [08/Mar/2017:09:49:22 -0300] "POST /cormun/servlet/trsolicitudgral?e5bdcae641cc92ca5da0c4fbe6cae67f,,gx-no-cache=1488980646033 HTTP/1.1" 200 9230
186.103.159.182 - - [08/Mar/2017:09:49:24 -0300] "GET /cormun/servlet/trsolicitudadjuntos?2017,5302, HTTP/1.1" 200 9052
186.103.159.182 - - [08/Mar/2017:09:49:27 -0300] "POST /cormun/servlet/trsolicitudadjuntos?d23585cbfde9d4d776bfc70582156f2d,2017,5302,,gx-no-cache=1488977437688 HTTP/1.1" 200 90
186.103.159.182 - - [08/Mar/2017:09:49:27 -0300] "GET /cormun/servlet/hpexe_link HTTP/1.1" 200 967
186.103.159.182 - - [08/Mar/2017:09:49:27 -0300] "GET /cormun/servlet/trsolicitudot HTTP/1.1" 200 10783
186.103.159.182 - - [08/Mar/2017:09:49:29 -0300] "GET /cormun/servlet/trsolicitudot HTTP/1.1" 200 10782
192.168.10.96 - - [08/Mar/2017:09:49:35 -0300] "GET /cormun/servlet/hlogin HTTP/1.1" 200 1713
192.168.10.96 - - [08/Mar/2017:09:49:36 -0300] "GET /cormun/servlet/hlogin HTTP/1.1" 200 1719
186.103.159.182 - - [08/Mar/2017:09:49:36 -0300] "POST /cormun/servlet/trsolicitudot?d23585cbfde9d4d776bfc70582156f2d,gx-no-cache=1488977446389 HTTP/1.1" 200 7651
186.103.159.182 - - [08/Mar/2017:09:49:36 -0300] "GET /cormun/static/Shared/jqueryui/images/ui-bg_highlight-soft_100_c6c2c8_1x100.png HTTP/1.1" 404 1117
186.103.159.182 - - [08/Mar/2017:09:49:36 -0300] "GET /cormun/static/Shared/jqueryui/images/ui-icons_82798d_256x240.png HTTP/1.1" 404 1089
186.103.159.182 - - [08/Mar/2017:09:49:36 -0300] "GET /cormun/static/Shared/jqueryui/images/ui-bg_flat_55_fafafa_40x100.png HTTP/1.1" 404 1097
186.103.159.182 - - [08/Mar/2017:09:49:36 -0300] "GET /cormun/static/Shared/jqueryui/images/ui-icons_8d78a5_256x240.png HTTP/1.1" 404 1089
186.103.159.182 - - [08/Mar/2017:09:49:37 -0300] "POST /cormun/servlet/trsolicitudot?d23585cbfde9d4d776bfc70582156f2d,gx-no-cache=1488977447316 HTTP/1.1" 200 7593
186.103.159.182 - - [08/Mar/2017:09:49:44 -0300] "POST /cormun/servlet/trsolicitudot?d23585cbfde9d4d776bfc70582156f2d,gx-no-cache=1488977455003 HTTP/1.1" 200 7870
192.168.10.96 - - [08/Mar/2017:09:49:47 -0300] "POST /cormun/servlet/hlogin?1ffd9fa6d53544215be08d2257722560,gx-no-cache=1488980671596 HTTP/1.1" 200 90
192.168.10.96 - - [08/Mar/2017:09:49:47 -0300] "GET /cormun/servlet/hpexe_link HTTP/1.1" 200 956
192.168.10.96 - - [08/Mar/2017:09:49:47 -0300] "GET /cormun/servlet/hhome HTTP/1.1" 200 4124
192.168.10.96 - - [08/Mar/2017:09:49:48 -0300] "GET /cormun/servlet/hhome HTTP/1.1" 200 4121
192.168.10.96 - - [08/Mar/2017:09:49:56 -0300] "GET /cormun/servlet/trconsultaempleado? HTTP/1.1" 200 9197
192.168.10.96 - - [08/Mar/2017:09:49:57 -0300] "GET /cormun/servlet/trconsultaempleado? HTTP/1.1" 200 9196
186.103.159.182 - - [08/Mar/2017:09:49:58 -0300] "POST /cormun/servlet/trsolicitudot?d23585cbfde9d4d776bfc70582156f2d,gx-no-cache=1488977468628 HTTP/1.1" 200 7871
192.168.10.89 - - [08/Mar/2017:09:50:04 -0300] "GET /cormun/servlet/solicitudgral?UPD,2017,4737, HTTP/1.1" 200 12190
192.168.10.89 - - [08/Mar/2017:09:50:06 -0300] "POST /cormun/servlet/solicitudgral?gx-no-cache=1488980689970 HTTP/1.1" 200 3184
192.168.10.89 - - [08/Mar/2017:09:50:06 -0300] "GET /cormun/servlet/solicitudgral?bff1e3884bcf3d2315845f748ac8e993354abea1764572e55eee2b192b9aaee4fb0ac791f1102a8c4074e30800236f465857ddcb4db9096e34184aaacde22bb130208754397275332127b8da175592fb8c6ac1579ebb330a465919bd636cf8263d5fcbc3ca83b57c423a3b2942387f381e08bbe6ef775223409810c7d0f74115101b797172d0dbb27db90a2c514414bec10e49343b1678bb6a2688b12baeae47a26db22bafab150a9e08a714769da9e5a25022de03db087ef019bf750a9baea58c1bfafdcf56e6d23671e8d5e18180d57ce39601300c9653c51412d2f7df79758f05a1495ddb45479049d678de7a15b4aa2986c21dec702e0ad80b9f465a1097adb728b7fd2c8d0f8b74582fbabc6ba02c2c6e316f168f5b0f9d3ed0decdc78045f7eaeda3c936f9432179699237d481ed45ea5bc72a2ea07edb74820d899550184940db22e0b6c0b19fb5e3db607f1d,gx-no-cache=1488980690206 HTTP/1.1" 200 298
192.168.10.96 - - [08/Mar/2017:09:50:07 -0300] "POST /cormun/servlet/trconsultaempleado?1ffd9fa6d53544215be08d2257722560,,gx-no-cache=1488980691240 HTTP/1.1" 200 4496
192.168.10.89 - - [08/Mar/2017:09:50:08 -0300] "POST /cormun/servlet/solicitudgral?e5bdcae641cc92ca5da0c4fbe6cae67f,UPD,2017,4737,,gx-no-cache=1488980692049 HTTP/1.1" 200 93
192.168.10.89 - - [08/Mar/2017:09:50:08 -0300] "GET /cormun/servlet/hpexe_return? HTTP/1.1" 200 1018
192.168.10.89 - - [08/Mar/2017:09:50:08 -0300] "GET /cormun/servlet/trsolicitudgral? HTTP/1.1" 200 12496
192.168.10.96 - - [08/Mar/2017:09:50:11 -0300] "GET /cormun/servlet/trsolicitudnombre?15370691, HTTP/1.1" 200 7467
192.168.10.96 - - [08/Mar/2017:09:50:12 -0300] "GET /cormun/servlet/trsolicitudnombre?15370691, HTTP/1.1" 200 7470
192.168.10.96 - - [08/Mar/2017:09:50:14 -0300] "GET /cormun/servlet/vesolicitudnombre?2017,4958,, HTTP/1.1" 200 8402
192.168.10.96 - - [08/Mar/2017:09:50:14 -0300] "GET /cormun/pexe_scrolldiv.js HTTP/1.1" 404 1009
192.168.10.96 - - [08/Mar/2017:09:50:14 -0300] "GET /cormun/pexe_scrolldiv.js HTTP/1.1" 404 1009
192.168.10.96 - - [08/Mar/2017:09:50:15 -0300] "GET /cormun/servlet/vesolicitudnombre?2017,4958,, HTTP/1.1" 200 8395
192.168.10.96 - - [08/Mar/2017:09:50:16 -0300] "GET /cormun/servlet/vesolicitudnombre?2017,4958,,SolicitudOTAdjuntos HTTP/1.1" 200 10562
192.168.10.96 - - [08/Mar/2017:09:50:16 -0300] "GET /cormun/pexe_scrolldiv.js HTTP/1.1" 404 1009
192.168.10.96 - - [08/Mar/2017:09:50:16 -0300] "GET /cormun/pexe_scrolldiv.js HTTP/1.1" 404 1009
192.168.10.96 - - [08/Mar/2017:09:50:17 -0300] "GET /cormun/servlet/vesolicitudnombre?2017,4958,,SolicitudOTAdjuntos HTTP/1.1" 200 10565
192.168.10.96 - - [08/Mar/2017:09:50:17 -0300] "POST /cormun/servlet/acontrolpreferencessavestate?None,DZAMUDIO,true HTTP/1.1" 200 35
192.168.10.96 - - [08/Mar/2017:09:50:19 -0300] "GET /cormun/PublicTempStorage/juan_pablo_vasque_gonzalez_c._identidad2370559.jpg HTTP/1.1" 200 58355
186.103.159.182 - - [08/Mar/2017:09:50:22 -0300] "POST /cormun/servlet/trsolicitudot?d23585cbfde9d4d776bfc70582156f2d,gx-no-cache=1488977491912 HTTP/1.1" 200 7871
192.168.10.89 - - [08/Mar/2017:09:50:26 -0300] "POST /cormun/servlet/trsolicitudgral?e5bdcae641cc92ca5da0c4fbe6cae67f,,gx-no-cache=1488980710326 HTTP/1.1" 200 6676
192.168.10.62 - - [08/Mar/2017:09:50:37 -0300] "GET /cormun/servlet/hlogin HTTP/1.1" 200 1743
186.103.159.182 - - [08/Mar/2017:09:50:37 -0300] "POST /cormun/servlet/trsolicitudot?d23585cbfde9d4d776bfc70582156f2d,gx-no-cache=1488977507867 HTTP/1.1" 200 7403
192.168.10.96 - - [08/Mar/2017:09:50:38 -0300] "GET /cormun/servlet/vesolicitudnombre?2017,4958,,SolicitudOTAdjuntos HTTP/1.1" 200 10558
186.103.159.182 - - [08/Mar/2017:09:50:39 -0300] "POST /cormun/servlet/trsolicitudot?d23585cbfde9d4d776bfc70582156f2d,gx-no-cache=1488977509025 HTTP/1.1" 200 7347
192.168.10.96 - - [08/Mar/2017:09:50:39 -0300] "GET /cormun/servlet/vesolicitudnombre?2017,4958,,SolicitudOTAdjuntos HTTP/1.1" 200 10563
192.168.10.96 - - [08/Mar/2017:09:50:40 -0300] "POST /cormun/servlet/acontrolpreferencessavestate?None,DZAMUDIO,true HTTP/1.1" 200 35
192.168.10.62 - - [08/Mar/2017:09:50:46 -0300] "POST /cormun/servlet/hlogin?a66e9c7fc2e792a6381d94cb63048e7e,gx-no-cache=1488980730207 HTTP/1.1" 200 90
192.168.10.62 - - [08/Mar/2017:09:50:46 -0300] "GET /cormun/servlet/hpexe_link HTTP/1.1" 200 958
192.168.10.62 - - [08/Mar/2017:09:50:46 -0300] "GET /cormun/servlet/hhome HTTP/1.1" 200 3790
192.168.10.62 - - [08/Mar/2017:09:50:46 -0300] "GET /cormun/servlet/hhome HTTP/1.1" 200 3787
192.168.10.62 - - [08/Mar/2017:09:50:49 -0300] "GET /cormun/servlet/trconsultaempleado? HTTP/1.1" 200 8850
192.168.10.62 - - [08/Mar/2017:09:50:50 -0300] "GET /cormun/servlet/trconsultaempleado? HTTP/1.1" 200 8848
192.168.10.62 - - [08/Mar/2017:09:50:56 -0300] "POST /cormun/servlet/trconsultaempleado?a66e9c7fc2e792a6381d94cb63048e7e,,gx-no-cache=1488980740154 HTTP/1.1" 200 3976
192.168.10.62 - - [08/Mar/2017:09:50:57 -0300] "GET /cormun/servlet/trsolicitudnombre?17523712, HTTP/1.1" 200 5724
192.168.10.62 - - [08/Mar/2017:09:50:58 -0300] "GET /cormun/servlet/trsolicitudnombre?17523712, HTTP/1.1" 200 5724
186.103.159.182 - - [08/Mar/2017:09:51:01 -0300] "POST /cormun/servlet/trsolicitudot?d23585cbfde9d4d776bfc70582156f2d,gx-no-cache=1488977531894 HTTP/1.1" 200 105
186.103.159.182 - - [08/Mar/2017:09:51:01 -0300] "GET /cormun/servlet/solicitudot?UPD,2017,5118, HTTP/1.1" 200 14472
192.168.10.62 - - [08/Mar/2017:09:51:03 -0300] "POST /cormun/servlet/trsolicitudnombre?a66e9c7fc2e792a6381d94cb63048e7e,17523712,,gx-no-cache=1488980747539 HTTP/1.1" 200 90
192.168.10.62 - - [08/Mar/2017:09:51:03 -0300] "GET /cormun/servlet/hpexe_link HTTP/1.1" 200 983
192.168.10.62 - - [08/Mar/2017:09:51:03 -0300] "GET /cormun/servlet/trconsultaempleado? HTTP/1.1" 200 6185
186.103.159.182 - - [08/Mar/2017:09:51:03 -0300] "GET /cormun/servlet/solicitudot?UPD,2017,5118, HTTP/1.1" 200 14482
192.168.10.62 - - [08/Mar/2017:09:51:04 -0300] "GET /cormun/servlet/trconsultaempleado? HTTP/1.1" 200 6184
186.103.159.182 - - [08/Mar/2017:09:51:04 -0300] "POST /cormun/servlet/solicitudot?gx-no-cache=1488977534636 HTTP/1.1" 200 3152
186.103.159.182 - - [08/Mar/2017:09:51:05 -0300] "POST /cormun/servlet/solicitudot?d23585cbfde9d4d776bfc70582156f2d,UPD,2017,5118,,gx-no-cache=1488977535226 HTTP/1.1" 200 11038
186.103.159.182 - - [08/Mar/2017:09:51:05 -0300] "GET /cormun/servlet/solicitudot?d9aa7e4cabde8ac52d1d5ae28e992e6bdb61cbd1313fb90ef2ccc947c58783ae2de35edf6f8c1025ee006f2d220b4c3e,gx-no-cache=1488977535612 HTTP/1.1" 200 30
186.103.159.182 - - [08/Mar/2017:09:51:05 -0300] "POST /cormun/servlet/solicitudot?gx-no-cache=1488977535688 HTTP/1.1" 200 256
186.103.159.182 - - [08/Mar/2017:09:51:05 -0300] "GET /cormun/servlet/solicitudot?d9aa7e4cabde8ac52d1d5ae28e992e6bb20efa9938b89f84818adbddc3c1dcf0b2e0426b7fe9b7f0e52c43efc296d4b27c29ee25c3075326727391ea792538116f9092ddc1bd22664b3a35f183be29049f47435789f424f5f3fcb0682a20ce12078fc1f106008ada7ddd37f08a0e564e7852bd3ffd1436414dc60647d62b17d234ea9893f1f62776f5adda572833e8c767f09d88c63d72f8400d2655dc8b5f58a66ac77f1100349d3ce3ab21811b8e60602e64462dbcad2e120a115d6aa9f10291c2017ea74d8a2fc639482ef5307c1548e2315f8ddcb91c874e3fcd92c0ed903442cf17c66ac0b9c5606a7e80fa766485c03992b38f43671a9593cc3e25db075dbd6d1262f416326272cbc1be1849deca30c693095d86238763ec0406b07841f6ce25b423f0fa3c199f7eec7b2592b2c114f66fde3d358b4ac6e279debc1a190b33f6bae166c021d54dcaebc1053cf17c2907295c11d401ebf78ca7ebcb3b8e754bf496ce7a84d3ec05b6cbe9a1ed33c31efee3833e8122c1ee61cdac3626af,gx-no-cache=1488977535752 HTTP/1.1" 200 30
186.103.159.182 - - [08/Mar/2017:09:51:05 -0300] "POST /cormun/servlet/solicitudot?gx-no-cache=1488977536099 HTTP/1.1" 200 30
186.103.159.182 - - [08/Mar/2017:09:51:05 -0300] "POST /cormun/servlet/solicitudot?gx-no-cache=1488977536165 HTTP/1.1" 200 1290
186.103.159.182 - - [08/Mar/2017:09:51:06 -0300] "POST /cormun/servlet/solicitudot?gx-no-cache=1488977536256 HTTP/1.1" 200 41
192.168.10.89 - - [08/Mar/2017:09:51:15 -0300] "POST /cormun/servlet/trsolicitudgral?e5bdcae641cc92ca5da0c4fbe6cae67f,,gx-no-cache=1488980759447 HTTP/1.1" 200 9232
192.168.10.62 - - [08/Mar/2017:09:51:20 -0300] "GET /cormun/servlet/trsolicitudnombre?17523712, HTTP/1.1" 200 5722
192.168.10.62 - - [08/Mar/2017:09:51:21 -0300] "GET /cormun/servlet/trsolicitudnombre?17523712, HTTP/1.1" 200 5724
192.168.10.89 - - [08/Mar/2017:09:51:22 -0300] "POST /cormun/servlet/trsolicitudgral?e5bdcae641cc92ca5da0c4fbe6cae67f,,gx-no-cache=1488980766665 HTTP/1.1" 200 115
192.168.10.89 - - [08/Mar/2017:09:51:22 -0300] "GET /cormun/servlet/solicitudotlog?INS,2017,4737,0,REC, HTTP/1.1" 200 6162
192.168.10.89 - - [08/Mar/2017:09:51:23 -0300] "GET /cormun/servlet/solicitudotlog?bff1e3884bcf3d2315845f748ac8e993e184dd4ea8725ba7a39031778a6ab16657d128a9a19e23a253f4a5b9354013ee4823ebd21572581ccc0ec0866050a1927958de58c16813fa1e32d029a3ebe47318b34f5d8fb5b0cd76a5ea1de7306fb9af45c4939aed90d2bc65aaf036a05154652d738d820f677f72514de73d2f897ebbd411734717d432d09e9f830d6d23a118ef09bab6cce20da65831a747c77403,gx-no-cache=1488980767961 HTTP/1.1" 200 94
186.103.159.182 - - [08/Mar/2017:09:51:29 -0300] "POST /cormun/servlet/solicitudot?d23585cbfde9d4d776bfc70582156f2d,UPD,2017,5118,,gx-no-cache=1488977559066 HTTP/1.1" 200 90
186.103.159.182 - - [08/Mar/2017:09:51:29 -0300] "GET /cormun/servlet/hpexe_link HTTP/1.1" 200 987
192.168.10.62 - - [08/Mar/2017:09:51:29 -0300] "GET /cormun/servlet/hlogin HTTP/1.1" 200 1753
186.103.159.182 - - [08/Mar/2017:09:51:29 -0300] "GET /cormun/servlet/trsolicitudot?gx-no-cache=1488977509025 HTTP/1.1" 200 10212
186.103.159.182 - - [08/Mar/2017:09:51:31 -0300] "GET /cormun/servlet/trsolicitudot?gx-no-cache=1488977509025 HTTP/1.1" 200 10232
192.168.10.89 - - [08/Mar/2017:09:51:33 -0300] "GET /cormun/servlet/trsolicitudgral? HTTP/1.1" 200 12496
192.168.10.96 - - [08/Mar/2017:09:51:35 -0300] "GET /cormun/servlet/trconsultaempleado? HTTP/1.1" 200 6716
192.168.10.96 - - [08/Mar/2017:09:51:36 -0300] "GET /cormun/servlet/trconsultaempleado? HTTP/1.1" 200 6699
186.103.159.182 - - [08/Mar/2017:09:51:38 -0300] "POST /cormun/servlet/trsolicitudot?d23585cbfde9d4d776bfc70582156f2d,gx-no-cache=1488977509025,gx-no-cache=1488977568300 HTTP/1.1" 200 106
186.103.159.182 - - [08/Mar/2017:09:51:38 -0300] "GET /cormun/servlet/trsolicitudadjuntos?2017,5303, HTTP/1.1" 200 6140
186.103.159.182 - - [08/Mar/2017:09:51:39 -0300] "GET /cormun/servlet/trsolicitudadjuntos?2017,5303, HTTP/1.1" 200 6117
186.103.159.182 - - [08/Mar/2017:09:51:41 -0300] "GET /cormun/servlet/solicitudotadjuntos?INS,2017,5303,,1, HTTP/1.1" 200 6050
186.103.159.182 - - [08/Mar/2017:09:51:42 -0300] "GET /cormun/static/about:blank HTTP/1.1" 404 1011
186.103.159.182 - - [08/Mar/2017:09:51:43 -0300] "GET /cormun/servlet/solicitudotadjuntos?INS,2017,5303,,1, HTTP/1.1" 200 6044
186.103.159.182 - - [08/Mar/2017:09:51:44 -0300] "GET /cormun/servlet/solicitudotadjuntos?d9aa7e4cabde8ac52d1d5ae28e992e6ba0e757058c563de8b78727273bb2bc1da78a036cd951ef8fdf3aa151a71b094c,gx-no-cache=1488977573866 HTTP/1.1" 200 30
186.103.159.182 - - [08/Mar/2017:09:51:45 -0300] "POST /cormun/servlet/solicitudotadjuntos?d23585cbfde9d4d776bfc70582156f2d,INS,2017,5303,,1,,gx-no-cache=1488977574286 HTTP/1.1" 200 3854
186.103.159.182 - - [08/Mar/2017:09:51:47 -0300] "POST /cormun/servlet/solicitudotadjuntos?gx-no-cache=1488977577832 HTTP/1.1" 200 26
192.168.10.89 - - [08/Mar/2017:09:52:03 -0300] "POST /cormun/servlet/trsolicitudgral?e5bdcae641cc92ca5da0c4fbe6cae67f,,gx-no-cache=1488980807961 HTTP/1.1" 200 115
192.168.10.89 - - [08/Mar/2017:09:52:04 -0300] "GET /cormun/servlet/solicitudotlog?INS,2017,4737,0,REC, HTTP/1.1" 200 6162
192.168.10.89 - - [08/Mar/2017:09:52:05 -0300] "GET /cormun/servlet/solicitudotlog?bff1e3884bcf3d2315845f748ac8e993e184dd4ea8725ba7a39031778a6ab16657d128a9a19e23a253f4a5b9354013ee4823ebd21572581ccc0ec0866050a1927958de58c16813fa1e32d029a3ebe47318b34f5d8fb5b0cd76a5ea1de7306fb9af45c4939aed90d2bc65aaf036a05154652d738d820f677f72514de73d2f897ebbd411734717d432d09e9f830d6d23a118ef09bab6cce20da65831a747c77403,gx-no-cache=1488980809280 HTTP/1.1" 200 94
186.103.159.182 - - [08/Mar/2017:09:52:06 -0300] "GET /cormun/servlet/solicitudotadjuntos?d9aa7e4cabde8ac52d1d5ae28e992e6bf15c227cb9822cff6325daec72246283,gx-no-cache=1488977596650 HTTP/1.1" 200 30
186.103.159.182 - - [08/Mar/2017:09:52:06 -0300] "GET /cormun/servlet/solicitudotadjuntos?d9aa7e4cabde8ac52d1d5ae28e992e6bf15c227cb9822cff6325daec72246283,gx-no-cache=1488977596675 HTTP/1.1" 200 30
186.103.159.182 - - [08/Mar/2017:09:52:08 -0300] "POST /cormun/servlet/solicitudotadjuntos?d23585cbfde9d4d776bfc70582156f2d,INS,2017,5303,,1, HTTP/1.1" 200 116
186.103.159.182 - - [08/Mar/2017:09:52:08 -0300] "GET /cormun/servlet/hpexe_return? HTTP/1.1" 200 1021
186.103.159.182 - - [08/Mar/2017:09:52:08 -0300] "GET /cormun/servlet/trsolicitudadjuntos?2017,5303, HTTP/1.1" 200 8239
186.103.159.182 - - [08/Mar/2017:09:52:10 -0300] "GET /cormun/servlet/trsolicitudadjuntos?2017,5303, HTTP/1.1" 200 8233
192.168.10.89 - - [08/Mar/2017:09:52:10 -0300] "POST /cormun/servlet/solicitudotlog?e5bdcae641cc92ca5da0c4fbe6cae67f,INS,2017,4737,0,REC,,gx-no-cache=1488980814859 HTTP/1.1" 200 93
192.168.10.89 - - [08/Mar/2017:09:52:10 -0300] "GET /cormun/servlet/hpexe_return? HTTP/1.1" 200 1027
192.168.10.89 - - [08/Mar/2017:09:52:11 -0300] "GET /cormun/servlet/trsolicitudgral HTTP/1.1" 200 12116
186.103.159.182 - - [08/Mar/2017:09:52:14 -0300] "GET /cormun/servlet/solicitudotadjuntos?INS,2017,5303,,1, HTTP/1.1" 200 6050
186.103.159.182 - - [08/Mar/2017:09:52:14 -0300] "GET /cormun/static/about:blank HTTP/1.1" 404 1011
186.103.159.182 - - [08/Mar/2017:09:52:15 -0300] "GET /cormun/servlet/solicitudotadjuntos?INS,2017,5303,,1, HTTP/1.1" 200 6044
186.103.159.182 - - [08/Mar/2017:09:52:15 -0300] "GET /cormun/servlet/solicitudotadjuntos?d9aa7e4cabde8ac52d1d5ae28e992e6ba0e757058c563de8b78727273bb2bc1da78a036cd951ef8fdf3aa151a71b094c,gx-no-cache=1488977606164 HTTP/1.1" 200 30
186.103.159.182 - - [08/Mar/2017:09:52:16 -0300] "POST /cormun/servlet/solicitudotadjuntos?d23585cbfde9d4d776bfc70582156f2d,INS,2017,5303,,1,,gx-no-cache=1488977606207 HTTP/1.1" 200 3854
186.103.159.182 - - [08/Mar/2017:09:52:19 -0300] "POST /cormun/servlet/solicitudotadjuntos?gx-no-cache=1488977609288 HTTP/1.1" 200 26
186.103.159.182 - - [08/Mar/2017:09:52:35 -0300] "GET /cormun/servlet/solicitudotadjuntos?d9aa7e4cabde8ac52d1d5ae28e992e6bf15c227cb9822cff6325daec72246283,gx-no-cache=1488977625921 HTTP/1.1" 200 30
186.103.159.182 - - [08/Mar/2017:09:52:35 -0300] "GET /cormun/servlet/solicitudotadjuntos?d9aa7e4cabde8ac52d1d5ae28e992e6bf15c227cb9822cff6325daec72246283,gx-no-cache=1488977625949 HTTP/1.1" 200 30
186.103.159.182 - - [08/Mar/2017:09:52:37 -0300] "POST /cormun/servlet/solicitudotadjuntos?d23585cbfde9d4d776bfc70582156f2d,INS,2017,5303,,1, HTTP/1.1" 200 116
186.103.159.182 - - [08/Mar/2017:09:52:37 -0300] "GET /cormun/servlet/hpexe_return? HTTP/1.1" 200 1021
186.103.159.182 - - [08/Mar/2017:09:52:37 -0300] "GET /cormun/servlet/trsolicitudadjuntos?2017,5303, HTTP/1.1" 200 8416
186.103.159.182 - - [08/Mar/2017:09:52:38 -0300] "GET /cormun/servlet/trsolicitudadjuntos?2017,5303, HTTP/1.1" 200 8413
186.103.159.182 - - [08/Mar/2017:09:52:41 -0300] "GET /cormun/servlet/solicitudotadjuntos?INS,2017,5303,,1, HTTP/1.1" 200 6050
186.103.159.182 - - [08/Mar/2017:09:52:42 -0300] "GET /cormun/static/about:blank HTTP/1.1" 404 1011
186.103.159.182 - - [08/Mar/2017:09:52:43 -0300] "GET /cormun/servlet/solicitudotadjuntos?INS,2017,5303,,1, HTTP/1.1" 200 6044
186.103.159.182 - - [08/Mar/2017:09:52:43 -0300] "GET /cormun/servlet/solicitudotadjuntos?d9aa7e4cabde8ac52d1d5ae28e992e6ba0e757058c563de8b78727273bb2bc1da78a036cd951ef8fdf3aa151a71b094c,gx-no-cache=1488977633846 HTTP/1.1" 200 30
186.103.159.182 - - [08/Mar/2017:09:52:43 -0300] "POST /cormun/servlet/solicitudotadjuntos?d23585cbfde9d4d776bfc70582156f2d,INS,2017,5303,,1,,gx-no-cache=1488977633894 HTTP/1.1" 200 3853
186.103.159.182 - - [08/Mar/2017:09:52:47 -0300] "POST /cormun/servlet/solicitudotadjuntos?gx-no-cache=1488977637439 HTTP/1.1" 200 26
186.103.159.182 - - [08/Mar/2017:09:52:49 -0300] "POST /cormun/servlet/solicitudotadjuntos?gx-no-cache=1488977639934 HTTP/1.1" 200 26
186.103.159.182 - - [08/Mar/2017:09:53:00 -0300] "GET /cormun/servlet/solicitudotadjuntos?d9aa7e4cabde8ac52d1d5ae28e992e6bf15c227cb9822cff6325daec72246283,gx-no-cache=1488977650891 HTTP/1.1" 200 30
186.103.159.182 - - [08/Mar/2017:09:53:00 -0300] "GET /cormun/servlet/solicitudotadjuntos?d9aa7e4cabde8ac52d1d5ae28e992e6bf15c227cb9822cff6325daec72246283,gx-no-cache=1488977650915 HTTP/1.1" 200 30
186.103.159.182 - - [08/Mar/2017:09:53:01 -0300] "POST /cormun/servlet/solicitudotadjuntos?d23585cbfde9d4d776bfc70582156f2d,INS,2017,5303,,1, HTTP/1.1" 200 116
186.103.159.182 - - [08/Mar/2017:09:53:01 -0300] "GET /cormun/servlet/hpexe_return? HTTP/1.1" 200 1021
186.103.159.182 - - [08/Mar/2017:09:53:01 -0300] "GET /cormun/servlet/trsolicitudadjuntos?2017,5303, HTTP/1.1" 200 8551
186.103.159.182 - - [08/Mar/2017:09:53:03 -0300] "GET /cormun/servlet/trsolicitudadjuntos?2017,5303, HTTP/1.1" 200 8549
186.103.159.182 - - [08/Mar/2017:09:53:05 -0300] "GET /cormun/servlet/solicitudotadjuntos?INS,2017,5303,,1, HTTP/1.1" 200 6050
186.103.159.182 - - [08/Mar/2017:09:53:05 -0300] "GET /cormun/static/about:blank HTTP/1.1" 404 1011
186.103.159.182 - - [08/Mar/2017:09:53:06 -0300] "GET /cormun/servlet/solicitudotadjuntos?INS,2017,5303,,1, HTTP/1.1" 200 6044
186.103.159.182 - - [08/Mar/2017:09:53:07 -0300] "GET /cormun/servlet/solicitudotadjuntos?d9aa7e4cabde8ac52d1d5ae28e992e6ba0e757058c563de8b78727273bb2bc1da78a036cd951ef8fdf3aa151a71b094c,gx-no-cache=1488977657484 HTTP/1.1" 200 30
186.103.159.182 - - [08/Mar/2017:09:53:07 -0300] "POST /cormun/servlet/solicitudotadjuntos?d23585cbfde9d4d776bfc70582156f2d,INS,2017,5303,,1,,gx-no-cache=1488977657524 HTTP/1.1" 200 3853
186.103.159.182 - - [08/Mar/2017:09:53:10 -0300] "POST /cormun/servlet/solicitudotadjuntos?gx-no-cache=1488977660679 HTTP/1.1" 200 26
192.168.10.89 - - [08/Mar/2017:09:53:11 -0300] "GET /cormun/servlet/solicitudgral?UPD,2017,5206, HTTP/1.1" 200 12206
192.168.10.89 - - [08/Mar/2017:09:53:12 -0300] "POST /cormun/servlet/solicitudgral?gx-no-cache=1488980876769 HTTP/1.1" 200 3184
192.168.10.89 - - [08/Mar/2017:09:53:12 -0300] "GET /cormun/servlet/solicitudgral?bff1e3884bcf3d2315845f748ac8e993354abea1764572e55eee2b192b9aaee4fb0ac791f1102a8c4074e30800236f465857ddcb4db9096e34184aaacde22bb130208754397275332127b8da175592fb909359cd8e67b4fd447fb7056a320f9c3d5fcbc3ca83b57c423a3b2942387f381e08bbe6ef775223409810c7d0f74115101b797172d0dbb27db90a2c514414bec10e49343b1678bb6a2688b12baeae47a26db22bafab150a9e08a714769da9e5a25022de03db087ef019bf750a9baea58c1bfafdcf56e6d23671e8d5e18180d57ce39601300c9653c51412d2f7df79758f05a1495ddb45479049d678de7a15b4aa2986c21dec702e0ad80b9f465a1097adb728b7fd2c8d0f8b74582fbabc6ba02c2c6e316f168f5b0f9d3ed0decdc78045f7eaeda3c936f9432179699237d481ed45ea5bc72a2ea07edb74820d899550184940db22e0b6c0b19fb5e3db607f1d,gx-no-cache=1488980877000 HTTP/1.1" 200 258
192.168.10.89 - - [08/Mar/2017:09:53:15 -0300] "GET /cormun/servlet/solicitudgral?bff1e3884bcf3d2315845f748ac8e993f2179c11143834a142f43414ecbf47b68d0620e67612e57480ca862b9841104e62929a770d06c4ca5617f18f23a5711f3b8a01126354f3ef46465a89180535646492239c5fd027ae03950374259b0eaa4c60f34a463b1b40e45c42b35f5ec23c99aeaa8d17f8f91ee6311b2dbcfac99975a0a292247160777a5815e807a0bfb98b1eeefa136b19d75ea7ba50bbf9a1636f0dd35a0726294aff6628ae1737c2ae0300e082218c62c7a8942d7846e0d0db785d8af89ad113bed5852c0cf8b7503346cc8378d9035e7f9e75c664edab279838d1664768aed5356633bff0824cda23ac614d751035722d6a765a2efd2261d5de43f51dcef0252467e2f23cca2589c8de96098438ce20229286b73569f5c15f6517e6616a5b4f4d23130be81b23713f2730c38fbdb8c4f593831f70f1942bcf9a5cf2e54d4ca750a8d2afa7fed84b7e051aaa5980e41d71f718861e39ade84e3beb72e4650b0fb213c7c4b0f9d2a9badb547a3a447d57775e92676131689109752c76121e2d78e23da29e9e79b88dc03ad8c3f44b158816f8a35454f22f929625349105623ce1bb662c5293f4186c93df1a2665e3d7263cfce66d0a819fdf65caddcc350187e5dbd390c89b7e448a31f21af1e5a2bca3a87b9a4bfd1bee903cd266a744c85eb093efbc30a445bafc13714c66ba33629c6d315ddb0cffc5f99c7aea89c1eeeb2d60f29716b7baa4f1a241213a9d9386dcea891429cc1141ce23cc1dff278f9aecd3dd31a4d6d26c283e,gx-no-cache=1488980879841 HTTP/1.1" 200 48
192.168.10.89 - - [08/Mar/2017:09:53:16 -0300] "POST /cormun/servlet/solicitudgral?e5bdcae641cc92ca5da0c4fbe6cae67f,UPD,2017,5206,,gx-no-cache=1488980880197 HTTP/1.1" 200 10555
192.168.10.89 - - [08/Mar/2017:09:53:17 -0300] "GET /cormun/servlet/solicitudgral?bff1e3884bcf3d2315845f748ac8e99357faed721b36fb1586487e80c639791b3eb366ce54433a80872e64f571553597e6dd1952e00277db114aa3d2f7ed7cac44521c92bf19646adefacf583232ed2cb800774c1e2cbda087bcfbe44f4437e908f676b933e387bbf7d2f55c3c5fa3a6,gx-no-cache=1488980881157 HTTP/1.1" 200 29
186.103.159.182 - - [08/Mar/2017:09:53:17 -0300] "GET /cormun/servlet/solicitudotadjuntos?d9aa7e4cabde8ac52d1d5ae28e992e6bf15c227cb9822cff6325daec72246283,gx-no-cache=1488977667402 HTTP/1.1" 200 30
186.103.159.182 - - [08/Mar/2017:09:53:17 -0300] "GET /cormun/servlet/solicitudotadjuntos?d9aa7e4cabde8ac52d1d5ae28e992e6bf15c227cb9822cff6325daec72246283,gx-no-cache=1488977667428 HTTP/1.1" 200 30
192.168.10.89 - - [08/Mar/2017:09:53:17 -0300] "POST /cormun/servlet/solicitudgral?gx-no-cache=1488980881213 HTTP/1.1" 200 1250
192.168.10.89 - - [08/Mar/2017:09:53:17 -0300] "POST /cormun/servlet/solicitudgral?gx-no-cache=1488980881287 HTTP/1.1" 200 1153
186.103.159.182 - - [08/Mar/2017:09:53:18 -0300] "POST /cormun/servlet/solicitudotadjuntos?d23585cbfde9d4d776bfc70582156f2d,INS,2017,5303,,1, HTTP/1.1" 200 116
186.103.159.182 - - [08/Mar/2017:09:53:18 -0300] "GET /cormun/servlet/hpexe_return? HTTP/1.1" 200 1021
186.103.159.182 - - [08/Mar/2017:09:53:18 -0300] "GET /cormun/servlet/trsolicitudadjuntos?2017,5303, HTTP/1.1" 200 8688
186.103.159.182 - - [08/Mar/2017:09:53:20 -0300] "GET /cormun/servlet/trsolicitudadjuntos?2017,5303, HTTP/1.1" 200 8685
186.103.159.182 - - [08/Mar/2017:09:53:23 -0300] "GET /cormun/servlet/solicitudotadjuntos?INS,2017,5303,,1, HTTP/1.1" 200 6050
186.103.159.182 - - [08/Mar/2017:09:53:23 -0300] "GET /cormun/static/about:blank HTTP/1.1" 404 1011
186.103.159.182 - - [08/Mar/2017:09:53:25 -0300] "GET /cormun/servlet/solicitudotadjuntos?INS,2017,5303,,1, HTTP/1.1" 200 6044
186.103.159.182 - - [08/Mar/2017:09:53:25 -0300] "GET /cormun/servlet/solicitudotadjuntos?d9aa7e4cabde8ac52d1d5ae28e992e6ba0e757058c563de8b78727273bb2bc1da78a036cd951ef8fdf3aa151a71b094c,gx-no-cache=1488977675760 HTTP/1.1" 200 30
186.103.159.182 - - [08/Mar/2017:09:53:25 -0300] "POST /cormun/servlet/solicitudotadjuntos?d23585cbfde9d4d776bfc70582156f2d,INS,2017,5303,,1,,gx-no-cache=1488977675803 HTTP/1.1" 200 3854
192.168.10.89 - - [08/Mar/2017:09:53:28 -0300] "POST /cormun/servlet/solicitudgral?e5bdcae641cc92ca5da0c4fbe6cae67f,UPD,2017,5206,,gx-no-cache=1488980892178 HTTP/1.1" 200 93
192.168.10.89 - - [08/Mar/2017:09:53:28 -0300] "GET /cormun/servlet/hpexe_return? HTTP/1.1" 200 1018
186.103.159.182 - - [08/Mar/2017:09:53:28 -0300] "POST /cormun/servlet/solicitudotadjuntos?gx-no-cache=1488977678656 HTTP/1.1" 200 26
192.168.10.89 - - [08/Mar/2017:09:53:28 -0300] "GET /cormun/servlet/trsolicitudgral HTTP/1.1" 200 12116
192.168.10.89 - - [08/Mar/2017:09:53:35 -0300] "POST /cormun/servlet/trsolicitudgral?e5bdcae641cc92ca5da0c4fbe6cae67f,gx-no-cache=1488980898939 HTTP/1.1" 200 8489
186.103.159.182 - - [08/Mar/2017:09:53:35 -0300] "GET /cormun/servlet/solicitudotadjuntos?d9aa7e4cabde8ac52d1d5ae28e992e6bf15c227cb9822cff6325daec72246283,gx-no-cache=1488977685498 HTTP/1.1" 200 30
186.103.159.182 - - [08/Mar/2017:09:53:35 -0300] "GET /cormun/servlet/solicitudotadjuntos?d9aa7e4cabde8ac52d1d5ae28e992e6bf15c227cb9822cff6325daec72246283,gx-no-cache=1488977685525 HTTP/1.1" 200 30
192.168.10.89 - - [08/Mar/2017:09:53:35 -0300] "GET /cormun/static/Shared/jqueryui/images/ui-bg_highlight-soft_100_c6c2c8_1x100.png HTTP/1.1" 404 1117
192.168.10.89 - - [08/Mar/2017:09:53:35 -0300] "GET /cormun/static/Shared/jqueryui/images/ui-icons_82798d_256x240.png HTTP/1.1" 404 1089
192.168.10.89 - - [08/Mar/2017:09:53:35 -0300] "GET /cormun/static/Shared/jqueryui/images/ui-icons_8d78a5_256x240.png HTTP/1.1" 404 1089
192.168.10.89 - - [08/Mar/2017:09:53:35 -0300] "GET /cormun/static/Shared/jqueryui/images/ui-bg_flat_55_fafafa_40x100.png HTTP/1.1" 404 1097
186.103.159.182 - - [08/Mar/2017:09:53:40 -0300] "POST /cormun/servlet/solicitudotadjuntos?d23585cbfde9d4d776bfc70582156f2d,INS,2017,5303,,1, HTTP/1.1" 200 116
186.103.159.182 - - [08/Mar/2017:09:53:40 -0300] "GET /cormun/servlet/hpexe_return? HTTP/1.1" 200 1021
186.103.159.182 - - [08/Mar/2017:09:53:41 -0300] "GET /cormun/servlet/trsolicitudadjuntos?2017,5303, HTTP/1.1" 200 8876
