186.103.159.46 - - [08/Mar/2017:10:08:40 -0300] "GET /cormun/servlet/licenciaspermisos?1c53a447f9931f960d8522d8b91c49ecc787aecf8e5f431e7471fd700e7b3013ca57dc6b88a61f7c93d08fe52bf8831e1e3614ab40b743b79865e4e9252a0adf181f322873135c3e140f9bffbc128e5d9f863259651b08f8b3c70990adf4b2e616ae63fae2ef2888f6a0f0c9759a7791cdada772edf987141b5b9865c552719f607a0a51dbfd7221efb5170aab73a8cbddfba022de882a59669d5f1e80b6299daa6f7a556c15e7f6ff879911e4c7ad009ee3fa62c5ca78f1226d13b64f14b102610de6b071d5740d7649fc60438b54781b90dad4d5d46fb1c80e86b72c830174,gx-no-cache=1488978590418 HTTP/1.1" 200 29
186.103.159.46 - - [08/Mar/2017:10:08:40 -0300] "POST /cormun/servlet/licenciaspermisos?6e19d6ce2ba915bc8b4147463f6c8a48,INS,0,,,,gx-no-cache=1488978590475 HTTP/1.1" 200 93
186.103.159.46 - - [08/Mar/2017:10:08:40 -0300] "GET /cormun/servlet/hpexe_return? HTTP/1.1" 200 1011
186.103.159.46 - - [08/Mar/2017:10:08:41 -0300] "GET /cormun/static/hpexe_return.js?2016101716175153 HTTP/1.1" 304 -
186.79.226.62 - - [08/Mar/2017:10:08:41 -0300] "POST /cormun/servlet/hlogin?cca81583a24bc6b299473f8720020877,gx-no-cache=1488978589009 HTTP/1.1" 200 90
186.79.226.62 - - [08/Mar/2017:10:08:41 -0300] "GET /cormun/servlet/hpexe_link HTTP/1.1" 200 958
186.79.226.62 - - [08/Mar/2017:10:08:41 -0300] "GET /cormun/servlet/hhome HTTP/1.1" 200 3963
186.79.226.62 - - [08/Mar/2017:10:08:41 -0300] "GET /cormun/static/PXToolsJavascripts/pexe_windows.js HTTP/1.1" 304 -
186.103.159.46 - - [08/Mar/2017:10:08:41 -0300] "GET /cormun/servlet/trlicencias HTTP/1.1" 200 7763
186.79.226.62 - - [08/Mar/2017:10:08:41 -0300] "GET /cormun/static/PXToolsJavascripts/pexe_link.js HTTP/1.1" 304 -
186.79.226.62 - - [08/Mar/2017:10:08:41 -0300] "GET /cormun/static/PXToolsJavascripts/pexe_popup.js HTTP/1.1" 304 -
186.79.226.62 - - [08/Mar/2017:10:08:41 -0300] "GET /cormun/static/PXToolsJavascripts/pexe_tabs.js HTTP/1.1" 304 -
186.79.226.62 - - [08/Mar/2017:10:08:42 -0300] "GET /cormun/servlet/hhome HTTP/1.1" 200 3960
186.103.159.46 - - [08/Mar/2017:10:08:43 -0300] "GET /cormun/servlet/trlicencias HTTP/1.1" 200 7759
186.79.226.62 - - [08/Mar/2017:10:08:48 -0300] "GET /cormun/servlet/trautorizarsolicitud? HTTP/1.1" 200 14749
186.79.226.62 - - [08/Mar/2017:10:08:49 -0300] "GET /cormun/servlet/trautorizarsolicitud? HTTP/1.1" 200 14747
186.103.159.46 - - [08/Mar/2017:10:08:59 -0300] "GET /cormun/servlet/trlicenciaspermisosadjuntos?13946153,20170308000000,L, HTTP/1.1" 200 6123
186.103.159.46 - - [08/Mar/2017:10:09:00 -0300] "GET /cormun/static/gxcfg.js?2016122813131454 HTTP/1.1" 200 953
186.103.159.46 - - [08/Mar/2017:10:09:00 -0300] "GET /cormun/static/trlicenciaspermisosadjuntos.js?2016122813131728 HTTP/1.1" 200 21008
186.103.159.46 - - [08/Mar/2017:10:09:01 -0300] "GET /cormun/servlet/trlicenciaspermisosadjuntos?13946153,20170308000000,L, HTTP/1.1" 200 6123
186.103.159.46 - - [08/Mar/2017:10:09:10 -0300] "GET /cormun/servlet/licenciaspermisosadjuntos?INS,13946153,L,20170308000000,, HTTP/1.1" 200 5418
186.103.159.46 - - [08/Mar/2017:10:09:10 -0300] "GET /cormun/static/gxcfg.js?2016122813131386 HTTP/1.1" 200 953
186.103.159.46 - - [08/Mar/2017:10:09:10 -0300] "GET /cormun/static/licenciaspermisosadjuntos.js?2016122813131394 HTTP/1.1" 200 8757
186.103.159.46 - - [08/Mar/2017:10:09:10 -0300] "GET /cormun/static/about:blank HTTP/1.1" 404 1011
186.103.159.46 - - [08/Mar/2017:10:09:11 -0300] "GET /cormun/servlet/licenciaspermisosadjuntos?INS,13946153,L,20170308000000,, HTTP/1.1" 200 5408
192.168.10.62 - - [08/Mar/2017:10:09:44 -0300] "POST /cormun/servlet/hlogin?a66e9c7fc2e792a6381d94cb63048e7e,gx-no-cache=1488981868763 HTTP/1.1" 200 457
192.168.10.62 - - [08/Mar/2017:10:09:55 -0300] "POST /cormun/servlet/hlogin?a66e9c7fc2e792a6381d94cb63048e7e,gx-no-cache=1488981879076 HTTP/1.1" 200 90
192.168.10.62 - - [08/Mar/2017:10:09:55 -0300] "GET /cormun/servlet/hpexe_link HTTP/1.1" 200 964
192.168.10.62 - - [08/Mar/2017:10:09:55 -0300] "GET /cormun/servlet/trsolicitudgral HTTP/1.1" 200 9282
192.168.10.62 - - [08/Mar/2017:10:09:55 -0300] "GET /cormun/servlet/trsolicitudgral HTTP/1.1" 200 9281
192.168.10.62 - - [08/Mar/2017:10:10:08 -0300] "POST /cormun/servlet/trsolicitudgral?a66e9c7fc2e792a6381d94cb63048e7e,gx-no-cache=1488981892541 HTTP/1.1" 200 6910
192.168.10.62 - - [08/Mar/2017:10:10:14 -0300] "POST /cormun/servlet/trsolicitudgral?a66e9c7fc2e792a6381d94cb63048e7e,gx-no-cache=1488981898456 HTTP/1.1" 200 105
192.168.10.62 - - [08/Mar/2017:10:10:14 -0300] "POST /cormun/servlet/trsolicitudgral?a66e9c7fc2e792a6381d94cb63048e7e,gx-no-cache=1488981898573 HTTP/1.1" 200 6891
192.168.10.62 - - [08/Mar/2017:10:10:14 -0300] "GET /cormun/SolicitudGral-7851.xls HTTP/1.1" 200 6144
186.103.159.46 - - [08/Mar/2017:10:11:11 -0300] "POST /cormun/servlet/licenciaspermisosadjuntos?6e19d6ce2ba915bc8b4147463f6c8a48,INS,13946153,L,20170308000000,, HTTP/1.1" 200 116
186.103.159.46 - - [08/Mar/2017:10:11:11 -0300] "GET /cormun/servlet/hpexe_return? HTTP/1.1" 200 1042
186.103.159.46 - - [08/Mar/2017:10:11:11 -0300] "GET /cormun/servlet/trlicenciaspermisosadjuntos?13946153,20170308000000,L, HTTP/1.1" 200 6609
186.103.159.46 - - [08/Mar/2017:10:11:13 -0300] "GET /cormun/servlet/trlicenciaspermisosadjuntos?13946153,20170308000000,L, HTTP/1.1" 200 6607
186.103.159.46 - - [08/Mar/2017:10:11:21 -0300] "POST /cormun/servlet/trlicenciaspermisosadjuntos?6e19d6ce2ba915bc8b4147463f6c8a48,13946153,20170308000000,L,,gx-no-cache=1488978751257 HTTP/1.1" 200 90
186.103.159.46 - - [08/Mar/2017:10:11:21 -0300] "GET /cormun/servlet/hpexe_link HTTP/1.1" 200 988
186.103.159.46 - - [08/Mar/2017:10:11:21 -0300] "GET /cormun/servlet/trlicencias HTTP/1.1" 200 7761
186.103.159.46 - - [08/Mar/2017:10:11:23 -0300] "GET /cormun/servlet/trlicencias HTTP/1.1" 200 7759
186.103.159.46 - - [08/Mar/2017:10:11:52 -0300] "GET /cormun/servlet/alicenciaprn?13946153,L,20170308000000,PU HTTP/1.1" 200 1535
186.79.226.62 - - [08/Mar/2017:10:12:42 -0300] "POST /cormun/servlet/trautorizarsolicitud?cca81583a24bc6b299473f8720020877,,gx-no-cache=1488978829141 HTTP/1.1" 200 115
186.79.226.62 - - [08/Mar/2017:10:12:42 -0300] "GET /cormun/servlet/solicitudotlog?INS,2017,5292,0,ANU, HTTP/1.1" 200 5751
186.79.226.62 - - [08/Mar/2017:10:12:42 -0300] "GET /cormun/static/gxcfg.js?201612218471193 HTTP/1.1" 200 953
186.79.226.62 - - [08/Mar/2017:10:12:42 -0300] "GET /cormun/static/solicitudotlog.js?20161221847122 HTTP/1.1" 200 8925
186.79.226.62 - - [08/Mar/2017:10:12:43 -0300] "GET /cormun/servlet/solicitudotlog?INS,2017,5292,0,ANU, HTTP/1.1" 200 5751
186.79.226.62 - - [08/Mar/2017:10:12:43 -0300] "GET /cormun/servlet/solicitudotlog?2b7bb6cebf3122095b5ebd0709305cb03798c5c7d2cf419c8b03ff1defd135f4b7ce3355f38a1c71d964e5b1d68b6eea7ef5931ed19f806e9aaeea6592cfb67a39aedd7cc5ac4d175e35bc4be869bb305cae8584b0bd788c73f1224914e63fa0f6654467e5f109f4dd0511c9a4ac128aed5e7710b155682be2be7f1e3f3250145a63fdf797930a0aa3944b9e2832b8818618a80a4747f38b08fb502d282224f8,gx-no-cache=1488978831534 HTTP/1.1" 200 94
186.103.159.46 - - [08/Mar/2017:10:12:43 -0300] "POST /cormun/servlet/trlicencias?6e19d6ce2ba915bc8b4147463f6c8a48,gx-no-cache=1488978833158 HTTP/1.1" 200 4007
186.103.159.46 - - [08/Mar/2017:10:12:43 -0300] "GET /cormun/static/Shared/jqueryui/images/ui-bg_highlight-soft_100_c6c2c8_1x100.png HTTP/1.1" 404 1117
186.103.159.46 - - [08/Mar/2017:10:12:43 -0300] "GET /cormun/static/Shared/jqueryui/images/ui-icons_82798d_256x240.png HTTP/1.1" 404 1089
186.103.159.46 - - [08/Mar/2017:10:12:43 -0300] "GET /cormun/static/Shared/jqueryui/images/ui-bg_flat_55_fafafa_40x100.png HTTP/1.1" 404 1097
186.103.159.46 - - [08/Mar/2017:10:12:43 -0300] "GET /cormun/static/Shared/jqueryui/images/ui-icons_8d78a5_256x240.png HTTP/1.1" 404 1089
186.79.226.62 - - [08/Mar/2017:10:13:02 -0300] "POST /cormun/servlet/solicitudotlog?cca81583a24bc6b299473f8720020877,INS,2017,5292,0,ANU,,gx-no-cache=1488978850194 HTTP/1.1" 200 93
186.79.226.62 - - [08/Mar/2017:10:13:02 -0300] "GET /cormun/servlet/hpexe_return? HTTP/1.1" 200 1030
186.79.226.62 - - [08/Mar/2017:10:13:02 -0300] "GET /cormun/static/gxcfg.js?2016101716175148 HTTP/1.1" 304 -
186.79.226.62 - - [08/Mar/2017:10:13:03 -0300] "GET /cormun/servlet/trautorizarsolicitud HTTP/1.1" 200 14504
186.79.226.62 - - [08/Mar/2017:10:13:03 -0300] "GET /cormun/servlet/trautorizarsolicitud HTTP/1.1" 200 14500
186.103.159.46 - - [08/Mar/2017:10:13:34 -0300] "GET /cormun/servlet/hlogin HTTP/1.1" 200 1721
186.103.159.46 - - [08/Mar/2017:10:13:48 -0300] "POST /cormun/servlet/hlogin?4bfd02ef125b7b519bf8109e177a1722,gx-no-cache=1488978896941 HTTP/1.1" 200 90
186.103.159.46 - - [08/Mar/2017:10:13:48 -0300] "GET /cormun/servlet/hpexe_link HTTP/1.1" 200 951
186.103.159.46 - - [08/Mar/2017:10:13:48 -0300] "GET /cormun/servlet/hhome HTTP/1.1" 200 3995
186.103.159.46 - - [08/Mar/2017:10:13:49 -0300] "GET /cormun/servlet/hhome HTTP/1.1" 200 3991
186.103.159.46 - - [08/Mar/2017:10:13:56 -0300] "GET /cormun/servlet/trautorizarsolicitud? HTTP/1.1" 200 6918
186.103.159.46 - - [08/Mar/2017:10:13:57 -0300] "GET /cormun/servlet/trautorizarsolicitud? HTTP/1.1" 200 6917
186.103.159.46 - - [08/Mar/2017:10:14:01 -0300] "GET /cormun/servlet/trvisualizadoreventos? HTTP/1.1" 200 6724
186.103.159.46 - - [08/Mar/2017:10:14:02 -0300] "GET /cormun/servlet/trvisualizadoreventos? HTTP/1.1" 200 6723
186.103.159.46 - - [08/Mar/2017:10:14:04 -0300] "GET /cormun/servlet/trsolicitudot? HTTP/1.1" 200 6966
186.103.159.46 - - [08/Mar/2017:10:14:04 -0300] "GET /cormun/servlet/trsolicitudot? HTTP/1.1" 200 6966
186.103.159.46 - - [08/Mar/2017:10:14:07 -0300] "GET /cormun/servlet/trautorizarsolicitud? HTTP/1.1" 200 6918
186.103.159.46 - - [08/Mar/2017:10:14:07 -0300] "GET /cormun/servlet/trautorizarsolicitud? HTTP/1.1" 200 6917
186.103.159.46 - - [08/Mar/2017:10:14:10 -0300] "GET /cormun/servlet/trlicencias? HTTP/1.1" 200 6857
186.103.159.46 - - [08/Mar/2017:10:14:10 -0300] "GET /cormun/static/trlicencias.js?2016122619301919 HTTP/1.1" 304 -
186.103.159.46 - - [08/Mar/2017:10:14:11 -0300] "GET /cormun/servlet/trlicencias? HTTP/1.1" 200 6856
186.103.159.46 - - [08/Mar/2017:10:14:24 -0300] "GET /cormun/servlet/trautorizarsolicitud? HTTP/1.1" 200 6917
186.103.159.46 - - [08/Mar/2017:10:14:24 -0300] "GET /cormun/servlet/trautorizarsolicitud? HTTP/1.1" 200 6917
186.103.159.46 - - [08/Mar/2017:10:14:27 -0300] "POST /cormun/servlet/trautorizarsolicitud?4bfd02ef125b7b519bf8109e177a1722,,gx-no-cache=1488978935783 HTTP/1.1" 200 4115
186.103.159.46 - - [08/Mar/2017:10:14:29 -0300] "GET /cormun/servlet/trsolicitudot? HTTP/1.1" 200 6963
186.103.159.46 - - [08/Mar/2017:10:14:30 -0300] "GET /cormun/servlet/trsolicitudot? HTTP/1.1" 200 6962
186.103.159.46 - - [08/Mar/2017:10:14:31 -0300] "POST /cormun/servlet/trsolicitudot?4bfd02ef125b7b519bf8109e177a1722,,gx-no-cache=1488978939938 HTTP/1.1" 200 4143
186.103.159.46 - - [08/Mar/2017:10:14:34 -0300] "GET /cormun/servlet/trvisualizadoreventos? HTTP/1.1" 200 6735
186.103.159.46 - - [08/Mar/2017:10:14:34 -0300] "GET /cormun/servlet/trvisualizadoreventos? HTTP/1.1" 200 6734
186.103.159.46 - - [08/Mar/2017:10:14:42 -0300] "GET /cormun/servlet/trcontratounov2? HTTP/1.1" 200 16722
186.103.159.46 - - [08/Mar/2017:10:14:43 -0300] "GET /cormun/servlet/trcontratounov2? HTTP/1.1" 200 16714
186.103.159.46 - - [08/Mar/2017:10:14:54 -0300] "GET /cormun/servlet/trlicencias? HTTP/1.1" 200 6857
186.103.159.46 - - [08/Mar/2017:10:14:55 -0300] "GET /cormun/servlet/trlicencias? HTTP/1.1" 200 6856
186.103.159.46 - - [08/Mar/2017:10:15:15 -0300] "POST /cormun/servlet/trlicencias?4bfd02ef125b7b519bf8109e177a1722,,gx-no-cache=1488978983947 HTTP/1.1" 200 4107
186.103.159.46 - - [08/Mar/2017:10:15:17 -0300] "POST /cormun/servlet/trlicencias?4bfd02ef125b7b519bf8109e177a1722,,gx-no-cache=1488978986239 HTTP/1.1" 200 4107
186.103.159.46 - - [08/Mar/2017:10:15:32 -0300] "POST /cormun/servlet/trlicencias?4bfd02ef125b7b519bf8109e177a1722,,gx-no-cache=1488979000571 HTTP/1.1" 200 4115
186.103.159.46 - - [08/Mar/2017:10:15:42 -0300] "POST /cormun/servlet/trlicencias?4bfd02ef125b7b519bf8109e177a1722,,gx-no-cache=1488979011199 HTTP/1.1" 200 5305
200.86.95.220 - - [08/Mar/2017:10:15:47 -0300] "POST /cormun/servlet/trsolicitudot?7623a4c8240d0395bd2133b063d6c0a9,gx-no-cache=1488979015892 HTTP/1.1" 440 972
200.86.95.220 - - [08/Mar/2017:10:15:55 -0300] "GET /cormun/servlet/trsolicitudot HTTP/1.1" 200 6046
200.86.95.220 - - [08/Mar/2017:10:15:56 -0300] "GET /cormun/servlet/trsolicitudot HTTP/1.1" 200 6042
200.86.95.220 - - [08/Mar/2017:10:15:56 -0300] "GET /cormun/servlet/hlogin HTTP/1.1" 200 1730
200.86.95.220 - - [08/Mar/2017:10:16:06 -0300] "POST /cormun/servlet/hlogin?4c13628a767a49184579dc854ee927ab,gx-no-cache=1488979034706 HTTP/1.1" 200 90
200.86.95.220 - - [08/Mar/2017:10:16:06 -0300] "GET /cormun/servlet/hpexe_link HTTP/1.1" 200 955
200.86.95.220 - - [08/Mar/2017:10:16:06 -0300] "GET /cormun/servlet/trsolicitudot HTTP/1.1" 200 8318
200.86.95.220 - - [08/Mar/2017:10:16:07 -0300] "GET /cormun/servlet/trsolicitudot HTTP/1.1" 200 8316
200.86.95.220 - - [08/Mar/2017:10:16:10 -0300] "POST /cormun/servlet/trsolicitudot?4c13628a767a49184579dc854ee927ab,gx-no-cache=1488979039612 HTTP/1.1" 200 107
200.86.95.220 - - [08/Mar/2017:10:16:11 -0300] "GET /cormun/servlet/trsolicitudadjuntos?2017,5309, HTTP/1.1" 200 5867
186.79.226.62 - - [08/Mar/2017:10:16:12 -0300] "POST /cormun/servlet/trautorizarsolicitud?cca81583a24bc6b299473f8720020877,gx-no-cache=1488979038388 HTTP/1.1" 200 11576
200.86.95.220 - - [08/Mar/2017:10:16:12 -0300] "GET /cormun/servlet/trsolicitudadjuntos?2017,5309, HTTP/1.1" 200 5867
186.79.226.62 - - [08/Mar/2017:10:16:12 -0300] "GET /cormun/static/Shared/jqueryui/images/ui-bg_highlight-soft_100_c6c2c8_1x100.png HTTP/1.1" 404 1117
186.79.226.62 - - [08/Mar/2017:10:16:12 -0300] "GET /cormun/static/Shared/jqueryui/images/ui-icons_82798d_256x240.png HTTP/1.1" 404 1089
186.79.226.62 - - [08/Mar/2017:10:16:12 -0300] "GET /cormun/static/Shared/jqueryui/images/ui-bg_flat_55_fafafa_40x100.png HTTP/1.1" 404 1097
186.79.226.62 - - [08/Mar/2017:10:16:12 -0300] "GET /cormun/static/Shared/jqueryui/images/ui-icons_8d78a5_256x240.png HTTP/1.1" 404 1089
186.79.226.62 - - [08/Mar/2017:10:16:13 -0300] "POST /cormun/servlet/trautorizarsolicitud?cca81583a24bc6b299473f8720020877,gx-no-cache=1488979040352 HTTP/1.1" 200 11517
200.86.95.220 - - [08/Mar/2017:10:16:14 -0300] "GET /cormun/servlet/solicitudotadjuntos?INS,2017,5309,,1, HTTP/1.1" 200 5797
200.86.95.220 - - [08/Mar/2017:10:16:14 -0300] "GET /cormun/static/about:blank HTTP/1.1" 404 1011
200.86.95.220 - - [08/Mar/2017:10:16:15 -0300] "GET /cormun/servlet/solicitudotadjuntos?INS,2017,5309,,1, HTTP/1.1" 200 5791
200.86.95.220 - - [08/Mar/2017:10:16:15 -0300] "GET /cormun/servlet/solicitudotadjuntos?083b228a57563b0613209ae9e706123a090d62c91235453538397d3c270942de66c8c69ded089431ce63b5c484a5d3e8,gx-no-cache=1488979044347 HTTP/1.1" 200 30
200.86.95.220 - - [08/Mar/2017:10:16:15 -0300] "POST /cormun/servlet/solicitudotadjuntos?4c13628a767a49184579dc854ee927ab,INS,2017,5309,,1,,gx-no-cache=1488979044410 HTTP/1.1" 200 3670
200.86.95.220 - - [08/Mar/2017:10:16:18 -0300] "POST /cormun/servlet/solicitudotadjuntos?gx-no-cache=1488979046853 HTTP/1.1" 200 26
186.79.226.62 - - [08/Mar/2017:10:16:18 -0300] "POST /cormun/servlet/trautorizarsolicitud?cca81583a24bc6b299473f8720020877,gx-no-cache=1488979044988 HTTP/1.1" 200 11263
186.79.226.62 - - [08/Mar/2017:10:16:19 -0300] "POST /cormun/servlet/trautorizarsolicitud?cca81583a24bc6b299473f8720020877,gx-no-cache=1488979046550 HTTP/1.1" 200 11206
186.79.226.62 - - [08/Mar/2017:10:16:24 -0300] "POST /cormun/servlet/trautorizarsolicitud?cca81583a24bc6b299473f8720020877,gx-no-cache=1488979051284 HTTP/1.1" 200 10977
186.79.226.62 - - [08/Mar/2017:10:16:25 -0300] "POST /cormun/servlet/trautorizarsolicitud?cca81583a24bc6b299473f8720020877,gx-no-cache=1488979052817 HTTP/1.1" 200 10919
200.86.95.220 - - [08/Mar/2017:10:16:26 -0300] "GET /cormun/servlet/solicitudotadjuntos?083b228a57563b0613209ae9e706123a9b4a28d8ff85affea4517138bf33fe9f,gx-no-cache=1488979055343 HTTP/1.1" 200 30
200.86.95.220 - - [08/Mar/2017:10:16:26 -0300] "GET /cormun/servlet/solicitudotadjuntos?083b228a57563b0613209ae9e706123a9b4a28d8ff85affea4517138bf33fe9f,gx-no-cache=1488979055382 HTTP/1.1" 200 30
186.103.159.46 - - [08/Mar/2017:10:16:27 -0300] "GET /cormun/servlet/trlicenciaspermisoslog?13946153,L,20170308000000, HTTP/1.1" 200 6522
186.103.159.46 - - [08/Mar/2017:10:16:27 -0300] "GET /cormun/static/gxcfg.js?201612261930395 HTTP/1.1" 304 -
186.103.159.46 - - [08/Mar/2017:10:16:28 -0300] "GET /cormun/servlet/trlicenciaspermisoslog?13946153,L,20170308000000, HTTP/1.1" 200 6522
200.86.95.220 - - [08/Mar/2017:10:16:29 -0300] "POST /cormun/servlet/solicitudotadjuntos?4c13628a767a49184579dc854ee927ab,INS,2017,5309,,1, HTTP/1.1" 200 116
200.86.95.220 - - [08/Mar/2017:10:16:29 -0300] "GET /cormun/servlet/hpexe_return? HTTP/1.1" 200 1021
200.86.95.220 - - [08/Mar/2017:10:16:29 -0300] "GET /cormun/servlet/trsolicitudadjuntos?2017,5309, HTTP/1.1" 200 7943
200.86.95.220 - - [08/Mar/2017:10:16:31 -0300] "GET /cormun/servlet/trsolicitudadjuntos?2017,5309, HTTP/1.1" 200 7939
186.79.226.62 - - [08/Mar/2017:10:16:31 -0300] "POST /cormun/servlet/trautorizarsolicitud?cca81583a24bc6b299473f8720020877,gx-no-cache=1488979057853 HTTP/1.1" 200 10699
186.79.226.62 - - [08/Mar/2017:10:16:32 -0300] "POST /cormun/servlet/trautorizarsolicitud?cca81583a24bc6b299473f8720020877,gx-no-cache=1488979059592 HTTP/1.1" 200 10641
200.86.95.220 - - [08/Mar/2017:10:16:33 -0300] "GET /cormun/servlet/solicitudotadjuntos?INS,2017,5309,,1, HTTP/1.1" 200 5798
200.86.95.220 - - [08/Mar/2017:10:16:33 -0300] "GET /cormun/static/about:blank HTTP/1.1" 404 1011
200.86.95.220 - - [08/Mar/2017:10:16:34 -0300] "GET /cormun/servlet/solicitudotadjuntos?INS,2017,5309,,1, HTTP/1.1" 200 5792
200.86.95.220 - - [08/Mar/2017:10:16:34 -0300] "GET /cormun/servlet/solicitudotadjuntos?083b228a57563b0613209ae9e706123a090d62c91235453538397d3c270942de66c8c69ded089431ce63b5c484a5d3e8,gx-no-cache=1488979063524 HTTP/1.1" 200 30
200.86.95.220 - - [08/Mar/2017:10:16:34 -0300] "POST /cormun/servlet/solicitudotadjuntos?4c13628a767a49184579dc854ee927ab,INS,2017,5309,,1,,gx-no-cache=1488979063586 HTTP/1.1" 200 3669
200.86.95.220 - - [08/Mar/2017:10:16:40 -0300] "POST /cormun/servlet/solicitudotadjuntos?gx-no-cache=1488979069012 HTTP/1.1" 200 26
186.79.226.62 - - [08/Mar/2017:10:16:41 -0300] "POST /cormun/servlet/trautorizarsolicitud?cca81583a24bc6b299473f8720020877,gx-no-cache=1488979068608 HTTP/1.1" 200 10484
186.79.226.62 - - [08/Mar/2017:10:16:43 -0300] "POST /cormun/servlet/trautorizarsolicitud?cca81583a24bc6b299473f8720020877,gx-no-cache=1488979070098 HTTP/1.1" 200 10426
186.103.159.46 - - [08/Mar/2017:10:16:45 -0300] "POST /cormun/servlet/trlicenciaspermisoslog?4bfd02ef125b7b519bf8109e177a1722,13946153,L,20170308000000,,gx-no-cache=1488979073360 HTTP/1.1" 200 90
186.103.159.46 - - [08/Mar/2017:10:16:45 -0300] "GET /cormun/servlet/hpexe_link HTTP/1.1" 200 984
186.103.159.46 - - [08/Mar/2017:10:16:45 -0300] "GET /cormun/servlet/trlicencias? HTTP/1.1" 200 7943
186.103.159.46 - - [08/Mar/2017:10:16:45 -0300] "GET /cormun/servlet/trlicencias? HTTP/1.1" 200 7941
186.103.159.46 - - [08/Mar/2017:10:16:57 -0300] "POST /cormun/servlet/trlicencias?4bfd02ef125b7b519bf8109e177a1722,,gx-no-cache=1488979085518 HTTP/1.1" 200 5278
192.168.10.96 - - [08/Mar/2017:10:17:08 -0300] "GET /cormun/servlet/vesolicitudnombre?2017,4626,,SolicitudOTAdjuntos HTTP/1.1" 200 10147
192.168.10.96 - - [08/Mar/2017:10:17:09 -0300] "GET /cormun/servlet/vesolicitudnombre?2017,4626,,SolicitudOTAdjuntos HTTP/1.1" 200 10154
192.168.10.96 - - [08/Mar/2017:10:17:09 -0300] "POST /cormun/servlet/acontrolpreferencessavestate?None,DZAMUDIO,true HTTP/1.1" 200 35
192.168.10.96 - - [08/Mar/2017:10:17:10 -0300] "GET /cormun/servlet/vesolicitudnombre?2017,4626,,General HTTP/1.1" 200 8368
192.168.10.96 - - [08/Mar/2017:10:17:10 -0300] "GET /cormun/pexe_scrolldiv.js HTTP/1.1" 404 1009
192.168.10.96 - - [08/Mar/2017:10:17:11 -0300] "GET /cormun/pexe_scrolldiv.js HTTP/1.1" 404 1009
192.168.10.96 - - [08/Mar/2017:10:17:11 -0300] "GET /cormun/servlet/vesolicitudnombre?2017,4626,,General HTTP/1.1" 200 8368
186.79.226.62 - - [08/Mar/2017:10:17:14 -0300] "POST /cormun/servlet/trautorizarsolicitud?cca81583a24bc6b299473f8720020877,gx-no-cache=1488979100834 HTTP/1.1" 200 10176
186.79.226.62 - - [08/Mar/2017:10:17:15 -0300] "POST /cormun/servlet/trautorizarsolicitud?cca81583a24bc6b299473f8720020877,gx-no-cache=1488979102705 HTTP/1.1" 200 10118
186.103.159.46 - - [08/Mar/2017:10:17:16 -0300] "POST /cormun/servlet/trlicencias?4bfd02ef125b7b519bf8109e177a1722,,gx-no-cache=1488979104833 HTTP/1.1" 200 4115
192.168.10.96 - - [08/Mar/2017:10:17:17 -0300] "GET /cormun/servlet/trsolicitudgral? HTTP/1.1" 200 24796
200.86.95.220 - - [08/Mar/2017:10:17:17 -0300] "GET /cormun/servlet/solicitudotadjuntos?083b228a57563b0613209ae9e706123a9b4a28d8ff85affea4517138bf33fe9f,gx-no-cache=1488979106455 HTTP/1.1" 200 30
200.86.95.220 - - [08/Mar/2017:10:17:17 -0300] "GET /cormun/servlet/solicitudotadjuntos?083b228a57563b0613209ae9e706123a9b4a28d8ff85affea4517138bf33fe9f,gx-no-cache=1488979106548 HTTP/1.1" 200 30
200.86.95.220 - - [08/Mar/2017:10:17:18 -0300] "POST /cormun/servlet/solicitudotadjuntos?4c13628a767a49184579dc854ee927ab,INS,2017,5309,,1, HTTP/1.1" 200 116
200.86.95.220 - - [08/Mar/2017:10:17:18 -0300] "GET /cormun/servlet/hpexe_return? HTTP/1.1" 200 1021
200.86.95.220 - - [08/Mar/2017:10:17:19 -0300] "GET /cormun/servlet/trsolicitudadjuntos?2017,5309, HTTP/1.1" 200 8154
192.168.10.96 - - [08/Mar/2017:10:17:19 -0300] "GET /cormun/servlet/trsolicitudgral? HTTP/1.1" 200 24781
200.86.95.220 - - [08/Mar/2017:10:17:20 -0300] "GET /cormun/servlet/trsolicitudadjuntos?2017,5309, HTTP/1.1" 200 8152
200.86.95.220 - - [08/Mar/2017:10:17:22 -0300] "GET /cormun/servlet/solicitudotadjuntos?INS,2017,5309,,1, HTTP/1.1" 200 5798
186.103.159.46 - - [08/Mar/2017:10:17:22 -0300] "POST /cormun/servlet/trlicencias?4bfd02ef125b7b519bf8109e177a1722,,gx-no-cache=1488979110786 HTTP/1.1" 200 5301
200.86.95.220 - - [08/Mar/2017:10:17:22 -0300] "GET /cormun/static/about:blank HTTP/1.1" 404 1011
200.86.95.220 - - [08/Mar/2017:10:17:23 -0300] "GET /cormun/servlet/solicitudotadjuntos?INS,2017,5309,,1, HTTP/1.1" 200 5792
200.86.95.220 - - [08/Mar/2017:10:17:23 -0300] "GET /cormun/servlet/solicitudotadjuntos?083b228a57563b0613209ae9e706123a090d62c91235453538397d3c270942de66c8c69ded089431ce63b5c484a5d3e8,gx-no-cache=1488979112686 HTTP/1.1" 200 30
200.86.95.220 - - [08/Mar/2017:10:17:24 -0300] "POST /cormun/servlet/solicitudotadjuntos?4c13628a767a49184579dc854ee927ab,INS,2017,5309,,1,,gx-no-cache=1488979112766 HTTP/1.1" 200 3669
200.86.95.220 - - [08/Mar/2017:10:17:27 -0300] "POST /cormun/servlet/solicitudotadjuntos?gx-no-cache=1488979116293 HTTP/1.1" 200 26
200.86.95.220 - - [08/Mar/2017:10:17:34 -0300] "GET /cormun/servlet/solicitudotadjuntos?083b228a57563b0613209ae9e706123a9b4a28d8ff85affea4517138bf33fe9f,gx-no-cache=1488979123312 HTTP/1.1" 200 30
200.86.95.220 - - [08/Mar/2017:10:17:34 -0300] "GET /cormun/servlet/solicitudotadjuntos?083b228a57563b0613209ae9e706123a9b4a28d8ff85affea4517138bf33fe9f,gx-no-cache=1488979123349 HTTP/1.1" 200 30
200.86.95.220 - - [08/Mar/2017:10:17:35 -0300] "POST /cormun/servlet/solicitudotadjuntos?4c13628a767a49184579dc854ee927ab,INS,2017,5309,,1, HTTP/1.1" 200 116
200.86.95.220 - - [08/Mar/2017:10:17:35 -0300] "GET /cormun/servlet/hpexe_return? HTTP/1.1" 200 1021
200.86.95.220 - - [08/Mar/2017:10:17:35 -0300] "GET /cormun/servlet/trsolicitudadjuntos?2017,5309, HTTP/1.1" 200 8298
200.86.95.220 - - [08/Mar/2017:10:17:37 -0300] "GET /cormun/servlet/trsolicitudadjuntos?2017,5309, HTTP/1.1" 200 8294
200.86.95.220 - - [08/Mar/2017:10:17:39 -0300] "GET /cormun/servlet/solicitudotadjuntos?INS,2017,5309,,1, HTTP/1.1" 200 5798
200.86.95.220 - - [08/Mar/2017:10:17:39 -0300] "GET /cormun/static/about:blank HTTP/1.1" 404 1011
200.86.95.220 - - [08/Mar/2017:10:17:40 -0300] "GET /cormun/servlet/solicitudotadjuntos?INS,2017,5309,,1, HTTP/1.1" 200 5792
200.86.95.220 - - [08/Mar/2017:10:17:41 -0300] "GET /cormun/servlet/solicitudotadjuntos?083b228a57563b0613209ae9e706123a090d62c91235453538397d3c270942de66c8c69ded089431ce63b5c484a5d3e8,gx-no-cache=1488979129759 HTTP/1.1" 200 30
200.86.95.220 - - [08/Mar/2017:10:17:41 -0300] "POST /cormun/servlet/solicitudotadjuntos?4c13628a767a49184579dc854ee927ab,INS,2017,5309,,1,,gx-no-cache=1488979129843 HTTP/1.1" 200 3669
200.86.95.220 - - [08/Mar/2017:10:17:45 -0300] "POST /cormun/servlet/solicitudotadjuntos?gx-no-cache=1488979133949 HTTP/1.1" 200 26
200.86.95.220 - - [08/Mar/2017:10:17:51 -0300] "GET /cormun/servlet/solicitudotadjuntos?083b228a57563b0613209ae9e706123a9b4a28d8ff85affea4517138bf33fe9f,gx-no-cache=1488979140499 HTTP/1.1" 200 30
200.86.95.220 - - [08/Mar/2017:10:17:51 -0300] "GET /cormun/servlet/solicitudotadjuntos?083b228a57563b0613209ae9e706123a9b4a28d8ff85affea4517138bf33fe9f,gx-no-cache=1488979140550 HTTP/1.1" 200 30
200.86.95.220 - - [08/Mar/2017:10:17:52 -0300] "POST /cormun/servlet/solicitudotadjuntos?4c13628a767a49184579dc854ee927ab,INS,2017,5309,,1, HTTP/1.1" 200 116
200.86.95.220 - - [08/Mar/2017:10:17:52 -0300] "GET /cormun/servlet/hpexe_return? HTTP/1.1" 200 1021
200.86.95.220 - - [08/Mar/2017:10:17:53 -0300] "GET /cormun/servlet/trsolicitudadjuntos?2017,5309, HTTP/1.1" 200 8426
200.86.95.220 - - [08/Mar/2017:10:17:54 -0300] "GET /cormun/servlet/trsolicitudadjuntos?2017,5309, HTTP/1.1" 200 8422
200.86.95.220 - - [08/Mar/2017:10:17:56 -0300] "GET /cormun/servlet/solicitudotadjuntos?INS,2017,5309,,1, HTTP/1.1" 200 5798
200.86.95.220 - - [08/Mar/2017:10:17:57 -0300] "GET /cormun/static/about:blank HTTP/1.1" 404 1011
200.86.95.220 - - [08/Mar/2017:10:17:57 -0300] "GET /cormun/servlet/solicitudotadjuntos?INS,2017,5309,,1, HTTP/1.1" 200 5792
200.86.95.220 - - [08/Mar/2017:10:17:58 -0300] "GET /cormun/servlet/solicitudotadjuntos?083b228a57563b0613209ae9e706123a090d62c91235453538397d3c270942de66c8c69ded089431ce63b5c484a5d3e8,gx-no-cache=1488979147168 HTTP/1.1" 200 30
200.86.95.220 - - [08/Mar/2017:10:17:58 -0300] "POST /cormun/servlet/solicitudotadjuntos?4c13628a767a49184579dc854ee927ab,INS,2017,5309,,1,,gx-no-cache=1488979147251 HTTP/1.1" 200 3669
200.86.95.220 - - [08/Mar/2017:10:18:02 -0300] "POST /cormun/servlet/solicitudotadjuntos?gx-no-cache=1488979151462 HTTP/1.1" 200 26
200.86.95.220 - - [08/Mar/2017:10:18:09 -0300] "GET /cormun/servlet/solicitudotadjuntos?083b228a57563b0613209ae9e706123a9b4a28d8ff85affea4517138bf33fe9f,gx-no-cache=1488979158697 HTTP/1.1" 200 30
200.86.95.220 - - [08/Mar/2017:10:18:10 -0300] "GET /cormun/servlet/solicitudotadjuntos?083b228a57563b0613209ae9e706123a9b4a28d8ff85affea4517138bf33fe9f,gx-no-cache=1488979158746 HTTP/1.1" 200 30
200.86.95.220 - - [08/Mar/2017:10:18:10 -0300] "POST /cormun/servlet/solicitudotadjuntos?4c13628a767a49184579dc854ee927ab,INS,2017,5309,,1, HTTP/1.1" 200 116
200.86.95.220 - - [08/Mar/2017:10:18:10 -0300] "GET /cormun/servlet/hpexe_return? HTTP/1.1" 200 1021
200.86.95.220 - - [08/Mar/2017:10:18:11 -0300] "GET /cormun/servlet/trsolicitudadjuntos?2017,5309, HTTP/1.1" 200 8565
200.86.95.220 - - [08/Mar/2017:10:18:13 -0300] "GET /cormun/servlet/trsolicitudadjuntos?2017,5309, HTTP/1.1" 200 8565
200.86.95.220 - - [08/Mar/2017:10:18:19 -0300] "GET /cormun/servlet/solicitudotadjuntos?INS,2017,5309,,1, HTTP/1.1" 200 5798
200.86.95.220 - - [08/Mar/2017:10:18:20 -0300] "GET /cormun/static/about:blank HTTP/1.1" 404 1011
200.86.95.220 - - [08/Mar/2017:10:18:20 -0300] "GET /cormun/servlet/solicitudotadjuntos?INS,2017,5309,,1, HTTP/1.1" 200 5792
200.86.95.220 - - [08/Mar/2017:10:18:20 -0300] "GET /cormun/servlet/solicitudotadjuntos?083b228a57563b0613209ae9e706123a090d62c91235453538397d3c270942de66c8c69ded089431ce63b5c484a5d3e8,gx-no-cache=1488979169561 HTTP/1.1" 200 30
200.86.95.220 - - [08/Mar/2017:10:18:21 -0300] "POST /cormun/servlet/solicitudotadjuntos?4c13628a767a49184579dc854ee927ab,INS,2017,5309,,1,,gx-no-cache=1488979169649 HTTP/1.1" 200 3670
186.103.159.46 - - [08/Mar/2017:10:18:51 -0300] "GET /cormun/servlet/licenciaspermisos?DSP,13946153,L,20170308000000, HTTP/1.1" 200 6910
186.103.159.46 - - [08/Mar/2017:10:18:52 -0300] "GET /cormun/static/gxcfg.js?2016122619301043 HTTP/1.1" 200 953
186.103.159.46 - - [08/Mar/2017:10:18:52 -0300] "GET /cormun/static/licenciaspermisos.js?2016122619301096 HTTP/1.1" 200 33213
186.103.159.46 - - [08/Mar/2017:10:18:52 -0300] "GET /cormun/servlet/licenciaspermisos?DSP,13946153,L,20170308000000, HTTP/1.1" 200 6910
186.103.159.46 - - [08/Mar/2017:10:19:11 -0300] "POST /cormun/servlet/licenciaspermisos?4bfd02ef125b7b519bf8109e177a1722,DSP,13946153,L,20170308000000,,gx-no-cache=1488979219409 HTTP/1.1" 200 90
186.103.159.46 - - [08/Mar/2017:10:19:11 -0300] "GET /cormun/servlet/hpexe_link HTTP/1.1" 200 986
186.103.159.46 - - [08/Mar/2017:10:19:11 -0300] "GET /cormun/servlet/trlicencias? HTTP/1.1" 200 7943
186.103.159.46 - - [08/Mar/2017:10:19:11 -0300] "GET /cormun/servlet/trlicencias? HTTP/1.1" 200 7941
186.79.226.62 - - [08/Mar/2017:10:19:32 -0300] "POST /cormun/servlet/trautorizarsolicitud?cca81583a24bc6b299473f8720020877,gx-no-cache=1488979239297 HTTP/1.1" 200 115
186.79.226.62 - - [08/Mar/2017:10:19:32 -0300] "GET /cormun/servlet/solicitudotlog?INS,2017,4981,0,ANU, HTTP/1.1" 200 5751
186.79.226.62 - - [08/Mar/2017:10:19:33 -0300] "GET /cormun/servlet/solicitudotlog?INS,2017,4981,0,ANU, HTTP/1.1" 200 5750
186.79.226.62 - - [08/Mar/2017:10:19:33 -0300] "GET /cormun/servlet/solicitudotlog?2b7bb6cebf3122095b5ebd0709305cb0298bbe7008b7d27442e0e33a503a5f8ab7ce3355f38a1c71d964e5b1d68b6eea7ef5931ed19f806e9aaeea6592cfb67a39aedd7cc5ac4d175e35bc4be869bb305cae8584b0bd788c73f1224914e63fa0f6654467e5f109f4dd0511c9a4ac128aed5e7710b155682be2be7f1e3f3250145a63fdf797930a0aa3944b9e2832b8818618a80a4747f38b08fb502d282224f8,gx-no-cache=1488979241500 HTTP/1.1" 200 94
200.86.95.220 - - [08/Mar/2017:10:19:41 -0300] "POST /cormun/servlet/solicitudotadjuntos?gx-no-cache=1488979250202 HTTP/1.1" 200 26
186.103.159.46 - - [08/Mar/2017:10:19:44 -0300] "POST /cormun/servlet/trlicencias?4bfd02ef125b7b519bf8109e177a1722,,gx-no-cache=1488979252783 HTTP/1.1" 200 5279
186.103.159.46 - - [08/Mar/2017:10:19:46 -0300] "POST /cormun/servlet/trlicencias?4bfd02ef125b7b519bf8109e177a1722,,gx-no-cache=1488979255246 HTTP/1.1" 200 5278
200.86.95.220 - - [08/Mar/2017:10:19:49 -0300] "GET /cormun/servlet/solicitudotadjuntos?083b228a57563b0613209ae9e706123a9b4a28d8ff85affea4517138bf33fe9f,gx-no-cache=1488979258494 HTTP/1.1" 200 30
200.86.95.220 - - [08/Mar/2017:10:19:49 -0300] "GET /cormun/servlet/solicitudotadjuntos?083b228a57563b0613209ae9e706123a9b4a28d8ff85affea4517138bf33fe9f,gx-no-cache=1488979258531 HTTP/1.1" 200 30
200.86.95.220 - - [08/Mar/2017:10:19:51 -0300] "POST /cormun/servlet/solicitudotadjuntos?4c13628a767a49184579dc854ee927ab,INS,2017,5309,,1, HTTP/1.1" 200 116
200.86.95.220 - - [08/Mar/2017:10:19:51 -0300] "GET /cormun/servlet/hpexe_return? HTTP/1.1" 200 1021
200.86.95.220 - - [08/Mar/2017:10:19:52 -0300] "GET /cormun/servlet/trsolicitudadjuntos?2017,5309, HTTP/1.1" 200 8783
200.86.95.220 - - [08/Mar/2017:10:19:54 -0300] "GET /cormun/servlet/trsolicitudadjuntos?2017,5309, HTTP/1.1" 200 8781
186.103.159.46 - - [08/Mar/2017:10:19:58 -0300] "POST /cormun/servlet/trlicencias?4bfd02ef125b7b519bf8109e177a1722,,gx-no-cache=1488979266205 HTTP/1.1" 200 5278
186.103.159.46 - - [08/Mar/2017:10:20:00 -0300] "POST /cormun/servlet/trlicencias?4bfd02ef125b7b519bf8109e177a1722,,gx-no-cache=1488979269129 HTTP/1.1" 200 5303
200.86.95.220 - - [08/Mar/2017:10:20:02 -0300] "POST /cormun/servlet/trsolicitudadjuntos?4c13628a767a49184579dc854ee927ab,2017,5309,,gx-no-cache=1488979270766 HTTP/1.1" 200 90
200.86.95.220 - - [08/Mar/2017:10:20:02 -0300] "GET /cormun/servlet/hpexe_link HTTP/1.1" 200 966
200.86.95.220 - - [08/Mar/2017:10:20:02 -0300] "GET /cormun/servlet/trsolicitudot HTTP/1.1" 200 8318
200.86.95.220 - - [08/Mar/2017:10:20:03 -0300] "GET /cormun/servlet/trsolicitudot HTTP/1.1" 200 8316
186.79.226.62 - - [08/Mar/2017:10:20:04 -0300] "POST /cormun/servlet/solicitudotlog?cca81583a24bc6b299473f8720020877,INS,2017,4981,0,ANU,,gx-no-cache=1488979271692 HTTP/1.1" 200 93
186.79.226.62 - - [08/Mar/2017:10:20:04 -0300] "GET /cormun/servlet/hpexe_return? HTTP/1.1" 200 1052
186.79.226.62 - - [08/Mar/2017:10:20:04 -0300] "GET /cormun/servlet/trautorizarsolicitud?gx-no-cache=1488979102705 HTTP/1.1" 200 12641
186.79.226.62 - - [08/Mar/2017:10:20:05 -0300] "GET /cormun/servlet/trautorizarsolicitud?gx-no-cache=1488979102705 HTTP/1.1" 200 12659
186.103.159.46 - - [08/Mar/2017:10:20:07 -0300] "POST /cormun/servlet/trlicencias?4bfd02ef125b7b519bf8109e177a1722,,gx-no-cache=1488979276287 HTTP/1.1" 200 5279
186.103.159.46 - - [08/Mar/2017:10:20:11 -0300] "POST /cormun/servlet/trlicencias?4bfd02ef125b7b519bf8109e177a1722,,gx-no-cache=1488979279432 HTTP/1.1" 200 5303
200.86.95.220 - - [08/Mar/2017:10:20:12 -0300] "POST /cormun/servlet/trsolicitudot?4c13628a767a49184579dc854ee927ab,gx-no-cache=1488979280874 HTTP/1.1" 200 5101
200.86.95.220 - - [08/Mar/2017:10:20:12 -0300] "GET /cormun/static/Shared/jqueryui/images/ui-bg_highlight-soft_100_c6c2c8_1x100.png HTTP/1.1" 404 1117
200.86.95.220 - - [08/Mar/2017:10:20:12 -0300] "GET /cormun/static/Shared/jqueryui/images/ui-icons_82798d_256x240.png HTTP/1.1" 404 1089
200.86.95.220 - - [08/Mar/2017:10:20:12 -0300] "GET /cormun/static/Shared/jqueryui/images/ui-bg_flat_55_fafafa_40x100.png HTTP/1.1" 404 1097
200.86.95.220 - - [08/Mar/2017:10:20:12 -0300] "GET /cormun/static/Shared/jqueryui/images/ui-icons_8d78a5_256x240.png HTTP/1.1" 404 1089
200.86.95.220 - - [08/Mar/2017:10:20:12 -0300] "POST /cormun/servlet/trsolicitudot?4c13628a767a49184579dc854ee927ab,gx-no-cache=1488979281270 HTTP/1.1" 200 5040
186.103.132.155 - - [08/Mar/2017:10:20:12 -0300] "GET /cormun/servlet/hlogin HTTP/1.1" 200 1714
186.103.132.155 - - [08/Mar/2017:10:20:14 -0300] "GET /cormun/servlet/hlogin HTTP/1.1" 200 1714
200.86.95.220 - - [08/Mar/2017:10:20:20 -0300] "GET /cormun/servlet/hlogin HTTP/1.1" 200 1713
200.86.95.220 - - [08/Mar/2017:10:20:30 -0300] "POST /cormun/servlet/hlogin?4c13628a767a49184579dc854ee927ab,gx-no-cache=1488979298793 HTTP/1.1" 200 90
200.86.95.220 - - [08/Mar/2017:10:20:30 -0300] "GET /cormun/servlet/hpexe_link HTTP/1.1" 200 949
200.86.95.220 - - [08/Mar/2017:10:20:30 -0300] "GET /cormun/servlet/hhome HTTP/1.1" 200 3938
186.103.132.155 - - [08/Mar/2017:10:20:31 -0300] "POST /cormun/servlet/hlogin?7bced8b595bc9b2c19a200346027c598,gx-no-cache=1488975700302 HTTP/1.1" 200 90
186.103.132.155 - - [08/Mar/2017:10:20:32 -0300] "GET /cormun/servlet/hpexe_link HTTP/1.1" 200 948
200.86.95.220 - - [08/Mar/2017:10:20:32 -0300] "GET /cormun/servlet/hhome HTTP/1.1" 200 3934
186.103.132.155 - - [08/Mar/2017:10:20:32 -0300] "GET /cormun/servlet/hhome HTTP/1.1" 200 3793
186.103.132.155 - - [08/Mar/2017:10:20:33 -0300] "GET /cormun/servlet/hhome HTTP/1.1" 200 3793
200.86.95.220 - - [08/Mar/2017:10:20:35 -0300] "GET /cormun/servlet/trautorizarsolicitud? HTTP/1.1" 200 8117
200.86.95.220 - - [08/Mar/2017:10:20:36 -0300] "GET /cormun/servlet/trautorizarsolicitud? HTTP/1.1" 200 8115
186.103.132.155 - - [08/Mar/2017:10:20:36 -0300] "GET /cormun/servlet/trsolicitudot? HTTP/1.1" 200 6751
186.103.132.155 - - [08/Mar/2017:10:20:37 -0300] "GET /cormun/static/gxcfg.js?20171191044697 HTTP/1.1" 304 -
186.103.132.155 - - [08/Mar/2017:10:20:37 -0300] "GET /cormun/static/trsolicitudot.js?20171191045625 HTTP/1.1" 304 -
186.103.132.155 - - [08/Mar/2017:10:20:37 -0300] "GET /cormun/servlet/trsolicitudot? HTTP/1.1" 200 6750
186.103.132.155 - - [08/Mar/2017:10:20:39 -0300] "GET /cormun/servlet/solicitudot?INS,0,0, HTTP/1.1" 200 12588
186.103.132.155 - - [08/Mar/2017:10:20:39 -0300] "GET /cormun/static/gxcfg.js?20171191042720 HTTP/1.1" 304 -
186.103.132.155 - - [08/Mar/2017:10:20:39 -0300] "GET /cormun/static/solicitudot.js?2017119104297 HTTP/1.1" 304 -
186.103.132.155 - - [08/Mar/2017:10:20:40 -0300] "GET /cormun/servlet/solicitudot?INS,0,0, HTTP/1.1" 200 12593
200.86.95.220 - - [08/Mar/2017:10:20:48 -0300] "POST /cormun/servlet/trautorizarsolicitud?4c13628a767a49184579dc854ee927ab,,gx-no-cache=1488979316723 HTTP/1.1" 200 4307
200.86.95.220 - - [08/Mar/2017:10:20:48 -0300] "GET /cormun/static/Shared/jqueryui/images/ui-bg_highlight-soft_100_c6c2c8_1x100.png HTTP/1.1" 404 1117
200.86.95.220 - - [08/Mar/2017:10:20:48 -0300] "GET /cormun/static/Shared/jqueryui/images/ui-icons_82798d_256x240.png HTTP/1.1" 404 1089
200.86.95.220 - - [08/Mar/2017:10:20:48 -0300] "GET /cormun/static/Shared/jqueryui/images/ui-bg_flat_55_fafafa_40x100.png HTTP/1.1" 404 1097
200.86.95.220 - - [08/Mar/2017:10:20:48 -0300] "GET /cormun/static/Shared/jqueryui/images/ui-icons_8d78a5_256x240.png HTTP/1.1" 404 1089
200.86.95.220 - - [08/Mar/2017:10:20:48 -0300] "POST /cormun/servlet/trautorizarsolicitud?4c13628a767a49184579dc854ee927ab,,gx-no-cache=1488979317175 HTTP/1.1" 200 4089
186.103.132.155 - - [08/Mar/2017:10:21:05 -0300] "GET /cormun/servlet/prfichaempleado?,MD,,gxPopupLevel%3D0%3B HTTP/1.1" 200 8848
186.103.132.155 - - [08/Mar/2017:10:22:15 -0300] "POST /cormun/servlet/prfichaempleado?7bced8b595bc9b2c19a200346027c598,,MD,,gxPopupLevel%3D0%3B,gx-no-cache=1488975803826 HTTP/1.1" 200 3394
186.103.132.155 - - [08/Mar/2017:10:22:20 -0300] "POST /cormun/servlet/solicitudot?gx-no-cache=1488975808922 HTTP/1.1" 200 3184
186.103.132.155 - - [08/Mar/2017:10:22:20 -0300] "POST /cormun/servlet/solicitudot?7bced8b595bc9b2c19a200346027c598,INS,0,0,,gx-no-cache=1488975809214 HTTP/1.1" 200 9775
186.103.132.155 - - [08/Mar/2017:10:22:20 -0300] "GET /cormun/servlet/solicitudot?6c6cc43e7687d7d004cbbbaf00f75f47448333504f732c7b918256714adf1d465cdba3d886eee2895804e67e518ab76d,gx-no-cache=1488975809537 HTTP/1.1" 200 30
186.103.159.46 - - [08/Mar/2017:10:23:15 -0300] "GET /cormun/servlet/trsolicitudot? HTTP/1.1" 200 6726
186.103.159.46 - - [08/Mar/2017:10:23:17 -0300] "GET /cormun/servlet/trsolicitudot? HTTP/1.1" 200 6726
186.103.159.46 - - [08/Mar/2017:10:23:22 -0300] "GET /cormun/servlet/trsolicitudot? HTTP/1.1" 200 6726
186.103.159.46 - - [08/Mar/2017:10:23:23 -0300] "GET /cormun/servlet/trsolicitudot? HTTP/1.1" 200 6726
186.103.159.46 - - [08/Mar/2017:10:23:26 -0300] "GET /cormun/servlet/solicitudot?INS,0,0, HTTP/1.1" 200 12574
65.55.210.36 - - [08/Mar/2017:10:23:26 -0300] "GET /cormun/static/Resources/PXToolsButtonBackground2.png HTTP/1.1" 200 1181
65.55.210.36 - - [08/Mar/2017:10:23:27 -0300] "GET /cormun/static/solicitudot.js?2017119104297 HTTP/1.1" 200 63948
186.103.159.46 - - [08/Mar/2017:10:23:27 -0300] "GET /cormun/servlet/solicitudot?INS,0,0, HTTP/1.1" 200 12579
65.55.210.36 - - [08/Mar/2017:10:23:28 -0300] "GET /cormun/static/hpexe_recentlink.js?201610171694390 HTTP/1.1" 200 2144
65.55.210.36 - - [08/Mar/2017:10:23:28 -0300] "GET /cormun/servlet/hlogin HTTP/1.1" 200 1792
65.55.210.36 - - [08/Mar/2017:10:23:29 -0300] "GET /cormun/static/Resources/Spanish/PXTools.css?167811 HTTP/1.1" 200 89042
186.103.132.155 - - [08/Mar/2017:10:23:32 -0300] "POST /cormun/servlet/solicitudot?gx-no-cache=1488975880911 HTTP/1.1" 200 255
186.103.132.155 - - [08/Mar/2017:10:23:32 -0300] "GET /cormun/servlet/solicitudot?6c6cc43e7687d7d004cbbbaf00f75f47930a55f8fadc5b27448c05ca63f73f6709470208101588c2b64a52e0e36b43670b1365bf840ef81e7f853612fea87014a7841cb26363eee96077851b586c3df04870dc8f08278e31636fee780581a93f7ee97e9a52149874916f4933c51d23e2b37cf281c342710d535bd48f481243ee779ee14e180eaca2727743731c228c534dc05ac2c274c4d3dff344be141e24cf1d59f6fff754cb03e9b3f59a4b71b12e2254055653f2bc33040e36a96d945a95b82b27cf14549913ffda8a7f011a31e41a0c6b63111fbd07762df4bfbcd9943f43617fe93e572f61ef8a4368cc25b2427a7327605847351557451902f0d9416a46c771707447c3473d2ca488187465b62acb235dacf1707e9f75f1576f825a3c99b0f706b73b94a2005ffcffdec1a0ed6d5b4a645c78437db1849cae7e497b8a555642f38f287d11d8dcd267de57d4480ef8df6205177298e9f9c8919e041e5c631ff132c196909450cd856db58416f6dab91be30fb4b4e59f3c2d36783f07dc,gx-no-cache=1488975881136 HTTP/1.1" 200 30
186.103.132.155 - - [08/Mar/2017:10:23:32 -0300] "POST /cormun/servlet/solicitudot?gx-no-cache=1488975881308 HTTP/1.1" 200 30
186.103.132.155 - - [08/Mar/2017:10:23:32 -0300] "POST /cormun/servlet/solicitudot?gx-no-cache=1488975881432 HTTP/1.1" 200 1291
186.103.132.155 - - [08/Mar/2017:10:23:33 -0300] "POST /cormun/servlet/solicitudot?gx-no-cache=1488975881636 HTTP/1.1" 200 38
200.111.191.210 - - [08/Mar/2017:10:23:50 -0300] "POST /cormun/servlet/trsolicitudot?070cc0eced71fa9a5072ba2bd426d2f3,gx-no-cache=1488983014580 HTTP/1.1" 200 3684
200.111.191.210 - - [08/Mar/2017:10:23:56 -0300] "POST /cormun/servlet/trsolicitudot?070cc0eced71fa9a5072ba2bd426d2f3,gx-no-cache=1488983019980 HTTP/1.1" 200 5420
192.168.10.89 - - [08/Mar/2017:10:23:57 -0300] "POST /cormun/servlet/trsolicitudgral?e5bdcae641cc92ca5da0c4fbe6cae67f,gx-no-cache=1488982720963 HTTP/1.1" 200 8257
192.168.10.62 - - [08/Mar/2017:10:24:00 -0300] "POST /cormun/servlet/trsolicitudgral?a66e9c7fc2e792a6381d94cb63048e7e,gx-no-cache=1488982724827 HTTP/1.1" 200 4964
186.103.159.46 - - [08/Mar/2017:10:24:01 -0300] "POST /cormun/servlet/solicitudot?gx-no-cache=1488979511442 HTTP/1.1" 200 3177
186.103.159.46 - - [08/Mar/2017:10:24:02 -0300] "POST /cormun/servlet/solicitudot?6e19d6ce2ba915bc8b4147463f6c8a48,INS,0,0,,gx-no-cache=1488979511768 HTTP/1.1" 200 9772
192.168.10.62 - - [08/Mar/2017:10:24:04 -0300] "POST /cormun/servlet/trsolicitudgral?a66e9c7fc2e792a6381d94cb63048e7e,gx-no-cache=1488982728875 HTTP/1.1" 200 6995
186.103.159.46 - - [08/Mar/2017:10:24:11 -0300] "GET /cormun/servlet/solicitudot?2e2bc14e334a25e9b716903cf27c110223c5737b545237db2a2b988008c96ea961a6249c130e9d032f62a6104e15de58,gx-no-cache=1488979520848 HTTP/1.1" 200 30
186.103.159.46 - - [08/Mar/2017:10:24:11 -0300] "POST /cormun/servlet/solicitudot?gx-no-cache=1488979520937 HTTP/1.1" 200 297
186.103.159.46 - - [08/Mar/2017:10:24:11 -0300] "GET /cormun/servlet/solicitudot?2e2bc14e334a25e9b716903cf27c1102a11a95c9f398cd9c324f1a62198fcf7cf48d0ea010ac155f3637a11d52991597c32e1ae702eff50205314d9bd3bceb26368cb0985a69df3350d3373e03482de4768f47f9e6b9e62797372ad0b5277dacf7a7b63001b3b43e0bcad2623a13fccd3098fbd320c9b9eabca3eea3004c3082b95b1a67a432eed4b4db973514bfd2d405cbb71d0dd2bef2324849147d58288143542d0b9a322c42d5079b7b63407453efef8b57ad75f8da4abb32f35fe8e066122a695d2d920afabaf6e10b7ea49b61228c13c2be164cd8293324edbf80b74346abfbc2d48052430706b3fc1e21d295ff3b58561e0af94cd5ec92b335243a57531fb8602b24fd15425e26e3ec238a331934d8c80da4dd612885c574a4e0e47d5895ef3b1a08cd92208ad7109ba2f7cfdc68e07cc2f33b20845a6149a7dec62013f789d3af5e53895b4ddcc6d55f56e5cb43b7a8c5770df18707afd97f378196d32fae1fb3738ce417671102a11194d20bc134be25eddd566c5a38f161047727178befd0715678fa29bc2437cfd15e0d,gx-no-cache=1488979521126 HTTP/1.1" 200 30
192.168.10.62 - - [08/Mar/2017:10:24:11 -0300] "POST /cormun/servlet/trsolicitudgral?a66e9c7fc2e792a6381d94cb63048e7e,gx-no-cache=1488982735540 HTTP/1.1" 200 105
192.168.10.62 - - [08/Mar/2017:10:24:11 -0300] "POST /cormun/servlet/trsolicitudgral?a66e9c7fc2e792a6381d94cb63048e7e,gx-no-cache=1488982735672 HTTP/1.1" 200 6977
192.168.10.62 - - [08/Mar/2017:10:24:11 -0300] "GET /cormun/SolicitudGral-4313.xls HTTP/1.1" 200 6144
192.168.10.89 - - [08/Mar/2017:10:24:29 -0300] "POST /cormun/servlet/trsolicitudgral?e5bdcae641cc92ca5da0c4fbe6cae67f,gx-no-cache=1488982753092 HTTP/1.1" 200 5410
192.168.10.89 - - [08/Mar/2017:10:24:33 -0300] "POST /cormun/servlet/trsolicitudgral?e5bdcae641cc92ca5da0c4fbe6cae67f,gx-no-cache=1488982757773 HTTP/1.1" 200 8258
186.103.159.46 - - [08/Mar/2017:10:24:45 -0300] "POST /cormun/servlet/solicitudot?gx-no-cache=1488979555090 HTTP/1.1" 200 30
186.103.159.46 - - [08/Mar/2017:10:24:45 -0300] "POST /cormun/servlet/solicitudot?gx-no-cache=1488979555217 HTTP/1.1" 200 235
186.103.159.46 - - [08/Mar/2017:10:24:45 -0300] "POST /cormun/servlet/solicitudot?gx-no-cache=1488979555331 HTTP/1.1" 200 38
186.103.159.46 - - [08/Mar/2017:10:24:57 -0300] "POST /cormun/servlet/solicitudot?gx-no-cache=1488979566835 HTTP/1.1" 200 30
186.79.226.62 - - [08/Mar/2017:10:25:58 -0300] "POST /cormun/servlet/trautorizarsolicitud?cca81583a24bc6b299473f8720020877,gx-no-cache=1488979102705,gx-no-cache=1488979625364 HTTP/1.1" 200 9592
186.79.226.62 - - [08/Mar/2017:10:25:58 -0300] "GET /cormun/static/Shared/jqueryui/images/ui-bg_highlight-soft_100_c6c2c8_1x100.png HTTP/1.1" 404 1117
186.79.226.62 - - [08/Mar/2017:10:25:58 -0300] "GET /cormun/static/Shared/jqueryui/images/ui-icons_82798d_256x240.png HTTP/1.1" 404 1089
186.79.226.62 - - [08/Mar/2017:10:25:58 -0300] "GET /cormun/static/Shared/jqueryui/images/ui-bg_flat_55_fafafa_40x100.png HTTP/1.1" 404 1097
186.79.226.62 - - [08/Mar/2017:10:25:58 -0300] "GET /cormun/static/Shared/jqueryui/images/ui-icons_8d78a5_256x240.png HTTP/1.1" 404 1089
186.79.226.62 - - [08/Mar/2017:10:25:59 -0300] "POST /cormun/servlet/trautorizarsolicitud?cca81583a24bc6b299473f8720020877,gx-no-cache=1488979102705,gx-no-cache=1488979626958 HTTP/1.1" 200 9534
186.79.226.62 - - [08/Mar/2017:10:26:05 -0300] "POST /cormun/servlet/trautorizarsolicitud?cca81583a24bc6b299473f8720020877,gx-no-cache=1488979102705,gx-no-cache=1488979632341 HTTP/1.1" 200 9296
186.79.226.62 - - [08/Mar/2017:10:26:07 -0300] "POST /cormun/servlet/trautorizarsolicitud?cca81583a24bc6b299473f8720020877,gx-no-cache=1488979102705,gx-no-cache=1488979633766 HTTP/1.1" 200 9241
186.79.226.62 - - [08/Mar/2017:10:26:12 -0300] "POST /cormun/servlet/trautorizarsolicitud?cca81583a24bc6b299473f8720020877,gx-no-cache=1488979102705,gx-no-cache=1488979639258 HTTP/1.1" 200 9013
186.79.226.62 - - [08/Mar/2017:10:26:13 -0300] "POST /cormun/servlet/trautorizarsolicitud?cca81583a24bc6b299473f8720020877,gx-no-cache=1488979102705,gx-no-cache=1488979640366 HTTP/1.1" 200 8956
186.79.226.62 - - [08/Mar/2017:10:26:17 -0300] "POST /cormun/servlet/trautorizarsolicitud?cca81583a24bc6b299473f8720020877,gx-no-cache=1488979102705,gx-no-cache=1488979645061 HTTP/1.1" 200 8711
186.79.226.62 - - [08/Mar/2017:10:26:19 -0300] "POST /cormun/servlet/trautorizarsolicitud?cca81583a24bc6b299473f8720020877,gx-no-cache=1488979102705,gx-no-cache=1488979646248 HTTP/1.1" 200 8655
186.79.226.62 - - [08/Mar/2017:10:26:22 -0300] "POST /cormun/servlet/trautorizarsolicitud?cca81583a24bc6b299473f8720020877,gx-no-cache=1488979102705,gx-no-cache=1488979649886 HTTP/1.1" 200 8379
186.79.226.62 - - [08/Mar/2017:10:26:24 -0300] "POST /cormun/servlet/trautorizarsolicitud?cca81583a24bc6b299473f8720020877,gx-no-cache=1488979102705,gx-no-cache=1488979651315 HTTP/1.1" 200 8323
186.79.226.62 - - [08/Mar/2017:10:26:27 -0300] "POST /cormun/servlet/trautorizarsolicitud?cca81583a24bc6b299473f8720020877,gx-no-cache=1488979102705,gx-no-cache=1488979655261 HTTP/1.1" 200 8017
186.79.226.62 - - [08/Mar/2017:10:26:28 -0300] "POST /cormun/servlet/trautorizarsolicitud?cca81583a24bc6b299473f8720020877,gx-no-cache=1488979102705,gx-no-cache=1488979656302 HTTP/1.1" 200 7956
186.79.226.62 - - [08/Mar/2017:10:26:33 -0300] "POST /cormun/servlet/trautorizarsolicitud?cca81583a24bc6b299473f8720020877,gx-no-cache=1488979102705,gx-no-cache=1488979661179 HTTP/1.1" 200 7667
186.79.226.62 - - [08/Mar/2017:10:26:34 -0300] "POST /cormun/servlet/trautorizarsolicitud?cca81583a24bc6b299473f8720020877,gx-no-cache=1488979102705,gx-no-cache=1488979662195 HTTP/1.1" 200 7611
186.79.226.62 - - [08/Mar/2017:10:26:37 -0300] "POST /cormun/servlet/trautorizarsolicitud?cca81583a24bc6b299473f8720020877,gx-no-cache=1488979102705,gx-no-cache=1488979665157 HTTP/1.1" 200 7273
186.79.226.62 - - [08/Mar/2017:10:26:39 -0300] "POST /cormun/servlet/trautorizarsolicitud?cca81583a24bc6b299473f8720020877,gx-no-cache=1488979102705,gx-no-cache=1488979666143 HTTP/1.1" 200 7217
186.79.226.62 - - [08/Mar/2017:10:26:46 -0300] "POST /cormun/servlet/trautorizarsolicitud?cca81583a24bc6b299473f8720020877,gx-no-cache=1488979102705,gx-no-cache=1488979674037 HTTP/1.1" 200 6884
186.79.226.62 - - [08/Mar/2017:10:26:47 -0300] "POST /cormun/servlet/trautorizarsolicitud?cca81583a24bc6b299473f8720020877,gx-no-cache=1488979102705,gx-no-cache=1488979675035 HTTP/1.1" 200 6828
186.79.226.62 - - [08/Mar/2017:10:26:50 -0300] "POST /cormun/servlet/trautorizarsolicitud?cca81583a24bc6b299473f8720020877,gx-no-cache=1488979102705,gx-no-cache=1488979677647 HTTP/1.1" 200 115
186.79.226.62 - - [08/Mar/2017:10:26:50 -0300] "GET /cormun/servlet/solicitudotlog?INS,2017,5060,0,REC, HTTP/1.1" 200 5773
186.79.226.62 - - [08/Mar/2017:10:26:50 -0300] "GET /cormun/servlet/solicitudotlog?INS,2017,5060,0,REC, HTTP/1.1" 200 5749
186.79.226.62 - - [08/Mar/2017:10:26:51 -0300] "GET /cormun/servlet/solicitudotlog?2b7bb6cebf3122095b5ebd0709305cb0fb9ad0c7394b6f337aa42eb144029165b7ce3355f38a1c71d964e5b1d68b6eea7ef5931ed19f806e9aaeea6592cfb67a39aedd7cc5ac4d175e35bc4be869bb305cae8584b0bd788c73f1224914e63fa0f6654467e5f109f4dd0511c9a4ac128aed5e7710b155682be2be7f1e3f3250145a63fdf797930a0aa3944b9e2832b8818618a80a4747f38b08fb502d282224f8,gx-no-cache=1488979679182 HTTP/1.1" 200 94
186.79.226.62 - - [08/Mar/2017:10:27:08 -0300] "POST /cormun/servlet/solicitudotlog?cca81583a24bc6b299473f8720020877,INS,2017,5060,0,REC,,gx-no-cache=1488979696399 HTTP/1.1" 200 93
186.79.226.62 - - [08/Mar/2017:10:27:08 -0300] "GET /cormun/servlet/hpexe_return? HTTP/1.1" 200 1051
186.79.226.62 - - [08/Mar/2017:10:27:09 -0300] "GET /cormun/servlet/trautorizarsolicitud?gx-no-cache=1488979102705 HTTP/1.1" 200 9277
186.79.226.62 - - [08/Mar/2017:10:27:09 -0300] "GET /cormun/servlet/trautorizarsolicitud?gx-no-cache=1488979102705 HTTP/1.1" 200 9294
186.79.226.62 - - [08/Mar/2017:10:27:22 -0300] "POST /cormun/servlet/trautorizarsolicitud?cca81583a24bc6b299473f8720020877,gx-no-cache=1488979102705,gx-no-cache=1488979709462 HTTP/1.1" 200 6244
186.79.226.62 - - [08/Mar/2017:10:27:22 -0300] "GET /cormun/static/Shared/jqueryui/images/ui-bg_highlight-soft_100_c6c2c8_1x100.png HTTP/1.1" 404 1117
