186.103.132.155 - - [08/Mar/2017:12:23:34 -0300] "POST /cormun/servlet/solicitudotadjuntos?7bced8b595bc9b2c19a200346027c598,INS,2017,5344,,2,,gx-no-cache=1488983082755 HTTP/1.1" 200 3815
192.168.10.60 - - [08/Mar/2017:12:23:34 -0300] "POST /cormun/servlet/trautorizarot?1c067c4a05a17cce14934acd01fc9eb4,,gx-no-cache=1488985882139 HTTP/1.1" 200 5146
186.103.159.182 - - [08/Mar/2017:12:23:42 -0300] "GET /cormun/servlet/solicitudot?d513c10847bf977b0e6f91091845b4ed207c13b077d2a890932b491b7a4a2813c75f35dbe44e48b22a3ef907aa4567fd63f79e974557f415e856f403c77a2e6f377e3af051a267346fb3a93b0bda5b5e8c25ad3adf83ac8a925557df98bfb6c5aee32f1ca9f3308eae3b423805e6304a86317b6d1eff34ce48ddd9e444db73c406d35f999dcbb4973f618faae912e774469157a7f46301eada0ed451c9cfdba64e71c2a616ab449bed23d956b0730588,gx-no-cache=1488986692646 HTTP/1.1" 200 30
186.103.159.182 - - [08/Mar/2017:12:23:43 -0300] "POST /cormun/servlet/solicitudot?f4139f5be8a4522b64dd76bb35e959d5,INS,0,0,,gx-no-cache=1488986692727 HTTP/1.1" 200 93
186.103.159.182 - - [08/Mar/2017:12:23:43 -0300] "GET /cormun/servlet/hpexe_return? HTTP/1.1" 200 1021
186.103.159.182 - - [08/Mar/2017:12:23:43 -0300] "GET /cormun/servlet/trsolicitudot?gx-no-cache=1488977509025 HTTP/1.1" 200 8545
186.103.159.182 - - [08/Mar/2017:12:23:45 -0300] "GET /cormun/servlet/trsolicitudot?gx-no-cache=1488977509025 HTTP/1.1" 200 8563
186.103.159.46 - - [08/Mar/2017:12:23:45 -0300] "POST /cormun/servlet/trautorizarsolicitud?f4f0ade0c1a05099009e53be5bf6b844,,gx-no-cache=1488986693744 HTTP/1.1" 200 3889
186.103.132.155 - - [08/Mar/2017:12:23:49 -0300] "POST /cormun/servlet/solicitudotadjuntos?gx-no-cache=1488983097613 HTTP/1.1" 200 26
186.103.159.182 - - [08/Mar/2017:12:23:52 -0300] "POST /cormun/servlet/trsolicitudot?f4139f5be8a4522b64dd76bb35e959d5,gx-no-cache=1488977509025,gx-no-cache=1488986702487 HTTP/1.1" 200 106
186.103.159.182 - - [08/Mar/2017:12:23:52 -0300] "GET /cormun/servlet/trsolicitudadjuntos?2017,5346, HTTP/1.1" 200 6138
186.103.159.182 - - [08/Mar/2017:12:23:53 -0300] "GET /cormun/servlet/trsolicitudadjuntos?2017,5346, HTTP/1.1" 200 6116
186.103.159.46 - - [08/Mar/2017:12:24:01 -0300] "GET /cormun/servlet/avisualizareventos?2017,5284,ENV,20170306,20170308,PU HTTP/1.1" 200 1123
186.103.248.213 - - [08/Mar/2017:12:24:02 -0300] "GET /cormun/servlet/solicitudotadjuntos?24c183948fe59827d4b0081b75069ad2edc93a462aa26576f86cf0d2c3aacbf3,gx-no-cache=1488986711654 HTTP/1.1" 200 30
186.103.248.213 - - [08/Mar/2017:12:24:02 -0300] "GET /cormun/servlet/solicitudotadjuntos?24c183948fe59827d4b0081b75069ad2edc93a462aa26576f86cf0d2c3aacbf3,gx-no-cache=1488986711749 HTTP/1.1" 200 30
186.103.159.182 - - [08/Mar/2017:12:24:09 -0300] "GET /cormun/servlet/solicitudotadjuntos?INS,2017,5346,,1, HTTP/1.1" 200 6049
186.103.159.182 - - [08/Mar/2017:12:24:09 -0300] "GET /cormun/static/about:blank HTTP/1.1" 404 1011
186.103.132.155 - - [08/Mar/2017:12:24:10 -0300] "POST /cormun/servlet/solicitudotadjuntos?7bced8b595bc9b2c19a200346027c598,INS,2017,5344,,2, HTTP/1.1" 200 116
186.103.132.155 - - [08/Mar/2017:12:24:10 -0300] "GET /cormun/servlet/hpexe_return? HTTP/1.1" 200 1019
186.103.159.182 - - [08/Mar/2017:12:24:11 -0300] "GET /cormun/servlet/solicitudotadjuntos?INS,2017,5346,,1, HTTP/1.1" 200 6042
186.103.132.155 - - [08/Mar/2017:12:24:11 -0300] "GET /cormun/servlet/trsolicitudadjuntos?2017,5344, HTTP/1.1" 200 8005
186.103.159.182 - - [08/Mar/2017:12:24:12 -0300] "GET /cormun/servlet/solicitudotadjuntos?d513c10847bf977b0e6f91091845b4ed1ace472f5989a7fc8b3809be4b068281753318b5c7c57c8f2ca38720940753c1,gx-no-cache=1488986722220 HTTP/1.1" 200 30
186.103.159.182 - - [08/Mar/2017:12:24:12 -0300] "POST /cormun/servlet/solicitudotadjuntos?f4139f5be8a4522b64dd76bb35e959d5,INS,2017,5346,,1,,gx-no-cache=1488986722277 HTTP/1.1" 200 3849
186.103.132.155 - - [08/Mar/2017:12:24:12 -0300] "GET /cormun/servlet/trsolicitudadjuntos?2017,5344, HTTP/1.1" 200 8000
186.103.248.213 - - [08/Mar/2017:12:24:13 -0300] "POST /cormun/servlet/solicitudotadjuntos?6ff34291e13182b66c6ffab00668aba2,INS,2017,5345,,1, HTTP/1.1" 200 116
186.103.248.213 - - [08/Mar/2017:12:24:13 -0300] "GET /cormun/servlet/hpexe_return? HTTP/1.1" 200 1024
186.103.248.213 - - [08/Mar/2017:12:24:13 -0300] "GET /cormun/servlet/trsolicitudadjuntos?2017,5345, HTTP/1.1" 200 7972
186.103.248.213 - - [08/Mar/2017:12:24:14 -0300] "GET /cormun/servlet/trsolicitudadjuntos?2017,5345, HTTP/1.1" 200 7965
186.103.159.182 - - [08/Mar/2017:12:24:17 -0300] "POST /cormun/servlet/solicitudotadjuntos?gx-no-cache=1488986727958 HTTP/1.1" 200 26
186.103.132.155 - - [08/Mar/2017:12:24:18 -0300] "GET /cormun/servlet/trsolicitudot? HTTP/1.1" 200 8037
186.103.132.155 - - [08/Mar/2017:12:24:18 -0300] "GET /cormun/servlet/trsolicitudot? HTTP/1.1" 200 8031
186.103.248.213 - - [08/Mar/2017:12:24:20 -0300] "GET /cormun/servlet/solicitudotadjuntos?INS,2017,5345,,1, HTTP/1.1" 200 5796
186.103.248.213 - - [08/Mar/2017:12:24:20 -0300] "GET /cormun/static/about:blank HTTP/1.1" 404 1011
186.103.248.213 - - [08/Mar/2017:12:24:20 -0300] "GET /cormun/servlet/solicitudotadjuntos?INS,2017,5345,,1, HTTP/1.1" 200 5790
186.103.248.213 - - [08/Mar/2017:12:24:20 -0300] "GET /cormun/servlet/solicitudotadjuntos?24c183948fe59827d4b0081b75069ad24f16d59e98ac47ebb02488af4f7375ecf7815b6c652637cec254488dbdcca2db,gx-no-cache=1488986730097 HTTP/1.1" 200 30
186.103.248.213 - - [08/Mar/2017:12:24:21 -0300] "POST /cormun/servlet/solicitudotadjuntos?6ff34291e13182b66c6ffab00668aba2,INS,2017,5345,,1,,gx-no-cache=1488986730192 HTTP/1.1" 200 3641
186.103.132.155 - - [08/Mar/2017:12:24:21 -0300] "POST /cormun/servlet/trsolicitudot?7bced8b595bc9b2c19a200346027c598,,gx-no-cache=1488983129882 HTTP/1.1" 200 106
186.103.132.155 - - [08/Mar/2017:12:24:22 -0300] "GET /cormun/servlet/solicitudot?DLT,2017,5344, HTTP/1.1" 200 9394
186.103.132.155 - - [08/Mar/2017:12:24:22 -0300] "GET /cormun/static/Shared/jqueryui/images/ui-bg_highlight-soft_100_c6c2c8_1x100.png HTTP/1.1" 404 1117
186.103.132.155 - - [08/Mar/2017:12:24:22 -0300] "GET /cormun/static/Shared/jqueryui/images/ui-bg_flat_55_fafafa_40x100.png HTTP/1.1" 404 1097
186.103.132.155 - - [08/Mar/2017:12:24:22 -0300] "GET /cormun/static/Shared/jqueryui/images/ui-icons_8d78a5_256x240.png HTTP/1.1" 404 1089
186.103.132.155 - - [08/Mar/2017:12:24:22 -0300] "GET /cormun/static/Shared/jqueryui/images/ui-icons_82798d_256x240.png HTTP/1.1" 404 1089
186.103.132.155 - - [08/Mar/2017:12:24:22 -0300] "GET /cormun/servlet/solicitudot?DLT,2017,5344, HTTP/1.1" 200 9403
186.103.248.213 - - [08/Mar/2017:12:24:25 -0300] "POST /cormun/servlet/solicitudotadjuntos?gx-no-cache=1488986734290 HTTP/1.1" 200 26
186.79.146.0 - - [08/Mar/2017:12:24:25 -0300] "POST /cormun/servlet/permisosadjuntos?4170dba77920b8039b8638df89912562,INS,15996249,P,20170303130044,, HTTP/1.1" 200 116
186.79.146.0 - - [08/Mar/2017:12:24:31 -0300] "GET /cormun/servlet/hpexe_return? HTTP/1.1" 200 1036
186.103.248.213 - - [08/Mar/2017:12:24:34 -0300] "GET /cormun/servlet/solicitudotadjuntos?24c183948fe59827d4b0081b75069ad2edc93a462aa26576f86cf0d2c3aacbf3,gx-no-cache=1488986743334 HTTP/1.1" 200 30
186.103.248.213 - - [08/Mar/2017:12:24:34 -0300] "GET /cormun/servlet/solicitudotadjuntos?24c183948fe59827d4b0081b75069ad2edc93a462aa26576f86cf0d2c3aacbf3,gx-no-cache=1488986743429 HTTP/1.1" 200 30
186.103.132.155 - - [08/Mar/2017:12:24:36 -0300] "POST /cormun/servlet/solicitudot?7bced8b595bc9b2c19a200346027c598,DLT,2017,5344,,gx-no-cache=1488983144851 HTTP/1.1" 200 93
186.103.132.155 - - [08/Mar/2017:12:24:36 -0300] "GET /cormun/servlet/hpexe_return? HTTP/1.1" 200 1006
186.103.132.155 - - [08/Mar/2017:12:24:37 -0300] "GET /cormun/servlet/trsolicitudot HTTP/1.1" 200 8035
186.103.132.155 - - [08/Mar/2017:12:24:37 -0300] "GET /cormun/servlet/trsolicitudot HTTP/1.1" 200 8031
186.79.146.0 - - [08/Mar/2017:12:24:37 -0300] "GET /cormun/servlet/trpermisosadjuntos?15996249,20170303130044,P, HTTP/1.1" 200 7054
186.103.132.155 - - [08/Mar/2017:12:24:39 -0300] "POST /cormun/servlet/trsolicitudot?7bced8b595bc9b2c19a200346027c598,gx-no-cache=1488983148062 HTTP/1.1" 200 107
186.103.132.155 - - [08/Mar/2017:12:24:39 -0300] "GET /cormun/servlet/trsolicitudadjuntos?2017,5344, HTTP/1.1" 200 8001
186.103.132.155 - - [08/Mar/2017:12:24:40 -0300] "GET /cormun/servlet/trsolicitudadjuntos?2017,5344, HTTP/1.1" 200 7999
186.103.132.155 - - [08/Mar/2017:12:24:43 -0300] "GET /cormun/servlet/solicitudotadjuntos?DLT,2017,5344,TITULO,0, HTTP/1.1" 200 5828
186.103.132.155 - - [08/Mar/2017:12:24:44 -0300] "GET /cormun/servlet/solicitudotadjuntos?DLT,2017,5344,TITULO,0, HTTP/1.1" 200 5821
186.103.132.155 - - [08/Mar/2017:12:24:44 -0300] "GET /cormun/PublicTempStorage/curriculum_jorge_valdivia7113595.doc HTTP/1.1" 200 134144
186.103.159.182 - - [08/Mar/2017:12:24:46 -0300] "GET /cormun/servlet/solicitudotadjuntos?d513c10847bf977b0e6f91091845b4ed45dc65f7dd8d34721b440db6dbb3e29f,gx-no-cache=1488986756536 HTTP/1.1" 200 30
186.103.159.182 - - [08/Mar/2017:12:24:46 -0300] "GET /cormun/servlet/solicitudotadjuntos?d513c10847bf977b0e6f91091845b4ed45dc65f7dd8d34721b440db6dbb3e29f,gx-no-cache=1488986756583 HTTP/1.1" 200 30
186.103.159.182 - - [08/Mar/2017:12:24:47 -0300] "POST /cormun/servlet/solicitudotadjuntos?f4139f5be8a4522b64dd76bb35e959d5,INS,2017,5346,,1, HTTP/1.1" 200 116
186.103.159.182 - - [08/Mar/2017:12:24:48 -0300] "GET /cormun/servlet/hpexe_return? HTTP/1.1" 200 1020
186.79.89.183 - - [08/Mar/2017:12:24:48 -0300] "GET /cormun/servlet/hlogin HTTP/1.1" 200 1719
186.103.159.46 - - [08/Mar/2017:12:24:48 -0300] "POST /cormun/servlet/trvisualizadoreventos?191af7590493ba01f816925c6ab503f8,,gx-no-cache=1488986757961 HTTP/1.1" 200 111
186.103.159.182 - - [08/Mar/2017:12:24:48 -0300] "GET /cormun/servlet/trsolicitudadjuntos?2017,5346, HTTP/1.1" 200 8236
186.103.159.46 - - [08/Mar/2017:12:24:48 -0300] "POST /cormun/servlet/trvisualizadoreventos?191af7590493ba01f816925c6ab503f8,,gx-no-cache=1488986758150 HTTP/1.1" 200 4104
186.103.132.155 - - [08/Mar/2017:12:24:48 -0300] "POST /cormun/servlet/solicitudotadjuntos?7bced8b595bc9b2c19a200346027c598,DLT,2017,5344,TITULO,0,,gx-no-cache=1488983157067 HTTP/1.1" 200 93
186.103.159.46 - - [08/Mar/2017:12:24:48 -0300] "GET /cormun/VisualizadorEventos-8757.xls HTTP/1.1" 200 4608
186.103.132.155 - - [08/Mar/2017:12:24:48 -0300] "GET /cormun/servlet/hpexe_return? HTTP/1.1" 200 1025
186.103.132.155 - - [08/Mar/2017:12:24:48 -0300] "GET /cormun/servlet/trsolicitudadjuntos?2017,5344, HTTP/1.1" 200 8004
186.103.132.155 - - [08/Mar/2017:12:24:49 -0300] "GET /cormun/servlet/trsolicitudadjuntos?2017,5344, HTTP/1.1" 200 7999
186.79.89.183 - - [08/Mar/2017:12:24:49 -0300] "GET /cormun/servlet/hlogin HTTP/1.1" 200 1724
186.103.159.182 - - [08/Mar/2017:12:24:49 -0300] "GET /cormun/servlet/trsolicitudadjuntos?2017,5346, HTTP/1.1" 200 8231
186.79.146.0 - - [08/Mar/2017:12:24:51 -0300] "GET /cormun/servlet/trpermisosadjuntos?15996249,20170303130044,P, HTTP/1.1" 200 7047
186.103.159.182 - - [08/Mar/2017:12:24:52 -0300] "GET /cormun/servlet/solicitudotadjuntos?INS,2017,5346,,1, HTTP/1.1" 200 6047
186.103.132.155 - - [08/Mar/2017:12:24:52 -0300] "GET /cormun/servlet/solicitudotadjuntos?DLT,2017,5344,TITULO,0, HTTP/1.1" 200 5828
186.103.159.182 - - [08/Mar/2017:12:24:53 -0300] "GET /cormun/static/about:blank HTTP/1.1" 404 1011
186.103.248.213 - - [08/Mar/2017:12:24:53 -0300] "POST /cormun/servlet/solicitudotadjuntos?6ff34291e13182b66c6ffab00668aba2,INS,2017,5345,,1, HTTP/1.1" 200 116
186.103.248.213 - - [08/Mar/2017:12:24:53 -0300] "GET /cormun/servlet/hpexe_return? HTTP/1.1" 200 1024
186.103.132.155 - - [08/Mar/2017:12:24:53 -0300] "GET /cormun/servlet/solicitudotadjuntos?DLT,2017,5344,TITULO,0, HTTP/1.1" 200 5822
186.103.132.155 - - [08/Mar/2017:12:24:53 -0300] "GET /cormun/PublicTempStorage/curriculum_jorge_valdivia3088812.doc HTTP/1.1" 200 134144
186.103.248.213 - - [08/Mar/2017:12:24:53 -0300] "GET /cormun/servlet/trsolicitudadjuntos?2017,5345, HTTP/1.1" 200 8187
186.103.159.182 - - [08/Mar/2017:12:24:54 -0300] "GET /cormun/servlet/solicitudotadjuntos?INS,2017,5346,,1, HTTP/1.1" 200 6041
186.103.159.182 - - [08/Mar/2017:12:24:54 -0300] "GET /cormun/servlet/solicitudotadjuntos?d513c10847bf977b0e6f91091845b4ed1ace472f5989a7fc8b3809be4b068281753318b5c7c57c8f2ca38720940753c1,gx-no-cache=1488986764753 HTTP/1.1" 200 30
186.103.248.213 - - [08/Mar/2017:12:24:54 -0300] "GET /cormun/servlet/trsolicitudadjuntos?2017,5345, HTTP/1.1" 200 8186
186.103.159.182 - - [08/Mar/2017:12:24:54 -0300] "POST /cormun/servlet/solicitudotadjuntos?f4139f5be8a4522b64dd76bb35e959d5,INS,2017,5346,,1,,gx-no-cache=1488986764867 HTTP/1.1" 200 3848
186.103.132.155 - - [08/Mar/2017:12:24:57 -0300] "POST /cormun/servlet/solicitudotadjuntos?7bced8b595bc9b2c19a200346027c598,DLT,2017,5344,TITULO,0,,gx-no-cache=1488983165656 HTTP/1.1" 200 93
186.103.132.155 - - [08/Mar/2017:12:24:57 -0300] "GET /cormun/servlet/hpexe_return? HTTP/1.1" 200 1025
186.103.132.155 - - [08/Mar/2017:12:24:57 -0300] "GET /cormun/servlet/trsolicitudadjuntos?2017,5344, HTTP/1.1" 200 5898
186.103.132.155 - - [08/Mar/2017:12:24:58 -0300] "GET /cormun/servlet/trsolicitudadjuntos?2017,5344, HTTP/1.1" 200 5894
186.103.159.182 - - [08/Mar/2017:12:25:01 -0300] "POST /cormun/servlet/solicitudotadjuntos?gx-no-cache=1488986771524 HTTP/1.1" 200 26
186.103.132.155 - - [08/Mar/2017:12:25:02 -0300] "GET /cormun/servlet/trsolicitudot? HTTP/1.1" 200 8037
186.103.132.155 - - [08/Mar/2017:12:25:03 -0300] "GET /cormun/servlet/trsolicitudot? HTTP/1.1" 200 8031
186.103.159.46 - - [08/Mar/2017:12:25:04 -0300] "POST /cormun/servlet/trvisualizadoreventos?191af7590493ba01f816925c6ab503f8,,gx-no-cache=1488986774439 HTTP/1.1" 200 4139
186.103.132.155 - - [08/Mar/2017:12:25:06 -0300] "POST /cormun/servlet/trsolicitudot?7bced8b595bc9b2c19a200346027c598,,gx-no-cache=1488983174334 HTTP/1.1" 200 107
186.103.132.155 - - [08/Mar/2017:12:25:06 -0300] "GET /cormun/servlet/trsolicitudadjuntos?2017,5344, HTTP/1.1" 200 5895
186.103.132.155 - - [08/Mar/2017:12:25:07 -0300] "GET /cormun/servlet/trsolicitudadjuntos?2017,5344, HTTP/1.1" 200 5894
186.103.159.182 - - [08/Mar/2017:12:25:08 -0300] "GET /cormun/servlet/solicitudotadjuntos?d513c10847bf977b0e6f91091845b4ed45dc65f7dd8d34721b440db6dbb3e29f,gx-no-cache=1488986778352 HTTP/1.1" 200 30
186.103.159.182 - - [08/Mar/2017:12:25:08 -0300] "GET /cormun/servlet/solicitudotadjuntos?d513c10847bf977b0e6f91091845b4ed45dc65f7dd8d34721b440db6dbb3e29f,gx-no-cache=1488986778380 HTTP/1.1" 200 30
186.103.159.182 - - [08/Mar/2017:12:25:09 -0300] "POST /cormun/servlet/solicitudotadjuntos?f4139f5be8a4522b64dd76bb35e959d5,INS,2017,5346,,1, HTTP/1.1" 200 116
186.103.159.182 - - [08/Mar/2017:12:25:09 -0300] "GET /cormun/servlet/hpexe_return? HTTP/1.1" 200 1020
186.103.159.182 - - [08/Mar/2017:12:25:09 -0300] "GET /cormun/servlet/trsolicitudadjuntos?2017,5346, HTTP/1.1" 200 8407
186.103.159.182 - - [08/Mar/2017:12:25:11 -0300] "GET /cormun/servlet/trsolicitudadjuntos?2017,5346, HTTP/1.1" 200 8404
186.103.132.155 - - [08/Mar/2017:12:25:12 -0300] "GET /cormun/servlet/trsolicitudot? HTTP/1.1" 200 8037
186.103.132.155 - - [08/Mar/2017:12:25:13 -0300] "GET /cormun/servlet/trsolicitudot? HTTP/1.1" 200 8031
186.103.159.46 - - [08/Mar/2017:12:25:13 -0300] "POST /cormun/servlet/trvisualizadoreventos?191af7590493ba01f816925c6ab503f8,,gx-no-cache=1488986783265 HTTP/1.1" 200 3784
186.103.159.46 - - [08/Mar/2017:12:25:15 -0300] "POST /cormun/servlet/trvisualizadoreventos?191af7590493ba01f816925c6ab503f8,,gx-no-cache=1488986784807 HTTP/1.1" 200 3784
186.103.159.182 - - [08/Mar/2017:12:25:15 -0300] "GET /cormun/servlet/solicitudotadjuntos?INS,2017,5346,,1, HTTP/1.1" 200 6047
186.103.159.182 - - [08/Mar/2017:12:25:15 -0300] "GET /cormun/static/about:blank HTTP/1.1" 404 1011
186.103.159.182 - - [08/Mar/2017:12:25:16 -0300] "GET /cormun/servlet/solicitudotadjuntos?INS,2017,5346,,1, HTTP/1.1" 200 6043
186.103.159.182 - - [08/Mar/2017:12:25:17 -0300] "GET /cormun/servlet/solicitudotadjuntos?d513c10847bf977b0e6f91091845b4ed1ace472f5989a7fc8b3809be4b068281753318b5c7c57c8f2ca38720940753c1,gx-no-cache=1488986787394 HTTP/1.1" 200 30
186.103.159.182 - - [08/Mar/2017:12:25:17 -0300] "POST /cormun/servlet/solicitudotadjuntos?f4139f5be8a4522b64dd76bb35e959d5,INS,2017,5346,,1,,gx-no-cache=1488986787440 HTTP/1.1" 200 3848
186.103.159.46 - - [08/Mar/2017:12:25:18 -0300] "POST /cormun/servlet/trvisualizadoreventos?191af7590493ba01f816925c6ab503f8,,gx-no-cache=1488986788371 HTTP/1.1" 200 3783
186.103.159.182 - - [08/Mar/2017:12:25:19 -0300] "POST /cormun/servlet/solicitudotadjuntos?gx-no-cache=1488986790140 HTTP/1.1" 200 26
186.103.132.155 - - [08/Mar/2017:12:25:20 -0300] "POST /cormun/servlet/trsolicitudot?7bced8b595bc9b2c19a200346027c598,,gx-no-cache=1488983188197 HTTP/1.1" 200 5497
186.103.159.46 - - [08/Mar/2017:12:25:24 -0300] "POST /cormun/servlet/trvisualizadoreventos?191af7590493ba01f816925c6ab503f8,,gx-no-cache=1488986794321 HTTP/1.1" 200 3783
186.103.159.182 - - [08/Mar/2017:12:25:27 -0300] "GET /cormun/servlet/solicitudotadjuntos?d513c10847bf977b0e6f91091845b4ed45dc65f7dd8d34721b440db6dbb3e29f,gx-no-cache=1488986797766 HTTP/1.1" 200 30
186.103.159.182 - - [08/Mar/2017:12:25:27 -0300] "GET /cormun/servlet/solicitudotadjuntos?d513c10847bf977b0e6f91091845b4ed45dc65f7dd8d34721b440db6dbb3e29f,gx-no-cache=1488986797791 HTTP/1.1" 200 30
186.103.159.182 - - [08/Mar/2017:12:25:28 -0300] "POST /cormun/servlet/solicitudotadjuntos?f4139f5be8a4522b64dd76bb35e959d5,INS,2017,5346,,1, HTTP/1.1" 200 116
186.103.159.182 - - [08/Mar/2017:12:25:28 -0300] "GET /cormun/servlet/hpexe_return? HTTP/1.1" 200 1020
186.103.159.182 - - [08/Mar/2017:12:25:29 -0300] "GET /cormun/servlet/trsolicitudadjuntos?2017,5346, HTTP/1.1" 200 8550
186.103.159.46 - - [08/Mar/2017:12:25:30 -0300] "POST /cormun/servlet/trvisualizadoreventos?191af7590493ba01f816925c6ab503f8,,gx-no-cache=1488986800254 HTTP/1.1" 200 3782
186.103.159.182 - - [08/Mar/2017:12:25:30 -0300] "GET /cormun/servlet/trsolicitudadjuntos?2017,5346, HTTP/1.1" 200 8549
186.103.159.46 - - [08/Mar/2017:12:25:31 -0300] "POST /cormun/servlet/trvisualizadoreventos?191af7590493ba01f816925c6ab503f8,,gx-no-cache=1488986801459 HTTP/1.1" 200 3782
186.103.132.155 - - [08/Mar/2017:12:25:31 -0300] "GET /cormun/servlet/solicitudot?INS,0,0, HTTP/1.1" 200 12587
186.103.159.46 - - [08/Mar/2017:12:25:32 -0300] "POST /cormun/servlet/trvisualizadoreventos?191af7590493ba01f816925c6ab503f8,,gx-no-cache=1488986802572 HTTP/1.1" 200 3782
186.103.132.155 - - [08/Mar/2017:12:25:33 -0300] "GET /cormun/servlet/solicitudot?INS,0,0, HTTP/1.1" 200 12592
186.103.159.182 - - [08/Mar/2017:12:25:36 -0300] "GET /cormun/servlet/solicitudotadjuntos?INS,2017,5346,,1, HTTP/1.1" 200 6049
186.103.159.182 - - [08/Mar/2017:12:25:37 -0300] "GET /cormun/static/about:blank HTTP/1.1" 404 1011
186.103.132.155 - - [08/Mar/2017:12:25:37 -0300] "GET /cormun/servlet/trsolicitudot? HTTP/1.1" 200 8032
186.103.132.155 - - [08/Mar/2017:12:25:37 -0300] "GET /cormun/servlet/trsolicitudot? HTTP/1.1" 200 8031
186.103.159.182 - - [08/Mar/2017:12:25:38 -0300] "GET /cormun/servlet/solicitudotadjuntos?INS,2017,5346,,1, HTTP/1.1" 200 6043
186.103.159.182 - - [08/Mar/2017:12:25:38 -0300] "GET /cormun/servlet/solicitudotadjuntos?d513c10847bf977b0e6f91091845b4ed1ace472f5989a7fc8b3809be4b068281753318b5c7c57c8f2ca38720940753c1,gx-no-cache=1488986808951 HTTP/1.1" 200 30
186.103.159.182 - - [08/Mar/2017:12:25:39 -0300] "POST /cormun/servlet/solicitudotadjuntos?f4139f5be8a4522b64dd76bb35e959d5,INS,2017,5346,,1,,gx-no-cache=1488986809024 HTTP/1.1" 200 3850
186.103.132.155 - - [08/Mar/2017:12:25:41 -0300] "POST /cormun/servlet/trsolicitudot?7bced8b595bc9b2c19a200346027c598,,gx-no-cache=1488983208557 HTTP/1.1" 200 107
186.103.132.155 - - [08/Mar/2017:12:25:42 -0300] "GET /cormun/servlet/trsolicitudadjuntos?2017,5344, HTTP/1.1" 200 5895
186.103.132.155 - - [08/Mar/2017:12:25:42 -0300] "GET /cormun/servlet/trsolicitudadjuntos?2017,5344, HTTP/1.1" 200 5894
186.103.159.182 - - [08/Mar/2017:12:25:42 -0300] "POST /cormun/servlet/solicitudotadjuntos?gx-no-cache=1488986813069 HTTP/1.1" 200 26
186.103.132.155 - - [08/Mar/2017:12:25:44 -0300] "GET /cormun/servlet/solicitudotadjuntos?INS,2017,5344,,1, HTTP/1.1" 200 5829
186.103.132.155 - - [08/Mar/2017:12:25:45 -0300] "GET /cormun/static/about:blank HTTP/1.1" 404 1011
186.103.132.155 - - [08/Mar/2017:12:25:45 -0300] "GET /cormun/servlet/solicitudotadjuntos?INS,2017,5344,,1, HTTP/1.1" 200 5823
186.103.132.155 - - [08/Mar/2017:12:25:45 -0300] "GET /cormun/servlet/solicitudotadjuntos?6c6cc43e7687d7d004cbbbaf00f75f47913846d17790af2100b2b29d90bb687a6661f94c60bacf2ae921e3be72f2531c,gx-no-cache=1488983214317 HTTP/1.1" 200 30
186.103.132.155 - - [08/Mar/2017:12:25:46 -0300] "POST /cormun/servlet/solicitudotadjuntos?7bced8b595bc9b2c19a200346027c598,INS,2017,5344,,1,,gx-no-cache=1488983214600 HTTP/1.1" 200 3673
186.103.132.155 - - [08/Mar/2017:12:25:47 -0300] "POST /cormun/servlet/solicitudotadjuntos?gx-no-cache=1488983216388 HTTP/1.1" 200 26
186.103.248.213 - - [08/Mar/2017:12:25:51 -0300] "GET /cormun/servlet/solicitudotadjuntos?INS,2017,5345,,1, HTTP/1.1" 200 5797
186.103.159.182 - - [08/Mar/2017:12:25:51 -0300] "GET /cormun/servlet/solicitudotadjuntos?d513c10847bf977b0e6f91091845b4ed45dc65f7dd8d34721b440db6dbb3e29f,gx-no-cache=1488986821911 HTTP/1.1" 200 30
186.103.159.182 - - [08/Mar/2017:12:25:51 -0300] "GET /cormun/servlet/solicitudotadjuntos?d513c10847bf977b0e6f91091845b4ed45dc65f7dd8d34721b440db6dbb3e29f,gx-no-cache=1488986821938 HTTP/1.1" 200 30
186.103.248.213 - - [08/Mar/2017:12:25:52 -0300] "GET /cormun/static/about:blank HTTP/1.1" 404 1011
186.103.248.213 - - [08/Mar/2017:12:25:52 -0300] "GET /cormun/servlet/solicitudotadjuntos?INS,2017,5345,,1, HTTP/1.1" 200 5791
186.103.248.213 - - [08/Mar/2017:12:25:52 -0300] "GET /cormun/servlet/solicitudotadjuntos?24c183948fe59827d4b0081b75069ad24f16d59e98ac47ebb02488af4f7375ecf7815b6c652637cec254488dbdcca2db,gx-no-cache=1488986821920 HTTP/1.1" 200 30
186.103.248.213 - - [08/Mar/2017:12:25:53 -0300] "POST /cormun/servlet/solicitudotadjuntos?6ff34291e13182b66c6ffab00668aba2,INS,2017,5345,,1,,gx-no-cache=1488986822001 HTTP/1.1" 200 3641
186.103.159.182 - - [08/Mar/2017:12:25:53 -0300] "POST /cormun/servlet/solicitudotadjuntos?f4139f5be8a4522b64dd76bb35e959d5,INS,2017,5346,,1, HTTP/1.1" 200 116
186.103.159.182 - - [08/Mar/2017:12:25:53 -0300] "GET /cormun/servlet/hpexe_return? HTTP/1.1" 200 1020
186.103.159.182 - - [08/Mar/2017:12:25:53 -0300] "GET /cormun/servlet/trsolicitudadjuntos?2017,5346, HTTP/1.1" 200 8671
186.103.159.182 - - [08/Mar/2017:12:25:55 -0300] "GET /cormun/servlet/trsolicitudadjuntos?2017,5346, HTTP/1.1" 200 8671
186.103.132.155 - - [08/Mar/2017:12:25:55 -0300] "POST /cormun/servlet/solicitudotadjuntos?gx-no-cache=1488983223990 HTTP/1.1" 200 26
186.79.146.0 - - [08/Mar/2017:12:25:55 -0300] "GET /cormun/PublicTempStorage/permiso_vanessa5515416.jpeg HTTP/1.1" 200 211304
186.103.248.213 - - [08/Mar/2017:12:25:57 -0300] "POST /cormun/servlet/solicitudotadjuntos?gx-no-cache=1488986826363 HTTP/1.1" 200 26
186.103.159.182 - - [08/Mar/2017:12:25:57 -0300] "GET /cormun/servlet/solicitudotadjuntos?INS,2017,5346,,1, HTTP/1.1" 200 6049
186.103.159.182 - - [08/Mar/2017:12:25:58 -0300] "GET /cormun/static/about:blank HTTP/1.1" 404 1011
186.103.159.182 - - [08/Mar/2017:12:25:59 -0300] "GET /cormun/servlet/solicitudotadjuntos?INS,2017,5346,,1, HTTP/1.1" 200 6043
186.103.159.182 - - [08/Mar/2017:12:25:59 -0300] "GET /cormun/servlet/solicitudotadjuntos?d513c10847bf977b0e6f91091845b4ed1ace472f5989a7fc8b3809be4b068281753318b5c7c57c8f2ca38720940753c1,gx-no-cache=1488986829970 HTTP/1.1" 200 30
186.103.159.182 - - [08/Mar/2017:12:26:00 -0300] "POST /cormun/servlet/solicitudotadjuntos?f4139f5be8a4522b64dd76bb35e959d5,INS,2017,5346,,1,,gx-no-cache=1488986830054 HTTP/1.1" 200 3850
186.79.146.0 - - [08/Mar/2017:12:26:02 -0300] "GET /cormun/PublicTempStorage/permiso_vanessa3360073.jpeg HTTP/1.1" 200 211304
186.103.159.182 - - [08/Mar/2017:12:26:02 -0300] "POST /cormun/servlet/solicitudotadjuntos?gx-no-cache=1488986832974 HTTP/1.1" 200 26
186.103.248.213 - - [08/Mar/2017:12:26:03 -0300] "GET /cormun/servlet/solicitudotadjuntos?24c183948fe59827d4b0081b75069ad2edc93a462aa26576f86cf0d2c3aacbf3,gx-no-cache=1488986833132 HTTP/1.1" 200 30
186.103.248.213 - - [08/Mar/2017:12:26:04 -0300] "GET /cormun/servlet/solicitudotadjuntos?24c183948fe59827d4b0081b75069ad2edc93a462aa26576f86cf0d2c3aacbf3,gx-no-cache=1488986833199 HTTP/1.1" 200 30
186.103.132.155 - - [08/Mar/2017:12:26:04 -0300] "GET /cormun/servlet/solicitudotadjuntos?6c6cc43e7687d7d004cbbbaf00f75f471656b1c83ec94b0293b89d410642edbc,gx-no-cache=1488983233442 HTTP/1.1" 200 30
186.103.132.155 - - [08/Mar/2017:12:26:04 -0300] "GET /cormun/servlet/solicitudotadjuntos?6c6cc43e7687d7d004cbbbaf00f75f471656b1c83ec94b0293b89d410642edbc,gx-no-cache=1488983233574 HTTP/1.1" 200 30
186.103.132.155 - - [08/Mar/2017:12:26:05 -0300] "POST /cormun/servlet/solicitudotadjuntos?7bced8b595bc9b2c19a200346027c598,INS,2017,5344,,1, HTTP/1.1" 200 116
186.103.132.155 - - [08/Mar/2017:12:26:05 -0300] "GET /cormun/servlet/hpexe_return? HTTP/1.1" 200 1019
186.103.132.155 - - [08/Mar/2017:12:26:05 -0300] "GET /cormun/servlet/trsolicitudadjuntos?2017,5344, HTTP/1.1" 200 7967
186.103.132.155 - - [08/Mar/2017:12:26:06 -0300] "GET /cormun/servlet/trsolicitudadjuntos?2017,5344, HTTP/1.1" 200 7964
186.103.159.182 - - [08/Mar/2017:12:26:09 -0300] "GET /cormun/servlet/solicitudotadjuntos?d513c10847bf977b0e6f91091845b4ed45dc65f7dd8d34721b440db6dbb3e29f,gx-no-cache=1488986839966 HTTP/1.1" 200 30
186.103.159.182 - - [08/Mar/2017:12:26:09 -0300] "GET /cormun/servlet/solicitudotadjuntos?d513c10847bf977b0e6f91091845b4ed45dc65f7dd8d34721b440db6dbb3e29f,gx-no-cache=1488986840013 HTTP/1.1" 200 30
186.103.132.155 - - [08/Mar/2017:12:26:09 -0300] "GET /cormun/servlet/solicitudotadjuntos?INS,2017,5344,,1, HTTP/1.1" 200 5829
186.103.132.155 - - [08/Mar/2017:12:26:10 -0300] "GET /cormun/static/about:blank HTTP/1.1" 404 1011
186.103.132.155 - - [08/Mar/2017:12:26:10 -0300] "GET /cormun/servlet/solicitudotadjuntos?INS,2017,5344,,1, HTTP/1.1" 200 5823
186.103.132.155 - - [08/Mar/2017:12:26:10 -0300] "GET /cormun/servlet/solicitudotadjuntos?6c6cc43e7687d7d004cbbbaf00f75f47913846d17790af2100b2b29d90bb687a6661f94c60bacf2ae921e3be72f2531c,gx-no-cache=1488983239401 HTTP/1.1" 200 30
186.103.132.155 - - [08/Mar/2017:12:26:11 -0300] "POST /cormun/servlet/solicitudotadjuntos?7bced8b595bc9b2c19a200346027c598,INS,2017,5344,,1,,gx-no-cache=1488983239588 HTTP/1.1" 200 3673
186.103.132.155 - - [08/Mar/2017:12:26:13 -0300] "POST /cormun/servlet/solicitudotadjuntos?gx-no-cache=1488983241908 HTTP/1.1" 200 26
186.103.159.182 - - [08/Mar/2017:12:26:14 -0300] "POST /cormun/servlet/solicitudotadjuntos?f4139f5be8a4522b64dd76bb35e959d5,INS,2017,5346,,1, HTTP/1.1" 200 116
186.103.248.213 - - [08/Mar/2017:12:26:14 -0300] "POST /cormun/servlet/solicitudotadjuntos?6ff34291e13182b66c6ffab00668aba2,INS,2017,5345,,1, HTTP/1.1" 200 116
186.103.159.182 - - [08/Mar/2017:12:26:14 -0300] "GET /cormun/servlet/hpexe_return? HTTP/1.1" 200 1020
186.103.248.213 - - [08/Mar/2017:12:26:14 -0300] "GET /cormun/servlet/hpexe_return? HTTP/1.1" 200 1024
186.103.248.213 - - [08/Mar/2017:12:26:15 -0300] "GET /cormun/servlet/trsolicitudadjuntos?2017,5345, HTTP/1.1" 200 8356
186.103.159.182 - - [08/Mar/2017:12:26:15 -0300] "GET /cormun/servlet/trsolicitudadjuntos?2017,5346, HTTP/1.1" 200 8866
186.103.248.213 - - [08/Mar/2017:12:26:16 -0300] "GET /cormun/servlet/trsolicitudadjuntos?2017,5345, HTTP/1.1" 200 8354
186.103.159.182 - - [08/Mar/2017:12:26:17 -0300] "GET /cormun/servlet/trsolicitudadjuntos?2017,5346, HTTP/1.1" 200 8863
186.103.248.213 - - [08/Mar/2017:12:26:18 -0300] "GET /cormun/servlet/solicitudotadjuntos?INS,2017,5345,,1, HTTP/1.1" 200 5796
186.103.132.155 - - [08/Mar/2017:12:26:18 -0300] "GET /cormun/servlet/solicitudotadjuntos?6c6cc43e7687d7d004cbbbaf00f75f471656b1c83ec94b0293b89d410642edbc,gx-no-cache=1488983246708 HTTP/1.1" 200 30
186.103.132.155 - - [08/Mar/2017:12:26:18 -0300] "GET /cormun/servlet/solicitudotadjuntos?6c6cc43e7687d7d004cbbbaf00f75f471656b1c83ec94b0293b89d410642edbc,gx-no-cache=1488983246830 HTTP/1.1" 200 30
186.103.248.213 - - [08/Mar/2017:12:26:18 -0300] "GET /cormun/static/about:blank HTTP/1.1" 404 1011
186.103.248.213 - - [08/Mar/2017:12:26:18 -0300] "GET /cormun/servlet/solicitudotadjuntos?INS,2017,5345,,1, HTTP/1.1" 200 5790
186.103.248.213 - - [08/Mar/2017:12:26:18 -0300] "GET /cormun/servlet/solicitudotadjuntos?24c183948fe59827d4b0081b75069ad24f16d59e98ac47ebb02488af4f7375ecf7815b6c652637cec254488dbdcca2db,gx-no-cache=1488986848132 HTTP/1.1" 200 30
186.103.248.213 - - [08/Mar/2017:12:26:19 -0300] "POST /cormun/servlet/solicitudotadjuntos?6ff34291e13182b66c6ffab00668aba2,INS,2017,5345,,1,,gx-no-cache=1488986848206 HTTP/1.1" 200 3641
186.103.248.213 - - [08/Mar/2017:12:26:21 -0300] "POST /cormun/servlet/solicitudotadjuntos?gx-no-cache=1488986850692 HTTP/1.1" 200 26
186.103.132.155 - - [08/Mar/2017:12:26:22 -0300] "POST /cormun/servlet/solicitudotadjuntos?7bced8b595bc9b2c19a200346027c598,INS,2017,5344,,1, HTTP/1.1" 200 116
186.103.132.155 - - [08/Mar/2017:12:26:22 -0300] "GET /cormun/servlet/hpexe_return? HTTP/1.1" 200 1019
186.103.159.182 - - [08/Mar/2017:12:26:22 -0300] "GET /cormun/servlet/solicitudotadjuntos?INS,2017,5346,,1, HTTP/1.1" 200 6048
186.103.159.182 - - [08/Mar/2017:12:26:23 -0300] "GET /cormun/static/about:blank HTTP/1.1" 404 1011
186.103.132.155 - - [08/Mar/2017:12:26:23 -0300] "GET /cormun/servlet/trsolicitudadjuntos?2017,5344, HTTP/1.1" 200 8187
186.103.132.155 - - [08/Mar/2017:12:26:24 -0300] "GET /cormun/servlet/trsolicitudadjuntos?2017,5344, HTTP/1.1" 200 8186
186.103.159.182 - - [08/Mar/2017:12:26:24 -0300] "GET /cormun/servlet/solicitudotadjuntos?INS,2017,5346,,1, HTTP/1.1" 200 6042
186.103.159.182 - - [08/Mar/2017:12:26:24 -0300] "GET /cormun/servlet/solicitudotadjuntos?d513c10847bf977b0e6f91091845b4ed1ace472f5989a7fc8b3809be4b068281753318b5c7c57c8f2ca38720940753c1,gx-no-cache=1488986854859 HTTP/1.1" 200 30
186.103.159.182 - - [08/Mar/2017:12:26:24 -0300] "POST /cormun/servlet/solicitudotadjuntos?f4139f5be8a4522b64dd76bb35e959d5,INS,2017,5346,,1,,gx-no-cache=1488986854903 HTTP/1.1" 200 3850
186.103.159.182 - - [08/Mar/2017:12:26:28 -0300] "POST /cormun/servlet/solicitudotadjuntos?gx-no-cache=1488986858619 HTTP/1.1" 200 26
186.103.248.213 - - [08/Mar/2017:12:26:28 -0300] "GET /cormun/servlet/solicitudotadjuntos?24c183948fe59827d4b0081b75069ad2edc93a462aa26576f86cf0d2c3aacbf3,gx-no-cache=1488986857950 HTTP/1.1" 200 30
186.103.132.155 - - [08/Mar/2017:12:26:28 -0300] "GET /cormun/servlet/solicitudotadjuntos?INS,2017,5344,,1, HTTP/1.1" 200 5828
186.103.248.213 - - [08/Mar/2017:12:26:28 -0300] "GET /cormun/servlet/solicitudotadjuntos?24c183948fe59827d4b0081b75069ad2edc93a462aa26576f86cf0d2c3aacbf3,gx-no-cache=1488986858030 HTTP/1.1" 200 30
186.103.132.155 - - [08/Mar/2017:12:26:29 -0300] "GET /cormun/static/about:blank HTTP/1.1" 404 1011
186.103.132.155 - - [08/Mar/2017:12:26:29 -0300] "GET /cormun/servlet/solicitudotadjuntos?INS,2017,5344,,1, HTTP/1.1" 200 5822
186.103.132.155 - - [08/Mar/2017:12:26:29 -0300] "GET /cormun/servlet/solicitudotadjuntos?6c6cc43e7687d7d004cbbbaf00f75f47913846d17790af2100b2b29d90bb687a6661f94c60bacf2ae921e3be72f2531c,gx-no-cache=1488983258231 HTTP/1.1" 200 30
186.103.132.155 - - [08/Mar/2017:12:26:31 -0300] "POST /cormun/servlet/solicitudotadjuntos?7bced8b595bc9b2c19a200346027c598,INS,2017,5344,,1,,gx-no-cache=1488983259128 HTTP/1.1" 200 3673
186.103.159.182 - - [08/Mar/2017:12:26:36 -0300] "GET /cormun/servlet/solicitudotadjuntos?d513c10847bf977b0e6f91091845b4ed45dc65f7dd8d34721b440db6dbb3e29f,gx-no-cache=1488986866621 HTTP/1.1" 200 30
186.103.159.182 - - [08/Mar/2017:12:26:36 -0300] "GET /cormun/servlet/solicitudotadjuntos?d513c10847bf977b0e6f91091845b4ed45dc65f7dd8d34721b440db6dbb3e29f,gx-no-cache=1488986866650 HTTP/1.1" 200 30
186.103.132.155 - - [08/Mar/2017:12:26:37 -0300] "POST /cormun/servlet/solicitudotadjuntos?gx-no-cache=1488983266036 HTTP/1.1" 200 26
186.103.159.182 - - [08/Mar/2017:12:26:40 -0300] "POST /cormun/servlet/solicitudotadjuntos?f4139f5be8a4522b64dd76bb35e959d5,INS,2017,5346,,1, HTTP/1.1" 200 116
186.103.159.182 - - [08/Mar/2017:12:26:40 -0300] "GET /cormun/servlet/hpexe_return? HTTP/1.1" 200 1020
186.103.248.213 - - [08/Mar/2017:12:26:40 -0300] "POST /cormun/servlet/solicitudotadjuntos?6ff34291e13182b66c6ffab00668aba2,INS,2017,5345,,1, HTTP/1.1" 200 116
186.103.248.213 - - [08/Mar/2017:12:26:40 -0300] "GET /cormun/servlet/hpexe_return? HTTP/1.1" 200 1024
186.103.159.182 - - [08/Mar/2017:12:26:41 -0300] "GET /cormun/servlet/trsolicitudadjuntos?2017,5346, HTTP/1.1" 200 9047
186.103.248.213 - - [08/Mar/2017:12:26:41 -0300] "GET /cormun/servlet/trsolicitudadjuntos?2017,5345, HTTP/1.1" 200 8497
186.103.248.213 - - [08/Mar/2017:12:26:42 -0300] "GET /cormun/servlet/trsolicitudadjuntos?2017,5345, HTTP/1.1" 200 8497
186.103.159.182 - - [08/Mar/2017:12:26:43 -0300] "GET /cormun/servlet/trsolicitudadjuntos?2017,5346, HTTP/1.1" 200 9044
186.103.248.213 - - [08/Mar/2017:12:26:43 -0300] "GET /cormun/servlet/solicitudotadjuntos?INS,2017,5345,,1, HTTP/1.1" 200 5796
186.103.248.213 - - [08/Mar/2017:12:26:44 -0300] "GET /cormun/static/about:blank HTTP/1.1" 404 1011
186.103.248.213 - - [08/Mar/2017:12:26:44 -0300] "GET /cormun/servlet/solicitudotadjuntos?INS,2017,5345,,1, HTTP/1.1" 200 5790
186.103.248.213 - - [08/Mar/2017:12:26:44 -0300] "GET /cormun/servlet/solicitudotadjuntos?24c183948fe59827d4b0081b75069ad24f16d59e98ac47ebb02488af4f7375ecf7815b6c652637cec254488dbdcca2db,gx-no-cache=1488986873827 HTTP/1.1" 200 30
186.103.248.213 - - [08/Mar/2017:12:26:44 -0300] "POST /cormun/servlet/solicitudotadjuntos?6ff34291e13182b66c6ffab00668aba2,INS,2017,5345,,1,,gx-no-cache=1488986873905 HTTP/1.1" 200 3641
186.103.132.155 - - [08/Mar/2017:12:26:45 -0300] "GET /cormun/servlet/solicitudotadjuntos?6c6cc43e7687d7d004cbbbaf00f75f471656b1c83ec94b0293b89d410642edbc,gx-no-cache=1488983273635 HTTP/1.1" 200 30
186.103.132.155 - - [08/Mar/2017:12:26:45 -0300] "GET /cormun/servlet/solicitudotadjuntos?6c6cc43e7687d7d004cbbbaf00f75f471656b1c83ec94b0293b89d410642edbc,gx-no-cache=1488983273823 HTTP/1.1" 200 30
186.103.159.182 - - [08/Mar/2017:12:26:45 -0300] "POST /cormun/servlet/trsolicitudadjuntos?f4139f5be8a4522b64dd76bb35e959d5,2017,5346,,gx-no-cache=1488986876072 HTTP/1.1" 200 90
186.103.159.182 - - [08/Mar/2017:12:26:46 -0300] "GET /cormun/servlet/hpexe_link HTTP/1.1" 200 987
186.103.159.182 - - [08/Mar/2017:12:26:46 -0300] "GET /cormun/servlet/trsolicitudot?gx-no-cache=1488977509025 HTTP/1.1" 200 8542
186.103.132.155 - - [08/Mar/2017:12:26:46 -0300] "POST /cormun/servlet/solicitudotadjuntos?7bced8b595bc9b2c19a200346027c598,INS,2017,5344,,1, HTTP/1.1" 200 116
186.103.132.155 - - [08/Mar/2017:12:26:47 -0300] "GET /cormun/servlet/hpexe_return? HTTP/1.1" 200 1019
186.103.248.213 - - [08/Mar/2017:12:26:47 -0300] "POST /cormun/servlet/solicitudotadjuntos?gx-no-cache=1488986876763 HTTP/1.1" 200 26
186.103.132.155 - - [08/Mar/2017:12:26:47 -0300] "GET /cormun/servlet/trsolicitudadjuntos?2017,5344, HTTP/1.1" 200 8348
186.103.159.182 - - [08/Mar/2017:12:26:47 -0300] "GET /cormun/servlet/trsolicitudot?gx-no-cache=1488977509025 HTTP/1.1" 200 8563
186.103.132.155 - - [08/Mar/2017:12:26:48 -0300] "GET /cormun/servlet/trsolicitudadjuntos?2017,5344, HTTP/1.1" 200 8345
186.103.132.155 - - [08/Mar/2017:12:26:51 -0300] "GET /cormun/servlet/solicitudotadjuntos?INS,2017,5344,,1, HTTP/1.1" 200 5828
186.103.132.155 - - [08/Mar/2017:12:26:52 -0300] "GET /cormun/static/about:blank HTTP/1.1" 404 1011
186.103.132.155 - - [08/Mar/2017:12:26:52 -0300] "GET /cormun/servlet/solicitudotadjuntos?INS,2017,5344,,1, HTTP/1.1" 200 5822
186.79.146.0 - - [08/Mar/2017:12:26:52 -0300] "POST /cormun/servlet/trpermisosadjuntos?4170dba77920b8039b8638df89912562,15996249,20170303130044,P,,gx-no-cache=1488986723443 HTTP/1.1" 200 90
186.103.132.155 - - [08/Mar/2017:12:26:52 -0300] "GET /cormun/servlet/solicitudotadjuntos?6c6cc43e7687d7d004cbbbaf00f75f47913846d17790af2100b2b29d90bb687a6661f94c60bacf2ae921e3be72f2531c,gx-no-cache=1488983281389 HTTP/1.1" 200 30
186.103.132.155 - - [08/Mar/2017:12:26:53 -0300] "POST /cormun/servlet/solicitudotadjuntos?7bced8b595bc9b2c19a200346027c598,INS,2017,5344,,1,,gx-no-cache=1488983281595 HTTP/1.1" 200 3673
186.103.248.213 - - [08/Mar/2017:12:26:54 -0300] "GET /cormun/servlet/solicitudotadjuntos?24c183948fe59827d4b0081b75069ad2edc93a462aa26576f86cf0d2c3aacbf3,gx-no-cache=1488986883967 HTTP/1.1" 200 30
186.103.248.213 - - [08/Mar/2017:12:26:54 -0300] "GET /cormun/servlet/solicitudotadjuntos?24c183948fe59827d4b0081b75069ad2edc93a462aa26576f86cf0d2c3aacbf3,gx-no-cache=1488986884037 HTTP/1.1" 200 30
186.79.146.0 - - [08/Mar/2017:12:26:56 -0300] "GET /cormun/servlet/hpexe_link HTTP/1.1" 200 992
186.103.132.155 - - [08/Mar/2017:12:26:58 -0300] "POST /cormun/servlet/solicitudotadjuntos?gx-no-cache=1488983287379 HTTP/1.1" 200 26
186.79.146.0 - - [08/Mar/2017:12:27:01 -0300] "GET /cormun/servlet/trautorizarpermisogoce HTTP/1.1" 200 7923
186.103.159.182 - - [08/Mar/2017:12:27:05 -0300] "POST /cormun/servlet/trsolicitudot?f4139f5be8a4522b64dd76bb35e959d5,gx-no-cache=1488977509025,gx-no-cache=1488986895440 HTTP/1.1" 200 5263
186.103.159.182 - - [08/Mar/2017:12:27:05 -0300] "GET /cormun/static/Shared/jqueryui/images/ui-bg_highlight-soft_100_c6c2c8_1x100.png HTTP/1.1" 404 1117
186.103.159.182 - - [08/Mar/2017:12:27:05 -0300] "GET /cormun/static/Shared/jqueryui/images/ui-icons_82798d_256x240.png HTTP/1.1" 404 1089
186.103.159.182 - - [08/Mar/2017:12:27:05 -0300] "GET /cormun/static/Shared/jqueryui/images/ui-icons_8d78a5_256x240.png HTTP/1.1" 404 1089
186.103.159.182 - - [08/Mar/2017:12:27:05 -0300] "GET /cormun/static/Shared/jqueryui/images/ui-bg_flat_55_fafafa_40x100.png HTTP/1.1" 404 1097
186.103.132.155 - - [08/Mar/2017:12:27:05 -0300] "GET /cormun/servlet/solicitudotadjuntos?6c6cc43e7687d7d004cbbbaf00f75f471656b1c83ec94b0293b89d410642edbc,gx-no-cache=1488983294549 HTTP/1.1" 200 30
186.103.132.155 - - [08/Mar/2017:12:27:06 -0300] "GET /cormun/servlet/solicitudotadjuntos?6c6cc43e7687d7d004cbbbaf00f75f471656b1c83ec94b0293b89d410642edbc,gx-no-cache=1488983294636 HTTP/1.1" 200 30
186.103.159.182 - - [08/Mar/2017:12:27:06 -0300] "POST /cormun/servlet/trsolicitudot?f4139f5be8a4522b64dd76bb35e959d5,gx-no-cache=1488977509025,gx-no-cache=1488986896205 HTTP/1.1" 200 5205
186.79.146.0 - - [08/Mar/2017:12:27:11 -0300] "GET /cormun/servlet/trautorizarpermisogoce HTTP/1.1" 200 7922
186.103.248.213 - - [08/Mar/2017:12:27:13 -0300] "POST /cormun/servlet/solicitudotadjuntos?6ff34291e13182b66c6ffab00668aba2,INS,2017,5345,,1, HTTP/1.1" 200 116
186.103.248.213 - - [08/Mar/2017:12:27:13 -0300] "GET /cormun/servlet/hpexe_return? HTTP/1.1" 200 1024
186.103.248.213 - - [08/Mar/2017:12:27:13 -0300] "GET /cormun/servlet/trsolicitudadjuntos?2017,5345, HTTP/1.1" 200 8641
186.103.248.213 - - [08/Mar/2017:12:27:15 -0300] "GET /cormun/servlet/trsolicitudadjuntos?2017,5345, HTTP/1.1" 200 8637
186.103.248.213 - - [08/Mar/2017:12:27:17 -0300] "GET /cormun/servlet/solicitudotadjuntos?INS,2017,5345,,1, HTTP/1.1" 200 5796
186.103.248.213 - - [08/Mar/2017:12:27:17 -0300] "GET /cormun/static/about:blank HTTP/1.1" 404 1011
186.103.248.213 - - [08/Mar/2017:12:27:17 -0300] "GET /cormun/servlet/solicitudotadjuntos?INS,2017,5345,,1, HTTP/1.1" 200 5790
186.103.248.213 - - [08/Mar/2017:12:27:18 -0300] "GET /cormun/servlet/solicitudotadjuntos?24c183948fe59827d4b0081b75069ad24f16d59e98ac47ebb02488af4f7375ecf7815b6c652637cec254488dbdcca2db,gx-no-cache=1488986907187 HTTP/1.1" 200 30
186.103.248.213 - - [08/Mar/2017:12:27:18 -0300] "POST /cormun/servlet/solicitudotadjuntos?6ff34291e13182b66c6ffab00668aba2,INS,2017,5345,,1,,gx-no-cache=1488986907269 HTTP/1.1" 200 3641
186.103.248.213 - - [08/Mar/2017:12:27:21 -0300] "POST /cormun/servlet/solicitudotadjuntos?gx-no-cache=1488986910757 HTTP/1.1" 200 26
186.103.132.155 - - [08/Mar/2017:12:27:26 -0300] "POST /cormun/servlet/solicitudotadjuntos?7bced8b595bc9b2c19a200346027c598,INS,2017,5344,,1, HTTP/1.1" 200 116
186.103.132.155 - - [08/Mar/2017:12:27:26 -0300] "GET /cormun/servlet/hpexe_return? HTTP/1.1" 200 1019
186.103.132.155 - - [08/Mar/2017:12:27:27 -0300] "GET /cormun/servlet/trsolicitudadjuntos?2017,5344, HTTP/1.1" 200 8486
186.103.132.155 - - [08/Mar/2017:12:27:28 -0300] "GET /cormun/servlet/trsolicitudadjuntos?2017,5344, HTTP/1.1" 200 8482
186.103.132.155 - - [08/Mar/2017:12:27:32 -0300] "GET /cormun/servlet/solicitudotadjuntos?INS,2017,5344,,1, HTTP/1.1" 200 5829
186.103.132.155 - - [08/Mar/2017:12:27:33 -0300] "GET /cormun/static/about:blank HTTP/1.1" 404 1011
186.103.132.155 - - [08/Mar/2017:12:27:33 -0300] "GET /cormun/servlet/solicitudotadjuntos?INS,2017,5344,,1, HTTP/1.1" 200 5823
186.103.248.213 - - [08/Mar/2017:12:27:33 -0300] "GET /cormun/servlet/solicitudotadjuntos?24c183948fe59827d4b0081b75069ad2edc93a462aa26576f86cf0d2c3aacbf3,gx-no-cache=1488986923015 HTTP/1.1" 200 30
186.103.248.213 - - [08/Mar/2017:12:27:33 -0300] "GET /cormun/servlet/solicitudotadjuntos?24c183948fe59827d4b0081b75069ad2edc93a462aa26576f86cf0d2c3aacbf3,gx-no-cache=1488986923077 HTTP/1.1" 200 30
186.103.132.155 - - [08/Mar/2017:12:27:34 -0300] "GET /cormun/servlet/solicitudotadjuntos?6c6cc43e7687d7d004cbbbaf00f75f47913846d17790af2100b2b29d90bb687a6661f94c60bacf2ae921e3be72f2531c,gx-no-cache=1488983322779 HTTP/1.1" 200 30
186.103.132.155 - - [08/Mar/2017:12:27:34 -0300] "POST /cormun/servlet/solicitudotadjuntos?7bced8b595bc9b2c19a200346027c598,INS,2017,5344,,1,,gx-no-cache=1488983322978 HTTP/1.1" 200 3672
186.103.159.182 - - [08/Mar/2017:12:27:38 -0300] "GET /cormun/servlet/solicitudot?INS,0,0, HTTP/1.1" 200 12839
186.103.159.182 - - [08/Mar/2017:12:27:39 -0300] "GET /cormun/servlet/solicitudot?INS,0,0, HTTP/1.1" 200 12821
186.103.132.155 - - [08/Mar/2017:12:27:41 -0300] "POST /cormun/servlet/solicitudotadjuntos?gx-no-cache=1488983329949 HTTP/1.1" 200 26
186.103.248.213 - - [08/Mar/2017:12:27:45 -0300] "POST /cormun/servlet/solicitudotadjuntos?6ff34291e13182b66c6ffab00668aba2,INS,2017,5345,,1, HTTP/1.1" 200 116
186.103.248.213 - - [08/Mar/2017:12:27:45 -0300] "GET /cormun/servlet/hpexe_return? HTTP/1.1" 200 1024
186.103.248.213 - - [08/Mar/2017:12:27:46 -0300] "GET /cormun/servlet/trsolicitudadjuntos?2017,5345, HTTP/1.1" 200 8879
186.103.248.213 - - [08/Mar/2017:12:27:47 -0300] "GET /cormun/servlet/trsolicitudadjuntos?2017,5345, HTTP/1.1" 200 8874
186.103.132.155 - - [08/Mar/2017:12:27:48 -0300] "GET /cormun/servlet/solicitudotadjuntos?6c6cc43e7687d7d004cbbbaf00f75f471656b1c83ec94b0293b89d410642edbc,gx-no-cache=1488983336676 HTTP/1.1" 200 30
186.103.132.155 - - [08/Mar/2017:12:27:48 -0300] "GET /cormun/servlet/solicitudotadjuntos?6c6cc43e7687d7d004cbbbaf00f75f471656b1c83ec94b0293b89d410642edbc,gx-no-cache=1488983336855 HTTP/1.1" 200 30
186.103.159.182 - - [08/Mar/2017:12:27:51 -0300] "GET /cormun/servlet/prfichaempleado?,MD,,gxPopupLevel%3D0%3B HTTP/1.1" 200 8888
186.103.248.213 - - [08/Mar/2017:12:27:51 -0300] "GET /cormun/servlet/trsolicitudot? HTTP/1.1" 200 7983
186.103.132.155 - - [08/Mar/2017:12:27:51 -0300] "POST /cormun/servlet/solicitudotadjuntos?7bced8b595bc9b2c19a200346027c598,INS,2017,5344,,1, HTTP/1.1" 200 116
186.103.132.155 - - [08/Mar/2017:12:27:51 -0300] "GET /cormun/servlet/hpexe_return? HTTP/1.1" 200 1019
186.103.248.213 - - [08/Mar/2017:12:27:52 -0300] "GET /cormun/servlet/trsolicitudot? HTTP/1.1" 200 7977
186.103.132.155 - - [08/Mar/2017:12:27:52 -0300] "GET /cormun/servlet/trsolicitudadjuntos?2017,5344, HTTP/1.1" 200 8659
186.103.132.155 - - [08/Mar/2017:12:27:53 -0300] "GET /cormun/servlet/trsolicitudadjuntos?2017,5344, HTTP/1.1" 200 8658
186.103.132.155 - - [08/Mar/2017:12:27:56 -0300] "GET /cormun/servlet/solicitudotadjuntos?INS,2017,5344,,1, HTTP/1.1" 200 5829
186.103.132.155 - - [08/Mar/2017:12:27:56 -0300] "GET /cormun/static/about:blank HTTP/1.1" 404 1011
186.103.132.155 - - [08/Mar/2017:12:27:56 -0300] "GET /cormun/servlet/solicitudotadjuntos?INS,2017,5344,,1, HTTP/1.1" 200 5823
186.103.248.213 - - [08/Mar/2017:12:27:56 -0300] "POST /cormun/servlet/trsolicitudot?6ff34291e13182b66c6ffab00668aba2,,gx-no-cache=1488986945792 HTTP/1.1" 200 4157
186.103.132.155 - - [08/Mar/2017:12:27:56 -0300] "GET /cormun/servlet/solicitudotadjuntos?6c6cc43e7687d7d004cbbbaf00f75f47913846d17790af2100b2b29d90bb687a6661f94c60bacf2ae921e3be72f2531c,gx-no-cache=1488983345512 HTTP/1.1" 200 30
186.103.248.213 - - [08/Mar/2017:12:27:57 -0300] "GET /cormun/static/Shared/jqueryui/images/ui-bg_highlight-soft_100_c6c2c8_1x100.png HTTP/1.1" 404 1117
186.103.248.213 - - [08/Mar/2017:12:27:57 -0300] "GET /cormun/static/Shared/jqueryui/images/ui-icons_82798d_256x240.png HTTP/1.1" 404 1089
186.103.248.213 - - [08/Mar/2017:12:27:57 -0300] "GET /cormun/static/Shared/jqueryui/images/ui-bg_flat_55_fafafa_40x100.png HTTP/1.1" 404 1097
186.103.248.213 - - [08/Mar/2017:12:27:57 -0300] "GET /cormun/static/Shared/jqueryui/images/ui-icons_8d78a5_256x240.png HTTP/1.1" 404 1089
186.103.132.155 - - [08/Mar/2017:12:27:57 -0300] "POST /cormun/servlet/solicitudotadjuntos?7bced8b595bc9b2c19a200346027c598,INS,2017,5344,,1,,gx-no-cache=1488983345632 HTTP/1.1" 200 3672
186.103.248.213 - - [08/Mar/2017:12:27:57 -0300] "POST /cormun/servlet/trsolicitudot?6ff34291e13182b66c6ffab00668aba2,,gx-no-cache=1488986946238 HTTP/1.1" 200 3942
186.103.132.155 - - [08/Mar/2017:12:27:59 -0300] "POST /cormun/servlet/solicitudotadjuntos?gx-no-cache=1488983348535 HTTP/1.1" 200 26
186.103.132.155 - - [08/Mar/2017:12:28:06 -0300] "GET /cormun/servlet/solicitudotadjuntos?6c6cc43e7687d7d004cbbbaf00f75f471656b1c83ec94b0293b89d410642edbc,gx-no-cache=1488983354764 HTTP/1.1" 200 30
186.103.132.155 - - [08/Mar/2017:12:28:06 -0300] "GET /cormun/servlet/solicitudotadjuntos?6c6cc43e7687d7d004cbbbaf00f75f471656b1c83ec94b0293b89d410642edbc,gx-no-cache=1488983354994 HTTP/1.1" 200 30
186.103.132.155 - - [08/Mar/2017:12:28:13 -0300] "POST /cormun/servlet/solicitudotadjuntos?7bced8b595bc9b2c19a200346027c598,INS,2017,5344,,1, HTTP/1.1" 200 116
186.103.132.155 - - [08/Mar/2017:12:28:13 -0300] "GET /cormun/servlet/hpexe_return? HTTP/1.1" 200 1019
186.103.132.155 - - [08/Mar/2017:12:28:14 -0300] "GET /cormun/servlet/trsolicitudadjuntos?2017,5344, HTTP/1.1" 200 8877
186.103.132.155 - - [08/Mar/2017:12:28:15 -0300] "GET /cormun/servlet/trsolicitudadjuntos?2017,5344, HTTP/1.1" 200 8872
186.103.157.235 - - [08/Mar/2017:12:28:19 -0300] "GET /cormun/servlet/trsolicitudot? HTTP/1.1" 200 6049
186.103.157.235 - - [08/Mar/2017:12:28:21 -0300] "GET /cormun/servlet/hlogin HTTP/1.1" 200 1734
186.103.157.235 - - [08/Mar/2017:12:28:21 -0300] "GET /cormun/servlet/trsolicitudot? HTTP/1.1" 200 6044
186.103.159.182 - - [08/Mar/2017:12:28:21 -0300] "POST /cormun/servlet/prfichaempleado?f4139f5be8a4522b64dd76bb35e959d5,,MD,,gxPopupLevel%3D0%3B,gx-no-cache=1488986971443 HTTP/1.1" 200 3997
186.103.132.155 - - [08/Mar/2017:12:28:25 -0300] "GET /cormun/servlet/trsolicitudot? HTTP/1.1" 200 8037
186.103.132.155 - - [08/Mar/2017:12:28:26 -0300] "GET /cormun/servlet/trsolicitudot? HTTP/1.1" 200 8031
186.103.132.155 - - [08/Mar/2017:12:28:28 -0300] "POST /cormun/servlet/trsolicitudot?7bced8b595bc9b2c19a200346027c598,,gx-no-cache=1488983377052 HTTP/1.1" 200 4166
186.103.132.155 - - [08/Mar/2017:12:28:30 -0300] "POST /cormun/servlet/trsolicitudot?7bced8b595bc9b2c19a200346027c598,,gx-no-cache=1488983378641 HTTP/1.1" 200 3944
186.103.157.235 - - [08/Mar/2017:12:28:32 -0300] "POST /cormun/servlet/hlogin?18f0de42c6e2be486b38abf7dc456878,gx-no-cache=1488987152102 HTTP/1.1" 200 90
186.103.157.235 - - [08/Mar/2017:12:28:32 -0300] "GET /cormun/servlet/hpexe_link HTTP/1.1" 200 956
186.103.159.182 - - [08/Mar/2017:12:28:32 -0300] "POST /cormun/servlet/solicitudot?gx-no-cache=1488986982031 HTTP/1.1" 200 3162
186.103.157.235 - - [08/Mar/2017:12:28:32 -0300] "GET /cormun/servlet/trsolicitudot HTTP/1.1" 200 6743
186.103.159.182 - - [08/Mar/2017:12:28:32 -0300] "POST /cormun/servlet/solicitudot?f4139f5be8a4522b64dd76bb35e959d5,INS,0,0,,gx-no-cache=1488986982651 HTTP/1.1" 200 9963
186.103.159.182 - - [08/Mar/2017:12:28:32 -0300] "GET /cormun/servlet/solicitudot?d513c10847bf977b0e6f91091845b4ed3fd0ac162d2e19b9356e91b5139be158ae4690afab31090534ae743548089340,gx-no-cache=1488986983009 HTTP/1.1" 200 30
186.103.157.235 - - [08/Mar/2017:12:28:32 -0300] "GET /cormun/servlet/trsolicitudot HTTP/1.1" 200 6741
186.103.157.235 - - [08/Mar/2017:12:28:35 -0300] "GET /cormun/servlet/solicitudot?INS,0,0, HTTP/1.1" 200 12754
186.103.157.235 - - [08/Mar/2017:12:28:35 -0300] "GET /cormun/servlet/solicitudot?INS,0,0, HTTP/1.1" 200 12759
186.103.159.182 - - [08/Mar/2017:12:28:43 -0300] "POST /cormun/servlet/solicitudot?gx-no-cache=1488986993472 HTTP/1.1" 200 255
186.103.159.182 - - [08/Mar/2017:12:28:43 -0300] "GET /cormun/servlet/solicitudot?d513c10847bf977b0e6f91091845b4edb0d4152fc039fdf9dc0bf9607ffb2e36584c8fde25bb544703f42d1d689113902710798518db672f4157133e4354a82b50ea820bad9ac1aa89448c100acf3599fa321fbc8dbf0f00dffb3b2664f8d8bdfe65684b07c6ceb2bae8ed7a68eab9722f7cac9bb0f6e5eaf149a6a51b606b4ab280808640280201f7297c92507841d451d0c1083e11ba138613e44ac479e865b5fe9906f1c3fad9a33529228a6778d198da0fb0448ef2df1df6dffec52146cf3a1b37718df30caf9402bd11b6ed21871b736c8a1e99f396c448663f647a404cc0167fc949e42981ebeb6b052d6f7aa2b0f662f2f87b31104ba57824e12236710b8225dc18a5b14345b355d00a0efabb52ace0d7200ddeed1668bfbd2ce4df7fbaf92e29a294e274fb2be659320a9e197850400528c34edb672e6633a3c9d76cc7f47a9de208aece148cc16e29a26ef46b159675450be1cef9797fecb15831f5417f9f5588127206c9bcc6b308deb5f00ed8112cdc8f34d25d97cfdeb9c6230a,gx-no-cache=1488986993529 HTTP/1.1" 200 30
186.103.159.182 - - [08/Mar/2017:12:28:48 -0300] "POST /cormun/servlet/solicitudot?gx-no-cache=1488986999037 HTTP/1.1" 200 30
186.103.159.182 - - [08/Mar/2017:12:28:53 -0300] "POST /cormun/servlet/solicitudot?gx-no-cache=1488987003812 HTTP/1.1" 200 1291
