186.79.226.62 - - [08/Mar/2017:10:27:22 -0300] "GET /cormun/static/Shared/jqueryui/images/ui-icons_82798d_256x240.png HTTP/1.1" 404 1089
186.79.226.62 - - [08/Mar/2017:10:27:22 -0300] "GET /cormun/static/Shared/jqueryui/images/ui-bg_flat_55_fafafa_40x100.png HTTP/1.1" 404 1097
186.79.226.62 - - [08/Mar/2017:10:27:22 -0300] "GET /cormun/static/Shared/jqueryui/images/ui-icons_8d78a5_256x240.png HTTP/1.1" 404 1089
186.79.226.62 - - [08/Mar/2017:10:27:23 -0300] "POST /cormun/servlet/trautorizarsolicitud?cca81583a24bc6b299473f8720020877,gx-no-cache=1488979102705,gx-no-cache=1488979710462 HTTP/1.1" 200 6189
186.79.226.62 - - [08/Mar/2017:10:27:27 -0300] "POST /cormun/servlet/trautorizarsolicitud?cca81583a24bc6b299473f8720020877,gx-no-cache=1488979102705,gx-no-cache=1488979714694 HTTP/1.1" 200 5885
186.79.226.62 - - [08/Mar/2017:10:27:28 -0300] "POST /cormun/servlet/trautorizarsolicitud?cca81583a24bc6b299473f8720020877,gx-no-cache=1488979102705,gx-no-cache=1488979715733 HTTP/1.1" 200 5830
186.79.226.62 - - [08/Mar/2017:10:27:35 -0300] "POST /cormun/servlet/trautorizarsolicitud?cca81583a24bc6b299473f8720020877,gx-no-cache=1488979102705,gx-no-cache=1488979722853 HTTP/1.1" 200 5453
186.79.226.62 - - [08/Mar/2017:10:27:35 -0300] "POST /cormun/servlet/trautorizarsolicitud?cca81583a24bc6b299473f8720020877,gx-no-cache=1488979102705,gx-no-cache=1488979723514 HTTP/1.1" 200 5397
186.79.226.62 - - [08/Mar/2017:10:27:39 -0300] "POST /cormun/servlet/trautorizarsolicitud?cca81583a24bc6b299473f8720020877,gx-no-cache=1488979102705,gx-no-cache=1488979727502 HTTP/1.1" 200 4333
186.79.226.62 - - [08/Mar/2017:10:27:40 -0300] "POST /cormun/servlet/trautorizarsolicitud?cca81583a24bc6b299473f8720020877,gx-no-cache=1488979102705,gx-no-cache=1488979728014 HTTP/1.1" 200 4105
186.103.159.46 - - [08/Mar/2017:10:27:47 -0300] "GET /cormun/servlet/prfichaempleado?,MD,,gxPopupLevel%3D0%3B HTTP/1.1" 200 8821
186.103.132.155 - - [08/Mar/2017:10:28:03 -0300] "POST /cormun/servlet/solicitudot?gx-no-cache=1488976151801 HTTP/1.1" 200 30
186.103.132.155 - - [08/Mar/2017:10:28:06 -0300] "POST /cormun/servlet/solicitudot?gx-no-cache=1488976155020 HTTP/1.1" 200 1291
186.103.132.155 - - [08/Mar/2017:10:28:06 -0300] "POST /cormun/servlet/solicitudot?gx-no-cache=1488976155256 HTTP/1.1" 200 38
186.103.159.46 - - [08/Mar/2017:10:28:10 -0300] "GET /cormun/servlet/prlicenciaspermisos?15106022,L,,MD,,gxPopupLevel%3D0%3B HTTP/1.1" 200 6425
186.103.132.155 - - [08/Mar/2017:10:28:16 -0300] "GET /cormun/servlet/solicitudot?6c6cc43e7687d7d004cbbbaf00f75f477abc2721404a886b5a06da54396447ea77ebc7c5dd7a43fd0363d722640b79b32e6946b5ef0585243fce2f1eee299664f92367e9f36bb2b1476b19636da01d3680f5c0be97050a6362e229d9e2e7e2fc33538b7f2c5e9fabe775b2b6b20049c09515943995ec86aea8b788140faaadf905b52912d15e03bd4ab3b7b748b731ee654c1e4311f3e51dfe48190b51fa678d,gx-no-cache=1488976165069 HTTP/1.1" 200 29
186.103.132.155 - - [08/Mar/2017:10:28:16 -0300] "POST /cormun/servlet/solicitudot?gx-no-cache=1488976165137 HTTP/1.1" 200 1274
186.103.132.155 - - [08/Mar/2017:10:28:16 -0300] "POST /cormun/servlet/solicitudot?gx-no-cache=1488976165262 HTTP/1.1" 200 1156
186.103.132.155 - - [08/Mar/2017:10:28:16 -0300] "GET /cormun/static/menuarrow.gif HTTP/1.1" 404 1015
186.103.159.46 - - [08/Mar/2017:10:28:26 -0300] "POST /cormun/servlet/solicitudot?gx-no-cache=1488979775869 HTTP/1.1" 200 1291
186.103.132.155 - - [08/Mar/2017:10:28:32 -0300] "POST /cormun/servlet/solicitudot?gx-no-cache=1488976180543 HTTP/1.1" 200 1274
186.103.132.155 - - [08/Mar/2017:10:28:32 -0300] "POST /cormun/servlet/solicitudot?gx-no-cache=1488976180720 HTTP/1.1" 200 1156
186.103.132.155 - - [08/Mar/2017:10:28:42 -0300] "GET /cormun/servlet/solicitudot?6c6cc43e7687d7d004cbbbaf00f75f47cc78fdc95b46634fb59c0be76e97ae78f4c5dfcf7ba15942d9ec5af571ba9833a62d0c3e0444c89cd6ed10c425d0ab2b936c3d3024d3fe7a7a138dcd8c55a6c54d89b5953b9c74c2247190053c63cf54437d70a0d8667e5cdc4efc68f91e9c9fc3f4329446837925db7c3e9e8718a9114792634a509e10d6454ae4e91fb9e322829031daf46dfba12b5d22821df9404790e66de9164a63de60932b3549c5a7de,gx-no-cache=1488976190725 HTTP/1.1" 200 30
186.103.159.46 - - [08/Mar/2017:10:28:50 -0300] "POST /cormun/servlet/solicitudot?gx-no-cache=1488979799822 HTTP/1.1" 200 41
192.168.10.96 - - [08/Mar/2017:10:28:52 -0300] "GET /cormun/servlet/trconsultaempleado? HTTP/1.1" 200 6523
192.168.10.96 - - [08/Mar/2017:10:28:52 -0300] "GET /cormun/servlet/trconsultaempleado? HTTP/1.1" 200 6522
192.168.10.96 - - [08/Mar/2017:10:28:52 -0300] "GET /cormun/servlet/trconsultaempleado? HTTP/1.1" 200 6522
192.168.10.96 - - [08/Mar/2017:10:28:53 -0300] "GET /cormun/servlet/trconsultaempleado? HTTP/1.1" 200 6522
186.103.132.155 - - [08/Mar/2017:10:28:54 -0300] "POST /cormun/servlet/solicitudot?7bced8b595bc9b2c19a200346027c598,INS,0,0,,gx-no-cache=1488976202632 HTTP/1.1" 200 93
186.103.132.155 - - [08/Mar/2017:10:28:54 -0300] "GET /cormun/servlet/hpexe_return? HTTP/1.1" 200 1000
186.103.132.155 - - [08/Mar/2017:10:28:54 -0300] "GET /cormun/servlet/trsolicitudot HTTP/1.1" 200 8041
186.103.132.155 - - [08/Mar/2017:10:28:55 -0300] "GET /cormun/servlet/trsolicitudot HTTP/1.1" 200 8037
186.103.159.46 - - [08/Mar/2017:10:28:58 -0300] "GET /cormun/servlet/solicitudot?2e2bc14e334a25e9b716903cf27c1102e955b810743e55e8ca3b977cde4640e996a324ad1bc7af0a21aa907b3fad95c7eb879fa94da2af575d7e3900d8adb15679749c6d0c1a10bdc6bb434d9c10a19a5850d0469ecb45d0e5e4d85ba943532f4be2748808ced72ae2d4bd7bd974f183,gx-no-cache=1488979808014 HTTP/1.1" 200 29
186.103.159.46 - - [08/Mar/2017:10:28:58 -0300] "POST /cormun/servlet/solicitudot?gx-no-cache=1488979808138 HTTP/1.1" 200 1275
186.103.132.155 - - [08/Mar/2017:10:28:59 -0300] "GET /cormun/servlet/solicitudot?INS,0,0, HTTP/1.1" 200 12588
186.103.132.155 - - [08/Mar/2017:10:29:00 -0300] "GET /cormun/servlet/solicitudot?INS,0,0, HTTP/1.1" 200 12593
192.168.10.96 - - [08/Mar/2017:10:29:04 -0300] "POST /cormun/servlet/trconsultaempleado?1ffd9fa6d53544215be08d2257722560,,gx-no-cache=1488983028610 HTTP/1.1" 200 4335
192.168.10.96 - - [08/Mar/2017:10:29:09 -0300] "GET /cormun/servlet/trsolicitudnombre?15938440, HTTP/1.1" 200 7161
192.168.10.96 - - [08/Mar/2017:10:29:10 -0300] "GET /cormun/servlet/trsolicitudnombre?15938440, HTTP/1.1" 200 7160
192.168.10.96 - - [08/Mar/2017:10:29:14 -0300] "GET /cormun/servlet/vesolicitudnombre?2017,5213,, HTTP/1.1" 200 8341
192.168.10.96 - - [08/Mar/2017:10:29:14 -0300] "GET /cormun/pexe_scrolldiv.js HTTP/1.1" 404 1009
192.168.10.96 - - [08/Mar/2017:10:29:14 -0300] "GET /cormun/pexe_scrolldiv.js HTTP/1.1" 404 1009
192.168.10.96 - - [08/Mar/2017:10:29:15 -0300] "GET /cormun/servlet/vesolicitudnombre?2017,5213,, HTTP/1.1" 200 8334
192.168.10.96 - - [08/Mar/2017:10:29:17 -0300] "GET /cormun/servlet/vesolicitudnombre?2017,5213,,SolicitudOTAdjuntos HTTP/1.1" 200 10462
192.168.10.96 - - [08/Mar/2017:10:29:17 -0300] "GET /cormun/pexe_scrolldiv.js HTTP/1.1" 404 1009
192.168.10.96 - - [08/Mar/2017:10:29:17 -0300] "GET /cormun/pexe_scrolldiv.js HTTP/1.1" 404 1009
192.168.10.96 - - [08/Mar/2017:10:29:18 -0300] "GET /cormun/servlet/vesolicitudnombre?2017,5213,,SolicitudOTAdjuntos HTTP/1.1" 200 10462
192.168.10.96 - - [08/Mar/2017:10:29:18 -0300] "POST /cormun/servlet/acontrolpreferencessavestate?None,DZAMUDIO,true HTTP/1.1" 200 35
192.168.10.96 - - [08/Mar/2017:10:29:20 -0300] "GET /cormun/PublicTempStorage/fotocopia_carn._mauricio_fuentes20170306130652_0017351578.pdf HTTP/1.1" 200 22449
192.168.10.96 - - [08/Mar/2017:10:29:26 -0300] "GET /cormun/servlet/vesolicitudnombre?2017,5213,,SolicitudOTAdjuntos HTTP/1.1" 200 10459
192.168.10.96 - - [08/Mar/2017:10:29:27 -0300] "GET /cormun/servlet/vesolicitudnombre?2017,5213,,SolicitudOTAdjuntos HTTP/1.1" 200 10461
192.168.10.96 - - [08/Mar/2017:10:29:28 -0300] "POST /cormun/servlet/acontrolpreferencessavestate?None,DZAMUDIO,true HTTP/1.1" 200 35
192.168.10.96 - - [08/Mar/2017:10:29:29 -0300] "GET /cormun/PublicTempStorage/certificado_cat.mauricio_fuentes20170306125642_0012929907.pdf HTTP/1.1" 200 339424
186.103.132.155 - - [08/Mar/2017:10:29:34 -0300] "GET /cormun/servlet/prfichaempleado?,MD,,gxPopupLevel%3D0%3B HTTP/1.1" 200 8845
192.168.10.96 - - [08/Mar/2017:10:29:40 -0300] "GET /cormun/servlet/vesolicitudnombre?2017,5213,,SolicitudOTAdjuntos HTTP/1.1" 200 10459
192.168.10.96 - - [08/Mar/2017:10:29:40 -0300] "GET /cormun/servlet/vesolicitudnombre?2017,5213,,SolicitudOTAdjuntos HTTP/1.1" 200 10463
200.111.191.210 - - [08/Mar/2017:10:29:41 -0300] "GET /cormun/servlet/trsolicitudot? HTTP/1.1" 200 8257
192.168.10.96 - - [08/Mar/2017:10:29:41 -0300] "POST /cormun/servlet/acontrolpreferencessavestate?None,DZAMUDIO,true HTTP/1.1" 200 35
200.111.191.210 - - [08/Mar/2017:10:29:41 -0300] "GET /cormun/servlet/trsolicitudot? HTTP/1.1" 200 8257
192.168.10.96 - - [08/Mar/2017:10:29:46 -0300] "GET /cormun/PublicTempStorage/afp_mauricio_fuentes20170306130346_0014036118.pdf HTTP/1.1" 200 338060
192.168.10.96 - - [08/Mar/2017:10:29:51 -0300] "GET /cormun/servlet/vesolicitudnombre?2017,5213,,SolicitudOTAdjuntos HTTP/1.1" 200 10458
192.168.10.96 - - [08/Mar/2017:10:29:52 -0300] "GET /cormun/servlet/vesolicitudnombre?2017,5213,,SolicitudOTAdjuntos HTTP/1.1" 200 10462
192.168.10.96 - - [08/Mar/2017:10:29:53 -0300] "POST /cormun/servlet/acontrolpreferencessavestate?None,DZAMUDIO,true HTTP/1.1" 200 35
192.168.10.89 - - [08/Mar/2017:10:29:56 -0300] "POST /cormun/servlet/trsolicitudgral?e5bdcae641cc92ca5da0c4fbe6cae67f,gx-no-cache=1488983080402 HTTP/1.1" 200 6670
186.103.132.155 - - [08/Mar/2017:10:30:06 -0300] "POST /cormun/servlet/prfichaempleado?7bced8b595bc9b2c19a200346027c598,,MD,,gxPopupLevel%3D0%3B,gx-no-cache=1488976275078 HTTP/1.1" 200 3396
200.111.191.210 - - [08/Mar/2017:10:30:25 -0300] "GET /cormun/servlet/solicitudot?INS,0,0, HTTP/1.1" 200 12526
200.111.191.210 - - [08/Mar/2017:10:30:26 -0300] "GET /cormun/servlet/solicitudot?INS,0,0, HTTP/1.1" 200 12530
200.111.191.210 - - [08/Mar/2017:10:30:36 -0300] "GET /cormun/servlet/prfichaempleado?,MD,,gxPopupLevel%3D0%3B HTTP/1.1" 200 8775
200.111.191.210 - - [08/Mar/2017:10:30:36 -0300] "GET /cormun/static/gxcfg.js?2016102420561687 HTTP/1.1" 200 953
200.111.191.210 - - [08/Mar/2017:10:30:48 -0300] "POST /cormun/servlet/prfichaempleado?070cc0eced71fa9a5072ba2bd426d2f3,,MD,,gxPopupLevel%3D0%3B,gx-no-cache=1488983432001 HTTP/1.1" 200 3448
200.111.191.210 - - [08/Mar/2017:10:30:53 -0300] "POST /cormun/servlet/solicitudot?gx-no-cache=1488983437559 HTTP/1.1" 200 3146
200.111.191.210 - - [08/Mar/2017:10:30:53 -0300] "POST /cormun/servlet/solicitudot?070cc0eced71fa9a5072ba2bd426d2f3,INS,0,0,,gx-no-cache=1488983437721 HTTP/1.1" 200 9743
200.111.191.210 - - [08/Mar/2017:10:30:58 -0300] "GET /cormun/servlet/solicitudot?3cbb41b32e50d75f7cf199e736ae3908eb11c213dcbab1f8ed22006fbc99e9c66b16e5f3a94c9559f7ac4ec2ffbb90e2,gx-no-cache=1488983442302 HTTP/1.1" 200 30
186.79.226.62 - - [08/Mar/2017:10:31:11 -0300] "GET /cormun/servlet/hlogin HTTP/1.1" 200 1724
186.79.226.62 - - [08/Mar/2017:10:31:14 -0300] "POST /cormun/servlet/hlogin?3495f59cc4c8a6be9416ef90e851d4ed,gx-no-cache=1488979942219 HTTP/1.1" 200 90
186.79.226.62 - - [08/Mar/2017:10:31:14 -0300] "GET /cormun/servlet/hpexe_link HTTP/1.1" 200 959
186.79.226.62 - - [08/Mar/2017:10:31:14 -0300] "GET /cormun/servlet/hhome HTTP/1.1" 200 3967
186.79.226.62 - - [08/Mar/2017:10:31:14 -0300] "GET /cormun/servlet/hhome HTTP/1.1" 200 3963
200.111.191.210 - - [08/Mar/2017:10:31:17 -0300] "POST /cormun/servlet/solicitudot?gx-no-cache=1488983461083 HTTP/1.1" 200 255
200.111.191.210 - - [08/Mar/2017:10:31:17 -0300] "GET /cormun/servlet/solicitudot?3cbb41b32e50d75f7cf199e736ae390839c72ca3e9685e9e6d158bd089255315043e0d46ed687d51b505f286764b29c972cffc34e4286b30d0c04d1e8b268824714687e943e847d555dabea525a69c4b7f5449e032efc610c527b2928fd74e8634ec66ee4a0d960350822652eb6ea32488346d6e731109a8275d65cb0d3706ae386216cee12f00d3f4992afbe987c3be2daa8701b2222d49966ab0f2fe83f78058679c9eef527aae5a3320b268af0f4c1a331f3683b5af2703cf98e6a60ff075971b47b3abe908d7d69d81326cae0232508bf60c9d6e2131f69ffef7c81fd030e4a8cfaf6e78fa4c1f3403fef58a51ddf81967d808ccb1a14170f3cad04445861374ed7509c5be90aad3a0d2c38d324bd27e333832bffe99e3160500fd1193ac008742a412a8e9b27791c2e3215b7556a42ff3ba368adc75b6717d8f6a9f48e7897376d52e22b795d6fe91fda3a371c5440eb13d9d1c4d43ef44059c0c845712b3dc1c60866ed68b68ec7b4f41667541f51dbc59951ab3d4a18bfc0e76198a67,gx-no-cache=1488983461122 HTTP/1.1" 200 30
186.79.226.62 - - [08/Mar/2017:10:31:23 -0300] "GET /cormun/servlet/trcontratosolicitud? HTTP/1.1" 200 11231
186.79.226.62 - - [08/Mar/2017:10:31:24 -0300] "GET /cormun/static/trcontratosolicitud.js?20171317452124 HTTP/1.1" 304 -
186.79.226.62 - - [08/Mar/2017:10:31:24 -0300] "GET /cormun/static/gxcfg.js?20171317451682 HTTP/1.1" 304 -
186.103.132.155 - - [08/Mar/2017:10:31:24 -0300] "POST /cormun/servlet/solicitudot?gx-no-cache=1488976352280 HTTP/1.1" 200 3177
186.79.226.62 - - [08/Mar/2017:10:31:24 -0300] "GET /cormun//static/Resources/PXToolsGridNew.png HTTP/1.1" 304 -
186.79.226.62 - - [08/Mar/2017:10:31:24 -0300] "GET /cormun//static/Resources/PXToolsActionDisabled.gif HTTP/1.1" 304 -
186.103.132.155 - - [08/Mar/2017:10:31:24 -0300] "POST /cormun/servlet/solicitudot?7bced8b595bc9b2c19a200346027c598,INS,0,0,,gx-no-cache=1488976352899 HTTP/1.1" 200 9774
186.79.226.62 - - [08/Mar/2017:10:31:24 -0300] "GET /cormun/servlet/trcontratosolicitud? HTTP/1.1" 200 11230
186.103.132.155 - - [08/Mar/2017:10:31:24 -0300] "GET /cormun/servlet/solicitudot?6c6cc43e7687d7d004cbbbaf00f75f4752f11209365c0f1de3e25257800f670f5cdba3d886eee2895804e67e518ab76d,gx-no-cache=1488976353409 HTTP/1.1" 200 30
200.111.191.210 - - [08/Mar/2017:10:31:26 -0300] "POST /cormun/servlet/solicitudot?gx-no-cache=1488983470108 HTTP/1.1" 200 30
186.103.132.155 - - [08/Mar/2017:10:31:27 -0300] "POST /cormun/servlet/solicitudot?gx-no-cache=1488976356125 HTTP/1.1" 200 255
186.103.132.155 - - [08/Mar/2017:10:31:27 -0300] "GET /cormun/servlet/solicitudot?6c6cc43e7687d7d004cbbbaf00f75f47930a55f8fadc5b27448c05ca63f73f6709470208101588c2b64a52e0e36b43670b1365bf840ef81e7f853612fea87014a7841cb26363eee96077851b586c3df04870dc8f08278e31636fee780581a93f7ee97e9a52149874916f4933c51d23e2b37cf281c342710d535bd48f481243ee779ee14e180eaca2727743731c228c534dc05ac2c274c4d3dff344be141e24cf1d59f6fff754cb03e9b3f59a4b71b12e2254055653f2bc33040e36a96d945a95b82b27cf14549913ffda8a7f011a31e41a0c6b63111fbd07762df4bfbcd9943f43617fe93e572f61ef8a4368cc25b2427a7327605847351557451902f0d9416a46c771707447c3473d2ca488187465b62acb235dacf1707e9f75f1576f825a3c99b0f706b73b94a2005ffcffdec1a0ed6d5b4a645c78437db1849cae7e497b8a555642f38f287d11d8dcd267de57d4480ef8df6205177298e9f9c8919e041e5c631ff132c196909450cd856db58416f6dab91be30fb4b4e59f3c2d36783f07dc,gx-no-cache=1488976356259 HTTP/1.1" 200 30
200.111.191.210 - - [08/Mar/2017:10:31:28 -0300] "GET /cormun/servlet/prcontratosol?8980081,,,,,MD,,gxPopupLevel%3D0%3B HTTP/1.1" 200 5881
200.111.191.210 - - [08/Mar/2017:10:31:29 -0300] "GET /cormun/static/gxcfg.js?2016102711553248 HTTP/1.1" 200 953
200.111.191.210 - - [08/Mar/2017:10:31:29 -0300] "GET /cormun/static/Resources/PXToolsGridFirst.gif HTTP/1.1" 200 379
200.111.191.210 - - [08/Mar/2017:10:31:29 -0300] "GET /cormun/static/prcontratosol.js?2016102711553411 HTTP/1.1" 200 14084
200.111.191.210 - - [08/Mar/2017:10:31:29 -0300] "GET /cormun/static/Resources/PXToolsGridPrevious.gif HTTP/1.1" 200 369
200.111.191.210 - - [08/Mar/2017:10:31:29 -0300] "GET /cormun/static/Resources/PXToolsGridNext.gif HTTP/1.1" 200 369
200.111.191.210 - - [08/Mar/2017:10:31:29 -0300] "GET /cormun/static/Resources/PXToolsGridLast.gif HTTP/1.1" 200 370
186.103.132.155 - - [08/Mar/2017:10:31:30 -0300] "POST /cormun/servlet/solicitudot?gx-no-cache=1488976358654 HTTP/1.1" 200 30
200.111.191.210 - - [08/Mar/2017:10:31:31 -0300] "POST /cormun/servlet/solicitudot?gx-no-cache=1488983475244 HTTP/1.1" 200 1290
200.111.191.210 - - [08/Mar/2017:10:31:31 -0300] "POST /cormun/servlet/solicitudot?gx-no-cache=1488983475290 HTTP/1.1" 200 38
200.111.191.210 - - [08/Mar/2017:10:31:31 -0300] "GET /cormun/servlet/solicitudot?3cbb41b32e50d75f7cf199e736ae39081eb373210567af857931ff786e0225d9a9c2b3c55fe9b3d078e4298cf3d7f0f518f97af7ebbd0645970607067dc546e71b41eae294cafce8591a6cd17894c42478b09efd4b17e3c217234f459a5acb48fbfca17e510832447064d1be9049f84a0642b179d782e1541d24a24943792567e730e023b18da08ddfae93c93d7cc73678f242bfd51ffa0ae220755d64732e43,gx-no-cache=1488983475314 HTTP/1.1" 200 29
200.111.191.210 - - [08/Mar/2017:10:31:31 -0300] "POST /cormun/servlet/solicitudot?gx-no-cache=1488983475343 HTTP/1.1" 200 1273
200.111.191.210 - - [08/Mar/2017:10:31:31 -0300] "POST /cormun/servlet/solicitudot?gx-no-cache=1488983475394 HTTP/1.1" 200 1156
186.103.132.155 - - [08/Mar/2017:10:31:32 -0300] "POST /cormun/servlet/solicitudot?gx-no-cache=1488976361574 HTTP/1.1" 200 1291
186.103.132.155 - - [08/Mar/2017:10:31:33 -0300] "POST /cormun/servlet/solicitudot?gx-no-cache=1488976361694 HTTP/1.1" 200 38
186.103.132.155 - - [08/Mar/2017:10:31:46 -0300] "GET /cormun/servlet/solicitudot?6c6cc43e7687d7d004cbbbaf00f75f477abc2721404a886b5a06da54396447ea77ebc7c5dd7a43fd0363d722640b79b32e6946b5ef0585243fce2f1eee299664f92367e9f36bb2b1476b19636da01d3680f5c0be97050a6362e229d9e2e7e2fc33538b7f2c5e9fabe775b2b6b20049c09515943995ec86aea8b788140faaadf905b52912d15e03bd4ab3b7b748b731ee654c1e4311f3e51dfe48190b51fa678d,gx-no-cache=1488976375439 HTTP/1.1" 200 29
186.103.132.155 - - [08/Mar/2017:10:31:46 -0300] "POST /cormun/servlet/solicitudot?gx-no-cache=1488976375537 HTTP/1.1" 200 1275
186.103.132.155 - - [08/Mar/2017:10:31:47 -0300] "POST /cormun/servlet/solicitudot?gx-no-cache=1488976375672 HTTP/1.1" 200 1157
186.103.132.155 - - [08/Mar/2017:10:31:47 -0300] "GET /cormun/static/menuarrow.gif HTTP/1.1" 404 1015
186.103.132.155 - - [08/Mar/2017:10:31:50 -0300] "POST /cormun/servlet/solicitudot?gx-no-cache=1488976378910 HTTP/1.1" 200 1275
186.103.132.155 - - [08/Mar/2017:10:31:50 -0300] "POST /cormun/servlet/solicitudot?gx-no-cache=1488976379123 HTTP/1.1" 200 1157
186.103.132.155 - - [08/Mar/2017:10:32:00 -0300] "GET /cormun/servlet/solicitudot?6c6cc43e7687d7d004cbbbaf00f75f476e7f6276c33c4dfa0dab2e290a128c23836fefb5617d86c9585418cce2ceb214a62d0c3e0444c89cd6ed10c425d0ab2b936c3d3024d3fe7a7a138dcd8c55a6c54d89b5953b9c74c2247190053c63cf54437d70a0d8667e5cdc4efc68f91e9c9fc3f4329446837925db7c3e9e8718a9114792634a509e10d6454ae4e91fb9e322829031daf46dfba12b5d22821df9404790e66de9164a63de60932b3549c5a7de,gx-no-cache=1488976389565 HTTP/1.1" 200 30
186.103.132.155 - - [08/Mar/2017:10:32:12 -0300] "POST /cormun/servlet/solicitudot?7bced8b595bc9b2c19a200346027c598,INS,0,0,,gx-no-cache=1488976400686 HTTP/1.1" 200 93
186.103.132.155 - - [08/Mar/2017:10:32:12 -0300] "GET /cormun/servlet/hpexe_return? HTTP/1.1" 200 1000
186.103.132.155 - - [08/Mar/2017:10:32:13 -0300] "GET /cormun/servlet/trsolicitudot HTTP/1.1" 200 8485
186.103.132.155 - - [08/Mar/2017:10:32:13 -0300] "GET /cormun/servlet/trsolicitudot HTTP/1.1" 200 8481
200.111.191.210 - - [08/Mar/2017:10:32:14 -0300] "POST /cormun/servlet/solicitudot?gx-no-cache=1488983518005 HTTP/1.1" 200 1274
200.111.191.210 - - [08/Mar/2017:10:32:14 -0300] "POST /cormun/servlet/solicitudot?gx-no-cache=1488983518064 HTTP/1.1" 200 1156
186.103.132.155 - - [08/Mar/2017:10:32:16 -0300] "GET /cormun/servlet/solicitudot?INS,0,0, HTTP/1.1" 200 12587
186.103.132.155 - - [08/Mar/2017:10:32:17 -0300] "GET /cormun/servlet/solicitudot?INS,0,0, HTTP/1.1" 200 12592
200.111.191.210 - - [08/Mar/2017:10:32:26 -0300] "GET /cormun/servlet/solicitudot?3cbb41b32e50d75f7cf199e736ae390890427b8d3b33d6ff9757890e2f4d0434079f1261fdfead8584d787277e3f3a8f8cee739fa607e4b111750b20ce79c8b6e9c2d9c95be6b46926d346fd7f960f2223be5218e214601cfa656719b1c2d867858fbd0995831bff160559ef1eeb5407b1440b58812031989bf74301f2a53d6874b185f2fbf37634fe05526a818706371f59540365fce1057048242e44d2aef4dce8b8e0f1d434e502c209f4a4612a17,gx-no-cache=1488983530545 HTTP/1.1" 200 30
186.103.159.46 - - [08/Mar/2017:10:32:29 -0300] "POST /cormun/servlet/solicitudot?gx-no-cache=1488980019146 HTTP/1.1" 200 30
186.103.159.46 - - [08/Mar/2017:10:32:29 -0300] "POST /cormun/servlet/solicitudot?gx-no-cache=1488980019342 HTTP/1.1" 200 1291
186.103.159.46 - - [08/Mar/2017:10:32:29 -0300] "POST /cormun/servlet/solicitudot?gx-no-cache=1488980019504 HTTP/1.1" 200 41
186.103.132.155 - - [08/Mar/2017:10:32:33 -0300] "GET /cormun/servlet/prfichaempleado?,MD,,gxPopupLevel%3D0%3B HTTP/1.1" 200 8845
200.111.191.210 - - [08/Mar/2017:10:32:39 -0300] "POST /cormun/servlet/solicitudot?070cc0eced71fa9a5072ba2bd426d2f3,INS,0,0,,gx-no-cache=1488983543000 HTTP/1.1" 200 11098
200.111.191.210 - - [08/Mar/2017:10:32:39 -0300] "GET /cormun/static/Shared/jqueryui/images/ui-bg_highlight-soft_100_c6c2c8_1x100.png HTTP/1.1" 404 1117
200.111.191.210 - - [08/Mar/2017:10:32:39 -0300] "GET /cormun/static/Shared/jqueryui/images/ui-bg_flat_55_994d53_40x100.png HTTP/1.1" 404 1097
200.111.191.210 - - [08/Mar/2017:10:32:39 -0300] "GET /cormun/static/Shared/jqueryui/images/ui-icons_ebccce_256x240.png HTTP/1.1" 404 1089
200.111.191.210 - - [08/Mar/2017:10:32:39 -0300] "GET /cormun/static/Shared/jqueryui/images/ui-icons_82798d_256x240.png HTTP/1.1" 404 1089
186.103.159.46 - - [08/Mar/2017:10:32:44 -0300] "POST /cormun/servlet/solicitudot?gx-no-cache=1488980034317 HTTP/1.1" 200 1273
186.103.159.46 - - [08/Mar/2017:10:32:50 -0300] "POST /cormun/servlet/solicitudot?gx-no-cache=1488980040290 HTTP/1.1" 200 1157
186.103.159.46 - - [08/Mar/2017:10:32:50 -0300] "GET /cormun/static/menuarrow.gif HTTP/1.1" 404 1015
186.103.132.155 - - [08/Mar/2017:10:32:51 -0300] "POST /cormun/servlet/prfichaempleado?7bced8b595bc9b2c19a200346027c598,,MD,,gxPopupLevel%3D0%3B,gx-no-cache=1488976439719 HTTP/1.1" 200 3400
200.111.191.210 - - [08/Mar/2017:10:32:53 -0300] "GET /cormun/static/menuarrow.gif HTTP/1.1" 404 1015
200.111.191.210 - - [08/Mar/2017:10:32:56 -0300] "GET /cormun/servlet/solicitudot?3cbb41b32e50d75f7cf199e736ae390890427b8d3b33d6ff9757890e2f4d0434079f1261fdfead8584d787277e3f3a8f8cee739fa607e4b111750b20ce79c8b6e9c2d9c95be6b46926d346fd7f960f2223be5218e214601cfa656719b1c2d867858fbd0995831bff160559ef1eeb5407b1440b58812031989bf74301f2a53d6874b185f2fbf37634fe05526a818706371f59540365fce1057048242e44d2aef4dce8b8e0f1d434e502c209f4a4612a17,gx-no-cache=1488983560547 HTTP/1.1" 200 30
200.111.191.210 - - [08/Mar/2017:10:32:56 -0300] "POST /cormun/servlet/solicitudot?070cc0eced71fa9a5072ba2bd426d2f3,INS,0,0,,gx-no-cache=1488983560572 HTTP/1.1" 200 11149
186.79.226.62 - - [08/Mar/2017:10:32:57 -0300] "GET /cormun/servlet/hhome HTTP/1.1" 200 3967
186.79.226.62 - - [08/Mar/2017:10:32:57 -0300] "GET /cormun/servlet/hhome HTTP/1.1" 200 3963
186.103.132.155 - - [08/Mar/2017:10:33:01 -0300] "POST /cormun/servlet/solicitudot?gx-no-cache=1488976449517 HTTP/1.1" 200 3170
186.103.132.155 - - [08/Mar/2017:10:33:01 -0300] "POST /cormun/servlet/solicitudot?7bced8b595bc9b2c19a200346027c598,INS,0,0,,gx-no-cache=1488976449795 HTTP/1.1" 200 9766
186.103.132.155 - - [08/Mar/2017:10:33:01 -0300] "GET /cormun/servlet/solicitudot?6c6cc43e7687d7d004cbbbaf00f75f47ab96bcfbf778c218a326d9254d332b975cdba3d886eee2895804e67e518ab76d,gx-no-cache=1488976450220 HTTP/1.1" 200 30
186.103.159.46 - - [08/Mar/2017:10:33:02 -0300] "GET /cormun/servlet/prlicenciaspermisos?15106022,L,,MD,,gxPopupLevel%3D0%3B HTTP/1.1" 200 6425
186.79.226.62 - - [08/Mar/2017:10:33:09 -0300] "GET /cormun/servlet/trcontratounov2? HTTP/1.1" 200 16424
186.79.226.62 - - [08/Mar/2017:10:33:09 -0300] "GET /cormun/static/gxcfg.js?201612281114880 HTTP/1.1" 304 -
186.79.226.62 - - [08/Mar/2017:10:33:09 -0300] "GET /cormun/static/trcontratounov2.js?2016122811141421 HTTP/1.1" 304 -
186.79.226.62 - - [08/Mar/2017:10:33:10 -0300] "GET /cormun/servlet/trcontratounov2? HTTP/1.1" 200 16420
186.103.159.46 - - [08/Mar/2017:10:33:14 -0300] "POST /cormun/servlet/solicitudot?gx-no-cache=1488980064121 HTTP/1.1" 200 41
186.103.159.46 - - [08/Mar/2017:10:33:14 -0300] "POST /cormun/servlet/solicitudot?gx-no-cache=1488980064199 HTTP/1.1" 200 1273
186.103.159.46 - - [08/Mar/2017:10:33:14 -0300] "POST /cormun/servlet/solicitudot?gx-no-cache=1488980064276 HTTP/1.1" 200 1157
186.103.132.155 - - [08/Mar/2017:10:33:19 -0300] "POST /cormun/servlet/solicitudot?gx-no-cache=1488976467814 HTTP/1.1" 200 255
186.103.132.155 - - [08/Mar/2017:10:33:19 -0300] "GET /cormun/servlet/solicitudot?6c6cc43e7687d7d004cbbbaf00f75f47930a55f8fadc5b27448c05ca63f73f6709470208101588c2b64a52e0e36b43670b1365bf840ef81e7f853612fea87014a7841cb26363eee96077851b586c3df04870dc8f08278e31636fee780581a93f7ee97e9a52149874916f4933c51d23e2b37cf281c342710d535bd48f481243ee779ee14e180eaca2727743731c228c534dc05ac2c274c4d3dff344be141e24cf1d59f6fff754cb03e9b3f59a4b71b12e2254055653f2bc33040e36a96d945a95b82b27cf14549913ffda8a7f011a31e41a0c6b63111fbd07762df4bfbcd9943f43617fe93e572f61ef8a4368cc25b2427a7327605847351557451902f0d9416a46c771707447c3473d2ca488187465b62acb235dacf1707e9f75f1576f825a3c99b0f706b73b94a2005ffcffdec1a0ed6d5b4a645c78437db1849cae7e497b8a555642f38f287d11d8dcd267de57d4480ef8df6205177298e9f9c8919e041e5c631ff132c196909450cd856db58416f6dab91be30fb4b4e59f3c2d36783f07dc,gx-no-cache=1488976467975 HTTP/1.1" 200 30
186.103.159.46 - - [08/Mar/2017:10:33:22 -0300] "POST /cormun/servlet/solicitudot?gx-no-cache=1488980072669 HTTP/1.1" 200 1273
186.103.159.46 - - [08/Mar/2017:10:33:23 -0300] "POST /cormun/servlet/solicitudot?gx-no-cache=1488980072785 HTTP/1.1" 200 1157
186.103.132.155 - - [08/Mar/2017:10:33:27 -0300] "POST /cormun/servlet/solicitudot?gx-no-cache=1488976475565 HTTP/1.1" 200 30
186.103.132.155 - - [08/Mar/2017:10:33:29 -0300] "POST /cormun/servlet/solicitudot?gx-no-cache=1488976478539 HTTP/1.1" 200 1291
186.103.132.155 - - [08/Mar/2017:10:33:30 -0300] "POST /cormun/servlet/solicitudot?gx-no-cache=1488976478672 HTTP/1.1" 200 38
186.103.132.155 - - [08/Mar/2017:10:33:35 -0300] "GET /cormun/servlet/solicitudot?6c6cc43e7687d7d004cbbbaf00f75f477abc2721404a886b5a06da54396447ea77ebc7c5dd7a43fd0363d722640b79b32e6946b5ef0585243fce2f1eee299664f92367e9f36bb2b1476b19636da01d3680f5c0be97050a6362e229d9e2e7e2fc33538b7f2c5e9fabe775b2b6b20049c09515943995ec86aea8b788140faaadf905b52912d15e03bd4ab3b7b748b731ee654c1e4311f3e51dfe48190b51fa678d,gx-no-cache=1488976483989 HTTP/1.1" 200 29
186.103.132.155 - - [08/Mar/2017:10:33:35 -0300] "POST /cormun/servlet/solicitudot?gx-no-cache=1488976484320 HTTP/1.1" 200 1275
186.103.132.155 - - [08/Mar/2017:10:33:35 -0300] "POST /cormun/servlet/solicitudot?gx-no-cache=1488976484464 HTTP/1.1" 200 1158
186.103.132.155 - - [08/Mar/2017:10:33:36 -0300] "GET /cormun/static/menuarrow.gif HTTP/1.1" 404 1015
186.103.132.155 - - [08/Mar/2017:10:33:38 -0300] "POST /cormun/servlet/solicitudot?gx-no-cache=1488976486915 HTTP/1.1" 200 1275
186.103.132.155 - - [08/Mar/2017:10:33:38 -0300] "POST /cormun/servlet/solicitudot?gx-no-cache=1488976487103 HTTP/1.1" 200 1158
186.103.132.155 - - [08/Mar/2017:10:33:48 -0300] "GET /cormun/servlet/solicitudot?6c6cc43e7687d7d004cbbbaf00f75f47b66a99c720d7733144603fa8d72acb552972bcf3bd5d6880f600206fe3c6694ba62d0c3e0444c89cd6ed10c425d0ab2b936c3d3024d3fe7a7a138dcd8c55a6c54d89b5953b9c74c2247190053c63cf54437d70a0d8667e5cdc4efc68f91e9c9fc3f4329446837925db7c3e9e8718a9114792634a509e10d6454ae4e91fb9e322ac64abcd1b674543fa31ad14915b39f4883e92ac907ca76cbe0c5b47b576c2de,gx-no-cache=1488976496964 HTTP/1.1" 200 30
200.111.191.210 - - [08/Mar/2017:10:33:49 -0300] "GET /cormun/servlet/solicitudot?3cbb41b32e50d75f7cf199e736ae390890427b8d3b33d6ff9757890e2f4d0434079f1261fdfead8584d787277e3f3a8f8cee739fa607e4b111750b20ce79c8b6e9c2d9c95be6b46926d346fd7f960f2223be5218e214601cfa656719b1c2d867858fbd0995831bff160559ef1eeb5407b1440b58812031989bf74301f2a53d6874b185f2fbf37634fe05526a818706371f59540365fce1057048242e44d2aef4dce8b8e0f1d434e502c209f4a4612a17,gx-no-cache=1488983612967 HTTP/1.1" 200 30
200.111.191.210 - - [08/Mar/2017:10:33:49 -0300] "POST /cormun/servlet/solicitudot?070cc0eced71fa9a5072ba2bd426d2f3,INS,0,0,,gx-no-cache=1488983613022 HTTP/1.1" 200 11199
186.103.132.155 - - [08/Mar/2017:10:33:59 -0300] "POST /cormun/servlet/solicitudot?7bced8b595bc9b2c19a200346027c598,INS,0,0,,gx-no-cache=1488976507258 HTTP/1.1" 200 93
186.103.132.155 - - [08/Mar/2017:10:33:59 -0300] "GET /cormun/servlet/hpexe_return? HTTP/1.1" 200 1000
186.103.132.155 - - [08/Mar/2017:10:33:59 -0300] "GET /cormun/servlet/trsolicitudot HTTP/1.1" 200 8827
186.103.132.155 - - [08/Mar/2017:10:34:00 -0300] "GET /cormun/servlet/trsolicitudot HTTP/1.1" 200 8824
186.103.132.155 - - [08/Mar/2017:10:34:08 -0300] "GET /cormun/servlet/solicitudot?INS,0,0, HTTP/1.1" 200 12588
186.103.132.155 - - [08/Mar/2017:10:34:09 -0300] "GET /cormun/servlet/solicitudot?INS,0,0, HTTP/1.1" 200 12593
186.79.226.62 - - [08/Mar/2017:10:34:13 -0300] "POST /cormun/servlet/trcontratounov2?3495f59cc4c8a6be9416ef90e851d4ed,,gx-no-cache=1488980120059 HTTP/1.1" 200 15742
186.103.159.46 - - [08/Mar/2017:10:34:14 -0300] "GET /cormun/servlet/solicitudot?2e2bc14e334a25e9b716903cf27c1102204e05f0a7f54c1a7f04fdceb774ebf946887fef203d1499bb19a07e3628aef7a3a6b0e1939608ee885ebd6c21ff3f4633343cdc09d0c88e6a285a49244043ed6a2f73cc865eaa5d2e0dc37f3083d63a5ae639ca095de7942b0351eb3507655e86d96853c5435203c57b86020d6464ebecf188d8fb457177290f897814bdd61fcfb19c77d1bab59a93c28fb12e12c1aa29894192cdb00bf4ed020c205bb2a2aa28790c779c8062eb127b4767b8d8cbcb,gx-no-cache=1488980124694 HTTP/1.1" 200 30
186.103.159.46 - - [08/Mar/2017:10:34:15 -0300] "POST /cormun/servlet/solicitudot?6e19d6ce2ba915bc8b4147463f6c8a48,INS,0,0,,gx-no-cache=1488980124792 HTTP/1.1" 200 93
186.103.159.46 - - [08/Mar/2017:10:34:15 -0300] "GET /cormun/servlet/hpexe_return? HTTP/1.1" 200 1006
186.103.159.46 - - [08/Mar/2017:10:34:15 -0300] "GET /cormun/servlet/trsolicitudot HTTP/1.1" 200 8020
186.103.159.46 - - [08/Mar/2017:10:34:17 -0300] "GET /cormun/servlet/trsolicitudot HTTP/1.1" 200 8016
186.103.159.46 - - [08/Mar/2017:10:34:20 -0300] "POST /cormun/servlet/trsolicitudot?6e19d6ce2ba915bc8b4147463f6c8a48,gx-no-cache=1488980130194 HTTP/1.1" 200 106
186.103.159.46 - - [08/Mar/2017:10:34:20 -0300] "GET /cormun/servlet/trsolicitudadjuntos?2017,5315, HTTP/1.1" 200 5874
186.103.159.46 - - [08/Mar/2017:10:34:20 -0300] "GET /cormun/static/trsolicitudadjuntos.js?201612218531657 HTTP/1.1" 304 -
186.103.132.155 - - [08/Mar/2017:10:34:21 -0300] "GET /cormun/servlet/prfichaempleado?,MD,,gxPopupLevel%3D0%3B HTTP/1.1" 200 8845
186.103.159.46 - - [08/Mar/2017:10:34:21 -0300] "GET /cormun/servlet/trsolicitudadjuntos?2017,5315, HTTP/1.1" 200 5874
186.103.159.46 - - [08/Mar/2017:10:34:27 -0300] "GET /cormun/servlet/solicitudotadjuntos?INS,2017,5315,,1, HTTP/1.1" 200 5804
186.103.159.46 - - [08/Mar/2017:10:34:28 -0300] "GET /cormun/static/about:blank HTTP/1.1" 404 1011
186.103.159.46 - - [08/Mar/2017:10:34:29 -0300] "GET /cormun/servlet/solicitudotadjuntos?INS,2017,5315,,1, HTTP/1.1" 200 5798
186.103.159.46 - - [08/Mar/2017:10:34:29 -0300] "GET /cormun/servlet/solicitudotadjuntos?2e2bc14e334a25e9b716903cf27c1102ac0e0738bb2bd2fa46660c12ce6d2105b01a17aba68d7da6f5f5a472ed2c3692,gx-no-cache=1488980139385 HTTP/1.1" 200 30
186.103.159.46 - - [08/Mar/2017:10:34:29 -0300] "POST /cormun/servlet/solicitudotadjuntos?6e19d6ce2ba915bc8b4147463f6c8a48,INS,2017,5315,,1,,gx-no-cache=1488980139457 HTTP/1.1" 200 3641
186.103.159.46 - - [08/Mar/2017:10:34:34 -0300] "POST /cormun/servlet/solicitudotadjuntos?gx-no-cache=1488980144480 HTTP/1.1" 200 26
186.103.159.46 - - [08/Mar/2017:10:34:37 -0300] "GET /cormun/servlet/solicitudotadjuntos?2e2bc14e334a25e9b716903cf27c11028d3b0db711e36a9f82a64397c1f73ee2,gx-no-cache=1488980147358 HTTP/1.1" 200 30
186.103.159.46 - - [08/Mar/2017:10:34:37 -0300] "GET /cormun/servlet/solicitudotadjuntos?2e2bc14e334a25e9b716903cf27c11028d3b0db711e36a9f82a64397c1f73ee2,gx-no-cache=1488980147434 HTTP/1.1" 200 30
186.103.159.46 - - [08/Mar/2017:10:34:37 -0300] "POST /cormun/servlet/solicitudotadjuntos?6e19d6ce2ba915bc8b4147463f6c8a48,INS,2017,5315,,1,,gx-no-cache=1488980147513 HTTP/1.1" 200 93
186.103.159.46 - - [08/Mar/2017:10:34:37 -0300] "GET /cormun/servlet/hpexe_return? HTTP/1.1" 200 1025
186.103.159.46 - - [08/Mar/2017:10:34:38 -0300] "GET /cormun/servlet/trsolicitudadjuntos?2017,5315, HTTP/1.1" 200 7842
186.103.159.46 - - [08/Mar/2017:10:34:39 -0300] "GET /cormun/servlet/trsolicitudadjuntos?2017,5315, HTTP/1.1" 200 7841
186.79.226.62 - - [08/Mar/2017:10:34:41 -0300] "POST /cormun/servlet/trcontratounov2?3495f59cc4c8a6be9416ef90e851d4ed,,gx-no-cache=1488980146899 HTTP/1.1" 200 105
186.79.226.62 - - [08/Mar/2017:10:34:41 -0300] "GET /cormun/ContratoUnoV3-8340.xls HTTP/1.1" 200 27136
186.103.159.46 - - [08/Mar/2017:10:34:43 -0300] "GET /cormun/servlet/solicitudotadjuntos?DLT,2017,5315,CV,0, HTTP/1.1" 200 5694
186.103.159.46 - - [08/Mar/2017:10:34:43 -0300] "GET /cormun/static/about:blank HTTP/1.1" 404 1011
186.103.159.46 - - [08/Mar/2017:10:34:44 -0300] "GET /cormun/static/Shared/jqueryui/images/ui-bg_highlight-soft_100_c6c2c8_1x100.png HTTP/1.1" 404 1117
186.103.159.46 - - [08/Mar/2017:10:34:44 -0300] "GET /cormun/static/Shared/jqueryui/images/ui-icons_82798d_256x240.png HTTP/1.1" 404 1089
186.103.159.46 - - [08/Mar/2017:10:34:44 -0300] "GET /cormun/static/Shared/jqueryui/images/ui-icons_8d78a5_256x240.png HTTP/1.1" 404 1089
186.103.159.46 - - [08/Mar/2017:10:34:44 -0300] "GET /cormun/static/Shared/jqueryui/images/ui-bg_flat_55_fafafa_40x100.png HTTP/1.1" 404 1097
186.103.159.46 - - [08/Mar/2017:10:34:44 -0300] "GET /cormun/servlet/solicitudotadjuntos?DLT,2017,5315,CV,0, HTTP/1.1" 200 5688
200.111.191.210 - - [08/Mar/2017:10:34:44 -0300] "GET /cormun/servlet/solicitudot?3cbb41b32e50d75f7cf199e736ae390890427b8d3b33d6ff9757890e2f4d0434079f1261fdfead8584d787277e3f3a8f8cee739fa607e4b111750b20ce79c8b6e9c2d9c95be6b46926d346fd7f960f2223be5218e214601cfa656719b1c2d867858fbd0995831bff160559ef1eeb5407b1440b58812031989bf74301f2a53d6874b185f2fbf37634fe05526a818706371f59540365fce1057048242e44d2aef4dce8b8e0f1d434e502c209f4a4612a17,gx-no-cache=1488983668522 HTTP/1.1" 200 30
200.111.191.210 - - [08/Mar/2017:10:34:44 -0300] "POST /cormun/servlet/solicitudot?070cc0eced71fa9a5072ba2bd426d2f3,INS,0,0,,gx-no-cache=1488983668627 HTTP/1.1" 200 11241
186.103.159.46 - - [08/Mar/2017:10:34:46 -0300] "POST /cormun/servlet/solicitudotadjuntos?6e19d6ce2ba915bc8b4147463f6c8a48,DLT,2017,5315,CV,0,,gx-no-cache=1488980156263 HTTP/1.1" 200 93
186.103.159.46 - - [08/Mar/2017:10:34:46 -0300] "GET /cormun/servlet/hpexe_return? HTTP/1.1" 200 1027
186.103.159.46 - - [08/Mar/2017:10:34:46 -0300] "GET /cormun/servlet/trsolicitudadjuntos?2017,5315, HTTP/1.1" 200 7842
186.103.159.46 - - [08/Mar/2017:10:34:48 -0300] "GET /cormun/servlet/trsolicitudadjuntos?2017,5315, HTTP/1.1" 200 7841
186.103.159.46 - - [08/Mar/2017:10:34:50 -0300] "GET /cormun/servlet/solicitudotadjuntos?DLT,2017,5315,CV,0, HTTP/1.1" 200 5694
186.103.159.46 - - [08/Mar/2017:10:34:50 -0300] "GET /cormun/static/about:blank HTTP/1.1" 404 1011
186.103.159.46 - - [08/Mar/2017:10:34:51 -0300] "GET /cormun/static/Shared/jqueryui/images/ui-bg_highlight-soft_100_c6c2c8_1x100.png HTTP/1.1" 404 1117
186.103.159.46 - - [08/Mar/2017:10:34:51 -0300] "GET /cormun/static/Shared/jqueryui/images/ui-icons_82798d_256x240.png HTTP/1.1" 404 1089
186.103.159.46 - - [08/Mar/2017:10:34:51 -0300] "GET /cormun/static/Shared/jqueryui/images/ui-icons_8d78a5_256x240.png HTTP/1.1" 404 1089
186.103.159.46 - - [08/Mar/2017:10:34:51 -0300] "GET /cormun/static/Shared/jqueryui/images/ui-bg_flat_55_fafafa_40x100.png HTTP/1.1" 404 1097
186.103.159.46 - - [08/Mar/2017:10:34:51 -0300] "GET /cormun/servlet/solicitudotadjuntos?DLT,2017,5315,CV,0, HTTP/1.1" 200 5688
186.103.159.46 - - [08/Mar/2017:10:34:53 -0300] "POST /cormun/servlet/solicitudotadjuntos?6e19d6ce2ba915bc8b4147463f6c8a48,DLT,2017,5315,CV,0,,gx-no-cache=1488980163247 HTTP/1.1" 200 93
186.103.159.46 - - [08/Mar/2017:10:34:53 -0300] "GET /cormun/servlet/hpexe_return? HTTP/1.1" 200 1027
186.103.159.46 - - [08/Mar/2017:10:34:53 -0300] "GET /cormun/servlet/trsolicitudadjuntos?2017,5315, HTTP/1.1" 200 5878
186.103.159.46 - - [08/Mar/2017:10:34:55 -0300] "GET /cormun/servlet/trsolicitudadjuntos?2017,5315, HTTP/1.1" 200 5874
200.111.191.210 - - [08/Mar/2017:10:34:57 -0300] "POST /cormun/servlet/solicitudot?gx-no-cache=1488983681029 HTTP/1.1" 200 1274
200.111.191.210 - - [08/Mar/2017:10:34:57 -0300] "POST /cormun/servlet/solicitudot?gx-no-cache=1488983681103 HTTP/1.1" 200 1156
186.103.159.46 - - [08/Mar/2017:10:35:01 -0300] "GET /cormun/servlet/trvisualizadoreventos? HTTP/1.1" 200 6521
186.103.159.46 - - [08/Mar/2017:10:35:02 -0300] "GET /cormun/static/trvisualizadoreventos.js?2016101716203614 HTTP/1.1" 304 -
186.103.159.46 - - [08/Mar/2017:10:35:03 -0300] "GET /cormun/servlet/trvisualizadoreventos? HTTP/1.1" 200 6508
200.111.191.210 - - [08/Mar/2017:10:35:04 -0300] "GET /cormun/servlet/solicitudot?3cbb41b32e50d75f7cf199e736ae390890427b8d3b33d6ff9757890e2f4d04348ad19fe9d68bda23cbb8e9b7fad332028cee739fa607e4b111750b20ce79c8b6e9c2d9c95be6b46926d346fd7f960f2223be5218e214601cfa656719b1c2d867858fbd0995831bff160559ef1eeb5407b1440b58812031989bf74301f2a53d6874b185f2fbf37634fe05526a818706371f59540365fce1057048242e44d2aef4dce8b8e0f1d434e502c209f4a4612a17,gx-no-cache=1488983688135 HTTP/1.1" 200 30
200.111.191.210 - - [08/Mar/2017:10:35:04 -0300] "POST /cormun/servlet/solicitudot?070cc0eced71fa9a5072ba2bd426d2f3,INS,0,0,,gx-no-cache=1488983688173 HTTP/1.1" 200 11281
186.103.159.46 - - [08/Mar/2017:10:35:07 -0300] "GET /cormun/servlet/trsolicitudot? HTTP/1.1" 200 8017
186.103.159.46 - - [08/Mar/2017:10:35:09 -0300] "GET /cormun/servlet/trsolicitudot? HTTP/1.1" 200 8016
186.103.159.46 - - [08/Mar/2017:10:35:11 -0300] "POST /cormun/servlet/trsolicitudot?6e19d6ce2ba915bc8b4147463f6c8a48,,gx-no-cache=1488980180867 HTTP/1.1" 200 106
186.103.159.46 - - [08/Mar/2017:10:35:11 -0300] "GET /cormun/servlet/trsolicitudadjuntos?2017,5315, HTTP/1.1" 200 5874
186.103.159.46 - - [08/Mar/2017:10:35:12 -0300] "GET /cormun/servlet/trsolicitudadjuntos?2017,5315, HTTP/1.1" 200 5874
186.103.159.46 - - [08/Mar/2017:10:35:15 -0300] "GET /cormun/servlet/solicitudotadjuntos?INS,2017,5315,,1, HTTP/1.1" 200 5804
186.103.159.46 - - [08/Mar/2017:10:35:15 -0300] "GET /cormun/static/about:blank HTTP/1.1" 404 1011
186.103.159.46 - - [08/Mar/2017:10:35:16 -0300] "GET /cormun/servlet/solicitudotadjuntos?INS,2017,5315,,1, HTTP/1.1" 200 5800
186.103.159.46 - - [08/Mar/2017:10:35:17 -0300] "GET /cormun/servlet/solicitudotadjuntos?2e2bc14e334a25e9b716903cf27c1102ac0e0738bb2bd2fa46660c12ce6d2105b01a17aba68d7da6f5f5a472ed2c3692,gx-no-cache=1488980187144 HTTP/1.1" 200 30
186.103.159.46 - - [08/Mar/2017:10:35:17 -0300] "POST /cormun/servlet/solicitudotadjuntos?6e19d6ce2ba915bc8b4147463f6c8a48,INS,2017,5315,,1,,gx-no-cache=1488980187226 HTTP/1.1" 200 3641
186.103.159.46 - - [08/Mar/2017:10:35:21 -0300] "POST /cormun/servlet/solicitudotadjuntos?gx-no-cache=1488980191202 HTTP/1.1" 200 26
186.79.146.0 - - [08/Mar/2017:10:35:22 -0300] "GET /cormun/servlet/hlogin HTTP/1.1" 200 1710
186.103.157.235 - - [08/Mar/2017:10:35:26 -0300] "POST /cormun/servlet/solicitudot?d413fc6be436e95b4627ef79d45a650f,INS,0,0,,gx-no-cache=1488980365080 HTTP/1.1" 440 972
186.103.157.235 - - [08/Mar/2017:10:35:30 -0300] "GET /cormun/servlet/solicitudot?INS,0,0, HTTP/1.1" 200 11935
186.103.157.235 - - [08/Mar/2017:10:35:30 -0300] "GET /cormun/servlet/hlogin HTTP/1.1" 200 1748
186.103.157.235 - - [08/Mar/2017:10:35:30 -0300] "GET /cormun/servlet/solicitudot?INS,0,0, HTTP/1.1" 200 11935
186.103.157.235 - - [08/Mar/2017:10:35:39 -0300] "POST /cormun/servlet/hlogin?75f50825e62b9c0816569273efb9a9fb,gx-no-cache=1488980379648 HTTP/1.1" 200 90
186.103.157.235 - - [08/Mar/2017:10:35:39 -0300] "GET /cormun/servlet/hpexe_link HTTP/1.1" 200 970
186.103.157.235 - - [08/Mar/2017:10:35:40 -0300] "GET /cormun/servlet/solicitudot?INS,0,0, HTTP/1.1" 200 12593
186.103.157.235 - - [08/Mar/2017:10:35:40 -0300] "GET /cormun/servlet/solicitudot?INS,0,0, HTTP/1.1" 200 12598
186.103.157.235 - - [08/Mar/2017:10:35:44 -0300] "GET /cormun/static/Resources/resize.gif HTTP/1.1" 200 77
186.103.159.46 - - [08/Mar/2017:10:35:49 -0300] "GET /cormun/servlet/solicitudotadjuntos?2e2bc14e334a25e9b716903cf27c11028d3b0db711e36a9f82a64397c1f73ee2,gx-no-cache=1488980219391 HTTP/1.1" 200 30
186.103.159.46 - - [08/Mar/2017:10:35:49 -0300] "GET /cormun/servlet/solicitudotadjuntos?2e2bc14e334a25e9b716903cf27c11028d3b0db711e36a9f82a64397c1f73ee2,gx-no-cache=1488980219502 HTTP/1.1" 200 30
186.103.159.46 - - [08/Mar/2017:10:35:50 -0300] "POST /cormun/servlet/solicitudotadjuntos?6e19d6ce2ba915bc8b4147463f6c8a48,INS,2017,5315,,1, HTTP/1.1" 200 116
186.103.159.46 - - [08/Mar/2017:10:35:50 -0300] "GET /cormun/servlet/hpexe_return? HTTP/1.1" 200 1025
186.103.159.46 - - [08/Mar/2017:10:35:51 -0300] "GET /cormun/servlet/trsolicitudadjuntos?2017,5315, HTTP/1.1" 200 7993
186.103.157.235 - - [08/Mar/2017:10:35:51 -0300] "GET /cormun/servlet/prfichaempleado?,MD,,gxPopupLevel%3D0%3B HTTP/1.1" 200 8819
186.103.157.235 - - [08/Mar/2017:10:35:51 -0300] "GET /cormun/static/gxcfg.js?2016102420561687 HTTP/1.1" 200 953
186.103.157.235 - - [08/Mar/2017:10:35:51 -0300] "GET /cormun/static/Resources/PXToolsMenuSearch.png HTTP/1.1" 200 2914
186.103.157.235 - - [08/Mar/2017:10:35:51 -0300] "GET /cormun/static/Resources/PXToolsMenuSearchCancel.png HTTP/1.1" 200 2972
186.103.157.235 - - [08/Mar/2017:10:35:51 -0300] "GET /cormun/static/menusearch.js?201610171694467 HTTP/1.1" 200 1424
186.103.157.235 - - [08/Mar/2017:10:35:51 -0300] "GET /cormun/static/hmpwkw011.js?201612218515582 HTTP/1.1" 200 1968
186.103.157.235 - - [08/Mar/2017:10:35:51 -0300] "GET /cormun/static/prfichaempleado.js?201610242056198 HTTP/1.1" 200 16015
186.103.159.46 - - [08/Mar/2017:10:35:52 -0300] "GET /cormun/servlet/trsolicitudadjuntos?2017,5315, HTTP/1.1" 200 8003
186.103.159.46 - - [08/Mar/2017:10:35:57 -0300] "POST /cormun/servlet/trsolicitudadjuntos?6e19d6ce2ba915bc8b4147463f6c8a48,2017,5315,,gx-no-cache=1488980227482 HTTP/1.1" 200 90
186.103.159.46 - - [08/Mar/2017:10:35:57 -0300] "GET /cormun/servlet/hpexe_link HTTP/1.1" 200 972
186.103.159.46 - - [08/Mar/2017:10:35:58 -0300] "GET /cormun/servlet/trsolicitudot HTTP/1.1" 200 8017
186.103.159.46 - - [08/Mar/2017:10:36:00 -0300] "GET /cormun/servlet/trsolicitudot HTTP/1.1" 200 8016
186.103.132.155 - - [08/Mar/2017:10:36:07 -0300] "POST /cormun/servlet/prfichaempleado?7bced8b595bc9b2c19a200346027c598,,MD,,gxPopupLevel%3D0%3B,gx-no-cache=1488976635851 HTTP/1.1" 200 3388
186.103.157.235 - - [08/Mar/2017:10:36:08 -0300] "POST /cormun/servlet/prfichaempleado?75f50825e62b9c0816569273efb9a9fb,,MD,,gxPopupLevel%3D0%3B,gx-no-cache=1488980408425 HTTP/1.1" 200 4172
186.103.132.155 - - [08/Mar/2017:10:36:11 -0300] "POST /cormun/servlet/solicitudot?gx-no-cache=1488976639677 HTTP/1.1" 200 3146
186.103.159.46 - - [08/Mar/2017:10:36:12 -0300] "POST /cormun/servlet/trsolicitudot?6e19d6ce2ba915bc8b4147463f6c8a48,gx-no-cache=1488980241736 HTTP/1.1" 200 4152
186.103.159.46 - - [08/Mar/2017:10:36:12 -0300] "GET /cormun/static/Shared/jqueryui/images/ui-icons_82798d_256x240.png HTTP/1.1" 404 1089
186.103.159.46 - - [08/Mar/2017:10:36:12 -0300] "GET /cormun/static/Shared/jqueryui/images/ui-bg_highlight-soft_100_c6c2c8_1x100.png HTTP/1.1" 404 1117
186.103.159.46 - - [08/Mar/2017:10:36:12 -0300] "GET /cormun/static/Shared/jqueryui/images/ui-bg_flat_55_fafafa_40x100.png HTTP/1.1" 404 1097
186.103.159.46 - - [08/Mar/2017:10:36:12 -0300] "GET /cormun/static/Shared/jqueryui/images/ui-icons_8d78a5_256x240.png HTTP/1.1" 404 1089
186.103.159.46 - - [08/Mar/2017:10:36:12 -0300] "POST /cormun/servlet/trsolicitudot?6e19d6ce2ba915bc8b4147463f6c8a48,gx-no-cache=1488980242119 HTTP/1.1" 200 3921
186.103.132.155 - - [08/Mar/2017:10:36:13 -0300] "POST /cormun/servlet/solicitudot?7bced8b595bc9b2c19a200346027c598,INS,0,0,,gx-no-cache=1488976640302 HTTP/1.1" 200 9741
186.103.132.155 - - [08/Mar/2017:10:36:13 -0300] "GET /cormun/servlet/solicitudot?6c6cc43e7687d7d004cbbbaf00f75f47639efa6a932f438af7eb098fd671bcc5340921a73c68967d74c0ff07bbf73d7b,gx-no-cache=1488976641789 HTTP/1.1" 200 30
186.103.157.235 - - [08/Mar/2017:10:36:20 -0300] "POST /cormun/servlet/solicitudot?gx-no-cache=1488980419755 HTTP/1.1" 200 3176
186.103.157.235 - - [08/Mar/2017:10:36:20 -0300] "POST /cormun/servlet/solicitudot?75f50825e62b9c0816569273efb9a9fb,INS,0,0,,gx-no-cache=1488980420083 HTTP/1.1" 200 9714
186.103.132.155 - - [08/Mar/2017:10:36:22 -0300] "POST /cormun/servlet/solicitudot?gx-no-cache=1488976650858 HTTP/1.1" 200 255
186.103.132.155 - - [08/Mar/2017:10:36:22 -0300] "GET /cormun/servlet/solicitudot?6c6cc43e7687d7d004cbbbaf00f75f47930a55f8fadc5b27448c05ca63f73f6709470208101588c2b64a52e0e36b43670b1365bf840ef81e7f853612fea87014a7841cb26363eee96077851b586c3df04870dc8f08278e31636fee780581a93f7ee97e9a52149874916f4933c51d23e2b37cf281c342710d535bd48f481243ee779ee14e180eaca2727743731c228c534dc05ac2c274c4d3dff344be141e24cf1d59f6fff754cb03e9b3f59a4b71b12e2254055653f2bc33040e36a96d945a95b82b27cf14549913ffda8a7f011a31e41a0c6b63111fbd07762df4bfbcd9943f43617fe93e572f61ef8a4368cc25b2427a7327605847351557451902f0d9416a46c771707447c3473d2ca488187465b62acb235dacf1707e9f75f1576f825a3c99b0f706b73b94a2005ffcffdec1a0ed6d5b4a645c78437db1849cae7e497b8a555642f38f287d11d8dcd267de57d4480ef8df6205177298e9f9c8919e041e5c631ff132c196909450cd856db58416f6dab91be30fb4b4e59f3c2d36783f07dc,gx-no-cache=1488976650910 HTTP/1.1" 200 30
186.103.132.155 - - [08/Mar/2017:10:36:23 -0300] "POST /cormun/servlet/solicitudot?gx-no-cache=1488976652386 HTTP/1.1" 200 30
186.103.132.155 - - [08/Mar/2017:10:36:26 -0300] "POST /cormun/servlet/solicitudot?gx-no-cache=1488976655505 HTTP/1.1" 200 1292
186.103.132.155 - - [08/Mar/2017:10:36:26 -0300] "POST /cormun/servlet/solicitudot?gx-no-cache=1488976655623 HTTP/1.1" 200 38
186.103.157.235 - - [08/Mar/2017:10:36:27 -0300] "GET /cormun/servlet/solicitudot?6fc35a6775a5f3a96a0e5ea28aff86dba1619a22f9952ca1887f27740b0e27f8a064730d03a77ed537e0b9db79a560c1,gx-no-cache=1488980426973 HTTP/1.1" 200 30
186.103.157.235 - - [08/Mar/2017:10:36:27 -0300] "POST /cormun/servlet/solicitudot?gx-no-cache=1488980427076 HTTP/1.1" 200 255
186.103.157.235 - - [08/Mar/2017:10:36:27 -0300] "GET /cormun/servlet/solicitudot?6fc35a6775a5f3a96a0e5ea28aff86dbacf8d5423b7f06e419f4d97cc78afa9751c1f50e7d820be3cd5380aabda3f06f443a50e717d0a59d06ae5813b9da09971d669395ddad1a63436c8861a4ad340007791b4a71217981f50d15d0e38af4ec87320d9eae13a60f7b7b7dad47683025b6d389a9b22b72fb0656cd5b5f50b1dd7ebe72231e177a351bb2e48810929d15d82adec56f9355490d6279c3a26ed3ce41167efeb922e157213e44d2b0eff9746eef3b07ab5923f881f198cc4800700fa403ac80b7c2ed8e4e7769994f5a9d53bfedc1ba40b3330dfde100528103553489b283c063da517fe8847fe17de9d66ab470900e466f1db7b8f2f2e911e9b3a959b8f6d0a8058b9c524de34c5bf3eba9826ee649a9aa44268aea0d77036443b1dfabd64add615c389eb9adfceeabad9ae1ff9fa8a6dca9a76fc42a59f11ad4ccfb3a54884a98d752c3ff7021c586fa580b6d3ed493d6290542b446fde65a0a96bbe321bef68e180e4c6e0894c055472ce2813f0ca5dfeef86347f67343795904,gx-no-cache=1488980427164 HTTP/1.1" 200 30
186.103.157.235 - - [08/Mar/2017:10:36:28 -0300] "POST /cormun/servlet/solicitudot?gx-no-cache=1488980428877 HTTP/1.1" 200 30
186.103.132.155 - - [08/Mar/2017:10:36:34 -0300] "GET /cormun/servlet/solicitudot?6c6cc43e7687d7d004cbbbaf00f75f477abc2721404a886b5a06da54396447ea77ebc7c5dd7a43fd0363d722640b79b32e6946b5ef0585243fce2f1eee299664f92367e9f36bb2b1476b19636da01d3680f5c0be97050a6362e229d9e2e7e2fc33538b7f2c5e9fabe775b2b6b20049c09515943995ec86aea8b788140faaadf905b52912d15e03bd4ab3b7b748b731ee654c1e4311f3e51dfe48190b51fa678d,gx-no-cache=1488976662643 HTTP/1.1" 200 29
186.103.132.155 - - [08/Mar/2017:10:36:34 -0300] "POST /cormun/servlet/solicitudot?gx-no-cache=1488976662701 HTTP/1.1" 200 1275
186.103.132.155 - - [08/Mar/2017:10:36:34 -0300] "POST /cormun/servlet/solicitudot?gx-no-cache=1488976662912 HTTP/1.1" 200 1158
186.103.132.155 - - [08/Mar/2017:10:36:34 -0300] "GET /cormun/static/menuarrow.gif HTTP/1.1" 404 1015
186.103.132.155 - - [08/Mar/2017:10:36:35 -0300] "POST /cormun/servlet/solicitudot?gx-no-cache=1488976664466 HTTP/1.1" 200 1275
186.103.132.155 - - [08/Mar/2017:10:36:36 -0300] "POST /cormun/servlet/solicitudot?gx-no-cache=1488976664651 HTTP/1.1" 200 1158
186.103.157.235 - - [08/Mar/2017:10:36:50 -0300] "POST /cormun/servlet/solicitudot?gx-no-cache=1488980450209 HTTP/1.1" 200 1291
186.103.157.235 - - [08/Mar/2017:10:36:50 -0300] "POST /cormun/servlet/solicitudot?gx-no-cache=1488980450357 HTTP/1.1" 200 38
186.103.157.235 - - [08/Mar/2017:10:37:00 -0300] "GET /cormun/servlet/solicitudot?6fc35a6775a5f3a96a0e5ea28aff86dbf4c54d4ec39d9f68faaf8110a70dc613d5e590867c1232a64220ede74c9132f372b5200384d3be9a7c77ce309457ee4412138caacd10aebdef95a7450bc60834e58419c9dee053b0f7bac0f34055b335e65e11047b03291b4a0fb19a5f5d1a020983d65c307487c0fdbfbeaf771a6b4b30490a6c3a07e7d6f6824b03b03e4f630c35656920fccecba842c475a8e94a93,gx-no-cache=1488980459953 HTTP/1.1" 200 29
186.103.157.235 - - [08/Mar/2017:10:37:00 -0300] "POST /cormun/servlet/solicitudot?gx-no-cache=1488980460085 HTTP/1.1" 200 1274
186.103.157.235 - - [08/Mar/2017:10:37:02 -0300] "POST /cormun/servlet/solicitudot?gx-no-cache=1488980462579 HTTP/1.1" 200 1157
186.103.157.235 - - [08/Mar/2017:10:37:09 -0300] "GET /cormun/static/menuarrow.gif HTTP/1.1" 404 1015
192.168.10.96 - - [08/Mar/2017:10:37:12 -0300] "GET /cormun/PublicTempStorage/fonasa_mauricio_fuentes20170306130254_0019428504.pdf HTTP/1.1" 200 44610
192.168.10.96 - - [08/Mar/2017:10:37:20 -0300] "GET /cormun/servlet/vesolicitudnombre?2017,5213,,SolicitudOTAdjuntos HTTP/1.1" 200 10460
192.168.10.96 - - [08/Mar/2017:10:37:21 -0300] "GET /cormun/servlet/vesolicitudnombre?2017,5213,,SolicitudOTAdjuntos HTTP/1.1" 200 10463
192.168.10.96 - - [08/Mar/2017:10:37:21 -0300] "POST /cormun/servlet/acontrolpreferencessavestate?None,DZAMUDIO,true HTTP/1.1" 200 35
192.168.10.96 - - [08/Mar/2017:10:37:23 -0300] "GET /cormun/PublicTempStorage/cert_anteced_mauricio_fuentes20170306125453_0018861278.pdf HTTP/1.1" 200 93695
