186.79.146.0 - - [08/Mar/2017:12:04:41 -0300] "GET /cormun/static/gxcfg.js?2016122813135788 HTTP/1.1" 304 -
186.79.146.0 - - [08/Mar/2017:12:04:41 -0300] "GET /cormun/static/permisosadjuntos.js?2016122813135797 HTTP/1.1" 304 -
186.79.146.0 - - [08/Mar/2017:12:04:41 -0300] "GET /cormun/static/about:blank HTTP/1.1" 404 1011
186.79.146.0 - - [08/Mar/2017:12:04:42 -0300] "GET /cormun/servlet/permisosadjuntos?INS,15996249,P,20170303130044,, HTTP/1.1" 200 5417
186.103.132.155 - - [08/Mar/2017:12:04:44 -0300] "GET /cormun/servlet/solicitudot?6c6cc43e7687d7d004cbbbaf00f75f479f4d0654e578b619a561c6ff784af7b22972bcf3bd5d6880f600206fe3c6694ba62d0c3e0444c89cd6ed10c425d0ab2b936c3d3024d3fe7a7a138dcd8c55a6c54d89b5953b9c74c2247190053c63cf54437d70a0d8667e5cdc4efc68f91e9c9fc3f4329446837925db7c3e9e8718a9114792634a509e10d6454ae4e91fb9e322f75d1668b2ba5c9dc09f293b0201407070bf54b23be42306341ce1b4da386f92,gx-no-cache=1488981952644 HTTP/1.1" 200 30
186.103.132.155 - - [08/Mar/2017:12:06:06 -0300] "POST /cormun/servlet/solicitudot?7bced8b595bc9b2c19a200346027c598,INS,0,0,,gx-no-cache=1488982034675 HTTP/1.1" 200 93
186.103.132.155 - - [08/Mar/2017:12:06:06 -0300] "GET /cormun/servlet/hpexe_return? HTTP/1.1" 200 1023
186.103.132.155 - - [08/Mar/2017:12:06:07 -0300] "GET /cormun/servlet/trsolicitudot?gx-no-cache=1488981238043 HTTP/1.1" 200 8035
186.103.132.155 - - [08/Mar/2017:12:06:07 -0300] "GET /cormun/servlet/trsolicitudot?gx-no-cache=1488981238043 HTTP/1.1" 200 8053
192.168.10.60 - - [08/Mar/2017:12:07:10 -0300] "POST /cormun/servlet/trautorizarot?1c067c4a05a17cce14934acd01fc9eb4,,gx-no-cache=1488984898006 HTTP/1.1" 200 5157
186.103.159.182 - - [08/Mar/2017:12:07:17 -0300] "POST /cormun/servlet/solicitudot?gx-no-cache=1488985707948 HTTP/1.1" 200 255
192.168.10.60 - - [08/Mar/2017:12:07:17 -0300] "POST /cormun/servlet/trautorizarot?1c067c4a05a17cce14934acd01fc9eb4,,gx-no-cache=1488984905547 HTTP/1.1" 200 8442
186.103.159.182 - - [08/Mar/2017:12:07:23 -0300] "GET /cormun/servlet/solicitudot?d513c10847bf977b0e6f91091845b4edb0d4152fc039fdf9dc0bf9607ffb2e36584c8fde25bb544703f42d1d689113902710798518db672f4157133e4354a82b50ea820bad9ac1aa89448c100acf3599fa321fbc8dbf0f00dffb3b2664f8d8bdfe65684b07c6ceb2bae8ed7a68eab9722f7cac9bb0f6e5eaf149a6a51b606b4ab280808640280201f7297c92507841d451d0c1083e11ba138613e44ac479e865b5fe9906f1c3fad9a33529228a6778d198da0fb0448ef2df1df6dffec52146cf3a1b37718df30caf9402bd11b6ed21871b736c8a1e99f396c448663f647a404cc0167fc949e42981ebeb6b052d6f7aa2b0f662f2f87b31104ba57824e12236710b8225dc18a5b14345b355d00a0efabb52ace0d7200ddeed1668bfbd2ce4df7fbaf92e29a294e274fb2be659320a9e197850400528c34edb672e6633a3c9d76cc7f47a9de208aece148cc16e29a26ef46b159675450be1cef9797fecb15831f5417f9f5588127206c9bcc6b308deb5f00ed8112cdc8f34d25d97cfdeb9c6230a,gx-no-cache=1488985712987 HTTP/1.1" 200 30
186.103.159.182 - - [08/Mar/2017:12:07:25 -0300] "POST /cormun/servlet/solicitudot?gx-no-cache=1488985715859 HTTP/1.1" 200 30
192.168.10.60 - - [08/Mar/2017:12:07:41 -0300] "POST /cormun/servlet/trautorizarot?1c067c4a05a17cce14934acd01fc9eb4,,gx-no-cache=1488984929486 HTTP/1.1" 200 7142
186.103.159.46 - - [08/Mar/2017:12:07:51 -0300] "GET /cormun/servlet/hhome HTTP/1.1" 200 3292
186.103.159.46 - - [08/Mar/2017:12:07:54 -0300] "GET /cormun/servlet/hhome HTTP/1.1" 200 3302
186.103.159.46 - - [08/Mar/2017:12:07:54 -0300] "GET /cormun/servlet/hlogin HTTP/1.1" 200 1735
186.103.132.155 - - [08/Mar/2017:12:07:56 -0300] "POST /cormun/servlet/trsolicitudot?7bced8b595bc9b2c19a200346027c598,gx-no-cache=1488981238043,gx-no-cache=1488982137325 HTTP/1.1" 200 107
186.103.132.155 - - [08/Mar/2017:12:07:59 -0300] "GET /cormun/servlet/trsolicitudadjuntos?2017,5344, HTTP/1.1" 200 5917
186.103.132.155 - - [08/Mar/2017:12:08:00 -0300] "GET /cormun/static/gxcfg.js?201612218531388 HTTP/1.1" 304 -
186.103.132.155 - - [08/Mar/2017:12:08:00 -0300] "GET /cormun/static/trsolicitudadjuntos.js?201612218531657 HTTP/1.1" 304 -
186.103.132.155 - - [08/Mar/2017:12:08:00 -0300] "GET /cormun/servlet/trsolicitudadjuntos?2017,5344, HTTP/1.1" 200 5894
186.103.159.182 - - [08/Mar/2017:12:08:01 -0300] "POST /cormun/servlet/solicitudot?gx-no-cache=1488985751622 HTTP/1.1" 200 235
186.103.159.182 - - [08/Mar/2017:12:08:01 -0300] "POST /cormun/servlet/solicitudot?gx-no-cache=1488985751702 HTTP/1.1" 200 38
186.103.132.155 - - [08/Mar/2017:12:08:03 -0300] "GET /cormun/servlet/solicitudotadjuntos?INS,2017,5344,,2, HTTP/1.1" 200 5826
186.103.132.155 - - [08/Mar/2017:12:08:03 -0300] "GET /cormun/static/gxcfg.js?201612218465951 HTTP/1.1" 304 -
186.103.132.155 - - [08/Mar/2017:12:08:03 -0300] "GET /cormun/static/solicitudotadjuntos.js?201612218465969 HTTP/1.1" 304 -
186.103.132.155 - - [08/Mar/2017:12:08:03 -0300] "GET /cormun/static/about:blank HTTP/1.1" 404 1011
186.103.132.155 - - [08/Mar/2017:12:08:03 -0300] "GET /cormun/servlet/solicitudotadjuntos?INS,2017,5344,,2, HTTP/1.1" 200 5820
186.103.132.155 - - [08/Mar/2017:12:08:04 -0300] "GET /cormun/servlet/solicitudotadjuntos?6c6cc43e7687d7d004cbbbaf00f75f47913846d17790af2100b2b29d90bb687a6661f94c60bacf2ae921e3be72f2531c,gx-no-cache=1488982152711 HTTP/1.1" 200 30
186.103.132.155 - - [08/Mar/2017:12:08:04 -0300] "POST /cormun/servlet/solicitudotadjuntos?7bced8b595bc9b2c19a200346027c598,INS,2017,5344,,2,,gx-no-cache=1488982152854 HTTP/1.1" 200 3816
186.103.132.155 - - [08/Mar/2017:12:08:14 -0300] "POST /cormun/servlet/solicitudotadjuntos?7bced8b595bc9b2c19a200346027c598,INS,2017,5344,,2,,gx-no-cache=1488982162445 HTTP/1.1" 200 93
186.103.132.155 - - [08/Mar/2017:12:08:14 -0300] "GET /cormun/servlet/hpexe_return? HTTP/1.1" 200 1019
186.103.132.155 - - [08/Mar/2017:12:08:14 -0300] "GET /cormun/servlet/trsolicitudadjuntos?2017,5344, HTTP/1.1" 200 5898
186.103.132.155 - - [08/Mar/2017:12:08:15 -0300] "GET /cormun/servlet/trsolicitudadjuntos?2017,5344, HTTP/1.1" 200 5894
186.103.132.155 - - [08/Mar/2017:12:08:17 -0300] "GET /cormun/servlet/solicitudotadjuntos?INS,2017,5344,,2, HTTP/1.1" 200 5826
186.103.132.155 - - [08/Mar/2017:12:08:17 -0300] "GET /cormun/static/about:blank HTTP/1.1" 404 1011
186.103.132.155 - - [08/Mar/2017:12:08:17 -0300] "GET /cormun/servlet/solicitudotadjuntos?INS,2017,5344,,2, HTTP/1.1" 200 5820
186.103.132.155 - - [08/Mar/2017:12:08:18 -0300] "GET /cormun/servlet/solicitudotadjuntos?6c6cc43e7687d7d004cbbbaf00f75f47913846d17790af2100b2b29d90bb687a6661f94c60bacf2ae921e3be72f2531c,gx-no-cache=1488982166616 HTTP/1.1" 200 30
186.103.132.155 - - [08/Mar/2017:12:08:18 -0300] "POST /cormun/servlet/solicitudotadjuntos?7bced8b595bc9b2c19a200346027c598,INS,2017,5344,,2,,gx-no-cache=1488982166675 HTTP/1.1" 200 3817
186.103.132.155 - - [08/Mar/2017:12:08:21 -0300] "POST /cormun/servlet/solicitudotadjuntos?7bced8b595bc9b2c19a200346027c598,INS,2017,5344,,2,,gx-no-cache=1488982169526 HTTP/1.1" 200 93
186.103.132.155 - - [08/Mar/2017:12:08:21 -0300] "GET /cormun/servlet/hpexe_return? HTTP/1.1" 200 1019
186.103.132.155 - - [08/Mar/2017:12:08:21 -0300] "GET /cormun/servlet/trsolicitudadjuntos?2017,5344, HTTP/1.1" 200 5898
186.103.132.155 - - [08/Mar/2017:12:08:22 -0300] "GET /cormun/servlet/trsolicitudadjuntos?2017,5344, HTTP/1.1" 200 5894
186.103.159.46 - - [08/Mar/2017:12:08:22 -0300] "POST /cormun/servlet/hlogin?191af7590493ba01f816925c6ab503f8,gx-no-cache=1488985772253 HTTP/1.1" 200 90
186.103.159.46 - - [08/Mar/2017:12:08:22 -0300] "GET /cormun/servlet/hpexe_link HTTP/1.1" 200 957
186.103.159.46 - - [08/Mar/2017:12:08:22 -0300] "GET /cormun/servlet/hhome HTTP/1.1" 200 3781
186.103.132.155 - - [08/Mar/2017:12:08:24 -0300] "GET /cormun/servlet/solicitudotadjuntos?INS,2017,5344,,1, HTTP/1.1" 200 5828
186.103.159.46 - - [08/Mar/2017:12:08:24 -0300] "GET /cormun/servlet/hhome HTTP/1.1" 200 3777
186.103.132.155 - - [08/Mar/2017:12:08:24 -0300] "GET /cormun/static/about:blank HTTP/1.1" 404 1011
186.103.132.155 - - [08/Mar/2017:12:08:24 -0300] "GET /cormun/servlet/solicitudotadjuntos?INS,2017,5344,,1, HTTP/1.1" 200 5822
186.103.132.155 - - [08/Mar/2017:12:08:24 -0300] "GET /cormun/servlet/solicitudotadjuntos?6c6cc43e7687d7d004cbbbaf00f75f47913846d17790af2100b2b29d90bb687a6661f94c60bacf2ae921e3be72f2531c,gx-no-cache=1488982173403 HTTP/1.1" 200 30
186.103.132.155 - - [08/Mar/2017:12:08:25 -0300] "POST /cormun/servlet/solicitudotadjuntos?7bced8b595bc9b2c19a200346027c598,INS,2017,5344,,1,,gx-no-cache=1488982173467 HTTP/1.1" 200 3673
186.103.132.155 - - [08/Mar/2017:12:08:27 -0300] "POST /cormun/servlet/solicitudotadjuntos?gx-no-cache=1488982176210 HTTP/1.1" 200 26
186.79.146.0 - - [08/Mar/2017:12:08:29 -0300] "POST /cormun/servlet/permisosadjuntos?4170dba77920b8039b8638df89912562,INS,15996249,P,20170303130044,, HTTP/1.1" 200 116
186.79.146.0 - - [08/Mar/2017:12:08:30 -0300] "GET /cormun/servlet/hpexe_return? HTTP/1.1" 200 1036
186.79.146.0 - - [08/Mar/2017:12:08:30 -0300] "GET /cormun/servlet/trpermisosadjuntos?15996249,20170303130044,P, HTTP/1.1" 200 6557
186.79.146.0 - - [08/Mar/2017:12:08:32 -0300] "GET /cormun/servlet/trpermisosadjuntos?15996249,20170303130044,P, HTTP/1.1" 200 6554
186.79.146.0 - - [08/Mar/2017:12:08:33 -0300] "GET /cormun/PublicTempStorage/permiso_vanessa7724936.jpeg HTTP/1.1" 200 211304
186.103.159.46 - - [08/Mar/2017:12:08:44 -0300] "GET /cormun/servlet/trvisualizadoreventos? HTTP/1.1" 200 6515
186.79.146.0 - - [08/Mar/2017:12:10:09 -0300] "POST /cormun/servlet/trpermisosadjuntos?4170dba77920b8039b8638df89912562,15996249,20170303130044,P,,gx-no-cache=1488985740582 HTTP/1.1" 200 90
186.79.146.0 - - [08/Mar/2017:12:10:09 -0300] "GET /cormun/servlet/hpexe_link HTTP/1.1" 200 984
186.79.146.0 - - [08/Mar/2017:12:10:09 -0300] "GET /cormun/servlet/trpermisosgoce HTTP/1.1" 200 7837
186.79.146.0 - - [08/Mar/2017:12:10:11 -0300] "GET /cormun/servlet/trpermisosgoce HTTP/1.1" 200 7835
186.103.159.46 - - [08/Mar/2017:12:10:14 -0300] "GET /cormun/servlet/trvisualizadoreventos? HTTP/1.1" 200 6515
186.103.159.46 - - [08/Mar/2017:12:10:16 -0300] "GET /cormun/servlet/trvisualizadoreventos? HTTP/1.1" 200 6515
186.79.146.0 - - [08/Mar/2017:12:10:17 -0300] "POST /cormun/servlet/trpermisosgoce?4170dba77920b8039b8638df89912562,gx-no-cache=1488985749202 HTTP/1.1" 200 5143
186.79.146.0 - - [08/Mar/2017:12:10:38 -0300] "GET /cormun/servlet/hlogin HTTP/1.1" 200 1717
186.79.146.0 - - [08/Mar/2017:12:10:50 -0300] "POST /cormun/servlet/hlogin?4170dba77920b8039b8638df89912562,gx-no-cache=1488985782602 HTTP/1.1" 200 426
186.103.159.46 - - [08/Mar/2017:12:10:56 -0300] "POST /cormun/servlet/trvisualizadoreventos?191af7590493ba01f816925c6ab503f8,,gx-no-cache=1488985926289 HTTP/1.1" 200 3777
186.103.159.46 - - [08/Mar/2017:12:11:01 -0300] "GET /cormun/static/menuarrow.gif HTTP/1.1" 404 1015
186.103.159.46 - - [08/Mar/2017:12:11:04 -0300] "POST /cormun/servlet/trvisualizadoreventos?191af7590493ba01f816925c6ab503f8,,gx-no-cache=1488985933807 HTTP/1.1" 200 4126
186.79.146.0 - - [08/Mar/2017:12:11:06 -0300] "POST /cormun/servlet/hlogin?4170dba77920b8039b8638df89912562,gx-no-cache=1488985797660 HTTP/1.1" 200 90
186.79.146.0 - - [08/Mar/2017:12:11:06 -0300] "GET /cormun/servlet/hpexe_link HTTP/1.1" 200 952
186.79.146.0 - - [08/Mar/2017:12:11:06 -0300] "GET /cormun/servlet/hhome HTTP/1.1" 200 3960
186.79.146.0 - - [08/Mar/2017:12:11:08 -0300] "GET /cormun/servlet/hhome HTTP/1.1" 200 3956
186.79.146.0 - - [08/Mar/2017:12:11:15 -0300] "GET /cormun/servlet/trautorizarsolicitud? HTTP/1.1" 200 6884
186.79.146.0 - - [08/Mar/2017:12:11:17 -0300] "GET /cormun/servlet/trautorizarsolicitud? HTTP/1.1" 200 6883
186.79.146.0 - - [08/Mar/2017:12:11:31 -0300] "POST /cormun/servlet/trautorizarsolicitud?4170dba77920b8039b8638df89912562,,gx-no-cache=1488985823171 HTTP/1.1" 200 4111
186.79.146.0 - - [08/Mar/2017:12:11:39 -0300] "GET /cormun/servlet/trautorizarsolicitud? HTTP/1.1" 200 6883
186.79.146.0 - - [08/Mar/2017:12:11:41 -0300] "GET /cormun/servlet/trautorizarsolicitud? HTTP/1.1" 200 6883
186.79.146.0 - - [08/Mar/2017:12:11:49 -0300] "GET /cormun/servlet/trautorizarpermisogoce? HTTP/1.1" 200 6678
186.79.146.0 - - [08/Mar/2017:12:11:49 -0300] "GET /cormun/static/gxcfg.js?201612262053193 HTTP/1.1" 200 953
186.79.146.0 - - [08/Mar/2017:12:11:49 -0300] "GET /cormun/static/trautorizarpermisogoce.js?201612262053552 HTTP/1.1" 200 31039
186.79.146.0 - - [08/Mar/2017:12:11:51 -0300] "GET /cormun/servlet/trautorizarpermisogoce? HTTP/1.1" 200 6677
186.79.146.0 - - [08/Mar/2017:12:11:54 -0300] "POST /cormun/servlet/trautorizarpermisogoce?4170dba77920b8039b8638df89912562,,gx-no-cache=1488985846045 HTTP/1.1" 200 4059
186.79.146.0 - - [08/Mar/2017:12:11:56 -0300] "POST /cormun/servlet/trautorizarpermisogoce?4170dba77920b8039b8638df89912562,,gx-no-cache=1488985848297 HTTP/1.1" 200 4058
186.103.159.46 - - [08/Mar/2017:12:12:01 -0300] "GET /cormun/servlet/trvisualizadoreventos? HTTP/1.1" 200 6722
186.103.159.46 - - [08/Mar/2017:12:12:02 -0300] "GET /cormun/servlet/trvisualizadoreventos? HTTP/1.1" 200 6722
186.79.146.0 - - [08/Mar/2017:12:12:05 -0300] "POST /cormun/servlet/trautorizarpermisogoce?4170dba77920b8039b8638df89912562,,gx-no-cache=1488985857016 HTTP/1.1" 200 5283
186.103.132.155 - - [08/Mar/2017:12:12:08 -0300] "POST /cormun/servlet/solicitudotadjuntos?gx-no-cache=1488982397077 HTTP/1.1" 200 26
186.103.159.46 - - [08/Mar/2017:12:12:14 -0300] "GET /cormun/servlet/trautorizarsolicitud? HTTP/1.1" 200 6789
186.103.159.46 - - [08/Mar/2017:12:12:14 -0300] "GET /cormun/servlet/trautorizarsolicitud? HTTP/1.1" 200 6788
186.79.146.0 - - [08/Mar/2017:12:12:19 -0300] "POST /cormun/servlet/trautorizarpermisogoce?4170dba77920b8039b8638df89912562,,gx-no-cache=1488985870938 HTTP/1.1" 200 5303
186.79.146.0 - - [08/Mar/2017:12:12:19 -0300] "GET /cormun/static/Shared/jqueryui/images/ui-bg_highlight-soft_100_c6c2c8_1x100.png HTTP/1.1" 404 1117
186.79.146.0 - - [08/Mar/2017:12:12:19 -0300] "GET /cormun/static/Shared/jqueryui/images/ui-icons_82798d_256x240.png HTTP/1.1" 404 1089
186.79.146.0 - - [08/Mar/2017:12:12:19 -0300] "GET /cormun/static/Shared/jqueryui/images/ui-bg_flat_55_fafafa_40x100.png HTTP/1.1" 404 1097
186.79.146.0 - - [08/Mar/2017:12:12:19 -0300] "GET /cormun/static/Shared/jqueryui/images/ui-icons_8d78a5_256x240.png HTTP/1.1" 404 1089
186.103.132.155 - - [08/Mar/2017:12:12:22 -0300] "POST /cormun/servlet/solicitudotadjuntos?gx-no-cache=1488982411421 HTTP/1.1" 200 26
186.79.146.0 - - [08/Mar/2017:12:12:24 -0300] "GET /cormun/servlet/trpermisosadjuntos?15996249,20170303130044,P, HTTP/1.1" 200 6734
186.103.159.46 - - [08/Mar/2017:12:12:25 -0300] "POST /cormun/servlet/trautorizarsolicitud?f4f0ade0c1a05099009e53be5bf6b844,,gx-no-cache=1488986014017 HTTP/1.1" 200 3889
186.79.146.0 - - [08/Mar/2017:12:12:26 -0300] "GET /cormun/servlet/trpermisosadjuntos?15996249,20170303130044,P, HTTP/1.1" 200 6734
186.103.159.46 - - [08/Mar/2017:12:12:26 -0300] "POST /cormun/servlet/trautorizarsolicitud?f4f0ade0c1a05099009e53be5bf6b844,,gx-no-cache=1488986015130 HTTP/1.1" 200 3891
186.79.146.0 - - [08/Mar/2017:12:12:27 -0300] "GET /cormun/PublicTempStorage/permiso_vanessa5703552.jpeg HTTP/1.1" 200 211304
186.79.146.0 - - [08/Mar/2017:12:12:28 -0300] "GET /cormun/servlet/permisosadjuntos?INS,15996249,P,20170303130044,, HTTP/1.1" 200 5604
186.79.146.0 - - [08/Mar/2017:12:12:28 -0300] "GET /cormun/static/about:blank HTTP/1.1" 404 1011
186.79.146.0 - - [08/Mar/2017:12:12:30 -0300] "GET /cormun/servlet/permisosadjuntos?INS,15996249,P,20170303130044,, HTTP/1.1" 200 5594
186.103.159.182 - - [08/Mar/2017:12:12:35 -0300] "GET /cormun/servlet/solicitudot?d513c10847bf977b0e6f91091845b4ed758092d1b13bf7fed3223e14a486a91258213e4f270c70da92278a067e603b2ff0cae9ac7b24b36b96d5fc47b10169e01574e83d2e36f4ec0bbc85d6f7dc690feec55d379f286daa0fa8307000761fdc968d69e8cc68aba7f23f6ae0f2c4e0d4,gx-no-cache=1488986025355 HTTP/1.1" 200 29
186.103.159.182 - - [08/Mar/2017:12:12:35 -0300] "POST /cormun/servlet/solicitudot?gx-no-cache=1488986025495 HTTP/1.1" 200 643
186.103.159.182 - - [08/Mar/2017:12:12:36 -0300] "POST /cormun/servlet/solicitudot?gx-no-cache=1488986026623 HTTP/1.1" 200 1157
186.103.159.46 - - [08/Mar/2017:12:12:36 -0300] "POST /cormun/servlet/trautorizarsolicitud?f4f0ade0c1a05099009e53be5bf6b844,,gx-no-cache=1488986024744 HTTP/1.1" 200 3888
186.103.132.155 - - [08/Mar/2017:12:12:40 -0300] "POST /cormun/servlet/solicitudotadjuntos?gx-no-cache=1488982428907 HTTP/1.1" 200 26
186.79.146.0 - - [08/Mar/2017:12:12:44 -0300] "POST /cormun/servlet/permisosadjuntos?4170dba77920b8039b8638df89912562,INS,15996249,P,20170303130044,, HTTP/1.1" 200 116
186.79.146.0 - - [08/Mar/2017:12:12:44 -0300] "GET /cormun/servlet/hpexe_return? HTTP/1.1" 200 1036
186.79.146.0 - - [08/Mar/2017:12:12:44 -0300] "GET /cormun/servlet/trpermisosadjuntos?15996249,20170303130044,P, HTTP/1.1" 200 6837
186.103.159.46 - - [08/Mar/2017:12:12:45 -0300] "POST /cormun/servlet/trautorizarsolicitud?f4f0ade0c1a05099009e53be5bf6b844,,gx-no-cache=1488986033461 HTTP/1.1" 200 3881
186.79.146.0 - - [08/Mar/2017:12:12:46 -0300] "GET /cormun/servlet/trpermisosadjuntos?15996249,20170303130044,P, HTTP/1.1" 200 6831
186.79.146.0 - - [08/Mar/2017:12:12:46 -0300] "GET /cormun/PublicTempStorage/permiso_vanessa1199150.jpeg HTTP/1.1" 200 211304
186.79.146.0 - - [08/Mar/2017:12:12:47 -0300] "GET /cormun/PublicTempStorage/permiso_vanessa7655645.jpeg HTTP/1.1" 200 211304
186.79.146.0 - - [08/Mar/2017:12:12:50 -0300] "POST /cormun/servlet/trpermisosadjuntos?4170dba77920b8039b8638df89912562,15996249,20170303130044,P,,gx-no-cache=1488985902075 HTTP/1.1" 200 90
186.79.146.0 - - [08/Mar/2017:12:12:50 -0300] "GET /cormun/servlet/hpexe_link HTTP/1.1" 200 994
186.79.146.0 - - [08/Mar/2017:12:12:50 -0300] "GET /cormun/servlet/trautorizarpermisogoce? HTTP/1.1" 200 7923
186.79.146.0 - - [08/Mar/2017:12:12:52 -0300] "GET /cormun/servlet/trautorizarpermisogoce? HTTP/1.1" 200 7922
186.103.159.182 - - [08/Mar/2017:12:12:52 -0300] "GET /cormun/static/menuarrow.gif HTTP/1.1" 404 1015
186.79.146.0 - - [08/Mar/2017:12:12:56 -0300] "POST /cormun/servlet/trautorizarpermisogoce?4170dba77920b8039b8638df89912562,,gx-no-cache=1488985907800 HTTP/1.1" 200 5302
186.79.146.0 - - [08/Mar/2017:12:12:56 -0300] "GET /cormun/static/Shared/jqueryui/images/ui-bg_highlight-soft_100_c6c2c8_1x100.png HTTP/1.1" 404 1117
186.79.146.0 - - [08/Mar/2017:12:12:56 -0300] "GET /cormun/static/Shared/jqueryui/images/ui-icons_82798d_256x240.png HTTP/1.1" 404 1089
186.79.146.0 - - [08/Mar/2017:12:12:56 -0300] "GET /cormun/static/Shared/jqueryui/images/ui-bg_flat_55_fafafa_40x100.png HTTP/1.1" 404 1097
186.79.146.0 - - [08/Mar/2017:12:12:56 -0300] "GET /cormun/static/Shared/jqueryui/images/ui-icons_8d78a5_256x240.png HTTP/1.1" 404 1089
186.103.132.155 - - [08/Mar/2017:12:13:02 -0300] "POST /cormun/servlet/solicitudotadjuntos?gx-no-cache=1488982451158 HTTP/1.1" 200 26
186.103.132.155 - - [08/Mar/2017:12:13:19 -0300] "POST /cormun/servlet/solicitudotadjuntos?gx-no-cache=1488982468263 HTTP/1.1" 200 26
186.103.132.155 - - [08/Mar/2017:12:13:22 -0300] "GET /cormun/servlet/solicitudotadjuntos?6c6cc43e7687d7d004cbbbaf00f75f471656b1c83ec94b0293b89d410642edbc,gx-no-cache=1488982470619 HTTP/1.1" 200 30
186.103.132.155 - - [08/Mar/2017:12:13:22 -0300] "GET /cormun/servlet/solicitudotadjuntos?6c6cc43e7687d7d004cbbbaf00f75f471656b1c83ec94b0293b89d410642edbc,gx-no-cache=1488982470965 HTTP/1.1" 200 30
186.103.132.155 - - [08/Mar/2017:12:13:28 -0300] "POST /cormun/servlet/solicitudotadjuntos?7bced8b595bc9b2c19a200346027c598,INS,2017,5344,,1, HTTP/1.1" 200 116
186.103.132.155 - - [08/Mar/2017:12:13:28 -0300] "GET /cormun/servlet/hpexe_return? HTTP/1.1" 200 1019
186.103.132.155 - - [08/Mar/2017:12:13:29 -0300] "GET /cormun/servlet/trsolicitudadjuntos?2017,5344, HTTP/1.1" 200 8005
186.103.132.155 - - [08/Mar/2017:12:13:29 -0300] "GET /cormun/servlet/trsolicitudadjuntos?2017,5344, HTTP/1.1" 200 8000
186.103.132.155 - - [08/Mar/2017:12:13:38 -0300] "GET /cormun/servlet/trsolicitudot? HTTP/1.1" 200 8037
186.103.159.182 - - [08/Mar/2017:12:13:39 -0300] "GET /cormun/servlet/solicitudot?d513c10847bf977b0e6f91091845b4ed207c13b077d2a890932b491b7a4a28136ad59bf5f206831a66c7e66776795bc663f79e974557f415e856f403c77a2e6f377e3af051a267346fb3a93b0bda5b5e8c25ad3adf83ac8a925557df98bfb6c5aee32f1ca9f3308eae3b423805e6304a86317b6d1eff34ce48ddd9e444db73c406d35f999dcbb4973f618faae912e774469157a7f46301eada0ed451c9cfdba64e71c2a616ab449bed23d956b0730588,gx-no-cache=1488986089554 HTTP/1.1" 200 30
186.103.132.155 - - [08/Mar/2017:12:13:39 -0300] "GET /cormun/servlet/trsolicitudot? HTTP/1.1" 200 8031
186.103.132.155 - - [08/Mar/2017:12:13:44 -0300] "POST /cormun/servlet/trsolicitudot?7bced8b595bc9b2c19a200346027c598,,gx-no-cache=1488982492809 HTTP/1.1" 200 107
186.103.132.155 - - [08/Mar/2017:12:13:44 -0300] "GET /cormun/servlet/trsolicitudadjuntos?2017,5344, HTTP/1.1" 200 8001
186.103.132.155 - - [08/Mar/2017:12:13:45 -0300] "GET /cormun/servlet/trsolicitudadjuntos?2017,5344, HTTP/1.1" 200 8000
186.103.132.155 - - [08/Mar/2017:12:13:51 -0300] "GET /cormun/servlet/solicitudotadjuntos?DLT,2017,5344,TITULO,0, HTTP/1.1" 200 5826
186.103.132.155 - - [08/Mar/2017:12:13:51 -0300] "GET /cormun/static/Shared/jqueryui/images/ui-bg_highlight-soft_100_c6c2c8_1x100.png HTTP/1.1" 404 1117
186.103.132.155 - - [08/Mar/2017:12:13:51 -0300] "GET /cormun/static/Shared/jqueryui/images/ui-icons_82798d_256x240.png HTTP/1.1" 404 1089
186.103.132.155 - - [08/Mar/2017:12:13:51 -0300] "GET /cormun/static/Shared/jqueryui/images/ui-bg_flat_55_fafafa_40x100.png HTTP/1.1" 404 1097
186.103.132.155 - - [08/Mar/2017:12:13:51 -0300] "GET /cormun/static/Shared/jqueryui/images/ui-icons_8d78a5_256x240.png HTTP/1.1" 404 1089
186.103.132.155 - - [08/Mar/2017:12:13:51 -0300] "GET /cormun/servlet/solicitudotadjuntos?DLT,2017,5344,TITULO,0, HTTP/1.1" 200 5821
118.70.215.48 - - [08/Mar/2017:12:13:52 -0300] "GET / HTTP/1.0" 200 11197
186.103.132.155 - - [08/Mar/2017:12:13:52 -0300] "GET /cormun/PublicTempStorage/curriculum_jorge_valdivia6353284.doc HTTP/1.1" 200 134144
186.103.132.155 - - [08/Mar/2017:12:13:57 -0300] "GET /cormun/servlet/trsolicitudot? HTTP/1.1" 200 8050
186.103.132.155 - - [08/Mar/2017:12:13:57 -0300] "GET /cormun/servlet/trsolicitudot? HTTP/1.1" 200 8031
186.103.132.155 - - [08/Mar/2017:12:14:00 -0300] "POST /cormun/servlet/trsolicitudot?7bced8b595bc9b2c19a200346027c598,,gx-no-cache=1488982509194 HTTP/1.1" 200 107
186.103.132.155 - - [08/Mar/2017:12:14:01 -0300] "GET /cormun/servlet/trsolicitudadjuntos?2017,5344, HTTP/1.1" 200 8001
186.103.132.155 - - [08/Mar/2017:12:14:01 -0300] "GET /cormun/servlet/trsolicitudadjuntos?2017,5344, HTTP/1.1" 200 8000
186.79.146.0 - - [08/Mar/2017:12:14:06 -0300] "GET /cormun/servlet/trpermisosadjuntos?15996249,20170303130044,P, HTTP/1.1" 200 6834
186.79.146.0 - - [08/Mar/2017:12:14:08 -0300] "GET /cormun/servlet/trpermisosadjuntos?15996249,20170303130044,P, HTTP/1.1" 200 6833
186.79.146.0 - - [08/Mar/2017:12:14:09 -0300] "GET /cormun/PublicTempStorage/permiso_vanessa2116281.jpeg HTTP/1.1" 200 211304
186.79.146.0 - - [08/Mar/2017:12:14:09 -0300] "GET /cormun/PublicTempStorage/permiso_vanessa9594429.jpeg HTTP/1.1" 200 211304
186.79.146.0 - - [08/Mar/2017:12:14:10 -0300] "GET /cormun/servlet/permisosadjuntos?INS,15996249,P,20170303130044,, HTTP/1.1" 200 5605
186.79.146.0 - - [08/Mar/2017:12:14:10 -0300] "GET /cormun/static/about:blank HTTP/1.1" 404 1011
186.79.146.0 - - [08/Mar/2017:12:14:11 -0300] "GET /cormun/servlet/permisosadjuntos?INS,15996249,P,20170303130044,, HTTP/1.1" 200 5595
186.79.146.0 - - [08/Mar/2017:12:14:24 -0300] "POST /cormun/servlet/permisosadjuntos?4170dba77920b8039b8638df89912562,INS,15996249,P,20170303130044,, HTTP/1.1" 200 116
186.79.146.0 - - [08/Mar/2017:12:14:25 -0300] "GET /cormun/servlet/hpexe_return? HTTP/1.1" 200 1036
186.79.146.0 - - [08/Mar/2017:12:14:25 -0300] "GET /cormun/servlet/trpermisosadjuntos?15996249,20170303130044,P, HTTP/1.1" 200 6953
186.79.146.0 - - [08/Mar/2017:12:14:26 -0300] "GET /cormun/servlet/trpermisosadjuntos?15996249,20170303130044,P, HTTP/1.1" 200 6948
186.79.146.0 - - [08/Mar/2017:12:14:28 -0300] "GET /cormun/PublicTempStorage/permiso_vanessa9251330.jpeg HTTP/1.1" 200 211304
186.79.146.0 - - [08/Mar/2017:12:14:28 -0300] "GET /cormun/PublicTempStorage/permiso_vanessa6035628.jpeg HTTP/1.1" 200 211304
186.79.146.0 - - [08/Mar/2017:12:14:30 -0300] "POST /cormun/servlet/trpermisosadjuntos?4170dba77920b8039b8638df89912562,15996249,20170303130044,P,,gx-no-cache=1488986002085 HTTP/1.1" 200 90
186.79.146.0 - - [08/Mar/2017:12:14:30 -0300] "GET /cormun/servlet/hpexe_link HTTP/1.1" 200 994
186.79.146.0 - - [08/Mar/2017:12:14:31 -0300] "GET /cormun/servlet/trautorizarpermisogoce? HTTP/1.1" 200 7923
186.79.146.0 - - [08/Mar/2017:12:14:32 -0300] "GET /cormun/servlet/trautorizarpermisogoce? HTTP/1.1" 200 7922
186.79.146.0 - - [08/Mar/2017:12:14:39 -0300] "POST /cormun/servlet/trautorizarpermisogoce?4170dba77920b8039b8638df89912562,,gx-no-cache=1488986010820 HTTP/1.1" 200 5302
186.79.146.0 - - [08/Mar/2017:12:14:39 -0300] "GET /cormun/static/Shared/jqueryui/images/ui-bg_highlight-soft_100_c6c2c8_1x100.png HTTP/1.1" 404 1117
186.79.146.0 - - [08/Mar/2017:12:14:39 -0300] "GET /cormun/static/Shared/jqueryui/images/ui-icons_82798d_256x240.png HTTP/1.1" 404 1089
186.79.146.0 - - [08/Mar/2017:12:14:39 -0300] "GET /cormun/static/Shared/jqueryui/images/ui-bg_flat_55_fafafa_40x100.png HTTP/1.1" 404 1097
186.79.146.0 - - [08/Mar/2017:12:14:39 -0300] "GET /cormun/static/Shared/jqueryui/images/ui-icons_8d78a5_256x240.png HTTP/1.1" 404 1089
186.103.248.213 - - [08/Mar/2017:12:14:45 -0300] "GET /cormun/servlet/solicitudot?INS,0,0, HTTP/1.1" 200 11924
186.103.248.213 - - [08/Mar/2017:12:14:45 -0300] "GET /cormun/static/gxcfg.js?20171191042720 HTTP/1.1" 200 953
186.103.248.213 - - [08/Mar/2017:12:14:45 -0300] "GET /cormun/static/Resources/prompt.gif HTTP/1.1" 200 902
186.103.248.213 - - [08/Mar/2017:12:14:45 -0300] "GET /cormun/static/solicitudot.js?2017119104297 HTTP/1.1" 200 63948
186.103.248.213 - - [08/Mar/2017:12:14:46 -0300] "GET /cormun/servlet/hlogin HTTP/1.1" 200 1740
186.103.248.213 - - [08/Mar/2017:12:14:46 -0300] "GET /cormun/servlet/solicitudot?INS,0,0, HTTP/1.1" 200 11930
186.79.146.0 - - [08/Mar/2017:12:14:47 -0300] "POST /cormun/servlet/trautorizarpermisogoce?4170dba77920b8039b8638df89912562,,gx-no-cache=1488986018949 HTTP/1.1" 200 5302
186.103.248.213 - - [08/Mar/2017:12:14:47 -0300] "POST /cormun/servlet/hlogin?6ff34291e13182b66c6ffab00668aba2,gx-no-cache=1488986156935 HTTP/1.1" 200 90
186.103.248.213 - - [08/Mar/2017:12:14:47 -0300] "GET /cormun/servlet/hpexe_link HTTP/1.1" 200 964
186.103.248.213 - - [08/Mar/2017:12:14:48 -0300] "GET /cormun/servlet/solicitudot?INS,0,0, HTTP/1.1" 200 12405
186.103.248.213 - - [08/Mar/2017:12:14:48 -0300] "GET /cormun/servlet/solicitudot?INS,0,0, HTTP/1.1" 200 12410
186.79.146.0 - - [08/Mar/2017:12:15:04 -0300] "POST /cormun/servlet/trautorizarpermisogoce?4170dba77920b8039b8638df89912562,,gx-no-cache=1488986035929 HTTP/1.1" 200 5302
186.79.146.0 - - [08/Mar/2017:12:15:11 -0300] "GET /cormun/static/Shared/jqueryui/images/ui-bg_highlight-soft_100_eae6ea_1x100.png HTTP/1.1" 404 1117
186.103.132.155 - - [08/Mar/2017:12:16:01 -0300] "GET /cormun/servlet/solicitudotadjuntos?DLT,2017,5344,TITULO,0, HTTP/1.1" 200 5828
186.103.132.155 - - [08/Mar/2017:12:16:02 -0300] "GET /cormun/static/Shared/jqueryui/images/ui-bg_highlight-soft_100_c6c2c8_1x100.png HTTP/1.1" 404 1117
186.103.132.155 - - [08/Mar/2017:12:16:02 -0300] "GET /cormun/static/Shared/jqueryui/images/ui-bg_flat_55_fafafa_40x100.png HTTP/1.1" 404 1097
186.103.132.155 - - [08/Mar/2017:12:16:02 -0300] "GET /cormun/static/Shared/jqueryui/images/ui-icons_8d78a5_256x240.png HTTP/1.1" 404 1089
186.103.132.155 - - [08/Mar/2017:12:16:02 -0300] "GET /cormun/static/Shared/jqueryui/images/ui-icons_82798d_256x240.png HTTP/1.1" 404 1089
186.103.132.155 - - [08/Mar/2017:12:16:02 -0300] "GET /cormun/servlet/solicitudotadjuntos?DLT,2017,5344,TITULO,0, HTTP/1.1" 200 5821
186.103.132.155 - - [08/Mar/2017:12:16:02 -0300] "GET /cormun/PublicTempStorage/curriculum_jorge_valdivia2130062.doc HTTP/1.1" 200 134144
186.103.159.46 - - [08/Mar/2017:12:18:41 -0300] "POST /cormun/servlet/trautorizarsolicitud?f4f0ade0c1a05099009e53be5bf6b844,,gx-no-cache=1488986389590 HTTP/1.1" 200 3882
186.103.159.46 - - [08/Mar/2017:12:18:45 -0300] "GET /cormun/servlet/trvisualizadoreventos? HTTP/1.1" 200 6723
186.103.159.46 - - [08/Mar/2017:12:18:46 -0300] "GET /cormun/servlet/trvisualizadoreventos? HTTP/1.1" 200 6723
186.103.159.46 - - [08/Mar/2017:12:18:46 -0300] "GET /cormun/servlet/trvisualizadoreventos? HTTP/1.1" 200 6723
186.103.159.46 - - [08/Mar/2017:12:19:12 -0300] "GET /cormun/servlet/trcontratounov2? HTTP/1.1" 200 6790
186.103.159.46 - - [08/Mar/2017:12:19:13 -0300] "GET /cormun/servlet/trcontratounov2? HTTP/1.1" 200 6789
186.103.159.46 - - [08/Mar/2017:12:19:21 -0300] "POST /cormun/servlet/trcontratounov2?f4f0ade0c1a05099009e53be5bf6b844,,gx-no-cache=1488986430233 HTTP/1.1" 200 4048
186.103.159.46 - - [08/Mar/2017:12:19:41 -0300] "GET /cormun/servlet/trcontratosolicitud? HTTP/1.1" 200 13861
186.103.159.46 - - [08/Mar/2017:12:19:42 -0300] "GET /cormun/servlet/trcontratosolicitud? HTTP/1.1" 200 13857
186.103.159.46 - - [08/Mar/2017:12:20:00 -0300] "POST /cormun/servlet/trcontratosolicitud?f4f0ade0c1a05099009e53be5bf6b844,,gx-no-cache=1488986468178 HTTP/1.1" 200 11567
186.103.159.46 - - [08/Mar/2017:12:20:07 -0300] "POST /cormun/servlet/trcontratosolicitud?f4f0ade0c1a05099009e53be5bf6b844,,gx-no-cache=1488986475310 HTTP/1.1" 200 5167
186.79.146.0 - - [08/Mar/2017:12:20:10 -0300] "GET /cormun/servlet/trpermisosadjuntos?13500887,20170224122828,P, HTTP/1.1" 200 6733
186.79.146.0 - - [08/Mar/2017:12:20:12 -0300] "GET /cormun/servlet/trpermisosadjuntos?13500887,20170224122828,P, HTTP/1.1" 200 6732
186.79.146.0 - - [08/Mar/2017:12:20:13 -0300] "GET /cormun/PublicTempStorage/permiso_macarena_jaque1740966.jpeg HTTP/1.1" 200 225780
186.79.146.0 - - [08/Mar/2017:12:20:15 -0300] "GET /cormun/servlet/permisosadjuntos?INS,13500887,P,20170224122828,, HTTP/1.1" 200 5605
186.79.146.0 - - [08/Mar/2017:12:20:16 -0300] "GET /cormun/static/about:blank HTTP/1.1" 404 1011
186.103.159.46 - - [08/Mar/2017:12:20:16 -0300] "GET /cormun/servlet/trcontratoobservaciondir? HTTP/1.1" 200 7008
186.103.159.46 - - [08/Mar/2017:12:20:17 -0300] "GET /cormun/servlet/trcontratoobservaciondir? HTTP/1.1" 200 7008
186.79.146.0 - - [08/Mar/2017:12:20:17 -0300] "GET /cormun/servlet/permisosadjuntos?INS,13500887,P,20170224122828,, HTTP/1.1" 200 5599
186.103.159.46 - - [08/Mar/2017:12:20:23 -0300] "POST /cormun/servlet/trcontratoobservaciondir?f4f0ade0c1a05099009e53be5bf6b844,,gx-no-cache=1488986492274 HTTP/1.1" 200 4639
186.103.159.46 - - [08/Mar/2017:12:20:31 -0300] "POST /cormun/servlet/trcontratoobservaciondir?f4f0ade0c1a05099009e53be5bf6b844,,gx-no-cache=1488986499391 HTTP/1.1" 200 3794
186.103.159.46 - - [08/Mar/2017:12:20:35 -0300] "POST /cormun/servlet/trcontratoobservaciondir?f4f0ade0c1a05099009e53be5bf6b844,,gx-no-cache=1488986503607 HTTP/1.1" 200 3794
186.103.159.46 - - [08/Mar/2017:12:20:39 -0300] "GET /cormun/servlet/trcontratosolicitud? HTTP/1.1" 200 7663
186.79.146.0 - - [08/Mar/2017:12:20:39 -0300] "POST /cormun/servlet/permisosadjuntos?4170dba77920b8039b8638df89912562,INS,13500887,P,20170224122828,, HTTP/1.1" 200 116
186.79.146.0 - - [08/Mar/2017:12:20:39 -0300] "GET /cormun/servlet/hpexe_return? HTTP/1.1" 200 1037
186.79.146.0 - - [08/Mar/2017:12:20:39 -0300] "GET /cormun/servlet/trpermisosadjuntos?13500887,20170224122828,P, HTTP/1.1" 200 6863
186.103.159.46 - - [08/Mar/2017:12:20:39 -0300] "GET /cormun/servlet/trcontratosolicitud? HTTP/1.1" 200 7662
186.79.146.0 - - [08/Mar/2017:12:20:41 -0300] "GET /cormun/servlet/trpermisosadjuntos?13500887,20170224122828,P, HTTP/1.1" 200 6860
186.79.146.0 - - [08/Mar/2017:12:20:41 -0300] "GET /cormun/PublicTempStorage/permiso_macarena_jaque1002487.jpeg HTTP/1.1" 200 225780
186.79.146.0 - - [08/Mar/2017:12:20:45 -0300] "POST /cormun/servlet/trpermisosadjuntos?4170dba77920b8039b8638df89912562,13500887,20170224122828,P,,gx-no-cache=1488986376902 HTTP/1.1" 200 90
186.79.146.0 - - [08/Mar/2017:12:20:45 -0300] "GET /cormun/servlet/hpexe_link HTTP/1.1" 200 992
186.79.146.0 - - [08/Mar/2017:12:20:46 -0300] "GET /cormun/servlet/trautorizarpermisogoce? HTTP/1.1" 200 7923
186.79.146.0 - - [08/Mar/2017:12:20:47 -0300] "GET /cormun/servlet/trautorizarpermisogoce? HTTP/1.1" 200 7922
186.103.248.213 - - [08/Mar/2017:12:20:48 -0300] "POST /cormun/servlet/solicitudot?gx-no-cache=1488986516884 HTTP/1.1" 200 3081
186.103.248.213 - - [08/Mar/2017:12:20:48 -0300] "POST /cormun/servlet/solicitudot?6ff34291e13182b66c6ffab00668aba2,INS,0,0,,gx-no-cache=1488986517418 HTTP/1.1" 200 9415
186.103.248.213 - - [08/Mar/2017:12:20:48 -0300] "GET /cormun/servlet/solicitudot?24c183948fe59827d4b0081b75069ad22bdf22ce085883a26c914797ec07a6f37651589218e32da68fc2df7ed44cec61,gx-no-cache=1488986517970 HTTP/1.1" 200 111
186.103.248.213 - - [08/Mar/2017:12:20:48 -0300] "GET /cormun/static/Shared/jqueryui/images/ui-bg_highlight-soft_100_c6c2c8_1x100.png HTTP/1.1" 404 1117
186.103.248.213 - - [08/Mar/2017:12:20:48 -0300] "GET /cormun/static/Shared/jqueryui/images/ui-icons_82798d_256x240.png HTTP/1.1" 404 1089
186.103.248.213 - - [08/Mar/2017:12:20:48 -0300] "GET /cormun/static/Shared/jqueryui/images/ui-bg_flat_55_994d53_40x100.png HTTP/1.1" 404 1097
186.103.248.213 - - [08/Mar/2017:12:20:48 -0300] "GET /cormun/static/Shared/jqueryui/images/ui-icons_ebccce_256x240.png HTTP/1.1" 404 1089
186.79.146.0 - - [08/Mar/2017:12:20:51 -0300] "GET /cormun/servlet/trpermisosadjuntos?7778577,20170228115234,P, HTTP/1.1" 200 6740
186.79.146.0 - - [08/Mar/2017:12:20:52 -0300] "GET /cormun/servlet/trpermisosadjuntos?7778577,20170228115234,P, HTTP/1.1" 200 6740
186.79.146.0 - - [08/Mar/2017:12:20:53 -0300] "GET /cormun/PublicTempStorage/permiso_juan_carlos_olvera8474367.jpeg HTTP/1.1" 200 216240
186.103.248.213 - - [08/Mar/2017:12:20:56 -0300] "GET /cormun/servlet/solicitudot?24c183948fe59827d4b0081b75069ad270886e30150d3ea10206cc20b553039b4b7bfcedeb920a0ba1d65f67c766e3fc,gx-no-cache=1488986525978 HTTP/1.1" 200 111
186.79.146.0 - - [08/Mar/2017:12:20:56 -0300] "GET /cormun/servlet/permisosadjuntos?INS,7778577,P,20170228115234,, HTTP/1.1" 200 5606
186.79.146.0 - - [08/Mar/2017:12:20:57 -0300] "GET /cormun/static/about:blank HTTP/1.1" 404 1011
186.79.146.0 - - [08/Mar/2017:12:20:58 -0300] "GET /cormun/servlet/permisosadjuntos?INS,7778577,P,20170228115234,, HTTP/1.1" 200 5596
186.103.159.46 - - [08/Mar/2017:12:21:01 -0300] "POST /cormun/servlet/trcontratosolicitud?f4f0ade0c1a05099009e53be5bf6b844,,gx-no-cache=1488986530114 HTTP/1.1" 200 3989
186.103.248.213 - - [08/Mar/2017:12:21:11 -0300] "POST /cormun/servlet/solicitudot?gx-no-cache=1488986540140 HTTP/1.1" 200 3186
186.103.248.213 - - [08/Mar/2017:12:21:12 -0300] "POST /cormun/servlet/solicitudot?6ff34291e13182b66c6ffab00668aba2,INS,0,0,,gx-no-cache=1488986540680 HTTP/1.1" 200 9592
186.103.248.213 - - [08/Mar/2017:12:21:12 -0300] "GET /cormun/servlet/solicitudot?24c183948fe59827d4b0081b75069ad257a641e93b43a89b7995bd0ca78a44a45cca69912ccef59f5390ab7e76a1745b,gx-no-cache=1488986541304 HTTP/1.1" 200 30
186.79.146.0 - - [08/Mar/2017:12:21:13 -0300] "POST /cormun/servlet/permisosadjuntos?4170dba77920b8039b8638df89912562,INS,7778577,P,20170228115234,, HTTP/1.1" 200 116
186.79.146.0 - - [08/Mar/2017:12:21:13 -0300] "GET /cormun/servlet/hpexe_return? HTTP/1.1" 200 1035
186.103.159.46 - - [08/Mar/2017:12:21:13 -0300] "POST /cormun/servlet/trcontratosolicitud?f4f0ade0c1a05099009e53be5bf6b844,,gx-no-cache=1488986541649 HTTP/1.1" 200 3987
186.79.146.0 - - [08/Mar/2017:12:21:13 -0300] "GET /cormun/servlet/trpermisosadjuntos?7778577,20170228115234,P, HTTP/1.1" 200 6877
186.79.146.0 - - [08/Mar/2017:12:21:15 -0300] "GET /cormun/servlet/trpermisosadjuntos?7778577,20170228115234,P, HTTP/1.1" 200 6873
186.79.146.0 - - [08/Mar/2017:12:21:16 -0300] "GET /cormun/PublicTempStorage/permiso_juan_carlos_olvera729214.jpeg HTTP/1.1" 200 216240
186.79.146.0 - - [08/Mar/2017:12:21:19 -0300] "POST /cormun/servlet/trpermisosadjuntos?4170dba77920b8039b8638df89912562,7778577,20170228115234,P,,gx-no-cache=1488986410502 HTTP/1.1" 200 90
186.79.146.0 - - [08/Mar/2017:12:21:19 -0300] "GET /cormun/servlet/hpexe_link HTTP/1.1" 200 991
186.79.146.0 - - [08/Mar/2017:12:21:19 -0300] "GET /cormun/servlet/trautorizarpermisogoce HTTP/1.1" 200 7923
186.103.159.46 - - [08/Mar/2017:12:21:20 -0300] "GET /cormun/servlet/trautorizarsolicitud? HTTP/1.1" 200 6781
186.103.159.182 - - [08/Mar/2017:12:21:20 -0300] "GET /cormun/servlet/hlogin HTTP/1.1" 200 1728
186.103.159.46 - - [08/Mar/2017:12:21:21 -0300] "GET /cormun/servlet/trautorizarsolicitud? HTTP/1.1" 200 6781
186.79.146.0 - - [08/Mar/2017:12:21:21 -0300] "GET /cormun/servlet/trautorizarpermisogoce HTTP/1.1" 200 7922
200.112.6.127 - - [08/Mar/2017:12:21:23 -0300] "GET /cormun/servlet/trlicencias? HTTP/1.1" 200 7781
200.112.6.127 - - [08/Mar/2017:12:21:23 -0300] "GET /cormun/static/gxcfg.js?2016122619301429 HTTP/1.1" 304 -
200.112.6.127 - - [08/Mar/2017:12:21:23 -0300] "GET /cormun/static/trlicencias.js?2016122619301919 HTTP/1.1" 304 -
200.112.6.127 - - [08/Mar/2017:12:21:24 -0300] "GET /cormun/servlet/hlogin HTTP/1.1" 200 1740
186.103.159.46 - - [08/Mar/2017:12:21:28 -0300] "POST /cormun/servlet/trautorizarsolicitud?f4f0ade0c1a05099009e53be5bf6b844,,gx-no-cache=1488986556455 HTTP/1.1" 200 3880
200.112.6.127 - - [08/Mar/2017:12:21:34 -0300] "POST /cormun/servlet/hlogin?b9da0b460f87314a9067aa4a8c4c9a77,gx-no-cache=1488986563612 HTTP/1.1" 200 90
200.112.6.127 - - [08/Mar/2017:12:21:35 -0300] "GET /cormun/servlet/hpexe_link HTTP/1.1" 200 963
200.112.6.127 - - [08/Mar/2017:12:21:35 -0300] "GET /cormun/servlet/trlicencias HTTP/1.1" 200 6664
186.79.146.0 - - [08/Mar/2017:12:21:38 -0300] "GET /cormun/servlet/trpermisosadjuntos?15996249,20170303130044,P, HTTP/1.1" 200 6949
186.79.146.0 - - [08/Mar/2017:12:21:40 -0300] "GET /cormun/servlet/trpermisosadjuntos?15996249,20170303130044,P, HTTP/1.1" 200 6948
186.79.146.0 - - [08/Mar/2017:12:21:41 -0300] "GET /cormun/PublicTempStorage/permiso_vanessa2024510.jpeg HTTP/1.1" 200 211304
186.79.146.0 - - [08/Mar/2017:12:21:41 -0300] "GET /cormun/PublicTempStorage/permiso_vanessa8001206.jpeg HTTP/1.1" 200 211304
186.79.146.0 - - [08/Mar/2017:12:21:42 -0300] "GET /cormun/servlet/permisosadjuntos?INS,15996249,P,20170303130044,, HTTP/1.1" 200 5605
200.112.6.127 - - [08/Mar/2017:12:21:42 -0300] "GET /cormun/servlet/licenciaspermisos?INS,0,,, HTTP/1.1" 200 7348
200.112.6.127 - - [08/Mar/2017:12:21:42 -0300] "GET /cormun/static/gxcfg.js?2016122619301043 HTTP/1.1" 304 -
200.112.6.127 - - [08/Mar/2017:12:21:42 -0300] "GET /cormun/static/licenciaspermisos.js?2016122619301096 HTTP/1.1" 304 -
186.79.146.0 - - [08/Mar/2017:12:21:42 -0300] "GET /cormun/static/about:blank HTTP/1.1" 404 1011
186.79.146.0 - - [08/Mar/2017:12:21:43 -0300] "GET /cormun/servlet/permisosadjuntos?INS,15996249,P,20170303130044,, HTTP/1.1" 200 5596
186.103.159.46 - - [08/Mar/2017:12:21:44 -0300] "POST /cormun/servlet/trautorizarsolicitud?f4f0ade0c1a05099009e53be5bf6b844,,gx-no-cache=1488986572414 HTTP/1.1" 200 3886
186.103.248.213 - - [08/Mar/2017:12:21:45 -0300] "POST /cormun/servlet/solicitudot?gx-no-cache=1488986574366 HTTP/1.1" 200 297
186.103.248.213 - - [08/Mar/2017:12:21:45 -0300] "GET /cormun/servlet/solicitudot?24c183948fe59827d4b0081b75069ad2704bf6b6bfcc5b5ddc753a86b5d82ec5e4ace6d91822e9e52bea39789f3f653b8dd442e6d8156df349c10f656d8982465e1f617e65445f4263e33a6303daf48cf66d330beb43cb4c1a4554143df76c00d54d48c9aa7985aa687f4db38bdae91bb2542ce621a127db9bd5782e4fddba00da0a95e60ef173cb61504d4ac099a8d842525104b8ea581abf0be7717b9586e560dd7f4207aabae75227447a7637746b25b69e1b512cb185879d3e06e194fbeb801cfbd8fc518674ec7b81fe3c019ccfa4f3c51940cc4bb9c06f8c941e74fbb0b590b0dd78d9b2992d9e23f74c4f89b87bc8cf389748d43d0873b0065c0d8af34576eb9cab1bb15bdbc38aaf644090da6a1d693d2a8a4b5c2e3e81cd90de78c7fa324d357891defaae242bd2e4758ca082797303b0aac94ed4c28416072435320dbac24af2a743eba992db9c7b69eefcf2a2d908cc871fe34b765161844eef6ba1367e56efa935b409db78b02d729b679eae26e48e66d42c36909c7278f610367651589218e32da68fc2df7ed44cec61,gx-no-cache=1488986574594 HTTP/1.1" 200 30
186.103.248.213 - - [08/Mar/2017:12:21:48 -0300] "POST /cormun/servlet/solicitudot?gx-no-cache=1488986577374 HTTP/1.1" 200 30
186.103.159.46 - - [08/Mar/2017:12:21:48 -0300] "GET /cormun/static/menuarrow.gif HTTP/1.1" 404 1015
186.103.248.213 - - [08/Mar/2017:12:21:53 -0300] "POST /cormun/servlet/solicitudot?gx-no-cache=1488986582173 HTTP/1.1" 200 1291
186.103.248.213 - - [08/Mar/2017:12:21:53 -0300] "POST /cormun/servlet/solicitudot?gx-no-cache=1488986582311 HTTP/1.1" 200 38
186.103.159.46 - - [08/Mar/2017:12:21:53 -0300] "POST /cormun/servlet/trautorizarsolicitud?f4f0ade0c1a05099009e53be5bf6b844,,gx-no-cache=1488986582134 HTTP/1.1" 200 3886
186.103.159.46 - - [08/Mar/2017:12:21:54 -0300] "POST /cormun/servlet/trautorizarsolicitud?f4f0ade0c1a05099009e53be5bf6b844,,gx-no-cache=1488986583279 HTTP/1.1" 200 3886
186.103.159.46 - - [08/Mar/2017:12:22:00 -0300] "POST /cormun/servlet/trautorizarsolicitud?f4f0ade0c1a05099009e53be5bf6b844,,gx-no-cache=1488986588999 HTTP/1.1" 200 3888
186.103.248.213 - - [08/Mar/2017:12:22:02 -0300] "GET /cormun/servlet/solicitudot?24c183948fe59827d4b0081b75069ad2c0714744efefcbe7b4905c23b94d9769909c5226721a3feacb3d8a3c7a1e680738662b84cfb432de042b637413c4dc481cb5d3fc60aa5b44b858cb96e3e2c1df28f5e22efe6616ebea8d8b6dcfb6b9f5c09c8aec797084e1b6bf09b2037fa8bf,gx-no-cache=1488986591759 HTTP/1.1" 200 29
186.103.248.213 - - [08/Mar/2017:12:22:02 -0300] "POST /cormun/servlet/solicitudot?gx-no-cache=1488986591851 HTTP/1.1" 200 1273
186.103.159.46 - - [08/Mar/2017:12:22:05 -0300] "POST /cormun/servlet/trautorizarsolicitud?f4f0ade0c1a05099009e53be5bf6b844,,gx-no-cache=1488986594004 HTTP/1.1" 200 3887
186.103.248.213 - - [08/Mar/2017:12:22:06 -0300] "POST /cormun/servlet/solicitudot?gx-no-cache=1488986595124 HTTP/1.1" 200 1156
186.103.248.213 - - [08/Mar/2017:12:22:06 -0300] "GET /cormun/static/menuarrow.gif HTTP/1.1" 404 1015
186.103.159.46 - - [08/Mar/2017:12:22:12 -0300] "POST /cormun/servlet/trautorizarsolicitud?f4f0ade0c1a05099009e53be5bf6b844,,gx-no-cache=1488986601023 HTTP/1.1" 200 3888
186.103.132.155 - - [08/Mar/2017:12:22:24 -0300] "GET /cormun/servlet/trsolicitudot? HTTP/1.1" 200 8050
186.103.132.155 - - [08/Mar/2017:12:22:25 -0300] "GET /cormun/servlet/trsolicitudot? HTTP/1.1" 200 8031
186.103.132.155 - - [08/Mar/2017:12:22:26 -0300] "POST /cormun/servlet/trsolicitudot?7bced8b595bc9b2c19a200346027c598,,gx-no-cache=1488983014958 HTTP/1.1" 200 107
186.103.132.155 - - [08/Mar/2017:12:22:27 -0300] "GET /cormun/servlet/trsolicitudadjuntos?2017,5344, HTTP/1.1" 200 8000
186.103.132.155 - - [08/Mar/2017:12:22:27 -0300] "GET /cormun/servlet/trsolicitudadjuntos?2017,5344, HTTP/1.1" 200 7999
186.103.132.155 - - [08/Mar/2017:12:22:37 -0300] "GET /cormun/servlet/solicitudotadjuntos?INS,2017,5344,,1, HTTP/1.1" 200 5828
186.103.132.155 - - [08/Mar/2017:12:22:37 -0300] "GET /cormun/static/about:blank HTTP/1.1" 404 1011
186.103.132.155 - - [08/Mar/2017:12:22:37 -0300] "GET /cormun/servlet/solicitudotadjuntos?INS,2017,5344,,1, HTTP/1.1" 200 5822
186.103.132.155 - - [08/Mar/2017:12:22:38 -0300] "GET /cormun/servlet/solicitudotadjuntos?6c6cc43e7687d7d004cbbbaf00f75f47913846d17790af2100b2b29d90bb687a6661f94c60bacf2ae921e3be72f2531c,gx-no-cache=1488983026857 HTTP/1.1" 200 30
186.103.248.213 - - [08/Mar/2017:12:22:38 -0300] "POST /cormun/servlet/solicitudot?gx-no-cache=1488986627289 HTTP/1.1" 200 1273
186.103.248.213 - - [08/Mar/2017:12:22:38 -0300] "POST /cormun/servlet/solicitudot?gx-no-cache=1488986627580 HTTP/1.1" 200 1156
186.103.248.213 - - [08/Mar/2017:12:22:38 -0300] "GET /cormun/servlet/solicitudot?24c183948fe59827d4b0081b75069ad2febda590a79178b728f38b1c24a485d2a373db3c935faca64ead44f2ff0a905d74c7b45d1262e24cdb213c6c93b13e0ed38da2f4930bb3b084b9cb07fd2c2a5fba2c342ea98db5248e7f64fa8c5b22dbc46b7b13b352510f6b37337c9d2c9d94130438da0c75dbc4f4eb6454890d962ba45f92fca3ffda017db9a4d1aede3d44d76ed94ee7a6324c9b3f83c87bc148f41534bcee8ed2308050a0b792d80612cd,gx-no-cache=1488986627776 HTTP/1.1" 200 30
186.103.132.155 - - [08/Mar/2017:12:22:38 -0300] "POST /cormun/servlet/solicitudotadjuntos?7bced8b595bc9b2c19a200346027c598,INS,2017,5344,,1,,gx-no-cache=1488983027056 HTTP/1.1" 200 3671
186.103.132.155 - - [08/Mar/2017:12:22:41 -0300] "POST /cormun/servlet/solicitudotadjuntos?gx-no-cache=1488983030268 HTTP/1.1" 200 26
186.103.159.46 - - [08/Mar/2017:12:22:48 -0300] "POST /cormun/servlet/trautorizarsolicitud?f4f0ade0c1a05099009e53be5bf6b844,,gx-no-cache=1488986636855 HTTP/1.1" 200 3889
186.103.132.155 - - [08/Mar/2017:12:22:59 -0300] "POST /cormun/servlet/solicitudotadjuntos?gx-no-cache=1488983048096 HTTP/1.1" 200 26
186.103.248.213 - - [08/Mar/2017:12:23:07 -0300] "POST /cormun/servlet/solicitudot?6ff34291e13182b66c6ffab00668aba2,INS,0,0,,gx-no-cache=1488986655915 HTTP/1.1" 200 93
186.103.248.213 - - [08/Mar/2017:12:23:07 -0300] "GET /cormun/servlet/hpexe_return? HTTP/1.1" 200 1005
186.103.248.213 - - [08/Mar/2017:12:23:07 -0300] "GET /cormun/static/gxcfg.js?2016101716175148 HTTP/1.1" 200 953
186.103.248.213 - - [08/Mar/2017:12:23:07 -0300] "GET /cormun/static/hpexe_return.js?2016101716175153 HTTP/1.1" 200 1633
186.103.248.213 - - [08/Mar/2017:12:23:07 -0300] "GET /cormun/servlet/hhome HTTP/1.1" 200 3764
186.103.248.213 - - [08/Mar/2017:12:23:08 -0300] "GET /cormun/servlet/hhome HTTP/1.1" 200 3758
186.103.248.213 - - [08/Mar/2017:12:23:14 -0300] "GET /cormun/servlet/trvisualizadoreventos? HTTP/1.1" 200 6493
186.103.248.213 - - [08/Mar/2017:12:23:14 -0300] "GET /cormun/static/gxcfg.js?2016101716203350 HTTP/1.1" 200 953
186.103.248.213 - - [08/Mar/2017:12:23:14 -0300] "GET /cormun/static/trvisualizadoreventos.js?2016101716203614 HTTP/1.1" 200 19309
186.103.248.213 - - [08/Mar/2017:12:23:14 -0300] "GET /cormun/static/Resources/PXToolsActionPrint.png HTTP/1.1" 200 3317
186.103.248.213 - - [08/Mar/2017:12:23:14 -0300] "GET /cormun/servlet/trvisualizadoreventos? HTTP/1.1" 200 6493
186.103.132.155 - - [08/Mar/2017:12:23:17 -0300] "POST /cormun/servlet/solicitudotadjuntos?gx-no-cache=1488983065682 HTTP/1.1" 200 26
186.103.248.213 - - [08/Mar/2017:12:23:17 -0300] "GET /cormun/servlet/trsolicitudot? HTTP/1.1" 200 7977
186.103.248.213 - - [08/Mar/2017:12:23:18 -0300] "GET /cormun//static/Resources/PXToolsActionView.png HTTP/1.1" 200 2995
186.103.248.213 - - [08/Mar/2017:12:23:18 -0300] "GET /cormun//static/Resources/PXTools/ActionInsert.png HTTP/1.1" 200 1482
186.103.248.213 - - [08/Mar/2017:12:23:18 -0300] "GET /cormun//static/Resources/PXToolsGridUpdate.png HTTP/1.1" 200 2984
186.103.248.213 - - [08/Mar/2017:12:23:18 -0300] "GET /cormun//static/Resources/PXToolsGridDelete.png HTTP/1.1" 200 357
186.103.248.213 - - [08/Mar/2017:12:23:18 -0300] "GET /cormun/servlet/trsolicitudot? HTTP/1.1" 200 7977
186.103.248.213 - - [08/Mar/2017:12:23:18 -0300] "GET /cormun//static/Resources/PXToolsRemoveAllAction.png HTTP/1.1" 200 3558
186.103.248.213 - - [08/Mar/2017:12:23:20 -0300] "POST /cormun/servlet/trsolicitudot?6ff34291e13182b66c6ffab00668aba2,,gx-no-cache=1488986669332 HTTP/1.1" 200 107
186.103.248.213 - - [08/Mar/2017:12:23:20 -0300] "GET /cormun/servlet/trsolicitudadjuntos?2017,5345, HTTP/1.1" 200 5863
186.103.248.213 - - [08/Mar/2017:12:23:20 -0300] "GET /cormun/static/gxcfg.js?201612218531388 HTTP/1.1" 200 953
186.103.248.213 - - [08/Mar/2017:12:23:20 -0300] "GET /cormun/static/trsolicitudadjuntos.js?201612218531657 HTTP/1.1" 200 17913
186.103.248.213 - - [08/Mar/2017:12:23:21 -0300] "GET /cormun/servlet/trsolicitudadjuntos?2017,5345, HTTP/1.1" 200 5862
186.103.248.213 - - [08/Mar/2017:12:23:25 -0300] "GET /cormun/servlet/solicitudotadjuntos?INS,2017,5345,,1, HTTP/1.1" 200 5797
186.103.248.213 - - [08/Mar/2017:12:23:25 -0300] "GET /cormun/static/gxcfg.js?201612218465951 HTTP/1.1" 200 953
186.103.248.213 - - [08/Mar/2017:12:23:25 -0300] "GET /cormun/static/solicitudotadjuntos.js?201612218465969 HTTP/1.1" 200 11762
186.103.248.213 - - [08/Mar/2017:12:23:25 -0300] "GET /cormun/static/about:blank HTTP/1.1" 404 1011
186.103.248.213 - - [08/Mar/2017:12:23:26 -0300] "GET /cormun/servlet/solicitudotadjuntos?INS,2017,5345,,1, HTTP/1.1" 200 5791
186.103.159.46 - - [08/Mar/2017:12:23:26 -0300] "GET /cormun/servlet/avisualizareventos?2017,5284,ENV,20170306,20170308,PU HTTP/1.1" 200 1115
186.103.248.213 - - [08/Mar/2017:12:23:26 -0300] "GET /cormun/servlet/solicitudotadjuntos?24c183948fe59827d4b0081b75069ad24f16d59e98ac47ebb02488af4f7375ecf7815b6c652637cec254488dbdcca2db,gx-no-cache=1488986675719 HTTP/1.1" 200 30
186.103.248.213 - - [08/Mar/2017:12:23:26 -0300] "POST /cormun/servlet/solicitudotadjuntos?6ff34291e13182b66c6ffab00668aba2,INS,2017,5345,,1,,gx-no-cache=1488986675808 HTTP/1.1" 200 3641
186.103.132.155 - - [08/Mar/2017:12:23:28 -0300] "POST /cormun/servlet/solicitudotadjuntos?7bced8b595bc9b2c19a200346027c598,INS,2017,5344,,1, HTTP/1.1" 200 116
186.103.132.155 - - [08/Mar/2017:12:23:28 -0300] "GET /cormun/servlet/hpexe_return? HTTP/1.1" 200 1019
186.103.248.213 - - [08/Mar/2017:12:23:29 -0300] "POST /cormun/servlet/solicitudotadjuntos?gx-no-cache=1488986678468 HTTP/1.1" 200 26
186.103.132.155 - - [08/Mar/2017:12:23:30 -0300] "GET /cormun/servlet/trsolicitudadjuntos?2017,5344, HTTP/1.1" 200 8005
186.103.132.155 - - [08/Mar/2017:12:23:30 -0300] "GET /cormun/servlet/trsolicitudadjuntos?2017,5344, HTTP/1.1" 200 8000
186.103.132.155 - - [08/Mar/2017:12:23:33 -0300] "GET /cormun/servlet/solicitudotadjuntos?INS,2017,5344,,2, HTTP/1.1" 200 5825
186.103.132.155 - - [08/Mar/2017:12:23:33 -0300] "GET /cormun/static/about:blank HTTP/1.1" 404 1011
186.103.132.155 - - [08/Mar/2017:12:23:33 -0300] "GET /cormun/servlet/solicitudotadjuntos?INS,2017,5344,,2, HTTP/1.1" 200 5819
186.103.132.155 - - [08/Mar/2017:12:23:33 -0300] "GET /cormun/servlet/solicitudotadjuntos?6c6cc43e7687d7d004cbbbaf00f75f47913846d17790af2100b2b29d90bb687a6661f94c60bacf2ae921e3be72f2531c,gx-no-cache=1488983082567 HTTP/1.1" 200 30
