186.103.132.155 - - [08/Mar/2017:10:37:27 -0300] "GET /cormun/servlet/solicitudot?6c6cc43e7687d7d004cbbbaf00f75f478d0cadb433f7eb12f03068a8e1435caf9ad7ee079b945d3766bcc958611dc167026e99e70318c85c5a862aedde4ae83d253f4d24da0d9e695a8e2cc6722192c786e699c306b5b72e1566a438ab111972927d4374ee7caa6c75fe82398120604623a9c77d9d55dc8a723a271ad762d1dff13eda27a655a6d618249b1bb5613623cb08763919a1cab3c644a1df4204a7f81079291f1f4617b7ec542ee586d4dfe4,gx-no-cache=1488976715998 HTTP/1.1" 200 30
192.168.10.96 - - [08/Mar/2017:10:37:28 -0300] "GET /cormun/servlet/vesolicitudnombre?2017,5213,,SolicitudOTAdjuntos HTTP/1.1" 200 10461
192.168.10.96 - - [08/Mar/2017:10:37:29 -0300] "GET /cormun/servlet/vesolicitudnombre?2017,5213,,SolicitudOTAdjuntos HTTP/1.1" 200 10463
192.168.10.96 - - [08/Mar/2017:10:37:29 -0300] "POST /cormun/servlet/acontrolpreferencessavestate?None,DZAMUDIO,true HTTP/1.1" 200 35
192.168.10.96 - - [08/Mar/2017:10:37:31 -0300] "GET /cormun/PublicTempStorage/curriculummauricio_fuentes20170306125226_0015673103.pdf HTTP/1.1" 200 65342
192.168.10.96 - - [08/Mar/2017:10:37:36 -0300] "GET /cormun/servlet/vesolicitudnombre?2017,5213,,SolicitudOTAdjuntos HTTP/1.1" 200 10461
186.103.132.155 - - [08/Mar/2017:10:37:36 -0300] "POST /cormun/servlet/solicitudot?7bced8b595bc9b2c19a200346027c598,INS,0,0,,gx-no-cache=1488976724958 HTTP/1.1" 200 11050
186.103.132.155 - - [08/Mar/2017:10:37:36 -0300] "GET /cormun/static/Shared/jqueryui/images/ui-bg_highlight-soft_100_c6c2c8_1x100.png HTTP/1.1" 404 1117
186.103.132.155 - - [08/Mar/2017:10:37:36 -0300] "GET /cormun/static/Shared/jqueryui/images/ui-icons_82798d_256x240.png HTTP/1.1" 404 1089
186.103.132.155 - - [08/Mar/2017:10:37:36 -0300] "GET /cormun/static/Shared/jqueryui/images/ui-bg_flat_55_994d53_40x100.png HTTP/1.1" 404 1097
186.103.132.155 - - [08/Mar/2017:10:37:36 -0300] "GET /cormun/static/Shared/jqueryui/images/ui-icons_ebccce_256x240.png HTTP/1.1" 404 1089
192.168.10.96 - - [08/Mar/2017:10:37:36 -0300] "GET /cormun/servlet/vesolicitudnombre?2017,5213,,SolicitudOTAdjuntos HTTP/1.1" 200 10464
192.168.10.96 - - [08/Mar/2017:10:37:37 -0300] "POST /cormun/servlet/acontrolpreferencessavestate?None,DZAMUDIO,true HTTP/1.1" 200 35
192.168.10.96 - - [08/Mar/2017:10:37:38 -0300] "GET /cormun/PublicTempStorage/titulo_1mauricio_fuentes20170306125842_0013295610.pdf HTTP/1.1" 200 445073
186.103.157.235 - - [08/Mar/2017:10:37:52 -0300] "GET /cormun/servlet/solicitudot?6fc35a6775a5f3a96a0e5ea28aff86db684b59d99153d623e2a6b8cec58df87f017af76307923798187c7883a24503bd4eea8a6ceef9fd0fc0c0fd06cc88ec5ada32c3e8ee8f1dfc97f24d1b7d9caa72a5f258ec0d495603930ec6aedc887bb166a6b17b81f1ed7620d8b66e48328a9dde24a03898419fd6e5d77953d9055c74c99b11168f4fabcb2f705b0d0dc31212ae8fe3645a9496a5b915843c26e0c7222950ef7490470df7913303a149aac5da,gx-no-cache=1488980511807 HTTP/1.1" 200 30
186.103.157.235 - - [08/Mar/2017:10:37:53 -0300] "POST /cormun/servlet/solicitudot?75f50825e62b9c0816569273efb9a9fb,INS,0,0,,gx-no-cache=1488980512827 HTTP/1.1" 200 93
186.103.157.235 - - [08/Mar/2017:10:37:53 -0300] "GET /cormun/servlet/hpexe_return? HTTP/1.1" 200 1009
186.103.157.235 - - [08/Mar/2017:10:37:53 -0300] "GET /cormun/servlet/hhome HTTP/1.1" 200 3959
186.103.157.235 - - [08/Mar/2017:10:37:53 -0300] "GET /cormun/servlet/hhome HTTP/1.1" 200 3954
186.103.157.235 - - [08/Mar/2017:10:38:08 -0300] "GET /cormun/servlet/hhome HTTP/1.1" 200 3959
186.103.157.235 - - [08/Mar/2017:10:38:09 -0300] "GET /cormun/servlet/hhome HTTP/1.1" 200 3954
186.103.157.235 - - [08/Mar/2017:10:38:09 -0300] "GET /favicon.ico HTTP/1.1" 200 21630
186.103.157.235 - - [08/Mar/2017:10:38:12 -0300] "GET /cormun/servlet/trsolicitudot? HTTP/1.1" 200 8186
186.103.157.235 - - [08/Mar/2017:10:38:13 -0300] "GET /cormun/servlet/trsolicitudot? HTTP/1.1" 200 8185
186.103.157.235 - - [08/Mar/2017:10:38:20 -0300] "POST /cormun/servlet/trsolicitudot?75f50825e62b9c0816569273efb9a9fb,,gx-no-cache=1488980540657 HTTP/1.1" 200 4340
186.103.157.235 - - [08/Mar/2017:10:38:21 -0300] "GET /cormun/static/Shared/jqueryui/images/ui-bg_highlight-soft_100_c6c2c8_1x100.png HTTP/1.1" 404 1117
186.103.157.235 - - [08/Mar/2017:10:38:21 -0300] "GET /cormun/static/Shared/jqueryui/images/ui-icons_82798d_256x240.png HTTP/1.1" 404 1089
186.103.157.235 - - [08/Mar/2017:10:38:21 -0300] "GET /cormun/static/Shared/jqueryui/images/ui-bg_flat_55_fafafa_40x100.png HTTP/1.1" 404 1097
186.103.157.235 - - [08/Mar/2017:10:38:21 -0300] "GET /cormun/static/Shared/jqueryui/images/ui-icons_8d78a5_256x240.png HTTP/1.1" 404 1089
186.103.157.235 - - [08/Mar/2017:10:38:21 -0300] "POST /cormun/servlet/trsolicitudot?75f50825e62b9c0816569273efb9a9fb,,gx-no-cache=1488980540964 HTTP/1.1" 200 4124
186.103.157.235 - - [08/Mar/2017:10:38:25 -0300] "GET /cormun/servlet/trautorizarsolicitud? HTTP/1.1" 200 8131
186.103.157.235 - - [08/Mar/2017:10:38:25 -0300] "GET /cormun/servlet/trautorizarsolicitud? HTTP/1.1" 200 8131
186.103.157.235 - - [08/Mar/2017:10:38:33 -0300] "GET /cormun/servlet/treventos?2017,5316, HTTP/1.1" 200 7381
186.103.157.235 - - [08/Mar/2017:10:38:33 -0300] "GET /cormun/static/gxcfg.js?2016101716195975 HTTP/1.1" 200 953
186.103.157.235 - - [08/Mar/2017:10:38:33 -0300] "GET /cormun/static/treventos.js?201610171620222 HTTP/1.1" 200 16055
186.103.157.235 - - [08/Mar/2017:10:38:33 -0300] "GET /cormun/servlet/treventos?2017,5316, HTTP/1.1" 200 7381
186.103.157.235 - - [08/Mar/2017:10:38:38 -0300] "POST /cormun/servlet/treventos?75f50825e62b9c0816569273efb9a9fb,2017,5316,,gx-no-cache=1488980558426 HTTP/1.1" 200 90
186.103.157.235 - - [08/Mar/2017:10:38:38 -0300] "GET /cormun/servlet/hpexe_link HTTP/1.1" 200 978
186.103.157.235 - - [08/Mar/2017:10:38:38 -0300] "GET /cormun/servlet/trautorizarsolicitud HTTP/1.1" 200 8132
186.103.157.235 - - [08/Mar/2017:10:38:39 -0300] "GET /cormun/servlet/trautorizarsolicitud HTTP/1.1" 200 8131
186.103.157.235 - - [08/Mar/2017:10:38:42 -0300] "GET /cormun/servlet/veautorizarsolicitud?2017,5316,, HTTP/1.1" 200 8137
186.103.157.235 - - [08/Mar/2017:10:38:42 -0300] "GET /cormun/static/gxcfg.js?20161221854380 HTTP/1.1" 200 953
186.103.157.235 - - [08/Mar/2017:10:38:42 -0300] "GET /cormun/pexe_scrolldiv.js HTTP/1.1" 404 1009
186.103.157.235 - - [08/Mar/2017:10:38:42 -0300] "GET /cormun/static/veautorizarsolicitud.js?20161221854433 HTTP/1.1" 200 6140
186.103.157.235 - - [08/Mar/2017:10:38:42 -0300] "GET /cormun/static/tbautorizarsolicitud01.js?20171102163122 HTTP/1.1" 200 28355
186.103.157.235 - - [08/Mar/2017:10:38:43 -0300] "GET /cormun/servlet/veautorizarsolicitud?2017,5316,, HTTP/1.1" 200 8136
186.103.157.235 - - [08/Mar/2017:10:39:12 -0300] "POST /cormun/servlet/veautorizarsolicitud?75f50825e62b9c0816569273efb9a9fb,2017,5316,,,gx-no-cache=1488980591852 HTTP/1.1" 200 90
186.103.157.235 - - [08/Mar/2017:10:39:12 -0300] "GET /cormun/servlet/hpexe_link HTTP/1.1" 200 979
186.103.157.235 - - [08/Mar/2017:10:39:12 -0300] "GET /cormun/servlet/trautorizarsolicitud HTTP/1.1" 200 8132
186.103.157.235 - - [08/Mar/2017:10:39:12 -0300] "GET /cormun/servlet/trautorizarsolicitud HTTP/1.1" 200 8131
186.103.159.46 - - [08/Mar/2017:10:39:16 -0300] "POST /cormun/servlet/trlicencias?4bfd02ef125b7b519bf8109e177a1722,,gx-no-cache=1488980424680 HTTP/1.1" 200 5278
186.103.132.155 - - [08/Mar/2017:10:39:26 -0300] "POST /cormun/servlet/solicitudot?7bced8b595bc9b2c19a200346027c598,INS,0,0,,gx-no-cache=1488976834448 HTTP/1.1" 200 11095
186.103.157.235 - - [08/Mar/2017:10:39:27 -0300] "POST /cormun/servlet/trautorizarsolicitud?75f50825e62b9c0816569273efb9a9fb,gx-no-cache=1488980607491 HTTP/1.1" 200 4318
186.103.157.235 - - [08/Mar/2017:10:39:28 -0300] "POST /cormun/servlet/trautorizarsolicitud?75f50825e62b9c0816569273efb9a9fb,gx-no-cache=1488980608005 HTTP/1.1" 200 4101
186.103.132.155 - - [08/Mar/2017:10:40:04 -0300] "POST /cormun/servlet/solicitudot?gx-no-cache=1488976872673 HTTP/1.1" 200 255
186.103.132.155 - - [08/Mar/2017:10:40:04 -0300] "GET /cormun/servlet/solicitudot?6c6cc43e7687d7d004cbbbaf00f75f47930a55f8fadc5b27448c05ca63f73f6709470208101588c2b64a52e0e36b43670b1365bf840ef81e7f853612fea87014a7841cb26363eee96077851b586c3df04870dc8f08278e31636fee780581a93f7ee97e9a52149874916f4933c51d23e2b37cf281c342710d535bd48f481243ee779ee14e180eaca2727743731c228c534dc05ac2c274c4d3dff344be141e24cf1d59f6fff754cb03e9b3f59a4b71b12e2254055653f2bc33040e36a96d945a95b82b27cf14549913ffda8a7f011a31e41a0c6b63111fbd07762df4bfbcd9943f43617fe93e572f61ef8a4368cc25b2427a7327605847351557451902f0d9416a46c771707447c3473d2ca488187465b62acb235dacf1707e9f75f1576f825a3c99b0f706b73b94a2005ffcffdec1a0ed6d5b4a645c78437db1849cae7e497b8a555642f38f287d11d8dcd267de57d4480ef8df6205177298e9f9c8919e041e5c631ff132c196909450cd856db58416f6dbf75c3db2fa50ef6181e2f8ebcfd579,gx-no-cache=1488976872846 HTTP/1.1" 200 30
186.103.132.155 - - [08/Mar/2017:10:40:04 -0300] "POST /cormun/servlet/solicitudot?gx-no-cache=1488976872945 HTTP/1.1" 200 30
186.103.132.155 - - [08/Mar/2017:10:40:04 -0300] "POST /cormun/servlet/solicitudot?gx-no-cache=1488976873035 HTTP/1.1" 200 1292
186.103.132.155 - - [08/Mar/2017:10:40:04 -0300] "POST /cormun/servlet/solicitudot?gx-no-cache=1488976873226 HTTP/1.1" 200 41
186.103.132.155 - - [08/Mar/2017:10:40:04 -0300] "POST /cormun/servlet/solicitudot?gx-no-cache=1488976873420 HTTP/1.1" 200 1275
186.103.132.155 - - [08/Mar/2017:10:40:04 -0300] "POST /cormun/servlet/solicitudot?gx-no-cache=1488976873561 HTTP/1.1" 200 1158
186.103.132.155 - - [08/Mar/2017:10:40:05 -0300] "GET /cormun/servlet/solicitudot?6c6cc43e7687d7d004cbbbaf00f75f478d0cadb433f7eb12f03068a8e1435caf9ad7ee079b945d3766bcc958611dc167026e99e70318c85c5a862aedde4ae83d253f4d24da0d9e695a8e2cc6722192c786e699c306b5b72e1566a438ab111972927d4374ee7caa6c75fe82398120604623a9c77d9d55dc8a723a271ad762d1dff13eda27a655a6d618249b1bb5613623cb08763919a1cab3c644a1df4204a7f81079291f1f4617b7ec542ee586d4dfe4,gx-no-cache=1488976873685 HTTP/1.1" 200 30
186.103.132.155 - - [08/Mar/2017:10:40:05 -0300] "POST /cormun/servlet/solicitudot?7bced8b595bc9b2c19a200346027c598,INS,0,0,,gx-no-cache=1488976873789 HTTP/1.1" 200 93
186.103.132.155 - - [08/Mar/2017:10:40:05 -0300] "GET /cormun/servlet/hpexe_return? HTTP/1.1" 200 1000
186.103.132.155 - - [08/Mar/2017:10:40:05 -0300] "GET /cormun/servlet/trsolicitudot HTTP/1.1" 200 9165
186.103.132.155 - - [08/Mar/2017:10:40:06 -0300] "GET /cormun/servlet/trsolicitudot HTTP/1.1" 200 9161
186.103.132.155 - - [08/Mar/2017:10:40:10 -0300] "GET /cormun/servlet/solicitudot?INS,0,0, HTTP/1.1" 200 12589
186.103.132.155 - - [08/Mar/2017:10:40:11 -0300] "GET /cormun/servlet/solicitudot?INS,0,0, HTTP/1.1" 200 12594
186.103.132.155 - - [08/Mar/2017:10:40:23 -0300] "GET /cormun/servlet/prfichaempleado?,MD,,gxPopupLevel%3D0%3B HTTP/1.1" 200 8845
186.103.132.155 - - [08/Mar/2017:10:41:03 -0300] "POST /cormun/servlet/prfichaempleado?7bced8b595bc9b2c19a200346027c598,,MD,,gxPopupLevel%3D0%3B,gx-no-cache=1488976931258 HTTP/1.1" 200 3391
186.103.132.155 - - [08/Mar/2017:10:41:08 -0300] "POST /cormun/servlet/solicitudot?gx-no-cache=1488976936681 HTTP/1.1" 200 3172
186.103.132.155 - - [08/Mar/2017:10:41:08 -0300] "POST /cormun/servlet/solicitudot?7bced8b595bc9b2c19a200346027c598,INS,0,0,,gx-no-cache=1488976936950 HTTP/1.1" 200 9768
186.103.132.155 - - [08/Mar/2017:10:41:08 -0300] "GET /cormun/servlet/solicitudot?6c6cc43e7687d7d004cbbbaf00f75f4757c1b0a6f266d1e1330afbfda573c41d5cdba3d886eee2895804e67e518ab76d,gx-no-cache=1488976937265 HTTP/1.1" 200 30
186.103.132.155 - - [08/Mar/2017:10:41:13 -0300] "POST /cormun/servlet/solicitudot?gx-no-cache=1488976941827 HTTP/1.1" 200 255
186.103.132.155 - - [08/Mar/2017:10:41:13 -0300] "GET /cormun/servlet/solicitudot?6c6cc43e7687d7d004cbbbaf00f75f47930a55f8fadc5b27448c05ca63f73f6709470208101588c2b64a52e0e36b43670b1365bf840ef81e7f853612fea87014a7841cb26363eee96077851b586c3df04870dc8f08278e31636fee780581a93f7ee97e9a52149874916f4933c51d23e2b37cf281c342710d535bd48f481243ee779ee14e180eaca2727743731c228c534dc05ac2c274c4d3dff344be141e24cf1d59f6fff754cb03e9b3f59a4b71b12e2254055653f2bc33040e36a96d945a95b82b27cf14549913ffda8a7f011a31e41a0c6b63111fbd07762df4bfbcd9943f43617fe93e572f61ef8a4368cc25b2427a7327605847351557451902f0d9416a46c771707447c3473d2ca488187465b62acb235dacf1707e9f75f1576f825a3c99b0f706b73b94a2005ffcffdec1a0ed6d5b4a645c78437db1849cae7e497b8a555642f38f287d11d8dcd267de57d4480ef8df6205177298e9f9c8919e041e5c631ff132c196909450cd856db58416f6dab91be30fb4b4e59f3c2d36783f07dc,gx-no-cache=1488976941909 HTTP/1.1" 200 30
186.103.132.155 - - [08/Mar/2017:10:41:15 -0300] "POST /cormun/servlet/solicitudot?gx-no-cache=1488976943969 HTTP/1.1" 200 30
186.103.132.155 - - [08/Mar/2017:10:41:18 -0300] "POST /cormun/servlet/solicitudot?gx-no-cache=1488976947500 HTTP/1.1" 200 1291
186.103.132.155 - - [08/Mar/2017:10:41:19 -0300] "POST /cormun/servlet/solicitudot?gx-no-cache=1488976947607 HTTP/1.1" 200 38
186.103.132.155 - - [08/Mar/2017:10:41:24 -0300] "GET /cormun/servlet/solicitudot?6c6cc43e7687d7d004cbbbaf00f75f477abc2721404a886b5a06da54396447ea77ebc7c5dd7a43fd0363d722640b79b32e6946b5ef0585243fce2f1eee299664f92367e9f36bb2b1476b19636da01d3680f5c0be97050a6362e229d9e2e7e2fc33538b7f2c5e9fabe775b2b6b20049c09515943995ec86aea8b788140faaadf905b52912d15e03bd4ab3b7b748b731ee654c1e4311f3e51dfe48190b51fa678d,gx-no-cache=1488976952561 HTTP/1.1" 200 29
186.103.132.155 - - [08/Mar/2017:10:41:24 -0300] "POST /cormun/servlet/solicitudot?gx-no-cache=1488976952748 HTTP/1.1" 200 1274
186.103.132.155 - - [08/Mar/2017:10:41:24 -0300] "POST /cormun/servlet/solicitudot?gx-no-cache=1488976952933 HTTP/1.1" 200 1156
186.103.132.155 - - [08/Mar/2017:10:41:24 -0300] "GET /cormun/static/menuarrow.gif HTTP/1.1" 404 1015
186.103.132.155 - - [08/Mar/2017:10:41:26 -0300] "POST /cormun/servlet/solicitudot?gx-no-cache=1488976954616 HTTP/1.1" 200 1274
186.103.132.155 - - [08/Mar/2017:10:41:26 -0300] "POST /cormun/servlet/solicitudot?gx-no-cache=1488976954801 HTTP/1.1" 200 1156
186.103.132.155 - - [08/Mar/2017:10:41:44 -0300] "GET /cormun/servlet/solicitudot?6c6cc43e7687d7d004cbbbaf00f75f4769b32b56ea50e62829a3cca9cfa6166607bd399d2f38f36597a8e3aedb999889a62d0c3e0444c89cd6ed10c425d0ab2b936c3d3024d3fe7a7a138dcd8c55a6c54d89b5953b9c74c2247190053c63cf54437d70a0d8667e5cdc4efc68f91e9c9fc3f4329446837925db7c3e9e8718a9114792634a509e10d6454ae4e91fb9e322829031daf46dfba12b5d22821df9404790e66de9164a63de60932b3549c5a7de,gx-no-cache=1488976973337 HTTP/1.1" 200 30
186.103.132.155 - - [08/Mar/2017:10:41:54 -0300] "POST /cormun/servlet/solicitudot?7bced8b595bc9b2c19a200346027c598,INS,0,0,,gx-no-cache=1488976982577 HTTP/1.1" 200 93
186.103.132.155 - - [08/Mar/2017:10:41:54 -0300] "GET /cormun/servlet/hpexe_return? HTTP/1.1" 200 1000
186.103.132.155 - - [08/Mar/2017:10:41:54 -0300] "GET /cormun/servlet/trsolicitudot HTTP/1.1" 200 9488
186.103.132.155 - - [08/Mar/2017:10:41:55 -0300] "GET /cormun/servlet/trsolicitudot HTTP/1.1" 200 9483
192.168.10.62 - - [08/Mar/2017:10:41:56 -0300] "POST /cormun/servlet/trsolicitudgral?a66e9c7fc2e792a6381d94cb63048e7e,gx-no-cache=1488983799927 HTTP/1.1" 200 6994
192.168.10.62 - - [08/Mar/2017:10:42:04 -0300] "POST /cormun/servlet/trsolicitudgral?a66e9c7fc2e792a6381d94cb63048e7e,gx-no-cache=1488983807901 HTTP/1.1" 200 5171
192.168.10.62 - - [08/Mar/2017:10:42:04 -0300] "GET /cormun/static/Shared/jqueryui/images/ui-bg_highlight-soft_100_c6c2c8_1x100.png HTTP/1.1" 404 1117
192.168.10.62 - - [08/Mar/2017:10:42:04 -0300] "GET /cormun/static/Shared/jqueryui/images/ui-icons_82798d_256x240.png HTTP/1.1" 404 1089
192.168.10.62 - - [08/Mar/2017:10:42:04 -0300] "GET /cormun/static/Shared/jqueryui/images/ui-bg_flat_55_fafafa_40x100.png HTTP/1.1" 404 1097
192.168.10.62 - - [08/Mar/2017:10:42:04 -0300] "GET /cormun/static/Shared/jqueryui/images/ui-icons_8d78a5_256x240.png HTTP/1.1" 404 1089
186.103.132.155 - - [08/Mar/2017:10:42:07 -0300] "POST /cormun/servlet/trsolicitudot?7bced8b595bc9b2c19a200346027c598,gx-no-cache=1488976996212 HTTP/1.1" 200 104
186.103.132.155 - - [08/Mar/2017:10:42:08 -0300] "GET /cormun/servlet/solicitudot?UPD,2017,5317, HTTP/1.1" 200 14240
186.103.132.155 - - [08/Mar/2017:10:42:08 -0300] "GET /cormun/servlet/solicitudot?UPD,2017,5317, HTTP/1.1" 200 14249
186.103.132.155 - - [08/Mar/2017:10:42:09 -0300] "POST /cormun/servlet/solicitudot?gx-no-cache=1488976997759 HTTP/1.1" 200 3169
186.103.132.155 - - [08/Mar/2017:10:42:09 -0300] "POST /cormun/servlet/solicitudot?7bced8b595bc9b2c19a200346027c598,UPD,2017,5317,,gx-no-cache=1488976998041 HTTP/1.1" 200 10848
186.103.132.155 - - [08/Mar/2017:10:42:09 -0300] "GET /cormun/servlet/solicitudot?6c6cc43e7687d7d004cbbbaf00f75f47639efa6a932f438af7eb098fd671bcc539f78a54f89c54cc90435ac72edb2bcb,gx-no-cache=1488976998281 HTTP/1.1" 200 30
186.103.132.155 - - [08/Mar/2017:10:42:09 -0300] "POST /cormun/servlet/solicitudot?gx-no-cache=1488976998336 HTTP/1.1" 200 255
186.103.132.155 - - [08/Mar/2017:10:42:09 -0300] "GET /cormun/servlet/solicitudot?6c6cc43e7687d7d004cbbbaf00f75f47930a55f8fadc5b27448c05ca63f73f6709470208101588c2b64a52e0e36b43670b1365bf840ef81e7f853612fea87014a7841cb26363eee96077851b586c3df04870dc8f08278e31636fee780581a93f7ee97e9a52149874916f4933c51d23e2b37cf281c342710d535bd48f481243ee779ee14e180eaca2727743731c228c534dc05ac2c274c4d3dff344be141e24cf1d59f6fff754cb03e9b3f59a4b71b12e2254055653f2bc33040e36a96d945a95b82b27cf14549913ffda8a7f011a31e41a0c6b63111fbd07762df4bfbcd9943f43617fe93e572f61ef8a4368cc25b2427a7327605847351557451902f0d9416a46c771707447c3473d2ca488187465b62acb235dacf1707e9f75f1576f825a3c99b0f706b73b94a2005ffcffdec1a0ed6d5b4a645c78437db1849cae7e497b8a555642f38f287d11d8dcd267de57d4480ef8df6205177298e9f9c8919e041e5c631ff132c196909450cd856db58416f6dbf75c3db2fa50ef6181e2f8ebcfd579,gx-no-cache=1488976998397 HTTP/1.1" 200 30
186.103.132.155 - - [08/Mar/2017:10:42:09 -0300] "POST /cormun/servlet/solicitudot?gx-no-cache=1488976998448 HTTP/1.1" 200 30
186.103.132.155 - - [08/Mar/2017:10:42:09 -0300] "POST /cormun/servlet/solicitudot?gx-no-cache=1488976998509 HTTP/1.1" 200 1292
186.103.132.155 - - [08/Mar/2017:10:42:09 -0300] "POST /cormun/servlet/solicitudot?gx-no-cache=1488976998582 HTTP/1.1" 200 41
186.103.132.155 - - [08/Mar/2017:10:42:20 -0300] "GET /cormun/servlet/solicitudot?6c6cc43e7687d7d004cbbbaf00f75f47881832861fe32c8783d4564f0849220d374eb899a438e0321cc3d65a1c35a351a43b5cc5ae4cd5b468586e0b7bebbbd7dfe68e93375b0e272b057c78dc4e10e5bff25a768f342da56d8d9496ebb6899be639aa08bf460816e5c73654b659e2dde9d66a651da7509c1841be97197b28173c33da804a6bcf0ed9418c8e319a699864c761633267fa37c15d984bc08a8640,gx-no-cache=1488977009066 HTTP/1.1" 200 29
186.103.132.155 - - [08/Mar/2017:10:42:20 -0300] "POST /cormun/servlet/solicitudot?gx-no-cache=1488977009228 HTTP/1.1" 200 1275
186.103.132.155 - - [08/Mar/2017:10:42:20 -0300] "POST /cormun/servlet/solicitudot?gx-no-cache=1488977009506 HTTP/1.1" 200 1158
186.103.132.155 - - [08/Mar/2017:10:42:21 -0300] "GET /cormun/servlet/solicitudot?6c6cc43e7687d7d004cbbbaf00f75f478d0cadb433f7eb12f03068a8e1435caf9ad7ee079b945d3766bcc958611dc167026e99e70318c85c5a862aedde4ae83d253f4d24da0d9e695a8e2cc6722192c786e699c306b5b72e1566a438ab111972927d4374ee7caa6c75fe82398120604623a9c77d9d55dc8a723a271ad762d1dff13eda27a655a6d618249b1bb5613623cb08763919a1cab3c644a1df4204a7f81079291f1f4617b7ec542ee586d4dfe4,gx-no-cache=1488977009600 HTTP/1.1" 200 30
186.103.132.155 - - [08/Mar/2017:10:42:21 -0300] "POST /cormun/servlet/solicitudot?7bced8b595bc9b2c19a200346027c598,UPD,2017,5317,,gx-no-cache=1488977009716 HTTP/1.1" 200 93
186.103.132.155 - - [08/Mar/2017:10:42:21 -0300] "GET /cormun/servlet/hpexe_return? HTTP/1.1" 200 1005
186.103.132.155 - - [08/Mar/2017:10:42:21 -0300] "GET /cormun/servlet/trsolicitudot HTTP/1.1" 200 9488
186.103.132.155 - - [08/Mar/2017:10:42:22 -0300] "GET /cormun/servlet/trsolicitudot HTTP/1.1" 200 9483
186.103.132.155 - - [08/Mar/2017:10:42:33 -0300] "GET /cormun/servlet/solicitudot?INS,0,0, HTTP/1.1" 200 12587
186.103.132.155 - - [08/Mar/2017:10:42:34 -0300] "GET /cormun/servlet/solicitudot?INS,0,0, HTTP/1.1" 200 12592
186.103.132.155 - - [08/Mar/2017:10:42:45 -0300] "GET /cormun/servlet/prfichaempleado?,MD,,gxPopupLevel%3D0%3B HTTP/1.1" 200 8845
186.103.132.155 - - [08/Mar/2017:10:43:26 -0300] "POST /cormun/servlet/prfichaempleado?7bced8b595bc9b2c19a200346027c598,,MD,,gxPopupLevel%3D0%3B,gx-no-cache=1488977075290 HTTP/1.1" 200 3397
186.103.132.155 - - [08/Mar/2017:10:43:30 -0300] "POST /cormun/servlet/solicitudot?gx-no-cache=1488977078798 HTTP/1.1" 200 3185
186.103.132.155 - - [08/Mar/2017:10:43:30 -0300] "POST /cormun/servlet/solicitudot?7bced8b595bc9b2c19a200346027c598,INS,0,0,,gx-no-cache=1488977079068 HTTP/1.1" 200 9773
186.103.132.155 - - [08/Mar/2017:10:43:30 -0300] "GET /cormun/servlet/solicitudot?6c6cc43e7687d7d004cbbbaf00f75f4788230392d25d93aea0ae6477d8573533340921a73c68967d74c0ff07bbf73d7b,gx-no-cache=1488977079417 HTTP/1.1" 200 30
186.103.132.155 - - [08/Mar/2017:10:43:37 -0300] "POST /cormun/servlet/solicitudot?gx-no-cache=1488977085637 HTTP/1.1" 200 255
186.103.132.155 - - [08/Mar/2017:10:43:37 -0300] "GET /cormun/servlet/solicitudot?6c6cc43e7687d7d004cbbbaf00f75f47930a55f8fadc5b27448c05ca63f73f6709470208101588c2b64a52e0e36b43670b1365bf840ef81e7f853612fea87014a7841cb26363eee96077851b586c3df04870dc8f08278e31636fee780581a93f7ee97e9a52149874916f4933c51d23e2b37cf281c342710d535bd48f481243ee779ee14e180eaca2727743731c228c534dc05ac2c274c4d3dff344be141e24cf1d59f6fff754cb03e9b3f59a4b71b12e2254055653f2bc33040e36a96d945a95b82b27cf14549913ffda8a7f011a31e41a0c6b63111fbd07762df4bfbcd9943f43617fe93e572f61ef8a4368cc25b2427a7327605847351557451902f0d9416a46c771707447c3473d2ca488187465b62acb235dacf1707e9f75f1576f825a3c99b0f706b73b94a2005ffcffdec1a0ed6d5b4a645c78437db1849cae7e497b8a555642f38f287d11d8dcd267de57d4480ef8df6205177298e9f9c8919e041e5c631ff132c196909450cd856db58416f6dab91be30fb4b4e59f3c2d36783f07dc,gx-no-cache=1488977085708 HTTP/1.1" 200 30
186.103.132.155 - - [08/Mar/2017:10:43:38 -0300] "POST /cormun/servlet/solicitudot?gx-no-cache=1488977087305 HTTP/1.1" 200 30
186.103.132.155 - - [08/Mar/2017:10:43:41 -0300] "POST /cormun/servlet/solicitudot?gx-no-cache=1488977089631 HTTP/1.1" 200 1291
186.103.132.155 - - [08/Mar/2017:10:43:41 -0300] "POST /cormun/servlet/solicitudot?gx-no-cache=1488977089722 HTTP/1.1" 200 38
186.103.132.155 - - [08/Mar/2017:10:43:45 -0300] "GET /cormun/servlet/solicitudot?6c6cc43e7687d7d004cbbbaf00f75f477abc2721404a886b5a06da54396447ea77ebc7c5dd7a43fd0363d722640b79b32e6946b5ef0585243fce2f1eee299664f92367e9f36bb2b1476b19636da01d3680f5c0be97050a6362e229d9e2e7e2fc33538b7f2c5e9fabe775b2b6b20049c09515943995ec86aea8b788140faaadf905b52912d15e03bd4ab3b7b748b731ee654c1e4311f3e51dfe48190b51fa678d,gx-no-cache=1488977093886 HTTP/1.1" 200 29
186.103.132.155 - - [08/Mar/2017:10:43:45 -0300] "POST /cormun/servlet/solicitudot?gx-no-cache=1488977093950 HTTP/1.1" 200 1274
186.103.132.155 - - [08/Mar/2017:10:43:45 -0300] "POST /cormun/servlet/solicitudot?gx-no-cache=1488977094026 HTTP/1.1" 200 1156
186.103.132.155 - - [08/Mar/2017:10:43:45 -0300] "GET /cormun/static/menuarrow.gif HTTP/1.1" 404 1015
186.103.132.155 - - [08/Mar/2017:10:43:46 -0300] "POST /cormun/servlet/solicitudot?gx-no-cache=1488977095322 HTTP/1.1" 200 1274
186.103.132.155 - - [08/Mar/2017:10:43:46 -0300] "POST /cormun/servlet/solicitudot?gx-no-cache=1488977095412 HTTP/1.1" 200 1156
186.103.132.155 - - [08/Mar/2017:10:44:06 -0300] "GET /cormun/servlet/solicitudot?6c6cc43e7687d7d004cbbbaf00f75f4769d7d6555833960c16a82b779aea465a9ad7ee079b945d3766bcc958611dc167026e99e70318c85c5a862aedde4ae83d253f4d24da0d9e695a8e2cc6722192c786e699c306b5b72e1566a438ab111972927d4374ee7caa6c75fe82398120604623a9c77d9d55dc8a723a271ad762d1dff13eda27a655a6d618249b1bb56136239dfa73f62c8b7aec19828455203e656d0ef909af1cb475a033595f8ac09d8467,gx-no-cache=1488977115345 HTTP/1.1" 200 30
186.103.132.155 - - [08/Mar/2017:10:44:15 -0300] "POST /cormun/servlet/solicitudot?7bced8b595bc9b2c19a200346027c598,INS,0,0,,gx-no-cache=1488977124328 HTTP/1.1" 200 93
186.103.132.155 - - [08/Mar/2017:10:44:16 -0300] "GET /cormun/servlet/hpexe_return? HTTP/1.1" 200 1000
186.103.132.155 - - [08/Mar/2017:10:44:16 -0300] "GET /cormun/servlet/trsolicitudot HTTP/1.1" 200 9805
186.103.132.155 - - [08/Mar/2017:10:44:17 -0300] "GET /cormun/servlet/trsolicitudot HTTP/1.1" 200 9800
186.103.132.155 - - [08/Mar/2017:10:44:20 -0300] "GET /cormun/servlet/solicitudot?INS,0,0, HTTP/1.1" 200 12589
186.103.132.155 - - [08/Mar/2017:10:44:20 -0300] "GET /cormun/servlet/solicitudot?INS,0,0, HTTP/1.1" 200 12594
186.103.132.155 - - [08/Mar/2017:10:44:33 -0300] "GET /cormun/servlet/prfichaempleado?,MD,,gxPopupLevel%3D0%3B HTTP/1.1" 200 8845
186.103.132.155 - - [08/Mar/2017:10:44:49 -0300] "POST /cormun/servlet/prfichaempleado?7bced8b595bc9b2c19a200346027c598,,MD,,gxPopupLevel%3D0%3B,gx-no-cache=1488977158003 HTTP/1.1" 200 3453
186.103.132.155 - - [08/Mar/2017:10:45:03 -0300] "POST /cormun/servlet/solicitudot?gx-no-cache=1488977172024 HTTP/1.1" 200 3162
186.103.132.155 - - [08/Mar/2017:10:45:03 -0300] "POST /cormun/servlet/solicitudot?7bced8b595bc9b2c19a200346027c598,INS,0,0,,gx-no-cache=1488977172247 HTTP/1.1" 200 9767
186.103.132.155 - - [08/Mar/2017:10:45:03 -0300] "GET /cormun/servlet/solicitudot?6c6cc43e7687d7d004cbbbaf00f75f474a8fdb8f5d36f6a3711c3f4eb3a3f06f340921a73c68967d74c0ff07bbf73d7b,gx-no-cache=1488977172519 HTTP/1.1" 200 30
186.103.159.44 - - [08/Mar/2017:10:45:32 -0300] "GET /cormun/servlet/hlogin HTTP/1.1" 200 1724
186.103.159.44 - - [08/Mar/2017:10:45:32 -0300] "GET /cormun/static/Resources/Spanish/PXTools.css?167811 HTTP/1.1" 304 -
186.103.159.44 - - [08/Mar/2017:10:45:32 -0300] "GET /cormun/static/gxtimezone.js?85251 HTTP/1.1" 304 -
186.103.159.44 - - [08/Mar/2017:10:45:32 -0300] "GET /cormun/static/gxgral.js?85251 HTTP/1.1" 304 -
186.103.159.44 - - [08/Mar/2017:10:45:32 -0300] "GET /cormun/static/gxcfg.js?201612216162538 HTTP/1.1" 304 -
186.103.159.44 - - [08/Mar/2017:10:45:32 -0300] "GET /cormun/static/Resources/ComunLogin.png HTTP/1.1" 304 -
186.103.159.44 - - [08/Mar/2017:10:45:32 -0300] "GET /cormun/static/messages.spa.js?85251 HTTP/1.1" 304 -
186.103.159.44 - - [08/Mar/2017:10:45:32 -0300] "GET /cormun/static/hlogin.js?201612216162555 HTTP/1.1" 304 -
186.103.159.44 - - [08/Mar/2017:10:45:33 -0300] "GET /cormun/static/Resources/PXToolsLoginTop.png HTTP/1.1" 304 -
186.103.159.44 - - [08/Mar/2017:10:45:33 -0300] "GET /cormun/static/Resources/PXToolsLoginBackground.png HTTP/1.1" 304 -
186.103.159.44 - - [08/Mar/2017:10:45:33 -0300] "GET /cormun/static/Resources/PXToolsButtonLeft21.png HTTP/1.1" 304 -
186.103.159.44 - - [08/Mar/2017:10:45:33 -0300] "GET /cormun/static/Resources/PXToolsButtonRight21.png HTTP/1.1" 304 -
186.103.159.44 - - [08/Mar/2017:10:45:33 -0300] "GET /cormun/static/Resources/PXToolsButtonBackground2.png HTTP/1.1" 304 -
186.103.159.44 - - [08/Mar/2017:10:45:33 -0300] "GET /cormun/static/Resources/PXToolsLoginBottom.png HTTP/1.1" 304 -
186.103.159.44 - - [08/Mar/2017:10:45:33 -0300] "GET /cormun/static/Resources/indicator.gif HTTP/1.1" 304 -
186.103.132.155 - - [08/Mar/2017:10:45:58 -0300] "POST /cormun/servlet/solicitudot?gx-no-cache=1488977227382 HTTP/1.1" 200 255
186.103.132.155 - - [08/Mar/2017:10:45:58 -0300] "GET /cormun/servlet/solicitudot?6c6cc43e7687d7d004cbbbaf00f75f47930a55f8fadc5b27448c05ca63f73f6709470208101588c2b64a52e0e36b43670b1365bf840ef81e7f853612fea87014a7841cb26363eee96077851b586c3df04870dc8f08278e31636fee780581a93f7ee97e9a52149874916f4933c51d23e2b37cf281c342710d535bd48f481243ee779ee14e180eaca2727743731c228c534dc05ac2c274c4d3dff344be141e24cf1d59f6fff754cb03e9b3f59a4b71b12e2254055653f2bc33040e36a96d945a95b82b27cf14549913ffda8a7f011a31e41a0c6b63111fbd07762df4bfbcd9943f43617fe93e572f61ef8a4368cc25b2427a7327605847351557451902f0d9416a46c771707447c3473d2ca488187465b62acb235dacf1707e9f75f1576f825a3c99b0f706b73b94a2005ffcffdec1a0ed6d5b4a645c78437db1849cae7e497b8a555642f38f287d11d8dcd267de57d4480ef8df6205177298e9f9c8919e041e5c631ff132c196909450cd856db58416f6dab91be30fb4b4e59f3c2d36783f07dc,gx-no-cache=1488977227478 HTTP/1.1" 200 30
186.103.132.155 - - [08/Mar/2017:10:45:58 -0300] "POST /cormun/servlet/solicitudot?gx-no-cache=1488977227523 HTTP/1.1" 200 30
186.103.132.155 - - [08/Mar/2017:10:45:58 -0300] "POST /cormun/servlet/solicitudot?gx-no-cache=1488977227590 HTTP/1.1" 200 1291
186.103.132.155 - - [08/Mar/2017:10:45:59 -0300] "POST /cormun/servlet/solicitudot?gx-no-cache=1488977227674 HTTP/1.1" 200 38
186.103.132.155 - - [08/Mar/2017:10:46:04 -0300] "POST /cormun/servlet/solicitudot?gx-no-cache=1488977232590 HTTP/1.1" 200 30
186.103.159.44 - - [08/Mar/2017:10:46:05 -0300] "POST /cormun/servlet/hlogin?903ac5fb65bdda01d19d4725d222f26b,gx-no-cache=1488980831199 HTTP/1.1" 200 90
186.103.159.44 - - [08/Mar/2017:10:46:05 -0300] "GET /cormun/servlet/hpexe_link HTTP/1.1" 200 957
186.103.132.155 - - [08/Mar/2017:10:46:05 -0300] "POST /cormun/servlet/solicitudot?gx-no-cache=1488977234383 HTTP/1.1" 200 1291
186.103.132.155 - - [08/Mar/2017:10:46:06 -0300] "POST /cormun/servlet/solicitudot?gx-no-cache=1488977234535 HTTP/1.1" 200 38
186.103.159.44 - - [08/Mar/2017:10:46:06 -0300] "GET /cormun/servlet/hhome HTTP/1.1" 200 3774
186.103.132.155 - - [08/Mar/2017:10:46:09 -0300] "GET /cormun/servlet/solicitudot?6c6cc43e7687d7d004cbbbaf00f75f477abc2721404a886b5a06da54396447ea77ebc7c5dd7a43fd0363d722640b79b32e6946b5ef0585243fce2f1eee299664f92367e9f36bb2b1476b19636da01d3680f5c0be97050a6362e229d9e2e7e2fc33538b7f2c5e9fabe775b2b6b20049c09515943995ec86aea8b788140faaadf905b52912d15e03bd4ab3b7b748b731ee654c1e4311f3e51dfe48190b51fa678d,gx-no-cache=1488977238184 HTTP/1.1" 200 29
186.103.132.155 - - [08/Mar/2017:10:46:09 -0300] "POST /cormun/servlet/solicitudot?gx-no-cache=1488977238275 HTTP/1.1" 200 1274
186.103.132.155 - - [08/Mar/2017:10:46:09 -0300] "POST /cormun/servlet/solicitudot?gx-no-cache=1488977238406 HTTP/1.1" 200 1156
186.103.132.155 - - [08/Mar/2017:10:46:09 -0300] "GET /cormun/static/menuarrow.gif HTTP/1.1" 404 1015
186.103.132.155 - - [08/Mar/2017:10:46:11 -0300] "POST /cormun/servlet/solicitudot?gx-no-cache=1488977240095 HTTP/1.1" 200 1274
186.103.132.155 - - [08/Mar/2017:10:46:11 -0300] "POST /cormun/servlet/solicitudot?gx-no-cache=1488977240298 HTTP/1.1" 200 1156
186.103.159.44 - - [08/Mar/2017:10:46:16 -0300] "GET /cormun/servlet/trlicencias? HTTP/1.1" 200 6613
186.103.132.155 - - [08/Mar/2017:10:46:19 -0300] "GET /cormun/servlet/solicitudot?6c6cc43e7687d7d004cbbbaf00f75f47e524866f9631b5630d343098e3e4ea919ad7ee079b945d3766bcc958611dc167026e99e70318c85c5a862aedde4ae83d253f4d24da0d9e695a8e2cc6722192c786e699c306b5b72e1566a438ab111972927d4374ee7caa6c75fe82398120604623a9c77d9d55dc8a723a271ad762d1dff13eda27a655a6d618249b1bb5613623a60407f87aee488620155ac8bd8ac3891079291f1f4617b7ec542ee586d4dfe4,gx-no-cache=1488977248496 HTTP/1.1" 200 30
186.103.132.155 - - [08/Mar/2017:10:46:29 -0300] "POST /cormun/servlet/solicitudot?7bced8b595bc9b2c19a200346027c598,INS,0,0,,gx-no-cache=1488977257581 HTTP/1.1" 200 93
186.103.132.155 - - [08/Mar/2017:10:46:29 -0300] "GET /cormun/servlet/hpexe_return? HTTP/1.1" 200 1000
186.103.132.155 - - [08/Mar/2017:10:46:29 -0300] "GET /cormun/servlet/trsolicitudot HTTP/1.1" 200 10153
186.103.132.155 - - [08/Mar/2017:10:46:30 -0300] "GET /cormun/servlet/trsolicitudot HTTP/1.1" 200 10149
186.103.132.155 - - [08/Mar/2017:10:46:37 -0300] "GET /cormun/servlet/solicitudot?INS,0,0, HTTP/1.1" 200 12588
186.103.132.155 - - [08/Mar/2017:10:46:37 -0300] "GET /cormun/servlet/solicitudot?INS,0,0, HTTP/1.1" 200 12593
186.79.146.0 - - [08/Mar/2017:10:46:37 -0300] "POST /cormun/servlet/hlogin?7c3306fa0bba79f8c18a0d630e8ec974,gx-no-cache=1488980729249 HTTP/1.1" 200 90
186.79.146.0 - - [08/Mar/2017:10:46:37 -0300] "GET /cormun/servlet/hpexe_link HTTP/1.1" 200 946
186.79.146.0 - - [08/Mar/2017:10:46:38 -0300] "GET /cormun/servlet/hhome HTTP/1.1" 200 3777
186.79.146.0 - - [08/Mar/2017:10:46:39 -0300] "GET /cormun/servlet/hhome HTTP/1.1" 200 3774
186.79.146.0 - - [08/Mar/2017:10:46:45 -0300] "GET /cormun/servlet/trvisualizadoreventos? HTTP/1.1" 200 8421
186.103.132.155 - - [08/Mar/2017:10:46:46 -0300] "GET /cormun/servlet/prfichaempleado?,MD,,gxPopupLevel%3D0%3B HTTP/1.1" 200 8845
186.79.146.0 - - [08/Mar/2017:10:46:46 -0300] "GET /cormun/servlet/trvisualizadoreventos? HTTP/1.1" 200 8420
186.79.146.0 - - [08/Mar/2017:10:46:52 -0300] "POST /cormun/servlet/trvisualizadoreventos?7c3306fa0bba79f8c18a0d630e8ec974,,gx-no-cache=1488980744251 HTTP/1.1" 200 3759
207.46.13.253 - - [08/Mar/2017:10:46:56 -0300] "GET /robots.txt HTTP/1.1" 404 981
186.103.132.155 - - [08/Mar/2017:10:46:57 -0300] "POST /cormun/servlet/prfichaempleado?7bced8b595bc9b2c19a200346027c598,,MD,,gxPopupLevel%3D0%3B,gx-no-cache=1488977285784 HTTP/1.1" 200 3452
186.79.146.0 - - [08/Mar/2017:10:47:02 -0300] "POST /cormun/servlet/trvisualizadoreventos?7c3306fa0bba79f8c18a0d630e8ec974,,gx-no-cache=1488980754076 HTTP/1.1" 200 5003
186.103.132.155 - - [08/Mar/2017:10:47:14 -0300] "POST /cormun/servlet/prfichaempleado?7bced8b595bc9b2c19a200346027c598,,MD,,gxPopupLevel%3D0%3B,gx-no-cache=1488977303287 HTTP/1.1" 200 3393
157.55.39.43 - - [08/Mar/2017:10:47:22 -0300] "GET /cormun/servlet/hpexe_link HTTP/1.1" 200 994
186.103.132.155 - - [08/Mar/2017:10:47:22 -0300] "POST /cormun/servlet/solicitudot?gx-no-cache=1488977311198 HTTP/1.1" 200 3193
186.103.132.155 - - [08/Mar/2017:10:47:22 -0300] "POST /cormun/servlet/solicitudot?7bced8b595bc9b2c19a200346027c598,INS,0,0,,gx-no-cache=1488977311470 HTTP/1.1" 200 9786
186.103.132.155 - - [08/Mar/2017:10:47:23 -0300] "GET /cormun/servlet/solicitudot?6c6cc43e7687d7d004cbbbaf00f75f47a4e9ac973668e68f15cd2e81341536895cdba3d886eee2895804e67e518ab76d,gx-no-cache=1488977311721 HTTP/1.1" 200 30
186.103.132.155 - - [08/Mar/2017:10:47:27 -0300] "POST /cormun/servlet/solicitudot?gx-no-cache=1488977315790 HTTP/1.1" 200 255
186.103.132.155 - - [08/Mar/2017:10:47:27 -0300] "GET /cormun/servlet/solicitudot?6c6cc43e7687d7d004cbbbaf00f75f47930a55f8fadc5b27448c05ca63f73f6709470208101588c2b64a52e0e36b43670b1365bf840ef81e7f853612fea87014a7841cb26363eee96077851b586c3df04870dc8f08278e31636fee780581a93f7ee97e9a52149874916f4933c51d23e2b37cf281c342710d535bd48f481243ee779ee14e180eaca2727743731c228c534dc05ac2c274c4d3dff344be141e24cf1d59f6fff754cb03e9b3f59a4b71b12e2254055653f2bc33040e36a96d945a95b82b27cf14549913ffda8a7f011a31e41a0c6b63111fbd07762df4bfbcd9943f43617fe93e572f61ef8a4368cc25b2427a7327605847351557451902f0d9416a46c771707447c3473d2ca488187465b62acb235dacf1707e9f75f1576f825a3c99b0f706b73b94a2005ffcffdec1a0ed6d5b4a645c78437db1849cae7e497b8a555642f38f287d11d8dcd267de57d4480ef8df6205177298e9f9c8919e041e5c631ff132c196909450cd856db58416f6dab91be30fb4b4e59f3c2d36783f07dc,gx-no-cache=1488977315843 HTTP/1.1" 200 30
186.103.132.155 - - [08/Mar/2017:10:47:28 -0300] "POST /cormun/servlet/solicitudot?gx-no-cache=1488977317023 HTTP/1.1" 200 30
186.103.132.155 - - [08/Mar/2017:10:47:30 -0300] "POST /cormun/servlet/solicitudot?gx-no-cache=1488977318832 HTTP/1.1" 200 1291
186.103.132.155 - - [08/Mar/2017:10:47:30 -0300] "POST /cormun/servlet/solicitudot?gx-no-cache=1488977318981 HTTP/1.1" 200 38
186.103.132.155 - - [08/Mar/2017:10:47:40 -0300] "GET /cormun/servlet/solicitudot?6c6cc43e7687d7d004cbbbaf00f75f477abc2721404a886b5a06da54396447ea77ebc7c5dd7a43fd0363d722640b79b32e6946b5ef0585243fce2f1eee299664f92367e9f36bb2b1476b19636da01d3680f5c0be97050a6362e229d9e2e7e2fc33538b7f2c5e9fabe775b2b6b20049c09515943995ec86aea8b788140faaadf905b52912d15e03bd4ab3b7b748b731ee654c1e4311f3e51dfe48190b51fa678d,gx-no-cache=1488977328703 HTTP/1.1" 200 29
186.103.132.155 - - [08/Mar/2017:10:47:40 -0300] "POST /cormun/servlet/solicitudot?gx-no-cache=1488977328765 HTTP/1.1" 200 1275
186.103.132.155 - - [08/Mar/2017:10:47:40 -0300] "POST /cormun/servlet/solicitudot?gx-no-cache=1488977328892 HTTP/1.1" 200 1157
186.103.132.155 - - [08/Mar/2017:10:47:40 -0300] "GET /cormun/static/menuarrow.gif HTTP/1.1" 404 1015
186.103.132.155 - - [08/Mar/2017:10:47:43 -0300] "POST /cormun/servlet/solicitudot?gx-no-cache=1488977331755 HTTP/1.1" 200 1275
186.103.132.155 - - [08/Mar/2017:10:47:43 -0300] "POST /cormun/servlet/solicitudot?gx-no-cache=1488977331895 HTTP/1.1" 200 1157
186.103.132.155 - - [08/Mar/2017:10:47:56 -0300] "GET /cormun/servlet/solicitudot?6c6cc43e7687d7d004cbbbaf00f75f479413bc7b5ec4475964a3ce8110011a7bfc22ab20a8038ee42f49dfee575ce059a62d0c3e0444c89cd6ed10c425d0ab2b936c3d3024d3fe7a7a138dcd8c55a6c54d89b5953b9c74c2247190053c63cf54437d70a0d8667e5cdc4efc68f91e9c9fc3f4329446837925db7c3e9e8718a9114792634a509e10d6454ae4e91fb9e322829031daf46dfba12b5d22821df9404790e66de9164a63de60932b3549c5a7de,gx-no-cache=1488977344889 HTTP/1.1" 200 30
186.79.146.0 - - [08/Mar/2017:10:48:05 -0300] "POST /cormun/servlet/trvisualizadoreventos?7c3306fa0bba79f8c18a0d630e8ec974,,gx-no-cache=1488980816686 HTTP/1.1" 200 4396
186.103.132.155 - - [08/Mar/2017:10:48:18 -0300] "POST /cormun/servlet/solicitudot?7bced8b595bc9b2c19a200346027c598,INS,0,0,,gx-no-cache=1488977366265 HTTP/1.1" 200 93
186.103.132.155 - - [08/Mar/2017:10:48:18 -0300] "GET /cormun/servlet/hpexe_return? HTTP/1.1" 200 1000
186.103.132.155 - - [08/Mar/2017:10:48:18 -0300] "GET /cormun/servlet/trsolicitudot HTTP/1.1" 200 10506
186.103.132.155 - - [08/Mar/2017:10:48:19 -0300] "GET /cormun/servlet/trsolicitudot HTTP/1.1" 200 10501
186.103.132.155 - - [08/Mar/2017:10:48:40 -0300] "GET /cormun/servlet/solicitudot?INS,0,0, HTTP/1.1" 200 12589
186.103.132.155 - - [08/Mar/2017:10:48:40 -0300] "GET /cormun/servlet/solicitudot?INS,0,0, HTTP/1.1" 200 12594
186.103.132.155 - - [08/Mar/2017:10:48:50 -0300] "GET /cormun/servlet/prfichaempleado?,MD,,gxPopupLevel%3D0%3B HTTP/1.1" 200 8845
186.103.132.155 - - [08/Mar/2017:10:49:06 -0300] "POST /cormun/servlet/prfichaempleado?7bced8b595bc9b2c19a200346027c598,,MD,,gxPopupLevel%3D0%3B,gx-no-cache=1488977415055 HTTP/1.1" 200 3457
186.103.132.155 - - [08/Mar/2017:10:49:16 -0300] "POST /cormun/servlet/solicitudot?gx-no-cache=1488977425368 HTTP/1.1" 200 3186
186.103.132.155 - - [08/Mar/2017:10:49:17 -0300] "POST /cormun/servlet/solicitudot?7bced8b595bc9b2c19a200346027c598,INS,0,0,,gx-no-cache=1488977425718 HTTP/1.1" 200 9780
186.103.132.155 - - [08/Mar/2017:10:49:17 -0300] "GET /cormun/servlet/solicitudot?6c6cc43e7687d7d004cbbbaf00f75f477b5a823fc5ef99e94045f019f8a258af5cdba3d886eee2895804e67e518ab76d,gx-no-cache=1488977426186 HTTP/1.1" 200 30
186.103.132.155 - - [08/Mar/2017:10:49:20 -0300] "POST /cormun/servlet/solicitudot?gx-no-cache=1488977429383 HTTP/1.1" 200 255
186.103.132.155 - - [08/Mar/2017:10:49:20 -0300] "GET /cormun/servlet/solicitudot?6c6cc43e7687d7d004cbbbaf00f75f47930a55f8fadc5b27448c05ca63f73f6709470208101588c2b64a52e0e36b43670b1365bf840ef81e7f853612fea87014a7841cb26363eee96077851b586c3df04870dc8f08278e31636fee780581a93f7ee97e9a52149874916f4933c51d23e2b37cf281c342710d535bd48f481243ee779ee14e180eaca2727743731c228c534dc05ac2c274c4d3dff344be141e24cf1d59f6fff754cb03e9b3f59a4b71b12e2254055653f2bc33040e36a96d945a95b82b27cf14549913ffda8a7f011a31e41a0c6b63111fbd07762df4bfbcd9943f43617fe93e572f61ef8a4368cc25b2427a7327605847351557451902f0d9416a46c771707447c3473d2ca488187465b62acb235dacf1707e9f75f1576f825a3c99b0f706b73b94a2005ffcffdec1a0ed6d5b4a645c78437db1849cae7e497b8a555642f38f287d11d8dcd267de57d4480ef8df6205177298e9f9c8919e041e5c631ff132c196909450cd856db58416f6dab91be30fb4b4e59f3c2d36783f07dc,gx-no-cache=1488977429471 HTTP/1.1" 200 30
186.103.132.155 - - [08/Mar/2017:10:49:22 -0300] "POST /cormun/servlet/solicitudot?gx-no-cache=1488977430831 HTTP/1.1" 200 30
186.103.132.155 - - [08/Mar/2017:10:49:24 -0300] "POST /cormun/servlet/solicitudot?gx-no-cache=1488977433357 HTTP/1.1" 200 1291
186.103.132.155 - - [08/Mar/2017:10:49:24 -0300] "POST /cormun/servlet/solicitudot?gx-no-cache=1488977433539 HTTP/1.1" 200 38
186.103.132.155 - - [08/Mar/2017:10:49:34 -0300] "GET /cormun/servlet/solicitudot?6c6cc43e7687d7d004cbbbaf00f75f477abc2721404a886b5a06da54396447ea77ebc7c5dd7a43fd0363d722640b79b32e6946b5ef0585243fce2f1eee299664f92367e9f36bb2b1476b19636da01d3680f5c0be97050a6362e229d9e2e7e2fc33538b7f2c5e9fabe775b2b6b20049c09515943995ec86aea8b788140faaadf905b52912d15e03bd4ab3b7b748b731ee654c1e4311f3e51dfe48190b51fa678d,gx-no-cache=1488977443592 HTTP/1.1" 200 29
186.103.132.155 - - [08/Mar/2017:10:49:35 -0300] "POST /cormun/servlet/solicitudot?gx-no-cache=1488977443669 HTTP/1.1" 200 1274
186.103.132.155 - - [08/Mar/2017:10:49:35 -0300] "POST /cormun/servlet/solicitudot?gx-no-cache=1488977443820 HTTP/1.1" 200 1156
186.103.132.155 - - [08/Mar/2017:10:49:35 -0300] "GET /cormun/static/menuarrow.gif HTTP/1.1" 404 1015
186.103.132.155 - - [08/Mar/2017:10:49:37 -0300] "POST /cormun/servlet/solicitudot?gx-no-cache=1488977446039 HTTP/1.1" 200 1274
186.103.132.155 - - [08/Mar/2017:10:49:37 -0300] "POST /cormun/servlet/solicitudot?gx-no-cache=1488977446224 HTTP/1.1" 200 1156
192.168.10.89 - - [08/Mar/2017:10:49:44 -0300] "GET /cormun/servlet/trlicenciasgenerales? HTTP/1.1" 200 16703
192.168.10.89 - - [08/Mar/2017:10:49:44 -0300] "GET /cormun/static/gxcfg.js?2016122619302770 HTTP/1.1" 304 -
192.168.10.89 - - [08/Mar/2017:10:49:44 -0300] "GET /cormun/static/trlicenciasgenerales.js?2016122619303217 HTTP/1.1" 304 -
186.103.132.155 - - [08/Mar/2017:10:49:46 -0300] "GET /cormun/servlet/solicitudot?6c6cc43e7687d7d004cbbbaf00f75f47c50e565fc58db76f70f8afc7a208acc9fc22ab20a8038ee42f49dfee575ce059a62d0c3e0444c89cd6ed10c425d0ab2b936c3d3024d3fe7a7a138dcd8c55a6c54d89b5953b9c74c2247190053c63cf54437d70a0d8667e5cdc4efc68f91e9c9fc3f4329446837925db7c3e9e8718a9114792634a509e10d6454ae4e91fb9e322829031daf46dfba12b5d22821df9404790e66de9164a63de60932b3549c5a7de,gx-no-cache=1488977455103 HTTP/1.1" 200 30
186.103.132.155 - - [08/Mar/2017:10:49:56 -0300] "POST /cormun/servlet/solicitudot?7bced8b595bc9b2c19a200346027c598,INS,0,0,,gx-no-cache=1488977464989 HTTP/1.1" 200 93
186.103.132.155 - - [08/Mar/2017:10:49:56 -0300] "GET /cormun/servlet/hpexe_return? HTTP/1.1" 200 1000
186.103.132.155 - - [08/Mar/2017:10:49:57 -0300] "GET /cormun/servlet/trsolicitudot HTTP/1.1" 200 10901
186.103.132.155 - - [08/Mar/2017:10:49:57 -0300] "GET /cormun/servlet/trsolicitudot HTTP/1.1" 200 10896
186.103.132.155 - - [08/Mar/2017:10:50:00 -0300] "GET /cormun/servlet/solicitudot?INS,0,0, HTTP/1.1" 200 12589
186.103.132.155 - - [08/Mar/2017:10:50:00 -0300] "GET /cormun/servlet/solicitudot?INS,0,0, HTTP/1.1" 200 12594
186.103.132.155 - - [08/Mar/2017:10:50:13 -0300] "GET /cormun/servlet/prfichaempleado?,MD,,gxPopupLevel%3D0%3B HTTP/1.1" 200 8845
186.103.159.44 - - [08/Mar/2017:10:50:17 -0300] "GET /cormun/servlet/licenciaspermisos?INS,0,,, HTTP/1.1" 200 7125
186.103.159.46 - - [08/Mar/2017:10:50:17 -0300] "POST /cormun/servlet/trlicencias?4bfd02ef125b7b519bf8109e177a1722,,gx-no-cache=1488981086095 HTTP/1.1" 200 4113
186.103.132.155 - - [08/Mar/2017:10:50:27 -0300] "POST /cormun/servlet/prfichaempleado?7bced8b595bc9b2c19a200346027c598,,MD,,gxPopupLevel%3D0%3B,gx-no-cache=1488977495805 HTTP/1.1" 200 3398
186.79.146.0 - - [08/Mar/2017:10:50:29 -0300] "GET /cormun/servlet/trsolicitudot? HTTP/1.1" 200 8024
186.103.159.44 - - [08/Mar/2017:10:50:30 -0300] "GET /cormun/servlet/licenciaspermisos?cd5ef17a4a86d32dc460969bdecff497dca01f66d18841ab7ea031a6f37c49dbadc06a08ae9648b38f7fdc256b01da46,gx-no-cache=1488981095805 HTTP/1.1" 200 68
186.103.159.44 - - [08/Mar/2017:10:50:30 -0300] "POST /cormun/servlet/licenciaspermisos?903ac5fb65bdda01d19d4725d222f26b,INS,0,,,,gx-no-cache=1488981095871 HTTP/1.1" 200 4406
186.79.146.0 - - [08/Mar/2017:10:50:31 -0300] "GET /cormun/servlet/trsolicitudot? HTTP/1.1" 200 8023
186.103.132.155 - - [08/Mar/2017:10:50:32 -0300] "POST /cormun/servlet/solicitudot?gx-no-cache=1488977500992 HTTP/1.1" 200 3201
186.103.132.155 - - [08/Mar/2017:10:50:32 -0300] "POST /cormun/servlet/solicitudot?7bced8b595bc9b2c19a200346027c598,INS,0,0,,gx-no-cache=1488977501240 HTTP/1.1" 200 9788
186.103.132.155 - - [08/Mar/2017:10:50:32 -0300] "GET /cormun/servlet/solicitudot?6c6cc43e7687d7d004cbbbaf00f75f4706f4ccc8774029c54ed36750de8206785cdba3d886eee2895804e67e518ab76d,gx-no-cache=1488977501502 HTTP/1.1" 200 30
186.103.132.155 - - [08/Mar/2017:10:50:44 -0300] "POST /cormun/servlet/solicitudot?gx-no-cache=1488977512624 HTTP/1.1" 200 255
186.103.132.155 - - [08/Mar/2017:10:50:44 -0300] "GET /cormun/servlet/solicitudot?6c6cc43e7687d7d004cbbbaf00f75f47930a55f8fadc5b27448c05ca63f73f6709470208101588c2b64a52e0e36b43670b1365bf840ef81e7f853612fea87014a7841cb26363eee96077851b586c3df04870dc8f08278e31636fee780581a93f7ee97e9a52149874916f4933c51d23e2b37cf281c342710d535bd48f481243ee779ee14e180eaca2727743731c228c534dc05ac2c274c4d3dff344be141e24cf1d59f6fff754cb03e9b3f59a4b71b12e2254055653f2bc33040e36a96d945a95b82b27cf14549913ffda8a7f011a31e41a0c6b63111fbd07762df4bfbcd9943f43617fe93e572f61ef8a4368cc25b2427a7327605847351557451902f0d9416a46c771707447c3473d2ca488187465b62acb235dacf1707e9f75f1576f825a3c99b0f706b73b94a2005ffcffdec1a0ed6d5b4a645c78437db1849cae7e497b8a555642f38f287d11d8dcd267de57d4480ef8df6205177298e9f9c8919e041e5c631ff132c196909450cd856db58416f6dab91be30fb4b4e59f3c2d36783f07dc,gx-no-cache=1488977512759 HTTP/1.1" 200 30
186.103.132.155 - - [08/Mar/2017:10:50:44 -0300] "POST /cormun/servlet/solicitudot?gx-no-cache=1488977512810 HTTP/1.1" 200 30
186.103.132.155 - - [08/Mar/2017:10:50:44 -0300] "POST /cormun/servlet/solicitudot?gx-no-cache=1488977512876 HTTP/1.1" 200 1291
186.103.132.155 - - [08/Mar/2017:10:50:44 -0300] "POST /cormun/servlet/solicitudot?gx-no-cache=1488977512981 HTTP/1.1" 200 38
186.103.132.155 - - [08/Mar/2017:10:50:47 -0300] "POST /cormun/servlet/solicitudot?gx-no-cache=1488977515808 HTTP/1.1" 200 30
186.103.132.155 - - [08/Mar/2017:10:50:48 -0300] "POST /cormun/servlet/solicitudot?gx-no-cache=1488977517326 HTTP/1.1" 200 1291
186.103.132.155 - - [08/Mar/2017:10:50:49 -0300] "POST /cormun/servlet/solicitudot?gx-no-cache=1488977517623 HTTP/1.1" 200 38
186.79.146.0 - - [08/Mar/2017:10:50:52 -0300] "POST /cormun/servlet/trsolicitudot?7c3306fa0bba79f8c18a0d630e8ec974,,gx-no-cache=1488980983993 HTTP/1.1" 200 4142
186.79.146.0 - - [08/Mar/2017:10:50:52 -0300] "GET /cormun/static/Shared/jqueryui/images/ui-bg_highlight-soft_100_c6c2c8_1x100.png HTTP/1.1" 404 1117
186.79.146.0 - - [08/Mar/2017:10:50:52 -0300] "GET /cormun/static/Shared/jqueryui/images/ui-icons_82798d_256x240.png HTTP/1.1" 404 1089
186.79.146.0 - - [08/Mar/2017:10:50:52 -0300] "GET /cormun/static/Shared/jqueryui/images/ui-bg_flat_55_fafafa_40x100.png HTTP/1.1" 404 1097
186.79.146.0 - - [08/Mar/2017:10:50:52 -0300] "GET /cormun/static/Shared/jqueryui/images/ui-icons_8d78a5_256x240.png HTTP/1.1" 404 1089
186.79.146.0 - - [08/Mar/2017:10:50:53 -0300] "POST /cormun/servlet/trsolicitudot?7c3306fa0bba79f8c18a0d630e8ec974,,gx-no-cache=1488980984683 HTTP/1.1" 200 3919
186.103.132.155 - - [08/Mar/2017:10:50:56 -0300] "GET /cormun/servlet/solicitudot?6c6cc43e7687d7d004cbbbaf00f75f477abc2721404a886b5a06da54396447ea77ebc7c5dd7a43fd0363d722640b79b32e6946b5ef0585243fce2f1eee299664f92367e9f36bb2b1476b19636da01d3680f5c0be97050a6362e229d9e2e7e2fc33538b7f2c5e9fabe775b2b6b20049c09515943995ec86aea8b788140faaadf905b52912d15e03bd4ab3b7b748b731ee654c1e4311f3e51dfe48190b51fa678d,gx-no-cache=1488977524658 HTTP/1.1" 200 29
186.103.132.155 - - [08/Mar/2017:10:50:56 -0300] "POST /cormun/servlet/solicitudot?gx-no-cache=1488977524785 HTTP/1.1" 200 1274
186.103.132.155 - - [08/Mar/2017:10:50:56 -0300] "POST /cormun/servlet/solicitudot?gx-no-cache=1488977524969 HTTP/1.1" 200 1156
186.103.132.155 - - [08/Mar/2017:10:50:56 -0300] "GET /cormun/static/menuarrow.gif HTTP/1.1" 404 1015
186.103.132.155 - - [08/Mar/2017:10:50:57 -0300] "POST /cormun/servlet/solicitudot?gx-no-cache=1488977526065 HTTP/1.1" 200 1274
186.103.132.155 - - [08/Mar/2017:10:50:57 -0300] "POST /cormun/servlet/solicitudot?gx-no-cache=1488977526159 HTTP/1.1" 200 1156
186.103.132.155 - - [08/Mar/2017:10:51:07 -0300] "GET /cormun/servlet/solicitudot?6c6cc43e7687d7d004cbbbaf00f75f47064d3814dd274928fc6f501d4371983d0608a41ebdd507b1a16bcd7cf93911e1a62d0c3e0444c89cd6ed10c425d0ab2b936c3d3024d3fe7a7a138dcd8c55a6c54d89b5953b9c74c2247190053c63cf54437d70a0d8667e5cdc4efc68f91e9c9fc3f4329446837925db7c3e9e8718a9114792634a509e10d6454ae4e91fb9e322829031daf46dfba12b5d22821df9404790e66de9164a63de60932b3549c5a7de,gx-no-cache=1488977535862 HTTP/1.1" 200 30
186.103.132.155 - - [08/Mar/2017:10:51:15 -0300] "POST /cormun/servlet/solicitudot?7bced8b595bc9b2c19a200346027c598,INS,0,0,,gx-no-cache=1488977544313 HTTP/1.1" 200 93
186.103.132.155 - - [08/Mar/2017:10:51:15 -0300] "GET /cormun/servlet/hpexe_return? HTTP/1.1" 200 1000
186.103.132.155 - - [08/Mar/2017:10:51:16 -0300] "GET /cormun/servlet/trsolicitudot HTTP/1.1" 200 11272
186.103.132.155 - - [08/Mar/2017:10:51:16 -0300] "GET /cormun/servlet/trsolicitudot HTTP/1.1" 200 11267
186.79.146.0 - - [08/Mar/2017:10:51:18 -0300] "GET /cormun/servlet/hlogin HTTP/1.1" 200 1710
186.103.132.155 - - [08/Mar/2017:10:51:19 -0300] "GET /cormun/servlet/solicitudot?INS,0,0, HTTP/1.1" 200 12589
186.103.132.155 - - [08/Mar/2017:10:51:20 -0300] "GET /cormun/servlet/solicitudot?INS,0,0, HTTP/1.1" 200 12594
186.103.132.155 - - [08/Mar/2017:10:51:37 -0300] "GET /cormun/servlet/prfichaempleado?,MD,,gxPopupLevel%3D0%3B HTTP/1.1" 200 8845
186.103.132.155 - - [08/Mar/2017:10:51:50 -0300] "POST /cormun/servlet/prfichaempleado?7bced8b595bc9b2c19a200346027c598,,MD,,gxPopupLevel%3D0%3B,gx-no-cache=1488977579127 HTTP/1.1" 200 3450
186.79.146.0 - - [08/Mar/2017:10:52:05 -0300] "POST /cormun/servlet/hlogin?7c3306fa0bba79f8c18a0d630e8ec974,gx-no-cache=1488981056738 HTTP/1.1" 200 90
186.79.146.0 - - [08/Mar/2017:10:52:05 -0300] "GET /cormun/servlet/hpexe_link HTTP/1.1" 200 946
186.79.146.0 - - [08/Mar/2017:10:52:05 -0300] "GET /cormun/servlet/hhome HTTP/1.1" 200 3953
186.103.132.155 - - [08/Mar/2017:10:52:07 -0300] "POST /cormun/servlet/solicitudot?gx-no-cache=1488977595948 HTTP/1.1" 200 3177
186.79.146.0 - - [08/Mar/2017:10:52:07 -0300] "GET /cormun/servlet/hhome HTTP/1.1" 200 3949
186.103.132.155 - - [08/Mar/2017:10:52:07 -0300] "POST /cormun/servlet/solicitudot?7bced8b595bc9b2c19a200346027c598,INS,0,0,,gx-no-cache=1488977596130 HTTP/1.1" 200 9771
