186.103.132.155 - - [08/Mar/2017:11:20:27 -0300] "GET /cormun/servlet/solicitudot?INS,0,0, HTTP/1.1" 200 12593
186.79.164.248 - - [08/Mar/2017:11:20:36 -0300] "GET /cormun/servlet/hlogin HTTP/1.1" 200 1721
186.103.159.182 - - [08/Mar/2017:11:20:37 -0300] "POST /cormun/servlet/solicitudot?f4139f5be8a4522b64dd76bb35e959d5,INS,0,0,,gx-no-cache=1488982907330 HTTP/1.1" 200 93
186.103.159.182 - - [08/Mar/2017:11:20:37 -0300] "GET /cormun/servlet/hpexe_return? HTTP/1.1" 200 1021
186.79.164.248 - - [08/Mar/2017:11:20:37 -0300] "GET /cormun/servlet/hlogin HTTP/1.1" 200 1732
186.103.159.182 - - [08/Mar/2017:11:20:37 -0300] "GET /cormun/servlet/trsolicitudot?gx-no-cache=1488977509025 HTTP/1.1" 200 8557
186.103.159.182 - - [08/Mar/2017:11:20:38 -0300] "GET /cormun/servlet/trsolicitudot?gx-no-cache=1488977509025 HTTP/1.1" 200 8575
186.79.164.248 - - [08/Mar/2017:11:20:48 -0300] "POST /cormun/servlet/hlogin?5e5a080e9cd698dbb317a016fdf673ef,gx-no-cache=1488982916819 HTTP/1.1" 200 90
186.79.164.248 - - [08/Mar/2017:11:20:49 -0300] "GET /cormun/servlet/hpexe_link HTTP/1.1" 200 955
186.79.164.248 - - [08/Mar/2017:11:20:49 -0300] "GET /cormun/servlet/hhome HTTP/1.1" 200 3978
186.103.132.155 - - [08/Mar/2017:11:20:49 -0300] "GET /cormun/servlet/prfichaempleado?,MD,,gxPopupLevel%3D0%3B HTTP/1.1" 200 8845
186.103.159.182 - - [08/Mar/2017:11:20:49 -0300] "GET /cormun/servlet/solicitudot?INS,0,0, HTTP/1.1" 200 12838
186.79.164.248 - - [08/Mar/2017:11:20:50 -0300] "GET /cormun/servlet/hhome HTTP/1.1" 200 3975
186.103.159.182 - - [08/Mar/2017:11:20:51 -0300] "GET /cormun/servlet/solicitudot?INS,0,0, HTTP/1.1" 200 12821
186.103.159.182 - - [08/Mar/2017:11:21:01 -0300] "POST /cormun/servlet/solicitudot?gx-no-cache=1488982931611 HTTP/1.1" 200 3198
186.103.159.182 - - [08/Mar/2017:11:21:01 -0300] "POST /cormun/servlet/solicitudot?f4139f5be8a4522b64dd76bb35e959d5,INS,0,0,,gx-no-cache=1488982931862 HTTP/1.1" 200 9977
186.79.164.248 - - [08/Mar/2017:11:21:04 -0300] "GET /cormun/servlet/trpermisosgoce? HTTP/1.1" 200 6747
186.79.164.248 - - [08/Mar/2017:11:21:04 -0300] "GET /cormun/static/gxcfg.js?201612262011714 HTTP/1.1" 200 953
186.79.164.248 - - [08/Mar/2017:11:21:05 -0300] "GET /cormun/static/trpermisosgoce.js?201612262012096 HTTP/1.1" 200 31909
186.79.164.248 - - [08/Mar/2017:11:21:05 -0300] "GET /cormun/servlet/trpermisosgoce? HTTP/1.1" 200 6746
186.79.164.248 - - [08/Mar/2017:11:21:09 -0300] "GET /cormun/servlet/permisogoce?INS,0,,, HTTP/1.1" 200 6738
186.79.164.248 - - [08/Mar/2017:11:21:09 -0300] "GET /cormun/static/gxcfg.js?201612262052844 HTTP/1.1" 200 953
186.79.164.248 - - [08/Mar/2017:11:21:09 -0300] "GET /cormun/static/permisogoce.js?201612262052891 HTTP/1.1" 200 26147
186.79.164.248 - - [08/Mar/2017:11:21:10 -0300] "GET /cormun/servlet/permisogoce?INS,0,,, HTTP/1.1" 200 6738
186.103.159.182 - - [08/Mar/2017:11:21:11 -0300] "GET /cormun/servlet/solicitudot?d513c10847bf977b0e6f91091845b4edfa1f14624660142304f59ad9d3ecf5aaf9c07b6615f6e464fc2cf6be60536f06,gx-no-cache=1488982941805 HTTP/1.1" 200 30
186.103.159.182 - - [08/Mar/2017:11:21:11 -0300] "POST /cormun/servlet/solicitudot?gx-no-cache=1488982941897 HTTP/1.1" 200 240
186.103.159.182 - - [08/Mar/2017:11:21:12 -0300] "GET /cormun/servlet/solicitudot?d513c10847bf977b0e6f91091845b4edb0d4152fc039fdf9dc0bf9607ffb2e36463e601f0e788be40f6c42ee8b6fab952710798518db672f4157133e4354a82b50ea820bad9ac1aa89448c100acf3599fa321fbc8dbf0f00dffb3b2664f8d8bdfe65684b07c6ceb2bae8ed7a68eab9722f7cac9bb0f6e5eaf149a6a51b606b4ab280808640280201f7297c92507841d451d0c1083e11ba138613e44ac479e865b5fe9906f1c3fad9a33529228a6778d198da0fb0448ef2df1df6dffec52146cf3a1b37718df30caf9402bd11b6ed21871b736c8a1e99f396c448663f647a404cc0167fc949e42981ebeb6b052d6f7aa2b0f662f2f87b31104ba57824e12236710b8225dc18a5b14345b355d00a0efabb883d2988b2ffd9559dcd18add32df4632cd104b0994dbebd0f329fb0926f2577d763267098dfefd762e6d849c503b121bd6268471d10dd90e07985c773e2c43f32740430b101ef12e16ef08e75b003af86d9c480d7fda1209ce80283c1cadd14eca9af7ee5b28b628daff045dd6b7b88,gx-no-cache=1488982941973 HTTP/1.1" 200 30
186.103.159.182 - - [08/Mar/2017:11:21:14 -0300] "POST /cormun/servlet/solicitudot?gx-no-cache=1488982944265 HTTP/1.1" 200 30
186.103.159.182 - - [08/Mar/2017:11:21:17 -0300] "POST /cormun/servlet/solicitudot?gx-no-cache=1488982948015 HTTP/1.1" 200 1291
186.103.159.182 - - [08/Mar/2017:11:21:17 -0300] "POST /cormun/servlet/solicitudot?gx-no-cache=1488982948099 HTTP/1.1" 200 38
186.103.159.182 - - [08/Mar/2017:11:21:27 -0300] "GET /cormun/servlet/solicitudot?d513c10847bf977b0e6f91091845b4ed758092d1b13bf7fed3223e14a486a91258213e4f270c70da92278a067e603b2f03ff3fbaa0d69e52fcb9cb858206b20127d6340f7f5307efe427b081e4dd75aee9d343b43fe5287071e64a56ba1d4b674cc9523cafae679890596d90976f95de302c733e12283b013f89eb830a14b2b89473bcf3733bd931c05dae9da22f496156e9207d748dc5971aea212639e31bd5,gx-no-cache=1488982957980 HTTP/1.1" 200 29
186.103.159.182 - - [08/Mar/2017:11:21:27 -0300] "POST /cormun/servlet/solicitudot?gx-no-cache=1488982958026 HTTP/1.1" 200 1275
186.103.159.182 - - [08/Mar/2017:11:21:27 -0300] "POST /cormun/servlet/solicitudot?gx-no-cache=1488982958092 HTTP/1.1" 200 1157
186.103.159.182 - - [08/Mar/2017:11:21:27 -0300] "GET /cormun/static/menuarrow.gif HTTP/1.1" 404 1015
186.103.159.182 - - [08/Mar/2017:11:21:29 -0300] "POST /cormun/servlet/solicitudot?gx-no-cache=1488982959595 HTTP/1.1" 200 1275
186.103.159.182 - - [08/Mar/2017:11:21:29 -0300] "POST /cormun/servlet/solicitudot?gx-no-cache=1488982959974 HTTP/1.1" 200 1157
186.103.159.182 - - [08/Mar/2017:11:21:33 -0300] "GET /cormun/servlet/solicitudot?d513c10847bf977b0e6f91091845b4edc3fed5fc1bae9975eac2e77dd34100ece0b933561660597dd88641633d978da6288ee979c74fcc69eb2d430e48de329da5032237a5e793f19bff64a2ed93040a10b1df5525573803afe63407118ad278e4723da5e8bcbbc679c537145b768d776b31df396f6de6a37e8a318d7d8848a104e83918150636e84a66424ec79cb3ea927ba03c035d3e2d053f39c2054b19bd016743f98e8cfadc7342f4f9bd67d989,gx-no-cache=1488982964052 HTTP/1.1" 200 30
186.103.159.182 - - [08/Mar/2017:11:22:05 -0300] "POST /cormun/servlet/solicitudot?f4139f5be8a4522b64dd76bb35e959d5,INS,0,0,,gx-no-cache=1488982995807 HTTP/1.1" 200 93
186.103.159.182 - - [08/Mar/2017:11:22:05 -0300] "GET /cormun/servlet/hpexe_return? HTTP/1.1" 200 1021
186.103.159.182 - - [08/Mar/2017:11:22:06 -0300] "GET /cormun/servlet/trsolicitudot?gx-no-cache=1488977509025 HTTP/1.1" 200 8822
186.103.159.182 - - [08/Mar/2017:11:22:07 -0300] "GET /cormun/servlet/trsolicitudot?gx-no-cache=1488977509025 HTTP/1.1" 200 8840
186.103.132.155 - - [08/Mar/2017:11:22:17 -0300] "POST /cormun/servlet/prfichaempleado?7bced8b595bc9b2c19a200346027c598,,MD,,gxPopupLevel%3D0%3B,gx-no-cache=1488979406232 HTTP/1.1" 200 3394
186.103.132.155 - - [08/Mar/2017:11:22:23 -0300] "POST /cormun/servlet/solicitudot?gx-no-cache=1488979411679 HTTP/1.1" 200 3157
186.103.132.155 - - [08/Mar/2017:11:22:23 -0300] "POST /cormun/servlet/solicitudot?7bced8b595bc9b2c19a200346027c598,INS,0,0,,gx-no-cache=1488979411975 HTTP/1.1" 200 9768
186.103.132.155 - - [08/Mar/2017:11:22:23 -0300] "GET /cormun/servlet/solicitudot?6c6cc43e7687d7d004cbbbaf00f75f47bc023f59269be4e5b3760c1ab59ba395340921a73c68967d74c0ff07bbf73d7b,gx-no-cache=1488979412352 HTTP/1.1" 200 30
186.79.164.248 - - [08/Mar/2017:11:22:31 -0300] "GET /cormun/servlet/permisogoce?cfb44beb5fb1d5912160bddc9ac8661dd11b7f0ed1ab582eab676798d78622087b8cacacfbdf5da4d768643d05651fff,gx-no-cache=1488983019720 HTTP/1.1" 200 144
186.79.164.248 - - [08/Mar/2017:11:22:31 -0300] "GET /cormun/static/Shared/jqueryui/images/ui-bg_highlight-soft_100_c6c2c8_1x100.png HTTP/1.1" 404 1117
186.79.164.248 - - [08/Mar/2017:11:22:31 -0300] "GET /cormun/static/Shared/jqueryui/images/ui-icons_82798d_256x240.png HTTP/1.1" 404 1089
186.79.164.248 - - [08/Mar/2017:11:22:31 -0300] "GET /cormun/static/Shared/jqueryui/images/ui-bg_flat_55_994d53_40x100.png HTTP/1.1" 404 1097
186.79.164.248 - - [08/Mar/2017:11:22:31 -0300] "GET /cormun/static/Shared/jqueryui/images/ui-icons_ebccce_256x240.png HTTP/1.1" 404 1089
186.79.164.248 - - [08/Mar/2017:11:22:50 -0300] "GET /cormun/servlet/permisogoce?cfb44beb5fb1d5912160bddc9ac8661d2db5f3e129e2caf5568afa5147177a377b8cacacfbdf5da4d768643d05651fff,gx-no-cache=1488983037978 HTTP/1.1" 200 67
186.79.164.248 - - [08/Mar/2017:11:22:59 -0300] "GET /cormun/servlet/permisogoce?cfb44beb5fb1d5912160bddc9ac8661dfa85458c940b40d865bc3a11b1a4fc6d7a70b0fd5cda2db1ac22d87069edbcbd4eabb1f0d702b08e4aa151477799bc2b,gx-no-cache=1488983047457 HTTP/1.1" 200 46
186.79.164.248 - - [08/Mar/2017:11:23:07 -0300] "POST /cormun/servlet/permisogoce?5e5a080e9cd698dbb317a016fdf673ef,INS,0,,,,gx-no-cache=1488983054748 HTTP/1.1" 200 93
186.79.164.248 - - [08/Mar/2017:11:23:07 -0300] "GET /cormun/servlet/hpexe_return? HTTP/1.1" 200 1009
186.79.164.248 - - [08/Mar/2017:11:23:07 -0300] "GET /cormun/servlet/trpermisosgoce HTTP/1.1" 200 7561
186.79.164.248 - - [08/Mar/2017:11:23:08 -0300] "GET /cormun/servlet/trpermisosgoce HTTP/1.1" 200 7557
186.79.164.248 - - [08/Mar/2017:11:23:08 -0300] "GET /cormun//static/Resources/PXToolsActionPrint.png HTTP/1.1" 200 3317
186.79.164.248 - - [08/Mar/2017:11:23:08 -0300] "GET /cormun//static/Resources/PXToolsGridDisplay.png HTTP/1.1" 200 362
186.79.164.248 - - [08/Mar/2017:11:23:08 -0300] "GET /cormun//static/Resources/PXToolsHeaderHelp.png HTTP/1.1" 200 4055
186.79.164.248 - - [08/Mar/2017:11:23:08 -0300] "GET /cormun//static/Resources/PXToolsHeaderFavorites.png HTTP/1.1" 200 2744
186.79.164.248 - - [08/Mar/2017:11:23:33 -0300] "GET /cormun/servlet/trautorizarpermisogoce? HTTP/1.1" 200 6698
186.79.164.248 - - [08/Mar/2017:11:23:33 -0300] "GET /cormun/static/gxcfg.js?201612262053193 HTTP/1.1" 200 953
186.79.164.248 - - [08/Mar/2017:11:23:33 -0300] "GET /cormun/static/trautorizarpermisogoce.js?201612262053552 HTTP/1.1" 200 31039
186.79.164.248 - - [08/Mar/2017:11:23:34 -0300] "GET /cormun/servlet/trautorizarpermisogoce? HTTP/1.1" 200 6697
186.79.164.248 - - [08/Mar/2017:11:23:41 -0300] "POST /cormun/servlet/trautorizarpermisogoce?5e5a080e9cd698dbb317a016fdf673ef,,gx-no-cache=1488983089462 HTTP/1.1" 200 4055
186.79.164.248 - - [08/Mar/2017:11:23:47 -0300] "GET /cormun/servlet/trpermisosgoce? HTTP/1.1" 200 7558
186.79.164.248 - - [08/Mar/2017:11:23:48 -0300] "GET /cormun/servlet/trpermisosgoce? HTTP/1.1" 200 7557
186.103.159.46 - - [08/Mar/2017:11:23:58 -0300] "GET /cormun/servlet/trautorizarsolicitud? HTTP/1.1" 200 5993
186.103.159.46 - - [08/Mar/2017:11:23:59 -0300] "GET /cormun/servlet/trautorizarsolicitud? HTTP/1.1" 200 5990
186.103.159.46 - - [08/Mar/2017:11:23:59 -0300] "GET /cormun/servlet/hlogin HTTP/1.1" 200 1736
186.79.164.248 - - [08/Mar/2017:11:24:03 -0300] "GET /cormun/servlet/apermisogoceprn?7141963,P,20170308121751,PU HTTP/1.1" 200 1566
186.79.164.248 - - [08/Mar/2017:11:24:17 -0300] "POST /cormun/servlet/trpermisosgoce?5e5a080e9cd698dbb317a016fdf673ef,,gx-no-cache=1488983124504 HTTP/1.1" 200 4856
186.79.164.248 - - [08/Mar/2017:11:24:24 -0300] "GET /cormun/servlet/apermisogoceprn?7141963,P,20170308121751,PU HTTP/1.1" 200 1565
186.79.164.248 - - [08/Mar/2017:11:24:47 -0300] "GET /cormun/servlet/apermisogoceprn?7141963,P,20170308121751,PU HTTP/1.1" 200 1566
186.79.164.248 - - [08/Mar/2017:11:25:08 -0300] "GET /cormun/servlet/trautorizarpermisogoce? HTTP/1.1" 200 6698
186.79.164.248 - - [08/Mar/2017:11:25:09 -0300] "GET /cormun/servlet/trautorizarpermisogoce? HTTP/1.1" 200 6697
186.79.164.248 - - [08/Mar/2017:11:25:13 -0300] "POST /cormun/servlet/trautorizarpermisogoce?5e5a080e9cd698dbb317a016fdf673ef,,gx-no-cache=1488983179969 HTTP/1.1" 200 4053
186.79.164.248 - - [08/Mar/2017:11:25:19 -0300] "POST /cormun/servlet/trautorizarpermisogoce?5e5a080e9cd698dbb317a016fdf673ef,,gx-no-cache=1488983186792 HTTP/1.1" 200 4824
200.111.191.210 - - [08/Mar/2017:11:25:34 -0300] "GET /cormun/servlet/solicitudot?INS,0,0, HTTP/1.1" 200 11917
200.111.191.210 - - [08/Mar/2017:11:25:35 -0300] "GET /cormun/servlet/hlogin HTTP/1.1" 200 1733
200.111.191.210 - - [08/Mar/2017:11:25:35 -0300] "GET /cormun/servlet/solicitudot?INS,0,0, HTTP/1.1" 200 11923
186.79.164.248 - - [08/Mar/2017:11:25:38 -0300] "GET /cormun/servlet/apermisogoceprn?7141963,P,20170308121751,PU HTTP/1.1" 200 1567
200.111.191.210 - - [08/Mar/2017:11:25:40 -0300] "POST /cormun/servlet/hlogin?40b3195a7cd394b2a0d72ef8fc083883,gx-no-cache=1488986724815 HTTP/1.1" 200 445
200.111.191.210 - - [08/Mar/2017:11:25:43 -0300] "POST /cormun/servlet/hlogin?40b3195a7cd394b2a0d72ef8fc083883,gx-no-cache=1488986727245 HTTP/1.1" 200 90
200.111.191.210 - - [08/Mar/2017:11:25:43 -0300] "GET /cormun/servlet/hpexe_link HTTP/1.1" 200 958
200.111.191.210 - - [08/Mar/2017:11:25:43 -0300] "GET /cormun/servlet/solicitudot?INS,0,0, HTTP/1.1" 200 12344
200.111.191.210 - - [08/Mar/2017:11:25:43 -0300] "GET /cormun/servlet/solicitudot?INS,0,0, HTTP/1.1" 200 12349
186.103.159.182 - - [08/Mar/2017:11:25:50 -0300] "GET /cormun/servlet/solicitudot?INS,0,0, HTTP/1.1" 200 12837
186.103.159.182 - - [08/Mar/2017:11:25:52 -0300] "GET /cormun/servlet/solicitudot?INS,0,0, HTTP/1.1" 200 12819
186.79.164.248 - - [08/Mar/2017:11:25:54 -0300] "GET /cormun/servlet/apermisogoceprn?7141963,P,20170308121751,PU HTTP/1.1" 200 1565
200.111.191.210 - - [08/Mar/2017:11:25:54 -0300] "GET /cormun/servlet/prfichaempleado?,MD,,gxPopupLevel%3D0%3B HTTP/1.1" 200 8766
200.111.191.210 - - [08/Mar/2017:11:26:04 -0300] "POST /cormun/servlet/prfichaempleado?40b3195a7cd394b2a0d72ef8fc083883,,MD,,gxPopupLevel%3D0%3B,gx-no-cache=1488986748570 HTTP/1.1" 200 3435
192.168.10.96 - - [08/Mar/2017:11:26:06 -0300] "GET /cormun/servlet/trconsultaempleado? HTTP/1.1" 200 6524
192.168.10.96 - - [08/Mar/2017:11:26:06 -0300] "GET /cormun/servlet/trconsultaempleado? HTTP/1.1" 200 6523
200.111.191.210 - - [08/Mar/2017:11:26:07 -0300] "POST /cormun/servlet/solicitudot?gx-no-cache=1488986751384 HTTP/1.1" 200 3146
200.111.191.210 - - [08/Mar/2017:11:26:08 -0300] "POST /cormun/servlet/solicitudot?40b3195a7cd394b2a0d72ef8fc083883,INS,0,0,,gx-no-cache=1488986751947 HTTP/1.1" 200 9468
200.111.191.210 - - [08/Mar/2017:11:26:08 -0300] "GET /cormun/servlet/solicitudot?8861d47e2119def04b027f7c71d7f57ddb19fbd80411dcdc77936775eacac4f67a08b8f7e1ddcda7290df3ff356a1e91,gx-no-cache=1488986752279 HTTP/1.1" 200 30
192.168.10.96 - - [08/Mar/2017:11:26:19 -0300] "GET /cormun/servlet/trsolicitudnombre?15993133, HTTP/1.1" 200 7167
192.168.10.96 - - [08/Mar/2017:11:26:19 -0300] "GET /cormun/servlet/trsolicitudnombre?15993133, HTTP/1.1" 200 7167
186.103.159.182 - - [08/Mar/2017:11:26:20 -0300] "POST /cormun/servlet/solicitudot?gx-no-cache=1488983250503 HTTP/1.1" 200 3198
186.103.159.182 - - [08/Mar/2017:11:26:20 -0300] "POST /cormun/servlet/solicitudot?f4139f5be8a4522b64dd76bb35e959d5,INS,0,0,,gx-no-cache=1488983250871 HTTP/1.1" 200 9977
192.168.10.96 - - [08/Mar/2017:11:26:21 -0300] "GET /cormun/servlet/vesolicitudnombre?2017,4727,, HTTP/1.1" 200 8386
192.168.10.96 - - [08/Mar/2017:11:26:21 -0300] "GET /cormun/pexe_scrolldiv.js HTTP/1.1" 404 1009
192.168.10.96 - - [08/Mar/2017:11:26:21 -0300] "GET /cormun/pexe_scrolldiv.js HTTP/1.1" 404 1009
192.168.10.96 - - [08/Mar/2017:11:26:22 -0300] "GET /cormun/servlet/vesolicitudnombre?2017,4727,, HTTP/1.1" 200 8379
192.168.10.96 - - [08/Mar/2017:11:26:23 -0300] "GET /cormun/servlet/vesolicitudnombre?2017,4727,,SolicitudOTAdjuntos HTTP/1.1" 200 7341
192.168.10.96 - - [08/Mar/2017:11:26:23 -0300] "GET /cormun/pexe_scrolldiv.js HTTP/1.1" 404 1009
192.168.10.96 - - [08/Mar/2017:11:26:23 -0300] "GET /cormun/pexe_scrolldiv.js HTTP/1.1" 404 1009
192.168.10.96 - - [08/Mar/2017:11:26:24 -0300] "GET /cormun/servlet/vesolicitudnombre?2017,4727,,SolicitudOTAdjuntos HTTP/1.1" 200 7342
186.79.164.248 - - [08/Mar/2017:11:26:24 -0300] "POST /cormun/servlet/trautorizarpermisogoce?5e5a080e9cd698dbb317a016fdf673ef,,gx-no-cache=1488983251742 HTTP/1.1" 200 4844
186.79.164.248 - - [08/Mar/2017:11:26:24 -0300] "GET /cormun/static/Shared/jqueryui/images/ui-bg_highlight-soft_100_c6c2c8_1x100.png HTTP/1.1" 404 1117
186.79.164.248 - - [08/Mar/2017:11:26:24 -0300] "GET /cormun/static/Shared/jqueryui/images/ui-icons_82798d_256x240.png HTTP/1.1" 404 1089
186.79.164.248 - - [08/Mar/2017:11:26:24 -0300] "GET /cormun/static/Shared/jqueryui/images/ui-bg_flat_55_fafafa_40x100.png HTTP/1.1" 404 1097
186.79.164.248 - - [08/Mar/2017:11:26:24 -0300] "GET /cormun/static/Shared/jqueryui/images/ui-icons_8d78a5_256x240.png HTTP/1.1" 404 1089
192.168.10.96 - - [08/Mar/2017:11:26:25 -0300] "POST /cormun/servlet/acontrolpreferencessavestate?None,DZAMUDIO,true HTTP/1.1" 200 35
186.103.159.182 - - [08/Mar/2017:11:26:25 -0300] "GET /cormun/servlet/solicitudot?d513c10847bf977b0e6f91091845b4edfa1f14624660142304f59ad9d3ecf5aaf9c07b6615f6e464fc2cf6be60536f06,gx-no-cache=1488983255680 HTTP/1.1" 200 30
186.103.159.182 - - [08/Mar/2017:11:26:25 -0300] "POST /cormun/servlet/solicitudot?gx-no-cache=1488983255747 HTTP/1.1" 200 240
200.111.191.210 - - [08/Mar/2017:11:26:26 -0300] "POST /cormun/servlet/solicitudot?gx-no-cache=1488986770301 HTTP/1.1" 200 255
200.111.191.210 - - [08/Mar/2017:11:26:26 -0300] "GET /cormun/servlet/solicitudot?8861d47e2119def04b027f7c71d7f57d74b7015bf9da2686d4787d4ac211f12f287c259776c542ff836bbedf751ba5d8799f3d347098cf3f3576e8f94bcd26b39fd0ec8645b5aeb53c138e351b9980e85bae324544955be97862f1648e5c01f443a21a95faaf47386d103d84d1da467d297f34091f1e5db437e93fac4fab501e627c42c23d550e3f999f7e2383d2e10b6725d2acace62118e3249feee7178eb446ea83c03cfce6735ffba7270634fe6effc456c79a6d6072a75c6c89ac6bebe8b353a4113a834ebf807fe18b4c61f629c8a79314cbbdcbf2d6a0b4cb4d5e3896e890f8563068c6cb653ab98e6e83ecba1bee80c7602ce5d243cfd8ac9eb0b66e4a8a97d1538106896d9898e7a3cd2c3f2935c47c635735b7907b2f479635dbf028dc6abc0ac0955d0f0d9dadb19ddce42e36ed6b12479f7f6f0ab80e88ecd014199bf10a3d9e9b6f4af9ddfbdc5c8d876c5468959c159816c3969aaf8057484496721525e0e416fe5741c5ff6cbce7f1499ca20b2da89c7951874bb1aa76fee3,gx-no-cache=1488986770350 HTTP/1.1" 200 30
186.103.159.182 - - [08/Mar/2017:11:26:26 -0300] "GET /cormun/servlet/solicitudot?d513c10847bf977b0e6f91091845b4edb0d4152fc039fdf9dc0bf9607ffb2e36463e601f0e788be40f6c42ee8b6fab952710798518db672f4157133e4354a82b50ea820bad9ac1aa89448c100acf3599fa321fbc8dbf0f00dffb3b2664f8d8bdfe65684b07c6ceb2bae8ed7a68eab9722f7cac9bb0f6e5eaf149a6a51b606b4ab280808640280201f7297c92507841d451d0c1083e11ba138613e44ac479e865b5fe9906f1c3fad9a33529228a6778d198da0fb0448ef2df1df6dffec52146cf3a1b37718df30caf9402bd11b6ed21871b736c8a1e99f396c448663f647a404cc0167fc949e42981ebeb6b052d6f7aa2b0f662f2f87b31104ba57824e12236710b8225dc18a5b14345b355d00a0efabb883d2988b2ffd9559dcd18add32df4632cd104b0994dbebd0f329fb0926f2577d763267098dfefd762e6d849c503b121bd6268471d10dd90e07985c773e2c43f32740430b101ef12e16ef08e75b003af86d9c480d7fda1209ce80283c1cadd14eca9af7ee5b28b628daff045dd6b7b88,gx-no-cache=1488983255801 HTTP/1.1" 200 30
186.103.159.182 - - [08/Mar/2017:11:26:26 -0300] "POST /cormun/servlet/solicitudot?gx-no-cache=1488983256812 HTTP/1.1" 200 30
186.103.159.182 - - [08/Mar/2017:11:26:26 -0300] "POST /cormun/servlet/solicitudot?gx-no-cache=1488983256883 HTTP/1.1" 200 1291
186.103.159.182 - - [08/Mar/2017:11:26:26 -0300] "POST /cormun/servlet/solicitudot?gx-no-cache=1488983256977 HTTP/1.1" 200 38
200.111.191.210 - - [08/Mar/2017:11:26:30 -0300] "POST /cormun/servlet/solicitudot?gx-no-cache=1488986774896 HTTP/1.1" 200 30
186.103.159.182 - - [08/Mar/2017:11:26:31 -0300] "POST /cormun/servlet/solicitudot?gx-no-cache=1488983261878 HTTP/1.1" 200 30
186.79.164.248 - - [08/Mar/2017:11:26:32 -0300] "GET /cormun/servlet/trpermisosgoce? HTTP/1.1" 200 7558
186.79.164.248 - - [08/Mar/2017:11:26:33 -0300] "GET /cormun/servlet/trpermisosgoce? HTTP/1.1" 200 7557
186.103.159.182 - - [08/Mar/2017:11:26:33 -0300] "POST /cormun/servlet/solicitudot?gx-no-cache=1488983263425 HTTP/1.1" 200 1291
186.103.159.182 - - [08/Mar/2017:11:26:33 -0300] "POST /cormun/servlet/solicitudot?gx-no-cache=1488983263935 HTTP/1.1" 200 38
186.103.132.155 - - [08/Mar/2017:11:26:34 -0300] "POST /cormun/servlet/solicitudot?gx-no-cache=1488979662705 HTTP/1.1" 200 297
186.103.132.155 - - [08/Mar/2017:11:26:34 -0300] "GET /cormun/servlet/solicitudot?6c6cc43e7687d7d004cbbbaf00f75f47930a55f8fadc5b27448c05ca63f73f673d2ac1f2a1a95d78aadc7a37f91475bf0b1365bf840ef81e7f853612fea87014a7841cb26363eee96077851b586c3df04870dc8f08278e31636fee780581a93f7ee97e9a52149874916f4933c51d23e2b37cf281c342710d535bd48f481243ee779ee14e180eaca2727743731c228c534dc05ac2c274c4d3dff344be141e24cf1d59f6fff754cb03e9b3f59a4b71b12e2254055653f2bc33040e36a96d945a95b82b27cf14549913ffda8a7f011a31e41a0c6b63111fbd07762df4bfbcd9943f43617fe93e572f61ef8a4368cc25b24209139e9655cc2bc42c64347d97d6636446c771707447c3473d2ca488187465b6000b692959247b062685865ab06b536cfeb84a883061cd8fda64808298e9e18c6696fdc2623360f93fefae075afa9a16da25459e6719a3728c845a28565b57804bc14c6dfd195ba854bc48627760ca9d6f9234d90772b212be84aeb489d1333e1d164f90e0f905f8349b601a64c3285e19a7205e3f1fec5bba388a46bc4807f0,gx-no-cache=1488979662845 HTTP/1.1" 200 30
186.103.132.155 - - [08/Mar/2017:11:26:36 -0300] "POST /cormun/servlet/solicitudot?gx-no-cache=1488979664631 HTTP/1.1" 200 30
200.111.191.210 - - [08/Mar/2017:11:26:39 -0300] "GET /cormun/servlet/prcontratosol?8980081,,,,,MD,,gxPopupLevel%3D0%3B HTTP/1.1" 200 5868
186.103.159.182 - - [08/Mar/2017:11:26:41 -0300] "GET /cormun/servlet/solicitudot?d513c10847bf977b0e6f91091845b4ed758092d1b13bf7fed3223e14a486a91258213e4f270c70da92278a067e603b2f03ff3fbaa0d69e52fcb9cb858206b20127d6340f7f5307efe427b081e4dd75aee9d343b43fe5287071e64a56ba1d4b674cc9523cafae679890596d90976f95de302c733e12283b013f89eb830a14b2b89473bcf3733bd931c05dae9da22f496156e9207d748dc5971aea212639e31bd5,gx-no-cache=1488983271403 HTTP/1.1" 200 29
186.103.159.182 - - [08/Mar/2017:11:26:41 -0300] "POST /cormun/servlet/solicitudot?gx-no-cache=1488983271443 HTTP/1.1" 200 1273
186.103.159.182 - - [08/Mar/2017:11:26:41 -0300] "POST /cormun/servlet/solicitudot?gx-no-cache=1488983271506 HTTP/1.1" 200 1157
186.103.159.182 - - [08/Mar/2017:11:26:41 -0300] "GET /cormun/static/menuarrow.gif HTTP/1.1" 404 1015
200.111.191.210 - - [08/Mar/2017:11:26:41 -0300] "POST /cormun/servlet/solicitudot?gx-no-cache=1488986785813 HTTP/1.1" 200 1290
200.111.191.210 - - [08/Mar/2017:11:26:41 -0300] "POST /cormun/servlet/solicitudot?gx-no-cache=1488986785856 HTTP/1.1" 200 38
200.111.191.210 - - [08/Mar/2017:11:26:41 -0300] "GET /cormun/servlet/solicitudot?8861d47e2119def04b027f7c71d7f57dce026628575e2cf1b71ea839215285d7be6cb0852bbd843e5159749eec402819042bf9a3931e209d7e917df38d72e2122ccfce4cda400828d3bd4bce432651645dffe30a1cacba5b5be65e5c8c2655220360a539921c1ed14484f52ac412d8034c3a23b833a3872f9e6655b58947aa22567862341a574a1a806569e205a3d7640df5e0d4a77d67232063bbe85fc8854d,gx-no-cache=1488986785879 HTTP/1.1" 200 29
200.111.191.210 - - [08/Mar/2017:11:26:41 -0300] "POST /cormun/servlet/solicitudot?gx-no-cache=1488986785906 HTTP/1.1" 200 1273
200.111.191.210 - - [08/Mar/2017:11:26:41 -0300] "POST /cormun/servlet/solicitudot?gx-no-cache=1488986785949 HTTP/1.1" 200 1156
186.103.159.182 - - [08/Mar/2017:11:26:43 -0300] "POST /cormun/servlet/solicitudot?gx-no-cache=1488983273934 HTTP/1.1" 200 1273
186.103.159.182 - - [08/Mar/2017:11:26:44 -0300] "POST /cormun/servlet/solicitudot?gx-no-cache=1488983274157 HTTP/1.1" 200 1157
186.103.132.155 - - [08/Mar/2017:11:26:45 -0300] "POST /cormun/servlet/solicitudot?gx-no-cache=1488979674090 HTTP/1.1" 200 1291
186.103.132.155 - - [08/Mar/2017:11:26:46 -0300] "POST /cormun/servlet/solicitudot?gx-no-cache=1488979675057 HTTP/1.1" 200 38
186.79.164.248 - - [08/Mar/2017:11:26:48 -0300] "GET /cormun/servlet/apermisogoceprn?7141963,P,20170308121751,PU HTTP/1.1" 200 1563
186.103.159.182 - - [08/Mar/2017:11:26:48 -0300] "GET /cormun/servlet/solicitudot?d513c10847bf977b0e6f91091845b4edc3fed5fc1bae9975eac2e77dd34100ece0b933561660597dd88641633d978da6288ee979c74fcc69eb2d430e48de329da5032237a5e793f19bff64a2ed93040a10b1df5525573803afe63407118ad278e4723da5e8bcbbc679c537145b768d776b31df396f6de6a37e8a318d7d8848a104e83918150636e84a66424ec79cb3ea927ba03c035d3e2d053f39c2054b19bd016743f98e8cfadc7342f4f9bd67d989,gx-no-cache=1488983278948 HTTP/1.1" 200 30
186.79.164.248 - - [08/Mar/2017:11:26:58 -0300] "POST /cormun/servlet/trpermisosgoce?5e5a080e9cd698dbb317a016fdf673ef,,gx-no-cache=1488983284672 HTTP/1.1" 200 4856
186.103.159.182 - - [08/Mar/2017:11:27:02 -0300] "POST /cormun/servlet/solicitudot?f4139f5be8a4522b64dd76bb35e959d5,INS,0,0,,gx-no-cache=1488983292577 HTTP/1.1" 200 93
186.103.159.182 - - [08/Mar/2017:11:27:02 -0300] "GET /cormun/servlet/hpexe_return? HTTP/1.1" 200 1021
186.103.159.182 - - [08/Mar/2017:11:27:03 -0300] "GET /cormun/servlet/trsolicitudot?gx-no-cache=1488977509025 HTTP/1.1" 200 9079
186.103.159.182 - - [08/Mar/2017:11:27:04 -0300] "GET /cormun/servlet/trsolicitudot?gx-no-cache=1488977509025 HTTP/1.1" 200 9096
186.103.132.155 - - [08/Mar/2017:11:27:05 -0300] "GET /cormun/servlet/solicitudot?6c6cc43e7687d7d004cbbbaf00f75f477abc2721404a886b5a06da54396447ea77ebc7c5dd7a43fd0363d722640b79b34e4d4bbd4d257f81540b6cf6b5e903eb293f4498e39bc9bd6c5b4d266bc992763c33da804a6bcf0ed9418c8e319a699864c761633267fa37c15d984bc08a8640,gx-no-cache=1488979694007 HTTP/1.1" 200 29
186.103.132.155 - - [08/Mar/2017:11:27:05 -0300] "POST /cormun/servlet/solicitudot?gx-no-cache=1488979694146 HTTP/1.1" 200 1274
186.103.132.155 - - [08/Mar/2017:11:27:05 -0300] "POST /cormun/servlet/solicitudot?gx-no-cache=1488979694368 HTTP/1.1" 200 1158
186.103.132.155 - - [08/Mar/2017:11:27:05 -0300] "GET /cormun/static/menuarrow.gif HTTP/1.1" 404 1015
186.79.164.248 - - [08/Mar/2017:11:27:08 -0300] "POST /cormun/servlet/trpermisosgoce?5e5a080e9cd698dbb317a016fdf673ef,,gx-no-cache=1488983295293 HTTP/1.1" 200 4065
186.103.132.155 - - [08/Mar/2017:11:27:11 -0300] "POST /cormun/servlet/solicitudot?gx-no-cache=1488979700404 HTTP/1.1" 200 1274
186.103.132.155 - - [08/Mar/2017:11:27:11 -0300] "POST /cormun/servlet/solicitudot?gx-no-cache=1488979700482 HTTP/1.1" 200 1158
186.79.164.248 - - [08/Mar/2017:11:27:12 -0300] "GET /cormun/servlet/trautorizarpermisogoce? HTTP/1.1" 200 7482
186.79.164.248 - - [08/Mar/2017:11:27:14 -0300] "GET /cormun/servlet/trautorizarpermisogoce? HTTP/1.1" 200 7481
186.103.159.182 - - [08/Mar/2017:11:27:26 -0300] "POST /cormun/servlet/trsolicitudot?f4139f5be8a4522b64dd76bb35e959d5,gx-no-cache=1488977509025,gx-no-cache=1488983317029 HTTP/1.1" 200 106
186.103.159.182 - - [08/Mar/2017:11:27:27 -0300] "GET /cormun/servlet/trsolicitudadjuntos?2017,5311, HTTP/1.1" 200 6138
186.103.159.182 - - [08/Mar/2017:11:27:28 -0300] "GET /cormun/servlet/trsolicitudadjuntos?2017,5311, HTTP/1.1" 200 6116
186.103.159.182 - - [08/Mar/2017:11:27:30 -0300] "GET /cormun/servlet/solicitudotadjuntos?INS,2017,5311,,1, HTTP/1.1" 200 6049
186.103.159.182 - - [08/Mar/2017:11:27:30 -0300] "GET /cormun/static/about:blank HTTP/1.1" 404 1011
186.103.159.182 - - [08/Mar/2017:11:27:31 -0300] "GET /cormun/servlet/solicitudotadjuntos?INS,2017,5311,,1, HTTP/1.1" 200 6042
186.103.159.182 - - [08/Mar/2017:11:27:32 -0300] "GET /cormun/servlet/solicitudotadjuntos?d513c10847bf977b0e6f91091845b4ed32dd1d3adcbc9c5bc830fc74ec08f173753318b5c7c57c8f2ca38720940753c1,gx-no-cache=1488983322365 HTTP/1.1" 200 30
186.103.159.182 - - [08/Mar/2017:11:27:32 -0300] "POST /cormun/servlet/solicitudotadjuntos?f4139f5be8a4522b64dd76bb35e959d5,INS,2017,5311,,1,,gx-no-cache=1488983322449 HTTP/1.1" 200 3848
186.103.159.182 - - [08/Mar/2017:11:27:35 -0300] "POST /cormun/servlet/solicitudotadjuntos?gx-no-cache=1488983325872 HTTP/1.1" 200 26
200.111.191.210 - - [08/Mar/2017:11:27:35 -0300] "POST /cormun/servlet/solicitudot?gx-no-cache=1488986839908 HTTP/1.1" 200 1273
200.111.191.210 - - [08/Mar/2017:11:27:36 -0300] "POST /cormun/servlet/solicitudot?gx-no-cache=1488986839962 HTTP/1.1" 200 1156
200.111.191.210 - - [08/Mar/2017:11:27:36 -0300] "GET /cormun/static/menuarrow.gif HTTP/1.1" 404 1015
186.103.132.155 - - [08/Mar/2017:11:27:47 -0300] "GET /cormun/servlet/solicitudot?6c6cc43e7687d7d004cbbbaf00f75f47e9e0a900fa66b2eb874c85bf6cfbabcf9ad7ee079b945d3766bcc958611dc167026e99e70318c85c5a862aedde4ae83d253f4d24da0d9e695a8e2cc6722192c786e699c306b5b72e1566a438ab111972927d4374ee7caa6c75fe82398120604623a9c77d9d55dc8a723a271ad762d1dff13eda27a655a6d618249b1bb5613623f1727dcb5b8c10afbcc711c9293b64c17d28937815dea2f8707c790b50a63da9,gx-no-cache=1488979735693 HTTP/1.1" 200 30
186.79.164.248 - - [08/Mar/2017:11:27:49 -0300] "GET /cormun/servlet/trautorizarpermisogoce? HTTP/1.1" 200 7481
186.79.164.248 - - [08/Mar/2017:11:27:50 -0300] "GET /cormun/servlet/trautorizarpermisogoce? HTTP/1.1" 200 7481
186.103.132.155 - - [08/Mar/2017:11:27:56 -0300] "POST /cormun/servlet/solicitudot?7bced8b595bc9b2c19a200346027c598,INS,0,0,,gx-no-cache=1488979744828 HTTP/1.1" 200 93
186.103.132.155 - - [08/Mar/2017:11:27:56 -0300] "GET /cormun/servlet/hpexe_return? HTTP/1.1" 200 1000
186.103.132.155 - - [08/Mar/2017:11:27:57 -0300] "GET /cormun/servlet/trsolicitudot HTTP/1.1" 200 14435
186.79.164.248 - - [08/Mar/2017:11:27:57 -0300] "GET /cormun/servlet/autorizarpermisogoce?DSP,7141963,P,20170308121751, HTTP/1.1" 200 5928
186.79.164.248 - - [08/Mar/2017:11:27:57 -0300] "GET /cormun/static/gxcfg.js?201612261934249 HTTP/1.1" 200 953
186.79.164.248 - - [08/Mar/2017:11:27:57 -0300] "GET /cormun/static/autorizarpermisogoce.js?2016122619342431 HTTP/1.1" 200 15596
186.103.132.155 - - [08/Mar/2017:11:27:58 -0300] "GET /cormun/servlet/trsolicitudot HTTP/1.1" 200 14430
186.79.164.248 - - [08/Mar/2017:11:27:58 -0300] "GET /cormun/servlet/autorizarpermisogoce?DSP,7141963,P,20170308121751, HTTP/1.1" 200 5929
186.79.164.248 - - [08/Mar/2017:11:28:01 -0300] "POST /cormun/servlet/autorizarpermisogoce?5e5a080e9cd698dbb317a016fdf673ef,DSP,7141963,P,20170308121751,,gx-no-cache=1488983349473 HTTP/1.1" 200 93
186.79.164.248 - - [08/Mar/2017:11:28:02 -0300] "GET /cormun/servlet/hpexe_return? HTTP/1.1" 200 1031
186.79.164.248 - - [08/Mar/2017:11:28:02 -0300] "GET /cormun/servlet/trautorizarpermisogoce HTTP/1.1" 200 7485
186.79.164.248 - - [08/Mar/2017:11:28:03 -0300] "GET /cormun/servlet/trautorizarpermisogoce HTTP/1.1" 200 7481
186.103.132.155 - - [08/Mar/2017:11:28:04 -0300] "GET /cormun/servlet/solicitudot?INS,0,0, HTTP/1.1" 200 12589
186.103.132.155 - - [08/Mar/2017:11:28:05 -0300] "GET /cormun/servlet/solicitudot?INS,0,0, HTTP/1.1" 200 12593
186.79.164.248 - - [08/Mar/2017:11:28:05 -0300] "GET /cormun/servlet/apermisogoceprn?7141963,P,20170308121751,PU HTTP/1.1" 200 1566
186.103.159.182 - - [08/Mar/2017:11:28:07 -0300] "GET /cormun/servlet/solicitudotadjuntos?d513c10847bf977b0e6f91091845b4ed45dc65f7dd8d34721b440db6dbb3e29f,gx-no-cache=1488983357245 HTTP/1.1" 200 30
186.103.159.182 - - [08/Mar/2017:11:28:07 -0300] "GET /cormun/servlet/solicitudotadjuntos?d513c10847bf977b0e6f91091845b4ed45dc65f7dd8d34721b440db6dbb3e29f,gx-no-cache=1488983357279 HTTP/1.1" 200 30
200.111.191.210 - - [08/Mar/2017:11:28:09 -0300] "POST /cormun/servlet/solicitudot?gx-no-cache=1488986873043 HTTP/1.1" 200 30
186.103.159.182 - - [08/Mar/2017:11:28:10 -0300] "POST /cormun/servlet/solicitudotadjuntos?f4139f5be8a4522b64dd76bb35e959d5,INS,2017,5311,,1, HTTP/1.1" 200 116
186.103.159.182 - - [08/Mar/2017:11:28:10 -0300] "GET /cormun/servlet/hpexe_return? HTTP/1.1" 200 1021
186.103.159.182 - - [08/Mar/2017:11:28:10 -0300] "GET /cormun/servlet/trsolicitudadjuntos?2017,5311, HTTP/1.1" 200 8247
200.111.191.210 - - [08/Mar/2017:11:28:11 -0300] "POST /cormun/servlet/solicitudot?gx-no-cache=1488986875769 HTTP/1.1" 200 1290
200.111.191.210 - - [08/Mar/2017:11:28:11 -0300] "POST /cormun/servlet/solicitudot?gx-no-cache=1488986875823 HTTP/1.1" 200 41
186.103.159.182 - - [08/Mar/2017:11:28:12 -0300] "GET /cormun/servlet/trsolicitudadjuntos?2017,5311, HTTP/1.1" 200 8241
186.103.132.155 - - [08/Mar/2017:11:28:17 -0300] "GET /cormun/servlet/prfichaempleado?,MD,,gxPopupLevel%3D0%3B HTTP/1.1" 200 8845
186.103.159.182 - - [08/Mar/2017:11:28:17 -0300] "GET /cormun/servlet/solicitudotadjuntos?INS,2017,5311,,1, HTTP/1.1" 200 6048
186.103.159.182 - - [08/Mar/2017:11:28:17 -0300] "GET /cormun/static/about:blank HTTP/1.1" 404 1011
186.103.159.182 - - [08/Mar/2017:11:28:18 -0300] "GET /cormun/servlet/solicitudotadjuntos?INS,2017,5311,,1, HTTP/1.1" 200 6041
186.103.159.182 - - [08/Mar/2017:11:28:19 -0300] "GET /cormun/servlet/solicitudotadjuntos?d513c10847bf977b0e6f91091845b4ed32dd1d3adcbc9c5bc830fc74ec08f173753318b5c7c57c8f2ca38720940753c1,gx-no-cache=1488983369630 HTTP/1.1" 200 30
186.103.159.182 - - [08/Mar/2017:11:28:19 -0300] "POST /cormun/servlet/solicitudotadjuntos?f4139f5be8a4522b64dd76bb35e959d5,INS,2017,5311,,1,,gx-no-cache=1488983369702 HTTP/1.1" 200 3849
186.103.159.182 - - [08/Mar/2017:11:28:22 -0300] "POST /cormun/servlet/solicitudotadjuntos?gx-no-cache=1488983373049 HTTP/1.1" 200 26
200.111.191.210 - - [08/Mar/2017:11:28:23 -0300] "POST /cormun/servlet/solicitudot?gx-no-cache=1488986887463 HTTP/1.1" 200 1273
200.111.191.210 - - [08/Mar/2017:11:28:23 -0300] "POST /cormun/servlet/solicitudot?gx-no-cache=1488986887503 HTTP/1.1" 200 1156
186.103.132.155 - - [08/Mar/2017:11:28:27 -0300] "POST /cormun/servlet/prfichaempleado?7bced8b595bc9b2c19a200346027c598,,MD,,gxPopupLevel%3D0%3B,gx-no-cache=1488979776014 HTTP/1.1" 200 3390
186.103.132.155 - - [08/Mar/2017:11:28:31 -0300] "POST /cormun/servlet/solicitudot?gx-no-cache=1488979779610 HTTP/1.1" 200 3172
186.103.132.155 - - [08/Mar/2017:11:28:31 -0300] "POST /cormun/servlet/solicitudot?7bced8b595bc9b2c19a200346027c598,INS,0,0,,gx-no-cache=1488979779869 HTTP/1.1" 200 9778
186.103.132.155 - - [08/Mar/2017:11:28:33 -0300] "GET /cormun/servlet/solicitudot?6c6cc43e7687d7d004cbbbaf00f75f476726c30f7a9c42cb12d5c650e90846f55cdba3d886eee2895804e67e518ab76d,gx-no-cache=1488979781883 HTTP/1.1" 200 30
200.111.191.210 - - [08/Mar/2017:11:28:34 -0300] "GET /cormun/servlet/solicitudot?8861d47e2119def04b027f7c71d7f57d644ad12bb9e1ef399b367f2d72ef36d412b5fb8bb18a58a623bd03f2b66e77338517bd054569bec6bd17e074809d5fb7d8d7d42c29a52d4fe8429c3287feed7f15f080f2c6793b23240d0f8912cf021c65b1e9e2b060f4d5d42707eeb11f3133f97ffd585f9f3f7beabb07bfe66afa1ac9a30203c3ed4a9d3a760a66bd3bb2bf8066532751b2f85523a98dbd51c58e84b282326e6c729cedb29fd281d29d368b,gx-no-cache=1488986898307 HTTP/1.1" 200 30
186.103.159.182 - - [08/Mar/2017:11:28:35 -0300] "GET /cormun/servlet/solicitudotadjuntos?d513c10847bf977b0e6f91091845b4ed45dc65f7dd8d34721b440db6dbb3e29f,gx-no-cache=1488983385458 HTTP/1.1" 200 30
186.103.159.182 - - [08/Mar/2017:11:28:35 -0300] "GET /cormun/servlet/solicitudotadjuntos?d513c10847bf977b0e6f91091845b4ed45dc65f7dd8d34721b440db6dbb3e29f,gx-no-cache=1488983385483 HTTP/1.1" 200 30
186.103.159.182 - - [08/Mar/2017:11:28:36 -0300] "POST /cormun/servlet/solicitudotadjuntos?f4139f5be8a4522b64dd76bb35e959d5,INS,2017,5311,,1, HTTP/1.1" 200 116
186.103.159.182 - - [08/Mar/2017:11:28:36 -0300] "GET /cormun/servlet/hpexe_return? HTTP/1.1" 200 1021
186.103.159.182 - - [08/Mar/2017:11:28:37 -0300] "GET /cormun/servlet/trsolicitudadjuntos?2017,5311, HTTP/1.1" 200 8425
186.103.159.182 - - [08/Mar/2017:11:28:38 -0300] "GET /cormun/servlet/trsolicitudadjuntos?2017,5311, HTTP/1.1" 200 8423
186.79.164.248 - - [08/Mar/2017:11:28:39 -0300] "GET /cormun/servlet/autorizarpermisogoce?DSP,7141963,P,20170308121751, HTTP/1.1" 200 5926
186.79.164.248 - - [08/Mar/2017:11:28:40 -0300] "GET /cormun/servlet/autorizarpermisogoce?DSP,7141963,P,20170308121751, HTTP/1.1" 200 5929
186.103.159.182 - - [08/Mar/2017:11:28:41 -0300] "GET /cormun/servlet/solicitudotadjuntos?INS,2017,5311,,1, HTTP/1.1" 200 6048
186.103.159.182 - - [08/Mar/2017:11:28:41 -0300] "GET /cormun/static/about:blank HTTP/1.1" 404 1011
186.103.159.182 - - [08/Mar/2017:11:28:42 -0300] "GET /cormun/servlet/solicitudotadjuntos?INS,2017,5311,,1, HTTP/1.1" 200 6041
186.103.159.182 - - [08/Mar/2017:11:28:43 -0300] "GET /cormun/servlet/solicitudotadjuntos?d513c10847bf977b0e6f91091845b4ed32dd1d3adcbc9c5bc830fc74ec08f173753318b5c7c57c8f2ca38720940753c1,gx-no-cache=1488983393262 HTTP/1.1" 200 30
186.103.159.182 - - [08/Mar/2017:11:28:43 -0300] "POST /cormun/servlet/solicitudotadjuntos?f4139f5be8a4522b64dd76bb35e959d5,INS,2017,5311,,1,,gx-no-cache=1488983393310 HTTP/1.1" 200 3849
200.111.191.210 - - [08/Mar/2017:11:28:45 -0300] "POST /cormun/servlet/solicitudot?gx-no-cache=1488986909740 HTTP/1.1" 200 1274
200.111.191.210 - - [08/Mar/2017:11:28:45 -0300] "POST /cormun/servlet/solicitudot?gx-no-cache=1488986909785 HTTP/1.1" 200 1156
200.111.191.210 - - [08/Mar/2017:11:28:45 -0300] "GET /cormun/servlet/solicitudot?8861d47e2119def04b027f7c71d7f57d644ad12bb9e1ef399b367f2d72ef36d412b5fb8bb18a58a623bd03f2b66e77338517bd054569bec6bd17e074809d5fb7d8d7d42c29a52d4fe8429c3287feed7f15f080f2c6793b23240d0f8912cf021c65b1e9e2b060f4d5d42707eeb11f3133f97ffd585f9f3f7beabb07bfe66afa1ac9a30203c3ed4a9d3a760a66bd3bb2bf8066532751b2f85523a98dbd51c58e84b282326e6c729cedb29fd281d29d368b,gx-no-cache=1488986909837 HTTP/1.1" 200 30
186.103.159.182 - - [08/Mar/2017:11:28:46 -0300] "POST /cormun/servlet/solicitudotadjuntos?gx-no-cache=1488983396406 HTTP/1.1" 200 26
186.79.164.248 - - [08/Mar/2017:11:28:48 -0300] "POST /cormun/servlet/autorizarpermisogoce?5e5a080e9cd698dbb317a016fdf673ef,DSP,7141963,P,20170308121751,,gx-no-cache=1488983396073 HTTP/1.1" 200 90
186.79.164.248 - - [08/Mar/2017:11:28:49 -0300] "GET /cormun/servlet/hpexe_link HTTP/1.1" 200 991
186.79.164.248 - - [08/Mar/2017:11:28:49 -0300] "GET /cormun/servlet/trautorizarpermisogoce HTTP/1.1" 200 7483
186.79.164.248 - - [08/Mar/2017:11:28:50 -0300] "GET /cormun/servlet/trautorizarpermisogoce HTTP/1.1" 200 7481
200.111.191.210 - - [08/Mar/2017:11:28:56 -0300] "POST /cormun/servlet/solicitudot?40b3195a7cd394b2a0d72ef8fc083883,INS,0,0,,gx-no-cache=1488986920684 HTTP/1.1" 200 93
200.111.191.210 - - [08/Mar/2017:11:28:56 -0300] "GET /cormun/servlet/hpexe_return? HTTP/1.1" 200 997
200.111.191.210 - - [08/Mar/2017:11:28:57 -0300] "GET /cormun/servlet/hhome HTTP/1.1" 200 3722
200.111.191.210 - - [08/Mar/2017:11:28:57 -0300] "GET /cormun/servlet/hhome HTTP/1.1" 200 3717
186.103.159.182 - - [08/Mar/2017:11:28:57 -0300] "GET /cormun/servlet/solicitudotadjuntos?d513c10847bf977b0e6f91091845b4ed45dc65f7dd8d34721b440db6dbb3e29f,gx-no-cache=1488983407953 HTTP/1.1" 200 30
186.103.159.182 - - [08/Mar/2017:11:28:57 -0300] "GET /cormun/servlet/solicitudotadjuntos?d513c10847bf977b0e6f91091845b4ed45dc65f7dd8d34721b440db6dbb3e29f,gx-no-cache=1488983407978 HTTP/1.1" 200 30
186.103.159.182 - - [08/Mar/2017:11:28:58 -0300] "POST /cormun/servlet/solicitudotadjuntos?f4139f5be8a4522b64dd76bb35e959d5,INS,2017,5311,,1, HTTP/1.1" 200 116
186.103.159.182 - - [08/Mar/2017:11:28:59 -0300] "GET /cormun/servlet/hpexe_return? HTTP/1.1" 200 1021
186.103.159.182 - - [08/Mar/2017:11:28:59 -0300] "GET /cormun/servlet/trsolicitudadjuntos?2017,5311, HTTP/1.1" 200 8563
200.111.191.210 - - [08/Mar/2017:11:29:01 -0300] "GET /cormun/servlet/hlogin HTTP/1.1" 200 1723
186.103.159.182 - - [08/Mar/2017:11:29:01 -0300] "GET /cormun/servlet/trsolicitudadjuntos?2017,5311, HTTP/1.1" 200 8559
186.103.159.182 - - [08/Mar/2017:11:29:04 -0300] "GET /cormun/servlet/solicitudotadjuntos?INS,2017,5311,,1, HTTP/1.1" 200 6048
186.103.159.182 - - [08/Mar/2017:11:29:04 -0300] "GET /cormun/static/about:blank HTTP/1.1" 404 1011
186.103.159.182 - - [08/Mar/2017:11:29:05 -0300] "GET /cormun/servlet/solicitudotadjuntos?INS,2017,5311,,1, HTTP/1.1" 200 6041
186.103.159.182 - - [08/Mar/2017:11:29:06 -0300] "GET /cormun/servlet/solicitudotadjuntos?d513c10847bf977b0e6f91091845b4ed32dd1d3adcbc9c5bc830fc74ec08f173753318b5c7c57c8f2ca38720940753c1,gx-no-cache=1488983416185 HTTP/1.1" 200 30
186.103.159.182 - - [08/Mar/2017:11:29:06 -0300] "POST /cormun/servlet/solicitudotadjuntos?f4139f5be8a4522b64dd76bb35e959d5,INS,2017,5311,,1,,gx-no-cache=1488983416225 HTTP/1.1" 200 3849
186.79.164.248 - - [08/Mar/2017:11:29:08 -0300] "POST /cormun/servlet/trautorizarpermisogoce?5e5a080e9cd698dbb317a016fdf673ef,gx-no-cache=1488983414365 HTTP/1.1" 200 4052
186.103.159.182 - - [08/Mar/2017:11:29:08 -0300] "POST /cormun/servlet/solicitudotadjuntos?gx-no-cache=1488983418361 HTTP/1.1" 200 26
186.103.159.182 - - [08/Mar/2017:11:29:14 -0300] "POST /cormun/servlet/solicitudotadjuntos?gx-no-cache=1488983424935 HTTP/1.1" 200 26
186.79.164.248 - - [08/Mar/2017:11:29:15 -0300] "POST /cormun/servlet/trautorizarpermisogoce?5e5a080e9cd698dbb317a016fdf673ef,gx-no-cache=1488983422808 HTTP/1.1" 200 4823
200.111.191.210 - - [08/Mar/2017:11:29:17 -0300] "POST /cormun/servlet/hlogin?40b3195a7cd394b2a0d72ef8fc083883,gx-no-cache=1488986941558 HTTP/1.1" 200 90
200.111.191.210 - - [08/Mar/2017:11:29:17 -0300] "GET /cormun/servlet/hpexe_link HTTP/1.1" 200 946
200.111.191.210 - - [08/Mar/2017:11:29:17 -0300] "GET /cormun/servlet/hhome HTTP/1.1" 200 3921
200.111.191.210 - - [08/Mar/2017:11:29:18 -0300] "GET /cormun/servlet/hhome HTTP/1.1" 200 3917
186.103.159.182 - - [08/Mar/2017:11:29:20 -0300] "GET /cormun/servlet/solicitudotadjuntos?d513c10847bf977b0e6f91091845b4ed45dc65f7dd8d34721b440db6dbb3e29f,gx-no-cache=1488983430699 HTTP/1.1" 200 30
186.103.159.182 - - [08/Mar/2017:11:29:20 -0300] "GET /cormun/servlet/solicitudotadjuntos?d513c10847bf977b0e6f91091845b4ed45dc65f7dd8d34721b440db6dbb3e29f,gx-no-cache=1488983430728 HTTP/1.1" 200 30
186.79.164.248 - - [08/Mar/2017:11:29:21 -0300] "GET /cormun/servlet/hlogin HTTP/1.1" 200 1744
200.111.191.210 - - [08/Mar/2017:11:29:22 -0300] "GET /cormun/servlet/trautorizarsolicitud? HTTP/1.1" 200 6835
186.103.159.182 - - [08/Mar/2017:11:29:22 -0300] "POST /cormun/servlet/solicitudotadjuntos?f4139f5be8a4522b64dd76bb35e959d5,INS,2017,5311,,1, HTTP/1.1" 200 116
186.103.159.182 - - [08/Mar/2017:11:29:22 -0300] "GET /cormun/servlet/hpexe_return? HTTP/1.1" 200 1021
200.111.191.210 - - [08/Mar/2017:11:29:22 -0300] "GET /cormun/servlet/trautorizarsolicitud? HTTP/1.1" 200 6834
186.103.159.182 - - [08/Mar/2017:11:29:22 -0300] "GET /cormun/servlet/trsolicitudadjuntos?2017,5311, HTTP/1.1" 200 8696
186.103.159.182 - - [08/Mar/2017:11:29:24 -0300] "GET /cormun/servlet/trsolicitudadjuntos?2017,5311, HTTP/1.1" 200 8693
186.103.159.182 - - [08/Mar/2017:11:29:26 -0300] "GET /cormun/servlet/solicitudotadjuntos?INS,2017,5311,,1, HTTP/1.1" 200 6048
186.103.159.182 - - [08/Mar/2017:11:29:27 -0300] "GET /cormun/static/about:blank HTTP/1.1" 404 1011
186.103.159.182 - - [08/Mar/2017:11:29:28 -0300] "GET /cormun/servlet/solicitudotadjuntos?INS,2017,5311,,1, HTTP/1.1" 200 6041
186.103.159.182 - - [08/Mar/2017:11:29:28 -0300] "GET /cormun/servlet/solicitudotadjuntos?d513c10847bf977b0e6f91091845b4ed32dd1d3adcbc9c5bc830fc74ec08f173753318b5c7c57c8f2ca38720940753c1,gx-no-cache=1488983438898 HTTP/1.1" 200 30
186.103.159.182 - - [08/Mar/2017:11:29:28 -0300] "POST /cormun/servlet/solicitudotadjuntos?f4139f5be8a4522b64dd76bb35e959d5,INS,2017,5311,,1,,gx-no-cache=1488983438969 HTTP/1.1" 200 3849
200.111.191.210 - - [08/Mar/2017:11:29:30 -0300] "POST /cormun/servlet/trautorizarsolicitud?40b3195a7cd394b2a0d72ef8fc083883,,gx-no-cache=1488986954141 HTTP/1.1" 200 5388
186.103.159.182 - - [08/Mar/2017:11:29:32 -0300] "POST /cormun/servlet/solicitudotadjuntos?gx-no-cache=1488983442744 HTTP/1.1" 200 26
186.79.164.248 - - [08/Mar/2017:11:29:36 -0300] "POST /cormun/servlet/hlogin?5e5a080e9cd698dbb317a016fdf673ef,gx-no-cache=1488983444832 HTTP/1.1" 200 90
186.79.164.248 - - [08/Mar/2017:11:29:37 -0300] "GET /cormun/servlet/hpexe_link HTTP/1.1" 200 988
186.79.164.248 - - [08/Mar/2017:11:29:37 -0300] "GET /cormun/servlet/trautorizarpermisogoce?gx-no-cache=1488983422808 HTTP/1.1" 200 7483
186.79.164.248 - - [08/Mar/2017:11:29:38 -0300] "GET /cormun/servlet/trautorizarpermisogoce?gx-no-cache=1488983422808 HTTP/1.1" 200 7503
186.103.159.182 - - [08/Mar/2017:11:29:39 -0300] "GET /cormun/servlet/solicitudotadjuntos?d513c10847bf977b0e6f91091845b4ed45dc65f7dd8d34721b440db6dbb3e29f,gx-no-cache=1488983449932 HTTP/1.1" 200 30
186.103.159.182 - - [08/Mar/2017:11:29:39 -0300] "GET /cormun/servlet/solicitudotadjuntos?d513c10847bf977b0e6f91091845b4ed45dc65f7dd8d34721b440db6dbb3e29f,gx-no-cache=1488983449958 HTTP/1.1" 200 30
186.103.159.182 - - [08/Mar/2017:11:29:41 -0300] "POST /cormun/servlet/solicitudotadjuntos?f4139f5be8a4522b64dd76bb35e959d5,INS,2017,5311,,1, HTTP/1.1" 200 116
186.103.159.182 - - [08/Mar/2017:11:29:41 -0300] "GET /cormun/servlet/hpexe_return? HTTP/1.1" 200 1021
186.103.159.182 - - [08/Mar/2017:11:29:41 -0300] "GET /cormun/servlet/trsolicitudadjuntos?2017,5311, HTTP/1.1" 200 8883
186.103.159.182 - - [08/Mar/2017:11:29:43 -0300] "GET /cormun/servlet/trsolicitudadjuntos?2017,5311, HTTP/1.1" 200 8882
186.103.159.182 - - [08/Mar/2017:11:29:45 -0300] "GET /cormun/servlet/solicitudotadjuntos?INS,2017,5311,,1, HTTP/1.1" 200 6048
186.103.159.182 - - [08/Mar/2017:11:29:45 -0300] "GET /cormun/static/about:blank HTTP/1.1" 404 1011
186.79.164.248 - - [08/Mar/2017:11:29:45 -0300] "GET /cormun/servlet/trautorizarpermisogoce? HTTP/1.1" 200 7503
186.103.159.182 - - [08/Mar/2017:11:29:46 -0300] "GET /cormun/servlet/solicitudotadjuntos?INS,2017,5311,,1, HTTP/1.1" 200 6041
186.79.164.248 - - [08/Mar/2017:11:29:46 -0300] "GET /cormun/servlet/trautorizarpermisogoce? HTTP/1.1" 200 7481
186.103.159.182 - - [08/Mar/2017:11:29:46 -0300] "GET /cormun/servlet/solicitudotadjuntos?d513c10847bf977b0e6f91091845b4ed32dd1d3adcbc9c5bc830fc74ec08f173753318b5c7c57c8f2ca38720940753c1,gx-no-cache=1488983457087 HTTP/1.1" 200 30
186.103.159.182 - - [08/Mar/2017:11:29:47 -0300] "POST /cormun/servlet/solicitudotadjuntos?f4139f5be8a4522b64dd76bb35e959d5,INS,2017,5311,,1,,gx-no-cache=1488983457129 HTTP/1.1" 200 3849
200.111.191.210 - - [08/Mar/2017:11:29:47 -0300] "POST /cormun/servlet/trautorizarsolicitud?40b3195a7cd394b2a0d72ef8fc083883,,gx-no-cache=1488986971067 HTTP/1.1" 200 5400
200.111.191.210 - - [08/Mar/2017:11:29:47 -0300] "GET /cormun/static/Shared/jqueryui/images/ui-bg_highlight-soft_100_c6c2c8_1x100.png HTTP/1.1" 404 1117
200.111.191.210 - - [08/Mar/2017:11:29:47 -0300] "GET /cormun/static/Shared/jqueryui/images/ui-icons_82798d_256x240.png HTTP/1.1" 404 1089
200.111.191.210 - - [08/Mar/2017:11:29:47 -0300] "GET /cormun/static/Shared/jqueryui/images/ui-bg_flat_55_fafafa_40x100.png HTTP/1.1" 404 1097
200.111.191.210 - - [08/Mar/2017:11:29:47 -0300] "GET /cormun/static/Shared/jqueryui/images/ui-icons_8d78a5_256x240.png HTTP/1.1" 404 1089
186.103.132.155 - - [08/Mar/2017:11:29:48 -0300] "POST /cormun/servlet/solicitudot?gx-no-cache=1488979857022 HTTP/1.1" 200 297
186.103.132.155 - - [08/Mar/2017:11:29:48 -0300] "GET /cormun/servlet/solicitudot?6c6cc43e7687d7d004cbbbaf00f75f47930a55f8fadc5b27448c05ca63f73f673d2ac1f2a1a95d78aadc7a37f91475bf0b1365bf840ef81e7f853612fea87014a7841cb26363eee96077851b586c3df04870dc8f08278e31636fee780581a93f7ee97e9a52149874916f4933c51d23e2b37cf281c342710d535bd48f481243ee779ee14e180eaca2727743731c228c534dc05ac2c274c4d3dff344be141e24cf1d59f6fff754cb03e9b3f59a4b71b12e2254055653f2bc33040e36a96d945a95b82b27cf14549913ffda8a7f011a31e41a0c6b63111fbd07762df4bfbcd9943f43617fe93e572f61ef8a4368cc25b24209139e9655cc2bc42c64347d97d6636446c771707447c3473d2ca488187465b6000b692959247b062685865ab06b536cfeb84a883061cd8fda64808298e9e18c6696fdc2623360f93fefae075afa9a16da25459e6719a3728c845a28565b57804bc14c6dfd195ba854bc48627760ca9d6f9234d90772b212be84aeb489d1333e1d164f90e0f905f8349b601a64c3285e19a7205e3f1fec5bba388a46bc4807f0,gx-no-cache=1488979857421 HTTP/1.1" 200 30
186.103.159.182 - - [08/Mar/2017:11:29:49 -0300] "POST /cormun/servlet/solicitudotadjuntos?gx-no-cache=1488983459817 HTTP/1.1" 200 26
186.79.164.248 - - [08/Mar/2017:11:29:50 -0300] "GET /cormun/servlet/apermisogoceprn?7141963,P,20170308121751,PU HTTP/1.1" 200 1564
186.103.132.155 - - [08/Mar/2017:11:29:51 -0300] "POST /cormun/servlet/solicitudot?gx-no-cache=1488979859652 HTTP/1.1" 200 30
186.103.132.155 - - [08/Mar/2017:11:29:52 -0300] "POST /cormun/servlet/solicitudot?gx-no-cache=1488979860964 HTTP/1.1" 200 1291
186.103.132.155 - - [08/Mar/2017:11:29:52 -0300] "POST /cormun/servlet/solicitudot?gx-no-cache=1488979861102 HTTP/1.1" 200 38
200.111.191.210 - - [08/Mar/2017:11:29:59 -0300] "GET /cormun/servlet/trlicencias? HTTP/1.1" 200 6780
200.111.191.210 - - [08/Mar/2017:11:29:59 -0300] "GET /cormun/static/gxcfg.js?2016122619301429 HTTP/1.1" 304 -
200.111.191.210 - - [08/Mar/2017:11:29:59 -0300] "GET /cormun/static/trlicencias.js?2016122619301919 HTTP/1.1" 304 -
186.103.159.182 - - [08/Mar/2017:11:29:59 -0300] "GET /cormun/servlet/solicitudotadjuntos?d513c10847bf977b0e6f91091845b4ed45dc65f7dd8d34721b440db6dbb3e29f,gx-no-cache=1488983470034 HTTP/1.1" 200 30
186.103.159.182 - - [08/Mar/2017:11:29:59 -0300] "GET /cormun/servlet/solicitudotadjuntos?d513c10847bf977b0e6f91091845b4ed45dc65f7dd8d34721b440db6dbb3e29f,gx-no-cache=1488983470061 HTTP/1.1" 200 30
200.111.191.210 - - [08/Mar/2017:11:29:59 -0300] "GET /cormun/servlet/trlicencias? HTTP/1.1" 200 6779
186.103.132.155 - - [08/Mar/2017:11:30:00 -0300] "GET /cormun/servlet/solicitudot?6c6cc43e7687d7d004cbbbaf00f75f477abc2721404a886b5a06da54396447ea77ebc7c5dd7a43fd0363d722640b79b34e4d4bbd4d257f81540b6cf6b5e903eb293f4498e39bc9bd6c5b4d266bc992763c33da804a6bcf0ed9418c8e319a699864c761633267fa37c15d984bc08a8640,gx-no-cache=1488979869364 HTTP/1.1" 200 29
186.103.132.155 - - [08/Mar/2017:11:30:00 -0300] "POST /cormun/servlet/solicitudot?gx-no-cache=1488979869441 HTTP/1.1" 200 1275
186.103.132.155 - - [08/Mar/2017:11:30:01 -0300] "POST /cormun/servlet/solicitudot?gx-no-cache=1488979869567 HTTP/1.1" 200 1156
186.103.132.155 - - [08/Mar/2017:11:30:01 -0300] "GET /cormun/static/menuarrow.gif HTTP/1.1" 404 1015
200.111.191.210 - - [08/Mar/2017:11:30:01 -0300] "GET /cormun/servlet/hlogin HTTP/1.1" 200 1727
186.103.132.155 - - [08/Mar/2017:11:30:03 -0300] "POST /cormun/servlet/solicitudot?gx-no-cache=1488979872013 HTTP/1.1" 200 1275
186.103.132.155 - - [08/Mar/2017:11:30:03 -0300] "POST /cormun/servlet/solicitudot?gx-no-cache=1488979872184 HTTP/1.1" 200 1156
200.111.191.210 - - [08/Mar/2017:11:30:06 -0300] "POST /cormun/servlet/hlogin?40b3195a7cd394b2a0d72ef8fc083883,gx-no-cache=1488986990079 HTTP/1.1" 200 90
