186.103.132.155 - - [08/Mar/2017:11:09:56 -0300] "GET /cormun/servlet/solicitudot?6c6cc43e7687d7d004cbbbaf00f75f47930a55f8fadc5b27448c05ca63f73f672024b783c5f00c0ae16e7bd8ad3ea7de0b1365bf840ef81e7f853612fea87014a7841cb26363eee96077851b586c3df04870dc8f08278e31636fee780581a93f7ee97e9a52149874916f4933c51d23e2b37cf281c342710d535bd48f481243ee779ee14e180eaca2727743731c228c534dc05ac2c274c4d3dff344be141e24cf1d59f6fff754cb03e9b3f59a4b71b12e2254055653f2bc33040e36a96d945a95b82b27cf14549913ffda8a7f011a31e41a0c6b63111fbd07762df4bfbcd9943f43617fe93e572f61ef8a4368cc25b2427a7327605847351557451902f0d9416a46c771707447c3473d2ca488187465b6000b692959247b062685865ab06b536cfeb84a883061cd8fda64808298e9e18c6696fdc2623360f93fefae075afa9a168cf4d93587a0be0a75a1a9b15f5e40709b8afe8362dca3d804ce081ce36168b42bee2dafef614c45091da6ab1b3630219233737e9addcd5cb6c9cc4abe86e8e7,gx-no-cache=1488978664979 HTTP/1.1" 200 30
186.103.159.182 - - [08/Mar/2017:11:09:57 -0300] "POST /cormun/servlet/solicitudotadjuntos?f4139f5be8a4522b64dd76bb35e959d5,INS,2017,5307,,1, HTTP/1.1" 200 116
186.103.159.182 - - [08/Mar/2017:11:09:57 -0300] "GET /cormun/servlet/hpexe_return? HTTP/1.1" 200 1021
186.103.132.155 - - [08/Mar/2017:11:09:58 -0300] "POST /cormun/servlet/solicitudot?gx-no-cache=1488978666679 HTTP/1.1" 200 30
186.103.159.182 - - [08/Mar/2017:11:09:58 -0300] "GET /cormun/servlet/trsolicitudadjuntos?2017,5307, HTTP/1.1" 200 8878
186.103.159.182 - - [08/Mar/2017:11:10:00 -0300] "GET /cormun/servlet/trsolicitudadjuntos?2017,5307, HTTP/1.1" 200 8877
186.103.132.155 - - [08/Mar/2017:11:10:00 -0300] "POST /cormun/servlet/solicitudot?gx-no-cache=1488978669021 HTTP/1.1" 200 1290
186.103.132.155 - - [08/Mar/2017:11:10:00 -0300] "POST /cormun/servlet/solicitudot?gx-no-cache=1488978669317 HTTP/1.1" 200 38
186.103.159.182 - - [08/Mar/2017:11:10:02 -0300] "GET /cormun/servlet/solicitudotadjuntos?INS,2017,5307,,1, HTTP/1.1" 200 6048
186.103.159.182 - - [08/Mar/2017:11:10:03 -0300] "GET /cormun/static/about:blank HTTP/1.1" 404 1011
186.103.159.182 - - [08/Mar/2017:11:10:04 -0300] "GET /cormun/servlet/solicitudotadjuntos?INS,2017,5307,,1, HTTP/1.1" 200 6041
186.103.159.182 - - [08/Mar/2017:11:10:04 -0300] "GET /cormun/servlet/solicitudotadjuntos?d513c10847bf977b0e6f91091845b4ed7d0dd9c93ce42724cc76069b58329342753318b5c7c57c8f2ca38720940753c1,gx-no-cache=1488982274737 HTTP/1.1" 200 30
186.103.159.182 - - [08/Mar/2017:11:10:04 -0300] "POST /cormun/servlet/solicitudotadjuntos?f4139f5be8a4522b64dd76bb35e959d5,INS,2017,5307,,1,,gx-no-cache=1488982274778 HTTP/1.1" 200 3849
186.103.159.182 - - [08/Mar/2017:11:10:07 -0300] "POST /cormun/servlet/solicitudotadjuntos?gx-no-cache=1488982277462 HTTP/1.1" 200 26
192.168.10.62 - - [08/Mar/2017:11:10:08 -0300] "POST /cormun/servlet/solicitudotlog?42f23cc1f7961731fb6c709f47580176,INS,2017,5244,0,REC,,gx-no-cache=1488985492463 HTTP/1.1" 200 93
192.168.10.62 - - [08/Mar/2017:11:10:08 -0300] "GET /cormun/servlet/hpexe_return? HTTP/1.1" 200 1028
192.168.10.62 - - [08/Mar/2017:11:10:08 -0300] "GET /cormun/servlet/trsolicitudgral? HTTP/1.1" 200 10341
192.168.10.62 - - [08/Mar/2017:11:10:09 -0300] "GET /cormun/servlet/trsolicitudgral? HTTP/1.1" 200 10337
186.103.159.182 - - [08/Mar/2017:11:10:12 -0300] "GET /cormun/servlet/solicitudotadjuntos?d513c10847bf977b0e6f91091845b4ed45dc65f7dd8d34721b440db6dbb3e29f,gx-no-cache=1488982283159 HTTP/1.1" 200 30
186.103.159.182 - - [08/Mar/2017:11:10:12 -0300] "GET /cormun/servlet/solicitudotadjuntos?d513c10847bf977b0e6f91091845b4ed45dc65f7dd8d34721b440db6dbb3e29f,gx-no-cache=1488982283184 HTTP/1.1" 200 30
186.103.159.182 - - [08/Mar/2017:11:10:14 -0300] "POST /cormun/servlet/solicitudotadjuntos?f4139f5be8a4522b64dd76bb35e959d5,INS,2017,5307,,1, HTTP/1.1" 200 116
186.103.159.182 - - [08/Mar/2017:11:10:14 -0300] "GET /cormun/servlet/hpexe_return? HTTP/1.1" 200 1021
186.103.159.182 - - [08/Mar/2017:11:10:14 -0300] "GET /cormun/servlet/trsolicitudadjuntos?2017,5307, HTTP/1.1" 200 9051
186.103.159.182 - - [08/Mar/2017:11:10:16 -0300] "GET /cormun/servlet/trsolicitudadjuntos?2017,5307, HTTP/1.1" 200 9054
192.168.10.62 - - [08/Mar/2017:11:10:17 -0300] "POST /cormun/servlet/trsolicitudgral?42f23cc1f7961731fb6c709f47580176,,gx-no-cache=1488985500967 HTTP/1.1" 200 6660
192.168.10.62 - - [08/Mar/2017:11:10:17 -0300] "GET /cormun/static/Shared/jqueryui/images/ui-bg_highlight-soft_100_c6c2c8_1x100.png HTTP/1.1" 404 1117
192.168.10.62 - - [08/Mar/2017:11:10:17 -0300] "GET /cormun/static/Shared/jqueryui/images/ui-icons_82798d_256x240.png HTTP/1.1" 404 1089
192.168.10.62 - - [08/Mar/2017:11:10:17 -0300] "GET /cormun/static/Shared/jqueryui/images/ui-icons_8d78a5_256x240.png HTTP/1.1" 404 1089
192.168.10.62 - - [08/Mar/2017:11:10:17 -0300] "GET /cormun/static/Shared/jqueryui/images/ui-bg_flat_55_fafafa_40x100.png HTTP/1.1" 404 1097
186.103.159.182 - - [08/Mar/2017:11:10:27 -0300] "POST /cormun/servlet/trsolicitudadjuntos?f4139f5be8a4522b64dd76bb35e959d5,2017,5307,,gx-no-cache=1488982297794 HTTP/1.1" 200 90
186.103.159.182 - - [08/Mar/2017:11:10:27 -0300] "GET /cormun/servlet/hpexe_link HTTP/1.1" 200 986
186.103.159.182 - - [08/Mar/2017:11:10:27 -0300] "GET /cormun/servlet/trsolicitudot?gx-no-cache=1488977509025 HTTP/1.1" 200 9152
186.103.159.182 - - [08/Mar/2017:11:10:29 -0300] "GET /cormun/servlet/trsolicitudot?gx-no-cache=1488977509025 HTTP/1.1" 200 9173
186.103.132.155 - - [08/Mar/2017:11:10:41 -0300] "GET /cormun/servlet/solicitudot?6c6cc43e7687d7d004cbbbaf00f75f477abc2721404a886b5a06da54396447ea77ebc7c5dd7a43fd0363d722640b79b32e6946b5ef0585243fce2f1eee299664f92367e9f36bb2b1476b19636da01d3680f5c0be97050a6362e229d9e2e7e2fc33538b7f2c5e9fabe775b2b6b20049c09515943995ec86aea8b788140faaadf905b52912d15e03bd4ab3b7b748b731ee654c1e4311f3e51dfe48190b51fa678d,gx-no-cache=1488978710311 HTTP/1.1" 200 29
186.103.132.155 - - [08/Mar/2017:11:10:41 -0300] "POST /cormun/servlet/solicitudot?gx-no-cache=1488978710445 HTTP/1.1" 200 1273
186.103.159.182 - - [08/Mar/2017:11:10:41 -0300] "POST /cormun/servlet/trsolicitudot?f4139f5be8a4522b64dd76bb35e959d5,gx-no-cache=1488977509025,gx-no-cache=1488982311858 HTTP/1.1" 200 5986
186.103.132.155 - - [08/Mar/2017:11:10:42 -0300] "POST /cormun/servlet/solicitudot?gx-no-cache=1488978710651 HTTP/1.1" 200 1156
186.103.159.182 - - [08/Mar/2017:11:10:42 -0300] "GET /cormun/static/Shared/jqueryui/images/ui-bg_highlight-soft_100_c6c2c8_1x100.png HTTP/1.1" 404 1117
186.103.159.182 - - [08/Mar/2017:11:10:42 -0300] "GET /cormun/static/Shared/jqueryui/images/ui-icons_82798d_256x240.png HTTP/1.1" 404 1089
186.103.159.182 - - [08/Mar/2017:11:10:42 -0300] "GET /cormun/static/Shared/jqueryui/images/ui-bg_flat_55_fafafa_40x100.png HTTP/1.1" 404 1097
186.103.159.182 - - [08/Mar/2017:11:10:42 -0300] "GET /cormun/static/Shared/jqueryui/images/ui-icons_8d78a5_256x240.png HTTP/1.1" 404 1089
186.103.159.182 - - [08/Mar/2017:11:10:42 -0300] "POST /cormun/servlet/trsolicitudot?f4139f5be8a4522b64dd76bb35e959d5,gx-no-cache=1488977509025,gx-no-cache=1488982312523 HTTP/1.1" 200 5928
186.103.159.182 - - [08/Mar/2017:11:10:49 -0300] "POST /cormun/servlet/trsolicitudot?f4139f5be8a4522b64dd76bb35e959d5,gx-no-cache=1488977509025,gx-no-cache=1488982319587 HTTP/1.1" 200 107
186.103.159.182 - - [08/Mar/2017:11:10:49 -0300] "GET /cormun/servlet/trsolicitudadjuntos?2017,5308, HTTP/1.1" 200 6138
186.103.159.182 - - [08/Mar/2017:11:10:51 -0300] "GET /cormun/servlet/trsolicitudadjuntos?2017,5308, HTTP/1.1" 200 6116
186.103.132.155 - - [08/Mar/2017:11:10:51 -0300] "GET /cormun/static/menuarrow.gif HTTP/1.1" 404 1015
186.103.159.182 - - [08/Mar/2017:11:10:53 -0300] "GET /cormun/servlet/solicitudotadjuntos?INS,2017,5308,,1, HTTP/1.1" 200 6048
186.103.159.182 - - [08/Mar/2017:11:10:53 -0300] "GET /cormun/static/about:blank HTTP/1.1" 404 1011
186.103.159.182 - - [08/Mar/2017:11:10:55 -0300] "GET /cormun/servlet/solicitudotadjuntos?INS,2017,5308,,1, HTTP/1.1" 200 6041
186.103.159.182 - - [08/Mar/2017:11:10:55 -0300] "GET /cormun/servlet/solicitudotadjuntos?d513c10847bf977b0e6f91091845b4edbf00314c4a36db008fdad06e3c6875e6753318b5c7c57c8f2ca38720940753c1,gx-no-cache=1488982325675 HTTP/1.1" 200 30
186.103.159.182 - - [08/Mar/2017:11:10:55 -0300] "POST /cormun/servlet/solicitudotadjuntos?f4139f5be8a4522b64dd76bb35e959d5,INS,2017,5308,,1,,gx-no-cache=1488982325720 HTTP/1.1" 200 3850
186.103.132.155 - - [08/Mar/2017:11:10:59 -0300] "GET /cormun/servlet/solicitudot?6c6cc43e7687d7d004cbbbaf00f75f47432d2511c666ebc88cdc4ff0de175cd66e3168c86e570ac0075f8d1d37c8ae86a62d0c3e0444c89cd6ed10c425d0ab2b936c3d3024d3fe7a7a138dcd8c55a6c54d89b5953b9c74c2247190053c63cf54437d70a0d8667e5cdc4efc68f91e9c9fc3f4329446837925db7c3e9e8718a9114792634a509e10d6454ae4e91fb9e322829031daf46dfba12b5d22821df9404790e66de9164a63de60932b3549c5a7de,gx-no-cache=1488978728560 HTTP/1.1" 200 30
186.103.159.182 - - [08/Mar/2017:11:11:01 -0300] "POST /cormun/servlet/solicitudotadjuntos?gx-no-cache=1488982331808 HTTP/1.1" 200 26
186.103.159.182 - - [08/Mar/2017:11:11:08 -0300] "GET /cormun/servlet/solicitudotadjuntos?d513c10847bf977b0e6f91091845b4ed45dc65f7dd8d34721b440db6dbb3e29f,gx-no-cache=1488982339177 HTTP/1.1" 200 30
186.103.159.182 - - [08/Mar/2017:11:11:09 -0300] "GET /cormun/servlet/solicitudotadjuntos?d513c10847bf977b0e6f91091845b4ed45dc65f7dd8d34721b440db6dbb3e29f,gx-no-cache=1488982339202 HTTP/1.1" 200 30
186.103.159.182 - - [08/Mar/2017:11:11:09 -0300] "POST /cormun/servlet/solicitudotadjuntos?f4139f5be8a4522b64dd76bb35e959d5,INS,2017,5308,,1, HTTP/1.1" 200 116
186.103.159.182 - - [08/Mar/2017:11:11:09 -0300] "GET /cormun/servlet/hpexe_return? HTTP/1.1" 200 1021
186.103.159.182 - - [08/Mar/2017:11:11:10 -0300] "GET /cormun/servlet/trsolicitudadjuntos?2017,5308, HTTP/1.1" 200 8255
186.103.132.155 - - [08/Mar/2017:11:11:10 -0300] "POST /cormun/servlet/solicitudot?7bced8b595bc9b2c19a200346027c598,INS,0,0,,gx-no-cache=1488978738684 HTTP/1.1" 200 93
186.103.132.155 - - [08/Mar/2017:11:11:10 -0300] "GET /cormun/servlet/hpexe_return? HTTP/1.1" 200 1000
186.103.132.155 - - [08/Mar/2017:11:11:10 -0300] "GET /cormun/servlet/trsolicitudot HTTP/1.1" 200 12654
186.103.132.155 - - [08/Mar/2017:11:11:11 -0300] "GET /cormun/servlet/trsolicitudot HTTP/1.1" 200 12649
186.103.159.182 - - [08/Mar/2017:11:11:11 -0300] "GET /cormun/servlet/trsolicitudadjuntos?2017,5308, HTTP/1.1" 200 8248
186.103.159.182 - - [08/Mar/2017:11:11:14 -0300] "GET /cormun/servlet/solicitudotadjuntos?INS,2017,5308,,1, HTTP/1.1" 200 6048
186.103.159.182 - - [08/Mar/2017:11:11:14 -0300] "GET /cormun/static/about:blank HTTP/1.1" 404 1011
186.103.159.182 - - [08/Mar/2017:11:11:15 -0300] "GET /cormun/servlet/solicitudotadjuntos?INS,2017,5308,,1, HTTP/1.1" 200 6042
186.103.159.182 - - [08/Mar/2017:11:11:16 -0300] "GET /cormun/servlet/solicitudotadjuntos?d513c10847bf977b0e6f91091845b4edbf00314c4a36db008fdad06e3c6875e6753318b5c7c57c8f2ca38720940753c1,gx-no-cache=1488982346400 HTTP/1.1" 200 30
186.103.159.182 - - [08/Mar/2017:11:11:16 -0300] "POST /cormun/servlet/solicitudotadjuntos?f4139f5be8a4522b64dd76bb35e959d5,INS,2017,5308,,1,,gx-no-cache=1488982346795 HTTP/1.1" 200 3850
186.103.159.182 - - [08/Mar/2017:11:11:19 -0300] "POST /cormun/servlet/solicitudotadjuntos?gx-no-cache=1488982349303 HTTP/1.1" 200 26
186.103.159.182 - - [08/Mar/2017:11:11:27 -0300] "GET /cormun/servlet/solicitudotadjuntos?d513c10847bf977b0e6f91091845b4ed45dc65f7dd8d34721b440db6dbb3e29f,gx-no-cache=1488982357504 HTTP/1.1" 200 30
186.103.159.182 - - [08/Mar/2017:11:11:27 -0300] "GET /cormun/servlet/solicitudotadjuntos?d513c10847bf977b0e6f91091845b4ed45dc65f7dd8d34721b440db6dbb3e29f,gx-no-cache=1488982357528 HTTP/1.1" 200 30
186.103.159.182 - - [08/Mar/2017:11:11:28 -0300] "POST /cormun/servlet/solicitudotadjuntos?f4139f5be8a4522b64dd76bb35e959d5,INS,2017,5308,,1, HTTP/1.1" 200 116
186.103.159.182 - - [08/Mar/2017:11:11:28 -0300] "GET /cormun/servlet/hpexe_return? HTTP/1.1" 200 1021
186.103.159.182 - - [08/Mar/2017:11:11:29 -0300] "GET /cormun/servlet/trsolicitudadjuntos?2017,5308, HTTP/1.1" 200 8428
186.103.159.182 - - [08/Mar/2017:11:11:30 -0300] "GET /cormun/servlet/trsolicitudadjuntos?2017,5308, HTTP/1.1" 200 8427
186.103.132.155 - - [08/Mar/2017:11:11:35 -0300] "GET /cormun/servlet/solicitudot?INS,0,0, HTTP/1.1" 200 12588
186.103.132.155 - - [08/Mar/2017:11:11:35 -0300] "GET /cormun/servlet/solicitudot?INS,0,0, HTTP/1.1" 200 12593
186.103.132.155 - - [08/Mar/2017:11:11:45 -0300] "GET /cormun/servlet/prfichaempleado?,MD,,gxPopupLevel%3D0%3B HTTP/1.1" 200 8845
186.103.132.155 - - [08/Mar/2017:11:12:08 -0300] "POST /cormun/servlet/prfichaempleado?7bced8b595bc9b2c19a200346027c598,,MD,,gxPopupLevel%3D0%3B,gx-no-cache=1488978796797 HTTP/1.1" 200 3400
186.103.159.182 - - [08/Mar/2017:11:12:09 -0300] "GET /cormun/servlet/solicitudotadjuntos?INS,2017,5308,,1, HTTP/1.1" 200 6048
186.103.159.182 - - [08/Mar/2017:11:12:09 -0300] "GET /cormun/static/about:blank HTTP/1.1" 404 1011
186.103.159.182 - - [08/Mar/2017:11:12:10 -0300] "GET /cormun/servlet/solicitudotadjuntos?INS,2017,5308,,1, HTTP/1.1" 200 6042
186.103.159.182 - - [08/Mar/2017:11:12:11 -0300] "GET /cormun/servlet/solicitudotadjuntos?d513c10847bf977b0e6f91091845b4edbf00314c4a36db008fdad06e3c6875e6753318b5c7c57c8f2ca38720940753c1,gx-no-cache=1488982401491 HTTP/1.1" 200 30
186.103.159.182 - - [08/Mar/2017:11:12:11 -0300] "POST /cormun/servlet/solicitudotadjuntos?f4139f5be8a4522b64dd76bb35e959d5,INS,2017,5308,,1,,gx-no-cache=1488982401549 HTTP/1.1" 200 3849
186.103.159.182 - - [08/Mar/2017:11:12:14 -0300] "POST /cormun/servlet/solicitudotadjuntos?gx-no-cache=1488982404553 HTTP/1.1" 200 26
186.103.132.155 - - [08/Mar/2017:11:12:21 -0300] "POST /cormun/servlet/solicitudot?gx-no-cache=1488978810092 HTTP/1.1" 200 3195
186.103.132.155 - - [08/Mar/2017:11:12:21 -0300] "POST /cormun/servlet/solicitudot?7bced8b595bc9b2c19a200346027c598,INS,0,0,,gx-no-cache=1488978810458 HTTP/1.1" 200 9803
186.103.132.155 - - [08/Mar/2017:11:12:22 -0300] "GET /cormun/servlet/solicitudot?6c6cc43e7687d7d004cbbbaf00f75f47380dbe2e31e363a2832cb2f49549a7ab5cdba3d886eee2895804e67e518ab76d,gx-no-cache=1488978810735 HTTP/1.1" 200 30
186.103.159.182 - - [08/Mar/2017:11:12:26 -0300] "GET /cormun/servlet/solicitudotadjuntos?d513c10847bf977b0e6f91091845b4ed45dc65f7dd8d34721b440db6dbb3e29f,gx-no-cache=1488982417090 HTTP/1.1" 200 30
186.103.159.182 - - [08/Mar/2017:11:12:26 -0300] "GET /cormun/servlet/solicitudotadjuntos?d513c10847bf977b0e6f91091845b4ed45dc65f7dd8d34721b440db6dbb3e29f,gx-no-cache=1488982417156 HTTP/1.1" 200 30
186.103.132.155 - - [08/Mar/2017:11:12:27 -0300] "POST /cormun/servlet/solicitudot?gx-no-cache=1488978816063 HTTP/1.1" 200 297
186.103.132.155 - - [08/Mar/2017:11:12:27 -0300] "GET /cormun/servlet/solicitudot?6c6cc43e7687d7d004cbbbaf00f75f47930a55f8fadc5b27448c05ca63f73f673d2ac1f2a1a95d78aadc7a37f91475bf0b1365bf840ef81e7f853612fea87014a7841cb26363eee96077851b586c3df04870dc8f08278e31636fee780581a93f7ee97e9a52149874916f4933c51d23e2b37cf281c342710d535bd48f481243ee779ee14e180eaca2727743731c228c534dc05ac2c274c4d3dff344be141e24cf1d59f6fff754cb03e9b3f59a4b71b12e2254055653f2bc33040e36a96d945a95b82b27cf14549913ffda8a7f011a31e41a0c6b63111fbd07762df4bfbcd9943f43617fe93e572f61ef8a4368cc25b24209139e9655cc2bc42c64347d97d6636446c771707447c3473d2ca488187465b6000b692959247b062685865ab06b536cfeb84a883061cd8fda64808298e9e18c6696fdc2623360f93fefae075afa9a16da25459e6719a3728c845a28565b57804bc14c6dfd195ba854bc48627760ca9d6f9234d90772b212be84aeb489d1333e1d164f90e0f905f8349b601a64c3285e19a7205e3f1fec5bba388a46bc4807f0,gx-no-cache=1488978816172 HTTP/1.1" 200 30
186.103.159.182 - - [08/Mar/2017:11:12:28 -0300] "POST /cormun/servlet/solicitudotadjuntos?f4139f5be8a4522b64dd76bb35e959d5,INS,2017,5308,,1, HTTP/1.1" 200 116
186.103.159.182 - - [08/Mar/2017:11:12:28 -0300] "GET /cormun/servlet/hpexe_return? HTTP/1.1" 200 1021
186.103.159.182 - - [08/Mar/2017:11:12:28 -0300] "GET /cormun/servlet/trsolicitudadjuntos?2017,5308, HTTP/1.1" 200 8570
186.103.132.155 - - [08/Mar/2017:11:12:29 -0300] "POST /cormun/servlet/solicitudot?gx-no-cache=1488978818087 HTTP/1.1" 200 30
186.103.159.182 - - [08/Mar/2017:11:12:30 -0300] "GET /cormun/servlet/trsolicitudadjuntos?2017,5308, HTTP/1.1" 200 8570
186.103.132.155 - - [08/Mar/2017:11:12:33 -0300] "POST /cormun/servlet/solicitudot?gx-no-cache=1488978821981 HTTP/1.1" 200 1292
186.103.132.155 - - [08/Mar/2017:11:12:33 -0300] "POST /cormun/servlet/solicitudot?gx-no-cache=1488978822118 HTTP/1.1" 200 38
186.103.159.182 - - [08/Mar/2017:11:12:33 -0300] "GET /cormun/servlet/solicitudotadjuntos?INS,2017,5308,,1, HTTP/1.1" 200 6048
186.103.159.182 - - [08/Mar/2017:11:12:34 -0300] "GET /cormun/static/about:blank HTTP/1.1" 404 1011
186.103.159.182 - - [08/Mar/2017:11:12:35 -0300] "GET /cormun/servlet/solicitudotadjuntos?INS,2017,5308,,1, HTTP/1.1" 200 6041
186.103.159.182 - - [08/Mar/2017:11:12:35 -0300] "GET /cormun/servlet/solicitudotadjuntos?d513c10847bf977b0e6f91091845b4edbf00314c4a36db008fdad06e3c6875e6753318b5c7c57c8f2ca38720940753c1,gx-no-cache=1488982425850 HTTP/1.1" 200 30
186.103.159.182 - - [08/Mar/2017:11:12:35 -0300] "POST /cormun/servlet/solicitudotadjuntos?f4139f5be8a4522b64dd76bb35e959d5,INS,2017,5308,,1,,gx-no-cache=1488982425888 HTTP/1.1" 200 3848
186.103.132.155 - - [08/Mar/2017:11:12:37 -0300] "GET /cormun/servlet/solicitudot?6c6cc43e7687d7d004cbbbaf00f75f477abc2721404a886b5a06da54396447ea77ebc7c5dd7a43fd0363d722640b79b34e4d4bbd4d257f81540b6cf6b5e903eb293f4498e39bc9bd6c5b4d266bc992763c33da804a6bcf0ed9418c8e319a699864c761633267fa37c15d984bc08a8640,gx-no-cache=1488978826379 HTTP/1.1" 200 29
186.103.132.155 - - [08/Mar/2017:11:12:37 -0300] "POST /cormun/servlet/solicitudot?gx-no-cache=1488978826452 HTTP/1.1" 200 1275
186.103.132.155 - - [08/Mar/2017:11:12:38 -0300] "POST /cormun/servlet/solicitudot?gx-no-cache=1488978826590 HTTP/1.1" 200 1157
186.103.159.182 - - [08/Mar/2017:11:12:39 -0300] "POST /cormun/servlet/solicitudotadjuntos?gx-no-cache=1488982429920 HTTP/1.1" 200 26
186.103.132.155 - - [08/Mar/2017:11:12:49 -0300] "GET /cormun/static/menuarrow.gif HTTP/1.1" 404 1015
186.103.159.182 - - [08/Mar/2017:11:12:56 -0300] "GET /cormun/servlet/solicitudotadjuntos?d513c10847bf977b0e6f91091845b4ed45dc65f7dd8d34721b440db6dbb3e29f,gx-no-cache=1488982446699 HTTP/1.1" 200 30
186.103.159.182 - - [08/Mar/2017:11:12:56 -0300] "GET /cormun/servlet/solicitudotadjuntos?d513c10847bf977b0e6f91091845b4ed45dc65f7dd8d34721b440db6dbb3e29f,gx-no-cache=1488982446751 HTTP/1.1" 200 30
186.103.132.155 - - [08/Mar/2017:11:12:58 -0300] "GET /cormun/servlet/solicitudot?6c6cc43e7687d7d004cbbbaf00f75f47a4f06daceb53df930286ba2035764930fc22ab20a8038ee42f49dfee575ce059a62d0c3e0444c89cd6ed10c425d0ab2b936c3d3024d3fe7a7a138dcd8c55a6c54d89b5953b9c74c2247190053c63cf54437d70a0d8667e5cdc4efc68f91e9c9fc3f4329446837925db7c3e9e8718a9114792634a509e10d6454ae4e91fb9e322829031daf46dfba12b5d22821df9404790e66de9164a63de60932b3549c5a7de,gx-no-cache=1488978847116 HTTP/1.1" 200 30
186.103.159.182 - - [08/Mar/2017:11:12:58 -0300] "POST /cormun/servlet/solicitudotadjuntos?f4139f5be8a4522b64dd76bb35e959d5,INS,2017,5308,,1, HTTP/1.1" 200 116
186.103.159.182 - - [08/Mar/2017:11:12:58 -0300] "GET /cormun/servlet/hpexe_return? HTTP/1.1" 200 1021
186.103.159.182 - - [08/Mar/2017:11:12:59 -0300] "GET /cormun/servlet/trsolicitudadjuntos?2017,5308, HTTP/1.1" 200 8690
186.103.159.182 - - [08/Mar/2017:11:13:00 -0300] "GET /cormun/servlet/trsolicitudadjuntos?2017,5308, HTTP/1.1" 200 8687
186.103.132.155 - - [08/Mar/2017:11:13:11 -0300] "POST /cormun/servlet/solicitudot?7bced8b595bc9b2c19a200346027c598,INS,0,0,,gx-no-cache=1488978859515 HTTP/1.1" 200 93
186.103.132.155 - - [08/Mar/2017:11:13:11 -0300] "GET /cormun/servlet/hpexe_return? HTTP/1.1" 200 1000
186.103.132.155 - - [08/Mar/2017:11:13:11 -0300] "GET /cormun/servlet/trsolicitudot HTTP/1.1" 200 12979
186.103.132.155 - - [08/Mar/2017:11:13:12 -0300] "GET /cormun/servlet/trsolicitudot HTTP/1.1" 200 12975
186.103.132.155 - - [08/Mar/2017:11:13:18 -0300] "GET /cormun/servlet/solicitudot?INS,0,0, HTTP/1.1" 200 12588
186.103.132.155 - - [08/Mar/2017:11:13:19 -0300] "GET /cormun/servlet/solicitudot?INS,0,0, HTTP/1.1" 200 12593
186.103.159.182 - - [08/Mar/2017:11:13:27 -0300] "GET /cormun/servlet/solicitudotadjuntos?INS,2017,5308,,1, HTTP/1.1" 200 6047
186.103.132.155 - - [08/Mar/2017:11:13:27 -0300] "GET /cormun/servlet/prfichaempleado?,MD,,gxPopupLevel%3D0%3B HTTP/1.1" 200 8845
186.103.159.182 - - [08/Mar/2017:11:13:28 -0300] "GET /cormun/static/about:blank HTTP/1.1" 404 1011
186.103.159.182 - - [08/Mar/2017:11:13:28 -0300] "GET /cormun/servlet/solicitudotadjuntos?INS,2017,5308,,1, HTTP/1.1" 200 6040
186.103.159.182 - - [08/Mar/2017:11:13:28 -0300] "GET /cormun/servlet/solicitudotadjuntos?d513c10847bf977b0e6f91091845b4edbf00314c4a36db008fdad06e3c6875e6753318b5c7c57c8f2ca38720940753c1,gx-no-cache=1488982479102 HTTP/1.1" 200 30
186.103.159.182 - - [08/Mar/2017:11:13:29 -0300] "POST /cormun/servlet/solicitudotadjuntos?f4139f5be8a4522b64dd76bb35e959d5,INS,2017,5308,,1,,gx-no-cache=1488982479180 HTTP/1.1" 200 3847
186.103.159.182 - - [08/Mar/2017:11:13:32 -0300] "POST /cormun/servlet/solicitudotadjuntos?gx-no-cache=1488982482190 HTTP/1.1" 200 26
186.103.159.182 - - [08/Mar/2017:11:13:38 -0300] "GET /cormun/servlet/solicitudotadjuntos?d513c10847bf977b0e6f91091845b4ed45dc65f7dd8d34721b440db6dbb3e29f,gx-no-cache=1488982488771 HTTP/1.1" 200 30
186.103.159.182 - - [08/Mar/2017:11:13:38 -0300] "GET /cormun/servlet/solicitudotadjuntos?d513c10847bf977b0e6f91091845b4ed45dc65f7dd8d34721b440db6dbb3e29f,gx-no-cache=1488982488797 HTTP/1.1" 200 30
186.103.159.182 - - [08/Mar/2017:11:13:45 -0300] "POST /cormun/servlet/solicitudotadjuntos?f4139f5be8a4522b64dd76bb35e959d5,INS,2017,5308,,1, HTTP/1.1" 200 116
186.103.159.182 - - [08/Mar/2017:11:13:45 -0300] "GET /cormun/servlet/hpexe_return? HTTP/1.1" 200 1021
186.103.159.182 - - [08/Mar/2017:11:13:45 -0300] "GET /cormun/servlet/trsolicitudadjuntos?2017,5308, HTTP/1.1" 200 8890
186.103.159.182 - - [08/Mar/2017:11:13:47 -0300] "GET /cormun/servlet/trsolicitudadjuntos?2017,5308, HTTP/1.1" 200 8887
186.103.159.182 - - [08/Mar/2017:11:13:49 -0300] "GET /cormun/servlet/solicitudotadjuntos?INS,2017,5308,,1, HTTP/1.1" 200 6047
186.103.159.182 - - [08/Mar/2017:11:13:49 -0300] "GET /cormun/static/about:blank HTTP/1.1" 404 1011
186.103.159.182 - - [08/Mar/2017:11:13:50 -0300] "GET /cormun/servlet/solicitudotadjuntos?INS,2017,5308,,1, HTTP/1.1" 200 6040
186.103.159.182 - - [08/Mar/2017:11:13:51 -0300] "GET /cormun/servlet/solicitudotadjuntos?d513c10847bf977b0e6f91091845b4edbf00314c4a36db008fdad06e3c6875e6753318b5c7c57c8f2ca38720940753c1,gx-no-cache=1488982501242 HTTP/1.1" 200 30
186.103.159.182 - - [08/Mar/2017:11:13:51 -0300] "POST /cormun/servlet/solicitudotadjuntos?f4139f5be8a4522b64dd76bb35e959d5,INS,2017,5308,,1,,gx-no-cache=1488982501292 HTTP/1.1" 200 3847
186.103.132.155 - - [08/Mar/2017:11:13:51 -0300] "POST /cormun/servlet/prfichaempleado?7bced8b595bc9b2c19a200346027c598,,MD,,gxPopupLevel%3D0%3B,gx-no-cache=1488978899275 HTTP/1.1" 200 3389
186.103.159.182 - - [08/Mar/2017:11:13:53 -0300] "POST /cormun/servlet/solicitudotadjuntos?gx-no-cache=1488982503528 HTTP/1.1" 200 26
186.103.132.155 - - [08/Mar/2017:11:13:55 -0300] "POST /cormun/servlet/solicitudot?gx-no-cache=1488978903696 HTTP/1.1" 200 3177
186.103.132.155 - - [08/Mar/2017:11:13:55 -0300] "POST /cormun/servlet/solicitudot?7bced8b595bc9b2c19a200346027c598,INS,0,0,,gx-no-cache=1488978904006 HTTP/1.1" 200 9783
186.103.132.155 - - [08/Mar/2017:11:13:55 -0300] "GET /cormun/servlet/solicitudot?6c6cc43e7687d7d004cbbbaf00f75f47389082a6e5498446a8172de323a949a05cdba3d886eee2895804e67e518ab76d,gx-no-cache=1488978904355 HTTP/1.1" 200 30
186.103.159.182 - - [08/Mar/2017:11:14:00 -0300] "GET /cormun/servlet/solicitudotadjuntos?d513c10847bf977b0e6f91091845b4ed45dc65f7dd8d34721b440db6dbb3e29f,gx-no-cache=1488982510522 HTTP/1.1" 200 30
186.103.159.182 - - [08/Mar/2017:11:14:00 -0300] "GET /cormun/servlet/solicitudotadjuntos?d513c10847bf977b0e6f91091845b4ed45dc65f7dd8d34721b440db6dbb3e29f,gx-no-cache=1488982510549 HTTP/1.1" 200 30
186.103.132.155 - - [08/Mar/2017:11:14:00 -0300] "POST /cormun/servlet/solicitudot?gx-no-cache=1488978909169 HTTP/1.1" 200 297
186.103.132.155 - - [08/Mar/2017:11:14:00 -0300] "GET /cormun/servlet/solicitudot?6c6cc43e7687d7d004cbbbaf00f75f47930a55f8fadc5b27448c05ca63f73f673d2ac1f2a1a95d78aadc7a37f91475bf0b1365bf840ef81e7f853612fea87014a7841cb26363eee96077851b586c3df04870dc8f08278e31636fee780581a93f7ee97e9a52149874916f4933c51d23e2b37cf281c342710d535bd48f481243ee779ee14e180eaca2727743731c228c534dc05ac2c274c4d3dff344be141e24cf1d59f6fff754cb03e9b3f59a4b71b12e2254055653f2bc33040e36a96d945a95b82b27cf14549913ffda8a7f011a31e41a0c6b63111fbd07762df4bfbcd9943f43617fe93e572f61ef8a4368cc25b24209139e9655cc2bc42c64347d97d6636446c771707447c3473d2ca488187465b6000b692959247b062685865ab06b536cfeb84a883061cd8fda64808298e9e18c6696fdc2623360f93fefae075afa9a16da25459e6719a3728c845a28565b57804bc14c6dfd195ba854bc48627760ca9d6f9234d90772b212be84aeb489d1333e1d164f90e0f905f8349b601a64c3285e19a7205e3f1fec5bba388a46bc4807f0,gx-no-cache=1488978909406 HTTP/1.1" 200 30
186.103.159.182 - - [08/Mar/2017:11:14:02 -0300] "POST /cormun/servlet/solicitudotadjuntos?f4139f5be8a4522b64dd76bb35e959d5,INS,2017,5308,,1, HTTP/1.1" 200 116
186.103.159.182 - - [08/Mar/2017:11:14:02 -0300] "GET /cormun/servlet/hpexe_return? HTTP/1.1" 200 1021
186.103.159.182 - - [08/Mar/2017:11:14:02 -0300] "GET /cormun/servlet/trsolicitudadjuntos?2017,5308, HTTP/1.1" 200 9067
186.103.132.155 - - [08/Mar/2017:11:14:04 -0300] "POST /cormun/servlet/solicitudot?gx-no-cache=1488978912799 HTTP/1.1" 200 30
186.103.159.182 - - [08/Mar/2017:11:14:04 -0300] "GET /cormun/servlet/trsolicitudadjuntos?2017,5308, HTTP/1.1" 200 9065
186.103.132.155 - - [08/Mar/2017:11:14:06 -0300] "POST /cormun/servlet/solicitudot?gx-no-cache=1488978915064 HTTP/1.1" 200 1291
186.103.132.155 - - [08/Mar/2017:11:14:06 -0300] "POST /cormun/servlet/solicitudot?gx-no-cache=1488978915250 HTTP/1.1" 200 38
186.103.159.182 - - [08/Mar/2017:11:14:07 -0300] "POST /cormun/servlet/trsolicitudadjuntos?f4139f5be8a4522b64dd76bb35e959d5,2017,5308,,gx-no-cache=1488982517878 HTTP/1.1" 200 90
186.103.159.182 - - [08/Mar/2017:11:14:07 -0300] "GET /cormun/servlet/hpexe_link HTTP/1.1" 200 986
186.103.159.182 - - [08/Mar/2017:11:14:08 -0300] "GET /cormun/servlet/trsolicitudot?gx-no-cache=1488977509025 HTTP/1.1" 200 8890
186.103.159.182 - - [08/Mar/2017:11:14:09 -0300] "GET /cormun/servlet/trsolicitudot?gx-no-cache=1488977509025 HTTP/1.1" 200 8912
186.103.159.182 - - [08/Mar/2017:11:14:15 -0300] "POST /cormun/servlet/trsolicitudot?f4139f5be8a4522b64dd76bb35e959d5,gx-no-cache=1488977509025,gx-no-cache=1488982526029 HTTP/1.1" 200 5649
186.103.132.155 - - [08/Mar/2017:11:14:16 -0300] "GET /cormun/servlet/solicitudot?6c6cc43e7687d7d004cbbbaf00f75f477abc2721404a886b5a06da54396447ea77ebc7c5dd7a43fd0363d722640b79b34e4d4bbd4d257f81540b6cf6b5e903eb293f4498e39bc9bd6c5b4d266bc992763c33da804a6bcf0ed9418c8e319a699864c761633267fa37c15d984bc08a8640,gx-no-cache=1488978924624 HTTP/1.1" 200 29
186.103.159.182 - - [08/Mar/2017:11:14:16 -0300] "GET /cormun/static/Shared/jqueryui/images/ui-bg_highlight-soft_100_c6c2c8_1x100.png HTTP/1.1" 404 1117
186.103.159.182 - - [08/Mar/2017:11:14:16 -0300] "GET /cormun/static/Shared/jqueryui/images/ui-icons_82798d_256x240.png HTTP/1.1" 404 1089
186.103.159.182 - - [08/Mar/2017:11:14:16 -0300] "GET /cormun/static/Shared/jqueryui/images/ui-bg_flat_55_fafafa_40x100.png HTTP/1.1" 404 1097
186.103.159.182 - - [08/Mar/2017:11:14:16 -0300] "GET /cormun/static/Shared/jqueryui/images/ui-icons_8d78a5_256x240.png HTTP/1.1" 404 1089
186.103.132.155 - - [08/Mar/2017:11:14:16 -0300] "POST /cormun/servlet/solicitudot?gx-no-cache=1488978924748 HTTP/1.1" 200 1274
186.103.159.182 - - [08/Mar/2017:11:14:16 -0300] "POST /cormun/servlet/trsolicitudot?f4139f5be8a4522b64dd76bb35e959d5,gx-no-cache=1488977509025,gx-no-cache=1488982526442 HTTP/1.1" 200 5591
186.103.132.155 - - [08/Mar/2017:11:14:16 -0300] "POST /cormun/servlet/solicitudot?gx-no-cache=1488978924996 HTTP/1.1" 200 1158
186.103.132.155 - - [08/Mar/2017:11:14:16 -0300] "GET /cormun/static/menuarrow.gif HTTP/1.1" 404 1015
186.103.132.155 - - [08/Mar/2017:11:14:18 -0300] "POST /cormun/servlet/solicitudot?gx-no-cache=1488978926644 HTTP/1.1" 200 1274
186.103.132.155 - - [08/Mar/2017:11:14:18 -0300] "POST /cormun/servlet/solicitudot?gx-no-cache=1488978926862 HTTP/1.1" 200 1158
186.103.132.155 - - [08/Mar/2017:11:14:25 -0300] "GET /cormun/servlet/solicitudot?6c6cc43e7687d7d004cbbbaf00f75f475e7568c58e151741a06ebc550b64712c0608a41ebdd507b1a16bcd7cf93911e1a62d0c3e0444c89cd6ed10c425d0ab2b936c3d3024d3fe7a7a138dcd8c55a6c54d89b5953b9c74c2247190053c63cf54437d70a0d8667e5cdc4efc68f91e9c9fc3f4329446837925db7c3e9e8718a9114792634a509e10d6454ae4e91fb9e322829031daf46dfba12b5d22821df9404790e66de9164a63de60932b3549c5a7de,gx-no-cache=1488978934595 HTTP/1.1" 200 30
186.103.132.155 - - [08/Mar/2017:11:14:34 -0300] "POST /cormun/servlet/solicitudot?7bced8b595bc9b2c19a200346027c598,INS,0,0,,gx-no-cache=1488978943028 HTTP/1.1" 200 93
186.103.132.155 - - [08/Mar/2017:11:14:35 -0300] "GET /cormun/servlet/hpexe_return? HTTP/1.1" 200 1000
186.103.132.155 - - [08/Mar/2017:11:14:35 -0300] "GET /cormun/servlet/trsolicitudot HTTP/1.1" 200 13283
186.103.132.155 - - [08/Mar/2017:11:14:36 -0300] "GET /cormun/servlet/trsolicitudot HTTP/1.1" 200 13278
186.103.132.155 - - [08/Mar/2017:11:14:51 -0300] "GET /cormun/servlet/solicitudot?INS,0,0, HTTP/1.1" 200 12588
186.103.132.155 - - [08/Mar/2017:11:14:52 -0300] "GET /cormun/servlet/solicitudot?INS,0,0, HTTP/1.1" 200 12593
186.103.132.155 - - [08/Mar/2017:11:15:02 -0300] "GET /cormun/servlet/prfichaempleado?,MD,,gxPopupLevel%3D0%3B HTTP/1.1" 200 8845
186.103.132.155 - - [08/Mar/2017:11:15:24 -0300] "POST /cormun/servlet/prfichaempleado?7bced8b595bc9b2c19a200346027c598,,MD,,gxPopupLevel%3D0%3B,gx-no-cache=1488978992476 HTTP/1.1" 200 3393
186.103.132.155 - - [08/Mar/2017:11:15:29 -0300] "POST /cormun/servlet/solicitudot?gx-no-cache=1488978997826 HTTP/1.1" 200 3195
186.103.132.155 - - [08/Mar/2017:11:15:29 -0300] "POST /cormun/servlet/solicitudot?7bced8b595bc9b2c19a200346027c598,INS,0,0,,gx-no-cache=1488978998264 HTTP/1.1" 200 9800
186.103.132.155 - - [08/Mar/2017:11:15:30 -0300] "GET /cormun/servlet/solicitudot?6c6cc43e7687d7d004cbbbaf00f75f47919d656c0f544d7334ab78c46fb4cbab5cdba3d886eee2895804e67e518ab76d,gx-no-cache=1488978998742 HTTP/1.1" 200 30
186.103.132.155 - - [08/Mar/2017:11:15:34 -0300] "POST /cormun/servlet/solicitudot?gx-no-cache=1488979003034 HTTP/1.1" 200 297
186.103.132.155 - - [08/Mar/2017:11:15:35 -0300] "GET /cormun/servlet/solicitudot?6c6cc43e7687d7d004cbbbaf00f75f47930a55f8fadc5b27448c05ca63f73f673d2ac1f2a1a95d78aadc7a37f91475bf0b1365bf840ef81e7f853612fea87014a7841cb26363eee96077851b586c3df04870dc8f08278e31636fee780581a93f7ee97e9a52149874916f4933c51d23e2b37cf281c342710d535bd48f481243ee779ee14e180eaca2727743731c228c534dc05ac2c274c4d3dff344be141e24cf1d59f6fff754cb03e9b3f59a4b71b12e2254055653f2bc33040e36a96d945a95b82b27cf14549913ffda8a7f011a31e41a0c6b63111fbd07762df4bfbcd9943f43617fe93e572f61ef8a4368cc25b24209139e9655cc2bc42c64347d97d6636446c771707447c3473d2ca488187465b6000b692959247b062685865ab06b536cfeb84a883061cd8fda64808298e9e18c6696fdc2623360f93fefae075afa9a16da25459e6719a3728c845a28565b57804bc14c6dfd195ba854bc48627760ca9d6f9234d90772b212be84aeb489d1333e1d164f90e0f905f8349b601a64c3285e19a7205e3f1fec5bba388a46bc4807f0,gx-no-cache=1488979003499 HTTP/1.1" 200 30
186.103.132.155 - - [08/Mar/2017:11:15:36 -0300] "POST /cormun/servlet/solicitudot?gx-no-cache=1488979005429 HTTP/1.1" 200 30
186.103.132.155 - - [08/Mar/2017:11:15:40 -0300] "POST /cormun/servlet/solicitudot?gx-no-cache=1488979008609 HTTP/1.1" 200 1291
186.103.132.155 - - [08/Mar/2017:11:15:40 -0300] "POST /cormun/servlet/solicitudot?gx-no-cache=1488979008824 HTTP/1.1" 200 38
186.103.132.155 - - [08/Mar/2017:11:15:45 -0300] "GET /cormun/servlet/solicitudot?6c6cc43e7687d7d004cbbbaf00f75f477abc2721404a886b5a06da54396447ea77ebc7c5dd7a43fd0363d722640b79b34e4d4bbd4d257f81540b6cf6b5e903eb293f4498e39bc9bd6c5b4d266bc992763c33da804a6bcf0ed9418c8e319a699864c761633267fa37c15d984bc08a8640,gx-no-cache=1488979013318 HTTP/1.1" 200 29
186.103.132.155 - - [08/Mar/2017:11:15:46 -0300] "POST /cormun/servlet/solicitudot?gx-no-cache=1488979013983 HTTP/1.1" 200 1274
186.103.132.155 - - [08/Mar/2017:11:15:46 -0300] "POST /cormun/servlet/solicitudot?gx-no-cache=1488979014725 HTTP/1.1" 200 1157
186.103.132.155 - - [08/Mar/2017:11:15:46 -0300] "GET /cormun/static/menuarrow.gif HTTP/1.1" 404 1015
186.103.132.155 - - [08/Mar/2017:11:15:47 -0300] "POST /cormun/servlet/solicitudot?gx-no-cache=1488979016176 HTTP/1.1" 200 1274
186.103.132.155 - - [08/Mar/2017:11:15:47 -0300] "POST /cormun/servlet/solicitudot?gx-no-cache=1488979016270 HTTP/1.1" 200 1157
186.103.132.155 - - [08/Mar/2017:11:16:05 -0300] "GET /cormun/servlet/solicitudot?6c6cc43e7687d7d004cbbbaf00f75f470172d32ad0aeefc06143fadb5e83ed1ff4c5dfcf7ba15942d9ec5af571ba9833a62d0c3e0444c89cd6ed10c425d0ab2b936c3d3024d3fe7a7a138dcd8c55a6c54d89b5953b9c74c2247190053c63cf54437d70a0d8667e5cdc4efc68f91e9c9fc3f4329446837925db7c3e9e8718a9114792634a509e10d6454ae4e91fb9e322829031daf46dfba12b5d22821df9404790e66de9164a63de60932b3549c5a7de,gx-no-cache=1488979033884 HTTP/1.1" 200 30
186.103.132.155 - - [08/Mar/2017:11:16:16 -0300] "POST /cormun/servlet/solicitudot?7bced8b595bc9b2c19a200346027c598,INS,0,0,,gx-no-cache=1488979044962 HTTP/1.1" 200 93
186.103.132.155 - - [08/Mar/2017:11:16:16 -0300] "GET /cormun/servlet/hpexe_return? HTTP/1.1" 200 1000
186.103.132.155 - - [08/Mar/2017:11:16:17 -0300] "GET /cormun/servlet/trsolicitudot HTTP/1.1" 200 13580
186.103.132.155 - - [08/Mar/2017:11:16:18 -0300] "GET /cormun/servlet/trsolicitudot HTTP/1.1" 200 13575
186.103.132.155 - - [08/Mar/2017:11:16:20 -0300] "GET /cormun/servlet/solicitudot?INS,0,0, HTTP/1.1" 200 12588
186.103.132.155 - - [08/Mar/2017:11:16:21 -0300] "GET /cormun/servlet/solicitudot?INS,0,0, HTTP/1.1" 200 12593
186.103.132.155 - - [08/Mar/2017:11:16:29 -0300] "GET /cormun/servlet/prfichaempleado?,MD,,gxPopupLevel%3D0%3B HTTP/1.1" 200 8845
186.103.132.155 - - [08/Mar/2017:11:16:41 -0300] "POST /cormun/servlet/prfichaempleado?7bced8b595bc9b2c19a200346027c598,,MD,,gxPopupLevel%3D0%3B,gx-no-cache=1488979070091 HTTP/1.1" 200 3401
186.103.132.155 - - [08/Mar/2017:11:16:45 -0300] "POST /cormun/servlet/solicitudot?gx-no-cache=1488979073583 HTTP/1.1" 200 3175
186.103.132.155 - - [08/Mar/2017:11:16:46 -0300] "POST /cormun/servlet/solicitudot?7bced8b595bc9b2c19a200346027c598,INS,0,0,,gx-no-cache=1488979074049 HTTP/1.1" 200 9794
186.103.132.155 - - [08/Mar/2017:11:16:46 -0300] "GET /cormun/servlet/solicitudot?6c6cc43e7687d7d004cbbbaf00f75f4707247800ede6aa0980b77b3da55df719340921a73c68967d74c0ff07bbf73d7b,gx-no-cache=1488979074815 HTTP/1.1" 200 30
186.103.132.155 - - [08/Mar/2017:11:17:01 -0300] "POST /cormun/servlet/solicitudot?gx-no-cache=1488979090512 HTTP/1.1" 200 297
186.103.132.155 - - [08/Mar/2017:11:17:02 -0300] "GET /cormun/servlet/solicitudot?6c6cc43e7687d7d004cbbbaf00f75f47930a55f8fadc5b27448c05ca63f73f673d2ac1f2a1a95d78aadc7a37f91475bf0b1365bf840ef81e7f853612fea87014a7841cb26363eee96077851b586c3df04870dc8f08278e31636fee780581a93f7ee97e9a52149874916f4933c51d23e2b37cf281c342710d535bd48f481243ee779ee14e180eaca2727743731c228c534dc05ac2c274c4d3dff344be141e24cf1d59f6fff754cb03e9b3f59a4b71b12e2254055653f2bc33040e36a96d945a95b82b27cf14549913ffda8a7f011a31e41a0c6b63111fbd07762df4bfbcd9943f43617fe93e572f61ef8a4368cc25b24209139e9655cc2bc42c64347d97d6636446c771707447c3473d2ca488187465b6000b692959247b062685865ab06b536cfeb84a883061cd8fda64808298e9e18c6696fdc2623360f93fefae075afa9a16da25459e6719a3728c845a28565b57804bc14c6dfd195ba854bc48627760ca9d6f9234d90772b212be84aeb489d1333e1d164f90e0f905f8349b601a64c3285e19a7205e3f1fec5bba388a46bc4807f0,gx-no-cache=1488979090622 HTTP/1.1" 200 30
186.103.132.155 - - [08/Mar/2017:11:17:03 -0300] "POST /cormun/servlet/solicitudot?gx-no-cache=1488979092513 HTTP/1.1" 200 30
186.103.132.155 - - [08/Mar/2017:11:17:06 -0300] "POST /cormun/servlet/solicitudot?gx-no-cache=1488979095095 HTTP/1.1" 200 1291
186.103.132.155 - - [08/Mar/2017:11:17:06 -0300] "POST /cormun/servlet/solicitudot?gx-no-cache=1488979095297 HTTP/1.1" 200 38
186.103.132.155 - - [08/Mar/2017:11:17:10 -0300] "GET /cormun/servlet/solicitudot?6c6cc43e7687d7d004cbbbaf00f75f477abc2721404a886b5a06da54396447ea77ebc7c5dd7a43fd0363d722640b79b34e4d4bbd4d257f81540b6cf6b5e903eb293f4498e39bc9bd6c5b4d266bc992763c33da804a6bcf0ed9418c8e319a699864c761633267fa37c15d984bc08a8640,gx-no-cache=1488979099353 HTTP/1.1" 200 29
186.103.132.155 - - [08/Mar/2017:11:17:10 -0300] "POST /cormun/servlet/solicitudot?gx-no-cache=1488979099473 HTTP/1.1" 200 1274
186.103.132.155 - - [08/Mar/2017:11:17:11 -0300] "POST /cormun/servlet/solicitudot?gx-no-cache=1488979099620 HTTP/1.1" 200 1157
186.103.132.155 - - [08/Mar/2017:11:17:11 -0300] "GET /cormun/static/menuarrow.gif HTTP/1.1" 404 1015
186.103.132.155 - - [08/Mar/2017:11:17:12 -0300] "POST /cormun/servlet/solicitudot?gx-no-cache=1488979101535 HTTP/1.1" 200 1274
186.103.132.155 - - [08/Mar/2017:11:17:13 -0300] "POST /cormun/servlet/solicitudot?gx-no-cache=1488979101629 HTTP/1.1" 200 1157
186.103.132.155 - - [08/Mar/2017:11:17:22 -0300] "GET /cormun/servlet/solicitudot?6c6cc43e7687d7d004cbbbaf00f75f474e9d4ea24f7355df92cd543e71d9028b9ad7ee079b945d3766bcc958611dc167026e99e70318c85c5a862aedde4ae83d253f4d24da0d9e695a8e2cc6722192c786e699c306b5b72e1566a438ab111972927d4374ee7caa6c75fe82398120604623a9c77d9d55dc8a723a271ad762d1dff13eda27a655a6d618249b1bb5613623a60407f87aee488620155ac8bd8ac3891079291f1f4617b7ec542ee586d4dfe4,gx-no-cache=1488979111220 HTTP/1.1" 200 30
186.103.132.155 - - [08/Mar/2017:11:17:34 -0300] "POST /cormun/servlet/solicitudot?7bced8b595bc9b2c19a200346027c598,INS,0,0,,gx-no-cache=1488979123035 HTTP/1.1" 200 93
186.103.132.155 - - [08/Mar/2017:11:17:34 -0300] "GET /cormun/servlet/hpexe_return? HTTP/1.1" 200 1000
186.103.132.155 - - [08/Mar/2017:11:17:35 -0300] "GET /cormun/servlet/trsolicitudot HTTP/1.1" 200 13902
186.103.132.155 - - [08/Mar/2017:11:17:36 -0300] "GET /cormun/servlet/trsolicitudot HTTP/1.1" 200 13897
186.103.132.155 - - [08/Mar/2017:11:17:39 -0300] "GET /cormun/servlet/solicitudot?INS,0,0, HTTP/1.1" 200 12588
186.103.132.155 - - [08/Mar/2017:11:17:40 -0300] "GET /cormun/servlet/solicitudot?INS,0,0, HTTP/1.1" 200 12593
186.103.132.155 - - [08/Mar/2017:11:17:52 -0300] "GET /cormun/servlet/prfichaempleado?,MD,,gxPopupLevel%3D0%3B HTTP/1.1" 200 8845
186.103.132.155 - - [08/Mar/2017:11:18:36 -0300] "POST /cormun/servlet/prfichaempleado?7bced8b595bc9b2c19a200346027c598,,MD,,gxPopupLevel%3D0%3B,gx-no-cache=1488979183585 HTTP/1.1" 200 3587
186.103.132.155 - - [08/Mar/2017:11:18:49 -0300] "POST /cormun/servlet/solicitudot?gx-no-cache=1488979197416 HTTP/1.1" 200 3148
186.103.132.155 - - [08/Mar/2017:11:18:50 -0300] "POST /cormun/servlet/solicitudot?7bced8b595bc9b2c19a200346027c598,INS,0,0,,gx-no-cache=1488979198145 HTTP/1.1" 200 9757
186.103.132.155 - - [08/Mar/2017:11:18:50 -0300] "GET /cormun/servlet/solicitudot?6c6cc43e7687d7d004cbbbaf00f75f47aefd4b981f48b359c444d82d8427255c5cdba3d886eee2895804e67e518ab76d,gx-no-cache=1488979199055 HTTP/1.1" 200 30
186.103.132.155 - - [08/Mar/2017:11:19:03 -0300] "POST /cormun/servlet/solicitudot?gx-no-cache=1488979211777 HTTP/1.1" 200 297
186.103.132.155 - - [08/Mar/2017:11:19:03 -0300] "GET /cormun/servlet/solicitudot?6c6cc43e7687d7d004cbbbaf00f75f47930a55f8fadc5b27448c05ca63f73f673d2ac1f2a1a95d78aadc7a37f91475bf0b1365bf840ef81e7f853612fea87014a7841cb26363eee96077851b586c3df04870dc8f08278e31636fee780581a93f7ee97e9a52149874916f4933c51d23e2b37cf281c342710d535bd48f481243ee779ee14e180eaca2727743731c228c534dc05ac2c274c4d3dff344be141e24cf1d59f6fff754cb03e9b3f59a4b71b12e2254055653f2bc33040e36a96d945a95b82b27cf14549913ffda8a7f011a31e41a0c6b63111fbd07762df4bfbcd9943f43617fe93e572f61ef8a4368cc25b24209139e9655cc2bc42c64347d97d6636446c771707447c3473d2ca488187465b6000b692959247b062685865ab06b536cfeb84a883061cd8fda64808298e9e18c6696fdc2623360f93fefae075afa9a16da25459e6719a3728c845a28565b57804bc14c6dfd195ba854bc48627760ca9d6f9234d90772b212be84aeb489d1333e1d164f90e0f905f8349b601a64c3285e19a7205e3f1fec5bba388a46bc4807f0,gx-no-cache=1488979211912 HTTP/1.1" 200 30
186.103.132.155 - - [08/Mar/2017:11:19:05 -0300] "POST /cormun/servlet/solicitudot?gx-no-cache=1488979213846 HTTP/1.1" 200 30
186.103.159.182 - - [08/Mar/2017:11:19:05 -0300] "POST /cormun/servlet/trsolicitudot?f4139f5be8a4522b64dd76bb35e959d5,gx-no-cache=1488977509025,gx-no-cache=1488982815923 HTTP/1.1" 200 105
186.103.159.182 - - [08/Mar/2017:11:19:05 -0300] "GET /cormun/servlet/solicitudot?UPD,2017,5311, HTTP/1.1" 200 14525
186.103.159.182 - - [08/Mar/2017:11:19:08 -0300] "GET /cormun/servlet/solicitudot?UPD,2017,5311, HTTP/1.1" 200 14511
186.103.159.182 - - [08/Mar/2017:11:19:08 -0300] "POST /cormun/servlet/solicitudot?gx-no-cache=1488982818680 HTTP/1.1" 200 3198
186.103.132.155 - - [08/Mar/2017:11:19:08 -0300] "POST /cormun/servlet/solicitudot?gx-no-cache=1488979217286 HTTP/1.1" 200 1291
186.103.159.182 - - [08/Mar/2017:11:19:08 -0300] "POST /cormun/servlet/solicitudot?f4139f5be8a4522b64dd76bb35e959d5,UPD,2017,5311,,gx-no-cache=1488982818927 HTTP/1.1" 200 11085
186.103.132.155 - - [08/Mar/2017:11:19:09 -0300] "POST /cormun/servlet/solicitudot?gx-no-cache=1488979217613 HTTP/1.1" 200 38
186.103.159.182 - - [08/Mar/2017:11:19:09 -0300] "GET /cormun/servlet/solicitudot?d513c10847bf977b0e6f91091845b4edfa1f14624660142304f59ad9d3ecf5aa81220474d227927df8b59594145a612d,gx-no-cache=1488982819350 HTTP/1.1" 200 30
186.103.159.182 - - [08/Mar/2017:11:19:09 -0300] "POST /cormun/servlet/solicitudot?gx-no-cache=1488982819436 HTTP/1.1" 200 238
186.103.159.182 - - [08/Mar/2017:11:19:09 -0300] "GET /cormun/servlet/solicitudot?d513c10847bf977b0e6f91091845b4edb0d4152fc039fdf9dc0bf9607ffb2e36463e601f0e788be40f6c42ee8b6fab952710798518db672f4157133e4354a82b50ea820bad9ac1aa89448c100acf3599fa321fbc8dbf0f00dffb3b2664f8d8bdfe65684b07c6ceb2bae8ed7a68eab9722f7cac9bb0f6e5eaf149a6a51b606b4ab280808640280201f7297c92507841d451d0c1083e11ba138613e44ac479e865b5fe9906f1c3fad9a33529228a6778d198da0fb0448ef2df1df6dffec52146cf3a1b37718df30caf9402bd11b6ed21871b736c8a1e99f396c448663f647a404cc0167fc949e42981ebeb6b052d6f7aa2b0f662f2f87b31104ba57824e12236710b8225dc18a5b14345b355d00a0efabb883d2988b2ffd9559dcd18add32df4632cd104b0994dbebd0f329fb0926f2577d763267098dfefd762e6d849c503b121bd6268471d10dd90e07985c773e2c43f32740430b101ef12e16ef08e75b003af86d9c480d7fda1209ce80283c1cadd14cc12ab379c6412655ca5adb7d2777588,gx-no-cache=1488982819516 HTTP/1.1" 200 30
186.103.159.182 - - [08/Mar/2017:11:19:09 -0300] "POST /cormun/servlet/solicitudot?gx-no-cache=1488982819861 HTTP/1.1" 200 30
186.103.159.182 - - [08/Mar/2017:11:19:10 -0300] "POST /cormun/servlet/solicitudot?gx-no-cache=1488982819920 HTTP/1.1" 200 1291
186.103.159.182 - - [08/Mar/2017:11:19:10 -0300] "POST /cormun/servlet/solicitudot?gx-no-cache=1488982820306 HTTP/1.1" 200 41
186.103.132.155 - - [08/Mar/2017:11:19:13 -0300] "GET /cormun/servlet/solicitudot?6c6cc43e7687d7d004cbbbaf00f75f477abc2721404a886b5a06da54396447ea77ebc7c5dd7a43fd0363d722640b79b34e4d4bbd4d257f81540b6cf6b5e903eb293f4498e39bc9bd6c5b4d266bc992763c33da804a6bcf0ed9418c8e319a699864c761633267fa37c15d984bc08a8640,gx-no-cache=1488979222265 HTTP/1.1" 200 29
186.103.132.155 - - [08/Mar/2017:11:19:14 -0300] "POST /cormun/servlet/solicitudot?gx-no-cache=1488979222407 HTTP/1.1" 200 1274
186.103.132.155 - - [08/Mar/2017:11:19:14 -0300] "POST /cormun/servlet/solicitudot?gx-no-cache=1488979222795 HTTP/1.1" 200 1157
186.103.132.155 - - [08/Mar/2017:11:19:14 -0300] "GET /cormun/static/menuarrow.gif HTTP/1.1" 404 1015
186.103.132.155 - - [08/Mar/2017:11:19:15 -0300] "POST /cormun/servlet/solicitudot?gx-no-cache=1488979223995 HTTP/1.1" 200 1274
186.103.132.155 - - [08/Mar/2017:11:19:15 -0300] "POST /cormun/servlet/solicitudot?gx-no-cache=1488979224184 HTTP/1.1" 200 1157
186.103.159.182 - - [08/Mar/2017:11:19:17 -0300] "POST /cormun/servlet/solicitudot?f4139f5be8a4522b64dd76bb35e959d5,UPD,2017,5311,,gx-no-cache=1488982827597 HTTP/1.1" 200 93
186.103.159.182 - - [08/Mar/2017:11:19:17 -0300] "GET /cormun/servlet/hpexe_return? HTTP/1.1" 200 1028
186.103.159.182 - - [08/Mar/2017:11:19:18 -0300] "GET /cormun/servlet/trsolicitudot?gx-no-cache=1488977509025 HTTP/1.1" 200 8557
186.103.159.182 - - [08/Mar/2017:11:19:19 -0300] "GET /cormun/servlet/trsolicitudot?gx-no-cache=1488977509025 HTTP/1.1" 200 8575
186.103.159.182 - - [08/Mar/2017:11:19:36 -0300] "POST /cormun/servlet/trsolicitudot?f4139f5be8a4522b64dd76bb35e959d5,gx-no-cache=1488977509025,gx-no-cache=1488982846477 HTTP/1.1" 200 105
186.103.159.182 - - [08/Mar/2017:11:19:36 -0300] "GET /cormun/servlet/solicitudot?UPD,2017,5311, HTTP/1.1" 200 14525
186.103.159.182 - - [08/Mar/2017:11:19:38 -0300] "GET /cormun/servlet/solicitudot?UPD,2017,5311, HTTP/1.1" 200 14511
186.103.159.182 - - [08/Mar/2017:11:19:38 -0300] "POST /cormun/servlet/solicitudot?gx-no-cache=1488982848943 HTTP/1.1" 200 3198
186.103.159.182 - - [08/Mar/2017:11:19:39 -0300] "POST /cormun/servlet/solicitudot?f4139f5be8a4522b64dd76bb35e959d5,UPD,2017,5311,,gx-no-cache=1488982849187 HTTP/1.1" 200 11085
186.103.159.182 - - [08/Mar/2017:11:19:39 -0300] "GET /cormun/servlet/solicitudot?d513c10847bf977b0e6f91091845b4edfa1f14624660142304f59ad9d3ecf5aa81220474d227927df8b59594145a612d,gx-no-cache=1488982849518 HTTP/1.1" 200 30
186.103.159.182 - - [08/Mar/2017:11:19:39 -0300] "POST /cormun/servlet/solicitudot?gx-no-cache=1488982849587 HTTP/1.1" 200 238
186.103.159.182 - - [08/Mar/2017:11:19:39 -0300] "GET /cormun/servlet/solicitudot?d513c10847bf977b0e6f91091845b4edb0d4152fc039fdf9dc0bf9607ffb2e36463e601f0e788be40f6c42ee8b6fab952710798518db672f4157133e4354a82b50ea820bad9ac1aa89448c100acf3599fa321fbc8dbf0f00dffb3b2664f8d8bdfe65684b07c6ceb2bae8ed7a68eab9722f7cac9bb0f6e5eaf149a6a51b606b4ab280808640280201f7297c92507841d451d0c1083e11ba138613e44ac479e865b5fe9906f1c3fad9a33529228a6778d198da0fb0448ef2df1df6dffec52146cf3a1b37718df30caf9402bd11b6ed21871b736c8a1e99f396c448663f647a404cc0167fc949e42981ebeb6b052d6f7aa2b0f662f2f87b31104ba57824e12236710b8225dc18a5b14345b355d00a0efabb883d2988b2ffd9559dcd18add32df4632cd104b0994dbebd0f329fb0926f2577d763267098dfefd762e6d849c503b121bd6268471d10dd90e07985c773e2c43f32740430b101ef12e16ef08e75b003af86d9c480d7fda1209ce80283c1cadd14cc12ab379c6412655ca5adb7d2777588,gx-no-cache=1488982849647 HTTP/1.1" 200 30
186.103.159.182 - - [08/Mar/2017:11:19:39 -0300] "POST /cormun/servlet/solicitudot?gx-no-cache=1488982849987 HTTP/1.1" 200 30
186.103.159.182 - - [08/Mar/2017:11:19:39 -0300] "POST /cormun/servlet/solicitudot?gx-no-cache=1488982850047 HTTP/1.1" 200 1291
186.103.159.182 - - [08/Mar/2017:11:19:39 -0300] "POST /cormun/servlet/solicitudot?gx-no-cache=1488982850144 HTTP/1.1" 200 41
186.103.159.182 - - [08/Mar/2017:11:20:02 -0300] "GET /cormun/servlet/solicitudot?d513c10847bf977b0e6f91091845b4ed3ecc26476837ae28898e1ad6037ea45d0e6cdf262dfaf0fa7c8645aca432eedf283dff9f68c32885173728bf17fea68ffd818d5e9d5b9c162829a89809e73c33b53442bb67d3373dacd341671f85983b25ae25126db6c56a0737517802fc9fd406b8891833b7a27f1c40666be1e5a9aaa907e646a8bc559595ed86a54a0d9185c3af29aa66f51f9f1979a2766a6368c9,gx-no-cache=1488982872275 HTTP/1.1" 200 29
186.103.159.182 - - [08/Mar/2017:11:20:02 -0300] "POST /cormun/servlet/solicitudot?gx-no-cache=1488982872347 HTTP/1.1" 200 1274
186.103.159.182 - - [08/Mar/2017:11:20:02 -0300] "POST /cormun/servlet/solicitudot?gx-no-cache=1488982872441 HTTP/1.1" 200 1157
186.103.159.182 - - [08/Mar/2017:11:20:02 -0300] "GET /cormun/servlet/solicitudot?d513c10847bf977b0e6f91091845b4edc3fed5fc1bae9975eac2e77dd34100ece0b933561660597dd88641633d978da6288ee979c74fcc69eb2d430e48de329da5032237a5e793f19bff64a2ed93040a10b1df5525573803afe63407118ad278e4723da5e8bcbbc679c537145b768d776b31df396f6de6a37e8a318d7d8848a104e83918150636e84a66424ec79cb3ea927ba03c035d3e2d053f39c2054b19bd016743f98e8cfadc7342f4f9bd67d989,gx-no-cache=1488982872833 HTTP/1.1" 200 30
186.103.159.182 - - [08/Mar/2017:11:20:02 -0300] "POST /cormun/servlet/solicitudot?f4139f5be8a4522b64dd76bb35e959d5,UPD,2017,5311,,gx-no-cache=1488982872888 HTTP/1.1" 200 93
186.103.159.182 - - [08/Mar/2017:11:20:02 -0300] "GET /cormun/servlet/hpexe_return? HTTP/1.1" 200 1028
186.103.159.182 - - [08/Mar/2017:11:20:03 -0300] "GET /cormun/servlet/trsolicitudot?gx-no-cache=1488977509025 HTTP/1.1" 200 8557
186.103.159.182 - - [08/Mar/2017:11:20:04 -0300] "GET /cormun/servlet/trsolicitudot?gx-no-cache=1488977509025 HTTP/1.1" 200 8575
186.103.159.182 - - [08/Mar/2017:11:20:09 -0300] "GET /cormun/servlet/solicitudot?INS,0,0, HTTP/1.1" 200 12838
186.103.132.155 - - [08/Mar/2017:11:20:10 -0300] "GET /cormun/servlet/solicitudot?6c6cc43e7687d7d004cbbbaf00f75f47965edc07773c0864f5bc12905ad17ec20608a41ebdd507b1a16bcd7cf93911e1a62d0c3e0444c89cd6ed10c425d0ab2b936c3d3024d3fe7a7a138dcd8c55a6c54d89b5953b9c74c2247190053c63cf54437d70a0d8667e5cdc4efc68f91e9c9fc3f4329446837925db7c3e9e8718a9114792634a509e10d6454ae4e91fb9e322c2e9ba417fcf30b2c4cdf02e05820308217061720cc7949c59a32884b0c32e12,gx-no-cache=1488979278884 HTTP/1.1" 200 30
186.103.159.182 - - [08/Mar/2017:11:20:11 -0300] "GET /cormun/servlet/solicitudot?INS,0,0, HTTP/1.1" 200 12821
186.103.132.155 - - [08/Mar/2017:11:20:19 -0300] "POST /cormun/servlet/solicitudot?7bced8b595bc9b2c19a200346027c598,INS,0,0,,gx-no-cache=1488979287294 HTTP/1.1" 200 93
186.103.132.155 - - [08/Mar/2017:11:20:19 -0300] "GET /cormun/servlet/hpexe_return? HTTP/1.1" 200 1000
186.103.132.155 - - [08/Mar/2017:11:20:20 -0300] "GET /cormun/servlet/trsolicitudot HTTP/1.1" 200 14149
186.103.132.155 - - [08/Mar/2017:11:20:20 -0300] "GET /cormun/servlet/trsolicitudot HTTP/1.1" 200 14144
186.103.132.155 - - [08/Mar/2017:11:20:27 -0300] "GET /cormun/servlet/solicitudot?INS,0,0, HTTP/1.1" 200 12588
