200.111.191.210 - - [08/Mar/2017:11:30:06 -0300] "GET /cormun/servlet/hpexe_link HTTP/1.1" 200 946
200.111.191.210 - - [08/Mar/2017:11:30:06 -0300] "GET /cormun/servlet/hhome HTTP/1.1" 200 3720
200.111.191.210 - - [08/Mar/2017:11:30:06 -0300] "GET /cormun/servlet/hhome HTTP/1.1" 200 3717
186.103.159.182 - - [08/Mar/2017:11:30:07 -0300] "POST /cormun/servlet/solicitudotadjuntos?f4139f5be8a4522b64dd76bb35e959d5,INS,2017,5311,,1, HTTP/1.1" 200 116
186.103.159.182 - - [08/Mar/2017:11:30:07 -0300] "GET /cormun/servlet/hpexe_return? HTTP/1.1" 200 1021
186.103.159.182 - - [08/Mar/2017:11:30:08 -0300] "GET /cormun/servlet/trsolicitudadjuntos?2017,5311, HTTP/1.1" 200 9061
200.111.191.210 - - [08/Mar/2017:11:30:09 -0300] "GET /cormun/servlet/trsolicitudot? HTTP/1.1" 200 7952
200.111.191.210 - - [08/Mar/2017:11:30:09 -0300] "GET /cormun/servlet/trsolicitudot? HTTP/1.1" 200 7950
186.103.159.182 - - [08/Mar/2017:11:30:09 -0300] "GET /cormun/servlet/trsolicitudadjuntos?2017,5311, HTTP/1.1" 200 9060
200.111.191.210 - - [08/Mar/2017:11:30:12 -0300] "POST /cormun/servlet/trsolicitudot?40b3195a7cd394b2a0d72ef8fc083883,,gx-no-cache=1488986996696 HTTP/1.1" 200 4131
200.111.191.210 - - [08/Mar/2017:11:30:12 -0300] "GET /cormun/static/Shared/jqueryui/images/ui-bg_highlight-soft_100_c6c2c8_1x100.png HTTP/1.1" 404 1117
200.111.191.210 - - [08/Mar/2017:11:30:12 -0300] "GET /cormun/static/Shared/jqueryui/images/ui-icons_82798d_256x240.png HTTP/1.1" 404 1089
200.111.191.210 - - [08/Mar/2017:11:30:12 -0300] "GET /cormun/static/Shared/jqueryui/images/ui-bg_flat_55_fafafa_40x100.png HTTP/1.1" 404 1097
200.111.191.210 - - [08/Mar/2017:11:30:12 -0300] "GET /cormun/static/Shared/jqueryui/images/ui-icons_8d78a5_256x240.png HTTP/1.1" 404 1089
200.111.191.210 - - [08/Mar/2017:11:30:12 -0300] "POST /cormun/servlet/trsolicitudot?40b3195a7cd394b2a0d72ef8fc083883,,gx-no-cache=1488986996894 HTTP/1.1" 200 3917
192.168.10.62 - - [08/Mar/2017:11:30:14 -0300] "POST /cormun/servlet/trsolicitudgral?42f23cc1f7961731fb6c709f47580176,,gx-no-cache=1488986698004 HTTP/1.1" 200 5195
186.103.159.182 - - [08/Mar/2017:11:30:15 -0300] "POST /cormun/servlet/trsolicitudadjuntos?f4139f5be8a4522b64dd76bb35e959d5,2017,5311,,gx-no-cache=1488983486059 HTTP/1.1" 200 90
186.103.159.182 - - [08/Mar/2017:11:30:15 -0300] "GET /cormun/servlet/hpexe_link HTTP/1.1" 200 986
186.103.159.182 - - [08/Mar/2017:11:30:16 -0300] "GET /cormun/servlet/trsolicitudot?gx-no-cache=1488977509025 HTTP/1.1" 200 9076
186.103.159.182 - - [08/Mar/2017:11:30:17 -0300] "GET /cormun/servlet/trsolicitudot?gx-no-cache=1488977509025 HTTP/1.1" 200 9096
200.111.191.210 - - [08/Mar/2017:11:30:17 -0300] "GET /cormun/servlet/trsolicitudot? HTTP/1.1" 200 6658
200.111.191.210 - - [08/Mar/2017:11:30:17 -0300] "GET /cormun/servlet/trsolicitudot? HTTP/1.1" 200 6658
186.79.164.248 - - [08/Mar/2017:11:30:18 -0300] "GET /cormun/servlet/trlicenciaspermisoslog?7141963,P,20170308121751, HTTP/1.1" 200 6209
186.79.164.248 - - [08/Mar/2017:11:30:18 -0300] "GET /cormun/static/gxcfg.js?201612261930395 HTTP/1.1" 200 953
186.79.164.248 - - [08/Mar/2017:11:30:19 -0300] "GET /cormun/static/trlicenciaspermisoslog.js?2016122619304187 HTTP/1.1" 200 20023
200.111.191.210 - - [08/Mar/2017:11:30:19 -0300] "GET /cormun/servlet/hlogin HTTP/1.1" 200 1728
186.79.164.248 - - [08/Mar/2017:11:30:19 -0300] "GET /cormun/servlet/trlicenciaspermisoslog?7141963,P,20170308121751, HTTP/1.1" 200 6210
186.103.159.182 - - [08/Mar/2017:11:30:21 -0300] "POST /cormun/servlet/trsolicitudot?f4139f5be8a4522b64dd76bb35e959d5,gx-no-cache=1488977509025,gx-no-cache=1488983491293 HTTP/1.1" 200 106
186.103.159.182 - - [08/Mar/2017:11:30:21 -0300] "GET /cormun/servlet/trsolicitudadjuntos?2017,5311, HTTP/1.1" 200 9081
186.103.132.155 - - [08/Mar/2017:11:30:23 -0300] "GET /cormun/servlet/solicitudot?6c6cc43e7687d7d004cbbbaf00f75f47ca488defdd2fed304ebffc2d33ee1ecb07bd399d2f38f36597a8e3aedb999889a62d0c3e0444c89cd6ed10c425d0ab2b936c3d3024d3fe7a7a138dcd8c55a6c54d89b5953b9c74c2247190053c63cf54437d70a0d8667e5cdc4efc68f91e9c9fc3f4329446837925db7c3e9e8718a9114792634a509e10d6454ae4e91fb9e322c2e9ba417fcf30b2c4cdf02e05820308217061720cc7949c59a32884b0c32e12,gx-no-cache=1488979892183 HTTP/1.1" 200 30
186.103.159.182 - - [08/Mar/2017:11:30:23 -0300] "GET /cormun/servlet/trsolicitudadjuntos?2017,5311, HTTP/1.1" 200 9061
186.79.164.248 - - [08/Mar/2017:11:30:24 -0300] "GET /cormun/servlet/trautorizarpermisogoce? HTTP/1.1" 200 7503
186.79.164.248 - - [08/Mar/2017:11:30:25 -0300] "GET /cormun/servlet/trautorizarpermisogoce? HTTP/1.1" 200 7481
186.103.159.182 - - [08/Mar/2017:11:30:25 -0300] "POST /cormun/servlet/trsolicitudadjuntos?f4139f5be8a4522b64dd76bb35e959d5,2017,5311,,gx-no-cache=1488983495620 HTTP/1.1" 200 90
186.103.159.182 - - [08/Mar/2017:11:30:25 -0300] "GET /cormun/servlet/hpexe_link HTTP/1.1" 200 986
186.103.159.182 - - [08/Mar/2017:11:30:25 -0300] "GET /cormun/servlet/trsolicitudot?gx-no-cache=1488977509025 HTTP/1.1" 200 9076
200.111.191.210 - - [08/Mar/2017:11:30:26 -0300] "POST /cormun/servlet/hlogin?40b3195a7cd394b2a0d72ef8fc083883,gx-no-cache=1488987010909 HTTP/1.1" 200 90
200.111.191.210 - - [08/Mar/2017:11:30:26 -0300] "GET /cormun/servlet/hpexe_link HTTP/1.1" 200 946
200.111.191.210 - - [08/Mar/2017:11:30:27 -0300] "GET /cormun/servlet/hhome HTTP/1.1" 200 3921
186.103.159.182 - - [08/Mar/2017:11:30:27 -0300] "GET /cormun/servlet/trsolicitudot?gx-no-cache=1488977509025 HTTP/1.1" 200 9096
200.111.191.210 - - [08/Mar/2017:11:30:27 -0300] "GET /cormun/servlet/hhome HTTP/1.1" 200 3917
200.111.191.210 - - [08/Mar/2017:11:30:29 -0300] "GET /cormun/servlet/trautorizarsolicitud? HTTP/1.1" 200 6835
186.103.159.182 - - [08/Mar/2017:11:30:29 -0300] "POST /cormun/servlet/trsolicitudot?f4139f5be8a4522b64dd76bb35e959d5,gx-no-cache=1488977509025,gx-no-cache=1488983499727 HTTP/1.1" 200 106
186.103.159.182 - - [08/Mar/2017:11:30:29 -0300] "GET /cormun/servlet/trsolicitudadjuntos?2017,5333, HTTP/1.1" 200 6138
200.111.191.210 - - [08/Mar/2017:11:30:29 -0300] "GET /cormun/servlet/trautorizarsolicitud? HTTP/1.1" 200 6834
186.103.159.182 - - [08/Mar/2017:11:30:30 -0300] "GET /cormun/servlet/trsolicitudadjuntos?2017,5333, HTTP/1.1" 200 6116
186.103.159.182 - - [08/Mar/2017:11:30:33 -0300] "GET /cormun/servlet/solicitudotadjuntos?INS,2017,5333,,1, HTTP/1.1" 200 6048
186.103.132.155 - - [08/Mar/2017:11:30:33 -0300] "POST /cormun/servlet/solicitudot?7bced8b595bc9b2c19a200346027c598,INS,0,0,,gx-no-cache=1488979901150 HTTP/1.1" 200 93
186.103.132.155 - - [08/Mar/2017:11:30:33 -0300] "GET /cormun/servlet/hpexe_return? HTTP/1.1" 200 1000
186.103.159.182 - - [08/Mar/2017:11:30:33 -0300] "GET /cormun/static/about:blank HTTP/1.1" 404 1011
186.103.132.155 - - [08/Mar/2017:11:30:33 -0300] "GET /cormun/servlet/trsolicitudot HTTP/1.1" 200 14721
186.103.159.182 - - [08/Mar/2017:11:30:34 -0300] "GET /cormun/servlet/solicitudotadjuntos?INS,2017,5333,,1, HTTP/1.1" 200 6042
186.103.132.155 - - [08/Mar/2017:11:30:34 -0300] "GET /cormun/servlet/trsolicitudot HTTP/1.1" 200 14716
186.103.159.182 - - [08/Mar/2017:11:30:34 -0300] "GET /cormun/servlet/solicitudotadjuntos?d513c10847bf977b0e6f91091845b4edcef2bebc787178372a875c81f7e2dfce753318b5c7c57c8f2ca38720940753c1,gx-no-cache=1488983505061 HTTP/1.1" 200 30
186.103.159.182 - - [08/Mar/2017:11:30:34 -0300] "POST /cormun/servlet/solicitudotadjuntos?f4139f5be8a4522b64dd76bb35e959d5,INS,2017,5333,,1,,gx-no-cache=1488983505106 HTTP/1.1" 200 3849
200.111.191.210 - - [08/Mar/2017:11:30:35 -0300] "POST /cormun/servlet/trautorizarsolicitud?40b3195a7cd394b2a0d72ef8fc083883,,gx-no-cache=1488987019014 HTTP/1.1" 200 5389
186.103.159.182 - - [08/Mar/2017:11:30:37 -0300] "POST /cormun/servlet/solicitudotadjuntos?gx-no-cache=1488983507419 HTTP/1.1" 200 26
186.103.132.155 - - [08/Mar/2017:11:30:37 -0300] "GET /cormun/servlet/solicitudot?INS,0,0, HTTP/1.1" 200 12588
200.111.191.210 - - [08/Mar/2017:11:30:37 -0300] "POST /cormun/servlet/trautorizarsolicitud?40b3195a7cd394b2a0d72ef8fc083883,,gx-no-cache=1488987021538 HTTP/1.1" 200 4294
200.111.191.210 - - [08/Mar/2017:11:30:37 -0300] "GET /cormun/static/Shared/jqueryui/images/ui-bg_highlight-soft_100_c6c2c8_1x100.png HTTP/1.1" 404 1117
200.111.191.210 - - [08/Mar/2017:11:30:37 -0300] "GET /cormun/static/Shared/jqueryui/images/ui-bg_flat_55_fafafa_40x100.png HTTP/1.1" 404 1097
200.111.191.210 - - [08/Mar/2017:11:30:37 -0300] "GET /cormun/static/Shared/jqueryui/images/ui-icons_8d78a5_256x240.png HTTP/1.1" 404 1089
200.111.191.210 - - [08/Mar/2017:11:30:37 -0300] "GET /cormun/static/Shared/jqueryui/images/ui-icons_82798d_256x240.png HTTP/1.1" 404 1089
186.103.132.155 - - [08/Mar/2017:11:30:37 -0300] "GET /cormun/servlet/solicitudot?INS,0,0, HTTP/1.1" 200 12593
200.111.191.210 - - [08/Mar/2017:11:30:37 -0300] "POST /cormun/servlet/trautorizarsolicitud?40b3195a7cd394b2a0d72ef8fc083883,,gx-no-cache=1488987021693 HTTP/1.1" 200 4081
200.111.191.210 - - [08/Mar/2017:11:30:42 -0300] "GET /cormun/servlet/trsolicitudot? HTTP/1.1" 200 6880
200.111.191.210 - - [08/Mar/2017:11:30:42 -0300] "GET /cormun/servlet/trsolicitudot? HTTP/1.1" 200 6879
200.111.191.210 - - [08/Mar/2017:11:30:43 -0300] "GET /cormun/servlet/hlogin HTTP/1.1" 200 1728
186.103.159.182 - - [08/Mar/2017:11:30:45 -0300] "GET /cormun/servlet/solicitudotadjuntos?d513c10847bf977b0e6f91091845b4ed45dc65f7dd8d34721b440db6dbb3e29f,gx-no-cache=1488983515428 HTTP/1.1" 200 30
186.103.159.182 - - [08/Mar/2017:11:30:45 -0300] "GET /cormun/servlet/solicitudotadjuntos?d513c10847bf977b0e6f91091845b4ed45dc65f7dd8d34721b440db6dbb3e29f,gx-no-cache=1488983515452 HTTP/1.1" 200 30
186.103.159.182 - - [08/Mar/2017:11:30:46 -0300] "POST /cormun/servlet/solicitudotadjuntos?f4139f5be8a4522b64dd76bb35e959d5,INS,2017,5333,,1, HTTP/1.1" 200 116
186.103.159.182 - - [08/Mar/2017:11:30:46 -0300] "GET /cormun/servlet/hpexe_return? HTTP/1.1" 200 1021
186.103.159.182 - - [08/Mar/2017:11:30:46 -0300] "GET /cormun/servlet/trsolicitudadjuntos?2017,5333, HTTP/1.1" 200 8247
186.103.132.155 - - [08/Mar/2017:11:30:48 -0300] "POST /cormun/servlet/solicitudot?gx-no-cache=1488979916227 HTTP/1.1" 200 3174
186.103.159.182 - - [08/Mar/2017:11:30:48 -0300] "GET /cormun/servlet/trsolicitudadjuntos?2017,5333, HTTP/1.1" 200 8243
186.103.132.155 - - [08/Mar/2017:11:30:48 -0300] "POST /cormun/servlet/solicitudot?7bced8b595bc9b2c19a200346027c598,INS,0,0,,gx-no-cache=1488979916768 HTTP/1.1" 200 9783
186.103.132.155 - - [08/Mar/2017:11:30:48 -0300] "GET /cormun/servlet/solicitudot?6c6cc43e7687d7d004cbbbaf00f75f47e9aa0d57325bb7f579c089603c3e4005340921a73c68967d74c0ff07bbf73d7b,gx-no-cache=1488979917340 HTTP/1.1" 200 30
186.103.159.182 - - [08/Mar/2017:11:30:50 -0300] "GET /cormun/servlet/solicitudotadjuntos?INS,2017,5333,,1, HTTP/1.1" 200 6048
186.103.159.182 - - [08/Mar/2017:11:30:51 -0300] "GET /cormun/static/about:blank HTTP/1.1" 404 1011
186.103.159.182 - - [08/Mar/2017:11:30:51 -0300] "GET /cormun/servlet/solicitudotadjuntos?INS,2017,5333,,1, HTTP/1.1" 200 6042
186.103.159.182 - - [08/Mar/2017:11:30:52 -0300] "GET /cormun/servlet/solicitudotadjuntos?d513c10847bf977b0e6f91091845b4edcef2bebc787178372a875c81f7e2dfce753318b5c7c57c8f2ca38720940753c1,gx-no-cache=1488983522430 HTTP/1.1" 200 30
186.103.159.182 - - [08/Mar/2017:11:30:52 -0300] "POST /cormun/servlet/solicitudotadjuntos?f4139f5be8a4522b64dd76bb35e959d5,INS,2017,5333,,1,,gx-no-cache=1488983522474 HTTP/1.1" 200 3849
186.103.159.182 - - [08/Mar/2017:11:30:55 -0300] "POST /cormun/servlet/solicitudotadjuntos?gx-no-cache=1488983525802 HTTP/1.1" 200 26
186.103.159.182 - - [08/Mar/2017:11:31:08 -0300] "GET /cormun/servlet/solicitudotadjuntos?d513c10847bf977b0e6f91091845b4ed45dc65f7dd8d34721b440db6dbb3e29f,gx-no-cache=1488983538372 HTTP/1.1" 200 30
186.103.159.182 - - [08/Mar/2017:11:31:08 -0300] "GET /cormun/servlet/solicitudotadjuntos?d513c10847bf977b0e6f91091845b4ed45dc65f7dd8d34721b440db6dbb3e29f,gx-no-cache=1488983538415 HTTP/1.1" 200 30
186.103.159.182 - - [08/Mar/2017:11:31:09 -0300] "POST /cormun/servlet/solicitudotadjuntos?f4139f5be8a4522b64dd76bb35e959d5,INS,2017,5333,,1, HTTP/1.1" 200 116
186.103.159.182 - - [08/Mar/2017:11:31:09 -0300] "GET /cormun/servlet/hpexe_return? HTTP/1.1" 200 1021
186.103.159.182 - - [08/Mar/2017:11:31:10 -0300] "GET /cormun/servlet/trsolicitudadjuntos?2017,5333, HTTP/1.1" 200 8425
186.103.159.182 - - [08/Mar/2017:11:31:11 -0300] "GET /cormun/servlet/trsolicitudadjuntos?2017,5333, HTTP/1.1" 200 8424
186.103.159.182 - - [08/Mar/2017:11:31:13 -0300] "GET /cormun/servlet/solicitudotadjuntos?INS,2017,5333,,1, HTTP/1.1" 200 6048
186.103.159.182 - - [08/Mar/2017:11:31:14 -0300] "GET /cormun/static/about:blank HTTP/1.1" 404 1011
186.103.159.182 - - [08/Mar/2017:11:31:15 -0300] "GET /cormun/servlet/solicitudotadjuntos?INS,2017,5333,,1, HTTP/1.1" 200 6042
186.103.159.182 - - [08/Mar/2017:11:31:15 -0300] "GET /cormun/servlet/solicitudotadjuntos?d513c10847bf977b0e6f91091845b4edcef2bebc787178372a875c81f7e2dfce753318b5c7c57c8f2ca38720940753c1,gx-no-cache=1488983545840 HTTP/1.1" 200 30
186.103.159.182 - - [08/Mar/2017:11:31:15 -0300] "POST /cormun/servlet/solicitudotadjuntos?f4139f5be8a4522b64dd76bb35e959d5,INS,2017,5333,,1,,gx-no-cache=1488983545880 HTTP/1.1" 200 3849
186.103.159.182 - - [08/Mar/2017:11:31:17 -0300] "POST /cormun/servlet/solicitudotadjuntos?gx-no-cache=1488983548162 HTTP/1.1" 200 26
186.103.159.182 - - [08/Mar/2017:11:31:32 -0300] "GET /cormun/servlet/solicitudotadjuntos?d513c10847bf977b0e6f91091845b4ed45dc65f7dd8d34721b440db6dbb3e29f,gx-no-cache=1488983562916 HTTP/1.1" 200 30
186.103.159.182 - - [08/Mar/2017:11:31:32 -0300] "GET /cormun/servlet/solicitudotadjuntos?d513c10847bf977b0e6f91091845b4ed45dc65f7dd8d34721b440db6dbb3e29f,gx-no-cache=1488983562940 HTTP/1.1" 200 30
186.103.159.182 - - [08/Mar/2017:11:31:34 -0300] "POST /cormun/servlet/solicitudotadjuntos?f4139f5be8a4522b64dd76bb35e959d5,INS,2017,5333,,1, HTTP/1.1" 200 116
186.103.159.182 - - [08/Mar/2017:11:31:34 -0300] "GET /cormun/servlet/hpexe_return? HTTP/1.1" 200 1021
186.103.159.182 - - [08/Mar/2017:11:31:34 -0300] "GET /cormun/servlet/trsolicitudadjuntos?2017,5333, HTTP/1.1" 200 8566
186.103.159.182 - - [08/Mar/2017:11:31:36 -0300] "GET /cormun/servlet/trsolicitudadjuntos?2017,5333, HTTP/1.1" 200 8564
186.103.132.155 - - [08/Mar/2017:11:31:39 -0300] "POST /cormun/servlet/solicitudot?gx-no-cache=1488979967482 HTTP/1.1" 200 297
186.103.132.155 - - [08/Mar/2017:11:31:39 -0300] "GET /cormun/servlet/solicitudot?6c6cc43e7687d7d004cbbbaf00f75f47930a55f8fadc5b27448c05ca63f73f673d2ac1f2a1a95d78aadc7a37f91475bf0b1365bf840ef81e7f853612fea87014a7841cb26363eee96077851b586c3df04870dc8f08278e31636fee780581a93f7ee97e9a52149874916f4933c51d23e2b37cf281c342710d535bd48f481243ee779ee14e180eaca2727743731c228c534dc05ac2c274c4d3dff344be141e24cf1d59f6fff754cb03e9b3f59a4b71b12e2254055653f2bc33040e36a96d945a95b82b27cf14549913ffda8a7f011a31e41a0c6b63111fbd07762df4bfbcd9943f43617fe93e572f61ef8a4368cc25b24209139e9655cc2bc42c64347d97d6636446c771707447c3473d2ca488187465b6000b692959247b062685865ab06b536cfeb84a883061cd8fda64808298e9e18c6696fdc2623360f93fefae075afa9a16da25459e6719a3728c845a28565b57804bc14c6dfd195ba854bc48627760ca9d6f9234d90772b212be84aeb489d1333e1d164f90e0f905f8349b601a64c3285e19a7205e3f1fec5bba388a46bc4807f0,gx-no-cache=1488979967697 HTTP/1.1" 200 30
186.103.132.155 - - [08/Mar/2017:11:31:41 -0300] "POST /cormun/servlet/solicitudot?gx-no-cache=1488979969664 HTTP/1.1" 200 30
186.103.159.182 - - [08/Mar/2017:11:31:43 -0300] "GET /cormun/servlet/solicitudotadjuntos?INS,2017,5333,,1, HTTP/1.1" 200 6048
186.103.159.182 - - [08/Mar/2017:11:31:43 -0300] "GET /cormun/static/about:blank HTTP/1.1" 404 1011
186.103.159.182 - - [08/Mar/2017:11:31:44 -0300] "GET /cormun/servlet/solicitudotadjuntos?INS,2017,5333,,1, HTTP/1.1" 200 6042
186.103.159.182 - - [08/Mar/2017:11:31:44 -0300] "GET /cormun/servlet/solicitudotadjuntos?d513c10847bf977b0e6f91091845b4edcef2bebc787178372a875c81f7e2dfce753318b5c7c57c8f2ca38720940753c1,gx-no-cache=1488983575058 HTTP/1.1" 200 30
186.103.132.155 - - [08/Mar/2017:11:31:44 -0300] "POST /cormun/servlet/solicitudot?gx-no-cache=1488979973480 HTTP/1.1" 200 1289
186.103.132.155 - - [08/Mar/2017:11:31:45 -0300] "POST /cormun/servlet/solicitudot?gx-no-cache=1488979973629 HTTP/1.1" 200 38
186.103.159.182 - - [08/Mar/2017:11:31:45 -0300] "POST /cormun/servlet/solicitudotadjuntos?f4139f5be8a4522b64dd76bb35e959d5,INS,2017,5333,,1,,gx-no-cache=1488983575097 HTTP/1.1" 200 3849
186.103.159.182 - - [08/Mar/2017:11:31:47 -0300] "POST /cormun/servlet/solicitudotadjuntos?gx-no-cache=1488983577841 HTTP/1.1" 200 26
186.103.132.155 - - [08/Mar/2017:11:31:55 -0300] "GET /cormun/servlet/solicitudot?6c6cc43e7687d7d004cbbbaf00f75f477abc2721404a886b5a06da54396447ea77ebc7c5dd7a43fd0363d722640b79b34e4d4bbd4d257f81540b6cf6b5e903eb293f4498e39bc9bd6c5b4d266bc992763c33da804a6bcf0ed9418c8e319a699864c761633267fa37c15d984bc08a8640,gx-no-cache=1488979983589 HTTP/1.1" 200 29
186.103.132.155 - - [08/Mar/2017:11:31:55 -0300] "POST /cormun/servlet/solicitudot?gx-no-cache=1488979983681 HTTP/1.1" 200 1272
186.103.132.155 - - [08/Mar/2017:11:31:55 -0300] "POST /cormun/servlet/solicitudot?gx-no-cache=1488979983818 HTTP/1.1" 200 1155
186.103.159.182 - - [08/Mar/2017:11:31:55 -0300] "GET /cormun/servlet/solicitudotadjuntos?d513c10847bf977b0e6f91091845b4ed45dc65f7dd8d34721b440db6dbb3e29f,gx-no-cache=1488983585548 HTTP/1.1" 200 30
186.103.159.182 - - [08/Mar/2017:11:31:55 -0300] "GET /cormun/servlet/solicitudotadjuntos?d513c10847bf977b0e6f91091845b4ed45dc65f7dd8d34721b440db6dbb3e29f,gx-no-cache=1488983585573 HTTP/1.1" 200 30
186.103.159.182 - - [08/Mar/2017:11:31:57 -0300] "POST /cormun/servlet/solicitudotadjuntos?f4139f5be8a4522b64dd76bb35e959d5,INS,2017,5333,,1, HTTP/1.1" 200 116
186.103.159.182 - - [08/Mar/2017:11:31:57 -0300] "GET /cormun/servlet/hpexe_return? HTTP/1.1" 200 1021
186.103.159.182 - - [08/Mar/2017:11:31:58 -0300] "GET /cormun/servlet/trsolicitudadjuntos?2017,5333, HTTP/1.1" 200 8696
186.103.159.182 - - [08/Mar/2017:11:31:59 -0300] "GET /cormun/servlet/trsolicitudadjuntos?2017,5333, HTTP/1.1" 200 8692
186.103.159.182 - - [08/Mar/2017:11:32:02 -0300] "GET /cormun/servlet/solicitudotadjuntos?INS,2017,5333,,1, HTTP/1.1" 200 6048
186.103.159.182 - - [08/Mar/2017:11:32:02 -0300] "GET /cormun/static/about:blank HTTP/1.1" 404 1011
186.103.159.182 - - [08/Mar/2017:11:32:03 -0300] "GET /cormun/servlet/solicitudotadjuntos?INS,2017,5333,,1, HTTP/1.1" 200 6042
186.103.159.182 - - [08/Mar/2017:11:32:03 -0300] "GET /cormun/servlet/solicitudotadjuntos?d513c10847bf977b0e6f91091845b4edcef2bebc787178372a875c81f7e2dfce753318b5c7c57c8f2ca38720940753c1,gx-no-cache=1488983594153 HTTP/1.1" 200 30
186.103.159.182 - - [08/Mar/2017:11:32:04 -0300] "POST /cormun/servlet/solicitudotadjuntos?f4139f5be8a4522b64dd76bb35e959d5,INS,2017,5333,,1,,gx-no-cache=1488983594194 HTTP/1.1" 200 3849
186.103.159.182 - - [08/Mar/2017:11:32:08 -0300] "POST /cormun/servlet/solicitudotadjuntos?gx-no-cache=1488983599098 HTTP/1.1" 200 26
186.103.132.155 - - [08/Mar/2017:11:32:10 -0300] "GET /cormun/static/menuarrow.gif HTTP/1.1" 404 1015
186.103.159.182 - - [08/Mar/2017:11:32:19 -0300] "GET /cormun/servlet/solicitudotadjuntos?d513c10847bf977b0e6f91091845b4ed45dc65f7dd8d34721b440db6dbb3e29f,gx-no-cache=1488983609662 HTTP/1.1" 200 30
186.103.159.182 - - [08/Mar/2017:11:32:19 -0300] "GET /cormun/servlet/solicitudotadjuntos?d513c10847bf977b0e6f91091845b4ed45dc65f7dd8d34721b440db6dbb3e29f,gx-no-cache=1488983609686 HTTP/1.1" 200 30
186.103.159.182 - - [08/Mar/2017:11:32:22 -0300] "POST /cormun/servlet/solicitudotadjuntos?f4139f5be8a4522b64dd76bb35e959d5,INS,2017,5333,,1, HTTP/1.1" 200 116
186.103.159.182 - - [08/Mar/2017:11:32:22 -0300] "GET /cormun/servlet/hpexe_return? HTTP/1.1" 200 1021
186.103.159.182 - - [08/Mar/2017:11:32:22 -0300] "GET /cormun/servlet/trsolicitudadjuntos?2017,5333, HTTP/1.1" 200 8896
186.103.159.182 - - [08/Mar/2017:11:32:24 -0300] "GET /cormun/servlet/trsolicitudadjuntos?2017,5333, HTTP/1.1" 200 8890
186.103.159.182 - - [08/Mar/2017:11:32:26 -0300] "GET /cormun/servlet/solicitudotadjuntos?INS,2017,5333,,1, HTTP/1.1" 200 6048
186.79.164.248 - - [08/Mar/2017:11:32:27 -0300] "GET /cormun/servlet/hlogin HTTP/1.1" 200 1745
186.103.159.182 - - [08/Mar/2017:11:32:27 -0300] "GET /cormun/static/about:blank HTTP/1.1" 404 1011
186.103.159.182 - - [08/Mar/2017:11:32:28 -0300] "GET /cormun/servlet/solicitudotadjuntos?INS,2017,5333,,1, HTTP/1.1" 200 6042
186.103.159.182 - - [08/Mar/2017:11:32:28 -0300] "GET /cormun/servlet/solicitudotadjuntos?d513c10847bf977b0e6f91091845b4edcef2bebc787178372a875c81f7e2dfce753318b5c7c57c8f2ca38720940753c1,gx-no-cache=1488983618724 HTTP/1.1" 200 30
186.103.159.182 - - [08/Mar/2017:11:32:29 -0300] "POST /cormun/servlet/solicitudotadjuntos?f4139f5be8a4522b64dd76bb35e959d5,INS,2017,5333,,1,,gx-no-cache=1488983619104 HTTP/1.1" 200 3848
186.103.159.182 - - [08/Mar/2017:11:32:31 -0300] "POST /cormun/servlet/solicitudotadjuntos?gx-no-cache=1488983621953 HTTP/1.1" 200 26
186.103.132.155 - - [08/Mar/2017:11:32:33 -0300] "GET /cormun/servlet/solicitudot?6c6cc43e7687d7d004cbbbaf00f75f47af2107964ef7a2949cd5b7e80982f299755b8701686bfbecc32a9b343aac7e28026e99e70318c85c5a862aedde4ae83d253f4d24da0d9e695a8e2cc6722192c786e699c306b5b72e1566a438ab111972927d4374ee7caa6c75fe82398120604623a9c77d9d55dc8a723a271ad762d1dff13eda27a655a6d618249b1bb5613623f1727dcb5b8c10afbcc711c9293b64c17d28937815dea2f8707c790b50a63da9,gx-no-cache=1488980021798 HTTP/1.1" 200 30
186.103.159.182 - - [08/Mar/2017:11:32:40 -0300] "GET /cormun/servlet/solicitudotadjuntos?d513c10847bf977b0e6f91091845b4ed45dc65f7dd8d34721b440db6dbb3e29f,gx-no-cache=1488983630885 HTTP/1.1" 200 30
186.103.159.182 - - [08/Mar/2017:11:32:40 -0300] "GET /cormun/servlet/solicitudotadjuntos?d513c10847bf977b0e6f91091845b4ed45dc65f7dd8d34721b440db6dbb3e29f,gx-no-cache=1488983630914 HTTP/1.1" 200 30
186.103.132.155 - - [08/Mar/2017:11:32:43 -0300] "POST /cormun/servlet/solicitudot?7bced8b595bc9b2c19a200346027c598,INS,0,0,,gx-no-cache=1488980030560 HTTP/1.1" 200 93
186.103.132.155 - - [08/Mar/2017:11:32:43 -0300] "GET /cormun/servlet/hpexe_return? HTTP/1.1" 200 1000
186.103.132.155 - - [08/Mar/2017:11:32:44 -0300] "GET /cormun/servlet/trsolicitudot HTTP/1.1" 200 15061
186.103.132.155 - - [08/Mar/2017:11:32:44 -0300] "GET /cormun/servlet/trsolicitudot HTTP/1.1" 200 15056
186.103.159.182 - - [08/Mar/2017:11:32:45 -0300] "POST /cormun/servlet/solicitudotadjuntos?f4139f5be8a4522b64dd76bb35e959d5,INS,2017,5333,,1, HTTP/1.1" 200 116
186.103.159.182 - - [08/Mar/2017:11:32:45 -0300] "GET /cormun/servlet/hpexe_return? HTTP/1.1" 200 1021
186.103.159.182 - - [08/Mar/2017:11:32:45 -0300] "GET /cormun/servlet/trsolicitudadjuntos?2017,5333, HTTP/1.1" 200 9076
186.103.159.182 - - [08/Mar/2017:11:32:47 -0300] "GET /cormun/servlet/trsolicitudadjuntos?2017,5333, HTTP/1.1" 200 9074
186.103.159.182 - - [08/Mar/2017:11:32:51 -0300] "POST /cormun/servlet/trsolicitudadjuntos?f4139f5be8a4522b64dd76bb35e959d5,2017,5333,,gx-no-cache=1488983641404 HTTP/1.1" 200 90
186.103.159.182 - - [08/Mar/2017:11:32:51 -0300] "GET /cormun/servlet/hpexe_link HTTP/1.1" 200 986
186.103.159.182 - - [08/Mar/2017:11:32:51 -0300] "GET /cormun/servlet/trsolicitudot?gx-no-cache=1488977509025 HTTP/1.1" 200 9076
186.103.159.182 - - [08/Mar/2017:11:32:52 -0300] "GET /cormun/servlet/trsolicitudot?gx-no-cache=1488977509025 HTTP/1.1" 200 9096
192.168.10.96 - - [08/Mar/2017:11:33:03 -0300] "GET /cormun/servlet/trsolicitudgral? HTTP/1.1" 200 24708
192.168.10.96 - - [08/Mar/2017:11:33:05 -0300] "GET /cormun/servlet/trsolicitudgral? HTTP/1.1" 200 24691
186.103.159.182 - - [08/Mar/2017:11:33:05 -0300] "POST /cormun/servlet/trsolicitudot?f4139f5be8a4522b64dd76bb35e959d5,gx-no-cache=1488977509025,gx-no-cache=1488983655663 HTTP/1.1" 200 107
186.103.159.182 - - [08/Mar/2017:11:33:05 -0300] "GET /cormun/servlet/trsolicitudadjuntos?2017,5334, HTTP/1.1" 200 6138
186.103.159.182 - - [08/Mar/2017:11:33:06 -0300] "GET /cormun/servlet/trsolicitudadjuntos?2017,5334, HTTP/1.1" 200 6116
186.103.159.182 - - [08/Mar/2017:11:33:10 -0300] "GET /cormun/servlet/solicitudotadjuntos?INS,2017,5334,,1, HTTP/1.1" 200 6048
186.103.159.182 - - [08/Mar/2017:11:33:10 -0300] "GET /cormun/static/about:blank HTTP/1.1" 404 1011
186.103.159.182 - - [08/Mar/2017:11:33:11 -0300] "GET /cormun/servlet/solicitudotadjuntos?INS,2017,5334,,1, HTTP/1.1" 200 6042
186.103.159.182 - - [08/Mar/2017:11:33:12 -0300] "GET /cormun/servlet/solicitudotadjuntos?d513c10847bf977b0e6f91091845b4ed048cb1898b50602014ecab189836c7bd753318b5c7c57c8f2ca38720940753c1,gx-no-cache=1488983662329 HTTP/1.1" 200 30
186.103.159.182 - - [08/Mar/2017:11:33:12 -0300] "POST /cormun/servlet/solicitudotadjuntos?f4139f5be8a4522b64dd76bb35e959d5,INS,2017,5334,,1,,gx-no-cache=1488983662392 HTTP/1.1" 200 3849
192.168.10.96 - - [08/Mar/2017:11:33:16 -0300] "POST /cormun/servlet/trsolicitudgral?1ffd9fa6d53544215be08d2257722560,,gx-no-cache=1488986880073 HTTP/1.1" 200 6698
186.103.159.182 - - [08/Mar/2017:11:33:16 -0300] "POST /cormun/servlet/solicitudotadjuntos?gx-no-cache=1488983667075 HTTP/1.1" 200 26
186.103.132.155 - - [08/Mar/2017:11:33:25 -0300] "GET /cormun/servlet/solicitudot?INS,0,0, HTTP/1.1" 200 12588
192.168.10.96 - - [08/Mar/2017:11:33:25 -0300] "POST /cormun/servlet/trsolicitudgral?1ffd9fa6d53544215be08d2257722560,,gx-no-cache=1488986889355 HTTP/1.1" 200 5434
186.103.132.155 - - [08/Mar/2017:11:33:25 -0300] "GET /cormun/servlet/solicitudot?INS,0,0, HTTP/1.1" 200 12593
186.103.159.182 - - [08/Mar/2017:11:33:30 -0300] "GET /cormun/servlet/solicitudotadjuntos?d513c10847bf977b0e6f91091845b4ed45dc65f7dd8d34721b440db6dbb3e29f,gx-no-cache=1488983680708 HTTP/1.1" 200 30
186.103.159.182 - - [08/Mar/2017:11:33:30 -0300] "GET /cormun/servlet/solicitudotadjuntos?d513c10847bf977b0e6f91091845b4ed45dc65f7dd8d34721b440db6dbb3e29f,gx-no-cache=1488983680747 HTTP/1.1" 200 30
192.168.10.96 - - [08/Mar/2017:11:33:31 -0300] "POST /cormun/servlet/trsolicitudgral?1ffd9fa6d53544215be08d2257722560,,gx-no-cache=1488986895301 HTTP/1.1" 200 5432
186.103.159.182 - - [08/Mar/2017:11:33:32 -0300] "POST /cormun/servlet/solicitudotadjuntos?f4139f5be8a4522b64dd76bb35e959d5,INS,2017,5334,,1, HTTP/1.1" 200 116
186.103.159.182 - - [08/Mar/2017:11:33:32 -0300] "GET /cormun/servlet/hpexe_return? HTTP/1.1" 200 1021
186.103.159.182 - - [08/Mar/2017:11:33:33 -0300] "GET /cormun/servlet/trsolicitudadjuntos?2017,5334, HTTP/1.1" 200 8247
186.103.159.182 - - [08/Mar/2017:11:33:34 -0300] "GET /cormun/servlet/trsolicitudadjuntos?2017,5334, HTTP/1.1" 200 8242
186.103.132.155 - - [08/Mar/2017:11:33:34 -0300] "GET /cormun/servlet/prfichaempleado?,MD,,gxPopupLevel%3D0%3B HTTP/1.1" 200 8845
192.168.10.96 - - [08/Mar/2017:11:33:36 -0300] "POST /cormun/servlet/trsolicitudgral?1ffd9fa6d53544215be08d2257722560,,gx-no-cache=1488986900333 HTTP/1.1" 200 13382
186.103.159.182 - - [08/Mar/2017:11:33:37 -0300] "GET /cormun/servlet/solicitudotadjuntos?INS,2017,5334,,1, HTTP/1.1" 200 6048
186.103.159.182 - - [08/Mar/2017:11:33:37 -0300] "GET /cormun/static/about:blank HTTP/1.1" 404 1011
186.103.159.182 - - [08/Mar/2017:11:33:38 -0300] "GET /cormun/servlet/solicitudotadjuntos?INS,2017,5334,,1, HTTP/1.1" 200 6042
186.103.159.182 - - [08/Mar/2017:11:33:39 -0300] "GET /cormun/servlet/solicitudotadjuntos?d513c10847bf977b0e6f91091845b4ed048cb1898b50602014ecab189836c7bd753318b5c7c57c8f2ca38720940753c1,gx-no-cache=1488983689249 HTTP/1.1" 200 30
186.103.159.182 - - [08/Mar/2017:11:33:39 -0300] "POST /cormun/servlet/solicitudotadjuntos?f4139f5be8a4522b64dd76bb35e959d5,INS,2017,5334,,1,,gx-no-cache=1488983689293 HTTP/1.1" 200 3849
186.103.159.182 - - [08/Mar/2017:11:33:46 -0300] "POST /cormun/servlet/solicitudotadjuntos?gx-no-cache=1488983696513 HTTP/1.1" 200 26
186.103.132.155 - - [08/Mar/2017:11:33:46 -0300] "POST /cormun/servlet/prfichaempleado?7bced8b595bc9b2c19a200346027c598,,MD,,gxPopupLevel%3D0%3B,gx-no-cache=1488980095181 HTTP/1.1" 200 3401
186.103.132.155 - - [08/Mar/2017:11:33:50 -0300] "POST /cormun/servlet/solicitudot?gx-no-cache=1488980098666 HTTP/1.1" 200 3174
186.103.132.155 - - [08/Mar/2017:11:33:50 -0300] "POST /cormun/servlet/solicitudot?7bced8b595bc9b2c19a200346027c598,INS,0,0,,gx-no-cache=1488980099126 HTTP/1.1" 200 9763
186.103.132.155 - - [08/Mar/2017:11:33:50 -0300] "GET /cormun/servlet/solicitudot?6c6cc43e7687d7d004cbbbaf00f75f4743159a00d0987ca016b1ec2857734b80340921a73c68967d74c0ff07bbf73d7b,gx-no-cache=1488980099530 HTTP/1.1" 200 30
192.168.10.89 - - [08/Mar/2017:11:33:54 -0300] "GET /cormun/servlet/trsolicitudgral? HTTP/1.1" 200 23670
192.168.10.89 - - [08/Mar/2017:11:33:56 -0300] "GET /cormun/servlet/hlogin HTTP/1.1" 200 1735
186.103.159.182 - - [08/Mar/2017:11:34:00 -0300] "GET /cormun/servlet/solicitudotadjuntos?d513c10847bf977b0e6f91091845b4ed45dc65f7dd8d34721b440db6dbb3e29f,gx-no-cache=1488983710524 HTTP/1.1" 200 30
186.103.159.182 - - [08/Mar/2017:11:34:00 -0300] "GET /cormun/servlet/solicitudotadjuntos?d513c10847bf977b0e6f91091845b4ed45dc65f7dd8d34721b440db6dbb3e29f,gx-no-cache=1488983710548 HTTP/1.1" 200 30
186.103.132.155 - - [08/Mar/2017:11:34:00 -0300] "POST /cormun/servlet/solicitudot?gx-no-cache=1488980109034 HTTP/1.1" 200 255
186.103.132.155 - - [08/Mar/2017:11:34:00 -0300] "GET /cormun/servlet/solicitudot?6c6cc43e7687d7d004cbbbaf00f75f47930a55f8fadc5b27448c05ca63f73f6709470208101588c2b64a52e0e36b43670b1365bf840ef81e7f853612fea87014a7841cb26363eee96077851b586c3df04870dc8f08278e31636fee780581a93f7ee97e9a52149874916f4933c51d23e2b37cf281c342710d535bd48f481243ee779ee14e180eaca2727743731c228c534dc05ac2c274c4d3dff344be141e24cf1d59f6fff754cb03e9b3f59a4b71b12e2254055653f2bc33040e36a96d945a95b82b27cf14549913ffda8a7f011a31e41a0c6b63111fbd07762df4bfbcd9943f43617fe93e572f61ef8a4368cc25b2427a7327605847351557451902f0d9416a46c771707447c3473d2ca488187465b62acb235dacf1707e9f75f1576f825a3c99b0f706b73b94a2005ffcffdec1a0ed6d5b4a645c78437db1849cae7e497b8a555642f38f287d11d8dcd267de57d4480ef8df6205177298e9f9c8919e041e5c631ff132c196909450cd856db58416f6dab91be30fb4b4e59f3c2d36783f07dc,gx-no-cache=1488980109123 HTTP/1.1" 200 30
186.103.132.155 - - [08/Mar/2017:11:34:00 -0300] "POST /cormun/servlet/solicitudot?gx-no-cache=1488980109286 HTTP/1.1" 200 30
186.103.132.155 - - [08/Mar/2017:11:34:00 -0300] "POST /cormun/servlet/solicitudot?gx-no-cache=1488980109482 HTTP/1.1" 200 1291
186.103.132.155 - - [08/Mar/2017:11:34:01 -0300] "POST /cormun/servlet/solicitudot?gx-no-cache=1488980109680 HTTP/1.1" 200 38
186.103.159.182 - - [08/Mar/2017:11:34:01 -0300] "POST /cormun/servlet/solicitudotadjuntos?f4139f5be8a4522b64dd76bb35e959d5,INS,2017,5334,,1, HTTP/1.1" 200 116
186.103.159.182 - - [08/Mar/2017:11:34:01 -0300] "GET /cormun/servlet/hpexe_return? HTTP/1.1" 200 1021
186.103.159.182 - - [08/Mar/2017:11:34:01 -0300] "GET /cormun/servlet/trsolicitudadjuntos?2017,5334, HTTP/1.1" 200 8426
186.103.159.182 - - [08/Mar/2017:11:34:03 -0300] "GET /cormun/servlet/trsolicitudadjuntos?2017,5334, HTTP/1.1" 200 8419
186.103.132.155 - - [08/Mar/2017:11:34:04 -0300] "POST /cormun/servlet/solicitudot?gx-no-cache=1488980112833 HTTP/1.1" 200 30
186.103.159.182 - - [08/Mar/2017:11:34:05 -0300] "GET /cormun/servlet/solicitudotadjuntos?INS,2017,5334,,1, HTTP/1.1" 200 6048
186.103.159.182 - - [08/Mar/2017:11:34:05 -0300] "GET /cormun/static/about:blank HTTP/1.1" 404 1011
186.103.159.182 - - [08/Mar/2017:11:34:06 -0300] "GET /cormun/servlet/solicitudotadjuntos?INS,2017,5334,,1, HTTP/1.1" 200 6042
186.103.159.182 - - [08/Mar/2017:11:34:06 -0300] "GET /cormun/servlet/solicitudotadjuntos?d513c10847bf977b0e6f91091845b4ed048cb1898b50602014ecab189836c7bd753318b5c7c57c8f2ca38720940753c1,gx-no-cache=1488983717035 HTTP/1.1" 200 30
186.103.159.182 - - [08/Mar/2017:11:34:07 -0300] "POST /cormun/servlet/solicitudotadjuntos?f4139f5be8a4522b64dd76bb35e959d5,INS,2017,5334,,1,,gx-no-cache=1488983717097 HTTP/1.1" 200 3849
192.168.10.89 - - [08/Mar/2017:11:34:09 -0300] "POST /cormun/servlet/hlogin?19e6d8e15d06b7c505e5c002b3560e45,gx-no-cache=1488986933072 HTTP/1.1" 200 90
192.168.10.89 - - [08/Mar/2017:11:34:09 -0300] "GET /cormun/servlet/hpexe_link HTTP/1.1" 200 957
192.168.10.89 - - [08/Mar/2017:11:34:11 -0300] "GET /cormun/servlet/trsolicitudgral HTTP/1.1" 200 24817
186.103.132.155 - - [08/Mar/2017:11:34:11 -0300] "POST /cormun/servlet/solicitudot?gx-no-cache=1488980116711 HTTP/1.1" 200 1291
186.103.132.155 - - [08/Mar/2017:11:34:12 -0300] "POST /cormun/servlet/solicitudot?gx-no-cache=1488980120542 HTTP/1.1" 200 38
186.103.159.182 - - [08/Mar/2017:11:34:14 -0300] "POST /cormun/servlet/solicitudotadjuntos?gx-no-cache=1488983725161 HTTP/1.1" 200 26
186.103.132.155 - - [08/Mar/2017:11:34:23 -0300] "GET /cormun/servlet/solicitudot?6c6cc43e7687d7d004cbbbaf00f75f477abc2721404a886b5a06da54396447ea77ebc7c5dd7a43fd0363d722640b79b32e6946b5ef0585243fce2f1eee299664f92367e9f36bb2b1476b19636da01d3680f5c0be97050a6362e229d9e2e7e2fc33538b7f2c5e9fabe775b2b6b20049c09515943995ec86aea8b788140faaadf905b52912d15e03bd4ab3b7b748b731ee654c1e4311f3e51dfe48190b51fa678d,gx-no-cache=1488980131176 HTTP/1.1" 200 29
192.168.10.89 - - [08/Mar/2017:11:34:24 -0300] "POST /cormun/servlet/trsolicitudgral?19e6d8e15d06b7c505e5c002b3560e45,gx-no-cache=1488986947996 HTTP/1.1" 200 6450
186.103.132.155 - - [08/Mar/2017:11:34:24 -0300] "POST /cormun/servlet/solicitudot?gx-no-cache=1488980131973 HTTP/1.1" 200 1275
186.103.159.182 - - [08/Mar/2017:11:34:25 -0300] "GET /cormun/servlet/solicitudotadjuntos?d513c10847bf977b0e6f91091845b4ed45dc65f7dd8d34721b440db6dbb3e29f,gx-no-cache=1488983735476 HTTP/1.1" 200 30
186.103.132.155 - - [08/Mar/2017:11:34:25 -0300] "POST /cormun/servlet/solicitudot?gx-no-cache=1488980133452 HTTP/1.1" 200 1157
186.103.159.182 - - [08/Mar/2017:11:34:25 -0300] "GET /cormun/servlet/solicitudotadjuntos?d513c10847bf977b0e6f91091845b4ed45dc65f7dd8d34721b440db6dbb3e29f,gx-no-cache=1488983735501 HTTP/1.1" 200 30
186.103.132.155 - - [08/Mar/2017:11:34:25 -0300] "GET /cormun/static/menuarrow.gif HTTP/1.1" 404 1015
186.103.159.182 - - [08/Mar/2017:11:34:25 -0300] "POST /cormun/servlet/solicitudotadjuntos?f4139f5be8a4522b64dd76bb35e959d5,INS,2017,5334,,1, HTTP/1.1" 200 116
186.103.159.182 - - [08/Mar/2017:11:34:26 -0300] "GET /cormun/servlet/hpexe_return? HTTP/1.1" 200 1021
186.103.159.182 - - [08/Mar/2017:11:34:26 -0300] "GET /cormun/servlet/trsolicitudadjuntos?2017,5334, HTTP/1.1" 200 8565
186.103.159.182 - - [08/Mar/2017:11:34:27 -0300] "GET /cormun/servlet/trsolicitudadjuntos?2017,5334, HTTP/1.1" 200 8562
186.103.132.155 - - [08/Mar/2017:11:34:28 -0300] "POST /cormun/servlet/solicitudot?gx-no-cache=1488980135607 HTTP/1.1" 200 1275
186.103.159.182 - - [08/Mar/2017:11:34:31 -0300] "GET /cormun/servlet/solicitudotadjuntos?INS,2017,5334,,1, HTTP/1.1" 200 6046
186.103.159.182 - - [08/Mar/2017:11:34:31 -0300] "GET /cormun/static/about:blank HTTP/1.1" 404 1011
186.103.159.182 - - [08/Mar/2017:11:34:32 -0300] "GET /cormun/servlet/solicitudotadjuntos?INS,2017,5334,,1, HTTP/1.1" 200 6040
186.103.159.182 - - [08/Mar/2017:11:34:32 -0300] "GET /cormun/servlet/solicitudotadjuntos?d513c10847bf977b0e6f91091845b4ed048cb1898b50602014ecab189836c7bd753318b5c7c57c8f2ca38720940753c1,gx-no-cache=1488983743131 HTTP/1.1" 200 30
186.103.159.182 - - [08/Mar/2017:11:34:33 -0300] "POST /cormun/servlet/solicitudotadjuntos?f4139f5be8a4522b64dd76bb35e959d5,INS,2017,5334,,1,,gx-no-cache=1488983743178 HTTP/1.1" 200 3849
186.103.159.182 - - [08/Mar/2017:11:34:36 -0300] "POST /cormun/servlet/solicitudotadjuntos?gx-no-cache=1488983746738 HTTP/1.1" 200 26
186.103.132.155 - - [08/Mar/2017:11:34:38 -0300] "POST /cormun/servlet/solicitudot?gx-no-cache=1488980145913 HTTP/1.1" 200 1157
186.103.159.182 - - [08/Mar/2017:11:34:38 -0300] "GET /cormun/servlet/solicitudotadjuntos?d513c10847bf977b0e6f91091845b4ed45dc65f7dd8d34721b440db6dbb3e29f,gx-no-cache=1488983748596 HTTP/1.1" 200 30
186.103.159.182 - - [08/Mar/2017:11:34:38 -0300] "GET /cormun/servlet/solicitudotadjuntos?d513c10847bf977b0e6f91091845b4ed45dc65f7dd8d34721b440db6dbb3e29f,gx-no-cache=1488983748620 HTTP/1.1" 200 30
186.103.132.155 - - [08/Mar/2017:11:34:38 -0300] "GET /cormun/servlet/solicitudot?6c6cc43e7687d7d004cbbbaf00f75f473c7c0f230c6c6d030ed7900729e637c19ad7ee079b945d3766bcc958611dc167026e99e70318c85c5a862aedde4ae83d253f4d24da0d9e695a8e2cc6722192c786e699c306b5b72e1566a438ab111972927d4374ee7caa6c75fe82398120604623a9c77d9d55dc8a723a271ad762d1dff13eda27a655a6d618249b1bb56136231af107f5c059d39e2eeb1ddf985baca5,gx-no-cache=1488980146959 HTTP/1.1" 200 30
186.103.159.182 - - [08/Mar/2017:11:34:38 -0300] "POST /cormun/servlet/solicitudotadjuntos?f4139f5be8a4522b64dd76bb35e959d5,INS,2017,5334,,1,,gx-no-cache=1488983748650 HTTP/1.1" 200 93
186.103.159.182 - - [08/Mar/2017:11:34:38 -0300] "GET /cormun/servlet/hpexe_return? HTTP/1.1" 200 1021
186.103.159.182 - - [08/Mar/2017:11:34:39 -0300] "GET /cormun/servlet/trsolicitudadjuntos?2017,5334, HTTP/1.1" 200 8633
186.103.159.182 - - [08/Mar/2017:11:34:40 -0300] "GET /cormun/servlet/trsolicitudadjuntos?2017,5334, HTTP/1.1" 200 8634
186.103.159.182 - - [08/Mar/2017:11:34:43 -0300] "GET /cormun/servlet/solicitudotadjuntos?INS,2017,5334,,1, HTTP/1.1" 200 6046
186.103.159.182 - - [08/Mar/2017:11:34:44 -0300] "GET /cormun/static/about:blank HTTP/1.1" 404 1011
186.103.159.182 - - [08/Mar/2017:11:34:45 -0300] "GET /cormun/servlet/solicitudotadjuntos?INS,2017,5334,,1, HTTP/1.1" 200 6040
186.103.159.182 - - [08/Mar/2017:11:34:45 -0300] "GET /cormun/servlet/solicitudotadjuntos?d513c10847bf977b0e6f91091845b4ed048cb1898b50602014ecab189836c7bd753318b5c7c57c8f2ca38720940753c1,gx-no-cache=1488983755670 HTTP/1.1" 200 30
186.103.159.182 - - [08/Mar/2017:11:34:45 -0300] "POST /cormun/servlet/solicitudotadjuntos?f4139f5be8a4522b64dd76bb35e959d5,INS,2017,5334,,1,,gx-no-cache=1488983755739 HTTP/1.1" 200 3849
186.103.159.182 - - [08/Mar/2017:11:34:48 -0300] "POST /cormun/servlet/solicitudotadjuntos?gx-no-cache=1488983758363 HTTP/1.1" 200 26
200.83.57.219 - - [08/Mar/2017:11:34:51 -0300] "GET /cormun/servlet/hlogin HTTP/1.1" 200 1712
186.103.159.182 - - [08/Mar/2017:11:34:55 -0300] "GET /cormun/servlet/solicitudotadjuntos?d513c10847bf977b0e6f91091845b4ed45dc65f7dd8d34721b440db6dbb3e29f,gx-no-cache=1488983766028 HTTP/1.1" 200 30
186.103.159.182 - - [08/Mar/2017:11:34:55 -0300] "GET /cormun/servlet/solicitudotadjuntos?d513c10847bf977b0e6f91091845b4ed45dc65f7dd8d34721b440db6dbb3e29f,gx-no-cache=1488983766059 HTTP/1.1" 200 30
186.103.159.182 - - [08/Mar/2017:11:34:57 -0300] "POST /cormun/servlet/solicitudotadjuntos?f4139f5be8a4522b64dd76bb35e959d5,INS,2017,5334,,1, HTTP/1.1" 200 116
186.103.159.182 - - [08/Mar/2017:11:34:57 -0300] "GET /cormun/servlet/hpexe_return? HTTP/1.1" 200 1021
186.103.159.182 - - [08/Mar/2017:11:34:58 -0300] "GET /cormun/servlet/trsolicitudadjuntos?2017,5334, HTTP/1.1" 200 8867
186.103.159.182 - - [08/Mar/2017:11:34:59 -0300] "GET /cormun/servlet/trsolicitudadjuntos?2017,5334, HTTP/1.1" 200 8867
186.103.159.46 - - [08/Mar/2017:11:35:00 -0300] "POST /cormun/servlet/hlogin?f4f0ade0c1a05099009e53be5bf6b844,gx-no-cache=1488983768791 HTTP/1.1" 200 445
200.83.57.219 - - [08/Mar/2017:11:35:00 -0300] "POST /cormun/servlet/hlogin?e79cd03571b9ca9328b72fb7a6416c87,gx-no-cache=1488983771801 HTTP/1.1" 200 90
186.103.132.155 - - [08/Mar/2017:11:35:00 -0300] "GET /cormun/servlet/solicitudot?6c6cc43e7687d7d004cbbbaf00f75f473c7c0f230c6c6d030ed7900729e637c19ad7ee079b945d3766bcc958611dc167026e99e70318c85c5a862aedde4ae83d253f4d24da0d9e695a8e2cc6722192c786e699c306b5b72e1566a438ab111972927d4374ee7caa6c75fe82398120604623a9c77d9d55dc8a723a271ad762d1dff13eda27a655a6d618249b1bb5613623f1727dcb5b8c10afbcc711c9293b64c17d28937815dea2f8707c790b50a63da9,gx-no-cache=1488980168895 HTTP/1.1" 200 30
200.83.57.219 - - [08/Mar/2017:11:35:00 -0300] "GET /cormun/servlet/hpexe_link HTTP/1.1" 200 948
200.83.57.219 - - [08/Mar/2017:11:35:00 -0300] "GET /cormun/servlet/hhome HTTP/1.1" 200 4091
200.83.57.219 - - [08/Mar/2017:11:35:01 -0300] "GET /cormun/servlet/hhome HTTP/1.1" 200 4087
186.103.159.182 - - [08/Mar/2017:11:35:03 -0300] "GET /cormun/servlet/solicitudotadjuntos?INS,2017,5334,,1, HTTP/1.1" 200 6046
186.103.159.182 - - [08/Mar/2017:11:35:03 -0300] "GET /cormun/static/about:blank HTTP/1.1" 404 1011
186.103.159.182 - - [08/Mar/2017:11:35:04 -0300] "GET /cormun/servlet/solicitudotadjuntos?INS,2017,5334,,1, HTTP/1.1" 200 6040
186.103.159.182 - - [08/Mar/2017:11:35:04 -0300] "GET /cormun/servlet/solicitudotadjuntos?d513c10847bf977b0e6f91091845b4ed048cb1898b50602014ecab189836c7bd753318b5c7c57c8f2ca38720940753c1,gx-no-cache=1488983775052 HTTP/1.1" 200 30
186.103.159.182 - - [08/Mar/2017:11:35:04 -0300] "POST /cormun/servlet/solicitudotadjuntos?f4139f5be8a4522b64dd76bb35e959d5,INS,2017,5334,,1,,gx-no-cache=1488983775092 HTTP/1.1" 200 3849
200.83.57.219 - - [08/Mar/2017:11:35:08 -0300] "GET /cormun/servlet/trpermisosgoce? HTTP/1.1" 200 7693
200.83.57.219 - - [08/Mar/2017:11:35:08 -0300] "GET /cormun/servlet/trpermisosgoce? HTTP/1.1" 200 7691
186.103.159.182 - - [08/Mar/2017:11:35:11 -0300] "POST /cormun/servlet/solicitudotadjuntos?gx-no-cache=1488983781497 HTTP/1.1" 200 26
200.83.57.219 - - [08/Mar/2017:11:35:11 -0300] "GET /cormun/servlet/permisogoce?DLT,15122829,P,20170308101821, HTTP/1.1" 200 6811
200.83.57.219 - - [08/Mar/2017:11:35:11 -0300] "GET /cormun/static/Shared/jqueryui/images/ui-bg_highlight-soft_100_c6c2c8_1x100.png HTTP/1.1" 404 1117
200.83.57.219 - - [08/Mar/2017:11:35:11 -0300] "GET /cormun/static/Shared/jqueryui/images/ui-icons_82798d_256x240.png HTTP/1.1" 404 1089
200.83.57.219 - - [08/Mar/2017:11:35:11 -0300] "GET /cormun/static/Shared/jqueryui/images/ui-bg_flat_55_fafafa_40x100.png HTTP/1.1" 404 1097
200.83.57.219 - - [08/Mar/2017:11:35:11 -0300] "GET /cormun/static/Shared/jqueryui/images/ui-icons_8d78a5_256x240.png HTTP/1.1" 404 1089
200.83.57.219 - - [08/Mar/2017:11:35:11 -0300] "GET /cormun/servlet/permisogoce?DLT,15122829,P,20170308101821, HTTP/1.1" 200 6811
186.103.132.155 - - [08/Mar/2017:11:35:12 -0300] "POST /cormun/servlet/solicitudot?7bced8b595bc9b2c19a200346027c598,INS,0,0,,gx-no-cache=1488980179503 HTTP/1.1" 200 93
186.103.132.155 - - [08/Mar/2017:11:35:12 -0300] "GET /cormun/servlet/hpexe_return? HTTP/1.1" 200 1000
186.103.132.155 - - [08/Mar/2017:11:35:13 -0300] "GET /cormun/servlet/trsolicitudot HTTP/1.1" 200 15397
200.83.57.219 - - [08/Mar/2017:11:35:13 -0300] "POST /cormun/servlet/permisogoce?e79cd03571b9ca9328b72fb7a6416c87,DLT,15122829,P,20170308101821,,gx-no-cache=1488983784931 HTTP/1.1" 200 4399
200.83.57.219 - - [08/Mar/2017:11:35:13 -0300] "GET /cormun/static/Shared/jqueryui/images/ui-bg_flat_55_994d53_40x100.png HTTP/1.1" 404 1097
200.83.57.219 - - [08/Mar/2017:11:35:13 -0300] "GET /cormun/static/Shared/jqueryui/images/ui-icons_ebccce_256x240.png HTTP/1.1" 404 1089
186.103.132.155 - - [08/Mar/2017:11:35:14 -0300] "GET /cormun/servlet/trsolicitudot HTTP/1.1" 200 15392
200.83.57.219 - - [08/Mar/2017:11:35:17 -0300] "POST /cormun/servlet/permisogoce?e79cd03571b9ca9328b72fb7a6416c87,DLT,15122829,P,20170308101821,,gx-no-cache=1488983788540 HTTP/1.1" 200 90
200.83.57.219 - - [08/Mar/2017:11:35:17 -0300] "GET /cormun/servlet/hpexe_link HTTP/1.1" 200 980
200.83.57.219 - - [08/Mar/2017:11:35:17 -0300] "GET /cormun/servlet/trpermisosgoce HTTP/1.1" 200 7692
200.83.57.219 - - [08/Mar/2017:11:35:17 -0300] "GET /cormun/servlet/trpermisosgoce HTTP/1.1" 200 7691
186.103.132.155 - - [08/Mar/2017:11:35:19 -0300] "GET /cormun/servlet/solicitudot?INS,0,0, HTTP/1.1" 200 12588
186.103.132.155 - - [08/Mar/2017:11:35:20 -0300] "GET /cormun/servlet/solicitudot?INS,0,0, HTTP/1.1" 200 12593
200.83.57.219 - - [08/Mar/2017:11:35:20 -0300] "GET /cormun/servlet/permisogoce?DLT,15122829,P,20170308101821, HTTP/1.1" 200 6809
200.83.57.219 - - [08/Mar/2017:11:35:21 -0300] "GET /cormun/static/Shared/jqueryui/images/ui-bg_highlight-soft_100_c6c2c8_1x100.png HTTP/1.1" 404 1117
200.83.57.219 - - [08/Mar/2017:11:35:21 -0300] "GET /cormun/static/Shared/jqueryui/images/ui-bg_flat_55_fafafa_40x100.png HTTP/1.1" 404 1097
200.83.57.219 - - [08/Mar/2017:11:35:21 -0300] "GET /cormun/static/Shared/jqueryui/images/ui-icons_8d78a5_256x240.png HTTP/1.1" 404 1089
200.83.57.219 - - [08/Mar/2017:11:35:21 -0300] "GET /cormun/static/Shared/jqueryui/images/ui-icons_82798d_256x240.png HTTP/1.1" 404 1089
200.83.57.219 - - [08/Mar/2017:11:35:21 -0300] "GET /cormun/servlet/permisogoce?DLT,15122829,P,20170308101821, HTTP/1.1" 200 6811
200.83.57.219 - - [08/Mar/2017:11:35:22 -0300] "POST /cormun/servlet/permisogoce?e79cd03571b9ca9328b72fb7a6416c87,DLT,15122829,P,20170308101821,,gx-no-cache=1488983793998 HTTP/1.1" 200 4399
200.83.57.219 - - [08/Mar/2017:11:35:22 -0300] "GET /cormun/static/Shared/jqueryui/images/ui-bg_flat_55_994d53_40x100.png HTTP/1.1" 404 1097
200.83.57.219 - - [08/Mar/2017:11:35:22 -0300] "GET /cormun/static/Shared/jqueryui/images/ui-icons_ebccce_256x240.png HTTP/1.1" 404 1089
200.83.57.219 - - [08/Mar/2017:11:35:25 -0300] "POST /cormun/servlet/permisogoce?e79cd03571b9ca9328b72fb7a6416c87,DLT,15122829,P,20170308101821,,gx-no-cache=1488983796267 HTTP/1.1" 200 4364
186.103.159.182 - - [08/Mar/2017:11:35:26 -0300] "GET /cormun/servlet/solicitudotadjuntos?d513c10847bf977b0e6f91091845b4ed45dc65f7dd8d34721b440db6dbb3e29f,gx-no-cache=1488983796324 HTTP/1.1" 200 30
186.103.159.182 - - [08/Mar/2017:11:35:26 -0300] "GET /cormun/servlet/solicitudotadjuntos?d513c10847bf977b0e6f91091845b4ed45dc65f7dd8d34721b440db6dbb3e29f,gx-no-cache=1488983796353 HTTP/1.1" 200 30
200.83.57.219 - - [08/Mar/2017:11:35:26 -0300] "POST /cormun/servlet/permisogoce?e79cd03571b9ca9328b72fb7a6416c87,DLT,15122829,P,20170308101821,,gx-no-cache=1488983797627 HTTP/1.1" 200 93
200.83.57.219 - - [08/Mar/2017:11:35:26 -0300] "GET /cormun/servlet/hpexe_return? HTTP/1.1" 200 1022
200.83.57.219 - - [08/Mar/2017:11:35:26 -0300] "GET /cormun/servlet/trpermisosgoce HTTP/1.1" 200 7695
186.103.159.182 - - [08/Mar/2017:11:35:26 -0300] "POST /cormun/servlet/solicitudotadjuntos?f4139f5be8a4522b64dd76bb35e959d5,INS,2017,5334,,1, HTTP/1.1" 200 6146
200.83.57.219 - - [08/Mar/2017:11:35:26 -0300] "GET /cormun/servlet/trpermisosgoce HTTP/1.1" 200 7691
186.103.159.182 - - [08/Mar/2017:11:35:27 -0300] "GET /home/sistema/apache-tomcat-7.0.65/webapps/cormun/PrivateTempStorage/upload_00012925.pdf HTTP/1.1" 404 1135
186.103.159.182 - - [08/Mar/2017:11:35:27 -0300] "GET /home/sistema/apache-tomcat-7.0.65/webapps/cormun/PrivateTempStorage/upload_00012925.pdf HTTP/1.1" 404 1135
186.103.159.182 - - [08/Mar/2017:11:35:27 -0300] "GET /cormun/static/Shared/jqueryui/images/ui-bg_highlight-soft_100_c6c2c8_1x100.png HTTP/1.1" 404 1117
186.103.159.182 - - [08/Mar/2017:11:35:27 -0300] "GET /cormun/static/Shared/jqueryui/images/ui-icons_82798d_256x240.png HTTP/1.1" 404 1089
186.103.159.182 - - [08/Mar/2017:11:35:27 -0300] "GET /cormun/static/Shared/jqueryui/images/ui-icons_ebccce_256x240.png HTTP/1.1" 404 1089
186.103.159.182 - - [08/Mar/2017:11:35:27 -0300] "GET /cormun/static/Shared/jqueryui/images/ui-bg_flat_55_994d53_40x100.png HTTP/1.1" 404 1097
186.103.159.182 - - [08/Mar/2017:11:35:27 -0300] "GET /cormun/PrivateTempStorage/upload_00012925.pdf HTTP/1.1" 200 316390
186.103.159.182 - - [08/Mar/2017:11:35:27 -0300] "GET /cormun/PrivateTempStorage/upload_00012925.pdf HTTP/1.1" 304 -
186.103.159.182 - - [08/Mar/2017:11:35:31 -0300] "POST /cormun/servlet/solicitudotadjuntos?gx-no-cache=1488983801817 HTTP/1.1" 200 26
186.103.132.155 - - [08/Mar/2017:11:35:36 -0300] "POST /cormun/servlet/solicitudot?gx-no-cache=1488980204183 HTTP/1.1" 200 3176
186.103.132.155 - - [08/Mar/2017:11:35:36 -0300] "POST /cormun/servlet/solicitudot?7bced8b595bc9b2c19a200346027c598,INS,0,0,,gx-no-cache=1488980204937 HTTP/1.1" 200 9770
186.103.132.155 - - [08/Mar/2017:11:35:37 -0300] "GET /cormun/servlet/solicitudot?6c6cc43e7687d7d004cbbbaf00f75f47a1f775b35c3c21777259fa05a03bbb3f340921a73c68967d74c0ff07bbf73d7b,gx-no-cache=1488980205514 HTTP/1.1" 200 30
95.213.177.125 - - [08/Mar/2017:11:35:37 -0300] "CONNECT check.proxyradar.com:80 HTTP/1.1" 400 -
186.103.159.182 - - [08/Mar/2017:11:35:40 -0300] "GET /cormun/servlet/solicitudotadjuntos?d513c10847bf977b0e6f91091845b4ed4aa996247323ba5e123d3f7e3dbe4711f3015ad7d4619d5e384c0111b57f4969,gx-no-cache=1488983810491 HTTP/1.1" 200 30
186.103.159.182 - - [08/Mar/2017:11:35:40 -0300] "GET /cormun/servlet/solicitudotadjuntos?d513c10847bf977b0e6f91091845b4edab21931619876259e45527a4c2ed0609f3015ad7d4619d5e384c0111b57f4969,gx-no-cache=1488983810515 HTTP/1.1" 200 30
186.103.159.182 - - [08/Mar/2017:11:35:42 -0300] "POST /cormun/servlet/solicitudotadjuntos?f4139f5be8a4522b64dd76bb35e959d5,INS,2017,5334,,1, HTTP/1.1" 200 116
186.103.159.182 - - [08/Mar/2017:11:35:42 -0300] "GET /cormun/servlet/hpexe_return? HTTP/1.1" 200 1021
186.103.159.182 - - [08/Mar/2017:11:35:43 -0300] "GET /cormun/servlet/trsolicitudadjuntos?2017,5334, HTTP/1.1" 200 9054
186.103.159.182 - - [08/Mar/2017:11:35:44 -0300] "GET /cormun/servlet/trsolicitudadjuntos?2017,5334, HTTP/1.1" 200 9051
186.103.159.182 - - [08/Mar/2017:11:35:50 -0300] "GET /cormun/servlet/solicitudotadjuntos?DLT,2017,5334,CERTIF5,0, HTTP/1.1" 200 5943
186.103.159.182 - - [08/Mar/2017:11:35:51 -0300] "GET /cormun/static/about:blank HTTP/1.1" 404 1011
186.103.159.182 - - [08/Mar/2017:11:35:51 -0300] "GET /cormun/static/Shared/jqueryui/images/ui-bg_highlight-soft_100_c6c2c8_1x100.png HTTP/1.1" 404 1117
186.103.159.182 - - [08/Mar/2017:11:35:51 -0300] "GET /cormun/static/Shared/jqueryui/images/ui-icons_82798d_256x240.png HTTP/1.1" 404 1089
186.103.159.182 - - [08/Mar/2017:11:35:51 -0300] "GET /cormun/static/Shared/jqueryui/images/ui-bg_flat_55_fafafa_40x100.png HTTP/1.1" 404 1097
186.103.159.182 - - [08/Mar/2017:11:35:51 -0300] "GET /cormun/static/Shared/jqueryui/images/ui-icons_8d78a5_256x240.png HTTP/1.1" 404 1089
186.103.159.182 - - [08/Mar/2017:11:35:52 -0300] "GET /cormun/servlet/solicitudotadjuntos?DLT,2017,5334,CERTIF5,0, HTTP/1.1" 200 5937
