186.103.159.44 - - [08/Mar/2017:16:07:06 -0300] "GET /cormun/servlet/solicitudot?c63f98125b49911fc5077ac9c7f8825bce502ba464caeb104761d02cd5f155ce8ed16b6882a1d77e7aca160e22ae5cdd140508580d81e3c1e2c7a8bf9e957336ade3a7e57425cf6966f15a037144f7ed3f83cd362bbfe87e1469a66c3c9150cabeee5a6f6483e245a241a1056eb0ead97e43b31987bc739a420940ab974450c442bf59ec34451b8b88a2c866aad40bd687cb0142bdcb8c15279c1faba0e93008f185bd9523ec3b0dacb76ee33cddcb00776771ae0812c3e35df4d53c95cf5c8661bd56920193ff5ece08eb046b49205a5e9ff52a67f898e552b6200cb08e0638d52224c4151d2b2929473d8495f106b4ac34d3432b769c687e0a43a194e4169c742421b57597a5b1d537e8024b86550db4e09c770799ad2cd5f805d277903eea41068c5e30efbe961e611e64942d85096747e6ecde7f82aed0a917f8ca843bd38a8574e7b842326baf3cd8eb1ba967671b4ebd08d47566232827c576f3225428ed1aa7db58af62ed37ff76d88cd4764ccf2ffc9df22a26b6a8a0701aac2a6efa,gx-no-cache=1489000091435 HTTP/1.1" 200 30
186.103.159.188 - - [08/Mar/2017:16:10:56 -0300] "GET /cormun/servlet/hlogin HTTP/1.1" 200 1727
186.103.159.188 - - [08/Mar/2017:16:10:56 -0300] "GET /cormun/static/gxtimezone.js?85251 HTTP/1.1" 200 5781
186.103.159.188 - - [08/Mar/2017:16:10:56 -0300] "GET /cormun/static/gxcfg.js?201612216162538 HTTP/1.1" 200 953
190.101.9.138 - - [08/Mar/2017:16:10:56 -0300] "GET /cormun/static/hlogin.js?201612216162555 HTTP/1.1" 200 2136
186.103.159.188 - - [08/Mar/2017:16:10:57 -0300] "GET /cormun/static/Resources/ComunLogin.png HTTP/1.1" 200 17326
190.101.9.138 - - [08/Mar/2017:16:10:57 -0300] "GET /cormun/static/messages.spa.js?85251 HTTP/1.1" 200 30736
186.103.159.188 - - [08/Mar/2017:16:10:57 -0300] "GET /cormun/static/Resources/Spanish/PXTools.css?167811 HTTP/1.1" 200 89042
186.103.159.188 - - [08/Mar/2017:16:10:57 -0300] "GET /cormun/static/gxgral.js?85251 HTTP/1.1" 200 384558
186.103.159.188 - - [08/Mar/2017:16:10:57 -0300] "GET /cormun/static/Resources/indicator.gif HTTP/1.1" 200 1553
186.103.159.188 - - [08/Mar/2017:16:10:57 -0300] "GET /cormun/static/Resources/PXToolsLoginBackground.png HTTP/1.1" 200 1164
186.103.159.188 - - [08/Mar/2017:16:10:57 -0300] "GET /cormun/static/Resources/PXToolsButtonLeft21.png HTTP/1.1" 200 1287
186.103.159.188 - - [08/Mar/2017:16:10:57 -0300] "GET /cormun/static/Resources/PXToolsButtonBackground2.png HTTP/1.1" 200 1181
190.101.9.138 - - [08/Mar/2017:16:10:57 -0300] "GET /cormun/static/Resources/PXToolsLoginTop.png HTTP/1.1" 200 1337
190.101.9.138 - - [08/Mar/2017:16:10:57 -0300] "GET /cormun/static/Resources/PXToolsButtonRight21.png HTTP/1.1" 200 1283
186.103.159.188 - - [08/Mar/2017:16:10:57 -0300] "GET /cormun/servlet/hlogin HTTP/1.1" 200 1735
186.103.159.188 - - [08/Mar/2017:16:10:57 -0300] "GET /favicon.ico HTTP/1.1" 200 21630
186.103.159.188 - - [08/Mar/2017:16:10:57 -0300] "GET /cormun/static/Resources/indicator.gif HTTP/1.1" 200 1553
186.103.159.188 - - [08/Mar/2017:16:10:57 -0300] "GET /cormun/static/Resources/PXToolsLoginTop.png HTTP/1.1" 200 1337
186.103.159.188 - - [08/Mar/2017:16:10:57 -0300] "GET /cormun/static/Resources/PXToolsLoginBackground.png HTTP/1.1" 200 1164
186.103.159.188 - - [08/Mar/2017:16:10:57 -0300] "GET /cormun/static/Resources/PXToolsButtonLeft21.png HTTP/1.1" 200 1287
186.103.159.188 - - [08/Mar/2017:16:10:57 -0300] "GET /cormun/static/Resources/PXToolsButtonRight21.png HTTP/1.1" 200 1283
186.103.159.188 - - [08/Mar/2017:16:10:57 -0300] "GET /cormun/static/Resources/PXToolsButtonBackground2.png HTTP/1.1" 200 1181
186.103.159.188 - - [08/Mar/2017:16:10:57 -0300] "GET /cormun/static/Resources/PXToolsLoginBottom.png HTTP/1.1" 200 1389
186.103.159.188 - - [08/Mar/2017:16:11:06 -0300] "POST /cormun/servlet/hlogin?44f6125046fcd9b4a7373a7ce63e3a07,gx-no-cache=1489000336283 HTTP/1.1" 200 90
186.103.159.188 - - [08/Mar/2017:16:11:06 -0300] "GET /cormun/servlet/hpexe_link HTTP/1.1" 200 956
186.103.159.188 - - [08/Mar/2017:16:11:06 -0300] "GET /cormun/static/hpexe_link.js?201612218515532 HTTP/1.1" 200 625
186.103.159.188 - - [08/Mar/2017:16:11:06 -0300] "GET /cormun/static/gxcfg.js?201612218515529 HTTP/1.1" 200 953
186.103.159.188 - - [08/Mar/2017:16:11:06 -0300] "GET /cormun/static/Resources/Spanish/PXTools.css?18365030 HTTP/1.1" 200 89042
186.103.159.188 - - [08/Mar/2017:16:11:06 -0300] "GET /cormun/servlet/hhome HTTP/1.1" 200 3779
186.103.159.188 - - [08/Mar/2017:16:11:06 -0300] "GET /cormun/static/SmoothNavMenu/resources/ddsmoothmenu.css?1112540 HTTP/1.1" 200 2223
186.103.159.188 - - [08/Mar/2017:16:11:06 -0300] "GET /cormun/static/scaMessage/css/jquery.pnotify.default.css?1816380 HTTP/1.1" 200 1707
186.103.159.188 - - [08/Mar/2017:16:11:06 -0300] "GET /cormun/static/SmoothNavMenu/resources/ddsmoothmenu-v.css?1112540 HTTP/1.1" 200 1188
186.103.159.188 - - [08/Mar/2017:16:11:06 -0300] "GET /cormun/static/Shared/jqueryui/jquery-ui.min.css?1345370 HTTP/1.1" 200 30288
186.103.159.188 - - [08/Mar/2017:16:11:06 -0300] "GET /cormun/static/gxcfg.js?201612218515568 HTTP/1.1" 200 953
186.103.159.188 - - [08/Mar/2017:16:11:06 -0300] "GET /cormun/static/PXToolsJavascripts/pexe_autoreload.js HTTP/1.1" 200 1762
186.103.159.188 - - [08/Mar/2017:16:11:06 -0300] "GET /cormun/static/PXToolsJavascripts/pexe_cookies.js HTTP/1.1" 200 792
186.103.159.188 - - [08/Mar/2017:16:11:06 -0300] "GET /cormun/static/PXToolsJavascripts/pexe_windows.js HTTP/1.1" 200 15207
186.103.159.188 - - [08/Mar/2017:16:11:06 -0300] "GET /cormun/static/PXToolsJavascripts/pexe_grid.js HTTP/1.1" 200 7559
186.103.159.188 - - [08/Mar/2017:16:11:06 -0300] "GET /cormun/static/PXToolsJavascripts/pexe_griddivfix.js HTTP/1.1" 200 6644
186.103.159.188 - - [08/Mar/2017:16:11:06 -0300] "GET /cormun/static/PXToolsJavascripts/pexe_link.js HTTP/1.1" 200 5671
186.103.159.188 - - [08/Mar/2017:16:11:06 -0300] "GET /cormun/static/PXToolsJavascripts/pexe_menus.js HTTP/1.1" 200 1286
186.103.159.188 - - [08/Mar/2017:16:11:06 -0300] "GET /cormun/static/PXToolsJavascripts/pexe_layers.js HTTP/1.1" 200 4114
186.103.159.188 - - [08/Mar/2017:16:11:06 -0300] "GET /cormun/static/PXToolsJavascripts/pexe_oav.js HTTP/1.1" 200 645
186.103.159.188 - - [08/Mar/2017:16:11:06 -0300] "GET /cormun/static/PXToolsJavascripts/pexe_oavdivfix.js HTTP/1.1" 200 639
186.103.159.188 - - [08/Mar/2017:16:11:06 -0300] "GET /cormun/static/PXToolsJavascripts/pexe_picture.js HTTP/1.1" 200 689
186.103.159.188 - - [08/Mar/2017:16:11:07 -0300] "GET /cormun/static/PXToolsJavascripts/pexe_scrolldiv.js HTTP/1.1" 200 4138
186.103.159.188 - - [08/Mar/2017:16:11:07 -0300] "GET /cormun/static/PXToolsJavascripts/pexe_popup.js HTTP/1.1" 200 13458
186.103.159.188 - - [08/Mar/2017:16:11:07 -0300] "GET /cormun/static/PXToolsJavascripts/pexe_tabs.js HTTP/1.1" 200 3748
186.103.159.188 - - [08/Mar/2017:16:11:07 -0300] "GET /cormun/static/PXToolsJavascripts/pexe_tabdivfix.js HTTP/1.1" 200 876
186.103.159.188 - - [08/Mar/2017:16:11:07 -0300] "GET /cormun/static/PXToolsJavascripts/pexe_upload.js HTTP/1.1" 200 1423
186.103.159.188 - - [08/Mar/2017:16:11:07 -0300] "GET /cormun/static/PXToolsJavascripts/pexe_menudivfix.js HTTP/1.1" 200 333
186.103.159.188 - - [08/Mar/2017:16:11:07 -0300] "GET /cormun/static/Resources/logo4.png HTTP/1.1" 200 6582
186.103.159.188 - - [08/Mar/2017:16:11:07 -0300] "GET /cormun/static/PXToolsJavascripts/PXToolsJavascriptsRender.js HTTP/1.1" 200 367
186.103.159.188 - - [08/Mar/2017:16:11:07 -0300] "GET /cormun/static/RunJS/RunJS.js HTTP/1.1" 200 288
186.103.159.188 - - [08/Mar/2017:16:11:07 -0300] "GET /cormun/static/Shared/ext/locale/ext-lang-en.js HTTP/1.1" 200 10940
186.103.159.188 - - [08/Mar/2017:16:11:07 -0300] "GET /cormun/static/hwchdr01.js?201612218432057 HTTP/1.1" 200 1183
186.103.159.188 - - [08/Mar/2017:16:11:07 -0300] "GET /cormun/static/hpexe_recentlink.js?201610171694390 HTTP/1.1" 200 2144
186.103.159.188 - - [08/Mar/2017:16:11:07 -0300] "GET /cormun/static/hpexe_scripts.js?201612218432016 HTTP/1.1" 200 1544
186.103.159.188 - - [08/Mar/2017:16:11:07 -0300] "GET /cormun/static/hhome.js?201612218515573 HTTP/1.1" 200 777
186.103.159.188 - - [08/Mar/2017:16:11:07 -0300] "GET /cormun/static/hpexe_messagecontroller.js?201610171694323 HTTP/1.1" 200 870
186.103.159.188 - - [08/Mar/2017:16:11:07 -0300] "GET /cormun/static/hpexe_messagepopupcomponent.js?20161017169425 HTTP/1.1" 200 605
186.103.159.188 - - [08/Mar/2017:16:11:07 -0300] "GET /cormun/static/Resources/PXToolsHeaderHome.png HTTP/1.1" 200 4147
186.103.159.188 - - [08/Mar/2017:16:11:07 -0300] "GET /cormun/static/hpexe_messagegenexuscomponent.js?201612218431816 HTTP/1.1" 200 587
186.103.159.188 - - [08/Mar/2017:16:11:07 -0300] "GET /cormun/static/Resources/PXToolsHeaderLogin.png HTTP/1.1" 200 4279
186.103.159.188 - - [08/Mar/2017:16:11:07 -0300] "GET /cormun/static/Resources/PXToolsHeaderSecurity.png HTTP/1.1" 200 4166
186.103.159.188 - - [08/Mar/2017:16:11:07 -0300] "GET /cormun/static/Resources/PXToolsHeaderPreferences.png HTTP/1.1" 200 4189
186.103.159.188 - - [08/Mar/2017:16:11:07 -0300] "GET /cormun/static/Resources/PXToolsHeaderActionsRight.png HTTP/1.1" 200 1201
186.103.159.188 - - [08/Mar/2017:16:11:07 -0300] "GET /cormun/static/gxui/gxui-all.js HTTP/1.1" 200 107772
186.103.159.188 - - [08/Mar/2017:16:11:07 -0300] "GET /cormun/static/Resources/PXToolsFooterBackground2.png HTTP/1.1" 200 1172
186.103.159.188 - - [08/Mar/2017:16:11:07 -0300] "GET /cormun/static/Resources/PXToolsDataTitle.png HTTP/1.1" 200 1173
186.103.159.188 - - [08/Mar/2017:16:11:07 -0300] "GET /cormun/static/Resources/PXToolsHeaderBackground2.png HTTP/1.1" 200 1174
186.103.159.188 - - [08/Mar/2017:16:11:07 -0300] "GET /cormun/static/Resources/PXToolsHeaderActionsLeft.png HTTP/1.1" 200 1118
186.103.159.188 - - [08/Mar/2017:16:11:08 -0300] "GET /cormun/static/Resources/PXToolsHeaderActionsBackground.png HTTP/1.1" 200 484
186.103.159.188 - - [08/Mar/2017:16:11:08 -0300] "GET /cormun/static/Shared/ext/ext-all.js HTTP/1.1" 200 1289687
186.103.159.188 - - [08/Mar/2017:16:11:08 -0300] "GET /cormun/static/SmoothNavMenu/resources/SmoothNavMenuRender.js HTTP/1.1" 200 5951
186.103.159.188 - - [08/Mar/2017:16:11:08 -0300] "GET /cormun/static/SmoothNavMenu/resources/ddsmoothmenu.js HTTP/1.1" 200 12712
186.103.159.188 - - [08/Mar/2017:16:11:08 -0300] "GET /cormun/static/cmcontrolpreferences.js?201612218431999 HTTP/1.1" 200 1375
186.103.159.188 - - [08/Mar/2017:16:11:08 -0300] "GET /cormun/static/scaMessage/js/jquery.pnotify.min.js HTTP/1.1" 200 13038
186.103.159.188 - - [08/Mar/2017:16:11:08 -0300] "GET /cormun/static/scaMessage/scaMessageRender.js HTTP/1.1" 200 11977
186.103.159.188 - - [08/Mar/2017:16:11:08 -0300] "GET /cormun/static/Shared/jquery/jquery-1.4.2.min.js HTTP/1.1" 200 72174
186.103.159.188 - - [08/Mar/2017:16:11:08 -0300] "GET /cormun/static/hmpwkw03.js?20161221852152 HTTP/1.1" 200 3965
186.103.159.188 - - [08/Mar/2017:16:11:08 -0300] "GET /cormun/static/Shared/jqueryui/jquery-ui.min.js HTTP/1.1" 200 240427
186.103.159.188 - - [08/Mar/2017:16:11:08 -0300] "GET /cormun/static/Shared/jquery/jquery-1.10.2.min.js HTTP/1.1" 200 273199
186.103.159.188 - - [08/Mar/2017:16:11:09 -0300] "GET /cormun/static/SmoothNavMenu/resources/images/down.gif HTTP/1.1" 200 854
186.103.159.188 - - [08/Mar/2017:16:11:09 -0300] "GET /cormun/servlet/hhome HTTP/1.1" 200 3776
186.103.159.188 - - [08/Mar/2017:16:11:12 -0300] "GET /cormun/servlet/trsolicitudot? HTTP/1.1" 200 8388
186.103.159.188 - - [08/Mar/2017:16:11:12 -0300] "GET /cormun/static/gxui/gxui-all.css?120300 HTTP/1.1" 200 2179
186.103.159.188 - - [08/Mar/2017:16:11:12 -0300] "GET /cormun/static/gxcfg.js?20171191044697 HTTP/1.1" 200 953
186.103.159.188 - - [08/Mar/2017:16:11:12 -0300] "GET /cormun/static/calendar.js?85251 HTTP/1.1" 200 26246
186.103.159.188 - - [08/Mar/2017:16:11:12 -0300] "GET /cormun/static/calendar-setup.js?85251 HTTP/1.1" 200 2588
186.103.159.188 - - [08/Mar/2017:16:11:12 -0300] "GET /cormun/static/calendar-system.css?85620 HTTP/1.1" 200 5572
186.103.159.188 - - [08/Mar/2017:16:11:12 -0300] "GET /cormun/static/calendar-es.js?85251 HTTP/1.1" 200 1901
186.103.159.188 - - [08/Mar/2017:16:11:12 -0300] "GET /cormun/static/Shared/ext/resources/css/ext-all.css?215870 HTTP/1.1" 200 416045
186.103.159.188 - - [08/Mar/2017:16:11:12 -0300] "GET /cormun/static/Resources/PXTools/calendar.png HTTP/1.1" 200 1306
186.103.159.188 - - [08/Mar/2017:16:11:12 -0300] "GET /cormun/static/Resources/PXToolsGridNew.png HTTP/1.1" 200 2949
186.103.159.188 - - [08/Mar/2017:16:11:12 -0300] "GET /cormun/static/Resources/PXToolsGridFirstDisabled.gif HTTP/1.1" 200 100
186.103.159.188 - - [08/Mar/2017:16:11:12 -0300] "GET /cormun/static/Resources/PXToolsGridPreviousDisabled.gif HTTP/1.1" 200 90
186.103.159.188 - - [08/Mar/2017:16:11:12 -0300] "GET /cormun/static/gxdec.js?85251 HTTP/1.1" 200 19579
186.103.159.188 - - [08/Mar/2017:16:11:12 -0300] "GET /cormun/static/trsolicitudot.js?20171191045625 HTTP/1.1" 200 53117
186.103.159.188 - - [08/Mar/2017:16:11:12 -0300] "GET /cormun/static/Resources/PXToolsGridNextDisabled.gif HTTP/1.1" 200 90
186.103.159.188 - - [08/Mar/2017:16:11:12 -0300] "GET /cormun/static/Resources/PXToolsGridLastDisabled.gif HTTP/1.1" 200 98
186.103.159.188 - - [08/Mar/2017:16:11:12 -0300] "GET /cormun/static/Resources/PXToolsActionExcel.png HTTP/1.1" 200 3187
186.103.159.188 - - [08/Mar/2017:16:11:12 -0300] "GET /cormun/static/Resources/PXToolsDataSearch.png HTTP/1.1" 200 419
186.103.159.188 - - [08/Mar/2017:16:11:12 -0300] "GET /cormun/static/Resources/desc.gif HTTP/1.1" 200 65
186.103.159.188 - - [08/Mar/2017:16:11:12 -0300] "GET /cormun/static/Resources/asc.gif HTTP/1.1" 200 67
186.103.159.188 - - [08/Mar/2017:16:11:12 -0300] "GET /cormun//static/Resources/PXToolsActionView.png HTTP/1.1" 200 2995
186.103.159.188 - - [08/Mar/2017:16:11:12 -0300] "GET /cormun//static/Resources/PXToolsGridUpdate.png HTTP/1.1" 200 2984
186.103.159.188 - - [08/Mar/2017:16:11:12 -0300] "GET /cormun//static/Resources/PXToolsGridDelete.png HTTP/1.1" 200 357
186.103.159.188 - - [08/Mar/2017:16:11:12 -0300] "GET /cormun//static/Resources/PXToolsRemoveAllAction.png HTTP/1.1" 200 3558
186.103.159.188 - - [08/Mar/2017:16:11:12 -0300] "GET /cormun//static/Resources/PXTools/ActionInsert.png HTTP/1.1" 200 1482
186.103.159.188 - - [08/Mar/2017:16:11:12 -0300] "GET /cormun/static/Shared/ext/resources/themes/images/default/panel/bg-headersPanel.png HTTP/1.1" 200 255
186.103.159.188 - - [08/Mar/2017:16:11:12 -0300] "GET /cormun/servlet/trsolicitudot? HTTP/1.1" 200 8386
186.103.159.188 - - [08/Mar/2017:16:11:12 -0300] "GET /cormun/static/Shared/ext/resources/themes/images/default/tools/tool-sprites.gif HTTP/1.1" 200 5434
186.103.159.188 - - [08/Mar/2017:16:11:12 -0300] "GET /cormun/static/Resources/PXToolsGridPage.gif HTTP/1.1" 200 725
186.103.159.188 - - [08/Mar/2017:16:11:30 -0300] "GET /cormun/servlet/solicitudot?INS,0,0, HTTP/1.1" 200 12586
186.103.159.188 - - [08/Mar/2017:16:11:30 -0300] "GET /cormun/static/gxcfg.js?20171191042720 HTTP/1.1" 200 953
186.103.159.188 - - [08/Mar/2017:16:11:30 -0300] "GET /cormun/static/Resources/prompt.gif HTTP/1.1" 200 902
186.103.159.188 - - [08/Mar/2017:16:11:30 -0300] "GET /cormun/static/solicitudot.js?2017119104297 HTTP/1.1" 200 63948
186.103.159.188 - - [08/Mar/2017:16:11:31 -0300] "GET /cormun/servlet/solicitudot?INS,0,0, HTTP/1.1" 200 12591
192.168.10.96 - - [08/Mar/2017:16:11:32 -0300] "GET /cormun/servlet/trconsultaempleado? HTTP/1.1" 200 6540
192.168.10.96 - - [08/Mar/2017:16:11:33 -0300] "GET /cormun/servlet/trconsultaempleado? HTTP/1.1" 200 6522
192.168.10.96 - - [08/Mar/2017:16:11:38 -0300] "POST /cormun/servlet/trconsultaempleado?fb13c8bf071146f833d8e3a11b1a7a90,,gx-no-cache=1489003582644 HTTP/1.1" 200 4413
192.168.10.96 - - [08/Mar/2017:16:11:42 -0300] "GET /cormun/servlet/trsolicitudnombre?8175791, HTTP/1.1" 200 7401
192.168.10.96 - - [08/Mar/2017:16:11:43 -0300] "GET /cormun/servlet/trsolicitudnombre?8175791, HTTP/1.1" 200 7405
192.168.10.89 - - [08/Mar/2017:16:11:45 -0300] "POST /cormun/servlet/trautorizarsolicitud?639b76e1ce02495238f8bbd1b4870a1c,,gx-no-cache=1489003589013 HTTP/1.1" 200 8138
186.103.159.188 - - [08/Mar/2017:16:11:46 -0300] "POST /cormun/servlet/solicitudot?gx-no-cache=1489000376516 HTTP/1.1" 200 3196
192.168.10.96 - - [08/Mar/2017:16:11:46 -0300] "GET /cormun/servlet/vesolicitudnombre?2017,5271,, HTTP/1.1" 200 8250
192.168.10.96 - - [08/Mar/2017:16:11:47 -0300] "GET /cormun/pexe_scrolldiv.js HTTP/1.1" 404 1009
186.103.159.188 - - [08/Mar/2017:16:11:47 -0300] "POST /cormun/servlet/solicitudot?44f6125046fcd9b4a7373a7ce63e3a07,INS,0,0,,gx-no-cache=1489000376797 HTTP/1.1" 200 9787
192.168.10.96 - - [08/Mar/2017:16:11:47 -0300] "GET /cormun/pexe_scrolldiv.js HTTP/1.1" 404 1009
192.168.10.96 - - [08/Mar/2017:16:11:47 -0300] "GET /cormun/servlet/vesolicitudnombre?2017,5271,, HTTP/1.1" 200 8243
192.168.10.96 - - [08/Mar/2017:16:11:51 -0300] "GET /cormun/servlet/vesolicitudnombre?2017,5271,,SolicitudOTAdjuntos HTTP/1.1" 200 10009
192.168.10.96 - - [08/Mar/2017:16:11:51 -0300] "GET /cormun/pexe_scrolldiv.js HTTP/1.1" 404 1009
192.168.10.96 - - [08/Mar/2017:16:11:51 -0300] "GET /cormun/pexe_scrolldiv.js HTTP/1.1" 404 1009
192.168.10.96 - - [08/Mar/2017:16:11:52 -0300] "GET /cormun/servlet/vesolicitudnombre?2017,5271,,SolicitudOTAdjuntos HTTP/1.1" 200 10010
192.168.10.96 - - [08/Mar/2017:16:11:52 -0300] "POST /cormun/servlet/acontrolpreferencessavestate?None,DZAMUDIO,true HTTP/1.1" 200 35
192.168.10.96 - - [08/Mar/2017:16:11:53 -0300] "GET /cormun/PublicTempStorage/c.i1529607.pdf HTTP/1.1" 200 321270
192.168.10.96 - - [08/Mar/2017:16:11:59 -0300] "GET /cormun/servlet/vesolicitudnombre?2017,5271,,SolicitudOTAdjuntos HTTP/1.1" 200 10007
192.168.10.96 - - [08/Mar/2017:16:12:00 -0300] "GET /cormun/servlet/vesolicitudnombre?2017,5271,,SolicitudOTAdjuntos HTTP/1.1" 200 10009
192.168.10.96 - - [08/Mar/2017:16:12:01 -0300] "POST /cormun/servlet/acontrolpreferencessavestate?None,DZAMUDIO,true HTTP/1.1" 200 35
192.168.10.89 - - [08/Mar/2017:16:12:02 -0300] "GET /cormun/static/menuarrow.gif HTTP/1.1" 404 1015
192.168.10.96 - - [08/Mar/2017:16:12:02 -0300] "GET /cormun/PublicTempStorage/afp4485358.pdf HTTP/1.1" 200 270402
192.168.10.89 - - [08/Mar/2017:16:12:07 -0300] "POST /cormun/servlet/trautorizarsolicitud?639b76e1ce02495238f8bbd1b4870a1c,,gx-no-cache=1489003611789 HTTP/1.1" 200 8894
192.168.10.96 - - [08/Mar/2017:16:12:08 -0300] "GET /cormun/servlet/vesolicitudnombre?2017,5271,,SolicitudOTAdjuntos HTTP/1.1" 200 10009
192.168.10.96 - - [08/Mar/2017:16:12:09 -0300] "GET /cormun/servlet/vesolicitudnombre?2017,5271,,SolicitudOTAdjuntos HTTP/1.1" 200 10008
192.168.10.96 - - [08/Mar/2017:16:12:09 -0300] "POST /cormun/servlet/acontrolpreferencessavestate?None,DZAMUDIO,true HTTP/1.1" 200 35
192.168.10.96 - - [08/Mar/2017:16:12:11 -0300] "GET /cormun/PublicTempStorage/isapre2781106.pdf HTTP/1.1" 200 262246
186.103.159.188 - - [08/Mar/2017:16:12:11 -0300] "GET /cormun/servlet/solicitudot?e032210f7468c7643b96e8c4659ab683e6aa47a1f9b5be7c9a2d235332d3a8105f4bdcd75aa55aad3d9b58a160a51ad4,gx-no-cache=1489000401236 HTTP/1.1" 200 30
186.103.159.188 - - [08/Mar/2017:16:12:11 -0300] "POST /cormun/servlet/solicitudot?gx-no-cache=1489000401361 HTTP/1.1" 200 256
186.103.159.188 - - [08/Mar/2017:16:12:11 -0300] "GET /cormun/servlet/solicitudot?e032210f7468c7643b96e8c4659ab68306db4cb2111419dfe209fba08d97efb63358ba4f0ec64d16a5d50028f6022fef45bb6bac012ec648f1f4ca7ea88ceeae7ee65a821938f2c93102bd8c25834c2b80a70b5c7fb7d47bce77ebce3e9d0ff8a6627129d23cdd58a066f450b54ab6acfea78f0813c5d18ceeb4c230698f1506f44c5a31ae708ac3714b103e15ad79d873fb49c10f4249facab172813c7728be41bf47aed01a60258d525c08622247007fefd2e43d56c9cbf438d5b41ac98ae35b47c35d65bec903b76a6dc6bbe2ebbc73cf543d3ea1b5b205970f055d5c9bcb2f49e19f27f6c07424589ca3022f3eabc3ebddc0acf5fb77046cc0e8ad32b5f82f72c3faf4dc8544fd147ede2cd1de6d0774f8163f4f1bce321dea36ab6e0958fa863f6f8c6cab1e0985893b61e9e64ffd3a77c09f236ed49b2d843515ae55ec69047e003c8fdbf7ad341840afdd37be5786f36b1f4415c994d70a7783af70e1962cd798b0126ce2a178592756907f7ef3edb7e4ec211676066e3013416a41cb,gx-no-cache=1489000401454 HTTP/1.1" 200 30
186.103.159.188 - - [08/Mar/2017:16:12:13 -0300] "POST /cormun/servlet/solicitudot?gx-no-cache=1489000403779 HTTP/1.1" 200 30
192.168.10.89 - - [08/Mar/2017:16:12:14 -0300] "POST /cormun/servlet/trautorizarsolicitud?639b76e1ce02495238f8bbd1b4870a1c,,gx-no-cache=1489003618296 HTTP/1.1" 200 4124
192.168.10.96 - - [08/Mar/2017:16:12:16 -0300] "GET /cormun/servlet/vesolicitudnombre?2017,5271,,SolicitudOTAdjuntos HTTP/1.1" 200 10012
192.168.10.96 - - [08/Mar/2017:16:12:17 -0300] "GET /cormun/servlet/vesolicitudnombre?2017,5271,,SolicitudOTAdjuntos HTTP/1.1" 200 10008
192.168.10.96 - - [08/Mar/2017:16:12:18 -0300] "POST /cormun/servlet/acontrolpreferencessavestate?None,DZAMUDIO,true HTTP/1.1" 200 35
192.168.10.96 - - [08/Mar/2017:16:12:19 -0300] "GET /cormun/PublicTempStorage/antecedentes2360987.pdf HTTP/1.1" 200 433475
186.103.159.188 - - [08/Mar/2017:16:12:19 -0300] "POST /cormun/servlet/solicitudot?gx-no-cache=1489000409161 HTTP/1.1" 200 1291
186.103.159.188 - - [08/Mar/2017:16:12:19 -0300] "POST /cormun/servlet/solicitudot?gx-no-cache=1489000409270 HTTP/1.1" 200 38
192.168.10.89 - - [08/Mar/2017:16:12:20 -0300] "POST /cormun/servlet/trautorizarsolicitud?639b76e1ce02495238f8bbd1b4870a1c,,gx-no-cache=1489003624320 HTTP/1.1" 200 4128
192.168.10.96 - - [08/Mar/2017:16:12:23 -0300] "GET /cormun/servlet/vesolicitudnombre?2017,5271,,SolicitudOTAdjuntos HTTP/1.1" 200 10010
192.168.10.96 - - [08/Mar/2017:16:12:24 -0300] "GET /cormun/servlet/vesolicitudnombre?2017,5271,,SolicitudOTAdjuntos HTTP/1.1" 200 10008
192.168.10.96 - - [08/Mar/2017:16:12:24 -0300] "POST /cormun/servlet/acontrolpreferencessavestate?None,DZAMUDIO,true HTTP/1.1" 200 35
192.168.10.96 - - [08/Mar/2017:16:12:25 -0300] "GET /cormun/PublicTempStorage/curriculum1324844.pdf HTTP/1.1" 200 1304747
192.168.10.96 - - [08/Mar/2017:16:12:30 -0300] "GET /cormun/servlet/vesolicitudnombre?2017,5271,,SolicitudOTAdjuntos HTTP/1.1" 200 10008
192.168.10.89 - - [08/Mar/2017:16:12:30 -0300] "GET /cormun/servlet/hlogin HTTP/1.1" 200 1742
192.168.10.96 - - [08/Mar/2017:16:12:31 -0300] "GET /cormun/servlet/vesolicitudnombre?2017,5271,,SolicitudOTAdjuntos HTTP/1.1" 200 10011
192.168.10.96 - - [08/Mar/2017:16:12:31 -0300] "POST /cormun/servlet/acontrolpreferencessavestate?None,DZAMUDIO,true HTTP/1.1" 200 35
192.168.10.96 - - [08/Mar/2017:16:12:32 -0300] "GET /cormun/PublicTempStorage/cert.titulo8227541.pdf HTTP/1.1" 200 712614
192.168.10.89 - - [08/Mar/2017:16:12:37 -0300] "POST /cormun/servlet/hlogin?639b76e1ce02495238f8bbd1b4870a1c,gx-no-cache=1489003641310 HTTP/1.1" 200 90
192.168.10.89 - - [08/Mar/2017:16:12:37 -0300] "GET /cormun/servlet/hpexe_link HTTP/1.1" 200 954
192.168.10.89 - - [08/Mar/2017:16:12:38 -0300] "GET /cormun/servlet/hhome HTTP/1.1" 200 4388
186.103.159.188 - - [08/Mar/2017:16:12:39 -0300] "GET /cormun/servlet/solicitudot?e032210f7468c7643b96e8c4659ab68335d707ef5a09d0d741d0151d60d2984d5f3d5cf66aabb731e92b71fd30c95765ca1f6522242576759b4ae6c295322fd54068f3c0961a8443872546b5fa93524f651ffc054d99425d5026cf053da405b4114ceb12881b99c7a9bdc405b65b539b,gx-no-cache=1489000429769 HTTP/1.1" 200 29
186.103.159.188 - - [08/Mar/2017:16:12:40 -0300] "POST /cormun/servlet/solicitudot?gx-no-cache=1489000429878 HTTP/1.1" 200 1275
186.103.159.188 - - [08/Mar/2017:16:12:40 -0300] "POST /cormun/servlet/solicitudot?gx-no-cache=1489000430361 HTTP/1.1" 200 1156
192.168.10.89 - - [08/Mar/2017:16:12:42 -0300] "GET /cormun/servlet/trsolicitudgral? HTTP/1.1" 200 13330
192.168.10.89 - - [08/Mar/2017:16:12:51 -0300] "POST /cormun/servlet/trsolicitudgral?639b76e1ce02495238f8bbd1b4870a1c,,gx-no-cache=1489003655444 HTTP/1.1" 200 5404
192.168.10.89 - - [08/Mar/2017:16:13:00 -0300] "POST /cormun/servlet/trsolicitudgral?639b76e1ce02495238f8bbd1b4870a1c,,gx-no-cache=1489003664095 HTTP/1.1" 200 5406
190.101.9.138 - - [08/Mar/2017:16:13:00 -0300] "GET /cormun/static/menuarrow.gif HTTP/1.1" 404 1015
192.168.10.89 - - [08/Mar/2017:16:13:06 -0300] "GET /cormun/servlet/trconsultaempleado? HTTP/1.1" 200 9464
192.168.10.89 - - [08/Mar/2017:16:13:11 -0300] "POST /cormun/servlet/trconsultaempleado?639b76e1ce02495238f8bbd1b4870a1c,,gx-no-cache=1489003675567 HTTP/1.1" 200 4718
192.168.10.89 - - [08/Mar/2017:16:13:13 -0300] "GET /cormun/servlet/trsolicitudnombre?16882911, HTTP/1.1" 200 8967
190.101.9.138 - - [08/Mar/2017:16:13:19 -0300] "GET /cormun/servlet/solicitudot?e032210f7468c7643b96e8c4659ab683110e38ed888f59d925e85c213ede50770540cdd2497fa9c91823fee3bd7cf76f18432a4fefe9790dd57eac774ccceacc9afa2f0ab4ea86e384ca4850cd1be317e0d744b3d9afdacfcd48e48936ab8f3d75321644b7dd4361eb7e1c40b29e165b72341ba0eac518e30832ac15b097b348f87bb1c5ee6e2be4b1dd147295d5bda499cf18d8cd21191103aa7132aebb642298bee0fe87fe986c53acfe027c9b9abe,gx-no-cache=1489000469482 HTTP/1.1" 200 30
190.101.9.138 - - [08/Mar/2017:16:13:20 -0300] "POST /cormun/servlet/solicitudot?44f6125046fcd9b4a7373a7ce63e3a07,INS,0,0,,gx-no-cache=1489000469591 HTTP/1.1" 200 93
190.101.9.138 - - [08/Mar/2017:16:13:20 -0300] "GET /cormun/servlet/hpexe_return? HTTP/1.1" 200 1009
190.101.9.138 - - [08/Mar/2017:16:13:20 -0300] "GET /cormun/static/gxcfg.js?2016101716175148 HTTP/1.1" 200 953
186.103.159.188 - - [08/Mar/2017:16:13:20 -0300] "GET /cormun/static/hpexe_return.js?2016101716175153 HTTP/1.1" 200 1633
186.103.159.188 - - [08/Mar/2017:16:13:20 -0300] "GET /cormun/servlet/trsolicitudot HTTP/1.1" 200 8795
186.103.159.188 - - [08/Mar/2017:16:13:20 -0300] "GET /cormun/servlet/trsolicitudot HTTP/1.1" 200 8791
186.103.159.188 - - [08/Mar/2017:16:13:45 -0300] "POST /cormun/servlet/trsolicitudot?44f6125046fcd9b4a7373a7ce63e3a07,gx-no-cache=1489000495721 HTTP/1.1" 200 107
186.103.159.188 - - [08/Mar/2017:16:13:45 -0300] "GET /cormun/servlet/trsolicitudadjuntos?2017,5356, HTTP/1.1" 200 5882
186.103.159.188 - - [08/Mar/2017:16:13:46 -0300] "GET /cormun/static/gxcfg.js?201612218531388 HTTP/1.1" 200 953
186.103.159.188 - - [08/Mar/2017:16:13:46 -0300] "GET /cormun/static/trsolicitudadjuntos.js?201612218531657 HTTP/1.1" 200 17913
186.103.159.188 - - [08/Mar/2017:16:13:46 -0300] "GET /cormun/servlet/trsolicitudadjuntos?2017,5356, HTTP/1.1" 200 5882
186.103.159.188 - - [08/Mar/2017:16:13:51 -0300] "GET /cormun/servlet/solicitudotadjuntos?INS,2017,5356,,1, HTTP/1.1" 200 5813
186.103.159.188 - - [08/Mar/2017:16:13:51 -0300] "GET /cormun/static/gxcfg.js?201612218465951 HTTP/1.1" 200 953
186.103.159.188 - - [08/Mar/2017:16:13:51 -0300] "GET /cormun/static/about:blank HTTP/1.1" 404 1011
186.103.159.188 - - [08/Mar/2017:16:13:51 -0300] "GET /cormun/static/solicitudotadjuntos.js?201612218465969 HTTP/1.1" 200 11762
186.103.159.188 - - [08/Mar/2017:16:13:51 -0300] "GET /cormun/servlet/solicitudotadjuntos?INS,2017,5356,,1, HTTP/1.1" 200 5807
186.103.159.188 - - [08/Mar/2017:16:13:52 -0300] "GET /cormun/servlet/solicitudotadjuntos?e032210f7468c7643b96e8c4659ab68312991c8aa3a1b71b3c8c82867835cb5fa67a11b124bc48a6319c06850365ce3b,gx-no-cache=1489000502024 HTTP/1.1" 200 30
186.103.159.188 - - [08/Mar/2017:16:13:52 -0300] "POST /cormun/servlet/solicitudotadjuntos?44f6125046fcd9b4a7373a7ce63e3a07,INS,2017,5356,,1,,gx-no-cache=1489000502117 HTTP/1.1" 200 3649
186.103.159.188 - - [08/Mar/2017:16:13:54 -0300] "POST /cormun/servlet/solicitudotadjuntos?gx-no-cache=1489000504800 HTTP/1.1" 200 26
186.103.159.188 - - [08/Mar/2017:16:14:10 -0300] "GET /cormun/servlet/solicitudotadjuntos?e032210f7468c7643b96e8c4659ab683be4bd1ef295bdcf515f72aee86976c8b,gx-no-cache=1489000520221 HTTP/1.1" 200 30
186.103.159.188 - - [08/Mar/2017:16:14:10 -0300] "GET /cormun/servlet/solicitudotadjuntos?e032210f7468c7643b96e8c4659ab683be4bd1ef295bdcf515f72aee86976c8b,gx-no-cache=1489000520252 HTTP/1.1" 200 30
186.103.159.188 - - [08/Mar/2017:16:14:10 -0300] "POST /cormun/servlet/solicitudotadjuntos?44f6125046fcd9b4a7373a7ce63e3a07,INS,2017,5356,,1, HTTP/1.1" 200 116
186.103.159.188 - - [08/Mar/2017:16:14:10 -0300] "GET /cormun/servlet/hpexe_return? HTTP/1.1" 200 1029
186.103.159.188 - - [08/Mar/2017:16:14:11 -0300] "GET /cormun/servlet/trsolicitudadjuntos?2017,5356, HTTP/1.1" 200 7958
186.103.159.188 - - [08/Mar/2017:16:14:11 -0300] "GET /cormun/servlet/trsolicitudadjuntos?2017,5356, HTTP/1.1" 200 7954
186.103.159.188 - - [08/Mar/2017:16:14:14 -0300] "GET /cormun/servlet/solicitudotadjuntos?INS,2017,5356,,1, HTTP/1.1" 200 5813
186.103.159.188 - - [08/Mar/2017:16:14:14 -0300] "GET /cormun/static/about:blank HTTP/1.1" 404 1011
186.103.159.188 - - [08/Mar/2017:16:14:14 -0300] "GET /cormun/servlet/solicitudotadjuntos?INS,2017,5356,,1, HTTP/1.1" 200 5807
186.103.159.188 - - [08/Mar/2017:16:14:15 -0300] "GET /cormun/servlet/solicitudotadjuntos?e032210f7468c7643b96e8c4659ab68312991c8aa3a1b71b3c8c82867835cb5fa67a11b124bc48a6319c06850365ce3b,gx-no-cache=1489000525275 HTTP/1.1" 200 30
186.103.159.188 - - [08/Mar/2017:16:14:15 -0300] "POST /cormun/servlet/solicitudotadjuntos?44f6125046fcd9b4a7373a7ce63e3a07,INS,2017,5356,,1,,gx-no-cache=1489000525307 HTTP/1.1" 200 3649
186.103.159.188 - - [08/Mar/2017:16:14:17 -0300] "POST /cormun/servlet/solicitudotadjuntos?gx-no-cache=1489000527787 HTTP/1.1" 200 26
186.103.159.188 - - [08/Mar/2017:16:14:24 -0300] "GET /cormun/servlet/solicitudotadjuntos?e032210f7468c7643b96e8c4659ab683be4bd1ef295bdcf515f72aee86976c8b,gx-no-cache=1489000534339 HTTP/1.1" 200 30
186.103.159.188 - - [08/Mar/2017:16:14:24 -0300] "GET /cormun/servlet/solicitudotadjuntos?e032210f7468c7643b96e8c4659ab683be4bd1ef295bdcf515f72aee86976c8b,gx-no-cache=1489000534698 HTTP/1.1" 200 30
186.103.159.188 - - [08/Mar/2017:16:14:25 -0300] "POST /cormun/servlet/solicitudotadjuntos?44f6125046fcd9b4a7373a7ce63e3a07,INS,2017,5356,,1, HTTP/1.1" 200 116
186.103.159.188 - - [08/Mar/2017:16:14:26 -0300] "GET /cormun/servlet/hpexe_return? HTTP/1.1" 200 1029
186.103.159.188 - - [08/Mar/2017:16:14:26 -0300] "GET /cormun/servlet/trsolicitudadjuntos?2017,5356, HTTP/1.1" 200 8176
186.103.159.188 - - [08/Mar/2017:16:14:26 -0300] "GET /cormun/servlet/trsolicitudadjuntos?2017,5356, HTTP/1.1" 200 8174
186.103.159.188 - - [08/Mar/2017:16:14:29 -0300] "GET /cormun/servlet/solicitudotadjuntos?INS,2017,5356,,1, HTTP/1.1" 200 5813
186.103.159.188 - - [08/Mar/2017:16:14:29 -0300] "GET /cormun/static/about:blank HTTP/1.1" 404 1011
186.103.159.188 - - [08/Mar/2017:16:14:29 -0300] "GET /cormun/servlet/solicitudotadjuntos?INS,2017,5356,,1, HTTP/1.1" 200 5807
186.103.159.188 - - [08/Mar/2017:16:14:29 -0300] "GET /cormun/servlet/solicitudotadjuntos?e032210f7468c7643b96e8c4659ab68312991c8aa3a1b71b3c8c82867835cb5fa67a11b124bc48a6319c06850365ce3b,gx-no-cache=1489000539846 HTTP/1.1" 200 30
186.103.159.188 - - [08/Mar/2017:16:14:30 -0300] "POST /cormun/servlet/solicitudotadjuntos?44f6125046fcd9b4a7373a7ce63e3a07,INS,2017,5356,,1,,gx-no-cache=1489000539924 HTTP/1.1" 200 3649
186.103.159.188 - - [08/Mar/2017:16:14:33 -0300] "POST /cormun/servlet/solicitudotadjuntos?gx-no-cache=1489000543200 HTTP/1.1" 200 26
186.103.159.188 - - [08/Mar/2017:16:14:38 -0300] "GET /cormun/servlet/solicitudotadjuntos?e032210f7468c7643b96e8c4659ab683be4bd1ef295bdcf515f72aee86976c8b,gx-no-cache=1489000548488 HTTP/1.1" 200 30
186.103.159.188 - - [08/Mar/2017:16:14:38 -0300] "GET /cormun/servlet/solicitudotadjuntos?e032210f7468c7643b96e8c4659ab683be4bd1ef295bdcf515f72aee86976c8b,gx-no-cache=1489000548504 HTTP/1.1" 200 30
186.103.159.188 - - [08/Mar/2017:16:14:39 -0300] "POST /cormun/servlet/solicitudotadjuntos?44f6125046fcd9b4a7373a7ce63e3a07,INS,2017,5356,,1, HTTP/1.1" 200 116
186.103.159.188 - - [08/Mar/2017:16:14:39 -0300] "GET /cormun/servlet/hpexe_return? HTTP/1.1" 200 1029
186.103.159.188 - - [08/Mar/2017:16:14:40 -0300] "GET /cormun/servlet/trsolicitudadjuntos?2017,5356, HTTP/1.1" 200 8321
186.103.159.188 - - [08/Mar/2017:16:14:40 -0300] "GET /cormun/servlet/trsolicitudadjuntos?2017,5356, HTTP/1.1" 200 8316
186.103.159.188 - - [08/Mar/2017:16:14:43 -0300] "GET /cormun/servlet/solicitudotadjuntos?INS,2017,5356,,1, HTTP/1.1" 200 5813
186.103.159.188 - - [08/Mar/2017:16:14:43 -0300] "GET /cormun/static/about:blank HTTP/1.1" 404 1011
186.103.159.188 - - [08/Mar/2017:16:14:43 -0300] "GET /cormun/servlet/solicitudotadjuntos?INS,2017,5356,,1, HTTP/1.1" 200 5807
186.103.159.188 - - [08/Mar/2017:16:14:44 -0300] "GET /cormun/servlet/solicitudotadjuntos?e032210f7468c7643b96e8c4659ab68312991c8aa3a1b71b3c8c82867835cb5fa67a11b124bc48a6319c06850365ce3b,gx-no-cache=1489000554089 HTTP/1.1" 200 30
186.103.159.188 - - [08/Mar/2017:16:14:44 -0300] "POST /cormun/servlet/solicitudotadjuntos?44f6125046fcd9b4a7373a7ce63e3a07,INS,2017,5356,,1,,gx-no-cache=1489000554167 HTTP/1.1" 200 3649
186.103.159.188 - - [08/Mar/2017:16:14:47 -0300] "POST /cormun/servlet/solicitudotadjuntos?gx-no-cache=1489000557053 HTTP/1.1" 200 26
201.246.237.254 - - [08/Mar/2017:16:14:48 -0300] "GET /cormun/servlet/licenciaspermisos?INS,0,,, HTTP/1.1" 200 7344
192.168.10.96 - - [08/Mar/2017:16:14:51 -0300] "GET /cormun/servlet/vesolicitudnombre?2017,5271,,SolicitudOTAdjuntos HTTP/1.1" 200 10007
186.103.159.188 - - [08/Mar/2017:16:14:52 -0300] "GET /cormun/servlet/solicitudotadjuntos?e032210f7468c7643b96e8c4659ab683be4bd1ef295bdcf515f72aee86976c8b,gx-no-cache=1489000561936 HTTP/1.1" 200 30
186.103.159.188 - - [08/Mar/2017:16:14:52 -0300] "GET /cormun/servlet/solicitudotadjuntos?e032210f7468c7643b96e8c4659ab683be4bd1ef295bdcf515f72aee86976c8b,gx-no-cache=1489000561982 HTTP/1.1" 200 30
192.168.10.96 - - [08/Mar/2017:16:14:52 -0300] "GET /cormun/servlet/vesolicitudnombre?2017,5271,,SolicitudOTAdjuntos HTTP/1.1" 200 10013
186.103.159.188 - - [08/Mar/2017:16:14:52 -0300] "POST /cormun/servlet/solicitudotadjuntos?44f6125046fcd9b4a7373a7ce63e3a07,INS,2017,5356,,1, HTTP/1.1" 200 116
186.103.159.188 - - [08/Mar/2017:16:14:52 -0300] "GET /cormun/servlet/hpexe_return? HTTP/1.1" 200 1029
192.168.10.96 - - [08/Mar/2017:16:14:52 -0300] "POST /cormun/servlet/acontrolpreferencessavestate?None,DZAMUDIO,true HTTP/1.1" 200 35
186.103.159.188 - - [08/Mar/2017:16:14:52 -0300] "GET /cormun/servlet/trsolicitudadjuntos?2017,5356, HTTP/1.1" 200 8456
186.103.159.188 - - [08/Mar/2017:16:14:53 -0300] "GET /cormun/servlet/trsolicitudadjuntos?2017,5356, HTTP/1.1" 200 8453
186.103.159.188 - - [08/Mar/2017:16:14:56 -0300] "GET /cormun/servlet/solicitudotadjuntos?INS,2017,5356,,1, HTTP/1.1" 200 5813
186.103.159.188 - - [08/Mar/2017:16:14:56 -0300] "GET /cormun/static/about:blank HTTP/1.1" 404 1011
186.103.159.188 - - [08/Mar/2017:16:14:56 -0300] "GET /cormun/servlet/solicitudotadjuntos?INS,2017,5356,,1, HTTP/1.1" 200 5807
186.103.159.188 - - [08/Mar/2017:16:14:56 -0300] "GET /cormun/servlet/solicitudotadjuntos?e032210f7468c7643b96e8c4659ab68312991c8aa3a1b71b3c8c82867835cb5fa67a11b124bc48a6319c06850365ce3b,gx-no-cache=1489000566912 HTTP/1.1" 200 30
186.103.159.188 - - [08/Mar/2017:16:14:57 -0300] "POST /cormun/servlet/solicitudotadjuntos?44f6125046fcd9b4a7373a7ce63e3a07,INS,2017,5356,,1,,gx-no-cache=1489000566974 HTTP/1.1" 200 3649
192.168.10.96 - - [08/Mar/2017:16:14:58 -0300] "GET /cormun/servlet/trsolicitudgral? HTTP/1.1" 200 23873
186.103.159.188 - - [08/Mar/2017:16:15:00 -0300] "POST /cormun/servlet/solicitudotadjuntos?gx-no-cache=1489000570796 HTTP/1.1" 200 26
192.168.10.96 - - [08/Mar/2017:16:15:01 -0300] "GET /cormun/servlet/trsolicitudgral? HTTP/1.1" 200 23858
186.103.159.188 - - [08/Mar/2017:16:15:06 -0300] "GET /cormun/servlet/solicitudotadjuntos?e032210f7468c7643b96e8c4659ab683be4bd1ef295bdcf515f72aee86976c8b,gx-no-cache=1489000576522 HTTP/1.1" 200 30
186.103.159.188 - - [08/Mar/2017:16:15:06 -0300] "GET /cormun/servlet/solicitudotadjuntos?e032210f7468c7643b96e8c4659ab683be4bd1ef295bdcf515f72aee86976c8b,gx-no-cache=1489000576568 HTTP/1.1" 200 30
186.103.159.188 - - [08/Mar/2017:16:15:07 -0300] "POST /cormun/servlet/solicitudotadjuntos?44f6125046fcd9b4a7373a7ce63e3a07,INS,2017,5356,,1, HTTP/1.1" 200 116
186.103.159.188 - - [08/Mar/2017:16:15:07 -0300] "GET /cormun/servlet/hpexe_return? HTTP/1.1" 200 1029
186.103.159.188 - - [08/Mar/2017:16:15:07 -0300] "GET /cormun/servlet/trsolicitudadjuntos?2017,5356, HTTP/1.1" 200 8595
186.103.159.188 - - [08/Mar/2017:16:15:08 -0300] "GET /cormun/servlet/trsolicitudadjuntos?2017,5356, HTTP/1.1" 200 8591
201.246.237.254 - - [08/Mar/2017:16:15:10 -0300] "GET /cormun/servlet/prfichaempleado?,MD,,gxPopupLevel%3D0%3B HTTP/1.1" 200 8842
186.103.159.188 - - [08/Mar/2017:16:15:11 -0300] "GET /cormun/servlet/solicitudotadjuntos?INS,2017,5356,,1, HTTP/1.1" 200 5813
186.103.159.188 - - [08/Mar/2017:16:15:11 -0300] "GET /cormun/static/about:blank HTTP/1.1" 404 1011
186.103.159.188 - - [08/Mar/2017:16:15:11 -0300] "GET /cormun/servlet/solicitudotadjuntos?INS,2017,5356,,1, HTTP/1.1" 200 5807
186.103.159.188 - - [08/Mar/2017:16:15:11 -0300] "GET /cormun/servlet/solicitudotadjuntos?e032210f7468c7643b96e8c4659ab68312991c8aa3a1b71b3c8c82867835cb5fa67a11b124bc48a6319c06850365ce3b,gx-no-cache=1489000581781 HTTP/1.1" 200 30
186.103.159.188 - - [08/Mar/2017:16:15:12 -0300] "POST /cormun/servlet/solicitudotadjuntos?44f6125046fcd9b4a7373a7ce63e3a07,INS,2017,5356,,1,,gx-no-cache=1489000581843 HTTP/1.1" 200 3649
186.103.159.188 - - [08/Mar/2017:16:15:16 -0300] "POST /cormun/servlet/solicitudotadjuntos?gx-no-cache=1489000586040 HTTP/1.1" 200 26
192.168.10.96 - - [08/Mar/2017:16:15:16 -0300] "POST /cormun/servlet/trsolicitudgral?fb13c8bf071146f833d8e3a11b1a7a90,,gx-no-cache=1489003800063 HTTP/1.1" 200 9345
186.103.159.188 - - [08/Mar/2017:16:15:23 -0300] "GET /cormun/servlet/solicitudotadjuntos?e032210f7468c7643b96e8c4659ab683be4bd1ef295bdcf515f72aee86976c8b,gx-no-cache=1489000593278 HTTP/1.1" 200 30
186.103.159.188 - - [08/Mar/2017:16:15:23 -0300] "GET /cormun/servlet/solicitudotadjuntos?e032210f7468c7643b96e8c4659ab683be4bd1ef295bdcf515f72aee86976c8b,gx-no-cache=1489000593309 HTTP/1.1" 200 30
192.168.10.96 - - [08/Mar/2017:16:15:23 -0300] "POST /cormun/servlet/trsolicitudgral?fb13c8bf071146f833d8e3a11b1a7a90,,gx-no-cache=1489003807691 HTTP/1.1" 200 8000
186.103.159.188 - - [08/Mar/2017:16:15:25 -0300] "POST /cormun/servlet/solicitudotadjuntos?44f6125046fcd9b4a7373a7ce63e3a07,INS,2017,5356,,1, HTTP/1.1" 200 116
186.103.159.188 - - [08/Mar/2017:16:15:25 -0300] "GET /cormun/servlet/hpexe_return? HTTP/1.1" 200 1029
186.103.159.188 - - [08/Mar/2017:16:15:25 -0300] "GET /cormun/servlet/trsolicitudadjuntos?2017,5356, HTTP/1.1" 200 8830
186.103.159.188 - - [08/Mar/2017:16:15:25 -0300] "GET /cormun/servlet/trsolicitudadjuntos?2017,5356, HTTP/1.1" 200 8828
201.246.237.254 - - [08/Mar/2017:16:15:28 -0300] "POST /cormun/servlet/prfichaempleado?f6d31bda7730f37992443db2b10a98b3,,MD,,gxPopupLevel%3D0%3B,gx-no-cache=1489000596334 HTTP/1.1" 200 3418
186.103.159.188 - - [08/Mar/2017:16:15:28 -0300] "GET /cormun/servlet/solicitudotadjuntos?INS,2017,5356,,2, HTTP/1.1" 200 5812
186.103.159.188 - - [08/Mar/2017:16:15:28 -0300] "GET /cormun/static/about:blank HTTP/1.1" 404 1011
186.103.159.188 - - [08/Mar/2017:16:15:28 -0300] "GET /cormun/servlet/solicitudotadjuntos?INS,2017,5356,,2, HTTP/1.1" 200 5806
186.103.159.188 - - [08/Mar/2017:16:15:28 -0300] "GET /cormun/servlet/solicitudotadjuntos?e032210f7468c7643b96e8c4659ab68312991c8aa3a1b71b3c8c82867835cb5fa67a11b124bc48a6319c06850365ce3b,gx-no-cache=1489000598910 HTTP/1.1" 200 30
186.103.159.188 - - [08/Mar/2017:16:15:29 -0300] "POST /cormun/servlet/solicitudotadjuntos?44f6125046fcd9b4a7373a7ce63e3a07,INS,2017,5356,,2,,gx-no-cache=1489000598941 HTTP/1.1" 200 3861
186.103.159.188 - - [08/Mar/2017:16:15:32 -0300] "POST /cormun/servlet/solicitudotadjuntos?gx-no-cache=1489000602217 HTTP/1.1" 200 26
192.168.10.96 - - [08/Mar/2017:16:15:32 -0300] "POST /cormun/servlet/trsolicitudgral?fb13c8bf071146f833d8e3a11b1a7a90,,gx-no-cache=1489003816268 HTTP/1.1" 200 14975
186.103.159.188 - - [08/Mar/2017:16:15:36 -0300] "GET /cormun/servlet/solicitudotadjuntos?e032210f7468c7643b96e8c4659ab683be4bd1ef295bdcf515f72aee86976c8b,gx-no-cache=1489000606554 HTTP/1.1" 200 30
186.103.159.188 - - [08/Mar/2017:16:15:36 -0300] "GET /cormun/servlet/solicitudotadjuntos?e032210f7468c7643b96e8c4659ab683be4bd1ef295bdcf515f72aee86976c8b,gx-no-cache=1489000606616 HTTP/1.1" 200 30
186.103.159.188 - - [08/Mar/2017:16:15:38 -0300] "POST /cormun/servlet/solicitudotadjuntos?44f6125046fcd9b4a7373a7ce63e3a07,INS,2017,5356,,2, HTTP/1.1" 200 116
186.103.159.188 - - [08/Mar/2017:16:15:38 -0300] "GET /cormun/servlet/hpexe_return? HTTP/1.1" 200 1029
186.103.159.188 - - [08/Mar/2017:16:15:38 -0300] "GET /cormun/servlet/trsolicitudadjuntos?2017,5356, HTTP/1.1" 200 9024
186.103.159.188 - - [08/Mar/2017:16:15:39 -0300] "GET /cormun/servlet/trsolicitudadjuntos?2017,5356, HTTP/1.1" 200 9020
201.246.237.254 - - [08/Mar/2017:16:15:40 -0300] "GET /cormun/servlet/licenciaspermisos?f8e95e50af2ecaa68f365f8d1fa6398fa3280bf68240402b9e388a7f3edde920ba90f03dc19304f1b201257b11370530,gx-no-cache=1489000609375 HTTP/1.1" 200 69
201.246.237.254 - - [08/Mar/2017:16:15:41 -0300] "POST /cormun/servlet/licenciaspermisos?f6d31bda7730f37992443db2b10a98b3,INS,0,,,,gx-no-cache=1489000609513 HTTP/1.1" 200 4613
192.168.10.96 - - [08/Mar/2017:16:15:42 -0300] "POST /cormun/servlet/trsolicitudgral?fb13c8bf071146f833d8e3a11b1a7a90,,gx-no-cache=1489003825885 HTTP/1.1" 200 7384
186.103.159.188 - - [08/Mar/2017:16:15:43 -0300] "GET /cormun/servlet/hhome HTTP/1.1" 200 3787
186.103.159.188 - - [08/Mar/2017:16:15:43 -0300] "GET /cormun/servlet/hhome HTTP/1.1" 200 3776
192.168.10.96 - - [08/Mar/2017:16:15:45 -0300] "POST /cormun/servlet/trsolicitudgral?fb13c8bf071146f833d8e3a11b1a7a90,,gx-no-cache=1489003829767 HTTP/1.1" 200 10056
186.103.159.188 - - [08/Mar/2017:16:15:48 -0300] "GET /cormun/servlet/trsolicitudot? HTTP/1.1" 200 8796
186.103.159.188 - - [08/Mar/2017:16:15:48 -0300] "GET /cormun/servlet/trsolicitudot? HTTP/1.1" 200 8791
192.168.10.96 - - [08/Mar/2017:16:15:53 -0300] "POST /cormun/servlet/trsolicitudgral?fb13c8bf071146f833d8e3a11b1a7a90,,gx-no-cache=1489003836979 HTTP/1.1" 200 5427
192.168.10.96 - - [08/Mar/2017:16:15:56 -0300] "POST /cormun/servlet/trsolicitudgral?fb13c8bf071146f833d8e3a11b1a7a90,,gx-no-cache=1489003840628 HTTP/1.1" 200 8371
186.103.159.188 - - [08/Mar/2017:16:16:00 -0300] "POST /cormun/servlet/trsolicitudot?44f6125046fcd9b4a7373a7ce63e3a07,,gx-no-cache=1489000630687 HTTP/1.1" 200 106
186.103.159.188 - - [08/Mar/2017:16:16:01 -0300] "GET /cormun/servlet/solicitudot?UPD,2017,5356, HTTP/1.1" 200 14265
186.103.159.188 - - [08/Mar/2017:16:16:01 -0300] "GET /cormun/servlet/solicitudot?UPD,2017,5356, HTTP/1.1" 200 14274
186.103.159.188 - - [08/Mar/2017:16:16:02 -0300] "POST /cormun/servlet/solicitudot?gx-no-cache=1489000631904 HTTP/1.1" 200 3196
186.103.159.188 - - [08/Mar/2017:16:16:02 -0300] "POST /cormun/servlet/solicitudot?44f6125046fcd9b4a7373a7ce63e3a07,UPD,2017,5356,,gx-no-cache=1489000632169 HTTP/1.1" 200 10854
186.103.159.188 - - [08/Mar/2017:16:16:02 -0300] "GET /cormun/servlet/solicitudot?e032210f7468c7643b96e8c4659ab683e6aa47a1f9b5be7c9a2d235332d3a81039ee08b60edb76a53f91baa178181762,gx-no-cache=1489000632481 HTTP/1.1" 200 30
186.103.159.188 - - [08/Mar/2017:16:16:02 -0300] "POST /cormun/servlet/solicitudot?gx-no-cache=1489000632606 HTTP/1.1" 200 257
192.168.10.96 - - [08/Mar/2017:16:16:02 -0300] "POST /cormun/servlet/trsolicitudgral?fb13c8bf071146f833d8e3a11b1a7a90,,gx-no-cache=1489003846626 HTTP/1.1" 200 7795
186.103.159.188 - - [08/Mar/2017:16:16:03 -0300] "GET /cormun/servlet/solicitudot?e032210f7468c7643b96e8c4659ab68306db4cb2111419dfe209fba08d97efb63358ba4f0ec64d16a5d50028f6022fef45bb6bac012ec648f1f4ca7ea88ceeae7ee65a821938f2c93102bd8c25834c2b80a70b5c7fb7d47bce77ebce3e9d0ff8a6627129d23cdd58a066f450b54ab6acfea78f0813c5d18ceeb4c230698f1506f44c5a31ae708ac3714b103e15ad79d873fb49c10f4249facab172813c7728be41bf47aed01a60258d525c08622247007fefd2e43d56c9cbf438d5b41ac98ae35b47c35d65bec903b76a6dc6bbe2ebbc73cf543d3ea1b5b205970f055d5c9bcb2f49e19f27f6c07424589ca3022f3eabc3ebddc0acf5fb77046cc0e8ad32b5f82f72c3faf4dc8544fd147ede2cd1de6d0774f8163f4f1bce321dea36ab6e0958fa863f6f8c6cab1e0985893b61e9e64ffd3a77c09f236ed49b2d843515ae55ec69047e003c8fdbf7ad341840afdd37be5786f36b1f4415c994d70a7783af70e1962cd798b0126ce2a178592756907f7e878ce41c32d88021297692423dc23fe1,gx-no-cache=1489000632715 HTTP/1.1" 200 30
186.103.159.188 - - [08/Mar/2017:16:16:03 -0300] "POST /cormun/servlet/solicitudot?gx-no-cache=1489000633074 HTTP/1.1" 200 30
186.103.159.188 - - [08/Mar/2017:16:16:03 -0300] "POST /cormun/servlet/solicitudot?gx-no-cache=1489000633136 HTTP/1.1" 200 1291
186.103.159.188 - - [08/Mar/2017:16:16:03 -0300] "POST /cormun/servlet/solicitudot?gx-no-cache=1489000633386 HTTP/1.1" 200 41
186.103.159.188 - - [08/Mar/2017:16:16:04 -0300] "GET /cormun/servlet/solicitudot?e032210f7468c7643b96e8c4659ab68332fa7056261563779627e7be89c4b549d010c61e07b484ceb1fab0abb273e432dabdb2c3fe9c66bc77347d2d391c7dfcaaac99689228b64fb1c4ff9f587383a7164febed8aff8c365cc56349216b1bf2d0196b8417f2039ff86ba8bdfd62c225,gx-no-cache=1489000634634 HTTP/1.1" 200 29
186.103.159.188 - - [08/Mar/2017:16:16:04 -0300] "POST /cormun/servlet/solicitudot?gx-no-cache=1489000634696 HTTP/1.1" 200 1275
186.103.159.188 - - [08/Mar/2017:16:16:04 -0300] "POST /cormun/servlet/solicitudot?gx-no-cache=1489000634821 HTTP/1.1" 200 1156
186.103.159.188 - - [08/Mar/2017:16:16:06 -0300] "POST /cormun/servlet/solicitudot?gx-no-cache=1489000636631 HTTP/1.1" 200 1275
186.103.159.188 - - [08/Mar/2017:16:16:06 -0300] "POST /cormun/servlet/solicitudot?gx-no-cache=1489000636787 HTTP/1.1" 200 1156
192.168.10.96 - - [08/Mar/2017:16:16:07 -0300] "POST /cormun/servlet/trsolicitudgral?fb13c8bf071146f833d8e3a11b1a7a90,,gx-no-cache=1489003850678 HTTP/1.1" 200 17694
186.103.159.188 - - [08/Mar/2017:16:16:08 -0300] "GET /cormun/servlet/solicitudot?e032210f7468c7643b96e8c4659ab683110e38ed888f59d925e85c213ede50775370ac2326fb6751a37e7b537fef87a218432a4fefe9790dd57eac774ccceacc9afa2f0ab4ea86e384ca4850cd1be317e0d744b3d9afdacfcd48e48936ab8f3d75321644b7dd4361eb7e1c40b29e165b72341ba0eac518e30832ac15b097b348f87bb1c5ee6e2be4b1dd147295d5bda499cf18d8cd21191103aa7132aebb642298bee0fe87fe986c53acfe027c9b9abe,gx-no-cache=1489000638440 HTTP/1.1" 200 30
201.246.237.254 - - [08/Mar/2017:16:16:08 -0300] "GET /cormun/static/menuarrow.gif HTTP/1.1" 404 1015
186.103.159.188 - - [08/Mar/2017:16:16:08 -0300] "POST /cormun/servlet/solicitudot?44f6125046fcd9b4a7373a7ce63e3a07,UPD,2017,5356,,gx-no-cache=1489000638472 HTTP/1.1" 200 93
186.103.159.188 - - [08/Mar/2017:16:16:08 -0300] "GET /cormun/servlet/hpexe_return? HTTP/1.1" 200 1016
186.103.159.188 - - [08/Mar/2017:16:16:08 -0300] "GET /cormun/servlet/trsolicitudot HTTP/1.1" 200 8798
186.103.159.188 - - [08/Mar/2017:16:16:09 -0300] "GET /cormun/servlet/trsolicitudot HTTP/1.1" 200 8794
186.103.159.188 - - [08/Mar/2017:16:16:24 -0300] "POST /cormun/servlet/trsolicitudot?44f6125046fcd9b4a7373a7ce63e3a07,gx-no-cache=1489000653736 HTTP/1.1" 200 5630
186.103.159.188 - - [08/Mar/2017:16:16:24 -0300] "GET /cormun/static/Shared/jqueryui/images/ui-bg_highlight-soft_100_c6c2c8_1x100.png HTTP/1.1" 404 1117
186.103.159.188 - - [08/Mar/2017:16:16:24 -0300] "GET /cormun/static/Shared/jqueryui/images/ui-icons_82798d_256x240.png HTTP/1.1" 404 1089
190.101.9.138 - - [08/Mar/2017:16:16:24 -0300] "GET /cormun/static/Shared/jqueryui/images/ui-bg_flat_55_fafafa_40x100.png HTTP/1.1" 404 1097
190.101.9.138 - - [08/Mar/2017:16:16:24 -0300] "GET /cormun/static/Shared/jqueryui/images/ui-icons_8d78a5_256x240.png HTTP/1.1" 404 1089
186.103.159.188 - - [08/Mar/2017:16:16:24 -0300] "POST /cormun/servlet/trsolicitudot?44f6125046fcd9b4a7373a7ce63e3a07,gx-no-cache=1489000654064 HTTP/1.1" 200 5572
192.168.10.89 - - [08/Mar/2017:16:17:32 -0300] "GET /cormun/servlet/trvisualizadoreventos? HTTP/1.1" 200 7153
201.246.237.254 - - [08/Mar/2017:16:18:05 -0300] "GET /cormun/servlet/licenciaspermisos?f8e95e50af2ecaa68f365f8d1fa6398f1349725ae1b763d9ee9e15bfeba752411beec4366e487d02bf07d7e3a02ba678ea7b9b6d6cdc251d8c3ab8ab64161016a11d06964e59f9aa9d51ca474c6e408453cb580dcd55e0fd23fb453cd22d74966ca2086310c22e0350a68ed4232e5dbb537441462bfab1052911d086ce793ecbdfbbce7a68f4ccb0f39001a0366c1004a908fc668076e765ffdabec866fecff0d39a52f76c19e55c006d304d3552ec777b26ae1f16ba6e72df3331bb462f78d6a0464c1c71fbed6c8748d857447ddb47742748aa72df56767173b1e54c04b5d4,gx-no-cache=1489000753905 HTTP/1.1" 200 30
201.246.237.254 - - [08/Mar/2017:16:18:05 -0300] "POST /cormun/servlet/licenciaspermisos?f6d31bda7730f37992443db2b10a98b3,INS,0,,,,gx-no-cache=1489000754071 HTTP/1.1" 200 4696
201.246.237.254 - - [08/Mar/2017:16:18:24 -0300] "GET /cormun/servlet/prfichaempleado?,MD,,gxPopupLevel%3D0%3B HTTP/1.1" 200 8842
192.168.10.89 - - [08/Mar/2017:16:18:28 -0300] "GET /cormun/servlet/trconsultaempleado? HTTP/1.1" 200 7221
192.168.10.89 - - [08/Mar/2017:16:18:32 -0300] "POST /cormun/servlet/trconsultaempleado?639b76e1ce02495238f8bbd1b4870a1c,,gx-no-cache=1489003996404 HTTP/1.1" 200 4715
192.168.10.89 - - [08/Mar/2017:16:18:34 -0300] "GET /cormun/servlet/trsolicitudnombre?16882911, HTTP/1.1" 200 8968
201.246.237.254 - - [08/Mar/2017:16:18:41 -0300] "POST /cormun/servlet/prfichaempleado?f6d31bda7730f37992443db2b10a98b3,,MD,,gxPopupLevel%3D0%3B,gx-no-cache=1489000789769 HTTP/1.1" 200 3402
192.168.10.89 - - [08/Mar/2017:16:18:53 -0300] "GET /cormun/servlet/trsolicitudgral? HTTP/1.1" 200 8724
201.246.237.254 - - [08/Mar/2017:16:19:09 -0300] "GET /cormun/servlet/licenciaspermisos?f8e95e50af2ecaa68f365f8d1fa6398fc865d875be19d91351fee2cf9055181e18ecf0b6213a56a315699cb900c766b66047f6bcc952aa5a1da5effbb58d71234e7fd0776d487d8cc13c4eb698718a0ce5a3a08944a16dff862b7471b91323cda43c4e085f15bb97e2330f3d825e8371dcc48683bd61222ebacb568781d1260691a6bf3aa9c7028784126ab99d9bea4e9b850c0d9598efeb8a6a825eab78ff13e9d0becd28e8d2520d1beb692650df79eaad9654f7e409e7360cf40616542cf22bdfd6493c5869ed307e5e000cc3d21d6ac3bf996307ee6b3fae2dedd84c3ef72b8a4bd6094043a3d4d4e3db469dea3c,gx-no-cache=1489000818142 HTTP/1.1" 200 58
201.246.237.254 - - [08/Mar/2017:16:19:10 -0300] "POST /cormun/servlet/licenciaspermisos?f6d31bda7730f37992443db2b10a98b3,INS,0,,,,gx-no-cache=1489000818276 HTTP/1.1" 200 93
201.246.237.254 - - [08/Mar/2017:16:19:10 -0300] "GET /cormun/servlet/hpexe_return? HTTP/1.1" 200 1013
