186.103.159.182 - - [08/Mar/2017:11:35:57 -0300] "POST /cormun/servlet/solicitudotadjuntos?f4139f5be8a4522b64dd76bb35e959d5,DLT,2017,5334,CERTIF5,0,,gx-no-cache=1488983827793 HTTP/1.1" 200 93
186.103.159.182 - - [08/Mar/2017:11:35:58 -0300] "GET /cormun/servlet/hpexe_return? HTTP/1.1" 200 1027
186.103.159.182 - - [08/Mar/2017:11:35:58 -0300] "GET /cormun/servlet/trsolicitudadjuntos?2017,5334, HTTP/1.1" 200 8885
186.103.159.182 - - [08/Mar/2017:11:36:00 -0300] "GET /cormun/servlet/trsolicitudadjuntos?2017,5334, HTTP/1.1" 200 8885
186.103.159.182 - - [08/Mar/2017:11:36:07 -0300] "GET /cormun/servlet/solicitudotadjuntos?INS,2017,5334,,1, HTTP/1.1" 200 6049
186.103.159.182 - - [08/Mar/2017:11:36:08 -0300] "GET /cormun/static/about:blank HTTP/1.1" 404 1011
186.103.159.182 - - [08/Mar/2017:11:36:09 -0300] "GET /cormun/servlet/solicitudotadjuntos?INS,2017,5334,,1, HTTP/1.1" 200 6042
186.103.159.182 - - [08/Mar/2017:11:36:09 -0300] "GET /cormun/servlet/solicitudotadjuntos?d513c10847bf977b0e6f91091845b4ed048cb1898b50602014ecab189836c7bd753318b5c7c57c8f2ca38720940753c1,gx-no-cache=1488983839966 HTTP/1.1" 200 30
186.103.159.182 - - [08/Mar/2017:11:36:09 -0300] "POST /cormun/servlet/solicitudotadjuntos?f4139f5be8a4522b64dd76bb35e959d5,INS,2017,5334,,1,,gx-no-cache=1488983840006 HTTP/1.1" 200 3851
186.103.159.182 - - [08/Mar/2017:11:36:12 -0300] "POST /cormun/servlet/solicitudotadjuntos?gx-no-cache=1488983842371 HTTP/1.1" 200 26
186.103.159.182 - - [08/Mar/2017:11:36:21 -0300] "GET /cormun/servlet/solicitudotadjuntos?d513c10847bf977b0e6f91091845b4ed45dc65f7dd8d34721b440db6dbb3e29f,gx-no-cache=1488983851933 HTTP/1.1" 200 30
186.103.159.182 - - [08/Mar/2017:11:36:21 -0300] "GET /cormun/servlet/solicitudotadjuntos?d513c10847bf977b0e6f91091845b4ed45dc65f7dd8d34721b440db6dbb3e29f,gx-no-cache=1488983851958 HTTP/1.1" 200 30
186.103.159.182 - - [08/Mar/2017:11:36:23 -0300] "POST /cormun/servlet/solicitudotadjuntos?f4139f5be8a4522b64dd76bb35e959d5,INS,2017,5334,,1, HTTP/1.1" 200 116
186.103.159.182 - - [08/Mar/2017:11:36:23 -0300] "GET /cormun/servlet/hpexe_return? HTTP/1.1" 200 1021
186.103.159.182 - - [08/Mar/2017:11:36:24 -0300] "GET /cormun/servlet/trsolicitudadjuntos?2017,5334, HTTP/1.1" 200 9079
186.103.159.182 - - [08/Mar/2017:11:36:26 -0300] "GET /cormun/servlet/trsolicitudadjuntos?2017,5334, HTTP/1.1" 200 9075
186.103.159.182 - - [08/Mar/2017:11:36:29 -0300] "POST /cormun/servlet/trsolicitudadjuntos?f4139f5be8a4522b64dd76bb35e959d5,2017,5334,,gx-no-cache=1488983859406 HTTP/1.1" 200 90
186.103.159.182 - - [08/Mar/2017:11:36:29 -0300] "GET /cormun/servlet/hpexe_link HTTP/1.1" 200 988
186.103.159.182 - - [08/Mar/2017:11:36:29 -0300] "GET /cormun/servlet/trsolicitudot?gx-no-cache=1488977509025 HTTP/1.1" 200 9076
186.103.159.182 - - [08/Mar/2017:11:36:30 -0300] "GET /cormun/servlet/trsolicitudot?gx-no-cache=1488977509025 HTTP/1.1" 200 9096
186.103.159.182 - - [08/Mar/2017:11:36:38 -0300] "POST /cormun/servlet/trsolicitudot?f4139f5be8a4522b64dd76bb35e959d5,gx-no-cache=1488977509025,gx-no-cache=1488983868861 HTTP/1.1" 200 5913
186.103.159.182 - - [08/Mar/2017:11:36:39 -0300] "GET /cormun/static/Shared/jqueryui/images/ui-bg_highlight-soft_100_c6c2c8_1x100.png HTTP/1.1" 404 1117
186.103.159.182 - - [08/Mar/2017:11:36:39 -0300] "GET /cormun/static/Shared/jqueryui/images/ui-icons_82798d_256x240.png HTTP/1.1" 404 1089
186.103.159.182 - - [08/Mar/2017:11:36:39 -0300] "GET /cormun/static/Shared/jqueryui/images/ui-bg_flat_55_fafafa_40x100.png HTTP/1.1" 404 1097
186.103.159.182 - - [08/Mar/2017:11:36:39 -0300] "GET /cormun/static/Shared/jqueryui/images/ui-icons_8d78a5_256x240.png HTTP/1.1" 404 1089
186.103.159.182 - - [08/Mar/2017:11:36:39 -0300] "POST /cormun/servlet/trsolicitudot?f4139f5be8a4522b64dd76bb35e959d5,gx-no-cache=1488977509025,gx-no-cache=1488983869383 HTTP/1.1" 200 5855
186.103.159.182 - - [08/Mar/2017:11:36:42 -0300] "POST /cormun/servlet/trsolicitudot?f4139f5be8a4522b64dd76bb35e959d5,gx-no-cache=1488977509025,gx-no-cache=1488983872864 HTTP/1.1" 200 5648
186.103.159.182 - - [08/Mar/2017:11:36:43 -0300] "POST /cormun/servlet/trsolicitudot?f4139f5be8a4522b64dd76bb35e959d5,gx-no-cache=1488977509025,gx-no-cache=1488983873284 HTTP/1.1" 200 5591
186.103.159.182 - - [08/Mar/2017:11:36:45 -0300] "POST /cormun/servlet/trsolicitudot?f4139f5be8a4522b64dd76bb35e959d5,gx-no-cache=1488977509025,gx-no-cache=1488983874777 HTTP/1.1" 200 5263
186.103.159.182 - - [08/Mar/2017:11:36:45 -0300] "POST /cormun/servlet/trsolicitudot?f4139f5be8a4522b64dd76bb35e959d5,gx-no-cache=1488977509025,gx-no-cache=1488983875529 HTTP/1.1" 200 5205
192.168.10.89 - - [08/Mar/2017:11:38:07 -0300] "POST /cormun/servlet/trsolicitudgral?19e6d8e15d06b7c505e5c002b3560e45,gx-no-cache=1488987171050 HTTP/1.1" 200 6448
192.168.10.89 - - [08/Mar/2017:11:38:12 -0300] "POST /cormun/servlet/trsolicitudgral?19e6d8e15d06b7c505e5c002b3560e45,gx-no-cache=1488987176811 HTTP/1.1" 200 5125
186.103.159.182 - - [08/Mar/2017:11:38:35 -0300] "GET /cormun/servlet/solicitudot?INS,0,0, HTTP/1.1" 200 12838
186.103.159.182 - - [08/Mar/2017:11:38:37 -0300] "GET /cormun/servlet/solicitudot?INS,0,0, HTTP/1.1" 200 12821
192.168.10.89 - - [08/Mar/2017:11:38:38 -0300] "POST /cormun/servlet/trsolicitudgral?19e6d8e15d06b7c505e5c002b3560e45,gx-no-cache=1488987202384 HTTP/1.1" 200 6449
192.168.10.96 - - [08/Mar/2017:11:38:40 -0300] "GET /cormun/servlet/trsolicitudgral? HTTP/1.1" 200 16248
192.168.10.96 - - [08/Mar/2017:11:38:40 -0300] "GET /cormun/servlet/trsolicitudgral? HTTP/1.1" 200 16248
192.168.10.89 - - [08/Mar/2017:11:38:49 -0300] "POST /cormun/servlet/trsolicitudgral?19e6d8e15d06b7c505e5c002b3560e45,gx-no-cache=1488987213698 HTTP/1.1" 200 5127
186.103.159.182 - - [08/Mar/2017:11:38:51 -0300] "POST /cormun/servlet/solicitudot?gx-no-cache=1488984001327 HTTP/1.1" 200 3081
186.103.159.182 - - [08/Mar/2017:11:38:51 -0300] "POST /cormun/servlet/solicitudot?f4139f5be8a4522b64dd76bb35e959d5,INS,0,0,,gx-no-cache=1488984001542 HTTP/1.1" 200 9879
192.168.10.96 - - [08/Mar/2017:11:38:55 -0300] "POST /cormun/servlet/trsolicitudgral?1ffd9fa6d53544215be08d2257722560,,gx-no-cache=1488987219322 HTTP/1.1" 200 17143
186.103.159.182 - - [08/Mar/2017:11:39:04 -0300] "GET /cormun/servlet/solicitudot?d513c10847bf977b0e6f91091845b4ed569deeaf29f1b497cb8efc94f2989f44f9c07b6615f6e464fc2cf6be60536f06,gx-no-cache=1488984014592 HTTP/1.1" 200 30
192.168.10.89 - - [08/Mar/2017:11:39:21 -0300] "GET /cormun/static/menuarrow.gif HTTP/1.1" 404 1015
192.168.10.89 - - [08/Mar/2017:11:39:24 -0300] "POST /cormun/servlet/trsolicitudgral?19e6d8e15d06b7c505e5c002b3560e45,gx-no-cache=1488987248324 HTTP/1.1" 200 5126
192.168.10.89 - - [08/Mar/2017:11:39:30 -0300] "POST /cormun/servlet/trsolicitudgral?19e6d8e15d06b7c505e5c002b3560e45,gx-no-cache=1488987253899 HTTP/1.1" 200 13065
186.103.159.182 - - [08/Mar/2017:11:41:35 -0300] "POST /cormun/servlet/solicitudot?gx-no-cache=1488984165703 HTTP/1.1" 200 255
186.103.159.182 - - [08/Mar/2017:11:41:38 -0300] "GET /cormun/servlet/solicitudot?d513c10847bf977b0e6f91091845b4edb0d4152fc039fdf9dc0bf9607ffb2e36584c8fde25bb544703f42d1d689113902710798518db672f4157133e4354a82b50ea820bad9ac1aa89448c100acf3599fa321fbc8dbf0f00dffb3b2664f8d8bdfe65684b07c6ceb2bae8ed7a68eab9722f7cac9bb0f6e5eaf149a6a51b606b4ab280808640280201f7297c92507841d451d0c1083e11ba138613e44ac479e865b5fe9906f1c3fad9a33529228a6778d198da0fb0448ef2df1df6dffec52146cf3a1b37718df30caf9402bd11b6ed21871b736c8a1e99f396c448663f647a404cc0167fc949e42981ebeb6b052d6f7aa2b0f662f2f87b31104ba57824e12236710b8225dc18a5b14345b355d00a0efabb52ace0d7200ddeed1668bfbd2ce4df7fbaf92e29a294e274fb2be659320a9e197850400528c34edb672e6633a3c9d76cc7f47a9de208aece148cc16e29a26ef46b159675450be1cef9797fecb15831f5417f9f5588127206c9bcc6b308deb5f00ed8112cdc8f34d25d97cfdeb9c6230a,gx-no-cache=1488984168533 HTTP/1.1" 200 30
186.103.159.182 - - [08/Mar/2017:11:41:41 -0300] "POST /cormun/servlet/solicitudot?gx-no-cache=1488984171277 HTTP/1.1" 200 30
186.103.159.182 - - [08/Mar/2017:11:41:45 -0300] "POST /cormun/servlet/solicitudot?gx-no-cache=1488984176094 HTTP/1.1" 200 30
186.103.159.182 - - [08/Mar/2017:11:41:47 -0300] "POST /cormun/servlet/solicitudot?gx-no-cache=1488984178021 HTTP/1.1" 200 235
186.103.159.182 - - [08/Mar/2017:11:41:47 -0300] "POST /cormun/servlet/solicitudot?gx-no-cache=1488984178101 HTTP/1.1" 200 38
186.103.159.182 - - [08/Mar/2017:11:42:29 -0300] "GET /cormun/servlet/solicitudot?d513c10847bf977b0e6f91091845b4ed758092d1b13bf7fed3223e14a486a91258213e4f270c70da92278a067e603b2ff0cae9ac7b24b36b96d5fc47b10169e01574e83d2e36f4ec0bbc85d6f7dc690feec55d379f286daa0fa8307000761fdc968d69e8cc68aba7f23f6ae0f2c4e0d4,gx-no-cache=1488984219535 HTTP/1.1" 200 29
186.103.159.182 - - [08/Mar/2017:11:42:29 -0300] "POST /cormun/servlet/solicitudot?gx-no-cache=1488984219584 HTTP/1.1" 200 643
186.103.159.182 - - [08/Mar/2017:11:42:30 -0300] "POST /cormun/servlet/solicitudot?gx-no-cache=1488984220879 HTTP/1.1" 200 1157
186.103.159.182 - - [08/Mar/2017:11:42:48 -0300] "GET /cormun/static/menuarrow.gif HTTP/1.1" 404 1015
186.103.159.182 - - [08/Mar/2017:11:43:00 -0300] "GET /cormun/servlet/solicitudot?d513c10847bf977b0e6f91091845b4ed82162436a33bb3e0ab8df84c60c286f3b12547bc70087da89cbf01fbb31b6d0f288ee979c74fcc69eb2d430e48de329da5032237a5e793f19bff64a2ed93040a10b1df5525573803afe63407118ad278e4723da5e8bcbbc679c537145b768d776b31df396f6de6a37e8a318d7d8848a104e83918150636e84a66424ec79cb3ea51dc3a0de5670771f36df3a09310eeae221eb4f03a407047fb36d3fc6eca4408,gx-no-cache=1488984250875 HTTP/1.1" 200 30
186.103.159.182 - - [08/Mar/2017:11:43:25 -0300] "POST /cormun/servlet/solicitudot?f4139f5be8a4522b64dd76bb35e959d5,INS,0,0,,gx-no-cache=1488984275002 HTTP/1.1" 200 93
186.103.159.182 - - [08/Mar/2017:11:43:25 -0300] "GET /cormun/servlet/hpexe_return? HTTP/1.1" 200 1021
186.103.159.182 - - [08/Mar/2017:11:43:25 -0300] "GET /cormun/servlet/trsolicitudot?gx-no-cache=1488977509025 HTTP/1.1" 200 8551
186.103.159.182 - - [08/Mar/2017:11:43:27 -0300] "GET /cormun/servlet/trsolicitudot?gx-no-cache=1488977509025 HTTP/1.1" 200 8569
186.103.159.182 - - [08/Mar/2017:11:43:38 -0300] "POST /cormun/servlet/trsolicitudot?f4139f5be8a4522b64dd76bb35e959d5,gx-no-cache=1488977509025,gx-no-cache=1488984289049 HTTP/1.1" 200 107
186.103.159.182 - - [08/Mar/2017:11:43:38 -0300] "GET /cormun/servlet/trsolicitudadjuntos?2017,5340, HTTP/1.1" 200 6137
186.103.159.182 - - [08/Mar/2017:11:43:40 -0300] "GET /cormun/servlet/trsolicitudadjuntos?2017,5340, HTTP/1.1" 200 6115
186.103.159.182 - - [08/Mar/2017:11:43:42 -0300] "GET /cormun/servlet/solicitudotadjuntos?INS,2017,5340,,1, HTTP/1.1" 200 6048
186.103.159.182 - - [08/Mar/2017:11:43:42 -0300] "GET /cormun/static/about:blank HTTP/1.1" 404 1011
186.103.159.182 - - [08/Mar/2017:11:43:43 -0300] "GET /cormun/servlet/solicitudotadjuntos?INS,2017,5340,,1, HTTP/1.1" 200 6042
186.103.159.182 - - [08/Mar/2017:11:43:43 -0300] "GET /cormun/servlet/solicitudotadjuntos?d513c10847bf977b0e6f91091845b4ed571f388fc202017f4124df4a2bca3d2f753318b5c7c57c8f2ca38720940753c1,gx-no-cache=1488984294118 HTTP/1.1" 200 30
186.103.159.182 - - [08/Mar/2017:11:43:44 -0300] "POST /cormun/servlet/solicitudotadjuntos?f4139f5be8a4522b64dd76bb35e959d5,INS,2017,5340,,1,,gx-no-cache=1488984294167 HTTP/1.1" 200 3849
186.103.159.182 - - [08/Mar/2017:11:43:46 -0300] "POST /cormun/servlet/solicitudotadjuntos?gx-no-cache=1488984297105 HTTP/1.1" 200 26
186.103.159.182 - - [08/Mar/2017:11:44:02 -0300] "GET /cormun/servlet/solicitudotadjuntos?d513c10847bf977b0e6f91091845b4ed45dc65f7dd8d34721b440db6dbb3e29f,gx-no-cache=1488984312218 HTTP/1.1" 200 30
186.103.159.182 - - [08/Mar/2017:11:44:02 -0300] "GET /cormun/servlet/solicitudotadjuntos?d513c10847bf977b0e6f91091845b4ed45dc65f7dd8d34721b440db6dbb3e29f,gx-no-cache=1488984312245 HTTP/1.1" 200 30
186.103.159.182 - - [08/Mar/2017:11:44:02 -0300] "POST /cormun/servlet/solicitudotadjuntos?f4139f5be8a4522b64dd76bb35e959d5,INS,2017,5340,,1, HTTP/1.1" 200 116
186.103.159.182 - - [08/Mar/2017:11:44:02 -0300] "GET /cormun/servlet/hpexe_return? HTTP/1.1" 200 1021
186.103.159.182 - - [08/Mar/2017:11:44:03 -0300] "GET /cormun/servlet/trsolicitudadjuntos?2017,5340, HTTP/1.1" 200 8253
186.103.159.182 - - [08/Mar/2017:11:44:04 -0300] "GET /cormun/servlet/trsolicitudadjuntos?2017,5340, HTTP/1.1" 200 8247
186.103.159.182 - - [08/Mar/2017:11:44:12 -0300] "GET /cormun/servlet/solicitudotadjuntos?INS,2017,5340,,1, HTTP/1.1" 200 6048
186.103.159.182 - - [08/Mar/2017:11:44:12 -0300] "GET /cormun/static/about:blank HTTP/1.1" 404 1011
186.103.159.182 - - [08/Mar/2017:11:44:13 -0300] "GET /cormun/servlet/solicitudotadjuntos?INS,2017,5340,,1, HTTP/1.1" 200 6042
186.103.159.182 - - [08/Mar/2017:11:44:14 -0300] "GET /cormun/servlet/solicitudotadjuntos?d513c10847bf977b0e6f91091845b4ed571f388fc202017f4124df4a2bca3d2f753318b5c7c57c8f2ca38720940753c1,gx-no-cache=1488984324605 HTTP/1.1" 200 30
186.103.159.182 - - [08/Mar/2017:11:44:14 -0300] "POST /cormun/servlet/solicitudotadjuntos?f4139f5be8a4522b64dd76bb35e959d5,INS,2017,5340,,1,,gx-no-cache=1488984324660 HTTP/1.1" 200 3849
186.103.159.182 - - [08/Mar/2017:11:44:30 -0300] "POST /cormun/servlet/solicitudotadjuntos?gx-no-cache=1488984340407 HTTP/1.1" 200 26
186.103.159.182 - - [08/Mar/2017:11:44:39 -0300] "GET /cormun/servlet/solicitudotadjuntos?d513c10847bf977b0e6f91091845b4ed45dc65f7dd8d34721b440db6dbb3e29f,gx-no-cache=1488984349211 HTTP/1.1" 200 30
186.103.159.182 - - [08/Mar/2017:11:44:39 -0300] "GET /cormun/servlet/solicitudotadjuntos?d513c10847bf977b0e6f91091845b4ed45dc65f7dd8d34721b440db6dbb3e29f,gx-no-cache=1488984349254 HTTP/1.1" 200 30
186.103.159.182 - - [08/Mar/2017:11:44:40 -0300] "POST /cormun/servlet/solicitudotadjuntos?f4139f5be8a4522b64dd76bb35e959d5,INS,2017,5340,,1, HTTP/1.1" 200 116
186.103.159.182 - - [08/Mar/2017:11:44:40 -0300] "GET /cormun/servlet/hpexe_return? HTTP/1.1" 200 1021
186.103.159.182 - - [08/Mar/2017:11:44:41 -0300] "GET /cormun/servlet/trsolicitudadjuntos?2017,5340, HTTP/1.1" 200 8432
186.103.159.182 - - [08/Mar/2017:11:44:42 -0300] "GET /cormun/servlet/trsolicitudadjuntos?2017,5340, HTTP/1.1" 200 8428
186.103.159.182 - - [08/Mar/2017:11:44:44 -0300] "GET /cormun/servlet/solicitudotadjuntos?INS,2017,5340,,1, HTTP/1.1" 200 6047
186.103.159.182 - - [08/Mar/2017:11:44:45 -0300] "GET /cormun/static/about:blank HTTP/1.1" 404 1011
186.103.159.182 - - [08/Mar/2017:11:44:46 -0300] "GET /cormun/servlet/solicitudotadjuntos?INS,2017,5340,,1, HTTP/1.1" 200 6041
186.103.159.182 - - [08/Mar/2017:11:44:46 -0300] "GET /cormun/servlet/solicitudotadjuntos?d513c10847bf977b0e6f91091845b4ed571f388fc202017f4124df4a2bca3d2f753318b5c7c57c8f2ca38720940753c1,gx-no-cache=1488984356839 HTTP/1.1" 200 30
186.103.159.182 - - [08/Mar/2017:11:44:46 -0300] "POST /cormun/servlet/solicitudotadjuntos?f4139f5be8a4522b64dd76bb35e959d5,INS,2017,5340,,1,,gx-no-cache=1488984356895 HTTP/1.1" 200 3848
186.103.159.182 - - [08/Mar/2017:11:44:49 -0300] "POST /cormun/servlet/solicitudotadjuntos?gx-no-cache=1488984359608 HTTP/1.1" 200 26
186.103.159.182 - - [08/Mar/2017:11:45:10 -0300] "GET /cormun/servlet/solicitudotadjuntos?d513c10847bf977b0e6f91091845b4ed45dc65f7dd8d34721b440db6dbb3e29f,gx-no-cache=1488984380540 HTTP/1.1" 200 30
186.103.159.182 - - [08/Mar/2017:11:45:10 -0300] "GET /cormun/servlet/solicitudotadjuntos?d513c10847bf977b0e6f91091845b4ed45dc65f7dd8d34721b440db6dbb3e29f,gx-no-cache=1488984380577 HTTP/1.1" 200 30
186.103.159.182 - - [08/Mar/2017:11:45:11 -0300] "POST /cormun/servlet/solicitudotadjuntos?f4139f5be8a4522b64dd76bb35e959d5,INS,2017,5340,,1, HTTP/1.1" 200 116
186.103.159.182 - - [08/Mar/2017:11:45:12 -0300] "GET /cormun/servlet/hpexe_return? HTTP/1.1" 200 1021
186.103.159.182 - - [08/Mar/2017:11:45:12 -0300] "GET /cormun/servlet/trsolicitudadjuntos?2017,5340, HTTP/1.1" 200 8575
186.103.159.182 - - [08/Mar/2017:11:45:14 -0300] "GET /cormun/servlet/trsolicitudadjuntos?2017,5340, HTTP/1.1" 200 8572
186.103.159.182 - - [08/Mar/2017:11:45:16 -0300] "GET /cormun/servlet/solicitudotadjuntos?INS,2017,5340,,1, HTTP/1.1" 200 6047
186.103.159.182 - - [08/Mar/2017:11:45:17 -0300] "GET /cormun/static/about:blank HTTP/1.1" 404 1011
186.103.159.182 - - [08/Mar/2017:11:45:17 -0300] "GET /cormun/servlet/solicitudotadjuntos?INS,2017,5340,,1, HTTP/1.1" 200 6040
186.103.159.182 - - [08/Mar/2017:11:45:18 -0300] "GET /cormun/servlet/solicitudotadjuntos?d513c10847bf977b0e6f91091845b4ed571f388fc202017f4124df4a2bca3d2f753318b5c7c57c8f2ca38720940753c1,gx-no-cache=1488984388497 HTTP/1.1" 200 30
186.103.159.182 - - [08/Mar/2017:11:45:18 -0300] "POST /cormun/servlet/solicitudotadjuntos?f4139f5be8a4522b64dd76bb35e959d5,INS,2017,5340,,1,,gx-no-cache=1488984388541 HTTP/1.1" 200 3847
186.103.159.182 - - [08/Mar/2017:11:45:25 -0300] "POST /cormun/servlet/solicitudotadjuntos?gx-no-cache=1488984395273 HTTP/1.1" 200 26
157.55.39.119 - - [08/Mar/2017:11:45:31 -0300] "GET /cormun/static/Resources/PXToolsButtonBackground2.png HTTP/1.1" 200 1181
157.55.39.119 - - [08/Mar/2017:11:45:31 -0300] "GET /cormun/static/hlogin.js?201612216162555 HTTP/1.1" 200 2136
186.103.159.182 - - [08/Mar/2017:11:45:37 -0300] "POST /cormun/servlet/solicitudotadjuntos?gx-no-cache=1488984407177 HTTP/1.1" 200 26
186.103.159.182 - - [08/Mar/2017:11:45:45 -0300] "GET /cormun/servlet/solicitudotadjuntos?d513c10847bf977b0e6f91091845b4ed45dc65f7dd8d34721b440db6dbb3e29f,gx-no-cache=1488984415628 HTTP/1.1" 200 30
186.103.159.182 - - [08/Mar/2017:11:45:45 -0300] "GET /cormun/servlet/solicitudotadjuntos?d513c10847bf977b0e6f91091845b4ed45dc65f7dd8d34721b440db6dbb3e29f,gx-no-cache=1488984415652 HTTP/1.1" 200 30
186.103.159.182 - - [08/Mar/2017:11:45:47 -0300] "POST /cormun/servlet/solicitudotadjuntos?f4139f5be8a4522b64dd76bb35e959d5,INS,2017,5340,,1, HTTP/1.1" 200 116
186.103.159.182 - - [08/Mar/2017:11:45:47 -0300] "GET /cormun/servlet/hpexe_return? HTTP/1.1" 200 1021
186.103.159.182 - - [08/Mar/2017:11:45:47 -0300] "GET /cormun/servlet/trsolicitudadjuntos?2017,5340, HTTP/1.1" 200 8721
186.103.159.182 - - [08/Mar/2017:11:45:49 -0300] "GET /cormun/servlet/trsolicitudadjuntos?2017,5340, HTTP/1.1" 200 8718
186.103.159.182 - - [08/Mar/2017:11:45:54 -0300] "GET /cormun/servlet/solicitudotadjuntos?INS,2017,5340,,1, HTTP/1.1" 200 6047
186.103.159.182 - - [08/Mar/2017:11:45:55 -0300] "GET /cormun/static/about:blank HTTP/1.1" 404 1011
186.103.159.182 - - [08/Mar/2017:11:45:56 -0300] "GET /cormun/servlet/solicitudotadjuntos?INS,2017,5340,,1, HTTP/1.1" 200 6040
186.103.159.182 - - [08/Mar/2017:11:45:56 -0300] "GET /cormun/servlet/solicitudotadjuntos?d513c10847bf977b0e6f91091845b4ed571f388fc202017f4124df4a2bca3d2f753318b5c7c57c8f2ca38720940753c1,gx-no-cache=1488984426769 HTTP/1.1" 200 30
186.103.159.182 - - [08/Mar/2017:11:45:57 -0300] "POST /cormun/servlet/solicitudotadjuntos?f4139f5be8a4522b64dd76bb35e959d5,INS,2017,5340,,1,,gx-no-cache=1488984426829 HTTP/1.1" 200 3847
157.55.39.43 - - [08/Mar/2017:11:45:58 -0300] "GET /cormun/static/Resources/PXToolsLoginBackground.png HTTP/1.1" 200 1164
186.103.159.182 - - [08/Mar/2017:11:45:59 -0300] "POST /cormun/servlet/solicitudotadjuntos?gx-no-cache=1488984429984 HTTP/1.1" 200 26
40.77.167.94 - - [08/Mar/2017:11:46:04 -0300] "GET /cormun/static/Resources/PXToolsButtonLeft21.png HTTP/1.1" 200 1287
40.77.167.94 - - [08/Mar/2017:11:46:05 -0300] "GET /cormun/static/Resources/PXToolsButtonRight21.png HTTP/1.1" 200 1283
40.77.167.94 - - [08/Mar/2017:11:46:05 -0300] "GET /cormun/static/Resources/PXToolsLoginBottom.png HTTP/1.1" 200 1389
40.77.167.94 - - [08/Mar/2017:11:46:06 -0300] "GET /cormun/static/gxfrmutlSD.js?85251 HTTP/1.1" 200 89044
186.103.159.182 - - [08/Mar/2017:11:46:09 -0300] "GET /cormun/servlet/solicitudotadjuntos?d513c10847bf977b0e6f91091845b4ed45dc65f7dd8d34721b440db6dbb3e29f,gx-no-cache=1488984439379 HTTP/1.1" 200 30
186.103.159.182 - - [08/Mar/2017:11:46:09 -0300] "GET /cormun/servlet/solicitudotadjuntos?d513c10847bf977b0e6f91091845b4ed45dc65f7dd8d34721b440db6dbb3e29f,gx-no-cache=1488984439426 HTTP/1.1" 200 30
40.77.167.73 - - [08/Mar/2017:11:46:09 -0300] "GET /cormun/static/Resources/PXToolsLoginTop.png HTTP/1.1" 200 1337
186.103.159.182 - - [08/Mar/2017:11:46:14 -0300] "POST /cormun/servlet/solicitudotadjuntos?f4139f5be8a4522b64dd76bb35e959d5,INS,2017,5340,,1, HTTP/1.1" 200 116
186.103.159.182 - - [08/Mar/2017:11:46:14 -0300] "GET /cormun/servlet/hpexe_return? HTTP/1.1" 200 1021
186.103.159.182 - - [08/Mar/2017:11:46:15 -0300] "GET /cormun/servlet/trsolicitudadjuntos?2017,5340, HTTP/1.1" 200 8906
186.103.159.182 - - [08/Mar/2017:11:46:16 -0300] "GET /cormun/servlet/trsolicitudadjuntos?2017,5340, HTTP/1.1" 200 8904
186.103.159.182 - - [08/Mar/2017:11:46:21 -0300] "GET /cormun/servlet/solicitudotadjuntos?INS,2017,5340,,1, HTTP/1.1" 200 6048
186.103.159.182 - - [08/Mar/2017:11:46:21 -0300] "GET /cormun/static/about:blank HTTP/1.1" 404 1011
186.103.159.182 - - [08/Mar/2017:11:46:22 -0300] "GET /cormun/servlet/solicitudotadjuntos?INS,2017,5340,,1, HTTP/1.1" 200 6041
186.103.159.182 - - [08/Mar/2017:11:46:23 -0300] "GET /cormun/servlet/solicitudotadjuntos?d513c10847bf977b0e6f91091845b4ed571f388fc202017f4124df4a2bca3d2f753318b5c7c57c8f2ca38720940753c1,gx-no-cache=1488984453323 HTTP/1.1" 200 30
186.103.159.182 - - [08/Mar/2017:11:46:23 -0300] "POST /cormun/servlet/solicitudotadjuntos?f4139f5be8a4522b64dd76bb35e959d5,INS,2017,5340,,1,,gx-no-cache=1488984453380 HTTP/1.1" 200 3850
186.103.159.182 - - [08/Mar/2017:11:46:29 -0300] "POST /cormun/servlet/solicitudotadjuntos?gx-no-cache=1488984459761 HTTP/1.1" 200 26
186.103.159.182 - - [08/Mar/2017:11:46:38 -0300] "GET /cormun/servlet/solicitudotadjuntos?d513c10847bf977b0e6f91091845b4ed45dc65f7dd8d34721b440db6dbb3e29f,gx-no-cache=1488984468861 HTTP/1.1" 200 30
186.103.159.182 - - [08/Mar/2017:11:46:38 -0300] "GET /cormun/servlet/solicitudotadjuntos?d513c10847bf977b0e6f91091845b4ed45dc65f7dd8d34721b440db6dbb3e29f,gx-no-cache=1488984468890 HTTP/1.1" 200 30
186.103.159.182 - - [08/Mar/2017:11:46:40 -0300] "POST /cormun/servlet/solicitudotadjuntos?f4139f5be8a4522b64dd76bb35e959d5,INS,2017,5340,,1, HTTP/1.1" 200 116
186.103.159.182 - - [08/Mar/2017:11:46:40 -0300] "GET /cormun/servlet/hpexe_return? HTTP/1.1" 200 1021
186.103.159.182 - - [08/Mar/2017:11:46:41 -0300] "GET /cormun/servlet/trsolicitudadjuntos?2017,5340, HTTP/1.1" 200 9098
186.103.159.182 - - [08/Mar/2017:11:46:43 -0300] "GET /cormun/servlet/trsolicitudadjuntos?2017,5340, HTTP/1.1" 200 9095
186.103.159.182 - - [08/Mar/2017:11:46:48 -0300] "POST /cormun/servlet/trsolicitudadjuntos?f4139f5be8a4522b64dd76bb35e959d5,2017,5340,,gx-no-cache=1488984478135 HTTP/1.1" 200 90
186.103.159.182 - - [08/Mar/2017:11:46:48 -0300] "GET /cormun/servlet/hpexe_link HTTP/1.1" 200 987
186.103.159.182 - - [08/Mar/2017:11:46:48 -0300] "GET /cormun/servlet/trsolicitudot?gx-no-cache=1488977509025 HTTP/1.1" 200 8548
186.103.159.182 - - [08/Mar/2017:11:46:50 -0300] "GET /cormun/servlet/trsolicitudot?gx-no-cache=1488977509025 HTTP/1.1" 200 8569
186.103.159.182 - - [08/Mar/2017:11:47:20 -0300] "POST /cormun/servlet/trsolicitudot?f4139f5be8a4522b64dd76bb35e959d5,gx-no-cache=1488977509025,gx-no-cache=1488984510675 HTTP/1.1" 200 5263
186.103.159.182 - - [08/Mar/2017:11:47:20 -0300] "GET /cormun/static/Shared/jqueryui/images/ui-bg_highlight-soft_100_c6c2c8_1x100.png HTTP/1.1" 404 1117
186.103.159.182 - - [08/Mar/2017:11:47:20 -0300] "GET /cormun/static/Shared/jqueryui/images/ui-icons_82798d_256x240.png HTTP/1.1" 404 1089
186.103.159.182 - - [08/Mar/2017:11:47:20 -0300] "GET /cormun/static/Shared/jqueryui/images/ui-bg_flat_55_fafafa_40x100.png HTTP/1.1" 404 1097
186.103.159.182 - - [08/Mar/2017:11:47:21 -0300] "GET /cormun/static/Shared/jqueryui/images/ui-icons_8d78a5_256x240.png HTTP/1.1" 404 1089
186.103.159.182 - - [08/Mar/2017:11:47:21 -0300] "POST /cormun/servlet/trsolicitudot?f4139f5be8a4522b64dd76bb35e959d5,gx-no-cache=1488977509025,gx-no-cache=1488984511246 HTTP/1.1" 200 5205
186.103.159.182 - - [08/Mar/2017:11:47:33 -0300] "POST /cormun/servlet/trsolicitudot?f4139f5be8a4522b64dd76bb35e959d5,gx-no-cache=1488977509025,gx-no-cache=1488984523195 HTTP/1.1" 200 105
186.103.159.182 - - [08/Mar/2017:11:47:33 -0300] "GET /cormun/servlet/solicitudot?DLT,2017,5118, HTTP/1.1" 200 9614
186.103.159.182 - - [08/Mar/2017:11:47:35 -0300] "GET /cormun/static/Shared/jqueryui/images/ui-icons_82798d_256x240.png HTTP/1.1" 404 1089
186.103.159.182 - - [08/Mar/2017:11:47:35 -0300] "GET /cormun/static/Shared/jqueryui/images/ui-bg_highlight-soft_100_c6c2c8_1x100.png HTTP/1.1" 404 1117
186.103.159.182 - - [08/Mar/2017:11:47:35 -0300] "GET /cormun/static/Shared/jqueryui/images/ui-bg_flat_55_fafafa_40x100.png HTTP/1.1" 404 1097
186.103.159.182 - - [08/Mar/2017:11:47:35 -0300] "GET /cormun/static/Shared/jqueryui/images/ui-icons_8d78a5_256x240.png HTTP/1.1" 404 1089
186.103.159.182 - - [08/Mar/2017:11:47:35 -0300] "GET /cormun/servlet/solicitudot?DLT,2017,5118, HTTP/1.1" 200 9601
186.103.159.46 - - [08/Mar/2017:11:47:38 -0300] "POST /cormun/servlet/hlogin?f4f0ade0c1a05099009e53be5bf6b844,gx-no-cache=1488984526950 HTTP/1.1" 200 90
186.103.159.46 - - [08/Mar/2017:11:47:38 -0300] "GET /cormun/servlet/hpexe_link HTTP/1.1" 200 960
186.103.159.46 - - [08/Mar/2017:11:47:38 -0300] "GET /cormun/servlet/trautorizarsolicitud HTTP/1.1" 200 8053
186.103.159.46 - - [08/Mar/2017:11:47:39 -0300] "GET /cormun/servlet/trautorizarsolicitud HTTP/1.1" 200 8052
186.103.159.182 - - [08/Mar/2017:11:47:42 -0300] "POST /cormun/servlet/solicitudot?f4139f5be8a4522b64dd76bb35e959d5,DLT,2017,5118,,gx-no-cache=1488984532648 HTTP/1.1" 200 93
186.103.159.182 - - [08/Mar/2017:11:47:42 -0300] "GET /cormun/servlet/hpexe_return? HTTP/1.1" 200 1028
186.103.159.182 - - [08/Mar/2017:11:47:42 -0300] "GET /cormun/servlet/trsolicitudot?gx-no-cache=1488977509025 HTTP/1.1" 200 8145
186.103.159.182 - - [08/Mar/2017:11:47:44 -0300] "GET /cormun/servlet/trsolicitudot?gx-no-cache=1488977509025 HTTP/1.1" 200 8163
186.103.159.182 - - [08/Mar/2017:11:47:49 -0300] "GET /cormun/servlet/solicitudot?INS,0,0, HTTP/1.1" 200 12838
186.103.159.182 - - [08/Mar/2017:11:47:51 -0300] "GET /cormun/servlet/solicitudot?INS,0,0, HTTP/1.1" 200 12821
192.168.10.96 - - [08/Mar/2017:11:48:03 -0300] "GET /cormun/servlet/trconsultaempleado? HTTP/1.1" 200 6523
192.168.10.96 - - [08/Mar/2017:11:48:03 -0300] "GET /cormun/servlet/trconsultaempleado? HTTP/1.1" 200 6523
186.103.159.182 - - [08/Mar/2017:11:48:05 -0300] "POST /cormun/servlet/solicitudot?gx-no-cache=1488984555392 HTTP/1.1" 200 3081
186.103.159.182 - - [08/Mar/2017:11:48:05 -0300] "POST /cormun/servlet/solicitudot?f4139f5be8a4522b64dd76bb35e959d5,INS,0,0,,gx-no-cache=1488984555560 HTTP/1.1" 200 9880
186.103.159.182 - - [08/Mar/2017:11:48:12 -0300] "GET /cormun/servlet/solicitudot?d513c10847bf977b0e6f91091845b4ed569deeaf29f1b497cb8efc94f2989f44f9c07b6615f6e464fc2cf6be60536f06,gx-no-cache=1488984562756 HTTP/1.1" 200 30
192.168.10.96 - - [08/Mar/2017:11:48:33 -0300] "GET /cormun/servlet/trsolicitudnombre?15993133, HTTP/1.1" 200 7166
192.168.10.96 - - [08/Mar/2017:11:48:34 -0300] "GET /cormun/servlet/trsolicitudnombre?15993133, HTTP/1.1" 200 7167
192.168.10.96 - - [08/Mar/2017:11:48:36 -0300] "GET /cormun/servlet/vesolicitudnombre?2017,4727,, HTTP/1.1" 200 8386
192.168.10.96 - - [08/Mar/2017:11:48:36 -0300] "GET /cormun/pexe_scrolldiv.js HTTP/1.1" 404 1009
192.168.10.96 - - [08/Mar/2017:11:48:36 -0300] "GET /cormun/pexe_scrolldiv.js HTTP/1.1" 404 1009
192.168.10.96 - - [08/Mar/2017:11:48:36 -0300] "GET /cormun/servlet/vesolicitudnombre?2017,4727,, HTTP/1.1" 200 8379
192.168.10.96 - - [08/Mar/2017:11:48:38 -0300] "GET /cormun/servlet/vesolicitudnombre?2017,4727,,SolicitudOTAdjuntos HTTP/1.1" 200 7341
192.168.10.96 - - [08/Mar/2017:11:48:38 -0300] "GET /cormun/pexe_scrolldiv.js HTTP/1.1" 404 1009
192.168.10.96 - - [08/Mar/2017:11:48:38 -0300] "GET /cormun/pexe_scrolldiv.js HTTP/1.1" 404 1009
192.168.10.96 - - [08/Mar/2017:11:48:38 -0300] "GET /cormun/servlet/vesolicitudnombre?2017,4727,,SolicitudOTAdjuntos HTTP/1.1" 200 7342
192.168.10.96 - - [08/Mar/2017:11:48:39 -0300] "POST /cormun/servlet/acontrolpreferencessavestate?None,DZAMUDIO,true HTTP/1.1" 200 35
192.168.10.96 - - [08/Mar/2017:11:48:43 -0300] "POST /cormun/servlet/vesolicitudnombre?1ffd9fa6d53544215be08d2257722560,2017,4727,,SolicitudOTAdjuntos,gx-no-cache=1488987807026 HTTP/1.1" 200 90
192.168.10.96 - - [08/Mar/2017:11:48:43 -0300] "GET /cormun/servlet/hpexe_link HTTP/1.1" 200 992
192.168.10.96 - - [08/Mar/2017:11:48:43 -0300] "GET /cormun/servlet/trsolicitudnombre?15993133, HTTP/1.1" 200 7168
192.168.10.96 - - [08/Mar/2017:11:48:43 -0300] "GET /cormun/servlet/trsolicitudnombre?15993133, HTTP/1.1" 200 7167
192.168.10.96 - - [08/Mar/2017:11:49:05 -0300] "GET /cormun/servlet/trconsultaempleado? HTTP/1.1" 200 6524
192.168.10.96 - - [08/Mar/2017:11:49:06 -0300] "GET /cormun/servlet/trconsultaempleado? HTTP/1.1" 200 6523
192.168.10.96 - - [08/Mar/2017:11:49:14 -0300] "POST /cormun/servlet/trconsultaempleado?1ffd9fa6d53544215be08d2257722560,,gx-no-cache=1488987838006 HTTP/1.1" 200 4339
192.168.10.96 - - [08/Mar/2017:11:49:15 -0300] "GET /cormun/servlet/trsolicitudnombre?16178807, HTTP/1.1" 200 9220
192.168.10.96 - - [08/Mar/2017:11:49:16 -0300] "GET /cormun/servlet/trsolicitudnombre?16178807, HTTP/1.1" 200 9222
186.103.132.155 - - [08/Mar/2017:11:49:28 -0300] "POST /cormun/servlet/solicitudot?gx-no-cache=1488981035624 HTTP/1.1" 200 255
186.103.132.155 - - [08/Mar/2017:11:49:29 -0300] "GET /cormun/servlet/solicitudot?6c6cc43e7687d7d004cbbbaf00f75f47930a55f8fadc5b27448c05ca63f73f6709470208101588c2b64a52e0e36b43670b1365bf840ef81e7f853612fea87014a7841cb26363eee96077851b586c3df04870dc8f08278e31636fee780581a93f7ee97e9a52149874916f4933c51d23e2b37cf281c342710d535bd48f481243ee779ee14e180eaca2727743731c228c534dc05ac2c274c4d3dff344be141e24cf1d59f6fff754cb03e9b3f59a4b71b12e2254055653f2bc33040e36a96d945a95b82b27cf14549913ffda8a7f011a31e41a0c6b63111fbd07762df4bfbcd9943f43617fe93e572f61ef8a4368cc25b2427a7327605847351557451902f0d9416a46c771707447c3473d2ca488187465b62acb235dacf1707e9f75f1576f825a3c99b0f706b73b94a2005ffcffdec1a0ed6d5b4a645c78437db1849cae7e497b8a555642f38f287d11d8dcd267de57d4480ef8df6205177298e9f9c8919e041e5c631ff132c196909450cd856db58416f6dab91be30fb4b4e59f3c2d36783f07dc,gx-no-cache=1488981037629 HTTP/1.1" 200 30
186.103.132.155 - - [08/Mar/2017:11:49:29 -0300] "POST /cormun/servlet/solicitudot?gx-no-cache=1488981037873 HTTP/1.1" 200 30
186.103.132.155 - - [08/Mar/2017:11:49:29 -0300] "POST /cormun/servlet/solicitudot?gx-no-cache=1488981038024 HTTP/1.1" 200 1292
186.103.132.155 - - [08/Mar/2017:11:49:29 -0300] "POST /cormun/servlet/solicitudot?gx-no-cache=1488981038115 HTTP/1.1" 200 38
186.103.132.155 - - [08/Mar/2017:11:49:33 -0300] "POST /cormun/servlet/solicitudot?gx-no-cache=1488981041260 HTTP/1.1" 200 30
186.103.132.155 - - [08/Mar/2017:11:49:41 -0300] "POST /cormun/servlet/solicitudot?gx-no-cache=1488981049577 HTTP/1.1" 200 1292
186.103.132.155 - - [08/Mar/2017:11:49:41 -0300] "POST /cormun/servlet/solicitudot?gx-no-cache=1488981049782 HTTP/1.1" 200 38
186.103.132.155 - - [08/Mar/2017:11:49:41 -0300] "GET /cormun/servlet/solicitudot?6c6cc43e7687d7d004cbbbaf00f75f477abc2721404a886b5a06da54396447ea77ebc7c5dd7a43fd0363d722640b79b32e6946b5ef0585243fce2f1eee299664f92367e9f36bb2b1476b19636da01d3680f5c0be97050a6362e229d9e2e7e2fc33538b7f2c5e9fabe775b2b6b20049c09515943995ec86aea8b788140faaadf905b52912d15e03bd4ab3b7b748b731ee654c1e4311f3e51dfe48190b51fa678d,gx-no-cache=1488981049943 HTTP/1.1" 200 29
186.103.132.155 - - [08/Mar/2017:11:49:43 -0300] "POST /cormun/servlet/solicitudot?gx-no-cache=1488981050039 HTTP/1.1" 200 1275
186.103.132.155 - - [08/Mar/2017:11:49:44 -0300] "POST /cormun/servlet/solicitudot?gx-no-cache=1488981052576 HTTP/1.1" 200 1156
186.103.132.155 - - [08/Mar/2017:11:49:44 -0300] "GET /cormun/static/menuarrow.gif HTTP/1.1" 404 1015
186.103.159.182 - - [08/Mar/2017:11:49:53 -0300] "POST /cormun/servlet/solicitudot?gx-no-cache=1488984663778 HTTP/1.1" 200 255
186.103.159.182 - - [08/Mar/2017:11:49:55 -0300] "GET /cormun/servlet/solicitudot?d513c10847bf977b0e6f91091845b4edb0d4152fc039fdf9dc0bf9607ffb2e36584c8fde25bb544703f42d1d689113902710798518db672f4157133e4354a82b50ea820bad9ac1aa89448c100acf3599fa321fbc8dbf0f00dffb3b2664f8d8bdfe65684b07c6ceb2bae8ed7a68eab9722f7cac9bb0f6e5eaf149a6a51b606b4ab280808640280201f7297c92507841d451d0c1083e11ba138613e44ac479e865b5fe9906f1c3fad9a33529228a6778d198da0fb0448ef2df1df6dffec52146cf3a1b37718df30caf9402bd11b6ed21871b736c8a1e99f396c448663f647a404cc0167fc949e42981ebeb6b052d6f7aa2b0f662f2f87b31104ba57824e12236710b8225dc18a5b14345b355d00a0efabb52ace0d7200ddeed1668bfbd2ce4df7fbaf92e29a294e274fb2be659320a9e197850400528c34edb672e6633a3c9d76cc7f47a9de208aece148cc16e29a26ef46b159675450be1cef9797fecb15831f5417f9f5588127206c9bcc6b308deb5f00ed8112cdc8f34d25d97cfdeb9c6230a,gx-no-cache=1488984665675 HTTP/1.1" 200 30
186.103.132.155 - - [08/Mar/2017:11:49:57 -0300] "POST /cormun/servlet/solicitudot?gx-no-cache=1488981066280 HTTP/1.1" 200 30
186.103.132.155 - - [08/Mar/2017:11:49:58 -0300] "POST /cormun/servlet/solicitudot?gx-no-cache=1488981066483 HTTP/1.1" 200 1292
186.103.132.155 - - [08/Mar/2017:11:49:58 -0300] "POST /cormun/servlet/solicitudot?gx-no-cache=1488981067020 HTTP/1.1" 200 38
186.103.159.182 - - [08/Mar/2017:11:49:58 -0300] "POST /cormun/servlet/solicitudot?gx-no-cache=1488984668739 HTTP/1.1" 200 30
186.103.132.155 - - [08/Mar/2017:11:49:58 -0300] "POST /cormun/servlet/solicitudot?gx-no-cache=1488981067187 HTTP/1.1" 200 1275
186.103.132.155 - - [08/Mar/2017:11:49:59 -0300] "POST /cormun/servlet/solicitudot?gx-no-cache=1488981067622 HTTP/1.1" 200 1156
186.103.132.155 - - [08/Mar/2017:11:49:59 -0300] "GET /cormun/servlet/solicitudot?6c6cc43e7687d7d004cbbbaf00f75f47dd8ec087c2c199b0be94d8d46cbab9969ad7ee079b945d3766bcc958611dc167026e99e70318c85c5a862aedde4ae83d253f4d24da0d9e695a8e2cc6722192c786e699c306b5b72e1566a438ab111972927d4374ee7caa6c75fe82398120604623a9c77d9d55dc8a723a271ad762d1dff13eda27a655a6d618249b1bb56136231af107f5c059d39e2eeb1ddf985baca5,gx-no-cache=1488981067912 HTTP/1.1" 200 30
186.103.159.182 - - [08/Mar/2017:11:50:01 -0300] "POST /cormun/servlet/solicitudot?gx-no-cache=1488984671801 HTTP/1.1" 200 235
186.103.159.182 - - [08/Mar/2017:11:50:01 -0300] "POST /cormun/servlet/solicitudot?gx-no-cache=1488984671889 HTTP/1.1" 200 38
192.168.10.60 - - [08/Mar/2017:11:50:11 -0300] "GET /cormun/servlet/hlogin HTTP/1.1" 200 1718
192.168.10.60 - - [08/Mar/2017:11:50:12 -0300] "POST /cormun/servlet/hlogin?1c067c4a05a17cce14934acd01fc9eb4,gx-no-cache=1488983880710 HTTP/1.1" 200 90
192.168.10.60 - - [08/Mar/2017:11:50:12 -0300] "GET /cormun/servlet/hpexe_link HTTP/1.1" 200 952
192.168.10.60 - - [08/Mar/2017:11:50:13 -0300] "GET /cormun/servlet/hhome HTTP/1.1" 200 3749
192.168.10.60 - - [08/Mar/2017:11:50:13 -0300] "GET /cormun/servlet/hhome HTTP/1.1" 200 3746
186.103.132.155 - - [08/Mar/2017:11:50:14 -0300] "GET /cormun/servlet/solicitudot?6c6cc43e7687d7d004cbbbaf00f75f47dd8ec087c2c199b0be94d8d46cbab9969ad7ee079b945d3766bcc958611dc167026e99e70318c85c5a862aedde4ae83d253f4d24da0d9e695a8e2cc6722192c786e699c306b5b72e1566a438ab111972927d4374ee7caa6c75fe82398120604623a9c77d9d55dc8a723a271ad762d1dff13eda27a655a6d618249b1bb56136230dee8b24f029948a7a220498cd9a45991079291f1f4617b7ec542ee586d4dfe4,gx-no-cache=1488981082610 HTTP/1.1" 200 30
192.168.10.60 - - [08/Mar/2017:11:50:23 -0300] "GET /cormun/servlet/trautorizarot? HTTP/1.1" 200 19124
192.168.10.60 - - [08/Mar/2017:11:50:24 -0300] "GET /cormun/servlet/trautorizarot? HTTP/1.1" 200 19121
186.103.159.182 - - [08/Mar/2017:11:50:26 -0300] "GET /cormun/servlet/solicitudot?d513c10847bf977b0e6f91091845b4ed758092d1b13bf7fed3223e14a486a91258213e4f270c70da92278a067e603b2ff0cae9ac7b24b36b96d5fc47b10169e01574e83d2e36f4ec0bbc85d6f7dc690feec55d379f286daa0fa8307000761fdc968d69e8cc68aba7f23f6ae0f2c4e0d4,gx-no-cache=1488984696779 HTTP/1.1" 200 29
186.103.159.182 - - [08/Mar/2017:11:50:26 -0300] "POST /cormun/servlet/solicitudot?gx-no-cache=1488984696836 HTTP/1.1" 200 643
192.168.10.60 - - [08/Mar/2017:11:50:27 -0300] "GET /cormun/static/menuarrow.gif HTTP/1.1" 404 1015
186.103.159.182 - - [08/Mar/2017:11:50:27 -0300] "POST /cormun/servlet/solicitudot?gx-no-cache=1488984697916 HTTP/1.1" 200 1157
186.103.159.182 - - [08/Mar/2017:11:50:43 -0300] "GET /cormun/static/menuarrow.gif HTTP/1.1" 404 1015
186.103.159.182 - - [08/Mar/2017:11:50:55 -0300] "GET /cormun/servlet/solicitudot?d513c10847bf977b0e6f91091845b4ed82162436a33bb3e0ab8df84c60c286f3b12547bc70087da89cbf01fbb31b6d0f288ee979c74fcc69eb2d430e48de329da5032237a5e793f19bff64a2ed93040a10b1df5525573803afe63407118ad278e4723da5e8bcbbc679c537145b768d776b31df396f6de6a37e8a318d7d8848a104e83918150636e84a66424ec79cb3ea51dc3a0de5670771f36df3a09310eeae221eb4f03a407047fb36d3fc6eca4408,gx-no-cache=1488984725753 HTTP/1.1" 200 30
186.103.132.155 - - [08/Mar/2017:11:50:56 -0300] "GET /cormun/servlet/solicitudot?6c6cc43e7687d7d004cbbbaf00f75f47dd8ec087c2c199b0be94d8d46cbab996634b370928def6ffc742add6e85d2536026e99e70318c85c5a862aedde4ae83d253f4d24da0d9e695a8e2cc6722192c786e699c306b5b72e1566a438ab111972927d4374ee7caa6c75fe82398120604623a9c77d9d55dc8a723a271ad762d1dff13eda27a655a6d618249b1bb56136230dee8b24f029948a7a220498cd9a45991079291f1f4617b7ec542ee586d4dfe4,gx-no-cache=1488981125085 HTTP/1.1" 200 30
186.103.132.155 - - [08/Mar/2017:11:51:07 -0300] "POST /cormun/servlet/solicitudot?7bced8b595bc9b2c19a200346027c598,INS,0,0,,gx-no-cache=1488981135123 HTTP/1.1" 200 11087
186.103.132.155 - - [08/Mar/2017:11:51:07 -0300] "GET /cormun/static/Shared/jqueryui/images/ui-bg_highlight-soft_100_c6c2c8_1x100.png HTTP/1.1" 404 1117
186.103.132.155 - - [08/Mar/2017:11:51:07 -0300] "GET /cormun/static/Shared/jqueryui/images/ui-icons_82798d_256x240.png HTTP/1.1" 404 1089
186.103.132.155 - - [08/Mar/2017:11:51:07 -0300] "GET /cormun/static/Shared/jqueryui/images/ui-icons_ebccce_256x240.png HTTP/1.1" 404 1089
186.103.132.155 - - [08/Mar/2017:11:51:07 -0300] "GET /cormun/static/Shared/jqueryui/images/ui-bg_flat_55_994d53_40x100.png HTTP/1.1" 404 1097
186.103.132.155 - - [08/Mar/2017:11:51:13 -0300] "POST /cormun/servlet/solicitudot?gx-no-cache=1488981142034 HTTP/1.1" 200 1275
186.103.132.155 - - [08/Mar/2017:11:51:13 -0300] "POST /cormun/servlet/solicitudot?gx-no-cache=1488981142207 HTTP/1.1" 200 1156
186.103.132.155 - - [08/Mar/2017:11:51:13 -0300] "GET /cormun/servlet/solicitudot?6c6cc43e7687d7d004cbbbaf00f75f47dd8ec087c2c199b0be94d8d46cbab996634b370928def6ffc742add6e85d2536026e99e70318c85c5a862aedde4ae83d253f4d24da0d9e695a8e2cc6722192c786e699c306b5b72e1566a438ab111972927d4374ee7caa6c75fe82398120604623a9c77d9d55dc8a723a271ad762d1dff13eda27a655a6d618249b1bb56136230dee8b24f029948a7a220498cd9a45991079291f1f4617b7ec542ee586d4dfe4,gx-no-cache=1488981142365 HTTP/1.1" 200 30
186.103.159.182 - - [08/Mar/2017:11:51:14 -0300] "POST /cormun/servlet/solicitudot?f4139f5be8a4522b64dd76bb35e959d5,INS,0,0,,gx-no-cache=1488984743743 HTTP/1.1" 200 93
186.103.159.182 - - [08/Mar/2017:11:51:14 -0300] "GET /cormun/servlet/hpexe_return? HTTP/1.1" 200 1021
186.103.132.155 - - [08/Mar/2017:11:51:14 -0300] "POST /cormun/servlet/solicitudot?7bced8b595bc9b2c19a200346027c598,INS,0,0,,gx-no-cache=1488981142641 HTTP/1.1" 200 93
186.103.159.182 - - [08/Mar/2017:11:51:14 -0300] "GET /cormun/servlet/trsolicitudot?gx-no-cache=1488977509025 HTTP/1.1" 200 8550
186.103.132.155 - - [08/Mar/2017:11:51:14 -0300] "GET /cormun/servlet/hpexe_return? HTTP/1.1" 200 1000
186.103.132.155 - - [08/Mar/2017:11:51:14 -0300] "GET /cormun/servlet/trsolicitudot HTTP/1.1" 200 15681
186.103.132.155 - - [08/Mar/2017:11:51:15 -0300] "GET /cormun/servlet/trsolicitudot HTTP/1.1" 200 15676
186.103.159.182 - - [08/Mar/2017:11:51:16 -0300] "GET /cormun/servlet/trsolicitudot?gx-no-cache=1488977509025 HTTP/1.1" 200 8567
186.103.132.155 - - [08/Mar/2017:11:51:20 -0300] "POST /cormun/servlet/trsolicitudot?7bced8b595bc9b2c19a200346027c598,gx-no-cache=1488981148179 HTTP/1.1" 200 12641
186.103.132.155 - - [08/Mar/2017:11:51:20 -0300] "GET /cormun/static/Shared/jqueryui/images/ui-bg_highlight-soft_100_c6c2c8_1x100.png HTTP/1.1" 404 1117
186.103.132.155 - - [08/Mar/2017:11:51:20 -0300] "GET /cormun/static/Shared/jqueryui/images/ui-icons_82798d_256x240.png HTTP/1.1" 404 1089
186.103.132.155 - - [08/Mar/2017:11:51:20 -0300] "GET /cormun/static/Shared/jqueryui/images/ui-bg_flat_55_fafafa_40x100.png HTTP/1.1" 404 1097
186.103.132.155 - - [08/Mar/2017:11:51:20 -0300] "GET /cormun/static/Shared/jqueryui/images/ui-icons_8d78a5_256x240.png HTTP/1.1" 404 1089
186.103.132.155 - - [08/Mar/2017:11:51:22 -0300] "POST /cormun/servlet/trsolicitudot?7bced8b595bc9b2c19a200346027c598,gx-no-cache=1488981149544 HTTP/1.1" 200 12583
186.103.159.182 - - [08/Mar/2017:11:51:23 -0300] "POST /cormun/servlet/trsolicitudot?f4139f5be8a4522b64dd76bb35e959d5,gx-no-cache=1488977509025,gx-no-cache=1488984753499 HTTP/1.1" 200 106
186.103.159.182 - - [08/Mar/2017:11:51:23 -0300] "GET /cormun/servlet/solicitudot?UPD,2017,5341, HTTP/1.1" 200 14504
186.103.132.155 - - [08/Mar/2017:11:51:25 -0300] "POST /cormun/servlet/trsolicitudot?7bced8b595bc9b2c19a200346027c598,gx-no-cache=1488981153106 HTTP/1.1" 200 12347
186.103.159.182 - - [08/Mar/2017:11:51:25 -0300] "GET /cormun/servlet/solicitudot?UPD,2017,5341, HTTP/1.1" 200 14490
186.103.132.155 - - [08/Mar/2017:11:51:26 -0300] "POST /cormun/servlet/trsolicitudot?7bced8b595bc9b2c19a200346027c598,gx-no-cache=1488981154027 HTTP/1.1" 200 12285
186.103.159.182 - - [08/Mar/2017:11:51:26 -0300] "POST /cormun/servlet/solicitudot?gx-no-cache=1488984755858 HTTP/1.1" 200 3143
186.103.159.182 - - [08/Mar/2017:11:51:26 -0300] "POST /cormun/servlet/solicitudot?f4139f5be8a4522b64dd76bb35e959d5,UPD,2017,5341,,gx-no-cache=1488984756394 HTTP/1.1" 200 11039
186.103.159.182 - - [08/Mar/2017:11:51:26 -0300] "GET /cormun/servlet/solicitudot?d513c10847bf977b0e6f91091845b4ed569deeaf29f1b497cb8efc94f2989f4481220474d227927df8b59594145a612d,gx-no-cache=1488984756776 HTTP/1.1" 200 30
186.103.159.182 - - [08/Mar/2017:11:51:26 -0300] "POST /cormun/servlet/solicitudot?gx-no-cache=1488984756839 HTTP/1.1" 200 254
186.103.159.182 - - [08/Mar/2017:11:51:27 -0300] "GET /cormun/servlet/solicitudot?d513c10847bf977b0e6f91091845b4edb0d4152fc039fdf9dc0bf9607ffb2e36584c8fde25bb544703f42d1d689113902710798518db672f4157133e4354a82b50ea820bad9ac1aa89448c100acf3599fa321fbc8dbf0f00dffb3b2664f8d8bdfe65684b07c6ceb2bae8ed7a68eab9722f7cac9bb0f6e5eaf149a6a51b606b4ab280808640280201f7297c92507841d451d0c1083e11ba138613e44ac479e865b5fe9906f1c3fad9a33529228a6778d198da0fb0448ef2df1df6dffec52146cf3a1b37718df30caf9402bd11b6ed21871b736c8a1e99f396c448663f647a404cc0167fc949e42981ebeb6b052d6f7aa2b0f662f2f87b31104ba57824e12236710b8225dc18a5b14345b355d00a0efabb52ace0d7200ddeed1668bfbd2ce4df7fbaf92e29a294e274fb2be659320a9e197850400528c34edb672e6633a3c9d76cc7f47a9de208aece148cc16e29a26ef46b159675450be1cef9797fecb15831f5417f9f5588127206c9bcc6b308deb5f04f24efa665d782ca07f8e380c1a77595,gx-no-cache=1488984756898 HTTP/1.1" 200 30
186.103.159.182 - - [08/Mar/2017:11:51:27 -0300] "POST /cormun/servlet/solicitudot?gx-no-cache=1488984757259 HTTP/1.1" 200 30
186.103.159.182 - - [08/Mar/2017:11:51:27 -0300] "POST /cormun/servlet/solicitudot?gx-no-cache=1488984757344 HTTP/1.1" 200 1287
186.103.159.182 - - [08/Mar/2017:11:51:27 -0300] "POST /cormun/servlet/solicitudot?gx-no-cache=1488984757473 HTTP/1.1" 200 41
186.103.159.182 - - [08/Mar/2017:11:51:28 -0300] "GET /cormun/servlet/solicitudot?d513c10847bf977b0e6f91091845b4ed42f0c5559c27c497f009a22f3c8fa8410e6cdf262dfaf0fa7c8645aca432eedf31178a547ae82d0fb4dd7d2e5a895ac8fd818d5e9d5b9c162829a89809e73c33b53442bb67d3373dacd341671f85983b25ae25126db6c56a0737517802fc9fd406b8891833b7a27f1c40666be1e5a9aaa907e646a8bc559595ed86a54a0d9185c3af29aa66f51f9f1979a2766a6368c9,gx-no-cache=1488984758963 HTTP/1.1" 200 29
186.103.159.182 - - [08/Mar/2017:11:51:28 -0300] "POST /cormun/servlet/solicitudot?gx-no-cache=1488984759002 HTTP/1.1" 200 1275
186.103.159.182 - - [08/Mar/2017:11:51:28 -0300] "POST /cormun/servlet/solicitudot?gx-no-cache=1488984759078 HTTP/1.1" 200 1157
186.103.159.182 - - [08/Mar/2017:11:51:29 -0300] "GET /cormun/servlet/solicitudot?d513c10847bf977b0e6f91091845b4ed82162436a33bb3e0ab8df84c60c286f3b12547bc70087da89cbf01fbb31b6d0f288ee979c74fcc69eb2d430e48de329da5032237a5e793f19bff64a2ed93040a10b1df5525573803afe63407118ad278e4723da5e8bcbbc679c537145b768d776b31df396f6de6a37e8a318d7d8848a104e83918150636e84a66424ec79cb3ea51dc3a0de5670771f36df3a09310eeae221eb4f03a407047fb36d3fc6eca4408,gx-no-cache=1488984759160 HTTP/1.1" 200 30
186.103.132.155 - - [08/Mar/2017:11:51:34 -0300] "POST /cormun/servlet/trsolicitudot?7bced8b595bc9b2c19a200346027c598,gx-no-cache=1488981162098 HTTP/1.1" 200 12035
186.103.132.155 - - [08/Mar/2017:11:51:35 -0300] "POST /cormun/servlet/trsolicitudot?7bced8b595bc9b2c19a200346027c598,gx-no-cache=1488981163500 HTTP/1.1" 200 11975
186.103.159.182 - - [08/Mar/2017:11:51:39 -0300] "POST /cormun/servlet/solicitudot?f4139f5be8a4522b64dd76bb35e959d5,UPD,2017,5341,,gx-no-cache=1488984769090 HTTP/1.1" 200 93
186.103.159.182 - - [08/Mar/2017:11:51:39 -0300] "GET /cormun/servlet/hpexe_return? HTTP/1.1" 200 1028
186.103.159.182 - - [08/Mar/2017:11:51:39 -0300] "GET /cormun/servlet/trsolicitudot?gx-no-cache=1488977509025 HTTP/1.1" 200 8550
186.103.132.155 - - [08/Mar/2017:11:51:40 -0300] "POST /cormun/servlet/trsolicitudot?7bced8b595bc9b2c19a200346027c598,gx-no-cache=1488981168221 HTTP/1.1" 200 11734
186.103.159.182 - - [08/Mar/2017:11:51:40 -0300] "GET /cormun/servlet/trsolicitudot?gx-no-cache=1488977509025 HTTP/1.1" 200 8567
186.103.132.155 - - [08/Mar/2017:11:51:41 -0300] "POST /cormun/servlet/trsolicitudot?7bced8b595bc9b2c19a200346027c598,gx-no-cache=1488981169317 HTTP/1.1" 200 11673
186.103.132.155 - - [08/Mar/2017:11:51:44 -0300] "POST /cormun/servlet/trsolicitudot?7bced8b595bc9b2c19a200346027c598,gx-no-cache=1488981172390 HTTP/1.1" 200 11424
186.103.132.155 - - [08/Mar/2017:11:51:45 -0300] "POST /cormun/servlet/trsolicitudot?7bced8b595bc9b2c19a200346027c598,gx-no-cache=1488981173539 HTTP/1.1" 200 11364
186.103.132.155 - - [08/Mar/2017:11:51:48 -0300] "POST /cormun/servlet/trsolicitudot?7bced8b595bc9b2c19a200346027c598,gx-no-cache=1488981176367 HTTP/1.1" 200 11161
186.103.132.155 - - [08/Mar/2017:11:51:49 -0300] "POST /cormun/servlet/trsolicitudot?7bced8b595bc9b2c19a200346027c598,gx-no-cache=1488981177629 HTTP/1.1" 200 11100
186.103.132.155 - - [08/Mar/2017:11:51:51 -0300] "POST /cormun/servlet/trsolicitudot?7bced8b595bc9b2c19a200346027c598,gx-no-cache=1488981179830 HTTP/1.1" 200 10847
186.103.132.155 - - [08/Mar/2017:11:51:53 -0300] "POST /cormun/servlet/trsolicitudot?7bced8b595bc9b2c19a200346027c598,gx-no-cache=1488981181035 HTTP/1.1" 200 10787
192.168.10.60 - - [08/Mar/2017:11:51:54 -0300] "POST /cormun/servlet/trautorizarot?1c067c4a05a17cce14934acd01fc9eb4,,gx-no-cache=1488983982390 HTTP/1.1" 200 9728
186.103.132.155 - - [08/Mar/2017:11:51:55 -0300] "POST /cormun/servlet/trsolicitudot?7bced8b595bc9b2c19a200346027c598,gx-no-cache=1488981183420 HTTP/1.1" 200 10524
186.103.132.155 - - [08/Mar/2017:11:51:56 -0300] "POST /cormun/servlet/trsolicitudot?7bced8b595bc9b2c19a200346027c598,gx-no-cache=1488981184714 HTTP/1.1" 200 10459
186.103.132.155 - - [08/Mar/2017:11:51:59 -0300] "POST /cormun/servlet/trsolicitudot?7bced8b595bc9b2c19a200346027c598,gx-no-cache=1488981187158 HTTP/1.1" 200 10206
186.103.132.155 - - [08/Mar/2017:11:52:00 -0300] "POST /cormun/servlet/trsolicitudot?7bced8b595bc9b2c19a200346027c598,gx-no-cache=1488981188388 HTTP/1.1" 200 10145
186.103.132.155 - - [08/Mar/2017:11:52:02 -0300] "POST /cormun/servlet/trsolicitudot?7bced8b595bc9b2c19a200346027c598,gx-no-cache=1488981190468 HTTP/1.1" 200 9846
186.103.132.155 - - [08/Mar/2017:11:52:03 -0300] "POST /cormun/servlet/trsolicitudot?7bced8b595bc9b2c19a200346027c598,gx-no-cache=1488981191842 HTTP/1.1" 200 9785
186.103.159.182 - - [08/Mar/2017:11:52:04 -0300] "GET /cormun/servlet/solicitudot?INS,0,0, HTTP/1.1" 200 12839
186.103.159.182 - - [08/Mar/2017:11:52:05 -0300] "GET /cormun/servlet/solicitudot?INS,0,0, HTTP/1.1" 200 12821
186.103.132.155 - - [08/Mar/2017:11:52:06 -0300] "POST /cormun/servlet/trsolicitudot?7bced8b595bc9b2c19a200346027c598,gx-no-cache=1488981193828 HTTP/1.1" 200 9424
186.103.132.155 - - [08/Mar/2017:11:52:09 -0300] "POST /cormun/servlet/trsolicitudot?7bced8b595bc9b2c19a200346027c598,gx-no-cache=1488981195642 HTTP/1.1" 200 9366
192.168.10.60 - - [08/Mar/2017:11:52:10 -0300] "GET /cormun/servlet/veautorizarot?2017,5299,, HTTP/1.1" 200 8101
192.168.10.60 - - [08/Mar/2017:11:52:10 -0300] "GET /cormun/pexe_scrolldiv.js HTTP/1.1" 404 1009
192.168.10.60 - - [08/Mar/2017:11:52:10 -0300] "GET /cormun/static/tbautorizarot01.js?2017111122891 HTTP/1.1" 304 -
192.168.10.60 - - [08/Mar/2017:11:52:10 -0300] "GET /cormun/pexe_scrolldiv.js HTTP/1.1" 404 1009
192.168.10.60 - - [08/Mar/2017:11:52:11 -0300] "GET /cormun/servlet/veautorizarot?2017,5299,, HTTP/1.1" 200 8100
186.103.132.155 - - [08/Mar/2017:11:52:12 -0300] "POST /cormun/servlet/trsolicitudot?7bced8b595bc9b2c19a200346027c598,gx-no-cache=1488981199415 HTTP/1.1" 200 9123
186.103.132.155 - - [08/Mar/2017:11:52:13 -0300] "POST /cormun/servlet/trsolicitudot?7bced8b595bc9b2c19a200346027c598,gx-no-cache=1488981202067 HTTP/1.1" 200 9060
186.103.132.155 - - [08/Mar/2017:11:52:15 -0300] "POST /cormun/servlet/trsolicitudot?7bced8b595bc9b2c19a200346027c598,gx-no-cache=1488981203856 HTTP/1.1" 200 8788
192.168.10.60 - - [08/Mar/2017:11:52:15 -0300] "GET /cormun/servlet/trautorizarot? HTTP/1.1" 200 12689
186.103.159.182 - - [08/Mar/2017:11:52:16 -0300] "POST /cormun/servlet/solicitudot?gx-no-cache=1488984806418 HTTP/1.1" 200 3081
192.168.10.60 - - [08/Mar/2017:11:52:16 -0300] "GET /cormun/servlet/trautorizarot? HTTP/1.1" 200 12688
186.103.159.182 - - [08/Mar/2017:11:52:16 -0300] "POST /cormun/servlet/solicitudot?f4139f5be8a4522b64dd76bb35e959d5,INS,0,0,,gx-no-cache=1488984806642 HTTP/1.1" 200 9880
