186.103.159.182 - - [08/Mar/2017:11:52:16 -0300] "GET /cormun/servlet/solicitudot?d513c10847bf977b0e6f91091845b4ed569deeaf29f1b497cb8efc94f2989f44f9c07b6615f6e464fc2cf6be60536f06,gx-no-cache=1488984807047 HTTP/1.1" 200 30
186.103.132.155 - - [08/Mar/2017:11:52:16 -0300] "POST /cormun/servlet/trsolicitudot?7bced8b595bc9b2c19a200346027c598,gx-no-cache=1488981205097 HTTP/1.1" 200 8729
186.103.132.155 - - [08/Mar/2017:11:52:19 -0300] "POST /cormun/servlet/trsolicitudot?7bced8b595bc9b2c19a200346027c598,gx-no-cache=1488981207384 HTTP/1.1" 200 8385
186.103.132.155 - - [08/Mar/2017:11:52:21 -0300] "POST /cormun/servlet/trsolicitudot?7bced8b595bc9b2c19a200346027c598,gx-no-cache=1488981209234 HTTP/1.1" 200 8326
186.103.132.155 - - [08/Mar/2017:11:52:24 -0300] "POST /cormun/servlet/trsolicitudot?7bced8b595bc9b2c19a200346027c598,gx-no-cache=1488981210944 HTTP/1.1" 200 8044
186.103.159.46 - - [08/Mar/2017:11:52:24 -0300] "POST /cormun/servlet/trautorizarsolicitud?f4f0ade0c1a05099009e53be5bf6b844,gx-no-cache=1488984812919 HTTP/1.1" 200 4059
186.103.159.46 - - [08/Mar/2017:11:52:24 -0300] "GET /cormun/static/Shared/jqueryui/images/ui-bg_highlight-soft_100_c6c2c8_1x100.png HTTP/1.1" 404 1117
186.103.159.46 - - [08/Mar/2017:11:52:24 -0300] "GET /cormun/static/Shared/jqueryui/images/ui-bg_flat_55_fafafa_40x100.png HTTP/1.1" 404 1097
186.103.159.46 - - [08/Mar/2017:11:52:24 -0300] "GET /cormun/static/Shared/jqueryui/images/ui-icons_82798d_256x240.png HTTP/1.1" 404 1089
186.103.159.46 - - [08/Mar/2017:11:52:24 -0300] "GET /cormun/static/Shared/jqueryui/images/ui-icons_8d78a5_256x240.png HTTP/1.1" 404 1089
186.103.159.46 - - [08/Mar/2017:11:52:24 -0300] "POST /cormun/servlet/trautorizarsolicitud?f4f0ade0c1a05099009e53be5bf6b844,gx-no-cache=1488984813250 HTTP/1.1" 200 3828
186.103.132.155 - - [08/Mar/2017:11:52:26 -0300] "POST /cormun/servlet/trsolicitudot?7bced8b595bc9b2c19a200346027c598,gx-no-cache=1488981213786 HTTP/1.1" 200 7985
186.103.132.155 - - [08/Mar/2017:11:52:28 -0300] "POST /cormun/servlet/trsolicitudot?7bced8b595bc9b2c19a200346027c598,gx-no-cache=1488981215955 HTTP/1.1" 200 7753
186.103.132.155 - - [08/Mar/2017:11:52:29 -0300] "POST /cormun/servlet/trsolicitudot?7bced8b595bc9b2c19a200346027c598,gx-no-cache=1488981217348 HTTP/1.1" 200 7691
186.103.132.155 - - [08/Mar/2017:11:52:31 -0300] "POST /cormun/servlet/trsolicitudot?7bced8b595bc9b2c19a200346027c598,gx-no-cache=1488981219594 HTTP/1.1" 200 7398
186.103.132.155 - - [08/Mar/2017:11:52:32 -0300] "POST /cormun/servlet/trsolicitudot?7bced8b595bc9b2c19a200346027c598,gx-no-cache=1488981220894 HTTP/1.1" 200 7340
186.103.132.155 - - [08/Mar/2017:11:52:34 -0300] "POST /cormun/servlet/trsolicitudot?7bced8b595bc9b2c19a200346027c598,gx-no-cache=1488981223153 HTTP/1.1" 200 7040
186.103.132.155 - - [08/Mar/2017:11:52:35 -0300] "POST /cormun/servlet/trsolicitudot?7bced8b595bc9b2c19a200346027c598,gx-no-cache=1488981223967 HTTP/1.1" 200 6984
186.103.132.155 - - [08/Mar/2017:11:52:37 -0300] "POST /cormun/servlet/trsolicitudot?7bced8b595bc9b2c19a200346027c598,gx-no-cache=1488981225804 HTTP/1.1" 200 6711
186.103.132.155 - - [08/Mar/2017:11:52:38 -0300] "POST /cormun/servlet/trsolicitudot?7bced8b595bc9b2c19a200346027c598,gx-no-cache=1488981226591 HTTP/1.1" 200 6653
186.103.132.155 - - [08/Mar/2017:11:52:40 -0300] "POST /cormun/servlet/trsolicitudot?7bced8b595bc9b2c19a200346027c598,gx-no-cache=1488981228615 HTTP/1.1" 200 6390
186.103.132.155 - - [08/Mar/2017:11:52:41 -0300] "POST /cormun/servlet/trsolicitudot?7bced8b595bc9b2c19a200346027c598,gx-no-cache=1488981229401 HTTP/1.1" 200 6331
186.103.132.155 - - [08/Mar/2017:11:52:42 -0300] "POST /cormun/servlet/trsolicitudot?7bced8b595bc9b2c19a200346027c598,gx-no-cache=1488981231345 HTTP/1.1" 200 6054
186.103.132.155 - - [08/Mar/2017:11:52:43 -0300] "POST /cormun/servlet/trsolicitudot?7bced8b595bc9b2c19a200346027c598,gx-no-cache=1488981231936 HTTP/1.1" 200 5996
186.103.132.155 - - [08/Mar/2017:11:52:45 -0300] "POST /cormun/servlet/trsolicitudot?7bced8b595bc9b2c19a200346027c598,gx-no-cache=1488981233602 HTTP/1.1" 200 5698
186.103.132.155 - - [08/Mar/2017:11:52:45 -0300] "POST /cormun/servlet/trsolicitudot?7bced8b595bc9b2c19a200346027c598,gx-no-cache=1488981234234 HTTP/1.1" 200 5638
186.103.132.155 - - [08/Mar/2017:11:52:47 -0300] "POST /cormun/servlet/trsolicitudot?7bced8b595bc9b2c19a200346027c598,gx-no-cache=1488981235754 HTTP/1.1" 200 5286
186.103.132.155 - - [08/Mar/2017:11:52:47 -0300] "POST /cormun/servlet/trsolicitudot?7bced8b595bc9b2c19a200346027c598,gx-no-cache=1488981236151 HTTP/1.1" 200 5227
186.103.132.155 - - [08/Mar/2017:11:52:49 -0300] "POST /cormun/servlet/trsolicitudot?7bced8b595bc9b2c19a200346027c598,gx-no-cache=1488981237760 HTTP/1.1" 200 4163
186.103.132.155 - - [08/Mar/2017:11:52:49 -0300] "POST /cormun/servlet/trsolicitudot?7bced8b595bc9b2c19a200346027c598,gx-no-cache=1488981238043 HTTP/1.1" 200 3930
186.103.132.155 - - [08/Mar/2017:11:52:53 -0300] "GET /cormun/servlet/solicitudot?INS,0,0, HTTP/1.1" 200 12587
186.103.132.155 - - [08/Mar/2017:11:52:53 -0300] "GET /cormun/servlet/solicitudot?INS,0,0, HTTP/1.1" 200 12592
186.103.132.155 - - [08/Mar/2017:11:53:21 -0300] "POST /cormun/servlet/solicitudot?gx-no-cache=1488981269671 HTTP/1.1" 200 3081
186.103.132.155 - - [08/Mar/2017:11:53:22 -0300] "POST /cormun/servlet/solicitudot?7bced8b595bc9b2c19a200346027c598,INS,0,0,,gx-no-cache=1488981270519 HTTP/1.1" 200 9675
186.103.132.155 - - [08/Mar/2017:11:53:25 -0300] "GET /cormun/servlet/solicitudot?6c6cc43e7687d7d004cbbbaf00f75f478df1be9fc426652ecf39ad2e8ac5dc6f5cdba3d886eee2895804e67e518ab76d,gx-no-cache=1488981274459 HTTP/1.1" 200 30
186.103.159.182 - - [08/Mar/2017:11:53:37 -0300] "POST /cormun/servlet/solicitudot?gx-no-cache=1488984887147 HTTP/1.1" 200 255
186.103.159.182 - - [08/Mar/2017:11:53:39 -0300] "GET /cormun/servlet/solicitudot?d513c10847bf977b0e6f91091845b4edb0d4152fc039fdf9dc0bf9607ffb2e36584c8fde25bb544703f42d1d689113902710798518db672f4157133e4354a82b50ea820bad9ac1aa89448c100acf3599fa321fbc8dbf0f00dffb3b2664f8d8bdfe65684b07c6ceb2bae8ed7a68eab9722f7cac9bb0f6e5eaf149a6a51b606b4ab280808640280201f7297c92507841d451d0c1083e11ba138613e44ac479e865b5fe9906f1c3fad9a33529228a6778d198da0fb0448ef2df1df6dffec52146cf3a1b37718df30caf9402bd11b6ed21871b736c8a1e99f396c448663f647a404cc0167fc949e42981ebeb6b052d6f7aa2b0f662f2f87b31104ba57824e12236710b8225dc18a5b14345b355d00a0efabb52ace0d7200ddeed1668bfbd2ce4df7fbaf92e29a294e274fb2be659320a9e197850400528c34edb672e6633a3c9d76cc7f47a9de208aece148cc16e29a26ef46b159675450be1cef9797fecb15831f5417f9f5588127206c9bcc6b308deb5f00ed8112cdc8f34d25d97cfdeb9c6230a,gx-no-cache=1488984888788 HTTP/1.1" 200 30
186.103.159.182 - - [08/Mar/2017:11:53:41 -0300] "POST /cormun/servlet/solicitudot?gx-no-cache=1488984891283 HTTP/1.1" 200 30
186.103.159.182 - - [08/Mar/2017:11:53:44 -0300] "POST /cormun/servlet/solicitudot?gx-no-cache=1488984894802 HTTP/1.1" 200 235
186.103.159.182 - - [08/Mar/2017:11:53:44 -0300] "POST /cormun/servlet/solicitudot?gx-no-cache=1488984894869 HTTP/1.1" 200 38
186.103.159.182 - - [08/Mar/2017:11:54:01 -0300] "GET /cormun/servlet/solicitudot?d513c10847bf977b0e6f91091845b4ed758092d1b13bf7fed3223e14a486a91258213e4f270c70da92278a067e603b2ff0cae9ac7b24b36b96d5fc47b10169e01574e83d2e36f4ec0bbc85d6f7dc690feec55d379f286daa0fa8307000761fdc968d69e8cc68aba7f23f6ae0f2c4e0d4,gx-no-cache=1488984911212 HTTP/1.1" 200 29
186.103.159.182 - - [08/Mar/2017:11:54:01 -0300] "POST /cormun/servlet/solicitudot?gx-no-cache=1488984911263 HTTP/1.1" 200 641
186.103.159.182 - - [08/Mar/2017:11:54:02 -0300] "POST /cormun/servlet/solicitudot?gx-no-cache=1488984912661 HTTP/1.1" 200 1157
186.103.159.182 - - [08/Mar/2017:11:54:15 -0300] "GET /cormun/static/menuarrow.gif HTTP/1.1" 404 1015
186.103.159.182 - - [08/Mar/2017:11:54:25 -0300] "GET /cormun/servlet/solicitudot?d513c10847bf977b0e6f91091845b4ed82162436a33bb3e0ab8df84c60c286f3b12547bc70087da89cbf01fbb31b6d0f288ee979c74fcc69eb2d430e48de329da5032237a5e793f19bff64a2ed93040a10b1df5525573803afe63407118ad278e4723da5e8bcbbc679c537145b768d776b31df396f6de6a37e8a318d7d8848a104e83918150636e84a66424ec79cb3ea51dc3a0de5670771f36df3a09310eeae221eb4f03a407047fb36d3fc6eca4408,gx-no-cache=1488984935560 HTTP/1.1" 200 30
192.168.10.60 - - [08/Mar/2017:11:54:39 -0300] "POST /cormun/servlet/trautorizarot?1c067c4a05a17cce14934acd01fc9eb4,,gx-no-cache=1488984147084 HTTP/1.1" 200 6658
186.103.159.182 - - [08/Mar/2017:11:54:41 -0300] "POST /cormun/servlet/solicitudot?f4139f5be8a4522b64dd76bb35e959d5,INS,0,0,,gx-no-cache=1488984951694 HTTP/1.1" 200 93
186.103.159.182 - - [08/Mar/2017:11:54:41 -0300] "GET /cormun/servlet/hpexe_return? HTTP/1.1" 200 1021
186.103.159.182 - - [08/Mar/2017:11:54:42 -0300] "GET /cormun/servlet/trsolicitudot?gx-no-cache=1488977509025 HTTP/1.1" 200 8810
186.103.159.182 - - [08/Mar/2017:11:54:43 -0300] "GET /cormun/servlet/trsolicitudot?gx-no-cache=1488977509025 HTTP/1.1" 200 8827
186.103.159.46 - - [08/Mar/2017:11:54:52 -0300] "GET /cormun/servlet/trvisualizadoreventos? HTTP/1.1" 200 6723
186.103.159.46 - - [08/Mar/2017:11:54:53 -0300] "GET /cormun/servlet/trvisualizadoreventos? HTTP/1.1" 200 6723
186.103.159.46 - - [08/Mar/2017:11:55:02 -0300] "GET /cormun/servlet/trcontratoobservaciondir? HTTP/1.1" 200 7013
186.103.159.46 - - [08/Mar/2017:11:55:03 -0300] "GET /cormun/servlet/trcontratoobservaciondir? HTTP/1.1" 200 7012
186.103.159.182 - - [08/Mar/2017:11:55:11 -0300] "POST /cormun/servlet/trsolicitudot?f4139f5be8a4522b64dd76bb35e959d5,gx-no-cache=1488977509025,gx-no-cache=1488984981353 HTTP/1.1" 200 107
186.103.159.182 - - [08/Mar/2017:11:55:11 -0300] "GET /cormun/servlet/trsolicitudadjuntos?2017,5341, HTTP/1.1" 200 6138
186.103.159.182 - - [08/Mar/2017:11:55:13 -0300] "GET /cormun/servlet/trsolicitudadjuntos?2017,5341, HTTP/1.1" 200 6116
186.103.159.182 - - [08/Mar/2017:11:55:18 -0300] "GET /cormun/servlet/solicitudotadjuntos?INS,2017,5341,,1, HTTP/1.1" 200 6048
186.103.159.182 - - [08/Mar/2017:11:55:18 -0300] "GET /cormun/static/about:blank HTTP/1.1" 404 1011
186.103.159.182 - - [08/Mar/2017:11:55:19 -0300] "GET /cormun/servlet/solicitudotadjuntos?INS,2017,5341,,1, HTTP/1.1" 200 6041
186.103.159.182 - - [08/Mar/2017:11:55:20 -0300] "GET /cormun/servlet/solicitudotadjuntos?d513c10847bf977b0e6f91091845b4ed406b5dbfc1bc8a2d1a3082819412ab4c753318b5c7c57c8f2ca38720940753c1,gx-no-cache=1488984990538 HTTP/1.1" 200 30
186.103.159.182 - - [08/Mar/2017:11:55:20 -0300] "POST /cormun/servlet/solicitudotadjuntos?f4139f5be8a4522b64dd76bb35e959d5,INS,2017,5341,,1,,gx-no-cache=1488984990895 HTTP/1.1" 200 3850
186.103.159.182 - - [08/Mar/2017:11:55:23 -0300] "POST /cormun/servlet/solicitudotadjuntos?gx-no-cache=1488984994000 HTTP/1.1" 200 26
186.103.159.182 - - [08/Mar/2017:11:55:32 -0300] "GET /cormun/servlet/solicitudotadjuntos?d513c10847bf977b0e6f91091845b4ed45dc65f7dd8d34721b440db6dbb3e29f,gx-no-cache=1488985002736 HTTP/1.1" 200 30
186.103.159.182 - - [08/Mar/2017:11:55:32 -0300] "GET /cormun/servlet/solicitudotadjuntos?d513c10847bf977b0e6f91091845b4ed45dc65f7dd8d34721b440db6dbb3e29f,gx-no-cache=1488985002760 HTTP/1.1" 200 30
186.103.159.182 - - [08/Mar/2017:11:55:34 -0300] "POST /cormun/servlet/solicitudotadjuntos?f4139f5be8a4522b64dd76bb35e959d5,INS,2017,5341,,1, HTTP/1.1" 200 116
186.103.159.182 - - [08/Mar/2017:11:55:34 -0300] "GET /cormun/servlet/hpexe_return? HTTP/1.1" 200 1021
186.103.159.182 - - [08/Mar/2017:11:55:34 -0300] "GET /cormun/servlet/trsolicitudadjuntos?2017,5341, HTTP/1.1" 200 8251
186.103.159.182 - - [08/Mar/2017:11:55:35 -0300] "GET /cormun/servlet/trsolicitudadjuntos?2017,5341, HTTP/1.1" 200 8246
186.103.159.182 - - [08/Mar/2017:11:55:38 -0300] "GET /cormun/servlet/solicitudotadjuntos?INS,2017,5341,,1, HTTP/1.1" 200 6048
186.103.159.182 - - [08/Mar/2017:11:55:38 -0300] "GET /cormun/static/about:blank HTTP/1.1" 404 1011
186.103.159.182 - - [08/Mar/2017:11:55:39 -0300] "GET /cormun/servlet/solicitudotadjuntos?INS,2017,5341,,1, HTTP/1.1" 200 6041
186.103.159.182 - - [08/Mar/2017:11:55:39 -0300] "GET /cormun/servlet/solicitudotadjuntos?d513c10847bf977b0e6f91091845b4ed406b5dbfc1bc8a2d1a3082819412ab4c753318b5c7c57c8f2ca38720940753c1,gx-no-cache=1488985009951 HTTP/1.1" 200 30
186.103.159.182 - - [08/Mar/2017:11:55:39 -0300] "POST /cormun/servlet/solicitudotadjuntos?f4139f5be8a4522b64dd76bb35e959d5,INS,2017,5341,,1,,gx-no-cache=1488985009990 HTTP/1.1" 200 3850
186.103.159.182 - - [08/Mar/2017:11:55:42 -0300] "POST /cormun/servlet/solicitudotadjuntos?gx-no-cache=1488985012260 HTTP/1.1" 200 26
186.103.159.182 - - [08/Mar/2017:11:55:52 -0300] "GET /cormun/servlet/solicitudotadjuntos?d513c10847bf977b0e6f91091845b4ed45dc65f7dd8d34721b440db6dbb3e29f,gx-no-cache=1488985022400 HTTP/1.1" 200 30
186.103.159.182 - - [08/Mar/2017:11:55:52 -0300] "GET /cormun/servlet/solicitudotadjuntos?d513c10847bf977b0e6f91091845b4ed45dc65f7dd8d34721b440db6dbb3e29f,gx-no-cache=1488985022430 HTTP/1.1" 200 30
186.103.159.182 - - [08/Mar/2017:11:55:53 -0300] "POST /cormun/servlet/solicitudotadjuntos?f4139f5be8a4522b64dd76bb35e959d5,INS,2017,5341,,1, HTTP/1.1" 200 116
186.103.159.182 - - [08/Mar/2017:11:55:53 -0300] "GET /cormun/servlet/hpexe_return? HTTP/1.1" 200 1021
186.103.159.182 - - [08/Mar/2017:11:55:53 -0300] "GET /cormun/servlet/trsolicitudadjuntos?2017,5341, HTTP/1.1" 200 8427
186.103.132.155 - - [08/Mar/2017:11:55:54 -0300] "POST /cormun/servlet/solicitudot?gx-no-cache=1488981422795 HTTP/1.1" 200 255
186.103.159.182 - - [08/Mar/2017:11:55:55 -0300] "GET /cormun/servlet/trsolicitudadjuntos?2017,5341, HTTP/1.1" 200 8425
186.103.159.182 - - [08/Mar/2017:11:55:57 -0300] "GET /cormun/servlet/solicitudotadjuntos?INS,2017,5341,,1, HTTP/1.1" 200 6048
186.103.132.155 - - [08/Mar/2017:11:55:57 -0300] "GET /cormun/servlet/solicitudot?6c6cc43e7687d7d004cbbbaf00f75f47930a55f8fadc5b27448c05ca63f73f6709470208101588c2b64a52e0e36b43670b1365bf840ef81e7f853612fea87014a7841cb26363eee96077851b586c3df04870dc8f08278e31636fee780581a93f7ee97e9a52149874916f4933c51d23e2b37cf281c342710d535bd48f481243ee779ee14e180eaca2727743731c228c534dc05ac2c274c4d3dff344be141e24cf1d59f6fff754cb03e9b3f59a4b71b12e2254055653f2bc33040e36a96d945a95b82b27cf14549913ffda8a7f011a31e41a0c6b63111fbd07762df4bfbcd9943f43617fe93e572f61ef8a4368cc25b2427a7327605847351557451902f0d9416a46c771707447c3473d2ca488187465b62acb235dacf1707e9f75f1576f825a3c99b0f706b73b94a2005ffcffdec1a0ed6d5b4a645c78437db1849cae7e497b8a555642f38f287d11d8dcd267de57d4480ef8df6205177298e9f9c8919e041e5c631ff132c196909450cd856db58416f6dab91be30fb4b4e59f3c2d36783f07dc,gx-no-cache=1488981425660 HTTP/1.1" 200 30
186.103.159.182 - - [08/Mar/2017:11:55:57 -0300] "GET /cormun/static/about:blank HTTP/1.1" 404 1011
186.103.159.182 - - [08/Mar/2017:11:55:58 -0300] "GET /cormun/servlet/solicitudotadjuntos?INS,2017,5341,,1, HTTP/1.1" 200 6041
186.103.159.182 - - [08/Mar/2017:11:55:58 -0300] "GET /cormun/servlet/solicitudotadjuntos?d513c10847bf977b0e6f91091845b4ed406b5dbfc1bc8a2d1a3082819412ab4c753318b5c7c57c8f2ca38720940753c1,gx-no-cache=1488985028979 HTTP/1.1" 200 30
186.103.159.182 - - [08/Mar/2017:11:55:59 -0300] "POST /cormun/servlet/solicitudotadjuntos?f4139f5be8a4522b64dd76bb35e959d5,INS,2017,5341,,1,,gx-no-cache=1488985029078 HTTP/1.1" 200 3850
186.103.159.182 - - [08/Mar/2017:11:56:01 -0300] "POST /cormun/servlet/solicitudotadjuntos?gx-no-cache=1488985031597 HTTP/1.1" 200 26
186.103.132.155 - - [08/Mar/2017:11:56:06 -0300] "POST /cormun/servlet/solicitudot?gx-no-cache=1488981435528 HTTP/1.1" 200 30
186.103.159.182 - - [08/Mar/2017:11:56:20 -0300] "GET /cormun/servlet/solicitudotadjuntos?d513c10847bf977b0e6f91091845b4ed45dc65f7dd8d34721b440db6dbb3e29f,gx-no-cache=1488985050927 HTTP/1.1" 200 30
186.103.159.182 - - [08/Mar/2017:11:56:20 -0300] "GET /cormun/servlet/solicitudotadjuntos?d513c10847bf977b0e6f91091845b4ed45dc65f7dd8d34721b440db6dbb3e29f,gx-no-cache=1488985050955 HTTP/1.1" 200 30
186.103.159.182 - - [08/Mar/2017:11:56:22 -0300] "POST /cormun/servlet/solicitudotadjuntos?f4139f5be8a4522b64dd76bb35e959d5,INS,2017,5341,,1, HTTP/1.1" 200 116
186.103.159.182 - - [08/Mar/2017:11:56:23 -0300] "GET /cormun/servlet/hpexe_return? HTTP/1.1" 200 1021
186.103.159.182 - - [08/Mar/2017:11:56:23 -0300] "GET /cormun/servlet/trsolicitudadjuntos?2017,5341, HTTP/1.1" 200 8574
186.103.159.46 - - [08/Mar/2017:11:56:23 -0300] "GET /cormun/servlet/trvisualizadoreventos? HTTP/1.1" 200 6723
186.103.159.46 - - [08/Mar/2017:11:56:24 -0300] "GET /cormun/servlet/trvisualizadoreventos? HTTP/1.1" 200 6723
186.103.159.182 - - [08/Mar/2017:11:56:24 -0300] "GET /cormun/servlet/trsolicitudadjuntos?2017,5341, HTTP/1.1" 200 8574
186.103.159.182 - - [08/Mar/2017:11:56:26 -0300] "GET /cormun/servlet/solicitudotadjuntos?INS,2017,5341,,1, HTTP/1.1" 200 6047
186.103.159.182 - - [08/Mar/2017:11:56:27 -0300] "GET /cormun/static/about:blank HTTP/1.1" 404 1011
186.103.159.182 - - [08/Mar/2017:11:56:28 -0300] "GET /cormun/servlet/solicitudotadjuntos?INS,2017,5341,,1, HTTP/1.1" 200 6041
186.103.159.182 - - [08/Mar/2017:11:56:28 -0300] "GET /cormun/servlet/solicitudotadjuntos?d513c10847bf977b0e6f91091845b4ed406b5dbfc1bc8a2d1a3082819412ab4c753318b5c7c57c8f2ca38720940753c1,gx-no-cache=1488985058793 HTTP/1.1" 200 30
186.103.159.182 - - [08/Mar/2017:11:56:28 -0300] "POST /cormun/servlet/solicitudotadjuntos?f4139f5be8a4522b64dd76bb35e959d5,INS,2017,5341,,1,,gx-no-cache=1488985058880 HTTP/1.1" 200 3848
186.103.159.182 - - [08/Mar/2017:11:56:31 -0300] "POST /cormun/servlet/solicitudotadjuntos?gx-no-cache=1488985062044 HTTP/1.1" 200 26
186.103.159.46 - - [08/Mar/2017:11:56:32 -0300] "POST /cormun/servlet/trvisualizadoreventos?f4f0ade0c1a05099009e53be5bf6b844,,gx-no-cache=1488985060853 HTTP/1.1" 200 3953
186.103.159.46 - - [08/Mar/2017:11:56:38 -0300] "GET /cormun/servlet/trautorizarsolicitud? HTTP/1.1" 200 6733
186.103.159.182 - - [08/Mar/2017:11:56:38 -0300] "GET /cormun/servlet/solicitudotadjuntos?d513c10847bf977b0e6f91091845b4ed45dc65f7dd8d34721b440db6dbb3e29f,gx-no-cache=1488985068918 HTTP/1.1" 200 30
186.103.159.182 - - [08/Mar/2017:11:56:38 -0300] "GET /cormun/servlet/solicitudotadjuntos?d513c10847bf977b0e6f91091845b4ed45dc65f7dd8d34721b440db6dbb3e29f,gx-no-cache=1488985068943 HTTP/1.1" 200 30
186.103.159.46 - - [08/Mar/2017:11:56:39 -0300] "GET /cormun/servlet/trautorizarsolicitud? HTTP/1.1" 200 6733
186.103.159.182 - - [08/Mar/2017:11:56:41 -0300] "POST /cormun/servlet/solicitudotadjuntos?f4139f5be8a4522b64dd76bb35e959d5,INS,2017,5341,,1, HTTP/1.1" 200 116
186.103.159.182 - - [08/Mar/2017:11:56:41 -0300] "GET /cormun/servlet/hpexe_return? HTTP/1.1" 200 1021
186.103.159.182 - - [08/Mar/2017:11:56:41 -0300] "GET /cormun/servlet/trsolicitudadjuntos?2017,5341, HTTP/1.1" 200 8711
186.103.159.182 - - [08/Mar/2017:11:56:43 -0300] "GET /cormun/servlet/trsolicitudadjuntos?2017,5341, HTTP/1.1" 200 8712
186.103.159.182 - - [08/Mar/2017:11:56:45 -0300] "GET /cormun/servlet/solicitudotadjuntos?INS,2017,5341,,1, HTTP/1.1" 200 6047
186.103.159.182 - - [08/Mar/2017:11:56:45 -0300] "GET /cormun/static/about:blank HTTP/1.1" 404 1011
186.103.132.155 - - [08/Mar/2017:11:56:45 -0300] "POST /cormun/servlet/solicitudot?gx-no-cache=1488981474310 HTTP/1.1" 200 235
186.103.132.155 - - [08/Mar/2017:11:56:46 -0300] "POST /cormun/servlet/solicitudot?gx-no-cache=1488981474607 HTTP/1.1" 200 38
186.103.159.182 - - [08/Mar/2017:11:56:46 -0300] "GET /cormun/servlet/solicitudotadjuntos?INS,2017,5341,,1, HTTP/1.1" 200 6041
186.103.159.182 - - [08/Mar/2017:11:56:46 -0300] "GET /cormun/servlet/solicitudotadjuntos?d513c10847bf977b0e6f91091845b4ed406b5dbfc1bc8a2d1a3082819412ab4c753318b5c7c57c8f2ca38720940753c1,gx-no-cache=1488985077005 HTTP/1.1" 200 30
186.103.159.182 - - [08/Mar/2017:11:56:46 -0300] "POST /cormun/servlet/solicitudotadjuntos?f4139f5be8a4522b64dd76bb35e959d5,INS,2017,5341,,1,,gx-no-cache=1488985077049 HTTP/1.1" 200 3848
186.103.159.182 - - [08/Mar/2017:11:56:49 -0300] "POST /cormun/servlet/solicitudotadjuntos?gx-no-cache=1488985079717 HTTP/1.1" 200 26
186.103.159.46 - - [08/Mar/2017:11:56:51 -0300] "POST /cormun/servlet/trautorizarsolicitud?f4f0ade0c1a05099009e53be5bf6b844,,gx-no-cache=1488985080086 HTTP/1.1" 200 3858
186.103.159.46 - - [08/Mar/2017:11:56:53 -0300] "POST /cormun/servlet/trautorizarsolicitud?f4f0ade0c1a05099009e53be5bf6b844,,gx-no-cache=1488985081525 HTTP/1.1" 200 3857
186.103.159.46 - - [08/Mar/2017:11:56:56 -0300] "GET /cormun/servlet/trvisualizadoreventos? HTTP/1.1" 200 6723
186.103.159.46 - - [08/Mar/2017:11:56:56 -0300] "GET /cormun/servlet/trvisualizadoreventos? HTTP/1.1" 200 6723
186.103.159.182 - - [08/Mar/2017:11:56:57 -0300] "GET /cormun/servlet/solicitudotadjuntos?d513c10847bf977b0e6f91091845b4ed45dc65f7dd8d34721b440db6dbb3e29f,gx-no-cache=1488985087368 HTTP/1.1" 200 30
186.103.159.182 - - [08/Mar/2017:11:56:57 -0300] "GET /cormun/servlet/solicitudotadjuntos?d513c10847bf977b0e6f91091845b4ed45dc65f7dd8d34721b440db6dbb3e29f,gx-no-cache=1488985087397 HTTP/1.1" 200 30
186.103.159.182 - - [08/Mar/2017:11:57:04 -0300] "POST /cormun/servlet/solicitudotadjuntos?f4139f5be8a4522b64dd76bb35e959d5,INS,2017,5341,,1, HTTP/1.1" 200 116
186.103.159.182 - - [08/Mar/2017:11:57:04 -0300] "GET /cormun/servlet/hpexe_return? HTTP/1.1" 200 1021
186.103.159.182 - - [08/Mar/2017:11:57:05 -0300] "GET /cormun/servlet/trsolicitudadjuntos?2017,5341, HTTP/1.1" 200 8902
186.103.159.182 - - [08/Mar/2017:11:57:06 -0300] "GET /cormun/servlet/trsolicitudadjuntos?2017,5341, HTTP/1.1" 200 8896
186.103.159.182 - - [08/Mar/2017:11:57:10 -0300] "GET /cormun/servlet/solicitudotadjuntos?INS,2017,5341,,1, HTTP/1.1" 200 6047
186.103.159.182 - - [08/Mar/2017:11:57:11 -0300] "GET /cormun/static/about:blank HTTP/1.1" 404 1011
186.103.159.182 - - [08/Mar/2017:11:57:12 -0300] "GET /cormun/servlet/solicitudotadjuntos?INS,2017,5341,,1, HTTP/1.1" 200 6041
186.103.159.182 - - [08/Mar/2017:11:57:12 -0300] "GET /cormun/servlet/solicitudotadjuntos?d513c10847bf977b0e6f91091845b4ed406b5dbfc1bc8a2d1a3082819412ab4c753318b5c7c57c8f2ca38720940753c1,gx-no-cache=1488985102774 HTTP/1.1" 200 30
186.103.159.182 - - [08/Mar/2017:11:57:12 -0300] "POST /cormun/servlet/solicitudotadjuntos?f4139f5be8a4522b64dd76bb35e959d5,INS,2017,5341,,1,,gx-no-cache=1488985102819 HTTP/1.1" 200 3848
186.103.159.182 - - [08/Mar/2017:11:57:15 -0300] "POST /cormun/servlet/solicitudotadjuntos?gx-no-cache=1488985105374 HTTP/1.1" 200 26
186.103.159.182 - - [08/Mar/2017:11:57:22 -0300] "GET /cormun/servlet/solicitudotadjuntos?d513c10847bf977b0e6f91091845b4ed45dc65f7dd8d34721b440db6dbb3e29f,gx-no-cache=1488985112177 HTTP/1.1" 200 30
186.103.159.182 - - [08/Mar/2017:11:57:22 -0300] "GET /cormun/servlet/solicitudotadjuntos?d513c10847bf977b0e6f91091845b4ed45dc65f7dd8d34721b440db6dbb3e29f,gx-no-cache=1488985112209 HTTP/1.1" 200 30
186.103.159.182 - - [08/Mar/2017:11:57:25 -0300] "POST /cormun/servlet/solicitudotadjuntos?f4139f5be8a4522b64dd76bb35e959d5,INS,2017,5341,,1, HTTP/1.1" 200 116
186.103.159.182 - - [08/Mar/2017:11:57:25 -0300] "GET /cormun/servlet/hpexe_return? HTTP/1.1" 200 1021
186.103.159.182 - - [08/Mar/2017:11:57:25 -0300] "GET /cormun/servlet/trsolicitudadjuntos?2017,5341, HTTP/1.1" 200 9085
186.103.159.182 - - [08/Mar/2017:11:57:27 -0300] "GET /cormun/servlet/trsolicitudadjuntos?2017,5341, HTTP/1.1" 200 9086
186.103.159.182 - - [08/Mar/2017:11:57:30 -0300] "POST /cormun/servlet/trsolicitudadjuntos?f4139f5be8a4522b64dd76bb35e959d5,2017,5341,,gx-no-cache=1488985120200 HTTP/1.1" 200 90
186.103.159.182 - - [08/Mar/2017:11:57:30 -0300] "GET /cormun/servlet/hpexe_link HTTP/1.1" 200 987
186.103.159.182 - - [08/Mar/2017:11:57:31 -0300] "GET /cormun/servlet/trsolicitudot?gx-no-cache=1488977509025 HTTP/1.1" 200 8808
186.103.159.46 - - [08/Mar/2017:11:57:31 -0300] "GET /cormun/servlet/trvisualizadoreventos? HTTP/1.1" 200 6723
186.103.159.46 - - [08/Mar/2017:11:57:31 -0300] "GET /cormun/servlet/trvisualizadoreventos? HTTP/1.1" 200 6723
186.103.159.182 - - [08/Mar/2017:11:57:32 -0300] "GET /cormun/servlet/trsolicitudot?gx-no-cache=1488977509025 HTTP/1.1" 200 8827
186.103.159.46 - - [08/Mar/2017:11:57:37 -0300] "GET /cormun/servlet/trautorizarsolicitud? HTTP/1.1" 200 6744
186.103.159.182 - - [08/Mar/2017:11:57:37 -0300] "POST /cormun/servlet/trsolicitudot?f4139f5be8a4522b64dd76bb35e959d5,gx-no-cache=1488977509025,gx-no-cache=1488985127349 HTTP/1.1" 200 107
186.103.159.182 - - [08/Mar/2017:11:57:37 -0300] "GET /cormun/servlet/trsolicitudadjuntos?2017,5343, HTTP/1.1" 200 6138
186.103.159.46 - - [08/Mar/2017:11:57:37 -0300] "GET /cormun/servlet/trautorizarsolicitud? HTTP/1.1" 200 6744
186.103.159.182 - - [08/Mar/2017:11:57:38 -0300] "GET /cormun/servlet/trsolicitudadjuntos?2017,5343, HTTP/1.1" 200 6116
186.103.159.182 - - [08/Mar/2017:11:57:41 -0300] "GET /cormun/servlet/solicitudotadjuntos?INS,2017,5343,,1, HTTP/1.1" 200 6048
186.103.159.182 - - [08/Mar/2017:11:57:41 -0300] "GET /cormun/static/about:blank HTTP/1.1" 404 1011
186.103.159.182 - - [08/Mar/2017:11:57:42 -0300] "GET /cormun/servlet/solicitudotadjuntos?INS,2017,5343,,1, HTTP/1.1" 200 6042
186.103.159.182 - - [08/Mar/2017:11:57:43 -0300] "GET /cormun/servlet/solicitudotadjuntos?d513c10847bf977b0e6f91091845b4edfc95ffc5473659d6718275a0f7e9c75c753318b5c7c57c8f2ca38720940753c1,gx-no-cache=1488985133320 HTTP/1.1" 200 30
186.103.159.182 - - [08/Mar/2017:11:57:43 -0300] "POST /cormun/servlet/solicitudotadjuntos?f4139f5be8a4522b64dd76bb35e959d5,INS,2017,5343,,1,,gx-no-cache=1488985133366 HTTP/1.1" 200 3848
186.103.159.182 - - [08/Mar/2017:11:57:46 -0300] "POST /cormun/servlet/solicitudotadjuntos?gx-no-cache=1488985136704 HTTP/1.1" 200 26
186.103.159.182 - - [08/Mar/2017:11:57:56 -0300] "GET /cormun/servlet/solicitudotadjuntos?d513c10847bf977b0e6f91091845b4ed45dc65f7dd8d34721b440db6dbb3e29f,gx-no-cache=1488985146168 HTTP/1.1" 200 30
186.103.159.182 - - [08/Mar/2017:11:57:56 -0300] "GET /cormun/servlet/solicitudotadjuntos?d513c10847bf977b0e6f91091845b4ed45dc65f7dd8d34721b440db6dbb3e29f,gx-no-cache=1488985146204 HTTP/1.1" 200 30
186.103.159.182 - - [08/Mar/2017:11:57:56 -0300] "POST /cormun/servlet/solicitudotadjuntos?f4139f5be8a4522b64dd76bb35e959d5,INS,2017,5343,,1, HTTP/1.1" 200 116
186.103.159.182 - - [08/Mar/2017:11:57:56 -0300] "GET /cormun/servlet/hpexe_return? HTTP/1.1" 200 1021
186.103.159.182 - - [08/Mar/2017:11:57:57 -0300] "GET /cormun/servlet/trsolicitudadjuntos?2017,5343, HTTP/1.1" 200 8252
186.103.159.182 - - [08/Mar/2017:11:57:58 -0300] "GET /cormun/servlet/trsolicitudadjuntos?2017,5343, HTTP/1.1" 200 8248
186.103.159.46 - - [08/Mar/2017:11:57:58 -0300] "GET /cormun/static/menuarrow.gif HTTP/1.1" 404 1015
186.103.159.182 - - [08/Mar/2017:11:58:00 -0300] "GET /cormun/servlet/solicitudotadjuntos?INS,2017,5343,,1, HTTP/1.1" 200 6048
186.103.159.182 - - [08/Mar/2017:11:58:00 -0300] "GET /cormun/static/about:blank HTTP/1.1" 404 1011
186.103.159.182 - - [08/Mar/2017:11:58:01 -0300] "GET /cormun/servlet/solicitudotadjuntos?INS,2017,5343,,1, HTTP/1.1" 200 6042
186.103.159.182 - - [08/Mar/2017:11:58:02 -0300] "GET /cormun/servlet/solicitudotadjuntos?d513c10847bf977b0e6f91091845b4edfc95ffc5473659d6718275a0f7e9c75c753318b5c7c57c8f2ca38720940753c1,gx-no-cache=1488985152429 HTTP/1.1" 200 30
186.103.159.182 - - [08/Mar/2017:11:58:02 -0300] "POST /cormun/servlet/solicitudotadjuntos?f4139f5be8a4522b64dd76bb35e959d5,INS,2017,5343,,1,,gx-no-cache=1488985152474 HTTP/1.1" 200 3848
186.103.159.182 - - [08/Mar/2017:11:58:04 -0300] "POST /cormun/servlet/solicitudotadjuntos?gx-no-cache=1488985154397 HTTP/1.1" 200 26
186.103.159.182 - - [08/Mar/2017:11:58:11 -0300] "GET /cormun/servlet/solicitudotadjuntos?d513c10847bf977b0e6f91091845b4ed45dc65f7dd8d34721b440db6dbb3e29f,gx-no-cache=1488985161416 HTTP/1.1" 200 30
186.103.159.182 - - [08/Mar/2017:11:58:11 -0300] "GET /cormun/servlet/solicitudotadjuntos?d513c10847bf977b0e6f91091845b4ed45dc65f7dd8d34721b440db6dbb3e29f,gx-no-cache=1488985161452 HTTP/1.1" 200 30
186.103.159.46 - - [08/Mar/2017:11:58:12 -0300] "POST /cormun/servlet/trautorizarsolicitud?f4f0ade0c1a05099009e53be5bf6b844,,gx-no-cache=1488985161149 HTTP/1.1" 200 3868
186.103.159.182 - - [08/Mar/2017:11:58:13 -0300] "POST /cormun/servlet/solicitudotadjuntos?f4139f5be8a4522b64dd76bb35e959d5,INS,2017,5343,,1, HTTP/1.1" 200 116
186.103.159.182 - - [08/Mar/2017:11:58:13 -0300] "GET /cormun/servlet/hpexe_return? HTTP/1.1" 200 1021
186.103.159.182 - - [08/Mar/2017:11:58:13 -0300] "GET /cormun/servlet/trsolicitudadjuntos?2017,5343, HTTP/1.1" 200 8427
186.103.159.182 - - [08/Mar/2017:11:58:14 -0300] "GET /cormun/servlet/trsolicitudadjuntos?2017,5343, HTTP/1.1" 200 8424
186.103.159.182 - - [08/Mar/2017:11:58:16 -0300] "GET /cormun/servlet/solicitudotadjuntos?INS,2017,5343,,1, HTTP/1.1" 200 6047
186.103.159.182 - - [08/Mar/2017:11:58:17 -0300] "GET /cormun/static/about:blank HTTP/1.1" 404 1011
186.103.159.182 - - [08/Mar/2017:11:58:18 -0300] "GET /cormun/servlet/solicitudotadjuntos?INS,2017,5343,,1, HTTP/1.1" 200 6041
186.103.159.182 - - [08/Mar/2017:11:58:18 -0300] "GET /cormun/servlet/solicitudotadjuntos?d513c10847bf977b0e6f91091845b4edfc95ffc5473659d6718275a0f7e9c75c753318b5c7c57c8f2ca38720940753c1,gx-no-cache=1488985168657 HTTP/1.1" 200 30
186.103.159.182 - - [08/Mar/2017:11:58:18 -0300] "POST /cormun/servlet/solicitudotadjuntos?f4139f5be8a4522b64dd76bb35e959d5,INS,2017,5343,,1,,gx-no-cache=1488985168714 HTTP/1.1" 200 3848
186.103.159.182 - - [08/Mar/2017:11:58:21 -0300] "POST /cormun/servlet/solicitudotadjuntos?gx-no-cache=1488985171421 HTTP/1.1" 200 26
186.103.159.46 - - [08/Mar/2017:11:58:23 -0300] "POST /cormun/servlet/trautorizarsolicitud?f4f0ade0c1a05099009e53be5bf6b844,,gx-no-cache=1488985172004 HTTP/1.1" 200 3876
186.103.159.182 - - [08/Mar/2017:11:58:28 -0300] "GET /cormun/servlet/solicitudotadjuntos?d513c10847bf977b0e6f91091845b4ed45dc65f7dd8d34721b440db6dbb3e29f,gx-no-cache=1488985178993 HTTP/1.1" 200 30
186.103.159.182 - - [08/Mar/2017:11:58:28 -0300] "GET /cormun/servlet/solicitudotadjuntos?d513c10847bf977b0e6f91091845b4ed45dc65f7dd8d34721b440db6dbb3e29f,gx-no-cache=1488985179016 HTTP/1.1" 200 30
186.103.159.182 - - [08/Mar/2017:11:58:29 -0300] "POST /cormun/servlet/solicitudotadjuntos?f4139f5be8a4522b64dd76bb35e959d5,INS,2017,5343,,1, HTTP/1.1" 200 116
186.103.159.182 - - [08/Mar/2017:11:58:29 -0300] "GET /cormun/servlet/hpexe_return? HTTP/1.1" 200 1021
186.103.159.182 - - [08/Mar/2017:11:58:30 -0300] "GET /cormun/servlet/trsolicitudadjuntos?2017,5343, HTTP/1.1" 200 8577
186.103.159.182 - - [08/Mar/2017:11:58:31 -0300] "GET /cormun/servlet/trsolicitudadjuntos?2017,5343, HTTP/1.1" 200 8574
186.103.159.182 - - [08/Mar/2017:11:58:34 -0300] "GET /cormun/servlet/solicitudotadjuntos?INS,2017,5343,,1, HTTP/1.1" 200 6047
186.103.159.182 - - [08/Mar/2017:11:58:34 -0300] "GET /cormun/static/about:blank HTTP/1.1" 404 1011
186.103.159.182 - - [08/Mar/2017:11:58:35 -0300] "GET /cormun/servlet/solicitudotadjuntos?INS,2017,5343,,1, HTTP/1.1" 200 6041
186.103.159.182 - - [08/Mar/2017:11:58:36 -0300] "GET /cormun/servlet/solicitudotadjuntos?d513c10847bf977b0e6f91091845b4edfc95ffc5473659d6718275a0f7e9c75c753318b5c7c57c8f2ca38720940753c1,gx-no-cache=1488985186499 HTTP/1.1" 200 30
186.103.159.182 - - [08/Mar/2017:11:58:36 -0300] "POST /cormun/servlet/solicitudotadjuntos?f4139f5be8a4522b64dd76bb35e959d5,INS,2017,5343,,1,,gx-no-cache=1488985186569 HTTP/1.1" 200 3848
186.103.159.182 - - [08/Mar/2017:11:58:40 -0300] "POST /cormun/servlet/solicitudotadjuntos?gx-no-cache=1488985190318 HTTP/1.1" 200 26
186.103.159.182 - - [08/Mar/2017:11:58:45 -0300] "GET /cormun/servlet/solicitudotadjuntos?d513c10847bf977b0e6f91091845b4ed45dc65f7dd8d34721b440db6dbb3e29f,gx-no-cache=1488985195544 HTTP/1.1" 200 30
186.103.159.182 - - [08/Mar/2017:11:58:46 -0300] "GET /cormun/servlet/solicitudotadjuntos?d513c10847bf977b0e6f91091845b4ed45dc65f7dd8d34721b440db6dbb3e29f,gx-no-cache=1488985195893 HTTP/1.1" 200 30
186.103.159.46 - - [08/Mar/2017:11:58:47 -0300] "POST /cormun/servlet/trautorizarsolicitud?f4f0ade0c1a05099009e53be5bf6b844,,gx-no-cache=1488985195696 HTTP/1.1" 200 3888
186.103.159.182 - - [08/Mar/2017:11:58:47 -0300] "POST /cormun/servlet/solicitudotadjuntos?f4139f5be8a4522b64dd76bb35e959d5,INS,2017,5343,,1, HTTP/1.1" 200 116
186.103.159.182 - - [08/Mar/2017:11:58:47 -0300] "GET /cormun/servlet/hpexe_return? HTTP/1.1" 200 1021
186.103.159.182 - - [08/Mar/2017:11:58:48 -0300] "GET /cormun/servlet/trsolicitudadjuntos?2017,5343, HTTP/1.1" 200 8712
186.103.159.182 - - [08/Mar/2017:11:58:49 -0300] "GET /cormun/servlet/trsolicitudadjuntos?2017,5343, HTTP/1.1" 200 8709
186.103.159.182 - - [08/Mar/2017:11:58:51 -0300] "GET /cormun/servlet/solicitudotadjuntos?INS,2017,5343,,1, HTTP/1.1" 200 6047
186.103.159.46 - - [08/Mar/2017:11:58:52 -0300] "POST /cormun/servlet/trautorizarsolicitud?f4f0ade0c1a05099009e53be5bf6b844,,gx-no-cache=1488985200461 HTTP/1.1" 200 3885
186.103.159.182 - - [08/Mar/2017:11:58:52 -0300] "GET /cormun/static/about:blank HTTP/1.1" 404 1011
186.103.159.182 - - [08/Mar/2017:11:58:53 -0300] "GET /cormun/servlet/solicitudotadjuntos?INS,2017,5343,,1, HTTP/1.1" 200 6041
186.103.159.182 - - [08/Mar/2017:11:58:53 -0300] "GET /cormun/servlet/solicitudotadjuntos?d513c10847bf977b0e6f91091845b4edfc95ffc5473659d6718275a0f7e9c75c753318b5c7c57c8f2ca38720940753c1,gx-no-cache=1488985203873 HTTP/1.1" 200 30
186.103.159.182 - - [08/Mar/2017:11:58:53 -0300] "POST /cormun/servlet/solicitudotadjuntos?f4139f5be8a4522b64dd76bb35e959d5,INS,2017,5343,,1,,gx-no-cache=1488985203917 HTTP/1.1" 200 3848
186.103.159.182 - - [08/Mar/2017:11:58:56 -0300] "POST /cormun/servlet/solicitudotadjuntos?gx-no-cache=1488985206639 HTTP/1.1" 200 26
186.103.159.46 - - [08/Mar/2017:11:58:58 -0300] "POST /cormun/servlet/trautorizarsolicitud?f4f0ade0c1a05099009e53be5bf6b844,,gx-no-cache=1488985206687 HTTP/1.1" 200 3889
186.103.159.182 - - [08/Mar/2017:11:59:05 -0300] "GET /cormun/servlet/solicitudotadjuntos?d513c10847bf977b0e6f91091845b4ed45dc65f7dd8d34721b440db6dbb3e29f,gx-no-cache=1488985215379 HTTP/1.1" 200 30
186.103.159.182 - - [08/Mar/2017:11:59:05 -0300] "GET /cormun/servlet/solicitudotadjuntos?d513c10847bf977b0e6f91091845b4ed45dc65f7dd8d34721b440db6dbb3e29f,gx-no-cache=1488985215407 HTTP/1.1" 200 30
186.103.159.182 - - [08/Mar/2017:11:59:09 -0300] "POST /cormun/servlet/solicitudotadjuntos?f4139f5be8a4522b64dd76bb35e959d5,INS,2017,5343,,1, HTTP/1.1" 200 116
186.103.159.182 - - [08/Mar/2017:11:59:09 -0300] "GET /cormun/servlet/hpexe_return? HTTP/1.1" 200 1021
186.103.159.182 - - [08/Mar/2017:11:59:10 -0300] "GET /cormun/servlet/trsolicitudadjuntos?2017,5343, HTTP/1.1" 200 8903
186.103.159.182 - - [08/Mar/2017:11:59:11 -0300] "GET /cormun/servlet/trsolicitudadjuntos?2017,5343, HTTP/1.1" 200 8900
186.103.159.182 - - [08/Mar/2017:11:59:13 -0300] "GET /cormun/servlet/solicitudotadjuntos?INS,2017,5343,,1, HTTP/1.1" 200 6047
186.103.159.182 - - [08/Mar/2017:11:59:14 -0300] "GET /cormun/static/about:blank HTTP/1.1" 404 1011
186.103.159.46 - - [08/Mar/2017:11:59:14 -0300] "POST /cormun/servlet/trautorizarsolicitud?f4f0ade0c1a05099009e53be5bf6b844,,gx-no-cache=1488985223008 HTTP/1.1" 200 3890
186.103.159.182 - - [08/Mar/2017:11:59:15 -0300] "GET /cormun/servlet/solicitudotadjuntos?INS,2017,5343,,1, HTTP/1.1" 200 6041
186.103.159.182 - - [08/Mar/2017:11:59:15 -0300] "GET /cormun/servlet/solicitudotadjuntos?d513c10847bf977b0e6f91091845b4edfc95ffc5473659d6718275a0f7e9c75c753318b5c7c57c8f2ca38720940753c1,gx-no-cache=1488985225719 HTTP/1.1" 200 30
186.103.159.182 - - [08/Mar/2017:11:59:15 -0300] "POST /cormun/servlet/solicitudotadjuntos?f4139f5be8a4522b64dd76bb35e959d5,INS,2017,5343,,1,,gx-no-cache=1488985225767 HTTP/1.1" 200 3848
186.103.159.182 - - [08/Mar/2017:11:59:19 -0300] "POST /cormun/servlet/solicitudotadjuntos?gx-no-cache=1488985229213 HTTP/1.1" 200 26
186.103.159.46 - - [08/Mar/2017:11:59:25 -0300] "POST /cormun/servlet/trautorizarsolicitud?f4f0ade0c1a05099009e53be5bf6b844,,gx-no-cache=1488985234166 HTTP/1.1" 200 3891
186.103.132.155 - - [08/Mar/2017:11:59:30 -0300] "GET /cormun/servlet/solicitudot?6c6cc43e7687d7d004cbbbaf00f75f477abc2721404a886b5a06da54396447ea77ebc7c5dd7a43fd0363d722640b79b34e4d4bbd4d257f81540b6cf6b5e903eb293f4498e39bc9bd6c5b4d266bc992763c33da804a6bcf0ed9418c8e319a699864c761633267fa37c15d984bc08a8640,gx-no-cache=1488981638516 HTTP/1.1" 200 29
186.103.132.155 - - [08/Mar/2017:11:59:30 -0300] "POST /cormun/servlet/solicitudot?gx-no-cache=1488981639322 HTTP/1.1" 200 643
186.103.159.46 - - [08/Mar/2017:11:59:31 -0300] "POST /cormun/servlet/trautorizarsolicitud?f4f0ade0c1a05099009e53be5bf6b844,,gx-no-cache=1488985239574 HTTP/1.1" 200 3888
186.103.132.155 - - [08/Mar/2017:11:59:35 -0300] "POST /cormun/servlet/solicitudot?gx-no-cache=1488981644482 HTTP/1.1" 200 1157
186.103.159.46 - - [08/Mar/2017:11:59:36 -0300] "POST /cormun/servlet/trautorizarsolicitud?f4f0ade0c1a05099009e53be5bf6b844,,gx-no-cache=1488985244559 HTTP/1.1" 200 3891
186.103.159.182 - - [08/Mar/2017:11:59:37 -0300] "GET /cormun/servlet/solicitudotadjuntos?d513c10847bf977b0e6f91091845b4ed45dc65f7dd8d34721b440db6dbb3e29f,gx-no-cache=1488985247176 HTTP/1.1" 200 30
186.103.159.182 - - [08/Mar/2017:11:59:37 -0300] "GET /cormun/servlet/solicitudotadjuntos?d513c10847bf977b0e6f91091845b4ed45dc65f7dd8d34721b440db6dbb3e29f,gx-no-cache=1488985247202 HTTP/1.1" 200 30
186.103.159.182 - - [08/Mar/2017:11:59:40 -0300] "POST /cormun/servlet/solicitudotadjuntos?f4139f5be8a4522b64dd76bb35e959d5,INS,2017,5343,,1, HTTP/1.1" 200 116
186.103.159.182 - - [08/Mar/2017:11:59:40 -0300] "GET /cormun/servlet/hpexe_return? HTTP/1.1" 200 1021
186.103.159.182 - - [08/Mar/2017:11:59:41 -0300] "GET /cormun/servlet/trsolicitudadjuntos?2017,5343, HTTP/1.1" 200 9090
186.103.159.182 - - [08/Mar/2017:11:59:42 -0300] "GET /cormun/servlet/trsolicitudadjuntos?2017,5343, HTTP/1.1" 200 9089
186.103.159.46 - - [08/Mar/2017:11:59:43 -0300] "POST /cormun/servlet/trautorizarsolicitud?f4f0ade0c1a05099009e53be5bf6b844,,gx-no-cache=1488985251327 HTTP/1.1" 200 3889
186.103.159.46 - - [08/Mar/2017:11:59:46 -0300] "GET /cormun/servlet/trvisualizadoreventos? HTTP/1.1" 200 6723
186.103.159.46 - - [08/Mar/2017:11:59:46 -0300] "GET /cormun/servlet/trvisualizadoreventos? HTTP/1.1" 200 6723
186.103.159.182 - - [08/Mar/2017:11:59:47 -0300] "POST /cormun/servlet/trsolicitudadjuntos?f4139f5be8a4522b64dd76bb35e959d5,2017,5343,,gx-no-cache=1488985257203 HTTP/1.1" 200 90
186.103.159.182 - - [08/Mar/2017:11:59:47 -0300] "GET /cormun/servlet/hpexe_link HTTP/1.1" 200 988
186.103.159.182 - - [08/Mar/2017:11:59:47 -0300] "GET /cormun/servlet/trsolicitudot?gx-no-cache=1488977509025 HTTP/1.1" 200 8808
186.103.159.182 - - [08/Mar/2017:11:59:48 -0300] "GET /cormun/servlet/trsolicitudot?gx-no-cache=1488977509025 HTTP/1.1" 200 8827
186.103.159.46 - - [08/Mar/2017:11:59:52 -0300] "GET /cormun/servlet/trautorizarsolicitud? HTTP/1.1" 200 6786
186.103.159.46 - - [08/Mar/2017:11:59:53 -0300] "GET /cormun/servlet/trautorizarsolicitud? HTTP/1.1" 200 6786
186.103.159.182 - - [08/Mar/2017:12:00:08 -0300] "POST /cormun/servlet/trsolicitudot?f4139f5be8a4522b64dd76bb35e959d5,gx-no-cache=1488977509025,gx-no-cache=1488985277933 HTTP/1.1" 200 5637
186.103.159.182 - - [08/Mar/2017:12:00:08 -0300] "GET /cormun/static/Shared/jqueryui/images/ui-bg_highlight-soft_100_c6c2c8_1x100.png HTTP/1.1" 404 1117
186.103.159.182 - - [08/Mar/2017:12:00:08 -0300] "GET /cormun/static/Shared/jqueryui/images/ui-icons_82798d_256x240.png HTTP/1.1" 404 1089
186.103.159.182 - - [08/Mar/2017:12:00:08 -0300] "GET /cormun/static/Shared/jqueryui/images/ui-icons_8d78a5_256x240.png HTTP/1.1" 404 1089
186.103.159.182 - - [08/Mar/2017:12:00:08 -0300] "GET /cormun/static/Shared/jqueryui/images/ui-bg_flat_55_fafafa_40x100.png HTTP/1.1" 404 1097
186.103.159.182 - - [08/Mar/2017:12:00:08 -0300] "POST /cormun/servlet/trsolicitudot?f4139f5be8a4522b64dd76bb35e959d5,gx-no-cache=1488977509025,gx-no-cache=1488985278664 HTTP/1.1" 200 5580
186.103.159.182 - - [08/Mar/2017:12:00:12 -0300] "POST /cormun/servlet/trsolicitudot?f4139f5be8a4522b64dd76bb35e959d5,gx-no-cache=1488977509025,gx-no-cache=1488985282136 HTTP/1.1" 200 5263
186.103.159.182 - - [08/Mar/2017:12:00:12 -0300] "POST /cormun/servlet/trsolicitudot?f4139f5be8a4522b64dd76bb35e959d5,gx-no-cache=1488977509025,gx-no-cache=1488985282563 HTTP/1.1" 200 5205
186.103.159.46 - - [08/Mar/2017:12:00:14 -0300] "POST /cormun/servlet/trautorizarsolicitud?f4f0ade0c1a05099009e53be5bf6b844,,gx-no-cache=1488985282310 HTTP/1.1" 200 3890
186.103.159.182 - - [08/Mar/2017:12:00:16 -0300] "GET /cormun/servlet/solicitudot?INS,0,0, HTTP/1.1" 200 12839
186.103.159.182 - - [08/Mar/2017:12:00:18 -0300] "GET /cormun/servlet/solicitudot?INS,0,0, HTTP/1.1" 200 12821
186.103.159.46 - - [08/Mar/2017:12:00:18 -0300] "POST /cormun/servlet/trautorizarsolicitud?f4f0ade0c1a05099009e53be5bf6b844,,gx-no-cache=1488985286569 HTTP/1.1" 200 3892
186.103.159.46 - - [08/Mar/2017:12:00:23 -0300] "POST /cormun/servlet/trautorizarsolicitud?f4f0ade0c1a05099009e53be5bf6b844,,gx-no-cache=1488985292232 HTTP/1.1" 200 3888
186.103.159.46 - - [08/Mar/2017:12:00:28 -0300] "POST /cormun/servlet/trautorizarsolicitud?f4f0ade0c1a05099009e53be5bf6b844,,gx-no-cache=1488985296736 HTTP/1.1" 200 3889
192.168.10.96 - - [08/Mar/2017:12:00:32 -0300] "GET /cormun/servlet/trconsultaempleado? HTTP/1.1" 200 6525
186.103.159.46 - - [08/Mar/2017:12:00:33 -0300] "POST /cormun/servlet/trautorizarsolicitud?f4f0ade0c1a05099009e53be5bf6b844,,gx-no-cache=1488985301807 HTTP/1.1" 200 3887
192.168.10.96 - - [08/Mar/2017:12:00:33 -0300] "GET /cormun/servlet/trconsultaempleado? HTTP/1.1" 200 6524
186.103.159.46 - - [08/Mar/2017:12:00:38 -0300] "POST /cormun/servlet/trautorizarsolicitud?f4f0ade0c1a05099009e53be5bf6b844,,gx-no-cache=1488985307072 HTTP/1.1" 200 3888
186.103.159.46 - - [08/Mar/2017:12:00:43 -0300] "POST /cormun/servlet/trautorizarsolicitud?f4f0ade0c1a05099009e53be5bf6b844,,gx-no-cache=1488985311504 HTTP/1.1" 200 3890
186.103.159.46 - - [08/Mar/2017:12:00:55 -0300] "GET /cormun/servlet/trcontratounov2? HTTP/1.1" 200 16709
186.103.159.46 - - [08/Mar/2017:12:00:57 -0300] "GET /cormun/servlet/trcontratounov2? HTTP/1.1" 200 16710
186.103.159.46 - - [08/Mar/2017:12:01:16 -0300] "POST /cormun/servlet/trcontratounov2?f4f0ade0c1a05099009e53be5bf6b844,,gx-no-cache=1488985344241 HTTP/1.1" 200 14283
186.103.159.46 - - [08/Mar/2017:12:01:16 -0300] "GET /cormun/static/Resources/PXToolsGridFirst.gif HTTP/1.1" 200 379
186.103.159.46 - - [08/Mar/2017:12:01:16 -0300] "GET /cormun/static/Resources/PXToolsGridPrevious.gif HTTP/1.1" 200 369
186.103.159.46 - - [08/Mar/2017:12:02:16 -0300] "POST /cormun/servlet/trcontratounov2?f4f0ade0c1a05099009e53be5bf6b844,,gx-no-cache=1488985404869 HTTP/1.1" 200 5644
192.168.10.96 - - [08/Mar/2017:12:02:22 -0300] "GET /cormun/servlet/trconsultaempleado? HTTP/1.1" 200 6524
192.168.10.96 - - [08/Mar/2017:12:02:23 -0300] "GET /cormun/servlet/trconsultaempleado? HTTP/1.1" 200 6524
186.79.146.0 - - [08/Mar/2017:12:02:25 -0300] "GET /cormun/servlet/hlogin HTTP/1.1" 200 1717
186.103.159.46 - - [08/Mar/2017:12:02:28 -0300] "POST /cormun/servlet/trcontratounov2?f4f0ade0c1a05099009e53be5bf6b844,,gx-no-cache=1488985416480 HTTP/1.1" 200 4045
186.79.146.0 - - [08/Mar/2017:12:02:38 -0300] "POST /cormun/servlet/hlogin?4170dba77920b8039b8638df89912562,gx-no-cache=1488985289711 HTTP/1.1" 200 90
186.79.146.0 - - [08/Mar/2017:12:02:38 -0300] "GET /cormun/servlet/hpexe_link HTTP/1.1" 200 952
186.79.146.0 - - [08/Mar/2017:12:02:38 -0300] "GET /cormun/servlet/hhome HTTP/1.1" 200 3783
192.168.10.96 - - [08/Mar/2017:12:02:39 -0300] "POST /cormun/servlet/trconsultaempleado?1ffd9fa6d53544215be08d2257722560,,gx-no-cache=1488988643789 HTTP/1.1" 200 4328
186.79.146.0 - - [08/Mar/2017:12:02:40 -0300] "GET /cormun/servlet/hhome HTTP/1.1" 200 3780
186.103.159.46 - - [08/Mar/2017:12:02:41 -0300] "GET /cormun/servlet/trcontratoobservaciondir? HTTP/1.1" 200 7010
192.168.10.96 - - [08/Mar/2017:12:02:41 -0300] "GET /cormun/servlet/trsolicitudnombre?15126351, HTTP/1.1" 200 7429
192.168.10.96 - - [08/Mar/2017:12:02:41 -0300] "GET /cormun/servlet/trsolicitudnombre?15126351, HTTP/1.1" 200 7432
186.103.159.46 - - [08/Mar/2017:12:02:42 -0300] "GET /cormun/servlet/trcontratoobservaciondir? HTTP/1.1" 200 7010
186.79.146.0 - - [08/Mar/2017:12:02:50 -0300] "GET /cormun/servlet/trpermisosgoce? HTTP/1.1" 200 7837
186.79.146.0 - - [08/Mar/2017:12:02:51 -0300] "GET /cormun/static/gxcfg.js?201612262011714 HTTP/1.1" 304 -
186.79.146.0 - - [08/Mar/2017:12:02:52 -0300] "GET /cormun/servlet/trpermisosgoce? HTTP/1.1" 200 7835
192.168.10.96 - - [08/Mar/2017:12:03:01 -0300] "GET /cormun/servlet/vesolicitudnombre?2017,5305,, HTTP/1.1" 200 8359
192.168.10.96 - - [08/Mar/2017:12:03:01 -0300] "GET /cormun/pexe_scrolldiv.js HTTP/1.1" 404 1009
192.168.10.96 - - [08/Mar/2017:12:03:01 -0300] "GET /cormun/pexe_scrolldiv.js HTTP/1.1" 404 1009
192.168.10.96 - - [08/Mar/2017:12:03:02 -0300] "GET /cormun/servlet/vesolicitudnombre?2017,5305,, HTTP/1.1" 200 8352
192.168.10.96 - - [08/Mar/2017:12:03:04 -0300] "GET /cormun/servlet/vesolicitudnombre?2017,5305,,SolicitudOTAdjuntos HTTP/1.1" 200 10132
192.168.10.96 - - [08/Mar/2017:12:03:04 -0300] "GET /cormun/pexe_scrolldiv.js HTTP/1.1" 404 1009
192.168.10.96 - - [08/Mar/2017:12:03:04 -0300] "GET /cormun/pexe_scrolldiv.js HTTP/1.1" 404 1009
192.168.10.96 - - [08/Mar/2017:12:03:05 -0300] "GET /cormun/servlet/vesolicitudnombre?2017,5305,,SolicitudOTAdjuntos HTTP/1.1" 200 10136
192.168.10.96 - - [08/Mar/2017:12:03:05 -0300] "POST /cormun/servlet/acontrolpreferencessavestate?None,DZAMUDIO,true HTTP/1.1" 200 35
192.168.10.96 - - [08/Mar/2017:12:03:09 -0300] "GET /cormun/PublicTempStorage/fot._ci5014665.pdf HTTP/1.1" 200 439989
192.168.10.96 - - [08/Mar/2017:12:03:15 -0300] "GET /cormun/servlet/vesolicitudnombre?2017,5305,,SolicitudOTAdjuntos HTTP/1.1" 200 10133
192.168.10.96 - - [08/Mar/2017:12:03:16 -0300] "GET /cormun/servlet/vesolicitudnombre?2017,5305,,SolicitudOTAdjuntos HTTP/1.1" 200 10136
192.168.10.96 - - [08/Mar/2017:12:03:16 -0300] "POST /cormun/servlet/acontrolpreferencessavestate?None,DZAMUDIO,true HTTP/1.1" 200 35
192.168.10.96 - - [08/Mar/2017:12:03:17 -0300] "GET /cormun/PublicTempStorage/afp9948053.pdf HTTP/1.1" 200 218974
192.168.10.96 - - [08/Mar/2017:12:03:26 -0300] "GET /cormun/servlet/vesolicitudnombre?2017,5305,,SolicitudOTAdjuntos HTTP/1.1" 200 10133
192.168.10.96 - - [08/Mar/2017:12:03:27 -0300] "GET /cormun/servlet/vesolicitudnombre?2017,5305,,SolicitudOTAdjuntos HTTP/1.1" 200 10135
192.168.10.96 - - [08/Mar/2017:12:03:28 -0300] "POST /cormun/servlet/acontrolpreferencessavestate?None,DZAMUDIO,true HTTP/1.1" 200 35
192.168.10.96 - - [08/Mar/2017:12:03:28 -0300] "GET /cormun/PublicTempStorage/isapre7057544.pdf HTTP/1.1" 200 256365
192.168.10.96 - - [08/Mar/2017:12:03:34 -0300] "GET /cormun/servlet/vesolicitudnombre?2017,5305,,SolicitudOTAdjuntos HTTP/1.1" 200 10133
192.168.10.96 - - [08/Mar/2017:12:03:35 -0300] "GET /cormun/servlet/vesolicitudnombre?2017,5305,,SolicitudOTAdjuntos HTTP/1.1" 200 10131
192.168.10.96 - - [08/Mar/2017:12:03:35 -0300] "POST /cormun/servlet/acontrolpreferencessavestate?None,DZAMUDIO,true HTTP/1.1" 200 35
192.168.10.96 - - [08/Mar/2017:12:03:36 -0300] "GET /cormun/PublicTempStorage/antecedentes3011463.pdf HTTP/1.1" 200 424521
192.168.10.96 - - [08/Mar/2017:12:03:41 -0300] "GET /cormun/servlet/vesolicitudnombre?2017,5305,,SolicitudOTAdjuntos HTTP/1.1" 200 10132
192.168.10.96 - - [08/Mar/2017:12:03:42 -0300] "GET /cormun/servlet/vesolicitudnombre?2017,5305,,SolicitudOTAdjuntos HTTP/1.1" 200 10134
192.168.10.96 - - [08/Mar/2017:12:03:43 -0300] "POST /cormun/servlet/acontrolpreferencessavestate?None,DZAMUDIO,true HTTP/1.1" 200 35
192.168.10.96 - - [08/Mar/2017:12:03:44 -0300] "GET /cormun/PublicTempStorage/antecedentes6973046.pdf HTTP/1.1" 200 424521
192.168.10.96 - - [08/Mar/2017:12:03:53 -0300] "GET /cormun/servlet/vesolicitudnombre?2017,5305,,SolicitudOTAdjuntos HTTP/1.1" 200 10131
192.168.10.96 - - [08/Mar/2017:12:03:54 -0300] "GET /cormun/servlet/vesolicitudnombre?2017,5305,,SolicitudOTAdjuntos HTTP/1.1" 200 10134
192.168.10.96 - - [08/Mar/2017:12:03:55 -0300] "POST /cormun/servlet/acontrolpreferencessavestate?None,DZAMUDIO,true HTTP/1.1" 200 35
192.168.10.96 - - [08/Mar/2017:12:03:57 -0300] "GET /cormun/PublicTempStorage/curriculum4769456.pdf HTTP/1.1" 200 1497414
186.103.159.182 - - [08/Mar/2017:12:04:01 -0300] "POST /cormun/servlet/solicitudot?gx-no-cache=1488985511114 HTTP/1.1" 200 3081
186.103.159.182 - - [08/Mar/2017:12:04:01 -0300] "POST /cormun/servlet/solicitudot?f4139f5be8a4522b64dd76bb35e959d5,INS,0,0,,gx-no-cache=1488985511353 HTTP/1.1" 200 9880
192.168.10.96 - - [08/Mar/2017:12:04:04 -0300] "GET /cormun/servlet/vesolicitudnombre?2017,5305,,SolicitudOTAdjuntos HTTP/1.1" 200 10133
186.103.159.182 - - [08/Mar/2017:12:04:05 -0300] "GET /cormun/servlet/solicitudot?d513c10847bf977b0e6f91091845b4edc98c7121731a492b5df064c71dba782aae4690afab31090534ae743548089340,gx-no-cache=1488985515801 HTTP/1.1" 200 30
192.168.10.96 - - [08/Mar/2017:12:04:05 -0300] "GET /cormun/servlet/vesolicitudnombre?2017,5305,,SolicitudOTAdjuntos HTTP/1.1" 200 10135
192.168.10.96 - - [08/Mar/2017:12:04:06 -0300] "POST /cormun/servlet/acontrolpreferencessavestate?None,DZAMUDIO,true HTTP/1.1" 200 35
192.168.10.96 - - [08/Mar/2017:12:04:07 -0300] "GET /cormun/PublicTempStorage/cert._titulo501642.pdf HTTP/1.1" 200 964009
186.103.132.155 - - [08/Mar/2017:12:04:32 -0300] "GET /cormun/static/menuarrow.gif HTTP/1.1" 404 1015
186.79.146.0 - - [08/Mar/2017:12:04:36 -0300] "GET /cormun/servlet/trpermisosadjuntos?15996249,20170303130044,P, HTTP/1.1" 200 6100
186.79.146.0 - - [08/Mar/2017:12:04:36 -0300] "GET /cormun/static/gxcfg.js?2016122813135853 HTTP/1.1" 304 -
186.79.146.0 - - [08/Mar/2017:12:04:36 -0300] "GET /cormun/static/trpermisosadjuntos.js?20161228131414 HTTP/1.1" 304 -
186.79.146.0 - - [08/Mar/2017:12:04:38 -0300] "GET /cormun/servlet/trpermisosadjuntos?15996249,20170303130044,P, HTTP/1.1" 200 6101
186.79.146.0 - - [08/Mar/2017:12:04:41 -0300] "GET /cormun/servlet/permisosadjuntos?INS,15996249,P,20170303130044,, HTTP/1.1" 200 5427
