186.103.159.182 - - [08/Mar/2017:12:51:59 -0300] "GET /cormun/servlet/solicitudot?d513c10847bf977b0e6f91091845b4edab1397b5b75d2787650dcd415584fd43ffe83347cb87f1c75ee59d47d358b0d063f79e974557f415e856f403c77a2e6f377e3af051a267346fb3a93b0bda5b5e8c25ad3adf83ac8a925557df98bfb6c5aee32f1ca9f3308eae3b423805e6304a86317b6d1eff34ce48ddd9e444db73c406d35f999dcbb4973f618faae912e774469157a7f46301eada0ed451c9cfdba64e71c2a616ab449bed23d956b0730588,gx-no-cache=1488988389757 HTTP/1.1" 200 30
186.103.159.182 - - [08/Mar/2017:12:52:00 -0300] "POST /cormun/servlet/solicitudot?f4139f5be8a4522b64dd76bb35e959d5,UPD,2017,5347,,gx-no-cache=1488988389840 HTTP/1.1" 200 93
186.103.159.182 - - [08/Mar/2017:12:52:00 -0300] "GET /cormun/servlet/hpexe_return? HTTP/1.1" 200 1008
186.103.159.182 - - [08/Mar/2017:12:52:00 -0300] "GET /cormun/servlet/trsolicitudot HTTP/1.1" 200 8531
186.103.159.182 - - [08/Mar/2017:12:52:02 -0300] "GET /cormun/servlet/trsolicitudot HTTP/1.1" 200 8527
192.168.10.62 - - [08/Mar/2017:12:52:03 -0300] "POST /cormun/servlet/trsolicitudgral?01791375478a4d94b1e94891a98ee5fd,,gx-no-cache=1488991607089 HTTP/1.1" 200 13322
192.168.10.62 - - [08/Mar/2017:12:52:13 -0300] "POST /cormun/servlet/trsolicitudgral?01791375478a4d94b1e94891a98ee5fd,,gx-no-cache=1488991617370 HTTP/1.1" 200 105
192.168.10.62 - - [08/Mar/2017:12:52:13 -0300] "GET /cormun/SolicitudGral-2845.xls HTTP/1.1" 200 14848
186.67.172.234 - - [08/Mar/2017:12:52:22 -0300] "POST /cormun/servlet/solicitudot?gx-no-cache=1488988414134 HTTP/1.1" 200 3260
186.67.172.234 - - [08/Mar/2017:12:52:22 -0300] "GET /cormun/static/Shared/jqueryui/images/ui-bg_highlight-soft_100_c6c2c8_1x100.png HTTP/1.1" 404 1117
186.67.172.234 - - [08/Mar/2017:12:52:22 -0300] "GET /cormun/static/Shared/jqueryui/images/ui-icons_82798d_256x240.png HTTP/1.1" 404 1089
186.67.172.234 - - [08/Mar/2017:12:52:22 -0300] "GET /cormun/static/Shared/jqueryui/images/ui-bg_flat_55_994d53_40x100.png HTTP/1.1" 404 1097
186.67.172.234 - - [08/Mar/2017:12:52:22 -0300] "GET /cormun/static/Shared/jqueryui/images/ui-icons_ebccce_256x240.png HTTP/1.1" 404 1089
186.67.172.234 - - [08/Mar/2017:12:52:28 -0300] "GET /cormun/servlet/solicitudot?55666e2abe1008313b57d4ee3a2a189dc43eae3aa8e16608b062086db16cd64b2b858b7bba2c35fbd796a7d5c9cc75e8,gx-no-cache=1488988420662 HTTP/1.1" 200 30
186.103.159.182 - - [08/Mar/2017:12:52:35 -0300] "POST /cormun/servlet/trsolicitudot?f4139f5be8a4522b64dd76bb35e959d5,gx-no-cache=1488988425460 HTTP/1.1" 200 106
186.103.159.182 - - [08/Mar/2017:12:52:35 -0300] "GET /cormun/servlet/solicitudot?UPD,2017,5347, HTTP/1.1" 200 14461
186.103.159.182 - - [08/Mar/2017:12:52:37 -0300] "GET /cormun/servlet/solicitudot?UPD,2017,5347, HTTP/1.1" 200 14470
186.103.159.182 - - [08/Mar/2017:12:52:38 -0300] "POST /cormun/servlet/solicitudot?gx-no-cache=1488988428470 HTTP/1.1" 200 3162
186.103.159.182 - - [08/Mar/2017:12:52:39 -0300] "POST /cormun/servlet/solicitudot?f4139f5be8a4522b64dd76bb35e959d5,UPD,2017,5347,,gx-no-cache=1488988429051 HTTP/1.1" 200 11031
186.103.159.182 - - [08/Mar/2017:12:52:39 -0300] "GET /cormun/servlet/solicitudot?d513c10847bf977b0e6f91091845b4ed3fd0ac162d2e19b9356e91b5139be1587efd2903098535b04fc382980e0c059e,gx-no-cache=1488988429436 HTTP/1.1" 200 30
186.103.159.182 - - [08/Mar/2017:12:52:39 -0300] "POST /cormun/servlet/solicitudot?gx-no-cache=1488988429523 HTTP/1.1" 200 254
186.103.159.182 - - [08/Mar/2017:12:52:39 -0300] "GET /cormun/servlet/solicitudot?d513c10847bf977b0e6f91091845b4edb0d4152fc039fdf9dc0bf9607ffb2e36584c8fde25bb544703f42d1d689113902710798518db672f4157133e4354a82b50ea820bad9ac1aa89448c100acf3599fa321fbc8dbf0f00dffb3b2664f8d8bdfe65684b07c6ceb2bae8ed7a68eab9722f7cac9bb0f6e5eaf149a6a51b606b4ab280808640280201f7297c92507841d451d0c1083e11ba138613e44ac479e865b5fe9906f1c3fad9a33529228a6778d198da0fb0448ef2df1df6dffec52146cf3a1b37718df30caf9402bd11b6ed21871b736c8a1e99f396c448663f647a404cc0167fc949e42981ebeb6b052d6f7aa2b0f662f2f87b31104ba57824e12236710b8225dc18a5b14345b355d00a0efabb52ace0d7200ddeed1668bfbd2ce4df7fbaf92e29a294e274fb2be659320a9e197850400528c34edb672e6633a3c9d76cc7f47a9de208aece148cc16e29a26ef46b159675450be1cef9797fecb15831f5417f9f5588127206c9bcc6b308deb5f04f24efa665d782ca07f8e380c1a77595,gx-no-cache=1488988429577 HTTP/1.1" 200 30
186.103.159.182 - - [08/Mar/2017:12:52:39 -0300] "POST /cormun/servlet/solicitudot?gx-no-cache=1488988429922 HTTP/1.1" 200 30
186.103.159.182 - - [08/Mar/2017:12:52:39 -0300] "POST /cormun/servlet/solicitudot?gx-no-cache=1488988430004 HTTP/1.1" 200 1291
186.103.159.182 - - [08/Mar/2017:12:52:40 -0300] "POST /cormun/servlet/solicitudot?gx-no-cache=1488988430090 HTTP/1.1" 200 41
186.103.159.182 - - [08/Mar/2017:12:52:58 -0300] "GET /cormun/servlet/solicitudot?d513c10847bf977b0e6f91091845b4ed3ecc26476837ae28898e1ad6037ea45d0e6cdf262dfaf0fa7c8645aca432eedf283dff9f68c32885173728bf17fea68ffd818d5e9d5b9c162829a89809e73c33b53442bb67d3373dacd341671f85983b25ae25126db6c56a0737517802fc9fd406b8891833b7a27f1c40666be1e5a9aaa907e646a8bc559595ed86a54a0d9185c3af29aa66f51f9f1979a2766a6368c9,gx-no-cache=1488988448241 HTTP/1.1" 200 29
186.79.164.248 - - [08/Mar/2017:12:52:58 -0300] "GET /cormun/servlet/licenciaspermisos?INS,0,,, HTTP/1.1" 200 7348
186.103.159.182 - - [08/Mar/2017:12:52:58 -0300] "POST /cormun/servlet/solicitudot?gx-no-cache=1488988448306 HTTP/1.1" 200 1274
186.103.159.182 - - [08/Mar/2017:12:52:58 -0300] "POST /cormun/servlet/solicitudot?gx-no-cache=1488988448415 HTTP/1.1" 200 1157
186.79.164.248 - - [08/Mar/2017:12:52:58 -0300] "GET /cormun/static/gxcfg.js?2016122619301043 HTTP/1.1" 200 953
186.79.164.248 - - [08/Mar/2017:12:52:58 -0300] "GET /cormun/static/licenciaspermisos.js?2016122619301096 HTTP/1.1" 200 33213
186.79.164.248 - - [08/Mar/2017:12:52:58 -0300] "GET /cormun/servlet/licenciaspermisos?INS,0,,, HTTP/1.1" 200 7348
186.79.164.248 - - [08/Mar/2017:12:53:07 -0300] "GET /cormun/servlet/licenciaspermisos?9c82257df755123d39f76ffbc9086ab188c15125128e0797d356f1856b329e73e851a3736c56a08395470a5919d29a4e,gx-no-cache=1488988455450 HTTP/1.1" 200 62
186.79.164.248 - - [08/Mar/2017:12:53:08 -0300] "POST /cormun/servlet/licenciaspermisos?8b958f0a824b1c6d40efcbdae6b31afa,INS,0,,,,gx-no-cache=1488988455642 HTTP/1.1" 200 4605
186.103.159.182 - - [08/Mar/2017:12:53:32 -0300] "GET /cormun/servlet/solicitudot?d513c10847bf977b0e6f91091845b4edab1397b5b75d2787650dcd415584fd43ffe83347cb87f1c75ee59d47d358b0d063f79e974557f415e856f403c77a2e6f377e3af051a267346fb3a93b0bda5b5e8c25ad3adf83ac8a925557df98bfb6c5aee32f1ca9f3308eae3b423805e6304a86317b6d1eff34ce48ddd9e444db73c406d35f999dcbb4973f618faae912e774469157a7f46301eada0ed451c9cfdba64e71c2a616ab449bed23d956b0730588,gx-no-cache=1488988481786 HTTP/1.1" 200 30
186.103.159.182 - - [08/Mar/2017:12:53:32 -0300] "POST /cormun/servlet/solicitudot?f4139f5be8a4522b64dd76bb35e959d5,UPD,2017,5347,,gx-no-cache=1488988482245 HTTP/1.1" 200 93
186.103.159.182 - - [08/Mar/2017:12:53:32 -0300] "GET /cormun/servlet/hpexe_return? HTTP/1.1" 200 1008
186.103.159.182 - - [08/Mar/2017:12:53:33 -0300] "GET /cormun/servlet/trsolicitudot HTTP/1.1" 200 8531
186.103.159.182 - - [08/Mar/2017:12:53:35 -0300] "GET /cormun/servlet/trsolicitudot HTTP/1.1" 200 8527
186.103.159.182 - - [08/Mar/2017:12:54:05 -0300] "GET /cormun/servlet/solicitudot?INS,0,0, HTTP/1.1" 200 12817
186.103.159.182 - - [08/Mar/2017:12:54:07 -0300] "GET /cormun/servlet/solicitudot?INS,0,0, HTTP/1.1" 200 12821
186.103.159.182 - - [08/Mar/2017:12:54:26 -0300] "POST /cormun/servlet/solicitudot?gx-no-cache=1488988536138 HTTP/1.1" 200 3081
186.103.159.182 - - [08/Mar/2017:12:54:26 -0300] "POST /cormun/servlet/solicitudot?f4139f5be8a4522b64dd76bb35e959d5,INS,0,0,,gx-no-cache=1488988536762 HTTP/1.1" 200 9857
186.103.159.182 - - [08/Mar/2017:12:54:29 -0300] "GET /cormun/servlet/solicitudot?d513c10847bf977b0e6f91091845b4ed5e73658cd554d340463f9b8b63b91cdcf9c07b6615f6e464fc2cf6be60536f06,gx-no-cache=1488988539165 HTTP/1.1" 200 30
186.67.172.234 - - [08/Mar/2017:12:54:39 -0300] "GET /cormun/servlet/solicitudot?55666e2abe1008313b57d4ee3a2a189d03bdb5f5ebe0fc3bf1e32b230b4efdf4e1a811dfaf731f05c4f2268a5f16a5e79808cedd4b9429c4a6ea41226a9340b38c9bde7e6c27e5180910ed93b406aa11dbf0f02b28d12da407a8482f14f90a533a6b5f0ba9fee822db00c605d9963b40fbc27eb92eeafb41a2558310fd5347d163bae653c9b9d5e407e62c0b0cd776a35f7b0cd8952bf945e1011f57890c84b4f3b182193b2efdad2c6153a23ba18bb034dda043dd1e99175eef196d3737648a0d49a7556bbd8aa6ecc06e972bc0080b5daffa0938f19bee8b584a684380f67667ce4bad2cbce5fe7a822a25ff0131afc504544be6edb1b6d3c3e0c1ccbec8195748bdfc065bd0f22db197549ac820f2dd8cb11d04e3199c1812aedb8d368571dc5fe649d36c3e3c98e4cdba0714df5ba57254f9be3ebc92c6a068b0ad14c42bb21bf27cd9da1a803608ed51a23f74e1,gx-no-cache=1488988551530 HTTP/1.1" 200 240
186.67.172.234 - - [08/Mar/2017:12:54:46 -0300] "POST /cormun/servlet/solicitudot?gx-no-cache=1488988558292 HTTP/1.1" 200 298
186.67.172.234 - - [08/Mar/2017:12:54:50 -0300] "GET /cormun/servlet/solicitudot?55666e2abe1008313b57d4ee3a2a189d2b5387c2a98a7e1280f856135df367d23c3bc81ff71c2873910b330d9f846030cf9b06cb7d280ab6723eac88da057f14941b8d8ac4b638c3106a74f320fe21304538aacd46a7c99e4aa3b295dacfb33c45c5db5759aa5dbdefaf832abe11d711b2a3c598217c3b59a7e6257cd6f7dee7b0878c5b2b949e38b7ff70c2572bc203f0de1c525d30fc58e7234a049e90c0b94652d315e0067bb4bcecbe178054cb2e771473154eac5a6b6964a0ffb321cc45ef9e8b0f8f1f2fbe196f66936283fbf351a092100e8b328226068529b871841fa1cd163525f70c2bb793a2b4349b39aa4869f429fc1d4a689c59b0d403530dee97a9ac064e9d4f6e3184ad99d690344931fe6b4d258a69d1fb75fe1e2463ae9b611487137b5ed1ff0bb1ded493e12c32bec27493bb86e05084f73103e8c1c58a1a6cff6fd5d269e99e1411cc0b2ad851f1b4904f9b16524b480370282248cfa25bf3e98df58dec5d8214aa348f57ac79619fcadf0dbae1448a5291cc3893ef6f28e144df751e49fc049dd9065cf68f9d,gx-no-cache=1488988562219 HTTP/1.1" 200 30
186.67.172.234 - - [08/Mar/2017:12:54:57 -0300] "POST /cormun/servlet/solicitudot?gx-no-cache=1488988569701 HTTP/1.1" 200 30
186.67.172.234 - - [08/Mar/2017:12:54:59 -0300] "POST /cormun/servlet/solicitudot?gx-no-cache=1488988571947 HTTP/1.1" 200 235
186.67.172.234 - - [08/Mar/2017:12:55:00 -0300] "POST /cormun/servlet/solicitudot?gx-no-cache=1488988572049 HTTP/1.1" 200 38
186.67.172.234 - - [08/Mar/2017:12:55:26 -0300] "GET /cormun/servlet/solicitudot?55666e2abe1008313b57d4ee3a2a189dd32e4436068c79b936987e236e504d46c504544be6edb1b6d3c3e0c1ccbec8195748bdfc065bd0f22db197549ac820f232ce11a0a7ee7454205bb24573cf68d9,gx-no-cache=1488988598397 HTTP/1.1" 200 29
186.67.172.234 - - [08/Mar/2017:12:55:27 -0300] "POST /cormun/servlet/solicitudot?gx-no-cache=1488988599991 HTTP/1.1" 200 643
186.67.172.234 - - [08/Mar/2017:12:55:30 -0300] "POST /cormun/servlet/solicitudot?gx-no-cache=1488988602165 HTTP/1.1" 200 1157
186.79.164.248 - - [08/Mar/2017:12:55:57 -0300] "GET /cormun/servlet/licenciaspermisos?9c82257df755123d39f76ffbc9086ab1816543d9a67b28b557741bf6e100f8110d7be9872b815008d89d5bd5af562021ac208003e59ed8aabd09a7378a296dd0671f49f5911a09907ddaf9c0f5a439db579d39f61bc65946ff1635370e1dbf9db87845305fc2ebb75cd4d1a8b43b2f71ea5cd20e6863b448130e65a479c0ae4416d007ae547b6fff62f857bf17d2731822fed34fd0067413122091e0e39e89a53ccdbe153e205fc697d5b17191a2e3ff2448ab113449a5434ffc297b8b2854ad57275d76be1bbe7f345d5a86da93d381c406d6f54c473c903e626aed7d62efed,gx-no-cache=1488988625668 HTTP/1.1" 200 30
186.79.164.248 - - [08/Mar/2017:12:55:58 -0300] "POST /cormun/servlet/licenciaspermisos?8b958f0a824b1c6d40efcbdae6b31afa,INS,0,,,,gx-no-cache=1488988625847 HTTP/1.1" 200 4636
186.79.164.248 - - [08/Mar/2017:12:56:01 -0300] "GET /cormun/servlet/licenciaspermisos?9c82257df755123d39f76ffbc9086ab1816543d9a67b28b557741bf6e100f81146c6a84eb04d0d9241dd73fb9414925cac208003e59ed8aabd09a7378a296dd0671f49f5911a09907ddaf9c0f5a439db579d39f61bc65946ff1635370e1dbf9db87845305fc2ebb75cd4d1a8b43b2f71ea5cd20e6863b448130e65a479c0ae4416d007ae547b6fff62f857bf17d2731822fed34fd0067413122091e0e39e89a53ccdbe153e205fc697d5b17191a2e3ff2448ab113449a5434ffc297b8b2854ad57275d76be1bbe7f345d5a86da93d381c406d6f54c473c903e626aed7d62efed,gx-no-cache=1488988629195 HTTP/1.1" 200 30
186.79.164.248 - - [08/Mar/2017:12:56:01 -0300] "POST /cormun/servlet/licenciaspermisos?8b958f0a824b1c6d40efcbdae6b31afa,INS,0,,,,gx-no-cache=1488988629271 HTTP/1.1" 200 4634
186.67.172.234 - - [08/Mar/2017:12:56:08 -0300] "GET /cormun/static/menuarrow.gif HTTP/1.1" 404 1015
186.103.159.182 - - [08/Mar/2017:12:56:15 -0300] "POST /cormun/servlet/solicitudot?gx-no-cache=1488988645864 HTTP/1.1" 200 297
186.103.159.182 - - [08/Mar/2017:12:56:16 -0300] "GET /cormun/servlet/solicitudot?d513c10847bf977b0e6f91091845b4edb0d4152fc039fdf9dc0bf9607ffb2e36ef0786b5fda7abe40a68a7f0f7cc349d2710798518db672f4157133e4354a82b50ea820bad9ac1aa89448c100acf3599fa321fbc8dbf0f00dffb3b2664f8d8bdfe65684b07c6ceb2bae8ed7a68eab9722f7cac9bb0f6e5eaf149a6a51b606b4ab280808640280201f7297c92507841d451d0c1083e11ba138613e44ac479e865b5fe9906f1c3fad9a33529228a6778d198da0fb0448ef2df1df6dffec52146cf3a1b37718df30caf9402bd11b6ed21871b736c8a1e99f396c448663f647a404cc0167fc949e42981ebeb6b052d6f7aa2c67df14fb1d80273e999a1967f36de7f0b8225dc18a5b14345b355d00a0efabb883d2988b2ffd9559dcd18add32df4632cd104b0994dbebd0f329fb0926f2577d763267098dfefd762e6d849c503b12114501190eebcfe3b046a04f66123e40f2a1a4e407bb5daa8a906cbd56fa19eb532773a9368d0a348b9e568ebdff07646d9cf864083dcba09e0ea705055c3f8bdf3015ad7d4619d5e384c0111b57f4969,gx-no-cache=1488988645958 HTTP/1.1" 200 30
186.103.159.182 - - [08/Mar/2017:12:56:16 -0300] "POST /cormun/servlet/solicitudot?gx-no-cache=1488988646307 HTTP/1.1" 200 30
186.103.159.182 - - [08/Mar/2017:12:56:16 -0300] "POST /cormun/servlet/solicitudot?gx-no-cache=1488988646386 HTTP/1.1" 200 235
186.103.159.182 - - [08/Mar/2017:12:56:16 -0300] "POST /cormun/servlet/solicitudot?gx-no-cache=1488988646453 HTTP/1.1" 200 38
186.103.159.182 - - [08/Mar/2017:12:56:16 -0300] "GET /cormun/servlet/solicitudot?d513c10847bf977b0e6f91091845b4ed758092d1b13bf7fed3223e14a486a91258213e4f270c70da92278a067e603b2ff0cae9ac7b24b36b96d5fc47b10169e01574e83d2e36f4ec0bbc85d6f7dc690feec55d379f286daa0fa8307000761fdc968d69e8cc68aba7f23f6ae0f2c4e0d4,gx-no-cache=1488988646508 HTTP/1.1" 200 29
186.103.159.182 - - [08/Mar/2017:12:56:16 -0300] "POST /cormun/servlet/solicitudot?gx-no-cache=1488988646545 HTTP/1.1" 200 643
186.103.159.182 - - [08/Mar/2017:12:56:16 -0300] "POST /cormun/servlet/solicitudot?gx-no-cache=1488988646601 HTTP/1.1" 200 518
186.103.159.182 - - [08/Mar/2017:12:56:16 -0300] "GET /cormun/servlet/solicitudot?d513c10847bf977b0e6f91091845b4ed912ddc0bd8b04e6478d13b5f720bad6c4eeacbc5eedcdb9e1b3f42b37cc6238ffff37a24966f9c6ee7540c57cfd8b695e31ddfd88e41cb6a7287f848edeefc84f3e0626a2a4ea27de88c0a5c0ed67c39ce6c098216bdef6b1049029e3d5fab6a94ace1896fbd34e1c76d4c835fdc09973163b50c2904cada7d1285111bc4b4737c4e76dc59935495bd917892e38ca88c,gx-no-cache=1488988646656 HTTP/1.1" 200 30
186.103.159.182 - - [08/Mar/2017:12:56:16 -0300] "POST /cormun/servlet/solicitudot?f4139f5be8a4522b64dd76bb35e959d5,INS,0,0,,gx-no-cache=1488988646717 HTTP/1.1" 200 10672
186.103.159.182 - - [08/Mar/2017:12:56:17 -0300] "GET /cormun/static/Shared/jqueryui/images/ui-bg_flat_55_994d53_40x100.png HTTP/1.1" 404 1097
186.103.159.182 - - [08/Mar/2017:12:56:17 -0300] "GET /cormun/static/Shared/jqueryui/images/ui-icons_ebccce_256x240.png HTTP/1.1" 404 1089
186.103.159.182 - - [08/Mar/2017:12:56:26 -0300] "POST /cormun/servlet/solicitudot?f4139f5be8a4522b64dd76bb35e959d5,INS,0,0,,gx-no-cache=1488988656882 HTTP/1.1" 200 90
186.103.159.182 - - [08/Mar/2017:12:56:26 -0300] "GET /cormun/servlet/hpexe_link HTTP/1.1" 200 958
186.103.159.182 - - [08/Mar/2017:12:56:27 -0300] "GET /cormun/servlet/trsolicitudot HTTP/1.1" 200 8529
186.103.159.182 - - [08/Mar/2017:12:56:29 -0300] "GET /cormun/servlet/trsolicitudot HTTP/1.1" 200 8527
186.103.159.182 - - [08/Mar/2017:12:56:45 -0300] "GET /cormun/servlet/solicitudot?INS,0,0, HTTP/1.1" 200 12816
186.103.159.182 - - [08/Mar/2017:12:56:46 -0300] "GET /cormun/servlet/solicitudot?INS,0,0, HTTP/1.1" 200 12821
186.103.159.182 - - [08/Mar/2017:12:56:49 -0300] "POST /cormun/servlet/solicitudot?f4139f5be8a4522b64dd76bb35e959d5,INS,0,0,,gx-no-cache=1488988679442 HTTP/1.1" 200 90
186.103.159.182 - - [08/Mar/2017:12:56:49 -0300] "GET /cormun/servlet/hpexe_link HTTP/1.1" 200 958
186.103.159.182 - - [08/Mar/2017:12:56:49 -0300] "GET /cormun/servlet/trsolicitudot HTTP/1.1" 200 8529
186.103.159.182 - - [08/Mar/2017:12:56:51 -0300] "GET /cormun/servlet/trsolicitudot HTTP/1.1" 200 8527
186.103.159.182 - - [08/Mar/2017:12:56:53 -0300] "POST /cormun/servlet/trsolicitudot?f4139f5be8a4522b64dd76bb35e959d5,gx-no-cache=1488988683220 HTTP/1.1" 200 106
186.103.159.182 - - [08/Mar/2017:12:56:53 -0300] "GET /cormun/servlet/solicitudot?UPD,2017,5347, HTTP/1.1" 200 14461
186.103.159.182 - - [08/Mar/2017:12:56:55 -0300] "GET /cormun/servlet/solicitudot?UPD,2017,5347, HTTP/1.1" 200 14470
186.103.159.182 - - [08/Mar/2017:12:56:55 -0300] "POST /cormun/servlet/solicitudot?gx-no-cache=1488988685686 HTTP/1.1" 200 3162
186.103.159.182 - - [08/Mar/2017:12:56:56 -0300] "POST /cormun/servlet/solicitudot?f4139f5be8a4522b64dd76bb35e959d5,UPD,2017,5347,,gx-no-cache=1488988686320 HTTP/1.1" 200 11031
186.103.159.182 - - [08/Mar/2017:12:56:56 -0300] "GET /cormun/servlet/solicitudot?d513c10847bf977b0e6f91091845b4ed3fd0ac162d2e19b9356e91b5139be1587efd2903098535b04fc382980e0c059e,gx-no-cache=1488988687043 HTTP/1.1" 200 30
186.103.159.182 - - [08/Mar/2017:12:56:57 -0300] "POST /cormun/servlet/solicitudot?gx-no-cache=1488988687116 HTTP/1.1" 200 254
186.103.159.182 - - [08/Mar/2017:12:56:57 -0300] "GET /cormun/servlet/solicitudot?d513c10847bf977b0e6f91091845b4edb0d4152fc039fdf9dc0bf9607ffb2e36584c8fde25bb544703f42d1d689113902710798518db672f4157133e4354a82b50ea820bad9ac1aa89448c100acf3599fa321fbc8dbf0f00dffb3b2664f8d8bdfe65684b07c6ceb2bae8ed7a68eab9722f7cac9bb0f6e5eaf149a6a51b606b4ab280808640280201f7297c92507841d451d0c1083e11ba138613e44ac479e865b5fe9906f1c3fad9a33529228a6778d198da0fb0448ef2df1df6dffec52146cf3a1b37718df30caf9402bd11b6ed21871b736c8a1e99f396c448663f647a404cc0167fc949e42981ebeb6b052d6f7aa2b0f662f2f87b31104ba57824e12236710b8225dc18a5b14345b355d00a0efabb52ace0d7200ddeed1668bfbd2ce4df7fbaf92e29a294e274fb2be659320a9e197850400528c34edb672e6633a3c9d76cc7f47a9de208aece148cc16e29a26ef46b159675450be1cef9797fecb15831f5417f9f5588127206c9bcc6b308deb5f04f24efa665d782ca07f8e380c1a77595,gx-no-cache=1488988687192 HTTP/1.1" 200 30
186.103.159.182 - - [08/Mar/2017:12:56:57 -0300] "POST /cormun/servlet/solicitudot?gx-no-cache=1488988687594 HTTP/1.1" 200 30
186.103.159.182 - - [08/Mar/2017:12:56:57 -0300] "POST /cormun/servlet/solicitudot?gx-no-cache=1488988687684 HTTP/1.1" 200 1291
186.103.159.182 - - [08/Mar/2017:12:56:57 -0300] "POST /cormun/servlet/solicitudot?gx-no-cache=1488988687873 HTTP/1.1" 200 41
186.67.172.234 - - [08/Mar/2017:12:57:11 -0300] "GET /cormun/servlet/solicitudot?55666e2abe1008313b57d4ee3a2a189da2617546bd2b7a95c62c6cb109efd222eb912ebce12af6a53e5fbcb18c7f2be8f1c2419155cad5f7deb868b5161270325748bdfc065bd0f22db197549ac820f233ac6767a44153c25c673f55c5b4f9b1f933812aab1f0c38e92a384665b4aec441e5bb56c845139a2492e35c2f10ca2804f664ce076d59d6388dca2097dd0fda8c264db7f1e42788bc09fc0aed5f604ee691e89c9bfbcc9ebb3d1c1c5414fa46,gx-no-cache=1488988703947 HTTP/1.1" 200 30
186.67.172.234 - - [08/Mar/2017:12:57:43 -0300] "POST /cormun/servlet/solicitudot?3640e7c30c6accf1784ab319991f15b0,INS,0,0,,gx-no-cache=1488988735228 HTTP/1.1" 200 11284
186.79.164.248 - - [08/Mar/2017:12:57:43 -0300] "GET /cormun/servlet/licenciaspermisos?9c82257df755123d39f76ffbc9086ab174f88bbcc51c23af547cb6ae4e2797437ada764fb2a23ca333f35b9bc7adc4f07f4a51985bfd62499b4ff891337fea20908942487c02d3e2f5e87cfcc4e7428f7b4e9448177b4a99550357af0f15e0e2e0bdefed9663dad7e99e4f8529260de1a7e5a1b277ee623b97a5d3cf331380cae8654f700f5e298e330ead6d0ad056acd6f0c583278d167f6dbe5dabbd1cf942104b4f493abddafd6a242e6bc6c26b4732981d42f3fc9795435e27388e8c6200412d69c90b9dca0eaa1b219ddac44698a5a716f70e816d4e3b6decf424451285,gx-no-cache=1488988731601 HTTP/1.1" 200 29
186.79.164.248 - - [08/Mar/2017:12:57:44 -0300] "POST /cormun/servlet/licenciaspermisos?8b958f0a824b1c6d40efcbdae6b31afa,INS,0,,,,gx-no-cache=1488988732069 HTTP/1.1" 200 93
186.79.164.248 - - [08/Mar/2017:12:57:45 -0300] "GET /cormun/servlet/hpexe_return? HTTP/1.1" 200 1013
186.79.164.248 - - [08/Mar/2017:12:57:45 -0300] "GET /cormun/servlet/trlicencias HTTP/1.1" 200 7986
186.79.164.248 - - [08/Mar/2017:12:57:46 -0300] "GET /cormun/servlet/trlicencias HTTP/1.1" 200 7982
186.103.159.182 - - [08/Mar/2017:12:57:53 -0300] "GET /cormun/servlet/solicitudot?d513c10847bf977b0e6f91091845b4ed3ecc26476837ae28898e1ad6037ea45d0e6cdf262dfaf0fa7c8645aca432eedf283dff9f68c32885173728bf17fea68ffd818d5e9d5b9c162829a89809e73c33b53442bb67d3373dacd341671f85983b25ae25126db6c56a0737517802fc9fd406b8891833b7a27f1c40666be1e5a9aaa907e646a8bc559595ed86a54a0d9185c3af29aa66f51f9f1979a2766a6368c9,gx-no-cache=1488988743216 HTTP/1.1" 200 29
186.103.159.182 - - [08/Mar/2017:12:57:53 -0300] "POST /cormun/servlet/solicitudot?gx-no-cache=1488988743280 HTTP/1.1" 200 1274
186.103.159.182 - - [08/Mar/2017:12:57:53 -0300] "POST /cormun/servlet/solicitudot?gx-no-cache=1488988743344 HTTP/1.1" 200 1157
186.79.164.248 - - [08/Mar/2017:12:57:59 -0300] "GET /cormun/servlet/alicenciaprn?7141963,L,20170308000000,PU HTTP/1.1" 200 1546
186.103.159.182 - - [08/Mar/2017:12:58:24 -0300] "GET /cormun/servlet/solicitudot?d513c10847bf977b0e6f91091845b4edab1397b5b75d2787650dcd415584fd43ffe83347cb87f1c75ee59d47d358b0d063f79e974557f415e856f403c77a2e6f377e3af051a267346fb3a93b0bda5b5e8c25ad3adf83ac8a925557df98bfb6c5aee32f1ca9f3308eae3b423805e6304a86317b6d1eff34ce48ddd9e444db73c406d35f999dcbb4973f618faae912e774469157a7f46301eada0ed451c9cfdba64e71c2a616ab449bed23d956b0730588,gx-no-cache=1488988774353 HTTP/1.1" 200 30
186.103.159.182 - - [08/Mar/2017:12:58:24 -0300] "POST /cormun/servlet/solicitudot?f4139f5be8a4522b64dd76bb35e959d5,UPD,2017,5347,,gx-no-cache=1488988774486 HTTP/1.1" 200 93
186.103.159.182 - - [08/Mar/2017:12:58:24 -0300] "GET /cormun/servlet/hpexe_return? HTTP/1.1" 200 1008
186.103.159.182 - - [08/Mar/2017:12:58:25 -0300] "GET /cormun/servlet/trsolicitudot HTTP/1.1" 200 8531
186.79.164.248 - - [08/Mar/2017:12:58:25 -0300] "POST /cormun/servlet/trlicencias?8b958f0a824b1c6d40efcbdae6b31afa,gx-no-cache=1488988773107 HTTP/1.1" 200 5375
186.79.164.248 - - [08/Mar/2017:12:58:25 -0300] "GET /cormun/static/Shared/jqueryui/images/ui-bg_highlight-soft_100_c6c2c8_1x100.png HTTP/1.1" 404 1117
186.79.164.248 - - [08/Mar/2017:12:58:25 -0300] "GET /cormun/static/Shared/jqueryui/images/ui-icons_82798d_256x240.png HTTP/1.1" 404 1089
186.79.164.248 - - [08/Mar/2017:12:58:25 -0300] "GET /cormun/static/Shared/jqueryui/images/ui-bg_flat_55_fafafa_40x100.png HTTP/1.1" 404 1097
186.79.164.248 - - [08/Mar/2017:12:58:25 -0300] "GET /cormun/static/Shared/jqueryui/images/ui-icons_8d78a5_256x240.png HTTP/1.1" 404 1089
186.103.159.182 - - [08/Mar/2017:12:58:26 -0300] "GET /cormun/servlet/trsolicitudot HTTP/1.1" 200 8527
192.168.10.89 - - [08/Mar/2017:12:58:37 -0300] "GET /cormun/servlet/hlogin HTTP/1.1" 200 1735
186.67.172.234 - - [08/Mar/2017:12:58:44 -0300] "GET /cormun/static/Resources/resize.gif HTTP/1.1" 200 77
192.168.10.89 - - [08/Mar/2017:12:58:45 -0300] "POST /cormun/servlet/hlogin?a71cd868c287e5201af2b8c764028c34,gx-no-cache=1488992009046 HTTP/1.1" 200 90
192.168.10.89 - - [08/Mar/2017:12:58:45 -0300] "GET /cormun/servlet/hpexe_link HTTP/1.1" 200 953
192.168.10.89 - - [08/Mar/2017:12:58:45 -0300] "GET /cormun/servlet/hhome HTTP/1.1" 200 4386
192.168.10.89 - - [08/Mar/2017:12:58:50 -0300] "GET /cormun/servlet/trsolicitudgral? HTTP/1.1" 200 24177
186.67.172.234 - - [08/Mar/2017:12:58:52 -0300] "GET /cormun/servlet/prfichaempleado?,MD,,gxPopupLevel%3D0%3B HTTP/1.1" 200 8883
186.67.172.234 - - [08/Mar/2017:12:58:52 -0300] "GET /cormun/static/gxcfg.js?2016102420561687 HTTP/1.1" 200 953
186.67.172.234 - - [08/Mar/2017:12:58:52 -0300] "GET /cormun/static/Resources/PXToolsMenuSearch.png HTTP/1.1" 200 2914
186.67.172.234 - - [08/Mar/2017:12:58:52 -0300] "GET /cormun/static/prfichaempleado.js?201610242056198 HTTP/1.1" 200 16015
186.67.172.234 - - [08/Mar/2017:12:58:52 -0300] "GET /cormun/static/hmpwkw011.js?201612218515582 HTTP/1.1" 200 1968
186.67.172.234 - - [08/Mar/2017:12:58:52 -0300] "GET /cormun/static/Resources/PXToolsMenuSearchCancel.png HTTP/1.1" 200 2972
186.67.172.234 - - [08/Mar/2017:12:58:52 -0300] "GET /cormun/static/menusearch.js?201610171694467 HTTP/1.1" 200 1424
186.103.159.182 - - [08/Mar/2017:12:58:57 -0300] "POST /cormun/servlet/trsolicitudot?f4139f5be8a4522b64dd76bb35e959d5,gx-no-cache=1488988807427 HTTP/1.1" 200 5265
186.103.159.182 - - [08/Mar/2017:12:58:58 -0300] "POST /cormun/servlet/trsolicitudot?f4139f5be8a4522b64dd76bb35e959d5,gx-no-cache=1488988808275 HTTP/1.1" 200 5207
186.79.164.248 - - [08/Mar/2017:12:59:00 -0300] "GET /cormun/servlet/licenciaspermisos?DSP,7141963,L,20170308000000, HTTP/1.1" 200 6911
186.79.164.248 - - [08/Mar/2017:12:59:01 -0300] "GET /cormun/servlet/licenciaspermisos?DSP,7141963,L,20170308000000, HTTP/1.1" 200 6911
186.79.164.248 - - [08/Mar/2017:12:59:05 -0300] "POST /cormun/servlet/licenciaspermisos?8b958f0a824b1c6d40efcbdae6b31afa,DSP,7141963,L,20170308000000,,gx-no-cache=1488988813541 HTTP/1.1" 200 93
186.79.164.248 - - [08/Mar/2017:12:59:06 -0300] "GET /cormun/servlet/hpexe_return? HTTP/1.1" 200 1047
186.79.164.248 - - [08/Mar/2017:12:59:06 -0300] "GET /cormun/servlet/trlicencias?gx-no-cache=1488988773107 HTTP/1.1" 200 7986
186.79.164.248 - - [08/Mar/2017:12:59:06 -0300] "GET /cormun/servlet/trlicencias?gx-no-cache=1488988773107 HTTP/1.1" 200 8002
186.103.159.182 - - [08/Mar/2017:12:59:07 -0300] "GET /cormun/servlet/trautorizarsolicitud? HTTP/1.1" 200 8190
186.103.159.182 - - [08/Mar/2017:12:59:09 -0300] "GET /cormun/servlet/trautorizarsolicitud? HTTP/1.1" 200 8190
186.67.172.234 - - [08/Mar/2017:12:59:10 -0300] "POST /cormun/servlet/solicitudot?gx-no-cache=1488988822106 HTTP/1.1" 200 3263
186.67.172.234 - - [08/Mar/2017:12:59:10 -0300] "GET /cormun/servlet/solicitudot?55666e2abe1008313b57d4ee3a2a189d2b5387c2a98a7e1280f856135df367d23c3bc81ff71c2873910b330d9f846030cf9b06cb7d280ab6723eac88da057f14941b8d8ac4b638c3106a74f320fe21304538aacd46a7c99e4aa3b295dacfb33c45c5db5759aa5dbdefaf832abe11d711b2a3c598217c3b59a7e6257cd6f7dee7b0878c5b2b949e38b7ff70c2572bc203f0de1c525d30fc58e7234a049e90c0b94652d315e0067bb4bcecbe178054cb2e771473154eac5a6b6964a0ffb321cc45ef9e8b0f8f1f2fbe196f66936283fbf351a092100e8b328226068529b871841fa1cd163525f70c2bb793a2b4349b39aa4869f429fc1d4a689c59b0d403530dee97a9ac064e9d4f6e3184ad99d690344931fe6b4d258a69d1fb75fe1e2463ae9b611487137b5ed1ff0bb1ded493e12c32bec27493bb86e05084f73103e8c1c58a1a6cff6fd5d269e99e1411cc0b2ad851f1b4904f9b16524b480370282248cfa25bf3e98df58dec5d8214aa348f57ac79fb7a3b80d0fda7e9d15e35f5c5b62fd128e144df751e49fc049dd9065cf68f9d,gx-no-cache=1488988822284 HTTP/1.1" 200 30
186.67.172.234 - - [08/Mar/2017:12:59:10 -0300] "POST /cormun/servlet/solicitudot?gx-no-cache=1488988822314 HTTP/1.1" 200 30
186.67.172.234 - - [08/Mar/2017:12:59:10 -0300] "POST /cormun/servlet/solicitudot?gx-no-cache=1488988822352 HTTP/1.1" 200 1287
186.67.172.234 - - [08/Mar/2017:12:59:10 -0300] "POST /cormun/servlet/solicitudot?gx-no-cache=1488988822401 HTTP/1.1" 200 41
186.67.172.234 - - [08/Mar/2017:12:59:10 -0300] "POST /cormun/servlet/solicitudot?gx-no-cache=1488988822430 HTTP/1.1" 200 1275
186.67.172.234 - - [08/Mar/2017:12:59:10 -0300] "POST /cormun/servlet/solicitudot?gx-no-cache=1488988822478 HTTP/1.1" 200 1156
186.67.172.234 - - [08/Mar/2017:12:59:10 -0300] "GET /cormun/servlet/solicitudot?55666e2abe1008313b57d4ee3a2a189da2617546bd2b7a95c62c6cb109efd222eb912ebce12af6a53e5fbcb18c7f2be8f1c2419155cad5f7deb868b5161270325748bdfc065bd0f22db197549ac820f233ac6767a44153c25c673f55c5b4f9b1f933812aab1f0c38e92a384665b4aec441e5bb56c845139a2492e35c2f10ca2804f664ce076d59d6388dca2097dd0fda8c264db7f1e42788bc09fc0aed5f604ee691e89c9bfbcc9ebb3d1c1c5414fa46,gx-no-cache=1488988822528 HTTP/1.1" 200 30
186.67.172.234 - - [08/Mar/2017:12:59:10 -0300] "POST /cormun/servlet/solicitudot?3640e7c30c6accf1784ab319991f15b0,INS,0,0,,gx-no-cache=1488988822882 HTTP/1.1" 200 11341
186.103.159.182 - - [08/Mar/2017:12:59:14 -0300] "POST /cormun/servlet/trautorizarsolicitud?f4139f5be8a4522b64dd76bb35e959d5,,gx-no-cache=1488988824126 HTTP/1.1" 200 4309
186.103.159.182 - - [08/Mar/2017:12:59:14 -0300] "POST /cormun/servlet/trautorizarsolicitud?f4139f5be8a4522b64dd76bb35e959d5,,gx-no-cache=1488988824522 HTTP/1.1" 200 4093
186.67.172.234 - - [08/Mar/2017:12:59:27 -0300] "GET /cormun/servlet/trsolicitudot? HTTP/1.1" 200 6996
192.168.10.89 - - [08/Mar/2017:12:59:27 -0300] "POST /cormun/servlet/trsolicitudgral?a71cd868c287e5201af2b8c764028c34,,gx-no-cache=1488992051109 HTTP/1.1" 200 17671
186.67.172.234 - - [08/Mar/2017:12:59:27 -0300] "GET /cormun/servlet/trsolicitudot? HTTP/1.1" 200 6995
186.67.172.234 - - [08/Mar/2017:12:59:32 -0300] "GET /cormun/servlet/hhome HTTP/1.1" 200 4026
186.67.172.234 - - [08/Mar/2017:12:59:32 -0300] "GET /cormun/servlet/hhome HTTP/1.1" 200 4024
192.168.10.89 - - [08/Mar/2017:12:59:33 -0300] "GET /cormun/servlet/solicitudgral?UPD,2017,5347, HTTP/1.1" 200 12145
192.168.10.89 - - [08/Mar/2017:12:59:34 -0300] "POST /cormun/servlet/solicitudgral?gx-no-cache=1488992058702 HTTP/1.1" 200 3163
192.168.10.89 - - [08/Mar/2017:12:59:34 -0300] "GET /cormun/servlet/solicitudgral?e391f85c819734e650f333dfe9b759579665b353954b05adce76e218bc9e565221671105e1e1c68fee47045869c04fe3d6f1bdd1f01e2e3fd3472829b336119925e865df2f1a84503cea9e62ff17862297b2f59509f052777031f64a5b2387633026330a08be174e0cb5aa58f9f4c4660aa0f68ed2863efecf468e3b250da187deedb79bfe546039442e3690e7f6c33d5f785031c1b99438e264267e9a07839130a80d55b4619cb67d19a7c93eedec7bd154f06d8f1a0fa469063dfdbe1661dddda63be2518c327fde42835de3be8f382081be176f0deac0906e249eb72bc455e6a8271253ff307bde8aac7684f42b312b360d1dd2456403fe2d37540d585cfcee404c779c9a33e00ad849966d8579f28d5547e916071382ff4969059c040e8ea8513e4d5828214bfca6c6da7495751aef3ae0d2e617ae6538cd7ae4cbf3e41f46afccf8a7fc55ead7f455a1628f0495,gx-no-cache=1488992058921 HTTP/1.1" 200 257
186.67.172.234 - - [08/Mar/2017:12:59:35 -0300] "GET /cormun/servlet/trsolicitudot? HTTP/1.1" 200 6996
186.67.172.234 - - [08/Mar/2017:12:59:36 -0300] "GET /cormun/servlet/trsolicitudot? HTTP/1.1" 200 6995
192.168.10.89 - - [08/Mar/2017:12:59:36 -0300] "GET /cormun/servlet/solicitudgral?e391f85c819734e650f333dfe9b759574175455628e4d20e630b7e5d8501e2b4adb71c7384b9843bb896af1135f86641dc3692cb6d860927d30ac530d8a1c3f61b23b7432e754686478ab881b088edcde053ca10356773faf96d510e0d4d30d2ef5946db081b7910c1cc5741e893cf88b409151c53e92eace11ef23afbae92082f04febabf09ce0ed43fc6db27d497c48f7f403d42e7e1c9e6f0b9d27b4b70f9039c955886d216a2a431fc22b00131afbcbd17e9721129503d4f288433dfc4dbe49d7d559dc35a3fae6199299c9c8a5d01c50d862ad763d4855874f18de5d814418c56b7b8e44b8f3c3bdbe67ba9bb32ac3d83d3b8c8c539aa777582a3398680e8237a95735f3f09e21a83277f35cc30a93552111edb1985389529d0341176ed5391aca617af98d7d3b96d2fc3f411dbc31571bacee1be4c1a5a9c29332a6c71ddd60d5a70a89ef7a8e510cda1e849fe0c347ad6c1b7fb1a5f2eec50041540d02faa5f2529b8aa215e206ff52d0236cbf1aa7c6fa82872e5bfaecf0535d23290d0ebc27c10c527beb3f3d3906f097de05db2c361b83734140cd8ef462ff71326ba8211c872ff4ac0b2f607abbbd2a11fe12f0edef6e3bdc575afa2b1d520b5ffc7afce9cdb2dafcdd68fd37e75810f45087736e937b58fb9b3d2e01d2004fa2e7d5f9cff344884a220326d89d7d64ee1164f082774fdfab69f8ab62e8c8aeeab1b99bc637452912c06d25d59a84fb27c2b259e7bfa80e9ec3201a19f3ba4f3261d68acd109a7f92402bd4a0d6ab881ca,gx-no-cache=1488992060974 HTTP/1.1" 200 48
192.168.10.89 - - [08/Mar/2017:12:59:37 -0300] "POST /cormun/servlet/solicitudgral?a71cd868c287e5201af2b8c764028c34,UPD,2017,5347,,gx-no-cache=1488992061353 HTTP/1.1" 200 10530
192.168.10.89 - - [08/Mar/2017:12:59:37 -0300] "GET /cormun/servlet/solicitudgral?e391f85c819734e650f333dfe9b759575d911d5b3add7e8cf17c37ea901a700d58f29867e852179ea4d9b7249481a47162dfc6262b5e3d1834ac9593beaf465aca58343f311f949244df9b837945e35d8dc1098bff7575dcc47586a84a672a8a51c9a7501e080612af603556949304b7aa0ceadce11a051746a7cda5f44547aed4132287726f48ab6dace13503601da0bed34d2ea872e08684e3072f43751db1,gx-no-cache=1488992061926 HTTP/1.1" 200 29
192.168.10.89 - - [08/Mar/2017:12:59:37 -0300] "POST /cormun/servlet/solicitudgral?gx-no-cache=1488992061961 HTTP/1.1" 200 1249
192.168.10.89 - - [08/Mar/2017:12:59:38 -0300] "POST /cormun/servlet/solicitudgral?gx-no-cache=1488992062001 HTTP/1.1" 200 1155
186.67.172.234 - - [08/Mar/2017:12:59:40 -0300] "GET /cormun/servlet/solicitudot?INS,0,0, HTTP/1.1" 200 12818
186.67.172.234 - - [08/Mar/2017:12:59:41 -0300] "GET /cormun/servlet/solicitudot?INS,0,0, HTTP/1.1" 200 12823
192.168.10.89 - - [08/Mar/2017:12:59:48 -0300] "POST /cormun/servlet/solicitudgral?a71cd868c287e5201af2b8c764028c34,UPD,2017,5347,,gx-no-cache=1488992072505 HTTP/1.1" 200 93
192.168.10.89 - - [08/Mar/2017:12:59:48 -0300] "GET /cormun/servlet/hpexe_return? HTTP/1.1" 200 1012
192.168.10.89 - - [08/Mar/2017:12:59:49 -0300] "GET /cormun/servlet/trsolicitudgral? HTTP/1.1" 200 20565
186.103.159.182 - - [08/Mar/2017:12:59:56 -0300] "GET /cormun/servlet/trsolicitudot? HTTP/1.1" 200 8142
186.67.172.234 - - [08/Mar/2017:12:59:56 -0300] "POST /cormun/servlet/solicitudot?gx-no-cache=1488988868096 HTTP/1.1" 200 3260
186.67.172.234 - - [08/Mar/2017:12:59:56 -0300] "GET /cormun/static/Shared/jqueryui/images/ui-bg_highlight-soft_100_c6c2c8_1x100.png HTTP/1.1" 404 1117
186.67.172.234 - - [08/Mar/2017:12:59:56 -0300] "GET /cormun/static/Shared/jqueryui/images/ui-icons_82798d_256x240.png HTTP/1.1" 404 1089
186.67.172.234 - - [08/Mar/2017:12:59:56 -0300] "GET /cormun/static/Shared/jqueryui/images/ui-bg_flat_55_994d53_40x100.png HTTP/1.1" 404 1097
186.67.172.234 - - [08/Mar/2017:12:59:56 -0300] "GET /cormun/static/Shared/jqueryui/images/ui-icons_ebccce_256x240.png HTTP/1.1" 404 1089
192.168.10.89 - - [08/Mar/2017:12:59:57 -0300] "POST /cormun/servlet/trsolicitudgral?a71cd868c287e5201af2b8c764028c34,,gx-no-cache=1488992080983 HTTP/1.1" 200 17347
186.103.159.182 - - [08/Mar/2017:12:59:58 -0300] "GET /cormun/servlet/trsolicitudot? HTTP/1.1" 200 8141
192.168.10.89 - - [08/Mar/2017:12:59:58 -0300] "GET /cormun/static/Shared/jqueryui/images/ui-bg_highlight-soft_100_c6c2c8_1x100.png HTTP/1.1" 404 1117
192.168.10.89 - - [08/Mar/2017:12:59:58 -0300] "GET /cormun/static/Shared/jqueryui/images/ui-icons_8d78a5_256x240.png HTTP/1.1" 404 1089
192.168.10.89 - - [08/Mar/2017:12:59:58 -0300] "GET /cormun/static/Shared/jqueryui/images/ui-icons_82798d_256x240.png HTTP/1.1" 404 1089
192.168.10.89 - - [08/Mar/2017:12:59:58 -0300] "GET /cormun/static/Shared/jqueryui/images/ui-bg_flat_55_fafafa_40x100.png HTTP/1.1" 404 1097
186.67.172.234 - - [08/Mar/2017:13:00:07 -0300] "GET /cormun/servlet/solicitudot?55666e2abe1008313b57d4ee3a2a189dc43eae3aa8e16608b062086db16cd64b2b858b7bba2c35fbd796a7d5c9cc75e8,gx-no-cache=1488988879466 HTTP/1.1" 200 30
186.103.159.182 - - [08/Mar/2017:13:00:12 -0300] "GET /cormun/servlet/solicitudot?INS,0,0, HTTP/1.1" 200 12817
186.103.159.182 - - [08/Mar/2017:13:00:14 -0300] "GET /cormun/servlet/solicitudot?INS,0,0, HTTP/1.1" 200 12821
186.103.159.182 - - [08/Mar/2017:13:00:27 -0300] "POST /cormun/servlet/solicitudot?gx-no-cache=1488988897899 HTTP/1.1" 200 3081
186.103.159.182 - - [08/Mar/2017:13:00:28 -0300] "POST /cormun/servlet/solicitudot?f4139f5be8a4522b64dd76bb35e959d5,INS,0,0,,gx-no-cache=1488988898170 HTTP/1.1" 200 9857
186.103.159.182 - - [08/Mar/2017:13:00:30 -0300] "GET /cormun/servlet/solicitudot?d513c10847bf977b0e6f91091845b4ed5e73658cd554d340463f9b8b63b91cdcf9c07b6615f6e464fc2cf6be60536f06,gx-no-cache=1488988900296 HTTP/1.1" 200 30
192.168.10.89 - - [08/Mar/2017:13:00:32 -0300] "POST /cormun/servlet/trsolicitudgral?a71cd868c287e5201af2b8c764028c34,,gx-no-cache=1488992116745 HTTP/1.1" 200 115
192.168.10.89 - - [08/Mar/2017:13:00:32 -0300] "GET /cormun/servlet/solicitudotlog?INS,2017,5340,0,REC, HTTP/1.1" 200 6153
192.168.10.89 - - [08/Mar/2017:13:00:34 -0300] "GET /cormun/servlet/solicitudotlog?e391f85c819734e650f333dfe9b75957ca8469cace4da105b7716ab34ee5736099262f994c87f4f8a5d67cf2b8ca9ce9ea407dd54ad33d06ffb059bd46c62f3f6e2aa64015b7b8710d37c468a44fc0103c338a887bc9233dc7fb017db89977763bbaef75928b3019d14d94a729914319eb31421ca0fe0ae8e978534b7529c67bd9b22a1aa09dbc357e2e5e9dbe6df98fc9feb49249c757126082c697fa12daeb,gx-no-cache=1488992118304 HTTP/1.1" 200 94
192.168.10.89 - - [08/Mar/2017:13:00:39 -0300] "POST /cormun/servlet/solicitudotlog?a71cd868c287e5201af2b8c764028c34,INS,2017,5340,0,REC,,gx-no-cache=1488992123379 HTTP/1.1" 200 93
192.168.10.89 - - [08/Mar/2017:13:00:39 -0300] "GET /cormun/servlet/hpexe_return? HTTP/1.1" 200 1020
192.168.10.89 - - [08/Mar/2017:13:00:40 -0300] "GET /cormun/servlet/trsolicitudgral? HTTP/1.1" 200 20068
192.168.10.89 - - [08/Mar/2017:13:01:04 -0300] "POST /cormun/servlet/trsolicitudgral?a71cd868c287e5201af2b8c764028c34,,gx-no-cache=1488992148330 HTTP/1.1" 200 115
192.168.10.89 - - [08/Mar/2017:13:01:04 -0300] "GET /cormun/servlet/solicitudotlog?INS,2017,5311,0,REC, HTTP/1.1" 200 6153
192.168.10.89 - - [08/Mar/2017:13:01:05 -0300] "GET /cormun/servlet/solicitudotlog?e391f85c819734e650f333dfe9b7595714f9c143169ec8a6aadbdb11e878d56999262f994c87f4f8a5d67cf2b8ca9ce9ea407dd54ad33d06ffb059bd46c62f3f6e2aa64015b7b8710d37c468a44fc0103c338a887bc9233dc7fb017db89977763bbaef75928b3019d14d94a729914319eb31421ca0fe0ae8e978534b7529c67bd9b22a1aa09dbc357e2e5e9dbe6df98fc9feb49249c757126082c697fa12daeb,gx-no-cache=1488992149746 HTTP/1.1" 200 94
192.168.10.89 - - [08/Mar/2017:13:01:10 -0300] "POST /cormun/servlet/solicitudotlog?a71cd868c287e5201af2b8c764028c34,INS,2017,5311,0,REC,,gx-no-cache=1488992154210 HTTP/1.1" 200 93
192.168.10.89 - - [08/Mar/2017:13:01:10 -0300] "GET /cormun/servlet/hpexe_return? HTTP/1.1" 200 1019
192.168.10.89 - - [08/Mar/2017:13:01:11 -0300] "GET /cormun/servlet/trsolicitudgral HTTP/1.1" 200 19863
192.168.10.89 - - [08/Mar/2017:13:02:07 -0300] "POST /cormun/servlet/trsolicitudgral?a71cd868c287e5201af2b8c764028c34,gx-no-cache=1488992211133 HTTP/1.1" 200 115
192.168.10.89 - - [08/Mar/2017:13:02:07 -0300] "GET /cormun/servlet/solicitudotlog?INS,2017,5302,0,REC, HTTP/1.1" 200 6152
192.168.10.89 - - [08/Mar/2017:13:02:08 -0300] "GET /cormun/servlet/solicitudotlog?e391f85c819734e650f333dfe9b75957ce029d373838f30eb4b1fa3fb3d9a03899262f994c87f4f8a5d67cf2b8ca9ce9ea407dd54ad33d06ffb059bd46c62f3f6e2aa64015b7b8710d37c468a44fc0103c338a887bc9233dc7fb017db89977763bbaef75928b3019d14d94a729914319eb31421ca0fe0ae8e978534b7529c67bd9b22a1aa09dbc357e2e5e9dbe6df98fc9feb49249c757126082c697fa12daeb,gx-no-cache=1488992212546 HTTP/1.1" 200 94
192.168.10.89 - - [08/Mar/2017:13:02:11 -0300] "POST /cormun/servlet/solicitudotlog?a71cd868c287e5201af2b8c764028c34,INS,2017,5302,0,REC,,gx-no-cache=1488992215640 HTTP/1.1" 200 93
192.168.10.89 - - [08/Mar/2017:13:02:11 -0300] "GET /cormun/servlet/hpexe_return? HTTP/1.1" 200 1019
192.168.10.89 - - [08/Mar/2017:13:02:12 -0300] "GET /cormun/servlet/trsolicitudgral HTTP/1.1" 200 19670
186.67.172.234 - - [08/Mar/2017:13:02:13 -0300] "POST /cormun/servlet/solicitudot?3640e7c30c6accf1784ab319991f15b0,INS,0,0,,gx-no-cache=1488989005676 HTTP/1.1" 200 93
186.67.172.234 - - [08/Mar/2017:13:02:13 -0300] "GET /cormun/servlet/hpexe_return? HTTP/1.1" 200 1008
186.67.172.234 - - [08/Mar/2017:13:02:13 -0300] "GET /cormun/static/gxcfg.js?2016101716175148 HTTP/1.1" 304 -
186.67.172.234 - - [08/Mar/2017:13:02:13 -0300] "GET /cormun/servlet/trsolicitudot HTTP/1.1" 200 6999
186.67.172.234 - - [08/Mar/2017:13:02:14 -0300] "GET /cormun/servlet/trsolicitudot HTTP/1.1" 200 6995
192.168.10.89 - - [08/Mar/2017:13:02:42 -0300] "POST /cormun/servlet/trsolicitudgral?a71cd868c287e5201af2b8c764028c34,gx-no-cache=1488992246782 HTTP/1.1" 200 115
192.168.10.89 - - [08/Mar/2017:13:02:42 -0300] "GET /cormun/servlet/solicitudotlog?INS,2017,5306,0,REC, HTTP/1.1" 200 6152
186.79.164.248 - - [08/Mar/2017:13:02:44 -0300] "POST /cormun/servlet/trlicencias?8b958f0a824b1c6d40efcbdae6b31afa,gx-no-cache=1488988773107,gx-no-cache=1488989031609 HTTP/1.1" 200 5375
192.168.10.89 - - [08/Mar/2017:13:02:44 -0300] "GET /cormun/servlet/solicitudotlog?e391f85c819734e650f333dfe9b759574a1c7fc5a80cdf04b33e760966d421b199262f994c87f4f8a5d67cf2b8ca9ce9ea407dd54ad33d06ffb059bd46c62f3f6e2aa64015b7b8710d37c468a44fc0103c338a887bc9233dc7fb017db89977763bbaef75928b3019d14d94a729914319eb31421ca0fe0ae8e978534b7529c67bd9b22a1aa09dbc357e2e5e9dbe6df98fc9feb49249c757126082c697fa12daeb,gx-no-cache=1488992248227 HTTP/1.1" 200 94
186.79.164.248 - - [08/Mar/2017:13:02:44 -0300] "GET /cormun/static/Shared/jqueryui/images/ui-bg_highlight-soft_100_c6c2c8_1x100.png HTTP/1.1" 404 1117
186.79.164.248 - - [08/Mar/2017:13:02:44 -0300] "GET /cormun/static/Shared/jqueryui/images/ui-bg_flat_55_fafafa_40x100.png HTTP/1.1" 404 1097
186.79.164.248 - - [08/Mar/2017:13:02:44 -0300] "GET /cormun/static/Shared/jqueryui/images/ui-icons_82798d_256x240.png HTTP/1.1" 404 1089
186.79.164.248 - - [08/Mar/2017:13:02:44 -0300] "GET /cormun/static/Shared/jqueryui/images/ui-icons_8d78a5_256x240.png HTTP/1.1" 404 1089
192.168.10.89 - - [08/Mar/2017:13:02:48 -0300] "POST /cormun/servlet/solicitudotlog?a71cd868c287e5201af2b8c764028c34,INS,2017,5306,0,REC,,gx-no-cache=1488992251991 HTTP/1.1" 200 93
192.168.10.89 - - [08/Mar/2017:13:02:48 -0300] "GET /cormun/servlet/hpexe_return? HTTP/1.1" 200 1019
192.168.10.89 - - [08/Mar/2017:13:02:48 -0300] "GET /cormun/servlet/trsolicitudgral HTTP/1.1" 200 19470
192.168.10.89 - - [08/Mar/2017:13:02:55 -0300] "POST /cormun/servlet/trsolicitudgral?a71cd868c287e5201af2b8c764028c34,gx-no-cache=1488992259927 HTTP/1.1" 200 115
192.168.10.89 - - [08/Mar/2017:13:02:56 -0300] "GET /cormun/servlet/solicitudotlog?INS,2017,5307,0,REC, HTTP/1.1" 200 6152
192.168.10.89 - - [08/Mar/2017:13:02:57 -0300] "GET /cormun/servlet/solicitudotlog?e391f85c819734e650f333dfe9b759571690731bb716513b88397ba7ea0aab6299262f994c87f4f8a5d67cf2b8ca9ce9ea407dd54ad33d06ffb059bd46c62f3f6e2aa64015b7b8710d37c468a44fc0103c338a887bc9233dc7fb017db89977763bbaef75928b3019d14d94a729914319eb31421ca0fe0ae8e978534b7529c67bd9b22a1aa09dbc357e2e5e9dbe6df98fc9feb49249c757126082c697fa12daeb,gx-no-cache=1488992261390 HTTP/1.1" 200 94
192.168.10.89 - - [08/Mar/2017:13:03:00 -0300] "POST /cormun/servlet/solicitudotlog?a71cd868c287e5201af2b8c764028c34,INS,2017,5307,0,REC,,gx-no-cache=1488992264261 HTTP/1.1" 200 93
192.168.10.89 - - [08/Mar/2017:13:03:00 -0300] "GET /cormun/servlet/hpexe_return? HTTP/1.1" 200 1019
192.168.10.89 - - [08/Mar/2017:13:03:01 -0300] "GET /cormun/servlet/trsolicitudgral HTTP/1.1" 200 19265
192.168.10.89 - - [08/Mar/2017:13:03:10 -0300] "POST /cormun/servlet/trsolicitudgral?a71cd868c287e5201af2b8c764028c34,gx-no-cache=1488992274522 HTTP/1.1" 200 115
192.168.10.89 - - [08/Mar/2017:13:03:10 -0300] "GET /cormun/servlet/solicitudotlog?INS,2017,5308,0,REC, HTTP/1.1" 200 6152
192.168.10.89 - - [08/Mar/2017:13:03:12 -0300] "GET /cormun/servlet/solicitudotlog?e391f85c819734e650f333dfe9b75957b54a3c33d861a1c9ad5c939d24f5404e99262f994c87f4f8a5d67cf2b8ca9ce9ea407dd54ad33d06ffb059bd46c62f3f6e2aa64015b7b8710d37c468a44fc0103c338a887bc9233dc7fb017db89977763bbaef75928b3019d14d94a729914319eb31421ca0fe0ae8e978534b7529c67bd9b22a1aa09dbc357e2e5e9dbe6df98fc9feb49249c757126082c697fa12daeb,gx-no-cache=1488992276155 HTTP/1.1" 200 94
192.168.10.89 - - [08/Mar/2017:13:03:15 -0300] "POST /cormun/servlet/solicitudotlog?a71cd868c287e5201af2b8c764028c34,INS,2017,5308,0,REC,,gx-no-cache=1488992279644 HTTP/1.1" 200 93
192.168.10.89 - - [08/Mar/2017:13:03:15 -0300] "GET /cormun/servlet/hpexe_return? HTTP/1.1" 200 1019
192.168.10.89 - - [08/Mar/2017:13:03:16 -0300] "GET /cormun/servlet/trsolicitudgral HTTP/1.1" 200 19001
192.168.10.62 - - [08/Mar/2017:13:03:37 -0300] "GET /cormun/servlet/trconsultaempleado? HTTP/1.1" 200 8833
192.168.10.62 - - [08/Mar/2017:13:03:38 -0300] "GET /cormun/servlet/trconsultaempleado? HTTP/1.1" 200 8832
192.168.10.62 - - [08/Mar/2017:13:03:42 -0300] "POST /cormun/servlet/trconsultaempleado?01791375478a4d94b1e94891a98ee5fd,,gx-no-cache=1488992306195 HTTP/1.1" 200 6443
192.168.10.89 - - [08/Mar/2017:13:03:42 -0300] "POST /cormun/servlet/trsolicitudgral?a71cd868c287e5201af2b8c764028c34,gx-no-cache=1488992306894 HTTP/1.1" 200 115
192.168.10.89 - - [08/Mar/2017:13:03:43 -0300] "GET /cormun/servlet/solicitudotlog?INS,2017,5346,0,REC, HTTP/1.1" 200 6152
192.168.10.89 - - [08/Mar/2017:13:03:44 -0300] "GET /cormun/servlet/solicitudotlog?e391f85c819734e650f333dfe9b7595765c982db3a7878a7e45195c15730331b99262f994c87f4f8a5d67cf2b8ca9ce9ea407dd54ad33d06ffb059bd46c62f3f6e2aa64015b7b8710d37c468a44fc0103c338a887bc9233dc7fb017db89977763bbaef75928b3019d14d94a729914319eb31421ca0fe0ae8e978534b7529c67bd9b22a1aa09dbc357e2e5e9dbe6df98fc9feb49249c757126082c697fa12daeb,gx-no-cache=1488992308413 HTTP/1.1" 200 94
192.168.10.89 - - [08/Mar/2017:13:03:48 -0300] "POST /cormun/servlet/solicitudotlog?a71cd868c287e5201af2b8c764028c34,INS,2017,5346,0,REC,,gx-no-cache=1488992312233 HTTP/1.1" 200 93
192.168.10.89 - - [08/Mar/2017:13:03:48 -0300] "GET /cormun/servlet/hpexe_return? HTTP/1.1" 200 1019
192.168.10.89 - - [08/Mar/2017:13:03:49 -0300] "GET /cormun/servlet/trsolicitudgral HTTP/1.1" 200 18770
192.168.10.62 - - [08/Mar/2017:13:04:24 -0300] "POST /cormun/servlet/trconsultaempleado?01791375478a4d94b1e94891a98ee5fd,,gx-no-cache=1488992348342 HTTP/1.1" 200 4073
192.168.10.62 - - [08/Mar/2017:13:04:26 -0300] "GET /cormun/servlet/trsolicitudnombre?5614503, HTTP/1.1" 200 7123
192.168.10.62 - - [08/Mar/2017:13:04:26 -0300] "GET /cormun/servlet/trsolicitudnombre?5614503, HTTP/1.1" 200 7123
192.168.10.62 - - [08/Mar/2017:13:04:32 -0300] "POST /cormun/servlet/trsolicitudnombre?01791375478a4d94b1e94891a98ee5fd,5614503,,gx-no-cache=1488992356018 HTTP/1.1" 200 90
192.168.10.62 - - [08/Mar/2017:13:04:32 -0300] "GET /cormun/servlet/hpexe_link HTTP/1.1" 200 973
192.168.10.62 - - [08/Mar/2017:13:04:32 -0300] "GET /cormun/servlet/trconsultaempleado? HTTP/1.1" 200 6286
192.168.10.62 - - [08/Mar/2017:13:04:32 -0300] "GET /cormun/servlet/trconsultaempleado? HTTP/1.1" 200 6284
192.168.10.62 - - [08/Mar/2017:13:04:35 -0300] "GET /cormun/servlet/trsolicitudnombre?5614503, HTTP/1.1" 200 7121
192.168.10.62 - - [08/Mar/2017:13:04:35 -0300] "GET /cormun/servlet/trsolicitudnombre?5614503, HTTP/1.1" 200 7121
192.168.10.62 - - [08/Mar/2017:13:04:39 -0300] "GET /cormun/servlet/vesolicitudnombre?2016,1250,, HTTP/1.1" 200 8008
192.168.10.62 - - [08/Mar/2017:13:04:40 -0300] "GET /cormun/pexe_scrolldiv.js HTTP/1.1" 404 1009
192.168.10.62 - - [08/Mar/2017:13:04:40 -0300] "GET /cormun/pexe_scrolldiv.js HTTP/1.1" 404 1009
192.168.10.62 - - [08/Mar/2017:13:04:40 -0300] "GET /cormun/servlet/vesolicitudnombre?2016,1250,, HTTP/1.1" 200 8002
192.168.10.62 - - [08/Mar/2017:13:04:42 -0300] "POST /cormun/servlet/vesolicitudnombre?01791375478a4d94b1e94891a98ee5fd,2016,1250,,,gx-no-cache=1488992366882 HTTP/1.1" 200 90
192.168.10.62 - - [08/Mar/2017:13:04:43 -0300] "GET /cormun/servlet/hpexe_link HTTP/1.1" 200 973
192.168.10.62 - - [08/Mar/2017:13:04:43 -0300] "GET /cormun/servlet/trsolicitudnombre?5614503, HTTP/1.1" 200 7122
192.168.10.62 - - [08/Mar/2017:13:04:43 -0300] "GET /cormun/servlet/trsolicitudnombre?5614503, HTTP/1.1" 200 7121
192.168.10.62 - - [08/Mar/2017:13:04:46 -0300] "GET /cormun/servlet/vesolicitudnombre?2017,4993,, HTTP/1.1" 200 8031
192.168.10.62 - - [08/Mar/2017:13:04:46 -0300] "GET /cormun/pexe_scrolldiv.js HTTP/1.1" 404 1009
192.168.10.62 - - [08/Mar/2017:13:04:46 -0300] "GET /cormun/pexe_scrolldiv.js HTTP/1.1" 404 1009
192.168.10.62 - - [08/Mar/2017:13:04:47 -0300] "GET /cormun/servlet/vesolicitudnombre?2017,4993,, HTTP/1.1" 200 8025
186.103.159.182 - - [08/Mar/2017:13:06:01 -0300] "GET /cormun/servlet/trvisualizadoreventos? HTTP/1.1" 200 6780
186.103.159.182 - - [08/Mar/2017:13:06:01 -0300] "GET /cormun/static/gxcfg.js?2016101716203350 HTTP/1.1" 200 953
186.103.159.182 - - [08/Mar/2017:13:06:01 -0300] "GET /cormun/static/Resources/PXToolsActionPrint.png HTTP/1.1" 200 3317
186.103.159.182 - - [08/Mar/2017:13:06:03 -0300] "GET /cormun/servlet/trvisualizadoreventos? HTTP/1.1" 200 6774
186.103.159.182 - - [08/Mar/2017:13:06:46 -0300] "POST /cormun/servlet/trvisualizadoreventos?f4139f5be8a4522b64dd76bb35e959d5,,gx-no-cache=1488989276558 HTTP/1.1" 200 3972
186.103.159.182 - - [08/Mar/2017:13:07:07 -0300] "POST /cormun/servlet/trvisualizadoreventos?f4139f5be8a4522b64dd76bb35e959d5,,gx-no-cache=1488989297171 HTTP/1.1" 200 4325
192.168.10.89 - - [08/Mar/2017:13:07:23 -0300] "GET /cormun/servlet/hlogin HTTP/1.1" 200 1735
200.83.57.219 - - [08/Mar/2017:13:07:35 -0300] "GET /cormun/servlet/hlogin HTTP/1.1" 200 1720
200.83.57.219 - - [08/Mar/2017:13:07:35 -0300] "GET /cormun/servlet/hlogin HTTP/1.1" 200 1731
186.79.164.248 - - [08/Mar/2017:13:08:23 -0300] "GET /cormun/servlet/trlicenciaspermisosadjuntos?7141963,20170308000000,L, HTTP/1.1" 200 6353
186.79.164.248 - - [08/Mar/2017:13:08:23 -0300] "GET /cormun/static/gxcfg.js?2016122813131454 HTTP/1.1" 200 953
186.79.164.248 - - [08/Mar/2017:13:08:23 -0300] "GET /cormun/static/trlicenciaspermisosadjuntos.js?2016122813131728 HTTP/1.1" 200 21008
186.79.164.248 - - [08/Mar/2017:13:08:24 -0300] "GET /cormun/servlet/trlicenciaspermisosadjuntos?7141963,20170308000000,L, HTTP/1.1" 200 6333
186.79.164.248 - - [08/Mar/2017:13:08:25 -0300] "POST /cormun/servlet/acontrolpreferencessavestate?None,GVALDES,true HTTP/1.1" 200 35
186.79.164.248 - - [08/Mar/2017:13:08:26 -0300] "GET /cormun/servlet/licenciaspermisosadjuntos?INS,7141963,L,20170308000000,, HTTP/1.1" 200 5629
186.79.164.248 - - [08/Mar/2017:13:08:26 -0300] "GET /cormun/static/gxcfg.js?2016122813131386 HTTP/1.1" 200 953
186.79.164.248 - - [08/Mar/2017:13:08:26 -0300] "GET /cormun/static/licenciaspermisosadjuntos.js?2016122813131394 HTTP/1.1" 200 8757
186.79.164.248 - - [08/Mar/2017:13:08:26 -0300] "GET /cormun/static/about:blank HTTP/1.1" 404 1011
186.79.164.248 - - [08/Mar/2017:13:08:26 -0300] "GET /cormun/servlet/licenciaspermisosadjuntos?INS,7141963,L,20170308000000,, HTTP/1.1" 200 5619
