186.103.159.182 - - [08/Mar/2017:08:57:15 -0300] "POST /cormun/servlet/solicitudotadjuntos?d23585cbfde9d4d776bfc70582156f2d,INS,2017,5302,,1,,gx-no-cache=1488974305475 HTTP/1.1" 200 3854
186.103.159.182 - - [08/Mar/2017:08:57:19 -0300] "POST /cormun/servlet/solicitudotadjuntos?gx-no-cache=1488974309283 HTTP/1.1" 200 26
186.103.159.182 - - [08/Mar/2017:08:57:26 -0300] "GET /cormun/servlet/solicitudotadjuntos?d9aa7e4cabde8ac52d1d5ae28e992e6bf15c227cb9822cff6325daec72246283,gx-no-cache=1488974317119 HTTP/1.1" 200 30
186.103.159.182 - - [08/Mar/2017:08:57:26 -0300] "GET /cormun/servlet/solicitudotadjuntos?d9aa7e4cabde8ac52d1d5ae28e992e6bf15c227cb9822cff6325daec72246283,gx-no-cache=1488974317145 HTTP/1.1" 200 30
186.103.159.182 - - [08/Mar/2017:08:57:32 -0300] "POST /cormun/servlet/solicitudotadjuntos?d23585cbfde9d4d776bfc70582156f2d,INS,2017,5302,,1, HTTP/1.1" 200 116
186.103.159.182 - - [08/Mar/2017:08:57:32 -0300] "GET /cormun/servlet/hpexe_return? HTTP/1.1" 200 1021
186.103.159.182 - - [08/Mar/2017:08:57:33 -0300] "GET /cormun/servlet/trsolicitudadjuntos?2017,5302, HTTP/1.1" 200 8880
186.103.159.182 - - [08/Mar/2017:08:57:34 -0300] "GET /cormun/servlet/trsolicitudadjuntos?2017,5302, HTTP/1.1" 200 8879
186.103.159.182 - - [08/Mar/2017:08:57:37 -0300] "GET /cormun/servlet/solicitudotadjuntos?INS,2017,5302,,1, HTTP/1.1" 200 6050
186.103.159.182 - - [08/Mar/2017:08:57:38 -0300] "GET /cormun/static/about:blank HTTP/1.1" 404 1011
186.103.159.182 - - [08/Mar/2017:08:57:38 -0300] "GET /cormun/servlet/solicitudotadjuntos?INS,2017,5302,,1, HTTP/1.1" 200 6044
186.103.159.182 - - [08/Mar/2017:08:57:38 -0300] "GET /cormun/servlet/solicitudotadjuntos?d9aa7e4cabde8ac52d1d5ae28e992e6b869e0139df329900a2c780e7a923c505a78a036cd951ef8fdf3aa151a71b094c,gx-no-cache=1488974328872 HTTP/1.1" 200 30
186.103.159.182 - - [08/Mar/2017:08:57:38 -0300] "POST /cormun/servlet/solicitudotadjuntos?d23585cbfde9d4d776bfc70582156f2d,INS,2017,5302,,1,,gx-no-cache=1488974328952 HTTP/1.1" 200 3853
186.103.159.182 - - [08/Mar/2017:08:57:41 -0300] "POST /cormun/servlet/solicitudotadjuntos?gx-no-cache=1488974331769 HTTP/1.1" 200 26
186.103.159.182 - - [08/Mar/2017:08:57:47 -0300] "GET /cormun/servlet/solicitudotadjuntos?d9aa7e4cabde8ac52d1d5ae28e992e6bf15c227cb9822cff6325daec72246283,gx-no-cache=1488974338130 HTTP/1.1" 200 30
186.103.159.182 - - [08/Mar/2017:08:57:47 -0300] "GET /cormun/servlet/solicitudotadjuntos?d9aa7e4cabde8ac52d1d5ae28e992e6bf15c227cb9822cff6325daec72246283,gx-no-cache=1488974338169 HTTP/1.1" 200 30
186.103.159.182 - - [08/Mar/2017:08:57:49 -0300] "POST /cormun/servlet/solicitudotadjuntos?d23585cbfde9d4d776bfc70582156f2d,INS,2017,5302,,1, HTTP/1.1" 200 116
186.103.159.182 - - [08/Mar/2017:08:57:49 -0300] "GET /cormun/servlet/hpexe_return? HTTP/1.1" 200 1021
186.103.159.182 - - [08/Mar/2017:08:57:50 -0300] "GET /cormun/servlet/trsolicitudadjuntos?2017,5302, HTTP/1.1" 200 9053
186.103.159.182 - - [08/Mar/2017:08:57:52 -0300] "GET /cormun/servlet/trsolicitudadjuntos?2017,5302, HTTP/1.1" 200 9053
186.103.159.182 - - [08/Mar/2017:08:58:00 -0300] "POST /cormun/servlet/trsolicitudadjuntos?d23585cbfde9d4d776bfc70582156f2d,2017,5302,,gx-no-cache=1488974350911 HTTP/1.1" 200 90
186.103.159.182 - - [08/Mar/2017:08:58:00 -0300] "GET /cormun/servlet/hpexe_link HTTP/1.1" 200 967
186.103.159.182 - - [08/Mar/2017:08:58:00 -0300] "GET /cormun/servlet/trsolicitudot HTTP/1.1" 200 8833
186.103.159.182 - - [08/Mar/2017:08:58:02 -0300] "GET /cormun/servlet/trsolicitudot HTTP/1.1" 200 8831
192.168.10.62 - - [08/Mar/2017:09:01:22 -0300] "GET /cormun/servlet/trsolicitudgral? HTTP/1.1" 200 24010
192.168.10.62 - - [08/Mar/2017:09:01:23 -0300] "GET /cormun/servlet/trsolicitudgral? HTTP/1.1" 200 23997
192.168.10.62 - - [08/Mar/2017:09:01:35 -0300] "GET /cormun/static/menuarrow.gif HTTP/1.1" 404 1015
192.168.10.62 - - [08/Mar/2017:09:01:39 -0300] "POST /cormun/servlet/trsolicitudgral?0c256e32380288432e166973b45455e5,,gx-no-cache=1488977783664 HTTP/1.1" 200 11064
192.168.10.62 - - [08/Mar/2017:09:01:44 -0300] "POST /cormun/servlet/trsolicitudgral?0c256e32380288432e166973b45455e5,,gx-no-cache=1488977788347 HTTP/1.1" 200 105
192.168.10.62 - - [08/Mar/2017:09:01:44 -0300] "POST /cormun/servlet/trsolicitudgral?0c256e32380288432e166973b45455e5,,gx-no-cache=1488977788543 HTTP/1.1" 200 11045
192.168.10.62 - - [08/Mar/2017:09:01:44 -0300] "GET /cormun/SolicitudGral-1701.xls HTTP/1.1" 200 11776
186.103.159.182 - - [08/Mar/2017:09:02:37 -0300] "GET /cormun/servlet/solicitudot?INS,0,0, HTTP/1.1" 200 12818
186.103.159.182 - - [08/Mar/2017:09:02:39 -0300] "GET /cormun/servlet/solicitudot?INS,0,0, HTTP/1.1" 200 12823
186.103.159.182 - - [08/Mar/2017:09:06:06 -0300] "POST /cormun/servlet/solicitudot?gx-no-cache=1488974835842 HTTP/1.1" 200 3081
186.103.159.182 - - [08/Mar/2017:09:06:07 -0300] "POST /cormun/servlet/solicitudot?d23585cbfde9d4d776bfc70582156f2d,INS,0,0,,gx-no-cache=1488974836733 HTTP/1.1" 200 9860
186.103.159.182 - - [08/Mar/2017:09:06:09 -0300] "GET /cormun/servlet/solicitudot?d9aa7e4cabde8ac52d1d5ae28e992e6b8f3362d35a1bdf302224b8e35f03160fb7a7f19b104632836a18333961f18916,gx-no-cache=1488974839780 HTTP/1.1" 200 30
186.103.157.235 - - [08/Mar/2017:09:06:15 -0300] "GET /cormun/servlet/hlogin HTTP/1.1" 200 1719
186.103.157.235 - - [08/Mar/2017:09:06:15 -0300] "GET /cormun/servlet/hlogin HTTP/1.1" 200 1729
186.103.157.235 - - [08/Mar/2017:09:06:27 -0300] "POST /cormun/servlet/hlogin?d413fc6be436e95b4627ef79d45a650f,gx-no-cache=1488975027456 HTTP/1.1" 200 90
186.103.157.235 - - [08/Mar/2017:09:06:28 -0300] "GET /cormun/servlet/hpexe_link HTTP/1.1" 200 956
186.103.157.235 - - [08/Mar/2017:09:06:28 -0300] "GET /cormun/servlet/hhome HTTP/1.1" 200 3955
186.103.157.235 - - [08/Mar/2017:09:06:29 -0300] "GET /cormun/servlet/hhome HTTP/1.1" 200 3952
186.103.157.235 - - [08/Mar/2017:09:06:35 -0300] "GET /cormun/servlet/trlicencias? HTTP/1.1" 200 6820
186.103.157.235 - - [08/Mar/2017:09:06:36 -0300] "GET /cormun/servlet/trlicencias? HTTP/1.1" 200 6819
186.103.157.235 - - [08/Mar/2017:09:06:39 -0300] "GET /cormun/servlet/licenciaspermisos?INS,0,,, HTTP/1.1" 200 7322
186.103.157.235 - - [08/Mar/2017:09:06:39 -0300] "GET /cormun/static/gxcfg.js?2016122619301043 HTTP/1.1" 200 953
186.103.157.235 - - [08/Mar/2017:09:06:39 -0300] "GET /cormun/static/licenciaspermisos.js?2016122619301096 HTTP/1.1" 200 33213
186.103.157.235 - - [08/Mar/2017:09:06:40 -0300] "GET /cormun/servlet/licenciaspermisos?INS,0,,, HTTP/1.1" 200 7322
186.103.157.235 - - [08/Mar/2017:09:07:00 -0300] "GET /cormun/servlet/licenciaspermisos?ce45ac5cbe50e8268e60a0645f08e3411827ecf1f86b9a7641ae4d99641dd70e1cb74c7311cb0931518f808359a33a0d,gx-no-cache=1488975059917 HTTP/1.1" 200 69
186.103.157.235 - - [08/Mar/2017:09:07:00 -0300] "POST /cormun/servlet/licenciaspermisos?d413fc6be436e95b4627ef79d45a650f,INS,0,,,,gx-no-cache=1488975060045 HTTP/1.1" 200 4617
186.103.157.235 - - [08/Mar/2017:09:07:38 -0300] "GET /cormun/static/menuarrow.gif HTTP/1.1" 404 1015
186.103.159.182 - - [08/Mar/2017:09:07:51 -0300] "POST /cormun/servlet/solicitudot?gx-no-cache=1488974941497 HTTP/1.1" 200 255
186.103.159.182 - - [08/Mar/2017:09:07:54 -0300] "GET /cormun/servlet/solicitudot?d9aa7e4cabde8ac52d1d5ae28e992e6bb20efa9938b89f84818adbddc3c1dcf0b2e0426b7fe9b7f0e52c43efc296d4b27c29ee25c3075326727391ea792538116f9092ddc1bd22664b3a35f183be29049f47435789f424f5f3fcb0682a20ce12078fc1f106008ada7ddd37f08a0e564e7852bd3ffd1436414dc60647d62b17d234ea9893f1f62776f5adda572833e8c767f09d88c63d72f8400d2655dc8b5f58a66ac77f1100349d3ce3ab21811b8e60602e64462dbcad2e120a115d6aa9f10291c2017ea74d8a2fc639482ef5307c1548e2315f8ddcb91c874e3fcd92c0ed903442cf17c66ac0b9c5606a7e80fa766485c03992b38f43671a9593cc3e25db075dbd6d1262f416326272cbc1be1849deca30c693095d86238763ec0406b07841f6ce25b423f0fa3c199f7eec7b2592b2c114f66fde3d358b4ac6e279debc1a190b33f6bae166c021d54dcaebc1053cf17c2907295c11d401ebf78ca7ebcb3b8e754bf496ce7a84d3ec05b6cbe9a1ed339d3285239e81667ce133384b26b6bd9b,gx-no-cache=1488974944471 HTTP/1.1" 200 30
186.103.159.182 - - [08/Mar/2017:09:07:56 -0300] "POST /cormun/servlet/solicitudot?gx-no-cache=1488974947195 HTTP/1.1" 200 30
186.103.159.182 - - [08/Mar/2017:09:08:02 -0300] "POST /cormun/servlet/solicitudot?gx-no-cache=1488974952330 HTTP/1.1" 200 235
186.103.159.182 - - [08/Mar/2017:09:08:02 -0300] "POST /cormun/servlet/solicitudot?gx-no-cache=1488974952398 HTTP/1.1" 200 38
186.103.157.235 - - [08/Mar/2017:09:09:49 -0300] "GET /cormun/servlet/licenciaspermisos?ce45ac5cbe50e8268e60a0645f08e3413fdf24ab79337c14caf9d0d660b9ece1a2d6a0d9fd8df5cd6b11c8ca0159866734c1db4b8b7dc4629fd79079a90b7cb21ff9cd4dc2ed5ffe748341a23183c2886fdef9745bfa6d546fa5b299eb739d13b9eaac706423e66be1d749c087d681ff0ecae48e220a6346e8d37e6c59f4abb9aa59fcfea0ca30a58856fef447188c8fb948c7d3d3f18f3d08bd41aeca6024dd87824dbc2cdddc835f16aa0f2741882af3741c3a6ae9f58034622e0a3b58c278faec3fcb037526c1654a57197e954e997575baf0c1ddd1b74afa373da3336b0a,gx-no-cache=1488975229051 HTTP/1.1" 200 30
186.103.157.235 - - [08/Mar/2017:09:09:49 -0300] "GET /cormun/servlet/licenciaspermisos?ce45ac5cbe50e8268e60a0645f08e3415ec06694f102bcb1c4dec17ae6fb2930e6828bc193195f2eab6f52a211c58e63ee2ef545c8c667ee1f1ab19382da2f185b1149a3f3cfaf7d1b7b149075920d36a0fdbdb2c9f55ae5264adb8163fbe066c8a1a402b18e44c4fd3d0f8475ed916962f81c424ad1ec3128005d8a5c9b875efa1dbef23e7098e0e69d24d618a1f6868d5f4802a707c05f1c7973cb9896c644fa32b03ac7ee988ff139c0ffc26c54694ade71669ea20617eba8ba27b79507d69ff9a9dbbd1b52e6321d83d6d4ad6db2766520a4a3b48e59f28ef5d314092948,gx-no-cache=1488975229159 HTTP/1.1" 200 29
186.103.157.235 - - [08/Mar/2017:09:09:49 -0300] "POST /cormun/servlet/licenciaspermisos?d413fc6be436e95b4627ef79d45a650f,INS,0,,,,gx-no-cache=1488975229202 HTTP/1.1" 200 93
186.103.157.235 - - [08/Mar/2017:09:09:49 -0300] "GET /cormun/servlet/hpexe_return? HTTP/1.1" 200 1013
186.103.157.235 - - [08/Mar/2017:09:09:49 -0300] "GET /cormun/servlet/trlicencias HTTP/1.1" 200 7981
186.103.157.235 - - [08/Mar/2017:09:09:50 -0300] "GET /cormun/servlet/trlicencias HTTP/1.1" 200 7977
186.103.157.235 - - [08/Mar/2017:09:10:01 -0300] "GET /cormun/servlet/trlicenciaspermisosadjuntos?18645705,20170308000000,L, HTTP/1.1" 200 6318
186.103.157.235 - - [08/Mar/2017:09:10:02 -0300] "GET /cormun/servlet/trlicenciaspermisosadjuntos?18645705,20170308000000,L, HTTP/1.1" 200 6318
186.103.157.235 - - [08/Mar/2017:09:10:06 -0300] "GET /cormun/servlet/licenciaspermisosadjuntos?INS,18645705,L,20170308000000,, HTTP/1.1" 200 5613
186.103.157.235 - - [08/Mar/2017:09:10:06 -0300] "GET /cormun/static/about:blank HTTP/1.1" 404 1011
186.103.157.235 - - [08/Mar/2017:09:10:06 -0300] "GET /cormun/servlet/licenciaspermisosadjuntos?INS,18645705,L,20170308000000,, HTTP/1.1" 200 5603
186.103.157.235 - - [08/Mar/2017:09:11:13 -0300] "POST /cormun/servlet/licenciaspermisosadjuntos?d413fc6be436e95b4627ef79d45a650f,INS,18645705,L,20170308000000,, HTTP/1.1" 200 116
186.103.157.235 - - [08/Mar/2017:09:11:13 -0300] "GET /cormun/servlet/hpexe_return? HTTP/1.1" 200 1044
186.103.157.235 - - [08/Mar/2017:09:11:14 -0300] "GET /cormun/servlet/trlicenciaspermisosadjuntos?18645705,20170308000000,L, HTTP/1.1" 200 6788
186.103.157.235 - - [08/Mar/2017:09:11:14 -0300] "GET /cormun/servlet/trlicenciaspermisosadjuntos?18645705,20170308000000,L, HTTP/1.1" 200 6785
186.103.159.182 - - [08/Mar/2017:09:11:37 -0300] "GET /cormun/servlet/solicitudot?d9aa7e4cabde8ac52d1d5ae28e992e6bfa3be524de86000af612a3061bd5a2768a78b63ec50a47dcce5fd306f6189d35d544355134deeb7a4afdfe6801127dec85e0640fc86f7a56aad818ac3c912ebc14718826833a66f55f147ef34582e40fc862a1ec808d706ec1b6ff2dd5f180c8,gx-no-cache=1488975168054 HTTP/1.1" 200 29
186.103.159.182 - - [08/Mar/2017:09:11:37 -0300] "POST /cormun/servlet/solicitudot?gx-no-cache=1488975168133 HTTP/1.1" 200 643
186.103.159.182 - - [08/Mar/2017:09:11:39 -0300] "POST /cormun/servlet/solicitudot?gx-no-cache=1488975169472 HTTP/1.1" 200 1157
186.103.157.235 - - [08/Mar/2017:09:11:48 -0300] "POST /cormun/servlet/trlicenciaspermisosadjuntos?d413fc6be436e95b4627ef79d45a650f,18645705,20170308000000,L,,gx-no-cache=1488975348282 HTTP/1.1" 200 90
186.103.157.235 - - [08/Mar/2017:09:11:48 -0300] "GET /cormun/servlet/hpexe_link HTTP/1.1" 200 988
186.103.157.235 - - [08/Mar/2017:09:11:48 -0300] "GET /cormun/servlet/trlicencias HTTP/1.1" 200 7979
186.103.157.235 - - [08/Mar/2017:09:11:49 -0300] "GET /cormun/servlet/trlicencias HTTP/1.1" 200 7977
186.103.159.182 - - [08/Mar/2017:09:12:18 -0300] "GET /cormun/static/menuarrow.gif HTTP/1.1" 404 1015
186.103.157.235 - - [08/Mar/2017:09:12:29 -0300] "POST /cormun/servlet/trlicencias?d413fc6be436e95b4627ef79d45a650f,gx-no-cache=1488975389233 HTTP/1.1" 200 4234
186.103.157.235 - - [08/Mar/2017:09:12:29 -0300] "GET /cormun/static/Shared/jqueryui/images/ui-bg_highlight-soft_100_c6c2c8_1x100.png HTTP/1.1" 404 1117
186.103.157.235 - - [08/Mar/2017:09:12:29 -0300] "GET /cormun/static/Shared/jqueryui/images/ui-icons_82798d_256x240.png HTTP/1.1" 404 1089
186.103.157.235 - - [08/Mar/2017:09:12:30 -0300] "GET /cormun/static/Shared/jqueryui/images/ui-icons_8d78a5_256x240.png HTTP/1.1" 404 1089
186.103.157.235 - - [08/Mar/2017:09:12:30 -0300] "GET /cormun/static/Shared/jqueryui/images/ui-bg_flat_55_fafafa_40x100.png HTTP/1.1" 404 1097
186.103.157.235 - - [08/Mar/2017:09:12:43 -0300] "GET /cormun/servlet/trautorizarpermisogoce? HTTP/1.1" 200 6673
186.103.157.235 - - [08/Mar/2017:09:12:44 -0300] "GET /cormun/servlet/trautorizarpermisogoce? HTTP/1.1" 200 6673
186.103.159.182 - - [08/Mar/2017:09:12:44 -0300] "GET /cormun/servlet/solicitudot?d9aa7e4cabde8ac52d1d5ae28e992e6bcdd138127db6869dbbc30af1d132987915fb808a1601db3d94bc84dda8c5bc4b7b7ad291a7f498665c67feb8d336c8a6dec9582a03a4abbf43fc3550a7a54e659deedb8aa57b8c25690de7542054d497673eafb6ddb398c07247da97974932dca6c1b2916029b0845ad7707a105340a7e44b531bf2a72f17c626638a10eb9403b8a8a0d0306923c95c92b96980a8371c4cd88ee4ba1805fb80d7704bd84646de,gx-no-cache=1488975235109 HTTP/1.1" 200 30
186.103.157.235 - - [08/Mar/2017:09:12:55 -0300] "POST /cormun/servlet/trautorizarpermisogoce?d413fc6be436e95b4627ef79d45a650f,,gx-no-cache=1488975415248 HTTP/1.1" 200 5449
186.103.159.182 - - [08/Mar/2017:09:12:57 -0300] "POST /cormun/servlet/solicitudot?d23585cbfde9d4d776bfc70582156f2d,INS,0,0,,gx-no-cache=1488975247505 HTTP/1.1" 200 93
186.103.159.182 - - [08/Mar/2017:09:12:57 -0300] "GET /cormun/servlet/hpexe_return? HTTP/1.1" 200 1002
186.103.159.182 - - [08/Mar/2017:09:12:57 -0300] "GET /cormun/servlet/trsolicitudot HTTP/1.1" 200 9130
186.103.159.182 - - [08/Mar/2017:09:12:59 -0300] "GET /cormun/servlet/trsolicitudot HTTP/1.1" 200 9126
186.103.157.235 - - [08/Mar/2017:09:13:04 -0300] "POST /cormun/servlet/trautorizarpermisogoce?d413fc6be436e95b4627ef79d45a650f,,gx-no-cache=1488975423652 HTTP/1.1" 200 5467
186.103.157.235 - - [08/Mar/2017:09:13:04 -0300] "GET /cormun/static/Shared/jqueryui/images/ui-bg_highlight-soft_100_c6c2c8_1x100.png HTTP/1.1" 404 1117
186.103.157.235 - - [08/Mar/2017:09:13:04 -0300] "GET /cormun/static/Shared/jqueryui/images/ui-icons_82798d_256x240.png HTTP/1.1" 404 1089
186.103.157.235 - - [08/Mar/2017:09:13:04 -0300] "GET /cormun/static/Shared/jqueryui/images/ui-bg_flat_55_fafafa_40x100.png HTTP/1.1" 404 1097
186.103.157.235 - - [08/Mar/2017:09:13:04 -0300] "GET /cormun/static/Shared/jqueryui/images/ui-icons_8d78a5_256x240.png HTTP/1.1" 404 1089
186.103.157.235 - - [08/Mar/2017:09:13:11 -0300] "POST /cormun/servlet/trautorizarpermisogoce?d413fc6be436e95b4627ef79d45a650f,,gx-no-cache=1488975431444 HTTP/1.1" 200 5468
186.103.159.182 - - [08/Mar/2017:09:13:46 -0300] "GET /cormun/servlet/solicitudot?INS,0,0, HTTP/1.1" 200 12819
186.103.159.182 - - [08/Mar/2017:09:13:48 -0300] "GET /cormun/servlet/solicitudot?INS,0,0, HTTP/1.1" 200 12824
186.103.159.182 - - [08/Mar/2017:09:15:42 -0300] "POST /cormun/servlet/solicitudot?gx-no-cache=1488975413007 HTTP/1.1" 200 3200
186.103.159.182 - - [08/Mar/2017:09:15:43 -0300] "POST /cormun/servlet/solicitudot?d23585cbfde9d4d776bfc70582156f2d,INS,0,0,,gx-no-cache=1488975413258 HTTP/1.1" 200 9959
186.103.159.182 - - [08/Mar/2017:09:15:43 -0300] "GET /cormun/servlet/solicitudot?d9aa7e4cabde8ac52d1d5ae28e992e6b31a15a7ed1dda0fc536b7d53519d838fb7a7f19b104632836a18333961f18916,gx-no-cache=1488975413753 HTTP/1.1" 200 30
186.103.159.182 - - [08/Mar/2017:09:18:01 -0300] "POST /cormun/servlet/solicitudot?gx-no-cache=1488975551904 HTTP/1.1" 200 240
186.103.159.182 - - [08/Mar/2017:09:18:01 -0300] "GET /cormun/servlet/solicitudot?d9aa7e4cabde8ac52d1d5ae28e992e6bb20efa9938b89f84818adbddc3c1dcf057007334cd25ac063096beace70a20147c29ee25c3075326727391ea792538116f9092ddc1bd22664b3a35f183be29049f47435789f424f5f3fcb0682a20ce12078fc1f106008ada7ddd37f08a0e564e7852bd3ffd1436414dc60647d62b17d234ea9893f1f62776f5adda572833e8c767f09d88c63d72f8400d2655dc8b5f58a66ac77f1100349d3ce3ab21811b8e60602e64462dbcad2e120a115d6aa9f10291c2017ea74d8a2fc639482ef5307c1548e2315f8ddcb91c874e3fcd92c0ed903442cf17c66ac0b9c5606a7e80fa766485c03992b38f43671a9593cc3e25db075dbd6d1262f416326272cbc1be1849de9051ca7873487d1c07b5640e10c66cd287c6f9b2438b68e957c4c068577ec67f20c054c2c8b38b9340db99edd510afa50a2bec1ab157b9a0bdbfefa2872eca4a95c700edb2769762b4d5345028b98768f10e4a18e6531f8a9f3eb16e31d2628788d3b8f519d59bf961aeeb25365cb26a,gx-no-cache=1488975551985 HTTP/1.1" 200 30
186.103.159.182 - - [08/Mar/2017:09:18:06 -0300] "POST /cormun/servlet/solicitudot?gx-no-cache=1488975556637 HTTP/1.1" 200 30
186.103.159.182 - - [08/Mar/2017:09:18:09 -0300] "POST /cormun/servlet/solicitudot?gx-no-cache=1488975560076 HTTP/1.1" 200 235
186.103.159.182 - - [08/Mar/2017:09:18:09 -0300] "POST /cormun/servlet/solicitudot?gx-no-cache=1488975560141 HTTP/1.1" 200 38
186.103.159.182 - - [08/Mar/2017:09:20:07 -0300] "GET /cormun/servlet/solicitudot?d9aa7e4cabde8ac52d1d5ae28e992e6bfa3be524de86000af612a3061bd5a2768a78b63ec50a47dcce5fd306f6189d3532d197e5abfd087e3d42d0f75ee0af9ef8622a72f93bc2fdf683ae75b92d9cc9bad76d5c1b7f55f6c6c7cc017f9684ab2e46173eac36b7e664b6d1fa63df366086c32f00f3dea7a0af3d127dcc017de1611eed369018f6d4ff851a68e754cc08f82432329954c5fa8ad2f11a137d09b5,gx-no-cache=1488975677632 HTTP/1.1" 200 29
186.103.159.182 - - [08/Mar/2017:09:20:07 -0300] "POST /cormun/servlet/solicitudot?gx-no-cache=1488975677714 HTTP/1.1" 200 643
186.103.159.182 - - [08/Mar/2017:09:20:08 -0300] "POST /cormun/servlet/solicitudot?gx-no-cache=1488975678832 HTTP/1.1" 200 1157
186.103.159.182 - - [08/Mar/2017:09:20:20 -0300] "GET /cormun/static/menuarrow.gif HTTP/1.1" 404 1015
186.103.159.182 - - [08/Mar/2017:09:20:35 -0300] "GET /cormun/servlet/solicitudot?d9aa7e4cabde8ac52d1d5ae28e992e6ba0f70080af4432820ef93af184be1ab56cf79a16338f2ab021639757a7b16cf07b7ad291a7f498665c67feb8d336c8a6dec9582a03a4abbf43fc3550a7a54e659deedb8aa57b8c25690de7542054d497673eafb6ddb398c07247da97974932dca6c1b2916029b0845ad7707a105340a7e44b531bf2a72f17c626638a10eb94038a698f6d97b71cb15cff80f57e30cea0,gx-no-cache=1488975705657 HTTP/1.1" 200 30
186.103.159.182 - - [08/Mar/2017:09:21:10 -0300] "GET /cormun/servlet/solicitudot?d9aa7e4cabde8ac52d1d5ae28e992e6ba0f70080af4432820ef93af184be1ab56cf79a16338f2ab021639757a7b16cf07b7ad291a7f498665c67feb8d336c8a6dec9582a03a4abbf43fc3550a7a54e659deedb8aa57b8c25690de7542054d497673eafb6ddb398c07247da97974932dca6c1b2916029b0845ad7707a105340a7e44b531bf2a72f17c626638a10eb94037a82a645b1cf6e99f1b59f2e73da84feda163660a7e4d5ad45467db56736d084,gx-no-cache=1488975740348 HTTP/1.1" 200 30
186.103.159.182 - - [08/Mar/2017:09:21:35 -0300] "POST /cormun/servlet/solicitudot?d23585cbfde9d4d776bfc70582156f2d,INS,0,0,,gx-no-cache=1488975765911 HTTP/1.1" 200 93
186.103.159.182 - - [08/Mar/2017:09:21:35 -0300] "GET /cormun/servlet/hpexe_return? HTTP/1.1" 200 1002
186.103.159.182 - - [08/Mar/2017:09:21:36 -0300] "GET /cormun/servlet/trsolicitudot HTTP/1.1" 200 9497
186.103.159.182 - - [08/Mar/2017:09:21:38 -0300] "GET /cormun/servlet/trsolicitudot HTTP/1.1" 200 9493
40.77.167.73 - - [08/Mar/2017:09:22:05 -0300] "GET /cormun/servlet/solicitudot?INS,0,0, HTTP/1.1" 200 11951
157.55.39.119 - - [08/Mar/2017:09:22:34 -0300] "GET /cormun/static/PXToolsJavascripts/PXToolsJavascriptsRender.js HTTP/1.1" 200 367
40.77.167.94 - - [08/Mar/2017:09:22:38 -0300] "GET /cormun/static/PXToolsJavascripts/pexe_layers.js HTTP/1.1" 200 4114
40.77.167.94 - - [08/Mar/2017:09:22:38 -0300] "GET /cormun/static/hpexe_messagepopupcomponent.js?20161017169425 HTTP/1.1" 200 605
40.77.167.94 - - [08/Mar/2017:09:22:38 -0300] "GET /cormun/static/scaMessage/js/jquery.pnotify.min.js HTTP/1.1" 200 13038
200.83.57.219 - - [08/Mar/2017:09:22:47 -0300] "GET /cormun/servlet/hlogin HTTP/1.1" 200 1720
200.83.57.219 - - [08/Mar/2017:09:22:50 -0300] "POST /cormun/servlet/hlogin?3c1c5b0f72de0aec95b83575c9fd9963,gx-no-cache=1488975841423 HTTP/1.1" 200 90
200.83.57.219 - - [08/Mar/2017:09:22:50 -0300] "GET /cormun/servlet/hpexe_link HTTP/1.1" 200 955
200.83.57.219 - - [08/Mar/2017:09:22:50 -0300] "GET /cormun/static/gxcfg.js?201612218515529 HTTP/1.1" 304 -
200.83.57.219 - - [08/Mar/2017:09:22:50 -0300] "GET /cormun/servlet/hhome HTTP/1.1" 200 4097
200.83.57.219 - - [08/Mar/2017:09:22:50 -0300] "GET /cormun/static/gxcfg.js?201612218515568 HTTP/1.1" 304 -
200.83.57.219 - - [08/Mar/2017:09:22:50 -0300] "GET /cormun/servlet/hhome HTTP/1.1" 200 4093
200.83.57.219 - - [08/Mar/2017:09:22:55 -0300] "GET /cormun/servlet/trpermisosgoce? HTTP/1.1" 200 6878
200.83.57.219 - - [08/Mar/2017:09:22:55 -0300] "GET /cormun/static/gxcfg.js?201612262011714 HTTP/1.1" 304 -
200.83.57.219 - - [08/Mar/2017:09:22:55 -0300] "GET /cormun/static/trpermisosgoce.js?201612262012096 HTTP/1.1" 304 -
200.83.57.219 - - [08/Mar/2017:09:22:55 -0300] "GET /cormun/servlet/trpermisosgoce? HTTP/1.1" 200 6877
200.83.57.219 - - [08/Mar/2017:09:22:57 -0300] "GET /cormun/servlet/permisogoce?INS,0,,, HTTP/1.1" 200 6857
200.83.57.219 - - [08/Mar/2017:09:22:57 -0300] "GET /cormun/static/gxcfg.js?201612262052844 HTTP/1.1" 304 -
200.83.57.219 - - [08/Mar/2017:09:22:57 -0300] "GET /cormun/static/permisogoce.js?201612262052891 HTTP/1.1" 304 -
200.83.57.219 - - [08/Mar/2017:09:22:58 -0300] "GET /cormun/servlet/permisogoce?INS,0,,, HTTP/1.1" 200 6858
200.83.57.219 - - [08/Mar/2017:09:23:17 -0300] "GET /cormun/servlet/prfichaempleado?,MD,,gxPopupLevel%3D0%3B HTTP/1.1" 200 8984
200.83.57.219 - - [08/Mar/2017:09:23:17 -0300] "GET /cormun/static/gxcfg.js?2016102420561687 HTTP/1.1" 304 -
186.103.159.182 - - [08/Mar/2017:09:23:23 -0300] "GET /cormun/servlet/solicitudot?INS,0,0, HTTP/1.1" 200 12819
186.103.159.182 - - [08/Mar/2017:09:23:25 -0300] "GET /cormun/servlet/solicitudot?INS,0,0, HTTP/1.1" 200 12824
200.83.57.219 - - [08/Mar/2017:09:23:28 -0300] "GET /cormun/servlet/permisogoce?3d573b37e3971f1596ef5ce1fb2a4a8ef02d4fe25f144f0a6c3da1133888d717a2eca03691b7084aaa4744e2ff7b33e8,gx-no-cache=1488975879616 HTTP/1.1" 200 77
200.83.57.219 - - [08/Mar/2017:09:23:29 -0300] "GET /cormun/static/menuarrow.gif HTTP/1.1" 404 1015
200.83.57.219 - - [08/Mar/2017:09:23:37 -0300] "POST /cormun/servlet/permisogoce?3c1c5b0f72de0aec95b83575c9fd9963,INS,0,,,,gx-no-cache=1488975888814 HTTP/1.1" 200 93
200.83.57.219 - - [08/Mar/2017:09:23:37 -0300] "GET /cormun/servlet/hpexe_return? HTTP/1.1" 200 1012
200.83.57.219 - - [08/Mar/2017:09:23:37 -0300] "GET /cormun/static/gxcfg.js?2016101716175148 HTTP/1.1" 304 -
200.83.57.219 - - [08/Mar/2017:09:23:37 -0300] "GET /cormun/servlet/trpermisosgoce HTTP/1.1" 200 7702
200.83.57.219 - - [08/Mar/2017:09:23:38 -0300] "GET /cormun/servlet/trpermisosgoce HTTP/1.1" 200 7698
186.103.159.182 - - [08/Mar/2017:09:23:40 -0300] "POST /cormun/servlet/solicitudot?gx-no-cache=1488975891044 HTTP/1.1" 200 3200
186.103.159.182 - - [08/Mar/2017:09:23:41 -0300] "POST /cormun/servlet/solicitudot?d23585cbfde9d4d776bfc70582156f2d,INS,0,0,,gx-no-cache=1488975891311 HTTP/1.1" 200 9957
200.83.57.219 - - [08/Mar/2017:09:23:41 -0300] "GET /cormun/servlet/permisogoce?UPD,15122829,P,20170308101821, HTTP/1.1" 200 6908
200.83.57.219 - - [08/Mar/2017:09:23:42 -0300] "GET /cormun/servlet/permisogoce?UPD,15122829,P,20170308101821, HTTP/1.1" 200 6908
200.83.57.219 - - [08/Mar/2017:09:23:42 -0300] "GET /cormun/servlet/permisogoce?3d573b37e3971f1596ef5ce1fb2a4a8ef02d4fe25f144f0a6c3da1133888d7175c5b775e8d083433acaeb5045a928059,gx-no-cache=1488975894221 HTTP/1.1" 200 80
186.103.159.182 - - [08/Mar/2017:09:23:44 -0300] "GET /cormun/servlet/solicitudot?d9aa7e4cabde8ac52d1d5ae28e992e6b31a15a7ed1dda0fc536b7d53519d838fb7a7f19b104632836a18333961f18916,gx-no-cache=1488975894753 HTTP/1.1" 200 30
200.83.57.219 - - [08/Mar/2017:09:23:46 -0300] "GET /cormun/servlet/permisogoce?3d573b37e3971f1596ef5ce1fb2a4a8e721b1b0773d5595e3811075afe2514a5f9658fec8599e812f4ef66bfa5b540ed79cc3405ece091d66deb045f555730395a77f64638275b1a1e91d551c7b33961,gx-no-cache=1488975897893 HTTP/1.1" 200 47
200.83.57.219 - - [08/Mar/2017:09:23:46 -0300] "POST /cormun/servlet/permisogoce?3c1c5b0f72de0aec95b83575c9fd9963,UPD,15122829,P,20170308101821,,gx-no-cache=1488975897952 HTTP/1.1" 200 4370
200.83.57.219 - - [08/Mar/2017:09:23:46 -0300] "GET /cormun/static/Shared/jqueryui/images/ui-bg_highlight-soft_100_c6c2c8_1x100.png HTTP/1.1" 404 1117
200.83.57.219 - - [08/Mar/2017:09:23:46 -0300] "GET /cormun/static/Shared/jqueryui/images/ui-icons_82798d_256x240.png HTTP/1.1" 404 1089
200.83.57.219 - - [08/Mar/2017:09:23:46 -0300] "GET /cormun/static/Shared/jqueryui/images/ui-bg_flat_55_994d53_40x100.png HTTP/1.1" 404 1097
200.83.57.219 - - [08/Mar/2017:09:23:46 -0300] "GET /cormun/static/Shared/jqueryui/images/ui-icons_ebccce_256x240.png HTTP/1.1" 404 1089
200.83.57.219 - - [08/Mar/2017:09:23:51 -0300] "POST /cormun/servlet/permisogoce?3c1c5b0f72de0aec95b83575c9fd9963,UPD,15122829,P,20170308101821,,gx-no-cache=1488975903122 HTTP/1.1" 200 90
200.83.57.219 - - [08/Mar/2017:09:23:51 -0300] "GET /cormun/servlet/hpexe_link HTTP/1.1" 200 987
200.83.57.219 - - [08/Mar/2017:09:23:52 -0300] "GET /cormun/servlet/trpermisosgoce HTTP/1.1" 200 7700
200.83.57.219 - - [08/Mar/2017:09:23:52 -0300] "GET /cormun/servlet/trpermisosgoce HTTP/1.1" 200 7698
200.83.57.219 - - [08/Mar/2017:09:23:58 -0300] "GET /cormun/servlet/apermisogoceprn?15122829,P,20170308101821,PU HTTP/1.1" 200 1573
186.103.159.182 - - [08/Mar/2017:09:24:45 -0300] "POST /cormun/servlet/solicitudot?gx-no-cache=1488975956162 HTTP/1.1" 200 240
186.103.159.182 - - [08/Mar/2017:09:24:46 -0300] "GET /cormun/servlet/solicitudot?d9aa7e4cabde8ac52d1d5ae28e992e6bb20efa9938b89f84818adbddc3c1dcf057007334cd25ac063096beace70a20147c29ee25c3075326727391ea792538116f9092ddc1bd22664b3a35f183be29049f47435789f424f5f3fcb0682a20ce12078fc1f106008ada7ddd37f08a0e564e7852bd3ffd1436414dc60647d62b17d234ea9893f1f62776f5adda572833e8c767f09d88c63d72f8400d2655dc8b5f58a66ac77f1100349d3ce3ab21811b8e60602e64462dbcad2e120a115d6aa9f10291c2017ea74d8a2fc639482ef5307c1548e2315f8ddcb91c874e3fcd92c0ed903442cf17c66ac0b9c5606a7e80fa766485c03992b38f43671a9593cc3e25db075dbd6d1262f416326272cbc1be1849de9051ca7873487d1c07b5640e10c66cd287c6f9b2438b68e957c4c068577ec67f20c054c2c8b38b9340db99edd510afa50a2bec1ab157b9a0bdbfefa2872eca4a95c700edb2769762b4d5345028b98768f10e4a18e6531f8a9f3eb16e31d2628788d3b8f519d59bf961aeeb25365cb26a,gx-no-cache=1488975956239 HTTP/1.1" 200 30
186.103.159.182 - - [08/Mar/2017:09:24:48 -0300] "POST /cormun/servlet/solicitudot?gx-no-cache=1488975958873 HTTP/1.1" 200 30
186.103.159.182 - - [08/Mar/2017:09:24:50 -0300] "POST /cormun/servlet/solicitudot?gx-no-cache=1488975961079 HTTP/1.1" 200 235
186.103.159.182 - - [08/Mar/2017:09:24:50 -0300] "POST /cormun/servlet/solicitudot?gx-no-cache=1488975961151 HTTP/1.1" 200 38
200.83.57.219 - - [08/Mar/2017:09:25:04 -0300] "GET /cormun/servlet/apermisogoceprn?15122829,P,20170308101821,PU HTTP/1.1" 200 1575
200.83.57.219 - - [08/Mar/2017:09:25:20 -0300] "GET /cormun/servlet/permisogoce?UPD,15122829,P,20170308101821, HTTP/1.1" 200 6908
200.83.57.219 - - [08/Mar/2017:09:25:21 -0300] "GET /cormun/servlet/permisogoce?UPD,15122829,P,20170308101821, HTTP/1.1" 200 6908
192.168.10.89 - - [08/Mar/2017:09:25:21 -0300] "POST /cormun/servlet/trsolicitudgral?4a1579bb4f7ce999cc0dd4b642b9cdce,gx-no-cache=1488979205674 HTTP/1.1" 440 972
200.83.57.219 - - [08/Mar/2017:09:25:22 -0300] "GET /cormun/servlet/permisogoce?3d573b37e3971f1596ef5ce1fb2a4a8ef02d4fe25f144f0a6c3da1133888d7175c5b775e8d083433acaeb5045a928059,gx-no-cache=1488975993438 HTTP/1.1" 200 80
200.83.57.219 - - [08/Mar/2017:09:25:24 -0300] "GET /cormun/servlet/permisogoce?3d573b37e3971f1596ef5ce1fb2a4a8e721b1b0773d5595e3811075afe2514a5f9658fec8599e812f4ef66bfa5b540ed79cc3405ece091d66deb045f555730395a77f64638275b1a1e91d551c7b33961,gx-no-cache=1488975995537 HTTP/1.1" 200 47
200.83.57.219 - - [08/Mar/2017:09:25:24 -0300] "POST /cormun/servlet/permisogoce?3c1c5b0f72de0aec95b83575c9fd9963,UPD,15122829,P,20170308101821,,gx-no-cache=1488975995639 HTTP/1.1" 200 4370
200.83.57.219 - - [08/Mar/2017:09:25:24 -0300] "GET /cormun/static/Shared/jqueryui/images/ui-bg_highlight-soft_100_c6c2c8_1x100.png HTTP/1.1" 404 1117
200.83.57.219 - - [08/Mar/2017:09:25:24 -0300] "GET /cormun/static/Shared/jqueryui/images/ui-icons_82798d_256x240.png HTTP/1.1" 404 1089
200.83.57.219 - - [08/Mar/2017:09:25:24 -0300] "GET /cormun/static/Shared/jqueryui/images/ui-icons_ebccce_256x240.png HTTP/1.1" 404 1089
200.83.57.219 - - [08/Mar/2017:09:25:24 -0300] "GET /cormun/static/Shared/jqueryui/images/ui-bg_flat_55_994d53_40x100.png HTTP/1.1" 404 1097
192.168.10.89 - - [08/Mar/2017:09:25:24 -0300] "GET /cormun/servlet/trsolicitudgral HTTP/1.1" 200 23876
192.168.10.89 - - [08/Mar/2017:09:25:25 -0300] "GET /cormun/servlet/hlogin HTTP/1.1" 200 1744
200.83.57.219 - - [08/Mar/2017:09:25:27 -0300] "POST /cormun/servlet/permisogoce?3c1c5b0f72de0aec95b83575c9fd9963,UPD,15122829,P,20170308101821,,gx-no-cache=1488975998124 HTTP/1.1" 200 93
200.83.57.219 - - [08/Mar/2017:09:25:27 -0300] "GET /cormun/servlet/hpexe_return? HTTP/1.1" 200 1030
200.83.57.219 - - [08/Mar/2017:09:25:27 -0300] "GET /cormun/servlet/trpermisosgoce HTTP/1.1" 200 7702
186.103.159.182 - - [08/Mar/2017:09:25:27 -0300] "GET /cormun/servlet/solicitudot?d9aa7e4cabde8ac52d1d5ae28e992e6bfa3be524de86000af612a3061bd5a2768a78b63ec50a47dcce5fd306f6189d3532d197e5abfd087e3d42d0f75ee0af9ef8622a72f93bc2fdf683ae75b92d9cc9bad76d5c1b7f55f6c6c7cc017f9684ab2e46173eac36b7e664b6d1fa63df366086c32f00f3dea7a0af3d127dcc017de1611eed369018f6d4ff851a68e754cc08f82432329954c5fa8ad2f11a137d09b5,gx-no-cache=1488975997664 HTTP/1.1" 200 29
186.103.159.182 - - [08/Mar/2017:09:25:27 -0300] "POST /cormun/servlet/solicitudot?gx-no-cache=1488975997785 HTTP/1.1" 200 643
200.83.57.219 - - [08/Mar/2017:09:25:27 -0300] "GET /cormun/servlet/trpermisosgoce HTTP/1.1" 200 7698
186.103.159.182 - - [08/Mar/2017:09:25:29 -0300] "POST /cormun/servlet/solicitudot?gx-no-cache=1488975999291 HTTP/1.1" 200 1157
200.83.57.219 - - [08/Mar/2017:09:25:29 -0300] "GET /cormun/servlet/apermisogoceprn?15122829,P,20170308101821,PU HTTP/1.1" 200 1574
192.168.10.89 - - [08/Mar/2017:09:25:32 -0300] "POST /cormun/servlet/hlogin?e5bdcae641cc92ca5da0c4fbe6cae67f,gx-no-cache=1488979216217 HTTP/1.1" 200 90
192.168.10.89 - - [08/Mar/2017:09:25:32 -0300] "GET /cormun/servlet/hpexe_link HTTP/1.1" 200 965
192.168.10.89 - - [08/Mar/2017:09:25:34 -0300] "GET /cormun/servlet/trsolicitudgral HTTP/1.1" 200 25029
186.103.159.182 - - [08/Mar/2017:09:26:01 -0300] "GET /cormun/static/menuarrow.gif HTTP/1.1" 404 1015
192.168.10.89 - - [08/Mar/2017:09:26:03 -0300] "POST /cormun/servlet/trsolicitudgral?e5bdcae641cc92ca5da0c4fbe6cae67f,gx-no-cache=1488979247218 HTTP/1.1" 200 6921
186.103.159.182 - - [08/Mar/2017:09:26:07 -0300] "GET /cormun/servlet/solicitudot?d9aa7e4cabde8ac52d1d5ae28e992e6ba0f70080af4432820ef93af184be1ab56cf79a16338f2ab021639757a7b16cf07b7ad291a7f498665c67feb8d336c8a6dec9582a03a4abbf43fc3550a7a54e659deedb8aa57b8c25690de7542054d497673eafb6ddb398c07247da97974932dca6c1b2916029b0845ad7707a105340a7e44b531bf2a72f17c626638a10eb94037a82a645b1cf6e99f1b59f2e73da84feda163660a7e4d5ad45467db56736d084,gx-no-cache=1488976037931 HTTP/1.1" 200 30
192.168.10.89 - - [08/Mar/2017:09:26:29 -0300] "POST /cormun/servlet/trsolicitudgral?e5bdcae641cc92ca5da0c4fbe6cae67f,gx-no-cache=1488979273812 HTTP/1.1" 200 8191
192.168.10.89 - - [08/Mar/2017:09:26:36 -0300] "GET /cormun/servlet/hlogin HTTP/1.1" 200 1744
186.103.157.235 - - [08/Mar/2017:09:26:48 -0300] "GET /cormun/servlet/trsolicitudot? HTTP/1.1" 200 6936
186.103.157.235 - - [08/Mar/2017:09:26:48 -0300] "GET /cormun/static/trsolicitudot.js?20171191045625 HTTP/1.1" 304 -
186.103.157.235 - - [08/Mar/2017:09:26:49 -0300] "GET /cormun/servlet/trsolicitudot? HTTP/1.1" 200 6936
192.168.10.89 - - [08/Mar/2017:09:26:49 -0300] "POST /cormun/servlet/hlogin?e5bdcae641cc92ca5da0c4fbe6cae67f,gx-no-cache=1488979293218 HTTP/1.1" 200 90
192.168.10.89 - - [08/Mar/2017:09:26:49 -0300] "GET /cormun/servlet/hpexe_link HTTP/1.1" 200 959
192.168.10.89 - - [08/Mar/2017:09:26:49 -0300] "GET /cormun/servlet/hhome HTTP/1.1" 200 3982
186.103.159.182 - - [08/Mar/2017:09:26:50 -0300] "POST /cormun/servlet/solicitudot?d23585cbfde9d4d776bfc70582156f2d,INS,0,0,,gx-no-cache=1488976080563 HTTP/1.1" 200 93
186.103.159.182 - - [08/Mar/2017:09:26:50 -0300] "GET /cormun/servlet/hpexe_return? HTTP/1.1" 200 1002
186.103.159.182 - - [08/Mar/2017:09:26:51 -0300] "GET /cormun/servlet/trsolicitudot HTTP/1.1" 200 9728
192.168.10.89 - - [08/Mar/2017:09:26:51 -0300] "GET /cormun/servlet/trsolicitudot? HTTP/1.1" 200 6952
186.103.157.235 - - [08/Mar/2017:09:26:52 -0300] "GET /cormun/servlet/solicitudot?INS,0,0, HTTP/1.1" 200 12758
186.103.157.235 - - [08/Mar/2017:09:26:52 -0300] "GET /cormun/static/solicitudot.js?2017119104297 HTTP/1.1" 304 -
186.103.159.182 - - [08/Mar/2017:09:26:52 -0300] "GET /cormun/servlet/trsolicitudot HTTP/1.1" 200 9724
186.103.157.235 - - [08/Mar/2017:09:26:53 -0300] "GET /cormun/servlet/solicitudot?INS,0,0, HTTP/1.1" 200 12763
192.168.10.89 - - [08/Mar/2017:09:26:54 -0300] "GET /cormun/static/menuarrow.gif HTTP/1.1" 404 1015
192.168.10.89 - - [08/Mar/2017:09:26:57 -0300] "POST /cormun/servlet/trsolicitudot?e5bdcae641cc92ca5da0c4fbe6cae67f,,gx-no-cache=1488979301737 HTTP/1.1" 200 4144
192.168.10.89 - - [08/Mar/2017:09:27:00 -0300] "GET /cormun/servlet/trautorizarsolicitud? HTTP/1.1" 200 8936
186.103.159.182 - - [08/Mar/2017:09:27:01 -0300] "GET /cormun/servlet/solicitudot?INS,0,0, HTTP/1.1" 200 12819
186.103.159.182 - - [08/Mar/2017:09:27:02 -0300] "GET /cormun/servlet/solicitudot?INS,0,0, HTTP/1.1" 200 12824
186.103.159.182 - - [08/Mar/2017:09:27:14 -0300] "POST /cormun/servlet/solicitudot?gx-no-cache=1488976104315 HTTP/1.1" 200 3200
186.103.159.182 - - [08/Mar/2017:09:27:14 -0300] "POST /cormun/servlet/solicitudot?d23585cbfde9d4d776bfc70582156f2d,INS,0,0,,gx-no-cache=1488976104627 HTTP/1.1" 200 9957
186.103.159.182 - - [08/Mar/2017:09:27:15 -0300] "GET /cormun/servlet/solicitudot?d9aa7e4cabde8ac52d1d5ae28e992e6b31a15a7ed1dda0fc536b7d53519d838fb7a7f19b104632836a18333961f18916,gx-no-cache=1488976105266 HTTP/1.1" 200 30
192.168.10.89 - - [08/Mar/2017:09:27:43 -0300] "POST /cormun/servlet/trautorizarsolicitud?e5bdcae641cc92ca5da0c4fbe6cae67f,,gx-no-cache=1488979347041 HTTP/1.1" 200 115
192.168.10.89 - - [08/Mar/2017:09:27:43 -0300] "GET /cormun/servlet/solicitudotlog?INS,2017,5269,0,REC, HTTP/1.1" 200 5764
192.168.10.89 - - [08/Mar/2017:09:27:44 -0300] "GET /cormun/servlet/solicitudotlog?bff1e3884bcf3d2315845f748ac8e993aa46eddd5d4dd824c45f637e018acb6d57d128a9a19e23a253f4a5b9354013ee4823ebd21572581ccc0ec0866050a1927958de58c16813fa1e32d029a3ebe47318b34f5d8fb5b0cd76a5ea1de7306fb9af45c4939aed90d2bc65aaf036a05154652d738d820f677f72514de73d2f897ebbd411734717d432d09e9f830d6d23a118ef09bab6cce20da65831a747c77403,gx-no-cache=1488979348333 HTTP/1.1" 200 94
186.103.159.182 - - [08/Mar/2017:09:28:09 -0300] "POST /cormun/servlet/solicitudot?gx-no-cache=1488976159619 HTTP/1.1" 200 240
186.103.159.182 - - [08/Mar/2017:09:28:09 -0300] "GET /cormun/servlet/solicitudot?d9aa7e4cabde8ac52d1d5ae28e992e6bb20efa9938b89f84818adbddc3c1dcf057007334cd25ac063096beace70a20147c29ee25c3075326727391ea792538116f9092ddc1bd22664b3a35f183be29049f47435789f424f5f3fcb0682a20ce12078fc1f106008ada7ddd37f08a0e564e7852bd3ffd1436414dc60647d62b17d234ea9893f1f62776f5adda572833e8c767f09d88c63d72f8400d2655dc8b5f58a66ac77f1100349d3ce3ab21811b8e60602e64462dbcad2e120a115d6aa9f10291c2017ea74d8a2fc639482ef5307c1548e2315f8ddcb91c874e3fcd92c0ed903442cf17c66ac0b9c5606a7e80fa766485c03992b38f43671a9593cc3e25db075dbd6d1262f416326272cbc1be1849de9051ca7873487d1c07b5640e10c66cd287c6f9b2438b68e957c4c068577ec67f20c054c2c8b38b9340db99edd510afa50a2bec1ab157b9a0bdbfefa2872eca4a95c700edb2769762b4d5345028b98768f10e4a18e6531f8a9f3eb16e31d2628788d3b8f519d59bf961aeeb25365cb26a,gx-no-cache=1488976159690 HTTP/1.1" 200 30
186.103.159.182 - - [08/Mar/2017:09:28:11 -0300] "POST /cormun/servlet/solicitudot?gx-no-cache=1488976161371 HTTP/1.1" 200 30
186.103.159.182 - - [08/Mar/2017:09:28:13 -0300] "POST /cormun/servlet/solicitudot?gx-no-cache=1488976162952 HTTP/1.1" 200 235
186.103.159.182 - - [08/Mar/2017:09:28:13 -0300] "POST /cormun/servlet/solicitudot?gx-no-cache=1488976163338 HTTP/1.1" 200 38
186.103.159.182 - - [08/Mar/2017:09:28:36 -0300] "GET /cormun/servlet/solicitudot?d9aa7e4cabde8ac52d1d5ae28e992e6bfa3be524de86000af612a3061bd5a2768a78b63ec50a47dcce5fd306f6189d3532d197e5abfd087e3d42d0f75ee0af9ef8622a72f93bc2fdf683ae75b92d9cc9bad76d5c1b7f55f6c6c7cc017f9684ab2e46173eac36b7e664b6d1fa63df366086c32f00f3dea7a0af3d127dcc017de1611eed369018f6d4ff851a68e754cc08f82432329954c5fa8ad2f11a137d09b5,gx-no-cache=1488976186590 HTTP/1.1" 200 29
186.103.159.182 - - [08/Mar/2017:09:28:36 -0300] "POST /cormun/servlet/solicitudot?gx-no-cache=1488976186646 HTTP/1.1" 200 641
186.103.159.182 - - [08/Mar/2017:09:28:38 -0300] "POST /cormun/servlet/solicitudot?gx-no-cache=1488976188270 HTTP/1.1" 200 1157
186.103.159.182 - - [08/Mar/2017:09:28:45 -0300] "GET /cormun/static/menuarrow.gif HTTP/1.1" 404 1015
186.103.159.182 - - [08/Mar/2017:09:28:51 -0300] "GET /cormun/servlet/solicitudot?d9aa7e4cabde8ac52d1d5ae28e992e6ba0f70080af4432820ef93af184be1ab56cf79a16338f2ab021639757a7b16cf07b7ad291a7f498665c67feb8d336c8a6dec9582a03a4abbf43fc3550a7a54e659deedb8aa57b8c25690de7542054d497673eafb6ddb398c07247da97974932dca6c1b2916029b0845ad7707a105340a7e44b531bf2a72f17c626638a10eb94037a82a645b1cf6e99f1b59f2e73da84feda163660a7e4d5ad45467db56736d084,gx-no-cache=1488976201756 HTTP/1.1" 200 30
200.86.95.220 - - [08/Mar/2017:09:28:51 -0300] "GET /cormun/servlet/hlogin HTTP/1.1" 200 1719
200.86.95.220 - - [08/Mar/2017:09:28:52 -0300] "GET /cormun/servlet/hlogin HTTP/1.1" 200 1729
200.86.95.220 - - [08/Mar/2017:09:29:00 -0300] "POST /cormun/servlet/hlogin?7623a4c8240d0395bd2133b063d6c0a9,gx-no-cache=1488976209492 HTTP/1.1" 200 90
200.86.95.220 - - [08/Mar/2017:09:29:00 -0300] "GET /cormun/servlet/hpexe_link HTTP/1.1" 200 955
200.86.95.220 - - [08/Mar/2017:09:29:00 -0300] "GET /cormun/servlet/hhome HTTP/1.1" 200 3771
200.86.95.220 - - [08/Mar/2017:09:29:02 -0300] "GET /cormun/servlet/hhome HTTP/1.1" 200 3767
200.86.95.220 - - [08/Mar/2017:09:29:06 -0300] "GET /cormun/servlet/trsolicitudot? HTTP/1.1" 200 8045
200.86.95.220 - - [08/Mar/2017:09:29:07 -0300] "GET /cormun/servlet/trsolicitudot? HTTP/1.1" 200 8043
186.103.159.182 - - [08/Mar/2017:09:29:19 -0300] "POST /cormun/servlet/solicitudot?d23585cbfde9d4d776bfc70582156f2d,INS,0,0,,gx-no-cache=1488976229175 HTTP/1.1" 200 93
186.103.159.182 - - [08/Mar/2017:09:29:19 -0300] "GET /cormun/servlet/hpexe_return? HTTP/1.1" 200 1002
186.103.159.182 - - [08/Mar/2017:09:29:20 -0300] "GET /cormun/servlet/trsolicitudot HTTP/1.1" 200 10029
186.103.159.182 - - [08/Mar/2017:09:29:21 -0300] "GET /cormun/servlet/trsolicitudot HTTP/1.1" 200 10024
200.86.95.220 - - [08/Mar/2017:09:29:44 -0300] "GET /cormun/servlet/solicitudot?INS,0,0, HTTP/1.1" 200 12567
200.86.95.220 - - [08/Mar/2017:09:29:46 -0300] "GET /cormun/servlet/solicitudot?INS,0,0, HTTP/1.1" 200 12572
200.86.95.220 - - [08/Mar/2017:09:30:02 -0300] "POST /cormun/servlet/solicitudot?gx-no-cache=1488976271779 HTTP/1.1" 200 3081
200.86.95.220 - - [08/Mar/2017:09:30:03 -0300] "POST /cormun/servlet/solicitudot?7623a4c8240d0395bd2133b063d6c0a9,INS,0,0,,gx-no-cache=1488976272010 HTTP/1.1" 200 9675
192.168.10.89 - - [08/Mar/2017:09:30:08 -0300] "POST /cormun/servlet/solicitudotlog?e5bdcae641cc92ca5da0c4fbe6cae67f,INS,2017,5269,0,REC,,gx-no-cache=1488979492306 HTTP/1.1" 200 93
192.168.10.89 - - [08/Mar/2017:09:30:08 -0300] "GET /cormun/servlet/hpexe_return? HTTP/1.1" 200 1031
192.168.10.89 - - [08/Mar/2017:09:30:08 -0300] "GET /cormun/servlet/trautorizarsolicitud HTTP/1.1" 200 8643
186.103.159.182 - - [08/Mar/2017:09:30:10 -0300] "POST /cormun/servlet/trsolicitudot?d23585cbfde9d4d776bfc70582156f2d,gx-no-cache=1488976280037 HTTP/1.1" 200 106
186.103.159.182 - - [08/Mar/2017:09:30:10 -0300] "GET /cormun/servlet/solicitudot?UPD,2017,5306, HTTP/1.1" 200 14509
186.103.159.182 - - [08/Mar/2017:09:30:12 -0300] "GET /cormun/servlet/solicitudot?UPD,2017,5306, HTTP/1.1" 200 14518
186.103.159.182 - - [08/Mar/2017:09:30:13 -0300] "POST /cormun/servlet/solicitudot?gx-no-cache=1488976283338 HTTP/1.1" 200 3200
186.103.159.182 - - [08/Mar/2017:09:30:13 -0300] "POST /cormun/servlet/solicitudot?d23585cbfde9d4d776bfc70582156f2d,UPD,2017,5306,,gx-no-cache=1488976283633 HTTP/1.1" 200 11062
186.103.159.182 - - [08/Mar/2017:09:30:13 -0300] "GET /cormun/servlet/solicitudot?d9aa7e4cabde8ac52d1d5ae28e992e6b31a15a7ed1dda0fc536b7d53519d838f2de35edf6f8c1025ee006f2d220b4c3e,gx-no-cache=1488976284048 HTTP/1.1" 200 30
186.103.159.182 - - [08/Mar/2017:09:30:13 -0300] "POST /cormun/servlet/solicitudot?gx-no-cache=1488976284123 HTTP/1.1" 200 238
186.103.159.182 - - [08/Mar/2017:09:30:14 -0300] "GET /cormun/servlet/solicitudot?d9aa7e4cabde8ac52d1d5ae28e992e6bb20efa9938b89f84818adbddc3c1dcf057007334cd25ac063096beace70a20147c29ee25c3075326727391ea792538116f9092ddc1bd22664b3a35f183be29049f47435789f424f5f3fcb0682a20ce12078fc1f106008ada7ddd37f08a0e564e7852bd3ffd1436414dc60647d62b17d234ea9893f1f62776f5adda572833e8c767f09d88c63d72f8400d2655dc8b5f58a66ac77f1100349d3ce3ab21811b8e60602e64462dbcad2e120a115d6aa9f10291c2017ea74d8a2fc639482ef5307c1548e2315f8ddcb91c874e3fcd92c0ed903442cf17c66ac0b9c5606a7e80fa766485c03992b38f43671a9593cc3e25db075dbd6d1262f416326272cbc1be1849de9051ca7873487d1c07b5640e10c66cd287c6f9b2438b68e957c4c068577ec67f20c054c2c8b38b9340db99edd510afa50a2bec1ab157b9a0bdbfefa2872eca4a95c700edb2769762b4d5345028b98768f10e4a18e6531f8a9f3eb16e31d262875b9b9c986ff767c8f3b8f34a6bbe091e,gx-no-cache=1488976284177 HTTP/1.1" 200 30
186.103.159.182 - - [08/Mar/2017:09:30:14 -0300] "POST /cormun/servlet/solicitudot?gx-no-cache=1488976284520 HTTP/1.1" 200 30
186.103.159.182 - - [08/Mar/2017:09:30:14 -0300] "POST /cormun/servlet/solicitudot?gx-no-cache=1488976284590 HTTP/1.1" 200 1287
186.103.159.182 - - [08/Mar/2017:09:30:14 -0300] "POST /cormun/servlet/solicitudot?gx-no-cache=1488976284675 HTTP/1.1" 200 41
200.86.95.220 - - [08/Mar/2017:09:30:27 -0300] "GET /cormun/servlet/solicitudot?089b5f5cb60a8a6ab15ca752c38c1c3e8621c9af0ab0332420a6d1ec1c21e096a1bdf71ff243a30ce913a20cef7f7ed3,gx-no-cache=1488976296756 HTTP/1.1" 200 30
186.103.159.182 - - [08/Mar/2017:09:30:49 -0300] "GET /cormun/servlet/solicitudot?d9aa7e4cabde8ac52d1d5ae28e992e6b37e56fc1f347436916a6137e322bd62ec8a350bcdf8c4870244ef31b369e475ecb50a4a9f686372aaa453c3f09b13eb123c636876603a15c0cf2e91c90c0ec0f1527293f583db15e79ecb1b1b6c1696c022608104d2787ae14e34ebbeb56a20dacc549f87ccf154305cc695124c314bb663bf0f2d04295bfbf286544eff447ae2e473fa934a7ac8593ee872b118fd6e3,gx-no-cache=1488976319994 HTTP/1.1" 200 29
186.103.159.182 - - [08/Mar/2017:09:30:49 -0300] "POST /cormun/servlet/solicitudot?gx-no-cache=1488976320072 HTTP/1.1" 200 1274
186.103.159.182 - - [08/Mar/2017:09:30:49 -0300] "POST /cormun/servlet/solicitudot?gx-no-cache=1488976320135 HTTP/1.1" 200 1157
186.103.159.182 - - [08/Mar/2017:09:30:49 -0300] "GET /cormun/servlet/solicitudot?d9aa7e4cabde8ac52d1d5ae28e992e6ba0f70080af4432820ef93af184be1ab56cf79a16338f2ab021639757a7b16cf07b7ad291a7f498665c67feb8d336c8a6dec9582a03a4abbf43fc3550a7a54e659deedb8aa57b8c25690de7542054d497673eafb6ddb398c07247da97974932dca6c1b2916029b0845ad7707a105340a7e44b531bf2a72f17c626638a10eb94037a82a645b1cf6e99f1b59f2e73da84feda163660a7e4d5ad45467db56736d084,gx-no-cache=1488976320204 HTTP/1.1" 200 30
186.103.159.182 - - [08/Mar/2017:09:30:50 -0300] "POST /cormun/servlet/solicitudot?d23585cbfde9d4d776bfc70582156f2d,UPD,2017,5306,,gx-no-cache=1488976320270 HTTP/1.1" 200 93
186.103.159.182 - - [08/Mar/2017:09:30:50 -0300] "GET /cormun/servlet/hpexe_return? HTTP/1.1" 200 1008
186.103.159.182 - - [08/Mar/2017:09:30:50 -0300] "GET /cormun/servlet/trsolicitudot HTTP/1.1" 200 10030
186.103.159.182 - - [08/Mar/2017:09:30:52 -0300] "GET /cormun/servlet/trsolicitudot HTTP/1.1" 200 10026
186.103.159.182 - - [08/Mar/2017:09:30:58 -0300] "POST /cormun/servlet/trsolicitudot?d23585cbfde9d4d776bfc70582156f2d,gx-no-cache=1488976328277 HTTP/1.1" 200 106
186.103.159.182 - - [08/Mar/2017:09:30:58 -0300] "GET /cormun/servlet/solicitudot?UPD,2017,5307, HTTP/1.1" 200 14507
186.103.159.182 - - [08/Mar/2017:09:31:00 -0300] "GET /cormun/servlet/solicitudot?UPD,2017,5307, HTTP/1.1" 200 14517
186.103.159.182 - - [08/Mar/2017:09:31:00 -0300] "POST /cormun/servlet/solicitudot?gx-no-cache=1488976330869 HTTP/1.1" 200 3200
186.103.159.182 - - [08/Mar/2017:09:31:01 -0300] "POST /cormun/servlet/solicitudot?d23585cbfde9d4d776bfc70582156f2d,UPD,2017,5307,,gx-no-cache=1488976331137 HTTP/1.1" 200 11059
186.103.159.182 - - [08/Mar/2017:09:31:01 -0300] "GET /cormun/servlet/solicitudot?d9aa7e4cabde8ac52d1d5ae28e992e6b31a15a7ed1dda0fc536b7d53519d838f2de35edf6f8c1025ee006f2d220b4c3e,gx-no-cache=1488976331543 HTTP/1.1" 200 30
186.103.159.182 - - [08/Mar/2017:09:31:01 -0300] "POST /cormun/servlet/solicitudot?gx-no-cache=1488976331617 HTTP/1.1" 200 238
186.103.159.182 - - [08/Mar/2017:09:31:01 -0300] "GET /cormun/servlet/solicitudot?d9aa7e4cabde8ac52d1d5ae28e992e6bb20efa9938b89f84818adbddc3c1dcf057007334cd25ac063096beace70a20147c29ee25c3075326727391ea792538116f9092ddc1bd22664b3a35f183be29049f47435789f424f5f3fcb0682a20ce12078fc1f106008ada7ddd37f08a0e564e7852bd3ffd1436414dc60647d62b17d234ea9893f1f62776f5adda572833e8c767f09d88c63d72f8400d2655dc8b5f58a66ac77f1100349d3ce3ab21811b8e60602e64462dbcad2e120a115d6aa9f10291c2017ea74d8a2fc639482ef5307c1548e2315f8ddcb91c874e3fcd92c0ed903442cf17c66ac0b9c5606a7e80fa766485c03992b38f43671a9593cc3e25db075dbd6d1262f416326272cbc1be1849de9051ca7873487d1c07b5640e10c66cd287c6f9b2438b68e957c4c068577ec67f20c054c2c8b38b9340db99edd510afa50a2bec1ab157b9a0bdbfefa2872eca4a95c700edb2769762b4d5345028b98768f10e4a18e6531f8a9f3eb16e31d262875b9b9c986ff767c8f3b8f34a6bbe091e,gx-no-cache=1488976331672 HTTP/1.1" 200 30
186.103.159.182 - - [08/Mar/2017:09:31:01 -0300] "POST /cormun/servlet/solicitudot?gx-no-cache=1488976331740 HTTP/1.1" 200 30
186.103.159.182 - - [08/Mar/2017:09:31:01 -0300] "POST /cormun/servlet/solicitudot?gx-no-cache=1488976331802 HTTP/1.1" 200 1287
186.103.159.182 - - [08/Mar/2017:09:31:01 -0300] "POST /cormun/servlet/solicitudot?gx-no-cache=1488976331880 HTTP/1.1" 200 41
186.103.159.182 - - [08/Mar/2017:09:31:26 -0300] "GET /cormun/servlet/solicitudot?d9aa7e4cabde8ac52d1d5ae28e992e6b37e56fc1f347436916a6137e322bd62ec8a350bcdf8c4870244ef31b369e475ecb50a4a9f686372aaa453c3f09b13eb123c636876603a15c0cf2e91c90c0ec0f1527293f583db15e79ecb1b1b6c1696c022608104d2787ae14e34ebbeb56a20dacc549f87ccf154305cc695124c314bb663bf0f2d04295bfbf286544eff447ae2e473fa934a7ac8593ee872b118fd6e3,gx-no-cache=1488976356607 HTTP/1.1" 200 29
186.103.159.182 - - [08/Mar/2017:09:31:26 -0300] "POST /cormun/servlet/solicitudot?gx-no-cache=1488976356662 HTTP/1.1" 200 1275
186.103.159.182 - - [08/Mar/2017:09:31:26 -0300] "POST /cormun/servlet/solicitudot?gx-no-cache=1488976356725 HTTP/1.1" 200 1157
186.103.159.182 - - [08/Mar/2017:09:31:26 -0300] "GET /cormun/servlet/solicitudot?d9aa7e4cabde8ac52d1d5ae28e992e6ba0f70080af4432820ef93af184be1ab56cf79a16338f2ab021639757a7b16cf07b7ad291a7f498665c67feb8d336c8a6dec9582a03a4abbf43fc3550a7a54e659deedb8aa57b8c25690de7542054d497673eafb6ddb398c07247da97974932dca6c1b2916029b0845ad7707a105340a7e44b531bf2a72f17c626638a10eb94037a82a645b1cf6e99f1b59f2e73da84feda163660a7e4d5ad45467db56736d084,gx-no-cache=1488976356801 HTTP/1.1" 200 30
186.103.159.182 - - [08/Mar/2017:09:31:26 -0300] "POST /cormun/servlet/solicitudot?d23585cbfde9d4d776bfc70582156f2d,UPD,2017,5307,,gx-no-cache=1488976356859 HTTP/1.1" 200 93
186.103.159.182 - - [08/Mar/2017:09:31:26 -0300] "GET /cormun/servlet/hpexe_return? HTTP/1.1" 200 1008
186.103.159.182 - - [08/Mar/2017:09:31:27 -0300] "GET /cormun/servlet/trsolicitudot HTTP/1.1" 200 10051
186.103.159.182 - - [08/Mar/2017:09:31:28 -0300] "GET /cormun/servlet/trsolicitudot HTTP/1.1" 200 10047
186.103.159.182 - - [08/Mar/2017:09:31:34 -0300] "POST /cormun/servlet/trsolicitudot?d23585cbfde9d4d776bfc70582156f2d,gx-no-cache=1488976364447 HTTP/1.1" 200 106
186.103.159.182 - - [08/Mar/2017:09:31:34 -0300] "GET /cormun/servlet/solicitudot?UPD,2017,5307, HTTP/1.1" 200 14513
186.103.159.182 - - [08/Mar/2017:09:31:36 -0300] "GET /cormun/servlet/solicitudot?UPD,2017,5307, HTTP/1.1" 200 14523
186.103.159.182 - - [08/Mar/2017:09:31:37 -0300] "POST /cormun/servlet/solicitudot?gx-no-cache=1488976366786 HTTP/1.1" 200 3200
192.168.10.89 - - [08/Mar/2017:09:31:37 -0300] "POST /cormun/servlet/trautorizarsolicitud?e5bdcae641cc92ca5da0c4fbe6cae67f,gx-no-cache=1488979581141 HTTP/1.1" 200 5461
192.168.10.89 - - [08/Mar/2017:09:31:37 -0300] "POST /cormun/servlet/trautorizarsolicitud?e5bdcae641cc92ca5da0c4fbe6cae67f,gx-no-cache=1488979581461 HTTP/1.1" 200 5405
186.103.159.182 - - [08/Mar/2017:09:31:37 -0300] "POST /cormun/servlet/solicitudot?d23585cbfde9d4d776bfc70582156f2d,UPD,2017,5307,,gx-no-cache=1488976367556 HTTP/1.1" 200 11060
192.168.10.89 - - [08/Mar/2017:09:31:37 -0300] "GET /cormun/static/Shared/jqueryui/images/ui-bg_highlight-soft_100_c6c2c8_1x100.png HTTP/1.1" 404 1117
