186.103.159.182 - - [08/Mar/2017:09:53:43 -0300] "GET /cormun/servlet/trsolicitudadjuntos?2017,5303, HTTP/1.1" 200 8875
186.103.159.182 - - [08/Mar/2017:09:53:45 -0300] "GET /cormun/servlet/solicitudotadjuntos?INS,2017,5303,,1, HTTP/1.1" 200 6050
186.103.159.182 - - [08/Mar/2017:09:53:45 -0300] "GET /cormun/static/about:blank HTTP/1.1" 404 1011
186.103.159.182 - - [08/Mar/2017:09:53:46 -0300] "GET /cormun/servlet/solicitudotadjuntos?INS,2017,5303,,1, HTTP/1.1" 200 6044
186.103.159.182 - - [08/Mar/2017:09:53:46 -0300] "GET /cormun/servlet/solicitudotadjuntos?d9aa7e4cabde8ac52d1d5ae28e992e6ba0e757058c563de8b78727273bb2bc1da78a036cd951ef8fdf3aa151a71b094c,gx-no-cache=1488977697073 HTTP/1.1" 200 30
186.103.159.182 - - [08/Mar/2017:09:53:46 -0300] "POST /cormun/servlet/solicitudotadjuntos?d23585cbfde9d4d776bfc70582156f2d,INS,2017,5303,,1,,gx-no-cache=1488977697112 HTTP/1.1" 200 3854
186.103.159.182 - - [08/Mar/2017:09:53:50 -0300] "POST /cormun/servlet/solicitudotadjuntos?gx-no-cache=1488977700336 HTTP/1.1" 200 26
186.103.159.182 - - [08/Mar/2017:09:53:57 -0300] "GET /cormun/servlet/solicitudotadjuntos?d9aa7e4cabde8ac52d1d5ae28e992e6bf15c227cb9822cff6325daec72246283,gx-no-cache=1488977707403 HTTP/1.1" 200 30
186.103.159.182 - - [08/Mar/2017:09:53:57 -0300] "GET /cormun/servlet/solicitudotadjuntos?d9aa7e4cabde8ac52d1d5ae28e992e6bf15c227cb9822cff6325daec72246283,gx-no-cache=1488977707451 HTTP/1.1" 200 30
186.103.159.182 - - [08/Mar/2017:09:53:59 -0300] "POST /cormun/servlet/solicitudotadjuntos?d23585cbfde9d4d776bfc70582156f2d,INS,2017,5303,,1, HTTP/1.1" 200 116
186.103.159.182 - - [08/Mar/2017:09:53:59 -0300] "GET /cormun/servlet/hpexe_return? HTTP/1.1" 200 1021
186.103.159.182 - - [08/Mar/2017:09:54:00 -0300] "GET /cormun/servlet/trsolicitudadjuntos?2017,5303, HTTP/1.1" 200 9053
186.103.159.182 - - [08/Mar/2017:09:54:01 -0300] "GET /cormun/servlet/trsolicitudadjuntos?2017,5303, HTTP/1.1" 200 9050
186.103.159.182 - - [08/Mar/2017:09:54:08 -0300] "POST /cormun/servlet/trsolicitudadjuntos?d23585cbfde9d4d776bfc70582156f2d,2017,5303,,gx-no-cache=1488977717924 HTTP/1.1" 200 90
186.103.159.182 - - [08/Mar/2017:09:54:08 -0300] "GET /cormun/servlet/hpexe_link HTTP/1.1" 200 988
186.103.159.182 - - [08/Mar/2017:09:54:09 -0300] "GET /cormun/servlet/trsolicitudot?gx-no-cache=1488977509025 HTTP/1.1" 200 10212
186.103.159.182 - - [08/Mar/2017:09:54:10 -0300] "GET /cormun/servlet/trsolicitudot?gx-no-cache=1488977509025 HTTP/1.1" 200 10232
186.103.159.182 - - [08/Mar/2017:09:54:28 -0300] "POST /cormun/servlet/trsolicitudot?d23585cbfde9d4d776bfc70582156f2d,gx-no-cache=1488977509025,gx-no-cache=1488977738467 HTTP/1.1" 200 7089
186.103.159.182 - - [08/Mar/2017:09:54:29 -0300] "GET /cormun/static/Shared/jqueryui/images/ui-bg_highlight-soft_100_c6c2c8_1x100.png HTTP/1.1" 404 1117
186.103.159.182 - - [08/Mar/2017:09:54:29 -0300] "GET /cormun/static/Shared/jqueryui/images/ui-icons_82798d_256x240.png HTTP/1.1" 404 1089
186.103.159.182 - - [08/Mar/2017:09:54:29 -0300] "GET /cormun/static/Shared/jqueryui/images/ui-bg_flat_55_fafafa_40x100.png HTTP/1.1" 404 1097
186.103.159.182 - - [08/Mar/2017:09:54:29 -0300] "GET /cormun/static/Shared/jqueryui/images/ui-icons_8d78a5_256x240.png HTTP/1.1" 404 1089
186.103.159.182 - - [08/Mar/2017:09:54:29 -0300] "POST /cormun/servlet/trsolicitudot?d23585cbfde9d4d776bfc70582156f2d,gx-no-cache=1488977509025,gx-no-cache=1488977739482 HTTP/1.1" 200 7032
186.103.159.182 - - [08/Mar/2017:09:54:34 -0300] "POST /cormun/servlet/trsolicitudot?d23585cbfde9d4d776bfc70582156f2d,gx-no-cache=1488977509025,gx-no-cache=1488977744119 HTTP/1.1" 200 107
186.103.159.182 - - [08/Mar/2017:09:54:34 -0300] "GET /cormun/servlet/trsolicitudadjuntos?2017,5304, HTTP/1.1" 200 6140
186.103.159.182 - - [08/Mar/2017:09:54:35 -0300] "GET /cormun/servlet/trsolicitudadjuntos?2017,5304, HTTP/1.1" 200 6118
186.103.159.182 - - [08/Mar/2017:09:54:38 -0300] "GET /cormun/servlet/solicitudotadjuntos?INS,2017,5304,,1, HTTP/1.1" 200 6049
186.103.159.182 - - [08/Mar/2017:09:54:38 -0300] "GET /cormun/static/about:blank HTTP/1.1" 404 1011
186.103.159.182 - - [08/Mar/2017:09:54:39 -0300] "GET /cormun/servlet/solicitudotadjuntos?INS,2017,5304,,1, HTTP/1.1" 200 6043
186.103.159.182 - - [08/Mar/2017:09:54:39 -0300] "GET /cormun/servlet/solicitudotadjuntos?d9aa7e4cabde8ac52d1d5ae28e992e6b65aaefb4b9fbc47a1ef41249335e4ba8a78a036cd951ef8fdf3aa151a71b094c,gx-no-cache=1488977750084 HTTP/1.1" 200 30
186.103.159.182 - - [08/Mar/2017:09:54:39 -0300] "POST /cormun/servlet/solicitudotadjuntos?d23585cbfde9d4d776bfc70582156f2d,INS,2017,5304,,1,,gx-no-cache=1488977750126 HTTP/1.1" 200 3851
186.103.159.182 - - [08/Mar/2017:09:54:54 -0300] "POST /cormun/servlet/solicitudotadjuntos?gx-no-cache=1488977764754 HTTP/1.1" 200 26
186.103.159.182 - - [08/Mar/2017:09:55:04 -0300] "GET /cormun/servlet/solicitudotadjuntos?d9aa7e4cabde8ac52d1d5ae28e992e6bf15c227cb9822cff6325daec72246283,gx-no-cache=1488977774436 HTTP/1.1" 200 30
186.103.159.182 - - [08/Mar/2017:09:55:04 -0300] "GET /cormun/servlet/solicitudotadjuntos?d9aa7e4cabde8ac52d1d5ae28e992e6bf15c227cb9822cff6325daec72246283,gx-no-cache=1488977774474 HTTP/1.1" 200 30
186.103.159.182 - - [08/Mar/2017:09:55:05 -0300] "POST /cormun/servlet/solicitudotadjuntos?d23585cbfde9d4d776bfc70582156f2d,INS,2017,5304,,1, HTTP/1.1" 200 116
186.103.159.182 - - [08/Mar/2017:09:55:05 -0300] "GET /cormun/servlet/hpexe_return? HTTP/1.1" 200 1021
186.103.159.182 - - [08/Mar/2017:09:55:05 -0300] "GET /cormun/servlet/trsolicitudadjuntos?2017,5304, HTTP/1.1" 200 8238
186.103.159.182 - - [08/Mar/2017:09:55:07 -0300] "GET /cormun/servlet/trsolicitudadjuntos?2017,5304, HTTP/1.1" 200 8234
186.103.159.182 - - [08/Mar/2017:09:55:10 -0300] "GET /cormun/servlet/solicitudotadjuntos?INS,2017,5304,,1, HTTP/1.1" 200 6049
186.103.159.182 - - [08/Mar/2017:09:55:10 -0300] "GET /cormun/static/about:blank HTTP/1.1" 404 1011
186.103.159.182 - - [08/Mar/2017:09:55:11 -0300] "GET /cormun/servlet/solicitudotadjuntos?INS,2017,5304,,1, HTTP/1.1" 200 6043
186.103.159.182 - - [08/Mar/2017:09:55:11 -0300] "GET /cormun/servlet/solicitudotadjuntos?d9aa7e4cabde8ac52d1d5ae28e992e6b65aaefb4b9fbc47a1ef41249335e4ba8a78a036cd951ef8fdf3aa151a71b094c,gx-no-cache=1488977782127 HTTP/1.1" 200 30
186.103.159.182 - - [08/Mar/2017:09:55:12 -0300] "POST /cormun/servlet/solicitudotadjuntos?d23585cbfde9d4d776bfc70582156f2d,INS,2017,5304,,1,,gx-no-cache=1488977782170 HTTP/1.1" 200 3851
186.103.159.182 - - [08/Mar/2017:09:55:14 -0300] "POST /cormun/servlet/solicitudotadjuntos?gx-no-cache=1488977784696 HTTP/1.1" 200 26
186.103.159.182 - - [08/Mar/2017:09:55:22 -0300] "GET /cormun/servlet/solicitudotadjuntos?d9aa7e4cabde8ac52d1d5ae28e992e6bf15c227cb9822cff6325daec72246283,gx-no-cache=1488977792786 HTTP/1.1" 200 30
186.103.159.182 - - [08/Mar/2017:09:55:22 -0300] "GET /cormun/servlet/solicitudotadjuntos?d9aa7e4cabde8ac52d1d5ae28e992e6bf15c227cb9822cff6325daec72246283,gx-no-cache=1488977792811 HTTP/1.1" 200 30
186.103.159.182 - - [08/Mar/2017:09:55:23 -0300] "POST /cormun/servlet/solicitudotadjuntos?d23585cbfde9d4d776bfc70582156f2d,INS,2017,5304,,1, HTTP/1.1" 200 116
186.103.159.182 - - [08/Mar/2017:09:55:23 -0300] "GET /cormun/servlet/hpexe_return? HTTP/1.1" 200 1021
186.103.159.182 - - [08/Mar/2017:09:55:24 -0300] "GET /cormun/servlet/trsolicitudadjuntos?2017,5304, HTTP/1.1" 200 8415
186.103.159.182 - - [08/Mar/2017:09:55:25 -0300] "GET /cormun/servlet/trsolicitudadjuntos?2017,5304, HTTP/1.1" 200 8412
186.103.159.182 - - [08/Mar/2017:09:55:30 -0300] "GET /cormun/servlet/solicitudotadjuntos?INS,2017,5304,,1, HTTP/1.1" 200 6050
186.103.159.182 - - [08/Mar/2017:09:55:31 -0300] "GET /cormun/static/about:blank HTTP/1.1" 404 1011
186.103.159.182 - - [08/Mar/2017:09:55:32 -0300] "GET /cormun/servlet/solicitudotadjuntos?INS,2017,5304,,1, HTTP/1.1" 200 6044
186.103.159.182 - - [08/Mar/2017:09:55:32 -0300] "GET /cormun/servlet/solicitudotadjuntos?d9aa7e4cabde8ac52d1d5ae28e992e6b65aaefb4b9fbc47a1ef41249335e4ba8a78a036cd951ef8fdf3aa151a71b094c,gx-no-cache=1488977802799 HTTP/1.1" 200 30
186.103.159.182 - - [08/Mar/2017:09:55:32 -0300] "POST /cormun/servlet/solicitudotadjuntos?d23585cbfde9d4d776bfc70582156f2d,INS,2017,5304,,1,,gx-no-cache=1488977802838 HTTP/1.1" 200 3852
186.103.159.182 - - [08/Mar/2017:09:55:35 -0300] "POST /cormun/servlet/solicitudotadjuntos?gx-no-cache=1488977805775 HTTP/1.1" 200 26
186.103.159.182 - - [08/Mar/2017:09:55:48 -0300] "GET /cormun/servlet/solicitudotadjuntos?d9aa7e4cabde8ac52d1d5ae28e992e6bf15c227cb9822cff6325daec72246283,gx-no-cache=1488977818362 HTTP/1.1" 200 30
186.103.159.182 - - [08/Mar/2017:09:55:48 -0300] "GET /cormun/servlet/solicitudotadjuntos?d9aa7e4cabde8ac52d1d5ae28e992e6bf15c227cb9822cff6325daec72246283,gx-no-cache=1488977818387 HTTP/1.1" 200 30
186.103.159.182 - - [08/Mar/2017:09:55:48 -0300] "POST /cormun/servlet/solicitudotadjuntos?d23585cbfde9d4d776bfc70582156f2d,INS,2017,5304,,1, HTTP/1.1" 200 116
186.103.159.182 - - [08/Mar/2017:09:55:48 -0300] "GET /cormun/servlet/hpexe_return? HTTP/1.1" 200 1021
186.103.159.182 - - [08/Mar/2017:09:55:49 -0300] "GET /cormun/servlet/trsolicitudadjuntos?2017,5304, HTTP/1.1" 200 8550
186.103.159.182 - - [08/Mar/2017:09:55:50 -0300] "GET /cormun/servlet/trsolicitudadjuntos?2017,5304, HTTP/1.1" 200 8551
186.103.159.182 - - [08/Mar/2017:09:55:55 -0300] "GET /cormun/servlet/solicitudotadjuntos?INS,2017,5304,,1, HTTP/1.1" 200 6050
186.103.159.182 - - [08/Mar/2017:09:55:56 -0300] "GET /cormun/static/about:blank HTTP/1.1" 404 1011
186.103.159.182 - - [08/Mar/2017:09:55:56 -0300] "GET /cormun/servlet/solicitudotadjuntos?INS,2017,5304,,1, HTTP/1.1" 200 6044
186.103.159.182 - - [08/Mar/2017:09:55:56 -0300] "GET /cormun/servlet/solicitudotadjuntos?d9aa7e4cabde8ac52d1d5ae28e992e6b65aaefb4b9fbc47a1ef41249335e4ba8a78a036cd951ef8fdf3aa151a71b094c,gx-no-cache=1488977827189 HTTP/1.1" 200 30
186.103.159.182 - - [08/Mar/2017:09:55:57 -0300] "POST /cormun/servlet/solicitudotadjuntos?d23585cbfde9d4d776bfc70582156f2d,INS,2017,5304,,1,,gx-no-cache=1488977827231 HTTP/1.1" 200 3852
186.103.159.182 - - [08/Mar/2017:09:55:59 -0300] "POST /cormun/servlet/solicitudotadjuntos?gx-no-cache=1488977830177 HTTP/1.1" 200 26
186.103.159.182 - - [08/Mar/2017:09:56:05 -0300] "GET /cormun/servlet/solicitudotadjuntos?d9aa7e4cabde8ac52d1d5ae28e992e6bf15c227cb9822cff6325daec72246283,gx-no-cache=1488977836187 HTTP/1.1" 200 30
186.103.159.182 - - [08/Mar/2017:09:56:05 -0300] "GET /cormun/servlet/solicitudotadjuntos?d9aa7e4cabde8ac52d1d5ae28e992e6bf15c227cb9822cff6325daec72246283,gx-no-cache=1488977836212 HTTP/1.1" 200 30
186.103.159.182 - - [08/Mar/2017:09:56:07 -0300] "POST /cormun/servlet/solicitudotadjuntos?d23585cbfde9d4d776bfc70582156f2d,INS,2017,5304,,1, HTTP/1.1" 200 116
186.103.159.182 - - [08/Mar/2017:09:56:07 -0300] "GET /cormun/servlet/hpexe_return? HTTP/1.1" 200 1021
186.103.159.182 - - [08/Mar/2017:09:56:07 -0300] "GET /cormun/servlet/trsolicitudadjuntos?2017,5304, HTTP/1.1" 200 8682
186.103.159.182 - - [08/Mar/2017:09:56:09 -0300] "GET /cormun/servlet/trsolicitudadjuntos?2017,5304, HTTP/1.1" 200 8680
186.103.159.182 - - [08/Mar/2017:09:56:11 -0300] "GET /cormun/servlet/solicitudotadjuntos?INS,2017,5304,,1, HTTP/1.1" 200 6050
186.103.159.182 - - [08/Mar/2017:09:56:11 -0300] "GET /cormun/static/about:blank HTTP/1.1" 404 1011
186.103.159.182 - - [08/Mar/2017:09:56:12 -0300] "GET /cormun/servlet/solicitudotadjuntos?INS,2017,5304,,1, HTTP/1.1" 200 6044
186.103.159.182 - - [08/Mar/2017:09:56:13 -0300] "GET /cormun/servlet/solicitudotadjuntos?d9aa7e4cabde8ac52d1d5ae28e992e6b65aaefb4b9fbc47a1ef41249335e4ba8a78a036cd951ef8fdf3aa151a71b094c,gx-no-cache=1488977843657 HTTP/1.1" 200 30
186.103.159.182 - - [08/Mar/2017:09:56:13 -0300] "POST /cormun/servlet/solicitudotadjuntos?d23585cbfde9d4d776bfc70582156f2d,INS,2017,5304,,1,,gx-no-cache=1488977843696 HTTP/1.1" 200 3852
186.103.159.182 - - [08/Mar/2017:09:56:16 -0300] "POST /cormun/servlet/solicitudotadjuntos?gx-no-cache=1488977846257 HTTP/1.1" 200 26
186.103.159.182 - - [08/Mar/2017:09:56:23 -0300] "GET /cormun/servlet/solicitudotadjuntos?d9aa7e4cabde8ac52d1d5ae28e992e6bf15c227cb9822cff6325daec72246283,gx-no-cache=1488977853722 HTTP/1.1" 200 30
186.103.159.182 - - [08/Mar/2017:09:56:23 -0300] "GET /cormun/servlet/solicitudotadjuntos?d9aa7e4cabde8ac52d1d5ae28e992e6bf15c227cb9822cff6325daec72246283,gx-no-cache=1488977853749 HTTP/1.1" 200 30
186.103.159.182 - - [08/Mar/2017:09:56:29 -0300] "POST /cormun/servlet/solicitudotadjuntos?d23585cbfde9d4d776bfc70582156f2d,INS,2017,5304,,1, HTTP/1.1" 200 116
186.103.159.182 - - [08/Mar/2017:09:56:30 -0300] "GET /cormun/servlet/hpexe_return? HTTP/1.1" 200 1021
186.103.159.182 - - [08/Mar/2017:09:56:30 -0300] "GET /cormun/servlet/trsolicitudadjuntos?2017,5304, HTTP/1.1" 200 8881
186.103.159.182 - - [08/Mar/2017:09:56:32 -0300] "GET /cormun/servlet/trsolicitudadjuntos?2017,5304, HTTP/1.1" 200 8876
186.103.159.182 - - [08/Mar/2017:09:56:34 -0300] "GET /cormun/servlet/solicitudotadjuntos?INS,2017,5304,,1, HTTP/1.1" 200 6050
186.103.159.182 - - [08/Mar/2017:09:56:34 -0300] "GET /cormun/static/about:blank HTTP/1.1" 404 1011
186.103.159.182 - - [08/Mar/2017:09:56:35 -0300] "GET /cormun/servlet/solicitudotadjuntos?INS,2017,5304,,1, HTTP/1.1" 200 6044
186.103.159.182 - - [08/Mar/2017:09:56:36 -0300] "GET /cormun/servlet/solicitudotadjuntos?d9aa7e4cabde8ac52d1d5ae28e992e6b65aaefb4b9fbc47a1ef41249335e4ba8a78a036cd951ef8fdf3aa151a71b094c,gx-no-cache=1488977866269 HTTP/1.1" 200 30
186.103.159.182 - - [08/Mar/2017:09:56:36 -0300] "POST /cormun/servlet/solicitudotadjuntos?d23585cbfde9d4d776bfc70582156f2d,INS,2017,5304,,1,,gx-no-cache=1488977866312 HTTP/1.1" 200 3852
186.103.159.182 - - [08/Mar/2017:09:56:39 -0300] "POST /cormun/servlet/solicitudotadjuntos?gx-no-cache=1488977869217 HTTP/1.1" 200 26
186.103.159.182 - - [08/Mar/2017:09:56:46 -0300] "GET /cormun/servlet/solicitudotadjuntos?d9aa7e4cabde8ac52d1d5ae28e992e6bf15c227cb9822cff6325daec72246283,gx-no-cache=1488977876540 HTTP/1.1" 200 30
186.103.159.182 - - [08/Mar/2017:09:56:46 -0300] "GET /cormun/servlet/solicitudotadjuntos?d9aa7e4cabde8ac52d1d5ae28e992e6bf15c227cb9822cff6325daec72246283,gx-no-cache=1488977876586 HTTP/1.1" 200 30
186.103.159.182 - - [08/Mar/2017:09:56:48 -0300] "POST /cormun/servlet/solicitudotadjuntos?d23585cbfde9d4d776bfc70582156f2d,INS,2017,5304,,1, HTTP/1.1" 200 116
186.103.159.182 - - [08/Mar/2017:09:56:48 -0300] "GET /cormun/servlet/hpexe_return? HTTP/1.1" 200 1021
186.103.159.182 - - [08/Mar/2017:09:56:49 -0300] "GET /cormun/servlet/trsolicitudadjuntos?2017,5304, HTTP/1.1" 200 9053
186.103.159.182 - - [08/Mar/2017:09:56:50 -0300] "GET /cormun/servlet/trsolicitudadjuntos?2017,5304, HTTP/1.1" 200 9054
186.103.159.182 - - [08/Mar/2017:09:56:57 -0300] "POST /cormun/servlet/trsolicitudadjuntos?d23585cbfde9d4d776bfc70582156f2d,2017,5304,,gx-no-cache=1488977887587 HTTP/1.1" 200 90
186.103.159.182 - - [08/Mar/2017:09:56:57 -0300] "GET /cormun/servlet/hpexe_link HTTP/1.1" 200 988
186.103.159.182 - - [08/Mar/2017:09:56:58 -0300] "GET /cormun/servlet/trsolicitudot?gx-no-cache=1488977509025 HTTP/1.1" 200 9895
186.103.159.182 - - [08/Mar/2017:09:56:59 -0300] "GET /cormun/servlet/trsolicitudot?gx-no-cache=1488977509025 HTTP/1.1" 200 9915
186.103.159.182 - - [08/Mar/2017:09:57:05 -0300] "POST /cormun/servlet/trsolicitudot?d23585cbfde9d4d776bfc70582156f2d,gx-no-cache=1488977509025,gx-no-cache=1488977895671 HTTP/1.1" 200 6789
186.103.159.182 - - [08/Mar/2017:09:57:06 -0300] "GET /cormun/static/Shared/jqueryui/images/ui-bg_highlight-soft_100_c6c2c8_1x100.png HTTP/1.1" 404 1117
186.103.159.182 - - [08/Mar/2017:09:57:06 -0300] "GET /cormun/static/Shared/jqueryui/images/ui-icons_82798d_256x240.png HTTP/1.1" 404 1089
186.103.159.182 - - [08/Mar/2017:09:57:06 -0300] "GET /cormun/static/Shared/jqueryui/images/ui-bg_flat_55_fafafa_40x100.png HTTP/1.1" 404 1097
186.103.159.182 - - [08/Mar/2017:09:57:06 -0300] "GET /cormun/static/Shared/jqueryui/images/ui-icons_8d78a5_256x240.png HTTP/1.1" 404 1089
186.103.159.182 - - [08/Mar/2017:09:57:06 -0300] "POST /cormun/servlet/trsolicitudot?d23585cbfde9d4d776bfc70582156f2d,gx-no-cache=1488977509025,gx-no-cache=1488977896489 HTTP/1.1" 200 6731
186.103.159.182 - - [08/Mar/2017:09:57:16 -0300] "POST /cormun/servlet/trsolicitudot?d23585cbfde9d4d776bfc70582156f2d,gx-no-cache=1488977509025,gx-no-cache=1488977906393 HTTP/1.1" 200 106
186.103.159.182 - - [08/Mar/2017:09:57:16 -0300] "GET /cormun/servlet/trsolicitudadjuntos?2017,5305, HTTP/1.1" 200 6140
186.103.159.182 - - [08/Mar/2017:09:57:17 -0300] "GET /cormun/servlet/trsolicitudadjuntos?2017,5305, HTTP/1.1" 200 6117
186.103.159.182 - - [08/Mar/2017:09:57:20 -0300] "GET /cormun/servlet/solicitudotadjuntos?INS,2017,5305,,1, HTTP/1.1" 200 6050
186.103.159.182 - - [08/Mar/2017:09:57:20 -0300] "GET /cormun/static/about:blank HTTP/1.1" 404 1011
186.103.159.182 - - [08/Mar/2017:09:57:21 -0300] "GET /cormun/servlet/solicitudotadjuntos?INS,2017,5305,,1, HTTP/1.1" 200 6044
186.103.159.182 - - [08/Mar/2017:09:57:22 -0300] "GET /cormun/servlet/solicitudotadjuntos?d9aa7e4cabde8ac52d1d5ae28e992e6bd745498eab81a99957631f9e5117bb57a78a036cd951ef8fdf3aa151a71b094c,gx-no-cache=1488977912619 HTTP/1.1" 200 30
186.103.159.182 - - [08/Mar/2017:09:57:22 -0300] "POST /cormun/servlet/solicitudotadjuntos?d23585cbfde9d4d776bfc70582156f2d,INS,2017,5305,,1,,gx-no-cache=1488977912660 HTTP/1.1" 200 3853
186.103.159.182 - - [08/Mar/2017:09:57:28 -0300] "POST /cormun/servlet/solicitudotadjuntos?gx-no-cache=1488977918643 HTTP/1.1" 200 26
186.103.159.182 - - [08/Mar/2017:09:57:46 -0300] "GET /cormun/servlet/solicitudotadjuntos?d9aa7e4cabde8ac52d1d5ae28e992e6bf15c227cb9822cff6325daec72246283,gx-no-cache=1488977936381 HTTP/1.1" 200 30
186.103.159.182 - - [08/Mar/2017:09:57:46 -0300] "GET /cormun/servlet/solicitudotadjuntos?d9aa7e4cabde8ac52d1d5ae28e992e6bf15c227cb9822cff6325daec72246283,gx-no-cache=1488977936501 HTTP/1.1" 200 30
186.103.159.182 - - [08/Mar/2017:09:57:48 -0300] "POST /cormun/servlet/solicitudotadjuntos?d23585cbfde9d4d776bfc70582156f2d,INS,2017,5305,,1, HTTP/1.1" 200 116
186.103.159.182 - - [08/Mar/2017:09:57:48 -0300] "GET /cormun/servlet/hpexe_return? HTTP/1.1" 200 1021
186.103.159.182 - - [08/Mar/2017:09:57:49 -0300] "GET /cormun/servlet/trsolicitudadjuntos?2017,5305, HTTP/1.1" 200 8250
186.103.159.182 - - [08/Mar/2017:09:57:50 -0300] "GET /cormun/servlet/trsolicitudadjuntos?2017,5305, HTTP/1.1" 200 8244
186.103.159.182 - - [08/Mar/2017:09:57:52 -0300] "GET /cormun/servlet/solicitudotadjuntos?INS,2017,5305,,1, HTTP/1.1" 200 6050
186.103.159.182 - - [08/Mar/2017:09:57:52 -0300] "GET /cormun/static/about:blank HTTP/1.1" 404 1011
186.103.159.182 - - [08/Mar/2017:09:57:53 -0300] "GET /cormun/servlet/solicitudotadjuntos?INS,2017,5305,,1, HTTP/1.1" 200 6044
186.103.159.182 - - [08/Mar/2017:09:57:54 -0300] "GET /cormun/servlet/solicitudotadjuntos?d9aa7e4cabde8ac52d1d5ae28e992e6bd745498eab81a99957631f9e5117bb57a78a036cd951ef8fdf3aa151a71b094c,gx-no-cache=1488977944355 HTTP/1.1" 200 30
186.103.159.182 - - [08/Mar/2017:09:57:54 -0300] "POST /cormun/servlet/solicitudotadjuntos?d23585cbfde9d4d776bfc70582156f2d,INS,2017,5305,,1,,gx-no-cache=1488977944401 HTTP/1.1" 200 3853
200.111.191.210 - - [08/Mar/2017:09:57:54 -0300] "GET /cormun/servlet/trsolicitudot? HTTP/1.1" 200 6040
200.111.191.210 - - [08/Mar/2017:09:57:54 -0300] "GET /cormun/servlet/hlogin HTTP/1.1" 200 1739
200.111.191.210 - - [08/Mar/2017:09:57:54 -0300] "GET /cormun/servlet/trsolicitudot? HTTP/1.1" 200 6050
186.103.159.182 - - [08/Mar/2017:09:57:56 -0300] "POST /cormun/servlet/solicitudotadjuntos?gx-no-cache=1488977947122 HTTP/1.1" 200 26
200.111.191.210 - - [08/Mar/2017:09:57:59 -0300] "POST /cormun/servlet/hlogin?070cc0eced71fa9a5072ba2bd426d2f3,gx-no-cache=1488981463549 HTTP/1.1" 200 90
200.111.191.210 - - [08/Mar/2017:09:57:59 -0300] "GET /cormun/servlet/hpexe_link HTTP/1.1" 200 963
200.111.191.210 - - [08/Mar/2017:09:57:59 -0300] "GET /cormun/servlet/trsolicitudot HTTP/1.1" 200 6489
200.111.191.210 - - [08/Mar/2017:09:58:00 -0300] "GET /cormun/servlet/trsolicitudot HTTP/1.1" 200 6487
186.103.159.182 - - [08/Mar/2017:09:58:05 -0300] "GET /cormun/servlet/solicitudotadjuntos?d9aa7e4cabde8ac52d1d5ae28e992e6bf15c227cb9822cff6325daec72246283,gx-no-cache=1488977955564 HTTP/1.1" 200 30
186.103.159.182 - - [08/Mar/2017:09:58:05 -0300] "GET /cormun/servlet/solicitudotadjuntos?d9aa7e4cabde8ac52d1d5ae28e992e6bf15c227cb9822cff6325daec72246283,gx-no-cache=1488977955590 HTTP/1.1" 200 30
186.103.159.182 - - [08/Mar/2017:09:58:06 -0300] "POST /cormun/servlet/solicitudotadjuntos?d23585cbfde9d4d776bfc70582156f2d,INS,2017,5305,,1, HTTP/1.1" 200 116
186.103.159.182 - - [08/Mar/2017:09:58:06 -0300] "GET /cormun/servlet/hpexe_return? HTTP/1.1" 200 1021
186.103.159.182 - - [08/Mar/2017:09:58:07 -0300] "GET /cormun/servlet/trsolicitudadjuntos?2017,5305, HTTP/1.1" 200 8418
186.103.159.182 - - [08/Mar/2017:09:58:08 -0300] "GET /cormun/servlet/trsolicitudadjuntos?2017,5305, HTTP/1.1" 200 8416
200.111.191.210 - - [08/Mar/2017:09:58:08 -0300] "POST /cormun/servlet/trsolicitudot?070cc0eced71fa9a5072ba2bd426d2f3,gx-no-cache=1488981472656 HTTP/1.1" 200 6359
186.103.159.182 - - [08/Mar/2017:09:58:11 -0300] "GET /cormun/servlet/solicitudotadjuntos?INS,2017,5305,,1, HTTP/1.1" 200 6050
186.103.159.182 - - [08/Mar/2017:09:58:11 -0300] "GET /cormun/static/about:blank HTTP/1.1" 404 1011
186.103.159.182 - - [08/Mar/2017:09:58:12 -0300] "GET /cormun/servlet/solicitudotadjuntos?INS,2017,5305,,1, HTTP/1.1" 200 6044
186.103.159.182 - - [08/Mar/2017:09:58:13 -0300] "GET /cormun/servlet/solicitudotadjuntos?d9aa7e4cabde8ac52d1d5ae28e992e6bd745498eab81a99957631f9e5117bb57a78a036cd951ef8fdf3aa151a71b094c,gx-no-cache=1488977963144 HTTP/1.1" 200 30
186.103.159.182 - - [08/Mar/2017:09:58:13 -0300] "POST /cormun/servlet/solicitudotadjuntos?d23585cbfde9d4d776bfc70582156f2d,INS,2017,5305,,1,,gx-no-cache=1488977963531 HTTP/1.1" 200 3853
186.103.159.182 - - [08/Mar/2017:09:58:16 -0300] "POST /cormun/servlet/solicitudotadjuntos?gx-no-cache=1488977966570 HTTP/1.1" 200 26
200.111.191.210 - - [08/Mar/2017:09:58:19 -0300] "POST /cormun/servlet/trsolicitudot?070cc0eced71fa9a5072ba2bd426d2f3,gx-no-cache=1488981483651 HTTP/1.1" 200 5786
186.103.159.182 - - [08/Mar/2017:09:58:22 -0300] "GET /cormun/servlet/solicitudotadjuntos?d9aa7e4cabde8ac52d1d5ae28e992e6bf15c227cb9822cff6325daec72246283,gx-no-cache=1488977972958 HTTP/1.1" 200 30
186.103.159.182 - - [08/Mar/2017:09:58:22 -0300] "GET /cormun/servlet/solicitudotadjuntos?d9aa7e4cabde8ac52d1d5ae28e992e6bf15c227cb9822cff6325daec72246283,gx-no-cache=1488977972987 HTTP/1.1" 200 30
186.103.159.182 - - [08/Mar/2017:09:58:23 -0300] "POST /cormun/servlet/solicitudotadjuntos?d23585cbfde9d4d776bfc70582156f2d,INS,2017,5305,,1, HTTP/1.1" 200 116
186.103.159.182 - - [08/Mar/2017:09:58:23 -0300] "GET /cormun/servlet/hpexe_return? HTTP/1.1" 200 1021
186.103.159.182 - - [08/Mar/2017:09:58:24 -0300] "GET /cormun/servlet/trsolicitudadjuntos?2017,5305, HTTP/1.1" 200 8558
186.103.159.182 - - [08/Mar/2017:09:58:25 -0300] "GET /cormun/servlet/trsolicitudadjuntos?2017,5305, HTTP/1.1" 200 8558
186.103.159.182 - - [08/Mar/2017:09:58:27 -0300] "GET /cormun/servlet/solicitudotadjuntos?INS,2017,5305,,1, HTTP/1.1" 200 6050
200.111.191.210 - - [08/Mar/2017:09:58:27 -0300] "POST /cormun/servlet/trsolicitudot?070cc0eced71fa9a5072ba2bd426d2f3,gx-no-cache=1488981491634 HTTP/1.1" 200 6359
186.103.159.182 - - [08/Mar/2017:09:58:28 -0300] "GET /cormun/static/about:blank HTTP/1.1" 404 1011
186.103.159.182 - - [08/Mar/2017:09:58:29 -0300] "GET /cormun/servlet/solicitudotadjuntos?INS,2017,5305,,1, HTTP/1.1" 200 6044
186.103.159.182 - - [08/Mar/2017:09:58:29 -0300] "GET /cormun/servlet/solicitudotadjuntos?d9aa7e4cabde8ac52d1d5ae28e992e6bd745498eab81a99957631f9e5117bb57a78a036cd951ef8fdf3aa151a71b094c,gx-no-cache=1488977979714 HTTP/1.1" 200 30
186.103.159.182 - - [08/Mar/2017:09:58:29 -0300] "POST /cormun/servlet/solicitudotadjuntos?d23585cbfde9d4d776bfc70582156f2d,INS,2017,5305,,1,,gx-no-cache=1488977979761 HTTP/1.1" 200 3854
186.103.159.182 - - [08/Mar/2017:09:58:32 -0300] "POST /cormun/servlet/solicitudotadjuntos?gx-no-cache=1488977982578 HTTP/1.1" 200 26
186.103.159.182 - - [08/Mar/2017:09:58:38 -0300] "GET /cormun/servlet/solicitudotadjuntos?d9aa7e4cabde8ac52d1d5ae28e992e6bf15c227cb9822cff6325daec72246283,gx-no-cache=1488977988797 HTTP/1.1" 200 30
186.103.159.182 - - [08/Mar/2017:09:58:38 -0300] "GET /cormun/servlet/solicitudotadjuntos?d9aa7e4cabde8ac52d1d5ae28e992e6bf15c227cb9822cff6325daec72246283,gx-no-cache=1488977988823 HTTP/1.1" 200 30
186.103.159.182 - - [08/Mar/2017:09:58:39 -0300] "POST /cormun/servlet/solicitudotadjuntos?d23585cbfde9d4d776bfc70582156f2d,INS,2017,5305,,1, HTTP/1.1" 200 116
186.103.159.182 - - [08/Mar/2017:09:58:39 -0300] "GET /cormun/servlet/hpexe_return? HTTP/1.1" 200 1021
186.103.159.182 - - [08/Mar/2017:09:58:40 -0300] "GET /cormun/servlet/trsolicitudadjuntos?2017,5305, HTTP/1.1" 200 8684
186.103.159.182 - - [08/Mar/2017:09:58:41 -0300] "GET /cormun/servlet/trsolicitudadjuntos?2017,5305, HTTP/1.1" 200 8683
186.103.159.182 - - [08/Mar/2017:09:58:45 -0300] "GET /cormun/servlet/solicitudotadjuntos?INS,2017,5305,,1, HTTP/1.1" 200 6050
186.103.159.182 - - [08/Mar/2017:09:58:45 -0300] "GET /cormun/static/about:blank HTTP/1.1" 404 1011
186.103.159.182 - - [08/Mar/2017:09:58:46 -0300] "GET /cormun/servlet/solicitudotadjuntos?INS,2017,5305,,1, HTTP/1.1" 200 6044
186.103.159.182 - - [08/Mar/2017:09:58:47 -0300] "GET /cormun/servlet/solicitudotadjuntos?d9aa7e4cabde8ac52d1d5ae28e992e6bd745498eab81a99957631f9e5117bb57a78a036cd951ef8fdf3aa151a71b094c,gx-no-cache=1488977997343 HTTP/1.1" 200 30
186.103.159.182 - - [08/Mar/2017:09:58:47 -0300] "POST /cormun/servlet/solicitudotadjuntos?d23585cbfde9d4d776bfc70582156f2d,INS,2017,5305,,1,,gx-no-cache=1488977997381 HTTP/1.1" 200 3854
186.103.159.182 - - [08/Mar/2017:09:58:50 -0300] "POST /cormun/servlet/solicitudotadjuntos?gx-no-cache=1488978000402 HTTP/1.1" 200 26
186.103.159.182 - - [08/Mar/2017:09:59:06 -0300] "GET /cormun/servlet/solicitudotadjuntos?d9aa7e4cabde8ac52d1d5ae28e992e6bf15c227cb9822cff6325daec72246283,gx-no-cache=1488978016845 HTTP/1.1" 200 30
186.103.159.182 - - [08/Mar/2017:09:59:06 -0300] "GET /cormun/servlet/solicitudotadjuntos?d9aa7e4cabde8ac52d1d5ae28e992e6bf15c227cb9822cff6325daec72246283,gx-no-cache=1488978016870 HTTP/1.1" 200 30
186.103.159.182 - - [08/Mar/2017:09:59:13 -0300] "POST /cormun/servlet/solicitudotadjuntos?d23585cbfde9d4d776bfc70582156f2d,INS,2017,5305,,1, HTTP/1.1" 200 116
186.103.159.182 - - [08/Mar/2017:09:59:13 -0300] "GET /cormun/servlet/hpexe_return? HTTP/1.1" 200 1021
186.103.159.182 - - [08/Mar/2017:09:59:14 -0300] "GET /cormun/servlet/trsolicitudadjuntos?2017,5305, HTTP/1.1" 200 8876
186.103.159.182 - - [08/Mar/2017:09:59:15 -0300] "GET /cormun/servlet/trsolicitudadjuntos?2017,5305, HTTP/1.1" 200 8873
186.103.159.182 - - [08/Mar/2017:09:59:18 -0300] "GET /cormun/servlet/solicitudotadjuntos?INS,2017,5305,,1, HTTP/1.1" 200 6050
186.103.159.182 - - [08/Mar/2017:09:59:18 -0300] "GET /cormun/static/about:blank HTTP/1.1" 404 1011
186.103.159.182 - - [08/Mar/2017:09:59:19 -0300] "GET /cormun/servlet/solicitudotadjuntos?INS,2017,5305,,1, HTTP/1.1" 200 6044
186.103.159.182 - - [08/Mar/2017:09:59:20 -0300] "GET /cormun/servlet/solicitudotadjuntos?d9aa7e4cabde8ac52d1d5ae28e992e6bd745498eab81a99957631f9e5117bb57a78a036cd951ef8fdf3aa151a71b094c,gx-no-cache=1488978030264 HTTP/1.1" 200 30
186.103.159.182 - - [08/Mar/2017:09:59:20 -0300] "POST /cormun/servlet/solicitudotadjuntos?d23585cbfde9d4d776bfc70582156f2d,INS,2017,5305,,1,,gx-no-cache=1488978030312 HTTP/1.1" 200 3854
186.103.159.182 - - [08/Mar/2017:09:59:22 -0300] "POST /cormun/servlet/solicitudotadjuntos?gx-no-cache=1488978032307 HTTP/1.1" 200 26
186.103.159.182 - - [08/Mar/2017:09:59:29 -0300] "GET /cormun/servlet/solicitudotadjuntos?d9aa7e4cabde8ac52d1d5ae28e992e6bf15c227cb9822cff6325daec72246283,gx-no-cache=1488978039861 HTTP/1.1" 200 30
186.103.159.182 - - [08/Mar/2017:09:59:29 -0300] "GET /cormun/servlet/solicitudotadjuntos?d9aa7e4cabde8ac52d1d5ae28e992e6bf15c227cb9822cff6325daec72246283,gx-no-cache=1488978039885 HTTP/1.1" 200 30
186.103.159.182 - - [08/Mar/2017:09:59:32 -0300] "POST /cormun/servlet/solicitudotadjuntos?d23585cbfde9d4d776bfc70582156f2d,INS,2017,5305,,1, HTTP/1.1" 200 116
186.103.159.182 - - [08/Mar/2017:09:59:32 -0300] "GET /cormun/servlet/hpexe_return? HTTP/1.1" 200 1021
186.103.159.182 - - [08/Mar/2017:09:59:33 -0300] "GET /cormun/servlet/trsolicitudadjuntos?2017,5305, HTTP/1.1" 200 9063
186.103.159.182 - - [08/Mar/2017:09:59:35 -0300] "GET /cormun/servlet/trsolicitudadjuntos?2017,5305, HTTP/1.1" 200 9061
186.103.159.182 - - [08/Mar/2017:09:59:37 -0300] "POST /cormun/servlet/trsolicitudadjuntos?d23585cbfde9d4d776bfc70582156f2d,2017,5305,,gx-no-cache=1488978048142 HTTP/1.1" 200 90
186.103.159.182 - - [08/Mar/2017:09:59:38 -0300] "GET /cormun/servlet/hpexe_link HTTP/1.1" 200 988
186.103.159.182 - - [08/Mar/2017:09:59:38 -0300] "GET /cormun/servlet/trsolicitudot?gx-no-cache=1488977509025 HTTP/1.1" 200 9591
186.103.159.182 - - [08/Mar/2017:09:59:39 -0300] "GET /cormun/servlet/trsolicitudot?gx-no-cache=1488977509025 HTTP/1.1" 200 9610
186.103.159.182 - - [08/Mar/2017:09:59:45 -0300] "POST /cormun/servlet/trsolicitudot?d23585cbfde9d4d776bfc70582156f2d,gx-no-cache=1488977509025,gx-no-cache=1488978055639 HTTP/1.1" 200 6473
186.103.159.182 - - [08/Mar/2017:09:59:45 -0300] "GET /cormun/static/Shared/jqueryui/images/ui-bg_highlight-soft_100_c6c2c8_1x100.png HTTP/1.1" 404 1117
186.103.159.182 - - [08/Mar/2017:09:59:45 -0300] "GET /cormun/static/Shared/jqueryui/images/ui-icons_82798d_256x240.png HTTP/1.1" 404 1089
186.103.159.182 - - [08/Mar/2017:09:59:45 -0300] "GET /cormun/static/Shared/jqueryui/images/ui-bg_flat_55_fafafa_40x100.png HTTP/1.1" 404 1097
186.103.159.182 - - [08/Mar/2017:09:59:45 -0300] "GET /cormun/static/Shared/jqueryui/images/ui-icons_8d78a5_256x240.png HTTP/1.1" 404 1089
186.103.159.182 - - [08/Mar/2017:09:59:46 -0300] "POST /cormun/servlet/trsolicitudot?d23585cbfde9d4d776bfc70582156f2d,gx-no-cache=1488977509025,gx-no-cache=1488978056185 HTTP/1.1" 200 6417
192.168.10.62 - - [08/Mar/2017:10:00:07 -0300] "POST /cormun/servlet/hlogin?a66e9c7fc2e792a6381d94cb63048e7e,gx-no-cache=1488981291055 HTTP/1.1" 200 90
192.168.10.62 - - [08/Mar/2017:10:00:07 -0300] "GET /cormun/servlet/hpexe_link HTTP/1.1" 200 975
192.168.10.62 - - [08/Mar/2017:10:00:07 -0300] "GET /cormun/servlet/trsolicitudnombre?17523712, HTTP/1.1" 200 5724
192.168.10.62 - - [08/Mar/2017:10:00:07 -0300] "GET /cormun/servlet/trsolicitudnombre?17523712, HTTP/1.1" 200 5723
192.168.10.62 - - [08/Mar/2017:10:00:10 -0300] "GET /cormun/servlet/trsolicitudgral? HTTP/1.1" 200 24045
192.168.10.62 - - [08/Mar/2017:10:00:12 -0300] "GET /cormun/servlet/trsolicitudgral? HTTP/1.1" 200 24034
192.168.10.62 - - [08/Mar/2017:10:00:13 -0300] "GET /cormun/static/menuarrow.gif HTTP/1.1" 404 1015
186.79.146.0 - - [08/Mar/2017:10:00:16 -0300] "GET /cormun/servlet/hlogin HTTP/1.1" 200 1710
186.79.146.0 - - [08/Mar/2017:10:00:18 -0300] "GET /cormun/servlet/hlogin HTTP/1.1" 200 1710
192.168.10.62 - - [08/Mar/2017:10:00:26 -0300] "POST /cormun/servlet/trsolicitudgral?a66e9c7fc2e792a6381d94cb63048e7e,,gx-no-cache=1488981310775 HTTP/1.1" 200 7007
186.103.159.46 - - [08/Mar/2017:10:00:30 -0300] "GET /cormun/servlet/licenciaspermisos?1c53a447f9931f960d8522d8b91c49ec3a6db821775c7798f38c4461f4bf4d71e43a108451a15b25a438f7ab14a1b670531fb8602b24fd15425e26e3ec238a3337e37735562d4be3171fcdd52309263ff90115b415e49356c313b8ae5ead3d6c421f0d522cbd70b6ab7d2d005118059234bc7a1688e552fa09f24a639f0404a2996619c41fdab00a4cf109df45281f85519702eeb3d12c1ee10227108bd85ae544389d4560e46552d15f5398cb96e291b2c64a9e75f2130b5bb1a6af51854a7d137c4303cfd2e9dbbf373950a720419419603c11b4bd4348f0ba25bc075151c5,gx-no-cache=1488978100541 HTTP/1.1" 200 30
186.103.159.46 - - [08/Mar/2017:10:00:30 -0300] "GET /cormun/servlet/licenciaspermisos?1c53a447f9931f960d8522d8b91c49ecc787aecf8e5f431e7471fd700e7b3013ca57dc6b88a61f7c93d08fe52bf8831e1e3614ab40b743b79865e4e9252a0adf181f322873135c3e140f9bffbc128e5d9f863259651b08f8b3c70990adf4b2e616ae63fae2ef2888f6a0f0c9759a7791cdada772edf987141b5b9865c552719f607a0a51dbfd7221efb5170aab73a8cbddfba022de882a59669d5f1e80b6299daa6f7a556c15e7f6ff879911e4c7ad009ee3fa62c5ca78f1226d13b64f14b102610de6b071d5740d7649fc60438b54781b90dad4d5d46fb1c80e86b72c830174,gx-no-cache=1488978100652 HTTP/1.1" 200 29
186.103.159.46 - - [08/Mar/2017:10:00:30 -0300] "POST /cormun/servlet/licenciaspermisos?6e19d6ce2ba915bc8b4147463f6c8a48,INS,0,,,,gx-no-cache=1488978100718 HTTP/1.1" 200 4528
186.103.159.46 - - [08/Mar/2017:10:00:31 -0300] "GET /cormun/static/Shared/jqueryui/images/ui-bg_highlight-soft_100_c6c2c8_1x100.png HTTP/1.1" 404 1117
186.103.159.46 - - [08/Mar/2017:10:00:31 -0300] "GET /cormun/static/Shared/jqueryui/images/ui-icons_82798d_256x240.png HTTP/1.1" 404 1089
186.103.159.46 - - [08/Mar/2017:10:00:31 -0300] "GET /cormun/static/Shared/jqueryui/images/ui-bg_flat_55_994d53_40x100.png HTTP/1.1" 404 1097
186.103.159.46 - - [08/Mar/2017:10:00:31 -0300] "GET /cormun/static/Shared/jqueryui/images/ui-icons_ebccce_256x240.png HTTP/1.1" 404 1089
192.168.10.62 - - [08/Mar/2017:10:00:36 -0300] "POST /cormun/servlet/trsolicitudgral?a66e9c7fc2e792a6381d94cb63048e7e,,gx-no-cache=1488981319979 HTTP/1.1" 200 105
192.168.10.62 - - [08/Mar/2017:10:00:36 -0300] "POST /cormun/servlet/trsolicitudgral?a66e9c7fc2e792a6381d94cb63048e7e,,gx-no-cache=1488981320089 HTTP/1.1" 200 6990
192.168.10.62 - - [08/Mar/2017:10:00:36 -0300] "GET /cormun/SolicitudGral-4295.xls HTTP/1.1" 200 6144
200.111.191.210 - - [08/Mar/2017:10:00:37 -0300] "POST /cormun/servlet/trsolicitudot?070cc0eced71fa9a5072ba2bd426d2f3,gx-no-cache=1488981621313 HTTP/1.1" 200 3685
200.111.191.210 - - [08/Mar/2017:10:00:42 -0300] "POST /cormun/servlet/trsolicitudot?070cc0eced71fa9a5072ba2bd426d2f3,gx-no-cache=1488981626309 HTTP/1.1" 200 5682
200.111.191.210 - - [08/Mar/2017:10:01:02 -0300] "POST /cormun/servlet/trsolicitudot?070cc0eced71fa9a5072ba2bd426d2f3,gx-no-cache=1488981646204 HTTP/1.1" 200 6359
186.79.146.0 - - [08/Mar/2017:10:01:07 -0300] "POST /cormun/servlet/hlogin?7c3306fa0bba79f8c18a0d630e8ec974,gx-no-cache=1488977998633 HTTP/1.1" 200 90
186.79.146.0 - - [08/Mar/2017:10:01:07 -0300] "GET /cormun/servlet/hpexe_link HTTP/1.1" 200 946
186.79.146.0 - - [08/Mar/2017:10:01:07 -0300] "GET /cormun/servlet/hhome HTTP/1.1" 200 3953
186.79.146.0 - - [08/Mar/2017:10:01:09 -0300] "GET /cormun/servlet/hhome HTTP/1.1" 200 3949
186.79.146.0 - - [08/Mar/2017:10:01:20 -0300] "GET /cormun/servlet/trvisualizadoreventos? HTTP/1.1" 200 6687
186.79.146.0 - - [08/Mar/2017:10:01:20 -0300] "GET /cormun/static/gxcfg.js?2016101716203350 HTTP/1.1" 304 -
186.79.146.0 - - [08/Mar/2017:10:01:20 -0300] "GET /cormun/static/trvisualizadoreventos.js?2016101716203614 HTTP/1.1" 304 -
186.79.146.0 - - [08/Mar/2017:10:01:21 -0300] "GET /cormun/servlet/trvisualizadoreventos? HTTP/1.1" 200 6686
186.103.159.46 - - [08/Mar/2017:10:01:23 -0300] "GET /cormun/servlet/prfichaempleado?,MD,,gxPopupLevel%3D0%3B HTTP/1.1" 200 8824
186.79.146.0 - - [08/Mar/2017:10:01:24 -0300] "POST /cormun/servlet/trvisualizadoreventos?7c3306fa0bba79f8c18a0d630e8ec974,,gx-no-cache=1488978015973 HTTP/1.1" 200 3949
186.79.146.0 - - [08/Mar/2017:10:01:31 -0300] "GET /cormun/servlet/trcontratounov2? HTTP/1.1" 200 16752
186.79.146.0 - - [08/Mar/2017:10:01:31 -0300] "GET /cormun/static/gxcfg.js?201612281114880 HTTP/1.1" 200 953
186.79.146.0 - - [08/Mar/2017:10:01:31 -0300] "GET /cormun/static/trcontratounov2.js?2016122811141421 HTTP/1.1" 200 38423
186.79.146.0 - - [08/Mar/2017:10:01:31 -0300] "GET /cormun/static/Resources/PXToolsAddSelectedAction.png HTTP/1.1" 200 3660
186.79.146.0 - - [08/Mar/2017:10:01:33 -0300] "GET /cormun/servlet/trcontratounov2? HTTP/1.1" 200 16744
186.103.159.46 - - [08/Mar/2017:10:02:20 -0300] "POST /cormun/servlet/prfichaempleado?6e19d6ce2ba915bc8b4147463f6c8a48,,MD,,gxPopupLevel%3D0%3B,gx-no-cache=1488978202958 HTTP/1.1" 200 6038
191.96.249.97 - - [08/Mar/2017:10:02:20 -0300] "GET /setup.cgi HTTP/1.1" 404 979
186.103.159.46 - - [08/Mar/2017:10:02:20 -0300] "GET /cormun/static/Resources/PXToolsGridFirst.gif HTTP/1.1" 200 379
186.103.159.46 - - [08/Mar/2017:10:02:20 -0300] "GET /cormun/static/Resources/PXToolsGridPrevious.gif HTTP/1.1" 200 369
186.103.159.46 - - [08/Mar/2017:10:02:20 -0300] "GET /cormun/static/Resources/PXToolsGridNext.gif HTTP/1.1" 200 369
186.103.159.46 - - [08/Mar/2017:10:02:20 -0300] "GET /cormun/static/Resources/PXToolsGridLast.gif HTTP/1.1" 200 370
186.103.159.46 - - [08/Mar/2017:10:02:38 -0300] "POST /cormun/servlet/prfichaempleado?6e19d6ce2ba915bc8b4147463f6c8a48,,MD,,gxPopupLevel%3D0%3B,gx-no-cache=1488978221193 HTTP/1.1" 200 6000
192.168.10.96 - - [08/Mar/2017:10:02:53 -0300] "POST /cormun/servlet/trconsultaempleado?1ffd9fa6d53544215be08d2257722560,,gx-no-cache=1488981457929 HTTP/1.1" 200 4350
186.79.146.0 - - [08/Mar/2017:10:02:54 -0300] "GET /cormun/servlet/trcontratounov2? HTTP/1.1" 200 16749
192.168.10.96 - - [08/Mar/2017:10:02:56 -0300] "GET /cormun/servlet/trsolicitudnombre?15569821, HTTP/1.1" 200 7177
192.168.10.96 - - [08/Mar/2017:10:02:56 -0300] "GET /cormun/servlet/trsolicitudnombre?15569821, HTTP/1.1" 200 7177
186.79.146.0 - - [08/Mar/2017:10:02:57 -0300] "GET /cormun/servlet/trcontratounov2? HTTP/1.1" 200 16722
192.168.10.96 - - [08/Mar/2017:10:02:58 -0300] "GET /cormun/servlet/vesolicitudnombre?2017,4626,, HTTP/1.1" 200 8369
192.168.10.96 - - [08/Mar/2017:10:02:58 -0300] "GET /cormun/pexe_scrolldiv.js HTTP/1.1" 404 1009
192.168.10.96 - - [08/Mar/2017:10:02:58 -0300] "GET /cormun/pexe_scrolldiv.js HTTP/1.1" 404 1009
192.168.10.96 - - [08/Mar/2017:10:02:58 -0300] "GET /cormun/servlet/vesolicitudnombre?2017,4626,, HTTP/1.1" 200 8362
192.168.10.96 - - [08/Mar/2017:10:03:01 -0300] "GET /cormun/servlet/vesolicitudnombre?2017,4626,,SolicitudOTAdjuntos HTTP/1.1" 200 10150
192.168.10.96 - - [08/Mar/2017:10:03:01 -0300] "GET /cormun/pexe_scrolldiv.js HTTP/1.1" 404 1009
192.168.10.96 - - [08/Mar/2017:10:03:01 -0300] "GET /cormun/pexe_scrolldiv.js HTTP/1.1" 404 1009
192.168.10.96 - - [08/Mar/2017:10:03:02 -0300] "GET /cormun/servlet/vesolicitudnombre?2017,4626,,SolicitudOTAdjuntos HTTP/1.1" 200 10148
186.103.159.46 - - [08/Mar/2017:10:03:02 -0300] "POST /cormun/servlet/prfichaempleado?6e19d6ce2ba915bc8b4147463f6c8a48,,MD,,gxPopupLevel%3D0%3B,gx-no-cache=1488978243596 HTTP/1.1" 200 4405
192.168.10.96 - - [08/Mar/2017:10:03:02 -0300] "POST /cormun/servlet/acontrolpreferencessavestate?None,DZAMUDIO,true HTTP/1.1" 200 35
192.168.10.96 - - [08/Mar/2017:10:03:03 -0300] "GET /cormun/PublicTempStorage/ci.-t.villa6639091.jpg HTTP/1.1" 200 617826
186.79.146.0 - - [08/Mar/2017:10:03:13 -0300] "POST /cormun/servlet/trcontratounov2?7c3306fa0bba79f8c18a0d630e8ec974,,gx-no-cache=1488978123831 HTTP/1.1" 200 90
186.79.146.0 - - [08/Mar/2017:10:03:13 -0300] "GET /cormun/servlet/hpexe_link HTTP/1.1" 200 964
186.79.146.0 - - [08/Mar/2017:10:03:13 -0300] "GET /cormun/servlet/trvisualizadoreventos? HTTP/1.1" 200 6688
186.79.146.0 - - [08/Mar/2017:10:03:15 -0300] "GET /cormun/servlet/trvisualizadoreventos? HTTP/1.1" 200 6686
186.103.159.46 - - [08/Mar/2017:10:03:15 -0300] "POST /cormun/servlet/prfichaempleado?6e19d6ce2ba915bc8b4147463f6c8a48,,MD,,gxPopupLevel%3D0%3B,gx-no-cache=1488978258563 HTTP/1.1" 200 6012
192.168.10.62 - - [08/Mar/2017:10:03:21 -0300] "POST /cormun/servlet/trsolicitudgral?a66e9c7fc2e792a6381d94cb63048e7e,,gx-no-cache=1488981485432 HTTP/1.1" 200 6705
192.168.10.62 - - [08/Mar/2017:10:03:21 -0300] "GET /cormun/static/Shared/jqueryui/images/ui-bg_highlight-soft_100_c6c2c8_1x100.png HTTP/1.1" 404 1117
192.168.10.62 - - [08/Mar/2017:10:03:21 -0300] "GET /cormun/static/Shared/jqueryui/images/ui-icons_82798d_256x240.png HTTP/1.1" 404 1089
192.168.10.62 - - [08/Mar/2017:10:03:21 -0300] "GET /cormun/static/Shared/jqueryui/images/ui-bg_flat_55_fafafa_40x100.png HTTP/1.1" 404 1097
192.168.10.62 - - [08/Mar/2017:10:03:21 -0300] "GET /cormun/static/Shared/jqueryui/images/ui-icons_8d78a5_256x240.png HTTP/1.1" 404 1089
192.168.10.62 - - [08/Mar/2017:10:03:25 -0300] "POST /cormun/servlet/trsolicitudgral?a66e9c7fc2e792a6381d94cb63048e7e,,gx-no-cache=1488981489049 HTTP/1.1" 200 115
192.168.10.62 - - [08/Mar/2017:10:03:25 -0300] "GET /cormun/servlet/solicitudotlog?INS,2017,3076,0,REC, HTTP/1.1" 200 5577
192.168.10.62 - - [08/Mar/2017:10:03:25 -0300] "GET /cormun/servlet/solicitudotlog?INS,2017,3076,0,REC, HTTP/1.1" 200 5577
186.103.159.46 - - [08/Mar/2017:10:03:26 -0300] "POST /cormun/servlet/prfichaempleado?6e19d6ce2ba915bc8b4147463f6c8a48,,MD,,gxPopupLevel%3D0%3B,gx-no-cache=1488978268352 HTTP/1.1" 200 6003
192.168.10.62 - - [08/Mar/2017:10:03:26 -0300] "GET /cormun/servlet/solicitudotlog?8e7bbe0bb660218832243afdd3bfdec829418d36e71864213e3243d74e1420d08c38aa125544da2f691c682964ec99c19aff259682b4118606fbc365985e5a7af24e0bee18f4facafb2a9a8db181aa92999703d5ebf066040f628ca8962900d9bcd2506da015948fee165ff749929550a94a54609107a7916a02f8df81a682290e6e57b4c64d44116bcd04eb7b6f76acf6b91d0132f865678b942ebfafa875d5,gx-no-cache=1488981490221 HTTP/1.1" 200 94
192.168.10.96 - - [08/Mar/2017:10:03:37 -0300] "GET /cormun/servlet/vesolicitudnombre?2017,4626,,SolicitudOTAdjuntos HTTP/1.1" 200 10149
192.168.10.96 - - [08/Mar/2017:10:03:38 -0300] "GET /cormun/servlet/vesolicitudnombre?2017,4626,,SolicitudOTAdjuntos HTTP/1.1" 200 10152
192.168.10.96 - - [08/Mar/2017:10:03:38 -0300] "POST /cormun/servlet/acontrolpreferencessavestate?None,DZAMUDIO,true HTTP/1.1" 200 35
192.168.10.96 - - [08/Mar/2017:10:03:39 -0300] "GET /cormun/PublicTempStorage/afp.-tania_villa8674945.docx HTTP/1.1" 200 859972
186.103.159.46 - - [08/Mar/2017:10:03:46 -0300] "POST /cormun/servlet/prfichaempleado?6e19d6ce2ba915bc8b4147463f6c8a48,,MD,,gxPopupLevel%3D0%3B,gx-no-cache=1488978289545 HTTP/1.1" 200 5971
186.79.146.0 - - [08/Mar/2017:10:03:53 -0300] "GET /cormun/servlet/trcontratounov2? HTTP/1.1" 200 16737
192.168.10.62 - - [08/Mar/2017:10:03:55 -0300] "POST /cormun/servlet/solicitudotlog?a66e9c7fc2e792a6381d94cb63048e7e,INS,2017,3076,0,REC,,gx-no-cache=1488981519698 HTTP/1.1" 200 93
186.79.146.0 - - [08/Mar/2017:10:03:55 -0300] "GET /cormun/servlet/trcontratounov2? HTTP/1.1" 200 16720
192.168.10.62 - - [08/Mar/2017:10:03:55 -0300] "GET /cormun/servlet/hpexe_return? HTTP/1.1" 200 1027
192.168.10.89 - - [08/Mar/2017:10:03:55 -0300] "POST /cormun/servlet/trsolicitudgral?e5bdcae641cc92ca5da0c4fbe6cae67f,gx-no-cache=1488981519770 HTTP/1.1" 200 7296
192.168.10.62 - - [08/Mar/2017:10:03:56 -0300] "GET /cormun/servlet/trsolicitudgral? HTTP/1.1" 200 9285
192.168.10.62 - - [08/Mar/2017:10:03:56 -0300] "GET /cormun/servlet/trsolicitudgral? HTTP/1.1" 200 9281
192.168.10.62 - - [08/Mar/2017:10:03:59 -0300] "GET /cormun/servlet/hlogin HTTP/1.1" 200 1743
192.168.10.89 - - [08/Mar/2017:10:04:06 -0300] "POST /cormun/servlet/trsolicitudgral?e5bdcae641cc92ca5da0c4fbe6cae67f,gx-no-cache=1488981530770 HTTP/1.1" 200 7080
192.168.10.96 - - [08/Mar/2017:10:04:07 -0300] "GET /cormun/PublicTempStorage/isapre.-t.villa3121520.jpg HTTP/1.1" 200 523038
186.103.159.46 - - [08/Mar/2017:10:04:09 -0300] "POST /cormun/servlet/prfichaempleado?6e19d6ce2ba915bc8b4147463f6c8a48,,MD,,gxPopupLevel%3D0%3B,gx-no-cache=1488978312456 HTTP/1.1" 200 6038
186.79.146.0 - - [08/Mar/2017:10:04:10 -0300] "POST /cormun/servlet/trcontratounov2?7c3306fa0bba79f8c18a0d630e8ec974,,gx-no-cache=1488978181157 HTTP/1.1" 200 90
186.79.146.0 - - [08/Mar/2017:10:04:10 -0300] "GET /cormun/servlet/hpexe_link HTTP/1.1" 200 963
186.79.146.0 - - [08/Mar/2017:10:04:10 -0300] "GET /cormun/servlet/trvisualizadoreventos HTTP/1.1" 200 6688
186.79.146.0 - - [08/Mar/2017:10:04:12 -0300] "GET /cormun/servlet/trvisualizadoreventos HTTP/1.1" 200 6686
192.168.10.96 - - [08/Mar/2017:10:04:13 -0300] "GET /cormun/servlet/vesolicitudnombre?2017,4626,,SolicitudOTAdjuntos HTTP/1.1" 200 10151
192.168.10.96 - - [08/Mar/2017:10:04:15 -0300] "GET /cormun/servlet/vesolicitudnombre?2017,4626,,SolicitudOTAdjuntos HTTP/1.1" 200 10151
192.168.10.96 - - [08/Mar/2017:10:04:15 -0300] "POST /cormun/servlet/acontrolpreferencessavestate?None,DZAMUDIO,true HTTP/1.1" 200 35
192.168.10.96 - - [08/Mar/2017:10:04:17 -0300] "GET /cormun/PublicTempStorage/ca.-t.villa4633699.jpg HTTP/1.1" 200 1159082
186.79.146.0 - - [08/Mar/2017:10:04:20 -0300] "GET /cormun/servlet/trvisualizadoreventos? HTTP/1.1" 200 6686
186.79.146.0 - - [08/Mar/2017:10:04:21 -0300] "GET /cormun/servlet/trvisualizadoreventos? HTTP/1.1" 200 6686
192.168.10.96 - - [08/Mar/2017:10:04:23 -0300] "GET /cormun/servlet/vesolicitudnombre?2017,4626,,SolicitudOTAdjuntos HTTP/1.1" 200 10147
192.168.10.96 - - [08/Mar/2017:10:04:24 -0300] "GET /cormun/servlet/vesolicitudnombre?2017,4626,,SolicitudOTAdjuntos HTTP/1.1" 200 10152
192.168.10.96 - - [08/Mar/2017:10:04:24 -0300] "POST /cormun/servlet/acontrolpreferencessavestate?None,DZAMUDIO,true HTTP/1.1" 200 35
192.168.10.96 - - [08/Mar/2017:10:04:27 -0300] "GET /cormun/PublicTempStorage/cv.-tania_villa9710379.docx HTTP/1.1" 200 550057
186.103.159.46 - - [08/Mar/2017:10:04:27 -0300] "POST /cormun/servlet/prfichaempleado?6e19d6ce2ba915bc8b4147463f6c8a48,,MD,,gxPopupLevel%3D0%3B,gx-no-cache=1488978328984 HTTP/1.1" 200 5880
186.79.146.0 - - [08/Mar/2017:10:04:33 -0300] "POST /cormun/servlet/trvisualizadoreventos?7c3306fa0bba79f8c18a0d630e8ec974,,gx-no-cache=1488978204609 HTTP/1.1" 200 3955
186.79.146.0 - - [08/Mar/2017:10:04:39 -0300] "GET /cormun/static/menuarrow.gif HTTP/1.1" 404 1015
186.103.159.46 - - [08/Mar/2017:10:04:41 -0300] "POST /cormun/servlet/prfichaempleado?6e19d6ce2ba915bc8b4147463f6c8a48,,MD,,gxPopupLevel%3D0%3B,gx-no-cache=1488978344223 HTTP/1.1" 200 5939
186.79.146.0 - - [08/Mar/2017:10:04:48 -0300] "POST /cormun/servlet/trvisualizadoreventos?7c3306fa0bba79f8c18a0d630e8ec974,,gx-no-cache=1488978219554 HTTP/1.1" 200 5058
192.168.10.96 - - [08/Mar/2017:10:04:54 -0300] "GET /cormun/PublicTempStorage/tit.-t.villa3191788.jpg HTTP/1.1" 200 1868207
186.103.159.46 - - [08/Mar/2017:10:04:57 -0300] "POST /cormun/servlet/prfichaempleado?6e19d6ce2ba915bc8b4147463f6c8a48,,MD,,gxPopupLevel%3D0%3B,gx-no-cache=1488978359948 HTTP/1.1" 200 5999
186.79.146.0 - - [08/Mar/2017:10:05:02 -0300] "POST /cormun/servlet/trvisualizadoreventos?7c3306fa0bba79f8c18a0d630e8ec974,,gx-no-cache=1488978233660 HTTP/1.1" 200 3962
186.79.146.0 - - [08/Mar/2017:10:05:08 -0300] "POST /cormun/servlet/trvisualizadoreventos?7c3306fa0bba79f8c18a0d630e8ec974,,gx-no-cache=1488978239365 HTTP/1.1" 200 3963
186.79.146.0 - - [08/Mar/2017:10:05:12 -0300] "POST /cormun/servlet/trvisualizadoreventos?7c3306fa0bba79f8c18a0d630e8ec974,,gx-no-cache=1488978243689 HTTP/1.1" 200 5058
186.103.159.46 - - [08/Mar/2017:10:05:16 -0300] "POST /cormun/servlet/prfichaempleado?6e19d6ce2ba915bc8b4147463f6c8a48,,MD,,gxPopupLevel%3D0%3B,gx-no-cache=1488978378847 HTTP/1.1" 200 6010
186.79.146.0 - - [08/Mar/2017:10:05:20 -0300] "POST /cormun/servlet/trvisualizadoreventos?7c3306fa0bba79f8c18a0d630e8ec974,,gx-no-cache=1488978252130 HTTP/1.1" 200 5709
186.79.146.0 - - [08/Mar/2017:10:05:36 -0300] "POST /cormun/servlet/trvisualizadoreventos?7c3306fa0bba79f8c18a0d630e8ec974,,gx-no-cache=1488978267340 HTTP/1.1" 200 5958
186.103.159.46 - - [08/Mar/2017:10:05:38 -0300] "POST /cormun/servlet/prfichaempleado?6e19d6ce2ba915bc8b4147463f6c8a48,,MD,,gxPopupLevel%3D0%3B,gx-no-cache=1488978400980 HTTP/1.1" 200 6024
186.103.159.46 - - [08/Mar/2017:10:05:56 -0300] "POST /cormun/servlet/prfichaempleado?6e19d6ce2ba915bc8b4147463f6c8a48,,MD,,gxPopupLevel%3D0%3B,gx-no-cache=1488978419638 HTTP/1.1" 200 6030
186.103.159.46 - - [08/Mar/2017:10:06:14 -0300] "POST /cormun/servlet/prfichaempleado?6e19d6ce2ba915bc8b4147463f6c8a48,,MD,,gxPopupLevel%3D0%3B,gx-no-cache=1488978437529 HTTP/1.1" 200 6061
186.103.159.46 - - [08/Mar/2017:10:06:38 -0300] "POST /cormun/servlet/prfichaempleado?6e19d6ce2ba915bc8b4147463f6c8a48,,MD,,gxPopupLevel%3D0%3B,gx-no-cache=1488978461325 HTTP/1.1" 200 5993
186.103.159.46 - - [08/Mar/2017:10:07:42 -0300] "GET /cormun/servlet/prfichaempleado?,MD,,gxPopupLevel%3D0%3B HTTP/1.1" 200 8825
186.103.159.46 - - [08/Mar/2017:10:08:03 -0300] "POST /cormun/servlet/prfichaempleado?6e19d6ce2ba915bc8b4147463f6c8a48,,MD,,gxPopupLevel%3D0%3B,gx-no-cache=1488978546721 HTTP/1.1" 200 5993
186.103.159.46 - - [08/Mar/2017:10:08:18 -0300] "GET /cormun/servlet/licenciaspermisos?1c53a447f9931f960d8522d8b91c49ec071c36c69a7a497eb2ee1d98f6f022c8e946571876231fb3b1328114e5a5a74f54789879a9e06e4877596dc8ce633fff79b7847dfd476a5d2f08a9f77c81493c,gx-no-cache=1488978568347 HTTP/1.1" 200 58
186.103.159.46 - - [08/Mar/2017:10:08:19 -0300] "POST /cormun/servlet/licenciaspermisos?6e19d6ce2ba915bc8b4147463f6c8a48,INS,0,,,,gx-no-cache=1488978568444 HTTP/1.1" 200 4453
200.111.191.210 - - [08/Mar/2017:10:08:23 -0300] "POST /cormun/servlet/trsolicitudot?070cc0eced71fa9a5072ba2bd426d2f3,gx-no-cache=1488982086850 HTTP/1.1" 200 6359
186.79.226.62 - - [08/Mar/2017:10:08:38 -0300] "GET /cormun/servlet/hlogin HTTP/1.1" 200 1724
186.79.226.62 - - [08/Mar/2017:10:08:39 -0300] "GET /cormun/servlet/hlogin HTTP/1.1" 200 1734
186.103.159.46 - - [08/Mar/2017:10:08:40 -0300] "GET /cormun/servlet/licenciaspermisos?1c53a447f9931f960d8522d8b91c49ec3a6db821775c7798f38c4461f4bf4d71e43a108451a15b25a438f7ab14a1b670531fb8602b24fd15425e26e3ec238a3337e37735562d4be3171fcdd52309263ff90115b415e49356c313b8ae5ead3d6c421f0d522cbd70b6ab7d2d005118059234bc7a1688e552fa09f24a639f0404a2996619c41fdab00a4cf109df45281f85519702eeb3d12c1ee10227108bd85ae544389d4560e46552d15f5398cb96e291b2c64a9e75f2130b5bb1a6af51854a7d137c4303cfd2e9dbbf373950a720419419603c11b4bd4348f0ba25bc075151c5,gx-no-cache=1488978590339 HTTP/1.1" 200 30
