192.168.10.89 - - [08/Mar/2017:09:31:37 -0300] "GET /cormun/static/Shared/jqueryui/images/ui-icons_8d78a5_256x240.png HTTP/1.1" 404 1089
192.168.10.89 - - [08/Mar/2017:09:31:37 -0300] "GET /cormun/static/Shared/jqueryui/images/ui-bg_flat_55_fafafa_40x100.png HTTP/1.1" 404 1097
192.168.10.89 - - [08/Mar/2017:09:31:37 -0300] "GET /cormun/static/Shared/jqueryui/images/ui-icons_82798d_256x240.png HTTP/1.1" 404 1089
186.103.159.182 - - [08/Mar/2017:09:31:37 -0300] "GET /cormun/servlet/solicitudot?d9aa7e4cabde8ac52d1d5ae28e992e6b31a15a7ed1dda0fc536b7d53519d838f2de35edf6f8c1025ee006f2d220b4c3e,gx-no-cache=1488976368106 HTTP/1.1" 200 30
186.103.159.182 - - [08/Mar/2017:09:31:37 -0300] "POST /cormun/servlet/solicitudot?gx-no-cache=1488976368187 HTTP/1.1" 200 238
186.103.159.182 - - [08/Mar/2017:09:31:38 -0300] "GET /cormun/servlet/solicitudot?d9aa7e4cabde8ac52d1d5ae28e992e6bb20efa9938b89f84818adbddc3c1dcf057007334cd25ac063096beace70a20147c29ee25c3075326727391ea792538116f9092ddc1bd22664b3a35f183be29049f47435789f424f5f3fcb0682a20ce12078fc1f106008ada7ddd37f08a0e564e7852bd3ffd1436414dc60647d62b17d234ea9893f1f62776f5adda572833e8c767f09d88c63d72f8400d2655dc8b5f58a66ac77f1100349d3ce3ab21811b8e60602e64462dbcad2e120a115d6aa9f10291c2017ea74d8a2fc639482ef5307c1548e2315f8ddcb91c874e3fcd92c0ed903442cf17c66ac0b9c5606a7e80fa766485c03992b38f43671a9593cc3e25db075dbd6d1262f416326272cbc1be1849de9051ca7873487d1c07b5640e10c66cd287c6f9b2438b68e957c4c068577ec67f20c054c2c8b38b9340db99edd510afa50a2bec1ab157b9a0bdbfefa2872eca4a95c700edb2769762b4d5345028b98768f10e4a18e6531f8a9f3eb16e31d262875b9b9c986ff767c8f3b8f34a6bbe091e,gx-no-cache=1488976368250 HTTP/1.1" 200 30
186.103.159.182 - - [08/Mar/2017:09:31:38 -0300] "POST /cormun/servlet/solicitudot?gx-no-cache=1488976368604 HTTP/1.1" 200 30
186.103.159.182 - - [08/Mar/2017:09:31:38 -0300] "POST /cormun/servlet/solicitudot?gx-no-cache=1488976368677 HTTP/1.1" 200 1287
186.103.159.182 - - [08/Mar/2017:09:31:38 -0300] "POST /cormun/servlet/solicitudot?gx-no-cache=1488976368798 HTTP/1.1" 200 41
200.86.95.220 - - [08/Mar/2017:09:31:43 -0300] "POST /cormun/servlet/solicitudot?gx-no-cache=1488976372282 HTTP/1.1" 200 255
200.86.95.220 - - [08/Mar/2017:09:31:45 -0300] "GET /cormun/servlet/solicitudot?089b5f5cb60a8a6ab15ca752c38c1c3e1221030fa3a62dccbbc504309cec06eb673902ba90d96085f41fe1569b8342d41705d2526199e51e672f999088aa448a36657e0bf89c541f451c9bd2eefba2bcfa515eb3ff96474367eec0e871bfeabb2ec6e1edd7df3a7512e5d7415da0ac9accc98cbaec01fe2284fff5299cad8f4851a4e6d73625fa26151d59eca6fc6fdb0e41c9ad391829437b6fff5284e001df1f760abba336682152094eab0dbb5535bed2e89d106d7c559ca3e2584d8846a7ee132487ec2d755f59cfa16d3a19c28b1e0f2cd49f761a8686c58ab0d1c8980375ee0ecec9fe50c6906aaa3ffb31479cabe2c3374e897dfe581071ed1db44b94e6271288c30813f4b99abab84485f8bfbd8857eae21de3e7636b308905234e0865e7f4422314e028e92780f09a011d193fa1b6b60f9ff7e1819898e32ab8c2cf30ba81a8206eb96879a8498f88285e3509a2184a1e8422c6a7d6bb352f477ce659ae0c2ffebf14696f50e59339c850f7c4a58917fa0f018483fa0b8f0a674e9c,gx-no-cache=1488976374669 HTTP/1.1" 200 30
186.103.159.182 - - [08/Mar/2017:09:31:47 -0300] "GET /cormun/servlet/solicitudot?d9aa7e4cabde8ac52d1d5ae28e992e6b37e56fc1f347436916a6137e322bd62ec8a350bcdf8c4870244ef31b369e475ecb50a4a9f686372aaa453c3f09b13eb123c636876603a15c0cf2e91c90c0ec0f1527293f583db15e79ecb1b1b6c1696c022608104d2787ae14e34ebbeb56a20dacc549f87ccf154305cc695124c314bb663bf0f2d04295bfbf286544eff447ae2e473fa934a7ac8593ee872b118fd6e3,gx-no-cache=1488976377694 HTTP/1.1" 200 29
186.103.159.182 - - [08/Mar/2017:09:31:47 -0300] "POST /cormun/servlet/solicitudot?gx-no-cache=1488976377771 HTTP/1.1" 200 1275
186.103.159.182 - - [08/Mar/2017:09:31:47 -0300] "POST /cormun/servlet/solicitudot?gx-no-cache=1488976377873 HTTP/1.1" 200 1157
186.103.159.182 - - [08/Mar/2017:09:31:47 -0300] "GET /cormun/servlet/solicitudot?d9aa7e4cabde8ac52d1d5ae28e992e6ba0f70080af4432820ef93af184be1ab56cf79a16338f2ab021639757a7b16cf07b7ad291a7f498665c67feb8d336c8a6dec9582a03a4abbf43fc3550a7a54e659deedb8aa57b8c25690de7542054d497673eafb6ddb398c07247da97974932dca6c1b2916029b0845ad7707a105340a7e44b531bf2a72f17c626638a10eb94037a82a645b1cf6e99f1b59f2e73da84feda163660a7e4d5ad45467db56736d084,gx-no-cache=1488976377988 HTTP/1.1" 200 30
186.103.159.182 - - [08/Mar/2017:09:31:48 -0300] "POST /cormun/servlet/solicitudot?d23585cbfde9d4d776bfc70582156f2d,UPD,2017,5307,,gx-no-cache=1488976378064 HTTP/1.1" 200 93
186.103.159.182 - - [08/Mar/2017:09:31:48 -0300] "GET /cormun/servlet/hpexe_return? HTTP/1.1" 200 1008
192.168.10.89 - - [08/Mar/2017:09:31:48 -0300] "POST /cormun/servlet/trautorizarsolicitud?e5bdcae641cc92ca5da0c4fbe6cae67f,gx-no-cache=1488979592712 HTTP/1.1" 200 4323
186.103.159.182 - - [08/Mar/2017:09:31:48 -0300] "GET /cormun/servlet/trsolicitudot HTTP/1.1" 200 10033
200.86.95.220 - - [08/Mar/2017:09:31:48 -0300] "POST /cormun/servlet/solicitudot?gx-no-cache=1488976377767 HTTP/1.1" 200 30
192.168.10.89 - - [08/Mar/2017:09:31:49 -0300] "POST /cormun/servlet/trautorizarsolicitud?e5bdcae641cc92ca5da0c4fbe6cae67f,gx-no-cache=1488979593045 HTTP/1.1" 200 4110
186.103.159.182 - - [08/Mar/2017:09:31:50 -0300] "GET /cormun/servlet/trsolicitudot HTTP/1.1" 200 10028
200.86.95.220 - - [08/Mar/2017:09:31:50 -0300] "POST /cormun/servlet/solicitudot?gx-no-cache=1488976379764 HTTP/1.1" 200 235
200.86.95.220 - - [08/Mar/2017:09:31:50 -0300] "POST /cormun/servlet/solicitudot?gx-no-cache=1488976379853 HTTP/1.1" 200 38
186.79.226.62 - - [08/Mar/2017:09:31:50 -0300] "GET /cormun/servlet/hlogin HTTP/1.1" 200 1717
186.79.226.62 - - [08/Mar/2017:09:31:53 -0300] "POST /cormun/servlet/hlogin?b7a385eaa97e4ea07487642b66ec0376,gx-no-cache=1488976384101 HTTP/1.1" 200 90
186.79.226.62 - - [08/Mar/2017:09:31:53 -0300] "GET /cormun/servlet/hpexe_link HTTP/1.1" 200 953
186.79.226.62 - - [08/Mar/2017:09:31:53 -0300] "GET /cormun/servlet/hhome HTTP/1.1" 200 3758
186.79.226.62 - - [08/Mar/2017:09:31:54 -0300] "GET /cormun/servlet/hhome HTTP/1.1" 200 3755
186.103.159.182 - - [08/Mar/2017:09:31:55 -0300] "POST /cormun/servlet/trsolicitudot?d23585cbfde9d4d776bfc70582156f2d,gx-no-cache=1488976385311 HTTP/1.1" 200 106
186.103.159.182 - - [08/Mar/2017:09:31:55 -0300] "GET /cormun/servlet/solicitudot?UPD,2017,5308, HTTP/1.1" 200 14507
186.103.159.182 - - [08/Mar/2017:09:31:56 -0300] "GET /cormun/servlet/solicitudot?UPD,2017,5308, HTTP/1.1" 200 14517
186.79.226.62 - - [08/Mar/2017:09:31:57 -0300] "GET /cormun/servlet/trsolicitudot? HTTP/1.1" 200 6691
186.103.159.182 - - [08/Mar/2017:09:31:57 -0300] "POST /cormun/servlet/solicitudot?gx-no-cache=1488976387562 HTTP/1.1" 200 3200
186.103.159.182 - - [08/Mar/2017:09:31:58 -0300] "POST /cormun/servlet/solicitudot?d23585cbfde9d4d776bfc70582156f2d,UPD,2017,5308,,gx-no-cache=1488976388132 HTTP/1.1" 200 11064
186.79.226.62 - - [08/Mar/2017:09:31:58 -0300] "GET /cormun/servlet/trsolicitudot? HTTP/1.1" 200 6691
186.103.159.182 - - [08/Mar/2017:09:31:58 -0300] "GET /cormun/servlet/solicitudot?d9aa7e4cabde8ac52d1d5ae28e992e6b31a15a7ed1dda0fc536b7d53519d838f2de35edf6f8c1025ee006f2d220b4c3e,gx-no-cache=1488976388489 HTTP/1.1" 200 30
186.103.159.182 - - [08/Mar/2017:09:31:58 -0300] "POST /cormun/servlet/solicitudot?gx-no-cache=1488976388565 HTTP/1.1" 200 238
186.103.159.182 - - [08/Mar/2017:09:31:58 -0300] "GET /cormun/servlet/solicitudot?d9aa7e4cabde8ac52d1d5ae28e992e6bb20efa9938b89f84818adbddc3c1dcf057007334cd25ac063096beace70a20147c29ee25c3075326727391ea792538116f9092ddc1bd22664b3a35f183be29049f47435789f424f5f3fcb0682a20ce12078fc1f106008ada7ddd37f08a0e564e7852bd3ffd1436414dc60647d62b17d234ea9893f1f62776f5adda572833e8c767f09d88c63d72f8400d2655dc8b5f58a66ac77f1100349d3ce3ab21811b8e60602e64462dbcad2e120a115d6aa9f10291c2017ea74d8a2fc639482ef5307c1548e2315f8ddcb91c874e3fcd92c0ed903442cf17c66ac0b9c5606a7e80fa766485c03992b38f43671a9593cc3e25db075dbd6d1262f416326272cbc1be1849de9051ca7873487d1c07b5640e10c66cd287c6f9b2438b68e957c4c068577ec67f20c054c2c8b38b9340db99edd510afa50a2bec1ab157b9a0bdbfefa2872eca4a95c700edb2769762b4d5345028b98768f10e4a18e6531f8a9f3eb16e31d262875b9b9c986ff767c8f3b8f34a6bbe091e,gx-no-cache=1488976388619 HTTP/1.1" 200 30
186.103.159.182 - - [08/Mar/2017:09:31:58 -0300] "POST /cormun/servlet/solicitudot?gx-no-cache=1488976388959 HTTP/1.1" 200 30
186.103.159.182 - - [08/Mar/2017:09:31:58 -0300] "POST /cormun/servlet/solicitudot?gx-no-cache=1488976389020 HTTP/1.1" 200 1286
186.103.159.182 - - [08/Mar/2017:09:31:58 -0300] "POST /cormun/servlet/solicitudot?gx-no-cache=1488976389114 HTTP/1.1" 200 41
186.79.226.62 - - [08/Mar/2017:09:32:00 -0300] "GET /cormun/servlet/solicitudot?INS,0,0, HTTP/1.1" 200 12566
186.79.226.62 - - [08/Mar/2017:09:32:01 -0300] "GET /cormun/servlet/solicitudot?INS,0,0, HTTP/1.1" 200 12570
186.79.226.62 - - [08/Mar/2017:09:32:23 -0300] "POST /cormun/servlet/solicitudot?gx-no-cache=1488976413783 HTTP/1.1" 200 3194
186.79.226.62 - - [08/Mar/2017:09:32:24 -0300] "POST /cormun/servlet/solicitudot?b7a385eaa97e4ea07487642b66ec0376,INS,0,0,,gx-no-cache=1488976414398 HTTP/1.1" 200 9802
192.168.10.89 - - [08/Mar/2017:09:32:32 -0300] "GET /cormun/servlet/hlogin HTTP/1.1" 200 1747
200.86.95.220 - - [08/Mar/2017:09:32:35 -0300] "GET /cormun/servlet/solicitudot?089b5f5cb60a8a6ab15ca752c38c1c3eb1bf4c157b9bbbcb2eddf2cc7a403ab9e3390ce6d416c0af25b2c79a67ba973a0da9ddaf958b96ac1c729e47685eabfa783311b7298527eee1d41c23c473b98dd6e660049ae4d2ec72b5f7997f391b6e29d4937ee30fcf8e9c4b41b4f2442632,gx-no-cache=1488976424695 HTTP/1.1" 200 29
200.86.95.220 - - [08/Mar/2017:09:32:35 -0300] "POST /cormun/servlet/solicitudot?gx-no-cache=1488976424775 HTTP/1.1" 200 643
186.79.226.62 - - [08/Mar/2017:09:32:36 -0300] "GET /cormun/servlet/solicitudot?1368e2a6bd1157964167c65452b3fb4df1ace78da642b915734eb00e2dead45a86c53329aff09d30e19f7b2c6d0a66b4,gx-no-cache=1488976427221 HTTP/1.1" 200 30
186.79.226.62 - - [08/Mar/2017:09:32:36 -0300] "POST /cormun/servlet/solicitudot?gx-no-cache=1488976427430 HTTP/1.1" 200 297
186.79.226.62 - - [08/Mar/2017:09:32:37 -0300] "GET /cormun/servlet/solicitudot?1368e2a6bd1157964167c65452b3fb4dfe9b8c3042e1d33722ea00d14cbd3ee0bd2fa079662487232c065bbcf010fb6456b16654dc573d9a72f20c1daea93d84d80cc38dc3bc74a9af3664fadfd34a4d38356c3cc0d33c9c2948155b35f295fff5bd9b13cffb9f8797112383d0afcb2c04b6f995b7db6404c814e28385893439e97b2e14bc46de8a2f041863ba6cbea3490188dcf68d380574ca98004d71e52ee686898ecda0d573b3b74bcea95c759dd69a6822e747ca34f635d914ba196605f8c29ae281f1d0b1f72e4d875119f0666506217bce2f7bf4be1c9b7737df18e18b045a008c93cd0d573f212ad52441d520601d5ef2df31c1a581c03d145bd112af5fea09fc7ef2992abdc41d3d0ab0779ef0b6391b0b515457e502f3e1e914e4f75725c305312d80bd3b5951e9847f4f317bdd38d794dc1a7abfdbc132048e991cf711b54ac05995a407a1ed177401b335b5b0e04021feeb6d05d6fdd0dfcd64c55b23ccf295856de65f8b0592f2e7b29d8bf00821c2c4cedb0437a8fffdef91806817081de767d9ed9a51aca8f35007,gx-no-cache=1488976427600 HTTP/1.1" 200 30
200.86.95.220 - - [08/Mar/2017:09:32:37 -0300] "POST /cormun/servlet/solicitudot?gx-no-cache=1488976425980 HTTP/1.1" 200 1157
186.79.226.62 - - [08/Mar/2017:09:32:39 -0300] "POST /cormun/servlet/solicitudot?gx-no-cache=1488976429621 HTTP/1.1" 200 30
186.79.226.62 - - [08/Mar/2017:09:32:43 -0300] "POST /cormun/servlet/solicitudot?gx-no-cache=1488976433732 HTTP/1.1" 200 235
186.79.226.62 - - [08/Mar/2017:09:32:43 -0300] "POST /cormun/servlet/solicitudot?gx-no-cache=1488976433995 HTTP/1.1" 200 38
200.86.95.220 - - [08/Mar/2017:09:32:50 -0300] "GET /cormun/static/menuarrow.gif HTTP/1.1" 404 1015
186.79.226.62 - - [08/Mar/2017:09:32:56 -0300] "GET /cormun/servlet/solicitudot?1368e2a6bd1157964167c65452b3fb4d424c057dbaa644fb2b1a9d73b098a649f402b2438d20226b0bdd9ebf07b3bd29af204a357a0049e1f837fbb58511a0dcd07653aa6f7ce7feb1e3f58f07e5077548b8739ebd4fa1b8cd1fa5e5fe60e7138487c3101d7f61328d74a5f888415df0,gx-no-cache=1488976447136 HTTP/1.1" 200 29
186.79.226.62 - - [08/Mar/2017:09:32:56 -0300] "POST /cormun/servlet/solicitudot?gx-no-cache=1488976447271 HTTP/1.1" 200 643
200.86.95.220 - - [08/Mar/2017:09:32:57 -0300] "GET /cormun/servlet/solicitudot?089b5f5cb60a8a6ab15ca752c38c1c3e1fdb6115b9cb524daf78144a975a9cb800fbf56fabdf2cde95c1300640acc0cdd5f793e85c78b1b85d5378757c9ca67af2800e9e88fbeefedc7616e5fb7d6a3574f4cf7f4fe01880763f78e254ce6891eff2b2bef588a3502549056c80564395fc3b79536b78821db1ffc653af9af55b29d6facf6ec784749de2dccc5b6abfcacdcc8fa80678f090f47e97e667492058981424f7fbad6710a8c5c73df4de4c9d,gx-no-cache=1488976446511 HTTP/1.1" 200 30
186.79.226.62 - - [08/Mar/2017:09:32:58 -0300] "POST /cormun/servlet/solicitudot?gx-no-cache=1488976448820 HTTP/1.1" 200 1157
200.86.95.220 - - [08/Mar/2017:09:33:08 -0300] "POST /cormun/servlet/solicitudot?7623a4c8240d0395bd2133b063d6c0a9,INS,0,0,,gx-no-cache=1488976457635 HTTP/1.1" 200 93
200.86.95.220 - - [08/Mar/2017:09:33:08 -0300] "GET /cormun/servlet/hpexe_return? HTTP/1.1" 200 1008
200.86.95.220 - - [08/Mar/2017:09:33:09 -0300] "GET /cormun/servlet/trsolicitudot HTTP/1.1" 200 8461
200.86.95.220 - - [08/Mar/2017:09:33:10 -0300] "GET /cormun/servlet/trsolicitudot HTTP/1.1" 200 8457
186.103.159.182 - - [08/Mar/2017:09:33:11 -0300] "POST /cormun/servlet/solicitudot?gx-no-cache=1488976461320 HTTP/1.1" 200 238
186.103.159.182 - - [08/Mar/2017:09:33:11 -0300] "GET /cormun/servlet/solicitudot?d9aa7e4cabde8ac52d1d5ae28e992e6bb20efa9938b89f84818adbddc3c1dcf057007334cd25ac063096beace70a20147c29ee25c3075326727391ea792538116f9092ddc1bd22664b3a35f183be29049f47435789f424f5f3fcb0682a20ce12078fc1f106008ada7ddd37f08a0e564e7852bd3ffd1436414dc60647d62b17d234ea9893f1f62776f5adda572833e8c767f09d88c63d72f8400d2655dc8b5f58a66ac77f1100349d3ce3ab21811b8e60602e64462dbcad2e120a115d6aa9f10291c2017ea74d8a2fc639482ef5307c1548e2315f8ddcb91c874e3fcd92c0ed903442cf17c66ac0b9c5606a7e80fa766485c03992b38f43671a9593cc3e25db075dbd6d1262f416326272cbc1be1849de9051ca7873487d1c07b5640e10c66cd287c6f9b2438b68e957c4c068577ec67f20c054c2c8b38b9340db99edd510afa50a2bec1ab157b9a0bdbfefa2872eca4a95c700edb2769762b4d5345028b98768f10e4a18e6531f8a9f3eb16e31d262875b9b9c986ff767c8f3b8f34a6bbe091e,gx-no-cache=1488976461386 HTTP/1.1" 200 30
186.103.159.182 - - [08/Mar/2017:09:33:11 -0300] "POST /cormun/servlet/solicitudot?gx-no-cache=1488976461726 HTTP/1.1" 200 30
186.103.159.182 - - [08/Mar/2017:09:33:11 -0300] "POST /cormun/servlet/solicitudot?gx-no-cache=1488976461785 HTTP/1.1" 200 1286
186.103.159.182 - - [08/Mar/2017:09:33:11 -0300] "POST /cormun/servlet/solicitudot?gx-no-cache=1488976461858 HTTP/1.1" 200 41
186.103.159.182 - - [08/Mar/2017:09:33:11 -0300] "GET /cormun/servlet/solicitudot?d9aa7e4cabde8ac52d1d5ae28e992e6b37e56fc1f347436916a6137e322bd62ec8a350bcdf8c4870244ef31b369e475ecb50a4a9f686372aaa453c3f09b13eb123c636876603a15c0cf2e91c90c0ec0f1527293f583db15e79ecb1b1b6c1696c022608104d2787ae14e34ebbeb56a20dacc549f87ccf154305cc695124c314bb663bf0f2d04295bfbf286544eff447ae2e473fa934a7ac8593ee872b118fd6e3,gx-no-cache=1488976461903 HTTP/1.1" 200 29
186.103.159.182 - - [08/Mar/2017:09:33:11 -0300] "POST /cormun/servlet/solicitudot?gx-no-cache=1488976461947 HTTP/1.1" 200 1273
186.103.159.182 - - [08/Mar/2017:09:33:11 -0300] "POST /cormun/servlet/solicitudot?gx-no-cache=1488976462004 HTTP/1.1" 200 1157
186.103.159.182 - - [08/Mar/2017:09:33:11 -0300] "GET /cormun/servlet/solicitudot?d9aa7e4cabde8ac52d1d5ae28e992e6ba0f70080af4432820ef93af184be1ab56cf79a16338f2ab021639757a7b16cf07b7ad291a7f498665c67feb8d336c8a6dec9582a03a4abbf43fc3550a7a54e659deedb8aa57b8c25690de7542054d497673eafb6ddb398c07247da97974932dca6c1b2916029b0845ad7707a105340a7e44b531bf2a72f17c626638a10eb94037a82a645b1cf6e99f1b59f2e73da84feda163660a7e4d5ad45467db56736d084,gx-no-cache=1488976462071 HTTP/1.1" 200 30
186.103.159.182 - - [08/Mar/2017:09:33:12 -0300] "POST /cormun/servlet/solicitudot?d23585cbfde9d4d776bfc70582156f2d,UPD,2017,5308,,gx-no-cache=1488976462129 HTTP/1.1" 200 93
186.103.159.182 - - [08/Mar/2017:09:33:12 -0300] "GET /cormun/servlet/hpexe_return? HTTP/1.1" 200 1008
186.103.159.182 - - [08/Mar/2017:09:33:12 -0300] "GET /cormun/servlet/trsolicitudot HTTP/1.1" 200 10017
186.103.159.182 - - [08/Mar/2017:09:33:14 -0300] "GET /cormun/servlet/trsolicitudot HTTP/1.1" 200 10013
186.103.159.182 - - [08/Mar/2017:09:33:24 -0300] "POST /cormun/servlet/trsolicitudot?d23585cbfde9d4d776bfc70582156f2d,gx-no-cache=1488976474574 HTTP/1.1" 200 106
186.103.159.182 - - [08/Mar/2017:09:33:24 -0300] "GET /cormun/servlet/solicitudot?UPD,2017,5306, HTTP/1.1" 200 14513
186.103.159.182 - - [08/Mar/2017:09:33:26 -0300] "GET /cormun/servlet/solicitudot?UPD,2017,5306, HTTP/1.1" 200 14522
186.103.159.182 - - [08/Mar/2017:09:33:27 -0300] "POST /cormun/servlet/solicitudot?gx-no-cache=1488976477114 HTTP/1.1" 200 3201
186.103.159.182 - - [08/Mar/2017:09:33:27 -0300] "POST /cormun/servlet/solicitudot?d23585cbfde9d4d776bfc70582156f2d,UPD,2017,5306,,gx-no-cache=1488976477740 HTTP/1.1" 200 11064
186.103.159.182 - - [08/Mar/2017:09:33:28 -0300] "GET /cormun/servlet/solicitudot?d9aa7e4cabde8ac52d1d5ae28e992e6b31a15a7ed1dda0fc536b7d53519d838f2de35edf6f8c1025ee006f2d220b4c3e,gx-no-cache=1488976478450 HTTP/1.1" 200 30
186.103.159.182 - - [08/Mar/2017:09:33:28 -0300] "POST /cormun/servlet/solicitudot?gx-no-cache=1488976478557 HTTP/1.1" 200 238
186.103.159.182 - - [08/Mar/2017:09:33:28 -0300] "GET /cormun/servlet/solicitudot?d9aa7e4cabde8ac52d1d5ae28e992e6bb20efa9938b89f84818adbddc3c1dcf057007334cd25ac063096beace70a20147c29ee25c3075326727391ea792538116f9092ddc1bd22664b3a35f183be29049f47435789f424f5f3fcb0682a20ce12078fc1f106008ada7ddd37f08a0e564e7852bd3ffd1436414dc60647d62b17d234ea9893f1f62776f5adda572833e8c767f09d88c63d72f8400d2655dc8b5f58a66ac77f1100349d3ce3ab21811b8e60602e64462dbcad2e120a115d6aa9f10291c2017ea74d8a2fc639482ef5307c1548e2315f8ddcb91c874e3fcd92c0ed903442cf17c66ac0b9c5606a7e80fa766485c03992b38f43671a9593cc3e25db075dbd6d1262f416326272cbc1be1849de9051ca7873487d1c07b5640e10c66cd287c6f9b2438b68e957c4c068577ec67f20c054c2c8b38b9340db99edd510afa50a2bec1ab157b9a0bdbfefa2872eca4a95c700edb2769762b4d5345028b98768f10e4a18e6531f8a9f3eb16e31d262875b9b9c986ff767c8f3b8f34a6bbe091e,gx-no-cache=1488976478619 HTTP/1.1" 200 30
186.103.159.182 - - [08/Mar/2017:09:33:28 -0300] "POST /cormun/servlet/solicitudot?gx-no-cache=1488976478963 HTTP/1.1" 200 30
186.103.159.182 - - [08/Mar/2017:09:33:28 -0300] "POST /cormun/servlet/solicitudot?gx-no-cache=1488976479027 HTTP/1.1" 200 1287
186.103.159.182 - - [08/Mar/2017:09:33:28 -0300] "POST /cormun/servlet/solicitudot?gx-no-cache=1488976479147 HTTP/1.1" 200 41
186.79.226.62 - - [08/Mar/2017:09:33:34 -0300] "GET /cormun/servlet/solicitudot?1368e2a6bd1157964167c65452b3fb4d23a27d6503fdd2e64bd1c9ed2e8c80d2c43071da2879f84787fef59dbe14ffbbbcd042271643f2376375d9457ba724ccc409e988a15dc828c7ac8b81e36bab6ee565ea75b8276b60054279ee011cfd365037d7d004245b3d223441e7ded7c88e44505eca06fe7772604b89fa6511227b546a1d0a16dde5519bbfbbb623f4147423b3f318d38e45081286b100aa690fcf774a76bde43b2332d5ce714d1d4eba8a,gx-no-cache=1488976484318 HTTP/1.1" 200 30
186.103.159.182 - - [08/Mar/2017:09:34:07 -0300] "POST /cormun/servlet/solicitudot?gx-no-cache=1488976517729 HTTP/1.1" 200 238
186.103.159.182 - - [08/Mar/2017:09:34:07 -0300] "GET /cormun/servlet/solicitudot?d9aa7e4cabde8ac52d1d5ae28e992e6bb20efa9938b89f84818adbddc3c1dcf057007334cd25ac063096beace70a20147c29ee25c3075326727391ea792538116f9092ddc1bd22664b3a35f183be29049f47435789f424f5f3fcb0682a20ce12078fc1f106008ada7ddd37f08a0e564e7852bd3ffd1436414dc60647d62b17d234ea9893f1f62776f5adda572833e8c767f09d88c63d72f8400d2655dc8b5f58a66ac77f1100349d3ce3ab21811b8e60602e64462dbcad2e120a115d6aa9f10291c2017ea74d8a2fc639482ef5307c1548e2315f8ddcb91c874e3fcd92c0ed903442cf17c66ac0b9c5606a7e80fa766485c03992b38f43671a9593cc3e25db075dbd6d1262f416326272cbc1be1849de9051ca7873487d1c07b5640e10c66cd287c6f9b2438b68e957c4c068577ec67f20c054c2c8b38b9340db99edd510afa50a2bec1ab157b9a0bdbfefa2872eca4a95c700edb2769762b4d5345028b98768f10e4a18e6531f8a9f3eb16e31d262875b9b9c986ff767c8f3b8f34a6bbe091e,gx-no-cache=1488976517802 HTTP/1.1" 200 30
186.103.159.182 - - [08/Mar/2017:09:34:07 -0300] "POST /cormun/servlet/solicitudot?gx-no-cache=1488976518149 HTTP/1.1" 200 30
186.103.159.182 - - [08/Mar/2017:09:34:08 -0300] "POST /cormun/servlet/solicitudot?gx-no-cache=1488976518228 HTTP/1.1" 200 1287
186.103.159.182 - - [08/Mar/2017:09:34:08 -0300] "POST /cormun/servlet/solicitudot?gx-no-cache=1488976518307 HTTP/1.1" 200 41
186.103.159.182 - - [08/Mar/2017:09:34:08 -0300] "GET /cormun/servlet/solicitudot?d9aa7e4cabde8ac52d1d5ae28e992e6b37e56fc1f347436916a6137e322bd62ec8a350bcdf8c4870244ef31b369e475ecb50a4a9f686372aaa453c3f09b13eb123c636876603a15c0cf2e91c90c0ec0f1527293f583db15e79ecb1b1b6c1696c022608104d2787ae14e34ebbeb56a20dacc549f87ccf154305cc695124c314bb663bf0f2d04295bfbf286544eff447ae2e473fa934a7ac8593ee872b118fd6e3,gx-no-cache=1488976518356 HTTP/1.1" 200 29
186.103.159.182 - - [08/Mar/2017:09:34:08 -0300] "POST /cormun/servlet/solicitudot?gx-no-cache=1488976518397 HTTP/1.1" 200 1274
186.103.159.182 - - [08/Mar/2017:09:34:08 -0300] "POST /cormun/servlet/solicitudot?gx-no-cache=1488976518478 HTTP/1.1" 200 1157
186.103.159.182 - - [08/Mar/2017:09:34:08 -0300] "GET /cormun/servlet/solicitudot?d9aa7e4cabde8ac52d1d5ae28e992e6ba0f70080af4432820ef93af184be1ab56cf79a16338f2ab021639757a7b16cf07b7ad291a7f498665c67feb8d336c8a6dec9582a03a4abbf43fc3550a7a54e659deedb8aa57b8c25690de7542054d497673eafb6ddb398c07247da97974932dca6c1b2916029b0845ad7707a105340a7e44b531bf2a72f17c626638a10eb94037a82a645b1cf6e99f1b59f2e73da84feda163660a7e4d5ad45467db56736d084,gx-no-cache=1488976518551 HTTP/1.1" 200 30
186.103.159.182 - - [08/Mar/2017:09:34:08 -0300] "POST /cormun/servlet/solicitudot?d23585cbfde9d4d776bfc70582156f2d,UPD,2017,5306,,gx-no-cache=1488976518607 HTTP/1.1" 200 93
186.103.159.182 - - [08/Mar/2017:09:34:08 -0300] "GET /cormun/servlet/hpexe_return? HTTP/1.1" 200 1008
186.103.159.182 - - [08/Mar/2017:09:34:09 -0300] "GET /cormun/servlet/trsolicitudot HTTP/1.1" 200 10017
186.103.159.182 - - [08/Mar/2017:09:34:10 -0300] "GET /cormun/servlet/trsolicitudot HTTP/1.1" 200 10013
186.103.159.182 - - [08/Mar/2017:09:34:21 -0300] "POST /cormun/servlet/trsolicitudot?d23585cbfde9d4d776bfc70582156f2d,gx-no-cache=1488976531517 HTTP/1.1" 200 107
186.103.159.182 - - [08/Mar/2017:09:34:21 -0300] "GET /cormun/servlet/trsolicitudadjuntos?2017,5306, HTTP/1.1" 200 6118
186.103.159.182 - - [08/Mar/2017:09:34:22 -0300] "GET /cormun/servlet/trsolicitudadjuntos?2017,5306, HTTP/1.1" 200 6118
186.103.159.182 - - [08/Mar/2017:09:34:24 -0300] "GET /cormun/servlet/solicitudotadjuntos?INS,2017,5306,,1, HTTP/1.1" 200 6049
186.103.159.182 - - [08/Mar/2017:09:34:24 -0300] "GET /cormun/static/about:blank HTTP/1.1" 404 1011
186.103.159.182 - - [08/Mar/2017:09:34:25 -0300] "GET /cormun/servlet/solicitudotadjuntos?INS,2017,5306,,1, HTTP/1.1" 200 6043
186.103.159.182 - - [08/Mar/2017:09:34:26 -0300] "GET /cormun/servlet/solicitudotadjuntos?d9aa7e4cabde8ac52d1d5ae28e992e6bdda27ff943a4d728b9bc5a1732174523a78a036cd951ef8fdf3aa151a71b094c,gx-no-cache=1488976536563 HTTP/1.1" 200 30
186.103.159.182 - - [08/Mar/2017:09:34:26 -0300] "POST /cormun/servlet/solicitudotadjuntos?d23585cbfde9d4d776bfc70582156f2d,INS,2017,5306,,1,,gx-no-cache=1488976536609 HTTP/1.1" 200 3853
186.103.159.182 - - [08/Mar/2017:09:34:30 -0300] "POST /cormun/servlet/solicitudotadjuntos?gx-no-cache=1488976540568 HTTP/1.1" 200 26
186.103.159.182 - - [08/Mar/2017:09:34:45 -0300] "GET /cormun/servlet/solicitudotadjuntos?d9aa7e4cabde8ac52d1d5ae28e992e6bf15c227cb9822cff6325daec72246283,gx-no-cache=1488976555867 HTTP/1.1" 200 30
186.103.159.182 - - [08/Mar/2017:09:34:45 -0300] "GET /cormun/servlet/solicitudotadjuntos?d9aa7e4cabde8ac52d1d5ae28e992e6bf15c227cb9822cff6325daec72246283,gx-no-cache=1488976555893 HTTP/1.1" 200 30
186.103.159.182 - - [08/Mar/2017:09:34:47 -0300] "POST /cormun/servlet/solicitudotadjuntos?d23585cbfde9d4d776bfc70582156f2d,INS,2017,5306,,1, HTTP/1.1" 200 116
186.103.159.182 - - [08/Mar/2017:09:34:47 -0300] "GET /cormun/servlet/hpexe_return? HTTP/1.1" 200 1021
186.103.159.182 - - [08/Mar/2017:09:34:47 -0300] "GET /cormun/servlet/trsolicitudadjuntos?2017,5306, HTTP/1.1" 200 8256
186.103.159.182 - - [08/Mar/2017:09:34:49 -0300] "GET /cormun/servlet/trsolicitudadjuntos?2017,5306, HTTP/1.1" 200 8252
186.103.159.182 - - [08/Mar/2017:09:34:51 -0300] "GET /cormun/servlet/solicitudotadjuntos?INS,2017,5306,,1, HTTP/1.1" 200 6049
186.103.159.182 - - [08/Mar/2017:09:34:51 -0300] "GET /cormun/static/about:blank HTTP/1.1" 404 1011
186.103.159.182 - - [08/Mar/2017:09:34:52 -0300] "GET /cormun/servlet/solicitudotadjuntos?INS,2017,5306,,1, HTTP/1.1" 200 6043
186.103.159.182 - - [08/Mar/2017:09:34:52 -0300] "GET /cormun/servlet/solicitudotadjuntos?d9aa7e4cabde8ac52d1d5ae28e992e6bdda27ff943a4d728b9bc5a1732174523a78a036cd951ef8fdf3aa151a71b094c,gx-no-cache=1488976563157 HTTP/1.1" 200 30
186.103.159.182 - - [08/Mar/2017:09:34:53 -0300] "POST /cormun/servlet/solicitudotadjuntos?d23585cbfde9d4d776bfc70582156f2d,INS,2017,5306,,1,,gx-no-cache=1488976563211 HTTP/1.1" 200 3853
186.103.159.182 - - [08/Mar/2017:09:34:55 -0300] "POST /cormun/servlet/solicitudotadjuntos?gx-no-cache=1488976565639 HTTP/1.1" 200 26
186.103.159.182 - - [08/Mar/2017:09:35:02 -0300] "GET /cormun/servlet/solicitudotadjuntos?d9aa7e4cabde8ac52d1d5ae28e992e6bf15c227cb9822cff6325daec72246283,gx-no-cache=1488976572489 HTTP/1.1" 200 30
186.103.159.182 - - [08/Mar/2017:09:35:02 -0300] "GET /cormun/servlet/solicitudotadjuntos?d9aa7e4cabde8ac52d1d5ae28e992e6bf15c227cb9822cff6325daec72246283,gx-no-cache=1488976572518 HTTP/1.1" 200 30
186.103.159.182 - - [08/Mar/2017:09:35:03 -0300] "POST /cormun/servlet/solicitudotadjuntos?d23585cbfde9d4d776bfc70582156f2d,INS,2017,5306,,1, HTTP/1.1" 200 116
186.103.159.182 - - [08/Mar/2017:09:35:03 -0300] "GET /cormun/servlet/hpexe_return? HTTP/1.1" 200 1021
186.103.159.182 - - [08/Mar/2017:09:35:04 -0300] "GET /cormun/servlet/trsolicitudadjuntos?2017,5306, HTTP/1.1" 200 8426
186.103.159.182 - - [08/Mar/2017:09:35:05 -0300] "GET /cormun/servlet/trsolicitudadjuntos?2017,5306, HTTP/1.1" 200 8423
186.103.159.182 - - [08/Mar/2017:09:35:07 -0300] "GET /cormun/servlet/solicitudotadjuntos?INS,2017,5306,,1, HTTP/1.1" 200 6049
186.103.159.182 - - [08/Mar/2017:09:35:07 -0300] "GET /cormun/static/about:blank HTTP/1.1" 404 1011
186.103.159.182 - - [08/Mar/2017:09:35:09 -0300] "GET /cormun/servlet/solicitudotadjuntos?INS,2017,5306,,1, HTTP/1.1" 200 6043
186.103.159.182 - - [08/Mar/2017:09:35:09 -0300] "GET /cormun/servlet/solicitudotadjuntos?d9aa7e4cabde8ac52d1d5ae28e992e6bdda27ff943a4d728b9bc5a1732174523a78a036cd951ef8fdf3aa151a71b094c,gx-no-cache=1488976579699 HTTP/1.1" 200 30
186.103.159.182 - - [08/Mar/2017:09:35:09 -0300] "POST /cormun/servlet/solicitudotadjuntos?d23585cbfde9d4d776bfc70582156f2d,INS,2017,5306,,1,,gx-no-cache=1488976579772 HTTP/1.1" 200 3853
186.103.159.182 - - [08/Mar/2017:09:35:12 -0300] "POST /cormun/servlet/solicitudotadjuntos?gx-no-cache=1488976582656 HTTP/1.1" 200 26
186.103.159.182 - - [08/Mar/2017:09:35:23 -0300] "GET /cormun/servlet/solicitudotadjuntos?d9aa7e4cabde8ac52d1d5ae28e992e6bf15c227cb9822cff6325daec72246283,gx-no-cache=1488976594202 HTTP/1.1" 200 30
186.103.159.182 - - [08/Mar/2017:09:35:24 -0300] "GET /cormun/servlet/solicitudotadjuntos?d9aa7e4cabde8ac52d1d5ae28e992e6bf15c227cb9822cff6325daec72246283,gx-no-cache=1488976594249 HTTP/1.1" 200 30
186.103.159.182 - - [08/Mar/2017:09:35:25 -0300] "POST /cormun/servlet/solicitudotadjuntos?d23585cbfde9d4d776bfc70582156f2d,INS,2017,5306,,1, HTTP/1.1" 200 116
186.103.159.182 - - [08/Mar/2017:09:35:25 -0300] "GET /cormun/servlet/hpexe_return? HTTP/1.1" 200 1021
186.103.159.182 - - [08/Mar/2017:09:35:26 -0300] "GET /cormun/servlet/trsolicitudadjuntos?2017,5306, HTTP/1.1" 200 8569
186.103.159.182 - - [08/Mar/2017:09:35:27 -0300] "GET /cormun/servlet/trsolicitudadjuntos?2017,5306, HTTP/1.1" 200 8565
186.103.159.182 - - [08/Mar/2017:09:35:29 -0300] "GET /cormun/servlet/solicitudotadjuntos?INS,2017,5306,,1, HTTP/1.1" 200 6051
186.103.159.182 - - [08/Mar/2017:09:35:29 -0300] "GET /cormun/static/about:blank HTTP/1.1" 404 1011
186.103.159.182 - - [08/Mar/2017:09:35:30 -0300] "GET /cormun/servlet/solicitudotadjuntos?INS,2017,5306,,1, HTTP/1.1" 200 6045
186.103.159.182 - - [08/Mar/2017:09:35:31 -0300] "GET /cormun/servlet/solicitudotadjuntos?d9aa7e4cabde8ac52d1d5ae28e992e6bdda27ff943a4d728b9bc5a1732174523a78a036cd951ef8fdf3aa151a71b094c,gx-no-cache=1488976601553 HTTP/1.1" 200 30
186.103.159.182 - - [08/Mar/2017:09:35:31 -0300] "POST /cormun/servlet/solicitudotadjuntos?d23585cbfde9d4d776bfc70582156f2d,INS,2017,5306,,1,,gx-no-cache=1488976601594 HTTP/1.1" 200 3854
186.103.159.182 - - [08/Mar/2017:09:35:34 -0300] "POST /cormun/servlet/solicitudotadjuntos?gx-no-cache=1488976604959 HTTP/1.1" 200 26
186.79.226.62 - - [08/Mar/2017:09:35:35 -0300] "POST /cormun/servlet/solicitudot?b7a385eaa97e4ea07487642b66ec0376,INS,0,0,,gx-no-cache=1488976604975 HTTP/1.1" 200 93
186.79.226.62 - - [08/Mar/2017:09:35:35 -0300] "GET /cormun/servlet/hpexe_return? HTTP/1.1" 200 1005
186.79.226.62 - - [08/Mar/2017:09:35:35 -0300] "GET /cormun/servlet/trsolicitudot HTTP/1.1" 200 7985
186.79.226.62 - - [08/Mar/2017:09:35:36 -0300] "GET /cormun/servlet/trsolicitudot HTTP/1.1" 200 7981
186.103.159.182 - - [08/Mar/2017:09:35:42 -0300] "GET /cormun/servlet/solicitudotadjuntos?d9aa7e4cabde8ac52d1d5ae28e992e6bf15c227cb9822cff6325daec72246283,gx-no-cache=1488976612885 HTTP/1.1" 200 30
186.103.159.182 - - [08/Mar/2017:09:35:42 -0300] "GET /cormun/servlet/solicitudotadjuntos?d9aa7e4cabde8ac52d1d5ae28e992e6bf15c227cb9822cff6325daec72246283,gx-no-cache=1488976612912 HTTP/1.1" 200 30
186.103.159.182 - - [08/Mar/2017:09:35:45 -0300] "POST /cormun/servlet/solicitudotadjuntos?d23585cbfde9d4d776bfc70582156f2d,INS,2017,5306,,1, HTTP/1.1" 200 116
186.103.159.182 - - [08/Mar/2017:09:35:45 -0300] "GET /cormun/servlet/hpexe_return? HTTP/1.1" 200 1021
186.103.159.182 - - [08/Mar/2017:09:35:45 -0300] "GET /cormun/servlet/trsolicitudadjuntos?2017,5306, HTTP/1.1" 200 8685
186.103.159.182 - - [08/Mar/2017:09:35:47 -0300] "GET /cormun/servlet/trsolicitudadjuntos?2017,5306, HTTP/1.1" 200 8684
186.79.226.62 - - [08/Mar/2017:09:35:48 -0300] "POST /cormun/servlet/trsolicitudot?b7a385eaa97e4ea07487642b66ec0376,gx-no-cache=1488976619269 HTTP/1.1" 200 106
186.79.226.62 - - [08/Mar/2017:09:35:49 -0300] "GET /cormun/servlet/trsolicitudadjuntos?2017,5310, HTTP/1.1" 200 5852
186.103.159.182 - - [08/Mar/2017:09:35:49 -0300] "GET /cormun/servlet/solicitudotadjuntos?INS,2017,5306,,1, HTTP/1.1" 200 6051
186.103.159.182 - - [08/Mar/2017:09:35:49 -0300] "GET /cormun/static/about:blank HTTP/1.1" 404 1011
186.79.226.62 - - [08/Mar/2017:09:35:49 -0300] "GET /cormun/servlet/trsolicitudadjuntos?2017,5310, HTTP/1.1" 200 5852
186.103.159.182 - - [08/Mar/2017:09:35:50 -0300] "GET /cormun/servlet/solicitudotadjuntos?INS,2017,5306,,1, HTTP/1.1" 200 6045
186.103.159.182 - - [08/Mar/2017:09:35:51 -0300] "GET /cormun/servlet/solicitudotadjuntos?d9aa7e4cabde8ac52d1d5ae28e992e6bdda27ff943a4d728b9bc5a1732174523a78a036cd951ef8fdf3aa151a71b094c,gx-no-cache=1488976621264 HTTP/1.1" 200 30
186.103.159.182 - - [08/Mar/2017:09:35:51 -0300] "POST /cormun/servlet/solicitudotadjuntos?d23585cbfde9d4d776bfc70582156f2d,INS,2017,5306,,1,,gx-no-cache=1488976621304 HTTP/1.1" 200 3854
186.79.226.62 - - [08/Mar/2017:09:35:56 -0300] "GET /cormun/servlet/solicitudotadjuntos?INS,2017,5310,,1, HTTP/1.1" 200 5785
186.79.226.62 - - [08/Mar/2017:09:35:57 -0300] "GET /cormun/static/about:blank HTTP/1.1" 404 1011
186.79.226.62 - - [08/Mar/2017:09:35:57 -0300] "GET /cormun/servlet/solicitudotadjuntos?INS,2017,5310,,1, HTTP/1.1" 200 5780
186.79.226.62 - - [08/Mar/2017:09:35:57 -0300] "GET /cormun/servlet/solicitudotadjuntos?1368e2a6bd1157964167c65452b3fb4d625e779f31a22633774d4bd8048ef338b30cf0f846800d3ee71d76a4c6562e33,gx-no-cache=1488976628351 HTTP/1.1" 200 30
186.79.226.62 - - [08/Mar/2017:09:35:58 -0300] "POST /cormun/servlet/solicitudotadjuntos?b7a385eaa97e4ea07487642b66ec0376,INS,2017,5310,,1,,gx-no-cache=1488976628468 HTTP/1.1" 200 3638
186.103.159.182 - - [08/Mar/2017:09:35:59 -0300] "POST /cormun/servlet/solicitudotadjuntos?gx-no-cache=1488976629542 HTTP/1.1" 200 26
186.79.226.62 - - [08/Mar/2017:09:36:05 -0300] "POST /cormun/servlet/solicitudotadjuntos?gx-no-cache=1488976636173 HTTP/1.1" 200 26
186.103.159.182 - - [08/Mar/2017:09:36:05 -0300] "GET /cormun/servlet/solicitudotadjuntos?d9aa7e4cabde8ac52d1d5ae28e992e6bf15c227cb9822cff6325daec72246283,gx-no-cache=1488976635834 HTTP/1.1" 200 30
186.103.159.182 - - [08/Mar/2017:09:36:05 -0300] "GET /cormun/servlet/solicitudotadjuntos?d9aa7e4cabde8ac52d1d5ae28e992e6bf15c227cb9822cff6325daec72246283,gx-no-cache=1488976635884 HTTP/1.1" 200 30
186.103.159.182 - - [08/Mar/2017:09:36:11 -0300] "POST /cormun/servlet/solicitudotadjuntos?d23585cbfde9d4d776bfc70582156f2d,INS,2017,5306,,1, HTTP/1.1" 200 116
186.103.159.182 - - [08/Mar/2017:09:36:11 -0300] "GET /cormun/servlet/hpexe_return? HTTP/1.1" 200 1021
186.103.159.182 - - [08/Mar/2017:09:36:12 -0300] "GET /cormun/servlet/trsolicitudadjuntos?2017,5306, HTTP/1.1" 200 8877
186.103.159.182 - - [08/Mar/2017:09:36:14 -0300] "GET /cormun/servlet/trsolicitudadjuntos?2017,5306, HTTP/1.1" 200 8877
186.103.159.182 - - [08/Mar/2017:09:36:17 -0300] "GET /cormun/servlet/solicitudotadjuntos?INS,2017,5306,,1, HTTP/1.1" 200 6050
186.103.159.182 - - [08/Mar/2017:09:36:17 -0300] "GET /cormun/static/about:blank HTTP/1.1" 404 1011
186.103.159.182 - - [08/Mar/2017:09:36:18 -0300] "GET /cormun/servlet/solicitudotadjuntos?INS,2017,5306,,1, HTTP/1.1" 200 6044
186.103.159.182 - - [08/Mar/2017:09:36:18 -0300] "GET /cormun/servlet/solicitudotadjuntos?d9aa7e4cabde8ac52d1d5ae28e992e6bdda27ff943a4d728b9bc5a1732174523a78a036cd951ef8fdf3aa151a71b094c,gx-no-cache=1488976649158 HTTP/1.1" 200 30
186.103.159.182 - - [08/Mar/2017:09:36:19 -0300] "POST /cormun/servlet/solicitudotadjuntos?d23585cbfde9d4d776bfc70582156f2d,INS,2017,5306,,1,,gx-no-cache=1488976649214 HTTP/1.1" 200 3854
157.55.39.119 - - [08/Mar/2017:09:36:19 -0300] "GET /cormun/servlet/trsolicitudadjuntos?2016,2923,&_escaped_fragment_= HTTP/1.1" 200 6174
186.103.159.182 - - [08/Mar/2017:09:36:21 -0300] "POST /cormun/servlet/solicitudotadjuntos?gx-no-cache=1488976651822 HTTP/1.1" 200 26
186.103.159.182 - - [08/Mar/2017:09:36:27 -0300] "GET /cormun/servlet/solicitudotadjuntos?d9aa7e4cabde8ac52d1d5ae28e992e6bf15c227cb9822cff6325daec72246283,gx-no-cache=1488976658225 HTTP/1.1" 200 30
186.103.159.182 - - [08/Mar/2017:09:36:28 -0300] "GET /cormun/servlet/solicitudotadjuntos?d9aa7e4cabde8ac52d1d5ae28e992e6bf15c227cb9822cff6325daec72246283,gx-no-cache=1488976658258 HTTP/1.1" 200 30
186.103.159.182 - - [08/Mar/2017:09:36:29 -0300] "POST /cormun/servlet/solicitudotadjuntos?d23585cbfde9d4d776bfc70582156f2d,INS,2017,5306,,1, HTTP/1.1" 200 116
186.103.159.182 - - [08/Mar/2017:09:36:29 -0300] "GET /cormun/servlet/hpexe_return? HTTP/1.1" 200 1021
186.103.159.182 - - [08/Mar/2017:09:36:30 -0300] "GET /cormun/servlet/trsolicitudadjuntos?2017,5306, HTTP/1.1" 200 9060
186.103.159.182 - - [08/Mar/2017:09:36:32 -0300] "GET /cormun/servlet/trsolicitudadjuntos?2017,5306, HTTP/1.1" 200 9057
186.103.159.182 - - [08/Mar/2017:09:36:39 -0300] "POST /cormun/servlet/trsolicitudadjuntos?d23585cbfde9d4d776bfc70582156f2d,2017,5306,,gx-no-cache=1488976669898 HTTP/1.1" 200 90
186.103.159.182 - - [08/Mar/2017:09:36:39 -0300] "GET /cormun/servlet/hpexe_link HTTP/1.1" 200 967
186.103.159.182 - - [08/Mar/2017:09:36:40 -0300] "GET /cormun/servlet/trsolicitudot HTTP/1.1" 200 10015
186.103.159.182 - - [08/Mar/2017:09:36:41 -0300] "GET /cormun/servlet/trsolicitudot HTTP/1.1" 200 10013
186.79.226.62 - - [08/Mar/2017:09:37:11 -0300] "GET /cormun/servlet/solicitudotadjuntos?1368e2a6bd1157964167c65452b3fb4d1b2c30dbf2ce2d1ba4f56658335b3a9d,gx-no-cache=1488976701800 HTTP/1.1" 200 30
186.79.226.62 - - [08/Mar/2017:09:37:11 -0300] "GET /cormun/servlet/solicitudotadjuntos?1368e2a6bd1157964167c65452b3fb4d1b2c30dbf2ce2d1ba4f56658335b3a9d,gx-no-cache=1488976701936 HTTP/1.1" 200 30
186.79.226.62 - - [08/Mar/2017:09:37:20 -0300] "POST /cormun/servlet/solicitudotadjuntos?b7a385eaa97e4ea07487642b66ec0376,INS,2017,5310,,1, HTTP/1.1" 200 116
186.79.226.62 - - [08/Mar/2017:09:37:20 -0300] "GET /cormun/servlet/hpexe_return? HTTP/1.1" 200 1023
186.79.226.62 - - [08/Mar/2017:09:37:20 -0300] "GET /cormun/servlet/trsolicitudadjuntos?2017,5310, HTTP/1.1" 200 7918
186.79.226.62 - - [08/Mar/2017:09:37:21 -0300] "GET /cormun/servlet/trsolicitudadjuntos?2017,5310, HTTP/1.1" 200 7916
186.79.226.62 - - [08/Mar/2017:09:37:31 -0300] "GET /cormun/servlet/solicitudotadjuntos?INS,2017,5310,,1, HTTP/1.1" 200 5785
186.79.226.62 - - [08/Mar/2017:09:37:32 -0300] "GET /cormun/static/about:blank HTTP/1.1" 404 1011
186.79.226.62 - - [08/Mar/2017:09:37:32 -0300] "GET /cormun/servlet/solicitudotadjuntos?INS,2017,5310,,1, HTTP/1.1" 200 5780
186.79.226.62 - - [08/Mar/2017:09:37:32 -0300] "GET /cormun/servlet/solicitudotadjuntos?1368e2a6bd1157964167c65452b3fb4d625e779f31a22633774d4bd8048ef338b30cf0f846800d3ee71d76a4c6562e33,gx-no-cache=1488976723527 HTTP/1.1" 200 30
186.79.226.62 - - [08/Mar/2017:09:37:33 -0300] "POST /cormun/servlet/solicitudotadjuntos?b7a385eaa97e4ea07487642b66ec0376,INS,2017,5310,,1,,gx-no-cache=1488976723620 HTTP/1.1" 200 3638
186.79.226.62 - - [08/Mar/2017:09:37:42 -0300] "POST /cormun/servlet/solicitudotadjuntos?gx-no-cache=1488976732878 HTTP/1.1" 200 26
186.103.159.46 - - [08/Mar/2017:09:37:43 -0300] "GET /cormun/servlet/hhome HTTP/1.1" 200 3287
186.103.159.46 - - [08/Mar/2017:09:37:44 -0300] "GET /cormun/static/Resources/Spanish/PXTools.css?18365030 HTTP/1.1" 304 -
186.103.159.46 - - [08/Mar/2017:09:37:44 -0300] "GET /cormun/static/hwchdr01.js?201612218432057 HTTP/1.1" 304 -
186.103.159.46 - - [08/Mar/2017:09:37:44 -0300] "GET /cormun/static/hhome.js?201612218515573 HTTP/1.1" 304 -
186.103.159.46 - - [08/Mar/2017:09:37:44 -0300] "GET /cormun/static/hpexe_scripts.js?201612218432016 HTTP/1.1" 304 -
186.103.159.46 - - [08/Mar/2017:09:37:44 -0300] "GET /cormun/static/hpexe_recentlink.js?201610171694390 HTTP/1.1" 304 -
186.103.159.46 - - [08/Mar/2017:09:37:44 -0300] "GET /cormun/static/hpexe_messagecontroller.js?201610171694323 HTTP/1.1" 304 -
186.103.159.46 - - [08/Mar/2017:09:37:44 -0300] "GET /cormun/static/hpexe_messagegenexuscomponent.js?201612218431816 HTTP/1.1" 304 -
186.103.159.46 - - [08/Mar/2017:09:37:44 -0300] "GET /cormun/static/cmcontrolpreferences.js?201612218431999 HTTP/1.1" 304 -
186.103.159.46 - - [08/Mar/2017:09:37:44 -0300] "GET /cormun/static/hpexe_messagepopupcomponent.js?20161017169425 HTTP/1.1" 304 -
186.103.159.46 - - [08/Mar/2017:09:37:45 -0300] "GET /cormun/static/hmpwkw03.js?20161221852152 HTTP/1.1" 304 -
186.103.159.46 - - [08/Mar/2017:09:37:46 -0300] "GET /cormun/servlet/hhome HTTP/1.1" 200 3296
186.103.159.46 - - [08/Mar/2017:09:37:46 -0300] "GET /cormun/servlet/hlogin HTTP/1.1" 200 1730
186.103.159.46 - - [08/Mar/2017:09:37:46 -0300] "GET /cormun/static/Resources/Spanish/PXTools.css?167811 HTTP/1.1" 304 -
186.103.159.46 - - [08/Mar/2017:09:37:46 -0300] "GET /cormun/static/hlogin.js?201612216162555 HTTP/1.1" 304 -
186.79.226.62 - - [08/Mar/2017:09:37:53 -0300] "GET /cormun/servlet/solicitudotadjuntos?1368e2a6bd1157964167c65452b3fb4d1b2c30dbf2ce2d1ba4f56658335b3a9d,gx-no-cache=1488976743868 HTTP/1.1" 200 30
186.79.226.62 - - [08/Mar/2017:09:37:53 -0300] "GET /cormun/servlet/solicitudotadjuntos?1368e2a6bd1157964167c65452b3fb4d1b2c30dbf2ce2d1ba4f56658335b3a9d,gx-no-cache=1488976744011 HTTP/1.1" 200 30
186.103.159.182 - - [08/Mar/2017:09:37:54 -0300] "GET /cormun/servlet/solicitudot?INS,0,0, HTTP/1.1" 200 12819
186.103.159.182 - - [08/Mar/2017:09:37:56 -0300] "GET /cormun/servlet/solicitudot?INS,0,0, HTTP/1.1" 200 12824
186.79.226.62 - - [08/Mar/2017:09:38:17 -0300] "POST /cormun/servlet/solicitudotadjuntos?b7a385eaa97e4ea07487642b66ec0376,INS,2017,5310,,1, HTTP/1.1" 200 116
186.103.159.182 - - [08/Mar/2017:09:38:17 -0300] "POST /cormun/servlet/solicitudot?gx-no-cache=1488976767129 HTTP/1.1" 200 3198
186.79.226.62 - - [08/Mar/2017:09:38:17 -0300] "GET /cormun/servlet/hpexe_return? HTTP/1.1" 200 1023
186.103.159.182 - - [08/Mar/2017:09:38:17 -0300] "POST /cormun/servlet/solicitudot?d23585cbfde9d4d776bfc70582156f2d,INS,0,0,,gx-no-cache=1488976767498 HTTP/1.1" 200 9958
186.79.226.62 - - [08/Mar/2017:09:38:17 -0300] "GET /cormun/servlet/trsolicitudadjuntos?2017,5310, HTTP/1.1" 200 8133
186.79.226.62 - - [08/Mar/2017:09:38:18 -0300] "GET /cormun/servlet/trsolicitudadjuntos?2017,5310, HTTP/1.1" 200 8125
192.168.10.89 - - [08/Mar/2017:09:38:21 -0300] "POST /cormun/servlet/hlogin?e5bdcae641cc92ca5da0c4fbe6cae67f,gx-no-cache=1488979985421 HTTP/1.1" 200 90
192.168.10.89 - - [08/Mar/2017:09:38:21 -0300] "GET /cormun/servlet/hpexe_link HTTP/1.1" 200 959
192.168.10.89 - - [08/Mar/2017:09:38:21 -0300] "GET /cormun/servlet/hhome HTTP/1.1" 200 4394
186.79.226.62 - - [08/Mar/2017:09:38:21 -0300] "GET /cormun/servlet/solicitudotadjuntos?INS,2017,5310,,1, HTTP/1.1" 200 5786
186.79.226.62 - - [08/Mar/2017:09:38:22 -0300] "GET /cormun/static/about:blank HTTP/1.1" 404 1011
186.79.226.62 - - [08/Mar/2017:09:38:22 -0300] "GET /cormun/servlet/solicitudotadjuntos?INS,2017,5310,,1, HTTP/1.1" 200 5780
186.79.226.62 - - [08/Mar/2017:09:38:23 -0300] "GET /cormun/servlet/solicitudotadjuntos?1368e2a6bd1157964167c65452b3fb4d625e779f31a22633774d4bd8048ef338b30cf0f846800d3ee71d76a4c6562e33,gx-no-cache=1488976773653 HTTP/1.1" 200 30
186.79.226.62 - - [08/Mar/2017:09:38:23 -0300] "POST /cormun/servlet/solicitudotadjuntos?b7a385eaa97e4ea07487642b66ec0376,INS,2017,5310,,1,,gx-no-cache=1488976773769 HTTP/1.1" 200 3639
192.168.10.89 - - [08/Mar/2017:09:38:28 -0300] "GET /cormun/servlet/trsolicitudgral? HTTP/1.1" 200 12485
186.79.226.62 - - [08/Mar/2017:09:38:39 -0300] "POST /cormun/servlet/solicitudotadjuntos?gx-no-cache=1488976790256 HTTP/1.1" 200 26
186.103.159.46 - - [08/Mar/2017:09:38:40 -0300] "POST /cormun/servlet/hlogin?6e19d6ce2ba915bc8b4147463f6c8a48,gx-no-cache=1488976789806 HTTP/1.1" 200 90
186.103.159.46 - - [08/Mar/2017:09:38:40 -0300] "GET /cormun/servlet/hpexe_link HTTP/1.1" 200 954
186.103.159.46 - - [08/Mar/2017:09:38:40 -0300] "GET /cormun/static/hpexe_link.js?201612218515532 HTTP/1.1" 304 -
186.103.159.46 - - [08/Mar/2017:09:38:40 -0300] "GET /cormun/servlet/hhome HTTP/1.1" 200 3776
192.168.10.89 - - [08/Mar/2017:09:38:41 -0300] "POST /cormun/servlet/trsolicitudgral?e5bdcae641cc92ca5da0c4fbe6cae67f,,gx-no-cache=1488980005669 HTTP/1.1" 200 14508
186.103.159.46 - - [08/Mar/2017:09:38:42 -0300] "GET /cormun/servlet/hhome HTTP/1.1" 200 3773
192.168.10.89 - - [08/Mar/2017:09:38:46 -0300] "POST /cormun/servlet/trsolicitudgral?e5bdcae641cc92ca5da0c4fbe6cae67f,,gx-no-cache=1488980010593 HTTP/1.1" 200 5407
186.79.226.62 - - [08/Mar/2017:09:38:49 -0300] "GET /cormun/servlet/solicitudotadjuntos?1368e2a6bd1157964167c65452b3fb4d1b2c30dbf2ce2d1ba4f56658335b3a9d,gx-no-cache=1488976800437 HTTP/1.1" 200 30
186.79.226.62 - - [08/Mar/2017:09:38:49 -0300] "GET /cormun/servlet/solicitudotadjuntos?1368e2a6bd1157964167c65452b3fb4d1b2c30dbf2ce2d1ba4f56658335b3a9d,gx-no-cache=1488976800530 HTTP/1.1" 200 30
192.168.10.89 - - [08/Mar/2017:09:38:51 -0300] "POST /cormun/servlet/trsolicitudgral?e5bdcae641cc92ca5da0c4fbe6cae67f,,gx-no-cache=1488980015294 HTTP/1.1" 200 14509
186.79.226.62 - - [08/Mar/2017:09:38:59 -0300] "POST /cormun/servlet/solicitudotadjuntos?b7a385eaa97e4ea07487642b66ec0376,INS,2017,5310,,1, HTTP/1.1" 200 116
186.79.226.62 - - [08/Mar/2017:09:38:59 -0300] "GET /cormun/servlet/hpexe_return? HTTP/1.1" 200 1023
186.79.226.62 - - [08/Mar/2017:09:39:00 -0300] "GET /cormun/servlet/trsolicitudadjuntos?2017,5310, HTTP/1.1" 200 8288
186.79.226.62 - - [08/Mar/2017:09:39:01 -0300] "GET /cormun/servlet/trsolicitudadjuntos?2017,5310, HTTP/1.1" 200 8285
186.79.226.62 - - [08/Mar/2017:09:39:05 -0300] "GET /cormun/servlet/solicitudotadjuntos?INS,2017,5310,,1, HTTP/1.1" 200 5786
186.79.226.62 - - [08/Mar/2017:09:39:06 -0300] "GET /cormun/static/about:blank HTTP/1.1" 404 1011
186.79.226.62 - - [08/Mar/2017:09:39:06 -0300] "GET /cormun/servlet/solicitudotadjuntos?INS,2017,5310,,1, HTTP/1.1" 200 5780
186.79.226.62 - - [08/Mar/2017:09:39:06 -0300] "GET /cormun/servlet/solicitudotadjuntos?1368e2a6bd1157964167c65452b3fb4d625e779f31a22633774d4bd8048ef338b30cf0f846800d3ee71d76a4c6562e33,gx-no-cache=1488976817268 HTTP/1.1" 200 30
186.79.226.62 - - [08/Mar/2017:09:39:07 -0300] "POST /cormun/servlet/solicitudotadjuntos?b7a385eaa97e4ea07487642b66ec0376,INS,2017,5310,,1,,gx-no-cache=1488976817395 HTTP/1.1" 200 3639
186.79.226.62 - - [08/Mar/2017:09:39:12 -0300] "POST /cormun/servlet/solicitudotadjuntos?gx-no-cache=1488976822911 HTTP/1.1" 200 26
192.168.10.89 - - [08/Mar/2017:09:39:16 -0300] "POST /cormun/servlet/trsolicitudgral?e5bdcae641cc92ca5da0c4fbe6cae67f,,gx-no-cache=1488980040520 HTTP/1.1" 200 14182
192.168.10.89 - - [08/Mar/2017:09:39:19 -0300] "GET /cormun/static/Shared/jqueryui/images/ui-bg_highlight-soft_100_c6c2c8_1x100.png HTTP/1.1" 404 1117
192.168.10.89 - - [08/Mar/2017:09:39:19 -0300] "GET /cormun/static/Shared/jqueryui/images/ui-icons_82798d_256x240.png HTTP/1.1" 404 1089
192.168.10.89 - - [08/Mar/2017:09:39:19 -0300] "GET /cormun/static/Shared/jqueryui/images/ui-bg_flat_55_fafafa_40x100.png HTTP/1.1" 404 1097
192.168.10.89 - - [08/Mar/2017:09:39:19 -0300] "GET /cormun/static/Shared/jqueryui/images/ui-icons_8d78a5_256x240.png HTTP/1.1" 404 1089
186.79.226.62 - - [08/Mar/2017:09:39:21 -0300] "GET /cormun/servlet/solicitudotadjuntos?1368e2a6bd1157964167c65452b3fb4d1b2c30dbf2ce2d1ba4f56658335b3a9d,gx-no-cache=1488976831776 HTTP/1.1" 200 30
186.79.226.62 - - [08/Mar/2017:09:39:21 -0300] "GET /cormun/servlet/solicitudotadjuntos?1368e2a6bd1157964167c65452b3fb4d1b2c30dbf2ce2d1ba4f56658335b3a9d,gx-no-cache=1488976831881 HTTP/1.1" 200 30
186.79.226.62 - - [08/Mar/2017:09:39:31 -0300] "POST /cormun/servlet/solicitudotadjuntos?b7a385eaa97e4ea07487642b66ec0376,INS,2017,5310,,1, HTTP/1.1" 200 116
186.79.226.62 - - [08/Mar/2017:09:39:31 -0300] "GET /cormun/servlet/hpexe_return? HTTP/1.1" 200 1023
186.79.226.62 - - [08/Mar/2017:09:39:32 -0300] "GET /cormun/servlet/trsolicitudadjuntos?2017,5310, HTTP/1.1" 200 8431
186.79.226.62 - - [08/Mar/2017:09:39:33 -0300] "GET /cormun/servlet/trsolicitudadjuntos?2017,5310, HTTP/1.1" 200 8427
186.79.226.62 - - [08/Mar/2017:09:39:36 -0300] "GET /cormun/servlet/solicitudotadjuntos?INS,2017,5310,,1, HTTP/1.1" 200 5786
186.79.226.62 - - [08/Mar/2017:09:39:37 -0300] "GET /cormun/static/about:blank HTTP/1.1" 404 1011
186.79.226.62 - - [08/Mar/2017:09:39:37 -0300] "GET /cormun/servlet/solicitudotadjuntos?INS,2017,5310,,1, HTTP/1.1" 200 5781
186.79.226.62 - - [08/Mar/2017:09:39:38 -0300] "GET /cormun/servlet/solicitudotadjuntos?1368e2a6bd1157964167c65452b3fb4d625e779f31a22633774d4bd8048ef338b30cf0f846800d3ee71d76a4c6562e33,gx-no-cache=1488976848620 HTTP/1.1" 200 30
186.79.226.62 - - [08/Mar/2017:09:39:38 -0300] "POST /cormun/servlet/solicitudotadjuntos?b7a385eaa97e4ea07487642b66ec0376,INS,2017,5310,,1,,gx-no-cache=1488976848735 HTTP/1.1" 200 3639
186.79.226.62 - - [08/Mar/2017:09:39:47 -0300] "POST /cormun/servlet/solicitudotadjuntos?gx-no-cache=1488976857740 HTTP/1.1" 200 26
186.103.159.182 - - [08/Mar/2017:09:39:48 -0300] "GET /cormun/servlet/solicitudot?d9aa7e4cabde8ac52d1d5ae28e992e6b9b2832fb29ef2a1ed24524e551e23deeb7a7f19b104632836a18333961f18916,gx-no-cache=1488976858368 HTTP/1.1" 200 30
186.103.159.182 - - [08/Mar/2017:09:39:48 -0300] "POST /cormun/servlet/solicitudot?gx-no-cache=1488976858473 HTTP/1.1" 200 240
186.103.159.182 - - [08/Mar/2017:09:39:48 -0300] "GET /cormun/servlet/solicitudot?d9aa7e4cabde8ac52d1d5ae28e992e6bb20efa9938b89f84818adbddc3c1dcf057007334cd25ac063096beace70a20147c29ee25c3075326727391ea792538116f9092ddc1bd22664b3a35f183be29049f47435789f424f5f3fcb0682a20ce12078fc1f106008ada7ddd37f08a0e564e7852bd3ffd1436414dc60647d62b17d234ea9893f1f62776f5adda572833e8c767f09d88c63d72f8400d2655dc8b5f58a66ac77f1100349d3ce3ab21811b8e60602e64462dbcad2e120a115d6aa9f10291c2017ea74d8a2fc639482ef5307c1548e2315f8ddcb91c874e3fcd92c0ed903442cf17c66ac0b9c5606a7e80fa766485c03992b38f43671a9593cc3e25db075dbd6d1262f416326272cbc1be1849de9051ca7873487d1c07b5640e10c66cd287c6f9b2438b68e957c4c068577ec67f20c054c2c8b38b9340db99edd510afa50a2bec1ab157b9a0bdbfefa2872eca4a95c700edb2769762b4d5345028b98768f10e4a18e6531f8a9f3eb16e31d2628788d3b8f519d59bf961aeeb25365cb26a,gx-no-cache=1488976858542 HTTP/1.1" 200 30
186.103.159.182 - - [08/Mar/2017:09:39:50 -0300] "POST /cormun/servlet/solicitudot?gx-no-cache=1488976861105 HTTP/1.1" 200 30
186.79.226.62 - - [08/Mar/2017:09:39:54 -0300] "GET /cormun/servlet/solicitudotadjuntos?1368e2a6bd1157964167c65452b3fb4d1b2c30dbf2ce2d1ba4f56658335b3a9d,gx-no-cache=1488976865339 HTTP/1.1" 200 30
186.79.226.62 - - [08/Mar/2017:09:39:54 -0300] "GET /cormun/servlet/solicitudotadjuntos?1368e2a6bd1157964167c65452b3fb4d1b2c30dbf2ce2d1ba4f56658335b3a9d,gx-no-cache=1488976865511 HTTP/1.1" 200 30
186.103.159.182 - - [08/Mar/2017:09:39:58 -0300] "POST /cormun/servlet/solicitudot?gx-no-cache=1488976868402 HTTP/1.1" 200 1291
186.103.159.182 - - [08/Mar/2017:09:39:58 -0300] "POST /cormun/servlet/solicitudot?gx-no-cache=1488976868508 HTTP/1.1" 200 38
192.168.10.89 - - [08/Mar/2017:09:40:05 -0300] "POST /cormun/servlet/trsolicitudgral?e5bdcae641cc92ca5da0c4fbe6cae67f,,gx-no-cache=1488980089651 HTTP/1.1" 200 115
192.168.10.89 - - [08/Mar/2017:09:40:05 -0300] "GET /cormun/servlet/solicitudotlog?INS,2017,5118,0,REC, HTTP/1.1" 200 6160
192.168.10.89 - - [08/Mar/2017:09:40:06 -0300] "GET /cormun/servlet/solicitudotlog?bff1e3884bcf3d2315845f748ac8e993224ed91ef44cffe3d90606c1c27ec4c757d128a9a19e23a253f4a5b9354013ee4823ebd21572581ccc0ec0866050a1927958de58c16813fa1e32d029a3ebe47318b34f5d8fb5b0cd76a5ea1de7306fb9af45c4939aed90d2bc65aaf036a05154652d738d820f677f72514de73d2f897ebbd411734717d432d09e9f830d6d23a118ef09bab6cce20da65831a747c77403,gx-no-cache=1488980090885 HTTP/1.1" 200 94
