186.67.172.234 - - [08/Mar/2017:15:16:40 -0300] "POST /cormun/servlet/solicitudot?gx-no-cache=1488997072505 HTTP/1.1" 200 30
186.67.172.234 - - [08/Mar/2017:15:16:40 -0300] "POST /cormun/servlet/solicitudot?gx-no-cache=1488997072766 HTTP/1.1" 200 1287
186.67.172.234 - - [08/Mar/2017:15:16:40 -0300] "POST /cormun/servlet/solicitudot?gx-no-cache=1488997072827 HTTP/1.1" 200 41
186.67.172.234 - - [08/Mar/2017:15:16:40 -0300] "POST /cormun/servlet/solicitudot?gx-no-cache=1488997072862 HTTP/1.1" 200 1275
186.67.172.234 - - [08/Mar/2017:15:16:41 -0300] "POST /cormun/servlet/solicitudot?gx-no-cache=1488997073335 HTTP/1.1" 200 1156
186.67.172.234 - - [08/Mar/2017:15:16:41 -0300] "GET /cormun/servlet/solicitudot?0ac8da1fbaf685ac8cedf7c6600e7417ff0ae260eea7ceed361d20e59673ef3f111a04df0d95d50768de4de36e9a9698cdb9fce236ee68b39515bd13fa1bd95dc3cc98ffd758a9d48d3bb46786bcb07b3f4f9e7a0ba58254ac8b159302bfca24e8657e83ce2d9c4ba06e36181ccf49fe4102ce2167cb0e367cdadc215af6acadb9743e3b4598b8da6c9372e8f1e381fd1cf7562922ca3c8ea29cbf0458442153dd788bc2eda6a0d56f8651fcfa6235e6,gx-no-cache=1488997073395 HTTP/1.1" 200 30
186.67.172.234 - - [08/Mar/2017:15:16:41 -0300] "POST /cormun/servlet/solicitudot?b870f3547e79d26278ca36e1f1bcaec5,INS,0,0,,gx-no-cache=1488997073441 HTTP/1.1" 200 11279
192.168.10.96 - - [08/Mar/2017:15:17:40 -0300] "GET /cormun/servlet/vesolicitudnombre?2017,5260,,SolicitudOTAdjuntos HTTP/1.1" 200 10157
192.168.10.96 - - [08/Mar/2017:15:17:41 -0300] "GET /cormun/servlet/vesolicitudnombre?2017,5260,,SolicitudOTAdjuntos HTTP/1.1" 200 10158
192.168.10.96 - - [08/Mar/2017:15:17:42 -0300] "POST /cormun/servlet/acontrolpreferencessavestate?None,DZAMUDIO,true HTTP/1.1" 200 35
192.168.10.96 - - [08/Mar/2017:15:17:45 -0300] "GET /cormun/servlet/trconsultaempleado? HTTP/1.1" 200 6550
192.168.10.96 - - [08/Mar/2017:15:17:45 -0300] "GET /cormun/servlet/trconsultaempleado? HTTP/1.1" 200 6532
192.168.10.96 - - [08/Mar/2017:15:17:55 -0300] "POST /cormun/servlet/trconsultaempleado?99074d6ff02798448f80a7fce202f2da,,gx-no-cache=1489000359128 HTTP/1.1" 200 4352
192.168.10.96 - - [08/Mar/2017:15:17:56 -0300] "GET /cormun/servlet/trsolicitudnombre?16885046, HTTP/1.1" 200 10778
192.168.10.96 - - [08/Mar/2017:15:17:57 -0300] "GET /cormun/servlet/trsolicitudnombre?16885046, HTTP/1.1" 200 10782
192.168.10.96 - - [08/Mar/2017:15:18:03 -0300] "GET /cormun/servlet/vesolicitudnombre?2017,5291,, HTTP/1.1" 200 8406
192.168.10.96 - - [08/Mar/2017:15:18:03 -0300] "GET /cormun/pexe_scrolldiv.js HTTP/1.1" 404 1009
192.168.10.96 - - [08/Mar/2017:15:18:03 -0300] "GET /cormun/pexe_scrolldiv.js HTTP/1.1" 404 1009
192.168.10.96 - - [08/Mar/2017:15:18:03 -0300] "GET /cormun/servlet/vesolicitudnombre?2017,5291,, HTTP/1.1" 200 8399
192.168.10.96 - - [08/Mar/2017:15:18:04 -0300] "GET /cormun/servlet/vesolicitudnombre?2017,5291,,SolicitudOTAdjuntos HTTP/1.1" 200 7347
192.168.10.96 - - [08/Mar/2017:15:18:04 -0300] "GET /cormun/pexe_scrolldiv.js HTTP/1.1" 404 1009
192.168.10.96 - - [08/Mar/2017:15:18:04 -0300] "GET /cormun/pexe_scrolldiv.js HTTP/1.1" 404 1009
192.168.10.96 - - [08/Mar/2017:15:18:05 -0300] "GET /cormun/servlet/vesolicitudnombre?2017,5291,,SolicitudOTAdjuntos HTTP/1.1" 200 7348
186.67.172.234 - - [08/Mar/2017:15:18:05 -0300] "GET /cormun/servlet/trautorizarsolicitud? HTTP/1.1" 200 6955
186.67.172.234 - - [08/Mar/2017:15:18:05 -0300] "GET /cormun/static/gxcfg.js?2017259112829 HTTP/1.1" 200 953
186.67.172.234 - - [08/Mar/2017:15:18:05 -0300] "GET /cormun/static/trautorizarsolicitud.js?2017259113483 HTTP/1.1" 200 53096
192.168.10.96 - - [08/Mar/2017:15:18:06 -0300] "POST /cormun/servlet/acontrolpreferencessavestate?None,DZAMUDIO,true HTTP/1.1" 200 35
186.67.172.234 - - [08/Mar/2017:15:18:06 -0300] "GET /cormun/servlet/trautorizarsolicitud? HTTP/1.1" 200 6949
192.168.10.96 - - [08/Mar/2017:15:18:07 -0300] "POST /cormun/servlet/vesolicitudnombre?99074d6ff02798448f80a7fce202f2da,2017,5291,,SolicitudOTAdjuntos,gx-no-cache=1489000371676 HTTP/1.1" 200 90
192.168.10.96 - - [08/Mar/2017:15:18:07 -0300] "GET /cormun/servlet/hpexe_link HTTP/1.1" 200 996
192.168.10.96 - - [08/Mar/2017:15:18:07 -0300] "GET /cormun/servlet/trsolicitudnombre?16885046, HTTP/1.1" 200 10780
192.168.10.96 - - [08/Mar/2017:15:18:08 -0300] "GET /cormun/servlet/trsolicitudnombre?16885046, HTTP/1.1" 200 10782
192.168.10.96 - - [08/Mar/2017:15:18:10 -0300] "GET /cormun/servlet/vesolicitudnombre?2017,5008,, HTTP/1.1" 200 8393
192.168.10.96 - - [08/Mar/2017:15:18:10 -0300] "GET /cormun/pexe_scrolldiv.js HTTP/1.1" 404 1009
192.168.10.96 - - [08/Mar/2017:15:18:10 -0300] "GET /cormun/pexe_scrolldiv.js HTTP/1.1" 404 1009
192.168.10.96 - - [08/Mar/2017:15:18:11 -0300] "GET /cormun/servlet/vesolicitudnombre?2017,5008,, HTTP/1.1" 200 8386
192.168.10.96 - - [08/Mar/2017:15:18:13 -0300] "GET /cormun/servlet/vesolicitudnombre?2017,5008,,SolicitudOTAdjuntos HTTP/1.1" 200 7347
192.168.10.96 - - [08/Mar/2017:15:18:13 -0300] "GET /cormun/pexe_scrolldiv.js HTTP/1.1" 404 1009
192.168.10.96 - - [08/Mar/2017:15:18:13 -0300] "GET /cormun/pexe_scrolldiv.js HTTP/1.1" 404 1009
192.168.10.96 - - [08/Mar/2017:15:18:14 -0300] "GET /cormun/servlet/vesolicitudnombre?2017,5008,,SolicitudOTAdjuntos HTTP/1.1" 200 7347
192.168.10.96 - - [08/Mar/2017:15:18:14 -0300] "POST /cormun/servlet/acontrolpreferencessavestate?None,DZAMUDIO,true HTTP/1.1" 200 35
192.168.10.96 - - [08/Mar/2017:15:18:17 -0300] "POST /cormun/servlet/vesolicitudnombre?99074d6ff02798448f80a7fce202f2da,2017,5008,,SolicitudOTAdjuntos,gx-no-cache=1489000381301 HTTP/1.1" 200 90
192.168.10.96 - - [08/Mar/2017:15:18:17 -0300] "GET /cormun/servlet/hpexe_link HTTP/1.1" 200 996
192.168.10.96 - - [08/Mar/2017:15:18:17 -0300] "GET /cormun/servlet/trsolicitudnombre?16885046, HTTP/1.1" 200 10780
192.168.10.96 - - [08/Mar/2017:15:18:18 -0300] "GET /cormun/servlet/trsolicitudnombre?16885046, HTTP/1.1" 200 10781
186.67.172.234 - - [08/Mar/2017:15:18:23 -0300] "GET /cormun/servlet/solicitudot?INS,0,0, HTTP/1.1" 200 12816
186.67.172.234 - - [08/Mar/2017:15:18:23 -0300] "GET /cormun/servlet/solicitudot?INS,0,0, HTTP/1.1" 200 12821
186.67.172.234 - - [08/Mar/2017:15:19:05 -0300] "GET /cormun/servlet/trsolicitudot? HTTP/1.1" 200 6995
186.67.172.234 - - [08/Mar/2017:15:19:06 -0300] "GET /cormun/servlet/trsolicitudot? HTTP/1.1" 200 6995
192.168.10.96 - - [08/Mar/2017:15:20:07 -0300] "GET /cormun/servlet/trconsultaempleado? HTTP/1.1" 200 6528
192.168.10.96 - - [08/Mar/2017:15:20:08 -0300] "GET /cormun/servlet/trconsultaempleado? HTTP/1.1" 200 6527
186.67.172.234 - - [08/Mar/2017:15:20:12 -0300] "POST /cormun/servlet/trsolicitudot?b870f3547e79d26278ca36e1f1bcaec5,,gx-no-cache=1488997284256 HTTP/1.1" 200 4154
192.168.10.96 - - [08/Mar/2017:15:20:16 -0300] "POST /cormun/servlet/trconsultaempleado?99074d6ff02798448f80a7fce202f2da,,gx-no-cache=1489000500016 HTTP/1.1" 200 4345
192.168.10.96 - - [08/Mar/2017:15:20:17 -0300] "GET /cormun/servlet/trsolicitudnombre?16153027, HTTP/1.1" 200 7866
192.168.10.96 - - [08/Mar/2017:15:20:17 -0300] "GET /cormun/servlet/trsolicitudnombre?16153027, HTTP/1.1" 200 7869
192.168.10.96 - - [08/Mar/2017:15:20:23 -0300] "GET /cormun/servlet/vesolicitudnombre?2017,5260,, HTTP/1.1" 200 8423
192.168.10.96 - - [08/Mar/2017:15:20:23 -0300] "GET /cormun/pexe_scrolldiv.js HTTP/1.1" 404 1009
192.168.10.96 - - [08/Mar/2017:15:20:23 -0300] "GET /cormun/pexe_scrolldiv.js HTTP/1.1" 404 1009
192.168.10.96 - - [08/Mar/2017:15:20:24 -0300] "GET /cormun/servlet/vesolicitudnombre?2017,5260,, HTTP/1.1" 200 8417
192.168.10.96 - - [08/Mar/2017:15:20:25 -0300] "GET /cormun/servlet/vesolicitudnombre?2017,5260,,SolicitudOTAdjuntos HTTP/1.1" 200 10157
192.168.10.96 - - [08/Mar/2017:15:20:25 -0300] "GET /cormun/pexe_scrolldiv.js HTTP/1.1" 404 1009
192.168.10.96 - - [08/Mar/2017:15:20:25 -0300] "GET /cormun/pexe_scrolldiv.js HTTP/1.1" 404 1009
192.168.10.96 - - [08/Mar/2017:15:20:26 -0300] "GET /cormun/servlet/vesolicitudnombre?2017,5260,,SolicitudOTAdjuntos HTTP/1.1" 200 10160
192.168.10.96 - - [08/Mar/2017:15:20:27 -0300] "POST /cormun/servlet/acontrolpreferencessavestate?None,DZAMUDIO,true HTTP/1.1" 200 35
192.168.10.96 - - [08/Mar/2017:15:20:28 -0300] "GET /cormun/PublicTempStorage/certiificado_antecedentes4332521.pdf HTTP/1.1" 200 448167
186.67.172.234 - - [08/Mar/2017:15:20:41 -0300] "POST /cormun/servlet/trsolicitudot?b870f3547e79d26278ca36e1f1bcaec5,,gx-no-cache=1488997313169 HTTP/1.1" 200 4151
186.67.172.234 - - [08/Mar/2017:15:20:45 -0300] "POST /cormun/servlet/trsolicitudot?b870f3547e79d26278ca36e1f1bcaec5,,gx-no-cache=1488997316819 HTTP/1.1" 200 103
186.67.172.234 - - [08/Mar/2017:15:20:45 -0300] "GET /cormun/SolicitudOT-2333.xls HTTP/1.1" 200 4608
186.67.172.234 - - [08/Mar/2017:15:22:35 -0300] "GET /cormun/servlet/trvisualizadoreventos? HTTP/1.1" 200 6756
186.67.172.234 - - [08/Mar/2017:15:22:35 -0300] "GET /cormun/static/gxcfg.js?2016101716203350 HTTP/1.1" 200 953
186.67.172.234 - - [08/Mar/2017:15:22:35 -0300] "GET /cormun/static/trvisualizadoreventos.js?2016101716203614 HTTP/1.1" 200 19309
186.67.172.234 - - [08/Mar/2017:15:22:35 -0300] "GET /cormun/static/Resources/PXToolsActionPrint.png HTTP/1.1" 200 3317
186.67.172.234 - - [08/Mar/2017:15:22:35 -0300] "GET /cormun/servlet/trvisualizadoreventos? HTTP/1.1" 200 6758
186.67.172.234 - - [08/Mar/2017:15:22:38 -0300] "POST /cormun/servlet/trvisualizadoreventos?b870f3547e79d26278ca36e1f1bcaec5,,gx-no-cache=1488997430286 HTTP/1.1" 200 111
186.67.172.234 - - [08/Mar/2017:15:22:38 -0300] "GET /cormun/VisualizadorEventos-5296.xls HTTP/1.1" 200 4096
186.103.159.182 - - [08/Mar/2017:15:23:09 -0300] "GET /cormun/servlet/solicitudot?INS,0,0, HTTP/1.1" 200 12818
186.103.159.182 - - [08/Mar/2017:15:23:11 -0300] "GET /cormun/servlet/solicitudot?INS,0,0, HTTP/1.1" 200 12823
192.168.10.89 - - [08/Mar/2017:15:25:01 -0300] "POST /cormun/servlet/trsolicitudgral?639b76e1ce02495238f8bbd1b4870a1c,,gx-no-cache=1489000785330 HTTP/1.1" 200 6675
192.168.10.89 - - [08/Mar/2017:15:28:38 -0300] "POST /cormun/servlet/trsolicitudgral?639b76e1ce02495238f8bbd1b4870a1c,,gx-no-cache=1489001001927 HTTP/1.1" 200 10959
192.168.10.89 - - [08/Mar/2017:15:28:48 -0300] "GET /cormun/servlet/solicitudgral?UPD,2017,5158, HTTP/1.1" 200 12184
192.168.10.89 - - [08/Mar/2017:15:28:50 -0300] "POST /cormun/servlet/solicitudgral?gx-no-cache=1489001014114 HTTP/1.1" 200 3163
192.168.10.89 - - [08/Mar/2017:15:28:50 -0300] "GET /cormun/servlet/solicitudgral?9623bb50ed9de26d8d79b461ab5b5b813cbfa5c87e5fde5b164551fc0c4abe62930f2e673ca051c03f036d0c7ecc9184b60eae3b1cccd629c61c0dd4f7594f1840e148ebef58dcfc91caff00309f0f6a23e1f30a8a4363e4b0aeb1c6e32559ea3fced6ad5ba5154eca077b12c3f45f4395cf20916ddc054d23afe235aff9c28d40625c1ce438db7161937c9c86aab55453c1fcc0e96ce9ecdffc015650e3e2ab2141ed02baf2657bfd7ff7cc16f99f48ca239ff918f1d594520df962dd4e682f8fca6068d228f2525b6209b5303a6ce4f8acdc7ed7c8946c9cf184e2903b871585a5c4ffdf6a0b631634d2cb7a7b3e4c7ee70cd7a9252b0d96f2f21da639a866880c4664b75f9e934c14cd981a25fa7754476ea9db664896e6e2c83b2eeee3313b59b8c4a71211daaf92a3cea70de888387de64acb3c2d56db83729bff56f53d2a2ee5f06404c94c3e6de9dc1b1f386b,gx-no-cache=1489001014334 HTTP/1.1" 200 298
192.168.10.89 - - [08/Mar/2017:15:28:53 -0300] "POST /cormun/servlet/solicitudgral?639b76e1ce02495238f8bbd1b4870a1c,UPD,2017,5158,,gx-no-cache=1489001017541 HTTP/1.1" 200 93
192.168.10.89 - - [08/Mar/2017:15:28:53 -0300] "GET /cormun/servlet/hpexe_return? HTTP/1.1" 200 1012
192.168.10.89 - - [08/Mar/2017:15:28:54 -0300] "GET /cormun/servlet/trsolicitudgral? HTTP/1.1" 200 14333
192.168.10.89 - - [08/Mar/2017:15:29:00 -0300] "POST /cormun/servlet/trsolicitudgral?639b76e1ce02495238f8bbd1b4870a1c,,gx-no-cache=1489001024444 HTTP/1.1" 200 6705
192.168.10.89 - - [08/Mar/2017:15:29:05 -0300] "GET /cormun/servlet/solicitudgral?UPD,2017,5242, HTTP/1.1" 200 12155
192.168.10.89 - - [08/Mar/2017:15:29:06 -0300] "POST /cormun/servlet/solicitudgral?gx-no-cache=1489001030736 HTTP/1.1" 200 3151
192.168.10.89 - - [08/Mar/2017:15:29:06 -0300] "GET /cormun/servlet/solicitudgral?9623bb50ed9de26d8d79b461ab5b5b813cbfa5c87e5fde5b164551fc0c4abe62930f2e673ca051c03f036d0c7ecc9184b60eae3b1cccd629c61c0dd4f7594f1840e148ebef58dcfc91caff00309f0f6a23e1f30a8a4363e4b0aeb1c6e32559ea3fced6ad5ba5154eca077b12c3f45f4395cf20916ddc054d23afe235aff9c28d40625c1ce438db7161937c9c86aab55453c1fcc0e96ce9ecdffc015650e3e2ab2141ed02baf2657bfd7ff7cc16f99f48ca239ff918f1d594520df962dd4e682f8fca6068d228f2525b6209b5303a6ce4f8acdc7ed7c8946c9cf184e2903b871585a5c4ffdf6a0b631634d2cb7a7b3e4c7ee70cd7a9252b0d96f2f21da639a866880c4664b75f9e934c14cd981a25fa7754476ea9db664896e6e2c83b2eeee3313b59b8c4a71211daaf92a3cea70de888387de64acb3c2d56db83729bff56f53d2a2ee5f06404c94c3e6de9dc1b1f386b,gx-no-cache=1489001030906 HTTP/1.1" 200 298
192.168.10.89 - - [08/Mar/2017:15:29:08 -0300] "GET /cormun/servlet/solicitudgral?9623bb50ed9de26d8d79b461ab5b5b817f8ac39c9dfc5369bc4154df6caf751bac5ca9b817f8d7183c30e4aa47e95199372fec5c482935fd250a6b5569e7494cd6df0b77d08ba6a2d14595689641f38c77fd071c75ab744c41234a59f967b0e7c10d666db7fa8189580168f8196491622a9b133e361fbd8d573c4864b547beb50bc498edb6881a17f5b327f895b127fa0a4a93ba803e274865b5811ddc9f5b7e5977e2d929aa325a18818ec155bb85748fca6068d228f2525b6209b5303a6ce4980614a1cfbda3b352b991d2517e8c77bb80a539390749c91e29eb1a65b48aeee1bef8107884b2ea541528b1501f3a023ddbcb0850762671db3ff7296bef9a3a086f793f5f07597777c3c559fbab9c83540ecece814e84a7816218251e310c34673bf1dc39df56f45f0f422f68c742ea29bfba2c88e80644f0ec5e873eacf35b60b6387357f1831eb0c1b1a71f0d720aad5eef1109028cca4f36e5ec869a4eeac7a138b2a59019fcae3cc3b9c0b832eeb682fce9fff3a78c1f4339b2e4106ea6e41358939151cc6868b88d4d231bb1985ef4757b92799df9113021618677652a2ee7de6743cefacbfe839a27dc8e711c9d5d2539327074a5e7d76ec7bb33fa74462774c322e1579119e08325e2fef9d82d1214c930467801b27c06b5e4d2fe10cacf42798292e7971734cb0920194ff75ef4757b92799df9113021618677652ab1be05bb1d3fe13222b3b23d22eb2b88d20d109e235d8c2e41d009171b0afaa72b1845c934cdf8f302e1b72cad3ac996,gx-no-cache=1489001031984 HTTP/1.1" 200 48
192.168.10.89 - - [08/Mar/2017:15:29:12 -0300] "POST /cormun/servlet/solicitudgral?639b76e1ce02495238f8bbd1b4870a1c,UPD,2017,5242,,gx-no-cache=1489001036801 HTTP/1.1" 200 10569
192.168.10.89 - - [08/Mar/2017:15:29:13 -0300] "GET /cormun/servlet/solicitudgral?9623bb50ed9de26d8d79b461ab5b5b81d9eae52969e4546c2cc3418ad43c04ccbbd000495f35cc59581e57b4570f626ae2754a971cad34230a449275d4c0ac27c212dfc1bf8fa527bccd196599b69857055adc9cdb701da2dfb8df54a9e17d6727442a1e2a4d7214f59863926c7730ad,gx-no-cache=1489001037073 HTTP/1.1" 200 29
192.168.10.89 - - [08/Mar/2017:15:29:13 -0300] "POST /cormun/servlet/solicitudgral?gx-no-cache=1489001037096 HTTP/1.1" 200 1250
192.168.10.89 - - [08/Mar/2017:15:29:13 -0300] "POST /cormun/servlet/solicitudgral?gx-no-cache=1489001037133 HTTP/1.1" 200 1153
192.168.10.89 - - [08/Mar/2017:15:29:13 -0300] "POST /cormun/servlet/solicitudgral?639b76e1ce02495238f8bbd1b4870a1c,UPD,2017,5242,,gx-no-cache=1489001037172 HTTP/1.1" 200 93
192.168.10.89 - - [08/Mar/2017:15:29:13 -0300] "GET /cormun/servlet/hpexe_return? HTTP/1.1" 200 1013
192.168.10.89 - - [08/Mar/2017:15:29:14 -0300] "GET /cormun/servlet/trsolicitudgral? HTTP/1.1" 200 9983
192.168.10.89 - - [08/Mar/2017:15:29:19 -0300] "POST /cormun/servlet/trsolicitudgral?639b76e1ce02495238f8bbd1b4870a1c,,gx-no-cache=1489001043551 HTTP/1.1" 200 6704
192.168.10.89 - - [08/Mar/2017:15:29:34 -0300] "POST /cormun/servlet/trsolicitudgral?639b76e1ce02495238f8bbd1b4870a1c,,gx-no-cache=1489001058036 HTTP/1.1" 200 15254
186.103.159.182 - - [08/Mar/2017:15:30:55 -0300] "POST /cormun/servlet/solicitudot?gx-no-cache=1488997924449 HTTP/1.1" 200 3081
186.103.159.182 - - [08/Mar/2017:15:30:56 -0300] "POST /cormun/servlet/solicitudot?80f83fc2302a8c655d612eb9e692d8bf,INS,0,0,,gx-no-cache=1488997925234 HTTP/1.1" 200 9858
186.103.159.182 - - [08/Mar/2017:15:31:00 -0300] "GET /cormun/servlet/solicitudot?a6e6ae8c329ce263a62a936b4c885355a1edd65fe39df3951e0a424969ba44b85b1231aa06f458423f0d1ee68007f067,gx-no-cache=1488997929383 HTTP/1.1" 200 30
186.79.146.0 - - [08/Mar/2017:15:33:15 -0300] "GET /cormun/servlet/hlogin HTTP/1.1" 200 1720
186.79.146.0 - - [08/Mar/2017:15:33:25 -0300] "POST /cormun/servlet/hlogin?cdfe970e4bf1b68121b10cdafbe245a2,gx-no-cache=1488997936615 HTTP/1.1" 200 90
186.79.146.0 - - [08/Mar/2017:15:33:25 -0300] "GET /cormun/servlet/hpexe_link HTTP/1.1" 200 957
186.79.146.0 - - [08/Mar/2017:15:33:25 -0300] "GET /cormun/servlet/hhome HTTP/1.1" 200 3788
186.79.146.0 - - [08/Mar/2017:15:33:27 -0300] "GET /cormun/servlet/hhome HTTP/1.1" 200 3785
186.79.146.0 - - [08/Mar/2017:15:33:32 -0300] "GET /cormun/servlet/trlicencias? HTTP/1.1" 200 6628
186.79.146.0 - - [08/Mar/2017:15:33:32 -0300] "GET /cormun/static/gxcfg.js?2016122619301429 HTTP/1.1" 304 -
186.79.146.0 - - [08/Mar/2017:15:33:32 -0300] "GET /cormun/static/trlicencias.js?2016122619301919 HTTP/1.1" 304 -
186.79.146.0 - - [08/Mar/2017:15:33:33 -0300] "GET /cormun/servlet/trlicencias? HTTP/1.1" 200 6626
186.79.146.0 - - [08/Mar/2017:15:33:36 -0300] "GET /cormun/servlet/licenciaspermisos?INS,0,,, HTTP/1.1" 200 7139
186.79.146.0 - - [08/Mar/2017:15:33:36 -0300] "GET /cormun/static/gxcfg.js?2016122619301043 HTTP/1.1" 304 -
186.79.146.0 - - [08/Mar/2017:15:33:36 -0300] "GET /cormun/static/licenciaspermisos.js?2016122619301096 HTTP/1.1" 304 -
186.79.146.0 - - [08/Mar/2017:15:33:38 -0300] "GET /cormun/servlet/licenciaspermisos?INS,0,,, HTTP/1.1" 200 7139
186.79.247.60 - - [08/Mar/2017:15:33:42 -0300] "GET /cormun/servlet/solicitudot?d3b99f694492ef6554a02b92675585253798eb6d72f9e1fbe67a5a11a65dbf3b21f439a4641231a99d85d765e7cc5c39c0fc32ca771be35ed11d419abc1fda31a03561b39bdca77e12de6b58758a5e6a9cd206127788678254b1ad358818b06d3489ab3bba31020f23c9e00003fc7670c1af7fb8fd121ad2785975ae848779990186fb5ec16c94aed490feb3b22d35a598da4ea31f61145766f81b41f1e47aec9d2177e10b6881b4df8ab84f0c48097f,gx-no-cache=1488998093205 HTTP/1.1" 200 30
186.79.247.60 - - [08/Mar/2017:15:33:43 -0300] "POST /cormun/servlet/solicitudot?a74348d8eb90402d22dd5805ec5b2a94,INS,0,0,,gx-no-cache=1488998093430 HTTP/1.1" 200 93
186.79.247.60 - - [08/Mar/2017:15:33:43 -0300] "GET /cormun/servlet/hpexe_return? HTTP/1.1" 200 1008
186.79.247.60 - - [08/Mar/2017:15:33:43 -0300] "GET /cormun/servlet/trsolicitudot? HTTP/1.1" 200 7963
186.79.247.60 - - [08/Mar/2017:15:33:45 -0300] "GET /cormun/servlet/trsolicitudot? HTTP/1.1" 200 7959
186.79.146.0 - - [08/Mar/2017:15:33:47 -0300] "GET /cormun/servlet/prfichaempleado?,MD,,gxPopupLevel%3D0%3B HTTP/1.1" 200 8837
186.103.159.182 - - [08/Mar/2017:15:34:23 -0300] "POST /cormun/servlet/solicitudot?gx-no-cache=1488998133066 HTTP/1.1" 200 297
186.103.159.182 - - [08/Mar/2017:15:34:24 -0300] "GET /cormun/servlet/solicitudot?a6e6ae8c329ce263a62a936b4c8853558e56d51fafaec6a5a977767be494d88c5f46d82174af0a08bdfc268a5a194984a1df10433860fa4d2b7b0b4202989796b70e09bbb9f43d7cc210fd2e893b6d195e567bc517bcee5474d6dd292073097df35dc649c84921f6b7e281f7b6cc9aeeabe8731011367f986de551036b50f4ec60effd047de093b3212abf3aca07bd0d06ca74b378ec9008929e9ca9e5e4a6cd8fe9455c952018ab8eb359860a5dcfc99792673f6416ae592ceb9604fff91118a8f20c21a18a2fe8fa1fd645cf9fbdb5560b607c43a6632aaf0b2857bfb4f272a09886bc83151827a9018e3b52fa5244bd3e0e5c305de26a3f13e1e68aab4bab56d7dcd76ac6639bfe62e4b5c2e831b61f1245d090dfd5f8c0efe2abf506e311c9ec0ecf1712f0eaee7aae2d9374224ec354b0bd9c1caee9b09930d99dd832bb36b558f14f22586118057b761487799544acfc8802aeb6e4c52474856583b1836e507d096e4c17c5e06b69db7bae02d118a7ab014a35088cd57d28bb8c6158e65c51e9b2fb62f254b2db6554a0815bd2,gx-no-cache=1488998133182 HTTP/1.1" 200 30
186.103.159.182 - - [08/Mar/2017:15:34:27 -0300] "POST /cormun/servlet/solicitudot?gx-no-cache=1488998136275 HTTP/1.1" 200 30
186.103.159.182 - - [08/Mar/2017:15:34:29 -0300] "POST /cormun/servlet/solicitudot?gx-no-cache=1488998139154 HTTP/1.1" 200 235
186.103.159.182 - - [08/Mar/2017:15:34:29 -0300] "POST /cormun/servlet/solicitudot?gx-no-cache=1488998139255 HTTP/1.1" 200 38
186.103.248.213 - - [08/Mar/2017:15:34:42 -0300] "POST /cormun/servlet/trsolicitudot?033e4ed0d9f2b75b30f1a1ee071bb3b6,,gx-no-cache=1488998151725 HTTP/1.1" 440 972
186.103.159.182 - - [08/Mar/2017:15:34:46 -0300] "GET /cormun/servlet/solicitudot?a6e6ae8c329ce263a62a936b4c885355190b2cfff0d22b4f6cd7924f225e199f1fc988d43ec6b0e7321937a0ba343d0d8b217639f535f7aea79f35e85d0c0e534b9b8315c47ad85adaebfdeb25e3f22d980f6ce6955ff8e39c8f869e76b660d92aa47ba7f6ab2a4389e056c40ba4847c,gx-no-cache=1488998155853 HTTP/1.1" 200 29
186.103.159.182 - - [08/Mar/2017:15:34:46 -0300] "POST /cormun/servlet/solicitudot?gx-no-cache=1488998155919 HTTP/1.1" 200 643
186.103.159.182 - - [08/Mar/2017:15:34:47 -0300] "POST /cormun/servlet/solicitudot?gx-no-cache=1488998157037 HTTP/1.1" 200 1157
186.103.159.182 - - [08/Mar/2017:15:34:58 -0300] "GET /cormun/static/menuarrow.gif HTTP/1.1" 404 1015
186.79.247.60 - - [08/Mar/2017:15:35:09 -0300] "POST /cormun/servlet/trsolicitudot?a74348d8eb90402d22dd5805ec5b2a94,,gx-no-cache=1488998180274 HTTP/1.1" 200 106
186.79.247.60 - - [08/Mar/2017:15:35:10 -0300] "GET /cormun/servlet/trsolicitudadjuntos?2017,5350, HTTP/1.1" 200 5840
186.79.247.60 - - [08/Mar/2017:15:35:11 -0300] "GET /cormun/servlet/trsolicitudadjuntos?2017,5350, HTTP/1.1" 200 5839
186.103.159.182 - - [08/Mar/2017:15:35:16 -0300] "GET /cormun/servlet/solicitudot?a6e6ae8c329ce263a62a936b4c885355e787e4949631347af5015a6bd7543e5386076e3be534ef447706f5589873e50c17bb4ef280acb188989f4e6c500f000c2f814ddf56130232913b27df1ea2217c9ef8f47c6f40753e769fbb47ea2b95a1e709ae4dc3ddb5fcfa0fec7a010c790f3225dd053e1de6619f9000ede22e4fcfb41db319fa31581293437a59682fe5c19d91768d7bdcef3a31b464a3b89f3e352073a15886a564a154fcefa80b93ebe2,gx-no-cache=1488998185256 HTTP/1.1" 200 30
186.79.247.60 - - [08/Mar/2017:15:35:26 -0300] "GET /cormun/servlet/solicitudotadjuntos?INS,2017,5350,,2, HTTP/1.1" 200 5770
186.79.247.60 - - [08/Mar/2017:15:35:27 -0300] "GET /cormun/static/solicitudotadjuntos.js?201612218465969 HTTP/1.1" 304 -
186.79.247.60 - - [08/Mar/2017:15:35:27 -0300] "GET /cormun/static/about:blank HTTP/1.1" 404 1011
186.79.247.60 - - [08/Mar/2017:15:35:28 -0300] "GET /cormun/servlet/solicitudotadjuntos?INS,2017,5350,,2, HTTP/1.1" 200 5764
186.79.247.60 - - [08/Mar/2017:15:35:28 -0300] "GET /cormun/servlet/solicitudotadjuntos?d3b99f694492ef6554a02b9267558525ea57277e59e24a0f5f438dae711a953f85a17f0c354c4f2087c9f2af15ef793b,gx-no-cache=1488998199428 HTTP/1.1" 200 30
186.79.247.60 - - [08/Mar/2017:15:35:29 -0300] "POST /cormun/servlet/solicitudotadjuntos?a74348d8eb90402d22dd5805ec5b2a94,INS,2017,5350,,2,,gx-no-cache=1488998199560 HTTP/1.1" 200 3853
186.103.159.182 - - [08/Mar/2017:15:35:32 -0300] "POST /cormun/servlet/solicitudot?80f83fc2302a8c655d612eb9e692d8bf,INS,0,0,,gx-no-cache=1488998201349 HTTP/1.1" 200 93
186.103.159.182 - - [08/Mar/2017:15:35:32 -0300] "GET /cormun/servlet/hpexe_return? HTTP/1.1" 200 1005
186.103.159.182 - - [08/Mar/2017:15:35:32 -0300] "GET /cormun/servlet/trsolicitudot HTTP/1.1" 200 8721
186.103.159.182 - - [08/Mar/2017:15:35:34 -0300] "GET /cormun/servlet/trsolicitudot HTTP/1.1" 200 8717
186.79.247.60 - - [08/Mar/2017:15:35:42 -0300] "POST /cormun/servlet/solicitudotadjuntos?gx-no-cache=1488998213261 HTTP/1.1" 200 26
186.103.159.182 - - [08/Mar/2017:15:35:55 -0300] "GET /cormun/servlet/solicitudot?INS,0,0, HTTP/1.1" 200 12820
186.103.159.182 - - [08/Mar/2017:15:35:57 -0300] "GET /cormun/servlet/solicitudot?INS,0,0, HTTP/1.1" 200 12825
186.79.247.60 - - [08/Mar/2017:15:36:27 -0300] "POST /cormun/servlet/solicitudotadjuntos?gx-no-cache=1488998258074 HTTP/1.1" 200 26
186.79.247.60 - - [08/Mar/2017:15:36:44 -0300] "GET /cormun/servlet/solicitudotadjuntos?d3b99f694492ef6554a02b92675585255c8b79edbf3257ed6a31c2117ce64783,gx-no-cache=1488998275344 HTTP/1.1" 200 30
186.79.247.60 - - [08/Mar/2017:15:36:44 -0300] "GET /cormun/servlet/solicitudotadjuntos?d3b99f694492ef6554a02b92675585255c8b79edbf3257ed6a31c2117ce64783,gx-no-cache=1488998275419 HTTP/1.1" 200 30
186.79.247.60 - - [08/Mar/2017:15:36:58 -0300] "POST /cormun/servlet/solicitudotadjuntos?a74348d8eb90402d22dd5805ec5b2a94,INS,2017,5350,,2, HTTP/1.1" 200 116
186.79.247.60 - - [08/Mar/2017:15:36:58 -0300] "GET /cormun/servlet/hpexe_return? HTTP/1.1" 200 1027
186.79.247.60 - - [08/Mar/2017:15:36:59 -0300] "GET /cormun/servlet/trsolicitudadjuntos?2017,5350, HTTP/1.1" 200 7912
186.79.247.60 - - [08/Mar/2017:15:37:01 -0300] "GET /cormun/servlet/trsolicitudadjuntos?2017,5350, HTTP/1.1" 200 7909
186.103.159.182 - - [08/Mar/2017:15:37:26 -0300] "POST /cormun/servlet/solicitudot?gx-no-cache=1488998315109 HTTP/1.1" 200 3081
186.103.159.182 - - [08/Mar/2017:15:37:26 -0300] "POST /cormun/servlet/solicitudot?80f83fc2302a8c655d612eb9e692d8bf,INS,0,0,,gx-no-cache=1488998315448 HTTP/1.1" 200 9863
186.103.159.182 - - [08/Mar/2017:15:37:28 -0300] "GET /cormun/servlet/solicitudot?a6e6ae8c329ce263a62a936b4c8853554b63b2c64629941b15a72970e31b8b0d5b1231aa06f458423f0d1ee68007f067,gx-no-cache=1488998317539 HTTP/1.1" 200 30
192.168.10.62 - - [08/Mar/2017:15:37:33 -0300] "POST /cormun/servlet/trsolicitudgral?50760ac574a70615b32c099db9b2dc3c,,gx-no-cache=1489001537143 HTTP/1.1" 200 9624
192.168.10.62 - - [08/Mar/2017:15:38:47 -0300] "POST /cormun/servlet/trsolicitudgral?50760ac574a70615b32c099db9b2dc3c,,gx-no-cache=1489001610962 HTTP/1.1" 200 7873
186.103.159.182 - - [08/Mar/2017:15:39:16 -0300] "POST /cormun/servlet/solicitudot?gx-no-cache=1488998425532 HTTP/1.1" 200 297
186.103.159.182 - - [08/Mar/2017:15:39:16 -0300] "GET /cormun/servlet/solicitudot?a6e6ae8c329ce263a62a936b4c8853558e56d51fafaec6a5a977767be494d88c5f46d82174af0a08bdfc268a5a194984a1df10433860fa4d2b7b0b4202989796b70e09bbb9f43d7cc210fd2e893b6d195e567bc517bcee5474d6dd292073097df35dc649c84921f6b7e281f7b6cc9aeeabe8731011367f986de551036b50f4ec60effd047de093b3212abf3aca07bd0d06ca74b378ec9008929e9ca9e5e4a6cd8fe9455c952018ab8eb359860a5dcfc99792673f6416ae592ceb9604fff91118a8f20c21a18a2fe8fa1fd645cf9fbdb5560b607c43a6632aaf0b2857bfb4f272a09886bc83151827a9018e3b52fa5244bd3e0e5c305de26a3f13e1e68aab4bab56d7dcd76ac6639bfe62e4b5c2e831b61f1245d090dfd5f8c0efe2abf506e311c9ec0ecf1712f0eaee7aae2d9374224ec354b0bd9c1caee9b09930d99dd832bb36b558f14f22586118057b761487799544acfc8802aeb6e4c52474856583b1836e507d096e4c17c5e06b69db7bae02d118a7ab014a35088cd57d28bb8c6158e65c51e9b2fb62f254b2db6554a0815bd2,gx-no-cache=1488998425676 HTTP/1.1" 200 30
186.103.159.182 - - [08/Mar/2017:15:39:19 -0300] "POST /cormun/servlet/solicitudot?gx-no-cache=1488998428277 HTTP/1.1" 200 30
186.103.159.182 - - [08/Mar/2017:15:39:21 -0300] "POST /cormun/servlet/solicitudot?gx-no-cache=1488998430796 HTTP/1.1" 200 235
186.103.159.182 - - [08/Mar/2017:15:39:21 -0300] "POST /cormun/servlet/solicitudot?gx-no-cache=1488998430912 HTTP/1.1" 200 38
186.103.159.182 - - [08/Mar/2017:15:39:43 -0300] "GET /cormun/servlet/solicitudot?a6e6ae8c329ce263a62a936b4c885355190b2cfff0d22b4f6cd7924f225e199f1fc988d43ec6b0e7321937a0ba343d0d8b217639f535f7aea79f35e85d0c0e534b9b8315c47ad85adaebfdeb25e3f22d980f6ce6955ff8e39c8f869e76b660d92aa47ba7f6ab2a4389e056c40ba4847c,gx-no-cache=1488998452340 HTTP/1.1" 200 29
186.103.159.182 - - [08/Mar/2017:15:39:43 -0300] "POST /cormun/servlet/solicitudot?gx-no-cache=1488998452401 HTTP/1.1" 200 643
186.103.159.182 - - [08/Mar/2017:15:39:44 -0300] "POST /cormun/servlet/solicitudot?gx-no-cache=1488998453832 HTTP/1.1" 200 1157
186.103.159.182 - - [08/Mar/2017:15:39:52 -0300] "GET /cormun/static/menuarrow.gif HTTP/1.1" 404 1015
186.103.159.182 - - [08/Mar/2017:15:40:08 -0300] "GET /cormun/servlet/solicitudot?a6e6ae8c329ce263a62a936b4c8853557ac7c03f47952ef3a23f5e993dac501b9a6bed308640d8f3ecf8cabca80c6cbc17bb4ef280acb188989f4e6c500f000c2f814ddf56130232913b27df1ea2217c9ef8f47c6f40753e769fbb47ea2b95a1e709ae4dc3ddb5fcfa0fec7a010c790f3225dd053e1de6619f9000ede22e4fcfb41db319fa31581293437a59682fe5c19d91768d7bdcef3a31b464a3b89f3e352073a15886a564a154fcefa80b93ebe2,gx-no-cache=1488998477684 HTTP/1.1" 200 30
186.103.159.182 - - [08/Mar/2017:15:40:24 -0300] "POST /cormun/servlet/solicitudot?80f83fc2302a8c655d612eb9e692d8bf,INS,0,0,,gx-no-cache=1488998493176 HTTP/1.1" 200 93
186.103.159.182 - - [08/Mar/2017:15:40:24 -0300] "GET /cormun/servlet/hpexe_return? HTTP/1.1" 200 1005
186.103.159.182 - - [08/Mar/2017:15:40:25 -0300] "GET /cormun/servlet/trsolicitudot HTTP/1.1" 200 9050
186.103.159.182 - - [08/Mar/2017:15:40:26 -0300] "GET /cormun/servlet/trsolicitudot HTTP/1.1" 200 9046
186.103.159.182 - - [08/Mar/2017:15:40:59 -0300] "POST /cormun/servlet/trsolicitudot?80f83fc2302a8c655d612eb9e692d8bf,gx-no-cache=1488998528714 HTTP/1.1" 200 106
186.103.159.182 - - [08/Mar/2017:15:41:00 -0300] "GET /cormun/servlet/trsolicitudadjuntos?2017,5351, HTTP/1.1" 200 6119
186.103.159.182 - - [08/Mar/2017:15:41:01 -0300] "GET /cormun/servlet/trsolicitudadjuntos?2017,5351, HTTP/1.1" 200 6119
186.103.159.182 - - [08/Mar/2017:15:41:04 -0300] "GET /cormun/servlet/solicitudotadjuntos?INS,2017,5351,,1, HTTP/1.1" 200 6051
186.103.159.182 - - [08/Mar/2017:15:41:04 -0300] "GET /cormun/static/about:blank HTTP/1.1" 404 1011
186.103.159.182 - - [08/Mar/2017:15:41:05 -0300] "GET /cormun/servlet/solicitudotadjuntos?INS,2017,5351,,1, HTTP/1.1" 200 6044
186.103.159.182 - - [08/Mar/2017:15:41:06 -0300] "GET /cormun/servlet/solicitudotadjuntos?a6e6ae8c329ce263a62a936b4c8853552d4a0fd38e8c31fd6f186298b306ebd453494facbafd6bf9877e0679eefc1690,gx-no-cache=1488998535228 HTTP/1.1" 200 30
186.103.159.182 - - [08/Mar/2017:15:41:06 -0300] "POST /cormun/servlet/solicitudotadjuntos?80f83fc2302a8c655d612eb9e692d8bf,INS,2017,5351,,1,,gx-no-cache=1488998535317 HTTP/1.1" 200 3821
186.103.159.182 - - [08/Mar/2017:15:41:10 -0300] "POST /cormun/servlet/solicitudotadjuntos?gx-no-cache=1488998539744 HTTP/1.1" 200 26
186.103.159.182 - - [08/Mar/2017:15:41:41 -0300] "GET /cormun/servlet/solicitudotadjuntos?a6e6ae8c329ce263a62a936b4c88535588bd1f4cc58f0782bb3056bbf3ba9464,gx-no-cache=1488998570755 HTTP/1.1" 200 30
186.103.159.182 - - [08/Mar/2017:15:41:41 -0300] "GET /cormun/servlet/solicitudotadjuntos?a6e6ae8c329ce263a62a936b4c88535588bd1f4cc58f0782bb3056bbf3ba9464,gx-no-cache=1488998570870 HTTP/1.1" 200 30
186.103.159.182 - - [08/Mar/2017:15:41:46 -0300] "POST /cormun/servlet/solicitudotadjuntos?80f83fc2302a8c655d612eb9e692d8bf,INS,2017,5351,,1, HTTP/1.1" 200 116
186.103.159.182 - - [08/Mar/2017:15:41:47 -0300] "GET /cormun/servlet/hpexe_return? HTTP/1.1" 200 1023
186.103.159.182 - - [08/Mar/2017:15:41:47 -0300] "GET /cormun/servlet/trsolicitudadjuntos?2017,5351, HTTP/1.1" 200 8240
186.103.159.182 - - [08/Mar/2017:15:41:48 -0300] "GET /cormun/servlet/trsolicitudadjuntos?2017,5351, HTTP/1.1" 200 8237
192.168.10.89 - - [08/Mar/2017:15:41:51 -0300] "POST /cormun/servlet/trsolicitudgral?639b76e1ce02495238f8bbd1b4870a1c,,gx-no-cache=1489001794855 HTTP/1.1" 200 9447
186.103.159.182 - - [08/Mar/2017:15:41:51 -0300] "GET /cormun/servlet/solicitudotadjuntos?INS,2017,5351,,1, HTTP/1.1" 200 6052
186.103.159.182 - - [08/Mar/2017:15:41:51 -0300] "GET /cormun/static/about:blank HTTP/1.1" 404 1011
186.103.159.182 - - [08/Mar/2017:15:41:52 -0300] "GET /cormun/servlet/solicitudotadjuntos?INS,2017,5351,,1, HTTP/1.1" 200 6044
186.103.159.182 - - [08/Mar/2017:15:41:53 -0300] "GET /cormun/servlet/solicitudotadjuntos?a6e6ae8c329ce263a62a936b4c8853552d4a0fd38e8c31fd6f186298b306ebd453494facbafd6bf9877e0679eefc1690,gx-no-cache=1488998582478 HTTP/1.1" 200 30
186.103.159.182 - - [08/Mar/2017:15:41:53 -0300] "POST /cormun/servlet/solicitudotadjuntos?80f83fc2302a8c655d612eb9e692d8bf,INS,2017,5351,,1,,gx-no-cache=1488998582530 HTTP/1.1" 200 3821
186.103.159.182 - - [08/Mar/2017:15:41:56 -0300] "POST /cormun/servlet/solicitudotadjuntos?gx-no-cache=1488998586158 HTTP/1.1" 200 26
186.103.159.182 - - [08/Mar/2017:15:42:12 -0300] "GET /cormun/servlet/solicitudotadjuntos?a6e6ae8c329ce263a62a936b4c88535588bd1f4cc58f0782bb3056bbf3ba9464,gx-no-cache=1488998601713 HTTP/1.1" 200 30
186.103.159.182 - - [08/Mar/2017:15:42:12 -0300] "GET /cormun/servlet/solicitudotadjuntos?a6e6ae8c329ce263a62a936b4c88535588bd1f4cc58f0782bb3056bbf3ba9464,gx-no-cache=1488998601766 HTTP/1.1" 200 30
186.103.159.182 - - [08/Mar/2017:15:42:15 -0300] "POST /cormun/servlet/solicitudotadjuntos?80f83fc2302a8c655d612eb9e692d8bf,INS,2017,5351,,1, HTTP/1.1" 200 116
186.103.159.182 - - [08/Mar/2017:15:42:15 -0300] "GET /cormun/servlet/hpexe_return? HTTP/1.1" 200 1023
186.103.159.182 - - [08/Mar/2017:15:42:15 -0300] "GET /cormun/servlet/trsolicitudadjuntos?2017,5351, HTTP/1.1" 200 8413
186.103.159.182 - - [08/Mar/2017:15:42:17 -0300] "GET /cormun/servlet/trsolicitudadjuntos?2017,5351, HTTP/1.1" 200 8412
186.103.159.182 - - [08/Mar/2017:15:42:33 -0300] "GET /cormun/servlet/solicitudotadjuntos?INS,2017,5351,,1, HTTP/1.1" 200 6052
186.103.159.182 - - [08/Mar/2017:15:42:33 -0300] "GET /cormun/static/about:blank HTTP/1.1" 404 1011
186.103.159.182 - - [08/Mar/2017:15:42:34 -0300] "GET /cormun/servlet/solicitudotadjuntos?INS,2017,5351,,1, HTTP/1.1" 200 6044
186.103.158.250 - - [08/Mar/2017:15:42:35 -0300] "GET /cormun/servlet/hlogin HTTP/1.1" 200 1717
186.103.159.182 - - [08/Mar/2017:15:42:35 -0300] "GET /cormun/servlet/solicitudotadjuntos?a6e6ae8c329ce263a62a936b4c8853552d4a0fd38e8c31fd6f186298b306ebd453494facbafd6bf9877e0679eefc1690,gx-no-cache=1488998624352 HTTP/1.1" 200 30
186.103.159.182 - - [08/Mar/2017:15:42:35 -0300] "POST /cormun/servlet/solicitudotadjuntos?80f83fc2302a8c655d612eb9e692d8bf,INS,2017,5351,,1,,gx-no-cache=1488998624427 HTTP/1.1" 200 3821
186.103.158.250 - - [08/Mar/2017:15:42:36 -0300] "GET /cormun/servlet/hlogin HTTP/1.1" 200 1727
186.103.159.182 - - [08/Mar/2017:15:42:39 -0300] "POST /cormun/servlet/solicitudotadjuntos?gx-no-cache=1488998628431 HTTP/1.1" 200 26
186.103.159.182 - - [08/Mar/2017:15:42:46 -0300] "GET /cormun/servlet/solicitudotadjuntos?a6e6ae8c329ce263a62a936b4c88535588bd1f4cc58f0782bb3056bbf3ba9464,gx-no-cache=1488998635689 HTTP/1.1" 200 30
186.103.159.182 - - [08/Mar/2017:15:42:46 -0300] "GET /cormun/servlet/solicitudotadjuntos?a6e6ae8c329ce263a62a936b4c88535588bd1f4cc58f0782bb3056bbf3ba9464,gx-no-cache=1488998635732 HTTP/1.1" 200 30
186.103.159.182 - - [08/Mar/2017:15:42:49 -0300] "POST /cormun/servlet/solicitudotadjuntos?80f83fc2302a8c655d612eb9e692d8bf,INS,2017,5351,,1, HTTP/1.1" 200 116
186.103.159.182 - - [08/Mar/2017:15:42:49 -0300] "GET /cormun/servlet/hpexe_return? HTTP/1.1" 200 1023
186.103.159.182 - - [08/Mar/2017:15:42:49 -0300] "GET /cormun/servlet/trsolicitudadjuntos?2017,5351, HTTP/1.1" 200 8552
186.103.159.182 - - [08/Mar/2017:15:42:50 -0300] "GET /cormun/servlet/trsolicitudadjuntos?2017,5351, HTTP/1.1" 200 8553
186.103.159.182 - - [08/Mar/2017:15:42:53 -0300] "GET /cormun/servlet/solicitudotadjuntos?INS,2017,5351,,1, HTTP/1.1" 200 6052
186.103.159.182 - - [08/Mar/2017:15:42:53 -0300] "GET /cormun/static/about:blank HTTP/1.1" 404 1011
186.103.159.182 - - [08/Mar/2017:15:42:54 -0300] "GET /cormun/servlet/solicitudotadjuntos?INS,2017,5351,,1, HTTP/1.1" 200 6044
186.103.159.182 - - [08/Mar/2017:15:42:55 -0300] "GET /cormun/servlet/solicitudotadjuntos?a6e6ae8c329ce263a62a936b4c8853552d4a0fd38e8c31fd6f186298b306ebd453494facbafd6bf9877e0679eefc1690,gx-no-cache=1488998644475 HTTP/1.1" 200 30
186.103.159.182 - - [08/Mar/2017:15:42:55 -0300] "POST /cormun/servlet/solicitudotadjuntos?80f83fc2302a8c655d612eb9e692d8bf,INS,2017,5351,,1,,gx-no-cache=1488998644550 HTTP/1.1" 200 3821
186.103.159.182 - - [08/Mar/2017:15:42:58 -0300] "POST /cormun/servlet/solicitudotadjuntos?gx-no-cache=1488998647464 HTTP/1.1" 200 26
192.168.10.89 - - [08/Mar/2017:15:43:01 -0300] "GET /cormun/servlet/solicitudgral3?UPD,2017,4862, HTTP/1.1" 200 12963
192.168.10.89 - - [08/Mar/2017:15:43:01 -0300] "GET /cormun/static/gxcfg.js?20171131357396 HTTP/1.1" 304 -
192.168.10.89 - - [08/Mar/2017:15:43:01 -0300] "GET /cormun/static/solicitudgral3.js?20171131357469 HTTP/1.1" 304 -
192.168.10.89 - - [08/Mar/2017:15:43:03 -0300] "POST /cormun/servlet/solicitudgral3?gx-no-cache=1489001867487 HTTP/1.1" 200 3330
192.168.10.89 - - [08/Mar/2017:15:43:03 -0300] "GET /cormun/servlet/solicitudgral3?9623bb50ed9de26d8d79b461ab5b5b813cbfa5c87e5fde5b164551fc0c4abe62930f2e673ca051c03f036d0c7ecc9184b60eae3b1cccd629c61c0dd4f7594f1840e148ebef58dcfc91caff00309f0f6a663283f2e33c48a2559db5d764855cbb3fced6ad5ba5154eca077b12c3f45f4395cf20916ddc054d23afe235aff9c28d40625c1ce438db7161937c9c86aab55453c1fcc0e96ce9ecdffc015650e3e2ab2141ed02baf2657bfd7ff7cc16f99f48ca239ff918f1d594520df962dd4e682f8fca6068d228f2525b6209b5303a6ce4f8acdc7ed7c8946c9cf184e2903b871585a5c4ffdf6a0b631634d2cb7a7b3e4c7ee70cd7a9252b0d96f2f21da639a866880c4664b75f9e934c14cd981a25fa7754476ea9db664896e6e2c83b2eeee3313b59b8c4a71211daaf92a3cea70de888387de64acb3c2d56db83729bff56f53d2a2ee5f06404c94c3e6de9dc1b1f386b,gx-no-cache=1489001867699 HTTP/1.1" 200 242
192.168.10.89 - - [08/Mar/2017:15:43:03 -0300] "POST /cormun/servlet/solicitudgral3?gx-no-cache=1489001867731 HTTP/1.1" 200 1356
192.168.10.89 - - [08/Mar/2017:15:43:03 -0300] "GET /cormun/servlet/solicitudgral3?9623bb50ed9de26d8d79b461ab5b5b81e95330ed454a2bb1d3b9bad214c411faf17ce12daea15a49c35dea544a88e120b60eae3b1cccd629c61c0dd4f7594f1845d9f3feacda6fbc77a0d6a7dbd9f34b088dfb3340f03958c2b83f703ed2a0a029fc5757e0d39dab48591cce37c67727f508cc34634c3df9fc0951217afc6b9f,gx-no-cache=1489001867810 HTTP/1.1" 200 41
186.103.159.182 - - [08/Mar/2017:15:43:06 -0300] "GET /cormun/servlet/solicitudotadjuntos?a6e6ae8c329ce263a62a936b4c88535588bd1f4cc58f0782bb3056bbf3ba9464,gx-no-cache=1488998655865 HTTP/1.1" 200 30
186.103.159.182 - - [08/Mar/2017:15:43:06 -0300] "GET /cormun/servlet/solicitudotadjuntos?a6e6ae8c329ce263a62a936b4c88535588bd1f4cc58f0782bb3056bbf3ba9464,gx-no-cache=1488998655915 HTTP/1.1" 200 30
192.168.10.89 - - [08/Mar/2017:15:43:07 -0300] "POST /cormun/servlet/solicitudgral3?639b76e1ce02495238f8bbd1b4870a1c,UPD,2017,4862,,gx-no-cache=1489001870729 HTTP/1.1" 200 10982
186.103.159.182 - - [08/Mar/2017:15:43:08 -0300] "POST /cormun/servlet/solicitudotadjuntos?80f83fc2302a8c655d612eb9e692d8bf,INS,2017,5351,,1, HTTP/1.1" 200 116
186.103.159.182 - - [08/Mar/2017:15:43:08 -0300] "GET /cormun/servlet/hpexe_return? HTTP/1.1" 200 1023
186.103.159.182 - - [08/Mar/2017:15:43:09 -0300] "GET /cormun/servlet/trsolicitudadjuntos?2017,5351, HTTP/1.1" 200 8673
186.103.159.182 - - [08/Mar/2017:15:43:10 -0300] "GET /cormun/servlet/trsolicitudadjuntos?2017,5351, HTTP/1.1" 200 8672
192.168.10.89 - - [08/Mar/2017:15:43:10 -0300] "GET /cormun/servlet/solicitudgral3?9623bb50ed9de26d8d79b461ab5b5b8167eef464137d62c1f96b0adc3b9a7d2dbbd000495f35cc59581e57b4570f626a90cc5da42532fe052d6c09609c12a27a7dca9f27ca2c293bb49498f89bf782b7ce6992df7bb7c6c2fd51cb07fe8de70c8e143a128a93d97b5cd6e876437d495b6a751fabc9d770e4c1929ce85da0a44e73c0de1c8f03b5d4ef88b253c0ec45c86cf5bf73e0e870adc83ea1d14814300d,gx-no-cache=1489001874678 HTTP/1.1" 200 29
192.168.10.89 - - [08/Mar/2017:15:43:10 -0300] "POST /cormun/servlet/solicitudgral3?gx-no-cache=1489001874720 HTTP/1.1" 200 1250
192.168.10.89 - - [08/Mar/2017:15:43:10 -0300] "POST /cormun/servlet/solicitudgral3?gx-no-cache=1489001874761 HTTP/1.1" 200 1155
192.168.10.89 - - [08/Mar/2017:15:43:10 -0300] "GET /cormun/servlet/solicitudgral3?9623bb50ed9de26d8d79b461ab5b5b818a363d7b0b5e1a5db6bbbec8759f84cb9fdd26a3b0cdbccf5cb20b7a6933426e9e8bc231d7e081da428581f8fac0bc93387de64acb3c2d56db83729bff56f53d69c4719ad1f24d76dd23d6a8ef4f2520354cfdac7118f5605c967b6dbfb6e44ca872f581af6260be8e111af609ffd3f3517dc29d72454266ec057af6a3281fbd,gx-no-cache=1489001874795 HTTP/1.1" 200 30
192.168.10.89 - - [08/Mar/2017:15:43:11 -0300] "POST /cormun/servlet/solicitudgral3?639b76e1ce02495238f8bbd1b4870a1c,UPD,2017,4862,,gx-no-cache=1489001874822 HTTP/1.1" 200 93
192.168.10.89 - - [08/Mar/2017:15:43:11 -0300] "GET /cormun/servlet/hpexe_return? HTTP/1.1" 200 1015
192.168.10.89 - - [08/Mar/2017:15:43:11 -0300] "GET /cormun/servlet/trsolicitudgral? HTTP/1.1" 200 12728
186.103.159.182 - - [08/Mar/2017:15:43:12 -0300] "GET /cormun/servlet/solicitudotadjuntos?INS,2017,5351,,1, HTTP/1.1" 200 6052
186.103.159.182 - - [08/Mar/2017:15:43:13 -0300] "GET /cormun/static/about:blank HTTP/1.1" 404 1011
186.103.159.182 - - [08/Mar/2017:15:43:14 -0300] "GET /cormun/servlet/solicitudotadjuntos?INS,2017,5351,,1, HTTP/1.1" 200 6044
186.103.158.250 - - [08/Mar/2017:15:43:14 -0300] "POST /cormun/servlet/hlogin?91586e097dd751768d01a7e34aec0b0e,gx-no-cache=1488998663228 HTTP/1.1" 200 443
186.103.159.182 - - [08/Mar/2017:15:43:14 -0300] "GET /cormun/servlet/solicitudotadjuntos?a6e6ae8c329ce263a62a936b4c8853552d4a0fd38e8c31fd6f186298b306ebd453494facbafd6bf9877e0679eefc1690,gx-no-cache=1488998663846 HTTP/1.1" 200 30
186.103.159.182 - - [08/Mar/2017:15:43:14 -0300] "POST /cormun/servlet/solicitudotadjuntos?80f83fc2302a8c655d612eb9e692d8bf,INS,2017,5351,,1,,gx-no-cache=1488998663884 HTTP/1.1" 200 3821
186.103.159.182 - - [08/Mar/2017:15:43:18 -0300] "POST /cormun/servlet/solicitudotadjuntos?gx-no-cache=1488998667654 HTTP/1.1" 200 26
192.168.10.89 - - [08/Mar/2017:15:43:25 -0300] "POST /cormun/servlet/trsolicitudgral?639b76e1ce02495238f8bbd1b4870a1c,,gx-no-cache=1489001889478 HTTP/1.1" 200 9074
192.168.10.89 - - [08/Mar/2017:15:43:26 -0300] "GET /cormun/static/Shared/jqueryui/images/ui-bg_highlight-soft_100_c6c2c8_1x100.png HTTP/1.1" 404 1117
192.168.10.89 - - [08/Mar/2017:15:43:26 -0300] "GET /cormun/static/Shared/jqueryui/images/ui-icons_82798d_256x240.png HTTP/1.1" 404 1089
192.168.10.89 - - [08/Mar/2017:15:43:26 -0300] "GET /cormun/static/Shared/jqueryui/images/ui-icons_8d78a5_256x240.png HTTP/1.1" 404 1089
192.168.10.89 - - [08/Mar/2017:15:43:26 -0300] "GET /cormun/static/Shared/jqueryui/images/ui-bg_flat_55_fafafa_40x100.png HTTP/1.1" 404 1097
186.103.159.182 - - [08/Mar/2017:15:43:29 -0300] "GET /cormun/servlet/solicitudotadjuntos?a6e6ae8c329ce263a62a936b4c88535588bd1f4cc58f0782bb3056bbf3ba9464,gx-no-cache=1488998679121 HTTP/1.1" 200 30
186.103.159.182 - - [08/Mar/2017:15:43:29 -0300] "GET /cormun/servlet/solicitudotadjuntos?a6e6ae8c329ce263a62a936b4c88535588bd1f4cc58f0782bb3056bbf3ba9464,gx-no-cache=1488998679146 HTTP/1.1" 200 30
192.168.10.89 - - [08/Mar/2017:15:43:30 -0300] "POST /cormun/servlet/trsolicitudgral?639b76e1ce02495238f8bbd1b4870a1c,,gx-no-cache=1489001894032 HTTP/1.1" 200 7768
186.103.159.182 - - [08/Mar/2017:15:43:32 -0300] "POST /cormun/servlet/solicitudotadjuntos?80f83fc2302a8c655d612eb9e692d8bf,INS,2017,5351,,1, HTTP/1.1" 200 116
186.103.159.182 - - [08/Mar/2017:15:43:32 -0300] "GET /cormun/servlet/hpexe_return? HTTP/1.1" 200 1023
186.103.158.250 - - [08/Mar/2017:15:43:32 -0300] "POST /cormun/servlet/hlogin?91586e097dd751768d01a7e34aec0b0e,gx-no-cache=1488998681522 HTTP/1.1" 200 90
186.103.158.250 - - [08/Mar/2017:15:43:32 -0300] "GET /cormun/servlet/hpexe_link HTTP/1.1" 200 953
186.103.159.182 - - [08/Mar/2017:15:43:32 -0300] "GET /cormun/servlet/trsolicitudadjuntos?2017,5351, HTTP/1.1" 200 8867
186.103.158.250 - - [08/Mar/2017:15:43:32 -0300] "GET /cormun/servlet/hhome HTTP/1.1" 200 3929
186.103.159.182 - - [08/Mar/2017:15:43:34 -0300] "GET /cormun/servlet/trsolicitudadjuntos?2017,5351, HTTP/1.1" 200 8867
186.103.158.250 - - [08/Mar/2017:15:43:36 -0300] "GET /cormun/servlet/hhome HTTP/1.1" 200 3925
186.103.159.182 - - [08/Mar/2017:15:43:36 -0300] "GET /cormun/servlet/solicitudotadjuntos?INS,2017,5351,,1, HTTP/1.1" 200 6052
186.103.159.182 - - [08/Mar/2017:15:43:36 -0300] "GET /cormun/static/about:blank HTTP/1.1" 404 1011
186.103.159.182 - - [08/Mar/2017:15:43:37 -0300] "GET /cormun/servlet/solicitudotadjuntos?INS,2017,5351,,1, HTTP/1.1" 200 6044
186.103.159.182 - - [08/Mar/2017:15:43:38 -0300] "GET /cormun/servlet/solicitudotadjuntos?a6e6ae8c329ce263a62a936b4c8853552d4a0fd38e8c31fd6f186298b306ebd453494facbafd6bf9877e0679eefc1690,gx-no-cache=1488998687535 HTTP/1.1" 200 30
186.103.159.182 - - [08/Mar/2017:15:43:38 -0300] "POST /cormun/servlet/solicitudotadjuntos?80f83fc2302a8c655d612eb9e692d8bf,INS,2017,5351,,1,,gx-no-cache=1488998687622 HTTP/1.1" 200 3821
186.103.159.182 - - [08/Mar/2017:15:43:40 -0300] "POST /cormun/servlet/solicitudotadjuntos?gx-no-cache=1488998690255 HTTP/1.1" 200 26
186.103.159.182 - - [08/Mar/2017:15:43:46 -0300] "GET /cormun/servlet/solicitudotadjuntos?a6e6ae8c329ce263a62a936b4c88535588bd1f4cc58f0782bb3056bbf3ba9464,gx-no-cache=1488998696186 HTTP/1.1" 200 30
186.103.158.250 - - [08/Mar/2017:15:43:46 -0300] "GET /cormun/servlet/trlicencias? HTTP/1.1" 200 6794
186.103.159.182 - - [08/Mar/2017:15:43:46 -0300] "GET /cormun/servlet/solicitudotadjuntos?a6e6ae8c329ce263a62a936b4c88535588bd1f4cc58f0782bb3056bbf3ba9464,gx-no-cache=1488998696234 HTTP/1.1" 200 30
186.103.158.250 - - [08/Mar/2017:15:43:47 -0300] "GET /cormun/static/gxcfg.js?2016122619301429 HTTP/1.1" 200 953
192.168.10.89 - - [08/Mar/2017:15:43:47 -0300] "POST /cormun/servlet/trsolicitudgral?639b76e1ce02495238f8bbd1b4870a1c,,gx-no-cache=1489001911226 HTTP/1.1" 200 9043
186.103.158.250 - - [08/Mar/2017:15:43:47 -0300] "GET /cormun/static/trlicencias.js?2016122619301919 HTTP/1.1" 200 37916
186.103.158.250 - - [08/Mar/2017:15:43:48 -0300] "GET /cormun/servlet/trlicencias? HTTP/1.1" 200 6792
186.103.158.250 - - [08/Mar/2017:15:43:54 -0300] "POST /cormun/servlet/trlicencias?91586e097dd751768d01a7e34aec0b0e,,gx-no-cache=1488998703320 HTTP/1.1" 200 101
186.103.158.250 - - [08/Mar/2017:15:43:54 -0300] "POST /cormun/servlet/trlicencias?91586e097dd751768d01a7e34aec0b0e,,gx-no-cache=1488998703496 HTTP/1.1" 200 4065
186.103.158.250 - - [08/Mar/2017:15:43:54 -0300] "GET /cormun/Licencias-6952.xls HTTP/1.1" 200 4608
186.103.159.182 - - [08/Mar/2017:15:43:55 -0300] "POST /cormun/servlet/solicitudotadjuntos?80f83fc2302a8c655d612eb9e692d8bf,INS,2017,5351,,1, HTTP/1.1" 200 116
186.103.159.182 - - [08/Mar/2017:15:43:55 -0300] "GET /cormun/servlet/hpexe_return? HTTP/1.1" 200 1023
186.103.159.182 - - [08/Mar/2017:15:43:55 -0300] "GET /cormun/servlet/trsolicitudadjuntos?2017,5351, HTTP/1.1" 200 9050
186.103.159.182 - - [08/Mar/2017:15:43:57 -0300] "GET /cormun/servlet/trsolicitudadjuntos?2017,5351, HTTP/1.1" 200 9047
186.103.159.182 - - [08/Mar/2017:15:44:02 -0300] "POST /cormun/servlet/trsolicitudadjuntos?80f83fc2302a8c655d612eb9e692d8bf,2017,5351,,gx-no-cache=1488998711669 HTTP/1.1" 200 90
186.103.159.182 - - [08/Mar/2017:15:44:02 -0300] "GET /cormun/servlet/hpexe_link HTTP/1.1" 200 968
186.103.159.182 - - [08/Mar/2017:15:44:03 -0300] "GET /cormun/servlet/trsolicitudot HTTP/1.1" 200 9047
186.103.159.182 - - [08/Mar/2017:15:44:04 -0300] "GET /cormun/servlet/trsolicitudot HTTP/1.1" 200 9046
186.103.159.182 - - [08/Mar/2017:15:44:18 -0300] "POST /cormun/servlet/trsolicitudot?80f83fc2302a8c655d612eb9e692d8bf,gx-no-cache=1488998727463 HTTP/1.1" 200 106
186.103.159.182 - - [08/Mar/2017:15:44:19 -0300] "GET /cormun/servlet/trsolicitudadjuntos?2017,5352, HTTP/1.1" 200 6119
186.103.159.182 - - [08/Mar/2017:15:44:20 -0300] "GET /cormun/servlet/trsolicitudadjuntos?2017,5352, HTTP/1.1" 200 6118
186.103.159.182 - - [08/Mar/2017:15:44:27 -0300] "GET /cormun/servlet/solicitudotadjuntos?INS,2017,5352,,1, HTTP/1.1" 200 6051
186.103.159.182 - - [08/Mar/2017:15:44:28 -0300] "GET /cormun/static/about:blank HTTP/1.1" 404 1011
186.103.159.182 - - [08/Mar/2017:15:44:29 -0300] "GET /cormun/servlet/solicitudotadjuntos?INS,2017,5352,,1, HTTP/1.1" 200 6043
186.103.159.182 - - [08/Mar/2017:15:44:29 -0300] "GET /cormun/servlet/solicitudotadjuntos?a6e6ae8c329ce263a62a936b4c885355ccb6d434353b11598e3010a3aca62dbd53494facbafd6bf9877e0679eefc1690,gx-no-cache=1488998738761 HTTP/1.1" 200 30
186.103.159.182 - - [08/Mar/2017:15:44:29 -0300] "POST /cormun/servlet/solicitudotadjuntos?80f83fc2302a8c655d612eb9e692d8bf,INS,2017,5352,,1,,gx-no-cache=1488998738803 HTTP/1.1" 200 3820
186.103.159.182 - - [08/Mar/2017:15:44:31 -0300] "POST /cormun/servlet/solicitudotadjuntos?gx-no-cache=1488998740756 HTTP/1.1" 200 26
186.103.158.250 - - [08/Mar/2017:15:44:38 -0300] "GET /cormun/Manuales/ManualSolicitud.pdf HTTP/1.1" 200 850295
186.103.159.182 - - [08/Mar/2017:15:44:56 -0300] "GET /cormun/servlet/solicitudotadjuntos?a6e6ae8c329ce263a62a936b4c88535588bd1f4cc58f0782bb3056bbf3ba9464,gx-no-cache=1488998765726 HTTP/1.1" 200 30
186.103.159.182 - - [08/Mar/2017:15:44:56 -0300] "GET /cormun/servlet/solicitudotadjuntos?a6e6ae8c329ce263a62a936b4c88535588bd1f4cc58f0782bb3056bbf3ba9464,gx-no-cache=1488998765766 HTTP/1.1" 200 30
186.103.159.182 - - [08/Mar/2017:15:45:01 -0300] "POST /cormun/servlet/solicitudotadjuntos?80f83fc2302a8c655d612eb9e692d8bf,INS,2017,5352,,1, HTTP/1.1" 200 116
186.103.159.182 - - [08/Mar/2017:15:45:01 -0300] "GET /cormun/servlet/hpexe_return? HTTP/1.1" 200 1023
186.103.159.182 - - [08/Mar/2017:15:45:02 -0300] "GET /cormun/servlet/trsolicitudadjuntos?2017,5352, HTTP/1.1" 200 8240
186.103.159.182 - - [08/Mar/2017:15:45:03 -0300] "GET /cormun/servlet/trsolicitudadjuntos?2017,5352, HTTP/1.1" 200 8237
186.103.159.182 - - [08/Mar/2017:15:45:06 -0300] "GET /cormun/servlet/solicitudotadjuntos?INS,2017,5352,,1, HTTP/1.1" 200 6051
186.103.159.182 - - [08/Mar/2017:15:45:06 -0300] "GET /cormun/static/about:blank HTTP/1.1" 404 1011
186.103.159.182 - - [08/Mar/2017:15:45:07 -0300] "GET /cormun/servlet/solicitudotadjuntos?INS,2017,5352,,1, HTTP/1.1" 200 6043
186.103.159.182 - - [08/Mar/2017:15:45:07 -0300] "GET /cormun/servlet/solicitudotadjuntos?a6e6ae8c329ce263a62a936b4c885355ccb6d434353b11598e3010a3aca62dbd53494facbafd6bf9877e0679eefc1690,gx-no-cache=1488998776849 HTTP/1.1" 200 30
186.103.159.182 - - [08/Mar/2017:15:45:07 -0300] "POST /cormun/servlet/solicitudotadjuntos?80f83fc2302a8c655d612eb9e692d8bf,INS,2017,5352,,1,,gx-no-cache=1488998776916 HTTP/1.1" 200 3820
186.103.159.182 - - [08/Mar/2017:15:45:10 -0300] "POST /cormun/servlet/solicitudotadjuntos?gx-no-cache=1488998779642 HTTP/1.1" 200 26
186.103.159.182 - - [08/Mar/2017:15:45:17 -0300] "GET /cormun/servlet/solicitudotadjuntos?a6e6ae8c329ce263a62a936b4c88535588bd1f4cc58f0782bb3056bbf3ba9464,gx-no-cache=1488998786771 HTTP/1.1" 200 30
186.103.159.182 - - [08/Mar/2017:15:45:17 -0300] "GET /cormun/servlet/solicitudotadjuntos?a6e6ae8c329ce263a62a936b4c88535588bd1f4cc58f0782bb3056bbf3ba9464,gx-no-cache=1488998786821 HTTP/1.1" 200 30
