186.103.159.182 - - [08/Mar/2017:13:08:36 -0300] "GET /cormun/servlet/trsolicitudot? HTTP/1.1" 200 10407
186.103.159.182 - - [08/Mar/2017:13:08:38 -0300] "GET /cormun/servlet/trsolicitudot? HTTP/1.1" 200 10406
186.79.164.248 - - [08/Mar/2017:13:08:43 -0300] "POST /cormun/servlet/licenciaspermisosadjuntos?8b958f0a824b1c6d40efcbdae6b31afa,INS,7141963,L,20170308000000,, HTTP/1.1" 200 116
186.79.164.248 - - [08/Mar/2017:13:08:44 -0300] "GET /cormun/servlet/hpexe_return? HTTP/1.1" 200 1042
186.79.164.248 - - [08/Mar/2017:13:08:44 -0300] "GET /cormun/servlet/trlicenciaspermisosadjuntos?7141963,20170308000000,L, HTTP/1.1" 200 6805
186.79.164.248 - - [08/Mar/2017:13:08:45 -0300] "GET /cormun/servlet/trlicenciaspermisosadjuntos?7141963,20170308000000,L, HTTP/1.1" 200 6801
186.79.164.248 - - [08/Mar/2017:13:08:51 -0300] "GET /cormun/PublicTempStorage/licencia_juan_pinto5699338.pdf HTTP/1.1" 200 658975
186.79.164.248 - - [08/Mar/2017:13:08:56 -0300] "GET /cormun/servlet/trlicenciaspermisosadjuntos?7141963,20170308000000,L, HTTP/1.1" 200 6805
186.79.164.248 - - [08/Mar/2017:13:08:57 -0300] "GET /cormun/servlet/trlicenciaspermisosadjuntos?7141963,20170308000000,L, HTTP/1.1" 200 6801
186.79.164.248 - - [08/Mar/2017:13:09:04 -0300] "GET /cormun/servlet/trlicencias? HTTP/1.1" 200 7985
186.79.164.248 - - [08/Mar/2017:13:09:05 -0300] "GET /cormun/servlet/trlicencias? HTTP/1.1" 200 7985
186.103.159.182 - - [08/Mar/2017:13:09:12 -0300] "POST /cormun/servlet/trsolicitudot?f4139f5be8a4522b64dd76bb35e959d5,,gx-no-cache=1488989421932 HTTP/1.1" 200 106
186.103.159.182 - - [08/Mar/2017:13:09:12 -0300] "GET /cormun/servlet/solicitudot?UPD,2017,5306, HTTP/1.1" 200 14510
186.103.159.182 - - [08/Mar/2017:13:09:14 -0300] "GET /cormun/servlet/solicitudot?UPD,2017,5306, HTTP/1.1" 200 14519
186.103.159.182 - - [08/Mar/2017:13:09:14 -0300] "POST /cormun/servlet/solicitudot?gx-no-cache=1488989424949 HTTP/1.1" 200 3201
186.103.159.182 - - [08/Mar/2017:13:09:15 -0300] "POST /cormun/servlet/solicitudot?f4139f5be8a4522b64dd76bb35e959d5,UPD,2017,5306,,gx-no-cache=1488989425208 HTTP/1.1" 200 11060
186.103.159.182 - - [08/Mar/2017:13:09:15 -0300] "GET /cormun/servlet/solicitudot?d513c10847bf977b0e6f91091845b4ed34386c3b59c2aa58b548c4c933281e3a81220474d227927df8b59594145a612d,gx-no-cache=1488989425582 HTTP/1.1" 200 30
186.103.159.182 - - [08/Mar/2017:13:09:15 -0300] "POST /cormun/servlet/solicitudot?gx-no-cache=1488989425689 HTTP/1.1" 200 238
186.103.159.182 - - [08/Mar/2017:13:09:15 -0300] "GET /cormun/servlet/solicitudot?d513c10847bf977b0e6f91091845b4edb0d4152fc039fdf9dc0bf9607ffb2e36463e601f0e788be40f6c42ee8b6fab952710798518db672f4157133e4354a82b50ea820bad9ac1aa89448c100acf3599fa321fbc8dbf0f00dffb3b2664f8d8bdfe65684b07c6ceb2bae8ed7a68eab9722f7cac9bb0f6e5eaf149a6a51b606b4ab280808640280201f7297c92507841d451d0c1083e11ba138613e44ac479e865b5fe9906f1c3fad9a33529228a6778d198da0fb0448ef2df1df6dffec52146cf3a1b37718df30caf9402bd11b6ed21871b736c8a1e99f396c448663f647a404cc0167fc949e42981ebeb6b052d6f7aa2b0f662f2f87b31104ba57824e12236710b8225dc18a5b14345b355d00a0efabb883d2988b2ffd9559dcd18add32df4632cd104b0994dbebd0f329fb0926f2577d763267098dfefd762e6d849c503b121bd6268471d10dd90e07985c773e2c43f32740430b101ef12e16ef08e75b003af86d9c480d7fda1209ce80283c1cadd14cc12ab379c6412655ca5adb7d2777588,gx-no-cache=1488989425768 HTTP/1.1" 200 30
186.103.159.182 - - [08/Mar/2017:13:09:15 -0300] "POST /cormun/servlet/solicitudot?gx-no-cache=1488989425913 HTTP/1.1" 200 30
186.103.159.182 - - [08/Mar/2017:13:09:15 -0300] "POST /cormun/servlet/solicitudot?gx-no-cache=1488989426003 HTTP/1.1" 200 1287
186.103.159.182 - - [08/Mar/2017:13:09:16 -0300] "POST /cormun/servlet/solicitudot?gx-no-cache=1488989426137 HTTP/1.1" 200 41
186.103.159.182 - - [08/Mar/2017:13:09:26 -0300] "POST /cormun/servlet/solicitudot?gx-no-cache=1488989436636 HTTP/1.1" 200 30
186.79.164.248 - - [08/Mar/2017:13:09:37 -0300] "POST /cormun/servlet/trlicencias?8b958f0a824b1c6d40efcbdae6b31afa,,gx-no-cache=1488989444508 HTTP/1.1" 200 4230
186.79.164.248 - - [08/Mar/2017:13:09:37 -0300] "GET /cormun/static/Shared/jqueryui/images/ui-bg_highlight-soft_100_c6c2c8_1x100.png HTTP/1.1" 404 1117
186.79.164.248 - - [08/Mar/2017:13:09:37 -0300] "GET /cormun/static/Shared/jqueryui/images/ui-icons_82798d_256x240.png HTTP/1.1" 404 1089
186.79.164.248 - - [08/Mar/2017:13:09:37 -0300] "GET /cormun/static/Shared/jqueryui/images/ui-bg_flat_55_fafafa_40x100.png HTTP/1.1" 404 1097
186.79.164.248 - - [08/Mar/2017:13:09:37 -0300] "GET /cormun/static/Shared/jqueryui/images/ui-icons_8d78a5_256x240.png HTTP/1.1" 404 1089
186.103.159.182 - - [08/Mar/2017:13:10:17 -0300] "POST /cormun/servlet/solicitudot?gx-no-cache=1488989487331 HTTP/1.1" 200 1368
186.103.159.182 - - [08/Mar/2017:13:10:52 -0300] "POST /cormun/servlet/solicitudot?gx-no-cache=1488989522136 HTTP/1.1" 200 1291
186.103.159.182 - - [08/Mar/2017:13:10:52 -0300] "GET /cormun/static/menuarrow.gif HTTP/1.1" 404 1015
186.103.159.182 - - [08/Mar/2017:13:10:56 -0300] "POST /cormun/servlet/solicitudot?gx-no-cache=1488989526197 HTTP/1.1" 200 30
186.103.159.182 - - [08/Mar/2017:13:10:56 -0300] "POST /cormun/servlet/solicitudot?gx-no-cache=1488989526272 HTTP/1.1" 200 1291
186.103.159.182 - - [08/Mar/2017:13:12:02 -0300] "GET /cormun/servlet/prfichaempleado?,MD,,gxPopupLevel%3D0%3B HTTP/1.1" 200 8894
186.103.159.182 - - [08/Mar/2017:13:12:36 -0300] "POST /cormun/servlet/prfichaempleado?f4139f5be8a4522b64dd76bb35e959d5,,MD,,gxPopupLevel%3D0%3B,gx-no-cache=1488989626279 HTTP/1.1" 200 3401
186.103.157.39 - - [08/Mar/2017:13:14:05 -0300] "GET /cormun/servlet/ HTTP/1.1" 404 991
186.79.164.248 - - [08/Mar/2017:13:16:38 -0300] "POST /cormun/servlet/trlicencias?8b958f0a824b1c6d40efcbdae6b31afa,,gx-no-cache=1488989865532 HTTP/1.1" 200 5306
186.79.164.248 - - [08/Mar/2017:13:16:40 -0300] "GET /cormun/servlet/alicenciaprn?7141963,L,20170308000000,PU HTTP/1.1" 200 1546
192.168.10.62 - - [08/Mar/2017:13:17:07 -0300] "GET /cormun/servlet/trsolicitudgral? HTTP/1.1" 200 16267
192.168.10.62 - - [08/Mar/2017:13:17:08 -0300] "GET /cormun/servlet/trsolicitudgral? HTTP/1.1" 200 16258
192.168.10.62 - - [08/Mar/2017:13:17:11 -0300] "GET /cormun/servlet/trsolicitudgral? HTTP/1.1" 200 16258
192.168.10.62 - - [08/Mar/2017:13:17:11 -0300] "GET /cormun/servlet/trsolicitudgral? HTTP/1.1" 200 16258
192.168.10.62 - - [08/Mar/2017:13:17:26 -0300] "POST /cormun/servlet/trsolicitudgral?01791375478a4d94b1e94891a98ee5fd,,gx-no-cache=1488993130088 HTTP/1.1" 200 6909
186.79.164.248 - - [08/Mar/2017:13:18:06 -0300] "GET /cormun/servlet/trpermisosgoce? HTTP/1.1" 200 7555
186.79.164.248 - - [08/Mar/2017:13:18:07 -0300] "GET /cormun/servlet/trpermisosgoce? HTTP/1.1" 200 7555
186.79.164.248 - - [08/Mar/2017:13:18:11 -0300] "GET /cormun/servlet/permisogoce?DLT,7141963,P,20170308121751, HTTP/1.1" 200 6691
186.79.164.248 - - [08/Mar/2017:13:18:11 -0300] "GET /cormun/static/Shared/jqueryui/images/ui-bg_highlight-soft_100_c6c2c8_1x100.png HTTP/1.1" 404 1117
186.79.164.248 - - [08/Mar/2017:13:18:11 -0300] "GET /cormun/static/Shared/jqueryui/images/ui-icons_82798d_256x240.png HTTP/1.1" 404 1089
186.79.164.248 - - [08/Mar/2017:13:18:11 -0300] "GET /cormun/static/Shared/jqueryui/images/ui-bg_flat_55_fafafa_40x100.png HTTP/1.1" 404 1097
186.79.164.248 - - [08/Mar/2017:13:18:11 -0300] "GET /cormun/static/Shared/jqueryui/images/ui-icons_8d78a5_256x240.png HTTP/1.1" 404 1089
186.79.164.248 - - [08/Mar/2017:13:18:12 -0300] "GET /cormun/servlet/permisogoce?DLT,7141963,P,20170308121751, HTTP/1.1" 200 6692
186.79.164.248 - - [08/Mar/2017:13:18:17 -0300] "POST /cormun/servlet/permisogoce?8b958f0a824b1c6d40efcbdae6b31afa,DLT,7141963,P,20170308121751,,gx-no-cache=1488989964937 HTTP/1.1" 200 4384
186.79.164.248 - - [08/Mar/2017:13:18:17 -0300] "GET /cormun/static/Shared/jqueryui/images/ui-bg_flat_55_994d53_40x100.png HTTP/1.1" 404 1097
186.79.164.248 - - [08/Mar/2017:13:18:17 -0300] "GET /cormun/static/Shared/jqueryui/images/ui-icons_ebccce_256x240.png HTTP/1.1" 404 1089
186.79.164.248 - - [08/Mar/2017:13:18:22 -0300] "POST /cormun/servlet/permisogoce?8b958f0a824b1c6d40efcbdae6b31afa,DLT,7141963,P,20170308121751,,gx-no-cache=1488989969545 HTTP/1.1" 200 93
186.79.164.248 - - [08/Mar/2017:13:18:22 -0300] "GET /cormun/servlet/hpexe_return? HTTP/1.1" 200 1027
186.79.164.248 - - [08/Mar/2017:13:18:22 -0300] "GET /cormun/servlet/trpermisosgoce HTTP/1.1" 200 7559
186.79.164.248 - - [08/Mar/2017:13:18:22 -0300] "GET /cormun/servlet/trpermisosgoce HTTP/1.1" 200 7555
186.103.132.155 - - [08/Mar/2017:13:18:32 -0300] "GET /cormun/servlet/solicitudot?INS,0,0, HTTP/1.1" 200 11930
186.103.132.155 - - [08/Mar/2017:13:18:33 -0300] "GET /cormun/servlet/solicitudot?INS,0,0, HTTP/1.1" 200 11936
186.103.132.155 - - [08/Mar/2017:13:18:33 -0300] "GET /cormun/servlet/hlogin HTTP/1.1" 200 1746
186.79.164.248 - - [08/Mar/2017:13:18:34 -0300] "GET /cormun/servlet/permisogoce?DLT,7141963,P,20170308121751, HTTP/1.1" 200 6691
186.79.164.248 - - [08/Mar/2017:13:18:34 -0300] "GET /cormun/static/Shared/jqueryui/images/ui-bg_highlight-soft_100_c6c2c8_1x100.png HTTP/1.1" 404 1117
186.79.164.248 - - [08/Mar/2017:13:18:34 -0300] "GET /cormun/static/Shared/jqueryui/images/ui-icons_82798d_256x240.png HTTP/1.1" 404 1089
186.79.164.248 - - [08/Mar/2017:13:18:34 -0300] "GET /cormun/static/Shared/jqueryui/images/ui-bg_flat_55_fafafa_40x100.png HTTP/1.1" 404 1097
186.79.164.248 - - [08/Mar/2017:13:18:34 -0300] "GET /cormun/static/Shared/jqueryui/images/ui-icons_8d78a5_256x240.png HTTP/1.1" 404 1089
186.79.164.248 - - [08/Mar/2017:13:18:34 -0300] "GET /cormun/servlet/permisogoce?DLT,7141963,P,20170308121751, HTTP/1.1" 200 6692
186.79.164.248 - - [08/Mar/2017:13:18:49 -0300] "POST /cormun/servlet/permisogoce?8b958f0a824b1c6d40efcbdae6b31afa,DLT,7141963,P,20170308121751,,gx-no-cache=1488989996523 HTTP/1.1" 200 4384
186.79.164.248 - - [08/Mar/2017:13:18:49 -0300] "GET /cormun/static/Shared/jqueryui/images/ui-bg_flat_55_994d53_40x100.png HTTP/1.1" 404 1097
186.79.164.248 - - [08/Mar/2017:13:18:49 -0300] "GET /cormun/static/Shared/jqueryui/images/ui-icons_ebccce_256x240.png HTTP/1.1" 404 1089
186.79.164.248 - - [08/Mar/2017:13:18:53 -0300] "POST /cormun/servlet/permisogoce?8b958f0a824b1c6d40efcbdae6b31afa,DLT,7141963,P,20170308121751,,gx-no-cache=1488990001370 HTTP/1.1" 200 93
186.79.164.248 - - [08/Mar/2017:13:18:54 -0300] "GET /cormun/servlet/hpexe_return? HTTP/1.1" 200 1027
186.79.164.248 - - [08/Mar/2017:13:18:54 -0300] "GET /cormun/servlet/trpermisosgoce HTTP/1.1" 200 7559
186.79.164.248 - - [08/Mar/2017:13:18:55 -0300] "GET /cormun/servlet/trpermisosgoce HTTP/1.1" 200 7555
186.103.132.155 - - [08/Mar/2017:13:18:56 -0300] "POST /cormun/servlet/hlogin?f82114c426f9721f02bea27be1fae0eb,gx-no-cache=1488986405185 HTTP/1.1" 200 90
186.103.132.155 - - [08/Mar/2017:13:18:57 -0300] "GET /cormun/servlet/hpexe_link HTTP/1.1" 200 971
186.103.132.155 - - [08/Mar/2017:13:18:57 -0300] "GET /cormun/servlet/solicitudot?INS,0,0, HTTP/1.1" 200 12428
186.103.132.155 - - [08/Mar/2017:13:18:58 -0300] "GET /cormun/servlet/solicitudot?INS,0,0, HTTP/1.1" 200 12433
186.79.164.248 - - [08/Mar/2017:13:19:10 -0300] "GET /cormun/servlet/trlicencias? HTTP/1.1" 200 7933
186.79.164.248 - - [08/Mar/2017:13:19:11 -0300] "GET /cormun/servlet/trlicencias? HTTP/1.1" 200 7932
186.79.164.248 - - [08/Mar/2017:13:19:19 -0300] "GET /cormun/servlet/trautorizarpermisogoce? HTTP/1.1" 200 6704
186.79.164.248 - - [08/Mar/2017:13:19:19 -0300] "GET /cormun/servlet/trautorizarpermisogoce? HTTP/1.1" 200 6704
186.79.164.248 - - [08/Mar/2017:13:19:25 -0300] "POST /cormun/servlet/trautorizarpermisogoce?8b958f0a824b1c6d40efcbdae6b31afa,,gx-no-cache=1488990032534 HTTP/1.1" 200 4825
192.168.10.62 - - [08/Mar/2017:13:19:29 -0300] "POST /cormun/servlet/trsolicitudgral?01791375478a4d94b1e94891a98ee5fd,,gx-no-cache=1488993253775 HTTP/1.1" 200 6617
192.168.10.62 - - [08/Mar/2017:13:19:30 -0300] "GET /cormun/static/Shared/jqueryui/images/ui-bg_highlight-soft_100_c6c2c8_1x100.png HTTP/1.1" 404 1117
192.168.10.62 - - [08/Mar/2017:13:19:30 -0300] "GET /cormun/static/Shared/jqueryui/images/ui-icons_82798d_256x240.png HTTP/1.1" 404 1089
192.168.10.62 - - [08/Mar/2017:13:19:30 -0300] "GET /cormun/static/Shared/jqueryui/images/ui-bg_flat_55_fafafa_40x100.png HTTP/1.1" 404 1097
192.168.10.62 - - [08/Mar/2017:13:19:30 -0300] "GET /cormun/static/Shared/jqueryui/images/ui-icons_8d78a5_256x240.png HTTP/1.1" 404 1089
186.79.164.248 - - [08/Mar/2017:13:20:19 -0300] "GET /cormun/servlet/trlicenciaspermisoslog?7141963,P,20170308121751, HTTP/1.1" 200 6211
186.79.164.248 - - [08/Mar/2017:13:20:20 -0300] "GET /cormun/servlet/trlicenciaspermisoslog?7141963,P,20170308121751, HTTP/1.1" 200 6211
186.79.164.248 - - [08/Mar/2017:13:20:24 -0300] "GET /cormun/servlet/trautorizarpermisogoce? HTTP/1.1" 200 7488
186.79.164.248 - - [08/Mar/2017:13:20:25 -0300] "GET /cormun/servlet/trautorizarpermisogoce? HTTP/1.1" 200 7488
200.83.57.219 - - [08/Mar/2017:13:21:04 -0300] "POST /cormun/servlet/hlogin?8aee33ba4b5bbc5091ff7e573e103c2c,gx-no-cache=1488990135244 HTTP/1.1" 200 90
200.83.57.219 - - [08/Mar/2017:13:21:04 -0300] "GET /cormun/servlet/hpexe_link HTTP/1.1" 200 960
200.83.57.219 - - [08/Mar/2017:13:21:04 -0300] "GET /cormun/servlet/trpermisosgoce HTTP/1.1" 200 7575
200.83.57.219 - - [08/Mar/2017:13:21:04 -0300] "GET /cormun/servlet/trpermisosgoce HTTP/1.1" 200 7574
186.103.132.155 - - [08/Mar/2017:13:21:11 -0300] "POST /cormun/servlet/solicitudot?gx-no-cache=1488986539582 HTTP/1.1" 200 3081
186.103.132.155 - - [08/Mar/2017:13:21:11 -0300] "POST /cormun/servlet/solicitudot?f82114c426f9721f02bea27be1fae0eb,INS,0,0,,gx-no-cache=1488986540264 HTTP/1.1" 200 9420
186.103.132.155 - - [08/Mar/2017:13:21:14 -0300] "GET /cormun/servlet/solicitudot?1af8c948254449e013daed236b20000c2b66df7e42fa8d379adf82e214f943d77f35d285aaf782e18b05d98b3e3e893e,gx-no-cache=1488986542950 HTTP/1.1" 200 30
200.83.57.219 - - [08/Mar/2017:13:21:33 -0300] "GET /cormun/servlet/trpermisosgoce? HTTP/1.1" 200 7574
200.83.57.219 - - [08/Mar/2017:13:21:34 -0300] "GET /cormun/servlet/trpermisosgoce? HTTP/1.1" 200 7574
200.83.57.219 - - [08/Mar/2017:13:21:35 -0300] "GET /cormun/servlet/permisogoce?INS,0,,, HTTP/1.1" 200 6857
200.83.57.219 - - [08/Mar/2017:13:21:35 -0300] "GET /cormun/servlet/permisogoce?INS,0,,, HTTP/1.1" 200 6857
186.103.159.182 - - [08/Mar/2017:13:21:42 -0300] "POST /cormun/servlet/solicitudot?gx-no-cache=1488990172111 HTTP/1.1" 200 1291
200.83.57.219 - - [08/Mar/2017:13:21:43 -0300] "POST /cormun/servlet/permisogoce?8aee33ba4b5bbc5091ff7e573e103c2c,INS,0,,,,gx-no-cache=1488990174582 HTTP/1.1" 200 4346
200.83.57.219 - - [08/Mar/2017:13:21:43 -0300] "GET /cormun/static/Shared/jqueryui/images/ui-bg_highlight-soft_100_c6c2c8_1x100.png HTTP/1.1" 404 1117
200.83.57.219 - - [08/Mar/2017:13:21:43 -0300] "GET /cormun/static/Shared/jqueryui/images/ui-icons_82798d_256x240.png HTTP/1.1" 404 1089
200.83.57.219 - - [08/Mar/2017:13:21:43 -0300] "GET /cormun/static/Shared/jqueryui/images/ui-bg_flat_55_994d53_40x100.png HTTP/1.1" 404 1097
200.83.57.219 - - [08/Mar/2017:13:21:43 -0300] "GET /cormun/static/Shared/jqueryui/images/ui-icons_ebccce_256x240.png HTTP/1.1" 404 1089
200.83.57.219 - - [08/Mar/2017:13:21:44 -0300] "GET /cormun/servlet/permisogoce?98daf3fb6fc6c33d3cb55ec81b7ca8f0bd2f59a23b4cdece3d0d1fc963020968d8f2199cc7ad75bfaa63fad75782086ca90d3896c119a58c09a3fb62de4e9bee701de8533b40e5614eb037e98a5fa092,gx-no-cache=1488990176139 HTTP/1.1" 200 70
200.83.57.219 - - [08/Mar/2017:13:21:45 -0300] "GET /cormun/static/menuarrow.gif HTTP/1.1" 404 1015
186.103.159.182 - - [08/Mar/2017:13:21:47 -0300] "POST /cormun/servlet/solicitudot?gx-no-cache=1488990177993 HTTP/1.1" 200 122
186.103.159.182 - - [08/Mar/2017:13:21:47 -0300] "GET /cormun/servlet/solicitudot?d513c10847bf977b0e6f91091845b4ed3ecc26476837ae28898e1ad6037ea45d0e6cdf262dfaf0fa7c8645aca432eedf283dff9f68c32885173728bf17fea68ffd818d5e9d5b9c162829a89809e73c33b53442bb67d3373dacd341671f85983b25ae25126db6c56a0737517802fc9fd406b8891833b7a27f1c40666be1e5a9aaa907e646a8bc559595ed86a54a0d9185c3af29aa66f51f9f1979a2766a6368c9,gx-no-cache=1488990178056 HTTP/1.1" 200 29
186.103.159.182 - - [08/Mar/2017:13:21:47 -0300] "POST /cormun/servlet/solicitudot?gx-no-cache=1488990178094 HTTP/1.1" 200 1274
186.103.159.182 - - [08/Mar/2017:13:21:48 -0300] "POST /cormun/servlet/solicitudot?gx-no-cache=1488990178153 HTTP/1.1" 200 1157
186.103.159.182 - - [08/Mar/2017:13:21:48 -0300] "GET /cormun/servlet/solicitudot?d513c10847bf977b0e6f91091845b4ed31e7f5bedc1c9b9182ff5a3dc7b05baf77d6b8f51aa838e53b372d9e3530c4ae326379cd8da75c634f7fe2067159b68afff37a24966f9c6ee7540c57cfd8b695e31ddfd88e41cb6a7287f848edeefc84f3e0626a2a4ea27de88c0a5c0ed67c39ce6c098216bdef6b1049029e3d5fab6a94ace1896fbd34e1c76d4c835fdc09973163b50c2904cada7d1285111bc4b4738e8bff5fba0daf497a3fa4d09b540953e83b16bfeb1c06efbc4ffe8479d2028f,gx-no-cache=1488990178220 HTTP/1.1" 200 30
186.103.159.182 - - [08/Mar/2017:13:21:48 -0300] "POST /cormun/servlet/solicitudot?f4139f5be8a4522b64dd76bb35e959d5,UPD,2017,5306,,gx-no-cache=1488990178280 HTTP/1.1" 200 11379
200.83.57.219 - - [08/Mar/2017:13:21:54 -0300] "POST /cormun/servlet/permisogoce?8aee33ba4b5bbc5091ff7e573e103c2c,INS,0,,,,gx-no-cache=1488990184893 HTTP/1.1" 200 93
200.83.57.219 - - [08/Mar/2017:13:21:54 -0300] "GET /cormun/servlet/hpexe_return? HTTP/1.1" 200 1012
200.83.57.219 - - [08/Mar/2017:13:21:54 -0300] "GET /cormun/servlet/trpermisosgoce HTTP/1.1" 200 7812
200.83.57.219 - - [08/Mar/2017:13:21:54 -0300] "GET /cormun/servlet/trpermisosgoce HTTP/1.1" 200 7812
200.83.57.219 - - [08/Mar/2017:13:21:59 -0300] "GET /cormun/servlet/permisogoce?UPD,10812480,P,20170308141638, HTTP/1.1" 200 6908
186.103.159.182 - - [08/Mar/2017:13:21:59 -0300] "POST /cormun/servlet/solicitudot?gx-no-cache=1488990189576 HTTP/1.1" 200 3201
186.103.159.182 - - [08/Mar/2017:13:21:59 -0300] "POST /cormun/servlet/solicitudot?f4139f5be8a4522b64dd76bb35e959d5,UPD,2017,5306,,gx-no-cache=1488990189765 HTTP/1.1" 200 11174
186.103.159.182 - - [08/Mar/2017:13:21:59 -0300] "GET /cormun/servlet/solicitudot?d513c10847bf977b0e6f91091845b4ed34386c3b59c2aa58b548c4c933281e3a81220474d227927df8b59594145a612d,gx-no-cache=1488990190086 HTTP/1.1" 200 30
200.83.57.219 - - [08/Mar/2017:13:22:00 -0300] "GET /cormun/servlet/permisogoce?UPD,10812480,P,20170308141638, HTTP/1.1" 200 6908
186.103.159.182 - - [08/Mar/2017:13:22:00 -0300] "POST /cormun/servlet/solicitudot?gx-no-cache=1488990190159 HTTP/1.1" 200 240
186.103.159.182 - - [08/Mar/2017:13:22:00 -0300] "GET /cormun/servlet/solicitudot?d513c10847bf977b0e6f91091845b4edb0d4152fc039fdf9dc0bf9607ffb2e36463e601f0e788be40f6c42ee8b6fab952710798518db672f4157133e4354a82b50ea820bad9ac1aa89448c100acf3599fa321fbc8dbf0f00dffb3b2664f8d8bdfe65684b07c6ceb2bae8ed7a68eab9722f7cac9bb0f6e5eaf149a6a51b606b4ab280808640280201f7297c92507841d451d0c1083e11ba138613e44ac479e865b5fe9906f1c3fad9a33529228a6778d198da0fb0448ef2df1df6dffec52146cf3a1b37718df30caf9402bd11b6ed21871b736c8a1e99f396c448663f647a404cc0167fc949e42981ebeb6b052d6f7aa2b0f662f2f87b31104ba57824e12236710b8225dc18a5b14345b355d00a0efabb883d2988b2ffd9559dcd18add32df4632cd104b0994dbebd0f329fb0926f2577d763267098dfefd762e6d849c503b121bd6268471d10dd90e07985c773e2c43f32740430b101ef12e16ef08e75b003af86d9c480d7fda1209ce80283c1cadd14cc12ab379c6412655ca5adb7d2777588,gx-no-cache=1488990190209 HTTP/1.1" 200 30
186.103.159.182 - - [08/Mar/2017:13:22:00 -0300] "POST /cormun/servlet/solicitudot?gx-no-cache=1488990190584 HTTP/1.1" 200 30
200.83.57.219 - - [08/Mar/2017:13:22:00 -0300] "GET /cormun/servlet/permisogoce?98daf3fb6fc6c33d3cb55ec81b7ca8f0bd2f59a23b4cdece3d0d1fc9630209685724caae58fcdf88fa486afc08a5d5ed,gx-no-cache=1488990191770 HTTP/1.1" 200 73
186.103.159.182 - - [08/Mar/2017:13:22:00 -0300] "POST /cormun/servlet/solicitudot?gx-no-cache=1488990190653 HTTP/1.1" 200 1291
200.83.57.219 - - [08/Mar/2017:13:22:02 -0300] "GET /cormun/servlet/permisogoce?98daf3fb6fc6c33d3cb55ec81b7ca8f00680b597c3c99cdf4189bddffedee5a9665aea09f65dde622fe2dd14b92d5ec126a107c48cb9d114395b4a76538bf1a74681d7a58e891a9b7979852fd28f89eb,gx-no-cache=1488990193731 HTTP/1.1" 200 47
200.83.57.219 - - [08/Mar/2017:13:22:02 -0300] "POST /cormun/servlet/permisogoce?8aee33ba4b5bbc5091ff7e573e103c2c,UPD,10812480,P,20170308141638,,gx-no-cache=1488990193786 HTTP/1.1" 200 4361
200.83.57.219 - - [08/Mar/2017:13:22:02 -0300] "GET /cormun/static/Shared/jqueryui/images/ui-bg_highlight-soft_100_c6c2c8_1x100.png HTTP/1.1" 404 1117
200.83.57.219 - - [08/Mar/2017:13:22:02 -0300] "GET /cormun/static/Shared/jqueryui/images/ui-bg_flat_55_994d53_40x100.png HTTP/1.1" 404 1097
200.83.57.219 - - [08/Mar/2017:13:22:02 -0300] "GET /cormun/static/Shared/jqueryui/images/ui-icons_ebccce_256x240.png HTTP/1.1" 404 1089
200.83.57.219 - - [08/Mar/2017:13:22:02 -0300] "GET /cormun/static/Shared/jqueryui/images/ui-icons_82798d_256x240.png HTTP/1.1" 404 1089
200.83.57.219 - - [08/Mar/2017:13:22:03 -0300] "POST /cormun/servlet/permisogoce?8aee33ba4b5bbc5091ff7e573e103c2c,UPD,10812480,P,20170308141638,,gx-no-cache=1488990195158 HTTP/1.1" 200 93
200.83.57.219 - - [08/Mar/2017:13:22:03 -0300] "GET /cormun/servlet/hpexe_return? HTTP/1.1" 200 1030
200.83.57.219 - - [08/Mar/2017:13:22:04 -0300] "GET /cormun/servlet/trpermisosgoce HTTP/1.1" 200 7812
200.83.57.219 - - [08/Mar/2017:13:22:04 -0300] "GET /cormun/servlet/trpermisosgoce HTTP/1.1" 200 7808
200.83.57.219 - - [08/Mar/2017:13:22:06 -0300] "GET /cormun/servlet/apermisogoceprn?10812480,P,20170308141638,PU HTTP/1.1" 200 1565
186.103.159.182 - - [08/Mar/2017:13:22:31 -0300] "POST /cormun/servlet/solicitudot?gx-no-cache=1488990221583 HTTP/1.1" 200 3201
186.103.159.182 - - [08/Mar/2017:13:22:32 -0300] "POST /cormun/servlet/solicitudot?f4139f5be8a4522b64dd76bb35e959d5,UPD,2017,5306,,gx-no-cache=1488990222121 HTTP/1.1" 200 11216
186.103.159.182 - - [08/Mar/2017:13:22:32 -0300] "GET /cormun/servlet/solicitudot?d513c10847bf977b0e6f91091845b4ed34386c3b59c2aa58b548c4c933281e3a81220474d227927df8b59594145a612d,gx-no-cache=1488990222785 HTTP/1.1" 200 30
186.103.159.182 - - [08/Mar/2017:13:22:32 -0300] "POST /cormun/servlet/solicitudot?gx-no-cache=1488990222850 HTTP/1.1" 200 240
186.103.159.182 - - [08/Mar/2017:13:22:33 -0300] "GET /cormun/servlet/solicitudot?d513c10847bf977b0e6f91091845b4edb0d4152fc039fdf9dc0bf9607ffb2e36463e601f0e788be40f6c42ee8b6fab952710798518db672f4157133e4354a82b50ea820bad9ac1aa89448c100acf3599fa321fbc8dbf0f00dffb3b2664f8d8bdfe65684b07c6ceb2bae8ed7a68eab9722f7cac9bb0f6e5eaf149a6a51b606b4ab280808640280201f7297c92507841d451d0c1083e11ba138613e44ac479e865b5fe9906f1c3fad9a33529228a6778d198da0fb0448ef2df1df6dffec52146cf3a1b37718df30caf9402bd11b6ed21871b736c8a1e99f396c448663f647a404cc0167fc949e42981ebeb6b052d6f7aa2b0f662f2f87b31104ba57824e12236710b8225dc18a5b14345b355d00a0efabb883d2988b2ffd9559dcd18add32df4632cd104b0994dbebd0f329fb0926f2577d763267098dfefd762e6d849c503b121bd6268471d10dd90e07985c773e2c43f32740430b101ef12e16ef08e75b003af86d9c480d7fda1209ce80283c1cadd14cc12ab379c6412655ca5adb7d2777588,gx-no-cache=1488990222909 HTTP/1.1" 200 30
186.103.159.182 - - [08/Mar/2017:13:22:33 -0300] "POST /cormun/servlet/solicitudot?gx-no-cache=1488990223271 HTTP/1.1" 200 30
186.103.159.182 - - [08/Mar/2017:13:22:33 -0300] "POST /cormun/servlet/solicitudot?gx-no-cache=1488990223347 HTTP/1.1" 200 1291
186.103.159.182 - - [08/Mar/2017:13:22:42 -0300] "POST /cormun/servlet/solicitudot?gx-no-cache=1488990232569 HTTP/1.1" 200 122
186.103.159.182 - - [08/Mar/2017:13:22:42 -0300] "POST /cormun/servlet/solicitudot?gx-no-cache=1488990232629 HTTP/1.1" 200 1274
186.103.159.182 - - [08/Mar/2017:13:22:42 -0300] "POST /cormun/servlet/solicitudot?gx-no-cache=1488990232704 HTTP/1.1" 200 1157
186.103.159.182 - - [08/Mar/2017:13:22:42 -0300] "GET /cormun/servlet/solicitudot?d513c10847bf977b0e6f91091845b4ed31e7f5bedc1c9b9182ff5a3dc7b05baf77d6b8f51aa838e53b372d9e3530c4ae326379cd8da75c634f7fe2067159b68afff37a24966f9c6ee7540c57cfd8b695e31ddfd88e41cb6a7287f848edeefc84f3e0626a2a4ea27de88c0a5c0ed67c39ce6c098216bdef6b1049029e3d5fab6a94ace1896fbd34e1c76d4c835fdc09973163b50c2904cada7d1285111bc4b4738e8bff5fba0daf497a3fa4d09b540953e83b16bfeb1c06efbc4ffe8479d2028f,gx-no-cache=1488990232776 HTTP/1.1" 200 30
186.103.159.182 - - [08/Mar/2017:13:22:43 -0300] "POST /cormun/servlet/solicitudot?f4139f5be8a4522b64dd76bb35e959d5,UPD,2017,5306,,gx-no-cache=1488990232823 HTTP/1.1" 200 11521
192.168.10.62 - - [08/Mar/2017:13:22:46 -0300] "POST /cormun/servlet/trsolicitudgral?01791375478a4d94b1e94891a98ee5fd,,gx-no-cache=1488993450648 HTTP/1.1" 200 6634
192.168.10.62 - - [08/Mar/2017:13:22:54 -0300] "POST /cormun/servlet/trsolicitudgral?01791375478a4d94b1e94891a98ee5fd,,gx-no-cache=1488993458676 HTTP/1.1" 200 6259
186.103.132.155 - - [08/Mar/2017:13:25:01 -0300] "POST /cormun/servlet/solicitudot?gx-no-cache=1488986769171 HTTP/1.1" 200 297
186.103.132.155 - - [08/Mar/2017:13:25:01 -0300] "GET /cormun/servlet/solicitudot?1af8c948254449e013daed236b20000c266943d1c062cf94e96f0dda6c7a4b86c0444db218b88fee4f77a645aec058c941ca9dc68fd7df6c1f018464cafb6d83d7261b1beade87c5061e536ab54f6020727232004c2217c690c2ed987dc653bbda017d59fa2713e16064f2640a79079239e60ec4985ae3157a62769745f940a9bbbb431c02000a7190a38ac99274aaf5984ab54b6825574204a0e2e5b40104be666d6bf933fff74d2b54f7e9e6df9a7c5f7e95fd28ea2ba35eba613a83fb3cf4149b1d8726982dbdd7db330179d3cfbee09dd35c14d1080e8f00bd49867667401bd9e15a7c1a2e215649f8bdc7a013f83e9fe046be292431d823678be888c28d1bfc81132bcedc29b80f2775c4e86e1ceaec6a5adbd980b0bce8c290b0ad6a4fcb17f95dd6ae4580b96f447266c3e1b83763b85cae061e78dbe61542585608923a76ea6ebaff428b46483c27259eb4bf73f6fd60036e73cf9b59160d1f6df28edadc5ed9aefc10dade1a726f655df0d862ad21ceebe3f46d0b9eedb23b058cbfd5f0fa1f6736c207f52ab241b077cf79,gx-no-cache=1488986769806 HTTP/1.1" 200 30
186.103.132.155 - - [08/Mar/2017:13:25:03 -0300] "POST /cormun/servlet/solicitudot?gx-no-cache=1488986771293 HTTP/1.1" 200 30
186.103.132.155 - - [08/Mar/2017:13:25:05 -0300] "POST /cormun/servlet/solicitudot?gx-no-cache=1488986774270 HTTP/1.1" 200 235
186.103.132.155 - - [08/Mar/2017:13:25:05 -0300] "POST /cormun/servlet/solicitudot?gx-no-cache=1488986774458 HTTP/1.1" 200 38
186.103.132.155 - - [08/Mar/2017:13:25:35 -0300] "GET /cormun/servlet/solicitudot?1af8c948254449e013daed236b20000c837397e6da45f486426dc51dbc6f2be9d3620c7736ff449dfa97998c35cff6b390be4734bab4149bed22c6e6de9ed4f8c7cc4f1f6b5d9c1b603f14cb8e58ca9d4e4d6d8780f1ae04b4fe3eaaf6239949302608142bc1fe2a0a89b70055f87519,gx-no-cache=1488986803862 HTTP/1.1" 200 29
186.103.132.155 - - [08/Mar/2017:13:25:35 -0300] "POST /cormun/servlet/solicitudot?gx-no-cache=1488986804434 HTTP/1.1" 200 643
186.103.132.155 - - [08/Mar/2017:13:25:37 -0300] "POST /cormun/servlet/solicitudot?gx-no-cache=1488986805760 HTTP/1.1" 200 1157
186.103.132.155 - - [08/Mar/2017:13:25:44 -0300] "GET /cormun/static/menuarrow.gif HTTP/1.1" 404 1015
186.103.132.155 - - [08/Mar/2017:13:25:54 -0300] "GET /cormun/servlet/solicitudot?1af8c948254449e013daed236b20000c8f81f243a3f0c9d7d9611390e988fddd93960af03e52bdbbd7ec5898842fe90f78cd626df9cae833aa890b167de7a95fe94acd1c35b1405d06af06d35a8f7186d93c12e920f593dacbab4382bd4f11da8719ba247233a76f1d6891b75cfb1a2baf69a43302f7e4010bf078ad2cf966c4d2e2964a424cdf033cf7fd9f50dc31b58521c4edcdc337dedd9e2d425cc9e52660f74e750a5b202c7f116f5744660e5e,gx-no-cache=1488986823023 HTTP/1.1" 200 30
186.103.132.155 - - [08/Mar/2017:13:26:06 -0300] "POST /cormun/servlet/solicitudot?f82114c426f9721f02bea27be1fae0eb,INS,0,0,,gx-no-cache=1488986833906 HTTP/1.1" 200 93
186.103.132.155 - - [08/Mar/2017:13:26:06 -0300] "GET /cormun/servlet/hpexe_return? HTTP/1.1" 200 1010
186.103.132.155 - - [08/Mar/2017:13:26:06 -0300] "GET /cormun/servlet/hhome HTTP/1.1" 200 3807
186.103.132.155 - - [08/Mar/2017:13:26:07 -0300] "GET /cormun/servlet/hhome HTTP/1.1" 200 3805
186.103.132.155 - - [08/Mar/2017:13:26:16 -0300] "GET /cormun/servlet/trsolicitudot? HTTP/1.1" 200 8026
186.103.132.155 - - [08/Mar/2017:13:26:17 -0300] "GET /cormun/servlet/trsolicitudot? HTTP/1.1" 200 8024
186.103.132.155 - - [08/Mar/2017:13:26:22 -0300] "POST /cormun/servlet/trsolicitudot?f82114c426f9721f02bea27be1fae0eb,,gx-no-cache=1488986850817 HTTP/1.1" 200 106
186.103.132.155 - - [08/Mar/2017:13:26:22 -0300] "GET /cormun/servlet/solicitudot?UPD,2017,5349, HTTP/1.1" 200 14318
186.103.132.155 - - [08/Mar/2017:13:26:23 -0300] "GET /cormun/servlet/solicitudot?UPD,2017,5349, HTTP/1.1" 200 14327
186.103.132.155 - - [08/Mar/2017:13:26:24 -0300] "POST /cormun/servlet/solicitudot?gx-no-cache=1488986852395 HTTP/1.1" 200 3154
186.103.132.155 - - [08/Mar/2017:13:26:24 -0300] "POST /cormun/servlet/solicitudot?f82114c426f9721f02bea27be1fae0eb,UPD,2017,5349,,gx-no-cache=1488986853093 HTTP/1.1" 200 10860
186.103.132.155 - - [08/Mar/2017:13:26:25 -0300] "GET /cormun/servlet/solicitudot?1af8c948254449e013daed236b20000c2b66df7e42fa8d379adf82e214f943d7df55f30b484fc4b6bb28b25800e4493e,gx-no-cache=1488986853615 HTTP/1.1" 200 30
186.103.132.155 - - [08/Mar/2017:13:26:25 -0300] "POST /cormun/servlet/solicitudot?gx-no-cache=1488986853808 HTTP/1.1" 200 297
186.103.132.155 - - [08/Mar/2017:13:26:25 -0300] "GET /cormun/servlet/solicitudot?1af8c948254449e013daed236b20000c266943d1c062cf94e96f0dda6c7a4b86c0444db218b88fee4f77a645aec058c941ca9dc68fd7df6c1f018464cafb6d83d7261b1beade87c5061e536ab54f6020727232004c2217c690c2ed987dc653bbda017d59fa2713e16064f2640a79079239e60ec4985ae3157a62769745f940a9bbbb431c02000a7190a38ac99274aaf5984ab54b6825574204a0e2e5b40104be666d6bf933fff74d2b54f7e9e6df9a7c5f7e95fd28ea2ba35eba613a83fb3cf4149b1d8726982dbdd7db330179d3cfbee09dd35c14d1080e8f00bd49867667401bd9e15a7c1a2e215649f8bdc7a013f83e9fe046be292431d823678be888c28d1bfc81132bcedc29b80f2775c4e86e1ceaec6a5adbd980b0bce8c290b0ad6a4fcb17f95dd6ae4580b96f447266c3e1b83763b85cae061e78dbe61542585608923a76ea6ebaff428b46483c27259eb4bf73f6fd60036e73cf9b59160d1f6df28edadc5ed9aefc10dade1a726f655df0d8bea9f85bc7ee15d5dd3c099f681d628ed5f0fa1f6736c207f52ab241b077cf79,gx-no-cache=1488986854095 HTTP/1.1" 200 30
186.103.132.155 - - [08/Mar/2017:13:26:25 -0300] "POST /cormun/servlet/solicitudot?gx-no-cache=1488986854243 HTTP/1.1" 200 30
186.103.132.155 - - [08/Mar/2017:13:26:26 -0300] "POST /cormun/servlet/solicitudot?gx-no-cache=1488986854406 HTTP/1.1" 200 1287
186.103.132.155 - - [08/Mar/2017:13:26:26 -0300] "POST /cormun/servlet/solicitudot?gx-no-cache=1488986854694 HTTP/1.1" 200 41
186.103.132.155 - - [08/Mar/2017:13:26:35 -0300] "POST /cormun/servlet/solicitudot?gx-no-cache=1488986863922 HTTP/1.1" 200 30
186.103.132.155 - - [08/Mar/2017:13:26:35 -0300] "POST /cormun/servlet/solicitudot?gx-no-cache=1488986864120 HTTP/1.1" 200 1287
186.103.132.155 - - [08/Mar/2017:13:26:35 -0300] "POST /cormun/servlet/solicitudot?gx-no-cache=1488986864330 HTTP/1.1" 200 41
186.103.132.155 - - [08/Mar/2017:13:26:35 -0300] "GET /cormun/servlet/solicitudot?1af8c948254449e013daed236b20000cd7cd255dbf1fa683a8efb280c1232e05a3367a8767b82506993ccf9d1b8c5042c36d42f075228e45f60ff893328f8de20821c9b10de9d77484ff6102161a33595b9f8aaf34485d0d2d2de251beb5642fccbe5502add4581d92e87a8c0ef20541,gx-no-cache=1488986864436 HTTP/1.1" 200 29
186.103.132.155 - - [08/Mar/2017:13:26:36 -0300] "POST /cormun/servlet/solicitudot?gx-no-cache=1488986864563 HTTP/1.1" 200 1275
186.103.132.155 - - [08/Mar/2017:13:26:36 -0300] "POST /cormun/servlet/solicitudot?gx-no-cache=1488986864913 HTTP/1.1" 200 1157
186.103.132.155 - - [08/Mar/2017:13:26:36 -0300] "GET /cormun/servlet/solicitudot?1af8c948254449e013daed236b20000c8f81f243a3f0c9d7d9611390e988fddd93960af03e52bdbbd7ec5898842fe90f78cd626df9cae833aa890b167de7a95fe94acd1c35b1405d06af06d35a8f7186d93c12e920f593dacbab4382bd4f11da8719ba247233a76f1d6891b75cfb1a2baf69a43302f7e4010bf078ad2cf966c4d2e2964a424cdf033cf7fd9f50dc31b58521c4edcdc337dedd9e2d425cc9e52660f74e750a5b202c7f116f5744660e5e,gx-no-cache=1488986865171 HTTP/1.1" 200 30
186.103.132.155 - - [08/Mar/2017:13:26:36 -0300] "POST /cormun/servlet/solicitudot?f82114c426f9721f02bea27be1fae0eb,UPD,2017,5349,,gx-no-cache=1488986865320 HTTP/1.1" 200 93
186.103.132.155 - - [08/Mar/2017:13:26:37 -0300] "GET /cormun/servlet/hpexe_return? HTTP/1.1" 200 1015
186.103.132.155 - - [08/Mar/2017:13:26:37 -0300] "GET /cormun/servlet/trsolicitudot HTTP/1.1" 200 8028
186.103.132.155 - - [08/Mar/2017:13:26:37 -0300] "GET /cormun/servlet/trsolicitudot HTTP/1.1" 200 8024
186.103.132.155 - - [08/Mar/2017:13:26:40 -0300] "GET /cormun/servlet/solicitudot?INS,0,0, HTTP/1.1" 200 12597
186.103.132.155 - - [08/Mar/2017:13:26:40 -0300] "GET /cormun/servlet/solicitudot?INS,0,0, HTTP/1.1" 200 12602
186.103.132.155 - - [08/Mar/2017:13:26:44 -0300] "GET /cormun/servlet/trsolicitudot? HTTP/1.1" 200 8025
186.103.132.155 - - [08/Mar/2017:13:26:44 -0300] "GET /cormun/servlet/trsolicitudot? HTTP/1.1" 200 8024
186.103.132.155 - - [08/Mar/2017:13:26:49 -0300] "POST /cormun/servlet/trsolicitudot?f82114c426f9721f02bea27be1fae0eb,,gx-no-cache=1488986876666 HTTP/1.1" 200 107
186.103.132.155 - - [08/Mar/2017:13:26:49 -0300] "GET /cormun/servlet/trsolicitudadjuntos?2017,5349, HTTP/1.1" 200 5905
186.103.132.155 - - [08/Mar/2017:13:26:50 -0300] "GET /cormun/servlet/trsolicitudadjuntos?2017,5349, HTTP/1.1" 200 5905
186.103.132.155 - - [08/Mar/2017:13:26:51 -0300] "GET /cormun/servlet/solicitudotadjuntos?INS,2017,5349,,1, HTTP/1.1" 200 5839
186.103.132.155 - - [08/Mar/2017:13:26:52 -0300] "GET /cormun/static/about:blank HTTP/1.1" 404 1011
186.103.132.155 - - [08/Mar/2017:13:26:52 -0300] "GET /cormun/servlet/solicitudotadjuntos?INS,2017,5349,,1, HTTP/1.1" 200 5833
186.103.132.155 - - [08/Mar/2017:13:26:53 -0300] "GET /cormun/servlet/solicitudotadjuntos?1af8c948254449e013daed236b20000c5439124afb79d738d466f84d75e10ae45840c1ed8943d98347bd130f88c09a80,gx-no-cache=1488986881183 HTTP/1.1" 200 30
186.103.132.155 - - [08/Mar/2017:13:26:54 -0300] "POST /cormun/servlet/solicitudotadjuntos?f82114c426f9721f02bea27be1fae0eb,INS,2017,5349,,1,,gx-no-cache=1488986881745 HTTP/1.1" 200 3650
186.103.132.155 - - [08/Mar/2017:13:26:57 -0300] "POST /cormun/servlet/solicitudotadjuntos?gx-no-cache=1488986885386 HTTP/1.1" 200 26
186.103.132.155 - - [08/Mar/2017:13:27:13 -0300] "GET /cormun/servlet/solicitudotadjuntos?1af8c948254449e013daed236b20000c332549245a5252f392f46b616078ff79,gx-no-cache=1488986902042 HTTP/1.1" 200 30
186.103.132.155 - - [08/Mar/2017:13:27:13 -0300] "GET /cormun/servlet/solicitudotadjuntos?1af8c948254449e013daed236b20000c332549245a5252f392f46b616078ff79,gx-no-cache=1488986902165 HTTP/1.1" 200 30
186.103.132.155 - - [08/Mar/2017:13:27:19 -0300] "POST /cormun/servlet/solicitudotadjuntos?f82114c426f9721f02bea27be1fae0eb,INS,2017,5349,,1, HTTP/1.1" 200 116
186.103.132.155 - - [08/Mar/2017:13:27:19 -0300] "GET /cormun/servlet/hpexe_return? HTTP/1.1" 200 1028
186.103.132.155 - - [08/Mar/2017:13:27:20 -0300] "GET /cormun/servlet/trsolicitudadjuntos?2017,5349, HTTP/1.1" 200 7998
186.103.132.155 - - [08/Mar/2017:13:27:20 -0300] "GET /cormun/servlet/trsolicitudadjuntos?2017,5349, HTTP/1.1" 200 7997
186.103.132.155 - - [08/Mar/2017:13:27:24 -0300] "GET /cormun/servlet/solicitudotadjuntos?INS,2017,5349,,1, HTTP/1.1" 200 5840
186.103.132.155 - - [08/Mar/2017:13:27:24 -0300] "GET /cormun/static/about:blank HTTP/1.1" 404 1011
186.103.132.155 - - [08/Mar/2017:13:27:24 -0300] "GET /cormun/servlet/solicitudotadjuntos?INS,2017,5349,,1, HTTP/1.1" 200 5834
186.103.132.155 - - [08/Mar/2017:13:27:25 -0300] "GET /cormun/servlet/solicitudotadjuntos?1af8c948254449e013daed236b20000c5439124afb79d738d466f84d75e10ae45840c1ed8943d98347bd130f88c09a80,gx-no-cache=1488986913701 HTTP/1.1" 200 30
186.103.132.155 - - [08/Mar/2017:13:27:25 -0300] "POST /cormun/servlet/solicitudotadjuntos?f82114c426f9721f02bea27be1fae0eb,INS,2017,5349,,1,,gx-no-cache=1488986913847 HTTP/1.1" 200 3650
186.103.132.155 - - [08/Mar/2017:13:27:29 -0300] "POST /cormun/servlet/solicitudotadjuntos?gx-no-cache=1488986918347 HTTP/1.1" 200 26
186.103.132.155 - - [08/Mar/2017:13:27:38 -0300] "GET /cormun/servlet/solicitudotadjuntos?1af8c948254449e013daed236b20000c332549245a5252f392f46b616078ff79,gx-no-cache=1488986927074 HTTP/1.1" 200 30
186.103.132.155 - - [08/Mar/2017:13:27:38 -0300] "GET /cormun/servlet/solicitudotadjuntos?1af8c948254449e013daed236b20000c332549245a5252f392f46b616078ff79,gx-no-cache=1488986927309 HTTP/1.1" 200 30
186.103.132.155 - - [08/Mar/2017:13:27:41 -0300] "POST /cormun/servlet/solicitudotadjuntos?f82114c426f9721f02bea27be1fae0eb,INS,2017,5349,,1, HTTP/1.1" 200 116
186.103.132.155 - - [08/Mar/2017:13:27:41 -0300] "GET /cormun/servlet/hpexe_return? HTTP/1.1" 200 1028
186.103.132.155 - - [08/Mar/2017:13:27:42 -0300] "GET /cormun/servlet/trsolicitudadjuntos?2017,5349, HTTP/1.1" 200 8217
186.103.132.155 - - [08/Mar/2017:13:27:44 -0300] "GET /cormun/servlet/trsolicitudadjuntos?2017,5349, HTTP/1.1" 200 8214
186.103.132.155 - - [08/Mar/2017:13:27:48 -0300] "GET /cormun/servlet/solicitudotadjuntos?INS,2017,5349,,1, HTTP/1.1" 200 5840
186.103.132.155 - - [08/Mar/2017:13:27:48 -0300] "GET /cormun/static/about:blank HTTP/1.1" 404 1011
186.103.132.155 - - [08/Mar/2017:13:27:48 -0300] "GET /cormun/servlet/solicitudotadjuntos?INS,2017,5349,,1, HTTP/1.1" 200 5834
186.103.132.155 - - [08/Mar/2017:13:27:49 -0300] "GET /cormun/servlet/solicitudotadjuntos?1af8c948254449e013daed236b20000c5439124afb79d738d466f84d75e10ae45840c1ed8943d98347bd130f88c09a80,gx-no-cache=1488986937778 HTTP/1.1" 200 30
186.103.132.155 - - [08/Mar/2017:13:27:49 -0300] "POST /cormun/servlet/solicitudotadjuntos?f82114c426f9721f02bea27be1fae0eb,INS,2017,5349,,1,,gx-no-cache=1488986937942 HTTP/1.1" 200 3650
186.103.132.155 - - [08/Mar/2017:13:27:59 -0300] "POST /cormun/servlet/solicitudotadjuntos?gx-no-cache=1488986947485 HTTP/1.1" 200 26
186.103.132.155 - - [08/Mar/2017:13:28:07 -0300] "GET /cormun/servlet/solicitudotadjuntos?1af8c948254449e013daed236b20000c332549245a5252f392f46b616078ff79,gx-no-cache=1488986955922 HTTP/1.1" 200 30
186.103.132.155 - - [08/Mar/2017:13:28:07 -0300] "GET /cormun/servlet/solicitudotadjuntos?1af8c948254449e013daed236b20000c332549245a5252f392f46b616078ff79,gx-no-cache=1488986956059 HTTP/1.1" 200 30
186.103.132.155 - - [08/Mar/2017:13:28:09 -0300] "POST /cormun/servlet/solicitudotadjuntos?f82114c426f9721f02bea27be1fae0eb,INS,2017,5349,,1, HTTP/1.1" 200 116
186.103.132.155 - - [08/Mar/2017:13:28:10 -0300] "GET /cormun/servlet/hpexe_return? HTTP/1.1" 200 1028
186.103.132.155 - - [08/Mar/2017:13:28:10 -0300] "GET /cormun/servlet/trsolicitudadjuntos?2017,5349, HTTP/1.1" 200 8355
186.103.132.155 - - [08/Mar/2017:13:28:11 -0300] "GET /cormun/servlet/trsolicitudadjuntos?2017,5349, HTTP/1.1" 200 8354
186.103.132.155 - - [08/Mar/2017:13:28:15 -0300] "GET /cormun/servlet/solicitudotadjuntos?INS,2017,5349,,1, HTTP/1.1" 200 5840
186.103.132.155 - - [08/Mar/2017:13:28:16 -0300] "GET /cormun/static/about:blank HTTP/1.1" 404 1011
186.103.132.155 - - [08/Mar/2017:13:28:17 -0300] "GET /cormun/servlet/solicitudotadjuntos?INS,2017,5349,,1, HTTP/1.1" 200 5833
186.103.132.155 - - [08/Mar/2017:13:28:17 -0300] "GET /cormun/servlet/solicitudotadjuntos?1af8c948254449e013daed236b20000c5439124afb79d738d466f84d75e10ae45840c1ed8943d98347bd130f88c09a80,gx-no-cache=1488986966435 HTTP/1.1" 200 30
186.103.132.155 - - [08/Mar/2017:13:28:18 -0300] "POST /cormun/servlet/solicitudotadjuntos?f82114c426f9721f02bea27be1fae0eb,INS,2017,5349,,1,,gx-no-cache=1488986966571 HTTP/1.1" 200 3650
186.103.132.155 - - [08/Mar/2017:13:28:21 -0300] "POST /cormun/servlet/solicitudotadjuntos?gx-no-cache=1488986969552 HTTP/1.1" 200 26
186.103.132.155 - - [08/Mar/2017:13:28:27 -0300] "GET /cormun/servlet/solicitudotadjuntos?1af8c948254449e013daed236b20000c332549245a5252f392f46b616078ff79,gx-no-cache=1488986975857 HTTP/1.1" 200 30
186.103.132.155 - - [08/Mar/2017:13:28:27 -0300] "GET /cormun/servlet/solicitudotadjuntos?1af8c948254449e013daed236b20000c332549245a5252f392f46b616078ff79,gx-no-cache=1488986975962 HTTP/1.1" 200 30
192.168.10.62 - - [08/Mar/2017:13:28:31 -0300] "POST /cormun/servlet/trsolicitudgral?01791375478a4d94b1e94891a98ee5fd,,gx-no-cache=1488993795029 HTTP/1.1" 200 6223
186.103.132.155 - - [08/Mar/2017:13:28:33 -0300] "POST /cormun/servlet/solicitudotadjuntos?f82114c426f9721f02bea27be1fae0eb,INS,2017,5349,,1, HTTP/1.1" 200 116
186.103.132.155 - - [08/Mar/2017:13:28:33 -0300] "GET /cormun/servlet/hpexe_return? HTTP/1.1" 200 1028
186.103.132.155 - - [08/Mar/2017:13:28:34 -0300] "GET /cormun/servlet/trsolicitudadjuntos?2017,5349, HTTP/1.1" 200 8488
186.103.132.155 - - [08/Mar/2017:13:28:35 -0300] "GET /cormun/servlet/trsolicitudadjuntos?2017,5349, HTTP/1.1" 200 8487
186.79.164.248 - - [08/Mar/2017:13:28:51 -0300] "GET /cormun/servlet/hlogin HTTP/1.1" 200 1746
186.79.164.248 - - [08/Mar/2017:13:29:18 -0300] "POST /cormun/servlet/hlogin?8b958f0a824b1c6d40efcbdae6b31afa,gx-no-cache=1488990625768 HTTP/1.1" 200 90
186.79.164.248 - - [08/Mar/2017:13:29:18 -0300] "GET /cormun/servlet/hpexe_link HTTP/1.1" 200 966
186.79.164.248 - - [08/Mar/2017:13:29:18 -0300] "GET /cormun/servlet/trautorizarpermisogoce HTTP/1.1" 200 7489
186.79.164.248 - - [08/Mar/2017:13:29:19 -0300] "GET /cormun/servlet/trautorizarpermisogoce HTTP/1.1" 200 7488
186.79.164.248 - - [08/Mar/2017:13:30:06 -0300] "GET /cormun/servlet/apermisogoceprn?7141963,P,20170308121751,PU HTTP/1.1" 200 1572
186.79.164.248 - - [08/Mar/2017:13:31:01 -0300] "GET /cormun/servlet/hlogin HTTP/1.1" 200 1744
186.103.157.42 - - [08/Mar/2017:13:31:05 -0300] "GET /cormun/servlet/hlogin HTTP/1.1" 200 1721
186.103.157.42 - - [08/Mar/2017:13:31:05 -0300] "GET /cormun/static/gxtimezone.js?85251 HTTP/1.1" 200 5781
186.103.157.42 - - [08/Mar/2017:13:31:05 -0300] "GET /cormun/static/gxcfg.js?201612216162538 HTTP/1.1" 200 953
186.103.157.42 - - [08/Mar/2017:13:31:05 -0300] "GET /cormun/static/gxgral.js?85251 HTTP/1.1" 304 -
186.103.157.42 - - [08/Mar/2017:13:31:05 -0300] "GET /cormun/static/Resources/Spanish/PXTools.css?167811 HTTP/1.1" 304 -
186.103.157.42 - - [08/Mar/2017:13:31:05 -0300] "GET /cormun/static/messages.spa.js?85251 HTTP/1.1" 200 30736
186.103.157.42 - - [08/Mar/2017:13:31:06 -0300] "GET /cormun/static/Resources/ComunLogin.png HTTP/1.1" 304 -
186.103.157.42 - - [08/Mar/2017:13:31:06 -0300] "GET /cormun/static/Resources/PXToolsLoginTop.png HTTP/1.1" 304 -
186.103.157.42 - - [08/Mar/2017:13:31:06 -0300] "GET /cormun/static/Resources/PXToolsButtonRight21.png HTTP/1.1" 304 -
186.103.157.42 - - [08/Mar/2017:13:31:06 -0300] "GET /cormun/static/Resources/PXToolsButtonLeft21.png HTTP/1.1" 304 -
186.103.157.42 - - [08/Mar/2017:13:31:06 -0300] "GET /cormun/static/Resources/PXToolsLoginBackground.png HTTP/1.1" 304 -
186.103.157.42 - - [08/Mar/2017:13:31:06 -0300] "GET /cormun/static/hlogin.js?201612216162555 HTTP/1.1" 304 -
186.103.157.42 - - [08/Mar/2017:13:31:06 -0300] "GET /cormun/static/Resources/PXToolsButtonBackground2.png HTTP/1.1" 304 -
186.103.157.42 - - [08/Mar/2017:13:31:06 -0300] "GET /cormun/static/Resources/PXToolsLoginBottom.png HTTP/1.1" 304 -
186.103.157.42 - - [08/Mar/2017:13:31:06 -0300] "GET /cormun/servlet/hlogin HTTP/1.1" 200 1729
186.103.157.42 - - [08/Mar/2017:13:31:06 -0300] "GET /cormun/static/Resources/indicator.gif HTTP/1.1" 304 -
186.103.157.42 - - [08/Mar/2017:13:31:06 -0300] "GET /cormun/static/Resources/indicator.gif HTTP/1.1" 200 1553
186.103.157.42 - - [08/Mar/2017:13:31:06 -0300] "GET /favicon.ico HTTP/1.1" 304 -
186.103.157.42 - - [08/Mar/2017:13:31:33 -0300] "GET /cormun/servlet/hlogin HTTP/1.1" 200 1725
186.103.157.42 - - [08/Mar/2017:13:31:36 -0300] "POST /cormun/servlet/hlogin?c2456e4bd8a8f81b97126983fd3cc386,gx-no-cache=1488990768222 HTTP/1.1" 200 90
186.103.157.42 - - [08/Mar/2017:13:31:36 -0300] "GET /cormun/servlet/hpexe_link HTTP/1.1" 200 956
186.103.157.42 - - [08/Mar/2017:13:31:36 -0300] "GET /cormun/static/Resources/Spanish/PXTools.css?18365030 HTTP/1.1" 304 -
186.103.157.42 - - [08/Mar/2017:13:31:36 -0300] "GET /cormun/static/hpexe_link.js?201612218515532 HTTP/1.1" 304 -
186.103.157.42 - - [08/Mar/2017:13:31:36 -0300] "GET /cormun/servlet/hhome HTTP/1.1" 200 4045
186.103.157.42 - - [08/Mar/2017:13:31:36 -0300] "GET /cormun/static/hwchdr01.js?201612218432057 HTTP/1.1" 304 -
186.103.157.42 - - [08/Mar/2017:13:31:36 -0300] "GET /cormun/static/hhome.js?201612218515573 HTTP/1.1" 304 -
186.103.157.42 - - [08/Mar/2017:13:31:36 -0300] "GET /cormun/static/Resources/PXToolsFooterBackground2.png HTTP/1.1" 304 -
186.103.157.42 - - [08/Mar/2017:13:31:36 -0300] "GET /cormun/static/hpexe_recentlink.js?201610171694390 HTTP/1.1" 304 -
186.103.157.42 - - [08/Mar/2017:13:31:36 -0300] "GET /cormun/static/hpexe_messagepopupcomponent.js?20161017169425 HTTP/1.1" 304 -
186.103.157.42 - - [08/Mar/2017:13:31:36 -0300] "GET /cormun/static/hpexe_messagecontroller.js?201610171694323 HTTP/1.1" 304 -
186.103.157.42 - - [08/Mar/2017:13:31:36 -0300] "GET /cormun/static/hpexe_scripts.js?201612218432016 HTTP/1.1" 304 -
186.103.157.42 - - [08/Mar/2017:13:31:36 -0300] "GET /cormun/static/hpexe_messagegenexuscomponent.js?201612218431816 HTTP/1.1" 304 -
186.103.157.42 - - [08/Mar/2017:13:31:37 -0300] "GET /cormun/static/cmcontrolpreferences.js?201612218431999 HTTP/1.1" 304 -
186.103.157.42 - - [08/Mar/2017:13:31:37 -0300] "GET /cormun/static/hmpwkw03.js?20161221852152 HTTP/1.1" 304 -
186.103.157.42 - - [08/Mar/2017:13:31:37 -0300] "GET /cormun/servlet/hhome HTTP/1.1" 200 4042
192.168.10.62 - - [08/Mar/2017:13:31:38 -0300] "GET /cormun/servlet/trconsultaempleado? HTTP/1.1" 200 6285
192.168.10.62 - - [08/Mar/2017:13:31:39 -0300] "GET /cormun/servlet/trconsultaempleado? HTTP/1.1" 200 6284
192.168.10.62 - - [08/Mar/2017:13:31:39 -0300] "GET /cormun/servlet/trconsultaempleado? HTTP/1.1" 200 6284
192.168.10.62 - - [08/Mar/2017:13:31:39 -0300] "GET /cormun/servlet/trconsultaempleado? HTTP/1.1" 200 6284
186.103.157.42 - - [08/Mar/2017:13:31:46 -0300] "GET /cormun/servlet/trlicencias? HTTP/1.1" 200 6906
186.103.157.42 - - [08/Mar/2017:13:31:46 -0300] "GET /cormun/servlet/trlicencias? HTTP/1.1" 200 6905
192.168.10.62 - - [08/Mar/2017:13:31:53 -0300] "POST /cormun/servlet/trconsultaempleado?01791375478a4d94b1e94891a98ee5fd,,gx-no-cache=1488993996907 HTTP/1.1" 200 3963
192.168.10.62 - - [08/Mar/2017:13:31:55 -0300] "GET /cormun/servlet/trsolicitudnombre?16378826, HTTP/1.1" 200 7179
192.168.10.62 - - [08/Mar/2017:13:31:55 -0300] "GET /cormun/servlet/trsolicitudnombre?16378826, HTTP/1.1" 200 7179
186.103.157.42 - - [08/Mar/2017:13:31:58 -0300] "GET /cormun/servlet/licenciaspermisos?INS,0,,, HTTP/1.1" 200 7412
186.103.157.42 - - [08/Mar/2017:13:31:59 -0300] "GET /cormun/servlet/licenciaspermisos?INS,0,,, HTTP/1.1" 200 7410
192.168.10.62 - - [08/Mar/2017:13:32:02 -0300] "GET /cormun/servlet/vesolicitudnombre?2016,377,, HTTP/1.1" 200 8053
192.168.10.62 - - [08/Mar/2017:13:32:02 -0300] "GET /cormun/pexe_scrolldiv.js HTTP/1.1" 404 1009
192.168.10.62 - - [08/Mar/2017:13:32:02 -0300] "GET /cormun/pexe_scrolldiv.js HTTP/1.1" 404 1009
192.168.10.62 - - [08/Mar/2017:13:32:03 -0300] "GET /cormun/servlet/vesolicitudnombre?2016,377,, HTTP/1.1" 200 8047
186.103.157.42 - - [08/Mar/2017:13:32:08 -0300] "POST /cormun/servlet/licenciaspermisos?c2456e4bd8a8f81b97126983fd3cc386,INS,0,,,,gx-no-cache=1488990801109 HTTP/1.1" 200 4790
186.103.157.42 - - [08/Mar/2017:13:32:09 -0300] "GET /cormun/static/Shared/jqueryui/images/ui-bg_highlight-soft_100_c6c2c8_1x100.png HTTP/1.1" 404 1117
186.103.157.42 - - [08/Mar/2017:13:32:09 -0300] "GET /cormun/static/Shared/jqueryui/images/ui-bg_flat_55_994d53_40x100.png HTTP/1.1" 404 1097
186.103.157.42 - - [08/Mar/2017:13:32:09 -0300] "GET /cormun/static/Shared/jqueryui/images/ui-icons_ebccce_256x240.png HTTP/1.1" 404 1089
186.103.157.42 - - [08/Mar/2017:13:32:09 -0300] "GET /cormun/static/Shared/jqueryui/images/ui-icons_82798d_256x240.png HTTP/1.1" 404 1089
186.103.157.42 - - [08/Mar/2017:13:32:12 -0300] "GET /cormun/servlet/licenciaspermisos?5cbde3e0693a8298936935a9482a0f392c2edc7578c8c288dcd6df34389dd5792a0080a85f680a34c763c9fb0c2edd4f15044b8a3583b55abbea75c743a5bf55d8ceac5d528e114e7d4c119e4736dc0a,gx-no-cache=1488990804966 HTTP/1.1" 200 61
186.103.157.42 - - [08/Mar/2017:13:32:12 -0300] "POST /cormun/servlet/licenciaspermisos?c2456e4bd8a8f81b97126983fd3cc386,INS,0,,,,gx-no-cache=1488990805022 HTTP/1.1" 200 4600
186.103.157.42 - - [08/Mar/2017:13:32:30 -0300] "GET /cormun/static/menuarrow.gif HTTP/1.1" 404 1015
186.103.157.42 - - [08/Mar/2017:13:32:34 -0300] "POST /cormun/servlet/licenciaspermisos?c2456e4bd8a8f81b97126983fd3cc386,INS,0,,,,gx-no-cache=1488990826629 HTTP/1.1" 200 4731
186.103.132.155 - - [08/Mar/2017:13:33:40 -0300] "GET /cormun/servlet/solicitudotadjuntos?INS,2017,5349,,1, HTTP/1.1" 200 5838
186.103.157.42 - - [08/Mar/2017:13:33:41 -0300] "GET /cormun/servlet/licenciaspermisos?5cbde3e0693a8298936935a9482a0f39ca1d23415d987feb6c72c4445cdc27287b9b10476b45266c1987ff3eb62f1a33e90dc2c9aa681e4f65080e40a822316d2530d451c1dd69c38a66b77b098606fc383bd2fc1b23414ec40b7db4b4efc2a805ecb1de8f96ff2aff323208851a7236f0cf6fc13cf224315d924e7ed399f3baf543f4835aaf3bab114c6c7dbb3453cf68b52669b8d5b3b95ca0660cf1f43fc8033c31fe058c777b27bcdf5994853c8d430557f252b2342c57fb2dd554bf666442ed13a0b8163a70c302463583312f675dca547029ee6c38d19d310c1719707f,gx-no-cache=1488990893397 HTTP/1.1" 200 30
186.103.157.42 - - [08/Mar/2017:13:33:41 -0300] "GET /cormun/servlet/licenciaspermisos?5cbde3e0693a8298936935a9482a0f3992df7d2858c8a5184525fda211defde654bb1453319daffa4c663264f8b5028963a241fc40604919679c9e557ea7377e5e9e1e2b2f9b9324aa6b97e99d695ce6434206e4d05eda20e1e842fe6daa63d78a648918a65e7773a1f7fe0102b271aeedfc1d5af34b17fd4bb2cd61de47746dadcd30fd664463676de38339add1b29e34b00bd93eef41448b641d62efe10b6b83fc647a9cbaa8d2013978270d41e28ca68ad14dbbc7940dfd37cd6e95c91b924fc21878a9719abe7832c36805277f9f41c5fce263367ed2ce998df33b0116bd,gx-no-cache=1488990893461 HTTP/1.1" 200 29
186.103.157.42 - - [08/Mar/2017:13:33:41 -0300] "POST /cormun/servlet/licenciaspermisos?c2456e4bd8a8f81b97126983fd3cc386,INS,0,,,,gx-no-cache=1488990893539 HTTP/1.1" 200 93
186.103.157.42 - - [08/Mar/2017:13:33:41 -0300] "GET /cormun/servlet/hpexe_return? HTTP/1.1" 200 1013
