186.103.132.155 - - [08/Mar/2017:10:52:07 -0300] "GET /cormun/servlet/solicitudot?6c6cc43e7687d7d004cbbbaf00f75f47e0cfeb69bef3ef6a7c7cf1b165711c95340921a73c68967d74c0ff07bbf73d7b,gx-no-cache=1488977596480 HTTP/1.1" 200 30
186.79.146.0 - - [08/Mar/2017:10:52:11 -0300] "GET /cormun/servlet/trautorizarsolicitud? HTTP/1.1" 200 8140
186.79.146.0 - - [08/Mar/2017:10:52:13 -0300] "GET /cormun/servlet/trautorizarsolicitud? HTTP/1.1" 200 8138
186.103.132.155 - - [08/Mar/2017:10:52:17 -0300] "POST /cormun/servlet/solicitudot?gx-no-cache=1488977605851 HTTP/1.1" 200 255
186.103.132.155 - - [08/Mar/2017:10:52:17 -0300] "GET /cormun/servlet/solicitudot?6c6cc43e7687d7d004cbbbaf00f75f47930a55f8fadc5b27448c05ca63f73f6709470208101588c2b64a52e0e36b43670b1365bf840ef81e7f853612fea87014a7841cb26363eee96077851b586c3df04870dc8f08278e31636fee780581a93f7ee97e9a52149874916f4933c51d23e2b37cf281c342710d535bd48f481243ee779ee14e180eaca2727743731c228c534dc05ac2c274c4d3dff344be141e24cf1d59f6fff754cb03e9b3f59a4b71b12e2254055653f2bc33040e36a96d945a95b82b27cf14549913ffda8a7f011a31e41a0c6b63111fbd07762df4bfbcd9943f43617fe93e572f61ef8a4368cc25b2427a7327605847351557451902f0d9416a46c771707447c3473d2ca488187465b62acb235dacf1707e9f75f1576f825a3c99b0f706b73b94a2005ffcffdec1a0ed6d5b4a645c78437db1849cae7e497b8a555642f38f287d11d8dcd267de57d4480ef8df6205177298e9f9c8919e041e5c631ff132c196909450cd856db58416f6dab91be30fb4b4e59f3c2d36783f07dc,gx-no-cache=1488977605946 HTTP/1.1" 200 30
186.103.132.155 - - [08/Mar/2017:10:52:18 -0300] "POST /cormun/servlet/solicitudot?gx-no-cache=1488977607413 HTTP/1.1" 200 30
186.103.132.155 - - [08/Mar/2017:10:52:20 -0300] "POST /cormun/servlet/solicitudot?gx-no-cache=1488977609204 HTTP/1.1" 200 1291
186.103.132.155 - - [08/Mar/2017:10:52:20 -0300] "POST /cormun/servlet/solicitudot?gx-no-cache=1488977609393 HTTP/1.1" 200 38
186.103.132.155 - - [08/Mar/2017:10:52:25 -0300] "GET /cormun/servlet/solicitudot?6c6cc43e7687d7d004cbbbaf00f75f477abc2721404a886b5a06da54396447ea77ebc7c5dd7a43fd0363d722640b79b32e6946b5ef0585243fce2f1eee299664f92367e9f36bb2b1476b19636da01d3680f5c0be97050a6362e229d9e2e7e2fc33538b7f2c5e9fabe775b2b6b20049c09515943995ec86aea8b788140faaadf905b52912d15e03bd4ab3b7b748b731ee654c1e4311f3e51dfe48190b51fa678d,gx-no-cache=1488977614357 HTTP/1.1" 200 29
186.103.132.155 - - [08/Mar/2017:10:52:25 -0300] "POST /cormun/servlet/solicitudot?gx-no-cache=1488977614410 HTTP/1.1" 200 1275
186.103.132.155 - - [08/Mar/2017:10:52:25 -0300] "POST /cormun/servlet/solicitudot?gx-no-cache=1488977614496 HTTP/1.1" 200 1157
186.103.132.155 - - [08/Mar/2017:10:52:26 -0300] "GET /cormun/static/menuarrow.gif HTTP/1.1" 404 1015
186.103.132.155 - - [08/Mar/2017:10:52:27 -0300] "POST /cormun/servlet/solicitudot?gx-no-cache=1488977616080 HTTP/1.1" 200 1275
186.103.132.155 - - [08/Mar/2017:10:52:27 -0300] "POST /cormun/servlet/solicitudot?gx-no-cache=1488977616143 HTTP/1.1" 200 1157
186.79.146.0 - - [08/Mar/2017:10:52:32 -0300] "POST /cormun/servlet/trautorizarsolicitud?7c3306fa0bba79f8c18a0d630e8ec974,,gx-no-cache=1488981083807 HTTP/1.1" 200 4306
186.79.146.0 - - [08/Mar/2017:10:52:32 -0300] "GET /cormun/static/Shared/jqueryui/images/ui-bg_highlight-soft_100_c6c2c8_1x100.png HTTP/1.1" 404 1117
186.79.146.0 - - [08/Mar/2017:10:52:33 -0300] "GET /cormun/static/Shared/jqueryui/images/ui-icons_82798d_256x240.png HTTP/1.1" 404 1089
186.79.146.0 - - [08/Mar/2017:10:52:33 -0300] "GET /cormun/static/Shared/jqueryui/images/ui-bg_flat_55_fafafa_40x100.png HTTP/1.1" 404 1097
186.79.146.0 - - [08/Mar/2017:10:52:33 -0300] "GET /cormun/static/Shared/jqueryui/images/ui-icons_8d78a5_256x240.png HTTP/1.1" 404 1089
186.79.146.0 - - [08/Mar/2017:10:52:33 -0300] "POST /cormun/servlet/trautorizarsolicitud?7c3306fa0bba79f8c18a0d630e8ec974,,gx-no-cache=1488981084729 HTTP/1.1" 200 4085
186.103.132.155 - - [08/Mar/2017:10:52:36 -0300] "GET /cormun/servlet/solicitudot?6c6cc43e7687d7d004cbbbaf00f75f47a0ca0f6b12964dcb13279573f35ff2d99ad7ee079b945d3766bcc958611dc167026e99e70318c85c5a862aedde4ae83d253f4d24da0d9e695a8e2cc6722192c786e699c306b5b72e1566a438ab111972927d4374ee7caa6c75fe82398120604623a9c77d9d55dc8a723a271ad762d1dff13eda27a655a6d618249b1bb5613623a60407f87aee488620155ac8bd8ac3891079291f1f4617b7ec542ee586d4dfe4,gx-no-cache=1488977625158 HTTP/1.1" 200 30
186.103.132.155 - - [08/Mar/2017:10:53:44 -0300] "POST /cormun/servlet/solicitudot?7bced8b595bc9b2c19a200346027c598,INS,0,0,,gx-no-cache=1488977692498 HTTP/1.1" 200 93
186.103.132.155 - - [08/Mar/2017:10:53:44 -0300] "GET /cormun/servlet/hpexe_return? HTTP/1.1" 200 1000
186.103.132.155 - - [08/Mar/2017:10:53:44 -0300] "GET /cormun/servlet/trsolicitudot HTTP/1.1" 200 11626
186.103.132.155 - - [08/Mar/2017:10:53:45 -0300] "GET /cormun/servlet/trsolicitudot HTTP/1.1" 200 11621
186.103.132.155 - - [08/Mar/2017:10:53:53 -0300] "GET /cormun/servlet/solicitudot?INS,0,0, HTTP/1.1" 200 12590
186.103.132.155 - - [08/Mar/2017:10:53:54 -0300] "GET /cormun/servlet/solicitudot?INS,0,0, HTTP/1.1" 200 12594
186.103.159.44 - - [08/Mar/2017:10:54:02 -0300] "GET /cormun/static/menuarrow.gif HTTP/1.1" 404 1015
186.103.132.155 - - [08/Mar/2017:10:55:19 -0300] "GET /cormun/servlet/prfichaempleado?,MD,,gxPopupLevel%3D0%3B HTTP/1.1" 200 8845
192.168.10.62 - - [08/Mar/2017:10:56:42 -0300] "GET /cormun/servlet/hlogin HTTP/1.1" 200 1744
186.103.159.44 - - [08/Mar/2017:10:56:56 -0300] "GET /cormun/servlet/licenciaspermisos?cd5ef17a4a86d32dc460969bdecff497e6dabcd9d2c67b57bb40369b1a40e34dff75241c72e145a718305626bb8f55255b0663758f37a32b94e2576eae56639d3ea43bee9f940998ef5c650476206db8827649c1dd222170a6a442af35c857f14c0de341e09dd3e0c7729cbe217c4f6fb2c98d1293496956a244eb5757792c35bb0936e98e944e828bfaf20c08cfb7de46599c9c985f34e4c02a761e4e82de03379d46ac3a7f7249d8ada553e3c637fb,gx-no-cache=1488981481440 HTTP/1.1" 200 30
186.103.159.44 - - [08/Mar/2017:10:56:56 -0300] "GET /cormun/servlet/licenciaspermisos?cd5ef17a4a86d32dc460969bdecff4976f3d04958fa6bbfa278aa608e847aa3703288275d40d1451c574fe678cd950aee1300ba50427d94798ac43810fcd4d8f93e1768f7a4cd1cf1335d7b932c229726d58702e966164151a54de6cc0e60dd8e4a16bb3ca094b4d9cdb9e1f48f59f9101549b060fd01c7c3f651584bb12bfac32c09cc4bb1124e852905a81fd621a5c0ed67f6b92c0bcca351935f67d0f5d15c2ccd1c2001d49fe951657cb3737675b,gx-no-cache=1488981481828 HTTP/1.1" 200 29
186.103.159.44 - - [08/Mar/2017:10:56:56 -0300] "POST /cormun/servlet/licenciaspermisos?903ac5fb65bdda01d19d4725d222f26b,INS,0,,,,gx-no-cache=1488981482193 HTTP/1.1" 200 93
186.103.159.44 - - [08/Mar/2017:10:56:56 -0300] "GET /cormun/servlet/hpexe_return? HTTP/1.1" 200 1014
186.103.159.44 - - [08/Mar/2017:10:56:57 -0300] "GET /cormun/servlet/trlicencias HTTP/1.1" 200 7795
186.103.132.155 - - [08/Mar/2017:10:56:57 -0300] "POST /cormun/servlet/prfichaempleado?7bced8b595bc9b2c19a200346027c598,,MD,,gxPopupLevel%3D0%3B,gx-no-cache=1488977886276 HTTP/1.1" 200 3399
186.103.159.44 - - [08/Mar/2017:10:57:02 -0300] "GET /cormun/servlet/trlicenciaspermisosadjuntos?11275458,20170308000000,L, HTTP/1.1" 200 6133
186.103.159.44 - - [08/Mar/2017:10:57:03 -0300] "GET /cormun/static/gxcfg.js?2016122813131454 HTTP/1.1" 200 953
186.103.159.44 - - [08/Mar/2017:10:57:03 -0300] "GET /cormun/static/trlicenciaspermisosadjuntos.js?2016122813131728 HTTP/1.1" 304 -
186.103.132.155 - - [08/Mar/2017:10:57:04 -0300] "POST /cormun/servlet/solicitudot?gx-no-cache=1488977892930 HTTP/1.1" 200 3170
186.103.132.155 - - [08/Mar/2017:10:57:04 -0300] "POST /cormun/servlet/solicitudot?7bced8b595bc9b2c19a200346027c598,INS,0,0,,gx-no-cache=1488977893106 HTTP/1.1" 200 9765
186.103.132.155 - - [08/Mar/2017:10:57:04 -0300] "GET /cormun/servlet/solicitudot?6c6cc43e7687d7d004cbbbaf00f75f479bf6fe8f54a02563b6f63a9e35815b425cdba3d886eee2895804e67e518ab76d,gx-no-cache=1488977893433 HTTP/1.1" 200 30
186.103.132.155 - - [08/Mar/2017:10:57:24 -0300] "POST /cormun/servlet/solicitudot?gx-no-cache=1488977913232 HTTP/1.1" 200 255
186.103.132.155 - - [08/Mar/2017:10:57:24 -0300] "GET /cormun/servlet/solicitudot?6c6cc43e7687d7d004cbbbaf00f75f47930a55f8fadc5b27448c05ca63f73f6709470208101588c2b64a52e0e36b43670b1365bf840ef81e7f853612fea87014a7841cb26363eee96077851b586c3df04870dc8f08278e31636fee780581a93f7ee97e9a52149874916f4933c51d23e2b37cf281c342710d535bd48f481243ee779ee14e180eaca2727743731c228c534dc05ac2c274c4d3dff344be141e24cf1d59f6fff754cb03e9b3f59a4b71b12e2254055653f2bc33040e36a96d945a95b82b27cf14549913ffda8a7f011a31e41a0c6b63111fbd07762df4bfbcd9943f43617fe93e572f61ef8a4368cc25b2427a7327605847351557451902f0d9416a46c771707447c3473d2ca488187465b62acb235dacf1707e9f75f1576f825a3c99b0f706b73b94a2005ffcffdec1a0ed6d5b4a645c78437db1849cae7e497b8a555642f38f287d11d8dcd267de57d4480ef8df6205177298e9f9c8919e041e5c631ff132c196909450cd856db58416f6dab91be30fb4b4e59f3c2d36783f07dc,gx-no-cache=1488977913459 HTTP/1.1" 200 30
186.103.132.155 - - [08/Mar/2017:10:57:29 -0300] "POST /cormun/servlet/solicitudot?gx-no-cache=1488977918306 HTTP/1.1" 200 30
186.103.132.155 - - [08/Mar/2017:10:57:33 -0300] "POST /cormun/servlet/solicitudot?gx-no-cache=1488977921942 HTTP/1.1" 200 1291
186.103.132.155 - - [08/Mar/2017:10:57:33 -0300] "POST /cormun/servlet/solicitudot?gx-no-cache=1488977922055 HTTP/1.1" 200 38
192.168.10.62 - - [08/Mar/2017:10:57:35 -0300] "POST /cormun/servlet/hlogin?a66e9c7fc2e792a6381d94cb63048e7e,gx-no-cache=1488984739776 HTTP/1.1" 200 90
192.168.10.62 - - [08/Mar/2017:10:57:35 -0300] "GET /cormun/servlet/hpexe_link HTTP/1.1" 200 985
192.168.10.62 - - [08/Mar/2017:10:57:36 -0300] "GET /cormun/servlet/trsolicitudgral?gx-no-cache=1488983807901 HTTP/1.1" 200 7980
192.168.10.62 - - [08/Mar/2017:10:57:36 -0300] "GET /cormun/servlet/trsolicitudgral?gx-no-cache=1488983807901 HTTP/1.1" 200 8002
192.168.10.62 - - [08/Mar/2017:10:57:43 -0300] "GET /cormun/servlet/trconsultaempleado? HTTP/1.1" 200 6207
192.168.10.62 - - [08/Mar/2017:10:57:43 -0300] "GET /cormun/servlet/trconsultaempleado? HTTP/1.1" 200 6184
186.103.132.155 - - [08/Mar/2017:10:57:43 -0300] "GET /cormun/servlet/solicitudot?6c6cc43e7687d7d004cbbbaf00f75f477abc2721404a886b5a06da54396447ea77ebc7c5dd7a43fd0363d722640b79b32e6946b5ef0585243fce2f1eee299664f92367e9f36bb2b1476b19636da01d3680f5c0be97050a6362e229d9e2e7e2fc33538b7f2c5e9fabe775b2b6b20049c09515943995ec86aea8b788140faaadf905b52912d15e03bd4ab3b7b748b731ee654c1e4311f3e51dfe48190b51fa678d,gx-no-cache=1488977932496 HTTP/1.1" 200 29
186.103.132.155 - - [08/Mar/2017:10:57:44 -0300] "POST /cormun/servlet/solicitudot?gx-no-cache=1488977932593 HTTP/1.1" 200 1274
186.103.132.155 - - [08/Mar/2017:10:57:44 -0300] "POST /cormun/servlet/solicitudot?gx-no-cache=1488977932704 HTTP/1.1" 200 1156
186.103.132.155 - - [08/Mar/2017:10:57:44 -0300] "GET /cormun/static/menuarrow.gif HTTP/1.1" 404 1015
186.103.132.155 - - [08/Mar/2017:10:57:45 -0300] "POST /cormun/servlet/solicitudot?gx-no-cache=1488977934105 HTTP/1.1" 200 1274
186.103.132.155 - - [08/Mar/2017:10:57:45 -0300] "POST /cormun/servlet/solicitudot?gx-no-cache=1488977934337 HTTP/1.1" 200 1156
186.103.132.155 - - [08/Mar/2017:10:57:57 -0300] "GET /cormun/servlet/solicitudot?6c6cc43e7687d7d004cbbbaf00f75f4763394f09d7ae108e2bcbef8e603685ddfc22ab20a8038ee42f49dfee575ce059a62d0c3e0444c89cd6ed10c425d0ab2b936c3d3024d3fe7a7a138dcd8c55a6c54d89b5953b9c74c2247190053c63cf54437d70a0d8667e5cdc4efc68f91e9c9fc3f4329446837925db7c3e9e8718a9114792634a509e10d6454ae4e91fb9e322829031daf46dfba12b5d22821df9404790e66de9164a63de60932b3549c5a7de,gx-no-cache=1488977946231 HTTP/1.1" 200 30
186.103.159.44 - - [08/Mar/2017:10:58:01 -0300] "GET /cormun/servlet/trsolicitudot? HTTP/1.1" 200 9414
186.103.159.44 - - [08/Mar/2017:10:58:08 -0300] "GET /cormun/servlet/trlicencias? HTTP/1.1" 200 7792
186.103.132.155 - - [08/Mar/2017:10:58:09 -0300] "POST /cormun/servlet/solicitudot?7bced8b595bc9b2c19a200346027c598,INS,0,0,,gx-no-cache=1488977957624 HTTP/1.1" 200 93
186.103.132.155 - - [08/Mar/2017:10:58:09 -0300] "GET /cormun/servlet/hpexe_return? HTTP/1.1" 200 1000
186.103.132.155 - - [08/Mar/2017:10:58:09 -0300] "GET /cormun/servlet/trsolicitudot HTTP/1.1" 200 12012
186.103.132.155 - - [08/Mar/2017:10:58:10 -0300] "GET /cormun/servlet/trsolicitudot HTTP/1.1" 200 12007
192.168.10.62 - - [08/Mar/2017:10:58:36 -0300] "POST /cormun/servlet/trconsultaempleado?a66e9c7fc2e792a6381d94cb63048e7e,,gx-no-cache=1488984800039 HTTP/1.1" 200 3762
192.168.10.62 - - [08/Mar/2017:10:58:38 -0300] "POST /cormun/servlet/trconsultaempleado?a66e9c7fc2e792a6381d94cb63048e7e,,gx-no-cache=1488984802223 HTTP/1.1" 200 3769
192.168.10.62 - - [08/Mar/2017:10:58:41 -0300] "POST /cormun/servlet/trconsultaempleado?a66e9c7fc2e792a6381d94cb63048e7e,,gx-no-cache=1488984805115 HTTP/1.1" 200 3769
192.168.10.62 - - [08/Mar/2017:10:58:50 -0300] "GET /cormun/servlet/trsolicitudgral? HTTP/1.1" 200 7982
192.168.10.62 - - [08/Mar/2017:10:58:51 -0300] "GET /cormun/servlet/trsolicitudgral? HTTP/1.1" 200 7982
192.168.10.62 - - [08/Mar/2017:10:59:09 -0300] "POST /cormun/servlet/trsolicitudgral?a66e9c7fc2e792a6381d94cb63048e7e,,gx-no-cache=1488984833376 HTTP/1.1" 200 4972
192.168.10.62 - - [08/Mar/2017:10:59:13 -0300] "GET /cormun/static/menuarrow.gif HTTP/1.1" 404 1015
192.168.10.62 - - [08/Mar/2017:10:59:22 -0300] "POST /cormun/servlet/trsolicitudgral?a66e9c7fc2e792a6381d94cb63048e7e,,gx-no-cache=1488984846402 HTTP/1.1" 200 4974
192.168.10.62 - - [08/Mar/2017:10:59:35 -0300] "POST /cormun/servlet/trsolicitudgral?a66e9c7fc2e792a6381d94cb63048e7e,,gx-no-cache=1488984858321 HTTP/1.1" 200 21874
192.168.10.62 - - [08/Mar/2017:10:59:51 -0300] "POST /cormun/servlet/trsolicitudgral?a66e9c7fc2e792a6381d94cb63048e7e,,gx-no-cache=1488984874514 HTTP/1.1" 200 105
192.168.10.62 - - [08/Mar/2017:10:59:51 -0300] "GET /cormun/SolicitudGral-7499.xls HTTP/1.1" 200 67072
192.168.10.96 - - [08/Mar/2017:11:00:36 -0300] "GET /cormun/servlet/vesolicitudnombre?2017,5213,,SolicitudOTAdjuntos HTTP/1.1" 200 10465
192.168.10.96 - - [08/Mar/2017:11:00:36 -0300] "GET /cormun/servlet/vesolicitudnombre?2017,5213,,SolicitudOTAdjuntos HTTP/1.1" 200 10469
192.168.10.96 - - [08/Mar/2017:11:00:37 -0300] "POST /cormun/servlet/acontrolpreferencessavestate?None,DZAMUDIO,true HTTP/1.1" 200 35
192.168.10.96 - - [08/Mar/2017:11:00:38 -0300] "GET /cormun/servlet/trconsultaempleado? HTTP/1.1" 200 6548
192.168.10.96 - - [08/Mar/2017:11:00:39 -0300] "GET /cormun/servlet/trconsultaempleado? HTTP/1.1" 200 6531
186.103.132.155 - - [08/Mar/2017:11:00:39 -0300] "GET /cormun/servlet/solicitudot?INS,0,0, HTTP/1.1" 200 12589
186.103.132.155 - - [08/Mar/2017:11:00:40 -0300] "GET /cormun/servlet/solicitudot?INS,0,0, HTTP/1.1" 200 12594
192.168.10.96 - - [08/Mar/2017:11:00:46 -0300] "POST /cormun/servlet/trconsultaempleado?1ffd9fa6d53544215be08d2257722560,,gx-no-cache=1488984930404 HTTP/1.1" 200 4350
192.168.10.96 - - [08/Mar/2017:11:00:47 -0300] "GET /cormun/servlet/trsolicitudnombre?15993133, HTTP/1.1" 200 7168
192.168.10.96 - - [08/Mar/2017:11:00:48 -0300] "GET /cormun/servlet/trsolicitudnombre?15993133, HTTP/1.1" 200 7168
186.103.132.155 - - [08/Mar/2017:11:00:49 -0300] "GET /cormun/servlet/prfichaempleado?,MD,,gxPopupLevel%3D0%3B HTTP/1.1" 200 8845
192.168.10.96 - - [08/Mar/2017:11:00:50 -0300] "GET /cormun/servlet/vesolicitudnombre?2017,4727,, HTTP/1.1" 200 8386
192.168.10.96 - - [08/Mar/2017:11:00:50 -0300] "GET /cormun/pexe_scrolldiv.js HTTP/1.1" 404 1009
192.168.10.96 - - [08/Mar/2017:11:00:50 -0300] "GET /cormun/pexe_scrolldiv.js HTTP/1.1" 404 1009
192.168.10.96 - - [08/Mar/2017:11:00:50 -0300] "GET /cormun/servlet/vesolicitudnombre?2017,4727,, HTTP/1.1" 200 8379
192.168.10.96 - - [08/Mar/2017:11:00:52 -0300] "GET /cormun/servlet/vesolicitudnombre?2017,4727,,SolicitudOTAdjuntos HTTP/1.1" 200 7341
192.168.10.96 - - [08/Mar/2017:11:00:52 -0300] "GET /cormun/pexe_scrolldiv.js HTTP/1.1" 404 1009
192.168.10.96 - - [08/Mar/2017:11:00:52 -0300] "GET /cormun/pexe_scrolldiv.js HTTP/1.1" 404 1009
192.168.10.96 - - [08/Mar/2017:11:00:52 -0300] "GET /cormun/servlet/vesolicitudnombre?2017,4727,,SolicitudOTAdjuntos HTTP/1.1" 200 7342
192.168.10.96 - - [08/Mar/2017:11:00:53 -0300] "POST /cormun/servlet/acontrolpreferencessavestate?None,DZAMUDIO,true HTTP/1.1" 200 35
192.168.10.96 - - [08/Mar/2017:11:00:55 -0300] "GET /cormun/servlet/vesolicitudnombre?2017,4727,, HTTP/1.1" 200 8386
192.168.10.96 - - [08/Mar/2017:11:00:55 -0300] "GET /cormun/servlet/vesolicitudnombre?2017,4727,, HTTP/1.1" 200 8379
192.168.10.96 - - [08/Mar/2017:11:00:56 -0300] "POST /cormun/servlet/vesolicitudnombre?1ffd9fa6d53544215be08d2257722560,2017,4727,,,gx-no-cache=1488984940600 HTTP/1.1" 200 90
192.168.10.96 - - [08/Mar/2017:11:00:56 -0300] "GET /cormun/servlet/hpexe_link HTTP/1.1" 200 981
192.168.10.96 - - [08/Mar/2017:11:00:56 -0300] "GET /cormun/servlet/trsolicitudnombre?15993133, HTTP/1.1" 200 7170
192.168.10.96 - - [08/Mar/2017:11:00:57 -0300] "GET /cormun/servlet/trsolicitudnombre?15993133, HTTP/1.1" 200 7168
186.103.248.213 - - [08/Mar/2017:11:01:07 -0300] "GET /cormun/servlet/hlogin HTTP/1.1" 200 1724
186.103.248.213 - - [08/Mar/2017:11:01:07 -0300] "GET /cormun/static/gxtimezone.js?85251 HTTP/1.1" 200 5781
186.103.248.213 - - [08/Mar/2017:11:01:07 -0300] "GET /cormun/static/gxcfg.js?201612216162538 HTTP/1.1" 200 953
186.103.248.213 - - [08/Mar/2017:11:01:07 -0300] "GET /cormun/static/Resources/Spanish/PXTools.css?167811 HTTP/1.1" 200 89042
186.103.248.213 - - [08/Mar/2017:11:01:08 -0300] "GET /cormun/static/messages.spa.js?85251 HTTP/1.1" 200 30736
186.103.248.213 - - [08/Mar/2017:11:01:08 -0300] "GET /cormun/static/hlogin.js?201612216162555 HTTP/1.1" 200 2136
186.103.248.213 - - [08/Mar/2017:11:01:08 -0300] "GET /cormun/static/Resources/ComunLogin.png HTTP/1.1" 200 17326
186.103.248.213 - - [08/Mar/2017:11:01:08 -0300] "GET /cormun/static/gxgral.js?85251 HTTP/1.1" 200 384558
186.103.248.213 - - [08/Mar/2017:11:01:08 -0300] "GET /cormun/static/Resources/PXToolsLoginTop.png HTTP/1.1" 200 1337
186.103.248.213 - - [08/Mar/2017:11:01:08 -0300] "GET /cormun/static/Resources/PXToolsLoginBackground.png HTTP/1.1" 200 1164
186.103.248.213 - - [08/Mar/2017:11:01:08 -0300] "GET /cormun/static/Resources/PXToolsButtonLeft21.png HTTP/1.1" 200 1287
186.103.248.213 - - [08/Mar/2017:11:01:08 -0300] "GET /cormun/static/Resources/PXToolsButtonRight21.png HTTP/1.1" 200 1283
186.103.248.213 - - [08/Mar/2017:11:01:09 -0300] "GET /cormun/static/Resources/indicator.gif HTTP/1.1" 200 1553
186.103.248.213 - - [08/Mar/2017:11:01:09 -0300] "GET /cormun/static/Resources/PXToolsButtonBackground2.png HTTP/1.1" 200 1181
186.103.248.213 - - [08/Mar/2017:11:01:09 -0300] "GET /cormun/static/Resources/PXToolsLoginBottom.png HTTP/1.1" 200 1389
186.103.248.213 - - [08/Mar/2017:11:01:09 -0300] "GET /cormun/servlet/hlogin HTTP/1.1" 200 1727
186.103.248.213 - - [08/Mar/2017:11:01:09 -0300] "GET /favicon.ico HTTP/1.1" 200 21630
186.103.248.213 - - [08/Mar/2017:11:01:16 -0300] "POST /cormun/servlet/hlogin?01bc42930564ea329f7d1e9dd96acb2f,gx-no-cache=1488981745462 HTTP/1.1" 200 90
186.103.248.213 - - [08/Mar/2017:11:01:16 -0300] "GET /cormun/servlet/hpexe_link HTTP/1.1" 200 953
186.103.248.213 - - [08/Mar/2017:11:01:16 -0300] "GET /cormun/static/gxcfg.js?201612218515529 HTTP/1.1" 200 953
186.103.248.213 - - [08/Mar/2017:11:01:16 -0300] "GET /cormun/static/hpexe_link.js?201612218515532 HTTP/1.1" 200 625
186.103.248.213 - - [08/Mar/2017:11:01:16 -0300] "GET /cormun/static/Resources/Spanish/PXTools.css?18365030 HTTP/1.1" 200 89042
186.103.248.213 - - [08/Mar/2017:11:01:16 -0300] "GET /cormun/servlet/hhome HTTP/1.1" 200 3764
186.103.248.213 - - [08/Mar/2017:11:01:17 -0300] "GET /cormun/static/Shared/jqueryui/jquery-ui.min.css?1345370 HTTP/1.1" 200 30288
186.103.248.213 - - [08/Mar/2017:11:01:17 -0300] "GET /cormun/static/SmoothNavMenu/resources/ddsmoothmenu-v.css?1112540 HTTP/1.1" 200 1188
186.103.248.213 - - [08/Mar/2017:11:01:17 -0300] "GET /cormun/static/SmoothNavMenu/resources/ddsmoothmenu.css?1112540 HTTP/1.1" 200 2223
186.103.248.213 - - [08/Mar/2017:11:01:17 -0300] "GET /cormun/static/gxcfg.js?201612218515568 HTTP/1.1" 200 953
186.103.248.213 - - [08/Mar/2017:11:01:17 -0300] "GET /cormun/static/scaMessage/css/jquery.pnotify.default.css?1816380 HTTP/1.1" 200 1707
186.103.248.213 - - [08/Mar/2017:11:01:17 -0300] "GET /cormun/static/PXToolsJavascripts/pexe_autoreload.js HTTP/1.1" 200 1762
186.103.248.213 - - [08/Mar/2017:11:01:17 -0300] "GET /cormun/static/PXToolsJavascripts/pexe_cookies.js HTTP/1.1" 200 792
186.103.248.213 - - [08/Mar/2017:11:01:17 -0300] "GET /cormun/static/PXToolsJavascripts/pexe_windows.js HTTP/1.1" 200 15207
186.103.248.213 - - [08/Mar/2017:11:01:17 -0300] "GET /cormun/static/PXToolsJavascripts/pexe_griddivfix.js HTTP/1.1" 200 6644
186.103.248.213 - - [08/Mar/2017:11:01:17 -0300] "GET /cormun/static/PXToolsJavascripts/pexe_link.js HTTP/1.1" 200 5671
186.103.248.213 - - [08/Mar/2017:11:01:17 -0300] "GET /cormun/static/PXToolsJavascripts/pexe_grid.js HTTP/1.1" 200 7559
186.103.248.213 - - [08/Mar/2017:11:01:17 -0300] "GET /cormun/static/PXToolsJavascripts/pexe_menudivfix.js HTTP/1.1" 200 333
186.103.248.213 - - [08/Mar/2017:11:01:17 -0300] "GET /cormun/static/PXToolsJavascripts/pexe_menus.js HTTP/1.1" 200 1286
186.103.248.213 - - [08/Mar/2017:11:01:17 -0300] "GET /cormun/static/PXToolsJavascripts/pexe_layers.js HTTP/1.1" 200 4114
186.103.248.213 - - [08/Mar/2017:11:01:17 -0300] "GET /cormun/static/PXToolsJavascripts/pexe_oav.js HTTP/1.1" 200 645
186.103.248.213 - - [08/Mar/2017:11:01:17 -0300] "GET /cormun/static/PXToolsJavascripts/pexe_oavdivfix.js HTTP/1.1" 200 639
186.103.248.213 - - [08/Mar/2017:11:01:17 -0300] "GET /cormun/static/PXToolsJavascripts/pexe_picture.js HTTP/1.1" 200 689
186.103.248.213 - - [08/Mar/2017:11:01:17 -0300] "GET /cormun/static/PXToolsJavascripts/pexe_popup.js HTTP/1.1" 200 13458
186.103.248.213 - - [08/Mar/2017:11:01:17 -0300] "GET /cormun/static/PXToolsJavascripts/pexe_scrolldiv.js HTTP/1.1" 200 4138
186.103.248.213 - - [08/Mar/2017:11:01:17 -0300] "GET /cormun/static/PXToolsJavascripts/pexe_tabs.js HTTP/1.1" 200 3748
186.103.248.213 - - [08/Mar/2017:11:01:17 -0300] "GET /cormun/static/PXToolsJavascripts/pexe_tabdivfix.js HTTP/1.1" 200 876
186.103.248.213 - - [08/Mar/2017:11:01:17 -0300] "GET /cormun/static/PXToolsJavascripts/pexe_upload.js HTTP/1.1" 200 1423
186.103.248.213 - - [08/Mar/2017:11:01:17 -0300] "GET /cormun/static/PXToolsJavascripts/PXToolsJavascriptsRender.js HTTP/1.1" 200 367
186.103.248.213 - - [08/Mar/2017:11:01:17 -0300] "GET /cormun/static/RunJS/RunJS.js HTTP/1.1" 200 288
186.103.248.213 - - [08/Mar/2017:11:01:17 -0300] "GET /cormun/static/Shared/ext/locale/ext-lang-en.js HTTP/1.1" 200 10940
186.103.248.213 - - [08/Mar/2017:11:01:17 -0300] "GET /cormun/static/hhome.js?201612218515573 HTTP/1.1" 200 777
186.103.248.213 - - [08/Mar/2017:11:01:17 -0300] "GET /cormun/static/hwchdr01.js?201612218432057 HTTP/1.1" 200 1183
186.103.248.213 - - [08/Mar/2017:11:01:17 -0300] "GET /cormun/static/Resources/PXToolsHeaderPreferences.png HTTP/1.1" 200 4189
186.103.248.213 - - [08/Mar/2017:11:01:17 -0300] "GET /cormun/static/Resources/PXToolsHeaderActionsLeft.png HTTP/1.1" 200 1118
186.103.248.213 - - [08/Mar/2017:11:01:17 -0300] "GET /cormun/static/Resources/PXToolsFooterBackground2.png HTTP/1.1" 200 1172
186.103.248.213 - - [08/Mar/2017:11:01:17 -0300] "GET /cormun/static/Resources/logo4.png HTTP/1.1" 200 6582
186.103.248.213 - - [08/Mar/2017:11:01:17 -0300] "GET /cormun/static/Resources/PXToolsHeaderLogin.png HTTP/1.1" 200 4279
186.103.248.213 - - [08/Mar/2017:11:01:17 -0300] "GET /cormun/static/Resources/PXToolsDataTitle.png HTTP/1.1" 200 1173
186.103.248.213 - - [08/Mar/2017:11:01:17 -0300] "GET /cormun/static/Resources/PXToolsHeaderActionsBackground.png HTTP/1.1" 200 484
186.103.248.213 - - [08/Mar/2017:11:01:17 -0300] "GET /cormun/static/Resources/PXToolsHeaderBackground2.png HTTP/1.1" 200 1174
186.103.248.213 - - [08/Mar/2017:11:01:17 -0300] "GET /cormun/static/gxui/gxui-all.js HTTP/1.1" 200 107772
186.103.248.213 - - [08/Mar/2017:11:01:17 -0300] "GET /cormun/static/Resources/PXToolsHeaderSecurity.png HTTP/1.1" 200 4166
186.103.248.213 - - [08/Mar/2017:11:01:17 -0300] "GET /cormun/static/Resources/PXToolsHeaderActionsRight.png HTTP/1.1" 200 1201
186.103.248.213 - - [08/Mar/2017:11:01:17 -0300] "GET /cormun/static/Resources/PXToolsHeaderHome.png HTTP/1.1" 200 4147
186.103.248.213 - - [08/Mar/2017:11:01:17 -0300] "GET /cormun/static/hpexe_recentlink.js?201610171694390 HTTP/1.1" 200 2144
186.103.248.213 - - [08/Mar/2017:11:01:17 -0300] "GET /cormun/static/hpexe_scripts.js?201612218432016 HTTP/1.1" 200 1544
186.103.248.213 - - [08/Mar/2017:11:01:17 -0300] "GET /cormun/static/hpexe_messagecontroller.js?201610171694323 HTTP/1.1" 200 870
186.103.248.213 - - [08/Mar/2017:11:01:17 -0300] "GET /cormun/static/hpexe_messagepopupcomponent.js?20161017169425 HTTP/1.1" 200 605
186.103.248.213 - - [08/Mar/2017:11:01:17 -0300] "GET /cormun/static/hpexe_messagegenexuscomponent.js?201612218431816 HTTP/1.1" 200 587
186.103.248.213 - - [08/Mar/2017:11:01:17 -0300] "GET /cormun/static/cmcontrolpreferences.js?201612218431999 HTTP/1.1" 200 1375
186.103.248.213 - - [08/Mar/2017:11:01:17 -0300] "GET /cormun/static/Shared/jquery/jquery-1.4.2.min.js HTTP/1.1" 200 72174
186.103.248.213 - - [08/Mar/2017:11:01:18 -0300] "GET /cormun/static/SmoothNavMenu/resources/ddsmoothmenu.js HTTP/1.1" 200 12712
186.103.248.213 - - [08/Mar/2017:11:01:18 -0300] "GET /cormun/static/SmoothNavMenu/resources/SmoothNavMenuRender.js HTTP/1.1" 200 5951
186.103.248.213 - - [08/Mar/2017:11:01:18 -0300] "GET /cormun/static/scaMessage/js/jquery.pnotify.min.js HTTP/1.1" 200 13038
186.103.248.213 - - [08/Mar/2017:11:01:18 -0300] "GET /cormun/static/scaMessage/scaMessageRender.js HTTP/1.1" 200 11977
186.103.248.213 - - [08/Mar/2017:11:01:18 -0300] "GET /cormun/static/hmpwkw03.js?20161221852152 HTTP/1.1" 200 3965
186.103.248.213 - - [08/Mar/2017:11:01:19 -0300] "GET /cormun/static/Shared/jquery/jquery-1.10.2.min.js HTTP/1.1" 200 273199
186.103.248.213 - - [08/Mar/2017:11:01:19 -0300] "GET /cormun/static/Shared/jqueryui/jquery-ui.min.js HTTP/1.1" 200 240427
186.103.248.213 - - [08/Mar/2017:11:01:20 -0300] "GET /cormun/static/Shared/ext/ext-all.js HTTP/1.1" 200 1289687
186.103.248.213 - - [08/Mar/2017:11:01:21 -0300] "GET /cormun/static/SmoothNavMenu/resources/images/down.gif HTTP/1.1" 200 854
186.103.248.213 - - [08/Mar/2017:11:01:21 -0300] "GET /cormun/servlet/hhome HTTP/1.1" 200 3760
186.103.248.213 - - [08/Mar/2017:11:02:52 -0300] "GET /cormun/servlet/trsolicitudot? HTTP/1.1" 200 6723
186.103.248.213 - - [08/Mar/2017:11:02:52 -0300] "GET /cormun/static/gxui/gxui-all.css?120300 HTTP/1.1" 200 2179
186.103.248.213 - - [08/Mar/2017:11:02:52 -0300] "GET /cormun/static/calendar-system.css?85620 HTTP/1.1" 200 5572
186.103.248.213 - - [08/Mar/2017:11:02:52 -0300] "GET /cormun/static/gxcfg.js?20171191044697 HTTP/1.1" 200 953
186.103.248.213 - - [08/Mar/2017:11:02:52 -0300] "GET /cormun/static/calendar-setup.js?85251 HTTP/1.1" 200 2588
186.103.248.213 - - [08/Mar/2017:11:02:52 -0300] "GET /cormun/static/calendar-es.js?85251 HTTP/1.1" 200 1901
186.103.248.213 - - [08/Mar/2017:11:02:52 -0300] "GET /cormun/static/calendar.js?85251 HTTP/1.1" 200 26246
186.103.248.213 - - [08/Mar/2017:11:02:52 -0300] "GET /cormun/static/gxdec.js?85251 HTTP/1.1" 200 19579
186.103.248.213 - - [08/Mar/2017:11:02:52 -0300] "GET /cormun/static/trsolicitudot.js?20171191045625 HTTP/1.1" 200 53117
186.103.248.213 - - [08/Mar/2017:11:02:52 -0300] "GET /cormun/static/Resources/PXTools/calendar.png HTTP/1.1" 200 1306
186.103.248.213 - - [08/Mar/2017:11:02:53 -0300] "GET /cormun/static/Resources/PXToolsDataSearch.png HTTP/1.1" 200 419
186.103.248.213 - - [08/Mar/2017:11:02:53 -0300] "GET /cormun/static/Resources/PXToolsGridFirstDisabled.gif HTTP/1.1" 200 100
186.103.248.213 - - [08/Mar/2017:11:02:53 -0300] "GET /cormun/static/Resources/PXToolsGridPreviousDisabled.gif HTTP/1.1" 200 90
186.103.248.213 - - [08/Mar/2017:11:02:53 -0300] "GET /cormun/static/Resources/PXToolsGridNextDisabled.gif HTTP/1.1" 200 90
186.103.248.213 - - [08/Mar/2017:11:02:53 -0300] "GET /cormun/static/Shared/ext/resources/css/ext-all.css?215870 HTTP/1.1" 200 416045
186.103.248.213 - - [08/Mar/2017:11:02:53 -0300] "GET /cormun/static/Resources/PXToolsGridLastDisabled.gif HTTP/1.1" 200 98
186.103.248.213 - - [08/Mar/2017:11:02:53 -0300] "GET /cormun/static/Resources/PXToolsGridPage.gif HTTP/1.1" 200 725
186.103.248.213 - - [08/Mar/2017:11:02:53 -0300] "GET /cormun/static/Resources/PXToolsActionExcel.png HTTP/1.1" 200 3187
186.103.248.213 - - [08/Mar/2017:11:02:53 -0300] "GET /cormun/static/Resources/PXToolsGridNew.png HTTP/1.1" 200 2949
192.168.10.62 - - [08/Mar/2017:11:02:53 -0300] "GET /cormun/servlet/hlogin HTTP/1.1" 200 1743
186.103.248.213 - - [08/Mar/2017:11:02:54 -0300] "GET /cormun/static/Resources/asc.gif HTTP/1.1" 200 67
186.103.248.213 - - [08/Mar/2017:11:02:54 -0300] "GET /cormun/static/Resources/desc.gif HTTP/1.1" 200 65
186.103.248.213 - - [08/Mar/2017:11:02:54 -0300] "GET /cormun/servlet/trsolicitudot? HTTP/1.1" 200 6722
186.103.248.213 - - [08/Mar/2017:11:02:54 -0300] "GET /cormun/static/Shared/ext/resources/themes/images/default/panel/bg-headersPanel.png HTTP/1.1" 200 255
186.103.248.213 - - [08/Mar/2017:11:02:54 -0300] "GET /cormun/static/Shared/ext/resources/themes/images/default/tools/tool-sprites.gif HTTP/1.1" 200 5434
186.103.159.44 - - [08/Mar/2017:11:03:52 -0300] "GET /cormun/servlet/alicenciaprn?11275458,L,20170308000000,PU HTTP/1.1" 200 1522
186.103.159.182 - - [08/Mar/2017:11:06:07 -0300] "POST /cormun/servlet/trsolicitudot?d23585cbfde9d4d776bfc70582156f2d,gx-no-cache=1488977509025,gx-no-cache=1488982037693 HTTP/1.1" 440 972
186.103.159.182 - - [08/Mar/2017:11:06:10 -0300] "GET /cormun/servlet/trsolicitudot?gx-no-cache=1488977509025 HTTP/1.1" 200 6061
186.103.159.182 - - [08/Mar/2017:11:06:11 -0300] "GET /cormun/servlet/trsolicitudot?gx-no-cache=1488977509025 HTTP/1.1" 200 6061
186.103.159.182 - - [08/Mar/2017:11:06:11 -0300] "GET /cormun/servlet/hlogin HTTP/1.1" 200 1751
186.103.159.182 - - [08/Mar/2017:11:06:14 -0300] "POST /cormun/servlet/hlogin?f4139f5be8a4522b64dd76bb35e959d5,gx-no-cache=1488982044272 HTTP/1.1" 200 90
186.103.159.182 - - [08/Mar/2017:11:06:14 -0300] "GET /cormun/servlet/hpexe_link HTTP/1.1" 200 974
186.103.159.182 - - [08/Mar/2017:11:06:14 -0300] "GET /cormun/servlet/trsolicitudot?gx-no-cache=1488977509025 HTTP/1.1" 200 9152
186.103.159.182 - - [08/Mar/2017:11:06:15 -0300] "GET /cormun/servlet/trsolicitudot?gx-no-cache=1488977509025 HTTP/1.1" 200 9173
186.103.159.182 - - [08/Mar/2017:11:06:21 -0300] "POST /cormun/servlet/trsolicitudot?f4139f5be8a4522b64dd76bb35e959d5,gx-no-cache=1488977509025,gx-no-cache=1488982051551 HTTP/1.1" 200 106
186.103.159.182 - - [08/Mar/2017:11:06:21 -0300] "GET /cormun/servlet/trsolicitudadjuntos?2017,5307, HTTP/1.1" 200 6138
186.103.159.182 - - [08/Mar/2017:11:06:22 -0300] "GET /cormun/servlet/trsolicitudadjuntos?2017,5307, HTTP/1.1" 200 6116
186.103.159.182 - - [08/Mar/2017:11:06:25 -0300] "GET /cormun/servlet/solicitudotadjuntos?INS,2017,5307,,1, HTTP/1.1" 200 6048
186.103.159.182 - - [08/Mar/2017:11:06:25 -0300] "GET /cormun/static/about:blank HTTP/1.1" 404 1011
186.103.159.182 - - [08/Mar/2017:11:06:26 -0300] "GET /cormun/servlet/solicitudotadjuntos?INS,2017,5307,,1, HTTP/1.1" 200 6041
186.103.159.182 - - [08/Mar/2017:11:06:27 -0300] "GET /cormun/servlet/solicitudotadjuntos?d513c10847bf977b0e6f91091845b4ed7d0dd9c93ce42724cc76069b58329342753318b5c7c57c8f2ca38720940753c1,gx-no-cache=1488982057565 HTTP/1.1" 200 30
186.103.159.182 - - [08/Mar/2017:11:06:27 -0300] "POST /cormun/servlet/solicitudotadjuntos?f4139f5be8a4522b64dd76bb35e959d5,INS,2017,5307,,1,,gx-no-cache=1488982057615 HTTP/1.1" 200 3849
186.103.159.182 - - [08/Mar/2017:11:06:30 -0300] "POST /cormun/servlet/solicitudotadjuntos?gx-no-cache=1488982060887 HTTP/1.1" 200 26
186.103.132.155 - - [08/Mar/2017:11:06:53 -0300] "POST /cormun/servlet/prfichaempleado?7bced8b595bc9b2c19a200346027c598,,MD,,gxPopupLevel%3D0%3B,gx-no-cache=1488978480983 HTTP/1.1" 200 3399
186.103.132.155 - - [08/Mar/2017:11:07:30 -0300] "POST /cormun/servlet/solicitudot?gx-no-cache=1488978517455 HTTP/1.1" 200 3190
186.103.159.182 - - [08/Mar/2017:11:07:30 -0300] "GET /cormun/servlet/solicitudotadjuntos?d513c10847bf977b0e6f91091845b4ed45dc65f7dd8d34721b440db6dbb3e29f,gx-no-cache=1488982120985 HTTP/1.1" 200 30
186.103.159.182 - - [08/Mar/2017:11:07:30 -0300] "GET /cormun/servlet/solicitudotadjuntos?d513c10847bf977b0e6f91091845b4ed45dc65f7dd8d34721b440db6dbb3e29f,gx-no-cache=1488982121103 HTTP/1.1" 200 30
186.103.132.155 - - [08/Mar/2017:11:07:31 -0300] "POST /cormun/servlet/solicitudot?7bced8b595bc9b2c19a200346027c598,INS,0,0,,gx-no-cache=1488978519122 HTTP/1.1" 200 9787
186.103.132.155 - - [08/Mar/2017:11:07:31 -0300] "GET /cormun/servlet/solicitudot?6c6cc43e7687d7d004cbbbaf00f75f47c47308a6f708b2928926f123301a591a5cdba3d886eee2895804e67e518ab76d,gx-no-cache=1488978519988 HTTP/1.1" 200 30
186.103.159.182 - - [08/Mar/2017:11:07:32 -0300] "POST /cormun/servlet/solicitudotadjuntos?f4139f5be8a4522b64dd76bb35e959d5,INS,2017,5307,,1, HTTP/1.1" 200 116
186.103.159.182 - - [08/Mar/2017:11:07:32 -0300] "GET /cormun/servlet/hpexe_return? HTTP/1.1" 200 1021
186.103.159.182 - - [08/Mar/2017:11:07:33 -0300] "GET /cormun/servlet/trsolicitudadjuntos?2017,5307, HTTP/1.1" 200 8256
186.103.159.182 - - [08/Mar/2017:11:07:34 -0300] "GET /cormun/servlet/trsolicitudadjuntos?2017,5307, HTTP/1.1" 200 8251
186.103.159.182 - - [08/Mar/2017:11:07:36 -0300] "GET /cormun/servlet/solicitudotadjuntos?INS,2017,5307,,1, HTTP/1.1" 200 6048
186.103.159.182 - - [08/Mar/2017:11:07:37 -0300] "GET /cormun/static/about:blank HTTP/1.1" 404 1011
186.103.132.155 - - [08/Mar/2017:11:07:37 -0300] "POST /cormun/servlet/solicitudot?gx-no-cache=1488978525809 HTTP/1.1" 200 255
186.103.132.155 - - [08/Mar/2017:11:07:37 -0300] "GET /cormun/servlet/solicitudot?6c6cc43e7687d7d004cbbbaf00f75f47930a55f8fadc5b27448c05ca63f73f6709470208101588c2b64a52e0e36b43670b1365bf840ef81e7f853612fea87014a7841cb26363eee96077851b586c3df04870dc8f08278e31636fee780581a93f7ee97e9a52149874916f4933c51d23e2b37cf281c342710d535bd48f481243ee779ee14e180eaca2727743731c228c534dc05ac2c274c4d3dff344be141e24cf1d59f6fff754cb03e9b3f59a4b71b12e2254055653f2bc33040e36a96d945a95b82b27cf14549913ffda8a7f011a31e41a0c6b63111fbd07762df4bfbcd9943f43617fe93e572f61ef8a4368cc25b2427a7327605847351557451902f0d9416a46c771707447c3473d2ca488187465b62acb235dacf1707e9f75f1576f825a3c99b0f706b73b94a2005ffcffdec1a0ed6d5b4a645c78437db1849cae7e497b8a555642f38f287d11d8dcd267de57d4480ef8df6205177298e9f9c8919e041e5c631ff132c196909450cd856db58416f6dab91be30fb4b4e59f3c2d36783f07dc,gx-no-cache=1488978525887 HTTP/1.1" 200 30
186.103.132.155 - - [08/Mar/2017:11:07:37 -0300] "POST /cormun/servlet/solicitudot?gx-no-cache=1488978525943 HTTP/1.1" 200 30
186.103.132.155 - - [08/Mar/2017:11:07:37 -0300] "POST /cormun/servlet/solicitudot?gx-no-cache=1488978525994 HTTP/1.1" 200 1292
186.103.132.155 - - [08/Mar/2017:11:07:37 -0300] "POST /cormun/servlet/solicitudot?gx-no-cache=1488978526113 HTTP/1.1" 200 38
186.103.159.182 - - [08/Mar/2017:11:07:38 -0300] "GET /cormun/servlet/solicitudotadjuntos?INS,2017,5307,,1, HTTP/1.1" 200 6041
186.103.159.182 - - [08/Mar/2017:11:07:38 -0300] "GET /cormun/servlet/solicitudotadjuntos?d513c10847bf977b0e6f91091845b4ed7d0dd9c93ce42724cc76069b58329342753318b5c7c57c8f2ca38720940753c1,gx-no-cache=1488982128893 HTTP/1.1" 200 30
186.103.159.182 - - [08/Mar/2017:11:07:38 -0300] "POST /cormun/servlet/solicitudotadjuntos?f4139f5be8a4522b64dd76bb35e959d5,INS,2017,5307,,1,,gx-no-cache=1488982128934 HTTP/1.1" 200 3847
186.103.132.155 - - [08/Mar/2017:11:07:40 -0300] "POST /cormun/servlet/solicitudot?gx-no-cache=1488978528889 HTTP/1.1" 200 30
186.103.159.182 - - [08/Mar/2017:11:07:41 -0300] "POST /cormun/servlet/solicitudotadjuntos?gx-no-cache=1488982131525 HTTP/1.1" 200 26
186.103.159.182 - - [08/Mar/2017:11:07:49 -0300] "GET /cormun/servlet/solicitudotadjuntos?d513c10847bf977b0e6f91091845b4ed45dc65f7dd8d34721b440db6dbb3e29f,gx-no-cache=1488982139489 HTTP/1.1" 200 30
186.103.159.182 - - [08/Mar/2017:11:07:49 -0300] "GET /cormun/servlet/solicitudotadjuntos?d513c10847bf977b0e6f91091845b4ed45dc65f7dd8d34721b440db6dbb3e29f,gx-no-cache=1488982139513 HTTP/1.1" 200 30
186.103.159.182 - - [08/Mar/2017:11:07:50 -0300] "POST /cormun/servlet/solicitudotadjuntos?f4139f5be8a4522b64dd76bb35e959d5,INS,2017,5307,,1, HTTP/1.1" 200 116
186.103.159.182 - - [08/Mar/2017:11:07:50 -0300] "GET /cormun/servlet/hpexe_return? HTTP/1.1" 200 1021
186.103.159.182 - - [08/Mar/2017:11:07:50 -0300] "GET /cormun/servlet/trsolicitudadjuntos?2017,5307, HTTP/1.1" 200 8424
186.103.132.155 - - [08/Mar/2017:11:07:51 -0300] "POST /cormun/servlet/solicitudot?gx-no-cache=1488978539854 HTTP/1.1" 200 1292
186.103.132.155 - - [08/Mar/2017:11:07:51 -0300] "POST /cormun/servlet/solicitudot?gx-no-cache=1488978540074 HTTP/1.1" 200 38
186.103.159.182 - - [08/Mar/2017:11:07:51 -0300] "GET /cormun/servlet/trsolicitudadjuntos?2017,5307, HTTP/1.1" 200 8420
186.103.159.182 - - [08/Mar/2017:11:07:55 -0300] "GET /cormun/servlet/solicitudotadjuntos?INS,2017,5307,,1, HTTP/1.1" 200 6048
186.103.159.182 - - [08/Mar/2017:11:07:55 -0300] "GET /cormun/static/about:blank HTTP/1.1" 404 1011
186.103.132.155 - - [08/Mar/2017:11:07:55 -0300] "GET /cormun/servlet/solicitudot?6c6cc43e7687d7d004cbbbaf00f75f477abc2721404a886b5a06da54396447ea77ebc7c5dd7a43fd0363d722640b79b32e6946b5ef0585243fce2f1eee299664f92367e9f36bb2b1476b19636da01d3680f5c0be97050a6362e229d9e2e7e2fc33538b7f2c5e9fabe775b2b6b20049c09515943995ec86aea8b788140faaadf905b52912d15e03bd4ab3b7b748b731ee654c1e4311f3e51dfe48190b51fa678d,gx-no-cache=1488978544558 HTTP/1.1" 200 29
186.103.132.155 - - [08/Mar/2017:11:07:56 -0300] "POST /cormun/servlet/solicitudot?gx-no-cache=1488978544613 HTTP/1.1" 200 1275
186.103.132.155 - - [08/Mar/2017:11:07:56 -0300] "POST /cormun/servlet/solicitudot?gx-no-cache=1488978544795 HTTP/1.1" 200 1158
186.103.132.155 - - [08/Mar/2017:11:07:56 -0300] "GET /cormun/static/menuarrow.gif HTTP/1.1" 404 1015
186.103.159.182 - - [08/Mar/2017:11:07:56 -0300] "GET /cormun/servlet/solicitudotadjuntos?INS,2017,5307,,1, HTTP/1.1" 200 6041
186.103.159.182 - - [08/Mar/2017:11:07:56 -0300] "GET /cormun/servlet/solicitudotadjuntos?d513c10847bf977b0e6f91091845b4ed7d0dd9c93ce42724cc76069b58329342753318b5c7c57c8f2ca38720940753c1,gx-no-cache=1488982147117 HTTP/1.1" 200 30
186.103.159.182 - - [08/Mar/2017:11:07:57 -0300] "POST /cormun/servlet/solicitudotadjuntos?f4139f5be8a4522b64dd76bb35e959d5,INS,2017,5307,,1,,gx-no-cache=1488982147195 HTTP/1.1" 200 3847
186.103.132.155 - - [08/Mar/2017:11:07:57 -0300] "POST /cormun/servlet/solicitudot?gx-no-cache=1488978546015 HTTP/1.1" 200 1275
186.103.132.155 - - [08/Mar/2017:11:07:57 -0300] "POST /cormun/servlet/solicitudot?gx-no-cache=1488978546202 HTTP/1.1" 200 1158
186.103.132.155 - - [08/Mar/2017:11:08:05 -0300] "GET /cormun/servlet/solicitudot?6c6cc43e7687d7d004cbbbaf00f75f47cc30b2eec5bb257509e3fe308cca6d840608a41ebdd507b1a16bcd7cf93911e1a62d0c3e0444c89cd6ed10c425d0ab2b936c3d3024d3fe7a7a138dcd8c55a6c54d89b5953b9c74c2247190053c63cf54437d70a0d8667e5cdc4efc68f91e9c9fc3f4329446837925db7c3e9e8718a9114792634a509e10d6454ae4e91fb9e322829031daf46dfba12b5d22821df9404790e66de9164a63de60932b3549c5a7de,gx-no-cache=1488978553926 HTTP/1.1" 200 30
186.103.132.155 - - [08/Mar/2017:11:08:14 -0300] "POST /cormun/servlet/solicitudot?7bced8b595bc9b2c19a200346027c598,INS,0,0,,gx-no-cache=1488978562842 HTTP/1.1" 200 93
186.103.132.155 - - [08/Mar/2017:11:08:14 -0300] "GET /cormun/servlet/hpexe_return? HTTP/1.1" 200 1000
186.103.132.155 - - [08/Mar/2017:11:08:14 -0300] "GET /cormun/servlet/trsolicitudot HTTP/1.1" 200 12329
186.103.132.155 - - [08/Mar/2017:11:08:15 -0300] "GET /cormun/servlet/trsolicitudot HTTP/1.1" 200 12324
186.103.132.155 - - [08/Mar/2017:11:08:33 -0300] "GET /cormun/servlet/solicitudot?INS,0,0, HTTP/1.1" 200 12589
186.103.132.155 - - [08/Mar/2017:11:08:34 -0300] "GET /cormun/servlet/solicitudot?INS,0,0, HTTP/1.1" 200 12593
186.103.159.182 - - [08/Mar/2017:11:08:43 -0300] "POST /cormun/servlet/solicitudotadjuntos?gx-no-cache=1488982193437 HTTP/1.1" 200 26
186.103.159.182 - - [08/Mar/2017:11:08:43 -0300] "GET /cormun/servlet/solicitudotadjuntos?d513c10847bf977b0e6f91091845b4ed45dc65f7dd8d34721b440db6dbb3e29f,gx-no-cache=1488982193478 HTTP/1.1" 200 30
186.103.159.182 - - [08/Mar/2017:11:08:43 -0300] "GET /cormun/servlet/solicitudotadjuntos?d513c10847bf977b0e6f91091845b4ed45dc65f7dd8d34721b440db6dbb3e29f,gx-no-cache=1488982193504 HTTP/1.1" 200 30
186.103.159.182 - - [08/Mar/2017:11:08:43 -0300] "POST /cormun/servlet/solicitudotadjuntos?f4139f5be8a4522b64dd76bb35e959d5,INS,2017,5307,,1,,gx-no-cache=1488982193533 HTTP/1.1" 200 3659
186.103.159.182 - - [08/Mar/2017:11:08:43 -0300] "GET /cormun/static/Shared/jqueryui/images/ui-bg_highlight-soft_100_c6c2c8_1x100.png HTTP/1.1" 404 1117
186.103.159.182 - - [08/Mar/2017:11:08:43 -0300] "GET /cormun/static/Shared/jqueryui/images/ui-icons_82798d_256x240.png HTTP/1.1" 404 1089
186.103.159.182 - - [08/Mar/2017:11:08:43 -0300] "GET /cormun/static/Shared/jqueryui/images/ui-bg_flat_55_994d53_40x100.png HTTP/1.1" 404 1097
186.103.159.182 - - [08/Mar/2017:11:08:43 -0300] "GET /cormun/static/Shared/jqueryui/images/ui-icons_ebccce_256x240.png HTTP/1.1" 404 1089
186.103.132.155 - - [08/Mar/2017:11:08:43 -0300] "GET /cormun/servlet/prfichaempleado?,MD,,gxPopupLevel%3D0%3B HTTP/1.1" 200 8845
192.168.10.62 - - [08/Mar/2017:11:08:44 -0300] "GET /cormun/servlet/hlogin HTTP/1.1" 200 1724
186.103.159.182 - - [08/Mar/2017:11:08:47 -0300] "POST /cormun/servlet/solicitudotadjuntos?gx-no-cache=1488982197957 HTTP/1.1" 200 26
186.103.159.44 - - [08/Mar/2017:11:08:51 -0300] "GET /cormun/servlet/alicenciaprn?11275458,L,20170308000000,PU HTTP/1.1" 200 1524
186.103.159.182 - - [08/Mar/2017:11:08:53 -0300] "GET /cormun/servlet/solicitudotadjuntos?d513c10847bf977b0e6f91091845b4ed45dc65f7dd8d34721b440db6dbb3e29f,gx-no-cache=1488982203654 HTTP/1.1" 200 30
186.103.159.182 - - [08/Mar/2017:11:08:53 -0300] "GET /cormun/servlet/solicitudotadjuntos?d513c10847bf977b0e6f91091845b4ed45dc65f7dd8d34721b440db6dbb3e29f,gx-no-cache=1488982203696 HTTP/1.1" 200 30
186.103.159.182 - - [08/Mar/2017:11:08:55 -0300] "POST /cormun/servlet/solicitudotadjuntos?f4139f5be8a4522b64dd76bb35e959d5,INS,2017,5307,,1, HTTP/1.1" 200 6142
186.103.159.182 - - [08/Mar/2017:11:08:55 -0300] "GET /home/sistema/apache-tomcat-7.0.65/webapps/cormun/PrivateTempStorage/upload_00012601.pdf HTTP/1.1" 404 1135
186.103.159.182 - - [08/Mar/2017:11:08:55 -0300] "GET /home/sistema/apache-tomcat-7.0.65/webapps/cormun/PrivateTempStorage/upload_00012601.pdf HTTP/1.1" 404 1135
186.103.159.182 - - [08/Mar/2017:11:08:55 -0300] "GET /cormun/PrivateTempStorage/upload_00012601.pdf HTTP/1.1" 200 260318
186.103.159.182 - - [08/Mar/2017:11:08:56 -0300] "GET /cormun/PrivateTempStorage/upload_00012601.pdf HTTP/1.1" 304 -
186.103.159.182 - - [08/Mar/2017:11:09:00 -0300] "POST /cormun/servlet/solicitudotadjuntos?gx-no-cache=1488982210933 HTTP/1.1" 200 26
186.103.159.182 - - [08/Mar/2017:11:09:09 -0300] "GET /cormun/servlet/solicitudotadjuntos?d513c10847bf977b0e6f91091845b4ed4aa996247323ba5e123d3f7e3dbe4711f3015ad7d4619d5e384c0111b57f4969,gx-no-cache=1488982219464 HTTP/1.1" 200 30
186.103.159.182 - - [08/Mar/2017:11:09:09 -0300] "GET /cormun/servlet/solicitudotadjuntos?d513c10847bf977b0e6f91091845b4edab21931619876259e45527a4c2ed0609f3015ad7d4619d5e384c0111b57f4969,gx-no-cache=1488982219490 HTTP/1.1" 200 30
186.103.159.182 - - [08/Mar/2017:11:09:10 -0300] "POST /cormun/servlet/solicitudotadjuntos?f4139f5be8a4522b64dd76bb35e959d5,INS,2017,5307,,1, HTTP/1.1" 200 116
186.103.159.182 - - [08/Mar/2017:11:09:10 -0300] "GET /cormun/servlet/hpexe_return? HTTP/1.1" 200 1021
186.103.159.182 - - [08/Mar/2017:11:09:11 -0300] "GET /cormun/servlet/trsolicitudadjuntos?2017,5307, HTTP/1.1" 200 8564
186.103.159.182 - - [08/Mar/2017:11:09:13 -0300] "GET /cormun/servlet/trsolicitudadjuntos?2017,5307, HTTP/1.1" 200 8564
192.168.10.62 - - [08/Mar/2017:11:09:14 -0300] "POST /cormun/servlet/hlogin?42f23cc1f7961731fb6c709f47580176,gx-no-cache=1488985438123 HTTP/1.1" 200 90
192.168.10.62 - - [08/Mar/2017:11:09:14 -0300] "GET /cormun/servlet/hpexe_link HTTP/1.1" 200 957
192.168.10.62 - - [08/Mar/2017:11:09:14 -0300] "GET /cormun/servlet/hhome HTTP/1.1" 200 3793
192.168.10.62 - - [08/Mar/2017:11:09:14 -0300] "GET /cormun/servlet/hhome HTTP/1.1" 200 3794
186.103.159.182 - - [08/Mar/2017:11:09:16 -0300] "GET /cormun/servlet/solicitudotadjuntos?INS,2017,5307,,1, HTTP/1.1" 200 6048
186.103.159.182 - - [08/Mar/2017:11:09:16 -0300] "GET /cormun/static/about:blank HTTP/1.1" 404 1011
186.103.159.182 - - [08/Mar/2017:11:09:18 -0300] "GET /cormun/servlet/solicitudotadjuntos?INS,2017,5307,,1, HTTP/1.1" 200 6041
186.103.159.182 - - [08/Mar/2017:11:09:18 -0300] "GET /cormun/servlet/solicitudotadjuntos?d513c10847bf977b0e6f91091845b4ed7d0dd9c93ce42724cc76069b58329342753318b5c7c57c8f2ca38720940753c1,gx-no-cache=1488982228749 HTTP/1.1" 200 30
186.103.159.182 - - [08/Mar/2017:11:09:18 -0300] "POST /cormun/servlet/solicitudotadjuntos?f4139f5be8a4522b64dd76bb35e959d5,INS,2017,5307,,1,,gx-no-cache=1488982228821 HTTP/1.1" 200 3849
186.103.159.182 - - [08/Mar/2017:11:09:21 -0300] "POST /cormun/servlet/solicitudotadjuntos?gx-no-cache=1488982232023 HTTP/1.1" 200 26
186.103.159.182 - - [08/Mar/2017:11:09:28 -0300] "GET /cormun/servlet/solicitudotadjuntos?d513c10847bf977b0e6f91091845b4ed45dc65f7dd8d34721b440db6dbb3e29f,gx-no-cache=1488982238378 HTTP/1.1" 200 30
186.103.159.182 - - [08/Mar/2017:11:09:28 -0300] "GET /cormun/servlet/solicitudotadjuntos?d513c10847bf977b0e6f91091845b4ed45dc65f7dd8d34721b440db6dbb3e29f,gx-no-cache=1488982238406 HTTP/1.1" 200 30
192.168.10.62 - - [08/Mar/2017:11:09:29 -0300] "GET /cormun/servlet/trsolicitudgral? HTTP/1.1" 200 24048
186.103.159.182 - - [08/Mar/2017:11:09:30 -0300] "POST /cormun/servlet/solicitudotadjuntos?f4139f5be8a4522b64dd76bb35e959d5,INS,2017,5307,,1, HTTP/1.1" 200 116
186.103.159.182 - - [08/Mar/2017:11:09:30 -0300] "GET /cormun/servlet/hpexe_return? HTTP/1.1" 200 1021
192.168.10.62 - - [08/Mar/2017:11:09:30 -0300] "GET /cormun/servlet/trsolicitudgral? HTTP/1.1" 200 24046
186.103.159.182 - - [08/Mar/2017:11:09:31 -0300] "GET /cormun/servlet/trsolicitudadjuntos?2017,5307, HTTP/1.1" 200 8689
186.103.159.182 - - [08/Mar/2017:11:09:32 -0300] "GET /cormun/servlet/trsolicitudadjuntos?2017,5307, HTTP/1.1" 200 8687
186.103.132.155 - - [08/Mar/2017:11:09:36 -0300] "POST /cormun/servlet/prfichaempleado?7bced8b595bc9b2c19a200346027c598,,MD,,gxPopupLevel%3D0%3B,gx-no-cache=1488978644477 HTTP/1.1" 200 3397
192.168.10.62 - - [08/Mar/2017:11:09:36 -0300] "POST /cormun/servlet/trsolicitudgral?42f23cc1f7961731fb6c709f47580176,,gx-no-cache=1488985460775 HTTP/1.1" 200 7669
186.103.159.182 - - [08/Mar/2017:11:09:39 -0300] "GET /cormun/servlet/solicitudotadjuntos?INS,2017,5307,,1, HTTP/1.1" 200 6048
186.103.159.182 - - [08/Mar/2017:11:09:39 -0300] "GET /cormun/static/about:blank HTTP/1.1" 404 1011
186.103.159.182 - - [08/Mar/2017:11:09:40 -0300] "GET /cormun/servlet/solicitudotadjuntos?INS,2017,5307,,1, HTTP/1.1" 200 6041
186.103.159.182 - - [08/Mar/2017:11:09:40 -0300] "GET /cormun/servlet/solicitudotadjuntos?d513c10847bf977b0e6f91091845b4ed7d0dd9c93ce42724cc76069b58329342753318b5c7c57c8f2ca38720940753c1,gx-no-cache=1488982251084 HTTP/1.1" 200 30
186.103.159.182 - - [08/Mar/2017:11:09:41 -0300] "POST /cormun/servlet/solicitudotadjuntos?f4139f5be8a4522b64dd76bb35e959d5,INS,2017,5307,,1,,gx-no-cache=1488982251127 HTTP/1.1" 200 3849
186.103.159.182 - - [08/Mar/2017:11:09:44 -0300] "POST /cormun/servlet/solicitudotadjuntos?gx-no-cache=1488982254413 HTTP/1.1" 200 26
192.168.10.62 - - [08/Mar/2017:11:09:46 -0300] "POST /cormun/servlet/trsolicitudgral?42f23cc1f7961731fb6c709f47580176,,gx-no-cache=1488985470666 HTTP/1.1" 200 115
192.168.10.62 - - [08/Mar/2017:11:09:46 -0300] "GET /cormun/servlet/solicitudotlog?INS,2017,5244,0,REC, HTTP/1.1" 200 5580
192.168.10.62 - - [08/Mar/2017:11:09:47 -0300] "GET /cormun/servlet/solicitudotlog?INS,2017,5244,0,REC, HTTP/1.1" 200 5580
192.168.10.62 - - [08/Mar/2017:11:09:47 -0300] "GET /cormun/servlet/solicitudotlog?d66378a0038ece0a2edc0e80e53fdf22658d90b1c00a051a2903096ebac16a6d574c0f744165e0fe099bee47764bba2ef9364a9accfc0953cdf7d349f042ac9618a566e322f962069cb8b46c0253f7ac8e99dc0c5466e9451135db7e9c7bcb57e77a3d751879b6a2d7c4b423e51b5427f853b6ee45c0fb8e80d2f0499b86e3ab083235f3e966b8b4d4e9954311fe3cbc1a4c53aa44895fc1fdbd0fafe2b37f0d,gx-no-cache=1488985471777 HTTP/1.1" 200 94
186.103.132.155 - - [08/Mar/2017:11:09:49 -0300] "POST /cormun/servlet/solicitudot?gx-no-cache=1488978658330 HTTP/1.1" 200 3188
186.103.132.155 - - [08/Mar/2017:11:09:50 -0300] "POST /cormun/servlet/solicitudot?7bced8b595bc9b2c19a200346027c598,INS,0,0,,gx-no-cache=1488978658702 HTTP/1.1" 200 9781
186.103.132.155 - - [08/Mar/2017:11:09:50 -0300] "GET /cormun/servlet/solicitudot?6c6cc43e7687d7d004cbbbaf00f75f470a8526673fbada1a24811c15098883e95cdba3d886eee2895804e67e518ab76d,gx-no-cache=1488978659168 HTTP/1.1" 200 30
186.103.159.182 - - [08/Mar/2017:11:09:51 -0300] "GET /cormun/servlet/solicitudotadjuntos?d513c10847bf977b0e6f91091845b4ed45dc65f7dd8d34721b440db6dbb3e29f,gx-no-cache=1488982261815 HTTP/1.1" 200 30
186.103.159.182 - - [08/Mar/2017:11:09:51 -0300] "GET /cormun/servlet/solicitudotadjuntos?d513c10847bf977b0e6f91091845b4ed45dc65f7dd8d34721b440db6dbb3e29f,gx-no-cache=1488982261841 HTTP/1.1" 200 30
186.103.132.155 - - [08/Mar/2017:11:09:56 -0300] "POST /cormun/servlet/solicitudot?gx-no-cache=1488978664846 HTTP/1.1" 200 256
