200.73.230.173 - - [07/Mar/2017:11:42:59 -0300] "POST /cormun/servlet/solicitudotadjuntos?b19ae1d09166cec44daed2a57ad0dcdf,INS,2017,5267,,1, HTTP/1.1" 200 116
200.73.230.173 - - [07/Mar/2017:11:42:59 -0300] "GET /cormun/servlet/hpexe_return? HTTP/1.1" 200 1023
200.73.230.173 - - [07/Mar/2017:11:43:00 -0300] "GET /cormun/servlet/trsolicitudadjuntos?2017,5267, HTTP/1.1" 200 8322
200.73.230.173 - - [07/Mar/2017:11:43:01 -0300] "GET /cormun/servlet/trsolicitudadjuntos?2017,5267, HTTP/1.1" 200 8322
186.79.203.133 - - [07/Mar/2017:11:43:01 -0300] "GET /cormun/servlet/prsolicitudot?15125451,,,,,MD,,gxPopupLevel%3D0%3B HTTP/1.1" 200 5990
186.79.203.133 - - [07/Mar/2017:11:43:06 -0300] "POST /cormun/servlet/solicitudot?gx-no-cache=1488897854931 HTTP/1.1" 200 1291
186.79.203.133 - - [07/Mar/2017:11:43:06 -0300] "POST /cormun/servlet/solicitudot?gx-no-cache=1488897857242 HTTP/1.1" 200 41
186.79.203.133 - - [07/Mar/2017:11:43:07 -0300] "POST /cormun/servlet/solicitudot?gx-no-cache=1488897857566 HTTP/1.1" 200 1275
186.79.203.133 - - [07/Mar/2017:11:43:07 -0300] "POST /cormun/servlet/solicitudot?gx-no-cache=1488897858144 HTTP/1.1" 200 1157
200.73.230.173 - - [07/Mar/2017:11:43:08 -0300] "GET /cormun/servlet/solicitudotadjuntos?INS,2017,5267,,1, HTTP/1.1" 200 5827
200.73.230.173 - - [07/Mar/2017:11:43:08 -0300] "GET /cormun/static/about:blank HTTP/1.1" 404 1011
200.73.230.173 - - [07/Mar/2017:11:43:08 -0300] "GET /cormun/servlet/solicitudotadjuntos?INS,2017,5267,,1, HTTP/1.1" 200 5821
186.79.36.72 - - [07/Mar/2017:11:43:09 -0300] "GET /cormun/servlet/solicitudotadjuntos?dea9a9bf2b2b92427724634b175e7c247ef13f8ee8e851401add28ec40f84a52,gx-no-cache=1488897859636 HTTP/1.1" 200 30
186.79.36.72 - - [07/Mar/2017:11:43:09 -0300] "GET /cormun/servlet/solicitudotadjuntos?dea9a9bf2b2b92427724634b175e7c247ef13f8ee8e851401add28ec40f84a52,gx-no-cache=1488897859818 HTTP/1.1" 200 30
200.73.230.173 - - [07/Mar/2017:11:43:09 -0300] "GET /cormun/servlet/solicitudotadjuntos?08c4e76bb9beed30c81184cb0a3851e6bbe57c9185842f273fce1a4dc7b68f5703eb89eeb35d5fdee0be2208eeeff5a7,gx-no-cache=1488897859469 HTTP/1.1" 200 30
200.73.230.173 - - [07/Mar/2017:11:43:09 -0300] "POST /cormun/servlet/solicitudotadjuntos?b19ae1d09166cec44daed2a57ad0dcdf,INS,2017,5267,,1,,gx-no-cache=1488897859576 HTTP/1.1" 200 3668
200.73.230.173 - - [07/Mar/2017:11:43:13 -0300] "POST /cormun/servlet/solicitudotadjuntos?gx-no-cache=1488897863773 HTTP/1.1" 200 26
186.79.36.72 - - [07/Mar/2017:11:43:14 -0300] "POST /cormun/servlet/solicitudotadjuntos?917b0d81d623b4780cee156245bbdedf,INS,2017,5263,,1, HTTP/1.1" 200 116
186.79.36.72 - - [07/Mar/2017:11:43:14 -0300] "GET /cormun/servlet/hpexe_return? HTTP/1.1" 200 1021
186.79.36.72 - - [07/Mar/2017:11:43:15 -0300] "GET /cormun/servlet/trsolicitudadjuntos?2017,5263, HTTP/1.1" 200 8465
186.79.36.72 - - [07/Mar/2017:11:43:16 -0300] "GET /cormun/servlet/trsolicitudadjuntos?2017,5263, HTTP/1.1" 200 8464
200.73.230.173 - - [07/Mar/2017:11:43:20 -0300] "GET /cormun/servlet/solicitudotadjuntos?08c4e76bb9beed30c81184cb0a3851e6cd6ed47b3677677e7d0d62636dddb298,gx-no-cache=1488897870869 HTTP/1.1" 200 30
200.73.230.173 - - [07/Mar/2017:11:43:20 -0300] "GET /cormun/servlet/solicitudotadjuntos?08c4e76bb9beed30c81184cb0a3851e6cd6ed47b3677677e7d0d62636dddb298,gx-no-cache=1488897870907 HTTP/1.1" 200 30
200.73.230.173 - - [07/Mar/2017:11:43:21 -0300] "POST /cormun/servlet/solicitudotadjuntos?b19ae1d09166cec44daed2a57ad0dcdf,INS,2017,5267,,1, HTTP/1.1" 200 116
200.73.230.173 - - [07/Mar/2017:11:43:21 -0300] "GET /cormun/servlet/hpexe_return? HTTP/1.1" 200 1023
200.73.230.173 - - [07/Mar/2017:11:43:22 -0300] "GET /cormun/servlet/trsolicitudadjuntos?2017,5267, HTTP/1.1" 200 8464
200.73.230.173 - - [07/Mar/2017:11:43:22 -0300] "GET /cormun/servlet/trsolicitudadjuntos?2017,5267, HTTP/1.1" 200 8464
186.79.203.133 - - [07/Mar/2017:11:43:25 -0300] "GET /cormun/servlet/solicitudot?c2ea7c27399010d8e0daefc07c4793606e12d7f5898de90afd62f6abbf6d18746453df74b3ee26d51e8db35c1f478b7be7c45aa358c3bed0a61f34e75027e40fc22eaf14e7aa2d5aeb9c2ed40437255e6c17ba03cbf71e821afaf8690556b47d67004ce6c4b488e6d3ba6a3cd6023189bcd286a8e81922cf8222268e7476a18a4e7254e5bad8f0c009519a618a52c8d45b1be553b2d6daa2cb93b763fcdbf40d64fb7a0e09b860ff5abb0147d7ea07a3,gx-no-cache=1488897875858 HTTP/1.1" 200 30
200.73.230.173 - - [07/Mar/2017:11:43:25 -0300] "GET /cormun/servlet/solicitudotadjuntos?INS,2017,5267,,1, HTTP/1.1" 200 5828
186.79.203.133 - - [07/Mar/2017:11:43:25 -0300] "POST /cormun/servlet/solicitudot?13b76270b797d0efbd4d993d54da4584,INS,0,0,,gx-no-cache=1488897875966 HTTP/1.1" 200 11158
200.73.230.173 - - [07/Mar/2017:11:43:26 -0300] "GET /cormun/static/about:blank HTTP/1.1" 404 1011
200.73.230.173 - - [07/Mar/2017:11:43:26 -0300] "GET /cormun/servlet/solicitudotadjuntos?INS,2017,5267,,1, HTTP/1.1" 200 5822
186.79.36.72 - - [07/Mar/2017:11:43:26 -0300] "GET /cormun/servlet/solicitudotadjuntos?INS,2017,5263,,1, HTTP/1.1" 200 5951
200.73.230.173 - - [07/Mar/2017:11:43:26 -0300] "GET /cormun/servlet/solicitudotadjuntos?08c4e76bb9beed30c81184cb0a3851e6bbe57c9185842f273fce1a4dc7b68f5703eb89eeb35d5fdee0be2208eeeff5a7,gx-no-cache=1488897876736 HTTP/1.1" 200 30
200.73.230.173 - - [07/Mar/2017:11:43:26 -0300] "POST /cormun/servlet/solicitudotadjuntos?b19ae1d09166cec44daed2a57ad0dcdf,INS,2017,5267,,1,,gx-no-cache=1488897876789 HTTP/1.1" 200 3669
186.79.36.72 - - [07/Mar/2017:11:43:27 -0300] "GET /cormun/static/about:blank HTTP/1.1" 404 1011
186.79.36.72 - - [07/Mar/2017:11:43:27 -0300] "GET /cormun/servlet/solicitudotadjuntos?INS,2017,5263,,1, HTTP/1.1" 200 5944
186.79.36.72 - - [07/Mar/2017:11:43:27 -0300] "GET /cormun/servlet/solicitudotadjuntos?dea9a9bf2b2b92427724634b175e7c24e5d88684f19e2bd026f044ce941198baf542b2a9a0e61f00f51ed6a9514320b6,gx-no-cache=1488897878285 HTTP/1.1" 200 30
186.79.36.72 - - [07/Mar/2017:11:43:28 -0300] "POST /cormun/servlet/solicitudotadjuntos?917b0d81d623b4780cee156245bbdedf,INS,2017,5263,,1,,gx-no-cache=1488897878471 HTTP/1.1" 200 3832
200.73.230.173 - - [07/Mar/2017:11:43:30 -0300] "POST /cormun/servlet/solicitudotadjuntos?gx-no-cache=1488897880675 HTTP/1.1" 200 26
207.46.13.76 - - [07/Mar/2017:11:43:31 -0300] "GET /cormun/servlet/hhome HTTP/1.1" 200 3279
207.46.13.76 - - [07/Mar/2017:11:43:31 -0300] "GET /cormun/servlet/hpexe_return HTTP/1.1" 200 975
186.79.203.133 - - [07/Mar/2017:11:43:36 -0300] "POST /cormun/servlet/solicitudot?gx-no-cache=1488897886861 HTTP/1.1" 200 30
186.79.36.72 - - [07/Mar/2017:11:43:44 -0300] "POST /cormun/servlet/solicitudotadjuntos?gx-no-cache=1488897894744 HTTP/1.1" 200 26
186.79.203.133 - - [07/Mar/2017:11:43:47 -0300] "POST /cormun/servlet/solicitudot?gx-no-cache=1488897898029 HTTP/1.1" 200 1291
186.79.203.133 - - [07/Mar/2017:11:43:47 -0300] "POST /cormun/servlet/solicitudot?gx-no-cache=1488897898216 HTTP/1.1" 200 41
186.79.203.133 - - [07/Mar/2017:11:43:47 -0300] "POST /cormun/servlet/solicitudot?gx-no-cache=1488897898294 HTTP/1.1" 200 1275
186.79.203.133 - - [07/Mar/2017:11:43:47 -0300] "POST /cormun/servlet/solicitudot?gx-no-cache=1488897898459 HTTP/1.1" 200 1157
200.73.230.173 - - [07/Mar/2017:11:43:48 -0300] "GET /cormun/servlet/solicitudotadjuntos?08c4e76bb9beed30c81184cb0a3851e6cd6ed47b3677677e7d0d62636dddb298,gx-no-cache=1488897898930 HTTP/1.1" 200 30
200.73.230.173 - - [07/Mar/2017:11:43:48 -0300] "GET /cormun/servlet/solicitudotadjuntos?08c4e76bb9beed30c81184cb0a3851e6cd6ed47b3677677e7d0d62636dddb298,gx-no-cache=1488897898970 HTTP/1.1" 200 30
200.73.230.173 - - [07/Mar/2017:11:43:49 -0300] "POST /cormun/servlet/solicitudotadjuntos?b19ae1d09166cec44daed2a57ad0dcdf,INS,2017,5267,,1, HTTP/1.1" 200 116
200.73.230.173 - - [07/Mar/2017:11:43:50 -0300] "GET /cormun/servlet/hpexe_return? HTTP/1.1" 200 1023
200.73.230.173 - - [07/Mar/2017:11:43:50 -0300] "GET /cormun/servlet/trsolicitudadjuntos?2017,5267, HTTP/1.1" 200 8606
200.73.230.173 - - [07/Mar/2017:11:43:51 -0300] "GET /cormun/servlet/trsolicitudadjuntos?2017,5267, HTTP/1.1" 200 8605
200.73.230.173 - - [07/Mar/2017:11:43:56 -0300] "GET /cormun/servlet/solicitudotadjuntos?INS,2017,5267,,1, HTTP/1.1" 200 5828
200.73.230.173 - - [07/Mar/2017:11:43:56 -0300] "GET /cormun/static/about:blank HTTP/1.1" 404 1011
200.73.230.173 - - [07/Mar/2017:11:43:57 -0300] "GET /cormun/servlet/solicitudotadjuntos?INS,2017,5267,,1, HTTP/1.1" 200 5822
200.73.230.173 - - [07/Mar/2017:11:43:57 -0300] "GET /cormun/servlet/solicitudotadjuntos?08c4e76bb9beed30c81184cb0a3851e6bbe57c9185842f273fce1a4dc7b68f5703eb89eeb35d5fdee0be2208eeeff5a7,gx-no-cache=1488897907722 HTTP/1.1" 200 30
186.79.36.72 - - [07/Mar/2017:11:43:57 -0300] "GET /cormun/servlet/solicitudotadjuntos?dea9a9bf2b2b92427724634b175e7c247ef13f8ee8e851401add28ec40f84a52,gx-no-cache=1488897908223 HTTP/1.1" 200 30
186.79.36.72 - - [07/Mar/2017:11:43:57 -0300] "GET /cormun/servlet/solicitudotadjuntos?dea9a9bf2b2b92427724634b175e7c247ef13f8ee8e851401add28ec40f84a52,gx-no-cache=1488897908318 HTTP/1.1" 200 30
200.73.230.173 - - [07/Mar/2017:11:43:57 -0300] "POST /cormun/servlet/solicitudotadjuntos?b19ae1d09166cec44daed2a57ad0dcdf,INS,2017,5267,,1,,gx-no-cache=1488897907781 HTTP/1.1" 200 3669
186.79.36.72 - - [07/Mar/2017:11:44:00 -0300] "POST /cormun/servlet/solicitudotadjuntos?917b0d81d623b4780cee156245bbdedf,INS,2017,5263,,1, HTTP/1.1" 200 116
186.79.203.133 - - [07/Mar/2017:11:44:00 -0300] "GET /cormun/servlet/solicitudot?c2ea7c27399010d8e0daefc07c4793606e12d7f5898de90afd62f6abbf6d18746453df74b3ee26d51e8db35c1f478b7be7c45aa358c3bed0a61f34e75027e40fc22eaf14e7aa2d5aeb9c2ed40437255e6c17ba03cbf71e821afaf8690556b47d67004ce6c4b488e6d3ba6a3cd6023189bcd286a8e81922cf8222268e7476a18a4e7254e5bad8f0c009519a618a52c8d45b1be553b2d6daa2cb93b763fcdbf40d64fb7a0e09b860ff5abb0147d7ea07a3,gx-no-cache=1488897911319 HTTP/1.1" 200 30
186.79.36.72 - - [07/Mar/2017:11:44:00 -0300] "GET /cormun/servlet/hpexe_return? HTTP/1.1" 200 1021
186.79.36.72 - - [07/Mar/2017:11:44:01 -0300] "GET /cormun/servlet/trsolicitudadjuntos?2017,5263, HTTP/1.1" 200 8595
186.79.36.72 - - [07/Mar/2017:11:44:02 -0300] "GET /cormun/servlet/trsolicitudadjuntos?2017,5263, HTTP/1.1" 200 8594
200.73.230.173 - - [07/Mar/2017:11:44:02 -0300] "POST /cormun/servlet/solicitudotadjuntos?gx-no-cache=1488897912948 HTTP/1.1" 200 26
186.79.36.72 - - [07/Mar/2017:11:44:04 -0300] "GET /cormun/servlet/solicitudotadjuntos?INS,2017,5263,,1, HTTP/1.1" 200 5951
186.79.36.72 - - [07/Mar/2017:11:44:05 -0300] "GET /cormun/static/about:blank HTTP/1.1" 404 1011
186.79.36.72 - - [07/Mar/2017:11:44:05 -0300] "GET /cormun/servlet/solicitudotadjuntos?INS,2017,5263,,1, HTTP/1.1" 200 5944
186.79.36.72 - - [07/Mar/2017:11:44:06 -0300] "GET /cormun/servlet/solicitudotadjuntos?dea9a9bf2b2b92427724634b175e7c24e5d88684f19e2bd026f044ce941198baf542b2a9a0e61f00f51ed6a9514320b6,gx-no-cache=1488897916796 HTTP/1.1" 200 30
186.79.36.72 - - [07/Mar/2017:11:44:07 -0300] "POST /cormun/servlet/solicitudotadjuntos?917b0d81d623b4780cee156245bbdedf,INS,2017,5263,,1,,gx-no-cache=1488897917056 HTTP/1.1" 200 3832
186.79.203.133 - - [07/Mar/2017:11:44:10 -0300] "POST /cormun/servlet/solicitudot?13b76270b797d0efbd4d993d54da4584,INS,0,0,,gx-no-cache=1488897920817 HTTP/1.1" 200 93
186.79.203.133 - - [07/Mar/2017:11:44:10 -0300] "GET /cormun/servlet/hpexe_return? HTTP/1.1" 200 1006
186.79.36.72 - - [07/Mar/2017:11:44:10 -0300] "POST /cormun/servlet/solicitudotadjuntos?gx-no-cache=1488897921409 HTTP/1.1" 200 26
186.79.203.133 - - [07/Mar/2017:11:44:11 -0300] "GET /cormun/servlet/trsolicitudot? HTTP/1.1" 200 8529
186.79.203.133 - - [07/Mar/2017:11:44:11 -0300] "GET /cormun/servlet/trsolicitudot? HTTP/1.1" 200 8525
200.73.230.173 - - [07/Mar/2017:11:44:13 -0300] "GET /cormun/servlet/solicitudotadjuntos?08c4e76bb9beed30c81184cb0a3851e6cd6ed47b3677677e7d0d62636dddb298,gx-no-cache=1488897923516 HTTP/1.1" 200 30
200.73.230.173 - - [07/Mar/2017:11:44:13 -0300] "GET /cormun/servlet/solicitudotadjuntos?08c4e76bb9beed30c81184cb0a3851e6cd6ed47b3677677e7d0d62636dddb298,gx-no-cache=1488897923572 HTTP/1.1" 200 30
200.73.230.173 - - [07/Mar/2017:11:44:14 -0300] "POST /cormun/servlet/solicitudotadjuntos?b19ae1d09166cec44daed2a57ad0dcdf,INS,2017,5267,,1, HTTP/1.1" 200 116
200.73.230.173 - - [07/Mar/2017:11:44:14 -0300] "GET /cormun/servlet/hpexe_return? HTTP/1.1" 200 1023
200.73.230.173 - - [07/Mar/2017:11:44:14 -0300] "GET /cormun/servlet/trsolicitudadjuntos?2017,5267, HTTP/1.1" 200 8822
200.73.230.173 - - [07/Mar/2017:11:44:15 -0300] "GET /cormun/servlet/trsolicitudadjuntos?2017,5267, HTTP/1.1" 200 8819
186.79.36.72 - - [07/Mar/2017:11:44:19 -0300] "GET /cormun/servlet/solicitudotadjuntos?dea9a9bf2b2b92427724634b175e7c247ef13f8ee8e851401add28ec40f84a52,gx-no-cache=1488897930019 HTTP/1.1" 200 30
186.79.36.72 - - [07/Mar/2017:11:44:19 -0300] "GET /cormun/servlet/solicitudotadjuntos?dea9a9bf2b2b92427724634b175e7c247ef13f8ee8e851401add28ec40f84a52,gx-no-cache=1488897930081 HTTP/1.1" 200 30
186.79.36.72 - - [07/Mar/2017:11:44:22 -0300] "POST /cormun/servlet/solicitudotadjuntos?917b0d81d623b4780cee156245bbdedf,INS,2017,5263,,1, HTTP/1.1" 200 116
186.79.36.72 - - [07/Mar/2017:11:44:22 -0300] "GET /cormun/servlet/hpexe_return? HTTP/1.1" 200 1021
186.79.36.72 - - [07/Mar/2017:11:44:23 -0300] "GET /cormun/servlet/trsolicitudadjuntos?2017,5263, HTTP/1.1" 200 8768
186.79.36.72 - - [07/Mar/2017:11:44:24 -0300] "GET /cormun/servlet/trsolicitudadjuntos?2017,5263, HTTP/1.1" 200 8766
200.73.230.173 - - [07/Mar/2017:11:44:29 -0300] "POST /cormun/servlet/trsolicitudadjuntos?b19ae1d09166cec44daed2a57ad0dcdf,2017,5267,,gx-no-cache=1488897939648 HTTP/1.1" 200 90
200.73.230.173 - - [07/Mar/2017:11:44:29 -0300] "GET /cormun/servlet/hpexe_link HTTP/1.1" 200 970
200.73.230.173 - - [07/Mar/2017:11:44:29 -0300] "GET /cormun/servlet/trsolicitudot? HTTP/1.1" 200 8123
200.73.230.173 - - [07/Mar/2017:11:44:30 -0300] "GET /cormun/servlet/trsolicitudot? HTTP/1.1" 200 8122
186.79.36.72 - - [07/Mar/2017:11:44:32 -0300] "GET /cormun/servlet/solicitudotadjuntos?INS,2017,5263,,1, HTTP/1.1" 200 5951
200.73.230.173 - - [07/Mar/2017:11:44:32 -0300] "POST /cormun/servlet/trsolicitudot?b19ae1d09166cec44daed2a57ad0dcdf,,gx-no-cache=1488897942820 HTTP/1.1" 200 105
186.79.36.72 - - [07/Mar/2017:11:44:33 -0300] "GET /cormun/static/about:blank HTTP/1.1" 404 1011
200.73.230.173 - - [07/Mar/2017:11:44:33 -0300] "GET /cormun/servlet/solicitudot?UPD,2017,5267, HTTP/1.1" 200 14244
186.79.36.72 - - [07/Mar/2017:11:44:33 -0300] "GET /cormun/servlet/solicitudotadjuntos?INS,2017,5263,,1, HTTP/1.1" 200 5944
186.79.36.72 - - [07/Mar/2017:11:44:33 -0300] "GET /cormun/servlet/solicitudotadjuntos?dea9a9bf2b2b92427724634b175e7c24e5d88684f19e2bd026f044ce941198baf542b2a9a0e61f00f51ed6a9514320b6,gx-no-cache=1488897944315 HTTP/1.1" 200 30
200.73.230.173 - - [07/Mar/2017:11:44:33 -0300] "GET /cormun/servlet/solicitudot?UPD,2017,5267, HTTP/1.1" 200 14253
186.79.36.72 - - [07/Mar/2017:11:44:33 -0300] "POST /cormun/servlet/solicitudotadjuntos?917b0d81d623b4780cee156245bbdedf,INS,2017,5263,,1,,gx-no-cache=1488897944394 HTTP/1.1" 200 3832
200.73.230.173 - - [07/Mar/2017:11:44:34 -0300] "POST /cormun/servlet/solicitudot?gx-no-cache=1488897944335 HTTP/1.1" 200 3129
200.73.230.173 - - [07/Mar/2017:11:44:34 -0300] "POST /cormun/servlet/solicitudot?b19ae1d09166cec44daed2a57ad0dcdf,UPD,2017,5267,,gx-no-cache=1488897944577 HTTP/1.1" 200 10814
200.73.230.173 - - [07/Mar/2017:11:44:34 -0300] "GET /cormun/servlet/solicitudot?08c4e76bb9beed30c81184cb0a3851e65bd9b22f955fd5eb95cc6c32c9436e598c33d62ab5b2a85db445637674489cda,gx-no-cache=1488897944807 HTTP/1.1" 200 30
200.73.230.173 - - [07/Mar/2017:11:44:34 -0300] "POST /cormun/servlet/solicitudot?gx-no-cache=1488897944855 HTTP/1.1" 200 240
200.73.230.173 - - [07/Mar/2017:11:44:34 -0300] "GET /cormun/servlet/solicitudot?08c4e76bb9beed30c81184cb0a3851e648d781be3b2690fe041572d1277aed5ff97eb235bd9f3ae5e17079c00948c8d0f2e28a380d8212cc832c185d28504538ff62c1f3be1908211e7b9fb00b876867820811d5ab5df4adabb45d88d9171ff9ec34942c5af415fa4ddc377e007d6f636dbc00df9ea85d536acb196fd6fa1b9ac5364d2f1424535de150662af651588b5b3b0ffcf53fdfe673099ec1f894b174d335d723aabedb99050fabcfa037082a168f0a9b59ceed81b5d752547d11760fa587efa5a3349e4f45aca02cb7db0d22e98b061f0208f35f56b87c1c69b5238190760387190e9de062fff6cdefaf96cd21ace5a8004eb53cb3487da558240b5eb9cb76049652932cf9e0c63132839b65c3abc834657b33de1b57f63d1acd58c21d0a90c9945c0d31e3fe56b7dd1f095249b02d72e4759db2a6a2964b53f6b52eb1e729479107eacb67df537c9ce74a68ff4615d550f37efff9b4a7a0dde3eeb8f7e179ecbc14ce89d53f023c114204ed7d995635b9847cba25892b53e432801d,gx-no-cache=1488897944913 HTTP/1.1" 200 30
200.73.230.173 - - [07/Mar/2017:11:44:34 -0300] "POST /cormun/servlet/solicitudot?gx-no-cache=1488897944955 HTTP/1.1" 200 30
200.73.230.173 - - [07/Mar/2017:11:44:34 -0300] "POST /cormun/servlet/solicitudot?gx-no-cache=1488897945021 HTTP/1.1" 200 1291
200.73.230.173 - - [07/Mar/2017:11:44:34 -0300] "POST /cormun/servlet/solicitudot?gx-no-cache=1488897945171 HTTP/1.1" 200 41
200.73.230.173 - - [07/Mar/2017:11:44:35 -0300] "GET /cormun/servlet/trsolicitudot? HTTP/1.1" 200 8123
200.73.230.173 - - [07/Mar/2017:11:44:35 -0300] "GET /cormun/servlet/trsolicitudot? HTTP/1.1" 200 8122
186.79.36.72 - - [07/Mar/2017:11:44:38 -0300] "POST /cormun/servlet/solicitudotadjuntos?gx-no-cache=1488897949023 HTTP/1.1" 200 26
200.73.230.173 - - [07/Mar/2017:11:44:40 -0300] "POST /cormun/servlet/trsolicitudot?b19ae1d09166cec44daed2a57ad0dcdf,,gx-no-cache=1488897950831 HTTP/1.1" 200 4203
200.73.230.173 - - [07/Mar/2017:11:44:41 -0300] "POST /cormun/servlet/trsolicitudot?b19ae1d09166cec44daed2a57ad0dcdf,,gx-no-cache=1488897951120 HTTP/1.1" 200 3957
186.79.203.133 - - [07/Mar/2017:11:44:46 -0300] "POST /cormun/servlet/trsolicitudot?13b76270b797d0efbd4d993d54da4584,,gx-no-cache=1488897956855 HTTP/1.1" 200 106
186.79.203.133 - - [07/Mar/2017:11:44:46 -0300] "GET /cormun/servlet/solicitudot?UPD,2017,5268, HTTP/1.1" 200 14315
186.79.203.133 - - [07/Mar/2017:11:44:47 -0300] "GET /cormun/servlet/solicitudot?UPD,2017,5268, HTTP/1.1" 200 14324
186.79.203.133 - - [07/Mar/2017:11:44:48 -0300] "POST /cormun/servlet/solicitudot?gx-no-cache=1488897958490 HTTP/1.1" 200 3194
186.79.36.72 - - [07/Mar/2017:11:44:48 -0300] "GET /cormun/servlet/solicitudotadjuntos?dea9a9bf2b2b92427724634b175e7c247ef13f8ee8e851401add28ec40f84a52,gx-no-cache=1488897958693 HTTP/1.1" 200 30
186.79.203.133 - - [07/Mar/2017:11:44:48 -0300] "POST /cormun/servlet/solicitudot?13b76270b797d0efbd4d993d54da4584,UPD,2017,5268,,gx-no-cache=1488897958918 HTTP/1.1" 200 10882
186.79.36.72 - - [07/Mar/2017:11:44:48 -0300] "GET /cormun/servlet/solicitudotadjuntos?dea9a9bf2b2b92427724634b175e7c247ef13f8ee8e851401add28ec40f84a52,gx-no-cache=1488897959048 HTTP/1.1" 200 30
186.79.203.133 - - [07/Mar/2017:11:44:48 -0300] "GET /cormun/servlet/solicitudot?c2ea7c27399010d8e0daefc07c479360ec8632d53a8cdff77f0aaf69431fd35851e917f6354a3c5cd012621c4256ee05,gx-no-cache=1488897959448 HTTP/1.1" 200 30
186.79.203.133 - - [07/Mar/2017:11:44:48 -0300] "POST /cormun/servlet/solicitudot?gx-no-cache=1488897959528 HTTP/1.1" 200 254
186.79.203.133 - - [07/Mar/2017:11:44:49 -0300] "GET /cormun/servlet/solicitudot?c2ea7c27399010d8e0daefc07c4793601f8dd132a68c9077679aa829171ec86cd97e7c75298cd21a51d7840d94ae8491bf5c429acbab2cbfe5b8a3181164e3ce76a70642697ba8ba1aedd84598772e54663bd96a5da74d8cf019c1a5c3cb3ecc51cd22b757425a9e00ba0e3227196bdb89b54e59a45280fd29e2447f9f1188d1fc393dc489595e6ea51501c5692bbb4f2aa7e5c9ce6ac575d07b71e147df4cffedd8c86ecc34fe4d87e8e8a3ae915797e9de8df2b880c3d9f70fd488b0f432514cc5ad3b8f6dd1d03eb97a0293e92037dc2b4c50181a69700aa8df956161301dd41b5aebca31253ca32f0afd9942de00c3beff5fcc6fda938124332516c1a8d4fe479ee63723c14d557c152ec87615f77d151f014e6d3491006bdbf9d4e8e0ca275940667402958299e1ccad118a37a311dadca170b020236eb09cd645cbb9907bad46c8757f0896e6eaeed2142cf36d442909cf15f6d9948789e6370699020078da15f0ebf63621a4b7d49e085260eb0692d7e6693403a75b252c13e28a5e6a,gx-no-cache=1488897959624 HTTP/1.1" 200 30
186.79.203.133 - - [07/Mar/2017:11:44:49 -0300] "POST /cormun/servlet/solicitudot?gx-no-cache=1488897959694 HTTP/1.1" 200 30
186.79.203.133 - - [07/Mar/2017:11:44:49 -0300] "POST /cormun/servlet/solicitudot?gx-no-cache=1488897959788 HTTP/1.1" 200 1291
186.79.203.133 - - [07/Mar/2017:11:44:49 -0300] "POST /cormun/servlet/solicitudot?gx-no-cache=1488897959979 HTTP/1.1" 200 41
186.79.203.133 - - [07/Mar/2017:11:44:52 -0300] "GET /cormun/servlet/solicitudot?c2ea7c27399010d8e0daefc07c4793607a1488f0eb5702e8129a1fd425e01337b1f72c1c7aca5e24a63a6a3f27cee33bd399b35ea86ffc26a7922f5529e274d7ab6c870e899ddbb7a55376d69a4f90f835f9d7ded240968986add488af2cd9a222cedfadd72ffb30bc88364821436a4dbcd286a8e81922cf8222268e7476a18abe011411968350d1e2a320c952045c4979e1e88edeadbe4e008fa9cc3b6f7982d08dcfa64c846288c2f705bd4912d060d159167d1aaede6608fc6b7e1d44f1233edfa5764b423071880d1061d5f89c46,gx-no-cache=1488897962620 HTTP/1.1" 200 29
186.79.203.133 - - [07/Mar/2017:11:44:52 -0300] "POST /cormun/servlet/solicitudot?gx-no-cache=1488897962716 HTTP/1.1" 200 1275
186.79.203.133 - - [07/Mar/2017:11:44:52 -0300] "POST /cormun/servlet/solicitudot?gx-no-cache=1488897962914 HTTP/1.1" 200 1157
186.79.36.72 - - [07/Mar/2017:11:44:54 -0300] "POST /cormun/servlet/solicitudotadjuntos?917b0d81d623b4780cee156245bbdedf,INS,2017,5263,,1, HTTP/1.1" 200 116
186.79.36.72 - - [07/Mar/2017:11:44:54 -0300] "GET /cormun/servlet/hpexe_return? HTTP/1.1" 200 1021
186.79.36.72 - - [07/Mar/2017:11:44:55 -0300] "GET /cormun/servlet/trsolicitudadjuntos?2017,5263, HTTP/1.1" 200 8973
186.79.36.72 - - [07/Mar/2017:11:44:56 -0300] "GET /cormun/servlet/trsolicitudadjuntos?2017,5263, HTTP/1.1" 200 8970
186.79.36.72 - - [07/Mar/2017:11:44:59 -0300] "GET /cormun/servlet/solicitudotadjuntos?INS,2017,5263,,1, HTTP/1.1" 200 5951
186.79.36.72 - - [07/Mar/2017:11:44:59 -0300] "GET /cormun/static/about:blank HTTP/1.1" 404 1011
186.79.36.72 - - [07/Mar/2017:11:44:59 -0300] "GET /cormun/servlet/solicitudotadjuntos?INS,2017,5263,,1, HTTP/1.1" 200 5944
186.79.36.72 - - [07/Mar/2017:11:45:00 -0300] "GET /cormun/servlet/solicitudotadjuntos?dea9a9bf2b2b92427724634b175e7c24e5d88684f19e2bd026f044ce941198baf542b2a9a0e61f00f51ed6a9514320b6,gx-no-cache=1488897970943 HTTP/1.1" 200 30
186.79.36.72 - - [07/Mar/2017:11:45:00 -0300] "POST /cormun/servlet/solicitudotadjuntos?917b0d81d623b4780cee156245bbdedf,INS,2017,5263,,1,,gx-no-cache=1488897971054 HTTP/1.1" 200 3832
186.79.36.72 - - [07/Mar/2017:11:45:03 -0300] "POST /cormun/servlet/solicitudotadjuntos?gx-no-cache=1488897973617 HTTP/1.1" 200 26
186.79.203.133 - - [07/Mar/2017:11:45:08 -0300] "GET /cormun/servlet/solicitudot?c2ea7c27399010d8e0daefc07c4793606e12d7f5898de90afd62f6abbf6d18746453df74b3ee26d51e8db35c1f478b7be7c45aa358c3bed0a61f34e75027e40fc22eaf14e7aa2d5aeb9c2ed40437255e6c17ba03cbf71e821afaf8690556b47d67004ce6c4b488e6d3ba6a3cd6023189bcd286a8e81922cf8222268e7476a18a4e7254e5bad8f0c009519a618a52c8d45b1be553b2d6daa2cb93b763fcdbf40d64fb7a0e09b860ff5abb0147d7ea07a3,gx-no-cache=1488897978701 HTTP/1.1" 200 30
186.79.203.133 - - [07/Mar/2017:11:45:08 -0300] "POST /cormun/servlet/solicitudot?13b76270b797d0efbd4d993d54da4584,UPD,2017,5268,,gx-no-cache=1488897978778 HTTP/1.1" 200 93
186.79.203.133 - - [07/Mar/2017:11:45:08 -0300] "GET /cormun/servlet/hpexe_return? HTTP/1.1" 200 1012
186.79.203.133 - - [07/Mar/2017:11:45:08 -0300] "GET /cormun/servlet/trsolicitudot HTTP/1.1" 200 8529
192.168.10.89 - - [07/Mar/2017:11:45:08 -0300] "GET /cormun/servlet/solicitudgral?UPD,2017,5056, HTTP/1.1" 200 12197
186.79.203.133 - - [07/Mar/2017:11:45:09 -0300] "GET /cormun/servlet/trsolicitudot HTTP/1.1" 200 8525
192.168.10.89 - - [07/Mar/2017:11:45:10 -0300] "POST /cormun/servlet/solicitudgral?gx-no-cache=1488901194845 HTTP/1.1" 200 3184
192.168.10.89 - - [07/Mar/2017:11:45:10 -0300] "GET /cormun/servlet/solicitudgral?eab17bf90a64c83968d888d5da9ce3e99db90298777897afb9884f74b150cc8da010ce0ebe4d0ce40376ddab4eb02aedfd5e06252b7154a5f819941900f7793020c2dbdee2e820586932f7e6325efb6dd2609f631744958b29cd249bc01a6fff5458711d56e123e18c77d14c7edbcae1c3dbffa8055d3587b156d8288624634af762d12ccd6cab0de17d4bac51e6963ba06ba511ef6eba788b20ccc15c85789384a00e0734479e1a63550749593e58110c584bbbe523e69ba326405c2684a3a3680da33b2c91b1d8a2f329035b1d04b9b93210747b9054db2ad501181c19a5562ff1826ea48e43e819c38aa73e13de167e1771600102af7ce3ed38e989150c0fb72d1d2e4cdc3472311d21d9a5830f4bc1b2c3b0c558e04633f0f4e11e9586cff9d28483a34e07419e37d4675e29e06bdae856fb8b66a5dc3e16220898e7f982b6e91342d603bff57c0893a41343ec51,gx-no-cache=1488901195073 HTTP/1.1" 200 298
186.79.36.72 - - [07/Mar/2017:11:45:10 -0300] "GET /cormun/servlet/solicitudotadjuntos?dea9a9bf2b2b92427724634b175e7c247ef13f8ee8e851401add28ec40f84a52,gx-no-cache=1488897981402 HTTP/1.1" 200 30
186.79.36.72 - - [07/Mar/2017:11:45:10 -0300] "GET /cormun/servlet/solicitudotadjuntos?dea9a9bf2b2b92427724634b175e7c247ef13f8ee8e851401add28ec40f84a52,gx-no-cache=1488897981578 HTTP/1.1" 200 30
186.79.240.136 - - [07/Mar/2017:11:45:12 -0300] "POST /cormun/servlet/solicitudot?ff90d13dfd581c42b04ecb14ad1feb90,INS,0,0,,gx-no-cache=1488897982368 HTTP/1.1" 200 11514
186.79.36.72 - - [07/Mar/2017:11:45:13 -0300] "POST /cormun/servlet/solicitudotadjuntos?917b0d81d623b4780cee156245bbdedf,INS,2017,5263,,1, HTTP/1.1" 200 6107
186.79.36.72 - - [07/Mar/2017:11:45:14 -0300] "GET /home/sistema/apache-tomcat-7.0.65/webapps/cormun/PrivateTempStorage/upload_00011471.pdf HTTP/1.1" 404 1135
186.79.36.72 - - [07/Mar/2017:11:45:14 -0300] "GET /cormun/static/Shared/jqueryui/images/ui-bg_flat_55_994d53_40x100.png HTTP/1.1" 404 1097
186.79.36.72 - - [07/Mar/2017:11:45:14 -0300] "GET /cormun/PrivateTempStorage/upload_00011471.pdf HTTP/1.1" 200 16384
186.79.36.72 - - [07/Mar/2017:11:45:14 -0300] "GET /cormun/static/Shared/jqueryui/images/ui-icons_ebccce_256x240.png HTTP/1.1" 404 1089
186.79.36.72 - - [07/Mar/2017:11:45:14 -0300] "GET /cormun/static/Shared/jqueryui/images/ui-bg_highlight-soft_100_c6c2c8_1x100.png HTTP/1.1" 404 1117
186.79.36.72 - - [07/Mar/2017:11:45:14 -0300] "GET /cormun/static/Shared/jqueryui/images/ui-icons_82798d_256x240.png HTTP/1.1" 404 1089
186.79.36.72 - - [07/Mar/2017:11:45:14 -0300] "GET /cormun/PrivateTempStorage/upload_00011471.pdf HTTP/1.1" 200 117959
186.79.203.133 - - [07/Mar/2017:11:45:19 -0300] "POST /cormun/servlet/trsolicitudot?13b76270b797d0efbd4d993d54da4584,gx-no-cache=1488897989490 HTTP/1.1" 200 5315
186.79.203.133 - - [07/Mar/2017:11:45:19 -0300] "GET /cormun/static/Shared/jqueryui/images/ui-bg_highlight-soft_100_c6c2c8_1x100.png HTTP/1.1" 404 1117
186.79.203.133 - - [07/Mar/2017:11:45:19 -0300] "GET /cormun/static/Shared/jqueryui/images/ui-icons_82798d_256x240.png HTTP/1.1" 404 1089
186.79.203.133 - - [07/Mar/2017:11:45:19 -0300] "GET /cormun/static/Shared/jqueryui/images/ui-bg_flat_55_fafafa_40x100.png HTTP/1.1" 404 1097
186.79.203.133 - - [07/Mar/2017:11:45:19 -0300] "GET /cormun/static/Shared/jqueryui/images/ui-icons_8d78a5_256x240.png HTTP/1.1" 404 1089
186.79.203.133 - - [07/Mar/2017:11:45:19 -0300] "POST /cormun/servlet/trsolicitudot?13b76270b797d0efbd4d993d54da4584,gx-no-cache=1488897989935 HTTP/1.1" 200 5257
192.168.10.62 - - [07/Mar/2017:11:45:19 -0300] "POST /cormun/servlet/hlogin?b509bfd99a8adb7301b81745c063b57f,gx-no-cache=1488901204230 HTTP/1.1" 200 444
186.79.36.72 - - [07/Mar/2017:11:45:21 -0300] "GET /cormun/servlet/solicitudotadjuntos?dea9a9bf2b2b92427724634b175e7c247db0c9d707712b15bdd661f9b2a5d7895781f364ac4430bb572817da7fae7c3d,gx-no-cache=1488897991873 HTTP/1.1" 200 30
186.79.36.72 - - [07/Mar/2017:11:45:23 -0300] "POST /cormun/servlet/solicitudotadjuntos?917b0d81d623b4780cee156245bbdedf,INS,2017,5263,,1, HTTP/1.1" 200 6110
186.79.36.72 - - [07/Mar/2017:11:45:23 -0300] "GET /home/sistema/apache-tomcat-7.0.65/webapps/cormun/PrivateTempStorage/upload_00011483.pdf HTTP/1.1" 404 1135
186.79.36.72 - - [07/Mar/2017:11:45:24 -0300] "GET /cormun/PrivateTempStorage/upload_00011483.pdf HTTP/1.1" 200 117959
186.79.203.133 - - [07/Mar/2017:11:45:26 -0300] "POST /cormun/servlet/trsolicitudot?13b76270b797d0efbd4d993d54da4584,gx-no-cache=1488897996524 HTTP/1.1" 200 105
186.79.203.133 - - [07/Mar/2017:11:45:26 -0300] "GET /cormun/servlet/solicitudot?UPD,2017,5175, HTTP/1.1" 200 14279
186.79.203.133 - - [07/Mar/2017:11:45:27 -0300] "GET /cormun/servlet/solicitudot?UPD,2017,5175, HTTP/1.1" 200 14288
186.79.203.133 - - [07/Mar/2017:11:45:27 -0300] "POST /cormun/servlet/solicitudot?gx-no-cache=1488897998047 HTTP/1.1" 200 3186
186.79.203.133 - - [07/Mar/2017:11:45:28 -0300] "POST /cormun/servlet/solicitudot?13b76270b797d0efbd4d993d54da4584,UPD,2017,5175,,gx-no-cache=1488897998462 HTTP/1.1" 200 10857
186.79.203.133 - - [07/Mar/2017:11:45:28 -0300] "GET /cormun/servlet/solicitudot?c2ea7c27399010d8e0daefc07c479360a5d7a9c1c46674839a98700d46d9967288c2731bc871714580e9ee3e1bbf3b61,gx-no-cache=1488897998963 HTTP/1.1" 200 30
186.79.203.133 - - [07/Mar/2017:11:45:28 -0300] "POST /cormun/servlet/solicitudot?gx-no-cache=1488897999043 HTTP/1.1" 200 255
186.79.203.133 - - [07/Mar/2017:11:45:28 -0300] "GET /cormun/servlet/solicitudot?c2ea7c27399010d8e0daefc07c4793601f8dd132a68c9077679aa829171ec86cd97e7c75298cd21a51d7840d94ae8491bf5c429acbab2cbfe5b8a3181164e3ce76a70642697ba8ba1aedd84598772e54663bd96a5da74d8cf019c1a5c3cb3ecc51cd22b757425a9e00ba0e3227196bdb89b54e59a45280fd29e2447f9f1188d1fc393dc489595e6ea51501c5692bbb4f2aa7e5c9ce6ac575d07b71e147df4cffedd8c86ecc34fe4d87e8e8a3ae915797e9de8df2b880c3d9f70fd488b0f432514cc5ad3b8f6dd1d03eb97a0293e92037dc2b4c50181a69700aa8df956161301dd41b5aebca31253ca32f0afd9942de00c3beff5fcc6fda938124332516c1a8d4fe479ee63723c14d557c152ec87615f77d151f014e6d3491006bdbf9d4e8e0ca275940667402958299e1ccad118a37a311dadca170b020236eb09cd645cbb9907bad46c8757f0896e6eaeed2142cf36d442909cf15f6d9948789e6370699020078da15f0ebf63621a4b7d49e085260eb0692d7e6693403a75b252c13e28a5e6a,gx-no-cache=1488897999135 HTTP/1.1" 200 30
186.79.203.133 - - [07/Mar/2017:11:45:28 -0300] "POST /cormun/servlet/solicitudot?gx-no-cache=1488897999205 HTTP/1.1" 200 30
186.79.203.133 - - [07/Mar/2017:11:45:28 -0300] "POST /cormun/servlet/solicitudot?gx-no-cache=1488897999297 HTTP/1.1" 200 1291
186.79.203.133 - - [07/Mar/2017:11:45:28 -0300] "POST /cormun/servlet/solicitudot?gx-no-cache=1488897999485 HTTP/1.1" 200 41
186.79.203.133 - - [07/Mar/2017:11:45:33 -0300] "GET /cormun/servlet/solicitudot?c2ea7c27399010d8e0daefc07c4793606dede47807ed4acb1324c80052cefd2ab1f72c1c7aca5e24a63a6a3f27cee33ba0bdd8ef4c9d2dde01acf86cbda95891ab6c870e899ddbb7a55376d69a4f90f835f9d7ded240968986add488af2cd9a222cedfadd72ffb30bc88364821436a4dbcd286a8e81922cf8222268e7476a18abe011411968350d1e2a320c952045c4979e1e88edeadbe4e008fa9cc3b6f7982d08dcfa64c846288c2f705bd4912d060d159167d1aaede6608fc6b7e1d44f1233edfa5764b423071880d1061d5f89c46,gx-no-cache=1488898004362 HTTP/1.1" 200 29
186.79.203.133 - - [07/Mar/2017:11:45:33 -0300] "POST /cormun/servlet/solicitudot?gx-no-cache=1488898004491 HTTP/1.1" 200 1275
186.79.203.133 - - [07/Mar/2017:11:45:34 -0300] "POST /cormun/servlet/solicitudot?gx-no-cache=1488898004661 HTTP/1.1" 200 1157
186.79.203.133 - - [07/Mar/2017:11:45:34 -0300] "GET /cormun/servlet/solicitudot?c2ea7c27399010d8e0daefc07c479360a3b1010eff657dafb4f2f86ae9af8f102c69d5c7247cc24ed109a7795b442de3f105795efc5dc7c36c6db90d9c10385462055535e5a557a69fc1f738f54c606f7d14337a6480fc3bd3d0170eb6d3af955ea3ce4debb75dc74f5178231cfecc3a9762a5d1baa996a211a4235aa0a60686efa398d1865ca7b305b6a315fe6b5e4fb3ec884edede319e877b20a7bb5b41a72b71109bac421a6be98f200c1d84439d,gx-no-cache=1488898004827 HTTP/1.1" 200 30
186.79.203.133 - - [07/Mar/2017:11:45:34 -0300] "POST /cormun/servlet/solicitudot?13b76270b797d0efbd4d993d54da4584,UPD,2017,5175,,gx-no-cache=1488898004901 HTTP/1.1" 200 93
186.79.203.133 - - [07/Mar/2017:11:45:34 -0300] "GET /cormun/servlet/hpexe_return? HTTP/1.1" 200 1032
186.79.203.133 - - [07/Mar/2017:11:45:34 -0300] "GET /cormun/servlet/trsolicitudot?gx-no-cache=1488897989935 HTTP/1.1" 200 8060
186.79.203.133 - - [07/Mar/2017:11:45:35 -0300] "GET /cormun/servlet/trsolicitudot?gx-no-cache=1488897989935 HTTP/1.1" 200 8078
186.79.36.72 - - [07/Mar/2017:11:45:38 -0300] "POST /cormun/servlet/solicitudotadjuntos?917b0d81d623b4780cee156245bbdedf,INS,2017,5263,,1, HTTP/1.1" 200 116
186.79.36.72 - - [07/Mar/2017:11:45:39 -0300] "GET /cormun/servlet/hpexe_return? HTTP/1.1" 200 1021
186.79.36.72 - - [07/Mar/2017:11:45:39 -0300] "GET /cormun/servlet/trsolicitudadjuntos?2017,5263, HTTP/1.1" 200 8973
186.79.203.133 - - [07/Mar/2017:11:45:40 -0300] "POST /cormun/servlet/trsolicitudot?13b76270b797d0efbd4d993d54da4584,gx-no-cache=1488897989935,gx-no-cache=1488898010804 HTTP/1.1" 200 105
186.79.203.133 - - [07/Mar/2017:11:45:40 -0300] "GET /cormun/servlet/solicitudot?DLT,2017,5175, HTTP/1.1" 200 9411
186.79.203.133 - - [07/Mar/2017:11:45:40 -0300] "GET /cormun/static/Shared/jqueryui/images/ui-bg_highlight-soft_100_c6c2c8_1x100.png HTTP/1.1" 404 1117
186.79.203.133 - - [07/Mar/2017:11:45:40 -0300] "GET /cormun/static/Shared/jqueryui/images/ui-icons_82798d_256x240.png HTTP/1.1" 404 1089
186.79.203.133 - - [07/Mar/2017:11:45:40 -0300] "GET /cormun/static/Shared/jqueryui/images/ui-icons_8d78a5_256x240.png HTTP/1.1" 404 1089
186.79.203.133 - - [07/Mar/2017:11:45:41 -0300] "GET /cormun/static/Shared/jqueryui/images/ui-bg_flat_55_fafafa_40x100.png HTTP/1.1" 404 1097
186.79.36.72 - - [07/Mar/2017:11:45:41 -0300] "GET /cormun/servlet/trsolicitudadjuntos?2017,5263, HTTP/1.1" 200 8968
186.79.203.133 - - [07/Mar/2017:11:45:41 -0300] "GET /cormun/servlet/solicitudot?DLT,2017,5175, HTTP/1.1" 200 9397
186.79.203.133 - - [07/Mar/2017:11:45:47 -0300] "POST /cormun/servlet/solicitudot?13b76270b797d0efbd4d993d54da4584,DLT,2017,5175,,gx-no-cache=1488898017416 HTTP/1.1" 200 93
186.79.203.133 - - [07/Mar/2017:11:45:47 -0300] "GET /cormun/servlet/hpexe_return? HTTP/1.1" 200 1032
186.79.203.133 - - [07/Mar/2017:11:45:47 -0300] "GET /cormun/servlet/trsolicitudot?gx-no-cache=1488897989935 HTTP/1.1" 200 8060
186.79.203.133 - - [07/Mar/2017:11:45:47 -0300] "GET /cormun/servlet/trsolicitudot?gx-no-cache=1488897989935 HTTP/1.1" 200 8078
192.168.10.89 - - [07/Mar/2017:11:46:08 -0300] "POST /cormun/servlet/solicitudgral?7d95e2256ba85ce650c218c33c093362,UPD,2017,5056,,gx-no-cache=1488901252443 HTTP/1.1" 200 93
192.168.10.89 - - [07/Mar/2017:11:46:08 -0300] "GET /cormun/servlet/hpexe_return? HTTP/1.1" 200 1005
192.168.10.89 - - [07/Mar/2017:11:46:09 -0300] "GET /cormun/servlet/trsolicitudgral? HTTP/1.1" 200 9959
192.168.10.89 - - [07/Mar/2017:11:46:11 -0300] "GET /cormun/servlet/solicitudgral?UPD,2017,5056, HTTP/1.1" 200 12196
192.168.10.89 - - [07/Mar/2017:11:46:12 -0300] "POST /cormun/servlet/solicitudgral?gx-no-cache=1488901257254 HTTP/1.1" 200 3184
192.168.10.89 - - [07/Mar/2017:11:46:13 -0300] "GET /cormun/servlet/solicitudgral?eab17bf90a64c83968d888d5da9ce3e99db90298777897afb9884f74b150cc8da010ce0ebe4d0ce40376ddab4eb02aedfd5e06252b7154a5f819941900f7793020c2dbdee2e820586932f7e6325efb6dd2609f631744958b29cd249bc01a6fff5458711d56e123e18c77d14c7edbcae1c3dbffa8055d3587b156d8288624634af762d12ccd6cab0de17d4bac51e6963ba06ba511ef6eba788b20ccc15c85789384a00e0734479e1a63550749593e58110c584bbbe523e69ba326405c2684a3a3680da33b2c91b1d8a2f329035b1d04b9b93210747b9054db2ad501181c19a5562ff1826ea48e43e819c38aa73e13de167e1771600102af7ce3ed38e989150c0fb72d1d2e4cdc3472311d21d9a5830f4bc1b2c3b0c558e04633f0f4e11e9586cff9d28483a34e07419e37d4675e29e06bdae856fb8b66a5dc3e16220898e7f982b6e91342d603bff57c0893a41343ec51,gx-no-cache=1488901257474 HTTP/1.1" 200 298
192.168.10.89 - - [07/Mar/2017:11:46:16 -0300] "GET /cormun/servlet/solicitudgral?eab17bf90a64c83968d888d5da9ce3e90bc149c48b03b9ac0eae1d9cdac6802b39b534621ece5251dea9381a59f9cb2f0d7deba3ea4f4d2f7211af4b307e10b305d00649c9c5690b509b5dd1e867ff3607f9c95632edf37f4675dd5fe22359cf8edfe572dba0039cc241da9636700d51d70e35f7679bbe0661d7ecf6350daa76e12af76816ea43d7f74e4d269971a9e201d271844b941a8d7664fc9f424d199411b7c081af024617656d309be10d67263b5a3536fdcd882cea6aa5589dd3db2daa7a98aa4ddccacd6900278821e2df3298964450aa2af06e5b28da5f22fdebc0788f22bd01ee512aa1f1fe25f093add8798860d1f99a4177b3eb141f2726c7a28cc36fc6e33fdc50198e44e153ab90bc16abd4d56c1c50980ebbc47d9bc1e2d9669032ea1c5c1ba748a3f30b3c06b34a694444af3485b7da0f1cc14ff1abacb04a5cbb067dc98b3d140ee8d6032051fd59c8b386122937976626461ae3ecedff86d6e16313020b0151f0ec5e9773a0cdfa7800d063d51db97677ec42e40e117ecd3598357bf70ad96192d340f731c3a93fa556bf6a2e4094e968b0e8d50b77ab93fc6871057e459bd56bcf7fd48f676a025bb4e4cf972a99f7fea54f5702c1dabe597a1fb372c5e287922549d7ec0b330d3285648c8e55243a661ff5f50a1304b2a29a8432f66b3e0f83086b97249f19e2400569641e05fc9e1828779595c0e0925b386bcaceccbc8f3ba96c1b415c68caac94948ba69a0d374bf358e7290140ce58ccd83d3f095df4e5aa055b351e66,gx-no-cache=1488901260415 HTTP/1.1" 200 48
192.168.10.89 - - [07/Mar/2017:11:46:21 -0300] "POST /cormun/servlet/solicitudgral?7d95e2256ba85ce650c218c33c093362,UPD,2017,5056,,gx-no-cache=1488901265939 HTTP/1.1" 200 10570
192.168.10.89 - - [07/Mar/2017:11:46:43 -0300] "GET /cormun/servlet/solicitudgral?eab17bf90a64c83968d888d5da9ce3e923d8857f88665784a654b069d5690a0b4aa3986e958f72335b9a8f6f6a9cbddb4a5daac778df72aa642193ae860e26972b1039e0a5b00cdf6163bd617f3120608cfa8823798581ceed76bb5344c15cddb7f659dde8169b11f430c8deccacc2b2,gx-no-cache=1488901287387 HTTP/1.1" 200 30
192.168.10.89 - - [07/Mar/2017:11:46:43 -0300] "POST /cormun/servlet/solicitudgral?gx-no-cache=1488901287423 HTTP/1.1" 200 1250
192.168.10.89 - - [07/Mar/2017:11:46:43 -0300] "POST /cormun/servlet/solicitudgral?gx-no-cache=1488901287461 HTTP/1.1" 200 1154
192.168.10.89 - - [07/Mar/2017:11:46:43 -0300] "POST /cormun/servlet/solicitudgral?7d95e2256ba85ce650c218c33c093362,UPD,2017,5056,,gx-no-cache=1488901287504 HTTP/1.1" 200 93
192.168.10.89 - - [07/Mar/2017:11:46:43 -0300] "GET /cormun/servlet/hpexe_return? HTTP/1.1" 200 1005
192.168.10.89 - - [07/Mar/2017:11:46:43 -0300] "GET /cormun/servlet/trsolicitudgral HTTP/1.1" 200 9965
192.168.10.89 - - [07/Mar/2017:11:46:46 -0300] "POST /cormun/servlet/trsolicitudgral?7d95e2256ba85ce650c218c33c093362,gx-no-cache=1488901291053 HTTP/1.1" 200 5591
192.168.10.89 - - [07/Mar/2017:11:46:47 -0300] "GET /cormun/static/Shared/jqueryui/images/ui-bg_highlight-soft_100_c6c2c8_1x100.png HTTP/1.1" 404 1117
192.168.10.89 - - [07/Mar/2017:11:46:47 -0300] "GET /cormun/static/Shared/jqueryui/images/ui-icons_82798d_256x240.png HTTP/1.1" 404 1089
192.168.10.89 - - [07/Mar/2017:11:46:47 -0300] "GET /cormun/static/Shared/jqueryui/images/ui-bg_flat_55_fafafa_40x100.png HTTP/1.1" 404 1097
192.168.10.89 - - [07/Mar/2017:11:46:47 -0300] "GET /cormun/static/Shared/jqueryui/images/ui-icons_8d78a5_256x240.png HTTP/1.1" 404 1089
186.79.36.72 - - [07/Mar/2017:11:46:58 -0300] "GET /cormun/servlet/solicitudotadjuntos?INS,2017,5263,,1, HTTP/1.1" 200 5950
186.79.36.72 - - [07/Mar/2017:11:46:59 -0300] "GET /cormun/servlet/solicitudotadjuntos?INS,2017,5263,,1, HTTP/1.1" 200 5944
186.79.36.72 - - [07/Mar/2017:11:46:59 -0300] "GET /cormun/servlet/solicitudotadjuntos?dea9a9bf2b2b92427724634b175e7c24e5d88684f19e2bd026f044ce941198baf542b2a9a0e61f00f51ed6a9514320b6,gx-no-cache=1488898090622 HTTP/1.1" 200 30
186.79.36.72 - - [07/Mar/2017:11:47:00 -0300] "POST /cormun/servlet/solicitudotadjuntos?917b0d81d623b4780cee156245bbdedf,INS,2017,5263,,1,,gx-no-cache=1488898090689 HTTP/1.1" 200 3832
186.79.36.72 - - [07/Mar/2017:11:47:11 -0300] "GET /cormun/servlet/solicitudotadjuntos?INS,2017,5263,,1, HTTP/1.1" 200 5950
186.79.36.72 - - [07/Mar/2017:11:47:12 -0300] "GET /cormun/servlet/solicitudotadjuntos?INS,2017,5263,,1, HTTP/1.1" 200 5944
186.79.36.72 - - [07/Mar/2017:11:47:12 -0300] "GET /cormun/servlet/solicitudotadjuntos?dea9a9bf2b2b92427724634b175e7c24e5d88684f19e2bd026f044ce941198baf542b2a9a0e61f00f51ed6a9514320b6,gx-no-cache=1488898103267 HTTP/1.1" 200 30
186.79.36.72 - - [07/Mar/2017:11:47:13 -0300] "POST /cormun/servlet/solicitudotadjuntos?917b0d81d623b4780cee156245bbdedf,INS,2017,5263,,1,,gx-no-cache=1488898103457 HTTP/1.1" 200 3832
186.79.36.72 - - [07/Mar/2017:11:47:14 -0300] "GET /cormun/servlet/trsolicitudadjuntos?2017,5263, HTTP/1.1" 200 8974
186.79.36.72 - - [07/Mar/2017:11:47:15 -0300] "GET /cormun/servlet/trsolicitudadjuntos?2017,5263, HTTP/1.1" 200 8971
186.79.36.72 - - [07/Mar/2017:11:47:17 -0300] "GET /cormun/servlet/solicitudotadjuntos?INS,2017,5263,,1, HTTP/1.1" 200 5951
186.79.36.72 - - [07/Mar/2017:11:47:18 -0300] "GET /cormun/servlet/solicitudotadjuntos?INS,2017,5263,,1, HTTP/1.1" 200 5944
186.79.36.72 - - [07/Mar/2017:11:47:19 -0300] "GET /cormun/servlet/solicitudotadjuntos?dea9a9bf2b2b92427724634b175e7c24e5d88684f19e2bd026f044ce941198baf542b2a9a0e61f00f51ed6a9514320b6,gx-no-cache=1488898109677 HTTP/1.1" 200 30
186.79.36.72 - - [07/Mar/2017:11:47:19 -0300] "POST /cormun/servlet/solicitudotadjuntos?917b0d81d623b4780cee156245bbdedf,INS,2017,5263,,1,,gx-no-cache=1488898110061 HTTP/1.1" 200 3832
186.79.36.72 - - [07/Mar/2017:11:47:23 -0300] "GET /cormun/servlet/trautorizarsolicitud? HTTP/1.1" 200 6847
186.79.36.72 - - [07/Mar/2017:11:47:24 -0300] "GET /cormun/servlet/trautorizarsolicitud? HTTP/1.1" 200 6826
186.79.36.72 - - [07/Mar/2017:11:47:27 -0300] "GET /cormun/servlet/trsolicitudot? HTTP/1.1" 200 8182
186.79.36.72 - - [07/Mar/2017:11:47:28 -0300] "GET /cormun/servlet/trsolicitudot? HTTP/1.1" 200 8181
186.79.36.72 - - [07/Mar/2017:11:48:31 -0300] "POST /cormun/servlet/trsolicitudot?917b0d81d623b4780cee156245bbdedf,,gx-no-cache=1488898180803 HTTP/1.1" 200 4386
186.79.36.72 - - [07/Mar/2017:11:48:31 -0300] "GET /cormun/static/Shared/jqueryui/images/ui-bg_highlight-soft_100_c6c2c8_1x100.png HTTP/1.1" 404 1117
186.79.36.72 - - [07/Mar/2017:11:48:31 -0300] "GET /cormun/static/Shared/jqueryui/images/ui-icons_8d78a5_256x240.png HTTP/1.1" 404 1089
186.79.36.72 - - [07/Mar/2017:11:48:31 -0300] "GET /cormun/static/Shared/jqueryui/images/ui-icons_82798d_256x240.png HTTP/1.1" 404 1089
186.79.36.72 - - [07/Mar/2017:11:48:31 -0300] "GET /cormun/static/Shared/jqueryui/images/ui-bg_flat_55_fafafa_40x100.png HTTP/1.1" 404 1097
186.79.36.72 - - [07/Mar/2017:11:48:32 -0300] "POST /cormun/servlet/trsolicitudot?917b0d81d623b4780cee156245bbdedf,,gx-no-cache=1488898181931 HTTP/1.1" 200 4135
200.73.230.173 - - [07/Mar/2017:11:48:46 -0300] "GET /cormun/servlet/trsolicitudadjuntos?2017,5267, HTTP/1.1" 200 8727
200.73.230.173 - - [07/Mar/2017:11:48:46 -0300] "GET /cormun//static/Resources/PXToolsActionDisabled.gif HTTP/1.1" 200 53
200.73.230.173 - - [07/Mar/2017:11:48:47 -0300] "GET /cormun/servlet/trsolicitudadjuntos?2017,5267, HTTP/1.1" 200 8727
200.73.230.173 - - [07/Mar/2017:11:48:47 -0300] "GET /cormun/servlet/solicitudotadjuntos?INS,2017,5267,,1, HTTP/1.1" 200 5828
200.73.230.173 - - [07/Mar/2017:11:48:48 -0300] "GET /cormun/servlet/solicitudotadjuntos?INS,2017,5267,,1, HTTP/1.1" 200 5822
200.73.230.173 - - [07/Mar/2017:11:48:48 -0300] "GET /cormun/servlet/solicitudotadjuntos?08c4e76bb9beed30c81184cb0a3851e6bbe57c9185842f273fce1a4dc7b68f5703eb89eeb35d5fdee0be2208eeeff5a7,gx-no-cache=1488898198703 HTTP/1.1" 200 30
200.73.230.173 - - [07/Mar/2017:11:48:48 -0300] "POST /cormun/servlet/solicitudotadjuntos?b19ae1d09166cec44daed2a57ad0dcdf,INS,2017,5267,,1,,gx-no-cache=1488898198761 HTTP/1.1" 200 3669
200.73.230.173 - - [07/Mar/2017:11:48:50 -0300] "GET /cormun/servlet/trsolicitudadjuntos?2017,5267, HTTP/1.1" 200 8727
200.73.230.173 - - [07/Mar/2017:11:48:51 -0300] "GET /cormun/servlet/trsolicitudadjuntos?2017,5267, HTTP/1.1" 200 8729
200.73.230.173 - - [07/Mar/2017:11:48:52 -0300] "GET /cormun/servlet/solicitudotadjuntos?INS,2017,5267,,1, HTTP/1.1" 200 5828
200.73.230.173 - - [07/Mar/2017:11:48:53 -0300] "GET /cormun/servlet/solicitudotadjuntos?INS,2017,5267,,1, HTTP/1.1" 200 5822
200.73.230.173 - - [07/Mar/2017:11:48:53 -0300] "GET /cormun/servlet/solicitudotadjuntos?08c4e76bb9beed30c81184cb0a3851e6bbe57c9185842f273fce1a4dc7b68f5703eb89eeb35d5fdee0be2208eeeff5a7,gx-no-cache=1488898203882 HTTP/1.1" 200 30
200.73.230.173 - - [07/Mar/2017:11:48:53 -0300] "POST /cormun/servlet/solicitudotadjuntos?b19ae1d09166cec44daed2a57ad0dcdf,INS,2017,5267,,1,,gx-no-cache=1488898203953 HTTP/1.1" 200 3669
200.73.230.173 - - [07/Mar/2017:11:49:00 -0300] "GET /cormun/servlet/hhome HTTP/1.1" 200 3814
200.73.230.173 - - [07/Mar/2017:11:49:01 -0300] "GET /cormun/servlet/hhome HTTP/1.1" 200 3793
186.79.36.72 - - [07/Mar/2017:11:50:07 -0300] "GET /cormun/servlet/trsolicitudot? HTTP/1.1" 200 6887
186.79.36.72 - - [07/Mar/2017:11:50:09 -0300] "GET /cormun/servlet/trsolicitudot? HTTP/1.1" 200 6887
186.79.36.72 - - [07/Mar/2017:11:50:11 -0300] "GET /cormun/servlet/trautorizarsolicitud? HTTP/1.1" 200 8125
186.79.36.72 - - [07/Mar/2017:11:50:12 -0300] "GET /cormun/servlet/trautorizarsolicitud? HTTP/1.1" 200 8125
200.73.230.173 - - [07/Mar/2017:11:50:13 -0300] "GET /cormun/servlet/hlogin HTTP/1.1" 200 1728
200.73.230.173 - - [07/Mar/2017:11:50:24 -0300] "POST /cormun/servlet/hlogin?b19ae1d09166cec44daed2a57ad0dcdf,gx-no-cache=1488898294779 HTTP/1.1" 200 90
200.73.230.173 - - [07/Mar/2017:11:50:24 -0300] "GET /cormun/servlet/hpexe_link HTTP/1.1" 200 951
200.73.230.173 - - [07/Mar/2017:11:50:24 -0300] "GET /cormun/servlet/hhome HTTP/1.1" 200 3937
200.73.230.173 - - [07/Mar/2017:11:50:25 -0300] "GET /cormun/servlet/hhome HTTP/1.1" 200 3933
200.73.230.173 - - [07/Mar/2017:11:50:25 -0300] "GET /cormun/static/SmoothNavMenu/resources/images/right.gif HTTP/1.1" 200 860
200.73.230.173 - - [07/Mar/2017:11:50:31 -0300] "GET /cormun/servlet/trautorizarsolicitud? HTTP/1.1" 200 8169
200.73.230.173 - - [07/Mar/2017:11:50:31 -0300] "GET /cormun/static/gxcfg.js?2017259112829 HTTP/1.1" 200 953
200.73.230.173 - - [07/Mar/2017:11:50:31 -0300] "GET /cormun/static/trautorizarsolicitud.js?2017259113483 HTTP/1.1" 200 53096
200.73.230.173 - - [07/Mar/2017:11:50:32 -0300] "GET /cormun/servlet/trautorizarsolicitud? HTTP/1.1" 200 8167
200.73.230.173 - - [07/Mar/2017:11:50:40 -0300] "POST /cormun/servlet/trautorizarsolicitud?b19ae1d09166cec44daed2a57ad0dcdf,,gx-no-cache=1488898310743 HTTP/1.1" 200 4348
200.73.230.173 - - [07/Mar/2017:11:50:40 -0300] "POST /cormun/servlet/trautorizarsolicitud?b19ae1d09166cec44daed2a57ad0dcdf,,gx-no-cache=1488898310993 HTTP/1.1" 200 4090
200.73.230.173 - - [07/Mar/2017:11:51:24 -0300] "POST /cormun/servlet/trautorizarsolicitud?b19ae1d09166cec44daed2a57ad0dcdf,,gx-no-cache=1488898354081 HTTP/1.1" 200 5461
200.73.230.173 - - [07/Mar/2017:11:51:36 -0300] "POST /cormun/servlet/trautorizarsolicitud?b19ae1d09166cec44daed2a57ad0dcdf,,gx-no-cache=1488898366537 HTTP/1.1" 200 5473
186.79.36.72 - - [07/Mar/2017:11:51:53 -0300] "GET /cormun/servlet/trautorizarsolicitud? HTTP/1.1" 200 8117
186.79.36.72 - - [07/Mar/2017:11:51:55 -0300] "GET /cormun/servlet/trautorizarsolicitud? HTTP/1.1" 200 8117
186.79.36.72 - - [07/Mar/2017:11:52:07 -0300] "POST /cormun/servlet/trautorizarsolicitud?8b80b524f171bc2ef4e8184ba0c71165,,gx-no-cache=1488901994545 HTTP/1.1" 200 4350
186.79.36.72 - - [07/Mar/2017:11:52:08 -0300] "GET /cormun/static/Shared/jqueryui/images/ui-bg_highlight-soft_100_c6c2c8_1x100.png HTTP/1.1" 404 1117
186.79.36.72 - - [07/Mar/2017:11:52:08 -0300] "GET /cormun/static/Shared/jqueryui/images/ui-icons_82798d_256x240.png HTTP/1.1" 404 1089
186.79.36.72 - - [07/Mar/2017:11:52:09 -0300] "GET /cormun/static/Shared/jqueryui/images/ui-bg_flat_55_fafafa_40x100.png HTTP/1.1" 404 1097
186.79.36.72 - - [07/Mar/2017:11:52:09 -0300] "GET /cormun/static/Shared/jqueryui/images/ui-icons_8d78a5_256x240.png HTTP/1.1" 404 1089
186.79.36.72 - - [07/Mar/2017:11:52:10 -0300] "POST /cormun/servlet/trautorizarsolicitud?8b80b524f171bc2ef4e8184ba0c71165,,gx-no-cache=1488901997139 HTTP/1.1" 200 4098
186.79.240.136 - - [07/Mar/2017:11:53:02 -0300] "GET /cormun/servlet/solicitudot?ac1ce1681d5c35c7f4eeaea531fde396f1c54f123e80d58ca788508ecfd1732bd5906053ede5b950d238c1c45850e1cc262fbd4fd5bba87d66927b7b3e0164c110c1b803b5ae0aef1c55cf472d0c5b03013f6546c24673e0faf6948c6ee0e53d08383f86b38cc6928920a01cde17e10476385e90ba8ab38c028176d1fe9a794e879b21e328026febee4cd1d5b9b2525c245abee073610ba7e9d4a2bd835e88c02a59e15efbea193c27e3103d5cbb5d02,gx-no-cache=1488898453101 HTTP/1.1" 200 30
186.79.240.136 - - [07/Mar/2017:11:53:03 -0300] "POST /cormun/servlet/solicitudot?ff90d13dfd581c42b04ecb14ad1feb90,INS,0,0,,gx-no-cache=1488898453337 HTTP/1.1" 200 11547
186.103.159.230 - - [07/Mar/2017:11:54:29 -0300] "GET /cormun/servlet/hlogin HTTP/1.1" 200 1724
186.103.159.230 - - [07/Mar/2017:11:54:29 -0300] "GET /cormun/static/gxtimezone.js?85251 HTTP/1.1" 304 -
186.103.159.230 - - [07/Mar/2017:11:54:29 -0300] "GET /cormun/static/messages.spa.js?85251 HTTP/1.1" 304 -
186.103.159.230 - - [07/Mar/2017:11:54:29 -0300] "GET /cormun/servlet/hlogin HTTP/1.1" 200 1724
186.103.159.230 - - [07/Mar/2017:11:54:49 -0300] "POST /cormun/servlet/hlogin?7b5ea906e98618480fcf34900a2b6d30,gx-no-cache=1488898557381 HTTP/1.1" 200 90
186.103.159.230 - - [07/Mar/2017:11:54:49 -0300] "GET /cormun/servlet/hpexe_link HTTP/1.1" 200 957
186.103.159.230 - - [07/Mar/2017:11:54:49 -0300] "GET /cormun/servlet/hhome HTTP/1.1" 200 3972
186.103.159.230 - - [07/Mar/2017:11:54:49 -0300] "GET /cormun/servlet/hhome HTTP/1.1" 200 3968
186.103.159.230 - - [07/Mar/2017:11:54:51 -0300] "GET /cormun/servlet/trsolicitudot? HTTP/1.1" 200 8178
186.103.159.230 - - [07/Mar/2017:11:54:52 -0300] "GET /cormun/static/calendar.js?85251 HTTP/1.1" 304 -
186.103.159.230 - - [07/Mar/2017:11:54:52 -0300] "GET /cormun/static/calendar-setup.js?85251 HTTP/1.1" 304 -
186.103.159.230 - - [07/Mar/2017:11:54:52 -0300] "GET /cormun/static/calendar-es.js?85251 HTTP/1.1" 304 -
186.103.159.230 - - [07/Mar/2017:11:54:52 -0300] "GET /cormun/static/gxdec.js?85251 HTTP/1.1" 304 -
186.103.159.230 - - [07/Mar/2017:11:54:52 -0300] "GET /cormun/servlet/trsolicitudot? HTTP/1.1" 200 8176
186.103.159.230 - - [07/Mar/2017:11:54:55 -0300] "GET /cormun/servlet/solicitudot?INS,0,0, HTTP/1.1" 200 12775
186.103.159.230 - - [07/Mar/2017:11:54:55 -0300] "GET /cormun/servlet/solicitudot?INS,0,0, HTTP/1.1" 200 12779
186.103.159.230 - - [07/Mar/2017:11:55:05 -0300] "POST /cormun/servlet/solicitudot?gx-no-cache=1488898573437 HTTP/1.1" 200 3176
