186.103.159.230 - - [07/Mar/2017:11:55:05 -0300] "POST /cormun/servlet/solicitudot?7b5ea906e98618480fcf34900a2b6d30,INS,0,0,,gx-no-cache=1488898573681 HTTP/1.1" 200 9950
186.103.159.230 - - [07/Mar/2017:11:55:53 -0300] "GET /cormun/servlet/solicitudot?3aba960cd64c15c77f128a22b59e6b6cf30c13e2184c52978c8443f53d511558a40298ec2d2b40476b297a3d524e2d49,gx-no-cache=1488898621823 HTTP/1.1" 200 30
186.103.159.230 - - [07/Mar/2017:11:55:53 -0300] "POST /cormun/servlet/solicitudot?gx-no-cache=1488898621880 HTTP/1.1" 200 256
186.103.159.230 - - [07/Mar/2017:11:55:53 -0300] "GET /cormun/servlet/solicitudot?3aba960cd64c15c77f128a22b59e6b6c10c67c96c5555223c59249852f2f822a49eefdb651bb09e3893c69c79fab2749c6090d30d6e3005df4848397b8e28fbeebafa76a07ed79c300aa867ae962f617c894d17f8e99783117bb4ebf2f8c136cb3f8f2029627134f20af12464e6c519aa340639e6c1d854318c0142c5d74a97384f2c502d7add788987ef7aaa7b4e5021436c6b45bf4afa44e96c882518ff1e855ff84430febdd12e478a0e125c427ebead733c0dd207aece13f79a084e3a2e1e952fa925554a69b71d2f4f534c765db5f5ab781268912c78e8dce5fd2afd32811796a4de905070f80f1c7797aff52460b17e49438b5e2b9e80e2196a66e002e70c3f6221b16ba2a8c66ded1d64f64a063da4b1605cb67b190c281d3d893a2eb423c0f7bc716f84c86b6a1ea9ef935b841a181e2538eea338d97ea0f2c4fe13391be202f56972f54e3e397cc8a2c9f9ac6b4d3828c2a1c5a11c7c3c137ba7055808b3000baca7119ffea6c5462051cb1601df564167aaa10e551bde422a813f3,gx-no-cache=1488898621920 HTTP/1.1" 200 30
186.103.159.230 - - [07/Mar/2017:11:56:03 -0300] "POST /cormun/servlet/solicitudot?gx-no-cache=1488898631463 HTTP/1.1" 200 30
186.103.159.230 - - [07/Mar/2017:11:56:30 -0300] "POST /cormun/servlet/solicitudot?gx-no-cache=1488898658541 HTTP/1.1" 200 235
186.103.159.230 - - [07/Mar/2017:11:56:30 -0300] "POST /cormun/servlet/solicitudot?gx-no-cache=1488898658617 HTTP/1.1" 200 38
186.103.159.230 - - [07/Mar/2017:11:56:55 -0300] "GET /cormun/servlet/prcontratosol?17134279,,,,,MD,,gxPopupLevel%3D0%3B HTTP/1.1" 200 5606
186.103.159.230 - - [07/Mar/2017:11:56:55 -0300] "GET /cormun/static/gxcfg.js?2016102711553248 HTTP/1.1" 200 953
186.103.159.230 - - [07/Mar/2017:11:56:55 -0300] "GET /cormun/static/Resources/PXToolsGridFirst.gif HTTP/1.1" 200 379
186.103.159.230 - - [07/Mar/2017:11:56:55 -0300] "GET /cormun/static/prcontratosol.js?2016102711553411 HTTP/1.1" 200 14084
186.103.159.230 - - [07/Mar/2017:11:56:55 -0300] "GET /cormun/static/Resources/PXToolsGridPrevious.gif HTTP/1.1" 200 369
186.103.159.230 - - [07/Mar/2017:11:56:55 -0300] "GET /cormun/static/Resources/PXToolsGridNext.gif HTTP/1.1" 200 369
186.103.159.230 - - [07/Mar/2017:11:56:55 -0300] "GET /cormun/static/Resources/PXToolsGridLast.gif HTTP/1.1" 200 370
186.103.159.230 - - [07/Mar/2017:11:57:25 -0300] "GET /cormun/servlet/solicitudot?3aba960cd64c15c77f128a22b59e6b6cda1ac90d09aca984b8ed1aea14fb17efe0ee9cbfa3c86c36678abf7725a78ccb033282336d56141f83d3889da7641268d4a89c74511388232358a03e2c8b4975a17ecefa22a7305293b77d7778750d482a80ef5f451c00f624b8af71b5bcfcd2,gx-no-cache=1488898714262 HTTP/1.1" 200 29
186.103.159.230 - - [07/Mar/2017:11:57:25 -0300] "POST /cormun/servlet/solicitudot?gx-no-cache=1488898714313 HTTP/1.1" 200 643
186.103.159.230 - - [07/Mar/2017:11:57:25 -0300] "POST /cormun/servlet/solicitudot?gx-no-cache=1488898714347 HTTP/1.1" 200 518
186.103.159.230 - - [07/Mar/2017:11:57:28 -0300] "GET /cormun/servlet/prsolicitudot?17134279,,,,,MD,,gxPopupLevel%3D0%3B HTTP/1.1" 200 6002
186.103.159.230 - - [07/Mar/2017:11:57:28 -0300] "GET /cormun/static/gxcfg.js?20161221854215 HTTP/1.1" 200 953
186.103.159.230 - - [07/Mar/2017:11:57:28 -0300] "GET /cormun/static/prsolicitudot.js?201612218542259 HTTP/1.1" 200 13680
186.103.159.230 - - [07/Mar/2017:11:57:52 -0300] "GET /cormun/servlet/prsolicitudot?17134279,,,,,MD,,gxPopupLevel%3D0%3B HTTP/1.1" 200 6002
186.103.159.230 - - [07/Mar/2017:11:57:55 -0300] "POST /cormun/servlet/solicitudot?gx-no-cache=1488898743980 HTTP/1.1" 200 656
186.103.159.230 - - [07/Mar/2017:11:57:55 -0300] "POST /cormun/servlet/solicitudot?gx-no-cache=1488898744068 HTTP/1.1" 200 38
186.103.159.230 - - [07/Mar/2017:11:57:55 -0300] "POST /cormun/servlet/solicitudot?gx-no-cache=1488898744093 HTTP/1.1" 200 643
186.103.159.230 - - [07/Mar/2017:11:57:55 -0300] "POST /cormun/servlet/solicitudot?gx-no-cache=1488898744125 HTTP/1.1" 200 518
186.103.159.230 - - [07/Mar/2017:11:58:31 -0300] "POST /cormun/servlet/solicitudot?gx-no-cache=1488898780010 HTTP/1.1" 200 643
186.79.89.183 - - [07/Mar/2017:11:58:34 -0300] "GET /cormun/servlet/trcontratoobservaciondir? HTTP/1.1" 200 5917
186.79.89.183 - - [07/Mar/2017:11:58:38 -0300] "GET /cormun/servlet/trcontratoobservaciondir? HTTP/1.1" 200 5910
186.79.89.183 - - [07/Mar/2017:11:58:38 -0300] "GET /cormun/servlet/hlogin HTTP/1.1" 200 1740
186.79.89.183 - - [07/Mar/2017:11:59:06 -0300] "GET /cormun/servlet/hlogin HTTP/1.1" 200 1709
186.79.89.183 - - [07/Mar/2017:11:59:06 -0300] "GET /cormun/static/gxtimezone.js?85251 HTTP/1.1" 304 -
186.79.89.183 - - [07/Mar/2017:11:59:06 -0300] "GET /cormun/static/messages.spa.js?85251 HTTP/1.1" 304 -
186.79.89.183 - - [07/Mar/2017:11:59:06 -0300] "GET /cormun/servlet/hlogin HTTP/1.1" 200 1720
186.79.89.183 - - [07/Mar/2017:11:59:15 -0300] "POST /cormun/servlet/hlogin?52c6390d7da4b6b13fd3d3be7f71a8bd,gx-no-cache=1488898831793 HTTP/1.1" 200 90
186.79.89.183 - - [07/Mar/2017:11:59:15 -0300] "GET /cormun/servlet/hpexe_link HTTP/1.1" 200 945
186.79.89.183 - - [07/Mar/2017:11:59:16 -0300] "GET /cormun/servlet/hhome HTTP/1.1" 200 3972
186.79.89.183 - - [07/Mar/2017:11:59:17 -0300] "GET /cormun/servlet/hhome HTTP/1.1" 200 3969
186.79.89.183 - - [07/Mar/2017:11:59:25 -0300] "GET /cormun/servlet/trpermisosingoce? HTTP/1.1" 200 6763
186.79.89.183 - - [07/Mar/2017:11:59:25 -0300] "GET /cormun/static/gxcfg.js?2016111619312653 HTTP/1.1" 200 953
186.79.89.183 - - [07/Mar/2017:11:59:25 -0300] "GET /cormun/static/calendar.js?85251 HTTP/1.1" 304 -
186.79.89.183 - - [07/Mar/2017:11:59:26 -0300] "GET /cormun/static/calendar-setup.js?85251 HTTP/1.1" 304 -
186.79.89.183 - - [07/Mar/2017:11:59:26 -0300] "GET /cormun/static/calendar-es.js?85251 HTTP/1.1" 304 -
186.79.89.183 - - [07/Mar/2017:11:59:26 -0300] "GET /cormun/static/gxdec.js?85251 HTTP/1.1" 304 -
186.79.89.183 - - [07/Mar/2017:11:59:27 -0300] "GET /cormun/servlet/trpermisosingoce? HTTP/1.1" 200 6763
186.79.89.183 - - [07/Mar/2017:11:59:29 -0300] "GET /cormun/servlet/permisosingoce?INS,0, HTTP/1.1" 200 6685
186.79.89.183 - - [07/Mar/2017:11:59:29 -0300] "GET /cormun/static/gxcfg.js?2016111618225749 HTTP/1.1" 200 953
186.79.89.183 - - [07/Mar/2017:11:59:29 -0300] "GET /cormun/static/permisosingoce.js?2016111618225789 HTTP/1.1" 200 23797
186.79.89.183 - - [07/Mar/2017:11:59:31 -0300] "GET /cormun/servlet/permisosingoce?INS,0, HTTP/1.1" 200 6686
186.79.89.183 - - [07/Mar/2017:11:59:43 -0300] "GET /cormun/servlet/permisosingoce?072d29f71f7db6e2ec9db5888ff52fccf1b741d25a8c586b79d5f107326df77840bb415650ea4293ed80a4cfc329c307,gx-no-cache=1488898859202 HTTP/1.1" 200 69
186.79.89.183 - - [07/Mar/2017:11:59:43 -0300] "GET /cormun/static/menuarrow.gif HTTP/1.1" 404 1015
186.79.89.183 - - [07/Mar/2017:11:59:55 -0300] "GET /cormun/servlet/permisosingoce?072d29f71f7db6e2ec9db5888ff52fcc1de187e3c9182a573a4268f99d512cc241253fc0616e556961d63cc91412c90f,gx-no-cache=1488898871249 HTTP/1.1" 200 33
186.79.89.183 - - [07/Mar/2017:11:59:55 -0300] "GET /cormun/servlet/permisosingoce?072d29f71f7db6e2ec9db5888ff52fcc5da413db70a43f2b9927c5d53b3266667595cebded648e89bb468493dbcb7af8a67d95ffaca332c441b6ff94b5ec419609f4c429cdbf2650b6c9c17ffb108581d0e642520e85443b449d53998d3ce77c789f5fab98135c88cddead3499455b382dc676b119867758f32b8fc7c53ff764768d25601770fe3aac18137f6601bb8507f13caaa1fac8f2f0126b0a97c302e6,gx-no-cache=1488898871351 HTTP/1.1" 200 121
186.79.89.183 - - [07/Mar/2017:11:59:55 -0300] "GET /cormun/static/Shared/jqueryui/images/ui-bg_highlight-soft_100_c6c2c8_1x100.png HTTP/1.1" 404 1117
186.79.89.183 - - [07/Mar/2017:11:59:55 -0300] "GET /cormun/static/Shared/jqueryui/images/ui-icons_82798d_256x240.png HTTP/1.1" 404 1089
186.79.89.183 - - [07/Mar/2017:11:59:55 -0300] "GET /cormun/static/Shared/jqueryui/images/ui-icons_ebccce_256x240.png HTTP/1.1" 404 1089
186.79.89.183 - - [07/Mar/2017:11:59:55 -0300] "GET /cormun/static/Shared/jqueryui/images/ui-bg_flat_55_994d53_40x100.png HTTP/1.1" 404 1097
186.103.159.230 - - [07/Mar/2017:12:00:06 -0300] "GET /cormun/servlet/hlogin HTTP/1.1" 200 1717
186.103.159.230 - - [07/Mar/2017:12:00:24 -0300] "POST /cormun/servlet/hlogin?bb3405839ab53260039cf4655e82562e,gx-no-cache=1488898893183 HTTP/1.1" 200 90
186.103.159.230 - - [07/Mar/2017:12:00:24 -0300] "GET /cormun/servlet/hpexe_link HTTP/1.1" 200 950
186.103.159.230 - - [07/Mar/2017:12:00:24 -0300] "GET /cormun/servlet/hhome HTTP/1.1" 200 3962
186.103.159.230 - - [07/Mar/2017:12:00:25 -0300] "GET /cormun/servlet/hhome HTTP/1.1" 200 3958
186.103.159.230 - - [07/Mar/2017:12:00:34 -0300] "GET /cormun/servlet/trsolicitudot? HTTP/1.1" 200 8170
186.103.159.230 - - [07/Mar/2017:12:00:35 -0300] "GET /cormun/servlet/trsolicitudot? HTTP/1.1" 200 8168
186.103.159.230 - - [07/Mar/2017:12:00:39 -0300] "GET /cormun/servlet/solicitudot?INS,0,0, HTTP/1.1" 200 12767
186.103.159.230 - - [07/Mar/2017:12:00:39 -0300] "GET /cormun/servlet/solicitudot?INS,0,0, HTTP/1.1" 200 12772
186.103.159.230 - - [07/Mar/2017:12:00:52 -0300] "POST /cormun/servlet/solicitudot?gx-no-cache=1488898920672 HTTP/1.1" 200 3176
186.103.159.230 - - [07/Mar/2017:12:00:53 -0300] "POST /cormun/servlet/solicitudot?bb3405839ab53260039cf4655e82562e,INS,0,0,,gx-no-cache=1488898921459 HTTP/1.1" 200 9943
186.103.159.230 - - [07/Mar/2017:12:01:02 -0300] "GET /cormun/servlet/solicitudot?50310ee5edc2fe28846e38e6b6296a4ab674d28718ab280d9a79c8328be91ac8426b37e2c395bdab8d3035776a9c3610,gx-no-cache=1488898930918 HTTP/1.1" 200 30
186.103.159.230 - - [07/Mar/2017:12:01:02 -0300] "POST /cormun/servlet/solicitudot?gx-no-cache=1488898930973 HTTP/1.1" 200 256
186.103.159.230 - - [07/Mar/2017:12:01:02 -0300] "GET /cormun/servlet/solicitudot?50310ee5edc2fe28846e38e6b6296a4addac31549722b41ec5a2dcfa98899ed422daa8b1ad590846616699ba9f68e859c7a944dc8687c9bf35914074ee0ad0b0fe8a935c3d2259a95f11a4d646a3fa8c5194be86b7dd20d92ed1142d0a0f4240456e11bea1eacc298e416f8a719f30ae102300f5e88cc69bac0641de154233452dbe66fce7350a0f2fa29912e117df8e6350444000793855893a51c7bed0c9ce5045bb560a5a5b49a67b19d04d185b483e52e4a9c9ae6d3f857b452547ea164e96aa5e61c03bd8d4aa2ae850ce6f4610b5b248f6709642d8babac1d36c2ebd933f014c829bf593a825ed9446efbcea950f8dafa35437ecb3ece59192f6d1abe20ab9e9a073295c1b60147523030d668105b7b35fdf8d061a9da16c405465f9954b8e742248a92e4778d8b2855819400f1d38cb4a3428415ca27cb2ba91163abd158bffca88325b00809406fbaf368473831cd6e66e37eda9ea188076df4f84228ee50c3dea9eca221fcc41c57c5f2c6d319f58be3cd6c6edb5b19072b0d893f0,gx-no-cache=1488898931014 HTTP/1.1" 200 30
186.103.159.230 - - [07/Mar/2017:12:01:06 -0300] "POST /cormun/servlet/solicitudot?gx-no-cache=1488898934991 HTTP/1.1" 200 30
186.103.156.211 - - [07/Mar/2017:12:01:11 -0300] "GET /cormun/servlet/licenciaspermisos?INS,0,,, HTTP/1.1" 200 6461
186.103.156.211 - - [07/Mar/2017:12:01:11 -0300] "GET /cormun/servlet/hlogin HTTP/1.1" 200 1749
186.103.156.211 - - [07/Mar/2017:12:01:11 -0300] "GET /cormun/servlet/licenciaspermisos?INS,0,,, HTTP/1.1" 200 6472
186.103.159.230 - - [07/Mar/2017:12:01:12 -0300] "POST /cormun/servlet/solicitudot?gx-no-cache=1488898940746 HTTP/1.1" 200 235
186.103.159.230 - - [07/Mar/2017:12:01:12 -0300] "POST /cormun/servlet/solicitudot?gx-no-cache=1488898940808 HTTP/1.1" 200 38
186.79.89.183 - - [07/Mar/2017:12:01:22 -0300] "GET /cormun/servlet/permisosingoce?072d29f71f7db6e2ec9db5888ff52fcc5da413db70a43f2b9927c5d53b3266667595cebded648e89bb468493dbcb7af8a67d95ffaca332c441b6ff94b5ec419609f4c429cdbf2650b6c9c17ffb108581d0e642520e85443b449d53998d3ce77c789f5fab98135c88cddead3499455b382dc676b119867758f32b8fc7c53ff7643d17189be18b09f85a27b1d2f8c6e4831774f2b28a983314aa32e049e50f9be6,gx-no-cache=1488898958656 HTTP/1.1" 200 41
186.103.159.230 - - [07/Mar/2017:12:01:23 -0300] "GET /cormun/servlet/solicitudot?50310ee5edc2fe28846e38e6b6296a4a426eab0ee28944ddaced4424804613b63d94dbd9dbe21b55f2bd56dbc87feb4ca6679cf14206655526b9c3a2ded1640840a30f99acc5c72014d86ced96df47b1cb9cdbd403eb6ea6364f2b330079485c1591417e3e8ec2265053e0d0fc235fe9,gx-no-cache=1488898951798 HTTP/1.1" 200 29
186.103.159.230 - - [07/Mar/2017:12:01:23 -0300] "POST /cormun/servlet/solicitudot?gx-no-cache=1488898951870 HTTP/1.1" 200 643
186.103.159.230 - - [07/Mar/2017:12:01:24 -0300] "POST /cormun/servlet/solicitudot?gx-no-cache=1488898953339 HTTP/1.1" 200 1157
186.103.159.230 - - [07/Mar/2017:12:01:35 -0300] "GET /cormun/static/menuarrow.gif HTTP/1.1" 404 1015
186.103.156.211 - - [07/Mar/2017:12:01:41 -0300] "POST /cormun/servlet/hlogin?b8d5c39d98d039fda570736fa85dbc4d,gx-no-cache=1488898972052 HTTP/1.1" 200 90
186.103.156.211 - - [07/Mar/2017:12:01:41 -0300] "GET /cormun/servlet/hpexe_link HTTP/1.1" 200 974
186.103.156.211 - - [07/Mar/2017:12:01:41 -0300] "GET /cormun/servlet/licenciaspermisos?INS,0,,, HTTP/1.1" 200 7202
186.103.156.211 - - [07/Mar/2017:12:01:42 -0300] "GET /cormun/servlet/licenciaspermisos?INS,0,,, HTTP/1.1" 200 7201
186.103.156.211 - - [07/Mar/2017:12:01:51 -0300] "GET /cormun/servlet/trcontratounov2? HTTP/1.1" 200 14698
186.103.156.211 - - [07/Mar/2017:12:01:52 -0300] "GET /cormun/servlet/trcontratounov2? HTTP/1.1" 200 14694
186.103.159.230 - - [07/Mar/2017:12:01:58 -0300] "GET /cormun/servlet/solicitudot?50310ee5edc2fe28846e38e6b6296a4acabca20eb5da99bde410af5fc565052b0033040c49171d7e0b255a52f76f7b5cc650bcace0043b9c0087c34c8793eb8684862bf62890883f5d19f17050e7d4ea76dba6cae4e7f9819cecadf58e8f6a2a80393d7f275e3d28db6bf2f4dead878bf7d09e8d7582b05d09092ca741ba882bbd61ef3bde05e5edb3b9ad559ba30d97d5a3ad6a501d7e59f7cfb3895cd865b956e197f15a6a70958295074efd170fde,gx-no-cache=1488898987051 HTTP/1.1" 200 30
192.168.10.89 - - [07/Mar/2017:12:02:37 -0300] "POST /cormun/servlet/trsolicitudgral?7d95e2256ba85ce650c218c33c093362,gx-no-cache=1488902241462 HTTP/1.1" 200 9972
186.79.89.183 - - [07/Mar/2017:12:03:28 -0300] "POST /cormun/servlet/permisosingoce?52c6390d7da4b6b13fd3d3be7f71a8bd,INS,0,,gx-no-cache=1488899083828 HTTP/1.1" 200 93
186.79.89.183 - - [07/Mar/2017:12:03:28 -0300] "GET /cormun/servlet/hpexe_return? HTTP/1.1" 200 999
186.79.89.183 - - [07/Mar/2017:12:03:28 -0300] "GET /cormun/servlet/trpermisosingoce HTTP/1.1" 200 7614
186.79.89.183 - - [07/Mar/2017:12:03:30 -0300] "GET /cormun/servlet/trpermisosingoce HTTP/1.1" 200 7610
186.79.89.183 - - [07/Mar/2017:12:03:30 -0300] "GET /cormun//static/Resources/PXToolsActionPrint.png HTTP/1.1" 200 3317
186.79.89.183 - - [07/Mar/2017:12:03:30 -0300] "GET /cormun//static/Resources/PXToolsHeaderHelp.png HTTP/1.1" 200 4055
186.79.89.183 - - [07/Mar/2017:12:03:30 -0300] "GET /cormun//static/Resources/PXToolsHeaderFavorites.png HTTP/1.1" 200 2744
186.79.240.136 - - [07/Mar/2017:12:03:40 -0300] "POST /cormun/servlet/solicitudot?ff90d13dfd581c42b04ecb14ad1feb90,INS,0,0,,gx-no-cache=1488899090790 HTTP/1.1" 200 11583
186.79.240.136 - - [07/Mar/2017:12:03:44 -0300] "POST /cormun/servlet/solicitudot?ff90d13dfd581c42b04ecb14ad1feb90,INS,0,0,,gx-no-cache=1488899094471 HTTP/1.1" 200 93
186.79.240.136 - - [07/Mar/2017:12:03:44 -0300] "GET /cormun/servlet/hpexe_return? HTTP/1.1" 200 1010
186.79.240.136 - - [07/Mar/2017:12:03:44 -0300] "GET /cormun/servlet/trsolicitudot? HTTP/1.1" 200 6700
186.103.156.211 - - [07/Mar/2017:12:03:45 -0300] "GET /cormun/servlet/licenciaspermisos?INS,0,,, HTTP/1.1" 200 7202
186.79.240.136 - - [07/Mar/2017:12:03:45 -0300] "GET /cormun/servlet/trsolicitudot? HTTP/1.1" 200 6697
186.103.156.211 - - [07/Mar/2017:12:03:45 -0300] "GET /cormun/servlet/licenciaspermisos?INS,0,,, HTTP/1.1" 200 7201
186.103.156.211 - - [07/Mar/2017:12:03:53 -0300] "GET /cormun/servlet/trcontratosolicitud? HTTP/1.1" 200 9940
186.103.156.211 - - [07/Mar/2017:12:03:54 -0300] "GET /cormun/servlet/trcontratosolicitud? HTTP/1.1" 200 9935
192.168.10.89 - - [07/Mar/2017:12:03:54 -0300] "POST /cormun/servlet/trsolicitudgral?7d95e2256ba85ce650c218c33c093362,gx-no-cache=1488902319003 HTTP/1.1" 200 9560
186.103.156.24 - - [07/Mar/2017:12:04:06 -0300] "GET /cormun/servlet/trcontratounov2? HTTP/1.1" 200 15521
186.103.156.24 - - [07/Mar/2017:12:04:08 -0300] "GET /cormun/servlet/hlogin HTTP/1.1" 200 1735
186.103.156.24 - - [07/Mar/2017:12:04:08 -0300] "GET /cormun/servlet/trcontratounov2? HTTP/1.1" 200 15535
192.168.10.89 - - [07/Mar/2017:12:04:25 -0300] "POST /cormun/servlet/trsolicitudgral?7d95e2256ba85ce650c218c33c093362,gx-no-cache=1488902350181 HTTP/1.1" 200 6725
186.103.159.230 - - [07/Mar/2017:12:04:33 -0300] "POST /cormun/servlet/solicitudot?bb3405839ab53260039cf4655e82562e,INS,0,0,,gx-no-cache=1488899141440 HTTP/1.1" 200 93
186.103.159.230 - - [07/Mar/2017:12:04:33 -0300] "GET /cormun/servlet/hpexe_return? HTTP/1.1" 200 1004
186.103.159.230 - - [07/Mar/2017:12:04:33 -0300] "GET /cormun/servlet/trsolicitudot HTTP/1.1" 200 8172
186.103.159.230 - - [07/Mar/2017:12:04:33 -0300] "GET /cormun/servlet/trsolicitudot HTTP/1.1" 200 8168
192.168.10.89 - - [07/Mar/2017:12:04:46 -0300] "POST /cormun/servlet/trsolicitudgral?7d95e2256ba85ce650c218c33c093362,gx-no-cache=1488902371103 HTTP/1.1" 200 9530
186.79.89.183 - - [07/Mar/2017:12:05:13 -0300] "GET /cormun/servlet/trpermisosingoceadjunto?29,9782622, HTTP/1.1" 200 6084
186.79.89.183 - - [07/Mar/2017:12:05:13 -0300] "GET /cormun/static/gxcfg.js?2016101716221623 HTTP/1.1" 200 953
186.79.89.183 - - [07/Mar/2017:12:05:14 -0300] "GET /cormun/static/trpermisosingoceadjunto.js?2016101716221846 HTTP/1.1" 200 16824
186.79.89.183 - - [07/Mar/2017:12:05:15 -0300] "GET /cormun/servlet/trpermisosingoceadjunto?29,9782622, HTTP/1.1" 200 6084
186.79.89.183 - - [07/Mar/2017:12:05:16 -0300] "POST /cormun/servlet/acontrolpreferencessavestate?None,GSAAVEDRA,true HTTP/1.1" 200 35
186.79.89.183 - - [07/Mar/2017:12:05:17 -0300] "GET /cormun/servlet/permisosingoceadjunto?INS,29,, HTTP/1.1" 200 5466
186.79.89.183 - - [07/Mar/2017:12:05:17 -0300] "GET /cormun/static/gxcfg.js?201612218485893 HTTP/1.1" 200 953
186.79.89.183 - - [07/Mar/2017:12:05:17 -0300] "GET /cormun/static/permisosingoceadjunto.js?20161221848591 HTTP/1.1" 200 6939
186.79.89.183 - - [07/Mar/2017:12:05:17 -0300] "GET /cormun/static/about:blank HTTP/1.1" 404 1011
186.79.89.183 - - [07/Mar/2017:12:05:18 -0300] "GET /cormun/servlet/permisosingoceadjunto?INS,29,, HTTP/1.1" 200 5453
186.79.89.183 - - [07/Mar/2017:12:05:19 -0300] "GET /cormun/servlet/permisosingoceadjunto?072d29f71f7db6e2ec9db5888ff52fcc5922ea5e51c2123f76cf47d14ec1549e,gx-no-cache=1488899195355 HTTP/1.1" 200 26
186.103.156.24 - - [07/Mar/2017:12:05:45 -0300] "POST /cormun/servlet/hlogin?02ea3ed75328f1ec668b837376b65f7c,gx-no-cache=1488899215469 HTTP/1.1" 200 90
186.103.156.24 - - [07/Mar/2017:12:05:45 -0300] "GET /cormun/servlet/hpexe_link HTTP/1.1" 200 960
186.103.156.24 - - [07/Mar/2017:12:05:45 -0300] "GET /cormun/servlet/trcontratounov2 HTTP/1.1" 200 16446
186.103.156.24 - - [07/Mar/2017:12:05:46 -0300] "GET /cormun/servlet/trcontratounov2 HTTP/1.1" 200 16427
186.79.89.183 - - [07/Mar/2017:12:05:48 -0300] "POST /cormun/servlet/permisosingoceadjunto?52c6390d7da4b6b13fd3d3be7f71a8bd,INS,29,, HTTP/1.1" 200 116
186.79.89.183 - - [07/Mar/2017:12:05:48 -0300] "GET /cormun/servlet/hpexe_return? HTTP/1.1" 200 1017
186.79.89.183 - - [07/Mar/2017:12:05:49 -0300] "GET /cormun/servlet/trpermisosingoceadjunto?29,9782622, HTTP/1.1" 200 6469
186.103.156.24 - - [07/Mar/2017:12:05:50 -0300] "GET /cormun/servlet/trsolicitudot? HTTP/1.1" 200 6932
186.103.156.24 - - [07/Mar/2017:12:05:50 -0300] "GET /cormun/servlet/trsolicitudot? HTTP/1.1" 200 6932
186.79.89.183 - - [07/Mar/2017:12:05:50 -0300] "GET /cormun/servlet/trpermisosingoceadjunto?29,9782622, HTTP/1.1" 200 6466
186.79.203.133 - - [07/Mar/2017:12:05:53 -0300] "GET /cormun/servlet/hlogin HTTP/1.1" 200 1712
186.103.156.24 - - [07/Mar/2017:12:05:53 -0300] "GET /cormun/servlet/solicitudot?INS,0,0, HTTP/1.1" 200 12764
186.79.203.133 - - [07/Mar/2017:12:05:53 -0300] "GET /cormun/servlet/hlogin HTTP/1.1" 200 1722
186.103.156.24 - - [07/Mar/2017:12:05:53 -0300] "GET /cormun/servlet/solicitudot?INS,0,0, HTTP/1.1" 200 12769
186.79.203.133 - - [07/Mar/2017:12:05:55 -0300] "POST /cormun/servlet/hlogin?bbda2093f6d59515840b5c6797bb8e98,gx-no-cache=1488899225062 HTTP/1.1" 200 90
186.79.203.133 - - [07/Mar/2017:12:05:55 -0300] "GET /cormun/servlet/hpexe_link HTTP/1.1" 200 947
186.79.203.133 - - [07/Mar/2017:12:05:55 -0300] "GET /cormun/servlet/hhome HTTP/1.1" 200 3978
186.79.203.133 - - [07/Mar/2017:12:05:56 -0300] "GET /cormun/servlet/hhome HTTP/1.1" 200 3974
186.79.89.183 - - [07/Mar/2017:12:06:01 -0300] "POST /cormun/servlet/trpermisosingoceadjunto?52c6390d7da4b6b13fd3d3be7f71a8bd,29,9782622,,gx-no-cache=1488899237019 HTTP/1.1" 200 90
186.79.89.183 - - [07/Mar/2017:12:06:01 -0300] "GET /cormun/servlet/hpexe_link HTTP/1.1" 200 966
186.79.89.183 - - [07/Mar/2017:12:06:01 -0300] "GET /cormun/servlet/trpermisosingoce HTTP/1.1" 200 7616
192.168.10.89 - - [07/Mar/2017:12:06:02 -0300] "POST /cormun/servlet/trsolicitudgral?7d95e2256ba85ce650c218c33c093362,gx-no-cache=1488902446910 HTTP/1.1" 200 115
186.79.89.183 - - [07/Mar/2017:12:06:02 -0300] "GET /cormun/servlet/trpermisosingoce HTTP/1.1" 200 7615
192.168.10.89 - - [07/Mar/2017:12:06:02 -0300] "GET /cormun/servlet/solicitudotlog?INS,2017,5151,0,REC, HTTP/1.1" 200 6151
192.168.10.89 - - [07/Mar/2017:12:06:04 -0300] "GET /cormun/servlet/solicitudotlog?eab17bf90a64c83968d888d5da9ce3e92680d9d10872309164d3bb6c2f8b58744aa3986e958f72335b9a8f6f6a9cbddb7f45bf5e6853458cc0100bc0325ee3774cd4f4445e878b374a91d7dc81e2bbb326c56041e0a8e2572fdf38ed7b330791acb094e4023b2f7d0a88b3aba020589c2341f66eedd2531e77ac4ec924953a4b1d8d2fd7f18bce99b5421b8e549046663677c46b9033e44f1d08bc87e882b588,gx-no-cache=1488902448655 HTTP/1.1" 200 94
186.103.156.24 - - [07/Mar/2017:12:06:06 -0300] "POST /cormun/servlet/solicitudot?gx-no-cache=1488899233746 HTTP/1.1" 200 3184
186.103.156.24 - - [07/Mar/2017:12:06:07 -0300] "POST /cormun/servlet/solicitudot?02ea3ed75328f1ec668b837376b65f7c,INS,0,0,,gx-no-cache=1488899237397 HTTP/1.1" 200 9975
186.79.203.133 - - [07/Mar/2017:12:06:07 -0300] "GET /cormun/servlet/trautorizarsolicitud? HTTP/1.1" 200 10432
186.79.203.133 - - [07/Mar/2017:12:06:08 -0300] "GET /cormun/servlet/trautorizarsolicitud? HTTP/1.1" 200 10430
192.168.10.89 - - [07/Mar/2017:12:06:12 -0300] "POST /cormun/servlet/solicitudotlog?7d95e2256ba85ce650c218c33c093362,INS,2017,5151,0,REC,,gx-no-cache=1488902457047 HTTP/1.1" 200 93
192.168.10.89 - - [07/Mar/2017:12:06:12 -0300] "GET /cormun/servlet/hpexe_return? HTTP/1.1" 200 1034
192.168.10.89 - - [07/Mar/2017:12:06:13 -0300] "GET /cormun/servlet/trsolicitudgral?gx-no-cache=1488902371103 HTTP/1.1" 200 12431
186.79.89.183 - - [07/Mar/2017:12:06:15 -0300] "POST /cormun/servlet/trpermisosingoce?52c6390d7da4b6b13fd3d3be7f71a8bd,gx-no-cache=1488899251115 HTTP/1.1" 200 4180
186.79.89.183 - - [07/Mar/2017:12:06:15 -0300] "GET /cormun/static/Shared/jqueryui/images/ui-bg_highlight-soft_100_c6c2c8_1x100.png HTTP/1.1" 404 1117
186.79.89.183 - - [07/Mar/2017:12:06:15 -0300] "GET /cormun/static/Shared/jqueryui/images/ui-icons_82798d_256x240.png HTTP/1.1" 404 1089
186.79.89.183 - - [07/Mar/2017:12:06:15 -0300] "GET /cormun/static/Shared/jqueryui/images/ui-bg_flat_55_fafafa_40x100.png HTTP/1.1" 404 1097
186.79.89.183 - - [07/Mar/2017:12:06:15 -0300] "GET /cormun/static/Shared/jqueryui/images/ui-icons_8d78a5_256x240.png HTTP/1.1" 404 1089
186.103.156.24 - - [07/Mar/2017:12:06:19 -0300] "GET /cormun/servlet/solicitudot?b055a4f6c2d3fa8ccaa961dc0bc75c8c662410aaf80128dade3c14e6f510d7dc68ee24c6076e00cf28b8e1cd222feb7a,gx-no-cache=1488899249804 HTTP/1.1" 200 30
186.103.156.24 - - [07/Mar/2017:12:06:19 -0300] "POST /cormun/servlet/solicitudot?gx-no-cache=1488899249869 HTTP/1.1" 200 255
186.103.156.24 - - [07/Mar/2017:12:06:19 -0300] "GET /cormun/servlet/solicitudot?b055a4f6c2d3fa8ccaa961dc0bc75c8c98a688e64c232c64cbe32f7996188cb81093f4ebb511b6807d08ca8f3d379b6f948da0456079c4e38896fc757055bf2b473e095d19630e752322241737120fac9fd30f8f74d8c6e39e5f416e18640702070ab940a90efeddadf93e7bd0e6c9228ab182a2c890d25fd5218ca5279d521ed123cd4d7bfc5650f9cd4daa36ab6d32c2bdf6d7fe2af1e572b796b966be6d22cd49a821e0a9ccf84f4947bce910c3f15368760bc8a19e9251394e2d76d9f03e2b6e977bda2f2d74438dbefe35642a449709b0589ca324330b9bfd97cf4759de1f4ee252b0cf529aac4cc9e4c459a532e2cea012c9fd0a802b084d4c44db28c4b8fde5a03cc0629f7e3332dc9e74f714b7712f4082d78ed605a7aaa553fe6dc362281c49519eff50744aa03d89a38fcea2450c9f9fdd3c07c2bd5b6d8db654f123f0862f1253d0e62110b25344821b836468c534b99eed95004a689f7a7cf4f524c2fea51084ad69c35d4cd60fa870ae801a4ba13d85d20b0faebb4ce2c39b8e,gx-no-cache=1488899249936 HTTP/1.1" 200 30
186.103.156.24 - - [07/Mar/2017:12:06:19 -0300] "POST /cormun/servlet/solicitudot?gx-no-cache=1488899250274 HTTP/1.1" 200 30
186.103.156.24 - - [07/Mar/2017:12:06:19 -0300] "POST /cormun/servlet/solicitudot?gx-no-cache=1488899250332 HTTP/1.1" 200 235
186.103.156.24 - - [07/Mar/2017:12:06:19 -0300] "POST /cormun/servlet/solicitudot?gx-no-cache=1488899250392 HTTP/1.1" 200 38
186.79.89.183 - - [07/Mar/2017:12:06:25 -0300] "GET /cormun/servlet/trpermisosingoceautorizar? HTTP/1.1" 200 7406
186.79.89.183 - - [07/Mar/2017:12:06:25 -0300] "GET /cormun/static/gxcfg.js?201612218562859 HTTP/1.1" 200 953
186.79.89.183 - - [07/Mar/2017:12:06:26 -0300] "GET /cormun/static/trpermisosingoceautorizar.js?201612218563221 HTTP/1.1" 200 29726
186.79.89.183 - - [07/Mar/2017:12:06:27 -0300] "GET /cormun/servlet/trpermisosingoceautorizar? HTTP/1.1" 200 7406
186.79.89.183 - - [07/Mar/2017:12:06:28 -0300] "POST /cormun/servlet/acontrolpreferencessavestate?None,GSAAVEDRA,true HTTP/1.1" 200 35
186.79.89.183 - - [07/Mar/2017:12:06:39 -0300] "POST /cormun/servlet/trpermisosingoceautorizar?52c6390d7da4b6b13fd3d3be7f71a8bd,,gx-no-cache=1488899275277 HTTP/1.1" 200 4095
186.79.89.183 - - [07/Mar/2017:12:06:39 -0300] "GET /cormun/static/Shared/jqueryui/images/ui-bg_highlight-soft_100_c6c2c8_1x100.png HTTP/1.1" 404 1117
186.79.89.183 - - [07/Mar/2017:12:06:39 -0300] "GET /cormun/static/Shared/jqueryui/images/ui-icons_82798d_256x240.png HTTP/1.1" 404 1089
186.79.89.183 - - [07/Mar/2017:12:06:39 -0300] "GET /cormun/static/Shared/jqueryui/images/ui-bg_flat_55_fafafa_40x100.png HTTP/1.1" 404 1097
186.79.89.183 - - [07/Mar/2017:12:06:39 -0300] "GET /cormun/static/Shared/jqueryui/images/ui-icons_8d78a5_256x240.png HTTP/1.1" 404 1089
186.79.89.183 - - [07/Mar/2017:12:06:48 -0300] "GET /cormun/servlet/trsolicitudot? HTTP/1.1" 200 6959
186.79.89.183 - - [07/Mar/2017:12:06:49 -0300] "GET /cormun/servlet/trsolicitudot? HTTP/1.1" 200 6958
186.79.89.183 - - [07/Mar/2017:12:06:56 -0300] "GET /cormun/servlet/solicitudot?INS,0,0, HTTP/1.1" 200 12775
186.79.89.183 - - [07/Mar/2017:12:06:57 -0300] "GET /cormun/servlet/solicitudot?INS,0,0, HTTP/1.1" 200 12780
186.79.89.183 - - [07/Mar/2017:12:07:06 -0300] "POST /cormun/servlet/solicitudot?gx-no-cache=1488899302325 HTTP/1.1" 200 3247
186.79.89.183 - - [07/Mar/2017:12:07:06 -0300] "GET /cormun/static/Shared/jqueryui/images/ui-bg_highlight-soft_100_c6c2c8_1x100.png HTTP/1.1" 404 1117
186.79.89.183 - - [07/Mar/2017:12:07:06 -0300] "GET /cormun/static/Shared/jqueryui/images/ui-icons_82798d_256x240.png HTTP/1.1" 404 1089
186.79.89.183 - - [07/Mar/2017:12:07:06 -0300] "GET /cormun/static/Shared/jqueryui/images/ui-bg_flat_55_994d53_40x100.png HTTP/1.1" 404 1097
186.79.89.183 - - [07/Mar/2017:12:07:06 -0300] "GET /cormun/static/Shared/jqueryui/images/ui-icons_ebccce_256x240.png HTTP/1.1" 404 1089
192.168.10.89 - - [07/Mar/2017:12:07:07 -0300] "POST /cormun/servlet/trsolicitudgral?7d95e2256ba85ce650c218c33c093362,gx-no-cache=1488902371103,gx-no-cache=1488902512052 HTTP/1.1" 200 115
192.168.10.89 - - [07/Mar/2017:12:07:07 -0300] "GET /cormun/servlet/solicitudotlog?INS,2017,4140,0,REC, HTTP/1.1" 200 6174
192.168.10.89 - - [07/Mar/2017:12:07:09 -0300] "GET /cormun/servlet/solicitudotlog?eab17bf90a64c83968d888d5da9ce3e989d00049862ad9fbcfa78614ff270f514aa3986e958f72335b9a8f6f6a9cbddb7f45bf5e6853458cc0100bc0325ee3774cd4f4445e878b374a91d7dc81e2bbb326c56041e0a8e2572fdf38ed7b330791acb094e4023b2f7d0a88b3aba020589c2341f66eedd2531e77ac4ec924953a4b1d8d2fd7f18bce99b5421b8e549046663677c46b9033e44f1d08bc87e882b588,gx-no-cache=1488902513617 HTTP/1.1" 200 94
192.168.10.89 - - [07/Mar/2017:12:07:13 -0300] "POST /cormun/servlet/solicitudotlog?7d95e2256ba85ce650c218c33c093362,INS,2017,4140,0,REC,,gx-no-cache=1488902518197 HTTP/1.1" 200 93
192.168.10.89 - - [07/Mar/2017:12:07:13 -0300] "GET /cormun/servlet/hpexe_return? HTTP/1.1" 200 1034
192.168.10.89 - - [07/Mar/2017:12:07:14 -0300] "GET /cormun/servlet/trsolicitudgral?gx-no-cache=1488902371103 HTTP/1.1" 200 12029
186.79.89.183 - - [07/Mar/2017:12:07:15 -0300] "POST /cormun/servlet/solicitudot?52c6390d7da4b6b13fd3d3be7f71a8bd,INS,0,0,,gx-no-cache=1488899311176 HTTP/1.1" 200 93
186.79.89.183 - - [07/Mar/2017:12:07:15 -0300] "GET /cormun/servlet/hpexe_return? HTTP/1.1" 200 998
186.79.89.183 - - [07/Mar/2017:12:07:15 -0300] "GET /cormun/servlet/trsolicitudot HTTP/1.1" 200 6962
186.79.89.183 - - [07/Mar/2017:12:07:17 -0300] "GET /cormun/servlet/trsolicitudot HTTP/1.1" 200 6958
186.79.203.133 - - [07/Mar/2017:12:07:20 -0300] "POST /cormun/servlet/trautorizarsolicitud?bbda2093f6d59515840b5c6797bb8e98,,gx-no-cache=1488899308582 HTTP/1.1" 200 7325
186.79.203.133 - - [07/Mar/2017:12:07:21 -0300] "GET /cormun/static/Shared/jqueryui/images/ui-bg_highlight-soft_100_c6c2c8_1x100.png HTTP/1.1" 404 1117
186.79.203.133 - - [07/Mar/2017:12:07:21 -0300] "GET /cormun/static/Shared/jqueryui/images/ui-icons_82798d_256x240.png HTTP/1.1" 404 1089
186.79.203.133 - - [07/Mar/2017:12:07:21 -0300] "GET /cormun/static/Shared/jqueryui/images/ui-bg_flat_55_fafafa_40x100.png HTTP/1.1" 404 1097
186.79.203.133 - - [07/Mar/2017:12:07:21 -0300] "GET /cormun/static/Shared/jqueryui/images/ui-icons_8d78a5_256x240.png HTTP/1.1" 404 1089
186.79.203.133 - - [07/Mar/2017:12:07:21 -0300] "POST /cormun/servlet/trautorizarsolicitud?bbda2093f6d59515840b5c6797bb8e98,,gx-no-cache=1488899310962 HTTP/1.1" 200 7262
186.103.156.24 - - [07/Mar/2017:12:07:30 -0300] "POST /cormun/servlet/solicitudot?gx-no-cache=1488899320827 HTTP/1.1" 200 656
186.103.156.24 - - [07/Mar/2017:12:07:30 -0300] "POST /cormun/servlet/solicitudot?gx-no-cache=1488899320904 HTTP/1.1" 200 38
186.79.203.133 - - [07/Mar/2017:12:07:32 -0300] "POST /cormun/servlet/trautorizarsolicitud?bbda2093f6d59515840b5c6797bb8e98,,gx-no-cache=1488899321036 HTTP/1.1" 200 6967
186.79.203.133 - - [07/Mar/2017:12:07:33 -0300] "POST /cormun/servlet/trautorizarsolicitud?bbda2093f6d59515840b5c6797bb8e98,,gx-no-cache=1488899322770 HTTP/1.1" 200 6913
186.103.156.24 - - [07/Mar/2017:12:07:36 -0300] "GET /cormun/servlet/solicitudot?b055a4f6c2d3fa8ccaa961dc0bc75c8ce9d8c84e6096dcbf54a6ccc53591c75297f7faaecdd6662694597b11e14e0450299e945ebdeb4d01ba49fc391677231173b10ca602442cfb2d0ff2b594fa43f452efca423cb2b481b8671fab0e750ce47cd82b89780c4d0517a1e00b1c17f60341b17c7e758d57da1ee518f1cb4fded337b8b6c04acc8c862f1af6e747d4b25e581f19491be079e2d57a5ca41a231879930dc501d9736cc27fb61d00904da601c59a203e96eafea1a3ecad3c290699961d4b33ecf707c9d2de6e81b6973a8622,gx-no-cache=1488899326892 HTTP/1.1" 200 29
186.103.156.24 - - [07/Mar/2017:12:07:36 -0300] "POST /cormun/servlet/solicitudot?gx-no-cache=1488899326957 HTTP/1.1" 200 643
186.103.156.211 - - [07/Mar/2017:12:07:36 -0300] "GET /cormun/servlet/licenciaspermisos?INS,0,,, HTTP/1.1" 200 7202
186.103.156.211 - - [07/Mar/2017:12:07:37 -0300] "GET /cormun/servlet/licenciaspermisos?INS,0,,, HTTP/1.1" 200 7201
186.103.156.24 - - [07/Mar/2017:12:07:37 -0300] "POST /cormun/servlet/solicitudot?gx-no-cache=1488899328348 HTTP/1.1" 200 1157
192.168.10.89 - - [07/Mar/2017:12:07:46 -0300] "POST /cormun/servlet/trsolicitudgral?7d95e2256ba85ce650c218c33c093362,gx-no-cache=1488902371103,gx-no-cache=1488902550438 HTTP/1.1" 200 6725
186.79.203.133 - - [07/Mar/2017:12:07:48 -0300] "POST /cormun/servlet/trautorizarsolicitud?bbda2093f6d59515840b5c6797bb8e98,,gx-no-cache=1488899338078 HTTP/1.1" 200 6626
186.79.203.133 - - [07/Mar/2017:12:07:49 -0300] "POST /cormun/servlet/trautorizarsolicitud?bbda2093f6d59515840b5c6797bb8e98,,gx-no-cache=1488899338802 HTTP/1.1" 200 6571
186.103.156.211 - - [07/Mar/2017:12:07:50 -0300] "GET /cormun/servlet/trcontratosolicitud? HTTP/1.1" 200 9943
186.103.156.211 - - [07/Mar/2017:12:07:51 -0300] "GET /cormun/servlet/trcontratosolicitud? HTTP/1.1" 200 9933
186.103.156.24 - - [07/Mar/2017:12:07:55 -0300] "GET /cormun/static/menuarrow.gif HTTP/1.1" 404 1015
186.103.156.211 - - [07/Mar/2017:12:07:59 -0300] "GET /cormun/servlet/trcontratounov2? HTTP/1.1" 200 14682
186.103.156.211 - - [07/Mar/2017:12:08:00 -0300] "GET /cormun/servlet/trcontratounov2? HTTP/1.1" 200 14693
192.168.10.89 - - [07/Mar/2017:12:08:06 -0300] "POST /cormun/servlet/trsolicitudgral?7d95e2256ba85ce650c218c33c093362,gx-no-cache=1488902371103,gx-no-cache=1488902570553 HTTP/1.1" 200 8794
186.103.156.24 - - [07/Mar/2017:12:08:08 -0300] "GET /cormun/servlet/solicitudot?b055a4f6c2d3fa8ccaa961dc0bc75c8c981127cff8b60e19e520ad13c92efd1dd8cf5f8630247a5eb794565844063234290a9278e9812784fce66aae3fbb81335516ed41ca6beb867998e3b65181aa4708ab0ebd28c734c172417a3e9453f9fe6a246bded50980fd1a6bf5f273a88acf33a98c19831b527f57d014c27724ce5f1f0eb99a6f6997358d2d51fb8b93874bb3b859f1b881487850d4113a11fe2533b91e11a12f401d17a86f68c5e308a258,gx-no-cache=1488899359328 HTTP/1.1" 200 30
186.79.203.133 - - [07/Mar/2017:12:08:18 -0300] "POST /cormun/servlet/trautorizarsolicitud?bbda2093f6d59515840b5c6797bb8e98,,gx-no-cache=1488899367876 HTTP/1.1" 200 6290
186.79.203.133 - - [07/Mar/2017:12:08:19 -0300] "POST /cormun/servlet/trautorizarsolicitud?bbda2093f6d59515840b5c6797bb8e98,,gx-no-cache=1488899368604 HTTP/1.1" 200 6234
186.103.156.211 - - [07/Mar/2017:12:08:19 -0300] "GET /cormun/servlet/trvisualizadoreventos? HTTP/1.1" 200 6723
186.103.156.211 - - [07/Mar/2017:12:08:20 -0300] "GET /cormun/servlet/trvisualizadoreventos? HTTP/1.1" 200 6722
186.103.156.211 - - [07/Mar/2017:12:08:25 -0300] "GET /cormun/servlet/trcontratounov2? HTTP/1.1" 200 14682
186.103.156.211 - - [07/Mar/2017:12:08:26 -0300] "GET /cormun/servlet/trcontratounov2? HTTP/1.1" 200 14688
186.79.203.133 - - [07/Mar/2017:12:08:36 -0300] "POST /cormun/servlet/trautorizarsolicitud?bbda2093f6d59515840b5c6797bb8e98,,gx-no-cache=1488899385560 HTTP/1.1" 200 115
186.79.203.133 - - [07/Mar/2017:12:08:36 -0300] "GET /cormun/servlet/solicitudotlog?INS,2017,5173,0,REC, HTTP/1.1" 200 5759
186.79.203.133 - - [07/Mar/2017:12:08:36 -0300] "GET /cormun/servlet/solicitudotlog?INS,2017,5173,0,REC, HTTP/1.1" 200 5759
186.79.203.133 - - [07/Mar/2017:12:08:37 -0300] "GET /cormun/servlet/solicitudotlog?e4f96ac26d066ecb32f944f096f2cf89d9f72dfa834390ca134f74e9d8cdd7f5887fc99b4de900e02d2361522aaa1fd8edc99d8ee606732a7ce1d12caf003cdd033308a7317d382b9becb94bf00a4455730b04c67c0403fd1619399e0d750e470c042a98ab15418c0f650371b403bbcbe030bba8d7435baa622c7cc26be6a51fb0cbf713f36dae2ee603559ed9f2f18a1b42d8ba7f16c4d284e89c38ed45ca73,gx-no-cache=1488899387099 HTTP/1.1" 200 94
186.79.203.133 - - [07/Mar/2017:12:08:47 -0300] "POST /cormun/servlet/solicitudotlog?bbda2093f6d59515840b5c6797bb8e98,INS,2017,5173,0,REC,,gx-no-cache=1488899397329 HTTP/1.1" 200 93
186.79.203.133 - - [07/Mar/2017:12:08:47 -0300] "GET /cormun/servlet/hpexe_return? HTTP/1.1" 200 1021
186.79.203.133 - - [07/Mar/2017:12:08:48 -0300] "GET /cormun/servlet/trautorizarsolicitud? HTTP/1.1" 200 8669
186.79.203.133 - - [07/Mar/2017:12:08:48 -0300] "GET /cormun/servlet/trautorizarsolicitud? HTTP/1.1" 200 8665
186.103.156.211 - - [07/Mar/2017:12:08:49 -0300] "GET /cormun/servlet/trsolicitudot? HTTP/1.1" 200 6964
186.103.156.211 - - [07/Mar/2017:12:08:50 -0300] "GET /cormun/servlet/trsolicitudot? HTTP/1.1" 200 6963
186.79.203.133 - - [07/Mar/2017:12:08:53 -0300] "POST /cormun/servlet/trautorizarsolicitud?bbda2093f6d59515840b5c6797bb8e98,,gx-no-cache=1488899402430 HTTP/1.1" 200 115
186.79.203.133 - - [07/Mar/2017:12:08:53 -0300] "GET /cormun/servlet/solicitudotlog?INS,2017,5172,0,REC, HTTP/1.1" 200 5761
186.79.203.133 - - [07/Mar/2017:12:08:53 -0300] "GET /cormun/servlet/solicitudotlog?INS,2017,5172,0,REC, HTTP/1.1" 200 5761
186.79.203.133 - - [07/Mar/2017:12:08:54 -0300] "GET /cormun/servlet/solicitudotlog?e4f96ac26d066ecb32f944f096f2cf89f128347286aa8574b2242fd29aa50c57887fc99b4de900e02d2361522aaa1fd8edc99d8ee606732a7ce1d12caf003cdd033308a7317d382b9becb94bf00a4455730b04c67c0403fd1619399e0d750e470c042a98ab15418c0f650371b403bbcbe030bba8d7435baa622c7cc26be6a51fb0cbf713f36dae2ee603559ed9f2f18a1b42d8ba7f16c4d284e89c38ed45ca73,gx-no-cache=1488899403760 HTTP/1.1" 200 94
186.103.156.211 - - [07/Mar/2017:12:08:58 -0300] "GET /cormun/servlet/trsolicitudot? HTTP/1.1" 200 6963
186.103.156.211 - - [07/Mar/2017:12:08:59 -0300] "GET /cormun/servlet/trsolicitudot? HTTP/1.1" 200 6963
186.103.156.211 - - [07/Mar/2017:12:09:01 -0300] "GET /cormun/servlet/solicitudot?INS,0,0, HTTP/1.1" 200 12801
186.103.248.213 - - [07/Mar/2017:12:09:02 -0300] "GET /cormun/servlet/hlogin HTTP/1.1" 200 1729
186.103.156.211 - - [07/Mar/2017:12:09:02 -0300] "GET /cormun/servlet/solicitudot?INS,0,0, HTTP/1.1" 200 12806
186.103.248.213 - - [07/Mar/2017:12:09:02 -0300] "GET /cormun/static/gxtimezone.js?85251 HTTP/1.1" 200 5781
186.103.248.213 - - [07/Mar/2017:12:09:02 -0300] "GET /cormun/static/gxcfg.js?201612216162538 HTTP/1.1" 200 953
186.103.248.213 - - [07/Mar/2017:12:09:02 -0300] "GET /cormun/static/Resources/Spanish/PXTools.css?167811 HTTP/1.1" 200 89042
186.103.248.213 - - [07/Mar/2017:12:09:02 -0300] "GET /cormun/static/messages.spa.js?85251 HTTP/1.1" 200 30736
186.103.248.213 - - [07/Mar/2017:12:09:02 -0300] "GET /cormun/static/gxgral.js?85251 HTTP/1.1" 200 384558
186.103.248.213 - - [07/Mar/2017:12:09:03 -0300] "GET /cormun/static/hlogin.js?201612216162555 HTTP/1.1" 200 2136
186.103.248.213 - - [07/Mar/2017:12:09:03 -0300] "GET /cormun/static/Resources/PXToolsLoginTop.png HTTP/1.1" 200 1337
186.103.248.213 - - [07/Mar/2017:12:09:03 -0300] "GET /cormun/static/Resources/ComunLogin.png HTTP/1.1" 200 17326
186.103.248.213 - - [07/Mar/2017:12:09:03 -0300] "GET /cormun/static/Resources/PXToolsButtonRight21.png HTTP/1.1" 200 1283
186.103.248.213 - - [07/Mar/2017:12:09:03 -0300] "GET /cormun/static/Resources/PXToolsButtonLeft21.png HTTP/1.1" 200 1287
186.103.248.213 - - [07/Mar/2017:12:09:03 -0300] "GET /cormun/static/Resources/PXToolsLoginBackground.png HTTP/1.1" 200 1164
186.103.248.213 - - [07/Mar/2017:12:09:03 -0300] "GET /cormun/static/Resources/PXToolsButtonBackground2.png HTTP/1.1" 200 1181
186.103.248.213 - - [07/Mar/2017:12:09:03 -0300] "GET /cormun/static/Resources/PXToolsLoginBottom.png HTTP/1.1" 200 1389
186.103.248.213 - - [07/Mar/2017:12:09:03 -0300] "GET /cormun/servlet/hlogin HTTP/1.1" 200 1736
186.103.248.213 - - [07/Mar/2017:12:09:03 -0300] "GET /cormun/static/Resources/indicator.gif HTTP/1.1" 200 1553
186.103.248.213 - - [07/Mar/2017:12:09:03 -0300] "GET /favicon.ico HTTP/1.1" 200 21630
186.103.248.213 - - [07/Mar/2017:12:09:10 -0300] "POST /cormun/servlet/hlogin?bd568a1e6e5ed1164743876fd2fc624b,gx-no-cache=1488899420291 HTTP/1.1" 200 90
186.103.248.213 - - [07/Mar/2017:12:09:10 -0300] "GET /cormun/servlet/hpexe_link HTTP/1.1" 200 958
186.103.248.213 - - [07/Mar/2017:12:09:10 -0300] "GET /cormun/static/hpexe_link.js?201612218515532 HTTP/1.1" 200 625
186.103.248.213 - - [07/Mar/2017:12:09:10 -0300] "GET /cormun/static/gxcfg.js?201612218515529 HTTP/1.1" 200 953
186.103.248.213 - - [07/Mar/2017:12:09:10 -0300] "GET /cormun/static/Resources/Spanish/PXTools.css?18365030 HTTP/1.1" 200 89042
186.103.248.213 - - [07/Mar/2017:12:09:11 -0300] "GET /cormun/servlet/hhome HTTP/1.1" 200 3768
186.103.248.213 - - [07/Mar/2017:12:09:11 -0300] "GET /cormun/static/Shared/jqueryui/jquery-ui.min.css?1345370 HTTP/1.1" 200 30288
186.103.248.213 - - [07/Mar/2017:12:09:11 -0300] "GET /cormun/static/SmoothNavMenu/resources/ddsmoothmenu.css?1112540 HTTP/1.1" 200 2223
186.103.248.213 - - [07/Mar/2017:12:09:11 -0300] "GET /cormun/static/SmoothNavMenu/resources/ddsmoothmenu-v.css?1112540 HTTP/1.1" 200 1188
186.103.248.213 - - [07/Mar/2017:12:09:11 -0300] "GET /cormun/static/scaMessage/css/jquery.pnotify.default.css?1816380 HTTP/1.1" 200 1707
186.103.248.213 - - [07/Mar/2017:12:09:11 -0300] "GET /cormun/static/gxcfg.js?201612218515568 HTTP/1.1" 200 953
186.103.248.213 - - [07/Mar/2017:12:09:11 -0300] "GET /cormun/static/PXToolsJavascripts/pexe_autoreload.js HTTP/1.1" 200 1762
186.103.248.213 - - [07/Mar/2017:12:09:11 -0300] "GET /cormun/static/PXToolsJavascripts/pexe_cookies.js HTTP/1.1" 200 792
186.103.248.213 - - [07/Mar/2017:12:09:11 -0300] "GET /cormun/static/PXToolsJavascripts/pexe_windows.js HTTP/1.1" 200 15207
186.103.248.213 - - [07/Mar/2017:12:09:11 -0300] "GET /cormun/static/PXToolsJavascripts/pexe_grid.js HTTP/1.1" 200 7559
186.103.248.213 - - [07/Mar/2017:12:09:11 -0300] "GET /cormun/static/PXToolsJavascripts/pexe_griddivfix.js HTTP/1.1" 200 6644
186.103.248.213 - - [07/Mar/2017:12:09:11 -0300] "GET /cormun/static/PXToolsJavascripts/pexe_link.js HTTP/1.1" 200 5671
186.103.248.213 - - [07/Mar/2017:12:09:11 -0300] "GET /cormun/static/PXToolsJavascripts/pexe_menudivfix.js HTTP/1.1" 200 333
186.103.248.213 - - [07/Mar/2017:12:09:11 -0300] "GET /cormun/static/PXToolsJavascripts/pexe_menus.js HTTP/1.1" 200 1286
186.103.248.213 - - [07/Mar/2017:12:09:11 -0300] "GET /cormun/static/PXToolsJavascripts/pexe_layers.js HTTP/1.1" 200 4114
186.103.248.213 - - [07/Mar/2017:12:09:11 -0300] "GET /cormun/static/PXToolsJavascripts/pexe_oav.js HTTP/1.1" 200 645
186.103.248.213 - - [07/Mar/2017:12:09:11 -0300] "GET /cormun/static/PXToolsJavascripts/pexe_oavdivfix.js HTTP/1.1" 200 639
186.103.248.213 - - [07/Mar/2017:12:09:11 -0300] "GET /cormun/static/PXToolsJavascripts/pexe_picture.js HTTP/1.1" 200 689
186.103.248.213 - - [07/Mar/2017:12:09:11 -0300] "GET /cormun/static/PXToolsJavascripts/pexe_popup.js HTTP/1.1" 200 13458
186.103.248.213 - - [07/Mar/2017:12:09:11 -0300] "GET /cormun/static/PXToolsJavascripts/pexe_scrolldiv.js HTTP/1.1" 200 4138
186.103.248.213 - - [07/Mar/2017:12:09:11 -0300] "GET /cormun/static/PXToolsJavascripts/pexe_tabdivfix.js HTTP/1.1" 200 876
186.103.248.213 - - [07/Mar/2017:12:09:11 -0300] "GET /cormun/static/PXToolsJavascripts/pexe_tabs.js HTTP/1.1" 200 3748
186.103.248.213 - - [07/Mar/2017:12:09:11 -0300] "GET /cormun/static/PXToolsJavascripts/pexe_upload.js HTTP/1.1" 200 1423
186.103.248.213 - - [07/Mar/2017:12:09:11 -0300] "GET /cormun/static/PXToolsJavascripts/PXToolsJavascriptsRender.js HTTP/1.1" 200 367
186.103.248.213 - - [07/Mar/2017:12:09:11 -0300] "GET /cormun/static/RunJS/RunJS.js HTTP/1.1" 200 288
186.103.248.213 - - [07/Mar/2017:12:09:11 -0300] "GET /cormun/static/Shared/ext/locale/ext-lang-en.js HTTP/1.1" 200 10940
186.103.248.213 - - [07/Mar/2017:12:09:11 -0300] "GET /cormun/static/hhome.js?201612218515573 HTTP/1.1" 200 777
186.103.248.213 - - [07/Mar/2017:12:09:11 -0300] "GET /cormun/static/hwchdr01.js?201612218432057 HTTP/1.1" 200 1183
186.103.248.213 - - [07/Mar/2017:12:09:11 -0300] "GET /cormun/static/Resources/PXToolsHeaderPreferences.png HTTP/1.1" 200 4189
186.103.248.213 - - [07/Mar/2017:12:09:11 -0300] "GET /cormun/static/Resources/PXToolsHeaderActionsLeft.png HTTP/1.1" 200 1118
186.103.248.213 - - [07/Mar/2017:12:09:11 -0300] "GET /cormun/static/Resources/PXToolsFooterBackground2.png HTTP/1.1" 200 1172
186.103.248.213 - - [07/Mar/2017:12:09:11 -0300] "GET /cormun/static/Resources/logo4.png HTTP/1.1" 200 6582
186.103.248.213 - - [07/Mar/2017:12:09:11 -0300] "GET /cormun/static/Resources/PXToolsHeaderLogin.png HTTP/1.1" 200 4279
186.103.248.213 - - [07/Mar/2017:12:09:11 -0300] "GET /cormun/static/Resources/PXToolsDataTitle.png HTTP/1.1" 200 1173
186.103.248.213 - - [07/Mar/2017:12:09:11 -0300] "GET /cormun/static/Resources/PXToolsHeaderActionsBackground.png HTTP/1.1" 200 484
186.103.248.213 - - [07/Mar/2017:12:09:11 -0300] "GET /cormun/static/Resources/PXToolsHeaderBackground2.png HTTP/1.1" 200 1174
186.103.248.213 - - [07/Mar/2017:12:09:11 -0300] "GET /cormun/static/Resources/PXToolsHeaderSecurity.png HTTP/1.1" 200 4166
186.103.248.213 - - [07/Mar/2017:12:09:11 -0300] "GET /cormun/static/gxui/gxui-all.js HTTP/1.1" 200 107772
186.103.248.213 - - [07/Mar/2017:12:09:11 -0300] "GET /cormun/static/Resources/PXToolsHeaderActionsRight.png HTTP/1.1" 200 1201
186.103.248.213 - - [07/Mar/2017:12:09:11 -0300] "GET /cormun/static/hpexe_recentlink.js?201610171694390 HTTP/1.1" 200 2144
186.103.248.213 - - [07/Mar/2017:12:09:11 -0300] "GET /cormun/static/hpexe_scripts.js?201612218432016 HTTP/1.1" 200 1544
186.103.248.213 - - [07/Mar/2017:12:09:11 -0300] "GET /cormun/static/Resources/PXToolsHeaderHome.png HTTP/1.1" 200 4147
186.103.248.213 - - [07/Mar/2017:12:09:12 -0300] "GET /cormun/static/hpexe_messagecontroller.js?201610171694323 HTTP/1.1" 200 870
186.103.248.213 - - [07/Mar/2017:12:09:12 -0300] "GET /cormun/static/hpexe_messagepopupcomponent.js?20161017169425 HTTP/1.1" 200 605
186.103.248.213 - - [07/Mar/2017:12:09:12 -0300] "GET /cormun/static/hpexe_messagegenexuscomponent.js?201612218431816 HTTP/1.1" 200 587
186.103.248.213 - - [07/Mar/2017:12:09:12 -0300] "GET /cormun/static/cmcontrolpreferences.js?201612218431999 HTTP/1.1" 200 1375
186.103.248.213 - - [07/Mar/2017:12:09:12 -0300] "GET /cormun/static/Shared/jquery/jquery-1.4.2.min.js HTTP/1.1" 200 72174
186.103.248.213 - - [07/Mar/2017:12:09:12 -0300] "GET /cormun/static/SmoothNavMenu/resources/ddsmoothmenu.js HTTP/1.1" 200 12712
186.103.248.213 - - [07/Mar/2017:12:09:12 -0300] "GET /cormun/static/SmoothNavMenu/resources/SmoothNavMenuRender.js HTTP/1.1" 200 5951
186.103.248.213 - - [07/Mar/2017:12:09:12 -0300] "GET /cormun/static/scaMessage/js/jquery.pnotify.min.js HTTP/1.1" 200 13038
186.103.248.213 - - [07/Mar/2017:12:09:12 -0300] "GET /cormun/static/scaMessage/scaMessageRender.js HTTP/1.1" 200 11977
186.79.203.133 - - [07/Mar/2017:12:09:12 -0300] "POST /cormun/servlet/solicitudotlog?bbda2093f6d59515840b5c6797bb8e98,INS,2017,5172,0,REC,,gx-no-cache=1488899422275 HTTP/1.1" 200 93
186.103.248.213 - - [07/Mar/2017:12:09:12 -0300] "GET /cormun/static/hmpwkw03.js?20161221852152 HTTP/1.1" 200 3965
186.79.203.133 - - [07/Mar/2017:12:09:12 -0300] "GET /cormun/servlet/hpexe_return? HTTP/1.1" 200 1020
186.79.203.133 - - [07/Mar/2017:12:09:13 -0300] "GET /cormun/servlet/trautorizarsolicitud HTTP/1.1" 200 8166
186.103.248.213 - - [07/Mar/2017:12:09:13 -0300] "GET /cormun/static/Shared/jquery/jquery-1.10.2.min.js HTTP/1.1" 200 273199
186.103.248.213 - - [07/Mar/2017:12:09:13 -0300] "GET /cormun/static/Shared/jqueryui/jquery-ui.min.js HTTP/1.1" 200 240427
186.79.203.133 - - [07/Mar/2017:12:09:13 -0300] "GET /cormun/servlet/trautorizarsolicitud HTTP/1.1" 200 8162
186.103.248.213 - - [07/Mar/2017:12:09:15 -0300] "GET /cormun/static/Shared/ext/ext-all.js HTTP/1.1" 200 1289687
186.103.248.213 - - [07/Mar/2017:12:09:15 -0300] "GET /cormun/servlet/hhome HTTP/1.1" 200 3765
186.103.248.213 - - [07/Mar/2017:12:09:15 -0300] "GET /cormun/static/SmoothNavMenu/resources/images/down.gif HTTP/1.1" 200 854
186.103.248.213 - - [07/Mar/2017:12:09:23 -0300] "GET /cormun/servlet/trvisualizadoreventos? HTTP/1.1" 200 6502
186.103.156.211 - - [07/Mar/2017:12:09:23 -0300] "POST /cormun/servlet/solicitudot?gx-no-cache=1488899434263 HTTP/1.1" 200 3163
186.103.248.213 - - [07/Mar/2017:12:09:23 -0300] "GET /cormun/static/gxui/gxui-all.css?120300 HTTP/1.1" 200 2179
186.103.248.213 - - [07/Mar/2017:12:09:23 -0300] "GET /cormun/static/calendar-system.css?85620 HTTP/1.1" 200 5572
186.103.248.213 - - [07/Mar/2017:12:09:23 -0300] "GET /cormun/static/gxcfg.js?2016101716203350 HTTP/1.1" 200 953
186.103.248.213 - - [07/Mar/2017:12:09:23 -0300] "GET /cormun/static/calendar.js?85251 HTTP/1.1" 200 26246
186.103.248.213 - - [07/Mar/2017:12:09:23 -0300] "GET /cormun/static/calendar-setup.js?85251 HTTP/1.1" 200 2588
186.103.248.213 - - [07/Mar/2017:12:09:23 -0300] "GET /cormun/static/calendar-es.js?85251 HTTP/1.1" 200 1901
186.103.248.213 - - [07/Mar/2017:12:09:23 -0300] "GET /cormun/static/gxdec.js?85251 HTTP/1.1" 200 19579
186.103.248.213 - - [07/Mar/2017:12:09:24 -0300] "GET /cormun/static/trvisualizadoreventos.js?2016101716203614 HTTP/1.1" 200 19309
186.103.248.213 - - [07/Mar/2017:12:09:24 -0300] "GET /cormun/static/Resources/PXTools/calendar.png HTTP/1.1" 200 1306
186.103.248.213 - - [07/Mar/2017:12:09:24 -0300] "GET /cormun/static/Resources/PXToolsDataSearch.png HTTP/1.1" 200 419
186.103.248.213 - - [07/Mar/2017:12:09:24 -0300] "GET /cormun/static/Resources/PXToolsGridFirstDisabled.gif HTTP/1.1" 200 100
186.103.248.213 - - [07/Mar/2017:12:09:24 -0300] "GET /cormun/static/Resources/PXToolsGridPreviousDisabled.gif HTTP/1.1" 200 90
186.103.248.213 - - [07/Mar/2017:12:09:24 -0300] "GET /cormun/static/Resources/PXToolsGridNextDisabled.gif HTTP/1.1" 200 90
186.103.248.213 - - [07/Mar/2017:12:09:24 -0300] "GET /cormun/static/Resources/PXToolsGridLastDisabled.gif HTTP/1.1" 200 98
186.103.248.213 - - [07/Mar/2017:12:09:24 -0300] "GET /cormun/static/Resources/PXToolsGridPage.gif HTTP/1.1" 200 725
186.103.156.211 - - [07/Mar/2017:12:09:24 -0300] "POST /cormun/servlet/solicitudot?b8d5c39d98d039fda570736fa85dbc4d,INS,0,0,,gx-no-cache=1488899434748 HTTP/1.1" 200 9976
186.103.248.213 - - [07/Mar/2017:12:09:24 -0300] "GET /cormun/static/Resources/PXToolsActionPrint.png HTTP/1.1" 200 3317
186.103.248.213 - - [07/Mar/2017:12:09:24 -0300] "GET /cormun/static/Resources/PXToolsActionExcel.png HTTP/1.1" 200 3187
186.103.248.213 - - [07/Mar/2017:12:09:24 -0300] "GET /cormun/static/Shared/ext/resources/css/ext-all.css?215870 HTTP/1.1" 200 416045
186.103.248.213 - - [07/Mar/2017:12:09:25 -0300] "GET /cormun/static/Resources/asc.gif HTTP/1.1" 200 67
186.103.248.213 - - [07/Mar/2017:12:09:25 -0300] "GET /cormun/static/Resources/desc.gif HTTP/1.1" 200 65
186.103.248.213 - - [07/Mar/2017:12:09:25 -0300] "GET /cormun/servlet/trvisualizadoreventos? HTTP/1.1" 200 6501
