186.103.159.187 - - [07/Mar/2017:13:24:22 -0300] "GET /cormun/servlet/trsolicitudot HTTP/1.1" 200 7973
200.83.57.219 - - [07/Mar/2017:13:24:24 -0300] "POST /cormun/servlet/solicitudot?gx-no-cache=1488903933501 HTTP/1.1" 200 30
200.83.57.219 - - [07/Mar/2017:13:24:25 -0300] "POST /cormun/servlet/solicitudot?gx-no-cache=1488903934719 HTTP/1.1" 200 235
200.83.57.219 - - [07/Mar/2017:13:24:25 -0300] "POST /cormun/servlet/solicitudot?gx-no-cache=1488903934797 HTTP/1.1" 200 38
186.103.159.187 - - [07/Mar/2017:13:24:32 -0300] "POST /cormun/servlet/trsolicitudot?785c70891d3aa1fbbc0d0d7bba9c05c9,gx-no-cache=1488903943055 HTTP/1.1" 200 4169
186.103.159.187 - - [07/Mar/2017:13:24:32 -0300] "GET /cormun/static/Shared/jqueryui/images/ui-bg_highlight-soft_100_c6c2c8_1x100.png HTTP/1.1" 404 1117
186.103.159.187 - - [07/Mar/2017:13:24:32 -0300] "GET /cormun/static/Shared/jqueryui/images/ui-icons_82798d_256x240.png HTTP/1.1" 404 1089
186.103.159.187 - - [07/Mar/2017:13:24:32 -0300] "GET /cormun/static/Shared/jqueryui/images/ui-bg_flat_55_fafafa_40x100.png HTTP/1.1" 404 1097
186.103.159.187 - - [07/Mar/2017:13:24:32 -0300] "GET /cormun/static/Shared/jqueryui/images/ui-icons_8d78a5_256x240.png HTTP/1.1" 404 1089
186.103.159.187 - - [07/Mar/2017:13:24:33 -0300] "POST /cormun/servlet/trsolicitudot?785c70891d3aa1fbbc0d0d7bba9c05c9,gx-no-cache=1488903943330 HTTP/1.1" 200 3937
186.103.159.187 - - [07/Mar/2017:13:24:44 -0300] "GET /cormun/servlet/hlogin HTTP/1.1" 200 1738
186.67.172.234 - - [07/Mar/2017:13:24:47 -0300] "GET /cormun/servlet/trlicenciaspermisosadjuntos?7145354,20170307000000,L, HTTP/1.1" 200 6080
186.67.172.234 - - [07/Mar/2017:13:24:48 -0300] "GET /cormun/servlet/trlicenciaspermisosadjuntos?7145354,20170307000000,L, HTTP/1.1" 200 6080
186.103.159.187 - - [07/Mar/2017:13:24:52 -0300] "POST /cormun/servlet/hlogin?785c70891d3aa1fbbc0d0d7bba9c05c9,gx-no-cache=1488903962479 HTTP/1.1" 200 90
186.103.159.187 - - [07/Mar/2017:13:24:52 -0300] "GET /cormun/servlet/hpexe_link HTTP/1.1" 200 955
186.103.159.187 - - [07/Mar/2017:13:24:52 -0300] "GET /cormun/servlet/hhome HTTP/1.1" 200 3949
186.103.159.187 - - [07/Mar/2017:13:24:53 -0300] "GET /cormun/servlet/hhome HTTP/1.1" 200 3945
186.67.172.234 - - [07/Mar/2017:13:24:54 -0300] "GET /cormun/servlet/trlicencias? HTTP/1.1" 200 8684
186.67.172.234 - - [07/Mar/2017:13:24:54 -0300] "GET /cormun/servlet/trlicencias? HTTP/1.1" 200 8676
186.103.159.187 - - [07/Mar/2017:13:24:58 -0300] "GET /cormun/servlet/trautorizarsolicitud? HTTP/1.1" 200 8120
186.103.159.187 - - [07/Mar/2017:13:24:59 -0300] "GET /cormun/servlet/trautorizarsolicitud? HTTP/1.1" 200 8118
186.67.172.234 - - [07/Mar/2017:13:25:02 -0300] "GET /cormun/servlet/trlicenciaspermisosadjuntos?7145354,20170307000000,L, HTTP/1.1" 200 6080
186.67.172.234 - - [07/Mar/2017:13:25:02 -0300] "GET /cormun/servlet/trlicenciaspermisosadjuntos?7145354,20170307000000,L, HTTP/1.1" 200 6080
186.67.172.234 - - [07/Mar/2017:13:25:05 -0300] "GET /cormun/servlet/licenciaspermisosadjuntos?INS,7145354,L,20170307000000,, HTTP/1.1" 200 5378
186.67.172.234 - - [07/Mar/2017:13:25:05 -0300] "GET /cormun/static/about:blank HTTP/1.1" 404 1011
186.67.172.234 - - [07/Mar/2017:13:25:05 -0300] "GET /cormun/servlet/licenciaspermisosadjuntos?INS,7145354,L,20170307000000,, HTTP/1.1" 200 5367
192.168.10.89 - - [07/Mar/2017:13:25:08 -0300] "POST /cormun/servlet/trsolicitudgral?b47e61618046a353b326b283a53601ce,gx-no-cache=1488902371103,gx-no-cache=1488907192554 HTTP/1.1" 200 7773
186.67.172.234 - - [07/Mar/2017:13:25:10 -0300] "POST /cormun/servlet/licenciaspermisosadjuntos?18c75e6416d010a517152efabc34668d,INS,7145354,L,20170307000000,, HTTP/1.1" 200 116
186.67.172.234 - - [07/Mar/2017:13:25:10 -0300] "GET /cormun/servlet/hpexe_return? HTTP/1.1" 200 1044
186.67.172.234 - - [07/Mar/2017:13:25:10 -0300] "GET /cormun/servlet/trlicenciaspermisosadjuntos?7145354,20170307000000,L, HTTP/1.1" 200 6552
186.67.172.234 - - [07/Mar/2017:13:25:11 -0300] "GET /cormun/servlet/trlicenciaspermisosadjuntos?7145354,20170307000000,L, HTTP/1.1" 200 6549
186.67.172.234 - - [07/Mar/2017:13:25:18 -0300] "GET /cormun/servlet/trlicencias? HTTP/1.1" 200 8684
186.67.172.234 - - [07/Mar/2017:13:25:18 -0300] "GET /cormun/servlet/trlicencias? HTTP/1.1" 200 8681
186.103.159.187 - - [07/Mar/2017:13:25:23 -0300] "POST /cormun/servlet/trautorizarsolicitud?785c70891d3aa1fbbc0d0d7bba9c05c9,,gx-no-cache=1488903993812 HTTP/1.1" 200 4330
186.103.159.187 - - [07/Mar/2017:13:25:23 -0300] "GET /cormun/static/Shared/jqueryui/images/ui-bg_highlight-soft_100_c6c2c8_1x100.png HTTP/1.1" 404 1117
186.103.159.187 - - [07/Mar/2017:13:25:23 -0300] "GET /cormun/static/Shared/jqueryui/images/ui-icons_82798d_256x240.png HTTP/1.1" 404 1089
186.103.159.187 - - [07/Mar/2017:13:25:23 -0300] "GET /cormun/static/Shared/jqueryui/images/ui-icons_8d78a5_256x240.png HTTP/1.1" 404 1089
186.103.159.187 - - [07/Mar/2017:13:25:23 -0300] "GET /cormun/static/Shared/jqueryui/images/ui-bg_flat_55_fafafa_40x100.png HTTP/1.1" 404 1097
186.103.159.187 - - [07/Mar/2017:13:25:24 -0300] "POST /cormun/servlet/trautorizarsolicitud?785c70891d3aa1fbbc0d0d7bba9c05c9,,gx-no-cache=1488903994215 HTTP/1.1" 200 4095
186.67.172.234 - - [07/Mar/2017:13:25:33 -0300] "POST /cormun/servlet/trlicencias?18c75e6416d010a517152efabc34668d,,gx-no-cache=1488904002087 HTTP/1.1" 200 5863
186.67.172.234 - - [07/Mar/2017:13:25:33 -0300] "GET /cormun/static/Shared/jqueryui/images/ui-bg_highlight-soft_100_c6c2c8_1x100.png HTTP/1.1" 404 1117
186.67.172.234 - - [07/Mar/2017:13:25:34 -0300] "GET /cormun/static/Shared/jqueryui/images/ui-icons_82798d_256x240.png HTTP/1.1" 404 1089
186.67.172.234 - - [07/Mar/2017:13:25:34 -0300] "GET /cormun/static/Shared/jqueryui/images/ui-bg_flat_55_fafafa_40x100.png HTTP/1.1" 404 1097
186.67.172.234 - - [07/Mar/2017:13:25:34 -0300] "GET /cormun/static/Shared/jqueryui/images/ui-icons_8d78a5_256x240.png HTTP/1.1" 404 1089
186.67.172.234 - - [07/Mar/2017:13:25:37 -0300] "GET /cormun/servlet/alicenciaprn?7109486,L,20170301000000,PU HTTP/1.1" 200 1530
186.67.172.234 - - [07/Mar/2017:13:26:01 -0300] "GET /cormun/servlet/trlicencias? HTTP/1.1" 200 8363
186.67.172.234 - - [07/Mar/2017:13:26:02 -0300] "GET /cormun/servlet/trlicencias? HTTP/1.1" 200 8363
200.83.57.219 - - [07/Mar/2017:13:26:05 -0300] "GET /cormun/servlet/solicitudot?44f44457ade39ccde6fc41d0737e65e5e9dcd36580658eed096960ff199bdf00fdda014359ce3a3b91fc61e8e01a46f0b20572c89f8e002caf4a21284081198374e3d77f8773ebf7c94c70f86be184a04f5a38e821ff26de3ded897f5d50e6d607d7f4b3040f917bc81c9928e345c33c,gx-no-cache=1488904034190 HTTP/1.1" 200 29
200.83.57.219 - - [07/Mar/2017:13:26:05 -0300] "POST /cormun/servlet/solicitudot?gx-no-cache=1488904034378 HTTP/1.1" 200 643
200.83.57.219 - - [07/Mar/2017:13:26:06 -0300] "POST /cormun/servlet/solicitudot?gx-no-cache=1488904035634 HTTP/1.1" 200 1157
186.67.172.234 - - [07/Mar/2017:13:26:06 -0300] "GET /cormun/servlet/licenciaspermisos?INS,0,,, HTTP/1.1" 200 7082
186.67.172.234 - - [07/Mar/2017:13:26:07 -0300] "GET /cormun/servlet/licenciaspermisos?INS,0,,, HTTP/1.1" 200 7082
186.67.172.234 - - [07/Mar/2017:13:26:09 -0300] "GET /cormun/servlet/trlicencias? HTTP/1.1" 200 8363
186.67.172.234 - - [07/Mar/2017:13:26:09 -0300] "GET /cormun/servlet/trlicencias? HTTP/1.1" 200 8363
186.67.172.234 - - [07/Mar/2017:13:26:14 -0300] "GET /cormun/servlet/licenciaspermisos?INS,0,,, HTTP/1.1" 200 7082
186.67.172.234 - - [07/Mar/2017:13:26:14 -0300] "GET /cormun/servlet/licenciaspermisos?INS,0,,, HTTP/1.1" 200 7082
200.83.57.219 - - [07/Mar/2017:13:26:14 -0300] "GET /cormun/static/menuarrow.gif HTTP/1.1" 404 1015
200.83.57.219 - - [07/Mar/2017:13:26:23 -0300] "GET /cormun/servlet/solicitudot?44f44457ade39ccde6fc41d0737e65e5e87abcf270dd004979d9859995d734ad83953439efa8375ec28aaf9cc86a8c1c062e495a29679467b980f0d4087871cb805df2d598ab53622928cf4c0974b66cde04994bc1b1ea5e8dbedde6d81f5048274c40fdaadd0c6b5da7dcf374df79790d64c11c6d8f31bcce4eae5330b324c02836de2625bf10cf55ffb3da9e6d1ddc9c0d05541c38083aeb5f3baeb46fd1c1f5490096fcb32b480b8dd90f9fc8f064,gx-no-cache=1488904052164 HTTP/1.1" 200 30
186.67.172.234 - - [07/Mar/2017:13:26:34 -0300] "GET /cormun/servlet/prfichaempleado?,MD,,gxPopupLevel%3D0%3B HTTP/1.1" 200 8775
200.83.57.219 - - [07/Mar/2017:13:26:37 -0300] "POST /cormun/servlet/solicitudot?1cdb2575f27cb244828164342a871ab8,INS,0,0,,gx-no-cache=1488904065992 HTTP/1.1" 200 93
200.83.57.219 - - [07/Mar/2017:13:26:37 -0300] "GET /cormun/servlet/hpexe_return? HTTP/1.1" 200 1013
200.83.57.219 - - [07/Mar/2017:13:26:37 -0300] "GET /cormun/servlet/trsolicitudot HTTP/1.1" 200 8724
200.83.57.219 - - [07/Mar/2017:13:26:37 -0300] "GET /cormun/servlet/trsolicitudot HTTP/1.1" 200 8720
186.67.172.234 - - [07/Mar/2017:13:26:44 -0300] "POST /cormun/servlet/prfichaempleado?18c75e6416d010a517152efabc34668d,,MD,,gxPopupLevel%3D0%3B,gx-no-cache=1488904072503 HTTP/1.1" 200 3411
186.67.172.234 - - [07/Mar/2017:13:26:49 -0300] "GET /cormun/servlet/licenciaspermisos?54980d20faa63d7f99fb1c1f7594cce22daf0a26cd64ea8f49fa9f9036c5cec169749f3938d7e10f92ff1993130462a0,gx-no-cache=1488904078104 HTTP/1.1" 200 68
186.67.172.234 - - [07/Mar/2017:13:26:49 -0300] "POST /cormun/servlet/licenciaspermisos?18c75e6416d010a517152efabc34668d,INS,0,,,,gx-no-cache=1488904078181 HTTP/1.1" 200 4409
186.67.172.234 - - [07/Mar/2017:13:27:11 -0300] "GET /cormun/static/menuarrow.gif HTTP/1.1" 404 1015
186.67.172.234 - - [07/Mar/2017:13:28:14 -0300] "GET /cormun/servlet/licenciaspermisos?54980d20faa63d7f99fb1c1f7594cce26b7fcf7f136f7f2247866fbd52dd3e3952c0e67634d3422f4341b40c972d583db4ff700a1833bb79d12ed6bda1deaf52674be830d19b9082a3769720607a89c0dd4ceead63e6f55b5e351514aeb5be42f522ef721bd9aade42ff68a0ac68347a34b2459eb0ff90da361ac49513b68fa0a240a1a535c813d9c026ad1985ad197be7806154ff1eec707903fdd34755c9a709e265d5214f01b657da1346a21f4a39,gx-no-cache=1488904162684 HTTP/1.1" 200 30
186.67.172.234 - - [07/Mar/2017:13:28:14 -0300] "GET /cormun/servlet/licenciaspermisos?54980d20faa63d7f99fb1c1f7594cce2c5bdd069a7f7218c2787a3959559fe349e974633e081d07eb3cea37d6eb22cf7d94113db3421d39b165d76b6a62edcbf4550efb25e50a6620a2e5bc1570436816622f16255feec209797d1751f7b9530b20f9c6855e1e4dcd01a16a0f69294c56b3d9f059a6f5e53673624182ff0eece4ac9236d15a0879d0d3bc301ec8c5b14dd2052cac1887dfeb383638f6cefb275a02c3049ad495d04967172d2f4d1a8e6,gx-no-cache=1488904162706 HTTP/1.1" 200 29
186.67.172.234 - - [07/Mar/2017:13:28:14 -0300] "POST /cormun/servlet/licenciaspermisos?18c75e6416d010a517152efabc34668d,INS,0,,,,gx-no-cache=1488904162723 HTTP/1.1" 200 4558
186.67.172.234 - - [07/Mar/2017:13:28:14 -0300] "GET /cormun/static/Shared/jqueryui/images/ui-bg_highlight-soft_100_c6c2c8_1x100.png HTTP/1.1" 404 1117
186.67.172.234 - - [07/Mar/2017:13:28:14 -0300] "GET /cormun/static/Shared/jqueryui/images/ui-icons_82798d_256x240.png HTTP/1.1" 404 1089
186.67.172.234 - - [07/Mar/2017:13:28:14 -0300] "GET /cormun/static/Shared/jqueryui/images/ui-bg_flat_55_994d53_40x100.png HTTP/1.1" 404 1097
186.67.172.234 - - [07/Mar/2017:13:28:14 -0300] "GET /cormun/static/Shared/jqueryui/images/ui-icons_ebccce_256x240.png HTTP/1.1" 404 1089
192.168.10.60 - - [07/Mar/2017:13:28:22 -0300] "POST /cormun/servlet/trautorizarot?63fdd6da990e04b3eb77ca9d5a291094,,gx-no-cache=1488903367839 HTTP/1.1" 200 18371
186.67.172.234 - - [07/Mar/2017:13:28:23 -0300] "POST /cormun/servlet/licenciaspermisos?18c75e6416d010a517152efabc34668d,INS,0,,,,gx-no-cache=1488904171916 HTTP/1.1" 200 90
186.67.172.234 - - [07/Mar/2017:13:28:23 -0300] "GET /cormun/servlet/hpexe_link HTTP/1.1" 200 972
186.67.172.234 - - [07/Mar/2017:13:28:23 -0300] "GET /cormun/servlet/trlicencias HTTP/1.1" 200 8365
186.67.172.234 - - [07/Mar/2017:13:28:24 -0300] "GET /cormun/servlet/trlicencias HTTP/1.1" 200 8363
186.67.172.234 - - [07/Mar/2017:13:29:01 -0300] "GET /cormun/servlet/hlogin HTTP/1.1" 200 1737
186.67.172.234 - - [07/Mar/2017:13:29:09 -0300] "POST /cormun/servlet/hlogin?18c75e6416d010a517152efabc34668d,gx-no-cache=1488904218165 HTTP/1.1" 200 90
186.67.172.234 - - [07/Mar/2017:13:29:09 -0300] "GET /cormun/servlet/hpexe_link HTTP/1.1" 200 960
186.67.172.234 - - [07/Mar/2017:13:29:10 -0300] "GET /cormun/servlet/trlicencias HTTP/1.1" 200 8365
186.67.172.234 - - [07/Mar/2017:13:29:10 -0300] "GET /cormun/servlet/trlicencias HTTP/1.1" 200 8363
192.168.10.62 - - [07/Mar/2017:13:29:28 -0300] "GET /cormun/servlet/hlogin HTTP/1.1" 200 1742
192.168.10.62 - - [07/Mar/2017:13:29:28 -0300] "GET /cormun/servlet/hlogin HTTP/1.1" 200 1733
186.67.172.234 - - [07/Mar/2017:13:29:39 -0300] "POST /cormun/servlet/trlicencias?18c75e6416d010a517152efabc34668d,gx-no-cache=1488904247206 HTTP/1.1" 200 5833
186.67.172.234 - - [07/Mar/2017:13:29:41 -0300] "POST /cormun/servlet/trlicencias?18c75e6416d010a517152efabc34668d,gx-no-cache=1488904249372 HTTP/1.1" 200 5833
186.67.172.234 - - [07/Mar/2017:13:29:54 -0300] "GET /cormun/servlet/hhome HTTP/1.1" 200 3725
186.67.172.234 - - [07/Mar/2017:13:29:55 -0300] "GET /cormun/servlet/hhome HTTP/1.1" 200 3723
186.67.172.234 - - [07/Mar/2017:13:30:06 -0300] "GET /cormun/servlet/trlicencias? HTTP/1.1" 200 8366
186.67.172.234 - - [07/Mar/2017:13:30:06 -0300] "GET /cormun/servlet/trlicencias? HTTP/1.1" 200 8363
186.67.172.234 - - [07/Mar/2017:13:30:16 -0300] "POST /cormun/servlet/acontrolpreferencessavestate?None,BSILVA,true HTTP/1.1" 200 35
186.67.172.234 - - [07/Mar/2017:13:30:22 -0300] "POST /cormun/servlet/acontrolpreferencessavestate?None,BSILVA,true HTTP/1.1" 200 35
186.103.248.213 - - [07/Mar/2017:13:30:28 -0300] "GET /cormun/servlet/hlogin HTTP/1.1" 200 1720
186.103.248.213 - - [07/Mar/2017:13:30:28 -0300] "GET /cormun/static/gxtimezone.js?85251 HTTP/1.1" 304 -
186.103.248.213 - - [07/Mar/2017:13:30:28 -0300] "GET /cormun/static/gxcfg.js?201612216162538 HTTP/1.1" 304 -
186.103.248.213 - - [07/Mar/2017:13:30:28 -0300] "GET /cormun/static/messages.spa.js?85251 HTTP/1.1" 304 -
186.103.248.213 - - [07/Mar/2017:13:30:30 -0300] "GET /cormun/servlet/hlogin HTTP/1.1" 200 1720
186.103.248.213 - - [07/Mar/2017:13:30:32 -0300] "POST /cormun/servlet/hlogin?9354695b535e4767aec56724946d4e9e,gx-no-cache=1488904302280 HTTP/1.1" 200 90
186.103.248.213 - - [07/Mar/2017:13:30:32 -0300] "GET /cormun/servlet/hpexe_link HTTP/1.1" 200 955
186.103.248.213 - - [07/Mar/2017:13:30:32 -0300] "GET /cormun/static/gxcfg.js?201612218515529 HTTP/1.1" 304 -
186.103.248.213 - - [07/Mar/2017:13:30:32 -0300] "GET /cormun/servlet/hhome HTTP/1.1" 200 3974
186.103.248.213 - - [07/Mar/2017:13:30:32 -0300] "GET /cormun/static/gxcfg.js?201612218515568 HTTP/1.1" 304 -
186.103.248.213 - - [07/Mar/2017:13:30:33 -0300] "GET /cormun/servlet/hhome HTTP/1.1" 200 3970
186.103.248.213 - - [07/Mar/2017:13:30:37 -0300] "GET /cormun/servlet/trvisualizadoreventos? HTTP/1.1" 200 6705
186.103.248.213 - - [07/Mar/2017:13:30:37 -0300] "GET /cormun/static/gxcfg.js?2016101716203350 HTTP/1.1" 304 -
186.103.248.213 - - [07/Mar/2017:13:30:37 -0300] "GET /cormun/static/calendar.js?85251 HTTP/1.1" 304 -
186.103.248.213 - - [07/Mar/2017:13:30:37 -0300] "GET /cormun/static/calendar-setup.js?85251 HTTP/1.1" 304 -
186.103.248.213 - - [07/Mar/2017:13:30:37 -0300] "GET /cormun/static/calendar-es.js?85251 HTTP/1.1" 304 -
186.103.248.213 - - [07/Mar/2017:13:30:37 -0300] "GET /cormun/static/gxdec.js?85251 HTTP/1.1" 304 -
186.103.248.213 - - [07/Mar/2017:13:30:37 -0300] "GET /cormun/servlet/trvisualizadoreventos? HTTP/1.1" 200 6705
186.103.248.213 - - [07/Mar/2017:13:30:39 -0300] "GET /cormun/servlet/trautorizarsolicitud? HTTP/1.1" 200 8186
186.103.248.213 - - [07/Mar/2017:13:30:39 -0300] "GET /cormun/static/gxcfg.js?2017259112829 HTTP/1.1" 304 -
186.103.248.213 - - [07/Mar/2017:13:30:39 -0300] "GET /cormun/static/trautorizarsolicitud.js?2017259113483 HTTP/1.1" 304 -
186.103.248.213 - - [07/Mar/2017:13:30:40 -0300] "GET /cormun/servlet/trautorizarsolicitud? HTTP/1.1" 200 8186
186.103.248.213 - - [07/Mar/2017:13:30:43 -0300] "GET /cormun/servlet/veautorizarsolicitud?2017,5151,, HTTP/1.1" 200 8162
186.103.248.213 - - [07/Mar/2017:13:30:43 -0300] "GET /cormun/static/gxcfg.js?20161221854380 HTTP/1.1" 304 -
186.103.248.213 - - [07/Mar/2017:13:30:43 -0300] "GET /cormun/pexe_scrolldiv.js HTTP/1.1" 404 1009
186.103.248.213 - - [07/Mar/2017:13:30:43 -0300] "GET /cormun/servlet/veautorizarsolicitud?2017,5151,, HTTP/1.1" 200 8161
186.103.248.213 - - [07/Mar/2017:13:30:55 -0300] "POST /cormun/servlet/veautorizarsolicitud?9354695b535e4767aec56724946d4e9e,2017,5151,,,gx-no-cache=1488904325580 HTTP/1.1" 200 93
186.103.248.213 - - [07/Mar/2017:13:30:56 -0300] "GET /cormun/servlet/hpexe_return? HTTP/1.1" 200 1017
186.103.248.213 - - [07/Mar/2017:13:30:56 -0300] "GET /cormun/static/gxcfg.js?2016101716175148 HTTP/1.1" 304 -
186.103.248.213 - - [07/Mar/2017:13:30:56 -0300] "GET /cormun/servlet/trautorizarsolicitud HTTP/1.1" 200 8190
186.103.248.213 - - [07/Mar/2017:13:30:56 -0300] "GET /cormun/servlet/trautorizarsolicitud HTTP/1.1" 200 8186
186.103.248.213 - - [07/Mar/2017:13:30:59 -0300] "POST /cormun/servlet/trautorizarsolicitud?9354695b535e4767aec56724946d4e9e,gx-no-cache=1488904329403 HTTP/1.1" 200 4362
186.103.248.213 - - [07/Mar/2017:13:30:59 -0300] "GET /cormun/static/Shared/jqueryui/images/ui-bg_highlight-soft_100_c6c2c8_1x100.png HTTP/1.1" 404 1117
186.103.248.213 - - [07/Mar/2017:13:30:59 -0300] "GET /cormun/static/Shared/jqueryui/images/ui-icons_82798d_256x240.png HTTP/1.1" 404 1089
186.103.248.213 - - [07/Mar/2017:13:30:59 -0300] "GET /cormun/static/Shared/jqueryui/images/ui-bg_flat_55_fafafa_40x100.png HTTP/1.1" 404 1097
186.103.248.213 - - [07/Mar/2017:13:30:59 -0300] "GET /cormun/static/Shared/jqueryui/images/ui-icons_8d78a5_256x240.png HTTP/1.1" 404 1089
186.103.248.213 - - [07/Mar/2017:13:31:00 -0300] "POST /cormun/servlet/trautorizarsolicitud?9354695b535e4767aec56724946d4e9e,gx-no-cache=1488904329994 HTTP/1.1" 200 4101
186.103.248.213 - - [07/Mar/2017:13:31:14 -0300] "POST /cormun/servlet/trautorizarsolicitud?9354695b535e4767aec56724946d4e9e,gx-no-cache=1488904344033 HTTP/1.1" 200 4122
192.168.10.60 - - [07/Mar/2017:13:31:16 -0300] "POST /cormun/servlet/trautorizarot?63fdd6da990e04b3eb77ca9d5a291094,,gx-no-cache=1488903541883 HTTP/1.1" 200 16779
186.103.248.213 - - [07/Mar/2017:13:31:16 -0300] "GET /cormun/static/Shared/jqueryui/images/ui-bg_highlight-soft_100_eae6ea_1x100.png HTTP/1.1" 404 1117
186.103.248.213 - - [07/Mar/2017:13:31:20 -0300] "GET /cormun/servlet/hlogin HTTP/1.1" 200 1741
186.67.172.234 - - [07/Mar/2017:13:31:30 -0300] "GET /cormun/servlet/trvisualizadoreventos? HTTP/1.1" 200 6454
186.67.172.234 - - [07/Mar/2017:13:31:30 -0300] "GET /cormun/static/gxcfg.js?2016101716203350 HTTP/1.1" 200 953
186.67.172.234 - - [07/Mar/2017:13:31:30 -0300] "GET /cormun/static/trvisualizadoreventos.js?2016101716203614 HTTP/1.1" 200 19309
186.67.172.234 - - [07/Mar/2017:13:31:30 -0300] "GET /cormun/static/Resources/PXToolsActionPrint.png HTTP/1.1" 200 3317
186.67.172.234 - - [07/Mar/2017:13:31:30 -0300] "GET /cormun/servlet/trvisualizadoreventos? HTTP/1.1" 200 6454
192.168.10.60 - - [07/Mar/2017:13:31:52 -0300] "POST /cormun/servlet/trautorizarot?63fdd6da990e04b3eb77ca9d5a291094,,gx-no-cache=1488903578724 HTTP/1.1" 200 15514
186.67.172.234 - - [07/Mar/2017:13:31:56 -0300] "GET /cormun/servlet/trlicencias? HTTP/1.1" 200 8364
186.67.172.234 - - [07/Mar/2017:13:31:56 -0300] "GET /cormun/servlet/trlicencias? HTTP/1.1" 200 8363
186.67.172.234 - - [07/Mar/2017:13:32:37 -0300] "GET /cormun/servlet/hlogin HTTP/1.1" 200 1738
192.168.10.60 - - [07/Mar/2017:13:33:28 -0300] "POST /cormun/servlet/trautorizarot?63fdd6da990e04b3eb77ca9d5a291094,,gx-no-cache=1488903674394 HTTP/1.1" 200 15192
192.168.10.60 - - [07/Mar/2017:13:33:37 -0300] "POST /cormun/servlet/trautorizarot?63fdd6da990e04b3eb77ca9d5a291094,,gx-no-cache=1488903683216 HTTP/1.1" 200 14845
192.168.10.60 - - [07/Mar/2017:13:34:24 -0300] "POST /cormun/servlet/trautorizarot?63fdd6da990e04b3eb77ca9d5a291094,,gx-no-cache=1488903730825 HTTP/1.1" 200 14219
192.168.10.60 - - [07/Mar/2017:13:34:44 -0300] "POST /cormun/servlet/trautorizarot?63fdd6da990e04b3eb77ca9d5a291094,,gx-no-cache=1488903749939 HTTP/1.1" 200 12160
192.168.10.60 - - [07/Mar/2017:13:35:02 -0300] "POST /cormun/servlet/trautorizarot?63fdd6da990e04b3eb77ca9d5a291094,,gx-no-cache=1488903768509 HTTP/1.1" 200 11450
200.83.57.219 - - [07/Mar/2017:13:35:43 -0300] "POST /cormun/servlet/trsolicitudot?1cdb2575f27cb244828164342a871ab8,gx-no-cache=1488904612277 HTTP/1.1" 200 106
200.83.57.219 - - [07/Mar/2017:13:35:43 -0300] "GET /cormun/servlet/trsolicitudadjuntos?2017,5275, HTTP/1.1" 200 6199
200.83.57.219 - - [07/Mar/2017:13:35:44 -0300] "GET /cormun/servlet/trsolicitudadjuntos?2017,5275, HTTP/1.1" 200 6199
200.83.57.219 - - [07/Mar/2017:13:35:45 -0300] "GET /cormun/servlet/solicitudotadjuntos?INS,2017,5275,,1, HTTP/1.1" 200 6129
200.83.57.219 - - [07/Mar/2017:13:35:46 -0300] "GET /cormun/static/about:blank HTTP/1.1" 404 1011
200.83.57.219 - - [07/Mar/2017:13:35:46 -0300] "GET /cormun/servlet/solicitudotadjuntos?INS,2017,5275,,1, HTTP/1.1" 200 6123
200.83.57.219 - - [07/Mar/2017:13:35:46 -0300] "GET /cormun/servlet/solicitudotadjuntos?44f44457ade39ccde6fc41d0737e65e5c176827f1ec5784bed6fdfa2470bf08d4d7baa386dc56f3e50366752670e8dd8,gx-no-cache=1488904615668 HTTP/1.1" 200 30
200.83.57.219 - - [07/Mar/2017:13:35:46 -0300] "POST /cormun/servlet/solicitudotadjuntos?1cdb2575f27cb244828164342a871ab8,INS,2017,5275,,1,,gx-no-cache=1488904615750 HTTP/1.1" 200 3841
200.83.57.219 - - [07/Mar/2017:13:35:51 -0300] "POST /cormun/servlet/solicitudotadjuntos?gx-no-cache=1488904620385 HTTP/1.1" 200 26
200.83.57.219 - - [07/Mar/2017:13:36:02 -0300] "GET /cormun/servlet/solicitudotadjuntos?44f44457ade39ccde6fc41d0737e65e51083ed06e32b60d4b87469241951f74d,gx-no-cache=1488904631805 HTTP/1.1" 200 30
200.83.57.219 - - [07/Mar/2017:13:36:02 -0300] "GET /cormun/servlet/solicitudotadjuntos?44f44457ade39ccde6fc41d0737e65e51083ed06e32b60d4b87469241951f74d,gx-no-cache=1488904631865 HTTP/1.1" 200 30
200.83.57.219 - - [07/Mar/2017:13:36:03 -0300] "POST /cormun/servlet/solicitudotadjuntos?1cdb2575f27cb244828164342a871ab8,INS,2017,5275,,1, HTTP/1.1" 200 116
200.83.57.219 - - [07/Mar/2017:13:36:03 -0300] "GET /cormun/servlet/hpexe_return? HTTP/1.1" 200 1032
200.83.57.219 - - [07/Mar/2017:13:36:04 -0300] "GET /cormun/servlet/trsolicitudadjuntos?2017,5275, HTTP/1.1" 200 8343
200.83.57.219 - - [07/Mar/2017:13:36:04 -0300] "GET /cormun/servlet/trsolicitudadjuntos?2017,5275, HTTP/1.1" 200 8339
200.83.57.219 - - [07/Mar/2017:13:36:07 -0300] "GET /cormun/servlet/solicitudotadjuntos?INS,2017,5275,,1, HTTP/1.1" 200 6129
200.83.57.219 - - [07/Mar/2017:13:36:07 -0300] "GET /cormun/static/about:blank HTTP/1.1" 404 1011
200.83.57.219 - - [07/Mar/2017:13:36:07 -0300] "GET /cormun/servlet/solicitudotadjuntos?INS,2017,5275,,1, HTTP/1.1" 200 6123
200.83.57.219 - - [07/Mar/2017:13:36:08 -0300] "GET /cormun/servlet/solicitudotadjuntos?44f44457ade39ccde6fc41d0737e65e5c176827f1ec5784bed6fdfa2470bf08d4d7baa386dc56f3e50366752670e8dd8,gx-no-cache=1488904637222 HTTP/1.1" 200 30
200.83.57.219 - - [07/Mar/2017:13:36:08 -0300] "POST /cormun/servlet/solicitudotadjuntos?1cdb2575f27cb244828164342a871ab8,INS,2017,5275,,1,,gx-no-cache=1488904637277 HTTP/1.1" 200 3841
200.83.57.219 - - [07/Mar/2017:13:36:10 -0300] "POST /cormun/servlet/solicitudotadjuntos?gx-no-cache=1488904639124 HTTP/1.1" 200 26
200.83.57.219 - - [07/Mar/2017:13:36:17 -0300] "GET /cormun/servlet/solicitudotadjuntos?44f44457ade39ccde6fc41d0737e65e51083ed06e32b60d4b87469241951f74d,gx-no-cache=1488904646399 HTTP/1.1" 200 30
200.83.57.219 - - [07/Mar/2017:13:36:17 -0300] "GET /cormun/servlet/solicitudotadjuntos?44f44457ade39ccde6fc41d0737e65e51083ed06e32b60d4b87469241951f74d,gx-no-cache=1488904646466 HTTP/1.1" 200 30
200.83.57.219 - - [07/Mar/2017:13:36:18 -0300] "POST /cormun/servlet/solicitudotadjuntos?1cdb2575f27cb244828164342a871ab8,INS,2017,5275,,1, HTTP/1.1" 200 116
200.83.57.219 - - [07/Mar/2017:13:36:18 -0300] "GET /cormun/servlet/hpexe_return? HTTP/1.1" 200 1032
200.83.57.219 - - [07/Mar/2017:13:36:18 -0300] "GET /cormun/servlet/trsolicitudadjuntos?2017,5275, HTTP/1.1" 200 8553
200.83.57.219 - - [07/Mar/2017:13:36:18 -0300] "GET /cormun/servlet/trsolicitudadjuntos?2017,5275, HTTP/1.1" 200 8553
200.83.57.219 - - [07/Mar/2017:13:36:20 -0300] "GET /cormun/servlet/solicitudotadjuntos?INS,2017,5275,,1, HTTP/1.1" 200 6128
200.83.57.219 - - [07/Mar/2017:13:36:20 -0300] "GET /cormun/static/about:blank HTTP/1.1" 404 1011
200.83.57.219 - - [07/Mar/2017:13:36:20 -0300] "GET /cormun/servlet/solicitudotadjuntos?INS,2017,5275,,1, HTTP/1.1" 200 6122
200.83.57.219 - - [07/Mar/2017:13:36:21 -0300] "GET /cormun/servlet/solicitudotadjuntos?44f44457ade39ccde6fc41d0737e65e5c176827f1ec5784bed6fdfa2470bf08d4d7baa386dc56f3e50366752670e8dd8,gx-no-cache=1488904650361 HTTP/1.1" 200 30
200.83.57.219 - - [07/Mar/2017:13:36:21 -0300] "POST /cormun/servlet/solicitudotadjuntos?1cdb2575f27cb244828164342a871ab8,INS,2017,5275,,1,,gx-no-cache=1488904650421 HTTP/1.1" 200 3841
200.83.57.219 - - [07/Mar/2017:13:36:23 -0300] "POST /cormun/servlet/solicitudotadjuntos?gx-no-cache=1488904652751 HTTP/1.1" 200 26
200.83.57.219 - - [07/Mar/2017:13:36:28 -0300] "GET /cormun/servlet/solicitudotadjuntos?44f44457ade39ccde6fc41d0737e65e51083ed06e32b60d4b87469241951f74d,gx-no-cache=1488904657957 HTTP/1.1" 200 30
200.83.57.219 - - [07/Mar/2017:13:36:29 -0300] "GET /cormun/servlet/solicitudotadjuntos?44f44457ade39ccde6fc41d0737e65e51083ed06e32b60d4b87469241951f74d,gx-no-cache=1488904658036 HTTP/1.1" 200 30
200.83.57.219 - - [07/Mar/2017:13:36:30 -0300] "POST /cormun/servlet/solicitudotadjuntos?1cdb2575f27cb244828164342a871ab8,INS,2017,5275,,1, HTTP/1.1" 200 116
200.83.57.219 - - [07/Mar/2017:13:36:31 -0300] "GET /cormun/servlet/hpexe_return? HTTP/1.1" 200 1032
200.83.57.219 - - [07/Mar/2017:13:36:31 -0300] "GET /cormun/servlet/trsolicitudadjuntos?2017,5275, HTTP/1.1" 200 8708
200.83.57.219 - - [07/Mar/2017:13:36:31 -0300] "GET /cormun/servlet/trsolicitudadjuntos?2017,5275, HTTP/1.1" 200 8708
200.83.57.219 - - [07/Mar/2017:13:36:33 -0300] "GET /cormun/servlet/solicitudotadjuntos?INS,2017,5275,,1, HTTP/1.1" 200 6128
200.83.57.219 - - [07/Mar/2017:13:36:33 -0300] "GET /cormun/static/about:blank HTTP/1.1" 404 1011
200.83.57.219 - - [07/Mar/2017:13:36:33 -0300] "GET /cormun/servlet/solicitudotadjuntos?INS,2017,5275,,1, HTTP/1.1" 200 6122
200.83.57.219 - - [07/Mar/2017:13:36:34 -0300] "GET /cormun/servlet/solicitudotadjuntos?44f44457ade39ccde6fc41d0737e65e5c176827f1ec5784bed6fdfa2470bf08d4d7baa386dc56f3e50366752670e8dd8,gx-no-cache=1488904663430 HTTP/1.1" 200 30
200.83.57.219 - - [07/Mar/2017:13:36:34 -0300] "POST /cormun/servlet/solicitudotadjuntos?1cdb2575f27cb244828164342a871ab8,INS,2017,5275,,1,,gx-no-cache=1488904663537 HTTP/1.1" 200 3841
200.83.57.219 - - [07/Mar/2017:13:36:38 -0300] "POST /cormun/servlet/solicitudotadjuntos?gx-no-cache=1488904667258 HTTP/1.1" 200 26
200.83.57.219 - - [07/Mar/2017:13:36:44 -0300] "GET /cormun/servlet/solicitudotadjuntos?44f44457ade39ccde6fc41d0737e65e51083ed06e32b60d4b87469241951f74d,gx-no-cache=1488904673226 HTTP/1.1" 200 30
200.83.57.219 - - [07/Mar/2017:13:36:44 -0300] "GET /cormun/servlet/solicitudotadjuntos?44f44457ade39ccde6fc41d0737e65e51083ed06e32b60d4b87469241951f74d,gx-no-cache=1488904673296 HTTP/1.1" 200 30
192.168.10.60 - - [07/Mar/2017:13:36:45 -0300] "POST /cormun/servlet/trautorizarot?63fdd6da990e04b3eb77ca9d5a291094,,gx-no-cache=1488903871130 HTTP/1.1" 200 11067
200.83.57.219 - - [07/Mar/2017:13:36:45 -0300] "POST /cormun/servlet/solicitudotadjuntos?1cdb2575f27cb244828164342a871ab8,INS,2017,5275,,1, HTTP/1.1" 200 116
200.83.57.219 - - [07/Mar/2017:13:36:45 -0300] "GET /cormun/servlet/hpexe_return? HTTP/1.1" 200 1032
200.83.57.219 - - [07/Mar/2017:13:36:46 -0300] "GET /cormun/servlet/trsolicitudadjuntos?2017,5275, HTTP/1.1" 200 8847
200.83.57.219 - - [07/Mar/2017:13:36:46 -0300] "GET /cormun/servlet/trsolicitudadjuntos?2017,5275, HTTP/1.1" 200 8844
192.168.10.89 - - [07/Mar/2017:13:36:47 -0300] "POST /cormun/servlet/trsolicitudgral?b47e61618046a353b326b283a53601ce,gx-no-cache=1488902371103,gx-no-cache=1488907891777 HTTP/1.1" 200 8101
200.83.57.219 - - [07/Mar/2017:13:36:48 -0300] "GET /cormun/servlet/solicitudotadjuntos?INS,2017,5275,,1, HTTP/1.1" 200 6128
200.83.57.219 - - [07/Mar/2017:13:36:48 -0300] "GET /cormun/static/about:blank HTTP/1.1" 404 1011
200.83.57.219 - - [07/Mar/2017:13:36:48 -0300] "GET /cormun/servlet/solicitudotadjuntos?INS,2017,5275,,1, HTTP/1.1" 200 6122
200.83.57.219 - - [07/Mar/2017:13:36:49 -0300] "GET /cormun/servlet/solicitudotadjuntos?44f44457ade39ccde6fc41d0737e65e5c176827f1ec5784bed6fdfa2470bf08d4d7baa386dc56f3e50366752670e8dd8,gx-no-cache=1488904678321 HTTP/1.1" 200 30
200.83.57.219 - - [07/Mar/2017:13:36:49 -0300] "POST /cormun/servlet/solicitudotadjuntos?1cdb2575f27cb244828164342a871ab8,INS,2017,5275,,1,,gx-no-cache=1488904678398 HTTP/1.1" 200 3841
200.83.57.219 - - [07/Mar/2017:13:36:53 -0300] "POST /cormun/servlet/solicitudotadjuntos?gx-no-cache=1488904682650 HTTP/1.1" 200 26
192.168.10.89 - - [07/Mar/2017:13:36:56 -0300] "POST /cormun/servlet/trsolicitudgral?b47e61618046a353b326b283a53601ce,gx-no-cache=1488902371103,gx-no-cache=1488907900303 HTTP/1.1" 200 7909
200.83.57.219 - - [07/Mar/2017:13:37:00 -0300] "GET /cormun/servlet/solicitudotadjuntos?44f44457ade39ccde6fc41d0737e65e51083ed06e32b60d4b87469241951f74d,gx-no-cache=1488904689386 HTTP/1.1" 200 30
200.83.57.219 - - [07/Mar/2017:13:37:00 -0300] "GET /cormun/servlet/solicitudotadjuntos?44f44457ade39ccde6fc41d0737e65e51083ed06e32b60d4b87469241951f74d,gx-no-cache=1488904689437 HTTP/1.1" 200 30
200.83.57.219 - - [07/Mar/2017:13:37:01 -0300] "POST /cormun/servlet/solicitudotadjuntos?1cdb2575f27cb244828164342a871ab8,INS,2017,5275,,1, HTTP/1.1" 200 116
200.83.57.219 - - [07/Mar/2017:13:37:01 -0300] "GET /cormun/servlet/hpexe_return? HTTP/1.1" 200 1032
200.83.57.219 - - [07/Mar/2017:13:37:02 -0300] "GET /cormun/servlet/trsolicitudadjuntos?2017,5275, HTTP/1.1" 200 9029
200.83.57.219 - - [07/Mar/2017:13:37:03 -0300] "GET /cormun/servlet/trsolicitudadjuntos?2017,5275, HTTP/1.1" 200 9029
192.168.10.60 - - [07/Mar/2017:13:37:04 -0300] "POST /cormun/servlet/trautorizarot?63fdd6da990e04b3eb77ca9d5a291094,,gx-no-cache=1488903890271 HTTP/1.1" 200 10442
200.83.57.219 - - [07/Mar/2017:13:37:04 -0300] "GET /cormun/servlet/solicitudotadjuntos?INS,2017,5275,,1, HTTP/1.1" 200 6128
200.83.57.219 - - [07/Mar/2017:13:37:05 -0300] "GET /cormun/static/about:blank HTTP/1.1" 404 1011
200.83.57.219 - - [07/Mar/2017:13:37:05 -0300] "GET /cormun/servlet/solicitudotadjuntos?INS,2017,5275,,1, HTTP/1.1" 200 6122
200.83.57.219 - - [07/Mar/2017:13:37:05 -0300] "GET /cormun/servlet/solicitudotadjuntos?44f44457ade39ccde6fc41d0737e65e5c176827f1ec5784bed6fdfa2470bf08d4d7baa386dc56f3e50366752670e8dd8,gx-no-cache=1488904694683 HTTP/1.1" 200 30
200.83.57.219 - - [07/Mar/2017:13:37:06 -0300] "POST /cormun/servlet/solicitudotadjuntos?1cdb2575f27cb244828164342a871ab8,INS,2017,5275,,1,,gx-no-cache=1488904694886 HTTP/1.1" 200 3841
200.83.57.219 - - [07/Mar/2017:13:37:09 -0300] "POST /cormun/servlet/solicitudotadjuntos?gx-no-cache=1488904698083 HTTP/1.1" 200 26
192.168.10.60 - - [07/Mar/2017:13:37:12 -0300] "GET /cormun/servlet/veautorizarot?2017,4833,, HTTP/1.1" 200 8103
192.168.10.60 - - [07/Mar/2017:13:37:12 -0300] "GET /cormun/static/gxcfg.js?201612218581271 HTTP/1.1" 304 -
192.168.10.60 - - [07/Mar/2017:13:37:12 -0300] "GET /cormun/pexe_scrolldiv.js HTTP/1.1" 404 1009
192.168.10.60 - - [07/Mar/2017:13:37:12 -0300] "GET /cormun/static/veautorizarot.js?201612218581327 HTTP/1.1" 304 -
192.168.10.60 - - [07/Mar/2017:13:37:12 -0300] "GET /cormun/pexe_scrolldiv.js HTTP/1.1" 404 1009
192.168.10.60 - - [07/Mar/2017:13:37:12 -0300] "GET /cormun/servlet/veautorizarot?2017,4833,, HTTP/1.1" 200 8101
200.83.57.219 - - [07/Mar/2017:13:37:13 -0300] "GET /cormun/servlet/solicitudotadjuntos?44f44457ade39ccde6fc41d0737e65e51083ed06e32b60d4b87469241951f74d,gx-no-cache=1488904702632 HTTP/1.1" 200 30
200.83.57.219 - - [07/Mar/2017:13:37:13 -0300] "GET /cormun/servlet/solicitudotadjuntos?44f44457ade39ccde6fc41d0737e65e51083ed06e32b60d4b87469241951f74d,gx-no-cache=1488904702689 HTTP/1.1" 200 30
200.83.57.219 - - [07/Mar/2017:13:37:14 -0300] "POST /cormun/servlet/solicitudotadjuntos?1cdb2575f27cb244828164342a871ab8,INS,2017,5275,,1, HTTP/1.1" 200 116
200.83.57.219 - - [07/Mar/2017:13:37:14 -0300] "GET /cormun/servlet/hpexe_return? HTTP/1.1" 200 1032
200.83.57.219 - - [07/Mar/2017:13:37:15 -0300] "GET /cormun/servlet/trsolicitudadjuntos?2017,5275, HTTP/1.1" 200 9224
200.83.57.219 - - [07/Mar/2017:13:37:16 -0300] "GET /cormun/servlet/trsolicitudadjuntos?2017,5275, HTTP/1.1" 200 9224
192.168.10.60 - - [07/Mar/2017:13:37:22 -0300] "GET /cormun/servlet/trautorizarot? HTTP/1.1" 200 13462
192.168.10.60 - - [07/Mar/2017:13:37:23 -0300] "GET /cormun/servlet/trautorizarot? HTTP/1.1" 200 13460
200.83.57.219 - - [07/Mar/2017:13:37:26 -0300] "GET /cormun/servlet/trsolicitudot? HTTP/1.1" 200 8726
200.83.57.219 - - [07/Mar/2017:13:37:26 -0300] "GET /cormun/servlet/trsolicitudot? HTTP/1.1" 200 8720
192.168.10.60 - - [07/Mar/2017:13:37:31 -0300] "POST /cormun/servlet/trautorizarot?63fdd6da990e04b3eb77ca9d5a291094,,gx-no-cache=1488903917641 HTTP/1.1" 200 10120
192.168.10.60 - - [07/Mar/2017:13:37:48 -0300] "POST /cormun/servlet/trautorizarot?63fdd6da990e04b3eb77ca9d5a291094,,gx-no-cache=1488903934309 HTTP/1.1" 200 9717
192.168.10.60 - - [07/Mar/2017:13:38:09 -0300] "POST /cormun/servlet/trautorizarot?63fdd6da990e04b3eb77ca9d5a291094,,gx-no-cache=1488903955506 HTTP/1.1" 200 9336
192.168.10.60 - - [07/Mar/2017:13:38:21 -0300] "POST /cormun/servlet/trautorizarot?63fdd6da990e04b3eb77ca9d5a291094,,gx-no-cache=1488903967681 HTTP/1.1" 200 8587
192.168.10.60 - - [07/Mar/2017:13:39:06 -0300] "POST /cormun/servlet/trautorizarot?63fdd6da990e04b3eb77ca9d5a291094,,gx-no-cache=1488904013036 HTTP/1.1" 200 5167
192.168.10.60 - - [07/Mar/2017:13:39:15 -0300] "GET /cormun/servlet/trautorizarot? HTTP/1.1" 200 7882
192.168.10.60 - - [07/Mar/2017:13:39:16 -0300] "GET /cormun/servlet/trautorizarot? HTTP/1.1" 200 7882
192.168.10.60 - - [07/Mar/2017:13:39:23 -0300] "POST /cormun/servlet/trautorizarot?63fdd6da990e04b3eb77ca9d5a291094,,gx-no-cache=1488904029462 HTTP/1.1" 200 11633
192.168.10.60 - - [07/Mar/2017:13:39:38 -0300] "POST /cormun/servlet/trautorizarot?63fdd6da990e04b3eb77ca9d5a291094,,gx-no-cache=1488904044276 HTTP/1.1" 200 9879
192.168.10.89 - - [07/Mar/2017:13:39:42 -0300] "POST /cormun/servlet/trsolicitudgral?b47e61618046a353b326b283a53601ce,gx-no-cache=1488902371103,gx-no-cache=1488908066669 HTTP/1.1" 200 7207
192.168.10.60 - - [07/Mar/2017:13:39:59 -0300] "POST /cormun/servlet/trautorizarot?63fdd6da990e04b3eb77ca9d5a291094,,gx-no-cache=1488904065600 HTTP/1.1" 200 8512
192.168.10.89 - - [07/Mar/2017:13:40:02 -0300] "POST /cormun/servlet/trsolicitudgral?b47e61618046a353b326b283a53601ce,gx-no-cache=1488902371103,gx-no-cache=1488908086323 HTTP/1.1" 200 5128
192.168.10.89 - - [07/Mar/2017:13:40:08 -0300] "POST /cormun/servlet/trsolicitudgral?b47e61618046a353b326b283a53601ce,gx-no-cache=1488902371103,gx-no-cache=1488908093159 HTTP/1.1" 200 7207
192.168.10.60 - - [07/Mar/2017:13:40:13 -0300] "POST /cormun/servlet/trautorizarot?63fdd6da990e04b3eb77ca9d5a291094,,gx-no-cache=1488904079903 HTTP/1.1" 200 7795
186.67.172.234 - - [07/Mar/2017:13:40:34 -0300] "GET /cormun/servlet/hlogin HTTP/1.1" 200 1726
192.168.10.60 - - [07/Mar/2017:13:40:35 -0300] "POST /cormun/servlet/trautorizarot?63fdd6da990e04b3eb77ca9d5a291094,,gx-no-cache=1488904101772 HTTP/1.1" 200 6765
192.168.10.60 - - [07/Mar/2017:13:40:43 -0300] "POST /cormun/servlet/trautorizarot?63fdd6da990e04b3eb77ca9d5a291094,,gx-no-cache=1488904109644 HTTP/1.1" 200 5185
192.168.10.89 - - [07/Mar/2017:13:41:19 -0300] "POST /cormun/servlet/trsolicitudgral?b47e61618046a353b326b283a53601ce,gx-no-cache=1488902371103,gx-no-cache=1488908163744 HTTP/1.1" 200 8101
186.67.172.234 - - [07/Mar/2017:13:41:33 -0300] "POST /cormun/servlet/hlogin?18c75e6416d010a517152efabc34668d,gx-no-cache=1488904961378 HTTP/1.1" 200 90
186.67.172.234 - - [07/Mar/2017:13:41:33 -0300] "GET /cormun/servlet/hpexe_link HTTP/1.1" 200 960
186.67.172.234 - - [07/Mar/2017:13:41:33 -0300] "GET /cormun/servlet/trlicencias HTTP/1.1" 200 8365
186.67.172.234 - - [07/Mar/2017:13:41:33 -0300] "GET /cormun/servlet/trlicencias HTTP/1.1" 200 8363
186.103.159.187 - - [07/Mar/2017:13:41:48 -0300] "GET /cormun/servlet/hlogin HTTP/1.1" 200 1726
186.103.159.187 - - [07/Mar/2017:13:42:01 -0300] "POST /cormun/servlet/hlogin?785c70891d3aa1fbbc0d0d7bba9c05c9,gx-no-cache=1488904991725 HTTP/1.1" 200 435
186.103.159.187 - - [07/Mar/2017:13:42:06 -0300] "POST /cormun/servlet/hlogin?785c70891d3aa1fbbc0d0d7bba9c05c9,gx-no-cache=1488904996673 HTTP/1.1" 200 90
186.103.159.187 - - [07/Mar/2017:13:42:06 -0300] "GET /cormun/servlet/hpexe_link HTTP/1.1" 200 955
186.103.159.187 - - [07/Mar/2017:13:42:06 -0300] "GET /cormun/servlet/hhome HTTP/1.1" 200 3739
186.103.159.187 - - [07/Mar/2017:13:42:07 -0300] "GET /cormun/servlet/hhome HTTP/1.1" 200 3736
186.67.172.234 - - [07/Mar/2017:13:42:09 -0300] "POST /cormun/servlet/trlicencias?18c75e6416d010a517152efabc34668d,gx-no-cache=1488904997047 HTTP/1.1" 200 5851
186.67.172.234 - - [07/Mar/2017:13:42:09 -0300] "GET /cormun/static/Shared/jqueryui/images/ui-bg_highlight-soft_100_c6c2c8_1x100.png HTTP/1.1" 404 1117
186.67.172.234 - - [07/Mar/2017:13:42:09 -0300] "GET /cormun/static/Shared/jqueryui/images/ui-icons_82798d_256x240.png HTTP/1.1" 404 1089
186.67.172.234 - - [07/Mar/2017:13:42:09 -0300] "GET /cormun/static/Shared/jqueryui/images/ui-bg_flat_55_fafafa_40x100.png HTTP/1.1" 404 1097
186.67.172.234 - - [07/Mar/2017:13:42:09 -0300] "GET /cormun/static/Shared/jqueryui/images/ui-icons_8d78a5_256x240.png HTTP/1.1" 404 1089
186.103.159.187 - - [07/Mar/2017:13:42:10 -0300] "GET /cormun/servlet/trsolicitudot? HTTP/1.1" 200 6673
186.103.159.187 - - [07/Mar/2017:13:42:11 -0300] "GET /cormun/servlet/trsolicitudot? HTTP/1.1" 200 6672
186.103.159.187 - - [07/Mar/2017:13:42:13 -0300] "GET /cormun/servlet/solicitudot?INS,0,0, HTTP/1.1" 200 12550
186.103.159.187 - - [07/Mar/2017:13:42:14 -0300] "GET /cormun/servlet/solicitudot?INS,0,0, HTTP/1.1" 200 12555
186.67.172.234 - - [07/Mar/2017:13:42:20 -0300] "GET /cormun/servlet/trlicenciaspermisosadjuntos?168075472,20170301000000,L, HTTP/1.1" 200 6046
186.67.172.234 - - [07/Mar/2017:13:42:20 -0300] "GET /cormun/servlet/trlicenciaspermisosadjuntos?168075472,20170301000000,L, HTTP/1.1" 200 6046
186.67.172.234 - - [07/Mar/2017:13:42:27 -0300] "GET /cormun/servlet/trlicencias HTTP/1.1" 200 8365
186.67.172.234 - - [07/Mar/2017:13:42:28 -0300] "GET /cormun/servlet/trlicencias HTTP/1.1" 200 8363
186.67.172.234 - - [07/Mar/2017:13:42:32 -0300] "POST /cormun/servlet/trlicencias?18c75e6416d010a517152efabc34668d,gx-no-cache=1488905020237 HTTP/1.1" 200 5852
186.67.172.234 - - [07/Mar/2017:13:42:32 -0300] "GET /cormun/static/Shared/jqueryui/images/ui-icons_82798d_256x240.png HTTP/1.1" 404 1089
186.67.172.234 - - [07/Mar/2017:13:42:32 -0300] "GET /cormun/static/Shared/jqueryui/images/ui-bg_highlight-soft_100_c6c2c8_1x100.png HTTP/1.1" 404 1117
186.67.172.234 - - [07/Mar/2017:13:42:32 -0300] "GET /cormun/static/Shared/jqueryui/images/ui-bg_flat_55_fafafa_40x100.png HTTP/1.1" 404 1097
186.67.172.234 - - [07/Mar/2017:13:42:32 -0300] "GET /cormun/static/Shared/jqueryui/images/ui-icons_8d78a5_256x240.png HTTP/1.1" 404 1089
186.103.159.187 - - [07/Mar/2017:13:42:36 -0300] "POST /cormun/servlet/solicitudot?gx-no-cache=1488905027189 HTTP/1.1" 200 3177
186.103.159.187 - - [07/Mar/2017:13:42:37 -0300] "POST /cormun/servlet/solicitudot?785c70891d3aa1fbbc0d0d7bba9c05c9,INS,0,0,,gx-no-cache=1488905027411 HTTP/1.1" 200 9779
186.67.172.234 - - [07/Mar/2017:13:42:41 -0300] "GET /cormun/servlet/hlogin HTTP/1.1" 200 1726
186.103.159.187 - - [07/Mar/2017:13:43:35 -0300] "GET /cormun/servlet/solicitudot?f5d1a1bfac822f7a34e26b9545636f9844e263c30c2877073696c1afd7a4e5265de75fbe6e870a7a60800753a7915cb5,gx-no-cache=1488905086147 HTTP/1.1" 200 30
186.103.159.187 - - [07/Mar/2017:13:43:35 -0300] "POST /cormun/servlet/solicitudot?gx-no-cache=1488905086217 HTTP/1.1" 200 255
186.103.159.187 - - [07/Mar/2017:13:43:35 -0300] "GET /cormun/servlet/solicitudot?f5d1a1bfac822f7a34e26b9545636f98b37cce4fdd0ccd5e62220668c0d59ba06065a72fb83e63f474d1f2938d7ce35e593f50191eea8fc2f8381b21bd8f90a9fa98af4d75f5e5a889dddf741b5e2eea82278a468baeb948325903fd00c99063b74a9abe46ad0de45bd49a273c2c5aef645b0f0bf3cb9ccfc1a89728fa15ba7f2c9f65561292d2e8d0e538c4f79d242dfb503ed3053202c5ee3038756fc0cc455e88cdaad173196059c0814b171f036dbf9599b8ceb912eecd473d688fbf48091ff323ab0780b016f6b37610c5c4d16477cf1dab5673f247e09b2fd6a937dcef555c23d0eb743cf9200412e27a1421f2ff8df49c7f8c7d20778be96213034d39a4130ae692bd0fe4f698a2f684ecad451490a8e06642a4e76951de404ccfe50ccd5cf3e38fcfdf2db311726aa1c66e2c8c6d8e68c7fd2b18b6908af3f313d768559edc86300e40fdce77031f8a684789af97ec9a7e16624d2d5848b220d135f24c4c66e30ea0e633446397119875e285da8202b2fcea47929ddfb56f32b79d14,gx-no-cache=1488905086261 HTTP/1.1" 200 30
192.168.10.96 - - [07/Mar/2017:13:43:49 -0300] "GET /cormun/servlet/vesolicitudnombre?2017,3602,,SolicitudOTAdjuntos HTTP/1.1" 200 9176
192.168.10.96 - - [07/Mar/2017:13:43:50 -0300] "GET /cormun/servlet/hlogin HTTP/1.1" 200 1756
192.168.10.96 - - [07/Mar/2017:13:43:50 -0300] "GET /cormun/servlet/vesolicitudnombre?2017,3602,,SolicitudOTAdjuntos HTTP/1.1" 200 9178
186.103.159.187 - - [07/Mar/2017:13:43:52 -0300] "POST /cormun/servlet/solicitudot?gx-no-cache=1488905102907 HTTP/1.1" 200 30
186.103.159.187 - - [07/Mar/2017:13:43:57 -0300] "GET /cormun/servlet/prsolicitudot?8448797,,,,,MD,,gxPopupLevel%3D0%3B HTTP/1.1" 200 6647
192.168.10.96 - - [07/Mar/2017:13:43:58 -0300] "POST /cormun/servlet/hlogin?e69ea0782e6bc13099e66b068895711c,gx-no-cache=1488908322842 HTTP/1.1" 200 90
192.168.10.96 - - [07/Mar/2017:13:43:58 -0300] "GET /cormun/servlet/hpexe_link HTTP/1.1" 200 982
192.168.10.96 - - [07/Mar/2017:13:43:59 -0300] "GET /cormun/servlet/vesolicitudnombre?2017,3602,,SolicitudOTAdjuntos HTTP/1.1" 200 10009
192.168.10.96 - - [07/Mar/2017:13:43:59 -0300] "GET /cormun/pexe_scrolldiv.js HTTP/1.1" 404 1009
192.168.10.96 - - [07/Mar/2017:13:43:59 -0300] "GET /cormun/pexe_scrolldiv.js HTTP/1.1" 404 1009
192.168.10.96 - - [07/Mar/2017:13:43:59 -0300] "GET /cormun/servlet/vesolicitudnombre?2017,3602,,SolicitudOTAdjuntos HTTP/1.1" 200 10018
192.168.10.96 - - [07/Mar/2017:13:44:00 -0300] "POST /cormun/servlet/acontrolpreferencessavestate?None,DZAMUDIO,true HTTP/1.1" 200 35
186.103.159.187 - - [07/Mar/2017:13:44:00 -0300] "POST /cormun/servlet/solicitudot?gx-no-cache=1488905110993 HTTP/1.1" 200 1291
186.103.159.187 - - [07/Mar/2017:13:44:00 -0300] "POST /cormun/servlet/solicitudot?gx-no-cache=1488905111077 HTTP/1.1" 200 38
186.103.159.187 - - [07/Mar/2017:13:44:00 -0300] "GET /cormun/servlet/solicitudot?f5d1a1bfac822f7a34e26b9545636f984409d20913138007a949266284a706c3c179dcba695135e46513e839d489a3686d14e939edd559386727443d417f01b5fbf6bdbee6c0643c493e57b605bfb0633d7cc50dd2ea6a93eaebc06564c36037d15844dec657a6ea41b6b34beae2869b4d0f13e890395752281707b760db059986c273371474680f97a970d059bdfe36f43f38ba88f3eb8d9cf1add7c6566da6,gx-no-cache=1488905111128 HTTP/1.1" 200 29
186.103.159.187 - - [07/Mar/2017:13:44:00 -0300] "POST /cormun/servlet/solicitudot?gx-no-cache=1488905111186 HTTP/1.1" 200 1274
186.103.159.187 - - [07/Mar/2017:13:44:00 -0300] "POST /cormun/servlet/solicitudot?gx-no-cache=1488905111243 HTTP/1.1" 200 1157
186.103.159.187 - - [07/Mar/2017:13:44:01 -0300] "GET /cormun/servlet/prcontratosol?8448797,,,,,MD,,gxPopupLevel%3D0%3B HTTP/1.1" 200 5891
192.168.10.96 - - [07/Mar/2017:13:44:04 -0300] "GET /cormun/servlet/trsolicitudgral? HTTP/1.1" 200 24776
192.168.10.96 - - [07/Mar/2017:13:44:06 -0300] "GET /cormun/servlet/trsolicitudgral? HTTP/1.1" 200 24759
186.103.159.187 - - [07/Mar/2017:13:44:08 -0300] "GET /cormun/servlet/prsolicitudot?8448797,,,,,MD,,gxPopupLevel%3D0%3B HTTP/1.1" 200 6647
192.168.10.96 - - [07/Mar/2017:13:44:22 -0300] "POST /cormun/servlet/trsolicitudgral?e69ea0782e6bc13099e66b068895711c,,gx-no-cache=1488908346639 HTTP/1.1" 200 7459
186.103.159.187 - - [07/Mar/2017:13:44:46 -0300] "GET /cormun/servlet/prsolicitudot?8448797,,,,,MD,,gxPopupLevel%3D0%3B HTTP/1.1" 200 6647
192.168.10.96 - - [07/Mar/2017:13:45:17 -0300] "POST /cormun/servlet/trsolicitudgral?e69ea0782e6bc13099e66b068895711c,,gx-no-cache=1488908402113 HTTP/1.1" 200 7459
186.103.159.187 - - [07/Mar/2017:13:46:44 -0300] "POST /cormun/servlet/solicitudot?gx-no-cache=1488905275026 HTTP/1.1" 200 1273
186.103.159.187 - - [07/Mar/2017:13:46:44 -0300] "POST /cormun/servlet/solicitudot?gx-no-cache=1488905275197 HTTP/1.1" 200 1157
186.103.159.187 - - [07/Mar/2017:13:46:44 -0300] "GET /cormun/static/menuarrow.gif HTTP/1.1" 404 1015
186.103.159.187 - - [07/Mar/2017:13:46:47 -0300] "POST /cormun/servlet/solicitudot?gx-no-cache=1488905278335 HTTP/1.1" 200 1273
186.103.159.187 - - [07/Mar/2017:13:46:48 -0300] "POST /cormun/servlet/solicitudot?gx-no-cache=1488905278383 HTTP/1.1" 200 1157
186.103.159.187 - - [07/Mar/2017:13:46:54 -0300] "GET /cormun/servlet/solicitudot?f5d1a1bfac822f7a34e26b9545636f98bc218adde5d8c4627cf606a9058e761e727f07dc806a260da877a9d69436079eb486450aa93ead57f807327eedfabab2dedad672301ab6fd6c276e701f856c125ac005660f3ac31a5ac16216481beea3d0b79098ae5821eacd99eff8f5ec57b4099c399117c932e3c9ad30fce169795734e4ccaec883ff03c4d044f8b20daf439ddae3130d3edbb34ebfbb63d32600dbe33049f459717c6c2c6192534c9b4c88,gx-no-cache=1488905284817 HTTP/1.1" 200 30
186.103.159.187 - - [07/Mar/2017:13:47:03 -0300] "POST /cormun/servlet/solicitudot?785c70891d3aa1fbbc0d0d7bba9c05c9,INS,0,0,,gx-no-cache=1488905293644 HTTP/1.1" 200 11150
186.103.159.187 - - [07/Mar/2017:13:47:03 -0300] "GET /cormun/static/Shared/jqueryui/images/ui-bg_highlight-soft_100_c6c2c8_1x100.png HTTP/1.1" 404 1117
186.103.159.187 - - [07/Mar/2017:13:47:03 -0300] "GET /cormun/static/Shared/jqueryui/images/ui-icons_82798d_256x240.png HTTP/1.1" 404 1089
186.103.159.187 - - [07/Mar/2017:13:47:03 -0300] "GET /cormun/static/Shared/jqueryui/images/ui-bg_flat_55_994d53_40x100.png HTTP/1.1" 404 1097
186.103.159.187 - - [07/Mar/2017:13:47:03 -0300] "GET /cormun/static/Shared/jqueryui/images/ui-icons_ebccce_256x240.png HTTP/1.1" 404 1089
186.103.159.187 - - [07/Mar/2017:13:47:11 -0300] "GET /cormun/servlet/prcontratosol?8448797,,,,,MD,,gxPopupLevel%3D0%3B HTTP/1.1" 200 5891
192.168.10.89 - - [07/Mar/2017:13:47:13 -0300] "POST /cormun/servlet/trsolicitudgral?b47e61618046a353b326b283a53601ce,gx-no-cache=1488902371103,gx-no-cache=1488908518072 HTTP/1.1" 200 7817
186.103.159.187 - - [07/Mar/2017:13:47:16 -0300] "POST /cormun/servlet/solicitudot?gx-no-cache=1488905306975 HTTP/1.1" 200 30
186.103.159.187 - - [07/Mar/2017:13:47:16 -0300] "POST /cormun/servlet/solicitudot?gx-no-cache=1488905307032 HTTP/1.1" 200 1290
186.103.159.187 - - [07/Mar/2017:13:47:16 -0300] "POST /cormun/servlet/solicitudot?gx-no-cache=1488905307127 HTTP/1.1" 200 41
186.103.159.187 - - [07/Mar/2017:13:47:16 -0300] "POST /cormun/servlet/solicitudot?gx-no-cache=1488905307172 HTTP/1.1" 200 1273
186.103.159.187 - - [07/Mar/2017:13:47:16 -0300] "POST /cormun/servlet/solicitudot?gx-no-cache=1488905307237 HTTP/1.1" 200 1157
186.103.159.187 - - [07/Mar/2017:13:47:18 -0300] "GET /cormun/servlet/prsolicitudot?8448797,,,,,MD,,gxPopupLevel%3D0%3B HTTP/1.1" 200 6647
186.103.159.187 - - [07/Mar/2017:13:48:02 -0300] "POST /cormun/servlet/solicitudot?gx-no-cache=1488905353163 HTTP/1.1" 200 30
186.103.159.187 - - [07/Mar/2017:13:48:16 -0300] "POST /cormun/servlet/solicitudot?gx-no-cache=1488905366363 HTTP/1.1" 200 1290
186.103.159.187 - - [07/Mar/2017:13:48:16 -0300] "POST /cormun/servlet/solicitudot?gx-no-cache=1488905366461 HTTP/1.1" 200 41
186.103.159.187 - - [07/Mar/2017:13:48:16 -0300] "POST /cormun/servlet/solicitudot?gx-no-cache=1488905366503 HTTP/1.1" 200 1273
186.103.159.187 - - [07/Mar/2017:13:48:16 -0300] "POST /cormun/servlet/solicitudot?gx-no-cache=1488905366572 HTTP/1.1" 200 1157
186.103.159.187 - - [07/Mar/2017:13:48:16 -0300] "GET /cormun/servlet/solicitudot?f5d1a1bfac822f7a34e26b9545636f98bc218adde5d8c4627cf606a9058e761e727f07dc806a260da877a9d69436079eb486450aa93ead57f807327eedfabab2dedad672301ab6fd6c276e701f856c125ac005660f3ac31a5ac16216481beea3d0b79098ae5821eacd99eff8f5ec57b4099c399117c932e3c9ad30fce169795734e4ccaec883ff03c4d044f8b20daf439ddae3130d3edbb34ebfbb63d32600dbe33049f459717c6c2c6192534c9b4c88,gx-no-cache=1488905366647 HTTP/1.1" 200 30
186.103.159.187 - - [07/Mar/2017:13:48:16 -0300] "POST /cormun/servlet/solicitudot?785c70891d3aa1fbbc0d0d7bba9c05c9,INS,0,0,,gx-no-cache=1488905366716 HTTP/1.1" 200 93
186.103.159.187 - - [07/Mar/2017:13:48:16 -0300] "GET /cormun/servlet/hpexe_return? HTTP/1.1" 200 1007
186.103.159.187 - - [07/Mar/2017:13:48:17 -0300] "GET /cormun/servlet/trsolicitudot HTTP/1.1" 200 7974
186.103.159.187 - - [07/Mar/2017:13:48:18 -0300] "GET /cormun/servlet/trsolicitudot HTTP/1.1" 200 7970
186.103.159.187 - - [07/Mar/2017:13:48:33 -0300] "POST /cormun/servlet/trsolicitudot?785c70891d3aa1fbbc0d0d7bba9c05c9,gx-no-cache=1488905384058 HTTP/1.1" 200 4150
186.103.159.187 - - [07/Mar/2017:13:48:33 -0300] "GET /cormun/static/Shared/jqueryui/images/ui-bg_highlight-soft_100_c6c2c8_1x100.png HTTP/1.1" 404 1117
186.103.159.187 - - [07/Mar/2017:13:48:33 -0300] "GET /cormun/static/Shared/jqueryui/images/ui-icons_82798d_256x240.png HTTP/1.1" 404 1089
186.103.159.187 - - [07/Mar/2017:13:48:33 -0300] "GET /cormun/static/Shared/jqueryui/images/ui-bg_flat_55_fafafa_40x100.png HTTP/1.1" 404 1097
186.103.159.187 - - [07/Mar/2017:13:48:33 -0300] "GET /cormun/static/Shared/jqueryui/images/ui-icons_8d78a5_256x240.png HTTP/1.1" 404 1089
186.103.159.187 - - [07/Mar/2017:13:48:34 -0300] "POST /cormun/servlet/trsolicitudot?785c70891d3aa1fbbc0d0d7bba9c05c9,gx-no-cache=1488905384310 HTTP/1.1" 200 3936
186.103.159.187 - - [07/Mar/2017:13:48:44 -0300] "GET /cormun/servlet/hlogin HTTP/1.1" 200 1738
