200.86.95.220 - - [07/Mar/2017:11:11:48 -0300] "GET /cormun/servlet/trsolicitudot?gx-no-cache=1488895607042 HTTP/1.1" 200 8877
186.103.156.211 - - [07/Mar/2017:11:11:50 -0300] "GET /cormun/servlet/trvisualizadoreventos? HTTP/1.1" 200 6734
186.103.156.211 - - [07/Mar/2017:11:11:51 -0300] "GET /cormun/servlet/trvisualizadoreventos? HTTP/1.1" 200 6722
186.103.159.182 - - [07/Mar/2017:11:11:51 -0300] "GET /cormun/servlet/solicitudotadjuntos?6929972cecffaf227a7c67210add8927e98cc6cb6a01e3445c4b6c80234751db,gx-no-cache=1488895981944 HTTP/1.1" 200 30
186.103.159.182 - - [07/Mar/2017:11:11:51 -0300] "GET /cormun/servlet/solicitudotadjuntos?6929972cecffaf227a7c67210add8927e98cc6cb6a01e3445c4b6c80234751db,gx-no-cache=1488895982316 HTTP/1.1" 200 30
186.103.159.182 - - [07/Mar/2017:11:11:52 -0300] "POST /cormun/servlet/solicitudotadjuntos?0bf9da2a6c7c6c7806ca0b85aeca1a7b,INS,2017,5251,,1, HTTP/1.1" 200 116
186.103.159.182 - - [07/Mar/2017:11:11:53 -0300] "GET /cormun/servlet/hpexe_return? HTTP/1.1" 200 1024
186.103.159.182 - - [07/Mar/2017:11:11:53 -0300] "GET /cormun/servlet/trsolicitudadjuntos?2017,5251, HTTP/1.1" 200 8243
186.103.159.182 - - [07/Mar/2017:11:11:55 -0300] "GET /cormun/servlet/trsolicitudadjuntos?2017,5251, HTTP/1.1" 200 8240
186.103.156.211 - - [07/Mar/2017:11:11:56 -0300] "GET /cormun/servlet/trcontratounov2? HTTP/1.1" 200 14692
186.103.159.182 - - [07/Mar/2017:11:11:57 -0300] "GET /cormun/servlet/solicitudotadjuntos?INS,2017,5251,,1, HTTP/1.1" 200 6054
186.103.156.211 - - [07/Mar/2017:11:11:57 -0300] "GET /cormun/servlet/trcontratounov2? HTTP/1.1" 200 14697
186.103.159.182 - - [07/Mar/2017:11:11:58 -0300] "GET /cormun/static/about:blank HTTP/1.1" 404 1011
186.103.159.182 - - [07/Mar/2017:11:11:58 -0300] "GET /cormun/servlet/solicitudotadjuntos?INS,2017,5251,,1, HTTP/1.1" 200 6046
186.103.159.182 - - [07/Mar/2017:11:11:59 -0300] "GET /cormun/servlet/solicitudotadjuntos?6929972cecffaf227a7c67210add8927ee4030af67861277bc4e8a29ed659b6fe60a206ca73abc55a8997e838ac37db4,gx-no-cache=1488895989599 HTTP/1.1" 200 30
186.103.159.182 - - [07/Mar/2017:11:11:59 -0300] "POST /cormun/servlet/solicitudotadjuntos?0bf9da2a6c7c6c7806ca0b85aeca1a7b,INS,2017,5251,,1,,gx-no-cache=1488895989643 HTTP/1.1" 200 3857
186.103.159.182 - - [07/Mar/2017:11:12:01 -0300] "POST /cormun/servlet/solicitudotadjuntos?gx-no-cache=1488895991773 HTTP/1.1" 200 26
186.103.159.182 - - [07/Mar/2017:11:12:06 -0300] "GET /cormun/servlet/solicitudotadjuntos?6929972cecffaf227a7c67210add8927e98cc6cb6a01e3445c4b6c80234751db,gx-no-cache=1488895996695 HTTP/1.1" 200 30
186.103.159.182 - - [07/Mar/2017:11:12:06 -0300] "GET /cormun/servlet/solicitudotadjuntos?6929972cecffaf227a7c67210add8927e98cc6cb6a01e3445c4b6c80234751db,gx-no-cache=1488895996724 HTTP/1.1" 200 30
200.111.191.210 - - [07/Mar/2017:11:12:06 -0300] "POST /cormun/servlet/hlogin?c584fd1300fcf3185cca37013aca1cd6,gx-no-cache=1488899511355 HTTP/1.1" 440 972
186.103.159.182 - - [07/Mar/2017:11:12:07 -0300] "POST /cormun/servlet/solicitudotadjuntos?0bf9da2a6c7c6c7806ca0b85aeca1a7b,INS,2017,5251,,1, HTTP/1.1" 200 116
186.103.159.182 - - [07/Mar/2017:11:12:07 -0300] "GET /cormun/servlet/hpexe_return? HTTP/1.1" 200 1024
186.103.159.182 - - [07/Mar/2017:11:12:07 -0300] "GET /cormun/servlet/trsolicitudadjuntos?2017,5251, HTTP/1.1" 200 8414
186.103.156.211 - - [07/Mar/2017:11:12:08 -0300] "GET /cormun/servlet/trvisualizadoreventos? HTTP/1.1" 200 6734
200.111.191.210 - - [07/Mar/2017:11:12:09 -0300] "GET /cormun/servlet/hlogin HTTP/1.1" 200 1729
186.103.156.211 - - [07/Mar/2017:11:12:09 -0300] "GET /cormun/servlet/trvisualizadoreventos? HTTP/1.1" 200 6722
186.103.159.182 - - [07/Mar/2017:11:12:09 -0300] "GET /cormun/servlet/trsolicitudadjuntos?2017,5251, HTTP/1.1" 200 8415
200.86.95.220 - - [07/Mar/2017:11:12:10 -0300] "GET /cormun/servlet/solicitudot?INS,0,0, HTTP/1.1" 200 12586
186.103.159.182 - - [07/Mar/2017:11:12:11 -0300] "GET /cormun/servlet/solicitudotadjuntos?INS,2017,5251,,1, HTTP/1.1" 200 6054
200.86.95.220 - - [07/Mar/2017:11:12:11 -0300] "GET /cormun/servlet/solicitudot?INS,0,0, HTTP/1.1" 200 12569
186.103.159.182 - - [07/Mar/2017:11:12:11 -0300] "GET /cormun/static/about:blank HTTP/1.1" 404 1011
186.103.159.182 - - [07/Mar/2017:11:12:13 -0300] "GET /cormun/servlet/solicitudotadjuntos?INS,2017,5251,,1, HTTP/1.1" 200 6046
186.103.159.182 - - [07/Mar/2017:11:12:13 -0300] "GET /cormun/servlet/solicitudotadjuntos?6929972cecffaf227a7c67210add8927ee4030af67861277bc4e8a29ed659b6fe60a206ca73abc55a8997e838ac37db4,gx-no-cache=1488896004011 HTTP/1.1" 200 30
186.103.159.182 - - [07/Mar/2017:11:12:14 -0300] "POST /cormun/servlet/solicitudotadjuntos?0bf9da2a6c7c6c7806ca0b85aeca1a7b,INS,2017,5251,,1,,gx-no-cache=1488896004049 HTTP/1.1" 200 3857
186.103.156.211 - - [07/Mar/2017:11:12:15 -0300] "GET /cormun/servlet/trcontratosolicitud? HTTP/1.1" 200 9937
186.103.156.211 - - [07/Mar/2017:11:12:15 -0300] "GET /cormun/static/gxcfg.js?20171317451682 HTTP/1.1" 200 953
186.103.156.211 - - [07/Mar/2017:11:12:15 -0300] "GET /cormun/static/trcontratosolicitud.js?20171317452124 HTTP/1.1" 200 28173
200.111.191.210 - - [07/Mar/2017:11:12:16 -0300] "POST /cormun/servlet/hlogin?010fdec1dcab3ef1447c5df519ac2a0e,gx-no-cache=1488899521387 HTTP/1.1" 200 90
200.111.191.210 - - [07/Mar/2017:11:12:16 -0300] "GET /cormun/servlet/hpexe_link HTTP/1.1" 200 954
186.103.156.211 - - [07/Mar/2017:11:12:16 -0300] "GET /cormun//static/Resources/PXToolsGridNew.png HTTP/1.1" 200 2949
200.111.191.210 - - [07/Mar/2017:11:12:16 -0300] "GET /cormun/servlet/hhome HTTP/1.1" 200 3730
200.111.191.210 - - [07/Mar/2017:11:12:16 -0300] "GET /cormun/static/gxcfg.js?201612218515568 HTTP/1.1" 304 -
186.103.156.211 - - [07/Mar/2017:11:12:16 -0300] "GET /cormun/servlet/trcontratosolicitud? HTTP/1.1" 200 9937
186.103.159.182 - - [07/Mar/2017:11:12:16 -0300] "POST /cormun/servlet/solicitudotadjuntos?gx-no-cache=1488896006603 HTTP/1.1" 200 26
200.111.191.210 - - [07/Mar/2017:11:12:16 -0300] "GET /cormun/servlet/hhome HTTP/1.1" 200 3727
200.86.95.220 - - [07/Mar/2017:11:12:19 -0300] "POST /cormun/servlet/solicitudot?gx-no-cache=1488896009165 HTTP/1.1" 200 3178
200.86.95.220 - - [07/Mar/2017:11:12:19 -0300] "POST /cormun/servlet/solicitudot?a10d6bf1b886065dee18e6effbcf8a3f,INS,0,0,,gx-no-cache=1488896009440 HTTP/1.1" 200 9785
186.103.159.182 - - [07/Mar/2017:11:12:20 -0300] "GET /cormun/servlet/solicitudotadjuntos?6929972cecffaf227a7c67210add8927e98cc6cb6a01e3445c4b6c80234751db,gx-no-cache=1488896011007 HTTP/1.1" 200 30
200.111.191.210 - - [07/Mar/2017:11:12:20 -0300] "GET /cormun/servlet/trsolicitudot? HTTP/1.1" 200 8279
200.111.191.210 - - [07/Mar/2017:11:12:21 -0300] "GET /cormun/servlet/trsolicitudot? HTTP/1.1" 200 8277
200.86.95.220 - - [07/Mar/2017:11:12:21 -0300] "GET /cormun/servlet/solicitudot?e7ec3574523e7dcfc50c13f3edd5edbebe65afb1cbf2e2d0c937f7fc7a0137ccb38b2eed91238702dbcc74d7010bdf26,gx-no-cache=1488896011506 HTTP/1.1" 200 30
200.86.95.220 - - [07/Mar/2017:11:12:21 -0300] "POST /cormun/servlet/solicitudot?gx-no-cache=1488896011610 HTTP/1.1" 200 240
200.86.95.220 - - [07/Mar/2017:11:12:21 -0300] "GET /cormun/servlet/solicitudot?e7ec3574523e7dcfc50c13f3edd5edbe60bc65c3cf26cd6f3715be01585042aad2f86013d52258b4fdac80852ab97b18a3967e5905524c6022656197c9564858498ec1d100e44f9d211ea25f6751cce2110d91fc23002613cc835d1d8409260d594dee1b17cf8613cc1fb5357cab0e84149167c1b5101a83ff8954fb454bc7c170ad371cc8270a30e18a089114789d198c1a52149f681726e7a8cb9436f05e00259d59d7fe754e8fde15ad8d04d65bf6a58cac59c8bf579a6f88e9b0b92d80a8d98dee909bdba0a5691abafe91f91f9ef2a41195f85bab8fbd79e760fd9a1e458ceaf3709a053322da5d4843f026eaa6b0143d5c9fc4b51ef61641476605b9863b4a2c8d74dae74d6b649285a137adfa8ccd2b88c6a724c2c3478db51e530bc9c445313cde34f850381c365799f81d3f3566db0775b72563a091f493f0b14e6718299a0ebd9c19c9f4572104cd30a38581f0bdee5bb7b832a1726ff0e4d37a81d27292e891b5ad4999aedf2b05eccc4ae1a858d29b321f165868646c2eeb03d3,gx-no-cache=1488896011670 HTTP/1.1" 200 30
186.103.159.182 - - [07/Mar/2017:11:12:21 -0300] "GET /cormun/servlet/solicitudotadjuntos?6929972cecffaf227a7c67210add8927e98cc6cb6a01e3445c4b6c80234751db,gx-no-cache=1488896011889 HTTP/1.1" 200 30
200.86.95.220 - - [07/Mar/2017:11:12:23 -0300] "POST /cormun/servlet/solicitudot?gx-no-cache=1488896013396 HTTP/1.1" 200 30
200.86.95.220 - - [07/Mar/2017:11:12:25 -0300] "GET /cormun/servlet/prsolicitudot?20340793,,,,,MD,,gxPopupLevel%3D0%3B HTTP/1.1" 200 6144
200.111.191.210 - - [07/Mar/2017:11:12:26 -0300] "POST /cormun/servlet/trsolicitudot?010fdec1dcab3ef1447c5df519ac2a0e,,gx-no-cache=1488899531534 HTTP/1.1" 200 5774
200.111.191.210 - - [07/Mar/2017:11:12:26 -0300] "GET /cormun/static/Shared/jqueryui/images/ui-bg_highlight-soft_100_c6c2c8_1x100.png HTTP/1.1" 404 1117
200.111.191.210 - - [07/Mar/2017:11:12:26 -0300] "GET /cormun/static/Shared/jqueryui/images/ui-icons_82798d_256x240.png HTTP/1.1" 404 1089
200.111.191.210 - - [07/Mar/2017:11:12:26 -0300] "GET /cormun/static/Shared/jqueryui/images/ui-bg_flat_55_fafafa_40x100.png HTTP/1.1" 404 1097
200.111.191.210 - - [07/Mar/2017:11:12:26 -0300] "GET /cormun/static/Shared/jqueryui/images/ui-icons_8d78a5_256x240.png HTTP/1.1" 404 1089
200.86.95.220 - - [07/Mar/2017:11:12:30 -0300] "POST /cormun/servlet/solicitudot?gx-no-cache=1488896020247 HTTP/1.1" 200 296
200.86.95.220 - - [07/Mar/2017:11:12:30 -0300] "GET /cormun/static/Shared/jqueryui/images/ui-bg_highlight-soft_100_c6c2c8_1x100.png HTTP/1.1" 404 1117
200.86.95.220 - - [07/Mar/2017:11:12:30 -0300] "GET /cormun/static/Shared/jqueryui/images/ui-icons_82798d_256x240.png HTTP/1.1" 404 1089
200.86.95.220 - - [07/Mar/2017:11:12:30 -0300] "GET /cormun/static/Shared/jqueryui/images/ui-bg_flat_55_994d53_40x100.png HTTP/1.1" 404 1097
200.86.95.220 - - [07/Mar/2017:11:12:30 -0300] "POST /cormun/servlet/solicitudot?gx-no-cache=1488896020349 HTTP/1.1" 200 117
200.86.95.220 - - [07/Mar/2017:11:12:30 -0300] "GET /cormun/static/Shared/jqueryui/images/ui-icons_ebccce_256x240.png HTTP/1.1" 404 1089
200.86.95.220 - - [07/Mar/2017:11:12:30 -0300] "GET /cormun/servlet/solicitudot?e7ec3574523e7dcfc50c13f3edd5edbee6b67e19409b9cd026a47194c2a94065d305d2a33e6b537f3af6437dac9b06fe99db8ab68e440f875842be0bff3aad7ee896b56b1972495d41a3b5e59765962fbb476a0434d69f2ee43fb83a5bdb112999b8f7a58b1ff982861027c20d9f19072a9fc4882a26ba74ab5b882d9eb69f78e739f399d4d3c84771b6e9be7f8596bc6692f184773b55ec7cbed512f682a54c56d291f14beac4d753a5eee8e613a1fe053f6a221fa5eee5130ef4b34b7fb0b91e4f973a9ad6446ffcf0c2aa1debc017,gx-no-cache=1488896020426 HTTP/1.1" 200 29
200.86.95.220 - - [07/Mar/2017:11:12:30 -0300] "GET /cormun/servlet/solicitudot?e7ec3574523e7dcfc50c13f3edd5edbe9b1c9a71129146a3c6268a96aaf505cb75dbe56d015f932527fdda379062d54dfb3b3227d98ef41940f1f6c7ec9eefbab852855a185c554cb3c854457b9e5018d39db31f2eea920af42c40170e21f6cbce4afae76d6dc2f45805423068ebd8103038867d51c80cab7b1266244f8374a835bdfea06a075b3bbeffebaf63865f5082deaeffcd3352e31dd6fa7f432a0827,gx-no-cache=1488896020506 HTTP/1.1" 200 57
200.86.95.220 - - [07/Mar/2017:11:12:30 -0300] "GET /cormun/servlet/solicitudot?e7ec3574523e7dcfc50c13f3edd5edbe944841db2dc864ad6f3657a5b491125375dbe56d015f932527fdda379062d54dfb3b3227d98ef41940f1f6c7ec9eefba4c07461f90d240a5de61e83d6323aea7d856dd3ca43a7c0eb9198062865ee192afbd55d12993e8cb76fea4ce232144db7fa221cf2f22e5c484b0a584409f50eb,gx-no-cache=1488896020568 HTTP/1.1" 200 57
200.111.191.210 - - [07/Mar/2017:11:12:31 -0300] "GET /cormun/servlet/treventos?2017,5211, HTTP/1.1" 200 5793
200.111.191.210 - - [07/Mar/2017:11:12:31 -0300] "GET /cormun/static/gxcfg.js?2016101716195975 HTTP/1.1" 200 953
200.111.191.210 - - [07/Mar/2017:11:12:31 -0300] "GET /cormun/static/treventos.js?201610171620222 HTTP/1.1" 200 16055
200.111.191.210 - - [07/Mar/2017:11:12:32 -0300] "GET /cormun/servlet/treventos?2017,5211, HTTP/1.1" 200 5793
200.111.191.210 - - [07/Mar/2017:11:12:33 -0300] "POST /cormun/servlet/acontrolpreferencessavestate?None,CA-7,true HTTP/1.1" 200 35
186.103.159.182 - - [07/Mar/2017:11:12:34 -0300] "POST /cormun/servlet/solicitudotadjuntos?0bf9da2a6c7c6c7806ca0b85aeca1a7b,INS,2017,5251,,1, HTTP/1.1" 200 116
186.103.159.182 - - [07/Mar/2017:11:12:34 -0300] "GET /cormun/servlet/hpexe_return? HTTP/1.1" 200 1024
186.103.159.182 - - [07/Mar/2017:11:12:34 -0300] "GET /cormun/servlet/trsolicitudadjuntos?2017,5251, HTTP/1.1" 200 8555
200.111.191.210 - - [07/Mar/2017:11:12:36 -0300] "GET /cormun/servlet/trsolicitudot? HTTP/1.1" 200 8281
186.103.159.182 - - [07/Mar/2017:11:12:37 -0300] "GET /cormun/servlet/trsolicitudadjuntos?2017,5251, HTTP/1.1" 200 8553
200.111.191.210 - - [07/Mar/2017:11:12:37 -0300] "GET /cormun/servlet/trsolicitudot? HTTP/1.1" 200 8279
186.103.159.182 - - [07/Mar/2017:11:12:39 -0300] "GET /cormun/servlet/solicitudotadjuntos?INS,2017,5251,,1, HTTP/1.1" 200 6054
200.111.191.210 - - [07/Mar/2017:11:12:39 -0300] "POST /cormun/servlet/trsolicitudot?010fdec1dcab3ef1447c5df519ac2a0e,,gx-no-cache=1488899544113 HTTP/1.1" 200 106
200.111.191.210 - - [07/Mar/2017:11:12:39 -0300] "GET /cormun/servlet/trsolicitudadjuntos?2017,5211, HTTP/1.1" 200 5830
186.103.159.182 - - [07/Mar/2017:11:12:39 -0300] "GET /cormun/static/about:blank HTTP/1.1" 404 1011
200.111.191.210 - - [07/Mar/2017:11:12:39 -0300] "GET /cormun/servlet/trsolicitudadjuntos?2017,5211, HTTP/1.1" 200 5829
186.103.159.182 - - [07/Mar/2017:11:12:40 -0300] "GET /cormun/servlet/solicitudotadjuntos?INS,2017,5251,,1, HTTP/1.1" 200 6046
186.103.159.182 - - [07/Mar/2017:11:12:41 -0300] "GET /cormun/servlet/solicitudotadjuntos?6929972cecffaf227a7c67210add8927ee4030af67861277bc4e8a29ed659b6fe60a206ca73abc55a8997e838ac37db4,gx-no-cache=1488896031373 HTTP/1.1" 200 30
186.103.159.182 - - [07/Mar/2017:11:12:41 -0300] "POST /cormun/servlet/solicitudotadjuntos?0bf9da2a6c7c6c7806ca0b85aeca1a7b,INS,2017,5251,,1,,gx-no-cache=1488896031411 HTTP/1.1" 200 3856
200.86.95.220 - - [07/Mar/2017:11:12:41 -0300] "GET /cormun/servlet/prfichaempleado?,MD,,gxPopupLevel%3D0%3B HTTP/1.1" 200 8824
186.103.159.182 - - [07/Mar/2017:11:12:43 -0300] "POST /cormun/servlet/solicitudotadjuntos?gx-no-cache=1488896034059 HTTP/1.1" 200 26
186.103.159.182 - - [07/Mar/2017:11:12:49 -0300] "GET /cormun/servlet/solicitudotadjuntos?6929972cecffaf227a7c67210add8927e98cc6cb6a01e3445c4b6c80234751db,gx-no-cache=1488896040030 HTTP/1.1" 200 30
186.103.159.182 - - [07/Mar/2017:11:12:49 -0300] "GET /cormun/servlet/solicitudotadjuntos?6929972cecffaf227a7c67210add8927e98cc6cb6a01e3445c4b6c80234751db,gx-no-cache=1488896040057 HTTP/1.1" 200 30
186.79.36.72 - - [07/Mar/2017:11:12:50 -0300] "GET /cormun/servlet/solicitudot?3be8044e26eb2accc355fa08f50752b38bbfdd89b1f0127fde4360f11e7d6fd1370c854b47832c7c8fcec7cf0616f416a740d8e63e8a7295aa653bf812bafab062d1465f070f20d1b898f6b4f482fb5c1fe783c0f0a68a8f47d33f646fdea44896263acdd8d4bcb9f0fb5188a68aa5cc,gx-no-cache=1488896040627 HTTP/1.1" 200 29
186.79.36.72 - - [07/Mar/2017:11:12:50 -0300] "POST /cormun/servlet/solicitudot?gx-no-cache=1488896040911 HTTP/1.1" 200 1274
200.86.95.220 - - [07/Mar/2017:11:12:53 -0300] "POST /cormun/servlet/prfichaempleado?a10d6bf1b886065dee18e6effbcf8a3f,,MD,,gxPopupLevel%3D0%3B,gx-no-cache=1488896043556 HTTP/1.1" 200 3389
186.103.159.182 - - [07/Mar/2017:11:12:55 -0300] "POST /cormun/servlet/solicitudotadjuntos?0bf9da2a6c7c6c7806ca0b85aeca1a7b,INS,2017,5251,,1, HTTP/1.1" 200 116
186.103.159.182 - - [07/Mar/2017:11:12:56 -0300] "GET /cormun/servlet/hpexe_return? HTTP/1.1" 200 1024
186.103.159.182 - - [07/Mar/2017:11:12:56 -0300] "GET /cormun/servlet/trsolicitudadjuntos?2017,5251, HTTP/1.1" 200 8686
200.86.95.220 - - [07/Mar/2017:11:12:58 -0300] "GET /cormun/servlet/prlicenciaspermisos?15106697,L,,MD,,gxPopupLevel%3D0%3B HTTP/1.1" 200 7270
186.103.159.182 - - [07/Mar/2017:11:12:58 -0300] "GET /cormun/servlet/trsolicitudadjuntos?2017,5251, HTTP/1.1" 200 8685
186.103.159.182 - - [07/Mar/2017:11:13:00 -0300] "GET /cormun/servlet/solicitudotadjuntos?INS,2017,5251,,1, HTTP/1.1" 200 6054
186.103.159.182 - - [07/Mar/2017:11:13:00 -0300] "GET /cormun/static/about:blank HTTP/1.1" 404 1011
186.103.159.182 - - [07/Mar/2017:11:13:02 -0300] "GET /cormun/servlet/solicitudotadjuntos?INS,2017,5251,,1, HTTP/1.1" 200 6046
200.86.95.220 - - [07/Mar/2017:11:13:02 -0300] "POST /cormun/servlet/solicitudot?gx-no-cache=1488896052431 HTTP/1.1" 200 1291
186.103.159.182 - - [07/Mar/2017:11:13:02 -0300] "GET /cormun/servlet/solicitudotadjuntos?6929972cecffaf227a7c67210add8927ee4030af67861277bc4e8a29ed659b6fe60a206ca73abc55a8997e838ac37db4,gx-no-cache=1488896053072 HTTP/1.1" 200 30
186.103.159.182 - - [07/Mar/2017:11:13:03 -0300] "POST /cormun/servlet/solicitudotadjuntos?0bf9da2a6c7c6c7806ca0b85aeca1a7b,INS,2017,5251,,1,,gx-no-cache=1488896053149 HTTP/1.1" 200 3856
186.79.36.72 - - [07/Mar/2017:11:13:04 -0300] "POST /cormun/servlet/solicitudot?gx-no-cache=1488896054361 HTTP/1.1" 200 1157
186.103.159.182 - - [07/Mar/2017:11:13:05 -0300] "POST /cormun/servlet/solicitudotadjuntos?gx-no-cache=1488896055883 HTTP/1.1" 200 26
186.103.156.211 - - [07/Mar/2017:11:13:06 -0300] "GET /cormun/servlet/trvisualizadoreventos? HTTP/1.1" 200 6734
200.86.95.220 - - [07/Mar/2017:11:13:07 -0300] "POST /cormun/servlet/solicitudot?gx-no-cache=1488896057482 HTTP/1.1" 200 41
186.103.156.211 - - [07/Mar/2017:11:13:07 -0300] "GET /cormun/servlet/trvisualizadoreventos? HTTP/1.1" 200 6722
200.86.95.220 - - [07/Mar/2017:11:13:11 -0300] "POST /cormun/servlet/solicitudot?gx-no-cache=1488896061744 HTTP/1.1" 200 1274
200.86.95.220 - - [07/Mar/2017:11:13:11 -0300] "POST /cormun/servlet/solicitudot?gx-no-cache=1488896061857 HTTP/1.1" 200 1157
200.86.95.220 - - [07/Mar/2017:11:13:11 -0300] "GET /cormun/servlet/solicitudot?e7ec3574523e7dcfc50c13f3edd5edbeffbd7f4c4ed349a19a3c5309af9351fe935d34fda9a5d6002cde7e7233749365e41a2040a331ff832d91e42b61f127c23bee67d9da22e7e198b4e68ab011307c35bdfea06a075b3bbeffebaf63865f50b5e00d5039e92b8b266a3a05a93969c417f712a53b5bc6254d0883e703b43bb9ba5d5f3b201c9158416bbe9ccf6603823d7cdc60426eac968f34068f080d0cae0f75dd0d5ef2e5c8ad6e7eebd75c7c6a81de35059d3662ebaa6d82761c5940ab,gx-no-cache=1488896061949 HTTP/1.1" 200 30
186.103.159.182 - - [07/Mar/2017:11:13:12 -0300] "GET /cormun/servlet/solicitudotadjuntos?6929972cecffaf227a7c67210add8927e98cc6cb6a01e3445c4b6c80234751db,gx-no-cache=1488896062711 HTTP/1.1" 200 30
186.103.159.182 - - [07/Mar/2017:11:13:12 -0300] "GET /cormun/servlet/solicitudotadjuntos?6929972cecffaf227a7c67210add8927e98cc6cb6a01e3445c4b6c80234751db,gx-no-cache=1488896062739 HTTP/1.1" 200 30
192.168.10.89 - - [07/Mar/2017:11:13:12 -0300] "POST /cormun/servlet/trsolicitudgral?7d95e2256ba85ce650c218c33c093362,,gx-no-cache=1488899276905 HTTP/1.1" 200 8211
186.103.156.211 - - [07/Mar/2017:11:13:13 -0300] "GET /cormun/servlet/trvisualizadoreventos? HTTP/1.1" 200 6722
186.79.36.72 - - [07/Mar/2017:11:13:13 -0300] "GET /cormun/servlet/solicitudot?3be8044e26eb2accc355fa08f50752b3aa8fca6f3f6568c069c1c71a64d85df6c786292d23459ad9809d53a88f70b459fb55d989e734aa43813893d6a4d06f4666acc3b12be2a61c82cca2c5b6b903683ae325e31a303309f6e793ca4e07c24829cfa0378e17da34a98d7b9f75b068ed36d9dab5b1c6a29afd78eb85bd2c242fe067e9bce14b4481240373940dd49f4a72dd486e38bac564d7a7b3963be8d47e5a39af430cd81c04bf04d35e7c1eb4d69c6705c8e204230f8281fc7d8b0acb90,gx-no-cache=1488896063800 HTTP/1.1" 200 30
186.103.156.211 - - [07/Mar/2017:11:13:13 -0300] "GET /cormun/servlet/trvisualizadoreventos? HTTP/1.1" 200 6722
186.103.156.211 - - [07/Mar/2017:11:13:18 -0300] "POST /cormun/servlet/trvisualizadoreventos?d0d8ccb62ad7be11d3e1e347e3efb402,,gx-no-cache=1488896068461 HTTP/1.1" 200 111
200.111.191.210 - - [07/Mar/2017:11:13:19 -0300] "GET /cormun/servlet/solicitudotadjuntos?INS,2017,5211,,1, HTTP/1.1" 200 5760
186.103.156.211 - - [07/Mar/2017:11:13:19 -0300] "GET /cormun/VisualizadorEventos-5159.xls HTTP/1.1" 200 4096
200.111.191.210 - - [07/Mar/2017:11:13:19 -0300] "GET /cormun/static/about:blank HTTP/1.1" 404 1011
200.111.191.210 - - [07/Mar/2017:11:13:19 -0300] "GET /cormun/servlet/solicitudotadjuntos?INS,2017,5211,,1, HTTP/1.1" 200 5754
192.168.10.89 - - [07/Mar/2017:11:13:19 -0300] "POST /cormun/servlet/trsolicitudgral?7d95e2256ba85ce650c218c33c093362,,gx-no-cache=1488899283849 HTTP/1.1" 200 6692
200.111.191.210 - - [07/Mar/2017:11:13:19 -0300] "GET /cormun/servlet/solicitudotadjuntos?659002d9d4bece8e5f2aecfabc4a71f151fd2302eff38ec77a19f991855e033fd95b411342e7bff55e9bdfdc729ae2f8,gx-no-cache=1488899584983 HTTP/1.1" 200 30
200.111.191.210 - - [07/Mar/2017:11:13:20 -0300] "POST /cormun/servlet/solicitudotadjuntos?010fdec1dcab3ef1447c5df519ac2a0e,INS,2017,5211,,1,,gx-no-cache=1488899585006 HTTP/1.1" 200 3668
200.111.191.210 - - [07/Mar/2017:11:13:21 -0300] "POST /cormun/servlet/solicitudotadjuntos?gx-no-cache=1488899586570 HTTP/1.1" 200 26
186.103.159.182 - - [07/Mar/2017:11:13:24 -0300] "POST /cormun/servlet/solicitudotadjuntos?0bf9da2a6c7c6c7806ca0b85aeca1a7b,INS,2017,5251,,1, HTTP/1.1" 200 116
186.103.159.182 - - [07/Mar/2017:11:13:24 -0300] "GET /cormun/servlet/hpexe_return? HTTP/1.1" 200 1024
186.103.159.182 - - [07/Mar/2017:11:13:25 -0300] "GET /cormun/servlet/trsolicitudadjuntos?2017,5251, HTTP/1.1" 200 8880
200.86.95.220 - - [07/Mar/2017:11:13:25 -0300] "POST /cormun/servlet/solicitudot?a10d6bf1b886065dee18e6effbcf8a3f,INS,0,0,,gx-no-cache=1488896075837 HTTP/1.1" 200 93
200.86.95.220 - - [07/Mar/2017:11:13:26 -0300] "GET /cormun/servlet/hpexe_return? HTTP/1.1" 200 1024
200.86.95.220 - - [07/Mar/2017:11:13:26 -0300] "GET /cormun/servlet/trsolicitudot?gx-no-cache=1488895607042 HTTP/1.1" 200 9121
186.103.159.182 - - [07/Mar/2017:11:13:27 -0300] "GET /cormun/servlet/trsolicitudadjuntos?2017,5251, HTTP/1.1" 200 8876
200.86.95.220 - - [07/Mar/2017:11:13:27 -0300] "GET /cormun/servlet/trsolicitudot?gx-no-cache=1488895607042 HTTP/1.1" 200 9138
186.103.159.182 - - [07/Mar/2017:11:13:29 -0300] "GET /cormun/servlet/solicitudotadjuntos?INS,2017,5251,,1, HTTP/1.1" 200 6054
186.103.159.182 - - [07/Mar/2017:11:13:29 -0300] "GET /cormun/static/about:blank HTTP/1.1" 404 1011
200.111.191.210 - - [07/Mar/2017:11:13:31 -0300] "GET /cormun/servlet/solicitudotadjuntos?659002d9d4bece8e5f2aecfabc4a71f190ef878f73fecfc06655a7545873ecc2,gx-no-cache=1488899596012 HTTP/1.1" 200 30
200.111.191.210 - - [07/Mar/2017:11:13:31 -0300] "GET /cormun/servlet/solicitudotadjuntos?659002d9d4bece8e5f2aecfabc4a71f190ef878f73fecfc06655a7545873ecc2,gx-no-cache=1488899596059 HTTP/1.1" 200 30
186.103.159.182 - - [07/Mar/2017:11:13:31 -0300] "GET /cormun/servlet/solicitudotadjuntos?INS,2017,5251,,1, HTTP/1.1" 200 6046
200.111.191.210 - - [07/Mar/2017:11:13:31 -0300] "POST /cormun/servlet/solicitudotadjuntos?010fdec1dcab3ef1447c5df519ac2a0e,INS,2017,5211,,1, HTTP/1.1" 200 116
200.111.191.210 - - [07/Mar/2017:11:13:31 -0300] "GET /cormun/servlet/hpexe_return? HTTP/1.1" 200 1026
186.103.159.182 - - [07/Mar/2017:11:13:31 -0300] "GET /cormun/servlet/solicitudotadjuntos?6929972cecffaf227a7c67210add8927ee4030af67861277bc4e8a29ed659b6fe60a206ca73abc55a8997e838ac37db4,gx-no-cache=1488896082270 HTTP/1.1" 200 30
200.111.191.210 - - [07/Mar/2017:11:13:32 -0300] "GET /cormun/servlet/trsolicitudadjuntos?2017,5211, HTTP/1.1" 200 7911
186.103.159.182 - - [07/Mar/2017:11:13:32 -0300] "POST /cormun/servlet/solicitudotadjuntos?0bf9da2a6c7c6c7806ca0b85aeca1a7b,INS,2017,5251,,1,,gx-no-cache=1488896082329 HTTP/1.1" 200 3857
200.111.191.210 - - [07/Mar/2017:11:13:32 -0300] "GET /cormun/servlet/trsolicitudadjuntos?2017,5211, HTTP/1.1" 200 7904
186.103.159.182 - - [07/Mar/2017:11:13:33 -0300] "POST /cormun/servlet/solicitudotadjuntos?gx-no-cache=1488896084316 HTTP/1.1" 200 26
200.111.191.210 - - [07/Mar/2017:11:13:34 -0300] "GET /cormun/servlet/solicitudotadjuntos?INS,2017,5211,,1, HTTP/1.1" 200 5760
200.111.191.210 - - [07/Mar/2017:11:13:34 -0300] "GET /cormun/static/about:blank HTTP/1.1" 404 1011
200.111.191.210 - - [07/Mar/2017:11:13:34 -0300] "GET /cormun/servlet/solicitudotadjuntos?INS,2017,5211,,1, HTTP/1.1" 200 5754
200.111.191.210 - - [07/Mar/2017:11:13:35 -0300] "GET /cormun/servlet/solicitudotadjuntos?659002d9d4bece8e5f2aecfabc4a71f151fd2302eff38ec77a19f991855e033fd95b411342e7bff55e9bdfdc729ae2f8,gx-no-cache=1488899600106 HTTP/1.1" 200 30
200.111.191.210 - - [07/Mar/2017:11:13:35 -0300] "POST /cormun/servlet/solicitudotadjuntos?010fdec1dcab3ef1447c5df519ac2a0e,INS,2017,5211,,1,,gx-no-cache=1488899600130 HTTP/1.1" 200 3668
200.111.191.210 - - [07/Mar/2017:11:13:36 -0300] "POST /cormun/servlet/solicitudotadjuntos?gx-no-cache=1488899601923 HTTP/1.1" 200 26
186.103.159.182 - - [07/Mar/2017:11:13:40 -0300] "GET /cormun/servlet/solicitudotadjuntos?6929972cecffaf227a7c67210add8927e98cc6cb6a01e3445c4b6c80234751db,gx-no-cache=1488896090319 HTTP/1.1" 200 30
200.111.191.210 - - [07/Mar/2017:11:13:41 -0300] "GET /cormun/servlet/solicitudotadjuntos?659002d9d4bece8e5f2aecfabc4a71f190ef878f73fecfc06655a7545873ecc2,gx-no-cache=1488899606892 HTTP/1.1" 200 30
200.111.191.210 - - [07/Mar/2017:11:13:41 -0300] "GET /cormun/servlet/solicitudotadjuntos?659002d9d4bece8e5f2aecfabc4a71f190ef878f73fecfc06655a7545873ecc2,gx-no-cache=1488899606903 HTTP/1.1" 200 30
200.111.191.210 - - [07/Mar/2017:11:13:42 -0300] "POST /cormun/servlet/solicitudotadjuntos?010fdec1dcab3ef1447c5df519ac2a0e,INS,2017,5211,,1, HTTP/1.1" 200 116
200.111.191.210 - - [07/Mar/2017:11:13:42 -0300] "GET /cormun/servlet/hpexe_return? HTTP/1.1" 200 1026
200.111.191.210 - - [07/Mar/2017:11:13:42 -0300] "GET /cormun/servlet/trsolicitudadjuntos?2017,5211, HTTP/1.1" 200 8116
200.111.191.210 - - [07/Mar/2017:11:13:43 -0300] "GET /cormun/servlet/trsolicitudadjuntos?2017,5211, HTTP/1.1" 200 8108
200.111.191.210 - - [07/Mar/2017:11:13:44 -0300] "GET /cormun/servlet/solicitudotadjuntos?INS,2017,5211,,1, HTTP/1.1" 200 5760
200.111.191.210 - - [07/Mar/2017:11:13:44 -0300] "GET /cormun/static/about:blank HTTP/1.1" 404 1011
200.111.191.210 - - [07/Mar/2017:11:13:44 -0300] "GET /cormun/servlet/solicitudotadjuntos?INS,2017,5211,,1, HTTP/1.1" 200 5754
186.103.159.182 - - [07/Mar/2017:11:13:45 -0300] "GET /cormun/servlet/solicitudotadjuntos?6929972cecffaf227a7c67210add8927e98cc6cb6a01e3445c4b6c80234751db,gx-no-cache=1488896095510 HTTP/1.1" 200 30
186.103.156.211 - - [07/Mar/2017:11:13:45 -0300] "GET /cormun/servlet/trcontratoobservaciondir? HTTP/1.1" 200 6178
186.103.156.211 - - [07/Mar/2017:11:13:45 -0300] "GET /cormun/static/gxcfg.js?201612218551235 HTTP/1.1" 304 -
200.111.191.210 - - [07/Mar/2017:11:13:45 -0300] "GET /cormun/servlet/solicitudotadjuntos?659002d9d4bece8e5f2aecfabc4a71f151fd2302eff38ec77a19f991855e033fd95b411342e7bff55e9bdfdc729ae2f8,gx-no-cache=1488899610413 HTTP/1.1" 200 30
200.111.191.210 - - [07/Mar/2017:11:13:45 -0300] "POST /cormun/servlet/solicitudotadjuntos?010fdec1dcab3ef1447c5df519ac2a0e,INS,2017,5211,,1,,gx-no-cache=1488899610456 HTTP/1.1" 200 3668
186.103.156.211 - - [07/Mar/2017:11:13:45 -0300] "GET /cormun/servlet/trcontratoobservaciondir? HTTP/1.1" 200 6177
200.111.191.210 - - [07/Mar/2017:11:13:47 -0300] "POST /cormun/servlet/solicitudotadjuntos?gx-no-cache=1488899612914 HTTP/1.1" 200 26
200.86.95.220 - - [07/Mar/2017:11:13:53 -0300] "GET /cormun/servlet/solicitudot?INS,0,0, HTTP/1.1" 200 12586
186.103.159.182 - - [07/Mar/2017:11:13:54 -0300] "POST /cormun/servlet/solicitudotadjuntos?0bf9da2a6c7c6c7806ca0b85aeca1a7b,INS,2017,5251,,1, HTTP/1.1" 200 116
186.103.159.182 - - [07/Mar/2017:11:13:54 -0300] "GET /cormun/servlet/hpexe_return? HTTP/1.1" 200 1024
200.111.191.210 - - [07/Mar/2017:11:13:54 -0300] "GET /cormun/servlet/solicitudotadjuntos?659002d9d4bece8e5f2aecfabc4a71f190ef878f73fecfc06655a7545873ecc2,gx-no-cache=1488899619196 HTTP/1.1" 200 30
200.111.191.210 - - [07/Mar/2017:11:13:54 -0300] "GET /cormun/servlet/solicitudotadjuntos?659002d9d4bece8e5f2aecfabc4a71f190ef878f73fecfc06655a7545873ecc2,gx-no-cache=1488899619207 HTTP/1.1" 200 30
200.111.191.210 - - [07/Mar/2017:11:13:54 -0300] "POST /cormun/servlet/solicitudotadjuntos?010fdec1dcab3ef1447c5df519ac2a0e,INS,2017,5211,,1, HTTP/1.1" 200 116
200.86.95.220 - - [07/Mar/2017:11:13:54 -0300] "GET /cormun/servlet/solicitudot?INS,0,0, HTTP/1.1" 200 12569
200.111.191.210 - - [07/Mar/2017:11:13:54 -0300] "GET /cormun/servlet/hpexe_return? HTTP/1.1" 200 1026
186.103.159.182 - - [07/Mar/2017:11:13:54 -0300] "GET /cormun/servlet/trsolicitudadjuntos?2017,5251, HTTP/1.1" 200 9057
200.111.191.210 - - [07/Mar/2017:11:13:55 -0300] "GET /cormun/servlet/trsolicitudadjuntos?2017,5211, HTTP/1.1" 200 8267
200.111.191.210 - - [07/Mar/2017:11:13:55 -0300] "GET /cormun/servlet/trsolicitudadjuntos?2017,5211, HTTP/1.1" 200 8266
186.103.159.182 - - [07/Mar/2017:11:13:56 -0300] "GET /cormun/servlet/trsolicitudadjuntos?2017,5251, HTTP/1.1" 200 9055
200.111.191.210 - - [07/Mar/2017:11:13:57 -0300] "GET /cormun/servlet/solicitudotadjuntos?INS,2017,5211,,1, HTTP/1.1" 200 5760
200.111.191.210 - - [07/Mar/2017:11:13:57 -0300] "GET /cormun/static/about:blank HTTP/1.1" 404 1011
200.111.191.210 - - [07/Mar/2017:11:13:57 -0300] "GET /cormun/servlet/solicitudotadjuntos?INS,2017,5211,,1, HTTP/1.1" 200 5754
200.111.191.210 - - [07/Mar/2017:11:13:58 -0300] "GET /cormun/servlet/solicitudotadjuntos?659002d9d4bece8e5f2aecfabc4a71f151fd2302eff38ec77a19f991855e033fd95b411342e7bff55e9bdfdc729ae2f8,gx-no-cache=1488899623321 HTTP/1.1" 200 30
186.103.159.182 - - [07/Mar/2017:11:13:58 -0300] "POST /cormun/servlet/trsolicitudadjuntos?0bf9da2a6c7c6c7806ca0b85aeca1a7b,2017,5251,,gx-no-cache=1488896108435 HTTP/1.1" 200 90
200.111.191.210 - - [07/Mar/2017:11:13:58 -0300] "POST /cormun/servlet/solicitudotadjuntos?010fdec1dcab3ef1447c5df519ac2a0e,INS,2017,5211,,1,,gx-no-cache=1488899623350 HTTP/1.1" 200 3668
186.103.159.182 - - [07/Mar/2017:11:13:58 -0300] "GET /cormun/servlet/hpexe_link HTTP/1.1" 200 970
186.103.159.182 - - [07/Mar/2017:11:13:59 -0300] "GET /cormun/servlet/trsolicitudot HTTP/1.1" 200 8971
200.111.191.210 - - [07/Mar/2017:11:14:00 -0300] "POST /cormun/servlet/solicitudotadjuntos?gx-no-cache=1488899625967 HTTP/1.1" 200 26
186.103.159.182 - - [07/Mar/2017:11:14:00 -0300] "GET /cormun/servlet/trsolicitudot HTTP/1.1" 200 8969
200.86.95.220 - - [07/Mar/2017:11:14:02 -0300] "POST /cormun/servlet/solicitudot?gx-no-cache=1488896112588 HTTP/1.1" 200 3190
200.86.95.220 - - [07/Mar/2017:11:14:02 -0300] "POST /cormun/servlet/solicitudot?a10d6bf1b886065dee18e6effbcf8a3f,INS,0,0,,gx-no-cache=1488896112895 HTTP/1.1" 200 9806
200.111.191.210 - - [07/Mar/2017:11:14:05 -0300] "GET /cormun/servlet/solicitudotadjuntos?659002d9d4bece8e5f2aecfabc4a71f190ef878f73fecfc06655a7545873ecc2,gx-no-cache=1488899630391 HTTP/1.1" 200 30
200.111.191.210 - - [07/Mar/2017:11:14:05 -0300] "GET /cormun/servlet/solicitudotadjuntos?659002d9d4bece8e5f2aecfabc4a71f190ef878f73fecfc06655a7545873ecc2,gx-no-cache=1488899630402 HTTP/1.1" 200 30
200.86.95.220 - - [07/Mar/2017:11:14:06 -0300] "GET /cormun/servlet/solicitudot?e7ec3574523e7dcfc50c13f3edd5edbe45bea3bcf18a23bcece7dca53ba9120f93e389b8d48fbfc2a995686e85379abb,gx-no-cache=1488896116149 HTTP/1.1" 200 30
200.86.95.220 - - [07/Mar/2017:11:14:06 -0300] "POST /cormun/servlet/solicitudot?gx-no-cache=1488896116268 HTTP/1.1" 200 255
200.86.95.220 - - [07/Mar/2017:11:14:06 -0300] "GET /cormun/servlet/solicitudot?e7ec3574523e7dcfc50c13f3edd5edbe60bc65c3cf26cd6f3715be01585042aafbc41229104e23ecfa8ab3b466c67fcca3967e5905524c6022656197c9564858498ec1d100e44f9d211ea25f6751cce2110d91fc23002613cc835d1d8409260d594dee1b17cf8613cc1fb5357cab0e84149167c1b5101a83ff8954fb454bc7c170ad371cc8270a30e18a089114789d198c1a52149f681726e7a8cb9436f05e00259d59d7fe754e8fde15ad8d04d65bf6a58cac59c8bf579a6f88e9b0b92d80a8d98dee909bdba0a5691abafe91f91f9ef2a41195f85bab8fbd79e760fd9a1e458ceaf3709a053322da5d4843f026eaa6b0143d5c9fc4b51ef61641476605b9863b4a2c8d74dae74d6b649285a137adfad8c05f851402f1d560e4834f66f95755e5b3051677b5da4e3d789dc275b1c73480b72d91b5fb02c74ecd9ad049c17e05984bcc5e2139fd364a4eee629ddb130847d9d709c73792c914223d1fd6e68baba79be8477cd0b7af707037abb47943e644ba44f95ded90e402eb89746d681c30,gx-no-cache=1488896116385 HTTP/1.1" 200 30
200.111.191.210 - - [07/Mar/2017:11:14:06 -0300] "POST /cormun/servlet/solicitudotadjuntos?010fdec1dcab3ef1447c5df519ac2a0e,INS,2017,5211,,1, HTTP/1.1" 200 116
200.111.191.210 - - [07/Mar/2017:11:14:06 -0300] "GET /cormun/servlet/hpexe_return? HTTP/1.1" 200 1026
186.103.159.182 - - [07/Mar/2017:11:14:06 -0300] "POST /cormun/servlet/trsolicitudot?0bf9da2a6c7c6c7806ca0b85aeca1a7b,gx-no-cache=1488896116520 HTTP/1.1" 200 5817
186.103.159.182 - - [07/Mar/2017:11:14:06 -0300] "GET /cormun/static/Shared/jqueryui/images/ui-bg_highlight-soft_100_c6c2c8_1x100.png HTTP/1.1" 404 1117
186.103.159.182 - - [07/Mar/2017:11:14:06 -0300] "GET /cormun/static/Shared/jqueryui/images/ui-icons_82798d_256x240.png HTTP/1.1" 404 1089
186.103.159.182 - - [07/Mar/2017:11:14:06 -0300] "GET /cormun/static/Shared/jqueryui/images/ui-bg_flat_55_fafafa_40x100.png HTTP/1.1" 404 1097
186.103.159.182 - - [07/Mar/2017:11:14:06 -0300] "GET /cormun/static/Shared/jqueryui/images/ui-icons_8d78a5_256x240.png HTTP/1.1" 404 1089
200.111.191.210 - - [07/Mar/2017:11:14:06 -0300] "GET /cormun/servlet/trsolicitudadjuntos?2017,5211, HTTP/1.1" 200 8412
200.111.191.210 - - [07/Mar/2017:11:14:07 -0300] "GET /cormun/servlet/trsolicitudadjuntos?2017,5211, HTTP/1.1" 200 8409
186.103.159.182 - - [07/Mar/2017:11:14:07 -0300] "POST /cormun/servlet/trsolicitudot?0bf9da2a6c7c6c7806ca0b85aeca1a7b,gx-no-cache=1488896117110 HTTP/1.1" 200 5759
200.86.95.220 - - [07/Mar/2017:11:14:07 -0300] "POST /cormun/servlet/solicitudot?gx-no-cache=1488896118055 HTTP/1.1" 200 30
200.111.191.210 - - [07/Mar/2017:11:14:09 -0300] "GET /cormun/servlet/solicitudotadjuntos?INS,2017,5211,,1, HTTP/1.1" 200 5760
200.111.191.210 - - [07/Mar/2017:11:14:09 -0300] "GET /cormun/static/about:blank HTTP/1.1" 404 1011
200.111.191.210 - - [07/Mar/2017:11:14:09 -0300] "GET /cormun/servlet/solicitudotadjuntos?INS,2017,5211,,1, HTTP/1.1" 200 5754
200.111.191.210 - - [07/Mar/2017:11:14:09 -0300] "GET /cormun/servlet/solicitudotadjuntos?659002d9d4bece8e5f2aecfabc4a71f151fd2302eff38ec77a19f991855e033fd95b411342e7bff55e9bdfdc729ae2f8,gx-no-cache=1488899634801 HTTP/1.1" 200 30
200.111.191.210 - - [07/Mar/2017:11:14:09 -0300] "POST /cormun/servlet/solicitudotadjuntos?010fdec1dcab3ef1447c5df519ac2a0e,INS,2017,5211,,1,,gx-no-cache=1488899634824 HTTP/1.1" 200 3668
200.86.95.220 - - [07/Mar/2017:11:14:10 -0300] "POST /cormun/servlet/solicitudot?gx-no-cache=1488896120776 HTTP/1.1" 200 235
200.86.95.220 - - [07/Mar/2017:11:14:10 -0300] "POST /cormun/servlet/solicitudot?gx-no-cache=1488896120862 HTTP/1.1" 200 38
200.111.191.210 - - [07/Mar/2017:11:14:12 -0300] "POST /cormun/servlet/solicitudotadjuntos?gx-no-cache=1488899637687 HTTP/1.1" 200 26
186.103.156.211 - - [07/Mar/2017:11:14:16 -0300] "POST /cormun/servlet/trcontratoobservaciondir?d0d8ccb62ad7be11d3e1e347e3efb402,,gx-no-cache=1488896127002 HTTP/1.1" 200 3828
200.111.191.210 - - [07/Mar/2017:11:14:17 -0300] "GET /cormun/servlet/solicitudotadjuntos?659002d9d4bece8e5f2aecfabc4a71f190ef878f73fecfc06655a7545873ecc2,gx-no-cache=1488899642320 HTTP/1.1" 200 30
200.111.191.210 - - [07/Mar/2017:11:14:17 -0300] "GET /cormun/servlet/solicitudotadjuntos?659002d9d4bece8e5f2aecfabc4a71f190ef878f73fecfc06655a7545873ecc2,gx-no-cache=1488899642333 HTTP/1.1" 200 30
200.86.95.220 - - [07/Mar/2017:11:14:18 -0300] "GET /cormun/servlet/solicitudot?e7ec3574523e7dcfc50c13f3edd5edbee6b67e19409b9cd026a47194c2a94065d305d2a33e6b537f3af6437dac9b06fec840d0f5ca2480f959fab37324dbdaf8e896b56b1972495d41a3b5e59765962fbb476a0434d69f2ee43fb83a5bdb112999b8f7a58b1ff982861027c20d9f19072a9fc4882a26ba74ab5b882d9eb69f78e739f399d4d3c84771b6e9be7f8596bc6692f184773b55ec7cbed512f682a54c56d291f14beac4d753a5eee8e613a1fe053f6a221fa5eee5130ef4b34b7fb0b91e4f973a9ad6446ffcf0c2aa1debc017,gx-no-cache=1488896128851 HTTP/1.1" 200 29
200.111.191.210 - - [07/Mar/2017:11:14:18 -0300] "POST /cormun/servlet/solicitudotadjuntos?010fdec1dcab3ef1447c5df519ac2a0e,INS,2017,5211,,1, HTTP/1.1" 200 116
200.111.191.210 - - [07/Mar/2017:11:14:18 -0300] "GET /cormun/servlet/hpexe_return? HTTP/1.1" 200 1026
200.111.191.210 - - [07/Mar/2017:11:14:19 -0300] "GET /cormun/servlet/trsolicitudadjuntos?2017,5211, HTTP/1.1" 200 8559
200.111.191.210 - - [07/Mar/2017:11:14:20 -0300] "GET /cormun/servlet/trsolicitudadjuntos?2017,5211, HTTP/1.1" 200 8556
200.86.95.220 - - [07/Mar/2017:11:14:20 -0300] "POST /cormun/servlet/solicitudot?gx-no-cache=1488896130927 HTTP/1.1" 200 643
200.111.191.210 - - [07/Mar/2017:11:14:21 -0300] "GET /cormun/servlet/solicitudotadjuntos?INS,2017,5211,,1, HTTP/1.1" 200 5760
200.111.191.210 - - [07/Mar/2017:11:14:21 -0300] "GET /cormun/static/about:blank HTTP/1.1" 404 1011
200.111.191.210 - - [07/Mar/2017:11:14:22 -0300] "GET /cormun/servlet/solicitudotadjuntos?INS,2017,5211,,1, HTTP/1.1" 200 5754
200.86.95.220 - - [07/Mar/2017:11:14:22 -0300] "POST /cormun/servlet/solicitudot?gx-no-cache=1488896132308 HTTP/1.1" 200 1157
200.111.191.210 - - [07/Mar/2017:11:14:22 -0300] "GET /cormun/servlet/solicitudotadjuntos?659002d9d4bece8e5f2aecfabc4a71f151fd2302eff38ec77a19f991855e033fd95b411342e7bff55e9bdfdc729ae2f8,gx-no-cache=1488899647595 HTTP/1.1" 200 30
200.111.191.210 - - [07/Mar/2017:11:14:22 -0300] "POST /cormun/servlet/solicitudotadjuntos?010fdec1dcab3ef1447c5df519ac2a0e,INS,2017,5211,,1,,gx-no-cache=1488899647615 HTTP/1.1" 200 3668
200.111.191.210 - - [07/Mar/2017:11:14:24 -0300] "POST /cormun/servlet/solicitudotadjuntos?gx-no-cache=1488899649555 HTTP/1.1" 200 26
186.103.156.211 - - [07/Mar/2017:11:14:26 -0300] "GET /cormun/servlet/trautorizarsolicitud? HTTP/1.1" 200 6910
186.103.156.211 - - [07/Mar/2017:11:14:26 -0300] "GET /cormun/static/gxcfg.js?2017259112829 HTTP/1.1" 304 -
186.103.156.211 - - [07/Mar/2017:11:14:26 -0300] "GET /cormun/static/trautorizarsolicitud.js?2017259113483 HTTP/1.1" 304 -
186.103.156.211 - - [07/Mar/2017:11:14:26 -0300] "GET /cormun/servlet/trautorizarsolicitud? HTTP/1.1" 200 6908
200.111.191.210 - - [07/Mar/2017:11:14:28 -0300] "GET /cormun/servlet/solicitudotadjuntos?659002d9d4bece8e5f2aecfabc4a71f190ef878f73fecfc06655a7545873ecc2,gx-no-cache=1488899653851 HTTP/1.1" 200 30
200.111.191.210 - - [07/Mar/2017:11:14:28 -0300] "GET /cormun/servlet/solicitudotadjuntos?659002d9d4bece8e5f2aecfabc4a71f190ef878f73fecfc06655a7545873ecc2,gx-no-cache=1488899653901 HTTP/1.1" 200 30
200.111.191.210 - - [07/Mar/2017:11:14:30 -0300] "POST /cormun/servlet/solicitudotadjuntos?010fdec1dcab3ef1447c5df519ac2a0e,INS,2017,5211,,1, HTTP/1.1" 200 116
200.111.191.210 - - [07/Mar/2017:11:14:30 -0300] "GET /cormun/servlet/hpexe_return? HTTP/1.1" 200 1026
200.111.191.210 - - [07/Mar/2017:11:14:30 -0300] "GET /cormun/servlet/trsolicitudadjuntos?2017,5211, HTTP/1.1" 200 8783
200.111.191.210 - - [07/Mar/2017:11:14:31 -0300] "GET /cormun/servlet/trsolicitudadjuntos?2017,5211, HTTP/1.1" 200 8782
200.111.191.210 - - [07/Mar/2017:11:14:36 -0300] "GET /cormun/servlet/trsolicitudot? HTTP/1.1" 200 8285
200.111.191.210 - - [07/Mar/2017:11:14:36 -0300] "GET /cormun/servlet/trsolicitudot? HTTP/1.1" 200 8279
200.111.191.210 - - [07/Mar/2017:11:14:39 -0300] "POST /cormun/servlet/trsolicitudot?010fdec1dcab3ef1447c5df519ac2a0e,,gx-no-cache=1488899664696 HTTP/1.1" 200 5272
200.111.191.210 - - [07/Mar/2017:11:14:39 -0300] "GET /cormun/static/Shared/jqueryui/images/ui-bg_highlight-soft_100_c6c2c8_1x100.png HTTP/1.1" 404 1117
200.111.191.210 - - [07/Mar/2017:11:14:39 -0300] "GET /cormun/static/Shared/jqueryui/images/ui-icons_82798d_256x240.png HTTP/1.1" 404 1089
200.111.191.210 - - [07/Mar/2017:11:14:39 -0300] "GET /cormun/static/Shared/jqueryui/images/ui-bg_flat_55_fafafa_40x100.png HTTP/1.1" 404 1097
200.111.191.210 - - [07/Mar/2017:11:14:39 -0300] "GET /cormun/static/Shared/jqueryui/images/ui-icons_8d78a5_256x240.png HTTP/1.1" 404 1089
200.111.191.210 - - [07/Mar/2017:11:14:39 -0300] "POST /cormun/servlet/trsolicitudot?010fdec1dcab3ef1447c5df519ac2a0e,,gx-no-cache=1488899664883 HTTP/1.1" 200 5214
200.111.191.210 - - [07/Mar/2017:11:14:42 -0300] "POST /cormun/servlet/trsolicitudot?010fdec1dcab3ef1447c5df519ac2a0e,,gx-no-cache=1488899667345 HTTP/1.1" 200 5485
186.103.156.211 - - [07/Mar/2017:11:14:43 -0300] "POST /cormun/servlet/trautorizarsolicitud?d0d8ccb62ad7be11d3e1e347e3efb402,,gx-no-cache=1488896154032 HTTP/1.1" 200 4147
186.103.159.182 - - [07/Mar/2017:11:14:44 -0300] "POST /cormun/servlet/trsolicitudot?0bf9da2a6c7c6c7806ca0b85aeca1a7b,gx-no-cache=1488896120324 HTTP/1.1" 500 10
200.111.191.210 - - [07/Mar/2017:11:14:47 -0300] "POST /cormun/servlet/trsolicitudot?010fdec1dcab3ef1447c5df519ac2a0e,,gx-no-cache=1488899672959 HTTP/1.1" 200 106
200.111.191.210 - - [07/Mar/2017:11:14:48 -0300] "GET /cormun/servlet/trsolicitudadjuntos?2017,5212, HTTP/1.1" 200 5829
200.111.191.210 - - [07/Mar/2017:11:14:48 -0300] "GET /cormun/servlet/trsolicitudadjuntos?2017,5212, HTTP/1.1" 200 5829
200.111.191.210 - - [07/Mar/2017:11:14:50 -0300] "GET /cormun/servlet/solicitudotadjuntos?INS,2017,5212,,1, HTTP/1.1" 200 5760
200.111.191.210 - - [07/Mar/2017:11:14:50 -0300] "GET /cormun/static/about:blank HTTP/1.1" 404 1011
200.111.191.210 - - [07/Mar/2017:11:14:50 -0300] "GET /cormun/servlet/solicitudotadjuntos?INS,2017,5212,,1, HTTP/1.1" 200 5754
186.103.156.211 - - [07/Mar/2017:11:14:50 -0300] "GET /cormun/servlet/trsolicitudot? HTTP/1.1" 200 6964
186.103.156.211 - - [07/Mar/2017:11:14:50 -0300] "GET /cormun/static/gxcfg.js?20171191044697 HTTP/1.1" 304 -
186.103.156.211 - - [07/Mar/2017:11:14:50 -0300] "GET /cormun/static/trsolicitudot.js?20171191045625 HTTP/1.1" 304 -
200.111.191.210 - - [07/Mar/2017:11:14:50 -0300] "GET /cormun/servlet/solicitudotadjuntos?659002d9d4bece8e5f2aecfabc4a71f1bb07ec62f2cd344ef1574fa4d1c6f800d95b411342e7bff55e9bdfdc729ae2f8,gx-no-cache=1488899676023 HTTP/1.1" 200 30
200.111.191.210 - - [07/Mar/2017:11:14:51 -0300] "POST /cormun/servlet/solicitudotadjuntos?010fdec1dcab3ef1447c5df519ac2a0e,INS,2017,5212,,1,,gx-no-cache=1488899676046 HTTP/1.1" 200 3668
186.103.156.211 - - [07/Mar/2017:11:14:51 -0300] "GET /cormun/servlet/trsolicitudot? HTTP/1.1" 200 6964
186.103.159.182 - - [07/Mar/2017:11:14:54 -0300] "GET /cormun/servlet/trsolicitudot HTTP/1.1" 200 8632
200.111.191.210 - - [07/Mar/2017:11:14:55 -0300] "POST /cormun/servlet/solicitudotadjuntos?gx-no-cache=1488899680272 HTTP/1.1" 200 26
186.103.156.211 - - [07/Mar/2017:11:14:55 -0300] "GET /cormun/servlet/solicitudot?INS,0,0, HTTP/1.1" 200 12801
186.103.156.211 - - [07/Mar/2017:11:14:55 -0300] "GET /cormun/static/gxcfg.js?20171191042720 HTTP/1.1" 304 -
186.103.156.211 - - [07/Mar/2017:11:14:55 -0300] "GET /cormun/servlet/solicitudot?INS,0,0, HTTP/1.1" 200 12806
186.103.159.182 - - [07/Mar/2017:11:14:56 -0300] "GET /cormun/servlet/trsolicitudot HTTP/1.1" 200 8642
200.111.191.210 - - [07/Mar/2017:11:14:59 -0300] "GET /cormun/servlet/solicitudotadjuntos?659002d9d4bece8e5f2aecfabc4a71f190ef878f73fecfc06655a7545873ecc2,gx-no-cache=1488899684936 HTTP/1.1" 200 30
200.111.191.210 - - [07/Mar/2017:11:14:59 -0300] "GET /cormun/servlet/solicitudotadjuntos?659002d9d4bece8e5f2aecfabc4a71f190ef878f73fecfc06655a7545873ecc2,gx-no-cache=1488899684947 HTTP/1.1" 200 30
200.111.191.210 - - [07/Mar/2017:11:15:00 -0300] "POST /cormun/servlet/solicitudotadjuntos?010fdec1dcab3ef1447c5df519ac2a0e,INS,2017,5212,,1, HTTP/1.1" 200 116
200.111.191.210 - - [07/Mar/2017:11:15:00 -0300] "GET /cormun/servlet/hpexe_return? HTTP/1.1" 200 1026
186.103.159.182 - - [07/Mar/2017:11:15:00 -0300] "POST /cormun/servlet/trsolicitudot?0bf9da2a6c7c6c7806ca0b85aeca1a7b,gx-no-cache=1488896169540 HTTP/1.1" 200 106
200.111.191.210 - - [07/Mar/2017:11:15:00 -0300] "GET /cormun/servlet/trsolicitudadjuntos?2017,5212, HTTP/1.1" 200 7909
186.103.159.182 - - [07/Mar/2017:11:15:00 -0300] "GET /cormun/servlet/trsolicitudadjuntos?2017,5258, HTTP/1.1" 200 6122
200.111.191.210 - - [07/Mar/2017:11:15:01 -0300] "GET /cormun/servlet/trsolicitudadjuntos?2017,5212, HTTP/1.1" 200 7905
186.103.159.182 - - [07/Mar/2017:11:15:02 -0300] "GET /cormun/servlet/trsolicitudadjuntos?2017,5258, HTTP/1.1" 200 6121
200.111.191.210 - - [07/Mar/2017:11:15:02 -0300] "GET /cormun/servlet/solicitudotadjuntos?INS,2017,5212,,1, HTTP/1.1" 200 5760
200.111.191.210 - - [07/Mar/2017:11:15:02 -0300] "GET /cormun/static/about:blank HTTP/1.1" 404 1011
200.111.191.210 - - [07/Mar/2017:11:15:03 -0300] "GET /cormun/servlet/solicitudotadjuntos?INS,2017,5212,,1, HTTP/1.1" 200 5754
200.111.191.210 - - [07/Mar/2017:11:15:03 -0300] "GET /cormun/servlet/solicitudotadjuntos?659002d9d4bece8e5f2aecfabc4a71f1bb07ec62f2cd344ef1574fa4d1c6f800d95b411342e7bff55e9bdfdc729ae2f8,gx-no-cache=1488899688648 HTTP/1.1" 200 30
200.111.191.210 - - [07/Mar/2017:11:15:03 -0300] "POST /cormun/servlet/solicitudotadjuntos?010fdec1dcab3ef1447c5df519ac2a0e,INS,2017,5212,,1,,gx-no-cache=1488899688668 HTTP/1.1" 200 3668
186.103.159.182 - - [07/Mar/2017:11:15:04 -0300] "GET /cormun/servlet/solicitudotadjuntos?INS,2017,5258,,1, HTTP/1.1" 200 6054
200.111.191.210 - - [07/Mar/2017:11:15:05 -0300] "POST /cormun/servlet/solicitudotadjuntos?gx-no-cache=1488899690090 HTTP/1.1" 200 26
186.103.159.182 - - [07/Mar/2017:11:15:05 -0300] "GET /cormun/static/about:blank HTTP/1.1" 404 1011
186.103.159.182 - - [07/Mar/2017:11:15:05 -0300] "GET /cormun/servlet/solicitudotadjuntos?INS,2017,5258,,1, HTTP/1.1" 200 6046
186.103.159.182 - - [07/Mar/2017:11:15:06 -0300] "GET /cormun/servlet/solicitudotadjuntos?6929972cecffaf227a7c67210add8927252f0e449364415af2ff83d16a9bedbde60a206ca73abc55a8997e838ac37db4,gx-no-cache=1488896176468 HTTP/1.1" 200 30
186.103.159.182 - - [07/Mar/2017:11:15:06 -0300] "POST /cormun/servlet/solicitudotadjuntos?0bf9da2a6c7c6c7806ca0b85aeca1a7b,INS,2017,5258,,1,,gx-no-cache=1488896176737 HTTP/1.1" 200 3857
200.111.191.210 - - [07/Mar/2017:11:15:08 -0300] "GET /cormun/servlet/solicitudotadjuntos?659002d9d4bece8e5f2aecfabc4a71f190ef878f73fecfc06655a7545873ecc2,gx-no-cache=1488899693940 HTTP/1.1" 200 30
200.111.191.210 - - [07/Mar/2017:11:15:08 -0300] "GET /cormun/servlet/solicitudotadjuntos?659002d9d4bece8e5f2aecfabc4a71f190ef878f73fecfc06655a7545873ecc2,gx-no-cache=1488899693950 HTTP/1.1" 200 30
200.111.191.210 - - [07/Mar/2017:11:15:09 -0300] "POST /cormun/servlet/solicitudotadjuntos?010fdec1dcab3ef1447c5df519ac2a0e,INS,2017,5212,,1, HTTP/1.1" 200 116
200.111.191.210 - - [07/Mar/2017:11:15:09 -0300] "GET /cormun/servlet/hpexe_return? HTTP/1.1" 200 1026
200.111.191.210 - - [07/Mar/2017:11:15:09 -0300] "GET /cormun/servlet/trsolicitudadjuntos?2017,5212, HTTP/1.1" 200 8119
200.111.191.210 - - [07/Mar/2017:11:15:10 -0300] "GET /cormun/servlet/trsolicitudadjuntos?2017,5212, HTTP/1.1" 200 8113
186.103.159.182 - - [07/Mar/2017:11:15:10 -0300] "POST /cormun/servlet/solicitudotadjuntos?gx-no-cache=1488896180931 HTTP/1.1" 200 26
200.111.191.210 - - [07/Mar/2017:11:15:11 -0300] "GET /cormun/servlet/solicitudotadjuntos?INS,2017,5212,,1, HTTP/1.1" 200 5760
200.111.191.210 - - [07/Mar/2017:11:15:12 -0300] "GET /cormun/static/about:blank HTTP/1.1" 404 1011
200.111.191.210 - - [07/Mar/2017:11:15:12 -0300] "GET /cormun/servlet/solicitudotadjuntos?INS,2017,5212,,1, HTTP/1.1" 200 5754
200.111.191.210 - - [07/Mar/2017:11:15:12 -0300] "GET /cormun/servlet/solicitudotadjuntos?659002d9d4bece8e5f2aecfabc4a71f1bb07ec62f2cd344ef1574fa4d1c6f800d95b411342e7bff55e9bdfdc729ae2f8,gx-no-cache=1488899697621 HTTP/1.1" 200 30
200.111.191.210 - - [07/Mar/2017:11:15:12 -0300] "POST /cormun/servlet/solicitudotadjuntos?010fdec1dcab3ef1447c5df519ac2a0e,INS,2017,5212,,1,,gx-no-cache=1488899697650 HTTP/1.1" 200 3668
186.103.156.211 - - [07/Mar/2017:11:15:13 -0300] "POST /cormun/servlet/solicitudot?gx-no-cache=1488896184561 HTTP/1.1" 200 3153
186.103.156.211 - - [07/Mar/2017:11:15:14 -0300] "POST /cormun/servlet/solicitudot?d0d8ccb62ad7be11d3e1e347e3efb402,INS,0,0,,gx-no-cache=1488896184885 HTTP/1.1" 200 9963
200.111.191.210 - - [07/Mar/2017:11:15:14 -0300] "POST /cormun/servlet/solicitudotadjuntos?gx-no-cache=1488899699715 HTTP/1.1" 200 26
186.79.36.72 - - [07/Mar/2017:11:15:18 -0300] "POST /cormun/servlet/solicitudot?gx-no-cache=1488896188513 HTTP/1.1" 200 30
186.79.36.72 - - [07/Mar/2017:11:15:18 -0300] "POST /cormun/servlet/solicitudot?gx-no-cache=1488896188847 HTTP/1.1" 200 1291
186.79.36.72 - - [07/Mar/2017:11:15:19 -0300] "POST /cormun/servlet/solicitudot?gx-no-cache=1488896189484 HTTP/1.1" 200 41
186.79.36.72 - - [07/Mar/2017:11:15:19 -0300] "POST /cormun/servlet/solicitudot?gx-no-cache=1488896189840 HTTP/1.1" 200 1274
186.79.36.72 - - [07/Mar/2017:11:15:20 -0300] "POST /cormun/servlet/solicitudot?gx-no-cache=1488896190257 HTTP/1.1" 200 1157
186.79.36.72 - - [07/Mar/2017:11:15:20 -0300] "GET /cormun/servlet/solicitudot?3be8044e26eb2accc355fa08f50752b3aa8fca6f3f6568c069c1c71a64d85df6c786292d23459ad9809d53a88f70b459fb55d989e734aa43813893d6a4d06f4666acc3b12be2a61c82cca2c5b6b903683ae325e31a303309f6e793ca4e07c24829cfa0378e17da34a98d7b9f75b068ed36d9dab5b1c6a29afd78eb85bd2c242fe067e9bce14b4481240373940dd49f4a72dd486e38bac564d7a7b3963be8d47e5a39af430cd81c04bf04d35e7c1eb4d69c6705c8e204230f8281fc7d8b0acb90,gx-no-cache=1488896190769 HTTP/1.1" 200 30
186.79.36.72 - - [07/Mar/2017:11:15:21 -0300] "POST /cormun/servlet/solicitudot?9dd3c0562f429a319ab5b2da32ec4005,INS,0,0,,gx-no-cache=1488896191158 HTTP/1.1" 200 93
186.79.36.72 - - [07/Mar/2017:11:15:21 -0300] "GET /cormun/servlet/hpexe_return? HTTP/1.1" 200 1005
186.79.36.72 - - [07/Mar/2017:11:15:22 -0300] "GET /cormun/static/gxcfg.js?2016101716175148 HTTP/1.1" 304 -
186.79.36.72 - - [07/Mar/2017:11:15:22 -0300] "GET /cormun/servlet/trsolicitudot? HTTP/1.1" 200 6936
186.79.36.72 - - [07/Mar/2017:11:15:23 -0300] "GET /cormun/servlet/trsolicitudot? HTTP/1.1" 200 6932
186.103.159.182 - - [07/Mar/2017:11:15:27 -0300] "GET /cormun/servlet/solicitudotadjuntos?6929972cecffaf227a7c67210add8927e98cc6cb6a01e3445c4b6c80234751db,gx-no-cache=1488896197793 HTTP/1.1" 200 30
186.103.159.182 - - [07/Mar/2017:11:15:27 -0300] "GET /cormun/servlet/solicitudotadjuntos?6929972cecffaf227a7c67210add8927e98cc6cb6a01e3445c4b6c80234751db,gx-no-cache=1488896197819 HTTP/1.1" 200 30
