186.103.159.46 - - [07/Mar/2017:16:14:34 -0300] "GET /cormun/servlet/solicitudotadjuntos?9724817534274a6af91e5a181a0cd770d047663c6fb0e682b7700574f301b04b9c081629032d4f4171a19bf7977ab1bb,gx-no-cache=1488914143864 HTTP/1.1" 200 30
186.103.159.46 - - [07/Mar/2017:16:14:34 -0300] "POST /cormun/servlet/solicitudotadjuntos?86fd4dd603cc4581e07af5ced3c6735c,INS,2017,5284,,1,,gx-no-cache=1488914143950 HTTP/1.1" 200 3670
186.103.159.46 - - [07/Mar/2017:16:14:37 -0300] "GET /cormun/servlet/trcontratounov2? HTTP/1.1" 200 16709
186.103.159.46 - - [07/Mar/2017:16:14:38 -0300] "GET /cormun/servlet/trcontratounov2? HTTP/1.1" 200 16707
186.103.159.46 - - [07/Mar/2017:16:14:41 -0300] "POST /cormun/servlet/solicitudotadjuntos?gx-no-cache=1488914150734 HTTP/1.1" 200 26
186.103.159.46 - - [07/Mar/2017:16:14:48 -0300] "GET /cormun/servlet/trsolicitudot? HTTP/1.1" 200 8335
186.103.159.46 - - [07/Mar/2017:16:14:48 -0300] "GET /cormun/static/gxcfg.js?20171191044697 HTTP/1.1" 304 -
186.103.159.46 - - [07/Mar/2017:16:14:48 -0300] "GET /cormun/static/trsolicitudot.js?20171191045625 HTTP/1.1" 304 -
186.103.159.46 - - [07/Mar/2017:16:14:48 -0300] "GET /cormun/servlet/trsolicitudot? HTTP/1.1" 200 8334
186.103.159.46 - - [07/Mar/2017:16:14:58 -0300] "GET /cormun/servlet/solicitudotadjuntos?9724817534274a6af91e5a181a0cd7702723dc7a70e16dcca2e062ee58170adc,gx-no-cache=1488914168159 HTTP/1.1" 200 30
186.103.159.46 - - [07/Mar/2017:16:14:58 -0300] "GET /cormun/servlet/solicitudotadjuntos?9724817534274a6af91e5a181a0cd7702723dc7a70e16dcca2e062ee58170adc,gx-no-cache=1488914168227 HTTP/1.1" 200 30
186.103.159.46 - - [07/Mar/2017:16:14:59 -0300] "POST /cormun/servlet/solicitudotadjuntos?86fd4dd603cc4581e07af5ced3c6735c,INS,2017,5284,,1, HTTP/1.1" 200 116
186.103.159.46 - - [07/Mar/2017:16:14:59 -0300] "GET /cormun/servlet/hpexe_return? HTTP/1.1" 200 1026
186.103.159.46 - - [07/Mar/2017:16:14:59 -0300] "GET /cormun/servlet/trsolicitudadjuntos?2017,5284, HTTP/1.1" 200 8392
186.103.159.46 - - [07/Mar/2017:16:15:01 -0300] "GET /cormun/servlet/trsolicitudadjuntos?2017,5284, HTTP/1.1" 200 8390
186.103.159.46 - - [07/Mar/2017:16:15:03 -0300] "GET /cormun/servlet/solicitudotadjuntos?INS,2017,5284,,1, HTTP/1.1" 200 5803
186.103.159.46 - - [07/Mar/2017:16:15:04 -0300] "POST /cormun/servlet/trsolicitudot?13a61b5e88694340b84fedd559fc429f,,gx-no-cache=1488914173508 HTTP/1.1" 200 5646
186.103.159.46 - - [07/Mar/2017:16:15:04 -0300] "GET /cormun/static/Shared/jqueryui/images/ui-bg_highlight-soft_100_c6c2c8_1x100.png HTTP/1.1" 404 1117
186.103.159.46 - - [07/Mar/2017:16:15:04 -0300] "GET /cormun/static/Shared/jqueryui/images/ui-icons_82798d_256x240.png HTTP/1.1" 404 1089
186.103.159.46 - - [07/Mar/2017:16:15:04 -0300] "GET /cormun/static/Shared/jqueryui/images/ui-bg_flat_55_fafafa_40x100.png HTTP/1.1" 404 1097
186.103.159.46 - - [07/Mar/2017:16:15:04 -0300] "GET /cormun/static/Shared/jqueryui/images/ui-icons_8d78a5_256x240.png HTTP/1.1" 404 1089
186.103.159.46 - - [07/Mar/2017:16:15:04 -0300] "GET /cormun/static/about:blank HTTP/1.1" 404 1011
186.103.159.46 - - [07/Mar/2017:16:15:04 -0300] "GET /cormun/servlet/solicitudotadjuntos?INS,2017,5284,,1, HTTP/1.1" 200 5797
186.103.159.46 - - [07/Mar/2017:16:15:05 -0300] "GET /cormun/servlet/solicitudotadjuntos?9724817534274a6af91e5a181a0cd770d047663c6fb0e682b7700574f301b04b9c081629032d4f4171a19bf7977ab1bb,gx-no-cache=1488914174495 HTTP/1.1" 200 30
186.103.159.46 - - [07/Mar/2017:16:15:05 -0300] "POST /cormun/servlet/solicitudotadjuntos?86fd4dd603cc4581e07af5ced3c6735c,INS,2017,5284,,1,,gx-no-cache=1488914174547 HTTP/1.1" 200 3670
186.103.159.46 - - [07/Mar/2017:16:15:10 -0300] "POST /cormun/servlet/solicitudotadjuntos?gx-no-cache=1488914180315 HTTP/1.1" 200 26
186.79.240.136 - - [07/Mar/2017:16:15:16 -0300] "GET /cormun/servlet/hlogin HTTP/1.1" 200 1719
186.79.240.136 - - [07/Mar/2017:16:15:19 -0300] "POST /cormun/servlet/hlogin?8c97f5d640ca626d55b796d905badf08,gx-no-cache=1488914190309 HTTP/1.1" 200 90
186.79.240.136 - - [07/Mar/2017:16:15:19 -0300] "GET /cormun/servlet/hpexe_link HTTP/1.1" 200 953
186.79.240.136 - - [07/Mar/2017:16:15:19 -0300] "GET /cormun/servlet/hhome HTTP/1.1" 200 3760
186.79.240.136 - - [07/Mar/2017:16:15:20 -0300] "GET /cormun/servlet/hhome HTTP/1.1" 200 3756
186.103.159.46 - - [07/Mar/2017:16:15:23 -0300] "GET /cormun/servlet/solicitudotadjuntos?9724817534274a6af91e5a181a0cd7702723dc7a70e16dcca2e062ee58170adc,gx-no-cache=1488914193110 HTTP/1.1" 200 30
186.103.159.46 - - [07/Mar/2017:16:15:23 -0300] "GET /cormun/servlet/solicitudotadjuntos?9724817534274a6af91e5a181a0cd7702723dc7a70e16dcca2e062ee58170adc,gx-no-cache=1488914193156 HTTP/1.1" 200 30
186.103.159.46 - - [07/Mar/2017:16:15:23 -0300] "GET /cormun/servlet/hlogin HTTP/1.1" 200 1738
186.103.159.46 - - [07/Mar/2017:16:15:24 -0300] "POST /cormun/servlet/solicitudotadjuntos?86fd4dd603cc4581e07af5ced3c6735c,INS,2017,5284,,1, HTTP/1.1" 200 116
186.103.159.46 - - [07/Mar/2017:16:15:24 -0300] "GET /cormun/servlet/hpexe_return? HTTP/1.1" 200 1026
186.103.159.46 - - [07/Mar/2017:16:15:24 -0300] "GET /cormun/servlet/trsolicitudadjuntos?2017,5284, HTTP/1.1" 200 8540
186.79.240.136 - - [07/Mar/2017:16:15:25 -0300] "GET /cormun/servlet/trsolicitudot? HTTP/1.1" 200 6694
186.103.159.46 - - [07/Mar/2017:16:15:26 -0300] "GET /cormun/servlet/trsolicitudadjuntos?2017,5284, HTTP/1.1" 200 8536
186.79.240.136 - - [07/Mar/2017:16:15:26 -0300] "GET /cormun/servlet/trsolicitudot? HTTP/1.1" 200 6693
186.79.240.136 - - [07/Mar/2017:16:15:29 -0300] "GET /cormun/servlet/solicitudot?INS,0,0, HTTP/1.1" 200 12569
186.103.159.46 - - [07/Mar/2017:16:15:29 -0300] "GET /cormun/servlet/solicitudotadjuntos?INS,2017,5284,,1, HTTP/1.1" 200 5804
186.79.240.136 - - [07/Mar/2017:16:15:30 -0300] "GET /cormun/servlet/solicitudot?INS,0,0, HTTP/1.1" 200 12574
186.103.159.46 - - [07/Mar/2017:16:15:30 -0300] "GET /cormun/static/about:blank HTTP/1.1" 404 1011
186.103.159.46 - - [07/Mar/2017:16:15:30 -0300] "GET /cormun/servlet/solicitudotadjuntos?INS,2017,5284,,1, HTTP/1.1" 200 5797
186.103.159.46 - - [07/Mar/2017:16:15:31 -0300] "GET /cormun/servlet/solicitudotadjuntos?9724817534274a6af91e5a181a0cd770d047663c6fb0e682b7700574f301b04b9c081629032d4f4171a19bf7977ab1bb,gx-no-cache=1488914200748 HTTP/1.1" 200 30
186.103.159.46 - - [07/Mar/2017:16:15:31 -0300] "POST /cormun/servlet/solicitudotadjuntos?86fd4dd603cc4581e07af5ced3c6735c,INS,2017,5284,,1,,gx-no-cache=1488914200809 HTTP/1.1" 200 3670
200.111.191.210 - - [07/Mar/2017:16:15:33 -0300] "GET /cormun/servlet/trconsultaempleado? HTTP/1.1" 200 8180
200.111.191.210 - - [07/Mar/2017:16:15:33 -0300] "GET /cormun/static/gxcfg.js?201612218544926 HTTP/1.1" 200 953
200.111.191.210 - - [07/Mar/2017:16:15:33 -0300] "GET /cormun/static/trconsultaempleado.js?201612218545140 HTTP/1.1" 200 15811
200.111.191.210 - - [07/Mar/2017:16:15:33 -0300] "GET /cormun//static/Resources/PXToolsActionView.png HTTP/1.1" 200 2995
200.111.191.210 - - [07/Mar/2017:16:15:34 -0300] "GET /cormun/servlet/hlogin HTTP/1.1" 200 1740
200.111.191.210 - - [07/Mar/2017:16:15:34 -0300] "GET /cormun/servlet/trconsultaempleado? HTTP/1.1" 200 8176
186.103.159.46 - - [07/Mar/2017:16:15:35 -0300] "POST /cormun/servlet/solicitudotadjuntos?gx-no-cache=1488914204873 HTTP/1.1" 200 26
200.111.191.210 - - [07/Mar/2017:16:15:43 -0300] "POST /cormun/servlet/hlogin?fb6a35cb7fdf5d187d211bb194492f42,gx-no-cache=1488914212449 HTTP/1.1" 200 90
200.111.191.210 - - [07/Mar/2017:16:15:43 -0300] "GET /cormun/servlet/hpexe_link HTTP/1.1" 200 962
200.111.191.210 - - [07/Mar/2017:16:15:44 -0300] "GET /cormun/servlet/trconsultaempleado HTTP/1.1" 200 8717
200.111.191.210 - - [07/Mar/2017:16:15:45 -0300] "GET /cormun//static/Resources/PXToolsActionView.png HTTP/1.1" 200 2995
200.111.191.210 - - [07/Mar/2017:16:15:45 -0300] "GET /cormun/servlet/trconsultaempleado HTTP/1.1" 200 8716
186.103.159.46 - - [07/Mar/2017:16:15:45 -0300] "GET /cormun/servlet/solicitudotadjuntos?9724817534274a6af91e5a181a0cd7702723dc7a70e16dcca2e062ee58170adc,gx-no-cache=1488914215307 HTTP/1.1" 200 30
186.103.159.46 - - [07/Mar/2017:16:15:45 -0300] "GET /cormun/servlet/solicitudotadjuntos?9724817534274a6af91e5a181a0cd7702723dc7a70e16dcca2e062ee58170adc,gx-no-cache=1488914215361 HTTP/1.1" 200 30
186.103.159.46 - - [07/Mar/2017:16:15:46 -0300] "POST /cormun/servlet/solicitudotadjuntos?86fd4dd603cc4581e07af5ced3c6735c,INS,2017,5284,,1, HTTP/1.1" 200 116
186.103.159.46 - - [07/Mar/2017:16:15:46 -0300] "GET /cormun/servlet/hpexe_return? HTTP/1.1" 200 1026
186.103.159.46 - - [07/Mar/2017:16:15:46 -0300] "GET /cormun/servlet/trsolicitudadjuntos?2017,5284, HTTP/1.1" 200 8711
186.103.159.46 - - [07/Mar/2017:16:15:48 -0300] "GET /cormun/servlet/trsolicitudadjuntos?2017,5284, HTTP/1.1" 200 8708
186.103.159.46 - - [07/Mar/2017:16:15:51 -0300] "GET /cormun/servlet/solicitudotadjuntos?INS,2017,5284,,1, HTTP/1.1" 200 5804
186.103.159.46 - - [07/Mar/2017:16:15:51 -0300] "GET /cormun/static/about:blank HTTP/1.1" 404 1011
200.111.191.210 - - [07/Mar/2017:16:15:52 -0300] "POST /cormun/servlet/trconsultaempleado?fb6a35cb7fdf5d187d211bb194492f42,gx-no-cache=1488914221267 HTTP/1.1" 200 3760
186.79.240.136 - - [07/Mar/2017:16:15:52 -0300] "POST /cormun/servlet/solicitudot?gx-no-cache=1488914223682 HTTP/1.1" 200 3147
186.103.159.46 - - [07/Mar/2017:16:15:52 -0300] "GET /cormun/servlet/solicitudotadjuntos?INS,2017,5284,,1, HTTP/1.1" 200 5797
186.103.159.46 - - [07/Mar/2017:16:15:53 -0300] "GET /cormun/servlet/solicitudotadjuntos?9724817534274a6af91e5a181a0cd770d047663c6fb0e682b7700574f301b04b9c081629032d4f4171a19bf7977ab1bb,gx-no-cache=1488914222757 HTTP/1.1" 200 30
186.103.159.46 - - [07/Mar/2017:16:15:53 -0300] "POST /cormun/servlet/solicitudotadjuntos?86fd4dd603cc4581e07af5ced3c6735c,INS,2017,5284,,1,,gx-no-cache=1488914222808 HTTP/1.1" 200 3670
186.79.240.136 - - [07/Mar/2017:16:15:53 -0300] "POST /cormun/servlet/solicitudot?8c97f5d640ca626d55b796d905badf08,INS,0,0,,gx-no-cache=1488914224156 HTTP/1.1" 200 9751
200.111.191.210 - - [07/Mar/2017:16:15:54 -0300] "GET /cormun/servlet/trsolicitudnombre?8459773, HTTP/1.1" 200 9037
200.111.191.210 - - [07/Mar/2017:16:15:54 -0300] "GET /cormun/static/gxcfg.js?20171191035873 HTTP/1.1" 200 953
200.111.191.210 - - [07/Mar/2017:16:15:54 -0300] "GET /cormun/static/trsolicitudnombre.js?201711910440 HTTP/1.1" 200 43570
200.111.191.210 - - [07/Mar/2017:16:15:54 -0300] "GET /cormun/servlet/trsolicitudnombre?8459773, HTTP/1.1" 200 9039
186.79.240.136 - - [07/Mar/2017:16:15:57 -0300] "GET /cormun/servlet/solicitudot?98b72282ab2691fd804b779bf7fa68aa06ef3aca1ca1d9c40e9c68e5c28ed72affa2c0aca6838d956920c7ffd241092d,gx-no-cache=1488914227940 HTTP/1.1" 200 30
186.79.240.136 - - [07/Mar/2017:16:15:58 -0300] "POST /cormun/servlet/solicitudot?gx-no-cache=1488914228845 HTTP/1.1" 200 255
186.79.240.136 - - [07/Mar/2017:16:15:58 -0300] "GET /cormun/servlet/solicitudot?98b72282ab2691fd804b779bf7fa68aa8bb8d7e4c59320d444634e3c38cf0e70bdd0c1eb79fdc5743e07c6f884bd2fbdbfe5d35db04f8bf1a1ced750b539e0c9157c4c6122fa610005e1466604136d8d76a5c8edb2de92dbd9d41717a00e5958997378c18744a3d2095fc6543231c0b86f9f69ecf43ab3eb2b0d580d3ec3f9bc94ef3fa8a983b454aad29834172365ccb35d3b6b643ad745f5bc40dea2ca9fd6a41e3918dd18fd4ad42ece7fd4912ad2965114b321470761ac492a7335c07ca504ac6b2e50f74ee392e88409e3f6e63c852642b66a919105a479c83035807ca27500323c62cbf0a15641bfa2adeea577b025c3875ac267c5ecbbb5a6768a6bbb71bf558d03bb458255e8661cec9e85b67f94a91f0cab0ae83e04d55661cda623c5932160f286f18093fa8ea0990fc8345963477e85b83eff5a4f4911c1df50058796e71091d3c3e5abd72521ed439a28a01d350c1aa48aa198fe3ea784ffa3a395348d9ba35dcd35e819efbefc22d3d299d742fd1d64c2cfd3c457052d761f19,gx-no-cache=1488914229895 HTTP/1.1" 200 30
186.103.159.46 - - [07/Mar/2017:16:15:59 -0300] "POST /cormun/servlet/solicitudotadjuntos?gx-no-cache=1488914228926 HTTP/1.1" 200 26
186.79.240.136 - - [07/Mar/2017:16:16:02 -0300] "POST /cormun/servlet/solicitudot?gx-no-cache=1488914233855 HTTP/1.1" 200 30
200.111.191.210 - - [07/Mar/2017:16:16:06 -0300] "GET /cormun/servlet/trconsultaempleado? HTTP/1.1" 200 6070
200.111.191.210 - - [07/Mar/2017:16:16:06 -0300] "GET /cormun/servlet/trconsultaempleado? HTTP/1.1" 200 6070
186.79.240.136 - - [07/Mar/2017:16:16:07 -0300] "POST /cormun/servlet/solicitudot?gx-no-cache=1488914238314 HTTP/1.1" 200 1291
186.79.240.136 - - [07/Mar/2017:16:16:07 -0300] "POST /cormun/servlet/solicitudot?gx-no-cache=1488914238508 HTTP/1.1" 200 38
186.103.159.46 - - [07/Mar/2017:16:16:25 -0300] "GET /cormun/servlet/solicitudotadjuntos?9724817534274a6af91e5a181a0cd7702723dc7a70e16dcca2e062ee58170adc,gx-no-cache=1488914255257 HTTP/1.1" 200 30
186.103.159.46 - - [07/Mar/2017:16:16:25 -0300] "GET /cormun/servlet/solicitudotadjuntos?9724817534274a6af91e5a181a0cd7702723dc7a70e16dcca2e062ee58170adc,gx-no-cache=1488914255324 HTTP/1.1" 200 30
186.103.159.46 - - [07/Mar/2017:16:16:27 -0300] "POST /cormun/servlet/solicitudotadjuntos?86fd4dd603cc4581e07af5ced3c6735c,INS,2017,5284,,1, HTTP/1.1" 200 116
186.103.159.46 - - [07/Mar/2017:16:16:27 -0300] "GET /cormun/servlet/hpexe_return? HTTP/1.1" 200 1026
186.103.159.46 - - [07/Mar/2017:16:16:27 -0300] "GET /cormun/servlet/trsolicitudadjuntos?2017,5284, HTTP/1.1" 200 8960
186.103.159.46 - - [07/Mar/2017:16:16:29 -0300] "GET /cormun/servlet/trsolicitudadjuntos?2017,5284, HTTP/1.1" 200 8958
186.103.159.46 - - [07/Mar/2017:16:16:33 -0300] "GET /cormun/servlet/solicitudotadjuntos?INS,2017,5284,,2, HTTP/1.1" 200 5801
186.103.159.46 - - [07/Mar/2017:16:16:33 -0300] "GET /cormun/static/about:blank HTTP/1.1" 404 1011
186.103.159.46 - - [07/Mar/2017:16:16:34 -0300] "GET /cormun/servlet/solicitudotadjuntos?INS,2017,5284,,2, HTTP/1.1" 200 5795
186.103.159.46 - - [07/Mar/2017:16:16:34 -0300] "GET /cormun/servlet/solicitudotadjuntos?9724817534274a6af91e5a181a0cd770d047663c6fb0e682b7700574f301b04b9c081629032d4f4171a19bf7977ab1bb,gx-no-cache=1488914264304 HTTP/1.1" 200 30
186.103.159.46 - - [07/Mar/2017:16:16:35 -0300] "POST /cormun/servlet/solicitudotadjuntos?86fd4dd603cc4581e07af5ced3c6735c,INS,2017,5284,,2,,gx-no-cache=1488914264366 HTTP/1.1" 200 3814
186.79.240.136 - - [07/Mar/2017:16:17:10 -0300] "GET /cormun/servlet/solicitudot?98b72282ab2691fd804b779bf7fa68aa244371b14d93329991d6cfa76c37e8eb5727f9de6ad9ca1dccafc47d5d62470d8a0388914bf1aa6d71a06d200aa0a97c197d3ffc940cfb1815a4ccf718d608be601db389684360057366d69f07edb705a0bfe229c13cc021748597b2ef144e5c0751346ad82ec2fd7496decc0af5afa50e6090e92b0a91ebd974d7484b350723459886675cb2c3504c194334edaca869,gx-no-cache=1488914302120 HTTP/1.1" 200 29
186.79.240.136 - - [07/Mar/2017:16:17:11 -0300] "POST /cormun/servlet/solicitudot?gx-no-cache=1488914302434 HTTP/1.1" 200 1275
186.79.240.136 - - [07/Mar/2017:16:17:11 -0300] "POST /cormun/servlet/solicitudot?gx-no-cache=1488914302757 HTTP/1.1" 200 1157
186.79.240.136 - - [07/Mar/2017:16:17:32 -0300] "GET /cormun/servlet/solicitudot?98b72282ab2691fd804b779bf7fa68aa2ef66442d1a019706c636381ad2e90df7e9c9902de74468855ae9c7edf7f5557e082111b97fac965eee798625166c0b20da10f63c05ca037b19b7d1c72bf813043ffb69470b723a6eb17c2296c3d264032b1a14bf09e01e4a953a5e5ecaa0bb090e345dbaeb897d6785562b8a57f050e024c7869e8bd6396688e63c637a65d998936b9bbdeb0893f79529e981a326462ee10463899d379292bd26e9d07307e1c,gx-no-cache=1488914324007 HTTP/1.1" 200 30
186.103.159.46 - - [07/Mar/2017:16:17:40 -0300] "POST /cormun/servlet/solicitudotadjuntos?86fd4dd603cc4581e07af5ced3c6735c,INS,2017,5284,,2,,gx-no-cache=1488914330120 HTTP/1.1" 200 93
186.103.159.46 - - [07/Mar/2017:16:17:41 -0300] "GET /cormun/servlet/hpexe_return? HTTP/1.1" 200 1026
186.103.159.46 - - [07/Mar/2017:16:17:41 -0300] "GET /cormun/servlet/trsolicitudadjuntos?2017,5284, HTTP/1.1" 200 8958
186.103.159.46 - - [07/Mar/2017:16:17:43 -0300] "GET /cormun/servlet/trsolicitudadjuntos?2017,5284, HTTP/1.1" 200 8956
186.103.159.46 - - [07/Mar/2017:16:17:51 -0300] "GET /cormun/servlet/trvisualizadoreventos? HTTP/1.1" 200 6523
186.103.159.46 - - [07/Mar/2017:16:17:52 -0300] "GET /cormun/servlet/trvisualizadoreventos? HTTP/1.1" 200 6511
186.103.159.46 - - [07/Mar/2017:16:17:56 -0300] "GET /cormun/servlet/trsolicitudot? HTTP/1.1" 200 8091
186.103.159.46 - - [07/Mar/2017:16:17:57 -0300] "GET /cormun/servlet/trsolicitudot? HTTP/1.1" 200 8091
186.79.240.136 - - [07/Mar/2017:16:17:59 -0300] "POST /cormun/servlet/solicitudot?8c97f5d640ca626d55b796d905badf08,INS,0,0,,gx-no-cache=1488914350174 HTTP/1.1" 200 93
186.79.240.136 - - [07/Mar/2017:16:17:59 -0300] "GET /cormun/servlet/hpexe_return? HTTP/1.1" 200 1007
186.79.240.136 - - [07/Mar/2017:16:17:59 -0300] "GET /cormun/servlet/trsolicitudot HTTP/1.1" 200 7988
186.79.240.136 - - [07/Mar/2017:16:18:00 -0300] "GET /cormun/servlet/trsolicitudot HTTP/1.1" 200 7984
186.79.240.136 - - [07/Mar/2017:16:18:06 -0300] "POST /cormun/servlet/trsolicitudot?8c97f5d640ca626d55b796d905badf08,gx-no-cache=1488914357220 HTTP/1.1" 200 4145
186.79.240.136 - - [07/Mar/2017:16:18:06 -0300] "GET /cormun/static/Shared/jqueryui/images/ui-bg_highlight-soft_100_c6c2c8_1x100.png HTTP/1.1" 404 1117
186.79.240.136 - - [07/Mar/2017:16:18:06 -0300] "GET /cormun/static/Shared/jqueryui/images/ui-icons_82798d_256x240.png HTTP/1.1" 404 1089
186.79.240.136 - - [07/Mar/2017:16:18:06 -0300] "GET /cormun/static/Shared/jqueryui/images/ui-bg_flat_55_fafafa_40x100.png HTTP/1.1" 404 1097
186.79.240.136 - - [07/Mar/2017:16:18:06 -0300] "GET /cormun/static/Shared/jqueryui/images/ui-icons_8d78a5_256x240.png HTTP/1.1" 404 1089
186.79.240.136 - - [07/Mar/2017:16:18:06 -0300] "POST /cormun/servlet/trsolicitudot?8c97f5d640ca626d55b796d905badf08,gx-no-cache=1488914357764 HTTP/1.1" 200 3932
186.103.159.46 - - [07/Mar/2017:16:18:18 -0300] "POST /cormun/servlet/trsolicitudot?86fd4dd603cc4581e07af5ced3c6735c,,gx-no-cache=1488914367947 HTTP/1.1" 200 4210
186.103.159.46 - - [07/Mar/2017:16:18:18 -0300] "GET /cormun/static/Shared/jqueryui/images/ui-bg_highlight-soft_100_c6c2c8_1x100.png HTTP/1.1" 404 1117
186.103.159.46 - - [07/Mar/2017:16:18:18 -0300] "GET /cormun/static/Shared/jqueryui/images/ui-icons_82798d_256x240.png HTTP/1.1" 404 1089
186.103.159.46 - - [07/Mar/2017:16:18:19 -0300] "GET /cormun/static/Shared/jqueryui/images/ui-bg_flat_55_fafafa_40x100.png HTTP/1.1" 404 1097
186.103.159.46 - - [07/Mar/2017:16:18:19 -0300] "GET /cormun/static/Shared/jqueryui/images/ui-icons_8d78a5_256x240.png HTTP/1.1" 404 1089
186.103.159.46 - - [07/Mar/2017:16:18:19 -0300] "POST /cormun/servlet/trsolicitudot?86fd4dd603cc4581e07af5ced3c6735c,,gx-no-cache=1488914368536 HTTP/1.1" 200 3932
192.168.10.96 - - [07/Mar/2017:16:18:28 -0300] "GET /cormun/servlet/vesolicitudnombre?2017,4898,,SolicitudOTAdjuntos HTTP/1.1" 200 10112
192.168.10.96 - - [07/Mar/2017:16:18:29 -0300] "GET /cormun/servlet/vesolicitudnombre?2017,4898,,SolicitudOTAdjuntos HTTP/1.1" 200 10114
192.168.10.96 - - [07/Mar/2017:16:18:29 -0300] "POST /cormun/servlet/acontrolpreferencessavestate?None,DZAMUDIO,true HTTP/1.1" 200 35
192.168.10.96 - - [07/Mar/2017:16:18:30 -0300] "GET /cormun/servlet/trconsultaempleado? HTTP/1.1" 200 6429
192.168.10.96 - - [07/Mar/2017:16:18:30 -0300] "GET /cormun/servlet/trconsultaempleado? HTTP/1.1" 200 6411
192.168.10.96 - - [07/Mar/2017:16:18:37 -0300] "POST /cormun/servlet/trconsultaempleado?dfa88bbb303ee573a73ae0d9643bc34f,,gx-no-cache=1488917602047 HTTP/1.1" 200 4131
192.168.10.96 - - [07/Mar/2017:16:18:39 -0300] "GET /cormun/servlet/trsolicitudnombre?14049430, HTTP/1.1" 200 7154
192.168.10.96 - - [07/Mar/2017:16:18:39 -0300] "GET /cormun/servlet/trsolicitudnombre?14049430, HTTP/1.1" 200 7154
192.168.10.96 - - [07/Mar/2017:16:18:41 -0300] "GET /cormun/servlet/vesolicitudnombre?2017,4837,, HTTP/1.1" 200 8358
192.168.10.96 - - [07/Mar/2017:16:18:41 -0300] "GET /cormun/pexe_scrolldiv.js HTTP/1.1" 404 1009
192.168.10.96 - - [07/Mar/2017:16:18:41 -0300] "GET /cormun/pexe_scrolldiv.js HTTP/1.1" 404 1009
192.168.10.96 - - [07/Mar/2017:16:18:41 -0300] "GET /cormun/servlet/vesolicitudnombre?2017,4837,, HTTP/1.1" 200 8352
192.168.10.96 - - [07/Mar/2017:16:18:45 -0300] "GET /cormun/servlet/vesolicitudnombre?2017,4837,,SolicitudOTAdjuntos HTTP/1.1" 200 10137
192.168.10.96 - - [07/Mar/2017:16:18:45 -0300] "GET /cormun/pexe_scrolldiv.js HTTP/1.1" 404 1009
192.168.10.96 - - [07/Mar/2017:16:18:45 -0300] "GET /cormun/pexe_scrolldiv.js HTTP/1.1" 404 1009
192.168.10.96 - - [07/Mar/2017:16:18:48 -0300] "POST /cormun/servlet/acontrolpreferencessavestate?None,DZAMUDIO,true HTTP/1.1" 200 35
192.168.10.96 - - [07/Mar/2017:16:18:49 -0300] "GET /cormun/servlet/vesolicitudnombre?2017,4837,,SolicitudOTAdjuntos HTTP/1.1" 200 10140
192.168.10.96 - - [07/Mar/2017:16:18:54 -0300] "GET /cormun/PublicTempStorage/c_ident_jcaburto3239586.docx HTTP/1.1" 200 3259246
186.79.240.136 - - [07/Mar/2017:16:19:09 -0300] "GET /cormun/servlet/solicitudot?INS,0,0, HTTP/1.1" 200 12570
186.79.240.136 - - [07/Mar/2017:16:19:10 -0300] "GET /cormun/servlet/solicitudot?INS,0,0, HTTP/1.1" 200 12575
186.79.240.136 - - [07/Mar/2017:16:19:30 -0300] "POST /cormun/servlet/solicitudot?gx-no-cache=1488914441792 HTTP/1.1" 200 3177
186.79.240.136 - - [07/Mar/2017:16:19:31 -0300] "POST /cormun/servlet/solicitudot?8c97f5d640ca626d55b796d905badf08,INS,0,0,,gx-no-cache=1488914442276 HTTP/1.1" 200 9775
186.79.240.136 - - [07/Mar/2017:16:19:40 -0300] "GET /cormun/servlet/solicitudot?98b72282ab2691fd804b779bf7fa68aae613309ae5d4c1afa86d930370cf1e69ffa2c0aca6838d956920c7ffd241092d,gx-no-cache=1488914451957 HTTP/1.1" 200 30
186.79.240.136 - - [07/Mar/2017:16:19:40 -0300] "POST /cormun/servlet/solicitudot?gx-no-cache=1488914452251 HTTP/1.1" 200 255
186.79.240.136 - - [07/Mar/2017:16:19:41 -0300] "GET /cormun/servlet/solicitudot?98b72282ab2691fd804b779bf7fa68aa8bb8d7e4c59320d444634e3c38cf0e70bdd0c1eb79fdc5743e07c6f884bd2fbdbfe5d35db04f8bf1a1ced750b539e0c9157c4c6122fa610005e1466604136d8d76a5c8edb2de92dbd9d41717a00e5958997378c18744a3d2095fc6543231c0b86f9f69ecf43ab3eb2b0d580d3ec3f9bc94ef3fa8a983b454aad29834172365ccb35d3b6b643ad745f5bc40dea2ca9fd6a41e3918dd18fd4ad42ece7fd4912ad2965114b321470761ac492a7335c07ca504ac6b2e50f74ee392e88409e3f6e63c852642b66a919105a479c83035807ca27500323c62cbf0a15641bfa2adeea577b025c3875ac267c5ecbbb5a6768a6bbb71bf558d03bb458255e8661cec9e85b67f94a91f0cab0ae83e04d55661cda623c5932160f286f18093fa8ea0990fc8345963477e85b83eff5a4f4911c1df50058796e71091d3c3e5abd72521ed439a28a01d350c1aa48aa198fe3ea784ffa3a395348d9ba35dcd35e819efbefc22d3d299d742fd1d64c2cfd3c457052d761f19,gx-no-cache=1488914452371 HTTP/1.1" 200 30
186.79.240.136 - - [07/Mar/2017:16:19:43 -0300] "POST /cormun/servlet/solicitudot?gx-no-cache=1488914454459 HTTP/1.1" 200 30
186.79.240.136 - - [07/Mar/2017:16:19:45 -0300] "POST /cormun/servlet/solicitudot?gx-no-cache=1488914457050 HTTP/1.1" 200 1291
186.79.240.136 - - [07/Mar/2017:16:19:45 -0300] "POST /cormun/servlet/solicitudot?gx-no-cache=1488914457221 HTTP/1.1" 200 38
186.103.159.46 - - [07/Mar/2017:16:20:02 -0300] "POST /cormun/servlet/hlogin?13a61b5e88694340b84fedd559fc429f,gx-no-cache=1488914471976 HTTP/1.1" 200 90
186.103.159.46 - - [07/Mar/2017:16:20:02 -0300] "GET /cormun/servlet/hpexe_link HTTP/1.1" 200 962
186.103.159.46 - - [07/Mar/2017:16:20:02 -0300] "GET /cormun/servlet/trsolicitudot? HTTP/1.1" 200 6968
186.103.159.46 - - [07/Mar/2017:16:20:04 -0300] "GET /cormun/servlet/trsolicitudot? HTTP/1.1" 200 6966
186.103.159.46 - - [07/Mar/2017:16:20:07 -0300] "GET /cormun/servlet/trautorizarsolicitud? HTTP/1.1" 200 8270
186.103.159.46 - - [07/Mar/2017:16:20:07 -0300] "GET /cormun/servlet/trautorizarsolicitud? HTTP/1.1" 200 8270
186.79.240.136 - - [07/Mar/2017:16:20:12 -0300] "GET /cormun/servlet/solicitudot?98b72282ab2691fd804b779bf7fa68aa244371b14d93329991d6cfa76c37e8eb5727f9de6ad9ca1dccafc47d5d62470d8a0388914bf1aa6d71a06d200aa0a97c197d3ffc940cfb1815a4ccf718d608be601db389684360057366d69f07edb705a0bfe229c13cc021748597b2ef144e5c0751346ad82ec2fd7496decc0af5afa50e6090e92b0a91ebd974d7484b350723459886675cb2c3504c194334edaca869,gx-no-cache=1488914484216 HTTP/1.1" 200 29
186.79.240.136 - - [07/Mar/2017:16:20:13 -0300] "POST /cormun/servlet/solicitudot?gx-no-cache=1488914484360 HTTP/1.1" 200 1275
186.79.240.136 - - [07/Mar/2017:16:20:13 -0300] "POST /cormun/servlet/solicitudot?gx-no-cache=1488914484579 HTTP/1.1" 200 1157
186.103.159.46 - - [07/Mar/2017:16:20:28 -0300] "POST /cormun/servlet/trautorizarsolicitud?13a61b5e88694340b84fedd559fc429f,,gx-no-cache=1488914497435 HTTP/1.1" 200 4368
186.103.159.46 - - [07/Mar/2017:16:20:28 -0300] "GET /cormun/static/Shared/jqueryui/images/ui-bg_highlight-soft_100_c6c2c8_1x100.png HTTP/1.1" 404 1117
186.103.159.46 - - [07/Mar/2017:16:20:28 -0300] "GET /cormun/static/Shared/jqueryui/images/ui-bg_flat_55_fafafa_40x100.png HTTP/1.1" 404 1097
186.103.159.46 - - [07/Mar/2017:16:20:28 -0300] "GET /cormun/static/Shared/jqueryui/images/ui-icons_82798d_256x240.png HTTP/1.1" 404 1089
186.103.159.46 - - [07/Mar/2017:16:20:28 -0300] "GET /cormun/static/Shared/jqueryui/images/ui-icons_8d78a5_256x240.png HTTP/1.1" 404 1089
186.103.159.46 - - [07/Mar/2017:16:20:28 -0300] "POST /cormun/servlet/trautorizarsolicitud?13a61b5e88694340b84fedd559fc429f,,gx-no-cache=1488914497751 HTTP/1.1" 200 4091
186.79.240.136 - - [07/Mar/2017:16:20:33 -0300] "GET /cormun/servlet/solicitudot?98b72282ab2691fd804b779bf7fa68aa0d68bc5dde75ea6630cb725ab714fcc65e602984e1910e5b9aa855cc3b3538afe082111b97fac965eee798625166c0b20da10f63c05ca037b19b7d1c72bf813043ffb69470b723a6eb17c2296c3d264032b1a14bf09e01e4a953a5e5ecaa0bb090e345dbaeb897d6785562b8a57f050e024c7869e8bd6396688e63c637a65d998936b9bbdeb0893f79529e981a326462ee10463899d379292bd26e9d07307e1c,gx-no-cache=1488914504963 HTTP/1.1" 200 30
192.168.10.96 - - [07/Mar/2017:16:20:58 -0300] "GET /cormun/PublicTempStorage/afp_jcaburto3363077.docx HTTP/1.1" 200 2029406
186.79.240.136 - - [07/Mar/2017:16:21:01 -0300] "POST /cormun/servlet/solicitudot?8c97f5d640ca626d55b796d905badf08,INS,0,0,,gx-no-cache=1488914532033 HTTP/1.1" 200 93
186.79.240.136 - - [07/Mar/2017:16:21:01 -0300] "GET /cormun/servlet/hpexe_return? HTTP/1.1" 200 1028
186.79.240.136 - - [07/Mar/2017:16:21:01 -0300] "GET /cormun/servlet/trsolicitudot?gx-no-cache=1488914357764 HTTP/1.1" 200 8000
186.79.240.136 - - [07/Mar/2017:16:21:02 -0300] "GET /cormun/servlet/trsolicitudot?gx-no-cache=1488914357764 HTTP/1.1" 200 8019
186.79.240.136 - - [07/Mar/2017:16:21:12 -0300] "POST /cormun/servlet/trsolicitudot?8c97f5d640ca626d55b796d905badf08,gx-no-cache=1488914357764,gx-no-cache=1488914543667 HTTP/1.1" 200 4149
186.79.240.136 - - [07/Mar/2017:16:21:12 -0300] "GET /cormun/static/Shared/jqueryui/images/ui-bg_highlight-soft_100_c6c2c8_1x100.png HTTP/1.1" 404 1117
186.79.240.136 - - [07/Mar/2017:16:21:12 -0300] "GET /cormun/static/Shared/jqueryui/images/ui-bg_flat_55_fafafa_40x100.png HTTP/1.1" 404 1097
186.79.240.136 - - [07/Mar/2017:16:21:12 -0300] "GET /cormun/static/Shared/jqueryui/images/ui-icons_82798d_256x240.png HTTP/1.1" 404 1089
186.79.240.136 - - [07/Mar/2017:16:21:12 -0300] "GET /cormun/static/Shared/jqueryui/images/ui-icons_8d78a5_256x240.png HTTP/1.1" 404 1089
186.79.240.136 - - [07/Mar/2017:16:21:13 -0300] "POST /cormun/servlet/trsolicitudot?8c97f5d640ca626d55b796d905badf08,gx-no-cache=1488914357764,gx-no-cache=1488914544197 HTTP/1.1" 200 3932
186.79.240.136 - - [07/Mar/2017:16:21:22 -0300] "GET /cormun/servlet/solicitudot?INS,0,0, HTTP/1.1" 200 12592
186.79.240.136 - - [07/Mar/2017:16:21:23 -0300] "GET /cormun/servlet/solicitudot?INS,0,0, HTTP/1.1" 200 12575
192.168.10.96 - - [07/Mar/2017:16:21:25 -0300] "GET /cormun/PublicTempStorage/afp_jcaburto3363077.docx HTTP/1.1" 206 1
192.168.10.96 - - [07/Mar/2017:16:21:25 -0300] "GET /cormun/PublicTempStorage/afp_jcaburto3363077.docx HTTP/1.1" 206 2028242
192.168.10.96 - - [07/Mar/2017:16:21:37 -0300] "GET /cormun/PublicTempStorage/fonasa9788724.docx HTTP/1.1" 200 2310824
192.168.10.96 - - [07/Mar/2017:16:22:09 -0300] "GET /cormun/PublicTempStorage/anecedentes_jcaburto2024303.docx HTTP/1.1" 200 3181004
192.168.10.89 - - [07/Mar/2017:16:22:45 -0300] "POST /cormun/servlet/trsolicitudgral?44fdf83669c6de1cb6452d41f7761d09,gx-no-cache=1488917849661 HTTP/1.1" 200 7934
192.168.10.96 - - [07/Mar/2017:16:22:48 -0300] "GET /cormun/PublicTempStorage/cv_jc_aburto1867762.docx HTTP/1.1" 200 6378835
192.168.10.89 - - [07/Mar/2017:16:22:49 -0300] "POST /cormun/servlet/trsolicitudgral?44fdf83669c6de1cb6452d41f7761d09,gx-no-cache=1488917853527 HTTP/1.1" 200 7820
192.168.10.96 - - [07/Mar/2017:16:23:27 -0300] "GET /cormun/PublicTempStorage/titulo6389262.docx HTTP/1.1" 200 6004139
40.77.167.94 - - [07/Mar/2017:16:28:27 -0300] "GET /cormun/servlet/solicitudot?UPD,2016,2672,&_escaped_fragment_= HTTP/1.1" 200 13478
186.79.240.136 - - [07/Mar/2017:16:28:49 -0300] "POST /cormun/servlet/solicitudot?gx-no-cache=1488915000719 HTTP/1.1" 200 3192
186.79.240.136 - - [07/Mar/2017:16:28:50 -0300] "POST /cormun/servlet/solicitudot?8c97f5d640ca626d55b796d905badf08,INS,0,0,,gx-no-cache=1488915001385 HTTP/1.1" 200 9815
186.79.240.136 - - [07/Mar/2017:16:28:55 -0300] "GET /cormun/servlet/solicitudot?98b72282ab2691fd804b779bf7fa68aa92056e50acbd3c2da8795b1c8f7bd1dc167e05e99a59837860857ca21c64796c,gx-no-cache=1488915006653 HTTP/1.1" 200 30
186.79.240.136 - - [07/Mar/2017:16:28:55 -0300] "POST /cormun/servlet/solicitudot?gx-no-cache=1488915006861 HTTP/1.1" 200 255
186.79.240.136 - - [07/Mar/2017:16:28:55 -0300] "GET /cormun/servlet/solicitudot?98b72282ab2691fd804b779bf7fa68aa8bb8d7e4c59320d444634e3c38cf0e70bdd0c1eb79fdc5743e07c6f884bd2fbdbfe5d35db04f8bf1a1ced750b539e0c9157c4c6122fa610005e1466604136d8d76a5c8edb2de92dbd9d41717a00e5958997378c18744a3d2095fc6543231c0b86f9f69ecf43ab3eb2b0d580d3ec3f9bc94ef3fa8a983b454aad29834172365ccb35d3b6b643ad745f5bc40dea2ca9fd6a41e3918dd18fd4ad42ece7fd4912ad2965114b321470761ac492a7335c07ca504ac6b2e50f74ee392e88409e3f6e63c852642b66a919105a479c83035807ca27500323c62cbf0a15641bfa2adeea577b025c3875ac267c5ecbbb5a6768a6bbb71bf558d03bb458255e8661cec9e85b67f94a91f0cab0ae83e04d55661cda623c5932160f286f18093fa8ea0990fc8345963477e85b83eff5a4f4911c1df50058796e71091d3c3e5abd72521ed439a28a01d350c1aa48aa198fe3ea784ffa3a395348d9ba35dcd35e819efbefc22d3d299d742fd1d64c2cfd3c457052d761f19,gx-no-cache=1488915007100 HTTP/1.1" 200 30
186.79.240.136 - - [07/Mar/2017:16:28:57 -0300] "POST /cormun/servlet/solicitudot?gx-no-cache=1488915009120 HTTP/1.1" 200 30
186.79.240.136 - - [07/Mar/2017:16:29:00 -0300] "POST /cormun/servlet/solicitudot?gx-no-cache=1488915011472 HTTP/1.1" 200 1291
186.79.240.136 - - [07/Mar/2017:16:29:00 -0300] "POST /cormun/servlet/solicitudot?gx-no-cache=1488915011767 HTTP/1.1" 200 38
186.79.240.136 - - [07/Mar/2017:16:29:30 -0300] "GET /cormun/servlet/solicitudot?98b72282ab2691fd804b779bf7fa68aa244371b14d93329991d6cfa76c37e8eb5727f9de6ad9ca1dccafc47d5d62470d8a0388914bf1aa6d71a06d200aa0a97c197d3ffc940cfb1815a4ccf718d608be601db389684360057366d69f07edb705a0bfe229c13cc021748597b2ef144e5c0751346ad82ec2fd7496decc0af5afa50e6090e92b0a91ebd974d7484b350723459886675cb2c3504c194334edaca869,gx-no-cache=1488915041769 HTTP/1.1" 200 29
186.79.240.136 - - [07/Mar/2017:16:29:30 -0300] "POST /cormun/servlet/solicitudot?gx-no-cache=1488915041889 HTTP/1.1" 200 1275
186.79.240.136 - - [07/Mar/2017:16:29:30 -0300] "POST /cormun/servlet/solicitudot?gx-no-cache=1488915042114 HTTP/1.1" 200 1157
192.168.10.96 - - [07/Mar/2017:16:29:35 -0300] "GET /cormun/servlet/trconsultaempleado? HTTP/1.1" 200 6423
192.168.10.96 - - [07/Mar/2017:16:29:36 -0300] "GET /cormun/servlet/trconsultaempleado? HTTP/1.1" 200 6406
192.168.10.96 - - [07/Mar/2017:16:29:44 -0300] "POST /cormun/servlet/trconsultaempleado?dfa88bbb303ee573a73ae0d9643bc34f,,gx-no-cache=1488918268774 HTTP/1.1" 200 4140
192.168.10.96 - - [07/Mar/2017:16:29:46 -0300] "GET /cormun/servlet/trsolicitudnombre?14051559, HTTP/1.1" 200 7690
192.168.10.96 - - [07/Mar/2017:16:29:46 -0300] "GET /cormun/servlet/trsolicitudnombre?14051559, HTTP/1.1" 200 7693
192.168.10.96 - - [07/Mar/2017:16:29:52 -0300] "GET /cormun/servlet/vesolicitudnombre?2017,4911,, HTTP/1.1" 200 8376
192.168.10.96 - - [07/Mar/2017:16:29:52 -0300] "GET /cormun/pexe_scrolldiv.js HTTP/1.1" 404 1009
192.168.10.96 - - [07/Mar/2017:16:29:52 -0300] "GET /cormun/servlet/vesolicitudnombre?2017,4911,, HTTP/1.1" 200 8370
186.79.240.136 - - [07/Mar/2017:16:29:54 -0300] "GET /cormun/servlet/solicitudot?98b72282ab2691fd804b779bf7fa68aaaa798e9b0b16de58a4a82ba8ebf3e8c26909c6f9e96d43ab21ff9aa5d33d24eef2186d3b93f240a851fc9a43cc61daf4d4cc61419be12e7eef91f7610f8511f2c443b1bc44e1bc577714047c6f221bacaa9a1c6a6c0770bcbad776157cea07390e7b8d729e370731773e597d685284f2c4e686310d069a341af0554d2642083ef7ccd5e56d9f839c711a5d3e8e90d403551ec9987b4ae8e7d35027122c25a844,gx-no-cache=1488915065550 HTTP/1.1" 200 30
192.168.10.96 - - [07/Mar/2017:16:29:54 -0300] "GET /cormun/servlet/vesolicitudnombre?2017,4911,,SolicitudOTAdjuntos HTTP/1.1" 200 10102
192.168.10.96 - - [07/Mar/2017:16:29:54 -0300] "GET /cormun/pexe_scrolldiv.js HTTP/1.1" 404 1009
192.168.10.96 - - [07/Mar/2017:16:29:54 -0300] "GET /cormun/pexe_scrolldiv.js HTTP/1.1" 404 1009
192.168.10.96 - - [07/Mar/2017:16:29:55 -0300] "GET /cormun/servlet/vesolicitudnombre?2017,4911,,SolicitudOTAdjuntos HTTP/1.1" 200 10102
192.168.10.96 - - [07/Mar/2017:16:29:55 -0300] "POST /cormun/servlet/acontrolpreferencessavestate?None,DZAMUDIO,true HTTP/1.1" 200 35
192.168.10.96 - - [07/Mar/2017:16:29:56 -0300] "GET /cormun/PublicTempStorage/cci28022017_00247504633.jpg HTTP/1.1" 200 444750
186.79.240.136 - - [07/Mar/2017:16:30:40 -0300] "POST /cormun/servlet/solicitudot?8c97f5d640ca626d55b796d905badf08,INS,0,0,,gx-no-cache=1488915111697 HTTP/1.1" 200 93
186.79.240.136 - - [07/Mar/2017:16:30:40 -0300] "GET /cormun/servlet/hpexe_return? HTTP/1.1" 200 1028
186.79.240.136 - - [07/Mar/2017:16:30:41 -0300] "GET /cormun/servlet/trsolicitudot?gx-no-cache=1488914357764 HTTP/1.1" 200 8000
186.79.240.136 - - [07/Mar/2017:16:30:42 -0300] "GET /cormun/servlet/trsolicitudot?gx-no-cache=1488914357764 HTTP/1.1" 200 8019
192.168.10.96 - - [07/Mar/2017:16:30:44 -0300] "GET /cormun/servlet/vesolicitudnombre?2017,4911,,SolicitudOTAdjuntos HTTP/1.1" 200 10102
192.168.10.96 - - [07/Mar/2017:16:30:45 -0300] "GET /cormun/servlet/vesolicitudnombre?2017,4911,,SolicitudOTAdjuntos HTTP/1.1" 200 10103
192.168.10.96 - - [07/Mar/2017:16:30:46 -0300] "POST /cormun/servlet/acontrolpreferencessavestate?None,DZAMUDIO,true HTTP/1.1" 200 35
192.168.10.96 - - [07/Mar/2017:16:30:46 -0300] "GET /cormun/PublicTempStorage/cci28022017_00273786979.jpg HTTP/1.1" 200 311796
186.79.240.136 - - [07/Mar/2017:16:30:48 -0300] "POST /cormun/servlet/trsolicitudot?8c97f5d640ca626d55b796d905badf08,gx-no-cache=1488914357764,gx-no-cache=1488915119669 HTTP/1.1" 200 4157
186.79.240.136 - - [07/Mar/2017:16:30:48 -0300] "GET /cormun/static/Shared/jqueryui/images/ui-bg_highlight-soft_100_c6c2c8_1x100.png HTTP/1.1" 404 1117
186.79.240.136 - - [07/Mar/2017:16:30:48 -0300] "GET /cormun/static/Shared/jqueryui/images/ui-bg_flat_55_fafafa_40x100.png HTTP/1.1" 404 1097
186.79.240.136 - - [07/Mar/2017:16:30:48 -0300] "GET /cormun/static/Shared/jqueryui/images/ui-icons_8d78a5_256x240.png HTTP/1.1" 404 1089
186.79.240.136 - - [07/Mar/2017:16:30:48 -0300] "GET /cormun/static/Shared/jqueryui/images/ui-icons_82798d_256x240.png HTTP/1.1" 404 1089
186.79.240.136 - - [07/Mar/2017:16:30:49 -0300] "POST /cormun/servlet/trsolicitudot?8c97f5d640ca626d55b796d905badf08,gx-no-cache=1488914357764,gx-no-cache=1488915120247 HTTP/1.1" 200 3932
186.79.240.136 - - [07/Mar/2017:16:30:59 -0300] "GET /cormun/servlet/solicitudot?INS,0,0, HTTP/1.1" 200 12592
192.168.10.96 - - [07/Mar/2017:16:30:59 -0300] "GET /cormun/servlet/vesolicitudnombre?2017,4911,,SolicitudOTAdjuntos HTTP/1.1" 200 10104
186.79.240.136 - - [07/Mar/2017:16:30:59 -0300] "GET /cormun/servlet/solicitudot?INS,0,0, HTTP/1.1" 200 12575
192.168.10.96 - - [07/Mar/2017:16:31:00 -0300] "GET /cormun/servlet/vesolicitudnombre?2017,4911,,SolicitudOTAdjuntos HTTP/1.1" 200 10104
192.168.10.96 - - [07/Mar/2017:16:31:01 -0300] "POST /cormun/servlet/acontrolpreferencessavestate?None,DZAMUDIO,true HTTP/1.1" 200 35
192.168.10.96 - - [07/Mar/2017:16:31:01 -0300] "GET /cormun/PublicTempStorage/cci28022017_00263291839.jpg HTTP/1.1" 200 373654
192.168.10.96 - - [07/Mar/2017:16:31:07 -0300] "GET /cormun/servlet/vesolicitudnombre?2017,4911,,SolicitudOTAdjuntos HTTP/1.1" 200 10104
192.168.10.96 - - [07/Mar/2017:16:31:07 -0300] "GET /cormun/servlet/vesolicitudnombre?2017,4911,,SolicitudOTAdjuntos HTTP/1.1" 200 10105
192.168.10.96 - - [07/Mar/2017:16:31:08 -0300] "POST /cormun/servlet/acontrolpreferencessavestate?None,DZAMUDIO,true HTTP/1.1" 200 35
192.168.10.96 - - [07/Mar/2017:16:31:12 -0300] "GET /cormun/PublicTempStorage/cci28022017_00251664517.jpg HTTP/1.1" 200 692562
192.168.10.96 - - [07/Mar/2017:16:31:17 -0300] "GET /cormun/servlet/vesolicitudnombre?2017,4911,,SolicitudOTAdjuntos HTTP/1.1" 200 10103
192.168.10.96 - - [07/Mar/2017:16:31:18 -0300] "GET /cormun/servlet/vesolicitudnombre?2017,4911,,SolicitudOTAdjuntos HTTP/1.1" 200 10104
192.168.10.96 - - [07/Mar/2017:16:31:19 -0300] "POST /cormun/servlet/acontrolpreferencessavestate?None,DZAMUDIO,true HTTP/1.1" 200 35
192.168.10.96 - - [07/Mar/2017:16:31:28 -0300] "GET /cormun/PublicTempStorage/cci28022017_00253435646.jpg HTTP/1.1" 200 692562
192.168.10.96 - - [07/Mar/2017:16:31:36 -0300] "GET /cormun/servlet/vesolicitudnombre?2017,4911,,SolicitudOTAdjuntos HTTP/1.1" 200 10104
192.168.10.96 - - [07/Mar/2017:16:31:37 -0300] "GET /cormun/servlet/vesolicitudnombre?2017,4911,,SolicitudOTAdjuntos HTTP/1.1" 200 10103
192.168.10.96 - - [07/Mar/2017:16:31:38 -0300] "POST /cormun/servlet/acontrolpreferencessavestate?None,DZAMUDIO,true HTTP/1.1" 200 35
192.168.10.96 - - [07/Mar/2017:16:31:39 -0300] "GET /cormun/PublicTempStorage/cci28022017_00226149143.jpg HTTP/1.1" 200 495571
192.168.10.96 - - [07/Mar/2017:16:31:47 -0300] "GET /cormun/servlet/vesolicitudnombre?2017,4911,,SolicitudOTAdjuntos HTTP/1.1" 200 10101
192.168.10.96 - - [07/Mar/2017:16:31:48 -0300] "GET /cormun/servlet/vesolicitudnombre?2017,4911,,SolicitudOTAdjuntos HTTP/1.1" 200 10104
192.168.10.96 - - [07/Mar/2017:16:31:48 -0300] "POST /cormun/servlet/acontrolpreferencessavestate?None,DZAMUDIO,true HTTP/1.1" 200 35
192.168.10.96 - - [07/Mar/2017:16:31:51 -0300] "GET /cormun/PublicTempStorage/cci28022017_0023319914.jpg HTTP/1.1" 200 504096
192.168.10.96 - - [07/Mar/2017:16:33:04 -0300] "GET /cormun/servlet/vesolicitudnombre?2017,4911,,SolicitudOTAdjuntos HTTP/1.1" 200 10104
192.168.10.96 - - [07/Mar/2017:16:33:05 -0300] "GET /cormun/servlet/vesolicitudnombre?2017,4911,,SolicitudOTAdjuntos HTTP/1.1" 200 10104
192.168.10.96 - - [07/Mar/2017:16:33:06 -0300] "POST /cormun/servlet/acontrolpreferencessavestate?None,DZAMUDIO,true HTTP/1.1" 200 35
200.112.6.127 - - [07/Mar/2017:16:33:59 -0300] "GET /cormun/servlet/hlogin HTTP/1.1" 200 1715
200.112.6.127 - - [07/Mar/2017:16:34:00 -0300] "GET /cormun/static/Resources/Spanish/PXTools.css?167811 HTTP/1.1" 304 -
200.112.6.127 - - [07/Mar/2017:16:34:00 -0300] "GET /cormun/static/gxtimezone.js?85251 HTTP/1.1" 304 -
200.112.6.127 - - [07/Mar/2017:16:34:00 -0300] "GET /cormun/static/gxgral.js?85251 HTTP/1.1" 304 -
200.112.6.127 - - [07/Mar/2017:16:34:00 -0300] "GET /cormun/static/gxcfg.js?201612216162538 HTTP/1.1" 304 -
200.112.6.127 - - [07/Mar/2017:16:34:00 -0300] "GET /cormun/static/Resources/ComunLogin.png HTTP/1.1" 304 -
200.112.6.127 - - [07/Mar/2017:16:34:00 -0300] "GET /cormun/static/messages.spa.js?85251 HTTP/1.1" 304 -
200.112.6.127 - - [07/Mar/2017:16:34:00 -0300] "GET /cormun/static/hlogin.js?201612216162555 HTTP/1.1" 304 -
200.112.6.127 - - [07/Mar/2017:16:34:00 -0300] "GET /cormun/servlet/hlogin HTTP/1.1" 200 1725
200.112.6.127 - - [07/Mar/2017:16:34:00 -0300] "GET /cormun/static/Resources/indicator.gif HTTP/1.1" 304 -
200.112.6.127 - - [07/Mar/2017:16:34:00 -0300] "GET /cormun/static/Resources/PXToolsLoginBackground.png HTTP/1.1" 304 -
200.112.6.127 - - [07/Mar/2017:16:34:00 -0300] "GET /cormun/static/Resources/PXToolsButtonBackground2.png HTTP/1.1" 304 -
200.112.6.127 - - [07/Mar/2017:16:34:00 -0300] "GET /cormun/static/Resources/PXToolsButtonRight21.png HTTP/1.1" 304 -
200.112.6.127 - - [07/Mar/2017:16:34:00 -0300] "GET /cormun/static/Resources/PXToolsLoginTop.png HTTP/1.1" 304 -
200.112.6.127 - - [07/Mar/2017:16:34:00 -0300] "GET /cormun/static/Resources/PXToolsButtonLeft21.png HTTP/1.1" 304 -
200.112.6.127 - - [07/Mar/2017:16:34:00 -0300] "GET /cormun/static/Resources/PXToolsLoginBottom.png HTTP/1.1" 304 -
186.79.240.136 - - [07/Mar/2017:16:34:03 -0300] "POST /cormun/servlet/solicitudot?gx-no-cache=1488915314743 HTTP/1.1" 200 3179
186.79.240.136 - - [07/Mar/2017:16:34:04 -0300] "POST /cormun/servlet/solicitudot?8c97f5d640ca626d55b796d905badf08,INS,0,0,,gx-no-cache=1488915315338 HTTP/1.1" 200 9803
200.112.6.127 - - [07/Mar/2017:16:34:11 -0300] "POST /cormun/servlet/hlogin?0e6f281bd1ed4f5d9c3d56771228f7fb,gx-no-cache=1488915320735 HTTP/1.1" 200 90
200.112.6.127 - - [07/Mar/2017:16:34:11 -0300] "GET /cormun/servlet/hpexe_link HTTP/1.1" 200 950
200.112.6.127 - - [07/Mar/2017:16:34:11 -0300] "GET /cormun/servlet/hhome HTTP/1.1" 200 3971
200.112.6.127 - - [07/Mar/2017:16:34:14 -0300] "GET /cormun/servlet/trsolicitudot? HTTP/1.1" 200 6946
200.112.6.127 - - [07/Mar/2017:16:34:17 -0300] "GET /cormun/servlet/solicitudot?INS,0,0, HTTP/1.1" 200 12773
200.112.6.127 - - [07/Mar/2017:16:34:28 -0300] "POST /cormun/servlet/solicitudot?gx-no-cache=1488915338218 HTTP/1.1" 200 3155
200.112.6.127 - - [07/Mar/2017:16:34:29 -0300] "POST /cormun/servlet/solicitudot?0e6f281bd1ed4f5d9c3d56771228f7fb,INS,0,0,,gx-no-cache=1488915338719 HTTP/1.1" 200 9916
200.112.6.127 - - [07/Mar/2017:16:34:33 -0300] "GET /cormun/servlet/solicitudot?efb86abf51830df792c057940d8718a42188c6ad46c3002cfe6349b9703fc241c44ae41ca92f42581b86cb667c4a0547,gx-no-cache=1488915342658 HTTP/1.1" 200 30
200.112.6.127 - - [07/Mar/2017:16:34:33 -0300] "POST /cormun/servlet/solicitudot?gx-no-cache=1488915342741 HTTP/1.1" 200 240
200.112.6.127 - - [07/Mar/2017:16:34:33 -0300] "GET /cormun/servlet/solicitudot?efb86abf51830df792c057940d8718a4046957f453051b09d730fc23d3c8aeca520714fe355859e707c6a6dae1abf0edb18e7fa1ba68e597487e38da0860b74bc50648e0bc2393a149e5e00cac7274b96fa74678c18fc923f12d5724c71df53b4d8a141841bc392186a3b4be5de95692ce7f3f8534afdd9a394f04c7b28c1bd8125fb1d4ad0a3909709c9e400b1830688af1d907370ed4a36b0673097860a95c4396ebff61ede2702b5e8808ee9800ef619d0c152647e5253b8d4d7a950d91c1bc5633f94c865b99adb1d41925fc4ba2cdd32891f8452d4730b74d44d5dc570cd5ee3e25774bd8eb3b49452984c759dbd38cd5f4a752594003e36173ef9f6fed365ea4aabb8d9369d4fd3afc446331cd0d11a3d315378a688c7ce8fd8fa8f6cdbe24f31ccf96bedc2235612965af6f0745279bee481511b28601677da902ce40fd2c8a7314adc45188bf730b414478c90c1ca6333b3c16b6bea7592c6ff1aef9fda6cfbe54e745020def90e9e52de4cefbff5ca08c68752b7de876a554770c8e,gx-no-cache=1488915342839 HTTP/1.1" 200 30
200.112.6.127 - - [07/Mar/2017:16:34:34 -0300] "POST /cormun/servlet/solicitudot?gx-no-cache=1488915344288 HTTP/1.1" 200 30
200.112.6.127 - - [07/Mar/2017:16:34:39 -0300] "POST /cormun/servlet/solicitudot?gx-no-cache=1488915349456 HTTP/1.1" 200 235
200.112.6.127 - - [07/Mar/2017:16:34:39 -0300] "POST /cormun/servlet/solicitudot?gx-no-cache=1488915349580 HTTP/1.1" 200 38
186.79.240.136 - - [07/Mar/2017:16:34:57 -0300] "GET /cormun/servlet/solicitudot?98b72282ab2691fd804b779bf7fa68aa007aaf0fd674282811dd3b0a51151ffdffa2c0aca6838d956920c7ffd241092d,gx-no-cache=1488915369141 HTTP/1.1" 200 30
186.79.240.136 - - [07/Mar/2017:16:34:57 -0300] "POST /cormun/servlet/solicitudot?gx-no-cache=1488915369271 HTTP/1.1" 200 255
186.79.240.136 - - [07/Mar/2017:16:34:58 -0300] "GET /cormun/servlet/solicitudot?98b72282ab2691fd804b779bf7fa68aa8bb8d7e4c59320d444634e3c38cf0e70bdd0c1eb79fdc5743e07c6f884bd2fbdbfe5d35db04f8bf1a1ced750b539e0c9157c4c6122fa610005e1466604136d8d76a5c8edb2de92dbd9d41717a00e5958997378c18744a3d2095fc6543231c0b86f9f69ecf43ab3eb2b0d580d3ec3f9bc94ef3fa8a983b454aad29834172365ccb35d3b6b643ad745f5bc40dea2ca9fd6a41e3918dd18fd4ad42ece7fd4912ad2965114b321470761ac492a7335c07ca504ac6b2e50f74ee392e88409e3f6e63c852642b66a919105a479c83035807ca27500323c62cbf0a15641bfa2adeea577b025c3875ac267c5ecbbb5a6768a6bbb71bf558d03bb458255e8661cec9e85b67f94a91f0cab0ae83e04d55661cda623c5932160f286f18093fa8ea0990fc8345963477e85b83eff5a4f4911c1df50058796e71091d3c3e5abd72521ed439a28a01d350c1aa48aa198fe3ea784ffa3a395348d9ba35dcd35e819efbefc22d3d299d742fd1d64c2cfd3c457052d761f19,gx-no-cache=1488915369378 HTTP/1.1" 200 30
186.79.240.136 - - [07/Mar/2017:16:35:00 -0300] "POST /cormun/servlet/solicitudot?gx-no-cache=1488915371469 HTTP/1.1" 200 30
186.79.240.136 - - [07/Mar/2017:16:35:03 -0300] "POST /cormun/servlet/solicitudot?gx-no-cache=1488915374524 HTTP/1.1" 200 1291
186.79.240.136 - - [07/Mar/2017:16:35:03 -0300] "POST /cormun/servlet/solicitudot?gx-no-cache=1488915374705 HTTP/1.1" 200 38
186.79.240.136 - - [07/Mar/2017:16:35:28 -0300] "GET /cormun/servlet/solicitudot?98b72282ab2691fd804b779bf7fa68aa244371b14d93329991d6cfa76c37e8eb5727f9de6ad9ca1dccafc47d5d62470d8a0388914bf1aa6d71a06d200aa0a97c197d3ffc940cfb1815a4ccf718d608be601db389684360057366d69f07edb705a0bfe229c13cc021748597b2ef144e5c0751346ad82ec2fd7496decc0af5afa50e6090e92b0a91ebd974d7484b350723459886675cb2c3504c194334edaca869,gx-no-cache=1488915399864 HTTP/1.1" 200 29
186.79.240.136 - - [07/Mar/2017:16:35:28 -0300] "POST /cormun/servlet/solicitudot?gx-no-cache=1488915399976 HTTP/1.1" 200 1275
186.79.240.136 - - [07/Mar/2017:16:35:28 -0300] "POST /cormun/servlet/solicitudot?gx-no-cache=1488915400179 HTTP/1.1" 200 1157
186.79.240.136 - - [07/Mar/2017:16:35:56 -0300] "GET /cormun/servlet/solicitudot?98b72282ab2691fd804b779bf7fa68aa19ce9089cdd343c1a0513d1cd326d0433df7b8119a02cb7dff7558109bf35aace082111b97fac965eee798625166c0b20da10f63c05ca037b19b7d1c72bf813043ffb69470b723a6eb17c2296c3d264032b1a14bf09e01e4a953a5e5ecaa0bb090e345dbaeb897d6785562b8a57f050e024c7869e8bd6396688e63c637a65d998936b9bbdeb0893f79529e981a326462ee10463899d379292bd26e9d07307e1c,gx-no-cache=1488915428171 HTTP/1.1" 200 30
186.79.240.136 - - [07/Mar/2017:16:36:22 -0300] "POST /cormun/servlet/solicitudot?8c97f5d640ca626d55b796d905badf08,INS,0,0,,gx-no-cache=1488915453713 HTTP/1.1" 200 93
186.79.240.136 - - [07/Mar/2017:16:36:22 -0300] "GET /cormun/servlet/hpexe_return? HTTP/1.1" 200 1028
186.79.240.136 - - [07/Mar/2017:16:36:23 -0300] "GET /cormun/servlet/trsolicitudot?gx-no-cache=1488914357764 HTTP/1.1" 200 8007
186.79.240.136 - - [07/Mar/2017:16:36:24 -0300] "GET /cormun/servlet/trsolicitudot?gx-no-cache=1488914357764 HTTP/1.1" 200 8026
200.111.191.210 - - [07/Mar/2017:16:36:26 -0300] "GET /cormun/servlet/hlogin HTTP/1.1" 200 1740
186.79.240.136 - - [07/Mar/2017:16:36:27 -0300] "POST /cormun/servlet/trsolicitudot?8c97f5d640ca626d55b796d905badf08,gx-no-cache=1488914357764,gx-no-cache=1488915458631 HTTP/1.1" 200 4160
186.79.240.136 - - [07/Mar/2017:16:36:27 -0300] "GET /cormun/static/Shared/jqueryui/images/ui-bg_highlight-soft_100_c6c2c8_1x100.png HTTP/1.1" 404 1117
186.79.240.136 - - [07/Mar/2017:16:36:27 -0300] "GET /cormun/static/Shared/jqueryui/images/ui-icons_8d78a5_256x240.png HTTP/1.1" 404 1089
186.79.240.136 - - [07/Mar/2017:16:36:27 -0300] "GET /cormun/static/Shared/jqueryui/images/ui-icons_82798d_256x240.png HTTP/1.1" 404 1089
186.79.240.136 - - [07/Mar/2017:16:36:27 -0300] "GET /cormun/static/Shared/jqueryui/images/ui-bg_flat_55_fafafa_40x100.png HTTP/1.1" 404 1097
186.79.240.136 - - [07/Mar/2017:16:36:28 -0300] "POST /cormun/servlet/trsolicitudot?8c97f5d640ca626d55b796d905badf08,gx-no-cache=1488914357764,gx-no-cache=1488915459148 HTTP/1.1" 200 3932
200.111.191.210 - - [07/Mar/2017:16:36:35 -0300] "POST /cormun/servlet/hlogin?fb6a35cb7fdf5d187d211bb194492f42,gx-no-cache=1488915464452 HTTP/1.1" 200 90
200.111.191.210 - - [07/Mar/2017:16:36:35 -0300] "GET /cormun/servlet/hpexe_link HTTP/1.1" 200 962
200.111.191.210 - - [07/Mar/2017:16:36:35 -0300] "GET /cormun/servlet/trconsultaempleado HTTP/1.1" 200 6071
200.111.191.210 - - [07/Mar/2017:16:36:36 -0300] "GET /cormun/servlet/trconsultaempleado HTTP/1.1" 200 6070
186.79.240.136 - - [07/Mar/2017:16:36:37 -0300] "GET /cormun/servlet/solicitudot?INS,0,0, HTTP/1.1" 200 12592
186.79.240.136 - - [07/Mar/2017:16:36:38 -0300] "GET /cormun/servlet/solicitudot?INS,0,0, HTTP/1.1" 200 12575
200.111.191.210 - - [07/Mar/2017:16:36:39 -0300] "GET /cormun/servlet/trsolicitudgral? HTTP/1.1" 200 23981
200.111.191.210 - - [07/Mar/2017:16:36:41 -0300] "GET /cormun/servlet/trsolicitudgral? HTTP/1.1" 200 23980
200.111.191.210 - - [07/Mar/2017:16:36:43 -0300] "GET /cormun/static/menuarrow.gif HTTP/1.1" 404 1015
200.111.191.210 - - [07/Mar/2017:16:36:52 -0300] "POST /cormun/servlet/trsolicitudgral?fb6a35cb7fdf5d187d211bb194492f42,,gx-no-cache=1488915481514 HTTP/1.1" 200 7261
200.111.191.210 - - [07/Mar/2017:16:37:45 -0300] "GET /cormun/servlet/hlogin HTTP/1.1" 200 1739
186.79.240.136 - - [07/Mar/2017:16:37:49 -0300] "POST /cormun/servlet/solicitudot?gx-no-cache=1488915540117 HTTP/1.1" 200 3185
186.79.240.136 - - [07/Mar/2017:16:37:49 -0300] "POST /cormun/servlet/solicitudot?8c97f5d640ca626d55b796d905badf08,INS,0,0,,gx-no-cache=1488915540662 HTTP/1.1" 200 9808
186.79.240.136 - - [07/Mar/2017:16:37:53 -0300] "GET /cormun/servlet/solicitudot?98b72282ab2691fd804b779bf7fa68aa86486f0b35b0cdf9e83a6725138777aaffa2c0aca6838d956920c7ffd241092d,gx-no-cache=1488915544646 HTTP/1.1" 200 30
186.79.240.136 - - [07/Mar/2017:16:37:53 -0300] "POST /cormun/servlet/solicitudot?gx-no-cache=1488915544763 HTTP/1.1" 200 255
