186.103.159.204 - - [07/Mar/2017:18:29:35 -0300] "POST /cormun/servlet/solicitudot?gx-no-cache=1488922243645 HTTP/1.1" 200 117
186.103.159.204 - - [07/Mar/2017:18:29:35 -0300] "GET /cormun/servlet/solicitudot?2093e12709119af0a5abaef501a9f5215dab80262ea092e5496a212ed5b20bfc71f759b2cc77124978ee140c501a3563362a7b974a38d555a6231a1f75fdf1cf6e9e902eb96796bc4e43f3bdaf39d2e1aff438c3ef2f772313a66fb4696333cfe44035bd2be4acb28fb0338c2e257c98,gx-no-cache=1488922243814 HTTP/1.1" 200 29
186.103.159.204 - - [07/Mar/2017:18:29:35 -0300] "GET /cormun/servlet/solicitudot?2093e12709119af0a5abaef501a9f521634a111038067d4030b357909d87e60f3d1ba52be0f5586038aeedfbedf5a1c54ee6866223fb9dcb63f7148b3c0cd3be5f936abec79fb11df4748b501998809b64efed93e4cadd8dbbccbe9ac3f48a6f24aaabdc04ee403e801cf225c59a8ea40bcdf676041b7947fb102d83a0d3a58daa0db16f345c764237d13d2f864ca9f9c62fb5bcc61bb3233a25420bfb60a444,gx-no-cache=1488922244072 HTTP/1.1" 200 57
186.103.159.204 - - [07/Mar/2017:18:29:35 -0300] "GET /cormun/servlet/solicitudot?2093e12709119af0a5abaef501a9f5216585e17ed5cfe39a6b755800a258353a3d1ba52be0f5586038aeedfbedf5a1c54ee6866223fb9dcb63f7148b3c0cd3be36a706cd931742afc69a957105bfbc493d20a40b9e9b4351d84f710a5760e29c4c4c2372502b2ccdc6d16df3082b0b26e2ebf39fbfdc82745755fdbef5f68aec,gx-no-cache=1488922244192 HTTP/1.1" 200 57
186.103.159.204 - - [07/Mar/2017:18:30:06 -0300] "POST /cormun/servlet/solicitudot?gx-no-cache=1488922275229 HTTP/1.1" 200 30
192.168.10.89 - - [07/Mar/2017:18:30:18 -0300] "GET /cormun/servlet/solicitudgral?UPD,2017,5258, HTTP/1.1" 200 12146
192.168.10.60 - - [07/Mar/2017:18:30:18 -0300] "POST /cormun/servlet/trautorizarot?82b8ab8cb1055131d440d9929a86d3bd,,gx-no-cache=1488921485430 HTTP/1.1" 440 972
192.168.10.89 - - [07/Mar/2017:18:30:20 -0300] "POST /cormun/servlet/solicitudgral?gx-no-cache=1488925504980 HTTP/1.1" 200 3131
192.168.10.89 - - [07/Mar/2017:18:30:21 -0300] "GET /cormun/servlet/solicitudgral?b0f10dd3eb58927dc398e675bded5e2fef4891ce43b3f273d1243da322e94f5805a324bb73a34ce151ff5c2a3422813acfa4262e6000783805f744fd167ea21b6dbe93bc5eb1f719a8a79b8f709b2b181a673af2ced7304d0a4dd824a2d8fcea2ddfabd7dc88dffb9738543218d81881d1d90256f1d8b6b90af0d4fc84263ce8a47701e07cba2ff5effdb964ffe8107f8cea8c3412fe05f6535889ba1fe2bcba18ab6df3b9bcc65aca13588498ed632edc8bbf5545f350a9ba72a4d6d2a6eb86c91f0c95329e85ffc3f3d99c826ebe2a269fedd2ff30c6bd830ba3966155bb5b4251a00dd123c653b430ea442c3830c4bfd30a6436c29a9d4e9a7fe1983193186b1bd0c44ffc76a6a0af31b570b02bc839315622b93f4f4ad5a87e7db7fd235d08ff6c7fd03698554c5e4cdea357b742cb303c18291b168b812fc068739b9801769c6d05b54c71b161bd46c20ca385ff,gx-no-cache=1488925505208 HTTP/1.1" 200 257
192.168.10.89 - - [07/Mar/2017:18:30:21 -0300] "GET /cormun/servlet/solicitudgral?b0f10dd3eb58927dc398e675bded5e2f1beeac7810a29dd4fc7c31f66e3f3daf8a65d789ec10807b7a221ef7c8ef91325cde04204c3d8f2cb5f0b21cded61dd59baa141f918a32cb1b697c4584f818faafc121d775ffd31e129f4f1c5c42b98654e1c9844a77b7b8ba37340a0cc1e2cea84fedf2dbfc55b56974c95d3e7a88d7c6f44a807c9e9c6fee9672aae85f927e31acf33bb71926449f53d9c6a69e97bc66fd3350b70143994f6f10453df99fbdf19814d6127796839b2168194761a2e77efda232c4c4293c1bb038e2373e49420cf4605413449a9e3ddb91f153af121e09d2713300cabf911b06e39ae3e7b01d9b2ca7001d6b2a9dd35469efbaffc4e564ab779c8e1a49c3267314418fb15f74608deca769efddd910240c1a20750ef84cb8a84ba12ae87d7349c43f810e2aee28ece8a51e7dcc3599d4a0557a098c17b2a502e0dbf1b01c35d7d4a914d23226227891547cc64e4ba85dbb76e3847cdee06ed46ea2e161742b9d1e26fa64ccccf322207ffd4ce064d719f3c31e8de52a22cff861933328c52059fcdf217df4d735a6c9d5523c54f304e02d12d49836d44be6d88229ee270251ce3aa96d8bb098397a32fb921214ae9fdb9cb01eb4afaff801977bf3a38b616b437235942b796121dedb47165a3519f2c98d1263b89bd4f0710cc6adfee86f062fd45166b47e2b62a2aa0b958fc2ba0c35f97008a57ecd09b148f01637ccd219a9f13cc903eaba7927d9de6d5abda6f51362ff18ec949520f25bb346df1725170aca6f91641e01,gx-no-cache=1488925505713 HTTP/1.1" 200 48
192.168.10.89 - - [07/Mar/2017:18:30:23 -0300] "POST /cormun/servlet/solicitudgral?44fdf83669c6de1cb6452d41f7761d09,UPD,2017,5258,,gx-no-cache=1488925507413 HTTP/1.1" 200 10551
192.168.10.89 - - [07/Mar/2017:18:30:25 -0300] "GET /cormun/servlet/solicitudgral?b0f10dd3eb58927dc398e675bded5e2f6308f9d5c069a2cfc8f0f2da8dac367507a7b96b01c72d3ac8483f9e3f8cba718cb57b7650fb10ad4b9dfa616c72b7bb39d0711ac8d8303345c7b2a0a556680a2e0ce2b6adf6ea9c16df76ffae2357eb21b87e924e36520ad862d78c91344928380f435745aca86200ccbc8a29dda0e89a98f735d323f833e6b890863110e3bba8d261ba9fd26ac4926ade38e82562c3,gx-no-cache=1488925509619 HTTP/1.1" 200 30
192.168.10.89 - - [07/Mar/2017:18:30:27 -0300] "POST /cormun/servlet/solicitudgral?gx-no-cache=1488925512097 HTTP/1.1" 200 1249
192.168.10.89 - - [07/Mar/2017:18:30:27 -0300] "POST /cormun/servlet/solicitudgral?gx-no-cache=1488925512139 HTTP/1.1" 200 1155
192.168.10.89 - - [07/Mar/2017:18:30:31 -0300] "POST /cormun/servlet/solicitudgral?44fdf83669c6de1cb6452d41f7761d09,UPD,2017,5258,,gx-no-cache=1488925515117 HTTP/1.1" 200 93
192.168.10.89 - - [07/Mar/2017:18:30:31 -0300] "GET /cormun/servlet/hpexe_return? HTTP/1.1" 200 1036
192.168.10.89 - - [07/Mar/2017:18:30:32 -0300] "GET /cormun/servlet/trsolicitudgral?gx-no-cache=1488917853527 HTTP/1.1" 200 11841
186.103.159.204 - - [07/Mar/2017:18:30:32 -0300] "POST /cormun/servlet/solicitudot?gx-no-cache=1488922301079 HTTP/1.1" 200 1291
186.103.159.204 - - [07/Mar/2017:18:30:37 -0300] "GET /cormun/static/menuarrow.gif HTTP/1.1" 404 1015
186.103.159.204 - - [07/Mar/2017:18:30:49 -0300] "POST /cormun/servlet/solicitudot?gx-no-cache=1488922317960 HTTP/1.1" 200 41
186.103.159.204 - - [07/Mar/2017:18:31:04 -0300] "POST /cormun/servlet/solicitudot?gx-no-cache=1488922332771 HTTP/1.1" 200 1275
186.103.159.204 - - [07/Mar/2017:18:31:04 -0300] "POST /cormun/servlet/solicitudot?gx-no-cache=1488922332849 HTTP/1.1" 200 1156
186.103.159.204 - - [07/Mar/2017:18:31:05 -0300] "POST /cormun/servlet/solicitudot?gx-no-cache=1488922334419 HTTP/1.1" 200 1275
186.103.159.204 - - [07/Mar/2017:18:31:06 -0300] "POST /cormun/servlet/solicitudot?gx-no-cache=1488922334490 HTTP/1.1" 200 1156
192.168.10.89 - - [07/Mar/2017:18:32:17 -0300] "POST /cormun/servlet/trsolicitudgral?44fdf83669c6de1cb6452d41f7761d09,gx-no-cache=1488917853527,gx-no-cache=1488925621493 HTTP/1.1" 200 115
192.168.10.89 - - [07/Mar/2017:18:32:17 -0300] "GET /cormun/servlet/solicitudotlog?INS,2017,5251,0,REC, HTTP/1.1" 200 6179
192.168.10.89 - - [07/Mar/2017:18:32:19 -0300] "GET /cormun/servlet/solicitudotlog?b0f10dd3eb58927dc398e675bded5e2f6133a668053f0461f9bae0b0a918e11b93cc933e69f8bbc39649d296c22523b0a2820e292363423b347240b76f58d33e00002776c697187ff6a4bbe7dd07a975a1989fed4091245d56b8bb6cae54664663f3222f2bc1408d9f79cf8ce39ae86746664e4bef99d9f2a897ac6747d3d3a2e5d43a318cae5478e13984bb0be7ea1756083778846561afcdd9d987bf0b33f3,gx-no-cache=1488925623354 HTTP/1.1" 200 94
192.168.10.89 - - [07/Mar/2017:18:32:24 -0300] "POST /cormun/servlet/solicitudotlog?44fdf83669c6de1cb6452d41f7761d09,INS,2017,5251,0,REC,,gx-no-cache=1488925629037 HTTP/1.1" 200 93
192.168.10.89 - - [07/Mar/2017:18:32:24 -0300] "GET /cormun/servlet/hpexe_return? HTTP/1.1" 200 1044
192.168.10.89 - - [07/Mar/2017:18:32:25 -0300] "GET /cormun/servlet/trsolicitudgral?gx-no-cache=1488917853527 HTTP/1.1" 200 11517
192.168.10.89 - - [07/Mar/2017:18:33:52 -0300] "GET /cormun/servlet/solicitudgral2?UPD,2017,5084, HTTP/1.1" 200 12368
192.168.10.89 - - [07/Mar/2017:18:33:54 -0300] "POST /cormun/servlet/solicitudgral2?gx-no-cache=1488925719040 HTTP/1.1" 200 3199
192.168.10.89 - - [07/Mar/2017:18:33:55 -0300] "GET /cormun/servlet/solicitudgral2?b0f10dd3eb58927dc398e675bded5e2fef4891ce43b3f273d1243da322e94f5805a324bb73a34ce151ff5c2a3422813acfa4262e6000783805f744fd167ea21b6dbe93bc5eb1f719a8a79b8f709b2b180bde09367b768f8741271b284ded08662ddfabd7dc88dffb9738543218d81881d1d90256f1d8b6b90af0d4fc84263ce8a47701e07cba2ff5effdb964ffe8107f8cea8c3412fe05f6535889ba1fe2bcba18ab6df3b9bcc65aca13588498ed632edc8bbf5545f350a9ba72a4d6d2a6eb86c91f0c95329e85ffc3f3d99c826ebe2a269fedd2ff30c6bd830ba3966155bb5b4251a00dd123c653b430ea442c3830c4bfd30a6436c29a9d4e9a7fe1983193186b1bd0c44ffc76a6a0af31b570b02bc839315622b93f4f4ad5a87e7db7fd235d08ff6c7fd03698554c5e4cdea357b742cb303c18291b168b812fc068739b9801769c6d05b54c71b161bd46c20ca385ff,gx-no-cache=1488925719276 HTTP/1.1" 200 242
192.168.10.89 - - [07/Mar/2017:18:33:55 -0300] "POST /cormun/servlet/solicitudgral2?gx-no-cache=1488925719307 HTTP/1.1" 200 1354
192.168.10.89 - - [07/Mar/2017:18:33:55 -0300] "GET /cormun/servlet/solicitudgral2?b0f10dd3eb58927dc398e675bded5e2f6331e5512104514e0545644bfa8cc29a09992c51b01e2c27a9eefea574227350cfa4262e6000783805f744fd167ea21b71a9500e6817127362d0da44560c389cb9ef4139de51a0840ac8efb60f928c5cbeb38d9772b84944882b65be1144656f,gx-no-cache=1488925719351 HTTP/1.1" 200 41
186.103.159.204 - - [07/Mar/2017:18:34:56 -0300] "GET /cormun/servlet/prsolicitudot?15805214,,,,,MD,,gxPopupLevel%3D0%3B HTTP/1.1" 200 5620
186.103.159.204 - - [07/Mar/2017:18:34:57 -0300] "GET /cormun/static/Resources/asc.gif HTTP/1.1" 200 67
186.103.159.204 - - [07/Mar/2017:18:34:57 -0300] "GET /cormun/static/Resources/desc.gif HTTP/1.1" 200 65
186.103.159.204 - - [07/Mar/2017:18:34:57 -0300] "GET /cormun/static/Resources/asc.gif HTTP/1.1" 200 67
186.103.159.204 - - [07/Mar/2017:18:34:57 -0300] "GET /cormun/static/Resources/desc.gif HTTP/1.1" 200 65
186.103.159.204 - - [07/Mar/2017:18:35:01 -0300] "POST /cormun/servlet/acontrolpreferencessavestate?None,JCORNEJO,true HTTP/1.1" 200 35
186.103.159.204 - - [07/Mar/2017:18:35:02 -0300] "POST /cormun/servlet/prsolicitudot?dcdb7c18ed03fc028d56f7f3b35f20a1,15805214,,,,,MD,,gxPopupLevel%3D0%3B,gx-no-cache=1488922571365 HTTP/1.1" 200 3092
192.168.10.89 - - [07/Mar/2017:18:35:04 -0300] "POST /cormun/servlet/solicitudgral2?44fdf83669c6de1cb6452d41f7761d09,UPD,2017,5084,,gx-no-cache=1488925788309 HTTP/1.1" 200 93
192.168.10.89 - - [07/Mar/2017:18:35:04 -0300] "GET /cormun/servlet/hpexe_return? HTTP/1.1" 200 1038
186.103.159.204 - - [07/Mar/2017:18:35:04 -0300] "POST /cormun/servlet/solicitudot?gx-no-cache=1488922573380 HTTP/1.1" 200 1275
186.103.159.204 - - [07/Mar/2017:18:35:04 -0300] "POST /cormun/servlet/solicitudot?gx-no-cache=1488922573463 HTTP/1.1" 200 1156
192.168.10.89 - - [07/Mar/2017:18:35:05 -0300] "GET /cormun/servlet/trsolicitudgral?gx-no-cache=1488917853527 HTTP/1.1" 200 11517
186.103.159.204 - - [07/Mar/2017:18:35:07 -0300] "GET /cormun/servlet/solicitudot?2093e12709119af0a5abaef501a9f5217339c47a0747529ff9d60d770b4ccb90c8c0fe340b76e57b0087d67815c38b0d287788f439e110825eff851bbe821295bf31c93454ad1a84a8822145ed732508aa0db16f345c764237d13d2f864ca9f9f5850a165aad34c5e7b3c2e30e84ca9af17a582e0cf0c929721d1069bbd18a7d764a76e24cd4b3d800eebf55225b8b5497b1484045442fbc1eceea3abb0d8d26566f8a63041cebf3368a808e74e5bcd2bc7b9b6594aa92e8f3f8b132fcb73835,gx-no-cache=1488922576076 HTTP/1.1" 200 30
192.168.10.89 - - [07/Mar/2017:18:35:09 -0300] "POST /cormun/servlet/trsolicitudgral?44fdf83669c6de1cb6452d41f7761d09,gx-no-cache=1488917853527,gx-no-cache=1488925793867 HTTP/1.1" 200 115
192.168.10.89 - - [07/Mar/2017:18:35:09 -0300] "GET /cormun/servlet/solicitudotlog?INS,2017,5084,0,REC, HTTP/1.1" 200 6180
192.168.10.89 - - [07/Mar/2017:18:35:11 -0300] "GET /cormun/servlet/solicitudotlog?b0f10dd3eb58927dc398e675bded5e2f2b2adf093195926c85c6d68483570c3e93cc933e69f8bbc39649d296c22523b0a2820e292363423b347240b76f58d33e00002776c697187ff6a4bbe7dd07a975a1989fed4091245d56b8bb6cae54664663f3222f2bc1408d9f79cf8ce39ae86746664e4bef99d9f2a897ac6747d3d3a2e5d43a318cae5478e13984bb0be7ea1756083778846561afcdd9d987bf0b33f3,gx-no-cache=1488925795771 HTTP/1.1" 200 94
192.168.10.89 - - [07/Mar/2017:18:35:18 -0300] "POST /cormun/servlet/solicitudotlog?44fdf83669c6de1cb6452d41f7761d09,INS,2017,5084,0,REC,,gx-no-cache=1488925802626 HTTP/1.1" 200 93
192.168.10.89 - - [07/Mar/2017:18:35:18 -0300] "GET /cormun/servlet/hpexe_return? HTTP/1.1" 200 1045
192.168.10.89 - - [07/Mar/2017:18:35:19 -0300] "GET /cormun/servlet/trsolicitudgral?gx-no-cache=1488917853527 HTTP/1.1" 200 11159
192.168.10.89 - - [07/Mar/2017:18:35:33 -0300] "GET /cormun/servlet/solicitudgral?UPD,2017,4938, HTTP/1.1" 200 12195
192.168.10.89 - - [07/Mar/2017:18:35:35 -0300] "POST /cormun/servlet/solicitudgral?gx-no-cache=1488925819598 HTTP/1.1" 200 3171
192.168.10.89 - - [07/Mar/2017:18:35:35 -0300] "GET /cormun/servlet/solicitudgral?b0f10dd3eb58927dc398e675bded5e2fef4891ce43b3f273d1243da322e94f5805a324bb73a34ce151ff5c2a3422813acfa4262e6000783805f744fd167ea21b6dbe93bc5eb1f719a8a79b8f709b2b188f4f24d63fdd06bd2e19d6f1e213cd922ddfabd7dc88dffb9738543218d81881d1d90256f1d8b6b90af0d4fc84263ce8a47701e07cba2ff5effdb964ffe8107f8cea8c3412fe05f6535889ba1fe2bcba18ab6df3b9bcc65aca13588498ed632edc8bbf5545f350a9ba72a4d6d2a6eb86c91f0c95329e85ffc3f3d99c826ebe2a269fedd2ff30c6bd830ba3966155bb5b4251a00dd123c653b430ea442c3830c4bfd30a6436c29a9d4e9a7fe1983193186b1bd0c44ffc76a6a0af31b570b02bc839315622b93f4f4ad5a87e7db7fd235d08ff6c7fd03698554c5e4cdea357b742cb303c18291b168b812fc068739b9801769c6d05b54c71b161bd46c20ca385ff,gx-no-cache=1488925819820 HTTP/1.1" 200 258
192.168.10.89 - - [07/Mar/2017:18:35:36 -0300] "GET /cormun/servlet/solicitudgral?b0f10dd3eb58927dc398e675bded5e2f1beeac7810a29dd4fc7c31f66e3f3daf8a65d789ec10807b7a221ef7c8ef91325cde04204c3d8f2cb5f0b21cded61dd59baa141f918a32cb1b697c4584f818faafc121d775ffd31e129f4f1c5c42b98654e1c9844a77b7b8ba37340a0cc1e2cea84fedf2dbfc55b56974c95d3e7a88d7c6f44a807c9e9c6fee9672aae85f927e31acf33bb71926449f53d9c6a69e97bc66fd3350b70143994f6f10453df99fbdf19814d6127796839b2168194761a2e77efda232c4c4293c1bb038e2373e49420cf4605413449a9e3ddb91f153af121e09d2713300cabf911b06e39ae3e7b01d9b2ca7001d6b2a9dd35469efbaffc4e564ab779c8e1a49c3267314418fb15f74608deca769efddd910240c1a20750ef84cb8a84ba12ae87d7349c43f810e2aee28ece8a51e7dcc3599d4a0557a098c17b2a502e0dbf1b01c35d7d4a914d23226227891547cc64e4ba85dbb76e3847cdee06ed46ea2e161742b9d1e26fa64ccccf322207ffd4ce064d719f3c31e8de52a22cff861933328c52059fcdf217df4d735a6c9d5523c54f304e02d12d49836d44be6d88229ee270251ce3aa96d8bb098397a32fb921214ae9fdb9cb01eb4afaff801977bf3a38b616b437235942b796121dedb47165a3519f2c98d1263b89bd4f0710cc6adfee86f062fd45166b47e2b62a2aa0b958fc2ba0c35f97008a57ecd09b148f01637ccd219a9f13cc903eaba7927d9de6d5abda6f51362ff18ec949520f25bb346df1725170aca6f91641e01,gx-no-cache=1488925821017 HTTP/1.1" 200 48
192.168.10.89 - - [07/Mar/2017:18:35:36 -0300] "POST /cormun/servlet/solicitudgral?44fdf83669c6de1cb6452d41f7761d09,UPD,2017,4938,,gx-no-cache=1488925821053 HTTP/1.1" 200 10564
192.168.10.89 - - [07/Mar/2017:18:35:37 -0300] "GET /cormun/servlet/solicitudgral?b0f10dd3eb58927dc398e675bded5e2f6308f9d5c069a2cfc8f0f2da8dac367507a7b96b01c72d3ac8483f9e3f8cba718dcb62215e4d0f7d0e0f7c60ae9297beda7a36b6e3ce8045ed83809dc87fcf49f2dc0e8eca1e79351362b966dd899e881368c7e5c1dc58a48473770543b6cf53,gx-no-cache=1488925821295 HTTP/1.1" 200 29
192.168.10.89 - - [07/Mar/2017:18:35:37 -0300] "POST /cormun/servlet/solicitudgral?gx-no-cache=1488925821317 HTTP/1.1" 200 1249
192.168.10.89 - - [07/Mar/2017:18:35:37 -0300] "POST /cormun/servlet/solicitudgral?gx-no-cache=1488925821354 HTTP/1.1" 200 1153
192.168.10.89 - - [07/Mar/2017:18:35:41 -0300] "POST /cormun/servlet/solicitudgral?44fdf83669c6de1cb6452d41f7761d09,UPD,2017,4938,,gx-no-cache=1488925825243 HTTP/1.1" 200 93
192.168.10.89 - - [07/Mar/2017:18:35:41 -0300] "GET /cormun/servlet/hpexe_return? HTTP/1.1" 200 1035
192.168.10.89 - - [07/Mar/2017:18:35:42 -0300] "GET /cormun/servlet/trsolicitudgral?gx-no-cache=1488917853527 HTTP/1.1" 200 11166
186.103.159.204 - - [07/Mar/2017:18:35:44 -0300] "POST /cormun/servlet/solicitudot?dcdb7c18ed03fc028d56f7f3b35f20a1,INS,0,0,,gx-no-cache=1488922612346 HTTP/1.1" 200 11379
192.168.10.89 - - [07/Mar/2017:18:35:46 -0300] "GET /cormun/servlet/solicitudgral?UPD,2017,4937, HTTP/1.1" 200 12167
192.168.10.89 - - [07/Mar/2017:18:35:48 -0300] "POST /cormun/servlet/solicitudgral?gx-no-cache=1488925833104 HTTP/1.1" 200 3167
192.168.10.89 - - [07/Mar/2017:18:35:49 -0300] "GET /cormun/servlet/solicitudgral?b0f10dd3eb58927dc398e675bded5e2fef4891ce43b3f273d1243da322e94f5805a324bb73a34ce151ff5c2a3422813acfa4262e6000783805f744fd167ea21b6dbe93bc5eb1f719a8a79b8f709b2b1848e38083d5b0639d7ffbe5c7686b7a432ddfabd7dc88dffb9738543218d81881d1d90256f1d8b6b90af0d4fc84263ce8a47701e07cba2ff5effdb964ffe8107f8cea8c3412fe05f6535889ba1fe2bcba18ab6df3b9bcc65aca13588498ed632edc8bbf5545f350a9ba72a4d6d2a6eb86c91f0c95329e85ffc3f3d99c826ebe2a269fedd2ff30c6bd830ba3966155bb5b4251a00dd123c653b430ea442c3830c4bfd30a6436c29a9d4e9a7fe1983193186b1bd0c44ffc76a6a0af31b570b02bc839315622b93f4f4ad5a87e7db7fd235d08ff6c7fd03698554c5e4cdea357b742cb303c18291b168b812fc068739b9801769c6d05b54c71b161bd46c20ca385ff,gx-no-cache=1488925833320 HTTP/1.1" 200 298
192.168.10.89 - - [07/Mar/2017:18:35:51 -0300] "GET /cormun/servlet/solicitudgral?b0f10dd3eb58927dc398e675bded5e2f1beeac7810a29dd4fc7c31f66e3f3daf8a65d789ec10807b7a221ef7c8ef91325cde04204c3d8f2cb5f0b21cded61dd59baa141f918a32cb1b697c4584f818faafc121d775ffd31e129f4f1c5c42b98654e1c9844a77b7b8ba37340a0cc1e2cea84fedf2dbfc55b56974c95d3e7a88d7c6f44a807c9e9c6fee9672aae85f927e31acf33bb71926449f53d9c6a69e97bc66fd3350b70143994f6f10453df99fbdf19814d6127796839b2168194761a2e77efda232c4c4293c1bb038e2373e49420cf4605413449a9e3ddb91f153af121e09d2713300cabf911b06e39ae3e7b01d9b2ca7001d6b2a9dd35469efbaffc4e564ab779c8e1a49c3267314418fb15f74608deca769efddd910240c1a20750ef84cb8a84ba12ae87d7349c43f810e2aee28ece8a51e7dcc3599d4a0557a098c17b2a502e0dbf1b01c35d7d4a914d23226227891547cc64e4ba85dbb76e3847cdee06ed46ea2e161742b9d1e26fa64ccccf322207ffd4ce064d719f3c31e8de52a22cff861933328c52059fcdf217df4d735a6c9d5523c54f304e02d12d49836d44be6d88229ee270251ce3aa96d8bb098397a32fb921214ae9fdb9cb01eb4afaff801977bf3a38b616b437235942b796121dedb47165a3519f2c98d1263b89bd4f0710cc6adfee86f062fd45166b47e2b62a2aa0b958fc2ba0c35f97008a57ecd09b148f01637ccd219a9f13cc903eaba7927d9de6d5abda6f51362ff18ec949520f25bb346df1725170aca6f91641e01,gx-no-cache=1488925835485 HTTP/1.1" 200 48
192.168.10.89 - - [07/Mar/2017:18:35:51 -0300] "POST /cormun/servlet/solicitudgral?44fdf83669c6de1cb6452d41f7761d09,UPD,2017,4937,,gx-no-cache=1488925835520 HTTP/1.1" 200 10582
192.168.10.89 - - [07/Mar/2017:18:35:51 -0300] "GET /cormun/servlet/solicitudgral?b0f10dd3eb58927dc398e675bded5e2f6308f9d5c069a2cfc8f0f2da8dac367507a7b96b01c72d3ac8483f9e3f8cba718dcb62215e4d0f7d0e0f7c60ae9297beda7a36b6e3ce8045ed83809dc87fcf49f2dc0e8eca1e79351362b966dd899e881368c7e5c1dc58a48473770543b6cf53,gx-no-cache=1488925835739 HTTP/1.1" 200 29
192.168.10.89 - - [07/Mar/2017:18:35:51 -0300] "POST /cormun/servlet/solicitudgral?gx-no-cache=1488925835762 HTTP/1.1" 200 1249
192.168.10.89 - - [07/Mar/2017:18:35:51 -0300] "POST /cormun/servlet/solicitudgral?gx-no-cache=1488925835800 HTTP/1.1" 200 1153
192.168.10.89 - - [07/Mar/2017:18:35:58 -0300] "POST /cormun/servlet/solicitudgral?44fdf83669c6de1cb6452d41f7761d09,UPD,2017,4937,,gx-no-cache=1488925842690 HTTP/1.1" 200 10863
192.168.10.89 - - [07/Mar/2017:18:35:58 -0300] "GET /cormun/static/Shared/jqueryui/images/ui-icons_82798d_256x240.png HTTP/1.1" 404 1089
192.168.10.89 - - [07/Mar/2017:18:35:58 -0300] "GET /cormun/static/Shared/jqueryui/images/ui-icons_ebccce_256x240.png HTTP/1.1" 404 1089
192.168.10.89 - - [07/Mar/2017:18:35:58 -0300] "GET /cormun/static/Shared/jqueryui/images/ui-bg_flat_55_994d53_40x100.png HTTP/1.1" 404 1097
192.168.10.89 - - [07/Mar/2017:18:35:58 -0300] "GET /cormun/static/Shared/jqueryui/images/ui-bg_highlight-soft_100_c6c2c8_1x100.png HTTP/1.1" 404 1117
186.103.159.204 - - [07/Mar/2017:18:36:03 -0300] "GET /cormun/servlet/prlicenciaspermisos?17877099,L,,MD,,gxPopupLevel%3D0%3B HTTP/1.1" 200 6002
186.103.159.204 - - [07/Mar/2017:18:36:03 -0300] "GET /cormun/static/gxcfg.js?2016122619302491 HTTP/1.1" 200 953
186.103.159.204 - - [07/Mar/2017:18:36:04 -0300] "GET /cormun/static/prlicenciaspermisos.js?2016122619302645 HTTP/1.1" 200 13363
186.103.159.204 - - [07/Mar/2017:18:36:04 -0300] "GET /cormun/static/Resources/asc.gif HTTP/1.1" 200 67
186.103.159.204 - - [07/Mar/2017:18:36:04 -0300] "GET /cormun/static/Resources/desc.gif HTTP/1.1" 200 65
186.103.159.204 - - [07/Mar/2017:18:36:04 -0300] "GET /cormun/static/Resources/asc.gif HTTP/1.1" 200 67
186.103.159.204 - - [07/Mar/2017:18:36:04 -0300] "GET /cormun/static/Resources/desc.gif HTTP/1.1" 200 65
192.168.10.89 - - [07/Mar/2017:18:36:05 -0300] "POST /cormun/servlet/solicitudgral?44fdf83669c6de1cb6452d41f7761d09,UPD,2017,4937,,gx-no-cache=1488925849219 HTTP/1.1" 200 10863
192.168.10.89 - - [07/Mar/2017:18:36:13 -0300] "POST /cormun/servlet/solicitudgral?44fdf83669c6de1cb6452d41f7761d09,UPD,2017,4937,,gx-no-cache=1488925857198 HTTP/1.1" 200 93
192.168.10.89 - - [07/Mar/2017:18:36:13 -0300] "GET /cormun/servlet/hpexe_return? HTTP/1.1" 200 1035
192.168.10.89 - - [07/Mar/2017:18:36:14 -0300] "GET /cormun/servlet/trsolicitudgral?gx-no-cache=1488917853527 HTTP/1.1" 200 11174
186.103.159.204 - - [07/Mar/2017:18:36:32 -0300] "POST /cormun/servlet/solicitudot?gx-no-cache=1488922661020 HTTP/1.1" 200 41
186.103.159.204 - - [07/Mar/2017:18:36:32 -0300] "POST /cormun/servlet/solicitudot?gx-no-cache=1488922661155 HTTP/1.1" 200 1275
186.103.159.204 - - [07/Mar/2017:18:36:32 -0300] "POST /cormun/servlet/solicitudot?gx-no-cache=1488922661251 HTTP/1.1" 200 1156
186.103.159.204 - - [07/Mar/2017:18:36:33 -0300] "GET /cormun/servlet/solicitudot?2093e12709119af0a5abaef501a9f5217339c47a0747529ff9d60d770b4ccb90c8c0fe340b76e57b0087d67815c38b0d287788f439e110825eff851bbe821295bf31c93454ad1a84a8822145ed732508aa0db16f345c764237d13d2f864ca9f9f5850a165aad34c5e7b3c2e30e84ca9af17a582e0cf0c929721d1069bbd18a7d764a76e24cd4b3d800eebf55225b8b5497b1484045442fbc1eceea3abb0d8d26566f8a63041cebf3368a808e74e5bcd2e38e144a35289a38513c97aebf007287,gx-no-cache=1488922661984 HTTP/1.1" 200 32
192.168.10.89 - - [07/Mar/2017:18:36:35 -0300] "GET /cormun/servlet/hlogin HTTP/1.1" 200 1762
186.103.159.204 - - [07/Mar/2017:18:36:36 -0300] "POST /cormun/servlet/solicitudot?dcdb7c18ed03fc028d56f7f3b35f20a1,INS,0,0,,gx-no-cache=1488922664892 HTTP/1.1" 200 11429
192.168.10.89 - - [07/Mar/2017:18:36:50 -0300] "POST /cormun/servlet/hlogin?44fdf83669c6de1cb6452d41f7761d09,gx-no-cache=1488925894635 HTTP/1.1" 200 475
192.168.10.89 - - [07/Mar/2017:18:36:54 -0300] "POST /cormun/servlet/hlogin?44fdf83669c6de1cb6452d41f7761d09,gx-no-cache=1488925898836 HTTP/1.1" 200 90
192.168.10.89 - - [07/Mar/2017:18:36:54 -0300] "GET /cormun/servlet/hpexe_link HTTP/1.1" 200 955
192.168.10.89 - - [07/Mar/2017:18:36:56 -0300] "GET /cormun/servlet/hhome HTTP/1.1" 200 4021
192.168.10.89 - - [07/Mar/2017:18:36:59 -0300] "GET /cormun/servlet/trsolicitudot? HTTP/1.1" 200 8693
186.103.159.204 - - [07/Mar/2017:18:37:04 -0300] "GET /cormun/servlet/prsolicitudot?15805214,,,,,MD,,gxPopupLevel%3D0%3B HTTP/1.1" 200 5615
192.168.10.89 - - [07/Mar/2017:18:37:18 -0300] "POST /cormun/servlet/trsolicitudot?44fdf83669c6de1cb6452d41f7761d09,,gx-no-cache=1488925922220 HTTP/1.1" 200 106
192.168.10.89 - - [07/Mar/2017:18:37:18 -0300] "GET /cormun/servlet/solicitudot?UPD,2017,5084, HTTP/1.1" 200 14512
192.168.10.89 - - [07/Mar/2017:18:37:20 -0300] "POST /cormun/servlet/solicitudot?gx-no-cache=1488925924378 HTTP/1.1" 200 3198
192.168.10.89 - - [07/Mar/2017:18:37:20 -0300] "POST /cormun/servlet/solicitudot?44fdf83669c6de1cb6452d41f7761d09,UPD,2017,5084,,gx-no-cache=1488925924630 HTTP/1.1" 200 11057
192.168.10.89 - - [07/Mar/2017:18:37:20 -0300] "GET /cormun/servlet/solicitudot?b0f10dd3eb58927dc398e675bded5e2fcce57716fc79c6f3de19c6fd4ae1d16d0403b4b37bd48862d129a437d5b0df85,gx-no-cache=1488925924835 HTTP/1.1" 200 30
192.168.10.89 - - [07/Mar/2017:18:37:20 -0300] "POST /cormun/servlet/solicitudot?gx-no-cache=1488925924915 HTTP/1.1" 200 240
192.168.10.89 - - [07/Mar/2017:18:37:20 -0300] "GET /cormun/servlet/solicitudot?b0f10dd3eb58927dc398e675bded5e2f98c37206bae1dd4dd9c6cfe9f8a563c657ece998d65ec6a25d4e8c631e5ad017b040ca4be04a5a87c1b0519936dc5b8859ea6a1ac947e3b81659ee7b783e1d30d81058bfc1fe17b49c2443c232c35251700ee82e20b5bfd11f4260e550a635e5cc25fe3caa8ea7e3d349d57d95d8407304ec2785a1b78321e5f64272fac95bab89ffe1ba65a6955a23686d938ae803e6da38a0d8628afb674c8b75db2a64fb0f0a0cfe7368cb0e4dfdbddf776598d766da5ac93a216204def330db84330ed9eb5c64b5415400ab7294dc4d5818c5755e3e630461a7897383811acc052127a839f9f4e8f012ad810de4199aea32baf05c0183799e7af5d04ffe074b20ea51a8d97855031773ad27c7bb6d1bea3ea7678984e95fb5b5b21f92936fdce86957c35a10c1714f24ee0c2245525134a25779b6a2dbf2836734ebdf467c4a74d81bef3dd9b4bbdf22a73bb86b82dcbc57f9b7150abbe5b299b150a76f3e7565b475dadbfc9e3e681c582f168d36181527f41530,gx-no-cache=1488925924946 HTTP/1.1" 200 30
192.168.10.89 - - [07/Mar/2017:18:37:20 -0300] "POST /cormun/servlet/solicitudot?gx-no-cache=1488925924968 HTTP/1.1" 200 30
192.168.10.89 - - [07/Mar/2017:18:37:20 -0300] "POST /cormun/servlet/solicitudot?gx-no-cache=1488925925014 HTTP/1.1" 200 1291
192.168.10.89 - - [07/Mar/2017:18:37:20 -0300] "POST /cormun/servlet/solicitudot?gx-no-cache=1488925925096 HTTP/1.1" 200 41
192.168.10.89 - - [07/Mar/2017:18:37:25 -0300] "POST /cormun/servlet/solicitudot?gx-no-cache=1488925929350 HTTP/1.1" 200 30
186.103.159.204 - - [07/Mar/2017:18:37:26 -0300] "POST /cormun/servlet/solicitudot?gx-no-cache=1488922715428 HTTP/1.1" 200 30
186.103.159.204 - - [07/Mar/2017:18:37:34 -0300] "POST /cormun/servlet/solicitudot?gx-no-cache=1488922722498 HTTP/1.1" 200 1291
186.103.159.204 - - [07/Mar/2017:18:37:34 -0300] "POST /cormun/servlet/solicitudot?gx-no-cache=1488922722855 HTTP/1.1" 200 41
186.103.159.204 - - [07/Mar/2017:18:37:34 -0300] "POST /cormun/servlet/solicitudot?gx-no-cache=1488922723013 HTTP/1.1" 200 1275
186.103.159.204 - - [07/Mar/2017:18:37:34 -0300] "POST /cormun/servlet/solicitudot?gx-no-cache=1488922723072 HTTP/1.1" 200 1156
192.168.10.89 - - [07/Mar/2017:18:37:35 -0300] "GET /cormun/servlet/prfichaempleado?,MD,,gxPopupLevel%3D0%3B HTTP/1.1" 200 8900
186.103.159.204 - - [07/Mar/2017:18:37:36 -0300] "POST /cormun/servlet/solicitudot?gx-no-cache=1488922725269 HTTP/1.1" 200 30
186.103.159.204 - - [07/Mar/2017:18:37:36 -0300] "POST /cormun/servlet/solicitudot?gx-no-cache=1488922725424 HTTP/1.1" 200 1291
186.103.159.204 - - [07/Mar/2017:18:37:37 -0300] "POST /cormun/servlet/solicitudot?gx-no-cache=1488922725619 HTTP/1.1" 200 41
186.103.159.204 - - [07/Mar/2017:18:37:37 -0300] "POST /cormun/servlet/solicitudot?gx-no-cache=1488922725704 HTTP/1.1" 200 1275
186.103.159.204 - - [07/Mar/2017:18:37:37 -0300] "POST /cormun/servlet/solicitudot?gx-no-cache=1488922725761 HTTP/1.1" 200 1156
186.103.159.204 - - [07/Mar/2017:18:37:39 -0300] "GET /cormun/servlet/solicitudot?2093e12709119af0a5abaef501a9f5217339c47a0747529ff9d60d770b4ccb90c8c0fe340b76e57b0087d67815c38b0d287788f439e110825eff851bbe821295bf31c93454ad1a84a8822145ed732508aa0db16f345c764237d13d2f864ca9f9f5850a165aad34c5e7b3c2e30e84ca9af17a582e0cf0c929721d1069bbd18a7d764a76e24cd4b3d800eebf55225b8b5497b1484045442fbc1eceea3abb0d8d26566f8a63041cebf3368a808e74e5bcd2eb2c4651a4d2acf41b1d9d344e87eb19,gx-no-cache=1488922727585 HTTP/1.1" 200 32
192.168.10.89 - - [07/Mar/2017:18:37:44 -0300] "POST /cormun/servlet/prfichaempleado?44fdf83669c6de1cb6452d41f7761d09,,MD,,gxPopupLevel%3D0%3B,gx-no-cache=1488925948513 HTTP/1.1" 200 3462
192.168.10.89 - - [07/Mar/2017:18:37:47 -0300] "POST /cormun/servlet/solicitudot?gx-no-cache=1488925951640 HTTP/1.1" 200 1291
192.168.10.89 - - [07/Mar/2017:18:37:49 -0300] "GET /cormun/servlet/prlicenciaspermisos?10633133,L,,MD,,gxPopupLevel%3D0%3B HTTP/1.1" 200 7441
192.168.10.89 - - [07/Mar/2017:18:37:54 -0300] "POST /cormun/servlet/solicitudot?gx-no-cache=1488925958751 HTTP/1.1" 200 41
192.168.10.89 - - [07/Mar/2017:18:37:56 -0300] "GET /cormun/servlet/solicitudot?b0f10dd3eb58927dc398e675bded5e2f19515bed678be511deb6756658adbb0f07a7b96b01c72d3ac8483f9e3f8cba718cb57b7650fb10ad4b9dfa616c72b7bb39d0711ac8d8303345c7b2a0a556680a2e0ce2b6adf6ea9c16df76ffae2357eb21b87e924e36520ad862d78c91344928380f435745aca86200ccbc8a29dda0e89a98f735d323f833e6b890863110e3bba8d261ba9fd26ac4926ade38e82562c3,gx-no-cache=1488925961050 HTTP/1.1" 200 29
192.168.10.89 - - [07/Mar/2017:18:37:56 -0300] "POST /cormun/servlet/solicitudot?gx-no-cache=1488925961093 HTTP/1.1" 200 1274
192.168.10.89 - - [07/Mar/2017:18:37:57 -0300] "POST /cormun/servlet/solicitudot?gx-no-cache=1488925961423 HTTP/1.1" 200 1157
192.168.10.89 - - [07/Mar/2017:18:37:58 -0300] "GET /cormun/servlet/solicitudot?b0f10dd3eb58927dc398e675bded5e2f2da909391a7abcb8945990bee2820251579bd852981338ea9b5ce25ab143f240b2213613284c303423de90132b66b2c5b4d03403538ac94238907e5079504a5fcb303c18291b168b812fc068739b9801345453c65467c91889186f73418bf179db97e21f540b5e17e90e644ad3d71cbd451c6edac90e797ed8d03ba4c4467b81d10503a09c5a773a7537e15ec2197c1df8dc1804ff0f3092f8a0c987bcd77c3b0a736aee40f55624fa9be3f2b9c8a736,gx-no-cache=1488925962532 HTTP/1.1" 200 30
192.168.10.89 - - [07/Mar/2017:18:37:59 -0300] "POST /cormun/servlet/solicitudot?44fdf83669c6de1cb6452d41f7761d09,UPD,2017,5084,,gx-no-cache=1488925964036 HTTP/1.1" 200 93
192.168.10.89 - - [07/Mar/2017:18:38:00 -0300] "GET /cormun/servlet/hpexe_return? HTTP/1.1" 200 1014
192.168.10.89 - - [07/Mar/2017:18:38:01 -0300] "GET /cormun/servlet/trsolicitudot HTTP/1.1" 200 8730
192.168.10.89 - - [07/Mar/2017:18:38:05 -0300] "POST /cormun/servlet/trsolicitudot?44fdf83669c6de1cb6452d41f7761d09,gx-no-cache=1488925969798 HTTP/1.1" 200 105
192.168.10.89 - - [07/Mar/2017:18:38:05 -0300] "GET /cormun/servlet/solicitudot?UPD,2017,5251, HTTP/1.1" 200 14471
192.168.10.89 - - [07/Mar/2017:18:38:07 -0300] "POST /cormun/servlet/solicitudot?gx-no-cache=1488925971992 HTTP/1.1" 200 3136
192.168.10.89 - - [07/Mar/2017:18:38:08 -0300] "POST /cormun/servlet/solicitudot?44fdf83669c6de1cb6452d41f7761d09,UPD,2017,5251,,gx-no-cache=1488925972231 HTTP/1.1" 200 11013
192.168.10.89 - - [07/Mar/2017:18:38:08 -0300] "GET /cormun/servlet/solicitudot?b0f10dd3eb58927dc398e675bded5e2ff7fda2987fc993491789c2979ff51a91430adb7458da15f159611ca5eb1e580b,gx-no-cache=1488925972444 HTTP/1.1" 200 30
192.168.10.89 - - [07/Mar/2017:18:38:08 -0300] "POST /cormun/servlet/solicitudot?gx-no-cache=1488925972524 HTTP/1.1" 200 255
192.168.10.89 - - [07/Mar/2017:18:38:08 -0300] "GET /cormun/servlet/solicitudot?b0f10dd3eb58927dc398e675bded5e2f98c37206bae1dd4dd9c6cfe9f8a563c65d5c8e3f965175d80adcf62b51f4a064b040ca4be04a5a87c1b0519936dc5b8859ea6a1ac947e3b81659ee7b783e1d30d81058bfc1fe17b49c2443c232c35251700ee82e20b5bfd11f4260e550a635e5cc25fe3caa8ea7e3d349d57d95d8407304ec2785a1b78321e5f64272fac95bab89ffe1ba65a6955a23686d938ae803e6da38a0d8628afb674c8b75db2a64fb0f0a0cfe7368cb0e4dfdbddf776598d766da5ac93a216204def330db84330ed9eb5c64b5415400ab7294dc4d5818c5755e3e630461a7897383811acc052127a839f9f4e8f012ad810de4199aea32baf05c0183799e7af5d04ffe074b20ea51a8d9c60aadebbdb4ea85535bd4ff246004a4e2c73ed595f6fbfcadfb17ec69a401adcfd411320547f820c18c0bee119347a7fe97d989e8b1d997aacdd8e384047281a6cb01b079c83590c2dde04acceb93b0f9e8e85fce4f7e357df35a9af76372886c9c7c19557f6b8b6ceb566531f33e7c,gx-no-cache=1488925972552 HTTP/1.1" 200 30
192.168.10.89 - - [07/Mar/2017:18:38:08 -0300] "POST /cormun/servlet/solicitudot?gx-no-cache=1488925972573 HTTP/1.1" 200 30
192.168.10.89 - - [07/Mar/2017:18:38:08 -0300] "POST /cormun/servlet/solicitudot?gx-no-cache=1488925972618 HTTP/1.1" 200 1287
192.168.10.89 - - [07/Mar/2017:18:38:08 -0300] "POST /cormun/servlet/solicitudot?gx-no-cache=1488925972661 HTTP/1.1" 200 41
192.168.10.89 - - [07/Mar/2017:18:38:09 -0300] "POST /cormun/servlet/solicitudot?gx-no-cache=1488925974005 HTTP/1.1" 200 30
192.168.10.89 - - [07/Mar/2017:18:38:11 -0300] "POST /cormun/servlet/solicitudot?gx-no-cache=1488925975359 HTTP/1.1" 200 1287
192.168.10.89 - - [07/Mar/2017:18:38:11 -0300] "POST /cormun/servlet/solicitudot?gx-no-cache=1488925975408 HTTP/1.1" 200 41
192.168.10.89 - - [07/Mar/2017:18:38:14 -0300] "GET /cormun/servlet/solicitudot?b0f10dd3eb58927dc398e675bded5e2f6308f9d5c069a2cfc8f0f2da8dac367507a7b96b01c72d3ac8483f9e3f8cba718cb57b7650fb10ad4b9dfa616c72b7bb39d0711ac8d8303345c7b2a0a556680a2e0ce2b6adf6ea9c16df76ffae2357eb21b87e924e36520ad862d78c91344928380f435745aca86200ccbc8a29dda0e89a98f735d323f833e6b890863110e3bba8d261ba9fd26ac4926ade38e82562c3,gx-no-cache=1488925978946 HTTP/1.1" 200 30
192.168.10.89 - - [07/Mar/2017:18:38:16 -0300] "POST /cormun/servlet/solicitudot?gx-no-cache=1488925980485 HTTP/1.1" 200 1274
192.168.10.89 - - [07/Mar/2017:18:38:16 -0300] "POST /cormun/servlet/solicitudot?gx-no-cache=1488925980560 HTTP/1.1" 200 1157
192.168.10.89 - - [07/Mar/2017:18:38:17 -0300] "GET /cormun/servlet/solicitudot?b0f10dd3eb58927dc398e675bded5e2f58903ee13e9119d4a2f640589296da0d87a96f5b9fd77576f8a8a05f7e82a07c1fcdc71d01afb04b68540227cece9a0e2732411c0241d15f3c9ce0febc321424271e7faf5d363f6ede43a8c3f49140ccb883ed263f77160bfd6ab59830eccc7a9745569a06b154f5c287c43ceb92679ba77a277ff61652f9e4b6b0b38cc4e4408a60797fa673013820163de96c5cfce94cf83f0c26c379a5d5bc744deb8238a4,gx-no-cache=1488925981495 HTTP/1.1" 200 30
192.168.10.89 - - [07/Mar/2017:18:38:18 -0300] "POST /cormun/servlet/solicitudot?44fdf83669c6de1cb6452d41f7761d09,UPD,2017,5251,,gx-no-cache=1488925982625 HTTP/1.1" 200 93
192.168.10.89 - - [07/Mar/2017:18:38:18 -0300] "GET /cormun/servlet/hpexe_return? HTTP/1.1" 200 1013
192.168.10.89 - - [07/Mar/2017:18:38:19 -0300] "GET /cormun/servlet/trsolicitudot HTTP/1.1" 200 8717
192.168.10.89 - - [07/Mar/2017:18:38:22 -0300] "POST /cormun/servlet/trsolicitudot?44fdf83669c6de1cb6452d41f7761d09,gx-no-cache=1488925986501 HTTP/1.1" 200 5518
192.168.10.89 - - [07/Mar/2017:18:38:22 -0300] "POST /cormun/servlet/trsolicitudot?44fdf83669c6de1cb6452d41f7761d09,gx-no-cache=1488925986861 HTTP/1.1" 200 5462
192.168.10.89 - - [07/Mar/2017:18:38:22 -0300] "GET /cormun/static/Shared/jqueryui/images/ui-bg_flat_55_fafafa_40x100.png HTTP/1.1" 404 1097
192.168.10.89 - - [07/Mar/2017:18:38:22 -0300] "GET /cormun/static/Shared/jqueryui/images/ui-icons_82798d_256x240.png HTTP/1.1" 404 1089
192.168.10.89 - - [07/Mar/2017:18:38:22 -0300] "GET /cormun/static/Shared/jqueryui/images/ui-icons_8d78a5_256x240.png HTTP/1.1" 404 1089
192.168.10.89 - - [07/Mar/2017:18:38:22 -0300] "GET /cormun/static/Shared/jqueryui/images/ui-bg_highlight-soft_100_c6c2c8_1x100.png HTTP/1.1" 404 1117
192.168.10.89 - - [07/Mar/2017:18:38:23 -0300] "POST /cormun/servlet/trsolicitudot?44fdf83669c6de1cb6452d41f7761d09,gx-no-cache=1488925987889 HTTP/1.1" 200 4374
192.168.10.89 - - [07/Mar/2017:18:38:24 -0300] "POST /cormun/servlet/trsolicitudot?44fdf83669c6de1cb6452d41f7761d09,gx-no-cache=1488925988236 HTTP/1.1" 200 4119
192.168.10.89 - - [07/Mar/2017:18:38:25 -0300] "GET /cormun/servlet/trautorizarsolicitud? HTTP/1.1" 200 8662
192.168.10.89 - - [07/Mar/2017:18:38:30 -0300] "POST /cormun/servlet/trautorizarsolicitud?44fdf83669c6de1cb6452d41f7761d09,,gx-no-cache=1488925994294 HTTP/1.1" 200 5488
192.168.10.89 - - [07/Mar/2017:18:38:30 -0300] "POST /cormun/servlet/trautorizarsolicitud?44fdf83669c6de1cb6452d41f7761d09,,gx-no-cache=1488925994659 HTTP/1.1" 200 5433
192.168.10.89 - - [07/Mar/2017:18:38:30 -0300] "GET /cormun/static/Shared/jqueryui/images/ui-icons_82798d_256x240.png HTTP/1.1" 404 1089
192.168.10.89 - - [07/Mar/2017:18:38:30 -0300] "GET /cormun/static/Shared/jqueryui/images/ui-icons_8d78a5_256x240.png HTTP/1.1" 404 1089
192.168.10.89 - - [07/Mar/2017:18:38:30 -0300] "GET /cormun/static/Shared/jqueryui/images/ui-bg_highlight-soft_100_c6c2c8_1x100.png HTTP/1.1" 404 1117
192.168.10.89 - - [07/Mar/2017:18:38:30 -0300] "GET /cormun/static/Shared/jqueryui/images/ui-bg_flat_55_fafafa_40x100.png HTTP/1.1" 404 1097
186.103.159.204 - - [07/Mar/2017:18:38:31 -0300] "POST /cormun/servlet/solicitudot?gx-no-cache=1488922779797 HTTP/1.1" 200 30
186.103.159.204 - - [07/Mar/2017:18:38:31 -0300] "POST /cormun/servlet/solicitudot?gx-no-cache=1488922779992 HTTP/1.1" 200 1291
192.168.10.89 - - [07/Mar/2017:18:38:31 -0300] "POST /cormun/servlet/trautorizarsolicitud?44fdf83669c6de1cb6452d41f7761d09,,gx-no-cache=1488925995749 HTTP/1.1" 200 4349
186.103.159.204 - - [07/Mar/2017:18:38:31 -0300] "POST /cormun/servlet/solicitudot?gx-no-cache=1488922780196 HTTP/1.1" 200 41
186.103.159.204 - - [07/Mar/2017:18:38:31 -0300] "POST /cormun/servlet/solicitudot?gx-no-cache=1488922780271 HTTP/1.1" 200 1275
186.103.159.204 - - [07/Mar/2017:18:38:31 -0300] "POST /cormun/servlet/solicitudot?gx-no-cache=1488922780326 HTTP/1.1" 200 1156
192.168.10.89 - - [07/Mar/2017:18:38:31 -0300] "POST /cormun/servlet/trautorizarsolicitud?44fdf83669c6de1cb6452d41f7761d09,,gx-no-cache=1488925996117 HTTP/1.1" 200 4097
192.168.10.89 - - [07/Mar/2017:18:38:33 -0300] "GET /cormun/static/menuarrow.gif HTTP/1.1" 404 1015
186.103.159.204 - - [07/Mar/2017:18:38:38 -0300] "POST /cormun/servlet/solicitudot?gx-no-cache=1488922787232 HTTP/1.1" 200 30
186.103.159.204 - - [07/Mar/2017:18:38:38 -0300] "POST /cormun/servlet/solicitudot?gx-no-cache=1488922787363 HTTP/1.1" 200 1291
186.103.159.204 - - [07/Mar/2017:18:38:39 -0300] "POST /cormun/servlet/solicitudot?gx-no-cache=1488922787546 HTTP/1.1" 200 41
186.103.159.204 - - [07/Mar/2017:18:38:39 -0300] "POST /cormun/servlet/solicitudot?gx-no-cache=1488922787626 HTTP/1.1" 200 1275
186.103.159.204 - - [07/Mar/2017:18:38:39 -0300] "POST /cormun/servlet/solicitudot?gx-no-cache=1488922787680 HTTP/1.1" 200 1156
192.168.10.89 - - [07/Mar/2017:18:38:40 -0300] "POST /cormun/servlet/trautorizarsolicitud?44fdf83669c6de1cb6452d41f7761d09,,gx-no-cache=1488926004486 HTTP/1.1" 200 4116
186.103.159.204 - - [07/Mar/2017:18:38:43 -0300] "GET /cormun/servlet/solicitudot?2093e12709119af0a5abaef501a9f5217339c47a0747529ff9d60d770b4ccb90c8c0fe340b76e57b0087d67815c38b0d287788f439e110825eff851bbe821295bf31c93454ad1a84a8822145ed732508aa0db16f345c764237d13d2f864ca9f9f5850a165aad34c5e7b3c2e30e84ca9af17a582e0cf0c929721d1069bbd18a7d764a76e24cd4b3d800eebf55225b8b5497b1484045442fbc1eceea3abb0d8d26566f8a63041cebf3368a808e74e5bcd2e38e144a35289a38513c97aebf007287,gx-no-cache=1488922792022 HTTP/1.1" 200 32
186.103.159.204 - - [07/Mar/2017:18:38:43 -0300] "POST /cormun/servlet/solicitudot?dcdb7c18ed03fc028d56f7f3b35f20a1,INS,0,0,,gx-no-cache=1488922792057 HTTP/1.1" 200 11571
192.168.10.89 - - [07/Mar/2017:18:38:45 -0300] "POST /cormun/servlet/trautorizarsolicitud?44fdf83669c6de1cb6452d41f7761d09,,gx-no-cache=1488926009872 HTTP/1.1" 200 5849
192.168.10.89 - - [07/Mar/2017:18:38:54 -0300] "GET /cormun/servlet/trautorizarsolicitud? HTTP/1.1" 200 8679
192.168.10.89 - - [07/Mar/2017:18:39:02 -0300] "POST /cormun/servlet/trautorizarsolicitud?44fdf83669c6de1cb6452d41f7761d09,,gx-no-cache=1488926026853 HTTP/1.1" 200 4117
192.168.10.89 - - [07/Mar/2017:18:39:05 -0300] "GET /cormun/servlet/trsolicitudot? HTTP/1.1" 200 6995
186.103.159.204 - - [07/Mar/2017:18:39:09 -0300] "GET /cormun/servlet/solicitudot?2093e12709119af0a5abaef501a9f5217339c47a0747529ff9d60d770b4ccb90c8c0fe340b76e57b0087d67815c38b0d287788f439e110825eff851bbe821295bf31c93454ad1a84a8822145ed732508aa0db16f345c764237d13d2f864ca9f9f5850a165aad34c5e7b3c2e30e84ca9af17a582e0cf0c929721d1069bbd18a7d764a76e24cd4b3d800eebf55225b8b5497b1484045442fbc1eceea3abb0d8d26566f8a63041cebf3368a808e74e5bcd2e38e144a35289a38513c97aebf007287,gx-no-cache=1488922818360 HTTP/1.1" 200 32
186.103.159.204 - - [07/Mar/2017:18:39:13 -0300] "POST /cormun/servlet/solicitudot?dcdb7c18ed03fc028d56f7f3b35f20a1,INS,0,0,,gx-no-cache=1488922821549 HTTP/1.1" 200 11613
186.103.159.204 - - [07/Mar/2017:18:39:23 -0300] "GET /cormun/servlet/solicitudot?2093e12709119af0a5abaef501a9f5217339c47a0747529ff9d60d770b4ccb90c8c0fe340b76e57b0087d67815c38b0d287788f439e110825eff851bbe821295bf31c93454ad1a84a8822145ed732508aa0db16f345c764237d13d2f864ca9f9f5850a165aad34c5e7b3c2e30e84ca9af17a582e0cf0c929721d1069bbd18a7d764a76e24cd4b3d800eebf55225b8b5497b1484045442fbc1eceea3abb0d8d26566f8a63041cebf3368a808e74e5bcd2bbbc4a014162335916508d5abef1769e,gx-no-cache=1488922831680 HTTP/1.1" 200 32
186.103.159.204 - - [07/Mar/2017:18:39:23 -0300] "POST /cormun/servlet/solicitudot?dcdb7c18ed03fc028d56f7f3b35f20a1,INS,0,0,,gx-no-cache=1488922831711 HTTP/1.1" 200 11678
192.168.10.89 - - [07/Mar/2017:18:39:24 -0300] "GET /cormun/servlet/hlogin HTTP/1.1" 200 1737
186.103.159.204 - - [07/Mar/2017:18:39:28 -0300] "POST /cormun/servlet/solicitudot?dcdb7c18ed03fc028d56f7f3b35f20a1,INS,0,0,,gx-no-cache=1488922836671 HTTP/1.1" 200 93
186.103.159.204 - - [07/Mar/2017:18:39:28 -0300] "GET /cormun/servlet/hpexe_return? HTTP/1.1" 200 1007
186.103.159.204 - - [07/Mar/2017:18:39:28 -0300] "GET /cormun/static/gxcfg.js?2016101716175148 HTTP/1.1" 200 953
186.103.159.204 - - [07/Mar/2017:18:39:28 -0300] "GET /cormun/static/hpexe_return.js?2016101716175153 HTTP/1.1" 200 1633
186.103.159.204 - - [07/Mar/2017:18:39:28 -0300] "GET /cormun/servlet/trsolicitudot HTTP/1.1" 200 6953
186.103.159.204 - - [07/Mar/2017:18:39:29 -0300] "GET /cormun/servlet/trsolicitudot HTTP/1.1" 200 6949
192.168.10.89 - - [07/Mar/2017:18:39:32 -0300] "POST /cormun/servlet/hlogin?44fdf83669c6de1cb6452d41f7761d09,gx-no-cache=1488926056405 HTTP/1.1" 200 90
192.168.10.89 - - [07/Mar/2017:18:39:32 -0300] "GET /cormun/servlet/hpexe_link HTTP/1.1" 200 955
192.168.10.89 - - [07/Mar/2017:18:39:34 -0300] "GET /cormun/servlet/hhome HTTP/1.1" 200 4386
192.168.10.89 - - [07/Mar/2017:18:39:37 -0300] "GET /cormun/servlet/trsolicitudgral? HTTP/1.1" 200 12005
192.168.10.89 - - [07/Mar/2017:18:39:49 -0300] "POST /cormun/servlet/trsolicitudgral?44fdf83669c6de1cb6452d41f7761d09,,gx-no-cache=1488926073678 HTTP/1.1" 200 5401
192.168.10.89 - - [07/Mar/2017:18:39:58 -0300] "GET /cormun/servlet/trconsultaempleado? HTTP/1.1" 200 9462
192.168.10.89 - - [07/Mar/2017:18:40:15 -0300] "POST /cormun/servlet/trconsultaempleado?44fdf83669c6de1cb6452d41f7761d09,,gx-no-cache=1488926099438 HTTP/1.1" 200 4325
192.168.10.96 - - [07/Mar/2017:18:43:56 -0300] "POST /cormun/servlet/trsolicitudgral?3de56a36ba68e0cf85674d4356e8902e,,gx-no-cache=1488926320976 HTTP/1.1" 440 972
192.168.10.96 - - [07/Mar/2017:18:43:59 -0300] "GET /cormun/servlet/trsolicitudgral? HTTP/1.1" 200 23662
192.168.10.96 - - [07/Mar/2017:18:44:00 -0300] "GET /cormun/servlet/hlogin HTTP/1.1" 200 1740
192.168.10.96 - - [07/Mar/2017:18:44:01 -0300] "GET /cormun/servlet/trsolicitudgral? HTTP/1.1" 200 23662
192.168.10.96 - - [07/Mar/2017:18:44:07 -0300] "POST /cormun/servlet/hlogin?d65ea6214eae9777d2c17f904a9457fc,gx-no-cache=1488926331879 HTTP/1.1" 200 90
192.168.10.96 - - [07/Mar/2017:18:44:07 -0300] "GET /cormun/servlet/hpexe_link HTTP/1.1" 200 961
192.168.10.96 - - [07/Mar/2017:18:44:09 -0300] "GET /cormun/servlet/trsolicitudgral HTTP/1.1" 200 24520
192.168.10.96 - - [07/Mar/2017:18:44:11 -0300] "GET /cormun/servlet/trsolicitudgral HTTP/1.1" 200 24519
192.168.10.96 - - [07/Mar/2017:18:44:21 -0300] "POST /cormun/servlet/trsolicitudgral?d65ea6214eae9777d2c17f904a9457fc,gx-no-cache=1488926345739 HTTP/1.1" 200 17195
192.168.10.96 - - [07/Mar/2017:18:44:22 -0300] "POST /cormun/servlet/trsolicitudgral?d65ea6214eae9777d2c17f904a9457fc,gx-no-cache=1488926346607 HTTP/1.1" 200 17195
192.168.10.96 - - [07/Mar/2017:18:46:49 -0300] "POST /cormun/servlet/trsolicitudgral?d65ea6214eae9777d2c17f904a9457fc,gx-no-cache=1488926493801 HTTP/1.1" 200 15405
192.168.10.96 - - [07/Mar/2017:18:47:11 -0300] "POST /cormun/servlet/trsolicitudgral?d65ea6214eae9777d2c17f904a9457fc,gx-no-cache=1488926515173 HTTP/1.1" 200 15674
186.103.156.24 - - [07/Mar/2017:18:47:15 -0300] "GET /cormun/servlet/trcontratounov2? HTTP/1.1" 200 15510
186.103.156.24 - - [07/Mar/2017:18:47:20 -0300] "GET /cormun/servlet/hlogin HTTP/1.1" 200 1733
192.168.10.96 - - [07/Mar/2017:18:47:20 -0300] "POST /cormun/servlet/trsolicitudgral?d65ea6214eae9777d2c17f904a9457fc,gx-no-cache=1488926524926 HTTP/1.1" 200 5133
186.103.156.24 - - [07/Mar/2017:18:47:20 -0300] "GET /cormun/servlet/trcontratounov2? HTTP/1.1" 200 15545
192.168.10.96 - - [07/Mar/2017:18:47:25 -0300] "POST /cormun/servlet/trsolicitudgral?d65ea6214eae9777d2c17f904a9457fc,gx-no-cache=1488926529199 HTTP/1.1" 200 20591
186.103.156.24 - - [07/Mar/2017:18:47:35 -0300] "POST /cormun/servlet/hlogin?cabc62e89d781e45d2dbf71864eb08ab,gx-no-cache=1488923327317 HTTP/1.1" 200 90
186.103.156.24 - - [07/Mar/2017:18:47:35 -0300] "GET /cormun/servlet/hpexe_link HTTP/1.1" 200 954
186.103.156.24 - - [07/Mar/2017:18:47:36 -0300] "GET /cormun/servlet/trcontratounov2 HTTP/1.1" 200 16437
192.168.10.96 - - [07/Mar/2017:18:47:36 -0300] "POST /cormun/servlet/trsolicitudgral?d65ea6214eae9777d2c17f904a9457fc,gx-no-cache=1488926540543 HTTP/1.1" 200 7248
186.103.156.24 - - [07/Mar/2017:18:47:36 -0300] "GET /cormun/servlet/trcontratounov2 HTTP/1.1" 200 16420
192.168.10.96 - - [07/Mar/2017:18:47:39 -0300] "POST /cormun/servlet/trsolicitudgral?d65ea6214eae9777d2c17f904a9457fc,gx-no-cache=1488926543645 HTTP/1.1" 200 7249
186.103.156.24 - - [07/Mar/2017:18:49:07 -0300] "GET /cormun/servlet/trsolicitudot? HTTP/1.1" 200 8224
186.103.156.24 - - [07/Mar/2017:18:49:08 -0300] "GET /cormun/servlet/trsolicitudot? HTTP/1.1" 200 8224
186.103.156.24 - - [07/Mar/2017:18:49:22 -0300] "POST /cormun/servlet/trsolicitudot?cabc62e89d781e45d2dbf71864eb08ab,,gx-no-cache=1488923434218 HTTP/1.1" 200 106
186.103.156.24 - - [07/Mar/2017:18:49:22 -0300] "GET /cormun/servlet/solicitudot?UPD,2017,5269, HTTP/1.1" 200 14467
186.103.156.24 - - [07/Mar/2017:18:49:23 -0300] "GET /cormun/servlet/solicitudot?UPD,2017,5269, HTTP/1.1" 200 14476
186.103.156.24 - - [07/Mar/2017:18:49:24 -0300] "POST /cormun/servlet/solicitudot?gx-no-cache=1488923435529 HTTP/1.1" 200 3186
186.103.156.24 - - [07/Mar/2017:18:49:24 -0300] "POST /cormun/servlet/solicitudot?cabc62e89d781e45d2dbf71864eb08ab,UPD,2017,5269,,gx-no-cache=1488923435671 HTTP/1.1" 200 11092
186.103.156.24 - - [07/Mar/2017:18:49:24 -0300] "GET /cormun/servlet/solicitudot?1e322c3a39387198aa49f6c33f8241ae86827258c45ac20b765fbe25d50ef628427d335aad8cc96fb6a000a8dc9c29fa,gx-no-cache=1488923435883 HTTP/1.1" 200 30
186.103.156.24 - - [07/Mar/2017:18:49:24 -0300] "POST /cormun/servlet/solicitudot?gx-no-cache=1488923435926 HTTP/1.1" 200 255
186.103.156.24 - - [07/Mar/2017:18:49:24 -0300] "GET /cormun/servlet/solicitudot?1e322c3a39387198aa49f6c33f8241ae5ed856354cea2a4b9af55c53fee664a96eb89e378c81ffb4c10d33a0067626ea9f5a8f7d8ed5b998bef059fb2f17d9cf69e6cc969eff2c20e82ffb043e5aae9d829922d51dd7f381b85d83d8b233146ef4095bb4a108e72093a67133770940cd353a322126cb03cd12115f13b81ce789721db2fdde2381bb0c4acce6cb8d40a6764ba69952f4d4beaa68b4af6a09f90f34d1cd9af25970376e4e1b8e2b9fd7707b63d505c4d2b43a95715afe85532b3ef921763eeb899c9d0fab85bf45b332d645037135f0097b9fb2885e24806f3d2a98adc2112e6a75a14d1bb6c4ec2332fe3dea56fe582b46252d94b825edb14ff9e67e3b67a3cba5e2a9129aaefcc0483016f8f7225288211e168a544bba09e3e76b9dd4cffd57ef398f31050ca74e5e61490ebaecc58d2a5511a5db19a5c36adeea6d8512159a266c1359da8373bef5084a47434e5fc13f27702cadf2aa0429b3167b1cfecaecbc7973890cdadcea99235c9d7346f5eac13a97243facff3b9ae1,gx-no-cache=1488923435960 HTTP/1.1" 200 30
186.103.156.24 - - [07/Mar/2017:18:49:24 -0300] "POST /cormun/servlet/solicitudot?gx-no-cache=1488923436293 HTTP/1.1" 200 30
186.103.156.24 - - [07/Mar/2017:18:49:24 -0300] "POST /cormun/servlet/solicitudot?gx-no-cache=1488923436335 HTTP/1.1" 200 1287
186.103.156.24 - - [07/Mar/2017:18:49:24 -0300] "POST /cormun/servlet/solicitudot?gx-no-cache=1488923436399 HTTP/1.1" 200 41
186.103.156.24 - - [07/Mar/2017:18:49:50 -0300] "GET /cormun/servlet/trsolicitudot? HTTP/1.1" 200 8224
186.103.156.24 - - [07/Mar/2017:18:49:51 -0300] "GET /cormun/servlet/trsolicitudot? HTTP/1.1" 200 8224
186.103.156.24 - - [07/Mar/2017:18:49:54 -0300] "POST /cormun/servlet/trsolicitudot?cabc62e89d781e45d2dbf71864eb08ab,,gx-no-cache=1488923466422 HTTP/1.1" 200 106
186.103.156.24 - - [07/Mar/2017:18:49:55 -0300] "GET /cormun/servlet/solicitudot?DLT,2017,5269, HTTP/1.1" 200 9564
186.103.156.24 - - [07/Mar/2017:18:49:55 -0300] "GET /cormun/static/Shared/jqueryui/images/ui-bg_highlight-soft_100_c6c2c8_1x100.png HTTP/1.1" 404 1117
186.103.156.24 - - [07/Mar/2017:18:49:55 -0300] "GET /cormun/static/Shared/jqueryui/images/ui-icons_82798d_256x240.png HTTP/1.1" 404 1089
186.103.156.24 - - [07/Mar/2017:18:49:55 -0300] "GET /cormun/static/Shared/jqueryui/images/ui-bg_flat_55_fafafa_40x100.png HTTP/1.1" 404 1097
186.103.156.24 - - [07/Mar/2017:18:49:55 -0300] "GET /cormun/static/Shared/jqueryui/images/ui-icons_8d78a5_256x240.png HTTP/1.1" 404 1089
186.103.156.24 - - [07/Mar/2017:18:49:55 -0300] "GET /cormun/servlet/solicitudot?DLT,2017,5269, HTTP/1.1" 200 9575
186.103.156.24 - - [07/Mar/2017:18:50:06 -0300] "POST /cormun/servlet/solicitudot?cabc62e89d781e45d2dbf71864eb08ab,DLT,2017,5269,,gx-no-cache=1488923477515 HTTP/1.1" 200 12622
186.103.156.24 - - [07/Mar/2017:18:50:06 -0300] "GET /cormun/static/Shared/jqueryui/images/ui-bg_flat_55_994d53_40x100.png HTTP/1.1" 404 1097
186.103.156.24 - - [07/Mar/2017:18:50:06 -0300] "GET /cormun/static/Shared/jqueryui/images/ui-icons_ebccce_256x240.png HTTP/1.1" 404 1089
186.103.156.24 - - [07/Mar/2017:18:50:15 -0300] "POST /cormun/servlet/solicitudot?cabc62e89d781e45d2dbf71864eb08ab,DLT,2017,5269,,gx-no-cache=1488923486492 HTTP/1.1" 200 93
186.103.156.24 - - [07/Mar/2017:18:50:15 -0300] "GET /cormun/servlet/hpexe_return? HTTP/1.1" 200 1009
186.103.156.24 - - [07/Mar/2017:18:50:15 -0300] "GET /cormun/servlet/trsolicitudot HTTP/1.1" 200 8229
186.103.156.24 - - [07/Mar/2017:18:50:16 -0300] "GET /cormun/servlet/trsolicitudot HTTP/1.1" 200 8224
186.103.156.24 - - [07/Mar/2017:18:50:20 -0300] "POST /cormun/servlet/trsolicitudot?cabc62e89d781e45d2dbf71864eb08ab,gx-no-cache=1488923492383 HTTP/1.1" 200 5472
186.103.156.24 - - [07/Mar/2017:18:50:20 -0300] "GET /cormun/static/Shared/jqueryui/images/ui-bg_highlight-soft_100_c6c2c8_1x100.png HTTP/1.1" 404 1117
186.103.156.24 - - [07/Mar/2017:18:50:20 -0300] "GET /cormun/static/Shared/jqueryui/images/ui-icons_82798d_256x240.png HTTP/1.1" 404 1089
186.103.156.24 - - [07/Mar/2017:18:50:21 -0300] "GET /cormun/static/Shared/jqueryui/images/ui-bg_flat_55_fafafa_40x100.png HTTP/1.1" 404 1097
186.103.156.24 - - [07/Mar/2017:18:50:21 -0300] "GET /cormun/static/Shared/jqueryui/images/ui-icons_8d78a5_256x240.png HTTP/1.1" 404 1089
