186.103.156.24 - - [07/Mar/2017:18:50:24 -0300] "GET /cormun/servlet/treventos?2017,5269, HTTP/1.1" 200 7747
186.103.156.24 - - [07/Mar/2017:18:50:24 -0300] "GET /cormun/static/gxcfg.js?2016101716195975 HTTP/1.1" 200 953
186.103.156.24 - - [07/Mar/2017:18:50:24 -0300] "GET /cormun/static/treventos.js?201610171620222 HTTP/1.1" 200 16055
186.103.156.24 - - [07/Mar/2017:18:50:25 -0300] "GET /cormun/servlet/treventos?2017,5269, HTTP/1.1" 200 7753
186.103.156.24 - - [07/Mar/2017:18:50:59 -0300] "GET /cormun/servlet/trsolicitudot? HTTP/1.1" 200 8224
186.103.156.24 - - [07/Mar/2017:18:51:00 -0300] "GET /cormun/servlet/trsolicitudot? HTTP/1.1" 200 8224
192.168.10.96 - - [07/Mar/2017:18:51:08 -0300] "GET /cormun/servlet/trconsultaempleado? HTTP/1.1" 200 9190
192.168.10.96 - - [07/Mar/2017:18:51:09 -0300] "GET /cormun/servlet/trconsultaempleado? HTTP/1.1" 200 9189
186.103.156.24 - - [07/Mar/2017:18:51:15 -0300] "POST /cormun/servlet/trsolicitudot?cabc62e89d781e45d2dbf71864eb08ab,,gx-no-cache=1488923547213 HTTP/1.1" 200 106
186.103.156.24 - - [07/Mar/2017:18:51:15 -0300] "GET /cormun/servlet/solicitudot?DLT,2017,5269, HTTP/1.1" 200 9564
186.103.156.24 - - [07/Mar/2017:18:51:16 -0300] "GET /cormun/static/Shared/jqueryui/images/ui-bg_highlight-soft_100_c6c2c8_1x100.png HTTP/1.1" 404 1117
186.103.156.24 - - [07/Mar/2017:18:51:16 -0300] "GET /cormun/static/Shared/jqueryui/images/ui-icons_82798d_256x240.png HTTP/1.1" 404 1089
186.103.156.24 - - [07/Mar/2017:18:51:16 -0300] "GET /cormun/static/Shared/jqueryui/images/ui-bg_flat_55_fafafa_40x100.png HTTP/1.1" 404 1097
186.103.156.24 - - [07/Mar/2017:18:51:16 -0300] "GET /cormun/static/Shared/jqueryui/images/ui-icons_8d78a5_256x240.png HTTP/1.1" 404 1089
186.103.156.24 - - [07/Mar/2017:18:51:16 -0300] "GET /cormun/servlet/solicitudot?DLT,2017,5269, HTTP/1.1" 200 9575
192.168.10.96 - - [07/Mar/2017:18:51:18 -0300] "POST /cormun/servlet/trconsultaempleado?d65ea6214eae9777d2c17f904a9457fc,,gx-no-cache=1488926762733 HTTP/1.1" 200 4333
192.168.10.96 - - [07/Mar/2017:18:51:19 -0300] "GET /cormun/servlet/trsolicitudnombre?14024644, HTTP/1.1" 200 7628
192.168.10.96 - - [07/Mar/2017:18:51:20 -0300] "GET /cormun/servlet/trsolicitudnombre?14024644, HTTP/1.1" 200 7629
192.168.10.96 - - [07/Mar/2017:18:51:25 -0300] "GET /cormun/servlet/vesolicitudnombre?2017,5064,, HTTP/1.1" 200 8342
192.168.10.96 - - [07/Mar/2017:18:51:25 -0300] "GET /cormun/pexe_scrolldiv.js HTTP/1.1" 404 1009
192.168.10.96 - - [07/Mar/2017:18:51:25 -0300] "GET /cormun/pexe_scrolldiv.js HTTP/1.1" 404 1009
192.168.10.96 - - [07/Mar/2017:18:51:25 -0300] "GET /cormun/servlet/vesolicitudnombre?2017,5064,, HTTP/1.1" 200 8336
192.168.10.96 - - [07/Mar/2017:18:51:27 -0300] "GET /cormun/servlet/vesolicitudnombre?2017,5064,,SolicitudOTAdjuntos HTTP/1.1" 200 7338
192.168.10.96 - - [07/Mar/2017:18:51:27 -0300] "GET /cormun/pexe_scrolldiv.js HTTP/1.1" 404 1009
192.168.10.96 - - [07/Mar/2017:18:51:27 -0300] "GET /cormun/pexe_scrolldiv.js HTTP/1.1" 404 1009
192.168.10.96 - - [07/Mar/2017:18:51:27 -0300] "GET /cormun/servlet/vesolicitudnombre?2017,5064,,SolicitudOTAdjuntos HTTP/1.1" 200 7339
192.168.10.96 - - [07/Mar/2017:18:51:28 -0300] "POST /cormun/servlet/acontrolpreferencessavestate?None,DZAMUDIO,true HTTP/1.1" 200 35
186.103.156.24 - - [07/Mar/2017:18:51:30 -0300] "POST /cormun/servlet/solicitudot?cabc62e89d781e45d2dbf71864eb08ab,DLT,2017,5269,,gx-no-cache=1488923561957 HTTP/1.1" 200 12622
186.103.156.24 - - [07/Mar/2017:18:51:30 -0300] "GET /cormun/static/Shared/jqueryui/images/ui-bg_flat_55_994d53_40x100.png HTTP/1.1" 404 1097
186.103.156.24 - - [07/Mar/2017:18:51:30 -0300] "GET /cormun/static/Shared/jqueryui/images/ui-icons_ebccce_256x240.png HTTP/1.1" 404 1089
192.168.10.96 - - [07/Mar/2017:18:51:30 -0300] "POST /cormun/servlet/vesolicitudnombre?d65ea6214eae9777d2c17f904a9457fc,2017,5064,,SolicitudOTAdjuntos,gx-no-cache=1488926774894 HTTP/1.1" 200 90
192.168.10.96 - - [07/Mar/2017:18:51:30 -0300] "GET /cormun/servlet/hpexe_link HTTP/1.1" 200 992
192.168.10.96 - - [07/Mar/2017:18:51:30 -0300] "GET /cormun/servlet/trsolicitudnombre?14024644, HTTP/1.1" 200 7629
192.168.10.96 - - [07/Mar/2017:18:51:31 -0300] "GET /cormun/servlet/trsolicitudnombre?14024644, HTTP/1.1" 200 7631
186.103.156.24 - - [07/Mar/2017:18:51:33 -0300] "POST /cormun/servlet/solicitudot?cabc62e89d781e45d2dbf71864eb08ab,DLT,2017,5269,,gx-no-cache=1488923564348 HTTP/1.1" 200 93
186.103.156.24 - - [07/Mar/2017:18:51:33 -0300] "GET /cormun/servlet/hpexe_return? HTTP/1.1" 200 1009
186.103.156.24 - - [07/Mar/2017:18:51:33 -0300] "GET /cormun/servlet/trsolicitudot HTTP/1.1" 200 8229
192.168.10.96 - - [07/Mar/2017:18:51:33 -0300] "GET /cormun/servlet/vesolicitudnombre?2017,5065,, HTTP/1.1" 200 8349
192.168.10.96 - - [07/Mar/2017:18:51:33 -0300] "GET /cormun/pexe_scrolldiv.js HTTP/1.1" 404 1009
192.168.10.96 - - [07/Mar/2017:18:51:33 -0300] "GET /cormun/pexe_scrolldiv.js HTTP/1.1" 404 1009
192.168.10.96 - - [07/Mar/2017:18:51:33 -0300] "GET /cormun/servlet/vesolicitudnombre?2017,5065,, HTTP/1.1" 200 8343
186.103.156.24 - - [07/Mar/2017:18:51:34 -0300] "GET /cormun/servlet/trsolicitudot HTTP/1.1" 200 8224
192.168.10.96 - - [07/Mar/2017:18:51:36 -0300] "GET /cormun/servlet/vesolicitudnombre?2017,5065,,SolicitudOTAdjuntos HTTP/1.1" 200 7341
192.168.10.96 - - [07/Mar/2017:18:51:36 -0300] "GET /cormun/pexe_scrolldiv.js HTTP/1.1" 404 1009
192.168.10.96 - - [07/Mar/2017:18:51:36 -0300] "GET /cormun/pexe_scrolldiv.js HTTP/1.1" 404 1009
192.168.10.96 - - [07/Mar/2017:18:51:37 -0300] "GET /cormun/servlet/vesolicitudnombre?2017,5065,,SolicitudOTAdjuntos HTTP/1.1" 200 7342
192.168.10.96 - - [07/Mar/2017:18:51:38 -0300] "POST /cormun/servlet/acontrolpreferencessavestate?None,DZAMUDIO,true HTTP/1.1" 200 35
186.103.156.24 - - [07/Mar/2017:18:51:38 -0300] "GET /cormun/servlet/vesolicitudot?2017,5269,, HTTP/1.1" 200 8221
186.103.156.24 - - [07/Mar/2017:18:51:38 -0300] "GET /cormun/static/gxcfg.js?20161221854299 HTTP/1.1" 200 953
186.103.156.24 - - [07/Mar/2017:18:51:38 -0300] "GET /cormun/pexe_scrolldiv.js HTTP/1.1" 404 1009
186.103.156.24 - - [07/Mar/2017:18:51:38 -0300] "GET /cormun/static/vesolicitudot.js?20161221854352 HTTP/1.1" 200 6091
186.103.156.24 - - [07/Mar/2017:18:51:38 -0300] "GET /cormun/static/tbsolicitudot01.js?2017119103633 HTTP/1.1" 200 28340
192.168.10.96 - - [07/Mar/2017:18:51:39 -0300] "POST /cormun/servlet/vesolicitudnombre?d65ea6214eae9777d2c17f904a9457fc,2017,5065,,SolicitudOTAdjuntos,gx-no-cache=1488926783195 HTTP/1.1" 200 90
192.168.10.96 - - [07/Mar/2017:18:51:39 -0300] "GET /cormun/servlet/hpexe_link HTTP/1.1" 200 991
192.168.10.96 - - [07/Mar/2017:18:51:39 -0300] "GET /cormun/servlet/trsolicitudnombre?14024644, HTTP/1.1" 200 7629
186.103.156.24 - - [07/Mar/2017:18:51:39 -0300] "GET /cormun/servlet/vesolicitudot?2017,5269,, HTTP/1.1" 200 8220
192.168.10.96 - - [07/Mar/2017:18:51:39 -0300] "GET /cormun/servlet/trsolicitudnombre?14024644, HTTP/1.1" 200 7632
192.168.10.96 - - [07/Mar/2017:18:51:41 -0300] "GET /cormun/servlet/vesolicitudnombre?2017,5066,, HTTP/1.1" 200 8348
192.168.10.96 - - [07/Mar/2017:18:51:41 -0300] "GET /cormun/pexe_scrolldiv.js HTTP/1.1" 404 1009
192.168.10.96 - - [07/Mar/2017:18:51:41 -0300] "GET /cormun/pexe_scrolldiv.js HTTP/1.1" 404 1009
192.168.10.96 - - [07/Mar/2017:18:51:41 -0300] "GET /cormun/servlet/vesolicitudnombre?2017,5066,, HTTP/1.1" 200 8342
192.168.10.96 - - [07/Mar/2017:18:51:43 -0300] "GET /cormun/servlet/vesolicitudnombre?2017,5066,,SolicitudOTAdjuntos HTTP/1.1" 200 7341
192.168.10.96 - - [07/Mar/2017:18:51:43 -0300] "GET /cormun/pexe_scrolldiv.js HTTP/1.1" 404 1009
192.168.10.96 - - [07/Mar/2017:18:51:43 -0300] "GET /cormun/pexe_scrolldiv.js HTTP/1.1" 404 1009
192.168.10.96 - - [07/Mar/2017:18:51:43 -0300] "GET /cormun/servlet/vesolicitudnombre?2017,5066,,SolicitudOTAdjuntos HTTP/1.1" 200 7342
192.168.10.96 - - [07/Mar/2017:18:51:44 -0300] "POST /cormun/servlet/acontrolpreferencessavestate?None,DZAMUDIO,true HTTP/1.1" 200 35
192.168.10.96 - - [07/Mar/2017:18:51:45 -0300] "POST /cormun/servlet/vesolicitudnombre?d65ea6214eae9777d2c17f904a9457fc,2017,5066,,SolicitudOTAdjuntos,gx-no-cache=1488926789576 HTTP/1.1" 200 90
192.168.10.96 - - [07/Mar/2017:18:51:45 -0300] "GET /cormun/servlet/hpexe_link HTTP/1.1" 200 992
186.103.156.24 - - [07/Mar/2017:18:51:45 -0300] "GET /cormun/servlet/vesolicitudot?2017,5269,,SolicitudOTAdjuntos HTTP/1.1" 200 7281
186.103.156.24 - - [07/Mar/2017:18:51:45 -0300] "GET /cormun/pexe_scrolldiv.js HTTP/1.1" 404 1009
186.103.156.24 - - [07/Mar/2017:18:51:45 -0300] "GET /cormun/static/tbsolicitudot02.js?20161221847758 HTTP/1.1" 200 15617
192.168.10.96 - - [07/Mar/2017:18:51:45 -0300] "GET /cormun/servlet/trsolicitudnombre?14024644, HTTP/1.1" 200 7629
186.103.156.24 - - [07/Mar/2017:18:51:46 -0300] "GET /cormun/servlet/vesolicitudot?2017,5269,,SolicitudOTAdjuntos HTTP/1.1" 200 7282
192.168.10.96 - - [07/Mar/2017:18:51:46 -0300] "GET /cormun/servlet/trsolicitudnombre?14024644, HTTP/1.1" 200 7631
186.103.156.24 - - [07/Mar/2017:18:51:47 -0300] "POST /cormun/servlet/acontrolpreferencessavestate?None,GALVAREZ,true HTTP/1.1" 200 35
186.103.156.24 - - [07/Mar/2017:18:51:49 -0300] "GET /cormun/servlet/vesolicitudot?2017,5269,,SolicitudOTLog HTTP/1.1" 200 8874
186.103.156.24 - - [07/Mar/2017:18:51:49 -0300] "GET /cormun/pexe_scrolldiv.js HTTP/1.1" 404 1009
186.103.156.24 - - [07/Mar/2017:18:51:49 -0300] "GET /cormun/static/tbsolicitudot03.js?201612218425438 HTTP/1.1" 200 13323
186.103.156.24 - - [07/Mar/2017:18:51:49 -0300] "GET /cormun/pexe_scrolldiv.js HTTP/1.1" 404 1009
186.103.156.24 - - [07/Mar/2017:18:51:50 -0300] "GET /cormun/servlet/vesolicitudot?2017,5269,,SolicitudOTLog HTTP/1.1" 200 8874
186.103.156.24 - - [07/Mar/2017:18:51:51 -0300] "POST /cormun/servlet/acontrolpreferencessavestate?None,GALVAREZ,true HTTP/1.1" 200 35
186.103.156.24 - - [07/Mar/2017:18:51:53 -0300] "GET /cormun/servlet/vesolicitudot?2017,5269,,General HTTP/1.1" 200 8237
186.103.156.24 - - [07/Mar/2017:18:51:53 -0300] "GET /cormun/pexe_scrolldiv.js HTTP/1.1" 404 1009
186.103.156.24 - - [07/Mar/2017:18:51:53 -0300] "GET /cormun/pexe_scrolldiv.js HTTP/1.1" 404 1009
186.103.156.24 - - [07/Mar/2017:18:51:53 -0300] "GET /cormun/servlet/vesolicitudot?2017,5269,,General HTTP/1.1" 200 8237
186.103.156.24 - - [07/Mar/2017:18:52:06 -0300] "POST /cormun/servlet/vesolicitudot?cabc62e89d781e45d2dbf71864eb08ab,2017,5269,,General,gx-no-cache=1488923597403 HTTP/1.1" 200 93
186.103.156.24 - - [07/Mar/2017:18:52:06 -0300] "GET /cormun/servlet/hpexe_return? HTTP/1.1" 200 1010
186.103.156.24 - - [07/Mar/2017:18:52:06 -0300] "GET /cormun/servlet/trsolicitudot HTTP/1.1" 200 8238
186.103.156.24 - - [07/Mar/2017:18:52:07 -0300] "GET /cormun/servlet/trsolicitudot HTTP/1.1" 200 8234
186.103.156.24 - - [07/Mar/2017:18:52:15 -0300] "POST /cormun/servlet/trsolicitudot?cabc62e89d781e45d2dbf71864eb08ab,gx-no-cache=1488923607335 HTTP/1.1" 200 106
186.103.156.24 - - [07/Mar/2017:18:52:15 -0300] "GET /cormun/servlet/solicitudot?DLT,2017,5269, HTTP/1.1" 200 9574
186.103.156.24 - - [07/Mar/2017:18:52:16 -0300] "GET /cormun/static/Shared/jqueryui/images/ui-bg_highlight-soft_100_c6c2c8_1x100.png HTTP/1.1" 404 1117
186.103.156.24 - - [07/Mar/2017:18:52:16 -0300] "GET /cormun/static/Shared/jqueryui/images/ui-icons_82798d_256x240.png HTTP/1.1" 404 1089
186.103.156.24 - - [07/Mar/2017:18:52:16 -0300] "GET /cormun/static/Shared/jqueryui/images/ui-bg_flat_55_fafafa_40x100.png HTTP/1.1" 404 1097
186.103.156.24 - - [07/Mar/2017:18:52:16 -0300] "GET /cormun/static/Shared/jqueryui/images/ui-icons_8d78a5_256x240.png HTTP/1.1" 404 1089
186.103.156.24 - - [07/Mar/2017:18:52:16 -0300] "GET /cormun/servlet/solicitudot?DLT,2017,5269, HTTP/1.1" 200 9585
186.103.156.24 - - [07/Mar/2017:18:52:20 -0300] "POST /cormun/servlet/solicitudot?cabc62e89d781e45d2dbf71864eb08ab,DLT,2017,5269,,gx-no-cache=1488923611581 HTTP/1.1" 200 12622
186.103.156.24 - - [07/Mar/2017:18:52:20 -0300] "GET /cormun/static/Shared/jqueryui/images/ui-bg_flat_55_994d53_40x100.png HTTP/1.1" 404 1097
186.103.156.24 - - [07/Mar/2017:18:52:20 -0300] "GET /cormun/static/Shared/jqueryui/images/ui-icons_ebccce_256x240.png HTTP/1.1" 404 1089
186.103.156.24 - - [07/Mar/2017:18:52:25 -0300] "GET /cormun/servlet/trsolicitudot HTTP/1.1" 200 8238
186.103.156.24 - - [07/Mar/2017:18:52:26 -0300] "GET /cormun/servlet/trsolicitudot HTTP/1.1" 200 8234
186.103.156.24 - - [07/Mar/2017:18:52:29 -0300] "POST /cormun/servlet/trsolicitudot?cabc62e89d781e45d2dbf71864eb08ab,gx-no-cache=1488923621483 HTTP/1.1" 200 106
186.103.156.24 - - [07/Mar/2017:18:52:30 -0300] "GET /cormun/servlet/solicitudot?UPD,2017,5269, HTTP/1.1" 200 14476
186.103.156.24 - - [07/Mar/2017:18:52:30 -0300] "GET /cormun/servlet/solicitudot?UPD,2017,5269, HTTP/1.1" 200 14486
186.103.156.24 - - [07/Mar/2017:18:52:31 -0300] "POST /cormun/servlet/solicitudot?gx-no-cache=1488923622723 HTTP/1.1" 200 3186
186.103.156.24 - - [07/Mar/2017:18:52:31 -0300] "POST /cormun/servlet/solicitudot?cabc62e89d781e45d2dbf71864eb08ab,UPD,2017,5269,,gx-no-cache=1488923622919 HTTP/1.1" 200 11092
186.103.156.24 - - [07/Mar/2017:18:52:31 -0300] "GET /cormun/servlet/solicitudot?1e322c3a39387198aa49f6c33f8241ae86827258c45ac20b765fbe25d50ef628427d335aad8cc96fb6a000a8dc9c29fa,gx-no-cache=1488923623439 HTTP/1.1" 200 30
186.103.156.24 - - [07/Mar/2017:18:52:31 -0300] "POST /cormun/servlet/solicitudot?gx-no-cache=1488923623478 HTTP/1.1" 200 255
186.103.156.24 - - [07/Mar/2017:18:52:32 -0300] "GET /cormun/servlet/solicitudot?1e322c3a39387198aa49f6c33f8241ae5ed856354cea2a4b9af55c53fee664a96eb89e378c81ffb4c10d33a0067626ea9f5a8f7d8ed5b998bef059fb2f17d9cf69e6cc969eff2c20e82ffb043e5aae9d829922d51dd7f381b85d83d8b233146ef4095bb4a108e72093a67133770940cd353a322126cb03cd12115f13b81ce789721db2fdde2381bb0c4acce6cb8d40a6764ba69952f4d4beaa68b4af6a09f90f34d1cd9af25970376e4e1b8e2b9fd7707b63d505c4d2b43a95715afe85532b3ef921763eeb899c9d0fab85bf45b332d645037135f0097b9fb2885e24806f3d2a98adc2112e6a75a14d1bb6c4ec2332fe3dea56fe582b46252d94b825edb14ff9e67e3b67a3cba5e2a9129aaefcc0483016f8f7225288211e168a544bba09e3e76b9dd4cffd57ef398f31050ca74e5e61490ebaecc58d2a5511a5db19a5c36adeea6d8512159a266c1359da8373bef5084a47434e5fc13f27702cadf2aa0429b3167b1cfecaecbc7973890cdadcea99235c9d7346f5eac13a97243facff3b9ae1,gx-no-cache=1488923623512 HTTP/1.1" 200 30
186.103.156.24 - - [07/Mar/2017:18:52:32 -0300] "POST /cormun/servlet/solicitudot?gx-no-cache=1488923623845 HTTP/1.1" 200 30
186.103.156.24 - - [07/Mar/2017:18:52:32 -0300] "POST /cormun/servlet/solicitudot?gx-no-cache=1488923623891 HTTP/1.1" 200 1287
186.103.156.24 - - [07/Mar/2017:18:52:32 -0300] "POST /cormun/servlet/solicitudot?gx-no-cache=1488923623973 HTTP/1.1" 200 41
192.168.10.89 - - [07/Mar/2017:18:58:06 -0300] "GET /cormun/servlet/trsolicitudgral? HTTP/1.1" 200 8697
192.168.10.89 - - [07/Mar/2017:18:58:13 -0300] "POST /cormun/servlet/trsolicitudgral?44fdf83669c6de1cb6452d41f7761d09,,gx-no-cache=1488927177821 HTTP/1.1" 200 8775
192.168.10.96 - - [07/Mar/2017:18:59:50 -0300] "GET /cormun/servlet/trconsultaempleado? HTTP/1.1" 200 6524
192.168.10.96 - - [07/Mar/2017:18:59:51 -0300] "GET /cormun/servlet/trconsultaempleado? HTTP/1.1" 200 6524
192.168.10.96 - - [07/Mar/2017:18:59:59 -0300] "POST /cormun/servlet/trconsultaempleado?d65ea6214eae9777d2c17f904a9457fc,,gx-no-cache=1488927283421 HTTP/1.1" 200 4328
192.168.10.96 - - [07/Mar/2017:19:00:04 -0300] "GET /cormun/servlet/trsolicitudnombre?14332458, HTTP/1.1" 200 7461
192.168.10.96 - - [07/Mar/2017:19:00:04 -0300] "GET /cormun/servlet/trsolicitudnombre?14332458, HTTP/1.1" 200 7464
192.168.10.96 - - [07/Mar/2017:19:00:06 -0300] "GET /cormun/servlet/vesolicitudnombre?2017,5057,, HTTP/1.1" 200 8382
192.168.10.96 - - [07/Mar/2017:19:00:06 -0300] "GET /cormun/pexe_scrolldiv.js HTTP/1.1" 404 1009
192.168.10.96 - - [07/Mar/2017:19:00:06 -0300] "GET /cormun/pexe_scrolldiv.js HTTP/1.1" 404 1009
192.168.10.96 - - [07/Mar/2017:19:00:06 -0300] "GET /cormun/servlet/vesolicitudnombre?2017,5057,, HTTP/1.1" 200 8376
192.168.10.96 - - [07/Mar/2017:19:00:08 -0300] "GET /cormun/servlet/vesolicitudnombre?2017,5057,,SolicitudOTAdjuntos HTTP/1.1" 200 10409
192.168.10.96 - - [07/Mar/2017:19:00:08 -0300] "GET /cormun/pexe_scrolldiv.js HTTP/1.1" 404 1009
192.168.10.96 - - [07/Mar/2017:19:00:08 -0300] "GET /cormun/pexe_scrolldiv.js HTTP/1.1" 404 1009
192.168.10.96 - - [07/Mar/2017:19:00:09 -0300] "GET /cormun/servlet/vesolicitudnombre?2017,5057,,SolicitudOTAdjuntos HTTP/1.1" 200 10412
192.168.10.96 - - [07/Mar/2017:19:00:10 -0300] "POST /cormun/servlet/acontrolpreferencessavestate?None,DZAMUDIO,true HTTP/1.1" 200 35
192.168.10.96 - - [07/Mar/2017:19:00:11 -0300] "GET /cormun/PublicTempStorage/claudio_salinas_caceres._c._identidad4777721.jpg HTTP/1.1" 200 60950
192.168.10.96 - - [07/Mar/2017:19:00:32 -0300] "GET /cormun/servlet/vesolicitudnombre?2017,5057,,SolicitudOTAdjuntos HTTP/1.1" 200 10412
192.168.10.96 - - [07/Mar/2017:19:00:33 -0300] "GET /cormun/servlet/vesolicitudnombre?2017,5057,,SolicitudOTAdjuntos HTTP/1.1" 200 10409
192.168.10.96 - - [07/Mar/2017:19:00:34 -0300] "POST /cormun/servlet/acontrolpreferencessavestate?None,DZAMUDIO,true HTTP/1.1" 200 35
192.168.10.96 - - [07/Mar/2017:19:00:35 -0300] "GET /cormun/PublicTempStorage/claudio_salinas_caceres._afp3271353.jpg HTTP/1.1" 200 86408
192.168.10.96 - - [07/Mar/2017:19:00:39 -0300] "GET /cormun/servlet/vesolicitudnombre?2017,5057,,SolicitudOTAdjuntos HTTP/1.1" 200 10411
192.168.10.96 - - [07/Mar/2017:19:00:39 -0300] "GET /cormun/servlet/vesolicitudnombre?2017,5057,,SolicitudOTAdjuntos HTTP/1.1" 200 10413
192.168.10.96 - - [07/Mar/2017:19:00:40 -0300] "POST /cormun/servlet/acontrolpreferencessavestate?None,DZAMUDIO,true HTTP/1.1" 200 35
192.168.10.96 - - [07/Mar/2017:19:00:41 -0300] "GET /cormun/PublicTempStorage/claudio_salinas_caceres_fonasa6889370.jpg HTTP/1.1" 200 88010
192.168.10.96 - - [07/Mar/2017:19:00:45 -0300] "GET /cormun/servlet/vesolicitudnombre?2017,5057,,SolicitudOTAdjuntos HTTP/1.1" 200 10411
192.168.10.96 - - [07/Mar/2017:19:00:46 -0300] "GET /cormun/servlet/vesolicitudnombre?2017,5057,,SolicitudOTAdjuntos HTTP/1.1" 200 10410
192.168.10.96 - - [07/Mar/2017:19:00:47 -0300] "POST /cormun/servlet/acontrolpreferencessavestate?None,DZAMUDIO,true HTTP/1.1" 200 35
192.168.10.96 - - [07/Mar/2017:19:00:48 -0300] "GET /cormun/PublicTempStorage/claudio_salinas_caceres_c._antecedentes8496903.jpg HTTP/1.1" 200 128043
192.168.10.96 - - [07/Mar/2017:19:00:52 -0300] "GET /cormun/servlet/vesolicitudnombre?2017,5057,,SolicitudOTAdjuntos HTTP/1.1" 200 10410
192.168.10.96 - - [07/Mar/2017:19:00:53 -0300] "GET /cormun/servlet/vesolicitudnombre?2017,5057,,SolicitudOTAdjuntos HTTP/1.1" 200 10413
192.168.10.96 - - [07/Mar/2017:19:00:54 -0300] "POST /cormun/servlet/acontrolpreferencessavestate?None,DZAMUDIO,true HTTP/1.1" 200 35
192.168.10.96 - - [07/Mar/2017:19:00:55 -0300] "GET /cormun/PublicTempStorage/claudio_salinas_caceres._c._de_trabajo.7131759.jpg HTTP/1.1" 200 96109
192.168.10.96 - - [07/Mar/2017:19:01:00 -0300] "GET /cormun/servlet/vesolicitudnombre?2017,5057,,SolicitudOTAdjuntos HTTP/1.1" 200 10409
192.168.10.96 - - [07/Mar/2017:19:01:00 -0300] "GET /cormun/servlet/vesolicitudnombre?2017,5057,,SolicitudOTAdjuntos HTTP/1.1" 200 10414
192.168.10.96 - - [07/Mar/2017:19:01:01 -0300] "POST /cormun/servlet/acontrolpreferencessavestate?None,DZAMUDIO,true HTTP/1.1" 200 35
192.168.10.96 - - [07/Mar/2017:19:01:02 -0300] "GET /cormun/PublicTempStorage/claudio_salinas_caceres._c.v_%281%299785285.jpg HTTP/1.1" 200 121483
192.168.10.96 - - [07/Mar/2017:19:01:06 -0300] "GET /cormun/servlet/vesolicitudnombre?2017,5057,,SolicitudOTAdjuntos HTTP/1.1" 200 10410
192.168.10.96 - - [07/Mar/2017:19:01:06 -0300] "GET /cormun/servlet/vesolicitudnombre?2017,5057,,SolicitudOTAdjuntos HTTP/1.1" 200 10412
192.168.10.96 - - [07/Mar/2017:19:01:07 -0300] "POST /cormun/servlet/acontrolpreferencessavestate?None,DZAMUDIO,true HTTP/1.1" 200 35
192.168.10.96 - - [07/Mar/2017:19:01:08 -0300] "GET /cormun/PublicTempStorage/claudio_salinas_caceres._titulo5414205.jpg HTTP/1.1" 200 125786
186.103.156.24 - - [07/Mar/2017:19:06:11 -0300] "GET /cormun/servlet/trcontratounov2? HTTP/1.1" 200 15501
186.103.156.24 - - [07/Mar/2017:19:06:15 -0300] "GET /cormun/servlet/hlogin HTTP/1.1" 200 1733
186.103.156.24 - - [07/Mar/2017:19:06:15 -0300] "GET /cormun/servlet/trcontratounov2? HTTP/1.1" 200 15520
186.103.156.24 - - [07/Mar/2017:19:06:26 -0300] "POST /cormun/servlet/hlogin?60b04651f20637d4ddf4c3c9fe79d9fd,gx-no-cache=1488924457591 HTTP/1.1" 200 90
186.103.156.24 - - [07/Mar/2017:19:06:26 -0300] "GET /cormun/servlet/hpexe_link HTTP/1.1" 200 955
186.103.156.24 - - [07/Mar/2017:19:06:26 -0300] "GET /cormun/servlet/trcontratounov2 HTTP/1.1" 200 16432
186.103.156.24 - - [07/Mar/2017:19:06:27 -0300] "GET /cormun/servlet/trcontratounov2 HTTP/1.1" 200 16447
186.103.156.24 - - [07/Mar/2017:19:07:03 -0300] "GET /cormun/servlet/trsolicitudot? HTTP/1.1" 200 8232
186.103.156.24 - - [07/Mar/2017:19:07:04 -0300] "GET /cormun/servlet/trsolicitudot? HTTP/1.1" 200 8232
186.103.156.24 - - [07/Mar/2017:19:07:07 -0300] "GET /cormun/servlet/solicitudot?INS,0,0, HTTP/1.1" 200 12767
186.103.156.24 - - [07/Mar/2017:19:07:07 -0300] "GET /cormun/servlet/solicitudot?INS,0,0, HTTP/1.1" 200 12771
186.103.156.24 - - [07/Mar/2017:19:07:34 -0300] "POST /cormun/servlet/solicitudot?gx-no-cache=1488924526331 HTTP/1.1" 200 3188
186.103.156.24 - - [07/Mar/2017:19:07:35 -0300] "POST /cormun/servlet/solicitudot?60b04651f20637d4ddf4c3c9fe79d9fd,INS,0,0,,gx-no-cache=1488924526556 HTTP/1.1" 200 9958
186.103.156.24 - - [07/Mar/2017:19:07:40 -0300] "GET /cormun/servlet/solicitudot?9fb4ce070bc33effb9859a83cbe3211ae2c0ff3e9a445e99ecde2eb131bd0ef3e2478022a28fe0bad0648b6a673ff265,gx-no-cache=1488924531575 HTTP/1.1" 200 30
186.103.156.24 - - [07/Mar/2017:19:07:40 -0300] "POST /cormun/servlet/solicitudot?gx-no-cache=1488924531652 HTTP/1.1" 200 240
186.103.156.24 - - [07/Mar/2017:19:07:40 -0300] "GET /cormun/servlet/solicitudot?9fb4ce070bc33effb9859a83cbe3211aa55e95e8ccd17501589c5c208f27ccb49c0ff0c76b1741c4c3009219baa987dc7f1ae4785557d492e1fb98311523ba306e3b002f10d4ece5cf7bfd77ed5153876f8ad2f5f14cdab2b480870a56170c77951885f6c86cc34843ace7f6337c5164e077d151c1023b5cbc36a674afb15ce2b7387bdbb7ea57003872ca6fcfdbac8603bb1356b683b3e3e26e3e0ee92973b2a5db9532afbc7147db677fe1d0887e4cbb58c55bfdd5303ac4553e715ceb5f6f29194a25d7fd51a1e2befb9ec161492c668412ee8a5dcd3a2c183d4dfdd6d7530ca641143606d6495e175c6cf6452ffb1103119ca284038849ceb8f004e0c69c3c45f71dc2bbc232918a8f6d35251cde38326b1605d367a1018244ed0b4150def542bd057625e41de34a7d3c7cd8006591ed9f4d903b5814f0e1792a6f7726462285fa92225e84207216895ba5e54b303156f0f4234392636d40923b56af043998cf32d343588fbe023ffcf031828da6d24581be31cebff79f7fd6e4c786abcd,gx-no-cache=1488924531688 HTTP/1.1" 200 30
186.103.156.24 - - [07/Mar/2017:19:07:44 -0300] "POST /cormun/servlet/solicitudot?gx-no-cache=1488924536486 HTTP/1.1" 200 30
186.103.156.24 - - [07/Mar/2017:19:08:51 -0300] "POST /cormun/servlet/solicitudot?gx-no-cache=1488924602753 HTTP/1.1" 200 1291
186.103.156.24 - - [07/Mar/2017:19:08:51 -0300] "GET /cormun/static/menuarrow.gif HTTP/1.1" 404 1015
186.103.156.24 - - [07/Mar/2017:19:09:09 -0300] "POST /cormun/servlet/solicitudot?gx-no-cache=1488924620966 HTTP/1.1" 200 118
186.103.156.24 - - [07/Mar/2017:19:09:09 -0300] "GET /cormun/static/Shared/jqueryui/images/ui-bg_highlight-soft_100_c6c2c8_1x100.png HTTP/1.1" 404 1117
186.103.156.24 - - [07/Mar/2017:19:09:09 -0300] "GET /cormun/static/Shared/jqueryui/images/ui-icons_82798d_256x240.png HTTP/1.1" 404 1089
186.103.156.24 - - [07/Mar/2017:19:09:09 -0300] "GET /cormun/static/Shared/jqueryui/images/ui-bg_flat_55_994d53_40x100.png HTTP/1.1" 404 1097
186.103.156.24 - - [07/Mar/2017:19:09:09 -0300] "GET /cormun/static/Shared/jqueryui/images/ui-icons_ebccce_256x240.png HTTP/1.1" 404 1089
186.103.156.24 - - [07/Mar/2017:19:09:19 -0300] "POST /cormun/servlet/solicitudot?gx-no-cache=1488924631515 HTTP/1.1" 200 118
186.103.156.24 - - [07/Mar/2017:19:09:32 -0300] "POST /cormun/servlet/solicitudot?gx-no-cache=1488924644093 HTTP/1.1" 200 118
186.103.156.24 - - [07/Mar/2017:19:09:47 -0300] "POST /cormun/servlet/solicitudot?gx-no-cache=1488924658967 HTTP/1.1" 200 118
186.103.156.24 - - [07/Mar/2017:19:10:13 -0300] "POST /cormun/servlet/solicitudot?gx-no-cache=1488924684981 HTTP/1.1" 200 1291
186.103.156.24 - - [07/Mar/2017:19:10:18 -0300] "GET /cormun/static/Resources/resize.gif HTTP/1.1" 200 77
186.103.156.24 - - [07/Mar/2017:19:10:18 -0300] "GET /cormun/servlet/prlicenciaspermisos?11671556,L,,MD,,gxPopupLevel%3D0%3B HTTP/1.1" 200 7695
186.103.156.24 - - [07/Mar/2017:19:10:18 -0300] "GET /cormun/static/gxcfg.js?2016122619302491 HTTP/1.1" 200 953
186.103.156.24 - - [07/Mar/2017:19:10:18 -0300] "GET /cormun/static/prlicenciaspermisos.js?2016122619302645 HTTP/1.1" 200 13363
186.103.156.24 - - [07/Mar/2017:19:10:18 -0300] "GET /cormun/static/menusearch.js?201610171694467 HTTP/1.1" 200 1424
186.103.156.24 - - [07/Mar/2017:19:10:18 -0300] "GET /cormun/static/Resources/PXToolsMenuSearch.png HTTP/1.1" 200 2914
186.103.156.24 - - [07/Mar/2017:19:10:18 -0300] "GET /cormun/static/Resources/PXToolsMenuSearchCancel.png HTTP/1.1" 200 2972
186.103.156.24 - - [07/Mar/2017:19:10:18 -0300] "GET /cormun/static/hmpwkw011.js?201612218515582 HTTP/1.1" 200 1968
186.103.156.24 - - [07/Mar/2017:19:10:35 -0300] "POST /cormun/servlet/solicitudot?gx-no-cache=1488924707055 HTTP/1.1" 200 41
186.103.156.24 - - [07/Mar/2017:19:10:35 -0300] "GET /cormun/servlet/solicitudot?9fb4ce070bc33effb9859a83cbe3211a8c1743d2f34c9eca58b31b57c72ea357b72a9069fcca4529fffd3432fa04d03867f1253ef17ea17e9f6141392204b6c743ab0757da84914cae2a6f4fddea1116c9ae5890ced43b728961011cbdc1ebec21a96fd83190a1cf8133451189729dafa6849e5764131a1b4c271fd651a63f88ea6458576bcac44cf8794327d3349a9a071f4e9e5a52e74997797bc8d70c856d25d9aa90f6e58fe55b569321ed845d55d33a2cc8f4524f1713f5f0338209d443ffb5e689e90d0287d00975465415a866,gx-no-cache=1488924707121 HTTP/1.1" 200 29
186.103.156.24 - - [07/Mar/2017:19:10:35 -0300] "POST /cormun/servlet/solicitudot?gx-no-cache=1488924707156 HTTP/1.1" 200 1274
186.103.156.24 - - [07/Mar/2017:19:10:35 -0300] "POST /cormun/servlet/solicitudot?gx-no-cache=1488924707221 HTTP/1.1" 200 1157
186.103.156.24 - - [07/Mar/2017:19:10:38 -0300] "POST /cormun/servlet/solicitudot?gx-no-cache=1488924709622 HTTP/1.1" 200 1274
186.103.156.24 - - [07/Mar/2017:19:10:38 -0300] "POST /cormun/servlet/solicitudot?gx-no-cache=1488924709700 HTTP/1.1" 200 1157
186.103.156.24 - - [07/Mar/2017:19:10:42 -0300] "GET /cormun/servlet/solicitudot?9fb4ce070bc33effb9859a83cbe3211adf6e2f16b360aec6b21d70692fc011fd49f026e86499c0f9465d375ff302a2c2ada157a9e217495a7c456187abfbb37b6ac2f5ab3ee14d4577acca2e9287cd26df111cddb432d93a10d43b719263f15a4a45f1e8845231a717daf9ea85cabe698b2c3dbcca2df5b200a531536016dd800b466dcbc07521b6105fb71f26d03a72d170653f9b37cafa20b6ee69cf37f2cf39e510c5961a8593dc4b470bc0c4a8d4b5b4951a7045fcefed16d24552697a62,gx-no-cache=1488924713758 HTTP/1.1" 200 30
192.168.10.89 - - [07/Mar/2017:19:10:44 -0300] "POST /cormun/servlet/trsolicitudgral?44fdf83669c6de1cb6452d41f7761d09,,gx-no-cache=1488927928497 HTTP/1.1" 200 5609
192.168.10.89 - - [07/Mar/2017:19:10:44 -0300] "GET /cormun/static/Shared/jqueryui/images/ui-icons_8d78a5_256x240.png HTTP/1.1" 404 1089
192.168.10.89 - - [07/Mar/2017:19:10:44 -0300] "GET /cormun/static/Shared/jqueryui/images/ui-bg_flat_55_fafafa_40x100.png HTTP/1.1" 404 1097
192.168.10.89 - - [07/Mar/2017:19:10:44 -0300] "GET /cormun/static/Shared/jqueryui/images/ui-bg_highlight-soft_100_c6c2c8_1x100.png HTTP/1.1" 404 1117
192.168.10.89 - - [07/Mar/2017:19:10:44 -0300] "GET /cormun/static/Shared/jqueryui/images/ui-icons_82798d_256x240.png HTTP/1.1" 404 1089
186.103.156.24 - - [07/Mar/2017:19:11:02 -0300] "POST /cormun/servlet/solicitudot?60b04651f20637d4ddf4c3c9fe79d9fd,INS,0,0,,gx-no-cache=1488924733350 HTTP/1.1" 200 93
186.103.156.24 - - [07/Mar/2017:19:11:02 -0300] "GET /cormun/servlet/hpexe_return? HTTP/1.1" 200 1002
186.103.156.24 - - [07/Mar/2017:19:11:02 -0300] "GET /cormun/servlet/trsolicitudot HTTP/1.1" 200 8652
186.103.156.24 - - [07/Mar/2017:19:11:03 -0300] "GET /cormun/servlet/trsolicitudot HTTP/1.1" 200 8647
186.103.156.24 - - [07/Mar/2017:19:11:11 -0300] "POST /cormun/servlet/trsolicitudot?60b04651f20637d4ddf4c3c9fe79d9fd,gx-no-cache=1488924743049 HTTP/1.1" 200 5546
186.103.156.24 - - [07/Mar/2017:19:11:12 -0300] "GET /cormun/static/Shared/jqueryui/images/ui-bg_highlight-soft_100_c6c2c8_1x100.png HTTP/1.1" 404 1117
186.103.156.24 - - [07/Mar/2017:19:11:12 -0300] "GET /cormun/static/Shared/jqueryui/images/ui-icons_82798d_256x240.png HTTP/1.1" 404 1089
186.103.156.24 - - [07/Mar/2017:19:11:12 -0300] "GET /cormun/static/Shared/jqueryui/images/ui-bg_flat_55_fafafa_40x100.png HTTP/1.1" 404 1097
186.103.156.24 - - [07/Mar/2017:19:11:12 -0300] "GET /cormun/static/Shared/jqueryui/images/ui-icons_8d78a5_256x240.png HTTP/1.1" 404 1089
186.103.156.24 - - [07/Mar/2017:19:11:12 -0300] "POST /cormun/servlet/trsolicitudot?60b04651f20637d4ddf4c3c9fe79d9fd,gx-no-cache=1488924743666 HTTP/1.1" 200 5491
186.103.156.24 - - [07/Mar/2017:19:11:19 -0300] "GET /cormun/servlet/trsolicitudot? HTTP/1.1" 200 8293
186.103.156.24 - - [07/Mar/2017:19:11:20 -0300] "GET /cormun/servlet/trsolicitudot? HTTP/1.1" 200 8293
186.103.156.24 - - [07/Mar/2017:19:11:25 -0300] "GET /cormun/servlet/solicitudot?INS,0,0, HTTP/1.1" 200 12768
186.103.156.24 - - [07/Mar/2017:19:11:25 -0300] "GET /cormun/servlet/solicitudot?INS,0,0, HTTP/1.1" 200 12772
192.168.10.89 - - [07/Mar/2017:19:11:55 -0300] "GET /cormun/servlet/hlogin HTTP/1.1" 200 1739
186.103.156.24 - - [07/Mar/2017:19:11:59 -0300] "POST /cormun/servlet/solicitudot?gx-no-cache=1488924790919 HTTP/1.1" 200 3186
186.103.156.24 - - [07/Mar/2017:19:11:59 -0300] "POST /cormun/servlet/solicitudot?60b04651f20637d4ddf4c3c9fe79d9fd,INS,0,0,,gx-no-cache=1488924791146 HTTP/1.1" 200 9967
186.103.156.24 - - [07/Mar/2017:19:12:05 -0300] "GET /cormun/servlet/solicitudot?9fb4ce070bc33effb9859a83cbe3211a3649598af614f5af6de63451e79d018ae2478022a28fe0bad0648b6a673ff265,gx-no-cache=1488924796587 HTTP/1.1" 200 30
186.103.156.24 - - [07/Mar/2017:19:12:05 -0300] "POST /cormun/servlet/solicitudot?gx-no-cache=1488924796656 HTTP/1.1" 200 255
192.168.10.89 - - [07/Mar/2017:19:12:05 -0300] "POST /cormun/servlet/hlogin?44fdf83669c6de1cb6452d41f7761d09,gx-no-cache=1488928009371 HTTP/1.1" 200 453
186.103.156.24 - - [07/Mar/2017:19:12:05 -0300] "GET /cormun/servlet/solicitudot?9fb4ce070bc33effb9859a83cbe3211aa55e95e8ccd17501589c5c208f27ccb45382cec5349cb1e2b8698105852d4a717f1ae4785557d492e1fb98311523ba306e3b002f10d4ece5cf7bfd77ed5153876f8ad2f5f14cdab2b480870a56170c77951885f6c86cc34843ace7f6337c5164e077d151c1023b5cbc36a674afb15ce2b7387bdbb7ea57003872ca6fcfdbac8603bb1356b683b3e3e26e3e0ee92973b2a5db9532afbc7147db677fe1d0887e4cbb58c55bfdd5303ac4553e715ceb5f6f29194a25d7fd51a1e2befb9ec161492c668412ee8a5dcd3a2c183d4dfdd6d7530ca641143606d6495e175c6cf6452ffb1103119ca284038849ceb8f004e0c69c3c45f71dc2bbc232918a8f6d35251cde3c3a7766c0cba132790d0d2db22c0946ef96b56796cc17278a78900ce68ef810c4a2c931b456eb4af93c275731ae75c542a7eb3dafb35476ae768b0460525fcf34eae1691b883c95ba5a542388a342454af47620c37a53c15312e7d6827f33c154d10ea1345b436769c4f8dfbcce37a7,gx-no-cache=1488924796691 HTTP/1.1" 200 30
192.168.10.89 - - [07/Mar/2017:19:12:09 -0300] "POST /cormun/servlet/hlogin?44fdf83669c6de1cb6452d41f7761d09,gx-no-cache=1488928013549 HTTP/1.1" 200 90
192.168.10.89 - - [07/Mar/2017:19:12:09 -0300] "GET /cormun/servlet/hpexe_link HTTP/1.1" 200 955
192.168.10.89 - - [07/Mar/2017:19:12:11 -0300] "GET /cormun/servlet/hhome HTTP/1.1" 200 4021
186.103.156.24 - - [07/Mar/2017:19:12:12 -0300] "POST /cormun/servlet/solicitudot?gx-no-cache=1488924803742 HTTP/1.1" 200 30
186.103.156.24 - - [07/Mar/2017:19:12:15 -0300] "POST /cormun/servlet/solicitudot?gx-no-cache=1488924807233 HTTP/1.1" 200 1291
192.168.10.89 - - [07/Mar/2017:19:12:15 -0300] "GET /cormun/servlet/trsolicitudot? HTTP/1.1" 200 6995
186.103.156.24 - - [07/Mar/2017:19:12:15 -0300] "POST /cormun/servlet/solicitudot?gx-no-cache=1488924807313 HTTP/1.1" 200 38
192.168.10.89 - - [07/Mar/2017:19:12:20 -0300] "GET /cormun/servlet/solicitudot?INS,0,0, HTTP/1.1" 200 12824
192.168.10.89 - - [07/Mar/2017:19:12:32 -0300] "GET /cormun/servlet/prfichaempleado?,MD,,gxPopupLevel%3D0%3B HTTP/1.1" 200 8891
186.103.156.24 - - [07/Mar/2017:19:12:34 -0300] "GET /cormun/servlet/solicitudot?9fb4ce070bc33effb9859a83cbe3211a8c1743d2f34c9eca58b31b57c72ea357b72a9069fcca4529fffd3432fa04d03867f1253ef17ea17e9f6141392204b6c743ab0757da84914cae2a6f4fddea1116c9ae5890ced43b728961011cbdc1ebec21a96fd83190a1cf8133451189729dafa6849e5764131a1b4c271fd651a63f88ea6458576bcac44cf8794327d3349a9a071f4e9e5a52e74997797bc8d70c856d25d9aa90f6e58fe55b569321ed845d55d33a2cc8f4524f1713f5f0338209d443ffb5e689e90d0287d00975465415a866,gx-no-cache=1488924825633 HTTP/1.1" 200 29
186.103.156.24 - - [07/Mar/2017:19:12:34 -0300] "POST /cormun/servlet/solicitudot?gx-no-cache=1488924825686 HTTP/1.1" 200 1274
186.103.156.24 - - [07/Mar/2017:19:12:34 -0300] "POST /cormun/servlet/solicitudot?gx-no-cache=1488924825755 HTTP/1.1" 200 1157
186.103.156.24 - - [07/Mar/2017:19:12:34 -0300] "GET /cormun/static/menuarrow.gif HTTP/1.1" 404 1015
186.103.156.24 - - [07/Mar/2017:19:12:36 -0300] "POST /cormun/servlet/solicitudot?gx-no-cache=1488924827787 HTTP/1.1" 200 1274
186.103.156.24 - - [07/Mar/2017:19:12:36 -0300] "POST /cormun/servlet/solicitudot?gx-no-cache=1488924827851 HTTP/1.1" 200 1157
192.168.10.89 - - [07/Mar/2017:19:12:40 -0300] "POST /cormun/servlet/prfichaempleado?44fdf83669c6de1cb6452d41f7761d09,,MD,,gxPopupLevel%3D0%3B,gx-no-cache=1488928044816 HTTP/1.1" 200 3454
186.103.156.24 - - [07/Mar/2017:19:12:45 -0300] "GET /cormun/servlet/solicitudot?9fb4ce070bc33effb9859a83cbe3211af63c21609033d258ebb300d2c71280dd669bd8c5772a8815108fd038c27744bcc90d61238c99e9441dba187f467bb361b9e9621eba8f6617f484e89df02bf7c113a8c00771d959ac473e2014101223b9da6118af756e4126e87ab3d60d5ae44f3d0a0680b891f1430a89d0393a99af9ca04911d911f7e7c4a119da9f22bb406f19dd354a1e87a7996631af17585afaa0e47952c54315c5514500557569e9a989,gx-no-cache=1488924837519 HTTP/1.1" 200 30
186.103.156.24 - - [07/Mar/2017:19:13:03 -0300] "POST /cormun/servlet/solicitudot?60b04651f20637d4ddf4c3c9fe79d9fd,INS,0,0,,gx-no-cache=1488924854782 HTTP/1.1" 200 93
192.168.10.89 - - [07/Mar/2017:19:13:03 -0300] "POST /cormun/servlet/solicitudot?gx-no-cache=1488928067611 HTTP/1.1" 200 3157
186.103.156.24 - - [07/Mar/2017:19:13:03 -0300] "GET /cormun/servlet/hpexe_return? HTTP/1.1" 200 1002
186.103.156.24 - - [07/Mar/2017:19:13:03 -0300] "GET /cormun/servlet/trsolicitudot HTTP/1.1" 200 8679
192.168.10.89 - - [07/Mar/2017:19:13:03 -0300] "POST /cormun/servlet/solicitudot?44fdf83669c6de1cb6452d41f7761d09,INS,0,0,,gx-no-cache=1488928067878 HTTP/1.1" 200 9954
186.103.156.24 - - [07/Mar/2017:19:13:04 -0300] "GET /cormun/servlet/trsolicitudot HTTP/1.1" 200 8675
192.168.10.89 - - [07/Mar/2017:19:13:05 -0300] "GET /cormun/servlet/solicitudot?b0f10dd3eb58927dc398e675bded5e2fd8e20c4af4f2781cd0f10dfbbcae8753f4e30df55420fd82164b2cc5a78b8d49,gx-no-cache=1488928069970 HTTP/1.1" 200 30
192.168.10.89 - - [07/Mar/2017:19:13:05 -0300] "POST /cormun/servlet/solicitudot?gx-no-cache=1488928070012 HTTP/1.1" 200 255
192.168.10.89 - - [07/Mar/2017:19:13:05 -0300] "GET /cormun/servlet/solicitudot?b0f10dd3eb58927dc398e675bded5e2f98c37206bae1dd4dd9c6cfe9f8a563c65d5c8e3f965175d80adcf62b51f4a064b040ca4be04a5a87c1b0519936dc5b8859ea6a1ac947e3b81659ee7b783e1d30d81058bfc1fe17b49c2443c232c35251700ee82e20b5bfd11f4260e550a635e5cc25fe3caa8ea7e3d349d57d95d8407304ec2785a1b78321e5f64272fac95bab89ffe1ba65a6955a23686d938ae803e6da38a0d8628afb674c8b75db2a64fb0f0a0cfe7368cb0e4dfdbddf776598d766da5ac93a216204def330db84330ed9eb5c64b5415400ab7294dc4d5818c5755e3e630461a7897383811acc052127a839f9f4e8f012ad810de4199aea32baf05c0183799e7af5d04ffe074b20ea51a8d9c60aadebbdb4ea85535bd4ff246004a4e2c73ed595f6fbfcadfb17ec69a401adcfd411320547f820c18c0bee119347a7fe97d989e8b1d997aacdd8e384047281a6cb01b079c83590c2dde04acceb93b0f9e8e85fce4f7e357df35a9af76372880ef134d9da61766c227e35f3886118e5,gx-no-cache=1488928070067 HTTP/1.1" 200 30
192.168.10.89 - - [07/Mar/2017:19:13:06 -0300] "POST /cormun/servlet/solicitudot?gx-no-cache=1488928071146 HTTP/1.1" 200 30
186.103.156.24 - - [07/Mar/2017:19:13:08 -0300] "POST /cormun/servlet/trsolicitudot?60b04651f20637d4ddf4c3c9fe79d9fd,gx-no-cache=1488924859896 HTTP/1.1" 200 5475
186.103.156.24 - - [07/Mar/2017:19:13:08 -0300] "GET /cormun/static/Shared/jqueryui/images/ui-bg_highlight-soft_100_c6c2c8_1x100.png HTTP/1.1" 404 1117
186.103.156.24 - - [07/Mar/2017:19:13:08 -0300] "GET /cormun/static/Shared/jqueryui/images/ui-icons_82798d_256x240.png HTTP/1.1" 404 1089
186.103.156.24 - - [07/Mar/2017:19:13:08 -0300] "GET /cormun/static/Shared/jqueryui/images/ui-bg_flat_55_fafafa_40x100.png HTTP/1.1" 404 1097
186.103.156.24 - - [07/Mar/2017:19:13:08 -0300] "GET /cormun/static/Shared/jqueryui/images/ui-icons_8d78a5_256x240.png HTTP/1.1" 404 1089
186.103.156.24 - - [07/Mar/2017:19:13:08 -0300] "POST /cormun/servlet/trsolicitudot?60b04651f20637d4ddf4c3c9fe79d9fd,gx-no-cache=1488924860180 HTTP/1.1" 200 5419
192.168.10.89 - - [07/Mar/2017:19:13:14 -0300] "POST /cormun/servlet/solicitudot?gx-no-cache=1488928078924 HTTP/1.1" 200 1291
192.168.10.89 - - [07/Mar/2017:19:13:14 -0300] "POST /cormun/servlet/solicitudot?gx-no-cache=1488928079056 HTTP/1.1" 200 38
186.103.156.24 - - [07/Mar/2017:19:13:16 -0300] "POST /cormun/servlet/trsolicitudot?60b04651f20637d4ddf4c3c9fe79d9fd,gx-no-cache=1488924867936 HTTP/1.1" 200 4334
186.103.156.24 - - [07/Mar/2017:19:13:16 -0300] "POST /cormun/servlet/trsolicitudot?60b04651f20637d4ddf4c3c9fe79d9fd,gx-no-cache=1488924868137 HTTP/1.1" 200 4116
186.103.156.24 - - [07/Mar/2017:19:13:25 -0300] "GET /cormun/servlet/trvisualizadoreventos? HTTP/1.1" 200 6702
186.103.156.24 - - [07/Mar/2017:19:13:25 -0300] "GET /cormun/static/gxcfg.js?2016101716203350 HTTP/1.1" 200 953
186.103.156.24 - - [07/Mar/2017:19:13:25 -0300] "GET /cormun/static/trvisualizadoreventos.js?2016101716203614 HTTP/1.1" 200 19309
186.103.156.24 - - [07/Mar/2017:19:13:25 -0300] "GET /cormun/static/Resources/PXToolsActionPrint.png HTTP/1.1" 200 3317
186.103.156.24 - - [07/Mar/2017:19:13:26 -0300] "GET /cormun/servlet/trvisualizadoreventos? HTTP/1.1" 200 6702
192.168.10.89 - - [07/Mar/2017:19:13:28 -0300] "GET /cormun/servlet/solicitudot?b0f10dd3eb58927dc398e675bded5e2f10ef8f0fc0e1464f53a2064551a376c393cc933e69f8bbc39649d296c22523b04d788412944434afec35ca69979e54073bc1f782dbfeb2752f17581825513029a86c09882d05057d3d15b547aaecb7479c5dfaf04a6db0a6aa87bda7ce1ffe137201dea43222fe2fbe6271f03b6b7bdee0713904853a5d908a47596fc6886de0ecf1d960df14e253fc1aaab96bf9a4a4,gx-no-cache=1488928092578 HTTP/1.1" 200 29
192.168.10.89 - - [07/Mar/2017:19:13:28 -0300] "POST /cormun/servlet/solicitudot?gx-no-cache=1488928092620 HTTP/1.1" 200 1275
192.168.10.89 - - [07/Mar/2017:19:13:29 -0300] "POST /cormun/servlet/solicitudot?gx-no-cache=1488928094066 HTTP/1.1" 200 1157
186.103.156.24 - - [07/Mar/2017:19:13:41 -0300] "GET /cormun/servlet/trpermisosgoce? HTTP/1.1" 200 6721
186.103.156.24 - - [07/Mar/2017:19:13:41 -0300] "GET /cormun/static/gxcfg.js?201612262011714 HTTP/1.1" 200 953
186.103.156.24 - - [07/Mar/2017:19:13:41 -0300] "GET /cormun/static/trpermisosgoce.js?201612262012096 HTTP/1.1" 200 31909
186.103.156.24 - - [07/Mar/2017:19:13:41 -0300] "GET /cormun/servlet/trpermisosgoce? HTTP/1.1" 200 6720
186.103.156.24 - - [07/Mar/2017:19:13:42 -0300] "POST /cormun/servlet/acontrolpreferencessavestate?None,GALVAREZ,true HTTP/1.1" 200 35
186.103.156.24 - - [07/Mar/2017:19:13:44 -0300] "GET /cormun/servlet/permisogoce?INS,0,,, HTTP/1.1" 200 6733
186.103.156.24 - - [07/Mar/2017:19:13:44 -0300] "GET /cormun/static/gxcfg.js?201612262052844 HTTP/1.1" 200 953
186.103.156.24 - - [07/Mar/2017:19:13:44 -0300] "GET /cormun/static/permisogoce.js?201612262052891 HTTP/1.1" 200 26147
186.103.156.24 - - [07/Mar/2017:19:13:45 -0300] "GET /cormun/servlet/permisogoce?INS,0,,, HTTP/1.1" 200 6733
192.168.10.89 - - [07/Mar/2017:19:13:54 -0300] "GET /cormun/servlet/solicitudot?b0f10dd3eb58927dc398e675bded5e2ff06725372333ad671915d49c09834bad87a96f5b9fd77576f8a8a05f7e82a07c1fcdc71d01afb04b68540227cece9a0e2732411c0241d15f3c9ce0febc321424271e7faf5d363f6ede43a8c3f49140ccb883ed263f77160bfd6ab59830eccc7a9745569a06b154f5c287c43ceb92679ba77a277ff61652f9e4b6b0b38cc4e4408a60797fa673013820163de96c5cfce94cf83f0c26c379a5d5bc744deb8238a4,gx-no-cache=1488928118391 HTTP/1.1" 200 30
192.168.10.89 - - [07/Mar/2017:19:14:00 -0300] "POST /cormun/servlet/solicitudot?44fdf83669c6de1cb6452d41f7761d09,INS,0,0,,gx-no-cache=1488928124140 HTTP/1.1" 200 93
192.168.10.89 - - [07/Mar/2017:19:14:00 -0300] "GET /cormun/servlet/hpexe_return? HTTP/1.1" 200 1008
192.168.10.89 - - [07/Mar/2017:19:14:01 -0300] "GET /cormun/servlet/trsolicitudot HTTP/1.1" 200 8282
192.168.10.89 - - [07/Mar/2017:19:14:05 -0300] "GET /cormun/servlet/solicitudot?INS,0,0, HTTP/1.1" 200 12825
186.103.156.24 - - [07/Mar/2017:19:14:07 -0300] "GET /cormun/servlet/permisogoce?0b9f26f2f07cb707e3574a7fa0f87723e36646d6e1216ca57dbe576f538801549a111db52b356f17cc600833e4d9af1a,gx-no-cache=1488924919283 HTTP/1.1" 200 72
186.103.156.24 - - [07/Mar/2017:19:14:07 -0300] "GET /cormun/static/menuarrow.gif HTTP/1.1" 404 1015
186.103.156.24 - - [07/Mar/2017:19:14:16 -0300] "GET /cormun/servlet/permisogoce?0b9f26f2f07cb707e3574a7fa0f8772363b1a48bd1d93a19ee735570d46a758d807c1db472a513ce136754c17ee460ed272d33ea5cb9ec50d40fea88a8ecf677,gx-no-cache=1488924928299 HTTP/1.1" 200 46
186.103.156.24 - - [07/Mar/2017:19:14:34 -0300] "POST /cormun/servlet/permisogoce?60b04651f20637d4ddf4c3c9fe79d9fd,INS,0,,,,gx-no-cache=1488924945913 HTTP/1.1" 200 93
186.103.156.24 - - [07/Mar/2017:19:14:34 -0300] "GET /cormun/servlet/hpexe_return? HTTP/1.1" 200 1005
186.103.156.24 - - [07/Mar/2017:19:14:35 -0300] "GET /cormun/servlet/trpermisosgoce HTTP/1.1" 200 7562
186.103.156.24 - - [07/Mar/2017:19:14:35 -0300] "GET /cormun//static/Resources/PXToolsActionPrint.png HTTP/1.1" 200 3317
186.103.156.24 - - [07/Mar/2017:19:14:35 -0300] "GET /cormun//static/Resources/PXToolsHeaderHelp.png HTTP/1.1" 200 4055
186.103.156.24 - - [07/Mar/2017:19:14:35 -0300] "GET /cormun//static/Resources/PXToolsHeaderFavorites.png HTTP/1.1" 200 2744
186.103.156.24 - - [07/Mar/2017:19:14:35 -0300] "GET /cormun//static/Resources/PXToolsGridDisplay.png HTTP/1.1" 200 362
186.103.156.24 - - [07/Mar/2017:19:14:35 -0300] "GET /cormun/servlet/trpermisosgoce HTTP/1.1" 200 7558
192.168.10.89 - - [07/Mar/2017:19:14:36 -0300] "GET /cormun/servlet/prfichaempleado?,MD,,gxPopupLevel%3D0%3B HTTP/1.1" 200 8891
192.168.10.89 - - [07/Mar/2017:19:15:01 -0300] "POST /cormun/servlet/prfichaempleado?44fdf83669c6de1cb6452d41f7761d09,,MD,,gxPopupLevel%3D0%3B,gx-no-cache=1488928185191 HTTP/1.1" 200 3890
192.168.10.89 - - [07/Mar/2017:19:15:10 -0300] "POST /cormun/servlet/solicitudot?gx-no-cache=1488928194193 HTTP/1.1" 200 3177
192.168.10.89 - - [07/Mar/2017:19:15:10 -0300] "POST /cormun/servlet/solicitudot?44fdf83669c6de1cb6452d41f7761d09,INS,0,0,,gx-no-cache=1488928194458 HTTP/1.1" 200 9959
192.168.10.89 - - [07/Mar/2017:19:15:12 -0300] "GET /cormun/servlet/solicitudot?b0f10dd3eb58927dc398e675bded5e2f0162fb32ec8608be9e36ee752b120980f4e30df55420fd82164b2cc5a78b8d49,gx-no-cache=1488928196813 HTTP/1.1" 200 30
192.168.10.89 - - [07/Mar/2017:19:15:12 -0300] "POST /cormun/servlet/solicitudot?gx-no-cache=1488928196851 HTTP/1.1" 200 255
192.168.10.89 - - [07/Mar/2017:19:15:12 -0300] "GET /cormun/servlet/solicitudot?b0f10dd3eb58927dc398e675bded5e2f98c37206bae1dd4dd9c6cfe9f8a563c65d5c8e3f965175d80adcf62b51f4a064b040ca4be04a5a87c1b0519936dc5b8859ea6a1ac947e3b81659ee7b783e1d30d81058bfc1fe17b49c2443c232c35251700ee82e20b5bfd11f4260e550a635e5cc25fe3caa8ea7e3d349d57d95d8407304ec2785a1b78321e5f64272fac95bab89ffe1ba65a6955a23686d938ae803e6da38a0d8628afb674c8b75db2a64fb0f0a0cfe7368cb0e4dfdbddf776598d766da5ac93a216204def330db84330ed9eb5c64b5415400ab7294dc4d5818c5755e3e630461a7897383811acc052127a839f9f4e8f012ad810de4199aea32baf05c0183799e7af5d04ffe074b20ea51a8d9c60aadebbdb4ea85535bd4ff246004a4e2c73ed595f6fbfcadfb17ec69a401adcfd411320547f820c18c0bee119347a7fe97d989e8b1d997aacdd8e384047281a6cb01b079c83590c2dde04acceb93b0f9e8e85fce4f7e357df35a9af76372880ef134d9da61766c227e35f3886118e5,gx-no-cache=1488928196880 HTTP/1.1" 200 30
192.168.10.89 - - [07/Mar/2017:19:15:13 -0300] "POST /cormun/servlet/solicitudot?gx-no-cache=1488928198027 HTTP/1.1" 200 30
192.168.10.89 - - [07/Mar/2017:19:15:15 -0300] "POST /cormun/servlet/solicitudot?gx-no-cache=1488928199991 HTTP/1.1" 200 1292
192.168.10.89 - - [07/Mar/2017:19:15:15 -0300] "POST /cormun/servlet/solicitudot?gx-no-cache=1488928200125 HTTP/1.1" 200 38
192.168.10.89 - - [07/Mar/2017:19:15:26 -0300] "GET /cormun/servlet/solicitudot?b0f10dd3eb58927dc398e675bded5e2f10ef8f0fc0e1464f53a2064551a376c393cc933e69f8bbc39649d296c22523b04d788412944434afec35ca69979e54073bc1f782dbfeb2752f17581825513029a86c09882d05057d3d15b547aaecb7479c5dfaf04a6db0a6aa87bda7ce1ffe137201dea43222fe2fbe6271f03b6b7bdee0713904853a5d908a47596fc6886de0ecf1d960df14e253fc1aaab96bf9a4a4,gx-no-cache=1488928211161 HTTP/1.1" 200 29
192.168.10.89 - - [07/Mar/2017:19:15:26 -0300] "POST /cormun/servlet/solicitudot?gx-no-cache=1488928211200 HTTP/1.1" 200 1275
192.168.10.89 - - [07/Mar/2017:19:15:27 -0300] "POST /cormun/servlet/solicitudot?gx-no-cache=1488928211540 HTTP/1.1" 200 1158
192.168.10.89 - - [07/Mar/2017:19:16:22 -0300] "GET /cormun/servlet/solicitudot?b0f10dd3eb58927dc398e675bded5e2f781c32ad09739bd907fb547ac3c99f4287a96f5b9fd77576f8a8a05f7e82a07c1fcdc71d01afb04b68540227cece9a0e2732411c0241d15f3c9ce0febc321424271e7faf5d363f6ede43a8c3f49140ccb883ed263f77160bfd6ab59830eccc7a9745569a06b154f5c287c43ceb92679ba77a277ff61652f9e4b6b0b38cc4e4408a60797fa673013820163de96c5cfce94cf83f0c26c379a5d5bc744deb8238a4,gx-no-cache=1488928267050 HTTP/1.1" 200 30
192.168.10.89 - - [07/Mar/2017:19:17:47 -0300] "POST /cormun/servlet/solicitudot?44fdf83669c6de1cb6452d41f7761d09,INS,0,0,,gx-no-cache=1488928351554 HTTP/1.1" 200 93
192.168.10.89 - - [07/Mar/2017:19:17:47 -0300] "GET /cormun/servlet/hpexe_return? HTTP/1.1" 200 1008
192.168.10.89 - - [07/Mar/2017:19:17:48 -0300] "GET /cormun/servlet/trsolicitudot HTTP/1.1" 200 8648
192.168.10.89 - - [07/Mar/2017:19:17:53 -0300] "GET /cormun/servlet/solicitudot?INS,0,0, HTTP/1.1" 200 12825
192.168.10.89 - - [07/Mar/2017:19:18:08 -0300] "GET /cormun/servlet/prfichaempleado?,MD,,gxPopupLevel%3D0%3B HTTP/1.1" 200 8891
192.168.10.89 - - [07/Mar/2017:19:18:15 -0300] "POST /cormun/servlet/prfichaempleado?44fdf83669c6de1cb6452d41f7761d09,,MD,,gxPopupLevel%3D0%3B,gx-no-cache=1488928379328 HTTP/1.1" 200 3395
192.168.10.89 - - [07/Mar/2017:19:18:18 -0300] "POST /cormun/servlet/solicitudot?gx-no-cache=1488928382761 HTTP/1.1" 200 3173
192.168.10.89 - - [07/Mar/2017:19:18:18 -0300] "POST /cormun/servlet/solicitudot?44fdf83669c6de1cb6452d41f7761d09,INS,0,0,,gx-no-cache=1488928382979 HTTP/1.1" 200 9957
192.168.10.89 - - [07/Mar/2017:19:18:20 -0300] "GET /cormun/servlet/solicitudot?b0f10dd3eb58927dc398e675bded5e2ff95f0ed4f65e072172dab372617a5e585247348913bae005db738e6a0f37582b,gx-no-cache=1488928384968 HTTP/1.1" 200 30
192.168.10.89 - - [07/Mar/2017:19:18:20 -0300] "POST /cormun/servlet/solicitudot?gx-no-cache=1488928385013 HTTP/1.1" 200 255
192.168.10.89 - - [07/Mar/2017:19:18:20 -0300] "GET /cormun/servlet/solicitudot?b0f10dd3eb58927dc398e675bded5e2f98c37206bae1dd4dd9c6cfe9f8a563c65d5c8e3f965175d80adcf62b51f4a064b040ca4be04a5a87c1b0519936dc5b8859ea6a1ac947e3b81659ee7b783e1d30d81058bfc1fe17b49c2443c232c35251700ee82e20b5bfd11f4260e550a635e5cc25fe3caa8ea7e3d349d57d95d8407304ec2785a1b78321e5f64272fac95bab89ffe1ba65a6955a23686d938ae803e6da38a0d8628afb674c8b75db2a64fb0f0a0cfe7368cb0e4dfdbddf776598d766da5ac93a216204def330db84330ed9eb5c64b5415400ab7294dc4d5818c5755e3e630461a7897383811acc052127a839f9f4e8f012ad810de4199aea32baf05c0183799e7af5d04ffe074b20ea51a8d9c60aadebbdb4ea85535bd4ff246004a4e2c73ed595f6fbfcadfb17ec69a401adcfd411320547f820c18c0bee119347a7fe97d989e8b1d997aacdd8e384047281a6cb01b079c83590c2dde04acceb93b0f9e8e85fce4f7e357df35a9af76372880ef134d9da61766c227e35f3886118e5,gx-no-cache=1488928385045 HTTP/1.1" 200 30
192.168.10.89 - - [07/Mar/2017:19:18:21 -0300] "POST /cormun/servlet/solicitudot?gx-no-cache=1488928386109 HTTP/1.1" 200 30
192.168.10.89 - - [07/Mar/2017:19:18:23 -0300] "POST /cormun/servlet/solicitudot?gx-no-cache=1488928387444 HTTP/1.1" 200 235
192.168.10.89 - - [07/Mar/2017:19:18:23 -0300] "POST /cormun/servlet/solicitudot?gx-no-cache=1488928387514 HTTP/1.1" 200 38
192.168.10.89 - - [07/Mar/2017:19:18:29 -0300] "GET /cormun/servlet/solicitudot?b0f10dd3eb58927dc398e675bded5e2f10ef8f0fc0e1464f53a2064551a376c393cc933e69f8bbc39649d296c22523b04d788412944434afec35ca69979e54073bc1f782dbfeb2752f17581825513029a86c09882d05057d3d15b547aaecb7479c5dfaf04a6db0a6aa87bda7ce1ffe137201dea43222fe2fbe6271f03b6b7bdee0713904853a5d908a47596fc6886de0ecf1d960df14e253fc1aaab96bf9a4a4,gx-no-cache=1488928393472 HTTP/1.1" 200 29
192.168.10.89 - - [07/Mar/2017:19:18:29 -0300] "POST /cormun/servlet/solicitudot?gx-no-cache=1488928393501 HTTP/1.1" 200 643
192.168.10.89 - - [07/Mar/2017:19:18:32 -0300] "POST /cormun/servlet/solicitudot?gx-no-cache=1488928396528 HTTP/1.1" 200 1157
192.168.10.89 - - [07/Mar/2017:19:18:53 -0300] "GET /cormun/servlet/solicitudot?b0f10dd3eb58927dc398e675bded5e2fc75783b81db3a5902c92ec7285d78e46b91ed52d57cf31b7f9383fd658d214159cd7728478041e1264843139acbdc9cc5cde04204c3d8f2cb5f0b21cded61dd53523daf44e00ebe63a38bd7327c95a60ea05feef6c4684686b4d3e100e120aab12d49977388a5e421d9be5f47c7d46e2a4764cbbff67debc537df98493d87d85bfa8b8cab1d7b65fb938b293e5d907d69758dea70440595b2bab466901d7c186,gx-no-cache=1488928418153 HTTP/1.1" 200 30
192.168.10.89 - - [07/Mar/2017:19:19:00 -0300] "POST /cormun/servlet/solicitudot?44fdf83669c6de1cb6452d41f7761d09,INS,0,0,,gx-no-cache=1488928424824 HTTP/1.1" 200 93
