200.86.95.220 - - [07/Mar/2017:10:36:57 -0300] "GET /cormun/servlet/solicitudot?e7ec3574523e7dcfc50c13f3edd5edbec842b5a31131c4481412aba14c75e4a093e389b8d48fbfc2a995686e85379abb,gx-no-cache=1488893887953 HTTP/1.1" 200 30
200.86.95.220 - - [07/Mar/2017:10:36:58 -0300] "POST /cormun/servlet/solicitudot?gx-no-cache=1488893888076 HTTP/1.1" 200 255
200.86.95.220 - - [07/Mar/2017:10:36:58 -0300] "GET /cormun/servlet/solicitudot?e7ec3574523e7dcfc50c13f3edd5edbe60bc65c3cf26cd6f3715be01585042aafbc41229104e23ecfa8ab3b466c67fcca3967e5905524c6022656197c9564858498ec1d100e44f9d211ea25f6751cce2110d91fc23002613cc835d1d8409260d594dee1b17cf8613cc1fb5357cab0e84149167c1b5101a83ff8954fb454bc7c170ad371cc8270a30e18a089114789d198c1a52149f681726e7a8cb9436f05e00259d59d7fe754e8fde15ad8d04d65bf6a58cac59c8bf579a6f88e9b0b92d80a8d98dee909bdba0a5691abafe91f91f9ef2a41195f85bab8fbd79e760fd9a1e458ceaf3709a053322da5d4843f026eaa6b0143d5c9fc4b51ef61641476605b9863b4a2c8d74dae74d6b649285a137adfad8c05f851402f1d560e4834f66f95755e5b3051677b5da4e3d789dc275b1c73480b72d91b5fb02c74ecd9ad049c17e05984bcc5e2139fd364a4eee629ddb130847d9d709c73792c914223d1fd6e68baba79be8477cd0b7af707037abb47943e644ba44f95ded90e402eb89746d681c30,gx-no-cache=1488893888185 HTTP/1.1" 200 30
200.86.95.220 - - [07/Mar/2017:10:37:03 -0300] "POST /cormun/servlet/solicitudot?gx-no-cache=1488893893134 HTTP/1.1" 200 30
201.246.239.225 - - [07/Mar/2017:10:37:03 -0300] "POST /cormun/servlet/trpermisosingoce?31ce897e74a5b9d9ecb9721ee57c73fe,gx-no-cache=1488893900093 HTTP/1.1" 200 4187
201.246.239.225 - - [07/Mar/2017:10:37:03 -0300] "GET /cormun/static/Shared/jqueryui/images/ui-bg_highlight-soft_100_c6c2c8_1x100.png HTTP/1.1" 404 1117
201.246.239.225 - - [07/Mar/2017:10:37:03 -0300] "GET /cormun/static/Shared/jqueryui/images/ui-icons_82798d_256x240.png HTTP/1.1" 404 1089
201.246.239.225 - - [07/Mar/2017:10:37:03 -0300] "GET /cormun/static/Shared/jqueryui/images/ui-icons_8d78a5_256x240.png HTTP/1.1" 404 1089
201.246.239.225 - - [07/Mar/2017:10:37:03 -0300] "GET /cormun/static/Shared/jqueryui/images/ui-bg_flat_55_fafafa_40x100.png HTTP/1.1" 404 1097
200.86.95.220 - - [07/Mar/2017:10:37:06 -0300] "GET /cormun/servlet/prcontratosol?9154169,,,,,MD,,gxPopupLevel%3D0%3B HTTP/1.1" 200 5917
200.86.95.220 - - [07/Mar/2017:10:37:09 -0300] "POST /cormun/servlet/solicitudot?gx-no-cache=1488893899775 HTTP/1.1" 200 1291
200.86.95.220 - - [07/Mar/2017:10:37:09 -0300] "POST /cormun/servlet/solicitudot?gx-no-cache=1488893899915 HTTP/1.1" 200 38
200.86.95.220 - - [07/Mar/2017:10:37:09 -0300] "GET /cormun/servlet/solicitudot?e7ec3574523e7dcfc50c13f3edd5edbee6b67e19409b9cd026a47194c2a94065d305d2a33e6b537f3af6437dac9b06fe99db8ab68e440f875842be0bff3aad7ee896b56b1972495d41a3b5e59765962fbb476a0434d69f2ee43fb83a5bdb112999b8f7a58b1ff982861027c20d9f19072a9fc4882a26ba74ab5b882d9eb69f78e739f399d4d3c84771b6e9be7f8596bc6692f184773b55ec7cbed512f682a54c56d291f14beac4d753a5eee8e613a1fe053f6a221fa5eee5130ef4b34b7fb0b91e4f973a9ad6446ffcf0c2aa1debc017,gx-no-cache=1488893899992 HTTP/1.1" 200 29
200.86.95.220 - - [07/Mar/2017:10:37:09 -0300] "POST /cormun/servlet/solicitudot?gx-no-cache=1488893900040 HTTP/1.1" 200 1275
200.86.95.220 - - [07/Mar/2017:10:37:10 -0300] "POST /cormun/servlet/solicitudot?gx-no-cache=1488893900126 HTTP/1.1" 200 1156
201.246.239.225 - - [07/Mar/2017:10:37:19 -0300] "GET /cormun/servlet/trpermisosingoceautorizar? HTTP/1.1" 200 7415
201.246.239.225 - - [07/Mar/2017:10:37:20 -0300] "GET /cormun/servlet/trpermisosingoceautorizar? HTTP/1.1" 200 7415
200.86.95.220 - - [07/Mar/2017:10:37:29 -0300] "POST /cormun/servlet/solicitudot?gx-no-cache=1488893919772 HTTP/1.1" 200 1273
200.86.95.220 - - [07/Mar/2017:10:37:29 -0300] "POST /cormun/servlet/solicitudot?gx-no-cache=1488893919910 HTTP/1.1" 200 1156
200.86.95.220 - - [07/Mar/2017:10:37:29 -0300] "GET /cormun/static/menuarrow.gif HTTP/1.1" 404 1015
200.86.95.220 - - [07/Mar/2017:10:37:31 -0300] "POST /cormun/servlet/solicitudot?gx-no-cache=1488893922007 HTTP/1.1" 200 1273
200.86.95.220 - - [07/Mar/2017:10:37:32 -0300] "POST /cormun/servlet/solicitudot?gx-no-cache=1488893922120 HTTP/1.1" 200 1156
201.246.239.225 - - [07/Mar/2017:10:37:36 -0300] "POST /cormun/servlet/trpermisosingoceautorizar?31ce897e74a5b9d9ecb9721ee57c73fe,,gx-no-cache=1488893932905 HTTP/1.1" 200 4107
201.246.239.225 - - [07/Mar/2017:10:37:36 -0300] "GET /cormun/static/Shared/jqueryui/images/ui-bg_highlight-soft_100_c6c2c8_1x100.png HTTP/1.1" 404 1117
201.246.239.225 - - [07/Mar/2017:10:37:36 -0300] "GET /cormun/static/Shared/jqueryui/images/ui-icons_82798d_256x240.png HTTP/1.1" 404 1089
201.246.239.225 - - [07/Mar/2017:10:37:36 -0300] "GET /cormun/static/Shared/jqueryui/images/ui-bg_flat_55_fafafa_40x100.png HTTP/1.1" 404 1097
201.246.239.225 - - [07/Mar/2017:10:37:36 -0300] "GET /cormun/static/Shared/jqueryui/images/ui-icons_8d78a5_256x240.png HTTP/1.1" 404 1089
200.86.95.220 - - [07/Mar/2017:10:37:48 -0300] "GET /cormun/servlet/solicitudot?e7ec3574523e7dcfc50c13f3edd5edbe7ac3eaf6f3707b1d8b83ebc5f20f03864a48685a4d498d45263ad46484f1131777c0963b3199c5905e3d29d755fa2a3c356d06f925c1c67f1cf19febded8f0fa2d36f6fc1d4579a181b8d886f0c55b62991ed999c584f84914acd9cbe86cb8ea019a1505632436705bb9b1f5fabc25a6652348361cfd040e29d9ac1f67c175346a49dbdb881e41bf465a74a66c7cdaafcf87822631925e62ea52a9886918be7e,gx-no-cache=1488893938718 HTTP/1.1" 200 30
200.86.95.220 - - [07/Mar/2017:10:38:03 -0300] "GET /cormun/servlet/solicitudot?e7ec3574523e7dcfc50c13f3edd5edbee6b67e19409b9cd026a47194c2a94065d305d2a33e6b537f3af6437dac9b06fec840d0f5ca2480f959fab37324dbdaf8e896b56b1972495d41a3b5e59765962fbb476a0434d69f2ee43fb83a5bdb112999b8f7a58b1ff982861027c20d9f19072a9fc4882a26ba74ab5b882d9eb69f78e739f399d4d3c84771b6e9be7f8596bc6692f184773b55ec7cbed512f682a54c56d291f14beac4d753a5eee8e613a1fe053f6a221fa5eee5130ef4b34b7fb0b91e4f973a9ad6446ffcf0c2aa1debc017,gx-no-cache=1488893953473 HTTP/1.1" 200 29
201.246.239.225 - - [07/Mar/2017:10:38:06 -0300] "GET /cormun/servlet/trpermisosingoceautorizar? HTTP/1.1" 200 6664
201.246.239.225 - - [07/Mar/2017:10:38:08 -0300] "GET /cormun/servlet/trpermisosingoceautorizar? HTTP/1.1" 200 6664
200.86.95.220 - - [07/Mar/2017:10:38:11 -0300] "POST /cormun/servlet/solicitudot?gx-no-cache=1488893961853 HTTP/1.1" 200 1273
200.86.95.220 - - [07/Mar/2017:10:38:11 -0300] "POST /cormun/servlet/solicitudot?gx-no-cache=1488893961989 HTTP/1.1" 200 1156
200.86.95.220 - - [07/Mar/2017:10:38:12 -0300] "GET /cormun/servlet/solicitudot?e7ec3574523e7dcfc50c13f3edd5edbe7ac3eaf6f3707b1d8b83ebc5f20f03864a48685a4d498d45263ad46484f1131777c0963b3199c5905e3d29d755fa2a3c356d06f925c1c67f1cf19febded8f0fa2d36f6fc1d4579a181b8d886f0c55b62991ed999c584f84914acd9cbe86cb8ea019a1505632436705bb9b1f5fabc25a6652348361cfd040e29d9ac1f67c175346a49dbdb881e41bf465a74a66c7cdaafcf87822631925e62ea52a9886918be7e,gx-no-cache=1488893962102 HTTP/1.1" 200 30
200.86.95.220 - - [07/Mar/2017:10:38:12 -0300] "POST /cormun/servlet/solicitudot?a10d6bf1b886065dee18e6effbcf8a3f,INS,0,0,,gx-no-cache=1488893962163 HTTP/1.1" 200 11119
200.86.95.220 - - [07/Mar/2017:10:38:12 -0300] "GET /cormun/static/Shared/jqueryui/images/ui-bg_highlight-soft_100_c6c2c8_1x100.png HTTP/1.1" 404 1117
200.86.95.220 - - [07/Mar/2017:10:38:12 -0300] "GET /cormun/static/Shared/jqueryui/images/ui-icons_82798d_256x240.png HTTP/1.1" 404 1089
200.86.95.220 - - [07/Mar/2017:10:38:12 -0300] "GET /cormun/static/Shared/jqueryui/images/ui-bg_flat_55_994d53_40x100.png HTTP/1.1" 404 1097
200.86.95.220 - - [07/Mar/2017:10:38:12 -0300] "GET /cormun/static/Shared/jqueryui/images/ui-icons_ebccce_256x240.png HTTP/1.1" 404 1089
201.246.239.225 - - [07/Mar/2017:10:38:16 -0300] "POST /cormun/servlet/trpermisosingoceautorizar?31ce897e74a5b9d9ecb9721ee57c73fe,,gx-no-cache=1488893973691 HTTP/1.1" 200 4001
201.246.239.225 - - [07/Mar/2017:10:38:24 -0300] "POST /cormun/servlet/trpermisosingoceautorizar?31ce897e74a5b9d9ecb9721ee57c73fe,,gx-no-cache=1488893981333 HTTP/1.1" 200 4782
192.168.10.62 - - [07/Mar/2017:10:38:26 -0300] "POST /cormun/servlet/trsolicitudgral?b509bfd99a8adb7301b81745c063b57f,gx-no-cache=1488894270618,gx-no-cache=1488897190573 HTTP/1.1" 200 6431
192.168.10.62 - - [07/Mar/2017:10:38:29 -0300] "POST /cormun/servlet/trsolicitudgral?b509bfd99a8adb7301b81745c063b57f,gx-no-cache=1488894270618,gx-no-cache=1488897193282 HTTP/1.1" 200 6431
192.168.10.62 - - [07/Mar/2017:10:38:33 -0300] "POST /cormun/servlet/trsolicitudgral?b509bfd99a8adb7301b81745c063b57f,gx-no-cache=1488894270618,gx-no-cache=1488897197748 HTTP/1.1" 200 6034
201.246.239.225 - - [07/Mar/2017:10:38:54 -0300] "POST /cormun/servlet/trpermisosingoceautorizar?31ce897e74a5b9d9ecb9721ee57c73fe,,gx-no-cache=1488894010573 HTTP/1.1" 200 4001
192.168.10.62 - - [07/Mar/2017:10:39:09 -0300] "GET /cormun/servlet/trconsultaempleado? HTTP/1.1" 200 8850
192.168.10.62 - - [07/Mar/2017:10:39:11 -0300] "GET /cormun/servlet/trconsultaempleado? HTTP/1.1" 200 8827
192.168.10.62 - - [07/Mar/2017:10:39:18 -0300] "POST /cormun/servlet/trconsultaempleado?b509bfd99a8adb7301b81745c063b57f,,gx-no-cache=1488897242899 HTTP/1.1" 200 4053
192.168.10.62 - - [07/Mar/2017:10:39:21 -0300] "GET /cormun/servlet/trsolicitudnombre?15993924, HTTP/1.1" 200 7149
192.168.10.62 - - [07/Mar/2017:10:39:21 -0300] "GET /cormun/static/gxcfg.js?20171191035873 HTTP/1.1" 304 -
192.168.10.62 - - [07/Mar/2017:10:39:21 -0300] "GET /cormun/static/trsolicitudnombre.js?201711910440 HTTP/1.1" 304 -
192.168.10.62 - - [07/Mar/2017:10:39:22 -0300] "GET /cormun/servlet/trsolicitudnombre?15993924, HTTP/1.1" 200 7148
192.168.10.62 - - [07/Mar/2017:10:39:28 -0300] "GET /cormun/servlet/vesolicitudnombre?2017,4660,, HTTP/1.1" 200 8009
192.168.10.62 - - [07/Mar/2017:10:39:28 -0300] "GET /cormun/static/gxcfg.js?201612218544286 HTTP/1.1" 304 -
192.168.10.62 - - [07/Mar/2017:10:39:28 -0300] "GET /cormun/pexe_scrolldiv.js HTTP/1.1" 404 1009
192.168.10.62 - - [07/Mar/2017:10:39:28 -0300] "GET /cormun/pexe_scrolldiv.js HTTP/1.1" 404 1009
192.168.10.62 - - [07/Mar/2017:10:39:28 -0300] "GET /cormun/static/vesolicitudnombre.js?201612218544339 HTTP/1.1" 304 -
192.168.10.62 - - [07/Mar/2017:10:39:28 -0300] "GET /cormun/static/tbsolicitudnombre01.js?2017110216261 HTTP/1.1" 304 -
192.168.10.62 - - [07/Mar/2017:10:39:28 -0300] "GET /cormun/servlet/vesolicitudnombre?2017,4660,, HTTP/1.1" 200 8002
192.168.10.62 - - [07/Mar/2017:10:39:31 -0300] "GET /cormun/servlet/vesolicitudnombre?2017,4660,,SolicitudOTLog HTTP/1.1" 200 8836
192.168.10.62 - - [07/Mar/2017:10:39:31 -0300] "GET /cormun/pexe_scrolldiv.js HTTP/1.1" 404 1009
192.168.10.62 - - [07/Mar/2017:10:39:31 -0300] "GET /cormun/pexe_scrolldiv.js HTTP/1.1" 404 1009
192.168.10.62 - - [07/Mar/2017:10:39:31 -0300] "GET /cormun/static/tbsolicitudnombre03.js?201612218422543 HTTP/1.1" 200 13343
192.168.10.62 - - [07/Mar/2017:10:39:31 -0300] "GET /cormun/servlet/vesolicitudnombre?2017,4660,,SolicitudOTLog HTTP/1.1" 200 8836
192.168.10.62 - - [07/Mar/2017:10:39:32 -0300] "POST /cormun/servlet/acontrolpreferencessavestate?None,FGONZALEZG,true HTTP/1.1" 200 35
186.79.36.72 - - [07/Mar/2017:10:39:34 -0300] "GET /cormun/servlet/trautorizarsolicitud? HTTP/1.1" 200 6844
186.79.36.72 - - [07/Mar/2017:10:39:34 -0300] "GET /cormun/static/gxcfg.js?2017259112829 HTTP/1.1" 200 953
186.79.36.72 - - [07/Mar/2017:10:39:34 -0300] "GET /cormun/static/trautorizarsolicitud.js?2017259113483 HTTP/1.1" 200 53096
186.79.36.72 - - [07/Mar/2017:10:39:35 -0300] "GET /cormun/servlet/trautorizarsolicitud? HTTP/1.1" 200 6843
186.79.36.72 - - [07/Mar/2017:10:39:40 -0300] "GET /cormun/servlet/trvisualizadoreventos? HTTP/1.1" 200 6654
186.79.36.72 - - [07/Mar/2017:10:39:40 -0300] "GET /cormun/static/gxcfg.js?2016101716203350 HTTP/1.1" 200 953
186.79.36.72 - - [07/Mar/2017:10:39:40 -0300] "GET /cormun/static/Resources/PXToolsActionPrint.png HTTP/1.1" 200 3317
186.79.36.72 - - [07/Mar/2017:10:39:40 -0300] "GET /cormun/static/trvisualizadoreventos.js?2016101716203614 HTTP/1.1" 200 19309
186.79.36.72 - - [07/Mar/2017:10:39:41 -0300] "GET /cormun/servlet/trvisualizadoreventos? HTTP/1.1" 200 6654
186.79.36.72 - - [07/Mar/2017:10:39:55 -0300] "GET /cormun/servlet/trsolicitudot? HTTP/1.1" 200 6888
186.79.36.72 - - [07/Mar/2017:10:39:56 -0300] "GET /cormun/servlet/trsolicitudot? HTTP/1.1" 200 6889
200.111.191.210 - - [07/Mar/2017:10:40:03 -0300] "GET /cormun/servlet/trsolicitudot? HTTP/1.1" 200 6042
200.111.191.210 - - [07/Mar/2017:10:40:03 -0300] "GET /cormun/servlet/hlogin HTTP/1.1" 200 1743
200.111.191.210 - - [07/Mar/2017:10:40:03 -0300] "GET /cormun/servlet/trsolicitudot? HTTP/1.1" 200 6052
192.168.10.89 - - [07/Mar/2017:10:40:44 -0300] "POST /cormun/servlet/trsolicitudgral?7d95e2256ba85ce650c218c33c093362,,gx-no-cache=1488897328307 HTTP/1.1" 200 9114
192.168.10.89 - - [07/Mar/2017:10:40:54 -0300] "POST /cormun/servlet/trsolicitudgral?7d95e2256ba85ce650c218c33c093362,,gx-no-cache=1488897338413 HTTP/1.1" 200 5392
186.79.36.72 - - [07/Mar/2017:10:41:11 -0300] "GET /cormun/servlet/solicitudot?INS,0,0, HTTP/1.1" 200 12735
186.79.36.72 - - [07/Mar/2017:10:41:11 -0300] "GET /cormun/static/gxcfg.js?20171191042720 HTTP/1.1" 200 953
186.79.36.72 - - [07/Mar/2017:10:41:11 -0300] "GET /cormun/static/solicitudot.js?2017119104297 HTTP/1.1" 200 63948
186.79.36.72 - - [07/Mar/2017:10:41:12 -0300] "GET /cormun/servlet/solicitudot?INS,0,0, HTTP/1.1" 200 12740
192.168.10.62 - - [07/Mar/2017:10:41:19 -0300] "GET /cormun/servlet/vesolicitudnombre?2017,4660,,General HTTP/1.1" 200 8014
192.168.10.62 - - [07/Mar/2017:10:41:19 -0300] "GET /cormun/pexe_scrolldiv.js HTTP/1.1" 404 1009
192.168.10.62 - - [07/Mar/2017:10:41:19 -0300] "GET /cormun/pexe_scrolldiv.js HTTP/1.1" 404 1009
192.168.10.62 - - [07/Mar/2017:10:41:19 -0300] "GET /cormun/servlet/vesolicitudnombre?2017,4660,,General HTTP/1.1" 200 8014
186.79.36.72 - - [07/Mar/2017:10:41:19 -0300] "POST /cormun/servlet/solicitudot?gx-no-cache=1488894150250 HTTP/1.1" 200 3141
186.79.36.72 - - [07/Mar/2017:10:41:20 -0300] "GET /cormun/static/Shared/jqueryui/images/ui-bg_highlight-soft_100_c6c2c8_1x100.png HTTP/1.1" 404 1117
186.79.36.72 - - [07/Mar/2017:10:41:20 -0300] "GET /cormun/servlet/solicitudot?3be8044e26eb2accc355fa08f50752b32e5b9e36e267880f298ea5ddae255176,gx-no-cache=1488894150686 HTTP/1.1" 200 111
186.79.36.72 - - [07/Mar/2017:10:41:20 -0300] "GET /cormun/static/Shared/jqueryui/images/ui-icons_82798d_256x240.png HTTP/1.1" 404 1089
186.79.36.72 - - [07/Mar/2017:10:41:20 -0300] "GET /cormun/static/Shared/jqueryui/images/ui-bg_flat_55_994d53_40x100.png HTTP/1.1" 404 1097
186.79.36.72 - - [07/Mar/2017:10:41:20 -0300] "GET /cormun/static/Shared/jqueryui/images/ui-icons_ebccce_256x240.png HTTP/1.1" 404 1089
200.86.95.220 - - [07/Mar/2017:10:41:20 -0300] "GET /cormun/servlet/prsolicitudot?9154169,,,,,MD,,gxPopupLevel%3D0%3B HTTP/1.1" 200 6013
192.168.10.89 - - [07/Mar/2017:10:41:21 -0300] "POST /cormun/servlet/trsolicitudgral?7d95e2256ba85ce650c218c33c093362,,gx-no-cache=1488897365204 HTTP/1.1" 200 22830
200.86.95.220 - - [07/Mar/2017:10:41:25 -0300] "POST /cormun/servlet/solicitudot?gx-no-cache=1488894155733 HTTP/1.1" 200 1290
200.86.95.220 - - [07/Mar/2017:10:41:25 -0300] "POST /cormun/servlet/solicitudot?gx-no-cache=1488894155902 HTTP/1.1" 200 41
200.86.95.220 - - [07/Mar/2017:10:41:25 -0300] "POST /cormun/servlet/solicitudot?gx-no-cache=1488894155954 HTTP/1.1" 200 1273
200.86.95.220 - - [07/Mar/2017:10:41:25 -0300] "POST /cormun/servlet/solicitudot?gx-no-cache=1488894156047 HTTP/1.1" 200 1156
192.168.10.89 - - [07/Mar/2017:10:41:27 -0300] "POST /cormun/servlet/trsolicitudgral?7d95e2256ba85ce650c218c33c093362,,gx-no-cache=1488897371626 HTTP/1.1" 200 105
192.168.10.89 - - [07/Mar/2017:10:41:27 -0300] "GET /cormun/SolicitudGral-4390.xls HTTP/1.1" 200 34304
192.168.10.89 - - [07/Mar/2017:10:41:29 -0300] "HEAD /cormun/SolicitudGral-4390.xls HTTP/1.1" 200 -
192.168.10.89 - - [07/Mar/2017:10:41:29 -0300] "OPTIONS /cormun HTTP/1.1" 302 -
192.168.10.89 - - [07/Mar/2017:10:41:29 -0300] "OPTIONS /cormun/ HTTP/1.1" 200 -
192.168.10.89 - - [07/Mar/2017:10:41:29 -0300] "PROPFIND /cormun HTTP/1.1" 302 -
192.168.10.89 - - [07/Mar/2017:10:41:29 -0300] "PROPFIND /cormun/ HTTP/1.1" 501 1141
192.168.10.89 - - [07/Mar/2017:10:41:29 -0300] "PROPFIND /cormun HTTP/1.1" 302 -
192.168.10.89 - - [07/Mar/2017:10:41:29 -0300] "PROPFIND /cormun/ HTTP/1.1" 501 1141
192.168.10.89 - - [07/Mar/2017:10:41:29 -0300] "HEAD /cormun/SolicitudGral-4390.xls HTTP/1.1" 200 -
192.168.10.89 - - [07/Mar/2017:10:41:30 -0300] "PROPFIND / HTTP/1.1" 200 11217
192.168.10.89 - - [07/Mar/2017:10:41:30 -0300] "PROPFIND / HTTP/1.1" 200 11217
186.79.36.72 - - [07/Mar/2017:10:41:31 -0300] "GET /cormun/servlet/solicitudot?3be8044e26eb2accc355fa08f50752b32291fdf150438f2f02b33c9dfa2b32e05d535b669f53827e6578490b73c8197414b9bcc18fcf347e25e7aefc9f8b52722f851d95330cd724a3af244f901b32576f4f6c2d48c6c4fdc248b449f8f77095e7b618de160550434f2bdffc07c9433568c213220f78663c62d8e078c6110e7dabff465cfa4654fcd7d3cf313194c428d44df26a08c0b995aec76be031700b6b57a94493c373ef6da24a09b7bf7b87189871c641e8c10e0a66a364e8f935c7aa86a8b9b762d0b9fb0eaf06268b4fcccd1730a6f0b20bd5857b862ceb4518365886204a9b18f9a3d405d15a20749d5f0a370c854b47832c7c8fcec7cf0616f4164be00525c91c2871f9f59eca8d642abd3a9b63c4b34f704fd74707228b45449475c614bf283994f2657458fa601921ce8a8447b21d929a0a08f51a245328d94ec05aa0c13aecd3573db335d2774c5757,gx-no-cache=1488894162190 HTTP/1.1" 200 297
192.168.10.89 - - [07/Mar/2017:10:41:32 -0300] "PROPFIND /cormun HTTP/1.1" 302 -
192.168.10.89 - - [07/Mar/2017:10:41:32 -0300] "PROPFIND /cormun/ HTTP/1.1" 501 1141
192.168.10.89 - - [07/Mar/2017:10:41:32 -0300] "PROPFIND /cormun HTTP/1.1" 302 -
192.168.10.89 - - [07/Mar/2017:10:41:32 -0300] "PROPFIND /cormun/ HTTP/1.1" 501 1141
192.168.10.89 - - [07/Mar/2017:10:41:32 -0300] "GET /cormun/SolicitudGral-4390.xls HTTP/1.1" 200 34304
192.168.10.89 - - [07/Mar/2017:10:41:32 -0300] "HEAD /cormun/SolicitudGral-4390.xls HTTP/1.1" 200 -
186.79.36.72 - - [07/Mar/2017:10:41:38 -0300] "GET /cormun/servlet/solicitudot?3be8044e26eb2accc355fa08f50752b30267209e2e30ebc58fd06e1d297692c9a5fbc25ff1a081e91cd04185f99b8213c3fa0207adf35bac35b0415fdeb7a4bfce389efec0063d8654b44457c1dbb587b18271e2e14c3b330e393be807fb44c105bf62a896633aff1002c9f28195b5edb4444ee6b2d63286987f305667933ce17c4b1eb68506fafc03754b83d1966d1c57e4bfe37f4d4aaa5891a118c29939825ec910dc54759b0f42de8470526dc38aa3a8dd9c1a7f6030d667b8b0bdaf2ef230ebe4b56d521f18cf866c84587a691c665b50d598f3c3a8d409640b659e555f43b4e8d48f7db79e9886535b516d95fd3f6b3b8f95c3e21bcf0dc18a2e55a88af6627e417382356423891cf52efefc196558d3d6287749b528aec510aebb3569b7848e931a2c2f8a7dde6d2993bdd9840a1dbc31c53da370fd03c6bb19f05f37e9f3235179921bb3613001ef897dec2a96ab38a9d0fc7cc4e76ae96051c8bc2f60d3e0f24441f46532737406eadf1e6a1205f9d00e39f27e894e7c60224246e1a3b5b5cfe5b2f756c7987f4432cc959a,gx-no-cache=1488894168801 HTTP/1.1" 200 30
200.86.95.220 - - [07/Mar/2017:10:41:51 -0300] "GET /cormun/servlet/solicitudot?e7ec3574523e7dcfc50c13f3edd5edbe7ac3eaf6f3707b1d8b83ebc5f20f0386cb30d2d9142e0263ce82f29bad41d313060ab67ef5dd5c01b6e277b987c653796b69e173862d59c9211d7d8d2ff90c75d517ef4efbcfd545af2abae3295140c256746534d1b9c4cdc93bdd94bc0a3d28c1cab7484938638555322bb7aa48d596df64f2de5cde945743a27034fd515cde0466ccfa9483c652bf0b999c68b31b33e45f07bded26f73f46d4a910d92f9b51,gx-no-cache=1488894181921 HTTP/1.1" 200 30
200.86.95.220 - - [07/Mar/2017:10:41:52 -0300] "POST /cormun/servlet/solicitudot?a10d6bf1b886065dee18e6effbcf8a3f,INS,0,0,,gx-no-cache=1488894182054 HTTP/1.1" 200 93
200.86.95.220 - - [07/Mar/2017:10:41:52 -0300] "GET /cormun/servlet/hpexe_return? HTTP/1.1" 200 1004
200.86.95.220 - - [07/Mar/2017:10:41:52 -0300] "GET /cormun/servlet/trsolicitudot HTTP/1.1" 200 9532
200.86.95.220 - - [07/Mar/2017:10:41:54 -0300] "GET /cormun/servlet/trsolicitudot HTTP/1.1" 200 9527
192.168.10.89 - - [07/Mar/2017:10:42:07 -0300] "POST /cormun/servlet/trsolicitudgral?7d95e2256ba85ce650c218c33c093362,,gx-no-cache=1488897412039 HTTP/1.1" 200 6721
200.86.95.220 - - [07/Mar/2017:10:42:11 -0300] "GET /cormun/servlet/solicitudot?INS,0,0, HTTP/1.1" 200 12565
200.86.95.220 - - [07/Mar/2017:10:42:12 -0300] "GET /cormun/servlet/solicitudot?INS,0,0, HTTP/1.1" 200 12570
192.168.10.89 - - [07/Mar/2017:10:42:14 -0300] "POST /cormun/servlet/trsolicitudgral?7d95e2256ba85ce650c218c33c093362,,gx-no-cache=1488897419141 HTTP/1.1" 200 5625
192.168.10.89 - - [07/Mar/2017:10:42:15 -0300] "GET /cormun/static/Shared/jqueryui/images/ui-icons_82798d_256x240.png HTTP/1.1" 404 1089
192.168.10.89 - - [07/Mar/2017:10:42:15 -0300] "GET /cormun/static/Shared/jqueryui/images/ui-bg_highlight-soft_100_c6c2c8_1x100.png HTTP/1.1" 404 1117
192.168.10.89 - - [07/Mar/2017:10:42:15 -0300] "GET /cormun/static/Shared/jqueryui/images/ui-icons_8d78a5_256x240.png HTTP/1.1" 404 1089
192.168.10.89 - - [07/Mar/2017:10:42:15 -0300] "GET /cormun/static/Shared/jqueryui/images/ui-bg_flat_55_fafafa_40x100.png HTTP/1.1" 404 1097
192.168.10.89 - - [07/Mar/2017:10:42:26 -0300] "POST /cormun/servlet/trsolicitudgral?7d95e2256ba85ce650c218c33c093362,,gx-no-cache=1488897430979 HTTP/1.1" 200 6696
192.168.10.89 - - [07/Mar/2017:10:42:35 -0300] "POST /cormun/servlet/trsolicitudgral?7d95e2256ba85ce650c218c33c093362,,gx-no-cache=1488897439921 HTTP/1.1" 200 5603
192.168.10.89 - - [07/Mar/2017:10:42:55 -0300] "POST /cormun/servlet/trsolicitudgral?7d95e2256ba85ce650c218c33c093362,,gx-no-cache=1488897459911 HTTP/1.1" 200 7066
207.46.13.230 - - [07/Mar/2017:10:43:11 -0300] "GET /robots.txt HTTP/1.1" 404 981
192.168.10.89 - - [07/Mar/2017:10:43:12 -0300] "POST /cormun/servlet/trsolicitudgral?7d95e2256ba85ce650c218c33c093362,,gx-no-cache=1488897476326 HTTP/1.1" 200 115
192.168.10.89 - - [07/Mar/2017:10:43:12 -0300] "GET /cormun/servlet/solicitudotlog?INS,2017,4977,0,REC, HTTP/1.1" 200 6151
192.168.10.89 - - [07/Mar/2017:10:43:13 -0300] "GET /cormun/servlet/solicitudotlog?eab17bf90a64c83968d888d5da9ce3e94f32b5a4341f04959aca7c9ec70fb2444aa3986e958f72335b9a8f6f6a9cbddb7f45bf5e6853458cc0100bc0325ee3774cd4f4445e878b374a91d7dc81e2bbb326c56041e0a8e2572fdf38ed7b330791acb094e4023b2f7d0a88b3aba020589c2341f66eedd2531e77ac4ec924953a4b1d8d2fd7f18bce99b5421b8e549046663677c46b9033e44f1d08bc87e882b588,gx-no-cache=1488897477877 HTTP/1.1" 200 94
192.168.10.89 - - [07/Mar/2017:10:43:16 -0300] "POST /cormun/servlet/solicitudotlog?7d95e2256ba85ce650c218c33c093362,INS,2017,4977,0,REC,,gx-no-cache=1488897480659 HTTP/1.1" 200 93
192.168.10.89 - - [07/Mar/2017:10:43:16 -0300] "GET /cormun/servlet/hpexe_return? HTTP/1.1" 200 1014
192.168.10.89 - - [07/Mar/2017:10:43:16 -0300] "GET /cormun/servlet/trsolicitudgral? HTTP/1.1" 200 10005
192.168.10.89 - - [07/Mar/2017:10:43:20 -0300] "POST /cormun/servlet/trsolicitudgral?7d95e2256ba85ce650c218c33c093362,,gx-no-cache=1488897484251 HTTP/1.1" 200 5623
192.168.10.89 - - [07/Mar/2017:10:43:20 -0300] "GET /cormun/static/Shared/jqueryui/images/ui-icons_8d78a5_256x240.png HTTP/1.1" 404 1089
192.168.10.89 - - [07/Mar/2017:10:43:20 -0300] "GET /cormun/static/Shared/jqueryui/images/ui-icons_82798d_256x240.png HTTP/1.1" 404 1089
192.168.10.89 - - [07/Mar/2017:10:43:20 -0300] "GET /cormun/static/Shared/jqueryui/images/ui-bg_flat_55_fafafa_40x100.png HTTP/1.1" 404 1097
192.168.10.89 - - [07/Mar/2017:10:43:20 -0300] "GET /cormun/static/Shared/jqueryui/images/ui-bg_highlight-soft_100_c6c2c8_1x100.png HTTP/1.1" 404 1117
207.46.13.32 - - [07/Mar/2017:10:43:28 -0300] "GET /cormun/servlet/trsolicitudadjuntos?2016,2923,&_escaped_fragment_= HTTP/1.1" 200 6177
207.46.13.32 - - [07/Mar/2017:10:43:28 -0300] "GET /cormun/servlet/trsolicitudot HTTP/1.1" 200 6027
207.46.13.32 - - [07/Mar/2017:10:43:29 -0300] "GET /cormun/servlet/solicitudotadjuntos?41f0ebcc4c9e3b3d1fa616db68a0acf2,INS,2016,2923,,1,&_escaped_fragment_= HTTP/1.1" 200 5020
207.46.13.32 - - [07/Mar/2017:10:43:29 -0300] "GET /cormun/servlet/licenciaspermisos?INS,0,,, HTTP/1.1" 200 6453
207.46.13.32 - - [07/Mar/2017:10:43:29 -0300] "GET /cormun/servlet/solicitudot?UPD,2016,2672, HTTP/1.1" 200 13620
186.79.36.72 - - [07/Mar/2017:10:43:31 -0300] "POST /cormun/servlet/solicitudot?gx-no-cache=1488894281926 HTTP/1.1" 200 255
192.168.10.89 - - [07/Mar/2017:10:43:38 -0300] "POST /cormun/servlet/trsolicitudgral?7d95e2256ba85ce650c218c33c093362,,gx-no-cache=1488897503041 HTTP/1.1" 200 7078
40.77.167.73 - - [07/Mar/2017:10:43:51 -0300] "GET /cormun/servlet/trlicencias?_escaped_fragment_= HTTP/1.1" 200 7729
40.77.167.73 - - [07/Mar/2017:10:43:51 -0300] "GET /cormun/servlet/solicitudotadjuntos?INS,2016,2923,,1, HTTP/1.1" 200 5138
186.79.36.72 - - [07/Mar/2017:10:43:53 -0300] "GET /cormun/servlet/solicitudot?3be8044e26eb2accc355fa08f50752b30267209e2e30ebc58fd06e1d297692c9e855e66b5ff1d5bc6c956caeeb400badc3fa0207adf35bac35b0415fdeb7a4bfce389efec0063d8654b44457c1dbb587b18271e2e14c3b330e393be807fb44c105bf62a896633aff1002c9f28195b5edb4444ee6b2d63286987f305667933ce17c4b1eb68506fafc03754b83d1966d1c57e4bfe37f4d4aaa5891a118c29939825ec910dc54759b0f42de8470526dc38aa3a8dd9c1a7f6030d667b8b0bdaf2ef230ebe4b56d521f18cf866c84587a691c665b50d598f3c3a8d409640b659e555f43b4e8d48f7db79e9886535b516d95fd9b89bbf0d8264bfba175d4da11c03829f6627e417382356423891cf52efefc191363a22bd4d9b02ff8e23d67bfb366729f4777b38e167d4fa2e5dcc394624cd8d27ff4965ffd8f8ac2f0851eaf36af3dc27b2b49b4e2d65ab45adeebd787abd47b760c691789fbd3af1806331a99bc388fa230b352e03c098cdc189249c85cd0a526250e5d16268fc2fd218ac4e7a7f9,gx-no-cache=1488894304359 HTTP/1.1" 200 30
186.79.36.72 - - [07/Mar/2017:10:43:53 -0300] "POST /cormun/servlet/solicitudot?gx-no-cache=1488894304501 HTTP/1.1" 200 30
186.79.36.72 - - [07/Mar/2017:10:43:54 -0300] "POST /cormun/servlet/solicitudot?gx-no-cache=1488894304634 HTTP/1.1" 200 235
186.79.36.72 - - [07/Mar/2017:10:43:54 -0300] "POST /cormun/servlet/solicitudot?gx-no-cache=1488894304730 HTTP/1.1" 200 38
192.168.10.89 - - [07/Mar/2017:10:44:01 -0300] "POST /cormun/servlet/trsolicitudgral?7d95e2256ba85ce650c218c33c093362,,gx-no-cache=1488897525401 HTTP/1.1" 200 6731
192.168.10.89 - - [07/Mar/2017:10:44:03 -0300] "POST /cormun/servlet/trsolicitudgral?7d95e2256ba85ce650c218c33c093362,,gx-no-cache=1488897527854 HTTP/1.1" 200 115
192.168.10.89 - - [07/Mar/2017:10:44:03 -0300] "GET /cormun/servlet/solicitudotlog?INS,2017,4976,0,REC, HTTP/1.1" 200 6152
192.168.10.89 - - [07/Mar/2017:10:44:04 -0300] "GET /cormun/servlet/solicitudotlog?eab17bf90a64c83968d888d5da9ce3e949f7ae8b11cf90cfaad482a6e50d037f4aa3986e958f72335b9a8f6f6a9cbddb7f45bf5e6853458cc0100bc0325ee3774cd4f4445e878b374a91d7dc81e2bbb326c56041e0a8e2572fdf38ed7b330791acb094e4023b2f7d0a88b3aba020589c2341f66eedd2531e77ac4ec924953a4b1d8d2fd7f18bce99b5421b8e549046663677c46b9033e44f1d08bc87e882b588,gx-no-cache=1488897529196 HTTP/1.1" 200 94
186.79.36.72 - - [07/Mar/2017:10:44:08 -0300] "GET /cormun/servlet/solicitudot?3be8044e26eb2accc355fa08f50752b38bbfdd89b1f0127fde4360f11e7d6fd1370c854b47832c7c8fcec7cf0616f4164be00525c91c2871f9f59eca8d642abdc38d9be88098f39022b574972e4cb898,gx-no-cache=1488894318940 HTTP/1.1" 200 29
186.79.36.72 - - [07/Mar/2017:10:44:08 -0300] "POST /cormun/servlet/solicitudot?gx-no-cache=1488894319068 HTTP/1.1" 200 643
192.168.10.89 - - [07/Mar/2017:10:44:09 -0300] "POST /cormun/servlet/solicitudotlog?7d95e2256ba85ce650c218c33c093362,INS,2017,4976,0,REC,,gx-no-cache=1488897533674 HTTP/1.1" 200 93
192.168.10.89 - - [07/Mar/2017:10:44:09 -0300] "GET /cormun/servlet/hpexe_return? HTTP/1.1" 200 1014
192.168.10.89 - - [07/Mar/2017:10:44:09 -0300] "GET /cormun/servlet/trsolicitudgral? HTTP/1.1" 200 8716
186.79.36.72 - - [07/Mar/2017:10:44:13 -0300] "POST /cormun/servlet/solicitudot?gx-no-cache=1488894323670 HTTP/1.1" 200 518
186.79.36.72 - - [07/Mar/2017:10:44:51 -0300] "GET /cormun/servlet/trsolicitudot? HTTP/1.1" 200 6888
186.79.36.72 - - [07/Mar/2017:10:44:52 -0300] "GET /cormun/servlet/trsolicitudot? HTTP/1.1" 200 6889
192.168.10.89 - - [07/Mar/2017:10:47:17 -0300] "POST /cormun/servlet/trsolicitudgral?7d95e2256ba85ce650c218c33c093362,,gx-no-cache=1488897721457 HTTP/1.1" 200 5412
201.246.239.225 - - [07/Mar/2017:10:47:35 -0300] "GET /cormun/servlet/hlogin HTTP/1.1" 200 1728
201.246.239.225 - - [07/Mar/2017:10:47:36 -0300] "GET /cormun/servlet/hlogin HTTP/1.1" 200 1736
192.168.10.89 - - [07/Mar/2017:10:48:06 -0300] "POST /cormun/servlet/trsolicitudgral?7d95e2256ba85ce650c218c33c093362,,gx-no-cache=1488897770449 HTTP/1.1" 200 6729
192.168.10.89 - - [07/Mar/2017:10:48:08 -0300] "POST /cormun/servlet/trsolicitudgral?7d95e2256ba85ce650c218c33c093362,,gx-no-cache=1488897772856 HTTP/1.1" 200 5632
192.168.10.89 - - [07/Mar/2017:10:48:08 -0300] "GET /cormun/static/Shared/jqueryui/images/ui-icons_82798d_256x240.png HTTP/1.1" 404 1089
192.168.10.89 - - [07/Mar/2017:10:48:08 -0300] "GET /cormun/static/Shared/jqueryui/images/ui-bg_highlight-soft_100_c6c2c8_1x100.png HTTP/1.1" 404 1117
192.168.10.89 - - [07/Mar/2017:10:48:08 -0300] "GET /cormun/static/Shared/jqueryui/images/ui-icons_8d78a5_256x240.png HTTP/1.1" 404 1089
192.168.10.89 - - [07/Mar/2017:10:48:08 -0300] "GET /cormun/static/Shared/jqueryui/images/ui-bg_flat_55_fafafa_40x100.png HTTP/1.1" 404 1097
192.168.10.89 - - [07/Mar/2017:10:48:19 -0300] "POST /cormun/servlet/trsolicitudgral?7d95e2256ba85ce650c218c33c093362,,gx-no-cache=1488897784118 HTTP/1.1" 200 6723
192.168.10.89 - - [07/Mar/2017:10:48:22 -0300] "POST /cormun/servlet/trsolicitudgral?7d95e2256ba85ce650c218c33c093362,,gx-no-cache=1488897786592 HTTP/1.1" 200 5616
192.168.10.89 - - [07/Mar/2017:10:48:33 -0300] "POST /cormun/servlet/trsolicitudgral?7d95e2256ba85ce650c218c33c093362,,gx-no-cache=1488897798069 HTTP/1.1" 200 6731
192.168.10.89 - - [07/Mar/2017:10:48:36 -0300] "POST /cormun/servlet/trsolicitudgral?7d95e2256ba85ce650c218c33c093362,,gx-no-cache=1488897800509 HTTP/1.1" 200 5626
192.168.10.89 - - [07/Mar/2017:10:51:56 -0300] "POST /cormun/servlet/trsolicitudgral?7d95e2256ba85ce650c218c33c093362,,gx-no-cache=1488898000362 HTTP/1.1" 200 7429
192.168.10.96 - - [07/Mar/2017:10:53:10 -0300] "GET /cormun/servlet/trsolicitudgral? HTTP/1.1" 200 24269
192.168.10.96 - - [07/Mar/2017:10:53:12 -0300] "GET /cormun/servlet/trsolicitudgral? HTTP/1.1" 200 24280
192.168.10.96 - - [07/Mar/2017:10:53:17 -0300] "GET /cormun/servlet/hlogin HTTP/1.1" 200 1733
186.79.36.72 - - [07/Mar/2017:10:53:27 -0300] "GET /cormun/servlet/solicitudot?INS,0,0, HTTP/1.1" 200 12735
186.79.36.72 - - [07/Mar/2017:10:53:29 -0300] "GET /cormun/servlet/solicitudot?INS,0,0, HTTP/1.1" 200 12740
186.79.36.72 - - [07/Mar/2017:10:53:33 -0300] "POST /cormun/servlet/solicitudot?gx-no-cache=1488894882405 HTTP/1.1" 200 3141
186.79.36.72 - - [07/Mar/2017:10:53:34 -0300] "GET /cormun/static/Shared/jqueryui/images/ui-bg_highlight-soft_100_c6c2c8_1x100.png HTTP/1.1" 404 1117
186.79.36.72 - - [07/Mar/2017:10:53:34 -0300] "GET /cormun/static/Shared/jqueryui/images/ui-icons_82798d_256x240.png HTTP/1.1" 404 1089
186.79.36.72 - - [07/Mar/2017:10:53:35 -0300] "GET /cormun/servlet/solicitudot?3be8044e26eb2accc355fa08f50752b32e5b9e36e267880f298ea5ddae255176,gx-no-cache=1488894884486 HTTP/1.1" 200 111
186.79.36.72 - - [07/Mar/2017:10:53:35 -0300] "GET /cormun/static/Shared/jqueryui/images/ui-bg_flat_55_994d53_40x100.png HTTP/1.1" 404 1097
186.79.36.72 - - [07/Mar/2017:10:53:35 -0300] "GET /cormun/static/Shared/jqueryui/images/ui-icons_ebccce_256x240.png HTTP/1.1" 404 1089
186.79.36.72 - - [07/Mar/2017:10:53:40 -0300] "GET /cormun/servlet/solicitudot?3be8044e26eb2accc355fa08f50752b32291fdf150438f2f02b33c9dfa2b32e05d535b669f53827e6578490b73c8197414b9bcc18fcf347e25e7aefc9f8b52722f851d95330cd724a3af244f901b32576f4f6c2d48c6c4fdc248b449f8f77095e7b618de160550434f2bdffc07c9433568c213220f78663c62d8e078c6110e7dabff465cfa4654fcd7d3cf313194c428d44df26a08c0b995aec76be031700b6b57a94493c373ef6da24a09b7bf7b87189871c641e8c10e0a66a364e8f935c7aa86a8b9b762d0b9fb0eaf06268b4fcccd1730a6f0b20bd5857b862ceb4518365886204a9b18f9a3d405d15a20749d5f0a370c854b47832c7c8fcec7cf0616f4164be00525c91c2871f9f59eca8d642abd3a9b63c4b34f704fd74707228b45449475c614bf283994f2657458fa601921ce8a8447b21d929a0a08f51a245328d94ec05aa0c13aecd3573db335d2774c5757,gx-no-cache=1488894889963 HTTP/1.1" 200 297
186.79.36.72 - - [07/Mar/2017:10:54:12 -0300] "POST /cormun/servlet/solicitudot?gx-no-cache=1488894921910 HTTP/1.1" 200 240
186.79.36.72 - - [07/Mar/2017:10:54:33 -0300] "GET /cormun/servlet/solicitudot?3be8044e26eb2accc355fa08f50752b30267209e2e30ebc58fd06e1d297692c9862af3c1641f80716ef0c779fce4a982c3fa0207adf35bac35b0415fdeb7a4bfce389efec0063d8654b44457c1dbb587b18271e2e14c3b330e393be807fb44c105bf62a896633aff1002c9f28195b5edb4444ee6b2d63286987f305667933ce17c4b1eb68506fafc03754b83d1966d1c57e4bfe37f4d4aaa5891a118c29939825ec910dc54759b0f42de8470526dc38aa3a8dd9c1a7f6030d667b8b0bdaf2ef230ebe4b56d521f18cf866c84587a691c665b50d598f3c3a8d409640b659e555f43b4e8d48f7db79e9886535b516d95fd3f6b3b8f95c3e21bcf0dc18a2e55a88af6627e417382356423891cf52efefc196558d3d6287749b528aec510aebb3569b7848e931a2c2f8a7dde6d2993bdd9840a1dbc31c53da370fd03c6bb19f05f37223d8f6b5fa8a0d1d518704cd29cbabec59ec6706fc71e7df8190910439668dccd1d64aa785cc0d0aed27641cc75e9e0d5fd33f8259a0d1bb0208f47586c88ce,gx-no-cache=1488894944087 HTTP/1.1" 200 30
186.79.36.72 - - [07/Mar/2017:10:55:29 -0300] "POST /cormun/servlet/solicitudot?gx-no-cache=1488894999348 HTTP/1.1" 200 30
186.79.36.72 - - [07/Mar/2017:10:55:30 -0300] "POST /cormun/servlet/solicitudot?gx-no-cache=1488895000285 HTTP/1.1" 200 235
186.79.36.72 - - [07/Mar/2017:10:55:30 -0300] "POST /cormun/servlet/solicitudot?gx-no-cache=1488895000805 HTTP/1.1" 200 38
192.168.10.96 - - [07/Mar/2017:10:57:04 -0300] "POST /cormun/servlet/hlogin?51830887db833f80d86767ae991f8bc2,gx-no-cache=1488898309224 HTTP/1.1" 200 90
192.168.10.96 - - [07/Mar/2017:10:57:04 -0300] "GET /cormun/servlet/hpexe_link HTTP/1.1" 200 951
192.168.10.96 - - [07/Mar/2017:10:57:05 -0300] "GET /cormun/servlet/hhome HTTP/1.1" 200 3924
192.168.10.96 - - [07/Mar/2017:10:57:05 -0300] "GET /cormun/servlet/hhome HTTP/1.1" 200 3921
192.168.10.96 - - [07/Mar/2017:10:57:08 -0300] "GET /cormun/servlet/trsolicitudot? HTTP/1.1" 200 6889
192.168.10.96 - - [07/Mar/2017:10:57:08 -0300] "GET /cormun/static/gxcfg.js?20171191044697 HTTP/1.1" 304 -
192.168.10.96 - - [07/Mar/2017:10:57:08 -0300] "GET /cormun/static/trsolicitudot.js?20171191045625 HTTP/1.1" 304 -
192.168.10.96 - - [07/Mar/2017:10:57:08 -0300] "GET /cormun/servlet/trsolicitudot? HTTP/1.1" 200 6888
192.168.10.96 - - [07/Mar/2017:10:57:09 -0300] "GET /cormun/servlet/solicitudot?INS,0,0, HTTP/1.1" 200 12730
192.168.10.96 - - [07/Mar/2017:10:57:10 -0300] "GET /cormun/static/gxcfg.js?20171191042720 HTTP/1.1" 304 -
192.168.10.96 - - [07/Mar/2017:10:57:10 -0300] "GET /cormun/static/solicitudot.js?2017119104297 HTTP/1.1" 304 -
192.168.10.96 - - [07/Mar/2017:10:57:10 -0300] "GET /cormun/servlet/solicitudot?INS,0,0, HTTP/1.1" 200 12735
192.168.10.96 - - [07/Mar/2017:10:57:14 -0300] "POST /cormun/servlet/solicitudot?gx-no-cache=1488898319191 HTTP/1.1" 200 3141
192.168.10.96 - - [07/Mar/2017:10:57:14 -0300] "GET /cormun/static/Shared/jqueryui/images/ui-bg_highlight-soft_100_c6c2c8_1x100.png HTTP/1.1" 404 1117
192.168.10.96 - - [07/Mar/2017:10:57:14 -0300] "GET /cormun/static/Shared/jqueryui/images/ui-icons_82798d_256x240.png HTTP/1.1" 404 1089
192.168.10.96 - - [07/Mar/2017:10:57:14 -0300] "GET /cormun/static/Shared/jqueryui/images/ui-bg_flat_55_994d53_40x100.png HTTP/1.1" 404 1097
192.168.10.96 - - [07/Mar/2017:10:57:15 -0300] "GET /cormun/static/Shared/jqueryui/images/ui-icons_ebccce_256x240.png HTTP/1.1" 404 1089
192.168.10.96 - - [07/Mar/2017:10:57:15 -0300] "GET /cormun/servlet/solicitudot?4464817c99bf29f8526914124c06f75911b23bd63e502cc9f6be86e2321dc5bf,gx-no-cache=1488898319617 HTTP/1.1" 200 111
186.79.36.72 - - [07/Mar/2017:10:57:15 -0300] "GET /cormun/servlet/trsolicitudot? HTTP/1.1" 200 6888
186.79.36.72 - - [07/Mar/2017:10:57:17 -0300] "GET /cormun/servlet/trsolicitudot? HTTP/1.1" 200 6889
186.79.36.72 - - [07/Mar/2017:10:57:19 -0300] "GET /cormun/servlet/solicitudot?INS,0,0, HTTP/1.1" 200 12735
192.168.10.96 - - [07/Mar/2017:10:57:20 -0300] "GET /cormun/servlet/solicitudot?4464817c99bf29f8526914124c06f759b21db26019cc22aae97cdafe7a65182df90d3d733824bc3bd6826fe3bf66c7889327bfb5ed171ed017be7df55e66d5f1495732731faa4a262f67363cf2b56d3a9d5c75a048295f86f571daa990decd409b2e97b03539b5d3de571b727f8bf0814959aee7feab8e5d42bd90cf433c21600191cd37ce6eb1c34ad33610df666a797bbdaa741ca6f2f19f4538b4bce502ec0ef717b3b88bd215072ede64fefc8950cbdccc8055c58ba6ef3564947dab4d6323a45a41d25940cc31d229969daf63bd8304c57053ba8bbf21f858247f1f8403d8147705992daec63ea96a3dbd3893b47d5ab21e319727c49ec2ed993d99974992840bf0892108d425d4f61d51022799e603990743c64635269af1b6574be33c5cf61554379093089fba7fd8fe81fb5c0093ac5168a7a006b12cc4a64b8b0c91e5081fa816f24470dc42a95530c41540,gx-no-cache=1488898324983 HTTP/1.1" 200 240
186.79.36.72 - - [07/Mar/2017:10:57:21 -0300] "GET /cormun/servlet/solicitudot?INS,0,0, HTTP/1.1" 200 12740
186.79.36.72 - - [07/Mar/2017:10:57:29 -0300] "POST /cormun/servlet/solicitudot?gx-no-cache=1488895118292 HTTP/1.1" 200 3141
186.79.36.72 - - [07/Mar/2017:10:57:30 -0300] "GET /cormun/static/Shared/jqueryui/images/ui-bg_highlight-soft_100_c6c2c8_1x100.png HTTP/1.1" 404 1117
186.79.36.72 - - [07/Mar/2017:10:57:30 -0300] "GET /cormun/static/Shared/jqueryui/images/ui-icons_82798d_256x240.png HTTP/1.1" 404 1089
186.79.36.72 - - [07/Mar/2017:10:57:30 -0300] "GET /cormun/servlet/solicitudot?3be8044e26eb2accc355fa08f50752b32e5b9e36e267880f298ea5ddae255176,gx-no-cache=1488895120231 HTTP/1.1" 200 111
186.79.36.72 - - [07/Mar/2017:10:57:30 -0300] "GET /cormun/static/Shared/jqueryui/images/ui-bg_flat_55_994d53_40x100.png HTTP/1.1" 404 1097
186.79.36.72 - - [07/Mar/2017:10:57:30 -0300] "GET /cormun/static/Shared/jqueryui/images/ui-icons_ebccce_256x240.png HTTP/1.1" 404 1089
186.79.36.72 - - [07/Mar/2017:10:57:31 -0300] "GET /cormun/servlet/solicitudot?3be8044e26eb2accc355fa08f50752b32291fdf150438f2f02b33c9dfa2b32e05d535b669f53827e6578490b73c8197414b9bcc18fcf347e25e7aefc9f8b52722f851d95330cd724a3af244f901b32576f4f6c2d48c6c4fdc248b449f8f77095e7b618de160550434f2bdffc07c9433568c213220f78663c62d8e078c6110e7dabff465cfa4654fcd7d3cf313194c428d44df26a08c0b995aec76be031700b6b57a94493c373ef6da24a09b7bf7b87189871c641e8c10e0a66a364e8f935c7aa86a8b9b762d0b9fb0eaf06268b4fcccd1730a6f0b20bd5857b862ceb4518365886204a9b18f9a3d405d15a20749d5f0a370c854b47832c7c8fcec7cf0616f4164be00525c91c2871f9f59eca8d642abd3a9b63c4b34f704fd74707228b45449475c614bf283994f2657458fa601921ce8a8447b21d929a0a08f51a245328d94ec05aa0c13aecd3573db335d2774c5757,gx-no-cache=1488895121491 HTTP/1.1" 200 297
186.79.36.72 - - [07/Mar/2017:10:57:31 -0300] "GET /cormun/servlet/solicitudot?3be8044e26eb2accc355fa08f50752b30267209e2e30ebc58fd06e1d297692c9a5fbc25ff1a081e91cd04185f99b8213c3fa0207adf35bac35b0415fdeb7a4bfce389efec0063d8654b44457c1dbb587b18271e2e14c3b330e393be807fb44c105bf62a896633aff1002c9f28195b5edb4444ee6b2d63286987f305667933ce17c4b1eb68506fafc03754b83d1966d1c57e4bfe37f4d4aaa5891a118c29939825ec910dc54759b0f42de8470526dc38aa3a8dd9c1a7f6030d667b8b0bdaf2ef230ebe4b56d521f18cf866c84587a691c665b50d598f3c3a8d409640b659e555f43b4e8d48f7db79e9886535b516d95fd3f6b3b8f95c3e21bcf0dc18a2e55a88af6627e417382356423891cf52efefc196558d3d6287749b528aec510aebb3569b7848e931a2c2f8a7dde6d2993bdd9840a1dbc31c53da370fd03c6bb19f05f37e9f3235179921bb3613001ef897dec2a96ab38a9d0fc7cc4e76ae96051c8bc2f60d3e0f24441f46532737406eadf1e6a1205f9d00e39f27e894e7c60224246e1a3b5b5cfe5b2f756c7987f4432cc959a,gx-no-cache=1488895122082 HTTP/1.1" 200 30
192.168.10.96 - - [07/Mar/2017:10:57:34 -0300] "GET /cormun/servlet/solicitudot?4464817c99bf29f8526914124c06f7598352c8ef4aa28508e378d6882b047d967099b7346ac9610c4b7125229efc07d21656e7a8b8c0aac260b5098f28817361e856d684afaefee87e24e0c3d3a47442a47a6a62457512adb4f186c2c179a7c36ec86ad31aa49b664b076ae4ea342b6eeaf768d159fa8b8685e7348818a0d491738e97c57c40c47e8760409d05fc47b29212c7a78d615f0221c510ca219eca3607bbd02828efba6077d2ba732a3407685483906ea1bc9fcd0df1f78bc164611679366a86f247b1499f7853567847863b59b51f69d1771c75970cffc174ff1bcc4dd5adacfe1e028970723a5125f4aeb8b3cc3a0d800adcfd8dde4e6d707bd6929d1e2d417fd9e7f89eb72fea292427456b87824d68b5c36eed4a38d4ecb1def62b1abfdab300c424c0b77043c9eb0b91cdcff6ea997d02ccbcebea91d6eb6d3fa5f17d69d6fdb90c9018e2d1628b387b385b64f9d3b1fb9f478a59d949d4d8e5a69c0643b670f64a281f88869c93f4a0d7c4fcb7aad02013d2866e0cc65bb658,gx-no-cache=1488898338754 HTTP/1.1" 200 30
186.79.36.72 - - [07/Mar/2017:10:57:36 -0300] "POST /cormun/servlet/solicitudot?gx-no-cache=1488895127380 HTTP/1.1" 200 30
192.168.10.96 - - [07/Mar/2017:10:57:38 -0300] "POST /cormun/servlet/solicitudot?gx-no-cache=1488898343040 HTTP/1.1" 200 30
186.79.36.72 - - [07/Mar/2017:10:58:00 -0300] "POST /cormun/servlet/solicitudot?gx-no-cache=1488895149552 HTTP/1.1" 200 296
186.79.36.72 - - [07/Mar/2017:10:58:22 -0300] "POST /cormun/servlet/solicitudot?gx-no-cache=1488895172365 HTTP/1.1" 200 117
186.79.36.72 - - [07/Mar/2017:10:58:22 -0300] "GET /cormun/servlet/solicitudot?3be8044e26eb2accc355fa08f50752b38bbfdd89b1f0127fde4360f11e7d6fd1370c854b47832c7c8fcec7cf0616f4164be00525c91c2871f9f59eca8d642abdc38d9be88098f39022b574972e4cb898,gx-no-cache=1488895173012 HTTP/1.1" 200 29
186.79.36.72 - - [07/Mar/2017:10:58:23 -0300] "GET /cormun/servlet/solicitudot?3be8044e26eb2accc355fa08f50752b36302f6db4daae68f0dbd3e662c17664944b73c1d771bbc6c66e59b71d6873268351004bc2821f255e939397d08f59cc472b1241fd7eb817a76db1692a804ef043a47b24a096c787b1cc5e55e7da1ba0999d17f3b71399e0a581589c1b83cf7f999ac9dbd830ed3c703c33ab51cea49d28252e607f79a7e6765ad544fdfdf56e104f6de8957b3cf519c5f80e0f64799c7,gx-no-cache=1488895173423 HTTP/1.1" 200 57
186.79.36.72 - - [07/Mar/2017:10:58:23 -0300] "GET /cormun/servlet/solicitudot?3be8044e26eb2accc355fa08f50752b3f68ec2730f9ea336ff6cc6fcfe203cae44b73c1d771bbc6c66e59b71d6873268351004bc2821f255e939397d08f59cc41e8304756ddad7a78b1c19a0df04616d4ec904cc615a133d2fdd0d7a2307e6b95465b65bae73ea9c39162b84d2d6ea25a3b5b5cfe5b2f756c7987f4432cc959a,gx-no-cache=1488895173889 HTTP/1.1" 200 57
186.79.36.72 - - [07/Mar/2017:10:58:47 -0300] "GET /cormun/servlet/solicitudot?3be8044e26eb2accc355fa08f50752b3b87eac1d91acf1e2f047bde21a4e0fbc370c854b47832c7c8fcec7cf0616f416040357c4a95fe1770406436dd8285b42488e83f695220aa149a8e7f49343496fd5538a032a9ef5ede769497bc1ef4a5fd92f94ac56e0cedf6fa05145f206ec3d7322585a07b2e5a7b45522c2284548f4c67262209b471a6692c348284419e1a0,gx-no-cache=1488895197012 HTTP/1.1" 200 30
192.168.10.96 - - [07/Mar/2017:10:59:25 -0300] "GET /cormun/servlet/trsolicitudot? HTTP/1.1" 200 6889
186.79.36.72 - - [07/Mar/2017:10:59:25 -0300] "GET /cormun/servlet/trsolicitudot? HTTP/1.1" 200 6888
192.168.10.96 - - [07/Mar/2017:10:59:26 -0300] "GET /cormun/servlet/trsolicitudot? HTTP/1.1" 200 6888
186.79.36.72 - - [07/Mar/2017:10:59:27 -0300] "GET /cormun/servlet/trsolicitudot? HTTP/1.1" 200 6889
186.103.156.24 - - [07/Mar/2017:11:01:00 -0300] "GET /cormun/servlet/trcontratounov2? HTTP/1.1" 200 15513
186.103.156.24 - - [07/Mar/2017:11:01:03 -0300] "GET /cormun/static/trcontratounov2.js?2016122811141421 HTTP/1.1" 304 -
186.103.156.24 - - [07/Mar/2017:11:01:04 -0300] "GET /cormun/servlet/trcontratounov2? HTTP/1.1" 200 15524
186.103.156.24 - - [07/Mar/2017:11:01:04 -0300] "GET /cormun/servlet/hlogin HTTP/1.1" 200 1742
200.86.95.220 - - [07/Mar/2017:11:01:08 -0300] "POST /cormun/servlet/solicitudot?gx-no-cache=1488895338794 HTTP/1.1" 200 3173
200.86.95.220 - - [07/Mar/2017:11:01:09 -0300] "POST /cormun/servlet/solicitudot?a10d6bf1b886065dee18e6effbcf8a3f,INS,0,0,,gx-no-cache=1488895339160 HTTP/1.1" 200 9774
200.86.95.220 - - [07/Mar/2017:11:01:11 -0300] "GET /cormun/servlet/solicitudot?e7ec3574523e7dcfc50c13f3edd5edbecc92aa0886462029a4e5e09696090fed93e389b8d48fbfc2a995686e85379abb,gx-no-cache=1488895341975 HTTP/1.1" 200 30
200.86.95.220 - - [07/Mar/2017:11:01:12 -0300] "POST /cormun/servlet/solicitudot?gx-no-cache=1488895342106 HTTP/1.1" 200 255
200.86.95.220 - - [07/Mar/2017:11:01:12 -0300] "GET /cormun/servlet/solicitudot?e7ec3574523e7dcfc50c13f3edd5edbe60bc65c3cf26cd6f3715be01585042aafbc41229104e23ecfa8ab3b466c67fcca3967e5905524c6022656197c9564858498ec1d100e44f9d211ea25f6751cce2110d91fc23002613cc835d1d8409260d594dee1b17cf8613cc1fb5357cab0e84149167c1b5101a83ff8954fb454bc7c170ad371cc8270a30e18a089114789d198c1a52149f681726e7a8cb9436f05e00259d59d7fe754e8fde15ad8d04d65bf6a58cac59c8bf579a6f88e9b0b92d80a8d98dee909bdba0a5691abafe91f91f9ef2a41195f85bab8fbd79e760fd9a1e458ceaf3709a053322da5d4843f026eaa6b0143d5c9fc4b51ef61641476605b9863b4a2c8d74dae74d6b649285a137adfad8c05f851402f1d560e4834f66f95755e5b3051677b5da4e3d789dc275b1c73480b72d91b5fb02c74ecd9ad049c17e05984bcc5e2139fd364a4eee629ddb130847d9d709c73792c914223d1fd6e68baba79be8477cd0b7af707037abb47943e644ba44f95ded90e402eb89746d681c30,gx-no-cache=1488895342175 HTTP/1.1" 200 30
200.86.95.220 - - [07/Mar/2017:11:01:14 -0300] "POST /cormun/servlet/solicitudot?gx-no-cache=1488895344166 HTTP/1.1" 200 30
186.103.156.24 - - [07/Mar/2017:11:01:18 -0300] "POST /cormun/servlet/hlogin?812f1933002f65c68cf0e6cf48665ef1,gx-no-cache=1488895349020 HTTP/1.1" 200 90
186.103.156.24 - - [07/Mar/2017:11:01:18 -0300] "GET /cormun/servlet/hpexe_link HTTP/1.1" 200 963
186.103.156.24 - - [07/Mar/2017:11:01:18 -0300] "GET /cormun/servlet/trcontratounov2 HTTP/1.1" 200 16413
200.86.95.220 - - [07/Mar/2017:11:01:19 -0300] "GET /cormun/servlet/prcontratosol?7122307,,,,,MD,,gxPopupLevel%3D0%3B HTTP/1.1" 200 5918
186.103.156.24 - - [07/Mar/2017:11:01:19 -0300] "GET /cormun/servlet/trcontratounov2 HTTP/1.1" 200 16422
200.86.95.220 - - [07/Mar/2017:11:01:20 -0300] "GET /cormun/servlet/prcontratosol?7122307,,,,,MD,,gxPopupLevel%3D0%3B,gxPopupLevel%3D0%3B HTTP/1.1" 200 5926
192.168.10.96 - - [07/Mar/2017:11:01:23 -0300] "GET /cormun/servlet/trsolicitudot? HTTP/1.1" 200 6888
192.168.10.96 - - [07/Mar/2017:11:01:24 -0300] "GET /cormun/servlet/trsolicitudot? HTTP/1.1" 200 6888
200.86.95.220 - - [07/Mar/2017:11:01:24 -0300] "POST /cormun/servlet/solicitudot?gx-no-cache=1488895354962 HTTP/1.1" 200 1291
200.86.95.220 - - [07/Mar/2017:11:01:25 -0300] "POST /cormun/servlet/solicitudot?gx-no-cache=1488895355102 HTTP/1.1" 200 38
200.86.95.220 - - [07/Mar/2017:11:01:25 -0300] "GET /cormun/servlet/solicitudot?e7ec3574523e7dcfc50c13f3edd5edbee6b67e19409b9cd026a47194c2a94065d305d2a33e6b537f3af6437dac9b06fe99db8ab68e440f875842be0bff3aad7ee896b56b1972495d41a3b5e59765962fbb476a0434d69f2ee43fb83a5bdb112999b8f7a58b1ff982861027c20d9f19072a9fc4882a26ba74ab5b882d9eb69f78e739f399d4d3c84771b6e9be7f8596bc6692f184773b55ec7cbed512f682a54c56d291f14beac4d753a5eee8e613a1fe053f6a221fa5eee5130ef4b34b7fb0b91e4f973a9ad6446ffcf0c2aa1debc017,gx-no-cache=1488895355168 HTTP/1.1" 200 29
200.86.95.220 - - [07/Mar/2017:11:01:25 -0300] "POST /cormun/servlet/solicitudot?gx-no-cache=1488895355232 HTTP/1.1" 200 1274
200.86.95.220 - - [07/Mar/2017:11:01:25 -0300] "POST /cormun/servlet/solicitudot?gx-no-cache=1488895355317 HTTP/1.1" 200 1157
186.103.156.24 - - [07/Mar/2017:11:01:25 -0300] "GET /cormun/servlet/trautorizarsolicitud? HTTP/1.1" 200 6885
186.103.156.24 - - [07/Mar/2017:11:01:25 -0300] "GET /cormun/static/gxcfg.js?2017259112829 HTTP/1.1" 304 -
186.103.156.24 - - [07/Mar/2017:11:01:25 -0300] "GET /cormun/static/trautorizarsolicitud.js?2017259113483 HTTP/1.1" 304 -
186.103.156.24 - - [07/Mar/2017:11:01:26 -0300] "GET /cormun/servlet/trautorizarsolicitud? HTTP/1.1" 200 6885
186.79.36.72 - - [07/Mar/2017:11:01:32 -0300] "GET /cormun/servlet/trautorizarsolicitud? HTTP/1.1" 200 6844
186.103.156.24 - - [07/Mar/2017:11:01:33 -0300] "GET /cormun/servlet/trsolicitudot? HTTP/1.1" 200 8706
186.103.156.24 - - [07/Mar/2017:11:01:33 -0300] "GET /cormun/static/gxcfg.js?20171191044697 HTTP/1.1" 304 -
186.103.156.24 - - [07/Mar/2017:11:01:33 -0300] "GET /cormun/static/trsolicitudot.js?20171191045625 HTTP/1.1" 304 -
186.103.156.24 - - [07/Mar/2017:11:01:33 -0300] "GET /cormun//static/Resources/PXToolsActionView.png HTTP/1.1" 200 2995
186.103.156.24 - - [07/Mar/2017:11:01:33 -0300] "GET /cormun//static/Resources/PXToolsGridDelete.png HTTP/1.1" 200 357
186.103.156.24 - - [07/Mar/2017:11:01:33 -0300] "GET /cormun//static/Resources/PXToolsRemoveAllAction.png HTTP/1.1" 200 3558
186.103.156.24 - - [07/Mar/2017:11:01:33 -0300] "GET /cormun//static/Resources/PXTools/ActionInsert.png HTTP/1.1" 200 1482
186.103.156.24 - - [07/Mar/2017:11:01:33 -0300] "GET /cormun//static/Resources/PXToolsGridUpdate.png HTTP/1.1" 200 2984
186.103.156.24 - - [07/Mar/2017:11:01:33 -0300] "GET /cormun/servlet/trsolicitudot? HTTP/1.1" 200 8706
186.79.36.72 - - [07/Mar/2017:11:01:33 -0300] "GET /cormun/servlet/trautorizarsolicitud? HTTP/1.1" 200 6843
200.86.95.220 - - [07/Mar/2017:11:01:34 -0300] "POST /cormun/servlet/solicitudot?gx-no-cache=1488895364502 HTTP/1.1" 200 1273
200.86.95.220 - - [07/Mar/2017:11:01:34 -0300] "POST /cormun/servlet/solicitudot?gx-no-cache=1488895364620 HTTP/1.1" 200 1157
186.79.36.72 - - [07/Mar/2017:11:01:36 -0300] "GET /cormun/servlet/trsolicitudot? HTTP/1.1" 200 6888
186.79.36.72 - - [07/Mar/2017:11:01:37 -0300] "GET /cormun/servlet/trsolicitudot? HTTP/1.1" 200 6889
186.79.36.72 - - [07/Mar/2017:11:01:39 -0300] "GET /cormun/servlet/trsolicitudot? HTTP/1.1" 200 6889
186.79.36.72 - - [07/Mar/2017:11:01:41 -0300] "GET /cormun/servlet/trsolicitudot? HTTP/1.1" 200 6889
186.103.156.24 - - [07/Mar/2017:11:01:45 -0300] "POST /cormun/servlet/trsolicitudot?812f1933002f65c68cf0e6cf48665ef1,,gx-no-cache=1488895375364 HTTP/1.1" 200 5442
186.103.156.24 - - [07/Mar/2017:11:01:45 -0300] "GET /cormun/static/Shared/jqueryui/images/ui-bg_highlight-soft_100_c6c2c8_1x100.png HTTP/1.1" 404 1117
186.103.156.24 - - [07/Mar/2017:11:01:45 -0300] "GET /cormun/static/Shared/jqueryui/images/ui-icons_82798d_256x240.png HTTP/1.1" 404 1089
186.103.156.24 - - [07/Mar/2017:11:01:45 -0300] "GET /cormun/static/Shared/jqueryui/images/ui-bg_flat_55_fafafa_40x100.png HTTP/1.1" 404 1097
186.103.156.24 - - [07/Mar/2017:11:01:45 -0300] "GET /cormun/static/Shared/jqueryui/images/ui-icons_8d78a5_256x240.png HTTP/1.1" 404 1089
186.103.156.24 - - [07/Mar/2017:11:01:45 -0300] "POST /cormun/servlet/trsolicitudot?812f1933002f65c68cf0e6cf48665ef1,,gx-no-cache=1488895375853 HTTP/1.1" 200 5385
