200.111.191.210 - - [07/Mar/2017:11:15:29 -0300] "GET /cormun/servlet/solicitudotadjuntos?659002d9d4bece8e5f2aecfabc4a71f190ef878f73fecfc06655a7545873ecc2,gx-no-cache=1488899714847 HTTP/1.1" 200 30
186.103.159.182 - - [07/Mar/2017:11:15:29 -0300] "POST /cormun/servlet/solicitudotadjuntos?0bf9da2a6c7c6c7806ca0b85aeca1a7b,INS,2017,5258,,1, HTTP/1.1" 200 116
200.111.191.210 - - [07/Mar/2017:11:15:29 -0300] "GET /cormun/servlet/solicitudotadjuntos?659002d9d4bece8e5f2aecfabc4a71f190ef878f73fecfc06655a7545873ecc2,gx-no-cache=1488899714859 HTTP/1.1" 200 30
200.111.191.210 - - [07/Mar/2017:11:15:29 -0300] "POST /cormun/servlet/solicitudotadjuntos?010fdec1dcab3ef1447c5df519ac2a0e,INS,2017,5212,,1,,gx-no-cache=1488899714871 HTTP/1.1" 200 93
200.111.191.210 - - [07/Mar/2017:11:15:29 -0300] "GET /cormun/servlet/hpexe_return? HTTP/1.1" 200 1026
186.103.159.182 - - [07/Mar/2017:11:15:29 -0300] "GET /cormun/servlet/hpexe_return? HTTP/1.1" 200 1025
186.79.36.72 - - [07/Mar/2017:11:15:29 -0300] "POST /cormun/servlet/trsolicitudot?9dd3c0562f429a319ab5b2da32ec4005,,gx-no-cache=1488896199269 HTTP/1.1" 200 4186
200.111.191.210 - - [07/Mar/2017:11:15:30 -0300] "GET /cormun/servlet/trsolicitudadjuntos?2017,5212, HTTP/1.1" 200 8222
186.103.159.182 - - [07/Mar/2017:11:15:30 -0300] "GET /cormun/servlet/trsolicitudadjuntos?2017,5258, HTTP/1.1" 200 8253
200.86.95.220 - - [07/Mar/2017:11:15:30 -0300] "GET /cormun/static/menuarrow.gif HTTP/1.1" 404 1015
200.111.191.210 - - [07/Mar/2017:11:15:30 -0300] "GET /cormun/servlet/trsolicitudadjuntos?2017,5212, HTTP/1.1" 200 8222
186.103.159.182 - - [07/Mar/2017:11:15:31 -0300] "GET /cormun/servlet/trsolicitudadjuntos?2017,5258, HTTP/1.1" 200 8249
186.103.159.182 - - [07/Mar/2017:11:15:33 -0300] "GET /cormun/servlet/solicitudotadjuntos?INS,2017,5258,,1, HTTP/1.1" 200 6054
186.103.159.182 - - [07/Mar/2017:11:15:34 -0300] "GET /cormun/static/about:blank HTTP/1.1" 404 1011
186.103.159.182 - - [07/Mar/2017:11:15:34 -0300] "GET /cormun/servlet/solicitudotadjuntos?INS,2017,5258,,1, HTTP/1.1" 200 6047
200.111.191.210 - - [07/Mar/2017:11:15:34 -0300] "GET /cormun/servlet/solicitudotadjuntos?DLT,2017,5212,CERTIF4,0, HTTP/1.1" 200 5655
200.111.191.210 - - [07/Mar/2017:11:15:35 -0300] "GET /cormun/static/about:blank HTTP/1.1" 404 1011
200.111.191.210 - - [07/Mar/2017:11:15:35 -0300] "GET /cormun/static/Shared/jqueryui/images/ui-bg_highlight-soft_100_c6c2c8_1x100.png HTTP/1.1" 404 1117
200.111.191.210 - - [07/Mar/2017:11:15:35 -0300] "GET /cormun/static/Shared/jqueryui/images/ui-icons_82798d_256x240.png HTTP/1.1" 404 1089
200.111.191.210 - - [07/Mar/2017:11:15:35 -0300] "GET /cormun/static/Shared/jqueryui/images/ui-icons_8d78a5_256x240.png HTTP/1.1" 404 1089
200.111.191.210 - - [07/Mar/2017:11:15:35 -0300] "GET /cormun/static/Shared/jqueryui/images/ui-bg_flat_55_fafafa_40x100.png HTTP/1.1" 404 1097
200.111.191.210 - - [07/Mar/2017:11:15:35 -0300] "GET /cormun/servlet/solicitudotadjuntos?DLT,2017,5212,CERTIF4,0, HTTP/1.1" 200 5649
186.103.159.182 - - [07/Mar/2017:11:15:35 -0300] "GET /cormun/servlet/solicitudotadjuntos?6929972cecffaf227a7c67210add8927252f0e449364415af2ff83d16a9bedbde60a206ca73abc55a8997e838ac37db4,gx-no-cache=1488896205680 HTTP/1.1" 200 30
186.103.159.182 - - [07/Mar/2017:11:15:35 -0300] "POST /cormun/servlet/solicitudotadjuntos?0bf9da2a6c7c6c7806ca0b85aeca1a7b,INS,2017,5258,,1,,gx-no-cache=1488896205719 HTTP/1.1" 200 3858
186.103.159.182 - - [07/Mar/2017:11:15:37 -0300] "POST /cormun/servlet/solicitudotadjuntos?gx-no-cache=1488896207876 HTTP/1.1" 200 26
200.86.95.220 - - [07/Mar/2017:11:15:38 -0300] "GET /cormun/servlet/solicitudot?e7ec3574523e7dcfc50c13f3edd5edbe28027f45d4135890d99ca90fd184d243d7c2daff58406a5bbaef09acfb2b939a3bee67d9da22e7e198b4e68ab011307c35bdfea06a075b3bbeffebaf63865f50b5e00d5039e92b8b266a3a05a93969c417f712a53b5bc6254d0883e703b43bb9ba5d5f3b201c9158416bbe9ccf6603823d7cdc60426eac968f34068f080d0cae58f3b95b546bb3dce368907cdf52056a20ea79b6dabfabd12a10ff634c4f8b77,gx-no-cache=1488896208936 HTTP/1.1" 200 30
186.103.156.211 - - [07/Mar/2017:11:15:43 -0300] "GET /cormun/servlet/solicitudot?3f1d6cae91f6b8161ee2e149b8bafeadb0d6432ab213b4b94bec04d7807b2eedf4a68c9d00ba22efcc43235f2796cfaa,gx-no-cache=1488896214149 HTTP/1.1" 200 30
192.168.10.89 - - [07/Mar/2017:11:15:44 -0300] "GET /cormun/servlet/trconsultaempleado? HTTP/1.1" 200 9457
186.103.159.182 - - [07/Mar/2017:11:15:45 -0300] "GET /cormun/servlet/solicitudotadjuntos?6929972cecffaf227a7c67210add8927e98cc6cb6a01e3445c4b6c80234751db,gx-no-cache=1488896215465 HTTP/1.1" 200 30
186.103.159.182 - - [07/Mar/2017:11:15:45 -0300] "GET /cormun/servlet/solicitudotadjuntos?6929972cecffaf227a7c67210add8927e98cc6cb6a01e3445c4b6c80234751db,gx-no-cache=1488896215488 HTTP/1.1" 200 30
186.103.159.182 - - [07/Mar/2017:11:15:46 -0300] "POST /cormun/servlet/solicitudotadjuntos?0bf9da2a6c7c6c7806ca0b85aeca1a7b,INS,2017,5258,,1, HTTP/1.1" 200 116
186.103.159.182 - - [07/Mar/2017:11:15:46 -0300] "GET /cormun/servlet/hpexe_return? HTTP/1.1" 200 1025
186.103.159.182 - - [07/Mar/2017:11:15:46 -0300] "GET /cormun/servlet/trsolicitudadjuntos?2017,5258, HTTP/1.1" 200 8423
186.103.159.182 - - [07/Mar/2017:11:15:47 -0300] "GET /cormun/servlet/trsolicitudadjuntos?2017,5258, HTTP/1.1" 200 8421
186.103.159.182 - - [07/Mar/2017:11:15:49 -0300] "GET /cormun/servlet/solicitudotadjuntos?INS,2017,5258,,1, HTTP/1.1" 200 6054
186.103.159.182 - - [07/Mar/2017:11:15:50 -0300] "GET /cormun/static/about:blank HTTP/1.1" 404 1011
186.103.159.182 - - [07/Mar/2017:11:15:51 -0300] "GET /cormun/servlet/solicitudotadjuntos?INS,2017,5258,,1, HTTP/1.1" 200 6047
186.103.159.182 - - [07/Mar/2017:11:15:52 -0300] "GET /cormun/servlet/solicitudotadjuntos?6929972cecffaf227a7c67210add8927252f0e449364415af2ff83d16a9bedbde60a206ca73abc55a8997e838ac37db4,gx-no-cache=1488896222407 HTTP/1.1" 200 30
186.103.159.182 - - [07/Mar/2017:11:15:52 -0300] "POST /cormun/servlet/solicitudotadjuntos?0bf9da2a6c7c6c7806ca0b85aeca1a7b,INS,2017,5258,,1,,gx-no-cache=1488896222445 HTTP/1.1" 200 3858
200.111.191.210 - - [07/Mar/2017:11:15:52 -0300] "POST /cormun/servlet/solicitudotadjuntos?010fdec1dcab3ef1447c5df519ac2a0e,DLT,2017,5212,CERTIF4,0,,gx-no-cache=1488899737277 HTTP/1.1" 200 93
200.111.191.210 - - [07/Mar/2017:11:15:52 -0300] "GET /cormun/servlet/hpexe_return? HTTP/1.1" 200 1033
200.111.191.210 - - [07/Mar/2017:11:15:52 -0300] "GET /cormun/servlet/trsolicitudadjuntos?2017,5212, HTTP/1.1" 200 8224
200.111.191.210 - - [07/Mar/2017:11:15:53 -0300] "GET /cormun/servlet/trsolicitudadjuntos?2017,5212, HTTP/1.1" 200 8223
186.103.159.182 - - [07/Mar/2017:11:15:53 -0300] "POST /cormun/servlet/solicitudotadjuntos?gx-no-cache=1488896224309 HTTP/1.1" 200 26
200.86.95.220 - - [07/Mar/2017:11:15:54 -0300] "POST /cormun/servlet/solicitudot?a10d6bf1b886065dee18e6effbcf8a3f,INS,0,0,,gx-no-cache=1488896224165 HTTP/1.1" 200 93
200.86.95.220 - - [07/Mar/2017:11:15:54 -0300] "GET /cormun/servlet/hpexe_return? HTTP/1.1" 200 1024
200.86.95.220 - - [07/Mar/2017:11:15:54 -0300] "GET /cormun/servlet/trsolicitudot?gx-no-cache=1488895607042 HTTP/1.1" 200 9458
192.168.10.89 - - [07/Mar/2017:11:15:55 -0300] "POST /cormun/servlet/trconsultaempleado?7d95e2256ba85ce650c218c33c093362,,gx-no-cache=1488899440156 HTTP/1.1" 200 4316
200.86.95.220 - - [07/Mar/2017:11:15:56 -0300] "GET /cormun/servlet/trsolicitudot?gx-no-cache=1488895607042 HTTP/1.1" 200 9474
200.111.191.210 - - [07/Mar/2017:11:15:56 -0300] "GET /cormun/servlet/solicitudotadjuntos?DLT,2017,5212,CERTIF4,0, HTTP/1.1" 200 5655
200.111.191.210 - - [07/Mar/2017:11:15:56 -0300] "GET /cormun/static/about:blank HTTP/1.1" 404 1011
200.111.191.210 - - [07/Mar/2017:11:15:56 -0300] "GET /cormun/static/Shared/jqueryui/images/ui-bg_highlight-soft_100_c6c2c8_1x100.png HTTP/1.1" 404 1117
200.111.191.210 - - [07/Mar/2017:11:15:56 -0300] "GET /cormun/static/Shared/jqueryui/images/ui-icons_82798d_256x240.png HTTP/1.1" 404 1089
200.111.191.210 - - [07/Mar/2017:11:15:56 -0300] "GET /cormun/static/Shared/jqueryui/images/ui-icons_8d78a5_256x240.png HTTP/1.1" 404 1089
200.111.191.210 - - [07/Mar/2017:11:15:56 -0300] "GET /cormun/static/Shared/jqueryui/images/ui-bg_flat_55_fafafa_40x100.png HTTP/1.1" 404 1097
200.111.191.210 - - [07/Mar/2017:11:15:56 -0300] "GET /cormun/servlet/solicitudotadjuntos?DLT,2017,5212,CERTIF4,0, HTTP/1.1" 200 5649
200.111.191.210 - - [07/Mar/2017:11:15:57 -0300] "POST /cormun/servlet/solicitudotadjuntos?010fdec1dcab3ef1447c5df519ac2a0e,DLT,2017,5212,CERTIF4,0,,gx-no-cache=1488899742589 HTTP/1.1" 200 93
200.111.191.210 - - [07/Mar/2017:11:15:57 -0300] "GET /cormun/servlet/hpexe_return? HTTP/1.1" 200 1033
200.111.191.210 - - [07/Mar/2017:11:15:57 -0300] "GET /cormun/servlet/trsolicitudadjuntos?2017,5212, HTTP/1.1" 200 8118
192.168.10.89 - - [07/Mar/2017:11:15:57 -0300] "GET /cormun/servlet/trsolicitudnombre?7887122, HTTP/1.1" 200 7703
186.103.159.182 - - [07/Mar/2017:11:15:58 -0300] "GET /cormun/servlet/solicitudotadjuntos?6929972cecffaf227a7c67210add8927e98cc6cb6a01e3445c4b6c80234751db,gx-no-cache=1488896228651 HTTP/1.1" 200 30
186.103.159.182 - - [07/Mar/2017:11:15:58 -0300] "GET /cormun/servlet/solicitudotadjuntos?6929972cecffaf227a7c67210add8927e98cc6cb6a01e3445c4b6c80234751db,gx-no-cache=1488896228676 HTTP/1.1" 200 30
200.111.191.210 - - [07/Mar/2017:11:15:58 -0300] "GET /cormun/servlet/trsolicitudadjuntos?2017,5212, HTTP/1.1" 200 8113
200.111.191.210 - - [07/Mar/2017:11:15:59 -0300] "GET /cormun/servlet/solicitudotadjuntos?INS,2017,5212,,1, HTTP/1.1" 200 5759
200.111.191.210 - - [07/Mar/2017:11:16:00 -0300] "GET /cormun/static/about:blank HTTP/1.1" 404 1011
200.111.191.210 - - [07/Mar/2017:11:16:00 -0300] "GET /cormun/servlet/solicitudotadjuntos?INS,2017,5212,,1, HTTP/1.1" 200 5753
186.103.159.182 - - [07/Mar/2017:11:16:00 -0300] "POST /cormun/servlet/solicitudotadjuntos?0bf9da2a6c7c6c7806ca0b85aeca1a7b,INS,2017,5258,,1, HTTP/1.1" 200 116
186.103.159.182 - - [07/Mar/2017:11:16:00 -0300] "GET /cormun/servlet/hpexe_return? HTTP/1.1" 200 1025
200.111.191.210 - - [07/Mar/2017:11:16:00 -0300] "GET /cormun/servlet/solicitudotadjuntos?659002d9d4bece8e5f2aecfabc4a71f1bb07ec62f2cd344ef1574fa4d1c6f800d95b411342e7bff55e9bdfdc729ae2f8,gx-no-cache=1488899745793 HTTP/1.1" 200 30
186.103.159.182 - - [07/Mar/2017:11:16:00 -0300] "GET /cormun/servlet/trsolicitudadjuntos?2017,5258, HTTP/1.1" 200 8561
200.111.191.210 - - [07/Mar/2017:11:16:00 -0300] "POST /cormun/servlet/solicitudotadjuntos?010fdec1dcab3ef1447c5df519ac2a0e,INS,2017,5212,,1,,gx-no-cache=1488899745816 HTTP/1.1" 200 3668
200.86.95.220 - - [07/Mar/2017:11:16:01 -0300] "POST /cormun/servlet/trsolicitudot?a10d6bf1b886065dee18e6effbcf8a3f,gx-no-cache=1488895607042,gx-no-cache=1488896231626 HTTP/1.1" 200 6378
200.86.95.220 - - [07/Mar/2017:11:16:01 -0300] "GET /cormun/static/Shared/jqueryui/images/ui-bg_highlight-soft_100_c6c2c8_1x100.png HTTP/1.1" 404 1117
200.86.95.220 - - [07/Mar/2017:11:16:01 -0300] "GET /cormun/static/Shared/jqueryui/images/ui-icons_82798d_256x240.png HTTP/1.1" 404 1089
200.86.95.220 - - [07/Mar/2017:11:16:01 -0300] "GET /cormun/static/Shared/jqueryui/images/ui-bg_flat_55_fafafa_40x100.png HTTP/1.1" 404 1097
200.86.95.220 - - [07/Mar/2017:11:16:01 -0300] "GET /cormun/static/Shared/jqueryui/images/ui-icons_8d78a5_256x240.png HTTP/1.1" 404 1089
200.86.95.220 - - [07/Mar/2017:11:16:02 -0300] "POST /cormun/servlet/trsolicitudot?a10d6bf1b886065dee18e6effbcf8a3f,gx-no-cache=1488895607042,gx-no-cache=1488896232126 HTTP/1.1" 200 6320
186.103.159.182 - - [07/Mar/2017:11:16:02 -0300] "GET /cormun/servlet/trsolicitudadjuntos?2017,5258, HTTP/1.1" 200 8556
200.111.191.210 - - [07/Mar/2017:11:16:03 -0300] "POST /cormun/servlet/solicitudotadjuntos?gx-no-cache=1488899748214 HTTP/1.1" 200 26
200.86.95.220 - - [07/Mar/2017:11:16:03 -0300] "POST /cormun/servlet/trsolicitudot?a10d6bf1b886065dee18e6effbcf8a3f,gx-no-cache=1488895607042,gx-no-cache=1488896233643 HTTP/1.1" 200 6124
200.86.95.220 - - [07/Mar/2017:11:16:04 -0300] "POST /cormun/servlet/trsolicitudot?a10d6bf1b886065dee18e6effbcf8a3f,gx-no-cache=1488895607042,gx-no-cache=1488896234080 HTTP/1.1" 200 6066
186.103.159.182 - - [07/Mar/2017:11:16:04 -0300] "GET /cormun/servlet/solicitudotadjuntos?INS,2017,5258,,1, HTTP/1.1" 200 6054
200.86.95.220 - - [07/Mar/2017:11:16:05 -0300] "POST /cormun/servlet/trsolicitudot?a10d6bf1b886065dee18e6effbcf8a3f,gx-no-cache=1488895607042,gx-no-cache=1488896235089 HTTP/1.1" 200 5844
186.103.159.182 - - [07/Mar/2017:11:16:05 -0300] "GET /cormun/static/about:blank HTTP/1.1" 404 1011
200.86.95.220 - - [07/Mar/2017:11:16:05 -0300] "POST /cormun/servlet/trsolicitudot?a10d6bf1b886065dee18e6effbcf8a3f,gx-no-cache=1488895607042,gx-no-cache=1488896235475 HTTP/1.1" 200 5786
186.103.159.182 - - [07/Mar/2017:11:16:06 -0300] "GET /cormun/servlet/solicitudotadjuntos?INS,2017,5258,,1, HTTP/1.1" 200 6047
200.86.95.220 - - [07/Mar/2017:11:16:06 -0300] "POST /cormun/servlet/trsolicitudot?a10d6bf1b886065dee18e6effbcf8a3f,gx-no-cache=1488895607042,gx-no-cache=1488896236354 HTTP/1.1" 200 5320
200.86.95.220 - - [07/Mar/2017:11:16:06 -0300] "POST /cormun/servlet/trsolicitudot?a10d6bf1b886065dee18e6effbcf8a3f,gx-no-cache=1488895607042,gx-no-cache=1488896236701 HTTP/1.1" 200 5261
186.103.159.182 - - [07/Mar/2017:11:16:06 -0300] "GET /cormun/servlet/solicitudotadjuntos?6929972cecffaf227a7c67210add8927252f0e449364415af2ff83d16a9bedbde60a206ca73abc55a8997e838ac37db4,gx-no-cache=1488896237079 HTTP/1.1" 200 30
186.103.159.182 - - [07/Mar/2017:11:16:07 -0300] "POST /cormun/servlet/solicitudotadjuntos?0bf9da2a6c7c6c7806ca0b85aeca1a7b,INS,2017,5258,,1,,gx-no-cache=1488896237117 HTTP/1.1" 200 3858
200.111.191.210 - - [07/Mar/2017:11:16:07 -0300] "GET /cormun/servlet/solicitudotadjuntos?659002d9d4bece8e5f2aecfabc4a71f190ef878f73fecfc06655a7545873ecc2,gx-no-cache=1488899752784 HTTP/1.1" 200 30
200.111.191.210 - - [07/Mar/2017:11:16:07 -0300] "GET /cormun/servlet/solicitudotadjuntos?659002d9d4bece8e5f2aecfabc4a71f190ef878f73fecfc06655a7545873ecc2,gx-no-cache=1488899752800 HTTP/1.1" 200 30
200.111.191.210 - - [07/Mar/2017:11:16:08 -0300] "POST /cormun/servlet/solicitudotadjuntos?010fdec1dcab3ef1447c5df519ac2a0e,INS,2017,5212,,1, HTTP/1.1" 200 116
200.111.191.210 - - [07/Mar/2017:11:16:08 -0300] "GET /cormun/servlet/hpexe_return? HTTP/1.1" 200 1026
200.111.191.210 - - [07/Mar/2017:11:16:08 -0300] "GET /cormun/servlet/trsolicitudadjuntos?2017,5212, HTTP/1.1" 200 8277
200.111.191.210 - - [07/Mar/2017:11:16:09 -0300] "GET /cormun/servlet/trsolicitudadjuntos?2017,5212, HTTP/1.1" 200 8275
186.103.159.182 - - [07/Mar/2017:11:16:09 -0300] "POST /cormun/servlet/solicitudotadjuntos?gx-no-cache=1488896239926 HTTP/1.1" 200 26
200.111.191.210 - - [07/Mar/2017:11:16:10 -0300] "GET /cormun/servlet/solicitudotadjuntos?INS,2017,5212,,1, HTTP/1.1" 200 5759
200.111.191.210 - - [07/Mar/2017:11:16:11 -0300] "GET /cormun/static/about:blank HTTP/1.1" 404 1011
200.111.191.210 - - [07/Mar/2017:11:16:11 -0300] "GET /cormun/servlet/solicitudotadjuntos?INS,2017,5212,,1, HTTP/1.1" 200 5753
200.111.191.210 - - [07/Mar/2017:11:16:11 -0300] "GET /cormun/servlet/solicitudotadjuntos?659002d9d4bece8e5f2aecfabc4a71f1bb07ec62f2cd344ef1574fa4d1c6f800d95b411342e7bff55e9bdfdc729ae2f8,gx-no-cache=1488899756652 HTTP/1.1" 200 30
200.111.191.210 - - [07/Mar/2017:11:16:11 -0300] "POST /cormun/servlet/solicitudotadjuntos?010fdec1dcab3ef1447c5df519ac2a0e,INS,2017,5212,,1,,gx-no-cache=1488899756672 HTTP/1.1" 200 3668
200.111.191.210 - - [07/Mar/2017:11:16:13 -0300] "POST /cormun/servlet/solicitudotadjuntos?gx-no-cache=1488899758430 HTTP/1.1" 200 26
192.168.10.89 - - [07/Mar/2017:11:16:13 -0300] "POST /cormun/servlet/trsolicitudnombre?7d95e2256ba85ce650c218c33c093362,7887122,,gx-no-cache=1488899458266 HTTP/1.1" 200 90
192.168.10.89 - - [07/Mar/2017:11:16:14 -0300] "GET /cormun/servlet/hpexe_link HTTP/1.1" 200 970
186.103.159.182 - - [07/Mar/2017:11:16:14 -0300] "GET /cormun/servlet/solicitudotadjuntos?6929972cecffaf227a7c67210add8927e98cc6cb6a01e3445c4b6c80234751db,gx-no-cache=1488896244880 HTTP/1.1" 200 30
192.168.10.89 - - [07/Mar/2017:11:16:14 -0300] "GET /cormun/servlet/trconsultaempleado? HTTP/1.1" 200 6779
186.103.159.182 - - [07/Mar/2017:11:16:14 -0300] "GET /cormun/servlet/solicitudotadjuntos?6929972cecffaf227a7c67210add8927e98cc6cb6a01e3445c4b6c80234751db,gx-no-cache=1488896244904 HTTP/1.1" 200 30
186.79.36.72 - - [07/Mar/2017:11:16:15 -0300] "GET /cormun/servlet/solicitudot?INS,0,0, HTTP/1.1" 200 12734
186.103.159.182 - - [07/Mar/2017:11:16:16 -0300] "POST /cormun/servlet/solicitudotadjuntos?0bf9da2a6c7c6c7806ca0b85aeca1a7b,INS,2017,5258,,1, HTTP/1.1" 200 116
186.103.159.182 - - [07/Mar/2017:11:16:16 -0300] "GET /cormun/servlet/hpexe_return? HTTP/1.1" 200 1025
186.103.159.182 - - [07/Mar/2017:11:16:16 -0300] "GET /cormun/servlet/trsolicitudadjuntos?2017,5258, HTTP/1.1" 200 8689
186.79.36.72 - - [07/Mar/2017:11:16:17 -0300] "GET /cormun/servlet/solicitudot?INS,0,0, HTTP/1.1" 200 12739
186.103.159.182 - - [07/Mar/2017:11:16:18 -0300] "GET /cormun/servlet/trsolicitudadjuntos?2017,5258, HTTP/1.1" 200 8685
200.111.191.210 - - [07/Mar/2017:11:16:18 -0300] "GET /cormun/servlet/solicitudotadjuntos?659002d9d4bece8e5f2aecfabc4a71f190ef878f73fecfc06655a7545873ecc2,gx-no-cache=1488899763591 HTTP/1.1" 200 30
200.111.191.210 - - [07/Mar/2017:11:16:18 -0300] "GET /cormun/servlet/solicitudotadjuntos?659002d9d4bece8e5f2aecfabc4a71f190ef878f73fecfc06655a7545873ecc2,gx-no-cache=1488899763602 HTTP/1.1" 200 30
200.111.191.210 - - [07/Mar/2017:11:16:19 -0300] "POST /cormun/servlet/solicitudotadjuntos?010fdec1dcab3ef1447c5df519ac2a0e,INS,2017,5212,,1, HTTP/1.1" 200 116
200.111.191.210 - - [07/Mar/2017:11:16:19 -0300] "GET /cormun/servlet/hpexe_return? HTTP/1.1" 200 1026
200.111.191.210 - - [07/Mar/2017:11:16:19 -0300] "GET /cormun/servlet/trsolicitudadjuntos?2017,5212, HTTP/1.1" 200 8424
186.79.36.72 - - [07/Mar/2017:11:16:19 -0300] "GET /cormun/servlet/trsolicitudot? HTTP/1.1" 200 6936
186.103.159.182 - - [07/Mar/2017:11:16:20 -0300] "GET /cormun/servlet/solicitudotadjuntos?INS,2017,5258,,1, HTTP/1.1" 200 6054
200.111.191.210 - - [07/Mar/2017:11:16:20 -0300] "GET /cormun/servlet/trsolicitudadjuntos?2017,5212, HTTP/1.1" 200 8423
186.103.159.182 - - [07/Mar/2017:11:16:20 -0300] "GET /cormun/static/about:blank HTTP/1.1" 404 1011
186.79.36.72 - - [07/Mar/2017:11:16:20 -0300] "GET /cormun/servlet/trsolicitudot? HTTP/1.1" 200 6932
200.111.191.210 - - [07/Mar/2017:11:16:21 -0300] "GET /cormun/servlet/solicitudotadjuntos?INS,2017,5212,,1, HTTP/1.1" 200 5760
200.111.191.210 - - [07/Mar/2017:11:16:21 -0300] "GET /cormun/static/about:blank HTTP/1.1" 404 1011
200.111.191.210 - - [07/Mar/2017:11:16:21 -0300] "GET /cormun/servlet/solicitudotadjuntos?INS,2017,5212,,1, HTTP/1.1" 200 5754
186.103.159.182 - - [07/Mar/2017:11:16:22 -0300] "GET /cormun/servlet/solicitudotadjuntos?INS,2017,5258,,1, HTTP/1.1" 200 6047
200.111.191.210 - - [07/Mar/2017:11:16:22 -0300] "GET /cormun/servlet/solicitudotadjuntos?659002d9d4bece8e5f2aecfabc4a71f1bb07ec62f2cd344ef1574fa4d1c6f800d95b411342e7bff55e9bdfdc729ae2f8,gx-no-cache=1488899767459 HTTP/1.1" 200 30
200.111.191.210 - - [07/Mar/2017:11:16:22 -0300] "POST /cormun/servlet/solicitudotadjuntos?010fdec1dcab3ef1447c5df519ac2a0e,INS,2017,5212,,1,,gx-no-cache=1488899767480 HTTP/1.1" 200 3667
186.103.159.182 - - [07/Mar/2017:11:16:22 -0300] "GET /cormun/servlet/solicitudotadjuntos?6929972cecffaf227a7c67210add8927252f0e449364415af2ff83d16a9bedbde60a206ca73abc55a8997e838ac37db4,gx-no-cache=1488896252908 HTTP/1.1" 200 30
186.103.159.182 - - [07/Mar/2017:11:16:22 -0300] "POST /cormun/servlet/solicitudotadjuntos?0bf9da2a6c7c6c7806ca0b85aeca1a7b,INS,2017,5258,,1,,gx-no-cache=1488896252952 HTTP/1.1" 200 3858
186.103.159.182 - - [07/Mar/2017:11:16:24 -0300] "POST /cormun/servlet/solicitudotadjuntos?gx-no-cache=1488896254669 HTTP/1.1" 200 26
200.111.191.210 - - [07/Mar/2017:11:16:24 -0300] "POST /cormun/servlet/solicitudotadjuntos?gx-no-cache=1488899769762 HTTP/1.1" 200 26
200.111.191.210 - - [07/Mar/2017:11:16:29 -0300] "GET /cormun/servlet/solicitudotadjuntos?659002d9d4bece8e5f2aecfabc4a71f190ef878f73fecfc06655a7545873ecc2,gx-no-cache=1488899774070 HTTP/1.1" 200 30
200.111.191.210 - - [07/Mar/2017:11:16:29 -0300] "GET /cormun/servlet/solicitudotadjuntos?659002d9d4bece8e5f2aecfabc4a71f190ef878f73fecfc06655a7545873ecc2,gx-no-cache=1488899774081 HTTP/1.1" 200 30
186.79.36.72 - - [07/Mar/2017:11:16:29 -0300] "GET /cormun/servlet/hlogin HTTP/1.1" 200 1735
200.111.191.210 - - [07/Mar/2017:11:16:30 -0300] "POST /cormun/servlet/solicitudotadjuntos?010fdec1dcab3ef1447c5df519ac2a0e,INS,2017,5212,,1, HTTP/1.1" 200 116
200.111.191.210 - - [07/Mar/2017:11:16:30 -0300] "GET /cormun/servlet/hpexe_return? HTTP/1.1" 200 1026
200.111.191.210 - - [07/Mar/2017:11:16:30 -0300] "GET /cormun/servlet/trsolicitudadjuntos?2017,5212, HTTP/1.1" 200 8563
186.79.36.72 - - [07/Mar/2017:11:16:31 -0300] "POST /cormun/servlet/hlogin?9dd3c0562f429a319ab5b2da32ec4005,gx-no-cache=1488896262215 HTTP/1.1" 200 90
200.111.191.210 - - [07/Mar/2017:11:16:31 -0300] "GET /cormun/servlet/trsolicitudadjuntos?2017,5212, HTTP/1.1" 200 8563
186.79.36.72 - - [07/Mar/2017:11:16:31 -0300] "GET /cormun/servlet/hpexe_link HTTP/1.1" 200 959
186.79.36.72 - - [07/Mar/2017:11:16:32 -0300] "GET /cormun/servlet/trsolicitudot HTTP/1.1" 200 6934
186.79.36.72 - - [07/Mar/2017:11:16:33 -0300] "GET /cormun/servlet/trsolicitudot HTTP/1.1" 200 6932
200.111.191.210 - - [07/Mar/2017:11:16:33 -0300] "GET /cormun/servlet/solicitudotadjuntos?INS,2017,5212,,1, HTTP/1.1" 200 5760
200.111.191.210 - - [07/Mar/2017:11:16:33 -0300] "GET /cormun/static/about:blank HTTP/1.1" 404 1011
200.111.191.210 - - [07/Mar/2017:11:16:33 -0300] "GET /cormun/servlet/solicitudotadjuntos?INS,2017,5212,,1, HTTP/1.1" 200 5754
200.111.191.210 - - [07/Mar/2017:11:16:33 -0300] "GET /cormun/servlet/solicitudotadjuntos?659002d9d4bece8e5f2aecfabc4a71f1bb07ec62f2cd344ef1574fa4d1c6f800d95b411342e7bff55e9bdfdc729ae2f8,gx-no-cache=1488899778926 HTTP/1.1" 200 30
200.111.191.210 - - [07/Mar/2017:11:16:33 -0300] "POST /cormun/servlet/solicitudotadjuntos?010fdec1dcab3ef1447c5df519ac2a0e,INS,2017,5212,,1,,gx-no-cache=1488899778950 HTTP/1.1" 200 3667
200.111.191.210 - - [07/Mar/2017:11:16:35 -0300] "POST /cormun/servlet/solicitudotadjuntos?gx-no-cache=1488899780850 HTTP/1.1" 200 26
200.111.191.210 - - [07/Mar/2017:11:16:39 -0300] "GET /cormun/servlet/solicitudotadjuntos?659002d9d4bece8e5f2aecfabc4a71f190ef878f73fecfc06655a7545873ecc2,gx-no-cache=1488899785035 HTTP/1.1" 200 30
200.111.191.210 - - [07/Mar/2017:11:16:40 -0300] "GET /cormun/servlet/solicitudotadjuntos?659002d9d4bece8e5f2aecfabc4a71f190ef878f73fecfc06655a7545873ecc2,gx-no-cache=1488899785045 HTTP/1.1" 200 30
200.111.191.210 - - [07/Mar/2017:11:16:40 -0300] "POST /cormun/servlet/solicitudotadjuntos?010fdec1dcab3ef1447c5df519ac2a0e,INS,2017,5212,,1, HTTP/1.1" 200 116
200.111.191.210 - - [07/Mar/2017:11:16:40 -0300] "GET /cormun/servlet/hpexe_return? HTTP/1.1" 200 1026
200.111.191.210 - - [07/Mar/2017:11:16:41 -0300] "GET /cormun/servlet/trsolicitudadjuntos?2017,5212, HTTP/1.1" 200 8793
200.111.191.210 - - [07/Mar/2017:11:16:42 -0300] "GET /cormun/servlet/trsolicitudadjuntos?2017,5212, HTTP/1.1" 200 8791
200.111.191.210 - - [07/Mar/2017:11:16:45 -0300] "GET /cormun/servlet/trsolicitudot? HTTP/1.1" 200 7961
200.111.191.210 - - [07/Mar/2017:11:16:46 -0300] "GET /cormun/servlet/trsolicitudot? HTTP/1.1" 200 7955
186.103.159.182 - - [07/Mar/2017:11:16:48 -0300] "GET /cormun/servlet/solicitudotadjuntos?6929972cecffaf227a7c67210add8927e98cc6cb6a01e3445c4b6c80234751db,gx-no-cache=1488896278576 HTTP/1.1" 200 30
186.103.159.182 - - [07/Mar/2017:11:16:48 -0300] "GET /cormun/servlet/solicitudotadjuntos?6929972cecffaf227a7c67210add8927e98cc6cb6a01e3445c4b6c80234751db,gx-no-cache=1488896278611 HTTP/1.1" 200 30
200.111.191.210 - - [07/Mar/2017:11:16:48 -0300] "POST /cormun/servlet/trsolicitudot?010fdec1dcab3ef1447c5df519ac2a0e,,gx-no-cache=1488899793616 HTTP/1.1" 200 4155
200.111.191.210 - - [07/Mar/2017:11:16:48 -0300] "GET /cormun/static/Shared/jqueryui/images/ui-bg_highlight-soft_100_c6c2c8_1x100.png HTTP/1.1" 404 1117
200.111.191.210 - - [07/Mar/2017:11:16:48 -0300] "GET /cormun/static/Shared/jqueryui/images/ui-bg_flat_55_fafafa_40x100.png HTTP/1.1" 404 1097
200.111.191.210 - - [07/Mar/2017:11:16:48 -0300] "GET /cormun/static/Shared/jqueryui/images/ui-icons_8d78a5_256x240.png HTTP/1.1" 404 1089
200.111.191.210 - - [07/Mar/2017:11:16:48 -0300] "GET /cormun/static/Shared/jqueryui/images/ui-icons_82798d_256x240.png HTTP/1.1" 404 1089
200.111.191.210 - - [07/Mar/2017:11:16:48 -0300] "POST /cormun/servlet/trsolicitudot?010fdec1dcab3ef1447c5df519ac2a0e,,gx-no-cache=1488899793773 HTTP/1.1" 200 3941
200.111.191.210 - - [07/Mar/2017:11:16:55 -0300] "GET /cormun/servlet/trsolicitudot? HTTP/1.1" 200 6668
200.111.191.210 - - [07/Mar/2017:11:16:55 -0300] "GET /cormun/servlet/trsolicitudot? HTTP/1.1" 200 6668
186.103.159.182 - - [07/Mar/2017:11:16:56 -0300] "POST /cormun/servlet/solicitudotadjuntos?0bf9da2a6c7c6c7806ca0b85aeca1a7b,INS,2017,5258,,1, HTTP/1.1" 200 116
186.103.159.182 - - [07/Mar/2017:11:16:56 -0300] "GET /cormun/servlet/hpexe_return? HTTP/1.1" 200 1025
200.111.191.210 - - [07/Mar/2017:11:16:56 -0300] "GET /cormun/servlet/hlogin HTTP/1.1" 200 1736
186.103.159.182 - - [07/Mar/2017:11:16:56 -0300] "GET /cormun/servlet/trsolicitudadjuntos?2017,5258, HTTP/1.1" 200 8879
186.103.159.182 - - [07/Mar/2017:11:16:58 -0300] "GET /cormun/servlet/trsolicitudadjuntos?2017,5258, HTTP/1.1" 200 8879
186.103.156.211 - - [07/Mar/2017:11:17:00 -0300] "POST /cormun/servlet/solicitudot?gx-no-cache=1488896291351 HTTP/1.1" 200 297
186.103.159.182 - - [07/Mar/2017:11:17:00 -0300] "GET /cormun/servlet/solicitudotadjuntos?INS,2017,5258,,1, HTTP/1.1" 200 6054
186.103.156.211 - - [07/Mar/2017:11:17:01 -0300] "GET /cormun/servlet/solicitudot?3f1d6cae91f6b8161ee2e149b8bafead91e03ef5c9014ac7411b8e20f69142c328b03c76244f442a854d50305bf8e896d21c1e990b2221597cb8be37c1b5089d66c6830e6effa93251ed300143af7da97424ca2307f7ee8906e39eb6f437c1d7054e398af64257fb2b23b0d14da50e358b9ee8396e24f4bd40bf67821d3907eb654130001925d9c3e96665dd46138f6853ad0e94740d922565a14c13f8c74213c48d66c34e805e319372b70e85aae6fdc46758c3444ac1416543dd35ed7adf75a37a5232b41ad2224a819cd690e2ec2f57b3412c160c3308fb18838abd2d059c366942dde6f17897bf64fb704ea42f6231dc80d0509c541a5688be1c57d46139609125098c751c4b5aabe36d1e397091b6e0b6b0e82c717ef094c6153b9f5d3787304a83121d8a7d75783c1176ed9584354b4631be039da8a1b458536e9ef606f760fa5c5e6d6a034f0ea61fb4bbd42f163d89276c438fa617e5337cc32342df36867b652ea59886b5e96369e486149778b3eaaa11afa26cd12fa03a354b896397ab552ea8e772e9a1e3e40b5b9933a3,gx-no-cache=1488896291566 HTTP/1.1" 200 30
186.103.159.182 - - [07/Mar/2017:11:17:01 -0300] "GET /cormun/static/about:blank HTTP/1.1" 404 1011
186.79.240.136 - - [07/Mar/2017:11:17:01 -0300] "GET /cormun/servlet/hlogin HTTP/1.1" 200 1724
186.103.159.182 - - [07/Mar/2017:11:17:02 -0300] "GET /cormun/servlet/solicitudotadjuntos?INS,2017,5258,,1, HTTP/1.1" 200 6047
186.103.159.182 - - [07/Mar/2017:11:17:02 -0300] "GET /cormun/servlet/solicitudotadjuntos?6929972cecffaf227a7c67210add8927252f0e449364415af2ff83d16a9bedbde60a206ca73abc55a8997e838ac37db4,gx-no-cache=1488896293196 HTTP/1.1" 200 30
186.103.159.182 - - [07/Mar/2017:11:17:03 -0300] "POST /cormun/servlet/solicitudotadjuntos?0bf9da2a6c7c6c7806ca0b85aeca1a7b,INS,2017,5258,,1,,gx-no-cache=1488896293244 HTTP/1.1" 200 3858
186.79.240.136 - - [07/Mar/2017:11:17:04 -0300] "POST /cormun/servlet/hlogin?ff90d13dfd581c42b04ecb14ad1feb90,gx-no-cache=1488896295854 HTTP/1.1" 200 90
186.79.240.136 - - [07/Mar/2017:11:17:04 -0300] "GET /cormun/servlet/hpexe_link HTTP/1.1" 200 956
186.79.240.136 - - [07/Mar/2017:11:17:05 -0300] "GET /cormun/servlet/hhome HTTP/1.1" 200 3763
186.103.159.182 - - [07/Mar/2017:11:17:05 -0300] "POST /cormun/servlet/solicitudotadjuntos?gx-no-cache=1488896295542 HTTP/1.1" 200 26
186.79.240.136 - - [07/Mar/2017:11:17:05 -0300] "GET /cormun/servlet/hhome HTTP/1.1" 200 3760
200.111.191.210 - - [07/Mar/2017:11:17:07 -0300] "POST /cormun/servlet/hlogin?010fdec1dcab3ef1447c5df519ac2a0e,gx-no-cache=1488899812848 HTTP/1.1" 200 90
200.111.191.210 - - [07/Mar/2017:11:17:07 -0300] "GET /cormun/servlet/hpexe_link HTTP/1.1" 200 954
200.111.191.210 - - [07/Mar/2017:11:17:07 -0300] "GET /cormun/servlet/hhome HTTP/1.1" 200 3931
200.111.191.210 - - [07/Mar/2017:11:17:08 -0300] "GET /cormun/servlet/hhome HTTP/1.1" 200 3927
186.79.36.72 - - [07/Mar/2017:11:17:09 -0300] "GET /cormun/servlet/trautorizarsolicitud? HTTP/1.1" 200 6833
186.103.159.182 - - [07/Mar/2017:11:17:10 -0300] "GET /cormun/servlet/solicitudotadjuntos?6929972cecffaf227a7c67210add8927e98cc6cb6a01e3445c4b6c80234751db,gx-no-cache=1488896300392 HTTP/1.1" 200 30
186.103.159.182 - - [07/Mar/2017:11:17:10 -0300] "GET /cormun/servlet/solicitudotadjuntos?6929972cecffaf227a7c67210add8927e98cc6cb6a01e3445c4b6c80234751db,gx-no-cache=1488896300421 HTTP/1.1" 200 30
186.79.36.72 - - [07/Mar/2017:11:17:10 -0300] "GET /cormun/servlet/trautorizarsolicitud? HTTP/1.1" 200 6833
200.111.191.210 - - [07/Mar/2017:11:17:11 -0300] "GET /cormun/servlet/trautorizarsolicitud? HTTP/1.1" 200 8422
200.111.191.210 - - [07/Mar/2017:11:17:11 -0300] "GET /cormun/static/gxcfg.js?2017259112829 HTTP/1.1" 304 -
200.111.191.210 - - [07/Mar/2017:11:17:11 -0300] "GET /cormun/static/trautorizarsolicitud.js?2017259113483 HTTP/1.1" 304 -
200.111.191.210 - - [07/Mar/2017:11:17:11 -0300] "GET /cormun/servlet/trautorizarsolicitud? HTTP/1.1" 200 8421
186.79.240.136 - - [07/Mar/2017:11:17:11 -0300] "GET /cormun/servlet/trsolicitudot? HTTP/1.1" 200 9743
186.79.240.136 - - [07/Mar/2017:11:17:12 -0300] "GET /cormun/static/trsolicitudot.js?20171191045625 HTTP/1.1" 304 -
186.79.240.136 - - [07/Mar/2017:11:17:12 -0300] "GET /cormun/servlet/trsolicitudot? HTTP/1.1" 200 9743
186.103.159.182 - - [07/Mar/2017:11:17:15 -0300] "POST /cormun/servlet/solicitudotadjuntos?0bf9da2a6c7c6c7806ca0b85aeca1a7b,INS,2017,5258,,1, HTTP/1.1" 200 116
186.103.156.211 - - [07/Mar/2017:11:17:15 -0300] "POST /cormun/servlet/solicitudot?gx-no-cache=1488896305564 HTTP/1.1" 200 30
186.103.159.182 - - [07/Mar/2017:11:17:15 -0300] "GET /cormun/servlet/hpexe_return? HTTP/1.1" 200 1025
186.103.159.182 - - [07/Mar/2017:11:17:15 -0300] "GET /cormun/servlet/trsolicitudadjuntos?2017,5258, HTTP/1.1" 200 9059
200.111.191.210 - - [07/Mar/2017:11:17:16 -0300] "POST /cormun/servlet/trautorizarsolicitud?010fdec1dcab3ef1447c5df519ac2a0e,,gx-no-cache=1488899821446 HTTP/1.1" 200 5417
200.111.191.210 - - [07/Mar/2017:11:17:16 -0300] "GET /cormun/static/Shared/jqueryui/images/ui-bg_highlight-soft_100_c6c2c8_1x100.png HTTP/1.1" 404 1117
200.111.191.210 - - [07/Mar/2017:11:17:16 -0300] "GET /cormun/static/Shared/jqueryui/images/ui-icons_82798d_256x240.png HTTP/1.1" 404 1089
200.111.191.210 - - [07/Mar/2017:11:17:16 -0300] "GET /cormun/static/Shared/jqueryui/images/ui-bg_flat_55_fafafa_40x100.png HTTP/1.1" 404 1097
200.111.191.210 - - [07/Mar/2017:11:17:16 -0300] "GET /cormun/static/Shared/jqueryui/images/ui-icons_8d78a5_256x240.png HTTP/1.1" 404 1089
200.111.191.210 - - [07/Mar/2017:11:17:16 -0300] "POST /cormun/servlet/trautorizarsolicitud?010fdec1dcab3ef1447c5df519ac2a0e,,gx-no-cache=1488899821620 HTTP/1.1" 200 5364
186.79.36.72 - - [07/Mar/2017:11:17:16 -0300] "POST /cormun/servlet/trautorizarsolicitud?8b80b524f171bc2ef4e8184ba0c71165,,gx-no-cache=1488899906038 HTTP/1.1" 200 4122
200.111.191.210 - - [07/Mar/2017:11:17:17 -0300] "POST /cormun/servlet/trautorizarsolicitud?010fdec1dcab3ef1447c5df519ac2a0e,,gx-no-cache=1488899822651 HTTP/1.1" 200 4303
200.111.191.210 - - [07/Mar/2017:11:17:18 -0300] "POST /cormun/servlet/trautorizarsolicitud?010fdec1dcab3ef1447c5df519ac2a0e,,gx-no-cache=1488899823061 HTTP/1.1" 200 4092
186.103.159.182 - - [07/Mar/2017:11:17:18 -0300] "GET /cormun/servlet/trsolicitudadjuntos?2017,5258, HTTP/1.1" 200 9058
186.103.156.211 - - [07/Mar/2017:11:17:19 -0300] "POST /cormun/servlet/solicitudot?gx-no-cache=1488896309817 HTTP/1.1" 200 235
186.103.156.211 - - [07/Mar/2017:11:17:19 -0300] "POST /cormun/servlet/solicitudot?gx-no-cache=1488896309946 HTTP/1.1" 200 38
186.79.36.72 - - [07/Mar/2017:11:17:19 -0300] "POST /cormun/servlet/trautorizarsolicitud?8b80b524f171bc2ef4e8184ba0c71165,,gx-no-cache=1488899908695 HTTP/1.1" 200 4122
186.103.159.182 - - [07/Mar/2017:11:17:20 -0300] "POST /cormun/servlet/trsolicitudadjuntos?0bf9da2a6c7c6c7806ca0b85aeca1a7b,2017,5258,,gx-no-cache=1488896310614 HTTP/1.1" 200 90
186.103.159.182 - - [07/Mar/2017:11:17:20 -0300] "GET /cormun/servlet/hpexe_link HTTP/1.1" 200 970
186.103.159.182 - - [07/Mar/2017:11:17:21 -0300] "GET /cormun/servlet/trsolicitudot HTTP/1.1" 200 8643
186.103.159.182 - - [07/Mar/2017:11:17:22 -0300] "GET /cormun/servlet/trsolicitudot HTTP/1.1" 200 8642
186.103.159.182 - - [07/Mar/2017:11:17:25 -0300] "POST /cormun/servlet/trsolicitudot?0bf9da2a6c7c6c7806ca0b85aeca1a7b,gx-no-cache=1488896315273 HTTP/1.1" 200 5474
186.103.159.182 - - [07/Mar/2017:11:17:25 -0300] "GET /cormun/static/Shared/jqueryui/images/ui-bg_highlight-soft_100_c6c2c8_1x100.png HTTP/1.1" 404 1117
186.103.159.182 - - [07/Mar/2017:11:17:25 -0300] "GET /cormun/static/Shared/jqueryui/images/ui-icons_82798d_256x240.png HTTP/1.1" 404 1089
186.103.159.182 - - [07/Mar/2017:11:17:25 -0300] "GET /cormun/static/Shared/jqueryui/images/ui-bg_flat_55_fafafa_40x100.png HTTP/1.1" 404 1097
186.103.159.182 - - [07/Mar/2017:11:17:25 -0300] "GET /cormun/static/Shared/jqueryui/images/ui-icons_8d78a5_256x240.png HTTP/1.1" 404 1089
186.103.159.182 - - [07/Mar/2017:11:17:25 -0300] "POST /cormun/servlet/trsolicitudot?0bf9da2a6c7c6c7806ca0b85aeca1a7b,gx-no-cache=1488896315710 HTTP/1.1" 200 5417
200.111.191.210 - - [07/Mar/2017:11:17:27 -0300] "POST /cormun/servlet/trautorizarsolicitud?010fdec1dcab3ef1447c5df519ac2a0e,,gx-no-cache=1488899832259 HTTP/1.1" 200 6064
186.103.159.182 - - [07/Mar/2017:11:17:27 -0300] "POST /cormun/servlet/trsolicitudot?0bf9da2a6c7c6c7806ca0b85aeca1a7b,gx-no-cache=1488896318210 HTTP/1.1" 200 106
186.103.159.182 - - [07/Mar/2017:11:17:28 -0300] "GET /cormun/servlet/trsolicitudadjuntos?2017,5260, HTTP/1.1" 200 6121
186.103.159.182 - - [07/Mar/2017:11:17:29 -0300] "GET /cormun/servlet/trsolicitudadjuntos?2017,5260, HTTP/1.1" 200 6121
192.168.10.89 - - [07/Mar/2017:11:17:30 -0300] "GET /cormun/servlet/trsolicitudgral? HTTP/1.1" 200 9979
186.79.36.72 - - [07/Mar/2017:11:17:30 -0300] "POST /cormun/servlet/trautorizarsolicitud?8b80b524f171bc2ef4e8184ba0c71165,,gx-no-cache=1488899919216 HTTP/1.1" 200 4122
186.79.240.136 - - [07/Mar/2017:11:17:33 -0300] "POST /cormun/servlet/trsolicitudot?ff90d13dfd581c42b04ecb14ad1feb90,,gx-no-cache=1488896323877 HTTP/1.1" 200 6751
186.79.240.136 - - [07/Mar/2017:11:17:33 -0300] "GET /cormun/static/Shared/jqueryui/images/ui-bg_highlight-soft_100_c6c2c8_1x100.png HTTP/1.1" 404 1117
186.79.240.136 - - [07/Mar/2017:11:17:33 -0300] "GET /cormun/static/Shared/jqueryui/images/ui-icons_82798d_256x240.png HTTP/1.1" 404 1089
186.79.240.136 - - [07/Mar/2017:11:17:33 -0300] "GET /cormun/static/Shared/jqueryui/images/ui-icons_8d78a5_256x240.png HTTP/1.1" 404 1089
186.79.240.136 - - [07/Mar/2017:11:17:33 -0300] "GET /cormun/static/Shared/jqueryui/images/ui-bg_flat_55_fafafa_40x100.png HTTP/1.1" 404 1097
186.79.240.136 - - [07/Mar/2017:11:17:34 -0300] "POST /cormun/servlet/trsolicitudot?ff90d13dfd581c42b04ecb14ad1feb90,,gx-no-cache=1488896324688 HTTP/1.1" 200 6693
186.79.36.72 - - [07/Mar/2017:11:17:37 -0300] "GET /cormun/servlet/trautorizarsolicitud? HTTP/1.1" 200 6833
186.103.159.182 - - [07/Mar/2017:11:17:38 -0300] "POST /cormun/servlet/trsolicitudadjuntos?0bf9da2a6c7c6c7806ca0b85aeca1a7b,2017,5260,,gx-no-cache=1488896328766 HTTP/1.1" 200 90
186.103.159.182 - - [07/Mar/2017:11:17:38 -0300] "GET /cormun/servlet/hpexe_link HTTP/1.1" 200 992
186.103.159.182 - - [07/Mar/2017:11:17:38 -0300] "GET /cormun/servlet/trsolicitudot?gx-no-cache=1488896315710 HTTP/1.1" 200 8287
186.79.36.72 - - [07/Mar/2017:11:17:38 -0300] "GET /cormun/servlet/trautorizarsolicitud? HTTP/1.1" 200 6833
186.79.36.72 - - [07/Mar/2017:11:17:39 -0300] "GET /favicon.ico HTTP/1.1" 200 21630
192.168.10.62 - - [07/Mar/2017:11:17:39 -0300] "GET /cormun/servlet/trconsultaempleado? HTTP/1.1" 200 6260
186.103.159.182 - - [07/Mar/2017:11:17:40 -0300] "GET /cormun/servlet/trsolicitudot?gx-no-cache=1488896315710 HTTP/1.1" 200 8306
192.168.10.62 - - [07/Mar/2017:11:17:40 -0300] "GET /cormun/servlet/trconsultaempleado? HTTP/1.1" 200 6260
186.79.240.136 - - [07/Mar/2017:11:17:41 -0300] "POST /cormun/servlet/trsolicitudot?ff90d13dfd581c42b04ecb14ad1feb90,,gx-no-cache=1488896332080 HTTP/1.1" 200 6373
200.111.191.210 - - [07/Mar/2017:11:17:42 -0300] "POST /cormun/servlet/trautorizarsolicitud?010fdec1dcab3ef1447c5df519ac2a0e,,gx-no-cache=1488899846836 HTTP/1.1" 200 6984
192.168.10.89 - - [07/Mar/2017:11:17:42 -0300] "POST /cormun/servlet/trsolicitudgral?7d95e2256ba85ce650c218c33c093362,,gx-no-cache=1488899546604 HTTP/1.1" 200 7429
186.79.240.136 - - [07/Mar/2017:11:17:42 -0300] "POST /cormun/servlet/trsolicitudot?ff90d13dfd581c42b04ecb14ad1feb90,,gx-no-cache=1488896332812 HTTP/1.1" 200 6313
186.103.159.182 - - [07/Mar/2017:11:17:43 -0300] "POST /cormun/servlet/trsolicitudot?0bf9da2a6c7c6c7806ca0b85aeca1a7b,gx-no-cache=1488896315710,gx-no-cache=1488896333772 HTTP/1.1" 200 106
186.103.159.182 - - [07/Mar/2017:11:17:43 -0300] "GET /cormun/servlet/trsolicitudadjuntos?2017,5260, HTTP/1.1" 200 6143
186.103.159.182 - - [07/Mar/2017:11:17:45 -0300] "GET /cormun/servlet/trsolicitudadjuntos?2017,5260, HTTP/1.1" 200 6121
186.103.159.182 - - [07/Mar/2017:11:17:47 -0300] "GET /cormun/servlet/solicitudotadjuntos?INS,2017,5260,,1, HTTP/1.1" 200 6055
186.79.240.136 - - [07/Mar/2017:11:17:48 -0300] "POST /cormun/servlet/trsolicitudot?ff90d13dfd581c42b04ecb14ad1feb90,,gx-no-cache=1488896338652 HTTP/1.1" 200 6021
186.103.159.182 - - [07/Mar/2017:11:17:48 -0300] "GET /cormun/static/about:blank HTTP/1.1" 404 1011
186.103.159.182 - - [07/Mar/2017:11:17:48 -0300] "GET /cormun/servlet/solicitudotadjuntos?INS,2017,5260,,1, HTTP/1.1" 200 6047
186.79.240.136 - - [07/Mar/2017:11:17:49 -0300] "POST /cormun/servlet/trsolicitudot?ff90d13dfd581c42b04ecb14ad1feb90,,gx-no-cache=1488896339396 HTTP/1.1" 200 5963
186.103.159.182 - - [07/Mar/2017:11:17:49 -0300] "GET /cormun/servlet/solicitudotadjuntos?6929972cecffaf227a7c67210add892790855ec95ee6f16b412459313f2d3488e60a206ca73abc55a8997e838ac37db4,gx-no-cache=1488896339464 HTTP/1.1" 200 30
186.103.159.182 - - [07/Mar/2017:11:17:49 -0300] "POST /cormun/servlet/solicitudotadjuntos?0bf9da2a6c7c6c7806ca0b85aeca1a7b,INS,2017,5260,,1,,gx-no-cache=1488896339518 HTTP/1.1" 200 3858
192.168.10.89 - - [07/Mar/2017:11:17:50 -0300] "POST /cormun/servlet/trsolicitudgral?7d95e2256ba85ce650c218c33c093362,,gx-no-cache=1488899554943 HTTP/1.1" 200 6731
192.168.10.89 - - [07/Mar/2017:11:17:51 -0300] "GET /cormun/static/Shared/jqueryui/images/ui-icons_82798d_256x240.png HTTP/1.1" 404 1089
192.168.10.89 - - [07/Mar/2017:11:17:51 -0300] "GET /cormun/static/Shared/jqueryui/images/ui-bg_flat_55_fafafa_40x100.png HTTP/1.1" 404 1097
192.168.10.89 - - [07/Mar/2017:11:17:51 -0300] "GET /cormun/static/Shared/jqueryui/images/ui-icons_8d78a5_256x240.png HTTP/1.1" 404 1089
192.168.10.89 - - [07/Mar/2017:11:17:51 -0300] "GET /cormun/static/Shared/jqueryui/images/ui-bg_highlight-soft_100_c6c2c8_1x100.png HTTP/1.1" 404 1117
186.103.159.182 - - [07/Mar/2017:11:17:51 -0300] "POST /cormun/servlet/solicitudotadjuntos?gx-no-cache=1488896341529 HTTP/1.1" 200 26
186.79.240.136 - - [07/Mar/2017:11:17:51 -0300] "POST /cormun/servlet/trsolicitudot?ff90d13dfd581c42b04ecb14ad1feb90,,gx-no-cache=1488896342143 HTTP/1.1" 200 5689
186.103.159.44 - - [07/Mar/2017:11:17:51 -0300] "GET /cormun/servlet/licenciaspermisos?03593e57a11f438674ece05b567f948db64d885ea9cd39b6420083a4d284a1f8e026a98a7de857b97994b7331b79717b93221f1d70053799945d2cdfb455847171b1e956dbfc65c0b8869934eca9bffd42da5f236bffa6e7980147523ace7c6f571ae7aec270c18f6a521945102596f71307fe42cb449516909a3dd2e2f7ebc0c8d96c0a7d506c153b2326335dee598704ba9204a45d9829e3f1f0ed0b5c879193f21d4afbe56b373c9dbcc7b44bd225,gx-no-cache=1488896339548 HTTP/1.1" 200 30
186.79.240.136 - - [07/Mar/2017:11:17:51 -0300] "POST /cormun/servlet/trsolicitudot?ff90d13dfd581c42b04ecb14ad1feb90,,gx-no-cache=1488896342743 HTTP/1.1" 200 5629
186.103.159.44 - - [07/Mar/2017:11:17:52 -0300] "GET /cormun/servlet/licenciaspermisos?03593e57a11f438674ece05b567f948d38c216d96bee64470b7197db1aea0ce9f5dae8935348301b5e9cffc53f5d6489b4fa6ca145c2509c98c98bf7e72ac2e349d51a5ea5020864f347904a58fc835008b4aed22bd6a11ef13f7da0842a1577a7c2a001ef84b2d97c068a1a04292d9f4573c522130a97d545840d3bbcf1e08fd48a316467992e527f664a7e9cb3d61217d35e229755e320882d9902e65e5223ea2547b3ce14c46055c76193454a33ba,gx-no-cache=1488896339930 HTTP/1.1" 200 29
192.168.10.62 - - [07/Mar/2017:11:17:52 -0300] "POST /cormun/servlet/trconsultaempleado?b509bfd99a8adb7301b81745c063b57f,,gx-no-cache=1488899556545 HTTP/1.1" 200 4065
186.103.159.44 - - [07/Mar/2017:11:17:52 -0300] "POST /cormun/servlet/licenciaspermisos?f7f9443f10cbb92633a7483ac665b6fe,INS,0,,,,gx-no-cache=1488896340341 HTTP/1.1" 200 93
186.103.159.44 - - [07/Mar/2017:11:17:52 -0300] "GET /cormun/servlet/hpexe_return? HTTP/1.1" 200 1013
186.103.159.44 - - [07/Mar/2017:11:17:53 -0300] "GET /cormun/servlet/trlicencias HTTP/1.1" 200 7783
186.103.159.44 - - [07/Mar/2017:11:17:54 -0300] "GET /cormun//static/Resources/PXToolsGridDisplay.png HTTP/1.1" 304 -
186.103.159.44 - - [07/Mar/2017:11:17:54 -0300] "GET /cormun//static/Resources/PXToolsActionPrint.png HTTP/1.1" 304 -
186.103.159.44 - - [07/Mar/2017:11:17:54 -0300] "GET /cormun//static/Resources/PXToolsHeaderFavorites.png HTTP/1.1" 304 -
186.103.159.44 - - [07/Mar/2017:11:17:54 -0300] "GET /cormun//static/Resources/PXToolsHeaderHelp.png HTTP/1.1" 304 -
186.79.240.136 - - [07/Mar/2017:11:17:54 -0300] "POST /cormun/servlet/trsolicitudot?ff90d13dfd581c42b04ecb14ad1feb90,,gx-no-cache=1488896345755 HTTP/1.1" 200 5284
186.79.240.136 - - [07/Mar/2017:11:17:55 -0300] "POST /cormun/servlet/trsolicitudot?ff90d13dfd581c42b04ecb14ad1feb90,,gx-no-cache=1488896346324 HTTP/1.1" 200 5226
186.103.156.211 - - [07/Mar/2017:11:17:56 -0300] "GET /cormun/servlet/solicitudot?3f1d6cae91f6b8161ee2e149b8bafead05b0599689568b2d929d90fce739cb96db614fc0a73421ea0331b8892b34521806abb830bf8ff6fa6a1243f8af11a68278cf448eec824292335feb90cfd6f179c44894f5259cd176f490730bd1519d82a206f7084d709fd3430e704c830c93a9,gx-no-cache=1488896347424 HTTP/1.1" 200 29
186.103.156.211 - - [07/Mar/2017:11:17:56 -0300] "POST /cormun/servlet/solicitudot?gx-no-cache=1488896347501 HTTP/1.1" 200 643
192.168.10.62 - - [07/Mar/2017:11:17:57 -0300] "GET /cormun/servlet/trsolicitudnombre?18015609, HTTP/1.1" 200 6801
192.168.10.62 - - [07/Mar/2017:11:17:57 -0300] "GET /cormun/servlet/trsolicitudnombre?18015609, HTTP/1.1" 200 6801
186.79.240.136 - - [07/Mar/2017:11:17:57 -0300] "POST /cormun/servlet/trsolicitudot?ff90d13dfd581c42b04ecb14ad1feb90,,gx-no-cache=1488896348585 HTTP/1.1" 200 4153
186.79.240.136 - - [07/Mar/2017:11:17:58 -0300] "POST /cormun/servlet/trsolicitudot?ff90d13dfd581c42b04ecb14ad1feb90,,gx-no-cache=1488896349194 HTTP/1.1" 200 3936
186.103.156.211 - - [07/Mar/2017:11:17:58 -0300] "POST /cormun/servlet/solicitudot?gx-no-cache=1488896349384 HTTP/1.1" 200 1157
200.111.191.210 - - [07/Mar/2017:11:18:04 -0300] "POST /cormun/servlet/trautorizarsolicitud?010fdec1dcab3ef1447c5df519ac2a0e,,gx-no-cache=1488899869683 HTTP/1.1" 200 5370
186.79.240.136 - - [07/Mar/2017:11:18:05 -0300] "GET /cormun/servlet/solicitudot?INS,0,0, HTTP/1.1" 200 12571
186.79.240.136 - - [07/Mar/2017:11:18:05 -0300] "GET /cormun/static/solicitudot.js?2017119104297 HTTP/1.1" 304 -
186.103.159.44 - - [07/Mar/2017:11:18:05 -0300] "GET /cormun/servlet/alicenciaprn?17234919,L,20170307000000,PU HTTP/1.1" 200 1515
186.79.240.136 - - [07/Mar/2017:11:18:05 -0300] "GET /cormun/servlet/solicitudot?INS,0,0, HTTP/1.1" 200 12576
186.103.159.182 - - [07/Mar/2017:11:18:06 -0300] "GET /cormun/servlet/solicitudotadjuntos?6929972cecffaf227a7c67210add8927e98cc6cb6a01e3445c4b6c80234751db,gx-no-cache=1488896356781 HTTP/1.1" 200 30
186.103.159.182 - - [07/Mar/2017:11:18:06 -0300] "GET /cormun/servlet/solicitudotadjuntos?6929972cecffaf227a7c67210add8927e98cc6cb6a01e3445c4b6c80234751db,gx-no-cache=1488896356824 HTTP/1.1" 200 30
186.103.159.182 - - [07/Mar/2017:11:18:07 -0300] "POST /cormun/servlet/solicitudotadjuntos?0bf9da2a6c7c6c7806ca0b85aeca1a7b,INS,2017,5260,,1, HTTP/1.1" 200 116
200.111.191.210 - - [07/Mar/2017:11:18:07 -0300] "GET /cormun/servlet/veautorizarsolicitud?2017,4829,, HTTP/1.1" 200 8092
200.111.191.210 - - [07/Mar/2017:11:18:07 -0300] "GET /cormun/static/gxcfg.js?20161221854380 HTTP/1.1" 304 -
200.111.191.210 - - [07/Mar/2017:11:18:07 -0300] "GET /cormun/pexe_scrolldiv.js HTTP/1.1" 404 1009
200.111.191.210 - - [07/Mar/2017:11:18:07 -0300] "GET /cormun/static/veautorizarsolicitud.js?20161221854433 HTTP/1.1" 304 -
186.103.159.182 - - [07/Mar/2017:11:18:07 -0300] "GET /cormun/servlet/hpexe_return? HTTP/1.1" 200 1026
200.111.191.210 - - [07/Mar/2017:11:18:07 -0300] "GET /cormun/static/tbautorizarsolicitud01.js?20171102163122 HTTP/1.1" 304 -
200.111.191.210 - - [07/Mar/2017:11:18:07 -0300] "GET /cormun/pexe_scrolldiv.js HTTP/1.1" 404 1009
186.103.159.182 - - [07/Mar/2017:11:18:08 -0300] "GET /cormun/servlet/trsolicitudadjuntos?2017,5260, HTTP/1.1" 200 8261
200.111.191.210 - - [07/Mar/2017:11:18:08 -0300] "GET /cormun/servlet/veautorizarsolicitud?2017,4829,, HTTP/1.1" 200 8090
192.168.10.89 - - [07/Mar/2017:11:18:08 -0300] "POST /cormun/servlet/trsolicitudgral?7d95e2256ba85ce650c218c33c093362,,gx-no-cache=1488899572591 HTTP/1.1" 200 7079
186.103.159.182 - - [07/Mar/2017:11:18:09 -0300] "GET /cormun/servlet/trsolicitudadjuntos?2017,5260, HTTP/1.1" 200 8255
200.111.191.210 - - [07/Mar/2017:11:18:10 -0300] "POST /cormun/servlet/veautorizarsolicitud?010fdec1dcab3ef1447c5df519ac2a0e,2017,4829,,,gx-no-cache=1488899875830 HTTP/1.1" 200 93
200.111.191.210 - - [07/Mar/2017:11:18:10 -0300] "GET /cormun/servlet/hpexe_return? HTTP/1.1" 200 1019
200.111.191.210 - - [07/Mar/2017:11:18:10 -0300] "GET /cormun/servlet/trautorizarsolicitud? HTTP/1.1" 200 8088
200.111.191.210 - - [07/Mar/2017:11:18:11 -0300] "GET /cormun/servlet/trautorizarsolicitud? HTTP/1.1" 200 8084
186.103.159.182 - - [07/Mar/2017:11:18:12 -0300] "GET /cormun/servlet/solicitudotadjuntos?INS,2017,5260,,1, HTTP/1.1" 200 6055
186.103.159.182 - - [07/Mar/2017:11:18:14 -0300] "GET /cormun/static/about:blank HTTP/1.1" 404 1011
186.103.159.182 - - [07/Mar/2017:11:18:14 -0300] "GET /cormun/servlet/solicitudotadjuntos?INS,2017,5260,,1, HTTP/1.1" 200 6047
186.103.159.182 - - [07/Mar/2017:11:18:14 -0300] "GET /cormun/servlet/solicitudotadjuntos?6929972cecffaf227a7c67210add892790855ec95ee6f16b412459313f2d3488e60a206ca73abc55a8997e838ac37db4,gx-no-cache=1488896365029 HTTP/1.1" 200 30
186.103.159.182 - - [07/Mar/2017:11:18:15 -0300] "POST /cormun/servlet/solicitudotadjuntos?0bf9da2a6c7c6c7806ca0b85aeca1a7b,INS,2017,5260,,1,,gx-no-cache=1488896365069 HTTP/1.1" 200 3858
186.103.159.182 - - [07/Mar/2017:11:18:16 -0300] "POST /cormun/servlet/solicitudotadjuntos?gx-no-cache=1488896366847 HTTP/1.1" 200 26
192.168.10.89 - - [07/Mar/2017:11:18:21 -0300] "POST /cormun/servlet/trsolicitudgral?7d95e2256ba85ce650c218c33c093362,,gx-no-cache=1488899586077 HTTP/1.1" 200 6740
186.103.159.182 - - [07/Mar/2017:11:18:22 -0300] "GET /cormun/servlet/solicitudotadjuntos?6929972cecffaf227a7c67210add8927e98cc6cb6a01e3445c4b6c80234751db,gx-no-cache=1488896372666 HTTP/1.1" 200 30
186.103.159.182 - - [07/Mar/2017:11:18:22 -0300] "GET /cormun/servlet/solicitudotadjuntos?6929972cecffaf227a7c67210add8927e98cc6cb6a01e3445c4b6c80234751db,gx-no-cache=1488896372690 HTTP/1.1" 200 30
186.103.159.182 - - [07/Mar/2017:11:18:23 -0300] "POST /cormun/servlet/solicitudotadjuntos?0bf9da2a6c7c6c7806ca0b85aeca1a7b,INS,2017,5260,,1, HTTP/1.1" 200 116
186.103.159.182 - - [07/Mar/2017:11:18:23 -0300] "GET /cormun/servlet/hpexe_return? HTTP/1.1" 200 1026
186.103.159.182 - - [07/Mar/2017:11:18:23 -0300] "GET /cormun/servlet/trsolicitudadjuntos?2017,5260, HTTP/1.1" 200 8440
200.111.191.210 - - [07/Mar/2017:11:18:25 -0300] "POST /cormun/servlet/trautorizarsolicitud?010fdec1dcab3ef1447c5df519ac2a0e,,gx-no-cache=1488899890293 HTTP/1.1" 200 4117
186.103.159.182 - - [07/Mar/2017:11:18:25 -0300] "GET /cormun/servlet/trsolicitudadjuntos?2017,5260, HTTP/1.1" 200 8438
186.103.159.182 - - [07/Mar/2017:11:18:27 -0300] "GET /cormun/servlet/solicitudotadjuntos?INS,2017,5260,,1, HTTP/1.1" 200 6055
186.103.159.182 - - [07/Mar/2017:11:18:28 -0300] "GET /cormun/static/about:blank HTTP/1.1" 404 1011
186.103.159.182 - - [07/Mar/2017:11:18:29 -0300] "GET /cormun/servlet/solicitudotadjuntos?INS,2017,5260,,1, HTTP/1.1" 200 6047
200.111.191.210 - - [07/Mar/2017:11:18:29 -0300] "POST /cormun/servlet/trautorizarsolicitud?010fdec1dcab3ef1447c5df519ac2a0e,,gx-no-cache=1488899894448 HTTP/1.1" 200 4115
186.103.159.182 - - [07/Mar/2017:11:18:29 -0300] "GET /cormun/servlet/solicitudotadjuntos?6929972cecffaf227a7c67210add892790855ec95ee6f16b412459313f2d3488e60a206ca73abc55a8997e838ac37db4,gx-no-cache=1488896380042 HTTP/1.1" 200 30
186.103.159.182 - - [07/Mar/2017:11:18:29 -0300] "POST /cormun/servlet/solicitudotadjuntos?0bf9da2a6c7c6c7806ca0b85aeca1a7b,INS,2017,5260,,1,,gx-no-cache=1488896380089 HTTP/1.1" 200 3858
200.111.191.210 - - [07/Mar/2017:11:18:31 -0300] "POST /cormun/servlet/trautorizarsolicitud?010fdec1dcab3ef1447c5df519ac2a0e,,gx-no-cache=1488899896686 HTTP/1.1" 200 4115
186.103.159.182 - - [07/Mar/2017:11:18:31 -0300] "POST /cormun/servlet/solicitudotadjuntos?gx-no-cache=1488896382087 HTTP/1.1" 200 26
200.111.191.210 - - [07/Mar/2017:11:18:35 -0300] "GET /cormun/servlet/hlogin HTTP/1.1" 200 1740
192.168.10.89 - - [07/Mar/2017:11:18:36 -0300] "POST /cormun/servlet/trsolicitudgral?7d95e2256ba85ce650c218c33c093362,,gx-no-cache=1488899600915 HTTP/1.1" 200 6678
