186.103.156.24 - - [07/Mar/2017:10:07:55 -0300] "POST /cormun/servlet/solicitudot?gx-no-cache=1488892192338 HTTP/1.1" 200 656
186.103.156.24 - - [07/Mar/2017:10:07:55 -0300] "POST /cormun/servlet/solicitudot?gx-no-cache=1488892192461 HTTP/1.1" 200 38
186.79.36.72 - - [07/Mar/2017:10:08:12 -0300] "GET /cormun/servlet/trcontratoobservaciondir? HTTP/1.1" 200 5916
186.79.36.72 - - [07/Mar/2017:10:08:13 -0300] "GET /cormun/servlet/trcontratoobservaciondir? HTTP/1.1" 200 5911
186.79.36.72 - - [07/Mar/2017:10:08:13 -0300] "GET /cormun/servlet/hlogin HTTP/1.1" 200 1743
186.79.36.72 - - [07/Mar/2017:10:10:23 -0300] "GET /cormun/servlet/hlogin HTTP/1.1" 200 1717
186.79.36.72 - - [07/Mar/2017:10:10:38 -0300] "POST /cormun/servlet/hlogin?9dd3c0562f429a319ab5b2da32ec4005,gx-no-cache=1488892309022 HTTP/1.1" 200 429
186.79.36.72 - - [07/Mar/2017:10:10:40 -0300] "POST /cormun/servlet/hlogin?9dd3c0562f429a319ab5b2da32ec4005,gx-no-cache=1488892310601 HTTP/1.1" 200 428
186.103.156.24 - - [07/Mar/2017:10:11:20 -0300] "GET /cormun/servlet/solicitudot?4cb7d173a673163124c961ec4acc0e69ecffbeeddc6a144a191ce5f0da2cb21c499d608c4e5257f2653ec41c9e43500d16a1e44960d85f2ad81d9f978fa88c926fc4364d1ce8394995744d9bc1ad995c8bba028aca9a1647b50d395439cefc6876578290c5bc1ddb648ffc2f5784a0385ab06778a1cc7cb42133f0e58f99b6a1f59850886709d5fc8e935eb49bd495ad6d24248c67843789d3621b0359875d58236484083c99bde7621614e9f95b8d6f48585aaa395176a05b48c1d8305a6cd3c668c95693576de5535a076113ea4bd3,gx-no-cache=1488892425230 HTTP/1.1" 200 29
186.103.156.24 - - [07/Mar/2017:10:11:20 -0300] "POST /cormun/servlet/solicitudot?gx-no-cache=1488892425718 HTTP/1.1" 200 643
186.103.156.24 - - [07/Mar/2017:10:11:32 -0300] "POST /cormun/servlet/solicitudot?gx-no-cache=1488892439480 HTTP/1.1" 200 1157
186.103.156.24 - - [07/Mar/2017:10:13:04 -0300] "GET /cormun/static/menuarrow.gif HTTP/1.1" 404 1015
186.103.156.24 - - [07/Mar/2017:10:13:29 -0300] "POST /cormun/servlet/solicitudot?gx-no-cache=1488892572729 HTTP/1.1" 200 1274
186.103.156.24 - - [07/Mar/2017:10:13:29 -0300] "POST /cormun/servlet/solicitudot?gx-no-cache=1488892572845 HTTP/1.1" 200 1157
201.246.239.225 - - [07/Mar/2017:10:13:30 -0300] "GET /cormun/servlet/hlogin HTTP/1.1" 200 1728
186.103.156.24 - - [07/Mar/2017:10:13:31 -0300] "POST /cormun/servlet/solicitudot?gx-no-cache=1488892575212 HTTP/1.1" 200 1274
186.103.156.24 - - [07/Mar/2017:10:13:31 -0300] "POST /cormun/servlet/solicitudot?gx-no-cache=1488892575285 HTTP/1.1" 200 1157
186.79.36.72 - - [07/Mar/2017:10:13:58 -0300] "GET /cormun/servlet/hlogin HTTP/1.1" 200 1717
201.246.239.225 - - [07/Mar/2017:10:14:39 -0300] "POST /cormun/servlet/hlogin?31ce897e74a5b9d9ecb9721ee57c73fe,gx-no-cache=1488892555999 HTTP/1.1" 200 90
201.246.239.225 - - [07/Mar/2017:10:14:39 -0300] "GET /cormun/servlet/hpexe_link HTTP/1.1" 200 959
201.246.239.225 - - [07/Mar/2017:10:14:39 -0300] "GET /cormun/servlet/hhome HTTP/1.1" 200 3987
201.246.239.225 - - [07/Mar/2017:10:14:41 -0300] "GET /cormun/servlet/hhome HTTP/1.1" 200 3983
186.103.156.24 - - [07/Mar/2017:10:14:49 -0300] "GET /cormun/servlet/solicitudot?4cb7d173a673163124c961ec4acc0e698da8f5f93a9d772b29423a31811d70c3e2e53d901aba4a73a1b895a4cc52d06bd901a7bf031ac8815d3d41b54af46faef9a310e44d53d0f199328cad34d95d5dcea09d6c5a817f3d95bcf705b72096c7d9fe299a643f73d4cc3e6d17ab9f9b2a2229fd434d14cc29d661f590337edfa8b4f402008eba45b4798ba3515b7d40b927abf016560e9720764b083a5c4b0a808e90644c85bf66f4fddb633c744eda95,gx-no-cache=1488892663240 HTTP/1.1" 200 30
192.168.10.89 - - [07/Mar/2017:10:14:50 -0300] "POST /cormun/servlet/hlogin?e8267efc8c771945d43dbf8c55c51cb4,gx-no-cache=1488895774588 HTTP/1.1" 440 972
192.168.10.89 - - [07/Mar/2017:10:14:51 -0300] "GET /cormun/servlet/hlogin HTTP/1.1" 200 1722
201.246.239.225 - - [07/Mar/2017:10:14:51 -0300] "GET /cormun/servlet/trpermisosingoce? HTTP/1.1" 200 6796
201.246.239.225 - - [07/Mar/2017:10:14:52 -0300] "GET /cormun/servlet/trpermisosingoce? HTTP/1.1" 200 6796
201.246.239.225 - - [07/Mar/2017:10:14:56 -0300] "GET /cormun/servlet/permisosingoce?INS,0, HTTP/1.1" 200 6697
201.246.239.225 - - [07/Mar/2017:10:14:57 -0300] "GET /cormun/servlet/permisosingoce?INS,0, HTTP/1.1" 200 6697
192.168.10.89 - - [07/Mar/2017:10:14:59 -0300] "POST /cormun/servlet/hlogin?7d95e2256ba85ce650c218c33c093362,gx-no-cache=1488895783429 HTTP/1.1" 200 90
192.168.10.89 - - [07/Mar/2017:10:14:59 -0300] "GET /cormun/servlet/hpexe_link HTTP/1.1" 200 946
192.168.10.89 - - [07/Mar/2017:10:14:59 -0300] "GET /cormun/servlet/hhome HTTP/1.1" 200 4379
192.168.10.89 - - [07/Mar/2017:10:15:04 -0300] "GET /cormun/servlet/trsolicitudgral? HTTP/1.1" 200 24775
201.246.239.225 - - [07/Mar/2017:10:15:08 -0300] "GET /cormun/servlet/prfichaempleado?,MD,,gxPopupLevel%3D0%3B HTTP/1.1" 200 8865
192.168.10.89 - - [07/Mar/2017:10:15:10 -0300] "GET /cormun/static/menuarrow.gif HTTP/1.1" 404 1015
192.168.10.89 - - [07/Mar/2017:10:15:22 -0300] "POST /cormun/servlet/trsolicitudgral?7d95e2256ba85ce650c218c33c093362,,gx-no-cache=1488895805650 HTTP/1.1" 200 22828
186.103.156.24 - - [07/Mar/2017:10:15:30 -0300] "POST /cormun/servlet/solicitudot?9e7d4c36c959c9fcdf5fe33a732610b1,INS,0,0,,gx-no-cache=1488892710531 HTTP/1.1" 200 11326
186.103.156.24 - - [07/Mar/2017:10:15:30 -0300] "GET /cormun/static/Shared/jqueryui/images/ui-bg_highlight-soft_100_c6c2c8_1x100.png HTTP/1.1" 404 1117
186.103.156.24 - - [07/Mar/2017:10:15:30 -0300] "GET /cormun/static/Shared/jqueryui/images/ui-icons_82798d_256x240.png HTTP/1.1" 404 1089
186.103.156.24 - - [07/Mar/2017:10:15:30 -0300] "GET /cormun/static/Shared/jqueryui/images/ui-bg_flat_55_994d53_40x100.png HTTP/1.1" 404 1097
186.103.156.24 - - [07/Mar/2017:10:15:30 -0300] "GET /cormun/static/Shared/jqueryui/images/ui-icons_ebccce_256x240.png HTTP/1.1" 404 1089
201.246.239.225 - - [07/Mar/2017:10:15:32 -0300] "POST /cormun/servlet/prfichaempleado?31ce897e74a5b9d9ecb9721ee57c73fe,,MD,,gxPopupLevel%3D0%3B,gx-no-cache=1488892608251 HTTP/1.1" 200 3407
201.246.239.225 - - [07/Mar/2017:10:15:42 -0300] "GET /cormun/servlet/permisosingoce?b782b630dd6c7aba6cb8789027906ff4397ceed99fea0eeb00ebd2fb2e9889df0f9b49e18c00c6525dc00403153d26d3,gx-no-cache=1488892618650 HTTP/1.1" 200 69
201.246.239.225 - - [07/Mar/2017:10:15:43 -0300] "GET /cormun/static/menuarrow.gif HTTP/1.1" 404 1015
201.246.239.225 - - [07/Mar/2017:10:15:51 -0300] "GET /cormun/servlet/permisosingoce?b782b630dd6c7aba6cb8789027906ff419872f353dfae6896d86495f1466ea8adcbafe3714776f40d8e16c38f9d0fca9,gx-no-cache=1488892628726 HTTP/1.1" 200 33
186.103.156.24 - - [07/Mar/2017:10:15:59 -0300] "POST /cormun/servlet/solicitudot?gx-no-cache=1488892742794 HTTP/1.1" 200 1287
186.103.156.24 - - [07/Mar/2017:10:15:59 -0300] "POST /cormun/servlet/solicitudot?gx-no-cache=1488892742909 HTTP/1.1" 200 41
186.103.156.24 - - [07/Mar/2017:10:15:59 -0300] "POST /cormun/servlet/solicitudot?gx-no-cache=1488892742952 HTTP/1.1" 200 1274
186.103.156.24 - - [07/Mar/2017:10:15:59 -0300] "POST /cormun/servlet/solicitudot?gx-no-cache=1488892743008 HTTP/1.1" 200 1157
186.103.156.24 - - [07/Mar/2017:10:15:59 -0300] "GET /cormun/servlet/solicitudot?4cb7d173a673163124c961ec4acc0e698da8f5f93a9d772b29423a31811d70c3ba3569ae5c8c4c1de32fcb75564f88f7328bde4b9049682e97e5ef9ca0a6187f1b72bfa5be74895ea5483b472f25af4ab3311e87dd070edf6513c82da95e7b687fe59407750d6d8006fd4f99147ec4e1dc26b720bc824ebb1cb9afa5dcb4f8b32ff9e52a2b189e0f498dc8361a187cd3fed4d0efdd065cd0bd3aa4b93c41e828309029ead305283136377e77e8c199243247191e7485a66e10e2b1fdc789fb6c,gx-no-cache=1488892743084 HTTP/1.1" 200 30
186.103.156.24 - - [07/Mar/2017:10:15:59 -0300] "POST /cormun/servlet/solicitudot?9e7d4c36c959c9fcdf5fe33a732610b1,INS,0,0,,gx-no-cache=1488892743132 HTTP/1.1" 200 93
186.103.156.24 - - [07/Mar/2017:10:16:00 -0300] "GET /cormun/servlet/hpexe_return? HTTP/1.1" 200 1010
186.103.156.24 - - [07/Mar/2017:10:16:01 -0300] "GET /cormun/servlet/trsolicitudot? HTTP/1.1" 200 6977
186.103.156.24 - - [07/Mar/2017:10:16:01 -0300] "GET /cormun/servlet/trsolicitudot? HTTP/1.1" 200 6973
186.103.156.24 - - [07/Mar/2017:10:16:14 -0300] "GET /cormun/servlet/trautorizarsolicitud? HTTP/1.1" 200 6891
186.103.156.24 - - [07/Mar/2017:10:16:15 -0300] "GET /cormun/servlet/trautorizarsolicitud? HTTP/1.1" 200 6890
201.246.239.225 - - [07/Mar/2017:10:16:20 -0300] "GET /cormun/servlet/permisosingoce?b782b630dd6c7aba6cb8789027906ff495a0a9ecefac6c97b3306abede2fe167a5e327b400e368491975b38bf569ae866f06d7bdf97947771bba78bf8edf13f6c11268c6b62a2e8ab36a85c416c9716ebd73641da3dce0857d25a0e30e6ea71615d4d60cdd84b31067ff01ddfdf6898ac22b54f426eb0e4f18ad95814639316afffaa1f4bd18716fe90b8b067bd584b23f142542cb6e0e63b8e5108dd4a5f6be,gx-no-cache=1488892657044 HTTP/1.1" 200 121
201.246.239.225 - - [07/Mar/2017:10:16:20 -0300] "GET /cormun/static/Shared/jqueryui/images/ui-bg_highlight-soft_100_c6c2c8_1x100.png HTTP/1.1" 404 1117
201.246.239.225 - - [07/Mar/2017:10:16:20 -0300] "GET /cormun/static/Shared/jqueryui/images/ui-icons_82798d_256x240.png HTTP/1.1" 404 1089
201.246.239.225 - - [07/Mar/2017:10:16:20 -0300] "GET /cormun/static/Shared/jqueryui/images/ui-icons_ebccce_256x240.png HTTP/1.1" 404 1089
201.246.239.225 - - [07/Mar/2017:10:16:20 -0300] "GET /cormun/static/Shared/jqueryui/images/ui-bg_flat_55_994d53_40x100.png HTTP/1.1" 404 1097
186.103.156.24 - - [07/Mar/2017:10:16:29 -0300] "GET /cormun/static/menuarrow.gif HTTP/1.1" 404 1015
201.246.239.225 - - [07/Mar/2017:10:16:38 -0300] "GET /cormun/servlet/permisosingoce?b782b630dd6c7aba6cb8789027906ff495a0a9ecefac6c97b3306abede2fe167a5e327b400e368491975b38bf569ae866f06d7bdf97947771bba78bf8edf13f6c11268c6b62a2e8ab36a85c416c9716ebd73641da3dce0857d25a0e30e6ea71615d4d60cdd84b31067ff01ddfdf6898ac22b54f426eb0e4f18ad95814639316a5cccbf6d8c0fb492c1c15f829c52cb453f142542cb6e0e63b8e5108dd4a5f6be,gx-no-cache=1488892675424 HTTP/1.1" 200 41
200.86.95.220 - - [07/Mar/2017:10:17:15 -0300] "GET /cormun/servlet/hlogin HTTP/1.1" 200 1716
201.246.239.225 - - [07/Mar/2017:10:17:24 -0300] "POST /cormun/servlet/permisosingoce?31ce897e74a5b9d9ecb9721ee57c73fe,INS,0,,gx-no-cache=1488892721217 HTTP/1.1" 200 93
201.246.239.225 - - [07/Mar/2017:10:17:24 -0300] "GET /cormun/servlet/hpexe_return? HTTP/1.1" 200 1014
200.86.95.220 - - [07/Mar/2017:10:17:25 -0300] "POST /cormun/servlet/hlogin?a10d6bf1b886065dee18e6effbcf8a3f,gx-no-cache=1488892714998 HTTP/1.1" 200 90
200.86.95.220 - - [07/Mar/2017:10:17:25 -0300] "GET /cormun/servlet/hpexe_link HTTP/1.1" 200 952
201.246.239.225 - - [07/Mar/2017:10:17:25 -0300] "GET /cormun/servlet/trpermisosingoce HTTP/1.1" 200 7620
200.86.95.220 - - [07/Mar/2017:10:17:25 -0300] "GET /cormun/servlet/hhome HTTP/1.1" 200 3766
200.86.95.220 - - [07/Mar/2017:10:17:26 -0300] "GET /cormun/servlet/hhome HTTP/1.1" 200 3763
201.246.239.225 - - [07/Mar/2017:10:17:26 -0300] "GET /cormun/servlet/trpermisosingoce HTTP/1.1" 200 7616
186.103.156.24 - - [07/Mar/2017:10:17:27 -0300] "POST /cormun/servlet/trautorizarsolicitud?9e7d4c36c959c9fcdf5fe33a732610b1,,gx-no-cache=1488892842202 HTTP/1.1" 200 4148
186.103.156.24 - - [07/Mar/2017:10:17:30 -0300] "POST /cormun/servlet/trautorizarsolicitud?9e7d4c36c959c9fcdf5fe33a732610b1,,gx-no-cache=1488892845069 HTTP/1.1" 200 4148
200.86.95.220 - - [07/Mar/2017:10:17:33 -0300] "GET /cormun/servlet/trsolicitudot? HTTP/1.1" 200 8041
200.86.95.220 - - [07/Mar/2017:10:17:34 -0300] "GET /cormun/servlet/trsolicitudot? HTTP/1.1" 200 8039
186.79.36.72 - - [07/Mar/2017:10:17:42 -0300] "POST /cormun/servlet/hlogin?9dd3c0562f429a319ab5b2da32ec4005,gx-no-cache=1488892732919 HTTP/1.1" 200 429
186.79.36.72 - - [07/Mar/2017:10:17:44 -0300] "POST /cormun/servlet/hlogin?9dd3c0562f429a319ab5b2da32ec4005,gx-no-cache=1488892734811 HTTP/1.1" 200 428
200.86.95.220 - - [07/Mar/2017:10:17:46 -0300] "GET /cormun/servlet/solicitudot?INS,0,0, HTTP/1.1" 200 12564
200.86.95.220 - - [07/Mar/2017:10:17:47 -0300] "GET /cormun/servlet/solicitudot?INS,0,0, HTTP/1.1" 200 12569
201.246.239.225 - - [07/Mar/2017:10:18:01 -0300] "POST /cormun/servlet/trpermisosingoce?31ce897e74a5b9d9ecb9721ee57c73fe,gx-no-cache=1488892758258 HTTP/1.1" 200 4191
201.246.239.225 - - [07/Mar/2017:10:18:01 -0300] "GET /cormun/static/Shared/jqueryui/images/ui-bg_highlight-soft_100_c6c2c8_1x100.png HTTP/1.1" 404 1117
201.246.239.225 - - [07/Mar/2017:10:18:01 -0300] "GET /cormun/static/Shared/jqueryui/images/ui-icons_82798d_256x240.png HTTP/1.1" 404 1089
201.246.239.225 - - [07/Mar/2017:10:18:01 -0300] "GET /cormun/static/Shared/jqueryui/images/ui-icons_8d78a5_256x240.png HTTP/1.1" 404 1089
201.246.239.225 - - [07/Mar/2017:10:18:01 -0300] "GET /cormun/static/Shared/jqueryui/images/ui-bg_flat_55_fafafa_40x100.png HTTP/1.1" 404 1097
200.86.95.220 - - [07/Mar/2017:10:18:02 -0300] "POST /cormun/servlet/solicitudot?gx-no-cache=1488892752277 HTTP/1.1" 200 3175
200.86.95.220 - - [07/Mar/2017:10:18:02 -0300] "POST /cormun/servlet/solicitudot?a10d6bf1b886065dee18e6effbcf8a3f,INS,0,0,,gx-no-cache=1488892752559 HTTP/1.1" 200 9774
200.86.95.220 - - [07/Mar/2017:10:18:09 -0300] "GET /cormun/servlet/solicitudot?e7ec3574523e7dcfc50c13f3edd5edbefc0ff10c4fcb67cfcc4bb572621fd5ec93e389b8d48fbfc2a995686e85379abb,gx-no-cache=1488892759434 HTTP/1.1" 200 30
200.86.95.220 - - [07/Mar/2017:10:18:09 -0300] "POST /cormun/servlet/solicitudot?gx-no-cache=1488892759546 HTTP/1.1" 200 255
200.86.95.220 - - [07/Mar/2017:10:18:09 -0300] "GET /cormun/servlet/solicitudot?e7ec3574523e7dcfc50c13f3edd5edbe60bc65c3cf26cd6f3715be01585042aafbc41229104e23ecfa8ab3b466c67fcca3967e5905524c6022656197c9564858498ec1d100e44f9d211ea25f6751cce2110d91fc23002613cc835d1d8409260d594dee1b17cf8613cc1fb5357cab0e84149167c1b5101a83ff8954fb454bc7c170ad371cc8270a30e18a089114789d198c1a52149f681726e7a8cb9436f05e00259d59d7fe754e8fde15ad8d04d65bf6a58cac59c8bf579a6f88e9b0b92d80a8d98dee909bdba0a5691abafe91f91f9ef2a41195f85bab8fbd79e760fd9a1e458ceaf3709a053322da5d4843f026eaa6b0143d5c9fc4b51ef61641476605b9863b4a2c8d74dae74d6b649285a137adfad8c05f851402f1d560e4834f66f95755e5b3051677b5da4e3d789dc275b1c73480b72d91b5fb02c74ecd9ad049c17e05984bcc5e2139fd364a4eee629ddb130847d9d709c73792c914223d1fd6e68baba79be8477cd0b7af707037abb47943e644ba44f95ded90e402eb89746d681c30,gx-no-cache=1488892759649 HTTP/1.1" 200 30
201.246.239.225 - - [07/Mar/2017:10:18:11 -0300] "GET /cormun/servlet/trautorizarsolicitud? HTTP/1.1" 200 6914
201.246.239.225 - - [07/Mar/2017:10:18:13 -0300] "GET /cormun/servlet/trautorizarsolicitud? HTTP/1.1" 200 6914
200.86.95.220 - - [07/Mar/2017:10:18:20 -0300] "POST /cormun/servlet/solicitudot?gx-no-cache=1488892770114 HTTP/1.1" 200 30
201.246.239.225 - - [07/Mar/2017:10:18:20 -0300] "POST /cormun/servlet/trautorizarsolicitud?31ce897e74a5b9d9ecb9721ee57c73fe,,gx-no-cache=1488892777492 HTTP/1.1" 200 4136
201.246.239.225 - - [07/Mar/2017:10:18:27 -0300] "GET /cormun/servlet/trpermisosingoceautorizar? HTTP/1.1" 200 7405
201.246.239.225 - - [07/Mar/2017:10:18:27 -0300] "GET /cormun/static/gxcfg.js?201612218562859 HTTP/1.1" 200 953
201.246.239.225 - - [07/Mar/2017:10:18:28 -0300] "GET /cormun/static/trpermisosingoceautorizar.js?201612218563221 HTTP/1.1" 200 29726
201.246.239.225 - - [07/Mar/2017:10:18:29 -0300] "GET /cormun/servlet/trpermisosingoceautorizar? HTTP/1.1" 200 7405
201.246.239.225 - - [07/Mar/2017:10:18:30 -0300] "POST /cormun/servlet/acontrolpreferencessavestate?None,ELOBOS,true HTTP/1.1" 200 35
200.86.95.220 - - [07/Mar/2017:10:18:36 -0300] "GET /cormun/servlet/prcontratosol?8294882,,,,,MD,,gxPopupLevel%3D0%3B HTTP/1.1" 200 5918
200.86.95.220 - - [07/Mar/2017:10:18:36 -0300] "GET /cormun/static/gxcfg.js?2016102711553248 HTTP/1.1" 304 -
200.86.95.220 - - [07/Mar/2017:10:18:40 -0300] "POST /cormun/servlet/solicitudot?gx-no-cache=1488892790331 HTTP/1.1" 200 1292
200.86.95.220 - - [07/Mar/2017:10:18:40 -0300] "POST /cormun/servlet/solicitudot?gx-no-cache=1488892790474 HTTP/1.1" 200 38
200.86.95.220 - - [07/Mar/2017:10:18:40 -0300] "GET /cormun/servlet/solicitudot?e7ec3574523e7dcfc50c13f3edd5edbee6b67e19409b9cd026a47194c2a94065d305d2a33e6b537f3af6437dac9b06fe99db8ab68e440f875842be0bff3aad7ee896b56b1972495d41a3b5e59765962fbb476a0434d69f2ee43fb83a5bdb112999b8f7a58b1ff982861027c20d9f19072a9fc4882a26ba74ab5b882d9eb69f78e739f399d4d3c84771b6e9be7f8596bc6692f184773b55ec7cbed512f682a54c56d291f14beac4d753a5eee8e613a1fe053f6a221fa5eee5130ef4b34b7fb0b91e4f973a9ad6446ffcf0c2aa1debc017,gx-no-cache=1488892790529 HTTP/1.1" 200 29
200.86.95.220 - - [07/Mar/2017:10:18:40 -0300] "POST /cormun/servlet/solicitudot?gx-no-cache=1488892790616 HTTP/1.1" 200 1275
200.86.95.220 - - [07/Mar/2017:10:18:40 -0300] "POST /cormun/servlet/solicitudot?gx-no-cache=1488892790707 HTTP/1.1" 200 1157
200.86.95.220 - - [07/Mar/2017:10:19:04 -0300] "POST /cormun/servlet/solicitudot?gx-no-cache=1488892814753 HTTP/1.1" 200 1274
200.86.95.220 - - [07/Mar/2017:10:19:05 -0300] "POST /cormun/servlet/solicitudot?gx-no-cache=1488892814920 HTTP/1.1" 200 1157
200.86.95.220 - - [07/Mar/2017:10:19:05 -0300] "GET /cormun/static/menuarrow.gif HTTP/1.1" 404 1015
200.86.95.220 - - [07/Mar/2017:10:19:07 -0300] "POST /cormun/servlet/solicitudot?gx-no-cache=1488892817139 HTTP/1.1" 200 1274
200.86.95.220 - - [07/Mar/2017:10:19:07 -0300] "POST /cormun/servlet/solicitudot?gx-no-cache=1488892817266 HTTP/1.1" 200 1157
201.246.239.225 - - [07/Mar/2017:10:19:31 -0300] "POST /cormun/servlet/trpermisosingoceautorizar?31ce897e74a5b9d9ecb9721ee57c73fe,,gx-no-cache=1488892847700 HTTP/1.1" 200 110
201.246.239.225 - - [07/Mar/2017:10:19:31 -0300] "GET /cormun/servlet/permisosingocelog?INS,27,0,NU, HTTP/1.1" 200 5689
201.246.239.225 - - [07/Mar/2017:10:19:31 -0300] "GET /cormun/static/gxcfg.js?20161221849039 HTTP/1.1" 200 953
201.246.239.225 - - [07/Mar/2017:10:19:31 -0300] "GET /cormun/static/permisosingocelog.js?20161221849047 HTTP/1.1" 200 8159
201.246.239.225 - - [07/Mar/2017:10:19:33 -0300] "GET /cormun/servlet/permisosingocelog?INS,27,0,NU, HTTP/1.1" 200 5688
201.246.239.225 - - [07/Mar/2017:10:19:33 -0300] "GET /cormun/servlet/permisosingocelog?b782b630dd6c7aba6cb8789027906ff4d9c777ed5b51c6965840796fcc733b8e7012df0a0e6d2c850857807072d32fe5,gx-no-cache=1488892850645 HTTP/1.1" 200 30
200.86.95.220 - - [07/Mar/2017:10:19:49 -0300] "GET /cormun/servlet/solicitudot?e7ec3574523e7dcfc50c13f3edd5edbe78a19246eacaee6f84339d7e2756f8861c4b3d85c7cd84234c5efea93c6c105a77c0963b3199c5905e3d29d755fa2a3c356d06f925c1c67f1cf19febded8f0fa2d36f6fc1d4579a181b8d886f0c55b62991ed999c584f84914acd9cbe86cb8ea019a1505632436705bb9b1f5fabc25a6652348361cfd040e29d9ac1f67c175346a49dbdb881e41bf465a74a66c7cdaafcf87822631925e62ea52a9886918be7e,gx-no-cache=1488892859863 HTTP/1.1" 200 30
200.86.95.220 - - [07/Mar/2017:10:20:09 -0300] "POST /cormun/servlet/solicitudot?a10d6bf1b886065dee18e6effbcf8a3f,INS,0,0,,gx-no-cache=1488892878993 HTTP/1.1" 200 93
200.86.95.220 - - [07/Mar/2017:10:20:09 -0300] "GET /cormun/servlet/hpexe_return? HTTP/1.1" 200 1004
200.86.95.220 - - [07/Mar/2017:10:20:09 -0300] "GET /cormun/servlet/trsolicitudot HTTP/1.1" 200 8483
200.86.95.220 - - [07/Mar/2017:10:20:10 -0300] "GET /cormun/servlet/trsolicitudot HTTP/1.1" 200 8480
201.246.239.225 - - [07/Mar/2017:10:20:17 -0300] "POST /cormun/servlet/permisosingocelog?31ce897e74a5b9d9ecb9721ee57c73fe,INS,27,0,NU,,gx-no-cache=1488892894139 HTTP/1.1" 200 93
201.246.239.225 - - [07/Mar/2017:10:20:17 -0300] "GET /cormun/servlet/hpexe_return? HTTP/1.1" 200 1028
201.246.239.225 - - [07/Mar/2017:10:20:17 -0300] "GET /cormun/servlet/trpermisosingoceautorizar HTTP/1.1" 200 6649
201.246.239.225 - - [07/Mar/2017:10:20:19 -0300] "GET /cormun/servlet/trpermisosingoceautorizar HTTP/1.1" 200 6648
201.246.239.225 - - [07/Mar/2017:10:20:29 -0300] "GET /cormun/servlet/trpermisosingoce? HTTP/1.1" 200 6800
200.86.95.220 - - [07/Mar/2017:10:20:29 -0300] "GET /cormun/servlet/solicitudot?INS,0,0, HTTP/1.1" 200 12564
201.246.239.225 - - [07/Mar/2017:10:20:30 -0300] "GET /cormun/servlet/trpermisosingoce? HTTP/1.1" 200 6800
200.86.95.220 - - [07/Mar/2017:10:20:31 -0300] "GET /cormun/servlet/solicitudot?INS,0,0, HTTP/1.1" 200 12569
201.246.239.225 - - [07/Mar/2017:10:20:33 -0300] "POST /cormun/servlet/trpermisosingoce?31ce897e74a5b9d9ecb9721ee57c73fe,,gx-no-cache=1488892910467 HTTP/1.1" 200 4089
201.246.239.225 - - [07/Mar/2017:10:20:36 -0300] "GET /cormun/servlet/permisosingoce?INS,0, HTTP/1.1" 200 6703
201.246.239.225 - - [07/Mar/2017:10:20:37 -0300] "GET /cormun/servlet/permisosingoce?INS,0, HTTP/1.1" 200 6703
200.86.95.220 - - [07/Mar/2017:10:20:38 -0300] "POST /cormun/servlet/solicitudot?gx-no-cache=1488892908848 HTTP/1.1" 200 3194
200.86.95.220 - - [07/Mar/2017:10:20:39 -0300] "POST /cormun/servlet/solicitudot?a10d6bf1b886065dee18e6effbcf8a3f,INS,0,0,,gx-no-cache=1488892909108 HTTP/1.1" 200 9761
186.103.156.24 - - [07/Mar/2017:10:20:39 -0300] "POST /cormun/servlet/trautorizarsolicitud?9e7d4c36c959c9fcdf5fe33a732610b1,,gx-no-cache=1488893060408 HTTP/1.1" 200 4154
200.86.95.220 - - [07/Mar/2017:10:20:43 -0300] "GET /cormun/servlet/solicitudot?e7ec3574523e7dcfc50c13f3edd5edbe49029e17f2303ba6e937cb7ee5ddb636b38b2eed91238702dbcc74d7010bdf26,gx-no-cache=1488892913319 HTTP/1.1" 200 30
200.86.95.220 - - [07/Mar/2017:10:20:43 -0300] "POST /cormun/servlet/solicitudot?gx-no-cache=1488892913442 HTTP/1.1" 200 240
200.86.95.220 - - [07/Mar/2017:10:20:43 -0300] "GET /cormun/servlet/solicitudot?e7ec3574523e7dcfc50c13f3edd5edbe60bc65c3cf26cd6f3715be01585042aad2f86013d52258b4fdac80852ab97b18a3967e5905524c6022656197c9564858498ec1d100e44f9d211ea25f6751cce2110d91fc23002613cc835d1d8409260d594dee1b17cf8613cc1fb5357cab0e84149167c1b5101a83ff8954fb454bc7c170ad371cc8270a30e18a089114789d198c1a52149f681726e7a8cb9436f05e00259d59d7fe754e8fde15ad8d04d65bf6a58cac59c8bf579a6f88e9b0b92d80a8d98dee909bdba0a5691abafe91f91f9ef2a41195f85bab8fbd79e760fd9a1e458ceaf3709a053322da5d4843f026eaa6b0143d5c9fc4b51ef61641476605b9863b4a2c8d74dae74d6b649285a137adfa8ccd2b88c6a724c2c3478db51e530bc9c445313cde34f850381c365799f81d3f3566db0775b72563a091f493f0b14e6718299a0ebd9c19c9f4572104cd30a38581f0bdee5bb7b832a1726ff0e4d37a81d27292e891b5ad4999aedf2b05eccc4ae1a858d29b321f165868646c2eeb03d3,gx-no-cache=1488892913523 HTTP/1.1" 200 30
186.103.156.24 - - [07/Mar/2017:10:20:44 -0300] "POST /cormun/servlet/trautorizarsolicitud?9e7d4c36c959c9fcdf5fe33a732610b1,,gx-no-cache=1488893065719 HTTP/1.1" 200 110
186.103.156.24 - - [07/Mar/2017:10:20:44 -0300] "POST /cormun/servlet/trautorizarsolicitud?9e7d4c36c959c9fcdf5fe33a732610b1,,gx-no-cache=1488893065881 HTTP/1.1" 200 4135
186.103.156.24 - - [07/Mar/2017:10:20:44 -0300] "GET /cormun/AutorizarSolicitud-2566.xls HTTP/1.1" 200 4608
201.246.239.225 - - [07/Mar/2017:10:20:48 -0300] "GET /cormun/servlet/prfichaempleado?,MD,,gxPopupLevel%3D0%3B HTTP/1.1" 200 8871
200.86.95.220 - - [07/Mar/2017:10:20:51 -0300] "POST /cormun/servlet/solicitudot?gx-no-cache=1488892921710 HTTP/1.1" 200 30
200.86.95.220 - - [07/Mar/2017:10:20:54 -0300] "GET /cormun/servlet/prcontratosol?15260589,,,,,MD,,gxPopupLevel%3D0%3B HTTP/1.1" 200 5589
201.246.239.225 - - [07/Mar/2017:10:20:59 -0300] "POST /cormun/servlet/prfichaempleado?31ce897e74a5b9d9ecb9721ee57c73fe,,MD,,gxPopupLevel%3D0%3B,gx-no-cache=1488892936479 HTTP/1.1" 200 3407
200.86.95.220 - - [07/Mar/2017:10:21:19 -0300] "POST /cormun/servlet/solicitudot?gx-no-cache=1488892949341 HTTP/1.1" 200 296
200.86.95.220 - - [07/Mar/2017:10:21:19 -0300] "GET /cormun/static/Shared/jqueryui/images/ui-bg_highlight-soft_100_c6c2c8_1x100.png HTTP/1.1" 404 1117
200.86.95.220 - - [07/Mar/2017:10:21:19 -0300] "GET /cormun/static/Shared/jqueryui/images/ui-bg_flat_55_994d53_40x100.png HTTP/1.1" 404 1097
200.86.95.220 - - [07/Mar/2017:10:21:19 -0300] "GET /cormun/static/Shared/jqueryui/images/ui-icons_82798d_256x240.png HTTP/1.1" 404 1089
200.86.95.220 - - [07/Mar/2017:10:21:19 -0300] "GET /cormun/static/Shared/jqueryui/images/ui-icons_ebccce_256x240.png HTTP/1.1" 404 1089
200.86.95.220 - - [07/Mar/2017:10:21:19 -0300] "POST /cormun/servlet/solicitudot?gx-no-cache=1488892949590 HTTP/1.1" 200 117
200.86.95.220 - - [07/Mar/2017:10:21:19 -0300] "GET /cormun/servlet/solicitudot?e7ec3574523e7dcfc50c13f3edd5edbee6b67e19409b9cd026a47194c2a94065d305d2a33e6b537f3af6437dac9b06fe99db8ab68e440f875842be0bff3aad7ee896b56b1972495d41a3b5e59765962fbb476a0434d69f2ee43fb83a5bdb112999b8f7a58b1ff982861027c20d9f19072a9fc4882a26ba74ab5b882d9eb69f78e739f399d4d3c84771b6e9be7f8596bc6692f184773b55ec7cbed512f682a54c56d291f14beac4d753a5eee8e613a1fe053f6a221fa5eee5130ef4b34b7fb0b91e4f973a9ad6446ffcf0c2aa1debc017,gx-no-cache=1488892949731 HTTP/1.1" 200 29
200.86.95.220 - - [07/Mar/2017:10:21:19 -0300] "GET /cormun/servlet/solicitudot?e7ec3574523e7dcfc50c13f3edd5edbe9b1c9a71129146a3c6268a96aaf505cb75dbe56d015f932527fdda379062d54dfb3b3227d98ef41940f1f6c7ec9eefbab852855a185c554cb3c854457b9e5018d39db31f2eea920af42c40170e21f6cbce4afae76d6dc2f45805423068ebd8103038867d51c80cab7b1266244f8374a835bdfea06a075b3bbeffebaf63865f5082deaeffcd3352e31dd6fa7f432a0827,gx-no-cache=1488892949796 HTTP/1.1" 200 57
200.86.95.220 - - [07/Mar/2017:10:21:19 -0300] "GET /cormun/servlet/solicitudot?e7ec3574523e7dcfc50c13f3edd5edbe944841db2dc864ad6f3657a5b491125375dbe56d015f932527fdda379062d54dfb3b3227d98ef41940f1f6c7ec9eefba4c07461f90d240a5de61e83d6323aea7d856dd3ca43a7c0eb9198062865ee192afbd55d12993e8cb76fea4ce232144db7fa221cf2f22e5c484b0a584409f50eb,gx-no-cache=1488892949871 HTTP/1.1" 200 57
200.86.95.220 - - [07/Mar/2017:10:21:21 -0300] "GET /cormun/servlet/prsolicitudot?15260589,,,,,MD,,gxPopupLevel%3D0%3B HTTP/1.1" 200 5961
200.86.95.220 - - [07/Mar/2017:10:21:21 -0300] "GET /cormun/static/gxcfg.js?20161221854215 HTTP/1.1" 304 -
200.86.95.220 - - [07/Mar/2017:10:21:21 -0300] "GET /cormun/static/prsolicitudot.js?201612218542259 HTTP/1.1" 304 -
200.86.95.220 - - [07/Mar/2017:10:21:36 -0300] "POST /cormun/servlet/solicitudot?gx-no-cache=1488892966713 HTTP/1.1" 200 296
200.86.95.220 - - [07/Mar/2017:10:21:36 -0300] "POST /cormun/servlet/solicitudot?gx-no-cache=1488892966814 HTTP/1.1" 200 117
200.86.95.220 - - [07/Mar/2017:10:21:36 -0300] "GET /cormun/servlet/solicitudot?e7ec3574523e7dcfc50c13f3edd5edbe9b1c9a71129146a3c6268a96aaf505cb75dbe56d015f932527fdda379062d54dfb3b3227d98ef41940f1f6c7ec9eefbab852855a185c554cb3c854457b9e5018d39db31f2eea920af42c40170e21f6cbce4afae76d6dc2f45805423068ebd8103038867d51c80cab7b1266244f8374a835bdfea06a075b3bbeffebaf63865f5082deaeffcd3352e31dd6fa7f432a0827,gx-no-cache=1488892966915 HTTP/1.1" 200 57
200.86.95.220 - - [07/Mar/2017:10:21:36 -0300] "GET /cormun/servlet/solicitudot?e7ec3574523e7dcfc50c13f3edd5edbe944841db2dc864ad6f3657a5b491125375dbe56d015f932527fdda379062d54dfb3b3227d98ef41940f1f6c7ec9eefba4c07461f90d240a5de61e83d6323aea7d856dd3ca43a7c0eb9198062865ee192afbd55d12993e8cb76fea4ce232144db7fa221cf2f22e5c484b0a584409f50eb,gx-no-cache=1488892966964 HTTP/1.1" 200 57
201.246.239.225 - - [07/Mar/2017:10:21:51 -0300] "GET /cormun/servlet/permisosingoce?b782b630dd6c7aba6cb8789027906ff4397ceed99fea0eeb00ebd2fb2e9889df0f9b49e18c00c6525dc00403153d26d3,gx-no-cache=1488892988337 HTTP/1.1" 200 69
201.246.239.225 - - [07/Mar/2017:10:21:51 -0300] "GET /cormun/static/menuarrow.gif HTTP/1.1" 404 1015
201.246.239.225 - - [07/Mar/2017:10:22:05 -0300] "GET /cormun/servlet/permisosingoce?b782b630dd6c7aba6cb8789027906ff419872f353dfae6896d86495f1466ea8adcbafe3714776f40d8e16c38f9d0fca9,gx-no-cache=1488893002791 HTTP/1.1" 200 33
201.246.239.225 - - [07/Mar/2017:10:22:14 -0300] "GET /cormun/servlet/permisosingoce?b782b630dd6c7aba6cb8789027906ff495a0a9ecefac6c97b3306abede2fe167a5e327b400e368491975b38bf569ae866f06d7bdf97947771bba78bf8edf13f6c11268c6b62a2e8ab36a85c416c9716ebd73641da3dce0857d25a0e30e6ea71615d4d60cdd84b31067ff01ddfdf6898ac22b54f426eb0e4f18ad95814639316a63c209ffd611e39c30c82e8059a475368f2d9e62c504e7dd2a7e701a64f3006f,gx-no-cache=1488893011201 HTTP/1.1" 200 117
201.246.239.225 - - [07/Mar/2017:10:22:14 -0300] "GET /cormun/static/Shared/jqueryui/images/ui-bg_highlight-soft_100_c6c2c8_1x100.png HTTP/1.1" 404 1117
201.246.239.225 - - [07/Mar/2017:10:22:14 -0300] "GET /cormun/static/Shared/jqueryui/images/ui-icons_82798d_256x240.png HTTP/1.1" 404 1089
201.246.239.225 - - [07/Mar/2017:10:22:14 -0300] "GET /cormun/static/Shared/jqueryui/images/ui-bg_flat_55_994d53_40x100.png HTTP/1.1" 404 1097
201.246.239.225 - - [07/Mar/2017:10:22:14 -0300] "GET /cormun/static/Shared/jqueryui/images/ui-icons_ebccce_256x240.png HTTP/1.1" 404 1089
201.246.239.225 - - [07/Mar/2017:10:22:29 -0300] "GET /cormun/servlet/permisosingoce?b782b630dd6c7aba6cb8789027906ff495a0a9ecefac6c97b3306abede2fe167a5e327b400e368491975b38bf569ae866f06d7bdf97947771bba78bf8edf13f6c11268c6b62a2e8ab36a85c416c9716ebd73641da3dce0857d25a0e30e6ea71615d4d60cdd84b31067ff01ddfdf6898ac22b54f426eb0e4f18ad95814639316a5cccbf6d8c0fb492c1c15f829c52cb453f142542cb6e0e63b8e5108dd4a5f6be,gx-no-cache=1488893026364 HTTP/1.1" 200 41
201.246.239.225 - - [07/Mar/2017:10:23:04 -0300] "GET /cormun/servlet/permisosingoce?b782b630dd6c7aba6cb8789027906ff495a0a9ecefac6c97b3306abede2fe167a5e327b400e368491975b38bf569ae866f06d7bdf97947771bba78bf8edf13f6c11268c6b62a2e8ab36a85c416c9716ebd73641da3dce0857d25a0e30e6ea71615d4d60cdd84b31067ff01ddfdf6898ac22b54f426eb0e4f18ad95814639316a63c209ffd611e39c30c82e8059a47536a6fcc328f8961b7dae5334a915bc1478,gx-no-cache=1488893061534 HTTP/1.1" 200 117
201.246.239.225 - - [07/Mar/2017:10:23:52 -0300] "GET /cormun/servlet/permisosingoce?b782b630dd6c7aba6cb8789027906ff495a0a9ecefac6c97b3306abede2fe167a5e327b400e368491975b38bf569ae866f06d7bdf97947771bba78bf8edf13f6c11268c6b62a2e8ab36a85c416c9716ebd73641da3dce0857d25a0e30e6ea71615d4d60cdd84b31067ff01ddfdf6898ac22b54f426eb0e4f18ad95814639316a5b2d2a2c698d769d282a52dc7df89453ca380e4cf225bf2054ec8e71cf7f53c3,gx-no-cache=1488893109405 HTTP/1.1" 200 41
192.168.10.96 - - [07/Mar/2017:10:23:59 -0300] "GET /cormun/servlet/hlogin HTTP/1.1" 200 1713
192.168.10.96 - - [07/Mar/2017:10:24:00 -0300] "GET /cormun/servlet/hlogin HTTP/1.1" 200 1724
192.168.10.96 - - [07/Mar/2017:10:24:09 -0300] "POST /cormun/servlet/hlogin?51830887db833f80d86767ae991f8bc2,gx-no-cache=1488896333699 HTTP/1.1" 200 90
192.168.10.96 - - [07/Mar/2017:10:24:09 -0300] "GET /cormun/servlet/hpexe_link HTTP/1.1" 200 951
192.168.10.96 - - [07/Mar/2017:10:24:09 -0300] "GET /cormun/servlet/hhome HTTP/1.1" 200 4119
192.168.10.96 - - [07/Mar/2017:10:24:10 -0300] "GET /cormun/servlet/hhome HTTP/1.1" 200 4116
192.168.10.96 - - [07/Mar/2017:10:24:16 -0300] "GET /cormun/servlet/trsolicitudgral? HTTP/1.1" 200 24493
192.168.10.96 - - [07/Mar/2017:10:24:19 -0300] "GET /cormun/servlet/trsolicitudgral? HTTP/1.1" 200 24490
201.246.239.225 - - [07/Mar/2017:10:24:24 -0300] "GET /cormun/servlet/permisosingoce?b782b630dd6c7aba6cb8789027906ff495a0a9ecefac6c97b3306abede2fe167a5e327b400e368491975b38bf569ae866f06d7bdf97947771bba78bf8edf13f6c11268c6b62a2e8ab36a85c416c9716ebd73641da3dce0857d25a0e30e6ea71615d4d60cdd84b31067ff01ddfdf6898ac22b54f426eb0e4f18ad95814639316a6136ccc5358305777a54b3650e2bdc8d4f831b34edd465d588b5babd793b142d,gx-no-cache=1488893141728 HTTP/1.1" 200 41
201.246.239.225 - - [07/Mar/2017:10:24:52 -0300] "POST /cormun/servlet/permisosingoce?31ce897e74a5b9d9ecb9721ee57c73fe,INS,0,,gx-no-cache=1488893169269 HTTP/1.1" 200 93
201.246.239.225 - - [07/Mar/2017:10:24:52 -0300] "GET /cormun/servlet/hpexe_return? HTTP/1.1" 200 1014
201.246.239.225 - - [07/Mar/2017:10:24:53 -0300] "GET /cormun/servlet/trpermisosingoce? HTTP/1.1" 200 7620
201.246.239.225 - - [07/Mar/2017:10:24:54 -0300] "GET /cormun/servlet/trpermisosingoce? HTTP/1.1" 200 7616
200.86.95.220 - - [07/Mar/2017:10:25:19 -0300] "POST /cormun/servlet/solicitudot?gx-no-cache=1488893189547 HTTP/1.1" 200 30
201.246.239.225 - - [07/Mar/2017:10:25:24 -0300] "GET /cormun/servlet/apermisosingoceprn?28,PU HTTP/1.1" 200 1661
200.86.95.220 - - [07/Mar/2017:10:25:44 -0300] "GET /cormun/servlet/prfichaempleado?,MD,,gxPopupLevel%3D0%3B HTTP/1.1" 200 8824
200.86.95.220 - - [07/Mar/2017:10:25:44 -0300] "GET /cormun/static/gxcfg.js?2016102420561687 HTTP/1.1" 200 953
200.86.95.220 - - [07/Mar/2017:10:25:44 -0300] "GET /cormun/static/prfichaempleado.js?201610242056198 HTTP/1.1" 200 16015
200.86.95.220 - - [07/Mar/2017:10:25:59 -0300] "POST /cormun/servlet/prfichaempleado?a10d6bf1b886065dee18e6effbcf8a3f,,MD,,gxPopupLevel%3D0%3B,gx-no-cache=1488893229328 HTTP/1.1" 200 3451
200.86.95.220 - - [07/Mar/2017:10:26:04 -0300] "GET /cormun/servlet/prlicenciaspermisos?15125128,L,,MD,,gxPopupLevel%3D0%3B HTTP/1.1" 200 5551
200.86.95.220 - - [07/Mar/2017:10:26:04 -0300] "GET /cormun/static/gxcfg.js?2016122619302491 HTTP/1.1" 200 953
200.86.95.220 - - [07/Mar/2017:10:26:04 -0300] "GET /cormun/static/prlicenciaspermisos.js?2016122619302645 HTTP/1.1" 200 13363
200.86.95.220 - - [07/Mar/2017:10:26:10 -0300] "POST /cormun/servlet/solicitudot?gx-no-cache=1488893240760 HTTP/1.1" 200 1292
200.86.95.220 - - [07/Mar/2017:10:26:14 -0300] "POST /cormun/servlet/solicitudot?gx-no-cache=1488893244373 HTTP/1.1" 200 41
192.168.10.62 - - [07/Mar/2017:10:26:55 -0300] "POST /cormun/servlet/trsolicitudgral?3040e2020e1131507b6e9e5d3952fb22,gx-no-cache=1488894270618,gx-no-cache=1488896500313 HTTP/1.1" 440 972
192.168.10.62 - - [07/Mar/2017:10:26:58 -0300] "GET /cormun/servlet/trsolicitudgral?gx-no-cache=1488894270618 HTTP/1.1" 200 23506
192.168.10.62 - - [07/Mar/2017:10:26:59 -0300] "GET /cormun/servlet/hlogin HTTP/1.1" 200 1757
192.168.10.62 - - [07/Mar/2017:10:27:01 -0300] "GET /cormun/servlet/trsolicitudgral?gx-no-cache=1488894270618 HTTP/1.1" 200 23506
192.168.10.62 - - [07/Mar/2017:10:27:02 -0300] "GET /cormun/servlet/hlogin HTTP/1.1" 200 1718
192.168.10.62 - - [07/Mar/2017:10:27:11 -0300] "POST /cormun/servlet/hlogin?b509bfd99a8adb7301b81745c063b57f,gx-no-cache=1488896515417 HTTP/1.1" 200 90
192.168.10.62 - - [07/Mar/2017:10:27:11 -0300] "GET /cormun/servlet/hpexe_link HTTP/1.1" 200 981
192.168.10.62 - - [07/Mar/2017:10:27:12 -0300] "GET /cormun/servlet/trsolicitudgral?gx-no-cache=1488894270618 HTTP/1.1" 200 24052
192.168.10.62 - - [07/Mar/2017:10:27:13 -0300] "GET /cormun/servlet/trsolicitudgral?gx-no-cache=1488894270618 HTTP/1.1" 200 24072
192.168.10.96 - - [07/Mar/2017:10:27:17 -0300] "GET /cormun/servlet/trsolicitudgral? HTTP/1.1" 200 24490
192.168.10.96 - - [07/Mar/2017:10:27:19 -0300] "GET /cormun/servlet/trsolicitudgral? HTTP/1.1" 200 24490
192.168.10.62 - - [07/Mar/2017:10:28:05 -0300] "GET /cormun/static/menuarrow.gif HTTP/1.1" 404 1015
200.86.95.220 - - [07/Mar/2017:10:28:26 -0300] "POST /cormun/servlet/solicitudot?gx-no-cache=1488893375666 HTTP/1.1" 200 1275
200.86.95.220 - - [07/Mar/2017:10:28:26 -0300] "POST /cormun/servlet/solicitudot?gx-no-cache=1488893376212 HTTP/1.1" 200 1157
200.86.95.220 - - [07/Mar/2017:10:28:26 -0300] "GET /cormun/static/menuarrow.gif HTTP/1.1" 404 1015
200.86.95.220 - - [07/Mar/2017:10:28:28 -0300] "POST /cormun/servlet/solicitudot?gx-no-cache=1488893378013 HTTP/1.1" 200 1275
200.86.95.220 - - [07/Mar/2017:10:28:28 -0300] "POST /cormun/servlet/solicitudot?gx-no-cache=1488893378113 HTTP/1.1" 200 1157
200.86.95.220 - - [07/Mar/2017:10:28:43 -0300] "GET /cormun/servlet/solicitudot?e7ec3574523e7dcfc50c13f3edd5edbeb1d83ed80d5ec355db620f5f82ad8dbb0b37af4237b67d2ce14850affaa2639417c202a8047261b1c6443f5826bf79bd3bee67d9da22e7e198b4e68ab011307c35bdfea06a075b3bbeffebaf63865f50b5e00d5039e92b8b266a3a05a93969c417f712a53b5bc6254d0883e703b43bb9ba5d5f3b201c9158416bbe9ccf6603823d7cdc60426eac968f34068f080d0cae7584ce37041624f747ec53be7902e141e0c5d9f85d201cf8752acf0a64bd721c,gx-no-cache=1488893393264 HTTP/1.1" 200 30
200.86.95.220 - - [07/Mar/2017:10:28:54 -0300] "POST /cormun/servlet/solicitudot?a10d6bf1b886065dee18e6effbcf8a3f,INS,0,0,,gx-no-cache=1488893404201 HTTP/1.1" 200 93
200.86.95.220 - - [07/Mar/2017:10:28:54 -0300] "GET /cormun/servlet/hpexe_return? HTTP/1.1" 200 1004
200.86.95.220 - - [07/Mar/2017:10:28:54 -0300] "GET /cormun/servlet/trsolicitudot HTTP/1.1" 200 8927
200.86.95.220 - - [07/Mar/2017:10:28:56 -0300] "GET /cormun/servlet/trsolicitudot HTTP/1.1" 200 8924
192.168.10.89 - - [07/Mar/2017:10:28:57 -0300] "POST /cormun/servlet/trsolicitudgral?7d95e2256ba85ce650c218c33c093362,,gx-no-cache=1488896621646 HTTP/1.1" 200 105
192.168.10.89 - - [07/Mar/2017:10:28:57 -0300] "GET /cormun/SolicitudGral-7767.xls HTTP/1.1" 200 34304
192.168.10.89 - - [07/Mar/2017:10:29:00 -0300] "OPTIONS /cormun/ HTTP/1.1" 200 -
192.168.10.89 - - [07/Mar/2017:10:29:00 -0300] "HEAD /cormun/SolicitudGral-7767.xls HTTP/1.1" 200 -
192.168.10.89 - - [07/Mar/2017:10:29:00 -0300] "OPTIONS /cormun HTTP/1.1" 302 -
192.168.10.89 - - [07/Mar/2017:10:29:00 -0300] "OPTIONS /cormun/ HTTP/1.1" 200 -
192.168.10.89 - - [07/Mar/2017:10:29:00 -0300] "PROPFIND /cormun HTTP/1.1" 302 -
192.168.10.89 - - [07/Mar/2017:10:29:00 -0300] "PROPFIND /cormun/ HTTP/1.1" 501 1141
192.168.10.89 - - [07/Mar/2017:10:29:01 -0300] "PROPFIND /cormun HTTP/1.1" 302 -
192.168.10.89 - - [07/Mar/2017:10:29:01 -0300] "PROPFIND /cormun/ HTTP/1.1" 501 1141
192.168.10.89 - - [07/Mar/2017:10:29:01 -0300] "HEAD /cormun/SolicitudGral-7767.xls HTTP/1.1" 200 -
192.168.10.89 - - [07/Mar/2017:10:29:01 -0300] "PROPFIND / HTTP/1.1" 200 11217
192.168.10.89 - - [07/Mar/2017:10:29:01 -0300] "PROPFIND / HTTP/1.1" 200 11217
192.168.10.62 - - [07/Mar/2017:10:29:03 -0300] "GET /cormun/servlet/hlogin HTTP/1.1" 200 1757
192.168.10.89 - - [07/Mar/2017:10:29:04 -0300] "PROPFIND /cormun HTTP/1.1" 302 -
192.168.10.89 - - [07/Mar/2017:10:29:04 -0300] "PROPFIND /cormun/ HTTP/1.1" 501 1141
192.168.10.89 - - [07/Mar/2017:10:29:05 -0300] "PROPFIND /cormun HTTP/1.1" 302 -
192.168.10.89 - - [07/Mar/2017:10:29:05 -0300] "PROPFIND /cormun/ HTTP/1.1" 501 1141
192.168.10.89 - - [07/Mar/2017:10:29:05 -0300] "GET /cormun/SolicitudGral-7767.xls HTTP/1.1" 200 34304
192.168.10.89 - - [07/Mar/2017:10:29:05 -0300] "HEAD /cormun/SolicitudGral-7767.xls HTTP/1.1" 200 -
192.168.10.62 - - [07/Mar/2017:10:29:20 -0300] "POST /cormun/servlet/hlogin?b509bfd99a8adb7301b81745c063b57f,gx-no-cache=1488896645041 HTTP/1.1" 200 90
192.168.10.62 - - [07/Mar/2017:10:29:20 -0300] "GET /cormun/servlet/hpexe_link HTTP/1.1" 200 981
200.86.95.220 - - [07/Mar/2017:10:29:21 -0300] "GET /cormun/servlet/solicitudot?INS,0,0, HTTP/1.1" 200 12564
192.168.10.62 - - [07/Mar/2017:10:29:21 -0300] "GET /cormun/servlet/trsolicitudgral?gx-no-cache=1488894270618 HTTP/1.1" 200 24052
192.168.10.62 - - [07/Mar/2017:10:29:22 -0300] "GET /cormun/servlet/trsolicitudgral?gx-no-cache=1488894270618 HTTP/1.1" 200 24072
200.86.95.220 - - [07/Mar/2017:10:29:23 -0300] "GET /cormun/servlet/solicitudot?INS,0,0, HTTP/1.1" 200 12569
192.168.10.62 - - [07/Mar/2017:10:29:25 -0300] "GET /cormun/static/menuarrow.gif HTTP/1.1" 404 1015
200.86.95.220 - - [07/Mar/2017:10:29:30 -0300] "POST /cormun/servlet/solicitudot?gx-no-cache=1488893440650 HTTP/1.1" 200 3194
200.86.95.220 - - [07/Mar/2017:10:29:30 -0300] "POST /cormun/servlet/solicitudot?a10d6bf1b886065dee18e6effbcf8a3f,INS,0,0,,gx-no-cache=1488893440932 HTTP/1.1" 200 9761
200.86.95.220 - - [07/Mar/2017:10:29:36 -0300] "GET /cormun/servlet/solicitudot?e7ec3574523e7dcfc50c13f3edd5edbe49029e17f2303ba6e937cb7ee5ddb636b38b2eed91238702dbcc74d7010bdf26,gx-no-cache=1488893446324 HTTP/1.1" 200 30
200.86.95.220 - - [07/Mar/2017:10:29:36 -0300] "POST /cormun/servlet/solicitudot?gx-no-cache=1488893446425 HTTP/1.1" 200 240
200.86.95.220 - - [07/Mar/2017:10:29:36 -0300] "GET /cormun/servlet/solicitudot?e7ec3574523e7dcfc50c13f3edd5edbe60bc65c3cf26cd6f3715be01585042aad2f86013d52258b4fdac80852ab97b18a3967e5905524c6022656197c9564858498ec1d100e44f9d211ea25f6751cce2110d91fc23002613cc835d1d8409260d594dee1b17cf8613cc1fb5357cab0e84149167c1b5101a83ff8954fb454bc7c170ad371cc8270a30e18a089114789d198c1a52149f681726e7a8cb9436f05e00259d59d7fe754e8fde15ad8d04d65bf6a58cac59c8bf579a6f88e9b0b92d80a8d98dee909bdba0a5691abafe91f91f9ef2a41195f85bab8fbd79e760fd9a1e458ceaf3709a053322da5d4843f026eaa6b0143d5c9fc4b51ef61641476605b9863b4a2c8d74dae74d6b649285a137adfa8ccd2b88c6a724c2c3478db51e530bc9c445313cde34f850381c365799f81d3f3566db0775b72563a091f493f0b14e6718299a0ebd9c19c9f4572104cd30a38581f0bdee5bb7b832a1726ff0e4d37a81d27292e891b5ad4999aedf2b05eccc4ae1a858d29b321f165868646c2eeb03d3,gx-no-cache=1488893446482 HTTP/1.1" 200 30
200.86.95.220 - - [07/Mar/2017:10:29:38 -0300] "POST /cormun/servlet/solicitudot?gx-no-cache=1488893448224 HTTP/1.1" 200 30
200.86.95.220 - - [07/Mar/2017:10:29:43 -0300] "GET /cormun/servlet/prsolicitudot?15260589,,,,,MD,,gxPopupLevel%3D0%3B HTTP/1.1" 200 6045
192.168.10.62 - - [07/Mar/2017:10:29:45 -0300] "POST /cormun/servlet/trsolicitudgral?b509bfd99a8adb7301b81745c063b57f,gx-no-cache=1488894270618,gx-no-cache=1488896669459 HTTP/1.1" 200 6034
200.86.95.220 - - [07/Mar/2017:10:29:52 -0300] "POST /cormun/servlet/solicitudot?gx-no-cache=1488893462240 HTTP/1.1" 200 296
200.86.95.220 - - [07/Mar/2017:10:29:52 -0300] "GET /cormun/static/Shared/jqueryui/images/ui-bg_highlight-soft_100_c6c2c8_1x100.png HTTP/1.1" 404 1117
200.86.95.220 - - [07/Mar/2017:10:29:52 -0300] "GET /cormun/static/Shared/jqueryui/images/ui-icons_82798d_256x240.png HTTP/1.1" 404 1089
200.86.95.220 - - [07/Mar/2017:10:29:52 -0300] "GET /cormun/static/Shared/jqueryui/images/ui-bg_flat_55_994d53_40x100.png HTTP/1.1" 404 1097
200.86.95.220 - - [07/Mar/2017:10:29:52 -0300] "GET /cormun/static/Shared/jqueryui/images/ui-icons_ebccce_256x240.png HTTP/1.1" 404 1089
200.86.95.220 - - [07/Mar/2017:10:29:52 -0300] "POST /cormun/servlet/solicitudot?gx-no-cache=1488893462346 HTTP/1.1" 200 117
200.86.95.220 - - [07/Mar/2017:10:29:52 -0300] "GET /cormun/servlet/solicitudot?e7ec3574523e7dcfc50c13f3edd5edbee6b67e19409b9cd026a47194c2a94065d305d2a33e6b537f3af6437dac9b06fe99db8ab68e440f875842be0bff3aad7ee896b56b1972495d41a3b5e59765962fbb476a0434d69f2ee43fb83a5bdb112999b8f7a58b1ff982861027c20d9f19072a9fc4882a26ba74ab5b882d9eb69f78e739f399d4d3c84771b6e9be7f8596bc6692f184773b55ec7cbed512f682a54c56d291f14beac4d753a5eee8e613a1fe053f6a221fa5eee5130ef4b34b7fb0b91e4f973a9ad6446ffcf0c2aa1debc017,gx-no-cache=1488893462447 HTTP/1.1" 200 29
200.86.95.220 - - [07/Mar/2017:10:29:52 -0300] "GET /cormun/servlet/solicitudot?e7ec3574523e7dcfc50c13f3edd5edbe9b1c9a71129146a3c6268a96aaf505cb75dbe56d015f932527fdda379062d54dfb3b3227d98ef41940f1f6c7ec9eefbab852855a185c554cb3c854457b9e5018d39db31f2eea920af42c40170e21f6cbce4afae76d6dc2f45805423068ebd8103038867d51c80cab7b1266244f8374a835bdfea06a075b3bbeffebaf63865f5082deaeffcd3352e31dd6fa7f432a0827,gx-no-cache=1488893462492 HTTP/1.1" 200 57
200.86.95.220 - - [07/Mar/2017:10:29:52 -0300] "GET /cormun/servlet/solicitudot?e7ec3574523e7dcfc50c13f3edd5edbe944841db2dc864ad6f3657a5b491125375dbe56d015f932527fdda379062d54dfb3b3227d98ef41940f1f6c7ec9eefba4c07461f90d240a5de61e83d6323aea7d856dd3ca43a7c0eb9198062865ee192afbd55d12993e8cb76fea4ce232144db7fa221cf2f22e5c484b0a584409f50eb,gx-no-cache=1488893462555 HTTP/1.1" 200 57
200.86.95.220 - - [07/Mar/2017:10:30:06 -0300] "GET /cormun/servlet/prfichaempleado?,MD,,gxPopupLevel%3D0%3B HTTP/1.1" 200 8824
200.86.95.220 - - [07/Mar/2017:10:30:29 -0300] "POST /cormun/servlet/solicitudot?gx-no-cache=1488893499546 HTTP/1.1" 200 1292
200.86.95.220 - - [07/Mar/2017:10:30:51 -0300] "POST /cormun/servlet/solicitudot?gx-no-cache=1488893521966 HTTP/1.1" 200 41
200.86.95.220 - - [07/Mar/2017:10:31:05 -0300] "POST /cormun/servlet/solicitudot?gx-no-cache=1488893535808 HTTP/1.1" 200 1274
200.86.95.220 - - [07/Mar/2017:10:31:05 -0300] "POST /cormun/servlet/solicitudot?gx-no-cache=1488893535928 HTTP/1.1" 200 1157
200.86.95.220 - - [07/Mar/2017:10:31:06 -0300] "GET /cormun/servlet/solicitudot?e7ec3574523e7dcfc50c13f3edd5edbeb1d83ed80d5ec355db620f5f82ad8dbb7c7c9e1ee95cf590c0216db1c30d4ee917c202a8047261b1c6443f5826bf79bd3bee67d9da22e7e198b4e68ab011307c35bdfea06a075b3bbeffebaf63865f50b5e00d5039e92b8b266a3a05a93969c417f712a53b5bc6254d0883e703b43bb9ba5d5f3b201c9158416bbe9ccf6603823d7cdc60426eac968f34068f080d0cae7584ce37041624f747ec53be7902e141e0c5d9f85d201cf8752acf0a64bd721c,gx-no-cache=1488893536056 HTTP/1.1" 200 30
200.86.95.220 - - [07/Mar/2017:10:31:18 -0300] "POST /cormun/servlet/solicitudot?a10d6bf1b886065dee18e6effbcf8a3f,INS,0,0,,gx-no-cache=1488893548191 HTTP/1.1" 200 93
200.86.95.220 - - [07/Mar/2017:10:31:18 -0300] "GET /cormun/servlet/hpexe_return? HTTP/1.1" 200 1004
200.86.95.220 - - [07/Mar/2017:10:31:18 -0300] "GET /cormun/servlet/trsolicitudot HTTP/1.1" 200 9180
200.86.95.220 - - [07/Mar/2017:10:31:20 -0300] "GET /cormun/servlet/trsolicitudot HTTP/1.1" 200 9175
192.168.10.62 - - [07/Mar/2017:10:31:40 -0300] "POST /cormun/servlet/trsolicitudgral?b509bfd99a8adb7301b81745c063b57f,gx-no-cache=1488894270618,gx-no-cache=1488896785247 HTTP/1.1" 200 105
192.168.10.62 - - [07/Mar/2017:10:31:41 -0300] "POST /cormun/servlet/trsolicitudgral?b509bfd99a8adb7301b81745c063b57f,gx-no-cache=1488894270618,gx-no-cache=1488896785344 HTTP/1.1" 200 6016
192.168.10.62 - - [07/Mar/2017:10:31:41 -0300] "GET /cormun/SolicitudGral-4794.xls HTTP/1.1" 200 5632
200.86.95.220 - - [07/Mar/2017:10:31:48 -0300] "GET /cormun/servlet/solicitudot?INS,0,0, HTTP/1.1" 200 12564
200.86.95.220 - - [07/Mar/2017:10:31:50 -0300] "GET /cormun/servlet/solicitudot?INS,0,0, HTTP/1.1" 200 12569
186.79.36.72 - - [07/Mar/2017:10:32:45 -0300] "GET /cormun/servlet/hlogin HTTP/1.1" 200 1717
186.79.36.72 - - [07/Mar/2017:10:33:04 -0300] "POST /cormun/servlet/hlogin?9dd3c0562f429a319ab5b2da32ec4005,gx-no-cache=1488893654671 HTTP/1.1" 200 90
186.79.36.72 - - [07/Mar/2017:10:33:04 -0300] "GET /cormun/servlet/hpexe_link HTTP/1.1" 200 954
186.79.36.72 - - [07/Mar/2017:10:33:04 -0300] "GET /cormun/servlet/hhome HTTP/1.1" 200 3927
186.79.36.72 - - [07/Mar/2017:10:33:05 -0300] "GET /cormun/servlet/hhome HTTP/1.1" 200 3924
186.79.36.72 - - [07/Mar/2017:10:33:05 -0300] "GET /cormun/static/SmoothNavMenu/resources/images/right.gif HTTP/1.1" 200 860
186.79.36.72 - - [07/Mar/2017:10:35:39 -0300] "GET /cormun/servlet/trcontratounov2? HTTP/1.1" 200 16578
186.79.36.72 - - [07/Mar/2017:10:35:39 -0300] "GET /cormun/static/gxcfg.js?201612281114880 HTTP/1.1" 200 953
186.79.36.72 - - [07/Mar/2017:10:35:39 -0300] "GET /cormun/static/trcontratounov2.js?2016122811141421 HTTP/1.1" 200 38423
186.79.36.72 - - [07/Mar/2017:10:35:40 -0300] "GET /cormun/static/Resources/PXToolsAddSelectedAction.png HTTP/1.1" 200 3660
186.79.36.72 - - [07/Mar/2017:10:35:40 -0300] "GET /cormun//static/Resources/PXToolsActionDisabled.gif HTTP/1.1" 200 53
186.79.36.72 - - [07/Mar/2017:10:35:40 -0300] "GET /cormun/servlet/trcontratounov2? HTTP/1.1" 200 16590
201.246.239.225 - - [07/Mar/2017:10:36:08 -0300] "GET /cormun/servlet/trpermisosingoceadjunto?28,13946018, HTTP/1.1" 200 6100
201.246.239.225 - - [07/Mar/2017:10:36:08 -0300] "GET /cormun/static/gxcfg.js?2016101716221623 HTTP/1.1" 200 953
201.246.239.225 - - [07/Mar/2017:10:36:08 -0300] "GET /cormun/static/trpermisosingoceadjunto.js?2016101716221846 HTTP/1.1" 200 16824
201.246.239.225 - - [07/Mar/2017:10:36:10 -0300] "GET /cormun/servlet/trpermisosingoceadjunto?28,13946018, HTTP/1.1" 200 6100
201.246.239.225 - - [07/Mar/2017:10:36:11 -0300] "POST /cormun/servlet/acontrolpreferencessavestate?None,ELOBOS,true HTTP/1.1" 200 35
201.246.239.225 - - [07/Mar/2017:10:36:12 -0300] "GET /cormun/servlet/permisosingoceadjunto?INS,28,, HTTP/1.1" 200 5484
201.246.239.225 - - [07/Mar/2017:10:36:12 -0300] "GET /cormun/static/gxcfg.js?201612218485893 HTTP/1.1" 200 953
201.246.239.225 - - [07/Mar/2017:10:36:12 -0300] "GET /cormun/static/permisosingoceadjunto.js?20161221848591 HTTP/1.1" 200 6939
201.246.239.225 - - [07/Mar/2017:10:36:12 -0300] "GET /cormun/static/about:blank HTTP/1.1" 404 1011
201.246.239.225 - - [07/Mar/2017:10:36:13 -0300] "GET /cormun/servlet/permisosingoceadjunto?INS,28,, HTTP/1.1" 200 5471
201.246.239.225 - - [07/Mar/2017:10:36:14 -0300] "GET /cormun/servlet/permisosingoceadjunto?b782b630dd6c7aba6cb8789027906ff411ee4737abd51b7b89bbbbb88f1c74cb,gx-no-cache=1488893851349 HTTP/1.1" 200 26
186.79.36.72 - - [07/Mar/2017:10:36:17 -0300] "GET /cormun/servlet/trcontratoobservaciondir? HTTP/1.1" 200 7681
186.79.36.72 - - [07/Mar/2017:10:36:17 -0300] "GET /cormun/static/gxcfg.js?201612218551235 HTTP/1.1" 200 953
186.79.36.72 - - [07/Mar/2017:10:36:17 -0300] "GET /cormun/static/trcontratoobservaciondir.js?201612218551533 HTTP/1.1" 200 27122
186.79.36.72 - - [07/Mar/2017:10:36:18 -0300] "GET /cormun/servlet/trcontratoobservaciondir? HTTP/1.1" 200 7681
186.79.36.72 - - [07/Mar/2017:10:36:26 -0300] "GET /cormun/servlet/trsolicitudot? HTTP/1.1" 200 6889
186.79.36.72 - - [07/Mar/2017:10:36:26 -0300] "GET /cormun/static/gxcfg.js?20171191044697 HTTP/1.1" 200 953
186.79.36.72 - - [07/Mar/2017:10:36:26 -0300] "GET /cormun/static/trsolicitudot.js?20171191045625 HTTP/1.1" 200 53117
186.79.36.72 - - [07/Mar/2017:10:36:27 -0300] "GET /cormun/servlet/trsolicitudot? HTTP/1.1" 200 6889
201.246.239.225 - - [07/Mar/2017:10:36:36 -0300] "POST /cormun/servlet/permisosingoceadjunto?31ce897e74a5b9d9ecb9721ee57c73fe,INS,28,, HTTP/1.1" 200 116
201.246.239.225 - - [07/Mar/2017:10:36:37 -0300] "GET /cormun/servlet/hpexe_return? HTTP/1.1" 200 1031
201.246.239.225 - - [07/Mar/2017:10:36:37 -0300] "GET /cormun/servlet/trpermisosingoceadjunto?28,13946018, HTTP/1.1" 200 6525
201.246.239.225 - - [07/Mar/2017:10:36:39 -0300] "GET /cormun/servlet/trpermisosingoceadjunto?28,13946018, HTTP/1.1" 200 6521
201.246.239.225 - - [07/Mar/2017:10:36:44 -0300] "POST /cormun/servlet/trpermisosingoceadjunto?31ce897e74a5b9d9ecb9721ee57c73fe,28,13946018,,gx-no-cache=1488893881694 HTTP/1.1" 200 90
201.246.239.225 - - [07/Mar/2017:10:36:45 -0300] "GET /cormun/servlet/hpexe_link HTTP/1.1" 200 981
201.246.239.225 - - [07/Mar/2017:10:36:45 -0300] "GET /cormun/servlet/trpermisosingoce HTTP/1.1" 200 7622
201.246.239.225 - - [07/Mar/2017:10:36:46 -0300] "GET /cormun/servlet/trpermisosingoce HTTP/1.1" 200 7621
200.86.95.220 - - [07/Mar/2017:10:36:54 -0300] "POST /cormun/servlet/solicitudot?gx-no-cache=1488893884588 HTTP/1.1" 200 3172
200.86.95.220 - - [07/Mar/2017:10:36:54 -0300] "POST /cormun/servlet/solicitudot?a10d6bf1b886065dee18e6effbcf8a3f,INS,0,0,,gx-no-cache=1488893884935 HTTP/1.1" 200 9777
