186.103.248.213 - - [07/Mar/2017:12:09:25 -0300] "GET /cormun/static/Shared/ext/resources/themes/images/default/panel/bg-headersPanel.png HTTP/1.1" 200 255
186.103.248.213 - - [07/Mar/2017:12:09:25 -0300] "GET /cormun/static/Shared/ext/resources/themes/images/default/tools/tool-sprites.gif HTTP/1.1" 200 5434
186.103.248.213 - - [07/Mar/2017:12:09:27 -0300] "GET /cormun/servlet/trsolicitudot? HTTP/1.1" 200 7999
186.103.248.213 - - [07/Mar/2017:12:09:28 -0300] "GET /cormun/static/gxcfg.js?20171191044697 HTTP/1.1" 200 953
186.103.248.213 - - [07/Mar/2017:12:09:28 -0300] "GET /cormun/static/trsolicitudot.js?20171191045625 HTTP/1.1" 200 53117
186.103.248.213 - - [07/Mar/2017:12:09:28 -0300] "GET /cormun/static/Resources/PXToolsGridNew.png HTTP/1.1" 200 2949
186.103.248.213 - - [07/Mar/2017:12:09:28 -0300] "GET /cormun//static/Resources/PXToolsActionView.png HTTP/1.1" 200 2995
186.103.248.213 - - [07/Mar/2017:12:09:28 -0300] "GET /cormun//static/Resources/PXToolsGridUpdate.png HTTP/1.1" 200 2984
186.103.248.213 - - [07/Mar/2017:12:09:28 -0300] "GET /cormun//static/Resources/PXToolsGridDelete.png HTTP/1.1" 200 357
186.103.248.213 - - [07/Mar/2017:12:09:28 -0300] "GET /cormun//static/Resources/PXToolsRemoveAllAction.png HTTP/1.1" 200 3558
186.103.248.213 - - [07/Mar/2017:12:09:28 -0300] "GET /cormun//static/Resources/PXTools/ActionInsert.png HTTP/1.1" 200 1482
186.103.248.213 - - [07/Mar/2017:12:09:28 -0300] "GET /cormun/servlet/trsolicitudot? HTTP/1.1" 200 7999
186.103.248.213 - - [07/Mar/2017:12:09:36 -0300] "POST /cormun/servlet/trsolicitudot?bd568a1e6e5ed1164743876fd2fc624b,,gx-no-cache=1488899446008 HTTP/1.1" 200 105
186.103.248.213 - - [07/Mar/2017:12:09:36 -0300] "GET /cormun/servlet/solicitudot?UPD,2017,5151, HTTP/1.1" 200 14272
200.112.6.127 - - [07/Mar/2017:12:09:36 -0300] "GET /cormun/servlet/trsolicitudot? HTTP/1.1" 200 6052
186.103.248.213 - - [07/Mar/2017:12:09:36 -0300] "GET /cormun/static/gxcfg.js?20171191042720 HTTP/1.1" 200 953
186.103.248.213 - - [07/Mar/2017:12:09:36 -0300] "GET /cormun/static/solicitudot.js?2017119104297 HTTP/1.1" 200 63948
186.103.248.213 - - [07/Mar/2017:12:09:36 -0300] "GET /cormun/static/Resources/prompt.gif HTTP/1.1" 200 902
186.103.248.213 - - [07/Mar/2017:12:09:37 -0300] "GET /cormun/servlet/solicitudot?UPD,2017,5151, HTTP/1.1" 200 14281
200.112.6.127 - - [07/Mar/2017:12:09:37 -0300] "GET /cormun/servlet/hlogin HTTP/1.1" 200 1735
186.103.248.213 - - [07/Mar/2017:12:09:38 -0300] "POST /cormun/servlet/solicitudot?gx-no-cache=1488899447606 HTTP/1.1" 200 3166
186.103.248.213 - - [07/Mar/2017:12:09:38 -0300] "POST /cormun/servlet/solicitudot?bd568a1e6e5ed1164743876fd2fc624b,UPD,2017,5151,,gx-no-cache=1488899448053 HTTP/1.1" 200 10838
186.103.248.213 - - [07/Mar/2017:12:09:38 -0300] "GET /cormun/servlet/solicitudot?e0d51c9a4d25395c25a54d60df539a87b0d7cb490143bfd37b4fcd33113f434c951b892290e03dbb2301a5417ceba586,gx-no-cache=1488899448619 HTTP/1.1" 200 30
186.103.248.213 - - [07/Mar/2017:12:09:38 -0300] "POST /cormun/servlet/solicitudot?gx-no-cache=1488899448705 HTTP/1.1" 200 241
186.103.248.213 - - [07/Mar/2017:12:09:39 -0300] "GET /cormun/servlet/solicitudot?e0d51c9a4d25395c25a54d60df539a877431b5060520de1aab3dc2a412342e57f32528e151afef80b4b3ff269ced45047bef34f337436cdb3fde0aeefb8a5e81b028b2451c089b5a8052eab6c54764d7f0a8bfb8471168802a0d57877a9ed2858c808aa9712e156dd5fe1314c971b7ea12ce2cc4867ef963137bc2cd6cac4877c1a1a2d04a52d7ff2150728a691e80665de93fa3833025eac85d4045ba255cc252d6847fd721722cd17e3b7a7a15a3f2a0b56aff545b2f89f7f207780f90551d3b1692b3eaf7d66f7a56dd3d400cb78272b477baf68e9510d5a8ce9c308951058cdd4ad2748519bdee50b3a2594d84589a42618974eb1653e18ee6736e8e05c4e17d462fd02a8133349f8710de088c4b86985be11fd6d3dddaab97427c60ae012b54bd6920d1aea3a0ccea5da4a83336034f9462bc8ff08e94ac10eaab9ab1385e620128908ec45533f67c40b7205eda72b81fcd9f3858fb89d77d0892961324a41ce7efb348719f6ddcf9dc5f5941fc3c59ece78c0c6d242fa2edc177b157d5,gx-no-cache=1488899448804 HTTP/1.1" 200 30
186.103.248.213 - - [07/Mar/2017:12:09:39 -0300] "POST /cormun/servlet/solicitudot?gx-no-cache=1488899449165 HTTP/1.1" 200 30
186.103.248.213 - - [07/Mar/2017:12:09:39 -0300] "POST /cormun/servlet/solicitudot?gx-no-cache=1488899449298 HTTP/1.1" 200 1287
186.103.248.213 - - [07/Mar/2017:12:09:39 -0300] "POST /cormun/servlet/solicitudot?gx-no-cache=1488899449513 HTTP/1.1" 200 41
186.103.156.24 - - [07/Mar/2017:12:09:43 -0300] "GET /cormun/servlet/trlicencias? HTTP/1.1" 200 6836
186.103.156.24 - - [07/Mar/2017:12:09:43 -0300] "GET /cormun/static/gxcfg.js?2016122619301429 HTTP/1.1" 200 953
186.103.156.24 - - [07/Mar/2017:12:09:43 -0300] "GET /cormun/static/trlicencias.js?2016122619301919 HTTP/1.1" 200 37916
186.103.248.213 - - [07/Mar/2017:12:09:43 -0300] "POST /cormun/servlet/solicitudot?gx-no-cache=1488899453528 HTTP/1.1" 200 30
186.103.156.24 - - [07/Mar/2017:12:09:44 -0300] "GET /cormun/servlet/trlicencias? HTTP/1.1" 200 6830
200.112.6.127 - - [07/Mar/2017:12:09:49 -0300] "POST /cormun/servlet/hlogin?e9efe3dc44917237e4d211e14a333232,gx-no-cache=1488899459043 HTTP/1.1" 200 90
200.112.6.127 - - [07/Mar/2017:12:09:49 -0300] "GET /cormun/servlet/hpexe_link HTTP/1.1" 200 958
200.112.6.127 - - [07/Mar/2017:12:09:49 -0300] "GET /cormun/servlet/trsolicitudot HTTP/1.1" 200 8072
186.103.156.24 - - [07/Mar/2017:12:09:55 -0300] "GET /cormun/servlet/licenciaspermisos?INS,0,,, HTTP/1.1" 200 7328
186.103.156.24 - - [07/Mar/2017:12:09:55 -0300] "GET /cormun/static/gxcfg.js?2016122619301043 HTTP/1.1" 200 953
186.103.156.24 - - [07/Mar/2017:12:09:55 -0300] "GET /cormun/static/licenciaspermisos.js?2016122619301096 HTTP/1.1" 200 33213
186.103.156.24 - - [07/Mar/2017:12:09:55 -0300] "GET /cormun/servlet/licenciaspermisos?INS,0,,, HTTP/1.1" 200 7327
186.103.156.24 - - [07/Mar/2017:12:10:00 -0300] "GET /cormun/servlet/trsolicitudot? HTTP/1.1" 200 6939
186.103.156.24 - - [07/Mar/2017:12:10:01 -0300] "GET /cormun/servlet/trsolicitudot? HTTP/1.1" 200 6932
200.112.6.127 - - [07/Mar/2017:12:10:01 -0300] "POST /cormun/servlet/trsolicitudot?e9efe3dc44917237e4d211e14a333232,gx-no-cache=1488899471005 HTTP/1.1" 200 105
200.112.6.127 - - [07/Mar/2017:12:10:01 -0300] "GET /cormun/servlet/solicitudot?UPD,2017,5241, HTTP/1.1" 200 14448
200.112.6.127 - - [07/Mar/2017:12:10:03 -0300] "POST /cormun/servlet/solicitudot?gx-no-cache=1488899472613 HTTP/1.1" 200 3139
186.103.156.24 - - [07/Mar/2017:12:10:03 -0300] "GET /cormun/servlet/solicitudot?INS,0,0, HTTP/1.1" 200 12767
200.112.6.127 - - [07/Mar/2017:12:10:03 -0300] "POST /cormun/servlet/solicitudot?e9efe3dc44917237e4d211e14a333232,UPD,2017,5241,,gx-no-cache=1488899473101 HTTP/1.1" 200 11016
186.103.156.24 - - [07/Mar/2017:12:10:03 -0300] "GET /cormun/servlet/solicitudot?INS,0,0, HTTP/1.1" 200 12771
200.112.6.127 - - [07/Mar/2017:12:10:03 -0300] "GET /cormun/servlet/solicitudot?1fdda1f22c5481ce1d5bff7a95da3c6a76b143c25626ff4b0e5b67f26c471be7fd50f4b65e5118ca5a36fc5ee2bbb8c8,gx-no-cache=1488899473685 HTTP/1.1" 200 30
200.112.6.127 - - [07/Mar/2017:12:10:04 -0300] "POST /cormun/servlet/solicitudot?gx-no-cache=1488899473802 HTTP/1.1" 200 297
200.112.6.127 - - [07/Mar/2017:12:10:04 -0300] "GET /cormun/servlet/solicitudot?1fdda1f22c5481ce1d5bff7a95da3c6a94893c4e245fb1696741f205d200059bbf8be45285348940253233fd37ca368962ed6127157fc9ce7f9a792f6681a62cf007aeb797a8176b049752d2806490d0122f8c2f6beae30222fed932b9f186e9fcefd9a425161599127219560d48da24ffac4968dc46129427de856ae1e346d6c3e94aae47565c960b708e164784329f70058cf3bf5dc4bd44d707137cc156459a6ec764eb3de8c9d72179a14ad58aa3dfbcbb664c491e446e4d66ffdb964b27289b80bc06c8948d96734a9cc097af4fef0edeea6ad5d851305e4a42e5b6ca9f3bca3008dc3747640f7d5cec8d083df565a5f2b870243826a3c83fffbd8177747a09e85395a1558e616709db62ca0b636314f46245115e0cbec5b23a84cc383e225365526b12b16298733a159b1f836686a76f9d850d7f04e251d50b3693d230947976d025ed7d97ced86ec82ed2d844555a419447109856d3543a631df3ece8996e092e6d99152fc3c6ccbe8a89c4e1e6b0bb1a5ef30097b7f854e10a6d7dab8ca34dbddaef3de45ac1045fe11048de,gx-no-cache=1488899473893 HTTP/1.1" 200 30
200.112.6.127 - - [07/Mar/2017:12:10:04 -0300] "POST /cormun/servlet/solicitudot?gx-no-cache=1488899473969 HTTP/1.1" 200 30
200.112.6.127 - - [07/Mar/2017:12:10:04 -0300] "POST /cormun/servlet/solicitudot?gx-no-cache=1488899474073 HTTP/1.1" 200 1286
200.112.6.127 - - [07/Mar/2017:12:10:04 -0300] "POST /cormun/servlet/solicitudot?gx-no-cache=1488899474267 HTTP/1.1" 200 41
186.79.203.133 - - [07/Mar/2017:12:10:09 -0300] "POST /cormun/servlet/trautorizarsolicitud?bbda2093f6d59515840b5c6797bb8e98,gx-no-cache=1488899478910 HTTP/1.1" 200 115
186.79.203.133 - - [07/Mar/2017:12:10:09 -0300] "GET /cormun/servlet/solicitudotlog?INS,2017,5216,0,REC, HTTP/1.1" 200 5760
186.79.203.133 - - [07/Mar/2017:12:10:10 -0300] "GET /cormun/servlet/solicitudotlog?INS,2017,5216,0,REC, HTTP/1.1" 200 5760
186.79.203.133 - - [07/Mar/2017:12:10:10 -0300] "GET /cormun/servlet/solicitudotlog?e4f96ac26d066ecb32f944f096f2cf895d2080f6a5fa4aed49c85ef67d1938c0887fc99b4de900e02d2361522aaa1fd8edc99d8ee606732a7ce1d12caf003cdd033308a7317d382b9becb94bf00a4455730b04c67c0403fd1619399e0d750e470c042a98ab15418c0f650371b403bbcbe030bba8d7435baa622c7cc26be6a51fb0cbf713f36dae2ee603559ed9f2f18a1b42d8ba7f16c4d284e89c38ed45ca73,gx-no-cache=1488899480244 HTTP/1.1" 200 94
186.103.248.213 - - [07/Mar/2017:12:10:10 -0300] "GET /cormun/static/Resources/resize.gif HTTP/1.1" 200 77
186.103.248.213 - - [07/Mar/2017:12:10:17 -0300] "GET /cormun/servlet/prfichaempleado?,MD,,gxPopupLevel%3D0%3B HTTP/1.1" 200 8828
186.103.248.213 - - [07/Mar/2017:12:10:17 -0300] "GET /cormun/static/gxcfg.js?2016102420561687 HTTP/1.1" 200 953
186.103.248.213 - - [07/Mar/2017:12:10:17 -0300] "GET /cormun/static/Resources/PXToolsMenuSearch.png HTTP/1.1" 200 2914
186.103.248.213 - - [07/Mar/2017:12:10:17 -0300] "GET /cormun/static/menusearch.js?201610171694467 HTTP/1.1" 200 1424
186.103.248.213 - - [07/Mar/2017:12:10:17 -0300] "GET /cormun/static/Resources/PXToolsMenuSearchCancel.png HTTP/1.1" 200 2972
186.103.248.213 - - [07/Mar/2017:12:10:17 -0300] "GET /cormun/static/hmpwkw011.js?201612218515582 HTTP/1.1" 200 1968
186.103.248.213 - - [07/Mar/2017:12:10:17 -0300] "GET /cormun/static/prfichaempleado.js?201610242056198 HTTP/1.1" 200 16015
186.103.156.211 - - [07/Mar/2017:12:10:20 -0300] "GET /cormun/servlet/trcontratoobservaciondir? HTTP/1.1" 200 6188
186.103.156.211 - - [07/Mar/2017:12:10:20 -0300] "GET /cormun/servlet/trcontratoobservaciondir? HTTP/1.1" 200 6183
186.103.156.211 - - [07/Mar/2017:12:10:25 -0300] "GET /cormun/servlet/solicitudot?INS,0,0, HTTP/1.1" 200 12801
186.103.156.211 - - [07/Mar/2017:12:10:26 -0300] "GET /cormun/servlet/solicitudot?INS,0,0, HTTP/1.1" 200 12806
186.103.248.213 - - [07/Mar/2017:12:10:29 -0300] "POST /cormun/servlet/prfichaempleado?bd568a1e6e5ed1164743876fd2fc624b,,MD,,gxPopupLevel%3D0%3B,gx-no-cache=1488899498431 HTTP/1.1" 200 3428
186.103.156.24 - - [07/Mar/2017:12:10:30 -0300] "POST /cormun/servlet/solicitudot?gx-no-cache=1488899501010 HTTP/1.1" 200 3184
186.103.156.24 - - [07/Mar/2017:12:10:30 -0300] "POST /cormun/servlet/solicitudot?02ea3ed75328f1ec668b837376b65f7c,INS,0,0,,gx-no-cache=1488899501232 HTTP/1.1" 200 9977
186.103.248.213 - - [07/Mar/2017:12:10:32 -0300] "GET /cormun/servlet/prlicenciaspermisos?15805109,L,,MD,,gxPopupLevel%3D0%3B HTTP/1.1" 200 5613
186.103.248.213 - - [07/Mar/2017:12:10:33 -0300] "GET /cormun/static/gxcfg.js?2016122619302491 HTTP/1.1" 200 953
186.103.248.213 - - [07/Mar/2017:12:10:33 -0300] "GET /cormun/static/prlicenciaspermisos.js?2016122619302645 HTTP/1.1" 200 13363
186.103.156.211 - - [07/Mar/2017:12:10:35 -0300] "GET /cormun/servlet/trvisualizadoreventos? HTTP/1.1" 200 6736
186.79.203.133 - - [07/Mar/2017:12:10:35 -0300] "POST /cormun/servlet/solicitudotlog?bbda2093f6d59515840b5c6797bb8e98,INS,2017,5216,0,REC,,gx-no-cache=1488899504073 HTTP/1.1" 200 93
186.79.203.133 - - [07/Mar/2017:12:10:35 -0300] "GET /cormun/servlet/hpexe_return? HTTP/1.1" 200 1020
186.103.156.211 - - [07/Mar/2017:12:10:35 -0300] "GET /cormun/servlet/trvisualizadoreventos? HTTP/1.1" 200 6731
186.79.203.133 - - [07/Mar/2017:12:10:36 -0300] "GET /cormun/servlet/trautorizarsolicitud HTTP/1.1" 200 6898
186.103.248.213 - - [07/Mar/2017:12:10:36 -0300] "POST /cormun/servlet/solicitudot?gx-no-cache=1488899506061 HTTP/1.1" 200 1291
186.79.203.133 - - [07/Mar/2017:12:10:37 -0300] "GET /cormun/servlet/trautorizarsolicitud HTTP/1.1" 200 6895
186.103.156.211 - - [07/Mar/2017:12:10:40 -0300] "GET /cormun/servlet/solicitudot?INS,0,0, HTTP/1.1" 200 12801
186.103.156.211 - - [07/Mar/2017:12:10:41 -0300] "GET /cormun/servlet/solicitudot?INS,0,0, HTTP/1.1" 200 12806
186.103.156.24 - - [07/Mar/2017:12:10:47 -0300] "GET /cormun/servlet/solicitudot?b055a4f6c2d3fa8ccaa961dc0bc75c8c662410aaf80128dade3c14e6f510d7dc68ee24c6076e00cf28b8e1cd222feb7a,gx-no-cache=1488899517749 HTTP/1.1" 200 30
186.103.156.24 - - [07/Mar/2017:12:10:47 -0300] "POST /cormun/servlet/solicitudot?gx-no-cache=1488899517812 HTTP/1.1" 200 255
186.103.156.24 - - [07/Mar/2017:12:10:47 -0300] "GET /cormun/servlet/solicitudot?b055a4f6c2d3fa8ccaa961dc0bc75c8c98a688e64c232c64cbe32f7996188cb81093f4ebb511b6807d08ca8f3d379b6f948da0456079c4e38896fc757055bf2b473e095d19630e752322241737120fac9fd30f8f74d8c6e39e5f416e18640702070ab940a90efeddadf93e7bd0e6c9228ab182a2c890d25fd5218ca5279d521ed123cd4d7bfc5650f9cd4daa36ab6d32c2bdf6d7fe2af1e572b796b966be6d22cd49a821e0a9ccf84f4947bce910c3f15368760bc8a19e9251394e2d76d9f03e2b6e977bda2f2d74438dbefe35642a449709b0589ca324330b9bfd97cf4759de1f4ee252b0cf529aac4cc9e4c459a532e2cea012c9fd0a802b084d4c44db28c4b8fde5a03cc0629f7e3332dc9e74f714b7712f4082d78ed605a7aaa553fe6dc362281c49519eff50744aa03d89a38fcea2450c9f9fdd3c07c2bd5b6d8db654f123f0862f1253d0e62110b25344821b836468c534b99eed95004a689f7a7cf4f524c2fea51084ad69c35d4cd60fa870ae801a4ba13d85d20b0faebb4ce2c39b8e,gx-no-cache=1488899517873 HTTP/1.1" 200 30
186.103.156.24 - - [07/Mar/2017:12:10:47 -0300] "POST /cormun/servlet/solicitudot?gx-no-cache=1488899518202 HTTP/1.1" 200 30
186.103.156.24 - - [07/Mar/2017:12:10:47 -0300] "POST /cormun/servlet/solicitudot?gx-no-cache=1488899518249 HTTP/1.1" 200 235
186.103.156.24 - - [07/Mar/2017:12:10:47 -0300] "POST /cormun/servlet/solicitudot?gx-no-cache=1488899518309 HTTP/1.1" 200 38
186.103.156.211 - - [07/Mar/2017:12:10:49 -0300] "POST /cormun/servlet/solicitudot?b8d5c39d98d039fda570736fa85dbc4d,INS,0,0,,gx-no-cache=1488899520110 HTTP/1.1" 200 90
186.103.156.211 - - [07/Mar/2017:12:10:49 -0300] "GET /cormun/servlet/hpexe_link HTTP/1.1" 200 968
186.103.156.211 - - [07/Mar/2017:12:10:50 -0300] "GET /cormun/servlet/trsolicitudot HTTP/1.1" 200 6964
186.103.156.211 - - [07/Mar/2017:12:10:50 -0300] "GET /cormun/servlet/trsolicitudot HTTP/1.1" 200 6962
186.103.156.211 - - [07/Mar/2017:12:10:54 -0300] "GET /cormun/servlet/solicitudot?INS,0,0, HTTP/1.1" 200 12801
200.112.6.127 - - [07/Mar/2017:12:10:54 -0300] "POST /cormun/servlet/solicitudot?gx-no-cache=1488899524584 HTTP/1.1" 200 30
186.103.156.211 - - [07/Mar/2017:12:10:55 -0300] "GET /cormun/servlet/solicitudot?INS,0,0, HTTP/1.1" 200 12806
200.112.6.127 - - [07/Mar/2017:12:10:55 -0300] "POST /cormun/servlet/solicitudot?gx-no-cache=1488899524855 HTTP/1.1" 200 1286
200.112.6.127 - - [07/Mar/2017:12:10:55 -0300] "POST /cormun/servlet/solicitudot?gx-no-cache=1488899525205 HTTP/1.1" 200 41
200.112.6.127 - - [07/Mar/2017:12:10:55 -0300] "GET /cormun/servlet/solicitudot?1fdda1f22c5481ce1d5bff7a95da3c6af0e4fb989319f6ced0c26f29f22f6a6307a6ed9f110e6360f97bb2b7d3b56f83f5d2a7fc939c37d627838476b8e49d2a16e6ca2350b6ca0cb170551db643f54c29f64f29c923733deaada8b941522cfed0862f05844354d59043cd808f79c1fa,gx-no-cache=1488899525305 HTTP/1.1" 200 29
200.112.6.127 - - [07/Mar/2017:12:10:55 -0300] "POST /cormun/servlet/solicitudot?gx-no-cache=1488899525376 HTTP/1.1" 200 1274
200.112.6.127 - - [07/Mar/2017:12:10:55 -0300] "POST /cormun/servlet/solicitudot?gx-no-cache=1488899525550 HTTP/1.1" 200 1157
200.112.6.127 - - [07/Mar/2017:12:10:55 -0300] "GET /cormun/servlet/solicitudot?1fdda1f22c5481ce1d5bff7a95da3c6a596452780dae735c9b2341b6dc500ee3c95ca38e9f894455c70e7417fb3010f4c7cec85ede45ef5f5cd8fb87ee06dba30625720e2ede4716d3a508add3a36df44f4ab90460d20235c037b9739cbfc0cf6eecdb9913aa2fda341312a985645385797827125e2ceef288faa86d1e01170ea51075fead4cb70042183eab437c44e141980d839870d2d85a03c13b99b0984fe20691ea67085fb0932b2684991c7fe1,gx-no-cache=1488899525758 HTTP/1.1" 200 30
200.112.6.127 - - [07/Mar/2017:12:10:56 -0300] "POST /cormun/servlet/solicitudot?e9efe3dc44917237e4d211e14a333232,UPD,2017,5241,,gx-no-cache=1488899525836 HTTP/1.1" 200 93
200.112.6.127 - - [07/Mar/2017:12:10:56 -0300] "GET /cormun/servlet/hpexe_return? HTTP/1.1" 200 1011
200.112.6.127 - - [07/Mar/2017:12:10:56 -0300] "GET /cormun/servlet/trsolicitudot HTTP/1.1" 200 8074
186.103.248.213 - - [07/Mar/2017:12:10:58 -0300] "POST /cormun/servlet/solicitudot?gx-no-cache=1488899528505 HTTP/1.1" 200 41
186.103.156.211 - - [07/Mar/2017:12:11:02 -0300] "GET /cormun/servlet/trsolicitudot HTTP/1.1" 200 6964
186.103.156.211 - - [07/Mar/2017:12:11:02 -0300] "GET /cormun/servlet/trsolicitudot HTTP/1.1" 200 6962
200.112.6.127 - - [07/Mar/2017:12:11:06 -0300] "POST /cormun/servlet/trsolicitudot?e9efe3dc44917237e4d211e14a333232,gx-no-cache=1488899536055 HTTP/1.1" 200 4082
186.103.156.24 - - [07/Mar/2017:12:11:06 -0300] "POST /cormun/servlet/solicitudot?gx-no-cache=1488899537102 HTTP/1.1" 200 656
186.103.156.24 - - [07/Mar/2017:12:11:06 -0300] "POST /cormun/servlet/solicitudot?gx-no-cache=1488899537180 HTTP/1.1" 200 38
200.112.6.127 - - [07/Mar/2017:12:11:07 -0300] "POST /cormun/servlet/trsolicitudot?e9efe3dc44917237e4d211e14a333232,gx-no-cache=1488899536594 HTTP/1.1" 200 3858
200.112.6.127 - - [07/Mar/2017:12:11:07 -0300] "GET /cormun/static/Shared/jqueryui/images/ui-icons_82798d_256x240.png HTTP/1.1" 404 1089
200.112.6.127 - - [07/Mar/2017:12:11:07 -0300] "GET /cormun/static/Shared/jqueryui/images/ui-bg_highlight-soft_100_c6c2c8_1x100.png HTTP/1.1" 404 1117
200.112.6.127 - - [07/Mar/2017:12:11:07 -0300] "GET /cormun/static/Shared/jqueryui/images/ui-icons_8d78a5_256x240.png HTTP/1.1" 404 1089
200.112.6.127 - - [07/Mar/2017:12:11:07 -0300] "GET /cormun/static/Shared/jqueryui/images/ui-bg_flat_55_fafafa_40x100.png HTTP/1.1" 404 1097
186.103.156.24 - - [07/Mar/2017:12:11:10 -0300] "GET /cormun/servlet/solicitudot?b055a4f6c2d3fa8ccaa961dc0bc75c8ce9d8c84e6096dcbf54a6ccc53591c75297f7faaecdd6662694597b11e14e0450299e945ebdeb4d01ba49fc391677231173b10ca602442cfb2d0ff2b594fa43f452efca423cb2b481b8671fab0e750ce47cd82b89780c4d0517a1e00b1c17f60341b17c7e758d57da1ee518f1cb4fded337b8b6c04acc8c862f1af6e747d4b25e581f19491be079e2d57a5ca41a231879930dc501d9736cc27fb61d00904da601c59a203e96eafea1a3ecad3c290699961d4b33ecf707c9d2de6e81b6973a8622,gx-no-cache=1488899540927 HTTP/1.1" 200 29
186.103.156.24 - - [07/Mar/2017:12:11:10 -0300] "POST /cormun/servlet/solicitudot?gx-no-cache=1488899540983 HTTP/1.1" 200 643
186.103.156.211 - - [07/Mar/2017:12:11:10 -0300] "GET /cormun/servlet/solicitudot?INS,0,0, HTTP/1.1" 200 12801
186.103.156.211 - - [07/Mar/2017:12:11:11 -0300] "GET /cormun/servlet/solicitudot?INS,0,0, HTTP/1.1" 200 12806
186.103.156.24 - - [07/Mar/2017:12:11:11 -0300] "POST /cormun/servlet/solicitudot?gx-no-cache=1488899542068 HTTP/1.1" 200 1157
200.112.6.127 - - [07/Mar/2017:12:11:11 -0300] "GET /cormun/servlet/trautorizarsolicitud? HTTP/1.1" 200 8140
186.103.248.213 - - [07/Mar/2017:12:11:13 -0300] "GET /cormun/servlet/solicitudot?e0d51c9a4d25395c25a54d60df539a8733f85027f15af9db0b32b3df22b9608a537f834a6a4bc2ec1e0d71677de685725273aec57f102c4520f1203695ab8d83f14de5af0b9e54c9a0c46c902a7311fe31dc62ce46420a8b663df62ed8954d6c42f66e927fdd4587e402285fd6c4a7b5,gx-no-cache=1488899543167 HTTP/1.1" 200 29
186.103.248.213 - - [07/Mar/2017:12:11:13 -0300] "POST /cormun/servlet/solicitudot?gx-no-cache=1488899543354 HTTP/1.1" 200 1274
186.103.248.213 - - [07/Mar/2017:12:11:13 -0300] "POST /cormun/servlet/solicitudot?gx-no-cache=1488899543629 HTTP/1.1" 200 1157
186.103.248.213 - - [07/Mar/2017:12:11:14 -0300] "GET /cormun/servlet/solicitudot?e0d51c9a4d25395c25a54d60df539a87e3c942d2351a9ab483699be56683a8fc3183febae5319914478023b69e5849d55a603f001aaafe92cee0ce2bbb042ccb011cef864ceabffd4494a51be55e71ae9a672dcfc228793b40aa6c2200655364318956cce4a6be1f67471fd13289746a167c7b8be10b1211a818446f415aad52b46831e396fc38deb2d95e94d47145e9c16cc64b43faac9f4887e4828718e281f1b3701bc6588632e4e28db6e065c4a78d2b84e429f45b1b0e551d7cd18c0a8f,gx-no-cache=1488899543856 HTTP/1.1" 200 30
186.103.156.211 - - [07/Mar/2017:12:11:15 -0300] "POST /cormun/servlet/solicitudot?b8d5c39d98d039fda570736fa85dbc4d,INS,0,0,,gx-no-cache=1488899546071 HTTP/1.1" 200 90
186.103.156.211 - - [07/Mar/2017:12:11:15 -0300] "GET /cormun/servlet/hpexe_link HTTP/1.1" 200 968
186.103.156.211 - - [07/Mar/2017:12:11:15 -0300] "GET /cormun/servlet/trsolicitudot HTTP/1.1" 200 6964
186.103.156.211 - - [07/Mar/2017:12:11:16 -0300] "GET /cormun/servlet/trsolicitudot HTTP/1.1" 200 6962
200.112.6.127 - - [07/Mar/2017:12:11:16 -0300] "POST /cormun/servlet/trautorizarsolicitud?e9efe3dc44917237e4d211e14a333232,,gx-no-cache=1488899545660 HTTP/1.1" 200 4320
200.112.6.127 - - [07/Mar/2017:12:11:16 -0300] "POST /cormun/servlet/trautorizarsolicitud?e9efe3dc44917237e4d211e14a333232,,gx-no-cache=1488899546479 HTTP/1.1" 200 4095
200.112.6.127 - - [07/Mar/2017:12:11:17 -0300] "GET /cormun/static/Shared/jqueryui/images/ui-icons_82798d_256x240.png HTTP/1.1" 404 1089
200.112.6.127 - - [07/Mar/2017:12:11:17 -0300] "GET /cormun/static/Shared/jqueryui/images/ui-bg_highlight-soft_100_c6c2c8_1x100.png HTTP/1.1" 404 1117
200.112.6.127 - - [07/Mar/2017:12:11:17 -0300] "GET /cormun/static/Shared/jqueryui/images/ui-icons_8d78a5_256x240.png HTTP/1.1" 404 1089
200.112.6.127 - - [07/Mar/2017:12:11:17 -0300] "GET /cormun/static/Shared/jqueryui/images/ui-bg_flat_55_fafafa_40x100.png HTTP/1.1" 404 1097
200.112.6.127 - - [07/Mar/2017:12:11:24 -0300] "GET /cormun/servlet/trsolicitudot? HTTP/1.1" 200 6766
186.103.156.24 - - [07/Mar/2017:12:11:26 -0300] "GET /cormun/static/menuarrow.gif HTTP/1.1" 404 1015
186.103.156.24 - - [07/Mar/2017:12:11:31 -0300] "GET /cormun/servlet/solicitudot?b055a4f6c2d3fa8ccaa961dc0bc75c8c981127cff8b60e19e520ad13c92efd1dd8cf5f8630247a5eb794565844063234290a9278e9812784fce66aae3fbb81335516ed41ca6beb867998e3b65181aa4708ab0ebd28c734c172417a3e9453f9fe6a246bded50980fd1a6bf5f273a88acf33a98c19831b527f57d014c27724ce5f1f0eb99a6f6997358d2d51fb8b93874bb3b859f1b881487850d4113a11fe2533b91e11a12f401d17a86f68c5e308a258,gx-no-cache=1488899562364 HTTP/1.1" 200 30
186.103.156.211 - - [07/Mar/2017:12:11:46 -0300] "GET /cormun/servlet/solicitudot?INS,0,0, HTTP/1.1" 200 12801
186.103.156.211 - - [07/Mar/2017:12:11:48 -0300] "GET /cormun/servlet/solicitudot?INS,0,0, HTTP/1.1" 200 12806
186.103.248.213 - - [07/Mar/2017:12:11:53 -0300] "POST /cormun/servlet/solicitudot?bd568a1e6e5ed1164743876fd2fc624b,UPD,2017,5151,,gx-no-cache=1488899582373 HTTP/1.1" 200 93
186.103.248.213 - - [07/Mar/2017:12:11:53 -0300] "GET /cormun/servlet/hpexe_return? HTTP/1.1" 200 1017
186.103.248.213 - - [07/Mar/2017:12:11:53 -0300] "GET /cormun/static/gxcfg.js?2016101716175148 HTTP/1.1" 200 953
186.103.248.213 - - [07/Mar/2017:12:11:53 -0300] "GET /cormun/static/hpexe_return.js?2016101716175153 HTTP/1.1" 200 1633
186.103.248.213 - - [07/Mar/2017:12:11:53 -0300] "GET /cormun/servlet/trsolicitudot HTTP/1.1" 200 8053
186.103.248.213 - - [07/Mar/2017:12:11:54 -0300] "GET /cormun/servlet/trsolicitudot HTTP/1.1" 200 8048
186.103.248.213 - - [07/Mar/2017:12:11:57 -0300] "POST /cormun/servlet/trsolicitudot?bd568a1e6e5ed1164743876fd2fc624b,gx-no-cache=1488899587181 HTTP/1.1" 200 4197
186.103.248.213 - - [07/Mar/2017:12:11:57 -0300] "GET /cormun/static/Shared/jqueryui/images/ui-bg_highlight-soft_100_c6c2c8_1x100.png HTTP/1.1" 404 1117
186.103.248.213 - - [07/Mar/2017:12:11:57 -0300] "GET /cormun/static/Shared/jqueryui/images/ui-icons_82798d_256x240.png HTTP/1.1" 404 1089
186.103.248.213 - - [07/Mar/2017:12:11:57 -0300] "GET /cormun/static/Shared/jqueryui/images/ui-bg_flat_55_fafafa_40x100.png HTTP/1.1" 404 1097
186.103.248.213 - - [07/Mar/2017:12:11:57 -0300] "GET /cormun/static/Shared/jqueryui/images/ui-icons_8d78a5_256x240.png HTTP/1.1" 404 1089
186.103.248.213 - - [07/Mar/2017:12:11:58 -0300] "POST /cormun/servlet/trsolicitudot?bd568a1e6e5ed1164743876fd2fc624b,gx-no-cache=1488899587657 HTTP/1.1" 200 3938
186.103.156.211 - - [07/Mar/2017:12:11:59 -0300] "GET /cormun/servlet/trvisualizadoreventos? HTTP/1.1" 200 6736
186.103.156.211 - - [07/Mar/2017:12:12:00 -0300] "GET /cormun/servlet/trvisualizadoreventos? HTTP/1.1" 200 6731
186.103.156.211 - - [07/Mar/2017:12:12:08 -0300] "GET /cormun/servlet/trcontratoobservaciondir? HTTP/1.1" 200 6175
186.103.156.211 - - [07/Mar/2017:12:12:10 -0300] "GET /cormun/servlet/trcontratoobservaciondir? HTTP/1.1" 200 6174
200.112.6.127 - - [07/Mar/2017:12:12:16 -0300] "GET /cormun/servlet/trsolicitudot? HTTP/1.1" 200 6765
186.103.156.211 - - [07/Mar/2017:12:12:16 -0300] "POST /cormun/servlet/trcontratoobservaciondir?b8d5c39d98d039fda570736fa85dbc4d,,gx-no-cache=1488899605680 HTTP/1.1" 200 90
186.103.156.24 - - [07/Mar/2017:12:12:17 -0300] "POST /cormun/servlet/solicitudot?02ea3ed75328f1ec668b837376b65f7c,INS,0,0,,gx-no-cache=1488899607264 HTTP/1.1" 200 93
186.103.156.24 - - [07/Mar/2017:12:12:17 -0300] "GET /cormun/servlet/hpexe_return? HTTP/1.1" 200 1006
186.103.156.24 - - [07/Mar/2017:12:12:17 -0300] "GET /cormun/servlet/trsolicitudot HTTP/1.1" 200 8233
186.103.156.24 - - [07/Mar/2017:12:12:17 -0300] "GET /cormun/servlet/trsolicitudot HTTP/1.1" 200 8229
200.112.6.127 - - [07/Mar/2017:12:12:20 -0300] "GET /cormun/servlet/solicitudot?INS,0,0, HTTP/1.1" 200 12774
186.103.156.24 - - [07/Mar/2017:12:12:23 -0300] "POST /cormun/servlet/trsolicitudot?02ea3ed75328f1ec668b837376b65f7c,gx-no-cache=1488899613310 HTTP/1.1" 200 5478
186.103.156.24 - - [07/Mar/2017:12:12:23 -0300] "GET /cormun/static/Shared/jqueryui/images/ui-bg_highlight-soft_100_c6c2c8_1x100.png HTTP/1.1" 404 1117
186.103.156.24 - - [07/Mar/2017:12:12:23 -0300] "GET /cormun/static/Shared/jqueryui/images/ui-icons_82798d_256x240.png HTTP/1.1" 404 1089
186.103.156.24 - - [07/Mar/2017:12:12:23 -0300] "GET /cormun/static/Shared/jqueryui/images/ui-bg_flat_55_fafafa_40x100.png HTTP/1.1" 404 1097
186.103.156.24 - - [07/Mar/2017:12:12:23 -0300] "GET /cormun/static/Shared/jqueryui/images/ui-icons_8d78a5_256x240.png HTTP/1.1" 404 1089
186.103.156.211 - - [07/Mar/2017:12:12:25 -0300] "GET /cormun/servlet/hpexe_link HTTP/1.1" 200 977
186.103.156.24 - - [07/Mar/2017:12:12:39 -0300] "POST /cormun/servlet/trsolicitudot?02ea3ed75328f1ec668b837376b65f7c,gx-no-cache=1488899629925 HTTP/1.1" 200 4352
186.103.156.24 - - [07/Mar/2017:12:12:39 -0300] "POST /cormun/servlet/trsolicitudot?02ea3ed75328f1ec668b837376b65f7c,gx-no-cache=1488899630154 HTTP/1.1" 200 4123
186.103.156.24 - - [07/Mar/2017:12:12:51 -0300] "GET /cormun/servlet/trautorizarsolicitud? HTTP/1.1" 200 8155
186.103.156.211 - - [07/Mar/2017:12:12:51 -0300] "GET /cormun/servlet/trvisualizadoreventos HTTP/1.1" 200 6732
186.103.156.24 - - [07/Mar/2017:12:12:52 -0300] "GET /cormun/servlet/trautorizarsolicitud? HTTP/1.1" 200 8155
186.103.156.211 - - [07/Mar/2017:12:12:52 -0300] "GET /cormun/servlet/trvisualizadoreventos HTTP/1.1" 200 6731
186.103.156.24 - - [07/Mar/2017:12:12:58 -0300] "POST /cormun/servlet/trautorizarsolicitud?02ea3ed75328f1ec668b837376b65f7c,,gx-no-cache=1488899648855 HTTP/1.1" 200 4327
186.103.156.24 - - [07/Mar/2017:12:12:58 -0300] "GET /cormun/static/Shared/jqueryui/images/ui-bg_highlight-soft_100_c6c2c8_1x100.png HTTP/1.1" 404 1117
186.103.156.24 - - [07/Mar/2017:12:12:58 -0300] "GET /cormun/static/Shared/jqueryui/images/ui-bg_flat_55_fafafa_40x100.png HTTP/1.1" 404 1097
186.103.156.24 - - [07/Mar/2017:12:12:58 -0300] "GET /cormun/static/Shared/jqueryui/images/ui-icons_8d78a5_256x240.png HTTP/1.1" 404 1089
186.103.156.24 - - [07/Mar/2017:12:12:58 -0300] "GET /cormun/static/Shared/jqueryui/images/ui-icons_82798d_256x240.png HTTP/1.1" 404 1089
186.103.156.24 - - [07/Mar/2017:12:12:58 -0300] "POST /cormun/servlet/trautorizarsolicitud?02ea3ed75328f1ec668b837376b65f7c,,gx-no-cache=1488899649093 HTTP/1.1" 200 4100
200.112.6.127 - - [07/Mar/2017:12:13:17 -0300] "POST /cormun/servlet/solicitudot?gx-no-cache=1488899667433 HTTP/1.1" 200 3176
200.112.6.127 - - [07/Mar/2017:12:13:18 -0300] "POST /cormun/servlet/solicitudot?e9efe3dc44917237e4d211e14a333232,INS,0,0,,gx-no-cache=1488899668007 HTTP/1.1" 200 9937
200.112.6.127 - - [07/Mar/2017:12:13:24 -0300] "GET /cormun/servlet/solicitudot?1fdda1f22c5481ce1d5bff7a95da3c6abb06b660fb6aa897b70b009533f76be0dcb334754d7c35d95276580ddb6342ab,gx-no-cache=1488899674583 HTTP/1.1" 200 30
200.112.6.127 - - [07/Mar/2017:12:13:24 -0300] "POST /cormun/servlet/solicitudot?gx-no-cache=1488899674703 HTTP/1.1" 200 240
200.112.6.127 - - [07/Mar/2017:12:13:25 -0300] "GET /cormun/servlet/solicitudot?1fdda1f22c5481ce1d5bff7a95da3c6a94893c4e245fb1696741f205d200059b6fd31e1226923cf80638c485d8a3c0bb62ed6127157fc9ce7f9a792f6681a62cf007aeb797a8176b049752d2806490d0122f8c2f6beae30222fed932b9f186e9fcefd9a425161599127219560d48da24ffac4968dc46129427de856ae1e346d6c3e94aae47565c960b708e164784329f70058cf3bf5dc4bd44d707137cc156459a6ec764eb3de8c9d72179a14ad58aa3dfbcbb664c491e446e4d66ffdb964b27289b80bc06c8948d96734a9cc097af4fef0edeea6ad5d851305e4a42e5b6ca9f3bca3008dc3747640f7d5cec8d083df52305a1344abf18ebca0dd8c3705909367a09e85395a1558e616709db62ca0b636314f46245115e0cbec5b23a84cc383e225365526b12b16298733a159b1f836686a76f9d850d7f04e251d50b3693d230c25168e5f4a7451924eda77cda4fcf2f46d1dde30f5e5c6a8d173a002d92e79350337e0f8d71709d9fd5f346bd4038ea0240424f4bb3c37a50f328c4d2443e91,gx-no-cache=1488899674849 HTTP/1.1" 200 30
200.112.6.127 - - [07/Mar/2017:12:13:31 -0300] "POST /cormun/servlet/solicitudot?gx-no-cache=1488899681095 HTTP/1.1" 200 30
186.103.156.211 - - [07/Mar/2017:12:15:10 -0300] "GET /cormun/servlet/trvisualizadoreventos? HTTP/1.1" 200 6731
186.103.156.211 - - [07/Mar/2017:12:15:11 -0300] "GET /cormun/servlet/trvisualizadoreventos? HTTP/1.1" 200 6731
186.103.156.211 - - [07/Mar/2017:12:15:21 -0300] "GET /cormun/servlet/trsolicitudot? HTTP/1.1" 200 6964
186.103.156.211 - - [07/Mar/2017:12:15:22 -0300] "GET /cormun/servlet/trsolicitudot? HTTP/1.1" 200 6963
186.103.156.211 - - [07/Mar/2017:12:15:25 -0300] "GET /cormun/servlet/solicitudot?INS,0,0, HTTP/1.1" 200 12799
186.103.156.211 - - [07/Mar/2017:12:15:26 -0300] "GET /cormun/servlet/solicitudot?INS,0,0, HTTP/1.1" 200 12804
186.103.156.211 - - [07/Mar/2017:12:15:40 -0300] "GET /cormun/servlet/trautorizarsolicitud? HTTP/1.1" 200 8140
186.103.156.211 - - [07/Mar/2017:12:15:41 -0300] "GET /cormun/servlet/trautorizarsolicitud? HTTP/1.1" 200 8134
200.112.6.127 - - [07/Mar/2017:12:16:07 -0300] "GET /cormun/servlet/prfichaempleado?,MD,,gxPopupLevel%3D0%3B HTTP/1.1" 200 8847
186.103.156.211 - - [07/Mar/2017:12:16:12 -0300] "GET /cormun/servlet/trcontratounov2? HTTP/1.1" 200 14682
186.103.156.211 - - [07/Mar/2017:12:16:13 -0300] "GET /cormun/servlet/trcontratounov2? HTTP/1.1" 200 14692
186.103.159.46 - - [07/Mar/2017:12:16:23 -0300] "GET /cormun/servlet/hlogin HTTP/1.1" 200 1723
186.103.159.46 - - [07/Mar/2017:12:16:23 -0300] "GET /cormun/servlet/hlogin HTTP/1.1" 200 1731
186.103.156.211 - - [07/Mar/2017:12:16:23 -0300] "GET /cormun/servlet/trautorizarsolicitud? HTTP/1.1" 200 8132
186.103.156.211 - - [07/Mar/2017:12:16:24 -0300] "GET /cormun/servlet/trautorizarsolicitud? HTTP/1.1" 200 8127
200.112.6.127 - - [07/Mar/2017:12:16:25 -0300] "POST /cormun/servlet/prfichaempleado?e9efe3dc44917237e4d211e14a333232,,MD,,gxPopupLevel%3D0%3B,gx-no-cache=1488899855272 HTTP/1.1" 200 3397
200.112.6.127 - - [07/Mar/2017:12:16:33 -0300] "POST /cormun/servlet/solicitudot?gx-no-cache=1488899862897 HTTP/1.1" 200 1291
186.103.156.211 - - [07/Mar/2017:12:16:35 -0300] "GET /cormun/servlet/trautorizarsolicitud? HTTP/1.1" 200 8127
186.103.156.211 - - [07/Mar/2017:12:16:36 -0300] "GET /cormun/servlet/trautorizarsolicitud? HTTP/1.1" 200 8127
186.103.159.46 - - [07/Mar/2017:12:16:36 -0300] "POST /cormun/servlet/hlogin?cb96ac018fcfe92eba269755e8e8b6ea,gx-no-cache=1488899865634 HTTP/1.1" 200 90
186.103.159.46 - - [07/Mar/2017:12:16:36 -0300] "GET /cormun/servlet/hpexe_link HTTP/1.1" 200 952
186.103.159.46 - - [07/Mar/2017:12:16:36 -0300] "GET /cormun/servlet/hhome HTTP/1.1" 200 3998
186.103.159.46 - - [07/Mar/2017:12:16:37 -0300] "GET /cormun/servlet/hhome HTTP/1.1" 200 3994
200.112.6.127 - - [07/Mar/2017:12:16:42 -0300] "GET /cormun/static/menuarrow.gif HTTP/1.1" 404 1015
186.103.156.211 - - [07/Mar/2017:12:16:44 -0300] "GET /cormun/servlet/trcontratounov2? HTTP/1.1" 200 14693
186.103.156.211 - - [07/Mar/2017:12:16:45 -0300] "GET /cormun/servlet/trcontratounov2? HTTP/1.1" 200 14680
200.112.6.127 - - [07/Mar/2017:12:17:28 -0300] "POST /cormun/servlet/solicitudot?gx-no-cache=1488899917956 HTTP/1.1" 200 41
186.103.156.211 - - [07/Mar/2017:12:17:36 -0300] "GET /cormun/servlet/trsolicitudot? HTTP/1.1" 200 6964
186.103.156.211 - - [07/Mar/2017:12:17:36 -0300] "GET /cormun/servlet/trsolicitudot? HTTP/1.1" 200 6963
186.103.159.46 - - [07/Mar/2017:12:17:40 -0300] "GET /cormun/servlet/tratrazos? HTTP/1.1" 200 6791
186.103.159.46 - - [07/Mar/2017:12:17:40 -0300] "GET /cormun/static/gxcfg.js?2016111619465317 HTTP/1.1" 304 -
186.103.156.211 - - [07/Mar/2017:12:17:40 -0300] "GET /cormun/servlet/solicitudot?INS,0,0, HTTP/1.1" 200 12801
186.103.159.46 - - [07/Mar/2017:12:17:41 -0300] "GET /cormun/servlet/tratrazos? HTTP/1.1" 200 6791
186.103.156.211 - - [07/Mar/2017:12:17:42 -0300] "GET /cormun/servlet/solicitudot?INS,0,0, HTTP/1.1" 200 12805
186.103.156.211 - - [07/Mar/2017:12:17:53 -0300] "GET /cormun/servlet/trsolicitudot? HTTP/1.1" 200 6963
186.103.156.211 - - [07/Mar/2017:12:17:54 -0300] "GET /cormun/servlet/trsolicitudot? HTTP/1.1" 200 6963
186.103.156.211 - - [07/Mar/2017:12:17:57 -0300] "GET /cormun/servlet/solicitudot?INS,0,0, HTTP/1.1" 200 12801
186.103.156.211 - - [07/Mar/2017:12:17:58 -0300] "GET /cormun/servlet/solicitudot?INS,0,0, HTTP/1.1" 200 12805
186.103.156.211 - - [07/Mar/2017:12:18:07 -0300] "GET /cormun/servlet/trcontratoobservaciondir? HTTP/1.1" 200 6188
186.103.156.211 - - [07/Mar/2017:12:18:07 -0300] "GET /cormun/servlet/trcontratoobservaciondir? HTTP/1.1" 200 6183
186.103.156.211 - - [07/Mar/2017:12:18:20 -0300] "GET /cormun/servlet/trautorizarsolicitud? HTTP/1.1" 200 8125
186.103.156.211 - - [07/Mar/2017:12:18:21 -0300] "GET /cormun/servlet/trautorizarsolicitud? HTTP/1.1" 200 8124
186.103.156.211 - - [07/Mar/2017:12:18:38 -0300] "GET /cormun/Manuales/InstructivoDirector.pdf HTTP/1.1" 200 352207
186.103.156.211 - - [07/Mar/2017:12:19:00 -0300] "GET /cormun/servlet/trautorizarsolicitud? HTTP/1.1" 200 8125
186.103.156.211 - - [07/Mar/2017:12:19:01 -0300] "GET /cormun/servlet/trautorizarsolicitud? HTTP/1.1" 200 8124
186.103.156.211 - - [07/Mar/2017:12:19:27 -0300] "GET /cormun/Manuales/ManualSolicitud.pdf HTTP/1.1" 200 850295
186.103.156.211 - - [07/Mar/2017:12:19:41 -0300] "GET /cormun/servlet/trautorizarsolicitud? HTTP/1.1" 200 8125
186.103.156.211 - - [07/Mar/2017:12:19:42 -0300] "GET /cormun/servlet/trautorizarsolicitud? HTTP/1.1" 200 8124
186.103.156.211 - - [07/Mar/2017:12:19:53 -0300] "GET /cormun/servlet/treventos?2017,5265, HTTP/1.1" 200 7415
186.103.156.211 - - [07/Mar/2017:12:19:54 -0300] "GET /cormun/static/gxcfg.js?2016101716195975 HTTP/1.1" 304 -
186.103.156.211 - - [07/Mar/2017:12:19:54 -0300] "GET /cormun/servlet/treventos?2017,5265, HTTP/1.1" 200 7414
186.103.156.211 - - [07/Mar/2017:12:20:02 -0300] "GET /cormun/servlet/trautorizarsolicitud? HTTP/1.1" 200 8125
186.103.156.211 - - [07/Mar/2017:12:20:02 -0300] "GET /cormun/servlet/trautorizarsolicitud? HTTP/1.1" 200 8124
186.103.156.211 - - [07/Mar/2017:12:20:12 -0300] "GET /cormun/servlet/trvisualizadoreventos? HTTP/1.1" 200 6721
186.103.156.211 - - [07/Mar/2017:12:20:12 -0300] "GET /cormun/servlet/trvisualizadoreventos? HTTP/1.1" 200 6721
186.103.159.46 - - [07/Mar/2017:12:20:50 -0300] "GET /cormun/Manuales/InstructivoDirector.pdf HTTP/1.1" 200 352207
200.112.6.127 - - [07/Mar/2017:12:21:53 -0300] "GET /cormun/servlet/solicitudot?1fdda1f22c5481ce1d5bff7a95da3c6a30c121a4bdc35be17ebc1c42374d8f79927e2401bd5b653c57c9d83858b92bcc76af750a805d5f2fb3ed77c46348907e129c8c8594a4d0aef50a4395f84a82f31c63616d7b0ee90b624d481b5d5b6507ec89093bf26cd20fc10de1a5fe69b6a84fdf58947b59df91a9e3e8c84f98072556df8dbba6b9c4710f384ab3b6162b9dc35b5a42bc79659e880e0dccee750d5e,gx-no-cache=1488900183702 HTTP/1.1" 200 29
200.112.6.127 - - [07/Mar/2017:12:21:54 -0300] "POST /cormun/servlet/solicitudot?gx-no-cache=1488900183830 HTTP/1.1" 200 1274
200.112.6.127 - - [07/Mar/2017:12:21:54 -0300] "POST /cormun/servlet/solicitudot?gx-no-cache=1488900184009 HTTP/1.1" 200 1157
200.112.6.127 - - [07/Mar/2017:12:21:56 -0300] "POST /cormun/servlet/solicitudot?gx-no-cache=1488900186148 HTTP/1.1" 200 1274
200.112.6.127 - - [07/Mar/2017:12:21:56 -0300] "POST /cormun/servlet/solicitudot?gx-no-cache=1488900186358 HTTP/1.1" 200 1157
186.103.159.182 - - [07/Mar/2017:12:22:03 -0300] "GET /cormun/servlet/hlogin HTTP/1.1" 200 1716
186.103.159.182 - - [07/Mar/2017:12:22:06 -0300] "POST /cormun/servlet/hlogin?602641cadaa90c542c68565efb34f601,gx-no-cache=1488900195818 HTTP/1.1" 200 90
186.103.159.182 - - [07/Mar/2017:12:22:06 -0300] "GET /cormun/servlet/hpexe_link HTTP/1.1" 200 951
186.103.159.182 - - [07/Mar/2017:12:22:06 -0300] "GET /cormun/servlet/hhome HTTP/1.1" 200 4019
200.112.6.127 - - [07/Mar/2017:12:22:08 -0300] "GET /cormun/servlet/solicitudot?1fdda1f22c5481ce1d5bff7a95da3c6a2bdfd1bbae580dc17aadc3eeb168b67fcea2d1ba51b8950086e070f327105c8b38e1ccc8aebde769af2cee52f08496c662c609f2f5c7f88709d17978765736cb8337137ace67e61937af3bfccabcec508f2ce2af297c27e1f8b98f697b9feac225968d5dc52c6a4130615a3bd0e8d321f9f566848c4d19a5baa4e054747b8b73bf378f3c207b74e1a1ffa9e52886866753657320f5ed98a69026cda170cfd829cd9c752fbf0626c1ce690a1a6f2cd18d,gx-no-cache=1488900197967 HTTP/1.1" 200 30
186.103.159.182 - - [07/Mar/2017:12:22:08 -0300] "GET /cormun/servlet/hhome HTTP/1.1" 200 4015
200.112.6.127 - - [07/Mar/2017:12:22:08 -0300] "POST /cormun/servlet/solicitudot?e9efe3dc44917237e4d211e14a333232,INS,0,0,,gx-no-cache=1488900198064 HTTP/1.1" 200 93
200.112.6.127 - - [07/Mar/2017:12:22:08 -0300] "GET /cormun/servlet/hpexe_return? HTTP/1.1" 200 1005
200.112.6.127 - - [07/Mar/2017:12:22:09 -0300] "GET /cormun/servlet/trsolicitudot HTTP/1.1" 200 8138
186.103.159.182 - - [07/Mar/2017:12:22:13 -0300] "GET /cormun/servlet/trsolicitudot? HTTP/1.1" 200 6992
186.103.159.182 - - [07/Mar/2017:12:22:14 -0300] "GET /cormun/servlet/trsolicitudot? HTTP/1.1" 200 6993
186.79.89.183 - - [07/Mar/2017:12:22:19 -0300] "GET /cormun/servlet/hlogin HTTP/1.1" 200 1740
200.112.6.127 - - [07/Mar/2017:12:22:20 -0300] "POST /cormun/servlet/trsolicitudot?e9efe3dc44917237e4d211e14a333232,gx-no-cache=1488900209977 HTTP/1.1" 200 106
200.112.6.127 - - [07/Mar/2017:12:22:20 -0300] "GET /cormun/servlet/trsolicitudadjuntos?2017,5270, HTTP/1.1" 200 6077
186.103.159.182 - - [07/Mar/2017:12:22:23 -0300] "GET /cormun/servlet/solicitudot?INS,0,0, HTTP/1.1" 200 12818
200.112.6.127 - - [07/Mar/2017:12:22:23 -0300] "GET /cormun/servlet/solicitudotadjuntos?INS,2017,5270,,1, HTTP/1.1" 200 6007
200.112.6.127 - - [07/Mar/2017:12:22:24 -0300] "HEAD /cormun/static/about:blank HTTP/1.1" 404 -
186.103.159.182 - - [07/Mar/2017:12:22:24 -0300] "GET /cormun/servlet/solicitudot?INS,0,0, HTTP/1.1" 200 12823
200.112.6.127 - - [07/Mar/2017:12:22:24 -0300] "GET /cormun/servlet/solicitudotadjuntos?1fdda1f22c5481ce1d5bff7a95da3c6a57167ae5982e7175db497eb7a52a48742b4351a4a3ef53a33472ce92ace0fb36,gx-no-cache=1488900214684 HTTP/1.1" 200 30
200.112.6.127 - - [07/Mar/2017:12:22:25 -0300] "POST /cormun/servlet/solicitudotadjuntos?e9efe3dc44917237e4d211e14a333232,INS,2017,5270,,1,,gx-no-cache=1488900215004 HTTP/1.1" 200 3855
200.112.6.127 - - [07/Mar/2017:12:22:27 -0300] "POST /cormun/servlet/solicitudotadjuntos?gx-no-cache=1488900217153 HTTP/1.1" 200 26
200.112.6.127 - - [07/Mar/2017:12:22:54 -0300] "GET /cormun/servlet/solicitudotadjuntos?1fdda1f22c5481ce1d5bff7a95da3c6a093976f4271919d14670961b15512f27,gx-no-cache=1488900244456 HTTP/1.1" 200 30
200.112.6.127 - - [07/Mar/2017:12:22:54 -0300] "GET /cormun/servlet/solicitudotadjuntos?1fdda1f22c5481ce1d5bff7a95da3c6a093976f4271919d14670961b15512f27,gx-no-cache=1488900244592 HTTP/1.1" 200 30
186.103.159.182 - - [07/Mar/2017:12:22:56 -0300] "POST /cormun/servlet/solicitudot?gx-no-cache=1488900245407 HTTP/1.1" 200 3081
186.103.159.182 - - [07/Mar/2017:12:22:56 -0300] "POST /cormun/servlet/solicitudot?602641cadaa90c542c68565efb34f601,INS,0,0,,gx-no-cache=1488900245711 HTTP/1.1" 200 9860
200.112.6.127 - - [07/Mar/2017:12:22:59 -0300] "POST /cormun/servlet/solicitudotadjuntos?e9efe3dc44917237e4d211e14a333232,INS,2017,5270,,1, HTTP/1.1" 200 116
200.112.6.127 - - [07/Mar/2017:12:22:59 -0300] "GET /cormun/servlet/hpexe_return? HTTP/1.1" 200 1024
200.112.6.127 - - [07/Mar/2017:12:22:59 -0300] "GET /cormun/servlet/trsolicitudadjuntos?2017,5270, HTTP/1.1" 200 8170
200.112.6.127 - - [07/Mar/2017:12:23:03 -0300] "GET /cormun/servlet/solicitudotadjuntos?INS,2017,5270,,1, HTTP/1.1" 200 6007
186.103.159.182 - - [07/Mar/2017:12:23:03 -0300] "GET /cormun/servlet/solicitudot?665f712c41cdff01c0edae7caf3b3f839a396870ff2d04cc031a2375daf54b8ab4f3f863a5f9c1c2cb6e8aafc30f7293,gx-no-cache=1488900252960 HTTP/1.1" 200 30
200.112.6.127 - - [07/Mar/2017:12:23:03 -0300] "HEAD /cormun/static/about:blank HTTP/1.1" 404 -
200.112.6.127 - - [07/Mar/2017:12:23:04 -0300] "GET /cormun/servlet/solicitudotadjuntos?1fdda1f22c5481ce1d5bff7a95da3c6a57167ae5982e7175db497eb7a52a48742b4351a4a3ef53a33472ce92ace0fb36,gx-no-cache=1488900254117 HTTP/1.1" 200 30
200.112.6.127 - - [07/Mar/2017:12:23:04 -0300] "POST /cormun/servlet/solicitudotadjuntos?e9efe3dc44917237e4d211e14a333232,INS,2017,5270,,1,,gx-no-cache=1488900254183 HTTP/1.1" 200 3855
200.112.6.127 - - [07/Mar/2017:12:23:11 -0300] "POST /cormun/servlet/solicitudotadjuntos?gx-no-cache=1488900261295 HTTP/1.1" 200 26
200.112.6.127 - - [07/Mar/2017:12:23:19 -0300] "GET /cormun/servlet/solicitudotadjuntos?1fdda1f22c5481ce1d5bff7a95da3c6a093976f4271919d14670961b15512f27,gx-no-cache=1488900269527 HTTP/1.1" 200 30
200.112.6.127 - - [07/Mar/2017:12:23:19 -0300] "GET /cormun/servlet/solicitudotadjuntos?1fdda1f22c5481ce1d5bff7a95da3c6a093976f4271919d14670961b15512f27,gx-no-cache=1488900269588 HTTP/1.1" 200 30
186.103.156.211 - - [07/Mar/2017:12:23:32 -0300] "GET /cormun/servlet/trcontratounov2? HTTP/1.1" 200 14682
200.112.6.127 - - [07/Mar/2017:12:23:32 -0300] "POST /cormun/servlet/solicitudotadjuntos?e9efe3dc44917237e4d211e14a333232,INS,2017,5270,,1, HTTP/1.1" 200 116
200.112.6.127 - - [07/Mar/2017:12:23:33 -0300] "GET /cormun/servlet/hpexe_return? HTTP/1.1" 200 1024
186.103.156.211 - - [07/Mar/2017:12:23:33 -0300] "GET /cormun/servlet/trcontratounov2? HTTP/1.1" 200 14680
200.112.6.127 - - [07/Mar/2017:12:23:34 -0300] "GET /cormun/servlet/trsolicitudadjuntos?2017,5270, HTTP/1.1" 200 8396
200.112.6.127 - - [07/Mar/2017:12:23:39 -0300] "GET /cormun/servlet/solicitudotadjuntos?INS,2017,5270,,1, HTTP/1.1" 200 6007
200.112.6.127 - - [07/Mar/2017:12:23:39 -0300] "HEAD /cormun/static/about:blank HTTP/1.1" 404 -
200.112.6.127 - - [07/Mar/2017:12:23:40 -0300] "GET /cormun/servlet/solicitudotadjuntos?1fdda1f22c5481ce1d5bff7a95da3c6a57167ae5982e7175db497eb7a52a48742b4351a4a3ef53a33472ce92ace0fb36,gx-no-cache=1488900290147 HTTP/1.1" 200 30
200.112.6.127 - - [07/Mar/2017:12:23:40 -0300] "POST /cormun/servlet/solicitudotadjuntos?e9efe3dc44917237e4d211e14a333232,INS,2017,5270,,1,,gx-no-cache=1488900290227 HTTP/1.1" 200 3856
200.112.6.127 - - [07/Mar/2017:12:23:45 -0300] "POST /cormun/servlet/solicitudotadjuntos?gx-no-cache=1488900294805 HTTP/1.1" 200 26
186.103.156.211 - - [07/Mar/2017:12:23:51 -0300] "GET /cormun/servlet/trcontratosolicitud? HTTP/1.1" 200 9934
186.103.156.211 - - [07/Mar/2017:12:23:52 -0300] "GET /cormun/servlet/trcontratosolicitud? HTTP/1.1" 200 9935
186.103.156.211 - - [07/Mar/2017:12:24:00 -0300] "GET /cormun/servlet/trcontratoobservaciondir? HTTP/1.1" 200 6172
186.103.156.211 - - [07/Mar/2017:12:24:00 -0300] "GET /cormun/servlet/trcontratoobservaciondir? HTTP/1.1" 200 6171
186.103.156.211 - - [07/Mar/2017:12:24:18 -0300] "POST /cormun/servlet/trcontratoobservaciondir?b8d5c39d98d039fda570736fa85dbc4d,,gx-no-cache=1488900328978 HTTP/1.1" 200 3823
186.103.156.211 - - [07/Mar/2017:12:24:25 -0300] "POST /cormun/servlet/trcontratoobservaciondir?b8d5c39d98d039fda570736fa85dbc4d,,gx-no-cache=1488900335759 HTTP/1.1" 200 3824
186.103.156.211 - - [07/Mar/2017:12:24:30 -0300] "GET /cormun/servlet/trsolicitudot? HTTP/1.1" 200 6963
186.103.156.211 - - [07/Mar/2017:12:24:31 -0300] "GET /cormun/servlet/trsolicitudot? HTTP/1.1" 200 6962
186.103.156.211 - - [07/Mar/2017:12:24:45 -0300] "GET /cormun/servlet/trautorizarsolicitud? HTTP/1.1" 200 8134
186.103.156.211 - - [07/Mar/2017:12:24:46 -0300] "GET /cormun/servlet/trautorizarsolicitud? HTTP/1.1" 200 8134
186.103.156.211 - - [07/Mar/2017:12:24:53 -0300] "GET /cormun/servlet/trvisualizadoreventos? HTTP/1.1" 200 6721
186.103.156.211 - - [07/Mar/2017:12:24:53 -0300] "GET /cormun/servlet/trvisualizadoreventos? HTTP/1.1" 200 6721
186.103.159.182 - - [07/Mar/2017:12:25:38 -0300] "POST /cormun/servlet/solicitudot?gx-no-cache=1488900408039 HTTP/1.1" 200 255
186.103.156.211 - - [07/Mar/2017:12:25:40 -0300] "GET /cormun/servlet/trautorizarsolicitud? HTTP/1.1" 200 8134
186.103.156.211 - - [07/Mar/2017:12:25:41 -0300] "GET /cormun/servlet/trautorizarsolicitud? HTTP/1.1" 200 8134
186.103.159.182 - - [07/Mar/2017:12:25:43 -0300] "GET /cormun/servlet/solicitudot?665f712c41cdff01c0edae7caf3b3f83728af15c0d02c876e983d98ba2ee2599cf62e3f73383ab7c03092030b706ffb9390328d65e31f67abffd8950f879d385e2521fbbb20cbd50ae089808c586e165be54ec78c77323073ab61cb252be2cb38871079c68b4e5007e0c9147ca7a52a501b7c8fdae22484e4bb81945a599baa5fc2f1bd0d200d662cb6b04307717f5f6b4dbee0efcf5d604c30f28fd6cb8f15f08e5707fb66cb50dd9c8f8fdb96e4077a32c1bf06fa4797ec7a71ff1936a89b54d39c5f6d320887964d63d19d3ea749311d692ec6c059a21d741f83d095536761c7ce75fba3832c88ff4168fea81392a0b32f80652eccd3aee90cbee12987e4a24f2153ce594874513d78f3a08073ad84244cecbe09e172510b05cf5caf3b686134775543e1d7ff810a992d63232b7c6b0f2c0617259595b4e11d4456efebbd85336030f23aa65c9bae6e2d7d32661a12b0b6356c97c4ad8005b610ff6d55ea2197da5f5e9c93e4af33abf23ca92850492e79229b6b47508811ac25ca9d5af9e,gx-no-cache=1488900412895 HTTP/1.1" 200 30
186.103.159.182 - - [07/Mar/2017:12:25:48 -0300] "POST /cormun/servlet/solicitudot?gx-no-cache=1488900417805 HTTP/1.1" 200 30
186.103.159.182 - - [07/Mar/2017:12:25:51 -0300] "POST /cormun/servlet/solicitudot?gx-no-cache=1488900420780 HTTP/1.1" 200 235
186.103.159.182 - - [07/Mar/2017:12:25:51 -0300] "POST /cormun/servlet/solicitudot?gx-no-cache=1488900420847 HTTP/1.1" 200 38
186.103.159.182 - - [07/Mar/2017:12:26:12 -0300] "GET /cormun/servlet/solicitudot?665f712c41cdff01c0edae7caf3b3f830b63dbf87eadf789884f2486d47900a464bfe926642ae7db78156cad14c4fabd981bcb5f0ad584c359dbcc8e8aa69c6e1cb49ed8adf2145b09a55b9536ab9063dcc400681a48cd9f4720819099d68cfcf5c60922e5bbe810ad9c0f603cf0292f,gx-no-cache=1488900441629 HTTP/1.1" 200 29
186.103.159.182 - - [07/Mar/2017:12:26:12 -0300] "POST /cormun/servlet/solicitudot?gx-no-cache=1488900441691 HTTP/1.1" 200 643
186.103.159.182 - - [07/Mar/2017:12:26:14 -0300] "POST /cormun/servlet/solicitudot?gx-no-cache=1488900444175 HTTP/1.1" 200 518
186.103.159.182 - - [07/Mar/2017:12:26:26 -0300] "POST /cormun/servlet/solicitudot?gx-no-cache=1488900456479 HTTP/1.1" 200 1157
186.103.159.182 - - [07/Mar/2017:12:26:43 -0300] "GET /cormun/static/menuarrow.gif HTTP/1.1" 404 1015
186.103.159.182 - - [07/Mar/2017:12:27:26 -0300] "GET /cormun/servlet/solicitudot?665f712c41cdff01c0edae7caf3b3f8347975985746d56650b74375c43392383b8dfd62fed9792be55b77f3c7cd4436eeefb529951d41dc21a3745d59e351291d90e89d524346cc89cf9aa30c2a9934a999a68cbfb1456db7d018bc010d649e53008993cc03ee7655735d04f297cfd81cacdaf9b3d3ec2dde886b923677cbdc9f77b65de2076ba557f8ba1166b38d4351c39226b1c467f5c4860f1b9e83d08dce0353b1e7411a97d9f8e9452bcab5d89,gx-no-cache=1488900516281 HTTP/1.1" 200 30
186.103.156.211 - - [07/Mar/2017:12:27:50 -0300] "GET /cormun/servlet/trcontratoobservaciondir? HTTP/1.1" 200 6197
186.103.156.211 - - [07/Mar/2017:12:27:50 -0300] "GET /cormun/servlet/trcontratoobservaciondir? HTTP/1.1" 200 6196
186.103.156.211 - - [07/Mar/2017:12:27:55 -0300] "GET /cormun/servlet/trcontratounov2? HTTP/1.1" 200 14686
186.103.156.211 - - [07/Mar/2017:12:27:56 -0300] "GET /cormun/servlet/trcontratounov2? HTTP/1.1" 200 14689
186.103.156.211 - - [07/Mar/2017:12:28:02 -0300] "GET /cormun/servlet/trsolicitudot? HTTP/1.1" 200 6964
186.103.156.211 - - [07/Mar/2017:12:28:03 -0300] "GET /cormun/servlet/trsolicitudot? HTTP/1.1" 200 6963
186.103.159.182 - - [07/Mar/2017:12:28:25 -0300] "POST /cormun/servlet/solicitudot?gx-no-cache=1488900575056 HTTP/1.1" 200 1275
186.103.159.182 - - [07/Mar/2017:12:28:25 -0300] "POST /cormun/servlet/solicitudot?gx-no-cache=1488900575143 HTTP/1.1" 200 1158
186.103.159.182 - - [07/Mar/2017:12:28:25 -0300] "GET /cormun/servlet/solicitudot?665f712c41cdff01c0edae7caf3b3f8347975985746d56650b74375c43392383b8dfd62fed9792be55b77f3c7cd4436eeefb529951d41dc21a3745d59e351291d90e89d524346cc89cf9aa30c2a9934a999a68cbfb1456db7d018bc010d649e53008993cc03ee7655735d04f297cfd81cacdaf9b3d3ec2dde886b923677cbdc9f77b65de2076ba557f8ba1166b38d4351c39226b1c467f5c4860f1b9e83d08dce0353b1e7411a97d9f8e9452bcab5d89,gx-no-cache=1488900575211 HTTP/1.1" 200 30
186.103.159.182 - - [07/Mar/2017:12:28:25 -0300] "POST /cormun/servlet/solicitudot?602641cadaa90c542c68565efb34f601,INS,0,0,,gx-no-cache=1488900575270 HTTP/1.1" 200 93
186.103.159.182 - - [07/Mar/2017:12:28:25 -0300] "GET /cormun/servlet/hpexe_return? HTTP/1.1" 200 1004
186.103.159.182 - - [07/Mar/2017:12:28:26 -0300] "GET /cormun/servlet/trsolicitudot HTTP/1.1" 200 8256
