200.83.57.219 - - [07/Mar/2017:13:13:52 -0300] "GET /cormun/servlet/solicitudot?44f44457ade39ccde6fc41d0737e65e5e9dcd36580658eed096960ff199bdf00fdda014359ce3a3b91fc61e8e01a46f0805df2d598ab53622928cf4c0974b66c5c5ce50bf41c6ebcdae70103ed629bf2,gx-no-cache=1488903301282 HTTP/1.1" 200 29
200.83.57.219 - - [07/Mar/2017:13:13:52 -0300] "POST /cormun/servlet/solicitudot?gx-no-cache=1488903301381 HTTP/1.1" 200 643
200.83.57.219 - - [07/Mar/2017:13:13:53 -0300] "POST /cormun/servlet/solicitudot?gx-no-cache=1488903302655 HTTP/1.1" 200 1157
200.83.57.219 - - [07/Mar/2017:13:14:01 -0300] "GET /cormun/static/menuarrow.gif HTTP/1.1" 404 1015
186.67.172.234 - - [07/Mar/2017:13:14:03 -0300] "GET /cormun/servlet/trlicencias? HTTP/1.1" 200 8363
186.67.172.234 - - [07/Mar/2017:13:14:03 -0300] "GET /cormun/servlet/trlicencias? HTTP/1.1" 200 8363
186.67.172.234 - - [07/Mar/2017:13:14:09 -0300] "GET /cormun/servlet/licenciaspermisos?INS,0,,, HTTP/1.1" 200 7082
186.67.172.234 - - [07/Mar/2017:13:14:09 -0300] "GET /cormun/static/gxcfg.js?2016122619301043 HTTP/1.1" 200 953
186.67.172.234 - - [07/Mar/2017:13:14:09 -0300] "GET /cormun/static/Resources/prompt.gif HTTP/1.1" 200 902
186.67.172.234 - - [07/Mar/2017:13:14:09 -0300] "GET /cormun/static/licenciaspermisos.js?2016122619301096 HTTP/1.1" 200 33213
186.67.172.234 - - [07/Mar/2017:13:14:10 -0300] "GET /cormun/servlet/licenciaspermisos?INS,0,,, HTTP/1.1" 200 7082
200.83.57.219 - - [07/Mar/2017:13:14:13 -0300] "GET /cormun/servlet/solicitudot?44f44457ade39ccde6fc41d0737e65e50bcb8cecc4cebc2f91c58beacdaf956c31dd184b35f017a29ffcfaf57ba10d31062e495a29679467b980f0d4087871cb805df2d598ab53622928cf4c0974b66cde04994bc1b1ea5e8dbedde6d81f5048274c40fdaadd0c6b5da7dcf374df79790d64c11c6d8f31bcce4eae5330b324c02836de2625bf10cf55ffb3da9e6d1ddc9c0d05541c38083aeb5f3baeb46fd1c1f5490096fcb32b480b8dd90f9fc8f064,gx-no-cache=1488903322064 HTTP/1.1" 200 30
186.67.172.234 - - [07/Mar/2017:13:14:21 -0300] "GET /cormun/static/Resources/resize.gif HTTP/1.1" 200 77
186.103.156.211 - - [07/Mar/2017:13:14:23 -0300] "POST /cormun/servlet/trcontratosolicitud?e32f67f5eaa0fe9fef1a7e379ff6aeb0,,gx-no-cache=1488903333656 HTTP/1.1" 200 6239
186.67.172.234 - - [07/Mar/2017:13:14:28 -0300] "GET /cormun/servlet/prfichaempleado?,MD,,gxPopupLevel%3D0%3B HTTP/1.1" 200 8775
186.67.172.234 - - [07/Mar/2017:13:14:28 -0300] "GET /cormun/static/gxcfg.js?2016102420561687 HTTP/1.1" 200 953
186.67.172.234 - - [07/Mar/2017:13:14:28 -0300] "GET /cormun/static/Resources/PXToolsMenuSearch.png HTTP/1.1" 200 2914
186.67.172.234 - - [07/Mar/2017:13:14:28 -0300] "GET /cormun/static/menusearch.js?201610171694467 HTTP/1.1" 200 1424
186.67.172.234 - - [07/Mar/2017:13:14:28 -0300] "GET /cormun/static/hmpwkw011.js?201612218515582 HTTP/1.1" 200 1968
186.67.172.234 - - [07/Mar/2017:13:14:28 -0300] "GET /cormun/static/Resources/PXToolsMenuSearchCancel.png HTTP/1.1" 200 2972
186.67.172.234 - - [07/Mar/2017:13:14:28 -0300] "GET /cormun/static/prfichaempleado.js?201610242056198 HTTP/1.1" 200 16015
186.103.156.211 - - [07/Mar/2017:13:14:39 -0300] "POST /cormun/servlet/trcontratosolicitud?e32f67f5eaa0fe9fef1a7e379ff6aeb0,,gx-no-cache=1488903349495 HTTP/1.1" 200 5397
186.67.172.234 - - [07/Mar/2017:13:14:39 -0300] "POST /cormun/servlet/prfichaempleado?18c75e6416d010a517152efabc34668d,,MD,,gxPopupLevel%3D0%3B,gx-no-cache=1488903347955 HTTP/1.1" 200 3411
186.103.156.211 - - [07/Mar/2017:13:14:56 -0300] "GET /cormun/servlet/trvisualizadoreventos? HTTP/1.1" 200 6720
186.103.156.211 - - [07/Mar/2017:13:14:57 -0300] "GET /cormun/servlet/trvisualizadoreventos? HTTP/1.1" 200 6720
186.103.156.211 - - [07/Mar/2017:13:15:00 -0300] "GET /cormun/servlet/trautorizarsolicitud? HTTP/1.1" 200 8127
186.103.156.211 - - [07/Mar/2017:13:15:01 -0300] "GET /cormun/servlet/trautorizarsolicitud? HTTP/1.1" 200 8126
186.67.172.234 - - [07/Mar/2017:13:15:03 -0300] "GET /cormun/servlet/prfichaempleado?,MD,,gxPopupLevel%3D0%3B HTTP/1.1" 200 8775
186.103.156.211 - - [07/Mar/2017:13:15:05 -0300] "GET /cormun/servlet/trsolicitudot? HTTP/1.1" 200 7008
186.103.156.211 - - [07/Mar/2017:13:15:05 -0300] "GET /cormun/servlet/trsolicitudot? HTTP/1.1" 200 7007
200.83.57.219 - - [07/Mar/2017:13:15:12 -0300] "GET /cormun/servlet/solicitudot?44f44457ade39ccde6fc41d0737e65e5f8fe0c10445b4454c2866937736332eeb3e8ba919760afc8068b6c94e2c1f4d6ae36697496a203cb71f4be38da196b1fd9828cefae5aac49b7f58116572ce19a64c516d32ada20fc6dc09702bb7fd52142c6f57f61f92b5c000521bb425f1d85a648402b4285ba74482a8cb45adcdce2f20ecd0c6b084bb1f248ad8ab64097a648648c8035f9d92370610378c6001424c24af1e997a754dee75f0cb8e14fad71ff8b7b87e89e14e65e414617a53772db5ce002d55d2dc430d7f9a61f753474739765a480f503dab4da598cefc0bb93e2061e068033734b68df60cd6b7a9463123e0160791b44fdc3f3bcf0a3b3bc1a21c37157c4e410ab03b21f7523d904cc0c5edfff4035c99981490b5f5d141568daac230063d70c17905a07102a857de105c721db53638724b4a5953981116e89b72721b7bb89328b7d8bc9e87164270c21cbdd17e3014e8ebb63906777b79c10c13c2c9a5f4930b477b5e2686b82f024a9c324d3546f9e1db589aea689102bdb836bbe56d0fa71bbeb9b022446eab596a2,gx-no-cache=1488903381497 HTTP/1.1" 200 30
200.83.57.219 - - [07/Mar/2017:13:15:12 -0300] "POST /cormun/servlet/solicitudot?gx-no-cache=1488903381614 HTTP/1.1" 200 30
200.83.57.219 - - [07/Mar/2017:13:15:12 -0300] "POST /cormun/servlet/solicitudot?gx-no-cache=1488903381693 HTTP/1.1" 200 1287
200.83.57.219 - - [07/Mar/2017:13:15:12 -0300] "POST /cormun/servlet/solicitudot?gx-no-cache=1488903381785 HTTP/1.1" 200 41
200.83.57.219 - - [07/Mar/2017:13:15:12 -0300] "POST /cormun/servlet/solicitudot?gx-no-cache=1488903381826 HTTP/1.1" 200 1275
200.83.57.219 - - [07/Mar/2017:13:15:12 -0300] "POST /cormun/servlet/solicitudot?gx-no-cache=1488903381902 HTTP/1.1" 200 1157
200.83.57.219 - - [07/Mar/2017:13:15:12 -0300] "GET /cormun/servlet/solicitudot?44f44457ade39ccde6fc41d0737e65e50bcb8cecc4cebc2f91c58beacdaf956c31dd184b35f017a29ffcfaf57ba10d31062e495a29679467b980f0d4087871cb805df2d598ab53622928cf4c0974b66cde04994bc1b1ea5e8dbedde6d81f5048274c40fdaadd0c6b5da7dcf374df79790d64c11c6d8f31bcce4eae5330b324c02836de2625bf10cf55ffb3da9e6d1ddc9c0d05541c38083aeb5f3baeb46fd1c1f5490096fcb32b480b8dd90f9fc8f064,gx-no-cache=1488903381966 HTTP/1.1" 200 30
200.83.57.219 - - [07/Mar/2017:13:15:13 -0300] "POST /cormun/servlet/solicitudot?1cdb2575f27cb244828164342a871ab8,INS,0,0,,gx-no-cache=1488903382021 HTTP/1.1" 200 11215
186.67.172.234 - - [07/Mar/2017:13:15:16 -0300] "POST /cormun/servlet/prfichaempleado?18c75e6416d010a517152efabc34668d,,MD,,gxPopupLevel%3D0%3B,gx-no-cache=1488903384883 HTTP/1.1" 200 3411
186.103.156.211 - - [07/Mar/2017:13:15:17 -0300] "GET /cormun/servlet/trcontratounov2? HTTP/1.1" 200 14692
186.103.156.211 - - [07/Mar/2017:13:15:18 -0300] "GET /cormun/servlet/trcontratounov2? HTTP/1.1" 200 14692
186.67.172.234 - - [07/Mar/2017:13:15:23 -0300] "GET /cormun/servlet/licenciaspermisos?54980d20faa63d7f99fb1c1f7594cce22daf0a26cd64ea8f49fa9f9036c5cec169749f3938d7e10f92ff1993130462a0,gx-no-cache=1488903391365 HTTP/1.1" 200 68
186.67.172.234 - - [07/Mar/2017:13:15:23 -0300] "POST /cormun/servlet/licenciaspermisos?18c75e6416d010a517152efabc34668d,INS,0,,,,gx-no-cache=1488903391416 HTTP/1.1" 200 4409
200.83.57.219 - - [07/Mar/2017:13:15:53 -0300] "POST /cormun/servlet/solicitudot?1cdb2575f27cb244828164342a871ab8,INS,0,0,,gx-no-cache=1488903421965 HTTP/1.1" 200 11269
200.83.57.219 - - [07/Mar/2017:13:15:56 -0300] "POST /cormun/servlet/solicitudot?1cdb2575f27cb244828164342a871ab8,INS,0,0,,gx-no-cache=1488903425083 HTTP/1.1" 200 93
200.83.57.219 - - [07/Mar/2017:13:15:56 -0300] "GET /cormun/servlet/hpexe_return? HTTP/1.1" 200 1013
200.83.57.219 - - [07/Mar/2017:13:15:56 -0300] "GET /cormun/static/gxcfg.js?2016101716175148 HTTP/1.1" 200 953
200.83.57.219 - - [07/Mar/2017:13:15:56 -0300] "GET /cormun/static/hpexe_return.js?2016101716175153 HTTP/1.1" 200 1633
200.83.57.219 - - [07/Mar/2017:13:15:56 -0300] "GET /cormun/servlet/trsolicitudot HTTP/1.1" 200 7077
200.83.57.219 - - [07/Mar/2017:13:15:56 -0300] "GET /cormun/servlet/trsolicitudot HTTP/1.1" 200 7074
200.83.57.219 - - [07/Mar/2017:13:15:59 -0300] "GET /cormun/servlet/trsolicitudot? HTTP/1.1" 200 7074
200.83.57.219 - - [07/Mar/2017:13:16:00 -0300] "GET /cormun/servlet/trsolicitudot? HTTP/1.1" 200 7074
200.83.57.219 - - [07/Mar/2017:13:16:06 -0300] "GET /cormun/servlet/solicitudot?INS,0,0, HTTP/1.1" 200 12912
200.83.57.219 - - [07/Mar/2017:13:16:06 -0300] "GET /cormun/servlet/solicitudot?INS,0,0, HTTP/1.1" 200 12917
200.83.57.219 - - [07/Mar/2017:13:16:24 -0300] "POST /cormun/servlet/solicitudot?gx-no-cache=1488903453208 HTTP/1.1" 200 3081
200.83.57.219 - - [07/Mar/2017:13:16:24 -0300] "POST /cormun/servlet/solicitudot?1cdb2575f27cb244828164342a871ab8,INS,0,0,,gx-no-cache=1488903453708 HTTP/1.1" 200 9871
200.83.57.219 - - [07/Mar/2017:13:16:24 -0300] "GET /cormun/servlet/solicitudot?44f44457ade39ccde6fc41d0737e65e5aa0a77f9a99d05185ec4925266da2a53ff3b22a4a79ce7c60c51da730d4bc447,gx-no-cache=1488903453928 HTTP/1.1" 200 111
200.83.57.219 - - [07/Mar/2017:13:16:24 -0300] "GET /cormun/static/Shared/jqueryui/images/ui-bg_highlight-soft_100_c6c2c8_1x100.png HTTP/1.1" 404 1117
200.83.57.219 - - [07/Mar/2017:13:16:25 -0300] "GET /cormun/static/Shared/jqueryui/images/ui-bg_flat_55_994d53_40x100.png HTTP/1.1" 404 1097
200.83.57.219 - - [07/Mar/2017:13:16:25 -0300] "GET /cormun/static/Shared/jqueryui/images/ui-icons_82798d_256x240.png HTTP/1.1" 404 1089
200.83.57.219 - - [07/Mar/2017:13:16:25 -0300] "GET /cormun/static/Shared/jqueryui/images/ui-icons_ebccce_256x240.png HTTP/1.1" 404 1089
200.83.57.219 - - [07/Mar/2017:13:16:32 -0300] "GET /cormun/servlet/solicitudot?44f44457ade39ccde6fc41d0737e65e5c6d98918b4ecc3be99c576a12f9e0c976d05889b7db0621235d31d5a8aed795e,gx-no-cache=1488903461387 HTTP/1.1" 200 30
186.103.156.211 - - [07/Mar/2017:13:16:44 -0300] "GET /cormun/servlet/trcontratounov2? HTTP/1.1" 200 14691
186.103.156.211 - - [07/Mar/2017:13:16:45 -0300] "GET /cormun/servlet/trcontratounov2? HTTP/1.1" 200 14690
186.103.156.211 - - [07/Mar/2017:13:16:51 -0300] "GET /cormun/Manuales/ManualContratos.pdf HTTP/1.1" 200 629147
186.103.156.211 - - [07/Mar/2017:13:16:54 -0300] "GET /cormun/servlet/trcontratounov2? HTTP/1.1" 200 14692
186.103.156.211 - - [07/Mar/2017:13:16:54 -0300] "GET /cormun/servlet/trcontratounov2? HTTP/1.1" 200 14691
186.103.156.211 - - [07/Mar/2017:13:17:07 -0300] "GET /cormun/servlet/trcontratounov2? HTTP/1.1" 200 14690
186.103.156.211 - - [07/Mar/2017:13:17:08 -0300] "GET /cormun/servlet/trcontratounov2? HTTP/1.1" 200 14690
186.103.156.211 - - [07/Mar/2017:13:17:11 -0300] "GET /cormun/servlet/trcontratosolicitud? HTTP/1.1" 200 7934
186.103.156.211 - - [07/Mar/2017:13:17:12 -0300] "GET /cormun/servlet/trcontratosolicitud? HTTP/1.1" 200 7934
186.103.156.211 - - [07/Mar/2017:13:17:31 -0300] "POST /cormun/servlet/trcontratosolicitud?e32f67f5eaa0fe9fef1a7e379ff6aeb0,,gx-no-cache=1488903521804 HTTP/1.1" 200 7223
186.67.172.234 - - [07/Mar/2017:13:17:35 -0300] "GET /cormun/static/menuarrow.gif HTTP/1.1" 404 1015
186.103.156.211 - - [07/Mar/2017:13:17:39 -0300] "GET /cormun/servlet/trcontratoobservaciondir? HTTP/1.1" 200 6173
186.103.156.211 - - [07/Mar/2017:13:17:40 -0300] "GET /cormun/servlet/trcontratoobservaciondir? HTTP/1.1" 200 6172
186.103.156.211 - - [07/Mar/2017:13:18:06 -0300] "POST /cormun/servlet/trcontratoobservaciondir?e32f67f5eaa0fe9fef1a7e379ff6aeb0,,gx-no-cache=1488903556754 HTTP/1.1" 200 3831
200.83.57.219 - - [07/Mar/2017:13:18:22 -0300] "POST /cormun/servlet/solicitudot?gx-no-cache=1488903571556 HTTP/1.1" 200 297
200.83.57.219 - - [07/Mar/2017:13:18:22 -0300] "GET /cormun/servlet/solicitudot?44f44457ade39ccde6fc41d0737e65e5f8fe0c10445b4454c2866937736332eeb3e8ba919760afc8068b6c94e2c1f4d6ae36697496a203cb71f4be38da196b1fd9828cefae5aac49b7f58116572ce19a64c516d32ada20fc6dc09702bb7fd52142c6f57f61f92b5c000521bb425f1d85a648402b4285ba74482a8cb45adcdce2f20ecd0c6b084bb1f248ad8ab64097a648648c8035f9d92370610378c6001424c24af1e997a754dee75f0cb8e14fad71ff8b7b87e89e14e65e414617a53772db5ce002d55d2dc430d7f9a61f753474739765a480f503dab4da598cefc0bb93e2061e068033734b68df60cd6b7a9463123e0160791b44fdc3f3bcf0a3b3bc1a21c37157c4e410ab03b21f7523d904cc0c5edfff4035c99981490b5f5d141568daac230063d70c17905a07102a857de105c721db53638724b4a5953981116e89b72721b7bb89328b7d8bc9e87164270c21cbdd17e3014e8ebb63906777b79c10c13c2c9a5f4930b477b5e2686b82f024a9da83fdbf26cfe080de365419020a865d6bbe56d0fa71bbeb9b022446eab596a2,gx-no-cache=1488903571671 HTTP/1.1" 200 30
200.83.57.219 - - [07/Mar/2017:13:18:25 -0300] "POST /cormun/servlet/solicitudot?gx-no-cache=1488903574216 HTTP/1.1" 200 30
200.83.57.219 - - [07/Mar/2017:13:18:26 -0300] "POST /cormun/servlet/solicitudot?gx-no-cache=1488903575708 HTTP/1.1" 200 235
200.83.57.219 - - [07/Mar/2017:13:18:26 -0300] "POST /cormun/servlet/solicitudot?gx-no-cache=1488903575775 HTTP/1.1" 200 38
186.103.156.211 - - [07/Mar/2017:13:18:27 -0300] "POST /cormun/servlet/trcontratoobservaciondir?e32f67f5eaa0fe9fef1a7e379ff6aeb0,,gx-no-cache=1488903578070 HTTP/1.1" 200 3828
186.103.156.211 - - [07/Mar/2017:13:18:42 -0300] "POST /cormun/servlet/trcontratoobservaciondir?e32f67f5eaa0fe9fef1a7e379ff6aeb0,,gx-no-cache=1488903593328 HTTP/1.1" 200 3830
186.103.156.211 - - [07/Mar/2017:13:18:50 -0300] "GET /cormun/servlet/trsolicitudot? HTTP/1.1" 200 7010
186.103.156.211 - - [07/Mar/2017:13:18:51 -0300] "GET /cormun/servlet/trsolicitudot? HTTP/1.1" 200 7009
186.103.156.211 - - [07/Mar/2017:13:18:55 -0300] "GET /cormun/servlet/trautorizarsolicitud? HTTP/1.1" 200 8133
186.103.156.211 - - [07/Mar/2017:13:18:56 -0300] "GET /cormun/servlet/trautorizarsolicitud? HTTP/1.1" 200 8133
186.103.156.211 - - [07/Mar/2017:13:18:59 -0300] "GET /cormun/servlet/trvisualizadoreventos? HTTP/1.1" 200 6721
186.103.156.211 - - [07/Mar/2017:13:19:00 -0300] "GET /cormun/servlet/trvisualizadoreventos? HTTP/1.1" 200 6721
200.83.57.219 - - [07/Mar/2017:13:19:03 -0300] "GET /cormun/servlet/solicitudot?44f44457ade39ccde6fc41d0737e65e5e9dcd36580658eed096960ff199bdf00fdda014359ce3a3b91fc61e8e01a46f0b20572c89f8e002caf4a21284081198374e3d77f8773ebf7c94c70f86be184a04f5a38e821ff26de3ded897f5d50e6d607d7f4b3040f917bc81c9928e345c33c,gx-no-cache=1488903612587 HTTP/1.1" 200 29
200.83.57.219 - - [07/Mar/2017:13:19:03 -0300] "POST /cormun/servlet/solicitudot?gx-no-cache=1488903612704 HTTP/1.1" 200 643
200.83.57.219 - - [07/Mar/2017:13:19:04 -0300] "POST /cormun/servlet/solicitudot?gx-no-cache=1488903613816 HTTP/1.1" 200 1157
186.103.156.211 - - [07/Mar/2017:13:19:07 -0300] "POST /cormun/servlet/trvisualizadoreventos?e32f67f5eaa0fe9fef1a7e379ff6aeb0,,gx-no-cache=1488903617666 HTTP/1.1" 200 90
186.103.156.211 - - [07/Mar/2017:13:19:07 -0300] "GET /cormun/servlet/hpexe_link HTTP/1.1" 200 979
186.103.156.211 - - [07/Mar/2017:13:19:07 -0300] "GET /cormun/servlet/trautorizarsolicitud HTTP/1.1" 200 8134
186.103.156.211 - - [07/Mar/2017:13:19:08 -0300] "GET /cormun/servlet/trautorizarsolicitud HTTP/1.1" 200 8133
200.83.57.219 - - [07/Mar/2017:13:19:12 -0300] "GET /cormun/static/menuarrow.gif HTTP/1.1" 404 1015
186.103.156.211 - - [07/Mar/2017:13:19:18 -0300] "GET /cormun/servlet/trcontratounov2? HTTP/1.1" 200 14694
186.103.156.211 - - [07/Mar/2017:13:19:19 -0300] "GET /cormun/servlet/trcontratounov2? HTTP/1.1" 200 14695
200.83.57.219 - - [07/Mar/2017:13:19:19 -0300] "GET /cormun/servlet/solicitudot?44f44457ade39ccde6fc41d0737e65e55b88337f52ae47485f921ba11d7fd55540ccb7a21a1f149a5b1ff8122e7264a6062e495a29679467b980f0d4087871cb805df2d598ab53622928cf4c0974b66cde04994bc1b1ea5e8dbedde6d81f5048274c40fdaadd0c6b5da7dcf374df79790d64c11c6d8f31bcce4eae5330b324c02836de2625bf10cf55ffb3da9e6d1ddc9c0d05541c38083aeb5f3baeb46fd1c1f5490096fcb32b480b8dd90f9fc8f064,gx-no-cache=1488903628827 HTTP/1.1" 200 30
200.83.57.219 - - [07/Mar/2017:13:19:49 -0300] "POST /cormun/servlet/solicitudot?1cdb2575f27cb244828164342a871ab8,INS,0,0,,gx-no-cache=1488903658230 HTTP/1.1" 200 93
200.83.57.219 - - [07/Mar/2017:13:19:49 -0300] "GET /cormun/servlet/hpexe_return? HTTP/1.1" 200 1013
200.83.57.219 - - [07/Mar/2017:13:19:49 -0300] "GET /cormun/servlet/trsolicitudot HTTP/1.1" 200 8367
200.83.57.219 - - [07/Mar/2017:13:19:50 -0300] "GET /cormun//static/Resources/PXToolsGridUpdate.png HTTP/1.1" 200 2984
200.83.57.219 - - [07/Mar/2017:13:19:50 -0300] "GET /cormun//static/Resources/PXToolsRemoveAllAction.png HTTP/1.1" 200 3558
200.83.57.219 - - [07/Mar/2017:13:19:50 -0300] "GET /cormun//static/Resources/PXTools/ActionInsert.png HTTP/1.1" 200 1482
200.83.57.219 - - [07/Mar/2017:13:19:50 -0300] "GET /cormun//static/Resources/PXToolsGridDelete.png HTTP/1.1" 200 357
200.83.57.219 - - [07/Mar/2017:13:19:50 -0300] "GET /cormun//static/Resources/PXToolsActionView.png HTTP/1.1" 200 2995
200.83.57.219 - - [07/Mar/2017:13:19:50 -0300] "GET /cormun/servlet/trsolicitudot HTTP/1.1" 200 8364
200.83.57.219 - - [07/Mar/2017:13:19:53 -0300] "POST /cormun/servlet/trsolicitudot?1cdb2575f27cb244828164342a871ab8,gx-no-cache=1488903662452 HTTP/1.1" 200 106
200.83.57.219 - - [07/Mar/2017:13:19:53 -0300] "GET /cormun/servlet/trsolicitudadjuntos?2017,5273, HTTP/1.1" 200 6199
200.83.57.219 - - [07/Mar/2017:13:19:53 -0300] "GET /cormun/static/gxcfg.js?201612218531388 HTTP/1.1" 200 953
200.83.57.219 - - [07/Mar/2017:13:19:53 -0300] "GET /cormun/static/trsolicitudadjuntos.js?201612218531657 HTTP/1.1" 200 17913
200.83.57.219 - - [07/Mar/2017:13:19:53 -0300] "GET /cormun/servlet/trsolicitudadjuntos?2017,5273, HTTP/1.1" 200 6199
200.83.57.219 - - [07/Mar/2017:13:19:56 -0300] "GET /cormun/servlet/solicitudotadjuntos?INS,2017,5273,,1, HTTP/1.1" 200 6128
200.83.57.219 - - [07/Mar/2017:13:19:56 -0300] "GET /cormun/static/gxcfg.js?201612218465951 HTTP/1.1" 200 953
200.83.57.219 - - [07/Mar/2017:13:19:56 -0300] "GET /cormun/static/solicitudotadjuntos.js?201612218465969 HTTP/1.1" 200 11762
200.83.57.219 - - [07/Mar/2017:13:19:56 -0300] "GET /cormun/static/about:blank HTTP/1.1" 404 1011
200.83.57.219 - - [07/Mar/2017:13:19:57 -0300] "GET /cormun/servlet/solicitudotadjuntos?INS,2017,5273,,1, HTTP/1.1" 200 6122
200.83.57.219 - - [07/Mar/2017:13:19:57 -0300] "GET /cormun/servlet/solicitudotadjuntos?44f44457ade39ccde6fc41d0737e65e5d004f3fcf615153cf35a3527533582364d7baa386dc56f3e50366752670e8dd8,gx-no-cache=1488903666587 HTTP/1.1" 200 30
200.83.57.219 - - [07/Mar/2017:13:19:57 -0300] "POST /cormun/servlet/solicitudotadjuntos?1cdb2575f27cb244828164342a871ab8,INS,2017,5273,,1,,gx-no-cache=1488903666675 HTTP/1.1" 200 3838
200.83.57.219 - - [07/Mar/2017:13:20:00 -0300] "POST /cormun/servlet/solicitudotadjuntos?gx-no-cache=1488903669651 HTTP/1.1" 200 26
186.67.172.234 - - [07/Mar/2017:13:20:12 -0300] "GET /cormun/servlet/licenciaspermisos?54980d20faa63d7f99fb1c1f7594cce26b7fcf7f136f7f2247866fbd52dd3e3952c0e67634d3422f4341b40c972d583db4ff700a1833bb79d12ed6bda1deaf52674be830d19b9082a3769720607a89c0dd4ceead63e6f55b5e351514aeb5be42f522ef721bd9aade42ff68a0ac68347a34b2459eb0ff90da361ac49513b68fa0a240a1a535c813d9c026ad1985ad197be7806154ff1eec707903fdd34755c9a709e265d5214f01b657da1346a21f4a39,gx-no-cache=1488903681137 HTTP/1.1" 200 30
186.67.172.234 - - [07/Mar/2017:13:20:12 -0300] "GET /cormun/servlet/licenciaspermisos?54980d20faa63d7f99fb1c1f7594cce2c5bdd069a7f7218c2787a3959559fe349e974633e081d07eb3cea37d6eb22cf7d94113db3421d39b165d76b6a62edcbf4550efb25e50a6620a2e5bc1570436816622f16255feec209797d1751f7b9530b20f9c6855e1e4dcd01a16a0f69294c56b3d9f059a6f5e53673624182ff0eece4ac9236d15a0879d0d3bc301ec8c5b14dd2052cac1887dfeb383638f6cefb275a02c3049ad495d04967172d2f4d1a8e6,gx-no-cache=1488903681159 HTTP/1.1" 200 29
186.67.172.234 - - [07/Mar/2017:13:20:12 -0300] "POST /cormun/servlet/licenciaspermisos?18c75e6416d010a517152efabc34668d,INS,0,,,,gx-no-cache=1488903681175 HTTP/1.1" 200 93
186.67.172.234 - - [07/Mar/2017:13:20:13 -0300] "GET /cormun/servlet/hpexe_return? HTTP/1.1" 200 1013
186.67.172.234 - - [07/Mar/2017:13:20:13 -0300] "GET /cormun/static/gxcfg.js?2016101716175148 HTTP/1.1" 200 953
186.67.172.234 - - [07/Mar/2017:13:20:13 -0300] "GET /cormun/static/hpexe_return.js?2016101716175153 HTTP/1.1" 200 1633
186.67.172.234 - - [07/Mar/2017:13:20:13 -0300] "GET /cormun/servlet/trlicencias HTTP/1.1" 200 8680
186.67.172.234 - - [07/Mar/2017:13:20:13 -0300] "GET /cormun/servlet/trlicencias HTTP/1.1" 200 8676
200.83.57.219 - - [07/Mar/2017:13:20:29 -0300] "GET /cormun/servlet/solicitudotadjuntos?44f44457ade39ccde6fc41d0737e65e51083ed06e32b60d4b87469241951f74d,gx-no-cache=1488903698004 HTTP/1.1" 200 30
200.83.57.219 - - [07/Mar/2017:13:20:29 -0300] "GET /cormun/servlet/solicitudotadjuntos?44f44457ade39ccde6fc41d0737e65e51083ed06e32b60d4b87469241951f74d,gx-no-cache=1488903698085 HTTP/1.1" 200 30
200.83.57.219 - - [07/Mar/2017:13:20:29 -0300] "POST /cormun/servlet/solicitudotadjuntos?1cdb2575f27cb244828164342a871ab8,INS,2017,5273,,1, HTTP/1.1" 200 116
200.83.57.219 - - [07/Mar/2017:13:20:29 -0300] "GET /cormun/servlet/hpexe_return? HTTP/1.1" 200 1032
200.83.57.219 - - [07/Mar/2017:13:20:30 -0300] "GET /cormun/servlet/trsolicitudadjuntos?2017,5273, HTTP/1.1" 200 8341
200.83.57.219 - - [07/Mar/2017:13:20:30 -0300] "GET /cormun/servlet/trsolicitudadjuntos?2017,5273, HTTP/1.1" 200 8337
200.83.57.219 - - [07/Mar/2017:13:20:34 -0300] "GET /cormun/servlet/solicitudotadjuntos?INS,2017,5273,,1, HTTP/1.1" 200 6128
200.83.57.219 - - [07/Mar/2017:13:20:34 -0300] "GET /cormun/static/about:blank HTTP/1.1" 404 1011
200.83.57.219 - - [07/Mar/2017:13:20:34 -0300] "GET /cormun/servlet/solicitudotadjuntos?INS,2017,5273,,1, HTTP/1.1" 200 6122
200.83.57.219 - - [07/Mar/2017:13:20:35 -0300] "GET /cormun/servlet/solicitudotadjuntos?44f44457ade39ccde6fc41d0737e65e5d004f3fcf615153cf35a3527533582364d7baa386dc56f3e50366752670e8dd8,gx-no-cache=1488903704371 HTTP/1.1" 200 30
200.83.57.219 - - [07/Mar/2017:13:20:35 -0300] "POST /cormun/servlet/solicitudotadjuntos?1cdb2575f27cb244828164342a871ab8,INS,2017,5273,,1,,gx-no-cache=1488903704422 HTTP/1.1" 200 3839
200.83.57.219 - - [07/Mar/2017:13:20:38 -0300] "POST /cormun/servlet/solicitudotadjuntos?gx-no-cache=1488903707749 HTTP/1.1" 200 26
200.83.57.219 - - [07/Mar/2017:13:20:46 -0300] "GET /cormun/servlet/solicitudotadjuntos?44f44457ade39ccde6fc41d0737e65e51083ed06e32b60d4b87469241951f74d,gx-no-cache=1488903715490 HTTP/1.1" 200 30
200.83.57.219 - - [07/Mar/2017:13:20:46 -0300] "GET /cormun/servlet/solicitudotadjuntos?44f44457ade39ccde6fc41d0737e65e51083ed06e32b60d4b87469241951f74d,gx-no-cache=1488903715537 HTTP/1.1" 200 30
200.83.57.219 - - [07/Mar/2017:13:20:48 -0300] "POST /cormun/servlet/solicitudotadjuntos?1cdb2575f27cb244828164342a871ab8,INS,2017,5273,,1, HTTP/1.1" 200 116
200.83.57.219 - - [07/Mar/2017:13:20:48 -0300] "GET /cormun/servlet/hpexe_return? HTTP/1.1" 200 1032
200.83.57.219 - - [07/Mar/2017:13:20:48 -0300] "GET /cormun/servlet/trsolicitudadjuntos?2017,5273, HTTP/1.1" 200 8524
200.83.57.219 - - [07/Mar/2017:13:20:48 -0300] "GET /cormun/servlet/trsolicitudadjuntos?2017,5273, HTTP/1.1" 200 8520
186.103.156.211 - - [07/Mar/2017:13:20:49 -0300] "GET /cormun/servlet/hlogin HTTP/1.1" 200 1742
200.83.57.219 - - [07/Mar/2017:13:20:51 -0300] "GET /cormun/servlet/solicitudotadjuntos?INS,2017,5273,,1, HTTP/1.1" 200 6128
200.83.57.219 - - [07/Mar/2017:13:20:51 -0300] "GET /cormun/static/about:blank HTTP/1.1" 404 1011
200.83.57.219 - - [07/Mar/2017:13:20:52 -0300] "GET /cormun/servlet/solicitudotadjuntos?INS,2017,5273,,1, HTTP/1.1" 200 6122
200.83.57.219 - - [07/Mar/2017:13:20:52 -0300] "GET /cormun/servlet/solicitudotadjuntos?44f44457ade39ccde6fc41d0737e65e5d004f3fcf615153cf35a3527533582364d7baa386dc56f3e50366752670e8dd8,gx-no-cache=1488903721557 HTTP/1.1" 200 30
200.83.57.219 - - [07/Mar/2017:13:20:52 -0300] "POST /cormun/servlet/solicitudotadjuntos?1cdb2575f27cb244828164342a871ab8,INS,2017,5273,,1,,gx-no-cache=1488903721696 HTTP/1.1" 200 3839
186.103.156.211 - - [07/Mar/2017:13:20:55 -0300] "GET /cormun/servlet/trcontratounov2? HTTP/1.1" 200 15658
200.83.57.219 - - [07/Mar/2017:13:20:55 -0300] "POST /cormun/servlet/solicitudotadjuntos?gx-no-cache=1488903724449 HTTP/1.1" 200 26
186.103.156.211 - - [07/Mar/2017:13:20:56 -0300] "GET /cormun/servlet/hlogin HTTP/1.1" 200 1742
186.103.156.211 - - [07/Mar/2017:13:20:56 -0300] "GET /cormun/servlet/trcontratounov2? HTTP/1.1" 200 15656
200.83.57.219 - - [07/Mar/2017:13:21:01 -0300] "GET /cormun/servlet/solicitudotadjuntos?44f44457ade39ccde6fc41d0737e65e51083ed06e32b60d4b87469241951f74d,gx-no-cache=1488903730914 HTTP/1.1" 200 30
200.83.57.219 - - [07/Mar/2017:13:21:01 -0300] "GET /cormun/servlet/solicitudotadjuntos?44f44457ade39ccde6fc41d0737e65e51083ed06e32b60d4b87469241951f74d,gx-no-cache=1488903730967 HTTP/1.1" 200 30
200.83.57.219 - - [07/Mar/2017:13:21:02 -0300] "POST /cormun/servlet/solicitudotadjuntos?1cdb2575f27cb244828164342a871ab8,INS,2017,5273,,1, HTTP/1.1" 200 116
200.83.57.219 - - [07/Mar/2017:13:21:02 -0300] "GET /cormun/servlet/hpexe_return? HTTP/1.1" 200 1032
200.83.57.219 - - [07/Mar/2017:13:21:03 -0300] "GET /cormun/servlet/trsolicitudadjuntos?2017,5273, HTTP/1.1" 200 8678
200.83.57.219 - - [07/Mar/2017:13:21:03 -0300] "GET /cormun/servlet/trsolicitudadjuntos?2017,5273, HTTP/1.1" 200 8679
186.67.172.234 - - [07/Mar/2017:13:21:05 -0300] "GET /cormun/servlet/trlicenciaspermisosadjuntos?7145354,20170307000000,L, HTTP/1.1" 200 6080
186.67.172.234 - - [07/Mar/2017:13:21:05 -0300] "GET /cormun/static/gxcfg.js?2016122813131454 HTTP/1.1" 200 953
186.67.172.234 - - [07/Mar/2017:13:21:05 -0300] "GET /cormun/static/trlicenciaspermisosadjuntos.js?2016122813131728 HTTP/1.1" 200 21008
200.83.57.219 - - [07/Mar/2017:13:21:05 -0300] "GET /cormun/servlet/solicitudotadjuntos?INS,2017,5273,,1, HTTP/1.1" 200 6128
200.83.57.219 - - [07/Mar/2017:13:21:05 -0300] "GET /cormun/static/about:blank HTTP/1.1" 404 1011
186.67.172.234 - - [07/Mar/2017:13:21:06 -0300] "GET /cormun/servlet/trlicenciaspermisosadjuntos?7145354,20170307000000,L, HTTP/1.1" 200 6080
200.83.57.219 - - [07/Mar/2017:13:21:06 -0300] "GET /cormun/servlet/solicitudotadjuntos?INS,2017,5273,,1, HTTP/1.1" 200 6122
200.83.57.219 - - [07/Mar/2017:13:21:06 -0300] "GET /cormun/servlet/solicitudotadjuntos?44f44457ade39ccde6fc41d0737e65e5d004f3fcf615153cf35a3527533582364d7baa386dc56f3e50366752670e8dd8,gx-no-cache=1488903735605 HTTP/1.1" 200 30
200.83.57.219 - - [07/Mar/2017:13:21:06 -0300] "POST /cormun/servlet/solicitudotadjuntos?1cdb2575f27cb244828164342a871ab8,INS,2017,5273,,1,,gx-no-cache=1488903735696 HTTP/1.1" 200 3839
200.83.57.219 - - [07/Mar/2017:13:21:09 -0300] "POST /cormun/servlet/solicitudotadjuntos?gx-no-cache=1488903738496 HTTP/1.1" 200 26
186.67.172.234 - - [07/Mar/2017:13:21:10 -0300] "GET /cormun/servlet/licenciaspermisosadjuntos?INS,7145354,L,20170307000000,, HTTP/1.1" 200 5378
186.67.172.234 - - [07/Mar/2017:13:21:10 -0300] "GET /cormun/static/gxcfg.js?2016122813131386 HTTP/1.1" 200 953
186.67.172.234 - - [07/Mar/2017:13:21:10 -0300] "GET /cormun/static/licenciaspermisosadjuntos.js?2016122813131394 HTTP/1.1" 200 8757
186.67.172.234 - - [07/Mar/2017:13:21:10 -0300] "GET /cormun/static/about:blank HTTP/1.1" 404 1011
186.103.159.187 - - [07/Mar/2017:13:21:10 -0300] "GET /cormun/servlet/solicitudot?f5d1a1bfac822f7a34e26b9545636f989d55cd90ec8901e21f04bfeea3d49af588e5a67c2bdd87593870f9f52094db125b242cbf8183d74bb03ce2ca68af6ac18edfe8d9cc0ff320612502f90a98143e8727c7bf150064e5da3e7e1d7315f0f2f8f9aaa5b8bd5f96d26612f0f2a2b25b961ca70b2e907408391ad4168e1ea701e02bcb7a178bc275afba9837a891200e88d8fe107b9583d7656d48f4521a46976d86dbace01a3e4396bae5468cc88736,gx-no-cache=1488903740909 HTTP/1.1" 200 30
186.67.172.234 - - [07/Mar/2017:13:21:10 -0300] "GET /cormun/servlet/licenciaspermisosadjuntos?INS,7145354,L,20170307000000,, HTTP/1.1" 200 5367
186.103.159.187 - - [07/Mar/2017:13:21:11 -0300] "POST /cormun/servlet/solicitudot?785c70891d3aa1fbbc0d0d7bba9c05c9,INS,0,0,,gx-no-cache=1488903741026 HTTP/1.1" 200 11070
186.103.159.187 - - [07/Mar/2017:13:21:11 -0300] "GET /cormun/static/Shared/jqueryui/images/ui-bg_highlight-soft_100_c6c2c8_1x100.png HTTP/1.1" 404 1117
186.103.159.187 - - [07/Mar/2017:13:21:11 -0300] "GET /cormun/static/Shared/jqueryui/images/ui-icons_82798d_256x240.png HTTP/1.1" 404 1089
186.103.159.187 - - [07/Mar/2017:13:21:11 -0300] "GET /cormun/static/Shared/jqueryui/images/ui-bg_flat_55_994d53_40x100.png HTTP/1.1" 404 1097
186.103.159.187 - - [07/Mar/2017:13:21:11 -0300] "GET /cormun/static/Shared/jqueryui/images/ui-icons_ebccce_256x240.png HTTP/1.1" 404 1089
200.83.57.219 - - [07/Mar/2017:13:21:14 -0300] "GET /cormun/servlet/solicitudotadjuntos?44f44457ade39ccde6fc41d0737e65e51083ed06e32b60d4b87469241951f74d,gx-no-cache=1488903743932 HTTP/1.1" 200 30
200.83.57.219 - - [07/Mar/2017:13:21:15 -0300] "GET /cormun/servlet/solicitudotadjuntos?44f44457ade39ccde6fc41d0737e65e51083ed06e32b60d4b87469241951f74d,gx-no-cache=1488903743976 HTTP/1.1" 200 30
200.83.57.219 - - [07/Mar/2017:13:21:16 -0300] "POST /cormun/servlet/solicitudotadjuntos?1cdb2575f27cb244828164342a871ab8,INS,2017,5273,,1, HTTP/1.1" 200 116
200.83.57.219 - - [07/Mar/2017:13:21:16 -0300] "GET /cormun/servlet/hpexe_return? HTTP/1.1" 200 1032
200.83.57.219 - - [07/Mar/2017:13:21:16 -0300] "GET /cormun/servlet/trsolicitudadjuntos?2017,5273, HTTP/1.1" 200 8808
200.83.57.219 - - [07/Mar/2017:13:21:17 -0300] "GET /cormun/servlet/trsolicitudadjuntos?2017,5273, HTTP/1.1" 200 8804
200.83.57.219 - - [07/Mar/2017:13:21:18 -0300] "GET /cormun/servlet/solicitudotadjuntos?INS,2017,5273,,1, HTTP/1.1" 200 6128
200.83.57.219 - - [07/Mar/2017:13:21:18 -0300] "GET /cormun/static/about:blank HTTP/1.1" 404 1011
200.83.57.219 - - [07/Mar/2017:13:21:19 -0300] "GET /cormun/servlet/solicitudotadjuntos?INS,2017,5273,,1, HTTP/1.1" 200 6122
200.83.57.219 - - [07/Mar/2017:13:21:19 -0300] "GET /cormun/servlet/solicitudotadjuntos?44f44457ade39ccde6fc41d0737e65e5d004f3fcf615153cf35a3527533582364d7baa386dc56f3e50366752670e8dd8,gx-no-cache=1488903748522 HTTP/1.1" 200 30
200.83.57.219 - - [07/Mar/2017:13:21:19 -0300] "POST /cormun/servlet/solicitudotadjuntos?1cdb2575f27cb244828164342a871ab8,INS,2017,5273,,1,,gx-no-cache=1488903748596 HTTP/1.1" 200 3838
200.83.57.219 - - [07/Mar/2017:13:21:21 -0300] "POST /cormun/servlet/solicitudotadjuntos?gx-no-cache=1488903751000 HTTP/1.1" 200 26
186.103.156.211 - - [07/Mar/2017:13:21:23 -0300] "POST /cormun/servlet/hlogin?e32f67f5eaa0fe9fef1a7e379ff6aeb0,gx-no-cache=1488903754361 HTTP/1.1" 200 458
200.83.57.219 - - [07/Mar/2017:13:21:28 -0300] "GET /cormun/servlet/solicitudotadjuntos?44f44457ade39ccde6fc41d0737e65e51083ed06e32b60d4b87469241951f74d,gx-no-cache=1488903757016 HTTP/1.1" 200 30
200.83.57.219 - - [07/Mar/2017:13:21:28 -0300] "GET /cormun/servlet/solicitudotadjuntos?44f44457ade39ccde6fc41d0737e65e51083ed06e32b60d4b87469241951f74d,gx-no-cache=1488903757067 HTTP/1.1" 200 30
200.83.57.219 - - [07/Mar/2017:13:21:29 -0300] "POST /cormun/servlet/solicitudotadjuntos?1cdb2575f27cb244828164342a871ab8,INS,2017,5273,,1, HTTP/1.1" 200 116
200.83.57.219 - - [07/Mar/2017:13:21:29 -0300] "GET /cormun/servlet/hpexe_return? HTTP/1.1" 200 1032
200.83.57.219 - - [07/Mar/2017:13:21:29 -0300] "GET /cormun/servlet/trsolicitudadjuntos?2017,5273, HTTP/1.1" 200 8998
200.83.57.219 - - [07/Mar/2017:13:21:30 -0300] "GET /cormun/servlet/trsolicitudadjuntos?2017,5273, HTTP/1.1" 200 8995
200.83.57.219 - - [07/Mar/2017:13:21:32 -0300] "GET /cormun/servlet/solicitudotadjuntos?INS,2017,5273,,1, HTTP/1.1" 200 6128
200.83.57.219 - - [07/Mar/2017:13:21:32 -0300] "GET /cormun/static/about:blank HTTP/1.1" 404 1011
200.83.57.219 - - [07/Mar/2017:13:21:32 -0300] "GET /cormun/servlet/solicitudotadjuntos?INS,2017,5273,,1, HTTP/1.1" 200 6122
200.83.57.219 - - [07/Mar/2017:13:21:33 -0300] "GET /cormun/servlet/solicitudotadjuntos?44f44457ade39ccde6fc41d0737e65e5d004f3fcf615153cf35a3527533582364d7baa386dc56f3e50366752670e8dd8,gx-no-cache=1488903762062 HTTP/1.1" 200 30
200.83.57.219 - - [07/Mar/2017:13:21:33 -0300] "POST /cormun/servlet/solicitudotadjuntos?1cdb2575f27cb244828164342a871ab8,INS,2017,5273,,1,,gx-no-cache=1488903762115 HTTP/1.1" 200 3838
186.103.156.211 - - [07/Mar/2017:13:21:33 -0300] "POST /cormun/servlet/hlogin?e32f67f5eaa0fe9fef1a7e379ff6aeb0,gx-no-cache=1488903764508 HTTP/1.1" 200 458
200.83.57.219 - - [07/Mar/2017:13:21:35 -0300] "POST /cormun/servlet/solicitudotadjuntos?gx-no-cache=1488903764024 HTTP/1.1" 200 26
192.168.10.60 - - [07/Mar/2017:13:21:35 -0300] "GET /cormun/servlet/hlogin HTTP/1.1" 200 1715
192.168.10.60 - - [07/Mar/2017:13:21:35 -0300] "GET /cormun/static/gxtimezone.js?85251 HTTP/1.1" 304 -
192.168.10.60 - - [07/Mar/2017:13:21:35 -0300] "GET /cormun/static/gxcfg.js?201612216162538 HTTP/1.1" 304 -
192.168.10.60 - - [07/Mar/2017:13:21:35 -0300] "GET /cormun/static/messages.spa.js?85251 HTTP/1.1" 304 -
192.168.10.60 - - [07/Mar/2017:13:21:35 -0300] "GET /cormun/servlet/hlogin HTTP/1.1" 200 1725
192.168.10.60 - - [07/Mar/2017:13:21:37 -0300] "POST /cormun/servlet/hlogin?63fdd6da990e04b3eb77ca9d5a291094,gx-no-cache=1488902963594 HTTP/1.1" 200 90
192.168.10.60 - - [07/Mar/2017:13:21:37 -0300] "GET /cormun/servlet/hpexe_link HTTP/1.1" 200 948
192.168.10.60 - - [07/Mar/2017:13:21:37 -0300] "GET /cormun/static/gxcfg.js?201612218515529 HTTP/1.1" 304 -
192.168.10.60 - - [07/Mar/2017:13:21:37 -0300] "GET /cormun/servlet/hhome HTTP/1.1" 200 3746
192.168.10.60 - - [07/Mar/2017:13:21:37 -0300] "GET /cormun/static/gxcfg.js?201612218515568 HTTP/1.1" 304 -
192.168.10.60 - - [07/Mar/2017:13:21:38 -0300] "GET /cormun/servlet/hhome HTTP/1.1" 200 3742
200.83.57.219 - - [07/Mar/2017:13:21:39 -0300] "GET /cormun/servlet/solicitudotadjuntos?44f44457ade39ccde6fc41d0737e65e51083ed06e32b60d4b87469241951f74d,gx-no-cache=1488903768720 HTTP/1.1" 200 30
200.83.57.219 - - [07/Mar/2017:13:21:39 -0300] "GET /cormun/servlet/solicitudotadjuntos?44f44457ade39ccde6fc41d0737e65e51083ed06e32b60d4b87469241951f74d,gx-no-cache=1488903768773 HTTP/1.1" 200 30
200.83.57.219 - - [07/Mar/2017:13:21:40 -0300] "POST /cormun/servlet/solicitudotadjuntos?1cdb2575f27cb244828164342a871ab8,INS,2017,5273,,1, HTTP/1.1" 200 116
200.83.57.219 - - [07/Mar/2017:13:21:40 -0300] "GET /cormun/servlet/hpexe_return? HTTP/1.1" 200 1032
200.83.57.219 - - [07/Mar/2017:13:21:41 -0300] "GET /cormun/servlet/trsolicitudadjuntos?2017,5273, HTTP/1.1" 200 9193
200.83.57.219 - - [07/Mar/2017:13:21:41 -0300] "GET /cormun/servlet/trsolicitudadjuntos?2017,5273, HTTP/1.1" 200 9194
192.168.10.60 - - [07/Mar/2017:13:21:42 -0300] "GET /cormun/servlet/trautorizarot? HTTP/1.1" 200 24714
192.168.10.60 - - [07/Mar/2017:13:21:42 -0300] "GET /cormun/static/calendar.js?85251 HTTP/1.1" 304 -
192.168.10.60 - - [07/Mar/2017:13:21:42 -0300] "GET /cormun/static/gxcfg.js?20172622385320 HTTP/1.1" 304 -
192.168.10.60 - - [07/Mar/2017:13:21:42 -0300] "GET /cormun/static/calendar-es.js?85251 HTTP/1.1" 304 -
192.168.10.60 - - [07/Mar/2017:13:21:42 -0300] "GET /cormun/static/calendar-setup.js?85251 HTTP/1.1" 304 -
192.168.10.60 - - [07/Mar/2017:13:21:42 -0300] "GET /cormun/static/gxdec.js?85251 HTTP/1.1" 304 -
192.168.10.60 - - [07/Mar/2017:13:21:42 -0300] "GET /cormun/static/trautorizarot.js?201726223913 HTTP/1.1" 304 -
192.168.10.60 - - [07/Mar/2017:13:21:43 -0300] "GET /cormun/servlet/trautorizarot? HTTP/1.1" 200 24711
200.83.57.219 - - [07/Mar/2017:13:21:45 -0300] "GET /cormun/servlet/trsolicitudot? HTTP/1.1" 200 8370
200.83.57.219 - - [07/Mar/2017:13:21:45 -0300] "GET /cormun/servlet/trsolicitudot? HTTP/1.1" 200 8364
186.103.156.211 - - [07/Mar/2017:13:21:46 -0300] "POST /cormun/servlet/hlogin?e32f67f5eaa0fe9fef1a7e379ff6aeb0,gx-no-cache=1488903777359 HTTP/1.1" 200 458
186.103.156.211 - - [07/Mar/2017:13:21:47 -0300] "POST /cormun/servlet/hlogin?e32f67f5eaa0fe9fef1a7e379ff6aeb0,gx-no-cache=1488903778579 HTTP/1.1" 200 457
192.168.10.60 - - [07/Mar/2017:13:21:50 -0300] "GET /cormun/static/menuarrow.gif HTTP/1.1" 404 1015
186.103.156.211 - - [07/Mar/2017:13:21:56 -0300] "GET /cormun/servlet/trautorizarsolicitud HTTP/1.1" 200 6177
186.103.156.211 - - [07/Mar/2017:13:21:56 -0300] "GET /cormun/servlet/hlogin HTTP/1.1" 200 1747
186.103.156.211 - - [07/Mar/2017:13:21:56 -0300] "GET /cormun/servlet/trautorizarsolicitud HTTP/1.1" 200 6175
186.103.156.211 - - [07/Mar/2017:13:21:58 -0300] "GET /cormun/servlet/hlogin HTTP/1.1" 200 1742
186.103.156.211 - - [07/Mar/2017:13:22:00 -0300] "GET /cormun/servlet/hlogin HTTP/1.1" 200 1747
192.168.10.60 - - [07/Mar/2017:13:22:02 -0300] "POST /cormun/servlet/trautorizarot?63fdd6da990e04b3eb77ca9d5a291094,,gx-no-cache=1488902987911 HTTP/1.1" 200 22534
186.103.156.211 - - [07/Mar/2017:13:22:02 -0300] "GET /cormun/servlet/trvisualizadoreventos? HTTP/1.1" 200 6022
186.103.156.211 - - [07/Mar/2017:13:22:03 -0300] "GET /cormun/servlet/hlogin HTTP/1.1" 200 1745
186.103.156.211 - - [07/Mar/2017:13:22:03 -0300] "GET /cormun/servlet/trvisualizadoreventos? HTTP/1.1" 200 6016
186.103.156.211 - - [07/Mar/2017:13:22:04 -0300] "GET /cormun/servlet/trautorizarsolicitud? HTTP/1.1" 200 6179
186.103.156.211 - - [07/Mar/2017:13:22:04 -0300] "GET /cormun/servlet/hlogin HTTP/1.1" 200 1745
186.103.156.211 - - [07/Mar/2017:13:22:04 -0300] "GET /cormun/servlet/trautorizarsolicitud? HTTP/1.1" 200 6175
186.103.156.211 - - [07/Mar/2017:13:22:05 -0300] "GET /cormun/servlet/trsolicitudot? HTTP/1.1" 200 6282
186.103.156.211 - - [07/Mar/2017:13:22:05 -0300] "GET /cormun/servlet/hlogin HTTP/1.1" 200 1741
186.103.156.211 - - [07/Mar/2017:13:22:05 -0300] "GET /cormun/servlet/trsolicitudot? HTTP/1.1" 200 6272
186.103.156.211 - - [07/Mar/2017:13:22:06 -0300] "GET /cormun/servlet/trcontratoobservaciondir? HTTP/1.1" 200 5510
186.103.156.211 - - [07/Mar/2017:13:22:07 -0300] "GET /cormun/servlet/hlogin HTTP/1.1" 200 1745
186.103.156.211 - - [07/Mar/2017:13:22:07 -0300] "GET /cormun/servlet/trcontratoobservaciondir? HTTP/1.1" 200 5505
186.103.156.211 - - [07/Mar/2017:13:22:08 -0300] "GET /cormun/servlet/trcontratosolicitud? HTTP/1.1" 200 12922
186.103.156.211 - - [07/Mar/2017:13:22:09 -0300] "GET /cormun/servlet/hlogin HTTP/1.1" 200 1743
186.103.156.211 - - [07/Mar/2017:13:22:09 -0300] "GET /cormun/servlet/trcontratosolicitud? HTTP/1.1" 200 12914
186.103.156.211 - - [07/Mar/2017:13:22:11 -0300] "GET /cormun/servlet/trcontratounov2? HTTP/1.1" 200 15653
186.103.156.211 - - [07/Mar/2017:13:22:12 -0300] "GET /cormun/servlet/hlogin HTTP/1.1" 200 1742
186.103.156.211 - - [07/Mar/2017:13:22:12 -0300] "GET /cormun/servlet/trcontratounov2? HTTP/1.1" 200 15653
192.168.10.89 - - [07/Mar/2017:13:22:13 -0300] "POST /cormun/servlet/trsolicitudgral?7d95e2256ba85ce650c218c33c093362,gx-no-cache=1488902371103,gx-no-cache=1488907017876 HTTP/1.1" 440 972
186.103.156.211 - - [07/Mar/2017:13:22:14 -0300] "GET /cormun/servlet/trsolicitudot? HTTP/1.1" 200 6275
186.103.156.211 - - [07/Mar/2017:13:22:14 -0300] "GET /cormun/servlet/hlogin HTTP/1.1" 200 1741
186.103.156.211 - - [07/Mar/2017:13:22:14 -0300] "GET /cormun/servlet/trsolicitudot? HTTP/1.1" 200 6269
192.168.10.89 - - [07/Mar/2017:13:22:16 -0300] "GET /cormun/servlet/trsolicitudgral?gx-no-cache=1488902371103 HTTP/1.1" 200 23620
192.168.10.89 - - [07/Mar/2017:13:22:18 -0300] "GET /cormun/servlet/hlogin HTTP/1.1" 200 1760
186.103.156.211 - - [07/Mar/2017:13:22:19 -0300] "GET /cormun/servlet/trautorizarsolicitud? HTTP/1.1" 200 6182
186.103.156.211 - - [07/Mar/2017:13:22:19 -0300] "GET /cormun/servlet/hlogin HTTP/1.1" 200 1745
186.103.156.211 - - [07/Mar/2017:13:22:19 -0300] "GET /cormun/servlet/trautorizarsolicitud? HTTP/1.1" 200 6175
186.103.156.211 - - [07/Mar/2017:13:22:20 -0300] "GET /cormun/servlet/trvisualizadoreventos? HTTP/1.1" 200 6023
186.103.156.211 - - [07/Mar/2017:13:22:21 -0300] "GET /cormun/servlet/hlogin HTTP/1.1" 200 1745
186.103.156.211 - - [07/Mar/2017:13:22:21 -0300] "GET /cormun/servlet/trvisualizadoreventos? HTTP/1.1" 200 6016
186.103.156.211 - - [07/Mar/2017:13:22:22 -0300] "GET /cormun/servlet/trcontratosolicitud? HTTP/1.1" 200 12923
186.103.156.211 - - [07/Mar/2017:13:22:22 -0300] "GET /cormun/servlet/hlogin HTTP/1.1" 200 1743
186.103.156.211 - - [07/Mar/2017:13:22:22 -0300] "GET /cormun/servlet/trcontratosolicitud? HTTP/1.1" 200 12915
186.103.156.211 - - [07/Mar/2017:13:22:24 -0300] "GET /cormun/servlet/trcontratounov2? HTTP/1.1" 200 15653
186.103.156.211 - - [07/Mar/2017:13:22:25 -0300] "GET /cormun/servlet/hlogin HTTP/1.1" 200 1742
186.103.156.211 - - [07/Mar/2017:13:22:25 -0300] "GET /cormun/servlet/trcontratounov2? HTTP/1.1" 200 15660
186.103.156.211 - - [07/Mar/2017:13:22:26 -0300] "GET /cormun/servlet/trautorizarsolicitud? HTTP/1.1" 200 6175
186.103.156.211 - - [07/Mar/2017:13:22:26 -0300] "GET /cormun/servlet/trvisualizadoreventos? HTTP/1.1" 200 6026
186.103.156.211 - - [07/Mar/2017:13:22:26 -0300] "GET /cormun/servlet/trcontratounov2? HTTP/1.1" 200 15660
186.103.156.211 - - [07/Mar/2017:13:22:27 -0300] "GET /cormun/servlet/trcontratounov2? HTTP/1.1" 200 15650
186.103.156.211 - - [07/Mar/2017:13:22:27 -0300] "GET /cormun/servlet/hlogin HTTP/1.1" 200 1742
186.103.156.211 - - [07/Mar/2017:13:22:28 -0300] "GET /cormun/servlet/trcontratounov2? HTTP/1.1" 200 15646
186.103.156.211 - - [07/Mar/2017:13:22:29 -0300] "GET /cormun/servlet/trsolicitudot? HTTP/1.1" 200 6275
186.103.156.211 - - [07/Mar/2017:13:22:29 -0300] "GET /cormun/servlet/hlogin HTTP/1.1" 200 1741
186.103.156.211 - - [07/Mar/2017:13:22:29 -0300] "GET /cormun/servlet/trsolicitudot? HTTP/1.1" 200 6269
186.103.156.211 - - [07/Mar/2017:13:22:31 -0300] "GET /cormun/servlet/trvisualizadoreventos? HTTP/1.1" 200 6032
186.103.156.211 - - [07/Mar/2017:13:22:31 -0300] "GET /cormun/servlet/hlogin HTTP/1.1" 200 1745
186.103.156.211 - - [07/Mar/2017:13:22:31 -0300] "GET /cormun/servlet/trvisualizadoreventos? HTTP/1.1" 200 6024
192.168.10.89 - - [07/Mar/2017:13:22:32 -0300] "POST /cormun/servlet/hlogin?b47e61618046a353b326b283a53601ce,gx-no-cache=1488907036556 HTTP/1.1" 200 90
192.168.10.89 - - [07/Mar/2017:13:22:32 -0300] "GET /cormun/servlet/hpexe_link HTTP/1.1" 200 980
186.67.172.234 - - [07/Mar/2017:13:22:33 -0300] "POST /cormun/servlet/licenciaspermisosadjuntos?18c75e6416d010a517152efabc34668d,INS,7145354,L,20170307000000,, HTTP/1.1" 200 6123
192.168.10.89 - - [07/Mar/2017:13:22:35 -0300] "GET /cormun/servlet/trsolicitudgral?gx-no-cache=1488902371103 HTTP/1.1" 200 24741
186.103.156.211 - - [07/Mar/2017:13:22:40 -0300] "GET /cormun/servlet/hlogin HTTP/1.1" 200 1745
186.103.156.211 - - [07/Mar/2017:13:22:40 -0300] "GET /favicon.ico HTTP/1.1" 200 21630
186.103.156.211 - - [07/Mar/2017:13:22:42 -0300] "GET /cormun/servlet/hlogin HTTP/1.1" 200 1741
200.83.57.219 - - [07/Mar/2017:13:22:43 -0300] "GET /cormun/servlet/trsolicitudot? HTTP/1.1" 200 8364
186.103.156.211 - - [07/Mar/2017:13:22:43 -0300] "GET /cormun/servlet/hlogin HTTP/1.1" 200 1742
200.83.57.219 - - [07/Mar/2017:13:22:44 -0300] "GET /cormun/servlet/trsolicitudot? HTTP/1.1" 200 8364
200.83.57.219 - - [07/Mar/2017:13:22:46 -0300] "GET /cormun/servlet/solicitudot?INS,0,0, HTTP/1.1" 200 12910
200.83.57.219 - - [07/Mar/2017:13:22:46 -0300] "GET /cormun/servlet/solicitudot?INS,0,0, HTTP/1.1" 200 12915
192.168.10.89 - - [07/Mar/2017:13:22:48 -0300] "POST /cormun/servlet/trsolicitudgral?b47e61618046a353b326b283a53601ce,gx-no-cache=1488902371103,gx-no-cache=1488907052464 HTTP/1.1" 200 16920
186.103.159.187 - - [07/Mar/2017:13:22:57 -0300] "POST /cormun/servlet/solicitudot?gx-no-cache=1488903848194 HTTP/1.1" 200 1275
186.103.159.187 - - [07/Mar/2017:13:22:57 -0300] "POST /cormun/servlet/solicitudot?gx-no-cache=1488903848277 HTTP/1.1" 200 1157
186.103.159.187 - - [07/Mar/2017:13:22:57 -0300] "GET /cormun/servlet/solicitudot?f5d1a1bfac822f7a34e26b9545636f989d55cd90ec8901e21f04bfeea3d49af588e5a67c2bdd87593870f9f52094db125b242cbf8183d74bb03ce2ca68af6ac18edfe8d9cc0ff320612502f90a98143e8727c7bf150064e5da3e7e1d7315f0f2f8f9aaa5b8bd5f96d26612f0f2a2b25b961ca70b2e907408391ad4168e1ea701e02bcb7a178bc275afba9837a891200e88d8fe107b9583d7656d48f4521a46976d86dbace01a3e4396bae5468cc88736,gx-no-cache=1488903848337 HTTP/1.1" 200 30
186.103.159.187 - - [07/Mar/2017:13:22:58 -0300] "POST /cormun/servlet/solicitudot?785c70891d3aa1fbbc0d0d7bba9c05c9,INS,0,0,,gx-no-cache=1488903848377 HTTP/1.1" 200 11122
200.83.57.219 - - [07/Mar/2017:13:22:58 -0300] "POST /cormun/servlet/solicitudot?gx-no-cache=1488903847345 HTTP/1.1" 200 3081
200.83.57.219 - - [07/Mar/2017:13:22:58 -0300] "POST /cormun/servlet/solicitudot?1cdb2575f27cb244828164342a871ab8,INS,0,0,,gx-no-cache=1488903847588 HTTP/1.1" 200 9871
200.83.57.219 - - [07/Mar/2017:13:22:58 -0300] "GET /cormun/servlet/solicitudot?44f44457ade39ccde6fc41d0737e65e5d7e1fbc2d505294cdde18f3408da301dff3b22a4a79ce7c60c51da730d4bc447,gx-no-cache=1488903847786 HTTP/1.1" 200 111
200.83.57.219 - - [07/Mar/2017:13:22:58 -0300] "GET /cormun/static/Shared/jqueryui/images/ui-bg_highlight-soft_100_c6c2c8_1x100.png HTTP/1.1" 404 1117
200.83.57.219 - - [07/Mar/2017:13:22:58 -0300] "GET /cormun/static/Shared/jqueryui/images/ui-icons_82798d_256x240.png HTTP/1.1" 404 1089
200.83.57.219 - - [07/Mar/2017:13:22:58 -0300] "GET /cormun/static/Shared/jqueryui/images/ui-bg_flat_55_994d53_40x100.png HTTP/1.1" 404 1097
200.83.57.219 - - [07/Mar/2017:13:22:58 -0300] "GET /cormun/static/Shared/jqueryui/images/ui-icons_ebccce_256x240.png HTTP/1.1" 404 1089
186.103.159.187 - - [07/Mar/2017:13:23:03 -0300] "POST /cormun/servlet/solicitudot?785c70891d3aa1fbbc0d0d7bba9c05c9,INS,0,0,,gx-no-cache=1488903853978 HTTP/1.1" 200 11174
200.83.57.219 - - [07/Mar/2017:13:23:07 -0300] "GET /cormun/servlet/solicitudot?44f44457ade39ccde6fc41d0737e65e5e09cc3f47e41feead854616e0f05edcf6d05889b7db0621235d31d5a8aed795e,gx-no-cache=1488903856193 HTTP/1.1" 200 30
192.168.10.89 - - [07/Mar/2017:13:23:24 -0300] "POST /cormun/servlet/trsolicitudgral?b47e61618046a353b326b283a53601ce,gx-no-cache=1488902371103,gx-no-cache=1488907088812 HTTP/1.1" 200 7546
186.103.159.187 - - [07/Mar/2017:13:23:59 -0300] "POST /cormun/servlet/solicitudot?gx-no-cache=1488903909584 HTTP/1.1" 200 241
186.103.159.187 - - [07/Mar/2017:13:23:59 -0300] "GET /cormun/servlet/solicitudot?f5d1a1bfac822f7a34e26b9545636f98b37cce4fdd0ccd5e62220668c0d59ba0652ebf4f6a77e0e97ecb95a81ad97273593f50191eea8fc2f8381b21bd8f90a9fa98af4d75f5e5a889dddf741b5e2eea82278a468baeb948325903fd00c99063b74a9abe46ad0de45bd49a273c2c5aef645b0f0bf3cb9ccfc1a89728fa15ba7f2c9f65561292d2e8d0e538c4f79d242dfb503ed3053202c5ee3038756fc0cc455e88cdaad173196059c0814b171f036dbf9599b8ceb912eecd473d688fbf48091ff323ab0780b016f6b37610c5c4d16477cf1dab5673f247e09b2fd6a937dcef555c23d0eb743cf9200412e27a1421f20248c157ea82b4d1397e25ca2b5e8632a4130ae692bd0fe4f698a2f684ecad45118363d29dc37e6ef94ec4f0fa1e2940d04f84314d2084d6d56dae01c173147a2589c961a534bdc945629bbb6d57ce5f06e5328878ec75b2a93391139df3953b30351f5447fa4290651203d4bb7cc68ec341b4c237d7f95d8b50c6de8b3836c667a4558c27e9ff601657c5c6ed6435d8,gx-no-cache=1488903909644 HTTP/1.1" 200 30
186.103.159.187 - - [07/Mar/2017:13:23:59 -0300] "POST /cormun/servlet/solicitudot?gx-no-cache=1488903909676 HTTP/1.1" 200 30
186.103.159.187 - - [07/Mar/2017:13:23:59 -0300] "POST /cormun/servlet/solicitudot?gx-no-cache=1488903909719 HTTP/1.1" 200 1287
186.103.159.187 - - [07/Mar/2017:13:23:59 -0300] "POST /cormun/servlet/solicitudot?gx-no-cache=1488903909786 HTTP/1.1" 200 41
192.168.10.89 - - [07/Mar/2017:13:24:04 -0300] "POST /cormun/servlet/trsolicitudgral?b47e61618046a353b326b283a53601ce,gx-no-cache=1488902371103,gx-no-cache=1488907128311 HTTP/1.1" 200 6896
192.168.10.89 - - [07/Mar/2017:13:24:04 -0300] "GET /cormun/static/Shared/jqueryui/images/ui-bg_highlight-soft_100_c6c2c8_1x100.png HTTP/1.1" 404 1117
192.168.10.89 - - [07/Mar/2017:13:24:04 -0300] "GET /cormun/static/Shared/jqueryui/images/ui-bg_flat_55_fafafa_40x100.png HTTP/1.1" 404 1097
192.168.10.89 - - [07/Mar/2017:13:24:04 -0300] "GET /cormun/static/Shared/jqueryui/images/ui-icons_8d78a5_256x240.png HTTP/1.1" 404 1089
192.168.10.89 - - [07/Mar/2017:13:24:04 -0300] "GET /cormun/static/Shared/jqueryui/images/ui-icons_82798d_256x240.png HTTP/1.1" 404 1089
200.83.57.219 - - [07/Mar/2017:13:24:16 -0300] "POST /cormun/servlet/solicitudot?gx-no-cache=1488903925676 HTTP/1.1" 200 297
200.83.57.219 - - [07/Mar/2017:13:24:18 -0300] "GET /cormun/servlet/solicitudot?44f44457ade39ccde6fc41d0737e65e5f8fe0c10445b4454c2866937736332eeb3e8ba919760afc8068b6c94e2c1f4d6ae36697496a203cb71f4be38da196b1fd9828cefae5aac49b7f58116572ce19a64c516d32ada20fc6dc09702bb7fd52142c6f57f61f92b5c000521bb425f1d85a648402b4285ba74482a8cb45adcdce2f20ecd0c6b084bb1f248ad8ab64097a648648c8035f9d92370610378c6001424c24af1e997a754dee75f0cb8e14fad71ff8b7b87e89e14e65e414617a53772db5ce002d55d2dc430d7f9a61f753474739765a480f503dab4da598cefc0bb93e2061e068033734b68df60cd6b7a9463123e0160791b44fdc3f3bcf0a3b3bc1a21c37157c4e410ab03b21f7523d904cc0c5edfff4035c99981490b5f5d141568daac230063d70c17905a07102a857de105c721db53638724b4a5953981116e89b72721b7bb89328b7d8bc9e87164270c21cbdd17e3014e8ebb63906777b79c10c13c2c9a5f4930b477b5e2686b82f024a9da83fdbf26cfe080de365419020a865d6bbe56d0fa71bbeb9b022446eab596a2,gx-no-cache=1488903927854 HTTP/1.1" 200 30
186.103.159.187 - - [07/Mar/2017:13:24:20 -0300] "POST /cormun/servlet/solicitudot?gx-no-cache=1488903931073 HTTP/1.1" 200 1275
186.103.159.187 - - [07/Mar/2017:13:24:20 -0300] "POST /cormun/servlet/solicitudot?gx-no-cache=1488903931143 HTTP/1.1" 200 1157
186.103.159.187 - - [07/Mar/2017:13:24:20 -0300] "GET /cormun/servlet/solicitudot?f5d1a1bfac822f7a34e26b9545636f989d55cd90ec8901e21f04bfeea3d49af588e5a67c2bdd87593870f9f52094db125b242cbf8183d74bb03ce2ca68af6ac18edfe8d9cc0ff320612502f90a98143e8727c7bf150064e5da3e7e1d7315f0f2f8f9aaa5b8bd5f96d26612f0f2a2b25b961ca70b2e907408391ad4168e1ea701e02bcb7a178bc275afba9837a891200e88d8fe107b9583d7656d48f4521a46976d86dbace01a3e4396bae5468cc88736,gx-no-cache=1488903931194 HTTP/1.1" 200 30
186.103.159.187 - - [07/Mar/2017:13:24:21 -0300] "POST /cormun/servlet/solicitudot?785c70891d3aa1fbbc0d0d7bba9c05c9,INS,0,0,,gx-no-cache=1488903931230 HTTP/1.1" 200 93
186.103.159.187 - - [07/Mar/2017:13:24:21 -0300] "GET /cormun/servlet/hpexe_return? HTTP/1.1" 200 1007
186.103.159.187 - - [07/Mar/2017:13:24:21 -0300] "GET /cormun/servlet/trsolicitudot HTTP/1.1" 200 7977
