200.86.95.220 - - [07/Mar/2017:11:01:45 -0300] "GET /cormun/servlet/solicitudot?e7ec3574523e7dcfc50c13f3edd5edbe3fd76aaa52b6baf79a6ef757032b4322e925b71554092c6b0f10d38ec258675777c0963b3199c5905e3d29d755fa2a3c356d06f925c1c67f1cf19febded8f0fa2d36f6fc1d4579a181b8d886f0c55b62991ed999c584f84914acd9cbe86cb8ea019a1505632436705bb9b1f5fabc25a6652348361cfd040e29d9ac1f67c175346a49dbdb881e41bf465a74a66c7cdaafcf87822631925e62ea52a9886918be7e,gx-no-cache=1488895376028 HTTP/1.1" 200 30
186.79.36.72 - - [07/Mar/2017:11:01:47 -0300] "GET /cormun/static/menuarrow.gif HTTP/1.1" 404 1015
186.103.156.24 - - [07/Mar/2017:11:01:48 -0300] "POST /cormun/servlet/trsolicitudot?812f1933002f65c68cf0e6cf48665ef1,,gx-no-cache=1488895378552 HTTP/1.1" 200 4345
186.103.156.24 - - [07/Mar/2017:11:01:48 -0300] "POST /cormun/servlet/trsolicitudot?812f1933002f65c68cf0e6cf48665ef1,,gx-no-cache=1488895378752 HTTP/1.1" 200 4127
186.103.156.24 - - [07/Mar/2017:11:01:54 -0300] "GET /cormun/servlet/trautorizarsolicitud? HTTP/1.1" 200 8655
186.103.156.24 - - [07/Mar/2017:11:01:55 -0300] "GET /cormun/servlet/trautorizarsolicitud? HTTP/1.1" 200 8655
200.86.95.220 - - [07/Mar/2017:11:01:59 -0300] "POST /cormun/servlet/solicitudot?a10d6bf1b886065dee18e6effbcf8a3f,INS,0,0,,gx-no-cache=1488895389177 HTTP/1.1" 200 93
200.86.95.220 - - [07/Mar/2017:11:01:59 -0300] "GET /cormun/servlet/hpexe_return? HTTP/1.1" 200 1004
186.103.156.24 - - [07/Mar/2017:11:01:59 -0300] "POST /cormun/servlet/trautorizarsolicitud?812f1933002f65c68cf0e6cf48665ef1,,gx-no-cache=1488895389911 HTTP/1.1" 200 5922
186.103.156.24 - - [07/Mar/2017:11:01:59 -0300] "GET /cormun/static/Shared/jqueryui/images/ui-bg_highlight-soft_100_c6c2c8_1x100.png HTTP/1.1" 404 1117
186.103.156.24 - - [07/Mar/2017:11:01:59 -0300] "GET /cormun/static/Shared/jqueryui/images/ui-icons_82798d_256x240.png HTTP/1.1" 404 1089
186.103.156.24 - - [07/Mar/2017:11:01:59 -0300] "GET /cormun/static/Shared/jqueryui/images/ui-bg_flat_55_fafafa_40x100.png HTTP/1.1" 404 1097
186.103.156.24 - - [07/Mar/2017:11:01:59 -0300] "GET /cormun/static/Shared/jqueryui/images/ui-icons_8d78a5_256x240.png HTTP/1.1" 404 1089
200.86.95.220 - - [07/Mar/2017:11:01:59 -0300] "GET /cormun/servlet/trsolicitudot HTTP/1.1" 200 9856
200.86.95.220 - - [07/Mar/2017:11:02:01 -0300] "GET /cormun/servlet/trsolicitudot HTTP/1.1" 200 9851
186.103.156.24 - - [07/Mar/2017:11:02:06 -0300] "POST /cormun/servlet/trautorizarsolicitud?812f1933002f65c68cf0e6cf48665ef1,,gx-no-cache=1488895396271 HTTP/1.1" 200 106
186.103.156.24 - - [07/Mar/2017:11:02:06 -0300] "GET /cormun/servlet/trsolicitudadjuntos?2017,5210, HTTP/1.1" 200 8944
186.103.156.24 - - [07/Mar/2017:11:02:06 -0300] "GET /cormun/static/gxcfg.js?201612218531388 HTTP/1.1" 200 953
186.103.156.24 - - [07/Mar/2017:11:02:06 -0300] "GET /cormun/static/trsolicitudadjuntos.js?201612218531657 HTTP/1.1" 200 17913
186.103.156.24 - - [07/Mar/2017:11:02:07 -0300] "GET /cormun/servlet/trsolicitudadjuntos?2017,5210, HTTP/1.1" 200 8949
186.103.159.182 - - [07/Mar/2017:11:02:20 -0300] "POST /cormun/servlet/solicitudot?gx-no-cache=1488895411262 HTTP/1.1" 440 972
186.103.159.182 - - [07/Mar/2017:11:02:23 -0300] "POST /cormun/servlet/solicitudot?gx-no-cache=1488895413388 HTTP/1.1" 440 972
186.103.156.24 - - [07/Mar/2017:11:02:24 -0300] "GET /cormun/servlet/trautorizarsolicitud? HTTP/1.1" 200 8661
186.103.159.182 - - [07/Mar/2017:11:02:24 -0300] "POST /cormun/servlet/solicitudot?gx-no-cache=1488895414929 HTTP/1.1" 440 972
186.103.156.24 - - [07/Mar/2017:11:02:25 -0300] "GET /cormun/servlet/trautorizarsolicitud? HTTP/1.1" 200 8655
186.103.159.182 - - [07/Mar/2017:11:02:26 -0300] "GET /cormun/servlet/solicitudot?INS,0,0, HTTP/1.1" 200 11931
186.103.159.182 - - [07/Mar/2017:11:02:28 -0300] "GET /cormun/servlet/solicitudot?INS,0,0, HTTP/1.1" 200 11931
186.103.159.182 - - [07/Mar/2017:11:02:28 -0300] "GET /cormun/servlet/hlogin HTTP/1.1" 200 1743
186.103.156.24 - - [07/Mar/2017:11:02:29 -0300] "POST /cormun/servlet/trautorizarsolicitud?812f1933002f65c68cf0e6cf48665ef1,,gx-no-cache=1488895419955 HTTP/1.1" 200 5486
186.103.156.24 - - [07/Mar/2017:11:02:29 -0300] "GET /cormun/static/Shared/jqueryui/images/ui-bg_highlight-soft_100_c6c2c8_1x100.png HTTP/1.1" 404 1117
186.103.156.24 - - [07/Mar/2017:11:02:29 -0300] "GET /cormun/static/Shared/jqueryui/images/ui-icons_82798d_256x240.png HTTP/1.1" 404 1089
186.103.156.24 - - [07/Mar/2017:11:02:29 -0300] "GET /cormun/static/Shared/jqueryui/images/ui-bg_flat_55_fafafa_40x100.png HTTP/1.1" 404 1097
186.103.156.24 - - [07/Mar/2017:11:02:29 -0300] "GET /cormun/static/Shared/jqueryui/images/ui-icons_8d78a5_256x240.png HTTP/1.1" 404 1089
186.103.156.24 - - [07/Mar/2017:11:02:30 -0300] "POST /cormun/servlet/trautorizarsolicitud?812f1933002f65c68cf0e6cf48665ef1,,gx-no-cache=1488895420225 HTTP/1.1" 200 5430
186.103.159.182 - - [07/Mar/2017:11:02:31 -0300] "POST /cormun/servlet/hlogin?0bf9da2a6c7c6c7806ca0b85aeca1a7b,gx-no-cache=1488895421746 HTTP/1.1" 200 90
186.103.159.182 - - [07/Mar/2017:11:02:31 -0300] "GET /cormun/servlet/hpexe_link HTTP/1.1" 200 967
186.103.159.182 - - [07/Mar/2017:11:02:31 -0300] "GET /cormun/servlet/solicitudot?INS,0,0, HTTP/1.1" 200 12655
186.103.159.182 - - [07/Mar/2017:11:02:33 -0300] "GET /cormun/servlet/solicitudot?INS,0,0, HTTP/1.1" 200 12661
186.103.159.182 - - [07/Mar/2017:11:02:42 -0300] "POST /cormun/servlet/solicitudot?gx-no-cache=1488895432316 HTTP/1.1" 200 3081
186.103.159.182 - - [07/Mar/2017:11:02:42 -0300] "POST /cormun/servlet/solicitudot?0bf9da2a6c7c6c7806ca0b85aeca1a7b,INS,0,0,,gx-no-cache=1488895432808 HTTP/1.1" 200 9603
186.103.159.182 - - [07/Mar/2017:11:02:43 -0300] "GET /cormun/servlet/solicitudot?6929972cecffaf227a7c67210add89276cd4244a5448a081c64cc29332bcd80a6d5e4fb04986626026e2b14d82eece87,gx-no-cache=1488895433441 HTTP/1.1" 200 30
186.103.156.24 - - [07/Mar/2017:11:02:44 -0300] "POST /cormun/servlet/trautorizarsolicitud?812f1933002f65c68cf0e6cf48665ef1,,gx-no-cache=1488895435140 HTTP/1.1" 200 5473
186.79.36.72 - - [07/Mar/2017:11:03:14 -0300] "POST /cormun/servlet/trsolicitudot?9dd3c0562f429a319ab5b2da32ec4005,,gx-no-cache=1488895464667 HTTP/1.1" 200 4182
186.103.159.44 - - [07/Mar/2017:11:03:18 -0300] "GET /cormun/servlet/hlogin HTTP/1.1" 200 1720
186.103.159.44 - - [07/Mar/2017:11:03:19 -0300] "GET /cormun/static/Resources/Spanish/PXTools.css?167811 HTTP/1.1" 304 -
186.103.159.44 - - [07/Mar/2017:11:03:19 -0300] "GET /cormun/static/gxtimezone.js?85251 HTTP/1.1" 304 -
186.103.159.44 - - [07/Mar/2017:11:03:19 -0300] "GET /cormun/static/gxgral.js?85251 HTTP/1.1" 304 -
186.103.159.44 - - [07/Mar/2017:11:03:19 -0300] "GET /cormun/static/gxcfg.js?201612216162538 HTTP/1.1" 304 -
186.79.36.72 - - [07/Mar/2017:11:03:19 -0300] "GET /cormun/servlet/solicitudot?INS,0,0, HTTP/1.1" 200 12734
186.103.159.44 - - [07/Mar/2017:11:03:19 -0300] "GET /cormun/static/Resources/ComunLogin.png HTTP/1.1" 304 -
186.103.159.44 - - [07/Mar/2017:11:03:19 -0300] "GET /cormun/static/messages.spa.js?85251 HTTP/1.1" 304 -
186.103.159.44 - - [07/Mar/2017:11:03:19 -0300] "GET /cormun/static/hlogin.js?201612216162555 HTTP/1.1" 304 -
186.103.159.44 - - [07/Mar/2017:11:03:19 -0300] "GET /cormun/servlet/hlogin HTTP/1.1" 200 1731
186.103.159.44 - - [07/Mar/2017:11:03:19 -0300] "GET /cormun/static/Resources/indicator.gif HTTP/1.1" 304 -
186.103.159.44 - - [07/Mar/2017:11:03:19 -0300] "GET /cormun/static/Resources/PXToolsLoginBackground.png HTTP/1.1" 304 -
186.79.36.72 - - [07/Mar/2017:11:03:20 -0300] "GET /cormun/servlet/solicitudot?INS,0,0, HTTP/1.1" 200 12739
186.103.156.24 - - [07/Mar/2017:11:03:30 -0300] "GET /cormun/servlet/veautorizarsolicitud?2017,5252,, HTTP/1.1" 200 8215
186.103.156.24 - - [07/Mar/2017:11:03:30 -0300] "GET /cormun/static/gxcfg.js?20161221854380 HTTP/1.1" 200 953
186.103.156.24 - - [07/Mar/2017:11:03:30 -0300] "GET /cormun/pexe_scrolldiv.js HTTP/1.1" 404 1009
186.103.156.24 - - [07/Mar/2017:11:03:30 -0300] "GET /cormun/static/veautorizarsolicitud.js?20161221854433 HTTP/1.1" 200 6140
186.103.156.24 - - [07/Mar/2017:11:03:30 -0300] "GET /cormun/pexe_scrolldiv.js HTTP/1.1" 404 1009
186.103.156.24 - - [07/Mar/2017:11:03:30 -0300] "GET /cormun/static/Resources/PXToolsTabPrevious.gif HTTP/1.1" 200 172
186.103.156.24 - - [07/Mar/2017:11:03:30 -0300] "GET /cormun/static/hwcviewtabs.js?201612218431866 HTTP/1.1" 200 1074
186.103.156.24 - - [07/Mar/2017:11:03:30 -0300] "GET /cormun/static/Resources/PXToolsTabFirstSelected.png HTTP/1.1" 200 1259
186.103.156.24 - - [07/Mar/2017:11:03:30 -0300] "GET /cormun/static/Resources/PXToolsTabLastUnselected.png HTTP/1.1" 200 1291
186.103.156.24 - - [07/Mar/2017:11:03:30 -0300] "GET /cormun/static/Resources/PXToolsTabNext.gif HTTP/1.1" 200 168
186.103.156.24 - - [07/Mar/2017:11:03:30 -0300] "GET /cormun/static/hpexe_tabsview.js?201610171694228 HTTP/1.1" 200 1661
186.103.156.24 - - [07/Mar/2017:11:03:30 -0300] "GET /cormun/static/tbautorizarsolicitud01.js?20171102163122 HTTP/1.1" 200 28355
186.103.156.24 - - [07/Mar/2017:11:03:31 -0300] "GET /cormun/static/calendar-system.css HTTP/1.1" 200 5572
186.103.156.24 - - [07/Mar/2017:11:03:31 -0300] "GET /cormun/static/Resources/PXToolsTabBackUnselected.png HTTP/1.1" 200 1175
186.103.156.24 - - [07/Mar/2017:11:03:31 -0300] "GET /cormun/static/Resources/PXToolsTabBackSelected.png HTTP/1.1" 200 1157
186.103.156.24 - - [07/Mar/2017:11:03:31 -0300] "GET /cormun/static/Resources/PXToolsTabSelectedUnselected.png HTTP/1.1" 200 1428
186.103.156.24 - - [07/Mar/2017:11:03:31 -0300] "GET /cormun/servlet/veautorizarsolicitud?2017,5252,, HTTP/1.1" 200 8213
186.103.156.24 - - [07/Mar/2017:11:03:31 -0300] "GET /cormun/static/Resources/PXToolsTabUnselectedUnselected.png HTTP/1.1" 200 1459
186.103.159.44 - - [07/Mar/2017:11:03:35 -0300] "POST /cormun/servlet/hlogin?f7f9443f10cbb92633a7483ac665b6fe,gx-no-cache=1488895483595 HTTP/1.1" 200 90
186.103.159.44 - - [07/Mar/2017:11:03:35 -0300] "GET /cormun/servlet/hpexe_link HTTP/1.1" 200 955
186.103.159.44 - - [07/Mar/2017:11:03:36 -0300] "GET /cormun/servlet/hhome HTTP/1.1" 200 3774
186.103.159.182 - - [07/Mar/2017:11:03:36 -0300] "POST /cormun/servlet/solicitudot?gx-no-cache=1488895486928 HTTP/1.1" 200 256
186.79.36.72 - - [07/Mar/2017:11:03:37 -0300] "GET /cormun/static/Resources/resize.gif HTTP/1.1" 200 77
186.103.159.182 - - [07/Mar/2017:11:03:37 -0300] "POST /cormun/servlet/solicitudot?gx-no-cache=1488895488199 HTTP/1.1" 200 256
186.103.159.182 - - [07/Mar/2017:11:03:39 -0300] "GET /cormun/servlet/solicitudot?6929972cecffaf227a7c67210add8927108fafb3d57e7ce4f13fcc2af18a19a446706260bca6950e40d72810fedabcd8229cb56657cbacb751d028ec756bd82f881eac8f4d970740e595ab951c43f02602f8f968a0b11d073823b67f1a35925ab2f5cba8e69b259aeb94e4a13ae20a44580b46ba66ccc676a9e7c2c327c5ab269601d43866d76869db4a841190adfff98153660cb9796ea4c79abf7bae027c5876b1818c2081ff7bd6b6f4b183d979cdc0d4f0b3c715e98233e188bb4c73fbf2ee0d711db59af0c8cddd85e346901113d1ef53518c50c7a60432e85321360c2cf4c76ad9416c930303b4516fd08c1c79de7f35c9a0ddf6fe8e1f21599ab7afae2a9d9c46e7552d617ba072745e2142d01ef44c4528dd51939d53bc732efbc985875f9cd749f6941f8de778e35f29a18ad41e17d6c1843a47e28f104443f0f30bc5b9cd83be9f8cceaf2d6a45889a4f764c0b1a479ba2637d335b99b5596f9ed8bb31121b4eac7e6c10ccf8be70375e7eac252be3485de8eceb41e55dc160ff63,gx-no-cache=1488895489864 HTTP/1.1" 200 30
186.103.159.44 - - [07/Mar/2017:11:03:41 -0300] "GET /cormun/servlet/trlicencias? HTTP/1.1" 200 6614
186.103.159.44 - - [07/Mar/2017:11:03:41 -0300] "GET /cormun/static/gxcfg.js?2016122619301429 HTTP/1.1" 200 953
186.103.159.182 - - [07/Mar/2017:11:03:41 -0300] "POST /cormun/servlet/solicitudot?gx-no-cache=1488895492167 HTTP/1.1" 200 30
186.103.159.44 - - [07/Mar/2017:11:03:42 -0300] "GET /cormun/static/trlicencias.js?2016122619301919 HTTP/1.1" 304 -
186.103.159.182 - - [07/Mar/2017:11:03:42 -0300] "POST /cormun/servlet/solicitudot?gx-no-cache=1488895492854 HTTP/1.1" 200 235
186.103.159.182 - - [07/Mar/2017:11:03:42 -0300] "POST /cormun/servlet/solicitudot?gx-no-cache=1488895492927 HTTP/1.1" 200 38
186.79.36.72 - - [07/Mar/2017:11:03:44 -0300] "GET /cormun/servlet/prfichaempleado?,MD,,gxPopupLevel%3D0%3B HTTP/1.1" 200 8794
186.79.36.72 - - [07/Mar/2017:11:03:45 -0300] "GET /cormun/static/gxcfg.js?2016102420561687 HTTP/1.1" 200 953
186.79.36.72 - - [07/Mar/2017:11:03:45 -0300] "GET /cormun/static/Resources/PXToolsMenuSearch.png HTTP/1.1" 200 2914
186.79.36.72 - - [07/Mar/2017:11:03:45 -0300] "GET /cormun/static/Resources/PXToolsMenuSearchCancel.png HTTP/1.1" 200 2972
186.103.159.44 - - [07/Mar/2017:11:03:45 -0300] "GET /cormun/servlet/licenciaspermisos?INS,0,,, HTTP/1.1" 200 7126
186.103.159.44 - - [07/Mar/2017:11:03:45 -0300] "GET /cormun/static/gxcfg.js?2016122619301043 HTTP/1.1" 200 953
186.103.159.44 - - [07/Mar/2017:11:03:45 -0300] "GET /cormun/static/licenciaspermisos.js?2016122619301096 HTTP/1.1" 304 -
186.103.156.24 - - [07/Mar/2017:11:03:48 -0300] "GET /cormun/servlet/veautorizarsolicitud?2017,5252,,SolicitudOTAdjuntos HTTP/1.1" 200 7185
186.103.156.24 - - [07/Mar/2017:11:03:48 -0300] "GET /cormun/pexe_scrolldiv.js HTTP/1.1" 404 1009
186.103.156.24 - - [07/Mar/2017:11:03:48 -0300] "GET /cormun/static/tbautorizarsolicitud02.js?201612218424713 HTTP/1.1" 200 14738
186.103.156.24 - - [07/Mar/2017:11:03:48 -0300] "GET /cormun/pexe_scrolldiv.js HTTP/1.1" 404 1009
192.168.10.89 - - [07/Mar/2017:11:03:49 -0300] "GET /cormun/servlet/trpermisosingocecormun? HTTP/1.1" 200 8645
192.168.10.89 - - [07/Mar/2017:11:03:49 -0300] "GET /cormun/static/gxcfg.js?2016101716224050 HTTP/1.1" 200 953
186.103.156.24 - - [07/Mar/2017:11:03:49 -0300] "GET /cormun/static/gxui/gxui-all.css HTTP/1.1" 200 2179
192.168.10.89 - - [07/Mar/2017:11:03:49 -0300] "GET /cormun/static/trpermisosingocecormun.js?2016101716224413 HTTP/1.1" 304 -
186.103.156.24 - - [07/Mar/2017:11:03:49 -0300] "GET /cormun/static/Resources/PXToolsTabUnselectedSelected.png HTTP/1.1" 200 1444
186.103.156.24 - - [07/Mar/2017:11:03:49 -0300] "GET /cormun/static/Resources/PXToolsTabFirstUnselected.png HTTP/1.1" 200 1264
186.103.156.24 - - [07/Mar/2017:11:03:49 -0300] "GET /cormun/servlet/veautorizarsolicitud?2017,5252,,SolicitudOTAdjuntos HTTP/1.1" 200 7186
186.103.156.24 - - [07/Mar/2017:11:03:49 -0300] "GET /cormun/static/Shared/ext/resources/css/ext-all.css HTTP/1.1" 200 416045
186.103.156.24 - - [07/Mar/2017:11:03:50 -0300] "POST /cormun/servlet/acontrolpreferencessavestate?None,GALVAREZ,true HTTP/1.1" 200 35
192.168.10.89 - - [07/Mar/2017:11:03:53 -0300] "POST /cormun/servlet/trpermisosingocecormun?7d95e2256ba85ce650c218c33c093362,,gx-no-cache=1488898717383 HTTP/1.1" 200 5627
186.103.156.24 - - [07/Mar/2017:11:03:54 -0300] "POST /cormun/servlet/veautorizarsolicitud?812f1933002f65c68cf0e6cf48665ef1,2017,5252,,SolicitudOTAdjuntos,gx-no-cache=1488895504536 HTTP/1.1" 200 5194
186.103.156.24 - - [07/Mar/2017:11:03:54 -0300] "GET /cormun//static/Resources/PXToolsTabLastUnselected.png HTTP/1.1" 200 1291
186.79.36.72 - - [07/Mar/2017:11:03:57 -0300] "POST /cormun/servlet/prfichaempleado?9dd3c0562f429a319ab5b2da32ec4005,,MD,,gxPopupLevel%3D0%3B,gx-no-cache=1488895507022 HTTP/1.1" 200 5935
186.103.156.24 - - [07/Mar/2017:11:03:57 -0300] "GET /cormun/servlet/veautorizarsolicitud?2017,5252,,SolicitudOTLog HTTP/1.1" 200 8551
186.79.36.72 - - [07/Mar/2017:11:03:57 -0300] "GET /cormun/static/Resources/PXToolsGridNext.gif HTTP/1.1" 200 369
186.103.156.24 - - [07/Mar/2017:11:03:57 -0300] "GET /cormun/pexe_scrolldiv.js HTTP/1.1" 404 1009
186.103.156.24 - - [07/Mar/2017:11:03:57 -0300] "GET /cormun/static/tbautorizarsolicitud03.js?201612218424396 HTTP/1.1" 200 13358
186.103.156.24 - - [07/Mar/2017:11:03:57 -0300] "GET /cormun/static/Resources/PXToolsTabLastSelected.png HTTP/1.1" 200 1262
186.79.36.72 - - [07/Mar/2017:11:03:57 -0300] "GET /cormun/static/Resources/PXToolsGridLast.gif HTTP/1.1" 200 370
186.103.159.182 - - [07/Mar/2017:11:03:57 -0300] "GET /cormun/servlet/solicitudot?6929972cecffaf227a7c67210add8927fcad9383f20b5e0a40f96b21cc02393ec3c4b508f93de3b68d320f80785b50b3cfd51ea4354894579cd2ebe93608361b3eb02f382394121461ab01ab1e4461a4ab74e1f25380cb6682802e7cce14c8f6f799e44239b04be149e2dcecb868cbe0,gx-no-cache=1488895508000 HTTP/1.1" 200 29
186.103.159.182 - - [07/Mar/2017:11:03:57 -0300] "POST /cormun/servlet/solicitudot?gx-no-cache=1488895508054 HTTP/1.1" 200 643
186.103.156.24 - - [07/Mar/2017:11:03:57 -0300] "GET /cormun/pexe_scrolldiv.js HTTP/1.1" 404 1009
186.103.156.24 - - [07/Mar/2017:11:03:58 -0300] "GET /cormun/servlet/veautorizarsolicitud?2017,5252,,SolicitudOTLog HTTP/1.1" 200 8552
186.103.159.182 - - [07/Mar/2017:11:03:59 -0300] "POST /cormun/servlet/solicitudot?gx-no-cache=1488895509337 HTTP/1.1" 200 1157
186.103.156.24 - - [07/Mar/2017:11:03:59 -0300] "POST /cormun/servlet/acontrolpreferencessavestate?None,GALVAREZ,true HTTP/1.1" 200 35
192.168.10.89 - - [07/Mar/2017:11:03:59 -0300] "POST /cormun/servlet/trpermisosingocecormun?7d95e2256ba85ce650c218c33c093362,,gx-no-cache=1488898723843 HTTP/1.1" 200 5629
192.168.10.89 - - [07/Mar/2017:11:04:02 -0300] "POST /cormun/servlet/trpermisosingocecormun?7d95e2256ba85ce650c218c33c093362,,gx-no-cache=1488898727126 HTTP/1.1" 200 6342
186.103.156.24 - - [07/Mar/2017:11:04:08 -0300] "GET /cormun/servlet/trautorizarsolicitud? HTTP/1.1" 200 8173
186.79.36.72 - - [07/Mar/2017:11:04:08 -0300] "POST /cormun/servlet/prfichaempleado?9dd3c0562f429a319ab5b2da32ec4005,,MD,,gxPopupLevel%3D0%3B,gx-no-cache=1488895517846 HTTP/1.1" 200 3409
186.103.156.24 - - [07/Mar/2017:11:04:08 -0300] "GET /cormun/servlet/trautorizarsolicitud? HTTP/1.1" 200 8168
186.103.159.44 - - [07/Mar/2017:11:04:08 -0300] "GET /cormun/servlet/licenciaspermisos?03593e57a11f438674ece05b567f948d73d4f5e16a0d590fcbe279e3dff5bf5cec30a5ac0b8b4bc1a117ec5d3dac3f72,gx-no-cache=1488895516901 HTTP/1.1" 200 64
186.103.159.44 - - [07/Mar/2017:11:04:08 -0300] "POST /cormun/servlet/licenciaspermisos?f7f9443f10cbb92633a7483ac665b6fe,INS,0,,,,gx-no-cache=1488895517050 HTTP/1.1" 200 4407
186.79.36.72 - - [07/Mar/2017:11:04:43 -0300] "POST /cormun/servlet/solicitudot?gx-no-cache=1488895552462 HTTP/1.1" 200 3141
186.79.36.72 - - [07/Mar/2017:11:04:43 -0300] "GET /cormun/static/Shared/jqueryui/images/ui-bg_highlight-soft_100_c6c2c8_1x100.png HTTP/1.1" 404 1117
186.79.36.72 - - [07/Mar/2017:11:04:43 -0300] "GET /cormun/static/Shared/jqueryui/images/ui-icons_82798d_256x240.png HTTP/1.1" 404 1089
186.79.36.72 - - [07/Mar/2017:11:04:43 -0300] "GET /cormun/static/Shared/jqueryui/images/ui-bg_flat_55_994d53_40x100.png HTTP/1.1" 404 1097
186.79.36.72 - - [07/Mar/2017:11:04:43 -0300] "GET /cormun/static/Shared/jqueryui/images/ui-icons_ebccce_256x240.png HTTP/1.1" 404 1089
186.103.159.182 - - [07/Mar/2017:11:04:54 -0300] "POST /cormun/servlet/solicitudot?gx-no-cache=1488895564254 HTTP/1.1" 200 1274
186.103.159.182 - - [07/Mar/2017:11:04:54 -0300] "POST /cormun/servlet/solicitudot?gx-no-cache=1488895564514 HTTP/1.1" 200 1157
186.79.36.72 - - [07/Mar/2017:11:04:58 -0300] "POST /cormun/servlet/solicitudot?gx-no-cache=1488895567667 HTTP/1.1" 200 3081
186.79.36.72 - - [07/Mar/2017:11:04:59 -0300] "POST /cormun/servlet/solicitudot?9dd3c0562f429a319ab5b2da32ec4005,INS,0,0,,gx-no-cache=1488895569310 HTTP/1.1" 200 9868
186.79.36.72 - - [07/Mar/2017:11:04:59 -0300] "GET /cormun/servlet/solicitudot?3be8044e26eb2accc355fa08f50752b3958a1636ef53157afa1eb8ed7ec890e1c345e17ea2194b7abaa00a2fd9979e14,gx-no-cache=1488895570256 HTTP/1.1" 200 111
186.103.159.182 - - [07/Mar/2017:11:05:02 -0300] "GET /cormun/servlet/solicitudot?6929972cecffaf227a7c67210add89277e0f7eb206512a1b62abf6ddd2171d4b5300afe655056d52f2144e9fa1a95ffb956aa6b7bb9efbfcbcc8e99033ae20ed4b82d3c45ffe5dea8e69d837e8953fd383413e0108b58b327d76a7946ee404da27a511855abfa5f59f633daa45138256048bce62c8c60866415b2705063fac2d43b46d34ef7d3ef968e68eaf8c9ba27f2dd74e18a0643ac4248c7f1298ded36c321a740d42fb147d7a39677bfcd0d4e9,gx-no-cache=1488895572556 HTTP/1.1" 200 30
192.168.10.62 - - [07/Mar/2017:11:05:04 -0300] "GET /cormun/servlet/hlogin HTTP/1.1" 200 1753
186.79.36.72 - - [07/Mar/2017:11:05:06 -0300] "GET /cormun/servlet/solicitudot?3be8044e26eb2accc355fa08f50752b326485f5131fa4eca701ee6ef669967fe9028ea7afe904fa7b763e86ac33e20ba,gx-no-cache=1488895575621 HTTP/1.1" 200 30
186.103.159.182 - - [07/Mar/2017:11:05:10 -0300] "POST /cormun/servlet/solicitudot?0bf9da2a6c7c6c7806ca0b85aeca1a7b,INS,0,0,,gx-no-cache=1488895580211 HTTP/1.1" 200 93
186.103.159.182 - - [07/Mar/2017:11:05:10 -0300] "GET /cormun/servlet/hpexe_return? HTTP/1.1" 200 1007
186.103.159.182 - - [07/Mar/2017:11:05:10 -0300] "GET /cormun/servlet/hhome HTTP/1.1" 200 4025
186.103.159.182 - - [07/Mar/2017:11:05:11 -0300] "GET /cormun/servlet/hhome HTTP/1.1" 200 4019
186.103.159.182 - - [07/Mar/2017:11:05:16 -0300] "GET /cormun/servlet/trsolicitudot? HTTP/1.1" 200 8630
186.103.159.182 - - [07/Mar/2017:11:05:17 -0300] "GET /cormun/servlet/trsolicitudot? HTTP/1.1" 200 8627
186.103.159.44 - - [07/Mar/2017:11:05:19 -0300] "GET /cormun/static/menuarrow.gif HTTP/1.1" 404 1015
186.103.159.182 - - [07/Mar/2017:11:05:22 -0300] "GET /cormun/servlet/solicitudot?INS,0,0, HTTP/1.1" 200 12823
186.103.159.182 - - [07/Mar/2017:11:05:23 -0300] "GET /cormun/servlet/solicitudot?INS,0,0, HTTP/1.1" 200 12828
200.86.95.220 - - [07/Mar/2017:11:05:28 -0300] "POST /cormun/servlet/trsolicitudot?a10d6bf1b886065dee18e6effbcf8a3f,gx-no-cache=1488895598429 HTTP/1.1" 200 6792
200.86.95.220 - - [07/Mar/2017:11:05:28 -0300] "GET /cormun/static/Shared/jqueryui/images/ui-bg_highlight-soft_100_c6c2c8_1x100.png HTTP/1.1" 404 1117
200.86.95.220 - - [07/Mar/2017:11:05:28 -0300] "GET /cormun/static/Shared/jqueryui/images/ui-icons_82798d_256x240.png HTTP/1.1" 404 1089
200.86.95.220 - - [07/Mar/2017:11:05:28 -0300] "GET /cormun/static/Shared/jqueryui/images/ui-bg_flat_55_fafafa_40x100.png HTTP/1.1" 404 1097
200.86.95.220 - - [07/Mar/2017:11:05:28 -0300] "GET /cormun/static/Shared/jqueryui/images/ui-icons_8d78a5_256x240.png HTTP/1.1" 404 1089
200.86.95.220 - - [07/Mar/2017:11:05:29 -0300] "POST /cormun/servlet/trsolicitudot?a10d6bf1b886065dee18e6effbcf8a3f,gx-no-cache=1488895599010 HTTP/1.1" 200 6732
200.86.95.220 - - [07/Mar/2017:11:05:30 -0300] "POST /cormun/servlet/trsolicitudot?a10d6bf1b886065dee18e6effbcf8a3f,gx-no-cache=1488895600811 HTTP/1.1" 200 6445
200.86.95.220 - - [07/Mar/2017:11:05:31 -0300] "POST /cormun/servlet/trsolicitudot?a10d6bf1b886065dee18e6effbcf8a3f,gx-no-cache=1488895601357 HTTP/1.1" 200 6384
200.86.95.220 - - [07/Mar/2017:11:05:32 -0300] "POST /cormun/servlet/trsolicitudot?a10d6bf1b886065dee18e6effbcf8a3f,gx-no-cache=1488895602564 HTTP/1.1" 200 6186
200.86.95.220 - - [07/Mar/2017:11:05:33 -0300] "POST /cormun/servlet/trsolicitudot?a10d6bf1b886065dee18e6effbcf8a3f,gx-no-cache=1488895603058 HTTP/1.1" 200 6127
200.86.95.220 - - [07/Mar/2017:11:05:34 -0300] "POST /cormun/servlet/trsolicitudot?a10d6bf1b886065dee18e6effbcf8a3f,gx-no-cache=1488895604711 HTTP/1.1" 200 5734
200.86.95.220 - - [07/Mar/2017:11:05:35 -0300] "POST /cormun/servlet/trsolicitudot?a10d6bf1b886065dee18e6effbcf8a3f,gx-no-cache=1488895605138 HTTP/1.1" 200 5675
200.86.95.220 - - [07/Mar/2017:11:05:36 -0300] "POST /cormun/servlet/trsolicitudot?a10d6bf1b886065dee18e6effbcf8a3f,gx-no-cache=1488895606675 HTTP/1.1" 200 5319
200.86.95.220 - - [07/Mar/2017:11:05:37 -0300] "POST /cormun/servlet/trsolicitudot?a10d6bf1b886065dee18e6effbcf8a3f,gx-no-cache=1488895607042 HTTP/1.1" 200 5261
186.103.159.182 - - [07/Mar/2017:11:05:41 -0300] "POST /cormun/servlet/solicitudot?gx-no-cache=1488895611888 HTTP/1.1" 200 3200
186.103.159.182 - - [07/Mar/2017:11:05:41 -0300] "POST /cormun/servlet/solicitudot?0bf9da2a6c7c6c7806ca0b85aeca1a7b,INS,0,0,,gx-no-cache=1488895612129 HTTP/1.1" 200 9964
186.103.159.182 - - [07/Mar/2017:11:05:44 -0300] "GET /cormun/servlet/solicitudot?6929972cecffaf227a7c67210add8927ded5db7da2f130d00e668e9a6b15335c6d5e4fb04986626026e2b14d82eece87,gx-no-cache=1488895614861 HTTP/1.1" 200 30
186.103.159.182 - - [07/Mar/2017:11:05:44 -0300] "POST /cormun/servlet/solicitudot?gx-no-cache=1488895614925 HTTP/1.1" 200 240
186.103.159.182 - - [07/Mar/2017:11:05:44 -0300] "GET /cormun/servlet/solicitudot?6929972cecffaf227a7c67210add8927108fafb3d57e7ce4f13fcc2af18a19a4753ad670c32a79036cfe54381e23df55229cb56657cbacb751d028ec756bd82f881eac8f4d970740e595ab951c43f02602f8f968a0b11d073823b67f1a35925ab2f5cba8e69b259aeb94e4a13ae20a44580b46ba66ccc676a9e7c2c327c5ab269601d43866d76869db4a841190adfff98153660cb9796ea4c79abf7bae027c5876b1818c2081ff7bd6b6f4b183d979cdc0d4f0b3c715e98233e188bb4c73fbf2ee0d711db59af0c8cddd85e346901113d1ef53518c50c7a60432e85321360c2cf4c76ad9416c930303b4516fd08c1c79de7f35c9a0ddf6fe8e1f21599ab7afae2a9d9c46e7552d617ba072745e2142d040c128ed748e38a806b781575d21665673424b3b4a63e7aa0f13cb4e3a62ad8feeda56a5a644a17691b7c06659e77cce599ecbbbe1f6508d7e233470aa71c2974bc86688d86a0f14146b1b75ad7c741f9028f811085caf7ba1b6d8bc1a2164acf9d2828df7e85329a5964bcac553da35,gx-no-cache=1488895614982 HTTP/1.1" 200 30
186.103.159.182 - - [07/Mar/2017:11:05:50 -0300] "POST /cormun/servlet/solicitudot?gx-no-cache=1488895620682 HTTP/1.1" 200 30
200.86.95.220 - - [07/Mar/2017:11:05:54 -0300] "GET /cormun/servlet/solicitudot?INS,0,0, HTTP/1.1" 200 12563
200.86.95.220 - - [07/Mar/2017:11:05:55 -0300] "GET /cormun/servlet/solicitudot?INS,0,0, HTTP/1.1" 200 12568
186.79.36.72 - - [07/Mar/2017:11:05:56 -0300] "POST /cormun/servlet/hlogin?b6d35c29f8f557f70e8b605f9a242605,gx-no-cache=1488899225344 HTTP/1.1" 440 972
186.79.36.72 - - [07/Mar/2017:11:05:58 -0300] "GET /cormun/servlet/hlogin HTTP/1.1" 200 1727
186.103.159.182 - - [07/Mar/2017:11:05:59 -0300] "POST /cormun/servlet/solicitudot?gx-no-cache=1488895629802 HTTP/1.1" 200 30
200.86.95.220 - - [07/Mar/2017:11:06:04 -0300] "POST /cormun/servlet/solicitudot?gx-no-cache=1488895634133 HTTP/1.1" 200 3178
200.86.95.220 - - [07/Mar/2017:11:06:04 -0300] "POST /cormun/servlet/solicitudot?a10d6bf1b886065dee18e6effbcf8a3f,INS,0,0,,gx-no-cache=1488895634388 HTTP/1.1" 200 9760
186.79.36.72 - - [07/Mar/2017:11:06:10 -0300] "GET /cormun/servlet/hlogin HTTP/1.1" 200 1717
200.86.95.220 - - [07/Mar/2017:11:06:15 -0300] "GET /cormun/servlet/solicitudot?e7ec3574523e7dcfc50c13f3edd5edbebe65afb1cbf2e2d0c937f7fc7a0137ccb38b2eed91238702dbcc74d7010bdf26,gx-no-cache=1488895645363 HTTP/1.1" 200 30
200.86.95.220 - - [07/Mar/2017:11:06:15 -0300] "POST /cormun/servlet/solicitudot?gx-no-cache=1488895645466 HTTP/1.1" 200 240
192.168.10.62 - - [07/Mar/2017:11:06:15 -0300] "POST /cormun/servlet/hlogin?b509bfd99a8adb7301b81745c063b57f,gx-no-cache=1488898859624 HTTP/1.1" 200 90
192.168.10.62 - - [07/Mar/2017:11:06:15 -0300] "GET /cormun/servlet/hpexe_link HTTP/1.1" 200 977
200.86.95.220 - - [07/Mar/2017:11:06:15 -0300] "GET /cormun/servlet/solicitudot?e7ec3574523e7dcfc50c13f3edd5edbe60bc65c3cf26cd6f3715be01585042aad2f86013d52258b4fdac80852ab97b18a3967e5905524c6022656197c9564858498ec1d100e44f9d211ea25f6751cce2110d91fc23002613cc835d1d8409260d594dee1b17cf8613cc1fb5357cab0e84149167c1b5101a83ff8954fb454bc7c170ad371cc8270a30e18a089114789d198c1a52149f681726e7a8cb9436f05e00259d59d7fe754e8fde15ad8d04d65bf6a58cac59c8bf579a6f88e9b0b92d80a8d98dee909bdba0a5691abafe91f91f9ef2a41195f85bab8fbd79e760fd9a1e458ceaf3709a053322da5d4843f026eaa6b0143d5c9fc4b51ef61641476605b9863b4a2c8d74dae74d6b649285a137adfa8ccd2b88c6a724c2c3478db51e530bc9c445313cde34f850381c365799f81d3f3566db0775b72563a091f493f0b14e6718299a0ebd9c19c9f4572104cd30a38581f0bdee5bb7b832a1726ff0e4d37a81d27292e891b5ad4999aedf2b05eccc4ae1a858d29b321f165868646c2eeb03d3,gx-no-cache=1488895645539 HTTP/1.1" 200 30
200.86.95.220 - - [07/Mar/2017:11:06:15 -0300] "POST /cormun/servlet/solicitudot?gx-no-cache=1488895645619 HTTP/1.1" 200 30
192.168.10.62 - - [07/Mar/2017:11:06:15 -0300] "GET /cormun/servlet/vesolicitudnombre?2017,4660,,General HTTP/1.1" 200 8016
200.86.95.220 - - [07/Mar/2017:11:06:15 -0300] "POST /cormun/servlet/solicitudot?gx-no-cache=1488895645709 HTTP/1.1" 200 235
192.168.10.62 - - [07/Mar/2017:11:06:15 -0300] "GET /cormun/pexe_scrolldiv.js HTTP/1.1" 404 1009
192.168.10.62 - - [07/Mar/2017:11:06:15 -0300] "GET /cormun/pexe_scrolldiv.js HTTP/1.1" 404 1009
200.86.95.220 - - [07/Mar/2017:11:06:15 -0300] "POST /cormun/servlet/solicitudot?gx-no-cache=1488895645800 HTTP/1.1" 200 38
192.168.10.62 - - [07/Mar/2017:11:06:16 -0300] "GET /cormun/servlet/vesolicitudnombre?2017,4660,,General HTTP/1.1" 200 8014
192.168.10.62 - - [07/Mar/2017:11:06:18 -0300] "GET /cormun/servlet/trsolicitudgral? HTTP/1.1" 200 9192
192.168.10.62 - - [07/Mar/2017:11:06:18 -0300] "GET /cormun/servlet/trsolicitudgral? HTTP/1.1" 200 9177
186.79.36.72 - - [07/Mar/2017:11:06:20 -0300] "GET /cormun/servlet/hlogin HTTP/1.1" 200 1717
192.168.10.62 - - [07/Mar/2017:11:06:25 -0300] "POST /cormun/servlet/trsolicitudgral?b509bfd99a8adb7301b81745c063b57f,,gx-no-cache=1488898870227 HTTP/1.1" 200 6447
200.86.95.220 - - [07/Mar/2017:11:06:28 -0300] "POST /cormun/servlet/solicitudot?gx-no-cache=1488895658393 HTTP/1.1" 200 30
186.103.159.182 - - [07/Mar/2017:11:06:29 -0300] "POST /cormun/servlet/solicitudot?gx-no-cache=1488895659980 HTTP/1.1" 200 1291
192.168.10.62 - - [07/Mar/2017:11:06:32 -0300] "POST /cormun/servlet/trsolicitudgral?b509bfd99a8adb7301b81745c063b57f,,gx-no-cache=1488898877001 HTTP/1.1" 200 105
192.168.10.62 - - [07/Mar/2017:11:06:32 -0300] "POST /cormun/servlet/trsolicitudgral?b509bfd99a8adb7301b81745c063b57f,,gx-no-cache=1488898877135 HTTP/1.1" 200 6429
192.168.10.62 - - [07/Mar/2017:11:06:33 -0300] "GET /cormun/SolicitudGral-2737.xls HTTP/1.1" 200 6144
200.86.95.220 - - [07/Mar/2017:11:06:38 -0300] "GET /cormun/servlet/prfichaempleado?,MD,,gxPopupLevel%3D0%3B HTTP/1.1" 200 8824
186.103.159.182 - - [07/Mar/2017:11:06:39 -0300] "POST /cormun/servlet/solicitudot?gx-no-cache=1488895669772 HTTP/1.1" 200 118
186.103.159.182 - - [07/Mar/2017:11:06:39 -0300] "GET /cormun/static/Shared/jqueryui/images/ui-bg_highlight-soft_100_c6c2c8_1x100.png HTTP/1.1" 404 1117
186.103.159.182 - - [07/Mar/2017:11:06:39 -0300] "GET /cormun/static/Shared/jqueryui/images/ui-icons_82798d_256x240.png HTTP/1.1" 404 1089
186.103.159.182 - - [07/Mar/2017:11:06:39 -0300] "GET /cormun/static/Shared/jqueryui/images/ui-icons_ebccce_256x240.png HTTP/1.1" 404 1089
186.103.159.182 - - [07/Mar/2017:11:06:39 -0300] "GET /cormun/static/Shared/jqueryui/images/ui-bg_flat_55_994d53_40x100.png HTTP/1.1" 404 1097
186.79.36.72 - - [07/Mar/2017:11:06:45 -0300] "POST /cormun/servlet/hlogin?8b80b524f171bc2ef4e8184ba0c71165,gx-no-cache=1488899274900 HTTP/1.1" 200 90
186.79.36.72 - - [07/Mar/2017:11:06:45 -0300] "GET /cormun/servlet/hpexe_link HTTP/1.1" 200 951
186.79.36.72 - - [07/Mar/2017:11:06:46 -0300] "GET /cormun/servlet/hhome HTTP/1.1" 200 3924
186.79.36.72 - - [07/Mar/2017:11:06:47 -0300] "GET /cormun/servlet/hhome HTTP/1.1" 200 3921
200.86.95.220 - - [07/Mar/2017:11:06:49 -0300] "POST /cormun/servlet/prfichaempleado?a10d6bf1b886065dee18e6effbcf8a3f,,MD,,gxPopupLevel%3D0%3B,gx-no-cache=1488895679391 HTTP/1.1" 200 3389
200.86.95.220 - - [07/Mar/2017:11:06:55 -0300] "GET /cormun/servlet/prlicenciaspermisos?15106697,L,,MD,,gxPopupLevel%3D0%3B HTTP/1.1" 200 7270
186.79.36.72 - - [07/Mar/2017:11:07:04 -0300] "GET /cormun/servlet/trcontratounov2? HTTP/1.1" 200 16582
186.79.36.72 - - [07/Mar/2017:11:07:06 -0300] "GET /cormun/servlet/trcontratounov2? HTTP/1.1" 200 16584
200.86.95.220 - - [07/Mar/2017:11:07:07 -0300] "POST /cormun/servlet/solicitudot?gx-no-cache=1488895697267 HTTP/1.1" 200 1291
200.86.95.220 - - [07/Mar/2017:11:07:16 -0300] "POST /cormun/servlet/solicitudot?gx-no-cache=1488895706494 HTTP/1.1" 200 41
186.79.36.72 - - [07/Mar/2017:11:07:17 -0300] "GET /cormun/servlet/trautorizarsolicitud? HTTP/1.1" 200 6833
186.79.36.72 - - [07/Mar/2017:11:07:17 -0300] "GET /cormun/static/gxcfg.js?2017259112829 HTTP/1.1" 200 953
186.79.36.72 - - [07/Mar/2017:11:07:17 -0300] "GET /cormun/static/trautorizarsolicitud.js?2017259113483 HTTP/1.1" 200 53096
186.79.36.72 - - [07/Mar/2017:11:07:17 -0300] "GET /cormun/static/Resources/PXTools/calendar.png HTTP/1.1" 200 1306
186.79.36.72 - - [07/Mar/2017:11:07:18 -0300] "GET /cormun/servlet/trautorizarsolicitud? HTTP/1.1" 200 6833
200.86.95.220 - - [07/Mar/2017:11:07:26 -0300] "GET /cormun/servlet/solicitudot?e7ec3574523e7dcfc50c13f3edd5edbee6b67e19409b9cd026a47194c2a94065d305d2a33e6b537f3af6437dac9b06fe99db8ab68e440f875842be0bff3aad7ee896b56b1972495d41a3b5e59765962fbb476a0434d69f2ee43fb83a5bdb112999b8f7a58b1ff982861027c20d9f19072a9fc4882a26ba74ab5b882d9eb69f78e739f399d4d3c84771b6e9be7f8596bc6692f184773b55ec7cbed512f682a54c56d291f14beac4d753a5eee8e613a1fe053f6a221fa5eee5130ef4b34b7fb0b91e4f973a9ad6446ffcf0c2aa1debc017,gx-no-cache=1488895716484 HTTP/1.1" 200 29
200.86.95.220 - - [07/Mar/2017:11:07:26 -0300] "POST /cormun/servlet/solicitudot?gx-no-cache=1488895716544 HTTP/1.1" 200 1274
200.86.95.220 - - [07/Mar/2017:11:07:26 -0300] "POST /cormun/servlet/solicitudot?gx-no-cache=1488895716621 HTTP/1.1" 200 1157
200.86.95.220 - - [07/Mar/2017:11:07:31 -0300] "GET /cormun/servlet/solicitudot?e7ec3574523e7dcfc50c13f3edd5edbeffbd7f4c4ed349a19a3c5309af9351fe57a456fc51a1e8ae7a939431e653cc52ca17a637803a991c29913d94d391cc5e871af7fe7e29c2ee3d369ca9e9cd1fdfcfc59c743a1f139ac3860d134dac1cd365e0c374b672801c03759abd51583cbd1aa12f187b95ab76f44acdd7c212c9db1aa8ecdf096078fedc86edbf5028aff8f5d04cc300d92c0fd19464977c5173c3856986d14fcf3dc87bbdffc00430e9c6c52d10c74dd4d4cf96f040a7a76b8b6a,gx-no-cache=1488895721961 HTTP/1.1" 200 30
186.103.159.182 - - [07/Mar/2017:11:07:48 -0300] "POST /cormun/servlet/solicitudot?gx-no-cache=1488895738907 HTTP/1.1" 200 118
192.168.10.89 - - [07/Mar/2017:11:07:51 -0300] "GET /cormun/servlet/trsolicitudgral? HTTP/1.1" 200 10701
186.79.36.72 - - [07/Mar/2017:11:07:57 -0300] "POST /cormun/servlet/trautorizarsolicitud?8b80b524f171bc2ef4e8184ba0c71165,,gx-no-cache=1488899346069 HTTP/1.1" 200 4125
186.103.159.182 - - [07/Mar/2017:11:07:58 -0300] "GET /cormun/servlet/trsolicitudot? HTTP/1.1" 200 8630
186.103.159.182 - - [07/Mar/2017:11:08:00 -0300] "GET /cormun/servlet/trsolicitudot? HTTP/1.1" 200 8627
186.103.159.182 - - [07/Mar/2017:11:08:41 -0300] "GET /cormun/servlet/solicitudot?INS,0,0, HTTP/1.1" 200 12825
186.103.159.182 - - [07/Mar/2017:11:08:43 -0300] "GET /cormun/servlet/solicitudot?INS,0,0, HTTP/1.1" 200 12830
186.103.159.182 - - [07/Mar/2017:11:08:50 -0300] "POST /cormun/servlet/solicitudot?gx-no-cache=1488895801033 HTTP/1.1" 200 3081
186.103.159.182 - - [07/Mar/2017:11:08:51 -0300] "POST /cormun/servlet/solicitudot?0bf9da2a6c7c6c7806ca0b85aeca1a7b,INS,0,0,,gx-no-cache=1488895801229 HTTP/1.1" 200 9864
186.103.159.182 - - [07/Mar/2017:11:08:56 -0300] "GET /cormun/servlet/solicitudot?6929972cecffaf227a7c67210add89274036b90dfeab6f49b336bd6a6f07caa36d5e4fb04986626026e2b14d82eece87,gx-no-cache=1488895806487 HTTP/1.1" 200 30
186.103.159.182 - - [07/Mar/2017:11:09:51 -0300] "POST /cormun/servlet/solicitudot?gx-no-cache=1488895862050 HTTP/1.1" 200 255
186.103.159.182 - - [07/Mar/2017:11:09:53 -0300] "GET /cormun/servlet/solicitudot?6929972cecffaf227a7c67210add8927108fafb3d57e7ce4f13fcc2af18a19a446706260bca6950e40d72810fedabcd8229cb56657cbacb751d028ec756bd82f881eac8f4d970740e595ab951c43f02602f8f968a0b11d073823b67f1a35925ab2f5cba8e69b259aeb94e4a13ae20a44580b46ba66ccc676a9e7c2c327c5ab269601d43866d76869db4a841190adfff98153660cb9796ea4c79abf7bae027c5876b1818c2081ff7bd6b6f4b183d979cdc0d4f0b3c715e98233e188bb4c73fbf2ee0d711db59af0c8cddd85e346901113d1ef53518c50c7a60432e85321360c2cf4c76ad9416c930303b4516fd08c1c79de7f35c9a0ddf6fe8e1f21599ab7afae2a9d9c46e7552d617ba072745e2142d01ef44c4528dd51939d53bc732efbc985875f9cd749f6941f8de778e35f29a18ad41e17d6c1843a47e28f104443f0f30bc5b9cd83be9f8cceaf2d6a45889a4f764c0b1a479ba2637d335b99b5596f9ed8bb31121b4eac7e6c10ccf8be70375e7eac252be3485de8eceb41e55dc160ff63,gx-no-cache=1488895863324 HTTP/1.1" 200 30
186.103.159.182 - - [07/Mar/2017:11:09:57 -0300] "POST /cormun/servlet/solicitudot?gx-no-cache=1488895867363 HTTP/1.1" 200 30
186.103.159.182 - - [07/Mar/2017:11:09:57 -0300] "POST /cormun/servlet/solicitudot?gx-no-cache=1488895868178 HTTP/1.1" 200 235
186.103.159.182 - - [07/Mar/2017:11:09:57 -0300] "POST /cormun/servlet/solicitudot?gx-no-cache=1488895868254 HTTP/1.1" 200 38
200.86.95.220 - - [07/Mar/2017:11:10:07 -0300] "POST /cormun/servlet/solicitudot?a10d6bf1b886065dee18e6effbcf8a3f,INS,0,0,,gx-no-cache=1488895877489 HTTP/1.1" 200 93
200.86.95.220 - - [07/Mar/2017:11:10:07 -0300] "GET /cormun/servlet/hpexe_return? HTTP/1.1" 200 1024
200.86.95.220 - - [07/Mar/2017:11:10:08 -0300] "GET /cormun/servlet/trsolicitudot?gx-no-cache=1488895607042 HTTP/1.1" 200 8597
200.86.95.220 - - [07/Mar/2017:11:10:09 -0300] "GET /cormun/servlet/trsolicitudot?gx-no-cache=1488895607042 HTTP/1.1" 200 8615
200.86.95.220 - - [07/Mar/2017:11:10:20 -0300] "GET /cormun/servlet/solicitudot?INS,0,0, HTTP/1.1" 200 12586
200.86.95.220 - - [07/Mar/2017:11:10:22 -0300] "GET /cormun/servlet/solicitudot?INS,0,0, HTTP/1.1" 200 12569
186.103.159.182 - - [07/Mar/2017:11:10:24 -0300] "GET /cormun/servlet/solicitudot?6929972cecffaf227a7c67210add8927fcad9383f20b5e0a40f96b21cc02393ec3c4b508f93de3b68d320f80785b50b3cfd51ea4354894579cd2ebe93608361b3eb02f382394121461ab01ab1e4461a4ab74e1f25380cb6682802e7cce14c8f6f799e44239b04be149e2dcecb868cbe0,gx-no-cache=1488895894535 HTTP/1.1" 200 29
186.103.159.182 - - [07/Mar/2017:11:10:24 -0300] "POST /cormun/servlet/solicitudot?gx-no-cache=1488895894600 HTTP/1.1" 200 643
186.103.159.182 - - [07/Mar/2017:11:10:25 -0300] "POST /cormun/servlet/solicitudot?gx-no-cache=1488895895531 HTTP/1.1" 200 1157
200.86.95.220 - - [07/Mar/2017:11:10:29 -0300] "POST /cormun/servlet/solicitudot?gx-no-cache=1488895899071 HTTP/1.1" 200 3178
200.86.95.220 - - [07/Mar/2017:11:10:29 -0300] "POST /cormun/servlet/solicitudot?a10d6bf1b886065dee18e6effbcf8a3f,INS,0,0,,gx-no-cache=1488895899330 HTTP/1.1" 200 9785
200.86.95.220 - - [07/Mar/2017:11:10:31 -0300] "GET /cormun/servlet/solicitudot?e7ec3574523e7dcfc50c13f3edd5edbebe65afb1cbf2e2d0c937f7fc7a0137ccb38b2eed91238702dbcc74d7010bdf26,gx-no-cache=1488895901363 HTTP/1.1" 200 30
200.86.95.220 - - [07/Mar/2017:11:10:31 -0300] "POST /cormun/servlet/solicitudot?gx-no-cache=1488895901516 HTTP/1.1" 200 240
200.86.95.220 - - [07/Mar/2017:11:10:31 -0300] "GET /cormun/servlet/solicitudot?e7ec3574523e7dcfc50c13f3edd5edbe60bc65c3cf26cd6f3715be01585042aad2f86013d52258b4fdac80852ab97b18a3967e5905524c6022656197c9564858498ec1d100e44f9d211ea25f6751cce2110d91fc23002613cc835d1d8409260d594dee1b17cf8613cc1fb5357cab0e84149167c1b5101a83ff8954fb454bc7c170ad371cc8270a30e18a089114789d198c1a52149f681726e7a8cb9436f05e00259d59d7fe754e8fde15ad8d04d65bf6a58cac59c8bf579a6f88e9b0b92d80a8d98dee909bdba0a5691abafe91f91f9ef2a41195f85bab8fbd79e760fd9a1e458ceaf3709a053322da5d4843f026eaa6b0143d5c9fc4b51ef61641476605b9863b4a2c8d74dae74d6b649285a137adfa8ccd2b88c6a724c2c3478db51e530bc9c445313cde34f850381c365799f81d3f3566db0775b72563a091f493f0b14e6718299a0ebd9c19c9f4572104cd30a38581f0bdee5bb7b832a1726ff0e4d37a81d27292e891b5ad4999aedf2b05eccc4ae1a858d29b321f165868646c2eeb03d3,gx-no-cache=1488895901590 HTTP/1.1" 200 30
186.103.156.211 - - [07/Mar/2017:11:10:32 -0300] "GET /cormun/servlet/licenciaspermisos?INS,0,,, HTTP/1.1" 200 6461
186.103.156.211 - - [07/Mar/2017:11:10:33 -0300] "GET /cormun/static/gxtimezone.js?85251 HTTP/1.1" 304 -
186.103.156.211 - - [07/Mar/2017:11:10:33 -0300] "GET /cormun/static/gxcfg.js?2016122619301043 HTTP/1.1" 304 -
186.103.156.211 - - [07/Mar/2017:11:10:33 -0300] "GET /cormun/static/calendar-es.js?85251 HTTP/1.1" 304 -
186.103.156.211 - - [07/Mar/2017:11:10:33 -0300] "GET /cormun/static/calendar-setup.js?85251 HTTP/1.1" 304 -
186.103.156.211 - - [07/Mar/2017:11:10:33 -0300] "GET /cormun/static/calendar.js?85251 HTTP/1.1" 304 -
186.103.156.211 - - [07/Mar/2017:11:10:33 -0300] "GET /cormun/static/messages.spa.js?85251 HTTP/1.1" 304 -
186.103.156.211 - - [07/Mar/2017:11:10:33 -0300] "GET /cormun/static/gxdec.js?85251 HTTP/1.1" 304 -
200.86.95.220 - - [07/Mar/2017:11:10:34 -0300] "POST /cormun/servlet/solicitudot?gx-no-cache=1488895904280 HTTP/1.1" 200 30
186.103.156.211 - - [07/Mar/2017:11:10:34 -0300] "GET /cormun/servlet/hlogin HTTP/1.1" 200 1751
186.103.156.211 - - [07/Mar/2017:11:10:34 -0300] "GET /cormun/servlet/licenciaspermisos?INS,0,,, HTTP/1.1" 200 6472
186.103.156.211 - - [07/Mar/2017:11:10:34 -0300] "GET /cormun/static/gxcfg.js?201612216162538 HTTP/1.1" 304 -
200.86.95.220 - - [07/Mar/2017:11:10:40 -0300] "GET /cormun/servlet/prsolicitudot?20340793,,,,,MD,,gxPopupLevel%3D0%3B HTTP/1.1" 200 6107
186.79.36.72 - - [07/Mar/2017:11:10:43 -0300] "POST /cormun/servlet/solicitudot?gx-no-cache=1488895913761 HTTP/1.1" 200 240
200.86.95.220 - - [07/Mar/2017:11:10:45 -0300] "POST /cormun/servlet/solicitudot?gx-no-cache=1488895915438 HTTP/1.1" 200 296
200.86.95.220 - - [07/Mar/2017:11:10:45 -0300] "GET /cormun/static/Shared/jqueryui/images/ui-bg_highlight-soft_100_c6c2c8_1x100.png HTTP/1.1" 404 1117
200.86.95.220 - - [07/Mar/2017:11:10:45 -0300] "GET /cormun/static/Shared/jqueryui/images/ui-icons_82798d_256x240.png HTTP/1.1" 404 1089
200.86.95.220 - - [07/Mar/2017:11:10:45 -0300] "GET /cormun/static/Shared/jqueryui/images/ui-bg_flat_55_994d53_40x100.png HTTP/1.1" 404 1097
200.86.95.220 - - [07/Mar/2017:11:10:45 -0300] "GET /cormun/static/Shared/jqueryui/images/ui-icons_ebccce_256x240.png HTTP/1.1" 404 1089
200.86.95.220 - - [07/Mar/2017:11:10:45 -0300] "POST /cormun/servlet/solicitudot?gx-no-cache=1488895915570 HTTP/1.1" 200 117
200.86.95.220 - - [07/Mar/2017:11:10:45 -0300] "GET /cormun/servlet/solicitudot?e7ec3574523e7dcfc50c13f3edd5edbee6b67e19409b9cd026a47194c2a94065d305d2a33e6b537f3af6437dac9b06fe99db8ab68e440f875842be0bff3aad7ee896b56b1972495d41a3b5e59765962fbb476a0434d69f2ee43fb83a5bdb112999b8f7a58b1ff982861027c20d9f19072a9fc4882a26ba74ab5b882d9eb69f78e739f399d4d3c84771b6e9be7f8596bc6692f184773b55ec7cbed512f682a54c56d291f14beac4d753a5eee8e613a1fe053f6a221fa5eee5130ef4b34b7fb0b91e4f973a9ad6446ffcf0c2aa1debc017,gx-no-cache=1488895915662 HTTP/1.1" 200 29
200.86.95.220 - - [07/Mar/2017:11:10:45 -0300] "GET /cormun/servlet/solicitudot?e7ec3574523e7dcfc50c13f3edd5edbe9b1c9a71129146a3c6268a96aaf505cb75dbe56d015f932527fdda379062d54dfb3b3227d98ef41940f1f6c7ec9eefbab852855a185c554cb3c854457b9e5018d39db31f2eea920af42c40170e21f6cbce4afae76d6dc2f45805423068ebd8103038867d51c80cab7b1266244f8374a835bdfea06a075b3bbeffebaf63865f5082deaeffcd3352e31dd6fa7f432a0827,gx-no-cache=1488895915706 HTTP/1.1" 200 57
200.86.95.220 - - [07/Mar/2017:11:10:45 -0300] "GET /cormun/servlet/solicitudot?e7ec3574523e7dcfc50c13f3edd5edbe944841db2dc864ad6f3657a5b491125375dbe56d015f932527fdda379062d54dfb3b3227d98ef41940f1f6c7ec9eefba4c07461f90d240a5de61e83d6323aea7d856dd3ca43a7c0eb9198062865ee192afbd55d12993e8cb76fea4ce232144db7fa221cf2f22e5c484b0a584409f50eb,gx-no-cache=1488895915757 HTTP/1.1" 200 57
186.103.156.211 - - [07/Mar/2017:11:10:48 -0300] "POST /cormun/servlet/hlogin?d0d8ccb62ad7be11d3e1e347e3efb402,gx-no-cache=1488895918980 HTTP/1.1" 200 90
186.103.156.211 - - [07/Mar/2017:11:10:48 -0300] "GET /cormun/servlet/hpexe_link HTTP/1.1" 200 974
186.79.36.72 - - [07/Mar/2017:11:10:48 -0300] "GET /cormun/servlet/solicitudot?3be8044e26eb2accc355fa08f50752b30267209e2e30ebc58fd06e1d297692c9862af3c1641f80716ef0c779fce4a982c3fa0207adf35bac35b0415fdeb7a4bfce389efec0063d8654b44457c1dbb587b18271e2e14c3b330e393be807fb44c105bf62a896633aff1002c9f28195b5edb4444ee6b2d63286987f305667933ce17c4b1eb68506fafc03754b83d1966d1c57e4bfe37f4d4aaa5891a118c29939825ec910dc54759b0f42de8470526dc38aa3a8dd9c1a7f6030d667b8b0bdaf2ef230ebe4b56d521f18cf866c84587a691c665b50d598f3c3a8d409640b659e555f43b4e8d48f7db79e9886535b516d95fd3f6b3b8f95c3e21bcf0dc18a2e55a88af6627e417382356423891cf52efefc196558d3d6287749b528aec510aebb3569b7848e931a2c2f8a7dde6d2993bdd9840a1dbc31c53da370fd03c6bb19f05f37223d8f6b5fa8a0d1d518704cd29cbabec59ec6706fc71e7df8190910439668dccd1d64aa785cc0d0aed27641cc75e9e0d5fd33f8259a0d1bb0208f47586c88ce,gx-no-cache=1488895918147 HTTP/1.1" 200 30
186.103.156.211 - - [07/Mar/2017:11:10:48 -0300] "GET /cormun/static/gxcfg.js?201612218515529 HTTP/1.1" 304 -
186.103.156.211 - - [07/Mar/2017:11:10:48 -0300] "GET /cormun/servlet/licenciaspermisos?INS,0,,, HTTP/1.1" 200 7201
186.103.156.211 - - [07/Mar/2017:11:10:49 -0300] "GET /cormun/servlet/licenciaspermisos?INS,0,,, HTTP/1.1" 200 7200
186.79.36.72 - - [07/Mar/2017:11:10:52 -0300] "POST /cormun/servlet/solicitudot?gx-no-cache=1488895922681 HTTP/1.1" 200 30
200.86.95.220 - - [07/Mar/2017:11:10:54 -0300] "GET /cormun/servlet/prfichaempleado?,MD,,gxPopupLevel%3D0%3B HTTP/1.1" 200 8824
186.103.156.211 - - [07/Mar/2017:11:10:58 -0300] "GET /cormun/servlet/trvisualizadoreventos? HTTP/1.1" 200 6734
186.103.156.211 - - [07/Mar/2017:11:10:59 -0300] "GET /cormun/static/gxcfg.js?2016101716203350 HTTP/1.1" 304 -
186.103.156.211 - - [07/Mar/2017:11:10:59 -0300] "GET /cormun/servlet/trvisualizadoreventos? HTTP/1.1" 200 6722
200.86.95.220 - - [07/Mar/2017:11:11:05 -0300] "POST /cormun/servlet/prfichaempleado?a10d6bf1b886065dee18e6effbcf8a3f,,MD,,gxPopupLevel%3D0%3B,gx-no-cache=1488895935449 HTTP/1.1" 200 3389
186.79.36.72 - - [07/Mar/2017:11:11:06 -0300] "POST /cormun/servlet/solicitudot?gx-no-cache=1488895936132 HTTP/1.1" 200 1291
186.103.159.182 - - [07/Mar/2017:11:11:09 -0300] "GET /cormun/servlet/solicitudot?6929972cecffaf227a7c67210add892704063e7e3eb92114927afc169b66813fd2141a9fee43f30ef32b71da0f4dd703956aa6b7bb9efbfcbcc8e99033ae20ed4b82d3c45ffe5dea8e69d837e8953fd383413e0108b58b327d76a7946ee404da27a511855abfa5f59f633daa45138256048bce62c8c60866415b2705063fac2d43b46d34ef7d3ef968e68eaf8c9ba27f2dd74e18a0643ac4248c7f1298ded36c321a740d42fb147d7a39677bfcd0d4e9,gx-no-cache=1488895939323 HTTP/1.1" 200 30
186.103.156.211 - - [07/Mar/2017:11:11:12 -0300] "GET /cormun/servlet/trcontratounov2? HTTP/1.1" 200 14689
200.86.95.220 - - [07/Mar/2017:11:11:12 -0300] "GET /cormun/servlet/prlicenciaspermisos?15106697,L,,MD,,gxPopupLevel%3D0%3B HTTP/1.1" 200 7270
186.103.156.211 - - [07/Mar/2017:11:11:12 -0300] "GET /cormun/static/gxcfg.js?201612281114880 HTTP/1.1" 304 -
186.103.156.211 - - [07/Mar/2017:11:11:12 -0300] "GET /cormun/servlet/trcontratounov2? HTTP/1.1" 200 14690
186.103.159.182 - - [07/Mar/2017:11:11:16 -0300] "POST /cormun/servlet/solicitudot?0bf9da2a6c7c6c7806ca0b85aeca1a7b,INS,0,0,,gx-no-cache=1488895946445 HTTP/1.1" 200 93
186.103.159.182 - - [07/Mar/2017:11:11:16 -0300] "GET /cormun/servlet/hpexe_return? HTTP/1.1" 200 1007
186.103.159.182 - - [07/Mar/2017:11:11:17 -0300] "GET /cormun/servlet/trsolicitudot HTTP/1.1" 200 8973
200.86.95.220 - - [07/Mar/2017:11:11:17 -0300] "POST /cormun/servlet/solicitudot?gx-no-cache=1488895947956 HTTP/1.1" 200 1291
186.103.159.182 - - [07/Mar/2017:11:11:19 -0300] "GET /cormun/servlet/trsolicitudot HTTP/1.1" 200 8969
200.86.95.220 - - [07/Mar/2017:11:11:20 -0300] "POST /cormun/servlet/solicitudot?gx-no-cache=1488895950618 HTTP/1.1" 200 41
186.103.159.182 - - [07/Mar/2017:11:11:25 -0300] "POST /cormun/servlet/trsolicitudot?0bf9da2a6c7c6c7806ca0b85aeca1a7b,gx-no-cache=1488895955802 HTTP/1.1" 200 106
186.103.159.182 - - [07/Mar/2017:11:11:25 -0300] "GET /cormun/servlet/trsolicitudadjuntos?2017,5251, HTTP/1.1" 200 6124
186.103.159.182 - - [07/Mar/2017:11:11:25 -0300] "GET /cormun/static/gxcfg.js?201612218531388 HTTP/1.1" 200 953
186.103.159.182 - - [07/Mar/2017:11:11:25 -0300] "GET /cormun/static/trsolicitudadjuntos.js?201612218531657 HTTP/1.1" 200 17913
186.103.159.182 - - [07/Mar/2017:11:11:27 -0300] "GET /cormun/servlet/trsolicitudadjuntos?2017,5251, HTTP/1.1" 200 6123
186.103.159.182 - - [07/Mar/2017:11:11:30 -0300] "GET /cormun/servlet/solicitudotadjuntos?INS,2017,5251,,1, HTTP/1.1" 200 6054
186.103.159.182 - - [07/Mar/2017:11:11:30 -0300] "GET /cormun/static/gxcfg.js?201612218465951 HTTP/1.1" 200 953
186.103.159.182 - - [07/Mar/2017:11:11:30 -0300] "GET /cormun/static/solicitudotadjuntos.js?201612218465969 HTTP/1.1" 200 11762
186.103.159.182 - - [07/Mar/2017:11:11:30 -0300] "GET /cormun/static/about:blank HTTP/1.1" 404 1011
186.103.159.182 - - [07/Mar/2017:11:11:31 -0300] "GET /cormun/servlet/solicitudotadjuntos?INS,2017,5251,,1, HTTP/1.1" 200 6046
186.103.159.182 - - [07/Mar/2017:11:11:32 -0300] "GET /cormun/servlet/solicitudotadjuntos?6929972cecffaf227a7c67210add8927ee4030af67861277bc4e8a29ed659b6fe60a206ca73abc55a8997e838ac37db4,gx-no-cache=1488895962590 HTTP/1.1" 200 30
186.103.159.182 - - [07/Mar/2017:11:11:32 -0300] "POST /cormun/servlet/solicitudotadjuntos?0bf9da2a6c7c6c7806ca0b85aeca1a7b,INS,2017,5251,,1,,gx-no-cache=1488895962637 HTTP/1.1" 200 3857
200.86.95.220 - - [07/Mar/2017:11:11:33 -0300] "POST /cormun/servlet/solicitudot?gx-no-cache=1488895963221 HTTP/1.1" 200 1275
200.86.95.220 - - [07/Mar/2017:11:11:33 -0300] "POST /cormun/servlet/solicitudot?gx-no-cache=1488895963308 HTTP/1.1" 200 1157
200.86.95.220 - - [07/Mar/2017:11:11:33 -0300] "GET /cormun/servlet/solicitudot?e7ec3574523e7dcfc50c13f3edd5edbeffbd7f4c4ed349a19a3c5309af9351fe31cd3f7496266971e23e0977b0b49e64e41a2040a331ff832d91e42b61f127c23bee67d9da22e7e198b4e68ab011307c35bdfea06a075b3bbeffebaf63865f50b5e00d5039e92b8b266a3a05a93969c417f712a53b5bc6254d0883e703b43bb9ba5d5f3b201c9158416bbe9ccf6603823d7cdc60426eac968f34068f080d0cae0f75dd0d5ef2e5c8ad6e7eebd75c7c6a81de35059d3662ebaa6d82761c5940ab,gx-no-cache=1488895963422 HTTP/1.1" 200 30
186.103.159.182 - - [07/Mar/2017:11:11:35 -0300] "POST /cormun/servlet/solicitudotadjuntos?gx-no-cache=1488895965465 HTTP/1.1" 200 26
186.79.36.72 - - [07/Mar/2017:11:11:36 -0300] "GET /cormun/static/menuarrow.gif HTTP/1.1" 404 1015
186.79.36.72 - - [07/Mar/2017:11:11:45 -0300] "POST /cormun/servlet/solicitudot?gx-no-cache=1488895975211 HTTP/1.1" 200 41
200.86.95.220 - - [07/Mar/2017:11:11:47 -0300] "POST /cormun/servlet/solicitudot?a10d6bf1b886065dee18e6effbcf8a3f,INS,0,0,,gx-no-cache=1488895976943 HTTP/1.1" 200 93
200.86.95.220 - - [07/Mar/2017:11:11:47 -0300] "GET /cormun/servlet/hpexe_return? HTTP/1.1" 200 1024
200.86.95.220 - - [07/Mar/2017:11:11:47 -0300] "GET /cormun/servlet/trsolicitudot?gx-no-cache=1488895607042 HTTP/1.1" 200 8860
