186.67.172.234 - - [07/Mar/2017:09:27:57 -0300] "GET /cormun/servlet/solicitudot?a58a02fdd9d9a69a977a0fa27a39986bc957fe910b8dbb40bc4bf2a55c8b931fdf86f36b7119351f44a358a342bcf1b051b54dfd72165957f07d53f7162067ab0dcdaa2614acbb52d54d5a88d9bc15fe707f7cbf2a62140618a56b19edc4aba75503f7a14d92d43bb4e67ac964b153bd04e88f56fce1c9a6bd329243d1ba91e1,gx-no-cache=1488889746027 HTTP/1.1" 200 57
186.67.172.234 - - [07/Mar/2017:09:28:00 -0300] "GET /cormun/servlet/prsolicitudot?15107009,,,,,MD,,gxPopupLevel%3D0%3B HTTP/1.1" 200 6727
186.67.172.234 - - [07/Mar/2017:09:28:14 -0300] "GET /cormun/servlet/prcontratosol?15107009,,,,,MD,,gxPopupLevel%3D0%3B HTTP/1.1" 200 5985
186.67.172.234 - - [07/Mar/2017:09:28:30 -0300] "GET /cormun/servlet/trcontratosolicitud? HTTP/1.1" 200 13796
186.67.172.234 - - [07/Mar/2017:09:28:30 -0300] "GET /cormun/static/gxcfg.js?20171317451682 HTTP/1.1" 200 953
186.67.172.234 - - [07/Mar/2017:09:28:30 -0300] "GET /cormun/static/trcontratosolicitud.js?20171317452124 HTTP/1.1" 200 28173
186.67.172.234 - - [07/Mar/2017:09:28:30 -0300] "GET /cormun//static/Resources/PXToolsActionDisabled.gif HTTP/1.1" 200 53
186.67.172.234 - - [07/Mar/2017:09:28:30 -0300] "GET /cormun//static/Resources/PXToolsGridNew.png HTTP/1.1" 200 2949
186.67.172.234 - - [07/Mar/2017:09:28:30 -0300] "GET /cormun/servlet/trcontratosolicitud? HTTP/1.1" 200 13792
186.67.172.234 - - [07/Mar/2017:09:28:37 -0300] "GET /cormun/servlet/solicitudotcontratos?INS,2017,0,15107009,4,2,2016,2116,NADA,201701,23,M, HTTP/1.1" 200 9643
186.67.172.234 - - [07/Mar/2017:09:28:37 -0300] "GET /cormun/static/gxcfg.js?201711020431995 HTTP/1.1" 200 953
186.67.172.234 - - [07/Mar/2017:09:28:37 -0300] "GET /cormun/static/solicitudotcontratos.js?201711020432118 HTTP/1.1" 200 42790
186.67.172.234 - - [07/Mar/2017:09:28:37 -0300] "GET /cormun/servlet/solicitudotcontratos?INS,2017,0,15107009,4,2,2016,2116,NADA,201701,23,M, HTTP/1.1" 200 9677
186.67.172.234 - - [07/Mar/2017:09:28:38 -0300] "GET /cormun/servlet/solicitudotcontratos?a58a02fdd9d9a69a977a0fa27a39986b192ba2b6a59296f817067ae3bec5e303c631092aca0251ca3267bf931120e23a,gx-no-cache=1488889786530 HTTP/1.1" 200 30
186.67.172.234 - - [07/Mar/2017:09:28:38 -0300] "GET /cormun/servlet/solicitudotcontratos?a58a02fdd9d9a69a977a0fa27a39986b1e6b4653be632b3f6b74c3f5add9f445e47c04a2dc96cd55f42b140ec2cb41fd07af0c5b82c28e193715e0f702e775075e827af8529f66a58111b1c84647291a55e27093910f3bb04204cb5b430fec1b412114395f1f8464890d3d57212ad91ec9c3a66f838c16a97bb6b4a67964dc25,gx-no-cache=1488889786580 HTTP/1.1" 200 48
186.67.172.234 - - [07/Mar/2017:09:28:38 -0300] "GET /cormun/servlet/solicitudotcontratos?a58a02fdd9d9a69a977a0fa27a39986b1c0aa450758f3ed4a411c2a6a1f13b41b8d96d26ce216ffec2f8b2108354d063,gx-no-cache=1488889786643 HTTP/1.1" 200 30
186.67.172.234 - - [07/Mar/2017:09:28:38 -0300] "GET /cormun/servlet/solicitudotcontratos?a58a02fdd9d9a69a977a0fa27a39986b237703a77f59a83846eebdb9a0e824752718455acbd6170c424b39f7458c876051b54dfd72165957f07d53f7162067abfb994ffff70e230d6bcccbd346ad4b32f91492b9a28bd0493d39722f302e23c7142bdcdbe8f974a8759c4470490b18c7,gx-no-cache=1488889786684 HTTP/1.1" 200 30
186.67.172.234 - - [07/Mar/2017:09:28:38 -0300] "GET /cormun/servlet/solicitudotcontratos?a58a02fdd9d9a69a977a0fa27a39986b886f54a5e25b367ee9c8d1960ffd8d1bfce749d6b5ec9e70929ab779a4f6533c9a4ff52ba2a7942e484b3505ee41d4989e2b427b6d6b262840ce20078d636368a9fb7af9b14c9b681155abaac5ab3d739534d694d857d573d3fd683fd37aa41420efb15e1eef13ae24fd85567bd0685d8d6741b53fe2c6d196e0e2a6076902a14d355f22a78e38dc34cacb54d3ed288337fcbdd8eb72dedcf28cb2db9d8b265ad92a7ad4798e9f6e9f8fc7504c51f7cfad6a47bbce8ed96278df497517af492b31a97482656842266cee628fbc210873a1fdbcd9e7716020a7c7f524543a3aeff269981b6111fa9712fe74cc3822f087c35f225e61307d85b61aa841cb6ec1a0cec3bf4dcb2e6525f609845db991bcf1d47e1f4c406c1a359e5ecf1c2ba5bf317e7429cad13f93614151645cad5a11f40d075ae3be2e1c1f315e74ca0d9970755d343e82cfd52046353e0eb1ef39c65d6fef50416febaabd6533edf31dbfc2a96687dcb032ea217733a0dd66c8aafbb874e9986acba716710cf95ad416ed8a9c82e5fb25263b91e2a54b7c87198f68f4ad3714f2fa23e9b8cfd578cff36ea85c793c83aca45590f58f1b07fc3a4508d6761a55b808c77c041600af33aa59bbb1e8ee07eddb364641cae32289f8575dc067dbd3fddb95c031bc07efc5a78811cb82e5fb25263b91e2a54b7c87198f68f4807bb6b482a155590bc65c2e99db49fa4a2434c4918778a93b125efa560ea3036da4a461f8d01419fb11a455f966a9ad99a599047dcb66cbeea315a83558e439,gx-no-cache=1488889786732 HTTP/1.1" 200 72
192.168.10.62 - - [07/Mar/2017:09:28:44 -0300] "POST /cormun/servlet/trsolicitudgral?3040e2020e1131507b6e9e5d3952fb22,,gx-no-cache=1488893009178 HTTP/1.1" 200 7289
192.168.10.62 - - [07/Mar/2017:09:28:47 -0300] "POST /cormun/servlet/trsolicitudgral?3040e2020e1131507b6e9e5d3952fb22,,gx-no-cache=1488893012197 HTTP/1.1" 200 105
192.168.10.62 - - [07/Mar/2017:09:28:48 -0300] "POST /cormun/servlet/trsolicitudgral?3040e2020e1131507b6e9e5d3952fb22,,gx-no-cache=1488893012306 HTTP/1.1" 200 7273
192.168.10.62 - - [07/Mar/2017:09:28:48 -0300] "GET /cormun/SolicitudGral-6737.xls HTTP/1.1" 200 6144
192.168.10.89 - - [07/Mar/2017:09:29:02 -0300] "POST /cormun/servlet/trsolicitudgral?e8267efc8c771945d43dbf8c55c51cb4,,gx-no-cache=1488893026649 HTTP/1.1" 200 7084
192.168.10.89 - - [07/Mar/2017:09:29:12 -0300] "GET /cormun/servlet/trconsultaempleado? HTTP/1.1" 200 9459
186.67.172.234 - - [07/Mar/2017:09:29:23 -0300] "GET /cormun/servlet/trsolicitudot? HTTP/1.1" 200 8750
192.168.10.89 - - [07/Mar/2017:09:29:24 -0300] "POST /cormun/servlet/trconsultaempleado?e8267efc8c771945d43dbf8c55c51cb4,,gx-no-cache=1488893048931 HTTP/1.1" 200 4329
186.67.172.234 - - [07/Mar/2017:09:29:25 -0300] "GET /cormun/servlet/trsolicitudot? HTTP/1.1" 200 8710
192.168.10.89 - - [07/Mar/2017:09:29:26 -0300] "GET /cormun/servlet/trsolicitudnombre?20340793, HTTP/1.1" 200 8396
192.168.10.89 - - [07/Mar/2017:09:29:26 -0300] "GET /cormun/static/trsolicitudnombre.js?201711910440 HTTP/1.1" 304 -
186.67.172.234 - - [07/Mar/2017:09:29:27 -0300] "GET /cormun/servlet/trcontratosolicitud? HTTP/1.1" 200 13796
186.67.172.234 - - [07/Mar/2017:09:29:28 -0300] "GET /cormun/servlet/trcontratosolicitud? HTTP/1.1" 200 13799
186.67.172.234 - - [07/Mar/2017:09:29:53 -0300] "GET /cormun/servlet/trsolicitudot? HTTP/1.1" 200 8712
186.67.172.234 - - [07/Mar/2017:09:29:54 -0300] "GET /cormun/servlet/trsolicitudot? HTTP/1.1" 200 8710
192.168.10.89 - - [07/Mar/2017:09:30:00 -0300] "POST /cormun/servlet/trsolicitudnombre?e8267efc8c771945d43dbf8c55c51cb4,20340793,,gx-no-cache=1488893084857 HTTP/1.1" 200 90
192.168.10.89 - - [07/Mar/2017:09:30:00 -0300] "GET /cormun/servlet/hpexe_link HTTP/1.1" 200 975
192.168.10.89 - - [07/Mar/2017:09:30:00 -0300] "GET /cormun/servlet/trconsultaempleado? HTTP/1.1" 200 6792
186.67.172.234 - - [07/Mar/2017:09:30:03 -0300] "GET /cormun/servlet/solicitudot?INS,0,0, HTTP/1.1" 200 12816
186.67.172.234 - - [07/Mar/2017:09:30:04 -0300] "GET /cormun/servlet/solicitudot?INS,0,0, HTTP/1.1" 200 12820
192.168.10.89 - - [07/Mar/2017:09:30:05 -0300] "POST /cormun/servlet/trconsultaempleado?e8267efc8c771945d43dbf8c55c51cb4,,gx-no-cache=1488893089354 HTTP/1.1" 200 4429
192.168.10.89 - - [07/Mar/2017:09:30:07 -0300] "GET /cormun/servlet/trsolicitudnombre?15260589, HTTP/1.1" 200 7997
186.67.172.234 - - [07/Mar/2017:09:30:22 -0300] "POST /cormun/servlet/solicitudot?gx-no-cache=1488889890550 HTTP/1.1" 200 3182
186.67.172.234 - - [07/Mar/2017:09:30:22 -0300] "POST /cormun/servlet/solicitudot?286d95874e3e0673226819fe6b7d5051,INS,0,0,,gx-no-cache=1488889890957 HTTP/1.1" 200 9970
186.67.172.234 - - [07/Mar/2017:09:30:26 -0300] "GET /cormun/servlet/solicitudot?a58a02fdd9d9a69a977a0fa27a39986b192ba2b6a59296f817067ae3bec5e303142bdcdbe8f974a8759c4470490b18c7,gx-no-cache=1488889894529 HTTP/1.1" 200 30
186.67.172.234 - - [07/Mar/2017:09:30:26 -0300] "POST /cormun/servlet/solicitudot?gx-no-cache=1488889894587 HTTP/1.1" 200 255
186.67.172.234 - - [07/Mar/2017:09:30:26 -0300] "GET /cormun/servlet/solicitudot?a58a02fdd9d9a69a977a0fa27a39986b0aca8f408d16dda2214aeaa0502dc5c4f0404a84ca650620c5e6a7290e92bfce94041f4bf2f2de16c1d533c4bd9bf2773f51ba516ce4603d69cdf9bff25bed47c3865535a66fd3db4fc57781d35d23faef5f6cefce90381493688e76ff9f23795cc0f31a75d4aacdeaf7480655dab044ea982faf36ac739fd367e599fec1fc50fafbbe64c7b6facaac283f7bf9a45414024496e2eeedc939cef975ba77d655bb0dc2db3d418689286558350d7810a04006602d082d552d143e6522169b5174a0aba1c7981c5c32828cfca7b337ee28bce5dad8d613425da660f540a16f9e2bf5cf507e6b43ccd95edb993e3abfe422961c794be19856a5e398475743062c3f1bd5b25a8c23e023558a19f3622bed3f12dec629fe1a2a35fa481c1cdf771ceade3a80eedac481febaf21dfdb9c247fdf56b79c70784d3ecad112ac30bee93e39cb04a4cd1d1b20b9f8faa839301a4fa432ffc47fcd9e244de4cd356c1564c3950547e977d4a90897c7d846f299593a6b0,gx-no-cache=1488889894653 HTTP/1.1" 200 30
186.67.172.234 - - [07/Mar/2017:09:30:28 -0300] "POST /cormun/servlet/solicitudot?gx-no-cache=1488889896899 HTTP/1.1" 200 30
186.67.172.234 - - [07/Mar/2017:09:30:30 -0300] "GET /cormun/servlet/prcontratosol?15107009,,,,,MD,,gxPopupLevel%3D0%3B HTTP/1.1" 200 5985
186.67.172.234 - - [07/Mar/2017:09:30:32 -0300] "POST /cormun/servlet/solicitudot?gx-no-cache=1488889900882 HTTP/1.1" 200 1372
186.67.172.234 - - [07/Mar/2017:09:30:32 -0300] "GET /cormun/static/Shared/jqueryui/images/ui-bg_highlight-soft_100_c6c2c8_1x100.png HTTP/1.1" 404 1117
186.67.172.234 - - [07/Mar/2017:09:30:32 -0300] "GET /cormun/static/Shared/jqueryui/images/ui-icons_82798d_256x240.png HTTP/1.1" 404 1089
186.67.172.234 - - [07/Mar/2017:09:30:32 -0300] "GET /cormun/static/Shared/jqueryui/images/ui-icons_ebccce_256x240.png HTTP/1.1" 404 1089
186.67.172.234 - - [07/Mar/2017:09:30:32 -0300] "GET /cormun/static/Shared/jqueryui/images/ui-bg_flat_55_994d53_40x100.png HTTP/1.1" 404 1097
186.67.172.234 - - [07/Mar/2017:09:30:32 -0300] "POST /cormun/servlet/solicitudot?gx-no-cache=1488889900970 HTTP/1.1" 200 117
186.67.172.234 - - [07/Mar/2017:09:30:32 -0300] "GET /cormun/servlet/solicitudot?a58a02fdd9d9a69a977a0fa27a39986bedf9a28d490fd447b8f8e100ce6e3825c14b59c6ae8208329a652ac626eca19810dae2dc2b539791102ddc2b2c1be1b4c2cea1e59a5d57c006fc6c17ff3f7e554713d1c0c1d5702863cb70bcc5383b4947c9e1b791a67cb369654de02ed32f691347f74d2e21a49b1c738feda62c7cc1313e0b568a8459062f90c863ce1140fa04b153bd6be8aa009b2bc6d9ea8a8ce9fd25c9aa15eada29bf0319ed7c89a00daacd48a8d04995485ad01ecfd38c1d716a05922ee2681d29f952aac2ebd6f9f7,gx-no-cache=1488889901041 HTTP/1.1" 200 29
186.67.172.234 - - [07/Mar/2017:09:30:32 -0300] "GET /cormun/servlet/solicitudot?a58a02fdd9d9a69a977a0fa27a39986bc72f44e3f1ad1b98dbe8d7accb8f7582df86f36b7119351f44a358a342bcf1b051b54dfd72165957f07d53f7162067ab021a7a764f3e6185d46a85bf046f381096cdfdba494a83c44a9d5c254d582d0de680b760150184e3761b72e63194f98b889b6c3df0c8b5a9f3d76573ba76857998d5241db2f134e88588486d59d74423a131311cfc5feef0849968265dd63430,gx-no-cache=1488889901094 HTTP/1.1" 200 57
186.67.172.234 - - [07/Mar/2017:09:30:32 -0300] "GET /cormun/servlet/solicitudot?a58a02fdd9d9a69a977a0fa27a39986bc957fe910b8dbb40bc4bf2a55c8b931fdf86f36b7119351f44a358a342bcf1b051b54dfd72165957f07d53f7162067ab0dcdaa2614acbb52d54d5a88d9bc15fe707f7cbf2a62140618a56b19edc4aba75503f7a14d92d43bb4e67ac964b153bd04e88f56fce1c9a6bd329243d1ba91e1,gx-no-cache=1488889901121 HTTP/1.1" 200 57
186.67.172.234 - - [07/Mar/2017:09:30:57 -0300] "GET /cormun/servlet/prlicenciaspermisos?7109486,L,,MD,,gxPopupLevel%3D0%3B HTTP/1.1" 200 5676
200.86.95.220 - - [07/Mar/2017:09:30:58 -0300] "GET /cormun/servlet/solicitudot?INS,0,0, HTTP/1.1" 200 12758
200.86.95.220 - - [07/Mar/2017:09:30:59 -0300] "GET /cormun/servlet/solicitudot?INS,0,0, HTTP/1.1" 200 12742
186.67.172.234 - - [07/Mar/2017:09:31:01 -0300] "POST /cormun/servlet/solicitudot?gx-no-cache=1488889929130 HTTP/1.1" 200 1292
192.168.10.89 - - [07/Mar/2017:09:31:07 -0300] "GET /cormun/Manuales/ManualSolicitud.pdf HTTP/1.1" 200 850295
200.86.95.220 - - [07/Mar/2017:09:31:08 -0300] "POST /cormun/servlet/solicitudot?gx-no-cache=1488889938644 HTTP/1.1" 200 3081
186.67.172.234 - - [07/Mar/2017:09:31:08 -0300] "POST /cormun/servlet/solicitudot?gx-no-cache=1488889936706 HTTP/1.1" 200 41
192.168.10.89 - - [07/Mar/2017:09:31:08 -0300] "GET /cormun/servlet/trsolicitudnombre?15260589, HTTP/1.1" 200 7997
200.86.95.220 - - [07/Mar/2017:09:31:08 -0300] "POST /cormun/servlet/solicitudot?76b773b0e47af9307f619d0c763f3b17,INS,0,0,,gx-no-cache=1488889938941 HTTP/1.1" 200 9893
192.168.10.89 - - [07/Mar/2017:09:31:10 -0300] "POST /cormun/servlet/trsolicitudnombre?e8267efc8c771945d43dbf8c55c51cb4,15260589,,gx-no-cache=1488893155291 HTTP/1.1" 200 90
192.168.10.89 - - [07/Mar/2017:09:31:10 -0300] "GET /cormun/servlet/hpexe_link HTTP/1.1" 200 976
192.168.10.89 - - [07/Mar/2017:09:31:11 -0300] "GET /cormun/servlet/trconsultaempleado? HTTP/1.1" 200 6927
186.67.172.234 - - [07/Mar/2017:09:31:11 -0300] "GET /cormun/servlet/solicitudot?a58a02fdd9d9a69a977a0fa27a39986bedf9a28d490fd447b8f8e100ce6e3825c14b59c6ae8208329a652ac626eca19849dbfe584a1c42faece4fdb050e13b7bc2cea1e59a5d57c006fc6c17ff3f7e554713d1c0c1d5702863cb70bcc5383b4947c9e1b791a67cb369654de02ed32f691347f74d2e21a49b1c738feda62c7cc1313e0b568a8459062f90c863ce1140fa04b153bd6be8aa009b2bc6d9ea8a8ce9fd25c9aa15eada29bf0319ed7c89a00daacd48a8d04995485ad01ecfd38c1d716a05922ee2681d29f952aac2ebd6f9f7,gx-no-cache=1488889940123 HTTP/1.1" 200 29
200.86.95.220 - - [07/Mar/2017:09:31:12 -0300] "GET /cormun/servlet/solicitudot?5558bcd6a7a790611e947bffa5ee37c4ae296d9c27191466fc0f0e2c5e35c6fc85e59a12b2eb968eb0478767e7c01ac1,gx-no-cache=1488889942935 HTTP/1.1" 200 30
192.168.10.89 - - [07/Mar/2017:09:31:14 -0300] "GET /cormun/servlet/trsolicitudgral? HTTP/1.1" 200 10358
186.67.172.234 - - [07/Mar/2017:09:31:15 -0300] "POST /cormun/servlet/solicitudot?gx-no-cache=1488889943356 HTTP/1.1" 200 1275
186.67.172.234 - - [07/Mar/2017:09:31:15 -0300] "POST /cormun/servlet/solicitudot?gx-no-cache=1488889943390 HTTP/1.1" 200 1157
186.67.172.234 - - [07/Mar/2017:09:31:15 -0300] "GET /cormun/static/menuarrow.gif HTTP/1.1" 404 1015
186.67.172.234 - - [07/Mar/2017:09:31:21 -0300] "POST /cormun/servlet/solicitudot?gx-no-cache=1488889949916 HTTP/1.1" 200 1275
186.67.172.234 - - [07/Mar/2017:09:31:21 -0300] "POST /cormun/servlet/solicitudot?gx-no-cache=1488889949976 HTTP/1.1" 200 1157
192.168.10.89 - - [07/Mar/2017:09:31:26 -0300] "POST /cormun/servlet/trsolicitudgral?e8267efc8c771945d43dbf8c55c51cb4,,gx-no-cache=1488893170569 HTTP/1.1" 200 5398
192.168.10.89 - - [07/Mar/2017:09:31:31 -0300] "POST /cormun/servlet/trsolicitudgral?e8267efc8c771945d43dbf8c55c51cb4,,gx-no-cache=1488893175745 HTTP/1.1" 200 7091
186.67.172.234 - - [07/Mar/2017:09:31:37 -0300] "GET /cormun/servlet/solicitudot?a58a02fdd9d9a69a977a0fa27a39986bbde6afbc589261c1b675b062fa3ed914c380f1fa27d4d371d9f11f025eda5baeb393d10904bbe9e7ef07eb753185b4109e0ea407510583a4c4cdff3e288120b498d5241db2f134e88588486d59d7442303e93d18e1e342ee396f69fb5eba2c9e1ef819b3df116a3cdd9dc15460a5b1f858b89ba14e27d4316ea54357273b083dac86cd4c4cb8bdfeed8d20c9f11b7b3899c7595c9d64a0615caa465b759ffa730936a4d1e6d860a84c89ab86d1eccb22,gx-no-cache=1488889965517 HTTP/1.1" 200 30
186.67.172.234 - - [07/Mar/2017:09:31:38 -0300] "POST /cormun/servlet/solicitudot?286d95874e3e0673226819fe6b7d5051,INS,0,0,,gx-no-cache=1488889965795 HTTP/1.1" 200 93
186.67.172.234 - - [07/Mar/2017:09:31:38 -0300] "GET /cormun/servlet/hpexe_return? HTTP/1.1" 200 1003
186.67.172.234 - - [07/Mar/2017:09:31:38 -0300] "GET /cormun/servlet/trsolicitudot HTTP/1.1" 200 9056
186.67.172.234 - - [07/Mar/2017:09:31:39 -0300] "GET /cormun/servlet/trsolicitudot HTTP/1.1" 200 9049
186.67.172.234 - - [07/Mar/2017:09:31:56 -0300] "POST /cormun/servlet/trsolicitudot?286d95874e3e0673226819fe6b7d5051,gx-no-cache=1488889984665 HTTP/1.1" 200 5902
186.67.172.234 - - [07/Mar/2017:09:31:56 -0300] "GET /cormun/static/Shared/jqueryui/images/ui-bg_highlight-soft_100_c6c2c8_1x100.png HTTP/1.1" 404 1117
186.67.172.234 - - [07/Mar/2017:09:31:56 -0300] "GET /cormun/static/Shared/jqueryui/images/ui-icons_82798d_256x240.png HTTP/1.1" 404 1089
186.67.172.234 - - [07/Mar/2017:09:31:56 -0300] "GET /cormun/static/Shared/jqueryui/images/ui-bg_flat_55_fafafa_40x100.png HTTP/1.1" 404 1097
186.67.172.234 - - [07/Mar/2017:09:31:56 -0300] "GET /cormun/static/Shared/jqueryui/images/ui-icons_8d78a5_256x240.png HTTP/1.1" 404 1089
186.67.172.234 - - [07/Mar/2017:09:31:56 -0300] "POST /cormun/servlet/trsolicitudot?286d95874e3e0673226819fe6b7d5051,gx-no-cache=1488889984933 HTTP/1.1" 200 5844
186.67.172.234 - - [07/Mar/2017:09:31:57 -0300] "POST /cormun/servlet/trsolicitudot?286d95874e3e0673226819fe6b7d5051,gx-no-cache=1488889985646 HTTP/1.1" 200 5543
186.67.172.234 - - [07/Mar/2017:09:31:58 -0300] "POST /cormun/servlet/trsolicitudot?286d95874e3e0673226819fe6b7d5051,gx-no-cache=1488889985833 HTTP/1.1" 200 5487
192.168.10.89 - - [07/Mar/2017:09:31:58 -0300] "POST /cormun/servlet/trsolicitudgral?e8267efc8c771945d43dbf8c55c51cb4,,gx-no-cache=1488893203064 HTTP/1.1" 200 5396
186.67.172.234 - - [07/Mar/2017:09:31:59 -0300] "POST /cormun/servlet/trsolicitudot?286d95874e3e0673226819fe6b7d5051,gx-no-cache=1488889987941 HTTP/1.1" 200 4379
186.67.172.234 - - [07/Mar/2017:09:32:00 -0300] "POST /cormun/servlet/trsolicitudot?286d95874e3e0673226819fe6b7d5051,gx-no-cache=1488889988219 HTTP/1.1" 200 4124
200.86.95.220 - - [07/Mar/2017:09:32:49 -0300] "POST /cormun/servlet/solicitudot?gx-no-cache=1488890039358 HTTP/1.1" 200 297
200.86.95.220 - - [07/Mar/2017:09:32:49 -0300] "GET /cormun/servlet/solicitudot?5558bcd6a7a790611e947bffa5ee37c4791dcec0a5ed936607248fbaab01a24a46de76db8468ea0bc96dab184718c815ec477daa6c89e4ca1592ad38b6db22afb8633235040183f8dfc91df9fd5526e68e0d588b5ada6eed43660e1b5c5fa342a3961c2e39483c30719c52995b691457dfa8af92023ac1f964c1dbc23994915aa4a99c694547a7c06920370f44533697b12f6e9a6c8ee2f04b1368a0c4875c992417be9188b1a1c9be940a93fca138088428c86364d326249a0175e5f99ee51240a0a1288e4ef2f56f4827e9baeeee6da2ac0a0b553cacc7918ddf93b2b2932f5ce7f937729da88f0af79e096f353fa46b64c1e6fe74818f334dbfa569fbe7e7ded7a9d5330f922a1df8f3e0718fa66d4bab59b5dd36899be8501f4979fc1183133abf1a296d921838bc953b4314e8ba54c324019e88d6d182d2f768c511d6cf8309dc9bb9ffe7435ae8f6a8481ede22baa485ef4c2ae85b5f7d1b0e0822ef01596d4dfa6cf7bff37b472268f434801aeecbf78600ea577836a22e1f47d1afd8467d4904448c4995ee9947db829993cf,gx-no-cache=1488890039489 HTTP/1.1" 200 30
200.86.95.220 - - [07/Mar/2017:09:32:52 -0300] "POST /cormun/servlet/solicitudot?gx-no-cache=1488890042775 HTTP/1.1" 200 30
200.86.95.220 - - [07/Mar/2017:09:32:55 -0300] "POST /cormun/servlet/solicitudot?gx-no-cache=1488890045654 HTTP/1.1" 200 235
200.86.95.220 - - [07/Mar/2017:09:32:55 -0300] "POST /cormun/servlet/solicitudot?gx-no-cache=1488890045768 HTTP/1.1" 200 38
200.86.95.220 - - [07/Mar/2017:09:33:18 -0300] "GET /cormun/servlet/solicitudot?5558bcd6a7a790611e947bffa5ee37c4a4f76e19111a901e6f24b92fdc242269fe3f0a1e543182e41fa1825483731e805c9ba8d0db4afbcef5ff5588a24baa40f6cbdb3499270aca83cb84bf00d600193489df20375c96d30154612848b42b256522c13cbb40ba9cb90742655c520d06,gx-no-cache=1488890068523 HTTP/1.1" 200 29
200.86.95.220 - - [07/Mar/2017:09:33:18 -0300] "POST /cormun/servlet/solicitudot?gx-no-cache=1488890068665 HTTP/1.1" 200 643
200.86.95.220 - - [07/Mar/2017:09:33:19 -0300] "POST /cormun/servlet/solicitudot?gx-no-cache=1488890070067 HTTP/1.1" 200 1157
200.86.95.220 - - [07/Mar/2017:09:33:25 -0300] "GET /cormun/static/menuarrow.gif HTTP/1.1" 404 1015
200.86.95.220 - - [07/Mar/2017:09:33:34 -0300] "GET /cormun/servlet/solicitudot?5558bcd6a7a790611e947bffa5ee37c45b68e0bc41f19ba282aa88188641e08eb403e8b314bf1245d32e4b8804249cd82b13897026f2bc92368c38333ed075e5203d53c79a84dafd8de45d157ca0a98c4942ab485909f357345302e7da9de5e0eb04e66f4d77d565b3ab5fb307e3d4032bc2f41bafc296c8f1d5b381f9ae3e517e4e6f0902fa7c34d105b70fa38d6a12b68655737a788981352be43ad8b3b50c169fb45dab0bc334d269dc559f556a26,gx-no-cache=1488890084851 HTTP/1.1" 200 30
200.86.95.220 - - [07/Mar/2017:09:33:44 -0300] "POST /cormun/servlet/solicitudot?76b773b0e47af9307f619d0c763f3b17,INS,0,0,,gx-no-cache=1488890094088 HTTP/1.1" 200 93
200.86.95.220 - - [07/Mar/2017:09:33:44 -0300] "GET /cormun/servlet/hpexe_return? HTTP/1.1" 200 1015
200.86.95.220 - - [07/Mar/2017:09:33:44 -0300] "GET /cormun/servlet/trautorizarsolicitud? HTTP/1.1" 200 6855
200.86.95.220 - - [07/Mar/2017:09:33:46 -0300] "GET /cormun/servlet/trautorizarsolicitud? HTTP/1.1" 200 6851
200.86.95.220 - - [07/Mar/2017:09:34:08 -0300] "POST /cormun/servlet/trautorizarsolicitud?76b773b0e47af9307f619d0c763f3b17,,gx-no-cache=1488890118747 HTTP/1.1" 200 4140
200.86.95.220 - - [07/Mar/2017:09:34:10 -0300] "POST /cormun/servlet/trautorizarsolicitud?76b773b0e47af9307f619d0c763f3b17,,gx-no-cache=1488890120762 HTTP/1.1" 200 4137
200.86.95.220 - - [07/Mar/2017:09:34:20 -0300] "GET /cormun/servlet/trsolicitudot? HTTP/1.1" 200 8670
200.86.95.220 - - [07/Mar/2017:09:34:21 -0300] "GET /cormun/servlet/trsolicitudot? HTTP/1.1" 200 8670
200.86.95.220 - - [07/Mar/2017:09:34:44 -0300] "POST /cormun/servlet/trsolicitudot?76b773b0e47af9307f619d0c763f3b17,,gx-no-cache=1488890154629 HTTP/1.1" 200 107
200.86.95.220 - - [07/Mar/2017:09:34:44 -0300] "GET /cormun/servlet/trsolicitudadjuntos?2017,5248, HTTP/1.1" 200 6036
200.86.95.220 - - [07/Mar/2017:09:34:45 -0300] "GET /cormun/servlet/trsolicitudadjuntos?2017,5248, HTTP/1.1" 200 6035
200.86.95.220 - - [07/Mar/2017:09:34:47 -0300] "POST /cormun/servlet/acontrolpreferencessavestate?None,VVIDELA,true HTTP/1.1" 200 35
200.86.95.220 - - [07/Mar/2017:09:34:48 -0300] "GET /cormun/servlet/solicitudotadjuntos?INS,2017,5248,,1, HTTP/1.1" 200 5974
200.86.95.220 - - [07/Mar/2017:09:34:48 -0300] "GET /cormun/static/about:blank HTTP/1.1" 404 1011
200.86.95.220 - - [07/Mar/2017:09:34:49 -0300] "GET /cormun/servlet/solicitudotadjuntos?INS,2017,5248,,1, HTTP/1.1" 200 5967
200.86.95.220 - - [07/Mar/2017:09:34:49 -0300] "GET /cormun/servlet/solicitudotadjuntos?5558bcd6a7a790611e947bffa5ee37c4117cee04971d164a42590023f25a43d732d22d3df9d86af34656bd4f44442412,gx-no-cache=1488890159849 HTTP/1.1" 200 30
200.86.95.220 - - [07/Mar/2017:09:34:49 -0300] "POST /cormun/servlet/solicitudotadjuntos?76b773b0e47af9307f619d0c763f3b17,INS,2017,5248,,1,,gx-no-cache=1488890159978 HTTP/1.1" 200 3830
192.168.10.62 - - [07/Mar/2017:09:34:53 -0300] "POST /cormun/servlet/trsolicitudgral?3040e2020e1131507b6e9e5d3952fb22,,gx-no-cache=1488893377979 HTTP/1.1" 200 105
192.168.10.62 - - [07/Mar/2017:09:34:53 -0300] "POST /cormun/servlet/trsolicitudgral?3040e2020e1131507b6e9e5d3952fb22,,gx-no-cache=1488893378094 HTTP/1.1" 200 7274
192.168.10.62 - - [07/Mar/2017:09:34:54 -0300] "GET /cormun/SolicitudGral-3894.xls HTTP/1.1" 200 6144
200.86.95.220 - - [07/Mar/2017:09:34:56 -0300] "POST /cormun/servlet/solicitudotadjuntos?gx-no-cache=1488890166191 HTTP/1.1" 200 26
200.86.95.220 - - [07/Mar/2017:09:35:00 -0300] "GET /cormun/servlet/solicitudotadjuntos?5558bcd6a7a790611e947bffa5ee37c4f81331ab8079d7efc6e18c4527f5f32e,gx-no-cache=1488890170432 HTTP/1.1" 200 30
200.86.95.220 - - [07/Mar/2017:09:35:00 -0300] "GET /cormun/servlet/solicitudotadjuntos?5558bcd6a7a790611e947bffa5ee37c4f81331ab8079d7efc6e18c4527f5f32e,gx-no-cache=1488890170518 HTTP/1.1" 200 30
200.86.95.220 - - [07/Mar/2017:09:35:01 -0300] "POST /cormun/servlet/solicitudotadjuntos?76b773b0e47af9307f619d0c763f3b17,INS,2017,5248,,1, HTTP/1.1" 200 116
200.86.95.220 - - [07/Mar/2017:09:35:01 -0300] "GET /cormun/servlet/hpexe_return? HTTP/1.1" 200 1026
200.86.95.220 - - [07/Mar/2017:09:35:01 -0300] "GET /cormun/servlet/trsolicitudadjuntos?2017,5248, HTTP/1.1" 200 8142
200.86.95.220 - - [07/Mar/2017:09:35:02 -0300] "GET /cormun/servlet/trsolicitudadjuntos?2017,5248, HTTP/1.1" 200 8146
192.168.10.89 - - [07/Mar/2017:09:35:03 -0300] "GET /cormun/servlet/hlogin HTTP/1.1" 200 1733
200.86.95.220 - - [07/Mar/2017:09:35:04 -0300] "GET /cormun/servlet/solicitudotadjuntos?INS,2017,5248,,1, HTTP/1.1" 200 5974
200.86.95.220 - - [07/Mar/2017:09:35:04 -0300] "GET /cormun/static/about:blank HTTP/1.1" 404 1011
200.86.95.220 - - [07/Mar/2017:09:35:05 -0300] "GET /cormun/servlet/solicitudotadjuntos?INS,2017,5248,,1, HTTP/1.1" 200 5967
200.86.95.220 - - [07/Mar/2017:09:35:06 -0300] "GET /cormun/servlet/solicitudotadjuntos?5558bcd6a7a790611e947bffa5ee37c4117cee04971d164a42590023f25a43d732d22d3df9d86af34656bd4f44442412,gx-no-cache=1488890176434 HTTP/1.1" 200 30
200.86.95.220 - - [07/Mar/2017:09:35:06 -0300] "POST /cormun/servlet/solicitudotadjuntos?76b773b0e47af9307f619d0c763f3b17,INS,2017,5248,,1,,gx-no-cache=1488890176531 HTTP/1.1" 200 3830
200.86.95.220 - - [07/Mar/2017:09:35:09 -0300] "POST /cormun/servlet/solicitudotadjuntos?gx-no-cache=1488890179364 HTTP/1.1" 200 26
192.168.10.89 - - [07/Mar/2017:09:35:10 -0300] "POST /cormun/servlet/hlogin?e8267efc8c771945d43dbf8c55c51cb4,gx-no-cache=1488893395133 HTTP/1.1" 200 90
192.168.10.89 - - [07/Mar/2017:09:35:10 -0300] "GET /cormun/servlet/hpexe_link HTTP/1.1" 200 950
192.168.10.89 - - [07/Mar/2017:09:35:11 -0300] "GET /cormun/servlet/hhome HTTP/1.1" 200 3942
192.168.10.89 - - [07/Mar/2017:09:35:15 -0300] "GET /cormun/servlet/trsolicitudot? HTTP/1.1" 200 6911
192.168.10.89 - - [07/Mar/2017:09:35:19 -0300] "GET /cormun/servlet/solicitudot?INS,0,0, HTTP/1.1" 200 12736
200.86.95.220 - - [07/Mar/2017:09:35:20 -0300] "GET /cormun/servlet/solicitudotadjuntos?5558bcd6a7a790611e947bffa5ee37c4f81331ab8079d7efc6e18c4527f5f32e,gx-no-cache=1488890190287 HTTP/1.1" 200 30
200.86.95.220 - - [07/Mar/2017:09:35:20 -0300] "GET /cormun/servlet/solicitudotadjuntos?5558bcd6a7a790611e947bffa5ee37c4f81331ab8079d7efc6e18c4527f5f32e,gx-no-cache=1488890190324 HTTP/1.1" 200 30
200.86.95.220 - - [07/Mar/2017:09:35:20 -0300] "POST /cormun/servlet/solicitudotadjuntos?76b773b0e47af9307f619d0c763f3b17,INS,2017,5248,,1, HTTP/1.1" 200 116
200.86.95.220 - - [07/Mar/2017:09:35:20 -0300] "GET /cormun/servlet/hpexe_return? HTTP/1.1" 200 1026
200.86.95.220 - - [07/Mar/2017:09:35:21 -0300] "GET /cormun/servlet/trsolicitudadjuntos?2017,5248, HTTP/1.1" 200 8350
200.86.95.220 - - [07/Mar/2017:09:35:22 -0300] "GET /cormun/servlet/trsolicitudadjuntos?2017,5248, HTTP/1.1" 200 8348
186.103.156.24 - - [07/Mar/2017:09:35:23 -0300] "GET /cormun/servlet/hlogin HTTP/1.1" 200 1717
192.168.10.89 - - [07/Mar/2017:09:35:28 -0300] "GET /cormun/servlet/prfichaempleado?,MD,,gxPopupLevel%3D0%3B HTTP/1.1" 200 8819
200.86.95.220 - - [07/Mar/2017:09:35:38 -0300] "GET /cormun/servlet/solicitudotadjuntos?INS,2017,5248,,1, HTTP/1.1" 200 5975
200.86.95.220 - - [07/Mar/2017:09:35:38 -0300] "GET /cormun/static/about:blank HTTP/1.1" 404 1011
200.86.95.220 - - [07/Mar/2017:09:35:39 -0300] "GET /cormun/servlet/solicitudotadjuntos?INS,2017,5248,,1, HTTP/1.1" 200 5969
200.86.95.220 - - [07/Mar/2017:09:35:40 -0300] "GET /cormun/servlet/solicitudotadjuntos?5558bcd6a7a790611e947bffa5ee37c4117cee04971d164a42590023f25a43d732d22d3df9d86af34656bd4f44442412,gx-no-cache=1488890210348 HTTP/1.1" 200 30
200.86.95.220 - - [07/Mar/2017:09:35:40 -0300] "POST /cormun/servlet/solicitudotadjuntos?76b773b0e47af9307f619d0c763f3b17,INS,2017,5248,,1,,gx-no-cache=1488890210444 HTTP/1.1" 200 3830
192.168.10.89 - - [07/Mar/2017:09:35:43 -0300] "POST /cormun/servlet/prfichaempleado?e8267efc8c771945d43dbf8c55c51cb4,,MD,,gxPopupLevel%3D0%3B,gx-no-cache=1488893427579 HTTP/1.1" 200 3497
200.86.95.220 - - [07/Mar/2017:09:35:46 -0300] "POST /cormun/servlet/solicitudotadjuntos?gx-no-cache=1488890216356 HTTP/1.1" 200 26
192.168.10.89 - - [07/Mar/2017:09:35:46 -0300] "POST /cormun/servlet/solicitudot?gx-no-cache=1488893430847 HTTP/1.1" 200 3155
192.168.10.89 - - [07/Mar/2017:09:35:46 -0300] "POST /cormun/servlet/solicitudot?e8267efc8c771945d43dbf8c55c51cb4,INS,0,0,,gx-no-cache=1488893431111 HTTP/1.1" 200 9924
192.168.10.89 - - [07/Mar/2017:09:35:48 -0300] "GET /cormun/servlet/solicitudot?31555cc165ac1698b72804b5cd93e2862f76c9a38e37218ddb3ac4102d8628354b125493c573243cf010478c2c818b6e,gx-no-cache=1488893432789 HTTP/1.1" 200 30
192.168.10.89 - - [07/Mar/2017:09:35:48 -0300] "POST /cormun/servlet/solicitudot?gx-no-cache=1488893432873 HTTP/1.1" 200 255
192.168.10.89 - - [07/Mar/2017:09:35:48 -0300] "GET /cormun/servlet/solicitudot?31555cc165ac1698b72804b5cd93e286ab8f90a87032cd45649fc603e2ff1184cb5b27b5ef031cafce2cf613213df34296450fa03737118bc13cde386541822e3fde36f93c0e5bbdfcbda81b9331b0dff0b961a2e89504fdfda46418948c0a2ae90478ed04fa4d2f1bc8ec9bcd01f0f8aa3dfba01d7a50f21a60bd10a387455326e755299a615671a3839caaefdb2abf787a2f13a64ecda16afacef7e34d768ac3a9c6e50e8bfbbaccdb90bd2d124b4c20c5c402d11bf7fe88e903e9d50d6802b5b547c2b29bf3807a2d1c4f275db55a964e2aab098c8bee6c1215d232c672dc0600e721739e113600e7bd1ddaa72e9af458579547ce56bcd2aff7caeda8bfb14b3495460f0e50f9aaa36fce338b9d1b3bad33a5506ad81e7bd3aa89999626fdf2840f5f4ddf072525a132f511f256b46296f4541dd9bd0fec7d47c93930a8e5ba1ec606ff1ca72483bec38d4a1864261d0e30627a201ac995d0df85a68aa245931ec3614614b782736d7c66a1a70b30b5c6ea7912972f6b8bfba954b246ccbb,gx-no-cache=1488893432910 HTTP/1.1" 200 30
192.168.10.89 - - [07/Mar/2017:09:35:49 -0300] "POST /cormun/servlet/solicitudot?gx-no-cache=1488893434048 HTTP/1.1" 200 30
186.103.156.24 - - [07/Mar/2017:09:35:50 -0300] "POST /cormun/servlet/hlogin?911914817e30baf69169be06b7bb2b06,gx-no-cache=1488890222461 HTTP/1.1" 200 90
186.103.156.24 - - [07/Mar/2017:09:35:50 -0300] "GET /cormun/servlet/hpexe_link HTTP/1.1" 200 951
186.103.156.24 - - [07/Mar/2017:09:35:50 -0300] "GET /cormun/servlet/hhome HTTP/1.1" 200 3957
192.168.10.89 - - [07/Mar/2017:09:35:51 -0300] "GET /cormun/servlet/prcontratosol?6912004,,,,,MD,,gxPopupLevel%3D0%3B HTTP/1.1" 200 5902
192.168.10.89 - - [07/Mar/2017:09:35:51 -0300] "GET /cormun/static/gxcfg.js?2016102711553248 HTTP/1.1" 304 -
186.103.156.24 - - [07/Mar/2017:09:35:53 -0300] "GET /cormun/servlet/hhome HTTP/1.1" 200 3953
192.168.10.89 - - [07/Mar/2017:09:35:53 -0300] "POST /cormun/servlet/solicitudot?gx-no-cache=1488893438104 HTTP/1.1" 200 1290
192.168.10.89 - - [07/Mar/2017:09:35:53 -0300] "POST /cormun/servlet/solicitudot?gx-no-cache=1488893438259 HTTP/1.1" 200 38
192.168.10.89 - - [07/Mar/2017:09:35:53 -0300] "GET /cormun/servlet/solicitudot?31555cc165ac1698b72804b5cd93e2869e8ab19a6207e194ad2b1608bb70c45a1efb3f374d68770043d57bc41042c30d7d8040882d370d8bf6360f873e46117e1901e4ed3ae055dd91488c2182785a954e97d554d137b162cde02ad14f69f930b1b0358fb181e9785735ed500440b14229a225d7e9633b94be225da9b3e06e3272fd8322a1f055afbe8d7f5f94d0f86aa663bcab102e08194070fa4c6bdd9fe4,gx-no-cache=1488893438288 HTTP/1.1" 200 29
192.168.10.89 - - [07/Mar/2017:09:35:53 -0300] "POST /cormun/servlet/solicitudot?gx-no-cache=1488893438312 HTTP/1.1" 200 1273
192.168.10.89 - - [07/Mar/2017:09:35:54 -0300] "POST /cormun/servlet/solicitudot?gx-no-cache=1488893438350 HTTP/1.1" 200 1155
186.103.156.24 - - [07/Mar/2017:09:35:57 -0300] "GET /cormun/servlet/trsolicitudot? HTTP/1.1" 200 8173
186.103.156.24 - - [07/Mar/2017:09:35:58 -0300] "GET /cormun/servlet/trsolicitudot? HTTP/1.1" 200 8171
186.103.156.24 - - [07/Mar/2017:09:36:01 -0300] "GET /cormun/static/menuarrow.gif HTTP/1.1" 404 1015
192.168.10.89 - - [07/Mar/2017:09:36:04 -0300] "GET /cormun/servlet/solicitudot?31555cc165ac1698b72804b5cd93e2869e8ab19a6207e194ad2b1608bb70c45a1efb3f374d68770043d57bc41042c30d9b061c74eaefb36a27dc9b0b08924f581901e4ed3ae055dd91488c2182785a954e97d554d137b162cde02ad14f69f930b1b0358fb181e9785735ed500440b14229a225d7e9633b94be225da9b3e06e3272fd8322a1f055afbe8d7f5f94d0f86aa663bcab102e08194070fa4c6bdd9fe4,gx-no-cache=1488893448848 HTTP/1.1" 200 29
192.168.10.89 - - [07/Mar/2017:09:36:06 -0300] "POST /cormun/servlet/solicitudot?gx-no-cache=1488893451027 HTTP/1.1" 200 1274
192.168.10.62 - - [07/Mar/2017:09:36:07 -0300] "POST /cormun/servlet/trsolicitudgral?3040e2020e1131507b6e9e5d3952fb22,,gx-no-cache=1488893451886 HTTP/1.1" 200 115
192.168.10.62 - - [07/Mar/2017:09:36:07 -0300] "GET /cormun/servlet/solicitudotlog?INS,2017,3666,0,REC, HTTP/1.1" 200 5567
192.168.10.62 - - [07/Mar/2017:09:36:07 -0300] "GET /cormun/static/gxcfg.js?201612218471193 HTTP/1.1" 304 -
192.168.10.62 - - [07/Mar/2017:09:36:07 -0300] "GET /cormun/static/solicitudotlog.js?20161221847122 HTTP/1.1" 304 -
192.168.10.62 - - [07/Mar/2017:09:36:08 -0300] "GET /cormun/servlet/solicitudotlog?INS,2017,3666,0,REC, HTTP/1.1" 200 5567
192.168.10.62 - - [07/Mar/2017:09:36:08 -0300] "GET /cormun/servlet/solicitudotlog?06a9fcd13e17b5ff3e69b981c58ca011171d33927142c7670bd59ada6fa0c724aed60d38649fb4fd4f94c52b32f9bad09456e5a17d9dc0d67aa97c74256f84dfa2067f800f1f2373feb6971aac7fa657a0be299929abe27580d95bda2e7c15434b427e2bc89499f21758bef7430a3cc95a02c11a02ab0f7fcb8003a88d25d0dc026b5ccbaac83aba0d9f7ad52a243c47a26ac5f8ffd96709a1c6f9446a03cb14,gx-no-cache=1488893453035 HTTP/1.1" 200 94
192.168.10.62 - - [07/Mar/2017:09:36:17 -0300] "POST /cormun/servlet/solicitudotlog?3040e2020e1131507b6e9e5d3952fb22,INS,2017,3666,0,REC,,gx-no-cache=1488893461730 HTTP/1.1" 200 93
192.168.10.62 - - [07/Mar/2017:09:36:17 -0300] "GET /cormun/servlet/hpexe_return? HTTP/1.1" 200 1025
192.168.10.62 - - [07/Mar/2017:09:36:17 -0300] "GET /cormun/servlet/trsolicitudgral? HTTP/1.1" 200 10039
192.168.10.89 - - [07/Mar/2017:09:36:17 -0300] "POST /cormun/servlet/solicitudot?gx-no-cache=1488893462118 HTTP/1.1" 200 1274
192.168.10.89 - - [07/Mar/2017:09:36:17 -0300] "POST /cormun/servlet/solicitudot?gx-no-cache=1488893462167 HTTP/1.1" 200 1155
192.168.10.62 - - [07/Mar/2017:09:36:18 -0300] "GET /cormun/servlet/trsolicitudgral? HTTP/1.1" 200 10035
192.168.10.62 - - [07/Mar/2017:09:36:20 -0300] "GET /cormun/servlet/vesolicitudgral?2017,4779,, HTTP/1.1" 200 8186
192.168.10.62 - - [07/Mar/2017:09:36:20 -0300] "GET /cormun/pexe_scrolldiv.js HTTP/1.1" 404 1009
192.168.10.62 - - [07/Mar/2017:09:36:20 -0300] "GET /cormun/pexe_scrolldiv.js HTTP/1.1" 404 1009
200.86.95.220 - - [07/Mar/2017:09:36:20 -0300] "GET /cormun/servlet/solicitudotadjuntos?5558bcd6a7a790611e947bffa5ee37c4f81331ab8079d7efc6e18c4527f5f32e,gx-no-cache=1488890251000 HTTP/1.1" 200 30
200.86.95.220 - - [07/Mar/2017:09:36:20 -0300] "GET /cormun/servlet/solicitudotadjuntos?5558bcd6a7a790611e947bffa5ee37c4f81331ab8079d7efc6e18c4527f5f32e,gx-no-cache=1488890251068 HTTP/1.1" 200 30
192.168.10.62 - - [07/Mar/2017:09:36:20 -0300] "GET /cormun/servlet/vesolicitudgral?2017,4779,, HTTP/1.1" 200 8185
200.86.95.220 - - [07/Mar/2017:09:36:21 -0300] "POST /cormun/servlet/solicitudotadjuntos?76b773b0e47af9307f619d0c763f3b17,INS,2017,5248,,1, HTTP/1.1" 200 116
200.86.95.220 - - [07/Mar/2017:09:36:21 -0300] "GET /cormun/servlet/hpexe_return? HTTP/1.1" 200 1026
200.86.95.220 - - [07/Mar/2017:09:36:22 -0300] "GET /cormun/servlet/trsolicitudadjuntos?2017,5248, HTTP/1.1" 200 8493
192.168.10.62 - - [07/Mar/2017:09:36:23 -0300] "POST /cormun/servlet/vesolicitudgral?3040e2020e1131507b6e9e5d3952fb22,2017,4779,,,gx-no-cache=1488893467584 HTTP/1.1" 200 106
192.168.10.62 - - [07/Mar/2017:09:36:23 -0300] "GET /cormun/servlet/solicitudgral?UPD,2017,4779, HTTP/1.1" 200 11603
200.86.95.220 - - [07/Mar/2017:09:36:23 -0300] "GET /cormun/servlet/trsolicitudadjuntos?2017,5248, HTTP/1.1" 200 8493
192.168.10.62 - - [07/Mar/2017:09:36:23 -0300] "GET /cormun/servlet/solicitudgral?UPD,2017,4779, HTTP/1.1" 200 11604
192.168.10.62 - - [07/Mar/2017:09:36:24 -0300] "POST /cormun/servlet/solicitudgral?gx-no-cache=1488893468614 HTTP/1.1" 200 3199
192.168.10.62 - - [07/Mar/2017:09:36:24 -0300] "GET /cormun/servlet/solicitudgral?06a9fcd13e17b5ff3e69b981c58ca011e10c1ab01b46604b06ba490a94356f7b3faebd32c941b3a478cf0a6025057b027d2aea708e43f2c0730e91faa528349ceeec7d33168be4b4a5ccf381e7a4335e3ddf3110d228502a9e799a9889a79e80d8e51854ca4d19a7a888681fe73f18d6ef17f05d56e5995e564c8659dcd6083e32454c3d112afed4de81a3ae1f82f6ad369ff461a9956a6089b178c8c55c7036aa3bf619727169dca677c20550061f31b00136b90f9b7ac0295940fe1711b3a1f93b1343dbedb1b3b023d5406ddc8341f66e68467e95c63b12856b68ebe12097ba826fa076536cfa8bfc09ee39599c6953826fd2acd7d6543b53cf7df1938707bb7c9b792e6a3de3250792df1a4cf845c3b46046a8b50c7e48061a6f268e973908e0085c867590fb5a29fa1d38e0a4b499eed01df5fc1670c60ae40d328f93be97d8dc28adb4f2595221ad7f3c90ac4c,gx-no-cache=1488893468747 HTTP/1.1" 200 298
192.168.10.89 - - [07/Mar/2017:09:36:24 -0300] "GET /cormun/servlet/solicitudot?31555cc165ac1698b72804b5cd93e2862ec732cf2578e4fb93de7e86284692cfbb5a5b3024a835fc5b6f72d20502227ca981e154aee1be200e77c2e812419e1e79d92b5fa07aeb677e39ae063afbba1181bfef8e4240a640c583d4fbf964a7de902d188899b2440fc031a32877e7d26d64db48faef3182b5d3431c3bb99021b143ebf52f6da712e828e4938dcb7d5dbbcd755ab3d08f5ed1422c4cc0f2a427b33342dde94e3b0fe4ba8cdfcf407c89e5,gx-no-cache=1488893469078 HTTP/1.1" 200 30
192.168.10.62 - - [07/Mar/2017:09:36:24 -0300] "GET /cormun/servlet/solicitudgral?06a9fcd13e17b5ff3e69b981c58ca011cf4aa01a8e6d1ed0f9ae73d3e2f2902943c827f5c64f8b5b801f822b9cbea96a8191e79452fa7338112428026f5e75dbfdbc1d132bdad116620b8fe14952ca3acfbbf507055f8febe5b9d0352fdcbbeab4490ce63d72a31a40661c89b7f698b864e49101dc2f8ba341afc26f79225545c6e61f35f2fe5581b455c5a2dd973ab8a0d1689d7ea07fc71eaa46cf308e5e81bb3a321b7bf9e26a201a154c30a9d96a540e24fd86f159ac90ae0e1acd3f20ecab46a0dee1e4dc35debbc68a98dc6a27104d086a32d3d891b95d1b2c4b7e57505f9f3bf8d516707a5b1d0371c1366317ff855ba6deda03af686314f07c804ef3a0ad1d36044e5acaabb3e59f247c7d7e9cff6bbae122a95149dbb94ed8a6f019c6849263a464d0f77efffcf37a70edc0a37d85fd304d3e987350388e73dc4a6ae254f9015440219f8c8d38e1890189ef183f1320b7a409017f1418b42e988aa06c03878112d6251711963703e614f7f84c1ce3e2be65e07bb0204fce5f4fb833d8407b9b79c74d5f66937d008e958c60931bb92c0ae610c1c27bd2da94787be5769abe9ca30b4d2d66373b3ca652527693fc003b003a196d0eb1228f51e3c9669533066e13d5e1523f53ea589b0e6d005f2aab7f562cb0d6e48674ae4056cd21f3cb56d36e76896a2bc37a44995d0f41931bb92c0ae610c1c27bd2da94787be58c45a08f8f4b80fb133a1373fc3b90eb4355142cd5f19214a26aec655adeda25356db638bd617e43acc02a078e43cde9a7520f0e46683dcf7a41a70735d50a07,gx-no-cache=1488893469200 HTTP/1.1" 200 48
192.168.10.62 - - [07/Mar/2017:09:36:28 -0300] "POST /cormun/servlet/solicitudgral?3040e2020e1131507b6e9e5d3952fb22,UPD,2017,4779,,gx-no-cache=1488893472358 HTTP/1.1" 200 10253
192.168.10.62 - - [07/Mar/2017:09:36:28 -0300] "GET /cormun/servlet/solicitudgral?06a9fcd13e17b5ff3e69b981c58ca011bc15d73149d4f21b183c8222fc0f21ef695d6b9682d7b11b3a05dc0c541dd18a0d33bbd0795814a0d32a0b0524d4053fef4eecf880ae488d3fd7670fcea7f805d4c515fdac0702f036b2664d4451caa3595210bb5f9190b8b57a29d2ab457a0d,gx-no-cache=1488893472555 HTTP/1.1" 200 29
192.168.10.62 - - [07/Mar/2017:09:36:28 -0300] "POST /cormun/servlet/solicitudgral?gx-no-cache=1488893472573 HTTP/1.1" 200 1249
192.168.10.62 - - [07/Mar/2017:09:36:28 -0300] "POST /cormun/servlet/solicitudgral?gx-no-cache=1488893472600 HTTP/1.1" 200 1154
192.168.10.62 - - [07/Mar/2017:09:36:28 -0300] "POST /cormun/servlet/solicitudgral?3040e2020e1131507b6e9e5d3952fb22,UPD,2017,4779,,gx-no-cache=1488893472628 HTTP/1.1" 200 93
192.168.10.62 - - [07/Mar/2017:09:36:28 -0300] "GET /cormun/servlet/hpexe_return? HTTP/1.1" 200 1019
192.168.10.89 - - [07/Mar/2017:09:36:28 -0300] "POST /cormun/servlet/solicitudot?e8267efc8c771945d43dbf8c55c51cb4,INS,0,0,,gx-no-cache=1488893472613 HTTP/1.1" 200 11243
192.168.10.62 - - [07/Mar/2017:09:36:28 -0300] "GET /cormun/servlet/vesolicitudgral?2017,4779,, HTTP/1.1" 200 8190
192.168.10.89 - - [07/Mar/2017:09:36:28 -0300] "GET /cormun/static/Shared/jqueryui/images/ui-bg_flat_55_994d53_40x100.png HTTP/1.1" 404 1097
192.168.10.89 - - [07/Mar/2017:09:36:28 -0300] "GET /cormun/static/Shared/jqueryui/images/ui-icons_82798d_256x240.png HTTP/1.1" 404 1089
192.168.10.89 - - [07/Mar/2017:09:36:28 -0300] "GET /cormun/static/Shared/jqueryui/images/ui-icons_ebccce_256x240.png HTTP/1.1" 404 1089
192.168.10.89 - - [07/Mar/2017:09:36:28 -0300] "GET /cormun/static/Shared/jqueryui/images/ui-bg_highlight-soft_100_c6c2c8_1x100.png HTTP/1.1" 404 1117
192.168.10.62 - - [07/Mar/2017:09:36:28 -0300] "GET /cormun/pexe_scrolldiv.js HTTP/1.1" 404 1009
192.168.10.62 - - [07/Mar/2017:09:36:28 -0300] "GET /cormun/pexe_scrolldiv.js HTTP/1.1" 404 1009
192.168.10.62 - - [07/Mar/2017:09:36:29 -0300] "GET /cormun/servlet/vesolicitudgral?2017,4779,, HTTP/1.1" 200 8185
192.168.10.62 - - [07/Mar/2017:09:36:30 -0300] "POST /cormun/servlet/vesolicitudgral?3040e2020e1131507b6e9e5d3952fb22,2017,4779,,,gx-no-cache=1488893474883 HTTP/1.1" 200 90
192.168.10.62 - - [07/Mar/2017:09:36:30 -0300] "GET /cormun/servlet/hpexe_link HTTP/1.1" 200 971
192.168.10.62 - - [07/Mar/2017:09:36:30 -0300] "GET /cormun/servlet/trsolicitudgral HTTP/1.1" 200 10034
192.168.10.62 - - [07/Mar/2017:09:36:31 -0300] "GET /cormun/servlet/trsolicitudgral HTTP/1.1" 200 10033
192.168.10.89 - - [07/Mar/2017:09:36:40 -0300] "POST /cormun/servlet/solicitudot?gx-no-cache=1488893484942 HTTP/1.1" 200 256
192.168.10.89 - - [07/Mar/2017:09:36:40 -0300] "GET /cormun/servlet/solicitudot?31555cc165ac1698b72804b5cd93e286ab8f90a87032cd45649fc603e2ff1184cb5b27b5ef031cafce2cf613213df34296450fa03737118bc13cde386541822e3fde36f93c0e5bbdfcbda81b9331b0dff0b961a2e89504fdfda46418948c0a2ae90478ed04fa4d2f1bc8ec9bcd01f0f8aa3dfba01d7a50f21a60bd10a387455326e755299a615671a3839caaefdb2abf787a2f13a64ecda16afacef7e34d768ac3a9c6e50e8bfbbaccdb90bd2d124b4c20c5c402d11bf7fe88e903e9d50d6802b5b547c2b29bf3807a2d1c4f275db55a964e2aab098c8bee6c1215d232c672dc0600e721739e113600e7bd1ddaa72e9af458579547ce56bcd2aff7caeda8bfb14b3495460f0e50f9aaa36fce338b9d1b3bad33a5506ad81e7bd3aa89999626fdf2840f5f4ddf072525a132f511f256b46296f4541dd9bd0fec7d47c93930a8e5ba1ec606ff1ca72483bec38d4a1864261d0e30627a201ac995d0df85a68aa245931ec3614614b782736d7c66a1a70b3063478114dd493ab4009ec2e46fc9ab60,gx-no-cache=1488893484977 HTTP/1.1" 200 30
192.168.10.89 - - [07/Mar/2017:09:36:40 -0300] "POST /cormun/servlet/solicitudot?gx-no-cache=1488893484999 HTTP/1.1" 200 30
192.168.10.89 - - [07/Mar/2017:09:36:40 -0300] "POST /cormun/servlet/solicitudot?gx-no-cache=1488893485038 HTTP/1.1" 200 1290
192.168.10.89 - - [07/Mar/2017:09:36:40 -0300] "POST /cormun/servlet/solicitudot?gx-no-cache=1488893485080 HTTP/1.1" 200 41
192.168.10.89 - - [07/Mar/2017:09:36:40 -0300] "POST /cormun/servlet/solicitudot?gx-no-cache=1488893485127 HTTP/1.1" 200 1274
192.168.10.89 - - [07/Mar/2017:09:36:40 -0300] "POST /cormun/servlet/solicitudot?gx-no-cache=1488893485182 HTTP/1.1" 200 1155
192.168.10.89 - - [07/Mar/2017:09:36:40 -0300] "GET /cormun/servlet/solicitudot?31555cc165ac1698b72804b5cd93e2862ec732cf2578e4fb93de7e86284692cfbb5a5b3024a835fc5b6f72d20502227ca981e154aee1be200e77c2e812419e1e79d92b5fa07aeb677e39ae063afbba1181bfef8e4240a640c583d4fbf964a7de902d188899b2440fc031a32877e7d26d64db48faef3182b5d3431c3bb99021b143ebf52f6da712e828e4938dcb7d5dbbcd755ab3d08f5ed1422c4cc0f2a427b3912b1a96c8a95154625ff0d52bef6ed2,gx-no-cache=1488893485218 HTTP/1.1" 200 32
192.168.10.89 - - [07/Mar/2017:09:36:41 -0300] "POST /cormun/servlet/solicitudot?e8267efc8c771945d43dbf8c55c51cb4,INS,0,0,,gx-no-cache=1488893485247 HTTP/1.1" 200 93
192.168.10.89 - - [07/Mar/2017:09:36:41 -0300] "GET /cormun/servlet/hpexe_return? HTTP/1.1" 200 1001
192.168.10.89 - - [07/Mar/2017:09:36:41 -0300] "GET /cormun/servlet/trsolicitudot HTTP/1.1" 200 8219
192.168.10.62 - - [07/Mar/2017:09:36:41 -0300] "POST /cormun/servlet/trsolicitudgral?3040e2020e1131507b6e9e5d3952fb22,gx-no-cache=1488893486210 HTTP/1.1" 200 105
192.168.10.62 - - [07/Mar/2017:09:36:42 -0300] "POST /cormun/servlet/trsolicitudgral?3040e2020e1131507b6e9e5d3952fb22,gx-no-cache=1488893486308 HTTP/1.1" 200 6997
192.168.10.62 - - [07/Mar/2017:09:36:42 -0300] "GET /cormun/SolicitudGral-9039.xls HTTP/1.1" 200 6144
192.168.10.89 - - [07/Mar/2017:09:36:44 -0300] "POST /cormun/servlet/trsolicitudot?e8267efc8c771945d43dbf8c55c51cb4,gx-no-cache=1488893488875 HTTP/1.1" 200 4343
192.168.10.89 - - [07/Mar/2017:09:36:44 -0300] "POST /cormun/servlet/trsolicitudot?e8267efc8c771945d43dbf8c55c51cb4,gx-no-cache=1488893489191 HTTP/1.1" 200 4113
192.168.10.89 - - [07/Mar/2017:09:36:45 -0300] "GET /cormun/static/Shared/jqueryui/images/ui-icons_8d78a5_256x240.png HTTP/1.1" 404 1089
192.168.10.89 - - [07/Mar/2017:09:36:45 -0300] "GET /cormun/static/Shared/jqueryui/images/ui-bg_flat_55_fafafa_40x100.png HTTP/1.1" 404 1097
192.168.10.89 - - [07/Mar/2017:09:36:45 -0300] "GET /cormun/static/Shared/jqueryui/images/ui-bg_highlight-soft_100_c6c2c8_1x100.png HTTP/1.1" 404 1117
192.168.10.89 - - [07/Mar/2017:09:36:45 -0300] "GET /cormun/static/Shared/jqueryui/images/ui-icons_82798d_256x240.png HTTP/1.1" 404 1089
192.168.10.89 - - [07/Mar/2017:09:36:47 -0300] "GET /cormun/servlet/trautorizarsolicitud? HTTP/1.1" 200 8142
192.168.10.89 - - [07/Mar/2017:09:36:50 -0300] "POST /cormun/servlet/trautorizarsolicitud?e8267efc8c771945d43dbf8c55c51cb4,,gx-no-cache=1488893494867 HTTP/1.1" 200 4318
192.168.10.89 - - [07/Mar/2017:09:36:50 -0300] "POST /cormun/servlet/trautorizarsolicitud?e8267efc8c771945d43dbf8c55c51cb4,,gx-no-cache=1488893495141 HTTP/1.1" 200 4091
192.168.10.89 - - [07/Mar/2017:09:36:51 -0300] "GET /cormun/static/Shared/jqueryui/images/ui-bg_flat_55_fafafa_40x100.png HTTP/1.1" 404 1097
192.168.10.89 - - [07/Mar/2017:09:36:51 -0300] "GET /cormun/static/Shared/jqueryui/images/ui-icons_8d78a5_256x240.png HTTP/1.1" 404 1089
192.168.10.89 - - [07/Mar/2017:09:36:51 -0300] "GET /cormun/static/Shared/jqueryui/images/ui-icons_82798d_256x240.png HTTP/1.1" 404 1089
192.168.10.89 - - [07/Mar/2017:09:36:51 -0300] "GET /cormun/static/Shared/jqueryui/images/ui-bg_highlight-soft_100_c6c2c8_1x100.png HTTP/1.1" 404 1117
186.103.156.24 - - [07/Mar/2017:09:36:56 -0300] "POST /cormun/servlet/trsolicitudot?911914817e30baf69169be06b7bb2b06,,gx-no-cache=1488890294933 HTTP/1.1" 200 4163
186.103.156.24 - - [07/Mar/2017:09:37:00 -0300] "POST /cormun/servlet/trsolicitudot?911914817e30baf69169be06b7bb2b06,,gx-no-cache=1488890299874 HTTP/1.1" 200 4163
192.168.10.62 - - [07/Mar/2017:09:37:16 -0300] "POST /cormun/servlet/trsolicitudgral?3040e2020e1131507b6e9e5d3952fb22,gx-no-cache=1488893520944 HTTP/1.1" 200 6700
192.168.10.62 - - [07/Mar/2017:09:37:16 -0300] "GET /cormun/static/Shared/jqueryui/images/ui-bg_highlight-soft_100_c6c2c8_1x100.png HTTP/1.1" 404 1117
192.168.10.62 - - [07/Mar/2017:09:37:16 -0300] "GET /cormun/static/Shared/jqueryui/images/ui-icons_82798d_256x240.png HTTP/1.1" 404 1089
192.168.10.62 - - [07/Mar/2017:09:37:16 -0300] "GET /cormun/static/Shared/jqueryui/images/ui-bg_flat_55_fafafa_40x100.png HTTP/1.1" 404 1097
192.168.10.62 - - [07/Mar/2017:09:37:16 -0300] "GET /cormun/static/Shared/jqueryui/images/ui-icons_8d78a5_256x240.png HTTP/1.1" 404 1089
186.103.156.24 - - [07/Mar/2017:09:37:16 -0300] "GET /cormun/servlet/solicitudot?INS,0,0, HTTP/1.1" 200 12757
186.103.156.24 - - [07/Mar/2017:09:37:17 -0300] "GET /cormun/servlet/solicitudot?INS,0,0, HTTP/1.1" 200 12762
200.86.95.220 - - [07/Mar/2017:09:37:24 -0300] "GET /cormun/servlet/solicitudotadjuntos?INS,2017,5248,,1, HTTP/1.1" 200 5974
200.86.95.220 - - [07/Mar/2017:09:37:24 -0300] "GET /cormun/static/about:blank HTTP/1.1" 404 1011
200.86.95.220 - - [07/Mar/2017:09:37:25 -0300] "GET /cormun/servlet/solicitudotadjuntos?INS,2017,5248,,1, HTTP/1.1" 200 5968
200.86.95.220 - - [07/Mar/2017:09:37:26 -0300] "GET /cormun/servlet/solicitudotadjuntos?5558bcd6a7a790611e947bffa5ee37c4117cee04971d164a42590023f25a43d732d22d3df9d86af34656bd4f44442412,gx-no-cache=1488890316613 HTTP/1.1" 200 30
200.86.95.220 - - [07/Mar/2017:09:37:26 -0300] "POST /cormun/servlet/solicitudotadjuntos?76b773b0e47af9307f619d0c763f3b17,INS,2017,5248,,1,,gx-no-cache=1488890316670 HTTP/1.1" 200 3829
200.86.95.220 - - [07/Mar/2017:09:37:30 -0300] "POST /cormun/servlet/solicitudotadjuntos?gx-no-cache=1488890321121 HTTP/1.1" 200 26
186.103.156.24 - - [07/Mar/2017:09:37:34 -0300] "POST /cormun/servlet/solicitudot?gx-no-cache=1488890337229 HTTP/1.1" 200 3184
200.86.95.220 - - [07/Mar/2017:09:37:39 -0300] "GET /cormun/servlet/solicitudotadjuntos?5558bcd6a7a790611e947bffa5ee37c4f81331ab8079d7efc6e18c4527f5f32e,gx-no-cache=1488890329217 HTTP/1.1" 200 30
200.86.95.220 - - [07/Mar/2017:09:37:39 -0300] "GET /cormun/servlet/solicitudotadjuntos?5558bcd6a7a790611e947bffa5ee37c4f81331ab8079d7efc6e18c4527f5f32e,gx-no-cache=1488890329254 HTTP/1.1" 200 30
200.86.95.220 - - [07/Mar/2017:09:37:39 -0300] "POST /cormun/servlet/solicitudotadjuntos?76b773b0e47af9307f619d0c763f3b17,INS,2017,5248,,1, HTTP/1.1" 200 116
200.86.95.220 - - [07/Mar/2017:09:37:39 -0300] "GET /cormun/servlet/hpexe_return? HTTP/1.1" 200 1026
200.86.95.220 - - [07/Mar/2017:09:37:40 -0300] "GET /cormun/servlet/trsolicitudadjuntos?2017,5248, HTTP/1.1" 200 8616
200.86.95.220 - - [07/Mar/2017:09:37:41 -0300] "GET /cormun/servlet/trsolicitudadjuntos?2017,5248, HTTP/1.1" 200 8615
200.86.95.220 - - [07/Mar/2017:09:37:43 -0300] "GET /cormun/servlet/solicitudotadjuntos?INS,2017,5248,,1, HTTP/1.1" 200 5974
200.86.95.220 - - [07/Mar/2017:09:37:44 -0300] "GET /cormun/static/about:blank HTTP/1.1" 404 1011
200.86.95.220 - - [07/Mar/2017:09:37:45 -0300] "GET /cormun/servlet/solicitudotadjuntos?INS,2017,5248,,1, HTTP/1.1" 200 5968
200.86.95.220 - - [07/Mar/2017:09:37:45 -0300] "GET /cormun/servlet/solicitudotadjuntos?5558bcd6a7a790611e947bffa5ee37c4117cee04971d164a42590023f25a43d732d22d3df9d86af34656bd4f44442412,gx-no-cache=1488890335734 HTTP/1.1" 200 30
200.86.95.220 - - [07/Mar/2017:09:37:45 -0300] "POST /cormun/servlet/solicitudotadjuntos?76b773b0e47af9307f619d0c763f3b17,INS,2017,5248,,1,,gx-no-cache=1488890335807 HTTP/1.1" 200 3829
200.86.95.220 - - [07/Mar/2017:09:37:49 -0300] "POST /cormun/servlet/solicitudotadjuntos?gx-no-cache=1488890339209 HTTP/1.1" 200 26
192.168.10.62 - - [07/Mar/2017:09:37:49 -0300] "POST /cormun/servlet/trsolicitudgral?3040e2020e1131507b6e9e5d3952fb22,gx-no-cache=1488893553495 HTTP/1.1" 200 6278
200.86.95.220 - - [07/Mar/2017:09:37:55 -0300] "GET /cormun/servlet/solicitudotadjuntos?5558bcd6a7a790611e947bffa5ee37c4f81331ab8079d7efc6e18c4527f5f32e,gx-no-cache=1488890345491 HTTP/1.1" 200 30
200.86.95.220 - - [07/Mar/2017:09:37:55 -0300] "GET /cormun/servlet/solicitudotadjuntos?5558bcd6a7a790611e947bffa5ee37c4f81331ab8079d7efc6e18c4527f5f32e,gx-no-cache=1488890345545 HTTP/1.1" 200 30
200.86.95.220 - - [07/Mar/2017:09:37:55 -0300] "POST /cormun/servlet/solicitudotadjuntos?76b773b0e47af9307f619d0c763f3b17,INS,2017,5248,,1, HTTP/1.1" 200 116
