200.86.95.220 - - [07/Mar/2017:11:29:24 -0300] "POST /cormun/servlet/trautorizarsolicitud?a10d6bf1b886065dee18e6effbcf8a3f,,gx-no-cache=1488897034543 HTTP/1.1" 200 5864
200.86.95.220 - - [07/Mar/2017:11:29:25 -0300] "POST /cormun/servlet/trautorizarsolicitud?a10d6bf1b886065dee18e6effbcf8a3f,,gx-no-cache=1488897035617 HTTP/1.1" 200 5445
200.86.95.220 - - [07/Mar/2017:11:29:25 -0300] "POST /cormun/servlet/trautorizarsolicitud?a10d6bf1b886065dee18e6effbcf8a3f,,gx-no-cache=1488897036041 HTTP/1.1" 200 5391
200.86.95.220 - - [07/Mar/2017:11:29:26 -0300] "POST /cormun/servlet/trautorizarsolicitud?a10d6bf1b886065dee18e6effbcf8a3f,,gx-no-cache=1488897037008 HTTP/1.1" 200 4304
200.86.95.220 - - [07/Mar/2017:11:29:27 -0300] "POST /cormun/servlet/trautorizarsolicitud?a10d6bf1b886065dee18e6effbcf8a3f,,gx-no-cache=1488897037348 HTTP/1.1" 200 4091
186.79.203.133 - - [07/Mar/2017:11:29:49 -0300] "GET /cormun/servlet/solicitudot?INS,0,0, HTTP/1.1" 200 12612
186.79.203.133 - - [07/Mar/2017:11:29:50 -0300] "GET /cormun/servlet/solicitudot?INS,0,0, HTTP/1.1" 200 12616
186.79.240.136 - - [07/Mar/2017:11:29:50 -0300] "POST /cormun/servlet/solicitudot?gx-no-cache=1488897061517 HTTP/1.1" 200 30
186.79.203.133 - - [07/Mar/2017:11:29:55 -0300] "POST /cormun/servlet/solicitudot?gx-no-cache=1488897065317 HTTP/1.1" 200 3194
186.79.203.133 - - [07/Mar/2017:11:29:56 -0300] "POST /cormun/servlet/solicitudot?13b76270b797d0efbd4d993d54da4584,INS,0,0,,gx-no-cache=1488897066432 HTTP/1.1" 200 9788
186.79.203.133 - - [07/Mar/2017:11:29:58 -0300] "GET /cormun/servlet/solicitudot?c2ea7c27399010d8e0daefc07c479360ec8632d53a8cdff77f0aaf69431fd358cf50918f1e1cba526f884c429b7197eb,gx-no-cache=1488897069511 HTTP/1.1" 200 30
186.79.203.133 - - [07/Mar/2017:11:29:58 -0300] "POST /cormun/servlet/solicitudot?gx-no-cache=1488897069581 HTTP/1.1" 200 255
186.79.203.133 - - [07/Mar/2017:11:29:59 -0300] "GET /cormun/servlet/solicitudot?c2ea7c27399010d8e0daefc07c4793601f8dd132a68c9077679aa829171ec86cd97e7c75298cd21a51d7840d94ae8491bf5c429acbab2cbfe5b8a3181164e3ce76a70642697ba8ba1aedd84598772e54663bd96a5da74d8cf019c1a5c3cb3ecc51cd22b757425a9e00ba0e3227196bdb89b54e59a45280fd29e2447f9f1188d1fc393dc489595e6ea51501c5692bbb4f2aa7e5c9ce6ac575d07b71e147df4cffedd8c86ecc34fe4d87e8e8a3ae915797e9de8df2b880c3d9f70fd488b0f432514cc5ad3b8f6dd1d03eb97a0293e92037dc2b4c50181a69700aa8df956161301dd41b5aebca31253ca32f0afd9942de00c3beff5fcc6fda938124332516c1a8d4fe479ee63723c14d557c152ec87615f77d151f014e6d3491006bdbf9d4e8e0ca275940667402958299e1ccad118a37a311dadca170b020236eb09cd645cbb9907bad46c8757f0896e6eaeed2142cf36d442909cf15f6d9948789e6370699020078da15f0ebf63621a4b7d49e085260eb5c2d6c2f806ba3ee9af90ca66c4fdf2f,gx-no-cache=1488897069667 HTTP/1.1" 200 30
200.73.230.173 - - [07/Mar/2017:11:30:00 -0300] "POST /cormun/servlet/solicitudot?gx-no-cache=1488897071015 HTTP/1.1" 200 782
186.79.203.133 - - [07/Mar/2017:11:30:02 -0300] "POST /cormun/servlet/solicitudot?gx-no-cache=1488897073325 HTTP/1.1" 200 30
186.79.203.133 - - [07/Mar/2017:11:30:04 -0300] "GET /cormun/servlet/prsolicitudot?15125451,,,,,MD,,gxPopupLevel%3D0%3B HTTP/1.1" 200 5990
186.79.240.136 - - [07/Mar/2017:11:30:05 -0300] "POST /cormun/servlet/solicitudot?gx-no-cache=1488897076510 HTTP/1.1" 200 1291
186.79.240.136 - - [07/Mar/2017:11:30:05 -0300] "POST /cormun/servlet/solicitudot?gx-no-cache=1488897076757 HTTP/1.1" 200 41
186.79.240.136 - - [07/Mar/2017:11:30:05 -0300] "POST /cormun/servlet/solicitudot?gx-no-cache=1488897076865 HTTP/1.1" 200 1275
186.79.240.136 - - [07/Mar/2017:11:30:06 -0300] "POST /cormun/servlet/solicitudot?gx-no-cache=1488897077089 HTTP/1.1" 200 1157
186.79.240.136 - - [07/Mar/2017:11:30:06 -0300] "GET /cormun/servlet/solicitudot?ac1ce1681d5c35c7f4eeaea531fde396f1c54f123e80d58ca788508ecfd1732bd5906053ede5b950d238c1c45850e1cc262fbd4fd5bba87d66927b7b3e0164c110c1b803b5ae0aef1c55cf472d0c5b03013f6546c24673e0faf6948c6ee0e53d08383f86b38cc6928920a01cde17e10476385e90ba8ab38c028176d1fe9a794e879b21e328026febee4cd1d5b9b2525c245abee073610ba7e9d4a2bd835e88c013367f5095a224ebc6fcfbda9e1a29e7,gx-no-cache=1488897077273 HTTP/1.1" 200 30
186.79.240.136 - - [07/Mar/2017:11:30:07 -0300] "POST /cormun/servlet/solicitudot?ff90d13dfd581c42b04ecb14ad1feb90,INS,0,0,,gx-no-cache=1488897077347 HTTP/1.1" 200 11182
200.73.230.173 - - [07/Mar/2017:11:30:18 -0300] "POST /cormun/servlet/solicitudot?gx-no-cache=1488897088279 HTTP/1.1" 200 30
186.79.203.133 - - [07/Mar/2017:11:30:18 -0300] "POST /cormun/servlet/solicitudot?gx-no-cache=1488897089237 HTTP/1.1" 200 1291
186.79.203.133 - - [07/Mar/2017:11:30:18 -0300] "POST /cormun/servlet/solicitudot?gx-no-cache=1488897089352 HTTP/1.1" 200 38
186.79.203.133 - - [07/Mar/2017:11:30:18 -0300] "GET /cormun/servlet/solicitudot?c2ea7c27399010d8e0daefc07c479360d0702132ce0b6d2fbb4e15345fd79cd511860069fca09f4c5e462c99c168cb5ae0f74109546e67da9d32a99b9bbe0077fb8ea818438e51e5af7c4b848e6baf4c391bc1350f689d24fadf6a643b8f63a8551fc83ee27425c644f5726e520e567fa4b9aecd899fbfd87c1b835465b47820db33daab38e2d6ca065f590b5647fbd8ddd093ae720ed96e2c3604be7f890c2aae9f4885f84c93ae99d87177d7e66bfcbe06146b165ee62e5772a05921e45522fca02abeaf1266720b8705531bc8c6ae,gx-no-cache=1488897089433 HTTP/1.1" 200 29
186.79.203.133 - - [07/Mar/2017:11:30:18 -0300] "POST /cormun/servlet/solicitudot?gx-no-cache=1488897089502 HTTP/1.1" 200 1275
186.79.203.133 - - [07/Mar/2017:11:30:19 -0300] "POST /cormun/servlet/solicitudot?gx-no-cache=1488897089666 HTTP/1.1" 200 1157
186.79.203.133 - - [07/Mar/2017:11:30:27 -0300] "GET /cormun/servlet/solicitudot?c2ea7c27399010d8e0daefc07c479360d0702132ce0b6d2fbb4e15345fd79cd511860069fca09f4c5e462c99c168cb5a7880e105d49cb2e3d04aef2e8d7592a8fb8ea818438e51e5af7c4b848e6baf4c391bc1350f689d24fadf6a643b8f63a8551fc83ee27425c644f5726e520e567fa4b9aecd899fbfd87c1b835465b47820db33daab38e2d6ca065f590b5647fbd8ddd093ae720ed96e2c3604be7f890c2aae9f4885f84c93ae99d87177d7e66bfcbe06146b165ee62e5772a05921e45522fca02abeaf1266720b8705531bc8c6ae,gx-no-cache=1488897098566 HTTP/1.1" 200 29
186.79.203.133 - - [07/Mar/2017:11:30:30 -0300] "POST /cormun/servlet/solicitudot?gx-no-cache=1488897100657 HTTP/1.1" 200 1275
186.79.203.133 - - [07/Mar/2017:11:30:30 -0300] "POST /cormun/servlet/solicitudot?gx-no-cache=1488897100822 HTTP/1.1" 200 1157
186.79.240.136 - - [07/Mar/2017:11:30:46 -0300] "GET /cormun/servlet/solicitudot?ac1ce1681d5c35c7f4eeaea531fde396f1c54f123e80d58ca788508ecfd1732bd5906053ede5b950d238c1c45850e1cc262fbd4fd5bba87d66927b7b3e0164c110c1b803b5ae0aef1c55cf472d0c5b03013f6546c24673e0faf6948c6ee0e53d08383f86b38cc6928920a01cde17e10476385e90ba8ab38c028176d1fe9a794e879b21e328026febee4cd1d5b9b2525c245abee073610ba7e9d4a2bd835e88c02a59e15efbea193c27e3103d5cbb5d02,gx-no-cache=1488897117559 HTTP/1.1" 200 30
186.79.240.136 - - [07/Mar/2017:11:30:47 -0300] "POST /cormun/servlet/solicitudot?ff90d13dfd581c42b04ecb14ad1feb90,INS,0,0,,gx-no-cache=1488897117680 HTTP/1.1" 200 11237
192.168.10.89 - - [07/Mar/2017:11:31:09 -0300] "POST /cormun/servlet/trsolicitudgral?7d95e2256ba85ce650c218c33c093362,,gx-no-cache=1488900353668 HTTP/1.1" 200 5397
186.79.240.136 - - [07/Mar/2017:11:31:13 -0300] "GET /cormun/servlet/solicitudot?ac1ce1681d5c35c7f4eeaea531fde396f1c54f123e80d58ca788508ecfd1732bd5906053ede5b950d238c1c45850e1cc262fbd4fd5bba87d66927b7b3e0164c110c1b803b5ae0aef1c55cf472d0c5b03013f6546c24673e0faf6948c6ee0e53d08383f86b38cc6928920a01cde17e10476385e90ba8ab38c028176d1fe9a794e879b21e328026febee4cd1d5b9b2525c245abee073610ba7e9d4a2bd835e88c02a59e15efbea193c27e3103d5cbb5d02,gx-no-cache=1488897144372 HTTP/1.1" 200 30
186.79.240.136 - - [07/Mar/2017:11:31:14 -0300] "POST /cormun/servlet/solicitudot?ff90d13dfd581c42b04ecb14ad1feb90,INS,0,0,,gx-no-cache=1488897144489 HTTP/1.1" 200 11280
192.168.10.89 - - [07/Mar/2017:11:31:15 -0300] "POST /cormun/servlet/trsolicitudgral?7d95e2256ba85ce650c218c33c093362,,gx-no-cache=1488900359748 HTTP/1.1" 200 5400
192.168.10.89 - - [07/Mar/2017:11:31:33 -0300] "POST /cormun/servlet/trsolicitudgral?7d95e2256ba85ce650c218c33c093362,,gx-no-cache=1488900377325 HTTP/1.1" 200 5397
186.103.156.24 - - [07/Mar/2017:11:31:38 -0300] "POST /cormun/servlet/trautorizarsolicitud?812f1933002f65c68cf0e6cf48665ef1,,gx-no-cache=1488897168643 HTTP/1.1" 200 115
186.103.156.24 - - [07/Mar/2017:11:31:38 -0300] "GET /cormun/servlet/solicitudotlog?INS,2017,5252,0,ANU, HTTP/1.1" 200 5752
186.103.156.24 - - [07/Mar/2017:11:31:38 -0300] "GET /cormun/static/gxcfg.js?201612218471193 HTTP/1.1" 200 953
186.103.156.24 - - [07/Mar/2017:11:31:38 -0300] "GET /cormun/static/solicitudotlog.js?20161221847122 HTTP/1.1" 200 8925
186.103.156.24 - - [07/Mar/2017:11:31:39 -0300] "GET /cormun/servlet/solicitudotlog?INS,2017,5252,0,ANU, HTTP/1.1" 200 5752
186.103.156.24 - - [07/Mar/2017:11:31:40 -0300] "GET /cormun/servlet/solicitudotlog?78d7256dee4a69e623a3f65090ea8332c5eac5b56535e8d6c03aaf7565672886896ce31ae2793ef4dd2f3cd25512b34c963a24ed28dbd808b2fb4a9fd0f4f14249fdb87f1d1e6a9fb3e1c3cb0c4faa29d1aa5c810b5f109742f80b67345568d970782f1e6107723d25b70f47ef3934bd4938e8cbdeb26e788f467ec869f59bd2bdccd2a9aede4299c4646fd9ead0c395e349bb8f2fe1d532ce1cfc21cb992fd4,gx-no-cache=1488897170220 HTTP/1.1" 200 94
186.79.240.136 - - [07/Mar/2017:11:31:45 -0300] "POST /cormun/servlet/solicitudot?ff90d13dfd581c42b04ecb14ad1feb90,INS,0,0,,gx-no-cache=1488897175888 HTTP/1.1" 200 11318
200.73.230.173 - - [07/Mar/2017:11:31:51 -0300] "POST /cormun/servlet/solicitudot?gx-no-cache=1488897181920 HTTP/1.1" 200 240
200.73.230.173 - - [07/Mar/2017:11:31:53 -0300] "GET /cormun/servlet/solicitudot?08c4e76bb9beed30c81184cb0a3851e648d781be3b2690fe041572d1277aed5ff97eb235bd9f3ae5e17079c00948c8d0f2e28a380d8212cc832c185d28504538ff62c1f3be1908211e7b9fb00b876867820811d5ab5df4adabb45d88d9171ff9ec34942c5af415fa4ddc377e007d6f636dbc00df9ea85d536acb196fd6fa1b9ac5364d2f1424535de150662af651588b5b3b0ffcf53fdfe673099ec1f894b174d335d723aabedb99050fabcfa037082a168f0a9b59ceed81b5d752547d11760fa587efa5a3349e4f45aca02cb7db0d22e98b061f0208f35f56b87c1c69b5238190760387190e9de062fff6cdefaf96cd21ace5a8004eb53cb3487da558240b5eb9cb76049652932cf9e0c63132839b65c3abc834657b33de1b57f63d1acd58c21d0a90c9945c0d31e3fe56b7dd1f095249b02d72e4759db2a6a2964b53f6b52eb1e729479107eacb67df537c9ce74a68ff4615d550f37efff9b4a7a0dde3eeb8f7e179ecbc14ce89d53f023c114204ed7d995635b9847cba25892b53e432801d,gx-no-cache=1488897184059 HTTP/1.1" 200 30
200.73.230.173 - - [07/Mar/2017:11:31:59 -0300] "POST /cormun/servlet/solicitudot?gx-no-cache=1488897189182 HTTP/1.1" 200 30
186.103.156.24 - - [07/Mar/2017:11:32:02 -0300] "POST /cormun/servlet/solicitudotlog?812f1933002f65c68cf0e6cf48665ef1,INS,2017,5252,0,ANU,,gx-no-cache=1488897192722 HTTP/1.1" 200 93
186.103.156.24 - - [07/Mar/2017:11:32:02 -0300] "GET /cormun/servlet/hpexe_return? HTTP/1.1" 200 1032
186.103.156.24 - - [07/Mar/2017:11:32:02 -0300] "GET /cormun/static/gxcfg.js?2016101716175148 HTTP/1.1" 200 953
186.103.156.24 - - [07/Mar/2017:11:32:02 -0300] "GET /cormun/static/hpexe_return.js?2016101716175153 HTTP/1.1" 200 1633
186.103.156.24 - - [07/Mar/2017:11:32:02 -0300] "GET /cormun/servlet/trautorizarsolicitud HTTP/1.1" 200 6889
186.103.156.24 - - [07/Mar/2017:11:32:03 -0300] "GET /cormun/servlet/trautorizarsolicitud HTTP/1.1" 200 6885
186.103.156.24 - - [07/Mar/2017:11:32:13 -0300] "GET /cormun/servlet/trsolicitudot? HTTP/1.1" 200 6933
186.103.156.24 - - [07/Mar/2017:11:32:13 -0300] "GET /cormun/servlet/trsolicitudot? HTTP/1.1" 200 6932
186.103.156.24 - - [07/Mar/2017:11:32:16 -0300] "GET /cormun/servlet/solicitudot?INS,0,0, HTTP/1.1" 200 12766
186.103.156.24 - - [07/Mar/2017:11:32:16 -0300] "GET /cormun/static/gxcfg.js?20171191042720 HTTP/1.1" 200 953
186.103.156.24 - - [07/Mar/2017:11:32:16 -0300] "GET /cormun/static/Resources/prompt.gif HTTP/1.1" 200 902
186.103.156.24 - - [07/Mar/2017:11:32:16 -0300] "GET /cormun/static/solicitudot.js?2017119104297 HTTP/1.1" 200 63948
186.103.156.24 - - [07/Mar/2017:11:32:16 -0300] "GET /cormun/servlet/solicitudot?INS,0,0, HTTP/1.1" 200 12771
192.168.10.89 - - [07/Mar/2017:11:32:58 -0300] "POST /cormun/servlet/trsolicitudgral?7d95e2256ba85ce650c218c33c093362,,gx-no-cache=1488900462697 HTTP/1.1" 200 22657
186.79.240.136 - - [07/Mar/2017:11:33:06 -0300] "GET /cormun/servlet/solicitudot?ac1ce1681d5c35c7f4eeaea531fde396f1c54f123e80d58ca788508ecfd1732bd5906053ede5b950d238c1c45850e1cc262fbd4fd5bba87d66927b7b3e0164c110c1b803b5ae0aef1c55cf472d0c5b03013f6546c24673e0faf6948c6ee0e53d08383f86b38cc6928920a01cde17e10476385e90ba8ab38c028176d1fe9a794e879b21e328026febee4cd1d5b9b2525c245abee073610ba7e9d4a2bd835e88c02a59e15efbea193c27e3103d5cbb5d02,gx-no-cache=1488897257398 HTTP/1.1" 200 30
186.79.240.136 - - [07/Mar/2017:11:33:07 -0300] "POST /cormun/servlet/solicitudot?ff90d13dfd581c42b04ecb14ad1feb90,INS,0,0,,gx-no-cache=1488897257540 HTTP/1.1" 200 11392
200.73.230.173 - - [07/Mar/2017:11:33:14 -0300] "POST /cormun/servlet/solicitudot?gx-no-cache=1488897264328 HTTP/1.1" 200 782
186.103.156.24 - - [07/Mar/2017:11:33:15 -0300] "POST /cormun/servlet/solicitudot?gx-no-cache=1488897265217 HTTP/1.1" 200 3081
186.103.156.24 - - [07/Mar/2017:11:33:15 -0300] "POST /cormun/servlet/solicitudot?812f1933002f65c68cf0e6cf48665ef1,INS,0,0,,gx-no-cache=1488897265760 HTTP/1.1" 200 9872
186.103.156.24 - - [07/Mar/2017:11:33:19 -0300] "GET /cormun/servlet/solicitudot?78d7256dee4a69e623a3f65090ea833249e71861f6dfa3035154de1517a25ebef0ca8c37de183eca3ad45457096ccbe5,gx-no-cache=1488897270007 HTTP/1.1" 200 111
186.103.156.24 - - [07/Mar/2017:11:33:19 -0300] "GET /cormun/static/Shared/jqueryui/images/ui-bg_highlight-soft_100_c6c2c8_1x100.png HTTP/1.1" 404 1117
186.103.156.24 - - [07/Mar/2017:11:33:19 -0300] "GET /cormun/static/Shared/jqueryui/images/ui-icons_82798d_256x240.png HTTP/1.1" 404 1089
186.103.156.24 - - [07/Mar/2017:11:33:19 -0300] "GET /cormun/static/Shared/jqueryui/images/ui-bg_flat_55_994d53_40x100.png HTTP/1.1" 404 1097
186.103.156.24 - - [07/Mar/2017:11:33:19 -0300] "GET /cormun/static/Shared/jqueryui/images/ui-icons_ebccce_256x240.png HTTP/1.1" 404 1089
186.79.240.136 - - [07/Mar/2017:11:33:32 -0300] "GET /cormun/static/menuarrow.gif HTTP/1.1" 404 1015
186.103.156.24 - - [07/Mar/2017:11:33:35 -0300] "POST /cormun/servlet/solicitudot?gx-no-cache=1488897285517 HTTP/1.1" 200 3184
186.103.156.24 - - [07/Mar/2017:11:33:36 -0300] "POST /cormun/servlet/solicitudot?812f1933002f65c68cf0e6cf48665ef1,INS,0,0,,gx-no-cache=1488897286128 HTTP/1.1" 200 10033
192.168.10.89 - - [07/Mar/2017:11:33:40 -0300] "POST /cormun/servlet/trsolicitudgral?7d95e2256ba85ce650c218c33c093362,,gx-no-cache=1488900504866 HTTP/1.1" 200 6671
186.103.156.24 - - [07/Mar/2017:11:33:41 -0300] "GET /cormun/servlet/solicitudot?78d7256dee4a69e623a3f65090ea8332f7f5c1598bb918da8517de349a6eda47f0ca8c37de183eca3ad45457096ccbe5,gx-no-cache=1488897291566 HTTP/1.1" 200 30
186.103.156.24 - - [07/Mar/2017:11:33:41 -0300] "POST /cormun/servlet/solicitudot?gx-no-cache=1488897292021 HTTP/1.1" 200 255
186.103.156.24 - - [07/Mar/2017:11:33:41 -0300] "GET /cormun/servlet/solicitudot?78d7256dee4a69e623a3f65090ea8332f48a086a40e3a3dd2af8594dcb1634142b7240164653e05d0fa9976986c40e9eddd69bc227fca427d9c4882b6173a163a34020ed4055b51ed4ad2446508435a4f1a559dd212a094753f98fe4a06ecb52f8bd9b421eb425cd151e42ada0ab44dd5a40d314eca8f5468038429f727ec9fec08b1bc0feb5144dbad94a926988a8c53d88875f08488b8348a7cfd8a3e4d91da86f049c4ee18e9e4c3eab4d3c38b7640c4f304b55fad142060b4b88d4c26be3f56cf210c665fdeb96b5cf45450941997ecefb380383fc344d0e0702aa03705a0b19987887de4ac41e737e90da96b7f81b06df2b972e9fe0a861b677e6ed1bee7cfe9710f8a91cdbbe9fdebc6f8810b26a7b7daf10eaafd66241457bce0e39db0729146cef1369457676a401af8a5ff816cec04ee0ebabcccf1d8aee1b12a2dee30647b131d0b83ee1a7887ae00be2b6583a073560860d57953eed7c5bc99910a3555492ac531ed2d7049923206565b6419a51e10356d7eb69593d3dc33827b0,gx-no-cache=1488897292077 HTTP/1.1" 200 30
192.168.10.89 - - [07/Mar/2017:11:33:46 -0300] "POST /cormun/servlet/trsolicitudgral?7d95e2256ba85ce650c218c33c093362,,gx-no-cache=1488900510315 HTTP/1.1" 200 115
192.168.10.89 - - [07/Mar/2017:11:33:46 -0300] "GET /cormun/servlet/solicitudotlog?INS,2017,4825,0,REC, HTTP/1.1" 200 6150
192.168.10.89 - - [07/Mar/2017:11:33:47 -0300] "GET /cormun/servlet/solicitudotlog?eab17bf90a64c83968d888d5da9ce3e9ae116130ccfc85670518d463dda0d4da4aa3986e958f72335b9a8f6f6a9cbddb7f45bf5e6853458cc0100bc0325ee3774cd4f4445e878b374a91d7dc81e2bbb326c56041e0a8e2572fdf38ed7b330791acb094e4023b2f7d0a88b3aba020589c2341f66eedd2531e77ac4ec924953a4b1d8d2fd7f18bce99b5421b8e549046663677c46b9033e44f1d08bc87e882b588,gx-no-cache=1488900511793 HTTP/1.1" 200 94
192.168.10.89 - - [07/Mar/2017:11:33:52 -0300] "POST /cormun/servlet/solicitudotlog?7d95e2256ba85ce650c218c33c093362,INS,2017,4825,0,REC,,gx-no-cache=1488900517028 HTTP/1.1" 200 93
192.168.10.89 - - [07/Mar/2017:11:33:52 -0300] "GET /cormun/servlet/hpexe_return? HTTP/1.1" 200 1014
192.168.10.89 - - [07/Mar/2017:11:33:53 -0300] "GET /cormun/servlet/trsolicitudgral? HTTP/1.1" 200 8708
192.168.10.62 - - [07/Mar/2017:11:34:07 -0300] "GET /cormun/static/menuarrow.gif HTTP/1.1" 404 1015
186.79.240.136 - - [07/Mar/2017:11:34:08 -0300] "GET /cormun/servlet/solicitudot?ac1ce1681d5c35c7f4eeaea531fde396f1c54f123e80d58ca788508ecfd1732bd5906053ede5b950d238c1c45850e1cc262fbd4fd5bba87d66927b7b3e0164c110c1b803b5ae0aef1c55cf472d0c5b03013f6546c24673e0faf6948c6ee0e53d08383f86b38cc6928920a01cde17e10476385e90ba8ab38c028176d1fe9a794e879b21e328026febee4cd1d5b9b2525c245abee073610ba7e9d4a2bd835e88c02a59e15efbea193c27e3103d5cbb5d02,gx-no-cache=1488897319555 HTTP/1.1" 200 30
186.79.240.136 - - [07/Mar/2017:11:34:09 -0300] "POST /cormun/servlet/solicitudot?ff90d13dfd581c42b04ecb14ad1feb90,INS,0,0,,gx-no-cache=1488897319672 HTTP/1.1" 200 11465
192.168.10.62 - - [07/Mar/2017:11:34:27 -0300] "GET /cormun/servlet/hlogin HTTP/1.1" 200 1737
186.103.156.24 - - [07/Mar/2017:11:34:33 -0300] "POST /cormun/servlet/solicitudot?gx-no-cache=1488897343820 HTTP/1.1" 200 30
192.168.10.96 - - [07/Mar/2017:11:34:55 -0300] "GET /cormun/servlet/hlogin HTTP/1.1" 200 1734
186.103.156.24 - - [07/Mar/2017:11:35:03 -0300] "POST /cormun/servlet/solicitudot?gx-no-cache=1488897373742 HTTP/1.1" 200 235
186.103.156.24 - - [07/Mar/2017:11:35:03 -0300] "POST /cormun/servlet/solicitudot?gx-no-cache=1488897373830 HTTP/1.1" 200 38
192.168.10.96 - - [07/Mar/2017:11:35:09 -0300] "POST /cormun/servlet/hlogin?b70e04654412a0b7fd5b3305d92cb98e,gx-no-cache=1488900593449 HTTP/1.1" 200 90
192.168.10.96 - - [07/Mar/2017:11:35:09 -0300] "GET /cormun/servlet/hpexe_link HTTP/1.1" 200 951
192.168.10.96 - - [07/Mar/2017:11:35:09 -0300] "GET /cormun/servlet/hhome HTTP/1.1" 200 4117
192.168.10.96 - - [07/Mar/2017:11:35:09 -0300] "GET /cormun/servlet/hhome HTTP/1.1" 200 4114
192.168.10.96 - - [07/Mar/2017:11:35:12 -0300] "GET /cormun/servlet/trsolicitudgral? HTTP/1.1" 200 24228
192.168.10.96 - - [07/Mar/2017:11:35:15 -0300] "GET /cormun/servlet/trsolicitudgral? HTTP/1.1" 200 24225
186.103.156.24 - - [07/Mar/2017:11:35:16 -0300] "GET /cormun/servlet/solicitudot?78d7256dee4a69e623a3f65090ea833212c50eadc418fe55d179af5e38a6246f896ce31ae2793ef4dd2f3cd25512b34c888ff565cc0ea9462f9b38a7eb7608237cc4e7574ddfd0c267f19b134f01655d1f73a21bba5e9f720026e4ce17a828d809eaffca7c67793b2022ab6d61dfc66517fbff98e561455102616a37c7a5163871a9d7059541dc5b950db0696fc71dc5317b6ad2f5e94efba7109d6df4f22962fd21e6b93d1e23222f2850d84ccb374f5561032d72b117b1b82bce32ee2fce31790e9162df685b006ba1fb10d6365cfc,gx-no-cache=1488897386507 HTTP/1.1" 200 29
186.103.156.24 - - [07/Mar/2017:11:35:16 -0300] "POST /cormun/servlet/solicitudot?gx-no-cache=1488897386561 HTTP/1.1" 200 643
186.103.156.24 - - [07/Mar/2017:11:35:18 -0300] "POST /cormun/servlet/solicitudot?gx-no-cache=1488897388667 HTTP/1.1" 200 1157
192.168.10.96 - - [07/Mar/2017:11:35:21 -0300] "POST /cormun/servlet/trsolicitudgral?b70e04654412a0b7fd5b3305d92cb98e,,gx-no-cache=1488900605954 HTTP/1.1" 200 5395
192.168.10.96 - - [07/Mar/2017:11:35:26 -0300] "POST /cormun/servlet/trsolicitudgral?b70e04654412a0b7fd5b3305d92cb98e,,gx-no-cache=1488900610451 HTTP/1.1" 200 5395
192.168.10.96 - - [07/Mar/2017:11:35:30 -0300] "POST /cormun/servlet/trsolicitudgral?b70e04654412a0b7fd5b3305d92cb98e,,gx-no-cache=1488900614373 HTTP/1.1" 200 5393
192.168.10.96 - - [07/Mar/2017:11:35:32 -0300] "POST /cormun/servlet/trsolicitudgral?b70e04654412a0b7fd5b3305d92cb98e,,gx-no-cache=1488900617158 HTTP/1.1" 200 6714
186.79.36.72 - - [07/Mar/2017:11:35:49 -0300] "GET /cormun/servlet/trautorizarsolicitud? HTTP/1.1" 200 6840
186.79.36.72 - - [07/Mar/2017:11:35:50 -0300] "GET /cormun/servlet/trautorizarsolicitud? HTTP/1.1" 200 6839
192.168.10.96 - - [07/Mar/2017:11:35:59 -0300] "GET /cormun/servlet/trsolicitudgral? HTTP/1.1" 200 9749
192.168.10.96 - - [07/Mar/2017:11:35:59 -0300] "GET /cormun/servlet/trsolicitudgral? HTTP/1.1" 200 9749
192.168.10.96 - - [07/Mar/2017:11:36:05 -0300] "POST /cormun/servlet/trsolicitudgral?b70e04654412a0b7fd5b3305d92cb98e,,gx-no-cache=1488900649439 HTTP/1.1" 200 5396
192.168.10.96 - - [07/Mar/2017:11:36:11 -0300] "POST /cormun/servlet/trsolicitudgral?b70e04654412a0b7fd5b3305d92cb98e,,gx-no-cache=1488900655707 HTTP/1.1" 200 5395
186.103.156.24 - - [07/Mar/2017:11:36:12 -0300] "GET /cormun/static/menuarrow.gif HTTP/1.1" 404 1015
200.73.230.173 - - [07/Mar/2017:11:36:19 -0300] "POST /cormun/servlet/solicitudot?gx-no-cache=1488897449379 HTTP/1.1" 200 1291
200.73.230.173 - - [07/Mar/2017:11:36:19 -0300] "GET /cormun/static/menuarrow.gif HTTP/1.1" 404 1015
186.79.36.72 - - [07/Mar/2017:11:36:22 -0300] "GET /cormun/servlet/trautorizarsolicitud? HTTP/1.1" 200 6839
186.79.36.72 - - [07/Mar/2017:11:36:23 -0300] "GET /cormun/servlet/trautorizarsolicitud? HTTP/1.1" 200 6839
200.73.230.173 - - [07/Mar/2017:11:36:23 -0300] "POST /cormun/servlet/solicitudot?gx-no-cache=1488897453527 HTTP/1.1" 200 30
200.73.230.173 - - [07/Mar/2017:11:36:23 -0300] "POST /cormun/servlet/solicitudot?gx-no-cache=1488897453600 HTTP/1.1" 200 1291
186.79.36.72 - - [07/Mar/2017:11:36:27 -0300] "POST /cormun/servlet/trautorizarsolicitud?917b0d81d623b4780cee156245bbdedf,,gx-no-cache=1488897457603 HTTP/1.1" 200 4126
192.168.10.96 - - [07/Mar/2017:11:36:27 -0300] "POST /cormun/servlet/trsolicitudgral?b70e04654412a0b7fd5b3305d92cb98e,,gx-no-cache=1488900672172 HTTP/1.1" 200 6714
192.168.10.96 - - [07/Mar/2017:11:36:36 -0300] "GET /cormun/servlet/hlogin HTTP/1.1" 200 1736
200.73.230.173 - - [07/Mar/2017:11:36:39 -0300] "POST /cormun/servlet/solicitudot?gx-no-cache=1488897469541 HTTP/1.1" 200 118
200.73.230.173 - - [07/Mar/2017:11:36:39 -0300] "GET /cormun/servlet/solicitudot?08c4e76bb9beed30c81184cb0a3851e6fcf1531f1585b9fb4b42fb68ead6ec0028259f3c8cd633f11a38cdf35b983b0935a53a2967cf65a1b3caf1f5e3fa033554c96556019a75732a756a67fd4b01f6e45f22cc7e076a809ea33c730c457279579811262c960e66216a71e1d21949fe,gx-no-cache=1488897469672 HTTP/1.1" 200 29
200.73.230.173 - - [07/Mar/2017:11:36:39 -0300] "POST /cormun/servlet/solicitudot?gx-no-cache=1488897469753 HTTP/1.1" 200 1275
200.73.230.173 - - [07/Mar/2017:11:36:39 -0300] "POST /cormun/servlet/solicitudot?gx-no-cache=1488897469875 HTTP/1.1" 200 1157
192.168.10.96 - - [07/Mar/2017:11:36:47 -0300] "POST /cormun/servlet/hlogin?b70e04654412a0b7fd5b3305d92cb98e,gx-no-cache=1488900691880 HTTP/1.1" 200 90
192.168.10.96 - - [07/Mar/2017:11:36:47 -0300] "GET /cormun/servlet/hpexe_link HTTP/1.1" 200 951
192.168.10.96 - - [07/Mar/2017:11:36:47 -0300] "GET /cormun/servlet/hhome HTTP/1.1" 200 3923
192.168.10.96 - - [07/Mar/2017:11:36:48 -0300] "GET /cormun/servlet/hhome HTTP/1.1" 200 3920
192.168.10.96 - - [07/Mar/2017:11:36:53 -0300] "GET /cormun/servlet/trsolicitudot? HTTP/1.1" 200 8186
192.168.10.96 - - [07/Mar/2017:11:36:54 -0300] "GET /cormun/servlet/trsolicitudot? HTTP/1.1" 200 8184
200.73.230.173 - - [07/Mar/2017:11:36:54 -0300] "POST /cormun/servlet/solicitudot?gx-no-cache=1488897484882 HTTP/1.1" 200 118
200.73.230.173 - - [07/Mar/2017:11:36:54 -0300] "POST /cormun/servlet/solicitudot?gx-no-cache=1488897484951 HTTP/1.1" 200 1275
200.73.230.173 - - [07/Mar/2017:11:36:54 -0300] "POST /cormun/servlet/solicitudot?gx-no-cache=1488897485021 HTTP/1.1" 200 1157
192.168.10.96 - - [07/Mar/2017:11:37:00 -0300] "GET /cormun/servlet/trsolicitudot? HTTP/1.1" 200 8184
192.168.10.96 - - [07/Mar/2017:11:37:01 -0300] "GET /cormun/servlet/trsolicitudot? HTTP/1.1" 200 8184
186.79.36.72 - - [07/Mar/2017:11:37:02 -0300] "GET /cormun/servlet/trsolicitudot? HTTP/1.1" 200 8182
186.79.36.72 - - [07/Mar/2017:11:37:03 -0300] "GET /cormun/servlet/trsolicitudot? HTTP/1.1" 200 8181
200.73.230.173 - - [07/Mar/2017:11:37:18 -0300] "POST /cormun/servlet/solicitudot?gx-no-cache=1488897508631 HTTP/1.1" 200 118
200.73.230.173 - - [07/Mar/2017:11:37:18 -0300] "POST /cormun/servlet/solicitudot?gx-no-cache=1488897508757 HTTP/1.1" 200 1275
200.73.230.173 - - [07/Mar/2017:11:37:18 -0300] "POST /cormun/servlet/solicitudot?gx-no-cache=1488897508835 HTTP/1.1" 200 1157
186.79.36.72 - - [07/Mar/2017:11:37:22 -0300] "POST /cormun/servlet/trsolicitudot?917b0d81d623b4780cee156245bbdedf,,gx-no-cache=1488897511832 HTTP/1.1" 200 5674
186.79.36.72 - - [07/Mar/2017:11:37:22 -0300] "GET /cormun/static/Shared/jqueryui/images/ui-bg_highlight-soft_100_c6c2c8_1x100.png HTTP/1.1" 404 1117
186.79.36.72 - - [07/Mar/2017:11:37:22 -0300] "GET /cormun/static/Shared/jqueryui/images/ui-icons_82798d_256x240.png HTTP/1.1" 404 1089
186.79.36.72 - - [07/Mar/2017:11:37:22 -0300] "GET /cormun/static/Shared/jqueryui/images/ui-bg_flat_55_fafafa_40x100.png HTTP/1.1" 404 1097
186.79.36.72 - - [07/Mar/2017:11:37:22 -0300] "GET /cormun/static/Shared/jqueryui/images/ui-icons_8d78a5_256x240.png HTTP/1.1" 404 1089
192.168.10.96 - - [07/Mar/2017:11:37:25 -0300] "POST /cormun/servlet/trsolicitudot?b70e04654412a0b7fd5b3305d92cb98e,,gx-no-cache=1488900730208 HTTP/1.1" 200 5669
192.168.10.96 - - [07/Mar/2017:11:37:26 -0300] "GET /cormun/static/Shared/jqueryui/images/ui-bg_highlight-soft_100_c6c2c8_1x100.png HTTP/1.1" 404 1117
192.168.10.96 - - [07/Mar/2017:11:37:26 -0300] "GET /cormun/static/Shared/jqueryui/images/ui-icons_82798d_256x240.png HTTP/1.1" 404 1089
192.168.10.96 - - [07/Mar/2017:11:37:26 -0300] "GET /cormun/static/Shared/jqueryui/images/ui-bg_flat_55_fafafa_40x100.png HTTP/1.1" 404 1097
192.168.10.96 - - [07/Mar/2017:11:37:26 -0300] "GET /cormun/static/Shared/jqueryui/images/ui-icons_8d78a5_256x240.png HTTP/1.1" 404 1089
200.73.230.173 - - [07/Mar/2017:11:37:39 -0300] "GET /cormun/static/Resources/resize.gif HTTP/1.1" 200 77
200.73.230.173 - - [07/Mar/2017:11:37:39 -0300] "GET /cormun/servlet/prlicenciaspermisos?12515149,L,,MD,,gxPopupLevel%3D0%3B HTTP/1.1" 200 7472
200.73.230.173 - - [07/Mar/2017:11:37:39 -0300] "GET /cormun/static/gxcfg.js?2016122619302491 HTTP/1.1" 200 953
200.73.230.173 - - [07/Mar/2017:11:37:39 -0300] "GET /cormun/static/prlicenciaspermisos.js?2016122619302645 HTTP/1.1" 200 13363
200.73.230.173 - - [07/Mar/2017:11:37:39 -0300] "GET /cormun/static/menusearch.js?201610171694467 HTTP/1.1" 200 1424
200.73.230.173 - - [07/Mar/2017:11:37:39 -0300] "GET /cormun/static/Resources/PXToolsMenuSearch.png HTTP/1.1" 200 2914
200.73.230.173 - - [07/Mar/2017:11:37:39 -0300] "GET /cormun/static/hmpwkw011.js?201612218515582 HTTP/1.1" 200 1968
200.73.230.173 - - [07/Mar/2017:11:37:39 -0300] "GET /cormun/static/Resources/PXToolsMenuSearchCancel.png HTTP/1.1" 200 2972
192.168.10.96 - - [07/Mar/2017:11:37:51 -0300] "GET /cormun/servlet/hlogin HTTP/1.1" 200 1734
186.79.36.72 - - [07/Mar/2017:11:37:58 -0300] "POST /cormun/servlet/trsolicitudot?917b0d81d623b4780cee156245bbdedf,,gx-no-cache=1488897548343 HTTP/1.1" 200 107
186.79.36.72 - - [07/Mar/2017:11:37:59 -0300] "GET /cormun/servlet/trsolicitudadjuntos?2017,5263, HTTP/1.1" 200 6020
186.79.36.72 - - [07/Mar/2017:11:38:00 -0300] "GET /cormun/static/gxcfg.js?201612218531388 HTTP/1.1" 200 953
186.79.36.72 - - [07/Mar/2017:11:38:00 -0300] "GET /cormun/static/trsolicitudadjuntos.js?201612218531657 HTTP/1.1" 200 17913
186.79.36.72 - - [07/Mar/2017:11:38:01 -0300] "GET /cormun/servlet/trsolicitudadjuntos?2017,5263, HTTP/1.1" 200 6020
200.73.230.173 - - [07/Mar/2017:11:38:04 -0300] "POST /cormun/servlet/solicitudot?gx-no-cache=1488897554415 HTTP/1.1" 200 118
200.73.230.173 - - [07/Mar/2017:11:38:04 -0300] "POST /cormun/servlet/solicitudot?gx-no-cache=1488897554521 HTTP/1.1" 200 1275
200.73.230.173 - - [07/Mar/2017:11:38:04 -0300] "POST /cormun/servlet/solicitudot?gx-no-cache=1488897554596 HTTP/1.1" 200 1157
200.73.230.173 - - [07/Mar/2017:11:38:06 -0300] "POST /cormun/servlet/solicitudot?gx-no-cache=1488897556434 HTTP/1.1" 200 118
200.73.230.173 - - [07/Mar/2017:11:38:06 -0300] "POST /cormun/servlet/solicitudot?gx-no-cache=1488897556537 HTTP/1.1" 200 1275
200.73.230.173 - - [07/Mar/2017:11:38:06 -0300] "POST /cormun/servlet/solicitudot?gx-no-cache=1488897556647 HTTP/1.1" 200 1157
186.79.36.72 - - [07/Mar/2017:11:38:12 -0300] "POST /cormun/servlet/trsolicitudadjuntos?917b0d81d623b4780cee156245bbdedf,2017,5263,,gx-no-cache=1488897562315 HTTP/1.1" 200 3896
186.79.36.72 - - [07/Mar/2017:11:38:13 -0300] "POST /cormun/servlet/trsolicitudadjuntos?917b0d81d623b4780cee156245bbdedf,2017,5263,,gx-no-cache=1488897564283 HTTP/1.1" 200 3896
186.79.36.72 - - [07/Mar/2017:11:38:15 -0300] "GET /cormun/servlet/solicitudotadjuntos?INS,2017,5263,,1, HTTP/1.1" 200 5950
186.79.36.72 - - [07/Mar/2017:11:38:15 -0300] "GET /cormun/static/gxcfg.js?201612218465951 HTTP/1.1" 200 953
186.79.36.72 - - [07/Mar/2017:11:38:15 -0300] "GET /cormun/static/solicitudotadjuntos.js?201612218465969 HTTP/1.1" 200 11762
186.79.36.72 - - [07/Mar/2017:11:38:16 -0300] "GET /cormun/static/about:blank HTTP/1.1" 404 1011
186.79.36.72 - - [07/Mar/2017:11:38:16 -0300] "GET /cormun/servlet/solicitudotadjuntos?INS,2017,5263,,1, HTTP/1.1" 200 5943
186.79.36.72 - - [07/Mar/2017:11:38:17 -0300] "GET /cormun/servlet/solicitudotadjuntos?dea9a9bf2b2b92427724634b175e7c24e5d88684f19e2bd026f044ce941198baf542b2a9a0e61f00f51ed6a9514320b6,gx-no-cache=1488897567723 HTTP/1.1" 200 30
186.79.36.72 - - [07/Mar/2017:11:38:17 -0300] "POST /cormun/servlet/solicitudotadjuntos?917b0d81d623b4780cee156245bbdedf,INS,2017,5263,,1,,gx-no-cache=1488897567822 HTTP/1.1" 200 3831
200.73.230.173 - - [07/Mar/2017:11:38:22 -0300] "GET /cormun/servlet/prfichaempleado?,MD,,gxPopupLevel%3D0%3B HTTP/1.1" 200 8855
200.73.230.173 - - [07/Mar/2017:11:38:22 -0300] "GET /cormun/static/gxcfg.js?2016102420561687 HTTP/1.1" 200 953
200.73.230.173 - - [07/Mar/2017:11:38:22 -0300] "GET /cormun/static/prfichaempleado.js?201610242056198 HTTP/1.1" 200 16015
186.79.36.72 - - [07/Mar/2017:11:38:24 -0300] "POST /cormun/servlet/solicitudotadjuntos?gx-no-cache=1488897575041 HTTP/1.1" 200 26
186.79.36.72 - - [07/Mar/2017:11:38:31 -0300] "GET /cormun/servlet/solicitudotadjuntos?dea9a9bf2b2b92427724634b175e7c247ef13f8ee8e851401add28ec40f84a52,gx-no-cache=1488897582098 HTTP/1.1" 200 30
186.79.36.72 - - [07/Mar/2017:11:38:31 -0300] "GET /cormun/servlet/solicitudotadjuntos?dea9a9bf2b2b92427724634b175e7c247ef13f8ee8e851401add28ec40f84a52,gx-no-cache=1488897582215 HTTP/1.1" 200 30
186.79.36.72 - - [07/Mar/2017:11:38:33 -0300] "POST /cormun/servlet/solicitudotadjuntos?917b0d81d623b4780cee156245bbdedf,INS,2017,5263,,1, HTTP/1.1" 200 116
186.79.36.72 - - [07/Mar/2017:11:38:33 -0300] "GET /cormun/servlet/hpexe_return? HTTP/1.1" 200 1021
186.79.36.72 - - [07/Mar/2017:11:38:34 -0300] "GET /cormun/servlet/trsolicitudadjuntos?2017,5263, HTTP/1.1" 200 8109
200.73.230.173 - - [07/Mar/2017:11:38:34 -0300] "POST /cormun/servlet/prfichaempleado?b19ae1d09166cec44daed2a57ad0dcdf,,MD,,gxPopupLevel%3D0%3B,gx-no-cache=1488897584408 HTTP/1.1" 200 3967
186.79.36.72 - - [07/Mar/2017:11:38:35 -0300] "GET /cormun/servlet/trsolicitudadjuntos?2017,5263, HTTP/1.1" 200 8107
186.79.36.72 - - [07/Mar/2017:11:38:41 -0300] "GET /cormun/servlet/solicitudotadjuntos?INS,2017,5263,,1, HTTP/1.1" 200 5950
192.168.10.89 - - [07/Mar/2017:11:38:41 -0300] "POST /cormun/servlet/trsolicitudgral?7d95e2256ba85ce650c218c33c093362,,gx-no-cache=1488900806120 HTTP/1.1" 200 5400
186.79.36.72 - - [07/Mar/2017:11:38:41 -0300] "GET /cormun/static/about:blank HTTP/1.1" 404 1011
186.79.36.72 - - [07/Mar/2017:11:38:42 -0300] "GET /cormun/servlet/solicitudotadjuntos?INS,2017,5263,,1, HTTP/1.1" 200 5943
186.79.36.72 - - [07/Mar/2017:11:38:42 -0300] "GET /cormun/servlet/solicitudotadjuntos?dea9a9bf2b2b92427724634b175e7c24e5d88684f19e2bd026f044ce941198baf542b2a9a0e61f00f51ed6a9514320b6,gx-no-cache=1488897593153 HTTP/1.1" 200 30
186.79.36.72 - - [07/Mar/2017:11:38:43 -0300] "POST /cormun/servlet/solicitudotadjuntos?917b0d81d623b4780cee156245bbdedf,INS,2017,5263,,1,,gx-no-cache=1488897593431 HTTP/1.1" 200 3831
186.79.36.72 - - [07/Mar/2017:11:38:49 -0300] "POST /cormun/servlet/solicitudotadjuntos?gx-no-cache=1488897599944 HTTP/1.1" 200 26
200.73.230.173 - - [07/Mar/2017:11:38:51 -0300] "POST /cormun/servlet/solicitudot?gx-no-cache=1488897601723 HTTP/1.1" 200 1291
200.73.230.173 - - [07/Mar/2017:11:38:51 -0300] "POST /cormun/servlet/solicitudot?gx-no-cache=1488897601852 HTTP/1.1" 200 118
200.73.230.173 - - [07/Mar/2017:11:38:51 -0300] "POST /cormun/servlet/solicitudot?gx-no-cache=1488897601975 HTTP/1.1" 200 1275
200.73.230.173 - - [07/Mar/2017:11:38:51 -0300] "POST /cormun/servlet/solicitudot?gx-no-cache=1488897602047 HTTP/1.1" 200 1157
192.168.10.89 - - [07/Mar/2017:11:38:52 -0300] "POST /cormun/servlet/trsolicitudgral?7d95e2256ba85ce650c218c33c093362,,gx-no-cache=1488900816448 HTTP/1.1" 200 6677
186.79.36.72 - - [07/Mar/2017:11:38:58 -0300] "GET /cormun/servlet/solicitudotadjuntos?dea9a9bf2b2b92427724634b175e7c247ef13f8ee8e851401add28ec40f84a52,gx-no-cache=1488897609658 HTTP/1.1" 200 30
186.79.36.72 - - [07/Mar/2017:11:38:59 -0300] "GET /cormun/servlet/solicitudotadjuntos?dea9a9bf2b2b92427724634b175e7c247ef13f8ee8e851401add28ec40f84a52,gx-no-cache=1488897609729 HTTP/1.1" 200 30
186.79.36.72 - - [07/Mar/2017:11:39:02 -0300] "POST /cormun/servlet/solicitudotadjuntos?917b0d81d623b4780cee156245bbdedf,INS,2017,5263,,1, HTTP/1.1" 200 116
186.79.36.72 - - [07/Mar/2017:11:39:02 -0300] "GET /cormun/servlet/hpexe_return? HTTP/1.1" 200 1021
186.79.36.72 - - [07/Mar/2017:11:39:02 -0300] "GET /cormun/servlet/trsolicitudadjuntos?2017,5263, HTTP/1.1" 200 8312
186.79.36.72 - - [07/Mar/2017:11:39:03 -0300] "GET /cormun/servlet/trsolicitudadjuntos?2017,5263, HTTP/1.1" 200 8309
186.79.36.72 - - [07/Mar/2017:11:39:13 -0300] "GET /cormun/servlet/solicitudotadjuntos?INS,2017,5263,,1, HTTP/1.1" 200 5950
186.79.36.72 - - [07/Mar/2017:11:39:14 -0300] "GET /cormun/static/about:blank HTTP/1.1" 404 1011
186.79.36.72 - - [07/Mar/2017:11:39:14 -0300] "GET /cormun/servlet/solicitudotadjuntos?INS,2017,5263,,1, HTTP/1.1" 200 5943
186.79.36.72 - - [07/Mar/2017:11:39:15 -0300] "GET /cormun/servlet/solicitudotadjuntos?dea9a9bf2b2b92427724634b175e7c24e5d88684f19e2bd026f044ce941198baf542b2a9a0e61f00f51ed6a9514320b6,gx-no-cache=1488897625817 HTTP/1.1" 200 30
186.79.36.72 - - [07/Mar/2017:11:39:15 -0300] "POST /cormun/servlet/solicitudotadjuntos?917b0d81d623b4780cee156245bbdedf,INS,2017,5263,,1,,gx-no-cache=1488897626027 HTTP/1.1" 200 3831
186.79.36.72 - - [07/Mar/2017:11:39:29 -0300] "POST /cormun/servlet/solicitudotadjuntos?gx-no-cache=1488897640057 HTTP/1.1" 200 26
200.73.230.173 - - [07/Mar/2017:11:39:44 -0300] "GET /cormun/servlet/prfichaempleado?,MD,,gxPopupLevel%3D0%3B HTTP/1.1" 200 8855
200.73.230.173 - - [07/Mar/2017:11:39:53 -0300] "POST /cormun/servlet/prfichaempleado?b19ae1d09166cec44daed2a57ad0dcdf,,MD,,gxPopupLevel%3D0%3B,gx-no-cache=1488897663187 HTTP/1.1" 200 3396
186.103.156.211 - - [07/Mar/2017:11:40:26 -0300] "POST /cormun/servlet/solicitudot?d0d8ccb62ad7be11d3e1e347e3efb402,INS,0,0,,gx-no-cache=1488897696758 HTTP/1.1" 200 10278
186.103.156.211 - - [07/Mar/2017:11:40:26 -0300] "GET /cormun/static/Shared/jqueryui/images/ui-bg_highlight-soft_100_c6c2c8_1x100.png HTTP/1.1" 404 1117
186.103.156.211 - - [07/Mar/2017:11:40:26 -0300] "GET /cormun/static/Shared/jqueryui/images/ui-icons_82798d_256x240.png HTTP/1.1" 404 1089
186.103.156.211 - - [07/Mar/2017:11:40:26 -0300] "GET /cormun/static/Shared/jqueryui/images/ui-bg_flat_55_994d53_40x100.png HTTP/1.1" 404 1097
186.103.156.211 - - [07/Mar/2017:11:40:26 -0300] "GET /cormun/static/Shared/jqueryui/images/ui-icons_ebccce_256x240.png HTTP/1.1" 404 1089
200.73.230.173 - - [07/Mar/2017:11:40:40 -0300] "GET /cormun/servlet/prlicenciaspermisos?12515149,L,,MD,,gxPopupLevel%3D0%3B HTTP/1.1" 200 7472
200.73.230.173 - - [07/Mar/2017:11:40:45 -0300] "POST /cormun/servlet/solicitudot?gx-no-cache=1488897715870 HTTP/1.1" 200 1291
200.73.230.173 - - [07/Mar/2017:11:40:50 -0300] "POST /cormun/servlet/solicitudot?gx-no-cache=1488897720751 HTTP/1.1" 200 41
200.73.230.173 - - [07/Mar/2017:11:40:50 -0300] "POST /cormun/servlet/solicitudot?gx-no-cache=1488897720837 HTTP/1.1" 200 1275
200.73.230.173 - - [07/Mar/2017:11:40:50 -0300] "POST /cormun/servlet/solicitudot?gx-no-cache=1488897720901 HTTP/1.1" 200 1157
200.73.230.173 - - [07/Mar/2017:11:40:52 -0300] "POST /cormun/servlet/solicitudot?gx-no-cache=1488897723064 HTTP/1.1" 200 1275
200.73.230.173 - - [07/Mar/2017:11:40:52 -0300] "POST /cormun/servlet/solicitudot?gx-no-cache=1488897723146 HTTP/1.1" 200 1157
200.73.230.173 - - [07/Mar/2017:11:40:58 -0300] "GET /cormun/servlet/solicitudot?08c4e76bb9beed30c81184cb0a3851e6ad694f6209d61816d0e0b808867dd7dda2f787e0464f9435848dd6da70209bbd8c9fcd05b4a497ab3a9b3218570d9ae2fbb186438d64d399a551ae602e3869132e7fabaf16261bd500d9a88a43a3db30e97d8398f0e60be7d06b9b9f21feb5204663b14cb4fc101f16cfb916b4737ba484a3fe6e3b8d88e0a6ea845d76b8f7c9155317a2530eb10ab6c38b5d5f7b8f02f32efb7974e16cf99b5abde103b048a82d6899744a5343213e271af20fc035df,gx-no-cache=1488897728206 HTTP/1.1" 200 30
200.73.230.173 - - [07/Mar/2017:11:41:10 -0300] "POST /cormun/servlet/solicitudot?b19ae1d09166cec44daed2a57ad0dcdf,INS,0,0,,gx-no-cache=1488897740795 HTTP/1.1" 200 93
200.73.230.173 - - [07/Mar/2017:11:41:11 -0300] "GET /cormun/servlet/hpexe_return? HTTP/1.1" 200 1003
200.73.230.173 - - [07/Mar/2017:11:41:11 -0300] "GET /cormun/static/gxcfg.js?2016101716175148 HTTP/1.1" 200 953
200.73.230.173 - - [07/Mar/2017:11:41:11 -0300] "GET /cormun/static/hpexe_return.js?2016101716175153 HTTP/1.1" 200 1633
200.73.230.173 - - [07/Mar/2017:11:41:11 -0300] "GET /cormun/servlet/trsolicitudot? HTTP/1.1" 200 8126
200.73.230.173 - - [07/Mar/2017:11:41:12 -0300] "GET /cormun//static/Resources/PXToolsActionView.png HTTP/1.1" 200 2995
200.73.230.173 - - [07/Mar/2017:11:41:12 -0300] "GET /cormun//static/Resources/PXToolsGridDelete.png HTTP/1.1" 200 357
200.73.230.173 - - [07/Mar/2017:11:41:12 -0300] "GET /cormun//static/Resources/PXToolsGridUpdate.png HTTP/1.1" 200 2984
200.73.230.173 - - [07/Mar/2017:11:41:12 -0300] "GET /cormun//static/Resources/PXToolsRemoveAllAction.png HTTP/1.1" 200 3558
200.73.230.173 - - [07/Mar/2017:11:41:12 -0300] "GET /cormun//static/Resources/PXTools/ActionInsert.png HTTP/1.1" 200 1482
200.73.230.173 - - [07/Mar/2017:11:41:12 -0300] "GET /cormun/servlet/trsolicitudot? HTTP/1.1" 200 8122
200.73.230.173 - - [07/Mar/2017:11:41:17 -0300] "GET /cormun/servlet/treventos?2017,5267, HTTP/1.1" 200 5859
200.73.230.173 - - [07/Mar/2017:11:41:17 -0300] "GET /cormun/static/gxcfg.js?2016101716195975 HTTP/1.1" 200 953
200.73.230.173 - - [07/Mar/2017:11:41:17 -0300] "GET /cormun/static/treventos.js?201610171620222 HTTP/1.1" 200 16055
200.73.230.173 - - [07/Mar/2017:11:41:17 -0300] "GET /cormun/servlet/treventos?2017,5267, HTTP/1.1" 200 5859
200.73.230.173 - - [07/Mar/2017:11:41:23 -0300] "GET /cormun/servlet/trsolicitudot? HTTP/1.1" 200 8126
200.73.230.173 - - [07/Mar/2017:11:41:23 -0300] "GET /cormun/servlet/trsolicitudot? HTTP/1.1" 200 8122
200.73.230.173 - - [07/Mar/2017:11:41:25 -0300] "POST /cormun/servlet/trsolicitudot?b19ae1d09166cec44daed2a57ad0dcdf,,gx-no-cache=1488897756079 HTTP/1.1" 200 105
200.73.230.173 - - [07/Mar/2017:11:41:26 -0300] "GET /cormun/servlet/solicitudot?UPD,2017,5267, HTTP/1.1" 200 14244
200.73.230.173 - - [07/Mar/2017:11:41:26 -0300] "GET /cormun/servlet/solicitudot?UPD,2017,5267, HTTP/1.1" 200 14253
200.73.230.173 - - [07/Mar/2017:11:41:27 -0300] "POST /cormun/servlet/solicitudot?gx-no-cache=1488897757358 HTTP/1.1" 200 3129
200.73.230.173 - - [07/Mar/2017:11:41:27 -0300] "POST /cormun/servlet/solicitudot?b19ae1d09166cec44daed2a57ad0dcdf,UPD,2017,5267,,gx-no-cache=1488897757612 HTTP/1.1" 200 10814
200.73.230.173 - - [07/Mar/2017:11:41:28 -0300] "GET /cormun/servlet/solicitudot?08c4e76bb9beed30c81184cb0a3851e65bd9b22f955fd5eb95cc6c32c9436e598c33d62ab5b2a85db445637674489cda,gx-no-cache=1488897758302 HTTP/1.1" 200 30
200.73.230.173 - - [07/Mar/2017:11:41:28 -0300] "POST /cormun/servlet/solicitudot?gx-no-cache=1488897758349 HTTP/1.1" 200 240
200.73.230.173 - - [07/Mar/2017:11:41:28 -0300] "GET /cormun/servlet/solicitudot?08c4e76bb9beed30c81184cb0a3851e648d781be3b2690fe041572d1277aed5ff97eb235bd9f3ae5e17079c00948c8d0f2e28a380d8212cc832c185d28504538ff62c1f3be1908211e7b9fb00b876867820811d5ab5df4adabb45d88d9171ff9ec34942c5af415fa4ddc377e007d6f636dbc00df9ea85d536acb196fd6fa1b9ac5364d2f1424535de150662af651588b5b3b0ffcf53fdfe673099ec1f894b174d335d723aabedb99050fabcfa037082a168f0a9b59ceed81b5d752547d11760fa587efa5a3349e4f45aca02cb7db0d22e98b061f0208f35f56b87c1c69b5238190760387190e9de062fff6cdefaf96cd21ace5a8004eb53cb3487da558240b5eb9cb76049652932cf9e0c63132839b65c3abc834657b33de1b57f63d1acd58c21d0a90c9945c0d31e3fe56b7dd1f095249b02d72e4759db2a6a2964b53f6b52eb1e729479107eacb67df537c9ce74a68ff4615d550f37efff9b4a7a0dde3eeb8f7e179ecbc14ce89d53f023c114204ed7d995635b9847cba25892b53e432801d,gx-no-cache=1488897758420 HTTP/1.1" 200 30
200.73.230.173 - - [07/Mar/2017:11:41:28 -0300] "POST /cormun/servlet/solicitudot?gx-no-cache=1488897758478 HTTP/1.1" 200 30
200.73.230.173 - - [07/Mar/2017:11:41:28 -0300] "POST /cormun/servlet/solicitudot?gx-no-cache=1488897758544 HTTP/1.1" 200 1291
200.73.230.173 - - [07/Mar/2017:11:41:28 -0300] "POST /cormun/servlet/solicitudot?gx-no-cache=1488897758681 HTTP/1.1" 200 41
200.73.230.173 - - [07/Mar/2017:11:41:29 -0300] "GET /cormun/servlet/trsolicitudot? HTTP/1.1" 200 8126
200.73.230.173 - - [07/Mar/2017:11:41:29 -0300] "GET /cormun/servlet/trsolicitudot? HTTP/1.1" 200 8122
200.73.230.173 - - [07/Mar/2017:11:41:32 -0300] "POST /cormun/servlet/trsolicitudot?b19ae1d09166cec44daed2a57ad0dcdf,,gx-no-cache=1488897762923 HTTP/1.1" 200 5568
200.73.230.173 - - [07/Mar/2017:11:41:33 -0300] "GET /cormun/static/Shared/jqueryui/images/ui-bg_highlight-soft_100_c6c2c8_1x100.png HTTP/1.1" 404 1117
200.73.230.173 - - [07/Mar/2017:11:41:33 -0300] "GET /cormun/static/Shared/jqueryui/images/ui-icons_82798d_256x240.png HTTP/1.1" 404 1089
200.73.230.173 - - [07/Mar/2017:11:41:33 -0300] "GET /cormun/static/Shared/jqueryui/images/ui-bg_flat_55_fafafa_40x100.png HTTP/1.1" 404 1097
200.73.230.173 - - [07/Mar/2017:11:41:33 -0300] "GET /cormun/static/Shared/jqueryui/images/ui-icons_8d78a5_256x240.png HTTP/1.1" 404 1089
200.73.230.173 - - [07/Mar/2017:11:41:41 -0300] "POST /cormun/servlet/trsolicitudot?b19ae1d09166cec44daed2a57ad0dcdf,,gx-no-cache=1488897771386 HTTP/1.1" 200 106
200.73.230.173 - - [07/Mar/2017:11:41:41 -0300] "GET /cormun/servlet/trsolicitudadjuntos?2017,5267, HTTP/1.1" 200 5897
200.73.230.173 - - [07/Mar/2017:11:41:41 -0300] "GET /cormun/static/gxcfg.js?201612218531388 HTTP/1.1" 200 953
200.73.230.173 - - [07/Mar/2017:11:41:41 -0300] "GET /cormun/static/trsolicitudadjuntos.js?201612218531657 HTTP/1.1" 200 17913
200.73.230.173 - - [07/Mar/2017:11:41:42 -0300] "GET /cormun/servlet/trsolicitudadjuntos?2017,5267, HTTP/1.1" 200 5897
200.73.230.173 - - [07/Mar/2017:11:41:44 -0300] "GET /cormun/servlet/solicitudotadjuntos?INS,2017,5267,,1, HTTP/1.1" 200 5828
200.73.230.173 - - [07/Mar/2017:11:41:44 -0300] "GET /cormun/static/gxcfg.js?201612218465951 HTTP/1.1" 200 953
200.73.230.173 - - [07/Mar/2017:11:41:44 -0300] "GET /cormun/static/solicitudotadjuntos.js?201612218465969 HTTP/1.1" 200 11762
200.73.230.173 - - [07/Mar/2017:11:41:44 -0300] "GET /cormun/static/about:blank HTTP/1.1" 404 1011
200.73.230.173 - - [07/Mar/2017:11:41:45 -0300] "GET /cormun/servlet/solicitudotadjuntos?INS,2017,5267,,1, HTTP/1.1" 200 5822
200.73.230.173 - - [07/Mar/2017:11:41:45 -0300] "GET /cormun/servlet/solicitudotadjuntos?08c4e76bb9beed30c81184cb0a3851e6bbe57c9185842f273fce1a4dc7b68f5703eb89eeb35d5fdee0be2208eeeff5a7,gx-no-cache=1488897775639 HTTP/1.1" 200 30
200.73.230.173 - - [07/Mar/2017:11:41:45 -0300] "POST /cormun/servlet/solicitudotadjuntos?b19ae1d09166cec44daed2a57ad0dcdf,INS,2017,5267,,1,,gx-no-cache=1488897775772 HTTP/1.1" 200 3668
200.73.230.173 - - [07/Mar/2017:11:41:49 -0300] "POST /cormun/servlet/solicitudotadjuntos?gx-no-cache=1488897779221 HTTP/1.1" 200 26
200.73.230.173 - - [07/Mar/2017:11:41:55 -0300] "GET /cormun/servlet/solicitudotadjuntos?08c4e76bb9beed30c81184cb0a3851e6cd6ed47b3677677e7d0d62636dddb298,gx-no-cache=1488897786037 HTTP/1.1" 200 30
200.73.230.173 - - [07/Mar/2017:11:41:55 -0300] "GET /cormun/servlet/solicitudotadjuntos?08c4e76bb9beed30c81184cb0a3851e6cd6ed47b3677677e7d0d62636dddb298,gx-no-cache=1488897786069 HTTP/1.1" 200 30
200.73.230.173 - - [07/Mar/2017:11:41:57 -0300] "POST /cormun/servlet/solicitudotadjuntos?b19ae1d09166cec44daed2a57ad0dcdf,INS,2017,5267,,1, HTTP/1.1" 200 116
200.73.230.173 - - [07/Mar/2017:11:41:58 -0300] "GET /cormun/servlet/hpexe_return? HTTP/1.1" 200 1023
200.73.230.173 - - [07/Mar/2017:11:41:58 -0300] "GET /cormun/servlet/trsolicitudadjuntos?2017,5267, HTTP/1.1" 200 7965
200.73.230.173 - - [07/Mar/2017:11:41:59 -0300] "GET /cormun/servlet/trsolicitudadjuntos?2017,5267, HTTP/1.1" 200 7959
200.73.230.173 - - [07/Mar/2017:11:42:03 -0300] "GET /cormun/servlet/solicitudotadjuntos?INS,2017,5267,,1, HTTP/1.1" 200 5828
200.73.230.173 - - [07/Mar/2017:11:42:03 -0300] "GET /cormun/static/about:blank HTTP/1.1" 404 1011
200.73.230.173 - - [07/Mar/2017:11:42:03 -0300] "GET /cormun/servlet/solicitudotadjuntos?INS,2017,5267,,1, HTTP/1.1" 200 5822
200.73.230.173 - - [07/Mar/2017:11:42:04 -0300] "GET /cormun/servlet/solicitudotadjuntos?08c4e76bb9beed30c81184cb0a3851e6bbe57c9185842f273fce1a4dc7b68f5703eb89eeb35d5fdee0be2208eeeff5a7,gx-no-cache=1488897794455 HTTP/1.1" 200 30
200.73.230.173 - - [07/Mar/2017:11:42:04 -0300] "POST /cormun/servlet/solicitudotadjuntos?b19ae1d09166cec44daed2a57ad0dcdf,INS,2017,5267,,1,,gx-no-cache=1488897794543 HTTP/1.1" 200 3668
200.73.230.173 - - [07/Mar/2017:11:42:22 -0300] "POST /cormun/servlet/solicitudotadjuntos?gx-no-cache=1488897812230 HTTP/1.1" 200 26
200.73.230.173 - - [07/Mar/2017:11:42:29 -0300] "GET /cormun/servlet/solicitudotadjuntos?08c4e76bb9beed30c81184cb0a3851e6cd6ed47b3677677e7d0d62636dddb298,gx-no-cache=1488897819492 HTTP/1.1" 200 30
200.73.230.173 - - [07/Mar/2017:11:42:29 -0300] "GET /cormun/servlet/solicitudotadjuntos?08c4e76bb9beed30c81184cb0a3851e6cd6ed47b3677677e7d0d62636dddb298,gx-no-cache=1488897819539 HTTP/1.1" 200 30
200.73.230.173 - - [07/Mar/2017:11:42:30 -0300] "POST /cormun/servlet/solicitudotadjuntos?b19ae1d09166cec44daed2a57ad0dcdf,INS,2017,5267,,1, HTTP/1.1" 200 116
200.73.230.173 - - [07/Mar/2017:11:42:30 -0300] "GET /cormun/servlet/hpexe_return? HTTP/1.1" 200 1023
200.73.230.173 - - [07/Mar/2017:11:42:30 -0300] "GET /cormun/servlet/trsolicitudadjuntos?2017,5267, HTTP/1.1" 200 8180
200.73.230.173 - - [07/Mar/2017:11:42:31 -0300] "GET /cormun/servlet/trsolicitudadjuntos?2017,5267, HTTP/1.1" 200 8177
200.73.230.173 - - [07/Mar/2017:11:42:33 -0300] "GET /cormun/servlet/solicitudotadjuntos?INS,2017,5267,,1, HTTP/1.1" 200 5827
200.73.230.173 - - [07/Mar/2017:11:42:34 -0300] "GET /cormun/static/about:blank HTTP/1.1" 404 1011
200.73.230.173 - - [07/Mar/2017:11:42:34 -0300] "GET /cormun/servlet/solicitudotadjuntos?INS,2017,5267,,1, HTTP/1.1" 200 5821
200.73.230.173 - - [07/Mar/2017:11:42:34 -0300] "GET /cormun/servlet/solicitudotadjuntos?08c4e76bb9beed30c81184cb0a3851e6bbe57c9185842f273fce1a4dc7b68f5703eb89eeb35d5fdee0be2208eeeff5a7,gx-no-cache=1488897824825 HTTP/1.1" 200 30
200.73.230.173 - - [07/Mar/2017:11:42:34 -0300] "POST /cormun/servlet/solicitudotadjuntos?b19ae1d09166cec44daed2a57ad0dcdf,INS,2017,5267,,1,,gx-no-cache=1488897824894 HTTP/1.1" 200 3668
186.79.203.133 - - [07/Mar/2017:11:42:38 -0300] "GET /cormun/static/menuarrow.gif HTTP/1.1" 404 1015
200.73.230.173 - - [07/Mar/2017:11:42:40 -0300] "POST /cormun/servlet/solicitudotadjuntos?gx-no-cache=1488897830182 HTTP/1.1" 200 26
186.79.203.133 - - [07/Mar/2017:11:42:53 -0300] "GET /cormun/servlet/solicitudot?c2ea7c27399010d8e0daefc07c4793606e12d7f5898de90afd62f6abbf6d18741131d1f32570b4066d4e52d2ff96c11ce7c45aa358c3bed0a61f34e75027e40fc22eaf14e7aa2d5aeb9c2ed40437255e6c17ba03cbf71e821afaf8690556b47d67004ce6c4b488e6d3ba6a3cd6023189bcd286a8e81922cf8222268e7476a18a4e7254e5bad8f0c009519a618a52c8d45b1be553b2d6daa2cb93b763fcdbf40d64fb7a0e09b860ff5abb0147d7ea07a3,gx-no-cache=1488897844344 HTTP/1.1" 200 30
186.79.203.133 - - [07/Mar/2017:11:42:54 -0300] "POST /cormun/servlet/solicitudot?13b76270b797d0efbd4d993d54da4584,INS,0,0,,gx-no-cache=1488897844430 HTTP/1.1" 200 11113
186.79.203.133 - - [07/Mar/2017:11:42:54 -0300] "GET /cormun/static/Shared/jqueryui/images/ui-bg_highlight-soft_100_c6c2c8_1x100.png HTTP/1.1" 404 1117
186.79.203.133 - - [07/Mar/2017:11:42:54 -0300] "GET /cormun/static/Shared/jqueryui/images/ui-icons_82798d_256x240.png HTTP/1.1" 404 1089
186.79.203.133 - - [07/Mar/2017:11:42:54 -0300] "GET /cormun/static/Shared/jqueryui/images/ui-bg_flat_55_994d53_40x100.png HTTP/1.1" 404 1097
186.79.203.133 - - [07/Mar/2017:11:42:54 -0300] "GET /cormun/static/Shared/jqueryui/images/ui-icons_ebccce_256x240.png HTTP/1.1" 404 1089
200.73.230.173 - - [07/Mar/2017:11:42:59 -0300] "GET /cormun/servlet/solicitudotadjuntos?08c4e76bb9beed30c81184cb0a3851e6cd6ed47b3677677e7d0d62636dddb298,gx-no-cache=1488897849317 HTTP/1.1" 200 30
200.73.230.173 - - [07/Mar/2017:11:42:59 -0300] "GET /cormun/servlet/solicitudotadjuntos?08c4e76bb9beed30c81184cb0a3851e6cd6ed47b3677677e7d0d62636dddb298,gx-no-cache=1488897849358 HTTP/1.1" 200 30
