186.103.159.183 - - [06/Mar/2017:16:49:00 -0300] "GET /cormun/static/Resources/PXToolsLoginTop.png HTTP/1.1" 200 1337
186.103.159.183 - - [06/Mar/2017:16:49:00 -0300] "GET /cormun/static/Resources/PXToolsLoginBackground.png HTTP/1.1" 200 1164
186.103.159.183 - - [06/Mar/2017:16:49:00 -0300] "GET /cormun/static/Resources/PXToolsButtonLeft21.png HTTP/1.1" 200 1287
186.103.159.183 - - [06/Mar/2017:16:49:00 -0300] "GET /cormun/static/Resources/indicator.gif HTTP/1.1" 200 1553
186.103.159.183 - - [06/Mar/2017:16:49:00 -0300] "GET /cormun/servlet/hlogin HTTP/1.1" 200 1727
186.103.159.183 - - [06/Mar/2017:16:49:00 -0300] "GET /favicon.ico HTTP/1.1" 200 21630
192.168.10.89 - - [06/Mar/2017:16:49:00 -0300] "GET /cormun/servlet/solicitudgral2?3f8d4cdaf2e9d0a25ce2f9905a6757012b73d8636f9b2ad544f3d4838d084103db4722d08aed96f8fa2a24321cb7905f5e39b55f0cecfb232179e549eff471804d158f352a0783275f90ea263cc20b4b3e068eb9153d2e8d965b7c38f8a8f26ca3ecb9d22c3697bbed68a4699fb6188ce9a42ff0959a99f34866080185db58465b6135c47d349913d39c5b32c4e1745cc71246ed664529585a473ea3ee15f0a2,gx-no-cache=1488833024855 HTTP/1.1" 200 29
192.168.10.89 - - [06/Mar/2017:16:49:00 -0300] "POST /cormun/servlet/solicitudgral2?gx-no-cache=1488833024889 HTTP/1.1" 200 1250
192.168.10.89 - - [06/Mar/2017:16:49:00 -0300] "POST /cormun/servlet/solicitudgral2?gx-no-cache=1488833024931 HTTP/1.1" 200 1155
192.168.10.89 - - [06/Mar/2017:16:49:00 -0300] "GET /cormun/servlet/solicitudgral2?3f8d4cdaf2e9d0a25ce2f9905a675701a6906b413c14875bf1027a9300bfa8aac69a129ecd95505c724bd647a7c4b705852273acde2edac2480c6a3b6e1e50de8df5c208d9ded4e8c454814e752646456b1c294f6b5078fdb67770462296bf5a60319a8f128a9631924e5a7d34b60d2a8e930a02d4c7b5ad7452e1ec3bf35bd2,gx-no-cache=1488833024966 HTTP/1.1" 200 30
192.168.10.89 - - [06/Mar/2017:16:49:00 -0300] "POST /cormun/servlet/solicitudgral2?ebb55a6bbb3ef19d0d6218ea0569e38b,UPD,2017,4986,,gx-no-cache=1488833024993 HTTP/1.1" 200 93
192.168.10.89 - - [06/Mar/2017:16:49:00 -0300] "GET /cormun/servlet/hpexe_return? HTTP/1.1" 200 1034
192.168.10.89 - - [06/Mar/2017:16:49:01 -0300] "GET /cormun/servlet/trsolicitudgral?gx-no-cache=1488832697606 HTTP/1.1" 200 9998
192.168.10.96 - - [06/Mar/2017:16:49:03 -0300] "POST /cormun/servlet/trsolicitudgral?14128f254516019eb5ded9481e87198f,,gx-no-cache=1488833028416 HTTP/1.1" 200 7117
186.103.159.183 - - [06/Mar/2017:16:49:07 -0300] "POST /cormun/servlet/hlogin?bc41ad5f03618bf1647dc15c57e703a1,gx-no-cache=1488829819136 HTTP/1.1" 200 444
192.168.10.96 - - [06/Mar/2017:16:49:09 -0300] "POST /cormun/servlet/trsolicitudgral?14128f254516019eb5ded9481e87198f,,gx-no-cache=1488833033649 HTTP/1.1" 200 7084
186.79.147.143 - - [06/Mar/2017:16:49:14 -0300] "POST /cormun/servlet/solicitudot?gx-no-cache=1488829688044 HTTP/1.1" 200 3169
192.168.10.96 - - [06/Mar/2017:16:49:14 -0300] "POST /cormun/servlet/trsolicitudgral?14128f254516019eb5ded9481e87198f,,gx-no-cache=1488833039020 HTTP/1.1" 200 13829
186.79.147.143 - - [06/Mar/2017:16:49:15 -0300] "POST /cormun/servlet/solicitudot?5b67e4108afe0afc6073ca936cae3991,INS,0,0,,gx-no-cache=1488829688596 HTTP/1.1" 200 9760
186.103.159.183 - - [06/Mar/2017:16:49:19 -0300] "POST /cormun/servlet/hlogin?bc41ad5f03618bf1647dc15c57e703a1,gx-no-cache=1488829830922 HTTP/1.1" 200 90
186.103.159.183 - - [06/Mar/2017:16:49:19 -0300] "GET /cormun/servlet/hpexe_link HTTP/1.1" 200 952
186.103.159.183 - - [06/Mar/2017:16:49:19 -0300] "GET /cormun/static/gxcfg.js?201612218515529 HTTP/1.1" 200 953
186.103.159.183 - - [06/Mar/2017:16:49:19 -0300] "GET /cormun/static/Resources/Spanish/PXTools.css?18365030 HTTP/1.1" 200 89042
186.103.159.183 - - [06/Mar/2017:16:49:19 -0300] "GET /cormun/static/hpexe_link.js?201612218515532 HTTP/1.1" 200 625
186.103.159.183 - - [06/Mar/2017:16:49:19 -0300] "GET /cormun/servlet/hhome HTTP/1.1" 200 3984
186.103.159.183 - - [06/Mar/2017:16:49:19 -0300] "GET /cormun/static/Shared/jqueryui/jquery-ui.min.css?1345370 HTTP/1.1" 200 30288
186.103.159.183 - - [06/Mar/2017:16:49:19 -0300] "GET /cormun/static/gxcfg.js?201612218515568 HTTP/1.1" 200 953
186.103.159.183 - - [06/Mar/2017:16:49:19 -0300] "GET /cormun/static/PXToolsJavascripts/pexe_autoreload.js HTTP/1.1" 200 1762
186.103.159.183 - - [06/Mar/2017:16:49:19 -0300] "GET /cormun/static/scaMessage/css/jquery.pnotify.default.css?1816380 HTTP/1.1" 200 1707
186.103.159.183 - - [06/Mar/2017:16:49:19 -0300] "GET /cormun/static/PXToolsJavascripts/pexe_cookies.js HTTP/1.1" 200 792
186.103.159.183 - - [06/Mar/2017:16:49:19 -0300] "GET /cormun/static/SmoothNavMenu/resources/ddsmoothmenu.css?1112540 HTTP/1.1" 200 2223
186.103.159.183 - - [06/Mar/2017:16:49:19 -0300] "GET /cormun/static/SmoothNavMenu/resources/ddsmoothmenu-v.css?1112540 HTTP/1.1" 200 1188
186.103.159.183 - - [06/Mar/2017:16:49:19 -0300] "GET /cormun/static/PXToolsJavascripts/pexe_grid.js HTTP/1.1" 200 7559
186.103.159.183 - - [06/Mar/2017:16:49:19 -0300] "GET /cormun/static/PXToolsJavascripts/pexe_windows.js HTTP/1.1" 200 15207
186.103.159.183 - - [06/Mar/2017:16:49:19 -0300] "GET /cormun/static/PXToolsJavascripts/pexe_griddivfix.js HTTP/1.1" 200 6644
186.103.159.183 - - [06/Mar/2017:16:49:19 -0300] "GET /cormun/static/PXToolsJavascripts/pexe_link.js HTTP/1.1" 200 5671
186.103.159.183 - - [06/Mar/2017:16:49:19 -0300] "GET /cormun/static/PXToolsJavascripts/pexe_menudivfix.js HTTP/1.1" 200 333
186.103.159.183 - - [06/Mar/2017:16:49:19 -0300] "GET /cormun/static/PXToolsJavascripts/pexe_menus.js HTTP/1.1" 200 1286
186.103.159.183 - - [06/Mar/2017:16:49:19 -0300] "GET /cormun/static/PXToolsJavascripts/pexe_layers.js HTTP/1.1" 200 4114
186.103.159.183 - - [06/Mar/2017:16:49:19 -0300] "GET /cormun/static/PXToolsJavascripts/pexe_oav.js HTTP/1.1" 200 645
186.103.159.183 - - [06/Mar/2017:16:49:19 -0300] "GET /cormun/static/PXToolsJavascripts/pexe_oavdivfix.js HTTP/1.1" 200 639
186.103.159.183 - - [06/Mar/2017:16:49:19 -0300] "GET /cormun/static/PXToolsJavascripts/pexe_picture.js HTTP/1.1" 200 689
186.103.159.183 - - [06/Mar/2017:16:49:19 -0300] "GET /cormun/static/PXToolsJavascripts/pexe_popup.js HTTP/1.1" 200 13458
186.103.159.183 - - [06/Mar/2017:16:49:19 -0300] "GET /cormun/static/PXToolsJavascripts/pexe_scrolldiv.js HTTP/1.1" 200 4138
186.103.159.183 - - [06/Mar/2017:16:49:19 -0300] "GET /cormun/static/PXToolsJavascripts/pexe_tabdivfix.js HTTP/1.1" 200 876
186.103.159.183 - - [06/Mar/2017:16:49:19 -0300] "GET /cormun/static/PXToolsJavascripts/pexe_tabs.js HTTP/1.1" 200 3748
186.103.159.183 - - [06/Mar/2017:16:49:19 -0300] "GET /cormun/static/PXToolsJavascripts/pexe_upload.js HTTP/1.1" 200 1423
186.103.159.183 - - [06/Mar/2017:16:49:19 -0300] "GET /cormun/static/PXToolsJavascripts/PXToolsJavascriptsRender.js HTTP/1.1" 200 367
186.103.159.183 - - [06/Mar/2017:16:49:19 -0300] "GET /cormun/static/RunJS/RunJS.js HTTP/1.1" 200 288
186.103.159.183 - - [06/Mar/2017:16:49:20 -0300] "GET /cormun/static/gxui/gxui-all.js HTTP/1.1" 200 107772
186.103.159.183 - - [06/Mar/2017:16:49:20 -0300] "GET /cormun/static/Shared/ext/locale/ext-lang-en.js HTTP/1.1" 200 10940
186.103.159.183 - - [06/Mar/2017:16:49:20 -0300] "GET /cormun/static/hhome.js?201612218515573 HTTP/1.1" 200 777
186.103.159.183 - - [06/Mar/2017:16:49:20 -0300] "GET /cormun/static/hwchdr01.js?201612218432057 HTTP/1.1" 200 1183
186.103.159.183 - - [06/Mar/2017:16:49:20 -0300] "GET /cormun/static/hpexe_recentlink.js?201610171694390 HTTP/1.1" 200 2144
186.103.159.183 - - [06/Mar/2017:16:49:20 -0300] "GET /cormun/static/hpexe_scripts.js?201612218432016 HTTP/1.1" 200 1544
186.103.159.183 - - [06/Mar/2017:16:49:20 -0300] "GET /cormun/static/cmcontrolpreferences.js?201612218431999 HTTP/1.1" 200 1375
186.103.159.183 - - [06/Mar/2017:16:49:20 -0300] "GET /cormun/static/Shared/jquery/jquery-1.4.2.min.js HTTP/1.1" 200 72174
186.79.147.143 - - [06/Mar/2017:16:49:20 -0300] "GET /cormun/servlet/solicitudot?e1360461de27c7472cef9687852a80566d9721f460b986512703cff8239617dff4c0d61fb5e996b24604f1935efbb2b9,gx-no-cache=1488829693948 HTTP/1.1" 200 30
186.103.159.183 - - [06/Mar/2017:16:49:20 -0300] "GET /cormun/static/hpexe_messagecontroller.js?201610171694323 HTTP/1.1" 200 870
186.103.159.183 - - [06/Mar/2017:16:49:20 -0300] "GET /cormun/static/hpexe_messagepopupcomponent.js?20161017169425 HTTP/1.1" 200 605
186.103.159.183 - - [06/Mar/2017:16:49:20 -0300] "GET /cormun/static/hpexe_messagegenexuscomponent.js?201612218431816 HTTP/1.1" 200 587
186.103.159.183 - - [06/Mar/2017:16:49:20 -0300] "GET /cormun/static/SmoothNavMenu/resources/SmoothNavMenuRender.js HTTP/1.1" 200 5951
186.103.159.183 - - [06/Mar/2017:16:49:20 -0300] "GET /cormun/static/SmoothNavMenu/resources/ddsmoothmenu.js HTTP/1.1" 200 12712
186.103.159.183 - - [06/Mar/2017:16:49:20 -0300] "GET /cormun/static/scaMessage/scaMessageRender.js HTTP/1.1" 200 11977
186.103.159.183 - - [06/Mar/2017:16:49:20 -0300] "GET /cormun/static/scaMessage/js/jquery.pnotify.min.js HTTP/1.1" 200 13038
186.79.147.143 - - [06/Mar/2017:16:49:20 -0300] "POST /cormun/servlet/solicitudot?gx-no-cache=1488829694365 HTTP/1.1" 200 255
186.103.159.183 - - [06/Mar/2017:16:49:20 -0300] "GET /cormun/static/Shared/jqueryui/jquery-ui.min.js HTTP/1.1" 200 240427
186.79.147.143 - - [06/Mar/2017:16:49:20 -0300] "GET /cormun/servlet/solicitudot?e1360461de27c7472cef9687852a8056d2f6078f8e2defea1113772306e0e215e4392c410aa62bb80b8144f9ff36d6901f0a2c15f8ac10ff45d6b6095d3f4b3a17b26a085a3764d1e5634c377b30340f514d0c3f19f0cc2d75da72e3669b007549acf69c185a234de1525650310be17ef02a67a01f38827e74a885d80d6802aa2a0109bfd2c80947f8cf40dc6a3c0a8ae55e740386c80e57ec31940e8accb31d3e528876f424c1cd9f7eb74936494fdec56726b781c13859671d8542a63506fbab8955b28acb1ef5e18d1e44a5ab3ea2b823de6d74d1bfaa6911fe67c83a197fb504e69c27ed1eaa85b8282f290dad6e0900889c27bebce0efff786f7867140990f395072a8bacd8d52c14cda80f33c080c17dc03fb01ac49233cc1500bf6cb2d105dc0ee74544df08d0222d2b78d1de958c2c8bd77f40b919e6b7ffd43b951b240acb6cb419f115219a25fd4af864bf06b8e0fc10b374845dcc217035578628f82d4ba038f187c2ad7d173a856b9c0897927937cbfee4c97cea5085dc941e28,gx-no-cache=1488829694519 HTTP/1.1" 200 30
186.103.159.183 - - [06/Mar/2017:16:49:20 -0300] "GET /cormun/static/Shared/ext/ext-all.js HTTP/1.1" 200 1289687
186.103.159.183 - - [06/Mar/2017:16:49:20 -0300] "GET /cormun/static/Shared/jquery/jquery-1.10.2.min.js HTTP/1.1" 200 273199
186.103.159.183 - - [06/Mar/2017:16:49:20 -0300] "GET /cormun/static/hmpwkw03.js?20161221852152 HTTP/1.1" 200 3965
186.103.159.183 - - [06/Mar/2017:16:49:20 -0300] "GET /cormun/static/Resources/PXToolsFooterBackground2.png HTTP/1.1" 200 1172
186.103.159.183 - - [06/Mar/2017:16:49:20 -0300] "GET /cormun/static/Resources/PXToolsHeaderActionsBackground.png HTTP/1.1" 200 484
186.103.159.183 - - [06/Mar/2017:16:49:21 -0300] "GET /cormun/static/Resources/PXToolsDataTitle.png HTTP/1.1" 200 1173
186.103.159.183 - - [06/Mar/2017:16:49:21 -0300] "GET /cormun/static/Resources/logo4.png HTTP/1.1" 200 6582
186.103.159.183 - - [06/Mar/2017:16:49:21 -0300] "GET /cormun/static/Resources/PXToolsHeaderActionsLeft.png HTTP/1.1" 200 1118
186.103.159.183 - - [06/Mar/2017:16:49:21 -0300] "GET /cormun/static/Resources/PXToolsHeaderHome.png HTTP/1.1" 200 4147
186.103.159.183 - - [06/Mar/2017:16:49:21 -0300] "GET /cormun/static/Resources/PXToolsHeaderLogin.png HTTP/1.1" 200 4279
186.103.159.183 - - [06/Mar/2017:16:49:21 -0300] "GET /cormun/static/Resources/PXToolsHeaderPreferences.png HTTP/1.1" 200 4189
186.103.159.183 - - [06/Mar/2017:16:49:21 -0300] "GET /cormun/static/Resources/PXToolsHeaderSecurity.png HTTP/1.1" 200 4166
186.103.159.183 - - [06/Mar/2017:16:49:21 -0300] "GET /cormun/static/Resources/PXToolsHeaderActionsRight.png HTTP/1.1" 200 1201
186.103.159.183 - - [06/Mar/2017:16:49:21 -0300] "GET /cormun/static/Resources/PXToolsHeaderBackground2.png HTTP/1.1" 200 1174
186.103.159.183 - - [06/Mar/2017:16:49:21 -0300] "GET /cormun/static/SmoothNavMenu/resources/images/down.gif HTTP/1.1" 200 854
186.103.159.183 - - [06/Mar/2017:16:49:21 -0300] "GET /cormun/static/SmoothNavMenu/resources/images/right.gif HTTP/1.1" 200 860
186.103.159.183 - - [06/Mar/2017:16:49:21 -0300] "GET /cormun/servlet/hhome HTTP/1.1" 200 3981
186.79.147.143 - - [06/Mar/2017:16:49:29 -0300] "POST /cormun/servlet/solicitudot?gx-no-cache=1488829702668 HTTP/1.1" 200 30
186.79.147.143 - - [06/Mar/2017:16:49:32 -0300] "GET /cormun/servlet/prcontratosol?16261610,,,,,MD,,gxPopupLevel%3D0%3B HTTP/1.1" 200 5604
186.79.147.143 - - [06/Mar/2017:16:49:37 -0300] "POST /cormun/servlet/solicitudot?gx-no-cache=1488829710833 HTTP/1.1" 200 235
186.79.147.143 - - [06/Mar/2017:16:49:37 -0300] "POST /cormun/servlet/solicitudot?gx-no-cache=1488829710960 HTTP/1.1" 200 38
186.79.147.143 - - [06/Mar/2017:16:49:37 -0300] "GET /cormun/servlet/solicitudot?e1360461de27c7472cef9687852a8056c85d29b51e1f564d588fafd7674de5bf907c6d30a7560a8c0bc4888ac6a5c4556f8df43982a77cd912bc38adbe4124ac808adaedcc78124c21dcca15bcd7499042f1f65eb5caa1d065033a4ceb4ae0350dd89c5490de1dfa0d7fc8524523f75696a7b6bc9663d8a9ad3e059ed6347f6afb53497438da4219c5efc840c349eb4c94a37476e79111ebf10de073a9856219,gx-no-cache=1488829711061 HTTP/1.1" 200 29
186.79.147.143 - - [06/Mar/2017:16:49:37 -0300] "POST /cormun/servlet/solicitudot?gx-no-cache=1488829711143 HTTP/1.1" 200 643
186.79.147.143 - - [06/Mar/2017:16:49:37 -0300] "POST /cormun/servlet/solicitudot?gx-no-cache=1488829711242 HTTP/1.1" 200 518
192.168.10.96 - - [06/Mar/2017:16:49:38 -0300] "GET /cormun/servlet/trconsultaempleado? HTTP/1.1" 200 6528
192.168.10.96 - - [06/Mar/2017:16:49:38 -0300] "GET /cormun/servlet/trconsultaempleado? HTTP/1.1" 200 6527
186.79.147.143 - - [06/Mar/2017:16:49:38 -0300] "GET /cormun/servlet/prsolicitudot?16261610,,,,,MD,,gxPopupLevel%3D0%3B HTTP/1.1" 200 5914
186.79.147.143 - - [06/Mar/2017:16:49:45 -0300] "POST /cormun/servlet/solicitudot?gx-no-cache=1488829719542 HTTP/1.1" 200 656
186.79.147.143 - - [06/Mar/2017:16:49:46 -0300] "POST /cormun/servlet/solicitudot?gx-no-cache=1488829719715 HTTP/1.1" 200 38
186.103.159.183 - - [06/Mar/2017:16:49:46 -0300] "GET /cormun/servlet/trsolicitudot? HTTP/1.1" 200 6957
186.79.147.143 - - [06/Mar/2017:16:49:46 -0300] "POST /cormun/servlet/solicitudot?gx-no-cache=1488829719855 HTTP/1.1" 200 643
186.103.159.183 - - [06/Mar/2017:16:49:46 -0300] "GET /cormun/static/gxui/gxui-all.css?120300 HTTP/1.1" 200 2179
186.103.159.183 - - [06/Mar/2017:16:49:46 -0300] "GET /cormun/static/calendar-system.css?85620 HTTP/1.1" 200 5572
186.103.159.183 - - [06/Mar/2017:16:49:46 -0300] "GET /cormun/static/gxcfg.js?20171191044697 HTTP/1.1" 200 953
186.103.159.183 - - [06/Mar/2017:16:49:46 -0300] "GET /cormun/static/calendar-setup.js?85251 HTTP/1.1" 200 2588
186.79.147.143 - - [06/Mar/2017:16:49:46 -0300] "POST /cormun/servlet/solicitudot?gx-no-cache=1488829720012 HTTP/1.1" 200 518
186.103.159.183 - - [06/Mar/2017:16:49:46 -0300] "GET /cormun/static/calendar.js?85251 HTTP/1.1" 200 26246
186.103.159.183 - - [06/Mar/2017:16:49:46 -0300] "GET /cormun/static/calendar-es.js?85251 HTTP/1.1" 200 1901
186.103.159.183 - - [06/Mar/2017:16:49:46 -0300] "GET /cormun/static/gxdec.js?85251 HTTP/1.1" 200 19579
186.103.159.183 - - [06/Mar/2017:16:49:46 -0300] "GET /cormun/static/trsolicitudot.js?20171191045625 HTTP/1.1" 200 53117
186.103.159.183 - - [06/Mar/2017:16:49:46 -0300] "GET /cormun/static/Shared/ext/resources/css/ext-all.css?215870 HTTP/1.1" 200 416045
186.103.159.183 - - [06/Mar/2017:16:49:46 -0300] "GET /cormun/static/Resources/PXTools/calendar.png HTTP/1.1" 200 1306
186.103.159.183 - - [06/Mar/2017:16:49:46 -0300] "GET /cormun/static/Resources/PXToolsGridNew.png HTTP/1.1" 200 2949
186.103.159.183 - - [06/Mar/2017:16:49:47 -0300] "GET /cormun/static/Resources/PXToolsDataSearch.png HTTP/1.1" 200 419
186.103.159.183 - - [06/Mar/2017:16:49:47 -0300] "GET /cormun/static/Resources/PXToolsGridPage.gif HTTP/1.1" 200 725
186.103.159.183 - - [06/Mar/2017:16:49:47 -0300] "GET /cormun/static/Resources/PXToolsGridPreviousDisabled.gif HTTP/1.1" 200 90
186.103.159.183 - - [06/Mar/2017:16:49:47 -0300] "GET /cormun/static/Resources/PXToolsGridNextDisabled.gif HTTP/1.1" 200 90
186.103.159.183 - - [06/Mar/2017:16:49:47 -0300] "GET /cormun/static/Resources/PXToolsGridLastDisabled.gif HTTP/1.1" 200 98
186.103.159.183 - - [06/Mar/2017:16:49:47 -0300] "GET /cormun/static/Resources/PXToolsGridFirstDisabled.gif HTTP/1.1" 200 100
186.103.159.183 - - [06/Mar/2017:16:49:47 -0300] "GET /cormun/static/Resources/PXToolsActionExcel.png HTTP/1.1" 200 3187
186.103.159.183 - - [06/Mar/2017:16:49:48 -0300] "GET /cormun/static/Resources/asc.gif HTTP/1.1" 200 67
186.103.159.183 - - [06/Mar/2017:16:49:48 -0300] "GET /cormun/static/Resources/desc.gif HTTP/1.1" 200 65
186.103.159.183 - - [06/Mar/2017:16:49:48 -0300] "GET /cormun/static/Shared/ext/resources/themes/images/default/panel/bg-headersPanel.png HTTP/1.1" 200 255
186.103.159.183 - - [06/Mar/2017:16:49:48 -0300] "GET /cormun/static/Shared/ext/resources/themes/images/default/tools/tool-sprites.gif HTTP/1.1" 200 5434
186.103.159.183 - - [06/Mar/2017:16:49:48 -0300] "GET /cormun/servlet/trsolicitudot? HTTP/1.1" 200 6956
186.103.159.183 - - [06/Mar/2017:16:49:49 -0300] "GET /cormun/servlet/solicitudot?INS,0,0, HTTP/1.1" 200 12785
186.103.159.183 - - [06/Mar/2017:16:49:50 -0300] "GET /cormun/static/gxcfg.js?20171191042720 HTTP/1.1" 200 953
186.103.159.183 - - [06/Mar/2017:16:49:50 -0300] "GET /cormun/static/Resources/prompt.gif HTTP/1.1" 200 902
186.103.159.183 - - [06/Mar/2017:16:49:50 -0300] "GET /cormun/static/solicitudot.js?2017119104297 HTTP/1.1" 200 63948
186.103.159.183 - - [06/Mar/2017:16:49:51 -0300] "GET /cormun/servlet/solicitudot?INS,0,0, HTTP/1.1" 200 12790
186.79.147.143 - - [06/Mar/2017:16:49:56 -0300] "POST /cormun/servlet/solicitudot?gx-no-cache=1488829730043 HTTP/1.1" 200 643
186.79.147.143 - - [06/Mar/2017:16:49:56 -0300] "POST /cormun/servlet/solicitudot?gx-no-cache=1488829730178 HTTP/1.1" 200 518
186.79.147.143 - - [06/Mar/2017:16:49:56 -0300] "GET /cormun/servlet/solicitudot?e1360461de27c7472cef9687852a8056cbec07f807e08dec0780487df9fcdf2577ebf12d2f4750bd799290587b490457f40c4396231ca8b76840de6fdb9c17ff016bd217e5fe1b2b33fb8bdffda1e87b433f8c9d37c5aef97c8dc32e46b9bb87456f977a4c0fd15c11297bb441bdbee0e041b2d746fe29c64f7664b29ea31f4d2421bd10fcc96c041cf2da0ce2cce6c6e1b91009c7a95884ff3bb7c58c4791b4eaeee6ad4b3fb617ecb4a2e2529a7cdf,gx-no-cache=1488829730310 HTTP/1.1" 200 30
186.103.159.183 - - [06/Mar/2017:16:50:05 -0300] "POST /cormun/servlet/solicitudot?gx-no-cache=1488829877475 HTTP/1.1" 200 3081
186.103.159.183 - - [06/Mar/2017:16:50:05 -0300] "POST /cormun/servlet/solicitudot?bc41ad5f03618bf1647dc15c57e703a1,INS,0,0,,gx-no-cache=1488829877771 HTTP/1.1" 200 9864
186.79.147.143 - - [06/Mar/2017:16:50:07 -0300] "POST /cormun/servlet/solicitudot?5b67e4108afe0afc6073ca936cae3991,INS,0,0,,gx-no-cache=1488829740387 HTTP/1.1" 200 93
186.79.147.143 - - [06/Mar/2017:16:50:07 -0300] "GET /cormun/servlet/hpexe_return? HTTP/1.1" 200 1005
186.79.147.143 - - [06/Mar/2017:16:50:07 -0300] "GET /cormun/servlet/trsolicitudot HTTP/1.1" 200 8468
186.79.147.143 - - [06/Mar/2017:16:50:09 -0300] "GET /cormun/servlet/trsolicitudot HTTP/1.1" 200 8463
186.103.159.183 - - [06/Mar/2017:16:50:10 -0300] "GET /cormun/servlet/solicitudot?f04e885f65d1dfc39eb5fd34dbc6c72069087cb8f97e3bace44c4bbe503ee40732f4f4053cdff1a4c6975ec8bcd40268,gx-no-cache=1488829882888 HTTP/1.1" 200 30
186.79.147.143 - - [06/Mar/2017:16:50:13 -0300] "GET /cormun/servlet/solicitudot?INS,0,0, HTTP/1.1" 200 12589
186.79.147.143 - - [06/Mar/2017:16:50:15 -0300] "GET /cormun/servlet/solicitudot?INS,0,0, HTTP/1.1" 200 12594
186.79.147.143 - - [06/Mar/2017:16:50:24 -0300] "GET /cormun/servlet/prfichaempleado?,MD,,gxPopupLevel%3D0%3B HTTP/1.1" 200 8842
192.168.10.89 - - [06/Mar/2017:16:50:28 -0300] "POST /cormun/servlet/trsolicitudgral?ebb55a6bbb3ef19d0d6218ea0569e38b,gx-no-cache=1488832697606,gx-no-cache=1488833112692 HTTP/1.1" 200 7005
192.168.10.89 - - [06/Mar/2017:16:50:33 -0300] "POST /cormun/servlet/trsolicitudgral?ebb55a6bbb3ef19d0d6218ea0569e38b,gx-no-cache=1488832697606,gx-no-cache=1488833117830 HTTP/1.1" 200 115
192.168.10.89 - - [06/Mar/2017:16:50:33 -0300] "GET /cormun/servlet/solicitudotlog?INS,2017,4981,0,REC, HTTP/1.1" 200 6181
186.79.147.143 - - [06/Mar/2017:16:50:34 -0300] "POST /cormun/servlet/prfichaempleado?5b67e4108afe0afc6073ca936cae3991,,MD,,gxPopupLevel%3D0%3B,gx-no-cache=1488829768273 HTTP/1.1" 200 3394
192.168.10.89 - - [06/Mar/2017:16:50:35 -0300] "GET /cormun/servlet/solicitudotlog?3f8d4cdaf2e9d0a25ce2f9905a675701b95bf23818c11ec032270dda1dcadfe97f4f0f0ac616b56612ede88abd1826d5f026852352d901cb5f1179591b61ffe3c3d03dc316c6b0fd19f3082467246d951ad133be23fadefa969e3e806c093aac91eec9bbd07719a69112c71026f9d06c6359cbca53aaadaa8f5aff01148dc4b14d2d6a41dcea3b4cc41838d4771fd4f75499dd17e2126e51647a0914b49d45a0,gx-no-cache=1488833120256 HTTP/1.1" 200 94
192.168.10.89 - - [06/Mar/2017:16:50:38 -0300] "POST /cormun/servlet/solicitudotlog?ebb55a6bbb3ef19d0d6218ea0569e38b,INS,2017,4981,0,REC,,gx-no-cache=1488833123083 HTTP/1.1" 200 93
192.168.10.89 - - [06/Mar/2017:16:50:38 -0300] "GET /cormun/servlet/hpexe_return? HTTP/1.1" 200 1042
192.168.10.89 - - [06/Mar/2017:16:50:40 -0300] "GET /cormun/servlet/trsolicitudgral?gx-no-cache=1488832697606 HTTP/1.1" 200 10017
186.79.147.143 - - [06/Mar/2017:16:50:41 -0300] "POST /cormun/servlet/solicitudot?gx-no-cache=1488829774947 HTTP/1.1" 200 3167
186.79.147.143 - - [06/Mar/2017:16:50:42 -0300] "POST /cormun/servlet/solicitudot?5b67e4108afe0afc6073ca936cae3991,INS,0,0,,gx-no-cache=1488829775452 HTTP/1.1" 200 9763
186.79.147.143 - - [06/Mar/2017:16:50:42 -0300] "GET /cormun/servlet/solicitudot?e1360461de27c7472cef9687852a8056685f6d451fb186d2e95c84747ef44ce0f4c0d61fb5e996b24604f1935efbb2b9,gx-no-cache=1488829776094 HTTP/1.1" 200 30
192.168.10.89 - - [06/Mar/2017:16:50:44 -0300] "POST /cormun/servlet/trsolicitudgral?ebb55a6bbb3ef19d0d6218ea0569e38b,gx-no-cache=1488832697606,gx-no-cache=1488833128804 HTTP/1.1" 200 115
192.168.10.89 - - [06/Mar/2017:16:50:44 -0300] "GET /cormun/servlet/solicitudotlog?INS,2017,4980,0,REC, HTTP/1.1" 200 6180
192.168.10.89 - - [06/Mar/2017:16:50:46 -0300] "GET /cormun/servlet/solicitudotlog?3f8d4cdaf2e9d0a25ce2f9905a675701065ad47d004bf753d05329a21e237a367f4f0f0ac616b56612ede88abd1826d5f026852352d901cb5f1179591b61ffe3c3d03dc316c6b0fd19f3082467246d951ad133be23fadefa969e3e806c093aac91eec9bbd07719a69112c71026f9d06c6359cbca53aaadaa8f5aff01148dc4b14d2d6a41dcea3b4cc41838d4771fd4f75499dd17e2126e51647a0914b49d45a0,gx-no-cache=1488833131329 HTTP/1.1" 200 94
186.79.147.143 - - [06/Mar/2017:16:50:47 -0300] "POST /cormun/servlet/solicitudot?gx-no-cache=1488829780980 HTTP/1.1" 200 255
186.79.147.143 - - [06/Mar/2017:16:50:47 -0300] "GET /cormun/servlet/solicitudot?e1360461de27c7472cef9687852a8056d2f6078f8e2defea1113772306e0e215e4392c410aa62bb80b8144f9ff36d6901f0a2c15f8ac10ff45d6b6095d3f4b3a17b26a085a3764d1e5634c377b30340f514d0c3f19f0cc2d75da72e3669b007549acf69c185a234de1525650310be17ef02a67a01f38827e74a885d80d6802aa2a0109bfd2c80947f8cf40dc6a3c0a8ae55e740386c80e57ec31940e8accb31d3e528876f424c1cd9f7eb74936494fdec56726b781c13859671d8542a63506fbab8955b28acb1ef5e18d1e44a5ab3ea2b823de6d74d1bfaa6911fe67c83a197fb504e69c27ed1eaa85b8282f290dad6e0900889c27bebce0efff786f7867140990f395072a8bacd8d52c14cda80f33c080c17dc03fb01ac49233cc1500bf6cb2d105dc0ee74544df08d0222d2b78d1de958c2c8bd77f40b919e6b7ffd43b951b240acb6cb419f115219a25fd4af864bf06b8e0fc10b374845dcc217035578628f82d4ba038f187c2ad7d173a856b9c0897927937cbfee4c97cea5085dc941e28,gx-no-cache=1488829781108 HTTP/1.1" 200 30
192.168.10.89 - - [06/Mar/2017:16:50:50 -0300] "POST /cormun/servlet/solicitudotlog?ebb55a6bbb3ef19d0d6218ea0569e38b,INS,2017,4980,0,REC,,gx-no-cache=1488833134594 HTTP/1.1" 200 93
192.168.10.89 - - [06/Mar/2017:16:50:50 -0300] "GET /cormun/servlet/hpexe_return? HTTP/1.1" 200 1042
186.79.147.143 - - [06/Mar/2017:16:50:51 -0300] "POST /cormun/servlet/solicitudot?gx-no-cache=1488829784788 HTTP/1.1" 200 30
192.168.10.89 - - [06/Mar/2017:16:50:51 -0300] "GET /cormun/servlet/trsolicitudgral?gx-no-cache=1488832697606 HTTP/1.1" 200 8719
186.79.147.143 - - [06/Mar/2017:16:50:55 -0300] "POST /cormun/servlet/solicitudot?gx-no-cache=1488829789153 HTTP/1.1" 200 1291
186.79.147.143 - - [06/Mar/2017:16:50:55 -0300] "POST /cormun/servlet/solicitudot?gx-no-cache=1488829789326 HTTP/1.1" 200 38
186.79.147.143 - - [06/Mar/2017:16:51:01 -0300] "GET /cormun/servlet/prsolicitudot?17134198,,,,,MD,,gxPopupLevel%3D0%3B HTTP/1.1" 200 5963
186.79.147.143 - - [06/Mar/2017:16:51:15 -0300] "POST /cormun/servlet/solicitudot?gx-no-cache=1488829809034 HTTP/1.1" 200 1291
186.79.147.143 - - [06/Mar/2017:16:51:15 -0300] "POST /cormun/servlet/solicitudot?gx-no-cache=1488829809261 HTTP/1.1" 200 38
186.79.147.143 - - [06/Mar/2017:16:51:15 -0300] "GET /cormun/servlet/solicitudot?e1360461de27c7472cef9687852a8056c85d29b51e1f564d588fafd7674de5bf907c6d30a7560a8c0bc4888ac6a5c4556f8df43982a77cd912bc38adbe4124ac808adaedcc78124c21dcca15bcd7499042f1f65eb5caa1d065033a4ceb4ae0350dd89c5490de1dfa0d7fc8524523f75696a7b6bc9663d8a9ad3e059ed6347f6afb53497438da4219c5efc840c349eb4c94a37476e79111ebf10de073a9856219,gx-no-cache=1488829809367 HTTP/1.1" 200 29
186.79.147.143 - - [06/Mar/2017:16:51:15 -0300] "POST /cormun/servlet/solicitudot?gx-no-cache=1488829809454 HTTP/1.1" 200 1274
186.79.147.143 - - [06/Mar/2017:16:51:16 -0300] "POST /cormun/servlet/solicitudot?gx-no-cache=1488829809652 HTTP/1.1" 200 1157
186.79.147.143 - - [06/Mar/2017:16:51:21 -0300] "POST /cormun/servlet/solicitudot?gx-no-cache=1488829815152 HTTP/1.1" 200 1274
186.79.147.143 - - [06/Mar/2017:16:51:21 -0300] "POST /cormun/servlet/solicitudot?gx-no-cache=1488829815349 HTTP/1.1" 200 1157
186.79.147.143 - - [06/Mar/2017:16:51:21 -0300] "GET /cormun/servlet/solicitudot?e1360461de27c7472cef9687852a8056cc3463548d544d6093556f26233a6bd7f73f90fe9e46a6afe819c8dfbb269290f40c4396231ca8b76840de6fdb9c17ff016bd217e5fe1b2b33fb8bdffda1e87b433f8c9d37c5aef97c8dc32e46b9bb87456f977a4c0fd15c11297bb441bdbee0e041b2d746fe29c64f7664b29ea31f4d2421bd10fcc96c041cf2da0ce2cce6c6e1b91009c7a95884ff3bb7c58c4791b4f62d2ea4be1b33b0e6df1fdeefd8aa2d,gx-no-cache=1488829815546 HTTP/1.1" 200 30
186.79.147.143 - - [06/Mar/2017:16:51:36 -0300] "POST /cormun/servlet/solicitudot?gx-no-cache=1488829829671 HTTP/1.1" 200 1274
186.79.147.143 - - [06/Mar/2017:16:51:36 -0300] "POST /cormun/servlet/solicitudot?gx-no-cache=1488829829878 HTTP/1.1" 200 1157
186.79.147.143 - - [06/Mar/2017:16:51:36 -0300] "GET /cormun/servlet/solicitudot?e1360461de27c7472cef9687852a8056cc3463548d544d6093556f26233a6bd7f73f90fe9e46a6afe819c8dfbb269290f40c4396231ca8b76840de6fdb9c17ff016bd217e5fe1b2b33fb8bdffda1e87b433f8c9d37c5aef97c8dc32e46b9bb87456f977a4c0fd15c11297bb441bdbee0e041b2d746fe29c64f7664b29ea31f4d2421bd10fcc96c041cf2da0ce2cce6c6e1b91009c7a95884ff3bb7c58c4791b4f62d2ea4be1b33b0e6df1fdeefd8aa2d,gx-no-cache=1488829830077 HTTP/1.1" 200 30
186.79.147.143 - - [06/Mar/2017:16:51:37 -0300] "POST /cormun/servlet/solicitudot?5b67e4108afe0afc6073ca936cae3991,INS,0,0,,gx-no-cache=1488829830187 HTTP/1.1" 200 93
186.79.147.143 - - [06/Mar/2017:16:51:37 -0300] "GET /cormun/servlet/hpexe_return? HTTP/1.1" 200 1005
186.79.147.143 - - [06/Mar/2017:16:51:37 -0300] "GET /cormun/servlet/trsolicitudot HTTP/1.1" 200 8775
186.79.147.143 - - [06/Mar/2017:16:51:39 -0300] "GET /cormun/servlet/trsolicitudot HTTP/1.1" 200 8771
186.103.159.183 - - [06/Mar/2017:16:52:18 -0300] "POST /cormun/servlet/solicitudot?gx-no-cache=1488830010733 HTTP/1.1" 200 297
186.103.159.183 - - [06/Mar/2017:16:52:18 -0300] "GET /cormun/servlet/solicitudot?f04e885f65d1dfc39eb5fd34dbc6c72061edc264614981494256df878d0d4149d784326af2fbdcb91ce2bc4553ab17fde2ed5f6b738d04e00764eeda08e519c57617bc144966132a3b6ec7e8b4c071a344dbc3d8268196b18e5861c7ec7be38fb13db568fb88548fac2e2e63fcd854d86d056de3dd71b6a076ffc59b2bd2d3c4514a87e622f9ef62ec49d53088db8fd41462033c0c0395dc66d1f2b3282d9b32a09d30e875136ed22c0bce47bfe5145e3423c73ac0f8af3c33793f03f9adbe6514390ab9885d333b140b73088241c5b94b1dbd662078eb9f47568782a3c8a6c9d0b519fd5756e056991fa2aefbc53a055a84adc16e2b7f0c8f01e20704a00f23fb6beb7a3f885e55d54d583ac1e66e160efc7624df68aaab5d4359395011715bdb8b2ba98daa106849a2a1a129e71d10adfa01e5144c48df56eda1c84407ced33a6a2c6bebb38e393439d2132184c16c95abebbe31bf1eede3b6dcf41af983c437e7533162c261a16c27c3839f9c9c3824e8f77008f1add4448f1edfd96d68f6bd9fa722a43c7a8843176496bf99fda0,gx-no-cache=1488830010870 HTTP/1.1" 200 30
186.103.159.183 - - [06/Mar/2017:16:52:21 -0300] "POST /cormun/servlet/solicitudot?gx-no-cache=1488830013111 HTTP/1.1" 200 30
186.103.159.183 - - [06/Mar/2017:16:52:23 -0300] "POST /cormun/servlet/solicitudot?gx-no-cache=1488830015695 HTTP/1.1" 200 235
186.103.159.183 - - [06/Mar/2017:16:52:23 -0300] "POST /cormun/servlet/solicitudot?gx-no-cache=1488830015871 HTTP/1.1" 200 38
192.168.10.89 - - [06/Mar/2017:16:52:31 -0300] "POST /cormun/servlet/trsolicitudgral?ebb55a6bbb3ef19d0d6218ea0569e38b,gx-no-cache=1488832697606,gx-no-cache=1488833235567 HTTP/1.1" 200 5410
186.103.159.183 - - [06/Mar/2017:16:52:33 -0300] "GET /cormun/servlet/solicitudot?f04e885f65d1dfc39eb5fd34dbc6c720c4b025ffcd51e8430766a5d195349a0c8d23cde0da7618431a889dc2170a15cf3a44dd76e249251e126c2088fe5a823a1bd5241c7aba8a7b8f5d3e5f7d506a568532ed1da4c41f4a44dd0d8d4903a99c875992f7077180ae5cde16c9901142f7,gx-no-cache=1488830024928 HTTP/1.1" 200 29
186.103.159.183 - - [06/Mar/2017:16:52:33 -0300] "POST /cormun/servlet/solicitudot?gx-no-cache=1488830025030 HTTP/1.1" 200 643
186.103.159.183 - - [06/Mar/2017:16:52:33 -0300] "POST /cormun/servlet/solicitudot?gx-no-cache=1488830025838 HTTP/1.1" 200 1157
192.168.10.89 - - [06/Mar/2017:16:52:35 -0300] "POST /cormun/servlet/trsolicitudgral?ebb55a6bbb3ef19d0d6218ea0569e38b,gx-no-cache=1488832697606,gx-no-cache=1488833240399 HTTP/1.1" 200 5410
186.103.159.183 - - [06/Mar/2017:16:52:42 -0300] "GET /cormun/static/menuarrow.gif HTTP/1.1" 404 1015
186.103.159.183 - - [06/Mar/2017:16:52:53 -0300] "GET /cormun/servlet/solicitudot?f04e885f65d1dfc39eb5fd34dbc6c720eb2ad3531d043e75776899733750d71cc9c8ea93c6891acdd41fa547af96b015aa34d317f31984900ed7f7b197bedf7528786426e1bc66a63b4d62ebc081e17bbafe0acb2f0836291dbc6b290674b338d79831148f3dde911f6df9c1f28216bd62e44fc243f2037cfb0e3ca974757b6077e3721fdc6acfb3336bd9aed5a83886973ab89315cc9f912bfaf895e09c8824179b286ebc55141a2855dc1c64f37312,gx-no-cache=1488830045228 HTTP/1.1" 200 30
186.79.31.196 - - [06/Mar/2017:16:53:06 -0300] "GET /cormun/servlet/solicitudot?INS,0,0, HTTP/1.1" 200 12577
186.79.31.196 - - [06/Mar/2017:16:53:06 -0300] "GET /cormun/static/calendar-system.css?85620 HTTP/1.1" 304 -
186.79.31.196 - - [06/Mar/2017:16:53:06 -0300] "GET /cormun/static/Resources/Spanish/PXTools.css?18365030 HTTP/1.1" 304 -
186.79.31.196 - - [06/Mar/2017:16:53:06 -0300] "GET /cormun/static/Shared/jqueryui/jquery-ui.min.css?1345370 HTTP/1.1" 304 -
186.79.31.196 - - [06/Mar/2017:16:53:06 -0300] "GET /cormun/static/SmoothNavMenu/resources/ddsmoothmenu.css?1112540 HTTP/1.1" 304 -
186.79.31.196 - - [06/Mar/2017:16:53:06 -0300] "GET /cormun/static/SmoothNavMenu/resources/ddsmoothmenu-v.css?1112540 HTTP/1.1" 304 -
186.79.31.196 - - [06/Mar/2017:16:53:06 -0300] "GET /cormun/static/scaMessage/css/jquery.pnotify.default.css?1816380 HTTP/1.1" 304 -
186.79.31.196 - - [06/Mar/2017:16:53:06 -0300] "GET /cormun/static/gxtimezone.js?85251 HTTP/1.1" 304 -
186.79.31.196 - - [06/Mar/2017:16:53:06 -0300] "GET /cormun/static/gxgral.js?85251 HTTP/1.1" 304 -
186.79.31.196 - - [06/Mar/2017:16:53:06 -0300] "GET /cormun/static/gxcfg.js?20171191042720 HTTP/1.1" 304 -
186.79.31.196 - - [06/Mar/2017:16:53:06 -0300] "GET /cormun/static/calendar.js?85251 HTTP/1.1" 304 -
186.79.31.196 - - [06/Mar/2017:16:53:06 -0300] "GET /cormun/static/calendar-es.js?85251 HTTP/1.1" 304 -
186.79.31.196 - - [06/Mar/2017:16:53:06 -0300] "GET /cormun/static/RunJS/RunJS.js HTTP/1.1" 304 -
186.79.31.196 - - [06/Mar/2017:16:53:06 -0300] "GET /cormun/static/PXToolsJavascripts/pexe_autoreload.js HTTP/1.1" 304 -
186.79.31.196 - - [06/Mar/2017:16:53:06 -0300] "GET /cormun/static/PXToolsJavascripts/pexe_cookies.js HTTP/1.1" 304 -
186.79.31.196 - - [06/Mar/2017:16:53:06 -0300] "GET /cormun/static/PXToolsJavascripts/pexe_windows.js HTTP/1.1" 304 -
186.79.31.196 - - [06/Mar/2017:16:53:06 -0300] "GET /cormun/static/PXToolsJavascripts/pexe_grid.js HTTP/1.1" 304 -
186.79.31.196 - - [06/Mar/2017:16:53:06 -0300] "GET /cormun/static/PXToolsJavascripts/pexe_griddivfix.js HTTP/1.1" 304 -
186.79.31.196 - - [06/Mar/2017:16:53:06 -0300] "GET /cormun/static/PXToolsJavascripts/pexe_link.js HTTP/1.1" 304 -
186.79.31.196 - - [06/Mar/2017:16:53:07 -0300] "GET /cormun/static/PXToolsJavascripts/pexe_menudivfix.js HTTP/1.1" 304 -
186.79.31.196 - - [06/Mar/2017:16:53:07 -0300] "GET /cormun/static/PXToolsJavascripts/pexe_menus.js HTTP/1.1" 304 -
186.79.31.196 - - [06/Mar/2017:16:53:07 -0300] "GET /cormun/static/PXToolsJavascripts/pexe_layers.js HTTP/1.1" 304 -
186.79.31.196 - - [06/Mar/2017:16:53:07 -0300] "GET /cormun/static/PXToolsJavascripts/pexe_oav.js HTTP/1.1" 304 -
186.79.31.196 - - [06/Mar/2017:16:53:07 -0300] "GET /cormun/static/PXToolsJavascripts/pexe_oavdivfix.js HTTP/1.1" 304 -
186.79.31.196 - - [06/Mar/2017:16:53:07 -0300] "GET /cormun/static/PXToolsJavascripts/pexe_picture.js HTTP/1.1" 304 -
186.79.31.196 - - [06/Mar/2017:16:53:07 -0300] "GET /cormun/static/PXToolsJavascripts/pexe_popup.js HTTP/1.1" 304 -
186.79.31.196 - - [06/Mar/2017:16:53:07 -0300] "GET /cormun/static/PXToolsJavascripts/pexe_scrolldiv.js HTTP/1.1" 304 -
186.79.31.196 - - [06/Mar/2017:16:53:07 -0300] "GET /cormun/static/PXToolsJavascripts/pexe_tabdivfix.js HTTP/1.1" 304 -
186.79.31.196 - - [06/Mar/2017:16:53:07 -0300] "GET /cormun/static/PXToolsJavascripts/pexe_tabs.js HTTP/1.1" 304 -
186.79.31.196 - - [06/Mar/2017:16:53:07 -0300] "GET /cormun/static/calendar-setup.js?85251 HTTP/1.1" 304 -
186.79.31.196 - - [06/Mar/2017:16:53:07 -0300] "GET /cormun/static/PXToolsJavascripts/pexe_upload.js HTTP/1.1" 304 -
186.79.31.196 - - [06/Mar/2017:16:53:07 -0300] "GET /cormun/static/PXToolsJavascripts/PXToolsJavascriptsRender.js HTTP/1.1" 304 -
186.79.31.196 - - [06/Mar/2017:16:53:07 -0300] "GET /cormun/static/Shared/ext/ext-all.js HTTP/1.1" 304 -
186.79.31.196 - - [06/Mar/2017:16:53:07 -0300] "GET /cormun/static/gxui/gxui-all.js HTTP/1.1" 304 -
186.79.31.196 - - [06/Mar/2017:16:53:07 -0300] "GET /cormun/static/Shared/ext/locale/ext-lang-en.js HTTP/1.1" 304 -
186.79.31.196 - - [06/Mar/2017:16:53:07 -0300] "GET /cormun/static/messages.spa.js?85251 HTTP/1.1" 304 -
186.79.31.196 - - [06/Mar/2017:16:53:07 -0300] "GET /cormun/static/gxdec.js?85251 HTTP/1.1" 304 -
186.79.31.196 - - [06/Mar/2017:16:53:07 -0300] "GET /cormun/static/solicitudot.js?2017119104297 HTTP/1.1" 304 -
186.79.31.196 - - [06/Mar/2017:16:53:07 -0300] "GET /cormun/static/Resources/logo4.png HTTP/1.1" 304 -
186.79.31.196 - - [06/Mar/2017:16:53:07 -0300] "GET /cormun/static/Resources/PXToolsHeaderLogin.png HTTP/1.1" 304 -
186.79.31.196 - - [06/Mar/2017:16:53:07 -0300] "GET /cormun/static/Resources/PXToolsHeaderActionsBackground.png HTTP/1.1" 304 -
186.79.31.196 - - [06/Mar/2017:16:53:07 -0300] "GET /cormun/static/Resources/PXToolsHeaderActionsRight.png HTTP/1.1" 304 -
186.79.31.196 - - [06/Mar/2017:16:53:07 -0300] "GET /cormun/static/Resources/prompt.gif HTTP/1.1" 304 -
186.79.31.196 - - [06/Mar/2017:16:53:07 -0300] "GET /cormun/static/Resources/PXToolsHeaderActionsLeft.png HTTP/1.1" 304 -
186.79.31.196 - - [06/Mar/2017:16:53:07 -0300] "GET /cormun/static/Resources/PXToolsFooterBackground2.png HTTP/1.1" 304 -
186.79.31.196 - - [06/Mar/2017:16:53:07 -0300] "GET /cormun/static/Resources/PXToolsHeaderSecurity.png HTTP/1.1" 304 -
186.79.31.196 - - [06/Mar/2017:16:53:07 -0300] "GET /cormun/static/Resources/PXToolsHeaderPreferences.png HTTP/1.1" 304 -
186.79.31.196 - - [06/Mar/2017:16:53:07 -0300] "GET /cormun/static/Resources/PXToolsHeaderHome.png HTTP/1.1" 304 -
186.79.31.196 - - [06/Mar/2017:16:53:07 -0300] "GET /cormun/static/hwchdr01.js?201612218432057 HTTP/1.1" 304 -
186.79.31.196 - - [06/Mar/2017:16:53:07 -0300] "GET /cormun/static/hpexe_recentlink.js?201610171694390 HTTP/1.1" 304 -
186.79.31.196 - - [06/Mar/2017:16:53:07 -0300] "GET /cormun/static/hpexe_scripts.js?201612218432016 HTTP/1.1" 304 -
186.79.31.196 - - [06/Mar/2017:16:53:07 -0300] "GET /cormun/static/hpexe_messagecontroller.js?201610171694323 HTTP/1.1" 304 -
186.79.31.196 - - [06/Mar/2017:16:53:07 -0300] "GET /cormun/static/hpexe_messagepopupcomponent.js?20161017169425 HTTP/1.1" 304 -
186.79.31.196 - - [06/Mar/2017:16:53:07 -0300] "GET /cormun/static/hpexe_messagegenexuscomponent.js?201612218431816 HTTP/1.1" 304 -
186.79.31.196 - - [06/Mar/2017:16:53:07 -0300] "GET /cormun/static/cmcontrolpreferences.js?201612218431999 HTTP/1.1" 304 -
186.79.31.196 - - [06/Mar/2017:16:53:07 -0300] "GET /cormun/static/Shared/jquery/jquery-1.4.2.min.js HTTP/1.1" 304 -
186.79.31.196 - - [06/Mar/2017:16:53:07 -0300] "GET /cormun/static/Shared/jquery/jquery-1.10.2.min.js HTTP/1.1" 304 -
186.79.31.196 - - [06/Mar/2017:16:53:07 -0300] "GET /cormun/static/Shared/jqueryui/jquery-ui.min.js HTTP/1.1" 304 -
186.79.31.196 - - [06/Mar/2017:16:53:07 -0300] "GET /cormun/static/SmoothNavMenu/resources/ddsmoothmenu.js HTTP/1.1" 304 -
186.79.31.196 - - [06/Mar/2017:16:53:08 -0300] "GET /cormun/static/SmoothNavMenu/resources/SmoothNavMenuRender.js HTTP/1.1" 304 -
186.79.31.196 - - [06/Mar/2017:16:53:08 -0300] "GET /cormun/static/scaMessage/js/jquery.pnotify.min.js HTTP/1.1" 304 -
186.79.31.196 - - [06/Mar/2017:16:53:08 -0300] "GET /cormun/static/scaMessage/scaMessageRender.js HTTP/1.1" 304 -
186.79.31.196 - - [06/Mar/2017:16:53:08 -0300] "GET /cormun/static/hmpwkw03.js?20161221852152 HTTP/1.1" 304 -
186.79.31.196 - - [06/Mar/2017:16:53:08 -0300] "GET /cormun/static/Resources/PXTools/calendar.png HTTP/1.1" 304 -
186.79.31.196 - - [06/Mar/2017:16:53:08 -0300] "GET /cormun/static/Resources/PXToolsButtonLeft21.png HTTP/1.1" 304 -
186.79.31.196 - - [06/Mar/2017:16:53:08 -0300] "GET /cormun/static/Resources/PXToolsButtonRight21.png HTTP/1.1" 304 -
186.79.31.196 - - [06/Mar/2017:16:53:08 -0300] "GET /cormun/static/Resources/PXToolsButtonBackground2.png HTTP/1.1" 304 -
186.79.31.196 - - [06/Mar/2017:16:53:09 -0300] "GET /cormun/servlet/solicitudot?INS,0,0, HTTP/1.1" 200 12593
186.79.31.196 - - [06/Mar/2017:16:53:09 -0300] "GET /cormun/static/Resources/indicator.gif HTTP/1.1" 304 -
186.79.31.196 - - [06/Mar/2017:16:53:09 -0300] "GET /cormun/static/SmoothNavMenu/resources/images/down.gif HTTP/1.1" 304 -
186.103.159.183 - - [06/Mar/2017:16:53:13 -0300] "POST /cormun/servlet/solicitudot?gx-no-cache=1488830065155 HTTP/1.1" 200 30
186.103.159.183 - - [06/Mar/2017:16:53:15 -0300] "POST /cormun/servlet/solicitudot?gx-no-cache=1488830067885 HTTP/1.1" 200 1287
186.103.159.183 - - [06/Mar/2017:16:53:16 -0300] "POST /cormun/servlet/solicitudot?gx-no-cache=1488830068060 HTTP/1.1" 200 41
186.103.159.183 - - [06/Mar/2017:16:53:16 -0300] "POST /cormun/servlet/solicitudot?gx-no-cache=1488830068183 HTTP/1.1" 200 1275
186.103.159.183 - - [06/Mar/2017:16:53:16 -0300] "POST /cormun/servlet/solicitudot?gx-no-cache=1488830068276 HTTP/1.1" 200 1157
186.103.159.183 - - [06/Mar/2017:16:53:16 -0300] "GET /cormun/servlet/solicitudot?f04e885f65d1dfc39eb5fd34dbc6c720eb2ad3531d043e75776899733750d71cc9c8ea93c6891acdd41fa547af96b015aa34d317f31984900ed7f7b197bedf7528786426e1bc66a63b4d62ebc081e17bbafe0acb2f0836291dbc6b290674b338d79831148f3dde911f6df9c1f28216bd62e44fc243f2037cfb0e3ca974757b6077e3721fdc6acfb3336bd9aed5a83886973ab89315cc9f912bfaf895e09c8824179b286ebc55141a2855dc1c64f37312,gx-no-cache=1488830068367 HTTP/1.1" 200 30
186.103.159.183 - - [06/Mar/2017:16:53:16 -0300] "POST /cormun/servlet/solicitudot?bc41ad5f03618bf1647dc15c57e703a1,INS,0,0,,gx-no-cache=1488830068427 HTTP/1.1" 200 93
186.103.159.183 - - [06/Mar/2017:16:53:16 -0300] "GET /cormun/servlet/hpexe_return? HTTP/1.1" 200 1004
186.103.159.183 - - [06/Mar/2017:16:53:16 -0300] "GET /cormun/static/gxcfg.js?2016101716175148 HTTP/1.1" 200 953
186.103.159.183 - - [06/Mar/2017:16:53:16 -0300] "GET /cormun/static/hpexe_return.js?2016101716175153 HTTP/1.1" 200 1633
186.103.159.183 - - [06/Mar/2017:16:53:17 -0300] "GET /cormun/servlet/trsolicitudot HTTP/1.1" 200 8185
186.103.159.183 - - [06/Mar/2017:16:53:18 -0300] "GET /cormun//static/Resources/PXToolsGridUpdate.png HTTP/1.1" 200 2984
186.103.159.183 - - [06/Mar/2017:16:53:18 -0300] "GET /cormun//static/Resources/PXToolsGridDelete.png HTTP/1.1" 200 357
186.103.159.183 - - [06/Mar/2017:16:53:18 -0300] "GET /cormun//static/Resources/PXToolsRemoveAllAction.png HTTP/1.1" 200 3558
186.103.159.183 - - [06/Mar/2017:16:53:18 -0300] "GET /cormun//static/Resources/PXToolsActionView.png HTTP/1.1" 200 2995
186.103.159.183 - - [06/Mar/2017:16:53:18 -0300] "GET /cormun//static/Resources/PXTools/ActionInsert.png HTTP/1.1" 200 1482
186.103.159.183 - - [06/Mar/2017:16:53:18 -0300] "GET /cormun/servlet/trsolicitudot HTTP/1.1" 200 8181
186.79.31.196 - - [06/Mar/2017:16:53:19 -0300] "GET /cormun/servlet/prfichaempleado?,MD,,gxPopupLevel%3D0%3B HTTP/1.1" 200 8842
186.103.159.183 - - [06/Mar/2017:16:53:24 -0300] "POST /cormun/servlet/trsolicitudot?bc41ad5f03618bf1647dc15c57e703a1,gx-no-cache=1488830076738 HTTP/1.1" 200 106
186.103.159.183 - - [06/Mar/2017:16:53:24 -0300] "GET /cormun/servlet/trsolicitudadjuntos?2017,5229, HTTP/1.1" 200 6087
186.103.159.183 - - [06/Mar/2017:16:53:25 -0300] "GET /cormun/static/gxcfg.js?201612218531388 HTTP/1.1" 200 953
186.103.159.183 - - [06/Mar/2017:16:53:25 -0300] "GET /cormun/static/trsolicitudadjuntos.js?201612218531657 HTTP/1.1" 200 17913
186.103.159.183 - - [06/Mar/2017:16:53:26 -0300] "GET /cormun/servlet/trsolicitudadjuntos?2017,5229, HTTP/1.1" 200 6087
186.103.159.183 - - [06/Mar/2017:16:53:28 -0300] "GET /cormun/servlet/solicitudotadjuntos?INS,2017,5229,,1, HTTP/1.1" 200 6018
186.103.159.183 - - [06/Mar/2017:16:53:28 -0300] "GET /cormun/static/gxcfg.js?201612218465951 HTTP/1.1" 200 953
186.103.159.183 - - [06/Mar/2017:16:53:28 -0300] "GET /cormun/static/solicitudotadjuntos.js?201612218465969 HTTP/1.1" 200 11762
186.103.159.183 - - [06/Mar/2017:16:53:29 -0300] "GET /cormun/static/about:blank HTTP/1.1" 404 1011
186.103.159.183 - - [06/Mar/2017:16:53:29 -0300] "GET /cormun/servlet/solicitudotadjuntos?INS,2017,5229,,1, HTTP/1.1" 200 6012
186.103.159.183 - - [06/Mar/2017:16:53:30 -0300] "GET /cormun/servlet/solicitudotadjuntos?f04e885f65d1dfc39eb5fd34dbc6c72014efc0a4a84b2dc8a297620c2424dab58080777526812e424bdb618418541847,gx-no-cache=1488830082164 HTTP/1.1" 200 30
186.103.159.183 - - [06/Mar/2017:16:53:30 -0300] "POST /cormun/servlet/solicitudotadjuntos?bc41ad5f03618bf1647dc15c57e703a1,INS,2017,5229,,1,,gx-no-cache=1488830082202 HTTP/1.1" 200 3825
186.79.31.196 - - [06/Mar/2017:16:53:31 -0300] "POST /cormun/servlet/prfichaempleado?5b67e4108afe0afc6073ca936cae3991,,MD,,gxPopupLevel%3D0%3B,gx-no-cache=1488829944534 HTTP/1.1" 200 3451
186.103.159.183 - - [06/Mar/2017:16:53:32 -0300] "POST /cormun/servlet/solicitudotadjuntos?gx-no-cache=1488830084415 HTTP/1.1" 200 26
186.79.31.196 - - [06/Mar/2017:16:53:39 -0300] "POST /cormun/servlet/solicitudot?gx-no-cache=1488829953011 HTTP/1.1" 200 3188
186.79.31.196 - - [06/Mar/2017:16:53:40 -0300] "POST /cormun/servlet/solicitudot?5b67e4108afe0afc6073ca936cae3991,INS,0,0,,gx-no-cache=1488829953556 HTTP/1.1" 200 9772
186.79.31.196 - - [06/Mar/2017:16:53:40 -0300] "GET /cormun/servlet/solicitudot?e1360461de27c7472cef9687852a80569a88b71dc7d4efb08537c19025e39c56f4c0d61fb5e996b24604f1935efbb2b9,gx-no-cache=1488829954223 HTTP/1.1" 200 30
186.79.31.196 - - [06/Mar/2017:16:53:45 -0300] "POST /cormun/servlet/solicitudot?gx-no-cache=1488829958919 HTTP/1.1" 200 255
186.79.31.196 - - [06/Mar/2017:16:53:45 -0300] "GET /cormun/servlet/solicitudot?e1360461de27c7472cef9687852a8056d2f6078f8e2defea1113772306e0e215e4392c410aa62bb80b8144f9ff36d6901f0a2c15f8ac10ff45d6b6095d3f4b3a17b26a085a3764d1e5634c377b30340f514d0c3f19f0cc2d75da72e3669b007549acf69c185a234de1525650310be17ef02a67a01f38827e74a885d80d6802aa2a0109bfd2c80947f8cf40dc6a3c0a8ae55e740386c80e57ec31940e8accb31d3e528876f424c1cd9f7eb74936494fdec56726b781c13859671d8542a63506fbab8955b28acb1ef5e18d1e44a5ab3ea2b823de6d74d1bfaa6911fe67c83a197fb504e69c27ed1eaa85b8282f290dad6e0900889c27bebce0efff786f7867140990f395072a8bacd8d52c14cda80f33c080c17dc03fb01ac49233cc1500bf6cb2d105dc0ee74544df08d0222d2b78d1de958c2c8bd77f40b919e6b7ffd43b951b240acb6cb419f115219a25fd4af864bf06b8e0fc10b374845dcc217035578628f82d4ba038f187c2ad7d173a856b9c0897927937cbfee4c97cea5085dc941e28,gx-no-cache=1488829959061 HTTP/1.1" 200 30
186.79.31.196 - - [06/Mar/2017:16:53:47 -0300] "POST /cormun/servlet/solicitudot?gx-no-cache=1488829961636 HTTP/1.1" 200 30
186.79.31.196 - - [06/Mar/2017:16:53:51 -0300] "GET /cormun/servlet/prsolicitudot?14247258,,,,,MD,,gxPopupLevel%3D0%3B HTTP/1.1" 200 6072
186.103.159.183 - - [06/Mar/2017:16:53:54 -0300] "GET /cormun/servlet/solicitudotadjuntos?f04e885f65d1dfc39eb5fd34dbc6c720fbd587aa9d8929ca1005aae846e1f250,gx-no-cache=1488830105968 HTTP/1.1" 200 30
186.103.159.183 - - [06/Mar/2017:16:53:54 -0300] "GET /cormun/servlet/solicitudotadjuntos?f04e885f65d1dfc39eb5fd34dbc6c720fbd587aa9d8929ca1005aae846e1f250,gx-no-cache=1488830106007 HTTP/1.1" 200 30
186.103.159.183 - - [06/Mar/2017:16:53:55 -0300] "POST /cormun/servlet/solicitudotadjuntos?bc41ad5f03618bf1647dc15c57e703a1,INS,2017,5229,,1, HTTP/1.1" 200 116
186.103.159.183 - - [06/Mar/2017:16:53:55 -0300] "GET /cormun/servlet/hpexe_return? HTTP/1.1" 200 1024
186.103.159.183 - - [06/Mar/2017:16:53:56 -0300] "GET /cormun/servlet/trsolicitudadjuntos?2017,5229, HTTP/1.1" 200 8190
186.103.159.183 - - [06/Mar/2017:16:53:57 -0300] "GET /cormun/servlet/trsolicitudadjuntos?2017,5229, HTTP/1.1" 200 8186
186.79.31.196 - - [06/Mar/2017:16:53:59 -0300] "POST /cormun/servlet/solicitudot?gx-no-cache=1488829972519 HTTP/1.1" 200 1291
186.79.31.196 - - [06/Mar/2017:16:53:59 -0300] "POST /cormun/servlet/solicitudot?gx-no-cache=1488829973136 HTTP/1.1" 200 38
186.79.31.196 - - [06/Mar/2017:16:53:59 -0300] "GET /cormun/servlet/solicitudot?e1360461de27c7472cef9687852a8056c85d29b51e1f564d588fafd7674de5bf907c6d30a7560a8c0bc4888ac6a5c4556f8df43982a77cd912bc38adbe4124ac808adaedcc78124c21dcca15bcd7499042f1f65eb5caa1d065033a4ceb4ae0350dd89c5490de1dfa0d7fc8524523f75696a7b6bc9663d8a9ad3e059ed6347f6afb53497438da4219c5efc840c349eb4c94a37476e79111ebf10de073a9856219,gx-no-cache=1488829973296 HTTP/1.1" 200 29
186.79.31.196 - - [06/Mar/2017:16:53:59 -0300] "POST /cormun/servlet/solicitudot?gx-no-cache=1488829973425 HTTP/1.1" 200 1274
186.79.31.196 - - [06/Mar/2017:16:54:00 -0300] "POST /cormun/servlet/solicitudot?gx-no-cache=1488829973668 HTTP/1.1" 200 1157
186.79.31.196 - - [06/Mar/2017:16:54:00 -0300] "GET /cormun/servlet/prcontratosol?14247258,,,,,MD,,gxPopupLevel%3D0%3B HTTP/1.1" 200 5935
186.103.159.183 - - [06/Mar/2017:16:54:37 -0300] "GET /cormun/servlet/solicitudotadjuntos?INS,2017,5229,,1, HTTP/1.1" 200 6017
186.103.159.183 - - [06/Mar/2017:16:54:38 -0300] "GET /cormun/static/about:blank HTTP/1.1" 404 1011
186.103.159.183 - - [06/Mar/2017:16:54:38 -0300] "GET /cormun/servlet/solicitudotadjuntos?INS,2017,5229,,1, HTTP/1.1" 200 6011
186.103.159.183 - - [06/Mar/2017:16:54:39 -0300] "GET /cormun/servlet/solicitudotadjuntos?f04e885f65d1dfc39eb5fd34dbc6c72014efc0a4a84b2dc8a297620c2424dab58080777526812e424bdb618418541847,gx-no-cache=1488830151215 HTTP/1.1" 200 30
186.103.159.183 - - [06/Mar/2017:16:54:39 -0300] "POST /cormun/servlet/solicitudotadjuntos?bc41ad5f03618bf1647dc15c57e703a1,INS,2017,5229,,1,,gx-no-cache=1488830151255 HTTP/1.1" 200 3824
186.79.31.196 - - [06/Mar/2017:16:54:40 -0300] "GET /cormun/servlet/prcontratosol?14247258,,,,,MD,,gxPopupLevel%3D0%3B HTTP/1.1" 200 5935
186.79.31.196 - - [06/Mar/2017:16:54:50 -0300] "GET /cormun/servlet/prsolicitudot?14247258,,,,,MD,,gxPopupLevel%3D0%3B HTTP/1.1" 200 6072
186.103.159.183 - - [06/Mar/2017:16:54:51 -0300] "POST /cormun/servlet/solicitudotadjuntos?gx-no-cache=1488830163214 HTTP/1.1" 200 26
186.79.31.196 - - [06/Mar/2017:16:54:58 -0300] "POST /cormun/servlet/solicitudot?gx-no-cache=1488830032082 HTTP/1.1" 200 1291
186.79.31.196 - - [06/Mar/2017:16:54:58 -0300] "POST /cormun/servlet/solicitudot?gx-no-cache=1488830032363 HTTP/1.1" 200 38
186.79.31.196 - - [06/Mar/2017:16:54:58 -0300] "POST /cormun/servlet/solicitudot?gx-no-cache=1488830032476 HTTP/1.1" 200 1274
186.79.31.196 - - [06/Mar/2017:16:54:59 -0300] "POST /cormun/servlet/solicitudot?gx-no-cache=1488830032720 HTTP/1.1" 200 1157
186.103.159.183 - - [06/Mar/2017:16:55:03 -0300] "GET /cormun/servlet/solicitudotadjuntos?f04e885f65d1dfc39eb5fd34dbc6c720fbd587aa9d8929ca1005aae846e1f250,gx-no-cache=1488830174961 HTTP/1.1" 200 30
186.103.159.183 - - [06/Mar/2017:16:55:03 -0300] "GET /cormun/servlet/solicitudotadjuntos?f04e885f65d1dfc39eb5fd34dbc6c720fbd587aa9d8929ca1005aae846e1f250,gx-no-cache=1488830175044 HTTP/1.1" 200 30
186.103.159.183 - - [06/Mar/2017:16:55:05 -0300] "POST /cormun/servlet/solicitudotadjuntos?bc41ad5f03618bf1647dc15c57e703a1,INS,2017,5229,,1, HTTP/1.1" 200 116
186.103.159.183 - - [06/Mar/2017:16:55:05 -0300] "GET /cormun/servlet/hpexe_return? HTTP/1.1" 200 1024
186.103.159.183 - - [06/Mar/2017:16:55:05 -0300] "GET /cormun/servlet/trsolicitudadjuntos?2017,5229, HTTP/1.1" 200 8379
186.103.159.183 - - [06/Mar/2017:16:55:07 -0300] "GET /cormun/servlet/trsolicitudadjuntos?2017,5229, HTTP/1.1" 200 8380
186.79.31.196 - - [06/Mar/2017:16:55:08 -0300] "POST /cormun/servlet/solicitudot?gx-no-cache=1488830041710 HTTP/1.1" 200 1274
186.79.31.196 - - [06/Mar/2017:16:55:08 -0300] "POST /cormun/servlet/solicitudot?gx-no-cache=1488830041936 HTTP/1.1" 200 1157
