186.103.159.188 - - [06/Mar/2017:11:16:33 -0300] "GET /cormun/static/hmpwkw03.js?20161221852152 HTTP/1.1" 200 3965
190.101.9.138 - - [06/Mar/2017:11:16:34 -0300] "GET /cormun/static/Shared/ext/ext-all.js HTTP/1.1" 200 1289687
186.103.159.188 - - [06/Mar/2017:11:16:35 -0300] "GET /cormun/static/SmoothNavMenu/resources/images/down.gif HTTP/1.1" 200 854
186.103.159.188 - - [06/Mar/2017:11:16:35 -0300] "GET /cormun/static/SmoothNavMenu/resources/images/right.gif HTTP/1.1" 200 860
190.101.9.138 - - [06/Mar/2017:11:16:35 -0300] "GET /cormun/servlet/hhome HTTP/1.1" 200 3914
190.101.9.138 - - [06/Mar/2017:11:16:38 -0300] "GET /cormun/servlet/trautorizarsolicitud? HTTP/1.1" 200 8845
186.103.159.188 - - [06/Mar/2017:11:16:38 -0300] "GET /cormun/static/calendar-system.css?85620 HTTP/1.1" 200 5572
186.103.159.188 - - [06/Mar/2017:11:16:38 -0300] "GET /cormun/static/gxui/gxui-all.css?120300 HTTP/1.1" 200 2179
186.103.159.188 - - [06/Mar/2017:11:16:38 -0300] "GET /cormun/static/calendar-setup.js?85251 HTTP/1.1" 200 2588
186.103.159.188 - - [06/Mar/2017:11:16:38 -0300] "GET /cormun/static/gxcfg.js?2017259112829 HTTP/1.1" 200 953
186.103.159.188 - - [06/Mar/2017:11:16:38 -0300] "GET /cormun/static/calendar-es.js?85251 HTTP/1.1" 200 1901
190.101.9.138 - - [06/Mar/2017:11:16:38 -0300] "GET /cormun/static/calendar.js?85251 HTTP/1.1" 200 26246
190.101.9.138 - - [06/Mar/2017:11:16:38 -0300] "GET /cormun/static/gxdec.js?85251 HTTP/1.1" 200 19579
190.101.9.138 - - [06/Mar/2017:11:16:38 -0300] "GET /cormun/static/trautorizarsolicitud.js?2017259113483 HTTP/1.1" 200 53096
190.101.9.138 - - [06/Mar/2017:11:16:38 -0300] "GET /cormun/static/Resources/PXTools/calendar.png HTTP/1.1" 200 1306
190.101.9.138 - - [06/Mar/2017:11:16:38 -0300] "GET /cormun/static/Resources/PXToolsDataSearch.png HTTP/1.1" 200 419
190.101.9.138 - - [06/Mar/2017:11:16:38 -0300] "GET /cormun/static/Resources/PXToolsGridFirstDisabled.gif HTTP/1.1" 200 100
190.101.9.138 - - [06/Mar/2017:11:16:38 -0300] "GET /cormun/static/Resources/PXToolsGridPreviousDisabled.gif HTTP/1.1" 200 90
190.101.9.138 - - [06/Mar/2017:11:16:38 -0300] "GET /cormun/static/Shared/ext/resources/css/ext-all.css?215870 HTTP/1.1" 200 416045
190.101.9.138 - - [06/Mar/2017:11:16:38 -0300] "GET /cormun/static/Resources/PXToolsGridNextDisabled.gif HTTP/1.1" 200 90
190.101.9.138 - - [06/Mar/2017:11:16:38 -0300] "GET /cormun/static/Resources/PXToolsGridLastDisabled.gif HTTP/1.1" 200 98
190.101.9.138 - - [06/Mar/2017:11:16:38 -0300] "GET /cormun/static/Resources/PXToolsGridPage.gif HTTP/1.1" 200 725
190.101.9.138 - - [06/Mar/2017:11:16:38 -0300] "GET /cormun/static/Resources/PXToolsActionExcel.png HTTP/1.1" 200 3187
186.103.159.188 - - [06/Mar/2017:11:16:39 -0300] "GET /cormun/static/Resources/desc.gif HTTP/1.1" 200 65
186.103.159.188 - - [06/Mar/2017:11:16:39 -0300] "GET /cormun//static/Resources/PXToolsActionView.png HTTP/1.1" 200 2995
186.103.159.188 - - [06/Mar/2017:11:16:39 -0300] "GET /cormun//static/Resources/PXToolsGridDelete.png HTTP/1.1" 200 357
186.103.159.188 - - [06/Mar/2017:11:16:39 -0300] "GET /cormun//static/Resources/PXToolsRemoveAllAction.png HTTP/1.1" 200 3558
190.101.9.138 - - [06/Mar/2017:11:16:39 -0300] "GET /cormun/static/Resources/asc.gif HTTP/1.1" 200 67
186.103.159.188 - - [06/Mar/2017:11:16:39 -0300] "GET /cormun//static/Resources/PXToolsGridUpdate.png HTTP/1.1" 200 2984
186.103.159.188 - - [06/Mar/2017:11:16:39 -0300] "GET /cormun//static/Resources/PXTools/ActionInsert.png HTTP/1.1" 200 1482
190.101.9.138 - - [06/Mar/2017:11:16:39 -0300] "GET /cormun/servlet/trautorizarsolicitud? HTTP/1.1" 200 8843
186.103.159.188 - - [06/Mar/2017:11:16:39 -0300] "GET /cormun/static/Shared/ext/resources/themes/images/default/tools/tool-sprites.gif HTTP/1.1" 200 5434
190.101.9.138 - - [06/Mar/2017:11:16:39 -0300] "GET /cormun/static/Shared/ext/resources/themes/images/default/panel/bg-headersPanel.png HTTP/1.1" 200 255
186.103.157.98 - - [06/Mar/2017:11:17:25 -0300] "POST /cormun/servlet/solicitudot?gx-no-cache=1488809916025 HTTP/1.1" 200 255
186.103.159.188 - - [06/Mar/2017:11:17:26 -0300] "POST /cormun/servlet/trautorizarsolicitud?10b4d4955e23460be9fd1e367747ad6b,,gx-no-cache=1488809916754 HTTP/1.1" 200 5786
186.103.159.188 - - [06/Mar/2017:11:17:26 -0300] "GET /cormun/static/Shared/jqueryui/images/ui-bg_highlight-soft_100_c6c2c8_1x100.png HTTP/1.1" 404 1117
186.103.159.188 - - [06/Mar/2017:11:17:26 -0300] "GET /cormun/static/Shared/jqueryui/images/ui-icons_82798d_256x240.png HTTP/1.1" 404 1089
186.103.159.188 - - [06/Mar/2017:11:17:26 -0300] "GET /cormun/static/Shared/jqueryui/images/ui-bg_flat_55_fafafa_40x100.png HTTP/1.1" 404 1097
186.103.159.188 - - [06/Mar/2017:11:17:26 -0300] "GET /cormun/static/Shared/jqueryui/images/ui-icons_8d78a5_256x240.png HTTP/1.1" 404 1089
186.103.159.188 - - [06/Mar/2017:11:17:26 -0300] "POST /cormun/servlet/trautorizarsolicitud?10b4d4955e23460be9fd1e367747ad6b,,gx-no-cache=1488809917079 HTTP/1.1" 200 5730
186.103.157.98 - - [06/Mar/2017:11:17:29 -0300] "GET /cormun/servlet/solicitudot?05b09c07460c5908dd9b16790c9e18d21cabc41fb345c52da7de18c82c35d21e29da941e71814c0bbbb0e9ee29abd3d3659c70e877ee421d64bcc704a92cbca2489dbc93b7ba3bfc0470337bdd5fe979d34f6522179a1c6c9cdea8c92b18aed641cc500c11a0657b2847a31a1fe3b617c39ed30fc25ca8c298acb5346d1b2c843c6b18213dd339ca64b5ce9b668b0651bb2f9be06362dea45f1f91b1ffa91cbb44687650e505f5394da15d5461587c9a9122e027c3265ac581275786f8b7fdff3a98376c87e933309a36e7e308eeab94bc941f34e66df7a0f26ee3bef3470153a82bec5e515fbfb02cbf3bd2e44dff77d01c423f5181c27aa8c0922ab09e7103a827c428f6364bd6aba5b04b69aec00429324fcb4071aeef33c445926c758cfd567d51b0bf9ed24018a8f979b3a4ba4cf8129d54f1623e3da4b90ce96fb0f0abf9cf311a18f01372a42809a3ff6e89089ecde05aa6d0f5b1455e36abf5a0403247a862c6134bca5d61d8ff233d3831faf3a3eb2351a23d7899a2c1fc8db0e94b,gx-no-cache=1488809919142 HTTP/1.1" 200 30
186.103.159.188 - - [06/Mar/2017:11:17:30 -0300] "POST /cormun/servlet/trautorizarsolicitud?10b4d4955e23460be9fd1e367747ad6b,,gx-no-cache=1488809920699 HTTP/1.1" 200 5405
186.103.159.188 - - [06/Mar/2017:11:17:31 -0300] "POST /cormun/servlet/trautorizarsolicitud?10b4d4955e23460be9fd1e367747ad6b,,gx-no-cache=1488809921307 HTTP/1.1" 200 5348
186.103.157.98 - - [06/Mar/2017:11:17:32 -0300] "POST /cormun/servlet/solicitudot?gx-no-cache=1488809922615 HTTP/1.1" 200 30
186.103.159.188 - - [06/Mar/2017:11:17:32 -0300] "POST /cormun/servlet/trautorizarsolicitud?10b4d4955e23460be9fd1e367747ad6b,,gx-no-cache=1488809923092 HTTP/1.1" 200 4317
186.103.159.188 - - [06/Mar/2017:11:17:33 -0300] "POST /cormun/servlet/trautorizarsolicitud?10b4d4955e23460be9fd1e367747ad6b,,gx-no-cache=1488809923310 HTTP/1.1" 200 4095
186.103.157.98 - - [06/Mar/2017:11:17:34 -0300] "POST /cormun/servlet/solicitudot?gx-no-cache=1488809924539 HTTP/1.1" 200 235
186.103.157.98 - - [06/Mar/2017:11:17:34 -0300] "POST /cormun/servlet/solicitudot?gx-no-cache=1488809924600 HTTP/1.1" 200 38
186.103.157.98 - - [06/Mar/2017:11:18:21 -0300] "GET /cormun/servlet/solicitudot?05b09c07460c5908dd9b16790c9e18d2838e32b1721d17313bd2154b92ed7e055453213a234964a1c7406c783fa48884baa70bf88612ca36a553fedece972a57d424438296911fe883ac147536207c90902bcdd16abbad7c95a3b61deeae17f66e755d6866959e6fdcbb3b96e5b73fe9,gx-no-cache=1488809971568 HTTP/1.1" 200 29
186.103.157.98 - - [06/Mar/2017:11:18:21 -0300] "POST /cormun/servlet/solicitudot?gx-no-cache=1488809971621 HTTP/1.1" 200 643
186.103.157.98 - - [06/Mar/2017:11:18:22 -0300] "POST /cormun/servlet/solicitudot?gx-no-cache=1488809972777 HTTP/1.1" 200 1157
186.103.156.24 - - [06/Mar/2017:11:19:10 -0300] "GET /cormun/servlet/hlogin HTTP/1.1" 200 1721
186.103.156.24 - - [06/Mar/2017:11:19:10 -0300] "GET /cormun/static/gxtimezone.js?85251 HTTP/1.1" 304 -
186.103.156.24 - - [06/Mar/2017:11:19:10 -0300] "GET /cormun/static/gxcfg.js?201612216162538 HTTP/1.1" 304 -
186.103.156.24 - - [06/Mar/2017:11:19:10 -0300] "GET /cormun/static/messages.spa.js?85251 HTTP/1.1" 304 -
186.103.156.24 - - [06/Mar/2017:11:19:10 -0300] "GET /cormun/servlet/hlogin HTTP/1.1" 200 1731
186.103.156.24 - - [06/Mar/2017:11:19:37 -0300] "POST /cormun/servlet/hlogin?89633d538ea669b856c6bce39ed63878,gx-no-cache=1488810056730 HTTP/1.1" 200 90
186.103.156.24 - - [06/Mar/2017:11:19:37 -0300] "GET /cormun/servlet/hpexe_link HTTP/1.1" 200 957
186.103.156.24 - - [06/Mar/2017:11:19:37 -0300] "GET /cormun/static/gxcfg.js?201612218515529 HTTP/1.1" 304 -
186.103.156.24 - - [06/Mar/2017:11:19:37 -0300] "GET /cormun/servlet/hhome HTTP/1.1" 200 3963
186.103.156.24 - - [06/Mar/2017:11:19:37 -0300] "GET /cormun/static/gxcfg.js?201612218515568 HTTP/1.1" 304 -
186.103.156.24 - - [06/Mar/2017:11:19:38 -0300] "GET /cormun/servlet/hhome HTTP/1.1" 200 3960
186.103.157.235 - - [06/Mar/2017:11:19:59 -0300] "POST /cormun/servlet/trsolicitudot?670d3de748f02c51224adbede1a3da51,gx-no-cache=1488810237760 HTTP/1.1" 200 106
186.103.157.235 - - [06/Mar/2017:11:19:59 -0300] "GET /cormun/servlet/trsolicitudadjuntos?2017,5197, HTTP/1.1" 200 6055
186.103.157.235 - - [06/Mar/2017:11:19:59 -0300] "GET /cormun/static/gxcfg.js?201612218531388 HTTP/1.1" 304 -
186.103.157.235 - - [06/Mar/2017:11:20:00 -0300] "GET /cormun/servlet/trsolicitudadjuntos?2017,5197, HTTP/1.1" 200 6054
186.79.170.171 - - [06/Mar/2017:11:20:00 -0300] "GET /cormun/servlet/hlogin HTTP/1.1" 200 1721
186.79.170.171 - - [06/Mar/2017:11:20:01 -0300] "GET /cormun/static/gxtimezone.js?85251 HTTP/1.1" 304 -
186.79.170.171 - - [06/Mar/2017:11:20:01 -0300] "GET /cormun/static/gxcfg.js?201612216162538 HTTP/1.1" 304 -
186.79.170.171 - - [06/Mar/2017:11:20:01 -0300] "GET /cormun/static/messages.spa.js?85251 HTTP/1.1" 304 -
186.79.170.171 - - [06/Mar/2017:11:20:01 -0300] "GET /cormun/servlet/hlogin HTTP/1.1" 200 1731
186.103.157.235 - - [06/Mar/2017:11:20:03 -0300] "GET /cormun/servlet/solicitudotadjuntos?INS,2017,5197,,1, HTTP/1.1" 200 5984
186.103.157.235 - - [06/Mar/2017:11:20:03 -0300] "GET /cormun/static/gxcfg.js?201612218465951 HTTP/1.1" 304 -
186.103.157.235 - - [06/Mar/2017:11:20:03 -0300] "GET /cormun/static/about:blank HTTP/1.1" 404 1011
186.103.157.235 - - [06/Mar/2017:11:20:03 -0300] "GET /cormun/servlet/solicitudotadjuntos?INS,2017,5197,,1, HTTP/1.1" 200 5978
186.103.157.235 - - [06/Mar/2017:11:20:04 -0300] "GET /cormun/servlet/solicitudotadjuntos?fa5a1d2e7d952d5c618b2564cadce7f17d1d75f8cea0138c71aecedcfab3aa89c34b83decf455e8770d1b41b12c59bf0,gx-no-cache=1488810242437 HTTP/1.1" 200 30
186.103.157.235 - - [06/Mar/2017:11:20:04 -0300] "POST /cormun/servlet/solicitudotadjuntos?670d3de748f02c51224adbede1a3da51,INS,2017,5197,,1,,gx-no-cache=1488810242519 HTTP/1.1" 200 3857
186.103.157.235 - - [06/Mar/2017:11:20:07 -0300] "POST /cormun/servlet/solicitudotadjuntos?gx-no-cache=1488810246019 HTTP/1.1" 200 26
186.79.170.171 - - [06/Mar/2017:11:20:19 -0300] "POST /cormun/servlet/hlogin?0262cfd83562ddcab1989bbed655c15b,gx-no-cache=1488810089632 HTTP/1.1" 200 90
186.79.170.171 - - [06/Mar/2017:11:20:20 -0300] "GET /cormun/servlet/hpexe_link HTTP/1.1" 200 954
186.103.157.235 - - [06/Mar/2017:11:20:20 -0300] "GET /cormun/servlet/solicitudotadjuntos?fa5a1d2e7d952d5c618b2564cadce7f1b346d07222fd91726fe91a94b65b1189,gx-no-cache=1488810258298 HTTP/1.1" 200 30
186.79.170.171 - - [06/Mar/2017:11:20:20 -0300] "GET /cormun/static/gxcfg.js?201612218515529 HTTP/1.1" 304 -
186.103.157.235 - - [06/Mar/2017:11:20:20 -0300] "GET /cormun/servlet/solicitudotadjuntos?fa5a1d2e7d952d5c618b2564cadce7f1b346d07222fd91726fe91a94b65b1189,gx-no-cache=1488810258401 HTTP/1.1" 200 30
186.79.170.171 - - [06/Mar/2017:11:20:20 -0300] "GET /cormun/servlet/hhome HTTP/1.1" 200 3980
186.79.170.171 - - [06/Mar/2017:11:20:20 -0300] "GET /cormun/static/gxcfg.js?201612218515568 HTTP/1.1" 304 -
186.103.157.235 - - [06/Mar/2017:11:20:20 -0300] "POST /cormun/servlet/solicitudotadjuntos?670d3de748f02c51224adbede1a3da51,INS,2017,5197,,1, HTTP/1.1" 200 116
186.103.157.235 - - [06/Mar/2017:11:20:20 -0300] "GET /cormun/servlet/hpexe_return? HTTP/1.1" 200 1023
186.103.157.235 - - [06/Mar/2017:11:20:20 -0300] "GET /cormun/servlet/trsolicitudadjuntos?2017,5197, HTTP/1.1" 200 8168
186.79.170.171 - - [06/Mar/2017:11:20:21 -0300] "GET /cormun/servlet/hhome HTTP/1.1" 200 3976
186.103.157.235 - - [06/Mar/2017:11:20:21 -0300] "GET /cormun/servlet/trsolicitudadjuntos?2017,5197, HTTP/1.1" 200 8162
186.103.157.235 - - [06/Mar/2017:11:20:24 -0300] "GET /cormun/servlet/solicitudotadjuntos?INS,2017,5197,,1, HTTP/1.1" 200 5984
186.103.157.235 - - [06/Mar/2017:11:20:24 -0300] "GET /cormun/static/about:blank HTTP/1.1" 404 1011
186.103.157.235 - - [06/Mar/2017:11:20:25 -0300] "GET /cormun/servlet/solicitudotadjuntos?INS,2017,5197,,1, HTTP/1.1" 200 5978
186.103.157.235 - - [06/Mar/2017:11:20:25 -0300] "GET /cormun/servlet/solicitudotadjuntos?fa5a1d2e7d952d5c618b2564cadce7f17d1d75f8cea0138c71aecedcfab3aa89c34b83decf455e8770d1b41b12c59bf0,gx-no-cache=1488810263717 HTTP/1.1" 200 30
186.103.157.235 - - [06/Mar/2017:11:20:25 -0300] "POST /cormun/servlet/solicitudotadjuntos?670d3de748f02c51224adbede1a3da51,INS,2017,5197,,1,,gx-no-cache=1488810263762 HTTP/1.1" 200 3857
186.79.170.171 - - [06/Mar/2017:11:20:25 -0300] "GET /cormun/servlet/trsolicitudot? HTTP/1.1" 200 6951
186.79.170.171 - - [06/Mar/2017:11:20:25 -0300] "GET /cormun/static/gxcfg.js?20171191044697 HTTP/1.1" 200 953
186.79.170.171 - - [06/Mar/2017:11:20:25 -0300] "GET /cormun/static/calendar.js?85251 HTTP/1.1" 304 -
186.79.170.171 - - [06/Mar/2017:11:20:25 -0300] "GET /cormun/static/calendar-setup.js?85251 HTTP/1.1" 304 -
186.79.170.171 - - [06/Mar/2017:11:20:25 -0300] "GET /cormun/static/calendar-es.js?85251 HTTP/1.1" 304 -
186.79.170.171 - - [06/Mar/2017:11:20:25 -0300] "GET /cormun/static/gxdec.js?85251 HTTP/1.1" 304 -
186.79.170.171 - - [06/Mar/2017:11:20:26 -0300] "GET /cormun/static/trsolicitudot.js?20171191045625 HTTP/1.1" 200 53117
186.79.170.171 - - [06/Mar/2017:11:20:26 -0300] "GET /cormun/servlet/trsolicitudot? HTTP/1.1" 200 6951
186.103.157.235 - - [06/Mar/2017:11:20:29 -0300] "POST /cormun/servlet/solicitudotadjuntos?gx-no-cache=1488810267991 HTTP/1.1" 200 26
186.103.157.235 - - [06/Mar/2017:11:20:42 -0300] "GET /cormun/servlet/solicitudotadjuntos?fa5a1d2e7d952d5c618b2564cadce7f1b346d07222fd91726fe91a94b65b1189,gx-no-cache=1488810280375 HTTP/1.1" 200 30
186.103.157.235 - - [06/Mar/2017:11:20:42 -0300] "GET /cormun/servlet/solicitudotadjuntos?fa5a1d2e7d952d5c618b2564cadce7f1b346d07222fd91726fe91a94b65b1189,gx-no-cache=1488810280476 HTTP/1.1" 200 30
186.103.157.235 - - [06/Mar/2017:11:20:42 -0300] "POST /cormun/servlet/solicitudotadjuntos?670d3de748f02c51224adbede1a3da51,INS,2017,5197,,1, HTTP/1.1" 200 116
186.103.157.235 - - [06/Mar/2017:11:20:43 -0300] "GET /cormun/servlet/hpexe_return? HTTP/1.1" 200 1023
186.103.157.235 - - [06/Mar/2017:11:20:43 -0300] "GET /cormun/servlet/trsolicitudadjuntos?2017,5197, HTTP/1.1" 200 8360
186.103.157.235 - - [06/Mar/2017:11:20:43 -0300] "GET /cormun/servlet/trsolicitudadjuntos?2017,5197, HTTP/1.1" 200 8359
186.103.157.235 - - [06/Mar/2017:11:20:47 -0300] "GET /cormun/servlet/solicitudotadjuntos?INS,2017,5197,,1, HTTP/1.1" 200 5984
186.103.157.235 - - [06/Mar/2017:11:20:47 -0300] "GET /cormun/static/about:blank HTTP/1.1" 404 1011
186.103.157.235 - - [06/Mar/2017:11:20:47 -0300] "GET /cormun/servlet/solicitudotadjuntos?INS,2017,5197,,1, HTTP/1.1" 200 5978
186.103.157.235 - - [06/Mar/2017:11:20:48 -0300] "GET /cormun/servlet/solicitudotadjuntos?fa5a1d2e7d952d5c618b2564cadce7f17d1d75f8cea0138c71aecedcfab3aa89c34b83decf455e8770d1b41b12c59bf0,gx-no-cache=1488810286304 HTTP/1.1" 200 30
186.103.157.235 - - [06/Mar/2017:11:20:48 -0300] "POST /cormun/servlet/solicitudotadjuntos?670d3de748f02c51224adbede1a3da51,INS,2017,5197,,1,,gx-no-cache=1488810286374 HTTP/1.1" 200 3857
186.103.157.235 - - [06/Mar/2017:11:20:55 -0300] "POST /cormun/servlet/solicitudotadjuntos?gx-no-cache=1488810293284 HTTP/1.1" 200 26
186.103.157.235 - - [06/Mar/2017:11:20:56 -0300] "GET /cormun/servlet/solicitudotadjuntos?fa5a1d2e7d952d5c618b2564cadce7f1b346d07222fd91726fe91a94b65b1189,gx-no-cache=1488810294637 HTTP/1.1" 200 30
186.103.157.235 - - [06/Mar/2017:11:20:56 -0300] "GET /cormun/servlet/solicitudotadjuntos?fa5a1d2e7d952d5c618b2564cadce7f1b346d07222fd91726fe91a94b65b1189,gx-no-cache=1488810294681 HTTP/1.1" 200 30
186.103.157.235 - - [06/Mar/2017:11:20:56 -0300] "POST /cormun/servlet/solicitudotadjuntos?670d3de748f02c51224adbede1a3da51,INS,2017,5197,,1,,gx-no-cache=1488810294711 HTTP/1.1" 200 93
186.103.157.235 - - [06/Mar/2017:11:20:56 -0300] "GET /cormun/servlet/hpexe_return? HTTP/1.1" 200 1023
186.103.157.235 - - [06/Mar/2017:11:20:56 -0300] "GET /cormun/servlet/trsolicitudadjuntos?2017,5197, HTTP/1.1" 200 8454
186.103.157.235 - - [06/Mar/2017:11:20:57 -0300] "GET /cormun/servlet/trsolicitudadjuntos?2017,5197, HTTP/1.1" 200 8452
186.103.157.98 - - [06/Mar/2017:11:20:59 -0300] "GET /cormun/static/menuarrow.gif HTTP/1.1" 404 1015
186.103.157.235 - - [06/Mar/2017:11:21:01 -0300] "GET /cormun/servlet/solicitudotadjuntos?DLT,2017,5197,CERTIF4,0, HTTP/1.1" 200 5880
186.103.157.235 - - [06/Mar/2017:11:21:01 -0300] "GET /cormun/static/about:blank HTTP/1.1" 404 1011
186.103.157.235 - - [06/Mar/2017:11:21:01 -0300] "GET /cormun/static/Shared/jqueryui/images/ui-bg_highlight-soft_100_c6c2c8_1x100.png HTTP/1.1" 404 1117
186.103.157.235 - - [06/Mar/2017:11:21:01 -0300] "GET /cormun/static/Shared/jqueryui/images/ui-icons_82798d_256x240.png HTTP/1.1" 404 1089
186.103.157.235 - - [06/Mar/2017:11:21:01 -0300] "GET /cormun/static/Shared/jqueryui/images/ui-icons_8d78a5_256x240.png HTTP/1.1" 404 1089
186.103.157.235 - - [06/Mar/2017:11:21:01 -0300] "GET /cormun/static/Shared/jqueryui/images/ui-bg_flat_55_fafafa_40x100.png HTTP/1.1" 404 1097
186.103.157.235 - - [06/Mar/2017:11:21:02 -0300] "GET /cormun/servlet/solicitudotadjuntos?DLT,2017,5197,CERTIF4,0, HTTP/1.1" 200 5873
186.103.157.235 - - [06/Mar/2017:11:21:03 -0300] "POST /cormun/servlet/solicitudotadjuntos?670d3de748f02c51224adbede1a3da51,DLT,2017,5197,CERTIF4,0,,gx-no-cache=1488810301411 HTTP/1.1" 200 93
186.103.157.235 - - [06/Mar/2017:11:21:03 -0300] "GET /cormun/servlet/hpexe_return? HTTP/1.1" 200 1030
186.103.157.235 - - [06/Mar/2017:11:21:03 -0300] "GET /cormun/servlet/trsolicitudadjuntos?2017,5197, HTTP/1.1" 200 8361
186.103.157.235 - - [06/Mar/2017:11:21:04 -0300] "GET /cormun/servlet/trsolicitudadjuntos?2017,5197, HTTP/1.1" 200 8359
186.103.157.235 - - [06/Mar/2017:11:21:06 -0300] "GET /cormun/servlet/solicitudotadjuntos?INS,2017,5197,,1, HTTP/1.1" 200 5984
186.103.157.235 - - [06/Mar/2017:11:21:06 -0300] "GET /cormun/static/about:blank HTTP/1.1" 404 1011
186.103.157.235 - - [06/Mar/2017:11:21:06 -0300] "GET /cormun/servlet/solicitudotadjuntos?INS,2017,5197,,1, HTTP/1.1" 200 5978
186.103.157.235 - - [06/Mar/2017:11:21:07 -0300] "GET /cormun/servlet/solicitudotadjuntos?fa5a1d2e7d952d5c618b2564cadce7f17d1d75f8cea0138c71aecedcfab3aa89c34b83decf455e8770d1b41b12c59bf0,gx-no-cache=1488810305356 HTTP/1.1" 200 30
186.103.157.235 - - [06/Mar/2017:11:21:07 -0300] "POST /cormun/servlet/solicitudotadjuntos?670d3de748f02c51224adbede1a3da51,INS,2017,5197,,1,,gx-no-cache=1488810305426 HTTP/1.1" 200 3857
186.103.157.235 - - [06/Mar/2017:11:21:10 -0300] "POST /cormun/servlet/solicitudotadjuntos?gx-no-cache=1488810308904 HTTP/1.1" 200 26
186.103.157.98 - - [06/Mar/2017:11:21:17 -0300] "GET /cormun/servlet/solicitudot?05b09c07460c5908dd9b16790c9e18d2f178a022dff5c6de4354f96f1bda4db78fec9293f9e595d117a6c3bcf976b317650a1ef52ae9bf0e51f4cd1e7306246c8b2ab7e64111bd43124d755bc346e0622a304b7b2b4361e30bbab8fcdef67f5bea6d3a98f7c17de1109f15c7dfaab544a9f0a61393a9ab5b567b68db82c03a7238cd2c60cd4261dde0d8602bf7d141ca5d176d0c63a15204ae28e86d10a442188e36a6a429a50ff43788d7f7ac93afeb,gx-no-cache=1488810147286 HTTP/1.1" 200 30
186.103.157.235 - - [06/Mar/2017:11:21:18 -0300] "GET /cormun/servlet/solicitudotadjuntos?fa5a1d2e7d952d5c618b2564cadce7f1b346d07222fd91726fe91a94b65b1189,gx-no-cache=1488810317213 HTTP/1.1" 200 30
186.103.157.235 - - [06/Mar/2017:11:21:19 -0300] "GET /cormun/servlet/solicitudotadjuntos?fa5a1d2e7d952d5c618b2564cadce7f1b346d07222fd91726fe91a94b65b1189,gx-no-cache=1488810317291 HTTP/1.1" 200 30
186.103.157.235 - - [06/Mar/2017:11:21:19 -0300] "POST /cormun/servlet/solicitudotadjuntos?670d3de748f02c51224adbede1a3da51,INS,2017,5197,,1, HTTP/1.1" 200 116
186.103.157.235 - - [06/Mar/2017:11:21:19 -0300] "GET /cormun/servlet/hpexe_return? HTTP/1.1" 200 1023
186.103.157.235 - - [06/Mar/2017:11:21:19 -0300] "GET /cormun/servlet/trsolicitudadjuntos?2017,5197, HTTP/1.1" 200 8513
186.103.157.235 - - [06/Mar/2017:11:21:20 -0300] "GET /cormun/servlet/trsolicitudadjuntos?2017,5197, HTTP/1.1" 200 8510
186.103.157.235 - - [06/Mar/2017:11:21:23 -0300] "GET /cormun/servlet/solicitudotadjuntos?INS,2017,5197,,1, HTTP/1.1" 200 5984
186.103.157.235 - - [06/Mar/2017:11:21:23 -0300] "GET /cormun/static/about:blank HTTP/1.1" 404 1011
186.103.157.235 - - [06/Mar/2017:11:21:23 -0300] "GET /cormun/servlet/solicitudotadjuntos?INS,2017,5197,,1, HTTP/1.1" 200 5978
186.103.157.235 - - [06/Mar/2017:11:21:24 -0300] "GET /cormun/servlet/solicitudotadjuntos?fa5a1d2e7d952d5c618b2564cadce7f17d1d75f8cea0138c71aecedcfab3aa89c34b83decf455e8770d1b41b12c59bf0,gx-no-cache=1488810322532 HTTP/1.1" 200 30
186.103.157.235 - - [06/Mar/2017:11:21:24 -0300] "POST /cormun/servlet/solicitudotadjuntos?670d3de748f02c51224adbede1a3da51,INS,2017,5197,,1,,gx-no-cache=1488810322597 HTTP/1.1" 200 3857
186.103.157.98 - - [06/Mar/2017:11:21:24 -0300] "POST /cormun/servlet/solicitudot?657f4026377e82910038f82301e643e2,INS,0,0,,gx-no-cache=1488810154785 HTTP/1.1" 200 93
186.103.157.98 - - [06/Mar/2017:11:21:24 -0300] "GET /cormun/servlet/hpexe_return? HTTP/1.1" 200 1005
186.103.157.98 - - [06/Mar/2017:11:21:25 -0300] "GET /cormun/servlet/trsolicitudot HTTP/1.1" 200 8272
186.103.157.98 - - [06/Mar/2017:11:21:25 -0300] "GET /cormun/servlet/trsolicitudot HTTP/1.1" 200 8268
186.103.157.235 - - [06/Mar/2017:11:21:28 -0300] "POST /cormun/servlet/solicitudotadjuntos?gx-no-cache=1488810326749 HTTP/1.1" 200 26
186.103.157.98 - - [06/Mar/2017:11:21:29 -0300] "POST /cormun/servlet/trsolicitudot?657f4026377e82910038f82301e643e2,gx-no-cache=1488810159202 HTTP/1.1" 200 107
186.103.157.98 - - [06/Mar/2017:11:21:29 -0300] "GET /cormun/servlet/trsolicitudadjuntos?2017,5198, HTTP/1.1" 200 6106
186.103.157.98 - - [06/Mar/2017:11:21:29 -0300] "GET /cormun/static/gxcfg.js?201612218531388 HTTP/1.1" 304 -
186.103.157.98 - - [06/Mar/2017:11:21:29 -0300] "GET /cormun/servlet/trsolicitudadjuntos?2017,5198, HTTP/1.1" 200 6106
186.103.157.98 - - [06/Mar/2017:11:21:31 -0300] "GET /cormun/servlet/solicitudotadjuntos?INS,2017,5198,,1, HTTP/1.1" 200 6038
186.103.157.98 - - [06/Mar/2017:11:21:31 -0300] "GET /cormun/static/gxcfg.js?201612218465951 HTTP/1.1" 304 -
186.103.157.98 - - [06/Mar/2017:11:21:31 -0300] "GET /cormun/static/about:blank HTTP/1.1" 404 1011
186.103.157.98 - - [06/Mar/2017:11:21:31 -0300] "GET /cormun/servlet/solicitudotadjuntos?INS,2017,5198,,1, HTTP/1.1" 200 6032
186.103.157.98 - - [06/Mar/2017:11:21:32 -0300] "GET /cormun/servlet/solicitudotadjuntos?05b09c07460c5908dd9b16790c9e18d2a28174a7dddf1f1237232b5d2f61dd7f6fec85c9464229bbfd9b3acdf1da9f7d,gx-no-cache=1488810162586 HTTP/1.1" 200 30
186.103.157.98 - - [06/Mar/2017:11:21:32 -0300] "POST /cormun/servlet/solicitudotadjuntos?657f4026377e82910038f82301e643e2,INS,2017,5198,,1,,gx-no-cache=1488810162667 HTTP/1.1" 200 3864
186.103.157.98 - - [06/Mar/2017:11:21:36 -0300] "POST /cormun/servlet/solicitudotadjuntos?gx-no-cache=1488810166844 HTTP/1.1" 200 26
186.103.157.98 - - [06/Mar/2017:11:21:53 -0300] "GET /cormun/servlet/solicitudotadjuntos?05b09c07460c5908dd9b16790c9e18d2d0cb464c8bdbd83aab99d3472d8f0b4a,gx-no-cache=1488810184049 HTTP/1.1" 200 30
186.103.157.98 - - [06/Mar/2017:11:21:53 -0300] "GET /cormun/servlet/solicitudotadjuntos?05b09c07460c5908dd9b16790c9e18d2d0cb464c8bdbd83aab99d3472d8f0b4a,gx-no-cache=1488810184077 HTTP/1.1" 200 30
186.103.157.98 - - [06/Mar/2017:11:21:54 -0300] "POST /cormun/servlet/solicitudotadjuntos?657f4026377e82910038f82301e643e2,INS,2017,5198,,1, HTTP/1.1" 200 116
186.103.157.98 - - [06/Mar/2017:11:21:54 -0300] "GET /cormun/servlet/hpexe_return? HTTP/1.1" 200 1024
186.103.157.98 - - [06/Mar/2017:11:21:54 -0300] "GET /cormun/servlet/trsolicitudadjuntos?2017,5198, HTTP/1.1" 200 8246
186.103.157.98 - - [06/Mar/2017:11:21:54 -0300] "GET /cormun/servlet/trsolicitudadjuntos?2017,5198, HTTP/1.1" 200 8241
186.103.157.235 - - [06/Mar/2017:11:21:56 -0300] "GET /cormun/servlet/solicitudotadjuntos?fa5a1d2e7d952d5c618b2564cadce7f1b346d07222fd91726fe91a94b65b1189,gx-no-cache=1488810354925 HTTP/1.1" 200 30
186.103.157.235 - - [06/Mar/2017:11:21:56 -0300] "GET /cormun/servlet/solicitudotadjuntos?fa5a1d2e7d952d5c618b2564cadce7f1b346d07222fd91726fe91a94b65b1189,gx-no-cache=1488810355014 HTTP/1.1" 200 30
186.103.159.230 - - [06/Mar/2017:11:21:56 -0300] "GET /cormun/servlet/trsolicitudot? HTTP/1.1" 200 8172
186.103.159.230 - - [06/Mar/2017:11:21:57 -0300] "GET /cormun/servlet/trsolicitudot? HTTP/1.1" 200 8170
186.103.157.235 - - [06/Mar/2017:11:21:57 -0300] "POST /cormun/servlet/solicitudotadjuntos?670d3de748f02c51224adbede1a3da51,INS,2017,5197,,1, HTTP/1.1" 200 116
186.103.157.235 - - [06/Mar/2017:11:21:57 -0300] "GET /cormun/servlet/hpexe_return? HTTP/1.1" 200 1023
186.103.157.235 - - [06/Mar/2017:11:21:58 -0300] "GET /cormun/servlet/trsolicitudadjuntos?2017,5197, HTTP/1.1" 200 8632
186.103.157.235 - - [06/Mar/2017:11:21:58 -0300] "GET /cormun/servlet/trsolicitudadjuntos?2017,5197, HTTP/1.1" 200 8630
186.103.157.98 - - [06/Mar/2017:11:21:59 -0300] "GET /cormun/servlet/solicitudotadjuntos?INS,2017,5198,,1, HTTP/1.1" 200 6038
186.103.157.98 - - [06/Mar/2017:11:21:59 -0300] "GET /cormun/static/about:blank HTTP/1.1" 404 1011
186.103.157.98 - - [06/Mar/2017:11:21:59 -0300] "GET /cormun/servlet/solicitudotadjuntos?INS,2017,5198,,1, HTTP/1.1" 200 6032
186.103.157.98 - - [06/Mar/2017:11:22:00 -0300] "GET /cormun/servlet/solicitudotadjuntos?05b09c07460c5908dd9b16790c9e18d2a28174a7dddf1f1237232b5d2f61dd7f6fec85c9464229bbfd9b3acdf1da9f7d,gx-no-cache=1488810190438 HTTP/1.1" 200 30
186.103.157.98 - - [06/Mar/2017:11:22:00 -0300] "POST /cormun/servlet/solicitudotadjuntos?657f4026377e82910038f82301e643e2,INS,2017,5198,,1,,gx-no-cache=1488810190502 HTTP/1.1" 200 3864
186.103.159.230 - - [06/Mar/2017:11:22:00 -0300] "GET /cormun/servlet/solicitudot?INS,0,0, HTTP/1.1" 200 12769
186.103.159.230 - - [06/Mar/2017:11:22:01 -0300] "GET /cormun/servlet/solicitudot?INS,0,0, HTTP/1.1" 200 12774
186.103.157.235 - - [06/Mar/2017:11:22:01 -0300] "GET /cormun/servlet/solicitudotadjuntos?INS,2017,5197,,1, HTTP/1.1" 200 5984
186.103.157.235 - - [06/Mar/2017:11:22:01 -0300] "GET /cormun/static/about:blank HTTP/1.1" 404 1011
186.103.157.235 - - [06/Mar/2017:11:22:01 -0300] "GET /cormun/servlet/solicitudotadjuntos?INS,2017,5197,,1, HTTP/1.1" 200 5978
186.103.157.235 - - [06/Mar/2017:11:22:02 -0300] "GET /cormun/servlet/solicitudotadjuntos?fa5a1d2e7d952d5c618b2564cadce7f17d1d75f8cea0138c71aecedcfab3aa89c34b83decf455e8770d1b41b12c59bf0,gx-no-cache=1488810360455 HTTP/1.1" 200 30
186.103.157.235 - - [06/Mar/2017:11:22:02 -0300] "POST /cormun/servlet/solicitudotadjuntos?670d3de748f02c51224adbede1a3da51,INS,2017,5197,,1,,gx-no-cache=1488810360521 HTTP/1.1" 200 3857
186.103.157.98 - - [06/Mar/2017:11:22:03 -0300] "POST /cormun/servlet/solicitudotadjuntos?gx-no-cache=1488810193350 HTTP/1.1" 200 26
186.103.157.235 - - [06/Mar/2017:11:22:14 -0300] "POST /cormun/servlet/solicitudotadjuntos?gx-no-cache=1488810372769 HTTP/1.1" 200 26
186.103.157.235 - - [06/Mar/2017:11:22:22 -0300] "GET /cormun/servlet/solicitudotadjuntos?fa5a1d2e7d952d5c618b2564cadce7f1b346d07222fd91726fe91a94b65b1189,gx-no-cache=1488810380421 HTTP/1.1" 200 30
186.103.157.235 - - [06/Mar/2017:11:22:22 -0300] "GET /cormun/servlet/solicitudotadjuntos?fa5a1d2e7d952d5c618b2564cadce7f1b346d07222fd91726fe91a94b65b1189,gx-no-cache=1488810380496 HTTP/1.1" 200 30
186.103.157.235 - - [06/Mar/2017:11:22:23 -0300] "POST /cormun/servlet/solicitudotadjuntos?670d3de748f02c51224adbede1a3da51,INS,2017,5197,,1, HTTP/1.1" 200 116
186.103.157.235 - - [06/Mar/2017:11:22:23 -0300] "GET /cormun/servlet/hpexe_return? HTTP/1.1" 200 1023
186.103.157.235 - - [06/Mar/2017:11:22:23 -0300] "GET /cormun/servlet/trsolicitudadjuntos?2017,5197, HTTP/1.1" 200 8808
186.103.157.235 - - [06/Mar/2017:11:22:24 -0300] "GET /cormun/servlet/trsolicitudadjuntos?2017,5197, HTTP/1.1" 200 8806
186.103.157.235 - - [06/Mar/2017:11:22:27 -0300] "GET /cormun/servlet/solicitudotadjuntos?INS,2017,5197,,1, HTTP/1.1" 200 5983
186.103.157.235 - - [06/Mar/2017:11:22:27 -0300] "GET /cormun/static/about:blank HTTP/1.1" 404 1011
186.103.157.235 - - [06/Mar/2017:11:22:27 -0300] "GET /cormun/servlet/solicitudotadjuntos?INS,2017,5197,,1, HTTP/1.1" 200 5977
186.103.157.235 - - [06/Mar/2017:11:22:28 -0300] "GET /cormun/servlet/solicitudotadjuntos?fa5a1d2e7d952d5c618b2564cadce7f17d1d75f8cea0138c71aecedcfab3aa89c34b83decf455e8770d1b41b12c59bf0,gx-no-cache=1488810386294 HTTP/1.1" 200 30
186.103.157.235 - - [06/Mar/2017:11:22:28 -0300] "POST /cormun/servlet/solicitudotadjuntos?670d3de748f02c51224adbede1a3da51,INS,2017,5197,,1,,gx-no-cache=1488810386376 HTTP/1.1" 200 3855
186.103.157.235 - - [06/Mar/2017:11:22:32 -0300] "POST /cormun/servlet/solicitudotadjuntos?gx-no-cache=1488810390238 HTTP/1.1" 200 26
186.103.157.235 - - [06/Mar/2017:11:22:42 -0300] "GET /cormun/servlet/solicitudotadjuntos?fa5a1d2e7d952d5c618b2564cadce7f1b346d07222fd91726fe91a94b65b1189,gx-no-cache=1488810400933 HTTP/1.1" 200 30
186.103.157.235 - - [06/Mar/2017:11:22:42 -0300] "GET /cormun/servlet/solicitudotadjuntos?fa5a1d2e7d952d5c618b2564cadce7f1b346d07222fd91726fe91a94b65b1189,gx-no-cache=1488810401006 HTTP/1.1" 200 30
186.103.157.235 - - [06/Mar/2017:11:22:45 -0300] "POST /cormun/servlet/solicitudotadjuntos?670d3de748f02c51224adbede1a3da51,INS,2017,5197,,1, HTTP/1.1" 200 116
186.103.157.235 - - [06/Mar/2017:11:22:45 -0300] "GET /cormun/servlet/hpexe_return? HTTP/1.1" 200 1023
186.103.157.235 - - [06/Mar/2017:11:22:45 -0300] "GET /cormun/servlet/trsolicitudadjuntos?2017,5197, HTTP/1.1" 200 9010
186.103.157.235 - - [06/Mar/2017:11:22:46 -0300] "GET /cormun/servlet/trsolicitudadjuntos?2017,5197, HTTP/1.1" 200 9004
186.103.157.235 - - [06/Mar/2017:11:22:56 -0300] "GET /cormun/servlet/trsolicitudot? HTTP/1.1" 200 8500
186.103.157.235 - - [06/Mar/2017:11:22:57 -0300] "GET /cormun/servlet/trsolicitudot? HTTP/1.1" 200 8494
186.103.157.235 - - [06/Mar/2017:11:23:06 -0300] "POST /cormun/servlet/trsolicitudot?670d3de748f02c51224adbede1a3da51,,gx-no-cache=1488810425041 HTTP/1.1" 200 5450
186.103.157.235 - - [06/Mar/2017:11:23:07 -0300] "GET /cormun/static/Shared/jqueryui/images/ui-bg_highlight-soft_100_c6c2c8_1x100.png HTTP/1.1" 404 1117
186.103.157.235 - - [06/Mar/2017:11:23:07 -0300] "GET /cormun/static/Shared/jqueryui/images/ui-icons_82798d_256x240.png HTTP/1.1" 404 1089
186.103.157.235 - - [06/Mar/2017:11:23:07 -0300] "GET /cormun/static/Shared/jqueryui/images/ui-bg_flat_55_fafafa_40x100.png HTTP/1.1" 404 1097
186.103.157.235 - - [06/Mar/2017:11:23:07 -0300] "GET /cormun/static/Shared/jqueryui/images/ui-icons_8d78a5_256x240.png HTTP/1.1" 404 1089
186.103.157.235 - - [06/Mar/2017:11:23:07 -0300] "POST /cormun/servlet/trsolicitudot?670d3de748f02c51224adbede1a3da51,,gx-no-cache=1488810425370 HTTP/1.1" 200 5395
186.103.157.235 - - [06/Mar/2017:11:23:08 -0300] "POST /cormun/servlet/trsolicitudot?670d3de748f02c51224adbede1a3da51,,gx-no-cache=1488810426342 HTTP/1.1" 200 5661
186.103.157.235 - - [06/Mar/2017:11:23:17 -0300] "POST /cormun/servlet/trsolicitudot?670d3de748f02c51224adbede1a3da51,,gx-no-cache=1488810435379 HTTP/1.1" 200 107
186.103.157.235 - - [06/Mar/2017:11:23:17 -0300] "GET /cormun/servlet/trsolicitudadjuntos?2017,5196, HTTP/1.1" 200 6054
186.103.157.235 - - [06/Mar/2017:11:23:18 -0300] "GET /cormun/servlet/trsolicitudadjuntos?2017,5196, HTTP/1.1" 200 6054
186.103.157.235 - - [06/Mar/2017:11:23:20 -0300] "GET /cormun/servlet/solicitudotadjuntos?INS,2017,5196,,1, HTTP/1.1" 200 5982
186.103.157.235 - - [06/Mar/2017:11:23:21 -0300] "GET /cormun/static/about:blank HTTP/1.1" 404 1011
186.103.157.235 - - [06/Mar/2017:11:23:21 -0300] "GET /cormun/servlet/solicitudotadjuntos?INS,2017,5196,,1, HTTP/1.1" 200 5976
186.103.157.235 - - [06/Mar/2017:11:23:21 -0300] "GET /cormun/servlet/solicitudotadjuntos?fa5a1d2e7d952d5c618b2564cadce7f18e1694214ad888619da20230d64ca216c34b83decf455e8770d1b41b12c59bf0,gx-no-cache=1488810439921 HTTP/1.1" 200 30
186.103.157.235 - - [06/Mar/2017:11:23:21 -0300] "POST /cormun/servlet/solicitudotadjuntos?670d3de748f02c51224adbede1a3da51,INS,2017,5196,,1,,gx-no-cache=1488810439983 HTTP/1.1" 200 3857
186.103.157.98 - - [06/Mar/2017:11:23:23 -0300] "GET /cormun/servlet/solicitudotadjuntos?05b09c07460c5908dd9b16790c9e18d2d0cb464c8bdbd83aab99d3472d8f0b4a,gx-no-cache=1488810273549 HTTP/1.1" 200 30
186.103.157.98 - - [06/Mar/2017:11:23:23 -0300] "GET /cormun/servlet/solicitudotadjuntos?05b09c07460c5908dd9b16790c9e18d2d0cb464c8bdbd83aab99d3472d8f0b4a,gx-no-cache=1488810273602 HTTP/1.1" 200 30
186.103.157.98 - - [06/Mar/2017:11:23:23 -0300] "POST /cormun/servlet/solicitudotadjuntos?657f4026377e82910038f82301e643e2,INS,2017,5198,,1, HTTP/1.1" 200 116
186.103.157.98 - - [06/Mar/2017:11:23:23 -0300] "GET /cormun/servlet/hpexe_return? HTTP/1.1" 200 1024
186.103.157.98 - - [06/Mar/2017:11:23:24 -0300] "GET /cormun/servlet/trsolicitudadjuntos?2017,5198, HTTP/1.1" 200 8487
186.103.157.235 - - [06/Mar/2017:11:23:24 -0300] "POST /cormun/servlet/solicitudotadjuntos?gx-no-cache=1488810442345 HTTP/1.1" 200 26
186.103.157.98 - - [06/Mar/2017:11:23:24 -0300] "GET /cormun/servlet/trsolicitudadjuntos?2017,5198, HTTP/1.1" 200 8486
186.103.157.98 - - [06/Mar/2017:11:23:27 -0300] "GET /cormun/servlet/solicitudotadjuntos?INS,2017,5198,,1, HTTP/1.1" 200 6037
186.103.157.98 - - [06/Mar/2017:11:23:27 -0300] "GET /cormun/static/about:blank HTTP/1.1" 404 1011
186.103.157.98 - - [06/Mar/2017:11:23:27 -0300] "GET /cormun/servlet/solicitudotadjuntos?INS,2017,5198,,1, HTTP/1.1" 200 6031
186.103.157.98 - - [06/Mar/2017:11:23:28 -0300] "GET /cormun/servlet/solicitudotadjuntos?05b09c07460c5908dd9b16790c9e18d2a28174a7dddf1f1237232b5d2f61dd7f6fec85c9464229bbfd9b3acdf1da9f7d,gx-no-cache=1488810278117 HTTP/1.1" 200 30
186.103.157.98 - - [06/Mar/2017:11:23:28 -0300] "POST /cormun/servlet/solicitudotadjuntos?657f4026377e82910038f82301e643e2,INS,2017,5198,,1,,gx-no-cache=1488810278184 HTTP/1.1" 200 3863
186.103.157.235 - - [06/Mar/2017:11:23:30 -0300] "GET /cormun/servlet/solicitudotadjuntos?fa5a1d2e7d952d5c618b2564cadce7f1b346d07222fd91726fe91a94b65b1189,gx-no-cache=1488810448334 HTTP/1.1" 200 30
186.103.157.235 - - [06/Mar/2017:11:23:30 -0300] "GET /cormun/servlet/solicitudotadjuntos?fa5a1d2e7d952d5c618b2564cadce7f1b346d07222fd91726fe91a94b65b1189,gx-no-cache=1488810448421 HTTP/1.1" 200 30
186.103.157.235 - - [06/Mar/2017:11:23:30 -0300] "POST /cormun/servlet/solicitudotadjuntos?670d3de748f02c51224adbede1a3da51,INS,2017,5196,,1, HTTP/1.1" 200 116
186.103.157.235 - - [06/Mar/2017:11:23:30 -0300] "GET /cormun/servlet/hpexe_return? HTTP/1.1" 200 1023
186.103.157.235 - - [06/Mar/2017:11:23:30 -0300] "GET /cormun/servlet/trsolicitudadjuntos?2017,5196, HTTP/1.1" 200 8168
186.103.157.235 - - [06/Mar/2017:11:23:31 -0300] "GET /cormun/servlet/trsolicitudadjuntos?2017,5196, HTTP/1.1" 200 8161
186.103.157.98 - - [06/Mar/2017:11:23:32 -0300] "POST /cormun/servlet/solicitudotadjuntos?gx-no-cache=1488810282718 HTTP/1.1" 200 26
186.103.157.235 - - [06/Mar/2017:11:23:33 -0300] "GET /cormun/servlet/solicitudotadjuntos?INS,2017,5196,,1, HTTP/1.1" 200 5982
186.103.157.235 - - [06/Mar/2017:11:23:33 -0300] "GET /cormun/static/about:blank HTTP/1.1" 404 1011
186.103.157.235 - - [06/Mar/2017:11:23:33 -0300] "GET /cormun/servlet/solicitudotadjuntos?INS,2017,5196,,1, HTTP/1.1" 200 5976
186.103.157.235 - - [06/Mar/2017:11:23:34 -0300] "GET /cormun/servlet/solicitudotadjuntos?fa5a1d2e7d952d5c618b2564cadce7f18e1694214ad888619da20230d64ca216c34b83decf455e8770d1b41b12c59bf0,gx-no-cache=1488810452634 HTTP/1.1" 200 30
186.103.157.235 - - [06/Mar/2017:11:23:34 -0300] "POST /cormun/servlet/solicitudotadjuntos?670d3de748f02c51224adbede1a3da51,INS,2017,5196,,1,,gx-no-cache=1488810452686 HTTP/1.1" 200 3857
186.103.157.235 - - [06/Mar/2017:11:23:36 -0300] "POST /cormun/servlet/solicitudotadjuntos?gx-no-cache=1488810454961 HTTP/1.1" 200 26
186.103.157.235 - - [06/Mar/2017:11:23:44 -0300] "GET /cormun/servlet/solicitudotadjuntos?fa5a1d2e7d952d5c618b2564cadce7f1b346d07222fd91726fe91a94b65b1189,gx-no-cache=1488810462733 HTTP/1.1" 200 30
186.103.157.235 - - [06/Mar/2017:11:23:44 -0300] "GET /cormun/servlet/solicitudotadjuntos?fa5a1d2e7d952d5c618b2564cadce7f1b346d07222fd91726fe91a94b65b1189,gx-no-cache=1488810462829 HTTP/1.1" 200 30
186.103.157.235 - - [06/Mar/2017:11:23:45 -0300] "POST /cormun/servlet/solicitudotadjuntos?670d3de748f02c51224adbede1a3da51,INS,2017,5196,,1, HTTP/1.1" 200 116
186.103.157.235 - - [06/Mar/2017:11:23:45 -0300] "GET /cormun/servlet/hpexe_return? HTTP/1.1" 200 1023
186.103.157.235 - - [06/Mar/2017:11:23:45 -0300] "GET /cormun/servlet/trsolicitudadjuntos?2017,5196, HTTP/1.1" 200 8361
186.103.157.235 - - [06/Mar/2017:11:23:46 -0300] "GET /cormun/servlet/trsolicitudadjuntos?2017,5196, HTTP/1.1" 200 8359
186.103.157.235 - - [06/Mar/2017:11:23:48 -0300] "GET /cormun/servlet/solicitudotadjuntos?INS,2017,5196,,1, HTTP/1.1" 200 5982
186.103.157.235 - - [06/Mar/2017:11:23:48 -0300] "GET /cormun/static/about:blank HTTP/1.1" 404 1011
186.103.157.235 - - [06/Mar/2017:11:23:48 -0300] "GET /cormun/servlet/solicitudotadjuntos?INS,2017,5196,,1, HTTP/1.1" 200 5976
186.103.157.235 - - [06/Mar/2017:11:23:49 -0300] "GET /cormun/servlet/solicitudotadjuntos?fa5a1d2e7d952d5c618b2564cadce7f18e1694214ad888619da20230d64ca216c34b83decf455e8770d1b41b12c59bf0,gx-no-cache=1488810467397 HTTP/1.1" 200 30
186.103.157.235 - - [06/Mar/2017:11:23:49 -0300] "POST /cormun/servlet/solicitudotadjuntos?670d3de748f02c51224adbede1a3da51,INS,2017,5196,,1,,gx-no-cache=1488810467426 HTTP/1.1" 200 3857
186.103.157.235 - - [06/Mar/2017:11:23:51 -0300] "POST /cormun/servlet/solicitudotadjuntos?gx-no-cache=1488810470134 HTTP/1.1" 200 26
186.103.157.98 - - [06/Mar/2017:11:23:53 -0300] "GET /cormun/servlet/solicitudotadjuntos?05b09c07460c5908dd9b16790c9e18d2d0cb464c8bdbd83aab99d3472d8f0b4a,gx-no-cache=1488810304022 HTTP/1.1" 200 30
186.103.157.98 - - [06/Mar/2017:11:23:53 -0300] "GET /cormun/servlet/solicitudotadjuntos?05b09c07460c5908dd9b16790c9e18d2d0cb464c8bdbd83aab99d3472d8f0b4a,gx-no-cache=1488810304063 HTTP/1.1" 200 30
186.103.157.98 - - [06/Mar/2017:11:23:54 -0300] "POST /cormun/servlet/solicitudotadjuntos?657f4026377e82910038f82301e643e2,INS,2017,5198,,1, HTTP/1.1" 200 116
186.103.157.98 - - [06/Mar/2017:11:23:54 -0300] "GET /cormun/servlet/hpexe_return? HTTP/1.1" 200 1024
186.103.157.98 - - [06/Mar/2017:11:23:54 -0300] "GET /cormun/servlet/trsolicitudadjuntos?2017,5198, HTTP/1.1" 200 8649
186.103.157.98 - - [06/Mar/2017:11:23:55 -0300] "GET /cormun/servlet/trsolicitudadjuntos?2017,5198, HTTP/1.1" 200 8647
186.103.157.235 - - [06/Mar/2017:11:23:58 -0300] "GET /cormun/servlet/solicitudotadjuntos?fa5a1d2e7d952d5c618b2564cadce7f1b346d07222fd91726fe91a94b65b1189,gx-no-cache=1488810476876 HTTP/1.1" 200 30
186.103.157.235 - - [06/Mar/2017:11:23:58 -0300] "GET /cormun/servlet/solicitudotadjuntos?fa5a1d2e7d952d5c618b2564cadce7f1b346d07222fd91726fe91a94b65b1189,gx-no-cache=1488810476912 HTTP/1.1" 200 30
186.103.157.98 - - [06/Mar/2017:11:23:58 -0300] "GET /cormun/servlet/solicitudotadjuntos?INS,2017,5198,,1, HTTP/1.1" 200 6037
186.103.157.98 - - [06/Mar/2017:11:23:58 -0300] "GET /cormun/static/about:blank HTTP/1.1" 404 1011
186.103.157.235 - - [06/Mar/2017:11:23:58 -0300] "POST /cormun/servlet/solicitudotadjuntos?670d3de748f02c51224adbede1a3da51,INS,2017,5196,,1, HTTP/1.1" 200 116
186.103.157.235 - - [06/Mar/2017:11:23:58 -0300] "GET /cormun/servlet/hpexe_return? HTTP/1.1" 200 1023
186.103.157.98 - - [06/Mar/2017:11:23:59 -0300] "GET /cormun/servlet/solicitudotadjuntos?INS,2017,5198,,1, HTTP/1.1" 200 6031
186.103.157.235 - - [06/Mar/2017:11:23:59 -0300] "GET /cormun/servlet/trsolicitudadjuntos?2017,5196, HTTP/1.1" 200 8508
186.103.157.98 - - [06/Mar/2017:11:23:59 -0300] "GET /cormun/servlet/solicitudotadjuntos?05b09c07460c5908dd9b16790c9e18d2a28174a7dddf1f1237232b5d2f61dd7f6fec85c9464229bbfd9b3acdf1da9f7d,gx-no-cache=1488810309687 HTTP/1.1" 200 30
186.103.157.235 - - [06/Mar/2017:11:23:59 -0300] "GET /cormun/servlet/trsolicitudadjuntos?2017,5196, HTTP/1.1" 200 8504
186.103.157.98 - - [06/Mar/2017:11:23:59 -0300] "POST /cormun/servlet/solicitudotadjuntos?657f4026377e82910038f82301e643e2,INS,2017,5198,,1,,gx-no-cache=1488810309747 HTTP/1.1" 200 3863
186.103.157.235 - - [06/Mar/2017:11:24:02 -0300] "GET /cormun/servlet/solicitudotadjuntos?INS,2017,5196,,1, HTTP/1.1" 200 5982
186.103.157.235 - - [06/Mar/2017:11:24:02 -0300] "GET /cormun/static/about:blank HTTP/1.1" 404 1011
186.103.157.98 - - [06/Mar/2017:11:24:02 -0300] "POST /cormun/servlet/solicitudotadjuntos?gx-no-cache=1488810312881 HTTP/1.1" 200 26
186.103.157.235 - - [06/Mar/2017:11:24:02 -0300] "GET /cormun/servlet/solicitudotadjuntos?INS,2017,5196,,1, HTTP/1.1" 200 5976
186.103.157.235 - - [06/Mar/2017:11:24:03 -0300] "GET /cormun/servlet/solicitudotadjuntos?fa5a1d2e7d952d5c618b2564cadce7f18e1694214ad888619da20230d64ca216c34b83decf455e8770d1b41b12c59bf0,gx-no-cache=1488810481683 HTTP/1.1" 200 30
186.103.157.235 - - [06/Mar/2017:11:24:03 -0300] "POST /cormun/servlet/solicitudotadjuntos?670d3de748f02c51224adbede1a3da51,INS,2017,5196,,1,,gx-no-cache=1488810481734 HTTP/1.1" 200 3857
186.103.157.235 - - [06/Mar/2017:11:24:06 -0300] "POST /cormun/servlet/solicitudotadjuntos?gx-no-cache=1488810484577 HTTP/1.1" 200 26
186.103.157.98 - - [06/Mar/2017:11:24:12 -0300] "GET /cormun/servlet/solicitudotadjuntos?05b09c07460c5908dd9b16790c9e18d2d0cb464c8bdbd83aab99d3472d8f0b4a,gx-no-cache=1488810322290 HTTP/1.1" 200 30
186.103.157.98 - - [06/Mar/2017:11:24:12 -0300] "GET /cormun/servlet/solicitudotadjuntos?05b09c07460c5908dd9b16790c9e18d2d0cb464c8bdbd83aab99d3472d8f0b4a,gx-no-cache=1488810322325 HTTP/1.1" 200 30
186.103.157.98 - - [06/Mar/2017:11:24:12 -0300] "POST /cormun/servlet/solicitudotadjuntos?657f4026377e82910038f82301e643e2,INS,2017,5198,,1, HTTP/1.1" 200 116
186.103.157.98 - - [06/Mar/2017:11:24:12 -0300] "GET /cormun/servlet/hpexe_return? HTTP/1.1" 200 1024
186.103.157.98 - - [06/Mar/2017:11:24:12 -0300] "GET /cormun/servlet/trsolicitudadjuntos?2017,5198, HTTP/1.1" 200 8785
186.103.157.98 - - [06/Mar/2017:11:24:13 -0300] "GET /cormun/servlet/trsolicitudadjuntos?2017,5198, HTTP/1.1" 200 8778
186.103.157.235 - - [06/Mar/2017:11:24:13 -0300] "GET /cormun/servlet/solicitudotadjuntos?fa5a1d2e7d952d5c618b2564cadce7f1b346d07222fd91726fe91a94b65b1189,gx-no-cache=1488810491478 HTTP/1.1" 200 30
186.103.157.235 - - [06/Mar/2017:11:24:13 -0300] "GET /cormun/servlet/solicitudotadjuntos?fa5a1d2e7d952d5c618b2564cadce7f1b346d07222fd91726fe91a94b65b1189,gx-no-cache=1488810491552 HTTP/1.1" 200 30
186.103.157.235 - - [06/Mar/2017:11:24:14 -0300] "POST /cormun/servlet/solicitudotadjuntos?670d3de748f02c51224adbede1a3da51,INS,2017,5196,,1, HTTP/1.1" 200 116
186.103.157.235 - - [06/Mar/2017:11:24:14 -0300] "GET /cormun/servlet/hpexe_return? HTTP/1.1" 200 1023
186.103.157.235 - - [06/Mar/2017:11:24:14 -0300] "GET /cormun/servlet/trsolicitudadjuntos?2017,5196, HTTP/1.1" 200 8625
186.103.157.235 - - [06/Mar/2017:11:24:15 -0300] "GET /cormun/servlet/trsolicitudadjuntos?2017,5196, HTTP/1.1" 200 8626
186.103.157.98 - - [06/Mar/2017:11:24:16 -0300] "GET /cormun/servlet/solicitudotadjuntos?INS,2017,5198,,1, HTTP/1.1" 200 6038
186.103.157.98 - - [06/Mar/2017:11:24:16 -0300] "GET /cormun/static/about:blank HTTP/1.1" 404 1011
186.103.157.98 - - [06/Mar/2017:11:24:16 -0300] "GET /cormun/servlet/solicitudotadjuntos?INS,2017,5198,,1, HTTP/1.1" 200 6032
186.103.157.98 - - [06/Mar/2017:11:24:17 -0300] "GET /cormun/servlet/solicitudotadjuntos?05b09c07460c5908dd9b16790c9e18d2a28174a7dddf1f1237232b5d2f61dd7f6fec85c9464229bbfd9b3acdf1da9f7d,gx-no-cache=1488810327579 HTTP/1.1" 200 30
186.103.157.98 - - [06/Mar/2017:11:24:17 -0300] "POST /cormun/servlet/solicitudotadjuntos?657f4026377e82910038f82301e643e2,INS,2017,5198,,1,,gx-no-cache=1488810327618 HTTP/1.1" 200 3864
186.103.157.235 - - [06/Mar/2017:11:24:18 -0300] "GET /cormun/servlet/solicitudotadjuntos?INS,2017,5196,,1, HTTP/1.1" 200 5984
186.103.157.235 - - [06/Mar/2017:11:24:18 -0300] "GET /cormun/static/about:blank HTTP/1.1" 404 1011
186.103.157.235 - - [06/Mar/2017:11:24:18 -0300] "GET /cormun/servlet/solicitudotadjuntos?INS,2017,5196,,1, HTTP/1.1" 200 5978
186.103.157.235 - - [06/Mar/2017:11:24:19 -0300] "GET /cormun/servlet/solicitudotadjuntos?fa5a1d2e7d952d5c618b2564cadce7f18e1694214ad888619da20230d64ca216c34b83decf455e8770d1b41b12c59bf0,gx-no-cache=1488810497461 HTTP/1.1" 200 30
186.103.157.235 - - [06/Mar/2017:11:24:19 -0300] "POST /cormun/servlet/solicitudotadjuntos?670d3de748f02c51224adbede1a3da51,INS,2017,5196,,1,,gx-no-cache=1488810497509 HTTP/1.1" 200 3858
186.103.157.98 - - [06/Mar/2017:11:24:21 -0300] "POST /cormun/servlet/solicitudotadjuntos?gx-no-cache=1488810331890 HTTP/1.1" 200 26
186.103.157.235 - - [06/Mar/2017:11:24:23 -0300] "POST /cormun/servlet/solicitudotadjuntos?gx-no-cache=1488810501612 HTTP/1.1" 200 26
186.103.157.98 - - [06/Mar/2017:11:24:28 -0300] "GET /cormun/servlet/solicitudotadjuntos?05b09c07460c5908dd9b16790c9e18d2d0cb464c8bdbd83aab99d3472d8f0b4a,gx-no-cache=1488810338708 HTTP/1.1" 200 30
186.103.157.98 - - [06/Mar/2017:11:24:28 -0300] "GET /cormun/servlet/solicitudotadjuntos?05b09c07460c5908dd9b16790c9e18d2d0cb464c8bdbd83aab99d3472d8f0b4a,gx-no-cache=1488810338786 HTTP/1.1" 200 30
186.103.157.98 - - [06/Mar/2017:11:24:28 -0300] "POST /cormun/servlet/solicitudotadjuntos?657f4026377e82910038f82301e643e2,INS,2017,5198,,1, HTTP/1.1" 200 116
186.103.157.98 - - [06/Mar/2017:11:24:28 -0300] "GET /cormun/servlet/hpexe_return? HTTP/1.1" 200 1024
186.103.157.98 - - [06/Mar/2017:11:24:29 -0300] "GET /cormun/servlet/trsolicitudadjuntos?2017,5198, HTTP/1.1" 200 8968
186.103.157.98 - - [06/Mar/2017:11:24:29 -0300] "GET /cormun/servlet/trsolicitudadjuntos?2017,5198, HTTP/1.1" 200 8966
186.103.157.235 - - [06/Mar/2017:11:24:30 -0300] "GET /cormun/servlet/solicitudotadjuntos?fa5a1d2e7d952d5c618b2564cadce7f1b346d07222fd91726fe91a94b65b1189,gx-no-cache=1488810508719 HTTP/1.1" 200 30
186.103.157.235 - - [06/Mar/2017:11:24:30 -0300] "GET /cormun/servlet/solicitudotadjuntos?fa5a1d2e7d952d5c618b2564cadce7f1b346d07222fd91726fe91a94b65b1189,gx-no-cache=1488810508819 HTTP/1.1" 200 30
186.103.157.235 - - [06/Mar/2017:11:24:31 -0300] "POST /cormun/servlet/solicitudotadjuntos?670d3de748f02c51224adbede1a3da51,INS,2017,5196,,1, HTTP/1.1" 200 116
186.103.157.235 - - [06/Mar/2017:11:24:31 -0300] "GET /cormun/servlet/hpexe_return? HTTP/1.1" 200 1023
186.103.157.235 - - [06/Mar/2017:11:24:32 -0300] "GET /cormun/servlet/trsolicitudadjuntos?2017,5196, HTTP/1.1" 200 8802
186.103.157.235 - - [06/Mar/2017:11:24:32 -0300] "GET /cormun/servlet/trsolicitudadjuntos?2017,5196, HTTP/1.1" 200 8797
186.103.157.235 - - [06/Mar/2017:11:24:34 -0300] "GET /cormun/servlet/solicitudotadjuntos?INS,2017,5196,,1, HTTP/1.1" 200 5984
186.103.157.235 - - [06/Mar/2017:11:24:34 -0300] "GET /cormun/static/about:blank HTTP/1.1" 404 1011
186.103.157.235 - - [06/Mar/2017:11:24:35 -0300] "GET /cormun/servlet/solicitudotadjuntos?INS,2017,5196,,1, HTTP/1.1" 200 5978
186.103.157.235 - - [06/Mar/2017:11:24:35 -0300] "GET /cormun/servlet/solicitudotadjuntos?fa5a1d2e7d952d5c618b2564cadce7f18e1694214ad888619da20230d64ca216c34b83decf455e8770d1b41b12c59bf0,gx-no-cache=1488810513730 HTTP/1.1" 200 30
186.103.157.235 - - [06/Mar/2017:11:24:35 -0300] "POST /cormun/servlet/solicitudotadjuntos?670d3de748f02c51224adbede1a3da51,INS,2017,5196,,1,,gx-no-cache=1488810513763 HTTP/1.1" 200 3858
186.103.157.235 - - [06/Mar/2017:11:24:39 -0300] "POST /cormun/servlet/solicitudotadjuntos?gx-no-cache=1488810517570 HTTP/1.1" 200 26
186.103.157.235 - - [06/Mar/2017:11:24:46 -0300] "GET /cormun/servlet/solicitudotadjuntos?fa5a1d2e7d952d5c618b2564cadce7f1b346d07222fd91726fe91a94b65b1189,gx-no-cache=1488810524794 HTTP/1.1" 200 30
186.103.157.235 - - [06/Mar/2017:11:24:46 -0300] "GET /cormun/servlet/solicitudotadjuntos?fa5a1d2e7d952d5c618b2564cadce7f1b346d07222fd91726fe91a94b65b1189,gx-no-cache=1488810524878 HTTP/1.1" 200 30
186.103.157.235 - - [06/Mar/2017:11:24:49 -0300] "POST /cormun/servlet/solicitudotadjuntos?670d3de748f02c51224adbede1a3da51,INS,2017,5196,,1, HTTP/1.1" 200 116
186.103.157.235 - - [06/Mar/2017:11:24:49 -0300] "GET /cormun/servlet/hpexe_return? HTTP/1.1" 200 1023
186.103.157.235 - - [06/Mar/2017:11:24:49 -0300] "GET /cormun/servlet/trsolicitudadjuntos?2017,5196, HTTP/1.1" 200 8999
186.103.157.235 - - [06/Mar/2017:11:24:50 -0300] "GET /cormun/servlet/trsolicitudadjuntos?2017,5196, HTTP/1.1" 200 8999
186.103.157.235 - - [06/Mar/2017:11:24:54 -0300] "GET /cormun/servlet/trsolicitudot? HTTP/1.1" 200 8169
186.103.157.235 - - [06/Mar/2017:11:24:55 -0300] "GET /cormun/servlet/trsolicitudot? HTTP/1.1" 200 8163
186.103.157.235 - - [06/Mar/2017:11:25:02 -0300] "POST /cormun/servlet/trsolicitudot?670d3de748f02c51224adbede1a3da51,,gx-no-cache=1488810540423 HTTP/1.1" 200 4333
186.103.157.235 - - [06/Mar/2017:11:25:02 -0300] "GET /cormun/static/Shared/jqueryui/images/ui-bg_highlight-soft_100_c6c2c8_1x100.png HTTP/1.1" 404 1117
186.103.157.235 - - [06/Mar/2017:11:25:02 -0300] "GET /cormun/static/Shared/jqueryui/images/ui-bg_flat_55_fafafa_40x100.png HTTP/1.1" 404 1097
186.103.157.235 - - [06/Mar/2017:11:25:02 -0300] "GET /cormun/static/Shared/jqueryui/images/ui-icons_8d78a5_256x240.png HTTP/1.1" 404 1089
186.103.157.235 - - [06/Mar/2017:11:25:02 -0300] "GET /cormun/static/Shared/jqueryui/images/ui-icons_82798d_256x240.png HTTP/1.1" 404 1089
