186.79.62.77 - - [06/Mar/2017:11:53:19 -0300] "GET /cormun/static/trpermisosingoce.js?2016111619313084 HTTP/1.1" 200 31498
186.79.62.77 - - [06/Mar/2017:11:53:19 -0300] "GET /cormun/servlet/trpermisosingoce? HTTP/1.1" 200 6583
186.79.62.77 - - [06/Mar/2017:11:53:20 -0300] "POST /cormun/servlet/acontrolpreferencessavestate?None,CD-33,true HTTP/1.1" 200 35
186.79.62.77 - - [06/Mar/2017:11:53:22 -0300] "GET /cormun/servlet/permisosingoce?INS,0, HTTP/1.1" 200 6508
186.79.62.77 - - [06/Mar/2017:11:53:22 -0300] "GET /cormun/static/gxcfg.js?2016111618225749 HTTP/1.1" 200 953
186.79.62.77 - - [06/Mar/2017:11:53:22 -0300] "GET /cormun/static/permisosingoce.js?2016111618225789 HTTP/1.1" 200 23797
186.79.62.77 - - [06/Mar/2017:11:53:22 -0300] "GET /cormun/servlet/permisosingoce?INS,0, HTTP/1.1" 200 6507
186.79.62.77 - - [06/Mar/2017:11:53:31 -0300] "GET /cormun/servlet/permisosingoce?d9f177b7a8a9f1ed00dfd0c555373aee7daded5d5aa6b56ca099dccdca7699c02f36bc92eb780166313e450d57059cd7,gx-no-cache=1488812081207 HTTP/1.1" 200 77
186.103.159.182 - - [06/Mar/2017:11:53:32 -0300] "POST /cormun/servlet/hlogin?3544e2793337c3062ec23c7147fd28ec,gx-no-cache=1488812083605 HTTP/1.1" 200 90
186.103.159.182 - - [06/Mar/2017:11:53:32 -0300] "GET /cormun/servlet/hpexe_link HTTP/1.1" 200 956
186.103.159.182 - - [06/Mar/2017:11:53:33 -0300] "GET /cormun/static/gxcfg.js?201612218515529 HTTP/1.1" 304 -
186.103.159.182 - - [06/Mar/2017:11:53:33 -0300] "GET /cormun/servlet/hhome HTTP/1.1" 200 4026
186.103.159.182 - - [06/Mar/2017:11:53:33 -0300] "GET /cormun/static/gxcfg.js?201612218515568 HTTP/1.1" 304 -
186.79.62.77 - - [06/Mar/2017:11:53:34 -0300] "GET /cormun/static/menuarrow.gif HTTP/1.1" 404 1015
186.103.159.182 - - [06/Mar/2017:11:53:36 -0300] "GET /cormun/servlet/hhome HTTP/1.1" 200 4022
186.103.159.182 - - [06/Mar/2017:11:53:36 -0300] "GET /cormun/static/SmoothNavMenu/resources/images/right.gif HTTP/1.1" 200 860
186.79.62.77 - - [06/Mar/2017:11:53:37 -0300] "GET /cormun/servlet/permisosingoce?d9f177b7a8a9f1ed00dfd0c555373aee6b61032be62f3b311d3af801fa6d0fcb946819cc7350081cdc7b1576e39b24ee,gx-no-cache=1488812087001 HTTP/1.1" 200 33
186.79.62.77 - - [06/Mar/2017:11:53:42 -0300] "GET /cormun/servlet/permisosingoce?d9f177b7a8a9f1ed00dfd0c555373aee64a816fb9a9499ff18fad298713f95c5de0e4232e0357cb92f268a28a1ffd04b991868b29e628d831084f45a24465437135a3942e4b939e3850d57888cdc6821f0eff1dd491930d81ff37c23093b908d73394836b3f6f70b374008380d22a4ef24d892f70cfb0ea2794447e095837bafe93374e539cf91324b879556822df90573cff8cea8fa038f451158c8b69e9f44,gx-no-cache=1488812091653 HTTP/1.1" 200 41
186.103.156.24 - - [06/Mar/2017:11:53:48 -0300] "POST /cormun/servlet/solicitudot?89633d538ea669b856c6bce39ed63878,INS,0,0,,gx-no-cache=1488812123862 HTTP/1.1" 200 93
186.103.156.24 - - [06/Mar/2017:11:53:48 -0300] "GET /cormun/servlet/hpexe_return? HTTP/1.1" 200 1008
186.103.156.24 - - [06/Mar/2017:11:53:48 -0300] "GET /cormun/servlet/trsolicitudot HTTP/1.1" 200 8169
186.103.156.24 - - [06/Mar/2017:11:53:49 -0300] "GET /cormun/servlet/trsolicitudot HTTP/1.1" 200 8165
186.103.156.24 - - [06/Mar/2017:11:53:56 -0300] "POST /cormun/servlet/trsolicitudot?89633d538ea669b856c6bce39ed63878,gx-no-cache=1488812133248 HTTP/1.1" 200 4341
186.103.156.24 - - [06/Mar/2017:11:53:56 -0300] "GET /cormun/static/Shared/jqueryui/images/ui-bg_highlight-soft_100_c6c2c8_1x100.png HTTP/1.1" 404 1117
186.103.156.24 - - [06/Mar/2017:11:53:56 -0300] "GET /cormun/static/Shared/jqueryui/images/ui-icons_82798d_256x240.png HTTP/1.1" 404 1089
186.103.156.24 - - [06/Mar/2017:11:53:56 -0300] "GET /cormun/static/Shared/jqueryui/images/ui-icons_8d78a5_256x240.png HTTP/1.1" 404 1089
186.103.156.24 - - [06/Mar/2017:11:53:56 -0300] "GET /cormun/static/Shared/jqueryui/images/ui-bg_flat_55_fafafa_40x100.png HTTP/1.1" 404 1097
186.103.156.24 - - [06/Mar/2017:11:53:56 -0300] "POST /cormun/servlet/trsolicitudot?89633d538ea669b856c6bce39ed63878,gx-no-cache=1488812133666 HTTP/1.1" 200 4127
186.103.156.24 - - [06/Mar/2017:11:54:00 -0300] "GET /cormun/servlet/trautorizarsolicitud? HTTP/1.1" 200 8436
186.103.156.24 - - [06/Mar/2017:11:54:01 -0300] "GET /cormun/static/trautorizarsolicitud.js?2017259113483 HTTP/1.1" 304 -
186.103.156.24 - - [06/Mar/2017:11:54:01 -0300] "GET /cormun/static/gxcfg.js?2017259112829 HTTP/1.1" 304 -
186.103.156.24 - - [06/Mar/2017:11:54:01 -0300] "GET /cormun/servlet/trautorizarsolicitud? HTTP/1.1" 200 8436
186.103.159.182 - - [06/Mar/2017:11:54:06 -0300] "GET /cormun/servlet/trlicencias? HTTP/1.1" 200 6889
186.103.159.182 - - [06/Mar/2017:11:54:06 -0300] "GET /cormun/static/gxui/gxui-all.css?120300 HTTP/1.1" 200 2179
186.103.159.182 - - [06/Mar/2017:11:54:06 -0300] "GET /cormun/static/calendar-system.css?85620 HTTP/1.1" 200 5572
186.103.159.182 - - [06/Mar/2017:11:54:06 -0300] "GET /cormun/static/calendar.js?85251 HTTP/1.1" 200 26246
186.103.159.182 - - [06/Mar/2017:11:54:06 -0300] "GET /cormun/static/calendar-es.js?85251 HTTP/1.1" 200 1901
186.103.159.182 - - [06/Mar/2017:11:54:07 -0300] "GET /cormun/static/gxcfg.js?2016122619301429 HTTP/1.1" 200 953
186.103.159.182 - - [06/Mar/2017:11:54:07 -0300] "GET /cormun/static/calendar-setup.js?85251 HTTP/1.1" 200 2588
186.103.159.182 - - [06/Mar/2017:11:54:07 -0300] "GET /cormun/static/Shared/ext/resources/css/ext-all.css?215870 HTTP/1.1" 200 416045
186.103.159.182 - - [06/Mar/2017:11:54:07 -0300] "GET /cormun/static/gxdec.js?85251 HTTP/1.1" 200 19579
186.103.156.24 - - [06/Mar/2017:11:54:07 -0300] "POST /cormun/servlet/trautorizarsolicitud?89633d538ea669b856c6bce39ed63878,,gx-no-cache=1488812144714 HTTP/1.1" 200 5412
186.103.156.24 - - [06/Mar/2017:11:54:07 -0300] "GET /cormun/static/Shared/jqueryui/images/ui-icons_82798d_256x240.png HTTP/1.1" 404 1089
186.103.156.24 - - [06/Mar/2017:11:54:07 -0300] "GET /cormun/static/Shared/jqueryui/images/ui-bg_highlight-soft_100_c6c2c8_1x100.png HTTP/1.1" 404 1117
186.103.156.24 - - [06/Mar/2017:11:54:07 -0300] "GET /cormun/static/Shared/jqueryui/images/ui-bg_flat_55_fafafa_40x100.png HTTP/1.1" 404 1097
186.103.156.24 - - [06/Mar/2017:11:54:07 -0300] "GET /cormun/static/Shared/jqueryui/images/ui-icons_8d78a5_256x240.png HTTP/1.1" 404 1089
186.103.159.182 - - [06/Mar/2017:11:54:07 -0300] "GET /cormun/static/trlicencias.js?2016122619301919 HTTP/1.1" 200 37916
186.103.156.24 - - [06/Mar/2017:11:54:07 -0300] "POST /cormun/servlet/trautorizarsolicitud?89633d538ea669b856c6bce39ed63878,,gx-no-cache=1488812145482 HTTP/1.1" 200 5357
186.103.159.182 - - [06/Mar/2017:11:54:07 -0300] "GET /cormun/static/Resources/PXTools/calendar.png HTTP/1.1" 200 1306
186.103.159.182 - - [06/Mar/2017:11:54:08 -0300] "GET /cormun/static/Resources/PXToolsDataSearch.png HTTP/1.1" 200 419
186.103.159.182 - - [06/Mar/2017:11:54:08 -0300] "GET /cormun/static/Resources/PXToolsGridFirstDisabled.gif HTTP/1.1" 200 100
186.103.159.182 - - [06/Mar/2017:11:54:08 -0300] "GET /cormun/static/Resources/PXToolsGridPreviousDisabled.gif HTTP/1.1" 200 90
186.103.159.182 - - [06/Mar/2017:11:54:08 -0300] "GET /cormun/static/Resources/PXToolsGridNextDisabled.gif HTTP/1.1" 200 90
186.103.159.182 - - [06/Mar/2017:11:54:08 -0300] "GET /cormun/static/Resources/PXToolsGridLastDisabled.gif HTTP/1.1" 200 98
186.103.159.182 - - [06/Mar/2017:11:54:08 -0300] "GET /cormun/static/Resources/PXToolsGridPage.gif HTTP/1.1" 200 725
186.103.159.182 - - [06/Mar/2017:11:54:08 -0300] "GET /cormun/static/Resources/PXToolsActionExcel.png HTTP/1.1" 200 3187
186.103.159.182 - - [06/Mar/2017:11:54:08 -0300] "GET /cormun/static/Resources/PXToolsGridNew.png HTTP/1.1" 200 2949
186.103.159.182 - - [06/Mar/2017:11:54:10 -0300] "GET /cormun/servlet/trlicencias? HTTP/1.1" 200 6888
186.103.159.182 - - [06/Mar/2017:11:54:10 -0300] "GET /cormun/static/Resources/asc.gif HTTP/1.1" 200 67
186.103.159.182 - - [06/Mar/2017:11:54:10 -0300] "GET /cormun/static/Resources/desc.gif HTTP/1.1" 200 65
186.103.159.182 - - [06/Mar/2017:11:54:11 -0300] "GET /cormun/static/Shared/ext/resources/themes/images/default/panel/bg-headersPanel.png HTTP/1.1" 200 255
186.103.159.182 - - [06/Mar/2017:11:54:11 -0300] "GET /cormun/static/Shared/ext/resources/themes/images/default/tools/tool-sprites.gif HTTP/1.1" 200 5434
186.103.156.24 - - [06/Mar/2017:11:54:11 -0300] "POST /cormun/servlet/trautorizarsolicitud?89633d538ea669b856c6bce39ed63878,,gx-no-cache=1488812149988 HTTP/1.1" 200 4320
186.103.156.24 - - [06/Mar/2017:11:54:12 -0300] "POST /cormun/servlet/trautorizarsolicitud?89633d538ea669b856c6bce39ed63878,,gx-no-cache=1488812150391 HTTP/1.1" 200 4104
190.101.9.138 - - [06/Mar/2017:11:54:17 -0300] "GET /cormun/servlet/hlogin HTTP/1.1" 200 1727
186.103.159.182 - - [06/Mar/2017:11:54:19 -0300] "GET /cormun/servlet/trlicencias? HTTP/1.1" 200 6888
186.103.159.182 - - [06/Mar/2017:11:54:21 -0300] "GET /cormun/servlet/trlicencias? HTTP/1.1" 200 6888
186.103.159.182 - - [06/Mar/2017:11:54:24 -0300] "GET /cormun/servlet/licenciaspermisos?INS,0,,, HTTP/1.1" 200 7399
186.103.159.182 - - [06/Mar/2017:11:54:24 -0300] "GET /cormun/static/gxcfg.js?2016122619301043 HTTP/1.1" 200 953
186.103.159.182 - - [06/Mar/2017:11:54:24 -0300] "GET /cormun/static/Resources/prompt.gif HTTP/1.1" 200 902
186.103.159.182 - - [06/Mar/2017:11:54:24 -0300] "GET /cormun/static/licenciaspermisos.js?2016122619301096 HTTP/1.1" 200 33213
186.103.159.182 - - [06/Mar/2017:11:54:26 -0300] "GET /cormun/servlet/licenciaspermisos?INS,0,,, HTTP/1.1" 200 7399
190.101.9.138 - - [06/Mar/2017:11:54:28 -0300] "POST /cormun/servlet/hlogin?106591f41fcaf1eb8a2f40f76b3c7a36,gx-no-cache=1488812138135 HTTP/1.1" 200 90
190.101.9.138 - - [06/Mar/2017:11:54:28 -0300] "GET /cormun/servlet/hpexe_link HTTP/1.1" 200 956
190.101.9.138 - - [06/Mar/2017:11:54:28 -0300] "GET /cormun/servlet/hhome HTTP/1.1" 200 3775
190.101.9.138 - - [06/Mar/2017:11:54:28 -0300] "GET /cormun/servlet/hhome HTTP/1.1" 200 3773
190.101.9.138 - - [06/Mar/2017:11:54:31 -0300] "GET /cormun/servlet/trsolicitudot? HTTP/1.1" 200 8383
190.101.9.138 - - [06/Mar/2017:11:54:31 -0300] "GET /cormun/servlet/trsolicitudot? HTTP/1.1" 200 8381
190.101.9.138 - - [06/Mar/2017:11:54:45 -0300] "GET /cormun/servlet/solicitudot?INS,0,0, HTTP/1.1" 200 12582
190.101.9.138 - - [06/Mar/2017:11:54:45 -0300] "GET /cormun/servlet/solicitudot?INS,0,0, HTTP/1.1" 200 12587
186.103.159.182 - - [06/Mar/2017:11:54:52 -0300] "GET /cormun/static/Resources/resize.gif HTTP/1.1" 200 77
186.103.159.182 - - [06/Mar/2017:11:54:59 -0300] "GET /cormun/servlet/prfichaempleado?,MD,,gxPopupLevel%3D0%3B HTTP/1.1" 200 8911
186.103.159.182 - - [06/Mar/2017:11:54:59 -0300] "GET /cormun/static/gxcfg.js?2016102420561687 HTTP/1.1" 200 953
186.103.159.182 - - [06/Mar/2017:11:54:59 -0300] "GET /cormun/static/Resources/PXToolsMenuSearch.png HTTP/1.1" 200 2914
186.103.159.182 - - [06/Mar/2017:11:54:59 -0300] "GET /cormun/static/Resources/PXToolsMenuSearchCancel.png HTTP/1.1" 200 2972
186.103.159.182 - - [06/Mar/2017:11:54:59 -0300] "GET /cormun/static/menusearch.js?201610171694467 HTTP/1.1" 200 1424
186.103.159.182 - - [06/Mar/2017:11:54:59 -0300] "GET /cormun/static/hmpwkw011.js?201612218515582 HTTP/1.1" 200 1968
186.103.159.182 - - [06/Mar/2017:11:54:59 -0300] "GET /cormun/static/prfichaempleado.js?201610242056198 HTTP/1.1" 200 16015
190.101.9.138 - - [06/Mar/2017:11:55:03 -0300] "POST /cormun/servlet/solicitudot?gx-no-cache=1488812173126 HTTP/1.1" 200 3081
190.101.9.138 - - [06/Mar/2017:11:55:03 -0300] "POST /cormun/servlet/solicitudot?106591f41fcaf1eb8a2f40f76b3c7a36,INS,0,0,,gx-no-cache=1488812173376 HTTP/1.1" 200 9680
190.101.9.138 - - [06/Mar/2017:11:55:07 -0300] "GET /cormun/servlet/solicitudot?1d45df0167ad330eccb73b909c298a9e902c4f2100853b8204d6dc23c8dc17c1ddcec003178cfbcf5d621cf0ace44c64,gx-no-cache=1488812177292 HTTP/1.1" 200 30
186.103.159.182 - - [06/Mar/2017:11:55:13 -0300] "POST /cormun/servlet/prfichaempleado?3544e2793337c3062ec23c7147fd28ec,,MD,,gxPopupLevel%3D0%3B,gx-no-cache=1488812184257 HTTP/1.1" 200 3456
186.103.159.182 - - [06/Mar/2017:11:55:18 -0300] "GET /cormun/servlet/licenciaspermisos?cbb9a7989f1c71519f6b156be50bdad144232d9a6b7af5008582f8be20c7119701659aa7ab9fabfc168cd2666a4b6322,gx-no-cache=1488812189410 HTTP/1.1" 200 65
186.103.159.182 - - [06/Mar/2017:11:55:18 -0300] "POST /cormun/servlet/licenciaspermisos?3544e2793337c3062ec23c7147fd28ec,INS,0,,,,gx-no-cache=1488812189484 HTTP/1.1" 200 4601
201.246.239.225 - - [06/Mar/2017:11:56:12 -0300] "GET /cormun/servlet/hlogin HTTP/1.1" 200 1720
201.246.239.225 - - [06/Mar/2017:11:56:12 -0300] "GET /favicon.ico HTTP/1.1" 200 21630
201.246.239.225 - - [06/Mar/2017:11:56:23 -0300] "POST /cormun/servlet/hlogin?17d4c50b2d76bea4d6b2f718c6d1a4dd,gx-no-cache=1488812259412 HTTP/1.1" 200 90
201.246.239.225 - - [06/Mar/2017:11:56:23 -0300] "GET /cormun/servlet/hpexe_link HTTP/1.1" 200 950
201.246.239.225 - - [06/Mar/2017:11:56:24 -0300] "GET /cormun/servlet/hhome HTTP/1.1" 200 3971
201.246.239.225 - - [06/Mar/2017:11:56:24 -0300] "GET /cormun/servlet/hhome HTTP/1.1" 200 3968
186.79.170.171 - - [06/Mar/2017:11:56:25 -0300] "GET /cormun/static/menuarrow.gif HTTP/1.1" 404 1015
186.103.156.24 - - [06/Mar/2017:11:56:30 -0300] "GET /cormun/servlet/trsolicitudot? HTTP/1.1" 200 6935
201.246.239.225 - - [06/Mar/2017:11:56:31 -0300] "GET /cormun/servlet/trcontratosolicitud? HTTP/1.1" 200 12391
201.246.239.225 - - [06/Mar/2017:11:56:31 -0300] "GET /cormun/static/gxcfg.js?20171317451682 HTTP/1.1" 200 953
186.103.156.24 - - [06/Mar/2017:11:56:31 -0300] "GET /cormun/servlet/trsolicitudot? HTTP/1.1" 200 6934
201.246.239.225 - - [06/Mar/2017:11:56:31 -0300] "GET /cormun/static/trcontratosolicitud.js?20171317452124 HTTP/1.1" 200 28173
201.246.239.225 - - [06/Mar/2017:11:56:32 -0300] "GET /cormun//static/Resources/PXToolsGridNew.png HTTP/1.1" 200 2949
201.246.239.225 - - [06/Mar/2017:11:56:32 -0300] "GET /cormun/servlet/trcontratosolicitud? HTTP/1.1" 200 12387
190.101.9.138 - - [06/Mar/2017:11:56:33 -0300] "POST /cormun/servlet/solicitudot?gx-no-cache=1488812263705 HTTP/1.1" 200 297
190.101.9.138 - - [06/Mar/2017:11:56:33 -0300] "GET /cormun/servlet/solicitudot?1d45df0167ad330eccb73b909c298a9e36503f52d65bcdf3fabe71959de51282d50e7283f55f142f1f5e2dfc27fcc52041f669c27a4164713c9c3b153bfe27f9d532b3b60cfdc1a735476f67ce181db35ae468bb6e5511670bd4773e4dac22a9c89ff3a0f298977192cf32be1d3bf0c3f7ac88eb4343192f433bcc8e344af354164474899f00ea4cc8ca93eb38b2d6eabe8363526069eb38c7fe0347faa986caef316526426de600f956e815ab272197277cf0956dd7415051f36587fd1ffaee6c2c949ba3db68a71e3a129094aa77d473cf70088c6be7bee2098ec616c6a51ea902041adb0e3b74ae142834b59081f90b67946b2b8fef9292b2eed4f958280e5cbc06d4d4d601e5534cd41ac18b27aacadb3d3ba56d4d23fecb191764719c0cd3e6b09c8bd6aa1e65fa10033285cbfc61ffa7ae95f5d237ffdebca0031d3d88b899e0bc69c14228831c53d27de009c1d2daafb99869f74e79fde48e00319ddcbecd5fcd5dc68a6b390c7a131186e7ab4715da4f7330c255fa8805d9c66ada0a0b0d9c92cc98eb22d44f0ad71fa80882,gx-no-cache=1488812263830 HTTP/1.1" 200 30
190.101.9.138 - - [06/Mar/2017:11:56:33 -0300] "POST /cormun/servlet/solicitudot?gx-no-cache=1488812263877 HTTP/1.1" 200 30
190.101.9.138 - - [06/Mar/2017:11:56:33 -0300] "POST /cormun/servlet/solicitudot?gx-no-cache=1488812263939 HTTP/1.1" 200 235
190.101.9.138 - - [06/Mar/2017:11:56:33 -0300] "POST /cormun/servlet/solicitudot?gx-no-cache=1488812264017 HTTP/1.1" 200 38
186.103.156.24 - - [06/Mar/2017:11:56:34 -0300] "GET /cormun/servlet/solicitudot?INS,0,0, HTTP/1.1" 200 12762
186.103.156.24 - - [06/Mar/2017:11:56:34 -0300] "GET /cormun/servlet/solicitudot?INS,0,0, HTTP/1.1" 200 12766
186.103.156.24 - - [06/Mar/2017:11:56:45 -0300] "POST /cormun/servlet/solicitudot?gx-no-cache=1488812323596 HTTP/1.1" 200 3081
186.79.62.77 - - [06/Mar/2017:11:56:45 -0300] "POST /cormun/servlet/permisosingoce?4fd7fa89a6ecee0ce649c51beac1d899,INS,0,,gx-no-cache=1488812274921 HTTP/1.1" 200 93
186.79.62.77 - - [06/Mar/2017:11:56:45 -0300] "GET /cormun/servlet/hpexe_return? HTTP/1.1" 200 1005
186.103.156.24 - - [06/Mar/2017:11:56:45 -0300] "POST /cormun/servlet/solicitudot?89633d538ea669b856c6bce39ed63878,INS,0,0,,gx-no-cache=1488812323808 HTTP/1.1" 200 9868
186.79.62.77 - - [06/Mar/2017:11:56:46 -0300] "GET /cormun/servlet/trpermisosingoce HTTP/1.1" 200 7444
190.101.9.138 - - [06/Mar/2017:11:56:46 -0300] "GET /cormun/servlet/solicitudot?1d45df0167ad330eccb73b909c298a9e2a4a72abcf5181e3f0d62c24ca2df3dff77ae946ffe9ad6815cd066c528ac069b2cd38bfb594da4a52f20fd079146da7e60387804c0ddf12366a4a370fbdad598789ee095019489fd0966af3593db41e9b6a64b748f95c9ccb52e96f74da2fe0,gx-no-cache=1488812276778 HTTP/1.1" 200 29
186.79.62.77 - - [06/Mar/2017:11:56:46 -0300] "GET /cormun/servlet/trpermisosingoce HTTP/1.1" 200 7440
190.101.9.138 - - [06/Mar/2017:11:56:46 -0300] "POST /cormun/servlet/solicitudot?gx-no-cache=1488812276825 HTTP/1.1" 200 643
190.101.9.138 - - [06/Mar/2017:11:56:48 -0300] "POST /cormun/servlet/solicitudot?gx-no-cache=1488812278837 HTTP/1.1" 200 1157
186.103.156.24 - - [06/Mar/2017:11:56:52 -0300] "GET /cormun/servlet/solicitudot?b16cef694f3ae667372627318633e9eacc3ab18cfcc10b08aaf7a04d5850c29642f4fed9c3c29a2e5c7f54c0229e99d2,gx-no-cache=1488812331190 HTTP/1.1" 200 30
190.101.9.138 - - [06/Mar/2017:11:56:56 -0300] "GET /cormun/static/menuarrow.gif HTTP/1.1" 404 1015
186.79.62.77 - - [06/Mar/2017:11:56:58 -0300] "GET /cormun/servlet/trpermisosingoceadjunto?25,15805170, HTTP/1.1" 200 5918
186.79.62.77 - - [06/Mar/2017:11:56:58 -0300] "GET /cormun/static/gxcfg.js?2016101716221623 HTTP/1.1" 200 953
186.79.62.77 - - [06/Mar/2017:11:56:59 -0300] "GET /cormun/static/trpermisosingoceadjunto.js?2016101716221846 HTTP/1.1" 200 16824
186.79.62.77 - - [06/Mar/2017:11:56:59 -0300] "GET /cormun/servlet/trpermisosingoceadjunto?25,15805170, HTTP/1.1" 200 5918
186.79.62.77 - - [06/Mar/2017:11:57:00 -0300] "POST /cormun/servlet/acontrolpreferencessavestate?None,CD-33,true HTTP/1.1" 200 35
186.79.62.77 - - [06/Mar/2017:11:57:01 -0300] "GET /cormun/servlet/permisosingoceadjunto?INS,25,, HTTP/1.1" 200 5297
186.79.62.77 - - [06/Mar/2017:11:57:01 -0300] "GET /cormun/static/gxcfg.js?201612218485893 HTTP/1.1" 200 953
186.79.62.77 - - [06/Mar/2017:11:57:01 -0300] "GET /cormun/static/permisosingoceadjunto.js?20161221848591 HTTP/1.1" 200 6939
186.79.62.77 - - [06/Mar/2017:11:57:02 -0300] "GET /cormun/static/about:blank HTTP/1.1" 404 1011
186.79.62.77 - - [06/Mar/2017:11:57:02 -0300] "GET /cormun/servlet/permisosingoceadjunto?INS,25,, HTTP/1.1" 200 5284
186.79.62.77 - - [06/Mar/2017:11:57:02 -0300] "GET /cormun/servlet/permisosingoceadjunto?d9f177b7a8a9f1ed00dfd0c555373aee918b075236d4e642f0bf1cccd1f9f13d,gx-no-cache=1488812292481 HTTP/1.1" 200 26
190.101.9.138 - - [06/Mar/2017:11:57:14 -0300] "POST /cormun/servlet/solicitudot?gx-no-cache=1488812304827 HTTP/1.1" 200 256
190.101.9.138 - - [06/Mar/2017:11:57:20 -0300] "GET /cormun/servlet/solicitudot?1d45df0167ad330eccb73b909c298a9e36503f52d65bcdf3fabe71959de5128268371f9caf03a769c53af7563302301b41f669c27a4164713c9c3b153bfe27f9d532b3b60cfdc1a735476f67ce181db35ae468bb6e5511670bd4773e4dac22a9c89ff3a0f298977192cf32be1d3bf0c3f7ac88eb4343192f433bcc8e344af354164474899f00ea4cc8ca93eb38b2d6eabe8363526069eb38c7fe0347faa986caef316526426de600f956e815ab272197277cf0956dd7415051f36587fd1ffaee6c2c949ba3db68a71e3a129094aa77d473cf70088c6be7bee2098ec616c6a51ea902041adb0e3b74ae142834b59081f90b67946b2b8fef9292b2eed4f958280e5cbc06d4d4d601e5534cd41ac18b27aacadb3d3ba56d4d23fecb191764719c0cd3e6b09c8bd6aa1e65fa10033285cbfc61ffa7ae95f5d237ffdebca0031d3d88de307c394aaeaa2b8f23d8e4da37df16e7a7bcad675ada5ffb280af9a348b02fe0c08db40ac9f545f30897f6da0476bf16e4698bfeaebe61f78705b9b6c09f48,gx-no-cache=1488812310224 HTTP/1.1" 200 30
190.101.9.138 - - [06/Mar/2017:11:57:23 -0300] "POST /cormun/servlet/solicitudot?gx-no-cache=1488812313500 HTTP/1.1" 200 30
186.103.159.182 - - [06/Mar/2017:11:57:28 -0300] "GET /cormun/servlet/licenciaspermisos?cbb9a7989f1c71519f6b156be50bdad1c59f403e1a9181b945c9496e00175f28f1d097ab77d3b654737ea5601b1faecaccfb0656be162a4e6586533ee2ffa2703ee10614816b79ce0c27b16c1c6046636ebd3ef6d808a10a70477663a82de0bd8894cd707f061342cb08b0130e898bcda5f6ea242b2283301c4f32929e8e6012cfe384d453bd8dba0f4f22b2ee8444d621090ac13f2a705e6a3267015ca7e4f7904b53fb398cc65002a6d7feb0b528a1,gx-no-cache=1488812319476 HTTP/1.1" 200 30
186.103.159.182 - - [06/Mar/2017:11:57:28 -0300] "POST /cormun/servlet/licenciaspermisos?3544e2793337c3062ec23c7147fd28ec,INS,0,,,,gx-no-cache=1488812319562 HTTP/1.1" 200 4707
190.101.9.138 - - [06/Mar/2017:11:57:32 -0300] "POST /cormun/servlet/solicitudot?gx-no-cache=1488812322892 HTTP/1.1" 200 1287
190.101.9.138 - - [06/Mar/2017:11:57:32 -0300] "POST /cormun/servlet/solicitudot?gx-no-cache=1488812323095 HTTP/1.1" 200 41
190.101.9.138 - - [06/Mar/2017:11:57:33 -0300] "POST /cormun/servlet/solicitudot?gx-no-cache=1488812323173 HTTP/1.1" 200 1275
190.101.9.138 - - [06/Mar/2017:11:57:33 -0300] "POST /cormun/servlet/solicitudot?gx-no-cache=1488812323266 HTTP/1.1" 200 1156
190.101.9.138 - - [06/Mar/2017:11:57:33 -0300] "GET /cormun/servlet/solicitudot?1d45df0167ad330eccb73b909c298a9ea03a5aadfabd2f1ab59149ead31fdadf4e87580940e1a29b1eb05475d271fffa98b0623fdaa8c57e99fa27df340010ab9f5b99fb809eea55aeb872e2da4cf3bb6966945e3254f1874a53ff6fb0bb027d1751ae55a1858b2fa0c117525de12f03851b3feb20acc582a891f0ba70c12e1d492f319c9bb94df878d88fcc0a13a93ae67f54f7edb0921081300b15d0d9eecde3e369fbd9485aff043583ee8e96cf7b,gx-no-cache=1488812323313 HTTP/1.1" 200 30
190.101.9.138 - - [06/Mar/2017:11:57:33 -0300] "POST /cormun/servlet/solicitudot?106591f41fcaf1eb8a2f40f76b3c7a36,INS,0,0,,gx-no-cache=1488812323391 HTTP/1.1" 200 10999
190.101.9.138 - - [06/Mar/2017:11:57:33 -0300] "GET /cormun/static/Shared/jqueryui/images/ui-bg_highlight-soft_100_c6c2c8_1x100.png HTTP/1.1" 404 1117
186.103.159.188 - - [06/Mar/2017:11:57:33 -0300] "GET /cormun/static/Shared/jqueryui/images/ui-icons_82798d_256x240.png HTTP/1.1" 404 1089
186.103.159.188 - - [06/Mar/2017:11:57:33 -0300] "GET /cormun/static/Shared/jqueryui/images/ui-bg_flat_55_994d53_40x100.png HTTP/1.1" 404 1097
186.103.159.188 - - [06/Mar/2017:11:57:33 -0300] "GET /cormun/static/Shared/jqueryui/images/ui-icons_ebccce_256x240.png HTTP/1.1" 404 1089
186.79.62.77 - - [06/Mar/2017:11:57:33 -0300] "POST /cormun/servlet/permisosingoceadjunto?4fd7fa89a6ecee0ce649c51beac1d899,INS,25,, HTTP/1.1" 200 116
186.79.62.77 - - [06/Mar/2017:11:57:33 -0300] "GET /cormun/servlet/hpexe_return? HTTP/1.1" 200 1023
186.79.62.77 - - [06/Mar/2017:11:57:34 -0300] "GET /cormun/servlet/trpermisosingoceadjunto?25,15805170, HTTP/1.1" 200 6317
186.79.62.77 - - [06/Mar/2017:11:57:34 -0300] "GET /cormun/servlet/trpermisosingoceadjunto?25,15805170, HTTP/1.1" 200 6314
186.79.62.77 - - [06/Mar/2017:11:57:38 -0300] "POST /cormun/servlet/trpermisosingoceadjunto?4fd7fa89a6ecee0ce649c51beac1d899,25,15805170,,gx-no-cache=1488812327997 HTTP/1.1" 200 90
186.79.62.77 - - [06/Mar/2017:11:57:38 -0300] "GET /cormun/servlet/hpexe_link HTTP/1.1" 200 973
186.79.62.77 - - [06/Mar/2017:11:57:38 -0300] "GET /cormun/servlet/trpermisosingoce HTTP/1.1" 200 7447
186.79.62.77 - - [06/Mar/2017:11:57:39 -0300] "GET /cormun/servlet/trpermisosingoce HTTP/1.1" 200 7445
186.79.62.77 - - [06/Mar/2017:11:57:46 -0300] "POST /cormun/servlet/trpermisosingoce?4fd7fa89a6ecee0ce649c51beac1d899,gx-no-cache=1488812335753 HTTP/1.1" 200 4024
186.79.62.77 - - [06/Mar/2017:11:57:46 -0300] "GET /cormun/static/Shared/jqueryui/images/ui-bg_highlight-soft_100_c6c2c8_1x100.png HTTP/1.1" 404 1117
186.79.62.77 - - [06/Mar/2017:11:57:46 -0300] "GET /cormun/static/Shared/jqueryui/images/ui-icons_82798d_256x240.png HTTP/1.1" 404 1089
186.79.62.77 - - [06/Mar/2017:11:57:46 -0300] "GET /cormun/static/Shared/jqueryui/images/ui-bg_flat_55_fafafa_40x100.png HTTP/1.1" 404 1097
186.79.62.77 - - [06/Mar/2017:11:57:46 -0300] "GET /cormun/static/Shared/jqueryui/images/ui-icons_8d78a5_256x240.png HTTP/1.1" 404 1089
201.246.239.225 - - [06/Mar/2017:11:57:55 -0300] "POST /cormun/servlet/trcontratosolicitud?17d4c50b2d76bea4d6b2f718c6d1a4dd,,gx-no-cache=1488812350353 HTTP/1.1" 200 3981
186.79.170.171 - - [06/Mar/2017:11:58:00 -0300] "GET /cormun/servlet/solicitudot?d7080b9f1aba5472e550b68cbdef821f3f6f13e313ab8d1983e8d4a9fa42577670f05296702c99b7c4fff9f1c3175db51da06199127aadbd642ede0769f90a6193fb3dbf0e9093b8c5c65725babb6287455e2b11ace90357b4244bc2677f49b106fdfc6c16a8c6007bc7c10773bed148ad865c69477364fc4d4e89c9701d10185fd2370473add025d807621ac8dc74d4011d49e56a4fa5d7948ea4c4616b956c82005513d460676566a040b8d7228d01,gx-no-cache=1488812350305 HTTP/1.1" 200 30
186.103.159.182 - - [06/Mar/2017:11:58:01 -0300] "GET /cormun/servlet/prfichaempleado?,MD,,gxPopupLevel%3D0%3B HTTP/1.1" 200 8911
201.246.239.225 - - [06/Mar/2017:11:58:05 -0300] "GET /cormun/servlet/trcontratounov2? HTTP/1.1" 200 16771
201.246.239.225 - - [06/Mar/2017:11:58:05 -0300] "GET /cormun/static/gxcfg.js?201612281114880 HTTP/1.1" 200 953
201.246.239.225 - - [06/Mar/2017:11:58:05 -0300] "GET /cormun/static/Resources/PXToolsAddSelectedAction.png HTTP/1.1" 200 3660
201.246.239.225 - - [06/Mar/2017:11:58:05 -0300] "GET /cormun/static/trcontratounov2.js?2016122811141421 HTTP/1.1" 200 38423
186.103.159.188 - - [06/Mar/2017:11:58:07 -0300] "GET /cormun/servlet/solicitudot?1d45df0167ad330eccb73b909c298a9e36503f52d65bcdf3fabe71959de5128268371f9caf03a769c53af7563302301b41f669c27a4164713c9c3b153bfe27f9d532b3b60cfdc1a735476f67ce181db35ae468bb6e5511670bd4773e4dac22a9c89ff3a0f298977192cf32be1d3bf0c3f7ac88eb4343192f433bcc8e344af354164474899f00ea4cc8ca93eb38b2d6eabe8363526069eb38c7fe0347faa986caef316526426de600f956e815ab272197277cf0956dd7415051f36587fd1ffaee6c2c949ba3db68a71e3a129094aa77d473cf70088c6be7bee2098ec616c6a51ea902041adb0e3b74ae142834b59081f90b67946b2b8fef9292b2eed4f958280e5cbc06d4d4d601e5534cd41ac18b27aacadb3d3ba56d4d23fecb191764719c0cd3e6b09c8bd6aa1e65fa10033285cbfc61ffa7ae95f5d237ffdebca0031d3d88de307c394aaeaa2b8f23d8e4da37df16e7a7bcad675ada5ffb280af9a348b02fe0c08db40ac9f545f30897f6da0476bf16e4698bfeaebe61f78705b9b6c09f48,gx-no-cache=1488812356795 HTTP/1.1" 200 30
186.103.159.188 - - [06/Mar/2017:11:58:07 -0300] "POST /cormun/servlet/solicitudot?gx-no-cache=1488812357154 HTTP/1.1" 200 30
186.103.159.188 - - [06/Mar/2017:11:58:07 -0300] "POST /cormun/servlet/solicitudot?gx-no-cache=1488812357217 HTTP/1.1" 200 1287
186.103.159.188 - - [06/Mar/2017:11:58:07 -0300] "POST /cormun/servlet/solicitudot?gx-no-cache=1488812357326 HTTP/1.1" 200 41
186.103.159.188 - - [06/Mar/2017:11:58:07 -0300] "POST /cormun/servlet/solicitudot?gx-no-cache=1488812357388 HTTP/1.1" 200 1275
186.103.159.188 - - [06/Mar/2017:11:58:07 -0300] "POST /cormun/servlet/solicitudot?gx-no-cache=1488812357466 HTTP/1.1" 200 1156
186.103.159.188 - - [06/Mar/2017:11:58:07 -0300] "GET /cormun/servlet/solicitudot?1d45df0167ad330eccb73b909c298a9ea03a5aadfabd2f1ab59149ead31fdadf4e87580940e1a29b1eb05475d271fffa98b0623fdaa8c57e99fa27df340010ab9f5b99fb809eea55aeb872e2da4cf3bb6966945e3254f1874a53ff6fb0bb027d1751ae55a1858b2fa0c117525de12f03851b3feb20acc582a891f0ba70c12e1d492f319c9bb94df878d88fcc0a13a93ae67f54f7edb0921081300b15d0d9eecde3e369fbd9485aff043583ee8e96cf7b,gx-no-cache=1488812357544 HTTP/1.1" 200 30
201.246.239.225 - - [06/Mar/2017:11:58:07 -0300] "GET /cormun/servlet/trcontratounov2? HTTP/1.1" 200 16764
186.103.159.188 - - [06/Mar/2017:11:58:08 -0300] "POST /cormun/servlet/solicitudot?106591f41fcaf1eb8a2f40f76b3c7a36,INS,0,0,,gx-no-cache=1488812357622 HTTP/1.1" 200 93
186.103.159.188 - - [06/Mar/2017:11:58:08 -0300] "GET /cormun/servlet/hpexe_return? HTTP/1.1" 200 1009
186.103.159.188 - - [06/Mar/2017:11:58:08 -0300] "GET /cormun/servlet/trsolicitudot HTTP/1.1" 200 8775
186.103.159.188 - - [06/Mar/2017:11:58:08 -0300] "GET /cormun/servlet/trsolicitudot HTTP/1.1" 200 8771
186.103.159.182 - - [06/Mar/2017:11:58:22 -0300] "POST /cormun/servlet/prfichaempleado?3544e2793337c3062ec23c7147fd28ec,,MD,,gxPopupLevel%3D0%3B,gx-no-cache=1488812373601 HTTP/1.1" 200 3406
186.79.62.77 - - [06/Mar/2017:11:58:25 -0300] "GET /cormun/servlet/trautorizarsolicitud? HTTP/1.1" 200 6015
186.79.62.77 - - [06/Mar/2017:11:58:26 -0300] "GET /cormun/servlet/trautorizarsolicitud? HTTP/1.1" 200 5993
186.79.62.77 - - [06/Mar/2017:11:58:26 -0300] "GET /cormun/servlet/hlogin HTTP/1.1" 200 1739
186.103.159.182 - - [06/Mar/2017:11:58:28 -0300] "GET /cormun/servlet/licenciaspermisos?cbb9a7989f1c71519f6b156be50bdad1826dd94d3afdd95593e03248218ba395a3d43b6e739acefcac55ac53cd8da711662ebd97cffe407084cb181ae0e509e52d82e84908318192c3e4a6d9783bd2391767555fc8a7bd4d10ec427c4005c2b8930f64e605bee0c0e2b50de1b6541a939ad3c5227a568b634695f4d5c6d41e677acccf93ed072412f1778039b506344aeb119998f7b03b458369a2e51bed69034c6aabdb2b76496675cc80a18b6120ebb0bfcf81decd282dee5c6423d3998b242f10756077655ebe4c1f8be2b009f12bbfd1acfc5235d86113a24e8668205f4e296e6297830c78766ed5b3ec865d6eae,gx-no-cache=1488812379337 HTTP/1.1" 200 62
186.103.159.182 - - [06/Mar/2017:11:58:28 -0300] "POST /cormun/servlet/licenciaspermisos?3544e2793337c3062ec23c7147fd28ec,INS,0,,,,gx-no-cache=1488812379517 HTTP/1.1" 200 93
186.103.159.182 - - [06/Mar/2017:11:58:28 -0300] "GET /cormun/servlet/hpexe_return? HTTP/1.1" 200 1013
186.103.159.182 - - [06/Mar/2017:11:58:29 -0300] "GET /cormun/static/gxcfg.js?2016101716175148 HTTP/1.1" 200 953
186.103.159.182 - - [06/Mar/2017:11:58:29 -0300] "GET /cormun/static/hpexe_return.js?2016101716175153 HTTP/1.1" 200 1633
201.246.239.225 - - [06/Mar/2017:11:58:29 -0300] "POST /cormun/servlet/trcontratounov2?17d4c50b2d76bea4d6b2f718c6d1a4dd,,gx-no-cache=1488812383865 HTTP/1.1" 200 90
186.103.159.182 - - [06/Mar/2017:11:58:29 -0300] "GET /cormun/servlet/trlicencias HTTP/1.1" 200 8100
201.246.239.225 - - [06/Mar/2017:11:58:29 -0300] "GET /cormun/servlet/hpexe_link HTTP/1.1" 200 962
186.79.62.77 - - [06/Mar/2017:11:58:29 -0300] "POST /cormun/servlet/hlogin?27ccfc9876eb167a96fb8cedf321d78e,gx-no-cache=1488812379419 HTTP/1.1" 200 90
186.79.62.77 - - [06/Mar/2017:11:58:29 -0300] "GET /cormun/servlet/hpexe_link HTTP/1.1" 200 962
201.246.239.225 - - [06/Mar/2017:11:58:29 -0300] "GET /cormun/servlet/trcontratosolicitud? HTTP/1.1" 200 6509
186.79.62.77 - - [06/Mar/2017:11:58:29 -0300] "GET /cormun/servlet/trautorizarsolicitud HTTP/1.1" 200 6710
186.79.62.77 - - [06/Mar/2017:11:58:30 -0300] "GET /cormun/servlet/trautorizarsolicitud HTTP/1.1" 200 6708
201.246.239.225 - - [06/Mar/2017:11:58:31 -0300] "GET /cormun/servlet/trcontratosolicitud? HTTP/1.1" 200 6507
186.103.159.182 - - [06/Mar/2017:11:58:31 -0300] "GET /cormun//static/Resources/PXToolsGridUpdate.png HTTP/1.1" 200 2984
186.103.159.182 - - [06/Mar/2017:11:58:32 -0300] "GET /cormun//static/Resources/PXToolsGridDelete.png HTTP/1.1" 200 357
186.103.159.182 - - [06/Mar/2017:11:58:32 -0300] "GET /cormun//static/Resources/PXToolsGridDisplay.png HTTP/1.1" 200 362
186.103.159.182 - - [06/Mar/2017:11:58:32 -0300] "GET /cormun//static/Resources/PXToolsActionPrint.png HTTP/1.1" 200 3317
186.103.159.182 - - [06/Mar/2017:11:58:32 -0300] "GET /cormun//static/Resources/PXTools/ActionInsert.png HTTP/1.1" 200 1482
186.103.159.182 - - [06/Mar/2017:11:58:32 -0300] "GET /cormun//static/Resources/PXToolsHeaderHelp.png HTTP/1.1" 200 4055
186.103.159.182 - - [06/Mar/2017:11:58:32 -0300] "GET /cormun//static/Resources/PXToolsHeaderFavorites.png HTTP/1.1" 200 2744
186.103.159.182 - - [06/Mar/2017:11:58:32 -0300] "GET /cormun/servlet/trlicencias HTTP/1.1" 200 8096
186.79.62.77 - - [06/Mar/2017:11:58:38 -0300] "GET /cormun/static/menuarrow.gif HTTP/1.1" 404 1015
186.103.159.182 - - [06/Mar/2017:11:58:39 -0300] "GET /cormun/servlet/licenciaspermisos?INS,0,,, HTTP/1.1" 200 7399
201.246.239.225 - - [06/Mar/2017:11:58:40 -0300] "GET /cormun/servlet/trcontratosolicitud? HTTP/1.1" 200 6507
186.103.159.182 - - [06/Mar/2017:11:58:41 -0300] "GET /cormun/servlet/licenciaspermisos?INS,0,,, HTTP/1.1" 200 7399
201.246.239.225 - - [06/Mar/2017:11:58:42 -0300] "GET /cormun/servlet/trcontratosolicitud? HTTP/1.1" 200 6507
201.246.239.225 - - [06/Mar/2017:11:58:45 -0300] "POST /cormun/servlet/trcontratosolicitud?17d4c50b2d76bea4d6b2f718c6d1a4dd,,gx-no-cache=1488812400540 HTTP/1.1" 200 3983
186.79.62.77 - - [06/Mar/2017:11:58:46 -0300] "POST /cormun/servlet/trautorizarsolicitud?27ccfc9876eb167a96fb8cedf321d78e,gx-no-cache=1488812396280 HTTP/1.1" 200 3866
201.246.239.225 - - [06/Mar/2017:11:58:49 -0300] "POST /cormun/servlet/trcontratosolicitud?17d4c50b2d76bea4d6b2f718c6d1a4dd,,gx-no-cache=1488812404842 HTTP/1.1" 200 3982
186.103.159.188 - - [06/Mar/2017:11:58:49 -0300] "POST /cormun/servlet/trsolicitudot?106591f41fcaf1eb8a2f40f76b3c7a36,gx-no-cache=1488812399899 HTTP/1.1" 200 106
186.103.159.188 - - [06/Mar/2017:11:58:49 -0300] "GET /cormun/servlet/trsolicitudadjuntos?2017,5204, HTTP/1.1" 200 5878
186.103.159.188 - - [06/Mar/2017:11:58:50 -0300] "GET /cormun/servlet/trsolicitudadjuntos?2017,5204, HTTP/1.1" 200 5878
186.103.159.188 - - [06/Mar/2017:11:58:53 -0300] "GET /cormun/servlet/solicitudotadjuntos?INS,2017,5204,,1, HTTP/1.1" 200 5809
186.103.159.188 - - [06/Mar/2017:11:58:53 -0300] "GET /cormun/static/about:blank HTTP/1.1" 404 1011
186.103.159.188 - - [06/Mar/2017:11:58:54 -0300] "GET /cormun/servlet/solicitudotadjuntos?INS,2017,5204,,1, HTTP/1.1" 200 5803
186.103.159.188 - - [06/Mar/2017:11:58:54 -0300] "GET /cormun/servlet/solicitudotadjuntos?1d45df0167ad330eccb73b909c298a9e0bf209b6ac55bd641585eb6c5495555d32e1a214b8d6f71f46e0994468b9c4c9,gx-no-cache=1488812404704 HTTP/1.1" 200 30
186.103.159.188 - - [06/Mar/2017:11:58:54 -0300] "POST /cormun/servlet/solicitudotadjuntos?106591f41fcaf1eb8a2f40f76b3c7a36,INS,2017,5204,,1,,gx-no-cache=1488812404751 HTTP/1.1" 200 3647
186.103.159.188 - - [06/Mar/2017:11:58:56 -0300] "POST /cormun/servlet/solicitudotadjuntos?gx-no-cache=1488812406810 HTTP/1.1" 200 26
186.103.159.182 - - [06/Mar/2017:11:58:57 -0300] "GET /cormun/servlet/prfichaempleado?,MD,,gxPopupLevel%3D0%3B HTTP/1.1" 200 8911
201.246.239.225 - - [06/Mar/2017:11:58:58 -0300] "GET /cormun/servlet/trcontratounov2? HTTP/1.1" 200 16772
201.246.239.225 - - [06/Mar/2017:11:59:00 -0300] "GET /cormun/servlet/trcontratounov2? HTTP/1.1" 200 16778
186.79.62.77 - - [06/Mar/2017:11:59:10 -0300] "POST /cormun/servlet/trautorizarsolicitud?27ccfc9876eb167a96fb8cedf321d78e,gx-no-cache=1488812420004 HTTP/1.1" 200 3864
201.246.239.225 - - [06/Mar/2017:11:59:10 -0300] "GET /cormun/servlet/trcontratosolicitud? HTTP/1.1" 200 6507
186.103.159.182 - - [06/Mar/2017:11:59:10 -0300] "POST /cormun/servlet/prfichaempleado?3544e2793337c3062ec23c7147fd28ec,,MD,,gxPopupLevel%3D0%3B,gx-no-cache=1488812417311 HTTP/1.1" 200 3407
201.246.239.225 - - [06/Mar/2017:11:59:12 -0300] "GET /cormun/servlet/trcontratosolicitud? HTTP/1.1" 200 6507
186.79.170.171 - - [06/Mar/2017:11:59:13 -0300] "POST /cormun/servlet/solicitudot?0262cfd83562ddcab1989bbed655c15b,INS,0,0,,gx-no-cache=1488812422116 HTTP/1.1" 200 93
186.79.170.171 - - [06/Mar/2017:11:59:13 -0300] "GET /cormun/servlet/hpexe_return? HTTP/1.1" 200 1008
186.79.170.171 - - [06/Mar/2017:11:59:13 -0300] "GET /cormun/static/gxcfg.js?2016101716175148 HTTP/1.1" 200 953
186.79.170.171 - - [06/Mar/2017:11:59:13 -0300] "GET /cormun/static/hpexe_return.js?2016101716175153 HTTP/1.1" 200 1633
186.79.170.171 - - [06/Mar/2017:11:59:13 -0300] "GET /cormun/servlet/trsolicitudot HTTP/1.1" 200 8221
186.79.170.171 - - [06/Mar/2017:11:59:14 -0300] "GET /cormun//static/Resources/PXToolsActionView.png HTTP/1.1" 200 2995
186.79.170.171 - - [06/Mar/2017:11:59:14 -0300] "GET /cormun//static/Resources/PXToolsGridUpdate.png HTTP/1.1" 200 2984
186.79.170.171 - - [06/Mar/2017:11:59:14 -0300] "GET /cormun/servlet/trsolicitudot HTTP/1.1" 200 8217
186.79.170.171 - - [06/Mar/2017:11:59:14 -0300] "GET /cormun//static/Resources/PXToolsGridDelete.png HTTP/1.1" 200 357
186.79.170.171 - - [06/Mar/2017:11:59:14 -0300] "GET /cormun//static/Resources/PXToolsRemoveAllAction.png HTTP/1.1" 200 3558
186.79.170.171 - - [06/Mar/2017:11:59:14 -0300] "GET /cormun//static/Resources/PXTools/ActionInsert.png HTTP/1.1" 200 1482
186.103.159.182 - - [06/Mar/2017:11:59:15 -0300] "GET /cormun/servlet/licenciaspermisos?cbb9a7989f1c71519f6b156be50bdad145a68f75085e82ef569e90ca3ca1747801659aa7ab9fabfc168cd2666a4b6322,gx-no-cache=1488812422718 HTTP/1.1" 200 68
186.103.159.182 - - [06/Mar/2017:11:59:16 -0300] "POST /cormun/servlet/licenciaspermisos?3544e2793337c3062ec23c7147fd28ec,INS,0,,,,gx-no-cache=1488812422800 HTTP/1.1" 200 4605
186.79.170.171 - - [06/Mar/2017:11:59:23 -0300] "POST /cormun/servlet/trsolicitudot?0262cfd83562ddcab1989bbed655c15b,gx-no-cache=1488812433216 HTTP/1.1" 200 4346
186.79.170.171 - - [06/Mar/2017:11:59:23 -0300] "GET /cormun/static/Shared/jqueryui/images/ui-bg_highlight-soft_100_c6c2c8_1x100.png HTTP/1.1" 404 1117
186.79.170.171 - - [06/Mar/2017:11:59:23 -0300] "GET /cormun/static/Shared/jqueryui/images/ui-icons_82798d_256x240.png HTTP/1.1" 404 1089
186.79.170.171 - - [06/Mar/2017:11:59:23 -0300] "GET /cormun/static/Shared/jqueryui/images/ui-bg_flat_55_fafafa_40x100.png HTTP/1.1" 404 1097
186.79.170.171 - - [06/Mar/2017:11:59:23 -0300] "GET /cormun/static/Shared/jqueryui/images/ui-icons_8d78a5_256x240.png HTTP/1.1" 404 1089
186.79.170.171 - - [06/Mar/2017:11:59:24 -0300] "POST /cormun/servlet/trsolicitudot?0262cfd83562ddcab1989bbed655c15b,gx-no-cache=1488812433753 HTTP/1.1" 200 4124
201.246.239.225 - - [06/Mar/2017:11:59:24 -0300] "POST /cormun/servlet/trcontratosolicitud?17d4c50b2d76bea4d6b2f718c6d1a4dd,,gx-no-cache=1488812440218 HTTP/1.1" 200 3984
186.79.170.171 - - [06/Mar/2017:11:59:27 -0300] "GET /cormun/servlet/trautorizarsolicitud? HTTP/1.1" 200 9616
190.101.9.138 - - [06/Mar/2017:11:59:27 -0300] "GET /cormun/servlet/solicitudotadjuntos?1d45df0167ad330eccb73b909c298a9e7f181ec6c9a1e8502a8f76e533b26c70,gx-no-cache=1488812437028 HTTP/1.1" 200 30
186.79.170.171 - - [06/Mar/2017:11:59:27 -0300] "GET /cormun/static/gxcfg.js?2017259112829 HTTP/1.1" 200 953
190.101.9.138 - - [06/Mar/2017:11:59:28 -0300] "GET /cormun/servlet/solicitudotadjuntos?1d45df0167ad330eccb73b909c298a9e7f181ec6c9a1e8502a8f76e533b26c70,gx-no-cache=1488812438135 HTTP/1.1" 200 30
186.79.170.171 - - [06/Mar/2017:11:59:28 -0300] "GET /cormun/static/trautorizarsolicitud.js?2017259113483 HTTP/1.1" 200 53096
190.101.9.138 - - [06/Mar/2017:11:59:28 -0300] "POST /cormun/servlet/solicitudotadjuntos?106591f41fcaf1eb8a2f40f76b3c7a36,INS,2017,5204,,1, HTTP/1.1" 200 116
190.101.9.138 - - [06/Mar/2017:11:59:28 -0300] "GET /cormun/servlet/hpexe_return? HTTP/1.1" 200 1028
190.101.9.138 - - [06/Mar/2017:11:59:28 -0300] "GET /cormun/servlet/trsolicitudadjuntos?2017,5204, HTTP/1.1" 200 7951
186.79.170.171 - - [06/Mar/2017:11:59:28 -0300] "GET /cormun/servlet/trautorizarsolicitud? HTTP/1.1" 200 9616
190.101.9.138 - - [06/Mar/2017:11:59:28 -0300] "GET /cormun/servlet/trsolicitudadjuntos?2017,5204, HTTP/1.1" 200 7947
190.101.9.138 - - [06/Mar/2017:11:59:31 -0300] "GET /cormun/servlet/solicitudotadjuntos?INS,2017,5204,,1, HTTP/1.1" 200 5809
190.101.9.138 - - [06/Mar/2017:11:59:31 -0300] "GET /cormun/static/about:blank HTTP/1.1" 404 1011
190.101.9.138 - - [06/Mar/2017:11:59:31 -0300] "GET /cormun/servlet/solicitudotadjuntos?INS,2017,5204,,1, HTTP/1.1" 200 5803
190.101.9.138 - - [06/Mar/2017:11:59:31 -0300] "GET /cormun/servlet/solicitudotadjuntos?1d45df0167ad330eccb73b909c298a9e0bf209b6ac55bd641585eb6c5495555d32e1a214b8d6f71f46e0994468b9c4c9,gx-no-cache=1488812441895 HTTP/1.1" 200 30
190.101.9.138 - - [06/Mar/2017:11:59:31 -0300] "POST /cormun/servlet/solicitudotadjuntos?106591f41fcaf1eb8a2f40f76b3c7a36,INS,2017,5204,,1,,gx-no-cache=1488812441942 HTTP/1.1" 200 3646
190.101.9.138 - - [06/Mar/2017:11:59:34 -0300] "POST /cormun/servlet/solicitudotadjuntos?gx-no-cache=1488812445023 HTTP/1.1" 200 26
190.101.9.138 - - [06/Mar/2017:11:59:40 -0300] "GET /cormun/servlet/solicitudotadjuntos?1d45df0167ad330eccb73b909c298a9e7f181ec6c9a1e8502a8f76e533b26c70,gx-no-cache=1488812450421 HTTP/1.1" 200 30
190.101.9.138 - - [06/Mar/2017:11:59:40 -0300] "GET /cormun/servlet/solicitudotadjuntos?1d45df0167ad330eccb73b909c298a9e7f181ec6c9a1e8502a8f76e533b26c70,gx-no-cache=1488812450467 HTTP/1.1" 200 30
190.101.9.138 - - [06/Mar/2017:11:59:40 -0300] "POST /cormun/servlet/solicitudotadjuntos?106591f41fcaf1eb8a2f40f76b3c7a36,INS,2017,5204,,1, HTTP/1.1" 200 116
190.101.9.138 - - [06/Mar/2017:11:59:40 -0300] "GET /cormun/servlet/hpexe_return? HTTP/1.1" 200 1028
190.101.9.138 - - [06/Mar/2017:11:59:41 -0300] "GET /cormun/servlet/trsolicitudadjuntos?2017,5204, HTTP/1.1" 200 8165
186.79.62.77 - - [06/Mar/2017:11:59:41 -0300] "GET /cormun/servlet/trpermisosingoceautorizar? HTTP/1.1" 200 7406
186.79.62.77 - - [06/Mar/2017:11:59:41 -0300] "GET /cormun/static/gxcfg.js?201612218562859 HTTP/1.1" 200 953
186.79.62.77 - - [06/Mar/2017:11:59:41 -0300] "GET /cormun/static/trpermisosingoceautorizar.js?201612218563221 HTTP/1.1" 200 29726
190.101.9.138 - - [06/Mar/2017:11:59:41 -0300] "GET /cormun/servlet/trsolicitudadjuntos?2017,5204, HTTP/1.1" 200 8162
186.79.62.77 - - [06/Mar/2017:11:59:41 -0300] "GET /cormun//static/Resources/PXToolsHeaderHelp.png HTTP/1.1" 200 4055
186.79.62.77 - - [06/Mar/2017:11:59:41 -0300] "GET /cormun/servlet/trpermisosingoceautorizar? HTTP/1.1" 200 7405
186.79.62.77 - - [06/Mar/2017:11:59:41 -0300] "GET /cormun//static/Resources/PXToolsHeaderFavorites.png HTTP/1.1" 200 2744
186.79.62.77 - - [06/Mar/2017:11:59:41 -0300] "GET /cormun//static/Resources/PXToolsActionDisabled.gif HTTP/1.1" 200 53
186.79.62.77 - - [06/Mar/2017:11:59:42 -0300] "POST /cormun/servlet/acontrolpreferencessavestate?None,MCACERES,true HTTP/1.1" 200 35
190.101.9.138 - - [06/Mar/2017:11:59:43 -0300] "GET /cormun/servlet/solicitudotadjuntos?INS,2017,5204,,1, HTTP/1.1" 200 5809
190.101.9.138 - - [06/Mar/2017:11:59:44 -0300] "GET /cormun/static/about:blank HTTP/1.1" 404 1011
190.101.9.138 - - [06/Mar/2017:11:59:44 -0300] "GET /cormun/servlet/solicitudotadjuntos?INS,2017,5204,,1, HTTP/1.1" 200 5803
190.101.9.138 - - [06/Mar/2017:11:59:44 -0300] "GET /cormun/servlet/solicitudotadjuntos?1d45df0167ad330eccb73b909c298a9e0bf209b6ac55bd641585eb6c5495555d32e1a214b8d6f71f46e0994468b9c4c9,gx-no-cache=1488812454898 HTTP/1.1" 200 30
190.101.9.138 - - [06/Mar/2017:11:59:44 -0300] "POST /cormun/servlet/solicitudotadjuntos?106591f41fcaf1eb8a2f40f76b3c7a36,INS,2017,5204,,1,,gx-no-cache=1488812454945 HTTP/1.1" 200 3646
186.103.157.42 - - [06/Mar/2017:11:59:47 -0300] "POST /cormun/servlet/trsolicitudot?e752049880d2b525750f0d2fbf619528,gx-no-cache=1488812324555 HTTP/1.1" 200 106
190.101.9.138 - - [06/Mar/2017:11:59:47 -0300] "POST /cormun/servlet/solicitudotadjuntos?gx-no-cache=1488812457877 HTTP/1.1" 200 26
186.103.157.42 - - [06/Mar/2017:11:59:47 -0300] "GET /cormun/servlet/trsolicitudadjuntos?2017,5201, HTTP/1.1" 200 6138
186.103.157.42 - - [06/Mar/2017:11:59:47 -0300] "GET /cormun/static/gxcfg.js?201612218531388 HTTP/1.1" 200 953
186.103.157.42 - - [06/Mar/2017:11:59:47 -0300] "GET /cormun/static/trsolicitudadjuntos.js?201612218531657 HTTP/1.1" 200 17913
186.103.157.42 - - [06/Mar/2017:11:59:48 -0300] "GET /cormun/servlet/trsolicitudadjuntos?2017,5201, HTTP/1.1" 200 6137
186.103.157.42 - - [06/Mar/2017:11:59:49 -0300] "GET /cormun/servlet/solicitudotadjuntos?INS,2017,5201,,1, HTTP/1.1" 200 6071
186.103.157.42 - - [06/Mar/2017:11:59:49 -0300] "GET /cormun/static/gxcfg.js?201612218465951 HTTP/1.1" 200 953
186.103.157.42 - - [06/Mar/2017:11:59:49 -0300] "GET /cormun/static/solicitudotadjuntos.js?201612218465969 HTTP/1.1" 200 11762
186.103.157.42 - - [06/Mar/2017:11:59:49 -0300] "GET /cormun/static/about:blank HTTP/1.1" 404 1011
186.103.157.42 - - [06/Mar/2017:11:59:50 -0300] "GET /cormun/servlet/solicitudotadjuntos?INS,2017,5201,,1, HTTP/1.1" 200 6065
186.103.157.42 - - [06/Mar/2017:11:59:50 -0300] "GET /cormun/servlet/solicitudotadjuntos?1285610cc8383113945b1efa49f72c67d4c11561525c04ce709bc068bf55eb340c6ef049047b247e08b220381d98c8ff,gx-no-cache=1488812327412 HTTP/1.1" 200 30
186.103.157.42 - - [06/Mar/2017:11:59:50 -0300] "POST /cormun/servlet/solicitudotadjuntos?e752049880d2b525750f0d2fbf619528,INS,2017,5201,,1,,gx-no-cache=1488812327438 HTTP/1.1" 200 3827
186.79.170.171 - - [06/Mar/2017:11:59:50 -0300] "POST /cormun/servlet/trautorizarsolicitud?0262cfd83562ddcab1989bbed655c15b,,gx-no-cache=1488812460173 HTTP/1.1" 200 6552
186.79.170.171 - - [06/Mar/2017:11:59:51 -0300] "GET /cormun/static/Shared/jqueryui/images/ui-bg_highlight-soft_100_c6c2c8_1x100.png HTTP/1.1" 404 1117
186.79.170.171 - - [06/Mar/2017:11:59:51 -0300] "GET /cormun/static/Shared/jqueryui/images/ui-icons_82798d_256x240.png HTTP/1.1" 404 1089
186.79.170.171 - - [06/Mar/2017:11:59:51 -0300] "GET /cormun/static/Shared/jqueryui/images/ui-bg_flat_55_fafafa_40x100.png HTTP/1.1" 404 1097
186.79.170.171 - - [06/Mar/2017:11:59:51 -0300] "GET /cormun/static/Shared/jqueryui/images/ui-icons_8d78a5_256x240.png HTTP/1.1" 404 1089
186.79.170.171 - - [06/Mar/2017:11:59:51 -0300] "POST /cormun/servlet/trautorizarsolicitud?0262cfd83562ddcab1989bbed655c15b,,gx-no-cache=1488812460942 HTTP/1.1" 200 6497
186.103.157.42 - - [06/Mar/2017:11:59:52 -0300] "POST /cormun/servlet/solicitudotadjuntos?gx-no-cache=1488812329513 HTTP/1.1" 200 26
190.101.9.138 - - [06/Mar/2017:11:59:54 -0300] "GET /cormun/servlet/solicitudotadjuntos?1d45df0167ad330eccb73b909c298a9e7f181ec6c9a1e8502a8f76e533b26c70,gx-no-cache=1488812464866 HTTP/1.1" 200 30
190.101.9.138 - - [06/Mar/2017:11:59:54 -0300] "GET /cormun/servlet/solicitudotadjuntos?1d45df0167ad330eccb73b909c298a9e7f181ec6c9a1e8502a8f76e533b26c70,gx-no-cache=1488812464897 HTTP/1.1" 200 30
190.101.9.138 - - [06/Mar/2017:11:59:55 -0300] "POST /cormun/servlet/solicitudotadjuntos?106591f41fcaf1eb8a2f40f76b3c7a36,INS,2017,5204,,1, HTTP/1.1" 200 116
190.101.9.138 - - [06/Mar/2017:11:59:55 -0300] "GET /cormun/servlet/hpexe_return? HTTP/1.1" 200 1028
190.101.9.138 - - [06/Mar/2017:11:59:55 -0300] "GET /cormun/servlet/trsolicitudadjuntos?2017,5204, HTTP/1.1" 200 8308
190.101.9.138 - - [06/Mar/2017:11:59:55 -0300] "GET /cormun/servlet/trsolicitudadjuntos?2017,5204, HTTP/1.1" 200 8304
186.79.170.171 - - [06/Mar/2017:11:59:56 -0300] "POST /cormun/servlet/trautorizarsolicitud?0262cfd83562ddcab1989bbed655c15b,,gx-no-cache=1488812465287 HTTP/1.1" 200 6241
186.79.170.171 - - [06/Mar/2017:11:59:56 -0300] "POST /cormun/servlet/trautorizarsolicitud?0262cfd83562ddcab1989bbed655c15b,,gx-no-cache=1488812465951 HTTP/1.1" 200 6184
190.101.9.138 - - [06/Mar/2017:11:59:57 -0300] "GET /cormun/servlet/solicitudotadjuntos?INS,2017,5204,,1, HTTP/1.1" 200 5809
190.101.9.138 - - [06/Mar/2017:11:59:57 -0300] "GET /cormun/static/about:blank HTTP/1.1" 404 1011
190.101.9.138 - - [06/Mar/2017:11:59:57 -0300] "GET /cormun/servlet/solicitudotadjuntos?INS,2017,5204,,1, HTTP/1.1" 200 5803
190.101.9.138 - - [06/Mar/2017:11:59:58 -0300] "GET /cormun/servlet/solicitudotadjuntos?1d45df0167ad330eccb73b909c298a9e0bf209b6ac55bd641585eb6c5495555d32e1a214b8d6f71f46e0994468b9c4c9,gx-no-cache=1488812468407 HTTP/1.1" 200 30
186.79.170.171 - - [06/Mar/2017:11:59:58 -0300] "POST /cormun/servlet/trautorizarsolicitud?0262cfd83562ddcab1989bbed655c15b,,gx-no-cache=1488812467667 HTTP/1.1" 200 5804
190.101.9.138 - - [06/Mar/2017:11:59:58 -0300] "POST /cormun/servlet/solicitudotadjuntos?106591f41fcaf1eb8a2f40f76b3c7a36,INS,2017,5204,,1,,gx-no-cache=1488812468454 HTTP/1.1" 200 3646
186.79.170.171 - - [06/Mar/2017:11:59:58 -0300] "POST /cormun/servlet/trautorizarsolicitud?0262cfd83562ddcab1989bbed655c15b,,gx-no-cache=1488812468331 HTTP/1.1" 200 5749
186.79.62.77 - - [06/Mar/2017:11:59:59 -0300] "POST /cormun/servlet/trpermisosingoceautorizar?27ccfc9876eb167a96fb8cedf321d78e,,gx-no-cache=1488812469053 HTTP/1.1" 200 4131
186.79.62.77 - - [06/Mar/2017:11:59:59 -0300] "GET /cormun/static/Shared/jqueryui/images/ui-bg_highlight-soft_100_c6c2c8_1x100.png HTTP/1.1" 404 1117
186.79.62.77 - - [06/Mar/2017:11:59:59 -0300] "GET /cormun/static/Shared/jqueryui/images/ui-icons_82798d_256x240.png HTTP/1.1" 404 1089
186.79.62.77 - - [06/Mar/2017:11:59:59 -0300] "GET /cormun/static/Shared/jqueryui/images/ui-bg_flat_55_fafafa_40x100.png HTTP/1.1" 404 1097
186.79.62.77 - - [06/Mar/2017:11:59:59 -0300] "GET /cormun/static/Shared/jqueryui/images/ui-icons_8d78a5_256x240.png HTTP/1.1" 404 1089
190.101.9.138 - - [06/Mar/2017:12:00:00 -0300] "POST /cormun/servlet/solicitudotadjuntos?gx-no-cache=1488812471028 HTTP/1.1" 200 26
186.79.62.77 - - [06/Mar/2017:12:00:05 -0300] "GET /cormun/servlet/trautorizarsolicitud? HTTP/1.1" 200 6721
186.79.62.77 - - [06/Mar/2017:12:00:06 -0300] "GET /cormun/servlet/trautorizarsolicitud? HTTP/1.1" 200 6721
190.101.9.138 - - [06/Mar/2017:12:00:06 -0300] "GET /cormun/servlet/solicitudotadjuntos?1d45df0167ad330eccb73b909c298a9e7f181ec6c9a1e8502a8f76e533b26c70,gx-no-cache=1488812476613 HTTP/1.1" 200 30
190.101.9.138 - - [06/Mar/2017:12:00:06 -0300] "GET /cormun/servlet/solicitudotadjuntos?1d45df0167ad330eccb73b909c298a9e7f181ec6c9a1e8502a8f76e533b26c70,gx-no-cache=1488812476644 HTTP/1.1" 200 30
190.101.9.138 - - [06/Mar/2017:12:00:06 -0300] "POST /cormun/servlet/solicitudotadjuntos?106591f41fcaf1eb8a2f40f76b3c7a36,INS,2017,5204,,1, HTTP/1.1" 200 116
190.101.9.138 - - [06/Mar/2017:12:00:06 -0300] "GET /cormun/servlet/hpexe_return? HTTP/1.1" 200 1028
190.101.9.138 - - [06/Mar/2017:12:00:07 -0300] "GET /cormun/servlet/trsolicitudadjuntos?2017,5204, HTTP/1.1" 200 8446
190.101.9.138 - - [06/Mar/2017:12:00:07 -0300] "GET /cormun/servlet/trsolicitudadjuntos?2017,5204, HTTP/1.1" 200 8442
186.103.157.42 - - [06/Mar/2017:12:00:08 -0300] "GET /cormun/servlet/solicitudotadjuntos?1285610cc8383113945b1efa49f72c671db302db2dee4dd0ae6d24439e9f017d,gx-no-cache=1488812345770 HTTP/1.1" 200 30
186.103.157.42 - - [06/Mar/2017:12:00:08 -0300] "GET /cormun/servlet/solicitudotadjuntos?1285610cc8383113945b1efa49f72c671db302db2dee4dd0ae6d24439e9f017d,gx-no-cache=1488812345786 HTTP/1.1" 200 30
186.103.157.42 - - [06/Mar/2017:12:00:09 -0300] "POST /cormun/servlet/solicitudotadjuntos?e752049880d2b525750f0d2fbf619528,INS,2017,5201,,1, HTTP/1.1" 200 116
186.103.157.42 - - [06/Mar/2017:12:00:09 -0300] "GET /cormun/servlet/hpexe_return? HTTP/1.1" 200 1021
186.103.157.42 - - [06/Mar/2017:12:00:09 -0300] "GET /cormun/servlet/trsolicitudadjuntos?2017,5201, HTTP/1.1" 200 8279
