192.168.10.96 - - [06/Mar/2017:09:21:24 -0300] "GET /cormun/static/gxcfg.js?201612262051892 HTTP/1.1" 304 -
192.168.10.96 - - [06/Mar/2017:09:21:24 -0300] "GET /cormun/static/calendar-setup.js?85251 HTTP/1.1" 304 -
192.168.10.96 - - [06/Mar/2017:09:21:24 -0300] "GET /cormun/static/calendar-es.js?85251 HTTP/1.1" 304 -
192.168.10.96 - - [06/Mar/2017:09:21:24 -0300] "GET /cormun/servlet/trpermisosgeneralesgoce? HTTP/1.1" 200 8315
186.103.159.46 - - [06/Mar/2017:09:21:26 -0300] "GET /cormun/servlet/trsolicitudot HTTP/1.1" 200 7968
186.103.159.46 - - [06/Mar/2017:09:21:30 -0300] "POST /cormun/servlet/trsolicitudot?5d906342fd1ccf27cf05997538944597,gx-no-cache=1488802960230 HTTP/1.1" 200 107
186.103.159.46 - - [06/Mar/2017:09:21:30 -0300] "GET /cormun/servlet/trsolicitudadjuntos?2017,5183, HTTP/1.1" 200 5874
186.103.159.46 - - [06/Mar/2017:09:21:30 -0300] "GET /cormun/static/gxcfg.js?201612218531388 HTTP/1.1" 304 -
186.103.159.46 - - [06/Mar/2017:09:21:31 -0300] "GET /cormun/servlet/trsolicitudadjuntos?2017,5183, HTTP/1.1" 200 5874
192.168.10.96 - - [06/Mar/2017:09:21:32 -0300] "POST /cormun/servlet/trpermisosgeneralesgoce?5cc3f16bc8deb0e4f189157f800adb5c,,gx-no-cache=1488806176472 HTTP/1.1" 200 5583
192.168.10.96 - - [06/Mar/2017:09:21:35 -0300] "POST /cormun/servlet/trpermisosgeneralesgoce?5cc3f16bc8deb0e4f189157f800adb5c,,gx-no-cache=1488806179671 HTTP/1.1" 200 5580
186.103.159.188 - - [06/Mar/2017:09:21:35 -0300] "POST /cormun/servlet/hlogin?dce45b7dc7065e9fac3e5e7f5e070aca,gx-no-cache=1488802965622 HTTP/1.1" 200 432
192.168.10.96 - - [06/Mar/2017:09:21:38 -0300] "POST /cormun/servlet/trpermisosgeneralesgoce?5cc3f16bc8deb0e4f189157f800adb5c,,gx-no-cache=1488806182471 HTTP/1.1" 200 9013
186.103.159.188 - - [06/Mar/2017:09:21:39 -0300] "POST /cormun/servlet/hlogin?dce45b7dc7065e9fac3e5e7f5e070aca,gx-no-cache=1488802969725 HTTP/1.1" 200 432
186.103.159.230 - - [06/Mar/2017:09:21:43 -0300] "POST /cormun/servlet/trsolicitudot?404e1dc834f226ac5a2b9c0d5bec56ae,,gx-no-cache=1488802973313 HTTP/1.1" 200 105
186.103.159.230 - - [06/Mar/2017:09:21:44 -0300] "GET /cormun/servlet/solicitudot?DLT,2017,5138, HTTP/1.1" 200 9508
186.103.159.230 - - [06/Mar/2017:09:21:44 -0300] "GET /cormun/static/gxcfg.js?20171191042720 HTTP/1.1" 304 -
186.103.159.230 - - [06/Mar/2017:09:21:44 -0300] "GET /cormun/static/solicitudot.js?2017119104297 HTTP/1.1" 304 -
186.103.159.230 - - [06/Mar/2017:09:21:44 -0300] "GET /cormun/static/Shared/jqueryui/images/ui-bg_highlight-soft_100_c6c2c8_1x100.png HTTP/1.1" 404 1117
186.103.159.230 - - [06/Mar/2017:09:21:44 -0300] "GET /cormun/static/Shared/jqueryui/images/ui-icons_82798d_256x240.png HTTP/1.1" 404 1089
186.103.159.230 - - [06/Mar/2017:09:21:44 -0300] "GET /cormun/static/Shared/jqueryui/images/ui-icons_8d78a5_256x240.png HTTP/1.1" 404 1089
186.103.159.230 - - [06/Mar/2017:09:21:44 -0300] "GET /cormun/static/Shared/jqueryui/images/ui-bg_flat_55_fafafa_40x100.png HTTP/1.1" 404 1097
186.103.159.230 - - [06/Mar/2017:09:21:44 -0300] "GET /cormun/servlet/solicitudot?DLT,2017,5138, HTTP/1.1" 200 9518
186.103.159.46 - - [06/Mar/2017:09:21:47 -0300] "GET /cormun/servlet/solicitudotadjuntos?INS,2017,5183,,2, HTTP/1.1" 200 5803
186.103.159.46 - - [06/Mar/2017:09:21:48 -0300] "GET /cormun/static/gxcfg.js?201612218465951 HTTP/1.1" 304 -
186.103.159.46 - - [06/Mar/2017:09:21:48 -0300] "GET /cormun/static/solicitudotadjuntos.js?201612218465969 HTTP/1.1" 304 -
186.103.159.46 - - [06/Mar/2017:09:21:48 -0300] "GET /cormun/static/about:blank HTTP/1.1" 404 1011
186.103.159.230 - - [06/Mar/2017:09:21:48 -0300] "GET /cormun/servlet/trsolicitudot? HTTP/1.1" 200 8178
186.103.159.230 - - [06/Mar/2017:09:21:48 -0300] "GET /cormun/servlet/trsolicitudot? HTTP/1.1" 200 8176
186.103.159.46 - - [06/Mar/2017:09:21:49 -0300] "GET /cormun/servlet/solicitudotadjuntos?INS,2017,5183,,2, HTTP/1.1" 200 5797
186.103.159.46 - - [06/Mar/2017:09:21:49 -0300] "GET /cormun/servlet/solicitudotadjuntos?1eb946c0699bcf18fb9bb3cd608781e7d0450cae7f7663dcf03c8cbcb96d07620ef0834739c09aa5d8f3bedb88e3fde8,gx-no-cache=1488802979787 HTTP/1.1" 200 30
186.103.159.46 - - [06/Mar/2017:09:21:49 -0300] "POST /cormun/servlet/solicitudotadjuntos?5d906342fd1ccf27cf05997538944597,INS,2017,5183,,2,,gx-no-cache=1488802979867 HTTP/1.1" 200 3853
186.103.159.46 - - [06/Mar/2017:09:21:51 -0300] "POST /cormun/servlet/solicitudotadjuntos?gx-no-cache=1488802981917 HTTP/1.1" 200 26
186.103.159.230 - - [06/Mar/2017:09:21:54 -0300] "GET /cormun/servlet/trsolicitudot? HTTP/1.1" 200 8176
186.103.159.230 - - [06/Mar/2017:09:21:54 -0300] "GET /cormun/servlet/trsolicitudot? HTTP/1.1" 200 8176
186.103.159.188 - - [06/Mar/2017:09:21:55 -0300] "POST /cormun/servlet/hlogin?dce45b7dc7065e9fac3e5e7f5e070aca,gx-no-cache=1488802985154 HTTP/1.1" 200 427
186.103.159.230 - - [06/Mar/2017:09:21:57 -0300] "GET /cormun/servlet/solicitudot?INS,0,0, HTTP/1.1" 200 12776
192.168.10.96 - - [06/Mar/2017:09:21:57 -0300] "GET /cormun/servlet/trpermisosadjuntos?16846409,20170303133341,P, HTTP/1.1" 200 6895
192.168.10.96 - - [06/Mar/2017:09:21:58 -0300] "GET /cormun/static/gxcfg.js?2016122813135853 HTTP/1.1" 304 -
186.103.159.230 - - [06/Mar/2017:09:21:58 -0300] "GET /cormun/servlet/solicitudot?INS,0,0, HTTP/1.1" 200 12781
192.168.10.96 - - [06/Mar/2017:09:21:58 -0300] "GET /cormun/servlet/trpermisosadjuntos?16846409,20170303133341,P, HTTP/1.1" 200 6895
192.168.10.96 - - [06/Mar/2017:09:21:59 -0300] "POST /cormun/servlet/acontrolpreferencessavestate?None,DZAMUDIO,true HTTP/1.1" 200 35
192.168.10.96 - - [06/Mar/2017:09:22:09 -0300] "GET /cormun/servlet/hlogin HTTP/1.1" 200 1764
192.168.10.96 - - [06/Mar/2017:09:22:17 -0300] "POST /cormun/servlet/hlogin?5cc3f16bc8deb0e4f189157f800adb5c,gx-no-cache=1488806222070 HTTP/1.1" 200 475
192.168.10.96 - - [06/Mar/2017:09:22:21 -0300] "POST /cormun/servlet/hlogin?5cc3f16bc8deb0e4f189157f800adb5c,gx-no-cache=1488806225545 HTTP/1.1" 200 475
192.168.10.96 - - [06/Mar/2017:09:22:36 -0300] "POST /cormun/servlet/hlogin?5cc3f16bc8deb0e4f189157f800adb5c,gx-no-cache=1488806241095 HTTP/1.1" 200 90
192.168.10.96 - - [06/Mar/2017:09:22:36 -0300] "GET /cormun/servlet/hpexe_link HTTP/1.1" 200 955
192.168.10.96 - - [06/Mar/2017:09:22:36 -0300] "GET /cormun/servlet/hhome HTTP/1.1" 200 3777
192.168.10.96 - - [06/Mar/2017:09:22:37 -0300] "GET /cormun/servlet/hhome HTTP/1.1" 200 3773
186.103.159.188 - - [06/Mar/2017:09:22:38 -0300] "POST /cormun/servlet/hlogin?dce45b7dc7065e9fac3e5e7f5e070aca,gx-no-cache=1488803028613 HTTP/1.1" 200 90
186.103.159.188 - - [06/Mar/2017:09:22:38 -0300] "GET /cormun/servlet/hpexe_link HTTP/1.1" 200 955
186.103.159.188 - - [06/Mar/2017:09:22:38 -0300] "GET /cormun/servlet/hhome HTTP/1.1" 200 3776
192.168.10.96 - - [06/Mar/2017:09:22:38 -0300] "GET /cormun/servlet/trpermisosgoce? HTTP/1.1" 200 7378
192.168.10.96 - - [06/Mar/2017:09:22:38 -0300] "GET /cormun/static/gxcfg.js?201612262011714 HTTP/1.1" 304 -
186.103.159.188 - - [06/Mar/2017:09:22:39 -0300] "GET /cormun/servlet/hhome HTTP/1.1" 200 3773
192.168.10.96 - - [06/Mar/2017:09:22:39 -0300] "GET /cormun/servlet/trpermisosgoce? HTTP/1.1" 200 7377
186.103.159.188 - - [06/Mar/2017:09:22:42 -0300] "GET /cormun/servlet/trpermisosgoce? HTTP/1.1" 200 7378
186.103.159.188 - - [06/Mar/2017:09:22:42 -0300] "GET /cormun/servlet/trpermisosgoce? HTTP/1.1" 200 7378
186.103.159.188 - - [06/Mar/2017:09:22:46 -0300] "POST /cormun/servlet/trpermisosgoce?dce45b7dc7065e9fac3e5e7f5e070aca,,gx-no-cache=1488803036647 HTTP/1.1" 200 4684
192.168.10.96 - - [06/Mar/2017:09:22:51 -0300] "POST /cormun/servlet/trpermisosgoce?5cc3f16bc8deb0e4f189157f800adb5c,,gx-no-cache=1488806256200 HTTP/1.1" 200 4686
192.168.10.96 - - [06/Mar/2017:09:22:54 -0300] "GET /cormun/servlet/trpermisosadjuntos?16846409,20170303133341,P, HTTP/1.1" 200 6553
192.168.10.96 - - [06/Mar/2017:09:22:55 -0300] "GET /cormun/servlet/trpermisosadjuntos?16846409,20170303133341,P, HTTP/1.1" 200 6553
192.168.10.96 - - [06/Mar/2017:09:22:58 -0300] "POST /cormun/servlet/trpermisosadjuntos?5cc3f16bc8deb0e4f189157f800adb5c,16846409,20170303133341,P,,gx-no-cache=1488806262603 HTTP/1.1" 200 90
192.168.10.96 - - [06/Mar/2017:09:22:58 -0300] "GET /cormun/servlet/hpexe_link HTTP/1.1" 200 990
192.168.10.96 - - [06/Mar/2017:09:22:58 -0300] "GET /cormun/servlet/trpermisosgoce? HTTP/1.1" 200 7378
192.168.10.96 - - [06/Mar/2017:09:22:58 -0300] "GET /cormun/servlet/trpermisosgoce? HTTP/1.1" 200 7377
192.168.10.96 - - [06/Mar/2017:09:23:22 -0300] "POST /cormun/servlet/trpermisosgoce?5cc3f16bc8deb0e4f189157f800adb5c,,gx-no-cache=1488806287318 HTTP/1.1" 200 4688
192.168.10.96 - - [06/Mar/2017:09:23:26 -0300] "GET /cormun/servlet/trpermisosadjuntos?16846409,20170303133341,P, HTTP/1.1" 200 6553
192.168.10.96 - - [06/Mar/2017:09:23:26 -0300] "GET /cormun/servlet/trpermisosadjuntos?16846409,20170303133341,P, HTTP/1.1" 200 6554
186.103.159.46 - - [06/Mar/2017:09:23:27 -0300] "POST /cormun/servlet/solicitudotadjuntos?5d906342fd1ccf27cf05997538944597,INS,2017,5183,,2, HTTP/1.1" 200 116
186.103.159.46 - - [06/Mar/2017:09:23:27 -0300] "GET /cormun/servlet/hpexe_return? HTTP/1.1" 200 1026
186.103.159.46 - - [06/Mar/2017:09:23:27 -0300] "GET /cormun/servlet/trsolicitudadjuntos?2017,5183, HTTP/1.1" 200 5878
186.103.159.46 - - [06/Mar/2017:09:23:29 -0300] "GET /cormun/servlet/trsolicitudadjuntos?2017,5183, HTTP/1.1" 200 5874
192.168.10.96 - - [06/Mar/2017:09:23:29 -0300] "POST /cormun/servlet/trpermisosadjuntos?5cc3f16bc8deb0e4f189157f800adb5c,16846409,20170303133341,P,,gx-no-cache=1488806294442 HTTP/1.1" 200 90
192.168.10.96 - - [06/Mar/2017:09:23:29 -0300] "GET /cormun/servlet/hpexe_link HTTP/1.1" 200 990
192.168.10.96 - - [06/Mar/2017:09:23:30 -0300] "GET /cormun/servlet/trpermisosgoce? HTTP/1.1" 200 7378
192.168.10.96 - - [06/Mar/2017:09:23:30 -0300] "GET /cormun/servlet/trpermisosgoce? HTTP/1.1" 200 7377
186.103.159.46 - - [06/Mar/2017:09:23:37 -0300] "GET /cormun/servlet/trvisualizadoreventos? HTTP/1.1" 200 6525
186.103.159.46 - - [06/Mar/2017:09:23:37 -0300] "GET /cormun/static/gxcfg.js?2016101716203350 HTTP/1.1" 304 -
186.103.159.46 - - [06/Mar/2017:09:23:38 -0300] "GET /cormun/servlet/trvisualizadoreventos? HTTP/1.1" 200 6510
186.67.172.234 - - [06/Mar/2017:09:23:38 -0300] "GET /cormun/servlet/hhome HTTP/1.1" 200 4030
186.67.172.234 - - [06/Mar/2017:09:23:39 -0300] "GET /cormun/servlet/hhome HTTP/1.1" 200 4026
192.168.10.96 - - [06/Mar/2017:09:23:41 -0300] "GET /cormun/servlet/permisogoce?UPD,16846409,P,20170303133341, HTTP/1.1" 200 6590
192.168.10.96 - - [06/Mar/2017:09:23:41 -0300] "GET /cormun/static/gxcfg.js?201612262052844 HTTP/1.1" 304 -
192.168.10.96 - - [06/Mar/2017:09:23:41 -0300] "GET /cormun/static/gxdec.js?85251 HTTP/1.1" 304 -
192.168.10.96 - - [06/Mar/2017:09:23:41 -0300] "GET /cormun/servlet/permisogoce?UPD,16846409,P,20170303133341, HTTP/1.1" 200 6590
192.168.10.96 - - [06/Mar/2017:09:23:41 -0300] "GET /cormun/servlet/permisogoce?3f74579b0f78bfe0e671190261a01a180bdc9d63dcedcdea99489e7518c20add32e27dce34e7afd3f915044baca705c6,gx-no-cache=1488806306426 HTTP/1.1" 200 83
192.168.10.96 - - [06/Mar/2017:09:23:49 -0300] "GET /cormun/servlet/permisogoce?3f74579b0f78bfe0e671190261a01a1880461e6b41a5638a9f7f53e375d38ab04edf00f98e58256effc12f23b0b0e94fed4dbd0524230c1b8f048de6a0a82e84537035f9d1a80269c1b4afcf9028126b,gx-no-cache=1488806313696 HTTP/1.1" 200 47
192.168.10.96 - - [06/Mar/2017:09:23:49 -0300] "POST /cormun/servlet/permisogoce?5cc3f16bc8deb0e4f189157f800adb5c,UPD,16846409,P,20170303133341,,gx-no-cache=1488806313718 HTTP/1.1" 200 4184
192.168.10.96 - - [06/Mar/2017:09:23:49 -0300] "GET /cormun/static/Shared/jqueryui/images/ui-bg_highlight-soft_100_c6c2c8_1x100.png HTTP/1.1" 404 1117
192.168.10.96 - - [06/Mar/2017:09:23:49 -0300] "GET /cormun/static/Shared/jqueryui/images/ui-icons_82798d_256x240.png HTTP/1.1" 404 1089
192.168.10.96 - - [06/Mar/2017:09:23:49 -0300] "GET /cormun/static/Shared/jqueryui/images/ui-icons_ebccce_256x240.png HTTP/1.1" 404 1089
192.168.10.96 - - [06/Mar/2017:09:23:49 -0300] "GET /cormun/static/Shared/jqueryui/images/ui-bg_flat_55_994d53_40x100.png HTTP/1.1" 404 1097
192.168.10.96 - - [06/Mar/2017:09:23:56 -0300] "POST /cormun/servlet/permisogoce?5cc3f16bc8deb0e4f189157f800adb5c,UPD,16846409,P,20170303133341,,gx-no-cache=1488806320923 HTTP/1.1" 200 93
192.168.10.96 - - [06/Mar/2017:09:23:56 -0300] "GET /cormun/servlet/hpexe_return? HTTP/1.1" 200 1031
192.168.10.96 - - [06/Mar/2017:09:23:56 -0300] "GET /cormun/static/gxcfg.js?2016101716175148 HTTP/1.1" 304 -
192.168.10.96 - - [06/Mar/2017:09:23:56 -0300] "GET /cormun/servlet/trpermisosgoce HTTP/1.1" 200 7381
192.168.10.96 - - [06/Mar/2017:09:23:57 -0300] "GET /cormun/servlet/trpermisosgoce HTTP/1.1" 200 7377
192.168.10.96 - - [06/Mar/2017:09:24:01 -0300] "GET /cormun/servlet/permisogoce?DSP,16846409,P,20170303133341, HTTP/1.1" 200 6402
192.168.10.96 - - [06/Mar/2017:09:24:01 -0300] "GET /cormun/servlet/permisogoce?DSP,16846409,P,20170303133341, HTTP/1.1" 200 6404
192.168.10.96 - - [06/Mar/2017:09:24:05 -0300] "GET /cormun/servlet/trpermisosgoce HTTP/1.1" 200 7381
192.168.10.96 - - [06/Mar/2017:09:24:06 -0300] "GET /cormun/servlet/trpermisosgoce HTTP/1.1" 200 7377
186.103.159.46 - - [06/Mar/2017:09:24:09 -0300] "GET /cormun/servlet/trvisualizadoreventos? HTTP/1.1" 200 6510
186.103.159.46 - - [06/Mar/2017:09:24:10 -0300] "GET /cormun/servlet/trvisualizadoreventos? HTTP/1.1" 200 6510
192.168.10.96 - - [06/Mar/2017:09:24:18 -0300] "POST /cormun/servlet/trpermisosgoce?5cc3f16bc8deb0e4f189157f800adb5c,gx-no-cache=1488806342979 HTTP/1.1" 200 4688
192.168.10.96 - - [06/Mar/2017:09:24:20 -0300] "POST /cormun/servlet/trpermisosgoce?5cc3f16bc8deb0e4f189157f800adb5c,gx-no-cache=1488806344468 HTTP/1.1" 200 4690
192.168.10.96 - - [06/Mar/2017:09:25:10 -0300] "POST /cormun/servlet/trpermisosgoce?5cc3f16bc8deb0e4f189157f800adb5c,gx-no-cache=1488806395270 HTTP/1.1" 200 90
192.168.10.96 - - [06/Mar/2017:09:25:10 -0300] "GET /cormun/servlet/hpexe_link HTTP/1.1" 200 961
192.168.10.96 - - [06/Mar/2017:09:25:10 -0300] "GET /cormun/servlet/hhome HTTP/1.1" 200 3777
192.168.10.96 - - [06/Mar/2017:09:25:11 -0300] "GET /cormun/servlet/hhome HTTP/1.1" 200 3773
192.168.10.96 - - [06/Mar/2017:09:25:13 -0300] "GET /cormun/servlet/hlogin HTTP/1.1" 200 1734
192.168.10.96 - - [06/Mar/2017:09:25:24 -0300] "POST /cormun/servlet/hlogin?5cc3f16bc8deb0e4f189157f800adb5c,gx-no-cache=1488806408728 HTTP/1.1" 200 90
192.168.10.96 - - [06/Mar/2017:09:25:24 -0300] "GET /cormun/servlet/hpexe_link HTTP/1.1" 200 955
192.168.10.96 - - [06/Mar/2017:09:25:24 -0300] "GET /cormun/servlet/hhome HTTP/1.1" 200 4123
192.168.10.96 - - [06/Mar/2017:09:25:24 -0300] "GET /cormun/servlet/hhome HTTP/1.1" 200 4120
192.168.10.96 - - [06/Mar/2017:09:25:34 -0300] "GET /cormun/servlet/trpermisosgeneralesgoce? HTTP/1.1" 200 11644
192.168.10.96 - - [06/Mar/2017:09:25:35 -0300] "GET /cormun/servlet/trpermisosgeneralesgoce? HTTP/1.1" 200 11642
186.103.159.46 - - [06/Mar/2017:09:26:22 -0300] "POST /cormun/servlet/trvisualizadoreventos?5d906342fd1ccf27cf05997538944597,,gx-no-cache=1488803252228 HTTP/1.1" 200 111
186.103.159.46 - - [06/Mar/2017:09:26:22 -0300] "GET /cormun/VisualizadorEventos-8064.xls HTTP/1.1" 200 4096
186.103.159.46 - - [06/Mar/2017:09:26:28 -0300] "GET /cormun/servlet/trsolicitudot? HTTP/1.1" 200 7968
186.103.159.46 - - [06/Mar/2017:09:26:30 -0300] "GET /cormun/servlet/trsolicitudot? HTTP/1.1" 200 7968
186.103.159.46 - - [06/Mar/2017:09:27:56 -0300] "POST /cormun/servlet/trsolicitudot?5d906342fd1ccf27cf05997538944597,,gx-no-cache=1488803346985 HTTP/1.1" 200 107
186.103.159.46 - - [06/Mar/2017:09:27:57 -0300] "GET /cormun/servlet/trsolicitudadjuntos?2017,5183, HTTP/1.1" 200 5874
186.103.159.46 - - [06/Mar/2017:09:27:59 -0300] "GET /cormun/servlet/trsolicitudadjuntos?2017,5183, HTTP/1.1" 200 5874
186.103.159.230 - - [06/Mar/2017:09:29:23 -0300] "POST /cormun/servlet/solicitudot?gx-no-cache=1488803432840 HTTP/1.1" 200 3139
186.103.159.230 - - [06/Mar/2017:09:29:23 -0300] "POST /cormun/servlet/solicitudot?404e1dc834f226ac5a2b9c0d5bec56ae,INS,0,0,,gx-no-cache=1488803433012 HTTP/1.1" 200 9934
186.103.159.230 - - [06/Mar/2017:09:29:36 -0300] "GET /cormun/servlet/solicitudot?8bd6a79b62b45d1095d44ba0533939432ed7432b0902af809b0d1a5d746daec5b74347de49009ed3ead9625670c92105,gx-no-cache=1488803446263 HTTP/1.1" 200 30
186.103.159.230 - - [06/Mar/2017:09:29:36 -0300] "POST /cormun/servlet/solicitudot?gx-no-cache=1488803446296 HTTP/1.1" 200 255
186.103.159.230 - - [06/Mar/2017:09:29:37 -0300] "GET /cormun/servlet/solicitudot?8bd6a79b62b45d1095d44ba053393943f51cd6292c4a671d54066314fc21f3c927ec20b68d5a2afdd2c39bfc952c4b8e022ab2f2ce642e01f3be6f2eb0704807531aaaf90b03f67e78649978fde0c2a30c2ee05915ae341ddbdf0ebf39083c258c4a8b45ed6f9bbfb8d7cce5092c18403bd79cbe84f8827e4f30c8948345e88012fc520c94d2d1cd63638b86611ad436be58f7dc8d7adccfb501d8073f0cb614b438f0371d710928898f0818d4a817339ded36378aa6449856dbd68d40d2ccd8d03547bd1a5305f46cb022d32fd9103c81800a1dd62ab60e1309c1c91298d90b7cdc029f2afa8a91af3b374bcdb1286cb06c1044223119cece90222cf94f4b3325952a51574a5bab00e0813c82c4750f8e2802b894bd8af569c8f936fe9c415df4d6a30d87f378e21358cd2514ebc705c06c52090eac7e564f570639d8a92d6b6b4c2b289fa53ed26baabf7a327365ce2d7b79e4c569c92d06cc06ec52a4d588b995941ad82505ec7df855735b50fb13c6bee63ee9908b9da82b89fc564fb330,gx-no-cache=1488803446328 HTTP/1.1" 200 30
186.103.159.230 - - [06/Mar/2017:09:29:40 -0300] "POST /cormun/servlet/solicitudot?gx-no-cache=1488803450219 HTTP/1.1" 200 30
186.79.62.77 - - [06/Mar/2017:09:29:45 -0300] "GET /cormun/servlet/hlogin HTTP/1.1" 200 1719
186.79.62.77 - - [06/Mar/2017:09:29:45 -0300] "GET /cormun/static/gxtimezone.js?85251 HTTP/1.1" 304 -
186.79.62.77 - - [06/Mar/2017:09:29:45 -0300] "GET /cormun/static/gxcfg.js?201612216162538 HTTP/1.1" 304 -
186.79.62.77 - - [06/Mar/2017:09:29:45 -0300] "GET /cormun/static/messages.spa.js?85251 HTTP/1.1" 304 -
186.79.62.77 - - [06/Mar/2017:09:29:45 -0300] "GET /cormun/servlet/hlogin HTTP/1.1" 200 1730
186.79.62.77 - - [06/Mar/2017:09:29:47 -0300] "POST /cormun/servlet/hlogin?8407c84f6c68a51461d011b856bc675e,gx-no-cache=1488803457684 HTTP/1.1" 200 90
186.79.62.77 - - [06/Mar/2017:09:29:47 -0300] "GET /cormun/servlet/hpexe_link HTTP/1.1" 200 954
186.79.62.77 - - [06/Mar/2017:09:29:47 -0300] "GET /cormun/static/gxcfg.js?201612218515529 HTTP/1.1" 304 -
186.103.159.230 - - [06/Mar/2017:09:29:47 -0300] "POST /cormun/servlet/solicitudot?gx-no-cache=1488803457358 HTTP/1.1" 200 1291
186.79.62.77 - - [06/Mar/2017:09:29:47 -0300] "GET /cormun/servlet/hhome HTTP/1.1" 200 3978
186.103.159.230 - - [06/Mar/2017:09:29:47 -0300] "POST /cormun/servlet/solicitudot?gx-no-cache=1488803457429 HTTP/1.1" 200 38
186.79.62.77 - - [06/Mar/2017:09:29:48 -0300] "GET /cormun/static/gxcfg.js?201612218515568 HTTP/1.1" 304 -
186.79.62.77 - - [06/Mar/2017:09:29:48 -0300] "GET /cormun/servlet/hhome HTTP/1.1" 200 3975
186.103.159.46 - - [06/Mar/2017:09:29:50 -0300] "GET /cormun/servlet/solicitudotadjuntos?INS,2017,5183,,2, HTTP/1.1" 200 5802
186.103.159.46 - - [06/Mar/2017:09:29:50 -0300] "GET /cormun/static/about:blank HTTP/1.1" 404 1011
186.103.159.46 - - [06/Mar/2017:09:29:52 -0300] "GET /cormun/servlet/solicitudotadjuntos?INS,2017,5183,,2, HTTP/1.1" 200 5796
186.103.159.46 - - [06/Mar/2017:09:29:52 -0300] "GET /cormun/servlet/solicitudotadjuntos?1eb946c0699bcf18fb9bb3cd608781e7d0450cae7f7663dcf03c8cbcb96d07620ef0834739c09aa5d8f3bedb88e3fde8,gx-no-cache=1488803462868 HTTP/1.1" 200 30
186.103.159.46 - - [06/Mar/2017:09:29:52 -0300] "POST /cormun/servlet/solicitudotadjuntos?5d906342fd1ccf27cf05997538944597,INS,2017,5183,,2,,gx-no-cache=1488803462946 HTTP/1.1" 200 3853
186.79.62.77 - - [06/Mar/2017:09:29:54 -0300] "GET /cormun/servlet/trautorizarsolicitud? HTTP/1.1" 200 11811
186.79.62.77 - - [06/Mar/2017:09:29:54 -0300] "GET /cormun/static/gxcfg.js?2017259112829 HTTP/1.1" 304 -
186.79.62.77 - - [06/Mar/2017:09:29:54 -0300] "GET /cormun/static/calendar.js?85251 HTTP/1.1" 304 -
186.79.62.77 - - [06/Mar/2017:09:29:54 -0300] "GET /cormun/static/calendar-setup.js?85251 HTTP/1.1" 304 -
186.79.62.77 - - [06/Mar/2017:09:29:54 -0300] "GET /cormun/static/calendar-es.js?85251 HTTP/1.1" 304 -
186.79.62.77 - - [06/Mar/2017:09:29:54 -0300] "GET /cormun/static/gxdec.js?85251 HTTP/1.1" 304 -
186.79.62.77 - - [06/Mar/2017:09:29:54 -0300] "GET /cormun/static/trautorizarsolicitud.js?2017259113483 HTTP/1.1" 304 -
186.79.62.77 - - [06/Mar/2017:09:29:55 -0300] "GET /cormun/servlet/trautorizarsolicitud? HTTP/1.1" 200 11809
186.79.62.77 - - [06/Mar/2017:09:30:01 -0300] "POST /cormun/servlet/trautorizarsolicitud?8407c84f6c68a51461d011b856bc675e,,gx-no-cache=1488803470490 HTTP/1.1" 200 8693
186.79.62.77 - - [06/Mar/2017:09:30:01 -0300] "GET /cormun/static/Shared/jqueryui/images/ui-bg_highlight-soft_100_c6c2c8_1x100.png HTTP/1.1" 404 1117
186.79.62.77 - - [06/Mar/2017:09:30:01 -0300] "GET /cormun/static/Shared/jqueryui/images/ui-icons_82798d_256x240.png HTTP/1.1" 404 1089
186.79.62.77 - - [06/Mar/2017:09:30:01 -0300] "GET /cormun/static/Shared/jqueryui/images/ui-bg_flat_55_fafafa_40x100.png HTTP/1.1" 404 1097
186.79.62.77 - - [06/Mar/2017:09:30:01 -0300] "GET /cormun/static/Shared/jqueryui/images/ui-icons_8d78a5_256x240.png HTTP/1.1" 404 1089
186.79.62.77 - - [06/Mar/2017:09:30:02 -0300] "POST /cormun/servlet/trautorizarsolicitud?8407c84f6c68a51461d011b856bc675e,,gx-no-cache=1488803471502 HTTP/1.1" 200 8638
186.103.159.46 - - [06/Mar/2017:09:30:03 -0300] "POST /cormun/servlet/solicitudotadjuntos?5d906342fd1ccf27cf05997538944597,INS,2017,5183,,2,,gx-no-cache=1488803473650 HTTP/1.1" 200 93
186.103.159.46 - - [06/Mar/2017:09:30:03 -0300] "GET /cormun/servlet/hpexe_return? HTTP/1.1" 200 1026
186.103.159.46 - - [06/Mar/2017:09:30:03 -0300] "GET /cormun/servlet/trsolicitudadjuntos?2017,5183, HTTP/1.1" 200 5878
186.103.159.46 - - [06/Mar/2017:09:30:05 -0300] "GET /cormun/servlet/trsolicitudadjuntos?2017,5183, HTTP/1.1" 200 5874
186.103.159.230 - - [06/Mar/2017:09:30:05 -0300] "GET /cormun/servlet/solicitudot?8bd6a79b62b45d1095d44ba053393943fae3cd9e9c6b470e8b0237c97459f8237ee961362da1a287bec759b358d66d8890384c15a430be9831babe9b50c26abb3f367d6f84a14a2b12780ce22957795958c478d69ff5c0092694c533bf3a62fdaaeb1c9887305afafad1169ca77ad260e5729ff639421118ae247386d91a057618ed4fb3b9bd69bbff6a8ab88a36af2ed05b7e2c148ec30bb9a5cfde08e52c18,gx-no-cache=1488803474848 HTTP/1.1" 200 29
186.103.159.230 - - [06/Mar/2017:09:30:05 -0300] "POST /cormun/servlet/solicitudot?gx-no-cache=1488803474894 HTTP/1.1" 200 1273
186.103.159.230 - - [06/Mar/2017:09:30:05 -0300] "POST /cormun/servlet/solicitudot?gx-no-cache=1488803474941 HTTP/1.1" 200 1157
186.103.159.230 - - [06/Mar/2017:09:30:05 -0300] "GET /cormun/static/menuarrow.gif HTTP/1.1" 404 1015
186.79.62.77 - - [06/Mar/2017:09:30:06 -0300] "POST /cormun/servlet/trautorizarsolicitud?8407c84f6c68a51461d011b856bc675e,,gx-no-cache=1488803475599 HTTP/1.1" 200 8273
186.79.62.77 - - [06/Mar/2017:09:30:07 -0300] "POST /cormun/servlet/trautorizarsolicitud?8407c84f6c68a51461d011b856bc675e,,gx-no-cache=1488803476535 HTTP/1.1" 200 8217
186.103.159.46 - - [06/Mar/2017:09:30:10 -0300] "GET /cormun/servlet/trvisualizadoreventos? HTTP/1.1" 200 6525
186.103.159.230 - - [06/Mar/2017:09:30:10 -0300] "POST /cormun/servlet/solicitudot?gx-no-cache=1488803480079 HTTP/1.1" 200 1273
186.103.159.230 - - [06/Mar/2017:09:30:10 -0300] "POST /cormun/servlet/solicitudot?gx-no-cache=1488803480154 HTTP/1.1" 200 1157
186.103.159.46 - - [06/Mar/2017:09:30:11 -0300] "GET /cormun/servlet/trvisualizadoreventos? HTTP/1.1" 200 6510
186.79.62.77 - - [06/Mar/2017:09:30:12 -0300] "POST /cormun/servlet/trautorizarsolicitud?8407c84f6c68a51461d011b856bc675e,,gx-no-cache=1488803481062 HTTP/1.1" 200 7954
186.79.62.77 - - [06/Mar/2017:09:30:13 -0300] "POST /cormun/servlet/trautorizarsolicitud?8407c84f6c68a51461d011b856bc675e,,gx-no-cache=1488803482869 HTTP/1.1" 200 7901
186.103.159.46 - - [06/Mar/2017:09:30:15 -0300] "GET /cormun/servlet/trsolicitudot? HTTP/1.1" 200 7968
186.103.159.46 - - [06/Mar/2017:09:30:16 -0300] "GET /cormun/servlet/trsolicitudot? HTTP/1.1" 200 7968
186.103.159.46 - - [06/Mar/2017:09:30:18 -0300] "POST /cormun/servlet/trsolicitudot?5d906342fd1ccf27cf05997538944597,,gx-no-cache=1488803488899 HTTP/1.1" 200 107
186.103.159.46 - - [06/Mar/2017:09:30:18 -0300] "GET /cormun/servlet/trsolicitudadjuntos?2017,5183, HTTP/1.1" 200 5874
186.103.159.46 - - [06/Mar/2017:09:30:20 -0300] "GET /cormun/servlet/trsolicitudadjuntos?2017,5183, HTTP/1.1" 200 5874
186.103.159.46 - - [06/Mar/2017:09:30:25 -0300] "GET /cormun/servlet/solicitudotadjuntos?INS,2017,5183,,1, HTTP/1.1" 200 5803
186.103.159.230 - - [06/Mar/2017:09:30:25 -0300] "GET /cormun/servlet/solicitudot?8bd6a79b62b45d1095d44ba053393943d1b0aaf1255b69d27738a0bc1d30f5da2d3bf88f3eeec2494518de132b86b22fd448134c67ebf4bed67b9b9ffa7cde329dc7933a77edc348b93d42d2b5ab83a8cdc72c8b69b5a54ed2484763339f8fd695322779d0f4a990f230da0a062605c4876fd012c0679af016eb177d7157359a152c9ec4490773396727cfae118d9d6b77242c895a5b071cb2c3108ab23c146443c28ae5d5d518c2bd1bccc5a8a4bc4a,gx-no-cache=1488803494658 HTTP/1.1" 200 30
186.103.159.46 - - [06/Mar/2017:09:30:25 -0300] "GET /cormun/static/about:blank HTTP/1.1" 404 1011
186.103.159.46 - - [06/Mar/2017:09:30:26 -0300] "GET /cormun/servlet/solicitudotadjuntos?INS,2017,5183,,1, HTTP/1.1" 200 5797
186.103.159.46 - - [06/Mar/2017:09:30:26 -0300] "GET /cormun/servlet/solicitudotadjuntos?1eb946c0699bcf18fb9bb3cd608781e7d0450cae7f7663dcf03c8cbcb96d07620ef0834739c09aa5d8f3bedb88e3fde8,gx-no-cache=1488803496857 HTTP/1.1" 200 30
186.103.159.46 - - [06/Mar/2017:09:30:26 -0300] "POST /cormun/servlet/solicitudotadjuntos?5d906342fd1ccf27cf05997538944597,INS,2017,5183,,1,,gx-no-cache=1488803496915 HTTP/1.1" 200 3640
186.103.159.46 - - [06/Mar/2017:09:30:31 -0300] "POST /cormun/servlet/solicitudotadjuntos?gx-no-cache=1488803502000 HTTP/1.1" 200 26
186.79.62.77 - - [06/Mar/2017:09:30:40 -0300] "POST /cormun/servlet/trautorizarsolicitud?8407c84f6c68a51461d011b856bc675e,,gx-no-cache=1488803509427 HTTP/1.1" 200 115
186.79.62.77 - - [06/Mar/2017:09:30:40 -0300] "GET /cormun/servlet/solicitudotlog?INS,2017,5175,0,ANU, HTTP/1.1" 200 5760
186.79.62.77 - - [06/Mar/2017:09:30:40 -0300] "GET /cormun/static/gxcfg.js?201612218471193 HTTP/1.1" 200 953
186.79.62.77 - - [06/Mar/2017:09:30:40 -0300] "GET /cormun/static/solicitudotlog.js?20161221847122 HTTP/1.1" 200 8925
186.79.62.77 - - [06/Mar/2017:09:30:41 -0300] "GET /cormun/servlet/solicitudotlog?INS,2017,5175,0,ANU, HTTP/1.1" 200 5759
186.79.62.77 - - [06/Mar/2017:09:30:41 -0300] "GET /cormun/servlet/solicitudotlog?4b9dc4874a4eb63d75ed05df627c6bdb8e14349b412aa0eec8ad5401fc0c423b621bdeb71cad2ba2cc0b1af22b6d3e30a9fe1439308c9c5368391999907e5bd05e8c27e8b6a550263caed86c0b1c2a1f19ffe87e9988f95ac928162636256673e1abf00bb7972d15c4aa9e91113978dd49cb92723fbe5421a5b1b6470cacda29e995eed6a028603572891d7d9de3d13aaa6da2da2ab38f8344b528a3cfcf49d4,gx-no-cache=1488803511772 HTTP/1.1" 200 94
186.79.62.77 - - [06/Mar/2017:09:30:46 -0300] "GET /cormun/servlet/trautorizarsolicitud? HTTP/1.1" 200 10675
186.79.62.77 - - [06/Mar/2017:09:30:47 -0300] "GET /cormun/servlet/trautorizarsolicitud? HTTP/1.1" 200 10673
186.79.62.77 - - [06/Mar/2017:09:30:53 -0300] "POST /cormun/servlet/trautorizarsolicitud?8407c84f6c68a51461d011b856bc675e,,gx-no-cache=1488803522845 HTTP/1.1" 200 115
186.79.62.77 - - [06/Mar/2017:09:30:53 -0300] "GET /cormun/servlet/solicitudotlog?INS,2017,5175,0,REC, HTTP/1.1" 200 5759
186.79.62.77 - - [06/Mar/2017:09:30:54 -0300] "GET /cormun/servlet/solicitudotlog?INS,2017,5175,0,REC, HTTP/1.1" 200 5758
186.79.62.77 - - [06/Mar/2017:09:30:54 -0300] "GET /cormun/servlet/solicitudotlog?4b9dc4874a4eb63d75ed05df627c6bdb8e14349b412aa0eec8ad5401fc0c423b621bdeb71cad2ba2cc0b1af22b6d3e30a9fe1439308c9c5368391999907e5bd05e8c27e8b6a550263caed86c0b1c2a1f19ffe87e9988f95ac928162636256673e1abf00bb7972d15c4aa9e91113978dd49cb92723fbe5421a5b1b6470cacda29e995eed6a028603572891d7d9de3d13aaa6da2da2ab38f8344b528a3cfcf49d4,gx-no-cache=1488803524835 HTTP/1.1" 200 94
186.103.159.230 - - [06/Mar/2017:09:31:05 -0300] "POST /cormun/servlet/solicitudot?gx-no-cache=1488803534486 HTTP/1.1" 200 30
186.103.159.230 - - [06/Mar/2017:09:31:05 -0300] "POST /cormun/servlet/solicitudot?gx-no-cache=1488803534552 HTTP/1.1" 200 1290
186.103.159.230 - - [06/Mar/2017:09:31:05 -0300] "POST /cormun/servlet/solicitudot?gx-no-cache=1488803534620 HTTP/1.1" 200 41
186.103.159.230 - - [06/Mar/2017:09:31:05 -0300] "POST /cormun/servlet/solicitudot?gx-no-cache=1488803534657 HTTP/1.1" 200 1273
186.103.159.230 - - [06/Mar/2017:09:31:05 -0300] "POST /cormun/servlet/solicitudot?gx-no-cache=1488803534701 HTTP/1.1" 200 1157
186.103.159.230 - - [06/Mar/2017:09:31:05 -0300] "GET /cormun/servlet/solicitudot?8bd6a79b62b45d1095d44ba053393943d1b0aaf1255b69d27738a0bc1d30f5da2d3bf88f3eeec2494518de132b86b22fd448134c67ebf4bed67b9b9ffa7cde329dc7933a77edc348b93d42d2b5ab83a8cdc72c8b69b5a54ed2484763339f8fd695322779d0f4a990f230da0a062605c4876fd012c0679af016eb177d7157359a152c9ec4490773396727cfae118d9d6b77242c895a5b071cb2c3108ab23c146443c28ae5d5d518c2bd1bccc5a8a4bc4a,gx-no-cache=1488803534767 HTTP/1.1" 200 30
186.103.159.230 - - [06/Mar/2017:09:31:05 -0300] "POST /cormun/servlet/solicitudot?404e1dc834f226ac5a2b9c0d5bec56ae,INS,0,0,,gx-no-cache=1488803534819 HTTP/1.1" 200 93
186.103.159.230 - - [06/Mar/2017:09:31:05 -0300] "GET /cormun/servlet/hpexe_return? HTTP/1.1" 200 1008
186.103.159.230 - - [06/Mar/2017:09:31:05 -0300] "GET /cormun/static/gxcfg.js?2016101716175148 HTTP/1.1" 304 -
186.103.159.230 - - [06/Mar/2017:09:31:05 -0300] "GET /cormun/servlet/trsolicitudot HTTP/1.1" 200 8663
186.103.159.230 - - [06/Mar/2017:09:31:06 -0300] "GET /cormun/servlet/trsolicitudot HTTP/1.1" 200 8659
186.103.159.230 - - [06/Mar/2017:09:31:18 -0300] "POST /cormun/servlet/trsolicitudot?404e1dc834f226ac5a2b9c0d5bec56ae,gx-no-cache=1488803547893 HTTP/1.1" 200 105
186.103.159.230 - - [06/Mar/2017:09:31:18 -0300] "GET /cormun/servlet/solicitudot?DLT,2017,5138, HTTP/1.1" 200 9508
186.103.159.230 - - [06/Mar/2017:09:31:19 -0300] "GET /cormun/static/Shared/jqueryui/images/ui-bg_highlight-soft_100_c6c2c8_1x100.png HTTP/1.1" 404 1117
186.103.159.230 - - [06/Mar/2017:09:31:19 -0300] "GET /cormun/static/Shared/jqueryui/images/ui-icons_82798d_256x240.png HTTP/1.1" 404 1089
186.103.159.230 - - [06/Mar/2017:09:31:19 -0300] "GET /cormun/static/Shared/jqueryui/images/ui-bg_flat_55_fafafa_40x100.png HTTP/1.1" 404 1097
186.103.159.230 - - [06/Mar/2017:09:31:19 -0300] "GET /cormun/static/Shared/jqueryui/images/ui-icons_8d78a5_256x240.png HTTP/1.1" 404 1089
186.103.159.230 - - [06/Mar/2017:09:31:19 -0300] "GET /cormun/servlet/solicitudot?DLT,2017,5138, HTTP/1.1" 200 9518
186.103.159.230 - - [06/Mar/2017:09:31:21 -0300] "GET /cormun/servlet/trsolicitudot HTTP/1.1" 200 8663
186.103.159.230 - - [06/Mar/2017:09:31:21 -0300] "GET /cormun/servlet/trsolicitudot HTTP/1.1" 200 8659
186.103.159.46 - - [06/Mar/2017:09:31:41 -0300] "GET /cormun/servlet/solicitudotadjuntos?1eb946c0699bcf18fb9bb3cd608781e756d414446c6f5844b54662686767a5c2,gx-no-cache=1488803571129 HTTP/1.1" 200 30
186.103.159.46 - - [06/Mar/2017:09:31:41 -0300] "GET /cormun/servlet/solicitudotadjuntos?1eb946c0699bcf18fb9bb3cd608781e756d414446c6f5844b54662686767a5c2,gx-no-cache=1488803571224 HTTP/1.1" 200 30
186.103.159.46 - - [06/Mar/2017:09:31:41 -0300] "POST /cormun/servlet/solicitudotadjuntos?5d906342fd1ccf27cf05997538944597,INS,2017,5183,,1, HTTP/1.1" 200 116
186.103.159.46 - - [06/Mar/2017:09:31:41 -0300] "GET /cormun/servlet/hpexe_return? HTTP/1.1" 200 1025
186.103.159.46 - - [06/Mar/2017:09:31:42 -0300] "GET /cormun/servlet/trsolicitudadjuntos?2017,5183, HTTP/1.1" 200 8016
186.103.159.46 - - [06/Mar/2017:09:31:43 -0300] "GET /cormun/servlet/trsolicitudadjuntos?2017,5183, HTTP/1.1" 200 8012
186.79.62.77 - - [06/Mar/2017:09:31:46 -0300] "POST /cormun/servlet/solicitudotlog?8407c84f6c68a51461d011b856bc675e,INS,2017,5175,0,REC,,gx-no-cache=1488803576439 HTTP/1.1" 200 93
186.79.62.77 - - [06/Mar/2017:09:31:46 -0300] "GET /cormun/servlet/hpexe_return? HTTP/1.1" 200 1027
186.79.62.77 - - [06/Mar/2017:09:31:46 -0300] "GET /cormun/static/gxcfg.js?2016101716175148 HTTP/1.1" 200 953
186.79.62.77 - - [06/Mar/2017:09:31:46 -0300] "GET /cormun/static/hpexe_return.js?2016101716175153 HTTP/1.1" 200 1633
186.79.62.77 - - [06/Mar/2017:09:31:47 -0300] "GET /cormun/servlet/trautorizarsolicitud HTTP/1.1" 200 10308
186.79.62.77 - - [06/Mar/2017:09:31:47 -0300] "GET /cormun/servlet/trautorizarsolicitud HTTP/1.1" 200 10304
186.103.159.46 - - [06/Mar/2017:09:31:49 -0300] "GET /cormun/servlet/solicitudotadjuntos?INS,2017,5183,,1, HTTP/1.1" 200 5803
186.103.159.46 - - [06/Mar/2017:09:31:49 -0300] "GET /cormun/static/about:blank HTTP/1.1" 404 1011
186.103.159.46 - - [06/Mar/2017:09:31:50 -0300] "GET /cormun/servlet/solicitudotadjuntos?INS,2017,5183,,1, HTTP/1.1" 200 5797
186.103.159.46 - - [06/Mar/2017:09:31:51 -0300] "GET /cormun/servlet/solicitudotadjuntos?1eb946c0699bcf18fb9bb3cd608781e7d0450cae7f7663dcf03c8cbcb96d07620ef0834739c09aa5d8f3bedb88e3fde8,gx-no-cache=1488803581131 HTTP/1.1" 200 30
186.103.159.46 - - [06/Mar/2017:09:31:51 -0300] "POST /cormun/servlet/solicitudotadjuntos?5d906342fd1ccf27cf05997538944597,INS,2017,5183,,1,,gx-no-cache=1488803581235 HTTP/1.1" 200 3640
186.79.62.77 - - [06/Mar/2017:09:31:53 -0300] "POST /cormun/servlet/trautorizarsolicitud?8407c84f6c68a51461d011b856bc675e,gx-no-cache=1488803583390 HTTP/1.1" 200 115
186.79.62.77 - - [06/Mar/2017:09:31:54 -0300] "GET /cormun/servlet/solicitudotlog?INS,2017,5172,0,REC, HTTP/1.1" 200 5759
186.79.62.77 - - [06/Mar/2017:09:31:55 -0300] "GET /cormun/servlet/solicitudotlog?INS,2017,5172,0,REC, HTTP/1.1" 200 5758
186.79.62.77 - - [06/Mar/2017:09:31:55 -0300] "GET /cormun/servlet/solicitudotlog?4b9dc4874a4eb63d75ed05df627c6bdbf52448df98ecd37721cfd8dc717edb7c621bdeb71cad2ba2cc0b1af22b6d3e30a9fe1439308c9c5368391999907e5bd05e8c27e8b6a550263caed86c0b1c2a1f19ffe87e9988f95ac928162636256673e1abf00bb7972d15c4aa9e91113978dd49cb92723fbe5421a5b1b6470cacda29e995eed6a028603572891d7d9de3d13aaa6da2da2ab38f8344b528a3cfcf49d4,gx-no-cache=1488803585794 HTTP/1.1" 200 94
186.103.159.46 - - [06/Mar/2017:09:31:56 -0300] "POST /cormun/servlet/solicitudotadjuntos?gx-no-cache=1488803586521 HTTP/1.1" 200 26
186.79.62.77 - - [06/Mar/2017:09:32:02 -0300] "POST /cormun/servlet/solicitudotlog?8407c84f6c68a51461d011b856bc675e,INS,2017,5172,0,REC,,gx-no-cache=1488803592304 HTTP/1.1" 200 93
186.79.62.77 - - [06/Mar/2017:09:32:02 -0300] "GET /cormun/servlet/hpexe_return? HTTP/1.1" 200 1027
186.79.62.77 - - [06/Mar/2017:09:32:02 -0300] "GET /cormun/servlet/trautorizarsolicitud HTTP/1.1" 200 9918
186.79.62.77 - - [06/Mar/2017:09:32:03 -0300] "GET /cormun/servlet/trautorizarsolicitud HTTP/1.1" 200 9914
186.79.62.77 - - [06/Mar/2017:09:32:09 -0300] "POST /cormun/servlet/trautorizarsolicitud?8407c84f6c68a51461d011b856bc675e,gx-no-cache=1488803598967 HTTP/1.1" 200 6883
186.79.62.77 - - [06/Mar/2017:09:32:09 -0300] "GET /cormun/static/Shared/jqueryui/images/ui-bg_highlight-soft_100_c6c2c8_1x100.png HTTP/1.1" 404 1117
186.79.62.77 - - [06/Mar/2017:09:32:09 -0300] "GET /cormun/static/Shared/jqueryui/images/ui-icons_82798d_256x240.png HTTP/1.1" 404 1089
186.79.62.77 - - [06/Mar/2017:09:32:09 -0300] "GET /cormun/static/Shared/jqueryui/images/ui-bg_flat_55_fafafa_40x100.png HTTP/1.1" 404 1097
186.79.62.77 - - [06/Mar/2017:09:32:09 -0300] "GET /cormun/static/Shared/jqueryui/images/ui-icons_8d78a5_256x240.png HTTP/1.1" 404 1089
186.79.62.77 - - [06/Mar/2017:09:32:10 -0300] "POST /cormun/servlet/trautorizarsolicitud?8407c84f6c68a51461d011b856bc675e,gx-no-cache=1488803599657 HTTP/1.1" 200 6827
186.103.159.230 - - [06/Mar/2017:09:32:11 -0300] "POST /cormun/servlet/trsolicitudot?404e1dc834f226ac5a2b9c0d5bec56ae,gx-no-cache=1488803600778 HTTP/1.1" 200 5428
186.103.159.230 - - [06/Mar/2017:09:32:11 -0300] "GET /cormun/static/Shared/jqueryui/images/ui-bg_highlight-soft_100_c6c2c8_1x100.png HTTP/1.1" 404 1117
186.103.159.230 - - [06/Mar/2017:09:32:11 -0300] "GET /cormun/static/Shared/jqueryui/images/ui-icons_82798d_256x240.png HTTP/1.1" 404 1089
186.103.159.230 - - [06/Mar/2017:09:32:11 -0300] "GET /cormun/static/Shared/jqueryui/images/ui-bg_flat_55_fafafa_40x100.png HTTP/1.1" 404 1097
186.103.159.230 - - [06/Mar/2017:09:32:11 -0300] "GET /cormun/static/Shared/jqueryui/images/ui-icons_8d78a5_256x240.png HTTP/1.1" 404 1089
186.103.159.230 - - [06/Mar/2017:09:32:11 -0300] "POST /cormun/servlet/trsolicitudot?404e1dc834f226ac5a2b9c0d5bec56ae,gx-no-cache=1488803601003 HTTP/1.1" 200 5370
186.79.62.77 - - [06/Mar/2017:09:32:24 -0300] "POST /cormun/servlet/trautorizarsolicitud?8407c84f6c68a51461d011b856bc675e,gx-no-cache=1488803613986 HTTP/1.1" 200 115
186.79.62.77 - - [06/Mar/2017:09:32:24 -0300] "GET /cormun/servlet/solicitudotlog?INS,2017,5173,0,REC, HTTP/1.1" 200 5758
186.79.62.77 - - [06/Mar/2017:09:32:25 -0300] "GET /cormun/servlet/solicitudotlog?INS,2017,5173,0,REC, HTTP/1.1" 200 5757
186.79.62.77 - - [06/Mar/2017:09:32:25 -0300] "GET /cormun/servlet/solicitudotlog?4b9dc4874a4eb63d75ed05df627c6bdb203c69da708b790cd8b37da7f4b069cf621bdeb71cad2ba2cc0b1af22b6d3e30a9fe1439308c9c5368391999907e5bd05e8c27e8b6a550263caed86c0b1c2a1f19ffe87e9988f95ac928162636256673e1abf00bb7972d15c4aa9e91113978dd49cb92723fbe5421a5b1b6470cacda29e995eed6a028603572891d7d9de3d13aaa6da2da2ab38f8344b528a3cfcf49d4,gx-no-cache=1488803615599 HTTP/1.1" 200 94
186.103.159.230 - - [06/Mar/2017:09:32:26 -0300] "POST /cormun/servlet/trsolicitudot?404e1dc834f226ac5a2b9c0d5bec56ae,gx-no-cache=1488803616308 HTTP/1.1" 200 105
186.103.159.230 - - [06/Mar/2017:09:32:26 -0300] "GET /cormun/servlet/solicitudot?DLT,2017,5138, HTTP/1.1" 200 9508
186.103.159.230 - - [06/Mar/2017:09:32:27 -0300] "GET /cormun/static/Shared/jqueryui/images/ui-bg_highlight-soft_100_c6c2c8_1x100.png HTTP/1.1" 404 1117
186.103.159.230 - - [06/Mar/2017:09:32:27 -0300] "GET /cormun/static/Shared/jqueryui/images/ui-icons_82798d_256x240.png HTTP/1.1" 404 1089
186.103.159.230 - - [06/Mar/2017:09:32:27 -0300] "GET /cormun/static/Shared/jqueryui/images/ui-bg_flat_55_fafafa_40x100.png HTTP/1.1" 404 1097
186.103.159.230 - - [06/Mar/2017:09:32:27 -0300] "GET /cormun/static/Shared/jqueryui/images/ui-icons_8d78a5_256x240.png HTTP/1.1" 404 1089
186.103.159.230 - - [06/Mar/2017:09:32:27 -0300] "GET /cormun/servlet/solicitudot?DLT,2017,5138, HTTP/1.1" 200 9518
186.103.159.46 - - [06/Mar/2017:09:32:29 -0300] "GET /cormun/servlet/solicitudotadjuntos?1eb946c0699bcf18fb9bb3cd608781e756d414446c6f5844b54662686767a5c2,gx-no-cache=1488803619525 HTTP/1.1" 200 30
186.103.159.46 - - [06/Mar/2017:09:32:29 -0300] "GET /cormun/servlet/solicitudotadjuntos?1eb946c0699bcf18fb9bb3cd608781e756d414446c6f5844b54662686767a5c2,gx-no-cache=1488803619681 HTTP/1.1" 200 30
186.103.159.46 - - [06/Mar/2017:09:32:30 -0300] "POST /cormun/servlet/solicitudotadjuntos?5d906342fd1ccf27cf05997538944597,INS,2017,5183,,1, HTTP/1.1" 200 116
186.103.159.46 - - [06/Mar/2017:09:32:30 -0300] "GET /cormun/servlet/hpexe_return? HTTP/1.1" 200 1025
186.103.159.46 - - [06/Mar/2017:09:32:30 -0300] "GET /cormun/servlet/trsolicitudadjuntos?2017,5183, HTTP/1.1" 200 8257
186.103.159.46 - - [06/Mar/2017:09:32:31 -0300] "GET /cormun/servlet/trsolicitudadjuntos?2017,5183, HTTP/1.1" 200 8254
186.103.159.230 - - [06/Mar/2017:09:32:32 -0300] "GET /cormun/servlet/trsolicitudot HTTP/1.1" 200 8180
186.103.159.230 - - [06/Mar/2017:09:32:33 -0300] "GET /cormun/servlet/trsolicitudot HTTP/1.1" 200 8176
186.103.159.46 - - [06/Mar/2017:09:32:35 -0300] "GET /cormun/servlet/solicitudotadjuntos?INS,2017,5183,,1, HTTP/1.1" 200 5803
186.103.159.46 - - [06/Mar/2017:09:32:36 -0300] "GET /cormun/static/about:blank HTTP/1.1" 404 1011
186.103.159.46 - - [06/Mar/2017:09:32:37 -0300] "GET /cormun/servlet/solicitudotadjuntos?INS,2017,5183,,1, HTTP/1.1" 200 5796
186.103.159.46 - - [06/Mar/2017:09:32:37 -0300] "GET /cormun/servlet/solicitudotadjuntos?1eb946c0699bcf18fb9bb3cd608781e7d0450cae7f7663dcf03c8cbcb96d07620ef0834739c09aa5d8f3bedb88e3fde8,gx-no-cache=1488803627733 HTTP/1.1" 200 30
186.103.159.46 - - [06/Mar/2017:09:32:37 -0300] "POST /cormun/servlet/solicitudotadjuntos?5d906342fd1ccf27cf05997538944597,INS,2017,5183,,1,,gx-no-cache=1488803627832 HTTP/1.1" 200 3638
186.103.159.46 - - [06/Mar/2017:09:32:47 -0300] "POST /cormun/servlet/solicitudotadjuntos?gx-no-cache=1488803637492 HTTP/1.1" 200 26
186.103.159.230 - - [06/Mar/2017:09:32:53 -0300] "POST /cormun/servlet/trsolicitudot?404e1dc834f226ac5a2b9c0d5bec56ae,gx-no-cache=1488803643389 HTTP/1.1" 200 105
186.103.159.230 - - [06/Mar/2017:09:32:54 -0300] "GET /cormun/servlet/solicitudot?DLT,2017,5138, HTTP/1.1" 200 9508
186.103.159.230 - - [06/Mar/2017:09:32:54 -0300] "GET /cormun/static/Shared/jqueryui/images/ui-bg_highlight-soft_100_c6c2c8_1x100.png HTTP/1.1" 404 1117
186.103.159.230 - - [06/Mar/2017:09:32:54 -0300] "GET /cormun/static/Shared/jqueryui/images/ui-icons_82798d_256x240.png HTTP/1.1" 404 1089
186.103.159.230 - - [06/Mar/2017:09:32:54 -0300] "GET /cormun/static/Shared/jqueryui/images/ui-bg_flat_55_fafafa_40x100.png HTTP/1.1" 404 1097
186.103.159.230 - - [06/Mar/2017:09:32:54 -0300] "GET /cormun/static/Shared/jqueryui/images/ui-icons_8d78a5_256x240.png HTTP/1.1" 404 1089
186.103.159.230 - - [06/Mar/2017:09:32:54 -0300] "GET /cormun/servlet/solicitudot?DLT,2017,5138, HTTP/1.1" 200 9518
186.103.159.230 - - [06/Mar/2017:09:32:57 -0300] "GET /cormun/servlet/trsolicitudot HTTP/1.1" 200 8180
186.103.159.230 - - [06/Mar/2017:09:32:58 -0300] "GET /cormun/servlet/trsolicitudot HTTP/1.1" 200 8176
186.103.159.230 - - [06/Mar/2017:09:33:06 -0300] "POST /cormun/servlet/trsolicitudot?404e1dc834f226ac5a2b9c0d5bec56ae,gx-no-cache=1488803655718 HTTP/1.1" 200 105
186.103.159.230 - - [06/Mar/2017:09:33:06 -0300] "GET /cormun/servlet/solicitudot?DLT,2017,5138, HTTP/1.1" 200 9508
186.103.159.230 - - [06/Mar/2017:09:33:06 -0300] "GET /cormun/static/Shared/jqueryui/images/ui-icons_82798d_256x240.png HTTP/1.1" 404 1089
186.103.159.230 - - [06/Mar/2017:09:33:06 -0300] "GET /cormun/static/Shared/jqueryui/images/ui-bg_highlight-soft_100_c6c2c8_1x100.png HTTP/1.1" 404 1117
186.103.159.230 - - [06/Mar/2017:09:33:06 -0300] "GET /cormun/static/Shared/jqueryui/images/ui-bg_flat_55_fafafa_40x100.png HTTP/1.1" 404 1097
186.103.159.230 - - [06/Mar/2017:09:33:06 -0300] "GET /cormun/static/Shared/jqueryui/images/ui-icons_8d78a5_256x240.png HTTP/1.1" 404 1089
186.103.159.230 - - [06/Mar/2017:09:33:06 -0300] "GET /cormun/servlet/solicitudot?DLT,2017,5138, HTTP/1.1" 200 9518
186.103.159.230 - - [06/Mar/2017:09:33:08 -0300] "GET /cormun/servlet/trsolicitudot HTTP/1.1" 200 8180
186.103.159.46 - - [06/Mar/2017:09:33:08 -0300] "GET /cormun/servlet/solicitudotadjuntos?1eb946c0699bcf18fb9bb3cd608781e756d414446c6f5844b54662686767a5c2,gx-no-cache=1488803658775 HTTP/1.1" 200 30
186.103.159.230 - - [06/Mar/2017:09:33:08 -0300] "GET /cormun/servlet/trsolicitudot HTTP/1.1" 200 8176
186.103.159.46 - - [06/Mar/2017:09:33:09 -0300] "GET /cormun/servlet/solicitudotadjuntos?1eb946c0699bcf18fb9bb3cd608781e756d414446c6f5844b54662686767a5c2,gx-no-cache=1488803659372 HTTP/1.1" 200 30
186.103.159.46 - - [06/Mar/2017:09:33:09 -0300] "POST /cormun/servlet/solicitudotadjuntos?5d906342fd1ccf27cf05997538944597,INS,2017,5183,,1, HTTP/1.1" 200 116
186.103.159.46 - - [06/Mar/2017:09:33:09 -0300] "GET /cormun/servlet/hpexe_return? HTTP/1.1" 200 1025
186.103.159.46 - - [06/Mar/2017:09:33:10 -0300] "GET /cormun/servlet/trsolicitudadjuntos?2017,5183, HTTP/1.1" 200 8406
186.103.159.46 - - [06/Mar/2017:09:33:11 -0300] "GET /cormun/servlet/trsolicitudadjuntos?2017,5183, HTTP/1.1" 200 8404
186.103.159.230 - - [06/Mar/2017:09:33:14 -0300] "POST /cormun/servlet/trsolicitudot?404e1dc834f226ac5a2b9c0d5bec56ae,gx-no-cache=1488803664390 HTTP/1.1" 200 105
186.103.159.230 - - [06/Mar/2017:09:33:15 -0300] "GET /cormun/servlet/solicitudot?UPD,2017,5138, HTTP/1.1" 200 14469
186.103.159.230 - - [06/Mar/2017:09:33:15 -0300] "GET /cormun/servlet/solicitudot?UPD,2017,5138, HTTP/1.1" 200 14478
186.103.159.230 - - [06/Mar/2017:09:33:16 -0300] "POST /cormun/servlet/solicitudot?gx-no-cache=1488803665428 HTTP/1.1" 200 3145
186.103.159.230 - - [06/Mar/2017:09:33:16 -0300] "POST /cormun/servlet/solicitudot?404e1dc834f226ac5a2b9c0d5bec56ae,UPD,2017,5138,,gx-no-cache=1488803665574 HTTP/1.1" 200 11046
186.103.159.230 - - [06/Mar/2017:09:33:16 -0300] "GET /cormun/servlet/solicitudot?8bd6a79b62b45d1095d44ba05339394347379a12c6d43602e0fca0983446c0b6acdc7e004bb35ba49943348c5b3a45ab,gx-no-cache=1488803665763 HTTP/1.1" 200 30
186.103.159.230 - - [06/Mar/2017:09:33:16 -0300] "POST /cormun/servlet/solicitudot?gx-no-cache=1488803665793 HTTP/1.1" 200 297
186.103.159.230 - - [06/Mar/2017:09:33:16 -0300] "GET /cormun/servlet/solicitudot?8bd6a79b62b45d1095d44ba053393943f51cd6292c4a671d54066314fc21f3c9ffd291c6136ecc7a94ab030b63a0a832022ab2f2ce642e01f3be6f2eb0704807531aaaf90b03f67e78649978fde0c2a30c2ee05915ae341ddbdf0ebf39083c258c4a8b45ed6f9bbfb8d7cce5092c18403bd79cbe84f8827e4f30c8948345e88012fc520c94d2d1cd63638b86611ad436be58f7dc8d7adccfb501d8073f0cb614b438f0371d710928898f0818d4a817339ded36378aa6449856dbd68d40d2ccd8d03547bd1a5305f46cb022d32fd9103c81800a1dd62ab60e1309c1c91298d90b7cdc029f2afa8a91af3b374bcdb1286cae2850eddf37079944ded0046348cec525952a51574a5bab00e0813c82c4750fa59ea1ba271d875f3d9d077fd9336913077248e7e5c7e0bdbbd83bde69b2e5d8435cfe6fc25ca2789422292318a6e714949a3af7eac0121014331618f3d449b1fe303d5ec0155977ce68f9d7636e1770ac75076c66bd45d6b4c6559b9c0358d1645bd18008937bd1d6cb2ca3b0d3adc5323f480507666a0a3e2822fdd21b5f33,gx-no-cache=1488803665822 HTTP/1.1" 200 30
186.103.159.230 - - [06/Mar/2017:09:33:16 -0300] "POST /cormun/servlet/solicitudot?gx-no-cache=1488803666163 HTTP/1.1" 200 30
186.103.159.230 - - [06/Mar/2017:09:33:16 -0300] "POST /cormun/servlet/solicitudot?gx-no-cache=1488803666201 HTTP/1.1" 200 1287
186.103.159.230 - - [06/Mar/2017:09:33:16 -0300] "POST /cormun/servlet/solicitudot?gx-no-cache=1488803666261 HTTP/1.1" 200 41
186.103.159.230 - - [06/Mar/2017:09:33:21 -0300] "POST /cormun/servlet/solicitudot?gx-no-cache=1488803671218 HTTP/1.1" 200 3204
186.103.159.230 - - [06/Mar/2017:09:33:21 -0300] "GET /cormun/static/Shared/jqueryui/images/ui-bg_highlight-soft_100_c6c2c8_1x100.png HTTP/1.1" 404 1117
186.103.159.230 - - [06/Mar/2017:09:33:21 -0300] "GET /cormun/static/Shared/jqueryui/images/ui-icons_82798d_256x240.png HTTP/1.1" 404 1089
186.103.159.230 - - [06/Mar/2017:09:33:21 -0300] "GET /cormun/static/Shared/jqueryui/images/ui-bg_flat_55_994d53_40x100.png HTTP/1.1" 404 1097
186.103.159.230 - - [06/Mar/2017:09:33:21 -0300] "GET /cormun/static/Shared/jqueryui/images/ui-icons_ebccce_256x240.png HTTP/1.1" 404 1089
186.103.159.46 - - [06/Mar/2017:09:33:30 -0300] "GET /cormun/servlet/trsolicitudot? HTTP/1.1" 200 7974
186.103.159.230 - - [06/Mar/2017:09:33:32 -0300] "POST /cormun/servlet/solicitudot?404e1dc834f226ac5a2b9c0d5bec56ae,UPD,2017,5138,,gx-no-cache=1488803681542 HTTP/1.1" 200 93
186.103.159.230 - - [06/Mar/2017:09:33:32 -0300] "GET /cormun/servlet/hpexe_return? HTTP/1.1" 200 1015
186.103.159.230 - - [06/Mar/2017:09:33:32 -0300] "GET /cormun/servlet/trsolicitudot HTTP/1.1" 200 8180
186.103.159.46 - - [06/Mar/2017:09:33:32 -0300] "GET /cormun/servlet/trsolicitudot? HTTP/1.1" 200 7968
186.103.159.230 - - [06/Mar/2017:09:33:32 -0300] "GET /cormun/servlet/trsolicitudot HTTP/1.1" 200 8176
186.103.159.230 - - [06/Mar/2017:09:33:39 -0300] "GET /cormun/servlet/trsolicitudot? HTTP/1.1" 200 8176
186.103.159.230 - - [06/Mar/2017:09:33:39 -0300] "GET /cormun/servlet/trsolicitudot? HTTP/1.1" 200 8176
186.103.159.230 - - [06/Mar/2017:09:33:45 -0300] "GET /cormun/servlet/solicitudot?INS,0,0, HTTP/1.1" 200 12776
186.103.159.230 - - [06/Mar/2017:09:33:46 -0300] "GET /cormun/servlet/solicitudot?INS,0,0, HTTP/1.1" 200 12781
186.103.159.230 - - [06/Mar/2017:09:33:53 -0300] "GET /cormun/servlet/trsolicitudot? HTTP/1.1" 200 8176
186.103.159.230 - - [06/Mar/2017:09:33:53 -0300] "GET /cormun/servlet/trsolicitudot? HTTP/1.1" 200 8176
186.103.159.46 - - [06/Mar/2017:09:34:04 -0300] "POST /cormun/servlet/trsolicitudot?5d906342fd1ccf27cf05997538944597,,gx-no-cache=1488803713992 HTTP/1.1" 200 4140
186.103.159.46 - - [06/Mar/2017:09:34:04 -0300] "GET /cormun/static/Shared/jqueryui/images/ui-bg_highlight-soft_100_c6c2c8_1x100.png HTTP/1.1" 404 1117
186.103.159.46 - - [06/Mar/2017:09:34:04 -0300] "GET /cormun/static/Shared/jqueryui/images/ui-icons_82798d_256x240.png HTTP/1.1" 404 1089
186.103.159.46 - - [06/Mar/2017:09:34:04 -0300] "GET /cormun/static/Shared/jqueryui/images/ui-bg_flat_55_fafafa_40x100.png HTTP/1.1" 404 1097
186.103.159.46 - - [06/Mar/2017:09:34:04 -0300] "GET /cormun/static/Shared/jqueryui/images/ui-icons_8d78a5_256x240.png HTTP/1.1" 404 1089
186.103.159.46 - - [06/Mar/2017:09:34:04 -0300] "POST /cormun/servlet/trsolicitudot?5d906342fd1ccf27cf05997538944597,,gx-no-cache=1488803714397 HTTP/1.1" 200 3943
186.103.159.230 - - [06/Mar/2017:09:34:05 -0300] "POST /cormun/servlet/trsolicitudot?404e1dc834f226ac5a2b9c0d5bec56ae,,gx-no-cache=1488803715092 HTTP/1.1" 200 105
186.103.159.230 - - [06/Mar/2017:09:34:05 -0300] "GET /cormun/servlet/solicitudot?DLT,2017,5138, HTTP/1.1" 200 9508
186.103.159.230 - - [06/Mar/2017:09:34:06 -0300] "GET /cormun/static/Shared/jqueryui/images/ui-bg_highlight-soft_100_c6c2c8_1x100.png HTTP/1.1" 404 1117
186.103.159.230 - - [06/Mar/2017:09:34:06 -0300] "GET /cormun/static/Shared/jqueryui/images/ui-icons_82798d_256x240.png HTTP/1.1" 404 1089
186.103.159.230 - - [06/Mar/2017:09:34:06 -0300] "GET /cormun/static/Shared/jqueryui/images/ui-bg_flat_55_fafafa_40x100.png HTTP/1.1" 404 1097
186.103.159.230 - - [06/Mar/2017:09:34:06 -0300] "GET /cormun/static/Shared/jqueryui/images/ui-icons_8d78a5_256x240.png HTTP/1.1" 404 1089
186.103.159.230 - - [06/Mar/2017:09:34:06 -0300] "GET /cormun/servlet/solicitudot?DLT,2017,5138, HTTP/1.1" 200 9518
190.101.9.138 - - [06/Mar/2017:09:34:14 -0300] "GET /cormun/servlet/trsolicitudot? HTTP/1.1" 200 8384
