186.79.31.196 - - [06/Mar/2017:16:55:08 -0300] "GET /cormun/servlet/solicitudot?e1360461de27c7472cef9687852a80567ac67ba60bea23a0b595cbe2d70872b15534ce1813f58f98d57f971c739ba1ebf40c4396231ca8b76840de6fdb9c17ff016bd217e5fe1b2b33fb8bdffda1e87b433f8c9d37c5aef97c8dc32e46b9bb87456f977a4c0fd15c11297bb441bdbee0e041b2d746fe29c64f7664b29ea31f4d2421bd10fcc96c041cf2da0ce2cce6c6e1b91009c7a95884ff3bb7c58c4791b4f62d2ea4be1b33b0e6df1fdeefd8aa2d,gx-no-cache=1488830042126 HTTP/1.1" 200 30
186.79.31.196 - - [06/Mar/2017:16:55:18 -0300] "POST /cormun/servlet/solicitudot?5b67e4108afe0afc6073ca936cae3991,INS,0,0,,gx-no-cache=1488830052141 HTTP/1.1" 200 93
186.79.31.196 - - [06/Mar/2017:16:55:19 -0300] "GET /cormun/servlet/hpexe_return? HTTP/1.1" 200 1005
186.79.31.196 - - [06/Mar/2017:16:55:19 -0300] "GET /cormun/servlet/trsolicitudot HTTP/1.1" 200 9088
186.79.31.196 - - [06/Mar/2017:16:55:21 -0300] "GET /cormun/servlet/trsolicitudot HTTP/1.1" 200 9084
186.103.159.183 - - [06/Mar/2017:16:55:21 -0300] "GET /cormun/servlet/solicitudotadjuntos?INS,2017,5229,,1, HTTP/1.1" 200 6018
186.103.159.183 - - [06/Mar/2017:16:55:22 -0300] "GET /cormun/static/about:blank HTTP/1.1" 404 1011
186.103.159.183 - - [06/Mar/2017:16:55:22 -0300] "GET /cormun/servlet/solicitudotadjuntos?INS,2017,5229,,1, HTTP/1.1" 200 6012
186.103.159.183 - - [06/Mar/2017:16:55:23 -0300] "GET /cormun/servlet/solicitudotadjuntos?f04e885f65d1dfc39eb5fd34dbc6c72014efc0a4a84b2dc8a297620c2424dab58080777526812e424bdb618418541847,gx-no-cache=1488830195104 HTTP/1.1" 200 30
186.103.159.183 - - [06/Mar/2017:16:55:23 -0300] "POST /cormun/servlet/solicitudotadjuntos?bc41ad5f03618bf1647dc15c57e703a1,INS,2017,5229,,1,,gx-no-cache=1488830195198 HTTP/1.1" 200 3825
186.79.31.196 - - [06/Mar/2017:16:55:28 -0300] "POST /cormun/servlet/trsolicitudot?5b67e4108afe0afc6073ca936cae3991,gx-no-cache=1488830062371 HTTP/1.1" 200 106
186.79.31.196 - - [06/Mar/2017:16:55:29 -0300] "GET /cormun/servlet/solicitudot?UPD,2017,5230, HTTP/1.1" 200 14276
186.103.159.183 - - [06/Mar/2017:16:55:30 -0300] "POST /cormun/servlet/solicitudotadjuntos?gx-no-cache=1488830201941 HTTP/1.1" 200 26
186.79.31.196 - - [06/Mar/2017:16:55:30 -0300] "GET /cormun/servlet/solicitudot?UPD,2017,5230, HTTP/1.1" 200 14285
186.79.31.196 - - [06/Mar/2017:16:55:31 -0300] "POST /cormun/servlet/solicitudot?gx-no-cache=1488830065140 HTTP/1.1" 200 3188
186.79.31.196 - - [06/Mar/2017:16:55:32 -0300] "POST /cormun/servlet/solicitudot?5b67e4108afe0afc6073ca936cae3991,UPD,2017,5230,,gx-no-cache=1488830065662 HTTP/1.1" 200 10876
186.79.31.196 - - [06/Mar/2017:16:55:32 -0300] "GET /cormun/servlet/solicitudot?e1360461de27c7472cef9687852a80569a88b71dc7d4efb08537c19025e39c5621a6270cba68633961d349a869f43c05,gx-no-cache=1488830066402 HTTP/1.1" 200 30
186.79.31.196 - - [06/Mar/2017:16:55:32 -0300] "POST /cormun/servlet/solicitudot?gx-no-cache=1488830066546 HTTP/1.1" 200 256
186.79.31.196 - - [06/Mar/2017:16:55:33 -0300] "GET /cormun/servlet/solicitudot?e1360461de27c7472cef9687852a8056d2f6078f8e2defea1113772306e0e215e4392c410aa62bb80b8144f9ff36d6901f0a2c15f8ac10ff45d6b6095d3f4b3a17b26a085a3764d1e5634c377b30340f514d0c3f19f0cc2d75da72e3669b007549acf69c185a234de1525650310be17ef02a67a01f38827e74a885d80d6802aa2a0109bfd2c80947f8cf40dc6a3c0a8ae55e740386c80e57ec31940e8accb31d3e528876f424c1cd9f7eb74936494fdec56726b781c13859671d8542a63506fbab8955b28acb1ef5e18d1e44a5ab3ea2b823de6d74d1bfaa6911fe67c83a197fb504e69c27ed1eaa85b8282f290dad6e0900889c27bebce0efff786f7867140990f395072a8bacd8d52c14cda80f33c080c17dc03fb01ac49233cc1500bf6cb2d105dc0ee74544df08d0222d2b78d1de958c2c8bd77f40b919e6b7ffd43b951b240acb6cb419f115219a25fd4af864bf06b8e0fc10b374845dcc217035578628f82d4ba038f187c2ad7d173a856b9c08802d8ddb8143ace00d07a27dc0f67016,gx-no-cache=1488830066695 HTTP/1.1" 200 30
186.79.31.196 - - [06/Mar/2017:16:55:33 -0300] "POST /cormun/servlet/solicitudot?gx-no-cache=1488830066822 HTTP/1.1" 200 30
186.79.31.196 - - [06/Mar/2017:16:55:33 -0300] "POST /cormun/servlet/solicitudot?gx-no-cache=1488830066989 HTTP/1.1" 200 1291
186.79.31.196 - - [06/Mar/2017:16:55:33 -0300] "POST /cormun/servlet/solicitudot?gx-no-cache=1488830067204 HTTP/1.1" 200 41
186.103.159.183 - - [06/Mar/2017:16:55:37 -0300] "GET /cormun/servlet/solicitudotadjuntos?f04e885f65d1dfc39eb5fd34dbc6c720fbd587aa9d8929ca1005aae846e1f250,gx-no-cache=1488830209771 HTTP/1.1" 200 30
186.103.159.183 - - [06/Mar/2017:16:55:37 -0300] "GET /cormun/servlet/solicitudotadjuntos?f04e885f65d1dfc39eb5fd34dbc6c720fbd587aa9d8929ca1005aae846e1f250,gx-no-cache=1488830209799 HTTP/1.1" 200 30
186.103.159.183 - - [06/Mar/2017:16:55:38 -0300] "POST /cormun/servlet/solicitudotadjuntos?bc41ad5f03618bf1647dc15c57e703a1,INS,2017,5229,,1, HTTP/1.1" 200 116
186.103.159.183 - - [06/Mar/2017:16:55:38 -0300] "GET /cormun/servlet/hpexe_return? HTTP/1.1" 200 1024
186.103.159.183 - - [06/Mar/2017:16:55:39 -0300] "GET /cormun/servlet/trsolicitudadjuntos?2017,5229, HTTP/1.1" 200 8532
186.103.159.183 - - [06/Mar/2017:16:55:40 -0300] "GET /cormun/servlet/trsolicitudadjuntos?2017,5229, HTTP/1.1" 200 8529
186.79.31.196 - - [06/Mar/2017:16:55:41 -0300] "GET /cormun/servlet/solicitudot?e1360461de27c7472cef9687852a80567eac52ddfc5db24ca13541219b6af3ce15d2280d42ba4db1c44d5cc3c51f98ff8d54db82a01f461e7d7cd8866ec96306f4eff2c845f653f521bcbb666cbb1684098f5cd646c2b339aa3994785b5c91c958f78f13f98203bf01ee88d22f228bf6c47583613d52b01ec58a96ebac33345f246fb3755b230f49da8cfd404ff687ad074e2b3087b629389c54f5dd029fb1b6,gx-no-cache=1488830075151 HTTP/1.1" 200 29
186.79.31.196 - - [06/Mar/2017:16:55:41 -0300] "POST /cormun/servlet/solicitudot?gx-no-cache=1488830075257 HTTP/1.1" 200 1274
186.79.31.196 - - [06/Mar/2017:16:55:41 -0300] "POST /cormun/servlet/solicitudot?gx-no-cache=1488830075451 HTTP/1.1" 200 1157
186.79.31.196 - - [06/Mar/2017:16:55:41 -0300] "GET /cormun/servlet/solicitudot?e1360461de27c7472cef9687852a80567ac67ba60bea23a0b595cbe2d70872b15534ce1813f58f98d57f971c739ba1ebf40c4396231ca8b76840de6fdb9c17ff016bd217e5fe1b2b33fb8bdffda1e87b433f8c9d37c5aef97c8dc32e46b9bb87456f977a4c0fd15c11297bb441bdbee0e041b2d746fe29c64f7664b29ea31f4d2421bd10fcc96c041cf2da0ce2cce6c6e1b91009c7a95884ff3bb7c58c4791b4832f83754fad6566cb366b70b5b274db,gx-no-cache=1488830075657 HTTP/1.1" 200 32
186.79.31.196 - - [06/Mar/2017:16:55:42 -0300] "POST /cormun/servlet/solicitudot?5b67e4108afe0afc6073ca936cae3991,UPD,2017,5230,,gx-no-cache=1488830075816 HTTP/1.1" 200 93
186.79.31.196 - - [06/Mar/2017:16:55:42 -0300] "GET /cormun/servlet/hpexe_return? HTTP/1.1" 200 1011
186.79.31.196 - - [06/Mar/2017:16:55:43 -0300] "GET /cormun/servlet/trsolicitudot HTTP/1.1" 200 9094
186.103.159.183 - - [06/Mar/2017:16:55:43 -0300] "GET /cormun/servlet/solicitudotadjuntos?INS,2017,5229,,1, HTTP/1.1" 200 6018
186.103.159.183 - - [06/Mar/2017:16:55:44 -0300] "GET /cormun/static/about:blank HTTP/1.1" 404 1011
186.103.159.183 - - [06/Mar/2017:16:55:44 -0300] "GET /cormun/servlet/solicitudotadjuntos?INS,2017,5229,,1, HTTP/1.1" 200 6012
186.103.159.183 - - [06/Mar/2017:16:55:44 -0300] "GET /cormun/servlet/solicitudotadjuntos?f04e885f65d1dfc39eb5fd34dbc6c72014efc0a4a84b2dc8a297620c2424dab58080777526812e424bdb618418541847,gx-no-cache=1488830216680 HTTP/1.1" 200 30
186.79.31.196 - - [06/Mar/2017:16:55:44 -0300] "GET /cormun/servlet/trsolicitudot HTTP/1.1" 200 9090
186.103.159.183 - - [06/Mar/2017:16:55:44 -0300] "POST /cormun/servlet/solicitudotadjuntos?bc41ad5f03618bf1647dc15c57e703a1,INS,2017,5229,,1,,gx-no-cache=1488830216735 HTTP/1.1" 200 3825
186.79.31.196 - - [06/Mar/2017:16:55:47 -0300] "GET /cormun/servlet/solicitudot?INS,0,0, HTTP/1.1" 200 12588
186.79.31.196 - - [06/Mar/2017:16:55:49 -0300] "GET /cormun/servlet/solicitudot?INS,0,0, HTTP/1.1" 200 12592
186.103.159.183 - - [06/Mar/2017:16:55:54 -0300] "POST /cormun/servlet/solicitudotadjuntos?gx-no-cache=1488830226490 HTTP/1.1" 200 26
186.79.31.196 - - [06/Mar/2017:16:55:58 -0300] "GET /cormun/servlet/prfichaempleado?,MD,,gxPopupLevel%3D0%3B HTTP/1.1" 200 8842
186.103.159.183 - - [06/Mar/2017:16:55:59 -0300] "GET /cormun/servlet/solicitudotadjuntos?f04e885f65d1dfc39eb5fd34dbc6c720fbd587aa9d8929ca1005aae846e1f250,gx-no-cache=1488830231675 HTTP/1.1" 200 30
186.103.159.183 - - [06/Mar/2017:16:55:59 -0300] "GET /cormun/servlet/solicitudotadjuntos?f04e885f65d1dfc39eb5fd34dbc6c720fbd587aa9d8929ca1005aae846e1f250,gx-no-cache=1488830231708 HTTP/1.1" 200 30
186.103.159.183 - - [06/Mar/2017:16:56:01 -0300] "POST /cormun/servlet/solicitudotadjuntos?bc41ad5f03618bf1647dc15c57e703a1,INS,2017,5229,,1, HTTP/1.1" 200 116
186.103.159.183 - - [06/Mar/2017:16:56:01 -0300] "GET /cormun/servlet/hpexe_return? HTTP/1.1" 200 1024
186.103.159.183 - - [06/Mar/2017:16:56:02 -0300] "GET /cormun/servlet/trsolicitudadjuntos?2017,5229, HTTP/1.1" 200 8648
186.103.159.183 - - [06/Mar/2017:16:56:03 -0300] "GET /cormun/servlet/trsolicitudadjuntos?2017,5229, HTTP/1.1" 200 8649
186.103.159.183 - - [06/Mar/2017:16:56:06 -0300] "GET /cormun/servlet/solicitudotadjuntos?INS,2017,5229,,1, HTTP/1.1" 200 6018
186.103.159.183 - - [06/Mar/2017:16:56:07 -0300] "GET /cormun/static/about:blank HTTP/1.1" 404 1011
186.103.159.183 - - [06/Mar/2017:16:56:07 -0300] "GET /cormun/servlet/solicitudotadjuntos?INS,2017,5229,,1, HTTP/1.1" 200 6012
186.103.159.183 - - [06/Mar/2017:16:56:07 -0300] "GET /cormun/servlet/solicitudotadjuntos?f04e885f65d1dfc39eb5fd34dbc6c72014efc0a4a84b2dc8a297620c2424dab58080777526812e424bdb618418541847,gx-no-cache=1488830239865 HTTP/1.1" 200 30
186.103.159.183 - - [06/Mar/2017:16:56:08 -0300] "POST /cormun/servlet/solicitudotadjuntos?bc41ad5f03618bf1647dc15c57e703a1,INS,2017,5229,,1,,gx-no-cache=1488830239913 HTTP/1.1" 200 3825
186.103.159.183 - - [06/Mar/2017:16:56:10 -0300] "POST /cormun/servlet/solicitudotadjuntos?gx-no-cache=1488830242855 HTTP/1.1" 200 26
186.103.159.183 - - [06/Mar/2017:16:56:15 -0300] "GET /cormun/servlet/solicitudotadjuntos?f04e885f65d1dfc39eb5fd34dbc6c720fbd587aa9d8929ca1005aae846e1f250,gx-no-cache=1488830247786 HTTP/1.1" 200 30
186.103.159.183 - - [06/Mar/2017:16:56:15 -0300] "GET /cormun/servlet/solicitudotadjuntos?f04e885f65d1dfc39eb5fd34dbc6c720fbd587aa9d8929ca1005aae846e1f250,gx-no-cache=1488830247849 HTTP/1.1" 200 30
186.103.159.183 - - [06/Mar/2017:16:56:19 -0300] "POST /cormun/servlet/solicitudotadjuntos?bc41ad5f03618bf1647dc15c57e703a1,INS,2017,5229,,1, HTTP/1.1" 200 116
186.103.159.183 - - [06/Mar/2017:16:56:19 -0300] "GET /cormun/servlet/hpexe_return? HTTP/1.1" 200 1024
186.103.159.183 - - [06/Mar/2017:16:56:20 -0300] "GET /cormun/servlet/trsolicitudadjuntos?2017,5229, HTTP/1.1" 200 8837
186.103.159.183 - - [06/Mar/2017:16:56:22 -0300] "GET /cormun/servlet/trsolicitudadjuntos?2017,5229, HTTP/1.1" 200 8835
186.103.159.183 - - [06/Mar/2017:16:56:24 -0300] "GET /cormun/servlet/solicitudotadjuntos?INS,2017,5229,,1, HTTP/1.1" 200 6018
186.103.159.183 - - [06/Mar/2017:16:56:25 -0300] "GET /cormun/static/about:blank HTTP/1.1" 404 1011
186.103.159.183 - - [06/Mar/2017:16:56:25 -0300] "GET /cormun/servlet/solicitudotadjuntos?INS,2017,5229,,1, HTTP/1.1" 200 6012
186.103.159.183 - - [06/Mar/2017:16:56:25 -0300] "GET /cormun/servlet/solicitudotadjuntos?f04e885f65d1dfc39eb5fd34dbc6c72014efc0a4a84b2dc8a297620c2424dab58080777526812e424bdb618418541847,gx-no-cache=1488830257594 HTTP/1.1" 200 30
186.103.159.183 - - [06/Mar/2017:16:56:25 -0300] "POST /cormun/servlet/solicitudotadjuntos?bc41ad5f03618bf1647dc15c57e703a1,INS,2017,5229,,1,,gx-no-cache=1488830257645 HTTP/1.1" 200 3826
186.103.159.183 - - [06/Mar/2017:16:56:30 -0300] "POST /cormun/servlet/solicitudotadjuntos?gx-no-cache=1488830262180 HTTP/1.1" 200 26
186.103.159.183 - - [06/Mar/2017:16:56:35 -0300] "GET /cormun/servlet/solicitudotadjuntos?f04e885f65d1dfc39eb5fd34dbc6c720fbd587aa9d8929ca1005aae846e1f250,gx-no-cache=1488830267648 HTTP/1.1" 200 30
186.103.159.183 - - [06/Mar/2017:16:56:35 -0300] "GET /cormun/servlet/solicitudotadjuntos?f04e885f65d1dfc39eb5fd34dbc6c720fbd587aa9d8929ca1005aae846e1f250,gx-no-cache=1488830267676 HTTP/1.1" 200 30
186.103.159.183 - - [06/Mar/2017:16:56:37 -0300] "POST /cormun/servlet/solicitudotadjuntos?bc41ad5f03618bf1647dc15c57e703a1,INS,2017,5229,,1, HTTP/1.1" 200 116
186.103.159.183 - - [06/Mar/2017:16:56:37 -0300] "GET /cormun/servlet/hpexe_return? HTTP/1.1" 200 1024
186.103.159.183 - - [06/Mar/2017:16:56:38 -0300] "GET /cormun/servlet/trsolicitudadjuntos?2017,5229, HTTP/1.1" 200 9033
186.103.159.183 - - [06/Mar/2017:16:56:40 -0300] "GET /cormun/servlet/trsolicitudadjuntos?2017,5229, HTTP/1.1" 200 9028
186.79.31.196 - - [06/Mar/2017:16:56:46 -0300] "POST /cormun/servlet/prfichaempleado?5b67e4108afe0afc6073ca936cae3991,,MD,,gxPopupLevel%3D0%3B,gx-no-cache=1488830139340 HTTP/1.1" 200 3390
186.103.159.183 - - [06/Mar/2017:16:56:48 -0300] "GET /cormun/servlet/trsolicitudot? HTTP/1.1" 200 8187
186.103.159.183 - - [06/Mar/2017:16:56:49 -0300] "GET /cormun/servlet/trsolicitudot? HTTP/1.1" 200 8180
186.79.31.196 - - [06/Mar/2017:16:56:52 -0300] "POST /cormun/servlet/solicitudot?gx-no-cache=1488830146251 HTTP/1.1" 200 3169
186.79.31.196 - - [06/Mar/2017:16:56:53 -0300] "POST /cormun/servlet/solicitudot?5b67e4108afe0afc6073ca936cae3991,INS,0,0,,gx-no-cache=1488830146773 HTTP/1.1" 200 9772
186.79.31.196 - - [06/Mar/2017:16:56:53 -0300] "GET /cormun/servlet/solicitudot?e1360461de27c7472cef9687852a8056db304f377d05b93f58c52bdfd3e7934bf4c0d61fb5e996b24604f1935efbb2b9,gx-no-cache=1488830147436 HTTP/1.1" 200 30
192.168.10.89 - - [06/Mar/2017:16:56:54 -0300] "POST /cormun/servlet/trsolicitudgral?ebb55a6bbb3ef19d0d6218ea0569e38b,gx-no-cache=1488832697606,gx-no-cache=1488833498872 HTTP/1.1" 200 6681
186.79.31.196 - - [06/Mar/2017:16:56:59 -0300] "POST /cormun/servlet/solicitudot?gx-no-cache=1488830153122 HTTP/1.1" 200 255
186.79.31.196 - - [06/Mar/2017:16:56:59 -0300] "GET /cormun/servlet/solicitudot?e1360461de27c7472cef9687852a8056d2f6078f8e2defea1113772306e0e215e4392c410aa62bb80b8144f9ff36d6901f0a2c15f8ac10ff45d6b6095d3f4b3a17b26a085a3764d1e5634c377b30340f514d0c3f19f0cc2d75da72e3669b007549acf69c185a234de1525650310be17ef02a67a01f38827e74a885d80d6802aa2a0109bfd2c80947f8cf40dc6a3c0a8ae55e740386c80e57ec31940e8accb31d3e528876f424c1cd9f7eb74936494fdec56726b781c13859671d8542a63506fbab8955b28acb1ef5e18d1e44a5ab3ea2b823de6d74d1bfaa6911fe67c83a197fb504e69c27ed1eaa85b8282f290dad6e0900889c27bebce0efff786f7867140990f395072a8bacd8d52c14cda80f33c080c17dc03fb01ac49233cc1500bf6cb2d105dc0ee74544df08d0222d2b78d1de958c2c8bd77f40b919e6b7ffd43b951b240acb6cb419f115219a25fd4af864bf06b8e0fc10b374845dcc217035578628f82d4ba038f187c2ad7d173a856b9c0897927937cbfee4c97cea5085dc941e28,gx-no-cache=1488830153266 HTTP/1.1" 200 30
186.79.31.196 - - [06/Mar/2017:16:57:05 -0300] "POST /cormun/servlet/solicitudot?gx-no-cache=1488830159267 HTTP/1.1" 200 30
186.103.159.183 - - [06/Mar/2017:16:57:06 -0300] "POST /cormun/servlet/trsolicitudot?bc41ad5f03618bf1647dc15c57e703a1,,gx-no-cache=1488830297898 HTTP/1.1" 200 4336
186.103.159.183 - - [06/Mar/2017:16:57:06 -0300] "GET /cormun/static/Shared/jqueryui/images/ui-bg_highlight-soft_100_c6c2c8_1x100.png HTTP/1.1" 404 1117
186.103.159.183 - - [06/Mar/2017:16:57:06 -0300] "GET /cormun/static/Shared/jqueryui/images/ui-icons_82798d_256x240.png HTTP/1.1" 404 1089
186.103.159.183 - - [06/Mar/2017:16:57:06 -0300] "GET /cormun/static/Shared/jqueryui/images/ui-bg_flat_55_fafafa_40x100.png HTTP/1.1" 404 1097
186.103.159.183 - - [06/Mar/2017:16:57:06 -0300] "GET /cormun/static/Shared/jqueryui/images/ui-icons_8d78a5_256x240.png HTTP/1.1" 404 1089
186.79.31.196 - - [06/Mar/2017:16:57:07 -0300] "POST /cormun/servlet/solicitudot?gx-no-cache=1488830160889 HTTP/1.1" 200 1291
186.103.159.183 - - [06/Mar/2017:16:57:07 -0300] "POST /cormun/servlet/trsolicitudot?bc41ad5f03618bf1647dc15c57e703a1,,gx-no-cache=1488830298649 HTTP/1.1" 200 4138
186.79.31.196 - - [06/Mar/2017:16:57:07 -0300] "POST /cormun/servlet/solicitudot?gx-no-cache=1488830161086 HTTP/1.1" 200 38
186.103.159.183 - - [06/Mar/2017:16:57:09 -0300] "GET /cormun/servlet/trautorizarsolicitud? HTTP/1.1" 200 8128
186.103.159.183 - - [06/Mar/2017:16:57:09 -0300] "GET /cormun/static/gxcfg.js?2017259112829 HTTP/1.1" 200 953
186.103.159.183 - - [06/Mar/2017:16:57:09 -0300] "GET /cormun/static/trautorizarsolicitud.js?2017259113483 HTTP/1.1" 200 53096
192.168.10.89 - - [06/Mar/2017:16:57:10 -0300] "POST /cormun/servlet/trsolicitudgral?ebb55a6bbb3ef19d0d6218ea0569e38b,gx-no-cache=1488832697606,gx-no-cache=1488833514831 HTTP/1.1" 200 115
192.168.10.89 - - [06/Mar/2017:16:57:10 -0300] "GET /cormun/servlet/solicitudotlog?INS,2017,5060,0,REC, HTTP/1.1" 200 6179
186.103.159.183 - - [06/Mar/2017:16:57:11 -0300] "GET /cormun/servlet/trautorizarsolicitud? HTTP/1.1" 200 8128
192.168.10.89 - - [06/Mar/2017:16:57:12 -0300] "GET /cormun/servlet/solicitudotlog?3f8d4cdaf2e9d0a25ce2f9905a675701163c11cfbc8c048f77caf7a0165ab1067f4f0f0ac616b56612ede88abd1826d5f026852352d901cb5f1179591b61ffe3c3d03dc316c6b0fd19f3082467246d951ad133be23fadefa969e3e806c093aac91eec9bbd07719a69112c71026f9d06c6359cbca53aaadaa8f5aff01148dc4b14d2d6a41dcea3b4cc41838d4771fd4f75499dd17e2126e51647a0914b49d45a0,gx-no-cache=1488833517317 HTTP/1.1" 200 94
192.168.10.89 - - [06/Mar/2017:16:57:15 -0300] "POST /cormun/servlet/solicitudotlog?ebb55a6bbb3ef19d0d6218ea0569e38b,INS,2017,5060,0,REC,,gx-no-cache=1488833520056 HTTP/1.1" 200 93
192.168.10.89 - - [06/Mar/2017:16:57:15 -0300] "GET /cormun/servlet/hpexe_return? HTTP/1.1" 200 1042
192.168.10.89 - - [06/Mar/2017:16:57:17 -0300] "GET /cormun/servlet/trsolicitudgral?gx-no-cache=1488832697606 HTTP/1.1" 200 8719
186.103.159.183 - - [06/Mar/2017:16:57:19 -0300] "POST /cormun/servlet/trautorizarsolicitud?bc41ad5f03618bf1647dc15c57e703a1,,gx-no-cache=1488830311093 HTTP/1.1" 200 4299
186.79.31.196 - - [06/Mar/2017:16:57:19 -0300] "GET /cormun/servlet/prsolicitudot?15122762,,,,,MD,,gxPopupLevel%3D0%3B HTTP/1.1" 200 6000
186.103.159.183 - - [06/Mar/2017:16:57:19 -0300] "GET /cormun/static/Shared/jqueryui/images/ui-bg_highlight-soft_100_c6c2c8_1x100.png HTTP/1.1" 404 1117
186.103.159.183 - - [06/Mar/2017:16:57:19 -0300] "GET /cormun/static/Shared/jqueryui/images/ui-icons_82798d_256x240.png HTTP/1.1" 404 1089
186.103.159.183 - - [06/Mar/2017:16:57:19 -0300] "GET /cormun/static/Shared/jqueryui/images/ui-bg_flat_55_fafafa_40x100.png HTTP/1.1" 404 1097
186.103.159.183 - - [06/Mar/2017:16:57:19 -0300] "GET /cormun/static/Shared/jqueryui/images/ui-icons_8d78a5_256x240.png HTTP/1.1" 404 1089
186.103.159.183 - - [06/Mar/2017:16:57:19 -0300] "POST /cormun/servlet/trautorizarsolicitud?bc41ad5f03618bf1647dc15c57e703a1,,gx-no-cache=1488830311519 HTTP/1.1" 200 4101
186.79.31.196 - - [06/Mar/2017:16:57:25 -0300] "POST /cormun/servlet/solicitudot?gx-no-cache=1488830179377 HTTP/1.1" 200 1291
186.79.31.196 - - [06/Mar/2017:16:57:25 -0300] "POST /cormun/servlet/solicitudot?gx-no-cache=1488830179604 HTTP/1.1" 200 38
186.79.31.196 - - [06/Mar/2017:16:57:26 -0300] "GET /cormun/servlet/solicitudot?e1360461de27c7472cef9687852a8056c85d29b51e1f564d588fafd7674de5bf907c6d30a7560a8c0bc4888ac6a5c4556f8df43982a77cd912bc38adbe4124ac808adaedcc78124c21dcca15bcd7499042f1f65eb5caa1d065033a4ceb4ae0350dd89c5490de1dfa0d7fc8524523f75696a7b6bc9663d8a9ad3e059ed6347f6afb53497438da4219c5efc840c349eb4c94a37476e79111ebf10de073a9856219,gx-no-cache=1488830179723 HTTP/1.1" 200 29
186.79.31.196 - - [06/Mar/2017:16:57:26 -0300] "POST /cormun/servlet/solicitudot?gx-no-cache=1488830179811 HTTP/1.1" 200 1275
186.79.31.196 - - [06/Mar/2017:16:57:26 -0300] "POST /cormun/servlet/solicitudot?gx-no-cache=1488830179999 HTTP/1.1" 200 1158
186.103.159.183 - - [06/Mar/2017:16:57:30 -0300] "GET /cormun/servlet/hlogin HTTP/1.1" 200 1739
186.79.31.196 - - [06/Mar/2017:16:57:40 -0300] "POST /cormun/servlet/solicitudot?gx-no-cache=1488830193798 HTTP/1.1" 200 1275
186.79.31.196 - - [06/Mar/2017:16:57:40 -0300] "POST /cormun/servlet/solicitudot?gx-no-cache=1488830194020 HTTP/1.1" 200 1158
186.79.31.196 - - [06/Mar/2017:16:57:49 -0300] "GET /cormun/servlet/solicitudot?e1360461de27c7472cef9687852a8056fa9256add9e99e929dbfa3908d63f20df5bd6868d703a34149184cb08b0f91f3f40c4396231ca8b76840de6fdb9c17ff016bd217e5fe1b2b33fb8bdffda1e87b433f8c9d37c5aef97c8dc32e46b9bb87456f977a4c0fd15c11297bb441bdbee0e041b2d746fe29c64f7664b29ea31f4d2421bd10fcc96c041cf2da0ce2cce6c6e1b91009c7a95884ff3bb7c58c4791b4f62d2ea4be1b33b0e6df1fdeefd8aa2d,gx-no-cache=1488830203168 HTTP/1.1" 200 30
186.79.31.196 - - [06/Mar/2017:16:58:01 -0300] "POST /cormun/servlet/solicitudot?5b67e4108afe0afc6073ca936cae3991,INS,0,0,,gx-no-cache=1488830214263 HTTP/1.1" 200 93
186.79.31.196 - - [06/Mar/2017:16:58:01 -0300] "GET /cormun/servlet/hpexe_return? HTTP/1.1" 200 1005
186.79.31.196 - - [06/Mar/2017:16:58:01 -0300] "GET /cormun/servlet/trsolicitudot HTTP/1.1" 200 9447
186.79.31.196 - - [06/Mar/2017:16:58:03 -0300] "GET /cormun/servlet/trsolicitudot HTTP/1.1" 200 9442
192.168.10.89 - - [06/Mar/2017:16:58:16 -0300] "POST /cormun/servlet/trsolicitudgral?ebb55a6bbb3ef19d0d6218ea0569e38b,gx-no-cache=1488832697606,gx-no-cache=1488833580859 HTTP/1.1" 200 5411
186.79.31.196 - - [06/Mar/2017:16:59:16 -0300] "POST /cormun/servlet/trsolicitudot?5b67e4108afe0afc6073ca936cae3991,gx-no-cache=1488830289387 HTTP/1.1" 200 105
186.79.31.196 - - [06/Mar/2017:16:59:16 -0300] "GET /cormun/servlet/solicitudot?UPD,2017,5231, HTTP/1.1" 200 14256
186.79.31.196 - - [06/Mar/2017:16:59:18 -0300] "GET /cormun/servlet/solicitudot?UPD,2017,5231, HTTP/1.1" 200 14266
186.79.31.196 - - [06/Mar/2017:16:59:19 -0300] "POST /cormun/servlet/solicitudot?gx-no-cache=1488830292770 HTTP/1.1" 200 3169
186.79.31.196 - - [06/Mar/2017:16:59:19 -0300] "POST /cormun/servlet/solicitudot?5b67e4108afe0afc6073ca936cae3991,UPD,2017,5231,,gx-no-cache=1488830293304 HTTP/1.1" 200 10864
186.79.31.196 - - [06/Mar/2017:16:59:20 -0300] "GET /cormun/servlet/solicitudot?e1360461de27c7472cef9687852a8056db304f377d05b93f58c52bdfd3e7934b21a6270cba68633961d349a869f43c05,gx-no-cache=1488830294007 HTTP/1.1" 200 30
186.79.31.196 - - [06/Mar/2017:16:59:20 -0300] "POST /cormun/servlet/solicitudot?gx-no-cache=1488830294128 HTTP/1.1" 200 256
186.79.31.196 - - [06/Mar/2017:16:59:20 -0300] "GET /cormun/servlet/solicitudot?e1360461de27c7472cef9687852a8056d2f6078f8e2defea1113772306e0e215e4392c410aa62bb80b8144f9ff36d6901f0a2c15f8ac10ff45d6b6095d3f4b3a17b26a085a3764d1e5634c377b30340f514d0c3f19f0cc2d75da72e3669b007549acf69c185a234de1525650310be17ef02a67a01f38827e74a885d80d6802aa2a0109bfd2c80947f8cf40dc6a3c0a8ae55e740386c80e57ec31940e8accb31d3e528876f424c1cd9f7eb74936494fdec56726b781c13859671d8542a63506fbab8955b28acb1ef5e18d1e44a5ab3ea2b823de6d74d1bfaa6911fe67c83a197fb504e69c27ed1eaa85b8282f290dad6e0900889c27bebce0efff786f7867140990f395072a8bacd8d52c14cda80f33c080c17dc03fb01ac49233cc1500bf6cb2d105dc0ee74544df08d0222d2b78d1de958c2c8bd77f40b919e6b7ffd43b951b240acb6cb419f115219a25fd4af864bf06b8e0fc10b374845dcc217035578628f82d4ba038f187c2ad7d173a856b9c08802d8ddb8143ace00d07a27dc0f67016,gx-no-cache=1488830294252 HTTP/1.1" 200 30
186.79.31.196 - - [06/Mar/2017:16:59:20 -0300] "POST /cormun/servlet/solicitudot?gx-no-cache=1488830294362 HTTP/1.1" 200 30
186.79.31.196 - - [06/Mar/2017:16:59:20 -0300] "POST /cormun/servlet/solicitudot?gx-no-cache=1488830294478 HTTP/1.1" 200 1291
186.79.31.196 - - [06/Mar/2017:16:59:21 -0300] "POST /cormun/servlet/solicitudot?gx-no-cache=1488830294695 HTTP/1.1" 200 41
186.103.158.250 - - [06/Mar/2017:16:59:43 -0300] "GET /cormun/servlet/hlogin HTTP/1.1" 200 1720
186.79.31.196 - - [06/Mar/2017:17:00:10 -0300] "GET /cormun/servlet/solicitudot?e1360461de27c7472cef9687852a80567eac52ddfc5db24ca13541219b6af3ce15d2280d42ba4db1c44d5cc3c51f98ff8d54db82a01f461e7d7cd8866ec96306f4eff2c845f653f521bcbb666cbb1684098f5cd646c2b339aa3994785b5c91c958f78f13f98203bf01ee88d22f228bf6c47583613d52b01ec58a96ebac33345f246fb3755b230f49da8cfd404ff687ad074e2b3087b629389c54f5dd029fb1b6,gx-no-cache=1488830344218 HTTP/1.1" 200 29
186.79.31.196 - - [06/Mar/2017:17:00:10 -0300] "POST /cormun/servlet/solicitudot?gx-no-cache=1488830344418 HTTP/1.1" 200 1275
186.79.31.196 - - [06/Mar/2017:17:00:11 -0300] "POST /cormun/servlet/solicitudot?gx-no-cache=1488830344654 HTTP/1.1" 200 1158
186.103.158.250 - - [06/Mar/2017:17:00:13 -0300] "POST /cormun/servlet/hlogin?4eeced57dfd755dbc4fb236fd96e7fdf,gx-no-cache=1488830387335 HTTP/1.1" 200 90
186.103.158.250 - - [06/Mar/2017:17:00:13 -0300] "GET /cormun/servlet/hpexe_link HTTP/1.1" 200 955
186.103.158.250 - - [06/Mar/2017:17:00:13 -0300] "GET /cormun/servlet/hhome HTTP/1.1" 200 3764
186.103.158.250 - - [06/Mar/2017:17:00:15 -0300] "GET /cormun/servlet/hhome HTTP/1.1" 200 3760
186.79.31.196 - - [06/Mar/2017:17:00:26 -0300] "GET /cormun/servlet/solicitudot?e1360461de27c7472cef9687852a8056fa9256add9e99e929dbfa3908d63f20df5bd6868d703a34149184cb08b0f91f3f40c4396231ca8b76840de6fdb9c17ff016bd217e5fe1b2b33fb8bdffda1e87b433f8c9d37c5aef97c8dc32e46b9bb87456f977a4c0fd15c11297bb441bdbee0e041b2d746fe29c64f7664b29ea31f4d2421bd10fcc96c041cf2da0ce2cce6c6e1b91009c7a95884ff3bb7c58c4791b4832f83754fad6566cb366b70b5b274db,gx-no-cache=1488830359923 HTTP/1.1" 200 32
186.79.31.196 - - [06/Mar/2017:17:00:26 -0300] "POST /cormun/servlet/solicitudot?5b67e4108afe0afc6073ca936cae3991,UPD,2017,5231,,gx-no-cache=1488830360051 HTTP/1.1" 200 93
186.79.31.196 - - [06/Mar/2017:17:00:26 -0300] "GET /cormun/servlet/hpexe_return? HTTP/1.1" 200 1011
186.79.31.196 - - [06/Mar/2017:17:00:27 -0300] "GET /cormun/servlet/trsolicitudot HTTP/1.1" 200 9427
186.103.158.250 - - [06/Mar/2017:17:00:27 -0300] "GET /cormun/servlet/trsolicitudot? HTTP/1.1" 200 6726
186.103.158.250 - - [06/Mar/2017:17:00:27 -0300] "GET /cormun/static/gxcfg.js?20171191044697 HTTP/1.1" 304 -
186.103.158.250 - - [06/Mar/2017:17:00:27 -0300] "GET /cormun/static/trsolicitudot.js?20171191045625 HTTP/1.1" 304 -
186.103.158.250 - - [06/Mar/2017:17:00:28 -0300] "GET /cormun/servlet/trsolicitudot? HTTP/1.1" 200 6724
186.79.31.196 - - [06/Mar/2017:17:00:29 -0300] "GET /cormun/servlet/trsolicitudot HTTP/1.1" 200 9423
186.103.158.250 - - [06/Mar/2017:17:00:36 -0300] "GET /cormun/servlet/solicitudot?INS,0,0, HTTP/1.1" 200 12573
186.103.158.250 - - [06/Mar/2017:17:00:36 -0300] "GET /cormun/static/gxcfg.js?20171191042720 HTTP/1.1" 304 -
186.103.158.250 - - [06/Mar/2017:17:00:36 -0300] "GET /cormun/static/solicitudot.js?2017119104297 HTTP/1.1" 304 -
186.103.158.250 - - [06/Mar/2017:17:00:37 -0300] "GET /cormun/servlet/solicitudot?INS,0,0, HTTP/1.1" 200 12578
186.79.31.196 - - [06/Mar/2017:17:01:24 -0300] "POST /cormun/servlet/trsolicitudot?5b67e4108afe0afc6073ca936cae3991,gx-no-cache=1488830418145 HTTP/1.1" 200 6321
186.79.31.196 - - [06/Mar/2017:17:01:25 -0300] "GET /cormun/static/Shared/jqueryui/images/ui-bg_highlight-soft_100_c6c2c8_1x100.png HTTP/1.1" 404 1117
186.79.31.196 - - [06/Mar/2017:17:01:25 -0300] "GET /cormun/static/Shared/jqueryui/images/ui-icons_82798d_256x240.png HTTP/1.1" 404 1089
186.79.31.196 - - [06/Mar/2017:17:01:25 -0300] "GET /cormun/static/Shared/jqueryui/images/ui-bg_flat_55_fafafa_40x100.png HTTP/1.1" 404 1097
186.79.31.196 - - [06/Mar/2017:17:01:25 -0300] "GET /cormun/static/Shared/jqueryui/images/ui-icons_8d78a5_256x240.png HTTP/1.1" 404 1089
186.79.31.196 - - [06/Mar/2017:17:01:25 -0300] "POST /cormun/servlet/trsolicitudot?5b67e4108afe0afc6073ca936cae3991,gx-no-cache=1488830419244 HTTP/1.1" 200 6264
186.79.31.196 - - [06/Mar/2017:17:01:29 -0300] "POST /cormun/servlet/trsolicitudot?5b67e4108afe0afc6073ca936cae3991,gx-no-cache=1488830422538 HTTP/1.1" 200 6011
186.79.31.196 - - [06/Mar/2017:17:01:30 -0300] "POST /cormun/servlet/trsolicitudot?5b67e4108afe0afc6073ca936cae3991,gx-no-cache=1488830423382 HTTP/1.1" 200 5953
186.79.31.196 - - [06/Mar/2017:17:01:33 -0300] "POST /cormun/servlet/trsolicitudot?5b67e4108afe0afc6073ca936cae3991,gx-no-cache=1488830426826 HTTP/1.1" 200 5687
186.79.31.196 - - [06/Mar/2017:17:01:34 -0300] "POST /cormun/servlet/trsolicitudot?5b67e4108afe0afc6073ca936cae3991,gx-no-cache=1488830427696 HTTP/1.1" 200 5629
186.79.31.196 - - [06/Mar/2017:17:01:36 -0300] "POST /cormun/servlet/trsolicitudot?5b67e4108afe0afc6073ca936cae3991,gx-no-cache=1488830429748 HTTP/1.1" 200 5280
186.79.31.196 - - [06/Mar/2017:17:01:37 -0300] "POST /cormun/servlet/trsolicitudot?5b67e4108afe0afc6073ca936cae3991,gx-no-cache=1488830430548 HTTP/1.1" 200 5222
186.79.31.196 - - [06/Mar/2017:17:01:39 -0300] "POST /cormun/servlet/trsolicitudot?5b67e4108afe0afc6073ca936cae3991,gx-no-cache=1488830432442 HTTP/1.1" 200 4148
186.79.31.196 - - [06/Mar/2017:17:01:39 -0300] "POST /cormun/servlet/trsolicitudot?5b67e4108afe0afc6073ca936cae3991,gx-no-cache=1488830433059 HTTP/1.1" 200 3930
186.79.31.196 - - [06/Mar/2017:17:01:50 -0300] "POST /cormun/servlet/trsolicitudot?5b67e4108afe0afc6073ca936cae3991,gx-no-cache=1488830443585 HTTP/1.1" 200 90
186.79.31.196 - - [06/Mar/2017:17:01:50 -0300] "GET /cormun/servlet/hpexe_link HTTP/1.1" 200 955
186.79.31.196 - - [06/Mar/2017:17:01:50 -0300] "GET /cormun/servlet/hhome HTTP/1.1" 200 3784
186.79.31.196 - - [06/Mar/2017:17:01:52 -0300] "GET /cormun/servlet/hhome HTTP/1.1" 200 3781
186.79.31.196 - - [06/Mar/2017:17:02:01 -0300] "GET /cormun/servlet/hlogin HTTP/1.1" 200 1720
186.79.31.196 - - [06/Mar/2017:17:02:15 -0300] "POST /cormun/servlet/hlogin?5b67e4108afe0afc6073ca936cae3991,gx-no-cache=1488830468636 HTTP/1.1" 200 90
186.79.31.196 - - [06/Mar/2017:17:02:15 -0300] "GET /cormun/servlet/hpexe_link HTTP/1.1" 200 951
186.79.31.196 - - [06/Mar/2017:17:02:15 -0300] "GET /cormun/servlet/hhome HTTP/1.1" 200 3961
186.79.31.196 - - [06/Mar/2017:17:02:17 -0300] "GET /cormun/servlet/hhome HTTP/1.1" 200 3957
186.79.31.196 - - [06/Mar/2017:17:02:33 -0300] "GET /cormun/servlet/trautorizarsolicitud? HTTP/1.1" 200 9537
186.79.31.196 - - [06/Mar/2017:17:02:34 -0300] "GET /cormun/static/gxcfg.js?2017259112829 HTTP/1.1" 304 -
186.79.31.196 - - [06/Mar/2017:17:02:34 -0300] "GET /cormun/static/trautorizarsolicitud.js?2017259113483 HTTP/1.1" 304 -
186.79.31.196 - - [06/Mar/2017:17:02:35 -0300] "GET /cormun/servlet/trautorizarsolicitud? HTTP/1.1" 200 9536
186.103.158.250 - - [06/Mar/2017:17:02:41 -0300] "POST /cormun/servlet/solicitudot?gx-no-cache=1488830535367 HTTP/1.1" 200 3147
186.103.158.250 - - [06/Mar/2017:17:02:41 -0300] "POST /cormun/servlet/solicitudot?4eeced57dfd755dbc4fb236fd96e7fdf,INS,0,0,,gx-no-cache=1488830535703 HTTP/1.1" 200 9755
186.103.158.250 - - [06/Mar/2017:17:02:47 -0300] "GET /cormun/servlet/solicitudot?d6a54179a71826de745558503a6021f4535677220c536b4b8855cfebdd8853cf8def00e4f237b0c46b4130f442e625bd,gx-no-cache=1488830541749 HTTP/1.1" 200 30
186.79.31.196 - - [06/Mar/2017:17:03:21 -0300] "POST /cormun/servlet/trautorizarsolicitud?5b67e4108afe0afc6073ca936cae3991,,gx-no-cache=1488830534647 HTTP/1.1" 200 115
186.79.31.196 - - [06/Mar/2017:17:03:21 -0300] "GET /cormun/servlet/solicitudotlog?INS,2017,5231,0,ANU, HTTP/1.1" 200 5760
186.79.31.196 - - [06/Mar/2017:17:03:21 -0300] "GET /cormun/static/gxcfg.js?201612218471193 HTTP/1.1" 200 953
186.79.31.196 - - [06/Mar/2017:17:03:21 -0300] "GET /cormun/static/solicitudotlog.js?20161221847122 HTTP/1.1" 200 8925
186.79.31.196 - - [06/Mar/2017:17:03:23 -0300] "GET /cormun/servlet/solicitudotlog?INS,2017,5231,0,ANU, HTTP/1.1" 200 5761
186.79.31.196 - - [06/Mar/2017:17:03:24 -0300] "GET /cormun/servlet/solicitudotlog?e1360461de27c7472cef9687852a8056df7b2d3eeb05fe5eec56f2cdee1fe72e907c6d30a7560a8c0bc4888ac6a5c4550bc60e3eda0470275223156d60353a5334027e9008a260f5a139a2b373896ddc77d9fb982d1a7ff0bf0968b055b4bfa1f943e657588793086b1209c7e11ba5b21cf9201b773501ec36169c6942ade9ad1f9695054bf517aeb3532a25b7cd8fc0edd7e9723507671c369d456fe18692aa,gx-no-cache=1488830537708 HTTP/1.1" 200 94
186.79.31.196 - - [06/Mar/2017:17:03:29 -0300] "POST /cormun/servlet/solicitudotlog?5b67e4108afe0afc6073ca936cae3991,INS,2017,5231,0,ANU,,gx-no-cache=1488830543314 HTTP/1.1" 200 93
186.79.31.196 - - [06/Mar/2017:17:03:29 -0300] "GET /cormun/servlet/hpexe_return? HTTP/1.1" 200 1027
186.79.31.196 - - [06/Mar/2017:17:03:30 -0300] "GET /cormun/servlet/trautorizarsolicitud HTTP/1.1" 200 9539
186.79.31.196 - - [06/Mar/2017:17:03:31 -0300] "GET /cormun/servlet/trautorizarsolicitud HTTP/1.1" 200 9536
186.79.31.196 - - [06/Mar/2017:17:03:45 -0300] "POST /cormun/servlet/trautorizarsolicitud?5b67e4108afe0afc6073ca936cae3991,gx-no-cache=1488830558640 HTTP/1.1" 200 6478
186.79.31.196 - - [06/Mar/2017:17:03:45 -0300] "GET /cormun/static/Shared/jqueryui/images/ui-bg_highlight-soft_100_c6c2c8_1x100.png HTTP/1.1" 404 1117
186.79.31.196 - - [06/Mar/2017:17:03:45 -0300] "GET /cormun/static/Shared/jqueryui/images/ui-icons_82798d_256x240.png HTTP/1.1" 404 1089
186.79.31.196 - - [06/Mar/2017:17:03:45 -0300] "GET /cormun/static/Shared/jqueryui/images/ui-bg_flat_55_fafafa_40x100.png HTTP/1.1" 404 1097
186.79.31.196 - - [06/Mar/2017:17:03:45 -0300] "GET /cormun/static/Shared/jqueryui/images/ui-icons_8d78a5_256x240.png HTTP/1.1" 404 1089
186.79.31.196 - - [06/Mar/2017:17:03:46 -0300] "POST /cormun/servlet/trautorizarsolicitud?5b67e4108afe0afc6073ca936cae3991,gx-no-cache=1488830559593 HTTP/1.1" 200 6423
186.79.31.196 - - [06/Mar/2017:17:03:50 -0300] "POST /cormun/servlet/trautorizarsolicitud?5b67e4108afe0afc6073ca936cae3991,gx-no-cache=1488830563415 HTTP/1.1" 200 6171
186.79.31.196 - - [06/Mar/2017:17:03:51 -0300] "POST /cormun/servlet/trautorizarsolicitud?5b67e4108afe0afc6073ca936cae3991,gx-no-cache=1488830564297 HTTP/1.1" 200 6115
186.79.31.196 - - [06/Mar/2017:17:03:53 -0300] "POST /cormun/servlet/trautorizarsolicitud?5b67e4108afe0afc6073ca936cae3991,gx-no-cache=1488830566326 HTTP/1.1" 200 5843
186.79.31.196 - - [06/Mar/2017:17:03:53 -0300] "POST /cormun/servlet/trautorizarsolicitud?5b67e4108afe0afc6073ca936cae3991,gx-no-cache=1488830567254 HTTP/1.1" 200 5788
186.103.158.250 - - [06/Mar/2017:17:03:55 -0300] "POST /cormun/servlet/solicitudot?gx-no-cache=1488830609461 HTTP/1.1" 200 297
186.103.158.250 - - [06/Mar/2017:17:03:55 -0300] "GET /cormun/servlet/solicitudot?d6a54179a71826de745558503a6021f4cf08b5eaa979beabfdf231b0b452a1a2b3f09eba5a9c309bfa6927ae8586ba01f8a43e010e00f86dd3ef1487007a432de048ae255d82d9b30b17c3fbc706b565f241b7e0cce26ae03b781c17c9569145db85f8f5722669cd8025397f625377e50fb5739d33397c2a970e8bf971afa49afecf796167cec6114c2d937e923a136cbae728b485ec35569d2775a2ad4ec14b9b65a2e90755e1adc4bfaf79b32a5585f8025e61ad1d64c5b027ec1e74dacadc3c438bbb7af815c01618939bc02e0f0fb8052e46d9ec452322113eec0c480c74a25272ade2c671921a523b6d95409e77337d3edbe792d0e594d7ee718c5444683b29d82b6f2f92d3590632a3b5f4dd7ea1c13a0477d31e2a7873b81493cbec67ea3cbc51bbe53500e292da7720620c1f6953fda3f1823d89ce45256df63c45106f3d48a310f11d439d9ddabd7214c29efa499c116224148f4cdeb6979d74dfdc88162ffb43c09001dd3fa8645e598dd439a560ce98f4458cc9a28fe7c7b78bf28add9ebf12ac6fd155051f0efc843af0,gx-no-cache=1488830609572 HTTP/1.1" 200 30
186.79.31.196 - - [06/Mar/2017:17:03:55 -0300] "POST /cormun/servlet/trautorizarsolicitud?5b67e4108afe0afc6073ca936cae3991,gx-no-cache=1488830569276 HTTP/1.1" 200 5438
186.79.31.196 - - [06/Mar/2017:17:03:56 -0300] "POST /cormun/servlet/trautorizarsolicitud?5b67e4108afe0afc6073ca936cae3991,gx-no-cache=1488830570027 HTTP/1.1" 200 5382
186.79.31.196 - - [06/Mar/2017:17:03:58 -0300] "POST /cormun/servlet/trautorizarsolicitud?5b67e4108afe0afc6073ca936cae3991,gx-no-cache=1488830572303 HTTP/1.1" 200 4312
186.79.31.196 - - [06/Mar/2017:17:03:59 -0300] "POST /cormun/servlet/trautorizarsolicitud?5b67e4108afe0afc6073ca936cae3991,gx-no-cache=1488830572965 HTTP/1.1" 200 4096
186.103.158.250 - - [06/Mar/2017:17:04:23 -0300] "POST /cormun/servlet/solicitudot?gx-no-cache=1488830637107 HTTP/1.1" 200 30
186.103.158.250 - - [06/Mar/2017:17:05:28 -0300] "POST /cormun/servlet/solicitudot?gx-no-cache=1488830702281 HTTP/1.1" 200 350
186.103.158.250 - - [06/Mar/2017:17:05:28 -0300] "GET /cormun/static/Shared/jqueryui/images/ui-bg_highlight-soft_100_c6c2c8_1x100.png HTTP/1.1" 404 1117
186.103.158.250 - - [06/Mar/2017:17:05:28 -0300] "GET /cormun/static/Shared/jqueryui/images/ui-icons_82798d_256x240.png HTTP/1.1" 404 1089
186.103.158.250 - - [06/Mar/2017:17:05:28 -0300] "GET /cormun/static/Shared/jqueryui/images/ui-bg_flat_55_994d53_40x100.png HTTP/1.1" 404 1097
186.103.158.250 - - [06/Mar/2017:17:05:28 -0300] "GET /cormun/static/Shared/jqueryui/images/ui-icons_ebccce_256x240.png HTTP/1.1" 404 1089
186.103.158.250 - - [06/Mar/2017:17:05:49 -0300] "POST /cormun/servlet/solicitudot?gx-no-cache=1488830723959 HTTP/1.1" 200 1291
186.103.158.250 - - [06/Mar/2017:17:05:49 -0300] "GET /cormun/static/menuarrow.gif HTTP/1.1" 404 1015
186.103.158.250 - - [06/Mar/2017:17:05:58 -0300] "GET /cormun/servlet/prlicenciaspermisos?15106022,L,,MD,,gxPopupLevel%3D0%3B HTTP/1.1" 200 6416
186.103.158.250 - - [06/Mar/2017:17:05:58 -0300] "GET /cormun/static/gxcfg.js?2016122619302491 HTTP/1.1" 304 -
192.168.10.89 - - [06/Mar/2017:17:06:34 -0300] "POST /cormun/servlet/trsolicitudgral?ebb55a6bbb3ef19d0d6218ea0569e38b,gx-no-cache=1488832697606,gx-no-cache=1488834078618 HTTP/1.1" 200 5411
186.103.158.250 - - [06/Mar/2017:17:07:06 -0300] "POST /cormun/servlet/solicitudot?gx-no-cache=1488830800611 HTTP/1.1" 200 41
186.103.158.250 - - [06/Mar/2017:17:08:02 -0300] "GET /cormun/servlet/solicitudot?d6a54179a71826de745558503a6021f4d1c1afc59b7a660570edbdc8f223353dd093bc4fb54763e5d530fc5196b9380a8efc0589c33268286d1b107315d606236ef60c357a7e7eb11a4f2c490f0ecc09ba24f240c67be9a0ee3d50af03632d9560e964575f655c729a8eb63b1fa741a6,gx-no-cache=1488830856970 HTTP/1.1" 200 29
186.103.158.250 - - [06/Mar/2017:17:08:03 -0300] "POST /cormun/servlet/solicitudot?gx-no-cache=1488830857575 HTTP/1.1" 200 1273
186.103.158.250 - - [06/Mar/2017:17:08:03 -0300] "POST /cormun/servlet/solicitudot?gx-no-cache=1488830857671 HTTP/1.1" 200 1157
186.103.158.250 - - [06/Mar/2017:17:08:06 -0300] "POST /cormun/servlet/solicitudot?gx-no-cache=1488830860432 HTTP/1.1" 200 1273
186.103.158.250 - - [06/Mar/2017:17:08:06 -0300] "POST /cormun/servlet/solicitudot?gx-no-cache=1488830860509 HTTP/1.1" 200 1157
186.103.156.24 - - [06/Mar/2017:17:08:08 -0300] "GET /cormun/servlet/trcontratounov2? HTTP/1.1" 200 15533
186.103.156.24 - - [06/Mar/2017:17:08:08 -0300] "GET /cormun/static/gxtimezone.js?85251 HTTP/1.1" 304 -
186.103.156.24 - - [06/Mar/2017:17:08:08 -0300] "GET /cormun/static/gxcfg.js?201612281114880 HTTP/1.1" 304 -
186.103.156.24 - - [06/Mar/2017:17:08:08 -0300] "GET /cormun/static/calendar.js?85251 HTTP/1.1" 304 -
186.103.156.24 - - [06/Mar/2017:17:08:08 -0300] "GET /cormun/static/calendar-setup.js?85251 HTTP/1.1" 304 -
186.103.156.24 - - [06/Mar/2017:17:08:08 -0300] "GET /cormun/static/calendar-es.js?85251 HTTP/1.1" 304 -
186.103.156.24 - - [06/Mar/2017:17:08:10 -0300] "GET /cormun/static/messages.spa.js?85251 HTTP/1.1" 304 -
186.103.156.24 - - [06/Mar/2017:17:08:10 -0300] "GET /cormun/static/gxdec.js?85251 HTTP/1.1" 304 -
186.103.156.24 - - [06/Mar/2017:17:08:12 -0300] "GET /cormun/servlet/hlogin HTTP/1.1" 200 1743
186.103.156.24 - - [06/Mar/2017:17:08:12 -0300] "GET /cormun/servlet/trcontratounov2? HTTP/1.1" 200 15532
186.103.156.24 - - [06/Mar/2017:17:08:12 -0300] "GET /cormun/static/gxcfg.js?201612216162538 HTTP/1.1" 304 -
186.103.156.24 - - [06/Mar/2017:17:08:23 -0300] "POST /cormun/servlet/hlogin?84dd0bcc9fc1ba511914d550224b1433,gx-no-cache=1488830973461 HTTP/1.1" 200 90
186.103.156.24 - - [06/Mar/2017:17:08:23 -0300] "GET /cormun/servlet/hpexe_link HTTP/1.1" 200 965
186.103.156.24 - - [06/Mar/2017:17:08:23 -0300] "GET /cormun/static/gxcfg.js?201612218515529 HTTP/1.1" 304 -
186.103.156.24 - - [06/Mar/2017:17:08:23 -0300] "GET /cormun/servlet/trcontratounov2 HTTP/1.1" 200 16458
186.103.156.24 - - [06/Mar/2017:17:08:24 -0300] "GET /cormun/servlet/trcontratounov2 HTTP/1.1" 200 16451
186.103.158.250 - - [06/Mar/2017:17:08:25 -0300] "GET /cormun/servlet/prlicenciaspermisos?15106022,L,,MD,,gxPopupLevel%3D0%3B HTTP/1.1" 200 6416
186.103.156.24 - - [06/Mar/2017:17:09:02 -0300] "GET /cormun/servlet/trcontratosolicitud? HTTP/1.1" 200 11267
186.103.156.24 - - [06/Mar/2017:17:09:02 -0300] "GET /cormun/static/gxcfg.js?20171317451682 HTTP/1.1" 304 -
186.103.156.24 - - [06/Mar/2017:17:09:02 -0300] "GET /cormun/static/trcontratosolicitud.js?20171317452124 HTTP/1.1" 304 -
186.103.156.24 - - [06/Mar/2017:17:09:03 -0300] "GET /cormun/servlet/trcontratosolicitud? HTTP/1.1" 200 11260
186.103.158.250 - - [06/Mar/2017:17:09:03 -0300] "GET /cormun/servlet/prlicenciaspermisos?15106022,L,,MD,,gxPopupLevel%3D0%3B HTTP/1.1" 200 6416
186.103.159.204 - - [06/Mar/2017:17:10:07 -0300] "GET /cormun/servlet/solicitudot?INS,0,0, HTTP/1.1" 200 12781
186.103.159.204 - - [06/Mar/2017:17:10:08 -0300] "GET /cormun/servlet/solicitudot?INS,0,0, HTTP/1.1" 200 12786
46.174.191.29 - - [06/Mar/2017:17:15:24 -0300] "GET / HTTP/1.0" 200 11197
186.103.158.250 - - [06/Mar/2017:17:15:30 -0300] "POST /cormun/servlet/solicitudot?4eeced57dfd755dbc4fb236fd96e7fdf,INS,0,0,,gx-no-cache=1488831304319 HTTP/1.1" 200 93
186.103.158.250 - - [06/Mar/2017:17:15:30 -0300] "GET /cormun/servlet/hpexe_return? HTTP/1.1" 200 1007
186.103.158.250 - - [06/Mar/2017:17:15:30 -0300] "GET /cormun/static/gxcfg.js?2016101716175148 HTTP/1.1" 304 -
186.103.158.250 - - [06/Mar/2017:17:15:30 -0300] "GET /cormun/servlet/trsolicitudot HTTP/1.1" 200 6728
186.103.158.250 - - [06/Mar/2017:17:15:32 -0300] "GET /cormun/servlet/trsolicitudot HTTP/1.1" 200 6724
186.103.158.250 - - [06/Mar/2017:17:16:56 -0300] "GET /cormun/servlet/solicitudot?INS,0,0, HTTP/1.1" 200 12572
186.103.158.250 - - [06/Mar/2017:17:16:58 -0300] "GET /cormun/servlet/solicitudot?INS,0,0, HTTP/1.1" 200 12577
186.79.132.70 - - [06/Mar/2017:17:17:40 -0300] "GET /cormun/servlet/hlogin HTTP/1.1" 200 1720
186.103.158.250 - - [06/Mar/2017:17:17:45 -0300] "POST /cormun/servlet/solicitudot?gx-no-cache=1488831439770 HTTP/1.1" 200 3257
186.103.158.250 - - [06/Mar/2017:17:17:45 -0300] "GET /cormun/static/Shared/jqueryui/images/ui-bg_highlight-soft_100_c6c2c8_1x100.png HTTP/1.1" 404 1117
186.103.158.250 - - [06/Mar/2017:17:17:45 -0300] "GET /cormun/static/Shared/jqueryui/images/ui-icons_82798d_256x240.png HTTP/1.1" 404 1089
186.103.158.250 - - [06/Mar/2017:17:17:45 -0300] "GET /cormun/static/Shared/jqueryui/images/ui-bg_flat_55_994d53_40x100.png HTTP/1.1" 404 1097
186.103.158.250 - - [06/Mar/2017:17:17:45 -0300] "GET /cormun/static/Shared/jqueryui/images/ui-icons_ebccce_256x240.png HTTP/1.1" 404 1089
186.79.132.70 - - [06/Mar/2017:17:17:51 -0300] "POST /cormun/servlet/hlogin?2ba58b2208d9dc9636a9f9a8e76a7529,gx-no-cache=1488831545976 HTTP/1.1" 200 90
186.79.132.70 - - [06/Mar/2017:17:17:51 -0300] "GET /cormun/servlet/hpexe_link HTTP/1.1" 200 956
186.79.132.70 - - [06/Mar/2017:17:17:51 -0300] "GET /cormun/servlet/hhome HTTP/1.1" 200 3984
186.79.132.70 - - [06/Mar/2017:17:17:53 -0300] "GET /cormun/servlet/hhome HTTP/1.1" 200 3981
186.79.132.70 - - [06/Mar/2017:17:17:57 -0300] "GET /cormun/servlet/trvisualizadoreventos? HTTP/1.1" 200 6716
186.79.132.70 - - [06/Mar/2017:17:17:57 -0300] "GET /cormun/static/gxcfg.js?2016101716203350 HTTP/1.1" 304 -
186.79.132.70 - - [06/Mar/2017:17:17:58 -0300] "GET /cormun/servlet/trvisualizadoreventos? HTTP/1.1" 200 6715
186.103.158.250 - - [06/Mar/2017:17:18:04 -0300] "GET /cormun/servlet/prfichaempleado?,MD,,gxPopupLevel%3D0%3B HTTP/1.1" 200 8824
186.103.158.250 - - [06/Mar/2017:17:18:04 -0300] "GET /cormun/static/gxcfg.js?2016102420561687 HTTP/1.1" 200 953
186.103.158.250 - - [06/Mar/2017:17:18:04 -0300] "GET /cormun/static/prfichaempleado.js?201610242056198 HTTP/1.1" 200 16015
186.79.132.70 - - [06/Mar/2017:17:18:09 -0300] "GET /cormun/servlet/trcontratoobservaciondir? HTTP/1.1" 200 7897
186.79.132.70 - - [06/Mar/2017:17:18:10 -0300] "GET /cormun/static/gxcfg.js?201612218551235 HTTP/1.1" 200 953
186.79.132.70 - - [06/Mar/2017:17:18:11 -0300] "GET /cormun/servlet/trcontratoobservaciondir? HTTP/1.1" 200 7897
186.103.158.250 - - [06/Mar/2017:17:18:14 -0300] "POST /cormun/servlet/solicitudot?gx-no-cache=1488831468505 HTTP/1.1" 200 3257
186.103.158.250 - - [06/Mar/2017:17:18:14 -0300] "GET /cormun/servlet/solicitudot?d6a54179a71826de745558503a6021f4370b58562319b4c9933242f6e8e5a0b29a672def21001f51074b74fb1851da6d,gx-no-cache=1488831468724 HTTP/1.1" 200 111
186.79.132.70 - - [06/Mar/2017:17:18:29 -0300] "GET /cormun/servlet/trcontratounov2? HTTP/1.1" 200 16680
186.79.132.70 - - [06/Mar/2017:17:18:31 -0300] "GET /cormun/servlet/trcontratounov2? HTTP/1.1" 200 16681
186.103.158.250 - - [06/Mar/2017:17:18:46 -0300] "POST /cormun/servlet/solicitudot?gx-no-cache=1488831500224 HTTP/1.1" 200 3257
186.79.132.70 - - [06/Mar/2017:17:18:49 -0300] "GET /cormun/servlet/trvisualizadoreventos? HTTP/1.1" 200 6716
186.79.132.70 - - [06/Mar/2017:17:18:51 -0300] "GET /cormun/servlet/trvisualizadoreventos? HTTP/1.1" 200 6715
186.103.158.250 - - [06/Mar/2017:17:18:51 -0300] "GET /cormun/servlet/solicitudot?d6a54179a71826de745558503a6021f4370b58562319b4c9933242f6e8e5a0b29a672def21001f51074b74fb1851da6d,gx-no-cache=1488831505932 HTTP/1.1" 200 111
186.79.132.70 - - [06/Mar/2017:17:18:55 -0300] "GET /cormun/static/menuarrow.gif HTTP/1.1" 404 1015
186.79.132.70 - - [06/Mar/2017:17:19:05 -0300] "POST /cormun/servlet/trvisualizadoreventos?2ba58b2208d9dc9636a9f9a8e76a7529,,gx-no-cache=1488831620226 HTTP/1.1" 200 3972
186.103.158.250 - - [06/Mar/2017:17:19:12 -0300] "GET /cormun/servlet/solicitudot?d6a54179a71826de745558503a6021f4005effc67275ede388b7226253e8c8798def00e4f237b0c46b4130f442e625bd,gx-no-cache=1488831526553 HTTP/1.1" 200 30
186.79.132.70 - - [06/Mar/2017:17:19:18 -0300] "POST /cormun/servlet/trvisualizadoreventos?2ba58b2208d9dc9636a9f9a8e76a7529,,gx-no-cache=1488831632995 HTTP/1.1" 200 4320
186.79.132.70 - - [06/Mar/2017:17:19:26 -0300] "GET /cormun/servlet/trautorizarsolicitud? HTTP/1.1" 200 6902
186.79.132.70 - - [06/Mar/2017:17:19:27 -0300] "GET /cormun/servlet/trautorizarsolicitud? HTTP/1.1" 200 6902
186.79.132.70 - - [06/Mar/2017:17:19:32 -0300] "GET /cormun/static/menuarrow.gif HTTP/1.1" 404 1015
186.79.132.70 - - [06/Mar/2017:17:19:41 -0300] "POST /cormun/servlet/trautorizarsolicitud?2ba58b2208d9dc9636a9f9a8e76a7529,,gx-no-cache=1488831655980 HTTP/1.1" 200 4114
186.79.132.70 - - [06/Mar/2017:17:19:53 -0300] "POST /cormun/servlet/trautorizarsolicitud?2ba58b2208d9dc9636a9f9a8e76a7529,,gx-no-cache=1488831667853 HTTP/1.1" 200 5746
186.79.132.70 - - [06/Mar/2017:17:20:32 -0300] "GET /cormun/servlet/trsolicitudot? HTTP/1.1" 200 6949
186.79.132.70 - - [06/Mar/2017:17:20:34 -0300] "GET /cormun/servlet/trsolicitudot? HTTP/1.1" 200 6949
186.79.132.70 - - [06/Mar/2017:17:20:37 -0300] "GET /cormun/servlet/solicitudot?INS,0,0, HTTP/1.1" 200 12777
186.79.132.70 - - [06/Mar/2017:17:20:38 -0300] "GET /cormun/servlet/solicitudot?INS,0,0, HTTP/1.1" 200 12782
186.79.132.70 - - [06/Mar/2017:17:21:55 -0300] "POST /cormun/servlet/solicitudot?gx-no-cache=1488831790409 HTTP/1.1" 200 3081
186.79.132.70 - - [06/Mar/2017:17:21:56 -0300] "POST /cormun/servlet/solicitudot?2ba58b2208d9dc9636a9f9a8e76a7529,INS,0,0,,gx-no-cache=1488831791007 HTTP/1.1" 200 9862
186.79.132.70 - - [06/Mar/2017:17:22:06 -0300] "POST /cormun/servlet/solicitudot?2ba58b2208d9dc9636a9f9a8e76a7529,INS,0,0,,gx-no-cache=1488831801460 HTTP/1.1" 200 93
186.79.132.70 - - [06/Mar/2017:17:22:07 -0300] "GET /cormun/servlet/hpexe_return? HTTP/1.1" 200 1008
186.79.132.70 - - [06/Mar/2017:17:22:07 -0300] "GET /cormun/servlet/trsolicitudot HTTP/1.1" 200 6952
186.79.132.70 - - [06/Mar/2017:17:22:08 -0300] "GET /cormun/servlet/trsolicitudot HTTP/1.1" 200 6950
186.103.158.250 - - [06/Mar/2017:17:24:54 -0300] "GET /cormun/servlet/solicitudot?d6a54179a71826de745558503a6021f4335ec8c80bef617f24e6a3fd78c5d8c760f875b1c5f84e78ea807a947ebe3971c968eda33b1e93c295296e2d2505c49c77e9e6be0d8674539bdc58042df53dac9d86916ff1389532b82d71a8fb64e2124626931832f91e11348ce4561e1638f65969e0925ad11656b07f31874c97c7ea21bde236256a78669c6db76744f36c5fcc4df028ae23a439c64310769366699378b0b0015b9c56f9a579192bc1cb01092df6c0eee18d6db4ee1dc3cad70324105d865b3ba3de11f2cb919819f8959e3bffa4750399557fa63fb76099e637dd42db316a3a3bb2b05effed4bdecff9991bd093bc4fb54763e5d530fc5196b9380a10c6a7fc116c989a077b9e18feb6ceb414b97a594abd359088ef2e101f01099545efc244730806737712e80ac6f0b627e0c60cc372c467c34b5063ff90d50dbe95e68f42c0789c6dc53ca059a7bb8f58,gx-no-cache=1488831867312 HTTP/1.1" 200 297
186.103.158.250 - - [06/Mar/2017:17:24:54 -0300] "GET /cormun/servlet/solicitudot?d6a54179a71826de745558503a6021f4cf08b5eaa979beabfdf231b0b452a1a2b3f09eba5a9c309bfa6927ae8586ba01f8a43e010e00f86dd3ef1487007a432de048ae255d82d9b30b17c3fbc706b565f241b7e0cce26ae03b781c17c9569145db85f8f5722669cd8025397f625377e50fb5739d33397c2a970e8bf971afa49afecf796167cec6114c2d937e923a136cbae728b485ec35569d2775a2ad4ec14b9b65a2e90755e1adc4bfaf79b32a5585f8025e61ad1d64c5b027ec1e74dacadc3c438bbb7af815c01618939bc02e0f0fb8052e46d9ec452322113eec0c480c74a25272ade2c671921a523b6d95409e77337d3edbe792d0e594d7ee718c5444683b29d82b6f2f92d3590632a3b5f4dd7ea1c13a0477d31e2a7873b81493cbec67ea3cbc51bbe53500e292da7720620c1f6953fda3f1823d89ce45256df63c45106f3d48a310f11d439d9ddabd7214c29efa499c116224148f4cdeb6979d74dfdc88162ffb43c09001dd3fa8645e598dd439a560ce98f4458cc9a28fe7c7b78bf28add9ebf12ac6fd155051f0efc843af0,gx-no-cache=1488831868743 HTTP/1.1" 200 30
186.103.158.250 - - [06/Mar/2017:17:24:54 -0300] "POST /cormun/servlet/solicitudot?gx-no-cache=1488831869084 HTTP/1.1" 200 30
186.103.158.250 - - [06/Mar/2017:17:24:54 -0300] "POST /cormun/servlet/solicitudot?gx-no-cache=1488831869153 HTTP/1.1" 200 235
186.103.158.250 - - [06/Mar/2017:17:24:55 -0300] "POST /cormun/servlet/solicitudot?gx-no-cache=1488831869220 HTTP/1.1" 200 38
186.103.158.250 - - [06/Mar/2017:17:28:20 -0300] "GET /cormun/servlet/solicitudot?d6a54179a71826de745558503a6021f4d1c1afc59b7a660570edbdc8f223353dd093bc4fb54763e5d530fc5196b9380a10c6a7fc116c989a077b9e18feb6ceb48ab47475fb7de8fcf7bf7cfa1a2799f3,gx-no-cache=1488832075125 HTTP/1.1" 200 29
186.103.158.250 - - [06/Mar/2017:17:28:21 -0300] "POST /cormun/servlet/solicitudot?gx-no-cache=1488832075197 HTTP/1.1" 200 643
186.103.158.250 - - [06/Mar/2017:17:28:21 -0300] "POST /cormun/servlet/solicitudot?gx-no-cache=1488832075249 HTTP/1.1" 200 518
