186.103.156.24 - - [06/Mar/2017:13:50:54 -0300] "GET /cormun/servlet/solicitudot?151ede9abeffc685cf4619c163293e13c687c2ae1eb6d109bed9f87a7b8e576b76974b04b62ac3cc6758e73fe82ef4d54f3e69dd43cce047c47b2d53f20a6fb852fe65245b65de3c4dabc50eb9854e6b387b0f1f3956b8b5ad65ad45710e6a38170b574d86355ca49cda44da44fa24b574cac8e401cbfbe2d171d2c044bbb5c7b1190ce12c803ef78ace2bc9f9a625a676a71088d87642acfee7266b0f8c3714ac1b99f188ce7123b71c74cf118781040e20bd0989fb87f72b5ce149aeca0b27a7c74fa0e36291d5103b960e4acc618c8d392863d17c864ee53bcdc386ce8a7ff60a5db09ca0791328fec17a8f7ce244141db57921eda874ae45ce63f08773b5662028b2414003232686edc038be96078b7fdfc9f994d7d13a13cc131d9feb29d17a829b3b5c29d559fe1b928479844ec2da3e2550718cfcf91d1a2ff10bd1d2a82fcba5031c800351699fd418032518d018b2ae9e47daa7c5230eacd9b833ee30b9adb2ffb042cf8b30efd4e52c4e12fa5bb0b2e258e608d8ab4dff0d62a8821ca348b5e758add5d3489c014aeb760a,gx-no-cache=1488819292257 HTTP/1.1" 200 30
186.103.156.24 - - [06/Mar/2017:13:50:54 -0300] "POST /cormun/servlet/solicitudot?gx-no-cache=1488819292610 HTTP/1.1" 200 30
186.103.156.24 - - [06/Mar/2017:13:50:54 -0300] "POST /cormun/servlet/solicitudot?gx-no-cache=1488819292685 HTTP/1.1" 200 1286
186.103.156.24 - - [06/Mar/2017:13:50:54 -0300] "POST /cormun/servlet/solicitudot?gx-no-cache=1488819292846 HTTP/1.1" 200 41
186.103.159.46 - - [06/Mar/2017:13:50:55 -0300] "GET /cormun/servlet/solicitudotadjuntos?INS,2017,5213,,1, HTTP/1.1" 200 5801
186.103.159.46 - - [06/Mar/2017:13:50:55 -0300] "GET /cormun/static/about:blank HTTP/1.1" 404 1011
186.103.159.46 - - [06/Mar/2017:13:50:56 -0300] "GET /cormun/servlet/solicitudotadjuntos?INS,2017,5213,,1, HTTP/1.1" 200 5795
186.103.159.46 - - [06/Mar/2017:13:50:57 -0300] "GET /cormun/servlet/solicitudotadjuntos?af59d6d0368d5d4abb0c10a5ac99d04c86478b20a5880b0e1481e6be3768fcb5958de19e22bb45212702bf3824009daa,gx-no-cache=1488819127218 HTTP/1.1" 200 30
186.103.159.46 - - [06/Mar/2017:13:50:57 -0300] "POST /cormun/servlet/solicitudotadjuntos?59ecc5999be45dc6bd1ae78ee0aa8f4b,INS,2017,5213,,1,,gx-no-cache=1488819127293 HTTP/1.1" 200 3671
186.103.159.46 - - [06/Mar/2017:13:51:04 -0300] "POST /cormun/servlet/solicitudotadjuntos?gx-no-cache=1488819134220 HTTP/1.1" 200 26
192.168.10.89 - - [06/Mar/2017:13:51:08 -0300] "POST /cormun/servlet/trsolicitudgral?e3c468e39a4eda30a7625ead6b2682df,gx-no-cache=1488817979684,gx-no-cache=1488822352918 HTTP/1.1" 200 9182
186.103.159.46 - - [06/Mar/2017:13:51:21 -0300] "GET /cormun/servlet/solicitudotadjuntos?af59d6d0368d5d4abb0c10a5ac99d04cdd97484280a55ecbae423037ca72c4b3,gx-no-cache=1488819151851 HTTP/1.1" 200 30
186.103.159.46 - - [06/Mar/2017:13:51:21 -0300] "GET /cormun/servlet/solicitudotadjuntos?af59d6d0368d5d4abb0c10a5ac99d04cdd97484280a55ecbae423037ca72c4b3,gx-no-cache=1488819151903 HTTP/1.1" 200 30
186.103.159.46 - - [06/Mar/2017:13:51:22 -0300] "POST /cormun/servlet/solicitudotadjuntos?59ecc5999be45dc6bd1ae78ee0aa8f4b,INS,2017,5213,,1, HTTP/1.1" 200 116
186.103.159.46 - - [06/Mar/2017:13:51:22 -0300] "GET /cormun/servlet/hpexe_return? HTTP/1.1" 200 1023
186.103.159.46 - - [06/Mar/2017:13:51:22 -0300] "GET /cormun/servlet/trsolicitudadjuntos?2017,5213, HTTP/1.1" 200 8955
186.103.159.46 - - [06/Mar/2017:13:51:24 -0300] "GET /cormun/servlet/trsolicitudadjuntos?2017,5213, HTTP/1.1" 200 8952
186.103.159.46 - - [06/Mar/2017:13:51:27 -0300] "GET /cormun/servlet/solicitudotadjuntos?INS,2017,5213,,2, HTTP/1.1" 200 5799
186.103.159.46 - - [06/Mar/2017:13:51:27 -0300] "GET /cormun/static/about:blank HTTP/1.1" 404 1011
186.103.159.46 - - [06/Mar/2017:13:51:28 -0300] "GET /cormun/servlet/solicitudotadjuntos?INS,2017,5213,,2, HTTP/1.1" 200 5793
186.103.159.46 - - [06/Mar/2017:13:51:29 -0300] "GET /cormun/servlet/solicitudotadjuntos?af59d6d0368d5d4abb0c10a5ac99d04c86478b20a5880b0e1481e6be3768fcb5958de19e22bb45212702bf3824009daa,gx-no-cache=1488819159402 HTTP/1.1" 200 30
186.103.159.46 - - [06/Mar/2017:13:51:29 -0300] "POST /cormun/servlet/solicitudotadjuntos?59ecc5999be45dc6bd1ae78ee0aa8f4b,INS,2017,5213,,2,,gx-no-cache=1488819159465 HTTP/1.1" 200 3814
186.103.159.46 - - [06/Mar/2017:13:52:15 -0300] "POST /cormun/servlet/solicitudotadjuntos?gx-no-cache=1488819205756 HTTP/1.1" 200 26
192.168.10.89 - - [06/Mar/2017:13:52:30 -0300] "GET /cormun/servlet/trconsultaempleado? HTTP/1.1" 200 9482
192.168.10.89 - - [06/Mar/2017:13:52:30 -0300] "GET /cormun/static/gxcfg.js?201612218544926 HTTP/1.1" 304 -
192.168.10.89 - - [06/Mar/2017:13:52:30 -0300] "GET /cormun/static/trconsultaempleado.js?201612218545140 HTTP/1.1" 304 -
186.103.159.46 - - [06/Mar/2017:13:52:37 -0300] "GET /cormun/servlet/solicitudotadjuntos?af59d6d0368d5d4abb0c10a5ac99d04cdd97484280a55ecbae423037ca72c4b3,gx-no-cache=1488819227352 HTTP/1.1" 200 30
186.103.159.46 - - [06/Mar/2017:13:52:37 -0300] "GET /cormun/servlet/solicitudotadjuntos?af59d6d0368d5d4abb0c10a5ac99d04cdd97484280a55ecbae423037ca72c4b3,gx-no-cache=1488819227414 HTTP/1.1" 200 30
186.103.159.46 - - [06/Mar/2017:13:52:37 -0300] "POST /cormun/servlet/solicitudotadjuntos?59ecc5999be45dc6bd1ae78ee0aa8f4b,INS,2017,5213,,2, HTTP/1.1" 200 116
186.103.159.46 - - [06/Mar/2017:13:52:37 -0300] "GET /cormun/servlet/hpexe_return? HTTP/1.1" 200 1023
186.103.159.46 - - [06/Mar/2017:13:52:38 -0300] "GET /cormun/servlet/trsolicitudadjuntos?2017,5213, HTTP/1.1" 200 9189
186.103.159.46 - - [06/Mar/2017:13:52:40 -0300] "GET /cormun/servlet/trsolicitudadjuntos?2017,5213, HTTP/1.1" 200 9188
192.168.10.89 - - [06/Mar/2017:13:52:40 -0300] "POST /cormun/servlet/trconsultaempleado?e3c468e39a4eda30a7625ead6b2682df,,gx-no-cache=1488822445145 HTTP/1.1" 200 4335
192.168.10.89 - - [06/Mar/2017:13:52:42 -0300] "GET /cormun/servlet/trsolicitudnombre?11270703, HTTP/1.1" 200 8013
192.168.10.89 - - [06/Mar/2017:13:52:42 -0300] "GET /cormun/static/gxcfg.js?20171191035873 HTTP/1.1" 304 -
186.103.159.46 - - [06/Mar/2017:13:52:46 -0300] "GET /cormun/servlet/trvisualizadoreventos? HTTP/1.1" 200 6520
186.103.156.24 - - [06/Mar/2017:13:52:47 -0300] "GET /cormun/servlet/solicitudot?151ede9abeffc685cf4619c163293e13be8322cc41d957c8c9a2fb232fe7156f6ff220e10c31c62fd9f6d611164a6720dd99d76940830d592296c404bfee1aba9473346590d13898e7ef88fa7720e42c61e2143c06c3242d011f208a9b1d0528b32e0a414234d188247f83ca6b5f5e22,gx-no-cache=1488819417124 HTTP/1.1" 200 29
186.103.156.24 - - [06/Mar/2017:13:52:47 -0300] "POST /cormun/servlet/solicitudot?gx-no-cache=1488819417222 HTTP/1.1" 200 1273
186.103.159.46 - - [06/Mar/2017:13:52:47 -0300] "GET /cormun/servlet/trvisualizadoreventos? HTTP/1.1" 200 6507
186.103.156.24 - - [06/Mar/2017:13:52:47 -0300] "POST /cormun/servlet/solicitudot?gx-no-cache=1488819417320 HTTP/1.1" 200 1157
186.103.156.24 - - [06/Mar/2017:13:52:47 -0300] "GET /cormun/servlet/solicitudot?151ede9abeffc685cf4619c163293e1359a6e2e78ac0011b8f139619e2aa512a96ea3b7d78e58e4d11cb089dd2949caea1a25f3b2593e05b7b073732039a92e250adbf4bdb03d2b19b11cf3cd23ea2b3cbe7854bbf28d56756e1a0aace679ac45159ce3be299b56d3b34011d4546517de887f8179e18b1ea1e6cbda089aa75f427ecdd8ef7429b7482df4e59f09537a4cc91410c9e03729da4ff01f0dc707c485cd864efefe5a768e83aa44ccdbcc7c6,gx-no-cache=1488819417428 HTTP/1.1" 200 30
186.103.156.24 - - [06/Mar/2017:13:52:47 -0300] "POST /cormun/servlet/solicitudot?af1cd3417e4dfafe05c7bf380a88ac15,UPD,2017,5210,,gx-no-cache=1488819417482 HTTP/1.1" 200 93
186.103.156.24 - - [06/Mar/2017:13:52:47 -0300] "GET /cormun/servlet/hpexe_return? HTTP/1.1" 200 1024
186.103.156.24 - - [06/Mar/2017:13:52:48 -0300] "GET /cormun/servlet/trsolicitudot?gx-no-cache=1488819267975 HTTP/1.1" 200 8167
192.168.10.89 - - [06/Mar/2017:13:52:48 -0300] "GET /cormun/servlet/vesolicitudnombre?2017,5205,, HTTP/1.1" 200 8646
192.168.10.89 - - [06/Mar/2017:13:52:48 -0300] "GET /cormun/static/gxcfg.js?201612218544286 HTTP/1.1" 304 -
192.168.10.89 - - [06/Mar/2017:13:52:48 -0300] "GET /cormun/pexe_scrolldiv.js HTTP/1.1" 404 1009
192.168.10.89 - - [06/Mar/2017:13:52:49 -0300] "GET /cormun/static/hwcviewtabs.js?201612218431866 HTTP/1.1" 304 -
192.168.10.89 - - [06/Mar/2017:13:52:49 -0300] "GET /cormun/static/hpexe_tabsview.js?201610171694228 HTTP/1.1" 304 -
186.103.156.24 - - [06/Mar/2017:13:52:49 -0300] "GET /cormun/servlet/trsolicitudot?gx-no-cache=1488819267975 HTTP/1.1" 200 8183
186.103.156.24 - - [06/Mar/2017:13:52:54 -0300] "POST /cormun/servlet/trsolicitudot?af1cd3417e4dfafe05c7bf380a88ac15,gx-no-cache=1488819267975,gx-no-cache=1488819424742 HTTP/1.1" 200 106
186.103.156.24 - - [06/Mar/2017:13:52:54 -0300] "GET /cormun/servlet/trsolicitudadjuntos?2017,5210, HTTP/1.1" 200 6072
186.103.156.24 - - [06/Mar/2017:13:52:55 -0300] "GET /cormun/static/gxcfg.js?201612218531388 HTTP/1.1" 200 953
186.103.156.24 - - [06/Mar/2017:13:52:55 -0300] "GET /cormun/static/trsolicitudadjuntos.js?201612218531657 HTTP/1.1" 200 17913
186.103.156.24 - - [06/Mar/2017:13:52:55 -0300] "GET /cormun/servlet/trsolicitudadjuntos?2017,5210, HTTP/1.1" 200 6049
186.103.159.46 - - [06/Mar/2017:13:52:56 -0300] "POST /cormun/servlet/trvisualizadoreventos?59ecc5999be45dc6bd1ae78ee0aa8f4b,,gx-no-cache=1488819246373 HTTP/1.1" 200 3775
192.168.10.89 - - [06/Mar/2017:13:53:01 -0300] "GET /cormun/servlet/trsolicitudnombre?11270703, HTTP/1.1" 200 8014
186.103.156.24 - - [06/Mar/2017:13:53:01 -0300] "GET /cormun/servlet/solicitudotadjuntos?INS,2017,5210,,1, HTTP/1.1" 200 5983
186.103.156.24 - - [06/Mar/2017:13:53:01 -0300] "GET /cormun/static/gxcfg.js?201612218465951 HTTP/1.1" 200 953
186.103.156.24 - - [06/Mar/2017:13:53:01 -0300] "GET /cormun/static/solicitudotadjuntos.js?201612218465969 HTTP/1.1" 200 11762
186.103.156.24 - - [06/Mar/2017:13:53:01 -0300] "GET /cormun/static/about:blank HTTP/1.1" 404 1011
186.103.156.24 - - [06/Mar/2017:13:53:02 -0300] "GET /cormun/servlet/solicitudotadjuntos?INS,2017,5210,,1, HTTP/1.1" 200 5976
186.103.156.24 - - [06/Mar/2017:13:53:02 -0300] "GET /cormun/servlet/solicitudotadjuntos?151ede9abeffc685cf4619c163293e13107100de0d78fc06ca42768b8a96a0168da59d04a06cd397d662c71cbb880dbe,gx-no-cache=1488819433325 HTTP/1.1" 200 30
186.103.156.24 - - [06/Mar/2017:13:53:02 -0300] "POST /cormun/servlet/solicitudotadjuntos?af1cd3417e4dfafe05c7bf380a88ac15,INS,2017,5210,,1,,gx-no-cache=1488819433399 HTTP/1.1" 200 3818
186.103.159.46 - - [06/Mar/2017:13:53:03 -0300] "POST /cormun/servlet/trvisualizadoreventos?59ecc5999be45dc6bd1ae78ee0aa8f4b,,gx-no-cache=1488819253883 HTTP/1.1" 200 3779
186.103.159.46 - - [06/Mar/2017:13:53:06 -0300] "POST /cormun/servlet/trvisualizadoreventos?59ecc5999be45dc6bd1ae78ee0aa8f4b,,gx-no-cache=1488819256277 HTTP/1.1" 200 3779
186.103.156.24 - - [06/Mar/2017:13:53:06 -0300] "POST /cormun/servlet/solicitudotadjuntos?gx-no-cache=1488819437654 HTTP/1.1" 200 26
186.103.159.46 - - [06/Mar/2017:13:53:15 -0300] "POST /cormun/servlet/trvisualizadoreventos?59ecc5999be45dc6bd1ae78ee0aa8f4b,,gx-no-cache=1488819265532 HTTP/1.1" 200 3779
186.103.159.46 - - [06/Mar/2017:13:53:19 -0300] "GET /cormun/servlet/trsolicitudot? HTTP/1.1" 200 7989
192.168.10.89 - - [06/Mar/2017:13:53:20 -0300] "GET /cormun/servlet/trsolicitudgral? HTTP/1.1" 200 12561
186.103.159.46 - - [06/Mar/2017:13:53:21 -0300] "GET /cormun/servlet/trsolicitudot? HTTP/1.1" 200 7989
186.103.159.46 - - [06/Mar/2017:13:53:45 -0300] "POST /cormun/servlet/trsolicitudot?59ecc5999be45dc6bd1ae78ee0aa8f4b,,gx-no-cache=1488819295674 HTTP/1.1" 200 4145
186.103.159.46 - - [06/Mar/2017:13:53:45 -0300] "GET /cormun/static/Shared/jqueryui/images/ui-bg_highlight-soft_100_c6c2c8_1x100.png HTTP/1.1" 404 1117
186.103.159.46 - - [06/Mar/2017:13:53:45 -0300] "GET /cormun/static/Shared/jqueryui/images/ui-icons_82798d_256x240.png HTTP/1.1" 404 1089
186.103.159.46 - - [06/Mar/2017:13:53:45 -0300] "GET /cormun/static/Shared/jqueryui/images/ui-bg_flat_55_fafafa_40x100.png HTTP/1.1" 404 1097
186.103.159.46 - - [06/Mar/2017:13:53:45 -0300] "GET /cormun/static/Shared/jqueryui/images/ui-icons_8d78a5_256x240.png HTTP/1.1" 404 1089
186.103.159.46 - - [06/Mar/2017:13:53:46 -0300] "POST /cormun/servlet/trsolicitudot?59ecc5999be45dc6bd1ae78ee0aa8f4b,,gx-no-cache=1488819296192 HTTP/1.1" 200 3929
186.103.156.24 - - [06/Mar/2017:13:54:13 -0300] "GET /cormun/servlet/solicitudotadjuntos?151ede9abeffc685cf4619c163293e13e3e887e398a32f7b7f7c572bbcaf6e69,gx-no-cache=1488819512191 HTTP/1.1" 200 30
186.103.156.24 - - [06/Mar/2017:13:54:14 -0300] "GET /cormun/servlet/solicitudotadjuntos?151ede9abeffc685cf4619c163293e13e3e887e398a32f7b7f7c572bbcaf6e69,gx-no-cache=1488819512254 HTTP/1.1" 200 30
186.103.156.24 - - [06/Mar/2017:13:54:17 -0300] "POST /cormun/servlet/solicitudotadjuntos?af1cd3417e4dfafe05c7bf380a88ac15,INS,2017,5210,,1, HTTP/1.1" 200 116
186.103.156.24 - - [06/Mar/2017:13:54:17 -0300] "GET /cormun/servlet/hpexe_return? HTTP/1.1" 200 1016
186.103.156.24 - - [06/Mar/2017:13:54:17 -0300] "GET /cormun/servlet/trsolicitudadjuntos?2017,5210, HTTP/1.1" 200 8177
186.103.156.24 - - [06/Mar/2017:13:54:18 -0300] "GET /cormun/servlet/trsolicitudadjuntos?2017,5210, HTTP/1.1" 200 8169
186.103.156.24 - - [06/Mar/2017:13:54:40 -0300] "GET /cormun/servlet/solicitudotadjuntos?INS,2017,5210,,1, HTTP/1.1" 200 5983
186.103.156.24 - - [06/Mar/2017:13:54:40 -0300] "GET /cormun/static/about:blank HTTP/1.1" 404 1011
186.103.156.24 - - [06/Mar/2017:13:54:40 -0300] "GET /cormun/servlet/solicitudotadjuntos?INS,2017,5210,,1, HTTP/1.1" 200 5976
186.103.156.24 - - [06/Mar/2017:13:54:41 -0300] "GET /cormun/servlet/solicitudotadjuntos?151ede9abeffc685cf4619c163293e13107100de0d78fc06ca42768b8a96a0168da59d04a06cd397d662c71cbb880dbe,gx-no-cache=1488819542047 HTTP/1.1" 200 30
186.103.156.24 - - [06/Mar/2017:13:54:42 -0300] "POST /cormun/servlet/solicitudotadjuntos?af1cd3417e4dfafe05c7bf380a88ac15,INS,2017,5210,,1,,gx-no-cache=1488819542181 HTTP/1.1" 200 3819
186.79.207.0 - - [06/Mar/2017:13:54:44 -0300] "POST /cormun/servlet/solicitudot?3ad501aa4475080542f998b72ffbda8b,INS,0,0,,gx-no-cache=1488819353999 HTTP/1.1" 200 11153
186.103.156.24 - - [06/Mar/2017:13:54:47 -0300] "POST /cormun/servlet/solicitudotadjuntos?gx-no-cache=1488819549090 HTTP/1.1" 200 26
186.103.156.24 - - [06/Mar/2017:13:54:52 -0300] "GET /cormun/servlet/solicitudotadjuntos?151ede9abeffc685cf4619c163293e13e3e887e398a32f7b7f7c572bbcaf6e69,gx-no-cache=1488819554730 HTTP/1.1" 200 30
186.103.156.24 - - [06/Mar/2017:13:54:52 -0300] "GET /cormun/servlet/solicitudotadjuntos?151ede9abeffc685cf4619c163293e13e3e887e398a32f7b7f7c572bbcaf6e69,gx-no-cache=1488819554833 HTTP/1.1" 200 30
186.103.156.24 - - [06/Mar/2017:13:54:53 -0300] "POST /cormun/servlet/solicitudotadjuntos?af1cd3417e4dfafe05c7bf380a88ac15,INS,2017,5210,,1, HTTP/1.1" 200 6166
186.103.156.24 - - [06/Mar/2017:13:54:54 -0300] "GET /home/sistema/apache-tomcat-7.0.65/webapps/cormun/PrivateTempStorage/upload_00010166.pdf HTTP/1.1" 404 1135
186.103.156.24 - - [06/Mar/2017:13:54:54 -0300] "GET /cormun/static/Shared/jqueryui/images/ui-icons_ebccce_256x240.png HTTP/1.1" 404 1089
186.103.156.24 - - [06/Mar/2017:13:54:54 -0300] "GET /cormun/static/Shared/jqueryui/images/ui-bg_highlight-soft_100_c6c2c8_1x100.png HTTP/1.1" 404 1117
186.103.156.24 - - [06/Mar/2017:13:54:54 -0300] "GET /cormun/static/Shared/jqueryui/images/ui-icons_82798d_256x240.png HTTP/1.1" 404 1089
186.103.156.24 - - [06/Mar/2017:13:54:54 -0300] "GET /cormun/static/Shared/jqueryui/images/ui-bg_flat_55_994d53_40x100.png HTTP/1.1" 404 1097
186.103.156.24 - - [06/Mar/2017:13:54:54 -0300] "GET /home/sistema/apache-tomcat-7.0.65/webapps/cormun/PrivateTempStorage/upload_00010166.pdf HTTP/1.1" 404 1135
186.103.156.24 - - [06/Mar/2017:13:54:54 -0300] "GET /cormun/PrivateTempStorage/upload_00010166.pdf HTTP/1.1" 200 236892
186.103.156.24 - - [06/Mar/2017:13:54:54 -0300] "GET /cormun/PrivateTempStorage/upload_00010166.pdf HTTP/1.1" 304 -
186.103.156.24 - - [06/Mar/2017:13:55:03 -0300] "GET /cormun/servlet/solicitudotadjuntos?151ede9abeffc685cf4619c163293e1313e081990579ab926abf8530e26d17391ca348b5e758add5d3489c014aeb760a,gx-no-cache=1488819565977 HTTP/1.1" 200 30
186.103.156.24 - - [06/Mar/2017:13:55:04 -0300] "POST /cormun/servlet/solicitudotadjuntos?af1cd3417e4dfafe05c7bf380a88ac15,INS,2017,5210,,1, HTTP/1.1" 200 6166
186.103.156.24 - - [06/Mar/2017:13:55:04 -0300] "GET /home/sistema/apache-tomcat-7.0.65/webapps/cormun/PrivateTempStorage/upload_00010178.pdf HTTP/1.1" 404 1135
186.103.156.24 - - [06/Mar/2017:13:55:04 -0300] "GET /home/sistema/apache-tomcat-7.0.65/webapps/cormun/PrivateTempStorage/upload_00010178.pdf HTTP/1.1" 404 1135
186.103.156.24 - - [06/Mar/2017:13:55:04 -0300] "GET /cormun/PrivateTempStorage/upload_00010178.pdf HTTP/1.1" 200 57344
186.103.156.24 - - [06/Mar/2017:13:55:05 -0300] "GET /cormun/PrivateTempStorage/upload_00010178.pdf HTTP/1.1" 200 236892
186.79.207.0 - - [06/Mar/2017:13:55:05 -0300] "POST /cormun/servlet/solicitudot?gx-no-cache=1488819375777 HTTP/1.1" 200 1287
186.79.207.0 - - [06/Mar/2017:13:55:05 -0300] "GET /cormun/servlet/solicitudot?43cd600ccc0b7641f45a4867dd6cb166b54829fc3a234a3df6a7759cddf718eb8dc9db671557730d1dcfdd69eea15060e1835b2945042f79dc498f8774df24f6f0fa24d431e44fe00d6aaf57f52eb971943335b2594449453d08dffbdfafb30a2f2a95b8aa453dd8a702aade6241e33b1a0c0b8aeef3356296dcaf14200a846a118d0f210b55731ab3f28a556b35d5d0f55465d4ae9fbdc9d4bc51b337bb8afd894bf20a2d10546e73ea75c36d5e245327b1ec800edcde26eec10fa1efdc55144daeb2af424b0c5559ee4740910458ce4d684cf2df75b3fc0c5460ebf629597d8cbc16001d24a23fff9e7cf81f3eb207e37492bfeb1fdb5c3c31d0f3e15bc624c81cc983cb22ec0d0bae9e35fdeadaa757eb460bd5fa1018c8bada6818774b30d891d8afb1986c3990f24465075ff756fe12412accf0ecab82f10f1c54519283e64aba520885ed6ea4a6eee7d8d67ae37918c2f24aa104dc901cdacf2dfc9b2152805a1790dc7e426b80a36373f7d506386b226bda938c9d1df4c38d7241424c6b8e2ca9e5ec40c780bb491d58cfa179daf36d8041bfd37fcab50c19025da7fd2119563899afa2e9e6c753528c8d9bde37e9c0a0ab7747172a79196f5f9b8676cbc5be83797c13a6e97c8e5c007486538831d08992d33c2f6a215d84df066f7e6f5498bc6ebd35187869a2249397d9191b845feb173813c4da74331b76c349a49d9e7449ccb128c0969be8da366b597b37ab12b3e62522ad3bf0fdf3b9ec0ef83bb3ad38ff8b2956258ae549439e480f,gx-no-cache=1488819376144 HTTP/1.1" 200 41
186.79.207.0 - - [06/Mar/2017:13:55:06 -0300] "POST /cormun/servlet/solicitudot?gx-no-cache=1488819376296 HTTP/1.1" 200 1275
186.79.207.0 - - [06/Mar/2017:13:55:06 -0300] "POST /cormun/servlet/solicitudot?gx-no-cache=1488819376517 HTTP/1.1" 200 1156
186.79.207.0 - - [06/Mar/2017:13:55:06 -0300] "GET /cormun/servlet/solicitudot?43cd600ccc0b7641f45a4867dd6cb1661fa2e2c94d7bb438259549687c2f0a5ea7399a0a6d050443d77113d7dfe885e67289d42c81f05b0c0f4e0b925a385c2491ac993edf2a8748400699dedbb8802ff12c491ba5dfd7561a0ab1143c000d59425f544e38888172f4652736d8aedba197423b70174b54ed643dbec7082624fcecb81b428b1fb5e872731b7328eb9619271247724d9e12022649bea1bccc007d40d1e7431eba478bf03317150951c9ad,gx-no-cache=1488819376743 HTTP/1.1" 200 30
186.79.207.0 - - [06/Mar/2017:13:55:07 -0300] "POST /cormun/servlet/solicitudot?3ad501aa4475080542f998b72ffbda8b,INS,0,0,,gx-no-cache=1488819376864 HTTP/1.1" 200 11166
186.103.156.24 - - [06/Mar/2017:13:55:51 -0300] "GET /cormun/servlet/solicitudotadjuntos?151ede9abeffc685cf4619c163293e130b2f92a39aa5acd2b567947110b94bbf1ca348b5e758add5d3489c014aeb760a,gx-no-cache=1488819618789 HTTP/1.1" 200 30
186.103.156.24 - - [06/Mar/2017:13:55:51 -0300] "GET /cormun/servlet/solicitudotadjuntos?151ede9abeffc685cf4619c163293e130b2f92a39aa5acd2b567947110b94bbf1ca348b5e758add5d3489c014aeb760a,gx-no-cache=1488819618831 HTTP/1.1" 200 30
186.103.156.24 - - [06/Mar/2017:13:55:53 -0300] "POST /cormun/servlet/solicitudotadjuntos?af1cd3417e4dfafe05c7bf380a88ac15,INS,2017,5210,,1, HTTP/1.1" 200 6174
186.103.156.24 - - [06/Mar/2017:13:55:53 -0300] "GET /home/sistema/apache-tomcat-7.0.65/webapps/cormun/PrivateTempStorage/upload_00010190.pdf HTTP/1.1" 404 1135
186.103.156.24 - - [06/Mar/2017:13:55:53 -0300] "GET /home/sistema/apache-tomcat-7.0.65/webapps/cormun/PrivateTempStorage/upload_00010190.pdf HTTP/1.1" 404 1135
186.103.156.24 - - [06/Mar/2017:13:55:53 -0300] "GET /cormun/PrivateTempStorage/upload_00010190.pdf HTTP/1.1" 200 384775
186.103.156.24 - - [06/Mar/2017:13:55:53 -0300] "GET /cormun/PrivateTempStorage/upload_00010190.pdf HTTP/1.1" 304 -
192.168.10.89 - - [06/Mar/2017:13:56:15 -0300] "GET /cormun/servlet/hlogin HTTP/1.1" 200 1733
186.103.156.24 - - [06/Mar/2017:13:56:55 -0300] "POST /cormun/servlet/solicitudotadjuntos?gx-no-cache=1488819688518 HTTP/1.1" 200 26
186.103.156.24 - - [06/Mar/2017:13:56:57 -0300] "GET /cormun/servlet/solicitudotadjuntos?151ede9abeffc685cf4619c163293e130b2f92a39aa5acd2b567947110b94bbf1ca348b5e758add5d3489c014aeb760a,gx-no-cache=1488819691092 HTTP/1.1" 200 30
186.103.156.24 - - [06/Mar/2017:13:56:57 -0300] "GET /cormun/servlet/solicitudotadjuntos?151ede9abeffc685cf4619c163293e130b2f92a39aa5acd2b567947110b94bbf1ca348b5e758add5d3489c014aeb760a,gx-no-cache=1488819691135 HTTP/1.1" 200 30
186.103.156.24 - - [06/Mar/2017:13:56:58 -0300] "POST /cormun/servlet/solicitudotadjuntos?af1cd3417e4dfafe05c7bf380a88ac15,INS,2017,5210,,1, HTTP/1.1" 200 116
186.103.156.24 - - [06/Mar/2017:13:56:58 -0300] "GET /cormun/servlet/hpexe_return? HTTP/1.1" 200 1016
186.103.156.24 - - [06/Mar/2017:13:56:59 -0300] "GET /cormun/servlet/trsolicitudadjuntos?2017,5210, HTTP/1.1" 200 8382
186.103.156.24 - - [06/Mar/2017:13:57:00 -0300] "GET /cormun/servlet/trsolicitudadjuntos?2017,5210, HTTP/1.1" 200 8379
186.103.156.24 - - [06/Mar/2017:13:57:03 -0300] "GET /cormun/servlet/solicitudotadjuntos?INS,2017,5210,,1, HTTP/1.1" 200 5983
186.103.156.24 - - [06/Mar/2017:13:57:04 -0300] "GET /cormun/static/about:blank HTTP/1.1" 404 1011
186.103.156.24 - - [06/Mar/2017:13:57:04 -0300] "GET /cormun/servlet/solicitudotadjuntos?INS,2017,5210,,1, HTTP/1.1" 200 5976
186.103.156.24 - - [06/Mar/2017:13:57:05 -0300] "GET /cormun/servlet/solicitudotadjuntos?151ede9abeffc685cf4619c163293e13107100de0d78fc06ca42768b8a96a0168da59d04a06cd397d662c71cbb880dbe,gx-no-cache=1488819699385 HTTP/1.1" 200 30
186.103.156.24 - - [06/Mar/2017:13:57:05 -0300] "POST /cormun/servlet/solicitudotadjuntos?af1cd3417e4dfafe05c7bf380a88ac15,INS,2017,5210,,1,,gx-no-cache=1488819699470 HTTP/1.1" 200 3819
186.103.156.24 - - [06/Mar/2017:13:57:15 -0300] "POST /cormun/servlet/solicitudotadjuntos?gx-no-cache=1488819710099 HTTP/1.1" 200 26
186.103.156.24 - - [06/Mar/2017:13:57:23 -0300] "GET /cormun/servlet/solicitudotadjuntos?151ede9abeffc685cf4619c163293e13e3e887e398a32f7b7f7c572bbcaf6e69,gx-no-cache=1488819719447 HTTP/1.1" 200 30
186.103.156.24 - - [06/Mar/2017:13:57:23 -0300] "GET /cormun/servlet/solicitudotadjuntos?151ede9abeffc685cf4619c163293e13e3e887e398a32f7b7f7c572bbcaf6e69,gx-no-cache=1488819719491 HTTP/1.1" 200 30
186.103.156.24 - - [06/Mar/2017:13:57:26 -0300] "POST /cormun/servlet/solicitudotadjuntos?af1cd3417e4dfafe05c7bf380a88ac15,INS,2017,5210,,1, HTTP/1.1" 200 116
186.103.156.24 - - [06/Mar/2017:13:57:26 -0300] "GET /cormun/servlet/hpexe_return? HTTP/1.1" 200 1016
186.103.156.24 - - [06/Mar/2017:13:57:26 -0300] "GET /cormun/servlet/trsolicitudadjuntos?2017,5210, HTTP/1.1" 200 8530
186.103.156.24 - - [06/Mar/2017:13:57:27 -0300] "GET /cormun/servlet/trsolicitudadjuntos?2017,5210, HTTP/1.1" 200 8529
186.79.207.0 - - [06/Mar/2017:13:58:30 -0300] "POST /cormun/servlet/trautorizarsolicitud?36cad82316c777225bb857dc7c948b07,,gx-no-cache=1488819580586 HTTP/1.1" 200 4328
186.79.207.0 - - [06/Mar/2017:13:58:31 -0300] "GET /cormun/static/Shared/jqueryui/images/ui-bg_highlight-soft_100_c6c2c8_1x100.png HTTP/1.1" 404 1117
186.79.207.0 - - [06/Mar/2017:13:58:31 -0300] "GET /cormun/static/Shared/jqueryui/images/ui-icons_82798d_256x240.png HTTP/1.1" 404 1089
186.79.207.0 - - [06/Mar/2017:13:58:31 -0300] "GET /cormun/static/Shared/jqueryui/images/ui-bg_flat_55_fafafa_40x100.png HTTP/1.1" 404 1097
186.79.207.0 - - [06/Mar/2017:13:58:31 -0300] "GET /cormun/static/Shared/jqueryui/images/ui-icons_8d78a5_256x240.png HTTP/1.1" 404 1089
186.79.207.0 - - [06/Mar/2017:13:58:31 -0300] "POST /cormun/servlet/trautorizarsolicitud?36cad82316c777225bb857dc7c948b07,,gx-no-cache=1488819581092 HTTP/1.1" 200 4099
186.103.156.24 - - [06/Mar/2017:13:58:35 -0300] "GET /cormun/servlet/solicitudotadjuntos?INS,2017,5210,,1, HTTP/1.1" 200 5983
186.103.156.24 - - [06/Mar/2017:13:58:35 -0300] "GET /cormun/static/about:blank HTTP/1.1" 404 1011
186.103.156.24 - - [06/Mar/2017:13:58:35 -0300] "GET /cormun/servlet/solicitudotadjuntos?INS,2017,5210,,1, HTTP/1.1" 200 5976
186.103.156.24 - - [06/Mar/2017:13:58:36 -0300] "GET /cormun/servlet/solicitudotadjuntos?151ede9abeffc685cf4619c163293e13107100de0d78fc06ca42768b8a96a0168da59d04a06cd397d662c71cbb880dbe,gx-no-cache=1488819799511 HTTP/1.1" 200 30
186.103.156.24 - - [06/Mar/2017:13:58:36 -0300] "POST /cormun/servlet/solicitudotadjuntos?af1cd3417e4dfafe05c7bf380a88ac15,INS,2017,5210,,1,,gx-no-cache=1488819799688 HTTP/1.1" 200 3819
186.103.156.24 - - [06/Mar/2017:13:58:41 -0300] "POST /cormun/servlet/solicitudotadjuntos?gx-no-cache=1488819805463 HTTP/1.1" 200 26
186.103.156.24 - - [06/Mar/2017:13:58:51 -0300] "GET /cormun/servlet/solicitudotadjuntos?151ede9abeffc685cf4619c163293e13e3e887e398a32f7b7f7c572bbcaf6e69,gx-no-cache=1488819816515 HTTP/1.1" 200 30
186.103.156.24 - - [06/Mar/2017:13:58:51 -0300] "GET /cormun/servlet/solicitudotadjuntos?151ede9abeffc685cf4619c163293e13e3e887e398a32f7b7f7c572bbcaf6e69,gx-no-cache=1488819816560 HTTP/1.1" 200 30
186.103.156.24 - - [06/Mar/2017:13:58:53 -0300] "POST /cormun/servlet/solicitudotadjuntos?af1cd3417e4dfafe05c7bf380a88ac15,INS,2017,5210,,1, HTTP/1.1" 200 116
186.103.156.24 - - [06/Mar/2017:13:58:54 -0300] "GET /cormun/servlet/hpexe_return? HTTP/1.1" 200 1016
186.103.156.24 - - [06/Mar/2017:13:58:54 -0300] "GET /cormun/servlet/trsolicitudadjuntos?2017,5210, HTTP/1.1" 200 8656
186.103.156.24 - - [06/Mar/2017:13:58:55 -0300] "GET /cormun/servlet/trsolicitudadjuntos?2017,5210, HTTP/1.1" 200 8655
186.103.156.24 - - [06/Mar/2017:13:59:05 -0300] "GET /cormun/servlet/solicitudotadjuntos?INS,2017,5210,,1, HTTP/1.1" 200 5983
186.103.156.24 - - [06/Mar/2017:13:59:05 -0300] "GET /cormun/static/about:blank HTTP/1.1" 404 1011
186.103.156.24 - - [06/Mar/2017:13:59:05 -0300] "GET /cormun/servlet/solicitudotadjuntos?INS,2017,5210,,1, HTTP/1.1" 200 5976
186.103.156.24 - - [06/Mar/2017:13:59:06 -0300] "GET /cormun/servlet/solicitudotadjuntos?151ede9abeffc685cf4619c163293e13107100de0d78fc06ca42768b8a96a0168da59d04a06cd397d662c71cbb880dbe,gx-no-cache=1488819832074 HTTP/1.1" 200 30
186.103.156.24 - - [06/Mar/2017:13:59:07 -0300] "POST /cormun/servlet/solicitudotadjuntos?af1cd3417e4dfafe05c7bf380a88ac15,INS,2017,5210,,1,,gx-no-cache=1488819832257 HTTP/1.1" 200 3819
186.103.156.24 - - [06/Mar/2017:13:59:13 -0300] "POST /cormun/servlet/solicitudotadjuntos?gx-no-cache=1488819839703 HTTP/1.1" 200 26
186.103.156.24 - - [06/Mar/2017:13:59:25 -0300] "GET /cormun/servlet/solicitudotadjuntos?151ede9abeffc685cf4619c163293e13e3e887e398a32f7b7f7c572bbcaf6e69,gx-no-cache=1488819853026 HTTP/1.1" 200 30
186.103.156.24 - - [06/Mar/2017:13:59:25 -0300] "GET /cormun/servlet/solicitudotadjuntos?151ede9abeffc685cf4619c163293e13e3e887e398a32f7b7f7c572bbcaf6e69,gx-no-cache=1488819853069 HTTP/1.1" 200 30
186.103.156.24 - - [06/Mar/2017:13:59:26 -0300] "POST /cormun/servlet/solicitudotadjuntos?af1cd3417e4dfafe05c7bf380a88ac15,INS,2017,5210,,1, HTTP/1.1" 200 116
186.103.156.24 - - [06/Mar/2017:13:59:27 -0300] "GET /cormun/servlet/hpexe_return? HTTP/1.1" 200 1016
186.103.156.24 - - [06/Mar/2017:13:59:28 -0300] "GET /cormun/servlet/trsolicitudadjuntos?2017,5210, HTTP/1.1" 200 8831
186.103.156.24 - - [06/Mar/2017:13:59:29 -0300] "GET /cormun/servlet/trsolicitudadjuntos?2017,5210, HTTP/1.1" 200 8826
186.79.132.70 - - [06/Mar/2017:14:00:31 -0300] "GET /cormun/servlet/hlogin HTTP/1.1" 200 1721
186.79.132.70 - - [06/Mar/2017:14:00:32 -0300] "GET /favicon.ico HTTP/1.1" 200 21630
186.79.132.70 - - [06/Mar/2017:14:00:40 -0300] "POST /cormun/servlet/hlogin?b638f2ffe0c7652abe878acb4c4b2c4c,gx-no-cache=1488819715010 HTTP/1.1" 200 90
186.79.132.70 - - [06/Mar/2017:14:00:40 -0300] "GET /cormun/servlet/hpexe_link HTTP/1.1" 200 954
186.79.132.70 - - [06/Mar/2017:14:00:40 -0300] "GET /cormun/servlet/hhome HTTP/1.1" 200 3983
186.79.132.70 - - [06/Mar/2017:14:00:42 -0300] "GET /cormun/servlet/hhome HTTP/1.1" 200 3979
186.103.156.24 - - [06/Mar/2017:14:00:43 -0300] "GET /cormun/servlet/solicitudotadjuntos?INS,2017,5210,,1, HTTP/1.1" 200 5983
186.103.156.24 - - [06/Mar/2017:14:00:43 -0300] "GET /cormun/static/about:blank HTTP/1.1" 404 1011
186.103.156.24 - - [06/Mar/2017:14:00:44 -0300] "GET /cormun/servlet/solicitudotadjuntos?INS,2017,5210,,1, HTTP/1.1" 200 5976
186.103.156.24 - - [06/Mar/2017:14:00:45 -0300] "GET /cormun/servlet/solicitudotadjuntos?151ede9abeffc685cf4619c163293e13107100de0d78fc06ca42768b8a96a0168da59d04a06cd397d662c71cbb880dbe,gx-no-cache=1488819940246 HTTP/1.1" 200 30
186.103.156.24 - - [06/Mar/2017:14:00:45 -0300] "POST /cormun/servlet/solicitudotadjuntos?af1cd3417e4dfafe05c7bf380a88ac15,INS,2017,5210,,1,,gx-no-cache=1488819940549 HTTP/1.1" 200 3819
186.79.132.70 - - [06/Mar/2017:14:00:46 -0300] "GET /cormun/servlet/trcontratounov2? HTTP/1.1" 200 16684
186.79.132.70 - - [06/Mar/2017:14:00:46 -0300] "GET /cormun/static/gxcfg.js?201612281114880 HTTP/1.1" 304 -
186.79.132.70 - - [06/Mar/2017:14:00:46 -0300] "GET /cormun/static/trcontratounov2.js?2016122811141421 HTTP/1.1" 304 -
186.79.132.70 - - [06/Mar/2017:14:00:47 -0300] "GET /cormun/servlet/trcontratounov2? HTTP/1.1" 200 16683
186.103.156.24 - - [06/Mar/2017:14:00:49 -0300] "POST /cormun/servlet/solicitudotadjuntos?gx-no-cache=1488819944894 HTTP/1.1" 200 26
186.79.132.70 - - [06/Mar/2017:14:01:04 -0300] "GET /cormun/servlet/trsolicitudot? HTTP/1.1" 200 6954
186.79.132.70 - - [06/Mar/2017:14:01:04 -0300] "GET /cormun/static/gxcfg.js?20171191044697 HTTP/1.1" 304 -
186.79.132.70 - - [06/Mar/2017:14:01:04 -0300] "GET /cormun/static/trsolicitudot.js?20171191045625 HTTP/1.1" 304 -
186.79.132.70 - - [06/Mar/2017:14:01:05 -0300] "GET /cormun/servlet/trsolicitudot? HTTP/1.1" 200 6954
186.79.132.70 - - [06/Mar/2017:14:01:09 -0300] "GET /cormun/servlet/trcontratounov2? HTTP/1.1" 200 16684
186.103.156.24 - - [06/Mar/2017:14:01:10 -0300] "GET /cormun/servlet/solicitudotadjuntos?151ede9abeffc685cf4619c163293e13e3e887e398a32f7b7f7c572bbcaf6e69,gx-no-cache=1488819967905 HTTP/1.1" 200 30
186.103.156.24 - - [06/Mar/2017:14:01:10 -0300] "GET /cormun/servlet/solicitudotadjuntos?151ede9abeffc685cf4619c163293e13e3e887e398a32f7b7f7c572bbcaf6e69,gx-no-cache=1488819967964 HTTP/1.1" 200 30
186.79.132.70 - - [06/Mar/2017:14:01:11 -0300] "GET /cormun/servlet/trcontratounov2? HTTP/1.1" 200 16690
186.103.156.24 - - [06/Mar/2017:14:01:13 -0300] "POST /cormun/servlet/solicitudotadjuntos?af1cd3417e4dfafe05c7bf380a88ac15,INS,2017,5210,,1, HTTP/1.1" 200 116
186.103.156.24 - - [06/Mar/2017:14:01:13 -0300] "GET /cormun/servlet/hpexe_return? HTTP/1.1" 200 1016
186.103.156.24 - - [06/Mar/2017:14:01:14 -0300] "GET /cormun/servlet/trsolicitudadjuntos?2017,5210, HTTP/1.1" 200 9049
186.103.156.24 - - [06/Mar/2017:14:01:15 -0300] "GET /cormun/servlet/trsolicitudadjuntos?2017,5210, HTTP/1.1" 200 9047
186.103.156.24 - - [06/Mar/2017:14:01:40 -0300] "GET /cormun/servlet/solicitudotadjuntos?INS,2017,5210,,1, HTTP/1.1" 200 5983
186.103.156.24 - - [06/Mar/2017:14:01:41 -0300] "GET /cormun/static/about:blank HTTP/1.1" 404 1011
186.103.156.24 - - [06/Mar/2017:14:01:41 -0300] "GET /cormun/servlet/solicitudotadjuntos?INS,2017,5210,,1, HTTP/1.1" 200 5976
186.79.132.70 - - [06/Mar/2017:14:01:41 -0300] "POST /cormun/servlet/trcontratounov2?b638f2ffe0c7652abe878acb4c4b2c4c,,gx-no-cache=1488819775237 HTTP/1.1" 200 16749
186.103.156.24 - - [06/Mar/2017:14:01:42 -0300] "GET /cormun/servlet/solicitudotadjuntos?151ede9abeffc685cf4619c163293e13107100de0d78fc06ca42768b8a96a0168da59d04a06cd397d662c71cbb880dbe,gx-no-cache=1488820002479 HTTP/1.1" 200 30
186.103.156.24 - - [06/Mar/2017:14:01:42 -0300] "POST /cormun/servlet/solicitudotadjuntos?af1cd3417e4dfafe05c7bf380a88ac15,INS,2017,5210,,1,,gx-no-cache=1488820002566 HTTP/1.1" 200 3819
186.79.132.70 - - [06/Mar/2017:14:02:09 -0300] "GET /cormun/servlet/trcontratosolicitud? HTTP/1.1" 200 12696
186.79.132.70 - - [06/Mar/2017:14:02:09 -0300] "GET /cormun/static/gxcfg.js?20171317451682 HTTP/1.1" 304 -
186.79.132.70 - - [06/Mar/2017:14:02:09 -0300] "GET /cormun/static/trcontratosolicitud.js?20171317452124 HTTP/1.1" 304 -
186.79.132.70 - - [06/Mar/2017:14:02:11 -0300] "GET /cormun/servlet/trcontratosolicitud? HTTP/1.1" 200 12696
186.103.159.46 - - [06/Mar/2017:14:02:24 -0300] "GET /cormun/servlet/trautorizarsolicitud? HTTP/1.1" 200 5989
186.103.159.46 - - [06/Mar/2017:14:02:25 -0300] "GET /cormun/servlet/trautorizarsolicitud? HTTP/1.1" 200 5989
186.103.159.46 - - [06/Mar/2017:14:02:25 -0300] "GET /cormun/servlet/hlogin HTTP/1.1" 200 1739
186.103.159.46 - - [06/Mar/2017:14:02:39 -0300] "POST /cormun/servlet/hlogin?859aa652c487abd9fcb49a0cfe7a9bcd,gx-no-cache=1488819829142 HTTP/1.1" 200 90
186.103.159.46 - - [06/Mar/2017:14:02:39 -0300] "GET /cormun/servlet/hpexe_link HTTP/1.1" 200 963
186.103.159.46 - - [06/Mar/2017:14:02:39 -0300] "GET /cormun/servlet/trautorizarsolicitud HTTP/1.1" 200 8026
186.103.159.46 - - [06/Mar/2017:14:02:40 -0300] "GET /cormun/servlet/trautorizarsolicitud HTTP/1.1" 200 8025
186.103.156.24 - - [06/Mar/2017:14:03:02 -0300] "POST /cormun/servlet/solicitudotadjuntos?af1cd3417e4dfafe05c7bf380a88ac15,INS,2017,5210,,1,,gx-no-cache=1488820090989 HTTP/1.1" 200 93
186.103.156.24 - - [06/Mar/2017:14:03:02 -0300] "GET /cormun/servlet/hpexe_return? HTTP/1.1" 200 1016
186.103.156.24 - - [06/Mar/2017:14:03:03 -0300] "GET /cormun/servlet/trsolicitudadjuntos?2017,5210, HTTP/1.1" 200 9046
186.103.156.24 - - [06/Mar/2017:14:03:04 -0300] "GET /cormun/servlet/trsolicitudadjuntos?2017,5210, HTTP/1.1" 200 9045
186.103.156.24 - - [06/Mar/2017:14:03:12 -0300] "GET /cormun/servlet/trautorizarsolicitud? HTTP/1.1" 200 8114
186.103.156.24 - - [06/Mar/2017:14:03:13 -0300] "GET /cormun/servlet/trautorizarsolicitud? HTTP/1.1" 200 8106
186.103.156.24 - - [06/Mar/2017:14:03:18 -0300] "POST /cormun/servlet/trautorizarsolicitud?af1cd3417e4dfafe05c7bf380a88ac15,,gx-no-cache=1488820108344 HTTP/1.1" 200 4317
186.103.156.24 - - [06/Mar/2017:14:03:18 -0300] "GET /cormun/static/Shared/jqueryui/images/ui-bg_highlight-soft_100_c6c2c8_1x100.png HTTP/1.1" 404 1117
186.103.156.24 - - [06/Mar/2017:14:03:18 -0300] "GET /cormun/static/Shared/jqueryui/images/ui-icons_82798d_256x240.png HTTP/1.1" 404 1089
186.103.156.24 - - [06/Mar/2017:14:03:18 -0300] "GET /cormun/static/Shared/jqueryui/images/ui-bg_flat_55_fafafa_40x100.png HTTP/1.1" 404 1097
186.103.156.24 - - [06/Mar/2017:14:03:18 -0300] "GET /cormun/static/Shared/jqueryui/images/ui-icons_8d78a5_256x240.png HTTP/1.1" 404 1089
186.103.156.24 - - [06/Mar/2017:14:03:19 -0300] "POST /cormun/servlet/trautorizarsolicitud?af1cd3417e4dfafe05c7bf380a88ac15,,gx-no-cache=1488820108980 HTTP/1.1" 200 4094
186.103.159.204 - - [06/Mar/2017:14:03:36 -0300] "GET /cormun/servlet/hlogin HTTP/1.1" 200 1736
186.79.132.70 - - [06/Mar/2017:14:03:57 -0300] "GET /cormun/servlet/trcontratoobservaciondir? HTTP/1.1" 200 7723
186.79.132.70 - - [06/Mar/2017:14:03:57 -0300] "GET /cormun/static/gxcfg.js?201612218551235 HTTP/1.1" 200 953
186.79.132.70 - - [06/Mar/2017:14:03:59 -0300] "GET /cormun/servlet/trcontratoobservaciondir? HTTP/1.1" 200 7722
186.79.132.70 - - [06/Mar/2017:14:04:13 -0300] "GET /cormun/servlet/trcontratounov2? HTTP/1.1" 200 16927
186.79.132.70 - - [06/Mar/2017:14:04:14 -0300] "GET /cormun/servlet/trcontratounov2? HTTP/1.1" 200 16928
186.79.132.70 - - [06/Mar/2017:14:04:26 -0300] "POST /cormun/servlet/trcontratounov2?b638f2ffe0c7652abe878acb4c4b2c4c,,gx-no-cache=1488819940173 HTTP/1.1" 200 16478
186.79.132.70 - - [06/Mar/2017:14:04:34 -0300] "POST /cormun/servlet/trcontratounov2?b638f2ffe0c7652abe878acb4c4b2c4c,,gx-no-cache=1488819947895 HTTP/1.1" 200 16614
186.79.132.70 - - [06/Mar/2017:14:04:55 -0300] "GET /cormun/servlet/trsolicitudot? HTTP/1.1" 200 6954
186.79.132.70 - - [06/Mar/2017:14:04:57 -0300] "GET /cormun/servlet/trsolicitudot? HTTP/1.1" 200 6954
186.79.132.70 - - [06/Mar/2017:14:05:30 -0300] "GET /cormun/servlet/trsolicitudot? HTTP/1.1" 200 6954
186.79.132.70 - - [06/Mar/2017:14:05:31 -0300] "GET /cormun/servlet/trsolicitudot? HTTP/1.1" 200 6954
186.103.159.46 - - [06/Mar/2017:14:05:32 -0300] "POST /cormun/servlet/trautorizarsolicitud?859aa652c487abd9fcb49a0cfe7a9bcd,gx-no-cache=1488820002327 HTTP/1.1" 200 4036
186.103.159.46 - - [06/Mar/2017:14:05:32 -0300] "GET /cormun/static/Shared/jqueryui/images/ui-bg_highlight-soft_100_c6c2c8_1x100.png HTTP/1.1" 404 1117
186.103.159.46 - - [06/Mar/2017:14:05:32 -0300] "GET /cormun/static/Shared/jqueryui/images/ui-icons_82798d_256x240.png HTTP/1.1" 404 1089
186.103.159.46 - - [06/Mar/2017:14:05:32 -0300] "GET /cormun/static/Shared/jqueryui/images/ui-bg_flat_55_fafafa_40x100.png HTTP/1.1" 404 1097
186.103.159.46 - - [06/Mar/2017:14:05:32 -0300] "GET /cormun/static/Shared/jqueryui/images/ui-icons_8d78a5_256x240.png HTTP/1.1" 404 1089
186.103.159.46 - - [06/Mar/2017:14:05:32 -0300] "POST /cormun/servlet/trautorizarsolicitud?859aa652c487abd9fcb49a0cfe7a9bcd,gx-no-cache=1488820002602 HTTP/1.1" 200 3825
186.79.132.70 - - [06/Mar/2017:14:05:34 -0300] "GET /cormun/servlet/solicitudot?INS,0,0, HTTP/1.1" 200 12775
186.79.132.70 - - [06/Mar/2017:14:05:34 -0300] "GET /cormun/static/gxcfg.js?20171191042720 HTTP/1.1" 304 -
186.79.132.70 - - [06/Mar/2017:14:05:34 -0300] "GET /cormun/static/solicitudot.js?2017119104297 HTTP/1.1" 304 -
186.79.132.70 - - [06/Mar/2017:14:05:36 -0300] "GET /cormun/servlet/solicitudot?INS,0,0, HTTP/1.1" 200 12779
186.79.132.70 - - [06/Mar/2017:14:05:43 -0300] "POST /cormun/servlet/solicitudot?gx-no-cache=1488820018583 HTTP/1.1" 200 3182
186.79.132.70 - - [06/Mar/2017:14:05:44 -0300] "POST /cormun/servlet/solicitudot?b638f2ffe0c7652abe878acb4c4b2c4c,INS,0,0,,gx-no-cache=1488820019076 HTTP/1.1" 200 9981
186.79.132.70 - - [06/Mar/2017:14:05:48 -0300] "GET /cormun/servlet/solicitudot?a18c088af5f2f1bc81c2883a944257f16e9e3f10a49337cdd2bb268f7877c304c04cf8162e8865442ab3d05e9e3b89ff,gx-no-cache=1488820023347 HTTP/1.1" 200 30
186.79.132.70 - - [06/Mar/2017:14:05:48 -0300] "POST /cormun/servlet/solicitudot?gx-no-cache=1488820023466 HTTP/1.1" 200 297
186.79.132.70 - - [06/Mar/2017:14:05:48 -0300] "GET /cormun/servlet/solicitudot?a18c088af5f2f1bc81c2883a944257f108d8be1faf6bc54a171a89c1a4b42dbfda8ec831e8d7909072378a2be15909ecb5782c758f133443b2ae46bef007c8c22bd116263753532564e61635f287bb4c3a6c99a35397ee8f6f4b8e3c67519f8e194fde0c0364922ef1eb4599bbddc0c526cf82f2d904910c01a42836ad24ab91ffc77448556259633362bcadbf69f89c48deb110ec348130f36eac76cb775e42fa86e2dacc27a0d8c003f5a2aa51cc84cdf2613dbc83e01a09026eba9664926812431b11ea1685cb29b74aae277b0996a8e6823e36d54193ab29663fe656f40dc997aaa9f6759a4a9ff857406f7eff3624aad95d32dad31ea337b3d999878383e07f3c1dcf3dc283bf8ce0716651f8a05771e08f084e561389b9045c51254def0a8f4c0647cced807ee4167b3492c1c7b5c46be0802cb1ea1dfd6940d4d526f99c0fb3e02d9c5125bfeeabcc17b00b039006948d59192a4ef6b3e4364032d8b0943c679e0e89818e2bdc84f64939f752d2e5bf4b1d44c9b9eeecc670d305a79242c916717805523118ea010ba7d497b6,gx-no-cache=1488820023612 HTTP/1.1" 200 30
186.79.132.70 - - [06/Mar/2017:14:05:51 -0300] "POST /cormun/servlet/solicitudot?gx-no-cache=1488820026513 HTTP/1.1" 200 30
186.103.158.250 - - [06/Mar/2017:14:05:53 -0300] "GET /cormun/servlet/hhome HTTP/1.1" 200 3305
186.79.132.70 - - [06/Mar/2017:14:05:54 -0300] "POST /cormun/servlet/solicitudot?gx-no-cache=1488820029365 HTTP/1.1" 200 1292
186.79.132.70 - - [06/Mar/2017:14:05:54 -0300] "POST /cormun/servlet/solicitudot?gx-no-cache=1488820029503 HTTP/1.1" 200 38
186.103.158.250 - - [06/Mar/2017:14:05:55 -0300] "GET /cormun/servlet/hhome HTTP/1.1" 200 3303
186.103.158.250 - - [06/Mar/2017:14:05:55 -0300] "GET /cormun/servlet/hlogin HTTP/1.1" 200 1737
186.79.132.70 - - [06/Mar/2017:14:06:01 -0300] "GET /cormun/servlet/solicitudot?a18c088af5f2f1bc81c2883a944257f1f28fc2a8fa4aae59dd08f0131d9942dce232f21718e02996978d5d284e778098a9b1e87a24fa722a9322e7b4fd182debe865a1dc954b0eacc2cef8e8db69fe4935d15695ad640b1016037c808edf471273e73590c0fd76bbdecfe0c04f0736da,gx-no-cache=1488820035914 HTTP/1.1" 200 29
186.79.132.70 - - [06/Mar/2017:14:06:01 -0300] "POST /cormun/servlet/solicitudot?gx-no-cache=1488820036008 HTTP/1.1" 200 1275
186.79.132.70 - - [06/Mar/2017:14:06:01 -0300] "POST /cormun/servlet/solicitudot?gx-no-cache=1488820036208 HTTP/1.1" 200 1157
186.79.132.70 - - [06/Mar/2017:14:06:01 -0300] "GET /cormun/static/menuarrow.gif HTTP/1.1" 404 1015
186.79.132.70 - - [06/Mar/2017:14:06:02 -0300] "POST /cormun/servlet/solicitudot?gx-no-cache=1488820037722 HTTP/1.1" 200 1275
186.79.132.70 - - [06/Mar/2017:14:06:03 -0300] "POST /cormun/servlet/solicitudot?gx-no-cache=1488820038001 HTTP/1.1" 200 1157
186.79.132.70 - - [06/Mar/2017:14:06:11 -0300] "GET /cormun/servlet/solicitudot?a18c088af5f2f1bc81c2883a944257f1d9693ee8156ed00f0a430f5a7a1e485f2df2743d3d37f42345218522a742208fa8cd837b664c08bc5885d87057f2cda794e7cd3a72d1985b223f362f9add2dacb004e522ed0eae1572c661e2bda45312af93a02000ce8d77a464a3109590f18e67fe96483c4c5c95e0d502c5cbbd6169b0618e71dd69f925060e8dcb51c82c5b2c40ce5de205529551188c977d9e3b79228de8624b998c6a508879338eba5e0e,gx-no-cache=1488820046238 HTTP/1.1" 200 30
186.79.132.70 - - [06/Mar/2017:14:06:36 -0300] "POST /cormun/servlet/solicitudot?b638f2ffe0c7652abe878acb4c4b2c4c,INS,0,0,,gx-no-cache=1488820070661 HTTP/1.1" 200 93
186.79.132.70 - - [06/Mar/2017:14:06:36 -0300] "GET /cormun/servlet/hpexe_return? HTTP/1.1" 200 1007
186.79.132.70 - - [06/Mar/2017:14:06:36 -0300] "GET /cormun/static/gxcfg.js?2016101716175148 HTTP/1.1" 304 -
186.79.132.70 - - [06/Mar/2017:14:06:36 -0300] "GET /cormun/servlet/trsolicitudot HTTP/1.1" 200 8188
186.79.132.70 - - [06/Mar/2017:14:06:38 -0300] "GET /cormun/servlet/trsolicitudot HTTP/1.1" 200 8184
186.79.132.70 - - [06/Mar/2017:14:06:41 -0300] "GET /cormun/servlet/trcontratounov2? HTTP/1.1" 200 16680
186.79.132.70 - - [06/Mar/2017:14:06:43 -0300] "GET /cormun/servlet/trcontratounov2? HTTP/1.1" 200 16676
186.79.132.70 - - [06/Mar/2017:14:08:49 -0300] "POST /cormun/servlet/trcontratounov2?b638f2ffe0c7652abe878acb4c4b2c4c,,gx-no-cache=1488820202553 HTTP/1.1" 200 14306
186.79.132.70 - - [06/Mar/2017:14:09:11 -0300] "GET /cormun/servlet/trsolicitudot? HTTP/1.1" 200 8185
186.79.132.70 - - [06/Mar/2017:14:09:13 -0300] "GET /cormun/servlet/trsolicitudot? HTTP/1.1" 200 8184
186.79.132.70 - - [06/Mar/2017:14:09:20 -0300] "POST /cormun/servlet/trsolicitudot?b638f2ffe0c7652abe878acb4c4b2c4c,,gx-no-cache=1488820235323 HTTP/1.1" 200 4336
186.79.132.70 - - [06/Mar/2017:14:09:20 -0300] "GET /cormun/static/Shared/jqueryui/images/ui-bg_highlight-soft_100_c6c2c8_1x100.png HTTP/1.1" 404 1117
186.79.132.70 - - [06/Mar/2017:14:09:20 -0300] "GET /cormun/static/Shared/jqueryui/images/ui-icons_82798d_256x240.png HTTP/1.1" 404 1089
186.79.132.70 - - [06/Mar/2017:14:09:20 -0300] "GET /cormun/static/Shared/jqueryui/images/ui-bg_flat_55_fafafa_40x100.png HTTP/1.1" 404 1097
186.79.132.70 - - [06/Mar/2017:14:09:20 -0300] "GET /cormun/static/Shared/jqueryui/images/ui-icons_8d78a5_256x240.png HTTP/1.1" 404 1089
186.79.132.70 - - [06/Mar/2017:14:09:21 -0300] "POST /cormun/servlet/trsolicitudot?b638f2ffe0c7652abe878acb4c4b2c4c,,gx-no-cache=1488820235961 HTTP/1.1" 200 4123
186.79.132.70 - - [06/Mar/2017:14:09:23 -0300] "GET /cormun/servlet/trautorizarsolicitud? HTTP/1.1" 200 8131
186.79.132.70 - - [06/Mar/2017:14:09:23 -0300] "GET /cormun/static/gxcfg.js?2017259112829 HTTP/1.1" 304 -
186.79.132.70 - - [06/Mar/2017:14:09:24 -0300] "GET /cormun/static/trautorizarsolicitud.js?2017259113483 HTTP/1.1" 304 -
186.79.132.70 - - [06/Mar/2017:14:09:25 -0300] "GET /cormun/servlet/trautorizarsolicitud? HTTP/1.1" 200 8130
186.79.132.70 - - [06/Mar/2017:14:09:29 -0300] "POST /cormun/servlet/trautorizarsolicitud?b638f2ffe0c7652abe878acb4c4b2c4c,,gx-no-cache=1488820244537 HTTP/1.1" 200 4309
186.79.132.70 - - [06/Mar/2017:14:09:30 -0300] "GET /cormun/static/Shared/jqueryui/images/ui-bg_highlight-soft_100_c6c2c8_1x100.png HTTP/1.1" 404 1117
186.79.132.70 - - [06/Mar/2017:14:09:30 -0300] "GET /cormun/static/Shared/jqueryui/images/ui-icons_82798d_256x240.png HTTP/1.1" 404 1089
186.79.132.70 - - [06/Mar/2017:14:09:30 -0300] "GET /cormun/static/Shared/jqueryui/images/ui-bg_flat_55_fafafa_40x100.png HTTP/1.1" 404 1097
186.79.132.70 - - [06/Mar/2017:14:09:30 -0300] "GET /cormun/static/Shared/jqueryui/images/ui-icons_8d78a5_256x240.png HTTP/1.1" 404 1089
186.79.132.70 - - [06/Mar/2017:14:09:30 -0300] "POST /cormun/servlet/trautorizarsolicitud?b638f2ffe0c7652abe878acb4c4b2c4c,,gx-no-cache=1488820245122 HTTP/1.1" 200 4100
95.213.177.125 - - [06/Mar/2017:14:12:48 -0300] "CONNECT check.proxyradar.com:80 HTTP/1.1" 400 -
186.79.62.77 - - [06/Mar/2017:14:14:07 -0300] "GET /cormun/servlet/solicitudot?INS,0,0, HTTP/1.1" 200 11945
186.79.62.77 - - [06/Mar/2017:14:14:07 -0300] "GET /cormun/servlet/hlogin HTTP/1.1" 200 1743
186.79.62.77 - - [06/Mar/2017:14:14:07 -0300] "GET /cormun/servlet/solicitudot?INS,0,0, HTTP/1.1" 200 11929
186.79.62.77 - - [06/Mar/2017:14:14:14 -0300] "POST /cormun/servlet/hlogin?d464a8eb3ed3c5069b8a427280747210,gx-no-cache=1488820523813 HTTP/1.1" 200 90
186.79.62.77 - - [06/Mar/2017:14:14:14 -0300] "GET /cormun/servlet/hpexe_link HTTP/1.1" 200 964
186.79.62.77 - - [06/Mar/2017:14:14:15 -0300] "GET /cormun/servlet/solicitudot?INS,0,0, HTTP/1.1" 200 12442
186.79.62.77 - - [06/Mar/2017:14:14:15 -0300] "GET /cormun/servlet/solicitudot?INS,0,0, HTTP/1.1" 200 12447
186.79.62.77 - - [06/Mar/2017:14:14:20 -0300] "POST /cormun/servlet/solicitudot?gx-no-cache=1488820529639 HTTP/1.1" 200 3197
186.79.62.77 - - [06/Mar/2017:14:14:21 -0300] "POST /cormun/servlet/solicitudot?d464a8eb3ed3c5069b8a427280747210,INS,0,0,,gx-no-cache=1488820530068 HTTP/1.1" 200 9539
186.79.62.77 - - [06/Mar/2017:14:14:22 -0300] "GET /cormun/servlet/solicitudot?d327e27265f333788ac8dd608456672b7c456ea500c3ad71d5b9646bf44089e0cdf107c21d88b3ecd2184726a2458d8c,gx-no-cache=1488820532109 HTTP/1.1" 200 30
186.79.62.77 - - [06/Mar/2017:14:14:23 -0300] "POST /cormun/servlet/solicitudot?gx-no-cache=1488820532315 HTTP/1.1" 200 297
186.79.62.77 - - [06/Mar/2017:14:14:23 -0300] "GET /cormun/servlet/solicitudot?d327e27265f333788ac8dd608456672b5f152baa0bf977031c0212a34897cc35b4bf2192b53d7f191cd29c85cfc1861e4da61651b6c1825b82589e40269f180b594ce326d4e7c1fafb18286eb2218fa7a73f8d0f5543fb3ec53d37e7cb8b040267f8b9297152bf2ce4c555cc9c63ac55e858399685765935ef8640643f653b0f47e6028ab010de1820e6ee6750550ba3c9547cb238912585e97bd2dfbd52df481fe6661b8bbc18cabdf2ea991e1ac9972a367173a71b05dd1bf8e3e41ff3e658556cb3db0898092888d11b9c70636ec17f6da02a29aa765f68d2a24128e403068427bbd247b520103eae88b9e63f291552fb346dfb14f0ab055a8846ec41c9725f80971de32daa63f42ec5fa31f0b811d594347ad1852d7ee84c420f3874c78fd8051e4d515fa6b825e2bbc97815290160ed2709bca68a5d8e2360409fe53bb3a221c40bc42891bbf227015ee741f596a438b31cfb232d919dc7a2ed7d9b8bdb738c670693e8a684024358c23f1be0309ccf0db582615f3942370c0c7705474991eccadcb89d23a8a905b1e4bfee383a,gx-no-cache=1488820532405 HTTP/1.1" 200 30
186.79.62.77 - - [06/Mar/2017:14:14:29 -0300] "POST /cormun/servlet/solicitudot?gx-no-cache=1488820538213 HTTP/1.1" 200 30
186.79.62.77 - - [06/Mar/2017:14:14:30 -0300] "GET /cormun/servlet/prsolicitudot?17333497,,,,,MD,,gxPopupLevel%3D0%3B HTTP/1.1" 200 6106
186.79.62.77 - - [06/Mar/2017:14:14:30 -0300] "GET /cormun/static/gxcfg.js?20161221854215 HTTP/1.1" 304 -
186.79.62.77 - - [06/Mar/2017:14:14:30 -0300] "GET /cormun/static/prsolicitudot.js?201612218542259 HTTP/1.1" 304 -
186.79.62.77 - - [06/Mar/2017:14:15:03 -0300] "POST /cormun/servlet/solicitudot?gx-no-cache=1488820572358 HTTP/1.1" 200 1291
186.79.62.77 - - [06/Mar/2017:14:15:03 -0300] "POST /cormun/servlet/solicitudot?gx-no-cache=1488820572506 HTTP/1.1" 200 38
186.79.62.77 - - [06/Mar/2017:14:15:03 -0300] "GET /cormun/servlet/solicitudot?d327e27265f333788ac8dd608456672bfd877a4c4d01148a6fc1b89ee0000316cefd53a3965ab7b7f9d7509743cca189e2cc6f9a5d15a91ea1017eb12c3e4331cbefa8b332b6998da443fb2fc1f997464c1484bb9f93465be83fc84ce0cb8238a9667dfbb25c469c96641eb8153e9336,gx-no-cache=1488820572589 HTTP/1.1" 200 29
186.79.62.77 - - [06/Mar/2017:14:15:03 -0300] "POST /cormun/servlet/solicitudot?gx-no-cache=1488820572658 HTTP/1.1" 200 1275
186.79.62.77 - - [06/Mar/2017:14:15:03 -0300] "POST /cormun/servlet/solicitudot?gx-no-cache=1488820572832 HTTP/1.1" 200 1156
186.79.62.77 - - [06/Mar/2017:14:15:15 -0300] "POST /cormun/servlet/solicitudot?gx-no-cache=1488820584468 HTTP/1.1" 200 1275
186.79.62.77 - - [06/Mar/2017:14:15:15 -0300] "POST /cormun/servlet/solicitudot?gx-no-cache=1488820584640 HTTP/1.1" 200 1156
186.79.62.77 - - [06/Mar/2017:14:15:29 -0300] "GET /cormun/servlet/solicitudot?d327e27265f333788ac8dd608456672b9f72f732da5ebc22cb727e994aa14faa6b98f7bb4a4ae12445222063420ca2638188d74f45bd7fc7313069507ce14f250b23609f63bffbeb3d58a33019183d1010f70bd786709127c48c31e994e435d3aa34a34d0e6443264bcf7a15fe86eb9163d7c63a81c4579653ecbd626b0155be5d6885583b1eda293c36499d8e9a63f7a0ad092dd3c536001810f2be40b7b27e5de3b2cc2618cdb19493459d3e809fd6,gx-no-cache=1488820598490 HTTP/1.1" 200 30
186.79.62.77 - - [06/Mar/2017:14:15:37 -0300] "POST /cormun/servlet/solicitudot?d464a8eb3ed3c5069b8a427280747210,INS,0,0,,gx-no-cache=1488820605859 HTTP/1.1" 200 93
186.79.62.77 - - [06/Mar/2017:14:15:37 -0300] "GET /cormun/servlet/hpexe_return? HTTP/1.1" 200 1005
186.79.62.77 - - [06/Mar/2017:14:15:37 -0300] "GET /cormun/servlet/hhome HTTP/1.1" 200 3810
186.79.62.77 - - [06/Mar/2017:14:15:38 -0300] "GET /cormun/servlet/hhome HTTP/1.1" 200 3806
186.79.62.77 - - [06/Mar/2017:14:15:48 -0300] "GET /cormun/servlet/trsolicitudot? HTTP/1.1" 200 8567
186.79.62.77 - - [06/Mar/2017:14:15:49 -0300] "GET /cormun/servlet/trsolicitudot? HTTP/1.1" 200 8565
186.79.62.77 - - [06/Mar/2017:14:16:10 -0300] "POST /cormun/servlet/trsolicitudot?d464a8eb3ed3c5069b8a427280747210,,gx-no-cache=1488820638830 HTTP/1.1" 200 5311
186.79.62.77 - - [06/Mar/2017:14:16:10 -0300] "GET /cormun/static/Shared/jqueryui/images/ui-bg_highlight-soft_100_c6c2c8_1x100.png HTTP/1.1" 404 1117
