190.101.9.138 - - [06/Mar/2017:12:00:09 -0300] "GET /cormun/servlet/solicitudotadjuntos?INS,2017,5204,,1, HTTP/1.1" 200 5809
190.101.9.138 - - [06/Mar/2017:12:00:09 -0300] "GET /cormun/static/about:blank HTTP/1.1" 404 1011
190.101.9.138 - - [06/Mar/2017:12:00:09 -0300] "GET /cormun/servlet/solicitudotadjuntos?INS,2017,5204,,1, HTTP/1.1" 200 5803
186.103.157.42 - - [06/Mar/2017:12:00:09 -0300] "GET /cormun/servlet/trsolicitudadjuntos?2017,5201, HTTP/1.1" 200 8275
190.101.9.138 - - [06/Mar/2017:12:00:10 -0300] "GET /cormun/servlet/solicitudotadjuntos?1d45df0167ad330eccb73b909c298a9e0bf209b6ac55bd641585eb6c5495555d32e1a214b8d6f71f46e0994468b9c4c9,gx-no-cache=1488812480279 HTTP/1.1" 200 30
190.101.9.138 - - [06/Mar/2017:12:00:10 -0300] "POST /cormun/servlet/solicitudotadjuntos?106591f41fcaf1eb8a2f40f76b3c7a36,INS,2017,5204,,1,,gx-no-cache=1488812480326 HTTP/1.1" 200 3646
186.79.62.77 - - [06/Mar/2017:12:00:12 -0300] "GET /cormun/static/menuarrow.gif HTTP/1.1" 404 1015
190.101.9.138 - - [06/Mar/2017:12:00:13 -0300] "POST /cormun/servlet/solicitudotadjuntos?gx-no-cache=1488812483477 HTTP/1.1" 200 26
186.79.62.77 - - [06/Mar/2017:12:00:19 -0300] "POST /cormun/servlet/trautorizarsolicitud?27ccfc9876eb167a96fb8cedf321d78e,,gx-no-cache=1488812489472 HTTP/1.1" 200 3871
190.101.9.138 - - [06/Mar/2017:12:00:23 -0300] "POST /cormun/servlet/solicitudotadjuntos?gx-no-cache=1488812493274 HTTP/1.1" 200 26
190.101.9.138 - - [06/Mar/2017:12:00:30 -0300] "GET /cormun/servlet/solicitudotadjuntos?1d45df0167ad330eccb73b909c298a9e7f181ec6c9a1e8502a8f76e533b26c70,gx-no-cache=1488812501043 HTTP/1.1" 200 30
190.101.9.138 - - [06/Mar/2017:12:00:30 -0300] "GET /cormun/servlet/solicitudotadjuntos?1d45df0167ad330eccb73b909c298a9e7f181ec6c9a1e8502a8f76e533b26c70,gx-no-cache=1488812501074 HTTP/1.1" 200 30
190.101.9.138 - - [06/Mar/2017:12:00:31 -0300] "POST /cormun/servlet/solicitudotadjuntos?106591f41fcaf1eb8a2f40f76b3c7a36,INS,2017,5204,,1, HTTP/1.1" 200 116
190.101.9.138 - - [06/Mar/2017:12:00:31 -0300] "GET /cormun/servlet/hpexe_return? HTTP/1.1" 200 1028
190.101.9.138 - - [06/Mar/2017:12:00:31 -0300] "GET /cormun/servlet/trsolicitudadjuntos?2017,5204, HTTP/1.1" 200 8591
190.101.9.138 - - [06/Mar/2017:12:00:32 -0300] "GET /cormun/servlet/trsolicitudadjuntos?2017,5204, HTTP/1.1" 200 8590
190.101.9.138 - - [06/Mar/2017:12:00:34 -0300] "GET /cormun/servlet/solicitudotadjuntos?INS,2017,5204,,2, HTTP/1.1" 200 5808
190.101.9.138 - - [06/Mar/2017:12:00:34 -0300] "GET /cormun/static/about:blank HTTP/1.1" 404 1011
190.101.9.138 - - [06/Mar/2017:12:00:34 -0300] "GET /cormun/servlet/solicitudotadjuntos?INS,2017,5204,,2, HTTP/1.1" 200 5802
190.101.9.138 - - [06/Mar/2017:12:00:35 -0300] "GET /cormun/servlet/solicitudotadjuntos?1d45df0167ad330eccb73b909c298a9e0bf209b6ac55bd641585eb6c5495555d32e1a214b8d6f71f46e0994468b9c4c9,gx-no-cache=1488812505227 HTTP/1.1" 200 30
190.101.9.138 - - [06/Mar/2017:12:00:35 -0300] "POST /cormun/servlet/solicitudotadjuntos?106591f41fcaf1eb8a2f40f76b3c7a36,INS,2017,5204,,2,,gx-no-cache=1488812505274 HTTP/1.1" 200 3857
186.103.159.182 - - [06/Mar/2017:12:00:37 -0300] "GET /cormun/servlet/licenciaspermisos?cbb9a7989f1c71519f6b156be50bdad1c59f403e1a9181b945c9496e00175f28f1d097ab77d3b654737ea5601b1faecaccfb0656be162a4e6586533ee2ffa2703ee10614816b79ce0c27b16c1c6046636ebd3ef6d808a10a70477663a82de0bd8894cd707f061342cb08b0130e898bcda5f6ea242b2283301c4f32929e8e6012cfe384d453bd8dba0f4f22b2ee8444d621090ac13f2a705e6a3267015ca7e4f7904b53fb398cc65002a6d7feb0b528a1,gx-no-cache=1488812503946 HTTP/1.1" 200 30
186.103.159.182 - - [06/Mar/2017:12:00:37 -0300] "POST /cormun/servlet/licenciaspermisos?3544e2793337c3062ec23c7147fd28ec,INS,0,,,,gx-no-cache=1488812504044 HTTP/1.1" 200 4693
190.101.9.138 - - [06/Mar/2017:12:00:37 -0300] "POST /cormun/servlet/solicitudotadjuntos?gx-no-cache=1488812507785 HTTP/1.1" 200 26
190.101.9.138 - - [06/Mar/2017:12:00:42 -0300] "GET /cormun/servlet/solicitudotadjuntos?1d45df0167ad330eccb73b909c298a9e7f181ec6c9a1e8502a8f76e533b26c70,gx-no-cache=1488812512387 HTTP/1.1" 200 30
190.101.9.138 - - [06/Mar/2017:12:00:42 -0300] "GET /cormun/servlet/solicitudotadjuntos?1d45df0167ad330eccb73b909c298a9e7f181ec6c9a1e8502a8f76e533b26c70,gx-no-cache=1488812512434 HTTP/1.1" 200 30
190.101.9.138 - - [06/Mar/2017:12:00:42 -0300] "POST /cormun/servlet/solicitudotadjuntos?106591f41fcaf1eb8a2f40f76b3c7a36,INS,2017,5204,,2, HTTP/1.1" 200 116
190.101.9.138 - - [06/Mar/2017:12:00:42 -0300] "GET /cormun/servlet/hpexe_return? HTTP/1.1" 200 1028
190.101.9.138 - - [06/Mar/2017:12:00:42 -0300] "GET /cormun/servlet/trsolicitudadjuntos?2017,5204, HTTP/1.1" 200 8806
190.101.9.138 - - [06/Mar/2017:12:00:43 -0300] "GET /cormun/servlet/trsolicitudadjuntos?2017,5204, HTTP/1.1" 200 8807
186.103.159.182 - - [06/Mar/2017:12:00:44 -0300] "GET /cormun/servlet/licenciaspermisos?cbb9a7989f1c71519f6b156be50bdad12211b32179dbb870f138b658be255fdc5e459b622e6f93020bd4faa6eb27b9abf0760579e3dcc0f732af77c3d56680b06d438c00258aba7c8ad9f7910ef0037f,gx-no-cache=1488812511465 HTTP/1.1" 200 31
186.103.159.182 - - [06/Mar/2017:12:00:44 -0300] "POST /cormun/servlet/licenciaspermisos?3544e2793337c3062ec23c7147fd28ec,INS,0,,,,gx-no-cache=1488812511583 HTTP/1.1" 200 4651
190.101.9.138 - - [06/Mar/2017:12:00:45 -0300] "GET /cormun/servlet/hhome HTTP/1.1" 200 3786
190.101.9.138 - - [06/Mar/2017:12:00:45 -0300] "GET /cormun/servlet/hhome HTTP/1.1" 200 3773
190.101.9.138 - - [06/Mar/2017:12:00:49 -0300] "GET /cormun/servlet/trsolicitudot? HTTP/1.1" 200 8770
190.101.9.138 - - [06/Mar/2017:12:00:50 -0300] "GET /cormun/servlet/trsolicitudot? HTTP/1.1" 200 8771
190.101.9.138 - - [06/Mar/2017:12:00:55 -0300] "POST /cormun/servlet/trsolicitudot?106591f41fcaf1eb8a2f40f76b3c7a36,,gx-no-cache=1488812525398 HTTP/1.1" 200 6040
190.101.9.138 - - [06/Mar/2017:12:00:55 -0300] "GET /cormun/static/Shared/jqueryui/images/ui-bg_flat_55_fafafa_40x100.png HTTP/1.1" 404 1097
186.103.159.188 - - [06/Mar/2017:12:00:55 -0300] "GET /cormun/static/Shared/jqueryui/images/ui-icons_8d78a5_256x240.png HTTP/1.1" 404 1089
201.246.239.225 - - [06/Mar/2017:12:00:59 -0300] "GET /cormun/servlet/hlogin HTTP/1.1" 200 1720
190.101.9.138 - - [06/Mar/2017:12:01:01 -0300] "POST /cormun/servlet/trsolicitudot?106591f41fcaf1eb8a2f40f76b3c7a36,,gx-no-cache=1488812531575 HTTP/1.1" 200 106
190.101.9.138 - - [06/Mar/2017:12:01:01 -0300] "GET /cormun/servlet/trsolicitudadjuntos?2017,5204, HTTP/1.1" 200 8804
190.101.9.138 - - [06/Mar/2017:12:01:02 -0300] "GET /cormun/servlet/trsolicitudadjuntos?2017,5204, HTTP/1.1" 200 8808
190.101.9.138 - - [06/Mar/2017:12:01:05 -0300] "GET /cormun/servlet/solicitudotadjuntos?INS,2017,5204,,1, HTTP/1.1" 200 5809
190.101.9.138 - - [06/Mar/2017:12:01:06 -0300] "GET /cormun/static/about:blank HTTP/1.1" 404 1011
190.101.9.138 - - [06/Mar/2017:12:01:06 -0300] "GET /cormun/servlet/solicitudotadjuntos?INS,2017,5204,,1, HTTP/1.1" 200 5803
190.101.9.138 - - [06/Mar/2017:12:01:06 -0300] "GET /cormun/servlet/solicitudotadjuntos?1d45df0167ad330eccb73b909c298a9e0bf209b6ac55bd641585eb6c5495555d32e1a214b8d6f71f46e0994468b9c4c9,gx-no-cache=1488812536833 HTTP/1.1" 200 30
190.101.9.138 - - [06/Mar/2017:12:01:06 -0300] "POST /cormun/servlet/solicitudotadjuntos?106591f41fcaf1eb8a2f40f76b3c7a36,INS,2017,5204,,1,,gx-no-cache=1488812536895 HTTP/1.1" 200 3645
190.101.9.138 - - [06/Mar/2017:12:01:09 -0300] "POST /cormun/servlet/solicitudotadjuntos?gx-no-cache=1488812539984 HTTP/1.1" 200 26
201.246.239.225 - - [06/Mar/2017:12:01:11 -0300] "POST /cormun/servlet/hlogin?17d4c50b2d76bea4d6b2f718c6d1a4dd,gx-no-cache=1488812547533 HTTP/1.1" 200 90
201.246.239.225 - - [06/Mar/2017:12:01:12 -0300] "GET /cormun/servlet/hpexe_link HTTP/1.1" 200 960
201.246.239.225 - - [06/Mar/2017:12:01:13 -0300] "GET /cormun/servlet/trcontratosolicitud? HTTP/1.1" 200 6509
186.103.159.182 - - [06/Mar/2017:12:01:14 -0300] "GET /cormun/servlet/prfichaempleado?,MD,,gxPopupLevel%3D0%3B HTTP/1.1" 200 8911
190.101.9.138 - - [06/Mar/2017:12:01:15 -0300] "GET /cormun/servlet/solicitudotadjuntos?1d45df0167ad330eccb73b909c298a9e7f181ec6c9a1e8502a8f76e533b26c70,gx-no-cache=1488812545631 HTTP/1.1" 200 30
190.101.9.138 - - [06/Mar/2017:12:01:15 -0300] "GET /cormun/servlet/solicitudotadjuntos?1d45df0167ad330eccb73b909c298a9e7f181ec6c9a1e8502a8f76e533b26c70,gx-no-cache=1488812545678 HTTP/1.1" 200 30
201.246.239.225 - - [06/Mar/2017:12:01:15 -0300] "GET /cormun/servlet/trcontratosolicitud? HTTP/1.1" 200 6507
190.101.9.138 - - [06/Mar/2017:12:01:15 -0300] "POST /cormun/servlet/solicitudotadjuntos?106591f41fcaf1eb8a2f40f76b3c7a36,INS,2017,5204,,1, HTTP/1.1" 200 116
190.101.9.138 - - [06/Mar/2017:12:01:15 -0300] "GET /cormun/servlet/hpexe_return? HTTP/1.1" 200 1028
190.101.9.138 - - [06/Mar/2017:12:01:16 -0300] "GET /cormun/servlet/trsolicitudadjuntos?2017,5204, HTTP/1.1" 200 9022
190.101.9.138 - - [06/Mar/2017:12:01:16 -0300] "GET /cormun/servlet/trsolicitudadjuntos?2017,5204, HTTP/1.1" 200 9017
186.79.62.77 - - [06/Mar/2017:12:01:18 -0300] "POST /cormun/servlet/trpermisosingoce?4fd7fa89a6ecee0ce649c51beac1d899,gx-no-cache=1488812548227 HTTP/1.1" 200 90
186.79.62.77 - - [06/Mar/2017:12:01:19 -0300] "GET /cormun/servlet/hpexe_link HTTP/1.1" 200 959
186.79.62.77 - - [06/Mar/2017:12:01:19 -0300] "GET /cormun/servlet/hhome HTTP/1.1" 200 3809
186.79.62.77 - - [06/Mar/2017:12:01:19 -0300] "GET /cormun/servlet/hhome HTTP/1.1" 200 3806
201.246.239.225 - - [06/Mar/2017:12:01:20 -0300] "GET /cormun/servlet/trcontratosolicitud? HTTP/1.1" 200 6507
201.246.239.225 - - [06/Mar/2017:12:01:21 -0300] "GET /cormun/servlet/trcontratosolicitud? HTTP/1.1" 200 6507
186.79.62.77 - - [06/Mar/2017:12:01:24 -0300] "GET /cormun/servlet/trsolicitudot? HTTP/1.1" 200 9041
201.246.239.225 - - [06/Mar/2017:12:01:24 -0300] "POST /cormun/servlet/trcontratosolicitud?17d4c50b2d76bea4d6b2f718c6d1a4dd,,gx-no-cache=1488812559803 HTTP/1.1" 200 3983
186.79.62.77 - - [06/Mar/2017:12:01:25 -0300] "GET /cormun/servlet/trsolicitudot? HTTP/1.1" 200 9039
186.103.159.182 - - [06/Mar/2017:12:01:26 -0300] "POST /cormun/servlet/prfichaempleado?3544e2793337c3062ec23c7147fd28ec,,MD,,gxPopupLevel%3D0%3B,gx-no-cache=1488812553207 HTTP/1.1" 200 3409
186.103.159.182 - - [06/Mar/2017:12:01:28 -0300] "GET /cormun/servlet/licenciaspermisos?cbb9a7989f1c71519f6b156be50bdad145a68f75085e82ef569e90ca3ca1747801659aa7ab9fabfc168cd2666a4b6322,gx-no-cache=1488812555138 HTTP/1.1" 200 68
186.103.159.182 - - [06/Mar/2017:12:01:28 -0300] "POST /cormun/servlet/licenciaspermisos?3544e2793337c3062ec23c7147fd28ec,INS,0,,,,gx-no-cache=1488812555178 HTTP/1.1" 200 4688
186.103.159.182 - - [06/Mar/2017:12:01:30 -0300] "GET /cormun/servlet/licenciaspermisos?cbb9a7989f1c71519f6b156be50bdad1826dd94d3afdd95593e03248218ba395a3d43b6e739acefcac55ac53cd8da711662ebd97cffe407084cb181ae0e509e52d82e84908318192c3e4a6d9783bd2391767555fc8a7bd4d10ec427c4005c2b8583110717fed09bc2b19e78d21b7785b9ad3c5227a568b634695f4d5c6d41e674def151591676a1a12a5f07ba55f1767b6459e674bddf6476154fcc4081b09bc9bae5266c85e10687d3e5c475deccd2d,gx-no-cache=1488812556953 HTTP/1.1" 200 63
186.103.159.182 - - [06/Mar/2017:12:01:30 -0300] "POST /cormun/servlet/licenciaspermisos?3544e2793337c3062ec23c7147fd28ec,INS,0,,,,gx-no-cache=1488812556987 HTTP/1.1" 200 93
186.103.159.182 - - [06/Mar/2017:12:01:30 -0300] "GET /cormun/servlet/hpexe_return? HTTP/1.1" 200 1013
186.103.159.182 - - [06/Mar/2017:12:01:30 -0300] "GET /cormun/servlet/trlicencias HTTP/1.1" 200 8492
186.103.159.182 - - [06/Mar/2017:12:01:32 -0300] "GET /cormun/servlet/trlicencias HTTP/1.1" 200 8490
190.101.9.138 - - [06/Mar/2017:12:01:35 -0300] "GET /cormun/servlet/hhome HTTP/1.1" 200 3786
186.103.159.182 - - [06/Mar/2017:12:01:35 -0300] "GET /cormun/servlet/licenciaspermisos?INS,0,,, HTTP/1.1" 200 7399
190.101.9.138 - - [06/Mar/2017:12:01:35 -0300] "GET /cormun/servlet/hhome HTTP/1.1" 200 3773
201.246.239.225 - - [06/Mar/2017:12:01:36 -0300] "POST /cormun/servlet/trcontratosolicitud?17d4c50b2d76bea4d6b2f718c6d1a4dd,,gx-no-cache=1488812571565 HTTP/1.1" 200 10086
186.103.159.182 - - [06/Mar/2017:12:01:37 -0300] "GET /cormun/servlet/licenciaspermisos?INS,0,,, HTTP/1.1" 200 7399
190.101.9.138 - - [06/Mar/2017:12:01:41 -0300] "GET /cormun/servlet/trsolicitudot? HTTP/1.1" 200 8770
190.101.9.138 - - [06/Mar/2017:12:01:41 -0300] "GET /cormun/servlet/trsolicitudot? HTTP/1.1" 200 8771
186.79.62.77 - - [06/Mar/2017:12:01:43 -0300] "POST /cormun/servlet/trsolicitudot?4fd7fa89a6ecee0ce649c51beac1d899,,gx-no-cache=1488812572807 HTTP/1.1" 200 105
186.79.62.77 - - [06/Mar/2017:12:01:43 -0300] "GET /cormun/servlet/solicitudot?UPD,2017,5202, HTTP/1.1" 200 14283
186.79.62.77 - - [06/Mar/2017:12:01:44 -0300] "GET /cormun/servlet/solicitudot?UPD,2017,5202, HTTP/1.1" 200 14293
186.79.62.77 - - [06/Mar/2017:12:01:45 -0300] "POST /cormun/servlet/solicitudot?gx-no-cache=1488812574474 HTTP/1.1" 200 3186
190.101.9.138 - - [06/Mar/2017:12:01:45 -0300] "POST /cormun/servlet/trsolicitudot?106591f41fcaf1eb8a2f40f76b3c7a36,,gx-no-cache=1488812575588 HTTP/1.1" 200 5625
186.79.62.77 - - [06/Mar/2017:12:01:45 -0300] "POST /cormun/servlet/solicitudot?4fd7fa89a6ecee0ce649c51beac1d899,UPD,2017,5202,,gx-no-cache=1488812574900 HTTP/1.1" 200 10862
190.101.9.138 - - [06/Mar/2017:12:01:45 -0300] "POST /cormun/servlet/trsolicitudot?106591f41fcaf1eb8a2f40f76b3c7a36,,gx-no-cache=1488812575838 HTTP/1.1" 200 5566
186.79.62.77 - - [06/Mar/2017:12:01:45 -0300] "GET /cormun/servlet/solicitudot?3f280f34265b4d27a575e906f0342b8814926c534c3deb7dd34ded47337d868accc498d7a28b066530db89639e7f04bf,gx-no-cache=1488812575419 HTTP/1.1" 200 30
186.79.62.77 - - [06/Mar/2017:12:01:45 -0300] "POST /cormun/servlet/solicitudot?gx-no-cache=1488812575486 HTTP/1.1" 200 255
186.79.62.77 - - [06/Mar/2017:12:01:46 -0300] "GET /cormun/servlet/solicitudot?3f280f34265b4d27a575e906f0342b8809b3dff1a874ad00d78cb4d5d85a8898df7c00dc8d6faf52528cb680c1f2bf19a0ce21004199562bf0204c1fd64b10163c6a8ba26d8abe8e8eaa9e074b3822c898acf3cd3b3096443810be5d906c0611e320ed3eb2f7bbb823a1270a71c02e07e928fe2f1c932612735d6b45d9988563640404f30c2df15a4aac9b766e5afd4888744c448b60dec61f461544355060ab348e5fb3ba971fa85a70ba0ba28bd6858cc71eb392295bde9399f13b9ee2af368d735f631ee80d413d6481c8041d8592964c1e22102c493fc118a0d5fec26a2893de7dcd3d00ab88255aed13c5295668cb5c1005d0e93eb87a33410940055b5a3fe7355adf6062df5c66f390c81ee54ebb96e6ed7395b6d24a9597531bb3629043e89f31c03b8f430b8cc03f1353025fb868965012488d3cf62f27ce949d63a3fc086740578e8d07043cd09ac13f7f619dab81df40cd52e6ef1464958ba674c98bad5d801dfc9462d33a489ca046dc7c5427bce3398bb276cafe1d2c2b14c3d5,gx-no-cache=1488812575574 HTTP/1.1" 200 30
186.79.62.77 - - [06/Mar/2017:12:01:46 -0300] "POST /cormun/servlet/solicitudot?gx-no-cache=1488812575646 HTTP/1.1" 200 30
186.79.62.77 - - [06/Mar/2017:12:01:46 -0300] "POST /cormun/servlet/solicitudot?gx-no-cache=1488812575739 HTTP/1.1" 200 1291
186.79.62.77 - - [06/Mar/2017:12:01:46 -0300] "POST /cormun/servlet/solicitudot?gx-no-cache=1488812575925 HTTP/1.1" 200 41
186.103.156.24 - - [06/Mar/2017:12:01:47 -0300] "POST /cormun/servlet/solicitudot?gx-no-cache=1488812667074 HTTP/1.1" 200 256
186.79.62.77 - - [06/Mar/2017:12:01:57 -0300] "GET /cormun/servlet/solicitudot?3f280f34265b4d27a575e906f0342b887cc2594b323ace3022a2aacd6045a3e183a77a226331bd288bfbc68051690f9b5f2bbd89803b2948ba76627d3ae44bf1e4cb93a7d4d9e0f845a8e39731650a198ce1006df722b25a35a370c95cbcd0660cc3193f00cb39239afb699a2e228fa59cc2731fd9b1309b357e256074a6b41ef78c1416229c7f2af47d05a321d9cab7af103c7085c2830a75f0c8ab8b57f79daafd0418a9a69429ca0feaa0661deb6fcd3218753215336fd00dea4b9e8230dc2b43f32202fcc84d7471cf629082af09,gx-no-cache=1488812586796 HTTP/1.1" 200 29
186.79.62.77 - - [06/Mar/2017:12:01:57 -0300] "POST /cormun/servlet/solicitudot?gx-no-cache=1488812586869 HTTP/1.1" 200 1275
186.79.62.77 - - [06/Mar/2017:12:01:57 -0300] "POST /cormun/servlet/solicitudot?gx-no-cache=1488812587038 HTTP/1.1" 200 1157
186.79.62.77 - - [06/Mar/2017:12:01:57 -0300] "GET /cormun/servlet/solicitudot?3f280f34265b4d27a575e906f0342b8847907edec76682159dc1c7bd9f9f459bbf37070d64786dede00f805f954375d093767b9f31717118a133d2822f716373152b90b861bdf717ff7c1a5c9bbf83278ac44a1eb680c12fd2a704dc604a2993db4c690417298f457458d7aa4057d7f9e2180efaabd333ae5bab73f105b77ceade2e90aebe12ab6dbb81b6304729c634b8d2755a554fc3413eb74cb7fc051422da451617c8ed7957f97229c6c8a34b98,gx-no-cache=1488812587212 HTTP/1.1" 200 30
186.79.62.77 - - [06/Mar/2017:12:01:58 -0300] "POST /cormun/servlet/solicitudot?4fd7fa89a6ecee0ce649c51beac1d899,UPD,2017,5202,,gx-no-cache=1488812587297 HTTP/1.1" 200 93
186.79.62.77 - - [06/Mar/2017:12:01:58 -0300] "GET /cormun/servlet/hpexe_return? HTTP/1.1" 200 1011
186.103.159.182 - - [06/Mar/2017:12:01:58 -0300] "GET /cormun/servlet/prfichaempleado?,MD,,gxPopupLevel%3D0%3B HTTP/1.1" 200 8911
186.79.62.77 - - [06/Mar/2017:12:01:58 -0300] "GET /cormun/servlet/trsolicitudot HTTP/1.1" 200 9043
186.79.62.77 - - [06/Mar/2017:12:01:59 -0300] "GET /cormun/servlet/trsolicitudot HTTP/1.1" 200 9039
186.103.156.24 - - [06/Mar/2017:12:02:04 -0300] "GET /cormun/servlet/solicitudot?b16cef694f3ae667372627318633e9eac78011065349ee6429115d1a5a07eb2b87534e5b80b3a41131f4a7644315e9b2799ea06e5c7707c1769076f84d8f80e8def1a3c16cb57aed7377d49f697083ffcfa1b1bc6292450094a1bd6b0214977c45f903f0ace51dec9fdde86290a37b93d129a351ca7b1a146ee96cc10fbc987ca1a8f86d694c562d23752bfdfd88baa2d758578a701062a96a6e5c8c8fd66c3f9ef07d33666ce90e364251398a748349c1557661c0ae8cdafb2fdbc023f5495b5404631ec9b7bcbfe0966231dc9f8dd816be40600b3f91830eeadc0ef466b5caa5b8f4003b31561bc9e6e43a71ee32d039ab010ee75f5a1759093b1b1fbeba5c9ab500687385978a4a3637b01ac8d8ec394bb8ce107e44ce88fa497e31bf0bf2cae6fe9b1e0eaef590d159b6bb33ea90f29b1e18a1b623a752a0bcd206bf6d97934d293047e0d42189c9f52735555b5ac33d03365facdede5a9f4f682b5746a8c780ed28d3cebe28a1ff3f76715f6ca372f578a2ed323f02db74dd7301ff8975,gx-no-cache=1488812685678 HTTP/1.1" 200 30
186.103.156.24 - - [06/Mar/2017:12:02:09 -0300] "POST /cormun/servlet/solicitudot?gx-no-cache=1488812691434 HTTP/1.1" 200 30
201.246.239.225 - - [06/Mar/2017:12:02:11 -0300] "GET /cormun/servlet/trvisualizadoreventos? HTTP/1.1" 200 6700
186.103.156.24 - - [06/Mar/2017:12:02:11 -0300] "POST /cormun/servlet/solicitudot?gx-no-cache=1488812693449 HTTP/1.1" 200 235
186.103.156.24 - - [06/Mar/2017:12:02:11 -0300] "POST /cormun/servlet/solicitudot?gx-no-cache=1488812693514 HTTP/1.1" 200 38
201.246.239.225 - - [06/Mar/2017:12:02:11 -0300] "GET /cormun/static/gxcfg.js?2016101716203350 HTTP/1.1" 304 -
201.246.239.225 - - [06/Mar/2017:12:02:13 -0300] "GET /cormun/servlet/trvisualizadoreventos? HTTP/1.1" 200 6699
186.103.159.182 - - [06/Mar/2017:12:02:15 -0300] "POST /cormun/servlet/prfichaempleado?3544e2793337c3062ec23c7147fd28ec,,MD,,gxPopupLevel%3D0%3B,gx-no-cache=1488812602694 HTTP/1.1" 200 3401
186.103.159.182 - - [06/Mar/2017:12:02:19 -0300] "GET /cormun/servlet/licenciaspermisos?cbb9a7989f1c71519f6b156be50bdad12dc7336b23a1e0c0302b3b818cbccfb001659aa7ab9fabfc168cd2666a4b6322,gx-no-cache=1488812606617 HTTP/1.1" 200 61
186.103.159.182 - - [06/Mar/2017:12:02:19 -0300] "POST /cormun/servlet/licenciaspermisos?3544e2793337c3062ec23c7147fd28ec,INS,0,,,,gx-no-cache=1488812606671 HTTP/1.1" 200 4607
201.246.239.225 - - [06/Mar/2017:12:02:22 -0300] "POST /cormun/servlet/trvisualizadoreventos?17d4c50b2d76bea4d6b2f718c6d1a4dd,,gx-no-cache=1488812618019 HTTP/1.1" 200 4309
186.103.156.24 - - [06/Mar/2017:12:02:32 -0300] "GET /cormun/servlet/solicitudot?b16cef694f3ae667372627318633e9ea15154d9e663462610eb90ce2ac33f80ac9d22a81d4d6d40d01ce51e1d1ae8500eeaab8580b45649ed777d328f5c4b5bb40988b1627d22efa98d5f4b3a31014eab3be25eab86d967529684171cd0c5e7b2697bbe4c525917fbeeebb75d70d99f0,gx-no-cache=1488812717254 HTTP/1.1" 200 29
186.103.156.24 - - [06/Mar/2017:12:02:32 -0300] "POST /cormun/servlet/solicitudot?gx-no-cache=1488812717305 HTTP/1.1" 200 641
201.246.239.225 - - [06/Mar/2017:12:02:33 -0300] "GET /cormun/servlet/trcontratosolicitud? HTTP/1.1" 200 12390
186.103.156.24 - - [06/Mar/2017:12:02:35 -0300] "POST /cormun/servlet/solicitudot?gx-no-cache=1488812719715 HTTP/1.1" 200 1157
201.246.239.225 - - [06/Mar/2017:12:02:35 -0300] "GET /cormun/servlet/trcontratosolicitud? HTTP/1.1" 200 12381
157.55.39.106 - - [06/Mar/2017:12:02:48 -0300] "GET /cormun/servlet/trcontratoobservacion HTTP/1.1" 200 5772
186.103.156.24 - - [06/Mar/2017:12:02:53 -0300] "GET /cormun/static/menuarrow.gif HTTP/1.1" 404 1015
201.246.239.225 - - [06/Mar/2017:12:03:02 -0300] "POST /cormun/servlet/trcontratosolicitud?17d4c50b2d76bea4d6b2f718c6d1a4dd,,gx-no-cache=1488812657020 HTTP/1.1" 200 6332
186.79.62.77 - - [06/Mar/2017:12:03:19 -0300] "POST /cormun/servlet/trsolicitudot?4fd7fa89a6ecee0ce649c51beac1d899,gx-no-cache=1488812668076 HTTP/1.1" 200 6014
186.79.62.77 - - [06/Mar/2017:12:03:19 -0300] "GET /cormun/static/Shared/jqueryui/images/ui-bg_highlight-soft_100_c6c2c8_1x100.png HTTP/1.1" 404 1117
186.79.62.77 - - [06/Mar/2017:12:03:19 -0300] "GET /cormun/static/Shared/jqueryui/images/ui-icons_82798d_256x240.png HTTP/1.1" 404 1089
186.79.62.77 - - [06/Mar/2017:12:03:19 -0300] "GET /cormun/static/Shared/jqueryui/images/ui-icons_8d78a5_256x240.png HTTP/1.1" 404 1089
186.79.62.77 - - [06/Mar/2017:12:03:19 -0300] "GET /cormun/static/Shared/jqueryui/images/ui-bg_flat_55_fafafa_40x100.png HTTP/1.1" 404 1097
186.79.62.77 - - [06/Mar/2017:12:03:19 -0300] "POST /cormun/servlet/trsolicitudot?4fd7fa89a6ecee0ce649c51beac1d899,gx-no-cache=1488812669018 HTTP/1.1" 200 5955
186.79.62.77 - - [06/Mar/2017:12:03:21 -0300] "POST /cormun/servlet/trsolicitudot?4fd7fa89a6ecee0ce649c51beac1d899,gx-no-cache=1488812671121 HTTP/1.1" 200 5669
186.79.62.77 - - [06/Mar/2017:12:03:22 -0300] "POST /cormun/servlet/trsolicitudot?4fd7fa89a6ecee0ce649c51beac1d899,gx-no-cache=1488812671662 HTTP/1.1" 200 5610
186.79.62.77 - - [06/Mar/2017:12:03:24 -0300] "POST /cormun/servlet/trsolicitudot?4fd7fa89a6ecee0ce649c51beac1d899,gx-no-cache=1488812673531 HTTP/1.1" 200 5315
186.79.62.77 - - [06/Mar/2017:12:03:24 -0300] "POST /cormun/servlet/trsolicitudot?4fd7fa89a6ecee0ce649c51beac1d899,gx-no-cache=1488812674019 HTTP/1.1" 200 5258
186.79.62.77 - - [06/Mar/2017:12:03:29 -0300] "POST /cormun/servlet/trsolicitudot?4fd7fa89a6ecee0ce649c51beac1d899,gx-no-cache=1488812679050 HTTP/1.1" 200 105
186.79.62.77 - - [06/Mar/2017:12:03:29 -0300] "GET /cormun/servlet/solicitudot?DLT,2017,5175, HTTP/1.1" 200 9389
186.79.62.77 - - [06/Mar/2017:12:03:30 -0300] "GET /cormun/static/Shared/jqueryui/images/ui-bg_highlight-soft_100_c6c2c8_1x100.png HTTP/1.1" 404 1117
186.79.62.77 - - [06/Mar/2017:12:03:30 -0300] "GET /cormun/static/Shared/jqueryui/images/ui-icons_82798d_256x240.png HTTP/1.1" 404 1089
186.79.62.77 - - [06/Mar/2017:12:03:30 -0300] "GET /cormun/static/Shared/jqueryui/images/ui-bg_flat_55_fafafa_40x100.png HTTP/1.1" 404 1097
186.79.62.77 - - [06/Mar/2017:12:03:30 -0300] "GET /cormun/static/Shared/jqueryui/images/ui-icons_8d78a5_256x240.png HTTP/1.1" 404 1089
186.79.62.77 - - [06/Mar/2017:12:03:30 -0300] "GET /cormun/servlet/solicitudot?DLT,2017,5175, HTTP/1.1" 200 9399
201.246.239.225 - - [06/Mar/2017:12:03:35 -0300] "POST /cormun/servlet/trcontratosolicitud?17d4c50b2d76bea4d6b2f718c6d1a4dd,,gx-no-cache=1488812690481 HTTP/1.1" 200 6331
186.79.62.77 - - [06/Mar/2017:12:03:35 -0300] "POST /cormun/servlet/solicitudot?4fd7fa89a6ecee0ce649c51beac1d899,DLT,2017,5175,,gx-no-cache=1488812685028 HTTP/1.1" 200 12378
186.79.62.77 - - [06/Mar/2017:12:03:36 -0300] "GET /cormun/static/Shared/jqueryui/images/ui-icons_ebccce_256x240.png HTTP/1.1" 404 1089
186.79.62.77 - - [06/Mar/2017:12:03:36 -0300] "GET /cormun/static/Shared/jqueryui/images/ui-bg_flat_55_994d53_40x100.png HTTP/1.1" 404 1097
186.79.62.77 - - [06/Mar/2017:12:03:43 -0300] "POST /cormun/servlet/solicitudot?4fd7fa89a6ecee0ce649c51beac1d899,DLT,2017,5175,,gx-no-cache=1488812692126 HTTP/1.1" 200 93
186.79.62.77 - - [06/Mar/2017:12:03:43 -0300] "GET /cormun/servlet/hpexe_return? HTTP/1.1" 200 1030
186.103.159.182 - - [06/Mar/2017:12:03:43 -0300] "GET /cormun/servlet/licenciaspermisos?cbb9a7989f1c71519f6b156be50bdad1c59f403e1a9181b945c9496e00175f28f1d097ab77d3b654737ea5601b1faecaccfb0656be162a4e6586533ee2ffa2703ee10614816b79ce0c27b16c1c6046636ebd3ef6d808a10a70477663a82de0bdf2f11acac69a3d88496d62b3657fe912a5f6ea242b2283301c4f32929e8e6012ad968d75ee8d87986c89be40a675a672d06fc032613d4ca2aa85b284b38b51ad6615105b112aef7b014cb93a0c800201ff836c6c719b164843cbfc292bf5cfecaf06d0513fb779f6f08f93395e3a2394825d7c8ccb682fefbec3b391a8c67ab0,gx-no-cache=1488812690196 HTTP/1.1" 200 30
186.79.62.77 - - [06/Mar/2017:12:03:43 -0300] "GET /cormun/servlet/trsolicitudot?gx-no-cache=1488812674019 HTTP/1.1" 200 8062
186.103.159.182 - - [06/Mar/2017:12:03:43 -0300] "POST /cormun/servlet/licenciaspermisos?3544e2793337c3062ec23c7147fd28ec,INS,0,,,,gx-no-cache=1488812690323 HTTP/1.1" 200 4690
186.79.62.77 - - [06/Mar/2017:12:03:44 -0300] "GET /cormun/servlet/trsolicitudot?gx-no-cache=1488812674019 HTTP/1.1" 200 8079
186.103.159.182 - - [06/Mar/2017:12:03:44 -0300] "GET /cormun/servlet/licenciaspermisos?cbb9a7989f1c71519f6b156be50bdad12dc7336b23a1e0c0302b3b818cbccfb041903ce52bed39dbe232c2777cd3410344702f4b40e2a3611ed9a763fd16b10222fbfdfa9ca840961ad71cd5627f01eb,gx-no-cache=1488812690743 HTTP/1.1" 200 61
186.103.159.182 - - [06/Mar/2017:12:03:44 -0300] "POST /cormun/servlet/licenciaspermisos?3544e2793337c3062ec23c7147fd28ec,INS,0,,,,gx-no-cache=1488812691167 HTTP/1.1" 200 4690
186.103.159.182 - - [06/Mar/2017:12:03:58 -0300] "GET /cormun/servlet/prfichaempleado?,MD,,gxPopupLevel%3D0%3B HTTP/1.1" 200 8911
186.103.159.182 - - [06/Mar/2017:12:04:10 -0300] "POST /cormun/servlet/prfichaempleado?3544e2793337c3062ec23c7147fd28ec,,MD,,gxPopupLevel%3D0%3B,gx-no-cache=1488812717409 HTTP/1.1" 200 3403
186.103.159.182 - - [06/Mar/2017:12:04:14 -0300] "GET /cormun/servlet/licenciaspermisos?cbb9a7989f1c71519f6b156be50bdad1826dd94d3afdd95593e03248218ba395a3d43b6e739acefcac55ac53cd8da711662ebd97cffe407084cb181ae0e509e52d82e84908318192c3e4a6d9783bd2391767555fc8a7bd4d10ec427c4005c2b8930f64e605bee0c0e2b50de1b6541a939ad3c5227a568b634695f4d5c6d41e677acccf93ed072412f1778039b506344aeb119998f7b03b458369a2e51bed69034c6aabdb2b76496675cc80a18b6120ebb0bfcf81decd282dee5c6423d3998b242f10756077655ebe4c1f8be2b009f12b94c45fb3967dfe428c7ac6a58f3b69fe93a19abcb3139fa42e3867977c27a5d0,gx-no-cache=1488812721162 HTTP/1.1" 200 64
186.103.159.182 - - [06/Mar/2017:12:04:14 -0300] "POST /cormun/servlet/licenciaspermisos?3544e2793337c3062ec23c7147fd28ec,INS,0,,,,gx-no-cache=1488812721578 HTTP/1.1" 200 93
186.103.159.182 - - [06/Mar/2017:12:04:15 -0300] "GET /cormun/servlet/hpexe_return? HTTP/1.1" 200 1013
186.103.159.182 - - [06/Mar/2017:12:04:15 -0300] "GET /cormun/servlet/trlicencias HTTP/1.1" 200 8816
186.103.159.182 - - [06/Mar/2017:12:04:17 -0300] "GET /cormun/servlet/trlicencias HTTP/1.1" 200 8821
186.103.159.182 - - [06/Mar/2017:12:04:31 -0300] "POST /cormun/servlet/trlicencias?3544e2793337c3062ec23c7147fd28ec,gx-no-cache=1488812738221 HTTP/1.1" 200 6170
186.103.159.182 - - [06/Mar/2017:12:04:31 -0300] "GET /cormun/static/Shared/jqueryui/images/ui-bg_highlight-soft_100_c6c2c8_1x100.png HTTP/1.1" 404 1117
186.103.159.182 - - [06/Mar/2017:12:04:31 -0300] "GET /cormun/static/Shared/jqueryui/images/ui-icons_82798d_256x240.png HTTP/1.1" 404 1089
186.103.159.182 - - [06/Mar/2017:12:04:31 -0300] "GET /cormun/static/Shared/jqueryui/images/ui-bg_flat_55_fafafa_40x100.png HTTP/1.1" 404 1097
186.103.159.182 - - [06/Mar/2017:12:04:31 -0300] "GET /cormun/static/Shared/jqueryui/images/ui-icons_8d78a5_256x240.png HTTP/1.1" 404 1089
186.103.159.182 - - [06/Mar/2017:12:04:37 -0300] "GET /cormun/servlet/trlicenciaspermisosadjuntos?10633133,20170306000000,L, HTTP/1.1" 200 6379
186.103.159.182 - - [06/Mar/2017:12:04:38 -0300] "GET /cormun/static/gxcfg.js?2016122813131454 HTTP/1.1" 200 953
186.103.159.182 - - [06/Mar/2017:12:04:38 -0300] "GET /cormun/static/trlicenciaspermisosadjuntos.js?2016122813131728 HTTP/1.1" 200 21008
186.103.159.182 - - [06/Mar/2017:12:04:39 -0300] "GET /cormun/servlet/trlicenciaspermisosadjuntos?10633133,20170306000000,L, HTTP/1.1" 200 6379
186.103.159.182 - - [06/Mar/2017:12:04:41 -0300] "GET /cormun/servlet/licenciaspermisosadjuntos?INS,10633133,L,20170306000000,, HTTP/1.1" 200 5676
186.103.159.182 - - [06/Mar/2017:12:04:41 -0300] "GET /cormun/static/gxcfg.js?2016122813131386 HTTP/1.1" 200 953
186.103.159.182 - - [06/Mar/2017:12:04:41 -0300] "GET /cormun/static/licenciaspermisosadjuntos.js?2016122813131394 HTTP/1.1" 200 8757
186.103.159.182 - - [06/Mar/2017:12:04:42 -0300] "GET /cormun/static/about:blank HTTP/1.1" 404 1011
186.103.159.182 - - [06/Mar/2017:12:04:43 -0300] "GET /cormun/servlet/licenciaspermisosadjuntos?INS,10633133,L,20170306000000,, HTTP/1.1" 200 5665
186.103.159.182 - - [06/Mar/2017:12:05:38 -0300] "POST /cormun/servlet/licenciaspermisosadjuntos?3544e2793337c3062ec23c7147fd28ec,INS,10633133,L,20170306000000,, HTTP/1.1" 200 116
186.103.159.182 - - [06/Mar/2017:12:05:39 -0300] "GET /cormun/servlet/hpexe_return? HTTP/1.1" 200 1044
186.103.159.182 - - [06/Mar/2017:12:05:39 -0300] "GET /cormun/servlet/trlicenciaspermisosadjuntos?10633133,20170306000000,L, HTTP/1.1" 200 6834
186.103.159.182 - - [06/Mar/2017:12:05:41 -0300] "GET /cormun/servlet/trlicenciaspermisosadjuntos?10633133,20170306000000,L, HTTP/1.1" 200 6831
186.103.159.182 - - [06/Mar/2017:12:05:42 -0300] "GET /cormun/PublicTempStorage/0025807960.jpg HTTP/1.1" 200 1184379
186.103.159.182 - - [06/Mar/2017:12:05:51 -0300] "POST /cormun/servlet/trlicenciaspermisosadjuntos?3544e2793337c3062ec23c7147fd28ec,10633133,20170306000000,L,,gx-no-cache=1488812817740 HTTP/1.1" 200 90
186.103.159.182 - - [06/Mar/2017:12:05:51 -0300] "GET /cormun/servlet/hpexe_link HTTP/1.1" 200 1010
186.103.159.182 - - [06/Mar/2017:12:05:51 -0300] "GET /cormun/servlet/trlicencias?gx-no-cache=1488812738221 HTTP/1.1" 200 8823
186.103.159.182 - - [06/Mar/2017:12:05:53 -0300] "GET /cormun/servlet/trlicencias?gx-no-cache=1488812738221 HTTP/1.1" 200 8844
186.103.159.182 - - [06/Mar/2017:12:05:57 -0300] "GET /cormun/servlet/trlicenciaspermisosadjuntos?14149898,20170306000000,L, HTTP/1.1" 200 6404
186.103.159.182 - - [06/Mar/2017:12:05:58 -0300] "GET /cormun/servlet/trlicenciaspermisosadjuntos?14149898,20170306000000,L, HTTP/1.1" 200 6383
186.103.159.182 - - [06/Mar/2017:12:06:01 -0300] "GET /cormun/servlet/licenciaspermisosadjuntos?INS,14149898,L,20170306000000,, HTTP/1.1" 200 5676
186.103.159.182 - - [06/Mar/2017:12:06:01 -0300] "GET /cormun/static/about:blank HTTP/1.1" 404 1011
186.103.159.182 - - [06/Mar/2017:12:06:02 -0300] "GET /cormun/servlet/licenciaspermisosadjuntos?INS,14149898,L,20170306000000,, HTTP/1.1" 200 5666
186.103.159.182 - - [06/Mar/2017:12:06:17 -0300] "POST /cormun/servlet/licenciaspermisosadjuntos?3544e2793337c3062ec23c7147fd28ec,INS,14149898,L,20170306000000,, HTTP/1.1" 200 116
186.103.159.182 - - [06/Mar/2017:12:06:18 -0300] "GET /cormun/servlet/hpexe_return? HTTP/1.1" 200 1043
186.103.159.182 - - [06/Mar/2017:12:06:18 -0300] "GET /cormun/servlet/trlicenciaspermisosadjuntos?14149898,20170306000000,L, HTTP/1.1" 200 6836
186.103.159.182 - - [06/Mar/2017:12:06:19 -0300] "GET /cormun/servlet/trlicenciaspermisosadjuntos?14149898,20170306000000,L, HTTP/1.1" 200 6832
186.103.159.182 - - [06/Mar/2017:12:06:22 -0300] "GET /cormun/PublicTempStorage/0015424522.jpg HTTP/1.1" 200 1214296
186.103.159.182 - - [06/Mar/2017:12:06:26 -0300] "POST /cormun/servlet/trlicenciaspermisosadjuntos?3544e2793337c3062ec23c7147fd28ec,14149898,20170306000000,L,,gx-no-cache=1488812853178 HTTP/1.1" 200 90
186.103.159.182 - - [06/Mar/2017:12:06:27 -0300] "GET /cormun/servlet/hpexe_link HTTP/1.1" 200 1010
186.103.159.182 - - [06/Mar/2017:12:06:27 -0300] "GET /cormun/servlet/trlicencias?gx-no-cache=1488812738221 HTTP/1.1" 200 8816
186.103.159.182 - - [06/Mar/2017:12:06:29 -0300] "GET /cormun/servlet/trlicencias?gx-no-cache=1488812738221 HTTP/1.1" 200 8844
186.103.159.182 - - [06/Mar/2017:12:06:42 -0300] "GET /cormun/servlet/trlicenciaspermisosadjuntos?15068040,20170306000000,L, HTTP/1.1" 200 6398
186.103.159.182 - - [06/Mar/2017:12:06:43 -0300] "GET /cormun/servlet/trlicenciaspermisosadjuntos?15068040,20170306000000,L, HTTP/1.1" 200 6377
186.103.159.182 - - [06/Mar/2017:12:06:47 -0300] "GET /cormun/servlet/licenciaspermisosadjuntos?INS,15068040,L,20170306000000,, HTTP/1.1" 200 5673
186.103.159.182 - - [06/Mar/2017:12:06:47 -0300] "GET /cormun/static/about:blank HTTP/1.1" 404 1011
186.103.159.182 - - [06/Mar/2017:12:06:48 -0300] "GET /cormun/servlet/licenciaspermisosadjuntos?INS,15068040,L,20170306000000,, HTTP/1.1" 200 5662
186.103.159.182 - - [06/Mar/2017:12:07:12 -0300] "POST /cormun/servlet/licenciaspermisosadjuntos?3544e2793337c3062ec23c7147fd28ec,INS,15068040,L,20170306000000,, HTTP/1.1" 200 116
186.103.159.182 - - [06/Mar/2017:12:07:12 -0300] "GET /cormun/servlet/hpexe_return? HTTP/1.1" 200 1045
186.103.159.182 - - [06/Mar/2017:12:07:13 -0300] "GET /cormun/servlet/trlicenciaspermisosadjuntos?15068040,20170306000000,L, HTTP/1.1" 200 6837
186.103.159.182 - - [06/Mar/2017:12:07:15 -0300] "GET /cormun/servlet/trlicenciaspermisosadjuntos?15068040,20170306000000,L, HTTP/1.1" 200 6840
186.103.159.182 - - [06/Mar/2017:12:07:17 -0300] "POST /cormun/servlet/trlicenciaspermisosadjuntos?3544e2793337c3062ec23c7147fd28ec,15068040,20170306000000,L,,gx-no-cache=1488812904697 HTTP/1.1" 200 90
186.103.159.182 - - [06/Mar/2017:12:07:17 -0300] "GET /cormun/servlet/hpexe_link HTTP/1.1" 200 1010
186.103.159.182 - - [06/Mar/2017:12:07:18 -0300] "GET /cormun/servlet/trlicencias?gx-no-cache=1488812738221 HTTP/1.1" 200 8823
186.103.159.182 - - [06/Mar/2017:12:07:19 -0300] "GET /cormun/servlet/trlicencias?gx-no-cache=1488812738221 HTTP/1.1" 200 8836
186.103.159.182 - - [06/Mar/2017:12:07:29 -0300] "POST /cormun/servlet/trlicencias?3544e2793337c3062ec23c7147fd28ec,gx-no-cache=1488812738221,gx-no-cache=1488812916116 HTTP/1.1" 200 5813
186.103.159.182 - - [06/Mar/2017:12:07:29 -0300] "GET /cormun/static/Shared/jqueryui/images/ui-bg_highlight-soft_100_c6c2c8_1x100.png HTTP/1.1" 404 1117
186.103.159.182 - - [06/Mar/2017:12:07:30 -0300] "GET /cormun/static/Shared/jqueryui/images/ui-icons_82798d_256x240.png HTTP/1.1" 404 1089
186.103.159.182 - - [06/Mar/2017:12:07:30 -0300] "GET /cormun/static/Shared/jqueryui/images/ui-bg_flat_55_fafafa_40x100.png HTTP/1.1" 404 1097
186.103.159.182 - - [06/Mar/2017:12:07:30 -0300] "GET /cormun/static/Shared/jqueryui/images/ui-icons_8d78a5_256x240.png HTTP/1.1" 404 1089
186.103.159.182 - - [06/Mar/2017:12:07:31 -0300] "POST /cormun/servlet/trlicencias?3544e2793337c3062ec23c7147fd28ec,gx-no-cache=1488812738221,gx-no-cache=1488812918106 HTTP/1.1" 200 5430
186.103.159.182 - - [06/Mar/2017:12:07:32 -0300] "POST /cormun/servlet/trlicencias?3544e2793337c3062ec23c7147fd28ec,gx-no-cache=1488812738221,gx-no-cache=1488812919137 HTTP/1.1" 200 4261
186.103.159.182 - - [06/Mar/2017:12:07:35 -0300] "GET /cormun/servlet/trautorizarsolicitud? HTTP/1.1" 200 6964
186.103.159.182 - - [06/Mar/2017:12:07:35 -0300] "GET /cormun/static/gxcfg.js?2017259112829 HTTP/1.1" 200 953
186.103.159.182 - - [06/Mar/2017:12:07:36 -0300] "GET /cormun/static/trautorizarsolicitud.js?2017259113483 HTTP/1.1" 200 53096
186.103.159.182 - - [06/Mar/2017:12:07:37 -0300] "GET /cormun/servlet/trautorizarsolicitud? HTTP/1.1" 200 6943
186.103.159.182 - - [06/Mar/2017:12:07:41 -0300] "GET /cormun/servlet/trvisualizadoreventos? HTTP/1.1" 200 6776
186.103.159.182 - - [06/Mar/2017:12:07:41 -0300] "GET /cormun/static/gxcfg.js?2016101716203350 HTTP/1.1" 200 953
186.103.159.182 - - [06/Mar/2017:12:07:41 -0300] "GET /cormun/static/Resources/PXToolsActionPrint.png HTTP/1.1" 200 3317
186.103.159.182 - - [06/Mar/2017:12:07:42 -0300] "GET /cormun/static/trvisualizadoreventos.js?2016101716203614 HTTP/1.1" 200 19309
186.103.159.182 - - [06/Mar/2017:12:07:43 -0300] "GET /cormun/servlet/trvisualizadoreventos? HTTP/1.1" 200 6775
186.103.159.182 - - [06/Mar/2017:12:07:52 -0300] "POST /cormun/servlet/trvisualizadoreventos?3544e2793337c3062ec23c7147fd28ec,,gx-no-cache=1488812938973 HTTP/1.1" 200 3961
186.103.159.182 - - [06/Mar/2017:12:07:58 -0300] "GET /cormun/servlet/trlicencias? HTTP/1.1" 200 6889
186.103.159.182 - - [06/Mar/2017:12:08:00 -0300] "GET /cormun/servlet/trlicencias? HTTP/1.1" 200 6888
186.103.159.182 - - [06/Mar/2017:12:08:03 -0300] "GET /cormun/servlet/trautorizarsolicitud? HTTP/1.1" 200 6943
186.103.159.182 - - [06/Mar/2017:12:08:05 -0300] "GET /cormun/servlet/trautorizarsolicitud? HTTP/1.1" 200 6943
186.103.159.182 - - [06/Mar/2017:12:08:11 -0300] "GET /cormun/servlet/hlogin HTTP/1.1" 200 1743
186.103.157.42 - - [06/Mar/2017:12:08:20 -0300] "GET /cormun/servlet/hlogin HTTP/1.1" 200 1726
186.103.157.42 - - [06/Mar/2017:12:08:21 -0300] "POST /cormun/servlet/hlogin?26e1b051d3133b95aba79bea8e96a2b1,gx-no-cache=1488812986419 HTTP/1.1" 200 90
186.103.157.42 - - [06/Mar/2017:12:08:21 -0300] "GET /cormun/servlet/hpexe_link HTTP/1.1" 200 955
186.103.157.42 - - [06/Mar/2017:12:08:22 -0300] "GET /cormun/servlet/hhome HTTP/1.1" 200 4045
186.103.157.42 - - [06/Mar/2017:12:08:23 -0300] "GET /cormun/servlet/hhome HTTP/1.1" 200 4043
186.103.157.42 - - [06/Mar/2017:12:08:25 -0300] "GET /cormun/servlet/trsolicitudot? HTTP/1.1" 200 8280
186.103.157.42 - - [06/Mar/2017:12:08:26 -0300] "GET /cormun/servlet/trsolicitudot? HTTP/1.1" 200 8280
186.103.157.42 - - [06/Mar/2017:12:08:29 -0300] "POST /cormun/servlet/trsolicitudot?26e1b051d3133b95aba79bea8e96a2b1,,gx-no-cache=1488812994038 HTTP/1.1" 200 106
186.103.157.42 - - [06/Mar/2017:12:08:29 -0300] "GET /cormun/servlet/trsolicitudadjuntos?2017,5201, HTTP/1.1" 200 8279
186.103.157.42 - - [06/Mar/2017:12:08:30 -0300] "GET /cormun/servlet/trsolicitudadjuntos?2017,5201, HTTP/1.1" 200 8278
186.103.157.42 - - [06/Mar/2017:12:08:33 -0300] "GET /cormun/servlet/solicitudotadjuntos?INS,2017,5201,,1, HTTP/1.1" 200 6076
186.103.157.42 - - [06/Mar/2017:12:08:33 -0300] "GET /cormun/static/about:blank HTTP/1.1" 404 1011
186.103.157.42 - - [06/Mar/2017:12:08:33 -0300] "GET /cormun/servlet/solicitudotadjuntos?INS,2017,5201,,1, HTTP/1.1" 200 6070
186.103.157.42 - - [06/Mar/2017:12:08:34 -0300] "GET /cormun/servlet/solicitudotadjuntos?febb916df29a6e7123b024324e60af4c8af6cb2cfe9af978020557525d10688a91b4f4d08ff77de74e2fd66468f2030a,gx-no-cache=1488812998862 HTTP/1.1" 200 30
186.103.157.42 - - [06/Mar/2017:12:08:34 -0300] "POST /cormun/servlet/solicitudotadjuntos?26e1b051d3133b95aba79bea8e96a2b1,INS,2017,5201,,1,,gx-no-cache=1488812998935 HTTP/1.1" 200 3831
186.103.157.42 - - [06/Mar/2017:12:08:36 -0300] "POST /cormun/servlet/solicitudotadjuntos?gx-no-cache=1488813000810 HTTP/1.1" 200 26
186.103.157.42 - - [06/Mar/2017:12:08:41 -0300] "GET /cormun/servlet/solicitudotadjuntos?febb916df29a6e7123b024324e60af4cdb971b2490f412c83b2d2ce91dd7d531,gx-no-cache=1488813006263 HTTP/1.1" 200 30
186.103.157.42 - - [06/Mar/2017:12:08:41 -0300] "GET /cormun/servlet/solicitudotadjuntos?febb916df29a6e7123b024324e60af4cdb971b2490f412c83b2d2ce91dd7d531,gx-no-cache=1488813006322 HTTP/1.1" 200 30
186.103.157.42 - - [06/Mar/2017:12:08:42 -0300] "POST /cormun/servlet/solicitudotadjuntos?26e1b051d3133b95aba79bea8e96a2b1,INS,2017,5201,,1, HTTP/1.1" 200 116
186.103.157.42 - - [06/Mar/2017:12:08:42 -0300] "GET /cormun/servlet/hpexe_return? HTTP/1.1" 200 1025
186.103.157.42 - - [06/Mar/2017:12:08:42 -0300] "GET /cormun/servlet/trsolicitudadjuntos?2017,5201, HTTP/1.1" 200 8465
186.103.157.42 - - [06/Mar/2017:12:08:43 -0300] "GET /cormun/servlet/trsolicitudadjuntos?2017,5201, HTTP/1.1" 200 8463
186.103.157.42 - - [06/Mar/2017:12:09:22 -0300] "GET /cormun/servlet/solicitudotadjuntos?INS,2017,5201,,1, HTTP/1.1" 200 6075
186.103.157.42 - - [06/Mar/2017:12:09:22 -0300] "GET /cormun/static/about:blank HTTP/1.1" 404 1011
186.103.157.42 - - [06/Mar/2017:12:09:22 -0300] "GET /cormun/servlet/solicitudotadjuntos?INS,2017,5201,,1, HTTP/1.1" 200 6068
186.103.157.42 - - [06/Mar/2017:12:09:23 -0300] "GET /cormun/servlet/solicitudotadjuntos?febb916df29a6e7123b024324e60af4c8af6cb2cfe9af978020557525d10688a91b4f4d08ff77de74e2fd66468f2030a,gx-no-cache=1488813047814 HTTP/1.1" 200 30
186.103.157.42 - - [06/Mar/2017:12:09:23 -0300] "POST /cormun/servlet/solicitudotadjuntos?26e1b051d3133b95aba79bea8e96a2b1,INS,2017,5201,,1,,gx-no-cache=1488813047856 HTTP/1.1" 200 3830
186.103.157.42 - - [06/Mar/2017:12:09:26 -0300] "POST /cormun/servlet/solicitudotadjuntos?gx-no-cache=1488813051064 HTTP/1.1" 200 26
186.103.159.204 - - [06/Mar/2017:12:09:27 -0300] "GET /cormun/servlet/solicitudot?d0decff16bbf8c528a34536e076e8377152cfc42ba2c2726f52fe263a86721008e26d975cf46f98a79c464c07e91e9eb0498a01a9a1947a5e65970e28f9e38fd6418afd7b7e8057a5c4e0c935f2c760c5799255360836602c8a64b3508173b6c8771fd3466a9f5039b797464764b0994c89ada0409f387f6fb5b580e8b89084438e055c522e49baf2f07df880648f9020819df16a0b6fada3c7723a7e35f37d8,gx-no-cache=1488813036149 HTTP/1.1" 200 30
186.103.157.42 - - [06/Mar/2017:12:09:37 -0300] "GET /cormun/servlet/solicitudotadjuntos?febb916df29a6e7123b024324e60af4cdb971b2490f412c83b2d2ce91dd7d531,gx-no-cache=1488813061671 HTTP/1.1" 200 30
186.103.157.42 - - [06/Mar/2017:12:09:37 -0300] "GET /cormun/servlet/solicitudotadjuntos?febb916df29a6e7123b024324e60af4cdb971b2490f412c83b2d2ce91dd7d531,gx-no-cache=1488813061704 HTTP/1.1" 200 30
186.103.157.42 - - [06/Mar/2017:12:09:37 -0300] "POST /cormun/servlet/solicitudotadjuntos?26e1b051d3133b95aba79bea8e96a2b1,INS,2017,5201,,1, HTTP/1.1" 200 116
186.103.157.42 - - [06/Mar/2017:12:09:37 -0300] "GET /cormun/servlet/hpexe_return? HTTP/1.1" 200 1025
186.103.157.42 - - [06/Mar/2017:12:09:37 -0300] "GET /cormun/servlet/trsolicitudadjuntos?2017,5201, HTTP/1.1" 200 8616
186.103.157.42 - - [06/Mar/2017:12:09:38 -0300] "GET /cormun/servlet/trsolicitudadjuntos?2017,5201, HTTP/1.1" 200 8611
186.103.159.204 - - [06/Mar/2017:12:09:39 -0300] "GET /cormun/static/menuarrow.gif HTTP/1.1" 404 1015
201.246.239.225 - - [06/Mar/2017:12:09:47 -0300] "GET /cormun/servlet/hlogin HTTP/1.1" 200 1720
186.103.159.204 - - [06/Mar/2017:12:09:51 -0300] "GET /cormun/servlet/solicitudot?d0decff16bbf8c528a34536e076e8377152cfc42ba2c2726f52fe263a86721000f5502d6069ea44312d943e743d81034078c98d5796595dfe6826a1da34fb0226a440ba5ea90c327559fbc5dba81d61b1a6ead16c88ac0db7ff40d17afb917680346f3c6c24c78303310d9f1e2496f87abeb71a680f5c3ddabea222e350c77c773627c2ee097a7220eadf2a171fac47f5f711b4cbac005bbb6506fdc61619e9af73e0e9954c3eb89ad71c02998b9de76,gx-no-cache=1488813060608 HTTP/1.1" 200 30
201.246.239.225 - - [06/Mar/2017:12:09:58 -0300] "POST /cormun/servlet/hlogin?17d4c50b2d76bea4d6b2f718c6d1a4dd,gx-no-cache=1488813073640 HTTP/1.1" 200 90
201.246.239.225 - - [06/Mar/2017:12:09:58 -0300] "GET /cormun/servlet/hpexe_link HTTP/1.1" 200 960
201.246.239.225 - - [06/Mar/2017:12:09:58 -0300] "GET /cormun/servlet/trcontratosolicitud? HTTP/1.1" 200 8805
186.103.157.42 - - [06/Mar/2017:12:09:59 -0300] "GET /cormun/servlet/solicitudotadjuntos?INS,2017,5201,,1, HTTP/1.1" 200 6075
201.246.239.225 - - [06/Mar/2017:12:10:00 -0300] "GET /cormun/servlet/trcontratosolicitud? HTTP/1.1" 200 8811
186.103.157.42 - - [06/Mar/2017:12:10:00 -0300] "GET /cormun/static/about:blank HTTP/1.1" 404 1011
186.103.157.42 - - [06/Mar/2017:12:10:00 -0300] "GET /cormun/servlet/solicitudotadjuntos?INS,2017,5201,,1, HTTP/1.1" 200 6068
186.103.157.42 - - [06/Mar/2017:12:10:01 -0300] "GET /cormun/servlet/solicitudotadjuntos?febb916df29a6e7123b024324e60af4c8af6cb2cfe9af978020557525d10688a91b4f4d08ff77de74e2fd66468f2030a,gx-no-cache=1488813085901 HTTP/1.1" 200 30
186.103.157.42 - - [06/Mar/2017:12:10:01 -0300] "POST /cormun/servlet/solicitudotadjuntos?26e1b051d3133b95aba79bea8e96a2b1,INS,2017,5201,,1,,gx-no-cache=1488813085960 HTTP/1.1" 200 3830
186.103.157.42 - - [06/Mar/2017:12:10:04 -0300] "POST /cormun/servlet/solicitudotadjuntos?gx-no-cache=1488813088751 HTTP/1.1" 200 26
186.103.159.204 - - [06/Mar/2017:12:10:15 -0300] "POST /cormun/servlet/solicitudot?6bee28a0f51641cbc2e34e04c23dbff3,INS,0,0,,gx-no-cache=1488813083786 HTTP/1.1" 200 93
186.103.159.204 - - [06/Mar/2017:12:10:15 -0300] "GET /cormun/servlet/hpexe_return? HTTP/1.1" 200 1009
186.103.159.204 - - [06/Mar/2017:12:10:15 -0300] "GET /cormun/static/gxcfg.js?2016101716175148 HTTP/1.1" 304 -
186.103.159.204 - - [06/Mar/2017:12:10:15 -0300] "GET /cormun/servlet/trsolicitudot HTTP/1.1" 200 8213
186.103.159.204 - - [06/Mar/2017:12:10:16 -0300] "GET /cormun/servlet/trsolicitudot HTTP/1.1" 200 8191
186.103.159.204 - - [06/Mar/2017:12:10:16 -0300] "GET /cormun/static/Resources/desc.gif HTTP/1.1" 200 65
186.103.159.204 - - [06/Mar/2017:12:10:16 -0300] "GET /cormun/static/Resources/asc.gif HTTP/1.1" 200 67
186.103.159.204 - - [06/Mar/2017:12:10:20 -0300] "POST /cormun/servlet/trsolicitudot?6bee28a0f51641cbc2e34e04c23dbff3,gx-no-cache=1488813088756 HTTP/1.1" 200 4340
186.103.159.204 - - [06/Mar/2017:12:10:20 -0300] "GET /cormun/static/Shared/jqueryui/images/ui-bg_highlight-soft_100_c6c2c8_1x100.png HTTP/1.1" 404 1117
186.103.159.204 - - [06/Mar/2017:12:10:20 -0300] "GET /cormun/static/Shared/jqueryui/images/ui-icons_82798d_256x240.png HTTP/1.1" 404 1089
186.103.159.204 - - [06/Mar/2017:12:10:20 -0300] "GET /cormun/static/Shared/jqueryui/images/ui-bg_flat_55_fafafa_40x100.png HTTP/1.1" 404 1097
186.103.159.204 - - [06/Mar/2017:12:10:20 -0300] "GET /cormun/static/Shared/jqueryui/images/ui-icons_8d78a5_256x240.png HTTP/1.1" 404 1089
186.103.159.204 - - [06/Mar/2017:12:10:20 -0300] "POST /cormun/servlet/trsolicitudot?6bee28a0f51641cbc2e34e04c23dbff3,gx-no-cache=1488813089013 HTTP/1.1" 200 4130
207.46.13.114 - - [06/Mar/2017:12:10:22 -0300] "GET /cormun/static/Shared/ext/locale/ext-lang-en.js HTTP/1.1" 200 10940
207.46.13.219 - - [06/Mar/2017:12:10:23 -0300] "GET /robots.txt HTTP/1.1" 404 981
207.46.13.114 - - [06/Mar/2017:12:10:24 -0300] "GET /cormun/static/calendar.js?85251 HTTP/1.1" 200 26246
207.46.13.114 - - [06/Mar/2017:12:10:24 -0300] "GET /cormun/static/hpexe_messagecontroller.js?201610171694323 HTTP/1.1" 200 870
207.46.13.114 - - [06/Mar/2017:12:10:24 -0300] "GET /cormun/static/hpexe_recentlink.js?201610171694390 HTTP/1.1" 200 2144
186.103.159.204 - - [06/Mar/2017:12:10:26 -0300] "GET /cormun/servlet/trautorizarsolicitud? HTTP/1.1" 200 8138
186.103.159.204 - - [06/Mar/2017:12:10:26 -0300] "GET /cormun/static/gxcfg.js?2017259112829 HTTP/1.1" 304 -
186.103.159.204 - - [06/Mar/2017:12:10:26 -0300] "GET /cormun/static/trautorizarsolicitud.js?2017259113483 HTTP/1.1" 304 -
157.55.39.240 - - [06/Mar/2017:12:10:26 -0300] "GET /cormun/static/PXToolsJavascripts/pexe_menus.js HTTP/1.1" 200 1286
157.55.39.240 - - [06/Mar/2017:12:10:26 -0300] "GET /cormun/static/Resources/PXToolsButtonBackground2.png HTTP/1.1" 200 1181
186.103.159.204 - - [06/Mar/2017:12:10:27 -0300] "GET /cormun/servlet/trautorizarsolicitud? HTTP/1.1" 200 8138
157.55.39.240 - - [06/Mar/2017:12:10:28 -0300] "GET /cormun/static/Shared/jqueryui/jquery-ui.min.js HTTP/1.1" 200 240427
157.55.39.240 - - [06/Mar/2017:12:10:28 -0300] "GET /cormun/static/SmoothNavMenu/resources/ddsmoothmenu.js HTTP/1.1" 200 12712
157.55.39.240 - - [06/Mar/2017:12:10:29 -0300] "GET /cormun/static/calendar-es.js?85251 HTTP/1.1" 200 1901
157.55.39.240 - - [06/Mar/2017:12:10:29 -0300] "GET /cormun/static/cmcontrolpreferences.js?201612218431999 HTTP/1.1" 200 1375
157.55.39.240 - - [06/Mar/2017:12:10:29 -0300] "GET /cormun/static/scaMessage/scaMessageRender.js HTTP/1.1" 200 11977
186.103.159.204 - - [06/Mar/2017:12:10:30 -0300] "POST /cormun/servlet/trautorizarsolicitud?6bee28a0f51641cbc2e34e04c23dbff3,,gx-no-cache=1488813099066 HTTP/1.1" 200 4317
186.103.159.204 - - [06/Mar/2017:12:10:30 -0300] "GET /cormun/static/Shared/jqueryui/images/ui-icons_82798d_256x240.png HTTP/1.1" 404 1089
186.103.159.204 - - [06/Mar/2017:12:10:30 -0300] "GET /cormun/static/Shared/jqueryui/images/ui-bg_highlight-soft_100_c6c2c8_1x100.png HTTP/1.1" 404 1117
186.103.159.204 - - [06/Mar/2017:12:10:30 -0300] "GET /cormun/static/Shared/jqueryui/images/ui-bg_flat_55_fafafa_40x100.png HTTP/1.1" 404 1097
186.103.159.204 - - [06/Mar/2017:12:10:30 -0300] "GET /cormun/static/Shared/jqueryui/images/ui-icons_8d78a5_256x240.png HTTP/1.1" 404 1089
186.103.159.204 - - [06/Mar/2017:12:10:30 -0300] "POST /cormun/servlet/trautorizarsolicitud?6bee28a0f51641cbc2e34e04c23dbff3,,gx-no-cache=1488813099300 HTTP/1.1" 200 4106
186.103.159.204 - - [06/Mar/2017:12:10:34 -0300] "GET /cormun/servlet/trsolicitudot? HTTP/1.1" 200 6953
207.46.13.153 - - [06/Mar/2017:12:10:34 -0300] "GET /cormun/static/Resources/PXToolsButtonLeft21.png HTTP/1.1" 200 1287
207.46.13.153 - - [06/Mar/2017:12:10:34 -0300] "GET /cormun/static/Resources/PXToolsButtonRight21.png HTTP/1.1" 200 1283
207.46.13.153 - - [06/Mar/2017:12:10:34 -0300] "GET /cormun/static/Resources/PXToolsHeaderActionsBackground.png HTTP/1.1" 200 484
186.103.159.204 - - [06/Mar/2017:12:10:35 -0300] "GET /cormun/servlet/trsolicitudot? HTTP/1.1" 200 6952
207.46.13.153 - - [06/Mar/2017:12:10:36 -0300] "GET /cormun/static/Shared/jquery/jquery-1.10.2.min.js HTTP/1.1" 200 273199
186.103.159.204 - - [06/Mar/2017:12:10:37 -0300] "GET /cormun/servlet/solicitudot?INS,0,0, HTTP/1.1" 200 12783
207.46.13.153 - - [06/Mar/2017:12:10:37 -0300] "GET /cormun/static/Shared/jquery/jquery-1.4.2.min.js HTTP/1.1" 200 72174
207.46.13.153 - - [06/Mar/2017:12:10:37 -0300] "GET /cormun/static/calendar-system.css?85620 HTTP/1.1" 200 5572
207.46.13.153 - - [06/Mar/2017:12:10:37 -0300] "GET /cormun/static/hmpwkw03.js?20161221852152 HTTP/1.1" 200 3965
186.103.159.204 - - [06/Mar/2017:12:10:38 -0300] "GET /cormun/servlet/solicitudot?INS,0,0, HTTP/1.1" 200 12788
207.46.13.153 - - [06/Mar/2017:12:10:38 -0300] "GET /cormun/static/hpexe_messagepopupcomponent.js?20161017169425 HTTP/1.1" 200 605
207.46.13.153 - - [06/Mar/2017:12:10:38 -0300] "GET /cormun/static/hpexe_scripts.js?201612218432016 HTTP/1.1" 200 1544
207.46.13.153 - - [06/Mar/2017:12:10:38 -0300] "GET /cormun/static/hwchdr01.js?201612218432057 HTTP/1.1" 200 1183
207.46.13.153 - - [06/Mar/2017:12:10:38 -0300] "GET /cormun/static/scaMessage/js/jquery.pnotify.min.js HTTP/1.1" 200 13038
