186.103.157.235 - - [06/Mar/2017:12:31:28 -0300] "GET /cormun/servlet/permisogoce?0a435225ce8636eb8d79606e4888538b70a62c6d32e205997a0c2a7c0c173e09a76bde01be1df08d1f4c53c6fa123afdc9f5fbfc201f10ee0dd7ddccdc31e8b1,gx-no-cache=1488814358243 HTTP/1.1" 200 47
186.103.157.235 - - [06/Mar/2017:12:32:42 -0300] "POST /cormun/servlet/permisogoce?45637e3d662cf8632035954e176ed242,INS,0,,,,gx-no-cache=1488814431754 HTTP/1.1" 200 93
186.103.157.235 - - [06/Mar/2017:12:32:42 -0300] "GET /cormun/servlet/hpexe_return? HTTP/1.1" 200 1011
186.103.157.235 - - [06/Mar/2017:12:32:42 -0300] "GET /cormun/static/gxcfg.js?2016101716175148 HTTP/1.1" 200 953
186.103.157.235 - - [06/Mar/2017:12:32:42 -0300] "GET /cormun/static/hpexe_return.js?2016101716175153 HTTP/1.1" 200 1633
186.103.157.235 - - [06/Mar/2017:12:32:42 -0300] "GET /cormun/servlet/trpermisosgoce HTTP/1.1" 200 7549
186.103.157.235 - - [06/Mar/2017:12:32:44 -0300] "GET /cormun//static/Resources/PXToolsGridUpdate.png HTTP/1.1" 200 2984
186.103.157.235 - - [06/Mar/2017:12:32:44 -0300] "GET /cormun/servlet/trpermisosgoce HTTP/1.1" 200 7545
186.103.157.235 - - [06/Mar/2017:12:32:44 -0300] "GET /cormun//static/Resources/PXToolsGridDelete.png HTTP/1.1" 200 357
186.103.157.235 - - [06/Mar/2017:12:32:44 -0300] "GET /cormun//static/Resources/PXToolsGridDisplay.png HTTP/1.1" 200 362
186.103.157.235 - - [06/Mar/2017:12:32:44 -0300] "GET /cormun//static/Resources/PXToolsActionPrint.png HTTP/1.1" 200 3317
186.103.157.235 - - [06/Mar/2017:12:32:44 -0300] "GET /cormun//static/Resources/PXToolsHeaderHelp.png HTTP/1.1" 200 4055
186.103.157.235 - - [06/Mar/2017:12:32:44 -0300] "GET /cormun//static/Resources/PXToolsHeaderFavorites.png HTTP/1.1" 200 2744
186.103.157.235 - - [06/Mar/2017:12:32:44 -0300] "GET /cormun//static/Resources/PXTools/ActionInsert.png HTTP/1.1" 200 1482
186.103.157.235 - - [06/Mar/2017:12:33:11 -0300] "GET /cormun/servlet/permisogoce?INS,0,,, HTTP/1.1" 200 6717
186.103.157.235 - - [06/Mar/2017:12:33:13 -0300] "GET /cormun/servlet/permisogoce?INS,0,,, HTTP/1.1" 200 6717
186.103.157.235 - - [06/Mar/2017:12:33:24 -0300] "GET /cormun/servlet/prfichaempleado?,MD,,gxPopupLevel%3D0%3B HTTP/1.1" 200 8835
186.103.157.235 - - [06/Mar/2017:12:33:35 -0300] "POST /cormun/servlet/prfichaempleado?45637e3d662cf8632035954e176ed242,,MD,,gxPopupLevel%3D0%3B,gx-no-cache=1488814485808 HTTP/1.1" 200 3175
186.103.157.235 - - [06/Mar/2017:12:33:48 -0300] "POST /cormun/servlet/prfichaempleado?45637e3d662cf8632035954e176ed242,,MD,,gxPopupLevel%3D0%3B,gx-no-cache=1488814498215 HTTP/1.1" 200 4092
186.103.157.235 - - [06/Mar/2017:12:34:09 -0300] "GET /cormun/servlet/permisogoce?0a435225ce8636eb8d79606e4888538b013f5b27ed4b060e4be7b61abbf5a365f8432d6191cc5533515147b315250ab9,gx-no-cache=1488814519483 HTTP/1.1" 200 78
186.103.157.235 - - [06/Mar/2017:12:34:09 -0300] "GET /cormun/static/menuarrow.gif HTTP/1.1" 404 1015
186.103.157.235 - - [06/Mar/2017:12:34:22 -0300] "GET /cormun/servlet/permisogoce?0a435225ce8636eb8d79606e4888538b170fd51158daf0717ad7aa9ecfc1a93fd9246b0bd570d08f1ea11bce70bf1cb312e77fad3b11a9c90c84cba9e5d9a646,gx-no-cache=1488814532482 HTTP/1.1" 200 46
186.103.157.235 - - [06/Mar/2017:12:34:31 -0300] "POST /cormun/servlet/permisogoce?45637e3d662cf8632035954e176ed242,INS,0,,,,gx-no-cache=1488814541027 HTTP/1.1" 200 93
186.103.157.235 - - [06/Mar/2017:12:34:31 -0300] "GET /cormun/servlet/hpexe_return? HTTP/1.1" 200 1011
186.103.157.235 - - [06/Mar/2017:12:34:31 -0300] "GET /cormun/servlet/trpermisosgoce HTTP/1.1" 200 7795
186.103.157.235 - - [06/Mar/2017:12:34:33 -0300] "GET /cormun/servlet/trpermisosgoce HTTP/1.1" 200 7791
186.103.157.235 - - [06/Mar/2017:12:34:44 -0300] "GET /cormun/servlet/permisogoce?INS,0,,, HTTP/1.1" 200 6716
186.103.157.235 - - [06/Mar/2017:12:34:45 -0300] "GET /cormun/servlet/permisogoce?INS,0,,, HTTP/1.1" 200 6716
186.103.157.235 - - [06/Mar/2017:12:34:56 -0300] "GET /cormun/servlet/prfichaempleado?,MD,,gxPopupLevel%3D0%3B HTTP/1.1" 200 8835
186.103.157.235 - - [06/Mar/2017:12:35:06 -0300] "POST /cormun/servlet/prfichaempleado?45637e3d662cf8632035954e176ed242,,MD,,gxPopupLevel%3D0%3B,gx-no-cache=1488814576867 HTTP/1.1" 200 3842
186.103.157.235 - - [06/Mar/2017:12:35:26 -0300] "GET /cormun/servlet/permisogoce?0a435225ce8636eb8d79606e4888538b9eb9ece4e38e2113aac06ad2d6fbdde9f8432d6191cc5533515147b315250ab9,gx-no-cache=1488814596108 HTTP/1.1" 200 69
186.103.157.235 - - [06/Mar/2017:12:35:26 -0300] "GET /cormun/static/menuarrow.gif HTTP/1.1" 404 1015
186.103.157.235 - - [06/Mar/2017:12:35:47 -0300] "GET /cormun/servlet/permisogoce?0a435225ce8636eb8d79606e4888538b44b107376a922e84b3c0d29f77cad44b229c6c2a7f6927b114376f26175b73d812e77fad3b11a9c90c84cba9e5d9a646,gx-no-cache=1488814616924 HTTP/1.1" 200 46
186.103.157.235 - - [06/Mar/2017:12:35:55 -0300] "POST /cormun/servlet/permisogoce?45637e3d662cf8632035954e176ed242,INS,0,,,,gx-no-cache=1488814625197 HTTP/1.1" 200 93
186.103.157.235 - - [06/Mar/2017:12:35:55 -0300] "GET /cormun/servlet/hpexe_return? HTTP/1.1" 200 1011
186.103.157.235 - - [06/Mar/2017:12:35:56 -0300] "GET /cormun/servlet/trpermisosgoce HTTP/1.1" 200 8005
186.103.157.235 - - [06/Mar/2017:12:35:57 -0300] "GET /cormun/servlet/trpermisosgoce HTTP/1.1" 200 8000
157.55.39.240 - - [06/Mar/2017:12:35:59 -0300] "GET /cormun/static/hlogin.js?201612216162555 HTTP/1.1" 200 2136
207.46.13.153 - - [06/Mar/2017:12:36:09 -0300] "GET /cormun/static/Resources/PXToolsButtonRight21.png HTTP/1.1" 200 1283
207.46.13.153 - - [06/Mar/2017:12:36:09 -0300] "GET /cormun/static/Resources/PXToolsLoginBottom.png HTTP/1.1" 200 1389
207.46.13.114 - - [06/Mar/2017:12:36:12 -0300] "GET /cormun/static/Resources/PXToolsLoginTop.png HTTP/1.1" 200 1337
186.103.157.235 - - [06/Mar/2017:12:36:23 -0300] "GET /cormun/servlet/permisogoce?UPD,18104139,P,20170306133040, HTTP/1.1" 200 6767
186.103.157.235 - - [06/Mar/2017:12:36:24 -0300] "GET /cormun/servlet/permisogoce?UPD,18104139,P,20170306133040, HTTP/1.1" 200 6767
186.103.157.235 - - [06/Mar/2017:12:36:24 -0300] "GET /cormun/servlet/permisogoce?0a435225ce8636eb8d79606e4888538b9eb9ece4e38e2113aac06ad2d6fbdde985f327fcb0b137461d70b767695d5519,gx-no-cache=1488814654739 HTTP/1.1" 200 73
186.103.157.235 - - [06/Mar/2017:12:36:33 -0300] "GET /cormun/servlet/permisogoce?0a435225ce8636eb8d79606e4888538b44b107376a922e84b3c0d29f77cad44b1801cdd28fec733c4130b091bba1fde44bb5120b6282104c9e14531bfdc3c7f456f8eb1243c6ab4e506a33763b203e7c,gx-no-cache=1488814663106 HTTP/1.1" 200 47
186.103.157.235 - - [06/Mar/2017:12:36:33 -0300] "POST /cormun/servlet/permisogoce?45637e3d662cf8632035954e176ed242,UPD,18104139,P,20170306133040,,gx-no-cache=1488814663205 HTTP/1.1" 200 4362
186.103.157.235 - - [06/Mar/2017:12:36:33 -0300] "GET /cormun/static/Shared/jqueryui/images/ui-bg_highlight-soft_100_c6c2c8_1x100.png HTTP/1.1" 404 1117
186.103.157.235 - - [06/Mar/2017:12:36:33 -0300] "GET /cormun/static/Shared/jqueryui/images/ui-icons_82798d_256x240.png HTTP/1.1" 404 1089
186.103.157.235 - - [06/Mar/2017:12:36:33 -0300] "GET /cormun/static/Shared/jqueryui/images/ui-bg_flat_55_994d53_40x100.png HTTP/1.1" 404 1097
186.103.157.235 - - [06/Mar/2017:12:36:33 -0300] "GET /cormun/static/Shared/jqueryui/images/ui-icons_ebccce_256x240.png HTTP/1.1" 404 1089
186.103.157.235 - - [06/Mar/2017:12:36:39 -0300] "POST /cormun/servlet/permisogoce?45637e3d662cf8632035954e176ed242,UPD,18104139,P,20170306133040,,gx-no-cache=1488814669226 HTTP/1.1" 200 93
186.103.157.235 - - [06/Mar/2017:12:36:39 -0300] "GET /cormun/servlet/hpexe_return? HTTP/1.1" 200 1029
186.103.157.235 - - [06/Mar/2017:12:36:39 -0300] "GET /cormun/servlet/trpermisosgoce HTTP/1.1" 200 8005
186.103.157.235 - - [06/Mar/2017:12:36:41 -0300] "GET /cormun/servlet/trpermisosgoce HTTP/1.1" 200 8000
186.103.157.235 - - [06/Mar/2017:12:36:54 -0300] "GET /cormun/servlet/trpermisosgoce HTTP/1.1" 200 8005
186.103.157.42 - - [06/Mar/2017:12:36:55 -0300] "GET /cormun/servlet/hlogin HTTP/1.1" 200 1726
186.103.157.235 - - [06/Mar/2017:12:36:55 -0300] "GET /cormun/servlet/trpermisosgoce HTTP/1.1" 200 8000
186.103.157.235 - - [06/Mar/2017:12:36:56 -0300] "GET /favicon.ico HTTP/1.1" 200 21630
186.103.157.235 - - [06/Mar/2017:12:37:04 -0300] "GET /cormun/servlet/permisogoce?DLT,18104139,P,20170306133040, HTTP/1.1" 200 6677
186.103.157.235 - - [06/Mar/2017:12:37:05 -0300] "GET /cormun/static/Shared/jqueryui/images/ui-bg_highlight-soft_100_c6c2c8_1x100.png HTTP/1.1" 404 1117
186.103.157.235 - - [06/Mar/2017:12:37:05 -0300] "GET /cormun/static/Shared/jqueryui/images/ui-bg_flat_55_fafafa_40x100.png HTTP/1.1" 404 1097
186.103.157.235 - - [06/Mar/2017:12:37:05 -0300] "GET /cormun/static/Shared/jqueryui/images/ui-icons_8d78a5_256x240.png HTTP/1.1" 404 1089
186.103.157.235 - - [06/Mar/2017:12:37:05 -0300] "GET /cormun/static/Shared/jqueryui/images/ui-icons_82798d_256x240.png HTTP/1.1" 404 1089
186.103.157.235 - - [06/Mar/2017:12:37:05 -0300] "GET /cormun/servlet/permisogoce?DLT,18104139,P,20170306133040, HTTP/1.1" 200 6679
186.103.157.235 - - [06/Mar/2017:12:37:07 -0300] "POST /cormun/servlet/permisogoce?45637e3d662cf8632035954e176ed242,DLT,18104139,P,20170306133040,,gx-no-cache=1488814697578 HTTP/1.1" 200 4395
186.103.157.235 - - [06/Mar/2017:12:37:07 -0300] "GET /cormun/static/Shared/jqueryui/images/ui-bg_flat_55_994d53_40x100.png HTTP/1.1" 404 1097
186.103.157.235 - - [06/Mar/2017:12:37:07 -0300] "GET /cormun/static/Shared/jqueryui/images/ui-icons_ebccce_256x240.png HTTP/1.1" 404 1089
186.103.157.235 - - [06/Mar/2017:12:37:12 -0300] "POST /cormun/servlet/permisogoce?45637e3d662cf8632035954e176ed242,DLT,18104139,P,20170306133040,,gx-no-cache=1488814702341 HTTP/1.1" 200 4358
186.103.157.235 - - [06/Mar/2017:12:37:14 -0300] "POST /cormun/servlet/permisogoce?45637e3d662cf8632035954e176ed242,DLT,18104139,P,20170306133040,,gx-no-cache=1488814704139 HTTP/1.1" 200 93
186.103.157.235 - - [06/Mar/2017:12:37:14 -0300] "GET /cormun/servlet/hpexe_return? HTTP/1.1" 200 1029
186.103.157.235 - - [06/Mar/2017:12:37:14 -0300] "GET /cormun/servlet/trpermisosgoce HTTP/1.1" 200 8005
186.103.157.235 - - [06/Mar/2017:12:37:15 -0300] "GET /cormun/servlet/trpermisosgoce HTTP/1.1" 200 8000
186.103.157.235 - - [06/Mar/2017:12:37:19 -0300] "GET /cormun/servlet/trpermisosgoce HTTP/1.1" 200 8005
186.103.157.235 - - [06/Mar/2017:12:37:21 -0300] "GET /cormun/servlet/trpermisosgoce HTTP/1.1" 200 8000
186.103.157.235 - - [06/Mar/2017:12:37:21 -0300] "GET /favicon.ico HTTP/1.1" 200 21630
186.103.157.235 - - [06/Mar/2017:12:37:37 -0300] "GET /cormun/servlet/permisogoce?INS,0,,, HTTP/1.1" 200 6717
186.103.157.235 - - [06/Mar/2017:12:37:38 -0300] "GET /cormun/servlet/permisogoce?INS,0,,, HTTP/1.1" 200 6717
192.168.10.89 - - [06/Mar/2017:12:37:48 -0300] "POST /cormun/servlet/trsolicitudgral?454dc52cb2a5ab82e3d60036e33d756b,gx-no-cache=1488817953397 HTTP/1.1" 440 972
186.103.157.235 - - [06/Mar/2017:12:37:48 -0300] "GET /cormun/servlet/prfichaempleado?,MD,,gxPopupLevel%3D0%3B HTTP/1.1" 200 8835
192.168.10.89 - - [06/Mar/2017:12:37:51 -0300] "GET /cormun/servlet/trsolicitudgral HTTP/1.1" 200 23333
192.168.10.89 - - [06/Mar/2017:12:37:52 -0300] "GET /cormun/servlet/hlogin HTTP/1.1" 200 1738
192.168.10.89 - - [06/Mar/2017:12:37:59 -0300] "POST /cormun/servlet/hlogin?7c04046d4d29bf4559f90f9d79fe2d04,gx-no-cache=1488817963608 HTTP/1.1" 200 90
192.168.10.89 - - [06/Mar/2017:12:37:59 -0300] "GET /cormun/servlet/hpexe_link HTTP/1.1" 200 961
192.168.10.89 - - [06/Mar/2017:12:38:01 -0300] "GET /cormun/servlet/trsolicitudgral HTTP/1.1" 200 24464
186.103.157.235 - - [06/Mar/2017:12:38:04 -0300] "POST /cormun/servlet/prfichaempleado?45637e3d662cf8632035954e176ed242,,MD,,gxPopupLevel%3D0%3B,gx-no-cache=1488814754360 HTTP/1.1" 200 3181
192.168.10.89 - - [06/Mar/2017:12:38:09 -0300] "GET /cormun/static/menuarrow.gif HTTP/1.1" 404 1015
192.168.10.89 - - [06/Mar/2017:12:38:15 -0300] "POST /cormun/servlet/trsolicitudgral?7c04046d4d29bf4559f90f9d79fe2d04,gx-no-cache=1488817979684 HTTP/1.1" 200 6893
186.103.157.235 - - [06/Mar/2017:12:38:17 -0300] "POST /cormun/servlet/prfichaempleado?45637e3d662cf8632035954e176ed242,,MD,,gxPopupLevel%3D0%3B,gx-no-cache=1488814767724 HTTP/1.1" 200 4250
192.168.10.89 - - [06/Mar/2017:12:38:23 -0300] "POST /cormun/servlet/trsolicitudgral?7c04046d4d29bf4559f90f9d79fe2d04,gx-no-cache=1488817987573 HTTP/1.1" 200 115
192.168.10.89 - - [06/Mar/2017:12:38:23 -0300] "GET /cormun/servlet/solicitudotlog?INS,2017,4302,0,REC, HTTP/1.1" 200 6156
192.168.10.89 - - [06/Mar/2017:12:38:24 -0300] "GET /cormun/servlet/solicitudotlog?e99d5c8918a521c9d608989f88f8a5ead3dcee119a1ac4616c705065a3a8c126a0ec916960a68ff15a6e183ccdd1ef7320518ef2b320bde3675af4ca22ab480232caec6ff11d2d330b66e0219632113ff00c2083e90dd1104cb399f520a861be9ac61670a57255bce4e14d07419ef917bdbea1bb69c7cc4ab87e45a14889e298a5ba9850d80b9bcbd15b95bfae02454516319045244741754da3e95c8a544ccb,gx-no-cache=1488817988847 HTTP/1.1" 200 94
192.168.10.89 - - [06/Mar/2017:12:38:27 -0300] "POST /cormun/servlet/solicitudotlog?7c04046d4d29bf4559f90f9d79fe2d04,INS,2017,4302,0,REC,,gx-no-cache=1488817992475 HTTP/1.1" 200 93
192.168.10.89 - - [06/Mar/2017:12:38:28 -0300] "GET /cormun/servlet/hpexe_return? HTTP/1.1" 200 1043
186.103.157.235 - - [06/Mar/2017:12:38:28 -0300] "POST /cormun/servlet/prfichaempleado?45637e3d662cf8632035954e176ed242,,MD,,gxPopupLevel%3D0%3B,gx-no-cache=1488814777798 HTTP/1.1" 200 3900
192.168.10.89 - - [06/Mar/2017:12:38:28 -0300] "GET /cormun/servlet/trsolicitudgral?gx-no-cache=1488817979684 HTTP/1.1" 200 9868
192.168.10.89 - - [06/Mar/2017:12:38:40 -0300] "POST /cormun/servlet/trsolicitudgral?7c04046d4d29bf4559f90f9d79fe2d04,gx-no-cache=1488817979684,gx-no-cache=1488818004672 HTTP/1.1" 200 6476
192.168.10.89 - - [06/Mar/2017:12:40:57 -0300] "POST /cormun/servlet/trsolicitudgral?7c04046d4d29bf4559f90f9d79fe2d04,gx-no-cache=1488817979684,gx-no-cache=1488818142248 HTTP/1.1" 200 6476
186.103.157.235 - - [06/Mar/2017:12:41:56 -0300] "GET /cormun/servlet/prfichaempleado?,MD,,gxPopupLevel%3D0%3B HTTP/1.1" 200 8835
186.103.157.235 - - [06/Mar/2017:12:42:04 -0300] "POST /cormun/servlet/prfichaempleado?45637e3d662cf8632035954e176ed242,,MD,,gxPopupLevel%3D0%3B,gx-no-cache=1488814994555 HTTP/1.1" 200 4327
186.103.157.235 - - [06/Mar/2017:12:42:15 -0300] "GET /cormun/servlet/permisogoce?0a435225ce8636eb8d79606e4888538b0cd897050d08ea71945c7ec7f1c003a8f8432d6191cc5533515147b315250ab9,gx-no-cache=1488815005615 HTTP/1.1" 200 70
186.103.157.235 - - [06/Mar/2017:12:42:28 -0300] "GET /cormun/servlet/permisogoce?0a435225ce8636eb8d79606e4888538b2a88e1f787b27eb4040fe6d8106a7b29b61d844b1524de11f369f9e2dd09660f12e77fad3b11a9c90c84cba9e5d9a646,gx-no-cache=1488815018592 HTTP/1.1" 200 46
186.103.157.235 - - [06/Mar/2017:12:43:02 -0300] "POST /cormun/servlet/permisogoce?45637e3d662cf8632035954e176ed242,INS,0,,,,gx-no-cache=1488815052223 HTTP/1.1" 200 93
186.103.157.235 - - [06/Mar/2017:12:43:02 -0300] "GET /cormun/servlet/hpexe_return? HTTP/1.1" 200 1011
186.103.157.235 - - [06/Mar/2017:12:43:03 -0300] "GET /cormun/servlet/trpermisosgoce HTTP/1.1" 200 8215
186.103.157.235 - - [06/Mar/2017:12:43:05 -0300] "GET /cormun/servlet/trpermisosgoce HTTP/1.1" 200 8213
186.103.157.235 - - [06/Mar/2017:12:43:16 -0300] "GET /cormun/servlet/permisogoce?DLT,18104139,P,20170306133040, HTTP/1.1" 200 6677
186.103.157.235 - - [06/Mar/2017:12:43:17 -0300] "GET /cormun/static/Shared/jqueryui/images/ui-bg_highlight-soft_100_c6c2c8_1x100.png HTTP/1.1" 404 1117
186.103.157.235 - - [06/Mar/2017:12:43:17 -0300] "GET /cormun/static/Shared/jqueryui/images/ui-icons_82798d_256x240.png HTTP/1.1" 404 1089
186.103.157.235 - - [06/Mar/2017:12:43:17 -0300] "GET /cormun/static/Shared/jqueryui/images/ui-bg_flat_55_fafafa_40x100.png HTTP/1.1" 404 1097
186.103.157.235 - - [06/Mar/2017:12:43:17 -0300] "GET /cormun/static/Shared/jqueryui/images/ui-icons_8d78a5_256x240.png HTTP/1.1" 404 1089
186.103.157.235 - - [06/Mar/2017:12:43:17 -0300] "GET /cormun/servlet/permisogoce?DLT,18104139,P,20170306133040, HTTP/1.1" 200 6679
186.103.157.235 - - [06/Mar/2017:12:43:31 -0300] "POST /cormun/servlet/permisogoce?45637e3d662cf8632035954e176ed242,DLT,18104139,P,20170306133040,,gx-no-cache=1488815080892 HTTP/1.1" 200 4395
186.103.157.235 - - [06/Mar/2017:12:43:31 -0300] "GET /cormun/static/Shared/jqueryui/images/ui-bg_flat_55_994d53_40x100.png HTTP/1.1" 404 1097
186.103.157.235 - - [06/Mar/2017:12:43:31 -0300] "GET /cormun/static/Shared/jqueryui/images/ui-icons_ebccce_256x240.png HTTP/1.1" 404 1089
186.103.157.235 - - [06/Mar/2017:12:43:35 -0300] "GET /cormun/servlet/trpermisosgoce HTTP/1.1" 200 8215
186.103.157.235 - - [06/Mar/2017:12:43:37 -0300] "GET /cormun/servlet/trpermisosgoce HTTP/1.1" 200 8213
186.103.157.235 - - [06/Mar/2017:12:44:09 -0300] "POST /cormun/servlet/trpermisosgoce?45637e3d662cf8632035954e176ed242,gx-no-cache=1488815119221 HTTP/1.1" 200 5508
186.103.157.235 - - [06/Mar/2017:12:44:15 -0300] "POST /cormun/servlet/trpermisosgoce?45637e3d662cf8632035954e176ed242,gx-no-cache=1488815125084 HTTP/1.1" 200 5504
186.103.157.235 - - [06/Mar/2017:12:44:23 -0300] "POST /cormun/servlet/trpermisosgoce?45637e3d662cf8632035954e176ed242,gx-no-cache=1488815132553 HTTP/1.1" 200 5509
186.103.157.235 - - [06/Mar/2017:12:45:58 -0300] "GET /cormun/servlet/permisogoce?DSP,18104139,P,20170306133040, HTTP/1.1" 200 6579
186.103.157.235 - - [06/Mar/2017:12:45:59 -0300] "GET /cormun/servlet/permisogoce?DSP,18104139,P,20170306133040, HTTP/1.1" 200 6581
186.103.157.235 - - [06/Mar/2017:12:46:08 -0300] "GET /cormun/servlet/trpermisosgoce HTTP/1.1" 200 8217
186.103.157.235 - - [06/Mar/2017:12:46:09 -0300] "GET /cormun/servlet/trpermisosgoce HTTP/1.1" 200 8211
192.168.10.96 - - [06/Mar/2017:12:46:11 -0300] "POST /cormun/servlet/hlogin?8cdcc09d4547cfbbfa8a22d759005302,gx-no-cache=1488818456195 HTTP/1.1" 200 90
192.168.10.96 - - [06/Mar/2017:12:46:11 -0300] "GET /cormun/servlet/hpexe_link HTTP/1.1" 200 952
192.168.10.96 - - [06/Mar/2017:12:46:11 -0300] "GET /cormun/servlet/hhome HTTP/1.1" 200 4121
192.168.10.96 - - [06/Mar/2017:12:46:12 -0300] "GET /cormun/servlet/hhome HTTP/1.1" 200 4118
186.103.157.235 - - [06/Mar/2017:12:46:13 -0300] "GET /cormun/servlet/permisogoce?DSP,13503289,P,20170306133747, HTTP/1.1" 200 6571
186.103.157.235 - - [06/Mar/2017:12:46:14 -0300] "GET /cormun/servlet/permisogoce?DSP,13503289,P,20170306133747, HTTP/1.1" 200 6573
186.103.157.235 - - [06/Mar/2017:12:46:18 -0300] "GET /cormun/servlet/trpermisosgoce HTTP/1.1" 200 8215
186.103.157.235 - - [06/Mar/2017:12:46:19 -0300] "GET /cormun/servlet/trpermisosgoce HTTP/1.1" 200 8213
46.174.191.29 - - [06/Mar/2017:12:50:09 -0300] "GET / HTTP/1.0" 200 11197
200.112.3.122 - - [06/Mar/2017:12:55:09 -0300] "GET /cormun/servlet/hlogin HTTP/1.1" 200 1718
200.112.3.122 - - [06/Mar/2017:12:55:09 -0300] "GET /cormun/static/Resources/Spanish/PXTools.css?167811 HTTP/1.1" 304 -
200.112.3.122 - - [06/Mar/2017:12:55:09 -0300] "GET /cormun/static/gxtimezone.js?85251 HTTP/1.1" 304 -
200.112.3.122 - - [06/Mar/2017:12:55:09 -0300] "GET /cormun/static/gxgral.js?85251 HTTP/1.1" 304 -
200.112.3.122 - - [06/Mar/2017:12:55:09 -0300] "GET /cormun/static/gxcfg.js?201612216162538 HTTP/1.1" 304 -
200.112.3.122 - - [06/Mar/2017:12:55:09 -0300] "GET /cormun/static/Resources/ComunLogin.png HTTP/1.1" 304 -
200.112.3.122 - - [06/Mar/2017:12:55:09 -0300] "GET /cormun/static/messages.spa.js?85251 HTTP/1.1" 304 -
200.112.3.122 - - [06/Mar/2017:12:55:09 -0300] "GET /cormun/static/hlogin.js?201612216162555 HTTP/1.1" 304 -
200.112.3.122 - - [06/Mar/2017:12:55:09 -0300] "GET /cormun/static/Resources/PXToolsLoginTop.png HTTP/1.1" 304 -
200.112.3.122 - - [06/Mar/2017:12:55:09 -0300] "GET /cormun/static/Resources/PXToolsLoginBackground.png HTTP/1.1" 304 -
200.112.3.122 - - [06/Mar/2017:12:55:09 -0300] "GET /cormun/static/Resources/PXToolsButtonLeft21.png HTTP/1.1" 304 -
200.112.3.122 - - [06/Mar/2017:12:55:09 -0300] "GET /cormun/static/Resources/PXToolsButtonRight21.png HTTP/1.1" 304 -
200.112.3.122 - - [06/Mar/2017:12:55:09 -0300] "GET /cormun/static/Resources/PXToolsButtonBackground2.png HTTP/1.1" 304 -
200.112.3.122 - - [06/Mar/2017:12:55:09 -0300] "GET /cormun/static/Resources/PXToolsLoginBottom.png HTTP/1.1" 304 -
200.112.3.122 - - [06/Mar/2017:12:55:09 -0300] "GET /cormun/servlet/hlogin HTTP/1.1" 200 1729
200.112.3.122 - - [06/Mar/2017:12:55:09 -0300] "GET /cormun/static/Resources/indicator.gif HTTP/1.1" 304 -
186.103.157.235 - - [06/Mar/2017:12:55:25 -0300] "GET /cormun/servlet/hlogin HTTP/1.1" 200 1721
200.86.95.220 - - [06/Mar/2017:12:55:29 -0300] "POST /cormun/servlet/solicitudot?gx-no-cache=1488815799191 HTTP/1.1" 440 972
200.112.3.122 - - [06/Mar/2017:12:55:35 -0300] "POST /cormun/servlet/hlogin?6f45cab308aea9a17aa97b1714be9b63,gx-no-cache=1488815802865 HTTP/1.1" 200 90
200.112.3.122 - - [06/Mar/2017:12:55:35 -0300] "GET /cormun/servlet/hpexe_link HTTP/1.1" 200 955
200.112.3.122 - - [06/Mar/2017:12:55:35 -0300] "GET /cormun/static/gxcfg.js?201612218515529 HTTP/1.1" 304 -
200.112.3.122 - - [06/Mar/2017:12:55:35 -0300] "GET /cormun/servlet/hhome HTTP/1.1" 200 3979
200.112.3.122 - - [06/Mar/2017:12:55:35 -0300] "GET /cormun/static/gxcfg.js?201612218515568 HTTP/1.1" 304 -
200.86.95.220 - - [06/Mar/2017:12:55:37 -0300] "POST /cormun/servlet/solicitudot?2a7257b5524d36dcadd42183dca4d7c1,INS,0,0,,gx-no-cache=1488815807447 HTTP/1.1" 440 972
186.103.157.235 - - [06/Mar/2017:12:55:38 -0300] "POST /cormun/servlet/hlogin?2a67bb9faa707e0ed8e36ccf6b12fc4c,gx-no-cache=1488815976269 HTTP/1.1" 200 90
186.103.157.235 - - [06/Mar/2017:12:55:38 -0300] "GET /cormun/servlet/hpexe_link HTTP/1.1" 200 955
186.103.157.235 - - [06/Mar/2017:12:55:38 -0300] "GET /cormun/servlet/hhome HTTP/1.1" 200 3956
186.103.157.235 - - [06/Mar/2017:12:55:38 -0300] "GET /cormun/servlet/hhome HTTP/1.1" 200 3953
200.112.3.122 - - [06/Mar/2017:12:55:40 -0300] "GET /cormun/servlet/trsolicitudot? HTTP/1.1" 200 6953
200.112.3.122 - - [06/Mar/2017:12:55:41 -0300] "GET /cormun/static/gxcfg.js?20171191044697 HTTP/1.1" 304 -
200.112.3.122 - - [06/Mar/2017:12:55:41 -0300] "GET /cormun/static/calendar.js?85251 HTTP/1.1" 304 -
200.112.3.122 - - [06/Mar/2017:12:55:41 -0300] "GET /cormun/static/calendar-setup.js?85251 HTTP/1.1" 304 -
200.112.3.122 - - [06/Mar/2017:12:55:41 -0300] "GET /cormun/static/calendar-es.js?85251 HTTP/1.1" 304 -
200.112.3.122 - - [06/Mar/2017:12:55:41 -0300] "GET /cormun/static/gxdec.js?85251 HTTP/1.1" 304 -
200.112.3.122 - - [06/Mar/2017:12:55:41 -0300] "GET /cormun/static/trsolicitudot.js?20171191045625 HTTP/1.1" 304 -
200.112.3.122 - - [06/Mar/2017:12:55:42 -0300] "GET /cormun/static/Shared/ext/resources/css/ext-all.css?215870 HTTP/1.1" 200 416045
200.86.95.220 - - [06/Mar/2017:12:55:44 -0300] "GET /cormun/servlet/solicitudot?INS,0,0, HTTP/1.1" 200 11932
200.112.3.122 - - [06/Mar/2017:12:55:45 -0300] "GET /cormun/servlet/solicitudot?INS,0,0, HTTP/1.1" 200 12779
200.112.3.122 - - [06/Mar/2017:12:55:45 -0300] "GET /cormun/static/gxcfg.js?20171191042720 HTTP/1.1" 304 -
200.112.3.122 - - [06/Mar/2017:12:55:45 -0300] "GET /cormun/static/solicitudot.js?2017119104297 HTTP/1.1" 304 -
200.86.95.220 - - [06/Mar/2017:12:55:46 -0300] "GET /cormun/servlet/solicitudot?INS,0,0, HTTP/1.1" 200 11932
200.86.95.220 - - [06/Mar/2017:12:55:46 -0300] "GET /cormun/servlet/hlogin HTTP/1.1" 200 1745
186.103.157.235 - - [06/Mar/2017:12:55:53 -0300] "GET /cormun/servlet/trpermisosgoce? HTTP/1.1" 200 8218
186.103.157.235 - - [06/Mar/2017:12:55:53 -0300] "GET /cormun/static/gxcfg.js?201612262011714 HTTP/1.1" 200 953
186.103.157.235 - - [06/Mar/2017:12:55:53 -0300] "GET /cormun/static/trpermisosgoce.js?201612262012096 HTTP/1.1" 200 31909
186.103.157.235 - - [06/Mar/2017:12:55:53 -0300] "GET /cormun/servlet/trpermisosgoce? HTTP/1.1" 200 8216
200.86.95.220 - - [06/Mar/2017:12:55:58 -0300] "POST /cormun/servlet/hlogin?cb333cd31bdbda53365400c87979ca38,gx-no-cache=1488815827928 HTTP/1.1" 200 90
200.86.95.220 - - [06/Mar/2017:12:55:58 -0300] "GET /cormun/servlet/hpexe_link HTTP/1.1" 200 955
200.86.95.220 - - [06/Mar/2017:12:55:58 -0300] "GET /cormun/servlet/hhome HTTP/1.1" 200 3764
200.86.95.220 - - [06/Mar/2017:12:55:59 -0300] "GET /cormun/servlet/hhome HTTP/1.1" 200 3760
186.103.157.235 - - [06/Mar/2017:12:56:01 -0300] "GET /cormun/servlet/trpermisosadjuntos?9814667,20170306132726,P, HTTP/1.1" 200 6273
186.103.157.235 - - [06/Mar/2017:12:56:01 -0300] "GET /cormun/static/gxcfg.js?2016122813135853 HTTP/1.1" 200 953
186.103.157.235 - - [06/Mar/2017:12:56:01 -0300] "GET /cormun/static/trpermisosadjuntos.js?20161228131414 HTTP/1.1" 200 20048
186.103.157.235 - - [06/Mar/2017:12:56:02 -0300] "GET /cormun/servlet/trpermisosadjuntos?9814667,20170306132726,P, HTTP/1.1" 200 6273
186.103.157.235 - - [06/Mar/2017:12:56:03 -0300] "POST /cormun/servlet/acontrolpreferencessavestate?None,MANTILLANCA,true HTTP/1.1" 200 35
186.103.157.235 - - [06/Mar/2017:12:56:04 -0300] "GET /cormun/servlet/permisosadjuntos?INS,9814667,P,20170306132726,, HTTP/1.1" 200 5599
186.103.157.235 - - [06/Mar/2017:12:56:04 -0300] "GET /cormun/static/gxcfg.js?2016122813135788 HTTP/1.1" 200 953
186.103.157.235 - - [06/Mar/2017:12:56:04 -0300] "GET /cormun/static/permisosadjuntos.js?2016122813135797 HTTP/1.1" 200 8721
186.103.157.235 - - [06/Mar/2017:12:56:04 -0300] "GET /cormun/static/about:blank HTTP/1.1" 404 1011
186.103.157.235 - - [06/Mar/2017:12:56:05 -0300] "GET /cormun/servlet/permisosadjuntos?INS,9814667,P,20170306132726,, HTTP/1.1" 200 5589
200.86.95.220 - - [06/Mar/2017:12:56:07 -0300] "GET /cormun/servlet/trsolicitudot? HTTP/1.1" 200 8036
200.112.3.122 - - [06/Mar/2017:12:56:07 -0300] "GET /cormun/servlet/prfichaempleado?,MD,,gxPopupLevel%3D0%3B HTTP/1.1" 200 8850
200.112.3.122 - - [06/Mar/2017:12:56:08 -0300] "GET /cormun/static/gxcfg.js?2016102420561687 HTTP/1.1" 304 -
200.86.95.220 - - [06/Mar/2017:12:56:08 -0300] "GET /cormun/servlet/trsolicitudot? HTTP/1.1" 200 8034
186.79.207.0 - - [06/Mar/2017:12:56:16 -0300] "GET /cormun/servlet/hlogin HTTP/1.1" 200 1723
186.79.207.0 - - [06/Mar/2017:12:56:16 -0300] "GET /cormun/static/gxtimezone.js?85251 HTTP/1.1" 304 -
186.79.207.0 - - [06/Mar/2017:12:56:16 -0300] "GET /cormun/static/gxcfg.js?201612216162538 HTTP/1.1" 304 -
186.79.207.0 - - [06/Mar/2017:12:56:17 -0300] "GET /cormun/static/messages.spa.js?85251 HTTP/1.1" 304 -
186.79.207.0 - - [06/Mar/2017:12:56:17 -0300] "GET /cormun/servlet/hlogin HTTP/1.1" 200 1733
186.103.157.235 - - [06/Mar/2017:12:56:18 -0300] "POST /cormun/servlet/permisosadjuntos?2a67bb9faa707e0ed8e36ccf6b12fc4c,INS,9814667,P,20170306132726,, HTTP/1.1" 200 116
186.103.157.235 - - [06/Mar/2017:12:56:18 -0300] "GET /cormun/servlet/hpexe_return? HTTP/1.1" 200 1039
186.103.157.235 - - [06/Mar/2017:12:56:18 -0300] "GET /cormun/servlet/trpermisosadjuntos?9814667,20170306132726,P, HTTP/1.1" 200 6708
186.79.207.0 - - [06/Mar/2017:12:56:18 -0300] "POST /cormun/servlet/hlogin?5bc09692915b1a54752fba65f3e22f95,gx-no-cache=1488815849166 HTTP/1.1" 200 90
186.79.207.0 - - [06/Mar/2017:12:56:18 -0300] "GET /cormun/servlet/hpexe_link HTTP/1.1" 200 956
186.103.157.235 - - [06/Mar/2017:12:56:19 -0300] "GET /cormun/servlet/trpermisosadjuntos?9814667,20170306132726,P, HTTP/1.1" 200 6703
186.79.207.0 - - [06/Mar/2017:12:56:19 -0300] "GET /cormun/static/gxcfg.js?201612218515529 HTTP/1.1" 304 -
186.79.207.0 - - [06/Mar/2017:12:56:19 -0300] "GET /cormun/servlet/hhome HTTP/1.1" 200 3763
186.79.207.0 - - [06/Mar/2017:12:56:19 -0300] "GET /cormun/static/gxcfg.js?201612218515568 HTTP/1.1" 304 -
186.79.207.0 - - [06/Mar/2017:12:56:20 -0300] "GET /cormun/servlet/hhome HTTP/1.1" 200 3760
200.112.3.122 - - [06/Mar/2017:12:56:20 -0300] "POST /cormun/servlet/prfichaempleado?6f45cab308aea9a17aa97b1714be9b63,,MD,,gxPopupLevel%3D0%3B,gx-no-cache=1488815848146 HTTP/1.1" 200 3680
200.86.95.220 - - [06/Mar/2017:12:56:21 -0300] "GET /cormun/servlet/solicitudot?INS,0,0, HTTP/1.1" 200 12562
200.86.95.220 - - [06/Mar/2017:12:56:22 -0300] "GET /cormun/servlet/solicitudot?INS,0,0, HTTP/1.1" 200 12567
186.79.207.0 - - [06/Mar/2017:12:56:23 -0300] "GET /cormun/servlet/trsolicitudot? HTTP/1.1" 200 6697
186.79.207.0 - - [06/Mar/2017:12:56:23 -0300] "GET /cormun/static/gxcfg.js?20171191044697 HTTP/1.1" 304 -
186.79.207.0 - - [06/Mar/2017:12:56:23 -0300] "GET /cormun/static/calendar.js?85251 HTTP/1.1" 304 -
186.79.207.0 - - [06/Mar/2017:12:56:23 -0300] "GET /cormun/static/calendar-setup.js?85251 HTTP/1.1" 304 -
186.79.207.0 - - [06/Mar/2017:12:56:23 -0300] "GET /cormun/static/calendar-es.js?85251 HTTP/1.1" 304 -
186.79.207.0 - - [06/Mar/2017:12:56:23 -0300] "GET /cormun/static/gxdec.js?85251 HTTP/1.1" 304 -
186.79.207.0 - - [06/Mar/2017:12:56:23 -0300] "GET /cormun/servlet/trsolicitudot? HTTP/1.1" 200 6696
186.79.207.0 - - [06/Mar/2017:12:56:25 -0300] "GET /cormun/servlet/solicitudot?INS,0,0, HTTP/1.1" 200 12572
186.79.207.0 - - [06/Mar/2017:12:56:26 -0300] "GET /cormun/static/gxcfg.js?20171191042720 HTTP/1.1" 304 -
186.79.207.0 - - [06/Mar/2017:12:56:26 -0300] "GET /cormun/servlet/solicitudot?INS,0,0, HTTP/1.1" 200 12577
186.103.157.235 - - [06/Mar/2017:12:56:27 -0300] "POST /cormun/servlet/trpermisosadjuntos?2a67bb9faa707e0ed8e36ccf6b12fc4c,9814667,20170306132726,P,,gx-no-cache=1488816026107 HTTP/1.1" 200 90
186.103.157.235 - - [06/Mar/2017:12:56:27 -0300] "GET /cormun/servlet/hpexe_link HTTP/1.1" 200 987
186.103.157.235 - - [06/Mar/2017:12:56:28 -0300] "GET /cormun/servlet/trpermisosgoce HTTP/1.1" 200 8217
186.103.157.235 - - [06/Mar/2017:12:56:28 -0300] "GET /cormun/servlet/trpermisosgoce HTTP/1.1" 200 8215
200.86.95.220 - - [06/Mar/2017:12:56:31 -0300] "POST /cormun/servlet/solicitudot?gx-no-cache=1488815861400 HTTP/1.1" 200 3151
200.112.3.122 - - [06/Mar/2017:12:56:31 -0300] "POST /cormun/servlet/solicitudot?gx-no-cache=1488815859270 HTTP/1.1" 200 3192
186.103.157.235 - - [06/Mar/2017:12:56:31 -0300] "POST /cormun/servlet/trpermisosgoce?2a67bb9faa707e0ed8e36ccf6b12fc4c,gx-no-cache=1488816029938 HTTP/1.1" 200 5511
200.86.95.220 - - [06/Mar/2017:12:56:32 -0300] "POST /cormun/servlet/solicitudot?cb333cd31bdbda53365400c87979ca38,INS,0,0,,gx-no-cache=1488815861639 HTTP/1.1" 200 9761
200.112.3.122 - - [06/Mar/2017:12:56:32 -0300] "POST /cormun/servlet/solicitudot?6f45cab308aea9a17aa97b1714be9b63,INS,0,0,,gx-no-cache=1488815859774 HTTP/1.1" 200 9985
200.112.3.122 - - [06/Mar/2017:12:56:32 -0300] "GET /cormun/servlet/solicitudot?818ed851d3f25de2ff5f798c9d1e5a8d8614f05af0a8bbccf86d6f34c44ef9440e65601bd3c7042ec90df7e49fd0e29c,gx-no-cache=1488815860326 HTTP/1.1" 200 30
200.86.95.220 - - [06/Mar/2017:12:56:36 -0300] "GET /cormun/servlet/solicitudot?5a2359863a39db92e6bd373f301bbc65d5d0dc94dde131068168e7dad96702cc29d3d3713a5987005a5067e9280fa370,gx-no-cache=1488815866515 HTTP/1.1" 200 30
200.112.3.122 - - [06/Mar/2017:12:56:37 -0300] "POST /cormun/servlet/solicitudot?gx-no-cache=1488815865572 HTTP/1.1" 200 297
200.112.3.122 - - [06/Mar/2017:12:56:38 -0300] "GET /cormun/servlet/solicitudot?818ed851d3f25de2ff5f798c9d1e5a8dbd195a56b7a36244ae9d40d3980ba8d8552e2de1282921a86cb95ff3ee47f8f83d6f46ea5ab14039e57afd54e036a3cfb741779a8a0c8dd0ba46d58f539a883683bc5f4ce4a2bc94d471d729213d90901bac889b4900bfc7e162d022c9357d1a7f8c2700dcab7ff78bfd764bbf4980ad914e78efe23fffcd4c761845098f6799f3e06b63e9fa8eb58b3e73aa30bdd5a121b377c59eb7997f9ebb70b2bebf9b50d4b81bd66e41b2c4109b34e785dea6fde3051c57489ea1399c64acc9f4a1634bda47919155a7dfcf86fdaaf818857f35ded381a0637ee6a1228a30a62eeb745e57264276670e9702fbaa33d0cc4db71a8223cafa90d02639e526f73bf6daf59084fea7fb20a09e0129cd6c5932c9aa9dcb78b22972418d10a3fcc1d3f811f6ffb83d51bac912ab461f1e1fd48ac63718bceea96e28eedf4ddea6c3cceb954e8ed89f3ce7fae8a28205abedb2ce55935edbd4fb79618508342c464c5b41ca19a84ff161f073d5ab9843d958fbf1a1e0310171f9a0d135c179deac94abb8ea2768,gx-no-cache=1488815865675 HTTP/1.1" 200 30
186.103.157.235 - - [06/Mar/2017:12:56:41 -0300] "GET /cormun/servlet/trpermisosadjuntos?11275627,20170306132915,P, HTTP/1.1" 200 6282
186.103.157.235 - - [06/Mar/2017:12:56:41 -0300] "GET /cormun/servlet/trpermisosadjuntos?11275627,20170306132915,P, HTTP/1.1" 200 6282
200.112.3.122 - - [06/Mar/2017:12:56:45 -0300] "POST /cormun/servlet/solicitudot?gx-no-cache=1488815873470 HTTP/1.1" 200 30
186.103.157.235 - - [06/Mar/2017:12:56:45 -0300] "GET /cormun/servlet/permisosadjuntos?INS,11275627,P,20170306132915,, HTTP/1.1" 200 5604
186.103.157.235 - - [06/Mar/2017:12:56:45 -0300] "GET /cormun/static/about:blank HTTP/1.1" 404 1011
186.103.157.235 - - [06/Mar/2017:12:56:46 -0300] "GET /cormun/servlet/permisosadjuntos?INS,11275627,P,20170306132915,, HTTP/1.1" 200 5595
200.86.95.220 - - [06/Mar/2017:12:56:54 -0300] "POST /cormun/servlet/solicitudot?gx-no-cache=1488815884285 HTTP/1.1" 200 297
200.86.95.220 - - [06/Mar/2017:12:56:54 -0300] "GET /cormun/servlet/solicitudot?5a2359863a39db92e6bd373f301bbc65fd7fb06208afee47ed15837c0dafc95ef9d88818c8839a46e349642a1cf6e4263fb8dc177b462233ac935c19f9b961e7fa6607ded2268a681e928e489cd9c9f883e35d53c03cda36b0f1440fca1df8a2e9810f2ea7090e7c6e735e7f23b7622c5f58f46ed5b1d366002d66a79c6fb2f970a239108fe7460124ea7780b722ea89a8c8252e1d9ea68843ec3ce3e33d516f014291d4724e88ddcc703a6ef2702b6a90b13f203b34a553624dc7d1d0680b41b3d3c014e7ab9f7873053c56c39ca5a8ac86c32ea48300f61e74e7986098b90ff865485579291ad4e64d347da17522003ba567b12ba2e31dea20641550c2d5000fadd61a6252bf99fd51e50b840532668a408172a7a6465924d5ccfd0e0372bd6e86de2d8f0052e04f18e06261f56daa95d19ad12bea7ab6869d37a482fa308dbbeaf5065be5f28fb53b143b20e3dc1cd46def725007d4a9486a95d5a865d14e6b8d84240ce4c213d8032429dbfb2753646cad2144d55d543bb7727373d5e66348bedccf0cdc0d0ff89f9f3cb517b92d,gx-no-cache=1488815884411 HTTP/1.1" 200 30
200.86.95.220 - - [06/Mar/2017:12:56:56 -0300] "POST /cormun/servlet/solicitudot?gx-no-cache=1488815886070 HTTP/1.1" 200 30
186.79.207.0 - - [06/Mar/2017:12:56:59 -0300] "POST /cormun/servlet/solicitudot?gx-no-cache=1488815889529 HTTP/1.1" 200 3081
186.79.207.0 - - [06/Mar/2017:12:57:00 -0300] "POST /cormun/servlet/solicitudot?5bc09692915b1a54752fba65f3e22f95,INS,0,0,,gx-no-cache=1488815890011 HTTP/1.1" 200 9684
200.86.95.220 - - [06/Mar/2017:12:57:00 -0300] "POST /cormun/servlet/solicitudot?gx-no-cache=1488815889846 HTTP/1.1" 200 235
200.86.95.220 - - [06/Mar/2017:12:57:00 -0300] "POST /cormun/servlet/solicitudot?gx-no-cache=1488815889951 HTTP/1.1" 200 38
200.112.3.122 - - [06/Mar/2017:12:57:02 -0300] "POST /cormun/servlet/solicitudot?gx-no-cache=1488815890098 HTTP/1.1" 200 1291
200.112.3.122 - - [06/Mar/2017:12:57:02 -0300] "POST /cormun/servlet/solicitudot?gx-no-cache=1488815890341 HTTP/1.1" 200 38
186.79.207.0 - - [06/Mar/2017:12:57:05 -0300] "GET /cormun/servlet/solicitudot?7fc6ca58430bc29f2cc4218e58e20c729fc2914647670b58536e1142e72b04a50fbe02a6690b790ce1c208dd55d52d9c,gx-no-cache=1488815895581 HTTP/1.1" 200 30
200.86.95.220 - - [06/Mar/2017:12:57:10 -0300] "GET /cormun/servlet/solicitudot?5a2359863a39db92e6bd373f301bbc65192f17de9e4abe207bf1726089481da8d2a4128ca0d39d552a59361124b8197f3ea6d2c8ddda9cf64f20ca83e44b5f5fe371cdc52efd92758e0aef1c3febaf4ef49b9395b45602960608b34ff034d1c0171bbd23cf075a4e9cb432ddf1d3c8b7,gx-no-cache=1488815900347 HTTP/1.1" 200 29
200.86.95.220 - - [06/Mar/2017:12:57:10 -0300] "POST /cormun/servlet/solicitudot?gx-no-cache=1488815900397 HTTP/1.1" 200 643
200.86.95.220 - - [06/Mar/2017:12:57:12 -0300] "POST /cormun/servlet/solicitudot?gx-no-cache=1488815901744 HTTP/1.1" 200 1157
200.112.3.122 - - [06/Mar/2017:12:57:14 -0300] "GET /cormun/servlet/prcontratosol?17506712,,,,,MD,,gxPopupLevel%3D0%3B HTTP/1.1" 200 5943
200.112.3.122 - - [06/Mar/2017:12:57:14 -0300] "GET /cormun/static/gxcfg.js?2016102711553248 HTTP/1.1" 200 953
200.112.3.122 - - [06/Mar/2017:12:57:14 -0300] "GET /cormun/static/Resources/PXToolsGridFirst.gif HTTP/1.1" 200 379
200.112.3.122 - - [06/Mar/2017:12:57:15 -0300] "GET /cormun/static/Resources/PXToolsGridPrevious.gif HTTP/1.1" 200 369
200.112.3.122 - - [06/Mar/2017:12:57:15 -0300] "GET /cormun/static/prcontratosol.js?2016102711553411 HTTP/1.1" 200 14084
200.86.95.220 - - [06/Mar/2017:12:57:21 -0300] "GET /cormun/static/menuarrow.gif HTTP/1.1" 404 1015
200.112.3.122 - - [06/Mar/2017:12:57:28 -0300] "POST /cormun/servlet/solicitudot?gx-no-cache=1488815916300 HTTP/1.1" 200 1291
200.112.3.122 - - [06/Mar/2017:12:57:28 -0300] "POST /cormun/servlet/solicitudot?gx-no-cache=1488815916546 HTTP/1.1" 200 38
200.112.3.122 - - [06/Mar/2017:12:57:28 -0300] "GET /cormun/servlet/solicitudot?818ed851d3f25de2ff5f798c9d1e5a8d199a09c8ba77146422bf84ddad6b7a127209cf7b8027198b72948e9d921228839c4ed25ed10483144f4cb877699e4a0515487c4d7082b9e32913e656f87e017fe4ecce73e6fceb2e7eddb4d4f7bcbda888fda3b35de14450c7a72b09a6b26bf0,gx-no-cache=1488815916635 HTTP/1.1" 200 29
200.112.3.122 - - [06/Mar/2017:12:57:29 -0300] "POST /cormun/servlet/solicitudot?gx-no-cache=1488815916707 HTTP/1.1" 200 1275
200.112.3.122 - - [06/Mar/2017:12:57:29 -0300] "POST /cormun/servlet/solicitudot?gx-no-cache=1488815916884 HTTP/1.1" 200 1156
200.86.95.220 - - [06/Mar/2017:12:57:29 -0300] "GET /cormun/servlet/solicitudot?5a2359863a39db92e6bd373f301bbc65f04be77289e496fbcd9aef0c3d5aabc25c0fb01fae517d0d339d4946ba15ce800334911f2a60919cc3bc22b9ee1f9fa33ac754010793d0bc5fe66186c881865de7051f00f8d0bab378e6d2820355cd81893bea3da2c7f209a835f20c35bdc14b440fd70d92c47289c9b4dad6580e1fe65374f71098b9f5de50df77aaae7f02b15c8a77b39d9f87ca1d1920a03d0e94e43bc86b0b18f489e4552ff69c0a202ee1,gx-no-cache=1488815919653 HTTP/1.1" 200 30
200.112.3.122 - - [06/Mar/2017:12:57:42 -0300] "POST /cormun/servlet/solicitudot?gx-no-cache=1488815929887 HTTP/1.1" 200 1291
200.112.3.122 - - [06/Mar/2017:12:57:42 -0300] "POST /cormun/servlet/solicitudot?gx-no-cache=1488815930092 HTTP/1.1" 200 38
186.103.157.235 - - [06/Mar/2017:12:57:45 -0300] "POST /cormun/servlet/permisosadjuntos?2a67bb9faa707e0ed8e36ccf6b12fc4c,INS,11275627,P,20170306132915,, HTTP/1.1" 200 116
186.103.157.235 - - [06/Mar/2017:12:57:45 -0300] "GET /cormun/servlet/hpexe_return? HTTP/1.1" 200 1040
186.103.157.235 - - [06/Mar/2017:12:57:46 -0300] "GET /cormun/servlet/trpermisosadjuntos?11275627,20170306132915,P, HTTP/1.1" 200 6719
186.103.157.235 - - [06/Mar/2017:12:57:46 -0300] "GET /cormun/servlet/trpermisosadjuntos?11275627,20170306132915,P, HTTP/1.1" 200 6717
200.112.3.122 - - [06/Mar/2017:12:57:47 -0300] "POST /cormun/servlet/solicitudot?gx-no-cache=1488815935156 HTTP/1.1" 200 1275
200.112.3.122 - - [06/Mar/2017:12:57:47 -0300] "POST /cormun/servlet/solicitudot?gx-no-cache=1488815935345 HTTP/1.1" 200 1156
200.86.95.220 - - [06/Mar/2017:12:57:47 -0300] "POST /cormun/servlet/solicitudot?cb333cd31bdbda53365400c87979ca38,INS,0,0,,gx-no-cache=1488815937287 HTTP/1.1" 200 93
200.112.3.122 - - [06/Mar/2017:12:57:47 -0300] "GET /cormun/static/menuarrow.gif HTTP/1.1" 404 1015
200.86.95.220 - - [06/Mar/2017:12:57:47 -0300] "GET /cormun/servlet/hpexe_return? HTTP/1.1" 200 1008
200.86.95.220 - - [06/Mar/2017:12:57:48 -0300] "GET /cormun/servlet/trsolicitudot HTTP/1.1" 200 8491
200.86.95.220 - - [06/Mar/2017:12:57:49 -0300] "GET /cormun/servlet/trsolicitudot HTTP/1.1" 200 8487
200.112.3.122 - - [06/Mar/2017:12:57:49 -0300] "POST /cormun/servlet/solicitudot?gx-no-cache=1488815937502 HTTP/1.1" 200 1275
200.112.3.122 - - [06/Mar/2017:12:57:50 -0300] "POST /cormun/servlet/solicitudot?gx-no-cache=1488815937708 HTTP/1.1" 200 1156
186.103.157.235 - - [06/Mar/2017:12:57:50 -0300] "POST /cormun/servlet/trpermisosadjuntos?2a67bb9faa707e0ed8e36ccf6b12fc4c,11275627,20170306132915,P,,gx-no-cache=1488816108783 HTTP/1.1" 200 90
186.103.157.235 - - [06/Mar/2017:12:57:50 -0300] "GET /cormun/servlet/hpexe_link HTTP/1.1" 200 1010
186.103.157.235 - - [06/Mar/2017:12:57:51 -0300] "GET /cormun/servlet/trpermisosgoce?gx-no-cache=1488816029938 HTTP/1.1" 200 8217
186.103.157.235 - - [06/Mar/2017:12:57:51 -0300] "GET /cormun/servlet/trpermisosgoce?gx-no-cache=1488816029938 HTTP/1.1" 200 8235
200.86.95.220 - - [06/Mar/2017:12:57:54 -0300] "POST /cormun/servlet/trsolicitudot?cb333cd31bdbda53365400c87979ca38,gx-no-cache=1488815943789 HTTP/1.1" 200 106
200.86.95.220 - - [06/Mar/2017:12:57:54 -0300] "GET /cormun/servlet/trsolicitudadjuntos?2017,5208, HTTP/1.1" 200 5865
200.86.95.220 - - [06/Mar/2017:12:57:54 -0300] "GET /cormun/static/gxcfg.js?201612218531388 HTTP/1.1" 304 -
200.86.95.220 - - [06/Mar/2017:12:57:55 -0300] "GET /cormun/servlet/trsolicitudadjuntos?2017,5208, HTTP/1.1" 200 5865
200.86.95.220 - - [06/Mar/2017:12:57:57 -0300] "GET /cormun/servlet/solicitudotadjuntos?INS,2017,5208,,1, HTTP/1.1" 200 5799
200.86.95.220 - - [06/Mar/2017:12:57:57 -0300] "GET /cormun/static/gxcfg.js?201612218465951 HTTP/1.1" 304 -
200.86.95.220 - - [06/Mar/2017:12:57:57 -0300] "GET /cormun/static/solicitudotadjuntos.js?201612218465969 HTTP/1.1" 304 -
200.86.95.220 - - [06/Mar/2017:12:57:58 -0300] "GET /cormun/static/about:blank HTTP/1.1" 404 1011
200.86.95.220 - - [06/Mar/2017:12:57:58 -0300] "GET /cormun/servlet/solicitudotadjuntos?INS,2017,5208,,1, HTTP/1.1" 200 5793
200.86.95.220 - - [06/Mar/2017:12:57:59 -0300] "GET /cormun/servlet/solicitudotadjuntos?5a2359863a39db92e6bd373f301bbc65b5dabe8f0881c9b739e8c6f44ec4b374284c271ef1d4d01e2d7fd5d504a9dcc4,gx-no-cache=1488815949007 HTTP/1.1" 200 30
200.86.95.220 - - [06/Mar/2017:12:57:59 -0300] "POST /cormun/servlet/solicitudotadjuntos?cb333cd31bdbda53365400c87979ca38,INS,2017,5208,,1,,gx-no-cache=1488815949073 HTTP/1.1" 200 3644
200.112.3.122 - - [06/Mar/2017:12:58:01 -0300] "GET /cormun/servlet/solicitudot?818ed851d3f25de2ff5f798c9d1e5a8d334bc82d467dbc3a7d2a12b3496d8ab2099631917219591f79f17cacc8f32b9cf166e4a662b5115c56ee5e36a409e9b677d85911f8714ec4e38e663731180588ea3c9caf490ab4695e473e8fc17e68fe5fff80e824e86d4801af33dadf466d9e2ac1807ecfd2989b303377deac4a4c83557432233e03f4485add797588a0caeb9f8b3e1301ce905684f226ffb1680768d02eb0233ba4c618509d9c36a9d26a25,gx-no-cache=1488815948713 HTTP/1.1" 200 30
186.103.157.235 - - [06/Mar/2017:12:58:02 -0300] "GET /cormun/servlet/trpermisosadjuntos?13503289,20170306133747,P, HTTP/1.1" 200 6294
186.103.157.235 - - [06/Mar/2017:12:58:02 -0300] "GET /cormun/servlet/trpermisosadjuntos?13503289,20170306133747,P, HTTP/1.1" 200 6272
200.112.3.122 - - [06/Mar/2017:12:58:06 -0300] "POST /cormun/servlet/solicitudot?6f45cab308aea9a17aa97b1714be9b63,INS,0,0,,gx-no-cache=1488815954136 HTTP/1.1" 200 11365
200.112.3.122 - - [06/Mar/2017:12:58:07 -0300] "GET /cormun/static/Shared/jqueryui/images/ui-bg_highlight-soft_100_c6c2c8_1x100.png HTTP/1.1" 404 1117
200.112.3.122 - - [06/Mar/2017:12:58:07 -0300] "GET /cormun/static/Shared/jqueryui/images/ui-icons_82798d_256x240.png HTTP/1.1" 404 1089
200.112.3.122 - - [06/Mar/2017:12:58:07 -0300] "GET /cormun/static/Shared/jqueryui/images/ui-bg_flat_55_994d53_40x100.png HTTP/1.1" 404 1097
200.112.3.122 - - [06/Mar/2017:12:58:07 -0300] "GET /cormun/static/Shared/jqueryui/images/ui-icons_ebccce_256x240.png HTTP/1.1" 404 1089
186.103.157.235 - - [06/Mar/2017:12:58:07 -0300] "GET /cormun/servlet/permisosadjuntos?INS,13503289,P,20170306133747,, HTTP/1.1" 200 5596
186.103.157.235 - - [06/Mar/2017:12:58:07 -0300] "GET /cormun/static/about:blank HTTP/1.1" 404 1011
186.103.157.235 - - [06/Mar/2017:12:58:07 -0300] "GET /cormun/servlet/permisosadjuntos?INS,13503289,P,20170306133747,, HTTP/1.1" 200 5586
200.86.95.220 - - [06/Mar/2017:12:58:18 -0300] "POST /cormun/servlet/solicitudotadjuntos?gx-no-cache=1488815968446 HTTP/1.1" 200 26
186.103.157.235 - - [06/Mar/2017:12:58:33 -0300] "POST /cormun/servlet/permisosadjuntos?2a67bb9faa707e0ed8e36ccf6b12fc4c,INS,13503289,P,20170306133747,, HTTP/1.1" 200 116
186.103.157.235 - - [06/Mar/2017:12:58:33 -0300] "GET /cormun/servlet/hpexe_return? HTTP/1.1" 200 1040
186.103.157.235 - - [06/Mar/2017:12:58:34 -0300] "GET /cormun/servlet/trpermisosadjuntos?13503289,20170306133747,P, HTTP/1.1" 200 6711
186.103.157.235 - - [06/Mar/2017:12:58:34 -0300] "GET /cormun/servlet/trpermisosadjuntos?13503289,20170306133747,P, HTTP/1.1" 200 6707
186.103.157.235 - - [06/Mar/2017:12:58:36 -0300] "POST /cormun/servlet/trpermisosadjuntos?2a67bb9faa707e0ed8e36ccf6b12fc4c,13503289,20170306133747,P,,gx-no-cache=1488816154775 HTTP/1.1" 200 90
186.103.157.235 - - [06/Mar/2017:12:58:36 -0300] "GET /cormun/servlet/hpexe_link HTTP/1.1" 200 1010
186.103.157.235 - - [06/Mar/2017:12:58:36 -0300] "GET /cormun/servlet/trpermisosgoce?gx-no-cache=1488816029938 HTTP/1.1" 200 8217
186.103.157.235 - - [06/Mar/2017:12:58:37 -0300] "GET /cormun/servlet/trpermisosgoce?gx-no-cache=1488816029938 HTTP/1.1" 200 8237
186.103.157.235 - - [06/Mar/2017:12:58:45 -0300] "GET /cormun/servlet/trpermisosadjuntos?18104139,20170306133040,P, HTTP/1.1" 200 6295
186.103.157.235 - - [06/Mar/2017:12:58:46 -0300] "GET /cormun/servlet/trpermisosadjuntos?18104139,20170306133040,P, HTTP/1.1" 200 6273
186.103.157.235 - - [06/Mar/2017:12:58:49 -0300] "GET /cormun/servlet/permisosadjuntos?INS,18104139,P,20170306133040,, HTTP/1.1" 200 5600
186.103.157.235 - - [06/Mar/2017:12:58:49 -0300] "GET /cormun/static/about:blank HTTP/1.1" 404 1011
186.103.157.235 - - [06/Mar/2017:12:58:49 -0300] "GET /cormun/servlet/permisosadjuntos?INS,18104139,P,20170306133040,, HTTP/1.1" 200 5590
200.112.3.122 - - [06/Mar/2017:12:58:49 -0300] "GET /cormun/servlet/trcontratounov2? HTTP/1.1" 200 16433
200.112.3.122 - - [06/Mar/2017:12:58:50 -0300] "GET /cormun/static/gxcfg.js?201612281114880 HTTP/1.1" 304 -
186.103.157.235 - - [06/Mar/2017:12:59:06 -0300] "POST /cormun/servlet/permisosadjuntos?2a67bb9faa707e0ed8e36ccf6b12fc4c,INS,18104139,P,20170306133040,, HTTP/1.1" 200 116
186.103.157.235 - - [06/Mar/2017:12:59:06 -0300] "GET /cormun/servlet/hpexe_return? HTTP/1.1" 200 1040
186.103.157.235 - - [06/Mar/2017:12:59:06 -0300] "GET /cormun/servlet/trpermisosadjuntos?18104139,20170306133040,P, HTTP/1.1" 200 6711
186.103.157.235 - - [06/Mar/2017:12:59:07 -0300] "GET /cormun/servlet/trpermisosadjuntos?18104139,20170306133040,P, HTTP/1.1" 200 6708
186.103.157.235 - - [06/Mar/2017:12:59:13 -0300] "GET /cormun/servlet/trautorizarpermisogoce? HTTP/1.1" 200 6694
186.103.157.235 - - [06/Mar/2017:12:59:13 -0300] "GET /cormun/static/gxcfg.js?201612262053193 HTTP/1.1" 200 953
186.103.157.235 - - [06/Mar/2017:12:59:13 -0300] "GET /cormun/static/trautorizarpermisogoce.js?201612262053552 HTTP/1.1" 200 31039
186.103.157.235 - - [06/Mar/2017:12:59:14 -0300] "GET /cormun/servlet/trautorizarpermisogoce? HTTP/1.1" 200 6670
200.86.95.220 - - [06/Mar/2017:12:59:18 -0300] "GET /cormun/servlet/solicitudotadjuntos?5a2359863a39db92e6bd373f301bbc65808c2827ee58b7adc2f829700d91c815,gx-no-cache=1488816028549 HTTP/1.1" 200 30
200.86.95.220 - - [06/Mar/2017:12:59:19 -0300] "GET /cormun/servlet/solicitudotadjuntos?5a2359863a39db92e6bd373f301bbc65808c2827ee58b7adc2f829700d91c815,gx-no-cache=1488816028668 HTTP/1.1" 200 30
200.86.95.220 - - [06/Mar/2017:12:59:21 -0300] "POST /cormun/servlet/solicitudotadjuntos?cb333cd31bdbda53365400c87979ca38,INS,2017,5208,,1, HTTP/1.1" 200 116
200.86.95.220 - - [06/Mar/2017:12:59:21 -0300] "GET /cormun/servlet/hpexe_return? HTTP/1.1" 200 1027
200.86.95.220 - - [06/Mar/2017:12:59:22 -0300] "GET /cormun/servlet/trsolicitudadjuntos?2017,5208, HTTP/1.1" 200 7941
200.86.95.220 - - [06/Mar/2017:12:59:23 -0300] "GET /cormun/servlet/trsolicitudadjuntos?2017,5208, HTTP/1.1" 200 7938
200.86.95.220 - - [06/Mar/2017:12:59:28 -0300] "GET /cormun/servlet/solicitudotadjuntos?INS,2017,5208,,1, HTTP/1.1" 200 5799
200.86.95.220 - - [06/Mar/2017:12:59:28 -0300] "GET /cormun/static/about:blank HTTP/1.1" 404 1011
200.86.95.220 - - [06/Mar/2017:12:59:29 -0300] "GET /cormun/servlet/solicitudotadjuntos?INS,2017,5208,,1, HTTP/1.1" 200 5793
200.86.95.220 - - [06/Mar/2017:12:59:29 -0300] "GET /cormun/servlet/solicitudotadjuntos?5a2359863a39db92e6bd373f301bbc65b5dabe8f0881c9b739e8c6f44ec4b374284c271ef1d4d01e2d7fd5d504a9dcc4,gx-no-cache=1488816039519 HTTP/1.1" 200 30
200.86.95.220 - - [06/Mar/2017:12:59:29 -0300] "POST /cormun/servlet/solicitudotadjuntos?cb333cd31bdbda53365400c87979ca38,INS,2017,5208,,1,,gx-no-cache=1488816039572 HTTP/1.1" 200 3644
200.86.95.220 - - [06/Mar/2017:12:59:36 -0300] "POST /cormun/servlet/solicitudotadjuntos?gx-no-cache=1488816045822 HTTP/1.1" 200 26
200.86.95.220 - - [06/Mar/2017:12:59:45 -0300] "GET /cormun/servlet/solicitudotadjuntos?5a2359863a39db92e6bd373f301bbc65808c2827ee58b7adc2f829700d91c815,gx-no-cache=1488816054782 HTTP/1.1" 200 30
200.86.95.220 - - [06/Mar/2017:12:59:45 -0300] "GET /cormun/servlet/solicitudotadjuntos?5a2359863a39db92e6bd373f301bbc65808c2827ee58b7adc2f829700d91c815,gx-no-cache=1488816054852 HTTP/1.1" 200 30
186.103.157.235 - - [06/Mar/2017:12:59:45 -0300] "POST /cormun/servlet/trautorizarpermisogoce?2a67bb9faa707e0ed8e36ccf6b12fc4c,,gx-no-cache=1488816223238 HTTP/1.1" 200 5453
186.103.157.235 - - [06/Mar/2017:12:59:45 -0300] "GET /cormun//static/Resources/PXToolsActionDisabled.gif HTTP/1.1" 200 53
200.86.95.220 - - [06/Mar/2017:12:59:45 -0300] "POST /cormun/servlet/solicitudotadjuntos?cb333cd31bdbda53365400c87979ca38,INS,2017,5208,,1, HTTP/1.1" 200 116
200.86.95.220 - - [06/Mar/2017:12:59:45 -0300] "GET /cormun/servlet/hpexe_return? HTTP/1.1" 200 1027
200.86.95.220 - - [06/Mar/2017:12:59:46 -0300] "GET /cormun/servlet/trsolicitudadjuntos?2017,5208, HTTP/1.1" 200 8147
200.86.95.220 - - [06/Mar/2017:12:59:47 -0300] "GET /cormun/servlet/trsolicitudadjuntos?2017,5208, HTTP/1.1" 200 8141
186.103.157.235 - - [06/Mar/2017:12:59:52 -0300] "POST /cormun/servlet/trautorizarpermisogoce?2a67bb9faa707e0ed8e36ccf6b12fc4c,,gx-no-cache=1488816230660 HTTP/1.1" 200 5468
186.103.157.235 - - [06/Mar/2017:12:59:52 -0300] "GET /cormun/static/Shared/jqueryui/images/ui-bg_highlight-soft_100_c6c2c8_1x100.png HTTP/1.1" 404 1117
186.103.157.235 - - [06/Mar/2017:12:59:52 -0300] "GET /cormun/static/Shared/jqueryui/images/ui-icons_82798d_256x240.png HTTP/1.1" 404 1089
186.103.157.235 - - [06/Mar/2017:12:59:52 -0300] "GET /cormun/static/Shared/jqueryui/images/ui-bg_flat_55_fafafa_40x100.png HTTP/1.1" 404 1097
186.103.157.235 - - [06/Mar/2017:12:59:52 -0300] "GET /cormun/static/Shared/jqueryui/images/ui-icons_8d78a5_256x240.png HTTP/1.1" 404 1089
200.86.95.220 - - [06/Mar/2017:12:59:53 -0300] "GET /cormun/servlet/solicitudotadjuntos?INS,2017,5208,,1, HTTP/1.1" 200 5799
