200.86.95.220 - - [06/Mar/2017:12:59:53 -0300] "GET /cormun/static/about:blank HTTP/1.1" 404 1011
200.86.95.220 - - [06/Mar/2017:12:59:54 -0300] "GET /cormun/servlet/solicitudotadjuntos?INS,2017,5208,,1, HTTP/1.1" 200 5793
200.86.95.220 - - [06/Mar/2017:12:59:54 -0300] "GET /cormun/servlet/solicitudotadjuntos?5a2359863a39db92e6bd373f301bbc65b5dabe8f0881c9b739e8c6f44ec4b374284c271ef1d4d01e2d7fd5d504a9dcc4,gx-no-cache=1488816064449 HTTP/1.1" 200 30
200.86.95.220 - - [06/Mar/2017:12:59:54 -0300] "POST /cormun/servlet/solicitudotadjuntos?cb333cd31bdbda53365400c87979ca38,INS,2017,5208,,1,,gx-no-cache=1488816064527 HTTP/1.1" 200 3644
186.103.157.235 - - [06/Mar/2017:13:00:03 -0300] "GET /cormun/servlet/autorizarpermisogoce?DSP,13503289,P,20170306133747, HTTP/1.1" 200 5913
186.103.157.235 - - [06/Mar/2017:13:00:03 -0300] "GET /cormun/static/gxcfg.js?201612261934249 HTTP/1.1" 200 953
186.103.157.235 - - [06/Mar/2017:13:00:03 -0300] "GET /cormun/static/autorizarpermisogoce.js?2016122619342431 HTTP/1.1" 200 15596
186.103.157.235 - - [06/Mar/2017:13:00:03 -0300] "GET /cormun/servlet/autorizarpermisogoce?DSP,13503289,P,20170306133747, HTTP/1.1" 200 5914
186.103.157.235 - - [06/Mar/2017:13:00:08 -0300] "POST /cormun/servlet/autorizarpermisogoce?2a67bb9faa707e0ed8e36ccf6b12fc4c,DSP,13503289,P,20170306133747,,gx-no-cache=1488816246960 HTTP/1.1" 200 93
186.103.157.235 - - [06/Mar/2017:13:00:08 -0300] "GET /cormun/servlet/hpexe_return? HTTP/1.1" 200 1036
186.103.157.235 - - [06/Mar/2017:13:00:09 -0300] "GET /cormun/servlet/trautorizarpermisogoce? HTTP/1.1" 200 8089
186.103.157.235 - - [06/Mar/2017:13:00:09 -0300] "GET /cormun/servlet/trautorizarpermisogoce? HTTP/1.1" 200 8085
186.103.157.235 - - [06/Mar/2017:13:00:17 -0300] "GET /cormun/servlet/trpermisosgoce? HTTP/1.1" 200 8216
186.103.157.235 - - [06/Mar/2017:13:00:17 -0300] "GET /cormun/servlet/trpermisosgoce? HTTP/1.1" 200 8213
186.103.157.235 - - [06/Mar/2017:13:00:22 -0300] "GET /cormun/servlet/permisogoce?DSP,18104139,P,20170306133040, HTTP/1.1" 200 6583
186.103.157.235 - - [06/Mar/2017:13:00:22 -0300] "GET /cormun/static/gxcfg.js?201612262052844 HTTP/1.1" 200 953
186.103.157.235 - - [06/Mar/2017:13:00:22 -0300] "GET /cormun/static/permisogoce.js?201612262052891 HTTP/1.1" 200 26147
186.103.157.235 - - [06/Mar/2017:13:00:22 -0300] "GET /cormun/servlet/permisogoce?DSP,18104139,P,20170306133040, HTTP/1.1" 200 6584
186.103.157.235 - - [06/Mar/2017:13:00:33 -0300] "GET /cormun/servlet/trpermisosgoce? HTTP/1.1" 200 8214
186.103.157.235 - - [06/Mar/2017:13:00:34 -0300] "GET /cormun/servlet/trpermisosgoce? HTTP/1.1" 200 8213
192.168.10.62 - - [06/Mar/2017:13:00:40 -0300] "GET /cormun/servlet/hlogin HTTP/1.1" 200 1715
192.168.10.62 - - [06/Mar/2017:13:00:40 -0300] "GET /cormun/static/gxtimezone.js?85251 HTTP/1.1" 304 -
192.168.10.62 - - [06/Mar/2017:13:00:40 -0300] "GET /cormun/static/gxcfg.js?201612216162538 HTTP/1.1" 304 -
192.168.10.62 - - [06/Mar/2017:13:00:40 -0300] "GET /cormun/static/messages.spa.js?85251 HTTP/1.1" 304 -
192.168.10.62 - - [06/Mar/2017:13:00:40 -0300] "GET /cormun/servlet/hlogin HTTP/1.1" 200 1725
186.79.207.0 - - [06/Mar/2017:13:00:42 -0300] "POST /cormun/servlet/solicitudot?gx-no-cache=1488816112519 HTTP/1.1" 200 297
186.79.207.0 - - [06/Mar/2017:13:00:42 -0300] "GET /cormun/servlet/solicitudot?7fc6ca58430bc29f2cc4218e58e20c726e7cc23d3f4f69d7bdb0d2f044306d8c84c069e9d1dcade7251213aaabf64cbc1a48920eb1f1f6d2a53dc571eb0c049573a9206673ae2ddcbe8879b537c7dab8f85f3c3c08f7a9c9bd5d52db854df9da036a2c9ebef0f0f957308b805264ec541f7e69121a9de8805c2ec1eb29c4fa70d3d3aea163c0f01309dfd57ef11c6b35492bf0be7bf2e53fc21cbbe9dbd01568cac435909677988ebfea3e5e27920b5f4a7235c2188cd352fe4a703a1be34d6a36d1f0391419e8709a32eda2ad8e4bde1a40eee59c5e7b3671bb885d72e943a5446fe82cad21a31a19473201c36bec26410bd69c23df3766b9b1d307d060402ce63af987e2136cc576e69864e23281f5f809339b6568422947a7b0d846b44e2e84c711f8ee4cb6c068a651e4116d938e41de7b09cf595464f56de9cacbe193e476dbe9bf75a288ad5ca0cddea0455ff1a93f619e2c41133ee5db4163b8d0d379ee4eab745abdbefae5715563c0b0afc4d0de3d7cc299442712290e36dadfbcd1e4f2019ee0d8fe92b802f8ce58187e48,gx-no-cache=1488816112716 HTTP/1.1" 200 30
186.103.157.235 - - [06/Mar/2017:13:00:42 -0300] "GET /cormun/servlet/trpermisosadjuntos?13503289,20170306133747,P, HTTP/1.1" 200 6707
186.103.157.235 - - [06/Mar/2017:13:00:43 -0300] "GET /cormun/servlet/trpermisosadjuntos?13503289,20170306133747,P, HTTP/1.1" 200 6708
186.79.207.0 - - [06/Mar/2017:13:00:46 -0300] "POST /cormun/servlet/solicitudot?gx-no-cache=1488816116198 HTTP/1.1" 200 30
186.79.207.0 - - [06/Mar/2017:13:00:48 -0300] "POST /cormun/servlet/solicitudot?gx-no-cache=1488816118857 HTTP/1.1" 200 235
186.79.207.0 - - [06/Mar/2017:13:00:48 -0300] "POST /cormun/servlet/solicitudot?gx-no-cache=1488816118985 HTTP/1.1" 200 38
192.168.10.62 - - [06/Mar/2017:13:00:49 -0300] "POST /cormun/servlet/hlogin?37558be1c095918dddbb2de958edbe53,gx-no-cache=1488819334052 HTTP/1.1" 200 90
192.168.10.62 - - [06/Mar/2017:13:00:49 -0300] "GET /cormun/servlet/hpexe_link HTTP/1.1" 200 950
192.168.10.62 - - [06/Mar/2017:13:00:49 -0300] "GET /cormun/static/gxcfg.js?201612218515529 HTTP/1.1" 304 -
192.168.10.62 - - [06/Mar/2017:13:00:49 -0300] "GET /cormun/servlet/hhome HTTP/1.1" 200 3773
192.168.10.62 - - [06/Mar/2017:13:00:49 -0300] "GET /cormun/static/gxcfg.js?201612218515568 HTTP/1.1" 304 -
192.168.10.62 - - [06/Mar/2017:13:00:50 -0300] "GET /cormun/servlet/hhome HTTP/1.1" 200 3770
186.103.157.235 - - [06/Mar/2017:13:00:52 -0300] "GET /cormun/servlet/trpermisosgoce? HTTP/1.1" 200 8216
192.168.10.62 - - [06/Mar/2017:13:00:53 -0300] "GET /cormun/servlet/trsolicitudgral? HTTP/1.1" 200 24432
192.168.10.62 - - [06/Mar/2017:13:00:53 -0300] "GET /cormun/static/calendar.js?85251 HTTP/1.1" 304 -
192.168.10.62 - - [06/Mar/2017:13:00:53 -0300] "GET /cormun/static/calendar-es.js?85251 HTTP/1.1" 304 -
192.168.10.62 - - [06/Mar/2017:13:00:53 -0300] "GET /cormun/static/calendar-setup.js?85251 HTTP/1.1" 304 -
192.168.10.62 - - [06/Mar/2017:13:00:53 -0300] "GET /cormun/static/gxcfg.js?2017262239522 HTTP/1.1" 304 -
192.168.10.62 - - [06/Mar/2017:13:00:53 -0300] "GET /cormun/static/gxdec.js?85251 HTTP/1.1" 304 -
192.168.10.62 - - [06/Mar/2017:13:00:53 -0300] "GET /cormun/static/trsolicitudgral.js?20172622391253 HTTP/1.1" 304 -
186.103.157.235 - - [06/Mar/2017:13:00:53 -0300] "GET /cormun/servlet/trpermisosgoce? HTTP/1.1" 200 8213
192.168.10.62 - - [06/Mar/2017:13:00:54 -0300] "GET /cormun/servlet/trsolicitudgral? HTTP/1.1" 200 24429
192.168.10.62 - - [06/Mar/2017:13:01:01 -0300] "POST /cormun/servlet/trsolicitudgral?37558be1c095918dddbb2de958edbe53,,gx-no-cache=1488819345745 HTTP/1.1" 200 4963
186.103.157.235 - - [06/Mar/2017:13:01:01 -0300] "POST /cormun/servlet/trpermisosgoce?2a67bb9faa707e0ed8e36ccf6b12fc4c,,gx-no-cache=1488816299491 HTTP/1.1" 200 5508
186.103.157.235 - - [06/Mar/2017:13:01:03 -0300] "POST /cormun/servlet/trpermisosgoce?2a67bb9faa707e0ed8e36ccf6b12fc4c,,gx-no-cache=1488816301789 HTTP/1.1" 200 5507
192.168.10.62 - - [06/Mar/2017:13:01:04 -0300] "GET /cormun/static/menuarrow.gif HTTP/1.1" 404 1015
186.103.157.235 - - [06/Mar/2017:13:01:04 -0300] "POST /cormun/servlet/trpermisosgoce?2a67bb9faa707e0ed8e36ccf6b12fc4c,,gx-no-cache=1488816302932 HTTP/1.1" 200 5514
186.103.157.235 - - [06/Mar/2017:13:01:06 -0300] "POST /cormun/servlet/trpermisosgoce?2a67bb9faa707e0ed8e36ccf6b12fc4c,,gx-no-cache=1488816304197 HTTP/1.1" 200 5508
192.168.10.62 - - [06/Mar/2017:13:01:10 -0300] "POST /cormun/servlet/trsolicitudgral?37558be1c095918dddbb2de958edbe53,,gx-no-cache=1488819354891 HTTP/1.1" 200 6249
186.79.207.0 - - [06/Mar/2017:13:01:13 -0300] "GET /cormun/servlet/solicitudot?7fc6ca58430bc29f2cc4218e58e20c726ce511be4aba56c79c250d9ff2b134912c890c6fd8a9d5b5be078f762190628c94a2336b257f38531e1280122e5156fbdac3b130a14db76507ea645d35f1c8ff1ebb5060ad91e2d5136c041bb1df8746bb15420fda7f2b407e3c979d84cd91a0,gx-no-cache=1488816143938 HTTP/1.1" 200 29
186.79.207.0 - - [06/Mar/2017:13:01:13 -0300] "POST /cormun/servlet/solicitudot?gx-no-cache=1488816144064 HTTP/1.1" 200 643
186.103.157.235 - - [06/Mar/2017:13:01:13 -0300] "POST /cormun/servlet/trpermisosgoce?2a67bb9faa707e0ed8e36ccf6b12fc4c,,gx-no-cache=1488816311971 HTTP/1.1" 200 4095
186.79.207.0 - - [06/Mar/2017:13:01:15 -0300] "POST /cormun/servlet/solicitudot?gx-no-cache=1488816145239 HTTP/1.1" 200 1157
186.103.157.235 - - [06/Mar/2017:13:01:20 -0300] "POST /cormun/servlet/trpermisosgoce?2a67bb9faa707e0ed8e36ccf6b12fc4c,,gx-no-cache=1488816318551 HTTP/1.1" 200 4097
186.103.157.235 - - [06/Mar/2017:13:01:21 -0300] "POST /cormun/servlet/trpermisosgoce?2a67bb9faa707e0ed8e36ccf6b12fc4c,,gx-no-cache=1488816319571 HTTP/1.1" 200 4097
186.103.157.235 - - [06/Mar/2017:13:01:29 -0300] "GET /cormun/servlet/trautorizarpermisogoce? HTTP/1.1" 200 8080
186.103.157.235 - - [06/Mar/2017:13:01:30 -0300] "GET /cormun/servlet/trautorizarpermisogoce? HTTP/1.1" 200 8080
186.103.157.235 - - [06/Mar/2017:13:01:38 -0300] "POST /cormun/servlet/trautorizarpermisogoce?2a67bb9faa707e0ed8e36ccf6b12fc4c,,gx-no-cache=1488816336242 HTTP/1.1" 200 5464
192.168.10.62 - - [06/Mar/2017:13:01:40 -0300] "POST /cormun/servlet/trsolicitudgral?37558be1c095918dddbb2de958edbe53,,gx-no-cache=1488819384570 HTTP/1.1" 200 105
192.168.10.62 - - [06/Mar/2017:13:01:40 -0300] "POST /cormun/servlet/trsolicitudgral?37558be1c095918dddbb2de958edbe53,,gx-no-cache=1488819384697 HTTP/1.1" 200 6231
192.168.10.62 - - [06/Mar/2017:13:01:40 -0300] "GET /cormun/SolicitudGral-8082.xls HTTP/1.1" 200 5632
186.103.157.235 - - [06/Mar/2017:13:01:54 -0300] "GET /cormun/servlet/trpermisosgoce? HTTP/1.1" 200 6716
186.103.157.235 - - [06/Mar/2017:13:01:55 -0300] "GET /cormun/servlet/trpermisosgoce? HTTP/1.1" 200 6715
200.86.95.220 - - [06/Mar/2017:13:01:58 -0300] "POST /cormun/servlet/solicitudotadjuntos?gx-no-cache=1488816187888 HTTP/1.1" 200 26
186.79.207.0 - - [06/Mar/2017:13:01:58 -0300] "GET /cormun/servlet/solicitudot?7fc6ca58430bc29f2cc4218e58e20c72c49b9c583fe6f7c07148ce7eed8279963a2dba93901c3b94eeb27174947bdd71783fef8c45213a7457eae76a185efd5c26ac1d2fd0451c23f135b1f74bf4613e5a03e34c26a7a4601a572e8c0a77d92f901a8a8224e0e10ce342374f6457ed31c7c81653bfd410043b5569cc491e5a88ae4d46cd1038e6dd9ed8da151513693aa1988487d11d8b30aae9b43d00f1388d673863fe02ecc124de3c104a215b6e6c,gx-no-cache=1488816188837 HTTP/1.1" 200 30
186.103.157.235 - - [06/Mar/2017:13:02:02 -0300] "POST /cormun/servlet/trpermisosgoce?2a67bb9faa707e0ed8e36ccf6b12fc4c,,gx-no-cache=1488816360080 HTTP/1.1" 200 5537
200.86.95.220 - - [06/Mar/2017:13:02:04 -0300] "GET /cormun/servlet/solicitudotadjuntos?5a2359863a39db92e6bd373f301bbc65808c2827ee58b7adc2f829700d91c815,gx-no-cache=1488816194338 HTTP/1.1" 200 30
200.86.95.220 - - [06/Mar/2017:13:02:04 -0300] "GET /cormun/servlet/solicitudotadjuntos?5a2359863a39db92e6bd373f301bbc65808c2827ee58b7adc2f829700d91c815,gx-no-cache=1488816194431 HTTP/1.1" 200 30
200.86.95.220 - - [06/Mar/2017:13:02:05 -0300] "POST /cormun/servlet/solicitudotadjuntos?cb333cd31bdbda53365400c87979ca38,INS,2017,5208,,1, HTTP/1.1" 200 116
200.86.95.220 - - [06/Mar/2017:13:02:05 -0300] "GET /cormun/servlet/hpexe_return? HTTP/1.1" 200 1027
200.86.95.220 - - [06/Mar/2017:13:02:06 -0300] "GET /cormun/servlet/trsolicitudadjuntos?2017,5208, HTTP/1.1" 200 8299
200.86.95.220 - - [06/Mar/2017:13:02:07 -0300] "GET /cormun/servlet/trsolicitudadjuntos?2017,5208, HTTP/1.1" 200 8294
186.103.157.235 - - [06/Mar/2017:13:02:08 -0300] "GET /cormun/servlet/trpermisosadjuntos?18104139,20170306133040,P, HTTP/1.1" 200 6707
186.103.157.235 - - [06/Mar/2017:13:02:08 -0300] "GET /cormun/servlet/trpermisosadjuntos?18104139,20170306133040,P, HTTP/1.1" 200 6708
192.168.10.62 - - [06/Mar/2017:13:02:14 -0300] "POST /cormun/servlet/trsolicitudgral?37558be1c095918dddbb2de958edbe53,,gx-no-cache=1488819418798 HTTP/1.1" 200 6249
192.168.10.62 - - [06/Mar/2017:13:02:17 -0300] "POST /cormun/servlet/trsolicitudgral?37558be1c095918dddbb2de958edbe53,,gx-no-cache=1488819422408 HTTP/1.1" 200 4962
192.168.10.62 - - [06/Mar/2017:13:02:24 -0300] "POST /cormun/servlet/trsolicitudgral?37558be1c095918dddbb2de958edbe53,,gx-no-cache=1488819429448 HTTP/1.1" 200 4963
200.86.95.220 - - [06/Mar/2017:13:02:25 -0300] "GET /cormun/servlet/solicitudotadjuntos?INS,2017,5208,,1, HTTP/1.1" 200 5799
200.86.95.220 - - [06/Mar/2017:13:02:25 -0300] "GET /cormun/static/about:blank HTTP/1.1" 404 1011
200.86.95.220 - - [06/Mar/2017:13:02:26 -0300] "GET /cormun/servlet/solicitudotadjuntos?INS,2017,5208,,1, HTTP/1.1" 200 5793
200.86.95.220 - - [06/Mar/2017:13:02:27 -0300] "GET /cormun/servlet/solicitudotadjuntos?5a2359863a39db92e6bd373f301bbc65b5dabe8f0881c9b739e8c6f44ec4b374284c271ef1d4d01e2d7fd5d504a9dcc4,gx-no-cache=1488816217031 HTTP/1.1" 200 30
200.86.95.220 - - [06/Mar/2017:13:02:27 -0300] "POST /cormun/servlet/solicitudotadjuntos?cb333cd31bdbda53365400c87979ca38,INS,2017,5208,,1,,gx-no-cache=1488816217087 HTTP/1.1" 200 3643
192.168.10.62 - - [06/Mar/2017:13:02:29 -0300] "GET /cormun/servlet/trsolicitudgral? HTTP/1.1" 200 7965
192.168.10.62 - - [06/Mar/2017:13:02:30 -0300] "GET /cormun/servlet/trsolicitudgral? HTTP/1.1" 200 7965
186.103.157.235 - - [06/Mar/2017:13:02:31 -0300] "GET /cormun/servlet/trautorizarpermisogoce? HTTP/1.1" 200 8086
186.103.157.235 - - [06/Mar/2017:13:02:32 -0300] "GET /cormun/servlet/trautorizarpermisogoce? HTTP/1.1" 200 8085
200.86.95.220 - - [06/Mar/2017:13:02:32 -0300] "POST /cormun/servlet/solicitudotadjuntos?gx-no-cache=1488816222194 HTTP/1.1" 200 26
186.103.157.235 - - [06/Mar/2017:13:02:37 -0300] "POST /cormun/servlet/trautorizarpermisogoce?2a67bb9faa707e0ed8e36ccf6b12fc4c,,gx-no-cache=1488816395279 HTTP/1.1" 200 5468
186.79.207.0 - - [06/Mar/2017:13:02:39 -0300] "POST /cormun/servlet/solicitudot?5bc09692915b1a54752fba65f3e22f95,INS,0,0,,gx-no-cache=1488816229326 HTTP/1.1" 200 93
186.79.207.0 - - [06/Mar/2017:13:02:39 -0300] "GET /cormun/servlet/hpexe_return? HTTP/1.1" 200 1009
186.79.207.0 - - [06/Mar/2017:13:02:39 -0300] "GET /cormun/static/gxcfg.js?2016101716175148 HTTP/1.1" 304 -
186.79.207.0 - - [06/Mar/2017:13:02:40 -0300] "GET /cormun/servlet/trsolicitudot HTTP/1.1" 200 7997
200.86.95.220 - - [06/Mar/2017:13:02:40 -0300] "GET /cormun/servlet/solicitudotadjuntos?5a2359863a39db92e6bd373f301bbc65808c2827ee58b7adc2f829700d91c815,gx-no-cache=1488816230452 HTTP/1.1" 200 30
200.86.95.220 - - [06/Mar/2017:13:02:40 -0300] "GET /cormun/servlet/solicitudotadjuntos?5a2359863a39db92e6bd373f301bbc65808c2827ee58b7adc2f829700d91c815,gx-no-cache=1488816230518 HTTP/1.1" 200 30
186.79.207.0 - - [06/Mar/2017:13:02:40 -0300] "GET /cormun/servlet/trsolicitudot HTTP/1.1" 200 7993
200.86.95.220 - - [06/Mar/2017:13:02:41 -0300] "POST /cormun/servlet/solicitudotadjuntos?cb333cd31bdbda53365400c87979ca38,INS,2017,5208,,1, HTTP/1.1" 200 116
200.86.95.220 - - [06/Mar/2017:13:02:41 -0300] "GET /cormun/servlet/hpexe_return? HTTP/1.1" 200 1027
192.168.10.62 - - [06/Mar/2017:13:02:41 -0300] "GET /cormun/servlet/hlogin HTTP/1.1" 200 1734
200.86.95.220 - - [06/Mar/2017:13:02:42 -0300] "GET /cormun/servlet/trsolicitudadjuntos?2017,5208, HTTP/1.1" 200 8434
200.86.95.220 - - [06/Mar/2017:13:02:43 -0300] "GET /cormun/servlet/trsolicitudadjuntos?2017,5208, HTTP/1.1" 200 8433
200.86.95.220 - - [06/Mar/2017:13:02:45 -0300] "GET /cormun/servlet/solicitudotadjuntos?INS,2017,5208,,1, HTTP/1.1" 200 5799
200.86.95.220 - - [06/Mar/2017:13:02:45 -0300] "GET /cormun/static/about:blank HTTP/1.1" 404 1011
200.86.95.220 - - [06/Mar/2017:13:02:46 -0300] "GET /cormun/servlet/solicitudotadjuntos?INS,2017,5208,,1, HTTP/1.1" 200 5793
200.86.95.220 - - [06/Mar/2017:13:02:46 -0300] "GET /cormun/servlet/solicitudotadjuntos?5a2359863a39db92e6bd373f301bbc65b5dabe8f0881c9b739e8c6f44ec4b374284c271ef1d4d01e2d7fd5d504a9dcc4,gx-no-cache=1488816236418 HTTP/1.1" 200 30
200.86.95.220 - - [06/Mar/2017:13:02:46 -0300] "POST /cormun/servlet/solicitudotadjuntos?cb333cd31bdbda53365400c87979ca38,INS,2017,5208,,1,,gx-no-cache=1488816236493 HTTP/1.1" 200 3643
200.86.95.220 - - [06/Mar/2017:13:02:54 -0300] "POST /cormun/servlet/solicitudotadjuntos?gx-no-cache=1488816244017 HTTP/1.1" 200 26
200.86.95.220 - - [06/Mar/2017:13:03:00 -0300] "GET /cormun/servlet/solicitudotadjuntos?5a2359863a39db92e6bd373f301bbc65808c2827ee58b7adc2f829700d91c815,gx-no-cache=1488816250541 HTTP/1.1" 200 30
200.86.95.220 - - [06/Mar/2017:13:03:00 -0300] "GET /cormun/servlet/solicitudotadjuntos?5a2359863a39db92e6bd373f301bbc65808c2827ee58b7adc2f829700d91c815,gx-no-cache=1488816250585 HTTP/1.1" 200 30
200.86.95.220 - - [06/Mar/2017:13:03:01 -0300] "POST /cormun/servlet/solicitudotadjuntos?cb333cd31bdbda53365400c87979ca38,INS,2017,5208,,1, HTTP/1.1" 200 116
200.86.95.220 - - [06/Mar/2017:13:03:01 -0300] "GET /cormun/servlet/hpexe_return? HTTP/1.1" 200 1027
200.86.95.220 - - [06/Mar/2017:13:03:02 -0300] "GET /cormun/servlet/trsolicitudadjuntos?2017,5208, HTTP/1.1" 200 8569
200.86.95.220 - - [06/Mar/2017:13:03:04 -0300] "GET /cormun/servlet/trsolicitudadjuntos?2017,5208, HTTP/1.1" 200 8568
200.86.95.220 - - [06/Mar/2017:13:03:05 -0300] "GET /cormun/servlet/solicitudotadjuntos?INS,2017,5208,,1, HTTP/1.1" 200 5799
200.86.95.220 - - [06/Mar/2017:13:03:05 -0300] "GET /cormun/static/about:blank HTTP/1.1" 404 1011
200.86.95.220 - - [06/Mar/2017:13:03:06 -0300] "GET /cormun/servlet/solicitudotadjuntos?INS,2017,5208,,1, HTTP/1.1" 200 5793
200.86.95.220 - - [06/Mar/2017:13:03:07 -0300] "GET /cormun/servlet/solicitudotadjuntos?5a2359863a39db92e6bd373f301bbc65b5dabe8f0881c9b739e8c6f44ec4b374284c271ef1d4d01e2d7fd5d504a9dcc4,gx-no-cache=1488816256974 HTTP/1.1" 200 30
200.86.95.220 - - [06/Mar/2017:13:03:07 -0300] "POST /cormun/servlet/solicitudotadjuntos?cb333cd31bdbda53365400c87979ca38,INS,2017,5208,,1,,gx-no-cache=1488816257063 HTTP/1.1" 200 3643
200.86.95.220 - - [06/Mar/2017:13:03:09 -0300] "POST /cormun/servlet/solicitudotadjuntos?gx-no-cache=1488816259385 HTTP/1.1" 200 26
200.86.95.220 - - [06/Mar/2017:13:03:14 -0300] "GET /cormun/servlet/solicitudotadjuntos?5a2359863a39db92e6bd373f301bbc65808c2827ee58b7adc2f829700d91c815,gx-no-cache=1488816264587 HTTP/1.1" 200 30
200.86.95.220 - - [06/Mar/2017:13:03:14 -0300] "GET /cormun/servlet/solicitudotadjuntos?5a2359863a39db92e6bd373f301bbc65808c2827ee58b7adc2f829700d91c815,gx-no-cache=1488816264625 HTTP/1.1" 200 30
200.86.95.220 - - [06/Mar/2017:13:03:15 -0300] "POST /cormun/servlet/solicitudotadjuntos?cb333cd31bdbda53365400c87979ca38,INS,2017,5208,,1, HTTP/1.1" 200 116
200.86.95.220 - - [06/Mar/2017:13:03:15 -0300] "GET /cormun/servlet/hpexe_return? HTTP/1.1" 200 1027
200.86.95.220 - - [06/Mar/2017:13:03:16 -0300] "GET /cormun/servlet/trsolicitudadjuntos?2017,5208, HTTP/1.1" 200 8792
200.86.95.220 - - [06/Mar/2017:13:03:18 -0300] "GET /cormun/servlet/trsolicitudadjuntos?2017,5208, HTTP/1.1" 200 8792
200.86.95.220 - - [06/Mar/2017:13:03:20 -0300] "POST /cormun/servlet/trsolicitudadjuntos?cb333cd31bdbda53365400c87979ca38,2017,5208,,gx-no-cache=1488816270064 HTTP/1.1" 200 90
200.86.95.220 - - [06/Mar/2017:13:03:20 -0300] "GET /cormun/servlet/hpexe_link HTTP/1.1" 200 971
200.86.95.220 - - [06/Mar/2017:13:03:20 -0300] "GET /cormun/servlet/trsolicitudot HTTP/1.1" 200 8488
200.86.95.220 - - [06/Mar/2017:13:03:22 -0300] "GET /cormun/servlet/trsolicitudot HTTP/1.1" 200 8487
192.168.10.62 - - [06/Mar/2017:13:03:29 -0300] "POST /cormun/servlet/hlogin?37558be1c095918dddbb2de958edbe53,gx-no-cache=1488819494032 HTTP/1.1" 200 90
192.168.10.62 - - [06/Mar/2017:13:03:29 -0300] "GET /cormun/servlet/hpexe_link HTTP/1.1" 200 950
192.168.10.62 - - [06/Mar/2017:13:03:29 -0300] "GET /cormun/servlet/hhome HTTP/1.1" 200 3969
192.168.10.62 - - [06/Mar/2017:13:03:30 -0300] "GET /cormun/static/SmoothNavMenu/resources/images/right.gif HTTP/1.1" 200 860
192.168.10.62 - - [06/Mar/2017:13:03:30 -0300] "GET /cormun/servlet/hhome HTTP/1.1" 200 3966
192.168.10.62 - - [06/Mar/2017:13:03:36 -0300] "GET /cormun/servlet/trvisualizadoreventos? HTTP/1.1" 200 6701
192.168.10.62 - - [06/Mar/2017:13:03:36 -0300] "GET /cormun/static/gxcfg.js?2016101716203350 HTTP/1.1" 304 -
192.168.10.62 - - [06/Mar/2017:13:03:36 -0300] "GET /cormun/servlet/trvisualizadoreventos? HTTP/1.1" 200 6700
192.168.10.62 - - [06/Mar/2017:13:03:45 -0300] "GET /cormun/servlet/trcontratosolicitud? HTTP/1.1" 200 9914
192.168.10.62 - - [06/Mar/2017:13:03:45 -0300] "GET /cormun/static/gxcfg.js?20171317451682 HTTP/1.1" 200 953
192.168.10.62 - - [06/Mar/2017:13:03:45 -0300] "GET /cormun/static/trcontratosolicitud.js?20171317452124 HTTP/1.1" 200 28173
192.168.10.62 - - [06/Mar/2017:13:03:45 -0300] "GET /cormun//static/Resources/PXToolsActionDisabled.gif HTTP/1.1" 200 53
192.168.10.62 - - [06/Mar/2017:13:03:45 -0300] "GET /cormun//static/Resources/PXToolsGridNew.png HTTP/1.1" 200 2949
192.168.10.62 - - [06/Mar/2017:13:03:46 -0300] "GET /cormun/servlet/trcontratosolicitud? HTTP/1.1" 200 9915
192.168.10.62 - - [06/Mar/2017:13:04:01 -0300] "POST /cormun/servlet/trcontratosolicitud?37558be1c095918dddbb2de958edbe53,,gx-no-cache=1488819525484 HTTP/1.1" 200 5086
200.86.95.220 - - [06/Mar/2017:13:04:09 -0300] "POST /cormun/servlet/trsolicitudot?cb333cd31bdbda53365400c87979ca38,gx-no-cache=1488816318723 HTTP/1.1" 200 5317
200.86.95.220 - - [06/Mar/2017:13:04:09 -0300] "GET /cormun/static/Shared/jqueryui/images/ui-bg_highlight-soft_100_c6c2c8_1x100.png HTTP/1.1" 404 1117
200.86.95.220 - - [06/Mar/2017:13:04:09 -0300] "GET /cormun/static/Shared/jqueryui/images/ui-icons_82798d_256x240.png HTTP/1.1" 404 1089
200.86.95.220 - - [06/Mar/2017:13:04:09 -0300] "GET /cormun/static/Shared/jqueryui/images/ui-bg_flat_55_fafafa_40x100.png HTTP/1.1" 404 1097
200.86.95.220 - - [06/Mar/2017:13:04:09 -0300] "GET /cormun/static/Shared/jqueryui/images/ui-icons_8d78a5_256x240.png HTTP/1.1" 404 1089
200.86.95.220 - - [06/Mar/2017:13:04:09 -0300] "POST /cormun/servlet/trsolicitudot?cb333cd31bdbda53365400c87979ca38,gx-no-cache=1488816319192 HTTP/1.1" 200 5259
200.86.95.220 - - [06/Mar/2017:13:04:14 -0300] "GET /cormun/servlet/trautorizarsolicitud? HTTP/1.1" 200 8653
200.86.95.220 - - [06/Mar/2017:13:04:14 -0300] "GET /cormun/static/gxcfg.js?2017259112829 HTTP/1.1" 304 -
200.86.95.220 - - [06/Mar/2017:13:04:14 -0300] "GET /cormun/static/trautorizarsolicitud.js?2017259113483 HTTP/1.1" 304 -
200.86.95.220 - - [06/Mar/2017:13:04:16 -0300] "GET /cormun/servlet/trautorizarsolicitud? HTTP/1.1" 200 8650
200.86.95.220 - - [06/Mar/2017:13:04:17 -0300] "POST /cormun/servlet/acontrolpreferencessavestate?None,CD-35,true HTTP/1.1" 200 35
200.86.95.220 - - [06/Mar/2017:13:04:21 -0300] "POST /cormun/servlet/trautorizarsolicitud?cb333cd31bdbda53365400c87979ca38,,gx-no-cache=1488816330908 HTTP/1.1" 200 5610
200.86.95.220 - - [06/Mar/2017:13:04:21 -0300] "GET /cormun/static/Shared/jqueryui/images/ui-bg_highlight-soft_100_c6c2c8_1x100.png HTTP/1.1" 404 1117
200.86.95.220 - - [06/Mar/2017:13:04:21 -0300] "GET /cormun/static/Shared/jqueryui/images/ui-icons_82798d_256x240.png HTTP/1.1" 404 1089
200.86.95.220 - - [06/Mar/2017:13:04:21 -0300] "GET /cormun/static/Shared/jqueryui/images/ui-bg_flat_55_fafafa_40x100.png HTTP/1.1" 404 1097
200.86.95.220 - - [06/Mar/2017:13:04:21 -0300] "GET /cormun/static/Shared/jqueryui/images/ui-icons_8d78a5_256x240.png HTTP/1.1" 404 1089
200.86.95.220 - - [06/Mar/2017:13:04:21 -0300] "POST /cormun/servlet/trautorizarsolicitud?cb333cd31bdbda53365400c87979ca38,,gx-no-cache=1488816331355 HTTP/1.1" 200 5552
200.86.95.220 - - [06/Mar/2017:13:04:24 -0300] "POST /cormun/servlet/trautorizarsolicitud?cb333cd31bdbda53365400c87979ca38,,gx-no-cache=1488816333808 HTTP/1.1" 200 5250
200.86.95.220 - - [06/Mar/2017:13:04:24 -0300] "POST /cormun/servlet/trautorizarsolicitud?cb333cd31bdbda53365400c87979ca38,,gx-no-cache=1488816334138 HTTP/1.1" 200 5193
200.86.95.220 - - [06/Mar/2017:13:04:28 -0300] "POST /cormun/servlet/trautorizarsolicitud?cb333cd31bdbda53365400c87979ca38,,gx-no-cache=1488816338207 HTTP/1.1" 200 4156
200.86.95.220 - - [06/Mar/2017:13:04:28 -0300] "POST /cormun/servlet/trautorizarsolicitud?cb333cd31bdbda53365400c87979ca38,,gx-no-cache=1488816338520 HTTP/1.1" 200 3920
192.168.10.62 - - [06/Mar/2017:13:04:29 -0300] "GET /cormun/servlet/trcontratounov2? HTTP/1.1" 200 14661
192.168.10.62 - - [06/Mar/2017:13:04:29 -0300] "GET /cormun/static/gxcfg.js?201612281114880 HTTP/1.1" 200 953
192.168.10.62 - - [06/Mar/2017:13:04:29 -0300] "GET /cormun/static/trcontratounov2.js?2016122811141421 HTTP/1.1" 200 38423
192.168.10.62 - - [06/Mar/2017:13:04:29 -0300] "GET /cormun/static/Resources/PXToolsGridNew.png HTTP/1.1" 200 2949
192.168.10.62 - - [06/Mar/2017:13:04:29 -0300] "GET /cormun/static/Resources/PXToolsAddSelectedAction.png HTTP/1.1" 200 3660
192.168.10.62 - - [06/Mar/2017:13:04:29 -0300] "GET /cormun/servlet/trcontratounov2? HTTP/1.1" 200 14669
200.86.95.220 - - [06/Mar/2017:13:04:35 -0300] "POST /cormun/servlet/trsolicitudot?cb333cd31bdbda53365400c87979ca38,gx-no-cache=1488816345399 HTTP/1.1" 200 105
200.86.95.220 - - [06/Mar/2017:13:04:35 -0300] "GET /cormun/servlet/solicitudot?DLT,2017,5011, HTTP/1.1" 200 9359
200.86.95.220 - - [06/Mar/2017:13:04:37 -0300] "GET /cormun/static/Shared/jqueryui/images/ui-bg_highlight-soft_100_c6c2c8_1x100.png HTTP/1.1" 404 1117
200.86.95.220 - - [06/Mar/2017:13:04:37 -0300] "GET /cormun/static/Shared/jqueryui/images/ui-icons_82798d_256x240.png HTTP/1.1" 404 1089
200.86.95.220 - - [06/Mar/2017:13:04:37 -0300] "GET /cormun/static/Shared/jqueryui/images/ui-bg_flat_55_fafafa_40x100.png HTTP/1.1" 404 1097
200.86.95.220 - - [06/Mar/2017:13:04:37 -0300] "GET /cormun/static/Shared/jqueryui/images/ui-icons_8d78a5_256x240.png HTTP/1.1" 404 1089
200.86.95.220 - - [06/Mar/2017:13:04:37 -0300] "GET /cormun/servlet/solicitudot?DLT,2017,5011, HTTP/1.1" 200 9368
192.168.10.62 - - [06/Mar/2017:13:04:37 -0300] "POST /cormun/servlet/trcontratounov2?37558be1c095918dddbb2de958edbe53,,gx-no-cache=1488819562394 HTTP/1.1" 200 7029
200.86.95.220 - - [06/Mar/2017:13:04:47 -0300] "POST /cormun/servlet/solicitudot?cb333cd31bdbda53365400c87979ca38,DLT,2017,5011,,gx-no-cache=1488816357141 HTTP/1.1" 200 12444
200.86.95.220 - - [06/Mar/2017:13:04:47 -0300] "GET /cormun/static/Shared/jqueryui/images/ui-bg_flat_55_994d53_40x100.png HTTP/1.1" 404 1097
200.86.95.220 - - [06/Mar/2017:13:04:47 -0300] "GET /cormun/static/Shared/jqueryui/images/ui-icons_ebccce_256x240.png HTTP/1.1" 404 1089
200.86.95.220 - - [06/Mar/2017:13:04:53 -0300] "POST /cormun/servlet/solicitudot?cb333cd31bdbda53365400c87979ca38,DLT,2017,5011,,gx-no-cache=1488816363422 HTTP/1.1" 200 93
200.86.95.220 - - [06/Mar/2017:13:04:53 -0300] "GET /cormun/servlet/hpexe_return? HTTP/1.1" 200 1021
200.86.95.220 - - [06/Mar/2017:13:04:54 -0300] "GET /cormun/servlet/trautorizarsolicitud? HTTP/1.1" 200 6688
200.86.95.220 - - [06/Mar/2017:13:04:55 -0300] "GET /cormun/servlet/trautorizarsolicitud? HTTP/1.1" 200 6685
192.168.10.62 - - [06/Mar/2017:13:05:08 -0300] "GET /cormun/servlet/trvisualizadoreventos? HTTP/1.1" 200 6701
192.168.10.62 - - [06/Mar/2017:13:05:09 -0300] "GET /cormun/servlet/trvisualizadoreventos? HTTP/1.1" 200 6700
192.168.10.62 - - [06/Mar/2017:13:05:13 -0300] "GET /cormun/servlet/trsolicitudot? HTTP/1.1" 200 10966
192.168.10.62 - - [06/Mar/2017:13:05:13 -0300] "GET /cormun/static/gxcfg.js?20171191044697 HTTP/1.1" 200 953
192.168.10.62 - - [06/Mar/2017:13:05:13 -0300] "GET /cormun/static/trsolicitudot.js?20171191045625 HTTP/1.1" 200 53117
192.168.10.62 - - [06/Mar/2017:13:05:13 -0300] "GET /cormun//static/Resources/PXTools/ActionInsert.png HTTP/1.1" 200 1482
192.168.10.62 - - [06/Mar/2017:13:05:13 -0300] "GET /cormun//static/Resources/PXToolsRemoveAllAction.png HTTP/1.1" 200 3558
192.168.10.62 - - [06/Mar/2017:13:05:13 -0300] "GET /cormun/servlet/trsolicitudot? HTTP/1.1" 200 10965
192.168.10.62 - - [06/Mar/2017:13:05:32 -0300] "GET /cormun/servlet/vesolicitudot?2017,5157,, HTTP/1.1" 200 8225
192.168.10.62 - - [06/Mar/2017:13:05:32 -0300] "GET /cormun/static/gxcfg.js?20161221854299 HTTP/1.1" 200 953
192.168.10.62 - - [06/Mar/2017:13:05:32 -0300] "GET /cormun/pexe_scrolldiv.js HTTP/1.1" 404 1009
192.168.10.62 - - [06/Mar/2017:13:05:32 -0300] "GET /cormun/static/vesolicitudot.js?20161221854352 HTTP/1.1" 200 6091
192.168.10.62 - - [06/Mar/2017:13:05:32 -0300] "GET /cormun/static/tbsolicitudot01.js?2017119103633 HTTP/1.1" 200 28340
192.168.10.62 - - [06/Mar/2017:13:05:32 -0300] "GET /cormun/pexe_scrolldiv.js HTTP/1.1" 404 1009
192.168.10.62 - - [06/Mar/2017:13:05:33 -0300] "GET /cormun/servlet/vesolicitudot?2017,5157,, HTTP/1.1" 200 8225
192.168.10.62 - - [06/Mar/2017:13:05:46 -0300] "GET /cormun/servlet/hlogin HTTP/1.1" 200 1715
200.86.95.220 - - [06/Mar/2017:13:05:49 -0300] "GET /cormun/servlet/hlogin HTTP/1.1" 200 1721
192.168.10.62 - - [06/Mar/2017:13:05:54 -0300] "POST /cormun/servlet/hlogin?37558be1c095918dddbb2de958edbe53,gx-no-cache=1488819638611 HTTP/1.1" 200 90
192.168.10.62 - - [06/Mar/2017:13:05:54 -0300] "GET /cormun/servlet/hpexe_link HTTP/1.1" 200 950
192.168.10.62 - - [06/Mar/2017:13:05:54 -0300] "GET /cormun/servlet/hhome HTTP/1.1" 200 3773
192.168.10.62 - - [06/Mar/2017:13:05:54 -0300] "GET /cormun/servlet/hhome HTTP/1.1" 200 3770
192.168.10.62 - - [06/Mar/2017:13:05:56 -0300] "GET /cormun/servlet/trsolicitudgral? HTTP/1.1" 200 7965
192.168.10.62 - - [06/Mar/2017:13:05:57 -0300] "GET /cormun/servlet/trsolicitudgral? HTTP/1.1" 200 7965
192.168.10.62 - - [06/Mar/2017:13:06:18 -0300] "POST /cormun/servlet/trsolicitudgral?37558be1c095918dddbb2de958edbe53,,gx-no-cache=1488819663378 HTTP/1.1" 200 4967
200.86.95.220 - - [06/Mar/2017:13:06:19 -0300] "POST /cormun/servlet/hlogin?cb333cd31bdbda53365400c87979ca38,gx-no-cache=1488816449342 HTTP/1.1" 200 90
200.86.95.220 - - [06/Mar/2017:13:06:20 -0300] "GET /cormun/servlet/hpexe_link HTTP/1.1" 200 966
200.86.95.220 - - [06/Mar/2017:13:06:20 -0300] "GET /cormun/servlet/trautorizarsolicitud HTTP/1.1" 200 6686
200.86.95.220 - - [06/Mar/2017:13:06:21 -0300] "GET /cormun/servlet/trautorizarsolicitud HTTP/1.1" 200 6685
192.168.10.62 - - [06/Mar/2017:13:06:22 -0300] "POST /cormun/servlet/vesolicitudot?37558be1c095918dddbb2de958edbe53,2017,5157,,,gx-no-cache=1488819667088 HTTP/1.1" 200 90
192.168.10.62 - - [06/Mar/2017:13:06:22 -0300] "GET /cormun/servlet/hpexe_link HTTP/1.1" 200 967
192.168.10.62 - - [06/Mar/2017:13:06:22 -0300] "GET /cormun/servlet/trsolicitudgral? HTTP/1.1" 200 7973
192.168.10.62 - - [06/Mar/2017:13:06:23 -0300] "GET /cormun/servlet/trsolicitudgral? HTTP/1.1" 200 7971
186.79.207.0 - - [06/Mar/2017:13:06:29 -0300] "POST /cormun/servlet/trsolicitudot?5bc09692915b1a54752fba65f3e22f95,gx-no-cache=1488816460035 HTTP/1.1" 200 106
186.79.207.0 - - [06/Mar/2017:13:06:30 -0300] "GET /cormun/servlet/trsolicitudadjuntos?2017,5209, HTTP/1.1" 200 5859
186.79.207.0 - - [06/Mar/2017:13:06:30 -0300] "GET /cormun/static/gxcfg.js?201612218531388 HTTP/1.1" 200 953
186.79.207.0 - - [06/Mar/2017:13:06:30 -0300] "GET /cormun/static/trsolicitudadjuntos.js?201612218531657 HTTP/1.1" 200 17913
186.79.207.0 - - [06/Mar/2017:13:06:31 -0300] "GET /cormun/servlet/trsolicitudadjuntos?2017,5209, HTTP/1.1" 200 5859
186.79.207.0 - - [06/Mar/2017:13:06:36 -0300] "GET /cormun/servlet/solicitudotadjuntos?INS,2017,5209,,1, HTTP/1.1" 200 5792
186.79.207.0 - - [06/Mar/2017:13:06:36 -0300] "GET /cormun/static/gxcfg.js?201612218465951 HTTP/1.1" 200 953
186.79.207.0 - - [06/Mar/2017:13:06:36 -0300] "GET /cormun/static/solicitudotadjuntos.js?201612218465969 HTTP/1.1" 200 11762
186.79.207.0 - - [06/Mar/2017:13:06:36 -0300] "GET /cormun/static/about:blank HTTP/1.1" 404 1011
186.79.207.0 - - [06/Mar/2017:13:06:37 -0300] "GET /cormun/servlet/solicitudotadjuntos?INS,2017,5209,,1, HTTP/1.1" 200 5786
192.168.10.62 - - [06/Mar/2017:13:06:37 -0300] "GET /cormun/servlet/trconsultaempleado? HTTP/1.1" 200 8827
192.168.10.62 - - [06/Mar/2017:13:06:37 -0300] "GET /cormun/static/gxcfg.js?201612218544926 HTTP/1.1" 304 -
186.79.207.0 - - [06/Mar/2017:13:06:37 -0300] "GET /cormun/servlet/solicitudotadjuntos?7fc6ca58430bc29f2cc4218e58e20c72e1a4934f68ad9471727bfe5e9edcc320bd34328c6fddcc6482dd8c744e788536,gx-no-cache=1488816467939 HTTP/1.1" 200 30
186.79.207.0 - - [06/Mar/2017:13:06:37 -0300] "POST /cormun/servlet/solicitudotadjuntos?5bc09692915b1a54752fba65f3e22f95,INS,2017,5209,,1,,gx-no-cache=1488816468034 HTTP/1.1" 200 3645
192.168.10.62 - - [06/Mar/2017:13:06:38 -0300] "GET /cormun/servlet/trconsultaempleado? HTTP/1.1" 200 8827
192.168.10.62 - - [06/Mar/2017:13:06:43 -0300] "GET /cormun/servlet/trsolicitudgral? HTTP/1.1" 200 7972
192.168.10.62 - - [06/Mar/2017:13:06:43 -0300] "GET /cormun/servlet/trsolicitudgral? HTTP/1.1" 200 7971
192.168.10.62 - - [06/Mar/2017:13:06:50 -0300] "GET /cormun/servlet/hlogin HTTP/1.1" 200 1734
186.79.207.0 - - [06/Mar/2017:13:06:53 -0300] "POST /cormun/servlet/solicitudotadjuntos?gx-no-cache=1488816484130 HTTP/1.1" 200 26
192.168.10.62 - - [06/Mar/2017:13:07:03 -0300] "POST /cormun/servlet/hlogin?37558be1c095918dddbb2de958edbe53,gx-no-cache=1488819707873 HTTP/1.1" 200 452
192.168.10.62 - - [06/Mar/2017:13:07:18 -0300] "POST /cormun/servlet/hlogin?37558be1c095918dddbb2de958edbe53,gx-no-cache=1488819722874 HTTP/1.1" 200 90
192.168.10.62 - - [06/Mar/2017:13:07:18 -0300] "GET /cormun/servlet/hpexe_link HTTP/1.1" 200 950
192.168.10.62 - - [06/Mar/2017:13:07:18 -0300] "GET /cormun/servlet/hhome HTTP/1.1" 200 3969
192.168.10.62 - - [06/Mar/2017:13:07:18 -0300] "GET /cormun/servlet/hhome HTTP/1.1" 200 3966
192.168.10.62 - - [06/Mar/2017:13:07:24 -0300] "GET /cormun/servlet/trautorizarsolicitud? HTTP/1.1" 200 6880
192.168.10.62 - - [06/Mar/2017:13:07:24 -0300] "GET /cormun/static/gxcfg.js?2017259112829 HTTP/1.1" 200 953
192.168.10.62 - - [06/Mar/2017:13:07:24 -0300] "GET /cormun/static/trautorizarsolicitud.js?2017259113483 HTTP/1.1" 200 53096
192.168.10.62 - - [06/Mar/2017:13:07:24 -0300] "GET /cormun/servlet/trautorizarsolicitud? HTTP/1.1" 200 6886
192.168.10.62 - - [06/Mar/2017:13:07:28 -0300] "GET /cormun/servlet/trsolicitudot? HTTP/1.1" 200 10960
192.168.10.62 - - [06/Mar/2017:13:07:28 -0300] "GET /cormun/servlet/trsolicitudot? HTTP/1.1" 200 10959
192.168.10.62 - - [06/Mar/2017:13:07:45 -0300] "GET /cormun/servlet/vesolicitudot?2017,5157,, HTTP/1.1" 200 8225
192.168.10.62 - - [06/Mar/2017:13:07:45 -0300] "GET /cormun/pexe_scrolldiv.js HTTP/1.1" 404 1009
192.168.10.62 - - [06/Mar/2017:13:07:45 -0300] "GET /cormun/pexe_scrolldiv.js HTTP/1.1" 404 1009
192.168.10.62 - - [06/Mar/2017:13:07:46 -0300] "GET /cormun/servlet/vesolicitudot?2017,5157,, HTTP/1.1" 200 8225
192.168.10.62 - - [06/Mar/2017:13:07:50 -0300] "GET /cormun/servlet/vesolicitudot?2017,5157,,SolicitudOTLog HTTP/1.1" 200 7175
192.168.10.62 - - [06/Mar/2017:13:07:50 -0300] "GET /cormun/pexe_scrolldiv.js HTTP/1.1" 404 1009
192.168.10.62 - - [06/Mar/2017:13:07:50 -0300] "GET /cormun/static/tbsolicitudot03.js?201612218425438 HTTP/1.1" 200 13323
192.168.10.62 - - [06/Mar/2017:13:07:50 -0300] "GET /cormun/pexe_scrolldiv.js HTTP/1.1" 404 1009
192.168.10.62 - - [06/Mar/2017:13:07:50 -0300] "GET /cormun/static/Resources/PXToolsTabLastSelected.png HTTP/1.1" 200 1262
192.168.10.62 - - [06/Mar/2017:13:07:51 -0300] "GET /cormun/servlet/vesolicitudot?2017,5157,,SolicitudOTLog HTTP/1.1" 200 7175
192.168.10.62 - - [06/Mar/2017:13:07:52 -0300] "POST /cormun/servlet/acontrolpreferencessavestate?None,WPE%C3%91A,true HTTP/1.1" 200 35
192.168.10.62 - - [06/Mar/2017:13:07:54 -0300] "POST /cormun/servlet/vesolicitudot?37558be1c095918dddbb2de958edbe53,2017,5157,,SolicitudOTLog,gx-no-cache=1488819758836 HTTP/1.1" 200 90
192.168.10.62 - - [06/Mar/2017:13:07:54 -0300] "GET /cormun/servlet/hpexe_link HTTP/1.1" 200 971
192.168.10.62 - - [06/Mar/2017:13:07:54 -0300] "GET /cormun/servlet/trsolicitudot HTTP/1.1" 200 10975
192.168.10.62 - - [06/Mar/2017:13:07:55 -0300] "GET /cormun/servlet/trsolicitudot HTTP/1.1" 200 10974
192.168.10.62 - - [06/Mar/2017:13:07:58 -0300] "GET /cormun/servlet/hlogin HTTP/1.1" 200 1734
192.168.10.62 - - [06/Mar/2017:13:08:07 -0300] "POST /cormun/servlet/trsolicitudot?37558be1c095918dddbb2de958edbe53,gx-no-cache=1488819772304 HTTP/1.1" 200 4290
192.168.10.62 - - [06/Mar/2017:13:08:07 -0300] "GET /cormun/static/Shared/jqueryui/images/ui-icons_82798d_256x240.png HTTP/1.1" 404 1089
192.168.10.62 - - [06/Mar/2017:13:08:07 -0300] "GET /cormun/static/Shared/jqueryui/images/ui-bg_highlight-soft_100_c6c2c8_1x100.png HTTP/1.1" 404 1117
192.168.10.62 - - [06/Mar/2017:13:08:07 -0300] "GET /cormun/static/Shared/jqueryui/images/ui-bg_flat_55_fafafa_40x100.png HTTP/1.1" 404 1097
192.168.10.62 - - [06/Mar/2017:13:08:07 -0300] "GET /cormun/static/Shared/jqueryui/images/ui-icons_8d78a5_256x240.png HTTP/1.1" 404 1089
192.168.10.62 - - [06/Mar/2017:13:08:08 -0300] "POST /cormun/servlet/trsolicitudot?37558be1c095918dddbb2de958edbe53,gx-no-cache=1488819772524 HTTP/1.1" 200 4062
192.168.10.62 - - [06/Mar/2017:13:08:08 -0300] "GET /cormun/servlet/hlogin HTTP/1.1" 200 1731
192.168.10.62 - - [06/Mar/2017:13:08:20 -0300] "POST /cormun/servlet/hlogin?37558be1c095918dddbb2de958edbe53,gx-no-cache=1488819784808 HTTP/1.1" 200 90
192.168.10.62 - - [06/Mar/2017:13:08:20 -0300] "GET /cormun/servlet/hpexe_link HTTP/1.1" 200 977
192.168.10.62 - - [06/Mar/2017:13:08:20 -0300] "GET /cormun/servlet/trsolicitudot?gx-no-cache=1488819772524 HTTP/1.1" 200 10602
192.168.10.62 - - [06/Mar/2017:13:08:21 -0300] "GET /cormun/servlet/trsolicitudot?gx-no-cache=1488819772524 HTTP/1.1" 200 10622
201.246.239.225 - - [06/Mar/2017:13:08:25 -0300] "GET /cormun/servlet/hlogin HTTP/1.1" 200 1727
201.246.239.225 - - [06/Mar/2017:13:08:39 -0300] "POST /cormun/servlet/hlogin?dc066d755b59acd6b063bf1f20f34005,gx-no-cache=1488816595115 HTTP/1.1" 200 90
201.246.239.225 - - [06/Mar/2017:13:08:39 -0300] "GET /cormun/servlet/hpexe_link HTTP/1.1" 200 955
201.246.239.225 - - [06/Mar/2017:13:08:39 -0300] "GET /cormun/servlet/hhome HTTP/1.1" 200 3978
201.246.239.225 - - [06/Mar/2017:13:08:41 -0300] "GET /cormun/servlet/hhome HTTP/1.1" 200 3975
192.168.10.62 - - [06/Mar/2017:13:08:41 -0300] "POST /cormun/servlet/trsolicitudot?37558be1c095918dddbb2de958edbe53,gx-no-cache=1488819772524,gx-no-cache=1488819806131 HTTP/1.1" 200 7472
192.168.10.62 - - [06/Mar/2017:13:08:41 -0300] "GET /cormun/static/Shared/jqueryui/images/ui-bg_highlight-soft_100_c6c2c8_1x100.png HTTP/1.1" 404 1117
192.168.10.62 - - [06/Mar/2017:13:08:41 -0300] "GET /cormun/static/Shared/jqueryui/images/ui-icons_82798d_256x240.png HTTP/1.1" 404 1089
192.168.10.62 - - [06/Mar/2017:13:08:41 -0300] "GET /cormun/static/Shared/jqueryui/images/ui-icons_8d78a5_256x240.png HTTP/1.1" 404 1089
192.168.10.62 - - [06/Mar/2017:13:08:41 -0300] "GET /cormun/static/Shared/jqueryui/images/ui-bg_flat_55_fafafa_40x100.png HTTP/1.1" 404 1097
192.168.10.62 - - [06/Mar/2017:13:08:42 -0300] "POST /cormun/servlet/trsolicitudot?37558be1c095918dddbb2de958edbe53,gx-no-cache=1488819772524,gx-no-cache=1488819806475 HTTP/1.1" 200 7407
186.103.159.46 - - [06/Mar/2017:13:08:42 -0300] "GET /cormun/servlet/hhome HTTP/1.1" 200 3285
186.103.159.46 - - [06/Mar/2017:13:08:45 -0300] "GET /cormun/servlet/hhome HTTP/1.1" 200 3295
186.103.159.46 - - [06/Mar/2017:13:08:46 -0300] "GET /cormun/servlet/hlogin HTTP/1.1" 200 1729
192.168.10.62 - - [06/Mar/2017:13:08:49 -0300] "POST /cormun/servlet/trsolicitudot?37558be1c095918dddbb2de958edbe53,gx-no-cache=1488819772524,gx-no-cache=1488819814148 HTTP/1.1" 200 7169
192.168.10.62 - - [06/Mar/2017:13:08:50 -0300] "POST /cormun/servlet/trsolicitudot?37558be1c095918dddbb2de958edbe53,gx-no-cache=1488819772524,gx-no-cache=1488819814496 HTTP/1.1" 200 7111
201.246.239.225 - - [06/Mar/2017:13:08:50 -0300] "GET /cormun/servlet/trpermisosingoce? HTTP/1.1" 200 6769
201.246.239.225 - - [06/Mar/2017:13:08:50 -0300] "GET /cormun/static/gxcfg.js?2016111619312653 HTTP/1.1" 200 953
201.246.239.225 - - [06/Mar/2017:13:08:50 -0300] "GET /cormun/static/trpermisosingoce.js?2016111619313084 HTTP/1.1" 200 31498
192.168.10.62 - - [06/Mar/2017:13:08:52 -0300] "POST /cormun/servlet/trsolicitudot?37558be1c095918dddbb2de958edbe53,gx-no-cache=1488819772524,gx-no-cache=1488819816533 HTTP/1.1" 200 6853
201.246.239.225 - - [06/Mar/2017:13:08:52 -0300] "GET /cormun/servlet/trpermisosingoce? HTTP/1.1" 200 6769
192.168.10.62 - - [06/Mar/2017:13:08:52 -0300] "POST /cormun/servlet/trsolicitudot?37558be1c095918dddbb2de958edbe53,gx-no-cache=1488819772524,gx-no-cache=1488819816844 HTTP/1.1" 200 6795
201.246.239.225 - - [06/Mar/2017:13:08:53 -0300] "POST /cormun/servlet/acontrolpreferencessavestate?None,ELOBOS,true HTTP/1.1" 200 35
192.168.10.62 - - [06/Mar/2017:13:08:55 -0300] "POST /cormun/servlet/trsolicitudot?37558be1c095918dddbb2de958edbe53,gx-no-cache=1488819772524,gx-no-cache=1488819820359 HTTP/1.1" 200 6463
192.168.10.62 - - [06/Mar/2017:13:08:56 -0300] "POST /cormun/servlet/trsolicitudot?37558be1c095918dddbb2de958edbe53,gx-no-cache=1488819772524,gx-no-cache=1488819820680 HTTP/1.1" 200 6405
201.246.239.225 - - [06/Mar/2017:13:09:00 -0300] "GET /cormun/servlet/permisosingoce?INS,0, HTTP/1.1" 200 6692
201.246.239.225 - - [06/Mar/2017:13:09:01 -0300] "GET /cormun/static/gxcfg.js?2016111618225749 HTTP/1.1" 200 953
201.246.239.225 - - [06/Mar/2017:13:09:01 -0300] "GET /cormun/static/permisosingoce.js?2016111618225789 HTTP/1.1" 200 23797
192.168.10.62 - - [06/Mar/2017:13:09:02 -0300] "POST /cormun/servlet/trsolicitudot?37558be1c095918dddbb2de958edbe53,gx-no-cache=1488819772524,gx-no-cache=1488819826816 HTTP/1.1" 200 6133
201.246.239.225 - - [06/Mar/2017:13:09:02 -0300] "GET /cormun/servlet/permisosingoce?INS,0, HTTP/1.1" 200 6692
192.168.10.62 - - [06/Mar/2017:13:09:02 -0300] "POST /cormun/servlet/trsolicitudot?37558be1c095918dddbb2de958edbe53,gx-no-cache=1488819772524,gx-no-cache=1488819827125 HTTP/1.1" 200 6075
186.103.159.46 - - [06/Mar/2017:13:09:02 -0300] "POST /cormun/servlet/hlogin?59ecc5999be45dc6bd1ae78ee0aa8f4b,gx-no-cache=1488816613088 HTTP/1.1" 200 90
186.103.159.46 - - [06/Mar/2017:13:09:03 -0300] "GET /cormun/servlet/hpexe_link HTTP/1.1" 200 952
186.103.159.46 - - [06/Mar/2017:13:09:03 -0300] "GET /cormun/servlet/hhome HTTP/1.1" 200 3774
186.103.159.46 - - [06/Mar/2017:13:09:04 -0300] "GET /cormun/servlet/hhome HTTP/1.1" 200 3770
186.103.159.46 - - [06/Mar/2017:13:09:09 -0300] "GET /cormun/servlet/trsolicitudot? HTTP/1.1" 200 6728
192.168.10.62 - - [06/Mar/2017:13:09:10 -0300] "POST /cormun/servlet/trsolicitudot?37558be1c095918dddbb2de958edbe53,gx-no-cache=1488819772524,gx-no-cache=1488819834749 HTTP/1.1" 200 5832
192.168.10.62 - - [06/Mar/2017:13:09:10 -0300] "POST /cormun/servlet/trsolicitudot?37558be1c095918dddbb2de958edbe53,gx-no-cache=1488819772524,gx-no-cache=1488819835033 HTTP/1.1" 200 5774
186.103.159.46 - - [06/Mar/2017:13:09:11 -0300] "GET /cormun/servlet/trsolicitudot? HTTP/1.1" 200 6727
192.168.10.62 - - [06/Mar/2017:13:09:11 -0300] "POST /cormun/servlet/trsolicitudot?37558be1c095918dddbb2de958edbe53,gx-no-cache=1488819772524,gx-no-cache=1488819836032 HTTP/1.1" 200 5446
192.168.10.62 - - [06/Mar/2017:13:09:11 -0300] "POST /cormun/servlet/trsolicitudot?37558be1c095918dddbb2de958edbe53,gx-no-cache=1488819772524,gx-no-cache=1488819836326 HTTP/1.1" 200 5389
192.168.10.62 - - [06/Mar/2017:13:09:15 -0300] "POST /cormun/servlet/trsolicitudot?37558be1c095918dddbb2de958edbe53,gx-no-cache=1488819772524,gx-no-cache=1488819839442 HTTP/1.1" 200 4345
192.168.10.62 - - [06/Mar/2017:13:09:15 -0300] "POST /cormun/servlet/trsolicitudot?37558be1c095918dddbb2de958edbe53,gx-no-cache=1488819772524,gx-no-cache=1488819839680 HTTP/1.1" 200 4126
186.103.159.46 - - [06/Mar/2017:13:09:15 -0300] "GET /cormun/servlet/solicitudot?INS,0,0, HTTP/1.1" 200 12572
186.103.159.46 - - [06/Mar/2017:13:09:17 -0300] "GET /cormun/servlet/solicitudot?INS,0,0, HTTP/1.1" 200 12577
201.246.239.225 - - [06/Mar/2017:13:09:18 -0300] "GET /cormun/servlet/prfichaempleado?,MD,,gxPopupLevel%3D0%3B HTTP/1.1" 200 8861
192.168.10.62 - - [06/Mar/2017:13:09:27 -0300] "GET /cormun/servlet/hlogin HTTP/1.1" 200 1753
201.246.239.225 - - [06/Mar/2017:13:09:30 -0300] "POST /cormun/servlet/prfichaempleado?dc066d755b59acd6b063bf1f20f34005,,MD,,gxPopupLevel%3D0%3B,gx-no-cache=1488816646188 HTTP/1.1" 200 3402
192.168.10.62 - - [06/Mar/2017:13:09:40 -0300] "POST /cormun/servlet/hlogin?37558be1c095918dddbb2de958edbe53,gx-no-cache=1488819864566 HTTP/1.1" 200 90
192.168.10.62 - - [06/Mar/2017:13:09:40 -0300] "GET /cormun/servlet/hpexe_link HTTP/1.1" 200 950
192.168.10.62 - - [06/Mar/2017:13:09:40 -0300] "GET /cormun/servlet/hhome HTTP/1.1" 200 3773
192.168.10.62 - - [06/Mar/2017:13:09:40 -0300] "GET /cormun/servlet/hhome HTTP/1.1" 200 3770
186.103.159.46 - - [06/Mar/2017:13:09:41 -0300] "POST /cormun/servlet/solicitudot?gx-no-cache=1488816651092 HTTP/1.1" 200 3081
186.103.159.46 - - [06/Mar/2017:13:09:41 -0300] "POST /cormun/servlet/solicitudot?59ecc5999be45dc6bd1ae78ee0aa8f4b,INS,0,0,,gx-no-cache=1488816651404 HTTP/1.1" 200 9670
186.103.159.46 - - [06/Mar/2017:13:09:45 -0300] "GET /cormun/servlet/solicitudot?af59d6d0368d5d4abb0c10a5ac99d04cfee810315697eea0b1b461d278ff4e747fee5a2cf150f1f40751f3039665432a,gx-no-cache=1488816655296 HTTP/1.1" 200 30
192.168.10.62 - - [06/Mar/2017:13:09:52 -0300] "GET /cormun/servlet/trsolicitudgral? HTTP/1.1" 200 7972
192.168.10.62 - - [06/Mar/2017:13:09:52 -0300] "GET /cormun/servlet/trsolicitudgral? HTTP/1.1" 200 7971
192.168.10.62 - - [06/Mar/2017:13:09:58 -0300] "POST /cormun/servlet/trsolicitudgral?37558be1c095918dddbb2de958edbe53,,gx-no-cache=1488819883105 HTTP/1.1" 200 4967
192.168.10.62 - - [06/Mar/2017:13:09:59 -0300] "POST /cormun/servlet/trsolicitudgral?37558be1c095918dddbb2de958edbe53,,gx-no-cache=1488819884250 HTTP/1.1" 200 4967
192.168.10.62 - - [06/Mar/2017:13:10:02 -0300] "POST /cormun/servlet/trsolicitudgral?37558be1c095918dddbb2de958edbe53,,gx-no-cache=1488819887493 HTTP/1.1" 200 4968
201.246.239.225 - - [06/Mar/2017:13:10:07 -0300] "GET /cormun/servlet/permisosingoce?235886127c3a5b9166d0c2d49f60c7dd6decb00721776edd8fa12f07d69f90430abb393b8019738abd672aa2f37920b7,gx-no-cache=1488816683189 HTTP/1.1" 200 69
201.246.239.225 - - [06/Mar/2017:13:10:07 -0300] "GET /cormun/static/menuarrow.gif HTTP/1.1" 404 1015
192.168.10.62 - - [06/Mar/2017:13:10:08 -0300] "POST /cormun/servlet/trsolicitudgral?37558be1c095918dddbb2de958edbe53,,gx-no-cache=1488819892637 HTTP/1.1" 200 6249
192.168.10.62 - - [06/Mar/2017:13:10:10 -0300] "POST /cormun/servlet/trsolicitudgral?37558be1c095918dddbb2de958edbe53,,gx-no-cache=1488819894840 HTTP/1.1" 200 6248
201.246.239.225 - - [06/Mar/2017:13:10:12 -0300] "GET /cormun/servlet/permisosingoce?235886127c3a5b9166d0c2d49f60c7ddfd1a498484c39465e900a917d374ce8d31b063a9bbf816af3dee03c7ec0ea98e,gx-no-cache=1488816688439 HTTP/1.1" 200 33
201.246.239.225 - - [06/Mar/2017:13:10:17 -0300] "GET /cormun/servlet/permisosingoce?235886127c3a5b9166d0c2d49f60c7dd2e877f4a3301325e3f79653f6bef7d36e340d84974dd3803be2a0c016c4f78a0181d52d1ee0027e540464d13cd603225bead5149d89f1ff559246044b003a7db8bafe9c8e577ee64f7afd4c34e391b4e0abe9d1dac9d1b92ba5e85f5dd50b7b4e2cada3e1cee897615bda241bf3cbaa8c7c1bfbe6d5ae791c97b9af6839368da3eb155ecdb92bca68062e60a47111782,gx-no-cache=1488816693087 HTTP/1.1" 200 41
192.168.10.62 - - [06/Mar/2017:13:10:18 -0300] "GET /cormun/servlet/hlogin HTTP/1.1" 200 1734
186.79.207.0 - - [06/Mar/2017:13:10:28 -0300] "GET /cormun/servlet/solicitudotadjuntos?7fc6ca58430bc29f2cc4218e58e20c7246d6d82e6c5475b4cd00614d06647057,gx-no-cache=1488816698310 HTTP/1.1" 200 30
186.79.207.0 - - [06/Mar/2017:13:10:28 -0300] "GET /cormun/servlet/solicitudotadjuntos?7fc6ca58430bc29f2cc4218e58e20c7246d6d82e6c5475b4cd00614d06647057,gx-no-cache=1488816698483 HTTP/1.1" 200 30
192.168.10.62 - - [06/Mar/2017:13:10:29 -0300] "POST /cormun/servlet/hlogin?37558be1c095918dddbb2de958edbe53,gx-no-cache=1488819913755 HTTP/1.1" 200 90
192.168.10.62 - - [06/Mar/2017:13:10:29 -0300] "GET /cormun/servlet/hpexe_link HTTP/1.1" 200 958
192.168.10.62 - - [06/Mar/2017:13:10:29 -0300] "GET /cormun/servlet/trsolicitudgral? HTTP/1.1" 200 9290
192.168.10.62 - - [06/Mar/2017:13:10:30 -0300] "GET /cormun/servlet/trsolicitudgral? HTTP/1.1" 200 9289
192.168.10.62 - - [06/Mar/2017:13:10:32 -0300] "GET /cormun/static/menuarrow.gif HTTP/1.1" 404 1015
186.79.207.0 - - [06/Mar/2017:13:10:35 -0300] "POST /cormun/servlet/solicitudotadjuntos?5bc09692915b1a54752fba65f3e22f95,INS,2017,5209,,1, HTTP/1.1" 200 116
186.79.207.0 - - [06/Mar/2017:13:10:35 -0300] "GET /cormun/servlet/hpexe_return? HTTP/1.1" 200 1029
186.79.207.0 - - [06/Mar/2017:13:10:36 -0300] "GET /cormun/servlet/trsolicitudadjuntos?2017,5209, HTTP/1.1" 200 7928
186.79.207.0 - - [06/Mar/2017:13:10:37 -0300] "GET /cormun/servlet/trsolicitudadjuntos?2017,5209, HTTP/1.1" 200 7925
192.168.10.62 - - [06/Mar/2017:13:10:43 -0300] "POST /cormun/servlet/trsolicitudgral?37558be1c095918dddbb2de958edbe53,,gx-no-cache=1488819927607 HTTP/1.1" 200 6249
192.168.10.62 - - [06/Mar/2017:13:10:44 -0300] "GET /cormun/servlet/hlogin HTTP/1.1" 200 1734
186.79.207.0 - - [06/Mar/2017:13:10:50 -0300] "GET /cormun/servlet/solicitudotadjuntos?INS,2017,5209,,1, HTTP/1.1" 200 5792
186.79.207.0 - - [06/Mar/2017:13:10:50 -0300] "GET /cormun/static/about:blank HTTP/1.1" 404 1011
186.79.207.0 - - [06/Mar/2017:13:10:51 -0300] "GET /cormun/servlet/solicitudotadjuntos?INS,2017,5209,,1, HTTP/1.1" 200 5786
186.79.207.0 - - [06/Mar/2017:13:10:51 -0300] "GET /cormun/servlet/solicitudotadjuntos?7fc6ca58430bc29f2cc4218e58e20c72e1a4934f68ad9471727bfe5e9edcc320bd34328c6fddcc6482dd8c744e788536,gx-no-cache=1488816721794 HTTP/1.1" 200 30
186.79.207.0 - - [06/Mar/2017:13:10:52 -0300] "POST /cormun/servlet/solicitudotadjuntos?5bc09692915b1a54752fba65f3e22f95,INS,2017,5209,,1,,gx-no-cache=1488816721894 HTTP/1.1" 200 3645
201.246.239.225 - - [06/Mar/2017:13:10:55 -0300] "GET /cormun/servlet/permisosingoce?235886127c3a5b9166d0c2d49f60c7dd2e877f4a3301325e3f79653f6bef7d36e340d84974dd3803be2a0c016c4f78a0181d52d1ee0027e540464d13cd603225bead5149d89f1ff559246044b003a7db8bafe9c8e577ee64f7afd4c34e391b4e0abe9d1dac9d1b92ba5e85f5dd50b7b4e2cada3e1cee897615bda241bf3cbaa8836084a54a3c43efafa95e01f098f05d1f9509ceacc761819e8a95316f9a6539,gx-no-cache=1488816731415 HTTP/1.1" 200 117
