201.246.239.225 - - [06/Mar/2017:13:10:55 -0300] "GET /cormun/static/Shared/jqueryui/images/ui-bg_highlight-soft_100_c6c2c8_1x100.png HTTP/1.1" 404 1117
201.246.239.225 - - [06/Mar/2017:13:10:55 -0300] "GET /cormun/static/Shared/jqueryui/images/ui-icons_82798d_256x240.png HTTP/1.1" 404 1089
201.246.239.225 - - [06/Mar/2017:13:10:55 -0300] "GET /cormun/static/Shared/jqueryui/images/ui-bg_flat_55_994d53_40x100.png HTTP/1.1" 404 1097
201.246.239.225 - - [06/Mar/2017:13:10:55 -0300] "GET /cormun/static/Shared/jqueryui/images/ui-icons_ebccce_256x240.png HTTP/1.1" 404 1089
192.168.10.62 - - [06/Mar/2017:13:10:57 -0300] "POST /cormun/servlet/hlogin?37558be1c095918dddbb2de958edbe53,gx-no-cache=1488819942470 HTTP/1.1" 200 452
192.168.10.62 - - [06/Mar/2017:13:11:08 -0300] "POST /cormun/servlet/hlogin?37558be1c095918dddbb2de958edbe53,gx-no-cache=1488819952559 HTTP/1.1" 200 90
192.168.10.62 - - [06/Mar/2017:13:11:08 -0300] "GET /cormun/servlet/hpexe_link HTTP/1.1" 200 950
192.168.10.62 - - [06/Mar/2017:13:11:08 -0300] "GET /cormun/servlet/hhome HTTP/1.1" 200 3985
192.168.10.62 - - [06/Mar/2017:13:11:08 -0300] "GET /cormun/servlet/hhome HTTP/1.1" 200 3981
192.168.10.62 - - [06/Mar/2017:13:11:12 -0300] "GET /cormun/servlet/trautorizarsolicitud? HTTP/1.1" 200 10934
192.168.10.62 - - [06/Mar/2017:13:11:13 -0300] "GET /cormun/servlet/trautorizarsolicitud? HTTP/1.1" 200 10932
192.168.10.62 - - [06/Mar/2017:13:11:16 -0300] "GET /cormun/servlet/veautorizarsolicitud?2017,5166,, HTTP/1.1" 200 8190
192.168.10.62 - - [06/Mar/2017:13:11:16 -0300] "GET /cormun/static/gxcfg.js?20161221854380 HTTP/1.1" 200 953
192.168.10.62 - - [06/Mar/2017:13:11:16 -0300] "GET /cormun/pexe_scrolldiv.js HTTP/1.1" 404 1009
192.168.10.62 - - [06/Mar/2017:13:11:16 -0300] "GET /cormun/pexe_scrolldiv.js HTTP/1.1" 404 1009
192.168.10.62 - - [06/Mar/2017:13:11:16 -0300] "GET /cormun/static/veautorizarsolicitud.js?20161221854433 HTTP/1.1" 200 6140
192.168.10.62 - - [06/Mar/2017:13:11:16 -0300] "GET /cormun/static/tbautorizarsolicitud01.js?20171102163122 HTTP/1.1" 200 28355
192.168.10.62 - - [06/Mar/2017:13:11:16 -0300] "GET /cormun/servlet/veautorizarsolicitud?2017,5166,, HTTP/1.1" 200 8188
192.168.10.62 - - [06/Mar/2017:13:11:19 -0300] "POST /cormun/servlet/veautorizarsolicitud?37558be1c095918dddbb2de958edbe53,2017,5166,,,gx-no-cache=1488819963534 HTTP/1.1" 200 93
192.168.10.62 - - [06/Mar/2017:13:11:19 -0300] "GET /cormun/servlet/hpexe_return? HTTP/1.1" 200 1011
192.168.10.62 - - [06/Mar/2017:13:11:19 -0300] "GET /cormun/static/gxcfg.js?2016101716175148 HTTP/1.1" 304 -
192.168.10.62 - - [06/Mar/2017:13:11:19 -0300] "GET /cormun/servlet/trautorizarsolicitud HTTP/1.1" 200 10935
192.168.10.62 - - [06/Mar/2017:13:11:19 -0300] "GET /cormun/servlet/trautorizarsolicitud HTTP/1.1" 200 10932
192.168.10.62 - - [06/Mar/2017:13:11:26 -0300] "POST /cormun/servlet/trautorizarsolicitud?37558be1c095918dddbb2de958edbe53,gx-no-cache=1488819971041 HTTP/1.1" 200 7868
192.168.10.62 - - [06/Mar/2017:13:11:26 -0300] "GET /cormun/static/Shared/jqueryui/images/ui-icons_82798d_256x240.png HTTP/1.1" 404 1089
192.168.10.62 - - [06/Mar/2017:13:11:26 -0300] "GET /cormun/static/Shared/jqueryui/images/ui-bg_highlight-soft_100_c6c2c8_1x100.png HTTP/1.1" 404 1117
192.168.10.62 - - [06/Mar/2017:13:11:26 -0300] "GET /cormun/static/Shared/jqueryui/images/ui-icons_8d78a5_256x240.png HTTP/1.1" 404 1089
192.168.10.62 - - [06/Mar/2017:13:11:26 -0300] "GET /cormun/static/Shared/jqueryui/images/ui-bg_flat_55_fafafa_40x100.png HTTP/1.1" 404 1097
192.168.10.62 - - [06/Mar/2017:13:11:26 -0300] "POST /cormun/servlet/trautorizarsolicitud?37558be1c095918dddbb2de958edbe53,gx-no-cache=1488819971382 HTTP/1.1" 200 7813
192.168.10.62 - - [06/Mar/2017:13:11:28 -0300] "POST /cormun/servlet/trautorizarsolicitud?37558be1c095918dddbb2de958edbe53,gx-no-cache=1488819972490 HTTP/1.1" 200 7550
192.168.10.62 - - [06/Mar/2017:13:11:28 -0300] "POST /cormun/servlet/trautorizarsolicitud?37558be1c095918dddbb2de958edbe53,gx-no-cache=1488819972833 HTTP/1.1" 200 7491
192.168.10.62 - - [06/Mar/2017:13:11:29 -0300] "POST /cormun/servlet/trautorizarsolicitud?37558be1c095918dddbb2de958edbe53,gx-no-cache=1488819973581 HTTP/1.1" 200 7146
192.168.10.62 - - [06/Mar/2017:13:11:29 -0300] "POST /cormun/servlet/trautorizarsolicitud?37558be1c095918dddbb2de958edbe53,gx-no-cache=1488819973906 HTTP/1.1" 200 7090
192.168.10.62 - - [06/Mar/2017:13:11:30 -0300] "POST /cormun/servlet/trautorizarsolicitud?37558be1c095918dddbb2de958edbe53,gx-no-cache=1488819974713 HTTP/1.1" 200 6822
192.168.10.62 - - [06/Mar/2017:13:11:30 -0300] "POST /cormun/servlet/trautorizarsolicitud?37558be1c095918dddbb2de958edbe53,gx-no-cache=1488819975047 HTTP/1.1" 200 6766
192.168.10.62 - - [06/Mar/2017:13:11:31 -0300] "POST /cormun/servlet/trautorizarsolicitud?37558be1c095918dddbb2de958edbe53,gx-no-cache=1488819975824 HTTP/1.1" 200 6485
192.168.10.62 - - [06/Mar/2017:13:11:31 -0300] "POST /cormun/servlet/trautorizarsolicitud?37558be1c095918dddbb2de958edbe53,gx-no-cache=1488819976138 HTTP/1.1" 200 6430
192.168.10.62 - - [06/Mar/2017:13:11:32 -0300] "POST /cormun/servlet/trautorizarsolicitud?37558be1c095918dddbb2de958edbe53,gx-no-cache=1488819976863 HTTP/1.1" 200 6203
192.168.10.62 - - [06/Mar/2017:13:11:32 -0300] "POST /cormun/servlet/trautorizarsolicitud?37558be1c095918dddbb2de958edbe53,gx-no-cache=1488819977170 HTTP/1.1" 200 6145
192.168.10.62 - - [06/Mar/2017:13:11:33 -0300] "POST /cormun/servlet/trautorizarsolicitud?37558be1c095918dddbb2de958edbe53,gx-no-cache=1488819977821 HTTP/1.1" 200 5844
192.168.10.62 - - [06/Mar/2017:13:11:33 -0300] "POST /cormun/servlet/trautorizarsolicitud?37558be1c095918dddbb2de958edbe53,gx-no-cache=1488819978113 HTTP/1.1" 200 5789
192.168.10.62 - - [06/Mar/2017:13:11:34 -0300] "POST /cormun/servlet/trautorizarsolicitud?37558be1c095918dddbb2de958edbe53,gx-no-cache=1488819978837 HTTP/1.1" 200 5441
192.168.10.62 - - [06/Mar/2017:13:11:34 -0300] "POST /cormun/servlet/trautorizarsolicitud?37558be1c095918dddbb2de958edbe53,gx-no-cache=1488819979077 HTTP/1.1" 200 5386
192.168.10.62 - - [06/Mar/2017:13:11:35 -0300] "POST /cormun/servlet/trautorizarsolicitud?37558be1c095918dddbb2de958edbe53,gx-no-cache=1488819979882 HTTP/1.1" 200 4321
192.168.10.62 - - [06/Mar/2017:13:11:35 -0300] "POST /cormun/servlet/trautorizarsolicitud?37558be1c095918dddbb2de958edbe53,gx-no-cache=1488819980058 HTTP/1.1" 200 4104
201.246.239.225 - - [06/Mar/2017:13:11:40 -0300] "GET /cormun/servlet/permisosingoce?235886127c3a5b9166d0c2d49f60c7dd2e877f4a3301325e3f79653f6bef7d36e340d84974dd3803be2a0c016c4f78a0181d52d1ee0027e540464d13cd603225bead5149d89f1ff559246044b003a7db8bafe9c8e577ee64f7afd4c34e391b4e0abe9d1dac9d1b92ba5e85f5dd50b7b4e2cada3e1cee897615bda241bf3cbaa821a1880f16e353721621e848b1819b6aa1de096794c1f0b471f05faf6b2f22cd,gx-no-cache=1488816776313 HTTP/1.1" 200 41
131.253.25.176 - - [06/Mar/2017:13:11:43 -0300] "GET /cormun/static/calendar-setup.js?85251 HTTP/1.1" 200 2588
186.79.207.0 - - [06/Mar/2017:13:11:51 -0300] "POST /cormun/servlet/solicitudotadjuntos?gx-no-cache=1488816782062 HTTP/1.1" 200 26
131.253.25.191 - - [06/Mar/2017:13:11:55 -0300] "GET /cormun/static/Shared/ext/ext-all.js HTTP/1.1" 200 1289687
192.168.10.62 - - [06/Mar/2017:13:11:55 -0300] "GET /cormun/servlet/hlogin HTTP/1.1" 200 1736
131.253.25.225 - - [06/Mar/2017:13:11:56 -0300] "GET /cormun/static/Resources/PXToolsHeaderHome.png HTTP/1.1" 200 4147
131.253.27.143 - - [06/Mar/2017:13:11:58 -0300] "GET /cormun/static/Resources/PXTools/calendar.png HTTP/1.1" 200 1306
131.253.27.206 - - [06/Mar/2017:13:11:58 -0300] "GET /cormun/static/Resources/prompt.gif HTTP/1.1" 200 902
131.253.25.154 - - [06/Mar/2017:13:12:00 -0300] "GET /cormun/static/gxdec.js?85251 HTTP/1.1" 200 19579
131.253.25.177 - - [06/Mar/2017:13:12:01 -0300] "GET /cormun/static/solicitudot.js?2017119104297 HTTP/1.1" 200 63948
131.253.25.177 - - [06/Mar/2017:13:12:03 -0300] "GET /cormun/static/hpexe_messagegenexuscomponent.js?201612218431816 HTTP/1.1" 200 587
131.253.25.179 - - [06/Mar/2017:13:12:04 -0300] "GET /cormun/static/cmcontrolpreferences.js?201612218431999 HTTP/1.1" 200 1375
192.168.10.62 - - [06/Mar/2017:13:12:06 -0300] "POST /cormun/servlet/hlogin?37558be1c095918dddbb2de958edbe53,gx-no-cache=1488820010627 HTTP/1.1" 200 90
192.168.10.62 - - [06/Mar/2017:13:12:06 -0300] "GET /cormun/servlet/hpexe_link HTTP/1.1" 200 950
192.168.10.62 - - [06/Mar/2017:13:12:06 -0300] "GET /cormun/servlet/hhome HTTP/1.1" 200 3773
192.168.10.62 - - [06/Mar/2017:13:12:06 -0300] "GET /cormun/servlet/hhome HTTP/1.1" 200 3770
186.79.207.0 - - [06/Mar/2017:13:12:06 -0300] "GET /cormun/servlet/solicitudotadjuntos?7fc6ca58430bc29f2cc4218e58e20c7246d6d82e6c5475b4cd00614d06647057,gx-no-cache=1488816797122 HTTP/1.1" 200 30
186.79.207.0 - - [06/Mar/2017:13:12:06 -0300] "GET /cormun/servlet/solicitudotadjuntos?7fc6ca58430bc29f2cc4218e58e20c7246d6d82e6c5475b4cd00614d06647057,gx-no-cache=1488816797213 HTTP/1.1" 200 30
131.253.27.205 - - [06/Mar/2017:13:12:09 -0300] "GET /cormun/static/Shared/jquery/jquery-1.10.2.min.js HTTP/1.1" 200 273199
192.168.10.62 - - [06/Mar/2017:13:12:10 -0300] "GET /cormun/servlet/trsolicitudgral? HTTP/1.1" 200 11239
192.168.10.62 - - [06/Mar/2017:13:12:10 -0300] "GET /cormun/servlet/trsolicitudgral? HTTP/1.1" 200 11236
131.253.27.143 - - [06/Mar/2017:13:12:11 -0300] "GET /cormun/static/SmoothNavMenu/resources/SmoothNavMenuRender.js HTTP/1.1" 200 5951
192.168.10.62 - - [06/Mar/2017:13:12:15 -0300] "POST /cormun/servlet/trsolicitudgral?37558be1c095918dddbb2de958edbe53,,gx-no-cache=1488820019894 HTTP/1.1" 200 8266
131.253.27.205 - - [06/Mar/2017:13:12:23 -0300] "GET /cormun/static/solicitudot.js?2017119104297 HTTP/1.1" 200 63948
131.253.27.56 - - [06/Mar/2017:13:12:25 -0300] "GET /cormun/static/Shared/ext/ext-all.js HTTP/1.1" 200 1289687
131.253.25.151 - - [06/Mar/2017:13:12:28 -0300] "GET /cormun/static/Shared/jquery/jquery-1.10.2.min.js HTTP/1.1" 200 273199
186.79.207.0 - - [06/Mar/2017:13:12:38 -0300] "POST /cormun/servlet/solicitudotadjuntos?5bc09692915b1a54752fba65f3e22f95,INS,2017,5209,,1, HTTP/1.1" 200 116
186.79.207.0 - - [06/Mar/2017:13:12:38 -0300] "GET /cormun/servlet/hpexe_return? HTTP/1.1" 200 1029
186.79.207.0 - - [06/Mar/2017:13:12:39 -0300] "GET /cormun/servlet/trsolicitudadjuntos?2017,5209, HTTP/1.1" 200 8143
186.79.207.0 - - [06/Mar/2017:13:12:40 -0300] "GET /cormun/servlet/trsolicitudadjuntos?2017,5209, HTTP/1.1" 200 8137
186.79.207.0 - - [06/Mar/2017:13:12:51 -0300] "GET /cormun/PublicTempStorage/titulo1807633.jpg HTTP/1.1" 200 1911077
186.79.207.0 - - [06/Mar/2017:13:13:27 -0300] "GET /cormun/servlet/hlogin HTTP/1.1" 200 1718
186.79.207.0 - - [06/Mar/2017:13:13:27 -0300] "GET /cormun/servlet/hlogin HTTP/1.1" 200 1718
186.79.207.0 - - [06/Mar/2017:13:13:29 -0300] "GET /cormun/servlet/hlogin HTTP/1.1" 200 1718
186.79.207.0 - - [06/Mar/2017:13:13:30 -0300] "POST /cormun/servlet/hlogin?999f92273b43a2e2d8a0fef980c9449e,gx-no-cache=1488816880939 HTTP/1.1" 200 90
186.79.207.0 - - [06/Mar/2017:13:13:30 -0300] "GET /cormun/servlet/hpexe_link HTTP/1.1" 200 951
186.79.207.0 - - [06/Mar/2017:13:13:30 -0300] "GET /cormun/servlet/hhome HTTP/1.1" 200 3757
186.79.207.0 - - [06/Mar/2017:13:13:31 -0300] "GET /cormun/servlet/hhome HTTP/1.1" 200 3755
186.79.207.0 - - [06/Mar/2017:13:13:35 -0300] "GET /cormun/servlet/trsolicitudot? HTTP/1.1" 200 7988
186.79.207.0 - - [06/Mar/2017:13:13:36 -0300] "GET /cormun/servlet/trsolicitudot? HTTP/1.1" 200 7987
186.79.207.0 - - [06/Mar/2017:13:13:43 -0300] "POST /cormun/servlet/trsolicitudot?999f92273b43a2e2d8a0fef980c9449e,,gx-no-cache=1488816893917 HTTP/1.1" 200 106
186.79.207.0 - - [06/Mar/2017:13:13:44 -0300] "GET /cormun/servlet/trsolicitudadjuntos?2017,5209, HTTP/1.1" 200 8134
186.79.207.0 - - [06/Mar/2017:13:13:45 -0300] "GET /cormun/servlet/trsolicitudadjuntos?2017,5209, HTTP/1.1" 200 8132
192.168.10.62 - - [06/Mar/2017:13:13:47 -0300] "POST /cormun/servlet/trsolicitudgral?37558be1c095918dddbb2de958edbe53,,gx-no-cache=1488820112382 HTTP/1.1" 200 104
192.168.10.62 - - [06/Mar/2017:13:13:48 -0300] "POST /cormun/servlet/trsolicitudgral?37558be1c095918dddbb2de958edbe53,,gx-no-cache=1488820112527 HTTP/1.1" 200 8248
192.168.10.62 - - [06/Mar/2017:13:13:48 -0300] "GET /cormun/SolicitudGral-130.xls HTTP/1.1" 200 7680
186.79.207.0 - - [06/Mar/2017:13:14:02 -0300] "GET /cormun/servlet/solicitudotadjuntos?INS,2017,5209,,1, HTTP/1.1" 200 5787
186.79.207.0 - - [06/Mar/2017:13:14:02 -0300] "GET /cormun/static/about:blank HTTP/1.1" 404 1011
186.79.207.0 - - [06/Mar/2017:13:14:03 -0300] "GET /cormun/servlet/solicitudotadjuntos?INS,2017,5209,,1, HTTP/1.1" 200 5781
186.79.207.0 - - [06/Mar/2017:13:14:03 -0300] "GET /cormun/servlet/solicitudotadjuntos?1c5232e440dae377a1896138b3e2f5f12f8e2534c1a586dfb8c832a910092c9510be78a83506f5ffebfd53bdbfcad401,gx-no-cache=1488816913914 HTTP/1.1" 200 30
186.79.207.0 - - [06/Mar/2017:13:14:03 -0300] "POST /cormun/servlet/solicitudotadjuntos?999f92273b43a2e2d8a0fef980c9449e,INS,2017,5209,,1,,gx-no-cache=1488816914025 HTTP/1.1" 200 3640
186.79.207.0 - - [06/Mar/2017:13:14:08 -0300] "POST /cormun/servlet/solicitudotadjuntos?gx-no-cache=1488816918628 HTTP/1.1" 200 26
186.79.207.0 - - [06/Mar/2017:13:14:21 -0300] "GET /cormun/servlet/solicitudotadjuntos?1c5232e440dae377a1896138b3e2f5f1c8ae4c3d04d453f97ddb7f711ff0f6c1,gx-no-cache=1488816931682 HTTP/1.1" 200 30
186.79.207.0 - - [06/Mar/2017:13:14:21 -0300] "GET /cormun/servlet/solicitudotadjuntos?1c5232e440dae377a1896138b3e2f5f1c8ae4c3d04d453f97ddb7f711ff0f6c1,gx-no-cache=1488816931793 HTTP/1.1" 200 30
186.79.207.0 - - [06/Mar/2017:13:14:36 -0300] "POST /cormun/servlet/solicitudotadjuntos?999f92273b43a2e2d8a0fef980c9449e,INS,2017,5209,,1, HTTP/1.1" 200 116
186.79.207.0 - - [06/Mar/2017:13:14:36 -0300] "GET /cormun/servlet/hpexe_return? HTTP/1.1" 200 1022
186.79.207.0 - - [06/Mar/2017:13:14:37 -0300] "GET /cormun/servlet/trsolicitudadjuntos?2017,5209, HTTP/1.1" 200 8294
186.79.207.0 - - [06/Mar/2017:13:14:38 -0300] "GET /cormun/servlet/trsolicitudadjuntos?2017,5209, HTTP/1.1" 200 8291
192.168.10.62 - - [06/Mar/2017:13:14:39 -0300] "GET /cormun/servlet/vesolicitudgral?2017,5054,, HTTP/1.1" 200 8216
192.168.10.62 - - [06/Mar/2017:13:14:39 -0300] "GET /cormun/static/gxcfg.js?201612218543032 HTTP/1.1" 304 -
192.168.10.62 - - [06/Mar/2017:13:14:39 -0300] "GET /cormun/pexe_scrolldiv.js HTTP/1.1" 404 1009
192.168.10.62 - - [06/Mar/2017:13:14:39 -0300] "GET /cormun/static/tbsolicitudgral01.js?20171102165139 HTTP/1.1" 304 -
192.168.10.62 - - [06/Mar/2017:13:14:39 -0300] "GET /cormun/pexe_scrolldiv.js HTTP/1.1" 404 1009
192.168.10.62 - - [06/Mar/2017:13:14:40 -0300] "GET /cormun/servlet/vesolicitudgral?2017,5054,, HTTP/1.1" 200 8215
186.79.207.0 - - [06/Mar/2017:13:14:49 -0300] "GET /cormun/servlet/solicitudotadjuntos?INS,2017,5209,,1, HTTP/1.1" 200 5786
186.79.207.0 - - [06/Mar/2017:13:14:50 -0300] "GET /cormun/static/about:blank HTTP/1.1" 404 1011
186.79.207.0 - - [06/Mar/2017:13:14:50 -0300] "GET /cormun/servlet/solicitudotadjuntos?INS,2017,5209,,1, HTTP/1.1" 200 5780
186.79.207.0 - - [06/Mar/2017:13:14:50 -0300] "GET /cormun/servlet/solicitudotadjuntos?1c5232e440dae377a1896138b3e2f5f12f8e2534c1a586dfb8c832a910092c9510be78a83506f5ffebfd53bdbfcad401,gx-no-cache=1488816961242 HTTP/1.1" 200 30
186.79.207.0 - - [06/Mar/2017:13:14:51 -0300] "POST /cormun/servlet/solicitudotadjuntos?999f92273b43a2e2d8a0fef980c9449e,INS,2017,5209,,1,,gx-no-cache=1488816961348 HTTP/1.1" 200 3639
192.168.10.62 - - [06/Mar/2017:13:14:54 -0300] "POST /cormun/servlet/vesolicitudgral?37558be1c095918dddbb2de958edbe53,2017,5054,,,gx-no-cache=1488820179012 HTTP/1.1" 200 10553
192.168.10.62 - - [06/Mar/2017:13:14:54 -0300] "GET /cormun/static/Shared/jqueryui/images/ui-icons_82798d_256x240.png HTTP/1.1" 404 1089
192.168.10.62 - - [06/Mar/2017:13:14:54 -0300] "GET /cormun/static/Shared/jqueryui/images/ui-bg_highlight-soft_100_c6c2c8_1x100.png HTTP/1.1" 404 1117
192.168.10.62 - - [06/Mar/2017:13:14:54 -0300] "GET /cormun/static/Shared/jqueryui/images/ui-icons_8d78a5_256x240.png HTTP/1.1" 404 1089
192.168.10.62 - - [06/Mar/2017:13:14:54 -0300] "GET /cormun/static/Shared/jqueryui/images/ui-bg_flat_55_fafafa_40x100.png HTTP/1.1" 404 1097
192.168.10.62 - - [06/Mar/2017:13:14:54 -0300] "POST /cormun/servlet/vesolicitudgral?37558be1c095918dddbb2de958edbe53,2017,5054,,,gx-no-cache=1488820179239 HTTP/1.1" 200 10488
192.168.10.62 - - [06/Mar/2017:13:14:54 -0300] "GET /cormun//static/Resources/PXToolsTabLastUnselected.png HTTP/1.1" 200 1291
186.79.207.0 - - [06/Mar/2017:13:14:56 -0300] "POST /cormun/servlet/solicitudotadjuntos?gx-no-cache=1488816966403 HTTP/1.1" 200 26
186.79.207.0 - - [06/Mar/2017:13:15:07 -0300] "GET /cormun/servlet/solicitudotadjuntos?1c5232e440dae377a1896138b3e2f5f1c8ae4c3d04d453f97ddb7f711ff0f6c1,gx-no-cache=1488816977950 HTTP/1.1" 200 30
186.79.207.0 - - [06/Mar/2017:13:15:07 -0300] "GET /cormun/servlet/solicitudotadjuntos?1c5232e440dae377a1896138b3e2f5f1c8ae4c3d04d453f97ddb7f711ff0f6c1,gx-no-cache=1488816978092 HTTP/1.1" 200 30
186.79.207.0 - - [06/Mar/2017:13:15:16 -0300] "POST /cormun/servlet/solicitudotadjuntos?999f92273b43a2e2d8a0fef980c9449e,INS,2017,5209,,1, HTTP/1.1" 200 116
186.79.207.0 - - [06/Mar/2017:13:15:16 -0300] "GET /cormun/servlet/hpexe_return? HTTP/1.1" 200 1022
186.79.207.0 - - [06/Mar/2017:13:15:17 -0300] "GET /cormun/servlet/trsolicitudadjuntos?2017,5209, HTTP/1.1" 200 8442
186.79.207.0 - - [06/Mar/2017:13:15:18 -0300] "GET /cormun/servlet/trsolicitudadjuntos?2017,5209, HTTP/1.1" 200 8438
186.79.207.0 - - [06/Mar/2017:13:15:25 -0300] "GET /cormun/servlet/solicitudotadjuntos?INS,2017,5209,,1, HTTP/1.1" 200 5787
186.79.207.0 - - [06/Mar/2017:13:15:25 -0300] "GET /cormun/static/about:blank HTTP/1.1" 404 1011
186.79.207.0 - - [06/Mar/2017:13:15:26 -0300] "GET /cormun/servlet/solicitudotadjuntos?INS,2017,5209,,1, HTTP/1.1" 200 5781
186.79.207.0 - - [06/Mar/2017:13:15:26 -0300] "GET /cormun/servlet/solicitudotadjuntos?1c5232e440dae377a1896138b3e2f5f12f8e2534c1a586dfb8c832a910092c9510be78a83506f5ffebfd53bdbfcad401,gx-no-cache=1488816996787 HTTP/1.1" 200 30
186.79.207.0 - - [06/Mar/2017:13:15:26 -0300] "POST /cormun/servlet/solicitudotadjuntos?999f92273b43a2e2d8a0fef980c9449e,INS,2017,5209,,1,,gx-no-cache=1488816996909 HTTP/1.1" 200 3640
186.79.207.0 - - [06/Mar/2017:13:15:40 -0300] "POST /cormun/servlet/solicitudotadjuntos?gx-no-cache=1488817010828 HTTP/1.1" 200 26
186.79.207.0 - - [06/Mar/2017:13:16:21 -0300] "GET /cormun/servlet/solicitudotadjuntos?1c5232e440dae377a1896138b3e2f5f1c8ae4c3d04d453f97ddb7f711ff0f6c1,gx-no-cache=1488817051989 HTTP/1.1" 200 30
186.79.207.0 - - [06/Mar/2017:13:16:21 -0300] "GET /cormun/servlet/solicitudotadjuntos?1c5232e440dae377a1896138b3e2f5f1c8ae4c3d04d453f97ddb7f711ff0f6c1,gx-no-cache=1488817052083 HTTP/1.1" 200 30
186.79.207.0 - - [06/Mar/2017:13:16:35 -0300] "POST /cormun/servlet/solicitudotadjuntos?999f92273b43a2e2d8a0fef980c9449e,INS,2017,5209,,1, HTTP/1.1" 200 116
186.79.207.0 - - [06/Mar/2017:13:16:35 -0300] "GET /cormun/servlet/hpexe_return? HTTP/1.1" 200 1022
186.79.207.0 - - [06/Mar/2017:13:16:36 -0300] "GET /cormun/servlet/trsolicitudadjuntos?2017,5209, HTTP/1.1" 200 8589
186.79.207.0 - - [06/Mar/2017:13:16:37 -0300] "GET /cormun/servlet/trsolicitudadjuntos?2017,5209, HTTP/1.1" 200 8586
186.79.207.0 - - [06/Mar/2017:13:16:50 -0300] "GET /cormun/servlet/solicitudotadjuntos?INS,2017,5209,,1, HTTP/1.1" 200 5787
186.79.207.0 - - [06/Mar/2017:13:16:51 -0300] "GET /cormun/static/about:blank HTTP/1.1" 404 1011
186.79.207.0 - - [06/Mar/2017:13:16:51 -0300] "GET /cormun/servlet/solicitudotadjuntos?INS,2017,5209,,1, HTTP/1.1" 200 5781
186.79.207.0 - - [06/Mar/2017:13:16:51 -0300] "GET /cormun/servlet/solicitudotadjuntos?1c5232e440dae377a1896138b3e2f5f12f8e2534c1a586dfb8c832a910092c9510be78a83506f5ffebfd53bdbfcad401,gx-no-cache=1488817082274 HTTP/1.1" 200 30
186.79.207.0 - - [06/Mar/2017:13:16:52 -0300] "POST /cormun/servlet/solicitudotadjuntos?999f92273b43a2e2d8a0fef980c9449e,INS,2017,5209,,1,,gx-no-cache=1488817082372 HTTP/1.1" 200 3640
192.168.10.62 - - [06/Mar/2017:13:16:54 -0300] "POST /cormun/servlet/vesolicitudgral?37558be1c095918dddbb2de958edbe53,2017,5054,,,gx-no-cache=1488820298641 HTTP/1.1" 200 90
192.168.10.62 - - [06/Mar/2017:13:16:54 -0300] "GET /cormun/servlet/hpexe_link HTTP/1.1" 200 967
192.168.10.62 - - [06/Mar/2017:13:16:54 -0300] "GET /cormun/servlet/trsolicitudgral? HTTP/1.1" 200 10932
192.168.10.62 - - [06/Mar/2017:13:16:55 -0300] "GET /cormun/servlet/trsolicitudgral? HTTP/1.1" 200 10931
186.79.207.0 - - [06/Mar/2017:13:16:57 -0300] "POST /cormun/servlet/solicitudotadjuntos?gx-no-cache=1488817087818 HTTP/1.1" 200 26
192.168.10.62 - - [06/Mar/2017:13:17:01 -0300] "POST /cormun/servlet/trsolicitudgral?37558be1c095918dddbb2de958edbe53,,gx-no-cache=1488820305542 HTTP/1.1" 200 7652
192.168.10.62 - - [06/Mar/2017:13:17:01 -0300] "GET /cormun/static/Shared/jqueryui/images/ui-bg_highlight-soft_100_c6c2c8_1x100.png HTTP/1.1" 404 1117
192.168.10.62 - - [06/Mar/2017:13:17:01 -0300] "GET /cormun/static/Shared/jqueryui/images/ui-icons_82798d_256x240.png HTTP/1.1" 404 1089
192.168.10.62 - - [06/Mar/2017:13:17:01 -0300] "GET /cormun/static/Shared/jqueryui/images/ui-bg_flat_55_fafafa_40x100.png HTTP/1.1" 404 1097
192.168.10.62 - - [06/Mar/2017:13:17:01 -0300] "GET /cormun/static/Shared/jqueryui/images/ui-icons_8d78a5_256x240.png HTTP/1.1" 404 1089
186.103.157.98 - - [06/Mar/2017:13:17:07 -0300] "POST /cormun/servlet/trsolicitudot?657f4026377e82910038f82301e643e2,gx-no-cache=1488817097914 HTTP/1.1" 440 972
186.79.207.0 - - [06/Mar/2017:13:17:08 -0300] "GET /cormun/servlet/solicitudotadjuntos?1c5232e440dae377a1896138b3e2f5f1c8ae4c3d04d453f97ddb7f711ff0f6c1,gx-no-cache=1488817098509 HTTP/1.1" 200 30
186.79.207.0 - - [06/Mar/2017:13:17:08 -0300] "GET /cormun/servlet/solicitudotadjuntos?1c5232e440dae377a1896138b3e2f5f1c8ae4c3d04d453f97ddb7f711ff0f6c1,gx-no-cache=1488817098607 HTTP/1.1" 200 30
186.103.157.98 - - [06/Mar/2017:13:17:10 -0300] "GET /cormun/servlet/trsolicitudot HTTP/1.1" 200 6045
186.103.157.98 - - [06/Mar/2017:13:17:10 -0300] "GET /cormun/servlet/hlogin HTTP/1.1" 200 1732
186.103.157.98 - - [06/Mar/2017:13:17:10 -0300] "GET /cormun/servlet/trsolicitudot HTTP/1.1" 200 6045
186.103.157.98 - - [06/Mar/2017:13:17:12 -0300] "POST /cormun/servlet/hlogin?843dad0842881d8864895916d00af8fb,gx-no-cache=1488817102610 HTTP/1.1" 200 90
186.103.157.98 - - [06/Mar/2017:13:17:12 -0300] "GET /cormun/servlet/hpexe_link HTTP/1.1" 200 956
186.103.157.98 - - [06/Mar/2017:13:17:12 -0300] "GET /cormun/servlet/trsolicitudot HTTP/1.1" 200 8125
186.103.157.98 - - [06/Mar/2017:13:17:12 -0300] "GET /cormun/servlet/trsolicitudot HTTP/1.1" 200 8124
186.103.157.98 - - [06/Mar/2017:13:17:14 -0300] "POST /cormun/servlet/trsolicitudot?843dad0842881d8864895916d00af8fb,gx-no-cache=1488817104890 HTTP/1.1" 200 107
186.103.157.98 - - [06/Mar/2017:13:17:14 -0300] "GET /cormun/servlet/trsolicitudadjuntos?2017,5198, HTTP/1.1" 200 8963
186.79.207.0 - - [06/Mar/2017:13:17:14 -0300] "POST /cormun/servlet/solicitudotadjuntos?999f92273b43a2e2d8a0fef980c9449e,INS,2017,5209,,1, HTTP/1.1" 200 116
186.79.207.0 - - [06/Mar/2017:13:17:15 -0300] "GET /cormun/servlet/hpexe_return? HTTP/1.1" 200 1022
186.103.157.98 - - [06/Mar/2017:13:17:15 -0300] "GET /cormun/servlet/trsolicitudadjuntos?2017,5198, HTTP/1.1" 200 8964
186.79.207.0 - - [06/Mar/2017:13:17:16 -0300] "GET /cormun/servlet/trsolicitudadjuntos?2017,5209, HTTP/1.1" 200 8815
186.79.207.0 - - [06/Mar/2017:13:17:17 -0300] "GET /cormun/servlet/trsolicitudadjuntos?2017,5209, HTTP/1.1" 200 8812
186.103.157.98 - - [06/Mar/2017:13:17:20 -0300] "GET /cormun/servlet/solicitudotadjuntos?INS,2017,5198,,1, HTTP/1.1" 200 6036
186.103.157.98 - - [06/Mar/2017:13:17:20 -0300] "GET /cormun/static/about:blank HTTP/1.1" 404 1011
186.103.157.98 - - [06/Mar/2017:13:17:20 -0300] "GET /cormun/servlet/solicitudotadjuntos?INS,2017,5198,,1, HTTP/1.1" 200 6029
186.103.157.98 - - [06/Mar/2017:13:17:20 -0300] "GET /cormun/servlet/solicitudotadjuntos?14b252f5f99e387d43b32859e713d1620a71ab301090b1c9405580559ee6a8678036d5b987f2cd515643ea587ba79256,gx-no-cache=1488817111150 HTTP/1.1" 200 30
186.103.157.98 - - [06/Mar/2017:13:17:20 -0300] "POST /cormun/servlet/solicitudotadjuntos?843dad0842881d8864895916d00af8fb,INS,2017,5198,,1,,gx-no-cache=1488817111193 HTTP/1.1" 200 3863
186.103.157.98 - - [06/Mar/2017:13:17:22 -0300] "POST /cormun/servlet/solicitudotadjuntos?gx-no-cache=1488817112936 HTTP/1.1" 200 26
186.103.159.46 - - [06/Mar/2017:13:17:31 -0300] "POST /cormun/servlet/solicitudot?gx-no-cache=1488817121113 HTTP/1.1" 200 297
186.103.159.46 - - [06/Mar/2017:13:17:31 -0300] "GET /cormun/servlet/solicitudot?af59d6d0368d5d4abb0c10a5ac99d04c2f0379cb5209b2c4c5c21ef6212d79f18ac4d31a0caa696f9437e9b304992e6e681fd705f02e8d68f36b9765c23fef2c3b84348e6ef8d5ac734eeac139937e1d381d0a703273259e894d181aab23e7a60b51b38085db81918b851a1d4cbb5d48dc97c05a6a329bddb5b4b196d8bfc65f06db0d3ce2aa0032163a177763c5046eddee0bc7dda693d17ac8c9c1b6c751ab41ae9f5d6953b61d0511d728a441b367cf5507166e5dbfd9f1088523223c4e97427b74e158eba506522d6d97f9250ab57f49afa23eb4208cafa96326a34833cf05716e17f3829a3702ce0e636e41641b028c82792bf47f01113d73a39435e67bab92a058c8e7c5d208547d284d336ba1a0925ee4aa3f68dbe331d63e5fe568f3e7325e431b35d0fb3d60edadd889f10c3dea282fb39e001b9f67dcdc50ed92140b1337e1571f83e3e55392f6c0255750240896c209671258532be3b40d77544862ce494e6fb0639d1f3d0f77699d90f3ff53fe97987fa17c63098a6836dbcf68b479d63bc01bcbaf89db4ffe50837fe4,gx-no-cache=1488817121247 HTTP/1.1" 200 30
186.103.157.98 - - [06/Mar/2017:13:17:32 -0300] "POST /cormun/servlet/solicitudotadjuntos?gx-no-cache=1488817122494 HTTP/1.1" 200 26
186.103.159.46 - - [06/Mar/2017:13:17:35 -0300] "POST /cormun/servlet/solicitudot?gx-no-cache=1488817125359 HTTP/1.1" 200 30
186.103.159.46 - - [06/Mar/2017:13:17:36 -0300] "POST /cormun/servlet/solicitudot?gx-no-cache=1488817127126 HTTP/1.1" 200 235
186.103.159.46 - - [06/Mar/2017:13:17:37 -0300] "POST /cormun/servlet/solicitudot?gx-no-cache=1488817127236 HTTP/1.1" 200 38
201.246.239.225 - - [06/Mar/2017:13:17:45 -0300] "POST /cormun/servlet/permisosingoce?dc066d755b59acd6b063bf1f20f34005,INS,0,,gx-no-cache=1488817140909 HTTP/1.1" 200 93
201.246.239.225 - - [06/Mar/2017:13:17:45 -0300] "GET /cormun/servlet/hpexe_return? HTTP/1.1" 200 1010
201.246.239.225 - - [06/Mar/2017:13:17:45 -0300] "GET /cormun/servlet/trpermisosingoce HTTP/1.1" 200 6794
201.246.239.225 - - [06/Mar/2017:13:17:47 -0300] "GET /cormun/servlet/trpermisosingoce HTTP/1.1" 200 6790
186.103.157.98 - - [06/Mar/2017:13:17:49 -0300] "GET /cormun/servlet/solicitudotadjuntos?14b252f5f99e387d43b32859e713d1623e00b9ff83ecd9d0cf93bbcce6ba2bd0,gx-no-cache=1488817139594 HTTP/1.1" 200 30
186.103.157.98 - - [06/Mar/2017:13:17:49 -0300] "GET /cormun/servlet/solicitudotadjuntos?14b252f5f99e387d43b32859e713d1623e00b9ff83ecd9d0cf93bbcce6ba2bd0,gx-no-cache=1488817139631 HTTP/1.1" 200 30
186.103.157.98 - - [06/Mar/2017:13:17:49 -0300] "POST /cormun/servlet/solicitudotadjuntos?843dad0842881d8864895916d00af8fb,INS,2017,5198,,1, HTTP/1.1" 200 116
186.103.157.98 - - [06/Mar/2017:13:17:49 -0300] "GET /cormun/servlet/hpexe_return? HTTP/1.1" 200 1023
186.103.157.98 - - [06/Mar/2017:13:17:49 -0300] "GET /cormun/servlet/trsolicitudadjuntos?2017,5198, HTTP/1.1" 200 9196
186.103.157.98 - - [06/Mar/2017:13:17:50 -0300] "GET /cormun/servlet/trsolicitudadjuntos?2017,5198, HTTP/1.1" 200 9193
192.168.10.62 - - [06/Mar/2017:13:17:51 -0300] "POST /cormun/servlet/trsolicitudgral?37558be1c095918dddbb2de958edbe53,,gx-no-cache=1488820355778 HTTP/1.1" 200 7320
186.103.157.98 - - [06/Mar/2017:13:18:02 -0300] "POST /cormun/servlet/trsolicitudadjuntos?843dad0842881d8864895916d00af8fb,2017,5198,,gx-no-cache=1488817152609 HTTP/1.1" 200 90
186.103.157.98 - - [06/Mar/2017:13:18:02 -0300] "GET /cormun/servlet/hpexe_link HTTP/1.1" 200 968
186.103.157.98 - - [06/Mar/2017:13:18:02 -0300] "GET /cormun/servlet/trsolicitudot HTTP/1.1" 200 8125
186.103.157.98 - - [06/Mar/2017:13:18:03 -0300] "GET /cormun/servlet/trsolicitudot HTTP/1.1" 200 8124
186.103.157.98 - - [06/Mar/2017:13:18:08 -0300] "POST /cormun/servlet/trsolicitudot?843dad0842881d8864895916d00af8fb,gx-no-cache=1488817158975 HTTP/1.1" 200 4093
186.103.157.98 - - [06/Mar/2017:13:18:08 -0300] "GET /cormun/static/Shared/jqueryui/images/ui-bg_highlight-soft_100_c6c2c8_1x100.png HTTP/1.1" 404 1117
186.103.157.98 - - [06/Mar/2017:13:18:08 -0300] "GET /cormun/static/Shared/jqueryui/images/ui-icons_82798d_256x240.png HTTP/1.1" 404 1089
186.103.157.98 - - [06/Mar/2017:13:18:08 -0300] "GET /cormun/static/Shared/jqueryui/images/ui-bg_flat_55_fafafa_40x100.png HTTP/1.1" 404 1097
186.103.157.98 - - [06/Mar/2017:13:18:08 -0300] "GET /cormun/static/Shared/jqueryui/images/ui-icons_8d78a5_256x240.png HTTP/1.1" 404 1089
186.103.157.98 - - [06/Mar/2017:13:18:09 -0300] "POST /cormun/servlet/trsolicitudot?843dad0842881d8864895916d00af8fb,gx-no-cache=1488817159205 HTTP/1.1" 200 3861
186.103.157.98 - - [06/Mar/2017:13:18:14 -0300] "GET /cormun/servlet/trautorizarsolicitud? HTTP/1.1" 200 8214
186.103.157.98 - - [06/Mar/2017:13:18:14 -0300] "GET /cormun/static/gxcfg.js?2017259112829 HTTP/1.1" 304 -
186.103.157.98 - - [06/Mar/2017:13:18:14 -0300] "GET /cormun/static/trautorizarsolicitud.js?2017259113483 HTTP/1.1" 304 -
186.103.157.98 - - [06/Mar/2017:13:18:14 -0300] "GET /cormun/servlet/trautorizarsolicitud? HTTP/1.1" 200 8213
186.103.157.98 - - [06/Mar/2017:13:18:24 -0300] "POST /cormun/servlet/trautorizarsolicitud?843dad0842881d8864895916d00af8fb,,gx-no-cache=1488817174950 HTTP/1.1" 200 4334
186.103.157.98 - - [06/Mar/2017:13:18:24 -0300] "GET /cormun/static/Shared/jqueryui/images/ui-icons_82798d_256x240.png HTTP/1.1" 404 1089
186.103.157.98 - - [06/Mar/2017:13:18:24 -0300] "GET /cormun/static/Shared/jqueryui/images/ui-bg_highlight-soft_100_c6c2c8_1x100.png HTTP/1.1" 404 1117
186.103.157.98 - - [06/Mar/2017:13:18:24 -0300] "GET /cormun/static/Shared/jqueryui/images/ui-bg_flat_55_fafafa_40x100.png HTTP/1.1" 404 1097
186.103.157.98 - - [06/Mar/2017:13:18:24 -0300] "GET /cormun/static/Shared/jqueryui/images/ui-icons_8d78a5_256x240.png HTTP/1.1" 404 1089
186.103.157.98 - - [06/Mar/2017:13:18:25 -0300] "POST /cormun/servlet/trautorizarsolicitud?843dad0842881d8864895916d00af8fb,,gx-no-cache=1488817175169 HTTP/1.1" 200 4105
186.79.207.0 - - [06/Mar/2017:13:18:33 -0300] "POST /cormun/servlet/trsolicitudadjuntos?999f92273b43a2e2d8a0fef980c9449e,2017,5209,,gx-no-cache=1488817183199 HTTP/1.1" 200 90
186.79.207.0 - - [06/Mar/2017:13:18:33 -0300] "GET /cormun/servlet/hpexe_link HTTP/1.1" 200 968
186.79.207.0 - - [06/Mar/2017:13:18:33 -0300] "GET /cormun/servlet/trsolicitudot HTTP/1.1" 200 7989
186.79.207.0 - - [06/Mar/2017:13:18:34 -0300] "GET /cormun/servlet/trsolicitudot HTTP/1.1" 200 7987
186.79.207.0 - - [06/Mar/2017:13:18:41 -0300] "POST /cormun/servlet/trsolicitudot?999f92273b43a2e2d8a0fef980c9449e,gx-no-cache=1488817191140 HTTP/1.1" 200 106
186.79.207.0 - - [06/Mar/2017:13:18:41 -0300] "GET /cormun/servlet/trsolicitudadjuntos?2017,5209, HTTP/1.1" 200 8809
186.79.207.0 - - [06/Mar/2017:13:18:43 -0300] "GET /cormun/servlet/trsolicitudadjuntos?2017,5209, HTTP/1.1" 200 8812
186.79.207.0 - - [06/Mar/2017:13:18:47 -0300] "POST /cormun/servlet/trsolicitudadjuntos?999f92273b43a2e2d8a0fef980c9449e,2017,5209,,gx-no-cache=1488817198054 HTTP/1.1" 200 90
186.79.207.0 - - [06/Mar/2017:13:18:48 -0300] "GET /cormun/servlet/hpexe_link HTTP/1.1" 200 968
186.79.207.0 - - [06/Mar/2017:13:18:48 -0300] "GET /cormun/servlet/trsolicitudot HTTP/1.1" 200 7989
186.79.207.0 - - [06/Mar/2017:13:18:48 -0300] "GET /cormun/servlet/trsolicitudot HTTP/1.1" 200 7987
192.168.10.62 - - [06/Mar/2017:13:20:20 -0300] "POST /cormun/servlet/trsolicitudgral?37558be1c095918dddbb2de958edbe53,,gx-no-cache=1488820504768 HTTP/1.1" 200 6981
186.79.207.0 - - [06/Mar/2017:13:20:54 -0300] "POST /cormun/servlet/trsolicitudot?999f92273b43a2e2d8a0fef980c9449e,gx-no-cache=1488817324538 HTTP/1.1" 200 4160
186.79.207.0 - - [06/Mar/2017:13:20:54 -0300] "GET /cormun/static/Shared/jqueryui/images/ui-bg_highlight-soft_100_c6c2c8_1x100.png HTTP/1.1" 404 1117
186.79.207.0 - - [06/Mar/2017:13:20:54 -0300] "GET /cormun/static/Shared/jqueryui/images/ui-icons_82798d_256x240.png HTTP/1.1" 404 1089
186.79.207.0 - - [06/Mar/2017:13:20:54 -0300] "GET /cormun/static/Shared/jqueryui/images/ui-bg_flat_55_fafafa_40x100.png HTTP/1.1" 404 1097
186.79.207.0 - - [06/Mar/2017:13:20:54 -0300] "GET /cormun/static/Shared/jqueryui/images/ui-icons_8d78a5_256x240.png HTTP/1.1" 404 1089
186.79.207.0 - - [06/Mar/2017:13:20:55 -0300] "POST /cormun/servlet/trsolicitudot?999f92273b43a2e2d8a0fef980c9449e,gx-no-cache=1488817325120 HTTP/1.1" 200 3930
192.168.10.62 - - [06/Mar/2017:13:21:32 -0300] "POST /cormun/servlet/trsolicitudgral?37558be1c095918dddbb2de958edbe53,,gx-no-cache=1488820576686 HTTP/1.1" 200 6659
192.168.10.62 - - [06/Mar/2017:13:21:37 -0300] "POST /cormun/servlet/trsolicitudgral?37558be1c095918dddbb2de958edbe53,,gx-no-cache=1488820581859 HTTP/1.1" 200 105
192.168.10.62 - - [06/Mar/2017:13:21:37 -0300] "POST /cormun/servlet/trsolicitudgral?37558be1c095918dddbb2de958edbe53,,gx-no-cache=1488820581982 HTTP/1.1" 200 6641
192.168.10.62 - - [06/Mar/2017:13:21:37 -0300] "GET /cormun/SolicitudGral-6613.xls HTTP/1.1" 200 6144
221.194.44.252 - - [06/Mar/2017:13:23:14 -0300] "GET /manager/html HTTP/1.1" 401 2474
221.194.44.252 - - [06/Mar/2017:13:23:15 -0300] "GET /manager/html HTTP/1.1" 401 2474
221.194.44.252 - tomcat [06/Mar/2017:13:23:15 -0300] "GET /manager/html HTTP/1.1" 403 3196
221.194.44.252 - - [06/Mar/2017:13:23:16 -0300] "GET /manager/html HTTP/1.1" 401 2474
221.194.44.252 - - [06/Mar/2017:13:23:16 -0300] "GET /manager/html HTTP/1.1" 401 2474
221.194.44.252 - - [06/Mar/2017:13:23:17 -0300] "GET /manager/html HTTP/1.1" 401 2474
221.194.44.252 - - [06/Mar/2017:13:23:17 -0300] "GET /manager/html HTTP/1.1" 401 2474
192.168.10.62 - - [06/Mar/2017:13:23:18 -0300] "GET /cormun/servlet/vesolicitudgral?2017,5165,, HTTP/1.1" 200 8252
221.194.44.252 - - [06/Mar/2017:13:23:18 -0300] "GET /manager/html HTTP/1.1" 401 2474
192.168.10.62 - - [06/Mar/2017:13:23:18 -0300] "GET /cormun/pexe_scrolldiv.js HTTP/1.1" 404 1009
192.168.10.62 - - [06/Mar/2017:13:23:18 -0300] "GET /cormun/pexe_scrolldiv.js HTTP/1.1" 404 1009
221.194.44.252 - - [06/Mar/2017:13:23:18 -0300] "GET /manager/html HTTP/1.1" 401 2474
192.168.10.62 - - [06/Mar/2017:13:23:18 -0300] "GET /cormun/servlet/vesolicitudgral?2017,5165,, HTTP/1.1" 200 8250
221.194.44.252 - - [06/Mar/2017:13:23:19 -0300] "GET /manager/html HTTP/1.1" 401 2474
221.194.44.252 - - [06/Mar/2017:13:23:20 -0300] "GET /manager/html HTTP/1.1" 401 2474
221.194.44.252 - - [06/Mar/2017:13:23:20 -0300] "GET /manager/html HTTP/1.1" 401 2474
221.194.44.252 - - [06/Mar/2017:13:23:21 -0300] "GET /manager/html HTTP/1.1" 401 2474
221.194.44.252 - - [06/Mar/2017:13:23:21 -0300] "GET /manager/html HTTP/1.1" 401 2474
221.194.44.252 - - [06/Mar/2017:13:23:22 -0300] "GET /manager/html HTTP/1.1" 401 2474
221.194.44.252 - - [06/Mar/2017:13:23:23 -0300] "GET /manager/html HTTP/1.1" 401 2474
221.194.44.252 - - [06/Mar/2017:13:23:24 -0300] "GET /manager/html HTTP/1.1" 401 2474
221.194.44.252 - - [06/Mar/2017:13:23:24 -0300] "GET /manager/html HTTP/1.1" 401 2474
221.194.44.252 - - [06/Mar/2017:13:23:25 -0300] "GET /manager/html HTTP/1.1" 401 2474
221.194.44.252 - - [06/Mar/2017:13:23:25 -0300] "GET /manager/html HTTP/1.1" 401 2474
221.194.44.252 - - [06/Mar/2017:13:23:27 -0300] "GET /manager/html HTTP/1.1" 401 2474
221.194.44.252 - - [06/Mar/2017:13:23:28 -0300] "GET /manager/html HTTP/1.1" 401 2474
221.194.44.252 - - [06/Mar/2017:13:23:28 -0300] "GET /manager/html HTTP/1.1" 401 2474
221.194.44.252 - - [06/Mar/2017:13:23:29 -0300] "GET /manager/html HTTP/1.1" 401 2474
221.194.44.252 - - [06/Mar/2017:13:23:29 -0300] "GET /manager/html HTTP/1.1" 401 2474
221.194.44.252 - - [06/Mar/2017:13:23:30 -0300] "GET /manager/html HTTP/1.1" 401 2474
221.194.44.252 - - [06/Mar/2017:13:23:30 -0300] "GET /manager/html HTTP/1.1" 401 2474
221.194.44.252 - - [06/Mar/2017:13:23:31 -0300] "GET /manager/html HTTP/1.1" 401 2474
221.194.44.252 - - [06/Mar/2017:13:23:32 -0300] "GET /manager/html HTTP/1.1" 401 2474
221.194.44.252 - - [06/Mar/2017:13:23:32 -0300] "GET /manager/html HTTP/1.1" 401 2474
186.103.156.24 - - [06/Mar/2017:13:24:41 -0300] "GET /cormun/servlet/solicitudot?b16cef694f3ae667372627318633e9eaf2aba1ced37905304206a5119c3cbabb575e2a31cc0d7ef8933cb9d80a2ad6aa2c75cf95b08f8e4ea53a2f2e2cf75c7133917ec3f5b3bfbb03c1cd2e775d272c94c10be4baa7dd1709969a819de403d0be683b98b87b7a319f4ac6194e3c59647625909545d334835dcd5b9ddf205da6ca35f41bd18914383807deaca1c430792ddbb3be584cbafabcb8ea558a4331865196d356af4f21bfc3a8d170c947be03,gx-no-cache=1488817555372 HTTP/1.1" 440 972
186.103.156.24 - - [06/Mar/2017:13:24:44 -0300] "GET /cormun/servlet/solicitudot?INS,0,0, HTTP/1.1" 200 11923
186.103.156.24 - - [06/Mar/2017:13:24:45 -0300] "GET /cormun/servlet/solicitudot?INS,0,0, HTTP/1.1" 200 11923
186.103.156.24 - - [06/Mar/2017:13:24:45 -0300] "GET /cormun/servlet/hlogin HTTP/1.1" 200 1733
186.103.156.24 - - [06/Mar/2017:13:24:57 -0300] "POST /cormun/servlet/hlogin?af1cd3417e4dfafe05c7bf380a88ac15,gx-no-cache=1488817572585 HTTP/1.1" 200 90
186.103.156.24 - - [06/Mar/2017:13:24:57 -0300] "GET /cormun/servlet/hpexe_link HTTP/1.1" 200 956
186.103.156.24 - - [06/Mar/2017:13:24:57 -0300] "GET /cormun/servlet/solicitudot?INS,0,0, HTTP/1.1" 200 12583
186.103.156.24 - - [06/Mar/2017:13:24:58 -0300] "GET /cormun/servlet/solicitudot?INS,0,0, HTTP/1.1" 200 12589
186.103.156.24 - - [06/Mar/2017:13:25:09 -0300] "POST /cormun/servlet/solicitudot?gx-no-cache=1488817586076 HTTP/1.1" 200 3081
186.103.156.24 - - [06/Mar/2017:13:25:10 -0300] "POST /cormun/servlet/solicitudot?af1cd3417e4dfafe05c7bf380a88ac15,INS,0,0,,gx-no-cache=1488817586254 HTTP/1.1" 200 9596
186.103.156.24 - - [06/Mar/2017:13:25:13 -0300] "GET /cormun/servlet/solicitudot?151ede9abeffc685cf4619c163293e1370357045078b8d6a6e74e2ef285c054823bbdfab508487c25e96d46d4e311016,gx-no-cache=1488817590298 HTTP/1.1" 200 30
192.168.10.62 - - [06/Mar/2017:13:26:09 -0300] "POST /cormun/servlet/vesolicitudgral?37558be1c095918dddbb2de958edbe53,2017,5165,,,gx-no-cache=1488820854062 HTTP/1.1" 200 10573
192.168.10.62 - - [06/Mar/2017:13:26:09 -0300] "GET /cormun/static/Shared/jqueryui/images/ui-bg_highlight-soft_100_c6c2c8_1x100.png HTTP/1.1" 404 1117
192.168.10.62 - - [06/Mar/2017:13:26:09 -0300] "GET /cormun/static/Shared/jqueryui/images/ui-icons_82798d_256x240.png HTTP/1.1" 404 1089
192.168.10.62 - - [06/Mar/2017:13:26:09 -0300] "GET /cormun/static/Shared/jqueryui/images/ui-bg_flat_55_fafafa_40x100.png HTTP/1.1" 404 1097
192.168.10.62 - - [06/Mar/2017:13:26:09 -0300] "GET /cormun/static/Shared/jqueryui/images/ui-icons_8d78a5_256x240.png HTTP/1.1" 404 1089
192.168.10.62 - - [06/Mar/2017:13:26:09 -0300] "POST /cormun/servlet/vesolicitudgral?37558be1c095918dddbb2de958edbe53,2017,5165,,,gx-no-cache=1488820854302 HTTP/1.1" 200 10509
192.168.10.62 - - [06/Mar/2017:13:26:19 -0300] "POST /cormun/servlet/vesolicitudgral?37558be1c095918dddbb2de958edbe53,2017,5165,,,gx-no-cache=1488820864381 HTTP/1.1" 200 90
192.168.10.62 - - [06/Mar/2017:13:26:19 -0300] "GET /cormun/servlet/hpexe_link HTTP/1.1" 200 966
192.168.10.62 - - [06/Mar/2017:13:26:20 -0300] "GET /cormun/servlet/trsolicitudgral? HTTP/1.1" 200 9292
192.168.10.62 - - [06/Mar/2017:13:26:20 -0300] "GET /cormun/servlet/trsolicitudgral? HTTP/1.1" 200 9291
192.168.10.62 - - [06/Mar/2017:13:26:42 -0300] "POST /cormun/servlet/trsolicitudgral?37558be1c095918dddbb2de958edbe53,,gx-no-cache=1488820887320 HTTP/1.1" 200 5166
192.168.10.62 - - [06/Mar/2017:13:26:42 -0300] "GET /cormun/static/Shared/jqueryui/images/ui-bg_highlight-soft_100_c6c2c8_1x100.png HTTP/1.1" 404 1117
192.168.10.62 - - [06/Mar/2017:13:26:42 -0300] "GET /cormun/static/Shared/jqueryui/images/ui-icons_82798d_256x240.png HTTP/1.1" 404 1089
192.168.10.62 - - [06/Mar/2017:13:26:42 -0300] "GET /cormun/static/Shared/jqueryui/images/ui-bg_flat_55_fafafa_40x100.png HTTP/1.1" 404 1097
192.168.10.62 - - [06/Mar/2017:13:26:42 -0300] "GET /cormun/static/Shared/jqueryui/images/ui-icons_8d78a5_256x240.png HTTP/1.1" 404 1089
186.103.156.24 - - [06/Mar/2017:13:28:34 -0300] "POST /cormun/servlet/solicitudot?gx-no-cache=1488817813774 HTTP/1.1" 200 297
186.103.156.24 - - [06/Mar/2017:13:28:40 -0300] "GET /cormun/servlet/solicitudot?151ede9abeffc685cf4619c163293e13c687c2ae1eb6d109bed9f87a7b8e576b76974b04b62ac3cc6758e73fe82ef4d54f3e69dd43cce047c47b2d53f20a6fb852fe65245b65de3c4dabc50eb9854e6b387b0f1f3956b8b5ad65ad45710e6a38170b574d86355ca49cda44da44fa24b574cac8e401cbfbe2d171d2c044bbb5c7b1190ce12c803ef78ace2bc9f9a625a676a71088d87642acfee7266b0f8c3714ac1b99f188ce7123b71c74cf118781040e20bd0989fb87f72b5ce149aeca0b27a7c74fa0e36291d5103b960e4acc618c8d392863d17c864ee53bcdc386ce8a7ff60a5db09ca0791328fec17a8f7ce244141db57921eda874ae45ce63f08773b5662028b2414003232686edc038be96078b7fdfc9f994d7d13a13cc131d9feb29d17a829b3b5c29d559fe1b928479844ec2da3e2550718cfcf91d1a2ff10bd1d2a82fcba5031c800351699fd418032518d018b2ae9e47daa7c5230eacd9b833ee30b9adb2ffb042cf8b30efd4e52c4e12623d62d4a0383d041e1194167fed063f1ca348b5e758add5d3489c014aeb760a,gx-no-cache=1488817819663 HTTP/1.1" 200 30
186.103.156.24 - - [06/Mar/2017:13:28:51 -0300] "POST /cormun/servlet/solicitudot?gx-no-cache=1488817832605 HTTP/1.1" 200 30
192.168.10.62 - - [06/Mar/2017:13:29:06 -0300] "GET /cormun/servlet/hlogin HTTP/1.1" 200 1734
186.103.156.24 - - [06/Mar/2017:13:29:06 -0300] "POST /cormun/servlet/solicitudot?gx-no-cache=1488817849563 HTTP/1.1" 200 235
186.103.156.24 - - [06/Mar/2017:13:29:06 -0300] "POST /cormun/servlet/solicitudot?gx-no-cache=1488817849654 HTTP/1.1" 200 38
186.79.207.0 - - [06/Mar/2017:13:30:57 -0300] "GET /cormun/servlet/hlogin HTTP/1.1" 200 1718
186.79.207.0 - - [06/Mar/2017:13:30:59 -0300] "POST /cormun/servlet/hlogin?3ad501aa4475080542f998b72ffbda8b,gx-no-cache=1488817930179 HTTP/1.1" 200 90
186.79.207.0 - - [06/Mar/2017:13:31:00 -0300] "GET /cormun/servlet/hpexe_link HTTP/1.1" 200 953
186.79.207.0 - - [06/Mar/2017:13:31:00 -0300] "GET /cormun/servlet/hhome HTTP/1.1" 200 3757
186.79.207.0 - - [06/Mar/2017:13:31:00 -0300] "GET /cormun/servlet/hhome HTTP/1.1" 200 3754
186.79.207.0 - - [06/Mar/2017:13:31:04 -0300] "GET /cormun/servlet/trsolicitudot? HTTP/1.1" 200 6691
186.79.207.0 - - [06/Mar/2017:13:31:04 -0300] "GET /cormun/servlet/trsolicitudot? HTTP/1.1" 200 6690
186.79.207.0 - - [06/Mar/2017:13:31:07 -0300] "GET /cormun/servlet/solicitudot?INS,0,0, HTTP/1.1" 200 12563
186.79.207.0 - - [06/Mar/2017:13:31:08 -0300] "GET /cormun/servlet/solicitudot?INS,0,0, HTTP/1.1" 200 12568
200.111.191.210 - - [06/Mar/2017:13:31:19 -0300] "GET /cormun/servlet/trsolicitudot? HTTP/1.1" 200 6039
200.111.191.210 - - [06/Mar/2017:13:31:19 -0300] "GET /cormun/static/gxtimezone.js?85251 HTTP/1.1" 304 -
200.111.191.210 - - [06/Mar/2017:13:31:19 -0300] "GET /cormun/static/gxcfg.js?20171191044697 HTTP/1.1" 304 -
200.111.191.210 - - [06/Mar/2017:13:31:19 -0300] "GET /cormun/static/calendar-setup.js?85251 HTTP/1.1" 304 -
200.111.191.210 - - [06/Mar/2017:13:31:19 -0300] "GET /cormun/static/calendar-es.js?85251 HTTP/1.1" 304 -
200.111.191.210 - - [06/Mar/2017:13:31:19 -0300] "GET /cormun/static/calendar.js?85251 HTTP/1.1" 304 -
200.111.191.210 - - [06/Mar/2017:13:31:19 -0300] "GET /cormun/static/messages.spa.js?85251 HTTP/1.1" 304 -
200.111.191.210 - - [06/Mar/2017:13:31:19 -0300] "GET /cormun/static/gxdec.js?85251 HTTP/1.1" 304 -
200.111.191.210 - - [06/Mar/2017:13:31:19 -0300] "GET /cormun/static/trsolicitudot.js?20171191045625 HTTP/1.1" 304 -
200.111.191.210 - - [06/Mar/2017:13:31:20 -0300] "GET /cormun/servlet/hlogin HTTP/1.1" 200 1739
200.111.191.210 - - [06/Mar/2017:13:31:20 -0300] "GET /cormun/servlet/trsolicitudot? HTTP/1.1" 200 6049
200.111.191.210 - - [06/Mar/2017:13:31:20 -0300] "GET /cormun/static/gxcfg.js?201612216162538 HTTP/1.1" 304 -
200.111.191.210 - - [06/Mar/2017:13:31:20 -0300] "GET /favicon.ico HTTP/1.1" 200 21630
200.111.191.210 - - [06/Mar/2017:13:31:26 -0300] "POST /cormun/servlet/hlogin?6b74d480604c720438cd7981cb85dd2d,gx-no-cache=1488821471234 HTTP/1.1" 200 90
200.111.191.210 - - [06/Mar/2017:13:31:26 -0300] "GET /cormun/servlet/hpexe_link HTTP/1.1" 200 962
200.111.191.210 - - [06/Mar/2017:13:31:26 -0300] "GET /cormun/static/gxcfg.js?201612218515529 HTTP/1.1" 304 -
200.111.191.210 - - [06/Mar/2017:13:31:26 -0300] "GET /cormun/servlet/trsolicitudot HTTP/1.1" 200 6487
200.111.191.210 - - [06/Mar/2017:13:31:26 -0300] "GET /cormun/servlet/trsolicitudot HTTP/1.1" 200 6485
200.111.191.210 - - [06/Mar/2017:13:31:30 -0300] "GET /cormun/servlet/trsolicitudot? HTTP/1.1" 200 6485
200.111.191.210 - - [06/Mar/2017:13:31:31 -0300] "GET /cormun/servlet/trsolicitudot? HTTP/1.1" 200 6485
200.111.191.210 - - [06/Mar/2017:13:31:36 -0300] "GET /cormun/servlet/solicitudot?INS,0,0, HTTP/1.1" 200 12524
200.111.191.210 - - [06/Mar/2017:13:31:36 -0300] "GET /cormun/static/gxcfg.js?20171191042720 HTTP/1.1" 304 -
200.111.191.210 - - [06/Mar/2017:13:31:36 -0300] "GET /cormun/static/solicitudot.js?2017119104297 HTTP/1.1" 304 -
200.111.191.210 - - [06/Mar/2017:13:31:36 -0300] "GET /cormun/servlet/solicitudot?INS,0,0, HTTP/1.1" 200 12529
200.111.191.210 - - [06/Mar/2017:13:31:45 -0300] "POST /cormun/servlet/solicitudot?gx-no-cache=1488821489907 HTTP/1.1" 200 3081
200.111.191.210 - - [06/Mar/2017:13:31:45 -0300] "POST /cormun/servlet/solicitudot?6b74d480604c720438cd7981cb85dd2d,INS,0,0,,gx-no-cache=1488821490083 HTTP/1.1" 200 9678
200.111.191.210 - - [06/Mar/2017:13:31:47 -0300] "GET /cormun/servlet/solicitudot?1b444bc9b7d255e899a5c1e710e84f9b1d4911d9003411a67a0a97f82c0035e78a9e11a534f0f5ae0fe7239db6b914d2,gx-no-cache=1488821492727 HTTP/1.1" 200 30
186.79.207.0 - - [06/Mar/2017:13:32:27 -0300] "POST /cormun/servlet/solicitudot?3ad501aa4475080542f998b72ffbda8b,INS,0,0,,gx-no-cache=1488818016984 HTTP/1.1" 200 10076
186.79.207.0 - - [06/Mar/2017:13:32:27 -0300] "GET /cormun/static/Shared/jqueryui/images/ui-bg_highlight-soft_100_c6c2c8_1x100.png HTTP/1.1" 404 1117
186.79.207.0 - - [06/Mar/2017:13:32:27 -0300] "GET /cormun/static/Shared/jqueryui/images/ui-icons_82798d_256x240.png HTTP/1.1" 404 1089
186.79.207.0 - - [06/Mar/2017:13:32:27 -0300] "GET /cormun/static/Shared/jqueryui/images/ui-bg_flat_55_994d53_40x100.png HTTP/1.1" 404 1097
186.79.207.0 - - [06/Mar/2017:13:32:27 -0300] "GET /cormun/static/Shared/jqueryui/images/ui-icons_ebccce_256x240.png HTTP/1.1" 404 1089
200.111.191.210 - - [06/Mar/2017:13:33:04 -0300] "POST /cormun/servlet/solicitudot?gx-no-cache=1488821569739 HTTP/1.1" 200 255
200.111.191.210 - - [06/Mar/2017:13:33:06 -0300] "GET /cormun/servlet/solicitudot?1b444bc9b7d255e899a5c1e710e84f9bfb263e514c5f110b95364c0cd276ce96a6cc86300e3ef9fa801481d2580d2426871b5336205eb30f920b1ebd3e59a36ca65e06d20f089b53a9b815260cc278e8769b949629e4d9cf7e1f449b0408ca1a5fd2cff3ab620e39229d415e2785784a8514815335cb90c7f25d50230ecc7b6e8d3e7d8c881d1820ee4d6ecf2c8f8a76b3f4f595d5214d2a7ae75f1bc889a1f3664f67ce290f77dc8a114cfa43a437a08042d0b39a9265f6388a82909a099c44497100f67286f43ddbba7e4056662d97b38e61d46cb0277a940d2b326b9082cc4bc4ed15f2272714fe98997194a0c064af63a99d586e075b42eae131621c916892f96ad89e71a8aaeda385477d7dd69eef3327e967938436b898e6a60f173f228e0cf39ce350df9346b07268fa058a93b13dd5669dbf1388cf86e25174596119f210d2989a8d094d9372758a92f04d9887ff7a9dc3103b0d8933d4eeb8371a10ccb38f797120ad320b1c7eb472f93aeec4d1ca8274b10773874ce889f2a63a42,gx-no-cache=1488821571825 HTTP/1.1" 200 30
200.111.191.210 - - [06/Mar/2017:13:33:18 -0300] "POST /cormun/servlet/solicitudot?gx-no-cache=1488821583854 HTTP/1.1" 200 30
200.111.191.210 - - [06/Mar/2017:13:33:20 -0300] "POST /cormun/servlet/solicitudot?gx-no-cache=1488821585370 HTTP/1.1" 200 235
200.111.191.210 - - [06/Mar/2017:13:33:20 -0300] "POST /cormun/servlet/solicitudot?gx-no-cache=1488821585410 HTTP/1.1" 200 38
186.103.156.24 - - [06/Mar/2017:13:35:17 -0300] "GET /cormun/servlet/solicitudot?151ede9abeffc685cf4619c163293e1301be24464d0cbf0cb1484f3ef012968b3b127c533c6a4d357c84fe75bf84ff67eea9e6a303776cac08871b96f8cc3cc9bb40dcd3f1d6d4be0e5a5d07ad5975baf9ad1d9beada009645660e9d19aa9c0f0d23d094563f03ea091b555e3ee57ea8,gx-no-cache=1488818257449 HTTP/1.1" 200 29
186.103.156.24 - - [06/Mar/2017:13:35:17 -0300] "POST /cormun/servlet/solicitudot?gx-no-cache=1488818257519 HTTP/1.1" 200 641
186.103.156.24 - - [06/Mar/2017:13:35:19 -0300] "POST /cormun/servlet/solicitudot?gx-no-cache=1488818259868 HTTP/1.1" 200 1157
186.103.156.24 - - [06/Mar/2017:13:35:27 -0300] "GET /cormun/static/menuarrow.gif HTTP/1.1" 404 1015
186.103.156.24 - - [06/Mar/2017:13:36:05 -0300] "GET /cormun/servlet/solicitudot?151ede9abeffc685cf4619c163293e1359a6e2e78ac0011b8f139619e2aa512a96ea3b7d78e58e4d11cb089dd2949caea1a25f3b2593e05b7b073732039a92e250adbf4bdb03d2b19b11cf3cd23ea2b3cbe7854bbf28d56756e1a0aace679ac45159ce3be299b56d3b34011d4546517de887f8179e18b1ea1e6cbda089aa75f427ecdd8ef7429b7482df4e59f09537a4cc91410c9e03729da4ff01f0dc707c485cd864efefe5a768e83aa44ccdbcc7c6,gx-no-cache=1488818310690 HTTP/1.1" 200 30
200.111.191.210 - - [06/Mar/2017:13:36:06 -0300] "GET /cormun/servlet/solicitudot?1b444bc9b7d255e899a5c1e710e84f9b02cd621afd7b34cb3283fbfab34ee7907cbf6b02f095dd67d7845020a2805003b7aa9cc2d3849e6d742b62bdd7c708396e6b45c58ca5aac79f62aede643dfb5a0282491fd051c164e916c091882c1208407413f348635bf54d794ab4faa3e819,gx-no-cache=1488821751143 HTTP/1.1" 200 29
200.111.191.210 - - [06/Mar/2017:13:36:06 -0300] "POST /cormun/servlet/solicitudot?gx-no-cache=1488821751191 HTTP/1.1" 200 643
200.111.191.210 - - [06/Mar/2017:13:36:07 -0300] "POST /cormun/servlet/solicitudot?gx-no-cache=1488821752649 HTTP/1.1" 200 1157
186.79.207.0 - - [06/Mar/2017:13:36:33 -0300] "GET /cormun/servlet/hlogin HTTP/1.1" 200 1722
186.79.207.0 - - [06/Mar/2017:13:36:33 -0300] "GET /cormun/static/gxtimezone.js?85251 HTTP/1.1" 304 -
186.79.207.0 - - [06/Mar/2017:13:36:33 -0300] "GET /cormun/static/gxcfg.js?201612216162538 HTTP/1.1" 304 -
