186.103.159.44 - - [06/Mar/2017:18:23:39 -0300] "POST /cormun/servlet/trsolicitudot?34af4dd02fa0646edd4e9e9702e8a43d,,gx-no-cache=1488835489382 HTTP/1.1" 200 106
186.103.159.44 - - [06/Mar/2017:18:23:40 -0300] "GET /cormun/servlet/solicitudot?UPD,2017,5238, HTTP/1.1" 200 14252
186.103.159.44 - - [06/Mar/2017:18:23:42 -0300] "POST /cormun/servlet/solicitudot?gx-no-cache=1488835492345 HTTP/1.1" 200 3184
186.103.159.44 - - [06/Mar/2017:18:23:43 -0300] "POST /cormun/servlet/solicitudot?34af4dd02fa0646edd4e9e9702e8a43d,UPD,2017,5238,,gx-no-cache=1488835492846 HTTP/1.1" 200 10860
186.103.159.44 - - [06/Mar/2017:18:23:43 -0300] "GET /cormun/servlet/solicitudot?1937a4935aeb5278930292a38ba32e1310bc8f37493ebead2f53d5b0d8dbe0abdaa69ff18985057d357cc8f204fb6235,gx-no-cache=1488835493321 HTTP/1.1" 200 30
186.103.159.44 - - [06/Mar/2017:18:23:43 -0300] "POST /cormun/servlet/solicitudot?gx-no-cache=1488835493491 HTTP/1.1" 200 254
186.103.159.44 - - [06/Mar/2017:18:23:44 -0300] "GET /cormun/servlet/solicitudot?1937a4935aeb5278930292a38ba32e13f828e5daf563712f5b980da88b68c14f384fa42683553a0a7d634a868624897e88dbdba0ffb7971c166762d52cc4926340f5d0d95f9d2bddffeb782179faf3c42636a09413d1b75cded05cc5fffc799ba0529fe4794150a6cbc4d69e9cacdf2e0082be7df5f3b4aca7d05ee82289cab88fd048329feb06bb9dd1f63de9a2f7002cb16e2877a4a6eab7ecc0672a0f7a7bbabe5879ebb7c3fb6f5f48f42a168ecda0ec301ad45f1bef8ca17495a34f4c71840729dc7932a660161fd62e45834f0906c87a3f8701f59a5f4b87e71fee11fc47a7aadb78c4ac9fc4809a18fdf15d9a0bb5440f183c66c154e353afdc87b7980bfa801a761f8a64b04d5fbb7d4103528da9e711b675b4c4fe9635fb3989f73f80bf88332e8c7c557e0fb14cb8173fe59fba2a81b702888e0f11097619e1c691da607063ab383e1c4fd48f2795243c8da4db24290fc10273c2c6fee24967e04530a87d22e159490d229d350c665e162ab455e74b8eb2a4cf6b541304eff9c5c0,gx-no-cache=1488835493559 HTTP/1.1" 200 30
186.103.159.44 - - [06/Mar/2017:18:23:44 -0300] "POST /cormun/servlet/solicitudot?gx-no-cache=1488835493901 HTTP/1.1" 200 30
186.103.159.44 - - [06/Mar/2017:18:23:44 -0300] "POST /cormun/servlet/solicitudot?gx-no-cache=1488835494003 HTTP/1.1" 200 1291
186.103.159.44 - - [06/Mar/2017:18:23:44 -0300] "POST /cormun/servlet/solicitudot?gx-no-cache=1488835494103 HTTP/1.1" 200 41
186.103.159.44 - - [06/Mar/2017:18:24:20 -0300] "GET /cormun/servlet/solicitudot?1937a4935aeb5278930292a38ba32e13b59f0c6873a352a79dfc4fda56fd9978dd9c0ec271c2d4c8bc05f181ff1de242778ee92e674ef2669f9ab6a5d414bc3fdfbbc33a40c4320ff2ada8e057643f6493696d3aba0fa838df993c287a59aab42dd3d5d4bf459c3fa387c565545bda4d002bee19bd5ac003cc73f393f6c52106cc40d333435569880ef77b31cd0657afd0ec7baf0bde9307604f9c1728800b6f,gx-no-cache=1488835529844 HTTP/1.1" 200 29
186.103.159.44 - - [06/Mar/2017:18:24:20 -0300] "POST /cormun/servlet/solicitudot?gx-no-cache=1488835530256 HTTP/1.1" 200 1273
186.103.159.44 - - [06/Mar/2017:18:24:20 -0300] "POST /cormun/servlet/solicitudot?gx-no-cache=1488835530363 HTTP/1.1" 200 1157
186.103.159.44 - - [06/Mar/2017:18:24:21 -0300] "GET /cormun/servlet/solicitudot?1937a4935aeb5278930292a38ba32e13a8f699ef2c56a003a142e074f17c8d416c0918d6439aaeab32f1347e385e6fc43e1cfb05dc1e8bbd5cb514a5d448445db085510c8d3e326c03d155d8ef7568705e15c7a34af1a2ddeb74ee5d8826bc2324978eff8463549f2781783145b93296d3cd386755be1a1cc48e3fd7dfe36335ed0ea3014fb9b10cf073f5b29cb2de28183e0665ef467639f24f1bd8edc3899c65320912b716d3b0761c0d9b92df6442,gx-no-cache=1488835530453 HTTP/1.1" 200 30
186.103.159.44 - - [06/Mar/2017:18:24:21 -0300] "POST /cormun/servlet/solicitudot?34af4dd02fa0646edd4e9e9702e8a43d,UPD,2017,5238,,gx-no-cache=1488835530842 HTTP/1.1" 200 93
186.103.159.44 - - [06/Mar/2017:18:24:21 -0300] "GET /cormun/servlet/hpexe_return? HTTP/1.1" 200 1012
186.103.159.44 - - [06/Mar/2017:18:24:22 -0300] "GET /cormun/servlet/trsolicitudot HTTP/1.1" 200 9723
186.103.159.44 - - [06/Mar/2017:18:37:21 -0300] "GET /cormun/servlet/solicitudot?INS,0,0, HTTP/1.1" 200 12575
186.103.159.44 - - [06/Mar/2017:18:37:36 -0300] "POST /cormun/servlet/solicitudot?gx-no-cache=1488836326181 HTTP/1.1" 200 3184
186.103.159.44 - - [06/Mar/2017:18:37:37 -0300] "POST /cormun/servlet/solicitudot?34af4dd02fa0646edd4e9e9702e8a43d,INS,0,0,,gx-no-cache=1488836326672 HTTP/1.1" 200 9778
186.103.159.44 - - [06/Mar/2017:18:37:44 -0300] "GET /cormun/servlet/solicitudot?1937a4935aeb5278930292a38ba32e1310bc8f37493ebead2f53d5b0d8dbe0ab4e2294d60d871900559c1ef6a947f479,gx-no-cache=1488836333794 HTTP/1.1" 200 30
186.103.159.44 - - [06/Mar/2017:18:37:44 -0300] "POST /cormun/servlet/solicitudot?gx-no-cache=1488836333884 HTTP/1.1" 200 255
186.103.159.44 - - [06/Mar/2017:18:37:44 -0300] "GET /cormun/servlet/solicitudot?1937a4935aeb5278930292a38ba32e13f828e5daf563712f5b980da88b68c14f384fa42683553a0a7d634a868624897e88dbdba0ffb7971c166762d52cc4926340f5d0d95f9d2bddffeb782179faf3c42636a09413d1b75cded05cc5fffc799ba0529fe4794150a6cbc4d69e9cacdf2e0082be7df5f3b4aca7d05ee82289cab88fd048329feb06bb9dd1f63de9a2f7002cb16e2877a4a6eab7ecc0672a0f7a7bbabe5879ebb7c3fb6f5f48f42a168ecda0ec301ad45f1bef8ca17495a34f4c71840729dc7932a660161fd62e45834f0906c87a3f8701f59a5f4b87e71fee11fc47a7aadb78c4ac9fc4809a18fdf15d9a0bb5440f183c66c154e353afdc87b7980bfa801a761f8a64b04d5fbb7d4103528da9e711b675b4c4fe9635fb3989f73f80bf88332e8c7c557e0fb14cb8173fe59fba2a81b702888e0f11097619e1c691da607063ab383e1c4fd48f2795243c8da4db24290fc10273c2c6fee24967e04530a87d22e159490d229d350c665e162a04f8ef734f18ad191995bbef2877666d,gx-no-cache=1488836333940 HTTP/1.1" 200 30
186.103.159.44 - - [06/Mar/2017:18:37:47 -0300] "POST /cormun/servlet/solicitudot?gx-no-cache=1488836337397 HTTP/1.1" 200 30
186.103.159.44 - - [06/Mar/2017:18:37:59 -0300] "POST /cormun/servlet/solicitudot?gx-no-cache=1488836348612 HTTP/1.1" 200 1291
186.103.159.44 - - [06/Mar/2017:18:37:59 -0300] "POST /cormun/servlet/solicitudot?gx-no-cache=1488836348876 HTTP/1.1" 200 38
186.103.159.44 - - [06/Mar/2017:18:40:51 -0300] "GET /cormun/servlet/solicitudot?1937a4935aeb5278930292a38ba32e137afcf0dd9962a5535668ba858c5bcc61235b1ca2ac201be4ac4eac0a26da816c3c15ac2d3e04b376a17ed08586ff966ad1df32544cadfac151af0f8cb551def86a9ad12d2fc2dc9625180be6d849df8bf8b784f44167a0e3cf44c67518951e28f4586bc94d8dc522b526fd5dba3ab01a64c2628926e37767c89aace72b45bcaa85d29baae103bb21e71711a9f69e4295,gx-no-cache=1488836520680 HTTP/1.1" 200 29
186.103.159.44 - - [06/Mar/2017:18:40:51 -0300] "POST /cormun/servlet/solicitudot?gx-no-cache=1488836521061 HTTP/1.1" 200 1275
186.103.159.44 - - [06/Mar/2017:18:40:51 -0300] "POST /cormun/servlet/solicitudot?gx-no-cache=1488836521184 HTTP/1.1" 200 1157
186.103.159.44 - - [06/Mar/2017:18:40:51 -0300] "GET /cormun/static/menuarrow.gif HTTP/1.1" 404 1015
186.103.159.44 - - [06/Mar/2017:18:40:53 -0300] "POST /cormun/servlet/solicitudot?gx-no-cache=1488836522922 HTTP/1.1" 200 1275
186.103.159.44 - - [06/Mar/2017:18:40:53 -0300] "POST /cormun/servlet/solicitudot?gx-no-cache=1488836523064 HTTP/1.1" 200 1157
183.39.126.239 - - [06/Mar/2017:18:40:53 -0300] "GET /docs/cgi-howto.html HTTP/1.1" 200 13249
183.39.126.239 - - [06/Mar/2017:18:40:53 -0300] "GET /docs/connectors.html HTTP/1.1" 200 11375
183.39.126.239 - - [06/Mar/2017:18:40:53 -0300] "GET /docs/virtual-hosting-howto.html HTTP/1.1" 200 15227
183.39.126.239 - - [06/Mar/2017:18:40:53 -0300] "GET /docs/balancer-howto.html HTTP/1.1" 200 10230
183.39.126.239 - - [06/Mar/2017:18:40:53 -0300] "GET /docs/ssl-howto.html HTTP/1.1" 200 41526
183.39.126.239 - - [06/Mar/2017:18:40:53 -0300] "GET /docs/default-servlet.html HTTP/1.1" 200 20878
183.39.126.239 - - [06/Mar/2017:18:40:53 -0300] "GET /docs/apr.html HTTP/1.1" 200 17747
183.39.126.239 - - [06/Mar/2017:18:40:53 -0300] "GET /docs/index.html HTTP/1.1" 200 19088
183.39.126.239 - - [06/Mar/2017:18:40:54 -0300] "GET /docs/class-loader-howto.html HTTP/1.1" 200 20885
183.39.126.239 - - [06/Mar/2017:18:40:54 -0300] "GET /docs/introduction.html HTTP/1.1" 200 15188
183.39.126.239 - - [06/Mar/2017:18:40:54 -0300] "GET /docs/mbeans-descriptor-howto.html HTTP/1.1" 200 10749
183.39.126.239 - - [06/Mar/2017:18:40:54 -0300] "GET /docs/appdev/index.html HTTP/1.1" 200 8503
183.39.126.239 - - [06/Mar/2017:18:40:54 -0300] "GET /docs/monitoring.html HTTP/1.1" 200 44805
183.39.126.239 - - [06/Mar/2017:18:40:54 -0300] "GET /docs/proxy-howto.html HTTP/1.1" 200 15896
183.39.126.239 - - [06/Mar/2017:18:40:54 -0300] "GET /docs/logging.html HTTP/1.1" 200 37597
183.39.126.239 - - [06/Mar/2017:18:40:54 -0300] "GET /docs/security-manager-howto.html HTTP/1.1" 200 33449
183.39.126.239 - - [06/Mar/2017:18:40:54 -0300] "GET /docs/jndi-resources-howto.html HTTP/1.1" 200 58114
183.39.126.239 - - [06/Mar/2017:18:40:54 -0300] "GET /docs/jasper-howto.html HTTP/1.1" 200 26411
186.103.158.250 - - [06/Mar/2017:18:40:54 -0300] "POST /cormun/servlet/solicitudotadjuntos?gx-no-cache=1488836427663 HTTP/1.1" 440 972
183.39.126.239 - - [06/Mar/2017:18:40:54 -0300] "GET /docs/ssi-howto.html HTTP/1.1" 200 20732
186.103.158.250 - - [06/Mar/2017:18:40:57 -0300] "GET /cormun/servlet/solicitudotadjuntos?INS,2017,5232,,1, HTTP/1.1" 200 5156
186.103.158.250 - - [06/Mar/2017:18:41:00 -0300] "GET /cormun/static/about:blank HTTP/1.1" 404 1011
186.103.158.250 - - [06/Mar/2017:18:41:00 -0300] "GET /cormun/servlet/solicitudotadjuntos?INS,2017,5232,,1, HTTP/1.1" 200 5156
186.103.158.250 - - [06/Mar/2017:18:41:00 -0300] "GET /cormun/servlet/hlogin HTTP/1.1" 200 1755
186.103.159.44 - - [06/Mar/2017:18:41:02 -0300] "GET /cormun/servlet/solicitudot?1937a4935aeb5278930292a38ba32e13a8f699ef2c56a003a142e074f17c8d41e6e0fc1a850282cc6bcbb7b4ffe774cd4badfd1213c69ee099c7a301fcefe315ad44881a49474e04682230ef32173d7f516b79bc5426ac1bd5ff2bff09e3c8a5883e89511c3eeee4bf49db845e9acb86000b9f8b65926ab7ef8370e5fb47c7344d93c8fa0b5c17df2c6d1c6ef9213dafec0558833e01a0e022b48b71ba7909da683a7f6f4c1df8e652d04c8bcc2727fd,gx-no-cache=1488836531336 HTTP/1.1" 200 30
186.103.159.44 - - [06/Mar/2017:18:41:15 -0300] "POST /cormun/servlet/solicitudot?34af4dd02fa0646edd4e9e9702e8a43d,INS,0,0,,gx-no-cache=1488836545154 HTTP/1.1" 200 93
186.103.159.44 - - [06/Mar/2017:18:41:16 -0300] "GET /cormun/servlet/hpexe_return? HTTP/1.1" 200 1007
186.103.159.44 - - [06/Mar/2017:18:41:16 -0300] "GET /cormun/servlet/trsolicitudot HTTP/1.1" 200 9985
186.103.158.250 - - [06/Mar/2017:18:41:22 -0300] "POST /cormun/servlet/hlogin?02be8bde56e2410349d1f56819c7c7a4,gx-no-cache=1488836456983 HTTP/1.1" 200 90
186.103.158.250 - - [06/Mar/2017:18:41:22 -0300] "GET /cormun/servlet/hpexe_link HTTP/1.1" 200 978
186.103.158.250 - - [06/Mar/2017:18:41:23 -0300] "GET /cormun/servlet/solicitudotadjuntos?INS,2017,5232,,1, HTTP/1.1" 200 5625
186.103.158.250 - - [06/Mar/2017:18:41:24 -0300] "GET /cormun/static/about:blank HTTP/1.1" 404 1011
186.103.158.250 - - [06/Mar/2017:18:41:24 -0300] "GET /cormun/servlet/solicitudotadjuntos?INS,2017,5232,,1, HTTP/1.1" 200 5624
186.103.158.250 - - [06/Mar/2017:18:41:24 -0300] "GET /cormun/servlet/solicitudotadjuntos?c845efdca61e04c3e377f1861352de7499230b32bbe3f96ca6bd1eb0892fd8c372e1a29930ad19e631fbd9448f795225,gx-no-cache=1488836458825 HTTP/1.1" 200 30
186.103.158.250 - - [06/Mar/2017:18:41:24 -0300] "POST /cormun/servlet/solicitudotadjuntos?02be8bde56e2410349d1f56819c7c7a4,INS,2017,5232,,1,,gx-no-cache=1488836458873 HTTP/1.1" 200 3374
186.103.158.250 - - [06/Mar/2017:18:41:29 -0300] "POST /cormun/servlet/solicitudotadjuntos?gx-no-cache=1488836463943 HTTP/1.1" 200 26
186.103.159.44 - - [06/Mar/2017:18:41:37 -0300] "GET /cormun/servlet/treventos?2017,5239, HTTP/1.1" 200 5839
186.103.159.44 - - [06/Mar/2017:18:41:38 -0300] "GET /cormun/static/gxcfg.js?2016101716195975 HTTP/1.1" 304 -
186.103.159.44 - - [06/Mar/2017:18:41:38 -0300] "GET /cormun/static/treventos.js?201610171620222 HTTP/1.1" 304 -
186.103.159.44 - - [06/Mar/2017:18:41:46 -0300] "GET /cormun/servlet/trsolicitudot HTTP/1.1" 200 9985
186.103.159.44 - - [06/Mar/2017:18:41:59 -0300] "POST /cormun/servlet/trsolicitudot?34af4dd02fa0646edd4e9e9702e8a43d,gx-no-cache=1488836588572 HTTP/1.1" 200 6973
186.103.159.44 - - [06/Mar/2017:18:42:00 -0300] "POST /cormun/servlet/trsolicitudot?34af4dd02fa0646edd4e9e9702e8a43d,gx-no-cache=1488836589554 HTTP/1.1" 200 6916
186.103.159.44 - - [06/Mar/2017:18:42:00 -0300] "GET /cormun/static/Shared/jqueryui/images/ui-bg_highlight-soft_100_c6c2c8_1x100.png HTTP/1.1" 404 1117
186.103.159.44 - - [06/Mar/2017:18:42:00 -0300] "GET /cormun/static/Shared/jqueryui/images/ui-icons_82798d_256x240.png HTTP/1.1" 404 1089
186.103.159.44 - - [06/Mar/2017:18:42:00 -0300] "GET /cormun/static/Shared/jqueryui/images/ui-icons_8d78a5_256x240.png HTTP/1.1" 404 1089
186.103.159.44 - - [06/Mar/2017:18:42:00 -0300] "GET /cormun/static/Shared/jqueryui/images/ui-bg_flat_55_fafafa_40x100.png HTTP/1.1" 404 1097
186.103.159.44 - - [06/Mar/2017:18:42:03 -0300] "POST /cormun/servlet/trsolicitudot?34af4dd02fa0646edd4e9e9702e8a43d,gx-no-cache=1488836592483 HTTP/1.1" 200 6646
186.103.159.44 - - [06/Mar/2017:18:42:04 -0300] "POST /cormun/servlet/trsolicitudot?34af4dd02fa0646edd4e9e9702e8a43d,gx-no-cache=1488836593802 HTTP/1.1" 200 6587
186.103.159.44 - - [06/Mar/2017:18:42:11 -0300] "GET /cormun/servlet/solicitudot?INS,0,0, HTTP/1.1" 200 12576
186.103.159.44 - - [06/Mar/2017:18:42:27 -0300] "POST /cormun/servlet/solicitudot?gx-no-cache=1488836616678 HTTP/1.1" 200 3081
186.103.159.44 - - [06/Mar/2017:18:42:27 -0300] "POST /cormun/servlet/solicitudot?34af4dd02fa0646edd4e9e9702e8a43d,INS,0,0,,gx-no-cache=1488836617077 HTTP/1.1" 200 9677
186.103.159.44 - - [06/Mar/2017:18:42:30 -0300] "GET /cormun/servlet/solicitudot?1937a4935aeb5278930292a38ba32e13817a0ecac4b377b69dc0172239a19c524e2294d60d871900559c1ef6a947f479,gx-no-cache=1488836619994 HTTP/1.1" 200 30
186.103.158.250 - - [06/Mar/2017:18:42:43 -0300] "GET /cormun/servlet/solicitudotadjuntos?c845efdca61e04c3e377f1861352de74ac12e4d1fb43faf69ee5ecb4a109636c,gx-no-cache=1488836537928 HTTP/1.1" 200 30
186.103.158.250 - - [06/Mar/2017:18:42:43 -0300] "GET /cormun/servlet/solicitudotadjuntos?c845efdca61e04c3e377f1861352de74ac12e4d1fb43faf69ee5ecb4a109636c,gx-no-cache=1488836537961 HTTP/1.1" 200 30
186.103.158.250 - - [06/Mar/2017:18:42:45 -0300] "POST /cormun/servlet/solicitudotadjuntos?02be8bde56e2410349d1f56819c7c7a4,INS,2017,5232,,1, HTTP/1.1" 200 116
186.103.158.250 - - [06/Mar/2017:18:42:45 -0300] "GET /cormun/servlet/hpexe_return? HTTP/1.1" 200 1017
186.103.158.250 - - [06/Mar/2017:18:42:45 -0300] "GET /cormun/servlet/hhome HTTP/1.1" 200 3762
186.103.158.250 - - [06/Mar/2017:18:42:46 -0300] "GET /cormun/servlet/hhome HTTP/1.1" 200 3757
186.103.158.250 - - [06/Mar/2017:18:43:26 -0300] "GET /cormun/servlet/trsolicitudot? HTTP/1.1" 200 7979
186.103.158.250 - - [06/Mar/2017:18:43:28 -0300] "GET /cormun/servlet/trsolicitudot? HTTP/1.1" 200 7977
186.103.158.250 - - [06/Mar/2017:18:43:33 -0300] "POST /cormun/servlet/trsolicitudot?02be8bde56e2410349d1f56819c7c7a4,,gx-no-cache=1488836587130 HTTP/1.1" 200 106
186.103.158.250 - - [06/Mar/2017:18:43:33 -0300] "GET /cormun/servlet/trsolicitudadjuntos?2017,5232, HTTP/1.1" 200 7924
186.103.158.250 - - [06/Mar/2017:18:43:34 -0300] "GET /cormun/servlet/trsolicitudadjuntos?2017,5232, HTTP/1.1" 200 7924
186.103.158.250 - - [06/Mar/2017:18:43:39 -0300] "GET /cormun/servlet/solicitudotadjuntos?INS,2017,5232,,1, HTTP/1.1" 200 5798
186.103.158.250 - - [06/Mar/2017:18:43:39 -0300] "GET /cormun/static/about:blank HTTP/1.1" 404 1011
186.103.158.250 - - [06/Mar/2017:18:43:40 -0300] "GET /cormun/servlet/solicitudotadjuntos?INS,2017,5232,,1, HTTP/1.1" 200 5792
186.103.158.250 - - [06/Mar/2017:18:43:40 -0300] "GET /cormun/servlet/solicitudotadjuntos?c845efdca61e04c3e377f1861352de7499230b32bbe3f96ca6bd1eb0892fd8c372e1a29930ad19e631fbd9448f795225,gx-no-cache=1488836594987 HTTP/1.1" 200 30
186.103.158.250 - - [06/Mar/2017:18:43:40 -0300] "POST /cormun/servlet/solicitudotadjuntos?02be8bde56e2410349d1f56819c7c7a4,INS,2017,5232,,1,,gx-no-cache=1488836595029 HTTP/1.1" 200 3639
186.103.158.250 - - [06/Mar/2017:18:43:51 -0300] "POST /cormun/servlet/solicitudotadjuntos?gx-no-cache=1488836605581 HTTP/1.1" 200 26
186.103.158.250 - - [06/Mar/2017:18:44:06 -0300] "GET /cormun/servlet/solicitudotadjuntos?c845efdca61e04c3e377f1861352de74ac12e4d1fb43faf69ee5ecb4a109636c,gx-no-cache=1488836620639 HTTP/1.1" 200 30
186.103.158.250 - - [06/Mar/2017:18:44:06 -0300] "GET /cormun/servlet/solicitudotadjuntos?c845efdca61e04c3e377f1861352de74ac12e4d1fb43faf69ee5ecb4a109636c,gx-no-cache=1488836620664 HTTP/1.1" 200 30
186.103.158.250 - - [06/Mar/2017:18:44:07 -0300] "POST /cormun/servlet/solicitudotadjuntos?02be8bde56e2410349d1f56819c7c7a4,INS,2017,5232,,1, HTTP/1.1" 200 116
186.103.158.250 - - [06/Mar/2017:18:44:07 -0300] "GET /cormun/servlet/hpexe_return? HTTP/1.1" 200 1022
186.103.158.250 - - [06/Mar/2017:18:44:08 -0300] "GET /cormun/servlet/trsolicitudadjuntos?2017,5232, HTTP/1.1" 200 8149
186.103.158.250 - - [06/Mar/2017:18:44:09 -0300] "GET /cormun/servlet/trsolicitudadjuntos?2017,5232, HTTP/1.1" 200 8143
186.103.158.250 - - [06/Mar/2017:18:44:13 -0300] "GET /cormun/servlet/solicitudotadjuntos?INS,2017,5232,,1, HTTP/1.1" 200 5798
186.103.158.250 - - [06/Mar/2017:18:44:13 -0300] "GET /cormun/static/about:blank HTTP/1.1" 404 1011
186.103.158.250 - - [06/Mar/2017:18:44:14 -0300] "GET /cormun/servlet/solicitudotadjuntos?INS,2017,5232,,1, HTTP/1.1" 200 5792
186.103.158.250 - - [06/Mar/2017:18:44:14 -0300] "GET /cormun/servlet/solicitudotadjuntos?c845efdca61e04c3e377f1861352de7499230b32bbe3f96ca6bd1eb0892fd8c372e1a29930ad19e631fbd9448f795225,gx-no-cache=1488836628832 HTTP/1.1" 200 30
186.103.158.250 - - [06/Mar/2017:18:44:14 -0300] "POST /cormun/servlet/solicitudotadjuntos?02be8bde56e2410349d1f56819c7c7a4,INS,2017,5232,,1,,gx-no-cache=1488836628877 HTTP/1.1" 200 3639
186.103.159.44 - - [06/Mar/2017:18:44:19 -0300] "POST /cormun/servlet/solicitudot?gx-no-cache=1488836729056 HTTP/1.1" 200 297
186.103.159.44 - - [06/Mar/2017:18:44:21 -0300] "GET /cormun/servlet/solicitudot?1937a4935aeb5278930292a38ba32e13f828e5daf563712f5b980da88b68c14fd8a069617c010f6197637c2095f10e6188dbdba0ffb7971c166762d52cc4926340f5d0d95f9d2bddffeb782179faf3c42636a09413d1b75cded05cc5fffc799ba0529fe4794150a6cbc4d69e9cacdf2e0082be7df5f3b4aca7d05ee82289cab88fd048329feb06bb9dd1f63de9a2f7002cb16e2877a4a6eab7ecc0672a0f7a7bbabe5879ebb7c3fb6f5f48f42a168ecda0ec301ad45f1bef8ca17495a34f4c71840729dc7932a660161fd62e45834f0906c87a3f8701f59a5f4b87e71fee11fc47a7aadb78c4ac9fc4809a18fdf15d9ae465b8707c28519edd34d11af02a6ffa0bfa801a761f8a64b04d5fbb7d4103524c13cab5f61ef44205e2428305501811bd048828974f7b1af5ca7f136457f60f62870a19a8aa1325e1a616700f7c148a5fbb7b3a184def678e28c5abab9ef1fa417a11740f225b19da00b7498bb159b94cde3db3d6ae43c2f90ea39c39afb958e888e0143e11ba410ae1fb89c145e57387299874c17fa54b601392eedc896414,gx-no-cache=1488836731185 HTTP/1.1" 200 30
186.103.158.250 - - [06/Mar/2017:18:44:22 -0300] "POST /cormun/servlet/solicitudotadjuntos?gx-no-cache=1488836636660 HTTP/1.1" 200 26
186.103.159.44 - - [06/Mar/2017:18:44:26 -0300] "POST /cormun/servlet/solicitudot?gx-no-cache=1488836735573 HTTP/1.1" 200 30
186.103.159.44 - - [06/Mar/2017:18:44:29 -0300] "POST /cormun/servlet/solicitudot?gx-no-cache=1488836739267 HTTP/1.1" 200 235
186.103.159.44 - - [06/Mar/2017:18:44:29 -0300] "POST /cormun/servlet/solicitudot?gx-no-cache=1488836739357 HTTP/1.1" 200 38
131.253.27.39 - - [06/Mar/2017:18:44:35 -0300] "GET /cormun/servlet/trsolicitudot HTTP/1.1" 200 31568
186.103.158.250 - - [06/Mar/2017:18:44:38 -0300] "GET /cormun/servlet/solicitudotadjuntos?c845efdca61e04c3e377f1861352de74ac12e4d1fb43faf69ee5ecb4a109636c,gx-no-cache=1488836652278 HTTP/1.1" 200 30
186.103.158.250 - - [06/Mar/2017:18:44:38 -0300] "GET /cormun/servlet/solicitudotadjuntos?c845efdca61e04c3e377f1861352de74ac12e4d1fb43faf69ee5ecb4a109636c,gx-no-cache=1488836652303 HTTP/1.1" 200 30
186.103.158.250 - - [06/Mar/2017:18:44:38 -0300] "POST /cormun/servlet/solicitudotadjuntos?02be8bde56e2410349d1f56819c7c7a4,INS,2017,5232,,1, HTTP/1.1" 200 116
186.103.158.250 - - [06/Mar/2017:18:44:38 -0300] "GET /cormun/servlet/hpexe_return? HTTP/1.1" 200 1022
131.253.27.39 - - [06/Mar/2017:18:44:39 -0300] "GET /cormun/static/gxui/gxui-all.css?120300 HTTP/1.1" 200 2179
131.253.25.188 - - [06/Mar/2017:18:44:39 -0300] "GET /cormun/static/Shared/ext/resources/css/ext-all.css?215870 HTTP/1.1" 200 416045
186.103.158.250 - - [06/Mar/2017:18:44:39 -0300] "GET /cormun/servlet/trsolicitudadjuntos?2017,5232, HTTP/1.1" 200 8296
186.103.159.44 - - [06/Mar/2017:18:44:40 -0300] "GET /cormun/servlet/solicitudot?1937a4935aeb5278930292a38ba32e137afcf0dd9962a5535668ba858c5bcc61235b1ca2ac201be4ac4eac0a26da816c7e53356191fc2ec87eccdd6e29922edf69d21e19579168074d3a45ad294a06c58f73cc11fd5b6b3d171e5198ea7f634bf1bc1c8ba39da77cb1197575c0d2109a,gx-no-cache=1488836749965 HTTP/1.1" 200 29
186.103.159.44 - - [06/Mar/2017:18:44:41 -0300] "POST /cormun/servlet/solicitudot?gx-no-cache=1488836750431 HTTP/1.1" 200 643
186.103.158.250 - - [06/Mar/2017:18:44:41 -0300] "GET /cormun/servlet/trsolicitudadjuntos?2017,5232, HTTP/1.1" 200 8298
186.103.159.44 - - [06/Mar/2017:18:44:42 -0300] "POST /cormun/servlet/solicitudot?gx-no-cache=1488836751587 HTTP/1.1" 200 1157
131.253.25.188 - - [06/Mar/2017:18:44:42 -0300] "GET /cormun/static/Resources/Spanish/PXTools.css?18365030 HTTP/1.1" 200 89042
186.103.158.250 - - [06/Mar/2017:18:44:44 -0300] "GET /cormun/servlet/solicitudotadjuntos?INS,2017,5232,,1, HTTP/1.1" 200 5797
186.103.158.250 - - [06/Mar/2017:18:44:45 -0300] "GET /cormun/static/about:blank HTTP/1.1" 404 1011
186.103.158.250 - - [06/Mar/2017:18:44:45 -0300] "GET /cormun/servlet/solicitudotadjuntos?INS,2017,5232,,1, HTTP/1.1" 200 5791
186.103.158.250 - - [06/Mar/2017:18:44:46 -0300] "GET /cormun/servlet/solicitudotadjuntos?c845efdca61e04c3e377f1861352de7499230b32bbe3f96ca6bd1eb0892fd8c372e1a29930ad19e631fbd9448f795225,gx-no-cache=1488836660592 HTTP/1.1" 200 30
186.103.158.250 - - [06/Mar/2017:18:44:46 -0300] "POST /cormun/servlet/solicitudotadjuntos?02be8bde56e2410349d1f56819c7c7a4,INS,2017,5232,,1,,gx-no-cache=1488836660635 HTTP/1.1" 200 3639
131.253.25.192 - - [06/Mar/2017:18:44:48 -0300] "GET /cormun/static/Shared/jqueryui/jquery-ui.min.css?1345370 HTTP/1.1" 200 30288
131.253.27.168 - - [06/Mar/2017:18:44:50 -0300] "GET /cormun/static/SmoothNavMenu/resources/ddsmoothmenu.css?1112540 HTTP/1.1" 200 2223
186.103.159.44 - - [06/Mar/2017:18:44:51 -0300] "GET /cormun/static/menuarrow.gif HTTP/1.1" 404 1015
186.103.158.250 - - [06/Mar/2017:18:44:51 -0300] "POST /cormun/servlet/solicitudotadjuntos?gx-no-cache=1488836666132 HTTP/1.1" 200 26
131.253.27.131 - - [06/Mar/2017:18:44:52 -0300] "GET /cormun/static/SmoothNavMenu/resources/ddsmoothmenu-v.css?1112540 HTTP/1.1" 200 1188
186.103.159.44 - - [06/Mar/2017:18:45:01 -0300] "GET /cormun/servlet/solicitudot?1937a4935aeb5278930292a38ba32e13519c38688d9739c2cbca8c8fbc1b854e6c0918d6439aaeab32f1347e385e6fc43e1cfb05dc1e8bbd5cb514a5d448445db085510c8d3e326c03d155d8ef7568705e15c7a34af1a2ddeb74ee5d8826bc2324978eff8463549f2781783145b93296d3cd386755be1a1cc48e3fd7dfe36335ed0ea3014fb9b10cf073f5b29cb2de28183e0665ef467639f24f1bd8edc3899c65320912b716d3b0761c0d9b92df6442,gx-no-cache=1488836770226 HTTP/1.1" 200 30
186.103.158.250 - - [06/Mar/2017:18:45:02 -0300] "GET /cormun/servlet/solicitudotadjuntos?c845efdca61e04c3e377f1861352de74ac12e4d1fb43faf69ee5ecb4a109636c,gx-no-cache=1488836676888 HTTP/1.1" 200 30
186.103.158.250 - - [06/Mar/2017:18:45:02 -0300] "GET /cormun/servlet/solicitudotadjuntos?c845efdca61e04c3e377f1861352de74ac12e4d1fb43faf69ee5ecb4a109636c,gx-no-cache=1488836676912 HTTP/1.1" 200 30
186.103.158.250 - - [06/Mar/2017:18:45:03 -0300] "POST /cormun/servlet/solicitudotadjuntos?02be8bde56e2410349d1f56819c7c7a4,INS,2017,5232,,1, HTTP/1.1" 200 5786
186.103.158.250 - - [06/Mar/2017:18:45:03 -0300] "GET /cormun/static/Shared/jqueryui/images/ui-bg_highlight-soft_100_c6c2c8_1x100.png HTTP/1.1" 404 1117
186.103.158.250 - - [06/Mar/2017:18:45:03 -0300] "GET /cormun/static/Shared/jqueryui/images/ui-icons_82798d_256x240.png HTTP/1.1" 404 1089
186.103.158.250 - - [06/Mar/2017:18:45:03 -0300] "GET /cormun/static/Shared/jqueryui/images/ui-bg_flat_55_994d53_40x100.png HTTP/1.1" 404 1097
186.103.158.250 - - [06/Mar/2017:18:45:03 -0300] "GET /cormun/static/Shared/jqueryui/images/ui-icons_ebccce_256x240.png HTTP/1.1" 404 1089
186.103.158.250 - - [06/Mar/2017:18:45:03 -0300] "GET /cormun/PrivateTempStorage/upload_00010470.jpg HTTP/1.1" 200 412174
131.253.25.176 - - [06/Mar/2017:18:45:04 -0300] "GET /cormun/static/gxfxSD.js?85251 HTTP/1.1" 200 15384
186.103.159.44 - - [06/Mar/2017:18:45:11 -0300] "POST /cormun/servlet/solicitudot?34af4dd02fa0646edd4e9e9702e8a43d,INS,0,0,,gx-no-cache=1488836780837 HTTP/1.1" 200 93
186.103.159.44 - - [06/Mar/2017:18:45:11 -0300] "GET /cormun/servlet/hpexe_return? HTTP/1.1" 200 1027
186.103.159.44 - - [06/Mar/2017:18:45:12 -0300] "GET /cormun/servlet/trsolicitudot?gx-no-cache=1488836593802 HTTP/1.1" 200 9752
131.253.27.59 - - [06/Mar/2017:18:45:18 -0300] "GET /cormun/static/calendar.js?85251 HTTP/1.1" 200 26246
131.253.25.185 - - [06/Mar/2017:18:45:25 -0300] "GET /cormun/static/Shared/ext/ext-all.js HTTP/1.1" 200 1289687
186.103.158.250 - - [06/Mar/2017:18:45:25 -0300] "POST /cormun/servlet/solicitudotadjuntos?gx-no-cache=1488836699674 HTTP/1.1" 200 26
186.103.159.44 - - [06/Mar/2017:18:45:42 -0300] "POST /cormun/servlet/trsolicitudot?34af4dd02fa0646edd4e9e9702e8a43d,gx-no-cache=1488836593802,gx-no-cache=1488836812053 HTTP/1.1" 200 106
186.103.159.44 - - [06/Mar/2017:18:45:42 -0300] "GET /cormun/servlet/trsolicitudadjuntos?2017,5240, HTTP/1.1" 200 5895
186.103.159.44 - - [06/Mar/2017:18:45:42 -0300] "GET /cormun/static/gxcfg.js?201612218531388 HTTP/1.1" 304 -
186.103.159.44 - - [06/Mar/2017:18:45:43 -0300] "GET /cormun/static/trsolicitudadjuntos.js?201612218531657 HTTP/1.1" 304 -
186.103.159.44 - - [06/Mar/2017:18:45:46 -0300] "GET /cormun/servlet/solicitudotadjuntos?INS,2017,5240,,1, HTTP/1.1" 200 5801
186.103.159.44 - - [06/Mar/2017:18:45:46 -0300] "GET /cormun/static/gxcfg.js?201612218465951 HTTP/1.1" 304 -
186.103.159.44 - - [06/Mar/2017:18:45:46 -0300] "GET /cormun/static/solicitudotadjuntos.js?201612218465969 HTTP/1.1" 304 -
186.103.159.44 - - [06/Mar/2017:18:45:47 -0300] "HEAD /cormun/static/about:blank HTTP/1.1" 404 -
186.103.159.44 - - [06/Mar/2017:18:45:48 -0300] "GET /cormun/servlet/solicitudotadjuntos?1937a4935aeb5278930292a38ba32e134234c4affe95ac26411ca01f5f4606ae139a854d93c326f91ebfdee56c76e3c2,gx-no-cache=1488836817836 HTTP/1.1" 200 30
186.103.159.44 - - [06/Mar/2017:18:45:48 -0300] "POST /cormun/servlet/solicitudotadjuntos?34af4dd02fa0646edd4e9e9702e8a43d,INS,2017,5240,,1,,gx-no-cache=1488836817961 HTTP/1.1" 200 3637
186.103.159.44 - - [06/Mar/2017:18:45:49 -0300] "POST /cormun/servlet/solicitudotadjuntos?gx-no-cache=1488836819141 HTTP/1.1" 200 26
186.103.159.44 - - [06/Mar/2017:18:46:04 -0300] "GET /cormun/servlet/solicitudotadjuntos?1937a4935aeb5278930292a38ba32e13a878a79850d6451b065f9a855edcdb02,gx-no-cache=1488836833731 HTTP/1.1" 200 30
186.103.159.44 - - [06/Mar/2017:18:46:04 -0300] "GET /cormun/servlet/solicitudotadjuntos?1937a4935aeb5278930292a38ba32e13a878a79850d6451b065f9a855edcdb02,gx-no-cache=1488836833764 HTTP/1.1" 200 30
186.103.159.44 - - [06/Mar/2017:18:46:04 -0300] "POST /cormun/servlet/solicitudotadjuntos?34af4dd02fa0646edd4e9e9702e8a43d,INS,2017,5240,,1, HTTP/1.1" 200 116
186.103.159.44 - - [06/Mar/2017:18:46:05 -0300] "GET /cormun/servlet/hpexe_return? HTTP/1.1" 200 1026
186.103.159.44 - - [06/Mar/2017:18:46:05 -0300] "GET /cormun/servlet/trsolicitudadjuntos?2017,5240, HTTP/1.1" 200 7968
186.103.158.250 - - [06/Mar/2017:18:46:08 -0300] "GET /cormun/servlet/hlogin HTTP/1.1" 200 1718
186.103.159.44 - - [06/Mar/2017:18:46:10 -0300] "GET /cormun/servlet/solicitudotadjuntos?INS,2017,5240,,1, HTTP/1.1" 200 5801
186.103.159.44 - - [06/Mar/2017:18:46:10 -0300] "HEAD /cormun/static/about:blank HTTP/1.1" 404 -
186.103.159.44 - - [06/Mar/2017:18:46:12 -0300] "GET /cormun/servlet/solicitudotadjuntos?1937a4935aeb5278930292a38ba32e134234c4affe95ac26411ca01f5f4606ae139a854d93c326f91ebfdee56c76e3c2,gx-no-cache=1488836841759 HTTP/1.1" 200 30
186.103.159.44 - - [06/Mar/2017:18:46:12 -0300] "POST /cormun/servlet/solicitudotadjuntos?34af4dd02fa0646edd4e9e9702e8a43d,INS,2017,5240,,1,,gx-no-cache=1488836841876 HTTP/1.1" 200 3637
186.103.159.44 - - [06/Mar/2017:18:46:14 -0300] "POST /cormun/servlet/solicitudotadjuntos?gx-no-cache=1488836844393 HTTP/1.1" 200 26
186.103.159.44 - - [06/Mar/2017:18:46:22 -0300] "GET /cormun/servlet/solicitudotadjuntos?1937a4935aeb5278930292a38ba32e13a878a79850d6451b065f9a855edcdb02,gx-no-cache=1488836852330 HTTP/1.1" 200 30
186.103.159.44 - - [06/Mar/2017:18:46:22 -0300] "GET /cormun/servlet/solicitudotadjuntos?1937a4935aeb5278930292a38ba32e13a878a79850d6451b065f9a855edcdb02,gx-no-cache=1488836852365 HTTP/1.1" 200 30
186.103.159.44 - - [06/Mar/2017:18:46:23 -0300] "POST /cormun/servlet/solicitudotadjuntos?34af4dd02fa0646edd4e9e9702e8a43d,INS,2017,5240,,1, HTTP/1.1" 200 116
186.103.159.44 - - [06/Mar/2017:18:46:23 -0300] "GET /cormun/servlet/hpexe_return? HTTP/1.1" 200 1026
186.103.159.44 - - [06/Mar/2017:18:46:24 -0300] "GET /cormun/servlet/trsolicitudadjuntos?2017,5240, HTTP/1.1" 200 8220
186.103.159.44 - - [06/Mar/2017:18:46:28 -0300] "GET /cormun/servlet/solicitudotadjuntos?INS,2017,5240,,1, HTTP/1.1" 200 5802
186.103.159.44 - - [06/Mar/2017:18:46:28 -0300] "HEAD /cormun/static/about:blank HTTP/1.1" 404 -
186.103.159.44 - - [06/Mar/2017:18:46:29 -0300] "GET /cormun/servlet/solicitudotadjuntos?1937a4935aeb5278930292a38ba32e134234c4affe95ac26411ca01f5f4606ae139a854d93c326f91ebfdee56c76e3c2,gx-no-cache=1488836859423 HTTP/1.1" 200 30
186.103.159.44 - - [06/Mar/2017:18:46:29 -0300] "POST /cormun/servlet/solicitudotadjuntos?34af4dd02fa0646edd4e9e9702e8a43d,INS,2017,5240,,1,,gx-no-cache=1488836859475 HTTP/1.1" 200 3638
186.103.159.44 - - [06/Mar/2017:18:46:32 -0300] "POST /cormun/servlet/solicitudotadjuntos?gx-no-cache=1488836862113 HTTP/1.1" 200 26
186.103.159.44 - - [06/Mar/2017:18:46:39 -0300] "GET /cormun/servlet/solicitudotadjuntos?1937a4935aeb5278930292a38ba32e13a878a79850d6451b065f9a855edcdb02,gx-no-cache=1488836868989 HTTP/1.1" 200 30
186.103.159.44 - - [06/Mar/2017:18:46:39 -0300] "GET /cormun/servlet/solicitudotadjuntos?1937a4935aeb5278930292a38ba32e13a878a79850d6451b065f9a855edcdb02,gx-no-cache=1488836869022 HTTP/1.1" 200 30
186.103.159.44 - - [06/Mar/2017:18:46:40 -0300] "POST /cormun/servlet/solicitudotadjuntos?34af4dd02fa0646edd4e9e9702e8a43d,INS,2017,5240,,1, HTTP/1.1" 200 116
186.103.159.44 - - [06/Mar/2017:18:46:40 -0300] "GET /cormun/servlet/hpexe_return? HTTP/1.1" 200 1026
186.103.159.44 - - [06/Mar/2017:18:46:41 -0300] "GET /cormun/servlet/trsolicitudadjuntos?2017,5240, HTTP/1.1" 200 8352
186.103.159.44 - - [06/Mar/2017:18:46:45 -0300] "GET /cormun/servlet/solicitudotadjuntos?INS,2017,5240,,1, HTTP/1.1" 200 5802
186.103.159.44 - - [06/Mar/2017:18:46:45 -0300] "HEAD /cormun/static/about:blank HTTP/1.1" 404 -
186.103.159.44 - - [06/Mar/2017:18:46:46 -0300] "GET /cormun/servlet/solicitudotadjuntos?1937a4935aeb5278930292a38ba32e134234c4affe95ac26411ca01f5f4606ae139a854d93c326f91ebfdee56c76e3c2,gx-no-cache=1488836876449 HTTP/1.1" 200 30
186.103.159.44 - - [06/Mar/2017:18:46:47 -0300] "POST /cormun/servlet/solicitudotadjuntos?34af4dd02fa0646edd4e9e9702e8a43d,INS,2017,5240,,1,,gx-no-cache=1488836876500 HTTP/1.1" 200 3638
186.103.158.250 - - [06/Mar/2017:18:46:47 -0300] "POST /cormun/servlet/hlogin?7b7a46e22e9a6e4396bb4ac2a3661fd9,gx-no-cache=1488836781504 HTTP/1.1" 200 90
186.103.158.250 - - [06/Mar/2017:18:46:47 -0300] "GET /cormun/servlet/hpexe_link HTTP/1.1" 200 953
186.103.158.250 - - [06/Mar/2017:18:46:47 -0300] "GET /cormun/servlet/hhome HTTP/1.1" 200 3762
186.103.158.250 - - [06/Mar/2017:18:46:49 -0300] "GET /cormun/servlet/hhome HTTP/1.1" 200 3759
186.103.159.44 - - [06/Mar/2017:18:46:50 -0300] "POST /cormun/servlet/solicitudotadjuntos?gx-no-cache=1488836879692 HTTP/1.1" 200 26
186.103.159.44 - - [06/Mar/2017:18:46:56 -0300] "GET /cormun/servlet/solicitudotadjuntos?1937a4935aeb5278930292a38ba32e13a878a79850d6451b065f9a855edcdb02,gx-no-cache=1488836886444 HTTP/1.1" 200 30
186.103.159.44 - - [06/Mar/2017:18:46:56 -0300] "GET /cormun/servlet/solicitudotadjuntos?1937a4935aeb5278930292a38ba32e13a878a79850d6451b065f9a855edcdb02,gx-no-cache=1488836886480 HTTP/1.1" 200 30
186.103.159.44 - - [06/Mar/2017:18:46:57 -0300] "POST /cormun/servlet/solicitudotadjuntos?34af4dd02fa0646edd4e9e9702e8a43d,INS,2017,5240,,1, HTTP/1.1" 200 116
186.103.159.44 - - [06/Mar/2017:18:46:57 -0300] "GET /cormun/servlet/hpexe_return? HTTP/1.1" 200 1026
186.103.159.44 - - [06/Mar/2017:18:46:58 -0300] "GET /cormun/servlet/trsolicitudadjuntos?2017,5240, HTTP/1.1" 200 8489
186.103.159.44 - - [06/Mar/2017:18:47:05 -0300] "GET /cormun/servlet/solicitudotadjuntos?INS,2017,5240,,1, HTTP/1.1" 200 5802
186.103.159.44 - - [06/Mar/2017:18:47:06 -0300] "HEAD /cormun/static/about:blank HTTP/1.1" 404 -
186.103.159.44 - - [06/Mar/2017:18:47:07 -0300] "GET /cormun/servlet/solicitudotadjuntos?1937a4935aeb5278930292a38ba32e134234c4affe95ac26411ca01f5f4606ae139a854d93c326f91ebfdee56c76e3c2,gx-no-cache=1488836896888 HTTP/1.1" 200 30
186.103.159.44 - - [06/Mar/2017:18:47:07 -0300] "POST /cormun/servlet/solicitudotadjuntos?34af4dd02fa0646edd4e9e9702e8a43d,INS,2017,5240,,1,,gx-no-cache=1488836896992 HTTP/1.1" 200 3638
186.103.158.250 - - [06/Mar/2017:18:47:07 -0300] "GET /cormun/servlet/trsolicitudot? HTTP/1.1" 200 7982
186.103.158.250 - - [06/Mar/2017:18:47:08 -0300] "GET /cormun/servlet/trsolicitudot? HTTP/1.1" 200 7980
186.103.159.44 - - [06/Mar/2017:18:47:12 -0300] "POST /cormun/servlet/solicitudotadjuntos?gx-no-cache=1488836902138 HTTP/1.1" 200 26
186.103.158.250 - - [06/Mar/2017:18:47:16 -0300] "POST /cormun/servlet/trsolicitudot?7b7a46e22e9a6e4396bb4ac2a3661fd9,,gx-no-cache=1488836810596 HTTP/1.1" 200 106
186.103.158.250 - - [06/Mar/2017:18:47:16 -0300] "GET /cormun/servlet/trsolicitudadjuntos?2017,5232, HTTP/1.1" 200 8297
186.103.158.250 - - [06/Mar/2017:18:47:18 -0300] "GET /cormun/servlet/trsolicitudadjuntos?2017,5232, HTTP/1.1" 200 8301
186.103.158.250 - - [06/Mar/2017:18:47:23 -0300] "GET /cormun/servlet/solicitudotadjuntos?INS,2017,5232,,1, HTTP/1.1" 200 5798
186.103.158.250 - - [06/Mar/2017:18:47:24 -0300] "GET /cormun/static/about:blank HTTP/1.1" 404 1011
186.103.158.250 - - [06/Mar/2017:18:47:24 -0300] "GET /cormun/servlet/solicitudotadjuntos?INS,2017,5232,,1, HTTP/1.1" 200 5792
186.103.158.250 - - [06/Mar/2017:18:47:25 -0300] "GET /cormun/servlet/solicitudotadjuntos?749347c6ac1c64633ee79debe184c41b1aa77a1c784697a76c9d3be9f7ef3166200b4733f655302aa166148cafad289a,gx-no-cache=1488836819522 HTTP/1.1" 200 30
186.103.158.250 - - [06/Mar/2017:18:47:25 -0300] "POST /cormun/servlet/solicitudotadjuntos?7b7a46e22e9a6e4396bb4ac2a3661fd9,INS,2017,5232,,1,,gx-no-cache=1488836819567 HTTP/1.1" 200 3642
186.103.158.250 - - [06/Mar/2017:18:47:30 -0300] "POST /cormun/servlet/solicitudotadjuntos?gx-no-cache=1488836824843 HTTP/1.1" 200 26
186.103.158.250 - - [06/Mar/2017:18:47:39 -0300] "GET /cormun/servlet/solicitudotadjuntos?749347c6ac1c64633ee79debe184c41b379f87c8ace7062acc582e9c4dc55bb9,gx-no-cache=1488836833591 HTTP/1.1" 200 30
186.103.158.250 - - [06/Mar/2017:18:47:39 -0300] "GET /cormun/servlet/solicitudotadjuntos?749347c6ac1c64633ee79debe184c41b379f87c8ace7062acc582e9c4dc55bb9,gx-no-cache=1488836833665 HTTP/1.1" 200 30
186.103.158.250 - - [06/Mar/2017:18:47:40 -0300] "POST /cormun/servlet/solicitudotadjuntos?7b7a46e22e9a6e4396bb4ac2a3661fd9,INS,2017,5232,,1, HTTP/1.1" 200 116
186.103.158.250 - - [06/Mar/2017:18:47:40 -0300] "GET /cormun/servlet/hpexe_return? HTTP/1.1" 200 1024
186.103.158.250 - - [06/Mar/2017:18:47:41 -0300] "GET /cormun/servlet/trsolicitudadjuntos?2017,5232, HTTP/1.1" 200 8444
186.103.158.250 - - [06/Mar/2017:18:47:42 -0300] "GET /cormun/servlet/trsolicitudadjuntos?2017,5232, HTTP/1.1" 200 8441
186.103.158.250 - - [06/Mar/2017:18:47:45 -0300] "GET /cormun/servlet/solicitudotadjuntos?INS,2017,5232,,1, HTTP/1.1" 200 5798
186.103.158.250 - - [06/Mar/2017:18:47:46 -0300] "GET /cormun/static/about:blank HTTP/1.1" 404 1011
186.103.158.250 - - [06/Mar/2017:18:47:47 -0300] "GET /cormun/servlet/solicitudotadjuntos?INS,2017,5232,,1, HTTP/1.1" 200 5792
186.103.158.250 - - [06/Mar/2017:18:47:47 -0300] "GET /cormun/servlet/solicitudotadjuntos?749347c6ac1c64633ee79debe184c41b1aa77a1c784697a76c9d3be9f7ef3166200b4733f655302aa166148cafad289a,gx-no-cache=1488836841653 HTTP/1.1" 200 30
186.103.158.250 - - [06/Mar/2017:18:47:47 -0300] "POST /cormun/servlet/solicitudotadjuntos?7b7a46e22e9a6e4396bb4ac2a3661fd9,INS,2017,5232,,1,,gx-no-cache=1488836841691 HTTP/1.1" 200 3642
186.103.159.44 - - [06/Mar/2017:18:47:50 -0300] "POST /cormun/servlet/solicitudotadjuntos?gx-no-cache=1488836940197 HTTP/1.1" 200 26
186.103.158.250 - - [06/Mar/2017:18:47:56 -0300] "POST /cormun/servlet/solicitudotadjuntos?gx-no-cache=1488836850714 HTTP/1.1" 200 26
186.103.159.44 - - [06/Mar/2017:18:47:57 -0300] "GET /cormun/servlet/solicitudotadjuntos?1937a4935aeb5278930292a38ba32e13a878a79850d6451b065f9a855edcdb02,gx-no-cache=1488836946687 HTTP/1.1" 200 30
186.103.159.44 - - [06/Mar/2017:18:47:57 -0300] "GET /cormun/servlet/solicitudotadjuntos?1937a4935aeb5278930292a38ba32e13a878a79850d6451b065f9a855edcdb02,gx-no-cache=1488836946727 HTTP/1.1" 200 30
186.103.159.44 - - [06/Mar/2017:18:47:58 -0300] "POST /cormun/servlet/solicitudotadjuntos?34af4dd02fa0646edd4e9e9702e8a43d,INS,2017,5240,,1, HTTP/1.1" 200 116
186.103.159.44 - - [06/Mar/2017:18:47:58 -0300] "GET /cormun/servlet/hpexe_return? HTTP/1.1" 200 1026
186.103.159.44 - - [06/Mar/2017:18:47:59 -0300] "GET /cormun/servlet/trsolicitudadjuntos?2017,5240, HTTP/1.1" 200 8640
186.103.159.44 - - [06/Mar/2017:18:48:03 -0300] "GET /cormun/servlet/solicitudotadjuntos?INS,2017,5240,,1, HTTP/1.1" 200 5803
186.103.159.44 - - [06/Mar/2017:18:48:04 -0300] "HEAD /cormun/static/about:blank HTTP/1.1" 404 -
186.103.158.250 - - [06/Mar/2017:18:48:05 -0300] "GET /cormun/servlet/solicitudotadjuntos?749347c6ac1c64633ee79debe184c41b379f87c8ace7062acc582e9c4dc55bb9,gx-no-cache=1488836859382 HTTP/1.1" 200 30
186.103.158.250 - - [06/Mar/2017:18:48:05 -0300] "GET /cormun/servlet/solicitudotadjuntos?749347c6ac1c64633ee79debe184c41b379f87c8ace7062acc582e9c4dc55bb9,gx-no-cache=1488836859404 HTTP/1.1" 200 30
186.103.159.44 - - [06/Mar/2017:18:48:05 -0300] "GET /cormun/servlet/solicitudotadjuntos?1937a4935aeb5278930292a38ba32e134234c4affe95ac26411ca01f5f4606ae139a854d93c326f91ebfdee56c76e3c2,gx-no-cache=1488836955327 HTTP/1.1" 200 30
186.103.159.44 - - [06/Mar/2017:18:48:05 -0300] "POST /cormun/servlet/solicitudotadjuntos?34af4dd02fa0646edd4e9e9702e8a43d,INS,2017,5240,,1,,gx-no-cache=1488836955381 HTTP/1.1" 200 3639
186.103.158.250 - - [06/Mar/2017:18:48:05 -0300] "POST /cormun/servlet/solicitudotadjuntos?7b7a46e22e9a6e4396bb4ac2a3661fd9,INS,2017,5232,,1, HTTP/1.1" 200 116
186.103.158.250 - - [06/Mar/2017:18:48:06 -0300] "GET /cormun/servlet/hpexe_return? HTTP/1.1" 200 1024
186.103.158.250 - - [06/Mar/2017:18:48:06 -0300] "GET /cormun/servlet/trsolicitudadjuntos?2017,5232, HTTP/1.1" 200 8579
186.103.159.44 - - [06/Mar/2017:18:48:07 -0300] "POST /cormun/servlet/solicitudotadjuntos?34af4dd02fa0646edd4e9e9702e8a43d,INS,2017,5240,,1,,gx-no-cache=1488836957329 HTTP/1.1" 200 93
186.103.159.44 - - [06/Mar/2017:18:48:07 -0300] "GET /cormun/servlet/hpexe_return? HTTP/1.1" 200 1026
186.103.158.250 - - [06/Mar/2017:18:48:08 -0300] "GET /cormun/servlet/trsolicitudadjuntos?2017,5232, HTTP/1.1" 200 8577
186.103.159.44 - - [06/Mar/2017:18:48:08 -0300] "GET /cormun/servlet/trsolicitudadjuntos?2017,5240, HTTP/1.1" 200 8641
186.103.158.250 - - [06/Mar/2017:18:48:12 -0300] "GET /cormun/servlet/solicitudotadjuntos?INS,2017,5232,,1, HTTP/1.1" 200 5798
186.103.158.250 - - [06/Mar/2017:18:48:12 -0300] "GET /cormun/static/about:blank HTTP/1.1" 404 1011
186.103.159.44 - - [06/Mar/2017:18:48:12 -0300] "GET /cormun/servlet/solicitudotadjuntos?INS,2017,5240,,2, HTTP/1.1" 200 5804
186.103.159.44 - - [06/Mar/2017:18:48:12 -0300] "HEAD /cormun/static/about:blank HTTP/1.1" 404 -
186.103.158.250 - - [06/Mar/2017:18:48:13 -0300] "GET /cormun/servlet/solicitudotadjuntos?INS,2017,5232,,1, HTTP/1.1" 200 5792
186.103.158.250 - - [06/Mar/2017:18:48:13 -0300] "GET /cormun/servlet/solicitudotadjuntos?749347c6ac1c64633ee79debe184c41b1aa77a1c784697a76c9d3be9f7ef3166200b4733f655302aa166148cafad289a,gx-no-cache=1488836867707 HTTP/1.1" 200 30
186.103.158.250 - - [06/Mar/2017:18:48:13 -0300] "POST /cormun/servlet/solicitudotadjuntos?7b7a46e22e9a6e4396bb4ac2a3661fd9,INS,2017,5232,,1,,gx-no-cache=1488836867744 HTTP/1.1" 200 3642
186.103.159.44 - - [06/Mar/2017:18:48:14 -0300] "GET /cormun/servlet/solicitudotadjuntos?1937a4935aeb5278930292a38ba32e134234c4affe95ac26411ca01f5f4606ae139a854d93c326f91ebfdee56c76e3c2,gx-no-cache=1488836963666 HTTP/1.1" 200 30
186.103.159.44 - - [06/Mar/2017:18:48:14 -0300] "POST /cormun/servlet/solicitudotadjuntos?34af4dd02fa0646edd4e9e9702e8a43d,INS,2017,5240,,2,,gx-no-cache=1488836963723 HTTP/1.1" 200 3851
186.103.159.44 - - [06/Mar/2017:18:48:16 -0300] "POST /cormun/servlet/solicitudotadjuntos?gx-no-cache=1488836966214 HTTP/1.1" 200 26
186.103.159.44 - - [06/Mar/2017:18:48:21 -0300] "GET /cormun/servlet/solicitudotadjuntos?1937a4935aeb5278930292a38ba32e13a878a79850d6451b065f9a855edcdb02,gx-no-cache=1488836970813 HTTP/1.1" 200 30
186.103.159.44 - - [06/Mar/2017:18:48:21 -0300] "GET /cormun/servlet/solicitudotadjuntos?1937a4935aeb5278930292a38ba32e13a878a79850d6451b065f9a855edcdb02,gx-no-cache=1488836970848 HTTP/1.1" 200 30
186.103.159.44 - - [06/Mar/2017:18:48:21 -0300] "POST /cormun/servlet/solicitudotadjuntos?34af4dd02fa0646edd4e9e9702e8a43d,INS,2017,5240,,2, HTTP/1.1" 200 116
186.103.159.44 - - [06/Mar/2017:18:48:21 -0300] "GET /cormun/servlet/hpexe_return? HTTP/1.1" 200 1026
186.103.158.250 - - [06/Mar/2017:18:48:21 -0300] "POST /cormun/servlet/solicitudotadjuntos?gx-no-cache=1488836875844 HTTP/1.1" 200 26
186.103.159.44 - - [06/Mar/2017:18:48:22 -0300] "GET /cormun/servlet/trsolicitudadjuntos?2017,5240, HTTP/1.1" 200 8875
186.103.158.250 - - [06/Mar/2017:18:48:29 -0300] "GET /cormun/servlet/solicitudotadjuntos?749347c6ac1c64633ee79debe184c41b379f87c8ace7062acc582e9c4dc55bb9,gx-no-cache=1488836883838 HTTP/1.1" 200 30
186.103.158.250 - - [06/Mar/2017:18:48:29 -0300] "GET /cormun/servlet/solicitudotadjuntos?749347c6ac1c64633ee79debe184c41b379f87c8ace7062acc582e9c4dc55bb9,gx-no-cache=1488836883860 HTTP/1.1" 200 30
186.103.158.250 - - [06/Mar/2017:18:48:30 -0300] "POST /cormun/servlet/solicitudotadjuntos?7b7a46e22e9a6e4396bb4ac2a3661fd9,INS,2017,5232,,1, HTTP/1.1" 200 116
186.103.158.250 - - [06/Mar/2017:18:48:30 -0300] "GET /cormun/servlet/hpexe_return? HTTP/1.1" 200 1024
186.103.158.250 - - [06/Mar/2017:18:48:30 -0300] "GET /cormun/servlet/trsolicitudadjuntos?2017,5232, HTTP/1.1" 200 8810
186.103.158.250 - - [06/Mar/2017:18:48:32 -0300] "GET /cormun/servlet/trsolicitudadjuntos?2017,5232, HTTP/1.1" 200 8806
186.103.158.250 - - [06/Mar/2017:18:48:43 -0300] "GET /cormun/servlet/solicitudotadjuntos?INS,2017,5232,,1, HTTP/1.1" 200 5799
186.103.158.250 - - [06/Mar/2017:18:48:44 -0300] "GET /cormun/servlet/solicitudotadjuntos?INS,2017,5232,,1, HTTP/1.1" 200 5793
186.103.158.250 - - [06/Mar/2017:18:48:44 -0300] "GET /cormun/static/about:blank HTTP/1.1" 404 1011
186.103.158.250 - - [06/Mar/2017:18:48:44 -0300] "GET /cormun/servlet/solicitudotadjuntos?749347c6ac1c64633ee79debe184c41b1aa77a1c784697a76c9d3be9f7ef3166200b4733f655302aa166148cafad289a,gx-no-cache=1488836899104 HTTP/1.1" 200 30
186.103.158.250 - - [06/Mar/2017:18:48:45 -0300] "POST /cormun/servlet/solicitudotadjuntos?7b7a46e22e9a6e4396bb4ac2a3661fd9,INS,2017,5232,,1,,gx-no-cache=1488836899140 HTTP/1.1" 200 3642
186.103.158.250 - - [06/Mar/2017:18:48:53 -0300] "POST /cormun/servlet/solicitudotadjuntos?7b7a46e22e9a6e4396bb4ac2a3661fd9,INS,2017,5232,,1,,gx-no-cache=1488836907180 HTTP/1.1" 200 93
186.103.158.250 - - [06/Mar/2017:18:48:53 -0300] "GET /cormun/servlet/hpexe_return? HTTP/1.1" 200 1024
186.103.158.250 - - [06/Mar/2017:18:48:53 -0300] "GET /cormun/servlet/trsolicitudadjuntos?2017,5232, HTTP/1.1" 200 8810
186.103.158.250 - - [06/Mar/2017:18:48:55 -0300] "GET /cormun/servlet/trsolicitudadjuntos?2017,5232, HTTP/1.1" 200 8806
186.103.158.250 - - [06/Mar/2017:18:49:06 -0300] "GET /cormun/servlet/trsolicitudot? HTTP/1.1" 200 7986
186.103.158.250 - - [06/Mar/2017:18:49:08 -0300] "GET /cormun/servlet/trsolicitudot? HTTP/1.1" 200 7980
186.103.158.250 - - [06/Mar/2017:18:49:17 -0300] "POST /cormun/servlet/trsolicitudot?7b7a46e22e9a6e4396bb4ac2a3661fd9,,gx-no-cache=1488836931232 HTTP/1.1" 200 4156
186.103.158.250 - - [06/Mar/2017:18:49:17 -0300] "GET /cormun/static/Shared/jqueryui/images/ui-bg_highlight-soft_100_c6c2c8_1x100.png HTTP/1.1" 404 1117
186.103.158.250 - - [06/Mar/2017:18:49:17 -0300] "GET /cormun/static/Shared/jqueryui/images/ui-icons_82798d_256x240.png HTTP/1.1" 404 1089
186.103.158.250 - - [06/Mar/2017:18:49:17 -0300] "GET /cormun/static/Shared/jqueryui/images/ui-bg_flat_55_fafafa_40x100.png HTTP/1.1" 404 1097
186.103.158.250 - - [06/Mar/2017:18:49:17 -0300] "GET /cormun/static/Shared/jqueryui/images/ui-icons_8d78a5_256x240.png HTTP/1.1" 404 1089
186.103.158.250 - - [06/Mar/2017:18:49:17 -0300] "POST /cormun/servlet/trsolicitudot?7b7a46e22e9a6e4396bb4ac2a3661fd9,,gx-no-cache=1488836931567 HTTP/1.1" 200 3943
186.103.158.250 - - [06/Mar/2017:18:49:45 -0300] "GET /cormun/servlet/hlogin HTTP/1.1" 200 1719
186.103.158.250 - - [06/Mar/2017:18:49:45 -0300] "GET /cormun/static/gxcfg.js?201612216162538 HTTP/1.1" 304 -
186.103.158.250 - - [06/Mar/2017:18:49:46 -0300] "GET /cormun/servlet/hlogin HTTP/1.1" 200 1730
186.103.158.250 - - [06/Mar/2017:18:50:27 -0300] "POST /cormun/servlet/hlogin?2a6adb5056324cbf6e3f614a0913f135,gx-no-cache=1488837001153 HTTP/1.1" 200 90
186.103.158.250 - - [06/Mar/2017:18:50:27 -0300] "GET /cormun/servlet/hpexe_link HTTP/1.1" 200 954
186.103.158.250 - - [06/Mar/2017:18:50:27 -0300] "GET /cormun/static/gxcfg.js?201612218515529 HTTP/1.1" 304 -
186.103.158.250 - - [06/Mar/2017:18:50:27 -0300] "GET /cormun/servlet/hhome HTTP/1.1" 200 3933
186.103.158.250 - - [06/Mar/2017:18:50:27 -0300] "GET /cormun/static/gxcfg.js?201612218515568 HTTP/1.1" 304 -
186.103.158.250 - - [06/Mar/2017:18:50:32 -0300] "GET /cormun/static/SmoothNavMenu/resources/images/right.gif HTTP/1.1" 200 860
186.103.159.44 - - [06/Mar/2017:18:50:39 -0300] "GET /cormun/servlet/solicitudotadjuntos?INS,2017,5240,,1, HTTP/1.1" 200 5803
186.103.159.44 - - [06/Mar/2017:18:50:39 -0300] "HEAD /cormun/static/about:blank HTTP/1.1" 404 -
186.103.159.44 - - [06/Mar/2017:18:50:40 -0300] "GET /cormun/servlet/solicitudotadjuntos?1937a4935aeb5278930292a38ba32e134234c4affe95ac26411ca01f5f4606ae139a854d93c326f91ebfdee56c76e3c2,gx-no-cache=1488837110451 HTTP/1.1" 200 30
186.103.159.44 - - [06/Mar/2017:18:50:41 -0300] "POST /cormun/servlet/solicitudotadjuntos?34af4dd02fa0646edd4e9e9702e8a43d,INS,2017,5240,,1,,gx-no-cache=1488837110555 HTTP/1.1" 200 3639
186.103.159.44 - - [06/Mar/2017:18:50:57 -0300] "POST /cormun/servlet/solicitudotadjuntos?34af4dd02fa0646edd4e9e9702e8a43d,INS,2017,5240,,1,,gx-no-cache=1488837126627 HTTP/1.1" 200 93
186.103.159.44 - - [06/Mar/2017:18:50:57 -0300] "GET /cormun/servlet/hpexe_return? HTTP/1.1" 200 1026
186.103.159.44 - - [06/Mar/2017:18:50:58 -0300] "GET /cormun/servlet/trsolicitudadjuntos?2017,5240, HTTP/1.1" 200 8875
186.103.158.250 - - [06/Mar/2017:18:51:00 -0300] "GET /cormun/servlet/trsolicitudot? HTTP/1.1" 200 6897
186.103.158.250 - - [06/Mar/2017:18:51:01 -0300] "GET /cormun/static/gxcfg.js?20171191044697 HTTP/1.1" 304 -
186.103.159.44 - - [06/Mar/2017:18:51:07 -0300] "GET /cormun/servlet/solicitudotadjuntos?INS,2017,5240,,1, HTTP/1.1" 200 5803
186.103.159.44 - - [06/Mar/2017:18:51:08 -0300] "HEAD /cormun/static/about:blank HTTP/1.1" 404 -
186.103.159.44 - - [06/Mar/2017:18:51:09 -0300] "GET /cormun/servlet/solicitudotadjuntos?1937a4935aeb5278930292a38ba32e134234c4affe95ac26411ca01f5f4606ae139a854d93c326f91ebfdee56c76e3c2,gx-no-cache=1488837138940 HTTP/1.1" 200 30
186.103.159.44 - - [06/Mar/2017:18:51:09 -0300] "POST /cormun/servlet/solicitudotadjuntos?34af4dd02fa0646edd4e9e9702e8a43d,INS,2017,5240,,1,,gx-no-cache=1488837138994 HTTP/1.1" 200 3639
186.103.159.44 - - [06/Mar/2017:18:51:12 -0300] "POST /cormun/servlet/solicitudotadjuntos?34af4dd02fa0646edd4e9e9702e8a43d,INS,2017,5240,,1,,gx-no-cache=1488837142294 HTTP/1.1" 200 93
186.103.159.44 - - [06/Mar/2017:18:51:12 -0300] "GET /cormun/servlet/hpexe_return? HTTP/1.1" 200 1026
186.103.159.44 - - [06/Mar/2017:18:51:13 -0300] "GET /cormun/servlet/trsolicitudadjuntos?2017,5240, HTTP/1.1" 200 8875
186.103.158.250 - - [06/Mar/2017:18:51:19 -0300] "GET /cormun/servlet/trautorizarsolicitud? HTTP/1.1" 200 8091
186.103.159.44 - - [06/Mar/2017:18:51:19 -0300] "GET /cormun/servlet/solicitudotadjuntos?INS,2017,5240,,1, HTTP/1.1" 200 5803
186.103.158.250 - - [06/Mar/2017:18:51:19 -0300] "GET /cormun/static/gxcfg.js?2017259112829 HTTP/1.1" 200 953
186.103.159.44 - - [06/Mar/2017:18:51:19 -0300] "HEAD /cormun/static/about:blank HTTP/1.1" 404 -
186.103.158.250 - - [06/Mar/2017:18:51:19 -0300] "GET /cormun/static/trautorizarsolicitud.js?2017259113483 HTTP/1.1" 200 53096
186.103.159.44 - - [06/Mar/2017:18:51:20 -0300] "GET /cormun/servlet/solicitudotadjuntos?1937a4935aeb5278930292a38ba32e134234c4affe95ac26411ca01f5f4606ae139a854d93c326f91ebfdee56c76e3c2,gx-no-cache=1488837150272 HTTP/1.1" 200 30
186.103.159.44 - - [06/Mar/2017:18:51:20 -0300] "POST /cormun/servlet/solicitudotadjuntos?34af4dd02fa0646edd4e9e9702e8a43d,INS,2017,5240,,1,,gx-no-cache=1488837150367 HTTP/1.1" 200 3639
186.103.158.250 - - [06/Mar/2017:18:51:20 -0300] "GET /cormun//static/Resources/PXToolsRemoveAllAction.png HTTP/1.1" 200 3558
186.103.158.250 - - [06/Mar/2017:18:51:21 -0300] "GET /cormun//static/Resources/PXToolsActionView.png HTTP/1.1" 200 2995
186.103.159.44 - - [06/Mar/2017:18:51:22 -0300] "POST /cormun/servlet/solicitudotadjuntos?gx-no-cache=1488837151841 HTTP/1.1" 200 26
