190.151.100.218 - - [06/Mar/2017:16:37:00 -0300] "GET /cormun/static/messages.spa.js?85251 HTTP/1.1" 304 -
186.103.159.204 - - [06/Mar/2017:16:37:00 -0300] "GET /cormun/static/Resources/desc.gif HTTP/1.1" 200 65
186.103.159.204 - - [06/Mar/2017:16:37:01 -0300] "GET /cormun/static/Resources/desc.gif HTTP/1.1" 200 65
186.103.159.204 - - [06/Mar/2017:16:37:01 -0300] "GET /cormun/static/Resources/asc.gif HTTP/1.1" 200 67
186.103.159.204 - - [06/Mar/2017:16:37:01 -0300] "GET /cormun/static/Resources/asc.gif HTTP/1.1" 200 67
186.103.159.204 - - [06/Mar/2017:16:37:01 -0300] "GET /cormun/static/Resources/asc.gif HTTP/1.1" 200 67
186.103.159.204 - - [06/Mar/2017:16:37:01 -0300] "GET /cormun/static/Resources/asc.gif HTTP/1.1" 200 67
186.103.159.204 - - [06/Mar/2017:16:37:01 -0300] "GET /cormun/static/Resources/desc.gif HTTP/1.1" 200 65
186.103.159.204 - - [06/Mar/2017:16:37:01 -0300] "GET /cormun/static/Resources/asc.gif HTTP/1.1" 200 67
186.103.159.204 - - [06/Mar/2017:16:37:01 -0300] "GET /cormun/static/Resources/desc.gif HTTP/1.1" 200 65
186.103.159.204 - - [06/Mar/2017:16:37:01 -0300] "GET /cormun/servlet/trsolicitudot? HTTP/1.1" 200 6950
190.151.100.218 - - [06/Mar/2017:16:37:01 -0300] "GET /cormun/servlet/hlogin HTTP/1.1" 200 1733
186.103.159.204 - - [06/Mar/2017:16:37:13 -0300] "GET /cormun/servlet/solicitudot?INS,0,0, HTTP/1.1" 200 12780
186.103.159.204 - - [06/Mar/2017:16:37:14 -0300] "GET /cormun/servlet/solicitudot?INS,0,0, HTTP/1.1" 200 12785
190.151.100.218 - - [06/Mar/2017:16:37:20 -0300] "POST /cormun/servlet/hlogin?99ffa734404d193cfa8e3ecec55fec71,gx-no-cache=1488829110344 HTTP/1.1" 200 90
190.151.100.218 - - [06/Mar/2017:16:37:20 -0300] "GET /cormun/servlet/hpexe_link HTTP/1.1" 200 957
190.151.100.218 - - [06/Mar/2017:16:37:20 -0300] "GET /cormun/static/gxcfg.js?201612218515529 HTTP/1.1" 304 -
190.151.100.218 - - [06/Mar/2017:16:37:21 -0300] "GET /cormun/servlet/hhome HTTP/1.1" 200 3803
190.151.100.218 - - [06/Mar/2017:16:37:21 -0300] "GET /cormun/static/gxcfg.js?201612218515568 HTTP/1.1" 304 -
190.151.100.218 - - [06/Mar/2017:16:37:22 -0300] "GET /cormun/servlet/hhome HTTP/1.1" 200 3803
190.151.100.218 - - [06/Mar/2017:16:37:25 -0300] "GET /cormun/servlet/trpermisosgoce? HTTP/1.1" 200 7387
190.151.100.218 - - [06/Mar/2017:16:37:26 -0300] "GET /cormun/static/gxcfg.js?201612262011714 HTTP/1.1" 304 -
190.151.100.218 - - [06/Mar/2017:16:37:26 -0300] "GET /cormun/static/calendar-es.js?85251 HTTP/1.1" 304 -
190.151.100.218 - - [06/Mar/2017:16:37:26 -0300] "GET /cormun/static/calendar.js?85251 HTTP/1.1" 304 -
190.151.100.218 - - [06/Mar/2017:16:37:26 -0300] "GET /cormun/static/calendar-setup.js?85251 HTTP/1.1" 304 -
190.151.100.218 - - [06/Mar/2017:16:37:26 -0300] "GET /cormun/servlet/trpermisosgoce? HTTP/1.1" 200 7386
190.151.100.218 - - [06/Mar/2017:16:37:33 -0300] "GET /cormun/servlet/permisogoce?INS,0,,, HTTP/1.1" 200 6565
192.168.10.96 - - [06/Mar/2017:16:37:33 -0300] "POST /cormun/servlet/trsolicitudgral?14128f254516019eb5ded9481e87198f,,gx-no-cache=1488832338138 HTTP/1.1" 200 7084
190.151.100.218 - - [06/Mar/2017:16:37:33 -0300] "GET /cormun/static/gxcfg.js?201612262052844 HTTP/1.1" 304 -
190.151.100.218 - - [06/Mar/2017:16:37:34 -0300] "GET /cormun/static/gxdec.js?85251 HTTP/1.1" 304 -
190.151.100.218 - - [06/Mar/2017:16:37:34 -0300] "GET /cormun/servlet/permisogoce?INS,0,,, HTTP/1.1" 200 6564
192.168.10.96 - - [06/Mar/2017:16:37:39 -0300] "POST /cormun/servlet/trsolicitudgral?14128f254516019eb5ded9481e87198f,,gx-no-cache=1488832343948 HTTP/1.1" 200 7118
190.151.100.218 - - [06/Mar/2017:16:37:44 -0300] "GET /cormun/servlet/prfichaempleado?,MD,,gxPopupLevel%3D0%3B HTTP/1.1" 200 8868
190.151.100.218 - - [06/Mar/2017:16:37:44 -0300] "GET /cormun/static/gxcfg.js?2016102420561687 HTTP/1.1" 304 -
190.151.100.218 - - [06/Mar/2017:16:37:45 -0300] "GET /cormun/static/prfichaempleado.js?201610242056198 HTTP/1.1" 304 -
190.151.100.218 - - [06/Mar/2017:16:37:46 -0300] "GET /cormun/static/hmpwkw011.js?201612218515582 HTTP/1.1" 304 -
190.151.100.218 - - [06/Mar/2017:16:37:46 -0300] "GET /cormun/static/menusearch.js?201610171694467 HTTP/1.1" 304 -
192.168.10.96 - - [06/Mar/2017:16:37:46 -0300] "POST /cormun/servlet/trsolicitudgral?14128f254516019eb5ded9481e87198f,,gx-no-cache=1488832350317 HTTP/1.1" 200 13830
186.103.159.204 - - [06/Mar/2017:16:37:58 -0300] "POST /cormun/servlet/solicitudot?gx-no-cache=1488829147349 HTTP/1.1" 200 3181
190.151.100.218 - - [06/Mar/2017:16:38:00 -0300] "POST /cormun/servlet/prfichaempleado?99ffa734404d193cfa8e3ecec55fec71,,MD,,gxPopupLevel%3D0%3B,gx-no-cache=1488829149097 HTTP/1.1" 200 3459
190.151.100.218 - - [06/Mar/2017:16:38:26 -0300] "GET /cormun/servlet/permisogoce?e6cf1d44accc0320577c0f58faa664162242ad9dff0742fa5ab2a80743bf4bc45444caa0bb74142356f592c42eea78ba,gx-no-cache=1488829176494 HTTP/1.1" 200 66
190.151.100.218 - - [06/Mar/2017:16:38:27 -0300] "GET /cormun/static/menuarrow.gif HTTP/1.1" 404 1015
186.103.159.204 - - [06/Mar/2017:16:38:34 -0300] "POST /cormun/servlet/solicitudot?gx-no-cache=1488829183099 HTTP/1.1" 200 3181
186.103.159.204 - - [06/Mar/2017:16:38:34 -0300] "POST /cormun/servlet/solicitudot?aa73707e3ba2d4284873a3b27707964b,INS,0,0,,gx-no-cache=1488829183259 HTTP/1.1" 200 9975
186.103.159.204 - - [06/Mar/2017:16:38:34 -0300] "GET /cormun/servlet/solicitudot?fab431af7cba2aeb87d9024b72c9c65d1ab8e0d4bde94b32319a5c5c3e04748cebbed9739a89000717fb5dbb7fe3d4ba,gx-no-cache=1488829183481 HTTP/1.1" 200 30
190.151.100.218 - - [06/Mar/2017:16:38:37 -0300] "GET /cormun/servlet/permisogoce?e6cf1d44accc0320577c0f58faa66416c195d1c3b190f1d41efb9e8e812a52445c49c25bc1dbc57dfd1bc07651a590f1e30da8d7f9c8b12f913866b9eb5fcf8a,gx-no-cache=1488829187395 HTTP/1.1" 200 46
186.103.159.204 - - [06/Mar/2017:16:38:37 -0300] "POST /cormun/servlet/solicitudot?gx-no-cache=1488829186557 HTTP/1.1" 200 255
186.103.159.204 - - [06/Mar/2017:16:38:38 -0300] "GET /cormun/servlet/solicitudot?fab431af7cba2aeb87d9024b72c9c65d4b41450c66d35d9af710815faba23c03d37e4471c78301d01c674a06ae3169735e45380dd835ab0fe276b22729b6d680905634dc64c37b421f42a4b55c873b5892dccb1b89b55617383a3c1be14c7eeffecca56836c932e72b5c3f5d2692ddcdf549c58ed1cd458781109b619a281e506815f433afef8e104d8257b2959f2adcd359e6f3a51559db9aba04fd6e74f31624b5d934eb0653405c674e71be7d380a062f0ce2f2ba577cf775dbf09342e4595c2a7bacf8713e1f62b68df3bfaa5b94909bc636accbde82d6343de05e21db911ce54117a0036a82c88fd95ce959df3f6ac286e13c00236d91456098d5420a0f21cbac978fb1e27581fcd5b70ca4a7cba3fe11ac96521f8779f4f6c2e8e9bff5160140f8bc73227c931bda949dd67eb80f61d981aae78a300431b688cd9e00b4709eb28ea9692c1338e476e5a62c39a7129736e50bce4bf8b2c395f15f85999d593c156b98a09ecac971eeb4b24adb17052a6681478ddb98ab82da1bdeb5038f,gx-no-cache=1488829186616 HTTP/1.1" 200 30
186.103.159.204 - - [06/Mar/2017:16:38:46 -0300] "POST /cormun/servlet/solicitudot?gx-no-cache=1488829195035 HTTP/1.1" 200 30
192.168.10.96 - - [06/Mar/2017:16:39:06 -0300] "POST /cormun/servlet/trsolicitudgral?14128f254516019eb5ded9481e87198f,,gx-no-cache=1488832431354 HTTP/1.1" 200 7118
186.103.159.204 - - [06/Mar/2017:16:39:10 -0300] "POST /cormun/servlet/solicitudot?gx-no-cache=1488829219699 HTTP/1.1" 200 1291
186.103.159.204 - - [06/Mar/2017:16:39:11 -0300] "POST /cormun/servlet/solicitudot?gx-no-cache=1488829219879 HTTP/1.1" 200 38
186.103.159.204 - - [06/Mar/2017:16:39:13 -0300] "GET /cormun/servlet/prcontratosol?13945163,,,,,MD,,gxPopupLevel%3D0%3B HTTP/1.1" 200 5943
186.103.159.204 - - [06/Mar/2017:16:39:13 -0300] "GET /cormun/static/gxcfg.js?2016102711553248 HTTP/1.1" 304 -
186.103.159.204 - - [06/Mar/2017:16:39:14 -0300] "GET /cormun/static/Resources/desc.gif HTTP/1.1" 200 65
186.103.159.204 - - [06/Mar/2017:16:39:14 -0300] "GET /cormun/static/Resources/asc.gif HTTP/1.1" 200 67
186.103.159.204 - - [06/Mar/2017:16:39:14 -0300] "GET /cormun/static/Resources/desc.gif HTTP/1.1" 200 65
186.103.159.204 - - [06/Mar/2017:16:39:14 -0300] "GET /cormun/static/Resources/desc.gif HTTP/1.1" 200 65
186.103.159.204 - - [06/Mar/2017:16:39:14 -0300] "GET /cormun/static/Resources/asc.gif HTTP/1.1" 200 67
186.103.159.204 - - [06/Mar/2017:16:39:14 -0300] "GET /cormun/static/Resources/asc.gif HTTP/1.1" 200 67
186.103.159.204 - - [06/Mar/2017:16:39:14 -0300] "GET /cormun/static/Resources/asc.gif HTTP/1.1" 200 67
186.103.159.204 - - [06/Mar/2017:16:39:14 -0300] "GET /cormun/static/Resources/desc.gif HTTP/1.1" 200 65
190.151.100.218 - - [06/Mar/2017:16:39:14 -0300] "POST /cormun/servlet/permisogoce?99ffa734404d193cfa8e3ecec55fec71,INS,0,,,,gx-no-cache=1488829205654 HTTP/1.1" 200 93
190.151.100.218 - - [06/Mar/2017:16:39:15 -0300] "GET /cormun/servlet/hpexe_return? HTTP/1.1" 200 1012
190.151.100.218 - - [06/Mar/2017:16:39:15 -0300] "GET /cormun/static/gxcfg.js?2016101716175148 HTTP/1.1" 304 -
190.151.100.218 - - [06/Mar/2017:16:39:15 -0300] "GET /cormun/static/hpexe_return.js?2016101716175153 HTTP/1.1" 304 -
190.151.100.218 - - [06/Mar/2017:16:39:16 -0300] "GET /cormun/servlet/trpermisosgoce HTTP/1.1" 200 7658
192.168.10.96 - - [06/Mar/2017:16:39:16 -0300] "POST /cormun/servlet/trsolicitudgral?14128f254516019eb5ded9481e87198f,,gx-no-cache=1488832440682 HTTP/1.1" 200 7118
190.151.100.218 - - [06/Mar/2017:16:39:16 -0300] "GET /cormun/servlet/trpermisosgoce HTTP/1.1" 200 7654
190.151.100.218 - - [06/Mar/2017:16:39:20 -0300] "GET /cormun/servlet/apermisogoceprn?11044892,P,20170302091837,PU HTTP/1.1" 200 1567
186.103.159.204 - - [06/Mar/2017:16:39:20 -0300] "GET /cormun/servlet/solicitudot?fab431af7cba2aeb87d9024b72c9c65d47793de2160bdbf3c5953375849a085e878bbf812b4f00eb402cb6fed86e9078bb53edbefce88346b6f2e6aa016d2dda848fdd5270e24dd74bca243761f876a81b7a07d43ecc9696244a0942aaeafb293f36c91da20a6f7013a1e21728895c56def3a6b45e1b53be35f7c22319e8258ed03899bdc43bcc688827e9c2e1dc7c781320230dc23b41fe50a203610814b4df,gx-no-cache=1488829229369 HTTP/1.1" 200 29
186.103.159.204 - - [06/Mar/2017:16:39:20 -0300] "POST /cormun/servlet/solicitudot?gx-no-cache=1488829229418 HTTP/1.1" 200 1274
186.103.159.204 - - [06/Mar/2017:16:39:20 -0300] "POST /cormun/servlet/solicitudot?gx-no-cache=1488829229486 HTTP/1.1" 200 1157
192.168.10.96 - - [06/Mar/2017:16:39:21 -0300] "POST /cormun/servlet/trsolicitudgral?14128f254516019eb5ded9481e87198f,,gx-no-cache=1488832445872 HTTP/1.1" 200 9935
190.151.100.218 - - [06/Mar/2017:16:39:31 -0300] "GET /cormun/servlet/apermisogoceprn?5764028,P,20170306173359,PU HTTP/1.1" 200 1567
186.103.159.204 - - [06/Mar/2017:16:39:33 -0300] "POST /cormun/servlet/solicitudot?gx-no-cache=1488829242405 HTTP/1.1" 200 1275
186.103.159.204 - - [06/Mar/2017:16:39:33 -0300] "POST /cormun/servlet/solicitudot?gx-no-cache=1488829242525 HTTP/1.1" 200 1157
186.103.159.204 - - [06/Mar/2017:16:39:33 -0300] "GET /cormun/static/menuarrow.gif HTTP/1.1" 404 1015
186.103.159.204 - - [06/Mar/2017:16:39:35 -0300] "POST /cormun/servlet/solicitudot?gx-no-cache=1488829244677 HTTP/1.1" 200 1275
186.103.159.204 - - [06/Mar/2017:16:39:35 -0300] "POST /cormun/servlet/solicitudot?gx-no-cache=1488829244747 HTTP/1.1" 200 1157
186.103.159.204 - - [06/Mar/2017:16:39:45 -0300] "GET /cormun/servlet/solicitudot?fab431af7cba2aeb87d9024b72c9c65d2e8584df796583a5321699d4166c9e8278b8a0bfd5d0efae1aa105e535c929d09814f3462821d3bfde979417b91c972f29b4930be5d6defb775ee92845445a6e26f70d3a4cf09428793903de3659a2a7a6b4a1f3787c6b919689773eed1d2e35eb60b21510ea9b98b541c353bd98a54ba3c444e4dcba5a3545eb2921cce5f59e4857571332208bc906d92f33a87ab187a69bcced34860afa1df995e4ec76998f,gx-no-cache=1488829254678 HTTP/1.1" 200 30
192.168.10.89 - - [06/Mar/2017:16:39:49 -0300] "POST /cormun/servlet/trsolicitudgral?ebb55a6bbb3ef19d0d6218ea0569e38b,,gx-no-cache=1488832473926 HTTP/1.1" 200 14508
192.168.10.89 - - [06/Mar/2017:16:39:58 -0300] "POST /cormun/servlet/trsolicitudgral?ebb55a6bbb3ef19d0d6218ea0569e38b,,gx-no-cache=1488832482986 HTTP/1.1" 200 6676
192.168.10.89 - - [06/Mar/2017:16:40:07 -0300] "POST /cormun/servlet/trsolicitudgral?ebb55a6bbb3ef19d0d6218ea0569e38b,,gx-no-cache=1488832492454 HTTP/1.1" 200 115
192.168.10.89 - - [06/Mar/2017:16:40:08 -0300] "GET /cormun/servlet/solicitudotlog?INS,2017,4997,0,REC, HTTP/1.1" 200 6160
192.168.10.89 - - [06/Mar/2017:16:40:10 -0300] "GET /cormun/servlet/solicitudotlog?3f8d4cdaf2e9d0a25ce2f9905a6757011eb248865767b6ce2dc1db50ed1c23a27f4f0f0ac616b56612ede88abd1826d5f026852352d901cb5f1179591b61ffe3c3d03dc316c6b0fd19f3082467246d951ad133be23fadefa969e3e806c093aac91eec9bbd07719a69112c71026f9d06c6359cbca53aaadaa8f5aff01148dc4b14d2d6a41dcea3b4cc41838d4771fd4f75499dd17e2126e51647a0914b49d45a0,gx-no-cache=1488832495369 HTTP/1.1" 200 94
192.168.10.96 - - [06/Mar/2017:16:40:12 -0300] "POST /cormun/servlet/trsolicitudgral?14128f254516019eb5ded9481e87198f,,gx-no-cache=1488832496952 HTTP/1.1" 200 12552
192.168.10.89 - - [06/Mar/2017:16:40:14 -0300] "POST /cormun/servlet/solicitudotlog?ebb55a6bbb3ef19d0d6218ea0569e38b,INS,2017,4997,0,REC,,gx-no-cache=1488832498556 HTTP/1.1" 200 93
192.168.10.89 - - [06/Mar/2017:16:40:14 -0300] "GET /cormun/servlet/hpexe_return? HTTP/1.1" 200 1022
192.168.10.89 - - [06/Mar/2017:16:40:15 -0300] "GET /cormun/servlet/trsolicitudgral? HTTP/1.1" 200 8720
190.151.100.218 - - [06/Mar/2017:16:40:42 -0300] "GET /cormun/servlet/apermisogoceprn?5764028,P,20170306173359,PU HTTP/1.1" 200 1568
186.103.159.204 - - [06/Mar/2017:16:40:54 -0300] "POST /cormun/servlet/solicitudot?aa73707e3ba2d4284873a3b27707964b,INS,0,0,,gx-no-cache=1488829323162 HTTP/1.1" 200 11358
186.103.159.204 - - [06/Mar/2017:16:40:54 -0300] "GET /cormun/static/Shared/jqueryui/images/ui-bg_highlight-soft_100_c6c2c8_1x100.png HTTP/1.1" 404 1117
186.103.159.204 - - [06/Mar/2017:16:40:54 -0300] "GET /cormun/static/Shared/jqueryui/images/ui-icons_82798d_256x240.png HTTP/1.1" 404 1089
186.103.159.204 - - [06/Mar/2017:16:40:54 -0300] "GET /cormun/static/Shared/jqueryui/images/ui-icons_ebccce_256x240.png HTTP/1.1" 404 1089
186.103.159.204 - - [06/Mar/2017:16:40:54 -0300] "GET /cormun/static/Shared/jqueryui/images/ui-bg_flat_55_994d53_40x100.png HTTP/1.1" 404 1097
190.151.100.218 - - [06/Mar/2017:16:41:07 -0300] "POST /cormun/servlet/trpermisosgoce?99ffa734404d193cfa8e3ecec55fec71,gx-no-cache=1488829336062 HTTP/1.1" 200 4943
192.168.10.96 - - [06/Mar/2017:16:41:09 -0300] "POST /cormun/servlet/trsolicitudgral?14128f254516019eb5ded9481e87198f,,gx-no-cache=1488832553375 HTTP/1.1" 200 8398
186.103.159.204 - - [06/Mar/2017:16:41:11 -0300] "GET /cormun/servlet/solicitudot?fab431af7cba2aeb87d9024b72c9c65d2e8584df796583a5321699d4166c9e8278b8a0bfd5d0efae1aa105e535c929d05e3de8b1495d7136ac3f4734d1e685cd29b4930be5d6defb775ee92845445a6e26f70d3a4cf09428793903de3659a2a7a6b4a1f3787c6b919689773eed1d2e35eb60b21510ea9b98b541c353bd98a54ba3c444e4dcba5a3545eb2921cce5f59e4857571332208bc906d92f33a87ab187a69bcced34860afa1df995e4ec76998f,gx-no-cache=1488829340262 HTTP/1.1" 200 30
186.103.159.204 - - [06/Mar/2017:16:41:14 -0300] "POST /cormun/servlet/solicitudot?aa73707e3ba2d4284873a3b27707964b,INS,0,0,,gx-no-cache=1488829342776 HTTP/1.1" 200 11406
190.151.100.218 - - [06/Mar/2017:16:41:33 -0300] "GET /cormun/servlet/hlogin HTTP/1.1" 200 1740
192.168.10.96 - - [06/Mar/2017:16:41:36 -0300] "POST /cormun/servlet/trsolicitudgral?14128f254516019eb5ded9481e87198f,,gx-no-cache=1488832581050 HTTP/1.1" 200 12551
192.168.10.89 - - [06/Mar/2017:16:41:59 -0300] "POST /cormun/servlet/trsolicitudgral?ebb55a6bbb3ef19d0d6218ea0569e38b,,gx-no-cache=1488832603689 HTTP/1.1" 200 6997
192.168.10.89 - - [06/Mar/2017:16:42:06 -0300] "GET /cormun/servlet/solicitudgral?UPD,2017,4995, HTTP/1.1" 200 12165
192.168.10.96 - - [06/Mar/2017:16:42:06 -0300] "POST /cormun/servlet/trsolicitudgral?14128f254516019eb5ded9481e87198f,,gx-no-cache=1488832611056 HTTP/1.1" 200 7095
192.168.10.89 - - [06/Mar/2017:16:42:08 -0300] "POST /cormun/servlet/solicitudgral?gx-no-cache=1488832613203 HTTP/1.1" 200 3172
192.168.10.89 - - [06/Mar/2017:16:42:08 -0300] "GET /cormun/servlet/solicitudgral?3f8d4cdaf2e9d0a25ce2f9905a675701cc1aa34aedaa146561129b5aa2e072dfc6f2fee303e04773538501818fabbab2190ea5bdb24445e342aa47fc0e5ab5f27b32f90bea8d9ef8b70f7eed3afebfbda4b92c4e1262beb0777cc81de7a2e304ffd3693203ca5acb1d8159418e66880c28e3e94b26f983df066b7e0ff127900789bef717509800e3c745be8db035c4b9c5a362f20fe1875dfdd9123a1e364dde08651b6ef51108aee4ed486ebf6f20cfb0d137b453e6f5d482225ee5b5bde1acf30b87710f118371301cc17eea24b926b9f75bc9afd9b29178a3ce20f032e85602af9461cf13ba9dafa0c6964c2bc6d78694dc4841dcf8f376e1d788560e3327a9b2d08090b2f1d50e2dcdb54764c4e1f38824bd906efbe6a44ccd1dad215aaeb5ef8e4084c698101c7e4c26314c18326dde690c2bbb36136fe3cc79503ed8fffa154e10e5b5657f26bcfc8642339690,gx-no-cache=1488832613436 HTTP/1.1" 200 257
192.168.10.89 - - [06/Mar/2017:16:42:10 -0300] "GET /cormun/servlet/solicitudgral?3f8d4cdaf2e9d0a25ce2f9905a6757016c1747b8b3694884919a0c97584373ff1e90c8fa72865a43a11e9e0379249da0bf3185455bae52fcc2948a9dbbb6c676c78c80ea70484f8c5b3bb5dac573212619ff50269972598af9ecca4d1ea6ba2812f7c5a7f86bbb1d5c9dad6c0203fd59a9eda72beb4a92a854f1c35e4ddd1f600942c48c1da9944e27a83e73447695e89192b946a8e314095b5703b41cf3589efe9c942407822ba8ac805d48be40e2e31e7c9b290b75df37474cc8329c51e6a5262461fd92ebdc537071faf436703b6518ebb253173fa5c3976254b774a49d197c692b4415348a1007d954bc02e191e9d5a5debfdab391115aaf082575dbc613a6d99ee722ab8e068461a043f2192f6fc76b7ffba9c3a5513bbbbe39ea5ca170df84b298aa38bc8253d3321c33b175636134cfe267ff13c00838a92eb136004a5e3c2d7f9cfa3c1494b28a86330b5e8273c3e5770fc066982a86063868b9ba46651c83197c1d571d638702d7d6b7a674499ba72fcb33a7e097cd268a86ee9964a015002fe7e2a0538f21110dac66d1e2cf10692eb698c2ad6e37a7a9d8f770e5e762009dd8436297af6524b1d700ecce71a94c1f6c8558542042dc1eadff514106dd2cc9f46fd47ee0f1b8308fce3b503c6e429251394eb52f7978c3fe7d030e6dc2ef23b4ecf212273ef94d9d0b624c74e1748291a562092f823ff2d92af25b351fe802b7768926c71ef6b69e9fe3a4ad1d8290968b54b1d9c9322be448e7bcc22f9df6975003fee96f9103d01126cc,gx-no-cache=1488832615047 HTTP/1.1" 200 48
192.168.10.89 - - [06/Mar/2017:16:42:11 -0300] "POST /cormun/servlet/solicitudgral?ebb55a6bbb3ef19d0d6218ea0569e38b,UPD,2017,4995,,gx-no-cache=1488832615886 HTTP/1.1" 200 10544
192.168.10.89 - - [06/Mar/2017:16:42:13 -0300] "GET /cormun/servlet/solicitudgral?3f8d4cdaf2e9d0a25ce2f9905a6757012b73d8636f9b2ad544f3d4838d084103db4722d08aed96f8fa2a24321cb7905f5e39b55f0cecfb232179e549eff471804d158f352a0783275f90ea263cc20b4b3e068eb9153d2e8d965b7c38f8a8f26ca3ecb9d22c3697bbed68a4699fb6188ce9a42ff0959a99f34866080185db58465b6135c47d349913d39c5b32c4e1745cc71246ed664529585a473ea3ee15f0a2,gx-no-cache=1488832618318 HTTP/1.1" 200 29
192.168.10.89 - - [06/Mar/2017:16:42:13 -0300] "POST /cormun/servlet/solicitudgral?gx-no-cache=1488832618382 HTTP/1.1" 200 1249
192.168.10.89 - - [06/Mar/2017:16:42:13 -0300] "POST /cormun/servlet/solicitudgral?gx-no-cache=1488832618424 HTTP/1.1" 200 1155
192.168.10.89 - - [06/Mar/2017:16:42:14 -0300] "POST /cormun/servlet/solicitudgral?ebb55a6bbb3ef19d0d6218ea0569e38b,UPD,2017,4995,,gx-no-cache=1488832618466 HTTP/1.1" 200 93
192.168.10.89 - - [06/Mar/2017:16:42:14 -0300] "GET /cormun/servlet/hpexe_return? HTTP/1.1" 200 1013
186.103.159.204 - - [06/Mar/2017:16:42:14 -0300] "GET /cormun/servlet/solicitudot?fab431af7cba2aeb87d9024b72c9c65d2e8584df796583a5321699d4166c9e8278b8a0bfd5d0efae1aa105e535c929d09814f3462821d3bfde979417b91c972f29b4930be5d6defb775ee92845445a6e26f70d3a4cf09428793903de3659a2a7a6b4a1f3787c6b919689773eed1d2e35eb60b21510ea9b98b541c353bd98a54ba3c444e4dcba5a3545eb2921cce5f59e4857571332208bc906d92f33a87ab1874db2664ecadf62554c900d7f7769320f,gx-no-cache=1488829403500 HTTP/1.1" 200 30
186.103.159.204 - - [06/Mar/2017:16:42:14 -0300] "POST /cormun/servlet/solicitudot?aa73707e3ba2d4284873a3b27707964b,INS,0,0,,gx-no-cache=1488829403592 HTTP/1.1" 200 11457
192.168.10.89 - - [06/Mar/2017:16:42:15 -0300] "GET /cormun/servlet/trsolicitudgral? HTTP/1.1" 200 10297
192.168.10.96 - - [06/Mar/2017:16:42:18 -0300] "POST /cormun/servlet/trsolicitudgral?14128f254516019eb5ded9481e87198f,,gx-no-cache=1488832622513 HTTP/1.1" 200 7015
192.168.10.89 - - [06/Mar/2017:16:42:20 -0300] "GET /cormun/servlet/solicitudgral?UPD,2017,4995, HTTP/1.1" 200 12167
192.168.10.96 - - [06/Mar/2017:16:42:22 -0300] "POST /cormun/servlet/trsolicitudgral?14128f254516019eb5ded9481e87198f,,gx-no-cache=1488832627056 HTTP/1.1" 200 8604
192.168.10.89 - - [06/Mar/2017:16:42:23 -0300] "POST /cormun/servlet/solicitudgral?gx-no-cache=1488832627706 HTTP/1.1" 200 3172
192.168.10.89 - - [06/Mar/2017:16:42:23 -0300] "GET /cormun/servlet/solicitudgral?3f8d4cdaf2e9d0a25ce2f9905a675701cc1aa34aedaa146561129b5aa2e072dfc6f2fee303e04773538501818fabbab2190ea5bdb24445e342aa47fc0e5ab5f27b32f90bea8d9ef8b70f7eed3afebfbda4b92c4e1262beb0777cc81de7a2e304ffd3693203ca5acb1d8159418e66880c28e3e94b26f983df066b7e0ff127900789bef717509800e3c745be8db035c4b9c5a362f20fe1875dfdd9123a1e364dde08651b6ef51108aee4ed486ebf6f20cfb0d137b453e6f5d482225ee5b5bde1acf30b87710f118371301cc17eea24b926b9f75bc9afd9b29178a3ce20f032e85602af9461cf13ba9dafa0c6964c2bc6d78694dc4841dcf8f376e1d788560e3327a9b2d08090b2f1d50e2dcdb54764c4e1f38824bd906efbe6a44ccd1dad215aaeb5ef8e4084c698101c7e4c26314c18326dde690c2bbb36136fe3cc79503ed8fffa154e10e5b5657f26bcfc8642339690,gx-no-cache=1488832627933 HTTP/1.1" 200 257
192.168.10.89 - - [06/Mar/2017:16:42:33 -0300] "GET /cormun/servlet/solicitudgral?3f8d4cdaf2e9d0a25ce2f9905a6757016c1747b8b3694884919a0c97584373ff1e90c8fa72865a43a11e9e0379249da0bf3185455bae52fcc2948a9dbbb6c676c78c80ea70484f8c5b3bb5dac573212619ff50269972598af9ecca4d1ea6ba2812f7c5a7f86bbb1d5c9dad6c0203fd59a9eda72beb4a92a854f1c35e4ddd1f600942c48c1da9944e27a83e73447695e89192b946a8e314095b5703b41cf3589efe9c942407822ba8ac805d48be40e2e31e7c9b290b75df37474cc8329c51e6a5262461fd92ebdc537071faf436703b6518ebb253173fa5c3976254b774a49d197c692b4415348a1007d954bc02e191e9d5a5debfdab391115aaf082575dbc613a6d99ee722ab8e068461a043f2192f6fc76b7ffba9c3a5513bbbbe39ea5ca170df84b298aa38bc8253d3321c33b175636134cfe267ff13c00838a92eb136004a5e3c2d7f9cfa3c1494b28a86330b5e8273c3e5770fc066982a86063868b9ba46651c83197c1d571d638702d7d6b7a674499ba72fcb33a7e097cd268a86ee9964a015002fe7e2a0538f21110dac66d1e2cf10692eb698c2ad6e37a7a9d8f770e5e762009dd8436297af6524b1d700ecce71a94c1f6c8558542042dc1eadff514106dd2cc9f46fd47ee0f1b8308fce3b503c6e429251394eb52f7978c3fe7d030e6dc2ef23b4ecf212273ef94d9d0b624c74e1748291a562092f823ff2d92af25b351fe802b7768926c71ef6b69e9fe3a4ad1d8290968b54b1d9c9322be448e7bcc22f9df6975003fee96f9103d01126cc,gx-no-cache=1488832638414 HTTP/1.1" 200 48
192.168.10.89 - - [06/Mar/2017:16:42:34 -0300] "POST /cormun/servlet/solicitudgral?ebb55a6bbb3ef19d0d6218ea0569e38b,UPD,2017,4995,,gx-no-cache=1488832638455 HTTP/1.1" 200 10546
192.168.10.89 - - [06/Mar/2017:16:42:34 -0300] "GET /cormun/servlet/solicitudgral?3f8d4cdaf2e9d0a25ce2f9905a6757012b73d8636f9b2ad544f3d4838d084103db4722d08aed96f8fa2a24321cb7905f5e39b55f0cecfb232179e549eff471804d158f352a0783275f90ea263cc20b4b3e068eb9153d2e8d965b7c38f8a8f26ca3ecb9d22c3697bbed68a4699fb6188ce9a42ff0959a99f34866080185db58465b6135c47d349913d39c5b32c4e1745cc71246ed664529585a473ea3ee15f0a2,gx-no-cache=1488832638729 HTTP/1.1" 200 29
192.168.10.89 - - [06/Mar/2017:16:42:34 -0300] "POST /cormun/servlet/solicitudgral?gx-no-cache=1488832638753 HTTP/1.1" 200 1249
192.168.10.89 - - [06/Mar/2017:16:42:34 -0300] "POST /cormun/servlet/solicitudgral?gx-no-cache=1488832638790 HTTP/1.1" 200 1155
192.168.10.89 - - [06/Mar/2017:16:42:34 -0300] "POST /cormun/servlet/solicitudgral?ebb55a6bbb3ef19d0d6218ea0569e38b,UPD,2017,4995,,gx-no-cache=1488832638830 HTTP/1.1" 200 93
192.168.10.89 - - [06/Mar/2017:16:42:34 -0300] "GET /cormun/servlet/hpexe_return? HTTP/1.1" 200 1013
192.168.10.89 - - [06/Mar/2017:16:42:35 -0300] "GET /cormun/servlet/trsolicitudgral HTTP/1.1" 200 10313
186.103.159.204 - - [06/Mar/2017:16:42:41 -0300] "GET /cormun/servlet/solicitudot?fab431af7cba2aeb87d9024b72c9c65d2e8584df796583a5321699d4166c9e8278b8a0bfd5d0efae1aa105e535c929d09814f3462821d3bfde979417b91c972f29b4930be5d6defb775ee92845445a6e26f70d3a4cf09428793903de3659a2a7a6b4a1f3787c6b919689773eed1d2e35eb60b21510ea9b98b541c353bd98a54ba3c444e4dcba5a3545eb2921cce5f59e4857571332208bc906d92f33a87ab187229e3251b6b1d59ca8a311455d97b3a9,gx-no-cache=1488829429908 HTTP/1.1" 200 30
186.103.159.204 - - [06/Mar/2017:16:42:44 -0300] "POST /cormun/servlet/solicitudot?aa73707e3ba2d4284873a3b27707964b,INS,0,0,,gx-no-cache=1488829433482 HTTP/1.1" 200 11495
186.103.159.204 - - [06/Mar/2017:16:43:19 -0300] "GET /cormun/servlet/solicitudot?fab431af7cba2aeb87d9024b72c9c65d2e8584df796583a5321699d4166c9e8278b8a0bfd5d0efae1aa105e535c929d09814f3462821d3bfde979417b91c972f29b4930be5d6defb775ee92845445a6e26f70d3a4cf09428793903de3659a2a7a6b4a1f3787c6b919689773eed1d2e35eb60b21510ea9b98b541c353bd98a54ba3c444e4dcba5a3545eb2921cce5f59e4857571332208bc906d92f33a87ab18799fc990c08b32b5eee2969e8ce524117,gx-no-cache=1488829467833 HTTP/1.1" 200 30
186.103.159.204 - - [06/Mar/2017:16:43:22 -0300] "POST /cormun/servlet/solicitudot?aa73707e3ba2d4284873a3b27707964b,INS,0,0,,gx-no-cache=1488829471217 HTTP/1.1" 200 11559
192.168.10.96 - - [06/Mar/2017:16:43:22 -0300] "POST /cormun/servlet/trsolicitudgral?14128f254516019eb5ded9481e87198f,,gx-no-cache=1488832687261 HTTP/1.1" 200 7015
192.168.10.96 - - [06/Mar/2017:16:43:27 -0300] "POST /cormun/servlet/trsolicitudgral?14128f254516019eb5ded9481e87198f,,gx-no-cache=1488832691911 HTTP/1.1" 200 7096
192.168.10.96 - - [06/Mar/2017:16:43:32 -0300] "POST /cormun/servlet/trsolicitudgral?14128f254516019eb5ded9481e87198f,,gx-no-cache=1488832696271 HTTP/1.1" 200 20768
192.168.10.89 - - [06/Mar/2017:16:43:33 -0300] "POST /cormun/servlet/trsolicitudgral?ebb55a6bbb3ef19d0d6218ea0569e38b,gx-no-cache=1488832697606 HTTP/1.1" 200 6702
192.168.10.89 - - [06/Mar/2017:16:43:36 -0300] "GET /cormun/servlet/solicitudgral2?UPD,2017,4994, HTTP/1.1" 200 12287
192.168.10.89 - - [06/Mar/2017:16:43:36 -0300] "GET /cormun/static/gxcfg.js?201711313564933 HTTP/1.1" 304 -
192.168.10.89 - - [06/Mar/2017:16:43:36 -0300] "GET /cormun/static/solicitudgral2.js?201711313564991 HTTP/1.1" 304 -
192.168.10.89 - - [06/Mar/2017:16:43:38 -0300] "POST /cormun/servlet/solicitudgral2?gx-no-cache=1488832703092 HTTP/1.1" 200 3156
192.168.10.89 - - [06/Mar/2017:16:43:38 -0300] "GET /cormun/servlet/solicitudgral2?3f8d4cdaf2e9d0a25ce2f9905a675701cc1aa34aedaa146561129b5aa2e072dfc6f2fee303e04773538501818fabbab2190ea5bdb24445e342aa47fc0e5ab5f27b32f90bea8d9ef8b70f7eed3afebfbd62d1ded920e3f3de967b66afe5f2c5b2ffd3693203ca5acb1d8159418e66880c28e3e94b26f983df066b7e0ff127900789bef717509800e3c745be8db035c4b9c5a362f20fe1875dfdd9123a1e364dde08651b6ef51108aee4ed486ebf6f20cfb0d137b453e6f5d482225ee5b5bde1acf30b87710f118371301cc17eea24b926b9f75bc9afd9b29178a3ce20f032e85602af9461cf13ba9dafa0c6964c2bc6d78694dc4841dcf8f376e1d788560e3327a9b2d08090b2f1d50e2dcdb54764c4e1f38824bd906efbe6a44ccd1dad215aaeb5ef8e4084c698101c7e4c26314c18326dde690c2bbb36136fe3cc79503ed8fffa154e10e5b5657f26bcfc8642339690,gx-no-cache=1488832703299 HTTP/1.1" 200 258
192.168.10.89 - - [06/Mar/2017:16:43:38 -0300] "POST /cormun/servlet/solicitudgral2?gx-no-cache=1488832703332 HTTP/1.1" 200 1353
192.168.10.89 - - [06/Mar/2017:16:43:38 -0300] "GET /cormun/servlet/solicitudgral2?3f8d4cdaf2e9d0a25ce2f9905a675701d2e4850969f015177a86f26879283ba2c4e6c73a7c4b6906757ce15c23627a78190ea5bdb24445e342aa47fc0e5ab5f2c670291b3bb22959c4b31031492958b82992cffe582c87370fe7d669db1442bc0c91bb1c1c68bbe95a4215d42066b318,gx-no-cache=1488832703377 HTTP/1.1" 200 41
192.168.10.89 - - [06/Mar/2017:16:43:49 -0300] "POST /cormun/servlet/solicitudgral2?ebb55a6bbb3ef19d0d6218ea0569e38b,UPD,2017,4994,,gx-no-cache=1488832713461 HTTP/1.1" 200 10572
192.168.10.89 - - [06/Mar/2017:16:43:51 -0300] "GET /cormun/servlet/solicitudgral2?3f8d4cdaf2e9d0a25ce2f9905a6757012b73d8636f9b2ad544f3d4838d084103db4722d08aed96f8fa2a24321cb7905f5e39b55f0cecfb232179e549eff471804d158f352a0783275f90ea263cc20b4b3e068eb9153d2e8d965b7c38f8a8f26ca3ecb9d22c3697bbed68a4699fb6188ce9a42ff0959a99f34866080185db58465b6135c47d349913d39c5b32c4e1745cc71246ed664529585a473ea3ee15f0a2,gx-no-cache=1488832716065 HTTP/1.1" 200 29
192.168.10.89 - - [06/Mar/2017:16:43:51 -0300] "POST /cormun/servlet/solicitudgral2?gx-no-cache=1488832716109 HTTP/1.1" 200 1250
192.168.10.89 - - [06/Mar/2017:16:43:51 -0300] "POST /cormun/servlet/solicitudgral2?gx-no-cache=1488832716153 HTTP/1.1" 200 1153
192.168.10.89 - - [06/Mar/2017:16:43:52 -0300] "GET /cormun/servlet/solicitudgral2?3f8d4cdaf2e9d0a25ce2f9905a675701a6906b413c14875bf1027a9300bfa8aac69a129ecd95505c724bd647a7c4b705852273acde2edac2480c6a3b6e1e50de8df5c208d9ded4e8c454814e752646456b1c294f6b5078fdb67770462296bf5a60319a8f128a9631924e5a7d34b60d2a8e930a02d4c7b5ad7452e1ec3bf35bd2,gx-no-cache=1488832717463 HTTP/1.1" 200 30
192.168.10.89 - - [06/Mar/2017:16:43:56 -0300] "POST /cormun/servlet/solicitudgral2?ebb55a6bbb3ef19d0d6218ea0569e38b,UPD,2017,4994,,gx-no-cache=1488832721209 HTTP/1.1" 200 93
192.168.10.89 - - [06/Mar/2017:16:43:56 -0300] "GET /cormun/servlet/hpexe_return? HTTP/1.1" 200 1034
192.168.10.89 - - [06/Mar/2017:16:43:58 -0300] "GET /cormun/servlet/trsolicitudgral?gx-no-cache=1488832697606 HTTP/1.1" 200 10008
186.103.159.204 - - [06/Mar/2017:16:44:03 -0300] "GET /cormun/servlet/solicitudot?fab431af7cba2aeb87d9024b72c9c65d2e8584df796583a5321699d4166c9e8278b8a0bfd5d0efae1aa105e535c929d09814f3462821d3bfde979417b91c972f29b4930be5d6defb775ee92845445a6e26f70d3a4cf09428793903de3659a2a7a6b4a1f3787c6b919689773eed1d2e35eb60b21510ea9b98b541c353bd98a54ba3c444e4dcba5a3545eb2921cce5f59e4857571332208bc906d92f33a87ab1871b9bbc891ad764b51982e99dd3d4ea40,gx-no-cache=1488829512710 HTTP/1.1" 200 30
186.103.159.204 - - [06/Mar/2017:16:44:08 -0300] "POST /cormun/servlet/solicitudot?aa73707e3ba2d4284873a3b27707964b,INS,0,0,,gx-no-cache=1488829517388 HTTP/1.1" 200 11610
186.79.147.143 - - [06/Mar/2017:16:45:04 -0300] "GET /cormun/servlet/hlogin HTTP/1.1" 200 1720
186.79.147.143 - - [06/Mar/2017:16:45:04 -0300] "GET /cormun/static/gxtimezone.js?85251 HTTP/1.1" 304 -
186.79.147.143 - - [06/Mar/2017:16:45:04 -0300] "GET /cormun/static/gxcfg.js?201612216162538 HTTP/1.1" 304 -
186.79.147.143 - - [06/Mar/2017:16:45:04 -0300] "GET /cormun/static/messages.spa.js?85251 HTTP/1.1" 304 -
186.79.147.143 - - [06/Mar/2017:16:45:05 -0300] "GET /cormun/servlet/hlogin HTTP/1.1" 200 1720
192.168.10.96 - - [06/Mar/2017:16:45:06 -0300] "POST /cormun/servlet/trsolicitudgral?14128f254516019eb5ded9481e87198f,,gx-no-cache=1488832790311 HTTP/1.1" 200 14098
186.79.147.143 - - [06/Mar/2017:16:45:13 -0300] "POST /cormun/servlet/hlogin?5b67e4108afe0afc6073ca936cae3991,gx-no-cache=1488829446675 HTTP/1.1" 200 90
186.79.147.143 - - [06/Mar/2017:16:45:13 -0300] "GET /cormun/servlet/hpexe_link HTTP/1.1" 200 951
186.79.147.143 - - [06/Mar/2017:16:45:13 -0300] "GET /cormun/static/Resources/Spanish/PXTools.css?18365030 HTTP/1.1" 304 -
186.79.147.143 - - [06/Mar/2017:16:45:13 -0300] "GET /cormun/static/gxcfg.js?201612218515529 HTTP/1.1" 304 -
186.79.147.143 - - [06/Mar/2017:16:45:13 -0300] "GET /cormun/static/hpexe_link.js?201612218515532 HTTP/1.1" 304 -
186.79.147.143 - - [06/Mar/2017:16:45:13 -0300] "GET /cormun/servlet/hhome HTTP/1.1" 200 3784
186.79.147.143 - - [06/Mar/2017:16:45:13 -0300] "GET /cormun/static/gxcfg.js?201612218515568 HTTP/1.1" 304 -
186.79.147.143 - - [06/Mar/2017:16:45:13 -0300] "GET /cormun/static/hhome.js?201612218515573 HTTP/1.1" 304 -
186.79.147.143 - - [06/Mar/2017:16:45:13 -0300] "GET /cormun/static/hwchdr01.js?201612218432057 HTTP/1.1" 304 -
186.79.147.143 - - [06/Mar/2017:16:45:13 -0300] "GET /cormun/static/hpexe_recentlink.js?201610171694390 HTTP/1.1" 304 -
186.79.147.143 - - [06/Mar/2017:16:45:13 -0300] "GET /cormun/static/hpexe_scripts.js?201612218432016 HTTP/1.1" 304 -
186.79.147.143 - - [06/Mar/2017:16:45:13 -0300] "GET /cormun/static/hpexe_messagecontroller.js?201610171694323 HTTP/1.1" 304 -
186.79.147.143 - - [06/Mar/2017:16:45:13 -0300] "GET /cormun/static/hpexe_messagepopupcomponent.js?20161017169425 HTTP/1.1" 304 -
186.79.147.143 - - [06/Mar/2017:16:45:13 -0300] "GET /cormun/static/hpexe_messagegenexuscomponent.js?201612218431816 HTTP/1.1" 304 -
186.79.147.143 - - [06/Mar/2017:16:45:13 -0300] "GET /cormun/static/cmcontrolpreferences.js?201612218431999 HTTP/1.1" 304 -
186.79.147.143 - - [06/Mar/2017:16:45:14 -0300] "GET /cormun/static/hmpwkw03.js?20161221852152 HTTP/1.1" 304 -
186.79.147.143 - - [06/Mar/2017:16:45:15 -0300] "GET /cormun/servlet/hhome HTTP/1.1" 200 3781
192.168.10.96 - - [06/Mar/2017:16:45:17 -0300] "POST /cormun/servlet/trsolicitudgral?14128f254516019eb5ded9481e87198f,,gx-no-cache=1488832801912 HTTP/1.1" 200 7457
186.79.147.143 - - [06/Mar/2017:16:45:18 -0300] "GET /cormun/servlet/trsolicitudot? HTTP/1.1" 200 6741
186.79.147.143 - - [06/Mar/2017:16:45:18 -0300] "GET /cormun/static/gxcfg.js?20171191044697 HTTP/1.1" 304 -
186.79.147.143 - - [06/Mar/2017:16:45:18 -0300] "GET /cormun/static/trsolicitudot.js?20171191045625 HTTP/1.1" 304 -
186.79.147.143 - - [06/Mar/2017:16:45:20 -0300] "GET /cormun/servlet/trsolicitudot? HTTP/1.1" 200 6740
192.168.10.96 - - [06/Mar/2017:16:45:23 -0300] "POST /cormun/servlet/trsolicitudgral?14128f254516019eb5ded9481e87198f,,gx-no-cache=1488832808247 HTTP/1.1" 200 8530
192.168.10.96 - - [06/Mar/2017:16:45:30 -0300] "POST /cormun/servlet/trsolicitudgral?14128f254516019eb5ded9481e87198f,,gx-no-cache=1488832814375 HTTP/1.1" 200 9372
186.79.147.143 - - [06/Mar/2017:16:45:46 -0300] "GET /cormun/servlet/solicitudot?INS,0,0, HTTP/1.1" 200 12588
186.79.147.143 - - [06/Mar/2017:16:45:46 -0300] "GET /cormun/static/gxcfg.js?20171191042720 HTTP/1.1" 304 -
186.79.147.143 - - [06/Mar/2017:16:45:46 -0300] "GET /cormun/static/solicitudot.js?2017119104297 HTTP/1.1" 304 -
186.79.147.143 - - [06/Mar/2017:16:45:47 -0300] "GET /cormun/servlet/solicitudot?INS,0,0, HTTP/1.1" 200 12592
186.79.147.143 - - [06/Mar/2017:16:45:58 -0300] "GET /cormun/servlet/prfichaempleado?,MD,,gxPopupLevel%3D0%3B HTTP/1.1" 200 8842
186.79.147.143 - - [06/Mar/2017:16:45:59 -0300] "GET /cormun/static/gxcfg.js?2016102420561687 HTTP/1.1" 304 -
186.79.147.143 - - [06/Mar/2017:16:45:59 -0300] "GET /cormun/static/prfichaempleado.js?201610242056198 HTTP/1.1" 304 -
186.79.147.143 - - [06/Mar/2017:16:45:59 -0300] "GET /cormun/static/menusearch.js?201610171694467 HTTP/1.1" 304 -
186.79.147.143 - - [06/Mar/2017:16:45:59 -0300] "GET /cormun/static/hmpwkw011.js?201612218515582 HTTP/1.1" 304 -
186.79.147.143 - - [06/Mar/2017:16:46:15 -0300] "POST /cormun/servlet/prfichaempleado?5b67e4108afe0afc6073ca936cae3991,,MD,,gxPopupLevel%3D0%3B,gx-no-cache=1488829508446 HTTP/1.1" 200 3393
192.168.10.96 - - [06/Mar/2017:16:46:19 -0300] "POST /cormun/servlet/trsolicitudgral?14128f254516019eb5ded9481e87198f,,gx-no-cache=1488832863659 HTTP/1.1" 200 7458
186.79.147.143 - - [06/Mar/2017:16:46:25 -0300] "POST /cormun/servlet/solicitudot?gx-no-cache=1488829519146 HTTP/1.1" 200 3171
192.168.10.96 - - [06/Mar/2017:16:46:25 -0300] "POST /cormun/servlet/trsolicitudgral?14128f254516019eb5ded9481e87198f,,gx-no-cache=1488832870139 HTTP/1.1" 200 8529
186.79.147.143 - - [06/Mar/2017:16:46:26 -0300] "POST /cormun/servlet/solicitudot?5b67e4108afe0afc6073ca936cae3991,INS,0,0,,gx-no-cache=1488829519668 HTTP/1.1" 200 9764
186.79.147.143 - - [06/Mar/2017:16:46:32 -0300] "GET /cormun/servlet/solicitudot?e1360461de27c7472cef9687852a8056bf1283432f5860b6c4ce254dae25248cf4c0d61fb5e996b24604f1935efbb2b9,gx-no-cache=1488829526229 HTTP/1.1" 200 30
186.79.147.143 - - [06/Mar/2017:16:46:32 -0300] "POST /cormun/servlet/solicitudot?gx-no-cache=1488829526367 HTTP/1.1" 200 255
192.168.10.96 - - [06/Mar/2017:16:46:32 -0300] "POST /cormun/servlet/trsolicitudgral?14128f254516019eb5ded9481e87198f,,gx-no-cache=1488832877023 HTTP/1.1" 200 14097
186.79.147.143 - - [06/Mar/2017:16:46:32 -0300] "GET /cormun/servlet/solicitudot?e1360461de27c7472cef9687852a8056d2f6078f8e2defea1113772306e0e215e4392c410aa62bb80b8144f9ff36d6901f0a2c15f8ac10ff45d6b6095d3f4b3a17b26a085a3764d1e5634c377b30340f514d0c3f19f0cc2d75da72e3669b007549acf69c185a234de1525650310be17ef02a67a01f38827e74a885d80d6802aa2a0109bfd2c80947f8cf40dc6a3c0a8ae55e740386c80e57ec31940e8accb31d3e528876f424c1cd9f7eb74936494fdec56726b781c13859671d8542a63506fbab8955b28acb1ef5e18d1e44a5ab3ea2b823de6d74d1bfaa6911fe67c83a197fb504e69c27ed1eaa85b8282f290dad6e0900889c27bebce0efff786f7867140990f395072a8bacd8d52c14cda80f33c080c17dc03fb01ac49233cc1500bf6cb2d105dc0ee74544df08d0222d2b78d1de958c2c8bd77f40b919e6b7ffd43b951b240acb6cb419f115219a25fd4af864bf06b8e0fc10b374845dcc217035578628f82d4ba038f187c2ad7d173a856b9c0897927937cbfee4c97cea5085dc941e28,gx-no-cache=1488829526501 HTTP/1.1" 200 30
186.79.147.143 - - [06/Mar/2017:16:46:41 -0300] "POST /cormun/servlet/solicitudot?gx-no-cache=1488829535509 HTTP/1.1" 200 30
186.79.147.143 - - [06/Mar/2017:16:46:44 -0300] "GET /cormun/servlet/prcontratosol?15996249,,,,,MD,,gxPopupLevel%3D0%3B HTTP/1.1" 200 5936
186.79.147.143 - - [06/Mar/2017:16:46:44 -0300] "GET /cormun/static/gxcfg.js?2016102711553248 HTTP/1.1" 200 953
186.79.147.143 - - [06/Mar/2017:16:46:44 -0300] "GET /cormun/static/Resources/PXToolsGridFirst.gif HTTP/1.1" 200 379
186.79.147.143 - - [06/Mar/2017:16:46:44 -0300] "GET /cormun/static/Resources/PXToolsGridPrevious.gif HTTP/1.1" 200 369
186.79.147.143 - - [06/Mar/2017:16:46:44 -0300] "GET /cormun/static/Resources/PXToolsGridNext.gif HTTP/1.1" 200 369
186.79.147.143 - - [06/Mar/2017:16:46:44 -0300] "GET /cormun/static/Resources/PXToolsGridLast.gif HTTP/1.1" 200 370
186.79.147.143 - - [06/Mar/2017:16:46:44 -0300] "GET /cormun/static/prcontratosol.js?2016102711553411 HTTP/1.1" 200 14084
186.103.159.204 - - [06/Mar/2017:16:46:52 -0300] "GET /cormun/servlet/solicitudot?fab431af7cba2aeb87d9024b72c9c65d2e8584df796583a5321699d4166c9e8278b8a0bfd5d0efae1aa105e535c929d09814f3462821d3bfde979417b91c972f29b4930be5d6defb775ee92845445a6e26f70d3a4cf09428793903de3659a2a7a6b4a1f3787c6b919689773eed1d2e35eb60b21510ea9b98b541c353bd98a54ba3c444e4dcba5a3545eb2921cce5f59e4857571332208bc906d92f33a87ab187ada81c20dec9495cfe90ca028f0e0628,gx-no-cache=1488829681587 HTTP/1.1" 200 30
186.79.147.143 - - [06/Mar/2017:16:46:53 -0300] "POST /cormun/servlet/solicitudot?gx-no-cache=1488829546981 HTTP/1.1" 200 1291
186.79.147.143 - - [06/Mar/2017:16:46:53 -0300] "POST /cormun/servlet/solicitudot?gx-no-cache=1488829547147 HTTP/1.1" 200 38
186.79.147.143 - - [06/Mar/2017:16:46:53 -0300] "GET /cormun/servlet/solicitudot?e1360461de27c7472cef9687852a8056c85d29b51e1f564d588fafd7674de5bf907c6d30a7560a8c0bc4888ac6a5c4556f8df43982a77cd912bc38adbe4124ac808adaedcc78124c21dcca15bcd7499042f1f65eb5caa1d065033a4ceb4ae0350dd89c5490de1dfa0d7fc8524523f75696a7b6bc9663d8a9ad3e059ed6347f6afb53497438da4219c5efc840c349eb4c94a37476e79111ebf10de073a9856219,gx-no-cache=1488829547254 HTTP/1.1" 200 29
186.79.147.143 - - [06/Mar/2017:16:46:53 -0300] "POST /cormun/servlet/solicitudot?gx-no-cache=1488829547338 HTTP/1.1" 200 1274
186.79.147.143 - - [06/Mar/2017:16:46:53 -0300] "POST /cormun/servlet/solicitudot?gx-no-cache=1488829547523 HTTP/1.1" 200 1157
186.79.147.143 - - [06/Mar/2017:16:46:55 -0300] "GET /cormun/servlet/prsolicitudot?15996249,,,,,MD,,gxPopupLevel%3D0%3B HTTP/1.1" 200 6037
186.79.147.143 - - [06/Mar/2017:16:46:55 -0300] "GET /cormun/static/gxcfg.js?20161221854215 HTTP/1.1" 200 953
186.79.147.143 - - [06/Mar/2017:16:46:55 -0300] "GET /cormun/static/prsolicitudot.js?201612218542259 HTTP/1.1" 200 13680
186.103.159.204 - - [06/Mar/2017:16:46:59 -0300] "POST /cormun/servlet/solicitudot?aa73707e3ba2d4284873a3b27707964b,INS,0,0,,gx-no-cache=1488829688347 HTTP/1.1" 200 11675
186.79.147.143 - - [06/Mar/2017:16:47:20 -0300] "POST /cormun/servlet/solicitudot?gx-no-cache=1488829574074 HTTP/1.1" 200 1291
186.79.147.143 - - [06/Mar/2017:16:47:20 -0300] "POST /cormun/servlet/solicitudot?gx-no-cache=1488829574339 HTTP/1.1" 200 38
186.79.147.143 - - [06/Mar/2017:16:47:20 -0300] "POST /cormun/servlet/solicitudot?gx-no-cache=1488829574445 HTTP/1.1" 200 1274
186.79.147.143 - - [06/Mar/2017:16:47:21 -0300] "POST /cormun/servlet/solicitudot?gx-no-cache=1488829574639 HTTP/1.1" 200 1157
186.103.159.204 - - [06/Mar/2017:16:47:26 -0300] "GET /cormun/servlet/solicitudot?fab431af7cba2aeb87d9024b72c9c65d2e8584df796583a5321699d4166c9e8278b8a0bfd5d0efae1aa105e535c929d09814f3462821d3bfde979417b91c972f29b4930be5d6defb775ee92845445a6e26f70d3a4cf09428793903de3659a2a7a6b4a1f3787c6b919689773eed1d2e35eb60b21510ea9b98b541c353bd98a54ba3c444e4dcba5a3545eb2921cce5f59e4857571332208bc906d92f33a87ab187a69bcced34860afa1df995e4ec76998f,gx-no-cache=1488829715487 HTTP/1.1" 200 30
186.79.147.143 - - [06/Mar/2017:16:47:35 -0300] "POST /cormun/servlet/solicitudot?gx-no-cache=1488829589092 HTTP/1.1" 200 1274
186.79.147.143 - - [06/Mar/2017:16:47:35 -0300] "POST /cormun/servlet/solicitudot?gx-no-cache=1488829589292 HTTP/1.1" 200 1157
186.79.147.143 - - [06/Mar/2017:16:47:35 -0300] "GET /cormun/servlet/solicitudot?e1360461de27c7472cef9687852a8056211dd42af4a39417bc4748c8b7df6cb439b64df8c1a29ecab80e54bf353f438cf40c4396231ca8b76840de6fdb9c17ff016bd217e5fe1b2b33fb8bdffda1e87b433f8c9d37c5aef97c8dc32e46b9bb87456f977a4c0fd15c11297bb441bdbee0e041b2d746fe29c64f7664b29ea31f4d2421bd10fcc96c041cf2da0ce2cce6c6e1b91009c7a95884ff3bb7c58c4791b4f62d2ea4be1b33b0e6df1fdeefd8aa2d,gx-no-cache=1488829589509 HTTP/1.1" 200 30
186.103.159.204 - - [06/Mar/2017:16:47:43 -0300] "POST /cormun/servlet/solicitudot?aa73707e3ba2d4284873a3b27707964b,INS,0,0,,gx-no-cache=1488829732642 HTTP/1.1" 200 11727
186.103.159.204 - - [06/Mar/2017:16:47:57 -0300] "GET /cormun/servlet/prcontratosol?13945163,,,,,MD,,gxPopupLevel%3D0%3B HTTP/1.1" 200 5943
186.103.159.204 - - [06/Mar/2017:16:47:58 -0300] "GET /cormun/static/Resources/asc.gif HTTP/1.1" 200 67
186.103.159.204 - - [06/Mar/2017:16:47:58 -0300] "GET /cormun/static/Resources/desc.gif HTTP/1.1" 200 65
186.103.159.204 - - [06/Mar/2017:16:47:58 -0300] "GET /cormun/static/Resources/asc.gif HTTP/1.1" 200 67
186.103.159.204 - - [06/Mar/2017:16:47:58 -0300] "GET /cormun/static/Resources/desc.gif HTTP/1.1" 200 65
186.103.159.204 - - [06/Mar/2017:16:47:58 -0300] "GET /cormun/static/Resources/asc.gif HTTP/1.1" 200 67
186.103.159.204 - - [06/Mar/2017:16:47:58 -0300] "GET /cormun/static/Resources/desc.gif HTTP/1.1" 200 65
186.103.159.204 - - [06/Mar/2017:16:47:58 -0300] "GET /cormun/static/Resources/asc.gif HTTP/1.1" 200 67
186.103.159.204 - - [06/Mar/2017:16:48:07 -0300] "POST /cormun/servlet/solicitudot?gx-no-cache=1488829755901 HTTP/1.1" 200 30
186.103.159.204 - - [06/Mar/2017:16:48:07 -0300] "POST /cormun/servlet/solicitudot?gx-no-cache=1488829755962 HTTP/1.1" 200 1291
186.103.159.204 - - [06/Mar/2017:16:48:07 -0300] "POST /cormun/servlet/solicitudot?gx-no-cache=1488829756241 HTTP/1.1" 200 41
186.79.147.143 - - [06/Mar/2017:16:48:07 -0300] "POST /cormun/servlet/solicitudot?5b67e4108afe0afc6073ca936cae3991,INS,0,0,,gx-no-cache=1488829620496 HTTP/1.1" 200 93
186.79.147.143 - - [06/Mar/2017:16:48:07 -0300] "GET /cormun/servlet/hpexe_return? HTTP/1.1" 200 1005
186.103.159.204 - - [06/Mar/2017:16:48:07 -0300] "POST /cormun/servlet/solicitudot?gx-no-cache=1488829756422 HTTP/1.1" 200 1275
186.79.147.143 - - [06/Mar/2017:16:48:07 -0300] "GET /cormun/static/gxcfg.js?2016101716175148 HTTP/1.1" 304 -
186.103.159.204 - - [06/Mar/2017:16:48:07 -0300] "POST /cormun/servlet/solicitudot?gx-no-cache=1488829756479 HTTP/1.1" 200 1157
186.79.147.143 - - [06/Mar/2017:16:48:07 -0300] "GET /cormun/static/hpexe_return.js?2016101716175153 HTTP/1.1" 304 -
186.79.147.143 - - [06/Mar/2017:16:48:07 -0300] "GET /cormun/servlet/trsolicitudot HTTP/1.1" 200 8032
186.79.147.143 - - [06/Mar/2017:16:48:10 -0300] "GET /cormun/servlet/trsolicitudot HTTP/1.1" 200 8028
186.103.159.204 - - [06/Mar/2017:16:48:11 -0300] "POST /cormun/servlet/solicitudot?aa73707e3ba2d4284873a3b27707964b,INS,0,0,,gx-no-cache=1488829760320 HTTP/1.1" 200 93
186.103.159.204 - - [06/Mar/2017:16:48:11 -0300] "GET /cormun/servlet/hpexe_return? HTTP/1.1" 200 1007
186.103.159.204 - - [06/Mar/2017:16:48:11 -0300] "GET /cormun/servlet/trsolicitudot HTTP/1.1" 200 6954
186.103.159.204 - - [06/Mar/2017:16:48:12 -0300] "GET /cormun/servlet/trsolicitudot HTTP/1.1" 200 6949
186.79.147.143 - - [06/Mar/2017:16:48:17 -0300] "GET /cormun/servlet/solicitudot?INS,0,0, HTTP/1.1" 200 12589
186.79.147.143 - - [06/Mar/2017:16:48:19 -0300] "GET /cormun/servlet/solicitudot?INS,0,0, HTTP/1.1" 200 12594
192.168.10.96 - - [06/Mar/2017:16:48:27 -0300] "POST /cormun/servlet/trsolicitudgral?14128f254516019eb5ded9481e87198f,,gx-no-cache=1488832992160 HTTP/1.1" 200 13829
186.79.147.143 - - [06/Mar/2017:16:48:31 -0300] "GET /cormun/servlet/prfichaempleado?,MD,,gxPopupLevel%3D0%3B HTTP/1.1" 200 8842
192.168.10.96 - - [06/Mar/2017:16:48:33 -0300] "POST /cormun/servlet/trsolicitudgral?14128f254516019eb5ded9481e87198f,,gx-no-cache=1488832997369 HTTP/1.1" 200 9935
192.168.10.89 - - [06/Mar/2017:16:48:33 -0300] "POST /cormun/servlet/trsolicitudgral?ebb55a6bbb3ef19d0d6218ea0569e38b,gx-no-cache=1488832697606,gx-no-cache=1488832998283 HTTP/1.1" 200 6987
192.168.10.96 - - [06/Mar/2017:16:48:37 -0300] "POST /cormun/servlet/trsolicitudgral?14128f254516019eb5ded9481e87198f,,gx-no-cache=1488833001916 HTTP/1.1" 200 7084
192.168.10.89 - - [06/Mar/2017:16:48:42 -0300] "POST /cormun/servlet/trsolicitudgral?ebb55a6bbb3ef19d0d6218ea0569e38b,gx-no-cache=1488832697606,gx-no-cache=1488833007039 HTTP/1.1" 200 115
192.168.10.89 - - [06/Mar/2017:16:48:42 -0300] "GET /cormun/servlet/solicitudotlog?INS,2017,4985,0,REC, HTTP/1.1" 200 6179
192.168.10.96 - - [06/Mar/2017:16:48:42 -0300] "POST /cormun/servlet/trsolicitudgral?14128f254516019eb5ded9481e87198f,,gx-no-cache=1488833007082 HTTP/1.1" 200 7117
192.168.10.89 - - [06/Mar/2017:16:48:44 -0300] "GET /cormun/servlet/solicitudotlog?3f8d4cdaf2e9d0a25ce2f9905a67570105266a61def01fbd94b4d9f07f33d5847f4f0f0ac616b56612ede88abd1826d5f026852352d901cb5f1179591b61ffe3c3d03dc316c6b0fd19f3082467246d951ad133be23fadefa969e3e806c093aac91eec9bbd07719a69112c71026f9d06c6359cbca53aaadaa8f5aff01148dc4b14d2d6a41dcea3b4cc41838d4771fd4f75499dd17e2126e51647a0914b49d45a0,gx-no-cache=1488833009399 HTTP/1.1" 200 94
186.79.147.143 - - [06/Mar/2017:16:48:45 -0300] "POST /cormun/servlet/prfichaempleado?5b67e4108afe0afc6073ca936cae3991,,MD,,gxPopupLevel%3D0%3B,gx-no-cache=1488829658497 HTTP/1.1" 200 3389
192.168.10.96 - - [06/Mar/2017:16:48:47 -0300] "POST /cormun/servlet/trsolicitudgral?14128f254516019eb5ded9481e87198f,,gx-no-cache=1488833011728 HTTP/1.1" 200 7084
192.168.10.89 - - [06/Mar/2017:16:48:48 -0300] "POST /cormun/servlet/solicitudotlog?ebb55a6bbb3ef19d0d6218ea0569e38b,INS,2017,4985,0,REC,,gx-no-cache=1488833012610 HTTP/1.1" 200 93
192.168.10.89 - - [06/Mar/2017:16:48:48 -0300] "GET /cormun/servlet/hpexe_return? HTTP/1.1" 200 1042
192.168.10.89 - - [06/Mar/2017:16:48:49 -0300] "GET /cormun/servlet/trsolicitudgral?gx-no-cache=1488832697606 HTTP/1.1" 200 9998
192.168.10.96 - - [06/Mar/2017:16:48:52 -0300] "POST /cormun/servlet/trsolicitudgral?14128f254516019eb5ded9481e87198f,,gx-no-cache=1488833016394 HTTP/1.1" 200 9935
192.168.10.96 - - [06/Mar/2017:16:48:53 -0300] "POST /cormun/servlet/trsolicitudgral?14128f254516019eb5ded9481e87198f,,gx-no-cache=1488833017720 HTTP/1.1" 200 9933
192.168.10.89 - - [06/Mar/2017:16:48:53 -0300] "GET /cormun/servlet/solicitudgral2?UPD,2017,4986, HTTP/1.1" 200 12370
192.168.10.89 - - [06/Mar/2017:16:48:55 -0300] "POST /cormun/servlet/solicitudgral2?gx-no-cache=1488833019892 HTTP/1.1" 200 3197
192.168.10.89 - - [06/Mar/2017:16:48:55 -0300] "GET /cormun/servlet/solicitudgral2?3f8d4cdaf2e9d0a25ce2f9905a675701cc1aa34aedaa146561129b5aa2e072dfc6f2fee303e04773538501818fabbab2190ea5bdb24445e342aa47fc0e5ab5f27b32f90bea8d9ef8b70f7eed3afebfbda4b92c4e1262beb0777cc81de7a2e304ffd3693203ca5acb1d8159418e66880c28e3e94b26f983df066b7e0ff127900789bef717509800e3c745be8db035c4b9c5a362f20fe1875dfdd9123a1e364dde08651b6ef51108aee4ed486ebf6f20cfb0d137b453e6f5d482225ee5b5bde1acf30b87710f118371301cc17eea24b926b9f75bc9afd9b29178a3ce20f032e85602af9461cf13ba9dafa0c6964c2bc6d78694dc4841dcf8f376e1d788560e3327a9b2d08090b2f1d50e2dcdb54764c4e1f38824bd906efbe6a44ccd1dad215aaeb5ef8e4084c698101c7e4c26314c18326dde690c2bbb36136fe3cc79503ed8fffa154e10e5b5657f26bcfc8642339690,gx-no-cache=1488833020120 HTTP/1.1" 200 257
192.168.10.89 - - [06/Mar/2017:16:48:55 -0300] "POST /cormun/servlet/solicitudgral2?gx-no-cache=1488833020155 HTTP/1.1" 200 1354
192.168.10.89 - - [06/Mar/2017:16:48:55 -0300] "GET /cormun/servlet/solicitudgral2?3f8d4cdaf2e9d0a25ce2f9905a675701d2e4850969f015177a86f26879283ba2c4e6c73a7c4b6906757ce15c23627a78190ea5bdb24445e342aa47fc0e5ab5f2c670291b3bb22959c4b31031492958b82992cffe582c87370fe7d669db1442bc0c91bb1c1c68bbe95a4215d42066b318,gx-no-cache=1488833020200 HTTP/1.1" 200 41
192.168.10.89 - - [06/Mar/2017:16:48:57 -0300] "POST /cormun/servlet/solicitudgral2?ebb55a6bbb3ef19d0d6218ea0569e38b,UPD,2017,4986,,gx-no-cache=1488833022407 HTTP/1.1" 200 10623
186.103.159.183 - - [06/Mar/2017:16:48:58 -0300] "GET /cormun/servlet/hlogin HTTP/1.1" 200 1717
186.103.159.183 - - [06/Mar/2017:16:48:59 -0300] "GET /cormun/static/gxcfg.js?201612216162538 HTTP/1.1" 200 953
186.103.159.183 - - [06/Mar/2017:16:48:59 -0300] "GET /cormun/static/gxtimezone.js?85251 HTTP/1.1" 200 5781
186.103.159.183 - - [06/Mar/2017:16:48:59 -0300] "GET /cormun/static/hlogin.js?201612216162555 HTTP/1.1" 200 2136
186.103.159.183 - - [06/Mar/2017:16:48:59 -0300] "GET /cormun/static/gxgral.js?85251 HTTP/1.1" 200 384558
186.103.159.183 - - [06/Mar/2017:16:48:59 -0300] "GET /cormun/static/messages.spa.js?85251 HTTP/1.1" 200 30736
186.103.159.183 - - [06/Mar/2017:16:48:59 -0300] "GET /cormun/static/Resources/Spanish/PXTools.css?167811 HTTP/1.1" 200 89042
186.103.159.183 - - [06/Mar/2017:16:48:59 -0300] "GET /cormun/static/Resources/ComunLogin.png HTTP/1.1" 200 17326
186.103.159.183 - - [06/Mar/2017:16:49:00 -0300] "GET /cormun/static/Resources/PXToolsButtonRight21.png HTTP/1.1" 200 1283
186.103.159.183 - - [06/Mar/2017:16:49:00 -0300] "GET /cormun/static/Resources/PXToolsLoginBottom.png HTTP/1.1" 200 1389
186.103.159.183 - - [06/Mar/2017:16:49:00 -0300] "GET /cormun/static/Resources/PXToolsButtonBackground2.png HTTP/1.1" 200 1181
