186.103.157.42 - - [06/Mar/2017:08:07:49 -0300] "GET /cormun/static/gxcfg.js?201612216162538 HTTP/1.1" 304 -
186.103.157.42 - - [06/Mar/2017:08:07:49 -0300] "GET /cormun/static/messages.spa.js?85251 HTTP/1.1" 304 -
186.103.157.42 - - [06/Mar/2017:08:07:49 -0300] "GET /cormun/static/hlogin.js?201612216162555 HTTP/1.1" 304 -
186.103.157.42 - - [06/Mar/2017:08:07:49 -0300] "GET /cormun/static/Resources/PXToolsLoginTop.png HTTP/1.1" 304 -
186.103.157.42 - - [06/Mar/2017:08:07:49 -0300] "GET /cormun/static/Resources/PXToolsButtonLeft21.png HTTP/1.1" 304 -
186.103.157.42 - - [06/Mar/2017:08:07:49 -0300] "GET /cormun/static/Resources/PXToolsButtonRight21.png HTTP/1.1" 304 -
186.103.157.42 - - [06/Mar/2017:08:07:49 -0300] "GET /cormun/static/Resources/ComunLogin.png HTTP/1.1" 304 -
186.103.157.42 - - [06/Mar/2017:08:07:49 -0300] "GET /cormun/static/Resources/PXToolsLoginBackground.png HTTP/1.1" 304 -
186.103.157.42 - - [06/Mar/2017:08:07:49 -0300] "GET /cormun/static/Resources/PXToolsButtonBackground2.png HTTP/1.1" 304 -
186.103.157.42 - - [06/Mar/2017:08:07:49 -0300] "GET /cormun/static/Resources/PXToolsLoginBottom.png HTTP/1.1" 304 -
186.103.157.42 - - [06/Mar/2017:08:07:49 -0300] "GET /cormun/static/Resources/indicator.gif HTTP/1.1" 304 -
186.103.157.42 - - [06/Mar/2017:08:07:49 -0300] "GET /cormun/servlet/hlogin HTTP/1.1" 200 1727
186.79.45.216 - - [06/Mar/2017:08:07:53 -0300] "GET /cormun/servlet/solicitudotadjuntos?INS,2017,5015,,1, HTTP/1.1" 200 5766
186.79.45.216 - - [06/Mar/2017:08:07:54 -0300] "GET /cormun/static/about:blank HTTP/1.1" 404 1011
186.103.157.42 - - [06/Mar/2017:08:07:54 -0300] "POST /cormun/servlet/hlogin?a407c74e98b3b2b3de9298c786d89925,gx-no-cache=1488798558652 HTTP/1.1" 200 90
186.103.157.42 - - [06/Mar/2017:08:07:54 -0300] "GET /cormun/servlet/hpexe_link HTTP/1.1" 200 951
186.103.157.42 - - [06/Mar/2017:08:07:54 -0300] "GET /cormun/static/gxcfg.js?201612218515529 HTTP/1.1" 304 -
186.103.157.42 - - [06/Mar/2017:08:07:54 -0300] "GET /cormun/servlet/hhome HTTP/1.1" 200 4041
186.103.157.42 - - [06/Mar/2017:08:07:54 -0300] "GET /cormun/static/gxcfg.js?201612218515568 HTTP/1.1" 304 -
186.79.45.216 - - [06/Mar/2017:08:07:55 -0300] "GET /cormun/servlet/solicitudotadjuntos?INS,2017,5015,,1, HTTP/1.1" 200 5760
186.103.157.42 - - [06/Mar/2017:08:07:56 -0300] "GET /cormun/servlet/hhome HTTP/1.1" 200 4037
186.79.45.216 - - [06/Mar/2017:08:07:56 -0300] "GET /cormun/servlet/solicitudotadjuntos?fd4eb898f2fa271a9b0af33f70fc555cfc9f1b195edd76ce4aff294aa38aaf7db9e71d32060532526e740ef31f7dcb38,gx-no-cache=1488798547015 HTTP/1.1" 200 30
186.79.45.216 - - [06/Mar/2017:08:07:56 -0300] "POST /cormun/servlet/solicitudotadjuntos?67e03a15639d9d2f95a9db0c51204a37,INS,2017,5015,,1,,gx-no-cache=1488798547124 HTTP/1.1" 200 3633
186.79.45.216 - - [06/Mar/2017:08:08:05 -0300] "POST /cormun/servlet/solicitudotadjuntos?gx-no-cache=1488798556620 HTTP/1.1" 200 26
186.103.157.42 - - [06/Mar/2017:08:08:06 -0300] "GET /cormun/servlet/trsolicitudot? HTTP/1.1" 200 7016
186.103.157.42 - - [06/Mar/2017:08:08:06 -0300] "GET /cormun/static/gxcfg.js?20171191044697 HTTP/1.1" 304 -
186.103.157.42 - - [06/Mar/2017:08:08:07 -0300] "GET /cormun/servlet/trsolicitudot? HTTP/1.1" 200 7016
186.103.157.42 - - [06/Mar/2017:08:08:11 -0300] "GET /cormun/servlet/solicitudot?INS,0,0, HTTP/1.1" 200 12845
186.103.157.42 - - [06/Mar/2017:08:08:11 -0300] "GET /cormun/static/gxcfg.js?20171191042720 HTTP/1.1" 304 -
186.103.157.42 - - [06/Mar/2017:08:08:12 -0300] "GET /cormun/servlet/solicitudot?INS,0,0, HTTP/1.1" 200 12850
186.103.157.42 - - [06/Mar/2017:08:08:21 -0300] "POST /cormun/servlet/solicitudot?gx-no-cache=1488798585436 HTTP/1.1" 200 3218
186.103.157.42 - - [06/Mar/2017:08:08:21 -0300] "GET /cormun/static/Shared/jqueryui/images/ui-bg_highlight-soft_100_c6c2c8_1x100.png HTTP/1.1" 404 1117
186.103.157.42 - - [06/Mar/2017:08:08:21 -0300] "GET /cormun/static/Shared/jqueryui/images/ui-icons_82798d_256x240.png HTTP/1.1" 404 1089
186.103.157.42 - - [06/Mar/2017:08:08:21 -0300] "GET /cormun/static/Shared/jqueryui/images/ui-bg_flat_55_994d53_40x100.png HTTP/1.1" 404 1097
186.103.157.42 - - [06/Mar/2017:08:08:21 -0300] "GET /cormun/static/Shared/jqueryui/images/ui-icons_ebccce_256x240.png HTTP/1.1" 404 1089
186.103.157.42 - - [06/Mar/2017:08:08:25 -0300] "GET /cormun/servlet/solicitudot?6db479dba247eade396beae3a9a4a804f9a8694a9552081fbfeb1ffcc4f7db501f1add1b13b5527350c183408d144680,gx-no-cache=1488798589539 HTTP/1.1" 200 30
186.79.45.216 - - [06/Mar/2017:08:08:32 -0300] "GET /cormun/servlet/solicitudotadjuntos?fd4eb898f2fa271a9b0af33f70fc555c5eedc464bc6c64285001649d7ec16d07,gx-no-cache=1488798583338 HTTP/1.1" 200 30
186.79.45.216 - - [06/Mar/2017:08:08:32 -0300] "GET /cormun/servlet/solicitudotadjuntos?fd4eb898f2fa271a9b0af33f70fc555c5eedc464bc6c64285001649d7ec16d07,gx-no-cache=1488798583447 HTTP/1.1" 200 30
186.79.45.216 - - [06/Mar/2017:08:08:47 -0300] "POST /cormun/servlet/solicitudotadjuntos?67e03a15639d9d2f95a9db0c51204a37,INS,2017,5015,,1, HTTP/1.1" 200 116
186.79.45.216 - - [06/Mar/2017:08:08:47 -0300] "GET /cormun/servlet/hpexe_return? HTTP/1.1" 200 1020
186.79.45.216 - - [06/Mar/2017:08:08:47 -0300] "GET /cormun/servlet/trsolicitudadjuntos?2017,5015, HTTP/1.1" 200 8118
186.79.45.216 - - [06/Mar/2017:08:08:49 -0300] "GET /cormun/servlet/trsolicitudadjuntos?2017,5015, HTTP/1.1" 200 8110
186.79.45.216 - - [06/Mar/2017:08:08:53 -0300] "GET /cormun/servlet/solicitudotadjuntos?INS,2017,5015,,1, HTTP/1.1" 200 5766
186.79.45.216 - - [06/Mar/2017:08:08:53 -0300] "GET /cormun/static/about:blank HTTP/1.1" 404 1011
186.79.45.216 - - [06/Mar/2017:08:08:54 -0300] "GET /cormun/servlet/solicitudotadjuntos?INS,2017,5015,,1, HTTP/1.1" 200 5760
186.79.45.216 - - [06/Mar/2017:08:08:55 -0300] "GET /cormun/servlet/solicitudotadjuntos?fd4eb898f2fa271a9b0af33f70fc555cfc9f1b195edd76ce4aff294aa38aaf7db9e71d32060532526e740ef31f7dcb38,gx-no-cache=1488798606051 HTTP/1.1" 200 30
186.79.45.216 - - [06/Mar/2017:08:08:55 -0300] "POST /cormun/servlet/solicitudotadjuntos?67e03a15639d9d2f95a9db0c51204a37,INS,2017,5015,,1,,gx-no-cache=1488798606161 HTTP/1.1" 200 3633
186.79.45.216 - - [06/Mar/2017:08:09:00 -0300] "POST /cormun/servlet/solicitudotadjuntos?gx-no-cache=1488798611294 HTTP/1.1" 200 26
186.79.45.216 - - [06/Mar/2017:08:09:25 -0300] "GET /cormun/servlet/solicitudotadjuntos?fd4eb898f2fa271a9b0af33f70fc555c5eedc464bc6c64285001649d7ec16d07,gx-no-cache=1488798636135 HTTP/1.1" 200 30
186.79.45.216 - - [06/Mar/2017:08:09:25 -0300] "GET /cormun/servlet/solicitudotadjuntos?fd4eb898f2fa271a9b0af33f70fc555c5eedc464bc6c64285001649d7ec16d07,gx-no-cache=1488798636254 HTTP/1.1" 200 30
186.79.45.216 - - [06/Mar/2017:08:09:45 -0300] "POST /cormun/servlet/solicitudotadjuntos?67e03a15639d9d2f95a9db0c51204a37,INS,2017,5015,,1, HTTP/1.1" 200 116
186.79.45.216 - - [06/Mar/2017:08:09:45 -0300] "GET /cormun/servlet/hpexe_return? HTTP/1.1" 200 1020
186.79.45.216 - - [06/Mar/2017:08:09:46 -0300] "GET /cormun/servlet/trsolicitudadjuntos?2017,5015, HTTP/1.1" 200 8278
186.79.45.216 - - [06/Mar/2017:08:09:48 -0300] "GET /cormun/servlet/trsolicitudadjuntos?2017,5015, HTTP/1.1" 200 8275
186.103.157.42 - - [06/Mar/2017:08:09:48 -0300] "GET /cormun/servlet/solicitudot?6db479dba247eade396beae3a9a4a804a38ff970dcba8a0cf7232bac5af5d78b93d86770e38ec3f474bb90a095c3272304aa33d79e12a5d30e0eb596e93db310918f03d2e9e062519d12a8f5870d4eaaca788b1fd55c9035509cfaeda63293baf09180573b84c1539b7602d247486e4ec09df47bce5e0d6618b856307579aa28da2250eb3d06adbb305e6aa39f417ac39d329309a8adca016e7351955b27a17c0b653a80fc3193167a0cb7092534f2fa44f5ebb78c8d6567d53d73c98219e6061a7ef48bbad7c3c05aa95ee28de1cef1fc7eb55b05e529c2717cbdddce1f644266cde174a5fbdf36924f5bfc22498672e508209e4bde69c388231e0850badd335db70fedc71c5dc1dda285e90eaf1781a81262422363fd3ba2ebcd34b6781ad0b1ab97125adb263f6d435377ae3aa16c53f175313c74082185eb8d61497e66afe613b3f7c3e82659e7f24a0022379abd,gx-no-cache=1488798673034 HTTP/1.1" 200 297
186.79.45.216 - - [06/Mar/2017:08:09:51 -0300] "GET /cormun/servlet/solicitudotadjuntos?INS,2017,5015,,1, HTTP/1.1" 200 5766
186.79.45.216 - - [06/Mar/2017:08:09:51 -0300] "GET /cormun/static/about:blank HTTP/1.1" 404 1011
186.79.45.216 - - [06/Mar/2017:08:09:52 -0300] "GET /cormun/servlet/solicitudotadjuntos?INS,2017,5015,,1, HTTP/1.1" 200 5760
186.79.45.216 - - [06/Mar/2017:08:09:53 -0300] "GET /cormun/servlet/solicitudotadjuntos?fd4eb898f2fa271a9b0af33f70fc555cfc9f1b195edd76ce4aff294aa38aaf7db9e71d32060532526e740ef31f7dcb38,gx-no-cache=1488798664179 HTTP/1.1" 200 30
186.103.157.42 - - [06/Mar/2017:08:09:53 -0300] "GET /cormun/servlet/solicitudot?6db479dba247eade396beae3a9a4a804a6de4672239039e08a0d12a25aa875daff684abdb3869c80edf518365d9544aaf60d03bab4c9892252c2f8b2008fcb8b3a897d657e5c505e77a0bac8c0f9c529ef4f7e5aa60dd06bbdea4639cc592fbb76e496183367ad48b10bd16087c3412d2276da2c8e507c8624c2cf4636c131ab0ac7b8b061fb6a3ec4517464da1c2fccf1a35a0c1274dc485200dbb2ecea2650216bb48030c9605bdae31ade5bdcfee7c66052821c93126dc80767f334033e18a15acc906f288a3b156151a4d28bc1dece082d9d31329883238d2589564a61d9a50cd161b9716a9113d6eed6e86960ece32dbe9528f2d8042200e6d884932a300255f5596eac1cc625d97c9e83cf9bb04593d68913f61a83f08e440ed7f697f0175549b7984a6b3e3239232b2b608b6a0c2b4d21d79f7b698373c9cd647a872a934b76b4852e6675311b8e2672ad52d668ef9576f08299f05e50278ea46af00fa7567a40707d9859e09942a1629bef77e581a6a756fe9352971fd8c8ef3804d440f12a71b7e91f5e999cc0dec53b1e01,gx-no-cache=1488798677576 HTTP/1.1" 200 30
186.79.45.216 - - [06/Mar/2017:08:09:53 -0300] "POST /cormun/servlet/solicitudotadjuntos?67e03a15639d9d2f95a9db0c51204a37,INS,2017,5015,,1,,gx-no-cache=1488798664294 HTTP/1.1" 200 3633
186.103.157.42 - - [06/Mar/2017:08:09:56 -0300] "POST /cormun/servlet/solicitudot?gx-no-cache=1488798680672 HTTP/1.1" 200 30
186.79.45.216 - - [06/Mar/2017:08:09:59 -0300] "POST /cormun/servlet/solicitudotadjuntos?gx-no-cache=1488798670289 HTTP/1.1" 200 26
186.103.157.42 - - [06/Mar/2017:08:10:03 -0300] "POST /cormun/servlet/solicitudot?gx-no-cache=1488798687524 HTTP/1.1" 200 235
186.103.157.42 - - [06/Mar/2017:08:10:03 -0300] "POST /cormun/servlet/solicitudot?gx-no-cache=1488798687597 HTTP/1.1" 200 38
186.79.45.216 - - [06/Mar/2017:08:10:15 -0300] "GET /cormun/servlet/solicitudotadjuntos?fd4eb898f2fa271a9b0af33f70fc555c5eedc464bc6c64285001649d7ec16d07,gx-no-cache=1488798686180 HTTP/1.1" 200 30
186.79.45.216 - - [06/Mar/2017:08:10:15 -0300] "GET /cormun/servlet/solicitudotadjuntos?fd4eb898f2fa271a9b0af33f70fc555c5eedc464bc6c64285001649d7ec16d07,gx-no-cache=1488798686246 HTTP/1.1" 200 30
186.79.45.216 - - [06/Mar/2017:08:10:28 -0300] "POST /cormun/servlet/solicitudotadjuntos?67e03a15639d9d2f95a9db0c51204a37,INS,2017,5015,,1, HTTP/1.1" 200 116
186.79.45.216 - - [06/Mar/2017:08:10:28 -0300] "GET /cormun/servlet/hpexe_return? HTTP/1.1" 200 1020
186.79.45.216 - - [06/Mar/2017:08:10:29 -0300] "GET /cormun/servlet/trsolicitudadjuntos?2017,5015, HTTP/1.1" 200 8418
186.103.157.42 - - [06/Mar/2017:08:10:31 -0300] "GET /cormun/servlet/solicitudot?6db479dba247eade396beae3a9a4a80491027de76bd260f26d4d86660a758e92e508209e4bde69c388231e0850badd335db70fedc71c5dc1dda285e90eaf178122dee82d463f014040c60198bd9e21fa,gx-no-cache=1488798715857 HTTP/1.1" 200 29
186.103.157.42 - - [06/Mar/2017:08:10:31 -0300] "POST /cormun/servlet/solicitudot?gx-no-cache=1488798715983 HTTP/1.1" 200 641
186.79.45.216 - - [06/Mar/2017:08:10:31 -0300] "GET /cormun/servlet/trsolicitudadjuntos?2017,5015, HTTP/1.1" 200 8412
186.103.157.42 - - [06/Mar/2017:08:10:33 -0300] "POST /cormun/servlet/solicitudot?gx-no-cache=1488798717579 HTTP/1.1" 200 1157
186.79.45.216 - - [06/Mar/2017:08:10:34 -0300] "GET /cormun/servlet/solicitudotadjuntos?INS,2017,5015,,1, HTTP/1.1" 200 5765
186.79.45.216 - - [06/Mar/2017:08:10:34 -0300] "GET /cormun/static/about:blank HTTP/1.1" 404 1011
186.79.45.216 - - [06/Mar/2017:08:10:35 -0300] "GET /cormun/servlet/solicitudotadjuntos?INS,2017,5015,,1, HTTP/1.1" 200 5759
186.79.45.216 - - [06/Mar/2017:08:10:36 -0300] "GET /cormun/servlet/solicitudotadjuntos?fd4eb898f2fa271a9b0af33f70fc555cfc9f1b195edd76ce4aff294aa38aaf7db9e71d32060532526e740ef31f7dcb38,gx-no-cache=1488798707025 HTTP/1.1" 200 30
186.79.45.216 - - [06/Mar/2017:08:10:36 -0300] "POST /cormun/servlet/solicitudotadjuntos?67e03a15639d9d2f95a9db0c51204a37,INS,2017,5015,,1,,gx-no-cache=1488798707139 HTTP/1.1" 200 3632
186.103.157.42 - - [06/Mar/2017:08:10:39 -0300] "GET /cormun/static/menuarrow.gif HTTP/1.1" 404 1015
186.79.45.216 - - [06/Mar/2017:08:10:41 -0300] "POST /cormun/servlet/solicitudotadjuntos?gx-no-cache=1488798712297 HTTP/1.1" 200 26
186.103.157.42 - - [06/Mar/2017:08:10:45 -0300] "GET /cormun/servlet/solicitudot?6db479dba247eade396beae3a9a4a804e7951713f1a39daa8182094208fcba51a1b0fd4cd0639c39a0818dba633ba97cb3d06843862f428f383dc8f10e82234d5db70fedc71c5dc1dda285e90eaf1781ec9c166b2d8f674603ec3c9857855379073c14d6c6e7364b2cc9ce6386141d9c2b154ad7da407aeb3ae9950a2ccf03af14d6566d76a94423f8f659d4995667efd3329a2e8eb85abe9edf05a37b6dd0b3e70dafa3ebe07f2f16e0531706439ceb,gx-no-cache=1488798730041 HTTP/1.1" 200 30
186.79.45.216 - - [06/Mar/2017:08:10:57 -0300] "GET /cormun/servlet/solicitudotadjuntos?fd4eb898f2fa271a9b0af33f70fc555c5eedc464bc6c64285001649d7ec16d07,gx-no-cache=1488798728273 HTTP/1.1" 200 30
186.79.45.216 - - [06/Mar/2017:08:10:57 -0300] "GET /cormun/servlet/solicitudotadjuntos?fd4eb898f2fa271a9b0af33f70fc555c5eedc464bc6c64285001649d7ec16d07,gx-no-cache=1488798728355 HTTP/1.1" 200 30
186.103.157.42 - - [06/Mar/2017:08:11:00 -0300] "GET /cormun/servlet/solicitudot?6db479dba247eade396beae3a9a4a804a6de4672239039e08a0d12a25aa875daff684abdb3869c80edf518365d9544aaf60d03bab4c9892252c2f8b2008fcb8b3a897d657e5c505e77a0bac8c0f9c529ef4f7e5aa60dd06bbdea4639cc592fbb76e496183367ad48b10bd16087c3412d2276da2c8e507c8624c2cf4636c131ab0ac7b8b061fb6a3ec4517464da1c2fccf1a35a0c1274dc485200dbb2ecea2650216bb48030c9605bdae31ade5bdcfee7c66052821c93126dc80767f334033e18a15acc906f288a3b156151a4d28bc1dece082d9d31329883238d2589564a61d9a50cd161b9716a9113d6eed6e86960ece32dbe9528f2d8042200e6d884932a300255f5596eac1cc625d97c9e83cf9bb04593d68913f61a83f08e440ed7f697f0175549b7984a6b3e3239232b2b608b6a0c2b4d21d79f7b698373c9cd647a872a934b76b4852e6675311b8e2672ad52d668ef9576f08299f05e50278ea46af00fa7567a40707d9859e09942a1629bef770f6e2e975d1b313bc3b0ea65a4e880f940f12a71b7e91f5e999cc0dec53b1e01,gx-no-cache=1488798744793 HTTP/1.1" 200 30
186.103.157.42 - - [06/Mar/2017:08:11:00 -0300] "POST /cormun/servlet/solicitudot?gx-no-cache=1488798744845 HTTP/1.1" 200 30
186.103.157.42 - - [06/Mar/2017:08:11:00 -0300] "POST /cormun/servlet/solicitudot?gx-no-cache=1488798744897 HTTP/1.1" 200 1286
186.103.157.42 - - [06/Mar/2017:08:11:00 -0300] "POST /cormun/servlet/solicitudot?gx-no-cache=1488798744960 HTTP/1.1" 200 41
186.103.157.42 - - [06/Mar/2017:08:11:00 -0300] "POST /cormun/servlet/solicitudot?gx-no-cache=1488798745001 HTTP/1.1" 200 1273
186.103.157.42 - - [06/Mar/2017:08:11:00 -0300] "POST /cormun/servlet/solicitudot?gx-no-cache=1488798745065 HTTP/1.1" 200 1157
186.103.157.42 - - [06/Mar/2017:08:11:01 -0300] "GET /cormun/servlet/solicitudot?6db479dba247eade396beae3a9a4a804e7951713f1a39daa8182094208fcba51a1b0fd4cd0639c39a0818dba633ba97cb3d06843862f428f383dc8f10e82234d5db70fedc71c5dc1dda285e90eaf1781ec9c166b2d8f674603ec3c9857855379073c14d6c6e7364b2cc9ce6386141d9c2b154ad7da407aeb3ae9950a2ccf03af14d6566d76a94423f8f659d4995667efd3329a2e8eb85abe9edf05a37b6dd0b3e70dafa3ebe07f2f16e0531706439ceb,gx-no-cache=1488798745127 HTTP/1.1" 200 30
186.103.157.42 - - [06/Mar/2017:08:11:01 -0300] "POST /cormun/servlet/solicitudot?a407c74e98b3b2b3de9298c786d89925,INS,0,0,,gx-no-cache=1488798745173 HTTP/1.1" 200 11206
186.79.45.216 - - [06/Mar/2017:08:11:12 -0300] "POST /cormun/servlet/solicitudotadjuntos?67e03a15639d9d2f95a9db0c51204a37,INS,2017,5015,,1, HTTP/1.1" 200 116
186.79.45.216 - - [06/Mar/2017:08:11:12 -0300] "GET /cormun/servlet/hpexe_return? HTTP/1.1" 200 1020
186.79.45.216 - - [06/Mar/2017:08:11:13 -0300] "GET /cormun/servlet/trsolicitudadjuntos?2017,5015, HTTP/1.1" 200 8555
186.79.45.216 - - [06/Mar/2017:08:11:14 -0300] "GET /cormun/servlet/trsolicitudadjuntos?2017,5015, HTTP/1.1" 200 8557
186.103.157.42 - - [06/Mar/2017:08:11:19 -0300] "POST /cormun/servlet/solicitudot?gx-no-cache=1488798764026 HTTP/1.1" 200 3262
186.103.157.42 - - [06/Mar/2017:08:11:20 -0300] "GET /cormun/servlet/solicitudot?6db479dba247eade396beae3a9a4a804a6de4672239039e08a0d12a25aa875daff79ad35ceeeb2ff59946efa38055eadf60d03bab4c9892252c2f8b2008fcb8b3a897d657e5c505e77a0bac8c0f9c529ef4f7e5aa60dd06bbdea4639cc592fbb76e496183367ad48b10bd16087c3412d2276da2c8e507c8624c2cf4636c131ab0ac7b8b061fb6a3ec4517464da1c2fccf1a35a0c1274dc485200dbb2ecea2650216bb48030c9605bdae31ade5bdcfee7c66052821c93126dc80767f334033e18a15acc906f288a3b156151a4d28bc1dece082d9d31329883238d2589564a61d9a50cd161b9716a9113d6eed6e86960ecb92d9977a22163832d54878c7fa18eee0255f5596eac1cc625d97c9e83cf9bb04e607aa605106b967de386bb99ee388eaefeb88e7b85046e6d58c056538b2f64af3c804fff407682918fa4b67af17d31918969fe4a41c0bd7de2bd4fa287d5bbf7307251b9fdd5290fcec05d518af4f997c50b8902c342b6da5fc81ddcd783ef0d582df4144cd10ca3cc3f1b1e0369a5,gx-no-cache=1488798764178 HTTP/1.1" 200 30
186.103.157.42 - - [06/Mar/2017:08:11:20 -0300] "POST /cormun/servlet/solicitudot?gx-no-cache=1488798764217 HTTP/1.1" 200 30
186.103.157.42 - - [06/Mar/2017:08:11:20 -0300] "POST /cormun/servlet/solicitudot?gx-no-cache=1488798764263 HTTP/1.1" 200 1286
186.103.157.42 - - [06/Mar/2017:08:11:20 -0300] "POST /cormun/servlet/solicitudot?gx-no-cache=1488798764324 HTTP/1.1" 200 41
186.103.157.42 - - [06/Mar/2017:08:11:20 -0300] "POST /cormun/servlet/solicitudot?gx-no-cache=1488798764370 HTTP/1.1" 200 1273
186.103.157.42 - - [06/Mar/2017:08:11:20 -0300] "POST /cormun/servlet/solicitudot?gx-no-cache=1488798764429 HTTP/1.1" 200 1157
186.103.157.42 - - [06/Mar/2017:08:11:20 -0300] "GET /cormun/servlet/solicitudot?6db479dba247eade396beae3a9a4a804e7951713f1a39daa8182094208fcba51a1b0fd4cd0639c39a0818dba633ba97cb3d06843862f428f383dc8f10e82234d5db70fedc71c5dc1dda285e90eaf1781ec9c166b2d8f674603ec3c9857855379073c14d6c6e7364b2cc9ce6386141d9c2b154ad7da407aeb3ae9950a2ccf03af14d6566d76a94423f8f659d4995667efd3329a2e8eb85abe9edf05a37b6dd0b3e70dafa3ebe07f2f16e0531706439ceb,gx-no-cache=1488798764486 HTTP/1.1" 200 30
186.103.157.42 - - [06/Mar/2017:08:11:20 -0300] "POST /cormun/servlet/solicitudot?a407c74e98b3b2b3de9298c786d89925,INS,0,0,,gx-no-cache=1488798764525 HTTP/1.1" 200 11266
186.79.45.216 - - [06/Mar/2017:08:11:25 -0300] "GET /cormun/servlet/solicitudotadjuntos?INS,2017,5015,,1, HTTP/1.1" 200 5766
186.79.45.216 - - [06/Mar/2017:08:11:25 -0300] "GET /cormun/static/about:blank HTTP/1.1" 404 1011
186.79.45.216 - - [06/Mar/2017:08:11:26 -0300] "GET /cormun/servlet/solicitudotadjuntos?INS,2017,5015,,1, HTTP/1.1" 200 5760
186.79.45.216 - - [06/Mar/2017:08:11:27 -0300] "GET /cormun/servlet/solicitudotadjuntos?fd4eb898f2fa271a9b0af33f70fc555cfc9f1b195edd76ce4aff294aa38aaf7db9e71d32060532526e740ef31f7dcb38,gx-no-cache=1488798758290 HTTP/1.1" 200 30
186.79.45.216 - - [06/Mar/2017:08:11:27 -0300] "POST /cormun/servlet/solicitudotadjuntos?67e03a15639d9d2f95a9db0c51204a37,INS,2017,5015,,1,,gx-no-cache=1488798758391 HTTP/1.1" 200 3633
186.79.45.216 - - [06/Mar/2017:08:11:31 -0300] "POST /cormun/servlet/solicitudotadjuntos?gx-no-cache=1488798762086 HTTP/1.1" 200 26
186.103.157.42 - - [06/Mar/2017:08:11:39 -0300] "POST /cormun/servlet/solicitudot?gx-no-cache=1488798783302 HTTP/1.1" 200 3262
186.79.45.216 - - [06/Mar/2017:08:11:42 -0300] "GET /cormun/servlet/solicitudotadjuntos?fd4eb898f2fa271a9b0af33f70fc555c5eedc464bc6c64285001649d7ec16d07,gx-no-cache=1488798773800 HTTP/1.1" 200 30
186.79.45.216 - - [06/Mar/2017:08:11:42 -0300] "GET /cormun/servlet/solicitudotadjuntos?fd4eb898f2fa271a9b0af33f70fc555c5eedc464bc6c64285001649d7ec16d07,gx-no-cache=1488798773876 HTTP/1.1" 200 30
186.79.45.216 - - [06/Mar/2017:08:11:57 -0300] "POST /cormun/servlet/solicitudotadjuntos?67e03a15639d9d2f95a9db0c51204a37,INS,2017,5015,,1, HTTP/1.1" 200 116
186.79.45.216 - - [06/Mar/2017:08:11:57 -0300] "GET /cormun/servlet/hpexe_return? HTTP/1.1" 200 1020
186.79.45.216 - - [06/Mar/2017:08:11:58 -0300] "GET /cormun/servlet/trsolicitudadjuntos?2017,5015, HTTP/1.1" 200 8791
186.79.45.216 - - [06/Mar/2017:08:12:00 -0300] "GET /cormun/servlet/trsolicitudadjuntos?2017,5015, HTTP/1.1" 200 8786
186.103.157.42 - - [06/Mar/2017:08:12:19 -0300] "POST /cormun/servlet/solicitudot?gx-no-cache=1488798823703 HTTP/1.1" 200 256
186.103.157.42 - - [06/Mar/2017:08:12:19 -0300] "GET /cormun/servlet/solicitudot?6db479dba247eade396beae3a9a4a804a6de4672239039e08a0d12a25aa875daff79ad35ceeeb2ff59946efa38055eadf60d03bab4c9892252c2f8b2008fcb8b3a897d657e5c505e77a0bac8c0f9c529ef4f7e5aa60dd06bbdea4639cc592fbb76e496183367ad48b10bd16087c3412d2276da2c8e507c8624c2cf4636c131ab0ac7b8b061fb6a3ec4517464da1c2fccf1a35a0c1274dc485200dbb2ecea2650216bb48030c9605bdae31ade5bdcfee7c66052821c93126dc80767f334033e18a15acc906f288a3b156151a4d28bc1dece082d9d31329883238d2589564a61d9a50cd161b9716a9113d6eed6e86960ecb92d9977a22163832d54878c7fa18eee0255f5596eac1cc625d97c9e83cf9bb04e607aa605106b967de386bb99ee388eaefeb88e7b85046e6d58c056538b2f64af3c804fff407682918fa4b67af17d31918969fe4a41c0bd7de2bd4fa287d5bbf7307251b9fdd5290fcec05d518af4f997c50b8902c342b6da5fc81ddcd783ef0d582df4144cd10ca3cc3f1b1e0369a5,gx-no-cache=1488798823784 HTTP/1.1" 200 30
186.79.45.216 - - [06/Mar/2017:08:12:35 -0300] "GET /cormun/servlet/trsolicitudot? HTTP/1.1" 200 7945
186.79.45.216 - - [06/Mar/2017:08:12:37 -0300] "GET /cormun/servlet/trsolicitudot? HTTP/1.1" 200 7939
186.103.157.42 - - [06/Mar/2017:08:12:39 -0300] "POST /cormun/servlet/solicitudot?gx-no-cache=1488798843354 HTTP/1.1" 200 30
186.103.157.42 - - [06/Mar/2017:08:12:39 -0300] "POST /cormun/servlet/solicitudot?gx-no-cache=1488798843413 HTTP/1.1" 200 1286
186.103.157.42 - - [06/Mar/2017:08:12:39 -0300] "POST /cormun/servlet/solicitudot?gx-no-cache=1488798843474 HTTP/1.1" 200 41
186.103.157.42 - - [06/Mar/2017:08:12:39 -0300] "POST /cormun/servlet/solicitudot?gx-no-cache=1488798843514 HTTP/1.1" 200 1273
186.103.157.42 - - [06/Mar/2017:08:12:39 -0300] "POST /cormun/servlet/solicitudot?gx-no-cache=1488798843578 HTTP/1.1" 200 1157
186.103.157.42 - - [06/Mar/2017:08:12:39 -0300] "GET /cormun/servlet/solicitudot?6db479dba247eade396beae3a9a4a804e7951713f1a39daa8182094208fcba51a1b0fd4cd0639c39a0818dba633ba97cb3d06843862f428f383dc8f10e82234d5db70fedc71c5dc1dda285e90eaf1781ec9c166b2d8f674603ec3c9857855379073c14d6c6e7364b2cc9ce6386141d9c2b154ad7da407aeb3ae9950a2ccf03af14d6566d76a94423f8f659d4995667efd3329a2e8eb85abe9edf05a37b6dd0b3e70dafa3ebe07f2f16e0531706439ceb,gx-no-cache=1488798843645 HTTP/1.1" 200 30
186.103.157.42 - - [06/Mar/2017:08:12:39 -0300] "POST /cormun/servlet/solicitudot?a407c74e98b3b2b3de9298c786d89925,INS,0,0,,gx-no-cache=1488798843684 HTTP/1.1" 200 11314
186.79.45.216 - - [06/Mar/2017:08:12:44 -0300] "POST /cormun/servlet/trsolicitudot?67e03a15639d9d2f95a9db0c51204a37,,gx-no-cache=1488798834776 HTTP/1.1" 200 4150
186.79.45.216 - - [06/Mar/2017:08:12:44 -0300] "GET /cormun/static/Shared/jqueryui/images/ui-bg_highlight-soft_100_c6c2c8_1x100.png HTTP/1.1" 404 1117
186.79.45.216 - - [06/Mar/2017:08:12:44 -0300] "GET /cormun/static/Shared/jqueryui/images/ui-icons_82798d_256x240.png HTTP/1.1" 404 1089
186.79.45.216 - - [06/Mar/2017:08:12:44 -0300] "GET /cormun/static/Shared/jqueryui/images/ui-icons_8d78a5_256x240.png HTTP/1.1" 404 1089
186.79.45.216 - - [06/Mar/2017:08:12:44 -0300] "GET /cormun/static/Shared/jqueryui/images/ui-bg_flat_55_fafafa_40x100.png HTTP/1.1" 404 1097
186.79.45.216 - - [06/Mar/2017:08:12:44 -0300] "POST /cormun/servlet/trsolicitudot?67e03a15639d9d2f95a9db0c51204a37,,gx-no-cache=1488798835371 HTTP/1.1" 200 3937
186.79.45.216 - - [06/Mar/2017:08:12:49 -0300] "GET /cormun/static/Shared/jqueryui/images/ui-bg_highlight-soft_100_eae6ea_1x100.png HTTP/1.1" 404 1117
186.103.157.42 - - [06/Mar/2017:08:13:09 -0300] "POST /cormun/servlet/solicitudot?gx-no-cache=1488798873396 HTTP/1.1" 200 30
186.103.157.42 - - [06/Mar/2017:08:13:09 -0300] "POST /cormun/servlet/solicitudot?gx-no-cache=1488798873467 HTTP/1.1" 200 1286
186.103.157.42 - - [06/Mar/2017:08:13:09 -0300] "POST /cormun/servlet/solicitudot?gx-no-cache=1488798873537 HTTP/1.1" 200 41
186.103.157.42 - - [06/Mar/2017:08:13:09 -0300] "POST /cormun/servlet/solicitudot?gx-no-cache=1488798873575 HTTP/1.1" 200 1273
186.103.157.42 - - [06/Mar/2017:08:13:09 -0300] "POST /cormun/servlet/solicitudot?gx-no-cache=1488798873629 HTTP/1.1" 200 1157
186.103.157.42 - - [06/Mar/2017:08:13:09 -0300] "GET /cormun/servlet/solicitudot?6db479dba247eade396beae3a9a4a804e7951713f1a39daa8182094208fcba51a1b0fd4cd0639c39a0818dba633ba97cb3d06843862f428f383dc8f10e82234d5db70fedc71c5dc1dda285e90eaf1781ec9c166b2d8f674603ec3c9857855379073c14d6c6e7364b2cc9ce6386141d9c2b154ad7da407aeb3ae9950a2ccf03af14d6566d76a94423f8f659d4995667efd3329a2e8eb85abe9edf05a37b6dd0b3e70dafa3ebe07f2f16e0531706439ceb,gx-no-cache=1488798873682 HTTP/1.1" 200 30
186.103.157.42 - - [06/Mar/2017:08:13:09 -0300] "POST /cormun/servlet/solicitudot?a407c74e98b3b2b3de9298c786d89925,INS,0,0,,gx-no-cache=1488798873723 HTTP/1.1" 200 11365
186.103.157.42 - - [06/Mar/2017:08:13:15 -0300] "POST /cormun/servlet/solicitudot?a407c74e98b3b2b3de9298c786d89925,INS,0,0,,gx-no-cache=1488798879467 HTTP/1.1" 200 90
186.103.157.42 - - [06/Mar/2017:08:13:15 -0300] "GET /cormun/servlet/hpexe_link HTTP/1.1" 200 963
186.103.157.42 - - [06/Mar/2017:08:13:15 -0300] "GET /cormun/servlet/trsolicitudot HTTP/1.1" 200 7017
186.103.157.42 - - [06/Mar/2017:08:13:16 -0300] "GET /cormun/servlet/trsolicitudot HTTP/1.1" 200 7016
186.103.157.42 - - [06/Mar/2017:08:13:19 -0300] "GET /cormun/servlet/solicitudot?INS,0,0, HTTP/1.1" 200 12844
186.103.157.42 - - [06/Mar/2017:08:13:20 -0300] "GET /cormun/servlet/solicitudot?INS,0,0, HTTP/1.1" 200 12849
186.103.157.42 - - [06/Mar/2017:08:13:28 -0300] "POST /cormun/servlet/solicitudot?gx-no-cache=1488798892882 HTTP/1.1" 200 3218
186.103.157.42 - - [06/Mar/2017:08:13:28 -0300] "GET /cormun/static/Shared/jqueryui/images/ui-bg_highlight-soft_100_c6c2c8_1x100.png HTTP/1.1" 404 1117
186.103.157.42 - - [06/Mar/2017:08:13:28 -0300] "GET /cormun/static/Shared/jqueryui/images/ui-icons_82798d_256x240.png HTTP/1.1" 404 1089
186.103.157.42 - - [06/Mar/2017:08:13:28 -0300] "GET /cormun/static/Shared/jqueryui/images/ui-bg_flat_55_994d53_40x100.png HTTP/1.1" 404 1097
186.103.157.42 - - [06/Mar/2017:08:13:29 -0300] "GET /cormun/static/Shared/jqueryui/images/ui-icons_ebccce_256x240.png HTTP/1.1" 404 1089
186.103.157.42 - - [06/Mar/2017:08:13:37 -0300] "GET /cormun/servlet/solicitudot?6db479dba247eade396beae3a9a4a804f9a8694a9552081fbfeb1ffcc4f7db501f1add1b13b5527350c183408d144680,gx-no-cache=1488798901114 HTTP/1.1" 200 30
186.103.157.42 - - [06/Mar/2017:08:15:04 -0300] "GET /cormun/servlet/solicitudot?6db479dba247eade396beae3a9a4a804a38ff970dcba8a0cf7232bac5af5d78b93d86770e38ec3f474bb90a095c3272304aa33d79e12a5d30e0eb596e93db310918f03d2e9e062519d12a8f5870d4eaaca788b1fd55c9035509cfaeda63293baf09180573b84c1539b7602d247486e4ec09df47bce5e0d6618b856307579aa28da2250eb3d06adbb305e6aa39f417ac39d329309a8adca016e7351955b27a17c0b653a80fc3193167a0cb7092534f2fa44f5ebb78c8d6567d53d73c98219e6061a7ef48bbad7c3c05aa95ee28de1cef1fc7eb55b05e529c2717cbdddce1f644266cde174a5fbdf36924f5bfc22498672e508209e4bde69c388231e0850badd335db70fedc71c5dc1dda285e90eaf1781a81262422363fd3ba2ebcd34b6781ad0b1ab97125adb263f6d435377ae3aa16c53f175313c74082185eb8d61497e66afe613b3f7c3e82659e7f24a0022379abd,gx-no-cache=1488798989026 HTTP/1.1" 200 297
186.103.157.42 - - [06/Mar/2017:08:15:06 -0300] "GET /cormun/servlet/solicitudot?6db479dba247eade396beae3a9a4a804a6de4672239039e08a0d12a25aa875daff684abdb3869c80edf518365d9544aaf60d03bab4c9892252c2f8b2008fcb8b3a897d657e5c505e77a0bac8c0f9c529ef4f7e5aa60dd06bbdea4639cc592fbb76e496183367ad48b10bd16087c3412d2276da2c8e507c8624c2cf4636c131ab0ac7b8b061fb6a3ec4517464da1c2fccf1a35a0c1274dc485200dbb2ecea2650216bb48030c9605bdae31ade5bdcfee7c66052821c93126dc80767f334033e18a15acc906f288a3b156151a4d28bc1dece082d9d31329883238d2589564a61d9a50cd161b9716a9113d6eed6e86960ece32dbe9528f2d8042200e6d884932a300255f5596eac1cc625d97c9e83cf9bb04593d68913f61a83f08e440ed7f697f0175549b7984a6b3e3239232b2b608b6a0c2b4d21d79f7b698373c9cd647a872a934b76b4852e6675311b8e2672ad52d668ef9576f08299f05e50278ea46af00fa7567a40707d9859e09942a1629bef77e581a6a756fe9352971fd8c8ef3804d440f12a71b7e91f5e999cc0dec53b1e01,gx-no-cache=1488798990539 HTTP/1.1" 200 30
186.103.157.42 - - [06/Mar/2017:08:15:17 -0300] "POST /cormun/servlet/solicitudot?gx-no-cache=1488799001763 HTTP/1.1" 200 30
186.103.157.42 - - [06/Mar/2017:08:15:20 -0300] "POST /cormun/servlet/solicitudot?gx-no-cache=1488799004210 HTTP/1.1" 200 235
186.103.157.42 - - [06/Mar/2017:08:15:20 -0300] "POST /cormun/servlet/solicitudot?gx-no-cache=1488799004272 HTTP/1.1" 200 38
186.103.157.42 - - [06/Mar/2017:08:15:30 -0300] "GET /cormun/servlet/solicitudot?6db479dba247eade396beae3a9a4a80491027de76bd260f26d4d86660a758e92e508209e4bde69c388231e0850badd335db70fedc71c5dc1dda285e90eaf178122dee82d463f014040c60198bd9e21fa,gx-no-cache=1488799014396 HTTP/1.1" 200 29
186.103.157.42 - - [06/Mar/2017:08:15:30 -0300] "POST /cormun/servlet/solicitudot?gx-no-cache=1488799014437 HTTP/1.1" 200 641
186.103.157.42 - - [06/Mar/2017:08:15:31 -0300] "POST /cormun/servlet/solicitudot?gx-no-cache=1488799015612 HTTP/1.1" 200 1157
186.103.157.42 - - [06/Mar/2017:08:15:36 -0300] "GET /cormun/static/menuarrow.gif HTTP/1.1" 404 1015
186.103.157.42 - - [06/Mar/2017:08:15:42 -0300] "GET /cormun/servlet/solicitudot?6db479dba247eade396beae3a9a4a804e7951713f1a39daa8182094208fcba51a1b0fd4cd0639c39a0818dba633ba97cb3d06843862f428f383dc8f10e82234d5db70fedc71c5dc1dda285e90eaf1781ec9c166b2d8f674603ec3c9857855379073c14d6c6e7364b2cc9ce6386141d9c2b154ad7da407aeb3ae9950a2ccf03af14d6566d76a94423f8f659d4995667efd3329a2e8eb85abe9edf05a37b6dd0b3e70dafa3ebe07f2f16e0531706439ceb,gx-no-cache=1488799026837 HTTP/1.1" 200 30
186.103.157.42 - - [06/Mar/2017:08:15:48 -0300] "POST /cormun/servlet/solicitudot?a407c74e98b3b2b3de9298c786d89925,INS,0,0,,gx-no-cache=1488799032160 HTTP/1.1" 200 11206
186.103.157.42 - - [06/Mar/2017:08:16:57 -0300] "GET /cormun/servlet/solicitudot?6db479dba247eade396beae3a9a4a804a6de4672239039e08a0d12a25aa875daff79ad35ceeeb2ff59946efa38055eadf60d03bab4c9892252c2f8b2008fcb8b3a897d657e5c505e77a0bac8c0f9c529ef4f7e5aa60dd06bbdea4639cc592fbb76e496183367ad48b10bd16087c3412d2276da2c8e507c8624c2cf4636c131ab0ac7b8b061fb6a3ec4517464da1c2fccf1a35a0c1274dc485200dbb2ecea2650216bb48030c9605bdae31ade5bdcfee7c66052821c93126dc80767f334033e18a15acc906f288a3b156151a4d28bc1dece082d9d31329883238d2589564a61d9a50cd161b9716a9113d6eed6e86960ecb92d9977a22163832d54878c7fa18eee0255f5596eac1cc625d97c9e83cf9bb04e607aa605106b967de386bb99ee388eaefeb88e7b85046e6d58c056538b2f64af3c804fff407682918fa4b67af17d31918969fe4a41c0bd7de2bd4fa287d5bbf7307251b9fdd5290fcec05d518af4f997c50b8902c342b6da5fc81ddcd783ef0d582df4144cd10ca3cc3f1b1e0369a5,gx-no-cache=1488799101856 HTTP/1.1" 200 30
186.103.159.188 - - [06/Mar/2017:08:17:19 -0300] "GET /cormun/servlet/hlogin HTTP/1.1" 200 1729
186.103.159.188 - - [06/Mar/2017:08:17:19 -0300] "GET /cormun/static/gxcfg.js?201612216162538 HTTP/1.1" 304 -
186.103.159.188 - - [06/Mar/2017:08:17:19 -0300] "GET /cormun/servlet/hlogin HTTP/1.1" 200 1732
186.103.159.188 - - [06/Mar/2017:08:17:29 -0300] "POST /cormun/servlet/hlogin?2c9a78a5cd330e31aa55b6b93138cbf9,gx-no-cache=1488799120021 HTTP/1.1" 200 90
186.103.159.188 - - [06/Mar/2017:08:17:29 -0300] "GET /cormun/servlet/hpexe_link HTTP/1.1" 200 956
186.103.159.188 - - [06/Mar/2017:08:17:30 -0300] "GET /cormun/static/gxcfg.js?201612218515529 HTTP/1.1" 304 -
186.103.159.188 - - [06/Mar/2017:08:17:30 -0300] "GET /cormun/servlet/hhome HTTP/1.1" 200 3779
186.103.159.188 - - [06/Mar/2017:08:17:30 -0300] "GET /cormun/static/gxcfg.js?201612218515568 HTTP/1.1" 304 -
186.103.159.188 - - [06/Mar/2017:08:17:30 -0300] "GET /cormun/servlet/hhome HTTP/1.1" 200 3776
186.103.159.188 - - [06/Mar/2017:08:17:34 -0300] "GET /cormun/servlet/trpermisosgoce? HTTP/1.1" 200 7380
186.103.159.188 - - [06/Mar/2017:08:17:34 -0300] "GET /cormun/static/gxcfg.js?201612262011714 HTTP/1.1" 304 -
186.103.159.188 - - [06/Mar/2017:08:17:34 -0300] "GET /cormun/servlet/trpermisosgoce? HTTP/1.1" 200 7379
186.103.159.188 - - [06/Mar/2017:08:17:40 -0300] "POST /cormun/servlet/trpermisosgoce?2c9a78a5cd330e31aa55b6b93138cbf9,,gx-no-cache=1488799130083 HTTP/1.1" 200 4687
186.103.159.188 - - [06/Mar/2017:08:17:59 -0300] "POST /cormun/servlet/trpermisosgoce?2c9a78a5cd330e31aa55b6b93138cbf9,,gx-no-cache=1488799149723 HTTP/1.1" 200 4686
186.103.157.42 - - [06/Mar/2017:08:18:39 -0300] "POST /cormun/servlet/solicitudot?a407c74e98b3b2b3de9298c786d89925,INS,0,0,,gx-no-cache=1488799203235 HTTP/1.1" 200 93
186.103.157.42 - - [06/Mar/2017:08:18:39 -0300] "GET /cormun/servlet/hpexe_return? HTTP/1.1" 200 1005
186.103.157.42 - - [06/Mar/2017:08:18:39 -0300] "GET /cormun/static/gxcfg.js?2016101716175148 HTTP/1.1" 304 -
186.103.157.42 - - [06/Mar/2017:08:18:39 -0300] "GET /cormun/servlet/trsolicitudot HTTP/1.1" 200 7019
186.103.157.42 - - [06/Mar/2017:08:18:40 -0300] "GET /cormun/servlet/trsolicitudot HTTP/1.1" 200 7016
186.103.157.42 - - [06/Mar/2017:08:18:44 -0300] "GET /cormun/servlet/solicitudot?INS,0,0, HTTP/1.1" 200 12844
186.103.157.42 - - [06/Mar/2017:08:18:45 -0300] "GET /cormun/servlet/solicitudot?INS,0,0, HTTP/1.1" 200 12849
186.103.157.42 - - [06/Mar/2017:08:18:58 -0300] "POST /cormun/servlet/solicitudot?gx-no-cache=1488799222131 HTTP/1.1" 200 3147
186.103.157.42 - - [06/Mar/2017:08:18:58 -0300] "POST /cormun/servlet/solicitudot?a407c74e98b3b2b3de9298c786d89925,INS,0,0,,gx-no-cache=1488799222303 HTTP/1.1" 200 9932
186.103.157.42 - - [06/Mar/2017:08:19:02 -0300] "GET /cormun/servlet/solicitudot?6db479dba247eade396beae3a9a4a804f9a8694a9552081fbfeb1ffcc4f7db501f1add1b13b5527350c183408d144680,gx-no-cache=1488799226239 HTTP/1.1" 200 30
186.103.157.42 - - [06/Mar/2017:08:19:46 -0300] "POST /cormun/servlet/solicitudot?gx-no-cache=1488799270759 HTTP/1.1" 200 297
186.103.157.42 - - [06/Mar/2017:08:19:46 -0300] "GET /cormun/servlet/solicitudot?6db479dba247eade396beae3a9a4a804a6de4672239039e08a0d12a25aa875daff684abdb3869c80edf518365d9544aaf60d03bab4c9892252c2f8b2008fcb8b3a897d657e5c505e77a0bac8c0f9c529ef4f7e5aa60dd06bbdea4639cc592fbb76e496183367ad48b10bd16087c3412d2276da2c8e507c8624c2cf4636c131ab0ac7b8b061fb6a3ec4517464da1c2fccf1a35a0c1274dc485200dbb2ecea2650216bb48030c9605bdae31ade5bdcfee7c66052821c93126dc80767f334033e18a15acc906f288a3b156151a4d28bc1dece082d9d31329883238d2589564a61d9a50cd161b9716a9113d6eed6e86960eca597e62ebb110c60dea249997834899d0255f5596eac1cc625d97c9e83cf9bb04593d68913f61a83f08e440ed7f697f0175549b7984a6b3e3239232b2b608b6a0c2b4d21d79f7b698373c9cd647a872a934b76b4852e6675311b8e2672ad52d668ef9576f08299f05e50278ea46af00fa7567a40707d9859e09942a1629bef77e581a6a756fe9352971fd8c8ef3804d440f12a71b7e91f5e999cc0dec53b1e01,gx-no-cache=1488799270829 HTTP/1.1" 200 30
186.103.157.42 - - [06/Mar/2017:08:19:48 -0300] "POST /cormun/servlet/solicitudot?gx-no-cache=1488799273026 HTTP/1.1" 200 30
186.103.157.42 - - [06/Mar/2017:08:19:50 -0300] "POST /cormun/servlet/solicitudot?gx-no-cache=1488799274421 HTTP/1.1" 200 235
186.103.157.42 - - [06/Mar/2017:08:19:50 -0300] "POST /cormun/servlet/solicitudot?gx-no-cache=1488799274481 HTTP/1.1" 200 38
186.103.157.42 - - [06/Mar/2017:08:19:58 -0300] "GET /cormun/servlet/solicitudot?6db479dba247eade396beae3a9a4a80491027de76bd260f26d4d86660a758e92e508209e4bde69c388231e0850badd33189e3731fa202698de5e7b0dc3e322418905088f11fd4e69f57ae972b5f50eed6fdaf97999b47e18495613ce56e307f42d469c25fdbe64fa47d07d5f8f3b054c,gx-no-cache=1488799282895 HTTP/1.1" 200 29
186.103.157.42 - - [06/Mar/2017:08:19:58 -0300] "POST /cormun/servlet/solicitudot?gx-no-cache=1488799282942 HTTP/1.1" 200 641
186.103.157.42 - - [06/Mar/2017:08:19:59 -0300] "POST /cormun/servlet/solicitudot?gx-no-cache=1488799283912 HTTP/1.1" 200 1157
186.103.157.42 - - [06/Mar/2017:08:20:05 -0300] "GET /cormun/static/menuarrow.gif HTTP/1.1" 404 1015
186.103.157.42 - - [06/Mar/2017:08:20:12 -0300] "GET /cormun/servlet/solicitudot?6db479dba247eade396beae3a9a4a804e7951713f1a39daa8182094208fcba51a1b0fd4cd0639c39a0818dba633ba97cb3d06843862f428f383dc8f10e82234d5db70fedc71c5dc1dda285e90eaf1781ec9c166b2d8f674603ec3c9857855379073c14d6c6e7364b2cc9ce6386141d9c2b154ad7da407aeb3ae9950a2ccf03af14d6566d76a94423f8f659d4995667efd3329a2e8eb85abe9edf05a37b6dd0b3e70dafa3ebe07f2f16e0531706439ceb,gx-no-cache=1488799296363 HTTP/1.1" 200 30
186.103.157.42 - - [06/Mar/2017:08:20:19 -0300] "POST /cormun/servlet/solicitudot?a407c74e98b3b2b3de9298c786d89925,INS,0,0,,gx-no-cache=1488799303408 HTTP/1.1" 200 93
186.103.157.42 - - [06/Mar/2017:08:20:19 -0300] "GET /cormun/servlet/hpexe_return? HTTP/1.1" 200 1005
186.103.157.42 - - [06/Mar/2017:08:20:20 -0300] "GET /cormun/servlet/trsolicitudot HTTP/1.1" 200 8263
186.103.157.42 - - [06/Mar/2017:08:20:21 -0300] "GET /cormun/servlet/trsolicitudot HTTP/1.1" 200 8259
191.96.249.97 - - [06/Mar/2017:08:21:57 -0300] "GET /setup.cgi HTTP/1.1" 404 979
200.86.95.220 - - [06/Mar/2017:08:30:24 -0300] "GET /cormun/servlet/hlogin HTTP/1.1" 200 1722
200.86.95.220 - - [06/Mar/2017:08:30:24 -0300] "GET /cormun/static/gxtimezone.js?85251 HTTP/1.1" 304 -
200.86.95.220 - - [06/Mar/2017:08:30:24 -0300] "GET /cormun/static/gxcfg.js?201612216162538 HTTP/1.1" 304 -
200.86.95.220 - - [06/Mar/2017:08:30:24 -0300] "GET /cormun/static/messages.spa.js?85251 HTTP/1.1" 304 -
200.86.95.220 - - [06/Mar/2017:08:30:25 -0300] "GET /cormun/servlet/hlogin HTTP/1.1" 200 1732
200.86.95.220 - - [06/Mar/2017:08:30:34 -0300] "POST /cormun/servlet/hlogin?2944924bd27c9e8ab15560ca25ff7981,gx-no-cache=1488799901404 HTTP/1.1" 200 90
200.86.95.220 - - [06/Mar/2017:08:30:34 -0300] "GET /cormun/servlet/hpexe_link HTTP/1.1" 200 957
200.86.95.220 - - [06/Mar/2017:08:30:34 -0300] "GET /cormun/static/gxcfg.js?201612218515529 HTTP/1.1" 304 -
200.86.95.220 - - [06/Mar/2017:08:30:34 -0300] "GET /cormun/servlet/hhome HTTP/1.1" 200 3768
200.86.95.220 - - [06/Mar/2017:08:30:34 -0300] "GET /cormun/static/gxcfg.js?201612218515568 HTTP/1.1" 304 -
200.86.95.220 - - [06/Mar/2017:08:30:36 -0300] "GET /cormun/servlet/hhome HTTP/1.1" 200 3764
200.86.95.220 - - [06/Mar/2017:08:30:48 -0300] "GET /cormun/servlet/trvisualizadoreventos? HTTP/1.1" 200 6501
200.86.95.220 - - [06/Mar/2017:08:30:48 -0300] "GET /cormun/static/gxcfg.js?2016101716203350 HTTP/1.1" 200 953
200.86.95.220 - - [06/Mar/2017:08:30:48 -0300] "GET /cormun/static/calendar.js?85251 HTTP/1.1" 304 -
200.86.95.220 - - [06/Mar/2017:08:30:48 -0300] "GET /cormun/static/calendar-es.js?85251 HTTP/1.1" 304 -
200.86.95.220 - - [06/Mar/2017:08:30:48 -0300] "GET /cormun/static/calendar-setup.js?85251 HTTP/1.1" 304 -
200.86.95.220 - - [06/Mar/2017:08:30:48 -0300] "GET /cormun/static/gxdec.js?85251 HTTP/1.1" 304 -
200.86.95.220 - - [06/Mar/2017:08:30:48 -0300] "GET /cormun/static/trvisualizadoreventos.js?2016101716203614 HTTP/1.1" 200 19309
200.86.95.220 - - [06/Mar/2017:08:30:48 -0300] "GET /cormun/static/Resources/PXToolsActionPrint.png HTTP/1.1" 200 3317
200.86.95.220 - - [06/Mar/2017:08:30:49 -0300] "GET /cormun/servlet/trvisualizadoreventos? HTTP/1.1" 200 6500
200.86.95.220 - - [06/Mar/2017:08:31:12 -0300] "POST /cormun/servlet/trvisualizadoreventos?2944924bd27c9e8ab15560ca25ff7981,,gx-no-cache=1488799939949 HTTP/1.1" 200 3771
200.86.95.220 - - [06/Mar/2017:08:31:16 -0300] "POST /cormun/servlet/trvisualizadoreventos?2944924bd27c9e8ab15560ca25ff7981,,gx-no-cache=1488799943832 HTTP/1.1" 200 3771
200.86.95.220 - - [06/Mar/2017:08:31:31 -0300] "POST /cormun/servlet/trvisualizadoreventos?2944924bd27c9e8ab15560ca25ff7981,,gx-no-cache=1488799958945 HTTP/1.1" 200 3775
200.86.95.220 - - [06/Mar/2017:08:32:42 -0300] "GET /cormun/servlet/trsolicitudot? HTTP/1.1" 200 8390
200.86.95.220 - - [06/Mar/2017:08:32:43 -0300] "GET /cormun/static/gxcfg.js?20171191044697 HTTP/1.1" 304 -
200.86.95.220 - - [06/Mar/2017:08:32:43 -0300] "GET /cormun/static/trsolicitudot.js?20171191045625 HTTP/1.1" 304 -
200.86.95.220 - - [06/Mar/2017:08:32:44 -0300] "GET /cormun/servlet/trsolicitudot? HTTP/1.1" 200 8390
200.86.95.220 - - [06/Mar/2017:08:32:56 -0300] "POST /cormun/servlet/trsolicitudot?2944924bd27c9e8ab15560ca25ff7981,,gx-no-cache=1488800044542 HTTP/1.1" 200 106
200.86.95.220 - - [06/Mar/2017:08:32:57 -0300] "GET /cormun/servlet/trsolicitudadjuntos?2017,5158, HTTP/1.1" 200 5871
200.86.95.220 - - [06/Mar/2017:08:32:57 -0300] "GET /cormun/static/gxcfg.js?201612218531388 HTTP/1.1" 304 -
200.86.95.220 - - [06/Mar/2017:08:32:58 -0300] "GET /cormun/servlet/trsolicitudadjuntos?2017,5158, HTTP/1.1" 200 5871
200.86.95.220 - - [06/Mar/2017:08:33:04 -0300] "GET /cormun/servlet/solicitudotadjuntos?INS,2017,5158,,1, HTTP/1.1" 200 5801
200.86.95.220 - - [06/Mar/2017:08:33:04 -0300] "GET /cormun/static/gxcfg.js?201612218465951 HTTP/1.1" 304 -
200.86.95.220 - - [06/Mar/2017:08:33:04 -0300] "GET /cormun/static/solicitudotadjuntos.js?201612218465969 HTTP/1.1" 304 -
200.86.95.220 - - [06/Mar/2017:08:33:04 -0300] "GET /cormun/static/about:blank HTTP/1.1" 404 1011
200.86.95.220 - - [06/Mar/2017:08:33:05 -0300] "GET /cormun/servlet/solicitudotadjuntos?INS,2017,5158,,1, HTTP/1.1" 200 5795
200.86.95.220 - - [06/Mar/2017:08:33:05 -0300] "GET /cormun/servlet/solicitudotadjuntos?3ed4f4e737de7282a501df66747e0859a001723e6c3fe7f64c38875192b6b0a1f7a5191a81a7df97b0fcee86249c7449,gx-no-cache=1488800053531 HTTP/1.1" 200 30
200.86.95.220 - - [06/Mar/2017:08:33:05 -0300] "POST /cormun/servlet/solicitudotadjuntos?2944924bd27c9e8ab15560ca25ff7981,INS,2017,5158,,1,,gx-no-cache=1488800053578 HTTP/1.1" 200 3645
200.86.95.220 - - [06/Mar/2017:08:33:08 -0300] "POST /cormun/servlet/solicitudotadjuntos?2944924bd27c9e8ab15560ca25ff7981,INS,2017,5158,,1,,gx-no-cache=1488800056380 HTTP/1.1" 200 93
200.86.95.220 - - [06/Mar/2017:08:33:08 -0300] "GET /cormun/servlet/hpexe_return? HTTP/1.1" 200 1029
200.86.95.220 - - [06/Mar/2017:08:33:08 -0300] "GET /cormun/static/gxcfg.js?2016101716175148 HTTP/1.1" 304 -
200.86.95.220 - - [06/Mar/2017:08:33:08 -0300] "GET /cormun/servlet/trsolicitudadjuntos?2017,5158, HTTP/1.1" 200 5875
200.86.95.220 - - [06/Mar/2017:08:33:10 -0300] "GET /cormun/servlet/trsolicitudadjuntos?2017,5158, HTTP/1.1" 200 5871
200.86.95.220 - - [06/Mar/2017:08:33:13 -0300] "POST /cormun/servlet/trsolicitudadjuntos?2944924bd27c9e8ab15560ca25ff7981,2017,5158,,gx-no-cache=1488800060833 HTTP/1.1" 200 90
200.86.95.220 - - [06/Mar/2017:08:33:13 -0300] "GET /cormun/servlet/hpexe_link HTTP/1.1" 200 975
200.86.95.220 - - [06/Mar/2017:08:33:13 -0300] "GET /cormun/servlet/trsolicitudot HTTP/1.1" 200 8391
200.86.95.220 - - [06/Mar/2017:08:33:14 -0300] "GET /cormun/servlet/trsolicitudot HTTP/1.1" 200 8390
192.168.10.89 - - [06/Mar/2017:08:38:57 -0300] "GET /cormunbeta/servlet/hlogin HTTP/1.1" 200 1721
192.168.10.89 - - [06/Mar/2017:08:38:57 -0300] "GET /cormunbeta/static/gxtimezone.js?85251 HTTP/1.1" 304 -
192.168.10.89 - - [06/Mar/2017:08:38:57 -0300] "GET /cormunbeta/static/gxcfg.js?201612216162538 HTTP/1.1" 304 -
192.168.10.89 - - [06/Mar/2017:08:38:57 -0300] "GET /cormunbeta/static/messages.spa.js?85251 HTTP/1.1" 304 -
192.168.10.89 - - [06/Mar/2017:08:38:58 -0300] "GET /cormunbeta/servlet/hlogin HTTP/1.1" 200 1731
192.168.10.89 - - [06/Mar/2017:08:39:06 -0300] "GET /cormun/servlet/hlogin HTTP/1.1" 200 1723
192.168.10.89 - - [06/Mar/2017:08:39:06 -0300] "GET /cormun/static/gxcfg.js?201612216162538 HTTP/1.1" 304 -
192.168.10.89 - - [06/Mar/2017:08:39:07 -0300] "GET /cormun/servlet/hlogin HTTP/1.1" 200 1734
192.168.10.89 - - [06/Mar/2017:08:39:16 -0300] "POST /cormun/servlet/hlogin?2f1b5310da86123ab35611c691142206,gx-no-cache=1488803639343 HTTP/1.1" 200 90
192.168.10.89 - - [06/Mar/2017:08:39:16 -0300] "GET /cormun/servlet/hpexe_link HTTP/1.1" 200 955
192.168.10.89 - - [06/Mar/2017:08:39:16 -0300] "GET /cormun/static/gxcfg.js?201612218515529 HTTP/1.1" 304 -
192.168.10.89 - - [06/Mar/2017:08:39:16 -0300] "GET /cormun/servlet/hhome HTTP/1.1" 200 4391
192.168.10.89 - - [06/Mar/2017:08:39:17 -0300] "GET /cormun/static/gxcfg.js?201612218515568 HTTP/1.1" 304 -
192.168.10.89 - - [06/Mar/2017:08:39:23 -0300] "GET /cormun/servlet/trsolicitudgral? HTTP/1.1" 200 24942
192.168.10.89 - - [06/Mar/2017:08:39:23 -0300] "GET /cormun/static/gxcfg.js?2017262239522 HTTP/1.1" 304 -
192.168.10.89 - - [06/Mar/2017:08:39:23 -0300] "GET /cormun/static/trsolicitudgral.js?20172622391253 HTTP/1.1" 304 -
192.168.10.89 - - [06/Mar/2017:08:39:29 -0300] "GET /cormun/static/menuarrow.gif HTTP/1.1" 404 1015
192.168.10.89 - - [06/Mar/2017:08:39:41 -0300] "POST /cormun/servlet/trsolicitudgral?2f1b5310da86123ab35611c691142206,,gx-no-cache=1488803664516 HTTP/1.1" 200 7068
186.103.157.42 - - [06/Mar/2017:08:40:17 -0300] "POST /cormun/servlet/trsolicitudot?a407c74e98b3b2b3de9298c786d89925,gx-no-cache=1488800501528 HTTP/1.1" 200 106
186.103.157.42 - - [06/Mar/2017:08:40:17 -0300] "GET /cormun/servlet/trsolicitudadjuntos?2017,5177, HTTP/1.1" 200 6141
186.103.157.42 - - [06/Mar/2017:08:40:17 -0300] "GET /cormun/static/gxcfg.js?201612218531388 HTTP/1.1" 304 -
186.103.157.42 - - [06/Mar/2017:08:40:18 -0300] "GET /cormun/servlet/trsolicitudadjuntos?2017,5177, HTTP/1.1" 200 6140
186.103.157.42 - - [06/Mar/2017:08:40:20 -0300] "GET /cormun/servlet/solicitudotadjuntos?INS,2017,5177,,1, HTTP/1.1" 200 6074
186.103.157.42 - - [06/Mar/2017:08:40:20 -0300] "GET /cormun/static/gxcfg.js?201612218465951 HTTP/1.1" 304 -
186.103.157.42 - - [06/Mar/2017:08:40:20 -0300] "GET /cormun/static/solicitudotadjuntos.js?201612218465969 HTTP/1.1" 304 -
186.103.157.42 - - [06/Mar/2017:08:40:20 -0300] "GET /cormun/static/about:blank HTTP/1.1" 404 1011
186.103.157.42 - - [06/Mar/2017:08:40:20 -0300] "GET /cormun/servlet/solicitudotadjuntos?INS,2017,5177,,1, HTTP/1.1" 200 6068
186.103.157.42 - - [06/Mar/2017:08:40:21 -0300] "GET /cormun/servlet/solicitudotadjuntos?6db479dba247eade396beae3a9a4a804feb24174f634ee4b6a108e6c861a4a9715c26637a60a9686c498a6e69914691f,gx-no-cache=1488800505515 HTTP/1.1" 200 30
186.103.157.42 - - [06/Mar/2017:08:40:21 -0300] "POST /cormun/servlet/solicitudotadjuntos?a407c74e98b3b2b3de9298c786d89925,INS,2017,5177,,1,,gx-no-cache=1488800505585 HTTP/1.1" 200 3828
186.103.157.42 - - [06/Mar/2017:08:40:23 -0300] "POST /cormun/servlet/solicitudotadjuntos?gx-no-cache=1488800507536 HTTP/1.1" 200 26
186.103.157.42 - - [06/Mar/2017:08:40:45 -0300] "GET /cormun/servlet/solicitudotadjuntos?6db479dba247eade396beae3a9a4a80447a14a9b9185b534b3e2898f3fde360d,gx-no-cache=1488800529651 HTTP/1.1" 200 30
186.103.157.42 - - [06/Mar/2017:08:40:45 -0300] "GET /cormun/servlet/solicitudotadjuntos?6db479dba247eade396beae3a9a4a80447a14a9b9185b534b3e2898f3fde360d,gx-no-cache=1488800529715 HTTP/1.1" 200 30
186.103.157.42 - - [06/Mar/2017:08:40:45 -0300] "POST /cormun/servlet/solicitudotadjuntos?a407c74e98b3b2b3de9298c786d89925,INS,2017,5177,,1, HTTP/1.1" 200 116
186.103.157.42 - - [06/Mar/2017:08:40:45 -0300] "GET /cormun/servlet/hpexe_return? HTTP/1.1" 200 1023
186.103.157.42 - - [06/Mar/2017:08:40:46 -0300] "GET /cormun/servlet/trsolicitudadjuntos?2017,5177, HTTP/1.1" 200 8268
186.103.157.42 - - [06/Mar/2017:08:40:46 -0300] "GET /cormun/servlet/trsolicitudadjuntos?2017,5177, HTTP/1.1" 200 8262
186.103.157.42 - - [06/Mar/2017:08:40:49 -0300] "GET /cormun/servlet/solicitudotadjuntos?INS,2017,5177,,1, HTTP/1.1" 200 6074
186.103.157.42 - - [06/Mar/2017:08:40:50 -0300] "GET /cormun/static/about:blank HTTP/1.1" 404 1011
186.103.157.42 - - [06/Mar/2017:08:40:50 -0300] "GET /cormun/servlet/solicitudotadjuntos?INS,2017,5177,,1, HTTP/1.1" 200 6068
186.103.157.42 - - [06/Mar/2017:08:40:51 -0300] "GET /cormun/servlet/solicitudotadjuntos?6db479dba247eade396beae3a9a4a804feb24174f634ee4b6a108e6c861a4a9715c26637a60a9686c498a6e69914691f,gx-no-cache=1488800535225 HTTP/1.1" 200 30
186.103.157.42 - - [06/Mar/2017:08:40:51 -0300] "POST /cormun/servlet/solicitudotadjuntos?a407c74e98b3b2b3de9298c786d89925,INS,2017,5177,,1,,gx-no-cache=1488800535272 HTTP/1.1" 200 3828
186.103.157.42 - - [06/Mar/2017:08:40:54 -0300] "POST /cormun/servlet/solicitudotadjuntos?gx-no-cache=1488800538401 HTTP/1.1" 200 26
186.103.157.42 - - [06/Mar/2017:08:40:59 -0300] "GET /cormun/servlet/solicitudotadjuntos?6db479dba247eade396beae3a9a4a80447a14a9b9185b534b3e2898f3fde360d,gx-no-cache=1488800543143 HTTP/1.1" 200 30
186.103.157.42 - - [06/Mar/2017:08:40:59 -0300] "GET /cormun/servlet/solicitudotadjuntos?6db479dba247eade396beae3a9a4a80447a14a9b9185b534b3e2898f3fde360d,gx-no-cache=1488800543188 HTTP/1.1" 200 30
186.103.157.42 - - [06/Mar/2017:08:40:59 -0300] "POST /cormun/servlet/solicitudotadjuntos?a407c74e98b3b2b3de9298c786d89925,INS,2017,5177,,1, HTTP/1.1" 200 116
186.103.157.42 - - [06/Mar/2017:08:40:59 -0300] "GET /cormun/servlet/hpexe_return? HTTP/1.1" 200 1023
186.103.157.42 - - [06/Mar/2017:08:41:00 -0300] "GET /cormun/servlet/trsolicitudadjuntos?2017,5177, HTTP/1.1" 200 8440
186.103.157.42 - - [06/Mar/2017:08:41:00 -0300] "GET /cormun/servlet/trsolicitudadjuntos?2017,5177, HTTP/1.1" 200 8439
207.46.13.114 - - [06/Mar/2017:08:41:11 -0300] "GET /cormun/servlet/trautorizarsolicitud HTTP/1.1" 200 6028
157.55.39.240 - - [06/Mar/2017:08:41:25 -0300] "GET /cormun/static/PXToolsJavascripts/PXToolsJavascriptsRender.js HTTP/1.1" 200 367
207.46.13.153 - - [06/Mar/2017:08:41:30 -0300] "GET /cormun/static/hpexe_messagepopupcomponent.js?20161017169425 HTTP/1.1" 200 605
192.168.10.89 - - [06/Mar/2017:08:41:37 -0300] "POST /cormun/servlet/trsolicitudgral?2f1b5310da86123ab35611c691142206,,gx-no-cache=1488803781422 HTTP/1.1" 200 5402
192.168.10.89 - - [06/Mar/2017:08:41:43 -0300] "POST /cormun/servlet/trsolicitudgral?2f1b5310da86123ab35611c691142206,,gx-no-cache=1488803787092 HTTP/1.1" 200 5402
200.86.95.220 - - [06/Mar/2017:08:44:22 -0300] "POST /cormun/servlet/trsolicitudot?2944924bd27c9e8ab15560ca25ff7981,gx-no-cache=1488800732345 HTTP/1.1" 200 106
