192.168.10.96 - - [03/Mar/2017:11:46:34 -0300] "GET /cormun/servlet/trlicenciaspermisosadjuntos?10736118,20170303000000,L, HTTP/1.1" 200 6078
192.168.10.96 - - [03/Mar/2017:11:46:35 -0300] "POST /cormun/servlet/acontrolpreferencessavestate?None,CA-1,true HTTP/1.1" 200 35
192.168.10.96 - - [03/Mar/2017:11:46:35 -0300] "GET /cormun/servlet/licenciaspermisosadjuntos?INS,10736118,L,20170303000000,, HTTP/1.1" 200 5379
192.168.10.96 - - [03/Mar/2017:11:46:35 -0300] "GET /cormun/static/about:blank HTTP/1.1" 404 1011
192.168.10.96 - - [03/Mar/2017:11:46:35 -0300] "GET /cormun/servlet/licenciaspermisosadjuntos?INS,10736118,L,20170303000000,, HTTP/1.1" 200 5368
192.168.10.96 - - [03/Mar/2017:11:46:42 -0300] "POST /cormun/servlet/licenciaspermisosadjuntos?883d35e86dec70a287bb6b0c69bc47c6,INS,10736118,L,20170303000000,, HTTP/1.1" 200 116
192.168.10.96 - - [03/Mar/2017:11:46:42 -0300] "GET /cormun/servlet/hpexe_return? HTTP/1.1" 200 1043
192.168.10.96 - - [03/Mar/2017:11:46:42 -0300] "GET /cormun/servlet/trlicenciaspermisosadjuntos?10736118,20170303000000,L, HTTP/1.1" 200 6541
192.168.10.96 - - [03/Mar/2017:11:46:42 -0300] "GET /cormun/servlet/trlicenciaspermisosadjuntos?10736118,20170303000000,L, HTTP/1.1" 200 6538
192.168.10.96 - - [03/Mar/2017:11:46:48 -0300] "POST /cormun/servlet/trlicenciaspermisosadjuntos?883d35e86dec70a287bb6b0c69bc47c6,10736118,20170303000000,L,,gx-no-cache=1488555693991 HTTP/1.1" 200 90
190.101.9.138 - - [03/Mar/2017:11:46:48 -0300] "POST /cormun/servlet/trautorizarsolicitud?402e7ab0c3a5500efbfa784cbf9f583c,,gx-no-cache=1488552483750 HTTP/1.1" 200 5426
192.168.10.96 - - [03/Mar/2017:11:46:48 -0300] "GET /cormun/servlet/hpexe_link HTTP/1.1" 200 990
190.101.9.138 - - [03/Mar/2017:11:46:48 -0300] "GET /cormun/static/Shared/jqueryui/images/ui-bg_highlight-soft_100_c6c2c8_1x100.png HTTP/1.1" 404 1117
186.103.159.188 - - [03/Mar/2017:11:46:48 -0300] "GET /cormun/static/Shared/jqueryui/images/ui-icons_82798d_256x240.png HTTP/1.1" 404 1089
186.103.159.188 - - [03/Mar/2017:11:46:48 -0300] "GET /cormun/static/Shared/jqueryui/images/ui-bg_flat_55_fafafa_40x100.png HTTP/1.1" 404 1097
190.101.9.138 - - [03/Mar/2017:11:46:48 -0300] "GET /cormun/static/Shared/jqueryui/images/ui-icons_8d78a5_256x240.png HTTP/1.1" 404 1089
192.168.10.96 - - [03/Mar/2017:11:46:48 -0300] "GET /cormun/servlet/trlicencias HTTP/1.1" 200 7727
190.101.9.138 - - [03/Mar/2017:11:46:48 -0300] "POST /cormun/servlet/trautorizarsolicitud?402e7ab0c3a5500efbfa784cbf9f583c,,gx-no-cache=1488552484112 HTTP/1.1" 200 5372
192.168.10.96 - - [03/Mar/2017:11:46:49 -0300] "GET /cormun/servlet/trlicencias HTTP/1.1" 200 7726
190.101.9.138 - - [03/Mar/2017:11:46:50 -0300] "POST /cormun/servlet/trautorizarsolicitud?402e7ab0c3a5500efbfa784cbf9f583c,,gx-no-cache=1488552485338 HTTP/1.1" 200 4329
190.101.9.138 - - [03/Mar/2017:11:46:50 -0300] "POST /cormun/servlet/trautorizarsolicitud?402e7ab0c3a5500efbfa784cbf9f583c,,gx-no-cache=1488552485575 HTTP/1.1" 200 4102
192.168.10.96 - - [03/Mar/2017:11:46:53 -0300] "GET /cormun/servlet/alicenciaprn?10736118,L,20170303000000,PU HTTP/1.1" 200 1520
192.168.10.89 - - [03/Mar/2017:11:47:07 -0300] "POST /cormun/servlet/trsolicitudgral?8d77e722c11e89ad51f0a89ccddea63b,gx-no-cache=1488551406039,gx-no-cache=1488555713405 HTTP/1.1" 200 6469
192.168.10.89 - - [03/Mar/2017:11:47:09 -0300] "GET /cormun/servlet/solicitudgral2?UPD,2017,4536, HTTP/1.1" 200 12280
192.168.10.89 - - [03/Mar/2017:11:47:11 -0300] "POST /cormun/servlet/solicitudgral2?gx-no-cache=1488555717046 HTTP/1.1" 200 3151
192.168.10.89 - - [03/Mar/2017:11:47:11 -0300] "GET /cormun/servlet/solicitudgral2?a6ba28b43049d0d5a4c5057f87c5a7bfc4d24dd1e35c3948291daa51878381fc5c4454f38aa04e9f279b1ed7c7d2a114e04a48b06a52cd331a96bb9204053afd508220351cfeb9a4cafd2e081a063db309adb14d4fee7bc7d36aec10c41f8ac682bcdfa46abab873e46be7dd777d30a0dfc12c4d236f1f9906a7ccbca0b9279288757bef68e255a3d5c2ade5311000aad41df591f54666d1c9816cade9762885f41ffde0edfdc3ac51d0139795aa99b3287840e8a465829c884b21cd8e78eb220738860b1ffe090afc68e8f00da1881e2881e3a939dcd190a1fe9758dda7c5c0cb2a4891f03927bcad2e8d823612cdbacf5a09b95abca66596ac53ba6c5314b8c53f5ca7a6924f6756e0dd32471435745ae45fe9714d14f6efad007f13245adc6399038083875f0b682a1a6effe0d9a0e0ecf055c5c034eacfc9a6331b8a96fb200474fab03587d85c4a9cbe57af2156,gx-no-cache=1488555717246 HTTP/1.1" 200 257
192.168.10.89 - - [03/Mar/2017:11:47:11 -0300] "POST /cormun/servlet/solicitudgral2?gx-no-cache=1488555717280 HTTP/1.1" 200 1354
192.168.10.89 - - [03/Mar/2017:11:47:11 -0300] "GET /cormun/servlet/solicitudgral2?a6ba28b43049d0d5a4c5057f87c5a7bf21be6b0c6c40f29c4525ff5ad561d42b99e02e7675cadf7f25e9ddb192413e76e04a48b06a52cd331a96bb9204053afdffa17559a33011fef1987f121b0aeefeb0a1c126fbc22b96151c7bcd6fe40f7424b842153c1802e162f856d0723c976c,gx-no-cache=1488555717331 HTTP/1.1" 200 41
192.168.10.89 - - [03/Mar/2017:11:47:14 -0300] "POST /cormun/servlet/solicitudgral2?8d77e722c11e89ad51f0a89ccddea63b,UPD,2017,4536,,gx-no-cache=1488555719753 HTTP/1.1" 200 10578
192.168.10.89 - - [03/Mar/2017:11:47:16 -0300] "GET /cormun/servlet/solicitudgral2?a6ba28b43049d0d5a4c5057f87c5a7bfba21978690d0fbfc1a6c679cf227e96d56aa1089df2386d6857bf2ad8175244e52d782fee91b8dc0fea7c70297157f884d3acfaccd6aec43317d40ab19c0c05c6bff3f829d3d3f612b3063e3c437c038c1bde4274a7269ba3e613cc6111435e3481704ce508bde025ec3bf0e092cb5678eb3600b758e93a2c8dba669682f133f8304dc803086547ddb9d10501bdfd6b9,gx-no-cache=1488555721756 HTTP/1.1" 200 29
192.168.10.89 - - [03/Mar/2017:11:47:16 -0300] "POST /cormun/servlet/solicitudgral2?gx-no-cache=1488555721791 HTTP/1.1" 200 1250
192.168.10.89 - - [03/Mar/2017:11:47:16 -0300] "POST /cormun/servlet/solicitudgral2?gx-no-cache=1488555721833 HTTP/1.1" 200 1153
192.168.10.89 - - [03/Mar/2017:11:47:16 -0300] "GET /cormun/servlet/solicitudgral2?a6ba28b43049d0d5a4c5057f87c5a7bf28606ffca01df70a7c494ce7ea270687ce17a242a1e8dfe2c2c2f82ae9143ac17010a9f0c69c693846a78d45660824bea4ee5454d99ace3714df6b97f4e8eec5bfaae13ab138b2d38c415d8b2c5d7aae8c12cab1d30fc34cb573fae2dd00d3da0dec2de54d9b335b39b0582b9a6fa32b,gx-no-cache=1488555721868 HTTP/1.1" 200 30
192.168.10.89 - - [03/Mar/2017:11:47:16 -0300] "POST /cormun/servlet/solicitudgral2?8d77e722c11e89ad51f0a89ccddea63b,UPD,2017,4536,,gx-no-cache=1488555721894 HTTP/1.1" 200 93
192.168.10.89 - - [03/Mar/2017:11:47:16 -0300] "GET /cormun/servlet/hpexe_return? HTTP/1.1" 200 1036
192.168.10.89 - - [03/Mar/2017:11:47:17 -0300] "GET /cormun/servlet/trsolicitudgral?gx-no-cache=1488551406039 HTTP/1.1" 200 9856
186.79.30.74 - - [03/Mar/2017:11:47:41 -0300] "GET /cormun/servlet/solicitudot?INS,0,0, HTTP/1.1" 200 12536
186.79.30.74 - - [03/Mar/2017:11:47:43 -0300] "GET /cormun/servlet/solicitudot?INS,0,0, HTTP/1.1" 200 12541
192.168.10.96 - - [03/Mar/2017:11:47:50 -0300] "POST /cormun/servlet/trlicencias?883d35e86dec70a287bb6b0c69bc47c6,gx-no-cache=1488555755924 HTTP/1.1" 200 4020
192.168.10.96 - - [03/Mar/2017:11:47:50 -0300] "GET /cormun/static/Shared/jqueryui/images/ui-icons_82798d_256x240.png HTTP/1.1" 404 1089
192.168.10.96 - - [03/Mar/2017:11:47:50 -0300] "GET /cormun/static/Shared/jqueryui/images/ui-bg_highlight-soft_100_c6c2c8_1x100.png HTTP/1.1" 404 1117
192.168.10.96 - - [03/Mar/2017:11:47:50 -0300] "GET /cormun/static/Shared/jqueryui/images/ui-icons_8d78a5_256x240.png HTTP/1.1" 404 1089
192.168.10.96 - - [03/Mar/2017:11:47:50 -0300] "GET /cormun/static/Shared/jqueryui/images/ui-bg_flat_55_fafafa_40x100.png HTTP/1.1" 404 1097
186.79.30.74 - - [03/Mar/2017:11:48:01 -0300] "POST /cormun/servlet/solicitudot?gx-no-cache=1488552554065 HTTP/1.1" 200 3191
186.79.30.74 - - [03/Mar/2017:11:48:02 -0300] "POST /cormun/servlet/solicitudot?51369385d79bf71507035ac2490354f2,INS,0,0,,gx-no-cache=1488552554719 HTTP/1.1" 200 9796
186.103.159.182 - - [03/Mar/2017:11:48:17 -0300] "POST /cormun/servlet/solicitudot?8d295ccf9cbef6112ca89b09ea0ac640,INS,0,0,,gx-no-cache=1488552567220 HTTP/1.1" 200 93
186.103.159.182 - - [03/Mar/2017:11:48:17 -0300] "GET /cormun/servlet/hpexe_return? HTTP/1.1" 200 1006
186.103.159.182 - - [03/Mar/2017:11:48:17 -0300] "GET /cormun/static/gxcfg.js?2016101716175148 HTTP/1.1" 200 953
186.103.159.182 - - [03/Mar/2017:11:48:17 -0300] "GET /cormun/static/hpexe_return.js?2016101716175153 HTTP/1.1" 200 1633
186.103.159.182 - - [03/Mar/2017:11:48:17 -0300] "GET /cormun/servlet/trsolicitudot HTTP/1.1" 200 8295
186.103.159.182 - - [03/Mar/2017:11:48:19 -0300] "GET /cormun/servlet/trsolicitudot HTTP/1.1" 200 8290
186.103.159.182 - - [03/Mar/2017:11:48:19 -0300] "GET /cormun//static/Resources/PXToolsGridUpdate.png HTTP/1.1" 200 2984
186.103.159.182 - - [03/Mar/2017:11:48:19 -0300] "GET /cormun//static/Resources/PXToolsRemoveAllAction.png HTTP/1.1" 200 3558
186.103.159.182 - - [03/Mar/2017:11:48:19 -0300] "GET /cormun//static/Resources/PXToolsGridDelete.png HTTP/1.1" 200 357
186.103.159.182 - - [03/Mar/2017:11:48:19 -0300] "GET /cormun//static/Resources/PXTools/ActionInsert.png HTTP/1.1" 200 1482
186.103.159.182 - - [03/Mar/2017:11:48:19 -0300] "GET /cormun//static/Resources/PXToolsActionView.png HTTP/1.1" 200 2995
186.103.159.182 - - [03/Mar/2017:11:48:23 -0300] "GET /cormun/servlet/solicitudot?INS,0,0, HTTP/1.1" 200 12822
192.168.10.96 - - [03/Mar/2017:11:48:24 -0300] "GET /cormun/servlet/hlogin HTTP/1.1" 200 1739
186.103.159.182 - - [03/Mar/2017:11:48:25 -0300] "GET /cormun/servlet/solicitudot?INS,0,0, HTTP/1.1" 200 12827
186.79.30.74 - - [03/Mar/2017:11:48:40 -0300] "GET /cormun/servlet/solicitudot?2b94c23ae85e307addf1a085c977c125ea601750111a07941637d8ec45fe94d38abe5650c40e277a4fb607f8cb08aa71,gx-no-cache=1488552593108 HTTP/1.1" 200 30
186.79.72.23 - - [03/Mar/2017:11:48:40 -0300] "GET /cormun/servlet/hlogin HTTP/1.1" 200 1724
186.79.30.74 - - [03/Mar/2017:11:48:40 -0300] "POST /cormun/servlet/solicitudot?gx-no-cache=1488552593291 HTTP/1.1" 200 255
186.79.30.74 - - [03/Mar/2017:11:48:40 -0300] "GET /cormun/servlet/solicitudot?2b94c23ae85e307addf1a085c977c125701bfca45037884917a1921ec2099cbfc19e6121eac49f4e44d58b98fa0e37846d21af0dc51030c1f7eb31a8ec430dc14c201abee7bc6e3d98ffe4f5ac2d18326c9e2890deaf3d64d2954e4bd6e2f4b76be7a1b3a3c62ce25a23b6fd1b75f66e8dda4b69b5459458ec845af96c6d483c85ca299ff0a1ea919794634329745187954bb68b6868eca8575a457ff8df21ee8d841b5a160bdd259c028336c9bfcc069bcceb81273881300015a6b9449e73c748b1f4b8e7ea3b79d44b94e243899f3c49331a256b892222648465b12fdb67234890844c4850a18bba1b40df9d554a8657b474531091a9e31fd47e14fac41bf01135a1859d9033919049a2e21e9245d3e98b66ea85c42dff3f85e0f272de563b8e63cedadfe9d50460e6d3deffd92f8e6379571fd08ae6ad7cd8493a6122121057571e0f06e237ebba7800ba51a1229be95fd6e3035f2a3b70f8303fcad31c1fb711929e9c37eccb821b13596c57210e611bc726646cc886c5c1fe460a325776,gx-no-cache=1488552593421 HTTP/1.1" 200 30
186.79.30.74 - - [03/Mar/2017:11:48:44 -0300] "POST /cormun/servlet/solicitudot?gx-no-cache=1488552597107 HTTP/1.1" 200 30
186.103.159.182 - - [03/Mar/2017:11:48:45 -0300] "POST /cormun/servlet/solicitudot?gx-no-cache=1488552595329 HTTP/1.1" 200 3192
186.103.159.182 - - [03/Mar/2017:11:48:45 -0300] "POST /cormun/servlet/solicitudot?8d295ccf9cbef6112ca89b09ea0ac640,INS,0,0,,gx-no-cache=1488552595760 HTTP/1.1" 200 9976
186.79.30.74 - - [03/Mar/2017:11:48:50 -0300] "POST /cormun/servlet/solicitudot?gx-no-cache=1488552603296 HTTP/1.1" 200 1292
186.79.30.74 - - [03/Mar/2017:11:48:50 -0300] "POST /cormun/servlet/solicitudot?gx-no-cache=1488552603455 HTTP/1.1" 200 38
186.79.30.74 - - [03/Mar/2017:11:49:08 -0300] "GET /cormun/servlet/solicitudot?2b94c23ae85e307addf1a085c977c1256c9ddf58263f913eae255a8c2465793632c35abbae3876e842d67d0d28dbf5d041fa63ebcf05a8d6afc8ff864ff820086397683655f2a6a7050ba334a163da124ffa6a3a9e9624818912b6da06f1bac4dffa0a6ce9c4ef2a93b9034cec914f97d204c301178afacb1d372a393b0022994e0c3cec62f9c924a435c057b17147087d05c6c589fad1f6db35bb2e2212d81ac1ec74bc7e8e4ddc4379a1002efd7e17548dee6fc3f612b55ec86ec1549feb4739d4c367f70e9024d4aa27d3cb86e825,gx-no-cache=1488552621516 HTTP/1.1" 200 29
186.79.30.74 - - [03/Mar/2017:11:49:12 -0300] "POST /cormun/servlet/solicitudot?gx-no-cache=1488552624933 HTTP/1.1" 200 1275
186.79.30.74 - - [03/Mar/2017:11:49:12 -0300] "POST /cormun/servlet/solicitudot?gx-no-cache=1488552625136 HTTP/1.1" 200 1157
186.79.30.74 - - [03/Mar/2017:11:49:12 -0300] "GET /cormun/static/menuarrow.gif HTTP/1.1" 404 1015
186.79.30.74 - - [03/Mar/2017:11:49:20 -0300] "POST /cormun/servlet/solicitudot?gx-no-cache=1488552632618 HTTP/1.1" 200 1275
186.79.30.74 - - [03/Mar/2017:11:49:20 -0300] "POST /cormun/servlet/solicitudot?gx-no-cache=1488552632840 HTTP/1.1" 200 1157
186.103.159.182 - - [03/Mar/2017:11:49:29 -0300] "GET /cormun/servlet/solicitudot?7f0570b57a3f2aa593d372dba3f75d4f5c7e5c2c8d60459aa00bee3c801294bf5c07a4bed65a35555cae78a0a8c027b2,gx-no-cache=1488552639892 HTTP/1.1" 200 30
186.103.159.182 - - [03/Mar/2017:11:49:29 -0300] "POST /cormun/servlet/solicitudot?gx-no-cache=1488552639998 HTTP/1.1" 200 256
186.103.159.182 - - [03/Mar/2017:11:49:29 -0300] "GET /cormun/servlet/solicitudot?7f0570b57a3f2aa593d372dba3f75d4f81cfd0d10793362e299add8f855f2b05704012e4c15f4df9887b27ec830b22b4016bada567f0532b904cc9509d4fcac22d0cc0c60b159c3ec103da40692862da6dd05f237d0eb10864cf09a859357210c6bbb5483b10401697c0f4ed219ae94631c1a4e552844ab26b64e21f2e425b992be17eb0bc8d9910d582da60056ca4e0bd3e012315ee6dac8b573257d03c2df1d8352bb5e1e81d6b0dc9f9845fd504620f0abb7ea19f970b7bbfa2cd3d5bb3ec6b91bae290cfd64a7a52f82196059f89bac26c68b01047f8902cd4443a0c2d6c933057ce9f10dbba69aeb92f8f70d66d36160acb728a3f712bd2fcf6fcaef1673b56584ecbc6278dcfebd7a5248e3d4ce5796dc40673c70df87c190f68e79c527ced75ca70caa44edbc66616dfa5a9718ebcb4624278dfa3a4ade2788891d5906064d63b91e2973b786a6ec8e4b93a0e84c57106c6723fdcd932a4f19b4149c1cbecbc6ef535381476c173c6abe2daf750b73d803f0490d303311b82e844d557,gx-no-cache=1488552640086 HTTP/1.1" 200 30
186.79.30.74 - - [03/Mar/2017:11:49:31 -0300] "GET /cormun/servlet/solicitudot?2b94c23ae85e307addf1a085c977c1255419b3cf5ea07b105f346c4c6f8086238be2d1ae6c6b35f66ee7bdec77e3528f042b1060b71b5c1b6d5b24e165df5d0e715fbf0859204bfa0daea15396fbb945ed985842873dd5149396391a366060b16fc79936f9e7d17ac8e56a5537f19f969461c814cd71984c57965fafe2c1a5d23aea17b234a765270c0be76f8236d37aa067a3588f251929b7e8c8bc3da7eb9906e75576013f6bd431984856d3d800f6,gx-no-cache=1488552644126 HTTP/1.1" 200 30
186.103.159.182 - - [03/Mar/2017:11:49:32 -0300] "POST /cormun/servlet/solicitudot?gx-no-cache=1488552642768 HTTP/1.1" 200 30
186.103.159.182 - - [03/Mar/2017:11:49:33 -0300] "GET /cormun/servlet/prcontratosol?8915356,,,,,MD,,gxPopupLevel%3D0%3B HTTP/1.1" 200 5993
192.168.10.62 - - [03/Mar/2017:11:49:36 -0300] "POST /cormun/servlet/hlogin?c2d0899dbd9b6c91839939450c9bb63c,gx-no-cache=1488555862172 HTTP/1.1" 440 972
186.103.159.182 - - [03/Mar/2017:11:49:37 -0300] "POST /cormun/servlet/solicitudot?gx-no-cache=1488552647961 HTTP/1.1" 200 1291
186.103.159.182 - - [03/Mar/2017:11:49:37 -0300] "POST /cormun/servlet/solicitudot?gx-no-cache=1488552648054 HTTP/1.1" 200 38
186.103.159.182 - - [03/Mar/2017:11:49:37 -0300] "GET /cormun/servlet/solicitudot?7f0570b57a3f2aa593d372dba3f75d4f2cc0da48acb90217458d31b05a2c2d4d15873514a408a364106973242dfc5c95dcdd2a5eeca2c086db253891c888b56fd3afd2adea9aa6d79549cdf95f017a51ee52ee9c57bd463af6154c601097b9ee2aff692f160cb255d823720b68691ad18c16add61a8da17f6ad371c508fecab07b54cce3077978700dc21311b27160f03290d03132491fcf059aedb5f435184b,gx-no-cache=1488552648107 HTTP/1.1" 200 29
186.103.159.182 - - [03/Mar/2017:11:49:37 -0300] "POST /cormun/servlet/solicitudot?gx-no-cache=1488552648153 HTTP/1.1" 200 1274
186.103.159.182 - - [03/Mar/2017:11:49:38 -0300] "POST /cormun/servlet/solicitudot?gx-no-cache=1488552648223 HTTP/1.1" 200 1157
192.168.10.62 - - [03/Mar/2017:11:49:38 -0300] "GET /cormun/servlet/hlogin HTTP/1.1" 200 1724
186.103.158.250 - - [03/Mar/2017:11:49:43 -0300] "GET /cormun/servlet/licenciaspermisos?e179deb910dd1efdefd9456c1056dade51c59ef5fff7340f1b4538bc5761f543c65ac3c7a41bd5e88fd1fcfb06453bd3511c24e485ca912a4190636632852fe1d4825912072fbb9d796050439e6b75533c104e277b086630f255881476283d6f4cb1f7818fcc0d6a1a329991a79130f931e652ddeb0a6da19ae48d4015e59a1e0eb22d688d3a98c4626a25a0153433aac30283c5b85c5deec565f325d06e3ffa40163a846a83e3b8a0fa79aa8859a27c,gx-no-cache=1488552560500 HTTP/1.1" 200 30
186.79.30.74 - - [03/Mar/2017:11:49:43 -0300] "POST /cormun/servlet/solicitudot?51369385d79bf71507035ac2490354f2,INS,0,0,,gx-no-cache=1488552655790 HTTP/1.1" 200 93
186.79.30.74 - - [03/Mar/2017:11:49:43 -0300] "GET /cormun/servlet/hpexe_return? HTTP/1.1" 200 1006
186.79.30.74 - - [03/Mar/2017:11:49:44 -0300] "GET /cormun/servlet/trsolicitudot HTTP/1.1" 200 9508
186.103.158.250 - - [03/Mar/2017:11:49:44 -0300] "GET /cormun/servlet/licenciaspermisos?e179deb910dd1efdefd9456c1056dade12374a55dd1ff942251f6da089d6ea1785679e74eee676aa9f7e5c821bbb8ee7d5e168a8b9d6a5cef45fa293eaf3e3770cdf28d0aa6913ca1bdd7ccd7ad141ccce42f75a63c8a9ed6a58aa60867cf9c78a040dbbb0a51cd9041619eb37f8cf70148fef4a3e64d74f8aa752479b6c389fe23a40650d5f25b2760ff4fd7da7310cff43ded995257cafd7cc7e9b55d133e2fd5a85534cd93bd7a07c106c1e865989,gx-no-cache=1488552561190 HTTP/1.1" 200 29
186.103.158.250 - - [03/Mar/2017:11:49:45 -0300] "POST /cormun/servlet/licenciaspermisos?198324e275cce8d45f7dd093fc8baa59,INS,0,,,,gx-no-cache=1488552562189 HTTP/1.1" 200 93
186.103.158.250 - - [03/Mar/2017:11:49:45 -0300] "GET /cormun/servlet/hpexe_return? HTTP/1.1" 200 1009
186.103.158.250 - - [03/Mar/2017:11:49:45 -0300] "GET /cormun/static/gxcfg.js?2016101716175148 HTTP/1.1" 200 953
186.103.158.250 - - [03/Mar/2017:11:49:45 -0300] "GET /cormun/static/hpexe_return.js?2016101716175153 HTTP/1.1" 200 1633
186.103.158.250 - - [03/Mar/2017:11:49:46 -0300] "GET /cormun/servlet/trlicencias HTTP/1.1" 200 7812
186.79.30.74 - - [03/Mar/2017:11:49:46 -0300] "GET /cormun/servlet/trsolicitudot HTTP/1.1" 200 9503
186.103.158.250 - - [03/Mar/2017:11:49:47 -0300] "GET /cormun//static/Resources/PXToolsGridDelete.png HTTP/1.1" 200 357
186.103.158.250 - - [03/Mar/2017:11:49:47 -0300] "GET /cormun//static/Resources/PXToolsGridUpdate.png HTTP/1.1" 200 2984
186.103.158.250 - - [03/Mar/2017:11:49:47 -0300] "GET /cormun//static/Resources/PXToolsGridDisplay.png HTTP/1.1" 200 362
186.103.158.250 - - [03/Mar/2017:11:49:47 -0300] "GET /cormun//static/Resources/PXToolsHeaderFavorites.png HTTP/1.1" 200 2744
186.103.158.250 - - [03/Mar/2017:11:49:47 -0300] "GET /cormun//static/Resources/PXToolsActionPrint.png HTTP/1.1" 200 3317
186.103.158.250 - - [03/Mar/2017:11:49:47 -0300] "GET /cormun//static/Resources/PXTools/ActionInsert.png HTTP/1.1" 200 1482
186.103.158.250 - - [03/Mar/2017:11:49:47 -0300] "GET /cormun//static/Resources/PXToolsHeaderHelp.png HTTP/1.1" 200 4055
192.168.10.62 - - [03/Mar/2017:11:49:49 -0300] "POST /cormun/servlet/hlogin?fff5d73cefe7823a98abf3e53052c316,gx-no-cache=1488555874770 HTTP/1.1" 200 90
192.168.10.62 - - [03/Mar/2017:11:49:49 -0300] "GET /cormun/servlet/hpexe_link HTTP/1.1" 200 948
192.168.10.62 - - [03/Mar/2017:11:49:49 -0300] "GET /cormun/servlet/hhome HTTP/1.1" 200 3745
192.168.10.62 - - [03/Mar/2017:11:49:49 -0300] "GET /cormun/servlet/hhome HTTP/1.1" 200 3743
186.79.30.74 - - [03/Mar/2017:11:49:53 -0300] "GET /cormun/servlet/solicitudot?INS,0,0, HTTP/1.1" 200 12536
186.103.159.182 - - [03/Mar/2017:11:49:53 -0300] "POST /cormun/servlet/solicitudot?gx-no-cache=1488552663788 HTTP/1.1" 200 1273
186.103.159.182 - - [03/Mar/2017:11:49:54 -0300] "POST /cormun/servlet/solicitudot?gx-no-cache=1488552664063 HTTP/1.1" 200 1157
186.79.30.74 - - [03/Mar/2017:11:49:54 -0300] "GET /cormun/servlet/solicitudot?INS,0,0, HTTP/1.1" 200 12541
186.103.159.182 - - [03/Mar/2017:11:49:57 -0300] "POST /cormun/servlet/solicitudot?gx-no-cache=1488552667817 HTTP/1.1" 200 1273
186.103.159.182 - - [03/Mar/2017:11:49:57 -0300] "POST /cormun/servlet/solicitudot?gx-no-cache=1488552668338 HTTP/1.1" 200 1157
192.168.10.62 - - [03/Mar/2017:11:49:59 -0300] "GET /cormun/servlet/trconsultaempleado? HTTP/1.1" 200 8806
192.168.10.62 - - [03/Mar/2017:11:50:00 -0300] "GET /cormun/servlet/trconsultaempleado? HTTP/1.1" 200 8805
186.103.158.250 - - [03/Mar/2017:11:50:06 -0300] "GET /cormun/servlet/licenciaspermisos?INS,0,,, HTTP/1.1" 200 7114
186.79.30.74 - - [03/Mar/2017:11:50:08 -0300] "POST /cormun/servlet/solicitudot?gx-no-cache=1488552680731 HTTP/1.1" 200 3190
186.79.30.74 - - [03/Mar/2017:11:50:08 -0300] "POST /cormun/servlet/solicitudot?51369385d79bf71507035ac2490354f2,INS,0,0,,gx-no-cache=1488552681247 HTTP/1.1" 200 9799
192.168.10.62 - - [03/Mar/2017:11:50:10 -0300] "POST /cormun/servlet/trconsultaempleado?fff5d73cefe7823a98abf3e53052c316,,gx-no-cache=1488555895504 HTTP/1.1" 200 4025
186.79.30.74 - - [03/Mar/2017:11:50:12 -0300] "GET /cormun/servlet/solicitudot?2b94c23ae85e307addf1a085c977c125321cf1815264413e932c26bed50409c48abe5650c40e277a4fb607f8cb08aa71,gx-no-cache=1488552685036 HTTP/1.1" 200 30
186.79.30.74 - - [03/Mar/2017:11:50:12 -0300] "POST /cormun/servlet/solicitudot?gx-no-cache=1488552685189 HTTP/1.1" 200 255
192.168.10.62 - - [03/Mar/2017:11:50:12 -0300] "GET /cormun/servlet/trsolicitudnombre?15465221, HTTP/1.1" 200 7382
186.79.30.74 - - [03/Mar/2017:11:50:12 -0300] "GET /cormun/servlet/solicitudot?2b94c23ae85e307addf1a085c977c125701bfca45037884917a1921ec2099cbfc19e6121eac49f4e44d58b98fa0e37846d21af0dc51030c1f7eb31a8ec430dc14c201abee7bc6e3d98ffe4f5ac2d18326c9e2890deaf3d64d2954e4bd6e2f4b76be7a1b3a3c62ce25a23b6fd1b75f66e8dda4b69b5459458ec845af96c6d483c85ca299ff0a1ea919794634329745187954bb68b6868eca8575a457ff8df21ee8d841b5a160bdd259c028336c9bfcc069bcceb81273881300015a6b9449e73c748b1f4b8e7ea3b79d44b94e243899f3c49331a256b892222648465b12fdb67234890844c4850a18bba1b40df9d554a8657b474531091a9e31fd47e14fac41bf01135a1859d9033919049a2e21e9245d3e98b66ea85c42dff3f85e0f272de563b8e63cedadfe9d50460e6d3deffd92f8e6379571fd08ae6ad7cd8493a6122121057571e0f06e237ebba7800ba51a1229be95fd6e3035f2a3b70f8303fcad31c1fb711929e9c37eccb821b13596c57210e611bc726646cc886c5c1fe460a325776,gx-no-cache=1488552685340 HTTP/1.1" 200 30
192.168.10.62 - - [03/Mar/2017:11:50:13 -0300] "GET /cormun/servlet/trsolicitudnombre?15465221, HTTP/1.1" 200 7385
186.79.72.23 - - [03/Mar/2017:11:50:13 -0300] "POST /cormun/servlet/hlogin?76ab2f5f48313dcece24a9544236fbda,gx-no-cache=1488552683305 HTTP/1.1" 200 90
186.79.72.23 - - [03/Mar/2017:11:50:13 -0300] "GET /cormun/servlet/hpexe_link HTTP/1.1" 200 956
186.79.72.23 - - [03/Mar/2017:11:50:13 -0300] "GET /cormun/servlet/hhome HTTP/1.1" 200 3800
186.79.72.23 - - [03/Mar/2017:11:50:14 -0300] "GET /cormun/servlet/hhome HTTP/1.1" 200 3797
186.79.30.74 - - [03/Mar/2017:11:50:15 -0300] "POST /cormun/servlet/solicitudot?gx-no-cache=1488552687872 HTTP/1.1" 200 30
186.79.72.23 - - [03/Mar/2017:11:50:17 -0300] "GET /cormun/servlet/trlicencias? HTTP/1.1" 200 6642
186.79.72.23 - - [03/Mar/2017:11:50:17 -0300] "GET /cormun/static/gxcfg.js?2016122619301429 HTTP/1.1" 304 -
186.79.72.23 - - [03/Mar/2017:11:50:18 -0300] "GET /cormun/servlet/trlicencias? HTTP/1.1" 200 6641
186.79.30.74 - - [03/Mar/2017:11:50:19 -0300] "POST /cormun/servlet/solicitudot?gx-no-cache=1488552691982 HTTP/1.1" 200 1291
186.79.30.74 - - [03/Mar/2017:11:50:19 -0300] "POST /cormun/servlet/solicitudot?gx-no-cache=1488552692184 HTTP/1.1" 200 38
192.168.10.62 - - [03/Mar/2017:11:50:20 -0300] "POST /cormun/servlet/trsolicitudnombre?fff5d73cefe7823a98abf3e53052c316,15465221,,gx-no-cache=1488555905903 HTTP/1.1" 200 107
192.168.10.62 - - [03/Mar/2017:11:50:20 -0300] "POST /cormun/servlet/trsolicitudnombre?fff5d73cefe7823a98abf3e53052c316,15465221,,gx-no-cache=1488555906050 HTTP/1.1" 200 5420
192.168.10.62 - - [03/Mar/2017:11:50:20 -0300] "GET /cormun/SolicitudNombre-7406.xls HTTP/1.1" 200 6144
186.103.159.182 - - [03/Mar/2017:11:50:21 -0300] "GET /cormun/servlet/solicitudot?7f0570b57a3f2aa593d372dba3f75d4fc29798d48669a7a1f305ab9bc6d35aa38ec21749d1a8e0ad115bc3d0bfcbd5461215d38596b99c16bb4921bea4228e9d63191190f775187eef00a736e46072a75762e2aaf1a0e6dc2a98108616562198fe14f76b0fb7e6738ece0515179feb4b18c8ede8fe8d20769fee6d73d8d17b0a28496af25b66ec6843e0242a537b5931279adb03777e2e6435ce92bcfd70e4170bd64c2703ecf3b40dfae2e938f76b02,gx-no-cache=1488552691922 HTTP/1.1" 200 30
186.79.30.74 - - [03/Mar/2017:11:50:29 -0300] "GET /cormun/servlet/solicitudot?2b94c23ae85e307addf1a085c977c1256c9ddf58263f913eae255a8c2465793632c35abbae3876e842d67d0d28dbf5d041fa63ebcf05a8d6afc8ff864ff820086397683655f2a6a7050ba334a163da124ffa6a3a9e9624818912b6da06f1bac4dffa0a6ce9c4ef2a93b9034cec914f97d204c301178afacb1d372a393b0022994e0c3cec62f9c924a435c057b17147087d05c6c589fad1f6db35bb2e2212d81ac1ec74bc7e8e4ddc4379a1002efd7e17548dee6fc3f612b55ec86ec1549feb4739d4c367f70e9024d4aa27d3cb86e825,gx-no-cache=1488552701787 HTTP/1.1" 200 29
186.79.72.23 - - [03/Mar/2017:11:50:30 -0300] "GET /cormun/servlet/licenciaspermisos?INS,0,,, HTTP/1.1" 200 7145
186.79.72.23 - - [03/Mar/2017:11:50:31 -0300] "GET /cormun/static/gxcfg.js?2016122619301043 HTTP/1.1" 200 953
186.79.30.74 - - [03/Mar/2017:11:50:31 -0300] "POST /cormun/servlet/solicitudot?gx-no-cache=1488552703752 HTTP/1.1" 200 1275
186.79.30.74 - - [03/Mar/2017:11:50:31 -0300] "POST /cormun/servlet/solicitudot?gx-no-cache=1488552703977 HTTP/1.1" 200 1157
186.79.72.23 - - [03/Mar/2017:11:50:31 -0300] "GET /cormun/servlet/licenciaspermisos?INS,0,,, HTTP/1.1" 200 7144
186.79.30.74 - - [03/Mar/2017:11:50:31 -0300] "GET /cormun/static/menuarrow.gif HTTP/1.1" 404 1015
186.79.30.74 - - [03/Mar/2017:11:50:34 -0300] "POST /cormun/servlet/solicitudot?gx-no-cache=1488552706841 HTTP/1.1" 200 1275
186.79.30.74 - - [03/Mar/2017:11:50:34 -0300] "POST /cormun/servlet/solicitudot?gx-no-cache=1488552707088 HTTP/1.1" 200 1157
186.103.158.250 - - [03/Mar/2017:11:50:39 -0300] "GET /cormun/servlet/trlicencias? HTTP/1.1" 200 7809
186.79.30.74 - - [03/Mar/2017:11:50:45 -0300] "GET /cormun/servlet/solicitudot?2b94c23ae85e307addf1a085c977c12530a69b0c24c4471208a99672f933660fbe0ce092e4a1fbaeb553d3ae8785d468042b1060b71b5c1b6d5b24e165df5d0e715fbf0859204bfa0daea15396fbb945ed985842873dd5149396391a366060b16fc79936f9e7d17ac8e56a5537f19f969461c814cd71984c57965fafe2c1a5d23aea17b234a765270c0be76f8236d37aa067a3588f251929b7e8c8bc3da7eb9906e75576013f6bd431984856d3d800f6,gx-no-cache=1488552718641 HTTP/1.1" 200 30
186.103.158.250 - - [03/Mar/2017:11:50:46 -0300] "GET /cormun/servlet/trlicenciaspermisosadjuntos?17136773,20170303000000,L, HTTP/1.1" 200 6115
186.103.158.250 - - [03/Mar/2017:11:50:47 -0300] "GET /cormun/static/gxcfg.js?2016122813131454 HTTP/1.1" 200 953
186.103.158.250 - - [03/Mar/2017:11:50:47 -0300] "GET /cormun/static/trlicenciaspermisosadjuntos.js?2016122813131728 HTTP/1.1" 200 21008
186.103.158.250 - - [03/Mar/2017:11:50:49 -0300] "POST /cormun/servlet/acontrolpreferencessavestate?None,CE-4,true HTTP/1.1" 200 35
186.103.159.46 - - [03/Mar/2017:11:50:59 -0300] "GET /cormun/servlet/hhome HTTP/1.1" 200 3758
186.103.159.182 - - [03/Mar/2017:11:51:00 -0300] "POST /cormun/servlet/solicitudot?8d295ccf9cbef6112ca89b09ea0ac640,INS,0,0,,gx-no-cache=1488552730250 HTTP/1.1" 200 11323
186.103.159.182 - - [03/Mar/2017:11:51:00 -0300] "GET /cormun/static/Shared/jqueryui/images/ui-bg_highlight-soft_100_c6c2c8_1x100.png HTTP/1.1" 404 1117
186.103.159.182 - - [03/Mar/2017:11:51:00 -0300] "GET /cormun/static/Shared/jqueryui/images/ui-icons_82798d_256x240.png HTTP/1.1" 404 1089
186.103.159.182 - - [03/Mar/2017:11:51:00 -0300] "GET /cormun/static/Shared/jqueryui/images/ui-icons_ebccce_256x240.png HTTP/1.1" 404 1089
186.103.159.182 - - [03/Mar/2017:11:51:00 -0300] "GET /cormun/static/Shared/jqueryui/images/ui-bg_flat_55_994d53_40x100.png HTTP/1.1" 404 1097
186.103.159.46 - - [03/Mar/2017:11:51:01 -0300] "GET /cormun/servlet/hhome HTTP/1.1" 200 3767
186.103.159.182 - - [03/Mar/2017:11:51:03 -0300] "POST /cormun/servlet/solicitudot?8d295ccf9cbef6112ca89b09ea0ac640,INS,0,0,,gx-no-cache=1488552733263 HTTP/1.1" 200 11371
186.103.159.46 - - [03/Mar/2017:11:51:13 -0300] "GET /cormun/servlet/trpermisosgoce? HTTP/1.1" 200 8616
186.79.30.74 - - [03/Mar/2017:11:51:15 -0300] "POST /cormun/servlet/solicitudot?51369385d79bf71507035ac2490354f2,INS,0,0,,gx-no-cache=1488552747524 HTTP/1.1" 200 93
186.103.159.46 - - [03/Mar/2017:11:51:15 -0300] "GET /cormun/servlet/trpermisosgoce? HTTP/1.1" 200 8616
186.79.30.74 - - [03/Mar/2017:11:51:15 -0300] "GET /cormun/servlet/hpexe_return? HTTP/1.1" 200 1006
186.79.30.74 - - [03/Mar/2017:11:51:15 -0300] "GET /cormun/servlet/trsolicitudot HTTP/1.1" 200 9827
186.79.30.74 - - [03/Mar/2017:11:51:18 -0300] "GET /cormun/servlet/trsolicitudot HTTP/1.1" 200 9822
186.103.158.250 - - [03/Mar/2017:11:51:18 -0300] "GET /cormun/servlet/licenciaspermisosadjuntos?INS,17136773,L,20170303000000,, HTTP/1.1" 200 5408
186.103.158.250 - - [03/Mar/2017:11:51:19 -0300] "GET /cormun/static/gxcfg.js?2016122813131386 HTTP/1.1" 200 953
186.103.158.250 - - [03/Mar/2017:11:51:19 -0300] "GET /cormun/static/licenciaspermisosadjuntos.js?2016122813131394 HTTP/1.1" 200 8757
186.103.158.250 - - [03/Mar/2017:11:51:19 -0300] "HEAD /cormun/static/about:blank HTTP/1.1" 404 -
186.103.159.46 - - [03/Mar/2017:11:51:22 -0300] "GET /cormun/servlet/trpermisosadjuntos?13944224,20170301170111,P, HTTP/1.1" 200 6559
186.103.159.46 - - [03/Mar/2017:11:51:23 -0300] "GET /cormun/servlet/trpermisosadjuntos?13944224,20170301170111,P, HTTP/1.1" 200 6558
192.168.10.89 - - [03/Mar/2017:11:51:24 -0300] "POST /cormun/servlet/trsolicitudgral?8d77e722c11e89ad51f0a89ccddea63b,gx-no-cache=1488551406039,gx-no-cache=1488555970167 HTTP/1.1" 200 6488
186.103.159.46 - - [03/Mar/2017:11:51:26 -0300] "GET /cormun/servlet/permisosadjuntos?DLT,13944224,P,20170301170111,20170302095252, HTTP/1.1" 200 5464
186.103.159.46 - - [03/Mar/2017:11:51:27 -0300] "GET /cormun/PublicTempStorage/permiso_yanina_alcaina20170302085258_0015945681.pdf HTTP/1.1" 200 516413
186.103.159.46 - - [03/Mar/2017:11:51:28 -0300] "GET /cormun/static/Shared/jqueryui/images/ui-bg_highlight-soft_100_c6c2c8_1x100.png HTTP/1.1" 404 1117
186.103.159.46 - - [03/Mar/2017:11:51:28 -0300] "GET /cormun/static/Shared/jqueryui/images/ui-icons_82798d_256x240.png HTTP/1.1" 404 1089
186.103.159.46 - - [03/Mar/2017:11:51:28 -0300] "GET /cormun/static/Shared/jqueryui/images/ui-bg_flat_55_fafafa_40x100.png HTTP/1.1" 404 1097
186.103.159.46 - - [03/Mar/2017:11:51:28 -0300] "GET /cormun/static/Shared/jqueryui/images/ui-icons_8d78a5_256x240.png HTTP/1.1" 404 1089
186.103.159.46 - - [03/Mar/2017:11:51:28 -0300] "GET /cormun/servlet/permisosadjuntos?DLT,13944224,P,20170301170111,20170302095252, HTTP/1.1" 200 5452
186.79.30.74 - - [03/Mar/2017:11:51:28 -0300] "GET /cormun/servlet/solicitudot?INS,0,0, HTTP/1.1" 200 12536
186.79.30.74 - - [03/Mar/2017:11:51:30 -0300] "GET /cormun/servlet/solicitudot?INS,0,0, HTTP/1.1" 200 12541
186.103.159.46 - - [03/Mar/2017:11:51:32 -0300] "POST /cormun/servlet/permisosadjuntos?6f78033c3fe5e309d93f293c48d8f834,DLT,13944224,P,20170301170111,20170302095252,,gx-no-cache=1488552762791 HTTP/1.1" 200 93
186.103.159.46 - - [03/Mar/2017:11:51:32 -0300] "GET /cormun/servlet/hpexe_return? HTTP/1.1" 200 1047
186.103.159.46 - - [03/Mar/2017:11:51:32 -0300] "GET /cormun/servlet/trpermisosadjuntos?13944224,20170301170111,P, HTTP/1.1" 200 6087
186.103.159.46 - - [03/Mar/2017:11:51:34 -0300] "GET /cormun/servlet/trpermisosadjuntos?13944224,20170301170111,P, HTTP/1.1" 200 6084
192.168.10.89 - - [03/Mar/2017:11:51:39 -0300] "GET /cormun/servlet/solicitudgral2?UPD,2017,4513, HTTP/1.1" 200 12325
192.168.10.89 - - [03/Mar/2017:11:51:41 -0300] "POST /cormun/servlet/solicitudgral2?gx-no-cache=1488555986987 HTTP/1.1" 200 3165
192.168.10.89 - - [03/Mar/2017:11:51:41 -0300] "GET /cormun/servlet/solicitudgral2?a6ba28b43049d0d5a4c5057f87c5a7bfc4d24dd1e35c3948291daa51878381fc5c4454f38aa04e9f279b1ed7c7d2a114e04a48b06a52cd331a96bb9204053afd508220351cfeb9a4cafd2e081a063db309adb14d4fee7bc7d36aec10c41f8ac682bcdfa46abab873e46be7dd777d30a0dfc12c4d236f1f9906a7ccbca0b9279288757bef68e255a3d5c2ade5311000aad41df591f54666d1c9816cade9762885f41ffde0edfdc3ac51d0139795aa99b3287840e8a465829c884b21cd8e78eb220738860b1ffe090afc68e8f00da1881e2881e3a939dcd190a1fe9758dda7c5c0cb2a4891f03927bcad2e8d823612cdbacf5a09b95abca66596ac53ba6c5314b8c53f5ca7a6924f6756e0dd32471435745ae45fe9714d14f6efad007f13245adc6399038083875f0b682a1a6effe0d9a0e0ecf055c5c034eacfc9a6331b8a96fb200474fab03587d85c4a9cbe57af2156,gx-no-cache=1488555987257 HTTP/1.1" 200 257
192.168.10.89 - - [03/Mar/2017:11:51:41 -0300] "POST /cormun/servlet/solicitudgral2?gx-no-cache=1488555987289 HTTP/1.1" 200 1354
192.168.10.89 - - [03/Mar/2017:11:51:41 -0300] "GET /cormun/servlet/solicitudgral2?a6ba28b43049d0d5a4c5057f87c5a7bf21be6b0c6c40f29c4525ff5ad561d42b99e02e7675cadf7f25e9ddb192413e76e04a48b06a52cd331a96bb9204053afdffa17559a33011fef1987f121b0aeefeb0a1c126fbc22b96151c7bcd6fe40f7424b842153c1802e162f856d0723c976c,gx-no-cache=1488555987335 HTTP/1.1" 200 41
186.79.30.74 - - [03/Mar/2017:11:51:43 -0300] "POST /cormun/servlet/solicitudot?gx-no-cache=1488552776353 HTTP/1.1" 200 3206
186.79.30.74 - - [03/Mar/2017:11:51:44 -0300] "POST /cormun/servlet/solicitudot?51369385d79bf71507035ac2490354f2,INS,0,0,,gx-no-cache=1488552776853 HTTP/1.1" 200 9804
192.168.10.89 - - [03/Mar/2017:11:51:45 -0300] "POST /cormun/servlet/solicitudgral2?8d77e722c11e89ad51f0a89ccddea63b,UPD,2017,4513,,gx-no-cache=1488555990692 HTTP/1.1" 200 10594
186.103.159.46 - - [03/Mar/2017:11:51:45 -0300] "POST /cormun/servlet/trpermisosadjuntos?6f78033c3fe5e309d93f293c48d8f834,13944224,20170301170111,P,,gx-no-cache=1488552776723 HTTP/1.1" 200 90
186.103.159.46 - - [03/Mar/2017:11:51:45 -0300] "GET /cormun/servlet/hpexe_link HTTP/1.1" 200 988
186.103.159.46 - - [03/Mar/2017:11:51:46 -0300] "GET /cormun/servlet/trpermisosgoce HTTP/1.1" 200 8616
186.103.159.46 - - [03/Mar/2017:11:51:47 -0300] "GET /cormun/servlet/trpermisosgoce HTTP/1.1" 200 8615
186.103.159.182 - - [03/Mar/2017:11:51:47 -0300] "GET /cormun/servlet/solicitudot?7f0570b57a3f2aa593d372dba3f75d4fc29798d48669a7a1f305ab9bc6d35aa38ec21749d1a8e0ad115bc3d0bfcbd5461215d38596b99c16bb4921bea4228e9d63191190f775187eef00a736e46072a75762e2aaf1a0e6dc2a98108616562198fe14f76b0fb7e6738ece0515179feb4b18c8ede8fe8d20769fee6d73d8d17b0a28496af25b66ec6843e0242a537b5931279adb03777e2e6435ce92bcfd70e4170bd64c2703ecf3b40dfae2e938f76b02,gx-no-cache=1488552778126 HTTP/1.1" 200 30
192.168.10.89 - - [03/Mar/2017:11:51:48 -0300] "GET /cormun/servlet/solicitudgral2?a6ba28b43049d0d5a4c5057f87c5a7bfba21978690d0fbfc1a6c679cf227e96d56aa1089df2386d6857bf2ad8175244e52d782fee91b8dc0fea7c70297157f884d3acfaccd6aec43317d40ab19c0c05c6bff3f829d3d3f612b3063e3c437c038c1bde4274a7269ba3e613cc6111435e3481704ce508bde025ec3bf0e092cb5678eb3600b758e93a2c8dba669682f133f8304dc803086547ddb9d10501bdfd6b9,gx-no-cache=1488555993857 HTTP/1.1" 200 29
192.168.10.89 - - [03/Mar/2017:11:51:48 -0300] "POST /cormun/servlet/solicitudgral2?gx-no-cache=1488555993923 HTTP/1.1" 200 1250
192.168.10.89 - - [03/Mar/2017:11:51:48 -0300] "POST /cormun/servlet/solicitudgral2?gx-no-cache=1488555993965 HTTP/1.1" 200 1155
186.103.159.182 - - [03/Mar/2017:11:51:48 -0300] "POST /cormun/servlet/solicitudot?8d295ccf9cbef6112ca89b09ea0ac640,INS,0,0,,gx-no-cache=1488552778246 HTTP/1.1" 200 11420
192.168.10.89 - - [03/Mar/2017:11:51:48 -0300] "GET /cormun/servlet/solicitudgral2?a6ba28b43049d0d5a4c5057f87c5a7bf28606ffca01df70a7c494ce7ea270687ce17a242a1e8dfe2c2c2f82ae9143ac17010a9f0c69c693846a78d45660824bea4ee5454d99ace3714df6b97f4e8eec5bfaae13ab138b2d38c415d8b2c5d7aae8c12cab1d30fc34cb573fae2dd00d3da0dec2de54d9b335b39b0582b9a6fa32b,gx-no-cache=1488555994004 HTTP/1.1" 200 30
192.168.10.89 - - [03/Mar/2017:11:51:48 -0300] "POST /cormun/servlet/solicitudgral2?8d77e722c11e89ad51f0a89ccddea63b,UPD,2017,4513,,gx-no-cache=1488555994044 HTTP/1.1" 200 93
192.168.10.89 - - [03/Mar/2017:11:51:48 -0300] "GET /cormun/servlet/hpexe_return? HTTP/1.1" 200 1036
192.168.10.89 - - [03/Mar/2017:11:51:49 -0300] "GET /cormun/servlet/trsolicitudgral?gx-no-cache=1488551406039 HTTP/1.1" 200 9893
186.103.159.182 - - [03/Mar/2017:11:51:51 -0300] "GET /cormun/servlet/prcontratosol?8915356,,,,,MD,,gxPopupLevel%3D0%3B HTTP/1.1" 200 5993
186.79.30.74 - - [03/Mar/2017:11:51:54 -0300] "GET /cormun/servlet/solicitudot?2b94c23ae85e307addf1a085c977c1257d70c54e1021ba22efce4e2d2d1b30c68abe5650c40e277a4fb607f8cb08aa71,gx-no-cache=1488552787685 HTTP/1.1" 200 30
186.79.30.74 - - [03/Mar/2017:11:51:55 -0300] "POST /cormun/servlet/solicitudot?gx-no-cache=1488552787828 HTTP/1.1" 200 255
186.79.30.74 - - [03/Mar/2017:11:51:55 -0300] "GET /cormun/servlet/solicitudot?2b94c23ae85e307addf1a085c977c125701bfca45037884917a1921ec2099cbfc19e6121eac49f4e44d58b98fa0e37846d21af0dc51030c1f7eb31a8ec430dc14c201abee7bc6e3d98ffe4f5ac2d18326c9e2890deaf3d64d2954e4bd6e2f4b76be7a1b3a3c62ce25a23b6fd1b75f66e8dda4b69b5459458ec845af96c6d483c85ca299ff0a1ea919794634329745187954bb68b6868eca8575a457ff8df21ee8d841b5a160bdd259c028336c9bfcc069bcceb81273881300015a6b9449e73c748b1f4b8e7ea3b79d44b94e243899f3c49331a256b892222648465b12fdb67234890844c4850a18bba1b40df9d554a8657b474531091a9e31fd47e14fac41bf01135a1859d9033919049a2e21e9245d3e98b66ea85c42dff3f85e0f272de563b8e63cedadfe9d50460e6d3deffd92f8e6379571fd08ae6ad7cd8493a6122121057571e0f06e237ebba7800ba51a1229be95fd6e3035f2a3b70f8303fcad31c1fb711929e9c37eccb821b13596c57210e611bc726646cc886c5c1fe460a325776,gx-no-cache=1488552787951 HTTP/1.1" 200 30
186.103.159.46 - - [03/Mar/2017:11:51:55 -0300] "GET /cormun/servlet/permisogoce?DLT,13944224,P,20170301170111, HTTP/1.1" 200 6486
186.103.159.46 - - [03/Mar/2017:11:51:56 -0300] "GET /cormun/static/gxdec.js?85251 HTTP/1.1" 304 -
186.103.159.46 - - [03/Mar/2017:11:51:57 -0300] "GET /cormun/static/Shared/jqueryui/images/ui-bg_highlight-soft_100_c6c2c8_1x100.png HTTP/1.1" 404 1117
186.103.159.46 - - [03/Mar/2017:11:51:57 -0300] "GET /cormun/static/Shared/jqueryui/images/ui-icons_82798d_256x240.png HTTP/1.1" 404 1089
186.103.159.46 - - [03/Mar/2017:11:51:57 -0300] "GET /cormun/static/Shared/jqueryui/images/ui-icons_8d78a5_256x240.png HTTP/1.1" 404 1089
186.103.159.46 - - [03/Mar/2017:11:51:57 -0300] "GET /cormun/static/Shared/jqueryui/images/ui-bg_flat_55_fafafa_40x100.png HTTP/1.1" 404 1097
186.103.159.46 - - [03/Mar/2017:11:51:57 -0300] "GET /cormun/servlet/permisogoce?DLT,13944224,P,20170301170111, HTTP/1.1" 200 6488
186.79.30.74 - - [03/Mar/2017:11:52:03 -0300] "POST /cormun/servlet/solicitudot?gx-no-cache=1488552796315 HTTP/1.1" 200 30
186.103.159.46 - - [03/Mar/2017:11:52:04 -0300] "POST /cormun/servlet/permisogoce?6f78033c3fe5e309d93f293c48d8f834,DLT,13944224,P,20170301170111,,gx-no-cache=1488552795606 HTTP/1.1" 200 4201
186.103.159.46 - - [03/Mar/2017:11:52:04 -0300] "GET /cormun/static/Shared/jqueryui/images/ui-icons_ebccce_256x240.png HTTP/1.1" 404 1089
186.103.159.46 - - [03/Mar/2017:11:52:04 -0300] "GET /cormun/static/Shared/jqueryui/images/ui-bg_flat_55_994d53_40x100.png HTTP/1.1" 404 1097
186.79.30.74 - - [03/Mar/2017:11:52:06 -0300] "POST /cormun/servlet/solicitudot?gx-no-cache=1488552798703 HTTP/1.1" 200 1291
186.79.30.74 - - [03/Mar/2017:11:52:06 -0300] "POST /cormun/servlet/solicitudot?gx-no-cache=1488552798923 HTTP/1.1" 200 38
186.103.159.46 - - [03/Mar/2017:11:52:14 -0300] "POST /cormun/servlet/permisogoce?6f78033c3fe5e309d93f293c48d8f834,DLT,13944224,P,20170301170111,,gx-no-cache=1488552805577 HTTP/1.1" 200 93
186.103.159.46 - - [03/Mar/2017:11:52:14 -0300] "GET /cormun/servlet/hpexe_return? HTTP/1.1" 200 1030
186.103.159.46 - - [03/Mar/2017:11:52:14 -0300] "GET /cormun/servlet/trpermisosgoce HTTP/1.1" 200 8619
186.103.159.46 - - [03/Mar/2017:11:52:16 -0300] "GET /cormun/servlet/trpermisosgoce HTTP/1.1" 200 8614
200.54.247.69 - - [03/Mar/2017:11:52:22 -0300] "GET /cormun/servlet/licenciaspermisos?f1edb09b56adab45d1dbf610ee546682c8d2e719bf20a8cc3294b2f2774614f2e09cd0d6266a30f478f044deda57b1847e8ebbcb74f83df6c7f9356931520e6e26b56ad2094244056b0c7fc1c8a8563fde522f6cb48ab60665cce6881de37a7a6bf4b05a9a0d145c43451340c7cf5cfae9c912ad729fa01565367700758d53a41f798f8980de730e1032f4f736cad48b634c4110cedce1e7e09b98c2527b6d794940a2441caf96e04055fb2e1b6deef1,gx-no-cache=1488552812714 HTTP/1.1" 200 30
200.54.247.69 - - [03/Mar/2017:11:52:22 -0300] "POST /cormun/servlet/licenciaspermisos?0f4debc68f50ae4f794f68bec2e20975,INS,0,,,,gx-no-cache=1488552812805 HTTP/1.1" 200 4690
186.103.159.46 - - [03/Mar/2017:11:52:23 -0300] "GET /cormun/servlet/trlicenciaspermisoslog?13944224,P,20170301170111, HTTP/1.1" 200 5990
186.103.159.46 - - [03/Mar/2017:11:52:23 -0300] "GET /cormun/static/gxcfg.js?201612261930395 HTTP/1.1" 200 953
186.103.159.46 - - [03/Mar/2017:11:52:23 -0300] "GET /cormun/static/trlicenciaspermisoslog.js?2016122619304187 HTTP/1.1" 200 20023
186.79.30.74 - - [03/Mar/2017:11:52:23 -0300] "GET /cormun/servlet/solicitudot?2b94c23ae85e307addf1a085c977c1256c9ddf58263f913eae255a8c2465793632c35abbae3876e842d67d0d28dbf5d0f053b06ca6b31dd4cc48e04f2865f9346397683655f2a6a7050ba334a163da124ffa6a3a9e9624818912b6da06f1bac4dffa0a6ce9c4ef2a93b9034cec914f97d204c301178afacb1d372a393b0022994e0c3cec62f9c924a435c057b17147087d05c6c589fad1f6db35bb2e2212d81ac1ec74bc7e8e4ddc4379a1002efd7e17548dee6fc3f612b55ec86ec1549feb4739d4c367f70e9024d4aa27d3cb86e825,gx-no-cache=1488552816525 HTTP/1.1" 200 29
186.79.30.74 - - [03/Mar/2017:11:52:24 -0300] "POST /cormun/servlet/solicitudot?gx-no-cache=1488552816634 HTTP/1.1" 200 1274
186.79.30.74 - - [03/Mar/2017:11:52:24 -0300] "POST /cormun/servlet/solicitudot?gx-no-cache=1488552816851 HTTP/1.1" 200 1156
186.103.159.46 - - [03/Mar/2017:11:52:24 -0300] "GET /cormun/servlet/trlicenciaspermisoslog?13944224,P,20170301170111, HTTP/1.1" 200 5990
186.103.159.46 - - [03/Mar/2017:11:52:26 -0300] "POST /cormun/servlet/acontrolpreferencessavestate?None,CA-JAR,true HTTP/1.1" 200 35
186.103.159.182 - - [03/Mar/2017:11:52:37 -0300] "GET /cormun/servlet/solicitudot?7f0570b57a3f2aa593d372dba3f75d4fc29798d48669a7a1f305ab9bc6d35aa38ec21749d1a8e0ad115bc3d0bfcbd5461215d38596b99c16bb4921bea4228e9d63191190f775187eef00a736e46072a75762e2aaf1a0e6dc2a98108616562198fe14f76b0fb7e6738ece0515179feb4b18c8ede8fe8d20769fee6d73d8d17b0a28496af25b66ec6843e0242a537b5931279adb03777e2e6435ce92bcfd70e4170bd64c2703ecf3b40dfae2e938f76b02,gx-no-cache=1488552828314 HTTP/1.1" 200 30
186.103.159.182 - - [03/Mar/2017:11:52:38 -0300] "POST /cormun/servlet/solicitudot?8d295ccf9cbef6112ca89b09ea0ac640,INS,0,0,,gx-no-cache=1488552828387 HTTP/1.1" 200 11461
186.103.159.46 - - [03/Mar/2017:11:52:40 -0300] "GET /cormun/servlet/trpermisosgoce HTTP/1.1" 200 8622
186.103.159.46 - - [03/Mar/2017:11:52:41 -0300] "GET /cormun/servlet/trpermisosgoce HTTP/1.1" 200 8620
186.79.72.23 - - [03/Mar/2017:11:53:00 -0300] "GET /cormun/servlet/licenciaspermisos?20fe52df1345f7622c7d5e2271a0b303fd9eaae54e5cd4e47c2262e4352232da8e952477c0e8289fca0ef6781b13efd6,gx-no-cache=1488552850812 HTTP/1.1" 200 60
186.79.72.23 - - [03/Mar/2017:11:53:01 -0300] "POST /cormun/servlet/licenciaspermisos?76ab2f5f48313dcece24a9544236fbda,INS,0,,,,gx-no-cache=1488552851003 HTTP/1.1" 200 4415
186.103.159.182 - - [03/Mar/2017:11:53:07 -0300] "POST /cormun/servlet/solicitudot?gx-no-cache=1488552857723 HTTP/1.1" 200 30
186.103.159.182 - - [03/Mar/2017:11:53:07 -0300] "POST /cormun/servlet/solicitudot?gx-no-cache=1488552857808 HTTP/1.1" 200 1290
186.103.159.182 - - [03/Mar/2017:11:53:07 -0300] "POST /cormun/servlet/solicitudot?gx-no-cache=1488552857909 HTTP/1.1" 200 41
186.103.159.182 - - [03/Mar/2017:11:53:07 -0300] "POST /cormun/servlet/solicitudot?gx-no-cache=1488552857991 HTTP/1.1" 200 1273
186.103.159.182 - - [03/Mar/2017:11:53:07 -0300] "POST /cormun/servlet/solicitudot?gx-no-cache=1488552858052 HTTP/1.1" 200 1157
186.103.159.46 - - [03/Mar/2017:11:53:10 -0300] "GET /cormun/servlet/trpermisosgoce? HTTP/1.1" 200 8620
186.103.159.46 - - [03/Mar/2017:11:53:12 -0300] "GET /cormun/servlet/trpermisosgoce? HTTP/1.1" 200 8622
186.103.159.182 - - [03/Mar/2017:11:53:14 -0300] "GET /cormun/servlet/solicitudot?7f0570b57a3f2aa593d372dba3f75d4fc29798d48669a7a1f305ab9bc6d35aa38ec21749d1a8e0ad115bc3d0bfcbd5461215d38596b99c16bb4921bea4228e9d63191190f775187eef00a736e46072a75762e2aaf1a0e6dc2a98108616562198fe14f76b0fb7e6738ece0515179feb4b18c8ede8fe8d20769fee6d73d8d17b0a28496af25b66ec6843e0242a537b5931279adb03777e2e6435ce92bcfd70e4170bd64c2703ecf3b40dfae2e938f76b02,gx-no-cache=1488552864871 HTTP/1.1" 200 30
186.103.159.182 - - [03/Mar/2017:11:53:14 -0300] "POST /cormun/servlet/solicitudot?8d295ccf9cbef6112ca89b09ea0ac640,INS,0,0,,gx-no-cache=1488552864945 HTTP/1.1" 200 11518
186.103.159.46 - - [03/Mar/2017:11:53:16 -0300] "GET /cormun/servlet/permisogoce?INS,0,,, HTTP/1.1" 200 6535
186.103.159.46 - - [03/Mar/2017:11:53:17 -0300] "GET /cormun/servlet/permisogoce?INS,0,,, HTTP/1.1" 200 6535
200.54.247.69 - - [03/Mar/2017:11:53:27 -0300] "GET /cormun/servlet/prfichaempleado?,MD,,gxPopupLevel%3D0%3B HTTP/1.1" 200 8851
186.79.30.74 - - [03/Mar/2017:11:53:35 -0300] "GET /cormun/static/menuarrow.gif HTTP/1.1" 404 1015
186.79.72.23 - - [03/Mar/2017:11:53:36 -0300] "GET /cormun/static/menuarrow.gif HTTP/1.1" 404 1015
200.54.247.69 - - [03/Mar/2017:11:53:38 -0300] "POST /cormun/servlet/prfichaempleado?0f4debc68f50ae4f794f68bec2e20975,,MD,,gxPopupLevel%3D0%3B,gx-no-cache=1488552889094 HTTP/1.1" 200 3390
200.54.247.69 - - [03/Mar/2017:11:53:44 -0300] "GET /cormun/servlet/licenciaspermisos?f1edb09b56adab45d1dbf610ee546682f7bd3d07745b27eccfb66a498428755cdb7e941addeb65f0af94924d2a52a60999509cdae8b12877769d8bdc587a72234c91bb6e4b37d3afec28f8f4a23ad81c62d0f22a0fa4ab45117600f6c96339a3b0d8d0f9465bb2fae11b8eb604d8e4f8a2c610ee76a1a56751fb7bf46eb20b382e86122a81a84af0297080931caa0f1df0eef951fb39529a197b036e47e98beeaad2e60d82136768cd78b138b623d215c9c4ac9583762ea56effe0916d5cc7a02d75065657366c6fc122052c4e94da821fe34fc19a57bf71c45f6be21c9f4849a41aba10ab6b6180becc36b35a45694b,gx-no-cache=1488552894870 HTTP/1.1" 200 57
200.54.247.69 - - [03/Mar/2017:11:53:44 -0300] "POST /cormun/servlet/licenciaspermisos?0f4debc68f50ae4f794f68bec2e20975,INS,0,,,,gx-no-cache=1488552894937 HTTP/1.1" 200 93
200.54.247.69 - - [03/Mar/2017:11:53:44 -0300] "GET /cormun/servlet/hpexe_return? HTTP/1.1" 200 1009
200.54.247.69 - - [03/Mar/2017:11:53:44 -0300] "GET /cormun/servlet/trlicencias HTTP/1.1" 200 8438
186.103.159.46 - - [03/Mar/2017:11:53:54 -0300] "GET /cormun/servlet/permisogoce?c4767e85c9f0001230264730c5a5a83f49bf80dc1961dd40787302fc4b230f687d466e4e170a47c3e477fd9009ec5687,gx-no-cache=1488552905994 HTTP/1.1" 200 74
186.103.159.46 - - [03/Mar/2017:11:53:55 -0300] "GET /cormun/static/menuarrow.gif HTTP/1.1" 404 1015
186.79.30.74 - - [03/Mar/2017:11:54:02 -0300] "GET /cormun/servlet/solicitudot?2b94c23ae85e307addf1a085c977c1253d6c9f21e3959879235b74bc743cb72577a45a4fcc34fac4af6e07e1519566f8042b1060b71b5c1b6d5b24e165df5d0e715fbf0859204bfa0daea15396fbb945ed985842873dd5149396391a366060b16fc79936f9e7d17ac8e56a5537f19f969461c814cd71984c57965fafe2c1a5d23aea17b234a765270c0be76f8236d37aa067a3588f251929b7e8c8bc3da7eb9906e75576013f6bd431984856d3d800f6,gx-no-cache=1488552914932 HTTP/1.1" 200 30
186.103.159.46 - - [03/Mar/2017:11:54:05 -0300] "GET /cormun/servlet/permisogoce?c4767e85c9f0001230264730c5a5a83fad67c3379fa9d5aca2fc7f5d8547e0a34623688a487e28b0db0d0e1e65cec98d677b4178bd348631e2e0d7e4ae5934d2,gx-no-cache=1488552916187 HTTP/1.1" 200 129
186.103.159.46 - - [03/Mar/2017:11:54:05 -0300] "GET /cormun/static/Shared/jqueryui/images/ui-bg_highlight-soft_100_c6c2c8_1x100.png HTTP/1.1" 404 1117
186.103.159.46 - - [03/Mar/2017:11:54:05 -0300] "GET /cormun/static/Shared/jqueryui/images/ui-icons_82798d_256x240.png HTTP/1.1" 404 1089
186.103.159.46 - - [03/Mar/2017:11:54:05 -0300] "GET /cormun/static/Shared/jqueryui/images/ui-bg_flat_55_994d53_40x100.png HTTP/1.1" 404 1097
186.103.159.46 - - [03/Mar/2017:11:54:05 -0300] "GET /cormun/static/Shared/jqueryui/images/ui-icons_ebccce_256x240.png HTTP/1.1" 404 1089
186.79.30.74 - - [03/Mar/2017:11:54:13 -0300] "POST /cormun/servlet/solicitudot?51369385d79bf71507035ac2490354f2,INS,0,0,,gx-no-cache=1488552925552 HTTP/1.1" 200 93
186.79.30.74 - - [03/Mar/2017:11:54:13 -0300] "GET /cormun/servlet/hpexe_return? HTTP/1.1" 200 1006
186.79.30.74 - - [03/Mar/2017:11:54:13 -0300] "GET /cormun/servlet/trsolicitudot HTTP/1.1" 200 10199
186.103.159.182 - - [03/Mar/2017:11:54:14 -0300] "POST /cormun/servlet/solicitudot?8d295ccf9cbef6112ca89b09ea0ac640,INS,0,0,,gx-no-cache=1488552924600 HTTP/1.1" 200 90
186.103.159.182 - - [03/Mar/2017:11:54:14 -0300] "GET /cormun/servlet/hpexe_link HTTP/1.1" 200 964
186.103.159.182 - - [03/Mar/2017:11:54:14 -0300] "GET /cormun/servlet/trsolicitudot HTTP/1.1" 200 8292
186.79.30.74 - - [03/Mar/2017:11:54:15 -0300] "GET /cormun/servlet/trsolicitudot HTTP/1.1" 200 10195
186.103.159.182 - - [03/Mar/2017:11:54:16 -0300] "GET /cormun/servlet/trsolicitudot HTTP/1.1" 200 8290
186.103.159.182 - - [03/Mar/2017:11:54:25 -0300] "GET /cormun/servlet/solicitudot?INS,0,0, HTTP/1.1" 200 12822
186.103.159.182 - - [03/Mar/2017:11:54:27 -0300] "GET /cormun/servlet/solicitudot?INS,0,0, HTTP/1.1" 200 12827
186.103.159.46 - - [03/Mar/2017:11:54:37 -0300] "GET /cormun/servlet/permisogoce?c4767e85c9f0001230264730c5a5a83fad67c3379fa9d5aca2fc7f5d8547e0a34623688a487e28b0db0d0e1e65cec98dd1ba5271feedc4f7bdd1034884583c97,gx-no-cache=1488552948762 HTTP/1.1" 200 47
186.103.159.182 - - [03/Mar/2017:11:54:40 -0300] "POST /cormun/servlet/solicitudot?gx-no-cache=1488552950042 HTTP/1.1" 200 3146
186.103.159.182 - - [03/Mar/2017:11:54:40 -0300] "POST /cormun/servlet/solicitudot?8d295ccf9cbef6112ca89b09ea0ac640,INS,0,0,,gx-no-cache=1488552950807 HTTP/1.1" 200 9935
186.79.30.74 - - [03/Mar/2017:11:54:43 -0300] "GET /cormun/servlet/solicitudot?INS,0,0, HTTP/1.1" 200 12536
200.54.247.69 - - [03/Mar/2017:11:54:44 -0300] "GET /cormun/servlet/trlicenciaspermisosadjuntos?15105485,20170303000000,L, HTTP/1.1" 200 6324
186.103.159.182 - - [03/Mar/2017:11:54:44 -0300] "GET /cormun/servlet/solicitudot?7f0570b57a3f2aa593d372dba3f75d4f887f466d71bd51248f3aa33dc705834a5c07a4bed65a35555cae78a0a8c027b2,gx-no-cache=1488552954960 HTTP/1.1" 200 30
186.103.159.182 - - [03/Mar/2017:11:54:44 -0300] "POST /cormun/servlet/solicitudot?gx-no-cache=1488552955075 HTTP/1.1" 200 255
