186.79.30.74 - - [03/Mar/2017:12:30:35 -0300] "POST /cormun/servlet/solicitudot?gx-no-cache=1488555108391 HTTP/1.1" 200 30
200.112.2.250 - - [03/Mar/2017:12:30:35 -0300] "GET /cormun/servlet/solicitudot?INS,0,0, HTTP/1.1" 200 12780
186.103.159.182 - - [03/Mar/2017:12:30:36 -0300] "GET /cormun/servlet/trsolicitudot HTTP/1.1" 200 12157
186.79.30.74 - - [03/Mar/2017:12:30:38 -0300] "POST /cormun/servlet/solicitudot?gx-no-cache=1488555111233 HTTP/1.1" 200 1292
186.79.30.74 - - [03/Mar/2017:12:30:38 -0300] "POST /cormun/servlet/solicitudot?gx-no-cache=1488555111418 HTTP/1.1" 200 38
186.103.159.230 - - [03/Mar/2017:12:30:40 -0300] "POST /cormun/servlet/solicitudot?gx-no-cache=1488555107357 HTTP/1.1" 200 3081
186.103.159.230 - - [03/Mar/2017:12:30:40 -0300] "POST /cormun/servlet/solicitudot?779e2530f817ad4c2a6e4f3a646b84b4,INS,0,0,,gx-no-cache=1488555108066 HTTP/1.1" 200 9867
200.112.2.250 - - [03/Mar/2017:12:30:46 -0300] "GET /cormun/servlet/prfichaempleado?,MD,,gxPopupLevel%3D0%3B HTTP/1.1" 200 8848
186.79.30.74 - - [03/Mar/2017:12:30:58 -0300] "GET /cormun/servlet/solicitudot?2b94c23ae85e307addf1a085c977c1256c9ddf58263f913eae255a8c2465793632c35abbae3876e842d67d0d28dbf5d0f45e4eebd8dc371a45b9911c3b3fdf12c87959e1d83913b98c22dd00dff24de56c7896a4ca75d7d796c9aec9aeb6a481ba6c35c705c7e4f57fff192a14090c37,gx-no-cache=1488555130921 HTTP/1.1" 200 29
186.79.30.74 - - [03/Mar/2017:12:30:58 -0300] "POST /cormun/servlet/solicitudot?gx-no-cache=1488555131075 HTTP/1.1" 200 1275
200.112.2.250 - - [03/Mar/2017:12:30:58 -0300] "POST /cormun/servlet/prfichaempleado?c7d53cd0402d8780af9f7e0a7a783818,,MD,,gxPopupLevel%3D0%3B,gx-no-cache=1488555131708 HTTP/1.1" 200 3463
186.79.30.74 - - [03/Mar/2017:12:30:58 -0300] "POST /cormun/servlet/solicitudot?gx-no-cache=1488555131300 HTTP/1.1" 200 1157
186.79.30.74 - - [03/Mar/2017:12:30:58 -0300] "GET /cormun/static/menuarrow.gif HTTP/1.1" 404 1015
186.103.159.182 - - [03/Mar/2017:12:30:59 -0300] "GET /cormun/servlet/vesolicitudot?2017,5120,, HTTP/1.1" 200 8268
186.103.159.182 - - [03/Mar/2017:12:30:59 -0300] "GET /cormun/static/gxcfg.js?20161221854299 HTTP/1.1" 200 953
186.103.159.182 - - [03/Mar/2017:12:30:59 -0300] "GET /cormun/pexe_scrolldiv.js HTTP/1.1" 404 1009
186.103.159.182 - - [03/Mar/2017:12:30:59 -0300] "GET /cormun/static/vesolicitudot.js?20161221854352 HTTP/1.1" 200 6091
186.103.159.182 - - [03/Mar/2017:12:30:59 -0300] "GET /cormun/static/hwcviewtabs.js?201612218431866 HTTP/1.1" 200 1074
186.103.159.182 - - [03/Mar/2017:12:30:59 -0300] "GET /cormun/static/hpexe_tabsview.js?201610171694228 HTTP/1.1" 200 1661
186.103.159.182 - - [03/Mar/2017:12:30:59 -0300] "GET /cormun/static/Resources/PXToolsTabFirstSelected.png HTTP/1.1" 200 1259
186.103.159.182 - - [03/Mar/2017:12:30:59 -0300] "GET /cormun/static/Resources/PXToolsTabLastUnselected.png HTTP/1.1" 200 1291
186.103.159.182 - - [03/Mar/2017:12:30:59 -0300] "GET /cormun/static/Resources/PXToolsTabPrevious.gif HTTP/1.1" 200 172
186.103.159.182 - - [03/Mar/2017:12:30:59 -0300] "GET /cormun/static/tbsolicitudot01.js?2017119103633 HTTP/1.1" 200 28340
186.103.159.182 - - [03/Mar/2017:12:30:59 -0300] "GET /cormun/static/Resources/PXToolsTabNext.gif HTTP/1.1" 200 168
186.103.159.182 - - [03/Mar/2017:12:30:59 -0300] "GET /cormun/pexe_scrolldiv.js HTTP/1.1" 404 1009
186.103.159.182 - - [03/Mar/2017:12:31:01 -0300] "GET /cormun/static/calendar-system.css HTTP/1.1" 200 5572
186.103.159.182 - - [03/Mar/2017:12:31:01 -0300] "GET /cormun/static/Resources/PXToolsTabBackSelected.png HTTP/1.1" 200 1157
186.103.159.182 - - [03/Mar/2017:12:31:01 -0300] "GET /cormun/static/Resources/PXToolsTabBackUnselected.png HTTP/1.1" 200 1175
186.103.159.182 - - [03/Mar/2017:12:31:01 -0300] "GET /cormun/static/Resources/PXToolsTabSelectedUnselected.png HTTP/1.1" 200 1428
186.103.159.182 - - [03/Mar/2017:12:31:01 -0300] "GET /cormun/static/Resources/PXToolsTabUnselectedUnselected.png HTTP/1.1" 200 1459
186.103.159.182 - - [03/Mar/2017:12:31:01 -0300] "GET /cormun/servlet/vesolicitudot?2017,5120,, HTTP/1.1" 200 8267
186.79.30.74 - - [03/Mar/2017:12:31:01 -0300] "POST /cormun/servlet/solicitudot?gx-no-cache=1488555133880 HTTP/1.1" 200 1275
186.79.30.74 - - [03/Mar/2017:12:31:01 -0300] "POST /cormun/servlet/solicitudot?gx-no-cache=1488555134101 HTTP/1.1" 200 1157
186.103.159.230 - - [03/Mar/2017:12:31:02 -0300] "GET /cormun/servlet/solicitudot?77ee9ecb4482d264fbb6c8ddcd5b9cb66258c4c68c40dd99f19bf552ce53439946ae58fd69ad172dbbbd81b7ac6bda3c,gx-no-cache=1488555129935 HTTP/1.1" 200 30
186.103.159.182 - - [03/Mar/2017:12:31:10 -0300] "POST /cormun/servlet/vesolicitudot?8d295ccf9cbef6112ca89b09ea0ac640,2017,5120,,,gx-no-cache=1488555140435 HTTP/1.1" 200 93
186.103.159.182 - - [03/Mar/2017:12:31:10 -0300] "GET /cormun/servlet/hpexe_return? HTTP/1.1" 200 1009
200.112.2.250 - - [03/Mar/2017:12:31:10 -0300] "POST /cormun/servlet/solicitudot?gx-no-cache=1488555143828 HTTP/1.1" 200 3187
186.103.159.182 - - [03/Mar/2017:12:31:10 -0300] "GET /cormun/servlet/trsolicitudot HTTP/1.1" 200 12161
200.112.2.250 - - [03/Mar/2017:12:31:11 -0300] "POST /cormun/servlet/solicitudot?c7d53cd0402d8780af9f7e0a7a783818,INS,0,0,,gx-no-cache=1488555144369 HTTP/1.1" 200 9953
200.112.2.250 - - [03/Mar/2017:12:31:12 -0300] "GET /cormun/servlet/solicitudot?658c68cebbf576839dc68b4de42349f6924f255f7e2bd83ae225b5ef7963a0625a26dec8f6b010faf5f7ffae73889d14,gx-no-cache=1488555145619 HTTP/1.1" 200 30
186.103.159.182 - - [03/Mar/2017:12:31:12 -0300] "GET /cormun/servlet/trsolicitudot HTTP/1.1" 200 12157
186.103.159.182 - - [03/Mar/2017:12:31:16 -0300] "GET /cormun/servlet/solicitudot?INS,0,0, HTTP/1.1" 200 12822
186.79.30.74 - - [03/Mar/2017:12:31:17 -0300] "GET /cormun/servlet/solicitudot?2b94c23ae85e307addf1a085c977c125645cde50c7d2cd2b834ef6381ebb6d64be0ce092e4a1fbaeb553d3ae8785d468042b1060b71b5c1b6d5b24e165df5d0e715fbf0859204bfa0daea15396fbb945ed985842873dd5149396391a366060b16fc79936f9e7d17ac8e56a5537f19f969461c814cd71984c57965fafe2c1a5d23aea17b234a765270c0be76f8236d37aa067a3588f251929b7e8c8bc3da7eb9906e75576013f6bd431984856d3d800f6,gx-no-cache=1488555150160 HTTP/1.1" 200 30
186.103.159.182 - - [03/Mar/2017:12:31:17 -0300] "GET /cormun/servlet/solicitudot?INS,0,0, HTTP/1.1" 200 12827
200.112.2.250 - - [03/Mar/2017:12:31:22 -0300] "POST /cormun/servlet/solicitudot?gx-no-cache=1488555156207 HTTP/1.1" 200 240
200.112.2.250 - - [03/Mar/2017:12:31:23 -0300] "GET /cormun/servlet/solicitudot?658c68cebbf576839dc68b4de42349f6b577895666239a034d6b872a690de52d8229b308ecc04e94910a892048790934b5a6bdf37109800718cc38dd52a086c4ed7b92978bb568c6a28cd25b0406c8d284a39b9c22cd9e448299198cc0ecf90fc0e9d347903a62126a042ee942bd57fd888e009767dbb981b398270fb69d82d47d66b4f96ace53284326b37ed0b14c51edd4e2be93e8a7c1809a7854a9d351ae46c9ad94871bb177efea37cb7b45d487e0380309d35c877e80e95b78c7dff2eb0fcc72bb8d505efee9cd00a67b94cd9d074663c1868ef6c18636fb74241872b74e62a57f356c6293d383e22ae5cd34b36c025e6352fde2fb56ac08716b2ac1ef84f8c1f813520d82147cc3b4b15dbe8c8074ab97e6c715d68ac9d6202598b2c000ad9c584a21c30441df3426eb60b4dcff8b26cb3200442becc4ac1979856caa9038842a7be2d5a515bd80b7578ef53b5bce90309c09760ff05157510f9252ad309f3c02b242cbf9b652640d140b6fc4ffa5d8f2d0319926d20053128cc436c2,gx-no-cache=1488555156367 HTTP/1.1" 200 30
186.103.159.182 - - [03/Mar/2017:12:31:24 -0300] "POST /cormun/servlet/solicitudot?gx-no-cache=1488555153869 HTTP/1.1" 200 3192
186.103.159.182 - - [03/Mar/2017:12:31:25 -0300] "POST /cormun/servlet/solicitudot?8d295ccf9cbef6112ca89b09ea0ac640,INS,0,0,,gx-no-cache=1488555155437 HTTP/1.1" 200 9975
200.112.2.250 - - [03/Mar/2017:12:31:26 -0300] "POST /cormun/servlet/solicitudot?gx-no-cache=1488555159608 HTTP/1.1" 200 30
186.103.159.182 - - [03/Mar/2017:12:31:29 -0300] "GET /cormun/servlet/solicitudot?7f0570b57a3f2aa593d372dba3f75d4f5c7e5c2c8d60459aa00bee3c801294bf5c07a4bed65a35555cae78a0a8c027b2,gx-no-cache=1488555158768 HTTP/1.1" 200 30
186.103.159.182 - - [03/Mar/2017:12:31:29 -0300] "POST /cormun/servlet/solicitudot?gx-no-cache=1488555159838 HTTP/1.1" 200 256
186.103.159.182 - - [03/Mar/2017:12:31:30 -0300] "GET /cormun/servlet/solicitudot?7f0570b57a3f2aa593d372dba3f75d4f81cfd0d10793362e299add8f855f2b05704012e4c15f4df9887b27ec830b22b4016bada567f0532b904cc9509d4fcac22d0cc0c60b159c3ec103da40692862da6dd05f237d0eb10864cf09a859357210c6bbb5483b10401697c0f4ed219ae94631c1a4e552844ab26b64e21f2e425b992be17eb0bc8d9910d582da60056ca4e0bd3e012315ee6dac8b573257d03c2df1d8352bb5e1e81d6b0dc9f9845fd504620f0abb7ea19f970b7bbfa2cd3d5bb3ec6b91bae290cfd64a7a52f82196059f89bac26c68b01047f8902cd4443a0c2d6c933057ce9f10dbba69aeb92f8f70d66d36160acb728a3f712bd2fcf6fcaef1673b56584ecbc6278dcfebd7a5248e3d4ce5796dc40673c70df87c190f68e79c527ced75ca70caa44edbc66616dfa5a9718ebcb4624278dfa3a4ade2788891d5906064d63b91e2973b786a6ec8e4b93a0e84c57106c6723fdcd932a4f19b4149c1cbecbc6ef535381476c173c6abe2daf750b73d803f0490d303311b82e844d557,gx-no-cache=1488555160350 HTTP/1.1" 200 30
186.103.159.182 - - [03/Mar/2017:12:31:32 -0300] "POST /cormun/servlet/solicitudot?gx-no-cache=1488555162589 HTTP/1.1" 200 30
186.103.159.182 - - [03/Mar/2017:12:31:33 -0300] "GET /cormun/servlet/prsolicitudot?8915356,,,,,MD,,gxPopupLevel%3D0%3B HTTP/1.1" 200 6181
186.79.30.74 - - [03/Mar/2017:12:31:39 -0300] "POST /cormun/servlet/solicitudot?51369385d79bf71507035ac2490354f2,INS,0,0,,gx-no-cache=1488555171654 HTTP/1.1" 200 93
186.79.30.74 - - [03/Mar/2017:12:31:39 -0300] "GET /cormun/servlet/hpexe_return? HTTP/1.1" 200 1006
186.79.30.74 - - [03/Mar/2017:12:31:40 -0300] "GET /cormun/servlet/trsolicitudot HTTP/1.1" 200 11760
186.79.30.74 - - [03/Mar/2017:12:31:42 -0300] "GET /cormun/servlet/trsolicitudot HTTP/1.1" 200 11756
200.54.247.69 - - [03/Mar/2017:12:31:44 -0300] "POST /cormun/servlet/trlicencias?be4222c3518f3b9b0c84b26a56ed565e,,gx-no-cache=1488555174793 HTTP/1.1" 200 4103
192.168.10.89 - - [03/Mar/2017:12:31:49 -0300] "POST /cormun/servlet/trsolicitudgral?8d77e722c11e89ad51f0a89ccddea63b,gx-no-cache=1488551406039,gx-no-cache=1488558394279 HTTP/1.1" 200 14640
192.168.10.89 - - [03/Mar/2017:12:31:54 -0300] "POST /cormun/servlet/trsolicitudgral?8d77e722c11e89ad51f0a89ccddea63b,gx-no-cache=1488551406039,gx-no-cache=1488558399635 HTTP/1.1" 200 7584
192.168.10.89 - - [03/Mar/2017:12:32:00 -0300] "GET /cormun/servlet/solicitudgral?UPD,2017,4514, HTTP/1.1" 200 12213
192.168.10.89 - - [03/Mar/2017:12:32:03 -0300] "POST /cormun/servlet/solicitudgral?gx-no-cache=1488558408500 HTTP/1.1" 200 3191
192.168.10.89 - - [03/Mar/2017:12:32:03 -0300] "GET /cormun/servlet/solicitudgral?a6ba28b43049d0d5a4c5057f87c5a7bfc4d24dd1e35c3948291daa51878381fc5c4454f38aa04e9f279b1ed7c7d2a114e04a48b06a52cd331a96bb9204053afd508220351cfeb9a4cafd2e081a063db3bd4c95affce5c93f3fceaecd0c32890e82bcdfa46abab873e46be7dd777d30a0dfc12c4d236f1f9906a7ccbca0b9279288757bef68e255a3d5c2ade5311000aad41df591f54666d1c9816cade9762885f41ffde0edfdc3ac51d0139795aa99b3287840e8a465829c884b21cd8e78eb220738860b1ffe090afc68e8f00da1881e2881e3a939dcd190a1fe9758dda7c5c0cb2a4891f03927bcad2e8d823612cdbacf5a09b95abca66596ac53ba6c5314b8c53f5ca7a6924f6756e0dd32471435745ae45fe9714d14f6efad007f13245adc6399038083875f0b682a1a6effe0d9a0e0ecf055c5c034eacfc9a6331b8a96fb200474fab03587d85c4a9cbe57af2156,gx-no-cache=1488558408741 HTTP/1.1" 200 258
200.112.2.250 - - [03/Mar/2017:12:32:04 -0300] "GET /cormun/servlet/prfichaempleado?,MD,,gxPopupLevel%3D0%3B HTTP/1.1" 200 8848
192.168.10.89 - - [03/Mar/2017:12:32:07 -0300] "GET /cormun/servlet/solicitudgral?a6ba28b43049d0d5a4c5057f87c5a7bf80c4ce8f360647c1b6c3e295698ec22824aa15abd340717378e0fcf7fc04ef5c772ff22c8dcb16c57404d024a8363f4befc9e6355eebfe5e431d3a408bea17dcee5bfa4c3d046e0ea0b00379f6d19111ac63174d09d58017240d50f5f7ae9375ce4a7cad3fa4989f11acfc2292da93489e3bdcfdbe12b652c050cced89d8c10f08f7ff96dbc22ccace2141a280b7786e578604dd6f7eecf9a96ac29516077f380738860b1ffe090afc68e8f00da1881e23481bd0a19c1bea7fcb55a7993a28a6dddcdfad2e615703a242d983a1e1e589e2015764e2e678229f415636dd31516d1f685d01f0900fe4fe598e159b155cc09e7664680a0c9359853663fef9367e1e8bd2b0843c9d5f8d5bf1b6bf79583a03382aac67c9a0eba5d7512e388ac431acb3bc9ad6a822bd667a88ded46110325081a33f8b34321b2f101aa8399d8f30389d8b0887ac8143ad1baf91cf2df410db9c77015a132dff71e0b91b529945d2664e32802fc46f9b4d1f4b6debabc74e814771bb9c3e96a6b02e4d864ebb4c4b5448c8ccc4c7700e640e46a473a138b357d932f2fd54953a177745e6fcb8c753fd6abb6defccec9a5c8b1e3545f852584e54b6827fb49486d9cde37d394c460eed60ec13239b37f8e6720bc86fcce9aa8944f8872bf627782ac6236a73998485c748c8ccc4c7700e640e46a473a138b357339bdb70f8c83f647531e6f42a22499e760e52b8dde61d20c094d200306f6c0d5a645095f498d77cd60e62aa861c602c,gx-no-cache=1488558412971 HTTP/1.1" 200 48
192.168.10.89 - - [03/Mar/2017:12:32:08 -0300] "POST /cormun/servlet/solicitudgral?8d77e722c11e89ad51f0a89ccddea63b,UPD,2017,4514,,gx-no-cache=1488558414300 HTTP/1.1" 200 10561
192.168.10.89 - - [03/Mar/2017:12:32:09 -0300] "GET /cormun/servlet/solicitudgral?a6ba28b43049d0d5a4c5057f87c5a7bfbd0bf9eeddf293206445cd2e1400aa9856aa1089df2386d6857bf2ad8175244eb2d59e3ea15180091405d560c6c8665716651acd3f4072b88907afe726c74f2c06f73afc7f2cb683f8b92b686b63c1e530e1d4d724cdfcef84e174ca8e90a763,gx-no-cache=1488558415459 HTTP/1.1" 200 29
192.168.10.89 - - [03/Mar/2017:12:32:09 -0300] "POST /cormun/servlet/solicitudgral?gx-no-cache=1488558415520 HTTP/1.1" 200 1251
192.168.10.89 - - [03/Mar/2017:12:32:10 -0300] "POST /cormun/servlet/solicitudgral?gx-no-cache=1488558415560 HTTP/1.1" 200 1154
192.168.10.89 - - [03/Mar/2017:12:32:16 -0300] "POST /cormun/servlet/solicitudgral?8d77e722c11e89ad51f0a89ccddea63b,UPD,2017,4514,,gx-no-cache=1488558421968 HTTP/1.1" 200 93
192.168.10.89 - - [03/Mar/2017:12:32:16 -0300] "GET /cormun/servlet/hpexe_return? HTTP/1.1" 200 1033
192.168.10.89 - - [03/Mar/2017:12:32:17 -0300] "GET /cormun/servlet/trsolicitudgral?gx-no-cache=1488551406039 HTTP/1.1" 200 10598
200.112.2.250 - - [03/Mar/2017:12:32:18 -0300] "POST /cormun/servlet/prfichaempleado?c7d53cd0402d8780af9f7e0a7a783818,,MD,,gxPopupLevel%3D0%3B,gx-no-cache=1488555211842 HTTP/1.1" 200 3453
186.103.159.182 - - [03/Mar/2017:12:32:26 -0300] "POST /cormun/servlet/solicitudot?gx-no-cache=1488555216747 HTTP/1.1" 200 1291
186.103.159.182 - - [03/Mar/2017:12:32:26 -0300] "POST /cormun/servlet/solicitudot?gx-no-cache=1488555216899 HTTP/1.1" 200 38
186.103.159.182 - - [03/Mar/2017:12:32:26 -0300] "GET /cormun/servlet/solicitudot?7f0570b57a3f2aa593d372dba3f75d4f2cc0da48acb90217458d31b05a2c2d4d15873514a408a364106973242dfc5c95dcdd2a5eeca2c086db253891c888b56fd3afd2adea9aa6d79549cdf95f017a51ee52ee9c57bd463af6154c601097b9ee2aff692f160cb255d823720b68691ad18c16add61a8da17f6ad371c508fecab07b54cce3077978700dc21311b27160f03290d03132491fcf059aedb5f435184b,gx-no-cache=1488555216996 HTTP/1.1" 200 29
186.103.159.182 - - [03/Mar/2017:12:32:27 -0300] "POST /cormun/servlet/solicitudot?gx-no-cache=1488555217081 HTTP/1.1" 200 1274
186.103.159.230 - - [03/Mar/2017:12:32:27 -0300] "POST /cormun/servlet/solicitudot?gx-no-cache=1488555214675 HTTP/1.1" 200 297
186.103.159.182 - - [03/Mar/2017:12:32:27 -0300] "POST /cormun/servlet/solicitudot?gx-no-cache=1488555217608 HTTP/1.1" 200 1157
186.79.30.74 - - [03/Mar/2017:12:32:31 -0300] "POST /cormun/servlet/trsolicitudot?51369385d79bf71507035ac2490354f2,gx-no-cache=1488555223155 HTTP/1.1" 200 9173
186.79.30.74 - - [03/Mar/2017:12:32:31 -0300] "GET /cormun/static/Shared/jqueryui/images/ui-bg_highlight-soft_100_c6c2c8_1x100.png HTTP/1.1" 404 1117
186.79.30.74 - - [03/Mar/2017:12:32:31 -0300] "GET /cormun/static/Shared/jqueryui/images/ui-icons_82798d_256x240.png HTTP/1.1" 404 1089
186.79.30.74 - - [03/Mar/2017:12:32:31 -0300] "GET /cormun/static/Shared/jqueryui/images/ui-bg_flat_55_fafafa_40x100.png HTTP/1.1" 404 1097
186.79.30.74 - - [03/Mar/2017:12:32:31 -0300] "GET /cormun/static/Shared/jqueryui/images/ui-icons_8d78a5_256x240.png HTTP/1.1" 404 1089
186.103.159.182 - - [03/Mar/2017:12:32:35 -0300] "POST /cormun/servlet/solicitudot?gx-no-cache=1488555225594 HTTP/1.1" 200 1273
186.103.159.182 - - [03/Mar/2017:12:32:35 -0300] "POST /cormun/servlet/solicitudot?gx-no-cache=1488555226221 HTTP/1.1" 200 1157
186.103.159.230 - - [03/Mar/2017:12:32:36 -0300] "GET /cormun/servlet/solicitudot?77ee9ecb4482d264fbb6c8ddcd5b9cb6fa1af4719d696b02b509f39c6355669fa248b267dae264f36a0e5875494290c8fa157ed9bd2afa4eb5e58e63c481aacfb490b37737295d33aade88b4b52bc91051f8f3c3b99df0f766221fe41b259cd9dee14f265d818bd38c298892763c612195da4cf8df8d6b9fab1a3cd8b106165fb66e4bcbc7ac0480eab435a1bb27ed7b0115661069193bbd1d155f24903fd68954cd3d2d7801550dc45a0f3438279821303d3d196bc495d57e8b905395597ad7ab7e8b5fb7c12c6349dc6dfe503d39abc121b67f93082806bdec20677f19f7fa2ba3f005c1489e96bb4be7b02da0c1d936151824ae3c6c5c54e47aa16664e94562380984cc754c8bb9fcde1769eed6f47472cf0103e7dcfe69c6db3e1f9bf85838c73add9ddac81e4233e7c169aaad2448313fd1325b86ab6dfb3b332a365adfa6df690ee74fafbbf2727c8cd8d644f9b4c99303f5d883ca04baafc57a85c3589c5c95699a446a578cfd4715dc06f12656c92dd7615a04bf2dcae3ffd58c82d079a6b98334af46bf04a595c861a8d92a,gx-no-cache=1488555223881 HTTP/1.1" 200 30
186.103.159.182 - - [03/Mar/2017:12:32:36 -0300] "GET /cormun/servlet/solicitudot?7f0570b57a3f2aa593d372dba3f75d4fc29798d48669a7a1f305ab9bc6d35aa33b1c96f65b0ecbaf3007bdcac28f7c4a1215d38596b99c16bb4921bea4228e9d63191190f775187eef00a736e46072a75762e2aaf1a0e6dc2a98108616562198fe14f76b0fb7e6738ece0515179feb4b18c8ede8fe8d20769fee6d73d8d17b0a28496af25b66ec6843e0242a537b5931279adb03777e2e6435ce92bcfd70e4170bd64c2703ecf3b40dfae2e938f76b02,gx-no-cache=1488555227224 HTTP/1.1" 200 30
192.168.10.60 - - [03/Mar/2017:12:32:37 -0300] "GET /cormun/static/menuarrow.gif HTTP/1.1" 404 1015
200.112.2.250 - - [03/Mar/2017:12:32:38 -0300] "GET /cormun/servlet/prlicenciaspermisos?16662900,L,,MD,,gxPopupLevel%3D0%3B HTTP/1.1" 200 7254
186.103.159.230 - - [03/Mar/2017:12:32:38 -0300] "POST /cormun/servlet/solicitudot?gx-no-cache=1488555226361 HTTP/1.1" 200 30
186.103.159.230 - - [03/Mar/2017:12:32:41 -0300] "POST /cormun/servlet/solicitudot?gx-no-cache=1488555229577 HTTP/1.1" 200 235
186.103.159.230 - - [03/Mar/2017:12:32:41 -0300] "POST /cormun/servlet/solicitudot?gx-no-cache=1488555229671 HTTP/1.1" 200 38
186.103.159.182 - - [03/Mar/2017:12:32:53 -0300] "POST /cormun/servlet/solicitudot?8d295ccf9cbef6112ca89b09ea0ac640,INS,0,0,,gx-no-cache=1488555243253 HTTP/1.1" 200 93
186.103.159.182 - - [03/Mar/2017:12:32:53 -0300] "GET /cormun/servlet/hpexe_return? HTTP/1.1" 200 1006
186.103.159.182 - - [03/Mar/2017:12:32:54 -0300] "GET /cormun/servlet/trsolicitudot HTTP/1.1" 200 12516
192.168.10.60 - - [03/Mar/2017:12:32:55 -0300] "POST /cormun/servlet/trsolicitudgral?5d4db7f075880ebe518dc482ab779a77,,gx-no-cache=1488554442593 HTTP/1.1" 440 972
186.103.159.182 - - [03/Mar/2017:12:32:56 -0300] "GET /cormun/servlet/trsolicitudot HTTP/1.1" 200 12511
186.79.30.74 - - [03/Mar/2017:12:32:59 -0300] "POST /cormun/servlet/trsolicitudot?51369385d79bf71507035ac2490354f2,gx-no-cache=1488555251116 HTTP/1.1" 200 8588
186.79.30.74 - - [03/Mar/2017:12:33:00 -0300] "POST /cormun/servlet/trsolicitudot?51369385d79bf71507035ac2490354f2,gx-no-cache=1488555252769 HTTP/1.1" 200 8529
192.168.10.60 - - [03/Mar/2017:12:33:05 -0300] "GET /cormun/servlet/hlogin HTTP/1.1" 200 1738
192.168.10.60 - - [03/Mar/2017:12:33:06 -0300] "POST /cormun/servlet/hlogin?4f608e57b625e8314380880c7775ec4c,gx-no-cache=1488554453935 HTTP/1.1" 200 90
192.168.10.60 - - [03/Mar/2017:12:33:07 -0300] "GET /cormun/servlet/hpexe_link HTTP/1.1" 200 953
192.168.10.60 - - [03/Mar/2017:12:33:07 -0300] "GET /cormun/servlet/hhome HTTP/1.1" 200 3752
186.79.30.74 - - [03/Mar/2017:12:33:07 -0300] "POST /cormun/servlet/trsolicitudot?51369385d79bf71507035ac2490354f2,gx-no-cache=1488555258793 HTTP/1.1" 200 8258
192.168.10.60 - - [03/Mar/2017:12:33:07 -0300] "GET /cormun/servlet/hhome HTTP/1.1" 200 3749
186.79.30.74 - - [03/Mar/2017:12:33:08 -0300] "POST /cormun/servlet/trsolicitudot?51369385d79bf71507035ac2490354f2,gx-no-cache=1488555260685 HTTP/1.1" 200 8179
186.79.30.74 - - [03/Mar/2017:12:33:12 -0300] "POST /cormun/servlet/trsolicitudot?51369385d79bf71507035ac2490354f2,gx-no-cache=1488555264286 HTTP/1.1" 200 7924
192.168.10.60 - - [03/Mar/2017:12:33:12 -0300] "GET /cormun/servlet/trautorizarot? HTTP/1.1" 200 10629
192.168.10.60 - - [03/Mar/2017:12:33:13 -0300] "GET /cormun/servlet/trautorizarot? HTTP/1.1" 200 10627
186.103.159.182 - - [03/Mar/2017:12:33:13 -0300] "GET /cormun/servlet/solicitudot?INS,0,0, HTTP/1.1" 200 12820
186.79.30.74 - - [03/Mar/2017:12:33:14 -0300] "POST /cormun/servlet/trsolicitudot?51369385d79bf71507035ac2490354f2,gx-no-cache=1488555265917 HTTP/1.1" 200 7866
186.103.159.182 - - [03/Mar/2017:12:33:14 -0300] "GET /cormun/servlet/solicitudot?INS,0,0, HTTP/1.1" 200 12827
192.168.10.60 - - [03/Mar/2017:12:33:15 -0300] "GET /cormun/static/menuarrow.gif HTTP/1.1" 404 1015
186.79.30.74 - - [03/Mar/2017:12:33:19 -0300] "POST /cormun/servlet/trsolicitudot?51369385d79bf71507035ac2490354f2,gx-no-cache=1488555270641 HTTP/1.1" 200 7561
186.103.159.182 - - [03/Mar/2017:12:33:21 -0300] "POST /cormun/servlet/solicitudot?gx-no-cache=1488555271836 HTTP/1.1" 200 3187
186.103.159.182 - - [03/Mar/2017:12:33:22 -0300] "POST /cormun/servlet/solicitudot?8d295ccf9cbef6112ca89b09ea0ac640,INS,0,0,,gx-no-cache=1488555272364 HTTP/1.1" 200 9965
186.103.159.182 - - [03/Mar/2017:12:33:26 -0300] "GET /cormun/servlet/solicitudot?7f0570b57a3f2aa593d372dba3f75d4f1c0f1d2b5edb432801fd25449dc7e2174b0ebcb258806735472d015063f08e03,gx-no-cache=1488555276049 HTTP/1.1" 200 30
186.103.159.182 - - [03/Mar/2017:12:33:26 -0300] "POST /cormun/servlet/solicitudot?gx-no-cache=1488555276558 HTTP/1.1" 200 255
186.103.159.182 - - [03/Mar/2017:12:33:26 -0300] "GET /cormun/servlet/solicitudot?7f0570b57a3f2aa593d372dba3f75d4f81cfd0d10793362e299add8f855f2b0516b3937ae3e0618c67a1f2ec57272511016bada567f0532b904cc9509d4fcac22d0cc0c60b159c3ec103da40692862da6dd05f237d0eb10864cf09a859357210c6bbb5483b10401697c0f4ed219ae94631c1a4e552844ab26b64e21f2e425b992be17eb0bc8d9910d582da60056ca4e0bd3e012315ee6dac8b573257d03c2df1d8352bb5e1e81d6b0dc9f9845fd504620f0abb7ea19f970b7bbfa2cd3d5bb3ec6b91bae290cfd64a7a52f82196059f89bac26c68b01047f8902cd4443a0c2d6c933057ce9f10dbba69aeb92f8f70d66d36160acb728a3f712bd2fcf6fcaef1673b56584ecbc6278dcfebd7a5248e3d4c69364622c677782821f63fafa069e1026af26c7e2163cbba38f321d3032e67e83b6b7e9e7e96fb7c32845b4fd37982120e83aee2d27a6b22b8940a1b08b2a720c6b6d5de19f08b1c61020c3d758e4effd140795e1e47616fefad5a7396183dac1dc39f01b4b0834e5656c7971aa69cc7,gx-no-cache=1488555276712 HTTP/1.1" 200 30
192.168.10.60 - - [03/Mar/2017:12:33:27 -0300] "POST /cormun/servlet/trautorizarot?4f608e57b625e8314380880c7775ec4c,,gx-no-cache=1488554473872 HTTP/1.1" 200 13115
200.112.2.250 - - [03/Mar/2017:12:33:28 -0300] "POST /cormun/servlet/solicitudot?gx-no-cache=1488555281802 HTTP/1.1" 200 1291
186.79.30.74 - - [03/Mar/2017:12:33:29 -0300] "POST /cormun/servlet/trsolicitudot?51369385d79bf71507035ac2490354f2,gx-no-cache=1488555273598 HTTP/1.1" 200 7503
192.168.10.60 - - [03/Mar/2017:12:33:29 -0300] "POST /cormun/servlet/trautorizarot?4f608e57b625e8314380880c7775ec4c,,gx-no-cache=1488554476758 HTTP/1.1" 200 103
192.168.10.60 - - [03/Mar/2017:12:33:29 -0300] "GET /cormun/AutorizarOT-2314.xls HTTP/1.1" 200 14848
186.103.159.182 - - [03/Mar/2017:12:33:32 -0300] "POST /cormun/servlet/solicitudot?gx-no-cache=1488555282846 HTTP/1.1" 200 30
186.103.159.182 - - [03/Mar/2017:12:33:33 -0300] "GET /cormun/servlet/prsolicitudot?13345162,,,,,MD,,gxPopupLevel%3D0%3B HTTP/1.1" 200 6123
200.112.2.250 - - [03/Mar/2017:12:33:34 -0300] "GET /cormun/static/menuarrow.gif HTTP/1.1" 404 1015
186.79.30.74 - - [03/Mar/2017:12:33:35 -0300] "POST /cormun/servlet/trsolicitudot?51369385d79bf71507035ac2490354f2,gx-no-cache=1488555287108 HTTP/1.1" 200 7175
186.79.30.74 - - [03/Mar/2017:12:33:37 -0300] "POST /cormun/servlet/trsolicitudot?51369385d79bf71507035ac2490354f2,gx-no-cache=1488555289155 HTTP/1.1" 200 7117
186.79.30.74 - - [03/Mar/2017:12:33:47 -0300] "POST /cormun/servlet/trsolicitudot?51369385d79bf71507035ac2490354f2,gx-no-cache=1488555299424 HTTP/1.1" 200 6826
186.79.30.74 - - [03/Mar/2017:12:33:48 -0300] "POST /cormun/servlet/trsolicitudot?51369385d79bf71507035ac2490354f2,gx-no-cache=1488555301065 HTTP/1.1" 200 6766
192.168.10.60 - - [03/Mar/2017:12:33:49 -0300] "GET /cormun/servlet/trsolicitudgral? HTTP/1.1" 200 24080
192.168.10.60 - - [03/Mar/2017:12:33:51 -0300] "GET /cormun/servlet/trsolicitudgral? HTTP/1.1" 200 24080
186.79.30.74 - - [03/Mar/2017:12:33:52 -0300] "POST /cormun/servlet/trsolicitudot?51369385d79bf71507035ac2490354f2,gx-no-cache=1488555304998 HTTP/1.1" 200 6486
186.79.30.74 - - [03/Mar/2017:12:33:54 -0300] "POST /cormun/servlet/trsolicitudot?51369385d79bf71507035ac2490354f2,gx-no-cache=1488555306544 HTTP/1.1" 200 6428
186.103.159.182 - - [03/Mar/2017:12:33:55 -0300] "POST /cormun/servlet/solicitudot?gx-no-cache=1488555306086 HTTP/1.1" 200 1291
186.103.159.182 - - [03/Mar/2017:12:33:55 -0300] "POST /cormun/servlet/solicitudot?gx-no-cache=1488555306270 HTTP/1.1" 200 38
186.103.159.182 - - [03/Mar/2017:12:33:55 -0300] "GET /cormun/servlet/solicitudot?7f0570b57a3f2aa593d372dba3f75d4f2cc0da48acb90217458d31b05a2c2d4d15873514a408a364106973242dfc5c95dcdd2a5eeca2c086db253891c888b56fd3afd2adea9aa6d79549cdf95f017a51ee52ee9c57bd463af6154c601097b9ee2aff692f160cb255d823720b68691ad18c16add61a8da17f6ad371c508fecab07b54cce3077978700dc21311b27160f03290d03132491fcf059aedb5f435184b,gx-no-cache=1488555306376 HTTP/1.1" 200 29
186.103.159.182 - - [03/Mar/2017:12:33:56 -0300] "POST /cormun/servlet/solicitudot?gx-no-cache=1488555306451 HTTP/1.1" 200 1274
186.103.159.182 - - [03/Mar/2017:12:33:56 -0300] "POST /cormun/servlet/solicitudot?gx-no-cache=1488555306542 HTTP/1.1" 200 1157
192.168.10.89 - - [03/Mar/2017:12:33:57 -0300] "POST /cormun/servlet/trsolicitudgral?8d77e722c11e89ad51f0a89ccddea63b,gx-no-cache=1488551406039,gx-no-cache=1488558523015 HTTP/1.1" 200 6472
200.112.2.250 - - [03/Mar/2017:12:33:57 -0300] "POST /cormun/servlet/solicitudot?gx-no-cache=1488555311259 HTTP/1.1" 200 118
186.79.30.74 - - [03/Mar/2017:12:33:58 -0300] "POST /cormun/servlet/trsolicitudot?51369385d79bf71507035ac2490354f2,gx-no-cache=1488555310301 HTTP/1.1" 200 6091
200.112.2.250 - - [03/Mar/2017:12:33:58 -0300] "GET /cormun/static/Shared/jqueryui/images/ui-bg_highlight-soft_100_c6c2c8_1x100.png HTTP/1.1" 404 1117
200.112.2.250 - - [03/Mar/2017:12:33:58 -0300] "GET /cormun/static/Shared/jqueryui/images/ui-icons_82798d_256x240.png HTTP/1.1" 404 1089
200.112.2.250 - - [03/Mar/2017:12:33:58 -0300] "GET /cormun/static/Shared/jqueryui/images/ui-bg_flat_55_994d53_40x100.png HTTP/1.1" 404 1097
200.112.2.250 - - [03/Mar/2017:12:33:58 -0300] "GET /cormun/static/Shared/jqueryui/images/ui-icons_ebccce_256x240.png HTTP/1.1" 404 1089
186.79.30.74 - - [03/Mar/2017:12:33:59 -0300] "POST /cormun/servlet/trsolicitudot?51369385d79bf71507035ac2490354f2,gx-no-cache=1488555311605 HTTP/1.1" 200 6033
192.168.10.60 - - [03/Mar/2017:12:34:09 -0300] "POST /cormun/servlet/trsolicitudgral?4f608e57b625e8314380880c7775ec4c,,gx-no-cache=1488554515473 HTTP/1.1" 200 23018
192.168.10.60 - - [03/Mar/2017:12:34:13 -0300] "POST /cormun/servlet/trsolicitudgral?4f608e57b625e8314380880c7775ec4c,,gx-no-cache=1488554519705 HTTP/1.1" 200 105
192.168.10.60 - - [03/Mar/2017:12:34:13 -0300] "GET /cormun/SolicitudGral-2264.xls HTTP/1.1" 200 33280
186.79.30.74 - - [03/Mar/2017:12:34:14 -0300] "POST /cormun/servlet/trsolicitudot?51369385d79bf71507035ac2490354f2,gx-no-cache=1488555326355 HTTP/1.1" 200 5760
186.103.159.230 - - [03/Mar/2017:12:34:14 -0300] "GET /cormun/servlet/solicitudot?77ee9ecb4482d264fbb6c8ddcd5b9cb6405be01b82a57d0d963c3677e4d42142675ebdc32979dac78e730588416e1d3f4e893c821d3bd9bed06d08586a8b5f28789129f81693760c42428e4a3b1ab71d194b3e1d1f8e3512ca252e57d2d013f36c97041f1d4eff8a011b671cad00b56f,gx-no-cache=1488555322745 HTTP/1.1" 200 29
186.103.159.230 - - [03/Mar/2017:12:34:15 -0300] "POST /cormun/servlet/solicitudot?gx-no-cache=1488555322862 HTTP/1.1" 200 643
186.79.30.74 - - [03/Mar/2017:12:34:15 -0300] "POST /cormun/servlet/trsolicitudot?51369385d79bf71507035ac2490354f2,gx-no-cache=1488555327478 HTTP/1.1" 200 5702
186.103.159.230 - - [03/Mar/2017:12:34:16 -0300] "POST /cormun/servlet/solicitudot?gx-no-cache=1488555324103 HTTP/1.1" 200 1157
186.103.159.182 - - [03/Mar/2017:12:34:18 -0300] "POST /cormun/servlet/solicitudot?gx-no-cache=1488555328424 HTTP/1.1" 200 1273
186.103.159.182 - - [03/Mar/2017:12:34:18 -0300] "POST /cormun/servlet/solicitudot?gx-no-cache=1488555328597 HTTP/1.1" 200 1157
186.103.159.182 - - [03/Mar/2017:12:34:18 -0300] "GET /cormun/servlet/solicitudot?7f0570b57a3f2aa593d372dba3f75d4fb8775b31203b3b9fe66ff96e6a6d4532c827878722c00a36967e2e70cc043be82d52c86e95da94b6fc681256281a780cabacb904d592cb7be8828448f31172cf55d38fd7faffb2431017da1c8fd44d8cf5fa17517ff7f33d5a9970ab3cca340966164058775894b1542160da44aa9b9f4cb11448b03bf481c93b0bc70f0ec2985bc6077d32ec89b422a2becfd41c91e48b0aaeafab412f27023a986d23c68a9b,gx-no-cache=1488555328690 HTTP/1.1" 200 30
186.103.159.230 - - [03/Mar/2017:12:34:29 -0300] "GET /cormun/static/menuarrow.gif HTTP/1.1" 404 1015
186.103.159.182 - - [03/Mar/2017:12:34:31 -0300] "POST /cormun/servlet/solicitudot?8d295ccf9cbef6112ca89b09ea0ac640,INS,0,0,,gx-no-cache=1488555340725 HTTP/1.1" 200 93
186.103.159.182 - - [03/Mar/2017:12:34:31 -0300] "GET /cormun/servlet/hpexe_return? HTTP/1.1" 200 1006
186.103.159.182 - - [03/Mar/2017:12:34:32 -0300] "GET /cormun/servlet/trsolicitudot HTTP/1.1" 200 12793
186.103.159.182 - - [03/Mar/2017:12:34:34 -0300] "GET /cormun/servlet/trsolicitudot HTTP/1.1" 200 12788
200.112.2.250 - - [03/Mar/2017:12:34:37 -0300] "POST /cormun/servlet/solicitudot?gx-no-cache=1488555350751 HTTP/1.1" 200 41
200.112.2.250 - - [03/Mar/2017:12:34:37 -0300] "GET /cormun/servlet/solicitudot?658c68cebbf576839dc68b4de42349f6a00c8052669631b75eb7610a5d64a7e26cb54eb9404c44fbc99f756ba2f1e04c3657d18056fe46ab082c4959bdecfbba8eb70c791b80d5b75775560de0e82b0ff92f13d8c6ec2edba40501e6ffadd98d7c4cf95ddad0600c2aa4ae39fa94e14d71cefe3e4d981709333d61bc67788fbef8faaa4b4e21871075bf3eff7052c4e1ffdccdc5fcc235473f57c9cfe3f0dcb1,gx-no-cache=1488555351145 HTTP/1.1" 200 29
200.112.2.250 - - [03/Mar/2017:12:34:37 -0300] "POST /cormun/servlet/solicitudot?gx-no-cache=1488555351300 HTTP/1.1" 200 1274
200.112.2.250 - - [03/Mar/2017:12:34:38 -0300] "POST /cormun/servlet/solicitudot?gx-no-cache=1488555351699 HTTP/1.1" 200 1157
200.112.2.250 - - [03/Mar/2017:12:34:40 -0300] "POST /cormun/servlet/solicitudot?gx-no-cache=1488555353600 HTTP/1.1" 200 1274
200.112.2.250 - - [03/Mar/2017:12:34:40 -0300] "POST /cormun/servlet/solicitudot?gx-no-cache=1488555353818 HTTP/1.1" 200 1157
186.103.159.230 - - [03/Mar/2017:12:34:51 -0300] "GET /cormun/servlet/solicitudot?77ee9ecb4482d264fbb6c8ddcd5b9cb6075a2f3c1e44f3c630d6e2b15dae0111d9717cbe058804a8c622091f53922bb0c67531879e061a39887cd316c1c08e807fb64fec415311abca337def40d13b96bc5018ed8ac2de3c81dc15d216adbafacf23754ed36da14bbe7df0107d3de3e306dfafe714eaf0ee5cd3e8e3f6eb0a8635d16656781ae88942ebfc2328f9b98a81a4898962e874e6d6746bdd56ef3f6534c2233801846c98d116870827b5e93e,gx-no-cache=1488555359605 HTTP/1.1" 200 30
200.112.2.250 - - [03/Mar/2017:12:35:20 -0300] "GET /cormun/servlet/solicitudot?658c68cebbf576839dc68b4de42349f6e058e92447cc53687bc65668326fa8c7eaef052d224f61fd0ec33bf9f462ac36048a1853e34fcf0642a51e29022e3adb0e0645c622cb4592f93c704667c3bace45f7f34834bfe0e280e3191c5dae57213ed2754b719663a7bf7c8a436562d049dd3d343511f656a5c373ce498a2a33522083751d194670fd3d64f9cfc077c847a3d59e438fd062f9b684cb899ce1da76a67e98c90bf35146b765292777a2c828dff755601cebfc87a7644e9ca5e4be56,gx-no-cache=1488555393495 HTTP/1.1" 200 30
200.112.2.250 - - [03/Mar/2017:12:35:21 -0300] "POST /cormun/servlet/solicitudot?c7d53cd0402d8780af9f7e0a7a783818,INS,0,0,,gx-no-cache=1488555393696 HTTP/1.1" 200 93
200.112.2.250 - - [03/Mar/2017:12:35:21 -0300] "GET /cormun/servlet/hpexe_return? HTTP/1.1" 200 1003
200.112.2.250 - - [03/Mar/2017:12:35:21 -0300] "GET /cormun/servlet/trsolicitudot HTTP/1.1" 200 8284
200.112.2.250 - - [03/Mar/2017:12:35:23 -0300] "GET /cormun/servlet/trsolicitudot HTTP/1.1" 200 8280
186.103.159.230 - - [03/Mar/2017:12:35:25 -0300] "POST /cormun/servlet/solicitudot?779e2530f817ad4c2a6e4f3a646b84b4,INS,0,0,,gx-no-cache=1488555393597 HTTP/1.1" 200 11249
186.103.159.230 - - [03/Mar/2017:12:35:26 -0300] "GET /cormun/static/Shared/jqueryui/images/ui-bg_highlight-soft_100_c6c2c8_1x100.png HTTP/1.1" 404 1117
186.103.159.230 - - [03/Mar/2017:12:35:26 -0300] "GET /cormun/static/Shared/jqueryui/images/ui-icons_82798d_256x240.png HTTP/1.1" 404 1089
186.103.159.230 - - [03/Mar/2017:12:35:26 -0300] "GET /cormun/static/Shared/jqueryui/images/ui-bg_flat_55_994d53_40x100.png HTTP/1.1" 404 1097
186.103.159.230 - - [03/Mar/2017:12:35:26 -0300] "GET /cormun/static/Shared/jqueryui/images/ui-icons_ebccce_256x240.png HTTP/1.1" 404 1089
192.168.10.89 - - [03/Mar/2017:12:35:26 -0300] "POST /cormun/servlet/trsolicitudgral?8d77e722c11e89ad51f0a89ccddea63b,gx-no-cache=1488551406039,gx-no-cache=1488558612188 HTTP/1.1" 200 6467
200.112.2.250 - - [03/Mar/2017:12:35:27 -0300] "GET /cormun/servlet/vesolicitudot?2017,5137,, HTTP/1.1" 200 8128
200.112.2.250 - - [03/Mar/2017:12:35:27 -0300] "GET /cormun/pexe_scrolldiv.js HTTP/1.1" 404 1009
200.112.2.250 - - [03/Mar/2017:12:35:27 -0300] "GET /cormun/pexe_scrolldiv.js HTTP/1.1" 404 1009
200.112.2.250 - - [03/Mar/2017:12:35:28 -0300] "GET /cormun/servlet/vesolicitudot?2017,5137,, HTTP/1.1" 200 8127
190.101.9.138 - - [03/Mar/2017:12:36:10 -0300] "GET /cormun/servlet/hlogin HTTP/1.1" 200 1719
190.101.9.138 - - [03/Mar/2017:12:36:19 -0300] "POST /cormun/servlet/hlogin?dbaac4f3c088552cf79a00af9dd696a6,gx-no-cache=1488555449408 HTTP/1.1" 200 90
190.101.9.138 - - [03/Mar/2017:12:36:19 -0300] "GET /cormun/servlet/hpexe_link HTTP/1.1" 200 948
190.101.9.138 - - [03/Mar/2017:12:36:19 -0300] "GET /cormun/servlet/hhome HTTP/1.1" 200 3770
190.101.9.138 - - [03/Mar/2017:12:36:19 -0300] "GET /cormun/servlet/hhome HTTP/1.1" 200 3766
190.101.9.138 - - [03/Mar/2017:12:36:26 -0300] "GET /cormun/servlet/trpermisosgoce? HTTP/1.1" 200 6527
190.101.9.138 - - [03/Mar/2017:12:36:26 -0300] "GET /cormun/static/gxcfg.js?201612262011714 HTTP/1.1" 200 953
186.103.159.230 - - [03/Mar/2017:12:36:26 -0300] "GET /cormun/servlet/solicitudot?77ee9ecb4482d264fbb6c8ddcd5b9cb6fa1af4719d696b02b509f39c6355669fa248b267dae264f36a0e5875494290c8fa157ed9bd2afa4eb5e58e63c481aacfb490b37737295d33aade88b4b52bc91051f8f3c3b99df0f766221fe41b259cd9dee14f265d818bd38c298892763c612195da4cf8df8d6b9fab1a3cd8b106165fb66e4bcbc7ac0480eab435a1bb27ed7b0115661069193bbd1d155f24903fd68954cd3d2d7801550dc45a0f3438279821303d3d196bc495d57e8b905395597ad7ab7e8b5fb7c12c6349dc6dfe503d39abc121b67f93082806bdec20677f19f7fa2ba3f005c1489e96bb4be7b02da0c1d936151824ae3c6c5c54e47aa16664e94562380984cc754c8bb9fcde1769eed6f47472cf0103e7dcfe69c6db3e1f9bf85838c73add9ddac81e4233e7c169aaad2448313fd1325b86ab6dfb3b332a365adfa6df690ee74fafbbf2727c8cd8d644f9b4c99303f5d883ca04baafc57a85c3589c5c95699a446a578cfd4715dc06f1261e1b56c5b6c5d19b4a919785ec3ffeba79a6b98334af46bf04a595c861a8d92a,gx-no-cache=1488555454263 HTTP/1.1" 200 30
190.101.9.138 - - [03/Mar/2017:12:36:26 -0300] "GET /cormun/static/trpermisosgoce.js?201612262012096 HTTP/1.1" 200 31909
186.103.159.230 - - [03/Mar/2017:12:36:26 -0300] "POST /cormun/servlet/solicitudot?gx-no-cache=1488555454610 HTTP/1.1" 200 30
186.103.159.230 - - [03/Mar/2017:12:36:26 -0300] "POST /cormun/servlet/solicitudot?gx-no-cache=1488555454662 HTTP/1.1" 200 1287
186.103.159.230 - - [03/Mar/2017:12:36:26 -0300] "POST /cormun/servlet/solicitudot?gx-no-cache=1488555454737 HTTP/1.1" 200 41
190.101.9.138 - - [03/Mar/2017:12:36:26 -0300] "GET /cormun/servlet/trpermisosgoce? HTTP/1.1" 200 6526
186.103.159.230 - - [03/Mar/2017:12:36:26 -0300] "POST /cormun/servlet/solicitudot?gx-no-cache=1488555454774 HTTP/1.1" 200 1275
186.103.159.230 - - [03/Mar/2017:12:36:26 -0300] "POST /cormun/servlet/solicitudot?gx-no-cache=1488555454835 HTTP/1.1" 200 1157
186.103.159.230 - - [03/Mar/2017:12:36:27 -0300] "GET /cormun/servlet/solicitudot?77ee9ecb4482d264fbb6c8ddcd5b9cb6075a2f3c1e44f3c630d6e2b15dae0111d9717cbe058804a8c622091f53922bb0c67531879e061a39887cd316c1c08e807fb64fec415311abca337def40d13b96bc5018ed8ac2de3c81dc15d216adbafacf23754ed36da14bbe7df0107d3de3e306dfafe714eaf0ee5cd3e8e3f6eb0a8635d16656781ae88942ebfc2328f9b98a81a4898962e874e6d6746bdd56ef3f6534c2233801846c98d116870827b5e93e,gx-no-cache=1488555454889 HTTP/1.1" 200 30
186.103.159.230 - - [03/Mar/2017:12:36:27 -0300] "POST /cormun/servlet/solicitudot?779e2530f817ad4c2a6e4f3a646b84b4,INS,0,0,,gx-no-cache=1488555454927 HTTP/1.1" 200 93
186.103.159.230 - - [03/Mar/2017:12:36:27 -0300] "GET /cormun/servlet/hpexe_return? HTTP/1.1" 200 1007
186.103.159.230 - - [03/Mar/2017:12:36:27 -0300] "GET /cormun/static/gxcfg.js?2016101716175148 HTTP/1.1" 304 -
186.103.159.230 - - [03/Mar/2017:12:36:27 -0300] "GET /cormun/servlet/trsolicitudot HTTP/1.1" 200 8175
186.103.159.230 - - [03/Mar/2017:12:36:27 -0300] "GET /cormun/servlet/trsolicitudot HTTP/1.1" 200 8171
186.103.159.230 - - [03/Mar/2017:12:36:38 -0300] "GET /cormun/servlet/solicitudot?INS,0,0, HTTP/1.1" 200 12770
186.103.159.230 - - [03/Mar/2017:12:36:39 -0300] "GET /cormun/servlet/solicitudot?INS,0,0, HTTP/1.1" 200 12775
186.103.159.230 - - [03/Mar/2017:12:36:46 -0300] "POST /cormun/servlet/solicitudot?779e2530f817ad4c2a6e4f3a646b84b4,INS,0,0,,gx-no-cache=1488555473558 HTTP/1.1" 200 90
186.103.159.230 - - [03/Mar/2017:12:36:46 -0300] "GET /cormun/servlet/hpexe_link HTTP/1.1" 200 964
186.103.159.230 - - [03/Mar/2017:12:36:46 -0300] "GET /cormun/servlet/trsolicitudot HTTP/1.1" 200 8173
186.103.159.230 - - [03/Mar/2017:12:36:46 -0300] "GET /cormun/servlet/trsolicitudot HTTP/1.1" 200 8171
200.112.2.250 - - [03/Mar/2017:12:36:50 -0300] "POST /cormun/servlet/vesolicitudot?c7d53cd0402d8780af9f7e0a7a783818,2017,5137,,,gx-no-cache=1488555484039 HTTP/1.1" 200 90
200.112.2.250 - - [03/Mar/2017:12:36:51 -0300] "GET /cormun/servlet/hpexe_link HTTP/1.1" 200 965
200.112.2.250 - - [03/Mar/2017:12:36:51 -0300] "GET /cormun/servlet/trsolicitudot HTTP/1.1" 200 8281
186.103.159.188 - - [03/Mar/2017:12:36:52 -0300] "GET /cormun/servlet/permisogoce?INS,0,,, HTTP/1.1" 200 6525
186.103.159.188 - - [03/Mar/2017:12:36:52 -0300] "GET /cormun/static/gxcfg.js?201612262052844 HTTP/1.1" 200 953
186.103.159.188 - - [03/Mar/2017:12:36:52 -0300] "GET /cormun/static/permisogoce.js?201612262052891 HTTP/1.1" 200 26147
186.103.159.188 - - [03/Mar/2017:12:36:53 -0300] "GET /cormun/servlet/permisogoce?INS,0,,, HTTP/1.1" 200 6524
200.112.2.250 - - [03/Mar/2017:12:36:53 -0300] "GET /cormun/servlet/trsolicitudot HTTP/1.1" 200 8280
186.103.159.230 - - [03/Mar/2017:12:37:00 -0300] "POST /cormun/servlet/trsolicitudot?779e2530f817ad4c2a6e4f3a646b84b4,gx-no-cache=1488555488363 HTTP/1.1" 200 107
186.103.159.230 - - [03/Mar/2017:12:37:00 -0300] "GET /cormun/servlet/trsolicitudadjuntos?2017,5138, HTTP/1.1" 200 6066
186.103.159.230 - - [03/Mar/2017:12:37:00 -0300] "GET /cormun/static/gxcfg.js?201612218531388 HTTP/1.1" 200 953
186.103.159.230 - - [03/Mar/2017:12:37:00 -0300] "GET /cormun/static/trsolicitudadjuntos.js?201612218531657 HTTP/1.1" 200 17913
186.103.159.230 - - [03/Mar/2017:12:37:01 -0300] "GET /cormun/servlet/trsolicitudadjuntos?2017,5138, HTTP/1.1" 200 6065
200.112.2.250 - - [03/Mar/2017:12:37:10 -0300] "POST /cormun/servlet/trsolicitudot?c7d53cd0402d8780af9f7e0a7a783818,gx-no-cache=1488555503975 HTTP/1.1" 200 4372
200.112.2.250 - - [03/Mar/2017:12:37:11 -0300] "GET /cormun/static/Shared/jqueryui/images/ui-bg_highlight-soft_100_c6c2c8_1x100.png HTTP/1.1" 404 1117
200.112.2.250 - - [03/Mar/2017:12:37:11 -0300] "GET /cormun/static/Shared/jqueryui/images/ui-icons_82798d_256x240.png HTTP/1.1" 404 1089
200.112.2.250 - - [03/Mar/2017:12:37:11 -0300] "GET /cormun/static/Shared/jqueryui/images/ui-bg_flat_55_fafafa_40x100.png HTTP/1.1" 404 1097
200.112.2.250 - - [03/Mar/2017:12:37:11 -0300] "GET /cormun/static/Shared/jqueryui/images/ui-icons_8d78a5_256x240.png HTTP/1.1" 404 1089
186.103.159.188 - - [03/Mar/2017:12:37:11 -0300] "GET /cormun/servlet/prfichaempleado?,MD,,gxPopupLevel%3D0%3B HTTP/1.1" 200 8829
186.103.159.230 - - [03/Mar/2017:12:37:11 -0300] "GET /cormun/servlet/solicitudotadjuntos?INS,2017,5138,,1, HTTP/1.1" 200 6000
186.103.159.230 - - [03/Mar/2017:12:37:12 -0300] "GET /cormun/static/gxcfg.js?201612218465951 HTTP/1.1" 200 953
186.103.159.230 - - [03/Mar/2017:12:37:12 -0300] "GET /cormun/static/solicitudotadjuntos.js?201612218465969 HTTP/1.1" 200 11762
186.103.159.188 - - [03/Mar/2017:12:37:12 -0300] "GET /cormun/static/gxcfg.js?2016102420561687 HTTP/1.1" 200 953
200.112.2.250 - - [03/Mar/2017:12:37:12 -0300] "POST /cormun/servlet/trsolicitudot?c7d53cd0402d8780af9f7e0a7a783818,gx-no-cache=1488555504659 HTTP/1.1" 200 4121
186.103.159.188 - - [03/Mar/2017:12:37:12 -0300] "GET /cormun/static/prfichaempleado.js?201610242056198 HTTP/1.1" 200 16015
186.103.159.230 - - [03/Mar/2017:12:37:12 -0300] "GET /cormun/static/about:blank HTTP/1.1" 404 1011
186.103.159.230 - - [03/Mar/2017:12:37:12 -0300] "GET /cormun/servlet/solicitudotadjuntos?INS,2017,5138,,1, HTTP/1.1" 200 5993
186.103.159.230 - - [03/Mar/2017:12:37:12 -0300] "GET /cormun/servlet/solicitudotadjuntos?77ee9ecb4482d264fbb6c8ddcd5b9cb67f760718e0311b664eff6f57999d6f31b49fdfa56ddfde70b8705e3c44513627,gx-no-cache=1488555500851 HTTP/1.1" 200 30
186.103.159.230 - - [03/Mar/2017:12:37:13 -0300] "POST /cormun/servlet/solicitudotadjuntos?779e2530f817ad4c2a6e4f3a646b84b4,INS,2017,5138,,1,,gx-no-cache=1488555500917 HTTP/1.1" 200 3824
186.103.159.204 - - [03/Mar/2017:12:37:18 -0300] "GET /cormun/servlet/hlogin HTTP/1.1" 200 1715
186.103.159.204 - - [03/Mar/2017:12:37:19 -0300] "GET /cormun/servlet/hlogin HTTP/1.1" 200 1725
186.103.159.182 - - [03/Mar/2017:12:37:21 -0300] "GET /cormun/servlet/solicitudot?INS,0,0, HTTP/1.1" 200 12822
186.103.159.182 - - [03/Mar/2017:12:37:23 -0300] "GET /cormun/servlet/solicitudot?INS,0,0, HTTP/1.1" 200 12827
186.103.159.188 - - [03/Mar/2017:12:37:26 -0300] "POST /cormun/servlet/prfichaempleado?dbaac4f3c088552cf79a00af9dd696a6,,MD,,gxPopupLevel%3D0%3B,gx-no-cache=1488555516880 HTTP/1.1" 200 3405
200.112.2.250 - - [03/Mar/2017:12:37:27 -0300] "POST /cormun/servlet/trsolicitudot?c7d53cd0402d8780af9f7e0a7a783818,gx-no-cache=1488555520295 HTTP/1.1" 200 5489
186.103.159.182 - - [03/Mar/2017:12:37:29 -0300] "POST /cormun/servlet/solicitudot?gx-no-cache=1488555519413 HTTP/1.1" 200 3186
186.103.159.182 - - [03/Mar/2017:12:37:29 -0300] "POST /cormun/servlet/solicitudot?8d295ccf9cbef6112ca89b09ea0ac640,INS,0,0,,gx-no-cache=1488555519806 HTTP/1.1" 200 9981
186.103.159.188 - - [03/Mar/2017:12:37:32 -0300] "GET /cormun/servlet/permisogoce?f3c87747b42a0b8fa63e921100c6a8bf611fa22fbe0d290ed2d2bf8f30a1b505963641db9e8ec0ad0064d936fa7c0baf,gx-no-cache=1488555522558 HTTP/1.1" 200 80
186.103.159.188 - - [03/Mar/2017:12:37:32 -0300] "GET /cormun/static/menuarrow.gif HTTP/1.1" 404 1015
186.103.159.204 - - [03/Mar/2017:12:37:32 -0300] "POST /cormun/servlet/hlogin?2b5760c118f18b7328c8d54ebb2c01e1,gx-no-cache=1488555521675 HTTP/1.1" 200 90
186.103.159.204 - - [03/Mar/2017:12:37:32 -0300] "GET /cormun/servlet/hpexe_link HTTP/1.1" 200 951
186.103.159.204 - - [03/Mar/2017:12:37:32 -0300] "GET /cormun/servlet/hhome HTTP/1.1" 200 3974
186.103.159.204 - - [03/Mar/2017:12:37:34 -0300] "GET /cormun/servlet/hhome HTTP/1.1" 200 3970
186.103.159.182 - - [03/Mar/2017:12:37:35 -0300] "GET /cormun/servlet/solicitudot?7f0570b57a3f2aa593d372dba3f75d4f220427a2b8fc75b778f010eb2789f2684b0ebcb258806735472d015063f08e03,gx-no-cache=1488555526073 HTTP/1.1" 200 30
186.103.159.182 - - [03/Mar/2017:12:37:35 -0300] "POST /cormun/servlet/solicitudot?gx-no-cache=1488555526156 HTTP/1.1" 200 297
186.103.159.182 - - [03/Mar/2017:12:37:36 -0300] "GET /cormun/servlet/solicitudot?7f0570b57a3f2aa593d372dba3f75d4f81cfd0d10793362e299add8f855f2b052c24de1b44961d67a70c6935659056b5016bada567f0532b904cc9509d4fcac22d0cc0c60b159c3ec103da40692862da6dd05f237d0eb10864cf09a859357210c6bbb5483b10401697c0f4ed219ae94631c1a4e552844ab26b64e21f2e425b992be17eb0bc8d9910d582da60056ca4e0bd3e012315ee6dac8b573257d03c2df1d8352bb5e1e81d6b0dc9f9845fd504620f0abb7ea19f970b7bbfa2cd3d5bb3ec6b91bae290cfd64a7a52f82196059f89bac26c68b01047f8902cd4443a0c2d6c933057ce9f10dbba69aeb92f8f70d66d8ae2c55e858e2d1b52be9180bc38bb4f3b56584ecbc6278dcfebd7a5248e3d4ce5796dc40673c70df87c190f68e79c527ced75ca70caa44edbc66616dfa5a9718ebcb4624278dfa3a4ade2788891d59073cb2d30749593207b4c0f9f7e0fdc287db231a153c19901b6b9c945bec43247943ffb9348aa2f27bd7c3fcff7bad3f65c6486ff8e16b4b4fd7b07a39ed1ca639956320f86ab254a9b26b29cfc3bb25e,gx-no-cache=1488555526220 HTTP/1.1" 200 30
200.112.2.250 - - [03/Mar/2017:12:37:40 -0300] "POST /cormun/servlet/trsolicitudot?c7d53cd0402d8780af9f7e0a7a783818,gx-no-cache=1488555534004 HTTP/1.1" 200 5463
186.103.159.204 - - [03/Mar/2017:12:37:40 -0300] "GET /cormun/servlet/trsolicitudot? HTTP/1.1" 200 6944
186.103.159.204 - - [03/Mar/2017:12:37:41 -0300] "GET /cormun/static/calendar.js?85251 HTTP/1.1" 304 -
186.103.159.204 - - [03/Mar/2017:12:37:41 -0300] "GET /cormun/static/calendar-setup.js?85251 HTTP/1.1" 304 -
186.103.159.204 - - [03/Mar/2017:12:37:41 -0300] "GET /cormun/static/calendar-es.js?85251 HTTP/1.1" 304 -
186.103.159.204 - - [03/Mar/2017:12:37:41 -0300] "GET /cormun/static/gxdec.js?85251 HTTP/1.1" 304 -
186.103.159.204 - - [03/Mar/2017:12:37:41 -0300] "GET /cormun/static/trsolicitudot.js?20171191045625 HTTP/1.1" 304 -
186.103.159.204 - - [03/Mar/2017:12:37:42 -0300] "GET /cormun/static/Resources/asc.gif HTTP/1.1" 200 67
186.103.159.204 - - [03/Mar/2017:12:37:42 -0300] "GET /cormun/static/Resources/asc.gif HTTP/1.1" 200 67
186.103.159.204 - - [03/Mar/2017:12:37:42 -0300] "GET /cormun/static/Resources/asc.gif HTTP/1.1" 200 67
186.103.159.204 - - [03/Mar/2017:12:37:42 -0300] "GET /cormun/static/Resources/asc.gif HTTP/1.1" 200 67
186.103.159.204 - - [03/Mar/2017:12:37:42 -0300] "GET /cormun/static/Resources/desc.gif HTTP/1.1" 200 65
186.103.159.204 - - [03/Mar/2017:12:37:42 -0300] "GET /cormun/static/Resources/desc.gif HTTP/1.1" 200 65
186.103.159.204 - - [03/Mar/2017:12:37:42 -0300] "GET /cormun/static/Resources/desc.gif HTTP/1.1" 200 65
186.103.159.204 - - [03/Mar/2017:12:37:42 -0300] "GET /cormun/static/Resources/asc.gif HTTP/1.1" 200 67
186.103.159.204 - - [03/Mar/2017:12:37:42 -0300] "GET /cormun/static/Resources/asc.gif HTTP/1.1" 200 67
186.103.159.204 - - [03/Mar/2017:12:37:42 -0300] "GET /cormun/static/Resources/asc.gif HTTP/1.1" 200 67
186.103.159.204 - - [03/Mar/2017:12:37:42 -0300] "GET /cormun/static/Resources/desc.gif HTTP/1.1" 200 65
186.103.159.204 - - [03/Mar/2017:12:37:42 -0300] "GET /cormun/servlet/trsolicitudot? HTTP/1.1" 200 6943
186.103.159.182 - - [03/Mar/2017:12:37:44 -0300] "POST /cormun/servlet/solicitudot?gx-no-cache=1488555535170 HTTP/1.1" 200 30
186.103.159.182 - - [03/Mar/2017:12:37:45 -0300] "GET /cormun/servlet/prsolicitudot?15465221,,,,,MD,,gxPopupLevel%3D0%3B HTTP/1.1" 200 6119
192.168.10.62 - - [03/Mar/2017:12:37:47 -0300] "GET /cormun/servlet/hlogin HTTP/1.1" 200 1732
186.103.159.204 - - [03/Mar/2017:12:37:47 -0300] "GET /cormun/static/menuarrow.gif HTTP/1.1" 404 1015
200.112.2.250 - - [03/Mar/2017:12:37:48 -0300] "POST /cormun/servlet/trsolicitudot?c7d53cd0402d8780af9f7e0a7a783818,gx-no-cache=1488555542075 HTTP/1.1" 200 5464
186.103.159.182 - - [03/Mar/2017:12:37:52 -0300] "POST /cormun/servlet/solicitudot?gx-no-cache=1488555542848 HTTP/1.1" 200 1371
186.103.159.182 - - [03/Mar/2017:12:37:52 -0300] "GET /cormun/static/Shared/jqueryui/images/ui-bg_highlight-soft_100_c6c2c8_1x100.png HTTP/1.1" 404 1117
186.103.159.182 - - [03/Mar/2017:12:37:52 -0300] "GET /cormun/static/Shared/jqueryui/images/ui-bg_flat_55_994d53_40x100.png HTTP/1.1" 404 1097
186.103.159.182 - - [03/Mar/2017:12:37:52 -0300] "GET /cormun/static/Shared/jqueryui/images/ui-icons_ebccce_256x240.png HTTP/1.1" 404 1089
186.103.159.182 - - [03/Mar/2017:12:37:52 -0300] "POST /cormun/servlet/solicitudot?gx-no-cache=1488555542975 HTTP/1.1" 200 117
186.103.159.182 - - [03/Mar/2017:12:37:52 -0300] "GET /cormun/servlet/solicitudot?7f0570b57a3f2aa593d372dba3f75d4f2cc0da48acb90217458d31b05a2c2d4d15873514a408a364106973242dfc5c95fc4d249e84a99f3eaddc22c8d24388401d7d1b30645226d0827f7eaf271fa6a79d9cd22aba5b8b7908ca112d0326e98ac9c25b3c9fbc5c92c9b3f1ac4f72cffe,gx-no-cache=1488555543079 HTTP/1.1" 200 29
186.103.159.182 - - [03/Mar/2017:12:37:52 -0300] "GET /cormun/servlet/solicitudot?7f0570b57a3f2aa593d372dba3f75d4f3b4435df053ee49efbfeb3f8be22d49d42977a05a397718f850113be7efd02de8b2d3868d7e5ac78a6164849678e781396faa148af53ce791eb2ebc59d2e081361faf34d7c449e695f043f03366c37eba6e49520ac197e57843c6caa19ee75e42dc6ae62875798136eb06389ac2751d4d1aa717c8bbb1cb7ed5abc3b65547dc5c8664174afbb3b9dc3740efb75034d91,gx-no-cache=1488555543155 HTTP/1.1" 200 57
186.103.159.182 - - [03/Mar/2017:12:37:52 -0300] "GET /cormun/servlet/solicitudot?7f0570b57a3f2aa593d372dba3f75d4fc6040f285f19c45228e713dda73d7a6442977a05a397718f850113be7efd02de8b2d3868d7e5ac78a6164849678e7813ef17467f9df2a799ec2cfd6231dbd20d2ebc79913e8f33ad8a8afbcdb2d9799e7d939f4f873c6e95c15d833d13d6cfb59956320f86ab254a9b26b29cfc3bb25e,gx-no-cache=1488555543224 HTTP/1.1" 200 57
186.103.159.204 - - [03/Mar/2017:12:37:53 -0300] "POST /cormun/servlet/trsolicitudot?2b5760c118f18b7328c8d54ebb2c01e1,,gx-no-cache=1488555542216 HTTP/1.1" 200 4134
186.103.159.204 - - [03/Mar/2017:12:37:55 -0300] "GET /cormun/servlet/solicitudot?INS,0,0, HTTP/1.1" 200 12774
186.103.159.204 - - [03/Mar/2017:12:37:55 -0300] "GET /cormun/static/solicitudot.js?2017119104297 HTTP/1.1" 304 -
186.103.159.204 - - [03/Mar/2017:12:37:56 -0300] "GET /cormun/servlet/solicitudot?INS,0,0, HTTP/1.1" 200 12779
200.112.2.250 - - [03/Mar/2017:12:37:58 -0300] "POST /cormun/servlet/trsolicitudot?c7d53cd0402d8780af9f7e0a7a783818,gx-no-cache=1488555551207 HTTP/1.1" 200 5465
186.103.159.182 - - [03/Mar/2017:12:38:01 -0300] "GET /cormun/servlet/prsolicitudot?15465221,,,,,MD,,gxPopupLevel%3D0%3B HTTP/1.1" 200 6119
