186.103.159.182 - - [03/Mar/2017:12:47:05 -0300] "POST /cormun/servlet/trsolicitudot?8d295ccf9cbef6112ca89b09ea0ac640,gx-no-cache=1488556095456 HTTP/1.1" 200 6827
186.103.159.182 - - [03/Mar/2017:12:47:06 -0300] "POST /cormun/servlet/trsolicitudot?8d295ccf9cbef6112ca89b09ea0ac640,gx-no-cache=1488556097055 HTTP/1.1" 200 6770
95.213.177.123 - - [03/Mar/2017:12:47:08 -0300] "CONNECT check.proxyradar.com:80 HTTP/1.1" 400 -
186.103.159.182 - - [03/Mar/2017:12:47:08 -0300] "POST /cormun/servlet/trsolicitudot?8d295ccf9cbef6112ca89b09ea0ac640,gx-no-cache=1488556098866 HTTP/1.1" 200 6519
186.103.159.182 - - [03/Mar/2017:12:47:10 -0300] "POST /cormun/servlet/trsolicitudot?8d295ccf9cbef6112ca89b09ea0ac640,gx-no-cache=1488556100360 HTTP/1.1" 200 6461
186.103.157.235 - - [03/Mar/2017:12:47:10 -0300] "POST /cormun/servlet/hlogin?4a6dccc34521cbf484be8ee30905e308,gx-no-cache=1488556267074 HTTP/1.1" 200 90
186.103.157.235 - - [03/Mar/2017:12:47:10 -0300] "GET /cormun/servlet/hpexe_link HTTP/1.1" 200 953
186.103.157.235 - - [03/Mar/2017:12:47:10 -0300] "GET /cormun/servlet/hhome HTTP/1.1" 200 3948
186.103.157.235 - - [03/Mar/2017:12:47:12 -0300] "GET /cormun/servlet/hhome HTTP/1.1" 200 3944
186.103.159.182 - - [03/Mar/2017:12:47:12 -0300] "POST /cormun/servlet/trsolicitudot?8d295ccf9cbef6112ca89b09ea0ac640,gx-no-cache=1488556102626 HTTP/1.1" 200 6196
186.103.159.182 - - [03/Mar/2017:12:47:14 -0300] "POST /cormun/servlet/trsolicitudot?8d295ccf9cbef6112ca89b09ea0ac640,gx-no-cache=1488556104465 HTTP/1.1" 200 6139
186.103.159.182 - - [03/Mar/2017:12:47:17 -0300] "POST /cormun/servlet/trsolicitudot?8d295ccf9cbef6112ca89b09ea0ac640,gx-no-cache=1488556107750 HTTP/1.1" 200 5831
186.103.159.182 - - [03/Mar/2017:12:47:18 -0300] "POST /cormun/servlet/trsolicitudot?8d295ccf9cbef6112ca89b09ea0ac640,gx-no-cache=1488556108862 HTTP/1.1" 200 5777
186.103.159.182 - - [03/Mar/2017:12:47:20 -0300] "POST /cormun/servlet/trsolicitudot?8d295ccf9cbef6112ca89b09ea0ac640,gx-no-cache=1488556110515 HTTP/1.1" 200 5482
186.103.159.182 - - [03/Mar/2017:12:47:21 -0300] "POST /cormun/servlet/trsolicitudot?8d295ccf9cbef6112ca89b09ea0ac640,gx-no-cache=1488556111508 HTTP/1.1" 200 5424
186.103.159.182 - - [03/Mar/2017:12:47:22 -0300] "POST /cormun/servlet/trsolicitudot?8d295ccf9cbef6112ca89b09ea0ac640,gx-no-cache=1488556112998 HTTP/1.1" 200 4347
186.103.159.182 - - [03/Mar/2017:12:47:23 -0300] "POST /cormun/servlet/trsolicitudot?8d295ccf9cbef6112ca89b09ea0ac640,gx-no-cache=1488556113563 HTTP/1.1" 200 4124
186.103.159.182 - - [03/Mar/2017:12:47:28 -0300] "GET /cormun/servlet/trautorizarsolicitud? HTTP/1.1" 200 14020
186.103.159.182 - - [03/Mar/2017:12:47:28 -0300] "GET /cormun/static/gxcfg.js?2017259112829 HTTP/1.1" 200 953
186.103.159.182 - - [03/Mar/2017:12:47:28 -0300] "GET /cormun/static/trautorizarsolicitud.js?2017259113483 HTTP/1.1" 200 53096
186.103.159.182 - - [03/Mar/2017:12:47:30 -0300] "GET /cormun/servlet/trautorizarsolicitud? HTTP/1.1" 200 14020
186.103.159.182 - - [03/Mar/2017:12:47:35 -0300] "POST /cormun/servlet/trautorizarsolicitud?8d295ccf9cbef6112ca89b09ea0ac640,,gx-no-cache=1488556125562 HTTP/1.1" 200 10960
186.103.159.182 - - [03/Mar/2017:12:47:36 -0300] "GET /cormun/static/Shared/jqueryui/images/ui-bg_highlight-soft_100_c6c2c8_1x100.png HTTP/1.1" 404 1117
186.103.159.182 - - [03/Mar/2017:12:47:36 -0300] "GET /cormun/static/Shared/jqueryui/images/ui-icons_82798d_256x240.png HTTP/1.1" 404 1089
186.103.159.182 - - [03/Mar/2017:12:47:36 -0300] "GET /cormun/static/Shared/jqueryui/images/ui-bg_flat_55_fafafa_40x100.png HTTP/1.1" 404 1097
186.103.159.182 - - [03/Mar/2017:12:47:36 -0300] "GET /cormun/static/Shared/jqueryui/images/ui-icons_8d78a5_256x240.png HTTP/1.1" 404 1089
186.103.159.182 - - [03/Mar/2017:12:47:37 -0300] "POST /cormun/servlet/trautorizarsolicitud?8d295ccf9cbef6112ca89b09ea0ac640,,gx-no-cache=1488556127175 HTTP/1.1" 200 10903
186.103.159.182 - - [03/Mar/2017:12:47:39 -0300] "POST /cormun/servlet/trautorizarsolicitud?8d295ccf9cbef6112ca89b09ea0ac640,,gx-no-cache=1488556129133 HTTP/1.1" 200 10615
186.103.159.182 - - [03/Mar/2017:12:47:40 -0300] "POST /cormun/servlet/trautorizarsolicitud?8d295ccf9cbef6112ca89b09ea0ac640,,gx-no-cache=1488556130666 HTTP/1.1" 200 10558
186.103.159.182 - - [03/Mar/2017:12:47:42 -0300] "POST /cormun/servlet/trautorizarsolicitud?8d295ccf9cbef6112ca89b09ea0ac640,,gx-no-cache=1488556132357 HTTP/1.1" 200 10316
186.103.157.235 - - [03/Mar/2017:12:47:43 -0300] "GET /cormun/servlet/trsolicitudot? HTTP/1.1" 200 6919
186.103.159.182 - - [03/Mar/2017:12:47:44 -0300] "POST /cormun/servlet/trautorizarsolicitud?8d295ccf9cbef6112ca89b09ea0ac640,,gx-no-cache=1488556133912 HTTP/1.1" 200 10258
186.103.157.235 - - [03/Mar/2017:12:47:44 -0300] "GET /cormun/servlet/trsolicitudot? HTTP/1.1" 200 6919
186.103.159.182 - - [03/Mar/2017:12:47:46 -0300] "POST /cormun/servlet/trautorizarsolicitud?8d295ccf9cbef6112ca89b09ea0ac640,,gx-no-cache=1488556136451 HTTP/1.1" 200 10016
186.103.157.235 - - [03/Mar/2017:12:47:47 -0300] "GET /cormun/servlet/solicitudot?INS,0,0, HTTP/1.1" 200 12748
186.103.157.235 - - [03/Mar/2017:12:47:47 -0300] "GET /cormun/servlet/solicitudot?INS,0,0, HTTP/1.1" 200 12752
186.103.159.182 - - [03/Mar/2017:12:47:48 -0300] "POST /cormun/servlet/trautorizarsolicitud?8d295ccf9cbef6112ca89b09ea0ac640,,gx-no-cache=1488556138193 HTTP/1.1" 200 9959
186.103.159.182 - - [03/Mar/2017:12:47:49 -0300] "POST /cormun/servlet/trautorizarsolicitud?8d295ccf9cbef6112ca89b09ea0ac640,,gx-no-cache=1488556140033 HTTP/1.1" 200 9591
186.103.159.182 - - [03/Mar/2017:12:47:51 -0300] "POST /cormun/servlet/trautorizarsolicitud?8d295ccf9cbef6112ca89b09ea0ac640,,gx-no-cache=1488556141867 HTTP/1.1" 200 9534
186.103.159.182 - - [03/Mar/2017:12:47:53 -0300] "POST /cormun/servlet/trautorizarsolicitud?8d295ccf9cbef6112ca89b09ea0ac640,,gx-no-cache=1488556144007 HTTP/1.1" 200 9287
186.103.159.182 - - [03/Mar/2017:12:47:55 -0300] "POST /cormun/servlet/trautorizarsolicitud?8d295ccf9cbef6112ca89b09ea0ac640,,gx-no-cache=1488556145946 HTTP/1.1" 200 9233
186.103.159.204 - - [03/Mar/2017:12:47:56 -0300] "GET /cormun/servlet/solicitudot?3959b856d4bc287ece3ce0942c8b1cb9dedd03d04348a5072b2cecedf3a83e15e1e7d9a6e3ed3129d4c0f4136af4d8fc074024289b8f253ab9cdb63dd568f37030b9a7504251218a9e53519e8a481e5bd72149dbc6371896b653c75f30459c5b66ca80b53b4114de48d8e9cf05f45f55072969a5ae211506e605e241e1dd45b38e84930686706be3905f0cb2a062c831e07e693bfc8f83c4ed3b152683e1d85685f9902738a32bd7d9050ef3bb35afd86594c245751cdb5caf3ed8be25addbd115b9307e10ed870448f8d471f2cdbf7cf8fed524ba123f7de738b7bf5ac2dbe528df71a773df4b3b7a5977b55fa50c39aa4ceaf02092fb0d8d4c072c67c8f31fb721a4358178aa193a212e8a52b9dfaf11cfb50e53785bdd28d26a79891b813a1c31a61722818b90dee512149daede5147cd2cde470a28febb70f9ec22b999aa1b17b61d4d76eec8f3420b6f7ec00b5e7137246e79286259785b32e4998e1dca6c9544013a127e32ee0be41cfd2fe0fa6f2245208ebc5ff330c73a7debd7c18d,gx-no-cache=1488556145189 HTTP/1.1" 200 30
186.103.159.204 - - [03/Mar/2017:12:47:56 -0300] "POST /cormun/servlet/solicitudot?gx-no-cache=1488556145558 HTTP/1.1" 200 30
186.103.159.204 - - [03/Mar/2017:12:47:56 -0300] "POST /cormun/servlet/solicitudot?gx-no-cache=1488556145663 HTTP/1.1" 200 1286
186.103.159.204 - - [03/Mar/2017:12:47:56 -0300] "POST /cormun/servlet/solicitudot?gx-no-cache=1488556145800 HTTP/1.1" 200 41
186.103.159.204 - - [03/Mar/2017:12:47:56 -0300] "POST /cormun/servlet/solicitudot?gx-no-cache=1488556145865 HTTP/1.1" 200 1274
186.103.159.204 - - [03/Mar/2017:12:47:56 -0300] "POST /cormun/servlet/solicitudot?gx-no-cache=1488556145928 HTTP/1.1" 200 1158
186.103.159.204 - - [03/Mar/2017:12:47:56 -0300] "GET /cormun/servlet/solicitudot?3959b856d4bc287ece3ce0942c8b1cb9c56b9a4023f01b7f82ea738ec3d1e1dae6f5a255a9ac09c94928d61d137303b3ff0f8368bca8cf8e4184b64cc546a9b0520c02cf791938c015ba54820d8f6ab7484cf12701e1a994ebc1d01a5a758353be95adae81c87074441e0e493e7607b122306b84305be7dcd9ef3e0bf73734e29635321d4b808e26c6ab9569ebda26166ba5a7cb7ce640e33214c6e7d1af676aef95cb4ce9617693c8432a581e735683,gx-no-cache=1488556145987 HTTP/1.1" 200 30
186.103.159.204 - - [03/Mar/2017:12:47:57 -0300] "POST /cormun/servlet/solicitudot?2b5760c118f18b7328c8d54ebb2c01e1,INS,0,0,,gx-no-cache=1488556146028 HTTP/1.1" 200 93
186.103.159.204 - - [03/Mar/2017:12:47:57 -0300] "GET /cormun/servlet/hpexe_return? HTTP/1.1" 200 1003
186.103.159.204 - - [03/Mar/2017:12:47:57 -0300] "GET /cormun/servlet/trsolicitudot? HTTP/1.1" 200 8213
186.103.159.182 - - [03/Mar/2017:12:47:57 -0300] "POST /cormun/servlet/trautorizarsolicitud?8d295ccf9cbef6112ca89b09ea0ac640,,gx-no-cache=1488556147886 HTTP/1.1" 200 8984
186.103.159.204 - - [03/Mar/2017:12:47:58 -0300] "GET /cormun/static/Resources/asc.gif HTTP/1.1" 200 67
186.103.159.204 - - [03/Mar/2017:12:47:58 -0300] "GET /cormun/static/Resources/desc.gif HTTP/1.1" 200 65
186.103.159.204 - - [03/Mar/2017:12:47:58 -0300] "GET /cormun/static/Resources/desc.gif HTTP/1.1" 200 65
186.103.159.204 - - [03/Mar/2017:12:47:58 -0300] "GET /cormun/static/Resources/asc.gif HTTP/1.1" 200 67
186.103.159.204 - - [03/Mar/2017:12:47:58 -0300] "GET /cormun/static/Resources/desc.gif HTTP/1.1" 200 65
186.103.159.204 - - [03/Mar/2017:12:47:58 -0300] "GET /cormun/static/Resources/asc.gif HTTP/1.1" 200 67
186.103.159.204 - - [03/Mar/2017:12:47:58 -0300] "GET /cormun/static/Resources/desc.gif HTTP/1.1" 200 65
186.103.159.204 - - [03/Mar/2017:12:47:58 -0300] "GET /cormun/static/Resources/asc.gif HTTP/1.1" 200 67
186.103.159.204 - - [03/Mar/2017:12:47:58 -0300] "GET /cormun/static/Resources/asc.gif HTTP/1.1" 200 67
186.103.159.204 - - [03/Mar/2017:12:47:58 -0300] "GET /cormun/static/Resources/desc.gif HTTP/1.1" 200 65
186.103.159.204 - - [03/Mar/2017:12:47:58 -0300] "GET /cormun/servlet/trsolicitudot? HTTP/1.1" 200 8191
186.103.159.182 - - [03/Mar/2017:12:47:59 -0300] "POST /cormun/servlet/trautorizarsolicitud?8d295ccf9cbef6112ca89b09ea0ac640,,gx-no-cache=1488556149887 HTTP/1.1" 200 8922
186.103.159.182 - - [03/Mar/2017:12:48:01 -0300] "POST /cormun/servlet/trautorizarsolicitud?8d295ccf9cbef6112ca89b09ea0ac640,,gx-no-cache=1488556151791 HTTP/1.1" 200 8580
186.103.157.235 - - [03/Mar/2017:12:48:01 -0300] "POST /cormun/servlet/solicitudot?gx-no-cache=1488556318317 HTTP/1.1" 200 3184
186.103.157.235 - - [03/Mar/2017:12:48:02 -0300] "POST /cormun/servlet/solicitudot?4a6dccc34521cbf484be8ee30905e308,INS,0,0,,gx-no-cache=1488556318714 HTTP/1.1" 200 9959
186.103.159.182 - - [03/Mar/2017:12:48:04 -0300] "POST /cormun/servlet/trautorizarsolicitud?8d295ccf9cbef6112ca89b09ea0ac640,,gx-no-cache=1488556153965 HTTP/1.1" 200 8525
186.103.159.182 - - [03/Mar/2017:12:48:06 -0300] "POST /cormun/servlet/trautorizarsolicitud?8d295ccf9cbef6112ca89b09ea0ac640,,gx-no-cache=1488556156118 HTTP/1.1" 200 8176
186.103.159.182 - - [03/Mar/2017:12:48:08 -0300] "POST /cormun/servlet/trautorizarsolicitud?8d295ccf9cbef6112ca89b09ea0ac640,,gx-no-cache=1488556158854 HTTP/1.1" 200 8120
186.103.159.182 - - [03/Mar/2017:12:48:10 -0300] "POST /cormun/servlet/trautorizarsolicitud?8d295ccf9cbef6112ca89b09ea0ac640,,gx-no-cache=1488556160986 HTTP/1.1" 200 7863
200.112.2.250 - - [03/Mar/2017:12:48:11 -0300] "POST /cormun/servlet/solicitudot?gx-no-cache=1488556163851 HTTP/1.1" 200 3187
200.112.2.250 - - [03/Mar/2017:12:48:12 -0300] "POST /cormun/servlet/solicitudot?c7d53cd0402d8780af9f7e0a7a783818,INS,0,0,,gx-no-cache=1488556165125 HTTP/1.1" 200 9953
186.103.159.182 - - [03/Mar/2017:12:48:12 -0300] "POST /cormun/servlet/trautorizarsolicitud?8d295ccf9cbef6112ca89b09ea0ac640,,gx-no-cache=1488556162965 HTTP/1.1" 200 7807
186.103.159.182 - - [03/Mar/2017:12:48:16 -0300] "POST /cormun/servlet/trautorizarsolicitud?8d295ccf9cbef6112ca89b09ea0ac640,,gx-no-cache=1488556166610 HTTP/1.1" 200 7541
186.103.159.182 - - [03/Mar/2017:12:48:18 -0300] "POST /cormun/servlet/trautorizarsolicitud?8d295ccf9cbef6112ca89b09ea0ac640,,gx-no-cache=1488556168578 HTTP/1.1" 200 7486
186.103.159.182 - - [03/Mar/2017:12:48:20 -0300] "POST /cormun/servlet/trautorizarsolicitud?8d295ccf9cbef6112ca89b09ea0ac640,,gx-no-cache=1488556170693 HTTP/1.1" 200 7199
186.103.159.204 - - [03/Mar/2017:12:48:22 -0300] "POST /cormun/servlet/trsolicitudot?2b5760c118f18b7328c8d54ebb2c01e1,,gx-no-cache=1488556171188 HTTP/1.1" 200 106
186.103.159.204 - - [03/Mar/2017:12:48:22 -0300] "GET /cormun/servlet/trsolicitudadjuntos?2017,5142, HTTP/1.1" 200 6070
186.103.159.182 - - [03/Mar/2017:12:48:22 -0300] "POST /cormun/servlet/trautorizarsolicitud?8d295ccf9cbef6112ca89b09ea0ac640,,gx-no-cache=1488556172581 HTTP/1.1" 200 7133
186.103.159.204 - - [03/Mar/2017:12:48:23 -0300] "GET /cormun/servlet/trsolicitudadjuntos?2017,5142, HTTP/1.1" 200 6069
200.112.2.250 - - [03/Mar/2017:12:48:23 -0300] "GET /cormun/servlet/solicitudot?658c68cebbf576839dc68b4de42349f6924f255f7e2bd83ae225b5ef7963a0625a26dec8f6b010faf5f7ffae73889d14,gx-no-cache=1488556176719 HTTP/1.1" 200 30
200.112.2.250 - - [03/Mar/2017:12:48:23 -0300] "POST /cormun/servlet/solicitudot?gx-no-cache=1488556176844 HTTP/1.1" 200 240
200.112.2.250 - - [03/Mar/2017:12:48:23 -0300] "GET /cormun/servlet/solicitudot?658c68cebbf576839dc68b4de42349f6b577895666239a034d6b872a690de52d8229b308ecc04e94910a892048790934b5a6bdf37109800718cc38dd52a086c4ed7b92978bb568c6a28cd25b0406c8d284a39b9c22cd9e448299198cc0ecf90fc0e9d347903a62126a042ee942bd57fd888e009767dbb981b398270fb69d82d47d66b4f96ace53284326b37ed0b14c51edd4e2be93e8a7c1809a7854a9d351ae46c9ad94871bb177efea37cb7b45d487e0380309d35c877e80e95b78c7dff2eb0fcc72bb8d505efee9cd00a67b94cd9d074663c1868ef6c18636fb74241872b74e62a57f356c6293d383e22ae5cd34b36c025e6352fde2fb56ac08716b2ac1ef84f8c1f813520d82147cc3b4b15dbe8c8074ab97e6c715d68ac9d6202598b2c000ad9c584a21c30441df3426eb60b4dcff8b26cb3200442becc4ac1979856caa9038842a7be2d5a515bd80b7578ef53b5bce90309c09760ff05157510f9252ad309f3c02b242cbf9b652640d140b6fc4ffa5d8f2d0319926d20053128cc436c2,gx-no-cache=1488556176956 HTTP/1.1" 200 30
186.103.159.182 - - [03/Mar/2017:12:48:24 -0300] "POST /cormun/servlet/trautorizarsolicitud?8d295ccf9cbef6112ca89b09ea0ac640,,gx-no-cache=1488556174538 HTTP/1.1" 200 6874
186.103.159.204 - - [03/Mar/2017:12:48:25 -0300] "GET /cormun/servlet/solicitudotadjuntos?INS,2017,5142,,1, HTTP/1.1" 200 6003
186.103.159.204 - - [03/Mar/2017:12:48:25 -0300] "GET /cormun/static/about:blank HTTP/1.1" 404 1011
200.112.2.250 - - [03/Mar/2017:12:48:25 -0300] "POST /cormun/servlet/solicitudot?gx-no-cache=1488556179157 HTTP/1.1" 200 30
186.103.159.182 - - [03/Mar/2017:12:48:26 -0300] "POST /cormun/servlet/trautorizarsolicitud?8d295ccf9cbef6112ca89b09ea0ac640,,gx-no-cache=1488556176264 HTTP/1.1" 200 6819
186.103.159.204 - - [03/Mar/2017:12:48:26 -0300] "GET /cormun/servlet/solicitudotadjuntos?INS,2017,5142,,1, HTTP/1.1" 200 5996
186.103.159.204 - - [03/Mar/2017:12:48:26 -0300] "GET /cormun/servlet/solicitudotadjuntos?3959b856d4bc287ece3ce0942c8b1cb9104f560f15cc8078c3f0604b7e6d1250c54bc7a6a80607f9496ec4f39cda7078,gx-no-cache=1488556175908 HTTP/1.1" 200 30
186.103.159.204 - - [03/Mar/2017:12:48:26 -0300] "POST /cormun/servlet/solicitudotadjuntos?2b5760c118f18b7328c8d54ebb2c01e1,INS,2017,5142,,1,,gx-no-cache=1488556175946 HTTP/1.1" 200 3855
186.103.159.204 - - [03/Mar/2017:12:48:26 -0300] "GET /cormun/static/about:blank HTTP/1.1" 404 1011
186.103.159.182 - - [03/Mar/2017:12:48:27 -0300] "POST /cormun/servlet/trautorizarsolicitud?8d295ccf9cbef6112ca89b09ea0ac640,,gx-no-cache=1488556177655 HTTP/1.1" 200 6549
186.103.159.204 - - [03/Mar/2017:12:48:28 -0300] "POST /cormun/servlet/solicitudotadjuntos?gx-no-cache=1488556178039 HTTP/1.1" 200 26
186.103.159.182 - - [03/Mar/2017:12:48:29 -0300] "POST /cormun/servlet/trautorizarsolicitud?8d295ccf9cbef6112ca89b09ea0ac640,,gx-no-cache=1488556179527 HTTP/1.1" 200 6492
200.112.2.250 - - [03/Mar/2017:12:48:38 -0300] "POST /cormun/servlet/solicitudot?gx-no-cache=1488556192069 HTTP/1.1" 200 1291
200.112.2.250 - - [03/Mar/2017:12:48:38 -0300] "POST /cormun/servlet/solicitudot?gx-no-cache=1488556192291 HTTP/1.1" 200 38
186.103.159.182 - - [03/Mar/2017:12:48:38 -0300] "POST /cormun/servlet/trautorizarsolicitud?8d295ccf9cbef6112ca89b09ea0ac640,,gx-no-cache=1488556189026 HTTP/1.1" 200 6203
186.103.159.182 - - [03/Mar/2017:12:48:40 -0300] "POST /cormun/servlet/trautorizarsolicitud?8d295ccf9cbef6112ca89b09ea0ac640,,gx-no-cache=1488556190618 HTTP/1.1" 200 6146
186.103.159.182 - - [03/Mar/2017:12:48:42 -0300] "POST /cormun/servlet/trautorizarsolicitud?8d295ccf9cbef6112ca89b09ea0ac640,,gx-no-cache=1488556192361 HTTP/1.1" 200 5867
186.103.159.182 - - [03/Mar/2017:12:48:43 -0300] "POST /cormun/servlet/trautorizarsolicitud?8d295ccf9cbef6112ca89b09ea0ac640,,gx-no-cache=1488556193583 HTTP/1.1" 200 5812
186.103.159.182 - - [03/Mar/2017:12:48:44 -0300] "POST /cormun/servlet/trautorizarsolicitud?8d295ccf9cbef6112ca89b09ea0ac640,,gx-no-cache=1488556195224 HTTP/1.1" 200 5455
186.103.159.182 - - [03/Mar/2017:12:48:46 -0300] "POST /cormun/servlet/trautorizarsolicitud?8d295ccf9cbef6112ca89b09ea0ac640,,gx-no-cache=1488556196059 HTTP/1.1" 200 5399
186.103.159.204 - - [03/Mar/2017:12:48:46 -0300] "GET /cormun/servlet/solicitudotadjuntos?3959b856d4bc287ece3ce0942c8b1cb9c6b374418073e789a9f7f7da2e03449d,gx-no-cache=1488556195772 HTTP/1.1" 200 30
186.103.159.204 - - [03/Mar/2017:12:48:46 -0300] "GET /cormun/servlet/solicitudotadjuntos?3959b856d4bc287ece3ce0942c8b1cb9c6b374418073e789a9f7f7da2e03449d,gx-no-cache=1488556195818 HTTP/1.1" 200 30
186.103.159.204 - - [03/Mar/2017:12:48:48 -0300] "POST /cormun/servlet/solicitudotadjuntos?2b5760c118f18b7328c8d54ebb2c01e1,INS,2017,5142,,1, HTTP/1.1" 200 116
186.103.159.204 - - [03/Mar/2017:12:48:48 -0300] "GET /cormun/servlet/hpexe_return? HTTP/1.1" 200 1021
186.103.159.204 - - [03/Mar/2017:12:48:49 -0300] "GET /cormun/servlet/trsolicitudadjuntos?2017,5142, HTTP/1.1" 200 8171
186.103.159.182 - - [03/Mar/2017:12:48:49 -0300] "POST /cormun/servlet/trautorizarsolicitud?8d295ccf9cbef6112ca89b09ea0ac640,,gx-no-cache=1488556199424 HTTP/1.1" 200 4327
186.103.159.204 - - [03/Mar/2017:12:48:49 -0300] "GET /cormun/static/Resources/asc.gif HTTP/1.1" 200 67
186.103.159.204 - - [03/Mar/2017:12:48:49 -0300] "GET /cormun/static/Resources/asc.gif HTTP/1.1" 200 67
186.103.159.204 - - [03/Mar/2017:12:48:50 -0300] "GET /cormun/static/Resources/desc.gif HTTP/1.1" 200 65
186.103.159.204 - - [03/Mar/2017:12:48:50 -0300] "GET /cormun/servlet/trsolicitudadjuntos?2017,5142, HTTP/1.1" 200 8169
186.103.159.182 - - [03/Mar/2017:12:48:50 -0300] "POST /cormun/servlet/trautorizarsolicitud?8d295ccf9cbef6112ca89b09ea0ac640,,gx-no-cache=1488556200442 HTTP/1.1" 200 4099
200.112.2.250 - - [03/Mar/2017:12:48:50 -0300] "GET /cormun/servlet/solicitudot?658c68cebbf576839dc68b4de42349f6a00c8052669631b75eb7610a5d64a7e26cb54eb9404c44fbc99f756ba2f1e04c3657d18056fe46ab082c4959bdecfbba8eb70c791b80d5b75775560de0e82b0ff92f13d8c6ec2edba40501e6ffadd98d7c4cf95ddad0600c2aa4ae39fa94e14d71cefe3e4d981709333d61bc67788fbef8faaa4b4e21871075bf3eff7052c4e1ffdccdc5fcc235473f57c9cfe3f0dcb1,gx-no-cache=1488556203943 HTTP/1.1" 200 29
200.112.2.250 - - [03/Mar/2017:12:48:50 -0300] "POST /cormun/servlet/solicitudot?gx-no-cache=1488556204080 HTTP/1.1" 200 1275
200.112.2.250 - - [03/Mar/2017:12:48:50 -0300] "POST /cormun/servlet/solicitudot?gx-no-cache=1488556204326 HTTP/1.1" 200 1157
200.112.2.250 - - [03/Mar/2017:12:48:51 -0300] "GET /cormun/static/menuarrow.gif HTTP/1.1" 404 1015
186.103.157.235 - - [03/Mar/2017:12:48:51 -0300] "GET /cormun/servlet/solicitudot?c857c00a4d7f266ffd44ffc33e5f166bb7a2d3598fd197538fecf9838ae0ac0f174e5e6894e1d0eb79172061fb16ba56,gx-no-cache=1488556367508 HTTP/1.1" 200 30
186.103.157.235 - - [03/Mar/2017:12:48:51 -0300] "POST /cormun/servlet/solicitudot?gx-no-cache=1488556368004 HTTP/1.1" 200 255
186.103.157.235 - - [03/Mar/2017:12:48:51 -0300] "GET /cormun/servlet/solicitudot?c857c00a4d7f266ffd44ffc33e5f166bea7dbc726207ebadafa84e6e1c2db3e3a58267dc13d0a07be14634bd5f5e8a596a7b57274f336a1fee1fc3fdf0879ae655182aeacbc018be26a723609e6504a2cde291e24a19f3de6af83a5adf7f5969bc23ce720b42eaf428841c0014d412ce809a554ef9282bbf6ffd83c9d48080640a57ea0845b3f4ef41880b8a2b81b6e5f1d355a59a8b49d6256af8e9a8798129028ceb19c1fe1570d897dd442f746eed3dc5b17af4063f72dd5fcc1878ee8db08d5fd113d634c0eb7760a4ec8fc2d7a95fce5bcafb089f51fa648b6464e43f75d184be88dc4f7e5ff00f88eb9e6af886ab24a7fdc0f2ba1c20c17bb9c9a6bb4a8b402c187de767629eaae4dc9baa991f5a8dc1d74fc1b98a6ee06af6a3f83382e654749de603e83d77c0b66fd21b515eae234e806db7543f58c6c0b0972eb02cc7b4079ffe9b6995cde0e592f262d9ff01d58cdd98ce5ce6736cff1f57798d028e2ac515f54d75dc7fb53666a5ec8d6af06c0dcc15b63b57bc80666332c5899b,gx-no-cache=1488556368159 HTTP/1.1" 200 30
186.103.159.204 - - [03/Mar/2017:12:48:52 -0300] "GET /cormun/servlet/solicitudotadjuntos?INS,2017,5142,,1, HTTP/1.1" 200 6003
186.103.159.204 - - [03/Mar/2017:12:48:52 -0300] "GET /cormun/static/about:blank HTTP/1.1" 404 1011
186.103.159.204 - - [03/Mar/2017:12:48:53 -0300] "GET /cormun/servlet/solicitudotadjuntos?INS,2017,5142,,1, HTTP/1.1" 200 5996
186.103.159.204 - - [03/Mar/2017:12:48:53 -0300] "GET /cormun/servlet/solicitudotadjuntos?3959b856d4bc287ece3ce0942c8b1cb9104f560f15cc8078c3f0604b7e6d1250c54bc7a6a80607f9496ec4f39cda7078,gx-no-cache=1488556202762 HTTP/1.1" 200 30
186.103.159.204 - - [03/Mar/2017:12:48:53 -0300] "POST /cormun/servlet/solicitudotadjuntos?2b5760c118f18b7328c8d54ebb2c01e1,INS,2017,5142,,1,,gx-no-cache=1488556202826 HTTP/1.1" 200 3855
186.103.159.204 - - [03/Mar/2017:12:48:53 -0300] "GET /cormun/static/about:blank HTTP/1.1" 404 1011
186.103.157.235 - - [03/Mar/2017:12:48:54 -0300] "POST /cormun/servlet/solicitudot?gx-no-cache=1488556370728 HTTP/1.1" 200 30
200.112.2.250 - - [03/Mar/2017:12:48:54 -0300] "POST /cormun/servlet/solicitudot?gx-no-cache=1488556207619 HTTP/1.1" 200 1275
200.112.2.250 - - [03/Mar/2017:12:48:54 -0300] "POST /cormun/servlet/solicitudot?gx-no-cache=1488556207810 HTTP/1.1" 200 1157
186.103.157.235 - - [03/Mar/2017:12:48:57 -0300] "POST /cormun/servlet/solicitudot?gx-no-cache=1488556374255 HTTP/1.1" 200 235
186.103.157.235 - - [03/Mar/2017:12:48:57 -0300] "POST /cormun/servlet/solicitudot?gx-no-cache=1488556374372 HTTP/1.1" 200 38
186.103.159.204 - - [03/Mar/2017:12:48:58 -0300] "POST /cormun/servlet/solicitudotadjuntos?gx-no-cache=1488556208014 HTTP/1.1" 200 26
186.103.159.204 - - [03/Mar/2017:12:49:13 -0300] "GET /cormun/servlet/solicitudotadjuntos?3959b856d4bc287ece3ce0942c8b1cb9c6b374418073e789a9f7f7da2e03449d,gx-no-cache=1488556222767 HTTP/1.1" 200 30
186.103.159.204 - - [03/Mar/2017:12:49:13 -0300] "GET /cormun/servlet/solicitudotadjuntos?3959b856d4bc287ece3ce0942c8b1cb9c6b374418073e789a9f7f7da2e03449d,gx-no-cache=1488556222800 HTTP/1.1" 200 30
186.103.159.204 - - [03/Mar/2017:12:49:14 -0300] "POST /cormun/servlet/solicitudotadjuntos?2b5760c118f18b7328c8d54ebb2c01e1,INS,2017,5142,,1, HTTP/1.1" 200 116
186.103.159.204 - - [03/Mar/2017:12:49:14 -0300] "GET /cormun/servlet/hpexe_return? HTTP/1.1" 200 1021
186.103.159.204 - - [03/Mar/2017:12:49:15 -0300] "GET /cormun/servlet/trsolicitudadjuntos?2017,5142, HTTP/1.1" 200 8366
186.103.159.204 - - [03/Mar/2017:12:49:16 -0300] "GET /cormun/servlet/trsolicitudadjuntos?2017,5142, HTTP/1.1" 200 8363
186.103.159.204 - - [03/Mar/2017:12:49:20 -0300] "GET /cormun/servlet/solicitudotadjuntos?INS,2017,5142,,1, HTTP/1.1" 200 6003
186.103.159.204 - - [03/Mar/2017:12:49:20 -0300] "GET /cormun/static/about:blank HTTP/1.1" 404 1011
186.103.159.204 - - [03/Mar/2017:12:49:21 -0300] "GET /cormun/servlet/solicitudotadjuntos?INS,2017,5142,,1, HTTP/1.1" 200 5996
186.103.159.204 - - [03/Mar/2017:12:49:22 -0300] "GET /cormun/servlet/solicitudotadjuntos?3959b856d4bc287ece3ce0942c8b1cb9104f560f15cc8078c3f0604b7e6d1250c54bc7a6a80607f9496ec4f39cda7078,gx-no-cache=1488556231200 HTTP/1.1" 200 30
186.103.159.204 - - [03/Mar/2017:12:49:22 -0300] "POST /cormun/servlet/solicitudotadjuntos?2b5760c118f18b7328c8d54ebb2c01e1,INS,2017,5142,,1,,gx-no-cache=1488556231271 HTTP/1.1" 200 3855
186.103.159.204 - - [03/Mar/2017:12:49:22 -0300] "GET /cormun/static/about:blank HTTP/1.1" 404 1011
200.112.2.250 - - [03/Mar/2017:12:49:23 -0300] "GET /cormun/servlet/solicitudot?658c68cebbf576839dc68b4de42349f6e058e92447cc53687bc65668326fa8c7538483d5f911677cba539ad051b344a1a929732a059b5c51ad2022dc20c9e66737e65684f91f8af9d8bdf96dd06432b07fc21d87d9a1b79dadbfceb1d459a9def1ebb9b07e2402554edd992c69cade3050e9d0ecbc8d223c1282ac3c64cf84a473520f13d53c9cf1b15cd52427c9031f6363faa73c34868b893b14c8cffd5e6fc20d316273fec5594c90e03f35c0cadf,gx-no-cache=1488556237123 HTTP/1.1" 200 30
200.112.2.250 - - [03/Mar/2017:12:49:24 -0300] "POST /cormun/servlet/solicitudot?c7d53cd0402d8780af9f7e0a7a783818,INS,0,0,,gx-no-cache=1488556237324 HTTP/1.1" 200 93
200.112.2.250 - - [03/Mar/2017:12:49:24 -0300] "GET /cormun/servlet/hpexe_return? HTTP/1.1" 200 1003
200.112.2.250 - - [03/Mar/2017:12:49:25 -0300] "GET /cormun/servlet/trsolicitudot? HTTP/1.1" 200 9193
186.103.159.204 - - [03/Mar/2017:12:49:25 -0300] "POST /cormun/servlet/solicitudotadjuntos?gx-no-cache=1488556234667 HTTP/1.1" 200 26
200.112.2.250 - - [03/Mar/2017:12:49:27 -0300] "GET /cormun/servlet/trsolicitudot? HTTP/1.1" 200 9189
186.103.159.204 - - [03/Mar/2017:12:49:31 -0300] "GET /cormun/servlet/solicitudotadjuntos?3959b856d4bc287ece3ce0942c8b1cb9c6b374418073e789a9f7f7da2e03449d,gx-no-cache=1488556240459 HTTP/1.1" 200 30
186.103.159.204 - - [03/Mar/2017:12:49:31 -0300] "GET /cormun/servlet/solicitudotadjuntos?3959b856d4bc287ece3ce0942c8b1cb9c6b374418073e789a9f7f7da2e03449d,gx-no-cache=1488556240527 HTTP/1.1" 200 30
186.103.159.204 - - [03/Mar/2017:12:49:37 -0300] "POST /cormun/servlet/solicitudotadjuntos?2b5760c118f18b7328c8d54ebb2c01e1,INS,2017,5142,,1, HTTP/1.1" 200 116
186.103.159.204 - - [03/Mar/2017:12:49:37 -0300] "GET /cormun/servlet/hpexe_return? HTTP/1.1" 200 1021
200.112.2.250 - - [03/Mar/2017:12:49:38 -0300] "POST /cormun/servlet/trsolicitudot?c7d53cd0402d8780af9f7e0a7a783818,,gx-no-cache=1488556251540 HTTP/1.1" 200 5491
186.103.159.204 - - [03/Mar/2017:12:49:38 -0300] "GET /cormun/servlet/trsolicitudadjuntos?2017,5142, HTTP/1.1" 200 8501
186.103.159.204 - - [03/Mar/2017:12:49:39 -0300] "GET /cormun/servlet/trsolicitudadjuntos?2017,5142, HTTP/1.1" 200 8501
186.103.159.204 - - [03/Mar/2017:12:49:42 -0300] "GET /cormun/servlet/solicitudotadjuntos?INS,2017,5142,,1, HTTP/1.1" 200 6003
186.103.159.204 - - [03/Mar/2017:12:49:42 -0300] "GET /cormun/static/about:blank HTTP/1.1" 404 1011
186.103.159.204 - - [03/Mar/2017:12:49:43 -0300] "GET /cormun/servlet/solicitudotadjuntos?INS,2017,5142,,1, HTTP/1.1" 200 5996
186.103.159.204 - - [03/Mar/2017:12:49:43 -0300] "GET /cormun/servlet/solicitudotadjuntos?3959b856d4bc287ece3ce0942c8b1cb9104f560f15cc8078c3f0604b7e6d1250c54bc7a6a80607f9496ec4f39cda7078,gx-no-cache=1488556252769 HTTP/1.1" 200 30
186.103.159.204 - - [03/Mar/2017:12:49:43 -0300] "POST /cormun/servlet/solicitudotadjuntos?2b5760c118f18b7328c8d54ebb2c01e1,INS,2017,5142,,1,,gx-no-cache=1488556252833 HTTP/1.1" 200 3855
186.103.159.204 - - [03/Mar/2017:12:49:43 -0300] "GET /cormun/static/about:blank HTTP/1.1" 404 1011
186.103.159.204 - - [03/Mar/2017:12:49:46 -0300] "POST /cormun/servlet/solicitudotadjuntos?gx-no-cache=1488556255941 HTTP/1.1" 200 26
186.103.159.204 - - [03/Mar/2017:12:49:51 -0300] "GET /cormun/servlet/solicitudotadjuntos?3959b856d4bc287ece3ce0942c8b1cb9c6b374418073e789a9f7f7da2e03449d,gx-no-cache=1488556260838 HTTP/1.1" 200 30
186.103.159.204 - - [03/Mar/2017:12:49:51 -0300] "GET /cormun/servlet/solicitudotadjuntos?3959b856d4bc287ece3ce0942c8b1cb9c6b374418073e789a9f7f7da2e03449d,gx-no-cache=1488556260871 HTTP/1.1" 200 30
186.103.159.204 - - [03/Mar/2017:12:49:53 -0300] "POST /cormun/servlet/solicitudotadjuntos?2b5760c118f18b7328c8d54ebb2c01e1,INS,2017,5142,,1, HTTP/1.1" 200 116
186.103.159.204 - - [03/Mar/2017:12:49:53 -0300] "GET /cormun/servlet/hpexe_return? HTTP/1.1" 200 1021
186.103.159.204 - - [03/Mar/2017:12:49:54 -0300] "GET /cormun/servlet/trsolicitudadjuntos?2017,5142, HTTP/1.1" 200 8626
186.103.159.204 - - [03/Mar/2017:12:49:55 -0300] "GET /cormun/servlet/trsolicitudadjuntos?2017,5142, HTTP/1.1" 200 8624
186.103.159.182 - - [03/Mar/2017:12:49:56 -0300] "GET /cormun/servlet/hlogin HTTP/1.1" 200 1742
200.112.2.250 - - [03/Mar/2017:12:49:56 -0300] "POST /cormun/servlet/trsolicitudot?c7d53cd0402d8780af9f7e0a7a783818,,gx-no-cache=1488556269597 HTTP/1.1" 200 5440
186.103.159.204 - - [03/Mar/2017:12:49:57 -0300] "GET /cormun/servlet/solicitudotadjuntos?INS,2017,5142,,1, HTTP/1.1" 200 6003
186.103.159.204 - - [03/Mar/2017:12:49:58 -0300] "GET /cormun/static/about:blank HTTP/1.1" 404 1011
186.103.159.204 - - [03/Mar/2017:12:49:58 -0300] "GET /cormun/servlet/solicitudotadjuntos?INS,2017,5142,,1, HTTP/1.1" 200 5996
186.103.159.204 - - [03/Mar/2017:12:49:59 -0300] "GET /cormun/servlet/solicitudotadjuntos?3959b856d4bc287ece3ce0942c8b1cb9104f560f15cc8078c3f0604b7e6d1250c54bc7a6a80607f9496ec4f39cda7078,gx-no-cache=1488556268491 HTTP/1.1" 200 30
186.103.159.204 - - [03/Mar/2017:12:49:59 -0300] "POST /cormun/servlet/solicitudotadjuntos?2b5760c118f18b7328c8d54ebb2c01e1,INS,2017,5142,,1,,gx-no-cache=1488556268560 HTTP/1.1" 200 3855
186.103.159.204 - - [03/Mar/2017:12:49:59 -0300] "GET /cormun/static/about:blank HTTP/1.1" 404 1011
186.103.159.204 - - [03/Mar/2017:12:50:03 -0300] "POST /cormun/servlet/solicitudotadjuntos?gx-no-cache=1488556272711 HTTP/1.1" 200 26
200.112.2.250 - - [03/Mar/2017:12:50:11 -0300] "GET /cormun/servlet/vesolicitudot?2017,5143,, HTTP/1.1" 200 8151
200.112.2.250 - - [03/Mar/2017:12:50:11 -0300] "GET /cormun/pexe_scrolldiv.js HTTP/1.1" 404 1009
200.112.2.250 - - [03/Mar/2017:12:50:11 -0300] "GET /cormun/pexe_scrolldiv.js HTTP/1.1" 404 1009
200.112.2.250 - - [03/Mar/2017:12:50:13 -0300] "GET /cormun/servlet/vesolicitudot?2017,5143,, HTTP/1.1" 200 8150
186.103.159.204 - - [03/Mar/2017:12:50:15 -0300] "GET /cormun/servlet/solicitudotadjuntos?3959b856d4bc287ece3ce0942c8b1cb9c6b374418073e789a9f7f7da2e03449d,gx-no-cache=1488556284163 HTTP/1.1" 200 30
186.103.159.204 - - [03/Mar/2017:12:50:15 -0300] "GET /cormun/servlet/solicitudotadjuntos?3959b856d4bc287ece3ce0942c8b1cb9c6b374418073e789a9f7f7da2e03449d,gx-no-cache=1488556284219 HTTP/1.1" 200 30
186.103.159.204 - - [03/Mar/2017:12:50:20 -0300] "POST /cormun/servlet/solicitudotadjuntos?2b5760c118f18b7328c8d54ebb2c01e1,INS,2017,5142,,1, HTTP/1.1" 200 116
186.103.159.204 - - [03/Mar/2017:12:50:20 -0300] "GET /cormun/servlet/hpexe_return? HTTP/1.1" 200 1021
186.103.159.204 - - [03/Mar/2017:12:50:21 -0300] "GET /cormun/servlet/trsolicitudadjuntos?2017,5142, HTTP/1.1" 200 8795
186.103.159.204 - - [03/Mar/2017:12:50:22 -0300] "GET /cormun/servlet/trsolicitudadjuntos?2017,5142, HTTP/1.1" 200 8794
186.103.157.235 - - [03/Mar/2017:12:50:28 -0300] "GET /cormun/servlet/solicitudot?c857c00a4d7f266ffd44ffc33e5f166ba9c3fc878ab01a99ef36b39c6c2b71d3e93888a15cd8a09556e87f2152b28708cab212b26c8d57ddab4747bc9575e0471de55c7378bad8a8bac91eabc2454624d6cce5d03b98214159f592edf988d706e260507ebebefe037139b94e2c787804767529be1ce173b4a1b444eeb3d6097165babf7d28e5873fc974eb52846f5c67ab3c95c20ec3c28d9a9676cc4f9c278d,gx-no-cache=1488556464948 HTTP/1.1" 200 29
186.103.157.235 - - [03/Mar/2017:12:50:28 -0300] "POST /cormun/servlet/solicitudot?gx-no-cache=1488556465099 HTTP/1.1" 200 643
186.103.157.235 - - [03/Mar/2017:12:50:30 -0300] "POST /cormun/servlet/solicitudot?gx-no-cache=1488556467143 HTTP/1.1" 200 1157
186.103.159.204 - - [03/Mar/2017:12:50:53 -0300] "GET /cormun/servlet/solicitudotadjuntos?INS,2017,5142,,1, HTTP/1.1" 200 6003
186.103.159.204 - - [03/Mar/2017:12:50:53 -0300] "GET /cormun/static/about:blank HTTP/1.1" 404 1011
186.103.159.204 - - [03/Mar/2017:12:50:53 -0300] "GET /cormun/servlet/solicitudotadjuntos?INS,2017,5142,,1, HTTP/1.1" 200 5996
186.103.159.204 - - [03/Mar/2017:12:50:54 -0300] "GET /cormun/servlet/solicitudotadjuntos?3959b856d4bc287ece3ce0942c8b1cb9104f560f15cc8078c3f0604b7e6d1250c54bc7a6a80607f9496ec4f39cda7078,gx-no-cache=1488556323591 HTTP/1.1" 200 30
186.103.159.204 - - [03/Mar/2017:12:50:54 -0300] "POST /cormun/servlet/solicitudotadjuntos?2b5760c118f18b7328c8d54ebb2c01e1,INS,2017,5142,,1,,gx-no-cache=1488556323621 HTTP/1.1" 200 3855
186.103.159.204 - - [03/Mar/2017:12:50:54 -0300] "GET /cormun/static/about:blank HTTP/1.1" 404 1011
186.103.159.204 - - [03/Mar/2017:12:51:01 -0300] "POST /cormun/servlet/solicitudotadjuntos?2b5760c118f18b7328c8d54ebb2c01e1,INS,2017,5142,,1,,gx-no-cache=1488556330451 HTTP/1.1" 200 93
186.103.159.204 - - [03/Mar/2017:12:51:01 -0300] "GET /cormun/servlet/hpexe_return? HTTP/1.1" 200 1021
186.103.159.204 - - [03/Mar/2017:12:51:02 -0300] "GET /cormun/servlet/trsolicitudadjuntos?2017,5142, HTTP/1.1" 200 8796
186.103.159.204 - - [03/Mar/2017:12:51:03 -0300] "GET /cormun/servlet/trsolicitudadjuntos?2017,5142, HTTP/1.1" 200 8793
186.103.157.235 - - [03/Mar/2017:12:51:10 -0300] "GET /cormun/static/menuarrow.gif HTTP/1.1" 404 1015
186.103.159.204 - - [03/Mar/2017:12:51:11 -0300] "GET /cormun/servlet/solicitudotadjuntos?INS,2017,5142,,2, HTTP/1.1" 200 6000
186.103.159.204 - - [03/Mar/2017:12:51:11 -0300] "GET /cormun/static/about:blank HTTP/1.1" 404 1011
186.103.159.204 - - [03/Mar/2017:12:51:12 -0300] "GET /cormun/servlet/solicitudotadjuntos?INS,2017,5142,,2, HTTP/1.1" 200 5994
186.103.159.204 - - [03/Mar/2017:12:51:13 -0300] "GET /cormun/servlet/solicitudotadjuntos?3959b856d4bc287ece3ce0942c8b1cb9104f560f15cc8078c3f0604b7e6d1250c54bc7a6a80607f9496ec4f39cda7078,gx-no-cache=1488556342260 HTTP/1.1" 200 30
186.103.159.204 - - [03/Mar/2017:12:51:13 -0300] "POST /cormun/servlet/solicitudotadjuntos?2b5760c118f18b7328c8d54ebb2c01e1,INS,2017,5142,,2,,gx-no-cache=1488556342292 HTTP/1.1" 200 4000
186.103.159.204 - - [03/Mar/2017:12:51:13 -0300] "GET /cormun/static/about:blank HTTP/1.1" 404 1011
186.103.159.204 - - [03/Mar/2017:12:51:19 -0300] "POST /cormun/servlet/solicitudotadjuntos?gx-no-cache=1488556348737 HTTP/1.1" 200 26
186.103.157.235 - - [03/Mar/2017:12:51:21 -0300] "GET /cormun/servlet/solicitudot?c857c00a4d7f266ffd44ffc33e5f166b867321b96dced1a83013baa771d11a14fcbdce45969137d57d49b9e2c3151da1f9d3174eb61bb1a4b616fbf0d5ebd8c0ddeb94fef7a395ad394f355bf5176a9c6a07a5711e2cd89279f6ffd58f0e900a913e98c5c38c4bcca782703af9edbd951ef38e72af2b7f30dbe0f04bd652913313932d9fce76e45711bfb97807342e4644b9e993b208cea7735470d21831fd86e0232f83923bd7d6410eab1771c27b5e,gx-no-cache=1488556517970 HTTP/1.1" 200 30
186.103.157.235 - - [03/Mar/2017:12:51:21 -0300] "POST /cormun/servlet/solicitudot?4a6dccc34521cbf484be8ee30905e308,INS,0,0,,gx-no-cache=1488556518138 HTTP/1.1" 200 93
186.103.157.235 - - [03/Mar/2017:12:51:22 -0300] "GET /cormun/servlet/hpexe_return? HTTP/1.1" 200 1005
186.103.157.235 - - [03/Mar/2017:12:51:22 -0300] "GET /cormun/servlet/trsolicitudot HTTP/1.1" 200 8189
186.103.157.235 - - [03/Mar/2017:12:51:22 -0300] "GET /cormun/servlet/trsolicitudot HTTP/1.1" 200 8185
200.112.2.250 - - [03/Mar/2017:12:51:23 -0300] "POST /cormun/servlet/vesolicitudot?c7d53cd0402d8780af9f7e0a7a783818,2017,5143,,,gx-no-cache=1488556357063 HTTP/1.1" 200 90
200.112.2.250 - - [03/Mar/2017:12:51:24 -0300] "GET /cormun/servlet/hpexe_link HTTP/1.1" 200 966
200.112.2.250 - - [03/Mar/2017:12:51:24 -0300] "GET /cormun/servlet/trsolicitudot? HTTP/1.1" 200 8227
200.112.2.250 - - [03/Mar/2017:12:51:26 -0300] "GET /cormun/servlet/trsolicitudot? HTTP/1.1" 200 8225
186.103.157.235 - - [03/Mar/2017:12:51:27 -0300] "GET /cormun/servlet/solicitudot?INS,0,0, HTTP/1.1" 200 12748
186.103.157.235 - - [03/Mar/2017:12:51:28 -0300] "GET /cormun/servlet/solicitudot?INS,0,0, HTTP/1.1" 200 12753
186.103.159.204 - - [03/Mar/2017:12:51:28 -0300] "GET /cormun/servlet/solicitudotadjuntos?3959b856d4bc287ece3ce0942c8b1cb9c6b374418073e789a9f7f7da2e03449d,gx-no-cache=1488556357844 HTTP/1.1" 200 30
186.103.159.204 - - [03/Mar/2017:12:51:29 -0300] "GET /cormun/servlet/solicitudotadjuntos?3959b856d4bc287ece3ce0942c8b1cb9c6b374418073e789a9f7f7da2e03449d,gx-no-cache=1488556357901 HTTP/1.1" 200 30
186.103.159.204 - - [03/Mar/2017:12:51:30 -0300] "POST /cormun/servlet/solicitudotadjuntos?2b5760c118f18b7328c8d54ebb2c01e1,INS,2017,5142,,2, HTTP/1.1" 200 116
186.103.159.204 - - [03/Mar/2017:12:51:30 -0300] "GET /cormun/servlet/hpexe_return? HTTP/1.1" 200 1021
186.103.159.204 - - [03/Mar/2017:12:51:31 -0300] "GET /cormun/servlet/trsolicitudadjuntos?2017,5142, HTTP/1.1" 200 8996
186.103.159.204 - - [03/Mar/2017:12:51:32 -0300] "GET /cormun/servlet/trsolicitudadjuntos?2017,5142, HTTP/1.1" 200 8992
200.112.2.250 - - [03/Mar/2017:12:51:36 -0300] "POST /cormun/servlet/trsolicitudot?c7d53cd0402d8780af9f7e0a7a783818,,gx-no-cache=1488556369436 HTTP/1.1" 200 4347
200.112.2.250 - - [03/Mar/2017:12:51:36 -0300] "GET /cormun/static/Shared/jqueryui/images/ui-bg_highlight-soft_100_c6c2c8_1x100.png HTTP/1.1" 404 1117
186.103.159.204 - - [03/Mar/2017:12:51:36 -0300] "GET /cormun/servlet/trsolicitudot? HTTP/1.1" 200 8215
200.112.2.250 - - [03/Mar/2017:12:51:36 -0300] "GET /cormun/static/Shared/jqueryui/images/ui-icons_82798d_256x240.png HTTP/1.1" 404 1089
200.112.2.250 - - [03/Mar/2017:12:51:36 -0300] "GET /cormun/static/Shared/jqueryui/images/ui-icons_8d78a5_256x240.png HTTP/1.1" 404 1089
200.112.2.250 - - [03/Mar/2017:12:51:36 -0300] "GET /cormun/static/Shared/jqueryui/images/ui-bg_flat_55_fafafa_40x100.png HTTP/1.1" 404 1097
200.112.2.250 - - [03/Mar/2017:12:51:36 -0300] "POST /cormun/servlet/trsolicitudot?c7d53cd0402d8780af9f7e0a7a783818,,gx-no-cache=1488556370111 HTTP/1.1" 200 4122
186.103.159.204 - - [03/Mar/2017:12:51:37 -0300] "GET /cormun/servlet/trsolicitudot? HTTP/1.1" 200 8191
186.103.157.235 - - [03/Mar/2017:12:51:37 -0300] "POST /cormun/servlet/solicitudot?gx-no-cache=1488556533967 HTTP/1.1" 200 3184
186.103.157.235 - - [03/Mar/2017:12:51:37 -0300] "POST /cormun/servlet/solicitudot?4a6dccc34521cbf484be8ee30905e308,INS,0,0,,gx-no-cache=1488556534301 HTTP/1.1" 200 9960
186.103.159.204 - - [03/Mar/2017:12:51:41 -0300] "POST /cormun/servlet/trsolicitudot?2b5760c118f18b7328c8d54ebb2c01e1,,gx-no-cache=1488556370664 HTTP/1.1" 200 5508
186.103.159.204 - - [03/Mar/2017:12:51:41 -0300] "GET /cormun/static/Shared/jqueryui/images/ui-bg_highlight-soft_100_c6c2c8_1x100.png HTTP/1.1" 404 1117
186.103.159.204 - - [03/Mar/2017:12:51:41 -0300] "GET /cormun/static/Shared/jqueryui/images/ui-icons_82798d_256x240.png HTTP/1.1" 404 1089
186.103.159.204 - - [03/Mar/2017:12:51:41 -0300] "GET /cormun/static/Shared/jqueryui/images/ui-bg_flat_55_fafafa_40x100.png HTTP/1.1" 404 1097
186.103.159.204 - - [03/Mar/2017:12:51:41 -0300] "GET /cormun/static/Shared/jqueryui/images/ui-icons_8d78a5_256x240.png HTTP/1.1" 404 1089
186.103.157.235 - - [03/Mar/2017:12:51:43 -0300] "GET /cormun/servlet/solicitudot?c857c00a4d7f266ffd44ffc33e5f166bb7a2d3598fd197538fecf9838ae0ac0f174e5e6894e1d0eb79172061fb16ba56,gx-no-cache=1488556539809 HTTP/1.1" 200 30
186.103.157.235 - - [03/Mar/2017:12:51:43 -0300] "POST /cormun/servlet/solicitudot?gx-no-cache=1488556539928 HTTP/1.1" 200 255
186.103.157.235 - - [03/Mar/2017:12:51:43 -0300] "GET /cormun/servlet/solicitudot?c857c00a4d7f266ffd44ffc33e5f166bea7dbc726207ebadafa84e6e1c2db3e3a58267dc13d0a07be14634bd5f5e8a596a7b57274f336a1fee1fc3fdf0879ae655182aeacbc018be26a723609e6504a2cde291e24a19f3de6af83a5adf7f5969bc23ce720b42eaf428841c0014d412ce809a554ef9282bbf6ffd83c9d48080640a57ea0845b3f4ef41880b8a2b81b6e5f1d355a59a8b49d6256af8e9a8798129028ceb19c1fe1570d897dd442f746eed3dc5b17af4063f72dd5fcc1878ee8db08d5fd113d634c0eb7760a4ec8fc2d7a95fce5bcafb089f51fa648b6464e43f75d184be88dc4f7e5ff00f88eb9e6af886ab24a7fdc0f2ba1c20c17bb9c9a6bb4a8b402c187de767629eaae4dc9baa991f5a8dc1d74fc1b98a6ee06af6a3f83382e654749de603e83d77c0b66fd21b515eae234e806db7543f58c6c0b0972eb02cc7b4079ffe9b6995cde0e592f262d9ff01d58cdd98ce5ce6736cff1f57798d028e2ac515f54d75dc7fb53666a5ec8d6af06c0dcc15b63b57bc80666332c5899b,gx-no-cache=1488556539980 HTTP/1.1" 200 30
186.103.157.235 - - [03/Mar/2017:12:51:43 -0300] "POST /cormun/servlet/solicitudot?gx-no-cache=1488556540031 HTTP/1.1" 200 30
186.103.157.235 - - [03/Mar/2017:12:51:43 -0300] "POST /cormun/servlet/solicitudot?gx-no-cache=1488556540082 HTTP/1.1" 200 235
186.103.157.235 - - [03/Mar/2017:12:51:43 -0300] "POST /cormun/servlet/solicitudot?gx-no-cache=1488556540136 HTTP/1.1" 200 38
186.103.157.235 - - [03/Mar/2017:12:52:00 -0300] "POST /cormun/servlet/solicitudot?gx-no-cache=1488556557228 HTTP/1.1" 200 30
200.112.2.250 - - [03/Mar/2017:12:52:18 -0300] "POST /cormun/servlet/trsolicitudot?c7d53cd0402d8780af9f7e0a7a783818,,gx-no-cache=1488556411322 HTTP/1.1" 200 5795
186.103.157.235 - - [03/Mar/2017:12:52:24 -0300] "POST /cormun/servlet/solicitudot?gx-no-cache=1488556581143 HTTP/1.1" 200 656
186.103.157.235 - - [03/Mar/2017:12:52:24 -0300] "POST /cormun/servlet/solicitudot?gx-no-cache=1488556581308 HTTP/1.1" 200 38
186.103.157.235 - - [03/Mar/2017:12:52:37 -0300] "GET /cormun/servlet/solicitudot?c857c00a4d7f266ffd44ffc33e5f166ba9c3fc878ab01a99ef36b39c6c2b71d3e93888a15cd8a09556e87f2152b28708cab212b26c8d57ddab4747bc9575e0471de55c7378bad8a8bac91eabc2454624d6cce5d03b98214159f592edf988d706e260507ebebefe037139b94e2c787804767529be1ce173b4a1b444eeb3d6097165babf7d28e5873fc974eb52846f5c67ab3c95c20ec3c28d9a9676cc4f9c278d,gx-no-cache=1488556593955 HTTP/1.1" 200 29
186.103.157.235 - - [03/Mar/2017:12:52:37 -0300] "POST /cormun/servlet/solicitudot?gx-no-cache=1488556594109 HTTP/1.1" 200 643
186.103.157.235 - - [03/Mar/2017:12:52:39 -0300] "POST /cormun/servlet/solicitudot?gx-no-cache=1488556595644 HTTP/1.1" 200 1157
200.112.2.250 - - [03/Mar/2017:12:52:42 -0300] "POST /cormun/servlet/trsolicitudot?c7d53cd0402d8780af9f7e0a7a783818,,gx-no-cache=1488556435877 HTTP/1.1" 200 5771
186.103.157.235 - - [03/Mar/2017:12:53:10 -0300] "POST /cormun/servlet/solicitudot?gx-no-cache=1488556625385 HTTP/1.1" 200 1275
186.103.157.235 - - [03/Mar/2017:12:53:11 -0300] "POST /cormun/servlet/solicitudot?gx-no-cache=1488556627805 HTTP/1.1" 200 1157
186.103.157.235 - - [03/Mar/2017:12:53:12 -0300] "GET /cormun/static/menuarrow.gif HTTP/1.1" 404 1015
186.103.157.235 - - [03/Mar/2017:12:53:14 -0300] "POST /cormun/servlet/solicitudot?gx-no-cache=1488556630768 HTTP/1.1" 200 1275
186.103.157.235 - - [03/Mar/2017:12:53:14 -0300] "POST /cormun/servlet/solicitudot?gx-no-cache=1488556631364 HTTP/1.1" 200 1157
186.103.157.235 - - [03/Mar/2017:12:53:27 -0300] "GET /cormun/servlet/solicitudot?c857c00a4d7f266ffd44ffc33e5f166b867321b96dced1a83013baa771d11a14fcbdce45969137d57d49b9e2c3151da1f9d3174eb61bb1a4b616fbf0d5ebd8c0ddeb94fef7a395ad394f355bf5176a9c6a07a5711e2cd89279f6ffd58f0e900a913e98c5c38c4bcca782703af9edbd951ef38e72af2b7f30dbe0f04bd652913313932d9fce76e45711bfb97807342e4644b9e993b208cea7735470d21831fd86e0232f83923bd7d6410eab1771c27b5e,gx-no-cache=1488556644393 HTTP/1.1" 200 30
186.103.157.235 - - [03/Mar/2017:12:53:28 -0300] "POST /cormun/servlet/solicitudot?4a6dccc34521cbf484be8ee30905e308,INS,0,0,,gx-no-cache=1488556644562 HTTP/1.1" 200 93
186.103.157.235 - - [03/Mar/2017:12:53:28 -0300] "GET /cormun/servlet/hpexe_return? HTTP/1.1" 200 1005
186.103.157.235 - - [03/Mar/2017:12:53:28 -0300] "GET /cormun/servlet/trsolicitudot HTTP/1.1" 200 8500
186.103.157.235 - - [03/Mar/2017:12:53:29 -0300] "GET /cormun/servlet/trsolicitudot HTTP/1.1" 200 8496
186.103.157.235 - - [03/Mar/2017:12:53:47 -0300] "GET /cormun/servlet/vesolicitudot?2017,5145,, HTTP/1.1" 200 8120
186.103.157.235 - - [03/Mar/2017:12:53:47 -0300] "GET /cormun/static/gxcfg.js?20161221854299 HTTP/1.1" 200 953
186.103.157.235 - - [03/Mar/2017:12:53:47 -0300] "GET /cormun/pexe_scrolldiv.js HTTP/1.1" 404 1009
186.103.157.235 - - [03/Mar/2017:12:53:47 -0300] "GET /cormun/static/vesolicitudot.js?20161221854352 HTTP/1.1" 200 6091
186.103.157.235 - - [03/Mar/2017:12:53:47 -0300] "GET /cormun/static/hwcviewtabs.js?201612218431866 HTTP/1.1" 200 1074
186.103.157.235 - - [03/Mar/2017:12:53:47 -0300] "GET /cormun/static/Resources/PXToolsTabPrevious.gif HTTP/1.1" 200 172
186.103.157.235 - - [03/Mar/2017:12:53:47 -0300] "GET /cormun/static/Resources/PXToolsTabFirstSelected.png HTTP/1.1" 200 1259
186.103.157.235 - - [03/Mar/2017:12:53:47 -0300] "GET /cormun/static/Resources/PXToolsTabLastUnselected.png HTTP/1.1" 200 1291
186.103.157.235 - - [03/Mar/2017:12:53:47 -0300] "GET /cormun/static/Resources/PXToolsTabNext.gif HTTP/1.1" 200 168
186.103.157.235 - - [03/Mar/2017:12:53:47 -0300] "GET /cormun/static/hpexe_tabsview.js?201610171694228 HTTP/1.1" 200 1661
186.103.157.235 - - [03/Mar/2017:12:53:47 -0300] "GET /cormun/static/tbsolicitudot01.js?2017119103633 HTTP/1.1" 200 28340
186.103.157.235 - - [03/Mar/2017:12:53:47 -0300] "GET /cormun/static/calendar-system.css HTTP/1.1" 200 5572
186.103.157.235 - - [03/Mar/2017:12:53:47 -0300] "GET /cormun/static/Resources/PXToolsTabBackSelected.png HTTP/1.1" 200 1157
186.103.157.235 - - [03/Mar/2017:12:53:47 -0300] "GET /cormun/static/Resources/PXToolsTabBackUnselected.png HTTP/1.1" 200 1175
186.103.157.235 - - [03/Mar/2017:12:53:47 -0300] "GET /cormun/static/Resources/PXToolsTabUnselectedUnselected.png HTTP/1.1" 200 1459
186.103.157.235 - - [03/Mar/2017:12:53:47 -0300] "GET /cormun/static/Resources/PXToolsTabSelectedUnselected.png HTTP/1.1" 200 1428
186.103.157.235 - - [03/Mar/2017:12:53:48 -0300] "GET /cormun/servlet/vesolicitudot?2017,5145,, HTTP/1.1" 200 8119
186.103.157.235 - - [03/Mar/2017:12:53:57 -0300] "GET /cormun/servlet/trsolicitudot HTTP/1.1" 200 8500
186.103.159.204 - - [03/Mar/2017:12:53:58 -0300] "POST /cormun/servlet/trsolicitudot?2b5760c118f18b7328c8d54ebb2c01e1,,gx-no-cache=1488556507264 HTTP/1.1" 200 106
186.103.157.235 - - [03/Mar/2017:12:53:58 -0300] "GET /cormun/servlet/trsolicitudot HTTP/1.1" 200 8496
186.103.159.204 - - [03/Mar/2017:12:53:58 -0300] "GET /cormun/servlet/trsolicitudadjuntos?2017,5142, HTTP/1.1" 200 8990
186.103.159.204 - - [03/Mar/2017:12:54:00 -0300] "GET /cormun/servlet/trsolicitudadjuntos?2017,5142, HTTP/1.1" 200 8994
186.103.157.235 - - [03/Mar/2017:12:54:01 -0300] "GET /cormun/servlet/vesolicitudot?2017,5144,, HTTP/1.1" 200 8118
186.103.157.235 - - [03/Mar/2017:12:54:01 -0300] "GET /cormun/pexe_scrolldiv.js HTTP/1.1" 404 1009
186.103.157.235 - - [03/Mar/2017:12:54:02 -0300] "GET /cormun/servlet/vesolicitudot?2017,5144,, HTTP/1.1" 200 8118
186.103.159.204 - - [03/Mar/2017:12:54:02 -0300] "GET /cormun/servlet/solicitudotadjuntos?INS,2017,5142,,1, HTTP/1.1" 200 6002
186.103.159.204 - - [03/Mar/2017:12:54:03 -0300] "GET /cormun/static/about:blank HTTP/1.1" 404 1011
186.103.159.204 - - [03/Mar/2017:12:54:03 -0300] "GET /cormun/servlet/solicitudotadjuntos?INS,2017,5142,,1, HTTP/1.1" 200 5995
186.103.159.204 - - [03/Mar/2017:12:54:04 -0300] "GET /cormun/servlet/solicitudotadjuntos?3959b856d4bc287ece3ce0942c8b1cb9104f560f15cc8078c3f0604b7e6d1250c54bc7a6a80607f9496ec4f39cda7078,gx-no-cache=1488556513516 HTTP/1.1" 200 30
186.103.159.204 - - [03/Mar/2017:12:54:04 -0300] "POST /cormun/servlet/solicitudotadjuntos?2b5760c118f18b7328c8d54ebb2c01e1,INS,2017,5142,,1,,gx-no-cache=1488556513598 HTTP/1.1" 200 3854
186.103.159.204 - - [03/Mar/2017:12:54:04 -0300] "GET /cormun/static/about:blank HTTP/1.1" 404 1011
186.103.159.204 - - [03/Mar/2017:12:54:07 -0300] "POST /cormun/servlet/solicitudotadjuntos?gx-no-cache=1488556516275 HTTP/1.1" 200 26
186.103.157.235 - - [03/Mar/2017:12:54:09 -0300] "GET /cormun/servlet/trsolicitudot HTTP/1.1" 200 8500
186.103.157.235 - - [03/Mar/2017:12:54:10 -0300] "GET /cormun/servlet/trsolicitudot HTTP/1.1" 200 8496
186.103.159.204 - - [03/Mar/2017:12:54:13 -0300] "GET /cormun/servlet/solicitudotadjuntos?3959b856d4bc287ece3ce0942c8b1cb9c6b374418073e789a9f7f7da2e03449d,gx-no-cache=1488556523032 HTTP/1.1" 200 30
186.103.159.204 - - [03/Mar/2017:12:54:13 -0300] "GET /cormun/servlet/solicitudotadjuntos?3959b856d4bc287ece3ce0942c8b1cb9c6b374418073e789a9f7f7da2e03449d,gx-no-cache=1488556523060 HTTP/1.1" 200 30
186.103.159.204 - - [03/Mar/2017:12:54:14 -0300] "POST /cormun/servlet/solicitudotadjuntos?2b5760c118f18b7328c8d54ebb2c01e1,INS,2017,5142,,1, HTTP/1.1" 200 116
186.103.159.204 - - [03/Mar/2017:12:54:14 -0300] "GET /cormun/servlet/hpexe_return? HTTP/1.1" 200 1021
186.103.157.235 - - [03/Mar/2017:12:54:14 -0300] "POST /cormun/servlet/trsolicitudot?4a6dccc34521cbf484be8ee30905e308,gx-no-cache=1488556691255 HTTP/1.1" 200 5467
186.103.157.235 - - [03/Mar/2017:12:54:15 -0300] "GET /cormun/static/Shared/jqueryui/images/ui-bg_highlight-soft_100_c6c2c8_1x100.png HTTP/1.1" 404 1117
186.103.157.235 - - [03/Mar/2017:12:54:15 -0300] "GET /cormun/static/Shared/jqueryui/images/ui-icons_82798d_256x240.png HTTP/1.1" 404 1089
186.103.157.235 - - [03/Mar/2017:12:54:15 -0300] "GET /cormun/static/Shared/jqueryui/images/ui-bg_flat_55_fafafa_40x100.png HTTP/1.1" 404 1097
186.103.157.235 - - [03/Mar/2017:12:54:15 -0300] "GET /cormun/static/Shared/jqueryui/images/ui-icons_8d78a5_256x240.png HTTP/1.1" 404 1089
186.103.159.204 - - [03/Mar/2017:12:54:15 -0300] "GET /cormun/servlet/trsolicitudadjuntos?2017,5142, HTTP/1.1" 200 9215
186.103.157.235 - - [03/Mar/2017:12:54:15 -0300] "POST /cormun/servlet/trsolicitudot?4a6dccc34521cbf484be8ee30905e308,gx-no-cache=1488556691629 HTTP/1.1" 200 5409
186.103.159.204 - - [03/Mar/2017:12:54:16 -0300] "GET /cormun/servlet/trsolicitudadjuntos?2017,5142, HTTP/1.1" 200 9210
186.103.157.235 - - [03/Mar/2017:12:54:18 -0300] "POST /cormun/servlet/trsolicitudot?4a6dccc34521cbf484be8ee30905e308,gx-no-cache=1488556694688 HTTP/1.1" 200 4341
186.103.157.235 - - [03/Mar/2017:12:54:18 -0300] "POST /cormun/servlet/trsolicitudot?4a6dccc34521cbf484be8ee30905e308,gx-no-cache=1488556695272 HTTP/1.1" 200 4123
186.103.157.235 - - [03/Mar/2017:12:54:26 -0300] "GET /cormun/servlet/trautorizarsolicitud? HTTP/1.1" 200 8442
186.103.157.235 - - [03/Mar/2017:12:54:27 -0300] "GET /cormun/servlet/trautorizarsolicitud? HTTP/1.1" 200 8441
186.103.159.204 - - [03/Mar/2017:12:54:27 -0300] "GET /cormun/servlet/trsolicitudot? HTTP/1.1" 200 8215
186.103.159.204 - - [03/Mar/2017:12:54:28 -0300] "GET /cormun/servlet/trsolicitudot? HTTP/1.1" 200 8191
186.103.159.204 - - [03/Mar/2017:12:54:33 -0300] "POST /cormun/servlet/trsolicitudot?2b5760c118f18b7328c8d54ebb2c01e1,,gx-no-cache=1488556542076 HTTP/1.1" 200 4339
