201.236.56.215 - - [03/Mar/2017:13:24:17 -0300] "POST /cormun/servlet/hlogin?8c8eafab1c8c977af193c2a795c07304,gx-no-cache=1488558325972 HTTP/1.1" 200 434
201.236.56.215 - - [03/Mar/2017:13:24:23 -0300] "POST /cormun/servlet/hlogin?8c8eafab1c8c977af193c2a795c07304,gx-no-cache=1488558331822 HTTP/1.1" 200 434
186.103.157.42 - - [03/Mar/2017:13:24:51 -0300] "POST /cormun/servlet/solicitudot?gx-no-cache=1488558370057 HTTP/1.1" 200 297
201.236.56.215 - - [03/Mar/2017:13:24:52 -0300] "POST /cormun/servlet/hlogin?8c8eafab1c8c977af193c2a795c07304,gx-no-cache=1488558360989 HTTP/1.1" 200 434
186.103.157.42 - - [03/Mar/2017:13:24:53 -0300] "GET /cormun/servlet/solicitudot?938b5f6eaf6788dd0a86cd2fcd5153751eba78c31303c62637367a9e6a90aecd3b25aafdd8be798ffba5264be853e157320c2f5e9c15688262471d6b948e57e7283ba8e080ec54b669d67210a947d6aaf751c13120925d9b25b9fbf97b0430a13c801f281eaae3a4574f0851ea4409dee3573fc5d65e7b230ba8eafba6fb1011353642b5d8f60209a993c3c3f5e9f5ab273b3f9fd3590407b1855bf2de990c830a36221f574f0bdd6e14995d69eeffc32c54b8c3012256cab906b2dbcf0cf9f386a646a02f29feacc557c932a1b6a0b88c54e1f6e522ee9b1e3377f78eac47fd7dec2d7da2f96e5fecb43b3656b61cc4cdde8bd1e9593a6aac59742c6895a7e08119880ee2183d08e0aaf3fa3b61337005c9515a1705fa3c807a2e4cc1d6b09ca9643c2fe982b69f3bf52eac3be084f8abf56ad3aa3aa5ddef8bce89ba905ad280b81ae1f017093f6ce7cb33c6288cb23dcdaf0ec5acb6258e3eb78aa659f819e4fae048f41b2e69c4fbd62458141f5b5f310588036f752f5c6fff1e92997def7a5e7ae80f406f588603a7ac0d55b364,gx-no-cache=1488558371656 HTTP/1.1" 200 30
186.103.157.42 - - [03/Mar/2017:13:24:56 -0300] "POST /cormun/servlet/solicitudot?gx-no-cache=1488558374886 HTTP/1.1" 200 30
186.103.157.42 - - [03/Mar/2017:13:24:58 -0300] "POST /cormun/servlet/solicitudot?gx-no-cache=1488558376548 HTTP/1.1" 200 235
186.103.157.42 - - [03/Mar/2017:13:24:58 -0300] "POST /cormun/servlet/solicitudot?gx-no-cache=1488558376620 HTTP/1.1" 200 38
201.236.56.215 - - [03/Mar/2017:13:25:08 -0300] "GET /cormun/servlet/trautorizarsolicitud? HTTP/1.1" 200 8232
201.236.56.215 - - [03/Mar/2017:13:25:09 -0300] "GET /cormun/servlet/trautorizarsolicitud? HTTP/1.1" 200 8231
201.236.56.215 - - [03/Mar/2017:13:25:12 -0300] "GET /cormun/servlet/veautorizarsolicitud?2017,5146,, HTTP/1.1" 200 8213
201.236.56.215 - - [03/Mar/2017:13:25:12 -0300] "GET /cormun/pexe_scrolldiv.js HTTP/1.1" 404 1009
201.236.56.215 - - [03/Mar/2017:13:25:12 -0300] "GET /cormun/servlet/veautorizarsolicitud?2017,5146,, HTTP/1.1" 200 8212
186.79.30.74 - - [03/Mar/2017:13:25:29 -0300] "POST /cormun/servlet/trautorizarsolicitud?bce2346b7a9e678d02e35cb80035e692,,gx-no-cache=1488558401525 HTTP/1.1" 200 8028
186.79.30.74 - - [03/Mar/2017:13:25:29 -0300] "GET /cormun/static/Shared/jqueryui/images/ui-bg_highlight-soft_100_c6c2c8_1x100.png HTTP/1.1" 404 1117
186.79.30.74 - - [03/Mar/2017:13:25:29 -0300] "GET /cormun/static/Shared/jqueryui/images/ui-icons_82798d_256x240.png HTTP/1.1" 404 1089
186.79.30.74 - - [03/Mar/2017:13:25:30 -0300] "GET /cormun/static/Shared/jqueryui/images/ui-bg_flat_55_fafafa_40x100.png HTTP/1.1" 404 1097
186.79.30.74 - - [03/Mar/2017:13:25:30 -0300] "GET /cormun/static/Shared/jqueryui/images/ui-icons_8d78a5_256x240.png HTTP/1.1" 404 1089
201.236.56.215 - - [03/Mar/2017:13:25:30 -0300] "POST /cormun/servlet/veautorizarsolicitud?0ac915fb7097cfe83e9c79fffbf73d9e,2017,5146,,,gx-no-cache=1488558396602 HTTP/1.1" 200 93
201.236.56.215 - - [03/Mar/2017:13:25:30 -0300] "GET /cormun/servlet/hpexe_return? HTTP/1.1" 200 1016
201.236.56.215 - - [03/Mar/2017:13:25:30 -0300] "GET /cormun/servlet/trautorizarsolicitud HTTP/1.1" 200 8235
186.79.30.74 - - [03/Mar/2017:13:25:30 -0300] "POST /cormun/servlet/trautorizarsolicitud?bce2346b7a9e678d02e35cb80035e692,,gx-no-cache=1488558402927 HTTP/1.1" 200 7973
201.236.56.215 - - [03/Mar/2017:13:25:31 -0300] "GET /cormun/servlet/trautorizarsolicitud HTTP/1.1" 200 8231
186.103.157.42 - - [03/Mar/2017:13:25:33 -0300] "GET /cormun/servlet/solicitudot?938b5f6eaf6788dd0a86cd2fcd515375c10609c0f81baf51952e5e77f61960123e171d20c63ee25806bb0305387918bcfaf85e9a79587824dfb741cbd6240e30ae0db20c301a8bd742803f92993658a6894e694d5bd2f83417d0ed33061463496da41ed0f06fb54ac076312f140d1517,gx-no-cache=1488558411825 HTTP/1.1" 200 29
186.103.157.42 - - [03/Mar/2017:13:25:33 -0300] "POST /cormun/servlet/solicitudot?gx-no-cache=1488558411979 HTTP/1.1" 200 643
186.79.30.74 - - [03/Mar/2017:13:25:34 -0300] "POST /cormun/servlet/trautorizarsolicitud?bce2346b7a9e678d02e35cb80035e692,,gx-no-cache=1488558406124 HTTP/1.1" 200 7691
186.79.30.74 - - [03/Mar/2017:13:25:35 -0300] "POST /cormun/servlet/trautorizarsolicitud?bce2346b7a9e678d02e35cb80035e692,,gx-no-cache=1488558407399 HTTP/1.1" 200 7635
186.103.157.42 - - [03/Mar/2017:13:25:35 -0300] "POST /cormun/servlet/solicitudot?gx-no-cache=1488558413765 HTTP/1.1" 200 1157
201.236.56.215 - - [03/Mar/2017:13:25:35 -0300] "POST /cormun/servlet/trautorizarsolicitud?0ac915fb7097cfe83e9c79fffbf73d9e,gx-no-cache=1488558402153 HTTP/1.1" 200 4365
201.236.56.215 - - [03/Mar/2017:13:25:35 -0300] "GET /cormun/static/Shared/jqueryui/images/ui-bg_highlight-soft_100_c6c2c8_1x100.png HTTP/1.1" 404 1117
201.236.56.215 - - [03/Mar/2017:13:25:36 -0300] "GET /cormun/static/Shared/jqueryui/images/ui-icons_82798d_256x240.png HTTP/1.1" 404 1089
201.236.56.215 - - [03/Mar/2017:13:25:36 -0300] "GET /cormun/static/Shared/jqueryui/images/ui-bg_flat_55_fafafa_40x100.png HTTP/1.1" 404 1097
201.236.56.215 - - [03/Mar/2017:13:25:36 -0300] "GET /cormun/static/Shared/jqueryui/images/ui-icons_8d78a5_256x240.png HTTP/1.1" 404 1089
201.236.56.215 - - [03/Mar/2017:13:25:36 -0300] "POST /cormun/servlet/trautorizarsolicitud?0ac915fb7097cfe83e9c79fffbf73d9e,gx-no-cache=1488558402874 HTTP/1.1" 200 4101
186.79.30.74 - - [03/Mar/2017:13:25:39 -0300] "POST /cormun/servlet/trautorizarsolicitud?bce2346b7a9e678d02e35cb80035e692,,gx-no-cache=1488558411099 HTTP/1.1" 200 7274
186.79.30.74 - - [03/Mar/2017:13:25:40 -0300] "POST /cormun/servlet/trautorizarsolicitud?bce2346b7a9e678d02e35cb80035e692,,gx-no-cache=1488558412381 HTTP/1.1" 200 7207
186.103.157.42 - - [03/Mar/2017:13:25:43 -0300] "GET /cormun/static/menuarrow.gif HTTP/1.1" 404 1015
186.79.30.74 - - [03/Mar/2017:13:25:44 -0300] "POST /cormun/servlet/trautorizarsolicitud?bce2346b7a9e678d02e35cb80035e692,,gx-no-cache=1488558416650 HTTP/1.1" 200 6929
186.79.30.74 - - [03/Mar/2017:13:25:45 -0300] "POST /cormun/servlet/trautorizarsolicitud?bce2346b7a9e678d02e35cb80035e692,,gx-no-cache=1488558417913 HTTP/1.1" 200 6875
186.79.30.74 - - [03/Mar/2017:13:25:49 -0300] "POST /cormun/servlet/trautorizarsolicitud?bce2346b7a9e678d02e35cb80035e692,,gx-no-cache=1488558422120 HTTP/1.1" 200 6603
186.79.30.74 - - [03/Mar/2017:13:25:51 -0300] "POST /cormun/servlet/trautorizarsolicitud?bce2346b7a9e678d02e35cb80035e692,,gx-no-cache=1488558423311 HTTP/1.1" 200 6548
186.79.30.74 - - [03/Mar/2017:13:25:55 -0300] "POST /cormun/servlet/trautorizarsolicitud?bce2346b7a9e678d02e35cb80035e692,,gx-no-cache=1488558427820 HTTP/1.1" 200 6255
186.79.30.74 - - [03/Mar/2017:13:25:56 -0300] "POST /cormun/servlet/trautorizarsolicitud?bce2346b7a9e678d02e35cb80035e692,,gx-no-cache=1488558428917 HTTP/1.1" 200 6198
186.79.30.74 - - [03/Mar/2017:13:25:59 -0300] "POST /cormun/servlet/trautorizarsolicitud?bce2346b7a9e678d02e35cb80035e692,,gx-no-cache=1488558431841 HTTP/1.1" 200 5905
201.236.56.215 - - [03/Mar/2017:13:25:59 -0300] "GET /cormun/servlet/hlogin HTTP/1.1" 200 1744
186.79.30.74 - - [03/Mar/2017:13:26:00 -0300] "POST /cormun/servlet/trautorizarsolicitud?bce2346b7a9e678d02e35cb80035e692,,gx-no-cache=1488558432884 HTTP/1.1" 200 5850
186.79.30.74 - - [03/Mar/2017:13:26:03 -0300] "POST /cormun/servlet/trautorizarsolicitud?bce2346b7a9e678d02e35cb80035e692,,gx-no-cache=1488558435578 HTTP/1.1" 200 5401
186.79.30.74 - - [03/Mar/2017:13:26:04 -0300] "POST /cormun/servlet/trautorizarsolicitud?bce2346b7a9e678d02e35cb80035e692,,gx-no-cache=1488558436471 HTTP/1.1" 200 5345
186.103.157.42 - - [03/Mar/2017:13:27:16 -0300] "POST /cormun/servlet/solicitudot?gx-no-cache=1488558515255 HTTP/1.1" 200 1274
186.103.157.42 - - [03/Mar/2017:13:27:17 -0300] "POST /cormun/servlet/solicitudot?gx-no-cache=1488558515464 HTTP/1.1" 200 1157
186.103.157.42 - - [03/Mar/2017:13:27:17 -0300] "GET /cormun/servlet/solicitudot?938b5f6eaf6788dd0a86cd2fcd515375ce87d67ceea835d0c89a1bae4322b68f1636e51262397abbf94f7aa69c39cc282d7d40bf02a3c3f3da0ac714e627bb5e4c12f72bb89f25fff316be9fd83384ed34560b60722f7bdade1e061e61f6d670416769659aba449f75e85927df5daf35c174b9aefde6bdf582375ee33fce28087baada6f4f0a4e557e39d769c44ba545c707851892fbdcb3216d293848620154f88a8218329c369d67f7f94c13729dfd,gx-no-cache=1488558515574 HTTP/1.1" 200 30
186.103.157.42 - - [03/Mar/2017:13:27:17 -0300] "POST /cormun/servlet/solicitudot?547b2073c8ea5797995c4c0763296c7a,INS,0,0,,gx-no-cache=1488558515686 HTTP/1.1" 200 93
186.103.157.42 - - [03/Mar/2017:13:27:17 -0300] "GET /cormun/servlet/hpexe_return? HTTP/1.1" 200 1001
186.103.157.42 - - [03/Mar/2017:13:27:17 -0300] "GET /cormun/static/gxcfg.js?2016101716175148 HTTP/1.1" 304 -
186.103.157.42 - - [03/Mar/2017:13:27:17 -0300] "GET /cormun/servlet/trsolicitudot HTTP/1.1" 200 8132
186.103.157.42 - - [03/Mar/2017:13:27:18 -0300] "GET /cormun/servlet/trsolicitudot HTTP/1.1" 200 8128
186.103.157.42 - - [03/Mar/2017:13:27:22 -0300] "POST /cormun/servlet/trsolicitudot?547b2073c8ea5797995c4c0763296c7a,gx-no-cache=1488558521303 HTTP/1.1" 200 107
186.103.157.42 - - [03/Mar/2017:13:27:23 -0300] "GET /cormun/servlet/trsolicitudadjuntos?2017,5148, HTTP/1.1" 200 6135
186.103.157.42 - - [03/Mar/2017:13:27:23 -0300] "GET /cormun/static/gxcfg.js?201612218531388 HTTP/1.1" 304 -
186.103.157.42 - - [03/Mar/2017:13:27:23 -0300] "GET /cormun/servlet/trsolicitudadjuntos?2017,5148, HTTP/1.1" 200 6134
186.103.157.42 - - [03/Mar/2017:13:27:25 -0300] "GET /cormun/servlet/solicitudotadjuntos?INS,2017,5148,,1, HTTP/1.1" 200 6069
186.103.157.42 - - [03/Mar/2017:13:27:25 -0300] "GET /cormun/static/gxcfg.js?201612218465951 HTTP/1.1" 304 -
186.103.157.42 - - [03/Mar/2017:13:27:26 -0300] "GET /cormun/static/about:blank HTTP/1.1" 404 1011
186.103.157.42 - - [03/Mar/2017:13:27:26 -0300] "GET /cormun/servlet/solicitudotadjuntos?INS,2017,5148,,1, HTTP/1.1" 200 6062
186.103.157.42 - - [03/Mar/2017:13:27:26 -0300] "GET /cormun/servlet/solicitudotadjuntos?938b5f6eaf6788dd0a86cd2fcd515375a7e2b4c2a80d6287717e5a0e4045d1159c10d8de92eae496ce0dfc7aca9724d2,gx-no-cache=1488558525229 HTTP/1.1" 200 30
186.103.157.42 - - [03/Mar/2017:13:27:26 -0300] "POST /cormun/servlet/solicitudotadjuntos?547b2073c8ea5797995c4c0763296c7a,INS,2017,5148,,1,,gx-no-cache=1488558525318 HTTP/1.1" 200 3823
186.103.157.42 - - [03/Mar/2017:13:27:38 -0300] "POST /cormun/servlet/solicitudotadjuntos?gx-no-cache=1488558536678 HTTP/1.1" 200 26
186.103.157.42 - - [03/Mar/2017:13:27:45 -0300] "GET /cormun/servlet/solicitudotadjuntos?938b5f6eaf6788dd0a86cd2fcd5153751c1e738edfb0d2d3909f866f93295f94,gx-no-cache=1488558543552 HTTP/1.1" 200 30
186.103.157.42 - - [03/Mar/2017:13:27:45 -0300] "GET /cormun/servlet/solicitudotadjuntos?938b5f6eaf6788dd0a86cd2fcd5153751c1e738edfb0d2d3909f866f93295f94,gx-no-cache=1488558543641 HTTP/1.1" 200 30
186.103.157.42 - - [03/Mar/2017:13:27:46 -0300] "POST /cormun/servlet/solicitudotadjuntos?547b2073c8ea5797995c4c0763296c7a,INS,2017,5148,,1, HTTP/1.1" 200 116
186.103.157.42 - - [03/Mar/2017:13:27:46 -0300] "GET /cormun/servlet/hpexe_return? HTTP/1.1" 200 1018
186.103.157.42 - - [03/Mar/2017:13:27:46 -0300] "GET /cormun/servlet/trsolicitudadjuntos?2017,5148, HTTP/1.1" 200 8263
186.103.157.42 - - [03/Mar/2017:13:27:47 -0300] "GET /cormun/servlet/trsolicitudadjuntos?2017,5148, HTTP/1.1" 200 8259
186.103.157.42 - - [03/Mar/2017:13:27:59 -0300] "GET /cormun/servlet/solicitudotadjuntos?INS,2017,5148,,1, HTTP/1.1" 200 6069
186.103.157.42 - - [03/Mar/2017:13:28:00 -0300] "GET /cormun/static/about:blank HTTP/1.1" 404 1011
186.103.157.42 - - [03/Mar/2017:13:28:00 -0300] "GET /cormun/servlet/solicitudotadjuntos?INS,2017,5148,,1, HTTP/1.1" 200 6062
186.103.157.42 - - [03/Mar/2017:13:28:00 -0300] "GET /cormun/servlet/solicitudotadjuntos?938b5f6eaf6788dd0a86cd2fcd515375a7e2b4c2a80d6287717e5a0e4045d1159c10d8de92eae496ce0dfc7aca9724d2,gx-no-cache=1488558559160 HTTP/1.1" 200 30
186.103.157.42 - - [03/Mar/2017:13:28:00 -0300] "POST /cormun/servlet/solicitudotadjuntos?547b2073c8ea5797995c4c0763296c7a,INS,2017,5148,,1,,gx-no-cache=1488558559220 HTTP/1.1" 200 3823
186.103.157.42 - - [03/Mar/2017:13:28:02 -0300] "POST /cormun/servlet/solicitudotadjuntos?gx-no-cache=1488558560468 HTTP/1.1" 200 26
186.103.157.42 - - [03/Mar/2017:13:28:06 -0300] "GET /cormun/servlet/solicitudotadjuntos?938b5f6eaf6788dd0a86cd2fcd5153751c1e738edfb0d2d3909f866f93295f94,gx-no-cache=1488558565235 HTTP/1.1" 200 30
186.103.157.42 - - [03/Mar/2017:13:28:06 -0300] "GET /cormun/servlet/solicitudotadjuntos?938b5f6eaf6788dd0a86cd2fcd5153751c1e738edfb0d2d3909f866f93295f94,gx-no-cache=1488558565331 HTTP/1.1" 200 30
186.103.157.42 - - [03/Mar/2017:13:28:08 -0300] "POST /cormun/servlet/solicitudotadjuntos?547b2073c8ea5797995c4c0763296c7a,INS,2017,5148,,1, HTTP/1.1" 200 116
186.103.157.42 - - [03/Mar/2017:13:28:08 -0300] "GET /cormun/servlet/hpexe_return? HTTP/1.1" 200 1018
186.103.157.42 - - [03/Mar/2017:13:28:08 -0300] "GET /cormun/servlet/trsolicitudadjuntos?2017,5148, HTTP/1.1" 200 8434
186.103.157.42 - - [03/Mar/2017:13:28:09 -0300] "GET /cormun/servlet/trsolicitudadjuntos?2017,5148, HTTP/1.1" 200 8431
186.103.157.42 - - [03/Mar/2017:13:28:10 -0300] "GET /cormun/servlet/solicitudotadjuntos?INS,2017,5148,,1, HTTP/1.1" 200 6069
186.103.157.42 - - [03/Mar/2017:13:28:11 -0300] "GET /cormun/static/about:blank HTTP/1.1" 404 1011
186.103.157.42 - - [03/Mar/2017:13:28:11 -0300] "GET /cormun/servlet/solicitudotadjuntos?INS,2017,5148,,1, HTTP/1.1" 200 6062
186.103.157.42 - - [03/Mar/2017:13:28:12 -0300] "GET /cormun/servlet/solicitudotadjuntos?938b5f6eaf6788dd0a86cd2fcd515375a7e2b4c2a80d6287717e5a0e4045d1159c10d8de92eae496ce0dfc7aca9724d2,gx-no-cache=1488558570528 HTTP/1.1" 200 30
186.103.157.42 - - [03/Mar/2017:13:28:12 -0300] "POST /cormun/servlet/solicitudotadjuntos?547b2073c8ea5797995c4c0763296c7a,INS,2017,5148,,1,,gx-no-cache=1488558570602 HTTP/1.1" 200 3823
186.103.157.42 - - [03/Mar/2017:13:28:13 -0300] "POST /cormun/servlet/solicitudotadjuntos?gx-no-cache=1488558572400 HTTP/1.1" 200 26
186.103.157.42 - - [03/Mar/2017:13:28:20 -0300] "GET /cormun/servlet/solicitudotadjuntos?938b5f6eaf6788dd0a86cd2fcd5153751c1e738edfb0d2d3909f866f93295f94,gx-no-cache=1488558579017 HTTP/1.1" 200 30
186.103.157.42 - - [03/Mar/2017:13:28:20 -0300] "GET /cormun/servlet/solicitudotadjuntos?938b5f6eaf6788dd0a86cd2fcd5153751c1e738edfb0d2d3909f866f93295f94,gx-no-cache=1488558579101 HTTP/1.1" 200 30
186.103.157.42 - - [03/Mar/2017:13:28:21 -0300] "POST /cormun/servlet/solicitudotadjuntos?547b2073c8ea5797995c4c0763296c7a,INS,2017,5148,,1, HTTP/1.1" 200 116
186.103.157.42 - - [03/Mar/2017:13:28:21 -0300] "GET /cormun/servlet/hpexe_return? HTTP/1.1" 200 1018
186.103.157.42 - - [03/Mar/2017:13:28:21 -0300] "GET /cormun/servlet/trsolicitudadjuntos?2017,5148, HTTP/1.1" 200 8577
186.103.157.42 - - [03/Mar/2017:13:28:22 -0300] "GET /cormun/servlet/trsolicitudadjuntos?2017,5148, HTTP/1.1" 200 8575
186.103.157.42 - - [03/Mar/2017:13:28:24 -0300] "GET /cormun/servlet/solicitudotadjuntos?INS,2017,5148,,1, HTTP/1.1" 200 6068
186.103.157.42 - - [03/Mar/2017:13:28:25 -0300] "GET /cormun/static/about:blank HTTP/1.1" 404 1011
186.103.157.42 - - [03/Mar/2017:13:28:25 -0300] "GET /cormun/servlet/solicitudotadjuntos?INS,2017,5148,,1, HTTP/1.1" 200 6062
186.103.157.42 - - [03/Mar/2017:13:28:25 -0300] "GET /cormun/servlet/solicitudotadjuntos?938b5f6eaf6788dd0a86cd2fcd515375a7e2b4c2a80d6287717e5a0e4045d1159c10d8de92eae496ce0dfc7aca9724d2,gx-no-cache=1488558584320 HTTP/1.1" 200 30
186.103.157.42 - - [03/Mar/2017:13:28:25 -0300] "POST /cormun/servlet/solicitudotadjuntos?547b2073c8ea5797995c4c0763296c7a,INS,2017,5148,,1,,gx-no-cache=1488558584389 HTTP/1.1" 200 3823
186.103.157.42 - - [03/Mar/2017:13:28:31 -0300] "POST /cormun/servlet/solicitudotadjuntos?gx-no-cache=1488558589720 HTTP/1.1" 200 26
186.103.157.42 - - [03/Mar/2017:13:28:35 -0300] "GET /cormun/servlet/solicitudotadjuntos?938b5f6eaf6788dd0a86cd2fcd5153751c1e738edfb0d2d3909f866f93295f94,gx-no-cache=1488558594250 HTTP/1.1" 200 30
186.103.157.42 - - [03/Mar/2017:13:28:35 -0300] "GET /cormun/servlet/solicitudotadjuntos?938b5f6eaf6788dd0a86cd2fcd5153751c1e738edfb0d2d3909f866f93295f94,gx-no-cache=1488558594305 HTTP/1.1" 200 30
186.103.157.42 - - [03/Mar/2017:13:28:36 -0300] "POST /cormun/servlet/solicitudotadjuntos?547b2073c8ea5797995c4c0763296c7a,INS,2017,5148,,1, HTTP/1.1" 200 116
186.103.157.42 - - [03/Mar/2017:13:28:36 -0300] "GET /cormun/servlet/hpexe_return? HTTP/1.1" 200 1018
186.103.157.42 - - [03/Mar/2017:13:28:36 -0300] "GET /cormun/servlet/trsolicitudadjuntos?2017,5148, HTTP/1.1" 200 8694
186.103.157.42 - - [03/Mar/2017:13:28:37 -0300] "GET /cormun/servlet/trsolicitudadjuntos?2017,5148, HTTP/1.1" 200 8693
186.103.157.42 - - [03/Mar/2017:13:28:39 -0300] "GET /cormun/servlet/solicitudotadjuntos?INS,2017,5148,,1, HTTP/1.1" 200 6068
186.103.157.42 - - [03/Mar/2017:13:28:39 -0300] "GET /cormun/static/about:blank HTTP/1.1" 404 1011
186.103.157.42 - - [03/Mar/2017:13:28:39 -0300] "GET /cormun/servlet/solicitudotadjuntos?INS,2017,5148,,1, HTTP/1.1" 200 6062
186.103.157.42 - - [03/Mar/2017:13:28:40 -0300] "GET /cormun/servlet/solicitudotadjuntos?938b5f6eaf6788dd0a86cd2fcd515375a7e2b4c2a80d6287717e5a0e4045d1159c10d8de92eae496ce0dfc7aca9724d2,gx-no-cache=1488558598873 HTTP/1.1" 200 30
186.103.157.42 - - [03/Mar/2017:13:28:40 -0300] "POST /cormun/servlet/solicitudotadjuntos?547b2073c8ea5797995c4c0763296c7a,INS,2017,5148,,1,,gx-no-cache=1488558598943 HTTP/1.1" 200 3823
186.103.157.42 - - [03/Mar/2017:13:28:42 -0300] "POST /cormun/servlet/solicitudotadjuntos?gx-no-cache=1488558600547 HTTP/1.1" 200 26
186.103.156.211 - - [03/Mar/2017:13:28:44 -0300] "GET /cormun/servlet/licenciaspermisos?6e8810a1d477bc5d6ca9ba766e96d8e5a1ad456c6b2fa6bf57fd2f3b13be3c7fe8f97d4597cd4f7e63c147ca8d1220eceaf2c086a0ba3f59a76d9613adfb941a5a29625f53c4398a51993f058562f18ab3f0f6bb154540a915d83622c623f249b1dba258b83d474f37c166c42e85d01cc8dc7732b454c460ca359781ced0aa4c49487346cfe7db7f9e95599de593eeec4bc558ede0650f50b881fb4df15a1a712a2f993804298aab83f1b688736cb14f,gx-no-cache=1488558596142 HTTP/1.1" 200 30
186.103.156.211 - - [03/Mar/2017:13:28:45 -0300] "POST /cormun/servlet/licenciaspermisos?e57826f31b56b854d36053a0b5fe2f2b,INS,0,,,,gx-no-cache=1488558596294 HTTP/1.1" 200 4461
186.103.157.42 - - [03/Mar/2017:13:28:46 -0300] "GET /cormun/servlet/solicitudotadjuntos?938b5f6eaf6788dd0a86cd2fcd5153751c1e738edfb0d2d3909f866f93295f94,gx-no-cache=1488558605359 HTTP/1.1" 200 30
186.103.157.42 - - [03/Mar/2017:13:28:46 -0300] "GET /cormun/servlet/solicitudotadjuntos?938b5f6eaf6788dd0a86cd2fcd5153751c1e738edfb0d2d3909f866f93295f94,gx-no-cache=1488558605423 HTTP/1.1" 200 30
186.103.157.42 - - [03/Mar/2017:13:28:47 -0300] "POST /cormun/servlet/solicitudotadjuntos?547b2073c8ea5797995c4c0763296c7a,INS,2017,5148,,1, HTTP/1.1" 200 116
186.103.157.42 - - [03/Mar/2017:13:28:47 -0300] "GET /cormun/servlet/hpexe_return? HTTP/1.1" 200 1018
186.103.157.42 - - [03/Mar/2017:13:28:48 -0300] "GET /cormun/servlet/trsolicitudadjuntos?2017,5148, HTTP/1.1" 200 8885
186.103.157.42 - - [03/Mar/2017:13:28:49 -0300] "GET /cormun/servlet/trsolicitudadjuntos?2017,5148, HTTP/1.1" 200 8881
186.103.157.42 - - [03/Mar/2017:13:28:51 -0300] "GET /cormun/servlet/solicitudotadjuntos?INS,2017,5148,,1, HTTP/1.1" 200 6068
186.103.157.42 - - [03/Mar/2017:13:28:52 -0300] "GET /cormun/static/about:blank HTTP/1.1" 404 1011
186.103.157.42 - - [03/Mar/2017:13:28:52 -0300] "GET /cormun/servlet/solicitudotadjuntos?INS,2017,5148,,1, HTTP/1.1" 200 6062
186.103.157.42 - - [03/Mar/2017:13:28:52 -0300] "GET /cormun/servlet/solicitudotadjuntos?938b5f6eaf6788dd0a86cd2fcd515375a7e2b4c2a80d6287717e5a0e4045d1159c10d8de92eae496ce0dfc7aca9724d2,gx-no-cache=1488558611294 HTTP/1.1" 200 30
186.103.157.42 - - [03/Mar/2017:13:28:52 -0300] "POST /cormun/servlet/solicitudotadjuntos?547b2073c8ea5797995c4c0763296c7a,INS,2017,5148,,1,,gx-no-cache=1488558611380 HTTP/1.1" 200 3823
186.103.157.42 - - [03/Mar/2017:13:28:54 -0300] "POST /cormun/servlet/solicitudotadjuntos?gx-no-cache=1488558613118 HTTP/1.1" 200 26
186.103.157.42 - - [03/Mar/2017:13:28:58 -0300] "GET /cormun/servlet/solicitudotadjuntos?938b5f6eaf6788dd0a86cd2fcd5153751c1e738edfb0d2d3909f866f93295f94,gx-no-cache=1488558616716 HTTP/1.1" 200 30
186.103.157.42 - - [03/Mar/2017:13:28:58 -0300] "GET /cormun/servlet/solicitudotadjuntos?938b5f6eaf6788dd0a86cd2fcd5153751c1e738edfb0d2d3909f866f93295f94,gx-no-cache=1488558616761 HTTP/1.1" 200 30
186.103.157.42 - - [03/Mar/2017:13:28:58 -0300] "POST /cormun/servlet/solicitudotadjuntos?547b2073c8ea5797995c4c0763296c7a,INS,2017,5148,,1, HTTP/1.1" 200 116
186.103.157.42 - - [03/Mar/2017:13:28:58 -0300] "GET /cormun/servlet/hpexe_return? HTTP/1.1" 200 1018
186.103.157.42 - - [03/Mar/2017:13:28:59 -0300] "GET /cormun/servlet/trsolicitudadjuntos?2017,5148, HTTP/1.1" 200 9071
186.103.157.42 - - [03/Mar/2017:13:29:00 -0300] "GET /cormun/servlet/trsolicitudadjuntos?2017,5148, HTTP/1.1" 200 9068
186.103.157.42 - - [03/Mar/2017:13:29:01 -0300] "GET /cormun/servlet/trsolicitudot? HTTP/1.1" 200 8134
186.103.157.42 - - [03/Mar/2017:13:29:02 -0300] "GET /cormun/servlet/trsolicitudot? HTTP/1.1" 200 8127
186.103.157.42 - - [03/Mar/2017:13:29:06 -0300] "POST /cormun/servlet/trsolicitudot?547b2073c8ea5797995c4c0763296c7a,,gx-no-cache=1488558624417 HTTP/1.1" 200 4087
186.103.157.42 - - [03/Mar/2017:13:29:06 -0300] "GET /cormun/static/Shared/jqueryui/images/ui-bg_highlight-soft_100_c6c2c8_1x100.png HTTP/1.1" 404 1117
186.103.157.42 - - [03/Mar/2017:13:29:06 -0300] "GET /cormun/static/Shared/jqueryui/images/ui-icons_82798d_256x240.png HTTP/1.1" 404 1089
186.103.157.42 - - [03/Mar/2017:13:29:06 -0300] "GET /cormun/static/Shared/jqueryui/images/ui-icons_8d78a5_256x240.png HTTP/1.1" 404 1089
186.103.157.42 - - [03/Mar/2017:13:29:06 -0300] "GET /cormun/static/Shared/jqueryui/images/ui-bg_flat_55_fafafa_40x100.png HTTP/1.1" 404 1097
186.103.157.42 - - [03/Mar/2017:13:29:06 -0300] "POST /cormun/servlet/trsolicitudot?547b2073c8ea5797995c4c0763296c7a,,gx-no-cache=1488558624684 HTTP/1.1" 200 3869
186.103.157.42 - - [03/Mar/2017:13:29:08 -0300] "GET /cormun/servlet/trautorizarsolicitud? HTTP/1.1" 200 8220
186.103.157.42 - - [03/Mar/2017:13:29:09 -0300] "GET /cormun/servlet/trautorizarsolicitud? HTTP/1.1" 200 8220
186.103.157.42 - - [03/Mar/2017:13:29:11 -0300] "POST /cormun/servlet/trautorizarsolicitud?547b2073c8ea5797995c4c0763296c7a,,gx-no-cache=1488558630335 HTTP/1.1" 200 4316
186.103.157.42 - - [03/Mar/2017:13:29:12 -0300] "GET /cormun/static/Shared/jqueryui/images/ui-bg_flat_55_fafafa_40x100.png HTTP/1.1" 404 1097
186.103.157.42 - - [03/Mar/2017:13:29:12 -0300] "GET /cormun/static/Shared/jqueryui/images/ui-icons_82798d_256x240.png HTTP/1.1" 404 1089
186.103.157.42 - - [03/Mar/2017:13:29:12 -0300] "GET /cormun/static/Shared/jqueryui/images/ui-icons_8d78a5_256x240.png HTTP/1.1" 404 1089
186.103.157.42 - - [03/Mar/2017:13:29:12 -0300] "GET /cormun/static/Shared/jqueryui/images/ui-bg_highlight-soft_100_c6c2c8_1x100.png HTTP/1.1" 404 1117
186.103.157.42 - - [03/Mar/2017:13:29:12 -0300] "POST /cormun/servlet/trautorizarsolicitud?547b2073c8ea5797995c4c0763296c7a,,gx-no-cache=1488558630586 HTTP/1.1" 200 4095
186.103.156.211 - - [03/Mar/2017:13:29:48 -0300] "GET /cormun/servlet/licenciaspermisos?6e8810a1d477bc5d6ca9ba766e96d8e5e554f1141192f13e254999f7450aca45669afaf9e183654ab0fed37e8dc65a8b267b2b25089896ec2883a8a1c34a531312fe0b165491632ddf1f666a1313eb8ed116a5e6b96dfa86b01c41c1d73db09562473c535144db6653a87fbf1f47c6bba3624c694eadda1d9954d774f2b63fed8a19206fcd498add8848fb36501ca3000a7c263bee994c396633861a080ecd372c4f3badf6320d42b793c5f104203290afa18babe28b5d2712888e616d6bf65fa09dc4638c8b99237c315fa094c1f36ca10e3f05251bffe638d7a4b92ea526126924114b4ff1c4a2ddc8443b0df3b34e,gx-no-cache=1488558659186 HTTP/1.1" 200 62
186.103.156.211 - - [03/Mar/2017:13:29:48 -0300] "POST /cormun/servlet/licenciaspermisos?e57826f31b56b854d36053a0b5fe2f2b,INS,0,,,,gx-no-cache=1488558659619 HTTP/1.1" 200 93
186.103.156.211 - - [03/Mar/2017:13:29:48 -0300] "GET /cormun/servlet/hpexe_return? HTTP/1.1" 200 1013
186.103.156.211 - - [03/Mar/2017:13:29:49 -0300] "GET /cormun/servlet/hhome HTTP/1.1" 200 3976
186.103.156.211 - - [03/Mar/2017:13:29:49 -0300] "GET /cormun/static/gxcfg.js?201612218515568 HTTP/1.1" 200 953
186.103.156.211 - - [03/Mar/2017:13:29:49 -0300] "GET /cormun/static/hhome.js?201612218515573 HTTP/1.1" 200 777
186.103.156.211 - - [03/Mar/2017:13:29:49 -0300] "GET /cormun/servlet/hhome HTTP/1.1" 200 3970
186.103.156.211 - - [03/Mar/2017:13:29:59 -0300] "GET /cormun/servlet/trlicencias? HTTP/1.1" 200 8037
186.103.156.211 - - [03/Mar/2017:13:29:59 -0300] "GET /cormun/static/gxcfg.js?2016122619301429 HTTP/1.1" 200 953
186.103.156.211 - - [03/Mar/2017:13:29:59 -0300] "GET /cormun/static/trlicencias.js?2016122619301919 HTTP/1.1" 200 37916
186.103.156.211 - - [03/Mar/2017:13:30:00 -0300] "GET /cormun//static/Resources/PXToolsActionPrint.png HTTP/1.1" 200 3317
186.103.156.211 - - [03/Mar/2017:13:30:00 -0300] "GET /cormun//static/Resources/PXToolsHeaderFavorites.png HTTP/1.1" 200 2744
186.103.156.211 - - [03/Mar/2017:13:30:00 -0300] "GET /cormun//static/Resources/PXToolsGridDisplay.png HTTP/1.1" 200 362
186.103.156.211 - - [03/Mar/2017:13:30:00 -0300] "GET /cormun//static/Resources/PXToolsHeaderHelp.png HTTP/1.1" 200 4055
186.103.156.211 - - [03/Mar/2017:13:30:00 -0300] "GET /cormun/servlet/trlicencias? HTTP/1.1" 200 8034
201.236.56.215 - - [03/Mar/2017:13:30:03 -0300] "POST /cormun/servlet/hlogin?8c8eafab1c8c977af193c2a795c07304,gx-no-cache=1488558672109 HTTP/1.1" 200 430
201.236.56.215 - - [03/Mar/2017:13:30:08 -0300] "POST /cormun/servlet/hlogin?8c8eafab1c8c977af193c2a795c07304,gx-no-cache=1488558676405 HTTP/1.1" 200 90
201.236.56.215 - - [03/Mar/2017:13:30:08 -0300] "GET /cormun/servlet/hpexe_link HTTP/1.1" 200 960
201.236.56.215 - - [03/Mar/2017:13:30:08 -0300] "GET /cormun/servlet/trsolicitudot? HTTP/1.1" 200 6526
201.236.56.215 - - [03/Mar/2017:13:30:09 -0300] "GET /cormun/servlet/trsolicitudot? HTTP/1.1" 200 6524
201.236.56.215 - - [03/Mar/2017:13:30:12 -0300] "GET /cormun/servlet/trsolicitudot? HTTP/1.1" 200 6524
201.236.56.215 - - [03/Mar/2017:13:30:12 -0300] "GET /cormun/servlet/trsolicitudot? HTTP/1.1" 200 6524
201.236.56.215 - - [03/Mar/2017:13:30:18 -0300] "GET /cormun/servlet/solicitudot?INS,0,0, HTTP/1.1" 200 12572
201.236.56.215 - - [03/Mar/2017:13:30:19 -0300] "GET /cormun/servlet/solicitudot?INS,0,0, HTTP/1.1" 200 12577
186.103.156.211 - - [03/Mar/2017:13:30:30 -0300] "GET /cormun/servlet/alicenciaprn?12694048,L,20170303000000,PU HTTP/1.1" 200 1591
201.236.56.215 - - [03/Mar/2017:13:30:34 -0300] "POST /cormun/servlet/solicitudot?gx-no-cache=1488558702191 HTTP/1.1" 200 3081
201.236.56.215 - - [03/Mar/2017:13:30:34 -0300] "POST /cormun/servlet/solicitudot?8c8eafab1c8c977af193c2a795c07304,INS,0,0,,gx-no-cache=1488558702856 HTTP/1.1" 200 9680
201.236.56.215 - - [03/Mar/2017:13:30:35 -0300] "GET /cormun/servlet/solicitudot?7449f727fb36ccb5fa238cce8fa25a744007c4cf0ef771b4bd12d974f3a254520ef28f4badad9c96d798f5d852edd229,gx-no-cache=1488558703424 HTTP/1.1" 200 111
201.236.56.215 - - [03/Mar/2017:13:30:35 -0300] "GET /cormun/static/Shared/jqueryui/images/ui-bg_highlight-soft_100_c6c2c8_1x100.png HTTP/1.1" 404 1117
201.236.56.215 - - [03/Mar/2017:13:30:35 -0300] "GET /cormun/static/Shared/jqueryui/images/ui-bg_flat_55_994d53_40x100.png HTTP/1.1" 404 1097
201.236.56.215 - - [03/Mar/2017:13:30:35 -0300] "GET /cormun/static/Shared/jqueryui/images/ui-icons_82798d_256x240.png HTTP/1.1" 404 1089
201.236.56.215 - - [03/Mar/2017:13:30:35 -0300] "GET /cormun/static/Shared/jqueryui/images/ui-icons_ebccce_256x240.png HTTP/1.1" 404 1089
201.236.56.215 - - [03/Mar/2017:13:31:55 -0300] "GET /cormun/servlet/solicitudot?7449f727fb36ccb5fa238cce8fa25a740d7a1dbcbee63f094690db9247ceac5a41b02c232d1a819a0d2563b005f93a41,gx-no-cache=1488558784061 HTTP/1.1" 200 30
186.103.156.211 - - [03/Mar/2017:13:32:20 -0300] "GET /cormun/servlet/licenciaspermisos?DSP,12694048,L,20170303000000, HTTP/1.1" 200 6956
186.103.156.211 - - [03/Mar/2017:13:32:21 -0300] "GET /cormun/servlet/licenciaspermisos?DSP,12694048,L,20170303000000, HTTP/1.1" 200 6956
186.103.156.211 - - [03/Mar/2017:13:32:27 -0300] "POST /cormun/servlet/licenciaspermisos?e57826f31b56b854d36053a0b5fe2f2b,DSP,12694048,L,20170303000000,,gx-no-cache=1488558818542 HTTP/1.1" 200 93
186.103.156.211 - - [03/Mar/2017:13:32:27 -0300] "GET /cormun/servlet/hpexe_return? HTTP/1.1" 200 1029
186.103.156.211 - - [03/Mar/2017:13:32:28 -0300] "GET /cormun/servlet/trlicencias HTTP/1.1" 200 8038
186.103.156.211 - - [03/Mar/2017:13:32:28 -0300] "GET /cormun/servlet/trlicencias HTTP/1.1" 200 8034
186.103.156.211 - - [03/Mar/2017:13:32:50 -0300] "GET /cormun/servlet/trsolicitudot? HTTP/1.1" 200 8624
186.103.156.211 - - [03/Mar/2017:13:32:51 -0300] "GET /cormun/servlet/trsolicitudot? HTTP/1.1" 200 8624
186.103.156.211 - - [03/Mar/2017:13:34:08 -0300] "POST /cormun/servlet/trsolicitudot?e57826f31b56b854d36053a0b5fe2f2b,,gx-no-cache=1488558919129 HTTP/1.1" 200 5840
201.236.56.215 - - [03/Mar/2017:13:34:15 -0300] "POST /cormun/servlet/solicitudot?gx-no-cache=1488558923402 HTTP/1.1" 200 256
201.236.56.215 - - [03/Mar/2017:13:34:19 -0300] "GET /cormun/servlet/solicitudot?7449f727fb36ccb5fa238cce8fa25a747da6480a4b7222eea33babb1d5c20e271b15893a36fe11763ff1cb250f26e0b04d75295a12ab89ef1a98766758c490e5c85a9be9395f5aa6e90fcd7eccddb53110d82f359bb00b85157d81aba1d3bc7df900eb00c05c26db7185b8ea60eb45f39b715a5997248f5589a9327e86ac504cc04ae54cfdd1fee781a7b0d7e3d76ad7de3a33649cd1456c5580f1877970d90ca53758ced8545928cc164fbcaa89a43c59fc87b9dd5dd416e0ec47875d3bb431690f2a5512a6a82c1f67c54653d9aba80dda349b9fa98faf482c3a98eca1e68c03944feedc9068c77d836f5084725ccb0a15d1e5aa97b71ca35b14da28a9f6b73cc9ecb4c2d471acb6a5e2431e91e5d2108e3c2e078fca3a1366c0570f7c2f1af568bd266c2a0e74fb333fe6f6310dc2a78642d7c6dd3f03b18feb256760224fcaec4583edea4ec21c3f7ae2cc7131cb4bf683b23d2b8fcafaf17b1dc3d51cb824c49ee760d8e5099d99866dc65b813268c8488ed1566298a79f6d4da37789ca,gx-no-cache=1488558928090 HTTP/1.1" 200 30
186.103.156.211 - - [03/Mar/2017:13:34:20 -0300] "POST /cormun/servlet/trsolicitudot?e57826f31b56b854d36053a0b5fe2f2b,,gx-no-cache=1488558931539 HTTP/1.1" 200 105
186.103.156.211 - - [03/Mar/2017:13:34:21 -0300] "GET /cormun/servlet/solicitudot?DLT,2017,5056, HTTP/1.1" 200 9514
186.103.156.211 - - [03/Mar/2017:13:34:21 -0300] "GET /cormun/static/gxcfg.js?20171191042720 HTTP/1.1" 200 953
186.103.156.211 - - [03/Mar/2017:13:34:21 -0300] "GET /cormun/static/solicitudot.js?2017119104297 HTTP/1.1" 200 63948
186.103.156.211 - - [03/Mar/2017:13:34:21 -0300] "GET /cormun/static/Shared/jqueryui/images/ui-icons_82798d_256x240.png HTTP/1.1" 404 1089
186.103.156.211 - - [03/Mar/2017:13:34:21 -0300] "GET /cormun/static/Shared/jqueryui/images/ui-bg_highlight-soft_100_c6c2c8_1x100.png HTTP/1.1" 404 1117
186.103.156.211 - - [03/Mar/2017:13:34:21 -0300] "GET /cormun/static/Shared/jqueryui/images/ui-bg_flat_55_fafafa_40x100.png HTTP/1.1" 404 1097
186.103.156.211 - - [03/Mar/2017:13:34:21 -0300] "GET /cormun/static/Shared/jqueryui/images/ui-icons_8d78a5_256x240.png HTTP/1.1" 404 1089
186.103.156.211 - - [03/Mar/2017:13:34:22 -0300] "GET /cormun/servlet/solicitudot?DLT,2017,5056, HTTP/1.1" 200 9523
186.103.159.188 - - [03/Mar/2017:13:34:41 -0300] "GET /cormun/servlet/hhome HTTP/1.1" 200 3333
186.103.159.188 - - [03/Mar/2017:13:34:41 -0300] "GET /cormun/servlet/hhome HTTP/1.1" 200 3300
190.101.9.138 - - [03/Mar/2017:13:34:41 -0300] "GET /cormun/servlet/hlogin HTTP/1.1" 200 1736
190.101.9.138 - - [03/Mar/2017:13:34:48 -0300] "POST /cormun/servlet/hlogin?0612694e195ade2a6c53c976c161420c,gx-no-cache=1488558958514 HTTP/1.1" 200 445
186.103.156.211 - - [03/Mar/2017:13:34:49 -0300] "POST /cormun/servlet/solicitudot?e57826f31b56b854d36053a0b5fe2f2b,DLT,2017,5056,,gx-no-cache=1488558959429 HTTP/1.1" 200 12584
186.103.156.211 - - [03/Mar/2017:13:34:49 -0300] "GET /cormun/static/Shared/jqueryui/images/ui-icons_ebccce_256x240.png HTTP/1.1" 404 1089
186.103.156.211 - - [03/Mar/2017:13:34:49 -0300] "GET /cormun/static/Shared/jqueryui/images/ui-bg_flat_55_994d53_40x100.png HTTP/1.1" 404 1097
190.101.9.138 - - [03/Mar/2017:13:34:54 -0300] "POST /cormun/servlet/hlogin?0612694e195ade2a6c53c976c161420c,gx-no-cache=1488558964769 HTTP/1.1" 200 90
190.101.9.138 - - [03/Mar/2017:13:34:54 -0300] "GET /cormun/servlet/hpexe_link HTTP/1.1" 200 956
190.101.9.138 - - [03/Mar/2017:13:34:54 -0300] "GET /cormun/servlet/hhome HTTP/1.1" 200 3778
190.101.9.138 - - [03/Mar/2017:13:34:55 -0300] "GET /cormun/servlet/hhome HTTP/1.1" 200 3774
190.101.9.138 - - [03/Mar/2017:13:34:57 -0300] "GET /cormun/servlet/trpermisosgoce? HTTP/1.1" 200 7377
190.101.9.138 - - [03/Mar/2017:13:34:57 -0300] "GET /cormun/servlet/trpermisosgoce? HTTP/1.1" 200 7376
190.101.9.138 - - [03/Mar/2017:13:35:04 -0300] "GET /cormun/servlet/trpermisosadjuntos?16846409,20170303133341,P, HTTP/1.1" 200 6101
190.101.9.138 - - [03/Mar/2017:13:35:04 -0300] "GET /cormun/static/gxcfg.js?2016122813135853 HTTP/1.1" 200 953
190.101.9.138 - - [03/Mar/2017:13:35:04 -0300] "GET /cormun/static/trpermisosadjuntos.js?20161228131414 HTTP/1.1" 200 20048
192.168.10.89 - - [03/Mar/2017:13:35:04 -0300] "POST /cormun/servlet/trsolicitudgral?8d77e722c11e89ad51f0a89ccddea63b,gx-no-cache=1488551406039,gx-no-cache=1488562190339 HTTP/1.1" 440 972
190.101.9.138 - - [03/Mar/2017:13:35:04 -0300] "GET /cormun/servlet/trpermisosadjuntos?16846409,20170303133341,P, HTTP/1.1" 200 6102
192.168.10.89 - - [03/Mar/2017:13:35:07 -0300] "GET /cormun/servlet/trsolicitudgral?gx-no-cache=1488551406039 HTTP/1.1" 200 23649
192.168.10.89 - - [03/Mar/2017:13:35:09 -0300] "GET /cormun/servlet/hlogin HTTP/1.1" 200 1762
190.101.9.138 - - [03/Mar/2017:13:35:11 -0300] "GET /cormun/servlet/permisosadjuntos?INS,16846409,P,20170303133341,, HTTP/1.1" 200 5426
190.101.9.138 - - [03/Mar/2017:13:35:11 -0300] "GET /cormun/static/gxcfg.js?2016122813135788 HTTP/1.1" 200 953
190.101.9.138 - - [03/Mar/2017:13:35:11 -0300] "GET /cormun/static/about:blank HTTP/1.1" 404 1011
190.101.9.138 - - [03/Mar/2017:13:35:11 -0300] "GET /cormun/static/permisosadjuntos.js?2016122813135797 HTTP/1.1" 200 8721
190.101.9.138 - - [03/Mar/2017:13:35:11 -0300] "GET /cormun/servlet/permisosadjuntos?INS,16846409,P,20170303133341,, HTTP/1.1" 200 5416
186.103.156.211 - - [03/Mar/2017:13:35:13 -0300] "GET /cormun/servlet/trsolicitudot? HTTP/1.1" 200 8630
186.103.156.211 - - [03/Mar/2017:13:35:14 -0300] "GET /cormun/servlet/trsolicitudot? HTTP/1.1" 200 8624
192.168.10.89 - - [03/Mar/2017:13:35:17 -0300] "POST /cormun/servlet/hlogin?a6764846498ada7ec80288093a4cd4a7,gx-no-cache=1488562203195 HTTP/1.1" 200 90
192.168.10.89 - - [03/Mar/2017:13:35:17 -0300] "GET /cormun/servlet/hpexe_link HTTP/1.1" 200 985
192.168.10.89 - - [03/Mar/2017:13:35:20 -0300] "GET /cormun/servlet/trsolicitudgral?gx-no-cache=1488551406039 HTTP/1.1" 200 24774
186.103.156.211 - - [03/Mar/2017:13:35:22 -0300] "POST /cormun/servlet/trsolicitudot?e57826f31b56b854d36053a0b5fe2f2b,,gx-no-cache=1488558993231 HTTP/1.1" 200 5843
190.101.9.138 - - [03/Mar/2017:13:35:26 -0300] "POST /cormun/servlet/permisosadjuntos?0612694e195ade2a6c53c976c161420c,INS,16846409,P,20170303133341,, HTTP/1.1" 200 116
190.101.9.138 - - [03/Mar/2017:13:35:26 -0300] "GET /cormun/servlet/hpexe_return? HTTP/1.1" 200 1039
190.101.9.138 - - [03/Mar/2017:13:35:26 -0300] "GET /cormun/servlet/trpermisosadjuntos?16846409,20170303133341,P, HTTP/1.1" 200 6555
190.101.9.138 - - [03/Mar/2017:13:35:27 -0300] "GET /cormun/servlet/trpermisosadjuntos?16846409,20170303133341,P, HTTP/1.1" 200 6551
190.101.9.138 - - [03/Mar/2017:13:35:32 -0300] "GET /cormun/servlet/hhome HTTP/1.1" 200 3802
190.101.9.138 - - [03/Mar/2017:13:35:32 -0300] "GET /cormun/servlet/hhome HTTP/1.1" 200 3774
190.101.9.138 - - [03/Mar/2017:13:35:36 -0300] "GET /cormun/servlet/trpermisosgoce? HTTP/1.1" 200 7377
190.101.9.138 - - [03/Mar/2017:13:35:36 -0300] "GET /cormun/servlet/trpermisosgoce? HTTP/1.1" 200 7376
192.168.10.89 - - [03/Mar/2017:13:35:37 -0300] "GET /cormun/static/menuarrow.gif HTTP/1.1" 404 1015
186.103.156.211 - - [03/Mar/2017:13:35:37 -0300] "GET /cormun/servlet/trcontratounov2? HTTP/1.1" 200 14679
186.103.156.211 - - [03/Mar/2017:13:35:38 -0300] "GET /cormun/servlet/trcontratounov2? HTTP/1.1" 200 14675
190.101.9.138 - - [03/Mar/2017:13:35:46 -0300] "POST /cormun/servlet/trpermisosgoce?0612694e195ade2a6c53c976c161420c,,gx-no-cache=1488559016182 HTTP/1.1" 200 4684
192.168.10.89 - - [03/Mar/2017:13:35:46 -0300] "POST /cormun/servlet/trsolicitudgral?a6764846498ada7ec80288093a4cd4a7,gx-no-cache=1488551406039,gx-no-cache=1488562229963 HTTP/1.1" 200 22073
190.101.9.138 - - [03/Mar/2017:13:35:52 -0300] "POST /cormun/servlet/trpermisosgoce?0612694e195ade2a6c53c976c161420c,,gx-no-cache=1488559022391 HTTP/1.1" 200 4686
186.103.156.211 - - [03/Mar/2017:13:35:52 -0300] "GET /cormun/servlet/trsolicitudot? HTTP/1.1" 200 8630
186.103.156.211 - - [03/Mar/2017:13:35:53 -0300] "GET /cormun/servlet/trsolicitudot? HTTP/1.1" 200 8624
186.103.156.211 - - [03/Mar/2017:13:36:01 -0300] "GET /cormun/servlet/trcontratoobservaciondir? HTTP/1.1" 200 6168
186.103.156.211 - - [03/Mar/2017:13:36:01 -0300] "GET /cormun/servlet/trcontratoobservaciondir? HTTP/1.1" 200 6167
186.103.156.211 - - [03/Mar/2017:13:36:07 -0300] "POST /cormun/servlet/trcontratoobservaciondir?e57826f31b56b854d36053a0b5fe2f2b,,gx-no-cache=1488559038597 HTTP/1.1" 200 3808
186.103.156.211 - - [03/Mar/2017:13:36:09 -0300] "GET /cormun/servlet/trsolicitudot? HTTP/1.1" 200 8630
186.103.156.211 - - [03/Mar/2017:13:36:10 -0300] "GET /cormun/servlet/trsolicitudot? HTTP/1.1" 200 8624
186.103.159.188 - - [03/Mar/2017:13:36:13 -0300] "POST /cormun/servlet/trpermisosgoce?0612694e195ade2a6c53c976c161420c,,gx-no-cache=1488559043810 HTTP/1.1" 200 4685
186.103.159.188 - - [03/Mar/2017:13:36:14 -0300] "POST /cormun/servlet/trpermisosgoce?0612694e195ade2a6c53c976c161420c,,gx-no-cache=1488559045042 HTTP/1.1" 200 4685
186.103.159.188 - - [03/Mar/2017:13:36:16 -0300] "POST /cormun/servlet/trpermisosgoce?0612694e195ade2a6c53c976c161420c,,gx-no-cache=1488559045932 HTTP/1.1" 200 4686
192.168.10.89 - - [03/Mar/2017:13:36:28 -0300] "POST /cormun/servlet/trsolicitudgral?a6764846498ada7ec80288093a4cd4a7,gx-no-cache=1488551406039,gx-no-cache=1488562273600 HTTP/1.1" 200 11539
186.103.156.211 - - [03/Mar/2017:13:36:36 -0300] "POST /cormun/servlet/trsolicitudot?e57826f31b56b854d36053a0b5fe2f2b,,gx-no-cache=1488559067473 HTTP/1.1" 200 105
186.103.156.211 - - [03/Mar/2017:13:36:36 -0300] "GET /cormun/servlet/solicitudot?UPD,2017,5056, HTTP/1.1" 200 14474
186.103.156.211 - - [03/Mar/2017:13:36:37 -0300] "GET /cormun/servlet/solicitudot?UPD,2017,5056, HTTP/1.1" 200 14483
186.103.156.211 - - [03/Mar/2017:13:36:38 -0300] "POST /cormun/servlet/solicitudot?gx-no-cache=1488559069695 HTTP/1.1" 200 3182
186.103.156.211 - - [03/Mar/2017:13:36:39 -0300] "POST /cormun/servlet/solicitudot?e57826f31b56b854d36053a0b5fe2f2b,UPD,2017,5056,,gx-no-cache=1488559070232 HTTP/1.1" 200 11053
186.103.156.211 - - [03/Mar/2017:13:36:39 -0300] "GET /cormun/servlet/solicitudot?48ffcfd3a90bc9b99a0c0135d3fab59578dbcd48ce273b9e9c6e5094330d78a8f1fbd9576a4eaa359b69d3df5750f2d4,gx-no-cache=1488559071136 HTTP/1.1" 200 30
186.103.156.211 - - [03/Mar/2017:13:36:40 -0300] "POST /cormun/servlet/solicitudot?gx-no-cache=1488559071247 HTTP/1.1" 200 297
186.103.156.211 - - [03/Mar/2017:13:36:40 -0300] "GET /cormun/servlet/solicitudot?48ffcfd3a90bc9b99a0c0135d3fab59532c58bef294276bf4b0213c62b47bacf072ddce4140477c9283c6c5eb72ab0bb5e7d5f445e8df6d2259f81a4bd0c18fdb29915102931f1298ed5f6417fbdb25bf0dd98f19ab825f8c2aede035837ab83ed4787c009b7d52d2cdd60e431dbe171b170adb8478290aeab991da2e77c8c433b91283da59602810b20f1fb2b5d4e50c6e66026c94fedbab48bab05129639a65288081ef9754190be222c0f678bbc88cedaeb03034d6f4cb542e246aa3155847fc948f51ce95e0fb8c498e6d38d702558929cdb157daf6dcec339fbced268e78b0e37368798c8d6460fb35b72f866d3e8f97d4597cd4f7e63c147ca8d1220eceaf2c086a0ba3f59a76d9613adfb941af99a0da150766cdf232748f7f72035b9dc58ed3569c77c49004fc58cebd43e009ba70f39dc58c19d342e4847cc955ddff2016a2e91e37634a6bb81dc524d69b9f2b6ec63cecf1d8b9baaed5b2d3e2e5f5391119d6f8bbdc698423fe3b7d8ad9c2b4dc5ca9c61c8e1ea929d7cb4dece602a2f993804298aab83f1b688736cb14f,gx-no-cache=1488559071714 HTTP/1.1" 200 30
186.103.156.211 - - [03/Mar/2017:13:36:40 -0300] "POST /cormun/servlet/solicitudot?gx-no-cache=1488559072155 HTTP/1.1" 200 30
186.103.156.211 - - [03/Mar/2017:13:36:41 -0300] "POST /cormun/servlet/solicitudot?gx-no-cache=1488559072321 HTTP/1.1" 200 1287
186.103.156.211 - - [03/Mar/2017:13:36:41 -0300] "POST /cormun/servlet/solicitudot?gx-no-cache=1488559072589 HTTP/1.1" 200 41
201.236.56.215 - - [03/Mar/2017:13:37:08 -0300] "POST /cormun/servlet/solicitudot?gx-no-cache=1488559096755 HTTP/1.1" 200 30
201.236.56.215 - - [03/Mar/2017:13:37:08 -0300] "POST /cormun/servlet/solicitudot?gx-no-cache=1488559097140 HTTP/1.1" 200 235
201.236.56.215 - - [03/Mar/2017:13:37:09 -0300] "POST /cormun/servlet/solicitudot?gx-no-cache=1488559097471 HTTP/1.1" 200 38
201.236.56.215 - - [03/Mar/2017:13:37:19 -0300] "POST /cormun/servlet/solicitudot?gx-no-cache=1488559107744 HTTP/1.1" 200 30
201.236.56.215 - - [03/Mar/2017:13:37:19 -0300] "POST /cormun/servlet/solicitudot?gx-no-cache=1488559108017 HTTP/1.1" 200 656
201.236.56.215 - - [03/Mar/2017:13:37:19 -0300] "POST /cormun/servlet/solicitudot?gx-no-cache=1488559108198 HTTP/1.1" 200 38
201.236.56.215 - - [03/Mar/2017:13:37:36 -0300] "POST /cormun/servlet/solicitudot?gx-no-cache=1488559124608 HTTP/1.1" 200 298
201.236.56.215 - - [03/Mar/2017:13:37:39 -0300] "GET /cormun/servlet/solicitudot?7449f727fb36ccb5fa238cce8fa25a747da6480a4b7222eea33babb1d5c20e2760cfd7318457c2125aa7b7174ec8dd5e4d75295a12ab89ef1a98766758c490e5c85a9be9395f5aa6e90fcd7eccddb53110d82f359bb00b85157d81aba1d3bc7df900eb00c05c26db7185b8ea60eb45f39b715a5997248f5589a9327e86ac504cc04ae54cfdd1fee781a7b0d7e3d76ad7de3a33649cd1456c5580f1877970d90ca53758ced8545928cc164fbcaa89a43c59fc87b9dd5dd416e0ec47875d3bb431690f2a5512a6a82c1f67c54653d9aba80dda349b9fa98faf482c3a98eca1e68c03944feedc9068c77d836f5084725ccb0a15d1e5aa97b71ca35b14da28a9f6b73cc9ecb4c2d471acb6a5e2431e91e5d2108e3c2e078fca3a1366c0570f7c2f1af568bd266c2a0e74fb333fe6f6310dc2a78642d7c6dd3f03b18feb256760224f1852a5bcad15a5fe4a23b1df780ec594a58099da9eb381d29d50e3c745c4330a3404347c40bfdf2257a81919601ace61d5059b51dc9b726a9c164090eb45f5837a03dc2b986297f82d2ae1c52bc4188a,gx-no-cache=1488559127851 HTTP/1.1" 200 30
201.236.56.215 - - [03/Mar/2017:13:37:55 -0300] "POST /cormun/servlet/solicitudot?gx-no-cache=1488559143787 HTTP/1.1" 200 30
201.236.56.215 - - [03/Mar/2017:13:38:05 -0300] "GET /cormun/servlet/prfichaempleado?,MD,,gxPopupLevel%3D0%3B HTTP/1.1" 200 8817
201.236.56.215 - - [03/Mar/2017:13:38:18 -0300] "POST /cormun/servlet/prfichaempleado?8c8eafab1c8c977af193c2a795c07304,,MD,,gxPopupLevel%3D0%3B,gx-no-cache=1488559166204 HTTP/1.1" 200 3410
201.236.56.215 - - [03/Mar/2017:13:38:25 -0300] "POST /cormun/servlet/solicitudot?gx-no-cache=1488559173926 HTTP/1.1" 200 1291
201.236.56.215 - - [03/Mar/2017:13:38:28 -0300] "GET /cormun/static/menuarrow.gif HTTP/1.1" 404 1015
201.236.56.215 - - [03/Mar/2017:13:38:39 -0300] "POST /cormun/servlet/solicitudot?gx-no-cache=1488559187864 HTTP/1.1" 200 118
186.103.156.211 - - [03/Mar/2017:13:38:58 -0300] "POST /cormun/servlet/solicitudot?gx-no-cache=1488559209504 HTTP/1.1" 200 297
186.103.156.211 - - [03/Mar/2017:13:38:58 -0300] "GET /cormun/servlet/solicitudot?48ffcfd3a90bc9b99a0c0135d3fab59532c58bef294276bf4b0213c62b47bacf072ddce4140477c9283c6c5eb72ab0bb5e7d5f445e8df6d2259f81a4bd0c18fdb29915102931f1298ed5f6417fbdb25bf0dd98f19ab825f8c2aede035837ab83ed4787c009b7d52d2cdd60e431dbe171b170adb8478290aeab991da2e77c8c433b91283da59602810b20f1fb2b5d4e50c6e66026c94fedbab48bab05129639a65288081ef9754190be222c0f678bbc88cedaeb03034d6f4cb542e246aa3155847fc948f51ce95e0fb8c498e6d38d702558929cdb157daf6dcec339fbced268e78b0e37368798c8d6460fb35b72f866d3e8f97d4597cd4f7e63c147ca8d1220eceaf2c086a0ba3f59a76d9613adfb941af99a0da150766cdf232748f7f72035b9dc58ed3569c77c49004fc58cebd43e009ba70f39dc58c19d342e4847cc955ddff2016a2e91e37634a6bb81dc524d69b9f2b6ec63cecf1d8b9baaed5b2d3e2e5f5391119d6f8bbdc698423fe3b7d8ad9c2b4dc5ca9c61c8e1ea929d7cb4dece602a2f993804298aab83f1b688736cb14f,gx-no-cache=1488559209750 HTTP/1.1" 200 30
186.103.156.211 - - [03/Mar/2017:13:39:07 -0300] "POST /cormun/servlet/solicitudot?gx-no-cache=1488559218773 HTTP/1.1" 200 30
186.103.156.211 - - [03/Mar/2017:13:39:07 -0300] "POST /cormun/servlet/solicitudot?gx-no-cache=1488559218906 HTTP/1.1" 200 1287
186.103.156.211 - - [03/Mar/2017:13:39:07 -0300] "POST /cormun/servlet/solicitudot?gx-no-cache=1488559219169 HTTP/1.1" 200 41
186.103.156.211 - - [03/Mar/2017:13:39:44 -0300] "GET /cormun/servlet/solicitudot?48ffcfd3a90bc9b99a0c0135d3fab595411026dda281adca94db3019bb966d4e0515c2c938e7be6654cdd1f09ae028fd46b1be230f1882d8da50c27277bc7e593c212be142a8c0d744d36d22d1d8f5ca214cafad7fc1ffa3bcd980acede8785a6a1a462097d3a1285fa041345acc6b12,gx-no-cache=1488559255573 HTTP/1.1" 200 29
186.103.156.211 - - [03/Mar/2017:13:39:44 -0300] "POST /cormun/servlet/solicitudot?gx-no-cache=1488559255734 HTTP/1.1" 200 1275
186.103.156.211 - - [03/Mar/2017:13:39:53 -0300] "POST /cormun/servlet/solicitudot?gx-no-cache=1488559264633 HTTP/1.1" 200 1158
186.103.156.211 - - [03/Mar/2017:13:39:53 -0300] "GET /cormun/servlet/solicitudot?48ffcfd3a90bc9b99a0c0135d3fab59592dd0943e05dec217cb80dc06cb5d6332981cadad8f62e09ea9689225abdb847936030af4181400c6b8a0d5e19088afbea4c7c43da3edfbe5b1d89e7102fbe35b340431f9ac3006d5d85ca60d47196ae4a06e2b1c07459cfcdeab775ab82040d935e7d44bfae2a2f069fd5a0902416fe0df5119a1e243299165b4b066bbb6bfa2b376e33def7099b372e462397f1832bb60005910dbfb1a55d0d91e25e2cb12e,gx-no-cache=1488559264767 HTTP/1.1" 200 30
201.236.56.215 - - [03/Mar/2017:13:40:01 -0300] "POST /cormun/servlet/solicitudot?gx-no-cache=1488559270165 HTTP/1.1" 200 118
186.103.156.211 - - [03/Mar/2017:13:40:22 -0300] "POST /cormun/servlet/solicitudot?e57826f31b56b854d36053a0b5fe2f2b,UPD,2017,5056,,gx-no-cache=1488559293924 HTTP/1.1" 200 93
186.103.156.211 - - [03/Mar/2017:13:40:23 -0300] "GET /cormun/servlet/hpexe_return? HTTP/1.1" 200 1014
186.103.156.211 - - [03/Mar/2017:13:40:23 -0300] "GET /cormun/servlet/trsolicitudot HTTP/1.1" 200 8620
186.103.156.211 - - [03/Mar/2017:13:40:24 -0300] "GET /cormun/servlet/trsolicitudot HTTP/1.1" 200 8616
186.103.156.211 - - [03/Mar/2017:13:41:30 -0300] "GET /cormun/servlet/trsolicitudot? HTTP/1.1" 200 8616
186.103.156.211 - - [03/Mar/2017:13:41:31 -0300] "GET /cormun/servlet/trsolicitudot? HTTP/1.1" 200 8616
186.103.156.211 - - [03/Mar/2017:13:41:53 -0300] "POST /cormun/servlet/trsolicitudot?e57826f31b56b854d36053a0b5fe2f2b,,gx-no-cache=1488559384608 HTTP/1.1" 200 5831
186.103.156.211 - - [03/Mar/2017:13:42:09 -0300] "GET /cormun/servlet/treventos?2017,5056, HTTP/1.1" 200 6039
186.103.156.211 - - [03/Mar/2017:13:42:09 -0300] "GET /cormun/static/gxcfg.js?2016101716195975 HTTP/1.1" 200 953
186.103.156.211 - - [03/Mar/2017:13:42:09 -0300] "GET /cormun/static/treventos.js?201610171620222 HTTP/1.1" 200 16055
186.103.156.211 - - [03/Mar/2017:13:42:09 -0300] "GET /cormun/servlet/treventos?2017,5056, HTTP/1.1" 200 6038
186.103.156.211 - - [03/Mar/2017:13:42:14 -0300] "GET /cormun/servlet/trsolicitudot? HTTP/1.1" 200 8616
186.103.156.211 - - [03/Mar/2017:13:42:14 -0300] "GET /cormun/servlet/trsolicitudot? HTTP/1.1" 200 8616
186.103.156.211 - - [03/Mar/2017:13:42:22 -0300] "GET /cormun/servlet/trsolicitudot? HTTP/1.1" 200 8616
186.103.156.211 - - [03/Mar/2017:13:42:22 -0300] "GET /cormun/servlet/trsolicitudot? HTTP/1.1" 200 8616
186.103.156.211 - - [03/Mar/2017:13:42:46 -0300] "GET /cormun/servlet/trsolicitudot? HTTP/1.1" 200 8616
186.103.156.211 - - [03/Mar/2017:13:42:47 -0300] "GET /cormun/servlet/trsolicitudot? HTTP/1.1" 200 8616
186.103.156.211 - - [03/Mar/2017:13:42:55 -0300] "GET /cormun/servlet/solicitudot?INS,0,0, HTTP/1.1" 200 12778
186.103.156.211 - - [03/Mar/2017:13:42:56 -0300] "GET /cormun/servlet/solicitudot?INS,0,0, HTTP/1.1" 200 12783
186.103.156.211 - - [03/Mar/2017:13:43:17 -0300] "POST /cormun/servlet/solicitudot?gx-no-cache=1488559468295 HTTP/1.1" 200 3177
186.103.156.211 - - [03/Mar/2017:13:43:17 -0300] "POST /cormun/servlet/solicitudot?e57826f31b56b854d36053a0b5fe2f2b,INS,0,0,,gx-no-cache=1488559468680 HTTP/1.1" 200 9969
186.103.156.211 - - [03/Mar/2017:13:43:41 -0300] "GET /cormun/servlet/solicitudot?48ffcfd3a90bc9b99a0c0135d3fab5950a6523e6a4bdfd26cb71b3a301d8522b34ddb6109a410016eb01da599b6b996e,gx-no-cache=1488559492948 HTTP/1.1" 200 30
192.168.10.96 - - [03/Mar/2017:13:43:45 -0300] "GET /cormun/servlet/hlogin HTTP/1.1" 200 1739
192.168.10.96 - - [03/Mar/2017:13:43:45 -0300] "GET /cormun/static/gxcfg.js?201612216162538 HTTP/1.1" 304 -
192.168.10.96 - - [03/Mar/2017:13:43:51 -0300] "POST /cormun/servlet/hlogin?4b76d74cb10e45dcfa9f7b72c75b16b8,gx-no-cache=1488562716974 HTTP/1.1" 200 90
192.168.10.96 - - [03/Mar/2017:13:43:51 -0300] "GET /cormun/servlet/hpexe_link HTTP/1.1" 200 956
192.168.10.96 - - [03/Mar/2017:13:43:51 -0300] "GET /cormun/servlet/hhome HTTP/1.1" 200 4115
192.168.10.96 - - [03/Mar/2017:13:43:52 -0300] "GET /cormun/servlet/hhome HTTP/1.1" 200 4112
186.103.156.211 - - [03/Mar/2017:13:43:56 -0300] "POST /cormun/servlet/solicitudot?gx-no-cache=1488559507775 HTTP/1.1" 200 297
