186.103.159.183 - - [03/Mar/2017:14:23:54 -0300] "POST /cormun/servlet/solicitudot?d1c63b169230d872ee14e0c65238c719,INS,0,0,,gx-no-cache=1488561905482 HTTP/1.1" 200 93
186.103.159.183 - - [03/Mar/2017:14:23:54 -0300] "GET /cormun/servlet/hpexe_return? HTTP/1.1" 200 1006
186.103.159.183 - - [03/Mar/2017:14:23:54 -0300] "GET /cormun/static/gxcfg.js?2016101716175148 HTTP/1.1" 200 953
186.103.159.183 - - [03/Mar/2017:14:23:54 -0300] "GET /cormun/static/hpexe_return.js?2016101716175153 HTTP/1.1" 200 1633
186.103.159.183 - - [03/Mar/2017:14:23:54 -0300] "GET /cormun/servlet/trsolicitudot HTTP/1.1" 200 8263
186.103.159.183 - - [03/Mar/2017:14:23:56 -0300] "GET /cormun//static/Resources/PXToolsGridDelete.png HTTP/1.1" 200 357
186.103.159.183 - - [03/Mar/2017:14:23:56 -0300] "GET /cormun//static/Resources/PXToolsRemoveAllAction.png HTTP/1.1" 200 3558
186.103.159.183 - - [03/Mar/2017:14:23:56 -0300] "GET /cormun//static/Resources/PXToolsActionView.png HTTP/1.1" 200 2995
186.103.159.183 - - [03/Mar/2017:14:23:56 -0300] "GET /cormun//static/Resources/PXToolsGridUpdate.png HTTP/1.1" 200 2984
186.103.159.183 - - [03/Mar/2017:14:23:56 -0300] "GET /cormun//static/Resources/PXTools/ActionInsert.png HTTP/1.1" 200 1482
186.103.159.183 - - [03/Mar/2017:14:23:56 -0300] "GET /cormun/servlet/trsolicitudot HTTP/1.1" 200 8259
200.112.48.82 - - [03/Mar/2017:14:23:58 -0300] "GET /cormun/servlet/solicitudot?7449f727fb36ccb5fa238cce8fa25a748fe439cb59def09611b6c452422146de3ac46396d603b95f6a40f80933f163b62ffd3f78276dd435d089a818bbdd93ea0ab96e1ad2a10279467aac484a239d419d74f2e2f072344f8ee7d77e75149677f0dce66b95a6d13ba9cf727e5f96becfaa6f386718c6cc8b53d2fb23bc374ca2f8346b182e85fecc8c3c76e66a127fc03fa79004f9bf5786bf7710c1250c0b53,gx-no-cache=1488561907379 HTTP/1.1" 200 29
186.103.159.183 - - [03/Mar/2017:14:23:58 -0300] "GET /cormun/servlet/solicitudot?INS,0,0, HTTP/1.1" 200 12786
200.112.48.82 - - [03/Mar/2017:14:23:59 -0300] "POST /cormun/servlet/solicitudot?gx-no-cache=1488561907477 HTTP/1.1" 200 1274
200.112.48.82 - - [03/Mar/2017:14:23:59 -0300] "POST /cormun/servlet/solicitudot?gx-no-cache=1488561907676 HTTP/1.1" 200 1156
200.112.48.82 - - [03/Mar/2017:14:23:59 -0300] "GET /cormun/static/menuarrow.gif HTTP/1.1" 404 1015
186.103.159.183 - - [03/Mar/2017:14:24:00 -0300] "GET /cormun/servlet/solicitudot?INS,0,0, HTTP/1.1" 200 12791
200.112.48.82 - - [03/Mar/2017:14:24:01 -0300] "POST /cormun/servlet/solicitudot?gx-no-cache=1488561909679 HTTP/1.1" 200 1274
200.112.48.82 - - [03/Mar/2017:14:24:01 -0300] "POST /cormun/servlet/solicitudot?gx-no-cache=1488561909885 HTTP/1.1" 200 1156
200.112.48.82 - - [03/Mar/2017:14:24:09 -0300] "GET /cormun/servlet/solicitudot?7449f727fb36ccb5fa238cce8fa25a7465894501fbd8190331ec18149b0c87152fd8912f3b05e80df1a33c50e45cfe17e5c6358740bf41419a892d1fd45af4e1ed40ffc47e810b0133033d28ecd5882f530b97702cddf08fa68462aa9283debfc3c40f15e2f505001244ba6e46701578d0aef6e5a415590469040ea68bf898dcba5ad3186898137ec6e20a1443e5e955bd4f9c2f51dd6b2e7b0489a42fc8e6db4c033f4cc232871a29099463b15fff2c,gx-no-cache=1488561918029 HTTP/1.1" 200 30
186.103.159.183 - - [03/Mar/2017:14:24:16 -0300] "POST /cormun/servlet/solicitudot?gx-no-cache=1488561928495 HTTP/1.1" 200 3174
186.103.159.183 - - [03/Mar/2017:14:24:17 -0300] "POST /cormun/servlet/solicitudot?d1c63b169230d872ee14e0c65238c719,INS,0,0,,gx-no-cache=1488561928786 HTTP/1.1" 200 9930
186.103.159.183 - - [03/Mar/2017:14:24:21 -0300] "GET /cormun/servlet/solicitudot?7dcba834944f7b35fa46d0b2b4b53efa778432bc02f31484a8ca97e9fbc46513fa6ca078e365ff19e8686a04d16a506e,gx-no-cache=1488561933079 HTTP/1.1" 200 30
186.103.159.183 - - [03/Mar/2017:14:24:21 -0300] "POST /cormun/servlet/solicitudot?gx-no-cache=1488561933173 HTTP/1.1" 200 240
186.103.159.183 - - [03/Mar/2017:14:24:21 -0300] "GET /cormun/servlet/solicitudot?7dcba834944f7b35fa46d0b2b4b53efa4fd2666cfa4eb6313b270c79b8455a099c3271a0644d1d9e992b91f98f14d5a0e05dc91107b232fc7d35ba1f51e63e79df209f684231f294dc96b4cec30dded05849c99b5812b0890c59b6e54832890457a129c595b202f0a2a410d75a20033307e092a9b42270251031e1354cf99b5cdeaaad6ea499223a5e54e2314222fdef2f26cf3713e425a9bf4cf49630a89e563af681c06874ca63fcdfcf370709a115d4cf05f89c380dbcc1096ca079c5cc74bc91e1dc448548c232d219481a54c422ce6df97d6aefe84d94862f87a36cf89d2b2b22b5c35287cc8e0c06e4d38a7a9a51f5dbef7eb2dd93fb2dcac4b685901f79d64c8be9b5daf096cf8fb69cbf05d51776d503ce879b5181836a221aa468feadfbd0df89c40c846bdc2f5beaff60e4f950394d52ab848ffa7cfc1b48fcc43f803d11ff1ec40140b02efaab4ada8941ade768b5dc733fa9e69fe645d393f0bad63c716c073ed1682c2c1dcfbd6aa5a28f1c8ddcf537abf560c9b13bc912bdb3,gx-no-cache=1488561933231 HTTP/1.1" 200 30
186.103.159.183 - - [03/Mar/2017:14:24:21 -0300] "POST /cormun/servlet/solicitudot?gx-no-cache=1488561933273 HTTP/1.1" 200 30
186.103.159.183 - - [03/Mar/2017:14:24:21 -0300] "POST /cormun/servlet/solicitudot?gx-no-cache=1488561933319 HTTP/1.1" 200 235
186.103.159.183 - - [03/Mar/2017:14:24:21 -0300] "POST /cormun/servlet/solicitudot?gx-no-cache=1488561933479 HTTP/1.1" 200 38
200.112.48.82 - - [03/Mar/2017:14:24:26 -0300] "POST /cormun/servlet/solicitudot?8c8eafab1c8c977af193c2a795c07304,INS,0,0,,gx-no-cache=1488561934755 HTTP/1.1" 200 93
200.112.48.82 - - [03/Mar/2017:14:24:26 -0300] "GET /cormun/servlet/hpexe_return? HTTP/1.1" 200 1004
200.112.48.82 - - [03/Mar/2017:14:24:27 -0300] "GET /cormun/servlet/trsolicitudot HTTP/1.1" 200 7882
200.112.48.82 - - [03/Mar/2017:14:24:27 -0300] "GET /cormun/servlet/trsolicitudot HTTP/1.1" 200 7878
186.103.159.183 - - [03/Mar/2017:14:24:51 -0300] "POST /cormun/servlet/solicitudot?gx-no-cache=1488561962692 HTTP/1.1" 200 30
186.103.159.183 - - [03/Mar/2017:14:24:53 -0300] "GET /cormun/servlet/prcontratosol?17651152,,,,,MD,,gxPopupLevel%3D0%3B HTTP/1.1" 200 5621
186.103.159.183 - - [03/Mar/2017:14:24:56 -0300] "POST /cormun/servlet/solicitudot?gx-no-cache=1488561967830 HTTP/1.1" 200 728
186.103.159.183 - - [03/Mar/2017:14:24:56 -0300] "GET /cormun/static/Shared/jqueryui/images/ui-bg_highlight-soft_100_c6c2c8_1x100.png HTTP/1.1" 404 1117
186.103.159.183 - - [03/Mar/2017:14:24:56 -0300] "GET /cormun/static/Shared/jqueryui/images/ui-icons_82798d_256x240.png HTTP/1.1" 404 1089
186.103.159.183 - - [03/Mar/2017:14:24:56 -0300] "GET /cormun/static/Shared/jqueryui/images/ui-bg_flat_55_994d53_40x100.png HTTP/1.1" 404 1097
186.103.159.183 - - [03/Mar/2017:14:24:56 -0300] "GET /cormun/static/Shared/jqueryui/images/ui-icons_ebccce_256x240.png HTTP/1.1" 404 1089
186.103.159.183 - - [03/Mar/2017:14:24:56 -0300] "POST /cormun/servlet/solicitudot?gx-no-cache=1488561968026 HTTP/1.1" 200 117
186.103.159.183 - - [03/Mar/2017:14:24:56 -0300] "GET /cormun/servlet/solicitudot?7dcba834944f7b35fa46d0b2b4b53efa93336c2dcd420a9fe88fb52e0cb36bb9fa0971b744d3c298838300129da500052a3c2b38ec205b97197152f2505e4f5124133bf5763be93abbc2e52d2e995d317b2e8b32239339ff2becc14e6182dcc42536f8d5704a67e0a8da8ec63a0dcea1fe9cc8d15e67a969119adf594c395b85823bac7a588f564b8554cf6d8f0ae707cf59e6300b1138e3d9dd1368b952ae47,gx-no-cache=1488561968110 HTTP/1.1" 200 29
186.103.159.183 - - [03/Mar/2017:14:24:56 -0300] "POST /cormun/servlet/solicitudot?gx-no-cache=1488561968145 HTTP/1.1" 200 643
186.103.159.183 - - [03/Mar/2017:14:24:56 -0300] "POST /cormun/servlet/solicitudot?gx-no-cache=1488561968197 HTTP/1.1" 200 518
200.86.95.220 - - [03/Mar/2017:14:25:24 -0300] "GET /cormun/servlet/solicitudot?INS,0,0, HTTP/1.1" 200 12558
200.86.95.220 - - [03/Mar/2017:14:25:26 -0300] "GET /cormun/servlet/solicitudot?INS,0,0, HTTP/1.1" 200 12563
200.83.57.219 - - [03/Mar/2017:14:25:28 -0300] "GET /cormun/servlet/trsolicitudot? HTTP/1.1" 200 9146
200.83.57.219 - - [03/Mar/2017:14:25:29 -0300] "GET /cormun/servlet/trsolicitudot? HTTP/1.1" 200 9140
200.86.95.220 - - [03/Mar/2017:14:25:35 -0300] "POST /cormun/servlet/solicitudot?gx-no-cache=1488562004928 HTTP/1.1" 200 3081
200.86.95.220 - - [03/Mar/2017:14:25:35 -0300] "POST /cormun/servlet/solicitudot?481fdca60454d1ba5ecee3339b6e4a03,INS,0,0,,gx-no-cache=1488562005152 HTTP/1.1" 200 9676
200.86.95.220 - - [03/Mar/2017:14:25:38 -0300] "GET /cormun/servlet/solicitudot?1de764369c41ca6fd48f0651421ca9d2d652bca3f82aa3cb17f851f2bd0f77cd271be692dad05ed4661424fa9ca51597,gx-no-cache=1488562008701 HTTP/1.1" 200 30
200.83.57.219 - - [03/Mar/2017:14:25:43 -0300] "GET /cormun/servlet/trsolicitudot? HTTP/1.1" 200 9140
200.83.57.219 - - [03/Mar/2017:14:25:44 -0300] "GET /cormun/servlet/trsolicitudot? HTTP/1.1" 200 9140
200.83.57.219 - - [03/Mar/2017:14:25:46 -0300] "POST /cormun/servlet/trsolicitudot?9d8b09e5213c5446ef277da292424f67,,gx-no-cache=1488562019533 HTTP/1.1" 200 103
200.83.57.219 - - [03/Mar/2017:14:25:46 -0300] "POST /cormun/servlet/trsolicitudot?9d8b09e5213c5446ef277da292424f67,,gx-no-cache=1488562019726 HTTP/1.1" 200 6200
200.83.57.219 - - [03/Mar/2017:14:25:47 -0300] "GET /cormun/SolicitudOT-4391.xls HTTP/1.1" 200 6144
200.83.57.219 - - [03/Mar/2017:14:25:49 -0300] "GET /cormun/servlet/solicitudot?INS,0,0, HTTP/1.1" 200 12904
200.83.57.219 - - [03/Mar/2017:14:25:49 -0300] "GET /cormun/servlet/solicitudot?INS,0,0, HTTP/1.1" 200 12909
200.83.57.219 - - [03/Mar/2017:14:26:01 -0300] "POST /cormun/servlet/solicitudot?gx-no-cache=1488562034350 HTTP/1.1" 200 3209
200.83.57.219 - - [03/Mar/2017:14:26:01 -0300] "GET /cormun/static/Shared/jqueryui/images/ui-bg_highlight-soft_100_c6c2c8_1x100.png HTTP/1.1" 404 1117
200.83.57.219 - - [03/Mar/2017:14:26:01 -0300] "GET /cormun/static/Shared/jqueryui/images/ui-icons_82798d_256x240.png HTTP/1.1" 404 1089
200.83.57.219 - - [03/Mar/2017:14:26:01 -0300] "GET /cormun/static/Shared/jqueryui/images/ui-icons_ebccce_256x240.png HTTP/1.1" 404 1089
200.83.57.219 - - [03/Mar/2017:14:26:01 -0300] "GET /cormun/static/Shared/jqueryui/images/ui-bg_flat_55_994d53_40x100.png HTTP/1.1" 404 1097
200.83.57.219 - - [03/Mar/2017:14:26:01 -0300] "GET /cormun/servlet/solicitudot?e67578ce4a227f55b374fcc8c6e24c5b90930f2b82d473afb46de4a53144d19f9fdbbba68056242316337f27651abb49,gx-no-cache=1488562034729 HTTP/1.1" 200 111
200.83.57.219 - - [03/Mar/2017:14:26:06 -0300] "GET /cormun/servlet/solicitudot?e67578ce4a227f55b374fcc8c6e24c5bebe2445e4e8a8265205a479b116bd8db41d811516c931f9dd622337aa4881f71,gx-no-cache=1488562039762 HTTP/1.1" 200 30
192.168.10.89 - - [03/Mar/2017:14:26:13 -0300] "GET /cormunbeta/servlet/hlogin HTTP/1.1" 200 1724
192.168.10.89 - - [03/Mar/2017:14:26:20 -0300] "GET /cormun/servlet/hlogin HTTP/1.1" 200 1718
192.168.10.89 - - [03/Mar/2017:14:26:27 -0300] "POST /cormun/servlet/hlogin?a8ea2f496d2a1cd6e3e0ac8e76d3421c,gx-no-cache=1488565272983 HTTP/1.1" 200 90
192.168.10.89 - - [03/Mar/2017:14:26:27 -0300] "GET /cormun/servlet/hpexe_link HTTP/1.1" 200 952
192.168.10.89 - - [03/Mar/2017:14:26:27 -0300] "GET /cormun/servlet/hhome HTTP/1.1" 200 4385
186.103.159.183 - - [03/Mar/2017:14:26:30 -0300] "GET /cormun/servlet/trautorizarsolicitud? HTTP/1.1" 200 6918
186.103.159.183 - - [03/Mar/2017:14:26:30 -0300] "GET /cormun/static/gxcfg.js?2017259112829 HTTP/1.1" 200 953
186.103.159.183 - - [03/Mar/2017:14:26:30 -0300] "GET /cormun/static/trautorizarsolicitud.js?2017259113483 HTTP/1.1" 200 53096
186.103.159.183 - - [03/Mar/2017:14:26:32 -0300] "GET /cormun/servlet/trautorizarsolicitud? HTTP/1.1" 200 6912
192.168.10.89 - - [03/Mar/2017:14:26:34 -0300] "GET /cormun/servlet/trsolicitudgral? HTTP/1.1" 200 24803
186.103.159.183 - - [03/Mar/2017:14:26:38 -0300] "GET /cormun/servlet/trsolicitudot? HTTP/1.1" 200 8259
186.103.159.183 - - [03/Mar/2017:14:26:40 -0300] "GET /cormun/servlet/trsolicitudot? HTTP/1.1" 200 8259
192.168.10.89 - - [03/Mar/2017:14:26:42 -0300] "GET /cormun/static/menuarrow.gif HTTP/1.1" 404 1015
192.168.10.89 - - [03/Mar/2017:14:26:56 -0300] "POST /cormun/servlet/trsolicitudgral?a8ea2f496d2a1cd6e3e0ac8e76d3421c,,gx-no-cache=1488565301854 HTTP/1.1" 200 6674
200.86.95.220 - - [03/Mar/2017:14:27:00 -0300] "POST /cormun/servlet/solicitudot?gx-no-cache=1488562090108 HTTP/1.1" 200 297
200.86.95.220 - - [03/Mar/2017:14:27:00 -0300] "GET /cormun/servlet/solicitudot?1de764369c41ca6fd48f0651421ca9d2660f98a17f1feaa888b03b3516e62fd38a66ee2d2b412173e8e6b35730b7cb2f3fb3ad814479f6e904788c8962fd23bb7f153447586e414ca5e483d1b5a5277713608dea9b779f7419d98281f95f8f918d6ccc10fd4a2f08192f443d8ee1578179f0aff08ce13c71a4bde7ebb1bf831ac18153c66054af7e463afb98eb09d5dd4d1c201ef28ad54fe7bf7dc04523d145652d0c8dc48a6ead2b904c58b2fc66fb710da9dd5c0f5d054daf8405ff9cb44c356fec4c6f2033a8f2cdd1e00ab678098b2956a359b7d25c23b5c643a2106cfcaebbcb1f9e0f46b95600d80245e27f33d2e19d96f9f698d8ab2950e9930543b562cd4308dfab23f68c76cfefe947d2458feefb1d28b9b7e6ce9d530c806b8ca36dbad6f7cf28f1566d597b4ec9847925e512c3d4bc32b157482773728dda658dcf521114925345a11b6e995897d0cc258c13521ffc6a8193165879412924167fbc031160883e40ec8159093e8c7a74806e6326f3db3cbecf93fc0a92ac08be7d9f4da4062e859d4e1e9868fccfe7900b,gx-no-cache=1488562090246 HTTP/1.1" 200 30
200.86.95.220 - - [03/Mar/2017:14:27:02 -0300] "POST /cormun/servlet/solicitudot?gx-no-cache=1488562091946 HTTP/1.1" 200 30
200.86.95.220 - - [03/Mar/2017:14:27:03 -0300] "POST /cormun/servlet/solicitudot?gx-no-cache=1488562093797 HTTP/1.1" 200 235
200.86.95.220 - - [03/Mar/2017:14:27:04 -0300] "POST /cormun/servlet/solicitudot?gx-no-cache=1488562093924 HTTP/1.1" 200 38
200.83.57.219 - - [03/Mar/2017:14:27:07 -0300] "GET /cormun/servlet/solicitudot?e67578ce4a227f55b374fcc8c6e24c5bd0dfba7852f91de88b368d38c50ebd235c19e5a44fdd9dace0a5004baa0213a5f2bc8084bc9149c81c3094d324578e893aca69595829180c2cc97b2c8f0ab7906377091b895720c36a43a56c3a0e778f56ab4f12e936e28ac4f272fecf36dde774a19cc07563927bff74b6cba2d3d38b204fe6a0fba782f1659c0da0c4a88fc05b32f49f4f97519d68a0128b4e5fe1b2d1007a189759db521f1ea3a32e91fc66f526ed54937ceac12ad8175ec31be5df14d948d58945da5135b6adc39dcfb8054b043688be43fc8551dce170fdc263a8036b35c7baf56b3c687bcbae1fb8deed588994a78e6f823e55de58a8c90d124e7af151bf9285e58c8c81fc89d2f2a0b30d3b8f8f230022d68cf072c202e43c5473095a6ef0484dad3d78f71722bb64129a49dba0ff518637bfd6ea04fc69545b2acdff88c7ee70f6b24c5020d7282cd8,gx-no-cache=1488562100347 HTTP/1.1" 200 256
200.83.57.219 - - [03/Mar/2017:14:27:09 -0300] "GET /cormun/servlet/solicitudot?e67578ce4a227f55b374fcc8c6e24c5bef8faa4500736c133f512200920ebc45fabbf115fe84301bd6ebd15d23a7faa40fe2ecf017c558517800d8d852f37808310ff90ac53f3427bb675e0aa0e970545aee79691c69d8761a19fa9ffc3d7ea5b940cd988a181bcd3bee6489659541dc9ecedee2c7a2db556d6bd92473134eb43a83997736f77f7c56cdd176b4b292d55ee8236895aa824cce9aaa5a456d6c7b5ba8d613cb8dcf8e7d06758e8ab3850c54b47149ac162e2db254a4b86bd12f206d5077cafecbacf8137021f6b52c309e2acbcda8d1c38460661c693bd57211296cb92a84b8f62b0672a6ca960fc2c89f60b362b2d24bd3c34f3ac586d1047e6e8ed293b2b12e1542c7e8e8d1a22198093d727ce703734481f5692dd92b6b69fb6d4fb9b5ebb394b64a46e7db3078efc777de9f544d82f446538da682cbded5e0119d22c9ad230ba57b8f9a3bb3a604b54ed30f0c3bd6d46b4a3ba9acdf46329b44a3f461dd227ec0766a4663e473e7a0eefa18264c4e959cc1b8a44b0d528002,gx-no-cache=1488562102506 HTTP/1.1" 200 30
200.83.57.219 - - [03/Mar/2017:14:27:11 -0300] "POST /cormun/servlet/solicitudot?gx-no-cache=1488562104090 HTTP/1.1" 200 30
200.83.57.219 - - [03/Mar/2017:14:27:16 -0300] "POST /cormun/servlet/solicitudot?gx-no-cache=1488562109494 HTTP/1.1" 200 235
200.83.57.219 - - [03/Mar/2017:14:27:16 -0300] "POST /cormun/servlet/solicitudot?gx-no-cache=1488562109576 HTTP/1.1" 200 38
186.103.156.211 - - [03/Mar/2017:14:27:27 -0300] "POST /cormun/servlet/solicitudot?e57826f31b56b854d36053a0b5fe2f2b,INS,0,0,,gx-no-cache=1488562118123 HTTP/1.1" 200 93
186.103.156.211 - - [03/Mar/2017:14:27:27 -0300] "GET /cormun/servlet/hpexe_return? HTTP/1.1" 200 1008
186.103.156.211 - - [03/Mar/2017:14:27:27 -0300] "GET /cormun/servlet/trsolicitudot HTTP/1.1" 200 9594
200.83.57.219 - - [03/Mar/2017:14:27:27 -0300] "GET /cormun/servlet/solicitudot?e67578ce4a227f55b374fcc8c6e24c5b4491c0705e45d1b9ff76d064405317ff588994a78e6f823e55de58a8c90d124e7af151bf9285e58c8c81fc89d2f2a0b300ce46e520a4acfe9c0e6ee30764b34f,gx-no-cache=1488562120797 HTTP/1.1" 200 29
200.83.57.219 - - [03/Mar/2017:14:27:28 -0300] "POST /cormun/servlet/solicitudot?gx-no-cache=1488562120846 HTTP/1.1" 200 643
186.103.156.211 - - [03/Mar/2017:14:27:28 -0300] "GET /cormun/servlet/trsolicitudot HTTP/1.1" 200 9590
200.83.57.219 - - [03/Mar/2017:14:27:29 -0300] "POST /cormun/servlet/solicitudot?gx-no-cache=1488562122130 HTTP/1.1" 200 1157
186.103.159.183 - - [03/Mar/2017:14:27:31 -0300] "POST /cormun/servlet/trsolicitudot?d1c63b169230d872ee14e0c65238c719,,gx-no-cache=1488562122816 HTTP/1.1" 200 4357
186.103.159.183 - - [03/Mar/2017:14:27:31 -0300] "GET /cormun/static/Shared/jqueryui/images/ui-bg_highlight-soft_100_c6c2c8_1x100.png HTTP/1.1" 404 1117
186.103.159.183 - - [03/Mar/2017:14:27:31 -0300] "GET /cormun/static/Shared/jqueryui/images/ui-icons_82798d_256x240.png HTTP/1.1" 404 1089
186.103.159.183 - - [03/Mar/2017:14:27:31 -0300] "GET /cormun/static/Shared/jqueryui/images/ui-icons_8d78a5_256x240.png HTTP/1.1" 404 1089
186.103.159.183 - - [03/Mar/2017:14:27:31 -0300] "GET /cormun/static/Shared/jqueryui/images/ui-bg_flat_55_fafafa_40x100.png HTTP/1.1" 404 1097
186.103.159.183 - - [03/Mar/2017:14:27:31 -0300] "POST /cormun/servlet/trsolicitudot?d1c63b169230d872ee14e0c65238c719,,gx-no-cache=1488562123211 HTTP/1.1" 200 4126
186.103.159.183 - - [03/Mar/2017:14:27:34 -0300] "GET /cormun/servlet/trautorizarsolicitud? HTTP/1.1" 200 8185
186.103.159.183 - - [03/Mar/2017:14:27:36 -0300] "GET /cormun/servlet/trautorizarsolicitud? HTTP/1.1" 200 8185
200.83.57.219 - - [03/Mar/2017:14:27:41 -0300] "GET /cormun/static/menuarrow.gif HTTP/1.1" 404 1015
200.112.48.82 - - [03/Mar/2017:14:27:41 -0300] "POST /cormun/servlet/trsolicitudot?8c8eafab1c8c977af193c2a795c07304,gx-no-cache=1488562129717 HTTP/1.1" 200 106
200.112.48.82 - - [03/Mar/2017:14:27:41 -0300] "GET /cormun/servlet/trsolicitudadjuntos?2017,5156, HTTP/1.1" 200 5864
200.86.95.220 - - [03/Mar/2017:14:27:42 -0300] "GET /cormun/servlet/solicitudot?1de764369c41ca6fd48f0651421ca9d266ac46514d55f12d40662d7a1cf0e198a3adaf9ea3fbf51a16e880179bbc7a41f6664c32fdf82ae6942a8a9a0232e5a8c07079c15bcd5d1cd09f939030b8c48254aa8dcb62f2e96945048fa0db56ca471c819ecb356d650f0cee921e04826bf4,gx-no-cache=1488562132039 HTTP/1.1" 200 29
200.86.95.220 - - [03/Mar/2017:14:27:42 -0300] "POST /cormun/servlet/solicitudot?gx-no-cache=1488562132160 HTTP/1.1" 200 643
200.112.48.82 - - [03/Mar/2017:14:27:42 -0300] "GET /cormun/servlet/trsolicitudadjuntos?2017,5156, HTTP/1.1" 200 5864
200.86.95.220 - - [03/Mar/2017:14:27:43 -0300] "POST /cormun/servlet/solicitudot?gx-no-cache=1488562133212 HTTP/1.1" 200 1157
200.112.48.82 - - [03/Mar/2017:14:27:43 -0300] "GET /cormun/servlet/solicitudotadjuntos?INS,2017,5156,,1, HTTP/1.1" 200 5796
200.112.48.82 - - [03/Mar/2017:14:27:44 -0300] "GET /cormun/static/about:blank HTTP/1.1" 404 1011
200.112.48.82 - - [03/Mar/2017:14:27:44 -0300] "GET /cormun/servlet/solicitudotadjuntos?INS,2017,5156,,1, HTTP/1.1" 200 5790
200.112.48.82 - - [03/Mar/2017:14:27:44 -0300] "GET /cormun/servlet/solicitudotadjuntos?7449f727fb36ccb5fa238cce8fa25a74052d1f36ad62df67b4d5f65c94a1d59842e5ccffe8d50a0156c24a76ab14fb61,gx-no-cache=1488562133078 HTTP/1.1" 200 30
200.112.48.82 - - [03/Mar/2017:14:27:44 -0300] "POST /cormun/servlet/solicitudotadjuntos?8c8eafab1c8c977af193c2a795c07304,INS,2017,5156,,1,,gx-no-cache=1488562133179 HTTP/1.1" 200 3671
192.168.10.89 - - [03/Mar/2017:14:27:47 -0300] "POST /cormun/servlet/trsolicitudgral?a8ea2f496d2a1cd6e3e0ac8e76d3421c,,gx-no-cache=1488565353302 HTTP/1.1" 200 5592
192.168.10.89 - - [03/Mar/2017:14:27:48 -0300] "GET /cormun/static/Shared/jqueryui/images/ui-bg_highlight-soft_100_c6c2c8_1x100.png HTTP/1.1" 404 1117
192.168.10.89 - - [03/Mar/2017:14:27:48 -0300] "GET /cormun/static/Shared/jqueryui/images/ui-icons_82798d_256x240.png HTTP/1.1" 404 1089
192.168.10.89 - - [03/Mar/2017:14:27:48 -0300] "GET /cormun/static/Shared/jqueryui/images/ui-bg_flat_55_fafafa_40x100.png HTTP/1.1" 404 1097
192.168.10.89 - - [03/Mar/2017:14:27:48 -0300] "GET /cormun/static/Shared/jqueryui/images/ui-icons_8d78a5_256x240.png HTTP/1.1" 404 1089
200.83.57.219 - - [03/Mar/2017:14:27:48 -0300] "GET /cormun/servlet/solicitudot?e67578ce4a227f55b374fcc8c6e24c5b7f5c339af60212ecc85562ded7515daffc593d58e701cb1907f44a3ebb7466fe0f2bb6690ed5b673b558dc4267a3f26a7af151bf9285e58c8c81fc89d2f2a0b37f513f6f974b01d5305e0e830bc7aaf93ad8a42551e727252833cb79d8c4f4898e8aa352be5270987efdafd1b60c51144d5963c934eaec28cac2cf3378c5fd1303d80edec6b48ea87a172cbad5ae1ab6494178eb83f1dfe5cc3662f2781f9a3f,gx-no-cache=1488562141261 HTTP/1.1" 200 30
200.112.48.82 - - [03/Mar/2017:14:27:48 -0300] "POST /cormun/servlet/solicitudotadjuntos?gx-no-cache=1488562136818 HTTP/1.1" 200 26
200.86.95.220 - - [03/Mar/2017:14:27:49 -0300] "GET /cormun/static/menuarrow.gif HTTP/1.1" 404 1015
200.86.95.220 - - [03/Mar/2017:14:27:58 -0300] "GET /cormun/servlet/solicitudot?1de764369c41ca6fd48f0651421ca9d2e9c8f3ff518dc3ad22409df58740b7a60e9d4fa43af5052de0b2481c15cbe06e973d99de1185484a7cd54889822b42419edab1d6382babac1272b0d67b043aa825aaee8babf326c30d2d830f0bf15a5e25064f90c441574cc647af1646f413410f925921c1f23f90573836ce4bc35f3befd747282b33d9a0ea55fc3c7c6e93be066697f2439905b0c4b64d78eb759fdeb20577c3875f2812ab09e1cdcf93cceb,gx-no-cache=1488562148790 HTTP/1.1" 200 30
186.103.159.183 - - [03/Mar/2017:14:28:00 -0300] "POST /cormun/servlet/trautorizarsolicitud?d1c63b169230d872ee14e0c65238c719,,gx-no-cache=1488562151758 HTTP/1.1" 200 4329
186.103.159.183 - - [03/Mar/2017:14:28:00 -0300] "GET /cormun/static/Shared/jqueryui/images/ui-bg_highlight-soft_100_c6c2c8_1x100.png HTTP/1.1" 404 1117
186.103.159.183 - - [03/Mar/2017:14:28:00 -0300] "GET /cormun/static/Shared/jqueryui/images/ui-bg_flat_55_fafafa_40x100.png HTTP/1.1" 404 1097
186.103.159.183 - - [03/Mar/2017:14:28:00 -0300] "GET /cormun/static/Shared/jqueryui/images/ui-icons_82798d_256x240.png HTTP/1.1" 404 1089
186.103.159.183 - - [03/Mar/2017:14:28:00 -0300] "GET /cormun/static/Shared/jqueryui/images/ui-icons_8d78a5_256x240.png HTTP/1.1" 404 1089
186.103.159.183 - - [03/Mar/2017:14:28:00 -0300] "POST /cormun/servlet/trautorizarsolicitud?d1c63b169230d872ee14e0c65238c719,,gx-no-cache=1488562152102 HTTP/1.1" 200 4101
200.112.48.82 - - [03/Mar/2017:14:28:01 -0300] "GET /cormun/servlet/solicitudotadjuntos?7449f727fb36ccb5fa238cce8fa25a7405d0b973e1c839871e787aac49a73344,gx-no-cache=1488562149508 HTTP/1.1" 200 30
200.112.48.82 - - [03/Mar/2017:14:28:01 -0300] "GET /cormun/servlet/solicitudotadjuntos?7449f727fb36ccb5fa238cce8fa25a7405d0b973e1c839871e787aac49a73344,gx-no-cache=1488562149684 HTTP/1.1" 200 30
200.86.95.220 - - [03/Mar/2017:14:28:16 -0300] "POST /cormun/servlet/solicitudot?481fdca60454d1ba5ecee3339b6e4a03,INS,0,0,,gx-no-cache=1488562165867 HTTP/1.1" 200 93
200.86.95.220 - - [03/Mar/2017:14:28:16 -0300] "GET /cormun/servlet/hpexe_return? HTTP/1.1" 200 1029
200.86.95.220 - - [03/Mar/2017:14:28:16 -0300] "GET /cormun/servlet/trsolicitudot?gx-no-cache=1488561638453 HTTP/1.1" 200 8388
200.112.48.82 - - [03/Mar/2017:14:28:17 -0300] "POST /cormun/servlet/solicitudotadjuntos?8c8eafab1c8c977af193c2a795c07304,INS,2017,5156,,1, HTTP/1.1" 200 116
200.112.48.82 - - [03/Mar/2017:14:28:17 -0300] "GET /cormun/servlet/hpexe_return? HTTP/1.1" 200 1022
200.86.95.220 - - [03/Mar/2017:14:28:18 -0300] "GET /cormun/servlet/trsolicitudot?gx-no-cache=1488561638453 HTTP/1.1" 200 8407
200.112.48.82 - - [03/Mar/2017:14:28:18 -0300] "GET /cormun/servlet/trsolicitudadjuntos?2017,5156, HTTP/1.1" 200 7956
200.112.48.82 - - [03/Mar/2017:14:28:19 -0300] "GET /cormun/servlet/trsolicitudadjuntos?2017,5156, HTTP/1.1" 200 7951
186.103.156.211 - - [03/Mar/2017:14:28:22 -0300] "GET /cormun/servlet/solicitudot?INS,0,0, HTTP/1.1" 200 12779
186.103.156.211 - - [03/Mar/2017:14:28:23 -0300] "GET /cormun/servlet/solicitudot?INS,0,0, HTTP/1.1" 200 12784
200.86.95.220 - - [03/Mar/2017:14:28:23 -0300] "POST /cormun/servlet/trsolicitudot?481fdca60454d1ba5ecee3339b6e4a03,gx-no-cache=1488561638453,gx-no-cache=1488562173827 HTTP/1.1" 200 106
200.112.48.82 - - [03/Mar/2017:14:28:24 -0300] "GET /cormun/servlet/trsolicitudot? HTTP/1.1" 200 7884
200.86.95.220 - - [03/Mar/2017:14:28:24 -0300] "GET /cormun/servlet/trsolicitudadjuntos?2017,5153, HTTP/1.1" 200 8575
200.112.48.82 - - [03/Mar/2017:14:28:25 -0300] "GET /cormun/servlet/trsolicitudot? HTTP/1.1" 200 7878
200.86.95.220 - - [03/Mar/2017:14:28:26 -0300] "GET /cormun/servlet/trsolicitudadjuntos?2017,5153, HTTP/1.1" 200 8555
200.112.48.82 - - [03/Mar/2017:14:28:28 -0300] "POST /cormun/servlet/trsolicitudot?8c8eafab1c8c977af193c2a795c07304,,gx-no-cache=1488562176576 HTTP/1.1" 200 3906
200.83.57.219 - - [03/Mar/2017:14:28:28 -0300] "POST /cormun/servlet/solicitudot?9d8b09e5213c5446ef277da292424f67,INS,0,0,,gx-no-cache=1488562181104 HTTP/1.1" 200 11203
200.112.48.82 - - [03/Mar/2017:14:28:28 -0300] "GET /cormun/static/Shared/jqueryui/images/ui-bg_highlight-soft_100_c6c2c8_1x100.png HTTP/1.1" 404 1117
200.112.48.82 - - [03/Mar/2017:14:28:28 -0300] "GET /cormun/static/Shared/jqueryui/images/ui-icons_82798d_256x240.png HTTP/1.1" 404 1089
200.112.48.82 - - [03/Mar/2017:14:28:28 -0300] "GET /cormun/static/Shared/jqueryui/images/ui-bg_flat_55_fafafa_40x100.png HTTP/1.1" 404 1097
200.112.48.82 - - [03/Mar/2017:14:28:28 -0300] "GET /cormun/static/Shared/jqueryui/images/ui-icons_8d78a5_256x240.png HTTP/1.1" 404 1089
200.112.48.82 - - [03/Mar/2017:14:28:29 -0300] "POST /cormun/servlet/trsolicitudot?8c8eafab1c8c977af193c2a795c07304,,gx-no-cache=1488562177071 HTTP/1.1" 200 3683
186.103.156.211 - - [03/Mar/2017:14:28:32 -0300] "POST /cormun/servlet/solicitudot?e57826f31b56b854d36053a0b5fe2f2b,INS,0,0,,gx-no-cache=1488562183282 HTTP/1.1" 200 93
186.103.156.211 - - [03/Mar/2017:14:28:32 -0300] "GET /cormun/servlet/hpexe_return? HTTP/1.1" 200 1008
186.103.156.211 - - [03/Mar/2017:14:28:32 -0300] "GET /cormun/servlet/trsolicitudot HTTP/1.1" 200 9594
186.103.156.211 - - [03/Mar/2017:14:28:33 -0300] "GET /cormun/servlet/trsolicitudot HTTP/1.1" 200 9590
200.86.95.220 - - [03/Mar/2017:14:28:38 -0300] "GET /cormun/servlet/solicitudotadjuntos?INS,2017,5153,,1, HTTP/1.1" 200 5795
200.86.95.220 - - [03/Mar/2017:14:28:39 -0300] "GET /cormun/static/about:blank HTTP/1.1" 404 1011
200.86.95.220 - - [03/Mar/2017:14:28:39 -0300] "GET /cormun/servlet/solicitudotadjuntos?INS,2017,5153,,1, HTTP/1.1" 200 5789
200.86.95.220 - - [03/Mar/2017:14:28:39 -0300] "GET /cormun/servlet/solicitudotadjuntos?1de764369c41ca6fd48f0651421ca9d20664efaf87bb2e7856600cbb3ec3eda6306f8ff0824103552da58ca00b4338e6,gx-no-cache=1488562189515 HTTP/1.1" 200 30
200.86.95.220 - - [03/Mar/2017:14:28:39 -0300] "POST /cormun/servlet/solicitudotadjuntos?481fdca60454d1ba5ecee3339b6e4a03,INS,2017,5153,,1,,gx-no-cache=1488562189593 HTTP/1.1" 200 3642
200.86.95.220 - - [03/Mar/2017:14:28:44 -0300] "POST /cormun/servlet/solicitudotadjuntos?481fdca60454d1ba5ecee3339b6e4a03,INS,2017,5153,,1,,gx-no-cache=1488562194721 HTTP/1.1" 200 93
200.86.95.220 - - [03/Mar/2017:14:28:44 -0300] "GET /cormun/servlet/hpexe_return? HTTP/1.1" 200 1027
200.86.95.220 - - [03/Mar/2017:14:28:45 -0300] "GET /cormun/servlet/trsolicitudadjuntos?2017,5153, HTTP/1.1" 200 8556
200.86.95.220 - - [03/Mar/2017:14:28:47 -0300] "GET /cormun/servlet/trsolicitudadjuntos?2017,5153, HTTP/1.1" 200 8555
200.86.95.220 - - [03/Mar/2017:14:28:50 -0300] "POST /cormun/servlet/trsolicitudadjuntos?481fdca60454d1ba5ecee3339b6e4a03,2017,5153,,gx-no-cache=1488562200049 HTTP/1.1" 200 90
200.86.95.220 - - [03/Mar/2017:14:28:50 -0300] "GET /cormun/servlet/hpexe_link HTTP/1.1" 200 994
200.83.57.219 - - [03/Mar/2017:14:28:50 -0300] "POST /cormun/servlet/solicitudot?gx-no-cache=1488562203070 HTTP/1.1" 200 3226
200.86.95.220 - - [03/Mar/2017:14:28:50 -0300] "GET /cormun/servlet/trsolicitudot?gx-no-cache=1488561638453 HTTP/1.1" 200 8385
200.86.95.220 - - [03/Mar/2017:14:28:51 -0300] "GET /cormun/servlet/trsolicitudot?gx-no-cache=1488561638453 HTTP/1.1" 200 8407
186.103.156.211 - - [03/Mar/2017:14:29:02 -0300] "GET /cormun/servlet/trcontratounov2? HTTP/1.1" 200 14682
186.103.156.211 - - [03/Mar/2017:14:29:03 -0300] "GET /cormun/servlet/trcontratounov2? HTTP/1.1" 200 14682
186.103.156.211 - - [03/Mar/2017:14:29:23 -0300] "GET /cormun/servlet/trsolicitudot? HTTP/1.1" 200 9591
186.103.156.211 - - [03/Mar/2017:14:29:24 -0300] "GET /cormun/servlet/trsolicitudot? HTTP/1.1" 200 9590
186.103.156.211 - - [03/Mar/2017:14:29:28 -0300] "GET /cormun/servlet/solicitudot?INS,0,0, HTTP/1.1" 200 12779
186.103.156.211 - - [03/Mar/2017:14:29:29 -0300] "GET /cormun/servlet/solicitudot?INS,0,0, HTTP/1.1" 200 12784
186.103.156.211 - - [03/Mar/2017:14:29:47 -0300] "POST /cormun/servlet/solicitudot?gx-no-cache=1488562258864 HTTP/1.1" 200 3141
186.103.156.211 - - [03/Mar/2017:14:29:47 -0300] "GET /cormun/static/Shared/jqueryui/images/ui-bg_highlight-soft_100_c6c2c8_1x100.png HTTP/1.1" 404 1117
186.103.156.211 - - [03/Mar/2017:14:29:47 -0300] "GET /cormun/static/Shared/jqueryui/images/ui-icons_ebccce_256x240.png HTTP/1.1" 404 1089
186.103.156.211 - - [03/Mar/2017:14:29:47 -0300] "GET /cormun/static/Shared/jqueryui/images/ui-icons_82798d_256x240.png HTTP/1.1" 404 1089
186.103.156.211 - - [03/Mar/2017:14:29:47 -0300] "GET /cormun/static/Shared/jqueryui/images/ui-bg_flat_55_994d53_40x100.png HTTP/1.1" 404 1097
186.103.156.211 - - [03/Mar/2017:14:29:47 -0300] "GET /cormun/servlet/solicitudot?48ffcfd3a90bc9b99a0c0135d3fab595ee41acbfe62ff66c6a3fcfafca65ffcf,gx-no-cache=1488562259146 HTTP/1.1" 200 111
186.103.156.211 - - [03/Mar/2017:14:29:54 -0300] "GET /cormun/servlet/solicitudot?48ffcfd3a90bc9b99a0c0135d3fab5957ca74617723f948d86f963f63d482505147b17080273f640f84643a664e1c67579f1338c6fd3671251d695a44668f927ed1721ed89e47bd5ce35e3cba84a0b05a1c3b4498979de64d2a81414d34b9195865578a1362d048a50c4db505b6b48a20ce006b8cccd1a1b7081841c329b5f6d147076a019ad4c8ee4424174795b31453ac2b229d477a7c794db538258b6810bd36216f4ae8712048df186544e6ef693ba07e726b0ef10988557b52367fdec1ffbf74c696ec4551e4ae2fb12c3a75ff56ab627e508b6722d7e393d16a0fad0931989f7b03a4ec74b4df2affc60a55a4ad170f99a2998ccb0d4625c82fcf8198aea4c7c43da3edfbe5b1d89e7102fbe350d4aaf870945d0d96013c7fb7a9415aa9908f13a480c3c7234092ba29b5f7378630a9186bf59b175afd1e725dc86d4fe026605ee4a63f6c225b1a14debee18fe,gx-no-cache=1488562265281 HTTP/1.1" 200 297
186.103.156.211 - - [03/Mar/2017:14:30:05 -0300] "GET /cormun/servlet/solicitudot?48ffcfd3a90bc9b99a0c0135d3fab59532c58bef294276bf4b0213c62b47bacf072ddce4140477c9283c6c5eb72ab0bb5e7d5f445e8df6d2259f81a4bd0c18fdb29915102931f1298ed5f6417fbdb25bf0dd98f19ab825f8c2aede035837ab83ed4787c009b7d52d2cdd60e431dbe171b170adb8478290aeab991da2e77c8c433b91283da59602810b20f1fb2b5d4e50c6e66026c94fedbab48bab05129639a65288081ef9754190be222c0f678bbc88cedaeb03034d6f4cb542e246aa3155847fc948f51ce95e0fb8c498e6d38d702558929cdb157daf6dcec339fbced268e78b0e37368798c8d6460fb35b72f866d3e8f97d4597cd4f7e63c147ca8d1220eceaf2c086a0ba3f59a76d9613adfb941af99a0da150766cdf232748f7f72035b9dc58ed3569c77c49004fc58cebd43e009ba70f39dc58c19d342e4847cc955ddff2016a2e91e37634a6bb81dc524d69b9f2b6ec63cecf1d8b9baaed5b2d3e2e5f5391119d6f8bbdc698423fe3b7d8ad9c0b6490302847dbc039731ef6acc32cdc2a2f993804298aab83f1b688736cb14f,gx-no-cache=1488562277031 HTTP/1.1" 200 30
186.103.156.211 - - [03/Mar/2017:14:31:22 -0300] "GET /cormun/servlet/trsolicitudot? HTTP/1.1" 200 9596
186.103.156.211 - - [03/Mar/2017:14:31:23 -0300] "GET /cormun/servlet/trsolicitudot? HTTP/1.1" 200 9590
186.103.156.211 - - [03/Mar/2017:14:31:29 -0300] "GET /cormun/servlet/trautorizarsolicitud? HTTP/1.1" 200 6898
186.103.156.211 - - [03/Mar/2017:14:31:29 -0300] "GET /cormun/servlet/trautorizarsolicitud? HTTP/1.1" 200 6898
186.103.156.211 - - [03/Mar/2017:14:31:32 -0300] "GET /cormun/servlet/trsolicitudot? HTTP/1.1" 200 9596
186.103.156.211 - - [03/Mar/2017:14:31:33 -0300] "GET /cormun/servlet/trsolicitudot? HTTP/1.1" 200 9590
186.103.156.211 - - [03/Mar/2017:14:31:52 -0300] "POST /cormun/servlet/trsolicitudot?e57826f31b56b854d36053a0b5fe2f2b,,gx-no-cache=1488562383562 HTTP/1.1" 200 105
186.103.156.211 - - [03/Mar/2017:14:31:52 -0300] "GET /cormun/servlet/solicitudot?UPD,2017,5157, HTTP/1.1" 200 14524
186.103.156.211 - - [03/Mar/2017:14:31:53 -0300] "GET /cormun/servlet/solicitudot?UPD,2017,5157, HTTP/1.1" 200 14534
186.103.156.211 - - [03/Mar/2017:14:31:54 -0300] "POST /cormun/servlet/solicitudot?gx-no-cache=1488562385284 HTTP/1.1" 200 3192
186.103.156.211 - - [03/Mar/2017:14:31:55 -0300] "POST /cormun/servlet/solicitudot?e57826f31b56b854d36053a0b5fe2f2b,UPD,2017,5157,,gx-no-cache=1488562385922 HTTP/1.1" 200 11110
186.103.156.211 - - [03/Mar/2017:14:31:55 -0300] "GET /cormun/servlet/solicitudot?48ffcfd3a90bc9b99a0c0135d3fab595343325b20239832c52dd9ceb5448373bf1fbd9576a4eaa359b69d3df5750f2d4,gx-no-cache=1488562386886 HTTP/1.1" 200 30
186.103.156.211 - - [03/Mar/2017:14:31:55 -0300] "POST /cormun/servlet/solicitudot?gx-no-cache=1488562386967 HTTP/1.1" 200 257
186.103.156.211 - - [03/Mar/2017:14:31:55 -0300] "GET /cormun/servlet/solicitudot?48ffcfd3a90bc9b99a0c0135d3fab59532c58bef294276bf4b0213c62b47bacf6246d6864134d34b9cbda69e4f16530f5e7d5f445e8df6d2259f81a4bd0c18fdb29915102931f1298ed5f6417fbdb25bf0dd98f19ab825f8c2aede035837ab83ed4787c009b7d52d2cdd60e431dbe171b170adb8478290aeab991da2e77c8c433b91283da59602810b20f1fb2b5d4e50c6e66026c94fedbab48bab05129639a65288081ef9754190be222c0f678bbc88cedaeb03034d6f4cb542e246aa3155847fc948f51ce95e0fb8c498e6d38d702558929cdb157daf6dcec339fbced268e78b0e37368798c8d6460fb35b72f866d3e8f97d4597cd4f7e63c147ca8d1220eceaf2c086a0ba3f59a76d9613adfb941af99a0da150766cdf232748f7f72035b9dc58ed3569c77c49004fc58cebd43e009ba70f39dc58c19d342e4847cc955ddf37ecd28c267b1cc115623ea794d3c1e9a483b4c05e7bf63f234fb294500a5c981555f79a521ae0588bfd173a2a8f4123424b00b2537bdf49e7c4bcc6db090f82,gx-no-cache=1488562387036 HTTP/1.1" 200 30
186.103.156.211 - - [03/Mar/2017:14:31:55 -0300] "POST /cormun/servlet/solicitudot?gx-no-cache=1488562387406 HTTP/1.1" 200 30
186.103.156.211 - - [03/Mar/2017:14:31:56 -0300] "POST /cormun/servlet/solicitudot?gx-no-cache=1488562387479 HTTP/1.1" 200 1286
186.103.156.211 - - [03/Mar/2017:14:31:56 -0300] "POST /cormun/servlet/solicitudot?gx-no-cache=1488562387653 HTTP/1.1" 200 41
186.103.157.98 - - [03/Mar/2017:14:32:38 -0300] "GET /cormun/servlet/hpexe_return? HTTP/1.1" 200 990
186.103.157.98 - - [03/Mar/2017:14:32:38 -0300] "GET /cormun/servlet/trsolicitudot HTTP/1.1" 200 6981
186.103.157.98 - - [03/Mar/2017:14:32:38 -0300] "GET /cormun/servlet/trsolicitudot HTTP/1.1" 200 6979
186.103.157.98 - - [03/Mar/2017:14:32:49 -0300] "GET /cormun/servlet/solicitudot?INS,0,0, HTTP/1.1" 200 12809
186.103.157.98 - - [03/Mar/2017:14:32:49 -0300] "GET /cormun/servlet/solicitudot?INS,0,0, HTTP/1.1" 200 12814
186.103.157.98 - - [03/Mar/2017:14:33:03 -0300] "GET /cormun/servlet/trsolicitudot? HTTP/1.1" 200 6979
186.103.157.98 - - [03/Mar/2017:14:33:04 -0300] "GET /cormun/servlet/trsolicitudot? HTTP/1.1" 200 6978
186.103.157.98 - - [03/Mar/2017:14:33:15 -0300] "GET /cormun/servlet/trautorizarsolicitud? HTTP/1.1" 200 6932
186.103.157.98 - - [03/Mar/2017:14:33:16 -0300] "GET /cormun/servlet/trautorizarsolicitud? HTTP/1.1" 200 6931
186.103.157.98 - - [03/Mar/2017:14:33:21 -0300] "GET /cormun/servlet/trsolicitudot? HTTP/1.1" 200 6978
186.103.157.98 - - [03/Mar/2017:14:33:21 -0300] "GET /cormun/servlet/trsolicitudot? HTTP/1.1" 200 6978
186.103.156.211 - - [03/Mar/2017:14:33:28 -0300] "GET /cormun/servlet/solicitudot?48ffcfd3a90bc9b99a0c0135d3fab595411026dda281adca94db3019bb966d4e0515c2c938e7be6654cdd1f09ae028fd46b1be230f1882d8da50c27277bc7e593c212be142a8c0d744d36d22d1d8f5ca214cafad7fc1ffa3bcd980acede8785a6a1a462097d3a1285fa041345acc6b12,gx-no-cache=1488562480223 HTTP/1.1" 200 29
186.103.156.211 - - [03/Mar/2017:14:33:28 -0300] "POST /cormun/servlet/solicitudot?gx-no-cache=1488562480311 HTTP/1.1" 200 1273
186.103.156.211 - - [03/Mar/2017:14:33:29 -0300] "POST /cormun/servlet/solicitudot?gx-no-cache=1488562480445 HTTP/1.1" 200 1157
186.103.156.211 - - [03/Mar/2017:14:33:29 -0300] "GET /cormun/servlet/solicitudot?48ffcfd3a90bc9b99a0c0135d3fab595ea3900b5fc2702a726021bcd83f9af00055e74c555d5096aa2175edb8cc0223d936030af4181400c6b8a0d5e19088afbea4c7c43da3edfbe5b1d89e7102fbe35b340431f9ac3006d5d85ca60d47196ae4a06e2b1c07459cfcdeab775ab82040d935e7d44bfae2a2f069fd5a0902416fe0df5119a1e243299165b4b066bbb6bfa2b376e33def7099b372e462397f1832bb60005910dbfb1a55d0d91e25e2cb12e,gx-no-cache=1488562480560 HTTP/1.1" 200 30
186.103.156.211 - - [03/Mar/2017:14:33:29 -0300] "POST /cormun/servlet/solicitudot?e57826f31b56b854d36053a0b5fe2f2b,UPD,2017,5157,,gx-no-cache=1488562480618 HTTP/1.1" 200 93
186.103.156.211 - - [03/Mar/2017:14:33:29 -0300] "GET /cormun/servlet/hpexe_return? HTTP/1.1" 200 1014
186.103.156.211 - - [03/Mar/2017:14:33:30 -0300] "GET /cormun/servlet/trsolicitudot HTTP/1.1" 200 9594
186.103.156.211 - - [03/Mar/2017:14:33:30 -0300] "GET /cormun/servlet/trsolicitudot HTTP/1.1" 200 9590
186.103.156.211 - - [03/Mar/2017:14:33:56 -0300] "POST /cormun/servlet/trsolicitudot?e57826f31b56b854d36053a0b5fe2f2b,gx-no-cache=1488562507789 HTTP/1.1" 200 106
186.103.156.211 - - [03/Mar/2017:14:33:56 -0300] "GET /cormun/servlet/trsolicitudadjuntos?2017,5157, HTTP/1.1" 200 6074
186.103.156.211 - - [03/Mar/2017:14:33:57 -0300] "GET /cormun/servlet/trsolicitudadjuntos?2017,5157, HTTP/1.1" 200 6073
200.83.57.219 - - [03/Mar/2017:14:39:34 -0300] "GET /cormun/servlet/hlogin HTTP/1.1" 200 1714
200.83.57.219 - - [03/Mar/2017:14:39:42 -0300] "POST /cormun/servlet/hlogin?9ffcbabc8e8c0f736080854de4e48c52,gx-no-cache=1488562849889 HTTP/1.1" 200 90
200.83.57.219 - - [03/Mar/2017:14:39:42 -0300] "GET /cormun/servlet/hpexe_link HTTP/1.1" 200 945
200.83.57.219 - - [03/Mar/2017:14:39:42 -0300] "GET /cormun/static/gxcfg.js?201612218515529 HTTP/1.1" 304 -
200.83.57.219 - - [03/Mar/2017:14:39:42 -0300] "GET /cormun/servlet/hhome HTTP/1.1" 200 4088
200.83.57.219 - - [03/Mar/2017:14:39:42 -0300] "GET /cormun/static/gxcfg.js?201612218515568 HTTP/1.1" 304 -
200.83.57.219 - - [03/Mar/2017:14:39:43 -0300] "GET /cormun/servlet/hhome HTTP/1.1" 200 4084
200.83.57.219 - - [03/Mar/2017:14:39:45 -0300] "GET /cormun/servlet/trsolicitudot? HTTP/1.1" 200 9132
200.83.57.219 - - [03/Mar/2017:14:39:45 -0300] "GET /cormun/static/gxcfg.js?20171191044697 HTTP/1.1" 304 -
200.83.57.219 - - [03/Mar/2017:14:39:46 -0300] "GET /cormun/servlet/trsolicitudot? HTTP/1.1" 200 9128
200.83.57.219 - - [03/Mar/2017:14:39:48 -0300] "POST /cormun/servlet/trsolicitudot?9ffcbabc8e8c0f736080854de4e48c52,,gx-no-cache=1488562856181 HTTP/1.1" 200 106
200.83.57.219 - - [03/Mar/2017:14:39:49 -0300] "GET /cormun/servlet/trsolicitudadjuntos?2017,5154, HTTP/1.1" 200 8949
200.83.57.219 - - [03/Mar/2017:14:39:49 -0300] "GET /cormun/servlet/trsolicitudadjuntos?2017,5154, HTTP/1.1" 200 8950
200.83.57.219 - - [03/Mar/2017:14:39:51 -0300] "GET /cormun/servlet/solicitudotadjuntos?INS,2017,5154,,1, HTTP/1.1" 200 6111
200.83.57.219 - - [03/Mar/2017:14:39:51 -0300] "GET /cormun/static/about:blank HTTP/1.1" 404 1011
200.83.57.219 - - [03/Mar/2017:14:39:51 -0300] "GET /cormun/servlet/solicitudotadjuntos?INS,2017,5154,,1, HTTP/1.1" 200 6105
200.83.57.219 - - [03/Mar/2017:14:39:52 -0300] "GET /cormun/servlet/solicitudotadjuntos?289847f68d05310c68ed22caae22c8f95433d91e55b25cf62d56cbfa792eda7fbf03da85c819e4d4f4981f6f951876c4,gx-no-cache=1488562859954 HTTP/1.1" 200 30
200.83.57.219 - - [03/Mar/2017:14:39:52 -0300] "POST /cormun/servlet/solicitudotadjuntos?9ffcbabc8e8c0f736080854de4e48c52,INS,2017,5154,,1,,gx-no-cache=1488562860051 HTTP/1.1" 200 3823
200.83.57.219 - - [03/Mar/2017:14:39:53 -0300] "POST /cormun/servlet/solicitudotadjuntos?gx-no-cache=1488562861440 HTTP/1.1" 200 26
200.112.1.3 - - [03/Mar/2017:14:40:07 -0300] "GET /cormun/servlet/hlogin HTTP/1.1" 200 1726
200.112.1.3 - - [03/Mar/2017:14:40:09 -0300] "POST /cormun/servlet/hlogin?98190dfe2d429ee8d53353e48366862c,gx-no-cache=1488562876207 HTTP/1.1" 200 90
200.112.1.3 - - [03/Mar/2017:14:40:09 -0300] "GET /cormun/servlet/hpexe_link HTTP/1.1" 200 958
200.112.1.3 - - [03/Mar/2017:14:40:09 -0300] "GET /cormun/servlet/hhome HTTP/1.1" 200 3977
200.112.1.3 - - [03/Mar/2017:14:40:10 -0300] "GET /cormun/servlet/hhome HTTP/1.1" 200 3974
200.83.57.219 - - [03/Mar/2017:14:40:10 -0300] "GET /cormun/servlet/solicitudotadjuntos?289847f68d05310c68ed22caae22c8f95ae1f7ac25f34c1341ea8370719b4759,gx-no-cache=1488562878367 HTTP/1.1" 200 30
200.83.57.219 - - [03/Mar/2017:14:40:10 -0300] "GET /cormun/servlet/solicitudotadjuntos?289847f68d05310c68ed22caae22c8f95ae1f7ac25f34c1341ea8370719b4759,gx-no-cache=1488562878417 HTTP/1.1" 200 30
200.83.57.219 - - [03/Mar/2017:14:40:11 -0300] "POST /cormun/servlet/solicitudotadjuntos?9ffcbabc8e8c0f736080854de4e48c52,INS,2017,5154,,1, HTTP/1.1" 200 116
200.83.57.219 - - [03/Mar/2017:14:40:11 -0300] "GET /cormun/servlet/hpexe_return? HTTP/1.1" 200 1018
200.83.57.219 - - [03/Mar/2017:14:40:11 -0300] "GET /cormun/static/gxcfg.js?2016101716175148 HTTP/1.1" 304 -
200.83.57.219 - - [03/Mar/2017:14:40:12 -0300] "GET /cormun/servlet/trsolicitudadjuntos?2017,5154, HTTP/1.1" 200 9141
200.112.1.3 - - [03/Mar/2017:14:40:13 -0300] "GET /cormun/servlet/trautorizarsolicitud? HTTP/1.1" 200 8892
200.83.57.219 - - [03/Mar/2017:14:40:13 -0300] "GET /cormun/servlet/trsolicitudadjuntos?2017,5154, HTTP/1.1" 200 9138
200.112.1.3 - - [03/Mar/2017:14:40:13 -0300] "GET /cormun/servlet/trautorizarsolicitud? HTTP/1.1" 200 8891
200.83.57.219 - - [03/Mar/2017:14:40:17 -0300] "POST /cormun/servlet/trsolicitudadjuntos?9ffcbabc8e8c0f736080854de4e48c52,2017,5154,,gx-no-cache=1488562884887 HTTP/1.1" 200 90
200.83.57.219 - - [03/Mar/2017:14:40:17 -0300] "GET /cormun/servlet/hpexe_link HTTP/1.1" 200 962
200.83.57.219 - - [03/Mar/2017:14:40:17 -0300] "GET /cormun/servlet/trsolicitudot HTTP/1.1" 200 9129
200.83.57.219 - - [03/Mar/2017:14:40:18 -0300] "GET /cormun/servlet/trsolicitudot HTTP/1.1" 200 9128
200.112.1.3 - - [03/Mar/2017:14:40:19 -0300] "GET /cormun/servlet/veautorizarsolicitud?2017,5156,, HTTP/1.1" 200 8160
200.112.1.3 - - [03/Mar/2017:14:40:19 -0300] "GET /cormun/pexe_scrolldiv.js HTTP/1.1" 404 1009
200.112.1.3 - - [03/Mar/2017:14:40:20 -0300] "GET /cormun/servlet/veautorizarsolicitud?2017,5156,, HTTP/1.1" 200 8158
200.112.1.3 - - [03/Mar/2017:14:40:24 -0300] "GET /cormun/servlet/veautorizarsolicitud?2017,5156,,SolicitudOTAdjuntos HTTP/1.1" 200 9214
200.112.1.3 - - [03/Mar/2017:14:40:24 -0300] "GET /cormun/pexe_scrolldiv.js HTTP/1.1" 404 1009
186.103.157.98 - - [03/Mar/2017:14:40:25 -0300] "GET /cormun/servlet/hpexe_return? HTTP/1.1" 200 982
200.112.1.3 - - [03/Mar/2017:14:40:25 -0300] "GET /cormun/servlet/veautorizarsolicitud?2017,5156,,SolicitudOTAdjuntos HTTP/1.1" 200 9214
186.103.157.98 - - [03/Mar/2017:14:40:25 -0300] "GET /cormun/servlet/hhome HTTP/1.1" 200 3299
186.103.157.98 - - [03/Mar/2017:14:40:25 -0300] "GET /cormun/servlet/hlogin HTTP/1.1" 200 1728
186.103.157.98 - - [03/Mar/2017:14:40:25 -0300] "GET /cormun/servlet/hhome HTTP/1.1" 200 3294
200.112.1.3 - - [03/Mar/2017:14:40:26 -0300] "POST /cormun/servlet/acontrolpreferencessavestate?None,CKARLABS,true HTTP/1.1" 200 35
186.103.157.98 - - [03/Mar/2017:14:40:28 -0300] "POST /cormun/servlet/hlogin?ce0a1a9042a31f2379bf38d840d6c264,gx-no-cache=1488562901414 HTTP/1.1" 200 90
186.103.157.98 - - [03/Mar/2017:14:40:28 -0300] "GET /cormun/servlet/hpexe_link HTTP/1.1" 200 951
186.103.157.98 - - [03/Mar/2017:14:40:28 -0300] "GET /cormun/servlet/hhome HTTP/1.1" 200 4007
200.83.57.219 - - [03/Mar/2017:14:40:28 -0300] "POST /cormun/servlet/trsolicitudot?9ffcbabc8e8c0f736080854de4e48c52,gx-no-cache=1488562896417 HTTP/1.1" 200 103
186.103.157.98 - - [03/Mar/2017:14:40:29 -0300] "GET /cormun/servlet/hhome HTTP/1.1" 200 4003
200.83.57.219 - - [03/Mar/2017:14:40:29 -0300] "POST /cormun/servlet/trsolicitudot?9ffcbabc8e8c0f736080854de4e48c52,gx-no-cache=1488562896558 HTTP/1.1" 200 6192
200.83.57.219 - - [03/Mar/2017:14:40:29 -0300] "GET /cormun/SolicitudOT-8076.xls HTTP/1.1" 200 6144
200.83.57.219 - - [03/Mar/2017:14:40:31 -0300] "GET /cormun/servlet/solicitudot?INS,0,0, HTTP/1.1" 200 12897
200.83.57.219 - - [03/Mar/2017:14:40:31 -0300] "GET /cormun/static/gxcfg.js?20171191042720 HTTP/1.1" 304 -
200.83.57.219 - - [03/Mar/2017:14:40:31 -0300] "GET /cormun/servlet/solicitudot?INS,0,0, HTTP/1.1" 200 12902
200.112.1.3 - - [03/Mar/2017:14:40:35 -0300] "GET /cormun/servlet/veautorizarsolicitud?2017,5156,,General HTTP/1.1" 200 8164
200.112.1.3 - - [03/Mar/2017:14:40:36 -0300] "GET /cormun/pexe_scrolldiv.js HTTP/1.1" 404 1009
200.112.1.3 - - [03/Mar/2017:14:40:36 -0300] "GET /cormun/servlet/veautorizarsolicitud?2017,5156,,General HTTP/1.1" 200 8164
200.83.57.219 - - [03/Mar/2017:14:40:38 -0300] "POST /cormun/servlet/solicitudot?gx-no-cache=1488562906229 HTTP/1.1" 200 3177
200.83.57.219 - - [03/Mar/2017:14:40:38 -0300] "POST /cormun/servlet/solicitudot?9ffcbabc8e8c0f736080854de4e48c52,INS,0,0,,gx-no-cache=1488562906516 HTTP/1.1" 200 9957
186.103.157.98 - - [03/Mar/2017:14:40:39 -0300] "GET /cormun/servlet/trsolicitudot? HTTP/1.1" 200 6980
186.103.157.98 - - [03/Mar/2017:14:40:40 -0300] "GET /cormun/servlet/trsolicitudot? HTTP/1.1" 200 6980
186.103.157.98 - - [03/Mar/2017:14:40:43 -0300] "GET /cormun/servlet/solicitudot?INS,0,0, HTTP/1.1" 200 12808
186.103.157.98 - - [03/Mar/2017:14:40:44 -0300] "GET /cormun/servlet/solicitudot?INS,0,0, HTTP/1.1" 200 12812
200.112.1.3 - - [03/Mar/2017:14:40:45 -0300] "POST /cormun/servlet/veautorizarsolicitud?98190dfe2d429ee8d53353e48366862c,2017,5156,,General,gx-no-cache=1488562912534 HTTP/1.1" 200 93
200.112.1.3 - - [03/Mar/2017:14:40:46 -0300] "GET /cormun/servlet/hpexe_return? HTTP/1.1" 200 1027
200.112.1.3 - - [03/Mar/2017:14:40:46 -0300] "GET /cormun/servlet/trautorizarsolicitud HTTP/1.1" 200 8895
200.112.1.3 - - [03/Mar/2017:14:40:47 -0300] "GET /cormun/servlet/trautorizarsolicitud HTTP/1.1" 200 8891
200.83.57.219 - - [03/Mar/2017:14:40:47 -0300] "GET /cormun/servlet/solicitudot?289847f68d05310c68ed22caae22c8f97b2d90c348f5ed20d9980ae92e2afe72f147c8b605ae589d4b78940911a1d9af,gx-no-cache=1488562915272 HTTP/1.1" 200 30
200.83.57.219 - - [03/Mar/2017:14:40:47 -0300] "POST /cormun/servlet/solicitudot?gx-no-cache=1488562915356 HTTP/1.1" 200 255
200.83.57.219 - - [03/Mar/2017:14:40:47 -0300] "GET /cormun/servlet/solicitudot?289847f68d05310c68ed22caae22c8f9d2520a0ac1261e5508a4a04233872c0028df373eceb01f93f0dc128f3d8b9e31e48c6129722bebdf1eca4371cb67a78f50d644c860ba5167bbeee1e628c6a24280e67b28d00206f4cfdcecd9f50f81a68309d02bc4cd8a273018f8a25546439a18416c01a03c43e84197be82efb02ca0414699ec518f7ff417d0243dac7869c0062e5120945fee3c08545081237d875d34a1fb0fd3c4e62a7474d5f080747a1ba8883cb5d4ee10a55c871c13f52593cbac31b7209b5203a079eeb1112b8eafa1b777eb7c114dfd72fa2c8159cf67d6b3a42c79748040130802e3932d7b5c798693f3598e6d9441643cff23905e1b043fedd5750956edc256d33a1559435905f05354951c68b76e8319434d81832d23ef6799193876a89201366d773ce94f52749f14dbc3824cef21f4383699ce05cbe2adf10871a7f1b11a433d228d7f1c3b23c91d60bbc3392775c4a560586acb77ee5b0dda92c62f0068b24b4b364b8e867adbc5feb4a99c4020a2b8b2adcc5b5f93,gx-no-cache=1488562915418 HTTP/1.1" 200 30
200.112.1.3 - - [03/Mar/2017:14:40:52 -0300] "POST /cormun/servlet/trautorizarsolicitud?98190dfe2d429ee8d53353e48366862c,gx-no-cache=1488562918818 HTTP/1.1" 200 5911
200.112.1.3 - - [03/Mar/2017:14:40:52 -0300] "GET /cormun/static/Shared/jqueryui/images/ui-bg_highlight-soft_100_c6c2c8_1x100.png HTTP/1.1" 404 1117
200.112.1.3 - - [03/Mar/2017:14:40:52 -0300] "GET /cormun/static/Shared/jqueryui/images/ui-icons_82798d_256x240.png HTTP/1.1" 404 1089
200.112.1.3 - - [03/Mar/2017:14:40:52 -0300] "GET /cormun/static/Shared/jqueryui/images/ui-bg_flat_55_fafafa_40x100.png HTTP/1.1" 404 1097
200.112.1.3 - - [03/Mar/2017:14:40:52 -0300] "GET /cormun/static/Shared/jqueryui/images/ui-icons_8d78a5_256x240.png HTTP/1.1" 404 1089
200.112.1.3 - - [03/Mar/2017:14:40:53 -0300] "POST /cormun/servlet/trautorizarsolicitud?98190dfe2d429ee8d53353e48366862c,gx-no-cache=1488562919823 HTTP/1.1" 200 5855
200.83.57.219 - - [03/Mar/2017:14:40:55 -0300] "POST /cormun/servlet/solicitudot?gx-no-cache=1488562922831 HTTP/1.1" 200 30
200.112.1.3 - - [03/Mar/2017:14:40:55 -0300] "GET /cormun/servlet/veautorizarsolicitud?2017,5151,, HTTP/1.1" 200 8181
200.112.1.3 - - [03/Mar/2017:14:40:55 -0300] "GET /cormun/pexe_scrolldiv.js HTTP/1.1" 404 1009
200.112.1.3 - - [03/Mar/2017:14:40:56 -0300] "GET /cormun/servlet/veautorizarsolicitud?2017,5151,, HTTP/1.1" 200 8179
186.103.157.98 - - [03/Mar/2017:14:41:00 -0300] "POST /cormun/servlet/solicitudot?gx-no-cache=1488562933718 HTTP/1.1" 200 3178
186.103.157.98 - - [03/Mar/2017:14:41:00 -0300] "POST /cormun/servlet/solicitudot?ce0a1a9042a31f2379bf38d840d6c264,INS,0,0,,gx-no-cache=1488562933871 HTTP/1.1" 200 9958
186.103.157.98 - - [03/Mar/2017:14:41:06 -0300] "GET /cormun/servlet/solicitudot?fd79cc1007ce215de0d81ef4dd0bb993e20e3a67d449a2ce18d1a4e22895842998333b5a43fe3b33e4e950af6e8a9e76,gx-no-cache=1488562939796 HTTP/1.1" 200 30
186.103.157.98 - - [03/Mar/2017:14:41:06 -0300] "POST /cormun/servlet/solicitudot?gx-no-cache=1488562939858 HTTP/1.1" 200 255
186.103.157.98 - - [03/Mar/2017:14:41:06 -0300] "GET /cormun/servlet/solicitudot?fd79cc1007ce215de0d81ef4dd0bb993d7ed4a52c9e26d8e9f915c090ef343e9b7e685fdd04c3dc5f6fa3d8ddd68045e7eff49958aa582c082f7c43f40833261ffc084d32b8c87c03948acc2b46bcd60817ed5e22e56c554c08ce4631ac64e1660d601acc36f3eb64cda6ff5826a55b11e02c244a00c09240f6cb9bd671a10bf6ea9bc7e60d30c5949b225b9dd8130f1005c880d3ec69a4beaa2a9afe1a7cdf06616261d52d835d92760d96a6244571a01f66f4f215ffa7ee9c1cea324256477edcba5ab42da69d3eef102a59c96f81aa9e5ecc8ad469fdd8cd48b9a8e143a0603dae07f9dd6e7092bfd7d484823dc0ee06504ca5e919d32b49397d2f1bdd3bb2b1a745490c8bc5cd7a150169e10215c78b527200c7b12548fd62f913c9eccb2a918de632521ef00c7762600dc3087fd4c4c1c7ba5545e5f6c62ef2ca801b04d189268ab07cfe2516db41dacd458c0735453925eedcbd8039d4d81a6f86f5f10428e9cbe558a71c973daa21693f58746b1b0a75bf8bf2647b83c595edd659878,gx-no-cache=1488562939907 HTTP/1.1" 200 30
200.112.1.3 - - [03/Mar/2017:14:41:07 -0300] "POST /cormun/servlet/veautorizarsolicitud?98190dfe2d429ee8d53353e48366862c,2017,5151,,,gx-no-cache=1488562934378 HTTP/1.1" 200 93
