186.103.159.182 - - [03/Mar/2017:11:54:45 -0300] "GET /cormun/servlet/solicitudot?7f0570b57a3f2aa593d372dba3f75d4f81cfd0d10793362e299add8f855f2b0516b3937ae3e0618c67a1f2ec57272511016bada567f0532b904cc9509d4fcac22d0cc0c60b159c3ec103da40692862da6dd05f237d0eb10864cf09a859357210c6bbb5483b10401697c0f4ed219ae94631c1a4e552844ab26b64e21f2e425b992be17eb0bc8d9910d582da60056ca4e0bd3e012315ee6dac8b573257d03c2df1d8352bb5e1e81d6b0dc9f9845fd504620f0abb7ea19f970b7bbfa2cd3d5bb3ec6b91bae290cfd64a7a52f82196059f89bac26c68b01047f8902cd4443a0c2d6c933057ce9f10dbba69aeb92f8f70d66d36160acb728a3f712bd2fcf6fcaef1673b56584ecbc6278dcfebd7a5248e3d4c69364622c677782821f63fafa069e1026af26c7e2163cbba38f321d3032e67e83b6b7e9e7e96fb7c32845b4fd37982120e83aee2d27a6b22b8940a1b08b2a720c6b6d5de19f08b1c61020c3d758e4effd140795e1e47616fefad5a7396183dac1dc39f01b4b0834e5656c7971aa69cc7,gx-no-cache=1488552955168 HTTP/1.1" 200 30
186.79.30.74 - - [03/Mar/2017:11:54:46 -0300] "GET /cormun/servlet/solicitudot?INS,0,0, HTTP/1.1" 200 12541
186.103.159.182 - - [03/Mar/2017:11:54:47 -0300] "POST /cormun/servlet/solicitudot?gx-no-cache=1488552957882 HTTP/1.1" 200 30
186.103.159.182 - - [03/Mar/2017:11:54:48 -0300] "GET /cormun/servlet/prcontratosol?9521772,,,,,MD,,gxPopupLevel%3D0%3B HTTP/1.1" 200 5993
186.103.159.182 - - [03/Mar/2017:11:54:52 -0300] "POST /cormun/servlet/solicitudot?gx-no-cache=1488552962602 HTTP/1.1" 200 1291
186.103.159.182 - - [03/Mar/2017:11:54:52 -0300] "POST /cormun/servlet/solicitudot?gx-no-cache=1488552962721 HTTP/1.1" 200 38
186.103.159.182 - - [03/Mar/2017:11:54:52 -0300] "GET /cormun/servlet/solicitudot?7f0570b57a3f2aa593d372dba3f75d4f2cc0da48acb90217458d31b05a2c2d4d15873514a408a364106973242dfc5c95dcdd2a5eeca2c086db253891c888b56fd3afd2adea9aa6d79549cdf95f017a51ee52ee9c57bd463af6154c601097b9ee2aff692f160cb255d823720b68691ad18c16add61a8da17f6ad371c508fecab07b54cce3077978700dc21311b27160f03290d03132491fcf059aedb5f435184b,gx-no-cache=1488552962789 HTTP/1.1" 200 29
186.103.159.182 - - [03/Mar/2017:11:54:52 -0300] "POST /cormun/servlet/solicitudot?gx-no-cache=1488552962839 HTTP/1.1" 200 1274
186.103.159.182 - - [03/Mar/2017:11:54:52 -0300] "POST /cormun/servlet/solicitudot?gx-no-cache=1488552962929 HTTP/1.1" 200 1157
186.103.159.182 - - [03/Mar/2017:11:55:00 -0300] "POST /cormun/servlet/solicitudot?gx-no-cache=1488552970758 HTTP/1.1" 200 1273
186.103.159.182 - - [03/Mar/2017:11:55:00 -0300] "POST /cormun/servlet/solicitudot?gx-no-cache=1488552970831 HTTP/1.1" 200 1157
200.54.247.69 - - [03/Mar/2017:11:55:00 -0300] "GET /cormun/servlet/licenciaspermisosadjuntos?INS,15105485,L,20170303000000,, HTTP/1.1" 200 5620
200.54.247.69 - - [03/Mar/2017:11:55:00 -0300] "HEAD /cormun/static/about:blank HTTP/1.1" 404 -
186.103.159.182 - - [03/Mar/2017:11:55:10 -0300] "GET /cormun/servlet/solicitudot?7f0570b57a3f2aa593d372dba3f75d4f86363d6fdf3a051a2faea5857323152e4d41d91795ce06cd93c16753ff8cea6ac57ad36b31996966b17cba93474da6555bcea97a6ac6697d854f6a24849d3cb9b30a69126b545f812aa82909d1e77300288e421fb59f365bdaba2cf6b0ba716c571d873cadc3a0b0c82fcb91189ded2fce193edb5f5cf8a141f8e84887ba4085755e9b3eab477428c9eb52fc2fc3625e9c0c4198fedab6e57e31acf061128948,gx-no-cache=1488552980951 HTTP/1.1" 200 30
186.79.30.74 - - [03/Mar/2017:11:55:13 -0300] "POST /cormun/servlet/solicitudot?gx-no-cache=1488552986320 HTTP/1.1" 200 3186
186.79.30.74 - - [03/Mar/2017:11:55:14 -0300] "POST /cormun/servlet/solicitudot?51369385d79bf71507035ac2490354f2,INS,0,0,,gx-no-cache=1488552986919 HTTP/1.1" 200 9789
186.103.159.46 - - [03/Mar/2017:11:55:19 -0300] "POST /cormun/servlet/permisogoce?6f78033c3fe5e309d93f293c48d8f834,INS,0,,,,gx-no-cache=1488552990385 HTTP/1.1" 200 93
186.103.159.46 - - [03/Mar/2017:11:55:19 -0300] "GET /cormun/servlet/hpexe_return? HTTP/1.1" 200 1012
186.103.159.46 - - [03/Mar/2017:11:55:20 -0300] "GET /cormun/servlet/trpermisosgoce HTTP/1.1" 200 8792
186.103.159.46 - - [03/Mar/2017:11:55:22 -0300] "GET /cormun/servlet/trpermisosgoce HTTP/1.1" 200 8788
186.79.30.74 - - [03/Mar/2017:11:55:23 -0300] "GET /cormun/servlet/solicitudot?2b94c23ae85e307addf1a085c977c125408eefc35270cffdc42b0b07817113968abe5650c40e277a4fb607f8cb08aa71,gx-no-cache=1488552996264 HTTP/1.1" 200 30
186.79.30.74 - - [03/Mar/2017:11:55:23 -0300] "POST /cormun/servlet/solicitudot?gx-no-cache=1488552996411 HTTP/1.1" 200 255
186.79.30.74 - - [03/Mar/2017:11:55:23 -0300] "GET /cormun/servlet/solicitudot?2b94c23ae85e307addf1a085c977c125701bfca45037884917a1921ec2099cbfc19e6121eac49f4e44d58b98fa0e37846d21af0dc51030c1f7eb31a8ec430dc14c201abee7bc6e3d98ffe4f5ac2d18326c9e2890deaf3d64d2954e4bd6e2f4b76be7a1b3a3c62ce25a23b6fd1b75f66e8dda4b69b5459458ec845af96c6d483c85ca299ff0a1ea919794634329745187954bb68b6868eca8575a457ff8df21ee8d841b5a160bdd259c028336c9bfcc069bcceb81273881300015a6b9449e73c748b1f4b8e7ea3b79d44b94e243899f3c49331a256b892222648465b12fdb67234890844c4850a18bba1b40df9d554a8657b474531091a9e31fd47e14fac41bf01135a1859d9033919049a2e21e9245d3e98b66ea85c42dff3f85e0f272de563b8e63cedadfe9d50460e6d3deffd92f8e6379571fd08ae6ad7cd8493a6122121057571e0f06e237ebba7800ba51a1229be95fd6e3035f2a3b70f8303fcad31c1fb711929e9c37eccb821b13596c57210e611bc726646cc886c5c1fe460a325776,gx-no-cache=1488552996544 HTTP/1.1" 200 30
186.103.159.182 - - [03/Mar/2017:11:55:25 -0300] "POST /cormun/servlet/solicitudot?8d295ccf9cbef6112ca89b09ea0ac640,INS,0,0,,gx-no-cache=1488552995576 HTTP/1.1" 200 93
186.103.159.182 - - [03/Mar/2017:11:55:25 -0300] "GET /cormun/servlet/hpexe_return? HTTP/1.1" 200 1006
186.103.159.182 - - [03/Mar/2017:11:55:25 -0300] "GET /cormun/servlet/trsolicitudot HTTP/1.1" 200 8654
186.103.159.46 - - [03/Mar/2017:11:55:27 -0300] "GET /cormun/servlet/trpermisosadjuntos?13944224,20170303125005,P, HTTP/1.1" 200 6090
186.103.159.182 - - [03/Mar/2017:11:55:27 -0300] "GET /cormun/servlet/trsolicitudot HTTP/1.1" 200 8650
186.103.159.46 - - [03/Mar/2017:11:55:28 -0300] "GET /cormun/servlet/trpermisosadjuntos?13944224,20170303125005,P, HTTP/1.1" 200 6090
186.79.30.74 - - [03/Mar/2017:11:55:31 -0300] "POST /cormun/servlet/solicitudot?gx-no-cache=1488553004239 HTTP/1.1" 200 30
186.103.159.46 - - [03/Mar/2017:11:55:32 -0300] "GET /cormun/servlet/permisosadjuntos?INS,13944224,P,20170303125005,, HTTP/1.1" 200 5410
186.103.159.46 - - [03/Mar/2017:11:55:33 -0300] "GET /cormun/static/about:blank HTTP/1.1" 404 1011
186.103.159.46 - - [03/Mar/2017:11:55:34 -0300] "GET /cormun/servlet/permisosadjuntos?INS,13944224,P,20170303125005,, HTTP/1.1" 200 5400
186.79.30.74 - - [03/Mar/2017:11:55:37 -0300] "POST /cormun/servlet/solicitudot?gx-no-cache=1488553010538 HTTP/1.1" 200 1292
186.79.30.74 - - [03/Mar/2017:11:55:37 -0300] "POST /cormun/servlet/solicitudot?gx-no-cache=1488553010699 HTTP/1.1" 200 38
186.103.159.182 - - [03/Mar/2017:11:55:42 -0300] "GET /cormun/servlet/solicitudot?INS,0,0, HTTP/1.1" 200 12820
186.103.159.182 - - [03/Mar/2017:11:55:44 -0300] "GET /cormun/servlet/solicitudot?INS,0,0, HTTP/1.1" 200 12825
186.79.72.23 - - [03/Mar/2017:11:55:44 -0300] "GET /cormun/servlet/licenciaspermisos?20fe52df1345f7622c7d5e2271a0b3030d9c0895b8826cdf4e0c2b6fbd19e3e85cac3d904fa31e724319e77f1bfbf1a5b1f712d1b87e3e6181ec7158fd97b6d7bb5abe889081cb56c6f3cae6ea8b56c40af5a7d46b8ea7894203a7dd6b59e4cedcb5670e15aafb206340af9ad980cde40c99dbdc92a61be2c2db11809590d5aaf4d184dd2aaee7e5d9ec26a2ce78317d39069f694b01fee554719dc2a569bbf7eeec1dbd04cd5ac9557328be2ab3a4ae,gx-no-cache=1488553014627 HTTP/1.1" 200 30
186.79.72.23 - - [03/Mar/2017:11:55:45 -0300] "POST /cormun/servlet/licenciaspermisos?76ab2f5f48313dcece24a9544236fbda,INS,0,,,,gx-no-cache=1488553014728 HTTP/1.1" 200 4532
186.79.30.74 - - [03/Mar/2017:11:55:50 -0300] "GET /cormun/servlet/solicitudot?2b94c23ae85e307addf1a085c977c1256c9ddf58263f913eae255a8c2465793632c35abbae3876e842d67d0d28dbf5d041fa63ebcf05a8d6afc8ff864ff820086397683655f2a6a7050ba334a163da124ffa6a3a9e9624818912b6da06f1bac4dffa0a6ce9c4ef2a93b9034cec914f97d204c301178afacb1d372a393b0022994e0c3cec62f9c924a435c057b17147087d05c6c589fad1f6db35bb2e2212d81ac1ec74bc7e8e4ddc4379a1002efd7e17548dee6fc3f612b55ec86ec1549feb4739d4c367f70e9024d4aa27d3cb86e825,gx-no-cache=1488553022856 HTTP/1.1" 200 29
186.103.159.182 - - [03/Mar/2017:11:55:52 -0300] "POST /cormun/servlet/solicitudot?gx-no-cache=1488553023108 HTTP/1.1" 200 3173
186.103.159.182 - - [03/Mar/2017:11:55:53 -0300] "POST /cormun/servlet/solicitudot?8d295ccf9cbef6112ca89b09ea0ac640,INS,0,0,,gx-no-cache=1488553023367 HTTP/1.1" 200 9962
200.54.247.69 - - [03/Mar/2017:11:55:54 -0300] "POST /cormun/servlet/licenciaspermisosadjuntos?0f4debc68f50ae4f794f68bec2e20975,INS,15105485,L,20170303000000,, HTTP/1.1" 200 116
200.54.247.69 - - [03/Mar/2017:11:55:54 -0300] "GET /cormun/servlet/hpexe_return? HTTP/1.1" 200 1039
200.54.247.69 - - [03/Mar/2017:11:55:54 -0300] "GET /cormun/servlet/trlicenciaspermisosadjuntos?15105485,20170303000000,L, HTTP/1.1" 200 6795
200.54.247.69 - - [03/Mar/2017:11:55:55 -0300] "GET /cormun/PublicTempStorage/grabriela_silva9770285.pdf HTTP/1.1" 200 553788
186.103.159.182 - - [03/Mar/2017:11:55:55 -0300] "GET /cormun/servlet/solicitudot?7f0570b57a3f2aa593d372dba3f75d4feb4ef289394f3553dcf0b8ccfbd5eb5f4b0ebcb258806735472d015063f08e03,gx-no-cache=1488553025792 HTTP/1.1" 200 30
186.103.159.182 - - [03/Mar/2017:11:55:55 -0300] "POST /cormun/servlet/solicitudot?gx-no-cache=1488553025877 HTTP/1.1" 200 255
186.103.159.182 - - [03/Mar/2017:11:55:55 -0300] "GET /cormun/servlet/solicitudot?7f0570b57a3f2aa593d372dba3f75d4f81cfd0d10793362e299add8f855f2b0516b3937ae3e0618c67a1f2ec57272511016bada567f0532b904cc9509d4fcac22d0cc0c60b159c3ec103da40692862da6dd05f237d0eb10864cf09a859357210c6bbb5483b10401697c0f4ed219ae94631c1a4e552844ab26b64e21f2e425b992be17eb0bc8d9910d582da60056ca4e0bd3e012315ee6dac8b573257d03c2df1d8352bb5e1e81d6b0dc9f9845fd504620f0abb7ea19f970b7bbfa2cd3d5bb3ec6b91bae290cfd64a7a52f82196059f89bac26c68b01047f8902cd4443a0c2d6c933057ce9f10dbba69aeb92f8f70d66d36160acb728a3f712bd2fcf6fcaef1673b56584ecbc6278dcfebd7a5248e3d4c69364622c677782821f63fafa069e1026af26c7e2163cbba38f321d3032e67e83b6b7e9e7e96fb7c32845b4fd37982120e83aee2d27a6b22b8940a1b08b2a720c6b6d5de19f08b1c61020c3d758e4effd140795e1e47616fefad5a7396183dac1dc39f01b4b0834e5656c7971aa69cc7,gx-no-cache=1488553025940 HTTP/1.1" 200 30
186.79.30.74 - - [03/Mar/2017:11:55:59 -0300] "POST /cormun/servlet/solicitudot?gx-no-cache=1488553032006 HTTP/1.1" 200 1275
186.79.30.74 - - [03/Mar/2017:11:55:59 -0300] "POST /cormun/servlet/solicitudot?gx-no-cache=1488553032228 HTTP/1.1" 200 1157
186.79.30.74 - - [03/Mar/2017:11:55:59 -0300] "GET /cormun/static/menuarrow.gif HTTP/1.1" 404 1015
186.79.168.199 - - [03/Mar/2017:11:56:00 -0300] "GET /cormun/servlet/hlogin HTTP/1.1" 200 1713
186.103.159.182 - - [03/Mar/2017:11:56:01 -0300] "POST /cormun/servlet/solicitudot?gx-no-cache=1488553031990 HTTP/1.1" 200 30
186.79.168.199 - - [03/Mar/2017:11:56:02 -0300] "GET /cormun/servlet/hlogin HTTP/1.1" 200 1713
186.103.159.182 - - [03/Mar/2017:11:56:02 -0300] "GET /cormun/servlet/prcontratosol?10264506,,,,,MD,,gxPopupLevel%3D0%3B HTTP/1.1" 200 5992
186.79.168.199 - - [03/Mar/2017:11:56:03 -0300] "GET /favicon.ico HTTP/1.1" 200 21630
186.103.159.182 - - [03/Mar/2017:11:56:06 -0300] "POST /cormun/servlet/solicitudot?gx-no-cache=1488553036505 HTTP/1.1" 200 1291
186.103.159.182 - - [03/Mar/2017:11:56:06 -0300] "POST /cormun/servlet/solicitudot?gx-no-cache=1488553036594 HTTP/1.1" 200 38
186.103.159.182 - - [03/Mar/2017:11:56:06 -0300] "GET /cormun/servlet/solicitudot?7f0570b57a3f2aa593d372dba3f75d4f2cc0da48acb90217458d31b05a2c2d4d15873514a408a364106973242dfc5c95dcdd2a5eeca2c086db253891c888b56fd3afd2adea9aa6d79549cdf95f017a51ee52ee9c57bd463af6154c601097b9ee2aff692f160cb255d823720b68691ad18c16add61a8da17f6ad371c508fecab07b54cce3077978700dc21311b27160f03290d03132491fcf059aedb5f435184b,gx-no-cache=1488553036648 HTTP/1.1" 200 29
186.103.159.182 - - [03/Mar/2017:11:56:06 -0300] "POST /cormun/servlet/solicitudot?gx-no-cache=1488553036695 HTTP/1.1" 200 1275
186.103.159.182 - - [03/Mar/2017:11:56:06 -0300] "POST /cormun/servlet/solicitudot?gx-no-cache=1488553036765 HTTP/1.1" 200 1157
200.54.247.69 - - [03/Mar/2017:11:56:10 -0300] "GET /cormun/servlet/trlicencias? HTTP/1.1" 200 8434
186.79.30.74 - - [03/Mar/2017:11:56:12 -0300] "POST /cormun/servlet/solicitudot?gx-no-cache=1488553044960 HTTP/1.1" 200 1275
186.79.30.74 - - [03/Mar/2017:11:56:12 -0300] "POST /cormun/servlet/solicitudot?gx-no-cache=1488553045173 HTTP/1.1" 200 1157
186.103.159.182 - - [03/Mar/2017:11:56:16 -0300] "POST /cormun/servlet/solicitudot?gx-no-cache=1488553047134 HTTP/1.1" 200 1273
186.103.159.182 - - [03/Mar/2017:11:56:16 -0300] "POST /cormun/servlet/solicitudot?gx-no-cache=1488553047210 HTTP/1.1" 200 1157
186.79.72.23 - - [03/Mar/2017:11:56:18 -0300] "GET /cormun/servlet/licenciaspermisos?20fe52df1345f7622c7d5e2271a0b303606f93c9d4918e68d5dcd04be14a9fff426453bcd72e7e2e15124847940a7222444d0b3225cca446bf26d00960af30e211a0b71894f23a8ee748d77a3c0d888dbab39dd9064821be19b0c80bd6c8b65c5ef600eac12853a9929520b93d5b3e1be0a99f880c31eafc367784551a692869bd8a30cdffd113d380b4287a5472ef1a391e2ae1f69e9a32e5b8ef743e37c41ae94ff42055293e0c9bf203e99e4bb6cba73d0c4d8b1906eac3cb48a83e4a9ca58800eb117aba2f6dacffd12f43c0271f3764eeaf0275b3a240c3c5c4dc6b456bfd2ada3c1821e357baa852dd48930d08,gx-no-cache=1488553048843 HTTP/1.1" 200 66
186.79.72.23 - - [03/Mar/2017:11:56:19 -0300] "POST /cormun/servlet/licenciaspermisos?76ab2f5f48313dcece24a9544236fbda,INS,0,,,,gx-no-cache=1488553048936 HTTP/1.1" 200 93
186.79.72.23 - - [03/Mar/2017:11:56:19 -0300] "GET /cormun/servlet/hpexe_return? HTTP/1.1" 200 1015
186.79.72.23 - - [03/Mar/2017:11:56:19 -0300] "GET /cormun/servlet/trlicencias HTTP/1.1" 200 7846
186.79.72.23 - - [03/Mar/2017:11:56:20 -0300] "GET /cormun/servlet/trlicencias HTTP/1.1" 200 7842
186.79.72.23 - - [03/Mar/2017:11:56:23 -0300] "GET /cormun/servlet/trlicenciaspermisosadjuntos?14332226,20170303000000,L, HTTP/1.1" 200 6151
186.79.72.23 - - [03/Mar/2017:11:56:23 -0300] "GET /cormun/static/gxcfg.js?2016122813131454 HTTP/1.1" 200 953
186.79.72.23 - - [03/Mar/2017:11:56:23 -0300] "GET /cormun/servlet/trlicenciaspermisosadjuntos?14332226,20170303000000,L, HTTP/1.1" 200 6151
186.79.72.23 - - [03/Mar/2017:11:56:25 -0300] "GET /cormun/servlet/licenciaspermisosadjuntos?INS,14332226,L,20170303000000,, HTTP/1.1" 200 5447
186.79.72.23 - - [03/Mar/2017:11:56:25 -0300] "GET /cormun/static/gxcfg.js?2016122813131386 HTTP/1.1" 200 953
186.79.72.23 - - [03/Mar/2017:11:56:26 -0300] "GET /cormun/static/about:blank HTTP/1.1" 404 1011
186.79.72.23 - - [03/Mar/2017:11:56:26 -0300] "GET /cormun/servlet/licenciaspermisosadjuntos?INS,14332226,L,20170303000000,, HTTP/1.1" 200 5436
186.103.159.182 - - [03/Mar/2017:11:56:27 -0300] "GET /cormun/servlet/solicitudot?7f0570b57a3f2aa593d372dba3f75d4f2fc72b8331f78937fdba0ebf3b6c44fdc91c2635aa5556e103a98f77643058d21215d38596b99c16bb4921bea4228e9d63191190f775187eef00a736e46072a75762e2aaf1a0e6dc2a98108616562198fe14f76b0fb7e6738ece0515179feb4b18c8ede8fe8d20769fee6d73d8d17b0a28496af25b66ec6843e0242a537b5931279adb03777e2e6435ce92bcfd70e4170bd64c2703ecf3b40dfae2e938f76b02,gx-no-cache=1488553058204 HTTP/1.1" 200 30
186.103.159.182 - - [03/Mar/2017:11:56:37 -0300] "POST /cormun/servlet/solicitudot?8d295ccf9cbef6112ca89b09ea0ac640,INS,0,0,,gx-no-cache=1488553068062 HTTP/1.1" 200 93
186.103.159.182 - - [03/Mar/2017:11:56:37 -0300] "GET /cormun/servlet/hpexe_return? HTTP/1.1" 200 1006
186.103.159.182 - - [03/Mar/2017:11:56:38 -0300] "GET /cormun/servlet/trsolicitudot HTTP/1.1" 200 9012
186.103.159.182 - - [03/Mar/2017:11:56:40 -0300] "GET /cormun/servlet/trsolicitudot HTTP/1.1" 200 9008
186.79.30.74 - - [03/Mar/2017:11:56:44 -0300] "GET /cormun/servlet/solicitudot?2b94c23ae85e307addf1a085c977c1251d1e4719f8127a81d2d65be7eba3db43be0ce092e4a1fbaeb553d3ae8785d468042b1060b71b5c1b6d5b24e165df5d0e715fbf0859204bfa0daea15396fbb945ed985842873dd5149396391a366060b16fc79936f9e7d17ac8e56a5537f19f969461c814cd71984c57965fafe2c1a5d23aea17b234a765270c0be76f8236d37aa067a3588f251929b7e8c8bc3da7eb9906e75576013f6bd431984856d3d800f6,gx-no-cache=1488553077584 HTTP/1.1" 200 30
186.103.159.182 - - [03/Mar/2017:11:56:54 -0300] "GET /cormun/servlet/solicitudot?INS,0,0, HTTP/1.1" 200 12821
186.103.159.182 - - [03/Mar/2017:11:56:56 -0300] "GET /cormun/servlet/solicitudot?INS,0,0, HTTP/1.1" 200 12826
186.103.159.182 - - [03/Mar/2017:11:57:02 -0300] "POST /cormun/servlet/solicitudot?gx-no-cache=1488553092401 HTTP/1.1" 200 3152
186.103.159.182 - - [03/Mar/2017:11:57:02 -0300] "POST /cormun/servlet/solicitudot?8d295ccf9cbef6112ca89b09ea0ac640,INS,0,0,,gx-no-cache=1488553092668 HTTP/1.1" 200 9945
186.103.159.182 - - [03/Mar/2017:11:57:06 -0300] "GET /cormun/servlet/solicitudot?7f0570b57a3f2aa593d372dba3f75d4f841cf64a9acb003618a46fea98226a384b0ebcb258806735472d015063f08e03,gx-no-cache=1488553096779 HTTP/1.1" 200 30
186.103.159.182 - - [03/Mar/2017:11:57:06 -0300] "POST /cormun/servlet/solicitudot?gx-no-cache=1488553096853 HTTP/1.1" 200 255
186.103.159.182 - - [03/Mar/2017:11:57:06 -0300] "GET /cormun/servlet/solicitudot?7f0570b57a3f2aa593d372dba3f75d4f81cfd0d10793362e299add8f855f2b0516b3937ae3e0618c67a1f2ec57272511016bada567f0532b904cc9509d4fcac22d0cc0c60b159c3ec103da40692862da6dd05f237d0eb10864cf09a859357210c6bbb5483b10401697c0f4ed219ae94631c1a4e552844ab26b64e21f2e425b992be17eb0bc8d9910d582da60056ca4e0bd3e012315ee6dac8b573257d03c2df1d8352bb5e1e81d6b0dc9f9845fd504620f0abb7ea19f970b7bbfa2cd3d5bb3ec6b91bae290cfd64a7a52f82196059f89bac26c68b01047f8902cd4443a0c2d6c933057ce9f10dbba69aeb92f8f70d66d36160acb728a3f712bd2fcf6fcaef1673b56584ecbc6278dcfebd7a5248e3d4c69364622c677782821f63fafa069e1026af26c7e2163cbba38f321d3032e67e83b6b7e9e7e96fb7c32845b4fd37982120e83aee2d27a6b22b8940a1b08b2a720c6b6d5de19f08b1c61020c3d758e4effd140795e1e47616fefad5a7396183dac1dc39f01b4b0834e5656c7971aa69cc7,gx-no-cache=1488553096929 HTTP/1.1" 200 30
186.103.159.182 - - [03/Mar/2017:11:57:09 -0300] "POST /cormun/servlet/solicitudot?gx-no-cache=1488553099384 HTTP/1.1" 200 30
200.54.247.69 - - [03/Mar/2017:11:57:09 -0300] "GET /cormunbeta/servlet/h%C3%B1pgom HTTP/1.1" 404 1021
200.54.247.69 - - [03/Mar/2017:11:57:09 -0300] "GET /favicon.ico HTTP/1.1" 200 21630
186.103.159.182 - - [03/Mar/2017:11:57:10 -0300] "GET /cormun/servlet/prcontratosol?10633133,,,,,MD,,gxPopupLevel%3D0%3B HTTP/1.1" 200 5992
186.103.159.182 - - [03/Mar/2017:11:57:13 -0300] "POST /cormun/servlet/solicitudot?gx-no-cache=1488553103893 HTTP/1.1" 200 1291
186.103.159.182 - - [03/Mar/2017:11:57:13 -0300] "POST /cormun/servlet/solicitudot?gx-no-cache=1488553103985 HTTP/1.1" 200 38
186.103.159.182 - - [03/Mar/2017:11:57:13 -0300] "GET /cormun/servlet/solicitudot?7f0570b57a3f2aa593d372dba3f75d4f2cc0da48acb90217458d31b05a2c2d4d15873514a408a364106973242dfc5c95dcdd2a5eeca2c086db253891c888b56fd3afd2adea9aa6d79549cdf95f017a51ee52ee9c57bd463af6154c601097b9ee2aff692f160cb255d823720b68691ad18c16add61a8da17f6ad371c508fecab07b54cce3077978700dc21311b27160f03290d03132491fcf059aedb5f435184b,gx-no-cache=1488553104343 HTTP/1.1" 200 29
186.103.159.182 - - [03/Mar/2017:11:57:13 -0300] "POST /cormun/servlet/solicitudot?gx-no-cache=1488553104392 HTTP/1.1" 200 1274
186.103.159.182 - - [03/Mar/2017:11:57:14 -0300] "POST /cormun/servlet/solicitudot?gx-no-cache=1488553104461 HTTP/1.1" 200 1157
186.103.159.182 - - [03/Mar/2017:11:57:22 -0300] "POST /cormun/servlet/solicitudot?gx-no-cache=1488553112929 HTTP/1.1" 200 1273
186.103.159.182 - - [03/Mar/2017:11:57:23 -0300] "POST /cormun/servlet/solicitudot?gx-no-cache=1488553113385 HTTP/1.1" 200 1157
186.79.72.23 - - [03/Mar/2017:11:57:29 -0300] "POST /cormun/servlet/licenciaspermisosadjuntos?76ab2f5f48313dcece24a9544236fbda,INS,14332226,L,20170303000000,, HTTP/1.1" 200 116
186.79.72.23 - - [03/Mar/2017:11:57:29 -0300] "GET /cormun/servlet/hpexe_return? HTTP/1.1" 200 1044
186.79.72.23 - - [03/Mar/2017:11:57:30 -0300] "GET /cormun/servlet/trlicenciaspermisosadjuntos?14332226,20170303000000,L, HTTP/1.1" 200 6633
186.79.30.74 - - [03/Mar/2017:11:57:30 -0300] "POST /cormun/servlet/solicitudot?51369385d79bf71507035ac2490354f2,INS,0,0,,gx-no-cache=1488553122630 HTTP/1.1" 200 93
186.79.30.74 - - [03/Mar/2017:11:57:30 -0300] "GET /cormun/servlet/hpexe_return? HTTP/1.1" 200 1006
186.79.72.23 - - [03/Mar/2017:11:57:31 -0300] "GET /cormun/servlet/trlicenciaspermisosadjuntos?14332226,20170303000000,L, HTTP/1.1" 200 6629
186.79.30.74 - - [03/Mar/2017:11:57:31 -0300] "GET /cormun/servlet/trsolicitudot HTTP/1.1" 200 10572
186.103.159.182 - - [03/Mar/2017:11:57:32 -0300] "GET /cormun/servlet/solicitudot?7f0570b57a3f2aa593d372dba3f75d4f6843a01b84e13d1b0d99b42fc03da4ecaafe03ec3f3c26983a8ca143059f70e02d52c86e95da94b6fc681256281a780cabacb904d592cb7be8828448f31172cf55d38fd7faffb2431017da1c8fd44d8cf5fa17517ff7f33d5a9970ab3cca340966164058775894b1542160da44aa9b9f4cb11448b03bf481c93b0bc70f0ec2985bc6077d32ec89b422a2becfd41c91e48b0aaeafab412f27023a986d23c68a9b,gx-no-cache=1488553122486 HTTP/1.1" 200 30
186.79.30.74 - - [03/Mar/2017:11:57:33 -0300] "GET /cormun/servlet/trsolicitudot HTTP/1.1" 200 10567
186.79.72.23 - - [03/Mar/2017:11:57:39 -0300] "POST /cormun/servlet/trlicenciaspermisosadjuntos?76ab2f5f48313dcece24a9544236fbda,14332226,20170303000000,L,,gx-no-cache=1488553129489 HTTP/1.1" 200 90
186.79.72.23 - - [03/Mar/2017:11:57:39 -0300] "GET /cormun/servlet/hpexe_link HTTP/1.1" 200 988
186.103.159.182 - - [03/Mar/2017:11:57:40 -0300] "POST /cormun/servlet/solicitudot?8d295ccf9cbef6112ca89b09ea0ac640,INS,0,0,,gx-no-cache=1488553130145 HTTP/1.1" 200 93
186.79.72.23 - - [03/Mar/2017:11:57:40 -0300] "GET /cormun/servlet/trlicencias HTTP/1.1" 200 7844
186.103.159.182 - - [03/Mar/2017:11:57:40 -0300] "GET /cormun/servlet/hpexe_return? HTTP/1.1" 200 1006
186.103.159.182 - - [03/Mar/2017:11:57:40 -0300] "GET /cormun/servlet/trsolicitudot HTTP/1.1" 200 9337
186.79.72.23 - - [03/Mar/2017:11:57:40 -0300] "GET /cormun/servlet/trlicencias HTTP/1.1" 200 7842
186.79.30.74 - - [03/Mar/2017:11:57:41 -0300] "GET /cormun/servlet/solicitudot?INS,0,0, HTTP/1.1" 200 12536
186.103.159.182 - - [03/Mar/2017:11:57:42 -0300] "GET /cormun/servlet/trsolicitudot HTTP/1.1" 200 9333
186.79.72.23 - - [03/Mar/2017:11:57:42 -0300] "GET /cormun/servlet/alicenciaprn?14332226,L,20170303000000,PU HTTP/1.1" 200 1599
186.79.30.74 - - [03/Mar/2017:11:57:43 -0300] "GET /cormun/servlet/solicitudot?INS,0,0, HTTP/1.1" 200 12541
200.54.247.69 - - [03/Mar/2017:11:58:02 -0300] "GET /cormunberta/servlet/hlogin HTTP/1.1" 404 1013
186.103.159.182 - - [03/Mar/2017:11:58:03 -0300] "GET /cormun/servlet/solicitudot?INS,0,0, HTTP/1.1" 200 12821
186.103.159.182 - - [03/Mar/2017:11:58:04 -0300] "GET /cormun/servlet/solicitudot?INS,0,0, HTTP/1.1" 200 12826
186.103.159.46 - - [03/Mar/2017:11:58:09 -0300] "GET /cormun/servlet/trpermisosadjuntos?13944224,20170303125005,P, HTTP/1.1" 200 6090
186.103.159.46 - - [03/Mar/2017:11:58:11 -0300] "GET /cormun/servlet/trpermisosadjuntos?13944224,20170303125005,P, HTTP/1.1" 200 6090
186.103.159.182 - - [03/Mar/2017:11:58:12 -0300] "POST /cormun/servlet/solicitudot?gx-no-cache=1488553162695 HTTP/1.1" 200 3182
186.103.159.182 - - [03/Mar/2017:11:58:13 -0300] "POST /cormun/servlet/solicitudot?8d295ccf9cbef6112ca89b09ea0ac640,INS,0,0,,gx-no-cache=1488553163333 HTTP/1.1" 200 9963
186.103.159.46 - - [03/Mar/2017:11:58:13 -0300] "GET /cormun/servlet/permisosadjuntos?INS,13944224,P,20170303125005,, HTTP/1.1" 200 5410
186.103.159.46 - - [03/Mar/2017:11:58:13 -0300] "GET /cormun/static/about:blank HTTP/1.1" 404 1011
186.103.159.46 - - [03/Mar/2017:11:58:14 -0300] "GET /cormun/servlet/permisosadjuntos?INS,13944224,P,20170303125005,, HTTP/1.1" 200 5398
186.103.159.182 - - [03/Mar/2017:11:58:14 -0300] "GET /cormun/servlet/solicitudot?7f0570b57a3f2aa593d372dba3f75d4fd1a5dc066a1751075de002b31d0d99614b0ebcb258806735472d015063f08e03,gx-no-cache=1488553165293 HTTP/1.1" 200 30
186.103.159.182 - - [03/Mar/2017:11:58:14 -0300] "POST /cormun/servlet/solicitudot?gx-no-cache=1488553165382 HTTP/1.1" 200 255
186.103.159.182 - - [03/Mar/2017:11:58:15 -0300] "GET /cormun/servlet/solicitudot?7f0570b57a3f2aa593d372dba3f75d4f81cfd0d10793362e299add8f855f2b0516b3937ae3e0618c67a1f2ec57272511016bada567f0532b904cc9509d4fcac22d0cc0c60b159c3ec103da40692862da6dd05f237d0eb10864cf09a859357210c6bbb5483b10401697c0f4ed219ae94631c1a4e552844ab26b64e21f2e425b992be17eb0bc8d9910d582da60056ca4e0bd3e012315ee6dac8b573257d03c2df1d8352bb5e1e81d6b0dc9f9845fd504620f0abb7ea19f970b7bbfa2cd3d5bb3ec6b91bae290cfd64a7a52f82196059f89bac26c68b01047f8902cd4443a0c2d6c933057ce9f10dbba69aeb92f8f70d66d36160acb728a3f712bd2fcf6fcaef1673b56584ecbc6278dcfebd7a5248e3d4c69364622c677782821f63fafa069e1026af26c7e2163cbba38f321d3032e67e83b6b7e9e7e96fb7c32845b4fd37982120e83aee2d27a6b22b8940a1b08b2a720c6b6d5de19f08b1c61020c3d758e4effd140795e1e47616fefad5a7396183dac1dc39f01b4b0834e5656c7971aa69cc7,gx-no-cache=1488553165442 HTTP/1.1" 200 30
186.103.159.182 - - [03/Mar/2017:11:58:16 -0300] "POST /cormun/servlet/solicitudot?gx-no-cache=1488553167408 HTTP/1.1" 200 30
186.103.159.182 - - [03/Mar/2017:11:58:18 -0300] "GET /cormun/servlet/prcontratosol?11067642,,,,,MD,,gxPopupLevel%3D0%3B HTTP/1.1" 200 5993
186.103.159.182 - - [03/Mar/2017:11:58:26 -0300] "POST /cormun/servlet/solicitudot?gx-no-cache=1488553176747 HTTP/1.1" 200 1291
186.103.159.182 - - [03/Mar/2017:11:58:26 -0300] "POST /cormun/servlet/solicitudot?gx-no-cache=1488553176871 HTTP/1.1" 200 38
186.103.159.182 - - [03/Mar/2017:11:58:26 -0300] "GET /cormun/servlet/solicitudot?7f0570b57a3f2aa593d372dba3f75d4f2cc0da48acb90217458d31b05a2c2d4d15873514a408a364106973242dfc5c95dcdd2a5eeca2c086db253891c888b56fd3afd2adea9aa6d79549cdf95f017a51ee52ee9c57bd463af6154c601097b9ee2aff692f160cb255d823720b68691ad18c16add61a8da17f6ad371c508fecab07b54cce3077978700dc21311b27160f03290d03132491fcf059aedb5f435184b,gx-no-cache=1488553176923 HTTP/1.1" 200 29
186.103.159.182 - - [03/Mar/2017:11:58:26 -0300] "POST /cormun/servlet/solicitudot?gx-no-cache=1488553176970 HTTP/1.1" 200 1274
186.103.159.182 - - [03/Mar/2017:11:58:26 -0300] "POST /cormun/servlet/solicitudot?gx-no-cache=1488553177052 HTTP/1.1" 200 1157
192.168.10.89 - - [03/Mar/2017:11:58:42 -0300] "POST /cormun/servlet/trsolicitudgral?8d77e722c11e89ad51f0a89ccddea63b,gx-no-cache=1488551406039,gx-no-cache=1488556408387 HTTP/1.1" 200 6917
186.103.159.46 - - [03/Mar/2017:11:58:45 -0300] "POST /cormun/servlet/permisosadjuntos?6f78033c3fe5e309d93f293c48d8f834,INS,13944224,P,20170303125005,, HTTP/1.1" 200 116
186.103.159.46 - - [03/Mar/2017:11:58:45 -0300] "GET /cormun/servlet/hpexe_return? HTTP/1.1" 200 1041
186.103.159.46 - - [03/Mar/2017:11:58:46 -0300] "GET /cormun/servlet/trpermisosadjuntos?13944224,20170303125005,P, HTTP/1.1" 200 6556
192.168.10.89 - - [03/Mar/2017:11:58:47 -0300] "GET /cormun/servlet/solicitudgral2?UPD,2017,4191, HTTP/1.1" 200 12358
186.103.159.46 - - [03/Mar/2017:11:58:47 -0300] "GET /cormun/servlet/trpermisosadjuntos?13944224,20170303125005,P, HTTP/1.1" 200 6553
192.168.10.89 - - [03/Mar/2017:11:58:49 -0300] "POST /cormun/servlet/solicitudgral2?gx-no-cache=1488556414543 HTTP/1.1" 200 3166
192.168.10.89 - - [03/Mar/2017:11:58:49 -0300] "GET /cormun/servlet/solicitudgral2?a6ba28b43049d0d5a4c5057f87c5a7bfc4d24dd1e35c3948291daa51878381fc5c4454f38aa04e9f279b1ed7c7d2a114e04a48b06a52cd331a96bb9204053afd508220351cfeb9a4cafd2e081a063db309adb14d4fee7bc7d36aec10c41f8ac682bcdfa46abab873e46be7dd777d30a0dfc12c4d236f1f9906a7ccbca0b9279288757bef68e255a3d5c2ade5311000aad41df591f54666d1c9816cade9762885f41ffde0edfdc3ac51d0139795aa99b3287840e8a465829c884b21cd8e78eb220738860b1ffe090afc68e8f00da1881e2881e3a939dcd190a1fe9758dda7c5c0cb2a4891f03927bcad2e8d823612cdbacf5a09b95abca66596ac53ba6c5314b8c53f5ca7a6924f6756e0dd32471435745ae45fe9714d14f6efad007f13245adc6399038083875f0b682a1a6effe0d9a0e0ecf055c5c034eacfc9a6331b8a96fb200474fab03587d85c4a9cbe57af2156,gx-no-cache=1488556414760 HTTP/1.1" 200 257
192.168.10.89 - - [03/Mar/2017:11:58:49 -0300] "POST /cormun/servlet/solicitudgral2?gx-no-cache=1488556414791 HTTP/1.1" 200 1354
192.168.10.89 - - [03/Mar/2017:11:58:49 -0300] "GET /cormun/servlet/solicitudgral2?a6ba28b43049d0d5a4c5057f87c5a7bf21be6b0c6c40f29c4525ff5ad561d42b99e02e7675cadf7f25e9ddb192413e76e04a48b06a52cd331a96bb9204053afdffa17559a33011fef1987f121b0aeefeb0a1c126fbc22b96151c7bcd6fe40f7424b842153c1802e162f856d0723c976c,gx-no-cache=1488556414835 HTTP/1.1" 200 41
192.168.10.89 - - [03/Mar/2017:11:58:51 -0300] "POST /cormun/servlet/solicitudgral2?8d77e722c11e89ad51f0a89ccddea63b,UPD,2017,4191,,gx-no-cache=1488556417328 HTTP/1.1" 200 10611
186.79.30.74 - - [03/Mar/2017:11:58:53 -0300] "POST /cormun/servlet/solicitudot?gx-no-cache=1488553205757 HTTP/1.1" 200 3183
186.79.30.74 - - [03/Mar/2017:11:58:54 -0300] "POST /cormun/servlet/solicitudot?51369385d79bf71507035ac2490354f2,INS,0,0,,gx-no-cache=1488553206483 HTTP/1.1" 200 9783
192.168.10.89 - - [03/Mar/2017:11:58:54 -0300] "GET /cormun/servlet/solicitudgral2?a6ba28b43049d0d5a4c5057f87c5a7bfba21978690d0fbfc1a6c679cf227e96d56aa1089df2386d6857bf2ad8175244e52d782fee91b8dc0fea7c70297157f884d3acfaccd6aec43317d40ab19c0c05c6bff3f829d3d3f612b3063e3c437c038c1bde4274a7269ba3e613cc6111435e3481704ce508bde025ec3bf0e092cb5678eb3600b758e93a2c8dba669682f133f8304dc803086547ddb9d10501bdfd6b9,gx-no-cache=1488556419922 HTTP/1.1" 200 29
192.168.10.89 - - [03/Mar/2017:11:58:54 -0300] "POST /cormun/servlet/solicitudgral2?gx-no-cache=1488556419955 HTTP/1.1" 200 1250
192.168.10.89 - - [03/Mar/2017:11:58:54 -0300] "POST /cormun/servlet/solicitudgral2?gx-no-cache=1488556419997 HTTP/1.1" 200 1155
192.168.10.89 - - [03/Mar/2017:11:58:54 -0300] "GET /cormun/servlet/solicitudgral2?a6ba28b43049d0d5a4c5057f87c5a7bf28606ffca01df70a7c494ce7ea270687ce17a242a1e8dfe2c2c2f82ae9143ac17010a9f0c69c693846a78d45660824bea4ee5454d99ace3714df6b97f4e8eec5bfaae13ab138b2d38c415d8b2c5d7aae8c12cab1d30fc34cb573fae2dd00d3da0dec2de54d9b335b39b0582b9a6fa32b,gx-no-cache=1488556420031 HTTP/1.1" 200 30
192.168.10.89 - - [03/Mar/2017:11:58:54 -0300] "POST /cormun/servlet/solicitudgral2?8d77e722c11e89ad51f0a89ccddea63b,UPD,2017,4191,,gx-no-cache=1488556420057 HTTP/1.1" 200 93
192.168.10.89 - - [03/Mar/2017:11:58:54 -0300] "GET /cormun/servlet/hpexe_return? HTTP/1.1" 200 1035
192.168.10.89 - - [03/Mar/2017:11:58:55 -0300] "GET /cormun/servlet/trsolicitudgral?gx-no-cache=1488551406039 HTTP/1.1" 200 10286
186.103.159.182 - - [03/Mar/2017:11:58:55 -0300] "POST /cormun/servlet/solicitudot?gx-no-cache=1488553206094 HTTP/1.1" 200 1274
186.103.159.182 - - [03/Mar/2017:11:58:55 -0300] "POST /cormun/servlet/solicitudot?gx-no-cache=1488553206269 HTTP/1.1" 200 1157
186.79.30.74 - - [03/Mar/2017:11:58:59 -0300] "GET /cormun/servlet/solicitudot?2b94c23ae85e307addf1a085c977c1256bf951e6b2bca375498475dd3dfd72f38abe5650c40e277a4fb607f8cb08aa71,gx-no-cache=1488553212293 HTTP/1.1" 200 30
186.79.30.74 - - [03/Mar/2017:11:58:59 -0300] "POST /cormun/servlet/solicitudot?gx-no-cache=1488553212445 HTTP/1.1" 200 297
186.79.30.74 - - [03/Mar/2017:11:58:59 -0300] "GET /cormun/servlet/solicitudot?2b94c23ae85e307addf1a085c977c125701bfca45037884917a1921ec2099cbf552fcb1038c0855e59f5f01000e1f5b66d21af0dc51030c1f7eb31a8ec430dc14c201abee7bc6e3d98ffe4f5ac2d18326c9e2890deaf3d64d2954e4bd6e2f4b76be7a1b3a3c62ce25a23b6fd1b75f66e8dda4b69b5459458ec845af96c6d483c85ca299ff0a1ea919794634329745187954bb68b6868eca8575a457ff8df21ee8d841b5a160bdd259c028336c9bfcc069bcceb81273881300015a6b9449e73c748b1f4b8e7ea3b79d44b94e243899f3c49331a256b892222648465b12fdb67234890844c4850a18bba1b40df9d554a8628f6ae1110fd323ac21c4099aad2eb651135a1859d9033919049a2e21e9245d33cd8b79c10fde95869e54ce50f187e86f5d21eec7d68b8b19425be710b5457c5070750c09fa3a0a0e48b8216def273b992f7297eead0c84107d03073e6b2f54d43536d25d88f1e22215ff476c94e9a43ba42b8d11526fd6e5386c434c2f48134166a74680837630a2e3b503021383b78697cb1f40eae777ee8bad5cbd374ec33,gx-no-cache=1488553212570 HTTP/1.1" 200 30
186.79.30.74 - - [03/Mar/2017:11:59:03 -0300] "POST /cormun/servlet/solicitudot?gx-no-cache=1488553216213 HTTP/1.1" 200 30
186.103.159.46 - - [03/Mar/2017:11:59:13 -0300] "POST /cormun/servlet/trpermisosadjuntos?6f78033c3fe5e309d93f293c48d8f834,13944224,20170303125005,P,,gx-no-cache=1488553224301 HTTP/1.1" 200 90
186.103.159.46 - - [03/Mar/2017:11:59:13 -0300] "GET /cormun/servlet/hpexe_link HTTP/1.1" 200 988
186.103.159.46 - - [03/Mar/2017:11:59:13 -0300] "GET /cormun/servlet/trpermisosgoce HTTP/1.1" 200 8794
186.103.159.46 - - [03/Mar/2017:11:59:15 -0300] "GET /cormun/servlet/trpermisosgoce HTTP/1.1" 200 8788
186.103.159.182 - - [03/Mar/2017:11:59:17 -0300] "GET /cormun/servlet/solicitudot?7f0570b57a3f2aa593d372dba3f75d4f7d6555ca6880816de6173c13f832d6b627e85636d5986003a3c49e480856ee3d1215d38596b99c16bb4921bea4228e9d63191190f775187eef00a736e46072a75762e2aaf1a0e6dc2a98108616562198fe14f76b0fb7e6738ece0515179feb4b18c8ede8fe8d20769fee6d73d8d17b0a28496af25b66ec6843e0242a537b5931279adb03777e2e6435ce92bcfd70e4170bd64c2703ecf3b40dfae2e938f76b02,gx-no-cache=1488553227773 HTTP/1.1" 200 30
186.103.159.46 - - [03/Mar/2017:11:59:20 -0300] "GET /cormun/servlet/permisogoce?INS,0,,, HTTP/1.1" 200 6535
186.103.159.46 - - [03/Mar/2017:11:59:21 -0300] "GET /cormun/servlet/permisogoce?INS,0,,, HTTP/1.1" 200 6535
186.79.30.74 - - [03/Mar/2017:11:59:29 -0300] "POST /cormun/servlet/solicitudot?gx-no-cache=1488553242059 HTTP/1.1" 200 235
186.79.30.74 - - [03/Mar/2017:11:59:29 -0300] "POST /cormun/servlet/solicitudot?gx-no-cache=1488553242238 HTTP/1.1" 200 38
186.103.159.182 - - [03/Mar/2017:11:59:34 -0300] "POST /cormun/servlet/solicitudot?gx-no-cache=1488553244578 HTTP/1.1" 200 30
186.103.159.46 - - [03/Mar/2017:12:00:00 -0300] "GET /cormun/servlet/permisogoce?c4767e85c9f0001230264730c5a5a83f556c28c38cab1bf54493e6a17181e8667d466e4e170a47c3e477fd9009ec5687,gx-no-cache=1488553271785 HTTP/1.1" 200 78
186.103.159.46 - - [03/Mar/2017:12:00:00 -0300] "GET /cormun/static/menuarrow.gif HTTP/1.1" 404 1015
186.103.157.42 - - [03/Mar/2017:12:00:06 -0300] "GET /cormun/servlet/hlogin HTTP/1.1" 200 1720
186.103.157.42 - - [03/Mar/2017:12:00:09 -0300] "POST /cormun/servlet/hlogin?609b29e05437bd4556466763c9a401f0,gx-no-cache=1488553147330 HTTP/1.1" 200 90
186.103.157.42 - - [03/Mar/2017:12:00:09 -0300] "GET /cormun/servlet/hpexe_link HTTP/1.1" 200 947
186.103.157.42 - - [03/Mar/2017:12:00:09 -0300] "GET /cormun/servlet/hhome HTTP/1.1" 200 4035
186.103.157.42 - - [03/Mar/2017:12:00:10 -0300] "GET /cormun/servlet/hhome HTTP/1.1" 200 4031
186.103.159.46 - - [03/Mar/2017:12:00:11 -0300] "GET /cormun/servlet/permisogoce?c4767e85c9f0001230264730c5a5a83f37353df80dc55fe3b61442114d41b0e902377ae9d2d583b732f863c0b36ea182d1ba5271feedc4f7bdd1034884583c97,gx-no-cache=1488553282612 HTTP/1.1" 200 44
200.54.247.69 - - [03/Mar/2017:12:00:12 -0300] "GET /cormun/servlet/hlogin HTTP/1.1" 200 1716
200.54.247.69 - - [03/Mar/2017:12:00:12 -0300] "GET /cormun/static/gxtimezone.js?85251 HTTP/1.1" 304 -
200.54.247.69 - - [03/Mar/2017:12:00:12 -0300] "GET /cormun/static/gxgral.js?85251 HTTP/1.1" 304 -
200.54.247.69 - - [03/Mar/2017:12:00:12 -0300] "GET /cormun/static/messages.spa.js?85251 HTTP/1.1" 304 -
200.54.247.69 - - [03/Mar/2017:12:00:12 -0300] "GET /cormun/static/gxcfg.js?201612216162538 HTTP/1.1" 304 -
200.54.247.69 - - [03/Mar/2017:12:00:12 -0300] "GET /cormun/static/Resources/Spanish/PXTools.css?167811 HTTP/1.1" 304 -
200.54.247.69 - - [03/Mar/2017:12:00:12 -0300] "GET /cormun/static/Resources/ComunLogin.png HTTP/1.1" 304 -
200.54.247.69 - - [03/Mar/2017:12:00:12 -0300] "GET /cormun/static/hlogin.js?201612216162555 HTTP/1.1" 304 -
200.54.247.69 - - [03/Mar/2017:12:00:12 -0300] "GET /cormun/static/Resources/indicator.gif HTTP/1.1" 304 -
186.103.159.46 - - [03/Mar/2017:12:00:36 -0300] "GET /cormun/servlet/puconsultapgoce?13099025,MD,gxPopupLevel%3D0%3B HTTP/1.1" 200 3778
186.103.159.46 - - [03/Mar/2017:12:00:36 -0300] "GET /cormun/pexe_menus.js HTTP/1.1" 404 1001
186.103.159.46 - - [03/Mar/2017:12:00:36 -0300] "GET /cormun/pexe_layers.js HTTP/1.1" 404 1003
186.103.159.46 - - [03/Mar/2017:12:00:36 -0300] "GET /cormun/pexe_windows.js HTTP/1.1" 404 1005
186.103.159.46 - - [03/Mar/2017:12:00:36 -0300] "GET /cormun/pexe_link.js HTTP/1.1" 404 999
186.103.159.46 - - [03/Mar/2017:12:00:36 -0300] "GET /cormun/pexe_cookies.js HTTP/1.1" 404 1005
186.103.159.46 - - [03/Mar/2017:12:00:37 -0300] "GET /cormun/pexe_grid.js HTTP/1.1" 404 999
186.103.159.46 - - [03/Mar/2017:12:00:37 -0300] "GET /cormun/pexe_griddivfix.js HTTP/1.1" 404 1011
186.103.159.46 - - [03/Mar/2017:12:00:37 -0300] "GET /cormun/pexe_picture.js HTTP/1.1" 404 1005
186.103.159.46 - - [03/Mar/2017:12:00:37 -0300] "GET /cormun/pexe_treedivfix.js HTTP/1.1" 404 1011
186.103.159.46 - - [03/Mar/2017:12:00:37 -0300] "GET /cormun/pexe_autoreload.js HTTP/1.1" 404 1011
186.103.159.46 - - [03/Mar/2017:12:00:37 -0300] "GET /cormun/pexe_menudivfix.js HTTP/1.1" 404 1011
186.103.159.46 - - [03/Mar/2017:12:00:37 -0300] "GET /cormun/pexe_tabdivfix.js HTTP/1.1" 404 1009
186.103.159.46 - - [03/Mar/2017:12:00:38 -0300] "GET /cormun/pexe_menus.js HTTP/1.1" 404 1001
186.103.159.46 - - [03/Mar/2017:12:00:38 -0300] "GET /cormun/pexe_layers.js HTTP/1.1" 404 1003
186.103.159.46 - - [03/Mar/2017:12:00:38 -0300] "GET /cormun/pexe_windows.js HTTP/1.1" 404 1005
186.103.159.46 - - [03/Mar/2017:12:00:38 -0300] "GET /cormun/pexe_link.js HTTP/1.1" 404 999
186.103.159.46 - - [03/Mar/2017:12:00:38 -0300] "GET /cormun/pexe_cookies.js HTTP/1.1" 404 1005
186.103.159.46 - - [03/Mar/2017:12:00:38 -0300] "GET /cormun/pexe_grid.js HTTP/1.1" 404 999
186.103.159.46 - - [03/Mar/2017:12:00:38 -0300] "GET /cormun/pexe_griddivfix.js HTTP/1.1" 404 1011
186.103.159.46 - - [03/Mar/2017:12:00:38 -0300] "GET /cormun/pexe_picture.js HTTP/1.1" 404 1005
186.103.159.46 - - [03/Mar/2017:12:00:38 -0300] "GET /cormun/pexe_treedivfix.js HTTP/1.1" 404 1011
186.103.159.46 - - [03/Mar/2017:12:00:38 -0300] "GET /cormun/pexe_autoreload.js HTTP/1.1" 404 1011
186.103.159.46 - - [03/Mar/2017:12:00:38 -0300] "GET /cormun/pexe_menudivfix.js HTTP/1.1" 404 1011
186.103.159.46 - - [03/Mar/2017:12:00:38 -0300] "GET /cormun/pexe_tabdivfix.js HTTP/1.1" 404 1009
186.103.159.46 - - [03/Mar/2017:12:00:43 -0300] "POST /cormun/servlet/puconsultapgoce?6f78033c3fe5e309d93f293c48d8f834,13099025,MD,gxPopupLevel%3D0%3B,gx-no-cache=1488553314591 HTTP/1.1" 200 60
186.103.159.46 - - [03/Mar/2017:12:00:45 -0300] "POST /cormun/servlet/permisogoce?6f78033c3fe5e309d93f293c48d8f834,INS,0,,,,gx-no-cache=1488553315960 HTTP/1.1" 200 93
186.103.159.46 - - [03/Mar/2017:12:00:45 -0300] "GET /cormun/servlet/hpexe_return? HTTP/1.1" 200 1012
186.103.159.46 - - [03/Mar/2017:12:00:45 -0300] "GET /cormun/servlet/trpermisosgoce HTTP/1.1" 200 8979
200.54.247.69 - - [03/Mar/2017:12:00:46 -0300] "POST /cormun/servlet/hlogin?be4222c3518f3b9b0c84b26a56ed565e,gx-no-cache=1488553316941 HTTP/1.1" 200 90
200.54.247.69 - - [03/Mar/2017:12:00:46 -0300] "GET /cormun/servlet/hpexe_link HTTP/1.1" 200 951
200.54.247.69 - - [03/Mar/2017:12:00:46 -0300] "GET /cormun/servlet/hhome HTTP/1.1" 200 3975
186.103.159.46 - - [03/Mar/2017:12:00:47 -0300] "GET /cormun/servlet/trpermisosgoce HTTP/1.1" 200 8966
186.79.30.74 - - [03/Mar/2017:12:00:48 -0300] "GET /cormun/servlet/solicitudot?2b94c23ae85e307addf1a085c977c1256c9ddf58263f913eae255a8c2465793632c35abbae3876e842d67d0d28dbf5d0f45e4eebd8dc371a45b9911c3b3fdf12c87959e1d83913b98c22dd00dff24de56c7896a4ca75d7d796c9aec9aeb6a481ba6c35c705c7e4f57fff192a14090c37,gx-no-cache=1488553320910 HTTP/1.1" 200 29
186.79.30.74 - - [03/Mar/2017:12:00:48 -0300] "POST /cormun/servlet/solicitudot?gx-no-cache=1488553321041 HTTP/1.1" 200 641
186.79.30.74 - - [03/Mar/2017:12:00:50 -0300] "POST /cormun/servlet/solicitudot?gx-no-cache=1488553323097 HTTP/1.1" 200 1157
186.103.159.46 - - [03/Mar/2017:12:00:51 -0300] "GET /cormun/servlet/permisogoce?INS,0,,, HTTP/1.1" 200 6535
186.103.159.46 - - [03/Mar/2017:12:00:52 -0300] "GET /cormun/servlet/permisogoce?INS,0,,, HTTP/1.1" 200 6535
186.103.159.46 - - [03/Mar/2017:12:00:56 -0300] "GET /cormun/servlet/trpermisosgoce HTTP/1.1" 200 8977
186.103.159.46 - - [03/Mar/2017:12:00:58 -0300] "GET /cormun/servlet/trpermisosgoce HTTP/1.1" 200 8967
186.79.30.74 - - [03/Mar/2017:12:01:07 -0300] "GET /cormun/static/menuarrow.gif HTTP/1.1" 404 1015
186.103.159.46 - - [03/Mar/2017:12:01:08 -0300] "GET /cormun/servlet/trpermisosadjuntos?13099025,20170303125530,P, HTTP/1.1" 200 6100
186.103.159.46 - - [03/Mar/2017:12:01:09 -0300] "GET /cormun/servlet/trpermisosadjuntos?13099025,20170303125530,P, HTTP/1.1" 200 6100
186.103.157.98 - - [03/Mar/2017:12:01:18 -0300] "GET /cormun/servlet/hpexe_return? HTTP/1.1" 200 985
186.103.157.42 - - [03/Mar/2017:12:01:18 -0300] "GET /cormun/servlet/trsolicitudot? HTTP/1.1" 200 7011
186.103.157.42 - - [03/Mar/2017:12:01:18 -0300] "GET /cormun/static/gxcfg.js?20171191044697 HTTP/1.1" 304 -
186.103.157.98 - - [03/Mar/2017:12:01:18 -0300] "GET /cormun/servlet/hhome HTTP/1.1" 200 3302
186.103.157.42 - - [03/Mar/2017:12:01:18 -0300] "GET /cormun/servlet/trsolicitudot? HTTP/1.1" 200 7011
186.103.157.98 - - [03/Mar/2017:12:01:19 -0300] "GET /cormun/servlet/hlogin HTTP/1.1" 200 1731
186.103.157.98 - - [03/Mar/2017:12:01:19 -0300] "GET /cormun/servlet/hhome HTTP/1.1" 200 3298
186.103.157.98 - - [03/Mar/2017:12:01:20 -0300] "POST /cormun/servlet/hlogin?3d4b01d33a3b011e6cef28cb4d9cb60b,gx-no-cache=1488553353461 HTTP/1.1" 200 90
186.103.157.98 - - [03/Mar/2017:12:01:20 -0300] "GET /cormun/servlet/hpexe_link HTTP/1.1" 200 955
186.103.157.98 - - [03/Mar/2017:12:01:20 -0300] "GET /cormun/servlet/hhome HTTP/1.1" 200 4008
186.103.157.98 - - [03/Mar/2017:12:01:21 -0300] "GET /cormun/servlet/hhome HTTP/1.1" 200 4005
186.103.157.42 - - [03/Mar/2017:12:01:22 -0300] "GET /cormun/servlet/solicitudot?INS,0,0, HTTP/1.1" 200 12840
186.103.157.42 - - [03/Mar/2017:12:01:22 -0300] "GET /cormun/static/gxcfg.js?20171191042720 HTTP/1.1" 304 -
186.103.157.42 - - [03/Mar/2017:12:01:23 -0300] "GET /cormun/servlet/solicitudot?INS,0,0, HTTP/1.1" 200 12845
186.103.157.98 - - [03/Mar/2017:12:01:23 -0300] "GET /cormun/servlet/trsolicitudot? HTTP/1.1" 200 6985
186.103.157.98 - - [03/Mar/2017:12:01:24 -0300] "GET /cormun/servlet/trsolicitudot? HTTP/1.1" 200 6984
186.103.159.182 - - [03/Mar/2017:12:01:24 -0300] "POST /cormun/servlet/solicitudot?gx-no-cache=1488553354828 HTTP/1.1" 200 30
186.103.159.182 - - [03/Mar/2017:12:01:25 -0300] "GET /cormun/servlet/prcontratosol?11067642,,,,,MD,,gxPopupLevel%3D0%3B HTTP/1.1" 200 5993
186.79.30.74 - - [03/Mar/2017:12:01:25 -0300] "GET /cormun/servlet/solicitudot?2b94c23ae85e307addf1a085c977c1259db82f627ec33463fb3b08ae2c33ad968be2d1ae6c6b35f66ee7bdec77e3528f042b1060b71b5c1b6d5b24e165df5d0e715fbf0859204bfa0daea15396fbb945ed985842873dd5149396391a366060b16fc79936f9e7d17ac8e56a5537f19f969461c814cd71984c57965fafe2c1a5d23aea17b234a765270c0be76f8236d37aa067a3588f251929b7e8c8bc3da7eb9906e75576013f6bd431984856d3d800f6,gx-no-cache=1488553358715 HTTP/1.1" 200 30
186.103.157.98 - - [03/Mar/2017:12:01:26 -0300] "GET /cormun/servlet/solicitudot?INS,0,0, HTTP/1.1" 200 12811
186.103.157.98 - - [03/Mar/2017:12:01:27 -0300] "GET /cormun/servlet/solicitudot?INS,0,0, HTTP/1.1" 200 12815
186.103.159.182 - - [03/Mar/2017:12:01:29 -0300] "POST /cormun/servlet/solicitudot?gx-no-cache=1488553359675 HTTP/1.1" 200 1291
186.103.159.182 - - [03/Mar/2017:12:01:29 -0300] "POST /cormun/servlet/solicitudot?gx-no-cache=1488553359755 HTTP/1.1" 200 41
186.103.159.182 - - [03/Mar/2017:12:01:29 -0300] "POST /cormun/servlet/solicitudot?gx-no-cache=1488553359801 HTTP/1.1" 200 1274
186.103.159.182 - - [03/Mar/2017:12:01:29 -0300] "POST /cormun/servlet/solicitudot?gx-no-cache=1488553359860 HTTP/1.1" 200 1157
186.103.157.42 - - [03/Mar/2017:12:01:39 -0300] "POST /cormun/servlet/solicitudot?gx-no-cache=1488553237285 HTTP/1.1" 200 3186
186.103.157.42 - - [03/Mar/2017:12:01:39 -0300] "POST /cormun/servlet/solicitudot?609b29e05437bd4556466763c9a401f0,INS,0,0,,gx-no-cache=1488553237457 HTTP/1.1" 200 9968
186.79.30.74 - - [03/Mar/2017:12:01:43 -0300] "POST /cormun/servlet/solicitudot?51369385d79bf71507035ac2490354f2,INS,0,0,,gx-no-cache=1488553376002 HTTP/1.1" 200 93
186.79.30.74 - - [03/Mar/2017:12:01:43 -0300] "GET /cormun/servlet/hpexe_return? HTTP/1.1" 200 1006
186.103.157.42 - - [03/Mar/2017:12:01:44 -0300] "GET /cormun/servlet/solicitudot?4730b4803e8a653e6fa99ecd956e32de88725b031c76f8ed1a42241ec02f8365241f03fd827437d8285d791748f163e4,gx-no-cache=1488553241507 HTTP/1.1" 200 30
186.103.157.42 - - [03/Mar/2017:12:01:44 -0300] "POST /cormun/servlet/solicitudot?gx-no-cache=1488553241655 HTTP/1.1" 200 240
186.103.157.42 - - [03/Mar/2017:12:01:44 -0300] "GET /cormun/servlet/solicitudot?4730b4803e8a653e6fa99ecd956e32dea7de46845820499f96a9cd4f4dd78622ebff3b7bcfe1a4abcd3df0c056e303d0dfc9ee5e004654e98cf9ac1f57442cc10c26f53662d32bfccbdac2ccf07c4756ba35c05b998b794798e5b3b3f87f531b6930640a97dbc1453b70bbf027da2ee4cff53b60e22c833c5998ccd9b51a5d40537153d26d213475609244e21f774e703e5bdb5cde4c0faef2d96c70f27d398cce786bd5a749700b78907524331359901e0c5245bd6ddc822e4900e031811827677194ae170a46a6ebaaf8557aff22ad273dc068f701b5adf9dba1a0f8a8057ee43e1e24bc6cd43310081e49ab6a8eca564bc78de26d19702c5e5f854d042254412c4cb10a233970dd310f8b01e98f0aeea8273ee99e24864b8dbddd7512888018eae775aac4054de7e4e893ea9c05e56292f757daa11ae458d6667d861e4d9a281077ffb426d203063820bcb20a07b2be186d16cdccf3214a72c2692ae61c9990880f8783ade0d2c5f27225647e351a32b1e6e10d9aaf2752d5801095178d6b,gx-no-cache=1488553241723 HTTP/1.1" 200 30
186.79.30.74 - - [03/Mar/2017:12:01:44 -0300] "GET /cormun/servlet/trsolicitudot HTTP/1.1" 200 10998
186.79.30.74 - - [03/Mar/2017:12:01:46 -0300] "GET /cormun/servlet/trsolicitudot HTTP/1.1" 200 10993
186.103.157.42 - - [03/Mar/2017:12:01:48 -0300] "POST /cormun/servlet/solicitudot?gx-no-cache=1488553246285 HTTP/1.1" 200 30
186.103.157.42 - - [03/Mar/2017:12:01:58 -0300] "GET /cormun/servlet/prfichaempleado?,MD,,gxPopupLevel%3D0%3B HTTP/1.1" 200 8933
186.103.157.42 - - [03/Mar/2017:12:01:58 -0300] "GET /cormun/static/gxcfg.js?2016102420561687 HTTP/1.1" 304 -
186.103.159.182 - - [03/Mar/2017:12:02:04 -0300] "POST /cormun/servlet/solicitudot?gx-no-cache=1488553394830 HTTP/1.1" 200 1273
186.103.159.182 - - [03/Mar/2017:12:02:04 -0300] "POST /cormun/servlet/solicitudot?gx-no-cache=1488553395232 HTTP/1.1" 200 1157
186.103.159.182 - - [03/Mar/2017:12:02:04 -0300] "GET /cormun/servlet/solicitudot?7f0570b57a3f2aa593d372dba3f75d4f7d6555ca6880816de6173c13f832d6b6af081b094a76b0950eb746e1811a17ab1215d38596b99c16bb4921bea4228e9d63191190f775187eef00a736e46072a75762e2aaf1a0e6dc2a98108616562198fe14f76b0fb7e6738ece0515179feb4b18c8ede8fe8d20769fee6d73d8d17b0a28496af25b66ec6843e0242a537b5931279adb03777e2e6435ce92bcfd70e417bcac5ac85b3012708c62fdd316343bcb,gx-no-cache=1488553395330 HTTP/1.1" 200 30
186.103.159.182 - - [03/Mar/2017:12:02:05 -0300] "POST /cormun/servlet/solicitudot?8d295ccf9cbef6112ca89b09ea0ac640,INS,0,0,,gx-no-cache=1488553395389 HTTP/1.1" 200 93
186.103.159.182 - - [03/Mar/2017:12:02:05 -0300] "GET /cormun/servlet/hpexe_return? HTTP/1.1" 200 1006
186.103.157.42 - - [03/Mar/2017:12:02:05 -0300] "POST /cormun/servlet/prfichaempleado?609b29e05437bd4556466763c9a401f0,,MD,,gxPopupLevel%3D0%3B,gx-no-cache=1488553262930 HTTP/1.1" 200 3937
186.103.159.182 - - [03/Mar/2017:12:02:05 -0300] "GET /cormun/servlet/trsolicitudot HTTP/1.1" 200 9657
186.103.159.182 - - [03/Mar/2017:12:02:07 -0300] "GET /cormun/servlet/trsolicitudot HTTP/1.1" 200 9653
186.103.157.42 - - [03/Mar/2017:12:02:10 -0300] "GET /cormun/servlet/prlicenciaspermisos?9178795,L,,MD,,gxPopupLevel%3D0%3B HTTP/1.1" 200 7725
186.103.157.42 - - [03/Mar/2017:12:02:10 -0300] "GET /cormun/static/gxcfg.js?2016122619302491 HTTP/1.1" 304 -
186.79.30.74 - - [03/Mar/2017:12:02:11 -0300] "GET /cormun/servlet/solicitudot?INS,0,0, HTTP/1.1" 200 12536
186.79.30.74 - - [03/Mar/2017:12:02:13 -0300] "GET /cormun/servlet/solicitudot?INS,0,0, HTTP/1.1" 200 12541
186.103.159.182 - - [03/Mar/2017:12:02:15 -0300] "GET /cormun/servlet/solicitudot?INS,0,0, HTTP/1.1" 200 12820
186.103.157.42 - - [03/Mar/2017:12:02:15 -0300] "POST /cormun/servlet/solicitudot?gx-no-cache=1488553273363 HTTP/1.1" 200 1292
186.103.159.182 - - [03/Mar/2017:12:02:16 -0300] "GET /cormun/servlet/solicitudot?INS,0,0, HTTP/1.1" 200 12825
186.103.157.42 - - [03/Mar/2017:12:02:20 -0300] "POST /cormun/servlet/solicitudot?gx-no-cache=1488553277723 HTTP/1.1" 200 41
186.103.159.182 - - [03/Mar/2017:12:02:23 -0300] "POST /cormun/servlet/solicitudot?gx-no-cache=1488553414190 HTTP/1.1" 200 3152
186.103.159.182 - - [03/Mar/2017:12:02:24 -0300] "POST /cormun/servlet/solicitudot?8d295ccf9cbef6112ca89b09ea0ac640,INS,0,0,,gx-no-cache=1488553414519 HTTP/1.1" 200 9941
186.103.159.182 - - [03/Mar/2017:12:02:32 -0300] "GET /cormun/servlet/solicitudot?7f0570b57a3f2aa593d372dba3f75d4f7c8fb8bde84ab57af964b4cd61c0296a4b0ebcb258806735472d015063f08e03,gx-no-cache=1488553422631 HTTP/1.1" 200 30
186.103.159.182 - - [03/Mar/2017:12:02:32 -0300] "POST /cormun/servlet/solicitudot?gx-no-cache=1488553422766 HTTP/1.1" 200 255
186.103.159.182 - - [03/Mar/2017:12:02:32 -0300] "GET /cormun/servlet/solicitudot?7f0570b57a3f2aa593d372dba3f75d4f81cfd0d10793362e299add8f855f2b0516b3937ae3e0618c67a1f2ec57272511016bada567f0532b904cc9509d4fcac22d0cc0c60b159c3ec103da40692862da6dd05f237d0eb10864cf09a859357210c6bbb5483b10401697c0f4ed219ae94631c1a4e552844ab26b64e21f2e425b992be17eb0bc8d9910d582da60056ca4e0bd3e012315ee6dac8b573257d03c2df1d8352bb5e1e81d6b0dc9f9845fd504620f0abb7ea19f970b7bbfa2cd3d5bb3ec6b91bae290cfd64a7a52f82196059f89bac26c68b01047f8902cd4443a0c2d6c933057ce9f10dbba69aeb92f8f70d66d36160acb728a3f712bd2fcf6fcaef1673b56584ecbc6278dcfebd7a5248e3d4c69364622c677782821f63fafa069e1026af26c7e2163cbba38f321d3032e67e83b6b7e9e7e96fb7c32845b4fd37982120e83aee2d27a6b22b8940a1b08b2a720c6b6d5de19f08b1c61020c3d758e4effd140795e1e47616fefad5a7396183dac1dc39f01b4b0834e5656c7971aa69cc7,gx-no-cache=1488553422841 HTTP/1.1" 200 30
186.103.159.46 - - [03/Mar/2017:12:02:34 -0300] "GET /cormun/servlet/permisosadjuntos?INS,13099025,P,20170303125530,, HTTP/1.1" 200 5417
186.103.159.46 - - [03/Mar/2017:12:02:35 -0300] "GET /cormun/static/about:blank HTTP/1.1" 404 1011
