186.103.157.98 - - [03/Mar/2017:14:02:38 -0300] "GET /cormun/PrivateTempStorage/cedula_files/cb=gapi.loaded_2 HTTP/1.1" 404 1071
186.103.157.98 - - [03/Mar/2017:14:02:38 -0300] "GET /cormun/PrivateTempStorage/cedula_files/cb=gapi.loaded_0 HTTP/1.1" 404 1071
186.103.157.98 - - [03/Mar/2017:14:02:38 -0300] "GET /cormun/PrivateTempStorage/cedula_files/rs=AA2YrTtGyO8k9tPs2l5PfhvsgWlQp4uhmg HTTP/1.1" 404 1113
186.103.157.98 - - [03/Mar/2017:14:02:38 -0300] "GET /cormun/PrivateTempStorage/cedula_files/saved_resource.html HTTP/1.1" 404 1077
186.103.157.98 - - [03/Mar/2017:14:02:38 -0300] "GET /cormun/PrivateTempStorage/cedula_files/rs=AHGWq9BTScTzMJtuDfg0hOJhPzWnUwqLxw.html HTTP/1.1" 404 1123
186.103.157.98 - - [03/Mar/2017:14:02:38 -0300] "GET /cormun/PrivateTempStorage/cedula_files/saved_resource(8).html HTTP/1.1" 404 1083
186.103.157.98 - - [03/Mar/2017:14:02:38 -0300] "GET /cormun/PrivateTempStorage/cedula_files/saved_resource(9).html HTTP/1.1" 404 1083
186.103.157.98 - - [03/Mar/2017:14:02:38 -0300] "GET /cormun/PrivateTempStorage/upload_00008615.html HTTP/1.1" 200 1779067
186.103.157.98 - - [03/Mar/2017:14:02:38 -0300] "GET /cormun/PrivateTempStorage/cedula_files/widget.html HTTP/1.1" 404 1061
186.103.157.98 - - [03/Mar/2017:14:02:38 -0300] "GET /cormun/PrivateTempStorage/cedula_files/cleardot.gif HTTP/1.1" 404 1063
186.103.157.98 - - [03/Mar/2017:14:02:38 -0300] "GET /cormun/PrivateTempStorage/cedula_files/logo.gif HTTP/1.1" 404 1055
186.103.157.98 - - [03/Mar/2017:14:02:38 -0300] "GET /cormun/PrivateTempStorage/cedula_files/load.html HTTP/1.1" 404 1057
186.103.157.98 - - [03/Mar/2017:14:02:38 -0300] "GET /cormun/PrivateTempStorage/cedula_files/frame2.html HTTP/1.1" 404 1061
186.103.157.98 - - [03/Mar/2017:14:02:38 -0300] "GET /cormun/PrivateTempStorage/cedula_files/photo.jpg HTTP/1.1" 404 1057
186.103.157.98 - - [03/Mar/2017:14:02:38 -0300] "GET /cormun/PrivateTempStorage/cedula_files/cleardot(1).gif HTTP/1.1" 404 1069
186.103.157.98 - - [03/Mar/2017:14:02:38 -0300] "GET /cormun/PrivateTempStorage/cedula_files/profile_mask2.png HTTP/1.1" 404 1073
186.103.157.98 - - [03/Mar/2017:14:02:38 -0300] "GET /cormun/PrivateTempStorage/cedula_files/saved_resource HTTP/1.1" 404 1067
186.103.157.98 - - [03/Mar/2017:14:02:38 -0300] "GET /cormun/PrivateTempStorage/cedula_files/hovercard.html HTTP/1.1" 404 1067
186.103.157.98 - - [03/Mar/2017:14:02:38 -0300] "GET /cormun/PrivateTempStorage/cedula_files/postmessageRelay.html HTTP/1.1" 404 1081
186.103.157.98 - - [03/Mar/2017:14:02:38 -0300] "GET /cormun/PrivateTempStorage/cedula_files/proxy.html HTTP/1.1" 404 1059
186.103.157.98 - - [03/Mar/2017:14:02:38 -0300] "GET /cormun/PrivateTempStorage/cedula_files/frame2(1).html HTTP/1.1" 404 1067
186.103.157.98 - - [03/Mar/2017:14:02:38 -0300] "GET /cormun/PrivateTempStorage/cedula_files/cleardot.gif HTTP/1.1" 404 1063
186.103.157.98 - - [03/Mar/2017:14:02:38 -0300] "GET /cormun/PrivateTempStorage/cedula_files/frame.html HTTP/1.1" 404 1059
186.103.157.98 - - [03/Mar/2017:14:02:38 -0300] "GET /cormun/PrivateTempStorage/cedula_files/icon_3_pdf_x16.png HTTP/1.1" 404 1075
186.103.157.98 - - [03/Mar/2017:14:02:38 -0300] "GET /cormun/PrivateTempStorage/cedula_files/host-js HTTP/1.1" 404 1053
186.103.157.98 - - [03/Mar/2017:14:02:38 -0300] "GET /cormun/PrivateTempStorage/upload_00008615.html HTTP/1.1" 304 -
186.103.157.98 - - [03/Mar/2017:14:02:38 -0300] "GET /cormun/PrivateTempStorage/cedula_files/saved_resource(1) HTTP/1.1" 404 1073
186.103.157.98 - - [03/Mar/2017:14:02:38 -0300] "GET /cormun/PrivateTempStorage/cedula_files/saved_resource(2) HTTP/1.1" 404 1073
186.103.157.98 - - [03/Mar/2017:14:02:38 -0300] "GET /cormun/PrivateTempStorage/cedula_files/saved_resource(3) HTTP/1.1" 404 1073
186.103.157.98 - - [03/Mar/2017:14:02:38 -0300] "GET /cormun/PrivateTempStorage/cedula_files/saved_resource(4) HTTP/1.1" 404 1073
186.103.157.98 - - [03/Mar/2017:14:02:38 -0300] "GET /cormun/PrivateTempStorage/cedula_files/saved_resource(6) HTTP/1.1" 404 1073
186.103.157.98 - - [03/Mar/2017:14:02:38 -0300] "GET /cormun/PrivateTempStorage/cedula_files/saved_resource(5) HTTP/1.1" 404 1073
186.103.157.98 - - [03/Mar/2017:14:02:38 -0300] "GET /cormun/PrivateTempStorage/cedula_files/saved_resource(10).html HTTP/1.1" 404 1085
186.103.157.98 - - [03/Mar/2017:14:02:38 -0300] "GET /cormun/PrivateTempStorage/cedula_files/proxy(1).html HTTP/1.1" 404 1065
186.103.157.98 - - [03/Mar/2017:14:02:39 -0300] "GET /cormun/PrivateTempStorage/cedula_files/no_photo.png HTTP/1.1" 404 1063
186.103.157.98 - - [03/Mar/2017:14:02:39 -0300] "GET /cormun/PrivateTempStorage/cedula_files/cb=gapi.loaded_3 HTTP/1.1" 404 1071
186.103.157.98 - - [03/Mar/2017:14:02:39 -0300] "GET /cormun/PrivateTempStorage/cedula_files/cb=gapi.loaded_2 HTTP/1.1" 404 1071
186.103.157.98 - - [03/Mar/2017:14:02:39 -0300] "GET /cormun/PrivateTempStorage/cedula_files/cb=gapi.loaded_1 HTTP/1.1" 404 1071
186.103.157.98 - - [03/Mar/2017:14:02:39 -0300] "GET /cormun/PrivateTempStorage/cedula_files/cb=gapi.loaded_0 HTTP/1.1" 404 1071
186.103.157.98 - - [03/Mar/2017:14:02:39 -0300] "GET /cormun/PrivateTempStorage/cedula_files/rs=AA2YrTtGyO8k9tPs2l5PfhvsgWlQp4uhmg HTTP/1.1" 404 1113
186.103.157.98 - - [03/Mar/2017:14:02:39 -0300] "GET /cormun/PrivateTempStorage/cedula_files/photo.jpg HTTP/1.1" 404 1057
186.103.157.98 - - [03/Mar/2017:14:02:39 -0300] "GET /cormun/PrivateTempStorage/cedula_files/logo.gif HTTP/1.1" 404 1055
186.103.157.98 - - [03/Mar/2017:14:02:39 -0300] "GET /cormun/PrivateTempStorage/cedula_files/cleardot.gif HTTP/1.1" 404 1063
186.103.157.98 - - [03/Mar/2017:14:02:39 -0300] "GET /cormun/PrivateTempStorage/cedula_files/saved_resource.html HTTP/1.1" 404 1077
186.103.157.98 - - [03/Mar/2017:14:02:39 -0300] "GET /cormun/PrivateTempStorage/cedula_files/rs=AHGWq9BTScTzMJtuDfg0hOJhPzWnUwqLxw.html HTTP/1.1" 404 1123
186.103.157.98 - - [03/Mar/2017:14:02:39 -0300] "GET /cormun/PrivateTempStorage/cedula_files/saved_resource(8).html HTTP/1.1" 404 1083
186.103.157.98 - - [03/Mar/2017:14:02:39 -0300] "GET /cormun/PrivateTempStorage/cedula_files/widget.html HTTP/1.1" 404 1061
186.103.157.98 - - [03/Mar/2017:14:02:39 -0300] "GET /cormun/PrivateTempStorage/cedula_files/saved_resource(9).html HTTP/1.1" 404 1083
186.103.157.98 - - [03/Mar/2017:14:02:39 -0300] "GET /cormun/PrivateTempStorage/cedula_files/load.html HTTP/1.1" 404 1057
186.103.157.98 - - [03/Mar/2017:14:02:39 -0300] "GET /cormun/PrivateTempStorage/cedula_files/frame2.html HTTP/1.1" 404 1061
186.103.157.98 - - [03/Mar/2017:14:02:39 -0300] "GET /cormun/PrivateTempStorage/cedula_files/postmessageRelay.html HTTP/1.1" 404 1081
186.103.157.98 - - [03/Mar/2017:14:02:39 -0300] "GET /cormun/PrivateTempStorage/cedula_files/proxy.html HTTP/1.1" 404 1059
186.103.157.98 - - [03/Mar/2017:14:02:39 -0300] "GET /cormun/PrivateTempStorage/cedula_files/hovercard.html HTTP/1.1" 404 1067
186.103.157.98 - - [03/Mar/2017:14:02:39 -0300] "GET /cormun/PrivateTempStorage/cedula_files/frame2(1).html HTTP/1.1" 404 1067
186.103.157.98 - - [03/Mar/2017:14:02:39 -0300] "GET /cormun/PrivateTempStorage/cedula_files/frame.html HTTP/1.1" 404 1059
186.103.157.98 - - [03/Mar/2017:14:02:39 -0300] "GET /cormun/PrivateTempStorage/cedula_files/saved_resource(1) HTTP/1.1" 404 1073
186.103.157.98 - - [03/Mar/2017:14:02:39 -0300] "GET /cormun/PrivateTempStorage/cedula_files/cleardot(1).gif HTTP/1.1" 404 1069
186.103.157.98 - - [03/Mar/2017:14:02:39 -0300] "GET /cormun/PrivateTempStorage/cedula_files/saved_resource(3) HTTP/1.1" 404 1073
186.103.157.98 - - [03/Mar/2017:14:02:39 -0300] "GET /cormun/PrivateTempStorage/cedula_files/profile_mask2.png HTTP/1.1" 404 1073
186.103.157.98 - - [03/Mar/2017:14:02:39 -0300] "GET /cormun/PrivateTempStorage/cedula_files/saved_resource HTTP/1.1" 404 1067
186.103.157.98 - - [03/Mar/2017:14:02:39 -0300] "GET /cormun/PrivateTempStorage/cedula_files/saved_resource(2) HTTP/1.1" 404 1073
186.103.157.98 - - [03/Mar/2017:14:02:39 -0300] "GET /cormun/PrivateTempStorage/cedula_files/host-js HTTP/1.1" 404 1053
186.103.157.98 - - [03/Mar/2017:14:02:39 -0300] "GET /cormun/PrivateTempStorage/cedula_files/saved_resource(4) HTTP/1.1" 404 1073
186.103.157.98 - - [03/Mar/2017:14:02:39 -0300] "GET /cormun/PrivateTempStorage/cedula_files/icon_3_pdf_x16.png HTTP/1.1" 404 1075
186.103.157.98 - - [03/Mar/2017:14:02:39 -0300] "GET /cormun/PrivateTempStorage/cedula_files/saved_resource(5) HTTP/1.1" 404 1073
186.103.157.98 - - [03/Mar/2017:14:02:39 -0300] "GET /cormun/PrivateTempStorage/cedula_files/saved_resource(6) HTTP/1.1" 404 1073
186.103.157.98 - - [03/Mar/2017:14:02:39 -0300] "GET /cormun/PrivateTempStorage/cedula_files/saved_resource(7) HTTP/1.1" 404 1073
186.103.157.98 - - [03/Mar/2017:14:02:39 -0300] "GET /cormun/PrivateTempStorage/cedula_files/no_photo.png HTTP/1.1" 404 1063
186.103.157.98 - - [03/Mar/2017:14:02:39 -0300] "GET /cormun/PrivateTempStorage/cedula_files/saved_resource(1) HTTP/1.1" 404 1073
186.103.157.98 - - [03/Mar/2017:14:02:39 -0300] "GET /cormun/PrivateTempStorage/cedula_files/proxy(1).html HTTP/1.1" 404 1065
186.103.157.98 - - [03/Mar/2017:14:02:39 -0300] "GET /cormun/PrivateTempStorage/cedula_files/saved_resource(2) HTTP/1.1" 404 1073
186.103.157.98 - - [03/Mar/2017:14:02:39 -0300] "GET /cormun/PrivateTempStorage/cedula_files/saved_resource(10).html HTTP/1.1" 404 1085
201.246.238.190 - - [03/Mar/2017:14:02:41 -0300] "POST /cormun/servlet/trsolicitudot?0ac915fb7097cfe83e9c79fffbf73d9e,,gx-no-cache=1488560628668 HTTP/1.1" 200 6530
186.103.157.98 - - [03/Mar/2017:14:02:43 -0300] "GET /cormun/servlet/solicitudotadjuntos?INS,2017,5147,,1, HTTP/1.1" 200 6039
186.103.157.98 - - [03/Mar/2017:14:02:44 -0300] "GET /cormun/servlet/solicitudotadjuntos?INS,2017,5147,,1, HTTP/1.1" 200 6032
186.103.157.98 - - [03/Mar/2017:14:02:44 -0300] "GET /cormun/servlet/solicitudotadjuntos?dd20ebbe4d24c9a63ce9f7f5a23e00c26ce2f9d2800626452ca0524a0e415f8d83d317d02055ee0c831f4458ecb13bce,gx-no-cache=1488560637709 HTTP/1.1" 200 30
186.103.157.98 - - [03/Mar/2017:14:02:44 -0300] "POST /cormun/servlet/solicitudotadjuntos?06398b07e3b47afa2253ef973111608c,INS,2017,5147,,1,,gx-no-cache=1488560637789 HTTP/1.1" 200 3864
186.103.157.98 - - [03/Mar/2017:14:02:48 -0300] "POST /cormun/servlet/solicitudotadjuntos?06398b07e3b47afa2253ef973111608c,INS,2017,5147,,1,,gx-no-cache=1488560641465 HTTP/1.1" 200 90
186.103.157.98 - - [03/Mar/2017:14:02:48 -0300] "GET /cormun/servlet/hpexe_link HTTP/1.1" 200 984
186.103.157.98 - - [03/Mar/2017:14:02:48 -0300] "GET /cormun/servlet/trsolicitudadjuntos?2017,5147, HTTP/1.1" 200 8979
186.103.157.98 - - [03/Mar/2017:14:02:49 -0300] "GET /cormun/servlet/trsolicitudadjuntos?2017,5147, HTTP/1.1" 200 8981
186.103.157.98 - - [03/Mar/2017:14:03:02 -0300] "POST /cormun/servlet/trsolicitudadjuntos?06398b07e3b47afa2253ef973111608c,2017,5147,,gx-no-cache=1488560655511 HTTP/1.1" 200 90
186.103.157.98 - - [03/Mar/2017:14:03:02 -0300] "GET /cormun/servlet/hpexe_link HTTP/1.1" 200 972
186.103.157.98 - - [03/Mar/2017:14:03:02 -0300] "GET /cormun/servlet/trsolicitudot HTTP/1.1" 200 8257
186.103.157.98 - - [03/Mar/2017:14:03:03 -0300] "GET /cormun/servlet/trsolicitudot HTTP/1.1" 200 8256
201.246.238.190 - - [03/Mar/2017:14:03:03 -0300] "GET /cormun/servlet/trsolicitudot? HTTP/1.1" 200 9305
201.246.238.190 - - [03/Mar/2017:14:03:04 -0300] "GET /cormun/servlet/trsolicitudot? HTTP/1.1" 200 9305
186.103.157.98 - - [03/Mar/2017:14:03:08 -0300] "POST /cormun/servlet/trsolicitudot?06398b07e3b47afa2253ef973111608c,gx-no-cache=1488560660992 HTTP/1.1" 200 4342
186.103.157.98 - - [03/Mar/2017:14:03:08 -0300] "GET /cormun/static/Shared/jqueryui/images/ui-bg_highlight-soft_100_c6c2c8_1x100.png HTTP/1.1" 404 1117
186.103.157.98 - - [03/Mar/2017:14:03:08 -0300] "GET /cormun/static/Shared/jqueryui/images/ui-icons_82798d_256x240.png HTTP/1.1" 404 1089
186.103.157.98 - - [03/Mar/2017:14:03:08 -0300] "GET /cormun/static/Shared/jqueryui/images/ui-bg_flat_55_fafafa_40x100.png HTTP/1.1" 404 1097
186.103.157.98 - - [03/Mar/2017:14:03:08 -0300] "GET /cormun/static/Shared/jqueryui/images/ui-icons_8d78a5_256x240.png HTTP/1.1" 404 1089
186.103.157.98 - - [03/Mar/2017:14:03:08 -0300] "POST /cormun/servlet/trsolicitudot?06398b07e3b47afa2253ef973111608c,gx-no-cache=1488560661201 HTTP/1.1" 200 4123
201.246.238.190 - - [03/Mar/2017:14:03:11 -0300] "POST /cormun/servlet/trsolicitudot?0ac915fb7097cfe83e9c79fffbf73d9e,,gx-no-cache=1488560658444 HTTP/1.1" 200 5223
186.103.157.98 - - [03/Mar/2017:14:03:16 -0300] "GET /cormun/servlet/trautorizarsolicitud? HTTP/1.1" 200 8182
186.103.157.98 - - [03/Mar/2017:14:03:16 -0300] "GET /cormun/servlet/trautorizarsolicitud? HTTP/1.1" 200 8181
186.103.157.98 - - [03/Mar/2017:14:03:33 -0300] "POST /cormun/servlet/trautorizarsolicitud?06398b07e3b47afa2253ef973111608c,,gx-no-cache=1488560686544 HTTP/1.1" 200 4320
186.103.157.98 - - [03/Mar/2017:14:03:33 -0300] "GET /cormun/static/Shared/jqueryui/images/ui-bg_highlight-soft_100_c6c2c8_1x100.png HTTP/1.1" 404 1117
186.103.157.98 - - [03/Mar/2017:14:03:33 -0300] "GET /cormun/static/Shared/jqueryui/images/ui-bg_flat_55_fafafa_40x100.png HTTP/1.1" 404 1097
186.103.157.98 - - [03/Mar/2017:14:03:33 -0300] "GET /cormun/static/Shared/jqueryui/images/ui-icons_8d78a5_256x240.png HTTP/1.1" 404 1089
186.103.157.98 - - [03/Mar/2017:14:03:33 -0300] "GET /cormun/static/Shared/jqueryui/images/ui-icons_82798d_256x240.png HTTP/1.1" 404 1089
186.103.157.98 - - [03/Mar/2017:14:03:33 -0300] "POST /cormun/servlet/trautorizarsolicitud?06398b07e3b47afa2253ef973111608c,,gx-no-cache=1488560686749 HTTP/1.1" 200 4102
186.103.157.98 - - [03/Mar/2017:14:03:40 -0300] "GET /cormun/servlet/trsolicitudot? HTTP/1.1" 200 6978
186.103.157.98 - - [03/Mar/2017:14:03:40 -0300] "GET /cormun/servlet/trsolicitudot? HTTP/1.1" 200 6978
201.246.238.190 - - [03/Mar/2017:14:03:50 -0300] "GET /cormun/servlet/trsolicitudot? HTTP/1.1" 200 7990
201.246.238.190 - - [03/Mar/2017:14:03:50 -0300] "GET /cormun/servlet/trsolicitudot? HTTP/1.1" 200 7990
201.246.238.190 - - [03/Mar/2017:14:03:54 -0300] "GET /cormun/servlet/solicitudot?INS,0,0, HTTP/1.1" 200 12573
201.246.238.190 - - [03/Mar/2017:14:03:54 -0300] "GET /cormun/servlet/solicitudot?INS,0,0, HTTP/1.1" 200 12578
201.246.238.190 - - [03/Mar/2017:14:04:10 -0300] "POST /cormun/servlet/solicitudot?gx-no-cache=1488560717125 HTTP/1.1" 200 3154
201.246.238.190 - - [03/Mar/2017:14:04:10 -0300] "POST /cormun/servlet/solicitudot?0ac915fb7097cfe83e9c79fffbf73d9e,INS,0,0,,gx-no-cache=1488560717608 HTTP/1.1" 200 9764
201.246.238.190 - - [03/Mar/2017:14:04:11 -0300] "GET /cormun/servlet/solicitudot?56331e3af699c9dfdf2e32ef2db2035e14781a5f4374817db5b8b45f12d4738217d619e06acba37f0ef19919ae37d5dc,gx-no-cache=1488560718134 HTTP/1.1" 200 30
186.103.157.42 - - [03/Mar/2017:14:04:22 -0300] "GET /cormun/servlet/trsolicitudot? HTTP/1.1" 200 6055
186.103.157.42 - - [03/Mar/2017:14:04:23 -0300] "GET /cormun/servlet/hlogin HTTP/1.1" 200 1739
186.103.157.42 - - [03/Mar/2017:14:04:23 -0300] "GET /cormun/servlet/trsolicitudot? HTTP/1.1" 200 6048
186.103.157.42 - - [03/Mar/2017:14:04:25 -0300] "POST /cormun/servlet/hlogin?483b4c203aea77f764bf390b5839ebb7,gx-no-cache=1488560602683 HTTP/1.1" 200 90
186.103.157.42 - - [03/Mar/2017:14:04:25 -0300] "GET /cormun/servlet/hpexe_link HTTP/1.1" 200 960
186.103.157.42 - - [03/Mar/2017:14:04:25 -0300] "GET /cormun/servlet/trsolicitudot HTTP/1.1" 200 6841
186.103.157.98 - - [03/Mar/2017:14:04:25 -0300] "GET /cormun/servlet/solicitudot?INS,0,0, HTTP/1.1" 200 12811
186.103.157.42 - - [03/Mar/2017:14:04:25 -0300] "GET /cormun/servlet/trsolicitudot HTTP/1.1" 200 6841
186.103.157.98 - - [03/Mar/2017:14:04:25 -0300] "GET /cormun/servlet/solicitudot?INS,0,0, HTTP/1.1" 200 12816
186.103.157.42 - - [03/Mar/2017:14:04:30 -0300] "GET /cormun/static/menuarrow.gif HTTP/1.1" 404 1015
201.246.238.190 - - [03/Mar/2017:14:04:35 -0300] "POST /cormun/servlet/solicitudot?gx-no-cache=1488560722438 HTTP/1.1" 500 4108
186.103.157.42 - - [03/Mar/2017:14:04:36 -0300] "POST /cormun/servlet/trsolicitudot?483b4c203aea77f764bf390b5839ebb7,gx-no-cache=1488560614134 HTTP/1.1" 200 5248
186.103.157.98 - - [03/Mar/2017:14:04:37 -0300] "POST /cormun/servlet/solicitudot?gx-no-cache=1488560750887 HTTP/1.1" 200 3178
186.103.157.98 - - [03/Mar/2017:14:04:38 -0300] "POST /cormun/servlet/solicitudot?06398b07e3b47afa2253ef973111608c,INS,0,0,,gx-no-cache=1488560751068 HTTP/1.1" 200 9962
186.103.157.98 - - [03/Mar/2017:14:04:41 -0300] "GET /cormun/servlet/solicitudot?dd20ebbe4d24c9a63ce9f7f5a23e00c200b43134aa0c92ce84c410a11bc8d18217ce50820741be394b120d19168c4b42,gx-no-cache=1488560754160 HTTP/1.1" 200 30
186.103.157.98 - - [03/Mar/2017:14:04:41 -0300] "POST /cormun/servlet/solicitudot?gx-no-cache=1488560754235 HTTP/1.1" 200 255
186.103.157.98 - - [03/Mar/2017:14:04:41 -0300] "GET /cormun/servlet/solicitudot?dd20ebbe4d24c9a63ce9f7f5a23e00c20b253d80f1a2209352ca38a5a582da1f404a0127a1bbe56d3682505d43abb48d031dd1527fe966f0569a60139a04be9aeee315f9b008ba9a6b26086e8c3378e579a58a21d497be6e778a746b70fcf14ff57b7d7762e7e57f21e6871a8b384b21183b116be51a6b0d02e67639658e916e60db4815c3978974f2114a6b93952d65d9c0111bafb0cfc705a3907ed77075a00c18d0de6fde9e5463a5e24ca4688657ceee4ec101d8ad8d8762a43875b8cc609b92c238b98c6ad0fbe86c9392e6f85feaa81f85c15b181ba02aa3fc7ac53f922312d54e474ea5c6d2b61edefb9fb40dc162e7af7880cbd1758440112ff281e557b0df765d66d9fddcafc4e87e94b0d052d669a7724f487f4a69f9e37245f26e3a873f8c185acb08b708b12ee1ef82fcf6561e65699e94774fcaabef24c0d066df7113f2519677999b3efe9560dcf9689978af515c6fe63fc4ac92a5dc28a4b991d37fc92444e3c51aec8fdd9b539b5c78e3c7f48dd5d05df3e87630566fd1f7,gx-no-cache=1488560754294 HTTP/1.1" 200 30
186.103.157.42 - - [03/Mar/2017:14:04:43 -0300] "POST /cormun/servlet/trsolicitudot?483b4c203aea77f764bf390b5839ebb7,gx-no-cache=1488560620987 HTTP/1.1" 200 6695
186.103.157.98 - - [03/Mar/2017:14:05:09 -0300] "POST /cormun/servlet/solicitudot?gx-no-cache=1488560782175 HTTP/1.1" 200 30
186.103.157.98 - - [03/Mar/2017:14:05:13 -0300] "GET /cormun/static/Resources/resize.gif HTTP/1.1" 200 77
186.103.157.98 - - [03/Mar/2017:14:05:13 -0300] "GET /cormun/servlet/prsolicitudot?17521826,,,,,MD,,gxPopupLevel%3D0%3B HTTP/1.1" 200 5964
186.103.157.98 - - [03/Mar/2017:14:05:13 -0300] "GET /cormun/static/gxcfg.js?20161221854215 HTTP/1.1" 200 953
186.103.157.98 - - [03/Mar/2017:14:05:13 -0300] "GET /cormun/static/Resources/PXToolsMenuSearch.png HTTP/1.1" 200 2914
186.103.157.98 - - [03/Mar/2017:14:05:13 -0300] "GET /cormun/static/Resources/PXToolsMenuSearchCancel.png HTTP/1.1" 200 2972
186.103.157.98 - - [03/Mar/2017:14:05:13 -0300] "GET /cormun/static/prsolicitudot.js?201612218542259 HTTP/1.1" 200 13680
186.103.157.98 - - [03/Mar/2017:14:05:13 -0300] "GET /cormun/static/menusearch.js?201610171694467 HTTP/1.1" 200 1424
186.103.157.98 - - [03/Mar/2017:14:05:13 -0300] "GET /cormun/static/hmpwkw011.js?201612218515582 HTTP/1.1" 200 1968
192.168.10.60 - - [03/Mar/2017:14:05:21 -0300] "POST /cormun/servlet/trautorizarot?9573081772c11b239109c468c5720937,,gx-no-cache=1488559988549 HTTP/1.1" 200 14528
186.103.157.42 - - [03/Mar/2017:14:05:36 -0300] "POST /cormun/servlet/trsolicitudot?483b4c203aea77f764bf390b5839ebb7,gx-no-cache=1488560673644 HTTP/1.1" 200 10762
186.103.157.42 - - [03/Mar/2017:14:05:48 -0300] "POST /cormun/servlet/trsolicitudot?483b4c203aea77f764bf390b5839ebb7,gx-no-cache=1488560685866 HTTP/1.1" 200 6695
192.168.10.60 - - [03/Mar/2017:14:06:09 -0300] "POST /cormun/servlet/trautorizarot?9573081772c11b239109c468c5720937,,gx-no-cache=1488560035755 HTTP/1.1" 200 12407
192.168.10.60 - - [03/Mar/2017:14:06:13 -0300] "POST /cormun/servlet/trautorizarot?9573081772c11b239109c468c5720937,,gx-no-cache=1488560040473 HTTP/1.1" 200 12074
186.103.157.42 - - [03/Mar/2017:14:06:18 -0300] "POST /cormun/servlet/trsolicitudot?483b4c203aea77f764bf390b5839ebb7,gx-no-cache=1488560716384 HTTP/1.1" 200 10762
186.103.157.42 - - [03/Mar/2017:14:06:24 -0300] "POST /cormun/servlet/trsolicitudot?483b4c203aea77f764bf390b5839ebb7,gx-no-cache=1488560722131 HTTP/1.1" 200 6694
186.103.157.42 - - [03/Mar/2017:14:06:26 -0300] "POST /cormun/servlet/trsolicitudot?483b4c203aea77f764bf390b5839ebb7,gx-no-cache=1488560723524 HTTP/1.1" 200 6695
186.103.157.98 - - [03/Mar/2017:14:06:43 -0300] "POST /cormun/servlet/solicitudot?gx-no-cache=1488560876154 HTTP/1.1" 200 235
186.103.157.98 - - [03/Mar/2017:14:06:43 -0300] "POST /cormun/servlet/solicitudot?gx-no-cache=1488560876219 HTTP/1.1" 200 38
186.103.157.98 - - [03/Mar/2017:14:06:43 -0300] "GET /cormun/servlet/solicitudot?dd20ebbe4d24c9a63ce9f7f5a23e00c2f0f6d0f42ed6ace68b1b2231ec07839f29d06d14a25f3a41620543491aec4ee1a5001422c5df4ac6838a4d07eb05b9123dfe57ae6750a4bf5d23be0028dda73de4aa73a958b351967f7c678e851bf3d753746811fec31d0d9c04e1bac558b6596fe1050bf9954db1cfc59b139e007b5b018f6062ad473132aca44475aa21bcb31ace31812e2bd67d3b7903eed6b50063,gx-no-cache=1488560876247 HTTP/1.1" 200 29
186.103.157.98 - - [03/Mar/2017:14:06:43 -0300] "POST /cormun/servlet/solicitudot?gx-no-cache=1488560876294 HTTP/1.1" 200 643
186.103.157.98 - - [03/Mar/2017:14:06:43 -0300] "POST /cormun/servlet/solicitudot?gx-no-cache=1488560876330 HTTP/1.1" 200 518
192.168.10.60 - - [03/Mar/2017:14:06:43 -0300] "POST /cormun/servlet/trautorizarot?9573081772c11b239109c468c5720937,,gx-no-cache=1488560070677 HTTP/1.1" 200 7856
186.103.157.98 - - [03/Mar/2017:14:06:49 -0300] "GET /cormun/servlet/prsolicitudot?17521826,,,,,MD,,gxPopupLevel%3D0%3B HTTP/1.1" 200 5964
192.168.10.60 - - [03/Mar/2017:14:06:52 -0300] "POST /cormun/servlet/trautorizarot?9573081772c11b239109c468c5720937,,gx-no-cache=1488560079828 HTTP/1.1" 200 7477
192.168.10.60 - - [03/Mar/2017:14:07:22 -0300] "POST /cormun/servlet/trautorizarot?9573081772c11b239109c468c5720937,,gx-no-cache=1488560109050 HTTP/1.1" 200 5172
192.168.10.60 - - [03/Mar/2017:14:07:31 -0300] "POST /cormun/servlet/trautorizarot?9573081772c11b239109c468c5720937,,gx-no-cache=1488560118166 HTTP/1.1" 200 8722
192.168.10.60 - - [03/Mar/2017:14:07:45 -0300] "POST /cormun/servlet/trautorizarot?9573081772c11b239109c468c5720937,,gx-no-cache=1488560132205 HTTP/1.1" 200 5153
186.103.157.98 - - [03/Mar/2017:14:08:01 -0300] "GET /cormun/servlet/trsolicitudot? HTTP/1.1" 200 6978
186.103.157.98 - - [03/Mar/2017:14:08:01 -0300] "GET /cormun/servlet/trsolicitudot? HTTP/1.1" 200 6978
186.103.157.98 - - [03/Mar/2017:14:08:05 -0300] "GET /cormun/servlet/trautorizarsolicitud? HTTP/1.1" 200 6932
186.103.157.98 - - [03/Mar/2017:14:08:05 -0300] "GET /cormun/servlet/trautorizarsolicitud? HTTP/1.1" 200 6931
186.103.157.98 - - [03/Mar/2017:14:08:12 -0300] "GET /cormun/servlet/trsolicitudot? HTTP/1.1" 200 6978
186.103.157.98 - - [03/Mar/2017:14:08:12 -0300] "GET /cormun/servlet/trsolicitudot? HTTP/1.1" 200 6978
186.103.157.98 - - [03/Mar/2017:14:08:15 -0300] "GET /cormun/servlet/solicitudot?INS,0,0, HTTP/1.1" 200 12811
186.103.157.98 - - [03/Mar/2017:14:08:15 -0300] "GET /cormun/servlet/solicitudot?INS,0,0, HTTP/1.1" 200 12816
186.103.157.98 - - [03/Mar/2017:14:08:29 -0300] "POST /cormun/servlet/solicitudot?gx-no-cache=1488560982121 HTTP/1.1" 200 3178
186.103.157.98 - - [03/Mar/2017:14:08:29 -0300] "POST /cormun/servlet/solicitudot?06398b07e3b47afa2253ef973111608c,INS,0,0,,gx-no-cache=1488560982431 HTTP/1.1" 200 9962
186.103.157.98 - - [03/Mar/2017:14:08:36 -0300] "GET /cormun/servlet/solicitudot?dd20ebbe4d24c9a63ce9f7f5a23e00c200b43134aa0c92ce84c410a11bc8d18217ce50820741be394b120d19168c4b42,gx-no-cache=1488560989306 HTTP/1.1" 200 30
186.103.157.98 - - [03/Mar/2017:14:08:36 -0300] "POST /cormun/servlet/solicitudot?gx-no-cache=1488560989383 HTTP/1.1" 200 255
186.103.157.98 - - [03/Mar/2017:14:08:36 -0300] "GET /cormun/servlet/solicitudot?dd20ebbe4d24c9a63ce9f7f5a23e00c20b253d80f1a2209352ca38a5a582da1f404a0127a1bbe56d3682505d43abb48d031dd1527fe966f0569a60139a04be9aeee315f9b008ba9a6b26086e8c3378e579a58a21d497be6e778a746b70fcf14ff57b7d7762e7e57f21e6871a8b384b21183b116be51a6b0d02e67639658e916e60db4815c3978974f2114a6b93952d65d9c0111bafb0cfc705a3907ed77075a00c18d0de6fde9e5463a5e24ca4688657ceee4ec101d8ad8d8762a43875b8cc609b92c238b98c6ad0fbe86c9392e6f85feaa81f85c15b181ba02aa3fc7ac53f922312d54e474ea5c6d2b61edefb9fb40dc162e7af7880cbd1758440112ff281e557b0df765d66d9fddcafc4e87e94b0d052d669a7724f487f4a69f9e37245f26e3a873f8c185acb08b708b12ee1ef82fcf6561e65699e94774fcaabef24c0d066df7113f2519677999b3efe9560dcf9689978af515c6fe63fc4ac92a5dc28a4b991d37fc92444e3c51aec8fdd9b539b5c78e3c7f48dd5d05df3e87630566fd1f7,gx-no-cache=1488560989465 HTTP/1.1" 200 30
192.168.10.62 - - [03/Mar/2017:14:08:38 -0300] "GET /cormun/servlet/trsolicitudgral? HTTP/1.1" 200 24479
186.103.157.98 - - [03/Mar/2017:14:08:38 -0300] "POST /cormun/servlet/solicitudot?gx-no-cache=1488560991938 HTTP/1.1" 200 30
192.168.10.62 - - [03/Mar/2017:14:08:39 -0300] "GET /cormun/servlet/trsolicitudgral? HTTP/1.1" 200 24478
186.103.157.98 - - [03/Mar/2017:14:08:40 -0300] "GET /cormun/servlet/prsolicitudot?17521826,,,,,MD,,gxPopupLevel%3D0%3B HTTP/1.1" 200 5964
192.168.10.62 - - [03/Mar/2017:14:08:50 -0300] "POST /cormun/servlet/trsolicitudgral?69ec9fa26a7a19bd9e88ea2a35955c8f,,gx-no-cache=1488564216030 HTTP/1.1" 200 11599
192.168.10.62 - - [03/Mar/2017:14:09:11 -0300] "POST /cormun/servlet/trsolicitudgral?69ec9fa26a7a19bd9e88ea2a35955c8f,,gx-no-cache=1488564236288 HTTP/1.1" 200 105
192.168.10.62 - - [03/Mar/2017:14:09:11 -0300] "GET /cormun/SolicitudGral-5043.xls HTTP/1.1" 200 12288
186.103.157.42 - - [03/Mar/2017:14:09:15 -0300] "POST /cormun/servlet/trsolicitudot?483b4c203aea77f764bf390b5839ebb7,gx-no-cache=1488560893260 HTTP/1.1" 200 10762
192.168.10.62 - - [03/Mar/2017:14:09:17 -0300] "GET /cormun/static/menuarrow.gif HTTP/1.1" 404 1015
192.168.10.62 - - [03/Mar/2017:14:09:21 -0300] "POST /cormun/servlet/trsolicitudgral?69ec9fa26a7a19bd9e88ea2a35955c8f,,gx-no-cache=1488564246724 HTTP/1.1" 200 11844
186.103.157.42 - - [03/Mar/2017:14:09:24 -0300] "GET /cormun/servlet/treventos?2017,4088, HTTP/1.1" 200 7766
186.103.157.42 - - [03/Mar/2017:14:09:24 -0300] "GET /cormun/static/gxcfg.js?2016101716195975 HTTP/1.1" 200 953
186.103.157.42 - - [03/Mar/2017:14:09:24 -0300] "GET /cormun/static/treventos.js?201610171620222 HTTP/1.1" 200 16055
186.103.157.42 - - [03/Mar/2017:14:09:25 -0300] "GET /cormun/servlet/treventos?2017,4088, HTTP/1.1" 200 7772
192.168.10.62 - - [03/Mar/2017:14:09:30 -0300] "POST /cormun/servlet/trsolicitudgral?69ec9fa26a7a19bd9e88ea2a35955c8f,,gx-no-cache=1488564256092 HTTP/1.1" 200 105
192.168.10.62 - - [03/Mar/2017:14:09:30 -0300] "GET /cormun/SolicitudGral-5347.xls HTTP/1.1" 200 12800
186.103.157.42 - - [03/Mar/2017:14:09:37 -0300] "GET /cormun/servlet/trsolicitudot HTTP/1.1" 200 13750
186.103.157.42 - - [03/Mar/2017:14:09:38 -0300] "GET /cormun/servlet/trsolicitudot HTTP/1.1" 200 13748
186.103.157.42 - - [03/Mar/2017:14:09:41 -0300] "GET /cormun/servlet/vesolicitudot?2017,4229,, HTTP/1.1" 200 8250
186.103.157.42 - - [03/Mar/2017:14:09:41 -0300] "GET /cormun/pexe_scrolldiv.js HTTP/1.1" 404 1009
186.103.157.42 - - [03/Mar/2017:14:09:41 -0300] "GET /cormun/pexe_scrolldiv.js HTTP/1.1" 404 1009
186.103.157.42 - - [03/Mar/2017:14:09:41 -0300] "GET /cormun/servlet/vesolicitudot?2017,4229,, HTTP/1.1" 200 8249
186.103.157.98 - - [03/Mar/2017:14:09:43 -0300] "POST /cormun/servlet/solicitudot?gx-no-cache=1488561056135 HTTP/1.1" 200 235
186.103.157.98 - - [03/Mar/2017:14:09:43 -0300] "POST /cormun/servlet/solicitudot?gx-no-cache=1488561056265 HTTP/1.1" 200 38
186.103.157.98 - - [03/Mar/2017:14:09:43 -0300] "GET /cormun/servlet/solicitudot?dd20ebbe4d24c9a63ce9f7f5a23e00c2f0f6d0f42ed6ace68b1b2231ec07839f29d06d14a25f3a41620543491aec4ee1a5001422c5df4ac6838a4d07eb05b9123dfe57ae6750a4bf5d23be0028dda73de4aa73a958b351967f7c678e851bf3d753746811fec31d0d9c04e1bac558b6596fe1050bf9954db1cfc59b139e007b5b018f6062ad473132aca44475aa21bcb31ace31812e2bd67d3b7903eed6b50063,gx-no-cache=1488561056331 HTTP/1.1" 200 29
186.103.157.98 - - [03/Mar/2017:14:09:43 -0300] "POST /cormun/servlet/solicitudot?gx-no-cache=1488561056413 HTTP/1.1" 200 643
186.103.157.98 - - [03/Mar/2017:14:09:43 -0300] "POST /cormun/servlet/solicitudot?gx-no-cache=1488561056459 HTTP/1.1" 200 518
186.103.157.42 - - [03/Mar/2017:14:09:43 -0300] "GET /cormun/servlet/trsolicitudot HTTP/1.1" 200 13750
186.103.157.42 - - [03/Mar/2017:14:09:44 -0300] "GET /cormun/servlet/trsolicitudot HTTP/1.1" 200 13748
186.103.157.42 - - [03/Mar/2017:14:09:51 -0300] "POST /cormun/servlet/trsolicitudot?483b4c203aea77f764bf390b5839ebb7,gx-no-cache=1488560929326 HTTP/1.1" 200 7018
186.103.157.42 - - [03/Mar/2017:14:09:55 -0300] "GET /cormun/servlet/treventos?2017,4883, HTTP/1.1" 200 7857
186.103.157.42 - - [03/Mar/2017:14:09:55 -0300] "GET /cormun/servlet/treventos?2017,4883, HTTP/1.1" 200 7863
186.103.157.42 - - [03/Mar/2017:14:09:59 -0300] "GET /cormun/servlet/trsolicitudot HTTP/1.1" 200 9964
186.103.157.42 - - [03/Mar/2017:14:09:59 -0300] "GET /cormun/servlet/trsolicitudot HTTP/1.1" 200 9962
186.103.157.42 - - [03/Mar/2017:14:10:01 -0300] "GET /cormun/servlet/treventos?2017,4880, HTTP/1.1" 200 7854
186.103.157.42 - - [03/Mar/2017:14:10:01 -0300] "GET /cormun/servlet/treventos?2017,4880, HTTP/1.1" 200 7860
186.103.157.42 - - [03/Mar/2017:14:10:03 -0300] "GET /cormun/servlet/trsolicitudot HTTP/1.1" 200 9964
186.103.157.42 - - [03/Mar/2017:14:10:04 -0300] "GET /cormun/servlet/trsolicitudot HTTP/1.1" 200 9962
186.103.157.42 - - [03/Mar/2017:14:10:06 -0300] "GET /cormun/servlet/treventos?2017,4824, HTTP/1.1" 200 7849
186.103.157.42 - - [03/Mar/2017:14:10:06 -0300] "GET /cormun/servlet/treventos?2017,4824, HTTP/1.1" 200 7856
186.103.157.42 - - [03/Mar/2017:14:10:08 -0300] "GET /cormun/servlet/trsolicitudot HTTP/1.1" 200 9964
186.103.157.42 - - [03/Mar/2017:14:10:09 -0300] "GET /cormun/servlet/trsolicitudot HTTP/1.1" 200 9962
186.103.157.42 - - [03/Mar/2017:14:10:11 -0300] "GET /cormun/servlet/treventos?2017,4122, HTTP/1.1" 200 7641
186.103.157.42 - - [03/Mar/2017:14:10:11 -0300] "GET /cormun/servlet/treventos?2017,4122, HTTP/1.1" 200 7640
186.103.157.42 - - [03/Mar/2017:14:10:13 -0300] "GET /cormun/servlet/trsolicitudot HTTP/1.1" 200 9964
186.103.157.42 - - [03/Mar/2017:14:10:14 -0300] "GET /cormun/servlet/trsolicitudot HTTP/1.1" 200 9962
186.103.157.42 - - [03/Mar/2017:14:10:16 -0300] "GET /cormun/servlet/treventos?2017,4120, HTTP/1.1" 200 7642
186.103.157.42 - - [03/Mar/2017:14:10:16 -0300] "GET /cormun/servlet/treventos?2017,4120, HTTP/1.1" 200 7641
186.103.157.42 - - [03/Mar/2017:14:10:18 -0300] "GET /cormun/servlet/trsolicitudot HTTP/1.1" 200 9964
186.103.157.42 - - [03/Mar/2017:14:10:19 -0300] "GET /cormun/servlet/trsolicitudot HTTP/1.1" 200 9962
186.103.157.42 - - [03/Mar/2017:14:10:19 -0300] "GET /cormun/servlet/hlogin HTTP/1.1" 200 1739
192.168.10.62 - - [03/Mar/2017:14:11:34 -0300] "GET /cormun/servlet/trconsultaempleado? HTTP/1.1" 200 6158
192.168.10.62 - - [03/Mar/2017:14:11:35 -0300] "GET /cormun/servlet/trconsultaempleado? HTTP/1.1" 200 6157
192.168.10.62 - - [03/Mar/2017:14:11:39 -0300] "POST /cormun/servlet/trconsultaempleado?69ec9fa26a7a19bd9e88ea2a35955c8f,,gx-no-cache=1488564384870 HTTP/1.1" 200 3988
192.168.10.62 - - [03/Mar/2017:14:11:47 -0300] "POST /cormun/servlet/trconsultaempleado?69ec9fa26a7a19bd9e88ea2a35955c8f,,gx-no-cache=1488564392576 HTTP/1.1" 200 6538
192.168.10.62 - - [03/Mar/2017:14:11:58 -0300] "POST /cormun/servlet/trconsultaempleado?69ec9fa26a7a19bd9e88ea2a35955c8f,,gx-no-cache=1488564404161 HTTP/1.1" 200 3754
192.168.10.62 - - [03/Mar/2017:14:12:35 -0300] "POST /cormun/servlet/trconsultaempleado?69ec9fa26a7a19bd9e88ea2a35955c8f,,gx-no-cache=1488564441120 HTTP/1.1" 200 3750
192.168.10.62 - - [03/Mar/2017:14:12:42 -0300] "POST /cormun/servlet/trconsultaempleado?69ec9fa26a7a19bd9e88ea2a35955c8f,,gx-no-cache=1488564447887 HTTP/1.1" 200 4036
192.168.10.62 - - [03/Mar/2017:14:12:44 -0300] "GET /cormun/servlet/trsolicitudnombre?15465221, HTTP/1.1" 200 7384
192.168.10.62 - - [03/Mar/2017:14:12:44 -0300] "GET /cormun/servlet/trsolicitudnombre?15465221, HTTP/1.1" 200 7387
192.168.10.62 - - [03/Mar/2017:14:12:47 -0300] "GET /cormun/servlet/vesolicitudnombre?2017,3586,, HTTP/1.1" 200 7996
192.168.10.62 - - [03/Mar/2017:14:12:47 -0300] "GET /cormun/pexe_scrolldiv.js HTTP/1.1" 404 1009
192.168.10.62 - - [03/Mar/2017:14:12:47 -0300] "GET /cormun/pexe_scrolldiv.js HTTP/1.1" 404 1009
192.168.10.62 - - [03/Mar/2017:14:12:47 -0300] "GET /cormun/servlet/vesolicitudnombre?2017,3586,, HTTP/1.1" 200 7990
200.86.95.220 - - [03/Mar/2017:14:12:54 -0300] "GET /cormun/servlet/hlogin HTTP/1.1" 200 1721
200.86.95.220 - - [03/Mar/2017:14:12:54 -0300] "GET /cormun/static/gxcfg.js?201612216162538 HTTP/1.1" 304 -
200.86.95.220 - - [03/Mar/2017:14:13:04 -0300] "POST /cormun/servlet/hlogin?481fdca60454d1ba5ecee3339b6e4a03,gx-no-cache=1488561253829 HTTP/1.1" 200 90
200.86.95.220 - - [03/Mar/2017:14:13:04 -0300] "GET /cormun/servlet/hpexe_link HTTP/1.1" 200 956
200.86.95.220 - - [03/Mar/2017:14:13:04 -0300] "GET /cormun/static/gxcfg.js?201612218515529 HTTP/1.1" 304 -
200.86.95.220 - - [03/Mar/2017:14:13:04 -0300] "GET /cormun/servlet/hhome HTTP/1.1" 200 3765
200.86.95.220 - - [03/Mar/2017:14:13:04 -0300] "GET /cormun/static/gxcfg.js?201612218515568 HTTP/1.1" 304 -
200.86.95.220 - - [03/Mar/2017:14:13:05 -0300] "GET /cormun/servlet/hhome HTTP/1.1" 200 3761
200.86.95.220 - - [03/Mar/2017:14:13:09 -0300] "GET /cormun/servlet/trsolicitudot? HTTP/1.1" 200 6724
200.86.95.220 - - [03/Mar/2017:14:13:09 -0300] "GET /cormun/static/gxcfg.js?20171191044697 HTTP/1.1" 304 -
200.86.95.220 - - [03/Mar/2017:14:13:10 -0300] "GET /cormun/servlet/trsolicitudot? HTTP/1.1" 200 6723
200.86.95.220 - - [03/Mar/2017:14:13:23 -0300] "GET /cormun/servlet/solicitudot?INS,0,0, HTTP/1.1" 200 12560
200.86.95.220 - - [03/Mar/2017:14:13:23 -0300] "GET /cormun/static/gxcfg.js?20171191042720 HTTP/1.1" 304 -
200.86.95.220 - - [03/Mar/2017:14:13:24 -0300] "GET /cormun/servlet/solicitudot?INS,0,0, HTTP/1.1" 200 12565
200.86.95.220 - - [03/Mar/2017:14:13:47 -0300] "POST /cormun/servlet/solicitudot?gx-no-cache=1488561296989 HTTP/1.1" 200 3081
200.86.95.220 - - [03/Mar/2017:14:13:47 -0300] "POST /cormun/servlet/solicitudot?481fdca60454d1ba5ecee3339b6e4a03,INS,0,0,,gx-no-cache=1488561297342 HTTP/1.1" 200 9677
200.86.95.220 - - [03/Mar/2017:14:13:51 -0300] "GET /cormun/servlet/solicitudot?1de764369c41ca6fd48f0651421ca9d296f771d75e73adaabf79002daa92387d271be692dad05ed4661424fa9ca51597,gx-no-cache=1488561300916 HTTP/1.1" 200 30
186.103.157.98 - - [03/Mar/2017:14:14:34 -0300] "POST /cormun/servlet/solicitudot?gx-no-cache=1488561347365 HTTP/1.1" 200 641
186.103.157.98 - - [03/Mar/2017:14:14:36 -0300] "POST /cormun/servlet/solicitudot?gx-no-cache=1488561349460 HTTP/1.1" 200 1157
200.86.95.220 - - [03/Mar/2017:14:15:09 -0300] "POST /cormun/servlet/solicitudot?gx-no-cache=1488561379038 HTTP/1.1" 200 297
200.86.95.220 - - [03/Mar/2017:14:15:13 -0300] "GET /cormun/servlet/solicitudot?1de764369c41ca6fd48f0651421ca9d2660f98a17f1feaa888b03b3516e62fd38a66ee2d2b412173e8e6b35730b7cb2f3fb3ad814479f6e904788c8962fd23bb7f153447586e414ca5e483d1b5a5277713608dea9b779f7419d98281f95f8f918d6ccc10fd4a2f08192f443d8ee1578179f0aff08ce13c71a4bde7ebb1bf831ac18153c66054af7e463afb98eb09d5dd4d1c201ef28ad54fe7bf7dc04523d145652d0c8dc48a6ead2b904c58b2fc66fb710da9dd5c0f5d054daf8405ff9cb44c356fec4c6f2033a8f2cdd1e00ab678098b2956a359b7d25c23b5c643a2106cfcaebbcb1f9e0f46b95600d80245e27f33d2e19d96f9f698d8ab2950e9930543b562cd4308dfab23f68c76cfefe947d2458feefb1d28b9b7e6ce9d530c806b8ca36dbad6f7cf28f1566d597b4ec9847925e512c3d4bc32b157482773728dda658dcf521114925345a11b6e995897d0cc258c13521ffc6a8193165879412924167fbc031160883e40ec8159093e8c7a74806e6326f3db3cbecf93fc0a92ac08be7d9f4da4062e859d4e1e9868fccfe7900b,gx-no-cache=1488561383100 HTTP/1.1" 200 30
200.86.95.220 - - [03/Mar/2017:14:15:15 -0300] "POST /cormun/servlet/solicitudot?gx-no-cache=1488561385730 HTTP/1.1" 200 30
200.86.95.220 - - [03/Mar/2017:14:15:18 -0300] "POST /cormun/servlet/solicitudot?gx-no-cache=1488561388479 HTTP/1.1" 200 235
200.86.95.220 - - [03/Mar/2017:14:15:18 -0300] "POST /cormun/servlet/solicitudot?gx-no-cache=1488561388624 HTTP/1.1" 200 38
200.112.3.84 - - [03/Mar/2017:14:16:25 -0300] "POST /cormun/servlet/trsolicitudot?8c8eafab1c8c977af193c2a795c07304,gx-no-cache=1488561453390 HTTP/1.1" 200 106
200.112.3.84 - - [03/Mar/2017:14:16:25 -0300] "GET /cormun/servlet/trsolicitudadjuntos?2017,5151, HTTP/1.1" 200 5865
200.112.3.84 - - [03/Mar/2017:14:16:26 -0300] "GET /cormun/servlet/trsolicitudadjuntos?2017,5151, HTTP/1.1" 200 5865
200.112.3.84 - - [03/Mar/2017:14:16:27 -0300] "GET /cormun/servlet/solicitudotadjuntos?INS,2017,5151,,1, HTTP/1.1" 200 5796
200.112.3.84 - - [03/Mar/2017:14:16:29 -0300] "GET /cormun/servlet/solicitudotadjuntos?7449f727fb36ccb5fa238cce8fa25a74e8b8b53d0aeb6f91a89748df9e248bddde04a9c939e4d5fb4e963b1548240eef,gx-no-cache=1488561457434 HTTP/1.1" 200 30
200.112.3.84 - - [03/Mar/2017:14:16:29 -0300] "GET /cormun/static/about:blank HTTP/1.1" 404 1011
200.112.3.84 - - [03/Mar/2017:14:16:29 -0300] "POST /cormun/servlet/solicitudotadjuntos?8c8eafab1c8c977af193c2a795c07304,INS,2017,5151,,1,,gx-no-cache=1488561457666 HTTP/1.1" 200 3640
186.103.157.98 - - [03/Mar/2017:14:16:31 -0300] "GET /cormun/static/menuarrow.gif HTTP/1.1" 404 1015
200.112.3.84 - - [03/Mar/2017:14:16:31 -0300] "GET /cormun/servlet/solicitudotadjuntos?INS,2017,5151,,1, HTTP/1.1" 200 5790
200.112.3.84 - - [03/Mar/2017:14:16:36 -0300] "POST /cormun/servlet/solicitudotadjuntos?gx-no-cache=1488561464634 HTTP/1.1" 200 26
186.103.157.98 - - [03/Mar/2017:14:16:43 -0300] "GET /cormun/servlet/solicitudot?dd20ebbe4d24c9a63ce9f7f5a23e00c2268c095faaaeda0ebac0437897c2daeaff2d015e40a8e9ffd9e0e3cb7ae119149b6b1e3e6d057a73bb41b95b96892cb7fec15225e3509fa29b3c9517152e1c74c7675c7dd7fc945ff0155fe3c054ee124f0b59e4a89571ccd9422ffc85536d56d0334754a59c8035e04d79a014e083438cdce78d52b94491921c23526a871a192a2afe34c7e44b0064b2ef16e15370e382c994381126333be78c53c3b6640526,gx-no-cache=1488561476404 HTTP/1.1" 200 30
200.112.3.84 - - [03/Mar/2017:14:16:48 -0300] "GET /cormun/servlet/solicitudotadjuntos?7449f727fb36ccb5fa238cce8fa25a7405d0b973e1c839871e787aac49a73344,gx-no-cache=1488561477121 HTTP/1.1" 200 30
200.112.3.84 - - [03/Mar/2017:14:16:48 -0300] "GET /cormun/servlet/solicitudotadjuntos?7449f727fb36ccb5fa238cce8fa25a7405d0b973e1c839871e787aac49a73344,gx-no-cache=1488561477298 HTTP/1.1" 200 30
200.112.3.84 - - [03/Mar/2017:14:16:53 -0300] "POST /cormun/servlet/solicitudotadjuntos?8c8eafab1c8c977af193c2a795c07304,INS,2017,5151,,1, HTTP/1.1" 200 116
200.112.3.84 - - [03/Mar/2017:14:16:53 -0300] "GET /cormun/servlet/hpexe_return? HTTP/1.1" 200 1022
200.112.3.84 - - [03/Mar/2017:14:16:54 -0300] "GET /cormun/servlet/trsolicitudadjuntos?2017,5151, HTTP/1.1" 200 7981
200.112.3.84 - - [03/Mar/2017:14:16:55 -0300] "GET /cormun/servlet/trsolicitudadjuntos?2017,5151, HTTP/1.1" 200 7979
186.103.157.98 - - [03/Mar/2017:14:16:57 -0300] "POST /cormun/servlet/solicitudot?06398b07e3b47afa2253ef973111608c,INS,0,0,,gx-no-cache=1488561490688 HTTP/1.1" 200 11342
186.103.157.98 - - [03/Mar/2017:14:16:57 -0300] "GET /cormun/static/Shared/jqueryui/images/ui-bg_highlight-soft_100_c6c2c8_1x100.png HTTP/1.1" 404 1117
186.103.157.98 - - [03/Mar/2017:14:16:57 -0300] "GET /cormun/static/Shared/jqueryui/images/ui-icons_82798d_256x240.png HTTP/1.1" 404 1089
186.103.157.98 - - [03/Mar/2017:14:16:57 -0300] "GET /cormun/static/Shared/jqueryui/images/ui-bg_flat_55_994d53_40x100.png HTTP/1.1" 404 1097
186.103.157.98 - - [03/Mar/2017:14:16:57 -0300] "GET /cormun/static/Shared/jqueryui/images/ui-icons_ebccce_256x240.png HTTP/1.1" 404 1089
200.112.3.84 - - [03/Mar/2017:14:16:58 -0300] "GET /cormun/servlet/solicitudotadjuntos?INS,2017,5151,,1, HTTP/1.1" 200 5796
200.112.3.84 - - [03/Mar/2017:14:16:58 -0300] "GET /cormun/static/about:blank HTTP/1.1" 404 1011
200.112.3.84 - - [03/Mar/2017:14:16:58 -0300] "GET /cormun/servlet/solicitudotadjuntos?INS,2017,5151,,1, HTTP/1.1" 200 5790
200.112.3.84 - - [03/Mar/2017:14:16:59 -0300] "GET /cormun/servlet/solicitudotadjuntos?7449f727fb36ccb5fa238cce8fa25a74e8b8b53d0aeb6f91a89748df9e248bddde04a9c939e4d5fb4e963b1548240eef,gx-no-cache=1488561487660 HTTP/1.1" 200 30
200.86.95.220 - - [03/Mar/2017:14:16:59 -0300] "GET /cormun/servlet/solicitudot?1de764369c41ca6fd48f0651421ca9d266ac46514d55f12d40662d7a1cf0e198a3adaf9ea3fbf51a16e880179bbc7a41f6664c32fdf82ae6942a8a9a0232e5a8c07079c15bcd5d1cd09f939030b8c48254aa8dcb62f2e96945048fa0db56ca471c819ecb356d650f0cee921e04826bf4,gx-no-cache=1488561489178 HTTP/1.1" 200 29
200.86.95.220 - - [03/Mar/2017:14:16:59 -0300] "POST /cormun/servlet/solicitudot?gx-no-cache=1488561489299 HTTP/1.1" 200 643
200.112.3.84 - - [03/Mar/2017:14:16:59 -0300] "POST /cormun/servlet/solicitudotadjuntos?8c8eafab1c8c977af193c2a795c07304,INS,2017,5151,,1,,gx-no-cache=1488561487823 HTTP/1.1" 200 3640
200.86.95.220 - - [03/Mar/2017:14:17:00 -0300] "POST /cormun/servlet/solicitudot?gx-no-cache=1488561490545 HTTP/1.1" 200 1157
200.112.3.84 - - [03/Mar/2017:14:17:02 -0300] "POST /cormun/servlet/solicitudotadjuntos?gx-no-cache=1488561490604 HTTP/1.1" 200 26
200.86.95.220 - - [03/Mar/2017:14:17:07 -0300] "GET /cormun/static/menuarrow.gif HTTP/1.1" 404 1015
200.112.3.84 - - [03/Mar/2017:14:17:07 -0300] "GET /cormun/servlet/solicitudotadjuntos?7449f727fb36ccb5fa238cce8fa25a7405d0b973e1c839871e787aac49a73344,gx-no-cache=1488561496452 HTTP/1.1" 200 30
200.112.3.84 - - [03/Mar/2017:14:17:08 -0300] "GET /cormun/servlet/solicitudotadjuntos?7449f727fb36ccb5fa238cce8fa25a7405d0b973e1c839871e787aac49a73344,gx-no-cache=1488561496611 HTTP/1.1" 200 30
186.103.157.98 - - [03/Mar/2017:14:17:11 -0300] "POST /cormun/servlet/solicitudot?gx-no-cache=1488561504738 HTTP/1.1" 200 30
200.86.95.220 - - [03/Mar/2017:14:17:16 -0300] "GET /cormun/servlet/solicitudot?1de764369c41ca6fd48f0651421ca9d2a64bde9101433c59ddb0d8620aa5bbf2c0002a2b74c0d8cddf928f686c2d72c3973d99de1185484a7cd54889822b42419edab1d6382babac1272b0d67b043aa825aaee8babf326c30d2d830f0bf15a5e25064f90c441574cc647af1646f413410f925921c1f23f90573836ce4bc35f3befd747282b33d9a0ea55fc3c7c6e93be066697f2439905b0c4b64d78eb759fdeb20577c3875f2812ab09e1cdcf93cceb,gx-no-cache=1488561506753 HTTP/1.1" 200 30
186.103.157.98 - - [03/Mar/2017:14:17:21 -0300] "POST /cormun/servlet/solicitudot?gx-no-cache=1488561514155 HTTP/1.1" 200 30
192.168.10.62 - - [03/Mar/2017:14:17:21 -0300] "GET /cormun/servlet/hlogin HTTP/1.1" 200 1750
200.112.3.84 - - [03/Mar/2017:14:17:23 -0300] "POST /cormun/servlet/solicitudotadjuntos?8c8eafab1c8c977af193c2a795c07304,INS,2017,5151,,1, HTTP/1.1" 200 116
200.112.3.84 - - [03/Mar/2017:14:17:23 -0300] "GET /cormun/servlet/hpexe_return? HTTP/1.1" 200 1022
200.112.3.84 - - [03/Mar/2017:14:17:23 -0300] "GET /cormun/servlet/trsolicitudadjuntos?2017,5151, HTTP/1.1" 200 8262
200.112.3.84 - - [03/Mar/2017:14:17:24 -0300] "GET /cormun/servlet/trsolicitudadjuntos?2017,5151, HTTP/1.1" 200 8258
200.86.95.220 - - [03/Mar/2017:14:17:25 -0300] "POST /cormun/servlet/solicitudot?481fdca60454d1ba5ecee3339b6e4a03,INS,0,0,,gx-no-cache=1488561515480 HTTP/1.1" 200 93
200.86.95.220 - - [03/Mar/2017:14:17:25 -0300] "GET /cormun/servlet/hpexe_return? HTTP/1.1" 200 1008
200.86.95.220 - - [03/Mar/2017:14:17:25 -0300] "GET /cormun/static/gxcfg.js?2016101716175148 HTTP/1.1" 304 -
186.103.157.98 - - [03/Mar/2017:14:17:25 -0300] "GET /cormun/servlet/prsolicitudot?17521826,,,,,MD,,gxPopupLevel%3D0%3B HTTP/1.1" 200 5964
200.86.95.220 - - [03/Mar/2017:14:17:26 -0300] "GET /cormun/servlet/trsolicitudot HTTP/1.1" 200 8007
200.86.95.220 - - [03/Mar/2017:14:17:27 -0300] "GET /cormun/servlet/trsolicitudot HTTP/1.1" 200 8003
200.112.3.84 - - [03/Mar/2017:14:17:29 -0300] "GET /cormun/servlet/solicitudotadjuntos?INS,2017,5151,,1, HTTP/1.1" 200 5795
200.112.3.84 - - [03/Mar/2017:14:17:29 -0300] "GET /cormun/static/about:blank HTTP/1.1" 404 1011
200.112.3.84 - - [03/Mar/2017:14:17:29 -0300] "GET /cormun/servlet/solicitudotadjuntos?INS,2017,5151,,1, HTTP/1.1" 200 5789
200.112.3.84 - - [03/Mar/2017:14:17:29 -0300] "GET /cormun/servlet/solicitudotadjuntos?7449f727fb36ccb5fa238cce8fa25a74e8b8b53d0aeb6f91a89748df9e248bddde04a9c939e4d5fb4e963b1548240eef,gx-no-cache=1488561518455 HTTP/1.1" 200 30
200.112.3.84 - - [03/Mar/2017:14:17:30 -0300] "POST /cormun/servlet/solicitudotadjuntos?8c8eafab1c8c977af193c2a795c07304,INS,2017,5151,,1,,gx-no-cache=1488561518550 HTTP/1.1" 200 3639
192.168.10.89 - - [03/Mar/2017:14:17:30 -0300] "GET /cormun/servlet/hlogin HTTP/1.1" 200 1762
200.86.95.220 - - [03/Mar/2017:14:17:31 -0300] "POST /cormun/servlet/trsolicitudot?481fdca60454d1ba5ecee3339b6e4a03,gx-no-cache=1488561521064 HTTP/1.1" 200 106
200.86.95.220 - - [03/Mar/2017:14:17:31 -0300] "GET /cormun/servlet/trsolicitudadjuntos?2017,5153, HTTP/1.1" 200 5867
200.86.95.220 - - [03/Mar/2017:14:17:31 -0300] "GET /cormun/static/gxcfg.js?201612218531388 HTTP/1.1" 304 -
200.86.95.220 - - [03/Mar/2017:14:17:32 -0300] "GET /cormun/servlet/trsolicitudadjuntos?2017,5153, HTTP/1.1" 200 5867
200.112.3.84 - - [03/Mar/2017:14:17:32 -0300] "POST /cormun/servlet/solicitudotadjuntos?gx-no-cache=1488561521196 HTTP/1.1" 200 26
200.86.95.220 - - [03/Mar/2017:14:17:34 -0300] "GET /cormun/servlet/solicitudotadjuntos?INS,2017,5153,,1, HTTP/1.1" 200 5796
200.86.95.220 - - [03/Mar/2017:14:17:34 -0300] "GET /cormun/static/gxcfg.js?201612218465951 HTTP/1.1" 304 -
200.86.95.220 - - [03/Mar/2017:14:17:34 -0300] "GET /cormun/static/about:blank HTTP/1.1" 404 1011
200.86.95.220 - - [03/Mar/2017:14:17:35 -0300] "GET /cormun/servlet/solicitudotadjuntos?INS,2017,5153,,1, HTTP/1.1" 200 5790
200.86.95.220 - - [03/Mar/2017:14:17:35 -0300] "GET /cormun/servlet/solicitudotadjuntos?1de764369c41ca6fd48f0651421ca9d20664efaf87bb2e7856600cbb3ec3eda6306f8ff0824103552da58ca00b4338e6,gx-no-cache=1488561525723 HTTP/1.1" 200 30
200.86.95.220 - - [03/Mar/2017:14:17:35 -0300] "POST /cormun/servlet/solicitudotadjuntos?481fdca60454d1ba5ecee3339b6e4a03,INS,2017,5153,,1,,gx-no-cache=1488561525798 HTTP/1.1" 200 3642
200.112.3.84 - - [03/Mar/2017:14:17:39 -0300] "GET /cormun/servlet/solicitudotadjuntos?7449f727fb36ccb5fa238cce8fa25a7405d0b973e1c839871e787aac49a73344,gx-no-cache=1488561527686 HTTP/1.1" 200 30
200.112.3.84 - - [03/Mar/2017:14:17:39 -0300] "GET /cormun/servlet/solicitudotadjuntos?7449f727fb36ccb5fa238cce8fa25a7405d0b973e1c839871e787aac49a73344,gx-no-cache=1488561527778 HTTP/1.1" 200 30
200.83.57.219 - - [03/Mar/2017:14:17:45 -0300] "GET /cormun/servlet/hlogin HTTP/1.1" 200 1717
200.86.95.220 - - [03/Mar/2017:14:17:46 -0300] "POST /cormun/servlet/solicitudotadjuntos?gx-no-cache=1488561535874 HTTP/1.1" 200 26
200.83.57.219 - - [03/Mar/2017:14:17:47 -0300] "POST /cormun/servlet/hlogin?9d8b09e5213c5446ef277da292424f67,gx-no-cache=1488561540164 HTTP/1.1" 200 90
200.83.57.219 - - [03/Mar/2017:14:17:47 -0300] "GET /cormun/servlet/hpexe_link HTTP/1.1" 200 954
200.83.57.219 - - [03/Mar/2017:14:17:47 -0300] "GET /cormun/servlet/hhome HTTP/1.1" 200 4098
200.83.57.219 - - [03/Mar/2017:14:17:48 -0300] "GET /cormun/servlet/hhome HTTP/1.1" 200 4094
200.83.57.219 - - [03/Mar/2017:14:17:49 -0300] "GET /cormun/servlet/trsolicitudot? HTTP/1.1" 200 8712
200.83.57.219 - - [03/Mar/2017:14:17:50 -0300] "GET /cormun/servlet/trsolicitudot? HTTP/1.1" 200 8710
200.83.57.219 - - [03/Mar/2017:14:17:51 -0300] "GET /cormun/servlet/solicitudot?INS,0,0, HTTP/1.1" 200 12906
200.83.57.219 - - [03/Mar/2017:14:17:52 -0300] "GET /cormun/servlet/solicitudot?INS,0,0, HTTP/1.1" 200 12911
200.86.95.220 - - [03/Mar/2017:14:17:55 -0300] "GET /cormun/servlet/solicitudotadjuntos?1de764369c41ca6fd48f0651421ca9d2cb48e8ee867b32e41bd73e2e31847437,gx-no-cache=1488561545205 HTTP/1.1" 200 30
200.86.95.220 - - [03/Mar/2017:14:17:55 -0300] "GET /cormun/servlet/solicitudotadjuntos?1de764369c41ca6fd48f0651421ca9d2cb48e8ee867b32e41bd73e2e31847437,gx-no-cache=1488561545274 HTTP/1.1" 200 30
200.86.95.220 - - [03/Mar/2017:14:17:56 -0300] "POST /cormun/servlet/solicitudotadjuntos?481fdca60454d1ba5ecee3339b6e4a03,INS,2017,5153,,1, HTTP/1.1" 200 116
200.86.95.220 - - [03/Mar/2017:14:17:56 -0300] "GET /cormun/servlet/hpexe_return? HTTP/1.1" 200 1027
200.86.95.220 - - [03/Mar/2017:14:17:57 -0300] "GET /cormun/servlet/trsolicitudadjuntos?2017,5153, HTTP/1.1" 200 7943
200.86.95.220 - - [03/Mar/2017:14:17:58 -0300] "GET /cormun/servlet/trsolicitudadjuntos?2017,5153, HTTP/1.1" 200 7938
200.86.95.220 - - [03/Mar/2017:14:18:00 -0300] "GET /cormun/servlet/solicitudotadjuntos?INS,2017,5153,,1, HTTP/1.1" 200 5796
200.86.95.220 - - [03/Mar/2017:14:18:01 -0300] "GET /cormun/static/about:blank HTTP/1.1" 404 1011
200.112.3.84 - - [03/Mar/2017:14:18:01 -0300] "POST /cormun/servlet/solicitudotadjuntos?8c8eafab1c8c977af193c2a795c07304,INS,2017,5151,,1, HTTP/1.1" 200 6248
200.86.95.220 - - [03/Mar/2017:14:18:02 -0300] "GET /cormun/servlet/solicitudotadjuntos?INS,2017,5153,,1, HTTP/1.1" 200 5790
200.86.95.220 - - [03/Mar/2017:14:18:02 -0300] "GET /cormun/servlet/solicitudotadjuntos?1de764369c41ca6fd48f0651421ca9d20664efaf87bb2e7856600cbb3ec3eda6306f8ff0824103552da58ca00b4338e6,gx-no-cache=1488561552451 HTTP/1.1" 200 30
200.86.95.220 - - [03/Mar/2017:14:18:02 -0300] "POST /cormun/servlet/solicitudotadjuntos?481fdca60454d1ba5ecee3339b6e4a03,INS,2017,5153,,1,,gx-no-cache=1488561552556 HTTP/1.1" 200 3642
200.83.57.219 - - [03/Mar/2017:14:18:03 -0300] "POST /cormun/servlet/solicitudot?gx-no-cache=1488561556012 HTTP/1.1" 200 3081
200.83.57.219 - - [03/Mar/2017:14:18:03 -0300] "POST /cormun/servlet/solicitudot?9d8b09e5213c5446ef277da292424f67,INS,0,0,,gx-no-cache=1488561556258 HTTP/1.1" 200 9863
200.83.57.219 - - [03/Mar/2017:14:18:06 -0300] "GET /cormun/servlet/solicitudot?e67578ce4a227f55b374fcc8c6e24c5b1a36d77b926705885698fcecb3de11a441d811516c931f9dd622337aa4881f71,gx-no-cache=1488561558858 HTTP/1.1" 200 30
200.86.95.220 - - [03/Mar/2017:14:18:06 -0300] "POST /cormun/servlet/solicitudotadjuntos?gx-no-cache=1488561556168 HTTP/1.1" 200 26
200.86.95.220 - - [03/Mar/2017:14:18:16 -0300] "GET /cormun/servlet/solicitudotadjuntos?1de764369c41ca6fd48f0651421ca9d2cb48e8ee867b32e41bd73e2e31847437,gx-no-cache=1488561566395 HTTP/1.1" 200 30
