186.103.157.42 - - [03/Mar/2017:11:14:05 -0300] "POST /cormun/servlet/trsolicitudot?4f9262a0cc2458c636b86ec4faf1a851,gx-no-cache=1488550522651 HTTP/1.1" 200 10762
190.101.9.138 - - [03/Mar/2017:11:14:06 -0300] "POST /cormun/servlet/trsolicitudot?6add7676a4ed656acdc0319a714c7576,gx-no-cache=1488550516933 HTTP/1.1" 200 106
190.101.9.138 - - [03/Mar/2017:11:14:06 -0300] "GET /cormun/servlet/trsolicitudadjuntos?2017,5108, HTTP/1.1" 200 5879
190.101.9.138 - - [03/Mar/2017:11:14:06 -0300] "GET /cormun/static/gxcfg.js?201612218531388 HTTP/1.1" 200 953
190.101.9.138 - - [03/Mar/2017:11:14:07 -0300] "GET /cormun/static/trsolicitudadjuntos.js?201612218531657 HTTP/1.1" 200 17913
190.101.9.138 - - [03/Mar/2017:11:14:07 -0300] "GET /cormun/servlet/trsolicitudadjuntos?2017,5108, HTTP/1.1" 200 5879
190.101.9.138 - - [03/Mar/2017:11:14:10 -0300] "GET /cormun/servlet/solicitudotadjuntos?INS,2017,5108,,2, HTTP/1.1" 200 5807
190.101.9.138 - - [03/Mar/2017:11:14:10 -0300] "GET /cormun/static/gxcfg.js?201612218465951 HTTP/1.1" 200 953
190.101.9.138 - - [03/Mar/2017:11:14:10 -0300] "GET /cormun/static/about:blank HTTP/1.1" 404 1011
190.101.9.138 - - [03/Mar/2017:11:14:10 -0300] "GET /cormun/static/solicitudotadjuntos.js?201612218465969 HTTP/1.1" 200 11762
190.101.9.138 - - [03/Mar/2017:11:14:10 -0300] "GET /cormun/servlet/solicitudotadjuntos?INS,2017,5108,,2, HTTP/1.1" 200 5801
190.101.9.138 - - [03/Mar/2017:11:14:11 -0300] "GET /cormun/servlet/solicitudotadjuntos?e29905cb307327e42bb7fa48d593d2d550a1c8e4b86995fec3f3db220783491261e6e22f941acea9f170c20cfb28bd75,gx-no-cache=1488550521784 HTTP/1.1" 200 30
190.101.9.138 - - [03/Mar/2017:11:14:12 -0300] "POST /cormun/servlet/solicitudotadjuntos?6add7676a4ed656acdc0319a714c7576,INS,2017,5108,,2,,gx-no-cache=1488550521862 HTTP/1.1" 200 3854
190.101.9.138 - - [03/Mar/2017:11:14:15 -0300] "POST /cormun/servlet/solicitudotadjuntos?6add7676a4ed656acdc0319a714c7576,INS,2017,5108,,2,,gx-no-cache=1488550525809 HTTP/1.1" 200 93
190.101.9.138 - - [03/Mar/2017:11:14:15 -0300] "GET /cormun/servlet/hpexe_return? HTTP/1.1" 200 1028
190.101.9.138 - - [03/Mar/2017:11:14:16 -0300] "GET /cormun/servlet/trsolicitudadjuntos?2017,5108, HTTP/1.1" 200 5883
190.101.9.138 - - [03/Mar/2017:11:14:16 -0300] "GET /cormun/servlet/trsolicitudadjuntos?2017,5108, HTTP/1.1" 200 5879
186.103.157.42 - - [03/Mar/2017:11:14:18 -0300] "POST /cormun/servlet/trsolicitudot?4f9262a0cc2458c636b86ec4faf1a851,gx-no-cache=1488550533700 HTTP/1.1" 200 6695
190.101.9.138 - - [03/Mar/2017:11:14:18 -0300] "GET /cormun/servlet/solicitudotadjuntos?INS,2017,5108,,1, HTTP/1.1" 200 5809
190.101.9.138 - - [03/Mar/2017:11:14:18 -0300] "GET /cormun/static/about:blank HTTP/1.1" 404 1011
190.101.9.138 - - [03/Mar/2017:11:14:18 -0300] "GET /cormun/servlet/solicitudotadjuntos?INS,2017,5108,,1, HTTP/1.1" 200 5803
190.101.9.138 - - [03/Mar/2017:11:14:19 -0300] "GET /cormun/servlet/solicitudotadjuntos?e29905cb307327e42bb7fa48d593d2d550a1c8e4b86995fec3f3db220783491261e6e22f941acea9f170c20cfb28bd75,gx-no-cache=1488550529694 HTTP/1.1" 200 30
190.101.9.138 - - [03/Mar/2017:11:14:19 -0300] "POST /cormun/servlet/solicitudotadjuntos?6add7676a4ed656acdc0319a714c7576,INS,2017,5108,,1,,gx-no-cache=1488550529756 HTTP/1.1" 200 3646
190.101.9.138 - - [03/Mar/2017:11:14:21 -0300] "POST /cormun/servlet/solicitudotadjuntos?gx-no-cache=1488550532392 HTTP/1.1" 200 26
190.101.9.138 - - [03/Mar/2017:11:14:36 -0300] "GET /cormun/servlet/solicitudotadjuntos?e29905cb307327e42bb7fa48d593d2d5546a975af84504a0ba612b69f03511dc,gx-no-cache=1488550546760 HTTP/1.1" 200 30
190.101.9.138 - - [03/Mar/2017:11:14:36 -0300] "GET /cormun/servlet/solicitudotadjuntos?e29905cb307327e42bb7fa48d593d2d5546a975af84504a0ba612b69f03511dc,gx-no-cache=1488550546854 HTTP/1.1" 200 30
190.101.9.138 - - [03/Mar/2017:11:14:41 -0300] "POST /cormun/servlet/solicitudotadjuntos?6add7676a4ed656acdc0319a714c7576,INS,2017,5108,,1, HTTP/1.1" 200 116
190.101.9.138 - - [03/Mar/2017:11:14:41 -0300] "GET /cormun/servlet/hpexe_return? HTTP/1.1" 200 1028
190.101.9.138 - - [03/Mar/2017:11:14:41 -0300] "GET /cormun/servlet/trsolicitudadjuntos?2017,5108, HTTP/1.1" 200 7951
190.101.9.138 - - [03/Mar/2017:11:14:42 -0300] "GET /cormun/servlet/trsolicitudadjuntos?2017,5108, HTTP/1.1" 200 7947
192.168.10.89 - - [03/Mar/2017:11:14:44 -0300] "POST /cormun/servlet/trsolicitudgral?8d77e722c11e89ad51f0a89ccddea63b,gx-no-cache=1488551406039,gx-no-cache=1488553770351 HTTP/1.1" 200 105
192.168.10.89 - - [03/Mar/2017:11:14:44 -0300] "GET /cormun/SolicitudGral-9044.xls HTTP/1.1" 200 12288
190.101.9.138 - - [03/Mar/2017:11:14:45 -0300] "GET /cormun/servlet/solicitudotadjuntos?INS,2017,5108,,1, HTTP/1.1" 200 5809
190.101.9.138 - - [03/Mar/2017:11:14:45 -0300] "GET /cormun/static/about:blank HTTP/1.1" 404 1011
190.101.9.138 - - [03/Mar/2017:11:14:45 -0300] "GET /cormun/servlet/solicitudotadjuntos?INS,2017,5108,,1, HTTP/1.1" 200 5803
190.101.9.138 - - [03/Mar/2017:11:14:45 -0300] "GET /cormun/servlet/solicitudotadjuntos?e29905cb307327e42bb7fa48d593d2d550a1c8e4b86995fec3f3db220783491261e6e22f941acea9f170c20cfb28bd75,gx-no-cache=1488550556302 HTTP/1.1" 200 30
190.101.9.138 - - [03/Mar/2017:11:14:46 -0300] "POST /cormun/servlet/solicitudotadjuntos?6add7676a4ed656acdc0319a714c7576,INS,2017,5108,,1,,gx-no-cache=1488550556412 HTTP/1.1" 200 3646
192.168.10.89 - - [03/Mar/2017:11:14:50 -0300] "HEAD /cormun/SolicitudGral-9044.xls HTTP/1.1" 200 -
186.103.158.250 - - [03/Mar/2017:11:14:50 -0300] "POST /cormun/servlet/hlogin?198324e275cce8d45f7dd093fc8baa59,gx-no-cache=1488550468144 HTTP/1.1" 200 90
192.168.10.89 - - [03/Mar/2017:11:14:50 -0300] "OPTIONS /cormun HTTP/1.1" 302 -
192.168.10.89 - - [03/Mar/2017:11:14:50 -0300] "OPTIONS /cormun/ HTTP/1.1" 200 -
192.168.10.89 - - [03/Mar/2017:11:14:50 -0300] "PROPFIND /cormun HTTP/1.1" 302 -
186.103.158.250 - - [03/Mar/2017:11:14:50 -0300] "GET /cormun/servlet/hpexe_link HTTP/1.1" 200 952
192.168.10.89 - - [03/Mar/2017:11:14:50 -0300] "PROPFIND /cormun/ HTTP/1.1" 501 1141
192.168.10.89 - - [03/Mar/2017:11:14:51 -0300] "PROPFIND /cormun HTTP/1.1" 302 -
192.168.10.89 - - [03/Mar/2017:11:14:51 -0300] "PROPFIND /cormun/ HTTP/1.1" 501 1141
192.168.10.89 - - [03/Mar/2017:11:14:51 -0300] "HEAD /cormun/SolicitudGral-9044.xls HTTP/1.1" 200 -
186.103.158.250 - - [03/Mar/2017:11:14:51 -0300] "GET /cormun/static/gxcfg.js?201612218515529 HTTP/1.1" 200 953
186.103.158.250 - - [03/Mar/2017:11:14:51 -0300] "GET /cormun/static/hpexe_link.js?201612218515532 HTTP/1.1" 200 625
192.168.10.89 - - [03/Mar/2017:11:14:51 -0300] "PROPFIND / HTTP/1.1" 200 11217
192.168.10.89 - - [03/Mar/2017:11:14:51 -0300] "PROPFIND / HTTP/1.1" 200 11217
186.103.158.250 - - [03/Mar/2017:11:14:51 -0300] "GET /cormun/static/Resources/Spanish/PXTools.css?18365030 HTTP/1.1" 200 89042
186.103.158.250 - - [03/Mar/2017:11:14:51 -0300] "GET /cormun/servlet/hhome HTTP/1.1" 200 3757
186.103.158.250 - - [03/Mar/2017:11:14:51 -0300] "GET /cormun/static/SmoothNavMenu/resources/ddsmoothmenu-v.css?1112540 HTTP/1.1" 200 1188
186.103.158.250 - - [03/Mar/2017:11:14:51 -0300] "GET /cormun/static/SmoothNavMenu/resources/ddsmoothmenu.css?1112540 HTTP/1.1" 200 2223
186.103.158.250 - - [03/Mar/2017:11:14:51 -0300] "GET /cormun/static/Shared/jqueryui/jquery-ui.min.css?1345370 HTTP/1.1" 200 30288
186.103.158.250 - - [03/Mar/2017:11:14:51 -0300] "GET /cormun/static/scaMessage/css/jquery.pnotify.default.css?1816380 HTTP/1.1" 200 1707
186.103.158.250 - - [03/Mar/2017:11:14:51 -0300] "GET /cormun/static/gxcfg.js?201612218515568 HTTP/1.1" 200 953
186.103.158.250 - - [03/Mar/2017:11:14:51 -0300] "GET /cormun/static/PXToolsJavascripts/pexe_autoreload.js HTTP/1.1" 200 1762
186.103.158.250 - - [03/Mar/2017:11:14:51 -0300] "GET /cormun/static/PXToolsJavascripts/pexe_cookies.js HTTP/1.1" 200 792
186.103.158.250 - - [03/Mar/2017:11:14:51 -0300] "GET /cormun/static/PXToolsJavascripts/pexe_grid.js HTTP/1.1" 200 7559
186.103.158.250 - - [03/Mar/2017:11:14:51 -0300] "GET /cormun/static/PXToolsJavascripts/pexe_windows.js HTTP/1.1" 200 15207
186.103.158.250 - - [03/Mar/2017:11:14:52 -0300] "GET /cormun/static/PXToolsJavascripts/pexe_griddivfix.js HTTP/1.1" 200 6644
186.103.158.250 - - [03/Mar/2017:11:14:52 -0300] "GET /cormun/static/PXToolsJavascripts/pexe_link.js HTTP/1.1" 200 5671
186.103.158.250 - - [03/Mar/2017:11:14:52 -0300] "GET /cormun/static/PXToolsJavascripts/pexe_menudivfix.js HTTP/1.1" 200 333
186.103.158.250 - - [03/Mar/2017:11:14:52 -0300] "GET /cormun/static/PXToolsJavascripts/pexe_menus.js HTTP/1.1" 200 1286
186.103.158.250 - - [03/Mar/2017:11:14:52 -0300] "GET /cormun/static/PXToolsJavascripts/pexe_layers.js HTTP/1.1" 200 4114
186.103.158.250 - - [03/Mar/2017:11:14:52 -0300] "GET /cormun/static/PXToolsJavascripts/pexe_oav.js HTTP/1.1" 200 645
186.103.158.250 - - [03/Mar/2017:11:14:52 -0300] "GET /cormun/static/PXToolsJavascripts/pexe_oavdivfix.js HTTP/1.1" 200 639
186.103.158.250 - - [03/Mar/2017:11:14:52 -0300] "GET /cormun/static/PXToolsJavascripts/pexe_picture.js HTTP/1.1" 200 689
186.103.158.250 - - [03/Mar/2017:11:14:52 -0300] "GET /cormun/static/PXToolsJavascripts/pexe_scrolldiv.js HTTP/1.1" 200 4138
186.103.158.250 - - [03/Mar/2017:11:14:52 -0300] "GET /cormun/static/PXToolsJavascripts/pexe_tabdivfix.js HTTP/1.1" 200 876
186.103.158.250 - - [03/Mar/2017:11:14:52 -0300] "GET /cormun/static/PXToolsJavascripts/pexe_tabs.js HTTP/1.1" 200 3748
186.103.158.250 - - [03/Mar/2017:11:14:52 -0300] "GET /cormun/static/PXToolsJavascripts/pexe_upload.js HTTP/1.1" 200 1423
186.103.158.250 - - [03/Mar/2017:11:14:52 -0300] "GET /cormun/static/Resources/logo4.png HTTP/1.1" 200 6582
186.103.158.250 - - [03/Mar/2017:11:14:52 -0300] "GET /cormun/static/Resources/PXToolsHeaderActionsLeft.png HTTP/1.1" 200 1118
186.103.158.250 - - [03/Mar/2017:11:14:52 -0300] "GET /cormun/static/Resources/PXToolsHeaderHome.png HTTP/1.1" 200 4147
186.103.158.250 - - [03/Mar/2017:11:14:52 -0300] "GET /cormun/static/Resources/PXToolsHeaderLogin.png HTTP/1.1" 200 4279
186.103.158.250 - - [03/Mar/2017:11:14:52 -0300] "GET /cormun/static/Resources/PXToolsHeaderPreferences.png HTTP/1.1" 200 4189
186.103.158.250 - - [03/Mar/2017:11:14:52 -0300] "GET /cormun/static/Resources/PXToolsHeaderActionsRight.png HTTP/1.1" 200 1201
186.103.158.250 - - [03/Mar/2017:11:14:52 -0300] "GET /cormun/static/RunJS/RunJS.js HTTP/1.1" 200 288
186.103.158.250 - - [03/Mar/2017:11:14:52 -0300] "GET /cormun/static/PXToolsJavascripts/pexe_popup.js HTTP/1.1" 200 13458
186.103.158.250 - - [03/Mar/2017:11:14:52 -0300] "GET /cormun/static/Shared/ext/locale/ext-lang-en.js HTTP/1.1" 200 10940
186.103.158.250 - - [03/Mar/2017:11:14:52 -0300] "GET /cormun/static/hhome.js?201612218515573 HTTP/1.1" 200 777
186.103.158.250 - - [03/Mar/2017:11:14:52 -0300] "GET /cormun/static/hwchdr01.js?201612218432057 HTTP/1.1" 200 1183
186.103.158.250 - - [03/Mar/2017:11:14:52 -0300] "GET /cormun/static/hpexe_recentlink.js?201610171694390 HTTP/1.1" 200 2144
186.103.158.250 - - [03/Mar/2017:11:14:52 -0300] "GET /cormun/static/hpexe_scripts.js?201612218432016 HTTP/1.1" 200 1544
186.103.158.250 - - [03/Mar/2017:11:14:52 -0300] "GET /cormun/static/PXToolsJavascripts/PXToolsJavascriptsRender.js HTTP/1.1" 200 367
186.103.158.250 - - [03/Mar/2017:11:14:52 -0300] "GET /cormun/static/gxui/gxui-all.js HTTP/1.1" 200 107772
186.103.158.250 - - [03/Mar/2017:11:14:52 -0300] "GET /cormun/static/hpexe_messagecontroller.js?201610171694323 HTTP/1.1" 200 870
186.103.158.250 - - [03/Mar/2017:11:14:52 -0300] "GET /cormun/static/hpexe_messagepopupcomponent.js?20161017169425 HTTP/1.1" 200 605
186.103.157.42 - - [03/Mar/2017:11:14:52 -0300] "POST /cormun/servlet/trsolicitudot?4f9262a0cc2458c636b86ec4faf1a851,gx-no-cache=1488550569922 HTTP/1.1" 200 5248
186.103.158.250 - - [03/Mar/2017:11:14:52 -0300] "GET /cormun/static/hpexe_messagegenexuscomponent.js?201612218431816 HTTP/1.1" 200 587
186.103.158.250 - - [03/Mar/2017:11:14:52 -0300] "GET /cormun/static/cmcontrolpreferences.js?201612218431999 HTTP/1.1" 200 1375
186.103.158.250 - - [03/Mar/2017:11:14:52 -0300] "GET /cormun/static/Shared/jquery/jquery-1.4.2.min.js HTTP/1.1" 200 72174
190.101.9.138 - - [03/Mar/2017:11:14:52 -0300] "POST /cormun/servlet/solicitudotadjuntos?gx-no-cache=1488550563244 HTTP/1.1" 200 26
186.103.158.250 - - [03/Mar/2017:11:14:52 -0300] "GET /cormun/static/SmoothNavMenu/resources/ddsmoothmenu.js HTTP/1.1" 200 12712
186.103.158.250 - - [03/Mar/2017:11:14:53 -0300] "GET /cormun/static/SmoothNavMenu/resources/SmoothNavMenuRender.js HTTP/1.1" 200 5951
186.103.158.250 - - [03/Mar/2017:11:14:53 -0300] "GET /cormun/static/scaMessage/js/jquery.pnotify.min.js HTTP/1.1" 200 13038
186.103.158.250 - - [03/Mar/2017:11:14:53 -0300] "GET /cormun/static/scaMessage/scaMessageRender.js HTTP/1.1" 200 11977
186.103.158.250 - - [03/Mar/2017:11:14:53 -0300] "GET /cormun/static/hmpwkw03.js?20161221852152 HTTP/1.1" 200 3965
186.103.158.250 - - [03/Mar/2017:11:14:53 -0300] "GET /cormun/static/Shared/jquery/jquery-1.10.2.min.js HTTP/1.1" 200 273199
186.103.158.250 - - [03/Mar/2017:11:14:53 -0300] "GET /cormun/static/Resources/PXToolsDataTitle.png HTTP/1.1" 200 1173
186.103.158.250 - - [03/Mar/2017:11:14:53 -0300] "GET /cormun/static/Resources/PXToolsHeaderSecurity.png HTTP/1.1" 200 4166
186.103.158.250 - - [03/Mar/2017:11:14:53 -0300] "GET /cormun/static/Resources/PXToolsHeaderActionsBackground.png HTTP/1.1" 200 484
186.103.158.250 - - [03/Mar/2017:11:14:53 -0300] "GET /cormun/static/Resources/PXToolsFooterBackground2.png HTTP/1.1" 200 1172
186.103.158.250 - - [03/Mar/2017:11:14:53 -0300] "GET /cormun/static/Resources/PXToolsHeaderBackground2.png HTTP/1.1" 200 1174
186.103.158.250 - - [03/Mar/2017:11:14:53 -0300] "GET /cormun/static/Shared/jqueryui/jquery-ui.min.js HTTP/1.1" 200 240427
186.103.158.250 - - [03/Mar/2017:11:14:54 -0300] "GET /cormun/static/Shared/ext/ext-all.js HTTP/1.1" 200 1289687
192.168.10.89 - - [03/Mar/2017:11:14:56 -0300] "PROPFIND /cormun HTTP/1.1" 302 -
192.168.10.89 - - [03/Mar/2017:11:14:56 -0300] "PROPFIND /cormun/ HTTP/1.1" 501 1141
192.168.10.89 - - [03/Mar/2017:11:14:56 -0300] "PROPFIND /cormun HTTP/1.1" 302 -
192.168.10.89 - - [03/Mar/2017:11:14:56 -0300] "PROPFIND /cormun/ HTTP/1.1" 501 1141
192.168.10.89 - - [03/Mar/2017:11:14:56 -0300] "GET /cormun/SolicitudGral-9044.xls HTTP/1.1" 200 12288
192.168.10.89 - - [03/Mar/2017:11:14:56 -0300] "HEAD /cormun/SolicitudGral-9044.xls HTTP/1.1" 200 -
186.103.158.250 - - [03/Mar/2017:11:14:56 -0300] "GET /cormun/static/SmoothNavMenu/resources/images/down.gif HTTP/1.1" 200 854
190.101.9.138 - - [03/Mar/2017:11:14:58 -0300] "GET /cormun/servlet/solicitudotadjuntos?e29905cb307327e42bb7fa48d593d2d5546a975af84504a0ba612b69f03511dc,gx-no-cache=1488550569063 HTTP/1.1" 200 30
190.101.9.138 - - [03/Mar/2017:11:14:58 -0300] "GET /cormun/servlet/solicitudotadjuntos?e29905cb307327e42bb7fa48d593d2d5546a975af84504a0ba612b69f03511dc,gx-no-cache=1488550569157 HTTP/1.1" 200 30
190.101.9.138 - - [03/Mar/2017:11:15:00 -0300] "POST /cormun/servlet/solicitudotadjuntos?6add7676a4ed656acdc0319a714c7576,INS,2017,5108,,1, HTTP/1.1" 200 5846
190.101.9.138 - - [03/Mar/2017:11:15:00 -0300] "GET /home/sistema/apache-tomcat-7.0.65/webapps/cormun/PrivateTempStorage/upload_00008107.pdf HTTP/1.1" 404 1135
190.101.9.138 - - [03/Mar/2017:11:15:01 -0300] "GET /cormun/static/Shared/jqueryui/images/ui-bg_flat_55_994d53_40x100.png HTTP/1.1" 404 1097
186.103.159.188 - - [03/Mar/2017:11:15:01 -0300] "GET /cormun/static/Shared/jqueryui/images/ui-icons_ebccce_256x240.png HTTP/1.1" 404 1089
186.103.159.188 - - [03/Mar/2017:11:15:01 -0300] "GET /cormun/PrivateTempStorage/upload_00008107.pdf HTTP/1.1" 200 49152
186.103.159.188 - - [03/Mar/2017:11:15:01 -0300] "GET /cormun/PrivateTempStorage/upload_00008107.pdf HTTP/1.1" 206 32768
186.103.159.188 - - [03/Mar/2017:11:15:01 -0300] "GET /cormun/PrivateTempStorage/upload_00008107.pdf HTTP/1.1" 206 147353
186.103.159.188 - - [03/Mar/2017:11:15:09 -0300] "POST /cormun/servlet/solicitudotadjuntos?6add7676a4ed656acdc0319a714c7576,INS,2017,5108,,1, HTTP/1.1" 200 116
186.103.159.188 - - [03/Mar/2017:11:15:10 -0300] "GET /cormun/servlet/hpexe_return? HTTP/1.1" 200 1028
186.103.159.188 - - [03/Mar/2017:11:15:10 -0300] "GET /cormun/servlet/trsolicitudadjuntos?2017,5108, HTTP/1.1" 200 7951
186.103.159.188 - - [03/Mar/2017:11:15:10 -0300] "GET /cormun/servlet/trsolicitudadjuntos?2017,5108, HTTP/1.1" 200 7948
186.103.157.42 - - [03/Mar/2017:11:15:12 -0300] "POST /cormun/servlet/trsolicitudot?4f9262a0cc2458c636b86ec4faf1a851,gx-no-cache=1488550590525 HTTP/1.1" 200 3886
186.103.157.42 - - [03/Mar/2017:11:15:13 -0300] "POST /cormun/servlet/trsolicitudot?4f9262a0cc2458c636b86ec4faf1a851,gx-no-cache=1488550591007 HTTP/1.1" 200 3885
186.103.157.42 - - [03/Mar/2017:11:15:17 -0300] "POST /cormun/servlet/trsolicitudot?4f9262a0cc2458c636b86ec4faf1a851,gx-no-cache=1488550594798 HTTP/1.1" 200 3885
186.103.159.188 - - [03/Mar/2017:11:15:18 -0300] "GET /cormun/servlet/solicitudotadjuntos?DLT,2017,5108,CARNET,0, HTTP/1.1" 200 5795
186.103.159.188 - - [03/Mar/2017:11:15:18 -0300] "GET /cormun/PublicTempStorage/c._antecedentes3699000.pdf HTTP/1.1" 200 106496
190.101.9.138 - - [03/Mar/2017:11:15:18 -0300] "GET /cormun/servlet/solicitudotadjuntos?DLT,2017,5108,CARNET,0, HTTP/1.1" 200 5789
190.101.9.138 - - [03/Mar/2017:11:15:18 -0300] "GET /cormun/PublicTempStorage/c._antecedentes3699000.pdf HTTP/1.1" 206 32768
190.101.9.138 - - [03/Mar/2017:11:15:18 -0300] "GET /cormun/PublicTempStorage/c._antecedentes3699000.pdf HTTP/1.1" 206 221198
190.101.9.138 - - [03/Mar/2017:11:15:22 -0300] "POST /cormun/servlet/solicitudotadjuntos?6add7676a4ed656acdc0319a714c7576,DLT,2017,5108,CARNET,0,,gx-no-cache=1488550592682 HTTP/1.1" 200 93
190.101.9.138 - - [03/Mar/2017:11:15:22 -0300] "GET /cormun/servlet/hpexe_return? HTTP/1.1" 200 1033
190.101.9.138 - - [03/Mar/2017:11:15:22 -0300] "GET /cormun/servlet/trsolicitudadjuntos?2017,5108, HTTP/1.1" 200 5883
190.101.9.138 - - [03/Mar/2017:11:15:22 -0300] "GET /cormun/servlet/trsolicitudadjuntos?2017,5108, HTTP/1.1" 200 5879
186.103.157.42 - - [03/Mar/2017:11:15:23 -0300] "POST /cormun/servlet/trsolicitudot?4f9262a0cc2458c636b86ec4faf1a851,gx-no-cache=1488550600550 HTTP/1.1" 200 6227
190.101.9.138 - - [03/Mar/2017:11:15:25 -0300] "GET /cormun/servlet/solicitudotadjuntos?INS,2017,5108,,1, HTTP/1.1" 200 5808
190.101.9.138 - - [03/Mar/2017:11:15:25 -0300] "GET /cormun/static/about:blank HTTP/1.1" 404 1011
190.101.9.138 - - [03/Mar/2017:11:15:25 -0300] "GET /cormun/servlet/solicitudotadjuntos?INS,2017,5108,,1, HTTP/1.1" 200 5802
190.101.9.138 - - [03/Mar/2017:11:15:26 -0300] "GET /cormun/servlet/solicitudotadjuntos?e29905cb307327e42bb7fa48d593d2d550a1c8e4b86995fec3f3db220783491261e6e22f941acea9f170c20cfb28bd75,gx-no-cache=1488550596551 HTTP/1.1" 200 30
190.101.9.138 - - [03/Mar/2017:11:15:26 -0300] "POST /cormun/servlet/solicitudotadjuntos?6add7676a4ed656acdc0319a714c7576,INS,2017,5108,,1,,gx-no-cache=1488550596629 HTTP/1.1" 200 3646
190.101.9.138 - - [03/Mar/2017:11:15:29 -0300] "POST /cormun/servlet/solicitudotadjuntos?gx-no-cache=1488550598719 HTTP/1.1" 200 26
186.103.158.250 - - [03/Mar/2017:11:15:33 -0300] "GET /cormun/servlet/trsolicitudot? HTTP/1.1" 200 6699
186.103.158.250 - - [03/Mar/2017:11:15:33 -0300] "GET /cormun/static/gxui/gxui-all.css?120300 HTTP/1.1" 200 2179
186.103.158.250 - - [03/Mar/2017:11:15:34 -0300] "GET /cormun/static/calendar-system.css?85620 HTTP/1.1" 200 5572
186.103.158.250 - - [03/Mar/2017:11:15:34 -0300] "GET /cormun/static/gxcfg.js?20171191044697 HTTP/1.1" 200 953
186.103.158.250 - - [03/Mar/2017:11:15:34 -0300] "GET /cormun/static/calendar-es.js?85251 HTTP/1.1" 200 1901
186.103.158.250 - - [03/Mar/2017:11:15:34 -0300] "GET /cormun/static/calendar-setup.js?85251 HTTP/1.1" 200 2588
186.103.158.250 - - [03/Mar/2017:11:15:34 -0300] "GET /cormun/static/Resources/PXTools/calendar.png HTTP/1.1" 200 1306
186.103.158.250 - - [03/Mar/2017:11:15:34 -0300] "GET /cormun/static/Resources/PXToolsDataSearch.png HTTP/1.1" 200 419
186.103.158.250 - - [03/Mar/2017:11:15:34 -0300] "GET /cormun/static/calendar.js?85251 HTTP/1.1" 200 26246
186.103.158.250 - - [03/Mar/2017:11:15:34 -0300] "GET /cormun/static/Resources/PXToolsGridFirstDisabled.gif HTTP/1.1" 200 100
186.103.158.250 - - [03/Mar/2017:11:15:34 -0300] "GET /cormun/static/Resources/PXToolsGridPreviousDisabled.gif HTTP/1.1" 200 90
186.103.158.250 - - [03/Mar/2017:11:15:34 -0300] "GET /cormun/static/Resources/PXToolsGridNextDisabled.gif HTTP/1.1" 200 90
186.103.158.250 - - [03/Mar/2017:11:15:34 -0300] "GET /cormun/static/Resources/PXToolsGridLastDisabled.gif HTTP/1.1" 200 98
186.103.158.250 - - [03/Mar/2017:11:15:34 -0300] "GET /cormun/static/Resources/PXToolsGridPage.gif HTTP/1.1" 200 725
186.103.158.250 - - [03/Mar/2017:11:15:34 -0300] "GET /cormun/static/Resources/PXToolsActionExcel.png HTTP/1.1" 200 3187
186.103.158.250 - - [03/Mar/2017:11:15:34 -0300] "GET /cormun/static/gxdec.js?85251 HTTP/1.1" 200 19579
186.103.158.250 - - [03/Mar/2017:11:15:34 -0300] "GET /cormun/static/trsolicitudot.js?20171191045625 HTTP/1.1" 200 53117
186.103.158.250 - - [03/Mar/2017:11:15:34 -0300] "GET /cormun/static/Resources/PXToolsGridNew.png HTTP/1.1" 200 2949
186.103.158.250 - - [03/Mar/2017:11:15:34 -0300] "GET /cormun/static/Shared/ext/resources/css/ext-all.css?215870 HTTP/1.1" 200 416045
190.101.9.138 - - [03/Mar/2017:11:15:35 -0300] "GET /cormun/servlet/solicitudotadjuntos?e29905cb307327e42bb7fa48d593d2d5546a975af84504a0ba612b69f03511dc,gx-no-cache=1488550606363 HTTP/1.1" 200 30
190.101.9.138 - - [03/Mar/2017:11:15:35 -0300] "GET /cormun/servlet/solicitudotadjuntos?e29905cb307327e42bb7fa48d593d2d5546a975af84504a0ba612b69f03511dc,gx-no-cache=1488550606426 HTTP/1.1" 200 30
186.103.158.250 - - [03/Mar/2017:11:15:36 -0300] "GET /cormun/static/Resources/asc.gif HTTP/1.1" 200 67
186.103.158.250 - - [03/Mar/2017:11:15:36 -0300] "GET /cormun/static/Resources/desc.gif HTTP/1.1" 200 65
186.103.158.250 - - [03/Mar/2017:11:15:37 -0300] "GET /cormun/static/Shared/ext/resources/themes/images/default/tools/tool-sprites.gif HTTP/1.1" 200 5434
186.103.158.250 - - [03/Mar/2017:11:15:37 -0300] "GET /cormun/static/Shared/ext/resources/themes/images/default/panel/bg-headersPanel.png HTTP/1.1" 200 255
190.101.9.138 - - [03/Mar/2017:11:15:37 -0300] "POST /cormun/servlet/solicitudotadjuntos?6add7676a4ed656acdc0319a714c7576,INS,2017,5108,,1, HTTP/1.1" 200 116
190.101.9.138 - - [03/Mar/2017:11:15:37 -0300] "GET /cormun/servlet/hpexe_return? HTTP/1.1" 200 1028
190.101.9.138 - - [03/Mar/2017:11:15:37 -0300] "GET /cormun/servlet/trsolicitudadjuntos?2017,5108, HTTP/1.1" 200 7954
190.101.9.138 - - [03/Mar/2017:11:15:37 -0300] "GET /cormun/servlet/trsolicitudadjuntos?2017,5108, HTTP/1.1" 200 7950
190.101.9.138 - - [03/Mar/2017:11:15:40 -0300] "GET /cormun/servlet/solicitudotadjuntos?INS,2017,5108,,1, HTTP/1.1" 200 5808
190.101.9.138 - - [03/Mar/2017:11:15:40 -0300] "GET /cormun/static/about:blank HTTP/1.1" 404 1011
190.101.9.138 - - [03/Mar/2017:11:15:40 -0300] "GET /cormun/servlet/solicitudotadjuntos?INS,2017,5108,,1, HTTP/1.1" 200 5802
190.101.9.138 - - [03/Mar/2017:11:15:41 -0300] "GET /cormun/servlet/solicitudotadjuntos?e29905cb307327e42bb7fa48d593d2d550a1c8e4b86995fec3f3db220783491261e6e22f941acea9f170c20cfb28bd75,gx-no-cache=1488550611761 HTTP/1.1" 200 30
190.101.9.138 - - [03/Mar/2017:11:15:41 -0300] "POST /cormun/servlet/solicitudotadjuntos?6add7676a4ed656acdc0319a714c7576,INS,2017,5108,,1,,gx-no-cache=1488550611839 HTTP/1.1" 200 3646
190.101.9.138 - - [03/Mar/2017:11:15:48 -0300] "POST /cormun/servlet/solicitudotadjuntos?gx-no-cache=1488550618524 HTTP/1.1" 200 26
186.103.158.250 - - [03/Mar/2017:11:15:50 -0300] "GET /cormun/servlet/solicitudot?INS,0,0, HTTP/1.1" 200 12560
186.103.158.250 - - [03/Mar/2017:11:15:51 -0300] "GET /cormun/static/gxcfg.js?20171191042720 HTTP/1.1" 200 953
186.103.158.250 - - [03/Mar/2017:11:15:51 -0300] "GET /cormun/static/Resources/prompt.gif HTTP/1.1" 200 902
186.103.158.250 - - [03/Mar/2017:11:15:51 -0300] "GET /cormun/static/solicitudot.js?2017119104297 HTTP/1.1" 200 63948
190.101.9.138 - - [03/Mar/2017:11:15:58 -0300] "GET /cormun/servlet/solicitudotadjuntos?e29905cb307327e42bb7fa48d593d2d5546a975af84504a0ba612b69f03511dc,gx-no-cache=1488550629303 HTTP/1.1" 200 30
190.101.9.138 - - [03/Mar/2017:11:15:58 -0300] "GET /cormun/servlet/solicitudotadjuntos?e29905cb307327e42bb7fa48d593d2d5546a975af84504a0ba612b69f03511dc,gx-no-cache=1488550629350 HTTP/1.1" 200 30
190.101.9.138 - - [03/Mar/2017:11:16:00 -0300] "POST /cormun/servlet/solicitudotadjuntos?6add7676a4ed656acdc0319a714c7576,INS,2017,5108,,1, HTTP/1.1" 200 116
190.101.9.138 - - [03/Mar/2017:11:16:00 -0300] "GET /cormun/servlet/hpexe_return? HTTP/1.1" 200 1028
190.101.9.138 - - [03/Mar/2017:11:16:00 -0300] "GET /cormun/servlet/trsolicitudadjuntos?2017,5108, HTTP/1.1" 200 8166
190.101.9.138 - - [03/Mar/2017:11:16:01 -0300] "GET /cormun/servlet/trsolicitudadjuntos?2017,5108, HTTP/1.1" 200 8163
190.101.9.138 - - [03/Mar/2017:11:16:03 -0300] "GET /cormun/servlet/solicitudotadjuntos?INS,2017,5108,,1, HTTP/1.1" 200 5808
190.101.9.138 - - [03/Mar/2017:11:16:03 -0300] "GET /cormun/static/about:blank HTTP/1.1" 404 1011
190.101.9.138 - - [03/Mar/2017:11:16:03 -0300] "GET /cormun/servlet/solicitudotadjuntos?INS,2017,5108,,1, HTTP/1.1" 200 5802
190.101.9.138 - - [03/Mar/2017:11:16:03 -0300] "GET /cormun/servlet/solicitudotadjuntos?e29905cb307327e42bb7fa48d593d2d550a1c8e4b86995fec3f3db220783491261e6e22f941acea9f170c20cfb28bd75,gx-no-cache=1488550634311 HTTP/1.1" 200 30
190.101.9.138 - - [03/Mar/2017:11:16:04 -0300] "POST /cormun/servlet/solicitudotadjuntos?6add7676a4ed656acdc0319a714c7576,INS,2017,5108,,1,,gx-no-cache=1488550634389 HTTP/1.1" 200 3646
190.101.9.138 - - [03/Mar/2017:11:16:07 -0300] "POST /cormun/servlet/solicitudotadjuntos?gx-no-cache=1488550637712 HTTP/1.1" 200 26
190.101.9.138 - - [03/Mar/2017:11:16:14 -0300] "GET /cormun/servlet/solicitudotadjuntos?e29905cb307327e42bb7fa48d593d2d5546a975af84504a0ba612b69f03511dc,gx-no-cache=1488550644576 HTTP/1.1" 200 30
190.101.9.138 - - [03/Mar/2017:11:16:14 -0300] "GET /cormun/servlet/solicitudotadjuntos?e29905cb307327e42bb7fa48d593d2d5546a975af84504a0ba612b69f03511dc,gx-no-cache=1488550644623 HTTP/1.1" 200 30
190.101.9.138 - - [03/Mar/2017:11:16:15 -0300] "POST /cormun/servlet/solicitudotadjuntos?6add7676a4ed656acdc0319a714c7576,INS,2017,5108,,1, HTTP/1.1" 200 116
190.101.9.138 - - [03/Mar/2017:11:16:15 -0300] "GET /cormun/servlet/hpexe_return? HTTP/1.1" 200 1028
190.101.9.138 - - [03/Mar/2017:11:16:15 -0300] "GET /cormun/servlet/trsolicitudadjuntos?2017,5108, HTTP/1.1" 200 8316
190.101.9.138 - - [03/Mar/2017:11:16:16 -0300] "GET /cormun/servlet/trsolicitudadjuntos?2017,5108, HTTP/1.1" 200 8314
190.101.9.138 - - [03/Mar/2017:11:16:19 -0300] "GET /cormun/servlet/solicitudotadjuntos?INS,2017,5108,,1, HTTP/1.1" 200 5809
190.101.9.138 - - [03/Mar/2017:11:16:19 -0300] "GET /cormun/static/about:blank HTTP/1.1" 404 1011
190.101.9.138 - - [03/Mar/2017:11:16:19 -0300] "GET /cormun/servlet/solicitudotadjuntos?INS,2017,5108,,1, HTTP/1.1" 200 5803
190.101.9.138 - - [03/Mar/2017:11:16:19 -0300] "GET /cormun/servlet/solicitudotadjuntos?e29905cb307327e42bb7fa48d593d2d550a1c8e4b86995fec3f3db220783491261e6e22f941acea9f170c20cfb28bd75,gx-no-cache=1488550650395 HTTP/1.1" 200 30
190.101.9.138 - - [03/Mar/2017:11:16:20 -0300] "POST /cormun/servlet/solicitudotadjuntos?6add7676a4ed656acdc0319a714c7576,INS,2017,5108,,1,,gx-no-cache=1488550650488 HTTP/1.1" 200 3646
186.103.157.42 - - [03/Mar/2017:11:16:20 -0300] "POST /cormun/servlet/trsolicitudot?4f9262a0cc2458c636b86ec4faf1a851,gx-no-cache=1488550655132 HTTP/1.1" 200 6204
186.103.157.42 - - [03/Mar/2017:11:16:22 -0300] "POST /cormun/servlet/trsolicitudot?4f9262a0cc2458c636b86ec4faf1a851,gx-no-cache=1488550659903 HTTP/1.1" 200 6205
186.103.157.42 - - [03/Mar/2017:11:16:23 -0300] "POST /cormun/servlet/trsolicitudot?4f9262a0cc2458c636b86ec4faf1a851,gx-no-cache=1488550661239 HTTP/1.1" 200 6205
190.101.9.138 - - [03/Mar/2017:11:16:24 -0300] "POST /cormun/servlet/solicitudotadjuntos?gx-no-cache=1488550654607 HTTP/1.1" 200 26
186.103.157.42 - - [03/Mar/2017:11:16:28 -0300] "POST /cormun/servlet/trsolicitudot?4f9262a0cc2458c636b86ec4faf1a851,gx-no-cache=1488550666656 HTTP/1.1" 200 6204
190.101.9.138 - - [03/Mar/2017:11:16:31 -0300] "GET /cormun/servlet/solicitudotadjuntos?e29905cb307327e42bb7fa48d593d2d5546a975af84504a0ba612b69f03511dc,gx-no-cache=1488550662032 HTTP/1.1" 200 30
190.101.9.138 - - [03/Mar/2017:11:16:31 -0300] "GET /cormun/servlet/solicitudotadjuntos?e29905cb307327e42bb7fa48d593d2d5546a975af84504a0ba612b69f03511dc,gx-no-cache=1488550662110 HTTP/1.1" 200 30
190.101.9.138 - - [03/Mar/2017:11:16:33 -0300] "POST /cormun/servlet/solicitudotadjuntos?6add7676a4ed656acdc0319a714c7576,INS,2017,5108,,1, HTTP/1.1" 200 116
190.101.9.138 - - [03/Mar/2017:11:16:33 -0300] "GET /cormun/servlet/hpexe_return? HTTP/1.1" 200 1028
190.101.9.138 - - [03/Mar/2017:11:16:34 -0300] "GET /cormun/servlet/trsolicitudadjuntos?2017,5108, HTTP/1.1" 200 8448
190.101.9.138 - - [03/Mar/2017:11:16:34 -0300] "GET /cormun/servlet/trsolicitudadjuntos?2017,5108, HTTP/1.1" 200 8445
186.103.157.42 - - [03/Mar/2017:11:16:36 -0300] "POST /cormun/servlet/trsolicitudot?4f9262a0cc2458c636b86ec4faf1a851,gx-no-cache=1488550674030 HTTP/1.1" 200 3882
190.101.9.138 - - [03/Mar/2017:11:16:37 -0300] "GET /cormun/servlet/solicitudotadjuntos?INS,2017,5108,,1, HTTP/1.1" 200 5809
190.101.9.138 - - [03/Mar/2017:11:16:37 -0300] "GET /cormun/static/about:blank HTTP/1.1" 404 1011
190.101.9.138 - - [03/Mar/2017:11:16:37 -0300] "GET /cormun/servlet/solicitudotadjuntos?INS,2017,5108,,1, HTTP/1.1" 200 5803
190.101.9.138 - - [03/Mar/2017:11:16:38 -0300] "GET /cormun/servlet/solicitudotadjuntos?e29905cb307327e42bb7fa48d593d2d550a1c8e4b86995fec3f3db220783491261e6e22f941acea9f170c20cfb28bd75,gx-no-cache=1488550668818 HTTP/1.1" 200 30
190.101.9.138 - - [03/Mar/2017:11:16:38 -0300] "POST /cormun/servlet/solicitudotadjuntos?6add7676a4ed656acdc0319a714c7576,INS,2017,5108,,1,,gx-no-cache=1488550669193 HTTP/1.1" 200 3646
186.103.157.42 - - [03/Mar/2017:11:16:39 -0300] "POST /cormun/servlet/trsolicitudot?4f9262a0cc2458c636b86ec4faf1a851,gx-no-cache=1488550677531 HTTP/1.1" 200 11155
190.101.9.138 - - [03/Mar/2017:11:16:43 -0300] "POST /cormun/servlet/solicitudotadjuntos?gx-no-cache=1488550673603 HTTP/1.1" 200 26
186.103.157.42 - - [03/Mar/2017:11:16:44 -0300] "POST /cormun/servlet/trsolicitudot?4f9262a0cc2458c636b86ec4faf1a851,gx-no-cache=1488550682538 HTTP/1.1" 200 3882
186.79.30.74 - - [03/Mar/2017:11:16:45 -0300] "GET /cormun/servlet/solicitudot?2b94c23ae85e307addf1a085c977c1257f199e9706cacd63cc10b6d5abdf40f6ed9d1cace977808a81ac4afbf7671bd70c5dc8c376bb99304bfd3b4a178807cb28e39ae761d590354afe51b44b33daa0440b770c696573173a4e7d77f395f64ac3b888251d3989e3c16a3e7cbbf3e449b8d0b0c3102106f8019884a93c742715b8998c567bd39ada0bc11b64c3e6bdadc1f0e5800412c402fd3feb6983b923efa6e93cd52b1fad86a4463139d2d6c734,gx-no-cache=1488550677685 HTTP/1.1" 200 30
186.103.157.42 - - [03/Mar/2017:11:16:49 -0300] "POST /cormun/servlet/trsolicitudot?4f9262a0cc2458c636b86ec4faf1a851,gx-no-cache=1488550687100 HTTP/1.1" 200 3883
190.101.9.138 - - [03/Mar/2017:11:16:49 -0300] "GET /cormun/servlet/solicitudotadjuntos?e29905cb307327e42bb7fa48d593d2d5546a975af84504a0ba612b69f03511dc,gx-no-cache=1488550679749 HTTP/1.1" 200 30
190.101.9.138 - - [03/Mar/2017:11:16:49 -0300] "GET /cormun/servlet/solicitudotadjuntos?e29905cb307327e42bb7fa48d593d2d5546a975af84504a0ba612b69f03511dc,gx-no-cache=1488550679811 HTTP/1.1" 200 30
186.103.157.42 - - [03/Mar/2017:11:16:52 -0300] "POST /cormun/servlet/trsolicitudot?4f9262a0cc2458c636b86ec4faf1a851,gx-no-cache=1488550690284 HTTP/1.1" 200 11155
190.101.9.138 - - [03/Mar/2017:11:16:52 -0300] "POST /cormun/servlet/solicitudotadjuntos?6add7676a4ed656acdc0319a714c7576,INS,2017,5108,,1, HTTP/1.1" 200 116
190.101.9.138 - - [03/Mar/2017:11:16:52 -0300] "GET /cormun/servlet/hpexe_return? HTTP/1.1" 200 1028
190.101.9.138 - - [03/Mar/2017:11:16:53 -0300] "GET /cormun/servlet/trsolicitudadjuntos?2017,5108, HTTP/1.1" 200 8589
190.101.9.138 - - [03/Mar/2017:11:16:53 -0300] "GET /cormun/servlet/trsolicitudadjuntos?2017,5108, HTTP/1.1" 200 8584
190.101.9.138 - - [03/Mar/2017:11:16:57 -0300] "GET /cormun/servlet/solicitudotadjuntos?INS,2017,5108,,1, HTTP/1.1" 200 5809
190.101.9.138 - - [03/Mar/2017:11:16:57 -0300] "GET /cormun/static/about:blank HTTP/1.1" 404 1011
190.101.9.138 - - [03/Mar/2017:11:16:57 -0300] "GET /cormun/servlet/solicitudotadjuntos?INS,2017,5108,,1, HTTP/1.1" 200 5803
190.101.9.138 - - [03/Mar/2017:11:16:57 -0300] "GET /cormun/servlet/solicitudotadjuntos?e29905cb307327e42bb7fa48d593d2d550a1c8e4b86995fec3f3db220783491261e6e22f941acea9f170c20cfb28bd75,gx-no-cache=1488550688251 HTTP/1.1" 200 30
190.101.9.138 - - [03/Mar/2017:11:16:58 -0300] "POST /cormun/servlet/solicitudotadjuntos?6add7676a4ed656acdc0319a714c7576,INS,2017,5108,,1,,gx-no-cache=1488550688376 HTTP/1.1" 200 3646
190.101.9.138 - - [03/Mar/2017:11:17:00 -0300] "POST /cormun/servlet/solicitudotadjuntos?gx-no-cache=1488550691309 HTTP/1.1" 200 26
186.103.157.42 - - [03/Mar/2017:11:17:07 -0300] "POST /cormun/servlet/trsolicitudot?4f9262a0cc2458c636b86ec4faf1a851,gx-no-cache=1488550704887 HTTP/1.1" 200 11156
190.101.9.138 - - [03/Mar/2017:11:17:08 -0300] "GET /cormun/servlet/solicitudotadjuntos?e29905cb307327e42bb7fa48d593d2d5546a975af84504a0ba612b69f03511dc,gx-no-cache=1488550698875 HTTP/1.1" 200 30
190.101.9.138 - - [03/Mar/2017:11:17:08 -0300] "GET /cormun/servlet/solicitudotadjuntos?e29905cb307327e42bb7fa48d593d2d5546a975af84504a0ba612b69f03511dc,gx-no-cache=1488550698953 HTTP/1.1" 200 30
190.101.9.138 - - [03/Mar/2017:11:17:11 -0300] "POST /cormun/servlet/solicitudotadjuntos?6add7676a4ed656acdc0319a714c7576,INS,2017,5108,,1, HTTP/1.1" 200 116
190.101.9.138 - - [03/Mar/2017:11:17:11 -0300] "GET /cormun/servlet/hpexe_return? HTTP/1.1" 200 1028
190.101.9.138 - - [03/Mar/2017:11:17:12 -0300] "GET /cormun/servlet/trsolicitudadjuntos?2017,5108, HTTP/1.1" 200 8811
190.101.9.138 - - [03/Mar/2017:11:17:12 -0300] "GET /cormun/servlet/trsolicitudadjuntos?2017,5108, HTTP/1.1" 200 8811
190.101.9.138 - - [03/Mar/2017:11:17:16 -0300] "GET /cormun/servlet/solicitudotadjuntos?INS,2017,5108,,2, HTTP/1.1" 200 5809
190.101.9.138 - - [03/Mar/2017:11:17:16 -0300] "GET /cormun/static/about:blank HTTP/1.1" 404 1011
190.101.9.138 - - [03/Mar/2017:11:17:16 -0300] "GET /cormun/servlet/solicitudotadjuntos?INS,2017,5108,,2, HTTP/1.1" 200 5803
190.101.9.138 - - [03/Mar/2017:11:17:17 -0300] "GET /cormun/servlet/solicitudotadjuntos?e29905cb307327e42bb7fa48d593d2d550a1c8e4b86995fec3f3db220783491261e6e22f941acea9f170c20cfb28bd75,gx-no-cache=1488550707439 HTTP/1.1" 200 30
190.101.9.138 - - [03/Mar/2017:11:17:17 -0300] "POST /cormun/servlet/solicitudotadjuntos?6add7676a4ed656acdc0319a714c7576,INS,2017,5108,,2,,gx-no-cache=1488550707548 HTTP/1.1" 200 3858
200.54.247.69 - - [03/Mar/2017:11:17:21 -0300] "POST /cormun/servlet/hlogin?cf277c81ce5fc84d5877ed5cc1f9caf4,gx-no-cache=1488550710286 HTTP/1.1" 200 90
200.54.247.69 - - [03/Mar/2017:11:17:22 -0300] "GET /cormun/servlet/hpexe_link HTTP/1.1" 200 951
200.54.247.69 - - [03/Mar/2017:11:17:22 -0300] "GET /cormun/static/gxcfg.js?201612218515529 HTTP/1.1" 304 -
200.54.247.69 - - [03/Mar/2017:11:17:22 -0300] "GET /cormun/servlet/hhome HTTP/1.1" 200 3974
200.54.247.69 - - [03/Mar/2017:11:17:22 -0300] "GET /cormun/static/gxcfg.js?201612218515568 HTTP/1.1" 304 -
190.101.9.138 - - [03/Mar/2017:11:17:38 -0300] "POST /cormun/servlet/solicitudotadjuntos?gx-no-cache=1488550728624 HTTP/1.1" 200 26
186.79.30.74 - - [03/Mar/2017:11:17:39 -0300] "GET /cormun/servlet/solicitudot?2b94c23ae85e307addf1a085c977c1256c9ddf58263f913eae255a8c2465793632c35abbae3876e842d67d0d28dbf5d041fa63ebcf05a8d6afc8ff864ff820086397683655f2a6a7050ba334a163da124ffa6a3a9e9624818912b6da06f1bac4dffa0a6ce9c4ef2a93b9034cec914f97d204c301178afacb1d372a393b0022994e0c3cec62f9c924a435c057b17147087d05c6c589fad1f6db35bb2e2212d81ac1ec74bc7e8e4ddc4379a1002efd7e17548dee6fc3f612b55ec86ec1549feb4739d4c367f70e9024d4aa27d3cb86e825,gx-no-cache=1488550732403 HTTP/1.1" 200 29
190.101.9.138 - - [03/Mar/2017:11:17:41 -0300] "GET /cormun/servlet/solicitudotadjuntos?e29905cb307327e42bb7fa48d593d2d5546a975af84504a0ba612b69f03511dc,gx-no-cache=1488550731479 HTTP/1.1" 200 30
190.101.9.138 - - [03/Mar/2017:11:17:41 -0300] "GET /cormun/servlet/solicitudotadjuntos?e29905cb307327e42bb7fa48d593d2d5546a975af84504a0ba612b69f03511dc,gx-no-cache=1488550731573 HTTP/1.1" 200 30
190.101.9.138 - - [03/Mar/2017:11:17:41 -0300] "POST /cormun/servlet/solicitudotadjuntos?6add7676a4ed656acdc0319a714c7576,INS,2017,5108,,2,,gx-no-cache=1488550731947 HTTP/1.1" 200 93
190.101.9.138 - - [03/Mar/2017:11:17:41 -0300] "GET /cormun/servlet/hpexe_return? HTTP/1.1" 200 1028
190.101.9.138 - - [03/Mar/2017:11:17:42 -0300] "GET /cormun/servlet/trsolicitudadjuntos?2017,5108, HTTP/1.1" 200 8962
190.101.9.138 - - [03/Mar/2017:11:17:42 -0300] "GET /cormun/servlet/trsolicitudadjuntos?2017,5108, HTTP/1.1" 200 8961
190.101.9.138 - - [03/Mar/2017:11:17:48 -0300] "GET /cormun/servlet/hhome HTTP/1.1" 200 3785
190.101.9.138 - - [03/Mar/2017:11:17:49 -0300] "GET /cormun/servlet/hhome HTTP/1.1" 200 3774
190.101.9.138 - - [03/Mar/2017:11:17:51 -0300] "GET /cormun/servlet/trsolicitudot? HTTP/1.1" 200 8471
190.101.9.138 - - [03/Mar/2017:11:17:52 -0300] "GET /cormun/servlet/trsolicitudot? HTTP/1.1" 200 8468
190.101.9.138 - - [03/Mar/2017:11:17:59 -0300] "POST /cormun/servlet/trsolicitudot?6add7676a4ed656acdc0319a714c7576,,gx-no-cache=1488550749731 HTTP/1.1" 200 5273
190.101.9.138 - - [03/Mar/2017:11:17:59 -0300] "POST /cormun/servlet/trsolicitudot?6add7676a4ed656acdc0319a714c7576,,gx-no-cache=1488550750043 HTTP/1.1" 200 5216
192.168.10.89 - - [03/Mar/2017:11:18:08 -0300] "POST /cormun/servlet/trsolicitudgral?8d77e722c11e89ad51f0a89ccddea63b,gx-no-cache=1488551406039,gx-no-cache=1488553973740 HTTP/1.1" 200 8603
186.79.30.74 - - [03/Mar/2017:11:18:30 -0300] "POST /cormun/servlet/solicitudot?gx-no-cache=1488550782218 HTTP/1.1" 200 1273
186.79.30.74 - - [03/Mar/2017:11:18:30 -0300] "POST /cormun/servlet/solicitudot?gx-no-cache=1488550783053 HTTP/1.1" 200 1156
186.79.30.74 - - [03/Mar/2017:11:18:30 -0300] "GET /cormun/servlet/solicitudot?2b94c23ae85e307addf1a085c977c1257f199e9706cacd63cc10b6d5abdf40f6ed9d1cace977808a81ac4afbf7671bd70c5dc8c376bb99304bfd3b4a178807cb28e39ae761d590354afe51b44b33daa0440b770c696573173a4e7d77f395f64ac3b888251d3989e3c16a3e7cbbf3e449b8d0b0c3102106f8019884a93c742715b8998c567bd39ada0bc11b64c3e6bdadc1f0e5800412c402fd3feb6983b923efa6e93cd52b1fad86a4463139d2d6c734,gx-no-cache=1488550783358 HTTP/1.1" 200 30
186.79.30.74 - - [03/Mar/2017:11:18:31 -0300] "POST /cormun/servlet/solicitudot?51369385d79bf71507035ac2490354f2,INS,0,0,,gx-no-cache=1488550783515 HTTP/1.1" 200 11061
186.79.30.74 - - [03/Mar/2017:11:18:31 -0300] "GET /cormun/static/Shared/jqueryui/images/ui-bg_highlight-soft_100_c6c2c8_1x100.png HTTP/1.1" 404 1117
186.79.30.74 - - [03/Mar/2017:11:18:31 -0300] "GET /cormun/static/Shared/jqueryui/images/ui-icons_82798d_256x240.png HTTP/1.1" 404 1089
186.79.30.74 - - [03/Mar/2017:11:18:31 -0300] "GET /cormun/static/Shared/jqueryui/images/ui-bg_flat_55_994d53_40x100.png HTTP/1.1" 404 1097
186.79.30.74 - - [03/Mar/2017:11:18:31 -0300] "GET /cormun/static/Shared/jqueryui/images/ui-icons_ebccce_256x240.png HTTP/1.1" 404 1089
200.73.230.173 - - [03/Mar/2017:11:18:49 -0300] "GET /cormun/servlet/hlogin HTTP/1.1" 200 1719
186.79.30.74 - - [03/Mar/2017:11:19:02 -0300] "POST /cormun/servlet/solicitudot?gx-no-cache=1488550814656 HTTP/1.1" 200 256
186.79.30.74 - - [03/Mar/2017:11:19:02 -0300] "GET /cormun/servlet/solicitudot?2b94c23ae85e307addf1a085c977c125701bfca45037884917a1921ec2099cbfc19e6121eac49f4e44d58b98fa0e37846d21af0dc51030c1f7eb31a8ec430dc14c201abee7bc6e3d98ffe4f5ac2d18326c9e2890deaf3d64d2954e4bd6e2f4b76be7a1b3a3c62ce25a23b6fd1b75f66e8dda4b69b5459458ec845af96c6d483c85ca299ff0a1ea919794634329745187954bb68b6868eca8575a457ff8df21ee8d841b5a160bdd259c028336c9bfcc069bcceb81273881300015a6b9449e73c748b1f4b8e7ea3b79d44b94e243899f3c49331a256b892222648465b12fdb67234890844c4850a18bba1b40df9d554a8657b474531091a9e31fd47e14fac41bf01135a1859d9033919049a2e21e9245d3e98b66ea85c42dff3f85e0f272de563b8e63cedadfe9d50460e6d3deffd92f8e6379571fd08ae6ad7cd8493a6122121057571e0f06e237ebba7800ba51a1229be95fd6e3035f2a3b70f8303fcad31c1fb711929e9c37eccb821b13596c57210e0153a23739a2dedbb2106065c179f06f,gx-no-cache=1488550815323 HTTP/1.1" 200 30
186.79.30.74 - - [03/Mar/2017:11:19:07 -0300] "POST /cormun/servlet/solicitudot?gx-no-cache=1488550820377 HTTP/1.1" 200 30
186.79.30.74 - - [03/Mar/2017:11:19:08 -0300] "POST /cormun/servlet/solicitudot?gx-no-cache=1488550820851 HTTP/1.1" 200 1292
186.79.30.74 - - [03/Mar/2017:11:19:08 -0300] "POST /cormun/servlet/solicitudot?gx-no-cache=1488550821504 HTTP/1.1" 200 41
186.79.30.74 - - [03/Mar/2017:11:19:09 -0300] "POST /cormun/servlet/solicitudot?gx-no-cache=1488550821655 HTTP/1.1" 200 1275
186.79.30.74 - - [03/Mar/2017:11:19:09 -0300] "POST /cormun/servlet/solicitudot?gx-no-cache=1488550822003 HTTP/1.1" 200 1158
186.79.30.74 - - [03/Mar/2017:11:19:09 -0300] "GET /cormun/servlet/solicitudot?2b94c23ae85e307addf1a085c977c1257f199e9706cacd63cc10b6d5abdf40f6ed9d1cace977808a81ac4afbf7671bd70c5dc8c376bb99304bfd3b4a178807cb28e39ae761d590354afe51b44b33daa0440b770c696573173a4e7d77f395f64ac3b888251d3989e3c16a3e7cbbf3e449b8d0b0c3102106f8019884a93c742715b8998c567bd39ada0bc11b64c3e6bdadc1f0e5800412c402fd3feb6983b923ef2a4c7183cc4f5041c47aa778e46640b6,gx-no-cache=1488550822318 HTTP/1.1" 200 32
186.79.30.74 - - [03/Mar/2017:11:19:10 -0300] "POST /cormun/servlet/solicitudot?51369385d79bf71507035ac2490354f2,INS,0,0,,gx-no-cache=1488550822451 HTTP/1.1" 200 93
186.79.30.74 - - [03/Mar/2017:11:19:10 -0300] "GET /cormun/servlet/hpexe_return? HTTP/1.1" 200 1006
186.79.30.74 - - [03/Mar/2017:11:19:11 -0300] "GET /cormun/servlet/trsolicitudot HTTP/1.1" 200 8844
186.79.30.74 - - [03/Mar/2017:11:19:13 -0300] "GET /cormun/servlet/trsolicitudot HTTP/1.1" 200 8840
186.79.30.74 - - [03/Mar/2017:11:19:18 -0300] "POST /cormun/servlet/trsolicitudot?51369385d79bf71507035ac2490354f2,gx-no-cache=1488550830257 HTTP/1.1" 200 105
186.79.30.74 - - [03/Mar/2017:11:19:18 -0300] "GET /cormun/servlet/solicitudot?UPD,2017,5109, HTTP/1.1" 200 14205
186.79.30.74 - - [03/Mar/2017:11:19:20 -0300] "GET /cormun/servlet/solicitudot?UPD,2017,5109, HTTP/1.1" 200 14214
186.79.30.74 - - [03/Mar/2017:11:19:20 -0300] "POST /cormun/servlet/solicitudot?gx-no-cache=1488550833364 HTTP/1.1" 200 3167
186.79.30.74 - - [03/Mar/2017:11:19:21 -0300] "POST /cormun/servlet/solicitudot?51369385d79bf71507035ac2490354f2,UPD,2017,5109,,gx-no-cache=1488550833929 HTTP/1.1" 200 10861
186.79.30.74 - - [03/Mar/2017:11:19:21 -0300] "GET /cormun/servlet/solicitudot?2b94c23ae85e307addf1a085c977c12519a39ecbc8fe259c176b915f2e992bb29e82f5c93db3acadb2fef9fbfa7db1a1,gx-no-cache=1488550834612 HTTP/1.1" 200 30
186.79.30.74 - - [03/Mar/2017:11:19:22 -0300] "POST /cormun/servlet/solicitudot?gx-no-cache=1488550834781 HTTP/1.1" 200 256
186.79.30.74 - - [03/Mar/2017:11:19:22 -0300] "GET /cormun/servlet/solicitudot?2b94c23ae85e307addf1a085c977c125701bfca45037884917a1921ec2099cbfc19e6121eac49f4e44d58b98fa0e37846d21af0dc51030c1f7eb31a8ec430dc14c201abee7bc6e3d98ffe4f5ac2d18326c9e2890deaf3d64d2954e4bd6e2f4b76be7a1b3a3c62ce25a23b6fd1b75f66e8dda4b69b5459458ec845af96c6d483c85ca299ff0a1ea919794634329745187954bb68b6868eca8575a457ff8df21ee8d841b5a160bdd259c028336c9bfcc069bcceb81273881300015a6b9449e73c748b1f4b8e7ea3b79d44b94e243899f3c49331a256b892222648465b12fdb67234890844c4850a18bba1b40df9d554a8657b474531091a9e31fd47e14fac41bf01135a1859d9033919049a2e21e9245d3e98b66ea85c42dff3f85e0f272de563b8e63cedadfe9d50460e6d3deffd92f8e6379571fd08ae6ad7cd8493a6122121057571e0f06e237ebba7800ba51a1229be95fd6e3035f2a3b70f8303fcad31c1fb711929e9c37eccb821b13596c57210e0153a23739a2dedbb2106065c179f06f,gx-no-cache=1488550834945 HTTP/1.1" 200 30
186.79.30.74 - - [03/Mar/2017:11:19:22 -0300] "POST /cormun/servlet/solicitudot?gx-no-cache=1488550835106 HTTP/1.1" 200 30
186.79.30.74 - - [03/Mar/2017:11:19:22 -0300] "POST /cormun/servlet/solicitudot?gx-no-cache=1488550835273 HTTP/1.1" 200 1292
186.79.30.74 - - [03/Mar/2017:11:19:22 -0300] "POST /cormun/servlet/solicitudot?gx-no-cache=1488550835538 HTTP/1.1" 200 41
186.103.158.250 - - [03/Mar/2017:11:19:25 -0300] "GET /cormun/servlet/trlicencias? HTTP/1.1" 200 6605
186.103.158.250 - - [03/Mar/2017:11:19:25 -0300] "GET /cormun/static/gxcfg.js?2016122619301429 HTTP/1.1" 200 953
186.103.158.250 - - [03/Mar/2017:11:19:25 -0300] "GET /cormun/static/trlicencias.js?2016122619301919 HTTP/1.1" 200 37916
186.79.30.74 - - [03/Mar/2017:11:19:26 -0300] "GET /cormun/servlet/solicitudot?2b94c23ae85e307addf1a085c977c1255da08ac668f1da40898d80acc934832ba66d2f9e20857d86b276b18098de6f08a5dd8ecb333054a7eb73b36908bb9f487e68ceddffae23cf636bc1b8bb69d30ddf3d7aac58e5570ad3ebada7b1f6d43f9226d059fe99906f451ce70d2a07b183b8d0b0c3102106f8019884a93c742715f4bb5fc00c38c875d1251dcc55525c61ea19bf22d376a225a6152014e540b2fc80c81233fc0dbb61b94b5f8a26354a6cc8560182de5d27f123257113c58664dd503c97d68e3f6c61eea5ee88747e175a,gx-no-cache=1488550838452 HTTP/1.1" 200 29
186.79.30.74 - - [03/Mar/2017:11:19:27 -0300] "POST /cormun/servlet/solicitudot?gx-no-cache=1488550838895 HTTP/1.1" 200 1275
186.79.30.74 - - [03/Mar/2017:11:19:27 -0300] "POST /cormun/servlet/solicitudot?gx-no-cache=1488550840104 HTTP/1.1" 200 1158
186.79.247.113 - - [03/Mar/2017:11:19:30 -0300] "GET /cormun/servlet/hlogin HTTP/1.1" 200 1715
186.79.247.113 - - [03/Mar/2017:11:19:33 -0300] "POST /cormun/servlet/hlogin?85edfa7132804bf89cafe43e495b825d,gx-no-cache=1488550846635 HTTP/1.1" 200 90
186.79.247.113 - - [03/Mar/2017:11:19:33 -0300] "GET /cormun/servlet/hpexe_link HTTP/1.1" 200 950
186.79.247.113 - - [03/Mar/2017:11:19:33 -0300] "GET /cormun/servlet/hhome HTTP/1.1" 200 3755
186.79.247.113 - - [03/Mar/2017:11:19:34 -0300] "GET /cormun/servlet/hhome HTTP/1.1" 200 3752
186.79.247.113 - - [03/Mar/2017:11:19:40 -0300] "GET /cormun/servlet/trsolicitudot? HTTP/1.1" 200 6690
186.79.247.113 - - [03/Mar/2017:11:19:41 -0300] "GET /cormun/servlet/trsolicitudot? HTTP/1.1" 200 6690
186.79.30.74 - - [03/Mar/2017:11:19:41 -0300] "GET /cormun/servlet/solicitudot?2b94c23ae85e307addf1a085c977c1257f199e9706cacd63cc10b6d5abdf40f6ed9d1cace977808a81ac4afbf7671bd70c5dc8c376bb99304bfd3b4a178807cb28e39ae761d590354afe51b44b33daa0440b770c696573173a4e7d77f395f64ac3b888251d3989e3c16a3e7cbbf3e449b8d0b0c3102106f8019884a93c742715b8998c567bd39ada0bc11b64c3e6bdadc1f0e5800412c402fd3feb6983b923ef2a4c7183cc4f5041c47aa778e46640b6,gx-no-cache=1488550854195 HTTP/1.1" 200 32
186.79.30.74 - - [03/Mar/2017:11:19:42 -0300] "POST /cormun/servlet/solicitudot?51369385d79bf71507035ac2490354f2,UPD,2017,5109,,gx-no-cache=1488550854348 HTTP/1.1" 200 93
186.79.30.74 - - [03/Mar/2017:11:19:42 -0300] "GET /cormun/servlet/hpexe_return? HTTP/1.1" 200 1013
186.79.30.74 - - [03/Mar/2017:11:19:43 -0300] "GET /cormun/servlet/trsolicitudot HTTP/1.1" 200 8844
186.79.247.113 - - [03/Mar/2017:11:19:43 -0300] "GET /cormun/servlet/solicitudot?INS,0,0, HTTP/1.1" 200 12564
186.79.30.74 - - [03/Mar/2017:11:19:44 -0300] "GET /cormun/servlet/trsolicitudot HTTP/1.1" 200 8840
186.79.247.113 - - [03/Mar/2017:11:19:44 -0300] "GET /cormun/servlet/solicitudot?INS,0,0, HTTP/1.1" 200 12569
186.79.247.113 - - [03/Mar/2017:11:20:02 -0300] "POST /cormun/servlet/solicitudot?gx-no-cache=1488550874441 HTTP/1.1" 200 3253
186.79.247.113 - - [03/Mar/2017:11:20:02 -0300] "GET /cormun/static/Shared/jqueryui/images/ui-bg_highlight-soft_100_c6c2c8_1x100.png HTTP/1.1" 404 1117
186.79.247.113 - - [03/Mar/2017:11:20:02 -0300] "GET /cormun/static/Shared/jqueryui/images/ui-icons_82798d_256x240.png HTTP/1.1" 404 1089
186.79.247.113 - - [03/Mar/2017:11:20:02 -0300] "GET /cormun/static/Shared/jqueryui/images/ui-icons_ebccce_256x240.png HTTP/1.1" 404 1089
186.79.247.113 - - [03/Mar/2017:11:20:02 -0300] "GET /cormun/static/Shared/jqueryui/images/ui-bg_flat_55_994d53_40x100.png HTTP/1.1" 404 1097
186.79.247.113 - - [03/Mar/2017:11:20:24 -0300] "POST /cormun/servlet/solicitudot?85edfa7132804bf89cafe43e495b825d,INS,0,0,,gx-no-cache=1488550897834 HTTP/1.1" 200 10059
186.79.247.113 - - [03/Mar/2017:11:20:56 -0300] "GET /cormun/servlet/solicitudot?09cea5458d0f1c6e70b343eb010c4963d82aa7c30ff532d51634294ac32901fdc2edee29440dcd3c21354d7d5f927e3c,gx-no-cache=1488550929944 HTTP/1.1" 200 30
186.79.247.113 - - [03/Mar/2017:11:20:56 -0300] "POST /cormun/servlet/solicitudot?gx-no-cache=1488550930149 HTTP/1.1" 200 296
186.79.247.113 - - [03/Mar/2017:11:20:56 -0300] "GET /cormun/servlet/solicitudot?09cea5458d0f1c6e70b343eb010c49634c1165e20976062c85840ad8d18fa11f7f6384957356564fcc7c6fa68bab499dd897548952ade7c942250df961c5dd635e1b0461caade3e3ca54e79f26b6de9420b80db118ad0c704e9932cae28f54d04b3224c087b9cba5e82061bc7ae0b39d3f6a4f45af7056d3f3b203d3654cb7dca9fdf571a3c211205aeaed1b3a1e4cd10c14ca8c155ff97f5016e41ac32605882e78655c87446e33f1ec2a75124cf7597b86a314cd3a78622347b303cd0c59c7d514ce80bbde4cc81f244fce168073f243b20862901900c8f57c7329c70d13eddb8e4ed6173e563415fef640e7df5b3f20d4984566653b41cb947a3c89f7fd54ead4d1a91009cb465a901666116adfb69e52433d1c9f6b91cbbd136503a71b33b8a0ea250d6a92cd0d4f1c27e16728d0423ec14a2e52f48f23205aa2ff6908311f2cca79421e9093b052befe59ec9ac14234c14ab918774118cfd4f0603d61e59c9c3af7c914c4a4c34351534d14c66049865df8e8d77d4056ebc1b4cb2f03a661aba3fbe49d6a26b1d00fc9695fd9e4,gx-no-cache=1488550930317 HTTP/1.1" 200 30
186.79.247.113 - - [03/Mar/2017:11:21:00 -0300] "POST /cormun/servlet/solicitudot?gx-no-cache=1488550933912 HTTP/1.1" 200 30
186.79.247.113 - - [03/Mar/2017:11:21:03 -0300] "POST /cormun/servlet/solicitudot?gx-no-cache=1488550937544 HTTP/1.1" 200 655
186.79.247.113 - - [03/Mar/2017:11:21:04 -0300] "POST /cormun/servlet/solicitudot?gx-no-cache=1488550937717 HTTP/1.1" 200 38
