186.79.247.113 - - [03/Mar/2017:11:21:15 -0300] "GET /cormun/servlet/solicitudot?09cea5458d0f1c6e70b343eb010c496323e05d8f08bc30d7fc73659641dccb43d799e1ccec75ff58a0db9d4e9af66b8a55775f8213b99c667eabc065b47e783b4f428ad56a883b50f98908ce9c9d66e5,gx-no-cache=1488550948876 HTTP/1.1" 200 29
186.79.247.113 - - [03/Mar/2017:11:21:15 -0300] "POST /cormun/servlet/solicitudot?gx-no-cache=1488550949071 HTTP/1.1" 200 643
186.79.247.113 - - [03/Mar/2017:11:21:17 -0300] "POST /cormun/servlet/solicitudot?gx-no-cache=1488550950624 HTTP/1.1" 200 1157
186.79.247.113 - - [03/Mar/2017:11:22:04 -0300] "GET /cormun/servlet/solicitudot?09cea5458d0f1c6e70b343eb010c496316e56f1e79d7db4c129477abe379adf0fe2e6fcf82ef560463a7176a23fc17c50243642cfb9f7ab5aba286eaf895507c55775f8213b99c667eabc065b47e783b3e5c23eccdd124ad7d2e41467aed86233d18d54fded3ec2fcb41f1182c71372cac1eabeabbd22128d349ec2d857294559522b471b4dfeb43cb5c18a304498b727f1dab5a6c13b9bb512b393d8264ed3fc565a1e4c11faa0b3919c6e45d15f4ee,gx-no-cache=1488550998030 HTTP/1.1" 200 30
200.54.247.69 - - [03/Mar/2017:11:22:28 -0300] "GET /cormun/servlet/trlicencias? HTTP/1.1" 200 8033
200.54.247.69 - - [03/Mar/2017:11:22:36 -0300] "GET /cormun/servlet/licenciaspermisos?INS,0,,, HTTP/1.1" 200 7338
186.79.247.113 - - [03/Mar/2017:11:22:44 -0300] "GET /cormun/servlet/prfichaempleado?,MD,,gxPopupLevel%3D0%3B HTTP/1.1" 200 8813
186.79.30.74 - - [03/Mar/2017:11:22:56 -0300] "GET /cormun/servlet/solicitudot?INS,0,0, HTTP/1.1" 200 12533
186.79.30.74 - - [03/Mar/2017:11:22:58 -0300] "GET /cormun/servlet/solicitudot?INS,0,0, HTTP/1.1" 200 12538
200.54.247.69 - - [03/Mar/2017:11:22:59 -0300] "GET /cormun/servlet/prfichaempleado?,MD,,gxPopupLevel%3D0%3B HTTP/1.1" 200 8848
186.79.247.113 - - [03/Mar/2017:11:23:07 -0300] "POST /cormun/servlet/solicitudot?gx-no-cache=1488551060891 HTTP/1.1" 200 3253
200.54.247.69 - - [03/Mar/2017:11:23:19 -0300] "POST /cormun/servlet/prfichaempleado?cf277c81ce5fc84d5877ed5cc1f9caf4,,MD,,gxPopupLevel%3D0%3B,gx-no-cache=1488551068210 HTTP/1.1" 200 3458
200.54.247.69 - - [03/Mar/2017:11:23:38 -0300] "GET /cormun/servlet/prfichaempleado?,MD,,gxPopupLevel%3D0%3B HTTP/1.1" 200 8848
200.54.247.69 - - [03/Mar/2017:11:23:52 -0300] "POST /cormun/servlet/prfichaempleado?cf277c81ce5fc84d5877ed5cc1f9caf4,,MD,,gxPopupLevel%3D0%3B,gx-no-cache=1488551100646 HTTP/1.1" 200 3453
186.79.247.113 - - [03/Mar/2017:11:24:08 -0300] "POST /cormun/servlet/solicitudot?85edfa7132804bf89cafe43e495b825d,INS,0,0,,gx-no-cache=1488551121515 HTTP/1.1" 200 11073
186.103.158.250 - - [03/Mar/2017:11:24:26 -0300] "GET /cormun/static/menuarrow.gif HTTP/1.1" 404 1015
192.168.10.89 - - [03/Mar/2017:11:24:28 -0300] "POST /cormun/servlet/trsolicitudgral?8d77e722c11e89ad51f0a89ccddea63b,gx-no-cache=1488551406039,gx-no-cache=1488554354271 HTTP/1.1" 200 12631
186.103.157.246 - - [03/Mar/2017:11:24:39 -0300] "GET /cormun/servlet/hlogin HTTP/1.1" 200 1708
186.103.157.246 - - [03/Mar/2017:11:24:40 -0300] "GET /cormun/static/Resources/Spanish/PXTools.css?167811 HTTP/1.1" 304 -
186.103.157.246 - - [03/Mar/2017:11:24:40 -0300] "GET /cormun/static/gxtimezone.js?85251 HTTP/1.1" 200 5781
192.168.10.89 - - [03/Mar/2017:11:24:40 -0300] "POST /cormun/servlet/trsolicitudgral?8d77e722c11e89ad51f0a89ccddea63b,gx-no-cache=1488551406039,gx-no-cache=1488554365674 HTTP/1.1" 200 6456
186.103.157.246 - - [03/Mar/2017:11:24:40 -0300] "GET /cormun/static/gxcfg.js?201612216162538 HTTP/1.1" 200 953
186.103.157.246 - - [03/Mar/2017:11:24:40 -0300] "GET /cormun/static/gxgral.js?85251 HTTP/1.1" 304 -
186.103.157.246 - - [03/Mar/2017:11:24:40 -0300] "GET /cormun/static/hlogin.js?201612216162555 HTTP/1.1" 304 -
186.103.157.246 - - [03/Mar/2017:11:24:40 -0300] "GET /cormun/static/Resources/ComunLogin.png HTTP/1.1" 304 -
186.103.157.246 - - [03/Mar/2017:11:24:40 -0300] "GET /cormun/static/messages.spa.js?85251 HTTP/1.1" 200 30736
186.103.157.246 - - [03/Mar/2017:11:24:40 -0300] "GET /cormun/static/Resources/PXToolsLoginBackground.png HTTP/1.1" 304 -
186.103.157.246 - - [03/Mar/2017:11:24:40 -0300] "GET /cormun/static/Resources/PXToolsLoginBottom.png HTTP/1.1" 304 -
186.103.157.246 - - [03/Mar/2017:11:24:40 -0300] "GET /cormun/static/Resources/PXToolsButtonBackground2.png HTTP/1.1" 304 -
186.103.157.246 - - [03/Mar/2017:11:24:40 -0300] "GET /cormun/static/Resources/PXToolsLoginTop.png HTTP/1.1" 304 -
186.103.157.246 - - [03/Mar/2017:11:24:40 -0300] "GET /cormun/static/Resources/PXToolsButtonLeft21.png HTTP/1.1" 304 -
186.103.157.246 - - [03/Mar/2017:11:24:40 -0300] "GET /cormun/static/Resources/PXToolsButtonRight21.png HTTP/1.1" 304 -
186.103.157.246 - - [03/Mar/2017:11:24:40 -0300] "GET /cormun/servlet/hlogin HTTP/1.1" 200 1708
186.103.157.246 - - [03/Mar/2017:11:24:40 -0300] "GET /cormun/static/Resources/indicator.gif HTTP/1.1" 304 -
192.168.10.89 - - [03/Mar/2017:11:24:57 -0300] "POST /cormun/servlet/trsolicitudgral?8d77e722c11e89ad51f0a89ccddea63b,gx-no-cache=1488551406039,gx-no-cache=1488554382758 HTTP/1.1" 200 6471
186.103.157.246 - - [03/Mar/2017:11:24:59 -0300] "POST /cormun/servlet/hlogin?9d30eba73676d2283a70c69c5cb5c950,gx-no-cache=1488551170447 HTTP/1.1" 200 90
186.103.157.246 - - [03/Mar/2017:11:24:59 -0300] "GET /cormun/servlet/hpexe_link HTTP/1.1" 200 946
186.103.157.246 - - [03/Mar/2017:11:24:59 -0300] "GET /cormun/static/gxcfg.js?201612218515529 HTTP/1.1" 200 953
186.103.157.246 - - [03/Mar/2017:11:24:59 -0300] "GET /cormun/static/hpexe_link.js?201612218515532 HTTP/1.1" 304 -
186.103.157.246 - - [03/Mar/2017:11:24:59 -0300] "GET /cormun/static/Resources/Spanish/PXTools.css?18365030 HTTP/1.1" 304 -
186.103.157.246 - - [03/Mar/2017:11:24:59 -0300] "GET /cormun/servlet/hhome HTTP/1.1" 200 3707
186.103.157.246 - - [03/Mar/2017:11:24:59 -0300] "GET /cormun/static/Shared/jqueryui/jquery-ui.min.css?1345370 HTTP/1.1" 304 -
186.103.157.246 - - [03/Mar/2017:11:24:59 -0300] "GET /cormun/static/SmoothNavMenu/resources/ddsmoothmenu.css?1112540 HTTP/1.1" 304 -
186.103.157.246 - - [03/Mar/2017:11:24:59 -0300] "GET /cormun/static/SmoothNavMenu/resources/ddsmoothmenu-v.css?1112540 HTTP/1.1" 304 -
186.103.157.246 - - [03/Mar/2017:11:24:59 -0300] "GET /cormun/static/scaMessage/css/jquery.pnotify.default.css?1816380 HTTP/1.1" 304 -
186.103.157.246 - - [03/Mar/2017:11:24:59 -0300] "GET /cormun/static/gxcfg.js?201612218515568 HTTP/1.1" 200 953
186.103.157.246 - - [03/Mar/2017:11:24:59 -0300] "GET /cormun/static/PXToolsJavascripts/pexe_autoreload.js HTTP/1.1" 304 -
186.103.157.246 - - [03/Mar/2017:11:24:59 -0300] "GET /cormun/static/PXToolsJavascripts/pexe_cookies.js HTTP/1.1" 304 -
186.103.157.246 - - [03/Mar/2017:11:24:59 -0300] "GET /cormun/static/PXToolsJavascripts/pexe_grid.js HTTP/1.1" 304 -
186.103.157.246 - - [03/Mar/2017:11:24:59 -0300] "GET /cormun/static/PXToolsJavascripts/pexe_griddivfix.js HTTP/1.1" 304 -
186.103.157.246 - - [03/Mar/2017:11:24:59 -0300] "GET /cormun/static/PXToolsJavascripts/pexe_link.js HTTP/1.1" 304 -
186.103.157.246 - - [03/Mar/2017:11:24:59 -0300] "GET /cormun/static/PXToolsJavascripts/pexe_menus.js HTTP/1.1" 304 -
186.103.157.246 - - [03/Mar/2017:11:24:59 -0300] "GET /cormun/static/PXToolsJavascripts/pexe_menudivfix.js HTTP/1.1" 304 -
186.103.157.246 - - [03/Mar/2017:11:24:59 -0300] "GET /cormun/static/PXToolsJavascripts/pexe_layers.js HTTP/1.1" 304 -
186.103.157.246 - - [03/Mar/2017:11:24:59 -0300] "GET /cormun/static/PXToolsJavascripts/pexe_oav.js HTTP/1.1" 304 -
186.103.157.246 - - [03/Mar/2017:11:24:59 -0300] "GET /cormun/static/PXToolsJavascripts/pexe_oavdivfix.js HTTP/1.1" 304 -
186.103.157.246 - - [03/Mar/2017:11:24:59 -0300] "GET /cormun/static/PXToolsJavascripts/pexe_picture.js HTTP/1.1" 304 -
186.103.157.246 - - [03/Mar/2017:11:24:59 -0300] "GET /cormun/static/PXToolsJavascripts/pexe_popup.js HTTP/1.1" 304 -
186.103.157.246 - - [03/Mar/2017:11:24:59 -0300] "GET /cormun/static/PXToolsJavascripts/pexe_scrolldiv.js HTTP/1.1" 304 -
186.103.157.246 - - [03/Mar/2017:11:24:59 -0300] "GET /cormun/static/PXToolsJavascripts/pexe_tabs.js HTTP/1.1" 304 -
186.103.157.246 - - [03/Mar/2017:11:25:00 -0300] "GET /cormun/static/PXToolsJavascripts/pexe_upload.js HTTP/1.1" 304 -
186.103.157.246 - - [03/Mar/2017:11:25:00 -0300] "GET /cormun/static/PXToolsJavascripts/PXToolsJavascriptsRender.js HTTP/1.1" 304 -
186.103.157.246 - - [03/Mar/2017:11:25:00 -0300] "GET /cormun/static/Shared/ext/ext-all.js HTTP/1.1" 304 -
186.103.157.246 - - [03/Mar/2017:11:25:00 -0300] "GET /cormun/static/PXToolsJavascripts/pexe_windows.js HTTP/1.1" 304 -
186.103.157.246 - - [03/Mar/2017:11:25:00 -0300] "GET /cormun/static/gxui/gxui-all.js HTTP/1.1" 304 -
186.103.157.246 - - [03/Mar/2017:11:25:00 -0300] "GET /cormun/static/Shared/ext/locale/ext-lang-en.js HTTP/1.1" 304 -
186.103.157.246 - - [03/Mar/2017:11:25:00 -0300] "GET /cormun/static/hhome.js?201612218515573 HTTP/1.1" 304 -
186.103.157.246 - - [03/Mar/2017:11:25:00 -0300] "GET /cormun/static/hwchdr01.js?201612218432057 HTTP/1.1" 304 -
186.103.157.246 - - [03/Mar/2017:11:25:00 -0300] "GET /cormun/static/hpexe_scripts.js?201612218432016 HTTP/1.1" 304 -
186.103.157.246 - - [03/Mar/2017:11:25:00 -0300] "GET /cormun/static/hpexe_recentlink.js?201610171694390 HTTP/1.1" 304 -
186.103.157.246 - - [03/Mar/2017:11:25:00 -0300] "GET /cormun/static/hpexe_messagecontroller.js?201610171694323 HTTP/1.1" 304 -
186.103.157.246 - - [03/Mar/2017:11:25:00 -0300] "GET /cormun/static/PXToolsJavascripts/pexe_tabdivfix.js HTTP/1.1" 304 -
186.103.157.246 - - [03/Mar/2017:11:25:00 -0300] "GET /cormun/static/hpexe_messagepopupcomponent.js?20161017169425 HTTP/1.1" 304 -
186.103.157.246 - - [03/Mar/2017:11:25:00 -0300] "GET /cormun/static/hpexe_messagegenexuscomponent.js?201612218431816 HTTP/1.1" 304 -
186.103.157.246 - - [03/Mar/2017:11:25:00 -0300] "GET /cormun/static/cmcontrolpreferences.js?201612218431999 HTTP/1.1" 304 -
186.103.157.246 - - [03/Mar/2017:11:25:00 -0300] "GET /cormun/static/RunJS/RunJS.js HTTP/1.1" 304 -
186.103.157.246 - - [03/Mar/2017:11:25:00 -0300] "GET /cormun/static/Shared/jquery/jquery-1.4.2.min.js HTTP/1.1" 304 -
186.103.157.246 - - [03/Mar/2017:11:25:00 -0300] "GET /cormun/static/Shared/jquery/jquery-1.10.2.min.js HTTP/1.1" 304 -
186.103.157.246 - - [03/Mar/2017:11:25:00 -0300] "GET /cormun/static/Shared/jqueryui/jquery-ui.min.js HTTP/1.1" 304 -
186.103.157.246 - - [03/Mar/2017:11:25:00 -0300] "GET /cormun/static/SmoothNavMenu/resources/ddsmoothmenu.js HTTP/1.1" 304 -
186.103.157.246 - - [03/Mar/2017:11:25:00 -0300] "GET /cormun/static/SmoothNavMenu/resources/SmoothNavMenuRender.js HTTP/1.1" 304 -
186.103.157.246 - - [03/Mar/2017:11:25:00 -0300] "GET /cormun/static/scaMessage/js/jquery.pnotify.min.js HTTP/1.1" 304 -
186.103.157.246 - - [03/Mar/2017:11:25:00 -0300] "GET /cormun/static/scaMessage/scaMessageRender.js HTTP/1.1" 304 -
186.103.157.246 - - [03/Mar/2017:11:25:00 -0300] "GET /cormun/static/hmpwkw03.js?20161221852152 HTTP/1.1" 304 -
186.103.157.246 - - [03/Mar/2017:11:25:00 -0300] "GET /cormun/static/Resources/logo4.png HTTP/1.1" 304 -
186.103.157.246 - - [03/Mar/2017:11:25:00 -0300] "GET /cormun/static/Resources/PXToolsHeaderActionsLeft.png HTTP/1.1" 304 -
186.103.157.246 - - [03/Mar/2017:11:25:00 -0300] "GET /cormun/static/Resources/PXToolsFooterBackground2.png HTTP/1.1" 304 -
186.103.157.246 - - [03/Mar/2017:11:25:00 -0300] "GET /cormun/static/Resources/PXToolsHeaderBackground2.png HTTP/1.1" 304 -
186.103.157.246 - - [03/Mar/2017:11:25:00 -0300] "GET /cormun/static/Resources/PXToolsHeaderLogin.png HTTP/1.1" 304 -
186.103.157.246 - - [03/Mar/2017:11:25:00 -0300] "GET /cormun/static/Resources/PXToolsHeaderActionsBackground.png HTTP/1.1" 304 -
186.103.157.246 - - [03/Mar/2017:11:25:00 -0300] "GET /cormun/static/Resources/PXToolsHeaderPreferences.png HTTP/1.1" 304 -
186.103.157.246 - - [03/Mar/2017:11:25:00 -0300] "GET /cormun/static/Resources/PXToolsHeaderActionsRight.png HTTP/1.1" 304 -
186.103.157.246 - - [03/Mar/2017:11:25:00 -0300] "GET /cormun/static/Resources/PXToolsDataTitle.png HTTP/1.1" 304 -
186.103.157.246 - - [03/Mar/2017:11:25:01 -0300] "GET /cormun/static/Resources/PXToolsHeaderHome.png HTTP/1.1" 304 -
186.103.157.246 - - [03/Mar/2017:11:25:01 -0300] "GET /cormun/static/Resources/PXToolsHeaderSecurity.png HTTP/1.1" 304 -
186.103.157.246 - - [03/Mar/2017:11:25:01 -0300] "GET /cormun/static/SmoothNavMenu/resources/images/down.gif HTTP/1.1" 304 -
186.103.157.246 - - [03/Mar/2017:11:25:08 -0300] "GET /cormun/servlet/trlicencias? HTTP/1.1" 200 6546
186.103.157.246 - - [03/Mar/2017:11:25:08 -0300] "GET /cormun/static/Shared/ext/resources/css/ext-all.css?215870 HTTP/1.1" 304 -
186.103.157.246 - - [03/Mar/2017:11:25:08 -0300] "GET /cormun/static/gxui/gxui-all.css?120300 HTTP/1.1" 304 -
186.103.157.246 - - [03/Mar/2017:11:25:08 -0300] "GET /cormun/static/calendar-system.css?85620 HTTP/1.1" 304 -
186.103.157.246 - - [03/Mar/2017:11:25:08 -0300] "GET /cormun/static/gxcfg.js?2016122619301429 HTTP/1.1" 200 953
186.103.157.246 - - [03/Mar/2017:11:25:08 -0300] "GET /cormun/static/calendar-setup.js?85251 HTTP/1.1" 200 2588
186.103.157.246 - - [03/Mar/2017:11:25:08 -0300] "GET /cormun/static/calendar-es.js?85251 HTTP/1.1" 200 1901
186.103.157.246 - - [03/Mar/2017:11:25:08 -0300] "GET /cormun/static/calendar.js?85251 HTTP/1.1" 200 26246
186.103.157.246 - - [03/Mar/2017:11:25:09 -0300] "GET /cormun/static/Resources/PXTools/calendar.png HTTP/1.1" 200 1306
186.103.157.246 - - [03/Mar/2017:11:25:09 -0300] "GET /cormun/static/Resources/PXToolsDataSearch.png HTTP/1.1" 304 -
186.103.157.246 - - [03/Mar/2017:11:25:09 -0300] "GET /cormun/static/Resources/PXToolsGridFirstDisabled.gif HTTP/1.1" 304 -
186.103.157.246 - - [03/Mar/2017:11:25:09 -0300] "GET /cormun/static/Resources/PXToolsGridPreviousDisabled.gif HTTP/1.1" 304 -
186.103.157.246 - - [03/Mar/2017:11:25:09 -0300] "GET /cormun/static/Resources/PXToolsGridNextDisabled.gif HTTP/1.1" 304 -
186.103.157.246 - - [03/Mar/2017:11:25:09 -0300] "GET /cormun/static/Resources/PXToolsGridLastDisabled.gif HTTP/1.1" 304 -
186.103.157.246 - - [03/Mar/2017:11:25:09 -0300] "GET /cormun/static/Resources/PXToolsGridPage.gif HTTP/1.1" 304 -
186.103.157.246 - - [03/Mar/2017:11:25:09 -0300] "GET /cormun/static/Resources/PXToolsActionExcel.png HTTP/1.1" 304 -
186.103.157.246 - - [03/Mar/2017:11:25:09 -0300] "GET /cormun/static/Resources/PXToolsGridNew.png HTTP/1.1" 200 2949
186.103.157.246 - - [03/Mar/2017:11:25:09 -0300] "GET /cormun/static/gxdec.js?85251 HTTP/1.1" 200 19579
186.103.157.246 - - [03/Mar/2017:11:25:09 -0300] "GET /cormun/static/trlicencias.js?2016122619301919 HTTP/1.1" 200 37916
186.103.157.246 - - [03/Mar/2017:11:25:09 -0300] "GET /cormun/static/Resources/desc.gif HTTP/1.1" 304 -
186.103.157.246 - - [03/Mar/2017:11:25:09 -0300] "GET /cormun/static/Shared/ext/resources/themes/images/default/tools/tool-sprites.gif HTTP/1.1" 304 -
186.103.157.246 - - [03/Mar/2017:11:25:10 -0300] "GET /cormun/static/Shared/ext/resources/themes/images/default/tip/tip-sides.gif HTTP/1.1" 304 -
186.103.157.246 - - [03/Mar/2017:11:25:10 -0300] "GET /cormun/static/Shared/ext/resources/themes/images/default/tip/tip-corners.gif HTTP/1.1" 304 -
186.103.157.246 - - [03/Mar/2017:11:25:10 -0300] "GET /cormun/static/Resources/asc.gif HTTP/1.1" 304 -
186.103.157.246 - - [03/Mar/2017:11:25:10 -0300] "GET /cormun/static/Shared/ext/resources/themes/images/default/panel/bg-headersPanel.png HTTP/1.1" 304 -
186.79.30.74 - - [03/Mar/2017:11:25:14 -0300] "POST /cormun/servlet/solicitudot?gx-no-cache=1488551186698 HTTP/1.1" 200 3169
186.103.158.250 - - [03/Mar/2017:11:25:15 -0300] "GET /cormun/servlet/licenciaspermisos?INS,0,,, HTTP/1.1" 200 7114
186.79.30.74 - - [03/Mar/2017:11:25:15 -0300] "POST /cormun/servlet/solicitudot?51369385d79bf71507035ac2490354f2,INS,0,0,,gx-no-cache=1488551187445 HTTP/1.1" 200 9773
186.103.158.250 - - [03/Mar/2017:11:25:15 -0300] "GET /cormun/static/gxcfg.js?2016122619301043 HTTP/1.1" 200 953
186.103.158.250 - - [03/Mar/2017:11:25:15 -0300] "GET /cormun/static/licenciaspermisos.js?2016122619301096 HTTP/1.1" 200 33213
200.54.247.69 - - [03/Mar/2017:11:25:16 -0300] "GET /cormun/servlet/prfichaempleado?,MD,,gxPopupLevel%3D0%3B HTTP/1.1" 200 8848
186.79.30.74 - - [03/Mar/2017:11:25:18 -0300] "GET /cormun/servlet/solicitudot?2b94c23ae85e307addf1a085c977c12567388dc9c13398caaa43400f9762877b161fddd400974735ee501a053ae796f4,gx-no-cache=1488551191683 HTTP/1.1" 200 30
186.79.30.74 - - [03/Mar/2017:11:25:19 -0300] "POST /cormun/servlet/solicitudot?gx-no-cache=1488551191826 HTTP/1.1" 200 255
186.79.30.74 - - [03/Mar/2017:11:25:19 -0300] "GET /cormun/servlet/solicitudot?2b94c23ae85e307addf1a085c977c125701bfca45037884917a1921ec2099cbfc19e6121eac49f4e44d58b98fa0e37846d21af0dc51030c1f7eb31a8ec430dc14c201abee7bc6e3d98ffe4f5ac2d18326c9e2890deaf3d64d2954e4bd6e2f4b76be7a1b3a3c62ce25a23b6fd1b75f66e8dda4b69b5459458ec845af96c6d483c85ca299ff0a1ea919794634329745187954bb68b6868eca8575a457ff8df21ee8d841b5a160bdd259c028336c9bfcc069bcceb81273881300015a6b9449e73c748b1f4b8e7ea3b79d44b94e243899f3c49331a256b892222648465b12fdb67234890844c4850a18bba1b40df9d554a8657b474531091a9e31fd47e14fac41bf01135a1859d9033919049a2e21e9245d3e98b66ea85c42dff3f85e0f272de563b8e63cedadfe9d50460e6d3deffd92f8e6379571fd08ae6ad7cd8493a6122121057571e0f06e237ebba7800ba51a1229be95fd6e3035f2a3b70f8303fcad31c1fb711929e9c37eccb821b13596c57210e611bc726646cc886c5c1fe460a325776,gx-no-cache=1488551191975 HTTP/1.1" 200 30
186.103.157.246 - - [03/Mar/2017:11:25:21 -0300] "GET /cormun/servlet/licenciaspermisos?INS,0,,, HTTP/1.1" 200 7059
186.103.157.246 - - [03/Mar/2017:11:25:21 -0300] "GET /cormun/static/gxcfg.js?2016122619301043 HTTP/1.1" 200 953
186.103.157.246 - - [03/Mar/2017:11:25:21 -0300] "GET /cormun/static/licenciaspermisos.js?2016122619301096 HTTP/1.1" 200 33213
186.103.157.246 - - [03/Mar/2017:11:25:22 -0300] "GET /cormun/static/Resources/prompt.gif HTTP/1.1" 200 902
186.79.30.74 - - [03/Mar/2017:11:25:23 -0300] "POST /cormun/servlet/solicitudot?gx-no-cache=1488551196399 HTTP/1.1" 200 30
192.168.10.89 - - [03/Mar/2017:11:25:27 -0300] "POST /cormun/servlet/trsolicitudgral?8d77e722c11e89ad51f0a89ccddea63b,gx-no-cache=1488551406039,gx-no-cache=1488554413107 HTTP/1.1" 200 6464
186.79.30.74 - - [03/Mar/2017:11:25:27 -0300] "POST /cormun/servlet/solicitudot?gx-no-cache=1488551200295 HTTP/1.1" 200 1291
186.79.30.74 - - [03/Mar/2017:11:25:28 -0300] "POST /cormun/servlet/solicitudot?gx-no-cache=1488551200840 HTTP/1.1" 200 38
186.103.157.246 - - [03/Mar/2017:11:25:37 -0300] "GET /cormun/static/Resources/resize.gif HTTP/1.1" 200 77
192.168.10.89 - - [03/Mar/2017:11:25:39 -0300] "POST /cormun/servlet/trsolicitudgral?8d77e722c11e89ad51f0a89ccddea63b,gx-no-cache=1488551406039,gx-no-cache=1488554425156 HTTP/1.1" 200 6455
186.79.30.74 - - [03/Mar/2017:11:25:45 -0300] "GET /cormun/servlet/solicitudot?2b94c23ae85e307addf1a085c977c1256c9ddf58263f913eae255a8c2465793632c35abbae3876e842d67d0d28dbf5d041fa63ebcf05a8d6afc8ff864ff820086397683655f2a6a7050ba334a163da124ffa6a3a9e9624818912b6da06f1bac4dffa0a6ce9c4ef2a93b9034cec914f97d204c301178afacb1d372a393b0022994e0c3cec62f9c924a435c057b17147087d05c6c589fad1f6db35bb2e2212d81ac1ec74bc7e8e4ddc4379a1002efd7e17548dee6fc3f612b55ec86ec1549feb4739d4c367f70e9024d4aa27d3cb86e825,gx-no-cache=1488551217709 HTTP/1.1" 200 29
186.103.157.246 - - [03/Mar/2017:11:25:45 -0300] "GET /cormun/servlet/prfichaempleado?,MD,,gxPopupLevel%3D0%3B HTTP/1.1" 200 8740
186.103.157.246 - - [03/Mar/2017:11:25:45 -0300] "GET /cormun/static/gxcfg.js?2016102420561687 HTTP/1.1" 200 953
186.103.157.246 - - [03/Mar/2017:11:25:45 -0300] "GET /cormun/static/Resources/PXToolsMenuSearch.png HTTP/1.1" 200 2914
186.103.157.246 - - [03/Mar/2017:11:25:45 -0300] "GET /cormun/static/menusearch.js?201610171694467 HTTP/1.1" 200 1424
186.103.157.246 - - [03/Mar/2017:11:25:45 -0300] "GET /cormun/static/hmpwkw011.js?201612218515582 HTTP/1.1" 200 1968
186.103.157.246 - - [03/Mar/2017:11:25:45 -0300] "GET /cormun/static/prfichaempleado.js?201610242056198 HTTP/1.1" 200 16015
186.103.157.246 - - [03/Mar/2017:11:25:46 -0300] "GET /cormun/static/Resources/PXToolsMenuSearchCancel.png HTTP/1.1" 200 2972
192.168.10.89 - - [03/Mar/2017:11:25:46 -0300] "POST /cormun/servlet/trsolicitudgral?8d77e722c11e89ad51f0a89ccddea63b,gx-no-cache=1488551406039,gx-no-cache=1488554431797 HTTP/1.1" 200 6467
186.79.30.74 - - [03/Mar/2017:11:25:49 -0300] "POST /cormun/servlet/solicitudot?gx-no-cache=1488551222190 HTTP/1.1" 200 1274
186.79.30.74 - - [03/Mar/2017:11:25:49 -0300] "POST /cormun/servlet/solicitudot?gx-no-cache=1488551222481 HTTP/1.1" 200 1156
186.79.30.74 - - [03/Mar/2017:11:25:50 -0300] "GET /cormun/static/menuarrow.gif HTTP/1.1" 404 1015
186.79.30.74 - - [03/Mar/2017:11:25:53 -0300] "POST /cormun/servlet/solicitudot?gx-no-cache=1488551226142 HTTP/1.1" 200 1274
186.79.30.74 - - [03/Mar/2017:11:25:53 -0300] "POST /cormun/servlet/solicitudot?gx-no-cache=1488551226446 HTTP/1.1" 200 1156
186.79.30.74 - - [03/Mar/2017:11:26:05 -0300] "GET /cormun/servlet/solicitudot?2b94c23ae85e307addf1a085c977c125f47a48cb663a70ee361533154366a4f57e85ef17798fab5410fe11d55a45c063ac860dbcc7852f102bc8ef57aa96bd9d219ad915807b7ec020931655c3d5ff62cbd6632c0eef44de2c0d98058df4e235fdb78ba7c97537ff0d64fb3d310aaccc726b566dcc6fedb4574f62380b79a4e43d737ff6573a332549858ca45392ad13af1caf8506bfde54963b6249b0c829fc67efd9d7f866a33e4d9abd5bf1edd7b7,gx-no-cache=1488551238335 HTTP/1.1" 200 30
186.79.30.74 - - [03/Mar/2017:11:26:21 -0300] "POST /cormun/servlet/solicitudot?51369385d79bf71507035ac2490354f2,INS,0,0,,gx-no-cache=1488551254109 HTTP/1.1" 200 93
186.79.30.74 - - [03/Mar/2017:11:26:22 -0300] "GET /cormun/servlet/hpexe_return? HTTP/1.1" 200 1006
186.79.30.74 - - [03/Mar/2017:11:26:22 -0300] "GET /cormun/servlet/trsolicitudot HTTP/1.1" 200 9172
186.79.30.74 - - [03/Mar/2017:11:26:24 -0300] "GET /cormun/servlet/trsolicitudot HTTP/1.1" 200 9168
192.168.10.89 - - [03/Mar/2017:11:26:26 -0300] "POST /cormun/servlet/trsolicitudgral?8d77e722c11e89ad51f0a89ccddea63b,gx-no-cache=1488551406039,gx-no-cache=1488554471622 HTTP/1.1" 200 5152
186.103.157.246 - - [03/Mar/2017:11:26:30 -0300] "POST /cormun/servlet/prfichaempleado?9d30eba73676d2283a70c69c5cb5c950,,MD,,gxPopupLevel%3D0%3B,gx-no-cache=1488551260104 HTTP/1.1" 200 3363
186.103.157.246 - - [03/Mar/2017:11:26:33 -0300] "GET /cormun/servlet/licenciaspermisos?65699d73b44884bdf3db945d281a2e955b739cb7e1e4c8560b8d935b3e42c2e7,gx-no-cache=1488551264078 HTTP/1.1" 200 20
192.168.10.89 - - [03/Mar/2017:11:26:36 -0300] "POST /cormun/servlet/trsolicitudgral?8d77e722c11e89ad51f0a89ccddea63b,gx-no-cache=1488551406039,gx-no-cache=1488554482109 HTTP/1.1" 200 6469
200.54.247.69 - - [03/Mar/2017:11:26:41 -0300] "POST /cormun/servlet/prfichaempleado?cf277c81ce5fc84d5877ed5cc1f9caf4,,MD,,gxPopupLevel%3D0%3B,gx-no-cache=1488551269520 HTTP/1.1" 200 3453
186.103.157.246 - - [03/Mar/2017:11:26:51 -0300] "POST /cormun/servlet/licenciaspermisos?9d30eba73676d2283a70c69c5cb5c950,INS,0,,,,gx-no-cache=1488551282291 HTTP/1.1" 200 93
186.103.157.246 - - [03/Mar/2017:11:26:51 -0300] "GET /cormun/servlet/hpexe_return? HTTP/1.1" 200 1003
186.103.157.246 - - [03/Mar/2017:11:26:52 -0300] "GET /cormun/static/gxcfg.js?2016101716175148 HTTP/1.1" 200 953
186.103.157.246 - - [03/Mar/2017:11:26:52 -0300] "GET /cormun/static/hpexe_return.js?2016101716175153 HTTP/1.1" 200 1633
186.103.157.246 - - [03/Mar/2017:11:26:52 -0300] "GET /cormun/servlet/trlicencias HTTP/1.1" 200 6550
186.79.247.113 - - [03/Mar/2017:11:26:57 -0300] "POST /cormun/servlet/solicitudot?gx-no-cache=1488551290317 HTTP/1.1" 200 3253
186.79.247.113 - - [03/Mar/2017:11:26:57 -0300] "POST /cormun/servlet/solicitudot?gx-no-cache=1488551291052 HTTP/1.1" 200 296
186.79.247.113 - - [03/Mar/2017:11:26:57 -0300] "GET /cormun/servlet/solicitudot?09cea5458d0f1c6e70b343eb010c49634c1165e20976062c85840ad8d18fa11f7f6384957356564fcc7c6fa68bab499dd897548952ade7c942250df961c5dd635e1b0461caade3e3ca54e79f26b6de9420b80db118ad0c704e9932cae28f54d04b3224c087b9cba5e82061bc7ae0b39d3f6a4f45af7056d3f3b203d3654cb7dca9fdf571a3c211205aeaed1b3a1e4cd10c14ca8c155ff97f5016e41ac32605882e78655c87446e33f1ec2a75124cf7597b86a314cd3a78622347b303cd0c59c7d514ce80bbde4cc81f244fce168073f243b20862901900c8f57c7329c70d13eddb8e4ed6173e563415fef640e7df5b3f20d4984566653b41cb947a3c89f7fd54ead4d1a91009cb465a901666116adfb69e52433d1c9f6b91cbbd136503a71b33b8a0ea250d6a92cd0d4f1c27e16728d0423ec14a2e52f48f23205aa2ff6908311f2cca79421e9093b052befe59ec9ac14234c14ab918774118cfd4f0603d61e59c9c3af7c914c4a4c34351534d14c66049865df8e8d77d4056ebc1b4cb2f03a661aba3fbe49d6a26b1d00fc9695fd9e4,gx-no-cache=1488551291189 HTTP/1.1" 200 30
200.112.2.250 - - [03/Mar/2017:11:26:57 -0300] "GET /cormun/servlet/hlogin HTTP/1.1" 200 1728
186.79.247.113 - - [03/Mar/2017:11:26:57 -0300] "POST /cormun/servlet/solicitudot?gx-no-cache=1488551291310 HTTP/1.1" 200 30
186.79.247.113 - - [03/Mar/2017:11:26:58 -0300] "POST /cormun/servlet/solicitudot?gx-no-cache=1488551291456 HTTP/1.1" 200 1287
186.79.247.113 - - [03/Mar/2017:11:26:58 -0300] "POST /cormun/servlet/solicitudot?gx-no-cache=1488551291785 HTTP/1.1" 200 41
186.79.247.113 - - [03/Mar/2017:11:26:58 -0300] "POST /cormun/servlet/solicitudot?gx-no-cache=1488551291921 HTTP/1.1" 200 1275
186.79.247.113 - - [03/Mar/2017:11:26:58 -0300] "POST /cormun/servlet/solicitudot?gx-no-cache=1488551292500 HTTP/1.1" 200 1157
186.79.247.113 - - [03/Mar/2017:11:26:59 -0300] "GET /cormun/servlet/solicitudot?09cea5458d0f1c6e70b343eb010c496316e56f1e79d7db4c129477abe379adf0fe2e6fcf82ef560463a7176a23fc17c50243642cfb9f7ab5aba286eaf895507c55775f8213b99c667eabc065b47e783b3e5c23eccdd124ad7d2e41467aed86233d18d54fded3ec2fcb41f1182c71372cac1eabeabbd22128d349ec2d857294559522b471b4dfeb43cb5c18a304498b727f1dab5a6c13b9bb512b393d8264ed3fc565a1e4c11faa0b3919c6e45d15f4ee,gx-no-cache=1488551292697 HTTP/1.1" 200 30
186.79.247.113 - - [03/Mar/2017:11:26:59 -0300] "POST /cormun/servlet/solicitudot?85edfa7132804bf89cafe43e495b825d,INS,0,0,,gx-no-cache=1488551292804 HTTP/1.1" 200 11156
200.112.2.250 - - [03/Mar/2017:11:27:09 -0300] "POST /cormun/servlet/hlogin?c140baf092b652008af9bbd853632255,gx-no-cache=1488551302807 HTTP/1.1" 200 90
200.112.2.250 - - [03/Mar/2017:11:27:09 -0300] "GET /cormun/servlet/hpexe_link HTTP/1.1" 200 972
200.112.2.250 - - [03/Mar/2017:11:27:16 -0300] "GET /cormun/servlet/prfichaempleado?,MD, HTTP/1.1" 200 8850
186.79.247.113 - - [03/Mar/2017:11:27:25 -0300] "POST /cormun/servlet/solicitudot?gx-no-cache=1488551319380 HTTP/1.1" 200 1287
200.112.2.250 - - [03/Mar/2017:11:27:26 -0300] "GET /cormun/servlet/hlogin HTTP/1.1" 200 1748
186.79.247.113 - - [03/Mar/2017:11:27:26 -0300] "GET /cormun/servlet/solicitudot?09cea5458d0f1c6e70b343eb010c49630a9bf0a8a494d5c019a2178c449caaac8a1463afa26bb783ed01932dece96bb5758c0d60d6c1e68215579acac53a5c9247d42fbec21fd3f04f7d7fccf89621262633f73f8f4087da8241b4ac953feda667737d524005af53234a6a5638e77b293a4fbfde817f51ee3683be444166acd03374cf67e134ef7386a31c9d3aaa01b5e00d302aafcf99be1b509fc1383d8fe98e5264da59d91b769002db23f566cbe92c4c4c8e13fea5147b3aadf582c712b2b70e96a308ee276b032e51b9fee4c22d351df7b97f14f6dfd689c1096b448554d53bdbfc60e4a9eb0db857754214f0748889cbde211053f66c68b1018fe5de2814c98d7fda33146151a5d4365a2ada825f21c5dc8940f102918c4df05cc93d726a6d3bfd559eb1e289f8bf8c1b53f802e4dd00e3485f81115af2f0523c49520cfe0517cad9af32b4598db03ef51e3be3a70159553138cc445531084228eb5454feeab654cd7820bd04072be7702b30061580616e63e5f272706804f0b026286748fc55846ad7d1db6f773143ef7e5e093183f0d653c55e1d4432dbb46e0e0896abe980036e8b4bccdf01507afe24be85c73faf2bd5d1d5e43a2e238840a5d794d84d91af2030dbd659ac7323ca9d8360674db5a723c1f2557987c6d32c81d96cdfc5e218fdf77e0901bbaf33ed9cdd5c8a76d7d2b6d14f4314408788a5ffebedabbef34ac589e98c786bacc78bb633118a20d3ca7b6e60cd060ec80f1a6a3cb1526eac292fdc921e49d3159f8bf985e8,gx-no-cache=1488551319665 HTTP/1.1" 200 41
186.79.247.113 - - [03/Mar/2017:11:27:26 -0300] "POST /cormun/servlet/solicitudot?gx-no-cache=1488551319775 HTTP/1.1" 200 1275
186.79.247.113 - - [03/Mar/2017:11:27:26 -0300] "POST /cormun/servlet/solicitudot?gx-no-cache=1488551320055 HTTP/1.1" 200 1157
186.79.247.113 - - [03/Mar/2017:11:27:26 -0300] "GET /cormun/servlet/solicitudot?09cea5458d0f1c6e70b343eb010c496316e56f1e79d7db4c129477abe379adf02125d7c7024779dc3cd9415a4bb731846a35d35bdfba012c695cabfa9ba846f34cee44781a4cbfbaa3b07374294b68baa81fe817dcb7104faf9ffddf80e8c592ef3847fd1379e7fe3d90c5bb43bec02f7e127ea96981b7d8f52aefaa78a2ecae097278cfe0ed9a78dd4b8ec7c2034c72b2d2b6fd60a98db0dd51f415dc9ee216f5a99019124abf17cfbfee5321dfb153,gx-no-cache=1488551320287 HTTP/1.1" 200 30
186.79.247.113 - - [03/Mar/2017:11:27:27 -0300] "POST /cormun/servlet/solicitudot?85edfa7132804bf89cafe43e495b825d,INS,0,0,,gx-no-cache=1488551320412 HTTP/1.1" 200 11168
186.103.157.246 - - [03/Mar/2017:11:27:35 -0300] "GET /cormun/static/menuarrow.gif HTTP/1.1" 404 1015
186.103.157.246 - - [03/Mar/2017:11:27:41 -0300] "GET /cormun/servlet/licenciaspermisos?INS,0,,, HTTP/1.1" 200 7059
186.103.157.246 - - [03/Mar/2017:11:28:00 -0300] "GET /cormun/servlet/prfichaempleado?,MD,,gxPopupLevel%3D0%3B HTTP/1.1" 200 8740
186.79.247.113 - - [03/Mar/2017:11:28:10 -0300] "POST /cormun/servlet/solicitudot?85edfa7132804bf89cafe43e495b825d,INS,0,0,,gx-no-cache=1488551363606 HTTP/1.1" 200 11211
186.103.157.246 - - [03/Mar/2017:11:28:19 -0300] "POST /cormun/servlet/prfichaempleado?9d30eba73676d2283a70c69c5cb5c950,,MD,,gxPopupLevel%3D0%3B,gx-no-cache=1488551369487 HTTP/1.1" 200 3147
186.103.157.246 - - [03/Mar/2017:11:28:29 -0300] "POST /cormun/servlet/prfichaempleado?9d30eba73676d2283a70c69c5cb5c950,,MD,,gxPopupLevel%3D0%3B,gx-no-cache=1488551379808 HTTP/1.1" 200 3363
186.103.157.246 - - [03/Mar/2017:11:28:31 -0300] "GET /cormun/servlet/licenciaspermisos?65699d73b44884bdf3db945d281a2e955b739cb7e1e4c8560b8d935b3e42c2e7,gx-no-cache=1488551382989 HTTP/1.1" 200 20
186.103.157.246 - - [03/Mar/2017:11:28:48 -0300] "GET /cormun/servlet/licenciaspermisos?0af6b967f62e37e13afe6244704dd60e1ed80c1e05811f5f2b94608dcaa28c2358fca2e2eb9e406131ad59465cc66921,gx-no-cache=1488551389092 HTTP/1.1" 200 60
186.103.157.246 - - [03/Mar/2017:11:28:48 -0300] "POST /cormun/servlet/licenciaspermisos?9d30eba73676d2283a70c69c5cb5c950,INS,0,,,,gx-no-cache=1488551399441 HTTP/1.1" 200 4407
200.54.247.69 - - [03/Mar/2017:11:29:13 -0300] "GET /cormun/servlet/hlogin HTTP/1.1" 200 1728
200.54.247.69 - - [03/Mar/2017:11:29:13 -0300] "GET /cormun/static/Resources/Spanish/PXTools.css?167811 HTTP/1.1" 304 -
200.54.247.69 - - [03/Mar/2017:11:29:13 -0300] "GET /cormun/static/gxtimezone.js?85251 HTTP/1.1" 304 -
200.54.247.69 - - [03/Mar/2017:11:29:13 -0300] "GET /cormun/static/gxgral.js?85251 HTTP/1.1" 304 -
200.54.247.69 - - [03/Mar/2017:11:29:13 -0300] "GET /cormun/static/gxcfg.js?201612216162538 HTTP/1.1" 304 -
200.54.247.69 - - [03/Mar/2017:11:29:14 -0300] "GET /cormun/static/Resources/ComunLogin.png HTTP/1.1" 304 -
200.54.247.69 - - [03/Mar/2017:11:29:14 -0300] "GET /cormun/static/messages.spa.js?85251 HTTP/1.1" 304 -
200.54.247.69 - - [03/Mar/2017:11:29:14 -0300] "GET /cormun/static/hlogin.js?201612216162555 HTTP/1.1" 304 -
200.54.247.69 - - [03/Mar/2017:11:29:14 -0300] "GET /cormun/static/Resources/indicator.gif HTTP/1.1" 304 -
200.54.247.69 - - [03/Mar/2017:11:29:36 -0300] "POST /cormun/servlet/hlogin?3dc44e573ccea8429816ef1c3a73d69a,gx-no-cache=1488551444466 HTTP/1.1" 200 90
200.54.247.69 - - [03/Mar/2017:11:29:36 -0300] "GET /cormun/servlet/hpexe_link HTTP/1.1" 200 960
200.54.247.69 - - [03/Mar/2017:11:29:37 -0300] "GET /cormun/servlet/hhome HTTP/1.1" 200 3984
200.54.247.69 - - [03/Mar/2017:11:29:42 -0300] "GET /cormun/servlet/trlicencias? HTTP/1.1" 200 8044
200.54.247.69 - - [03/Mar/2017:11:29:51 -0300] "GET /cormun/servlet/licenciaspermisos?INS,0,,, HTTP/1.1" 200 7348
200.54.247.69 - - [03/Mar/2017:11:30:09 -0300] "GET /cormun/servlet/prfichaempleado?,MD,,gxPopupLevel%3D0%3B HTTP/1.1" 200 8858
186.103.159.46 - - [03/Mar/2017:11:30:14 -0300] "GET /cormun/servlet/hhome HTTP/1.1" 200 3291
186.103.159.46 - - [03/Mar/2017:11:30:14 -0300] "GET /cormun/static/gxtimezone.js?85251 HTTP/1.1" 304 -
186.103.159.46 - - [03/Mar/2017:11:30:15 -0300] "GET /cormun/static/messages.spa.js?85251 HTTP/1.1" 304 -
186.103.159.46 - - [03/Mar/2017:11:30:17 -0300] "GET /cormun/servlet/hhome HTTP/1.1" 200 3301
186.103.159.46 - - [03/Mar/2017:11:30:17 -0300] "GET /cormun/servlet/hlogin HTTP/1.1" 200 1736
200.54.247.69 - - [03/Mar/2017:11:30:24 -0300] "POST /cormun/servlet/prfichaempleado?3dc44e573ccea8429816ef1c3a73d69a,,MD,,gxPopupLevel%3D0%3B,gx-no-cache=1488551491922 HTTP/1.1" 200 3467
186.103.159.46 - - [03/Mar/2017:11:30:37 -0300] "POST /cormun/servlet/hlogin?6f78033c3fe5e309d93f293c48d8f834,gx-no-cache=1488551508273 HTTP/1.1" 200 444
186.103.159.46 - - [03/Mar/2017:11:30:48 -0300] "POST /cormun/servlet/hlogin?6f78033c3fe5e309d93f293c48d8f834,gx-no-cache=1488551519423 HTTP/1.1" 200 444
200.54.247.69 - - [03/Mar/2017:11:31:04 -0300] "GET /cormun/servlet/prfichaempleado?,MD,,gxPopupLevel%3D0%3B HTTP/1.1" 200 8858
200.54.247.69 - - [03/Mar/2017:11:31:17 -0300] "GET /cormun/servlet/trlicencias? HTTP/1.1" 200 8043
200.54.247.69 - - [03/Mar/2017:11:31:22 -0300] "GET /cormun/servlet/licenciaspermisos?INS,0,,, HTTP/1.1" 200 7348
200.54.247.69 - - [03/Mar/2017:11:32:04 -0300] "GET /cormun/servlet/prfichaempleado?,MD,,gxPopupLevel%3D0%3B HTTP/1.1" 200 8858
186.103.157.246 - - [03/Mar/2017:11:32:28 -0300] "GET /cormun/static/menuarrow.gif HTTP/1.1" 404 1015
192.168.10.96 - - [03/Mar/2017:11:32:39 -0300] "GET /cormun/servlet/hlogin HTTP/1.1" 200 1737
192.168.10.96 - - [03/Mar/2017:11:32:49 -0300] "POST /cormun/servlet/hlogin?883d35e86dec70a287bb6b0c69bc47c6,gx-no-cache=1488554854952 HTTP/1.1" 200 90
192.168.10.96 - - [03/Mar/2017:11:32:49 -0300] "GET /cormun/servlet/hpexe_link HTTP/1.1" 200 956
192.168.10.96 - - [03/Mar/2017:11:32:49 -0300] "GET /cormun/servlet/hhome HTTP/1.1" 200 4117
192.168.10.96 - - [03/Mar/2017:11:32:50 -0300] "GET /cormun/servlet/hhome HTTP/1.1" 200 4114
192.168.10.96 - - [03/Mar/2017:11:32:57 -0300] "GET /cormun/servlet/trsolicitudgral? HTTP/1.1" 200 24459
192.168.10.96 - - [03/Mar/2017:11:32:59 -0300] "GET /cormun/servlet/trsolicitudgral? HTTP/1.1" 200 24457
186.103.158.250 - - [03/Mar/2017:11:33:28 -0300] "GET /cormun/servlet/licenciaspermisos?e179deb910dd1efdefd9456c1056dadea0ee026b3fa4729692c1c2de7be2b48e7d2a5410680f3ccf72e80473546f6de2,gx-no-cache=1488551585886 HTTP/1.1" 200 65
186.103.158.250 - - [03/Mar/2017:11:33:29 -0300] "POST /cormun/servlet/licenciaspermisos?198324e275cce8d45f7dd093fc8baa59,INS,0,,,,gx-no-cache=1488551586387 HTTP/1.1" 200 4406
192.168.10.96 - - [03/Mar/2017:11:33:30 -0300] "POST /cormun/servlet/trsolicitudgral?883d35e86dec70a287bb6b0c69bc47c6,,gx-no-cache=1488554896064 HTTP/1.1" 200 9724
192.168.10.96 - - [03/Mar/2017:11:33:51 -0300] "GET /cormun/servlet/solicitudgral2?UPD,2017,4452, HTTP/1.1" 200 12047
192.168.10.96 - - [03/Mar/2017:11:33:51 -0300] "GET /cormun/static/gxcfg.js?201711313564933 HTTP/1.1" 200 953
192.168.10.96 - - [03/Mar/2017:11:33:51 -0300] "GET /cormun/static/solicitudgral2.js?201711313564991 HTTP/1.1" 200 40641
192.168.10.96 - - [03/Mar/2017:11:33:51 -0300] "GET /cormun/servlet/solicitudgral2?UPD,2017,4452, HTTP/1.1" 200 12056
192.168.10.96 - - [03/Mar/2017:11:33:52 -0300] "POST /cormun/servlet/solicitudgral2?gx-no-cache=1488554917762 HTTP/1.1" 200 3181
192.168.10.96 - - [03/Mar/2017:11:33:52 -0300] "GET /cormun/servlet/solicitudgral2?2063d4ddee487cafc46c885ad14211ef59697eb3df19eca0831237a535921ee4441dc523a1cb4eeb1cdd47a7dfe4c14d6afe6101432e028ef9bfa17fad45630fcafb3396d31d912aac5ae92a7415ab55a98d250e170ba03c9b95f6445d64d797f23034e75f7833d48bef6d0be97463ce222e9814c030c5443a458bcb38b1589d0c18650bebed7f4e1e00b687a3779021c2e9722ffba91ab698e041cdd4d227fc773150a9250dc7a08139be5ac58f4887a5eaaf1ad39168dceb0534c5aa5968c8d742bf220d355a8d47d834941eb6bff6aa859f8f2a8f30ba69f809d635e5449329b30a0d47fea7316a099a6acd4ead7d650a161745d9a22b2cf0a8068cdd2de79063549ce738df5b013e26fff08c4f5940dc22bcf5d71eacc50ecfd6f6f370d1f2e703065f7b1004af8d3cfe3597f6b50b7c34b48ef57bb87ef1e90dc754c1ece8c737b089571b624457272c25fa644e,gx-no-cache=1488554917894 HTTP/1.1" 200 257
192.168.10.96 - - [03/Mar/2017:11:33:52 -0300] "POST /cormun/servlet/solicitudgral2?gx-no-cache=1488554917922 HTTP/1.1" 200 1353
192.168.10.96 - - [03/Mar/2017:11:33:52 -0300] "GET /cormun/servlet/solicitudgral2?2063d4ddee487cafc46c885ad14211efa6a9e557bd24721b0b9646d71b905da7f054f76f1d778f4a1aa4591ce52a326e6afe6101432e028ef9bfa17fad45630fb129e3cf485548d643cd6c54979d55e137786cd789329ecbed2ae664573fba176742fa7e4679d0dbd73d05ddf686516e,gx-no-cache=1488554917965 HTTP/1.1" 200 41
192.168.10.96 - - [03/Mar/2017:11:33:56 -0300] "POST /cormun/servlet/solicitudgral2?883d35e86dec70a287bb6b0c69bc47c6,UPD,2017,4452,,gx-no-cache=1488554921788 HTTP/1.1" 200 10607
192.168.10.96 - - [03/Mar/2017:11:34:01 -0300] "GET /cormun/servlet/solicitudgral2?2063d4ddee487cafc46c885ad14211ef911a0527778d00fefd38f8873d32e9879d0dc09e1dc16c6886d3d7731a94680cfc3dfa8885ba296ac4bec1fcf9a47c005b29710d6262727b537a8fa07fe26d8a3009f2b766d73ed7a4f0f79e20fe39b670d4f3fda1b8e2fbca5c990a8b2326f2da44cf06e3f063235c6a84bcd0ad684913db42fac5b00b693631e44108d4d3863209abffc77843411045a3a6c8bce72f957fd75a0d2359bdbf69f5b30cf912f31ea9ea110821dea1d08907ac0aa250f30491e52722da35721c358d585e5b2fd0,gx-no-cache=1488554926933 HTTP/1.1" 200 29
192.168.10.96 - - [03/Mar/2017:11:34:01 -0300] "POST /cormun/servlet/solicitudgral2?gx-no-cache=1488554926962 HTTP/1.1" 200 1250
192.168.10.96 - - [03/Mar/2017:11:34:01 -0300] "POST /cormun/servlet/solicitudgral2?gx-no-cache=1488554927006 HTTP/1.1" 200 1154
192.168.10.96 - - [03/Mar/2017:11:34:01 -0300] "GET /cormun/servlet/solicitudgral2?2063d4ddee487cafc46c885ad14211ef8e65f1873f71dcc99cdfa16127dace8f77a54030ceeacede9685fd3b77f7512a5d2ead9e618aa0ffe51331344d5b4cb3468c521dfc9d69575a6e09a336be6cfcde7a5eee9e50883eb9418bf7ecdb0c75b1b1738b2c27aed39f8e4614d6ecfca64609dcdea3a6a599d71a5e1abc7d79fe,gx-no-cache=1488554927040 HTTP/1.1" 200 30
192.168.10.96 - - [03/Mar/2017:11:34:01 -0300] "POST /cormun/servlet/solicitudgral2?883d35e86dec70a287bb6b0c69bc47c6,UPD,2017,4452,,gx-no-cache=1488554927059 HTTP/1.1" 200 93
192.168.10.96 - - [03/Mar/2017:11:34:01 -0300] "GET /cormun/servlet/hpexe_return? HTTP/1.1" 200 1017
192.168.10.96 - - [03/Mar/2017:11:34:01 -0300] "GET /cormun/servlet/trsolicitudgral? HTTP/1.1" 200 12672
192.168.10.96 - - [03/Mar/2017:11:34:02 -0300] "GET /cormun/servlet/trsolicitudgral? HTTP/1.1" 200 12668
186.103.159.46 - - [03/Mar/2017:11:34:16 -0300] "POST /cormun/servlet/hlogin?6f78033c3fe5e309d93f293c48d8f834,gx-no-cache=1488551727870 HTTP/1.1" 200 90
186.103.159.46 - - [03/Mar/2017:11:34:17 -0300] "GET /cormun/servlet/hpexe_link HTTP/1.1" 200 956
186.103.159.46 - - [03/Mar/2017:11:34:17 -0300] "GET /cormun/servlet/hhome HTTP/1.1" 200 3767
186.103.159.46 - - [03/Mar/2017:11:34:19 -0300] "GET /cormun/servlet/hhome HTTP/1.1" 200 3767
186.103.159.46 - - [03/Mar/2017:11:34:26 -0300] "GET /cormun/servlet/trpermisosgoce? HTTP/1.1" 200 8615
186.103.159.46 - - [03/Mar/2017:11:34:26 -0300] "GET /cormun/static/calendar.js?85251 HTTP/1.1" 304 -
186.103.159.46 - - [03/Mar/2017:11:34:26 -0300] "GET /cormun/static/calendar-setup.js?85251 HTTP/1.1" 304 -
186.103.159.46 - - [03/Mar/2017:11:34:26 -0300] "GET /cormun/static/calendar-es.js?85251 HTTP/1.1" 304 -
186.103.159.46 - - [03/Mar/2017:11:34:28 -0300] "GET /cormun/servlet/trpermisosgoce? HTTP/1.1" 200 8618
186.79.30.74 - - [03/Mar/2017:11:35:53 -0300] "GET /cormun/servlet/hlogin HTTP/1.1" 200 1718
186.79.30.74 - - [03/Mar/2017:11:36:07 -0300] "POST /cormun/servlet/trsolicitudot?51369385d79bf71507035ac2490354f2,gx-no-cache=1488551839335 HTTP/1.1" 200 106
186.79.30.74 - - [03/Mar/2017:11:36:07 -0300] "GET /cormun/servlet/trsolicitudadjuntos?2017,5015, HTTP/1.1" 200 5379
186.79.30.74 - - [03/Mar/2017:11:36:07 -0300] "GET /cormun/static/gxcfg.js?201612218531388 HTTP/1.1" 200 953
186.79.30.74 - - [03/Mar/2017:11:36:07 -0300] "GET /cormun/static/trsolicitudadjuntos.js?201612218531657 HTTP/1.1" 200 17913
186.79.30.74 - - [03/Mar/2017:11:36:09 -0300] "GET /cormun/servlet/trsolicitudadjuntos?2017,5015, HTTP/1.1" 200 5377
186.79.30.74 - - [03/Mar/2017:11:36:09 -0300] "GET /cormun/servlet/hlogin HTTP/1.1" 200 1750
186.79.30.74 - - [03/Mar/2017:11:36:21 -0300] "POST /cormun/servlet/hlogin?51369385d79bf71507035ac2490354f2,gx-no-cache=1488551854455 HTTP/1.1" 200 90
186.79.30.74 - - [03/Mar/2017:11:36:21 -0300] "GET /cormun/servlet/hpexe_link HTTP/1.1" 200 972
186.79.30.74 - - [03/Mar/2017:11:36:22 -0300] "GET /cormun/servlet/trsolicitudadjuntos?2017,5015, HTTP/1.1" 200 5843
186.79.30.74 - - [03/Mar/2017:11:36:23 -0300] "GET /cormun/servlet/trsolicitudadjuntos?2017,5015, HTTP/1.1" 200 5842
186.79.30.74 - - [03/Mar/2017:11:36:35 -0300] "GET /cormun/servlet/trsolicitudot? HTTP/1.1" 200 9174
186.79.30.74 - - [03/Mar/2017:11:36:37 -0300] "GET /cormun/servlet/trsolicitudot? HTTP/1.1" 200 9168
186.79.30.74 - - [03/Mar/2017:11:36:41 -0300] "POST /cormun/servlet/trsolicitudot?51369385d79bf71507035ac2490354f2,,gx-no-cache=1488551874271 HTTP/1.1" 200 106
186.79.30.74 - - [03/Mar/2017:11:36:42 -0300] "GET /cormun/servlet/trsolicitudadjuntos?2017,5015, HTTP/1.1" 200 5842
186.79.30.74 - - [03/Mar/2017:11:36:43 -0300] "GET /cormun/servlet/trsolicitudadjuntos?2017,5015, HTTP/1.1" 200 5842
186.79.30.74 - - [03/Mar/2017:11:36:48 -0300] "GET /cormun/servlet/solicitudotadjuntos?INS,2017,5015,,2, HTTP/1.1" 200 5773
186.79.30.74 - - [03/Mar/2017:11:36:48 -0300] "GET /cormun/static/gxcfg.js?201612218465951 HTTP/1.1" 200 953
186.79.30.74 - - [03/Mar/2017:11:36:48 -0300] "GET /cormun/static/solicitudotadjuntos.js?201612218465969 HTTP/1.1" 200 11762
186.79.30.74 - - [03/Mar/2017:11:36:49 -0300] "GET /cormun/static/about:blank HTTP/1.1" 404 1011
186.79.30.74 - - [03/Mar/2017:11:36:50 -0300] "GET /cormun/servlet/solicitudotadjuntos?INS,2017,5015,,2, HTTP/1.1" 200 5767
186.79.30.74 - - [03/Mar/2017:11:36:50 -0300] "GET /cormun/servlet/solicitudotadjuntos?2b94c23ae85e307addf1a085c977c125bf273edcb821faeaee1f08daf44618018ccf92f6d808ff8b8d32259c959a36da,gx-no-cache=1488551883408 HTTP/1.1" 200 30
186.79.30.74 - - [03/Mar/2017:11:36:51 -0300] "POST /cormun/servlet/solicitudotadjuntos?51369385d79bf71507035ac2490354f2,INS,2017,5015,,2,,gx-no-cache=1488551883545 HTTP/1.1" 200 3852
186.79.30.74 - - [03/Mar/2017:11:36:58 -0300] "POST /cormun/servlet/solicitudotadjuntos?gx-no-cache=1488551891609 HTTP/1.1" 200 26
186.79.30.74 - - [03/Mar/2017:11:37:22 -0300] "GET /cormun/servlet/solicitudotadjuntos?2b94c23ae85e307addf1a085c977c1259d30946728006cab4b85e1c027ea6fcf,gx-no-cache=1488551915484 HTTP/1.1" 200 30
186.79.30.74 - - [03/Mar/2017:11:37:22 -0300] "GET /cormun/servlet/solicitudotadjuntos?2b94c23ae85e307addf1a085c977c1259d30946728006cab4b85e1c027ea6fcf,gx-no-cache=1488551915679 HTTP/1.1" 200 30
186.79.30.74 - - [03/Mar/2017:11:37:37 -0300] "POST /cormun/servlet/solicitudotadjuntos?51369385d79bf71507035ac2490354f2,INS,2017,5015,,2, HTTP/1.1" 200 116
186.79.30.74 - - [03/Mar/2017:11:37:38 -0300] "GET /cormun/servlet/hpexe_return? HTTP/1.1" 200 1025
186.79.30.74 - - [03/Mar/2017:11:37:38 -0300] "GET /cormun/servlet/trsolicitudadjuntos?2017,5015, HTTP/1.1" 200 7907
186.79.30.74 - - [03/Mar/2017:11:37:40 -0300] "GET /cormun/servlet/trsolicitudadjuntos?2017,5015, HTTP/1.1" 200 7902
186.79.30.74 - - [03/Mar/2017:11:37:45 -0300] "GET /cormun/servlet/solicitudotadjuntos?INS,2017,5015,,2, HTTP/1.1" 200 5773
186.79.30.74 - - [03/Mar/2017:11:37:45 -0300] "GET /cormun/static/about:blank HTTP/1.1" 404 1011
186.79.30.74 - - [03/Mar/2017:11:37:46 -0300] "GET /cormun/servlet/solicitudotadjuntos?INS,2017,5015,,2, HTTP/1.1" 200 5767
186.79.30.74 - - [03/Mar/2017:11:37:46 -0300] "GET /cormun/servlet/solicitudotadjuntos?2b94c23ae85e307addf1a085c977c125bf273edcb821faeaee1f08daf44618018ccf92f6d808ff8b8d32259c959a36da,gx-no-cache=1488551939614 HTTP/1.1" 200 30
186.79.30.74 - - [03/Mar/2017:11:37:47 -0300] "POST /cormun/servlet/solicitudotadjuntos?51369385d79bf71507035ac2490354f2,INS,2017,5015,,2,,gx-no-cache=1488551939738 HTTP/1.1" 200 3852
186.79.30.74 - - [03/Mar/2017:11:38:08 -0300] "POST /cormun/servlet/solicitudotadjuntos?gx-no-cache=1488551961102 HTTP/1.1" 200 26
186.79.30.74 - - [03/Mar/2017:11:38:18 -0300] "GET /cormun/servlet/solicitudotadjuntos?2b94c23ae85e307addf1a085c977c1259d30946728006cab4b85e1c027ea6fcf,gx-no-cache=1488551970916 HTTP/1.1" 200 30
186.79.30.74 - - [03/Mar/2017:11:38:18 -0300] "GET /cormun/servlet/solicitudotadjuntos?2b94c23ae85e307addf1a085c977c1259d30946728006cab4b85e1c027ea6fcf,gx-no-cache=1488551971010 HTTP/1.1" 200 30
186.79.30.74 - - [03/Mar/2017:11:38:33 -0300] "POST /cormun/servlet/solicitudotadjuntos?51369385d79bf71507035ac2490354f2,INS,2017,5015,,2, HTTP/1.1" 200 5858
186.79.30.74 - - [03/Mar/2017:11:38:33 -0300] "GET /cormun/static/Shared/jqueryui/images/ui-icons_82798d_256x240.png HTTP/1.1" 404 1089
186.79.30.74 - - [03/Mar/2017:11:38:33 -0300] "GET /cormun/static/Shared/jqueryui/images/ui-bg_flat_55_994d53_40x100.png HTTP/1.1" 404 1097
186.79.30.74 - - [03/Mar/2017:11:38:33 -0300] "GET /cormun/static/Shared/jqueryui/images/ui-icons_ebccce_256x240.png HTTP/1.1" 404 1089
186.79.30.74 - - [03/Mar/2017:11:38:34 -0300] "GET /cormun/static/Shared/jqueryui/images/ui-bg_highlight-soft_100_c6c2c8_1x100.png HTTP/1.1" 404 1117
186.79.30.74 - - [03/Mar/2017:11:38:35 -0300] "GET /cormun/PrivateTempStorage/upload_00008215.jpg HTTP/1.1" 200 962688
186.79.30.74 - - [03/Mar/2017:11:38:42 -0300] "GET /cormun/servlet/trsolicitudadjuntos?2017,5015, HTTP/1.1" 200 7906
186.79.30.74 - - [03/Mar/2017:11:38:44 -0300] "GET /cormun/servlet/trsolicitudadjuntos?2017,5015, HTTP/1.1" 200 7902
186.79.30.74 - - [03/Mar/2017:11:38:51 -0300] "GET /cormun/servlet/solicitudotadjuntos?DLT,2017,5015,CERTIF1,0, HTTP/1.1" 200 5728
186.79.30.74 - - [03/Mar/2017:11:38:52 -0300] "GET /cormun/static/Shared/jqueryui/images/ui-bg_highlight-soft_100_c6c2c8_1x100.png HTTP/1.1" 404 1117
186.79.30.74 - - [03/Mar/2017:11:38:52 -0300] "GET /cormun/static/Shared/jqueryui/images/ui-icons_82798d_256x240.png HTTP/1.1" 404 1089
186.79.30.74 - - [03/Mar/2017:11:38:52 -0300] "GET /cormun/static/Shared/jqueryui/images/ui-bg_flat_55_fafafa_40x100.png HTTP/1.1" 404 1097
186.79.30.74 - - [03/Mar/2017:11:38:52 -0300] "GET /cormun/static/Shared/jqueryui/images/ui-icons_8d78a5_256x240.png HTTP/1.1" 404 1089
186.79.30.74 - - [03/Mar/2017:11:38:53 -0300] "GET /cormun/servlet/solicitudotadjuntos?DLT,2017,5015,CERTIF1,0, HTTP/1.1" 200 5723
186.79.30.74 - - [03/Mar/2017:11:38:53 -0300] "GET /cormun/PublicTempStorage/titulo3179648.jpg HTTP/1.1" 200 962688
186.79.30.74 - - [03/Mar/2017:11:38:58 -0300] "POST /cormun/servlet/solicitudotadjuntos?51369385d79bf71507035ac2490354f2,DLT,2017,5015,CERTIF1,0,,gx-no-cache=1488552010644 HTTP/1.1" 200 93
186.79.30.74 - - [03/Mar/2017:11:38:58 -0300] "GET /cormun/servlet/hpexe_return? HTTP/1.1" 200 1031
186.79.30.74 - - [03/Mar/2017:11:38:58 -0300] "GET /cormun/servlet/trsolicitudadjuntos?2017,5015, HTTP/1.1" 200 5846
186.79.30.74 - - [03/Mar/2017:11:39:00 -0300] "GET /cormun/servlet/trsolicitudadjuntos?2017,5015, HTTP/1.1" 200 5842
186.79.30.74 - - [03/Mar/2017:11:39:02 -0300] "GET /cormun/servlet/solicitudotadjuntos?INS,2017,5015,,2, HTTP/1.1" 200 5772
186.79.30.74 - - [03/Mar/2017:11:39:02 -0300] "GET /cormun/static/about:blank HTTP/1.1" 404 1011
186.79.30.74 - - [03/Mar/2017:11:39:03 -0300] "GET /cormun/servlet/solicitudotadjuntos?INS,2017,5015,,2, HTTP/1.1" 200 5766
186.79.30.74 - - [03/Mar/2017:11:39:04 -0300] "GET /cormun/servlet/solicitudotadjuntos?2b94c23ae85e307addf1a085c977c125bf273edcb821faeaee1f08daf44618018ccf92f6d808ff8b8d32259c959a36da,gx-no-cache=1488552017091 HTTP/1.1" 200 30
186.79.30.74 - - [03/Mar/2017:11:39:04 -0300] "POST /cormun/servlet/solicitudotadjuntos?51369385d79bf71507035ac2490354f2,INS,2017,5015,,2,,gx-no-cache=1488552017190 HTTP/1.1" 200 3852
186.79.30.74 - - [03/Mar/2017:11:39:10 -0300] "POST /cormun/servlet/solicitudotadjuntos?gx-no-cache=1488552022739 HTTP/1.1" 200 26
186.79.30.74 - - [03/Mar/2017:11:39:18 -0300] "GET /cormun/servlet/solicitudotadjuntos?2b94c23ae85e307addf1a085c977c1259d30946728006cab4b85e1c027ea6fcf,gx-no-cache=1488552031679 HTTP/1.1" 200 30
186.79.30.74 - - [03/Mar/2017:11:39:19 -0300] "GET /cormun/servlet/solicitudotadjuntos?2b94c23ae85e307addf1a085c977c1259d30946728006cab4b85e1c027ea6fcf,gx-no-cache=1488552031785 HTTP/1.1" 200 30
186.79.30.74 - - [03/Mar/2017:11:39:33 -0300] "POST /cormun/servlet/solicitudotadjuntos?51369385d79bf71507035ac2490354f2,INS,2017,5015,,2, HTTP/1.1" 200 116
186.79.30.74 - - [03/Mar/2017:11:39:34 -0300] "GET /cormun/servlet/hpexe_return? HTTP/1.1" 200 1025
186.79.30.74 - - [03/Mar/2017:11:39:34 -0300] "GET /cormun/servlet/trsolicitudadjuntos?2017,5015, HTTP/1.1" 200 7907
186.79.30.74 - - [03/Mar/2017:11:39:35 -0300] "GET /cormun/servlet/trsolicitudadjuntos?2017,5015, HTTP/1.1" 200 7902
186.79.30.74 - - [03/Mar/2017:11:39:43 -0300] "GET /cormun/servlet/solicitudotadjuntos?INS,2017,5015,,2, HTTP/1.1" 200 5773
186.79.30.74 - - [03/Mar/2017:11:39:44 -0300] "GET /cormun/static/about:blank HTTP/1.1" 404 1011
186.79.30.74 - - [03/Mar/2017:11:39:44 -0300] "GET /cormun/servlet/solicitudotadjuntos?INS,2017,5015,,2, HTTP/1.1" 200 5767
186.79.30.74 - - [03/Mar/2017:11:39:44 -0300] "GET /cormun/servlet/solicitudotadjuntos?2b94c23ae85e307addf1a085c977c125bf273edcb821faeaee1f08daf44618018ccf92f6d808ff8b8d32259c959a36da,gx-no-cache=1488552057545 HTTP/1.1" 200 30
186.79.30.74 - - [03/Mar/2017:11:39:45 -0300] "POST /cormun/servlet/solicitudotadjuntos?51369385d79bf71507035ac2490354f2,INS,2017,5015,,2,,gx-no-cache=1488552057639 HTTP/1.1" 200 3852
186.79.30.74 - - [03/Mar/2017:11:39:53 -0300] "POST /cormun/servlet/solicitudotadjuntos?gx-no-cache=1488552066266 HTTP/1.1" 200 26
186.79.30.74 - - [03/Mar/2017:11:39:56 -0300] "GET /cormun/servlet/solicitudotadjuntos?2b94c23ae85e307addf1a085c977c1259d30946728006cab4b85e1c027ea6fcf,gx-no-cache=1488552068730 HTTP/1.1" 200 30
