186.103.157.42 - - [03/Mar/2017:12:05:33 -0300] "GET /cormun/servlet/solicitudot?4730b4803e8a653e6fa99ecd956e32def9542c3a544301d0eae3f802f22c7656fb4bc6ff972665a9266100fbd63b6a6fc18dc5b335b3e14f8f6f478826b522fc8581560719124b1831ade623a4908afeb066acb6c013ef8d5a585649e6eaed2d974d09c013aa8f8f1ef5dd29b5705b9b6ac2313ea2edeeb9610f272db48036af,gx-no-cache=1488553470888 HTTP/1.1" 200 57
186.103.159.46 - - [03/Mar/2017:12:05:33 -0300] "POST /cormun/servlet/permisogoce?6f78033c3fe5e309d93f293c48d8f834,DLT,13944224,P,20170301170111,,gx-no-cache=1488553604211 HTTP/1.1" 200 4162
186.103.159.46 - - [03/Mar/2017:12:05:36 -0300] "GET /cormun/static/Shared/jqueryui/images/ui-bg_highlight-soft_100_eae6ea_1x100.png HTTP/1.1" 404 1117
186.67.172.234 - - [03/Mar/2017:12:05:36 -0300] "GET /cormun/servlet/alicenciaprn?9335247,L,20170228000000,PU HTTP/1.1" 200 1547
186.79.168.199 - - [03/Mar/2017:12:05:37 -0300] "POST /cormun/servlet/prfichaempleado?1a4973efbe81de76b18a923fabc5ba6c,,MD,,gxPopupLevel%3D0%3B,gx-no-cache=1488553473219 HTTP/1.1" 200 3450
186.103.157.42 - - [03/Mar/2017:12:05:40 -0300] "GET /cormun/servlet/prsolicitudot?12158284,,,,,MD,,gxPopupLevel%3D0%3B HTTP/1.1" 200 6225
186.103.159.46 - - [03/Mar/2017:12:05:40 -0300] "POST /cormun/servlet/permisogoce?6f78033c3fe5e309d93f293c48d8f834,DLT,13944224,P,20170301170111,,gx-no-cache=1488553611800 HTTP/1.1" 200 90
186.103.159.46 - - [03/Mar/2017:12:05:40 -0300] "GET /cormun/servlet/hpexe_link HTTP/1.1" 200 988
186.103.159.46 - - [03/Mar/2017:12:05:41 -0300] "GET /cormun/servlet/trpermisosgoce HTTP/1.1" 200 8981
186.103.157.246 - - [03/Mar/2017:12:05:41 -0300] "GET /cormun/servlet/trlicencias? HTTP/1.1" 200 6575
186.103.157.246 - - [03/Mar/2017:12:05:41 -0300] "GET /cormun/static/Shared/ext/resources/css/ext-all.css?215870 HTTP/1.1" 304 -
186.103.157.246 - - [03/Mar/2017:12:05:41 -0300] "GET /cormun/static/gxui/gxui-all.css?120300 HTTP/1.1" 304 -
186.103.157.246 - - [03/Mar/2017:12:05:41 -0300] "GET /cormun/static/calendar-system.css?85620 HTTP/1.1" 304 -
186.103.157.246 - - [03/Mar/2017:12:05:41 -0300] "GET /cormun/static/Resources/Spanish/PXTools.css?18365030 HTTP/1.1" 304 -
186.103.157.246 - - [03/Mar/2017:12:05:41 -0300] "GET /cormun/static/SmoothNavMenu/resources/ddsmoothmenu.css?1112540 HTTP/1.1" 304 -
186.103.157.246 - - [03/Mar/2017:12:05:41 -0300] "GET /cormun/static/scaMessage/css/jquery.pnotify.default.css?1816380 HTTP/1.1" 304 -
186.103.157.246 - - [03/Mar/2017:12:05:41 -0300] "GET /cormun/static/Shared/jqueryui/jquery-ui.min.css?1345370 HTTP/1.1" 304 -
186.103.157.246 - - [03/Mar/2017:12:05:41 -0300] "GET /cormun/static/gxtimezone.js?85251 HTTP/1.1" 304 -
186.103.157.246 - - [03/Mar/2017:12:05:41 -0300] "GET /cormun/static/SmoothNavMenu/resources/ddsmoothmenu-v.css?1112540 HTTP/1.1" 304 -
186.103.157.246 - - [03/Mar/2017:12:05:41 -0300] "GET /cormun/static/calendar.js?85251 HTTP/1.1" 304 -
186.103.157.246 - - [03/Mar/2017:12:05:41 -0300] "GET /cormun/static/calendar-es.js?85251 HTTP/1.1" 304 -
186.103.157.246 - - [03/Mar/2017:12:05:41 -0300] "GET /cormun/static/gxui/gxui-all.js HTTP/1.1" 304 -
186.103.157.246 - - [03/Mar/2017:12:05:41 -0300] "GET /cormun/static/PXToolsJavascripts/pexe_autoreload.js HTTP/1.1" 304 -
186.103.157.246 - - [03/Mar/2017:12:05:41 -0300] "GET /cormun/static/PXToolsJavascripts/pexe_griddivfix.js HTTP/1.1" 304 -
186.103.157.246 - - [03/Mar/2017:12:05:41 -0300] "GET /cormun/static/PXToolsJavascripts/pexe_cookies.js HTTP/1.1" 304 -
186.103.157.246 - - [03/Mar/2017:12:05:41 -0300] "GET /cormun/static/PXToolsJavascripts/pexe_link.js HTTP/1.1" 304 -
186.103.157.246 - - [03/Mar/2017:12:05:41 -0300] "GET /cormun/static/PXToolsJavascripts/pexe_menudivfix.js HTTP/1.1" 304 -
186.103.157.246 - - [03/Mar/2017:12:05:41 -0300] "GET /cormun/static/PXToolsJavascripts/pexe_layers.js HTTP/1.1" 304 -
186.103.157.246 - - [03/Mar/2017:12:05:41 -0300] "GET /cormun/static/PXToolsJavascripts/pexe_menus.js HTTP/1.1" 304 -
186.103.157.246 - - [03/Mar/2017:12:05:41 -0300] "GET /cormun/static/PXToolsJavascripts/pexe_oavdivfix.js HTTP/1.1" 304 -
186.103.157.246 - - [03/Mar/2017:12:05:41 -0300] "GET /cormun/static/PXToolsJavascripts/pexe_oav.js HTTP/1.1" 304 -
186.103.157.246 - - [03/Mar/2017:12:05:41 -0300] "GET /cormun/static/PXToolsJavascripts/pexe_popup.js HTTP/1.1" 304 -
186.103.157.246 - - [03/Mar/2017:12:05:41 -0300] "GET /cormun/static/PXToolsJavascripts/pexe_scrolldiv.js HTTP/1.1" 304 -
186.103.157.246 - - [03/Mar/2017:12:05:41 -0300] "GET /cormun/static/PXToolsJavascripts/pexe_tabs.js HTTP/1.1" 304 -
186.103.157.246 - - [03/Mar/2017:12:05:41 -0300] "GET /cormun/static/gxgral.js?85251 HTTP/1.1" 304 -
186.103.157.246 - - [03/Mar/2017:12:05:41 -0300] "GET /cormun/static/PXToolsJavascripts/PXToolsJavascriptsRender.js HTTP/1.1" 304 -
186.103.157.246 - - [03/Mar/2017:12:05:41 -0300] "GET /cormun/static/gxcfg.js?2016122619301429 HTTP/1.1" 304 -
186.103.157.246 - - [03/Mar/2017:12:05:41 -0300] "GET /cormun/static/calendar-setup.js?85251 HTTP/1.1" 304 -
186.103.157.246 - - [03/Mar/2017:12:05:41 -0300] "GET /cormun/static/Shared/ext/ext-all.js HTTP/1.1" 304 -
186.103.157.246 - - [03/Mar/2017:12:05:41 -0300] "GET /cormun/static/PXToolsJavascripts/pexe_windows.js HTTP/1.1" 304 -
186.103.157.246 - - [03/Mar/2017:12:05:41 -0300] "GET /cormun/static/PXToolsJavascripts/pexe_grid.js HTTP/1.1" 304 -
186.103.157.246 - - [03/Mar/2017:12:05:41 -0300] "GET /cormun/static/RunJS/RunJS.js HTTP/1.1" 304 -
186.103.157.246 - - [03/Mar/2017:12:05:41 -0300] "GET /cormun/static/PXToolsJavascripts/pexe_picture.js HTTP/1.1" 304 -
186.103.157.246 - - [03/Mar/2017:12:05:41 -0300] "GET /cormun/static/PXToolsJavascripts/pexe_tabdivfix.js HTTP/1.1" 304 -
186.103.157.246 - - [03/Mar/2017:12:05:41 -0300] "GET /cormun/static/PXToolsJavascripts/pexe_upload.js HTTP/1.1" 304 -
186.103.157.246 - - [03/Mar/2017:12:05:41 -0300] "GET /cormun/static/Resources/PXToolsFooterBackground2.png HTTP/1.1" 304 -
186.103.157.246 - - [03/Mar/2017:12:05:41 -0300] "GET /cormun/static/Resources/PXToolsHeaderBackground2.png HTTP/1.1" 304 -
186.103.157.246 - - [03/Mar/2017:12:05:41 -0300] "GET /cormun/static/Resources/PXToolsHeaderHome.png HTTP/1.1" 304 -
186.103.157.246 - - [03/Mar/2017:12:05:41 -0300] "GET /cormun/static/Resources/PXToolsHeaderLogin.png HTTP/1.1" 304 -
186.103.157.246 - - [03/Mar/2017:12:05:41 -0300] "GET /cormun/static/Resources/PXToolsHeaderActionsLeft.png HTTP/1.1" 304 -
186.103.157.246 - - [03/Mar/2017:12:05:41 -0300] "GET /cormun/static/Resources/PXToolsHeaderActionsBackground.png HTTP/1.1" 304 -
186.103.157.246 - - [03/Mar/2017:12:05:41 -0300] "GET /cormun/static/Resources/PXTools/calendar.png HTTP/1.1" 304 -
186.103.157.246 - - [03/Mar/2017:12:05:41 -0300] "GET /cormun/static/Resources/PXToolsHeaderSecurity.png HTTP/1.1" 304 -
186.103.157.246 - - [03/Mar/2017:12:05:41 -0300] "GET /cormun/static/Resources/PXToolsHeaderActionsRight.png HTTP/1.1" 304 -
186.103.157.246 - - [03/Mar/2017:12:05:41 -0300] "GET /cormun/static/Resources/PXToolsDataSearch.png HTTP/1.1" 304 -
186.103.157.246 - - [03/Mar/2017:12:05:41 -0300] "GET /cormun/static/Resources/PXToolsGridFirstDisabled.gif HTTP/1.1" 304 -
186.103.157.246 - - [03/Mar/2017:12:05:41 -0300] "GET /cormun/static/Resources/PXToolsGridPreviousDisabled.gif HTTP/1.1" 304 -
186.103.157.246 - - [03/Mar/2017:12:05:41 -0300] "GET /cormun/static/Resources/PXToolsGridNextDisabled.gif HTTP/1.1" 304 -
186.103.157.246 - - [03/Mar/2017:12:05:41 -0300] "GET /cormun/static/Resources/PXToolsGridPage.gif HTTP/1.1" 304 -
186.103.157.246 - - [03/Mar/2017:12:05:41 -0300] "GET /cormun/static/Resources/PXToolsActionExcel.png HTTP/1.1" 304 -
186.103.157.246 - - [03/Mar/2017:12:05:41 -0300] "GET /cormun/static/Resources/PXToolsGridNew.png HTTP/1.1" 304 -
186.103.157.246 - - [03/Mar/2017:12:05:41 -0300] "GET /cormun/static/Shared/ext/locale/ext-lang-en.js HTTP/1.1" 304 -
186.103.157.246 - - [03/Mar/2017:12:05:41 -0300] "GET /cormun/static/messages.spa.js?85251 HTTP/1.1" 304 -
186.103.157.246 - - [03/Mar/2017:12:05:41 -0300] "GET /cormun/static/gxdec.js?85251 HTTP/1.1" 304 -
186.103.157.246 - - [03/Mar/2017:12:05:41 -0300] "GET /cormun/static/trlicencias.js?2016122619301919 HTTP/1.1" 304 -
186.103.157.246 - - [03/Mar/2017:12:05:41 -0300] "GET /cormun/static/hwchdr01.js?201612218432057 HTTP/1.1" 304 -
186.103.157.246 - - [03/Mar/2017:12:05:41 -0300] "GET /cormun/static/hpexe_recentlink.js?201610171694390 HTTP/1.1" 304 -
186.103.157.246 - - [03/Mar/2017:12:05:41 -0300] "GET /cormun/static/hpexe_scripts.js?201612218432016 HTTP/1.1" 304 -
186.103.157.246 - - [03/Mar/2017:12:05:41 -0300] "GET /cormun/static/hpexe_messagecontroller.js?201610171694323 HTTP/1.1" 304 -
186.103.157.246 - - [03/Mar/2017:12:05:41 -0300] "GET /cormun/static/hpexe_messagegenexuscomponent.js?201612218431816 HTTP/1.1" 304 -
186.103.157.246 - - [03/Mar/2017:12:05:41 -0300] "GET /cormun/static/hpexe_messagepopupcomponent.js?20161017169425 HTTP/1.1" 304 -
186.103.157.246 - - [03/Mar/2017:12:05:41 -0300] "GET /cormun/static/Shared/jquery/jquery-1.4.2.min.js HTTP/1.1" 304 -
186.103.157.246 - - [03/Mar/2017:12:05:41 -0300] "GET /cormun/static/Shared/jquery/jquery-1.10.2.min.js HTTP/1.1" 304 -
186.103.157.246 - - [03/Mar/2017:12:05:41 -0300] "GET /cormun/static/Shared/jqueryui/jquery-ui.min.js HTTP/1.1" 304 -
186.103.157.246 - - [03/Mar/2017:12:05:41 -0300] "GET /cormun/static/cmcontrolpreferences.js?201612218431999 HTTP/1.1" 304 -
186.103.157.246 - - [03/Mar/2017:12:05:42 -0300] "GET /cormun/static/SmoothNavMenu/resources/ddsmoothmenu.js HTTP/1.1" 304 -
186.103.157.246 - - [03/Mar/2017:12:05:42 -0300] "GET /cormun/static/SmoothNavMenu/resources/SmoothNavMenuRender.js HTTP/1.1" 304 -
186.103.157.246 - - [03/Mar/2017:12:05:42 -0300] "GET /cormun/static/scaMessage/js/jquery.pnotify.min.js HTTP/1.1" 304 -
186.103.157.246 - - [03/Mar/2017:12:05:42 -0300] "GET /cormun/static/hmpwkw03.js?20161221852152 HTTP/1.1" 304 -
186.103.157.246 - - [03/Mar/2017:12:05:42 -0300] "GET /cormun/static/Resources/PXToolsDataTitle.png HTTP/1.1" 304 -
186.103.157.246 - - [03/Mar/2017:12:05:42 -0300] "GET /cormun/static/Resources/PXToolsGridLastDisabled.gif HTTP/1.1" 304 -
186.103.157.246 - - [03/Mar/2017:12:05:42 -0300] "GET /cormun/static/scaMessage/scaMessageRender.js HTTP/1.1" 304 -
186.103.157.246 - - [03/Mar/2017:12:05:42 -0300] "GET /cormun/static/Resources/logo4.png HTTP/1.1" 304 -
186.103.157.246 - - [03/Mar/2017:12:05:42 -0300] "GET /cormun/static/Resources/PXToolsHeaderPreferences.png HTTP/1.1" 304 -
186.103.157.246 - - [03/Mar/2017:12:05:42 -0300] "GET /cormun/static/Resources/indicator.gif HTTP/1.1" 304 -
186.103.157.246 - - [03/Mar/2017:12:05:42 -0300] "GET /cormun/static/SmoothNavMenu/resources/images/down.gif HTTP/1.1" 304 -
186.103.157.246 - - [03/Mar/2017:12:05:42 -0300] "GET /cormun/static/Resources/asc.gif HTTP/1.1" 304 -
186.103.157.246 - - [03/Mar/2017:12:05:42 -0300] "GET /cormun/static/Resources/desc.gif HTTP/1.1" 304 -
186.103.157.246 - - [03/Mar/2017:12:05:42 -0300] "GET /cormun/static/Shared/ext/resources/themes/images/default/panel/bg-headersPanel.png HTTP/1.1" 304 -
186.103.157.246 - - [03/Mar/2017:12:05:42 -0300] "GET /cormun/static/Shared/ext/resources/themes/images/default/tools/tool-sprites.gif HTTP/1.1" 304 -
186.103.157.246 - - [03/Mar/2017:12:05:42 -0300] "GET /cormun/static/Shared/ext/resources/themes/images/default/tip/tip-sides.gif HTTP/1.1" 304 -
186.103.157.246 - - [03/Mar/2017:12:05:42 -0300] "GET /cormun/static/Shared/ext/resources/themes/images/default/tip/tip-corners.gif HTTP/1.1" 304 -
186.103.159.46 - - [03/Mar/2017:12:05:42 -0300] "GET /cormun/servlet/trpermisosgoce HTTP/1.1" 200 8965
186.103.157.42 - - [03/Mar/2017:12:05:42 -0300] "POST /cormun/servlet/solicitudot?gx-no-cache=1488553480246 HTTP/1.1" 200 1372
186.103.157.42 - - [03/Mar/2017:12:05:42 -0300] "POST /cormun/servlet/solicitudot?gx-no-cache=1488553480330 HTTP/1.1" 200 117
186.79.168.199 - - [03/Mar/2017:12:05:42 -0300] "GET /cormun/servlet/permisogoce?c883202025f8aee226935741711493bb9dc7e107f250f28ef08d8a8bc8d45dd6d6ad5cdcdd760580a51181d97d495ff6,gx-no-cache=1488553478988 HTTP/1.1" 200 72
186.103.157.42 - - [03/Mar/2017:12:05:42 -0300] "GET /cormun/servlet/solicitudot?4730b4803e8a653e6fa99ecd956e32de15008ff01c3c0d868853075b50907a99fb4bc6ff972665a9266100fbd63b6a6fc18dc5b335b3e14f8f6f478826b522fc182a129e2c70779c00cc3f1229ba8a0f27ab3382d1b629297c639d7904c9963fd55df89b723507a4678718023d593f197cc5419cf96123935b0d05d64c5beaec9ddb5ef2ad4ac5d1409084f6de8005722ab3454268cf963ba75d141c95a76a97,gx-no-cache=1488553480417 HTTP/1.1" 200 57
186.103.157.42 - - [03/Mar/2017:12:05:42 -0300] "GET /cormun/servlet/solicitudot?4730b4803e8a653e6fa99ecd956e32def9542c3a544301d0eae3f802f22c7656fb4bc6ff972665a9266100fbd63b6a6fc18dc5b335b3e14f8f6f478826b522fc8581560719124b1831ade623a4908afeb066acb6c013ef8d5a585649e6eaed2d974d09c013aa8f8f1ef5dd29b5705b9b6ac2313ea2edeeb9610f272db48036af,gx-no-cache=1488553480546 HTTP/1.1" 200 57
186.79.168.199 - - [03/Mar/2017:12:05:42 -0300] "GET /cormun/static/menuarrow.gif HTTP/1.1" 404 1015
186.79.168.199 - - [03/Mar/2017:12:05:48 -0300] "GET /cormun/servlet/permisogoce?c883202025f8aee226935741711493bb583c279db9aa37770eb44d1cdb97f45b80b1d9bbe600ff4175899077e5f1cf33337a34c48acfd2b389e47151a7779672,gx-no-cache=1488553484215 HTTP/1.1" 200 46
186.103.159.46 - - [03/Mar/2017:12:05:51 -0300] "POST /cormun/servlet/trpermisosgoce?6f78033c3fe5e309d93f293c48d8f834,gx-no-cache=1488553622156 HTTP/1.1" 200 104
186.103.159.46 - - [03/Mar/2017:12:05:51 -0300] "POST /cormun/servlet/trpermisosgoce?6f78033c3fe5e309d93f293c48d8f834,gx-no-cache=1488553622317 HTTP/1.1" 200 6263
186.103.159.46 - - [03/Mar/2017:12:05:51 -0300] "GET /cormun/PermisosGoce-6003.xls HTTP/1.1" 200 6144
186.103.157.42 - - [03/Mar/2017:12:05:53 -0300] "GET /cormun/servlet/prfichaempleado?,MD,,gxPopupLevel%3D0%3B HTTP/1.1" 200 8933
186.79.30.74 - - [03/Mar/2017:12:05:54 -0300] "POST /cormun/servlet/solicitudot?gx-no-cache=1488553627029 HTTP/1.1" 200 30
186.103.157.246 - - [03/Mar/2017:12:05:56 -0300] "POST /cormun/servlet/trlicencias?9d30eba73676d2283a70c69c5cb5c950,,gx-no-cache=1488553627394 HTTP/1.1" 200 5097
186.103.157.246 - - [03/Mar/2017:12:05:56 -0300] "GET /cormun//static/Resources/PXTools/ActionInsert.png HTTP/1.1" 304 -
186.103.157.246 - - [03/Mar/2017:12:05:56 -0300] "GET /cormun//static/Resources/PXToolsGridDisplay.png HTTP/1.1" 304 -
186.103.157.246 - - [03/Mar/2017:12:05:56 -0300] "GET /cormun//static/Resources/PXToolsActionPrint.png HTTP/1.1" 304 -
186.103.157.246 - - [03/Mar/2017:12:05:56 -0300] "GET /cormun//static/Resources/PXToolsHeaderFavorites.png HTTP/1.1" 304 -
186.103.157.246 - - [03/Mar/2017:12:05:56 -0300] "GET /cormun//static/Resources/PXToolsHeaderHelp.png HTTP/1.1" 304 -
186.103.157.246 - - [03/Mar/2017:12:05:56 -0300] "GET /cormun//static/Resources/PXToolsActionDisabled.gif HTTP/1.1" 200 53
186.79.168.199 - - [03/Mar/2017:12:05:58 -0300] "POST /cormun/servlet/permisogoce?1a4973efbe81de76b18a923fabc5ba6c,INS,0,,,,gx-no-cache=1488553494188 HTTP/1.1" 200 93
186.79.168.199 - - [03/Mar/2017:12:05:58 -0300] "GET /cormun/servlet/hpexe_return? HTTP/1.1" 200 1003
186.79.168.199 - - [03/Mar/2017:12:05:58 -0300] "GET /cormun/servlet/trpermisosgoce HTTP/1.1" 200 7831
186.79.168.199 - - [03/Mar/2017:12:06:00 -0300] "GET /cormun/servlet/trpermisosgoce HTTP/1.1" 200 7827
186.103.157.42 - - [03/Mar/2017:12:06:02 -0300] "POST /cormun/servlet/prfichaempleado?609b29e05437bd4556466763c9a401f0,,MD,,gxPopupLevel%3D0%3B,gx-no-cache=1488553500030 HTTP/1.1" 200 3937
186.79.168.199 - - [03/Mar/2017:12:06:06 -0300] "GET /cormun/servlet/apermisogoceprn?15996249,P,20170303130044,PU HTTP/1.1" 200 1568
192.168.10.89 - - [03/Mar/2017:12:06:06 -0300] "POST /cormun/servlet/trsolicitudgral?8d77e722c11e89ad51f0a89ccddea63b,gx-no-cache=1488551406039,gx-no-cache=1488556852376 HTTP/1.1" 200 6492
192.168.10.89 - - [03/Mar/2017:12:06:08 -0300] "GET /cormun/servlet/solicitudgral2?UPD,2017,4170, HTTP/1.1" 200 12405
192.168.10.89 - - [03/Mar/2017:12:06:10 -0300] "POST /cormun/servlet/solicitudgral2?gx-no-cache=1488556856271 HTTP/1.1" 200 3211
186.79.30.74 - - [03/Mar/2017:12:06:10 -0300] "POST /cormun/servlet/solicitudot?gx-no-cache=1488553643601 HTTP/1.1" 200 30
192.168.10.89 - - [03/Mar/2017:12:06:10 -0300] "GET /cormun/servlet/solicitudgral2?a6ba28b43049d0d5a4c5057f87c5a7bfc4d24dd1e35c3948291daa51878381fc5c4454f38aa04e9f279b1ed7c7d2a114e04a48b06a52cd331a96bb9204053afd508220351cfeb9a4cafd2e081a063db309adb14d4fee7bc7d36aec10c41f8ac682bcdfa46abab873e46be7dd777d30a0dfc12c4d236f1f9906a7ccbca0b9279288757bef68e255a3d5c2ade5311000aad41df591f54666d1c9816cade9762885f41ffde0edfdc3ac51d0139795aa99b3287840e8a465829c884b21cd8e78eb220738860b1ffe090afc68e8f00da1881e2881e3a939dcd190a1fe9758dda7c5c0cb2a4891f03927bcad2e8d823612cdbacf5a09b95abca66596ac53ba6c5314b8c53f5ca7a6924f6756e0dd32471435745ae45fe9714d14f6efad007f13245adc6399038083875f0b682a1a6effe0d9a0e0ecf055c5c034eacfc9a6331b8a96fb200474fab03587d85c4a9cbe57af2156,gx-no-cache=1488556856484 HTTP/1.1" 200 257
192.168.10.89 - - [03/Mar/2017:12:06:10 -0300] "POST /cormun/servlet/solicitudgral2?gx-no-cache=1488556856516 HTTP/1.1" 200 1354
192.168.10.89 - - [03/Mar/2017:12:06:11 -0300] "GET /cormun/servlet/solicitudgral2?a6ba28b43049d0d5a4c5057f87c5a7bf21be6b0c6c40f29c4525ff5ad561d42b99e02e7675cadf7f25e9ddb192413e76e04a48b06a52cd331a96bb9204053afdffa17559a33011fef1987f121b0aeefeb0a1c126fbc22b96151c7bcd6fe40f7424b842153c1802e162f856d0723c976c,gx-no-cache=1488556856562 HTTP/1.1" 200 41
186.67.172.234 - - [03/Mar/2017:12:06:12 -0300] "GET /cormun/servlet/hlogin HTTP/1.1" 200 1736
186.103.157.42 - - [03/Mar/2017:12:06:12 -0300] "GET /cormun/servlet/prlicenciaspermisos?9178795,L,,MD,,gxPopupLevel%3D0%3B HTTP/1.1" 200 7725
192.168.10.89 - - [03/Mar/2017:12:06:13 -0300] "POST /cormun/servlet/solicitudgral2?8d77e722c11e89ad51f0a89ccddea63b,UPD,2017,4170,,gx-no-cache=1488556858818 HTTP/1.1" 200 10647
186.79.30.74 - - [03/Mar/2017:12:06:14 -0300] "POST /cormun/servlet/solicitudot?gx-no-cache=1488553647115 HTTP/1.1" 200 1291
186.79.30.74 - - [03/Mar/2017:12:06:14 -0300] "POST /cormun/servlet/solicitudot?gx-no-cache=1488553647379 HTTP/1.1" 200 41
186.79.30.74 - - [03/Mar/2017:12:06:14 -0300] "POST /cormun/servlet/solicitudot?gx-no-cache=1488553647498 HTTP/1.1" 200 1274
186.79.30.74 - - [03/Mar/2017:12:06:15 -0300] "POST /cormun/servlet/solicitudot?gx-no-cache=1488553647716 HTTP/1.1" 200 1156
186.103.157.42 - - [03/Mar/2017:12:06:16 -0300] "POST /cormun/servlet/solicitudot?gx-no-cache=1488553513538 HTTP/1.1" 200 1292
192.168.10.89 - - [03/Mar/2017:12:06:16 -0300] "GET /cormun/servlet/solicitudgral2?a6ba28b43049d0d5a4c5057f87c5a7bfba21978690d0fbfc1a6c679cf227e96d56aa1089df2386d6857bf2ad8175244e52d782fee91b8dc0fea7c70297157f884d3acfaccd6aec43317d40ab19c0c05c6bff3f829d3d3f612b3063e3c437c038c1bde4274a7269ba3e613cc6111435e3481704ce508bde025ec3bf0e092cb5678eb3600b758e93a2c8dba669682f133f8304dc803086547ddb9d10501bdfd6b9,gx-no-cache=1488556862466 HTTP/1.1" 200 29
192.168.10.89 - - [03/Mar/2017:12:06:16 -0300] "POST /cormun/servlet/solicitudgral2?gx-no-cache=1488556862502 HTTP/1.1" 200 1251
192.168.10.89 - - [03/Mar/2017:12:06:17 -0300] "POST /cormun/servlet/solicitudgral2?gx-no-cache=1488556862541 HTTP/1.1" 200 1154
192.168.10.89 - - [03/Mar/2017:12:06:17 -0300] "GET /cormun/servlet/solicitudgral2?a6ba28b43049d0d5a4c5057f87c5a7bf28606ffca01df70a7c494ce7ea270687ce17a242a1e8dfe2c2c2f82ae9143ac17010a9f0c69c693846a78d45660824bea4ee5454d99ace3714df6b97f4e8eec5bfaae13ab138b2d38c415d8b2c5d7aae8c12cab1d30fc34cb573fae2dd00d3da0dec2de54d9b335b39b0582b9a6fa32b,gx-no-cache=1488556862576 HTTP/1.1" 200 30
192.168.10.89 - - [03/Mar/2017:12:06:17 -0300] "POST /cormun/servlet/solicitudgral2?8d77e722c11e89ad51f0a89ccddea63b,UPD,2017,4170,,gx-no-cache=1488556862603 HTTP/1.1" 200 93
192.168.10.89 - - [03/Mar/2017:12:06:17 -0300] "GET /cormun/servlet/hpexe_return? HTTP/1.1" 200 1035
192.168.10.89 - - [03/Mar/2017:12:06:17 -0300] "GET /cormun/servlet/trsolicitudgral?gx-no-cache=1488551406039 HTTP/1.1" 200 9883
186.79.30.74 - - [03/Mar/2017:12:06:20 -0300] "POST /cormun/servlet/solicitudot?gx-no-cache=1488553653286 HTTP/1.1" 200 30
186.79.30.74 - - [03/Mar/2017:12:06:20 -0300] "POST /cormun/servlet/solicitudot?gx-no-cache=1488553653444 HTTP/1.1" 200 1291
186.79.30.74 - - [03/Mar/2017:12:06:21 -0300] "POST /cormun/servlet/solicitudot?gx-no-cache=1488553653690 HTTP/1.1" 200 41
186.79.30.74 - - [03/Mar/2017:12:06:21 -0300] "POST /cormun/servlet/solicitudot?gx-no-cache=1488553653835 HTTP/1.1" 200 1274
186.79.30.74 - - [03/Mar/2017:12:06:21 -0300] "POST /cormun/servlet/solicitudot?gx-no-cache=1488553654038 HTTP/1.1" 200 1156
186.79.30.74 - - [03/Mar/2017:12:06:23 -0300] "GET /cormun/servlet/solicitudot?2b94c23ae85e307addf1a085c977c1252fd857534bb8153f20c07fb2028fd5565b2273155bc98f6a062dabe06501d9009f0ca011f554872c1cb5dd64ad3060e4d8fbd91acecc3e44b1fa29e689fa766eaac79c9a62a4da4dba90c54fbe89843c4c019c741363bd457b727ab74f54271cd9e270903787f5f0f7faaeec139a0a9df2aa1809f367d790ca44f7573162d1c8ccfbf4389ce7b6331191526599284aad99705e0501255c028571e2e54981ddd1,gx-no-cache=1488553655857 HTTP/1.1" 200 30
186.103.157.42 - - [03/Mar/2017:12:06:25 -0300] "POST /cormun/servlet/solicitudot?gx-no-cache=1488553523043 HTTP/1.1" 200 41
186.103.159.182 - - [03/Mar/2017:12:06:26 -0300] "POST /cormun/servlet/solicitudot?gx-no-cache=1488553657037 HTTP/1.1" 200 1274
186.103.159.182 - - [03/Mar/2017:12:06:26 -0300] "POST /cormun/servlet/solicitudot?gx-no-cache=1488553657142 HTTP/1.1" 200 1157
186.103.159.182 - - [03/Mar/2017:12:06:26 -0300] "GET /cormun/servlet/solicitudot?7f0570b57a3f2aa593d372dba3f75d4fb8775b31203b3b9fe66ff96e6a6d4532e216f9112ebdfabf2d06b532db99d4b01215d38596b99c16bb4921bea4228e9d63191190f775187eef00a736e46072a75762e2aaf1a0e6dc2a98108616562198fe14f76b0fb7e6738ece0515179feb4b18c8ede8fe8d20769fee6d73d8d17b0a28496af25b66ec6843e0242a537b5931279adb03777e2e6435ce92bcfd70e417bcac5ac85b3012708c62fdd316343bcb,gx-no-cache=1488553657209 HTTP/1.1" 200 30
186.103.157.42 - - [03/Mar/2017:12:06:31 -0300] "GET /cormun/servlet/solicitudot?4730b4803e8a653e6fa99ecd956e32de169c2aabd3d61dbdfa30962c37d2136156d406e62865bcd5659429aa90ca9adef7b1f2e6e2902ee089cedf6d3cd450844368128bdbcc24bca606db6ef8af2d17b40a01e14740daef9a3833b332352394bf34a208eff540b276511d9cd4fe00c62ddbe904fdbf3c3fa6e00e7c9e8e2dccbaf30427fe8fb032499b6ad28654d8e112b9841f7886c89b35448f41906286e8,gx-no-cache=1488553528784 HTTP/1.1" 200 29
186.103.157.42 - - [03/Mar/2017:12:06:35 -0300] "POST /cormun/servlet/solicitudot?gx-no-cache=1488553533100 HTTP/1.1" 200 1275
186.103.157.42 - - [03/Mar/2017:12:06:35 -0300] "POST /cormun/servlet/solicitudot?gx-no-cache=1488553533142 HTTP/1.1" 200 1157
186.103.157.42 - - [03/Mar/2017:12:06:35 -0300] "GET /cormun/static/menuarrow.gif HTTP/1.1" 404 1015
186.103.159.182 - - [03/Mar/2017:12:06:38 -0300] "POST /cormun/servlet/solicitudot?gx-no-cache=1488553668685 HTTP/1.1" 200 1273
186.103.159.182 - - [03/Mar/2017:12:06:38 -0300] "POST /cormun/servlet/solicitudot?gx-no-cache=1488553668754 HTTP/1.1" 200 1157
186.103.157.42 - - [03/Mar/2017:12:06:38 -0300] "POST /cormun/servlet/solicitudot?gx-no-cache=1488553536370 HTTP/1.1" 200 1275
186.103.157.42 - - [03/Mar/2017:12:06:38 -0300] "POST /cormun/servlet/solicitudot?gx-no-cache=1488553536415 HTTP/1.1" 200 1157
186.79.72.23 - - [03/Mar/2017:12:06:40 -0300] "POST /cormun/servlet/trlicencias?76ab2f5f48313dcece24a9544236fbda,gx-no-cache=1488553670338 HTTP/1.1" 200 4086
186.79.72.23 - - [03/Mar/2017:12:06:40 -0300] "GET /cormun/static/Shared/jqueryui/images/ui-bg_highlight-soft_100_c6c2c8_1x100.png HTTP/1.1" 404 1117
186.79.72.23 - - [03/Mar/2017:12:06:40 -0300] "GET /cormun/static/Shared/jqueryui/images/ui-bg_flat_55_fafafa_40x100.png HTTP/1.1" 404 1097
186.79.72.23 - - [03/Mar/2017:12:06:40 -0300] "GET /cormun/static/Shared/jqueryui/images/ui-icons_82798d_256x240.png HTTP/1.1" 404 1089
186.79.72.23 - - [03/Mar/2017:12:06:40 -0300] "GET /cormun/static/Shared/jqueryui/images/ui-icons_8d78a5_256x240.png HTTP/1.1" 404 1089
186.103.157.42 - - [03/Mar/2017:12:06:43 -0300] "GET /cormun/servlet/solicitudot?4730b4803e8a653e6fa99ecd956e32de3eee47206071e3239569106158e0259e232d26de7d6ab4dcda292f8c5f9ab3ec49d3e9139cec84e090bf572b6db1624d866d8fad3dd78bdd1549f0d1a4be25a89ddb5ef2ad4ac5d1409084f6de8005722705502010a0e12a4f02a5d50a3c153b03edbdefc442f3d66aa6987e0a25f2d1179eb4e9bedcfa94161c73119be60c62adc5b48a8addc757cdc94defb6b15b335f5efab023b6a704acb3763f58bfb27f5b489f83af9f28a2bd53783ce5a8269e,gx-no-cache=1488553540741 HTTP/1.1" 200 30
186.103.157.42 - - [03/Mar/2017:12:06:48 -0300] "POST /cormun/servlet/solicitudot?609b29e05437bd4556466763c9a401f0,INS,0,0,,gx-no-cache=1488553545857 HTTP/1.1" 200 93
186.103.157.42 - - [03/Mar/2017:12:06:48 -0300] "GET /cormun/servlet/hpexe_return? HTTP/1.1" 200 1019
186.103.157.42 - - [03/Mar/2017:12:06:48 -0300] "GET /cormun/servlet/trsolicitudot?gx-no-cache=1488553324172 HTTP/1.1" 200 8346
186.103.157.42 - - [03/Mar/2017:12:06:49 -0300] "GET /cormun/servlet/trsolicitudot?gx-no-cache=1488553324172 HTTP/1.1" 200 8363
186.103.157.42 - - [03/Mar/2017:12:06:51 -0300] "POST /cormun/servlet/trsolicitudot?609b29e05437bd4556466763c9a401f0,gx-no-cache=1488553324172,gx-no-cache=1488553548890 HTTP/1.1" 200 4371
186.103.157.42 - - [03/Mar/2017:12:06:51 -0300] "GET /cormun/static/Shared/jqueryui/images/ui-bg_highlight-soft_100_c6c2c8_1x100.png HTTP/1.1" 404 1117
186.103.157.42 - - [03/Mar/2017:12:06:51 -0300] "GET /cormun/static/Shared/jqueryui/images/ui-icons_8d78a5_256x240.png HTTP/1.1" 404 1089
186.103.157.42 - - [03/Mar/2017:12:06:51 -0300] "GET /cormun/static/Shared/jqueryui/images/ui-bg_flat_55_fafafa_40x100.png HTTP/1.1" 404 1097
186.103.157.42 - - [03/Mar/2017:12:06:51 -0300] "GET /cormun/static/Shared/jqueryui/images/ui-icons_82798d_256x240.png HTTP/1.1" 404 1089
186.103.157.42 - - [03/Mar/2017:12:06:51 -0300] "POST /cormun/servlet/trsolicitudot?609b29e05437bd4556466763c9a401f0,gx-no-cache=1488553324172,gx-no-cache=1488553549101 HTTP/1.1" 200 4117
186.103.159.182 - - [03/Mar/2017:12:07:01 -0300] "GET /cormun/servlet/solicitudot?7f0570b57a3f2aa593d372dba3f75d4fb8775b31203b3b9fe66ff96e6a6d4532a1c0f3fe771839d9081d05a04374dfd81215d38596b99c16bb4921bea4228e9d63191190f775187eef00a736e46072a75762e2aaf1a0e6dc2a98108616562198fe14f76b0fb7e6738ece0515179feb4b18c8ede8fe8d20769fee6d73d8d17b0a28496af25b66ec6843e0242a537b5931279adb03777e2e6435ce92bcfd70e4170bd64c2703ecf3b40dfae2e938f76b02,gx-no-cache=1488553691519 HTTP/1.1" 200 30
186.103.159.182 - - [03/Mar/2017:12:07:08 -0300] "POST /cormun/servlet/solicitudot?8d295ccf9cbef6112ca89b09ea0ac640,INS,0,0,,gx-no-cache=1488553698505 HTTP/1.1" 200 11316
186.103.157.42 - - [03/Mar/2017:12:07:08 -0300] "GET /cormun/servlet/solicitudot?INS,0,0, HTTP/1.1" 200 12861
186.103.159.182 - - [03/Mar/2017:12:07:08 -0300] "GET /cormun/static/Shared/jqueryui/images/ui-bg_highlight-soft_100_c6c2c8_1x100.png HTTP/1.1" 404 1117
186.103.159.182 - - [03/Mar/2017:12:07:08 -0300] "GET /cormun/static/Shared/jqueryui/images/ui-icons_82798d_256x240.png HTTP/1.1" 404 1089
186.103.159.182 - - [03/Mar/2017:12:07:08 -0300] "GET /cormun/static/Shared/jqueryui/images/ui-bg_flat_55_994d53_40x100.png HTTP/1.1" 404 1097
186.103.159.182 - - [03/Mar/2017:12:07:08 -0300] "GET /cormun/static/Shared/jqueryui/images/ui-icons_ebccce_256x240.png HTTP/1.1" 404 1089
186.103.157.42 - - [03/Mar/2017:12:07:09 -0300] "GET /cormun/servlet/solicitudot?INS,0,0, HTTP/1.1" 200 12844
186.103.157.42 - - [03/Mar/2017:12:07:23 -0300] "POST /cormun/servlet/solicitudot?gx-no-cache=1488553580930 HTTP/1.1" 200 3183
186.103.157.42 - - [03/Mar/2017:12:07:24 -0300] "POST /cormun/servlet/solicitudot?609b29e05437bd4556466763c9a401f0,INS,0,0,,gx-no-cache=1488553581626 HTTP/1.1" 200 9968
186.103.157.42 - - [03/Mar/2017:12:07:24 -0300] "GET /cormun/servlet/solicitudot?4730b4803e8a653e6fa99ecd956e32defa053a90bc9b3a8012f9b8aa87370bd1493a33a03afe4b74bcaf08eeea5f3e78,gx-no-cache=1488553581914 HTTP/1.1" 200 30
186.103.157.42 - - [03/Mar/2017:12:07:32 -0300] "POST /cormun/servlet/solicitudot?gx-no-cache=1488553590019 HTTP/1.1" 200 240
186.103.157.42 - - [03/Mar/2017:12:07:32 -0300] "GET /cormun/servlet/solicitudot?4730b4803e8a653e6fa99ecd956e32dea7de46845820499f96a9cd4f4dd78622ebff3b7bcfe1a4abcd3df0c056e303d0dfc9ee5e004654e98cf9ac1f57442cc10c26f53662d32bfccbdac2ccf07c4756ba35c05b998b794798e5b3b3f87f531b6930640a97dbc1453b70bbf027da2ee4cff53b60e22c833c5998ccd9b51a5d40537153d26d213475609244e21f774e703e5bdb5cde4c0faef2d96c70f27d398cce786bd5a749700b78907524331359901e0c5245bd6ddc822e4900e031811827677194ae170a46a6ebaaf8557aff22ad273dc068f701b5adf9dba1a0f8a8057ee43e1e24bc6cd43310081e49ab6a8eca564bc78de26d19702c5e5f854d042254412c4cb10a233970dd310f8b01e98f0aeea8273ee99e24864b8dbddd7512888018eae775aac4054de7e4e893ea9c05e56292f757daa11ae458d6667d861e4d9a281077ffb426d203063820bcb20a07b2be186d16cdccf3214a72c2692ae61c9990880f8783ade0d2c5f27225647e351a32b1e6e10d9aaf2752d5801095178d6b,gx-no-cache=1488553590084 HTTP/1.1" 200 30
186.103.157.42 - - [03/Mar/2017:12:07:33 -0300] "POST /cormun/servlet/solicitudot?gx-no-cache=1488553591321 HTTP/1.1" 200 30
186.103.157.42 - - [03/Mar/2017:12:07:35 -0300] "GET /cormun/servlet/prlicenciaspermisos?0,L,,MD,,gxPopupLevel%3D0%3B HTTP/1.1" 200 5211
186.79.168.199 - - [03/Mar/2017:12:07:35 -0300] "GET /cormun/Manuales/ManualSolicitud.pdf HTTP/1.1" 200 850295
186.103.159.182 - - [03/Mar/2017:12:07:35 -0300] "GET /cormun/servlet/solicitudot?7f0570b57a3f2aa593d372dba3f75d4fb8775b31203b3b9fe66ff96e6a6d4532a1c0f3fe771839d9081d05a04374dfd81215d38596b99c16bb4921bea4228e9d63191190f775187eef00a736e46072a75762e2aaf1a0e6dc2a98108616562198fe14f76b0fb7e6738ece0515179feb4b18c8ede8fe8d20769fee6d73d8d17b0a28496af25b66ec6843e0242a537b5931279adb03777e2e6435ce92bcfd70e4170bd64c2703ecf3b40dfae2e938f76b02,gx-no-cache=1488553726087 HTTP/1.1" 200 30
186.103.159.182 - - [03/Mar/2017:12:07:36 -0300] "POST /cormun/servlet/solicitudot?8d295ccf9cbef6112ca89b09ea0ac640,INS,0,0,,gx-no-cache=1488553726179 HTTP/1.1" 200 11361
186.103.157.42 - - [03/Mar/2017:12:07:37 -0300] "POST /cormun/servlet/solicitudot?gx-no-cache=1488553595008 HTTP/1.1" 200 1372
186.103.157.42 - - [03/Mar/2017:12:07:37 -0300] "GET /cormun/static/Shared/jqueryui/images/ui-bg_highlight-soft_100_c6c2c8_1x100.png HTTP/1.1" 404 1117
186.103.157.42 - - [03/Mar/2017:12:07:37 -0300] "GET /cormun/static/Shared/jqueryui/images/ui-icons_82798d_256x240.png HTTP/1.1" 404 1089
186.103.157.42 - - [03/Mar/2017:12:07:37 -0300] "GET /cormun/static/Shared/jqueryui/images/ui-bg_flat_55_994d53_40x100.png HTTP/1.1" 404 1097
186.103.157.42 - - [03/Mar/2017:12:07:37 -0300] "GET /cormun/static/Shared/jqueryui/images/ui-icons_ebccce_256x240.png HTTP/1.1" 404 1089
186.103.157.42 - - [03/Mar/2017:12:07:45 -0300] "GET /cormun/servlet/prfichaempleado?,MD,,gxPopupLevel%3D0%3B HTTP/1.1" 200 8933
186.103.159.182 - - [03/Mar/2017:12:07:52 -0300] "POST /cormun/servlet/solicitudot?8d295ccf9cbef6112ca89b09ea0ac640,INS,0,0,,gx-no-cache=1488553742165 HTTP/1.1" 200 90
186.103.159.182 - - [03/Mar/2017:12:07:52 -0300] "GET /cormun/servlet/hpexe_link HTTP/1.1" 200 964
186.103.159.182 - - [03/Mar/2017:12:07:52 -0300] "GET /cormun/servlet/trsolicitudot HTTP/1.1" 200 9959
186.103.159.182 - - [03/Mar/2017:12:07:54 -0300] "GET /cormun/servlet/trsolicitudot HTTP/1.1" 200 9958
186.103.159.182 - - [03/Mar/2017:12:07:59 -0300] "GET /cormun/servlet/solicitudot?INS,0,0, HTTP/1.1" 200 12823
186.103.159.182 - - [03/Mar/2017:12:08:01 -0300] "GET /cormun/servlet/solicitudot?INS,0,0, HTTP/1.1" 200 12827
186.103.157.42 - - [03/Mar/2017:12:08:05 -0300] "POST /cormun/servlet/prfichaempleado?609b29e05437bd4556466763c9a401f0,,MD,,gxPopupLevel%3D0%3B,gx-no-cache=1488553622750 HTTP/1.1" 200 3450
186.103.159.182 - - [03/Mar/2017:12:08:08 -0300] "POST /cormun/servlet/solicitudot?gx-no-cache=1488553758423 HTTP/1.1" 200 3160
186.103.159.182 - - [03/Mar/2017:12:08:08 -0300] "POST /cormun/servlet/solicitudot?8d295ccf9cbef6112ca89b09ea0ac640,INS,0,0,,gx-no-cache=1488553758696 HTTP/1.1" 200 9956
186.103.157.42 - - [03/Mar/2017:12:08:12 -0300] "GET /cormun/servlet/prlicenciaspermisos?8610115,L,,MD,,gxPopupLevel%3D0%3B HTTP/1.1" 200 7764
186.103.159.182 - - [03/Mar/2017:12:08:14 -0300] "GET /cormun/servlet/solicitudot?7f0570b57a3f2aa593d372dba3f75d4febc9b97ca8cf146ae440dae2d590323e4b0ebcb258806735472d015063f08e03,gx-no-cache=1488553764943 HTTP/1.1" 200 30
186.103.159.182 - - [03/Mar/2017:12:08:14 -0300] "POST /cormun/servlet/solicitudot?gx-no-cache=1488553765067 HTTP/1.1" 200 255
186.103.159.182 - - [03/Mar/2017:12:08:15 -0300] "GET /cormun/servlet/solicitudot?7f0570b57a3f2aa593d372dba3f75d4f81cfd0d10793362e299add8f855f2b0516b3937ae3e0618c67a1f2ec57272511016bada567f0532b904cc9509d4fcac22d0cc0c60b159c3ec103da40692862da6dd05f237d0eb10864cf09a859357210c6bbb5483b10401697c0f4ed219ae94631c1a4e552844ab26b64e21f2e425b992be17eb0bc8d9910d582da60056ca4e0bd3e012315ee6dac8b573257d03c2df1d8352bb5e1e81d6b0dc9f9845fd504620f0abb7ea19f970b7bbfa2cd3d5bb3ec6b91bae290cfd64a7a52f82196059f89bac26c68b01047f8902cd4443a0c2d6c933057ce9f10dbba69aeb92f8f70d66d36160acb728a3f712bd2fcf6fcaef1673b56584ecbc6278dcfebd7a5248e3d4c69364622c677782821f63fafa069e1026af26c7e2163cbba38f321d3032e67e83b6b7e9e7e96fb7c32845b4fd37982120e83aee2d27a6b22b8940a1b08b2a720c6b6d5de19f08b1c61020c3d758e4effd140795e1e47616fefad5a7396183dac1dc39f01b4b0834e5656c7971aa69cc7,gx-no-cache=1488553765167 HTTP/1.1" 200 30
186.103.157.42 - - [03/Mar/2017:12:08:16 -0300] "POST /cormun/servlet/solicitudot?gx-no-cache=1488553634037 HTTP/1.1" 200 1291
186.103.159.182 - - [03/Mar/2017:12:08:16 -0300] "POST /cormun/servlet/solicitudot?gx-no-cache=1488553767420 HTTP/1.1" 200 30
186.103.159.182 - - [03/Mar/2017:12:08:18 -0300] "GET /cormun/servlet/prcontratosol?14149898,,,,,MD,,gxPopupLevel%3D0%3B HTTP/1.1" 200 5993
186.103.157.42 - - [03/Mar/2017:12:08:21 -0300] "POST /cormun/servlet/solicitudot?gx-no-cache=1488553638794 HTTP/1.1" 200 41
186.103.159.182 - - [03/Mar/2017:12:08:21 -0300] "POST /cormun/servlet/solicitudot?gx-no-cache=1488553771749 HTTP/1.1" 200 1291
186.103.159.182 - - [03/Mar/2017:12:08:21 -0300] "POST /cormun/servlet/solicitudot?gx-no-cache=1488553771839 HTTP/1.1" 200 38
186.103.159.182 - - [03/Mar/2017:12:08:21 -0300] "GET /cormun/servlet/solicitudot?7f0570b57a3f2aa593d372dba3f75d4f2cc0da48acb90217458d31b05a2c2d4d15873514a408a364106973242dfc5c95dcdd2a5eeca2c086db253891c888b56fd3afd2adea9aa6d79549cdf95f017a51ee52ee9c57bd463af6154c601097b9ee2aff692f160cb255d823720b68691ad18c16add61a8da17f6ad371c508fecab07b54cce3077978700dc21311b27160f03290d03132491fcf059aedb5f435184b,gx-no-cache=1488553771892 HTTP/1.1" 200 29
186.103.159.182 - - [03/Mar/2017:12:08:21 -0300] "POST /cormun/servlet/solicitudot?gx-no-cache=1488553771944 HTTP/1.1" 200 1274
186.103.159.182 - - [03/Mar/2017:12:08:21 -0300] "POST /cormun/servlet/solicitudot?gx-no-cache=1488553772012 HTTP/1.1" 200 1157
186.103.157.42 - - [03/Mar/2017:12:08:26 -0300] "GET /cormun/servlet/solicitudot?4730b4803e8a653e6fa99ecd956e32de169c2aabd3d61dbdfa30962c37d2136156d406e62865bcd5659429aa90ca9adeca8307144c3ec8d4063401cecee9b3644368128bdbcc24bca606db6ef8af2d17b40a01e14740daef9a3833b332352394bf34a208eff540b276511d9cd4fe00c62ddbe904fdbf3c3fa6e00e7c9e8e2dccbaf30427fe8fb032499b6ad28654d8e112b9841f7886c89b35448f41906286e8,gx-no-cache=1488553643695 HTTP/1.1" 200 29
186.103.157.42 - - [03/Mar/2017:12:08:26 -0300] "POST /cormun/servlet/solicitudot?gx-no-cache=1488553643724 HTTP/1.1" 200 1275
186.103.157.42 - - [03/Mar/2017:12:08:26 -0300] "POST /cormun/servlet/solicitudot?gx-no-cache=1488553643764 HTTP/1.1" 200 1157
186.103.157.42 - - [03/Mar/2017:12:08:26 -0300] "GET /cormun/static/menuarrow.gif HTTP/1.1" 404 1015
186.103.159.182 - - [03/Mar/2017:12:08:28 -0300] "POST /cormun/servlet/solicitudot?gx-no-cache=1488553779057 HTTP/1.1" 200 1273
186.103.159.182 - - [03/Mar/2017:12:08:28 -0300] "POST /cormun/servlet/solicitudot?gx-no-cache=1488553779138 HTTP/1.1" 200 1157
186.103.157.42 - - [03/Mar/2017:12:08:29 -0300] "POST /cormun/servlet/solicitudot?gx-no-cache=1488553647498 HTTP/1.1" 200 1275
186.103.157.42 - - [03/Mar/2017:12:08:29 -0300] "POST /cormun/servlet/solicitudot?gx-no-cache=1488553647545 HTTP/1.1" 200 1157
186.103.159.182 - - [03/Mar/2017:12:08:41 -0300] "GET /cormun/servlet/solicitudot?7f0570b57a3f2aa593d372dba3f75d4f0beb4ee5b312c10fafd11498d2ed9035104b90a4052956112012a49f0ead668d2d52c86e95da94b6fc681256281a780cabacb904d592cb7be8828448f31172cf55d38fd7faffb2431017da1c8fd44d8cf5fa17517ff7f33d5a9970ab3cca340966164058775894b1542160da44aa9b9f4cb11448b03bf481c93b0bc70f0ec2985bc6077d32ec89b422a2becfd41c91e48b0aaeafab412f27023a986d23c68a9b,gx-no-cache=1488553791463 HTTP/1.1" 200 30
186.103.159.182 - - [03/Mar/2017:12:08:47 -0300] "POST /cormun/servlet/solicitudot?8d295ccf9cbef6112ca89b09ea0ac640,INS,0,0,,gx-no-cache=1488553797690 HTTP/1.1" 200 93
186.103.159.182 - - [03/Mar/2017:12:08:47 -0300] "GET /cormun/servlet/hpexe_return? HTTP/1.1" 200 1006
186.103.159.182 - - [03/Mar/2017:12:08:47 -0300] "GET /cormun/servlet/trsolicitudot HTTP/1.1" 200 10347
186.103.159.182 - - [03/Mar/2017:12:08:49 -0300] "GET /cormun/servlet/trsolicitudot HTTP/1.1" 200 10343
186.103.157.42 - - [03/Mar/2017:12:08:50 -0300] "GET /cormun/servlet/solicitudot?4730b4803e8a653e6fa99ecd956e32de2f3b6ccb8ee922be63a5d3019bba9099f583e7175592b086754b56d958dac63519feabf85faf597ad49579470e4e3c3034d4a2b42f167ae7bc2d625f367784bca3cd5a280cfbe2adfac132f4891a42521af2e5ded383b7086744aa9769a27cc4e658c780214b26e0c9c4e9450ddda8737c04400256c869ee069a0baa767f983d3617863ec13866b2c28e562b6b8896c80bea528e2dd67c99bd83eb48f5f9cfa12a2064135c07a7e69974b069796c0aab,gx-no-cache=1488553668005 HTTP/1.1" 200 30
186.103.157.42 - - [03/Mar/2017:12:08:50 -0300] "POST /cormun/servlet/solicitudot?609b29e05437bd4556466763c9a401f0,INS,0,0,,gx-no-cache=1488553668049 HTTP/1.1" 200 93
186.103.157.42 - - [03/Mar/2017:12:08:50 -0300] "GET /cormun/servlet/hpexe_return? HTTP/1.1" 200 1019
186.103.157.42 - - [03/Mar/2017:12:08:50 -0300] "GET /cormun/servlet/trsolicitudot?gx-no-cache=1488553324172 HTTP/1.1" 200 8328
186.103.157.42 - - [03/Mar/2017:12:08:51 -0300] "GET /cormun/servlet/trsolicitudot?gx-no-cache=1488553324172 HTTP/1.1" 200 8344
186.103.157.42 - - [03/Mar/2017:12:08:56 -0300] "POST /cormun/servlet/trsolicitudot?609b29e05437bd4556466763c9a401f0,gx-no-cache=1488553324172,gx-no-cache=1488553674318 HTTP/1.1" 200 4358
186.103.157.42 - - [03/Mar/2017:12:08:56 -0300] "GET /cormun/static/Shared/jqueryui/images/ui-bg_highlight-soft_100_c6c2c8_1x100.png HTTP/1.1" 404 1117
186.103.157.42 - - [03/Mar/2017:12:08:56 -0300] "GET /cormun/static/Shared/jqueryui/images/ui-icons_82798d_256x240.png HTTP/1.1" 404 1089
186.103.157.42 - - [03/Mar/2017:12:08:56 -0300] "GET /cormun/static/Shared/jqueryui/images/ui-icons_8d78a5_256x240.png HTTP/1.1" 404 1089
186.103.157.42 - - [03/Mar/2017:12:08:56 -0300] "GET /cormun/static/Shared/jqueryui/images/ui-bg_flat_55_fafafa_40x100.png HTTP/1.1" 404 1097
186.103.157.42 - - [03/Mar/2017:12:08:56 -0300] "POST /cormun/servlet/trsolicitudot?609b29e05437bd4556466763c9a401f0,gx-no-cache=1488553324172,gx-no-cache=1488553674519 HTTP/1.1" 200 4117
186.103.157.42 - - [03/Mar/2017:12:08:59 -0300] "GET /cormun/servlet/trautorizarsolicitud? HTTP/1.1" 200 9315
186.103.157.42 - - [03/Mar/2017:12:09:00 -0300] "GET /cormun/servlet/trautorizarsolicitud? HTTP/1.1" 200 9294
186.103.157.42 - - [03/Mar/2017:12:09:02 -0300] "POST /cormun/servlet/trautorizarsolicitud?609b29e05437bd4556466763c9a401f0,,gx-no-cache=1488553680078 HTTP/1.1" 200 6078
186.103.157.42 - - [03/Mar/2017:12:09:02 -0300] "GET /cormun/static/Shared/jqueryui/images/ui-bg_highlight-soft_100_c6c2c8_1x100.png HTTP/1.1" 404 1117
186.103.157.42 - - [03/Mar/2017:12:09:02 -0300] "GET /cormun/static/Shared/jqueryui/images/ui-icons_82798d_256x240.png HTTP/1.1" 404 1089
186.103.157.42 - - [03/Mar/2017:12:09:02 -0300] "GET /cormun/static/Shared/jqueryui/images/ui-bg_flat_55_fafafa_40x100.png HTTP/1.1" 404 1097
186.103.157.42 - - [03/Mar/2017:12:09:02 -0300] "GET /cormun/static/Shared/jqueryui/images/ui-icons_8d78a5_256x240.png HTTP/1.1" 404 1089
186.103.157.42 - - [03/Mar/2017:12:09:02 -0300] "POST /cormun/servlet/trautorizarsolicitud?609b29e05437bd4556466763c9a401f0,,gx-no-cache=1488553680364 HTTP/1.1" 200 6022
186.103.157.42 - - [03/Mar/2017:12:09:03 -0300] "POST /cormun/servlet/trautorizarsolicitud?609b29e05437bd4556466763c9a401f0,,gx-no-cache=1488553680990 HTTP/1.1" 200 5798
186.103.157.42 - - [03/Mar/2017:12:09:03 -0300] "POST /cormun/servlet/trautorizarsolicitud?609b29e05437bd4556466763c9a401f0,,gx-no-cache=1488553681183 HTTP/1.1" 200 5742
186.103.157.42 - - [03/Mar/2017:12:09:04 -0300] "POST /cormun/servlet/trautorizarsolicitud?609b29e05437bd4556466763c9a401f0,,gx-no-cache=1488553681620 HTTP/1.1" 200 5482
186.103.157.42 - - [03/Mar/2017:12:09:04 -0300] "POST /cormun/servlet/trautorizarsolicitud?609b29e05437bd4556466763c9a401f0,,gx-no-cache=1488553681819 HTTP/1.1" 200 5428
186.103.157.42 - - [03/Mar/2017:12:09:04 -0300] "POST /cormun/servlet/trautorizarsolicitud?609b29e05437bd4556466763c9a401f0,,gx-no-cache=1488553682310 HTTP/1.1" 200 4350
186.103.157.42 - - [03/Mar/2017:12:09:04 -0300] "POST /cormun/servlet/trautorizarsolicitud?609b29e05437bd4556466763c9a401f0,,gx-no-cache=1488553682463 HTTP/1.1" 200 4102
186.103.159.182 - - [03/Mar/2017:12:09:07 -0300] "GET /cormun/servlet/solicitudot?INS,0,0, HTTP/1.1" 200 12822
186.103.159.182 - - [03/Mar/2017:12:09:08 -0300] "GET /cormun/servlet/solicitudot?INS,0,0, HTTP/1.1" 200 12827
186.103.156.24 - - [03/Mar/2017:12:09:10 -0300] "GET /cormun/servlet/trcontratounov2? HTTP/1.1" 200 15527
186.103.156.24 - - [03/Mar/2017:12:09:10 -0300] "GET /cormun/static/gxcfg.js?201612281114880 HTTP/1.1" 304 -
186.103.156.24 - - [03/Mar/2017:12:09:14 -0300] "GET /cormun/servlet/hlogin HTTP/1.1" 200 1740
186.103.156.24 - - [03/Mar/2017:12:09:14 -0300] "GET /cormun/servlet/trcontratounov2? HTTP/1.1" 200 15516
186.103.156.24 - - [03/Mar/2017:12:09:14 -0300] "GET /cormun/static/gxcfg.js?201612216162538 HTTP/1.1" 304 -
186.103.159.182 - - [03/Mar/2017:12:09:15 -0300] "POST /cormun/servlet/solicitudot?gx-no-cache=1488553825777 HTTP/1.1" 200 3147
186.103.159.182 - - [03/Mar/2017:12:09:15 -0300] "POST /cormun/servlet/solicitudot?8d295ccf9cbef6112ca89b09ea0ac640,INS,0,0,,gx-no-cache=1488553826047 HTTP/1.1" 200 9936
186.103.159.182 - - [03/Mar/2017:12:09:18 -0300] "GET /cormun/servlet/solicitudot?7f0570b57a3f2aa593d372dba3f75d4fce80bbefd67397da0ff61609d1b78fc64b0ebcb258806735472d015063f08e03,gx-no-cache=1488553829097 HTTP/1.1" 200 30
186.103.159.182 - - [03/Mar/2017:12:09:18 -0300] "POST /cormun/servlet/solicitudot?gx-no-cache=1488553829178 HTTP/1.1" 200 255
186.103.159.182 - - [03/Mar/2017:12:09:18 -0300] "GET /cormun/servlet/solicitudot?7f0570b57a3f2aa593d372dba3f75d4f81cfd0d10793362e299add8f855f2b0516b3937ae3e0618c67a1f2ec57272511016bada567f0532b904cc9509d4fcac22d0cc0c60b159c3ec103da40692862da6dd05f237d0eb10864cf09a859357210c6bbb5483b10401697c0f4ed219ae94631c1a4e552844ab26b64e21f2e425b992be17eb0bc8d9910d582da60056ca4e0bd3e012315ee6dac8b573257d03c2df1d8352bb5e1e81d6b0dc9f9845fd504620f0abb7ea19f970b7bbfa2cd3d5bb3ec6b91bae290cfd64a7a52f82196059f89bac26c68b01047f8902cd4443a0c2d6c933057ce9f10dbba69aeb92f8f70d66d36160acb728a3f712bd2fcf6fcaef1673b56584ecbc6278dcfebd7a5248e3d4c69364622c677782821f63fafa069e1026af26c7e2163cbba38f321d3032e67e83b6b7e9e7e96fb7c32845b4fd37982120e83aee2d27a6b22b8940a1b08b2a720c6b6d5de19f08b1c61020c3d758e4effd140795e1e47616fefad5a7396183dac1dc39f01b4b0834e5656c7971aa69cc7,gx-no-cache=1488553829255 HTTP/1.1" 200 30
186.103.159.182 - - [03/Mar/2017:12:09:20 -0300] "POST /cormun/servlet/solicitudot?gx-no-cache=1488553830787 HTTP/1.1" 200 30
186.103.159.182 - - [03/Mar/2017:12:09:21 -0300] "GET /cormun/servlet/prcontratosol?15125556,,,,,MD,,gxPopupLevel%3D0%3B HTTP/1.1" 200 5992
186.103.159.182 - - [03/Mar/2017:12:09:24 -0300] "POST /cormun/servlet/solicitudot?gx-no-cache=1488553834701 HTTP/1.1" 200 1291
186.103.159.182 - - [03/Mar/2017:12:09:24 -0300] "POST /cormun/servlet/solicitudot?gx-no-cache=1488553834790 HTTP/1.1" 200 38
186.103.159.182 - - [03/Mar/2017:12:09:24 -0300] "GET /cormun/servlet/solicitudot?7f0570b57a3f2aa593d372dba3f75d4f2cc0da48acb90217458d31b05a2c2d4d15873514a408a364106973242dfc5c95dcdd2a5eeca2c086db253891c888b56fd3afd2adea9aa6d79549cdf95f017a51ee52ee9c57bd463af6154c601097b9ee2aff692f160cb255d823720b68691ad18c16add61a8da17f6ad371c508fecab07b54cce3077978700dc21311b27160f03290d03132491fcf059aedb5f435184b,gx-no-cache=1488553834915 HTTP/1.1" 200 29
186.103.159.182 - - [03/Mar/2017:12:09:24 -0300] "POST /cormun/servlet/solicitudot?gx-no-cache=1488553834993 HTTP/1.1" 200 1274
186.103.159.182 - - [03/Mar/2017:12:09:24 -0300] "POST /cormun/servlet/solicitudot?gx-no-cache=1488553835185 HTTP/1.1" 200 1157
186.103.156.24 - - [03/Mar/2017:12:09:30 -0300] "POST /cormun/servlet/hlogin?5f9862785ac5bc5da4ce7315e01a942e,gx-no-cache=1488553846309 HTTP/1.1" 200 90
186.103.156.24 - - [03/Mar/2017:12:09:30 -0300] "GET /cormun/servlet/hpexe_link HTTP/1.1" 200 960
186.103.156.24 - - [03/Mar/2017:12:09:30 -0300] "GET /cormun/static/gxcfg.js?201612218515529 HTTP/1.1" 304 -
186.103.156.24 - - [03/Mar/2017:12:09:30 -0300] "GET /cormun/servlet/trcontratounov2 HTTP/1.1" 200 16414
192.168.10.62 - - [03/Mar/2017:12:09:31 -0300] "POST /cormun/servlet/hlogin?fff5d73cefe7823a98abf3e53052c316,gx-no-cache=1488557056973 HTTP/1.1" 200 90
192.168.10.62 - - [03/Mar/2017:12:09:31 -0300] "GET /cormun/servlet/hpexe_link HTTP/1.1" 200 966
192.168.10.62 - - [03/Mar/2017:12:09:31 -0300] "GET /cormun/servlet/trsolicitudnombre?15465221, HTTP/1.1" 200 7382
186.103.156.24 - - [03/Mar/2017:12:09:31 -0300] "GET /cormun/servlet/trcontratounov2 HTTP/1.1" 200 16442
192.168.10.62 - - [03/Mar/2017:12:09:32 -0300] "GET /cormun/servlet/trsolicitudnombre?15465221, HTTP/1.1" 200 7385
192.168.10.62 - - [03/Mar/2017:12:09:38 -0300] "GET /cormun/servlet/trsolicitudgral? HTTP/1.1" 200 24532
192.168.10.62 - - [03/Mar/2017:12:09:39 -0300] "GET /cormun/servlet/trsolicitudgral? HTTP/1.1" 200 24520
186.103.159.182 - - [03/Mar/2017:12:09:41 -0300] "POST /cormun/servlet/solicitudot?gx-no-cache=1488553851789 HTTP/1.1" 200 1273
186.103.159.182 - - [03/Mar/2017:12:09:41 -0300] "POST /cormun/servlet/solicitudot?gx-no-cache=1488553852201 HTTP/1.1" 200 1157
186.103.159.182 - - [03/Mar/2017:12:09:51 -0300] "GET /cormun/servlet/solicitudot?7f0570b57a3f2aa593d372dba3f75d4fd988ee970bd6387cb1ad51c14001ed94f67a858e4888ca6b8118994518d5cdfd1215d38596b99c16bb4921bea4228e9d63191190f775187eef00a736e46072a75762e2aaf1a0e6dc2a98108616562198fe14f76b0fb7e6738ece0515179feb4b18c8ede8fe8d20769fee6d73d8d17b0a28496af25b66ec6843e0242a537b5931279adb03777e2e6435ce92bcfd70e4170bd64c2703ecf3b40dfae2e938f76b02,gx-no-cache=1488553861798 HTTP/1.1" 200 30
192.168.10.62 - - [03/Mar/2017:12:09:57 -0300] "POST /cormun/servlet/trsolicitudgral?fff5d73cefe7823a98abf3e53052c316,,gx-no-cache=1488557082652 HTTP/1.1" 200 7353
186.103.159.182 - - [03/Mar/2017:12:10:00 -0300] "POST /cormun/servlet/solicitudot?8d295ccf9cbef6112ca89b09ea0ac640,INS,0,0,,gx-no-cache=1488553870598 HTTP/1.1" 200 93
186.103.159.182 - - [03/Mar/2017:12:10:00 -0300] "GET /cormun/servlet/hpexe_return? HTTP/1.1" 200 1006
186.103.159.182 - - [03/Mar/2017:12:10:01 -0300] "GET /cormun/servlet/trsolicitudot HTTP/1.1" 200 10651
186.103.159.182 - - [03/Mar/2017:12:10:03 -0300] "GET /cormun/servlet/trsolicitudot HTTP/1.1" 200 10646
192.168.10.62 - - [03/Mar/2017:12:10:04 -0300] "POST /cormun/servlet/trsolicitudgral?fff5d73cefe7823a98abf3e53052c316,,gx-no-cache=1488557090057 HTTP/1.1" 200 105
192.168.10.62 - - [03/Mar/2017:12:10:04 -0300] "POST /cormun/servlet/trsolicitudgral?fff5d73cefe7823a98abf3e53052c316,,gx-no-cache=1488557090177 HTTP/1.1" 200 7338
192.168.10.62 - - [03/Mar/2017:12:10:04 -0300] "GET /cormun/SolicitudGral-7991.xls HTTP/1.1" 200 6656
186.79.168.199 - - [03/Mar/2017:12:10:07 -0300] "GET /cormun/servlet/trpermisosgoce HTTP/1.1" 200 7831
186.79.168.199 - - [03/Mar/2017:12:10:09 -0300] "GET /cormun/servlet/trpermisosgoce HTTP/1.1" 200 7827
186.103.159.182 - - [03/Mar/2017:12:10:44 -0300] "GET /cormun/servlet/solicitudot?INS,0,0, HTTP/1.1" 200 12822
186.103.159.182 - - [03/Mar/2017:12:10:46 -0300] "GET /cormun/servlet/solicitudot?INS,0,0, HTTP/1.1" 200 12827
192.168.10.62 - - [03/Mar/2017:12:10:53 -0300] "GET /cormun/servlet/vesolicitudgral?2017,4964,, HTTP/1.1" 200 8115
192.168.10.62 - - [03/Mar/2017:12:10:53 -0300] "GET /cormun/pexe_scrolldiv.js HTTP/1.1" 404 1009
192.168.10.62 - - [03/Mar/2017:12:10:53 -0300] "GET /cormun/pexe_scrolldiv.js HTTP/1.1" 404 1009
192.168.10.62 - - [03/Mar/2017:12:10:53 -0300] "GET /cormun/servlet/vesolicitudgral?2017,4964,, HTTP/1.1" 200 8114
186.103.159.182 - - [03/Mar/2017:12:10:54 -0300] "POST /cormun/servlet/solicitudot?gx-no-cache=1488553925307 HTTP/1.1" 200 3186
186.103.159.182 - - [03/Mar/2017:12:10:55 -0300] "POST /cormun/servlet/solicitudot?8d295ccf9cbef6112ca89b09ea0ac640,INS,0,0,,gx-no-cache=1488553925586 HTTP/1.1" 200 9981
186.103.156.24 - - [03/Mar/2017:12:11:03 -0300] "GET /cormun/servlet/trcontratoobservaciondir? HTTP/1.1" 200 6144
186.103.156.24 - - [03/Mar/2017:12:11:03 -0300] "GET /cormun/static/gxcfg.js?201612218551235 HTTP/1.1" 200 953
186.103.156.24 - - [03/Mar/2017:12:11:03 -0300] "GET /cormun/static/trcontratoobservaciondir.js?201612218551533 HTTP/1.1" 200 27122
186.103.156.24 - - [03/Mar/2017:12:11:03 -0300] "GET /cormun/servlet/trcontratoobservaciondir? HTTP/1.1" 200 6144
186.103.159.182 - - [03/Mar/2017:12:11:04 -0300] "GET /cormun/servlet/solicitudot?7f0570b57a3f2aa593d372dba3f75d4f220427a2b8fc75b778f010eb2789f2684b0ebcb258806735472d015063f08e03,gx-no-cache=1488553934579 HTTP/1.1" 200 30
186.103.159.182 - - [03/Mar/2017:12:11:04 -0300] "POST /cormun/servlet/solicitudot?gx-no-cache=1488553934648 HTTP/1.1" 200 297
