201.246.238.190 - - [03/Mar/2017:13:55:32 -0300] "POST /cormun/servlet/trsolicitudot?0ac915fb7097cfe83e9c79fffbf73d9e,gx-no-cache=1488560199617 HTTP/1.1" 200 5390
186.103.157.98 - - [03/Mar/2017:13:55:38 -0300] "GET /cormun/servlet/hpexe_return? HTTP/1.1" 200 984
186.103.157.98 - - [03/Mar/2017:13:55:38 -0300] "GET /cormun/servlet/hhome HTTP/1.1" 200 3303
186.103.157.98 - - [03/Mar/2017:13:55:39 -0300] "GET /cormun/servlet/hlogin HTTP/1.1" 200 1733
186.103.157.98 - - [03/Mar/2017:13:55:39 -0300] "GET /cormun/servlet/hhome HTTP/1.1" 200 3299
201.246.238.190 - - [03/Mar/2017:13:55:40 -0300] "GET /cormun/servlet/vesolicitudot?2017,5151,, HTTP/1.1" 200 8178
186.103.157.98 - - [03/Mar/2017:13:55:40 -0300] "POST /cormun/servlet/hlogin?06398b07e3b47afa2253ef973111608c,gx-no-cache=1488560213281 HTTP/1.1" 200 90
186.103.157.98 - - [03/Mar/2017:13:55:40 -0300] "GET /cormun/servlet/hpexe_link HTTP/1.1" 200 954
201.246.238.190 - - [03/Mar/2017:13:55:40 -0300] "GET /cormun/static/gxcfg.js?20161221854299 HTTP/1.1" 200 953
201.246.238.190 - - [03/Mar/2017:13:55:40 -0300] "GET /cormun/pexe_scrolldiv.js HTTP/1.1" 404 1009
186.103.157.98 - - [03/Mar/2017:13:55:40 -0300] "GET /cormun/servlet/hhome HTTP/1.1" 200 4010
201.246.238.190 - - [03/Mar/2017:13:55:40 -0300] "GET /cormun/static/vesolicitudot.js?20161221854352 HTTP/1.1" 200 6091
201.246.238.190 - - [03/Mar/2017:13:55:40 -0300] "GET /cormun/static/tbsolicitudot01.js?2017119103633 HTTP/1.1" 200 28340
186.103.157.98 - - [03/Mar/2017:13:55:40 -0300] "GET /cormun/servlet/hhome HTTP/1.1" 200 4006
201.246.238.190 - - [03/Mar/2017:13:55:40 -0300] "GET /cormun/servlet/vesolicitudot?2017,5151,, HTTP/1.1" 200 8177
186.103.157.98 - - [03/Mar/2017:13:55:43 -0300] "GET /cormun/servlet/trautorizarsolicitud? HTTP/1.1" 200 6932
186.103.157.98 - - [03/Mar/2017:13:55:44 -0300] "GET /cormun/servlet/trautorizarsolicitud? HTTP/1.1" 200 6931
186.103.157.98 - - [03/Mar/2017:13:55:50 -0300] "GET /cormun/servlet/trautorizarsolicitud? HTTP/1.1" 200 6931
201.246.238.190 - - [03/Mar/2017:13:55:50 -0300] "POST /cormun/servlet/vesolicitudot?0ac915fb7097cfe83e9c79fffbf73d9e,2017,5151,,,gx-no-cache=1488560217000 HTTP/1.1" 200 93
201.246.238.190 - - [03/Mar/2017:13:55:50 -0300] "GET /cormun/servlet/hpexe_return? HTTP/1.1" 200 1033
186.103.157.98 - - [03/Mar/2017:13:55:50 -0300] "GET /cormun/servlet/trautorizarsolicitud? HTTP/1.1" 200 6931
201.246.238.190 - - [03/Mar/2017:13:55:50 -0300] "GET /cormun/servlet/trsolicitudot?gx-no-cache=1488560199617 HTTP/1.1" 200 8191
201.246.238.190 - - [03/Mar/2017:13:55:51 -0300] "GET /cormun/servlet/trsolicitudot?gx-no-cache=1488560199617 HTTP/1.1" 200 8229
186.103.157.98 - - [03/Mar/2017:13:55:54 -0300] "GET /cormun/servlet/trsolicitudot? HTTP/1.1" 200 8257
186.103.157.98 - - [03/Mar/2017:13:55:54 -0300] "GET /cormun/servlet/trsolicitudot? HTTP/1.1" 200 8256
201.246.238.190 - - [03/Mar/2017:13:55:55 -0300] "POST /cormun/servlet/trsolicitudot?0ac915fb7097cfe83e9c79fffbf73d9e,gx-no-cache=1488560199617,gx-no-cache=1488560222258 HTTP/1.1" 200 5628
201.246.238.190 - - [03/Mar/2017:13:55:55 -0300] "GET /cormun/static/Shared/jqueryui/images/ui-bg_highlight-soft_100_c6c2c8_1x100.png HTTP/1.1" 404 1117
201.246.238.190 - - [03/Mar/2017:13:55:55 -0300] "GET /cormun/static/Shared/jqueryui/images/ui-icons_82798d_256x240.png HTTP/1.1" 404 1089
201.246.238.190 - - [03/Mar/2017:13:55:55 -0300] "GET /cormun/static/Shared/jqueryui/images/ui-bg_flat_55_fafafa_40x100.png HTTP/1.1" 404 1097
201.246.238.190 - - [03/Mar/2017:13:55:55 -0300] "GET /cormun/static/Shared/jqueryui/images/ui-icons_8d78a5_256x240.png HTTP/1.1" 404 1089
201.246.238.190 - - [03/Mar/2017:13:56:00 -0300] "GET /cormun/static/Shared/jqueryui/images/ui-bg_highlight-soft_100_eae6ea_1x100.png HTTP/1.1" 404 1117
186.103.157.98 - - [03/Mar/2017:13:56:06 -0300] "POST /cormun/servlet/trsolicitudot?06398b07e3b47afa2253ef973111608c,,gx-no-cache=1488560239094 HTTP/1.1" 200 106
186.103.157.98 - - [03/Mar/2017:13:56:06 -0300] "GET /cormun/servlet/trsolicitudadjuntos?2017,5147, HTTP/1.1" 200 6108
186.103.157.98 - - [03/Mar/2017:13:56:06 -0300] "GET /cormun/servlet/trsolicitudadjuntos?2017,5147, HTTP/1.1" 200 6108
201.246.238.190 - - [03/Mar/2017:13:56:08 -0300] "POST /cormun/servlet/trsolicitudot?0ac915fb7097cfe83e9c79fffbf73d9e,gx-no-cache=1488560199617,gx-no-cache=1488560234661 HTTP/1.1" 200 5446
186.103.157.98 - - [03/Mar/2017:13:56:12 -0300] "GET /cormun/servlet/solicitudotadjuntos?INS,2017,5147,,1, HTTP/1.1" 200 6039
186.103.157.98 - - [03/Mar/2017:13:56:12 -0300] "GET /cormun/static/about:blank HTTP/1.1" 404 1011
186.103.157.98 - - [03/Mar/2017:13:56:12 -0300] "GET /cormun/servlet/solicitudotadjuntos?INS,2017,5147,,1, HTTP/1.1" 200 6033
186.103.157.98 - - [03/Mar/2017:13:56:13 -0300] "GET /cormun/servlet/solicitudotadjuntos?dd20ebbe4d24c9a63ce9f7f5a23e00c26ce2f9d2800626452ca0524a0e415f8d83d317d02055ee0c831f4458ecb13bce,gx-no-cache=1488560246472 HTTP/1.1" 200 30
186.103.157.98 - - [03/Mar/2017:13:56:13 -0300] "POST /cormun/servlet/solicitudotadjuntos?06398b07e3b47afa2253ef973111608c,INS,2017,5147,,1,,gx-no-cache=1488560246514 HTTP/1.1" 200 3865
186.103.157.98 - - [03/Mar/2017:13:56:15 -0300] "POST /cormun/servlet/solicitudotadjuntos?gx-no-cache=1488560248475 HTTP/1.1" 200 26
201.246.238.190 - - [03/Mar/2017:13:56:17 -0300] "POST /cormun/servlet/trsolicitudot?0ac915fb7097cfe83e9c79fffbf73d9e,gx-no-cache=1488560199617,gx-no-cache=1488560243799 HTTP/1.1" 200 5423
201.246.238.190 - - [03/Mar/2017:13:56:20 -0300] "POST /cormun/servlet/trsolicitudot?0ac915fb7097cfe83e9c79fffbf73d9e,gx-no-cache=1488560199617,gx-no-cache=1488560247158 HTTP/1.1" 200 5423
186.103.156.211 - - [03/Mar/2017:13:56:31 -0300] "GET /cormun/servlet/solicitudot?INS,0,0, HTTP/1.1" 200 12779
186.103.156.211 - - [03/Mar/2017:13:56:32 -0300] "GET /cormun/servlet/solicitudot?INS,0,0, HTTP/1.1" 200 12784
186.103.157.98 - - [03/Mar/2017:13:56:34 -0300] "GET /cormun/servlet/solicitudotadjuntos?dd20ebbe4d24c9a63ce9f7f5a23e00c21f9e0564fa9e4eebf9d37396f455b43e,gx-no-cache=1488560267795 HTTP/1.1" 200 30
186.103.157.98 - - [03/Mar/2017:13:56:34 -0300] "GET /cormun/servlet/solicitudotadjuntos?dd20ebbe4d24c9a63ce9f7f5a23e00c21f9e0564fa9e4eebf9d37396f455b43e,gx-no-cache=1488560267860 HTTP/1.1" 200 30
186.103.157.98 - - [03/Mar/2017:13:56:38 -0300] "POST /cormun/servlet/solicitudotadjuntos?06398b07e3b47afa2253ef973111608c,INS,2017,5147,,1, HTTP/1.1" 200 6246
192.168.10.62 - - [03/Mar/2017:13:56:38 -0300] "GET /cormun/servlet/hlogin HTTP/1.1" 200 1720
186.103.157.98 - - [03/Mar/2017:13:56:38 -0300] "GET /home/sistema/apache-tomcat-7.0.65/webapps/cormun/PrivateTempStorage/upload_00008531.html HTTP/1.1" 404 1137
186.103.157.98 - - [03/Mar/2017:13:56:38 -0300] "GET /cormun/static/Shared/jqueryui/images/ui-bg_highlight-soft_100_c6c2c8_1x100.png HTTP/1.1" 404 1117
186.103.157.98 - - [03/Mar/2017:13:56:38 -0300] "GET /cormun/static/Shared/jqueryui/images/ui-icons_82798d_256x240.png HTTP/1.1" 404 1089
186.103.157.98 - - [03/Mar/2017:13:56:38 -0300] "GET /cormun/static/Shared/jqueryui/images/ui-bg_flat_55_994d53_40x100.png HTTP/1.1" 404 1097
186.103.157.98 - - [03/Mar/2017:13:56:38 -0300] "GET /cormun/static/Shared/jqueryui/images/ui-icons_ebccce_256x240.png HTTP/1.1" 404 1089
186.103.157.98 - - [03/Mar/2017:13:56:38 -0300] "GET /cormun/PrivateTempStorage/cedula_files/cb=gapi.loaded_3 HTTP/1.1" 404 1071
186.103.157.98 - - [03/Mar/2017:13:56:38 -0300] "GET /cormun/PrivateTempStorage/cedula_files/cb=gapi.loaded_2 HTTP/1.1" 404 1071
186.103.157.98 - - [03/Mar/2017:13:56:38 -0300] "GET /cormun/PrivateTempStorage/cedula_files/cb=gapi.loaded_0 HTTP/1.1" 404 1071
186.103.157.98 - - [03/Mar/2017:13:56:38 -0300] "GET /cormun/PrivateTempStorage/cedula_files/cb=gapi.loaded_1 HTTP/1.1" 404 1071
186.103.157.98 - - [03/Mar/2017:13:56:39 -0300] "GET /cormun/PrivateTempStorage/cedula_files/rs=AA2YrTtGyO8k9tPs2l5PfhvsgWlQp4uhmg HTTP/1.1" 404 1113
186.103.157.98 - - [03/Mar/2017:13:56:39 -0300] "GET /cormun/PrivateTempStorage/cedula_files/saved_resource.html HTTP/1.1" 404 1077
186.103.157.98 - - [03/Mar/2017:13:56:39 -0300] "GET /cormun/PrivateTempStorage/cedula_files/rs=AHGWq9BTScTzMJtuDfg0hOJhPzWnUwqLxw.html HTTP/1.1" 404 1123
186.103.157.98 - - [03/Mar/2017:13:56:39 -0300] "GET /cormun/PrivateTempStorage/cedula_files/saved_resource(8).html HTTP/1.1" 404 1083
186.103.157.98 - - [03/Mar/2017:13:56:39 -0300] "GET /cormun/PrivateTempStorage/cedula_files/saved_resource(9).html HTTP/1.1" 404 1083
186.103.157.98 - - [03/Mar/2017:13:56:39 -0300] "GET /cormun/PrivateTempStorage/cedula_files/widget.html HTTP/1.1" 404 1061
186.103.157.98 - - [03/Mar/2017:13:56:39 -0300] "GET /cormun/PrivateTempStorage/upload_00008531.html HTTP/1.1" 200 1779067
186.103.157.98 - - [03/Mar/2017:13:56:39 -0300] "GET /cormun/PrivateTempStorage/cedula_files/photo.jpg HTTP/1.1" 404 1057
186.103.157.98 - - [03/Mar/2017:13:56:39 -0300] "GET /cormun/PrivateTempStorage/cedula_files/logo.gif HTTP/1.1" 404 1055
186.103.157.98 - - [03/Mar/2017:13:56:39 -0300] "GET /cormun/PrivateTempStorage/cedula_files/cleardot.gif HTTP/1.1" 404 1063
186.103.157.98 - - [03/Mar/2017:13:56:39 -0300] "GET /cormun/PrivateTempStorage/cedula_files/frame2.html HTTP/1.1" 404 1061
186.103.157.98 - - [03/Mar/2017:13:56:39 -0300] "GET /cormun/PrivateTempStorage/cedula_files/cleardot(1).gif HTTP/1.1" 404 1069
186.103.157.98 - - [03/Mar/2017:13:56:39 -0300] "GET /cormun/PrivateTempStorage/cedula_files/load.html HTTP/1.1" 404 1057
186.103.157.98 - - [03/Mar/2017:13:56:39 -0300] "GET /cormun/PrivateTempStorage/cedula_files/icon_3_pdf_x16.png HTTP/1.1" 404 1075
186.103.157.98 - - [03/Mar/2017:13:56:39 -0300] "GET /cormun/PrivateTempStorage/cedula_files/cleardot.gif HTTP/1.1" 404 1063
186.103.157.98 - - [03/Mar/2017:13:56:39 -0300] "GET /cormun/PrivateTempStorage/cedula_files/saved_resource HTTP/1.1" 404 1067
186.103.157.98 - - [03/Mar/2017:13:56:39 -0300] "GET /cormun/PrivateTempStorage/cedula_files/profile_mask2.png HTTP/1.1" 404 1073
186.103.157.98 - - [03/Mar/2017:13:56:39 -0300] "GET /cormun/PrivateTempStorage/cedula_files/hovercard.html HTTP/1.1" 404 1067
186.103.157.98 - - [03/Mar/2017:13:56:39 -0300] "GET /cormun/PrivateTempStorage/cedula_files/postmessageRelay.html HTTP/1.1" 404 1081
186.103.157.98 - - [03/Mar/2017:13:56:39 -0300] "GET /cormun/PrivateTempStorage/cedula_files/proxy.html HTTP/1.1" 404 1059
186.103.157.98 - - [03/Mar/2017:13:56:39 -0300] "GET /cormun/PrivateTempStorage/cedula_files/frame.html HTTP/1.1" 404 1059
186.103.157.98 - - [03/Mar/2017:13:56:39 -0300] "GET /cormun/PrivateTempStorage/cedula_files/frame2(1).html HTTP/1.1" 404 1067
186.103.157.98 - - [03/Mar/2017:13:56:39 -0300] "GET /cormun/PrivateTempStorage/upload_00008531.html HTTP/1.1" 304 -
186.103.157.98 - - [03/Mar/2017:13:56:39 -0300] "GET /cormun/PrivateTempStorage/cedula_files/host-js HTTP/1.1" 404 1053
186.103.157.98 - - [03/Mar/2017:13:56:39 -0300] "GET /cormun/PrivateTempStorage/cedula_files/saved_resource(1) HTTP/1.1" 404 1073
186.103.157.98 - - [03/Mar/2017:13:56:39 -0300] "GET /cormun/PrivateTempStorage/cedula_files/saved_resource(2) HTTP/1.1" 404 1073
186.103.157.98 - - [03/Mar/2017:13:56:39 -0300] "GET /cormun/PrivateTempStorage/cedula_files/saved_resource(4) HTTP/1.1" 404 1073
186.103.157.98 - - [03/Mar/2017:13:56:39 -0300] "GET /cormun/PrivateTempStorage/cedula_files/saved_resource(5) HTTP/1.1" 404 1073
186.103.157.98 - - [03/Mar/2017:13:56:39 -0300] "GET /cormun/PrivateTempStorage/cedula_files/saved_resource(3) HTTP/1.1" 404 1073
186.103.157.98 - - [03/Mar/2017:13:56:39 -0300] "GET /cormun/PrivateTempStorage/cedula_files/saved_resource(6) HTTP/1.1" 404 1073
186.103.157.98 - - [03/Mar/2017:13:56:39 -0300] "GET /cormun/PrivateTempStorage/cedula_files/saved_resource(7) HTTP/1.1" 404 1073
186.103.157.98 - - [03/Mar/2017:13:56:39 -0300] "GET /cormun/PrivateTempStorage/cedula_files/no_photo.png HTTP/1.1" 404 1063
186.103.157.98 - - [03/Mar/2017:13:56:39 -0300] "GET /cormun/PrivateTempStorage/cedula_files/cb=gapi.loaded_3 HTTP/1.1" 404 1071
186.103.157.98 - - [03/Mar/2017:13:56:39 -0300] "GET /cormun/PrivateTempStorage/cedula_files/cb=gapi.loaded_2 HTTP/1.1" 404 1071
186.103.157.98 - - [03/Mar/2017:13:56:39 -0300] "GET /cormun/PrivateTempStorage/cedula_files/cb=gapi.loaded_1 HTTP/1.1" 404 1071
186.103.157.98 - - [03/Mar/2017:13:56:39 -0300] "GET /cormun/PrivateTempStorage/cedula_files/cb=gapi.loaded_0 HTTP/1.1" 404 1071
186.103.157.98 - - [03/Mar/2017:13:56:39 -0300] "GET /cormun/PrivateTempStorage/cedula_files/rs=AA2YrTtGyO8k9tPs2l5PfhvsgWlQp4uhmg HTTP/1.1" 404 1113
186.103.157.98 - - [03/Mar/2017:13:56:39 -0300] "GET /cormun/PrivateTempStorage/cedula_files/photo.jpg HTTP/1.1" 404 1057
186.103.157.98 - - [03/Mar/2017:13:56:39 -0300] "GET /cormun/PrivateTempStorage/cedula_files/cleardot.gif HTTP/1.1" 404 1063
186.103.157.98 - - [03/Mar/2017:13:56:39 -0300] "GET /cormun/PrivateTempStorage/cedula_files/logo.gif HTTP/1.1" 404 1055
186.103.157.98 - - [03/Mar/2017:13:56:39 -0300] "GET /cormun/PrivateTempStorage/cedula_files/saved_resource.html HTTP/1.1" 404 1077
186.103.157.98 - - [03/Mar/2017:13:56:39 -0300] "GET /cormun/PrivateTempStorage/cedula_files/cleardot(1).gif HTTP/1.1" 404 1069
186.103.157.98 - - [03/Mar/2017:13:56:39 -0300] "GET /cormun/PrivateTempStorage/cedula_files/saved_resource(8).html HTTP/1.1" 404 1083
186.103.157.98 - - [03/Mar/2017:13:56:39 -0300] "GET /cormun/PrivateTempStorage/cedula_files/host-js HTTP/1.1" 404 1053
186.103.157.98 - - [03/Mar/2017:13:56:39 -0300] "GET /cormun/PrivateTempStorage/cedula_files/profile_mask2.png HTTP/1.1" 404 1073
186.103.157.98 - - [03/Mar/2017:13:56:39 -0300] "GET /cormun/PrivateTempStorage/cedula_files/rs=AHGWq9BTScTzMJtuDfg0hOJhPzWnUwqLxw.html HTTP/1.1" 404 1123
186.103.157.98 - - [03/Mar/2017:13:56:39 -0300] "GET /cormun/PrivateTempStorage/cedula_files/saved_resource(9).html HTTP/1.1" 404 1083
186.103.157.98 - - [03/Mar/2017:13:56:39 -0300] "GET /cormun/PrivateTempStorage/cedula_files/widget.html HTTP/1.1" 404 1061
186.103.157.98 - - [03/Mar/2017:13:56:39 -0300] "GET /cormun/PrivateTempStorage/cedula_files/frame2.html HTTP/1.1" 404 1061
186.103.157.98 - - [03/Mar/2017:13:56:39 -0300] "GET /cormun/PrivateTempStorage/cedula_files/hovercard.html HTTP/1.1" 404 1067
186.103.157.98 - - [03/Mar/2017:13:56:39 -0300] "GET /cormun/PrivateTempStorage/cedula_files/load.html HTTP/1.1" 404 1057
186.103.157.98 - - [03/Mar/2017:13:56:39 -0300] "GET /cormun/PrivateTempStorage/cedula_files/postmessageRelay.html HTTP/1.1" 404 1081
186.103.157.98 - - [03/Mar/2017:13:56:39 -0300] "GET /cormun/PrivateTempStorage/cedula_files/proxy.html HTTP/1.1" 404 1059
186.103.157.98 - - [03/Mar/2017:13:56:39 -0300] "GET /cormun/PrivateTempStorage/cedula_files/frame.html HTTP/1.1" 404 1059
186.103.157.98 - - [03/Mar/2017:13:56:39 -0300] "GET /cormun/PrivateTempStorage/cedula_files/frame2(1).html HTTP/1.1" 404 1067
186.103.157.98 - - [03/Mar/2017:13:56:40 -0300] "GET /cormun/PrivateTempStorage/cedula_files/saved_resource(3) HTTP/1.1" 404 1073
186.103.157.98 - - [03/Mar/2017:13:56:40 -0300] "GET /cormun/PrivateTempStorage/cedula_files/saved_resource(1) HTTP/1.1" 404 1073
186.103.157.98 - - [03/Mar/2017:13:56:40 -0300] "GET /cormun/PrivateTempStorage/cedula_files/saved_resource(2) HTTP/1.1" 404 1073
186.103.157.98 - - [03/Mar/2017:13:56:40 -0300] "GET /cormun/PrivateTempStorage/cedula_files/saved_resource HTTP/1.1" 404 1067
186.103.157.98 - - [03/Mar/2017:13:56:40 -0300] "GET /cormun/PrivateTempStorage/cedula_files/icon_3_pdf_x16.png HTTP/1.1" 404 1075
186.103.157.98 - - [03/Mar/2017:13:56:40 -0300] "GET /cormun/PrivateTempStorage/cedula_files/saved_resource(4) HTTP/1.1" 404 1073
186.103.157.98 - - [03/Mar/2017:13:56:40 -0300] "GET /cormun/PrivateTempStorage/cedula_files/saved_resource(5) HTTP/1.1" 404 1073
186.103.157.98 - - [03/Mar/2017:13:56:40 -0300] "GET /cormun/PrivateTempStorage/cedula_files/saved_resource(6) HTTP/1.1" 404 1073
186.103.157.98 - - [03/Mar/2017:13:56:40 -0300] "GET /cormun/PrivateTempStorage/cedula_files/proxy(1).html HTTP/1.1" 404 1065
186.103.157.98 - - [03/Mar/2017:13:56:40 -0300] "GET /cormun/PrivateTempStorage/cedula_files/saved_resource(7) HTTP/1.1" 404 1073
186.103.157.98 - - [03/Mar/2017:13:56:40 -0300] "GET /cormun/PrivateTempStorage/cedula_files/saved_resource(10).html HTTP/1.1" 404 1085
186.103.157.98 - - [03/Mar/2017:13:56:40 -0300] "GET /cormun/PrivateTempStorage/cedula_files/no_photo.png HTTP/1.1" 404 1063
192.168.10.62 - - [03/Mar/2017:13:56:50 -0300] "POST /cormun/servlet/hlogin?69ec9fa26a7a19bd9e88ea2a35955c8f,gx-no-cache=1488563495807 HTTP/1.1" 200 90
192.168.10.62 - - [03/Mar/2017:13:56:50 -0300] "GET /cormun/servlet/hpexe_link HTTP/1.1" 200 953
192.168.10.62 - - [03/Mar/2017:13:56:51 -0300] "GET /cormun/servlet/hhome HTTP/1.1" 200 3750
192.168.10.62 - - [03/Mar/2017:13:56:51 -0300] "GET /cormun/static/gxcfg.js?201612218515568 HTTP/1.1" 304 -
192.168.10.62 - - [03/Mar/2017:13:56:51 -0300] "GET /cormun/servlet/hhome HTTP/1.1" 200 3747
186.103.156.211 - - [03/Mar/2017:13:56:52 -0300] "POST /cormun/servlet/solicitudot?gx-no-cache=1488560283965 HTTP/1.1" 200 3192
186.103.156.211 - - [03/Mar/2017:13:56:53 -0300] "POST /cormun/servlet/solicitudot?e57826f31b56b854d36053a0b5fe2f2b,INS,0,0,,gx-no-cache=1488560284510 HTTP/1.1" 200 9958
192.168.10.62 - - [03/Mar/2017:13:56:56 -0300] "GET /cormun/servlet/trconsultaempleado? HTTP/1.1" 200 8809
192.168.10.62 - - [03/Mar/2017:13:56:58 -0300] "GET /cormun/servlet/trconsultaempleado? HTTP/1.1" 200 8808
186.103.157.98 - - [03/Mar/2017:13:56:59 -0300] "GET /cormun/servlet/solicitudotadjuntos?INS,2017,5147,,1, HTTP/1.1" 200 6039
186.103.157.98 - - [03/Mar/2017:13:56:59 -0300] "GET /cormun/servlet/solicitudotadjuntos?INS,2017,5147,,1, HTTP/1.1" 200 6033
186.103.157.98 - - [03/Mar/2017:13:57:00 -0300] "GET /cormun/servlet/solicitudotadjuntos?dd20ebbe4d24c9a63ce9f7f5a23e00c26ce2f9d2800626452ca0524a0e415f8d83d317d02055ee0c831f4458ecb13bce,gx-no-cache=1488560293336 HTTP/1.1" 200 30
186.103.157.98 - - [03/Mar/2017:13:57:00 -0300] "POST /cormun/servlet/solicitudotadjuntos?06398b07e3b47afa2253ef973111608c,INS,2017,5147,,1,,gx-no-cache=1488560293434 HTTP/1.1" 200 3865
186.103.157.98 - - [03/Mar/2017:13:57:04 -0300] "POST /cormun/servlet/solicitudotadjuntos?gx-no-cache=1488560297134 HTTP/1.1" 200 26
192.168.10.62 - - [03/Mar/2017:13:57:18 -0300] "POST /cormun/servlet/trconsultaempleado?69ec9fa26a7a19bd9e88ea2a35955c8f,,gx-no-cache=1488563523882 HTTP/1.1" 200 3982
192.168.10.62 - - [03/Mar/2017:13:57:21 -0300] "GET /cormun/servlet/trsolicitudnombre?14332121, HTTP/1.1" 200 5683
192.168.10.62 - - [03/Mar/2017:13:57:22 -0300] "GET /cormun/servlet/trsolicitudnombre?14332121, HTTP/1.1" 200 5684
192.168.10.89 - - [03/Mar/2017:13:57:26 -0300] "POST /cormun/servlet/trsolicitudgral?a6764846498ada7ec80288093a4cd4a7,gx-no-cache=1488551406039,gx-no-cache=1488563531615 HTTP/1.1" 200 8905
192.168.10.62 - - [03/Mar/2017:13:57:26 -0300] "POST /cormun/servlet/trsolicitudnombre?69ec9fa26a7a19bd9e88ea2a35955c8f,14332121,,gx-no-cache=1488563531857 HTTP/1.1" 200 90
201.246.238.190 - - [03/Mar/2017:13:57:26 -0300] "POST /cormun/servlet/trsolicitudot?0ac915fb7097cfe83e9c79fffbf73d9e,gx-no-cache=1488560199617,gx-no-cache=1488560313355 HTTP/1.1" 200 5423
192.168.10.62 - - [03/Mar/2017:13:57:26 -0300] "GET /cormun/servlet/hpexe_link HTTP/1.1" 200 978
192.168.10.62 - - [03/Mar/2017:13:57:27 -0300] "GET /cormun/servlet/trconsultaempleado? HTTP/1.1" 200 6159
192.168.10.62 - - [03/Mar/2017:13:57:27 -0300] "GET /cormun/servlet/trconsultaempleado? HTTP/1.1" 200 6157
192.168.10.62 - - [03/Mar/2017:13:57:30 -0300] "GET /cormun/servlet/trsolicitudnombre?14332121, HTTP/1.1" 200 5684
192.168.10.62 - - [03/Mar/2017:13:57:31 -0300] "GET /cormun/servlet/trsolicitudnombre?14332121, HTTP/1.1" 200 5684
186.103.157.98 - - [03/Mar/2017:13:57:31 -0300] "POST /cormun/servlet/solicitudotadjuntos?gx-no-cache=1488560324789 HTTP/1.1" 200 26
201.246.238.190 - - [03/Mar/2017:13:57:32 -0300] "GET /cormun/servlet/trsolicitudot?gx-no-cache=1488560199617 HTTP/1.1" 200 8235
201.246.238.190 - - [03/Mar/2017:13:57:32 -0300] "GET /cormun/servlet/trsolicitudot?gx-no-cache=1488560199617 HTTP/1.1" 200 8254
201.246.238.190 - - [03/Mar/2017:13:57:32 -0300] "GET /favicon.ico HTTP/1.1" 200 21630
201.246.238.190 - - [03/Mar/2017:13:57:38 -0300] "POST /cormun/servlet/trsolicitudot?0ac915fb7097cfe83e9c79fffbf73d9e,gx-no-cache=1488560199617,gx-no-cache=1488560325187 HTTP/1.1" 200 6716
186.103.157.98 - - [03/Mar/2017:13:57:47 -0300] "GET /cormun/servlet/solicitudotadjuntos?dd20ebbe4d24c9a63ce9f7f5a23e00c21f9e0564fa9e4eebf9d37396f455b43e,gx-no-cache=1488560340721 HTTP/1.1" 200 30
186.103.157.98 - - [03/Mar/2017:13:57:47 -0300] "GET /cormun/servlet/solicitudotadjuntos?dd20ebbe4d24c9a63ce9f7f5a23e00c21f9e0564fa9e4eebf9d37396f455b43e,gx-no-cache=1488560340749 HTTP/1.1" 200 30
186.103.157.98 - - [03/Mar/2017:13:57:48 -0300] "POST /cormun/servlet/solicitudotadjuntos?06398b07e3b47afa2253ef973111608c,INS,2017,5147,,1, HTTP/1.1" 200 116
186.103.157.98 - - [03/Mar/2017:13:57:48 -0300] "GET /cormun/servlet/hpexe_return? HTTP/1.1" 200 1025
186.103.157.98 - - [03/Mar/2017:13:57:48 -0300] "GET /cormun/servlet/trsolicitudadjuntos?2017,5147, HTTP/1.1" 200 8273
186.103.157.98 - - [03/Mar/2017:13:57:48 -0300] "GET /cormun/servlet/trsolicitudadjuntos?2017,5147, HTTP/1.1" 200 8268
186.103.157.98 - - [03/Mar/2017:13:57:52 -0300] "GET /cormun/servlet/solicitudotadjuntos?INS,2017,5147,,1, HTTP/1.1" 200 6039
186.103.157.98 - - [03/Mar/2017:13:57:53 -0300] "GET /cormun/static/about:blank HTTP/1.1" 404 1011
186.103.157.98 - - [03/Mar/2017:13:57:53 -0300] "GET /cormun/servlet/solicitudotadjuntos?INS,2017,5147,,1, HTTP/1.1" 200 6033
186.103.157.98 - - [03/Mar/2017:13:57:53 -0300] "GET /cormun/servlet/solicitudotadjuntos?dd20ebbe4d24c9a63ce9f7f5a23e00c26ce2f9d2800626452ca0524a0e415f8d83d317d02055ee0c831f4458ecb13bce,gx-no-cache=1488560346575 HTTP/1.1" 200 30
186.103.157.98 - - [03/Mar/2017:13:57:53 -0300] "POST /cormun/servlet/solicitudotadjuntos?06398b07e3b47afa2253ef973111608c,INS,2017,5147,,1,,gx-no-cache=1488560346659 HTTP/1.1" 200 3864
201.246.238.190 - - [03/Mar/2017:13:57:55 -0300] "POST /cormun/servlet/trsolicitudot?0ac915fb7097cfe83e9c79fffbf73d9e,gx-no-cache=1488560199617,gx-no-cache=1488560341661 HTTP/1.1" 200 4146
186.103.157.98 - - [03/Mar/2017:13:57:57 -0300] "POST /cormun/servlet/solicitudotadjuntos?gx-no-cache=1488560350691 HTTP/1.1" 200 26
201.246.238.190 - - [03/Mar/2017:13:58:00 -0300] "POST /cormun/servlet/trsolicitudot?0ac915fb7097cfe83e9c79fffbf73d9e,gx-no-cache=1488560199617,gx-no-cache=1488560347669 HTTP/1.1" 200 4147
186.103.156.211 - - [03/Mar/2017:13:58:06 -0300] "GET /cormun/servlet/solicitudot?48ffcfd3a90bc9b99a0c0135d3fab595343325b20239832c52dd9ceb5448373b34ddb6109a410016eb01da599b6b996e,gx-no-cache=1488560358091 HTTP/1.1" 200 30
186.103.156.211 - - [03/Mar/2017:13:58:06 -0300] "POST /cormun/servlet/solicitudot?gx-no-cache=1488560358278 HTTP/1.1" 200 256
201.246.238.190 - - [03/Mar/2017:13:58:06 -0300] "POST /cormun/servlet/trsolicitudot?0ac915fb7097cfe83e9c79fffbf73d9e,gx-no-cache=1488560199617,gx-no-cache=1488560353667 HTTP/1.1" 200 4146
186.103.156.211 - - [03/Mar/2017:13:58:07 -0300] "GET /cormun/servlet/solicitudot?48ffcfd3a90bc9b99a0c0135d3fab59532c58bef294276bf4b0213c62b47bacf6246d6864134d34b9cbda69e4f16530f5e7d5f445e8df6d2259f81a4bd0c18fdb29915102931f1298ed5f6417fbdb25bf0dd98f19ab825f8c2aede035837ab83ed4787c009b7d52d2cdd60e431dbe171b170adb8478290aeab991da2e77c8c433b91283da59602810b20f1fb2b5d4e50c6e66026c94fedbab48bab05129639a65288081ef9754190be222c0f678bbc88cedaeb03034d6f4cb542e246aa3155847fc948f51ce95e0fb8c498e6d38d702558929cdb157daf6dcec339fbced268e78b0e37368798c8d6460fb35b72f866d3e8f97d4597cd4f7e63c147ca8d1220eceaf2c086a0ba3f59a76d9613adfb941af99a0da150766cdf232748f7f72035b9dc58ed3569c77c49004fc58cebd43e009ba70f39dc58c19d342e4847cc955ddf37ecd28c267b1cc115623ea794d3c1e9a483b4c05e7bf63f234fb294500a5c981555f79a521ae0588bfd173a2a8f4123b32803815ebfb99a73c6f1b1834a79a2,gx-no-cache=1488560358389 HTTP/1.1" 200 30
186.103.157.98 - - [03/Mar/2017:13:58:11 -0300] "GET /cormun/servlet/solicitudotadjuntos?dd20ebbe4d24c9a63ce9f7f5a23e00c21f9e0564fa9e4eebf9d37396f455b43e,gx-no-cache=1488560364936 HTTP/1.1" 200 30
186.103.157.98 - - [03/Mar/2017:13:58:11 -0300] "GET /cormun/servlet/solicitudotadjuntos?dd20ebbe4d24c9a63ce9f7f5a23e00c21f9e0564fa9e4eebf9d37396f455b43e,gx-no-cache=1488560364979 HTTP/1.1" 200 30
186.103.157.98 - - [03/Mar/2017:13:58:12 -0300] "POST /cormun/servlet/solicitudotadjuntos?06398b07e3b47afa2253ef973111608c,INS,2017,5147,,1, HTTP/1.1" 200 116
186.103.157.98 - - [03/Mar/2017:13:58:12 -0300] "GET /cormun/servlet/hpexe_return? HTTP/1.1" 200 1025
186.103.157.98 - - [03/Mar/2017:13:58:12 -0300] "GET /cormun/servlet/trsolicitudadjuntos?2017,5147, HTTP/1.1" 200 8459
186.103.157.98 - - [03/Mar/2017:13:58:12 -0300] "GET /cormun/servlet/trsolicitudadjuntos?2017,5147, HTTP/1.1" 200 8459
186.103.156.211 - - [03/Mar/2017:13:58:13 -0300] "POST /cormun/servlet/solicitudot?gx-no-cache=1488560364524 HTTP/1.1" 200 30
201.246.238.190 - - [03/Mar/2017:13:58:13 -0300] "POST /cormun/servlet/trsolicitudot?0ac915fb7097cfe83e9c79fffbf73d9e,gx-no-cache=1488560199617,gx-no-cache=1488560360090 HTTP/1.1" 200 4145
186.103.157.98 - - [03/Mar/2017:13:58:17 -0300] "GET /cormun/servlet/solicitudotadjuntos?INS,2017,5147,,1, HTTP/1.1" 200 6039
186.103.157.98 - - [03/Mar/2017:13:58:18 -0300] "GET /cormun/static/about:blank HTTP/1.1" 404 1011
186.103.157.98 - - [03/Mar/2017:13:58:18 -0300] "GET /cormun/servlet/solicitudotadjuntos?INS,2017,5147,,1, HTTP/1.1" 200 6033
186.103.157.98 - - [03/Mar/2017:13:58:18 -0300] "GET /cormun/servlet/solicitudotadjuntos?dd20ebbe4d24c9a63ce9f7f5a23e00c26ce2f9d2800626452ca0524a0e415f8d83d317d02055ee0c831f4458ecb13bce,gx-no-cache=1488560371566 HTTP/1.1" 200 30
186.103.157.98 - - [03/Mar/2017:13:58:18 -0300] "POST /cormun/servlet/solicitudotadjuntos?06398b07e3b47afa2253ef973111608c,INS,2017,5147,,1,,gx-no-cache=1488560371645 HTTP/1.1" 200 3865
201.246.238.190 - - [03/Mar/2017:13:58:20 -0300] "POST /cormun/servlet/trsolicitudot?0ac915fb7097cfe83e9c79fffbf73d9e,gx-no-cache=1488560199617,gx-no-cache=1488560366724 HTTP/1.1" 200 4146
186.103.157.98 - - [03/Mar/2017:13:58:21 -0300] "POST /cormun/servlet/solicitudotadjuntos?gx-no-cache=1488560374630 HTTP/1.1" 200 26
201.246.238.190 - - [03/Mar/2017:13:58:23 -0300] "POST /cormun/servlet/trsolicitudot?0ac915fb7097cfe83e9c79fffbf73d9e,gx-no-cache=1488560199617,gx-no-cache=1488560370323 HTTP/1.1" 200 5446
186.103.156.211 - - [03/Mar/2017:13:58:28 -0300] "POST /cormun/servlet/solicitudot?gx-no-cache=1488560379419 HTTP/1.1" 200 235
201.246.238.190 - - [03/Mar/2017:13:58:28 -0300] "POST /cormun/servlet/trsolicitudot?0ac915fb7097cfe83e9c79fffbf73d9e,gx-no-cache=1488560199617,gx-no-cache=1488560374749 HTTP/1.1" 200 5423
186.103.156.211 - - [03/Mar/2017:13:58:28 -0300] "POST /cormun/servlet/solicitudot?gx-no-cache=1488560379513 HTTP/1.1" 200 38
186.103.156.211 - - [03/Mar/2017:13:58:33 -0300] "GET /cormun/servlet/solicitudot?48ffcfd3a90bc9b99a0c0135d3fab59519bbf3937259a0c134b245e3eacce9c3d170f99a2998ccb0d4625c82fcf8198a516fa2ead961b04e07f714b517f8c213bdf368ae98ad9bdf95c6c7ec0aeafd3130095d607b5b7ef21392a56efb6f14c659aa5fa0fe2101d521220fa6d6b843eb,gx-no-cache=1488560384489 HTTP/1.1" 200 29
186.103.156.211 - - [03/Mar/2017:13:58:33 -0300] "POST /cormun/servlet/solicitudot?gx-no-cache=1488560384561 HTTP/1.1" 200 643
186.103.156.211 - - [03/Mar/2017:13:58:35 -0300] "POST /cormun/servlet/solicitudot?gx-no-cache=1488560387374 HTTP/1.1" 200 1157
186.103.157.98 - - [03/Mar/2017:13:58:37 -0300] "GET /cormun/servlet/solicitudotadjuntos?dd20ebbe4d24c9a63ce9f7f5a23e00c21f9e0564fa9e4eebf9d37396f455b43e,gx-no-cache=1488560390047 HTTP/1.1" 200 30
186.103.157.98 - - [03/Mar/2017:13:58:37 -0300] "GET /cormun/servlet/solicitudotadjuntos?dd20ebbe4d24c9a63ce9f7f5a23e00c21f9e0564fa9e4eebf9d37396f455b43e,gx-no-cache=1488560390080 HTTP/1.1" 200 30
186.103.157.98 - - [03/Mar/2017:13:58:37 -0300] "POST /cormun/servlet/solicitudotadjuntos?06398b07e3b47afa2253ef973111608c,INS,2017,5147,,1, HTTP/1.1" 200 116
186.103.157.98 - - [03/Mar/2017:13:58:37 -0300] "GET /cormun/servlet/hpexe_return? HTTP/1.1" 200 1025
186.103.157.98 - - [03/Mar/2017:13:58:37 -0300] "GET /cormun/servlet/trsolicitudadjuntos?2017,5147, HTTP/1.1" 200 8620
186.103.157.98 - - [03/Mar/2017:13:58:37 -0300] "GET /cormun/servlet/trsolicitudadjuntos?2017,5147, HTTP/1.1" 200 8617
186.103.157.98 - - [03/Mar/2017:13:58:42 -0300] "GET /cormun/servlet/solicitudotadjuntos?INS,2017,5147,,1, HTTP/1.1" 200 6039
186.103.157.98 - - [03/Mar/2017:13:58:43 -0300] "GET /cormun/static/about:blank HTTP/1.1" 404 1011
186.103.157.98 - - [03/Mar/2017:13:58:43 -0300] "GET /cormun/servlet/solicitudotadjuntos?INS,2017,5147,,1, HTTP/1.1" 200 6033
186.103.157.98 - - [03/Mar/2017:13:58:43 -0300] "GET /cormun/servlet/solicitudotadjuntos?dd20ebbe4d24c9a63ce9f7f5a23e00c26ce2f9d2800626452ca0524a0e415f8d83d317d02055ee0c831f4458ecb13bce,gx-no-cache=1488560396546 HTTP/1.1" 200 30
186.103.157.98 - - [03/Mar/2017:13:58:43 -0300] "POST /cormun/servlet/solicitudotadjuntos?06398b07e3b47afa2253ef973111608c,INS,2017,5147,,1,,gx-no-cache=1488560396624 HTTP/1.1" 200 3865
186.103.157.98 - - [03/Mar/2017:13:58:47 -0300] "POST /cormun/servlet/solicitudotadjuntos?gx-no-cache=1488560400789 HTTP/1.1" 200 26
186.103.157.98 - - [03/Mar/2017:13:58:57 -0300] "GET /cormun/servlet/solicitudotadjuntos?dd20ebbe4d24c9a63ce9f7f5a23e00c21f9e0564fa9e4eebf9d37396f455b43e,gx-no-cache=1488560410495 HTTP/1.1" 200 30
186.103.157.98 - - [03/Mar/2017:13:58:57 -0300] "GET /cormun/servlet/solicitudotadjuntos?dd20ebbe4d24c9a63ce9f7f5a23e00c21f9e0564fa9e4eebf9d37396f455b43e,gx-no-cache=1488560410539 HTTP/1.1" 200 30
186.103.157.98 - - [03/Mar/2017:13:58:57 -0300] "POST /cormun/servlet/solicitudotadjuntos?06398b07e3b47afa2253ef973111608c,INS,2017,5147,,1, HTTP/1.1" 200 116
186.103.157.98 - - [03/Mar/2017:13:58:58 -0300] "GET /cormun/servlet/hpexe_return? HTTP/1.1" 200 1025
186.103.157.98 - - [03/Mar/2017:13:58:58 -0300] "GET /cormun/servlet/trsolicitudadjuntos?2017,5147, HTTP/1.1" 200 8786
186.103.157.98 - - [03/Mar/2017:13:58:58 -0300] "GET /cormun/servlet/trsolicitudadjuntos?2017,5147, HTTP/1.1" 200 8786
186.103.157.98 - - [03/Mar/2017:13:59:03 -0300] "GET /cormun/servlet/solicitudotadjuntos?INS,2017,5147,,1, HTTP/1.1" 200 6039
186.103.157.98 - - [03/Mar/2017:13:59:03 -0300] "GET /cormun/static/about:blank HTTP/1.1" 404 1011
186.103.157.98 - - [03/Mar/2017:13:59:03 -0300] "GET /cormun/servlet/solicitudotadjuntos?INS,2017,5147,,1, HTTP/1.1" 200 6033
186.103.157.98 - - [03/Mar/2017:13:59:04 -0300] "GET /cormun/servlet/solicitudotadjuntos?dd20ebbe4d24c9a63ce9f7f5a23e00c26ce2f9d2800626452ca0524a0e415f8d83d317d02055ee0c831f4458ecb13bce,gx-no-cache=1488560417093 HTTP/1.1" 200 30
186.103.157.98 - - [03/Mar/2017:13:59:04 -0300] "POST /cormun/servlet/solicitudotadjuntos?06398b07e3b47afa2253ef973111608c,INS,2017,5147,,1,,gx-no-cache=1488560417156 HTTP/1.1" 200 3865
186.103.157.98 - - [03/Mar/2017:13:59:07 -0300] "POST /cormun/servlet/solicitudotadjuntos?gx-no-cache=1488560420773 HTTP/1.1" 200 26
186.103.157.98 - - [03/Mar/2017:13:59:26 -0300] "GET /cormun/servlet/solicitudotadjuntos?dd20ebbe4d24c9a63ce9f7f5a23e00c21f9e0564fa9e4eebf9d37396f455b43e,gx-no-cache=1488560439269 HTTP/1.1" 200 30
186.103.157.98 - - [03/Mar/2017:13:59:26 -0300] "GET /cormun/servlet/solicitudotadjuntos?dd20ebbe4d24c9a63ce9f7f5a23e00c21f9e0564fa9e4eebf9d37396f455b43e,gx-no-cache=1488560439340 HTTP/1.1" 200 30
186.103.157.98 - - [03/Mar/2017:13:59:26 -0300] "POST /cormun/servlet/solicitudotadjuntos?06398b07e3b47afa2253ef973111608c,INS,2017,5147,,1, HTTP/1.1" 200 116
186.103.157.98 - - [03/Mar/2017:13:59:26 -0300] "GET /cormun/servlet/hpexe_return? HTTP/1.1" 200 1025
186.103.157.98 - - [03/Mar/2017:13:59:26 -0300] "GET /cormun/servlet/trsolicitudadjuntos?2017,5147, HTTP/1.1" 200 8981
186.103.157.98 - - [03/Mar/2017:13:59:27 -0300] "GET /cormun/servlet/trsolicitudadjuntos?2017,5147, HTTP/1.1" 200 8980
186.103.156.211 - - [03/Mar/2017:13:59:28 -0300] "POST /cormun/servlet/solicitudot?gx-no-cache=1488560439892 HTTP/1.1" 200 1273
186.103.156.211 - - [03/Mar/2017:13:59:28 -0300] "POST /cormun/servlet/solicitudot?gx-no-cache=1488560440079 HTTP/1.1" 200 1157
186.103.157.98 - - [03/Mar/2017:13:59:54 -0300] "GET /cormun/servlet/solicitudotadjuntos?INS,2017,5147,,1, HTTP/1.1" 200 6039
186.103.157.98 - - [03/Mar/2017:13:59:54 -0300] "GET /cormun/static/about:blank HTTP/1.1" 404 1011
186.103.157.98 - - [03/Mar/2017:13:59:54 -0300] "GET /cormun/servlet/solicitudotadjuntos?INS,2017,5147,,1, HTTP/1.1" 200 6033
186.103.157.98 - - [03/Mar/2017:13:59:55 -0300] "GET /cormun/servlet/solicitudotadjuntos?dd20ebbe4d24c9a63ce9f7f5a23e00c26ce2f9d2800626452ca0524a0e415f8d83d317d02055ee0c831f4458ecb13bce,gx-no-cache=1488560468037 HTTP/1.1" 200 30
186.103.157.98 - - [03/Mar/2017:13:59:55 -0300] "POST /cormun/servlet/solicitudotadjuntos?06398b07e3b47afa2253ef973111608c,INS,2017,5147,,1,,gx-no-cache=1488560468398 HTTP/1.1" 200 3865
186.103.157.98 - - [03/Mar/2017:14:00:02 -0300] "POST /cormun/servlet/solicitudotadjuntos?gx-no-cache=1488560475243 HTTP/1.1" 200 26
186.103.157.98 - - [03/Mar/2017:14:00:08 -0300] "GET /cormun/servlet/solicitudotadjuntos?dd20ebbe4d24c9a63ce9f7f5a23e00c21f9e0564fa9e4eebf9d37396f455b43e,gx-no-cache=1488560481901 HTTP/1.1" 200 30
186.103.157.98 - - [03/Mar/2017:14:00:08 -0300] "GET /cormun/servlet/solicitudotadjuntos?dd20ebbe4d24c9a63ce9f7f5a23e00c21f9e0564fa9e4eebf9d37396f455b43e,gx-no-cache=1488560481930 HTTP/1.1" 200 30
186.103.157.98 - - [03/Mar/2017:14:00:09 -0300] "POST /cormun/servlet/solicitudotadjuntos?06398b07e3b47afa2253ef973111608c,INS,2017,5147,,1, HTTP/1.1" 200 6242
186.103.157.98 - - [03/Mar/2017:14:00:09 -0300] "GET /home/sistema/apache-tomcat-7.0.65/webapps/cormun/PrivateTempStorage/upload_00008603.html HTTP/1.1" 404 1137
186.103.157.98 - - [03/Mar/2017:14:00:10 -0300] "GET /cormun/static/Shared/jqueryui/images/ui-bg_highlight-soft_100_c6c2c8_1x100.png HTTP/1.1" 404 1117
186.103.157.98 - - [03/Mar/2017:14:00:10 -0300] "GET /cormun/static/Shared/jqueryui/images/ui-icons_82798d_256x240.png HTTP/1.1" 404 1089
186.103.157.98 - - [03/Mar/2017:14:00:10 -0300] "GET /cormun/static/Shared/jqueryui/images/ui-bg_flat_55_994d53_40x100.png HTTP/1.1" 404 1097
186.103.157.98 - - [03/Mar/2017:14:00:10 -0300] "GET /cormun/static/Shared/jqueryui/images/ui-icons_ebccce_256x240.png HTTP/1.1" 404 1089
186.103.157.98 - - [03/Mar/2017:14:00:10 -0300] "GET /cormun/PrivateTempStorage/cedula_files/cb=gapi.loaded_3 HTTP/1.1" 404 1071
186.103.157.98 - - [03/Mar/2017:14:00:10 -0300] "GET /cormun/PrivateTempStorage/cedula_files/cb=gapi.loaded_2 HTTP/1.1" 404 1071
186.103.157.98 - - [03/Mar/2017:14:00:10 -0300] "GET /cormun/PrivateTempStorage/cedula_files/cb=gapi.loaded_1 HTTP/1.1" 404 1071
186.103.157.98 - - [03/Mar/2017:14:00:10 -0300] "GET /cormun/PrivateTempStorage/cedula_files/cb=gapi.loaded_0 HTTP/1.1" 404 1071
186.103.157.98 - - [03/Mar/2017:14:00:10 -0300] "GET /cormun/PrivateTempStorage/cedula_files/rs=AA2YrTtGyO8k9tPs2l5PfhvsgWlQp4uhmg HTTP/1.1" 404 1113
186.103.157.98 - - [03/Mar/2017:14:00:10 -0300] "GET /cormun/PrivateTempStorage/cedula_files/saved_resource.html HTTP/1.1" 404 1077
186.103.157.98 - - [03/Mar/2017:14:00:10 -0300] "GET /cormun/PrivateTempStorage/cedula_files/rs=AHGWq9BTScTzMJtuDfg0hOJhPzWnUwqLxw.html HTTP/1.1" 404 1123
186.103.157.98 - - [03/Mar/2017:14:00:10 -0300] "GET /cormun/PrivateTempStorage/cedula_files/saved_resource(8).html HTTP/1.1" 404 1083
186.103.157.98 - - [03/Mar/2017:14:00:10 -0300] "GET /cormun/PrivateTempStorage/cedula_files/saved_resource(9).html HTTP/1.1" 404 1083
186.103.157.98 - - [03/Mar/2017:14:00:10 -0300] "GET /cormun/PrivateTempStorage/cedula_files/widget.html HTTP/1.1" 404 1061
186.103.157.98 - - [03/Mar/2017:14:00:10 -0300] "GET /cormun/PrivateTempStorage/cedula_files/photo.jpg HTTP/1.1" 404 1057
186.103.157.98 - - [03/Mar/2017:14:00:10 -0300] "GET /cormun/PrivateTempStorage/cedula_files/logo.gif HTTP/1.1" 404 1055
186.103.157.98 - - [03/Mar/2017:14:00:10 -0300] "GET /cormun/PrivateTempStorage/cedula_files/cleardot.gif HTTP/1.1" 404 1063
186.103.157.98 - - [03/Mar/2017:14:00:10 -0300] "GET /cormun/PrivateTempStorage/upload_00008603.html HTTP/1.1" 200 1779067
186.103.157.98 - - [03/Mar/2017:14:00:10 -0300] "GET /cormun/PrivateTempStorage/cedula_files/load.html HTTP/1.1" 404 1057
186.103.157.98 - - [03/Mar/2017:14:00:10 -0300] "GET /cormun/PrivateTempStorage/cedula_files/frame2.html HTTP/1.1" 404 1061
186.103.157.98 - - [03/Mar/2017:14:00:10 -0300] "GET /cormun/PrivateTempStorage/cedula_files/cleardot(1).gif HTTP/1.1" 404 1069
186.103.157.98 - - [03/Mar/2017:14:00:10 -0300] "GET /cormun/PrivateTempStorage/cedula_files/saved_resource HTTP/1.1" 404 1067
186.103.157.98 - - [03/Mar/2017:14:00:10 -0300] "GET /cormun/PrivateTempStorage/cedula_files/cleardot.gif HTTP/1.1" 404 1063
186.103.157.98 - - [03/Mar/2017:14:00:10 -0300] "GET /cormun/PrivateTempStorage/cedula_files/profile_mask2.png HTTP/1.1" 404 1073
186.103.157.98 - - [03/Mar/2017:14:00:10 -0300] "GET /cormun/PrivateTempStorage/cedula_files/icon_3_pdf_x16.png HTTP/1.1" 404 1075
186.103.157.98 - - [03/Mar/2017:14:00:10 -0300] "GET /cormun/PrivateTempStorage/upload_00008603.html HTTP/1.1" 304 -
186.103.157.98 - - [03/Mar/2017:14:00:10 -0300] "GET /cormun/PrivateTempStorage/cedula_files/host-js HTTP/1.1" 404 1053
186.103.157.98 - - [03/Mar/2017:14:00:10 -0300] "GET /cormun/PrivateTempStorage/cedula_files/saved_resource(1) HTTP/1.1" 404 1073
186.103.157.98 - - [03/Mar/2017:14:00:10 -0300] "GET /cormun/PrivateTempStorage/cedula_files/saved_resource(2) HTTP/1.1" 404 1073
186.103.157.98 - - [03/Mar/2017:14:00:10 -0300] "GET /cormun/PrivateTempStorage/cedula_files/postmessageRelay.html HTTP/1.1" 404 1081
186.103.157.98 - - [03/Mar/2017:14:00:10 -0300] "GET /cormun/PrivateTempStorage/cedula_files/proxy.html HTTP/1.1" 404 1059
186.103.157.98 - - [03/Mar/2017:14:00:10 -0300] "GET /cormun/PrivateTempStorage/cedula_files/hovercard.html HTTP/1.1" 404 1067
186.103.157.98 - - [03/Mar/2017:14:00:10 -0300] "GET /cormun/PrivateTempStorage/cedula_files/frame2(1).html HTTP/1.1" 404 1067
186.103.157.98 - - [03/Mar/2017:14:00:10 -0300] "GET /cormun/PrivateTempStorage/cedula_files/frame.html HTTP/1.1" 404 1059
186.103.157.98 - - [03/Mar/2017:14:00:10 -0300] "GET /cormun/PrivateTempStorage/cedula_files/saved_resource(3) HTTP/1.1" 404 1073
186.103.157.98 - - [03/Mar/2017:14:00:10 -0300] "GET /cormun/PrivateTempStorage/cedula_files/saved_resource(4) HTTP/1.1" 404 1073
186.103.157.98 - - [03/Mar/2017:14:00:10 -0300] "GET /cormun/PrivateTempStorage/cedula_files/saved_resource(6) HTTP/1.1" 404 1073
186.103.157.98 - - [03/Mar/2017:14:00:10 -0300] "GET /cormun/PrivateTempStorage/cedula_files/saved_resource(7) HTTP/1.1" 404 1073
186.103.157.98 - - [03/Mar/2017:14:00:10 -0300] "GET /cormun/PrivateTempStorage/cedula_files/cb=gapi.loaded_3 HTTP/1.1" 404 1071
186.103.157.98 - - [03/Mar/2017:14:00:10 -0300] "GET /cormun/PrivateTempStorage/cedula_files/cb=gapi.loaded_2 HTTP/1.1" 404 1071
186.103.157.98 - - [03/Mar/2017:14:00:10 -0300] "GET /cormun/PrivateTempStorage/cedula_files/cb=gapi.loaded_1 HTTP/1.1" 404 1071
186.103.157.98 - - [03/Mar/2017:14:00:10 -0300] "GET /cormun/PrivateTempStorage/cedula_files/saved_resource.html HTTP/1.1" 404 1077
186.103.157.98 - - [03/Mar/2017:14:00:10 -0300] "GET /cormun/PrivateTempStorage/cedula_files/cb=gapi.loaded_0 HTTP/1.1" 404 1071
186.103.157.98 - - [03/Mar/2017:14:00:10 -0300] "GET /cormun/PrivateTempStorage/cedula_files/rs=AA2YrTtGyO8k9tPs2l5PfhvsgWlQp4uhmg HTTP/1.1" 404 1113
186.103.157.98 - - [03/Mar/2017:14:00:10 -0300] "GET /cormun/PrivateTempStorage/cedula_files/photo.jpg HTTP/1.1" 404 1057
186.103.157.98 - - [03/Mar/2017:14:00:10 -0300] "GET /cormun/PrivateTempStorage/cedula_files/logo.gif HTTP/1.1" 404 1055
186.103.157.98 - - [03/Mar/2017:14:00:10 -0300] "GET /cormun/PrivateTempStorage/cedula_files/cleardot.gif HTTP/1.1" 404 1063
186.103.157.98 - - [03/Mar/2017:14:00:10 -0300] "GET /cormun/PrivateTempStorage/cedula_files/rs=AHGWq9BTScTzMJtuDfg0hOJhPzWnUwqLxw.html HTTP/1.1" 404 1123
186.103.157.98 - - [03/Mar/2017:14:00:10 -0300] "GET /cormun/PrivateTempStorage/cedula_files/saved_resource(8).html HTTP/1.1" 404 1083
186.103.157.98 - - [03/Mar/2017:14:00:10 -0300] "GET /cormun/PrivateTempStorage/cedula_files/widget.html HTTP/1.1" 404 1061
186.103.157.98 - - [03/Mar/2017:14:00:10 -0300] "GET /cormun/PrivateTempStorage/cedula_files/load.html HTTP/1.1" 404 1057
186.103.157.98 - - [03/Mar/2017:14:00:10 -0300] "GET /cormun/PrivateTempStorage/cedula_files/saved_resource(9).html HTTP/1.1" 404 1083
186.103.157.98 - - [03/Mar/2017:14:00:10 -0300] "GET /cormun/PrivateTempStorage/cedula_files/frame2.html HTTP/1.1" 404 1061
186.103.157.98 - - [03/Mar/2017:14:00:10 -0300] "GET /cormun/PrivateTempStorage/cedula_files/hovercard.html HTTP/1.1" 404 1067
186.103.157.98 - - [03/Mar/2017:14:00:10 -0300] "GET /cormun/PrivateTempStorage/cedula_files/proxy.html HTTP/1.1" 404 1059
186.103.157.98 - - [03/Mar/2017:14:00:10 -0300] "GET /cormun/PrivateTempStorage/cedula_files/postmessageRelay.html HTTP/1.1" 404 1081
186.103.157.98 - - [03/Mar/2017:14:00:10 -0300] "GET /cormun/PrivateTempStorage/cedula_files/frame2(1).html HTTP/1.1" 404 1067
186.103.157.98 - - [03/Mar/2017:14:00:10 -0300] "GET /cormun/PrivateTempStorage/cedula_files/host-js HTTP/1.1" 404 1053
186.103.157.98 - - [03/Mar/2017:14:00:10 -0300] "GET /cormun/PrivateTempStorage/cedula_files/frame.html HTTP/1.1" 404 1059
186.103.157.98 - - [03/Mar/2017:14:00:10 -0300] "GET /cormun/PrivateTempStorage/cedula_files/cleardot(1).gif HTTP/1.1" 404 1069
186.103.157.98 - - [03/Mar/2017:14:00:10 -0300] "GET /cormun/PrivateTempStorage/cedula_files/profile_mask2.png HTTP/1.1" 404 1073
186.103.157.98 - - [03/Mar/2017:14:00:11 -0300] "GET /cormun/PrivateTempStorage/cedula_files/saved_resource HTTP/1.1" 404 1067
186.103.157.98 - - [03/Mar/2017:14:00:11 -0300] "GET /cormun/PrivateTempStorage/cedula_files/icon_3_pdf_x16.png HTTP/1.1" 404 1075
186.103.157.98 - - [03/Mar/2017:14:00:11 -0300] "GET /cormun/PrivateTempStorage/cedula_files/saved_resource(2) HTTP/1.1" 404 1073
186.103.157.98 - - [03/Mar/2017:14:00:11 -0300] "GET /cormun/PrivateTempStorage/cedula_files/saved_resource(1) HTTP/1.1" 404 1073
186.103.157.98 - - [03/Mar/2017:14:00:11 -0300] "GET /cormun/PrivateTempStorage/cedula_files/saved_resource(3) HTTP/1.1" 404 1073
186.103.157.98 - - [03/Mar/2017:14:00:11 -0300] "GET /cormun/PrivateTempStorage/cedula_files/saved_resource(4) HTTP/1.1" 404 1073
186.103.157.98 - - [03/Mar/2017:14:00:11 -0300] "GET /cormun/PrivateTempStorage/cedula_files/saved_resource(7) HTTP/1.1" 404 1073
186.103.157.98 - - [03/Mar/2017:14:00:11 -0300] "GET /cormun/PrivateTempStorage/cedula_files/saved_resource(5) HTTP/1.1" 404 1073
186.103.157.98 - - [03/Mar/2017:14:00:11 -0300] "GET /cormun/PrivateTempStorage/cedula_files/saved_resource(6) HTTP/1.1" 404 1073
186.103.157.98 - - [03/Mar/2017:14:00:11 -0300] "GET /cormun/PrivateTempStorage/cedula_files/no_photo.png HTTP/1.1" 404 1063
186.103.157.98 - - [03/Mar/2017:14:00:11 -0300] "GET /cormun/PrivateTempStorage/cedula_files/proxy(1).html HTTP/1.1" 404 1065
186.103.157.98 - - [03/Mar/2017:14:00:11 -0300] "GET /cormun/PrivateTempStorage/cedula_files/saved_resource(10).html HTTP/1.1" 404 1085
192.168.10.62 - - [03/Mar/2017:14:00:14 -0300] "POST /cormun/servlet/trsolicitudnombre?69ec9fa26a7a19bd9e88ea2a35955c8f,14332121,,gx-no-cache=1488563699611 HTTP/1.1" 200 90
192.168.10.62 - - [03/Mar/2017:14:00:14 -0300] "GET /cormun/servlet/hpexe_link HTTP/1.1" 200 977
192.168.10.62 - - [03/Mar/2017:14:00:14 -0300] "GET /cormun/servlet/trconsultaempleado HTTP/1.1" 200 6159
192.168.10.62 - - [03/Mar/2017:14:00:15 -0300] "GET /cormun/servlet/trconsultaempleado HTTP/1.1" 200 6157
201.246.238.190 - - [03/Mar/2017:14:00:30 -0300] "GET /cormun/servlet/hlogin HTTP/1.1" 200 1761
192.168.10.89 - - [03/Mar/2017:14:00:39 -0300] "POST /cormun/servlet/trsolicitudgral?a6764846498ada7ec80288093a4cd4a7,gx-no-cache=1488551406039,gx-no-cache=1488563724841 HTTP/1.1" 200 5367
201.246.238.190 - - [03/Mar/2017:14:00:42 -0300] "POST /cormun/servlet/hlogin?0ac915fb7097cfe83e9c79fffbf73d9e,gx-no-cache=1488560509450 HTTP/1.1" 200 90
201.246.238.190 - - [03/Mar/2017:14:00:42 -0300] "GET /cormun/servlet/hpexe_link HTTP/1.1" 200 956
201.246.238.190 - - [03/Mar/2017:14:00:42 -0300] "GET /cormun/servlet/hhome HTTP/1.1" 200 3766
201.246.238.190 - - [03/Mar/2017:14:00:43 -0300] "GET /cormun/servlet/hhome HTTP/1.1" 200 3763
186.103.156.211 - - [03/Mar/2017:14:00:46 -0300] "GET /cormun/static/menuarrow.gif HTTP/1.1" 404 1015
201.246.238.190 - - [03/Mar/2017:14:00:47 -0300] "GET /cormun/servlet/trsolicitudot? HTTP/1.1" 200 8018
201.246.238.190 - - [03/Mar/2017:14:00:48 -0300] "GET /cormun/servlet/trsolicitudot? HTTP/1.1" 200 8016
186.103.156.211 - - [03/Mar/2017:14:01:19 -0300] "GET /cormun/servlet/solicitudot?48ffcfd3a90bc9b99a0c0135d3fab595ea3900b5fc2702a726021bcd83f9af00055e74c555d5096aa2175edb8cc0223d936030af4181400c6b8a0d5e19088afbea4c7c43da3edfbe5b1d89e7102fbe35b340431f9ac3006d5d85ca60d47196ae4a06e2b1c07459cfcdeab775ab82040d935e7d44bfae2a2f069fd5a0902416fe0df5119a1e243299165b4b066bbb6bfa2b376e33def7099b372e462397f1832bb60005910dbfb1a55d0d91e25e2cb12e,gx-no-cache=1488560551212 HTTP/1.1" 200 30
192.168.10.60 - - [03/Mar/2017:14:01:20 -0300] "GET /cormun/servlet/hlogin HTTP/1.1" 200 1719
186.103.157.98 - - [03/Mar/2017:14:01:22 -0300] "GET /cormun/servlet/solicitudotadjuntos?INS,2017,5147,,1, HTTP/1.1" 200 6040
186.103.157.98 - - [03/Mar/2017:14:01:23 -0300] "GET /cormun/servlet/solicitudotadjuntos?INS,2017,5147,,1, HTTP/1.1" 200 6033
192.168.10.60 - - [03/Mar/2017:14:01:23 -0300] "POST /cormun/servlet/hlogin?9573081772c11b239109c468c5720937,gx-no-cache=1488559750615 HTTP/1.1" 200 90
192.168.10.60 - - [03/Mar/2017:14:01:23 -0300] "GET /cormun/servlet/hpexe_link HTTP/1.1" 200 954
186.103.157.98 - - [03/Mar/2017:14:01:23 -0300] "GET /cormun/servlet/solicitudotadjuntos?dd20ebbe4d24c9a63ce9f7f5a23e00c26ce2f9d2800626452ca0524a0e415f8d83d317d02055ee0c831f4458ecb13bce,gx-no-cache=1488560556749 HTTP/1.1" 200 30
192.168.10.60 - - [03/Mar/2017:14:01:23 -0300] "GET /cormun/servlet/hhome HTTP/1.1" 200 3754
186.103.157.98 - - [03/Mar/2017:14:01:23 -0300] "POST /cormun/servlet/solicitudotadjuntos?06398b07e3b47afa2253ef973111608c,INS,2017,5147,,1,,gx-no-cache=1488560556790 HTTP/1.1" 200 3865
192.168.10.60 - - [03/Mar/2017:14:01:24 -0300] "GET /cormun/servlet/hhome HTTP/1.1" 200 3750
192.168.10.60 - - [03/Mar/2017:14:01:28 -0300] "GET /cormun/servlet/trautorizarot? HTTP/1.1" 200 18080
192.168.10.60 - - [03/Mar/2017:14:01:28 -0300] "GET /cormun/servlet/trautorizarot? HTTP/1.1" 200 18077
192.168.10.89 - - [03/Mar/2017:14:01:28 -0300] "POST /cormun/servlet/trsolicitudgral?a6764846498ada7ec80288093a4cd4a7,gx-no-cache=1488551406039,gx-no-cache=1488563772458 HTTP/1.1" 200 22379
192.168.10.60 - - [03/Mar/2017:14:01:31 -0300] "GET /cormun/static/menuarrow.gif HTTP/1.1" 404 1015
201.246.238.190 - - [03/Mar/2017:14:01:39 -0300] "POST /cormun/servlet/trsolicitudot?0ac915fb7097cfe83e9c79fffbf73d9e,,gx-no-cache=1488560565650 HTTP/1.1" 200 5234
192.168.10.60 - - [03/Mar/2017:14:01:44 -0300] "POST /cormun/servlet/trautorizarot?9573081772c11b239109c468c5720937,,gx-no-cache=1488559771487 HTTP/1.1" 200 20569
192.168.10.89 - - [03/Mar/2017:14:01:48 -0300] "POST /cormun/servlet/trsolicitudgral?a6764846498ada7ec80288093a4cd4a7,gx-no-cache=1488551406039,gx-no-cache=1488563793646 HTTP/1.1" 200 6919
192.168.10.89 - - [03/Mar/2017:14:02:07 -0300] "POST /cormun/servlet/trsolicitudgral?a6764846498ada7ec80288093a4cd4a7,gx-no-cache=1488551406039,gx-no-cache=1488563813382 HTTP/1.1" 200 6496
186.103.157.98 - - [03/Mar/2017:14:02:25 -0300] "POST /cormun/servlet/solicitudotadjuntos?gx-no-cache=1488560618932 HTTP/1.1" 200 26
192.168.10.60 - - [03/Mar/2017:14:02:26 -0300] "POST /cormun/servlet/trautorizarot?9573081772c11b239109c468c5720937,,gx-no-cache=1488559813019 HTTP/1.1" 200 16396
201.246.238.190 - - [03/Mar/2017:14:02:32 -0300] "POST /cormun/servlet/trsolicitudot?0ac915fb7097cfe83e9c79fffbf73d9e,,gx-no-cache=1488560618413 HTTP/1.1" 200 5234
201.246.238.190 - - [03/Mar/2017:14:02:34 -0300] "POST /cormun/servlet/trsolicitudot?0ac915fb7097cfe83e9c79fffbf73d9e,,gx-no-cache=1488560621000 HTTP/1.1" 200 5234
186.103.157.98 - - [03/Mar/2017:14:02:36 -0300] "GET /cormun/servlet/solicitudotadjuntos?dd20ebbe4d24c9a63ce9f7f5a23e00c21f9e0564fa9e4eebf9d37396f455b43e,gx-no-cache=1488560629413 HTTP/1.1" 200 30
186.103.157.98 - - [03/Mar/2017:14:02:36 -0300] "GET /cormun/servlet/solicitudotadjuntos?dd20ebbe4d24c9a63ce9f7f5a23e00c21f9e0564fa9e4eebf9d37396f455b43e,gx-no-cache=1488560629474 HTTP/1.1" 200 30
186.103.157.98 - - [03/Mar/2017:14:02:37 -0300] "POST /cormun/servlet/solicitudotadjuntos?06398b07e3b47afa2253ef973111608c,INS,2017,5147,,1, HTTP/1.1" 200 6246
186.103.157.98 - - [03/Mar/2017:14:02:38 -0300] "GET /home/sistema/apache-tomcat-7.0.65/webapps/cormun/PrivateTempStorage/upload_00008615.html HTTP/1.1" 404 1137
186.103.157.98 - - [03/Mar/2017:14:02:38 -0300] "GET /cormun/static/Shared/jqueryui/images/ui-icons_82798d_256x240.png HTTP/1.1" 404 1089
186.103.157.98 - - [03/Mar/2017:14:02:38 -0300] "GET /cormun/static/Shared/jqueryui/images/ui-bg_highlight-soft_100_c6c2c8_1x100.png HTTP/1.1" 404 1117
186.103.157.98 - - [03/Mar/2017:14:02:38 -0300] "GET /cormun/static/Shared/jqueryui/images/ui-bg_flat_55_994d53_40x100.png HTTP/1.1" 404 1097
186.103.157.98 - - [03/Mar/2017:14:02:38 -0300] "GET /cormun/static/Shared/jqueryui/images/ui-icons_ebccce_256x240.png HTTP/1.1" 404 1089
186.103.157.98 - - [03/Mar/2017:14:02:38 -0300] "GET /cormun/PrivateTempStorage/cedula_files/cb=gapi.loaded_3 HTTP/1.1" 404 1071
186.103.157.98 - - [03/Mar/2017:14:02:38 -0300] "GET /cormun/PrivateTempStorage/cedula_files/cb=gapi.loaded_1 HTTP/1.1" 404 1071
