200.86.95.220 - - [03/Mar/2017:14:18:16 -0300] "GET /cormun/servlet/solicitudotadjuntos?1de764369c41ca6fd48f0651421ca9d2cb48e8ee867b32e41bd73e2e31847437,gx-no-cache=1488561566486 HTTP/1.1" 200 30
200.86.95.220 - - [03/Mar/2017:14:18:17 -0300] "POST /cormun/servlet/solicitudotadjuntos?481fdca60454d1ba5ecee3339b6e4a03,INS,2017,5153,,1, HTTP/1.1" 200 116
200.86.95.220 - - [03/Mar/2017:14:18:17 -0300] "GET /cormun/servlet/hpexe_return? HTTP/1.1" 200 1027
200.86.95.220 - - [03/Mar/2017:14:18:18 -0300] "GET /cormun/servlet/trsolicitudadjuntos?2017,5153, HTTP/1.1" 200 8152
200.86.95.220 - - [03/Mar/2017:14:18:19 -0300] "GET /cormun/servlet/trsolicitudadjuntos?2017,5153, HTTP/1.1" 200 8145
200.86.95.220 - - [03/Mar/2017:14:18:21 -0300] "GET /cormun/servlet/solicitudotadjuntos?INS,2017,5153,,1, HTTP/1.1" 200 5795
200.86.95.220 - - [03/Mar/2017:14:18:21 -0300] "GET /cormun/static/about:blank HTTP/1.1" 404 1011
200.86.95.220 - - [03/Mar/2017:14:18:22 -0300] "GET /cormun/servlet/solicitudotadjuntos?INS,2017,5153,,1, HTTP/1.1" 200 5789
200.86.95.220 - - [03/Mar/2017:14:18:23 -0300] "GET /cormun/servlet/solicitudotadjuntos?1de764369c41ca6fd48f0651421ca9d20664efaf87bb2e7856600cbb3ec3eda6306f8ff0824103552da58ca00b4338e6,gx-no-cache=1488561572921 HTTP/1.1" 200 30
200.86.95.220 - - [03/Mar/2017:14:18:23 -0300] "POST /cormun/servlet/solicitudotadjuntos?481fdca60454d1ba5ecee3339b6e4a03,INS,2017,5153,,1,,gx-no-cache=1488561572996 HTTP/1.1" 200 3642
200.86.95.220 - - [03/Mar/2017:14:18:26 -0300] "POST /cormun/servlet/solicitudotadjuntos?gx-no-cache=1488561576663 HTTP/1.1" 200 26
200.86.95.220 - - [03/Mar/2017:14:18:37 -0300] "GET /cormun/servlet/solicitudotadjuntos?1de764369c41ca6fd48f0651421ca9d2cb48e8ee867b32e41bd73e2e31847437,gx-no-cache=1488561587444 HTTP/1.1" 200 30
200.86.95.220 - - [03/Mar/2017:14:18:37 -0300] "GET /cormun/servlet/solicitudotadjuntos?1de764369c41ca6fd48f0651421ca9d2cb48e8ee867b32e41bd73e2e31847437,gx-no-cache=1488561587483 HTTP/1.1" 200 30
200.86.95.220 - - [03/Mar/2017:14:18:38 -0300] "POST /cormun/servlet/solicitudotadjuntos?481fdca60454d1ba5ecee3339b6e4a03,INS,2017,5153,,1, HTTP/1.1" 200 116
200.86.95.220 - - [03/Mar/2017:14:18:38 -0300] "GET /cormun/servlet/hpexe_return? HTTP/1.1" 200 1027
200.86.95.220 - - [03/Mar/2017:14:18:38 -0300] "GET /cormun/servlet/trsolicitudadjuntos?2017,5153, HTTP/1.1" 200 8294
200.86.95.220 - - [03/Mar/2017:14:18:40 -0300] "GET /cormun/servlet/trsolicitudadjuntos?2017,5153, HTTP/1.1" 200 8294
200.112.48.82 - - [03/Mar/2017:14:18:40 -0300] "POST /cormun/servlet/solicitudotadjuntos?8c8eafab1c8c977af193c2a795c07304,INS,2017,5151,,1, HTTP/1.1" 200 116
200.112.48.82 - - [03/Mar/2017:14:18:40 -0300] "GET /cormun/servlet/hpexe_return? HTTP/1.1" 200 1022
200.112.48.82 - - [03/Mar/2017:14:18:41 -0300] "GET /cormun/servlet/trsolicitudadjuntos?2017,5151, HTTP/1.1" 200 8414
200.112.48.82 - - [03/Mar/2017:14:18:42 -0300] "GET /cormun/servlet/trsolicitudadjuntos?2017,5151, HTTP/1.1" 200 8412
200.86.95.220 - - [03/Mar/2017:14:18:42 -0300] "GET /cormun/servlet/solicitudotadjuntos?INS,2017,5153,,1, HTTP/1.1" 200 5795
200.86.95.220 - - [03/Mar/2017:14:18:42 -0300] "GET /cormun/static/about:blank HTTP/1.1" 404 1011
200.86.95.220 - - [03/Mar/2017:14:18:43 -0300] "GET /cormun/servlet/solicitudotadjuntos?INS,2017,5153,,1, HTTP/1.1" 200 5789
200.86.95.220 - - [03/Mar/2017:14:18:44 -0300] "GET /cormun/servlet/solicitudotadjuntos?1de764369c41ca6fd48f0651421ca9d20664efaf87bb2e7856600cbb3ec3eda6306f8ff0824103552da58ca00b4338e6,gx-no-cache=1488561594032 HTTP/1.1" 200 30
200.86.95.220 - - [03/Mar/2017:14:18:44 -0300] "POST /cormun/servlet/solicitudotadjuntos?481fdca60454d1ba5ecee3339b6e4a03,INS,2017,5153,,1,,gx-no-cache=1488561594101 HTTP/1.1" 200 3642
200.86.95.220 - - [03/Mar/2017:14:18:51 -0300] "POST /cormun/servlet/solicitudotadjuntos?gx-no-cache=1488561600904 HTTP/1.1" 200 26
200.86.95.220 - - [03/Mar/2017:14:18:56 -0300] "GET /cormun/servlet/solicitudotadjuntos?1de764369c41ca6fd48f0651421ca9d2cb48e8ee867b32e41bd73e2e31847437,gx-no-cache=1488561606405 HTTP/1.1" 200 30
200.86.95.220 - - [03/Mar/2017:14:18:56 -0300] "GET /cormun/servlet/solicitudotadjuntos?1de764369c41ca6fd48f0651421ca9d2cb48e8ee867b32e41bd73e2e31847437,gx-no-cache=1488561606466 HTTP/1.1" 200 30
200.86.95.220 - - [03/Mar/2017:14:18:57 -0300] "POST /cormun/servlet/solicitudotadjuntos?481fdca60454d1ba5ecee3339b6e4a03,INS,2017,5153,,1, HTTP/1.1" 200 116
200.112.48.82 - - [03/Mar/2017:14:18:57 -0300] "GET /cormun/servlet/solicitudotadjuntos?INS,2017,5151,,1, HTTP/1.1" 200 5797
200.86.95.220 - - [03/Mar/2017:14:18:57 -0300] "GET /cormun/servlet/hpexe_return? HTTP/1.1" 200 1027
200.112.48.82 - - [03/Mar/2017:14:18:57 -0300] "GET /cormun/static/about:blank HTTP/1.1" 404 1011
200.112.48.82 - - [03/Mar/2017:14:18:57 -0300] "GET /cormun/servlet/solicitudotadjuntos?INS,2017,5151,,1, HTTP/1.1" 200 5791
200.86.95.220 - - [03/Mar/2017:14:18:58 -0300] "GET /cormun/servlet/trsolicitudadjuntos?2017,5153, HTTP/1.1" 200 8423
200.112.48.82 - - [03/Mar/2017:14:18:58 -0300] "GET /cormun/servlet/solicitudotadjuntos?7449f727fb36ccb5fa238cce8fa25a74e8b8b53d0aeb6f91a89748df9e248bddde04a9c939e4d5fb4e963b1548240eef,gx-no-cache=1488561606759 HTTP/1.1" 200 30
200.112.48.82 - - [03/Mar/2017:14:18:58 -0300] "POST /cormun/servlet/solicitudotadjuntos?8c8eafab1c8c977af193c2a795c07304,INS,2017,5151,,1,,gx-no-cache=1488561606850 HTTP/1.1" 200 3641
200.86.95.220 - - [03/Mar/2017:14:18:59 -0300] "GET /cormun/servlet/trsolicitudadjuntos?2017,5153, HTTP/1.1" 200 8420
200.86.95.220 - - [03/Mar/2017:14:19:01 -0300] "GET /cormun/servlet/solicitudotadjuntos?INS,2017,5153,,1, HTTP/1.1" 200 5795
200.112.48.82 - - [03/Mar/2017:14:19:01 -0300] "POST /cormun/servlet/solicitudotadjuntos?gx-no-cache=1488561610189 HTTP/1.1" 200 26
200.86.95.220 - - [03/Mar/2017:14:19:01 -0300] "GET /cormun/static/about:blank HTTP/1.1" 404 1011
200.86.95.220 - - [03/Mar/2017:14:19:02 -0300] "GET /cormun/servlet/solicitudotadjuntos?INS,2017,5153,,1, HTTP/1.1" 200 5789
200.86.95.220 - - [03/Mar/2017:14:19:03 -0300] "GET /cormun/servlet/solicitudotadjuntos?1de764369c41ca6fd48f0651421ca9d20664efaf87bb2e7856600cbb3ec3eda6306f8ff0824103552da58ca00b4338e6,gx-no-cache=1488561613107 HTTP/1.1" 200 30
200.86.95.220 - - [03/Mar/2017:14:19:03 -0300] "POST /cormun/servlet/solicitudotadjuntos?481fdca60454d1ba5ecee3339b6e4a03,INS,2017,5153,,1,,gx-no-cache=1488561613154 HTTP/1.1" 200 3642
200.86.95.220 - - [03/Mar/2017:14:19:05 -0300] "POST /cormun/servlet/solicitudotadjuntos?gx-no-cache=1488561615562 HTTP/1.1" 200 26
200.83.57.219 - - [03/Mar/2017:14:19:09 -0300] "POST /cormun/servlet/solicitudot?gx-no-cache=1488561622054 HTTP/1.1" 200 256
200.86.95.220 - - [03/Mar/2017:14:19:11 -0300] "GET /cormun/servlet/solicitudotadjuntos?1de764369c41ca6fd48f0651421ca9d2cb48e8ee867b32e41bd73e2e31847437,gx-no-cache=1488561621095 HTTP/1.1" 200 30
200.86.95.220 - - [03/Mar/2017:14:19:11 -0300] "GET /cormun/servlet/solicitudotadjuntos?1de764369c41ca6fd48f0651421ca9d2cb48e8ee867b32e41bd73e2e31847437,gx-no-cache=1488561621162 HTTP/1.1" 200 30
200.86.95.220 - - [03/Mar/2017:14:19:11 -0300] "POST /cormun/servlet/solicitudotadjuntos?481fdca60454d1ba5ecee3339b6e4a03,INS,2017,5153,,1, HTTP/1.1" 200 116
200.86.95.220 - - [03/Mar/2017:14:19:11 -0300] "GET /cormun/servlet/hpexe_return? HTTP/1.1" 200 1027
200.86.95.220 - - [03/Mar/2017:14:19:12 -0300] "GET /cormun/servlet/trsolicitudadjuntos?2017,5153, HTTP/1.1" 200 8557
200.83.57.219 - - [03/Mar/2017:14:19:12 -0300] "GET /cormun/servlet/solicitudot?e67578ce4a227f55b374fcc8c6e24c5bef8faa4500736c133f512200920ebc45fabbf115fe84301bd6ebd15d23a7faa40fe2ecf017c558517800d8d852f37808310ff90ac53f3427bb675e0aa0e970545aee79691c69d8761a19fa9ffc3d7ea5b940cd988a181bcd3bee6489659541dc9ecedee2c7a2db556d6bd92473134eb43a83997736f77f7c56cdd176b4b292d55ee8236895aa824cce9aaa5a456d6c7b5ba8d613cb8dcf8e7d06758e8ab3850c54b47149ac162e2db254a4b86bd12f206d5077cafecbacf8137021f6b52c309e2acbcda8d1c38460661c693bd57211296cb92a84b8f62b0672a6ca960fc2c89f60b362b2d24bd3c34f3ac586d1047e6e8ed293b2b12e1542c7e8e8d1a22198093d727ce703734481f5692dd92b6b69fb6d4fb9b5ebb394b64a46e7db3078efc777de9f544d82f446538da682cbded5e0119d22c9ad230ba57b8f9a3bb3a604b54ed30f0c3bd6d46b4a3ba9acdf46329b44a3f461dd227ec0766a4663e473e7a0eefa18264c4e959cc1b8a44b0d528002,gx-no-cache=1488561625384 HTTP/1.1" 200 30
200.86.95.220 - - [03/Mar/2017:14:19:14 -0300] "GET /cormun/servlet/trsolicitudadjuntos?2017,5153, HTTP/1.1" 200 8556
200.83.57.219 - - [03/Mar/2017:14:19:14 -0300] "POST /cormun/servlet/solicitudot?gx-no-cache=1488561627451 HTTP/1.1" 200 30
200.86.95.220 - - [03/Mar/2017:14:19:16 -0300] "POST /cormun/servlet/trsolicitudadjuntos?481fdca60454d1ba5ecee3339b6e4a03,2017,5153,,gx-no-cache=1488561626377 HTTP/1.1" 200 90
200.86.95.220 - - [03/Mar/2017:14:19:16 -0300] "GET /cormun/servlet/hpexe_link HTTP/1.1" 200 972
200.83.57.219 - - [03/Mar/2017:14:19:16 -0300] "POST /cormun/servlet/solicitudot?gx-no-cache=1488561629644 HTTP/1.1" 200 235
200.83.57.219 - - [03/Mar/2017:14:19:16 -0300] "POST /cormun/servlet/solicitudot?gx-no-cache=1488561629721 HTTP/1.1" 200 38
200.86.95.220 - - [03/Mar/2017:14:19:16 -0300] "GET /cormun/servlet/trsolicitudot HTTP/1.1" 200 8004
200.112.48.82 - - [03/Mar/2017:14:19:17 -0300] "GET /cormun/servlet/solicitudotadjuntos?7449f727fb36ccb5fa238cce8fa25a7405d0b973e1c839871e787aac49a73344,gx-no-cache=1488561626278 HTTP/1.1" 200 30
200.112.48.82 - - [03/Mar/2017:14:19:17 -0300] "GET /cormun/servlet/solicitudotadjuntos?7449f727fb36ccb5fa238cce8fa25a7405d0b973e1c839871e787aac49a73344,gx-no-cache=1488561626362 HTTP/1.1" 200 30
200.86.95.220 - - [03/Mar/2017:14:19:17 -0300] "GET /cormun/servlet/trsolicitudot HTTP/1.1" 200 8003
200.112.48.82 - - [03/Mar/2017:14:19:25 -0300] "POST /cormun/servlet/solicitudotadjuntos?8c8eafab1c8c977af193c2a795c07304,INS,2017,5151,,1, HTTP/1.1" 200 116
200.112.48.82 - - [03/Mar/2017:14:19:25 -0300] "GET /cormun/servlet/hpexe_return? HTTP/1.1" 200 1022
200.112.48.82 - - [03/Mar/2017:14:19:26 -0300] "GET /cormun/servlet/trsolicitudadjuntos?2017,5151, HTTP/1.1" 200 8544
200.112.48.82 - - [03/Mar/2017:14:19:26 -0300] "GET /cormun/servlet/trsolicitudadjuntos?2017,5151, HTTP/1.1" 200 8545
200.86.95.220 - - [03/Mar/2017:14:19:28 -0300] "POST /cormun/servlet/trsolicitudot?481fdca60454d1ba5ecee3339b6e4a03,gx-no-cache=1488561638453 HTTP/1.1" 200 5294
200.86.95.220 - - [03/Mar/2017:14:19:28 -0300] "GET /cormun/static/Shared/jqueryui/images/ui-bg_highlight-soft_100_c6c2c8_1x100.png HTTP/1.1" 404 1117
200.86.95.220 - - [03/Mar/2017:14:19:28 -0300] "GET /cormun/static/Shared/jqueryui/images/ui-icons_82798d_256x240.png HTTP/1.1" 404 1089
200.86.95.220 - - [03/Mar/2017:14:19:28 -0300] "GET /cormun/static/Shared/jqueryui/images/ui-bg_flat_55_fafafa_40x100.png HTTP/1.1" 404 1097
200.86.95.220 - - [03/Mar/2017:14:19:28 -0300] "GET /cormun/static/Shared/jqueryui/images/ui-icons_8d78a5_256x240.png HTTP/1.1" 404 1089
186.103.159.183 - - [03/Mar/2017:14:19:33 -0300] "GET /cormun/servlet/hlogin HTTP/1.1" 200 1720
186.103.159.183 - - [03/Mar/2017:14:19:33 -0300] "GET /cormun/static/gxtimezone.js?85251 HTTP/1.1" 200 5781
186.103.159.183 - - [03/Mar/2017:14:19:33 -0300] "GET /cormun/static/hlogin.js?201612216162555 HTTP/1.1" 200 2136
186.103.159.183 - - [03/Mar/2017:14:19:33 -0300] "GET /cormun/static/Resources/Spanish/PXTools.css?167811 HTTP/1.1" 200 89042
186.103.159.183 - - [03/Mar/2017:14:19:33 -0300] "GET /cormun/static/messages.spa.js?85251 HTTP/1.1" 200 30736
186.103.159.183 - - [03/Mar/2017:14:19:33 -0300] "GET /cormun/static/gxgral.js?85251 HTTP/1.1" 200 384558
186.103.159.183 - - [03/Mar/2017:14:19:34 -0300] "GET /cormun/static/gxcfg.js?201612216162538 HTTP/1.1" 200 953
186.103.159.183 - - [03/Mar/2017:14:19:34 -0300] "GET /cormun/static/Resources/ComunLogin.png HTTP/1.1" 200 17326
186.103.159.183 - - [03/Mar/2017:14:19:34 -0300] "GET /cormun/static/Resources/PXToolsLoginTop.png HTTP/1.1" 200 1337
186.103.159.183 - - [03/Mar/2017:14:19:34 -0300] "GET /cormun/static/Resources/PXToolsButtonLeft21.png HTTP/1.1" 200 1287
186.103.159.183 - - [03/Mar/2017:14:19:34 -0300] "GET /cormun/static/Resources/PXToolsButtonBackground2.png HTTP/1.1" 200 1181
186.103.159.183 - - [03/Mar/2017:14:19:34 -0300] "GET /cormun/static/Resources/PXToolsButtonRight21.png HTTP/1.1" 200 1283
186.103.159.183 - - [03/Mar/2017:14:19:34 -0300] "GET /cormun/static/Resources/PXToolsLoginBottom.png HTTP/1.1" 200 1389
186.103.159.183 - - [03/Mar/2017:14:19:34 -0300] "GET /cormun/static/Resources/PXToolsLoginBackground.png HTTP/1.1" 200 1164
186.103.159.183 - - [03/Mar/2017:14:19:34 -0300] "GET /cormun/static/Resources/indicator.gif HTTP/1.1" 200 1553
186.103.159.183 - - [03/Mar/2017:14:19:34 -0300] "GET /cormun/servlet/hlogin HTTP/1.1" 200 1731
186.103.159.183 - - [03/Mar/2017:14:19:34 -0300] "GET /favicon.ico HTTP/1.1" 200 21630
186.103.159.183 - - [03/Mar/2017:14:19:41 -0300] "POST /cormun/servlet/hlogin?d1c63b169230d872ee14e0c65238c719,gx-no-cache=1488561653390 HTTP/1.1" 200 90
186.103.159.183 - - [03/Mar/2017:14:19:41 -0300] "GET /cormun/servlet/hpexe_link HTTP/1.1" 200 954
186.103.159.183 - - [03/Mar/2017:14:19:41 -0300] "GET /cormun/static/gxcfg.js?201612218515529 HTTP/1.1" 200 953
186.103.159.183 - - [03/Mar/2017:14:19:41 -0300] "GET /cormun/static/Resources/Spanish/PXTools.css?18365030 HTTP/1.1" 200 89042
186.103.159.183 - - [03/Mar/2017:14:19:41 -0300] "GET /cormun/static/hpexe_link.js?201612218515532 HTTP/1.1" 200 625
186.103.159.183 - - [03/Mar/2017:14:19:42 -0300] "GET /cormun/servlet/hhome HTTP/1.1" 200 3986
186.103.159.183 - - [03/Mar/2017:14:19:42 -0300] "GET /cormun/static/SmoothNavMenu/resources/ddsmoothmenu.css?1112540 HTTP/1.1" 200 2223
186.103.159.183 - - [03/Mar/2017:14:19:42 -0300] "GET /cormun/static/scaMessage/css/jquery.pnotify.default.css?1816380 HTTP/1.1" 200 1707
186.103.159.183 - - [03/Mar/2017:14:19:42 -0300] "GET /cormun/static/Shared/jqueryui/jquery-ui.min.css?1345370 HTTP/1.1" 200 30288
186.103.159.183 - - [03/Mar/2017:14:19:42 -0300] "GET /cormun/static/SmoothNavMenu/resources/ddsmoothmenu-v.css?1112540 HTTP/1.1" 200 1188
186.103.159.183 - - [03/Mar/2017:14:19:42 -0300] "GET /cormun/static/PXToolsJavascripts/pexe_autoreload.js HTTP/1.1" 200 1762
186.103.159.183 - - [03/Mar/2017:14:19:42 -0300] "GET /cormun/static/gxcfg.js?201612218515568 HTTP/1.1" 200 953
186.103.159.183 - - [03/Mar/2017:14:19:42 -0300] "GET /cormun/static/PXToolsJavascripts/pexe_cookies.js HTTP/1.1" 200 792
186.103.159.183 - - [03/Mar/2017:14:19:42 -0300] "GET /cormun/static/PXToolsJavascripts/pexe_windows.js HTTP/1.1" 200 15207
186.103.159.183 - - [03/Mar/2017:14:19:42 -0300] "GET /cormun/static/PXToolsJavascripts/pexe_grid.js HTTP/1.1" 200 7559
186.103.159.183 - - [03/Mar/2017:14:19:42 -0300] "GET /cormun/static/PXToolsJavascripts/pexe_griddivfix.js HTTP/1.1" 200 6644
186.103.159.183 - - [03/Mar/2017:14:19:42 -0300] "GET /cormun/static/PXToolsJavascripts/pexe_link.js HTTP/1.1" 200 5671
186.103.159.183 - - [03/Mar/2017:14:19:42 -0300] "GET /cormun/static/PXToolsJavascripts/pexe_menudivfix.js HTTP/1.1" 200 333
186.103.159.183 - - [03/Mar/2017:14:19:42 -0300] "GET /cormun/static/PXToolsJavascripts/pexe_menus.js HTTP/1.1" 200 1286
186.103.159.183 - - [03/Mar/2017:14:19:42 -0300] "GET /cormun/static/PXToolsJavascripts/pexe_layers.js HTTP/1.1" 200 4114
186.103.159.183 - - [03/Mar/2017:14:19:42 -0300] "GET /cormun/static/PXToolsJavascripts/pexe_oav.js HTTP/1.1" 200 645
186.103.159.183 - - [03/Mar/2017:14:19:42 -0300] "GET /cormun/static/PXToolsJavascripts/pexe_oavdivfix.js HTTP/1.1" 200 639
186.103.159.183 - - [03/Mar/2017:14:19:42 -0300] "GET /cormun/static/PXToolsJavascripts/pexe_picture.js HTTP/1.1" 200 689
186.103.159.183 - - [03/Mar/2017:14:19:42 -0300] "GET /cormun/static/PXToolsJavascripts/pexe_popup.js HTTP/1.1" 200 13458
186.103.159.183 - - [03/Mar/2017:14:19:42 -0300] "GET /cormun/static/PXToolsJavascripts/pexe_scrolldiv.js HTTP/1.1" 200 4138
186.103.159.183 - - [03/Mar/2017:14:19:42 -0300] "GET /cormun/static/PXToolsJavascripts/pexe_tabdivfix.js HTTP/1.1" 200 876
186.103.159.183 - - [03/Mar/2017:14:19:42 -0300] "GET /cormun/static/PXToolsJavascripts/pexe_tabs.js HTTP/1.1" 200 3748
186.103.159.183 - - [03/Mar/2017:14:19:42 -0300] "GET /cormun/static/PXToolsJavascripts/pexe_upload.js HTTP/1.1" 200 1423
186.103.159.183 - - [03/Mar/2017:14:19:42 -0300] "GET /cormun/static/PXToolsJavascripts/PXToolsJavascriptsRender.js HTTP/1.1" 200 367
186.103.159.183 - - [03/Mar/2017:14:19:42 -0300] "GET /cormun/static/RunJS/RunJS.js HTTP/1.1" 200 288
186.103.159.183 - - [03/Mar/2017:14:19:42 -0300] "GET /cormun/static/gxui/gxui-all.js HTTP/1.1" 200 107772
186.103.159.183 - - [03/Mar/2017:14:19:42 -0300] "GET /cormun/static/Shared/ext/locale/ext-lang-en.js HTTP/1.1" 200 10940
186.103.159.183 - - [03/Mar/2017:14:19:42 -0300] "GET /cormun/static/hhome.js?201612218515573 HTTP/1.1" 200 777
186.103.159.183 - - [03/Mar/2017:14:19:42 -0300] "GET /cormun/static/hwchdr01.js?201612218432057 HTTP/1.1" 200 1183
186.103.159.183 - - [03/Mar/2017:14:19:42 -0300] "GET /cormun/static/hpexe_scripts.js?201612218432016 HTTP/1.1" 200 1544
186.103.159.183 - - [03/Mar/2017:14:19:42 -0300] "GET /cormun/static/hpexe_messagecontroller.js?201610171694323 HTTP/1.1" 200 870
186.103.159.183 - - [03/Mar/2017:14:19:42 -0300] "GET /cormun/static/hpexe_messagepopupcomponent.js?20161017169425 HTTP/1.1" 200 605
186.103.159.183 - - [03/Mar/2017:14:19:42 -0300] "GET /cormun/static/hpexe_messagegenexuscomponent.js?201612218431816 HTTP/1.1" 200 587
186.103.159.183 - - [03/Mar/2017:14:19:42 -0300] "GET /cormun/static/cmcontrolpreferences.js?201612218431999 HTTP/1.1" 200 1375
186.103.159.183 - - [03/Mar/2017:14:19:42 -0300] "GET /cormun/static/SmoothNavMenu/resources/ddsmoothmenu.js HTTP/1.1" 200 12712
186.103.159.183 - - [03/Mar/2017:14:19:42 -0300] "GET /cormun/static/Shared/jquery/jquery-1.4.2.min.js HTTP/1.1" 200 72174
186.103.159.183 - - [03/Mar/2017:14:19:42 -0300] "GET /cormun/static/SmoothNavMenu/resources/SmoothNavMenuRender.js HTTP/1.1" 200 5951
186.103.159.183 - - [03/Mar/2017:14:19:42 -0300] "GET /cormun/static/hpexe_recentlink.js?201610171694390 HTTP/1.1" 200 2144
186.103.159.183 - - [03/Mar/2017:14:19:42 -0300] "GET /cormun/static/scaMessage/js/jquery.pnotify.min.js HTTP/1.1" 200 13038
186.103.159.183 - - [03/Mar/2017:14:19:42 -0300] "GET /cormun/static/scaMessage/scaMessageRender.js HTTP/1.1" 200 11977
186.103.159.183 - - [03/Mar/2017:14:19:42 -0300] "GET /cormun/static/hmpwkw03.js?20161221852152 HTTP/1.1" 200 3965
186.103.159.183 - - [03/Mar/2017:14:19:42 -0300] "GET /cormun/static/Resources/PXToolsFooterBackground2.png HTTP/1.1" 200 1172
186.103.159.183 - - [03/Mar/2017:14:19:42 -0300] "GET /cormun/static/Resources/PXToolsHeaderBackground2.png HTTP/1.1" 200 1174
186.103.159.183 - - [03/Mar/2017:14:19:43 -0300] "GET /cormun/static/Resources/PXToolsHeaderActionsBackground.png HTTP/1.1" 200 484
186.103.159.183 - - [03/Mar/2017:14:19:43 -0300] "GET /cormun/static/Resources/PXToolsDataTitle.png HTTP/1.1" 200 1173
186.103.159.183 - - [03/Mar/2017:14:19:43 -0300] "GET /cormun/static/Resources/logo4.png HTTP/1.1" 200 6582
186.103.159.183 - - [03/Mar/2017:14:19:43 -0300] "GET /cormun/static/Resources/PXToolsHeaderActionsLeft.png HTTP/1.1" 200 1118
186.103.159.183 - - [03/Mar/2017:14:19:43 -0300] "GET /cormun/static/Resources/PXToolsHeaderHome.png HTTP/1.1" 200 4147
186.103.159.183 - - [03/Mar/2017:14:19:43 -0300] "GET /cormun/static/Shared/jqueryui/jquery-ui.min.js HTTP/1.1" 200 240427
186.103.159.183 - - [03/Mar/2017:14:19:43 -0300] "GET /cormun/static/Resources/PXToolsHeaderLogin.png HTTP/1.1" 200 4279
186.103.159.183 - - [03/Mar/2017:14:19:43 -0300] "GET /cormun/static/Resources/PXToolsHeaderPreferences.png HTTP/1.1" 200 4189
186.103.159.183 - - [03/Mar/2017:14:19:43 -0300] "GET /cormun/static/Resources/PXToolsHeaderSecurity.png HTTP/1.1" 200 4166
186.103.159.183 - - [03/Mar/2017:14:19:43 -0300] "GET /cormun/static/Resources/PXToolsHeaderActionsRight.png HTTP/1.1" 200 1201
186.103.159.183 - - [03/Mar/2017:14:19:43 -0300] "GET /cormun/static/Shared/jquery/jquery-1.10.2.min.js HTTP/1.1" 200 273199
186.103.159.183 - - [03/Mar/2017:14:19:43 -0300] "GET /cormun/static/Shared/ext/ext-all.js HTTP/1.1" 200 1289687
186.103.159.183 - - [03/Mar/2017:14:19:44 -0300] "GET /cormun/static/SmoothNavMenu/resources/images/right.gif HTTP/1.1" 200 860
186.103.159.183 - - [03/Mar/2017:14:19:44 -0300] "GET /cormun/static/SmoothNavMenu/resources/images/down.gif HTTP/1.1" 200 854
186.103.159.183 - - [03/Mar/2017:14:19:44 -0300] "GET /cormun/servlet/hhome HTTP/1.1" 200 3982
200.83.57.219 - - [03/Mar/2017:14:19:46 -0300] "GET /cormun/servlet/solicitudot?e67578ce4a227f55b374fcc8c6e24c5b4491c0705e45d1b9ff76d064405317ff588994a78e6f823e55de58a8c90d124e512ed907cfa02b4f7725323676a17dd3d50bc8a70e5caa6efdcb642e92a71f4c3ea8a88accf01d41e4c85f0c1e6b146add819e2b17a055f32278e59e1839f260,gx-no-cache=1488561659597 HTTP/1.1" 200 29
200.83.57.219 - - [03/Mar/2017:14:19:46 -0300] "POST /cormun/servlet/solicitudot?gx-no-cache=1488561659695 HTTP/1.1" 200 643
200.112.48.82 - - [03/Mar/2017:14:19:48 -0300] "GET /cormun/servlet/solicitudotadjuntos?INS,2017,5151,,1, HTTP/1.1" 200 5797
200.83.57.219 - - [03/Mar/2017:14:19:48 -0300] "POST /cormun/servlet/solicitudot?gx-no-cache=1488561661547 HTTP/1.1" 200 1157
200.112.48.82 - - [03/Mar/2017:14:19:48 -0300] "GET /cormun/static/about:blank HTTP/1.1" 404 1011
200.112.48.82 - - [03/Mar/2017:14:19:48 -0300] "GET /cormun/servlet/solicitudotadjuntos?INS,2017,5151,,1, HTTP/1.1" 200 5791
200.112.48.82 - - [03/Mar/2017:14:19:49 -0300] "GET /cormun/servlet/solicitudotadjuntos?7449f727fb36ccb5fa238cce8fa25a74e8b8b53d0aeb6f91a89748df9e248bddde04a9c939e4d5fb4e963b1548240eef,gx-no-cache=1488561657853 HTTP/1.1" 200 30
200.112.48.82 - - [03/Mar/2017:14:19:49 -0300] "POST /cormun/servlet/solicitudotadjuntos?8c8eafab1c8c977af193c2a795c07304,INS,2017,5151,,1,,gx-no-cache=1488561657961 HTTP/1.1" 200 3640
200.112.48.82 - - [03/Mar/2017:14:19:53 -0300] "POST /cormun/servlet/solicitudotadjuntos?gx-no-cache=1488561661399 HTTP/1.1" 200 26
200.83.57.219 - - [03/Mar/2017:14:19:55 -0300] "GET /cormun/static/menuarrow.gif HTTP/1.1" 404 1015
186.103.159.183 - - [03/Mar/2017:14:19:59 -0300] "GET /cormun/servlet/trsolicitudot? HTTP/1.1" 200 6958
186.103.159.183 - - [03/Mar/2017:14:20:00 -0300] "GET /cormun/static/gxui/gxui-all.css?120300 HTTP/1.1" 200 2179
186.103.159.183 - - [03/Mar/2017:14:20:00 -0300] "GET /cormun/static/calendar-system.css?85620 HTTP/1.1" 200 5572
186.103.159.183 - - [03/Mar/2017:14:20:00 -0300] "GET /cormun/static/gxcfg.js?20171191044697 HTTP/1.1" 200 953
186.103.159.183 - - [03/Mar/2017:14:20:00 -0300] "GET /cormun/static/calendar.js?85251 HTTP/1.1" 200 26246
186.103.159.183 - - [03/Mar/2017:14:20:00 -0300] "GET /cormun/static/calendar-setup.js?85251 HTTP/1.1" 200 2588
186.103.159.183 - - [03/Mar/2017:14:20:00 -0300] "GET /cormun/static/calendar-es.js?85251 HTTP/1.1" 200 1901
186.103.159.183 - - [03/Mar/2017:14:20:00 -0300] "GET /cormun/static/trsolicitudot.js?20171191045625 HTTP/1.1" 200 53117
186.103.159.183 - - [03/Mar/2017:14:20:00 -0300] "GET /cormun/static/gxdec.js?85251 HTTP/1.1" 200 19579
186.103.159.183 - - [03/Mar/2017:14:20:00 -0300] "GET /cormun/static/Shared/ext/resources/css/ext-all.css?215870 HTTP/1.1" 200 416045
186.103.159.183 - - [03/Mar/2017:14:20:00 -0300] "GET /cormun/static/Resources/PXTools/calendar.png HTTP/1.1" 200 1306
186.103.159.183 - - [03/Mar/2017:14:20:00 -0300] "GET /cormun/static/Resources/PXToolsGridNew.png HTTP/1.1" 200 2949
186.103.159.183 - - [03/Mar/2017:14:20:01 -0300] "GET /cormun/static/Resources/PXToolsDataSearch.png HTTP/1.1" 200 419
186.103.159.183 - - [03/Mar/2017:14:20:01 -0300] "GET /cormun/static/Resources/PXToolsGridFirstDisabled.gif HTTP/1.1" 200 100
186.103.159.183 - - [03/Mar/2017:14:20:01 -0300] "GET /cormun/static/Resources/PXToolsGridNextDisabled.gif HTTP/1.1" 200 90
186.103.159.183 - - [03/Mar/2017:14:20:01 -0300] "GET /cormun/static/Resources/PXToolsGridPage.gif HTTP/1.1" 200 725
186.103.159.183 - - [03/Mar/2017:14:20:01 -0300] "GET /cormun/static/Resources/PXToolsGridLastDisabled.gif HTTP/1.1" 200 98
186.103.159.183 - - [03/Mar/2017:14:20:01 -0300] "GET /cormun/static/Resources/PXToolsGridPreviousDisabled.gif HTTP/1.1" 200 90
186.103.159.183 - - [03/Mar/2017:14:20:01 -0300] "GET /cormun/static/Resources/PXToolsActionExcel.png HTTP/1.1" 200 3187
186.103.159.183 - - [03/Mar/2017:14:20:01 -0300] "GET /cormun/static/Resources/asc.gif HTTP/1.1" 200 67
186.103.159.183 - - [03/Mar/2017:14:20:01 -0300] "GET /cormun/static/Resources/desc.gif HTTP/1.1" 200 65
186.103.159.183 - - [03/Mar/2017:14:20:01 -0300] "GET /cormun/static/Shared/ext/resources/themes/images/default/panel/bg-headersPanel.png HTTP/1.1" 200 255
186.103.159.183 - - [03/Mar/2017:14:20:01 -0300] "GET /cormun/static/Shared/ext/resources/themes/images/default/tools/tool-sprites.gif HTTP/1.1" 200 5434
186.103.159.183 - - [03/Mar/2017:14:20:01 -0300] "GET /cormun/servlet/trsolicitudot? HTTP/1.1" 200 6958
200.83.57.219 - - [03/Mar/2017:14:20:02 -0300] "GET /cormun/servlet/solicitudot?e67578ce4a227f55b374fcc8c6e24c5bdbdcd0b8ffe2b5ebea399341398f0d89fc5c57974af52f4ac903c3242dd8c08d0f2bb6690ed5b673b558dc4267a3f26a7af151bf9285e58c8c81fc89d2f2a0b37f513f6f974b01d5305e0e830bc7aaf93ad8a42551e727252833cb79d8c4f4898e8aa352be5270987efdafd1b60c51144d5963c934eaec28cac2cf3378c5fd1303d80edec6b48ea87a172cbad5ae1ab6494178eb83f1dfe5cc3662f2781f9a3f,gx-no-cache=1488561675477 HTTP/1.1" 200 30
186.103.159.183 - - [03/Mar/2017:14:20:04 -0300] "GET /cormun/servlet/solicitudot?INS,0,0, HTTP/1.1" 200 12786
186.103.159.183 - - [03/Mar/2017:14:20:04 -0300] "GET /cormun/static/gxcfg.js?20171191042720 HTTP/1.1" 200 953
186.103.159.183 - - [03/Mar/2017:14:20:04 -0300] "GET /cormun/static/Resources/prompt.gif HTTP/1.1" 200 902
186.103.159.183 - - [03/Mar/2017:14:20:04 -0300] "GET /cormun/static/solicitudot.js?2017119104297 HTTP/1.1" 200 63948
186.103.159.183 - - [03/Mar/2017:14:20:05 -0300] "GET /cormun/servlet/solicitudot?INS,0,0, HTTP/1.1" 200 12791
200.112.48.82 - - [03/Mar/2017:14:20:08 -0300] "GET /cormun/servlet/solicitudotadjuntos?7449f727fb36ccb5fa238cce8fa25a7405d0b973e1c839871e787aac49a73344,gx-no-cache=1488561677006 HTTP/1.1" 200 30
200.112.48.82 - - [03/Mar/2017:14:20:08 -0300] "GET /cormun/servlet/solicitudotadjuntos?7449f727fb36ccb5fa238cce8fa25a7405d0b973e1c839871e787aac49a73344,gx-no-cache=1488561677080 HTTP/1.1" 200 30
200.83.57.219 - - [03/Mar/2017:14:20:16 -0300] "POST /cormun/servlet/solicitudot?9d8b09e5213c5446ef277da292424f67,INS,0,0,,gx-no-cache=1488561688830 HTTP/1.1" 200 93
200.83.57.219 - - [03/Mar/2017:14:20:16 -0300] "GET /cormun/servlet/hpexe_return? HTTP/1.1" 200 1006
200.83.57.219 - - [03/Mar/2017:14:20:16 -0300] "GET /cormun/servlet/trsolicitudot HTTP/1.1" 200 9144
200.83.57.219 - - [03/Mar/2017:14:20:17 -0300] "GET /cormun/servlet/trsolicitudot HTTP/1.1" 200 9140
200.83.57.219 - - [03/Mar/2017:14:20:22 -0300] "POST /cormun/servlet/trsolicitudot?9d8b09e5213c5446ef277da292424f67,gx-no-cache=1488561695783 HTTP/1.1" 200 106
200.83.57.219 - - [03/Mar/2017:14:20:23 -0300] "GET /cormun/servlet/trsolicitudadjuntos?2017,5154, HTTP/1.1" 200 6194
200.83.57.219 - - [03/Mar/2017:14:20:23 -0300] "GET /cormun/servlet/trsolicitudadjuntos?2017,5154, HTTP/1.1" 200 6193
200.112.48.82 - - [03/Mar/2017:14:20:23 -0300] "POST /cormun/servlet/solicitudotadjuntos?8c8eafab1c8c977af193c2a795c07304,INS,2017,5151,,1, HTTP/1.1" 200 116
200.112.48.82 - - [03/Mar/2017:14:20:24 -0300] "GET /cormun/servlet/hpexe_return? HTTP/1.1" 200 1022
200.112.48.82 - - [03/Mar/2017:14:20:24 -0300] "GET /cormun/servlet/trsolicitudadjuntos?2017,5151, HTTP/1.1" 200 8694
200.83.57.219 - - [03/Mar/2017:14:20:25 -0300] "GET /cormun/servlet/solicitudotadjuntos?INS,2017,5154,,1, HTTP/1.1" 200 6121
200.112.48.82 - - [03/Mar/2017:14:20:25 -0300] "GET /cormun/servlet/trsolicitudadjuntos?2017,5151, HTTP/1.1" 200 8694
200.83.57.219 - - [03/Mar/2017:14:20:25 -0300] "GET /cormun/static/about:blank HTTP/1.1" 404 1011
200.83.57.219 - - [03/Mar/2017:14:20:26 -0300] "GET /cormun/servlet/solicitudotadjuntos?INS,2017,5154,,1, HTTP/1.1" 200 6115
200.83.57.219 - - [03/Mar/2017:14:20:26 -0300] "GET /cormun/servlet/solicitudotadjuntos?e67578ce4a227f55b374fcc8c6e24c5b4b33344aa1adac9a0e2d901b2f5e88a513a29a76d0c57c8e41d1b248d5ec7a7b,gx-no-cache=1488561699450 HTTP/1.1" 200 30
200.83.57.219 - - [03/Mar/2017:14:20:26 -0300] "POST /cormun/servlet/solicitudotadjuntos?9d8b09e5213c5446ef277da292424f67,INS,2017,5154,,1,,gx-no-cache=1488561699493 HTTP/1.1" 200 3833
200.83.57.219 - - [03/Mar/2017:14:20:27 -0300] "POST /cormun/servlet/solicitudotadjuntos?gx-no-cache=1488561700758 HTTP/1.1" 200 26
200.83.57.219 - - [03/Mar/2017:14:20:35 -0300] "POST /cormun/servlet/solicitudotadjuntos?gx-no-cache=1488561708785 HTTP/1.1" 200 26
200.112.48.82 - - [03/Mar/2017:14:20:38 -0300] "GET /cormun/servlet/solicitudotadjuntos?INS,2017,5151,,1, HTTP/1.1" 200 5797
200.112.48.82 - - [03/Mar/2017:14:20:38 -0300] "GET /cormun/static/about:blank HTTP/1.1" 404 1011
200.112.48.82 - - [03/Mar/2017:14:20:38 -0300] "GET /cormun/servlet/solicitudotadjuntos?INS,2017,5151,,1, HTTP/1.1" 200 5791
200.112.48.82 - - [03/Mar/2017:14:20:39 -0300] "GET /cormun/servlet/solicitudotadjuntos?7449f727fb36ccb5fa238cce8fa25a74e8b8b53d0aeb6f91a89748df9e248bddde04a9c939e4d5fb4e963b1548240eef,gx-no-cache=1488561707666 HTTP/1.1" 200 30
200.112.48.82 - - [03/Mar/2017:14:20:39 -0300] "POST /cormun/servlet/solicitudotadjuntos?8c8eafab1c8c977af193c2a795c07304,INS,2017,5151,,1,,gx-no-cache=1488561707745 HTTP/1.1" 200 3641
200.112.48.82 - - [03/Mar/2017:14:20:42 -0300] "POST /cormun/servlet/solicitudotadjuntos?gx-no-cache=1488561711105 HTTP/1.1" 200 26
200.112.48.82 - - [03/Mar/2017:14:20:47 -0300] "GET /cormun/servlet/solicitudotadjuntos?7449f727fb36ccb5fa238cce8fa25a7405d0b973e1c839871e787aac49a73344,gx-no-cache=1488561715704 HTTP/1.1" 200 30
200.112.48.82 - - [03/Mar/2017:14:20:47 -0300] "GET /cormun/servlet/solicitudotadjuntos?7449f727fb36ccb5fa238cce8fa25a7405d0b973e1c839871e787aac49a73344,gx-no-cache=1488561715774 HTTP/1.1" 200 30
200.83.57.219 - - [03/Mar/2017:14:20:47 -0300] "GET /cormun/servlet/solicitudotadjuntos?e67578ce4a227f55b374fcc8c6e24c5b283afd0698ee1afb11194e1f5a9c6984,gx-no-cache=1488561720307 HTTP/1.1" 200 30
200.83.57.219 - - [03/Mar/2017:14:20:47 -0300] "GET /cormun/servlet/solicitudotadjuntos?e67578ce4a227f55b374fcc8c6e24c5b283afd0698ee1afb11194e1f5a9c6984,gx-no-cache=1488561720353 HTTP/1.1" 200 30
200.83.57.219 - - [03/Mar/2017:14:20:48 -0300] "POST /cormun/servlet/solicitudotadjuntos?9d8b09e5213c5446ef277da292424f67,INS,2017,5154,,1, HTTP/1.1" 200 116
200.83.57.219 - - [03/Mar/2017:14:20:48 -0300] "GET /cormun/servlet/hpexe_return? HTTP/1.1" 200 1025
200.83.57.219 - - [03/Mar/2017:14:20:48 -0300] "GET /cormun/servlet/trsolicitudadjuntos?2017,5154, HTTP/1.1" 200 8340
200.83.57.219 - - [03/Mar/2017:14:20:49 -0300] "GET /cormun/servlet/trsolicitudadjuntos?2017,5154, HTTP/1.1" 200 8336
200.83.57.219 - - [03/Mar/2017:14:20:51 -0300] "GET /cormun/servlet/solicitudotadjuntos?INS,2017,5154,,1, HTTP/1.1" 200 6121
200.83.57.219 - - [03/Mar/2017:14:20:51 -0300] "GET /cormun/static/about:blank HTTP/1.1" 404 1011
186.103.157.98 - - [03/Mar/2017:14:20:51 -0300] "POST /cormun/servlet/solicitudot?gx-no-cache=1488561724589 HTTP/1.1" 200 1286
200.83.57.219 - - [03/Mar/2017:14:20:51 -0300] "GET /cormun/servlet/solicitudotadjuntos?INS,2017,5154,,1, HTTP/1.1" 200 6115
186.103.157.98 - - [03/Mar/2017:14:20:51 -0300] "POST /cormun/servlet/solicitudot?gx-no-cache=1488561724720 HTTP/1.1" 200 41
186.103.157.98 - - [03/Mar/2017:14:20:51 -0300] "POST /cormun/servlet/solicitudot?gx-no-cache=1488561724755 HTTP/1.1" 200 1273
186.103.157.98 - - [03/Mar/2017:14:20:51 -0300] "POST /cormun/servlet/solicitudot?gx-no-cache=1488561724805 HTTP/1.1" 200 1157
200.83.57.219 - - [03/Mar/2017:14:20:52 -0300] "GET /cormun/servlet/solicitudotadjuntos?e67578ce4a227f55b374fcc8c6e24c5b4b33344aa1adac9a0e2d901b2f5e88a513a29a76d0c57c8e41d1b248d5ec7a7b,gx-no-cache=1488561724941 HTTP/1.1" 200 30
200.83.57.219 - - [03/Mar/2017:14:20:52 -0300] "POST /cormun/servlet/solicitudotadjuntos?9d8b09e5213c5446ef277da292424f67,INS,2017,5154,,1,,gx-no-cache=1488561724988 HTTP/1.1" 200 3833
200.83.57.219 - - [03/Mar/2017:14:20:54 -0300] "POST /cormun/servlet/solicitudotadjuntos?gx-no-cache=1488561727282 HTTP/1.1" 200 26
186.103.159.183 - - [03/Mar/2017:14:20:57 -0300] "POST /cormun/servlet/solicitudot?gx-no-cache=1488561728747 HTTP/1.1" 200 3178
186.103.159.183 - - [03/Mar/2017:14:20:57 -0300] "POST /cormun/servlet/solicitudot?d1c63b169230d872ee14e0c65238c719,INS,0,0,,gx-no-cache=1488561729022 HTTP/1.1" 200 9963
200.112.48.82 - - [03/Mar/2017:14:20:59 -0300] "POST /cormun/servlet/solicitudotadjuntos?8c8eafab1c8c977af193c2a795c07304,INS,2017,5151,,1, HTTP/1.1" 200 116
200.112.48.82 - - [03/Mar/2017:14:21:00 -0300] "GET /cormun/servlet/hpexe_return? HTTP/1.1" 200 1022
186.103.159.183 - - [03/Mar/2017:14:21:00 -0300] "GET /cormun/servlet/solicitudot?7dcba834944f7b35fa46d0b2b4b53efa7f6d54efe295308c261ab4d3585d06ca0314e6686afdb4a3d85757441f09c858,gx-no-cache=1488561732038 HTTP/1.1" 200 30
186.103.159.183 - - [03/Mar/2017:14:21:00 -0300] "POST /cormun/servlet/solicitudot?gx-no-cache=1488561732402 HTTP/1.1" 200 255
186.103.159.183 - - [03/Mar/2017:14:21:00 -0300] "GET /cormun/servlet/solicitudot?7dcba834944f7b35fa46d0b2b4b53efa4fd2666cfa4eb6313b270c79b8455a09a0c5c061fd52a786ae77982133a7f563e05dc91107b232fc7d35ba1f51e63e79df209f684231f294dc96b4cec30dded05849c99b5812b0890c59b6e54832890457a129c595b202f0a2a410d75a20033307e092a9b42270251031e1354cf99b5cdeaaad6ea499223a5e54e2314222fdef2f26cf3713e425a9bf4cf49630a89e563af681c06874ca63fcdfcf370709a115d4cf05f89c380dbcc1096ca079c5cc74bc91e1dc448548c232d219481a54c422ce6df97d6aefe84d94862f87a36cf89d2b2b22b5c35287cc8e0c06e4d38a7a9a51f5dbef7eb2dd93fb2dcac4b685901f79d64c8be9b5daf096cf8fb69cbf05d5375603056b504de4ed3f9675823e8894d78d1d1231ffb25fec65b001de10e8ddc02a621f2d9babd5e03fde21a5ca0ee6c4fdfa9a3dfbfc65b4e4a9d46254d9d965035c666c4c5503c9fd0bd516966df3098d2f5f016e5a4383cb025450ca9a6557f470580ca81e3f95c8526efa4501ac,gx-no-cache=1488561732468 HTTP/1.1" 200 30
200.112.48.82 - - [03/Mar/2017:14:21:00 -0300] "GET /cormun/servlet/trsolicitudadjuntos?2017,5151, HTTP/1.1" 200 8926
200.83.57.219 - - [03/Mar/2017:14:21:01 -0300] "GET /cormun/servlet/solicitudotadjuntos?e67578ce4a227f55b374fcc8c6e24c5b283afd0698ee1afb11194e1f5a9c6984,gx-no-cache=1488561733970 HTTP/1.1" 200 30
200.83.57.219 - - [03/Mar/2017:14:21:01 -0300] "GET /cormun/servlet/solicitudotadjuntos?e67578ce4a227f55b374fcc8c6e24c5b283afd0698ee1afb11194e1f5a9c6984,gx-no-cache=1488561734014 HTTP/1.1" 200 30
200.112.48.82 - - [03/Mar/2017:14:21:02 -0300] "GET /cormun/servlet/trsolicitudadjuntos?2017,5151, HTTP/1.1" 200 8920
200.83.57.219 - - [03/Mar/2017:14:21:02 -0300] "POST /cormun/servlet/solicitudotadjuntos?9d8b09e5213c5446ef277da292424f67,INS,2017,5154,,1, HTTP/1.1" 200 116
200.83.57.219 - - [03/Mar/2017:14:21:02 -0300] "GET /cormun/servlet/hpexe_return? HTTP/1.1" 200 1025
186.103.159.183 - - [03/Mar/2017:14:21:02 -0300] "POST /cormun/servlet/solicitudot?gx-no-cache=1488561733820 HTTP/1.1" 200 30
200.83.57.219 - - [03/Mar/2017:14:21:02 -0300] "GET /cormun/servlet/trsolicitudadjuntos?2017,5154, HTTP/1.1" 200 8505
200.83.57.219 - - [03/Mar/2017:14:21:03 -0300] "GET /cormun/servlet/trsolicitudadjuntos?2017,5154, HTTP/1.1" 200 8502
200.83.57.219 - - [03/Mar/2017:14:21:04 -0300] "GET /cormun/servlet/solicitudotadjuntos?INS,2017,5154,,1, HTTP/1.1" 200 6121
200.83.57.219 - - [03/Mar/2017:14:21:04 -0300] "GET /cormun/static/about:blank HTTP/1.1" 404 1011
200.83.57.219 - - [03/Mar/2017:14:21:05 -0300] "GET /cormun/servlet/solicitudotadjuntos?INS,2017,5154,,1, HTTP/1.1" 200 6115
200.83.57.219 - - [03/Mar/2017:14:21:05 -0300] "GET /cormun/servlet/solicitudotadjuntos?e67578ce4a227f55b374fcc8c6e24c5b4b33344aa1adac9a0e2d901b2f5e88a513a29a76d0c57c8e41d1b248d5ec7a7b,gx-no-cache=1488561738323 HTTP/1.1" 200 30
200.83.57.219 - - [03/Mar/2017:14:21:05 -0300] "POST /cormun/servlet/solicitudotadjuntos?9d8b09e5213c5446ef277da292424f67,INS,2017,5154,,1,,gx-no-cache=1488561738364 HTTP/1.1" 200 3833
200.83.57.219 - - [03/Mar/2017:14:21:08 -0300] "POST /cormun/servlet/solicitudotadjuntos?gx-no-cache=1488561740864 HTTP/1.1" 200 26
200.83.57.219 - - [03/Mar/2017:14:21:12 -0300] "GET /cormun/servlet/solicitudotadjuntos?e67578ce4a227f55b374fcc8c6e24c5b283afd0698ee1afb11194e1f5a9c6984,gx-no-cache=1488561744947 HTTP/1.1" 200 30
200.83.57.219 - - [03/Mar/2017:14:21:12 -0300] "GET /cormun/servlet/solicitudotadjuntos?e67578ce4a227f55b374fcc8c6e24c5b283afd0698ee1afb11194e1f5a9c6984,gx-no-cache=1488561744995 HTTP/1.1" 200 30
200.83.57.219 - - [03/Mar/2017:14:21:13 -0300] "POST /cormun/servlet/solicitudotadjuntos?9d8b09e5213c5446ef277da292424f67,INS,2017,5154,,1, HTTP/1.1" 200 116
200.83.57.219 - - [03/Mar/2017:14:21:13 -0300] "GET /cormun/servlet/hpexe_return? HTTP/1.1" 200 1025
200.83.57.219 - - [03/Mar/2017:14:21:13 -0300] "GET /cormun/servlet/trsolicitudadjuntos?2017,5154, HTTP/1.1" 200 8649
200.83.57.219 - - [03/Mar/2017:14:21:14 -0300] "GET /cormun/servlet/trsolicitudadjuntos?2017,5154, HTTP/1.1" 200 8646
200.83.57.219 - - [03/Mar/2017:14:21:15 -0300] "GET /cormun/servlet/solicitudotadjuntos?INS,2017,5154,,1, HTTP/1.1" 200 6121
200.83.57.219 - - [03/Mar/2017:14:21:15 -0300] "GET /cormun/static/about:blank HTTP/1.1" 404 1011
200.83.57.219 - - [03/Mar/2017:14:21:16 -0300] "GET /cormun/servlet/solicitudotadjuntos?INS,2017,5154,,1, HTTP/1.1" 200 6115
200.83.57.219 - - [03/Mar/2017:14:21:16 -0300] "GET /cormun/servlet/solicitudotadjuntos?e67578ce4a227f55b374fcc8c6e24c5b4b33344aa1adac9a0e2d901b2f5e88a513a29a76d0c57c8e41d1b248d5ec7a7b,gx-no-cache=1488561749380 HTTP/1.1" 200 30
200.83.57.219 - - [03/Mar/2017:14:21:16 -0300] "POST /cormun/servlet/solicitudotadjuntos?9d8b09e5213c5446ef277da292424f67,INS,2017,5154,,1,,gx-no-cache=1488561749429 HTTP/1.1" 200 3832
200.112.48.82 - - [03/Mar/2017:14:21:17 -0300] "GET /cormun/servlet/trsolicitudot? HTTP/1.1" 200 7860
200.112.48.82 - - [03/Mar/2017:14:21:17 -0300] "GET /cormun/servlet/trsolicitudot? HTTP/1.1" 200 7853
200.83.57.219 - - [03/Mar/2017:14:21:19 -0300] "POST /cormun/servlet/solicitudotadjuntos?gx-no-cache=1488561751984 HTTP/1.1" 200 26
200.83.57.219 - - [03/Mar/2017:14:21:24 -0300] "GET /cormun/servlet/solicitudotadjuntos?e67578ce4a227f55b374fcc8c6e24c5b283afd0698ee1afb11194e1f5a9c6984,gx-no-cache=1488561756938 HTTP/1.1" 200 30
200.83.57.219 - - [03/Mar/2017:14:21:24 -0300] "GET /cormun/servlet/solicitudotadjuntos?e67578ce4a227f55b374fcc8c6e24c5b283afd0698ee1afb11194e1f5a9c6984,gx-no-cache=1488561756984 HTTP/1.1" 200 30
200.83.57.219 - - [03/Mar/2017:14:21:25 -0300] "POST /cormun/servlet/solicitudotadjuntos?9d8b09e5213c5446ef277da292424f67,INS,2017,5154,,1, HTTP/1.1" 200 116
200.83.57.219 - - [03/Mar/2017:14:21:25 -0300] "GET /cormun/servlet/hpexe_return? HTTP/1.1" 200 1025
200.83.57.219 - - [03/Mar/2017:14:21:25 -0300] "GET /cormun/servlet/trsolicitudadjuntos?2017,5154, HTTP/1.1" 200 8777
200.83.57.219 - - [03/Mar/2017:14:21:26 -0300] "GET /cormun/servlet/trsolicitudadjuntos?2017,5154, HTTP/1.1" 200 8774
200.83.57.219 - - [03/Mar/2017:14:21:28 -0300] "GET /cormun/servlet/solicitudotadjuntos?INS,2017,5154,,1, HTTP/1.1" 200 6121
200.83.57.219 - - [03/Mar/2017:14:21:28 -0300] "GET /cormun/static/about:blank HTTP/1.1" 404 1011
200.83.57.219 - - [03/Mar/2017:14:21:28 -0300] "GET /cormun/servlet/solicitudotadjuntos?INS,2017,5154,,1, HTTP/1.1" 200 6115
200.83.57.219 - - [03/Mar/2017:14:21:29 -0300] "GET /cormun/servlet/solicitudotadjuntos?e67578ce4a227f55b374fcc8c6e24c5b4b33344aa1adac9a0e2d901b2f5e88a513a29a76d0c57c8e41d1b248d5ec7a7b,gx-no-cache=1488561762158 HTTP/1.1" 200 30
200.83.57.219 - - [03/Mar/2017:14:21:29 -0300] "POST /cormun/servlet/solicitudotadjuntos?9d8b09e5213c5446ef277da292424f67,INS,2017,5154,,1,,gx-no-cache=1488561762196 HTTP/1.1" 200 3832
200.83.57.219 - - [03/Mar/2017:14:21:31 -0300] "POST /cormun/servlet/solicitudotadjuntos?gx-no-cache=1488561763950 HTTP/1.1" 200 26
200.83.57.219 - - [03/Mar/2017:14:21:37 -0300] "GET /cormun/servlet/solicitudotadjuntos?e67578ce4a227f55b374fcc8c6e24c5b283afd0698ee1afb11194e1f5a9c6984,gx-no-cache=1488561770499 HTTP/1.1" 200 30
200.83.57.219 - - [03/Mar/2017:14:21:37 -0300] "GET /cormun/servlet/solicitudotadjuntos?e67578ce4a227f55b374fcc8c6e24c5b283afd0698ee1afb11194e1f5a9c6984,gx-no-cache=1488561770543 HTTP/1.1" 200 30
200.83.57.219 - - [03/Mar/2017:14:21:38 -0300] "POST /cormun/servlet/solicitudotadjuntos?9d8b09e5213c5446ef277da292424f67,INS,2017,5154,,1, HTTP/1.1" 200 116
200.83.57.219 - - [03/Mar/2017:14:21:38 -0300] "GET /cormun/servlet/hpexe_return? HTTP/1.1" 200 1025
200.112.48.82 - - [03/Mar/2017:14:21:39 -0300] "POST /cormun/servlet/trsolicitudot?8c8eafab1c8c977af193c2a795c07304,,gx-no-cache=1488561766990 HTTP/1.1" 200 3909
200.83.57.219 - - [03/Mar/2017:14:21:39 -0300] "GET /cormun/servlet/trsolicitudadjuntos?2017,5154, HTTP/1.1" 200 8961
200.112.48.82 - - [03/Mar/2017:14:21:39 -0300] "GET /cormun/static/Shared/jqueryui/images/ui-bg_highlight-soft_100_c6c2c8_1x100.png HTTP/1.1" 404 1117
200.112.48.82 - - [03/Mar/2017:14:21:39 -0300] "GET /cormun/static/Shared/jqueryui/images/ui-icons_82798d_256x240.png HTTP/1.1" 404 1089
200.112.48.82 - - [03/Mar/2017:14:21:39 -0300] "GET /cormun/static/Shared/jqueryui/images/ui-bg_flat_55_fafafa_40x100.png HTTP/1.1" 404 1097
200.112.48.82 - - [03/Mar/2017:14:21:39 -0300] "GET /cormun/static/Shared/jqueryui/images/ui-icons_8d78a5_256x240.png HTTP/1.1" 404 1089
200.112.48.82 - - [03/Mar/2017:14:21:39 -0300] "POST /cormun/servlet/trsolicitudot?8c8eafab1c8c977af193c2a795c07304,,gx-no-cache=1488561767826 HTTP/1.1" 200 3683
200.83.57.219 - - [03/Mar/2017:14:21:39 -0300] "GET /cormun/servlet/trsolicitudadjuntos?2017,5154, HTTP/1.1" 200 8958
200.83.57.219 - - [03/Mar/2017:14:21:50 -0300] "GET /cormun/servlet/solicitudotadjuntos?INS,2017,5154,,2, HTTP/1.1" 200 6121
200.83.57.219 - - [03/Mar/2017:14:21:50 -0300] "GET /cormun/static/about:blank HTTP/1.1" 404 1011
200.83.57.219 - - [03/Mar/2017:14:21:50 -0300] "GET /cormun/servlet/solicitudotadjuntos?INS,2017,5154,,2, HTTP/1.1" 200 6114
200.83.57.219 - - [03/Mar/2017:14:21:51 -0300] "GET /cormun/servlet/solicitudotadjuntos?e67578ce4a227f55b374fcc8c6e24c5b4b33344aa1adac9a0e2d901b2f5e88a513a29a76d0c57c8e41d1b248d5ec7a7b,gx-no-cache=1488561784046 HTTP/1.1" 200 30
200.83.57.219 - - [03/Mar/2017:14:21:51 -0300] "POST /cormun/servlet/solicitudotadjuntos?9d8b09e5213c5446ef277da292424f67,INS,2017,5154,,2,,gx-no-cache=1488561784085 HTTP/1.1" 200 4048
186.103.159.183 - - [03/Mar/2017:14:21:52 -0300] "POST /cormun/servlet/solicitudot?gx-no-cache=1488561784230 HTTP/1.1" 200 30
186.103.157.98 - - [03/Mar/2017:14:21:53 -0300] "GET /cormun/servlet/prsolicitudot?17521826,,,,,MD,,gxPopupLevel%3D0%3B HTTP/1.1" 200 5964
186.103.159.183 - - [03/Mar/2017:14:21:58 -0300] "GET /cormun/static/Resources/resize.gif HTTP/1.1" 200 77
186.103.159.183 - - [03/Mar/2017:14:21:58 -0300] "GET /cormun/servlet/prcontratosol?9545790,,,,,MD,,gxPopupLevel%3D0%3B HTTP/1.1" 200 5949
186.103.159.183 - - [03/Mar/2017:14:21:58 -0300] "GET /cormun/static/gxcfg.js?2016102711553248 HTTP/1.1" 200 953
186.103.159.183 - - [03/Mar/2017:14:21:58 -0300] "GET /cormun/static/prcontratosol.js?2016102711553411 HTTP/1.1" 200 14084
186.103.159.183 - - [03/Mar/2017:14:21:58 -0300] "GET /cormun/static/menusearch.js?201610171694467 HTTP/1.1" 200 1424
186.103.159.183 - - [03/Mar/2017:14:21:58 -0300] "GET /cormun/static/hmpwkw011.js?201612218515582 HTTP/1.1" 200 1968
186.103.159.183 - - [03/Mar/2017:14:21:58 -0300] "GET /cormun/static/Resources/PXToolsGridFirst.gif HTTP/1.1" 200 379
186.103.159.183 - - [03/Mar/2017:14:21:58 -0300] "GET /cormun/static/Resources/PXToolsGridNext.gif HTTP/1.1" 200 369
186.103.159.183 - - [03/Mar/2017:14:21:58 -0300] "GET /cormun/static/Resources/PXToolsGridPrevious.gif HTTP/1.1" 200 369
186.103.159.183 - - [03/Mar/2017:14:21:58 -0300] "GET /cormun/static/Resources/PXToolsMenuSearchCancel.png HTTP/1.1" 200 2972
186.103.159.183 - - [03/Mar/2017:14:21:58 -0300] "GET /cormun/static/Resources/PXToolsMenuSearch.png HTTP/1.1" 200 2914
186.103.159.183 - - [03/Mar/2017:14:21:58 -0300] "GET /cormun/static/Resources/PXToolsGridLast.gif HTTP/1.1" 200 370
200.83.57.219 - - [03/Mar/2017:14:21:59 -0300] "POST /cormun/servlet/solicitudotadjuntos?9d8b09e5213c5446ef277da292424f67,INS,2017,5154,,2,,gx-no-cache=1488561792248 HTTP/1.1" 200 93
200.83.57.219 - - [03/Mar/2017:14:21:59 -0300] "GET /cormun/servlet/hpexe_return? HTTP/1.1" 200 1025
200.83.57.219 - - [03/Mar/2017:14:21:59 -0300] "GET /cormun/servlet/trsolicitudadjuntos?2017,5154, HTTP/1.1" 200 8959
200.83.57.219 - - [03/Mar/2017:14:22:00 -0300] "GET /cormun/servlet/trsolicitudadjuntos?2017,5154, HTTP/1.1" 200 8957
186.103.159.183 - - [03/Mar/2017:14:22:03 -0300] "POST /cormun/servlet/solicitudot?gx-no-cache=1488561794796 HTTP/1.1" 200 1291
186.103.159.183 - - [03/Mar/2017:14:22:03 -0300] "POST /cormun/servlet/solicitudot?gx-no-cache=1488561794999 HTTP/1.1" 200 38
186.103.159.183 - - [03/Mar/2017:14:22:03 -0300] "GET /cormun/servlet/solicitudot?7dcba834944f7b35fa46d0b2b4b53efa93336c2dcd420a9fe88fb52e0cb36bb9fa0971b744d3c298838300129da500052a3c2b38ec205b97197152f2505e4f5124133bf5763be93abbc2e52d2e995d317b2e8b32239339ff2becc14e6182dcc42536f8d5704a67e0a8da8ec63a0dcea1fe9cc8d15e67a969119adf594c395b85823bac7a588f564b8554cf6d8f0ae707cf59e6300b1138e3d9dd1368b952ae47,gx-no-cache=1488561795102 HTTP/1.1" 200 29
186.103.159.183 - - [03/Mar/2017:14:22:03 -0300] "POST /cormun/servlet/solicitudot?gx-no-cache=1488561795147 HTTP/1.1" 200 1274
186.103.159.183 - - [03/Mar/2017:14:22:03 -0300] "POST /cormun/servlet/solicitudot?gx-no-cache=1488561795236 HTTP/1.1" 200 1157
186.103.159.183 - - [03/Mar/2017:14:22:21 -0300] "POST /cormun/servlet/solicitudot?gx-no-cache=1488561813350 HTTP/1.1" 200 1273
186.103.159.183 - - [03/Mar/2017:14:22:21 -0300] "POST /cormun/servlet/solicitudot?gx-no-cache=1488561813471 HTTP/1.1" 200 1157
186.103.159.183 - - [03/Mar/2017:14:22:21 -0300] "GET /cormun/static/menuarrow.gif HTTP/1.1" 404 1015
186.103.159.183 - - [03/Mar/2017:14:22:23 -0300] "POST /cormun/servlet/solicitudot?gx-no-cache=1488561814993 HTTP/1.1" 200 1273
186.103.159.183 - - [03/Mar/2017:14:22:23 -0300] "POST /cormun/servlet/solicitudot?gx-no-cache=1488561815097 HTTP/1.1" 200 1157
200.112.48.82 - - [03/Mar/2017:14:22:31 -0300] "GET /cormun/servlet/trsolicitudot? HTTP/1.1" 200 6524
200.112.48.82 - - [03/Mar/2017:14:22:31 -0300] "GET /cormun/servlet/trsolicitudot? HTTP/1.1" 200 6524
200.112.48.82 - - [03/Mar/2017:14:22:38 -0300] "GET /cormun/servlet/solicitudot?INS,0,0, HTTP/1.1" 200 12569
200.112.48.82 - - [03/Mar/2017:14:22:38 -0300] "GET /cormun/servlet/solicitudot?INS,0,0, HTTP/1.1" 200 12574
200.112.48.82 - - [03/Mar/2017:14:22:53 -0300] "POST /cormun/servlet/solicitudot?gx-no-cache=1488561841695 HTTP/1.1" 200 3154
200.112.48.82 - - [03/Mar/2017:14:22:54 -0300] "POST /cormun/servlet/solicitudot?8c8eafab1c8c977af193c2a795c07304,INS,0,0,,gx-no-cache=1488561842436 HTTP/1.1" 200 9759
186.103.159.183 - - [03/Mar/2017:14:23:13 -0300] "GET /cormun/servlet/solicitudot?7dcba834944f7b35fa46d0b2b4b53efa78371a379e5703da9298f2a6f6397b4d0a7da36d2cbe3ea49edc88629e7c260c2582aa118d682f0be4e237a9307362c5acbad5a6b1000212fbdf8d5fe2cbb08258eafa268c447b4f5791f47e90af138b745f6506f80e2050d95b2aacb3b63827b691f3159898f251098344474104dc49ab55314851437e1a4b40e9ddde8b4f60be11a00b37e42162ea95e65f26c0664de15de33cbbfdb06d1e3c3f190a61ad0c,gx-no-cache=1488561865213 HTTP/1.1" 200 30
186.103.157.98 - - [03/Mar/2017:14:23:21 -0300] "POST /cormun/servlet/solicitudot?gx-no-cache=1488561874595 HTTP/1.1" 200 30
186.103.157.98 - - [03/Mar/2017:14:23:21 -0300] "POST /cormun/servlet/solicitudot?gx-no-cache=1488561874646 HTTP/1.1" 200 1286
186.103.157.98 - - [03/Mar/2017:14:23:21 -0300] "POST /cormun/servlet/solicitudot?gx-no-cache=1488561874715 HTTP/1.1" 200 41
186.103.157.98 - - [03/Mar/2017:14:23:21 -0300] "POST /cormun/servlet/solicitudot?gx-no-cache=1488561874755 HTTP/1.1" 200 1273
186.103.157.98 - - [03/Mar/2017:14:23:21 -0300] "POST /cormun/servlet/solicitudot?gx-no-cache=1488561874810 HTTP/1.1" 200 1157
186.103.157.98 - - [03/Mar/2017:14:23:30 -0300] "GET /cormun/servlet/prsolicitudot?17521826,,,,,MD,,gxPopupLevel%3D0%3B HTTP/1.1" 200 5964
200.112.48.82 - - [03/Mar/2017:14:23:38 -0300] "GET /cormun/servlet/solicitudot?7449f727fb36ccb5fa238cce8fa25a746ca0814a428c7369280c131cbd76cd390ef28f4badad9c96d798f5d852edd229,gx-no-cache=1488561886807 HTTP/1.1" 200 30
200.112.48.82 - - [03/Mar/2017:14:23:38 -0300] "POST /cormun/servlet/solicitudot?gx-no-cache=1488561886960 HTTP/1.1" 200 255
200.112.48.82 - - [03/Mar/2017:14:23:38 -0300] "GET /cormun/servlet/solicitudot?7449f727fb36ccb5fa238cce8fa25a747da6480a4b7222eea33babb1d5c20e27809e003c1fd53d1834bb631d637ee2984d75295a12ab89ef1a98766758c490e5c85a9be9395f5aa6e90fcd7eccddb53110d82f359bb00b85157d81aba1d3bc7df900eb00c05c26db7185b8ea60eb45f39b715a5997248f5589a9327e86ac504cc04ae54cfdd1fee781a7b0d7e3d76ad7de3a33649cd1456c5580f1877970d90ca53758ced8545928cc164fbcaa89a43c59fc87b9dd5dd416e0ec47875d3bb431690f2a5512a6a82c1f67c54653d9aba80dda349b9fa98faf482c3a98eca1e68c03944feedc9068c77d836f5084725ccb3f6723adf1756691d2fb4ec2b914aabb3cc9ecb4c2d471acb6a5e2431e91e5d2c28435f110085f12a94a07c1b94a4f5fa823e12c374a87b92c697d5b4fef3c45345363ef4e1000099d25ffe54350449c76c7feb17a577712a9df49fc17cfa159772d28a5446dcfac2328b0434d7135b029627c56550e470c3fc3d5007ad4926099df852af7d6d398bb357beb15318d07,gx-no-cache=1488561887149 HTTP/1.1" 200 30
200.112.48.82 - - [03/Mar/2017:14:23:42 -0300] "POST /cormun/servlet/solicitudot?gx-no-cache=1488561891242 HTTP/1.1" 200 30
200.112.48.82 - - [03/Mar/2017:14:23:47 -0300] "POST /cormun/servlet/solicitudot?gx-no-cache=1488561895567 HTTP/1.1" 200 1290
200.112.48.82 - - [03/Mar/2017:14:23:47 -0300] "POST /cormun/servlet/solicitudot?gx-no-cache=1488561895928 HTTP/1.1" 200 38
