186.103.159.182 - - [03/Mar/2017:12:11:04 -0300] "GET /cormun/servlet/solicitudot?7f0570b57a3f2aa593d372dba3f75d4f81cfd0d10793362e299add8f855f2b052c24de1b44961d67a70c6935659056b5016bada567f0532b904cc9509d4fcac22d0cc0c60b159c3ec103da40692862da6dd05f237d0eb10864cf09a859357210c6bbb5483b10401697c0f4ed219ae94631c1a4e552844ab26b64e21f2e425b992be17eb0bc8d9910d582da60056ca4e0bd3e012315ee6dac8b573257d03c2df1d8352bb5e1e81d6b0dc9f9845fd504620f0abb7ea19f970b7bbfa2cd3d5bb3ec6b91bae290cfd64a7a52f82196059f89bac26c68b01047f8902cd4443a0c2d6c933057ce9f10dbba69aeb92f8f70d66d8ae2c55e858e2d1b52be9180bc38bb4f3b56584ecbc6278dcfebd7a5248e3d4ce5796dc40673c70df87c190f68e79c527ced75ca70caa44edbc66616dfa5a9718ebcb4624278dfa3a4ade2788891d59073cb2d30749593207b4c0f9f7e0fdc287db231a153c19901b6b9c945bec43247943ffb9348aa2f27bd7c3fcff7bad3f65c6486ff8e16b4b4fd7b07a39ed1ca639956320f86ab254a9b26b29cfc3bb25e,gx-no-cache=1488553935013 HTTP/1.1" 200 30
192.168.10.62 - - [03/Mar/2017:12:11:06 -0300] "POST /cormun/servlet/vesolicitudgral?fff5d73cefe7823a98abf3e53052c316,2017,4964,,,gx-no-cache=1488557151963 HTTP/1.1" 200 90
192.168.10.62 - - [03/Mar/2017:12:11:06 -0300] "GET /cormun/servlet/hpexe_link HTTP/1.1" 200 965
192.168.10.62 - - [03/Mar/2017:12:11:06 -0300] "GET /cormun/servlet/trsolicitudgral? HTTP/1.1" 200 10314
186.103.159.182 - - [03/Mar/2017:12:11:07 -0300] "POST /cormun/servlet/solicitudot?gx-no-cache=1488553937503 HTTP/1.1" 200 30
192.168.10.62 - - [03/Mar/2017:12:11:07 -0300] "GET /cormun/servlet/trsolicitudgral? HTTP/1.1" 200 10312
200.54.247.69 - - [03/Mar/2017:12:11:07 -0300] "GET /cormun/servlet/trlicencias? HTTP/1.1" 200 8437
192.168.10.62 - - [03/Mar/2017:12:11:13 -0300] "GET /cormun/servlet/vesolicitudgral?2017,4882,, HTTP/1.1" 200 8161
192.168.10.62 - - [03/Mar/2017:12:11:13 -0300] "GET /cormun/pexe_scrolldiv.js HTTP/1.1" 404 1009
192.168.10.62 - - [03/Mar/2017:12:11:13 -0300] "GET /cormun/pexe_scrolldiv.js HTTP/1.1" 404 1009
192.168.10.62 - - [03/Mar/2017:12:11:14 -0300] "GET /cormun/servlet/vesolicitudgral?2017,4882,, HTTP/1.1" 200 8161
186.103.159.182 - - [03/Mar/2017:12:11:14 -0300] "POST /cormun/servlet/solicitudot?gx-no-cache=1488553945182 HTTP/1.1" 200 30
186.103.159.182 - - [03/Mar/2017:12:11:15 -0300] "GET /cormun/servlet/prcontratosol?15465221,,,,,MD,,gxPopupLevel%3D0%3B HTTP/1.1" 200 5992
192.168.10.62 - - [03/Mar/2017:12:11:16 -0300] "POST /cormun/servlet/vesolicitudgral?fff5d73cefe7823a98abf3e53052c316,2017,4882,,,gx-no-cache=1488557162467 HTTP/1.1" 200 107
192.168.10.62 - - [03/Mar/2017:12:11:17 -0300] "GET /cormun/servlet/solicitudgral?UPD,2017,4882, HTTP/1.1" 200 11596
192.168.10.62 - - [03/Mar/2017:12:11:17 -0300] "GET /cormun/static/gxcfg.js?2017261155185 HTTP/1.1" 200 953
192.168.10.62 - - [03/Mar/2017:12:11:17 -0300] "GET /cormun/static/solicitudgral.js?2017261155246 HTTP/1.1" 200 38261
192.168.10.62 - - [03/Mar/2017:12:11:17 -0300] "GET /cormun/servlet/solicitudgral?UPD,2017,4882, HTTP/1.1" 200 11596
192.168.10.62 - - [03/Mar/2017:12:11:18 -0300] "POST /cormun/servlet/solicitudgral?gx-no-cache=1488557163530 HTTP/1.1" 200 3194
192.168.10.62 - - [03/Mar/2017:12:11:18 -0300] "GET /cormun/servlet/solicitudgral?bd61186ec6b1be5770f84249fa6a3f351e4120815c0586b384a65534c59571c7671fb3a1f6df47709dbaf3fe9a985d85593f0a294b9e8a54c9c8ff1e4fa25642cbe733d26624fe561ae0b37d619cb914a68d37615abc3302149619367d827a880db162d2494f81499374f5245f2ea328e4ae312403306bb7cfb610593ec397a5d121044c48f745dbf198d7d695845b64ca605003e1ac57e1ada93425ab869d96eb7a458222062767a5cae80caa643d5dcf3ae3b0008000433bbc5d43c3fb34fe2bc7b5e65e2a0e0ae7a8aab2f11c3fd94e3cb200742522c42f27696db4929ab47a6826caff775f7a4f040efce74be4721cc6e231b2cf6768019ead2c652e3835f55677faea7f584d308d13be848b3c0fcb71a19d1850c574d0fd2d592a7357614ebbfc029bccfd6ee479fc6ff0b63f47ff17909f37dc705acaf6d3f779522461ede683524da4a7b9333e4334807dc3c5,gx-no-cache=1488557163662 HTTP/1.1" 200 298
186.103.159.182 - - [03/Mar/2017:12:11:19 -0300] "POST /cormun/servlet/solicitudot?gx-no-cache=1488553949577 HTTP/1.1" 200 1291
186.103.159.182 - - [03/Mar/2017:12:11:19 -0300] "POST /cormun/servlet/solicitudot?gx-no-cache=1488553949668 HTTP/1.1" 200 38
186.103.159.182 - - [03/Mar/2017:12:11:19 -0300] "GET /cormun/servlet/solicitudot?7f0570b57a3f2aa593d372dba3f75d4f2cc0da48acb90217458d31b05a2c2d4d15873514a408a364106973242dfc5c95fc4d249e84a99f3eaddc22c8d24388401d7d1b30645226d0827f7eaf271fa6a79d9cd22aba5b8b7908ca112d0326e98ac9c25b3c9fbc5c92c9b3f1ac4f72cffe,gx-no-cache=1488553949719 HTTP/1.1" 200 29
186.103.159.182 - - [03/Mar/2017:12:11:19 -0300] "POST /cormun/servlet/solicitudot?gx-no-cache=1488553949768 HTTP/1.1" 200 1274
186.103.159.182 - - [03/Mar/2017:12:11:19 -0300] "POST /cormun/servlet/solicitudot?gx-no-cache=1488553950149 HTTP/1.1" 200 1156
200.54.247.69 - - [03/Mar/2017:12:11:20 -0300] "GET /cormun/servlet/licenciaspermisos?INS,0,,, HTTP/1.1" 200 7339
200.54.247.69 - - [03/Mar/2017:12:11:22 -0300] "GET /cormun/servlet/licenciaspermisos?6d354a620c5fe913e4dd46838996cd674d08671cf8948530b2f1f39be0cd640e,gx-no-cache=1488553953083 HTTP/1.1" 200 107
200.54.247.69 - - [03/Mar/2017:12:11:22 -0300] "GET /cormun/static/Shared/jqueryui/images/ui-bg_highlight-soft_100_c6c2c8_1x100.png HTTP/1.1" 404 1117
200.54.247.69 - - [03/Mar/2017:12:11:22 -0300] "GET /cormun/static/Shared/jqueryui/images/ui-icons_ebccce_256x240.png HTTP/1.1" 404 1089
200.54.247.69 - - [03/Mar/2017:12:11:22 -0300] "GET /cormun/static/Shared/jqueryui/images/ui-bg_flat_55_994d53_40x100.png HTTP/1.1" 404 1097
200.54.247.69 - - [03/Mar/2017:12:11:22 -0300] "GET /cormun/static/Shared/jqueryui/images/ui-icons_82798d_256x240.png HTTP/1.1" 404 1089
186.79.30.74 - - [03/Mar/2017:12:11:24 -0300] "GET /cormun/servlet/prsolicitudot?15017995,,,,,MD,,gxPopupLevel%3D0%3B HTTP/1.1" 200 6335
186.79.30.74 - - [03/Mar/2017:12:11:24 -0300] "GET /cormun/static/gxcfg.js?20161221854215 HTTP/1.1" 200 953
186.79.30.74 - - [03/Mar/2017:12:11:24 -0300] "GET /cormun/static/prsolicitudot.js?201612218542259 HTTP/1.1" 200 13680
186.103.159.182 - - [03/Mar/2017:12:11:25 -0300] "POST /cormun/servlet/solicitudot?gx-no-cache=1488553956302 HTTP/1.1" 200 1273
186.103.159.182 - - [03/Mar/2017:12:11:25 -0300] "POST /cormun/servlet/solicitudot?gx-no-cache=1488553956379 HTTP/1.1" 200 1156
186.103.159.182 - - [03/Mar/2017:12:11:39 -0300] "GET /cormun/servlet/solicitudot?7f0570b57a3f2aa593d372dba3f75d4f3f5a3d4574e678ddc3028fe108c14881d9c27048a87aff97f76aeb33e31f336c2d52c86e95da94b6fc681256281a780cabacb904d592cb7be8828448f31172cf55d38fd7faffb2431017da1c8fd44d8cf5fa17517ff7f33d5a9970ab3cca340966164058775894b1542160da44aa9b9f4cb11448b03bf481c93b0bc70f0ec2985bc6077d32ec89b422a2becfd41c91e48b0aaeafab412f27023a986d23c68a9b,gx-no-cache=1488553970278 HTTP/1.1" 200 30
186.79.30.74 - - [03/Mar/2017:12:11:41 -0300] "POST /cormun/servlet/solicitudot?gx-no-cache=1488553973704 HTTP/1.1" 200 1291
186.79.30.74 - - [03/Mar/2017:12:11:41 -0300] "POST /cormun/servlet/solicitudot?gx-no-cache=1488553973964 HTTP/1.1" 200 41
186.79.30.74 - - [03/Mar/2017:12:11:41 -0300] "POST /cormun/servlet/solicitudot?gx-no-cache=1488553974074 HTTP/1.1" 200 1274
186.79.30.74 - - [03/Mar/2017:12:11:41 -0300] "POST /cormun/servlet/solicitudot?gx-no-cache=1488553974267 HTTP/1.1" 200 1156
186.103.159.182 - - [03/Mar/2017:12:11:52 -0300] "POST /cormun/servlet/solicitudot?8d295ccf9cbef6112ca89b09ea0ac640,INS,0,0,,gx-no-cache=1488553982799 HTTP/1.1" 200 11354
186.103.159.182 - - [03/Mar/2017:12:11:53 -0300] "GET /cormun/static/Shared/jqueryui/images/ui-bg_highlight-soft_100_c6c2c8_1x100.png HTTP/1.1" 404 1117
186.103.159.182 - - [03/Mar/2017:12:11:53 -0300] "GET /cormun/static/Shared/jqueryui/images/ui-bg_flat_55_994d53_40x100.png HTTP/1.1" 404 1097
186.103.159.182 - - [03/Mar/2017:12:11:53 -0300] "GET /cormun/static/Shared/jqueryui/images/ui-icons_ebccce_256x240.png HTTP/1.1" 404 1089
186.103.159.182 - - [03/Mar/2017:12:11:53 -0300] "GET /cormun/static/Shared/jqueryui/images/ui-icons_82798d_256x240.png HTTP/1.1" 404 1089
192.168.10.62 - - [03/Mar/2017:12:12:00 -0300] "GET /cormun/servlet/solicitudgral?bd61186ec6b1be5770f84249fa6a3f35da775a7bc42a91ad887d31cc3ebb8ff75dca65ada39caf7936f0a3f01a12489fcbc0629ad422ce81cbd47123f41f821109c0cc4c7c14b7f1144f2b5b1998486eba4939d907ef534e3c5959b6d3af51115ecd7e1e54739fddec2b2d2b6b413aeb7b485bebfdb23a12cc79bbe901bec7ffe5c94cd5ddcb10795e66116bc09b3bc2d1c442c826d3f0735c8ffbf4088914224653eb9ff1060484eae13a0538b723a0b7b1a099a7bd4fae1374b36e687dd7fc4cd9baccaccede7edca2c4ebb1ab0e2f37b94da09ea62c775dffe609d3dc2c956da150cbb5d0c8c31d83968c337f93476a57a0772d98167443dd32d959b50cc8eb7ec2249deac7f85d857c0c30364b9bd7f6fc9b2a421871cc273df6bac8a362da2d5304d329f01c64d380387c814dd6baabadf7d7244b0dd5525fe04b4b55dc8920875b4ade3cc386516ddae25249880648bc1978a42ddc051bb554a1138a8ebb3a8fc2967971f16b3ee048db8e99ecbffe54ad3ecb2769a77325d69370c33fc4ae658c1395972d1034a1583dfc9509551e5970024e6f91eecd59b85993d10b7278c5a30c5356f9bbafa846c645736d1d05f95a719de379c83f73864aee3b16d6655c8fcb55955baefd23e9595b1893e722acf15f783432327f2d2c673bf6a65c7c5f48e601b8d7e547c1c95d80d016551e5970024e6f91eecd59b85993d10bbe17afaff2416a3adf7f79617211510ac8bf6882250c0a35eb8aa27982704558acb941fddfc2113d304e7683073d40ea0b47c6d9620497cbb2b5afdd3941efad,gx-no-cache=1488557206266 HTTP/1.1" 200 48
192.168.10.62 - - [03/Mar/2017:12:12:00 -0300] "POST /cormun/servlet/solicitudgral?fff5d73cefe7823a98abf3e53052c316,UPD,2017,4882,,gx-no-cache=1488557206358 HTTP/1.1" 200 10257
192.168.10.62 - - [03/Mar/2017:12:12:01 -0300] "GET /cormun/servlet/solicitudgral?bd61186ec6b1be5770f84249fa6a3f357f566231e54577bf23afa525e0ed4e7cc0a10b642f423d82ba9ed212a3a7fc166993a833f65d6a8834bae8264939f5148a98a70e89d38c02bb67248a77d00716591f62999eb1c6f92f3b442647d5df807ca8ef4a0005e0d6c66823b49a7a780f,gx-no-cache=1488557206552 HTTP/1.1" 200 29
192.168.10.62 - - [03/Mar/2017:12:12:01 -0300] "POST /cormun/servlet/solicitudgral?gx-no-cache=1488557206569 HTTP/1.1" 200 1249
192.168.10.62 - - [03/Mar/2017:12:12:01 -0300] "POST /cormun/servlet/solicitudgral?gx-no-cache=1488557206596 HTTP/1.1" 200 1154
192.168.10.62 - - [03/Mar/2017:12:12:01 -0300] "POST /cormun/servlet/solicitudgral?fff5d73cefe7823a98abf3e53052c316,UPD,2017,4882,,gx-no-cache=1488557206627 HTTP/1.1" 200 93
192.168.10.62 - - [03/Mar/2017:12:12:01 -0300] "GET /cormun/servlet/hpexe_return? HTTP/1.1" 200 1012
192.168.10.62 - - [03/Mar/2017:12:12:01 -0300] "GET /cormun/servlet/vesolicitudgral?2017,4882,, HTTP/1.1" 200 8169
192.168.10.62 - - [03/Mar/2017:12:12:01 -0300] "GET /cormun/pexe_scrolldiv.js HTTP/1.1" 404 1009
192.168.10.62 - - [03/Mar/2017:12:12:01 -0300] "GET /cormun/pexe_scrolldiv.js HTTP/1.1" 404 1009
192.168.10.62 - - [03/Mar/2017:12:12:02 -0300] "GET /cormun/servlet/vesolicitudgral?2017,4882,, HTTP/1.1" 200 8165
186.103.159.182 - - [03/Mar/2017:12:12:06 -0300] "POST /cormun/servlet/solicitudot?gx-no-cache=1488553997300 HTTP/1.1" 200 1273
186.103.159.182 - - [03/Mar/2017:12:12:07 -0300] "POST /cormun/servlet/solicitudot?gx-no-cache=1488553997404 HTTP/1.1" 200 1156
186.79.30.74 - - [03/Mar/2017:12:12:07 -0300] "GET /cormun/servlet/solicitudot?2b94c23ae85e307addf1a085c977c1252fd857534bb8153f20c07fb2028fd556400886a7e2ee9151ea14d7c87fe19b7c67c35ac4fb7779fe7e4ba6bff74165a6f2807d47d322e131df1a0c2a2ab1c9ed397b86cbd151c0a0bd654fd9bed959928055322e2e0d4ccb889629fbbdb3128d22adf0d2164f6dc047359a5e344642540a99b983947dc9902813022ec3fbed26b8565604dce8c5f6f7baa8595531e2068b3ef2d09e9a4288639e25c7f0b02081,gx-no-cache=1488554000646 HTTP/1.1" 200 30
186.79.30.74 - - [03/Mar/2017:12:12:08 -0300] "POST /cormun/servlet/solicitudot?51369385d79bf71507035ac2490354f2,INS,0,0,,gx-no-cache=1488554000820 HTTP/1.1" 200 93
186.79.30.74 - - [03/Mar/2017:12:12:08 -0300] "GET /cormun/servlet/hpexe_return? HTTP/1.1" 200 1006
186.79.30.74 - - [03/Mar/2017:12:12:09 -0300] "GET /cormun/servlet/trsolicitudot HTTP/1.1" 200 11428
186.79.30.74 - - [03/Mar/2017:12:12:11 -0300] "GET /cormun/servlet/trsolicitudot HTTP/1.1" 200 11424
192.168.10.62 - - [03/Mar/2017:12:12:13 -0300] "POST /cormun/servlet/vesolicitudgral?fff5d73cefe7823a98abf3e53052c316,2017,4882,,,gx-no-cache=1488557219417 HTTP/1.1" 200 90
192.168.10.62 - - [03/Mar/2017:12:12:13 -0300] "GET /cormun/servlet/hpexe_link HTTP/1.1" 200 964
192.168.10.62 - - [03/Mar/2017:12:12:14 -0300] "GET /cormun/servlet/trsolicitudgral HTTP/1.1" 200 10318
192.168.10.62 - - [03/Mar/2017:12:12:14 -0300] "GET /cormun/servlet/trsolicitudgral HTTP/1.1" 200 10317
192.168.10.62 - - [03/Mar/2017:12:12:16 -0300] "POST /cormun/servlet/trsolicitudgral?fff5d73cefe7823a98abf3e53052c316,gx-no-cache=1488557221675 HTTP/1.1" 200 105
192.168.10.62 - - [03/Mar/2017:12:12:16 -0300] "POST /cormun/servlet/trsolicitudgral?fff5d73cefe7823a98abf3e53052c316,gx-no-cache=1488557221789 HTTP/1.1" 200 7330
192.168.10.62 - - [03/Mar/2017:12:12:16 -0300] "GET /cormun/SolicitudGral-5143.xls HTTP/1.1" 200 6656
186.103.157.98 - - [03/Mar/2017:12:12:34 -0300] "GET /cormun/servlet/trsolicitudot? HTTP/1.1" 200 6985
186.103.157.98 - - [03/Mar/2017:12:12:35 -0300] "GET /cormun/servlet/trsolicitudot? HTTP/1.1" 200 6984
186.103.159.182 - - [03/Mar/2017:12:12:36 -0300] "POST /cormun/servlet/solicitudot?gx-no-cache=1488554027043 HTTP/1.1" 200 1289
186.103.159.182 - - [03/Mar/2017:12:12:36 -0300] "POST /cormun/servlet/solicitudot?gx-no-cache=1488554027236 HTTP/1.1" 200 41
186.103.159.182 - - [03/Mar/2017:12:12:36 -0300] "POST /cormun/servlet/solicitudot?gx-no-cache=1488554027312 HTTP/1.1" 200 1273
186.103.159.182 - - [03/Mar/2017:12:12:37 -0300] "POST /cormun/servlet/solicitudot?gx-no-cache=1488554027402 HTTP/1.1" 200 1156
186.103.159.182 - - [03/Mar/2017:12:12:37 -0300] "GET /cormun/servlet/solicitudot?7f0570b57a3f2aa593d372dba3f75d4f3f5a3d4574e678ddc3028fe108c14881d9c27048a87aff97f76aeb33e31f336c2d52c86e95da94b6fc681256281a780cabacb904d592cb7be8828448f31172cf55d38fd7faffb2431017da1c8fd44d8cf5fa17517ff7f33d5a9970ab3cca340966164058775894b1542160da44aa9b9f4cb11448b03bf481c93b0bc70f0ec2985bc6077d32ec89b422a2becfd41c91e48b0aaeafab412f27023a986d23c68a9b,gx-no-cache=1488554027505 HTTP/1.1" 200 30
186.103.159.182 - - [03/Mar/2017:12:12:37 -0300] "POST /cormun/servlet/solicitudot?8d295ccf9cbef6112ca89b09ea0ac640,INS,0,0,,gx-no-cache=1488554027598 HTTP/1.1" 200 11402
186.103.157.98 - - [03/Mar/2017:12:12:37 -0300] "GET /cormun/servlet/solicitudot?INS,0,0, HTTP/1.1" 200 12809
186.103.157.98 - - [03/Mar/2017:12:12:38 -0300] "GET /cormun/servlet/solicitudot?INS,0,0, HTTP/1.1" 200 12814
200.112.3.165 - - [03/Mar/2017:12:12:42 -0300] "GET /cormun/servlet/hhome HTTP/1.1" 200 3302
200.112.3.165 - - [03/Mar/2017:12:12:43 -0300] "GET /cormun/servlet/hhome HTTP/1.1" 200 3300
200.112.3.165 - - [03/Mar/2017:12:12:43 -0300] "GET /cormun/servlet/hlogin HTTP/1.1" 200 1737
200.112.3.165 - - [03/Mar/2017:12:12:46 -0300] "POST /cormun/servlet/hlogin?c1092184102c2c29ca61ee0e64f6096f,gx-no-cache=1488554034811 HTTP/1.1" 200 90
200.112.3.165 - - [03/Mar/2017:12:12:46 -0300] "GET /cormun/servlet/hpexe_link HTTP/1.1" 200 958
200.112.3.165 - - [03/Mar/2017:12:12:46 -0300] "GET /cormun/servlet/hhome HTTP/1.1" 200 3767
200.112.3.165 - - [03/Mar/2017:12:12:47 -0300] "GET /cormun/servlet/hhome HTTP/1.1" 200 3764
186.103.157.98 - - [03/Mar/2017:12:12:52 -0300] "POST /cormun/servlet/solicitudot?gx-no-cache=1488554045258 HTTP/1.1" 200 3081
186.103.159.182 - - [03/Mar/2017:12:12:52 -0300] "POST /cormun/servlet/solicitudot?8d295ccf9cbef6112ca89b09ea0ac640,INS,0,0,,gx-no-cache=1488554042667 HTTP/1.1" 200 90
186.103.159.182 - - [03/Mar/2017:12:12:52 -0300] "GET /cormun/servlet/hpexe_link HTTP/1.1" 200 964
186.103.157.98 - - [03/Mar/2017:12:12:53 -0300] "POST /cormun/servlet/solicitudot?3d4b01d33a3b011e6cef28cb4d9cb60b,INS,0,0,,gx-no-cache=1488554045609 HTTP/1.1" 200 9865
186.103.159.182 - - [03/Mar/2017:12:12:53 -0300] "GET /cormun/servlet/trsolicitudot HTTP/1.1" 200 10648
186.103.159.182 - - [03/Mar/2017:12:12:55 -0300] "GET /cormun/servlet/trsolicitudot HTTP/1.1" 200 10646
186.103.159.182 - - [03/Mar/2017:12:12:58 -0300] "GET /cormun/servlet/solicitudot?INS,0,0, HTTP/1.1" 200 12820
186.103.159.182 - - [03/Mar/2017:12:13:00 -0300] "GET /cormun/servlet/solicitudot?INS,0,0, HTTP/1.1" 200 12825
200.54.247.69 - - [03/Mar/2017:12:13:12 -0300] "GET /cormun/servlet/prfichaempleado?,MD,,gxPopupLevel%3D0%3B HTTP/1.1" 200 8850
186.103.159.182 - - [03/Mar/2017:12:13:15 -0300] "POST /cormun/servlet/solicitudot?gx-no-cache=1488554065482 HTTP/1.1" 200 3182
186.103.159.182 - - [03/Mar/2017:12:13:16 -0300] "POST /cormun/servlet/solicitudot?8d295ccf9cbef6112ca89b09ea0ac640,INS,0,0,,gx-no-cache=1488554066451 HTTP/1.1" 200 9967
186.103.159.182 - - [03/Mar/2017:12:13:21 -0300] "GET /cormun/servlet/solicitudot?7f0570b57a3f2aa593d372dba3f75d4fdf369fadc7770159aee1ebebf4aa81334b0ebcb258806735472d015063f08e03,gx-no-cache=1488554071696 HTTP/1.1" 200 30
186.103.159.182 - - [03/Mar/2017:12:13:21 -0300] "POST /cormun/servlet/solicitudot?gx-no-cache=1488554071798 HTTP/1.1" 200 255
186.103.159.182 - - [03/Mar/2017:12:13:21 -0300] "GET /cormun/servlet/solicitudot?7f0570b57a3f2aa593d372dba3f75d4f81cfd0d10793362e299add8f855f2b0516b3937ae3e0618c67a1f2ec57272511016bada567f0532b904cc9509d4fcac22d0cc0c60b159c3ec103da40692862da6dd05f237d0eb10864cf09a859357210c6bbb5483b10401697c0f4ed219ae94631c1a4e552844ab26b64e21f2e425b992be17eb0bc8d9910d582da60056ca4e0bd3e012315ee6dac8b573257d03c2df1d8352bb5e1e81d6b0dc9f9845fd504620f0abb7ea19f970b7bbfa2cd3d5bb3ec6b91bae290cfd64a7a52f82196059f89bac26c68b01047f8902cd4443a0c2d6c933057ce9f10dbba69aeb92f8f70d66d36160acb728a3f712bd2fcf6fcaef1673b56584ecbc6278dcfebd7a5248e3d4c69364622c677782821f63fafa069e1026af26c7e2163cbba38f321d3032e67e83b6b7e9e7e96fb7c32845b4fd37982120e83aee2d27a6b22b8940a1b08b2a720c6b6d5de19f08b1c61020c3d758e4effd140795e1e47616fefad5a7396183dac1dc39f01b4b0834e5656c7971aa69cc7,gx-no-cache=1488554071898 HTTP/1.1" 200 30
186.103.159.182 - - [03/Mar/2017:12:13:25 -0300] "POST /cormun/servlet/solicitudot?gx-no-cache=1488554075465 HTTP/1.1" 200 30
200.54.247.69 - - [03/Mar/2017:12:13:25 -0300] "POST /cormun/servlet/prfichaempleado?be4222c3518f3b9b0c84b26a56ed565e,,MD,,gxPopupLevel%3D0%3B,gx-no-cache=1488554069105 HTTP/1.1" 200 5979
186.103.159.182 - - [03/Mar/2017:12:13:26 -0300] "GET /cormun/servlet/prcontratosol?15730716,,,,,MD,,gxPopupLevel%3D0%3B HTTP/1.1" 200 5994
186.103.159.182 - - [03/Mar/2017:12:13:32 -0300] "POST /cormun/servlet/solicitudot?gx-no-cache=1488554082255 HTTP/1.1" 200 1291
186.103.159.182 - - [03/Mar/2017:12:13:32 -0300] "POST /cormun/servlet/solicitudot?gx-no-cache=1488554082691 HTTP/1.1" 200 38
186.103.159.182 - - [03/Mar/2017:12:13:32 -0300] "GET /cormun/servlet/solicitudot?7f0570b57a3f2aa593d372dba3f75d4f2cc0da48acb90217458d31b05a2c2d4d15873514a408a364106973242dfc5c95dcdd2a5eeca2c086db253891c888b56fd3afd2adea9aa6d79549cdf95f017a51ee52ee9c57bd463af6154c601097b9ee2aff692f160cb255d823720b68691ad18c16add61a8da17f6ad371c508fecab07b54cce3077978700dc21311b27160f03290d03132491fcf059aedb5f435184b,gx-no-cache=1488554082779 HTTP/1.1" 200 29
186.103.159.182 - - [03/Mar/2017:12:13:32 -0300] "POST /cormun/servlet/solicitudot?gx-no-cache=1488554082866 HTTP/1.1" 200 1274
186.103.159.182 - - [03/Mar/2017:12:13:32 -0300] "POST /cormun/servlet/solicitudot?gx-no-cache=1488554082990 HTTP/1.1" 200 1157
200.54.247.69 - - [03/Mar/2017:12:13:44 -0300] "POST /cormun/servlet/prfichaempleado?be4222c3518f3b9b0c84b26a56ed565e,,MD,,gxPopupLevel%3D0%3B,gx-no-cache=1488554094444 HTTP/1.1" 200 3411
186.103.159.46 - - [03/Mar/2017:12:13:51 -0300] "GET /cormun/servlet/hlogin HTTP/1.1" 200 1720
200.54.247.69 - - [03/Mar/2017:12:13:52 -0300] "GET /cormun/servlet/licenciaspermisos?6d354a620c5fe913e4dd46838996cd6735df10afec48efde48634c61aba99d8ea934dda699ec4be43a8b06ce983b6fdf,gx-no-cache=1488554102540 HTTP/1.1" 200 64
200.54.247.69 - - [03/Mar/2017:12:13:52 -0300] "POST /cormun/servlet/licenciaspermisos?be4222c3518f3b9b0c84b26a56ed565e,INS,0,,,,gx-no-cache=1488554102604 HTTP/1.1" 200 4593
186.103.159.46 - - [03/Mar/2017:12:13:52 -0300] "GET /cormun/servlet/hlogin HTTP/1.1" 200 1726
186.103.159.182 - - [03/Mar/2017:12:14:06 -0300] "POST /cormun/servlet/solicitudot?gx-no-cache=1488554116474 HTTP/1.1" 200 1273
186.103.159.182 - - [03/Mar/2017:12:14:06 -0300] "POST /cormun/servlet/solicitudot?gx-no-cache=1488554116849 HTTP/1.1" 200 1157
186.103.159.46 - - [03/Mar/2017:12:14:10 -0300] "POST /cormun/servlet/hlogin?f5027b9bb25d32886dc8101606e05b48,gx-no-cache=1488554118508 HTTP/1.1" 200 90
186.103.159.46 - - [03/Mar/2017:12:14:10 -0300] "GET /cormun/servlet/hpexe_link HTTP/1.1" 200 950
186.103.159.46 - - [03/Mar/2017:12:14:11 -0300] "GET /cormun/servlet/hhome HTTP/1.1" 200 3994
186.103.159.46 - - [03/Mar/2017:12:14:12 -0300] "GET /cormun/servlet/hhome HTTP/1.1" 200 3990
186.103.159.182 - - [03/Mar/2017:12:14:17 -0300] "POST /cormun/servlet/solicitudot?8d295ccf9cbef6112ca89b09ea0ac640,INS,0,0,,gx-no-cache=1488554127290 HTTP/1.1" 200 11299
186.103.159.182 - - [03/Mar/2017:12:14:18 -0300] "GET /cormun/static/Shared/jqueryui/images/ui-bg_highlight-soft_100_c6c2c8_1x100.png HTTP/1.1" 404 1117
186.103.159.182 - - [03/Mar/2017:12:14:18 -0300] "GET /cormun/static/Shared/jqueryui/images/ui-icons_82798d_256x240.png HTTP/1.1" 404 1089
186.103.159.182 - - [03/Mar/2017:12:14:18 -0300] "GET /cormun/static/Shared/jqueryui/images/ui-bg_flat_55_994d53_40x100.png HTTP/1.1" 404 1097
186.103.159.182 - - [03/Mar/2017:12:14:18 -0300] "GET /cormun/static/Shared/jqueryui/images/ui-icons_ebccce_256x240.png HTTP/1.1" 404 1089
186.103.159.46 - - [03/Mar/2017:12:14:21 -0300] "GET /cormun/servlet/trautorizarsolicitud? HTTP/1.1" 200 6915
186.103.159.46 - - [03/Mar/2017:12:14:22 -0300] "GET /cormun/servlet/trautorizarsolicitud? HTTP/1.1" 200 6915
186.103.159.46 - - [03/Mar/2017:12:14:28 -0300] "GET /cormun/servlet/trautorizarpermisogoce? HTTP/1.1" 200 6736
186.103.159.46 - - [03/Mar/2017:12:14:29 -0300] "GET /cormun/servlet/trautorizarpermisogoce? HTTP/1.1" 200 6736
200.54.247.69 - - [03/Mar/2017:12:14:39 -0300] "GET /cormun/static/menuarrow.gif HTTP/1.1" 404 1015
186.103.159.46 - - [03/Mar/2017:12:14:41 -0300] "GET /cormun/servlet/trautorizarpermisogoce? HTTP/1.1" 200 6736
186.103.159.46 - - [03/Mar/2017:12:14:41 -0300] "GET /cormun/servlet/trautorizarpermisogoce? HTTP/1.1" 200 6736
186.103.159.46 - - [03/Mar/2017:12:14:44 -0300] "POST /cormun/servlet/trautorizarpermisogoce?f5027b9bb25d32886dc8101606e05b48,,gx-no-cache=1488554151700 HTTP/1.1" 200 4055
186.103.159.46 - - [03/Mar/2017:12:14:49 -0300] "GET /cormun/servlet/trautorizarpermisogoce? HTTP/1.1" 200 6736
186.103.159.46 - - [03/Mar/2017:12:14:50 -0300] "GET /cormun/servlet/trautorizarpermisogoce? HTTP/1.1" 200 6736
186.103.157.98 - - [03/Mar/2017:12:14:53 -0300] "GET /cormun/servlet/solicitudot?37a4365caea35bff386b1e604b195744ccbe6c9d8c7c66dabc8edba4eff5327161ab086ba0dbc87162ba87b5861c535e,gx-no-cache=1488554166596 HTTP/1.1" 200 30
186.103.159.46 - - [03/Mar/2017:12:14:54 -0300] "GET /cormun/servlet/trpermisosgoce? HTTP/1.1" 200 9175
186.103.159.46 - - [03/Mar/2017:12:14:55 -0300] "GET /cormun/servlet/trpermisosgoce? HTTP/1.1" 200 9176
186.103.159.182 - - [03/Mar/2017:12:15:02 -0300] "POST /cormun/servlet/solicitudot?8d295ccf9cbef6112ca89b09ea0ac640,INS,0,0,,gx-no-cache=1488554172046 HTTP/1.1" 200 90
186.103.159.182 - - [03/Mar/2017:12:15:02 -0300] "GET /cormun/servlet/hpexe_link HTTP/1.1" 200 964
186.103.159.182 - - [03/Mar/2017:12:15:02 -0300] "GET /cormun/servlet/trsolicitudot HTTP/1.1" 200 10648
186.103.159.182 - - [03/Mar/2017:12:15:04 -0300] "GET /cormun/servlet/trsolicitudot HTTP/1.1" 200 10646
186.103.159.182 - - [03/Mar/2017:12:15:11 -0300] "GET /cormun/servlet/solicitudot?INS,0,0, HTTP/1.1" 200 12822
186.103.159.182 - - [03/Mar/2017:12:15:12 -0300] "GET /cormun/servlet/solicitudot?INS,0,0, HTTP/1.1" 200 12827
186.103.159.46 - - [03/Mar/2017:12:15:15 -0300] "GET /cormun/servlet/permisogoce?DLT,13944224,P,20170301170111, HTTP/1.1" 200 6713
186.103.159.46 - - [03/Mar/2017:12:15:15 -0300] "GET /cormun/static/Shared/jqueryui/images/ui-bg_highlight-soft_100_c6c2c8_1x100.png HTTP/1.1" 404 1117
186.103.159.46 - - [03/Mar/2017:12:15:15 -0300] "GET /cormun/static/Shared/jqueryui/images/ui-bg_flat_55_fafafa_40x100.png HTTP/1.1" 404 1097
186.103.159.46 - - [03/Mar/2017:12:15:15 -0300] "GET /cormun/static/Shared/jqueryui/images/ui-icons_82798d_256x240.png HTTP/1.1" 404 1089
186.103.159.46 - - [03/Mar/2017:12:15:15 -0300] "GET /cormun/static/Shared/jqueryui/images/ui-icons_8d78a5_256x240.png HTTP/1.1" 404 1089
186.103.159.46 - - [03/Mar/2017:12:15:16 -0300] "GET /cormun/servlet/permisogoce?DLT,13944224,P,20170301170111, HTTP/1.1" 200 6713
186.103.159.182 - - [03/Mar/2017:12:15:21 -0300] "POST /cormun/servlet/solicitudot?gx-no-cache=1488554191768 HTTP/1.1" 200 3157
186.103.159.182 - - [03/Mar/2017:12:15:22 -0300] "POST /cormun/servlet/solicitudot?8d295ccf9cbef6112ca89b09ea0ac640,INS,0,0,,gx-no-cache=1488554192268 HTTP/1.1" 200 9937
186.103.159.46 - - [03/Mar/2017:12:15:26 -0300] "POST /cormun/servlet/permisogoce?f5027b9bb25d32886dc8101606e05b48,DLT,13944224,P,20170301170111,,gx-no-cache=1488554193507 HTTP/1.1" 200 4387
186.103.159.46 - - [03/Mar/2017:12:15:26 -0300] "GET /cormun/static/Shared/jqueryui/images/ui-bg_flat_55_994d53_40x100.png HTTP/1.1" 404 1097
186.103.159.46 - - [03/Mar/2017:12:15:26 -0300] "GET /cormun/static/Shared/jqueryui/images/ui-icons_ebccce_256x240.png HTTP/1.1" 404 1089
186.103.159.182 - - [03/Mar/2017:12:15:31 -0300] "GET /cormun/servlet/solicitudot?7f0570b57a3f2aa593d372dba3f75d4f3953e02a4180d2fed3f619c1c20413264b0ebcb258806735472d015063f08e03,gx-no-cache=1488554201444 HTTP/1.1" 200 30
186.103.159.182 - - [03/Mar/2017:12:15:31 -0300] "POST /cormun/servlet/solicitudot?gx-no-cache=1488554201586 HTTP/1.1" 200 255
186.103.159.182 - - [03/Mar/2017:12:15:31 -0300] "GET /cormun/servlet/solicitudot?7f0570b57a3f2aa593d372dba3f75d4f81cfd0d10793362e299add8f855f2b0516b3937ae3e0618c67a1f2ec57272511016bada567f0532b904cc9509d4fcac22d0cc0c60b159c3ec103da40692862da6dd05f237d0eb10864cf09a859357210c6bbb5483b10401697c0f4ed219ae94631c1a4e552844ab26b64e21f2e425b992be17eb0bc8d9910d582da60056ca4e0bd3e012315ee6dac8b573257d03c2df1d8352bb5e1e81d6b0dc9f9845fd504620f0abb7ea19f970b7bbfa2cd3d5bb3ec6b91bae290cfd64a7a52f82196059f89bac26c68b01047f8902cd4443a0c2d6c933057ce9f10dbba69aeb92f8f70d66d36160acb728a3f712bd2fcf6fcaef1673b56584ecbc6278dcfebd7a5248e3d4c69364622c677782821f63fafa069e1026af26c7e2163cbba38f321d3032e67e83b6b7e9e7e96fb7c32845b4fd37982120e83aee2d27a6b22b8940a1b08b2a720c6b6d5de19f08b1c61020c3d758e4effd140795e1e47616fefad5a7396183dac1dc39f01b4b0834e5656c7971aa69cc7,gx-no-cache=1488554201680 HTTP/1.1" 200 30
186.103.159.182 - - [03/Mar/2017:12:15:35 -0300] "POST /cormun/servlet/solicitudot?gx-no-cache=1488554205827 HTTP/1.1" 200 30
186.103.159.182 - - [03/Mar/2017:12:15:36 -0300] "GET /cormun/servlet/prcontratosol?16253381,,,,,MD,,gxPopupLevel%3D0%3B HTTP/1.1" 200 5990
186.103.159.46 - - [03/Mar/2017:12:15:37 -0300] "GET /cormun/servlet/trautorizarpermisogoce? HTTP/1.1" 200 6759
186.103.159.46 - - [03/Mar/2017:12:15:37 -0300] "GET /cormun/servlet/trautorizarpermisogoce? HTTP/1.1" 200 6736
186.103.159.182 - - [03/Mar/2017:12:15:40 -0300] "POST /cormun/servlet/solicitudot?gx-no-cache=1488554210378 HTTP/1.1" 200 1291
186.103.159.182 - - [03/Mar/2017:12:15:40 -0300] "POST /cormun/servlet/solicitudot?gx-no-cache=1488554210552 HTTP/1.1" 200 38
186.103.159.182 - - [03/Mar/2017:12:15:40 -0300] "GET /cormun/servlet/solicitudot?7f0570b57a3f2aa593d372dba3f75d4f2cc0da48acb90217458d31b05a2c2d4d15873514a408a364106973242dfc5c95dcdd2a5eeca2c086db253891c888b56fd3afd2adea9aa6d79549cdf95f017a51ee52ee9c57bd463af6154c601097b9ee2aff692f160cb255d823720b68691ad18c16add61a8da17f6ad371c508fecab07b54cce3077978700dc21311b27160f03290d03132491fcf059aedb5f435184b,gx-no-cache=1488554211043 HTTP/1.1" 200 29
186.103.159.182 - - [03/Mar/2017:12:15:41 -0300] "POST /cormun/servlet/solicitudot?gx-no-cache=1488554211129 HTTP/1.1" 200 1274
186.103.159.182 - - [03/Mar/2017:12:15:41 -0300] "POST /cormun/servlet/solicitudot?gx-no-cache=1488554212266 HTTP/1.1" 200 1157
186.103.159.46 - - [03/Mar/2017:12:15:42 -0300] "GET /cormun/servlet/trpermisosgoce? HTTP/1.1" 200 9177
186.103.159.46 - - [03/Mar/2017:12:15:42 -0300] "GET /cormun/servlet/trpermisosgoce? HTTP/1.1" 200 9179
186.103.159.182 - - [03/Mar/2017:12:15:43 -0300] "GET /cormun/servlet/solicitudot?7f0570b57a3f2aa593d372dba3f75d4f8b100838aa0750008a6c56f43b2a56d82b0148c8356a3a559478a8765470cc6a376158ff6cec3a881eaa8045680b1689abacb904d592cb7be8828448f31172cf55d38fd7faffb2431017da1c8fd44d8cf5fa17517ff7f33d5a9970ab3cca340966164058775894b1542160da44aa9b9f4cb11448b03bf481c93b0bc70f0ec2985bc6077d32ec89b422a2becfd41c91e474df53b0f5277dd7f957b49f7c6fd29c,gx-no-cache=1488554213573 HTTP/1.1" 200 30
186.103.159.182 - - [03/Mar/2017:12:15:49 -0300] "POST /cormun/servlet/solicitudot?gx-no-cache=1488554219411 HTTP/1.1" 200 1273
186.103.159.182 - - [03/Mar/2017:12:15:49 -0300] "POST /cormun/servlet/solicitudot?gx-no-cache=1488554219498 HTTP/1.1" 200 1157
186.103.159.182 - - [03/Mar/2017:12:15:58 -0300] "GET /cormun/servlet/solicitudot?7f0570b57a3f2aa593d372dba3f75d4f8b100838aa0750008a6c56f43b2a56d8d35396e90c24da65b64d5432e28b22022d52c86e95da94b6fc681256281a780cabacb904d592cb7be8828448f31172cf55d38fd7faffb2431017da1c8fd44d8cf5fa17517ff7f33d5a9970ab3cca340966164058775894b1542160da44aa9b9f4cb11448b03bf481c93b0bc70f0ec2985bc6077d32ec89b422a2becfd41c91e48b0aaeafab412f27023a986d23c68a9b,gx-no-cache=1488554228498 HTTP/1.1" 200 30
186.103.159.46 - - [03/Mar/2017:12:16:00 -0300] "GET /cormun/servlet/trpermisosadjuntos?13944224,20170301170111,P, HTTP/1.1" 200 6304
186.103.159.46 - - [03/Mar/2017:12:16:00 -0300] "GET /cormun/static/gxcfg.js?2016122813135853 HTTP/1.1" 200 953
186.103.159.46 - - [03/Mar/2017:12:16:00 -0300] "GET /cormun/static/trpermisosadjuntos.js?20161228131414 HTTP/1.1" 200 20048
186.103.159.46 - - [03/Mar/2017:12:16:00 -0300] "GET /cormun/servlet/trpermisosadjuntos?13944224,20170301170111,P, HTTP/1.1" 200 6304
192.168.10.89 - - [03/Mar/2017:12:16:02 -0300] "POST /cormun/servlet/trsolicitudgral?8d77e722c11e89ad51f0a89ccddea63b,gx-no-cache=1488551406039,gx-no-cache=1488557447458 HTTP/1.1" 200 6478
186.103.159.182 - - [03/Mar/2017:12:16:04 -0300] "POST /cormun/servlet/solicitudot?8d295ccf9cbef6112ca89b09ea0ac640,INS,0,0,,gx-no-cache=1488554235003 HTTP/1.1" 200 93
186.103.159.182 - - [03/Mar/2017:12:16:04 -0300] "GET /cormun/servlet/hpexe_return? HTTP/1.1" 200 1006
186.103.159.182 - - [03/Mar/2017:12:16:05 -0300] "GET /cormun/servlet/trsolicitudot HTTP/1.1" 200 11036
192.168.10.89 - - [03/Mar/2017:12:16:07 -0300] "GET /cormun/servlet/solicitudgral2?UPD,2017,4195, HTTP/1.1" 200 12354
186.103.159.182 - - [03/Mar/2017:12:16:07 -0300] "GET /cormun/servlet/trsolicitudot HTTP/1.1" 200 11031
192.168.10.89 - - [03/Mar/2017:12:16:09 -0300] "POST /cormun/servlet/solicitudgral2?gx-no-cache=1488557454468 HTTP/1.1" 200 3182
192.168.10.89 - - [03/Mar/2017:12:16:09 -0300] "GET /cormun/servlet/solicitudgral2?a6ba28b43049d0d5a4c5057f87c5a7bfc4d24dd1e35c3948291daa51878381fc5c4454f38aa04e9f279b1ed7c7d2a114e04a48b06a52cd331a96bb9204053afd508220351cfeb9a4cafd2e081a063db309adb14d4fee7bc7d36aec10c41f8ac682bcdfa46abab873e46be7dd777d30a0dfc12c4d236f1f9906a7ccbca0b9279288757bef68e255a3d5c2ade5311000aad41df591f54666d1c9816cade9762885f41ffde0edfdc3ac51d0139795aa99b3287840e8a465829c884b21cd8e78eb220738860b1ffe090afc68e8f00da1881e2881e3a939dcd190a1fe9758dda7c5c0cb2a4891f03927bcad2e8d823612cdbacf5a09b95abca66596ac53ba6c5314b8c53f5ca7a6924f6756e0dd32471435745ae45fe9714d14f6efad007f13245adc6399038083875f0b682a1a6effe0d9a0e0ecf055c5c034eacfc9a6331b8a96fb200474fab03587d85c4a9cbe57af2156,gx-no-cache=1488557454726 HTTP/1.1" 200 257
192.168.10.89 - - [03/Mar/2017:12:16:09 -0300] "POST /cormun/servlet/solicitudgral2?gx-no-cache=1488557454765 HTTP/1.1" 200 1354
186.103.159.46 - - [03/Mar/2017:12:16:09 -0300] "GET /cormun/servlet/trpermisosgoce? HTTP/1.1" 200 9177
192.168.10.89 - - [03/Mar/2017:12:16:09 -0300] "GET /cormun/servlet/solicitudgral2?a6ba28b43049d0d5a4c5057f87c5a7bf21be6b0c6c40f29c4525ff5ad561d42b99e02e7675cadf7f25e9ddb192413e76e04a48b06a52cd331a96bb9204053afdffa17559a33011fef1987f121b0aeefeb0a1c126fbc22b96151c7bcd6fe40f7424b842153c1802e162f856d0723c976c,gx-no-cache=1488557454821 HTTP/1.1" 200 41
186.103.159.46 - - [03/Mar/2017:12:16:09 -0300] "GET /cormun/servlet/trpermisosgoce? HTTP/1.1" 200 9177
192.168.10.89 - - [03/Mar/2017:12:16:12 -0300] "POST /cormun/servlet/solicitudgral2?8d77e722c11e89ad51f0a89ccddea63b,UPD,2017,4195,,gx-no-cache=1488557457954 HTTP/1.1" 200 10619
192.168.10.89 - - [03/Mar/2017:12:16:14 -0300] "GET /cormun/servlet/solicitudgral2?a6ba28b43049d0d5a4c5057f87c5a7bfba21978690d0fbfc1a6c679cf227e96d56aa1089df2386d6857bf2ad8175244e52d782fee91b8dc0fea7c70297157f884d3acfaccd6aec43317d40ab19c0c05c6bff3f829d3d3f612b3063e3c437c038c1bde4274a7269ba3e613cc6111435e3481704ce508bde025ec3bf0e092cb5678eb3600b758e93a2c8dba669682f133f8304dc803086547ddb9d10501bdfd6b9,gx-no-cache=1488557459910 HTTP/1.1" 200 29
192.168.10.89 - - [03/Mar/2017:12:16:14 -0300] "POST /cormun/servlet/solicitudgral2?gx-no-cache=1488557459970 HTTP/1.1" 200 1250
192.168.10.89 - - [03/Mar/2017:12:16:14 -0300] "POST /cormun/servlet/solicitudgral2?gx-no-cache=1488557460009 HTTP/1.1" 200 1155
192.168.10.89 - - [03/Mar/2017:12:16:14 -0300] "GET /cormun/servlet/solicitudgral2?a6ba28b43049d0d5a4c5057f87c5a7bf28606ffca01df70a7c494ce7ea270687ce17a242a1e8dfe2c2c2f82ae9143ac17010a9f0c69c693846a78d45660824bea4ee5454d99ace3714df6b97f4e8eec5bfaae13ab138b2d38c415d8b2c5d7aae8c12cab1d30fc34cb573fae2dd00d3da0dec2de54d9b335b39b0582b9a6fa32b,gx-no-cache=1488557460043 HTTP/1.1" 200 30
192.168.10.89 - - [03/Mar/2017:12:16:14 -0300] "POST /cormun/servlet/solicitudgral2?8d77e722c11e89ad51f0a89ccddea63b,UPD,2017,4195,,gx-no-cache=1488557460068 HTTP/1.1" 200 93
192.168.10.89 - - [03/Mar/2017:12:16:14 -0300] "GET /cormun/servlet/hpexe_return? HTTP/1.1" 200 1035
192.168.10.89 - - [03/Mar/2017:12:16:15 -0300] "GET /cormun/servlet/trsolicitudgral?gx-no-cache=1488551406039 HTTP/1.1" 200 9874
186.103.159.182 - - [03/Mar/2017:12:16:28 -0300] "GET /cormun/servlet/solicitudot?INS,0,0, HTTP/1.1" 200 12821
186.103.159.182 - - [03/Mar/2017:12:16:30 -0300] "GET /cormun/servlet/solicitudot?INS,0,0, HTTP/1.1" 200 12826
186.103.159.182 - - [03/Mar/2017:12:16:36 -0300] "POST /cormun/servlet/solicitudot?gx-no-cache=1488554266354 HTTP/1.1" 200 3180
186.103.159.182 - - [03/Mar/2017:12:16:36 -0300] "POST /cormun/servlet/solicitudot?8d295ccf9cbef6112ca89b09ea0ac640,INS,0,0,,gx-no-cache=1488554266859 HTTP/1.1" 200 9955
186.103.159.182 - - [03/Mar/2017:12:16:39 -0300] "GET /cormun/servlet/solicitudot?7f0570b57a3f2aa593d372dba3f75d4f407b17105ff26cdcc7eb4bfc3994cd1d4b0ebcb258806735472d015063f08e03,gx-no-cache=1488554269536 HTTP/1.1" 200 30
186.103.159.182 - - [03/Mar/2017:12:16:39 -0300] "POST /cormun/servlet/solicitudot?gx-no-cache=1488554269604 HTTP/1.1" 200 255
186.103.159.182 - - [03/Mar/2017:12:16:39 -0300] "GET /cormun/servlet/solicitudot?7f0570b57a3f2aa593d372dba3f75d4f81cfd0d10793362e299add8f855f2b0516b3937ae3e0618c67a1f2ec57272511016bada567f0532b904cc9509d4fcac22d0cc0c60b159c3ec103da40692862da6dd05f237d0eb10864cf09a859357210c6bbb5483b10401697c0f4ed219ae94631c1a4e552844ab26b64e21f2e425b992be17eb0bc8d9910d582da60056ca4e0bd3e012315ee6dac8b573257d03c2df1d8352bb5e1e81d6b0dc9f9845fd504620f0abb7ea19f970b7bbfa2cd3d5bb3ec6b91bae290cfd64a7a52f82196059f89bac26c68b01047f8902cd4443a0c2d6c933057ce9f10dbba69aeb92f8f70d66d36160acb728a3f712bd2fcf6fcaef1673b56584ecbc6278dcfebd7a5248e3d4c69364622c677782821f63fafa069e1026af26c7e2163cbba38f321d3032e67e83b6b7e9e7e96fb7c32845b4fd37982120e83aee2d27a6b22b8940a1b08b2a720c6b6d5de19f08b1c61020c3d758e4effd140795e1e47616fefad5a7396183dac1dc39f01b4b0834e5656c7971aa69cc7,gx-no-cache=1488554269668 HTTP/1.1" 200 30
186.103.159.182 - - [03/Mar/2017:12:16:42 -0300] "POST /cormun/servlet/solicitudot?gx-no-cache=1488554273164 HTTP/1.1" 200 30
186.103.159.182 - - [03/Mar/2017:12:16:44 -0300] "GET /cormun/servlet/prcontratosol?16493601,,,,,MD,,gxPopupLevel%3D0%3B HTTP/1.1" 200 5664
186.103.159.182 - - [03/Mar/2017:12:16:55 -0300] "POST /cormun/servlet/solicitudot?gx-no-cache=1488554285613 HTTP/1.1" 200 235
186.103.159.182 - - [03/Mar/2017:12:16:55 -0300] "POST /cormun/servlet/solicitudot?gx-no-cache=1488554285743 HTTP/1.1" 200 38
186.103.159.182 - - [03/Mar/2017:12:16:55 -0300] "GET /cormun/servlet/solicitudot?7f0570b57a3f2aa593d372dba3f75d4f2cc0da48acb90217458d31b05a2c2d4d15873514a408a364106973242dfc5c95dcdd2a5eeca2c086db253891c888b56fd3afd2adea9aa6d79549cdf95f017a51ee52ee9c57bd463af6154c601097b9ee2aff692f160cb255d823720b68691ad18c16add61a8da17f6ad371c508fecab07b54cce3077978700dc21311b27160f03290d03132491fcf059aedb5f435184b,gx-no-cache=1488554285823 HTTP/1.1" 200 29
186.103.159.182 - - [03/Mar/2017:12:16:55 -0300] "POST /cormun/servlet/solicitudot?gx-no-cache=1488554286290 HTTP/1.1" 200 643
186.103.159.182 - - [03/Mar/2017:12:16:55 -0300] "POST /cormun/servlet/solicitudot?gx-no-cache=1488554286389 HTTP/1.1" 200 518
186.103.159.182 - - [03/Mar/2017:12:16:58 -0300] "GET /cormun/servlet/prcontratosol?16493601,,,,,MD,,gxPopupLevel%3D0%3B HTTP/1.1" 200 5664
186.103.159.182 - - [03/Mar/2017:12:17:32 -0300] "POST /cormun/servlet/solicitudot?8d295ccf9cbef6112ca89b09ea0ac640,INS,0,0,,gx-no-cache=1488554322579 HTTP/1.1" 200 90
186.103.159.182 - - [03/Mar/2017:12:17:32 -0300] "GET /cormun/servlet/hpexe_link HTTP/1.1" 200 964
186.103.159.182 - - [03/Mar/2017:12:17:32 -0300] "GET /cormun/servlet/trsolicitudot HTTP/1.1" 200 11033
186.103.159.182 - - [03/Mar/2017:12:17:34 -0300] "GET /cormun/servlet/trsolicitudot HTTP/1.1" 200 11031
192.168.10.89 - - [03/Mar/2017:12:17:40 -0300] "POST /cormun/servlet/trsolicitudgral?8d77e722c11e89ad51f0a89ccddea63b,gx-no-cache=1488551406039,gx-no-cache=1488557546263 HTTP/1.1" 200 6751
186.103.157.98 - - [03/Mar/2017:12:17:46 -0300] "POST /cormun/servlet/solicitudot?gx-no-cache=1488554338995 HTTP/1.1" 200 297
186.103.159.182 - - [03/Mar/2017:12:17:46 -0300] "GET /cormun/servlet/solicitudot?INS,0,0, HTTP/1.1" 200 12821
186.103.159.182 - - [03/Mar/2017:12:17:47 -0300] "GET /cormun/servlet/solicitudot?INS,0,0, HTTP/1.1" 200 12826
186.103.157.98 - - [03/Mar/2017:12:17:52 -0300] "GET /cormun/servlet/solicitudot?37a4365caea35bff386b1e604b1957444bd52ab18fa153eaeeb2501611decb79dc567f4510be3b230315d9b64f66bceb102295d305d4bd54d0f8ceb9d001cfa196e63041f4e97beeed0c910edcf83d85ede742ccf0bd86912ba24b129ce04328101a9b274e3aa3b3cfb7ab6693aaa7c30f84ce89a697d87f90002dab54e666a7a7847c464ffecfbf7f22343e80e040568f8e8b45cb13c4020996ab99615ca0b025e400de86aaf759434aeb09798e65d3e9b6cd248bf2af536167068369fcba70e5223bfe98dc569f6138b80e8e45de474bd36914f0db35011be1b9ab9cf5f4b8f652e43132c0890be58cbc08ef8a1142d321f1249793578d05cacb2e5cca2b0753036a346da0cb6ad589c857cb2941de23d7e3118f6ca7940ffe16ea90258121323fb1f52197bffbf125521b754ce359ccb0cb7331ed5091f4b421c01dcf9172c4fcf5ac597e9fca54aa986acb055f0ebf93188f2c820e6ffb10b0ffadcd6fdd72b8893e8db2a5ad01ae9580b30e84f23c3eaf0cd3d6126429b800fe3da43d052eb3cba9552340208e44906b42a72f2a,gx-no-cache=1488554345506 HTTP/1.1" 200 30
186.103.159.182 - - [03/Mar/2017:12:17:54 -0300] "POST /cormun/servlet/solicitudot?gx-no-cache=1488554344413 HTTP/1.1" 200 3180
186.103.159.182 - - [03/Mar/2017:12:17:54 -0300] "POST /cormun/servlet/solicitudot?8d295ccf9cbef6112ca89b09ea0ac640,INS,0,0,,gx-no-cache=1488554344678 HTTP/1.1" 200 9951
186.103.159.182 - - [03/Mar/2017:12:17:58 -0300] "GET /cormun/servlet/solicitudot?7f0570b57a3f2aa593d372dba3f75d4ffd3badd6f6c8afdc30f24d0d381ec67d4b0ebcb258806735472d015063f08e03,gx-no-cache=1488554348873 HTTP/1.1" 200 30
186.103.159.182 - - [03/Mar/2017:12:17:58 -0300] "POST /cormun/servlet/solicitudot?gx-no-cache=1488554348987 HTTP/1.1" 200 256
186.103.159.182 - - [03/Mar/2017:12:17:58 -0300] "GET /cormun/servlet/solicitudot?7f0570b57a3f2aa593d372dba3f75d4f81cfd0d10793362e299add8f855f2b05704012e4c15f4df9887b27ec830b22b4016bada567f0532b904cc9509d4fcac22d0cc0c60b159c3ec103da40692862da6dd05f237d0eb10864cf09a859357210c6bbb5483b10401697c0f4ed219ae94631c1a4e552844ab26b64e21f2e425b992be17eb0bc8d9910d582da60056ca4e0bd3e012315ee6dac8b573257d03c2df1d8352bb5e1e81d6b0dc9f9845fd504620f0abb7ea19f970b7bbfa2cd3d5bb3ec6b91bae290cfd64a7a52f82196059f89bac26c68b01047f8902cd4443a0c2d6c933057ce9f10dbba69aeb92f8f70d66d8ae2c55e858e2d1b52be9180bc38bb4f3b56584ecbc6278dcfebd7a5248e3d4ce5796dc40673c70df87c190f68e79c527ced75ca70caa44edbc66616dfa5a9718ebcb4624278dfa3a4ade2788891d5906064d63b91e2973b786a6ec8e4b93a0e84c57106c6723fdcd932a4f19b4149c1cbecbc6ef535381476c173c6abe2daf750b73d803f0490d303311b82e844d557,gx-no-cache=1488554349092 HTTP/1.1" 200 30
186.103.159.182 - - [03/Mar/2017:12:18:01 -0300] "POST /cormun/servlet/solicitudot?gx-no-cache=1488554351781 HTTP/1.1" 200 30
186.103.159.182 - - [03/Mar/2017:12:18:02 -0300] "GET /cormun/servlet/prcontratosol?17517724,,,,,MD,,gxPopupLevel%3D0%3B HTTP/1.1" 200 5993
200.54.247.69 - - [03/Mar/2017:12:18:04 -0300] "GET /cormun/servlet/licenciaspermisos?6d354a620c5fe913e4dd46838996cd67b8027b39c40c1eaa9fd559c0da2d3bca60cfe6fc891b44567d3c96f01f64a120a56288fe1679291f138a04efd6f34aedf5c7ccfb01cf4bfc68b0c578aed0bc943463400c448fac75317c6701b7ff63e61346055e4fa30d1547560360c9399082c3f6cfc96a2f213c3c5c6cc8ab63233a20527d2fdd5c621ce1508a2d7aeee4be0a37647c57b68ccaa31532e08d38127365210eeb105a1dd17428f0f4e1f3f208,gx-no-cache=1488554355335 HTTP/1.1" 200 30
200.54.247.69 - - [03/Mar/2017:12:18:05 -0300] "POST /cormun/servlet/licenciaspermisos?be4222c3518f3b9b0c84b26a56ed565e,INS,0,,,,gx-no-cache=1488554355447 HTTP/1.1" 200 4657
186.103.159.182 - - [03/Mar/2017:12:18:06 -0300] "POST /cormun/servlet/solicitudot?gx-no-cache=1488554356654 HTTP/1.1" 200 1292
186.103.159.182 - - [03/Mar/2017:12:18:06 -0300] "POST /cormun/servlet/solicitudot?gx-no-cache=1488554356742 HTTP/1.1" 200 38
186.103.159.182 - - [03/Mar/2017:12:18:06 -0300] "GET /cormun/servlet/solicitudot?7f0570b57a3f2aa593d372dba3f75d4f2cc0da48acb90217458d31b05a2c2d4d15873514a408a364106973242dfc5c95fc4d249e84a99f3eaddc22c8d24388401d7d1b30645226d0827f7eaf271fa6a79d9cd22aba5b8b7908ca112d0326e98ac9c25b3c9fbc5c92c9b3f1ac4f72cffe,gx-no-cache=1488554356794 HTTP/1.1" 200 29
186.103.159.182 - - [03/Mar/2017:12:18:06 -0300] "POST /cormun/servlet/solicitudot?gx-no-cache=1488554356839 HTTP/1.1" 200 1275
186.103.159.182 - - [03/Mar/2017:12:18:06 -0300] "POST /cormun/servlet/solicitudot?gx-no-cache=1488554356899 HTTP/1.1" 200 1158
186.103.159.182 - - [03/Mar/2017:12:18:14 -0300] "POST /cormun/servlet/solicitudot?gx-no-cache=1488554365180 HTTP/1.1" 200 1274
186.103.159.182 - - [03/Mar/2017:12:18:14 -0300] "POST /cormun/servlet/solicitudot?gx-no-cache=1488554365265 HTTP/1.1" 200 1158
186.103.159.182 - - [03/Mar/2017:12:18:21 -0300] "GET /cormun/servlet/solicitudot?7f0570b57a3f2aa593d372dba3f75d4fa36a69609ed2a41658d027b2862d739af02a2507f3acdfc9cf570edd06cf05882d52c86e95da94b6fc681256281a780cabacb904d592cb7be8828448f31172cf55d38fd7faffb2431017da1c8fd44d8cf5fa17517ff7f33d5a9970ab3cca340966164058775894b1542160da44aa9b9f4cb11448b03bf481c93b0bc70f0ec2985bc6077d32ec89b422a2becfd41c91e48b0aaeafab412f27023a986d23c68a9b,gx-no-cache=1488554372231 HTTP/1.1" 200 30
186.103.159.182 - - [03/Mar/2017:12:18:31 -0300] "POST /cormun/servlet/solicitudot?8d295ccf9cbef6112ca89b09ea0ac640,INS,0,0,,gx-no-cache=1488554381254 HTTP/1.1" 200 11325
186.103.159.182 - - [03/Mar/2017:12:18:31 -0300] "GET /cormun/static/Shared/jqueryui/images/ui-bg_highlight-soft_100_c6c2c8_1x100.png HTTP/1.1" 404 1117
186.103.159.182 - - [03/Mar/2017:12:18:31 -0300] "GET /cormun/static/Shared/jqueryui/images/ui-icons_82798d_256x240.png HTTP/1.1" 404 1089
186.103.159.182 - - [03/Mar/2017:12:18:31 -0300] "GET /cormun/static/Shared/jqueryui/images/ui-bg_flat_55_994d53_40x100.png HTTP/1.1" 404 1097
186.103.159.182 - - [03/Mar/2017:12:18:31 -0300] "GET /cormun/static/Shared/jqueryui/images/ui-icons_ebccce_256x240.png HTTP/1.1" 404 1089
200.54.247.69 - - [03/Mar/2017:12:18:34 -0300] "GET /cormun/servlet/prfichaempleado?,MD,,gxPopupLevel%3D0%3B HTTP/1.1" 200 8850
186.103.157.98 - - [03/Mar/2017:12:18:38 -0300] "POST /cormun/servlet/solicitudot?gx-no-cache=1488554391481 HTTP/1.1" 200 30
186.103.157.98 - - [03/Mar/2017:12:18:42 -0300] "POST /cormun/servlet/solicitudot?gx-no-cache=1488554395124 HTTP/1.1" 200 235
186.103.157.98 - - [03/Mar/2017:12:18:42 -0300] "POST /cormun/servlet/solicitudot?gx-no-cache=1488554395255 HTTP/1.1" 200 38
200.54.247.69 - - [03/Mar/2017:12:18:50 -0300] "POST /cormun/servlet/prfichaempleado?be4222c3518f3b9b0c84b26a56ed565e,,MD,,gxPopupLevel%3D0%3B,gx-no-cache=1488554400429 HTTP/1.1" 200 3393
186.103.159.182 - - [03/Mar/2017:12:18:50 -0300] "POST /cormun/servlet/solicitudot?gx-no-cache=1488554400492 HTTP/1.1" 200 3189
186.103.159.182 - - [03/Mar/2017:12:18:50 -0300] "POST /cormun/servlet/solicitudot?8d295ccf9cbef6112ca89b09ea0ac640,INS,0,0,,gx-no-cache=1488554400721 HTTP/1.1" 200 11175
186.103.159.182 - - [03/Mar/2017:12:18:54 -0300] "GET /cormun/servlet/solicitudot?7f0570b57a3f2aa593d372dba3f75d4fc7b27c3ae8b75d8930259fc8452f09714550abdd71bc6705da1a1525448bc455,gx-no-cache=1488554404767 HTTP/1.1" 200 30
200.54.247.69 - - [03/Mar/2017:12:18:54 -0300] "GET /cormun/servlet/licenciaspermisos?6d354a620c5fe913e4dd46838996cd675b91c7c5a3ee000afc6da1d814c6f3d4898806cda06935c015f7cddc461400d771d907ff143e8e07e58467c97366a0772a59b7f277aa33878dd863a4aaed7c8f21c9275f005ea906f88df7324ef4f21c1637483699f00a43a0375f8b176a6c21cdc6b272debd134d0d401a65517646a093d954d212cdd2161bf34c381647e85056b0f65c171cdf0d957f854f9b75a08f54ea98d23e9dcdbc946c401be7097017b799d1990f92e68284a7f58c4a3ea8277c5a7bef11a08172152e3b03f892d1f3de0cb31bbea82c45198726d49f4fcc69b2a849d5cdc6c02c7104f73aa073c010,gx-no-cache=1488554404847 HTTP/1.1" 200 57
186.103.159.182 - - [03/Mar/2017:12:18:54 -0300] "POST /cormun/servlet/solicitudot?gx-no-cache=1488554404828 HTTP/1.1" 200 297
186.103.159.182 - - [03/Mar/2017:12:18:54 -0300] "GET /cormun/servlet/solicitudot?7f0570b57a3f2aa593d372dba3f75d4f81cfd0d10793362e299add8f855f2b052c24de1b44961d67a70c6935659056b5016bada567f0532b904cc9509d4fcac22d0cc0c60b159c3ec103da40692862da6dd05f237d0eb10864cf09a859357210c6bbb5483b10401697c0f4ed219ae94631c1a4e552844ab26b64e21f2e425b992be17eb0bc8d9910d582da60056ca4e0bd3e012315ee6dac8b573257d03c2df1d8352bb5e1e81d6b0dc9f9845fd504620f0abb7ea19f970b7bbfa2cd3d5bb3ec6b91bae290cfd64a7a52f82196059f89bac26c68b01047f8902cd4443a0c2d6c933057ce9f10dbba69aeb92f8f70d66d8ae2c55e858e2d1b52be9180bc38bb4f3b56584ecbc6278dcfebd7a5248e3d4ce5796dc40673c70df87c190f68e79c527ced75ca70caa44edbc66616dfa5a9718ebcb4624278dfa3a4ade2788891d59073cb2d30749593207b4c0f9f7e0fdc287db231a153c19901b6b9c945bec43247943ffb9348aa2f27bd7c3fcff7bad3f66cb5885d9a816ee353018051b9eb9d4f9956320f86ab254a9b26b29cfc3bb25e,gx-no-cache=1488554404892 HTTP/1.1" 200 30
200.54.247.69 - - [03/Mar/2017:12:18:54 -0300] "POST /cormun/servlet/licenciaspermisos?be4222c3518f3b9b0c84b26a56ed565e,INS,0,,,,gx-no-cache=1488554404915 HTTP/1.1" 200 93
200.54.247.69 - - [03/Mar/2017:12:18:54 -0300] "GET /cormun/servlet/hpexe_return? HTTP/1.1" 200 1009
200.54.247.69 - - [03/Mar/2017:12:18:54 -0300] "GET /cormun/servlet/trlicencias HTTP/1.1" 200 8728
200.54.247.69 - - [03/Mar/2017:12:19:00 -0300] "GET /cormun/servlet/trlicenciaspermisosadjuntos?14203518,20170303000000,L, HTTP/1.1" 200 6330
200.54.247.69 - - [03/Mar/2017:12:19:05 -0300] "GET /cormun/servlet/licenciaspermisosadjuntos?INS,14203518,L,20170303000000,, HTTP/1.1" 200 5624
200.54.247.69 - - [03/Mar/2017:12:19:05 -0300] "HEAD /cormun/static/about:blank HTTP/1.1" 404 -
186.103.157.98 - - [03/Mar/2017:12:19:09 -0300] "GET /cormun/servlet/solicitudot?37a4365caea35bff386b1e604b195744f5b13f129475259105a046b595e477f2489f99c45064be53c38ff9ecd8eda291692b830380401f23117c74752cf90ddedbf6b59c5b7f7ca3d378a7c4966ef5851b9310874c634dee734cc01131f178f31989aee62be1db71e1d736a87394b9a3,gx-no-cache=1488554422762 HTTP/1.1" 200 29
186.103.157.98 - - [03/Mar/2017:12:19:09 -0300] "POST /cormun/servlet/solicitudot?gx-no-cache=1488554422830 HTTP/1.1" 200 643
186.103.157.98 - - [03/Mar/2017:12:19:09 -0300] "POST /cormun/servlet/solicitudot?gx-no-cache=1488554422882 HTTP/1.1" 200 518
186.103.159.182 - - [03/Mar/2017:12:19:10 -0300] "POST /cormun/servlet/solicitudot?gx-no-cache=1488554420453 HTTP/1.1" 200 30
186.103.159.182 - - [03/Mar/2017:12:19:13 -0300] "POST /cormun/servlet/solicitudot?gx-no-cache=1488554423729 HTTP/1.1" 200 1289
186.103.159.182 - - [03/Mar/2017:12:19:13 -0300] "POST /cormun/servlet/solicitudot?gx-no-cache=1488554423839 HTTP/1.1" 200 41
186.103.157.98 - - [03/Mar/2017:12:19:19 -0300] "GET /cormun/static/menuarrow.gif HTTP/1.1" 404 1015
186.103.159.182 - - [03/Mar/2017:12:19:21 -0300] "POST /cormun/servlet/solicitudot?gx-no-cache=1488554432092 HTTP/1.1" 200 1273
186.103.159.182 - - [03/Mar/2017:12:19:21 -0300] "POST /cormun/servlet/solicitudot?gx-no-cache=1488554432213 HTTP/1.1" 200 1156
186.103.159.182 - - [03/Mar/2017:12:19:32 -0300] "GET /cormun/servlet/solicitudot?7f0570b57a3f2aa593d372dba3f75d4f8ceb52125c8767f84fa83d4e48122a4f43721d424116cce480eaac62dc9482282d52c86e95da94b6fc681256281a780cabacb904d592cb7be8828448f31172cf55d38fd7faffb2431017da1c8fd44d8cf5fa17517ff7f33d5a9970ab3cca340966164058775894b1542160da44aa9b9f4cb11448b03bf481c93b0bc70f0ec2985bc6077d32ec89b422a2becfd41c91e48b0aaeafab412f27023a986d23c68a9b,gx-no-cache=1488554443140 HTTP/1.1" 200 30
186.103.159.182 - - [03/Mar/2017:12:19:33 -0300] "POST /cormun/servlet/solicitudot?8d295ccf9cbef6112ca89b09ea0ac640,INS,0,0,,gx-no-cache=1488554443205 HTTP/1.1" 200 93
186.103.159.182 - - [03/Mar/2017:12:19:33 -0300] "GET /cormun/servlet/hpexe_return? HTTP/1.1" 200 1006
186.103.159.182 - - [03/Mar/2017:12:19:33 -0300] "GET /cormun/servlet/trsolicitudot HTTP/1.1" 200 11495
186.103.159.182 - - [03/Mar/2017:12:19:35 -0300] "GET /cormun/servlet/trsolicitudot HTTP/1.1" 200 11492
