186.103.159.182 - - [03/Mar/2017:12:02:35 -0300] "POST /cormun/servlet/solicitudot?gx-no-cache=1488553426326 HTTP/1.1" 200 30
186.103.159.46 - - [03/Mar/2017:12:02:36 -0300] "GET /cormun/servlet/permisosadjuntos?INS,13099025,P,20170303125530,, HTTP/1.1" 200 5408
186.79.30.74 - - [03/Mar/2017:12:02:38 -0300] "POST /cormun/servlet/solicitudot?gx-no-cache=1488553430903 HTTP/1.1" 200 3180
186.103.157.42 - - [03/Mar/2017:12:02:38 -0300] "GET /cormun/servlet/solicitudot?4730b4803e8a653e6fa99ecd956e32de169c2aabd3d61dbdfa30962c37d2136156d406e62865bcd5659429aa90ca9adef7b1f2e6e2902ee089cedf6d3cd450844368128bdbcc24bca606db6ef8af2d17b40a01e14740daef9a3833b332352394bf34a208eff540b276511d9cd4fe00c62ddbe904fdbf3c3fa6e00e7c9e8e2dccbaf30427fe8fb032499b6ad28654d8e112b9841f7886c89b35448f41906286e8,gx-no-cache=1488553296310 HTTP/1.1" 200 29
186.103.159.182 - - [03/Mar/2017:12:02:38 -0300] "POST /cormun/servlet/solicitudot?gx-no-cache=1488553429405 HTTP/1.1" 200 30
186.79.30.74 - - [03/Mar/2017:12:02:39 -0300] "POST /cormun/servlet/solicitudot?51369385d79bf71507035ac2490354f2,INS,0,0,,gx-no-cache=1488553431467 HTTP/1.1" 200 9788
186.103.159.182 - - [03/Mar/2017:12:02:41 -0300] "GET /cormun/servlet/prcontratosol?12658701,,,,,MD,,gxPopupLevel%3D0%3B HTTP/1.1" 200 5991
186.103.157.42 - - [03/Mar/2017:12:02:42 -0300] "POST /cormun/servlet/solicitudot?gx-no-cache=1488553299768 HTTP/1.1" 200 1275
186.79.30.74 - - [03/Mar/2017:12:02:42 -0300] "GET /cormun/servlet/solicitudot?2b94c23ae85e307addf1a085c977c12544043eff384a3b6a3e7e9ea64f0034c88abe5650c40e277a4fb607f8cb08aa71,gx-no-cache=1488553435723 HTTP/1.1" 200 30
186.79.30.74 - - [03/Mar/2017:12:02:43 -0300] "POST /cormun/servlet/solicitudot?gx-no-cache=1488553435852 HTTP/1.1" 200 255
186.79.30.74 - - [03/Mar/2017:12:02:43 -0300] "GET /cormun/servlet/solicitudot?2b94c23ae85e307addf1a085c977c125701bfca45037884917a1921ec2099cbfc19e6121eac49f4e44d58b98fa0e37846d21af0dc51030c1f7eb31a8ec430dc14c201abee7bc6e3d98ffe4f5ac2d18326c9e2890deaf3d64d2954e4bd6e2f4b76be7a1b3a3c62ce25a23b6fd1b75f66e8dda4b69b5459458ec845af96c6d483c85ca299ff0a1ea919794634329745187954bb68b6868eca8575a457ff8df21ee8d841b5a160bdd259c028336c9bfcc069bcceb81273881300015a6b9449e73c748b1f4b8e7ea3b79d44b94e243899f3c49331a256b892222648465b12fdb67234890844c4850a18bba1b40df9d554a8657b474531091a9e31fd47e14fac41bf01135a1859d9033919049a2e21e9245d3e98b66ea85c42dff3f85e0f272de563b8e63cedadfe9d50460e6d3deffd92f8e6379571fd08ae6ad7cd8493a6122121057571e0f06e237ebba7800ba51a1229be95fd6e3035f2a3b70f8303fcad31c1fb711929e9c37eccb821b13596c57210e611bc726646cc886c5c1fe460a325776,gx-no-cache=1488553435985 HTTP/1.1" 200 30
186.103.159.182 - - [03/Mar/2017:12:02:45 -0300] "POST /cormun/servlet/solicitudot?gx-no-cache=1488553435841 HTTP/1.1" 200 1291
186.103.159.182 - - [03/Mar/2017:12:02:45 -0300] "POST /cormun/servlet/solicitudot?gx-no-cache=1488553435935 HTTP/1.1" 200 38
186.103.159.182 - - [03/Mar/2017:12:02:45 -0300] "GET /cormun/servlet/solicitudot?7f0570b57a3f2aa593d372dba3f75d4f2cc0da48acb90217458d31b05a2c2d4d15873514a408a364106973242dfc5c95dcdd2a5eeca2c086db253891c888b56fd3afd2adea9aa6d79549cdf95f017a51ee52ee9c57bd463af6154c601097b9ee2aff692f160cb255d823720b68691ad18c16add61a8da17f6ad371c508fecab07b54cce3077978700dc21311b27160f03290d03132491fcf059aedb5f435184b,gx-no-cache=1488553435993 HTTP/1.1" 200 29
186.103.159.182 - - [03/Mar/2017:12:02:45 -0300] "POST /cormun/servlet/solicitudot?gx-no-cache=1488553436045 HTTP/1.1" 200 1274
186.103.159.182 - - [03/Mar/2017:12:02:45 -0300] "POST /cormun/servlet/solicitudot?gx-no-cache=1488553436130 HTTP/1.1" 200 1157
186.103.157.42 - - [03/Mar/2017:12:02:47 -0300] "POST /cormun/servlet/solicitudot?gx-no-cache=1488553305033 HTTP/1.1" 200 1157
186.103.157.42 - - [03/Mar/2017:12:02:47 -0300] "GET /cormun/static/menuarrow.gif HTTP/1.1" 404 1015
186.79.30.74 - - [03/Mar/2017:12:02:47 -0300] "POST /cormun/servlet/solicitudot?gx-no-cache=1488553440593 HTTP/1.1" 200 30
186.79.30.74 - - [03/Mar/2017:12:02:49 -0300] "GET /cormun/servlet/prcontratosol?15017995,,,,,MD,,gxPopupLevel%3D0%3B HTTP/1.1" 200 5887
186.103.159.46 - - [03/Mar/2017:12:02:51 -0300] "POST /cormun/servlet/permisosadjuntos?6f78033c3fe5e309d93f293c48d8f834,INS,13099025,P,20170303125530,, HTTP/1.1" 200 116
186.103.159.46 - - [03/Mar/2017:12:02:52 -0300] "GET /cormun/servlet/hpexe_return? HTTP/1.1" 200 1041
186.103.159.46 - - [03/Mar/2017:12:02:52 -0300] "GET /cormun/servlet/trpermisosadjuntos?13099025,20170303125530,P, HTTP/1.1" 200 6568
186.103.159.46 - - [03/Mar/2017:12:02:53 -0300] "GET /cormun/servlet/trpermisosadjuntos?13099025,20170303125530,P, HTTP/1.1" 200 6564
186.79.30.74 - - [03/Mar/2017:12:02:56 -0300] "POST /cormun/servlet/solicitudot?gx-no-cache=1488553449082 HTTP/1.1" 200 1291
186.79.30.74 - - [03/Mar/2017:12:02:56 -0300] "POST /cormun/servlet/solicitudot?gx-no-cache=1488553449238 HTTP/1.1" 200 38
186.79.30.74 - - [03/Mar/2017:12:02:56 -0300] "GET /cormun/servlet/solicitudot?2b94c23ae85e307addf1a085c977c1256c9ddf58263f913eae255a8c2465793632c35abbae3876e842d67d0d28dbf5d0f053b06ca6b31dd4cc48e04f2865f9346397683655f2a6a7050ba334a163da124ffa6a3a9e9624818912b6da06f1bac4dffa0a6ce9c4ef2a93b9034cec914f97d204c301178afacb1d372a393b0022994e0c3cec62f9c924a435c057b17147087d05c6c589fad1f6db35bb2e2212d81ac1ec74bc7e8e4ddc4379a1002efd7e17548dee6fc3f612b55ec86ec1549feb4739d4c367f70e9024d4aa27d3cb86e825,gx-no-cache=1488553449358 HTTP/1.1" 200 29
186.79.30.74 - - [03/Mar/2017:12:02:56 -0300] "POST /cormun/servlet/solicitudot?gx-no-cache=1488553449471 HTTP/1.1" 200 1274
186.79.30.74 - - [03/Mar/2017:12:02:57 -0300] "POST /cormun/servlet/solicitudot?gx-no-cache=1488553449668 HTTP/1.1" 200 1156
186.103.157.42 - - [03/Mar/2017:12:03:00 -0300] "GET /cormun/servlet/solicitudot?4730b4803e8a653e6fa99ecd956e32de3eee47206071e3239569106158e0259ec7be6c72d2183700beab7a320c74ed9be63cf223e0b9b99efa5f4852a4d6fb155e272f628ff5806faf9e1c4405ae0c61b30f0a78f4c205f3af8d87b7b6ebbff3540949c28d4743ef42d3ea0cec8dfab5698eb2c326a0108be03133864952912fbdff4f93c9d9cb405db33e354a66146828d423e333bd436f9e71549494e7276376e5b0741e0d59d6a29297a25e0808bfbd4bc64e92f96a4dbf560afe968cf759,gx-no-cache=1488553318182 HTTP/1.1" 200 30
186.103.159.46 - - [03/Mar/2017:12:03:01 -0300] "POST /cormun/servlet/trpermisosadjuntos?6f78033c3fe5e309d93f293c48d8f834,13099025,20170303125530,P,,gx-no-cache=1488553451922 HTTP/1.1" 200 90
186.103.159.46 - - [03/Mar/2017:12:03:01 -0300] "GET /cormun/servlet/hpexe_link HTTP/1.1" 200 988
186.103.157.42 - - [03/Mar/2017:12:03:01 -0300] "POST /cormun/servlet/solicitudot?609b29e05437bd4556466763c9a401f0,INS,0,0,,gx-no-cache=1488553318295 HTTP/1.1" 200 93
186.103.157.42 - - [03/Mar/2017:12:03:01 -0300] "GET /cormun/servlet/hpexe_return? HTTP/1.1" 200 999
186.103.159.46 - - [03/Mar/2017:12:03:01 -0300] "GET /cormun/servlet/trpermisosgoce HTTP/1.1" 200 8971
186.103.157.42 - - [03/Mar/2017:12:03:01 -0300] "GET /cormun/servlet/trsolicitudot HTTP/1.1" 200 8344
186.103.157.42 - - [03/Mar/2017:12:03:02 -0300] "GET /cormun/servlet/trsolicitudot HTTP/1.1" 200 8340
186.103.159.46 - - [03/Mar/2017:12:03:03 -0300] "GET /cormun/servlet/trpermisosgoce HTTP/1.1" 200 8972
186.103.159.182 - - [03/Mar/2017:12:03:04 -0300] "GET /cormun/servlet/solicitudot?7f0570b57a3f2aa593d372dba3f75d4f5e6027289206773e89acdeb1cf23d28676ea3dc33a8688ffb105d50ae03efc4e2d52c86e95da94b6fc681256281a780cabacb904d592cb7be8828448f31172cf55d38fd7faffb2431017da1c8fd44d8cf5fa17517ff7f33d5a9970ab3cca340966164058775894b1542160da44aa9b9f4cb11448b03bf481c93b0bc70f0ec2985bc6077d32ec89b422a2becfd41c91e48b0aaeafab412f27023a986d23c68a9b,gx-no-cache=1488553455151 HTTP/1.1" 200 30
186.103.157.42 - - [03/Mar/2017:12:03:06 -0300] "POST /cormun/servlet/trsolicitudot?609b29e05437bd4556466763c9a401f0,gx-no-cache=1488553323896 HTTP/1.1" 200 4368
186.103.157.42 - - [03/Mar/2017:12:03:06 -0300] "GET /cormun/static/Shared/jqueryui/images/ui-bg_highlight-soft_100_c6c2c8_1x100.png HTTP/1.1" 404 1117
186.103.157.42 - - [03/Mar/2017:12:03:06 -0300] "GET /cormun/static/Shared/jqueryui/images/ui-icons_82798d_256x240.png HTTP/1.1" 404 1089
186.103.157.42 - - [03/Mar/2017:12:03:06 -0300] "GET /cormun/static/Shared/jqueryui/images/ui-bg_flat_55_fafafa_40x100.png HTTP/1.1" 404 1097
186.103.157.42 - - [03/Mar/2017:12:03:06 -0300] "GET /cormun/static/Shared/jqueryui/images/ui-icons_8d78a5_256x240.png HTTP/1.1" 404 1089
186.103.157.42 - - [03/Mar/2017:12:03:06 -0300] "POST /cormun/servlet/trsolicitudot?609b29e05437bd4556466763c9a401f0,gx-no-cache=1488553324172 HTTP/1.1" 200 4117
186.103.157.246 - - [03/Mar/2017:12:03:08 -0300] "GET /cormun/servlet/trlicenciaspermisosadjuntos?18044187,20170303000000,L, HTTP/1.1" 200 6050
186.103.157.246 - - [03/Mar/2017:12:03:08 -0300] "GET /cormun/static/gxcfg.js?2016122813131454 HTTP/1.1" 200 953
186.103.157.246 - - [03/Mar/2017:12:03:08 -0300] "GET /cormun/static/trlicenciaspermisosadjuntos.js?2016122813131728 HTTP/1.1" 200 21008
186.103.157.246 - - [03/Mar/2017:12:03:10 -0300] "POST /cormun/servlet/acontrolpreferencessavestate?None,CD-9,true HTTP/1.1" 200 35
186.103.157.42 - - [03/Mar/2017:12:03:13 -0300] "GET /cormun/servlet/solicitudot?INS,0,0, HTTP/1.1" 200 12839
186.103.157.42 - - [03/Mar/2017:12:03:14 -0300] "GET /cormun/servlet/solicitudot?INS,0,0, HTTP/1.1" 200 12845
186.103.157.246 - - [03/Mar/2017:12:03:15 -0300] "GET /cormun/servlet/licenciaspermisosadjuntos?INS,18044187,L,20170303000000,, HTTP/1.1" 200 5358
186.103.157.246 - - [03/Mar/2017:12:03:15 -0300] "GET /cormun/static/gxcfg.js?2016122813131386 HTTP/1.1" 200 953
186.103.157.246 - - [03/Mar/2017:12:03:15 -0300] "GET /cormun/static/about:blank HTTP/1.1" 404 1011
186.103.157.246 - - [03/Mar/2017:12:03:15 -0300] "GET /cormun/static/about:blank HTTP/1.1" 404 1011
186.103.157.246 - - [03/Mar/2017:12:03:16 -0300] "GET /cormun/static/licenciaspermisosadjuntos.js?2016122813131394 HTTP/1.1" 200 8757
186.103.159.46 - - [03/Mar/2017:12:03:20 -0300] "GET /cormun/servlet/trpermisosadjuntos?13099025,20170303125530,P, HTTP/1.1" 200 6567
186.103.159.46 - - [03/Mar/2017:12:03:22 -0300] "GET /cormun/servlet/trpermisosadjuntos?13099025,20170303125530,P, HTTP/1.1" 200 6564
186.103.159.46 - - [03/Mar/2017:12:03:24 -0300] "GET /cormun/servlet/permisosadjuntos?INS,13099025,P,20170303125530,, HTTP/1.1" 200 5419
186.103.159.46 - - [03/Mar/2017:12:03:25 -0300] "GET /cormun/static/about:blank HTTP/1.1" 404 1011
186.103.159.46 - - [03/Mar/2017:12:03:26 -0300] "GET /cormun/servlet/permisosadjuntos?INS,13099025,P,20170303125530,, HTTP/1.1" 200 5410
186.103.157.42 - - [03/Mar/2017:12:03:28 -0300] "POST /cormun/servlet/solicitudot?gx-no-cache=1488553345700 HTTP/1.1" 200 3081
186.103.157.42 - - [03/Mar/2017:12:03:28 -0300] "POST /cormun/servlet/solicitudot?609b29e05437bd4556466763c9a401f0,INS,0,0,,gx-no-cache=1488553345863 HTTP/1.1" 200 9856
186.103.159.46 - - [03/Mar/2017:12:03:30 -0300] "GET /cormun/servlet/trpermisosadjuntos?13099025,20170303125530,P, HTTP/1.1" 200 6566
186.103.159.46 - - [03/Mar/2017:12:03:31 -0300] "GET /cormun/servlet/trpermisosadjuntos?13099025,20170303125530,P, HTTP/1.1" 200 6564
186.103.157.246 - - [03/Mar/2017:12:03:32 -0300] "POST /cormun/servlet/licenciaspermisosadjuntos?9d30eba73676d2283a70c69c5cb5c950,INS,18044187,L,20170303000000,, HTTP/1.1" 200 116
186.103.157.246 - - [03/Mar/2017:12:03:32 -0300] "GET /cormun/servlet/hpexe_return? HTTP/1.1" 200 1032
186.103.157.246 - - [03/Mar/2017:12:03:32 -0300] "GET /cormun/servlet/trlicenciaspermisosadjuntos?18044187,20170303000000,L, HTTP/1.1" 200 6536
186.79.30.74 - - [03/Mar/2017:12:03:33 -0300] "GET /cormun/servlet/solicitudot?2b94c23ae85e307addf1a085c977c1256c9ddf58263f913eae255a8c2465793632c35abbae3876e842d67d0d28dbf5d041fa63ebcf05a8d6afc8ff864ff820086397683655f2a6a7050ba334a163da124ffa6a3a9e9624818912b6da06f1bac4dffa0a6ce9c4ef2a93b9034cec914f97d204c301178afacb1d372a393b0022994e0c3cec62f9c924a435c057b17147087d05c6c589fad1f6db35bb2e2212d81ac1ec74bc7e8e4ddc4379a1002efd7e17548dee6fc3f612b55ec86ec1549feb4739d4c367f70e9024d4aa27d3cb86e825,gx-no-cache=1488553486141 HTTP/1.1" 200 29
186.103.157.246 - - [03/Mar/2017:12:03:33 -0300] "GET /cormun/PublicTempStorage/licencia_sonia_ortiz_marzo6852398.pdf HTTP/1.1" 200 209614
192.168.10.62 - - [03/Mar/2017:12:03:37 -0300] "GET /cormun/servlet/hlogin HTTP/1.1" 200 1743
186.79.30.74 - - [03/Mar/2017:12:03:40 -0300] "POST /cormun/servlet/solicitudot?gx-no-cache=1488553493446 HTTP/1.1" 200 1274
186.79.30.74 - - [03/Mar/2017:12:03:41 -0300] "POST /cormun/servlet/solicitudot?gx-no-cache=1488553493664 HTTP/1.1" 200 1156
186.79.30.74 - - [03/Mar/2017:12:03:41 -0300] "GET /cormun/static/menuarrow.gif HTTP/1.1" 404 1015
186.103.157.42 - - [03/Mar/2017:12:03:42 -0300] "POST /cormun/servlet/solicitudot?gx-no-cache=1488553360209 HTTP/1.1" 200 3186
186.103.157.42 - - [03/Mar/2017:12:03:42 -0300] "POST /cormun/servlet/solicitudot?609b29e05437bd4556466763c9a401f0,INS,0,0,,gx-no-cache=1488553360356 HTTP/1.1" 200 10021
186.79.30.74 - - [03/Mar/2017:12:03:43 -0300] "POST /cormun/servlet/solicitudot?gx-no-cache=1488553495893 HTTP/1.1" 200 1274
186.79.30.74 - - [03/Mar/2017:12:03:43 -0300] "POST /cormun/servlet/solicitudot?gx-no-cache=1488553496096 HTTP/1.1" 200 1156
186.103.157.42 - - [03/Mar/2017:12:03:45 -0300] "GET /cormun/servlet/solicitudot?4730b4803e8a653e6fa99ecd956e32de88725b031c76f8ed1a42241ec02f8365241f03fd827437d8285d791748f163e4,gx-no-cache=1488553363313 HTTP/1.1" 200 30
186.103.157.42 - - [03/Mar/2017:12:03:45 -0300] "POST /cormun/servlet/solicitudot?gx-no-cache=1488553363353 HTTP/1.1" 200 240
186.103.157.42 - - [03/Mar/2017:12:03:45 -0300] "GET /cormun/servlet/solicitudot?4730b4803e8a653e6fa99ecd956e32dea7de46845820499f96a9cd4f4dd78622ebff3b7bcfe1a4abcd3df0c056e303d0dfc9ee5e004654e98cf9ac1f57442cc10c26f53662d32bfccbdac2ccf07c4756ba35c05b998b794798e5b3b3f87f531b6930640a97dbc1453b70bbf027da2ee4cff53b60e22c833c5998ccd9b51a5d40537153d26d213475609244e21f774e703e5bdb5cde4c0faef2d96c70f27d398cce786bd5a749700b78907524331359901e0c5245bd6ddc822e4900e031811827677194ae170a46a6ebaaf8557aff22ad273dc068f701b5adf9dba1a0f8a8057ee43e1e24bc6cd43310081e49ab6a8eca564bc78de26d19702c5e5f854d042254412c4cb10a233970dd310f8b01e98f0aeea8273ee99e24864b8dbddd7512888018eae775aac4054de7e4e893ea9c05e56292f757daa11ae458d6667d861e4d9a281077ffb426d203063820bcb20a07b2be186d16cdccf3214a72c2692ae61c9990880f8783ade0d2c5f27225647e351a32b1e6e10d9aaf2752d5801095178d6b,gx-no-cache=1488553363389 HTTP/1.1" 200 30
186.103.157.42 - - [03/Mar/2017:12:03:48 -0300] "POST /cormun/servlet/solicitudot?gx-no-cache=1488553365635 HTTP/1.1" 200 30
186.103.159.46 - - [03/Mar/2017:12:03:49 -0300] "GET /cormun/servlet/trpermisosgoce? HTTP/1.1" 200 8985
186.103.157.42 - - [03/Mar/2017:12:03:49 -0300] "GET /cormun/servlet/prcontratosol?12158284,,,,,MD,,gxPopupLevel%3D0%3B HTTP/1.1" 200 6016
186.103.159.46 - - [03/Mar/2017:12:03:51 -0300] "GET /cormun/servlet/trpermisosgoce? HTTP/1.1" 200 8977
186.103.157.42 - - [03/Mar/2017:12:03:53 -0300] "POST /cormun/servlet/solicitudot?gx-no-cache=1488553371487 HTTP/1.1" 200 1372
186.103.157.42 - - [03/Mar/2017:12:03:53 -0300] "GET /cormun/static/Shared/jqueryui/images/ui-bg_highlight-soft_100_c6c2c8_1x100.png HTTP/1.1" 404 1117
186.103.157.42 - - [03/Mar/2017:12:03:53 -0300] "GET /cormun/static/Shared/jqueryui/images/ui-icons_82798d_256x240.png HTTP/1.1" 404 1089
186.103.157.42 - - [03/Mar/2017:12:03:53 -0300] "GET /cormun/static/Shared/jqueryui/images/ui-bg_flat_55_994d53_40x100.png HTTP/1.1" 404 1097
186.103.157.42 - - [03/Mar/2017:12:03:53 -0300] "GET /cormun/static/Shared/jqueryui/images/ui-icons_ebccce_256x240.png HTTP/1.1" 404 1089
186.103.157.42 - - [03/Mar/2017:12:03:53 -0300] "POST /cormun/servlet/solicitudot?gx-no-cache=1488553371559 HTTP/1.1" 200 117
186.103.157.42 - - [03/Mar/2017:12:03:54 -0300] "GET /cormun/servlet/solicitudot?4730b4803e8a653e6fa99ecd956e32de169c2aabd3d61dbdfa30962c37d2136156d406e62865bcd5659429aa90ca9adef7b1f2e6e2902ee089cedf6d3cd450844368128bdbcc24bca606db6ef8af2d17b40a01e14740daef9a3833b332352394bf34a208eff540b276511d9cd4fe00c62ddbe904fdbf3c3fa6e00e7c9e8e2dccbaf30427fe8fb032499b6ad28654d8e112b9841f7886c89b35448f41906286e8,gx-no-cache=1488553371592 HTTP/1.1" 200 29
186.103.157.42 - - [03/Mar/2017:12:03:54 -0300] "GET /cormun/servlet/solicitudot?4730b4803e8a653e6fa99ecd956e32de15008ff01c3c0d868853075b50907a99fb4bc6ff972665a9266100fbd63b6a6fc18dc5b335b3e14f8f6f478826b522fc182a129e2c70779c00cc3f1229ba8a0f27ab3382d1b629297c639d7904c9963fd55df89b723507a4678718023d593f197cc5419cf96123935b0d05d64c5beaec9ddb5ef2ad4ac5d1409084f6de8005722ab3454268cf963ba75d141c95a76a97,gx-no-cache=1488553371732 HTTP/1.1" 200 57
186.103.157.42 - - [03/Mar/2017:12:03:54 -0300] "GET /cormun/servlet/solicitudot?4730b4803e8a653e6fa99ecd956e32def9542c3a544301d0eae3f802f22c7656fb4bc6ff972665a9266100fbd63b6a6fc18dc5b335b3e14f8f6f478826b522fc8581560719124b1831ade623a4908afeb066acb6c013ef8d5a585649e6eaed2d974d09c013aa8f8f1ef5dd29b5705b9b6ac2313ea2edeeb9610f272db48036af,gx-no-cache=1488553371765 HTTP/1.1" 200 57
186.103.159.46 - - [03/Mar/2017:12:03:55 -0300] "POST /cormun/servlet/trpermisosgoce?6f78033c3fe5e309d93f293c48d8f834,,gx-no-cache=1488553506154 HTTP/1.1" 200 6255
186.103.157.42 - - [03/Mar/2017:12:03:55 -0300] "GET /cormun/servlet/prsolicitudot?12158284,,,,,MD,,gxPopupLevel%3D0%3B HTTP/1.1" 200 6192
186.103.157.246 - - [03/Mar/2017:12:04:02 -0300] "GET /cormun/servlet/trlicencias? HTTP/1.1" 200 7705
186.103.157.42 - - [03/Mar/2017:12:04:04 -0300] "POST /cormun/servlet/solicitudot?gx-no-cache=1488553382272 HTTP/1.1" 200 1372
186.103.157.42 - - [03/Mar/2017:12:04:04 -0300] "POST /cormun/servlet/solicitudot?gx-no-cache=1488553382337 HTTP/1.1" 200 117
186.103.157.42 - - [03/Mar/2017:12:04:04 -0300] "GET /cormun/servlet/solicitudot?4730b4803e8a653e6fa99ecd956e32de15008ff01c3c0d868853075b50907a99fb4bc6ff972665a9266100fbd63b6a6fc18dc5b335b3e14f8f6f478826b522fc182a129e2c70779c00cc3f1229ba8a0f27ab3382d1b629297c639d7904c9963fd55df89b723507a4678718023d593f197cc5419cf96123935b0d05d64c5beaec9ddb5ef2ad4ac5d1409084f6de8005722ab3454268cf963ba75d141c95a76a97,gx-no-cache=1488553382410 HTTP/1.1" 200 57
186.103.157.42 - - [03/Mar/2017:12:04:04 -0300] "GET /cormun/servlet/solicitudot?4730b4803e8a653e6fa99ecd956e32def9542c3a544301d0eae3f802f22c7656fb4bc6ff972665a9266100fbd63b6a6fc18dc5b335b3e14f8f6f478826b522fc8581560719124b1831ade623a4908afeb066acb6c013ef8d5a585649e6eaed2d974d09c013aa8f8f1ef5dd29b5705b9b6ac2313ea2edeeb9610f272db48036af,gx-no-cache=1488553382466 HTTP/1.1" 200 57
186.103.157.42 - - [03/Mar/2017:12:04:17 -0300] "GET /cormun/servlet/prfichaempleado?,MD,,gxPopupLevel%3D0%3B HTTP/1.1" 200 8933
186.79.30.74 - - [03/Mar/2017:12:04:18 -0300] "GET /cormun/servlet/solicitudot?2b94c23ae85e307addf1a085c977c1252fd857534bb8153f20c07fb2028fd5565b2273155bc98f6a062dabe06501d9009f0ca011f554872c1cb5dd64ad3060e4d8fbd91acecc3e44b1fa29e689fa766eaac79c9a62a4da4dba90c54fbe89843c4c019c741363bd457b727ab74f54271cd9e270903787f5f0f7faaeec139a0a9df2aa1809f367d790ca44f7573162d1c8ccfbf4389ce7b6331191526599284aad99705e0501255c028571e2e54981ddd1,gx-no-cache=1488553531575 HTTP/1.1" 200 30
186.103.159.46 - - [03/Mar/2017:12:04:20 -0300] "POST /cormun/servlet/trpermisosgoce?6f78033c3fe5e309d93f293c48d8f834,,gx-no-cache=1488553531138 HTTP/1.1" 200 6273
186.103.157.42 - - [03/Mar/2017:12:04:25 -0300] "POST /cormun/servlet/prfichaempleado?609b29e05437bd4556466763c9a401f0,,MD,,gxPopupLevel%3D0%3B,gx-no-cache=1488553402470 HTTP/1.1" 200 3937
186.103.157.42 - - [03/Mar/2017:12:04:30 -0300] "GET /cormun/servlet/prlicenciaspermisos?9178795,L,,MD,,gxPopupLevel%3D0%3B HTTP/1.1" 200 7725
186.103.157.42 - - [03/Mar/2017:12:04:33 -0300] "POST /cormun/servlet/solicitudot?gx-no-cache=1488553410907 HTTP/1.1" 200 1292
186.103.157.42 - - [03/Mar/2017:12:04:35 -0300] "POST /cormun/servlet/solicitudot?gx-no-cache=1488553413451 HTTP/1.1" 200 41
186.103.159.182 - - [03/Mar/2017:12:04:36 -0300] "POST /cormun/servlet/solicitudot?gx-no-cache=1488553546437 HTTP/1.1" 200 1273
186.103.159.182 - - [03/Mar/2017:12:04:36 -0300] "POST /cormun/servlet/solicitudot?gx-no-cache=1488553546689 HTTP/1.1" 200 1157
186.103.159.182 - - [03/Mar/2017:12:04:36 -0300] "GET /cormun/servlet/solicitudot?7f0570b57a3f2aa593d372dba3f75d4f5e6027289206773e89acdeb1cf23d28676ea3dc33a8688ffb105d50ae03efc4e2d52c86e95da94b6fc681256281a780cabacb904d592cb7be8828448f31172cf55d38fd7faffb2431017da1c8fd44d8cf5fa17517ff7f33d5a9970ab3cca340966164058775894b1542160da44aa9b9f4cb11448b03bf481c93b0bc70f0ec2985bc6077d32ec89b422a2becfd41c91e48b0aaeafab412f27023a986d23c68a9b,gx-no-cache=1488553546792 HTTP/1.1" 200 30
186.103.159.182 - - [03/Mar/2017:12:04:36 -0300] "POST /cormun/servlet/solicitudot?8d295ccf9cbef6112ca89b09ea0ac640,INS,0,0,,gx-no-cache=1488553546876 HTTP/1.1" 200 93
186.103.159.182 - - [03/Mar/2017:12:04:36 -0300] "GET /cormun/servlet/hpexe_return? HTTP/1.1" 200 1006
186.103.159.182 - - [03/Mar/2017:12:04:37 -0300] "GET /cormun/servlet/trsolicitudot HTTP/1.1" 200 9962
186.103.157.246 - - [03/Mar/2017:12:04:38 -0300] "GET /cormun/servlet/alicenciaprn?18044187,L,20170303000000,PU HTTP/1.1" 200 1540
186.103.159.182 - - [03/Mar/2017:12:04:39 -0300] "GET /cormun/servlet/trsolicitudot HTTP/1.1" 200 9958
186.67.172.234 - - [03/Mar/2017:12:04:42 -0300] "GET /cormun/servlet/hlogin HTTP/1.1" 200 1723
186.67.172.234 - - [03/Mar/2017:12:04:42 -0300] "GET /cormun/static/gxtimezone.js?85251 HTTP/1.1" 200 5781
186.67.172.234 - - [03/Mar/2017:12:04:42 -0300] "GET /cormun/static/gxcfg.js?201612216162538 HTTP/1.1" 200 953
186.67.172.234 - - [03/Mar/2017:12:04:42 -0300] "GET /cormun/static/Resources/Spanish/PXTools.css?167811 HTTP/1.1" 200 89042
186.67.172.234 - - [03/Mar/2017:12:04:42 -0300] "GET /cormun/static/messages.spa.js?85251 HTTP/1.1" 200 30736
186.67.172.234 - - [03/Mar/2017:12:04:42 -0300] "GET /cormun/static/hlogin.js?201612216162555 HTTP/1.1" 200 2136
186.67.172.234 - - [03/Mar/2017:12:04:42 -0300] "GET /cormun/static/Resources/ComunLogin.png HTTP/1.1" 200 17326
186.67.172.234 - - [03/Mar/2017:12:04:42 -0300] "GET /cormun/static/gxgral.js?85251 HTTP/1.1" 200 384558
186.103.159.182 - - [03/Mar/2017:12:04:42 -0300] "GET /cormun/servlet/solicitudot?INS,0,0, HTTP/1.1" 200 12822
186.67.172.234 - - [03/Mar/2017:12:04:43 -0300] "GET /cormun/static/Resources/PXToolsLoginTop.png HTTP/1.1" 200 1337
186.67.172.234 - - [03/Mar/2017:12:04:43 -0300] "GET /cormun/static/Resources/PXToolsLoginBackground.png HTTP/1.1" 200 1164
186.67.172.234 - - [03/Mar/2017:12:04:43 -0300] "GET /cormun/static/Resources/PXToolsButtonLeft21.png HTTP/1.1" 200 1287
186.67.172.234 - - [03/Mar/2017:12:04:43 -0300] "GET /cormun/static/Resources/PXToolsButtonRight21.png HTTP/1.1" 200 1283
186.67.172.234 - - [03/Mar/2017:12:04:43 -0300] "GET /cormun/static/Resources/PXToolsButtonBackground2.png HTTP/1.1" 200 1181
186.67.172.234 - - [03/Mar/2017:12:04:43 -0300] "GET /cormun/static/Resources/PXToolsLoginBottom.png HTTP/1.1" 200 1389
186.67.172.234 - - [03/Mar/2017:12:04:43 -0300] "GET /cormun/static/Resources/indicator.gif HTTP/1.1" 200 1553
186.67.172.234 - - [03/Mar/2017:12:04:43 -0300] "GET /cormun/servlet/hlogin HTTP/1.1" 200 1728
186.67.172.234 - - [03/Mar/2017:12:04:43 -0300] "GET /cormun/static/Resources/ComunLogin.png HTTP/1.1" 206 1
186.67.172.234 - - [03/Mar/2017:12:04:43 -0300] "GET /cormun/static/Resources/ComunLogin.png HTTP/1.1" 206 156
186.67.172.234 - - [03/Mar/2017:12:04:43 -0300] "GET /favicon.ico HTTP/1.1" 200 21630
186.103.159.46 - - [03/Mar/2017:12:04:44 -0300] "GET /cormun/servlet/permisogoce?UPD,13944224,P,20170301170111, HTTP/1.1" 200 6587
186.103.159.182 - - [03/Mar/2017:12:04:44 -0300] "GET /cormun/servlet/solicitudot?INS,0,0, HTTP/1.1" 200 12827
186.103.157.42 - - [03/Mar/2017:12:04:45 -0300] "POST /cormun/servlet/solicitudot?gx-no-cache=1488553423456 HTTP/1.1" 200 1274
186.103.157.42 - - [03/Mar/2017:12:04:45 -0300] "POST /cormun/servlet/solicitudot?gx-no-cache=1488553423506 HTTP/1.1" 200 1157
186.103.157.42 - - [03/Mar/2017:12:04:45 -0300] "GET /cormun/static/menuarrow.gif HTTP/1.1" 404 1015
186.103.159.46 - - [03/Mar/2017:12:04:46 -0300] "GET /cormun/servlet/permisogoce?UPD,13944224,P,20170301170111, HTTP/1.1" 200 6587
186.103.159.46 - - [03/Mar/2017:12:04:46 -0300] "GET /cormun/servlet/permisogoce?c4767e85c9f0001230264730c5a5a83f49bf80dc1961dd40787302fc4b230f6804d775444248782c66e5dfcc34b0afee,gx-no-cache=1488553557760 HTTP/1.1" 200 74
186.103.157.42 - - [03/Mar/2017:12:04:49 -0300] "POST /cormun/servlet/solicitudot?gx-no-cache=1488553427284 HTTP/1.1" 200 1274
186.103.157.42 - - [03/Mar/2017:12:04:49 -0300] "POST /cormun/servlet/solicitudot?gx-no-cache=1488553427330 HTTP/1.1" 200 1157
186.67.172.234 - - [03/Mar/2017:12:04:51 -0300] "POST /cormun/servlet/hlogin?fabd3da15d930f5a1b913e5d92fabcf2,gx-no-cache=1488553553849 HTTP/1.1" 200 444
186.103.157.42 - - [03/Mar/2017:12:04:54 -0300] "GET /cormun/servlet/solicitudot?4730b4803e8a653e6fa99ecd956e32de3eee47206071e3239569106158e0259e232d26de7d6ab4dcda292f8c5f9ab3ec49d3e9139cec84e090bf572b6db1624d866d8fad3dd78bdd1549f0d1a4be25a89ddb5ef2ad4ac5d1409084f6de8005722705502010a0e12a4f02a5d50a3c153b03edbdefc442f3d66aa6987e0a25f2d1179eb4e9bedcfa94161c73119be60c62adc5b48a8addc757cdc94defb6b15b335f5efab023b6a704acb3763f58bfb27f5b489f83af9f28a2bd53783ce5a8269e,gx-no-cache=1488553431670 HTTP/1.1" 200 30
186.103.159.46 - - [03/Mar/2017:12:04:57 -0300] "POST /cormun/servlet/permisogoce?6f78033c3fe5e309d93f293c48d8f834,UPD,13944224,P,20170301170111,,gx-no-cache=1488553569001 HTTP/1.1" 200 93
186.103.159.46 - - [03/Mar/2017:12:04:58 -0300] "GET /cormun/servlet/hpexe_return? HTTP/1.1" 200 1030
186.103.159.46 - - [03/Mar/2017:12:04:58 -0300] "GET /cormun/servlet/trpermisosgoce? HTTP/1.1" 200 8970
186.79.30.74 - - [03/Mar/2017:12:04:59 -0300] "POST /cormun/servlet/solicitudot?51369385d79bf71507035ac2490354f2,INS,0,0,,gx-no-cache=1488553571153 HTTP/1.1" 200 11122
186.79.30.74 - - [03/Mar/2017:12:04:59 -0300] "GET /cormun/static/Shared/jqueryui/images/ui-bg_highlight-soft_100_c6c2c8_1x100.png HTTP/1.1" 404 1117
186.79.30.74 - - [03/Mar/2017:12:04:59 -0300] "GET /cormun/static/Shared/jqueryui/images/ui-icons_82798d_256x240.png HTTP/1.1" 404 1089
186.79.30.74 - - [03/Mar/2017:12:04:59 -0300] "GET /cormun/static/Shared/jqueryui/images/ui-icons_ebccce_256x240.png HTTP/1.1" 404 1089
186.79.30.74 - - [03/Mar/2017:12:04:59 -0300] "GET /cormun/static/Shared/jqueryui/images/ui-bg_flat_55_994d53_40x100.png HTTP/1.1" 404 1097
186.103.159.46 - - [03/Mar/2017:12:04:59 -0300] "GET /cormun/servlet/trpermisosgoce? HTTP/1.1" 200 8969
186.79.168.199 - - [03/Mar/2017:12:05:00 -0300] "POST /cormun/servlet/hlogin?1a4973efbe81de76b18a923fabc5ba6c,gx-no-cache=1488553436612 HTTP/1.1" 200 90
186.79.168.199 - - [03/Mar/2017:12:05:00 -0300] "GET /cormun/servlet/hpexe_link HTTP/1.1" 200 948
186.79.168.199 - - [03/Mar/2017:12:05:00 -0300] "GET /cormun/servlet/hhome HTTP/1.1" 200 3779
186.79.168.199 - - [03/Mar/2017:12:05:02 -0300] "GET /cormun/servlet/hhome HTTP/1.1" 200 3776
186.67.172.234 - - [03/Mar/2017:12:05:04 -0300] "POST /cormun/servlet/hlogin?fabd3da15d930f5a1b913e5d92fabcf2,gx-no-cache=1488553566855 HTTP/1.1" 200 90
186.67.172.234 - - [03/Mar/2017:12:05:04 -0300] "GET /cormun/servlet/hpexe_link HTTP/1.1" 200 952
186.67.172.234 - - [03/Mar/2017:12:05:04 -0300] "GET /cormun/static/gxcfg.js?201612218515529 HTTP/1.1" 200 953
186.67.172.234 - - [03/Mar/2017:12:05:04 -0300] "GET /cormun/static/hpexe_link.js?201612218515532 HTTP/1.1" 200 625
186.67.172.234 - - [03/Mar/2017:12:05:04 -0300] "GET /cormun/static/Resources/Spanish/PXTools.css?18365030 HTTP/1.1" 200 89042
186.67.172.234 - - [03/Mar/2017:12:05:04 -0300] "GET /cormun/servlet/hhome HTTP/1.1" 200 3723
186.67.172.234 - - [03/Mar/2017:12:05:04 -0300] "GET /cormun/static/Shared/jqueryui/jquery-ui.min.css?1345370 HTTP/1.1" 200 30288
186.67.172.234 - - [03/Mar/2017:12:05:04 -0300] "GET /cormun/static/SmoothNavMenu/resources/ddsmoothmenu.css?1112540 HTTP/1.1" 200 2223
186.67.172.234 - - [03/Mar/2017:12:05:04 -0300] "GET /cormun/static/SmoothNavMenu/resources/ddsmoothmenu-v.css?1112540 HTTP/1.1" 200 1188
186.67.172.234 - - [03/Mar/2017:12:05:04 -0300] "GET /cormun/static/scaMessage/css/jquery.pnotify.default.css?1816380 HTTP/1.1" 200 1707
186.67.172.234 - - [03/Mar/2017:12:05:04 -0300] "GET /cormun/static/gxcfg.js?201612218515568 HTTP/1.1" 200 953
186.67.172.234 - - [03/Mar/2017:12:05:04 -0300] "GET /cormun/static/PXToolsJavascripts/pexe_cookies.js HTTP/1.1" 200 792
186.67.172.234 - - [03/Mar/2017:12:05:04 -0300] "GET /cormun/static/PXToolsJavascripts/pexe_autoreload.js HTTP/1.1" 200 1762
186.67.172.234 - - [03/Mar/2017:12:05:04 -0300] "GET /cormun/static/PXToolsJavascripts/pexe_windows.js HTTP/1.1" 200 15207
186.67.172.234 - - [03/Mar/2017:12:05:04 -0300] "GET /cormun/static/PXToolsJavascripts/pexe_grid.js HTTP/1.1" 200 7559
186.67.172.234 - - [03/Mar/2017:12:05:04 -0300] "GET /cormun/static/PXToolsJavascripts/pexe_griddivfix.js HTTP/1.1" 200 6644
186.67.172.234 - - [03/Mar/2017:12:05:04 -0300] "GET /cormun/static/PXToolsJavascripts/pexe_link.js HTTP/1.1" 200 5671
186.67.172.234 - - [03/Mar/2017:12:05:04 -0300] "GET /cormun/static/PXToolsJavascripts/pexe_menudivfix.js HTTP/1.1" 200 333
186.67.172.234 - - [03/Mar/2017:12:05:04 -0300] "GET /cormun/static/PXToolsJavascripts/pexe_oav.js HTTP/1.1" 200 645
186.67.172.234 - - [03/Mar/2017:12:05:04 -0300] "GET /cormun/static/PXToolsJavascripts/pexe_layers.js HTTP/1.1" 200 4114
186.67.172.234 - - [03/Mar/2017:12:05:04 -0300] "GET /cormun/static/PXToolsJavascripts/pexe_menus.js HTTP/1.1" 200 1286
186.67.172.234 - - [03/Mar/2017:12:05:04 -0300] "GET /cormun/static/PXToolsJavascripts/pexe_oavdivfix.js HTTP/1.1" 200 639
186.67.172.234 - - [03/Mar/2017:12:05:04 -0300] "GET /cormun/static/PXToolsJavascripts/pexe_popup.js HTTP/1.1" 200 13458
186.67.172.234 - - [03/Mar/2017:12:05:04 -0300] "GET /cormun/static/PXToolsJavascripts/pexe_tabs.js HTTP/1.1" 200 3748
186.67.172.234 - - [03/Mar/2017:12:05:04 -0300] "GET /cormun/static/PXToolsJavascripts/pexe_picture.js HTTP/1.1" 200 689
186.67.172.234 - - [03/Mar/2017:12:05:04 -0300] "GET /cormun/static/PXToolsJavascripts/pexe_scrolldiv.js HTTP/1.1" 200 4138
186.67.172.234 - - [03/Mar/2017:12:05:04 -0300] "GET /cormun/static/PXToolsJavascripts/pexe_upload.js HTTP/1.1" 200 1423
186.67.172.234 - - [03/Mar/2017:12:05:04 -0300] "GET /cormun/static/PXToolsJavascripts/PXToolsJavascriptsRender.js HTTP/1.1" 200 367
186.67.172.234 - - [03/Mar/2017:12:05:04 -0300] "GET /cormun/static/PXToolsJavascripts/pexe_tabdivfix.js HTTP/1.1" 200 876
186.67.172.234 - - [03/Mar/2017:12:05:04 -0300] "GET /cormun/static/RunJS/RunJS.js HTTP/1.1" 200 288
186.67.172.234 - - [03/Mar/2017:12:05:04 -0300] "GET /cormun/static/hhome.js?201612218515573 HTTP/1.1" 200 777
186.67.172.234 - - [03/Mar/2017:12:05:04 -0300] "GET /cormun/static/Shared/ext/locale/ext-lang-en.js HTTP/1.1" 200 10940
186.67.172.234 - - [03/Mar/2017:12:05:04 -0300] "GET /cormun/static/hwchdr01.js?201612218432057 HTTP/1.1" 200 1183
186.67.172.234 - - [03/Mar/2017:12:05:04 -0300] "GET /cormun/static/hpexe_recentlink.js?201610171694390 HTTP/1.1" 200 2144
186.67.172.234 - - [03/Mar/2017:12:05:04 -0300] "GET /cormun/static/hpexe_scripts.js?201612218432016 HTTP/1.1" 200 1544
186.67.172.234 - - [03/Mar/2017:12:05:04 -0300] "GET /cormun/static/hpexe_messagecontroller.js?201610171694323 HTTP/1.1" 200 870
186.67.172.234 - - [03/Mar/2017:12:05:04 -0300] "GET /cormun/static/hpexe_messagegenexuscomponent.js?201612218431816 HTTP/1.1" 200 587
186.67.172.234 - - [03/Mar/2017:12:05:04 -0300] "GET /cormun/static/hpexe_messagepopupcomponent.js?20161017169425 HTTP/1.1" 200 605
186.67.172.234 - - [03/Mar/2017:12:05:04 -0300] "GET /cormun/static/Resources/PXToolsHeaderPreferences.png HTTP/1.1" 200 4189
186.67.172.234 - - [03/Mar/2017:12:05:04 -0300] "GET /cormun/static/Resources/PXToolsHeaderActionsLeft.png HTTP/1.1" 200 1118
186.67.172.234 - - [03/Mar/2017:12:05:04 -0300] "GET /cormun/static/Resources/PXToolsFooterBackground2.png HTTP/1.1" 200 1172
186.67.172.234 - - [03/Mar/2017:12:05:04 -0300] "GET /cormun/static/Resources/logo4.png HTTP/1.1" 200 6582
186.67.172.234 - - [03/Mar/2017:12:05:04 -0300] "GET /cormun/static/Resources/PXToolsHeaderLogin.png HTTP/1.1" 200 4279
186.67.172.234 - - [03/Mar/2017:12:05:04 -0300] "GET /cormun/static/Resources/PXToolsDataTitle.png HTTP/1.1" 200 1173
186.67.172.234 - - [03/Mar/2017:12:05:04 -0300] "GET /cormun/static/Resources/PXToolsHeaderActionsBackground.png HTTP/1.1" 200 484
186.67.172.234 - - [03/Mar/2017:12:05:05 -0300] "GET /cormun/static/Resources/PXToolsHeaderBackground2.png HTTP/1.1" 200 1174
186.67.172.234 - - [03/Mar/2017:12:05:05 -0300] "GET /cormun/static/Resources/PXToolsHeaderSecurity.png HTTP/1.1" 200 4166
186.67.172.234 - - [03/Mar/2017:12:05:05 -0300] "GET /cormun/static/Resources/PXToolsHeaderActionsRight.png HTTP/1.1" 200 1201
186.67.172.234 - - [03/Mar/2017:12:05:05 -0300] "GET /cormun/static/Resources/PXToolsHeaderHome.png HTTP/1.1" 200 4147
186.67.172.234 - - [03/Mar/2017:12:05:05 -0300] "GET /cormun/static/cmcontrolpreferences.js?201612218431999 HTTP/1.1" 200 1375
186.67.172.234 - - [03/Mar/2017:12:05:05 -0300] "GET /cormun/static/SmoothNavMenu/resources/ddsmoothmenu.js HTTP/1.1" 200 12712
186.67.172.234 - - [03/Mar/2017:12:05:05 -0300] "GET /cormun/static/gxui/gxui-all.js HTTP/1.1" 200 107772
186.67.172.234 - - [03/Mar/2017:12:05:05 -0300] "GET /cormun/static/SmoothNavMenu/resources/SmoothNavMenuRender.js HTTP/1.1" 200 5951
186.67.172.234 - - [03/Mar/2017:12:05:05 -0300] "GET /cormun/static/Shared/jquery/jquery-1.4.2.min.js HTTP/1.1" 200 72174
186.67.172.234 - - [03/Mar/2017:12:05:05 -0300] "GET /cormun/static/scaMessage/js/jquery.pnotify.min.js HTTP/1.1" 200 13038
186.67.172.234 - - [03/Mar/2017:12:05:05 -0300] "GET /cormun/static/scaMessage/scaMessageRender.js HTTP/1.1" 200 11977
186.67.172.234 - - [03/Mar/2017:12:05:05 -0300] "GET /cormun/static/hmpwkw03.js?20161221852152 HTTP/1.1" 200 3965
186.67.172.234 - - [03/Mar/2017:12:05:05 -0300] "GET /cormun/static/Shared/jquery/jquery-1.10.2.min.js HTTP/1.1" 200 273199
186.67.172.234 - - [03/Mar/2017:12:05:05 -0300] "GET /cormun/static/Shared/ext/ext-all.js HTTP/1.1" 200 1289687
186.67.172.234 - - [03/Mar/2017:12:05:05 -0300] "GET /cormun/static/Shared/jqueryui/jquery-ui.min.js HTTP/1.1" 200 240427
186.67.172.234 - - [03/Mar/2017:12:05:05 -0300] "GET /cormun/static/SmoothNavMenu/resources/images/down.gif HTTP/1.1" 200 854
186.67.172.234 - - [03/Mar/2017:12:05:05 -0300] "GET /cormun/servlet/hhome HTTP/1.1" 200 3719
186.79.168.199 - - [03/Mar/2017:12:05:07 -0300] "GET /cormun/servlet/trpermisosgoce? HTTP/1.1" 200 7621
186.103.157.42 - - [03/Mar/2017:12:05:07 -0300] "POST /cormun/servlet/solicitudot?609b29e05437bd4556466763c9a401f0,INS,0,0,,gx-no-cache=1488553444660 HTTP/1.1" 200 93
186.103.157.42 - - [03/Mar/2017:12:05:07 -0300] "GET /cormun/servlet/hpexe_return? HTTP/1.1" 200 1019
186.79.168.199 - - [03/Mar/2017:12:05:07 -0300] "GET /cormun/static/gxcfg.js?201612262011714 HTTP/1.1" 304 -
186.79.168.199 - - [03/Mar/2017:12:05:07 -0300] "GET /cormun/static/calendar.js?85251 HTTP/1.1" 304 -
186.79.168.199 - - [03/Mar/2017:12:05:07 -0300] "GET /cormun/static/calendar-setup.js?85251 HTTP/1.1" 304 -
186.79.168.199 - - [03/Mar/2017:12:05:07 -0300] "GET /cormun/static/calendar-es.js?85251 HTTP/1.1" 304 -
186.103.157.42 - - [03/Mar/2017:12:05:07 -0300] "GET /cormun/servlet/trsolicitudot?gx-no-cache=1488553324172 HTTP/1.1" 200 8351
186.79.168.199 - - [03/Mar/2017:12:05:07 -0300] "GET /cormun/static/trpermisosgoce.js?201612262012096 HTTP/1.1" 304 -
186.103.157.42 - - [03/Mar/2017:12:05:08 -0300] "GET /cormun/servlet/trsolicitudot?gx-no-cache=1488553324172 HTTP/1.1" 200 8369
186.79.168.199 - - [03/Mar/2017:12:05:08 -0300] "GET /cormun/servlet/trpermisosgoce? HTTP/1.1" 200 7620
186.103.159.182 - - [03/Mar/2017:12:05:08 -0300] "POST /cormun/servlet/solicitudot?gx-no-cache=1488553578954 HTTP/1.1" 200 3187
186.103.159.182 - - [03/Mar/2017:12:05:09 -0300] "POST /cormun/servlet/solicitudot?8d295ccf9cbef6112ca89b09ea0ac640,INS,0,0,,gx-no-cache=1488553579531 HTTP/1.1" 200 9966
186.67.172.234 - - [03/Mar/2017:12:05:10 -0300] "GET /cormun/servlet/trlicencias? HTTP/1.1" 200 8363
186.67.172.234 - - [03/Mar/2017:12:05:10 -0300] "GET /cormun/static/calendar-system.css?85620 HTTP/1.1" 200 5572
186.67.172.234 - - [03/Mar/2017:12:05:10 -0300] "GET /cormun/static/gxui/gxui-all.css?120300 HTTP/1.1" 200 2179
186.67.172.234 - - [03/Mar/2017:12:05:10 -0300] "GET /cormun/static/gxcfg.js?2016122619301429 HTTP/1.1" 200 953
186.67.172.234 - - [03/Mar/2017:12:05:10 -0300] "GET /cormun/static/calendar.js?85251 HTTP/1.1" 200 26246
186.67.172.234 - - [03/Mar/2017:12:05:10 -0300] "GET /cormun/static/calendar-setup.js?85251 HTTP/1.1" 200 2588
186.67.172.234 - - [03/Mar/2017:12:05:10 -0300] "GET /cormun/static/calendar-es.js?85251 HTTP/1.1" 200 1901
186.67.172.234 - - [03/Mar/2017:12:05:10 -0300] "GET /cormun/static/gxdec.js?85251 HTTP/1.1" 200 19579
186.67.172.234 - - [03/Mar/2017:12:05:10 -0300] "GET /cormun/static/trlicencias.js?2016122619301919 HTTP/1.1" 200 37916
186.67.172.234 - - [03/Mar/2017:12:05:10 -0300] "GET /cormun/static/Resources/PXTools/calendar.png HTTP/1.1" 200 1306
186.67.172.234 - - [03/Mar/2017:12:05:10 -0300] "GET /cormun/static/Resources/PXToolsDataSearch.png HTTP/1.1" 200 419
186.67.172.234 - - [03/Mar/2017:12:05:10 -0300] "GET /cormun/static/Resources/PXToolsGridFirstDisabled.gif HTTP/1.1" 200 100
186.67.172.234 - - [03/Mar/2017:12:05:10 -0300] "GET /cormun/static/Resources/PXToolsGridPreviousDisabled.gif HTTP/1.1" 200 90
186.67.172.234 - - [03/Mar/2017:12:05:10 -0300] "GET /cormun/static/Resources/PXToolsGridNextDisabled.gif HTTP/1.1" 200 90
186.67.172.234 - - [03/Mar/2017:12:05:10 -0300] "GET /cormun/static/Resources/PXToolsGridLastDisabled.gif HTTP/1.1" 200 98
186.103.157.42 - - [03/Mar/2017:12:05:10 -0300] "POST /cormun/servlet/trsolicitudot?609b29e05437bd4556466763c9a401f0,gx-no-cache=1488553324172,gx-no-cache=1488553448338 HTTP/1.1" 200 4374
186.67.172.234 - - [03/Mar/2017:12:05:10 -0300] "GET /cormun/static/Resources/PXToolsGridPage.gif HTTP/1.1" 200 725
186.67.172.234 - - [03/Mar/2017:12:05:10 -0300] "GET /cormun/static/Resources/PXToolsActionExcel.png HTTP/1.1" 200 3187
186.103.157.42 - - [03/Mar/2017:12:05:11 -0300] "GET /cormun/static/Shared/jqueryui/images/ui-bg_highlight-soft_100_c6c2c8_1x100.png HTTP/1.1" 404 1117
186.67.172.234 - - [03/Mar/2017:12:05:11 -0300] "GET /cormun/static/Shared/ext/resources/css/ext-all.css?215870 HTTP/1.1" 200 416045
186.67.172.234 - - [03/Mar/2017:12:05:11 -0300] "GET /cormun/static/Resources/PXToolsGridNew.png HTTP/1.1" 200 2949
186.103.157.42 - - [03/Mar/2017:12:05:11 -0300] "GET /cormun/static/Shared/jqueryui/images/ui-icons_82798d_256x240.png HTTP/1.1" 404 1089
186.103.157.42 - - [03/Mar/2017:12:05:11 -0300] "GET /cormun/static/Shared/jqueryui/images/ui-icons_8d78a5_256x240.png HTTP/1.1" 404 1089
186.103.157.42 - - [03/Mar/2017:12:05:11 -0300] "GET /cormun/static/Shared/jqueryui/images/ui-bg_flat_55_fafafa_40x100.png HTTP/1.1" 404 1097
186.103.157.42 - - [03/Mar/2017:12:05:11 -0300] "POST /cormun/servlet/trsolicitudot?609b29e05437bd4556466763c9a401f0,gx-no-cache=1488553324172,gx-no-cache=1488553448584 HTTP/1.1" 200 4117
186.67.172.234 - - [03/Mar/2017:12:05:11 -0300] "GET /cormun/static/Resources/asc.gif HTTP/1.1" 200 67
186.67.172.234 - - [03/Mar/2017:12:05:11 -0300] "GET /cormun//static/Resources/PXToolsGridDisplay.png HTTP/1.1" 200 362
186.67.172.234 - - [03/Mar/2017:12:05:11 -0300] "GET /cormun//static/Resources/PXToolsGridUpdate.png HTTP/1.1" 200 2984
186.67.172.234 - - [03/Mar/2017:12:05:11 -0300] "GET /cormun//static/Resources/PXToolsGridDelete.png HTTP/1.1" 200 357
186.67.172.234 - - [03/Mar/2017:12:05:11 -0300] "GET /cormun/static/Resources/desc.gif HTTP/1.1" 200 65
186.67.172.234 - - [03/Mar/2017:12:05:11 -0300] "GET /cormun//static/Resources/PXToolsHeaderHelp.png HTTP/1.1" 200 4055
186.67.172.234 - - [03/Mar/2017:12:05:11 -0300] "GET /cormun//static/Resources/PXToolsHeaderFavorites.png HTTP/1.1" 200 2744
186.67.172.234 - - [03/Mar/2017:12:05:11 -0300] "GET /cormun//static/Resources/PXTools/ActionInsert.png HTTP/1.1" 200 1482
186.67.172.234 - - [03/Mar/2017:12:05:11 -0300] "GET /cormun/static/Shared/ext/resources/themes/images/default/panel/bg-headersPanel.png HTTP/1.1" 200 255
186.67.172.234 - - [03/Mar/2017:12:05:11 -0300] "GET /cormun/static/Shared/ext/resources/themes/images/default/tools/tool-sprites.gif HTTP/1.1" 200 5434
186.67.172.234 - - [03/Mar/2017:12:05:11 -0300] "GET /cormun/servlet/trlicencias? HTTP/1.1" 200 8361
186.67.172.234 - - [03/Mar/2017:12:05:12 -0300] "GET /cormun//static/Resources/PXToolsActionPrint.png HTTP/1.1" 200 3317
186.79.168.199 - - [03/Mar/2017:12:05:13 -0300] "GET /cormun/servlet/permisogoce?INS,0,,, HTTP/1.1" 200 6544
186.103.157.42 - - [03/Mar/2017:12:05:13 -0300] "GET /cormun/servlet/solicitudot?INS,0,0, HTTP/1.1" 200 12862
186.103.159.182 - - [03/Mar/2017:12:05:13 -0300] "GET /cormun/servlet/solicitudot?7f0570b57a3f2aa593d372dba3f75d4f1c0f1d2b5edb432801fd25449dc7e2174b0ebcb258806735472d015063f08e03,gx-no-cache=1488553584334 HTTP/1.1" 200 30
186.103.159.182 - - [03/Mar/2017:12:05:13 -0300] "POST /cormun/servlet/solicitudot?gx-no-cache=1488553584407 HTTP/1.1" 200 255
186.103.157.42 - - [03/Mar/2017:12:05:14 -0300] "GET /cormun/servlet/solicitudot?INS,0,0, HTTP/1.1" 200 12845
186.103.159.46 - - [03/Mar/2017:12:05:14 -0300] "GET /cormun/servlet/permisogoce?DLT,13944224,P,20170301170111, HTTP/1.1" 200 6498
186.103.159.182 - - [03/Mar/2017:12:05:14 -0300] "GET /cormun/servlet/solicitudot?7f0570b57a3f2aa593d372dba3f75d4f81cfd0d10793362e299add8f855f2b0516b3937ae3e0618c67a1f2ec57272511016bada567f0532b904cc9509d4fcac22d0cc0c60b159c3ec103da40692862da6dd05f237d0eb10864cf09a859357210c6bbb5483b10401697c0f4ed219ae94631c1a4e552844ab26b64e21f2e425b992be17eb0bc8d9910d582da60056ca4e0bd3e012315ee6dac8b573257d03c2df1d8352bb5e1e81d6b0dc9f9845fd504620f0abb7ea19f970b7bbfa2cd3d5bb3ec6b91bae290cfd64a7a52f82196059f89bac26c68b01047f8902cd4443a0c2d6c933057ce9f10dbba69aeb92f8f70d66d36160acb728a3f712bd2fcf6fcaef1673b56584ecbc6278dcfebd7a5248e3d4c69364622c677782821f63fafa069e1026af26c7e2163cbba38f321d3032e67e83b6b7e9e7e96fb7c32845b4fd37982120e83aee2d27a6b22b8940a1b08b2a720c6b6d5de19f08b1c61020c3d758e4effd140795e1e47616fefad5a7396183dac1dc39f01b4b0834e5656c7971aa69cc7,gx-no-cache=1488553584466 HTTP/1.1" 200 30
186.79.168.199 - - [03/Mar/2017:12:05:14 -0300] "GET /cormun/static/gxcfg.js?201612262052844 HTTP/1.1" 304 -
186.79.168.199 - - [03/Mar/2017:12:05:14 -0300] "GET /cormun/static/gxdec.js?85251 HTTP/1.1" 304 -
186.79.168.199 - - [03/Mar/2017:12:05:15 -0300] "GET /cormun/static/permisogoce.js?201612262052891 HTTP/1.1" 304 -
186.103.159.46 - - [03/Mar/2017:12:05:15 -0300] "GET /cormun/static/Shared/jqueryui/images/ui-bg_highlight-soft_100_c6c2c8_1x100.png HTTP/1.1" 404 1117
186.103.159.46 - - [03/Mar/2017:12:05:15 -0300] "GET /cormun/static/Shared/jqueryui/images/ui-icons_82798d_256x240.png HTTP/1.1" 404 1089
186.103.159.46 - - [03/Mar/2017:12:05:15 -0300] "GET /cormun/static/Shared/jqueryui/images/ui-bg_flat_55_fafafa_40x100.png HTTP/1.1" 404 1097
186.103.159.46 - - [03/Mar/2017:12:05:15 -0300] "GET /cormun/static/Shared/jqueryui/images/ui-icons_8d78a5_256x240.png HTTP/1.1" 404 1089
186.103.159.46 - - [03/Mar/2017:12:05:15 -0300] "GET /cormun/servlet/permisogoce?DLT,13944224,P,20170301170111, HTTP/1.1" 200 6499
186.79.168.199 - - [03/Mar/2017:12:05:16 -0300] "GET /cormun/servlet/permisogoce?INS,0,,, HTTP/1.1" 200 6542
186.103.159.182 - - [03/Mar/2017:12:05:16 -0300] "POST /cormun/servlet/solicitudot?gx-no-cache=1488553587265 HTTP/1.1" 200 30
186.103.159.182 - - [03/Mar/2017:12:05:17 -0300] "GET /cormun/servlet/prcontratosol?13345162,,,,,MD,,gxPopupLevel%3D0%3B HTTP/1.1" 200 5992
186.103.157.42 - - [03/Mar/2017:12:05:20 -0300] "POST /cormun/servlet/solicitudot?gx-no-cache=1488553457975 HTTP/1.1" 200 3186
186.103.157.42 - - [03/Mar/2017:12:05:20 -0300] "POST /cormun/servlet/solicitudot?609b29e05437bd4556466763c9a401f0,INS,0,0,,gx-no-cache=1488553458139 HTTP/1.1" 200 9990
186.103.157.42 - - [03/Mar/2017:12:05:20 -0300] "GET /cormun/servlet/solicitudot?4730b4803e8a653e6fa99ecd956e32de88725b031c76f8ed1a42241ec02f8365241f03fd827437d8285d791748f163e4,gx-no-cache=1488553458325 HTTP/1.1" 200 30
186.103.159.182 - - [03/Mar/2017:12:05:21 -0300] "POST /cormun/servlet/solicitudot?gx-no-cache=1488553591507 HTTP/1.1" 200 1291
186.103.159.182 - - [03/Mar/2017:12:05:21 -0300] "POST /cormun/servlet/solicitudot?gx-no-cache=1488553591596 HTTP/1.1" 200 38
186.103.159.182 - - [03/Mar/2017:12:05:21 -0300] "GET /cormun/servlet/solicitudot?7f0570b57a3f2aa593d372dba3f75d4f2cc0da48acb90217458d31b05a2c2d4d15873514a408a364106973242dfc5c95dcdd2a5eeca2c086db253891c888b56fd3afd2adea9aa6d79549cdf95f017a51ee52ee9c57bd463af6154c601097b9ee2aff692f160cb255d823720b68691ad18c16add61a8da17f6ad371c508fecab07b54cce3077978700dc21311b27160f03290d03132491fcf059aedb5f435184b,gx-no-cache=1488553591648 HTTP/1.1" 200 29
186.103.159.182 - - [03/Mar/2017:12:05:21 -0300] "POST /cormun/servlet/solicitudot?gx-no-cache=1488553591692 HTTP/1.1" 200 1274
186.103.159.182 - - [03/Mar/2017:12:05:21 -0300] "POST /cormun/servlet/solicitudot?gx-no-cache=1488553591760 HTTP/1.1" 200 1157
186.103.157.42 - - [03/Mar/2017:12:05:23 -0300] "POST /cormun/servlet/solicitudot?gx-no-cache=1488553460568 HTTP/1.1" 200 240
186.103.157.42 - - [03/Mar/2017:12:05:23 -0300] "GET /cormun/servlet/solicitudot?4730b4803e8a653e6fa99ecd956e32dea7de46845820499f96a9cd4f4dd78622ebff3b7bcfe1a4abcd3df0c056e303d0dfc9ee5e004654e98cf9ac1f57442cc10c26f53662d32bfccbdac2ccf07c4756ba35c05b998b794798e5b3b3f87f531b6930640a97dbc1453b70bbf027da2ee4cff53b60e22c833c5998ccd9b51a5d40537153d26d213475609244e21f774e703e5bdb5cde4c0faef2d96c70f27d398cce786bd5a749700b78907524331359901e0c5245bd6ddc822e4900e031811827677194ae170a46a6ebaaf8557aff22ad273dc068f701b5adf9dba1a0f8a8057ee43e1e24bc6cd43310081e49ab6a8eca564bc78de26d19702c5e5f854d042254412c4cb10a233970dd310f8b01e98f0aeea8273ee99e24864b8dbddd7512888018eae775aac4054de7e4e893ea9c05e56292f757daa11ae458d6667d861e4d9a281077ffb426d203063820bcb20a07b2be186d16cdccf3214a72c2692ae61c9990880f8783ade0d2c5f27225647e351a32b1e6e10d9aaf2752d5801095178d6b,gx-no-cache=1488553460701 HTTP/1.1" 200 30
186.103.159.46 - - [03/Mar/2017:12:05:24 -0300] "POST /cormun/servlet/permisogoce?6f78033c3fe5e309d93f293c48d8f834,DLT,13944224,P,20170301170111,,gx-no-cache=1488553595628 HTTP/1.1" 200 4204
186.103.159.46 - - [03/Mar/2017:12:05:24 -0300] "GET /cormun/static/Shared/jqueryui/images/ui-bg_flat_55_994d53_40x100.png HTTP/1.1" 404 1097
186.103.159.46 - - [03/Mar/2017:12:05:24 -0300] "GET /cormun/static/Shared/jqueryui/images/ui-icons_ebccce_256x240.png HTTP/1.1" 404 1089
186.103.157.246 - - [03/Mar/2017:12:05:25 -0300] "POST /cormun/servlet/trlicencias?9d30eba73676d2283a70c69c5cb5c950,,gx-no-cache=1488553595657 HTTP/1.1" 200 4008
186.103.157.246 - - [03/Mar/2017:12:05:25 -0300] "GET /cormun/static/Shared/jqueryui/images/ui-bg_highlight-soft_100_c6c2c8_1x100.png HTTP/1.1" 404 1117
186.103.157.246 - - [03/Mar/2017:12:05:25 -0300] "GET /cormun/static/Shared/jqueryui/images/ui-icons_82798d_256x240.png HTTP/1.1" 404 1089
186.103.157.246 - - [03/Mar/2017:12:05:25 -0300] "GET /cormun/static/Shared/jqueryui/images/ui-bg_flat_55_fafafa_40x100.png HTTP/1.1" 404 1097
186.103.157.246 - - [03/Mar/2017:12:05:25 -0300] "GET /cormun/static/Shared/jqueryui/images/ui-icons_8d78a5_256x240.png HTTP/1.1" 404 1089
186.103.157.42 - - [03/Mar/2017:12:05:25 -0300] "POST /cormun/servlet/solicitudot?gx-no-cache=1488553462833 HTTP/1.1" 200 30
186.79.168.199 - - [03/Mar/2017:12:05:26 -0300] "GET /cormun/servlet/prfichaempleado?,MD,,gxPopupLevel%3D0%3B HTTP/1.1" 200 8840
186.103.157.42 - - [03/Mar/2017:12:05:27 -0300] "POST /cormun/servlet/solicitudot?gx-no-cache=1488553464990 HTTP/1.1" 200 30
186.103.157.42 - - [03/Mar/2017:12:05:28 -0300] "GET /cormun/servlet/prcontratosol?12158284,,,,,MD,,gxPopupLevel%3D0%3B HTTP/1.1" 200 6016
186.103.157.42 - - [03/Mar/2017:12:05:33 -0300] "POST /cormun/servlet/solicitudot?gx-no-cache=1488553470748 HTTP/1.1" 200 1372
186.103.157.42 - - [03/Mar/2017:12:05:33 -0300] "GET /cormun/static/Shared/jqueryui/images/ui-bg_highlight-soft_100_c6c2c8_1x100.png HTTP/1.1" 404 1117
186.103.157.42 - - [03/Mar/2017:12:05:33 -0300] "GET /cormun/static/Shared/jqueryui/images/ui-icons_82798d_256x240.png HTTP/1.1" 404 1089
186.103.157.42 - - [03/Mar/2017:12:05:33 -0300] "GET /cormun/static/Shared/jqueryui/images/ui-bg_flat_55_994d53_40x100.png HTTP/1.1" 404 1097
186.103.157.42 - - [03/Mar/2017:12:05:33 -0300] "GET /cormun/static/Shared/jqueryui/images/ui-icons_ebccce_256x240.png HTTP/1.1" 404 1089
186.103.157.42 - - [03/Mar/2017:12:05:33 -0300] "POST /cormun/servlet/solicitudot?gx-no-cache=1488553470798 HTTP/1.1" 200 117
186.103.157.42 - - [03/Mar/2017:12:05:33 -0300] "GET /cormun/servlet/solicitudot?4730b4803e8a653e6fa99ecd956e32de169c2aabd3d61dbdfa30962c37d2136156d406e62865bcd5659429aa90ca9adeca8307144c3ec8d4063401cecee9b3644368128bdbcc24bca606db6ef8af2d17b40a01e14740daef9a3833b332352394bf34a208eff540b276511d9cd4fe00c62ddbe904fdbf3c3fa6e00e7c9e8e2dccbaf30427fe8fb032499b6ad28654d8e112b9841f7886c89b35448f41906286e8,gx-no-cache=1488553470834 HTTP/1.1" 200 29
186.103.157.42 - - [03/Mar/2017:12:05:33 -0300] "GET /cormun/servlet/solicitudot?4730b4803e8a653e6fa99ecd956e32de15008ff01c3c0d868853075b50907a99fb4bc6ff972665a9266100fbd63b6a6fc18dc5b335b3e14f8f6f478826b522fc182a129e2c70779c00cc3f1229ba8a0f27ab3382d1b629297c639d7904c9963fd55df89b723507a4678718023d593f197cc5419cf96123935b0d05d64c5beaec9ddb5ef2ad4ac5d1409084f6de8005722ab3454268cf963ba75d141c95a76a97,gx-no-cache=1488553470859 HTTP/1.1" 200 57
