186.103.159.188 - - [03/Mar/2017:12:38:14 -0300] "GET /cormun/servlet/permisogoce?f3c87747b42a0b8fa63e921100c6a8bf5a3a3578eab634dea2736aa5014412faf9a9313209e363d4d1bd6e7354bfbcd75b0d51b863d3bc4835f6baa361491c89,gx-no-cache=1488555564373 HTTP/1.1" 200 46
186.103.159.182 - - [03/Mar/2017:12:38:16 -0300] "POST /cormun/servlet/solicitudot?gx-no-cache=1488555567092 HTTP/1.1" 200 1371
186.103.159.182 - - [03/Mar/2017:12:38:16 -0300] "POST /cormun/servlet/solicitudot?gx-no-cache=1488555567170 HTTP/1.1" 200 121
186.103.159.182 - - [03/Mar/2017:12:38:16 -0300] "GET /cormun/servlet/solicitudot?7f0570b57a3f2aa593d372dba3f75d4f3b4435df053ee49efbfeb3f8be22d49d42977a05a397718f850113be7efd02de8b2d3868d7e5ac78a6164849678e781396faa148af53ce791eb2ebc59d2e081361faf34d7c449e695f043f03366c37eba6e49520ac197e57843c6caa19ee75e42dc6ae62875798136eb06389ac2751d4d1aa717c8bbb1cb7ed5abc3b65547dc5c8664174afbb3b9dc3740efb75034d91,gx-no-cache=1488555567227 HTTP/1.1" 200 57
186.103.159.182 - - [03/Mar/2017:12:38:16 -0300] "GET /cormun/servlet/solicitudot?7f0570b57a3f2aa593d372dba3f75d4fc6040f285f19c45228e713dda73d7a6442977a05a397718f850113be7efd02de8b2d3868d7e5ac78a6164849678e7813ef17467f9df2a799ec2cfd6231dbd20d2ebc79913e8f33ad8a8afbcdb2d9799e7d939f4f873c6e95c15d833d13d6cfb59956320f86ab254a9b26b29cfc3bb25e,gx-no-cache=1488555567282 HTTP/1.1" 200 57
200.112.2.250 - - [03/Mar/2017:12:38:18 -0300] "POST /cormun/servlet/trsolicitudot?c7d53cd0402d8780af9f7e0a7a783818,gx-no-cache=1488555571435 HTTP/1.1" 200 4138
186.103.159.204 - - [03/Mar/2017:12:38:22 -0300] "POST /cormun/servlet/solicitudot?gx-no-cache=1488555571551 HTTP/1.1" 200 3081
186.103.159.204 - - [03/Mar/2017:12:38:23 -0300] "POST /cormun/servlet/solicitudot?2b5760c118f18b7328c8d54ebb2c01e1,INS,0,0,,gx-no-cache=1488555571720 HTTP/1.1" 200 9860
200.112.2.250 - - [03/Mar/2017:12:38:23 -0300] "POST /cormun/servlet/trsolicitudot?c7d53cd0402d8780af9f7e0a7a783818,gx-no-cache=1488555576883 HTTP/1.1" 200 5487
186.103.159.182 - - [03/Mar/2017:12:38:28 -0300] "POST /cormun/servlet/solicitudot?gx-no-cache=1488555579075 HTTP/1.1" 200 30
186.103.159.182 - - [03/Mar/2017:12:38:30 -0300] "GET /cormun/servlet/prsolicitudot?15465221,,,,,MD,,gxPopupLevel%3D0%3B HTTP/1.1" 200 6119
186.103.159.204 - - [03/Mar/2017:12:38:32 -0300] "GET /cormun/servlet/solicitudot?3959b856d4bc287ece3ce0942c8b1cb9fca89d2a52e3d09cf7bd76294ed0109c832a669c8e77f4952113d3a2fdee335e,gx-no-cache=1488555581325 HTTP/1.1" 200 30
200.112.2.250 - - [03/Mar/2017:12:38:32 -0300] "POST /cormun/servlet/trsolicitudot?c7d53cd0402d8780af9f7e0a7a783818,gx-no-cache=1488555585836 HTTP/1.1" 200 6402
186.103.159.182 - - [03/Mar/2017:12:38:34 -0300] "POST /cormun/servlet/solicitudot?gx-no-cache=1488555584997 HTTP/1.1" 200 1291
186.103.159.182 - - [03/Mar/2017:12:38:34 -0300] "POST /cormun/servlet/solicitudot?gx-no-cache=1488555585088 HTTP/1.1" 200 41
186.103.159.182 - - [03/Mar/2017:12:38:34 -0300] "POST /cormun/servlet/solicitudot?gx-no-cache=1488555585137 HTTP/1.1" 200 1274
186.103.159.182 - - [03/Mar/2017:12:38:35 -0300] "POST /cormun/servlet/solicitudot?gx-no-cache=1488555585202 HTTP/1.1" 200 1156
186.103.159.182 - - [03/Mar/2017:12:38:44 -0300] "POST /cormun/servlet/solicitudot?gx-no-cache=1488555595360 HTTP/1.1" 200 1273
186.103.159.182 - - [03/Mar/2017:12:38:45 -0300] "POST /cormun/servlet/solicitudot?gx-no-cache=1488555595437 HTTP/1.1" 200 1156
186.103.159.188 - - [03/Mar/2017:12:38:49 -0300] "GET /cormun/servlet/puconsultapgoce?16846409,MD,gxPopupLevel%3D0%3B HTTP/1.1" 200 3768
186.103.159.188 - - [03/Mar/2017:12:38:49 -0300] "GET /cormun/static/gxcfg.js?2016122619324821 HTTP/1.1" 200 953
186.103.159.188 - - [03/Mar/2017:12:38:49 -0300] "GET /cormun/pexe_menus.js HTTP/1.1" 404 1001
186.103.159.188 - - [03/Mar/2017:12:38:49 -0300] "GET /cormun/pexe_layers.js HTTP/1.1" 404 1003
186.103.159.188 - - [03/Mar/2017:12:38:49 -0300] "GET /cormun/pexe_link.js HTTP/1.1" 404 999
186.103.159.188 - - [03/Mar/2017:12:38:49 -0300] "GET /cormun/pexe_windows.js HTTP/1.1" 404 1005
186.103.159.188 - - [03/Mar/2017:12:38:49 -0300] "GET /cormun/pexe_grid.js HTTP/1.1" 404 999
186.103.159.188 - - [03/Mar/2017:12:38:49 -0300] "GET /cormun/pexe_cookies.js HTTP/1.1" 404 1005
186.103.159.188 - - [03/Mar/2017:12:38:49 -0300] "GET /cormun/pexe_griddivfix.js HTTP/1.1" 404 1011
186.103.159.188 - - [03/Mar/2017:12:38:49 -0300] "GET /cormun/pexe_picture.js HTTP/1.1" 404 1005
186.103.159.188 - - [03/Mar/2017:12:38:49 -0300] "GET /cormun/pexe_autoreload.js HTTP/1.1" 404 1011
186.103.159.188 - - [03/Mar/2017:12:38:49 -0300] "GET /cormun/pexe_menudivfix.js HTTP/1.1" 404 1011
186.103.159.188 - - [03/Mar/2017:12:38:49 -0300] "GET /cormun/pexe_tabdivfix.js HTTP/1.1" 404 1009
186.103.159.188 - - [03/Mar/2017:12:38:49 -0300] "GET /cormun/pexe_treedivfix.js HTTP/1.1" 404 1011
186.103.159.188 - - [03/Mar/2017:12:38:49 -0300] "GET /cormun/static/mpprompt.js?201612218534882 HTTP/1.1" 200 940
186.103.159.188 - - [03/Mar/2017:12:38:49 -0300] "GET /cormun/static/puconsultapgoce.js?2016122619325082 HTTP/1.1" 200 26916
200.112.2.250 - - [03/Mar/2017:12:38:51 -0300] "POST /cormun/servlet/trsolicitudot?c7d53cd0402d8780af9f7e0a7a783818,gx-no-cache=1488555604144 HTTP/1.1" 200 5488
186.103.159.188 - - [03/Mar/2017:12:38:52 -0300] "POST /cormun/servlet/puconsultapgoce?dbaac4f3c088552cf79a00af9dd696a6,16846409,MD,gxPopupLevel%3D0%3B,gx-no-cache=1488555602765 HTTP/1.1" 200 60
186.103.159.230 - - [03/Mar/2017:12:38:54 -0300] "POST /cormun/servlet/solicitudotadjuntos?779e2530f817ad4c2a6e4f3a646b84b4,INS,2017,5138,,1,,gx-no-cache=1488555602226 HTTP/1.1" 200 93
186.103.159.230 - - [03/Mar/2017:12:38:54 -0300] "GET /cormun/servlet/hpexe_return? HTTP/1.1" 200 1026
186.103.159.230 - - [03/Mar/2017:12:38:54 -0300] "GET /cormun/servlet/trsolicitudadjuntos?2017,5138, HTTP/1.1" 200 6069
186.103.159.230 - - [03/Mar/2017:12:38:55 -0300] "GET /cormun/servlet/trsolicitudadjuntos?2017,5138, HTTP/1.1" 200 6065
186.103.159.188 - - [03/Mar/2017:12:38:55 -0300] "POST /cormun/servlet/permisogoce?dbaac4f3c088552cf79a00af9dd696a6,INS,0,,,,gx-no-cache=1488555605870 HTTP/1.1" 200 93
186.103.159.188 - - [03/Mar/2017:12:38:56 -0300] "GET /cormun/servlet/hpexe_return? HTTP/1.1" 200 1004
186.103.159.188 - - [03/Mar/2017:12:38:56 -0300] "GET /cormun/servlet/trpermisosgoce HTTP/1.1" 200 7374
186.103.159.188 - - [03/Mar/2017:12:38:56 -0300] "GET /cormun//static/Resources/PXToolsActionPrint.png HTTP/1.1" 200 3317
186.103.159.188 - - [03/Mar/2017:12:38:56 -0300] "GET /cormun//static/Resources/PXToolsHeaderHelp.png HTTP/1.1" 200 4055
186.103.159.188 - - [03/Mar/2017:12:38:56 -0300] "GET /cormun//static/Resources/PXToolsGridDisplay.png HTTP/1.1" 200 362
186.103.159.188 - - [03/Mar/2017:12:38:56 -0300] "GET /cormun//static/Resources/PXToolsHeaderFavorites.png HTTP/1.1" 200 2744
186.103.159.188 - - [03/Mar/2017:12:38:56 -0300] "GET /cormun/servlet/trpermisosgoce HTTP/1.1" 200 7370
192.168.10.89 - - [03/Mar/2017:12:38:56 -0300] "GET /cormun/servlet/solicitudgral?UPD,2017,4516, HTTP/1.1" 200 12191
192.168.10.89 - - [03/Mar/2017:12:38:58 -0300] "POST /cormun/servlet/solicitudgral?gx-no-cache=1488558824310 HTTP/1.1" 200 3180
192.168.10.89 - - [03/Mar/2017:12:38:58 -0300] "GET /cormun/servlet/solicitudgral?a6ba28b43049d0d5a4c5057f87c5a7bfc4d24dd1e35c3948291daa51878381fc5c4454f38aa04e9f279b1ed7c7d2a114e04a48b06a52cd331a96bb9204053afd508220351cfeb9a4cafd2e081a063db33b8c6921a03dd72af86d830a6bad248282bcdfa46abab873e46be7dd777d30a0dfc12c4d236f1f9906a7ccbca0b9279288757bef68e255a3d5c2ade5311000aad41df591f54666d1c9816cade9762885f41ffde0edfdc3ac51d0139795aa99b3287840e8a465829c884b21cd8e78eb220738860b1ffe090afc68e8f00da1881e2881e3a939dcd190a1fe9758dda7c5c0cb2a4891f03927bcad2e8d823612cdbacf5a09b95abca66596ac53ba6c5314b8c53f5ca7a6924f6756e0dd32471435745ae45fe9714d14f6efad007f13245adc6399038083875f0b682a1a6effe0d9a0e0ecf055c5c034eacfc9a6331b8a96fb200474fab03587d85c4a9cbe57af2156,gx-no-cache=1488558824515 HTTP/1.1" 200 298
200.112.2.250 - - [03/Mar/2017:12:38:59 -0300] "POST /cormun/servlet/trsolicitudot?c7d53cd0402d8780af9f7e0a7a783818,gx-no-cache=1488555612677 HTTP/1.1" 200 5464
192.168.10.89 - - [03/Mar/2017:12:39:00 -0300] "GET /cormun/servlet/solicitudgral?a6ba28b43049d0d5a4c5057f87c5a7bf80c4ce8f360647c1b6c3e295698ec22824aa15abd340717378e0fcf7fc04ef5c772ff22c8dcb16c57404d024a8363f4befc9e6355eebfe5e431d3a408bea17dcee5bfa4c3d046e0ea0b00379f6d19111ac63174d09d58017240d50f5f7ae9375ce4a7cad3fa4989f11acfc2292da93489e3bdcfdbe12b652c050cced89d8c10f08f7ff96dbc22ccace2141a280b7786e578604dd6f7eecf9a96ac29516077f380738860b1ffe090afc68e8f00da1881e23481bd0a19c1bea7fcb55a7993a28a6dddcdfad2e615703a242d983a1e1e589e2015764e2e678229f415636dd31516d1f685d01f0900fe4fe598e159b155cc09e7664680a0c9359853663fef9367e1e8bd2b0843c9d5f8d5bf1b6bf79583a03382aac67c9a0eba5d7512e388ac431acb3bc9ad6a822bd667a88ded46110325081a33f8b34321b2f101aa8399d8f30389d8b0887ac8143ad1baf91cf2df410db9c77015a132dff71e0b91b529945d2664e32802fc46f9b4d1f4b6debabc74e814771bb9c3e96a6b02e4d864ebb4c4b5448c8ccc4c7700e640e46a473a138b357d932f2fd54953a177745e6fcb8c753fd6abb6defccec9a5c8b1e3545f852584e54b6827fb49486d9cde37d394c460eed60ec13239b37f8e6720bc86fcce9aa8944f8872bf627782ac6236a73998485c748c8ccc4c7700e640e46a473a138b357339bdb70f8c83f647531e6f42a22499e760e52b8dde61d20c094d200306f6c0d5a645095f498d77cd60e62aa861c602c,gx-no-cache=1488558825583 HTTP/1.1" 200 48
186.103.159.188 - - [03/Mar/2017:12:39:02 -0300] "GET /cormun/servlet/apermisogoceprn?16846409,P,20170303133341,PU HTTP/1.1" 200 1572
192.168.10.89 - - [03/Mar/2017:12:39:03 -0300] "GET /cormun/servlet/solicitudgral?a6ba28b43049d0d5a4c5057f87c5a7bf80c4ce8f360647c1b6c3e295698ec228b16e1f2f035fb105b0e48e164b2f2a6b6a297e4a317aa74f5d70cd2c37cfe465eb608aa371a69dfa3cc890ffe77c4d1c3c6910d40ecee421a8b9e71b370cdece9f5132d45410dcff5e33db2abf66829298b7d184696b7f9c08fb7c61e74c238910c8eeaa9b6954a04f3fda4776977ff7deeb7d3a41d0954f416244703567c34b2ed431c83c21e99bfcdc11b9ef0c37c42fc3f949558c97ec41a5a3bcf3f874a6932f82c631eba6da37ca5c1703b2a900b92e60f949a26c867971cfe75077d1290b807931a5a9728d45ed4e516344c0599207578fa1d83c7758d1f51dedad12e9b02e403e91e161db9ff4a645b371e8f8a29898fab2f4d25f736de0d186fc52e180726ff0c5279a7d6b912a10a4cd0cfd59eeb3479db6af9d462e2bb8489878681718c3fb07799485eea0ed540fc59d03e3793daeeadc178372339809ebb6b223ee06d84d5140a85e27c281c71914937aa011e81e0b26f417bc9e3d4a6afba671f1b2c3130ef43461f9ad482e30e4aacd1f6836276f3fb49b37278a94f8e885c0546016e472f7df8c1cdae925b0f512c9793dd90383c5f67bcb97d57276d8f8e94b2f0600e5e8efae49bff2502903ffa70532c9ff40be7c1064f891f8529b005ce4a3753c7e86da6f2ca237556182f0d41f6836276f3fb49b37278a94f8e885c0af22c70f7f3669fe1de29fb272c83b0bffcf6f460c643018966169ef9ca35e5705e7706edbd6a614c5e3ec479737babccc3ab001ea950c0f20307586938ee5f3c3acf2c54f518699b226f8263247d83f,gx-no-cache=1488558828980 HTTP/1.1" 200 48
192.168.10.89 - - [03/Mar/2017:12:39:07 -0300] "POST /cormun/servlet/solicitudgral?8d77e722c11e89ad51f0a89ccddea63b,UPD,2017,4516,,gx-no-cache=1488558832645 HTTP/1.1" 200 10590
200.112.2.250 - - [03/Mar/2017:12:39:07 -0300] "POST /cormun/servlet/trsolicitudot?c7d53cd0402d8780af9f7e0a7a783818,gx-no-cache=1488555620391 HTTP/1.1" 200 5465
192.168.10.89 - - [03/Mar/2017:12:39:07 -0300] "GET /cormun/servlet/solicitudgral?a6ba28b43049d0d5a4c5057f87c5a7bfbd0bf9eeddf293206445cd2e1400aa9856aa1089df2386d6857bf2ad8175244eb2d59e3ea15180091405d560c6c8665716651acd3f4072b88907afe726c74f2c06f73afc7f2cb683f8b92b686b63c1e530e1d4d724cdfcef84e174ca8e90a763,gx-no-cache=1488558832881 HTTP/1.1" 200 29
192.168.10.89 - - [03/Mar/2017:12:39:07 -0300] "POST /cormun/servlet/solicitudgral?gx-no-cache=1488558832904 HTTP/1.1" 200 1249
192.168.10.89 - - [03/Mar/2017:12:39:07 -0300] "POST /cormun/servlet/solicitudgral?gx-no-cache=1488558832950 HTTP/1.1" 200 1153
186.103.159.182 - - [03/Mar/2017:12:39:15 -0300] "GET /cormun/servlet/solicitudot?7f0570b57a3f2aa593d372dba3f75d4f3f5a3d4574e678ddc3028fe108c14881534c7df88daa3fe406f16a148030f6cc2d52c86e95da94b6fc681256281a780cabacb904d592cb7be8828448f31172cf55d38fd7faffb2431017da1c8fd44d8cf5fa17517ff7f33d5a9970ab3cca340966164058775894b1542160da44aa9b9f4cb11448b03bf481c93b0bc70f0ec2985bc6077d32ec89b422a2becfd41c91e48b0aaeafab412f27023a986d23c68a9b,gx-no-cache=1488555625805 HTTP/1.1" 200 30
200.112.2.250 - - [03/Mar/2017:12:39:19 -0300] "GET /cormun/servlet/trsolicitudot? HTTP/1.1" 200 8279
200.112.2.250 - - [03/Mar/2017:12:39:21 -0300] "GET /cormun/servlet/trsolicitudot? HTTP/1.1" 200 8279
186.103.159.182 - - [03/Mar/2017:12:39:36 -0300] "POST /cormun/servlet/solicitudot?8d295ccf9cbef6112ca89b09ea0ac640,INS,0,0,,gx-no-cache=1488555645916 HTTP/1.1" 200 11355
192.168.10.89 - - [03/Mar/2017:12:39:38 -0300] "POST /cormun/servlet/solicitudgral?8d77e722c11e89ad51f0a89ccddea63b,UPD,2017,4516,,gx-no-cache=1488558864179 HTTP/1.1" 200 93
192.168.10.89 - - [03/Mar/2017:12:39:38 -0300] "GET /cormun/servlet/hpexe_return? HTTP/1.1" 200 1033
192.168.10.89 - - [03/Mar/2017:12:39:39 -0300] "GET /cormun/servlet/trsolicitudgral?gx-no-cache=1488551406039 HTTP/1.1" 200 8531
186.103.159.182 - - [03/Mar/2017:12:40:02 -0300] "POST /cormun/servlet/solicitudot?gx-no-cache=1488555671986 HTTP/1.1" 200 3182
186.103.159.182 - - [03/Mar/2017:12:40:02 -0300] "POST /cormun/servlet/solicitudot?8d295ccf9cbef6112ca89b09ea0ac640,INS,0,0,,gx-no-cache=1488555672557 HTTP/1.1" 200 11155
186.103.159.182 - - [03/Mar/2017:12:40:12 -0300] "GET /cormun/servlet/solicitudot?7f0570b57a3f2aa593d372dba3f75d4fdf369fadc7770159aee1ebebf4aa81334550abdd71bc6705da1a1525448bc455,gx-no-cache=1488555683397 HTTP/1.1" 200 30
186.103.159.182 - - [03/Mar/2017:12:40:13 -0300] "POST /cormun/servlet/solicitudot?gx-no-cache=1488555683465 HTTP/1.1" 200 256
186.103.159.182 - - [03/Mar/2017:12:40:13 -0300] "GET /cormun/servlet/solicitudot?7f0570b57a3f2aa593d372dba3f75d4f81cfd0d10793362e299add8f855f2b0516b3937ae3e0618c67a1f2ec57272511016bada567f0532b904cc9509d4fcac22d0cc0c60b159c3ec103da40692862da6dd05f237d0eb10864cf09a859357210c6bbb5483b10401697c0f4ed219ae94631c1a4e552844ab26b64e21f2e425b992be17eb0bc8d9910d582da60056ca4e0bd3e012315ee6dac8b573257d03c2df1d8352bb5e1e81d6b0dc9f9845fd504620f0abb7ea19f970b7bbfa2cd3d5bb3ec6b91bae290cfd64a7a52f82196059f89bac26c68b01047f8902cd4443a0c2d6c933057ce9f10dbba69aeb92f8f70d66d36160acb728a3f712bd2fcf6fcaef1673b56584ecbc6278dcfebd7a5248e3d4c69364622c677782821f63fafa069e1026af26c7e2163cbba38f321d3032e67e83b6b7e9e7e96fb7c32845b4fd37982120e83aee2d27a6b22b8940a1b08b2a720c6b6d5de19f08b1c61020c3d758e4effd140795e1e47616fefad5a7396183daccdef1797cf2f04036e5c588f96fbcaf8,gx-no-cache=1488555683521 HTTP/1.1" 200 30
186.103.159.182 - - [03/Mar/2017:12:40:23 -0300] "POST /cormun/servlet/solicitudot?8d295ccf9cbef6112ca89b09ea0ac640,INS,0,0,,gx-no-cache=1488555693575 HTTP/1.1" 200 90
186.103.159.182 - - [03/Mar/2017:12:40:23 -0300] "GET /cormun/servlet/hpexe_link HTTP/1.1" 200 964
186.103.159.182 - - [03/Mar/2017:12:40:23 -0300] "GET /cormun/servlet/trsolicitudot HTTP/1.1" 200 12790
186.103.159.182 - - [03/Mar/2017:12:40:25 -0300] "GET /cormun/servlet/trsolicitudot HTTP/1.1" 200 12788
192.168.10.62 - - [03/Mar/2017:12:40:27 -0300] "POST /cormun/servlet/hlogin?fff5d73cefe7823a98abf3e53052c316,gx-no-cache=1488558913385 HTTP/1.1" 200 90
192.168.10.62 - - [03/Mar/2017:12:40:27 -0300] "GET /cormun/servlet/hpexe_link HTTP/1.1" 200 977
192.168.10.62 - - [03/Mar/2017:12:40:28 -0300] "GET /cormun/servlet/trsolicitudgral?gx-no-cache=1488557962714 HTTP/1.1" 200 7934
192.168.10.62 - - [03/Mar/2017:12:40:28 -0300] "GET /cormun/servlet/trsolicitudgral?gx-no-cache=1488557962714 HTTP/1.1" 200 7955
186.103.159.182 - - [03/Mar/2017:12:40:29 -0300] "GET /cormun/servlet/solicitudot?INS,0,0, HTTP/1.1" 200 12822
186.103.159.182 - - [03/Mar/2017:12:40:30 -0300] "GET /cormun/servlet/solicitudot?INS,0,0, HTTP/1.1" 200 12827
186.103.159.182 - - [03/Mar/2017:12:40:36 -0300] "POST /cormun/servlet/solicitudot?gx-no-cache=1488555707107 HTTP/1.1" 200 3182
186.103.159.182 - - [03/Mar/2017:12:40:37 -0300] "POST /cormun/servlet/solicitudot?8d295ccf9cbef6112ca89b09ea0ac640,INS,0,0,,gx-no-cache=1488555707361 HTTP/1.1" 200 9967
186.103.159.182 - - [03/Mar/2017:12:40:39 -0300] "GET /cormun/servlet/solicitudot?7f0570b57a3f2aa593d372dba3f75d4fdf369fadc7770159aee1ebebf4aa81334b0ebcb258806735472d015063f08e03,gx-no-cache=1488555709626 HTTP/1.1" 200 30
186.103.159.182 - - [03/Mar/2017:12:40:39 -0300] "POST /cormun/servlet/solicitudot?gx-no-cache=1488555709706 HTTP/1.1" 200 255
186.103.159.182 - - [03/Mar/2017:12:40:39 -0300] "GET /cormun/servlet/solicitudot?7f0570b57a3f2aa593d372dba3f75d4f81cfd0d10793362e299add8f855f2b0516b3937ae3e0618c67a1f2ec57272511016bada567f0532b904cc9509d4fcac22d0cc0c60b159c3ec103da40692862da6dd05f237d0eb10864cf09a859357210c6bbb5483b10401697c0f4ed219ae94631c1a4e552844ab26b64e21f2e425b992be17eb0bc8d9910d582da60056ca4e0bd3e012315ee6dac8b573257d03c2df1d8352bb5e1e81d6b0dc9f9845fd504620f0abb7ea19f970b7bbfa2cd3d5bb3ec6b91bae290cfd64a7a52f82196059f89bac26c68b01047f8902cd4443a0c2d6c933057ce9f10dbba69aeb92f8f70d66d36160acb728a3f712bd2fcf6fcaef1673b56584ecbc6278dcfebd7a5248e3d4c69364622c677782821f63fafa069e1026af26c7e2163cbba38f321d3032e67e83b6b7e9e7e96fb7c32845b4fd37982120e83aee2d27a6b22b8940a1b08b2a720c6b6d5de19f08b1c61020c3d758e4effd140795e1e47616fefad5a7396183dac1dc39f01b4b0834e5656c7971aa69cc7,gx-no-cache=1488555709761 HTTP/1.1" 200 30
186.103.159.182 - - [03/Mar/2017:12:40:41 -0300] "POST /cormun/servlet/solicitudot?gx-no-cache=1488555712140 HTTP/1.1" 200 30
186.103.159.182 - - [03/Mar/2017:12:40:42 -0300] "GET /cormun/servlet/prsolicitudot?15730716,,,,,MD,,gxPopupLevel%3D0%3B HTTP/1.1" 200 6264
186.103.159.182 - - [03/Mar/2017:12:40:57 -0300] "POST /cormun/servlet/solicitudot?gx-no-cache=1488555727809 HTTP/1.1" 200 1291
186.103.159.182 - - [03/Mar/2017:12:40:57 -0300] "POST /cormun/servlet/solicitudot?gx-no-cache=1488555727921 HTTP/1.1" 200 38
186.103.159.182 - - [03/Mar/2017:12:40:57 -0300] "GET /cormun/servlet/solicitudot?7f0570b57a3f2aa593d372dba3f75d4f2cc0da48acb90217458d31b05a2c2d4d15873514a408a364106973242dfc5c95dcdd2a5eeca2c086db253891c888b56fd3afd2adea9aa6d79549cdf95f017a51ee52ee9c57bd463af6154c601097b9ee2aff692f160cb255d823720b68691ad18c16add61a8da17f6ad371c508fecab07b54cce3077978700dc21311b27160f03290d03132491fcf059aedb5f435184b,gx-no-cache=1488555728050 HTTP/1.1" 200 29
186.103.159.182 - - [03/Mar/2017:12:40:57 -0300] "POST /cormun/servlet/solicitudot?gx-no-cache=1488555728112 HTTP/1.1" 200 1274
186.103.159.182 - - [03/Mar/2017:12:40:57 -0300] "POST /cormun/servlet/solicitudot?gx-no-cache=1488555728271 HTTP/1.1" 200 1157
192.168.10.89 - - [03/Mar/2017:12:40:58 -0300] "POST /cormun/servlet/trsolicitudgral?8d77e722c11e89ad51f0a89ccddea63b,gx-no-cache=1488551406039,gx-no-cache=1488558943825 HTTP/1.1" 200 6479
192.168.10.89 - - [03/Mar/2017:12:41:01 -0300] "GET /cormun/servlet/solicitudgral?UPD,2017,4519, HTTP/1.1" 200 12160
192.168.10.89 - - [03/Mar/2017:12:41:03 -0300] "POST /cormun/servlet/solicitudgral?gx-no-cache=1488558948625 HTTP/1.1" 200 3165
192.168.10.89 - - [03/Mar/2017:12:41:03 -0300] "GET /cormun/servlet/solicitudgral?a6ba28b43049d0d5a4c5057f87c5a7bfc4d24dd1e35c3948291daa51878381fc5c4454f38aa04e9f279b1ed7c7d2a114e04a48b06a52cd331a96bb9204053afd508220351cfeb9a4cafd2e081a063db3a10dc7521629ca705e091dcd1f5ead3282bcdfa46abab873e46be7dd777d30a0dfc12c4d236f1f9906a7ccbca0b9279288757bef68e255a3d5c2ade5311000aad41df591f54666d1c9816cade9762885f41ffde0edfdc3ac51d0139795aa99b3287840e8a465829c884b21cd8e78eb220738860b1ffe090afc68e8f00da1881e2881e3a939dcd190a1fe9758dda7c5c0cb2a4891f03927bcad2e8d823612cdbacf5a09b95abca66596ac53ba6c5314b8c53f5ca7a6924f6756e0dd32471435745ae45fe9714d14f6efad007f13245adc6399038083875f0b682a1a6effe0d9a0e0ecf055c5c034eacfc9a6331b8a96fb200474fab03587d85c4a9cbe57af2156,gx-no-cache=1488558948837 HTTP/1.1" 200 242
192.168.10.62 - - [03/Mar/2017:12:41:05 -0300] "GET /cormun/servlet/trconsultaempleado? HTTP/1.1" 200 6233
192.168.10.89 - - [03/Mar/2017:12:41:05 -0300] "GET /cormun/servlet/solicitudgral?a6ba28b43049d0d5a4c5057f87c5a7bf80c4ce8f360647c1b6c3e295698ec22824aa15abd340717378e0fcf7fc04ef5c772ff22c8dcb16c57404d024a8363f4befc9e6355eebfe5e431d3a408bea17dcee5bfa4c3d046e0ea0b00379f6d19111ac63174d09d58017240d50f5f7ae9375ce4a7cad3fa4989f11acfc2292da93489e3bdcfdbe12b652c050cced89d8c10f08f7ff96dbc22ccace2141a280b7786e578604dd6f7eecf9a96ac29516077f380738860b1ffe090afc68e8f00da1881e23481bd0a19c1bea7fcb55a7993a28a6dddcdfad2e615703a242d983a1e1e589e2015764e2e678229f415636dd31516d1f685d01f0900fe4fe598e159b155cc09e7664680a0c9359853663fef9367e1e8bd2b0843c9d5f8d5bf1b6bf79583a03382aac67c9a0eba5d7512e388ac431acb3bc9ad6a822bd667a88ded46110325081a33f8b34321b2f101aa8399d8f30389d8b0887ac8143ad1baf91cf2df410db9c77015a132dff71e0b91b529945d2664e32802fc46f9b4d1f4b6debabc74e814771bb9c3e96a6b02e4d864ebb4c4b5448c8ccc4c7700e640e46a473a138b357d932f2fd54953a177745e6fcb8c753fd6abb6defccec9a5c8b1e3545f852584e54b6827fb49486d9cde37d394c460eed60ec13239b37f8e6720bc86fcce9aa8944f8872bf627782ac6236a73998485c748c8ccc4c7700e640e46a473a138b357339bdb70f8c83f647531e6f42a22499e760e52b8dde61d20c094d200306f6c0d5a645095f498d77cd60e62aa861c602c,gx-no-cache=1488558951186 HTTP/1.1" 200 48
192.168.10.96 - - [03/Mar/2017:12:41:05 -0300] "GET /cormun/servlet/hlogin HTTP/1.1" 200 1721
192.168.10.62 - - [03/Mar/2017:12:41:05 -0300] "GET /cormun/servlet/trconsultaempleado? HTTP/1.1" 200 6211
192.168.10.96 - - [03/Mar/2017:12:41:06 -0300] "GET /cormun/servlet/hlogin HTTP/1.1" 200 1721
186.103.159.182 - - [03/Mar/2017:12:41:06 -0300] "POST /cormun/servlet/solicitudot?gx-no-cache=1488555736944 HTTP/1.1" 200 1273
192.168.10.89 - - [03/Mar/2017:12:41:07 -0300] "POST /cormun/servlet/solicitudgral?8d77e722c11e89ad51f0a89ccddea63b,UPD,2017,4519,,gx-no-cache=1488558952444 HTTP/1.1" 200 10520
186.103.159.182 - - [03/Mar/2017:12:41:07 -0300] "POST /cormun/servlet/solicitudot?gx-no-cache=1488555737075 HTTP/1.1" 200 1157
186.103.159.182 - - [03/Mar/2017:12:41:07 -0300] "GET /cormun/servlet/solicitudot?7f0570b57a3f2aa593d372dba3f75d4f34d05e59b65c95845855104ab960a6533d974e59528cbe2b79e93a39162d17b12d52c86e95da94b6fc681256281a780cabacb904d592cb7be8828448f31172cf55d38fd7faffb2431017da1c8fd44d8cf5fa17517ff7f33d5a9970ab3cca340966164058775894b1542160da44aa9b9f4cb11448b03bf481c93b0bc70f0ec2985bc6077d32ec89b422a2becfd41c91e48b0aaeafab412f27023a986d23c68a9b,gx-no-cache=1488555737591 HTTP/1.1" 200 30
192.168.10.89 - - [03/Mar/2017:12:41:07 -0300] "GET /cormun/servlet/solicitudgral?a6ba28b43049d0d5a4c5057f87c5a7bfbd0bf9eeddf293206445cd2e1400aa9856aa1089df2386d6857bf2ad8175244eb2d59e3ea15180091405d560c6c8665716651acd3f4072b88907afe726c74f2c06f73afc7f2cb683f8b92b686b63c1e530e1d4d724cdfcef84e174ca8e90a763,gx-no-cache=1488558952855 HTTP/1.1" 200 29
192.168.10.89 - - [03/Mar/2017:12:41:07 -0300] "POST /cormun/servlet/solicitudgral?gx-no-cache=1488558952915 HTTP/1.1" 200 1250
192.168.10.89 - - [03/Mar/2017:12:41:07 -0300] "POST /cormun/servlet/solicitudgral?gx-no-cache=1488558952955 HTTP/1.1" 200 1153
192.168.10.62 - - [03/Mar/2017:12:41:15 -0300] "POST /cormun/servlet/trconsultaempleado?fff5d73cefe7823a98abf3e53052c316,,gx-no-cache=1488558960515 HTTP/1.1" 200 3992
192.168.10.89 - - [03/Mar/2017:12:41:15 -0300] "POST /cormun/servlet/solicitudgral?8d77e722c11e89ad51f0a89ccddea63b,UPD,2017,4519,,gx-no-cache=1488558961041 HTTP/1.1" 200 93
192.168.10.89 - - [03/Mar/2017:12:41:15 -0300] "GET /cormun/servlet/hpexe_return? HTTP/1.1" 200 1033
192.168.10.89 - - [03/Mar/2017:12:41:16 -0300] "GET /cormun/servlet/trsolicitudgral?gx-no-cache=1488551406039 HTTP/1.1" 200 9878
192.168.10.62 - - [03/Mar/2017:12:41:16 -0300] "GET /cormun/servlet/trsolicitudnombre?15104893, HTTP/1.1" 200 8795
192.168.10.62 - - [03/Mar/2017:12:41:17 -0300] "GET /cormun/servlet/trsolicitudnombre?15104893, HTTP/1.1" 200 8797
186.103.159.182 - - [03/Mar/2017:12:41:17 -0300] "POST /cormun/servlet/solicitudot?8d295ccf9cbef6112ca89b09ea0ac640,INS,0,0,,gx-no-cache=1488555747381 HTTP/1.1" 200 93
186.103.159.182 - - [03/Mar/2017:12:41:17 -0300] "GET /cormun/servlet/hpexe_return? HTTP/1.1" 200 1006
186.103.159.182 - - [03/Mar/2017:12:41:18 -0300] "GET /cormun/servlet/trsolicitudot HTTP/1.1" 200 13078
192.168.10.62 - - [03/Mar/2017:12:41:19 -0300] "POST /cormun/servlet/trsolicitudnombre?fff5d73cefe7823a98abf3e53052c316,15104893,,gx-no-cache=1488558964817 HTTP/1.1" 200 107
192.168.10.62 - - [03/Mar/2017:12:41:19 -0300] "POST /cormun/servlet/trsolicitudnombre?fff5d73cefe7823a98abf3e53052c316,15104893,,gx-no-cache=1488558964955 HTTP/1.1" 200 6820
192.168.10.62 - - [03/Mar/2017:12:41:19 -0300] "GET /cormun/SolicitudNombre-9240.xls HTTP/1.1" 200 8192
186.103.159.182 - - [03/Mar/2017:12:41:20 -0300] "GET /cormun/servlet/trsolicitudot HTTP/1.1" 200 13073
192.168.10.96 - - [03/Mar/2017:12:41:25 -0300] "POST /cormun/servlet/hlogin?c5b04cc376f4321b6ec7d2862c42744f,gx-no-cache=1488558970820 HTTP/1.1" 200 90
192.168.10.96 - - [03/Mar/2017:12:41:25 -0300] "GET /cormun/servlet/hpexe_link HTTP/1.1" 200 953
192.168.10.96 - - [03/Mar/2017:12:41:25 -0300] "GET /cormun/servlet/hhome HTTP/1.1" 200 3776
192.168.10.96 - - [03/Mar/2017:12:41:25 -0300] "GET /cormun/servlet/hhome HTTP/1.1" 200 3773
192.168.10.96 - - [03/Mar/2017:12:41:29 -0300] "GET /cormun/servlet/trpermisosgoce? HTTP/1.1" 200 7376
192.168.10.96 - - [03/Mar/2017:12:41:29 -0300] "GET /cormun/servlet/trpermisosgoce? HTTP/1.1" 200 7375
192.168.10.96 - - [03/Mar/2017:12:41:33 -0300] "GET /cormun/servlet/permisogoce?UPD,16846409,P,20170303133341, HTTP/1.1" 200 6588
192.168.10.96 - - [03/Mar/2017:12:41:34 -0300] "GET /cormun/servlet/permisogoce?UPD,16846409,P,20170303133341, HTTP/1.1" 200 6588
192.168.10.96 - - [03/Mar/2017:12:41:34 -0300] "GET /cormun/servlet/permisogoce?b576bbbb439db6350f038c6e58e7509ceb1d05dfd674f608e373325af23def45bf72feb7a35ced8364f6161e10e24fb5,gx-no-cache=1488558980069 HTTP/1.1" 200 83
192.168.10.96 - - [03/Mar/2017:12:41:40 -0300] "GET /cormun/servlet/permisogoce?b576bbbb439db6350f038c6e58e7509cd716e7bfebbc578342428a2cf37c61732d48b0e4eda9323df3ee6913c07787209032da7d85a7a347b20193b30abd0fba6c524f193128840e89e640f1366ff8c6,gx-no-cache=1488558986279 HTTP/1.1" 200 47
192.168.10.96 - - [03/Mar/2017:12:41:40 -0300] "POST /cormun/servlet/permisogoce?c5b04cc376f4321b6ec7d2862c42744f,UPD,16846409,P,20170303133341,,gx-no-cache=1488558986311 HTTP/1.1" 200 4182
192.168.10.96 - - [03/Mar/2017:12:41:40 -0300] "GET /cormun/static/Shared/jqueryui/images/ui-bg_highlight-soft_100_c6c2c8_1x100.png HTTP/1.1" 404 1117
192.168.10.96 - - [03/Mar/2017:12:41:40 -0300] "GET /cormun/static/Shared/jqueryui/images/ui-icons_82798d_256x240.png HTTP/1.1" 404 1089
192.168.10.96 - - [03/Mar/2017:12:41:40 -0300] "GET /cormun/static/Shared/jqueryui/images/ui-bg_flat_55_994d53_40x100.png HTTP/1.1" 404 1097
192.168.10.96 - - [03/Mar/2017:12:41:40 -0300] "GET /cormun/static/Shared/jqueryui/images/ui-icons_ebccce_256x240.png HTTP/1.1" 404 1089
192.168.10.96 - - [03/Mar/2017:12:41:44 -0300] "POST /cormun/servlet/permisogoce?c5b04cc376f4321b6ec7d2862c42744f,UPD,16846409,P,20170303133341,,gx-no-cache=1488558989680 HTTP/1.1" 200 90
192.168.10.96 - - [03/Mar/2017:12:41:44 -0300] "GET /cormun/servlet/hpexe_link HTTP/1.1" 200 985
192.168.10.96 - - [03/Mar/2017:12:41:44 -0300] "GET /cormun/servlet/trpermisosgoce HTTP/1.1" 200 7376
192.168.10.96 - - [03/Mar/2017:12:41:44 -0300] "GET /cormun/servlet/trpermisosgoce HTTP/1.1" 200 7375
186.103.159.182 - - [03/Mar/2017:12:41:45 -0300] "GET /cormun/servlet/solicitudot?INS,0,0, HTTP/1.1" 200 12822
192.168.10.96 - - [03/Mar/2017:12:41:46 -0300] "GET /cormun/servlet/apermisogoceprn?16846409,P,20170303133341,PU HTTP/1.1" 200 1573
186.103.159.182 - - [03/Mar/2017:12:41:46 -0300] "GET /cormun/servlet/solicitudot?INS,0,0, HTTP/1.1" 200 12827
186.103.159.182 - - [03/Mar/2017:12:41:54 -0300] "POST /cormun/servlet/solicitudot?gx-no-cache=1488555783848 HTTP/1.1" 200 3180
186.103.159.182 - - [03/Mar/2017:12:41:54 -0300] "POST /cormun/servlet/solicitudot?8d295ccf9cbef6112ca89b09ea0ac640,INS,0,0,,gx-no-cache=1488555784707 HTTP/1.1" 200 9955
186.103.159.182 - - [03/Mar/2017:12:41:57 -0300] "GET /cormun/servlet/solicitudot?7f0570b57a3f2aa593d372dba3f75d4f407b17105ff26cdcc7eb4bfc3994cd1d4b0ebcb258806735472d015063f08e03,gx-no-cache=1488555788001 HTTP/1.1" 200 30
186.103.159.182 - - [03/Mar/2017:12:41:57 -0300] "POST /cormun/servlet/solicitudot?gx-no-cache=1488555788075 HTTP/1.1" 200 255
186.103.159.182 - - [03/Mar/2017:12:41:57 -0300] "GET /cormun/servlet/solicitudot?7f0570b57a3f2aa593d372dba3f75d4f81cfd0d10793362e299add8f855f2b0516b3937ae3e0618c67a1f2ec57272511016bada567f0532b904cc9509d4fcac22d0cc0c60b159c3ec103da40692862da6dd05f237d0eb10864cf09a859357210c6bbb5483b10401697c0f4ed219ae94631c1a4e552844ab26b64e21f2e425b992be17eb0bc8d9910d582da60056ca4e0bd3e012315ee6dac8b573257d03c2df1d8352bb5e1e81d6b0dc9f9845fd504620f0abb7ea19f970b7bbfa2cd3d5bb3ec6b91bae290cfd64a7a52f82196059f89bac26c68b01047f8902cd4443a0c2d6c933057ce9f10dbba69aeb92f8f70d66d36160acb728a3f712bd2fcf6fcaef1673b56584ecbc6278dcfebd7a5248e3d4c69364622c677782821f63fafa069e1026af26c7e2163cbba38f321d3032e67e83b6b7e9e7e96fb7c32845b4fd37982120e83aee2d27a6b22b8940a1b08b2a720c6b6d5de19f08b1c61020c3d758e4effd140795e1e47616fefad5a7396183dac1dc39f01b4b0834e5656c7971aa69cc7,gx-no-cache=1488555788156 HTTP/1.1" 200 30
192.168.10.96 - - [03/Mar/2017:12:42:03 -0300] "GET /cormun/servlet/permisogoce?UPD,16846409,P,20170303133341, HTTP/1.1" 200 6588
192.168.10.96 - - [03/Mar/2017:12:42:03 -0300] "GET /cormun/servlet/permisogoce?UPD,16846409,P,20170303133341, HTTP/1.1" 200 6588
186.103.159.182 - - [03/Mar/2017:12:42:04 -0300] "POST /cormun/servlet/solicitudot?gx-no-cache=1488555794395 HTTP/1.1" 200 30
192.168.10.96 - - [03/Mar/2017:12:42:04 -0300] "GET /cormun/servlet/permisogoce?b576bbbb439db6350f038c6e58e7509ceb1d05dfd674f608e373325af23def45bf72feb7a35ced8364f6161e10e24fb5,gx-no-cache=1488559009808 HTTP/1.1" 200 83
186.103.159.182 - - [03/Mar/2017:12:42:05 -0300] "GET /cormun/servlet/prsolicitudot?16493601,,,,,MD,,gxPopupLevel%3D0%3B HTTP/1.1" 200 6195
186.103.159.188 - - [03/Mar/2017:12:42:06 -0300] "GET /cormun/servlet/permisogoce?UPD,16846409,P,20170303133341, HTTP/1.1" 200 6582
192.168.10.96 - - [03/Mar/2017:12:42:06 -0300] "POST /cormun/servlet/permisogoce?c5b04cc376f4321b6ec7d2862c42744f,UPD,16846409,P,20170303133341,,gx-no-cache=1488559011931 HTTP/1.1" 200 90
186.103.159.188 - - [03/Mar/2017:12:42:06 -0300] "GET /cormun/servlet/permisogoce?UPD,16846409,P,20170303133341, HTTP/1.1" 200 6582
192.168.10.96 - - [03/Mar/2017:12:42:06 -0300] "GET /cormun/servlet/hpexe_link HTTP/1.1" 200 985
192.168.10.96 - - [03/Mar/2017:12:42:06 -0300] "GET /cormun/servlet/trpermisosgoce HTTP/1.1" 200 7376
186.103.159.188 - - [03/Mar/2017:12:42:06 -0300] "GET /cormun/servlet/permisogoce?f3c87747b42a0b8fa63e921100c6a8bf611fa22fbe0d290ed2d2bf8f30a1b505a72936592540d2e7d6b9444490a16d40,gx-no-cache=1488555797265 HTTP/1.1" 200 83
192.168.10.96 - - [03/Mar/2017:12:42:07 -0300] "GET /cormun/servlet/trpermisosgoce HTTP/1.1" 200 7375
186.103.159.182 - - [03/Mar/2017:12:42:11 -0300] "POST /cormun/servlet/solicitudot?gx-no-cache=1488555801453 HTTP/1.1" 200 235
186.103.159.182 - - [03/Mar/2017:12:42:11 -0300] "POST /cormun/servlet/solicitudot?gx-no-cache=1488555801520 HTTP/1.1" 200 38
186.103.159.182 - - [03/Mar/2017:12:42:11 -0300] "GET /cormun/servlet/solicitudot?7f0570b57a3f2aa593d372dba3f75d4f2cc0da48acb90217458d31b05a2c2d4d15873514a408a364106973242dfc5c95dcdd2a5eeca2c086db253891c888b56fd3afd2adea9aa6d79549cdf95f017a51ee52ee9c57bd463af6154c601097b9ee2aff692f160cb255d823720b68691ad18c16add61a8da17f6ad371c508fecab07b54cce3077978700dc21311b27160f03290d03132491fcf059aedb5f435184b,gx-no-cache=1488555801570 HTTP/1.1" 200 29
186.103.159.182 - - [03/Mar/2017:12:42:11 -0300] "POST /cormun/servlet/solicitudot?gx-no-cache=1488555801612 HTTP/1.1" 200 643
186.103.159.182 - - [03/Mar/2017:12:42:11 -0300] "POST /cormun/servlet/solicitudot?gx-no-cache=1488555801659 HTTP/1.1" 200 518
186.103.159.182 - - [03/Mar/2017:12:42:12 -0300] "GET /cormun/servlet/solicitudot?7f0570b57a3f2aa593d372dba3f75d4f588478c72e7540cf944b8c73efbc5cb8003ec134a52ddc69552b5333170f0e702d52c86e95da94b6fc681256281a780cabacb904d592cb7be8828448f31172cf55d38fd7faffb2431017da1c8fd44d8cf5fa17517ff7f33d5a9970ab3cca340966164058775894b1542160da44aa9b9f4cb11448b03bf481c93b0bc70f0ec2985bc6077d32ec89b422a2becfd41c91e48b0aaeafab412f27023a986d23c68a9b,gx-no-cache=1488555803240 HTTP/1.1" 200 30
186.103.159.188 - - [03/Mar/2017:12:42:15 -0300] "GET /cormun/servlet/permisogoce?f3c87747b42a0b8fa63e921100c6a8bf5a3a3578eab634dea2736aa5014412fa62bc9cdc6e1876a2e13cc90ede501f420df5b59a4bf9d8f5d9642b6eea7edc03c02466f3a830174d580d318ed24d6c24,gx-no-cache=1488555805954 HTTP/1.1" 200 47
186.103.159.188 - - [03/Mar/2017:12:42:16 -0300] "POST /cormun/servlet/permisogoce?dbaac4f3c088552cf79a00af9dd696a6,UPD,16846409,P,20170303133341,,gx-no-cache=1488555806032 HTTP/1.1" 200 4177
186.103.159.188 - - [03/Mar/2017:12:42:16 -0300] "GET /cormun/static/Shared/jqueryui/images/ui-bg_highlight-soft_100_c6c2c8_1x100.png HTTP/1.1" 404 1117
186.103.159.188 - - [03/Mar/2017:12:42:16 -0300] "GET /cormun/static/Shared/jqueryui/images/ui-icons_82798d_256x240.png HTTP/1.1" 404 1089
186.103.159.188 - - [03/Mar/2017:12:42:16 -0300] "GET /cormun/static/Shared/jqueryui/images/ui-bg_flat_55_994d53_40x100.png HTTP/1.1" 404 1097
186.103.159.188 - - [03/Mar/2017:12:42:16 -0300] "GET /cormun/static/Shared/jqueryui/images/ui-icons_ebccce_256x240.png HTTP/1.1" 404 1089
186.103.159.188 - - [03/Mar/2017:12:42:20 -0300] "POST /cormun/servlet/permisogoce?dbaac4f3c088552cf79a00af9dd696a6,UPD,16846409,P,20170303133341,,gx-no-cache=1488555811118 HTTP/1.1" 200 93
186.103.159.188 - - [03/Mar/2017:12:42:20 -0300] "GET /cormun/servlet/hpexe_return? HTTP/1.1" 200 1023
186.103.159.188 - - [03/Mar/2017:12:42:21 -0300] "GET /cormun/servlet/trpermisosgoce HTTP/1.1" 200 7374
186.103.159.188 - - [03/Mar/2017:12:42:21 -0300] "GET /cormun/servlet/trpermisosgoce HTTP/1.1" 200 7370
186.103.159.188 - - [03/Mar/2017:12:42:24 -0300] "GET /cormun/servlet/apermisogoceprn?16846409,P,20170303133341,PU HTTP/1.1" 200 1572
186.103.159.182 - - [03/Mar/2017:12:42:32 -0300] "POST /cormun/servlet/solicitudot?gx-no-cache=1488555822845 HTTP/1.1" 200 641
186.103.159.182 - - [03/Mar/2017:12:42:32 -0300] "POST /cormun/servlet/solicitudot?gx-no-cache=1488555822927 HTTP/1.1" 200 518
186.103.159.182 - - [03/Mar/2017:12:42:32 -0300] "GET /cormun/servlet/solicitudot?7f0570b57a3f2aa593d372dba3f75d4f588478c72e7540cf944b8c73efbc5cb8003ec134a52ddc69552b5333170f0e702d52c86e95da94b6fc681256281a780cabacb904d592cb7be8828448f31172cf55d38fd7faffb2431017da1c8fd44d8cf5fa17517ff7f33d5a9970ab3cca340966164058775894b1542160da44aa9b9f4cb11448b03bf481c93b0bc70f0ec2985bc6077d32ec89b422a2becfd41c91e48b0aaeafab412f27023a986d23c68a9b,gx-no-cache=1488555822996 HTTP/1.1" 200 30
186.103.159.182 - - [03/Mar/2017:12:42:32 -0300] "POST /cormun/servlet/solicitudot?8d295ccf9cbef6112ca89b09ea0ac640,INS,0,0,,gx-no-cache=1488555823076 HTTP/1.1" 200 93
186.103.159.182 - - [03/Mar/2017:12:42:32 -0300] "GET /cormun/servlet/hpexe_return? HTTP/1.1" 200 1006
186.103.159.182 - - [03/Mar/2017:12:42:33 -0300] "GET /cormun/servlet/trsolicitudot HTTP/1.1" 200 13424
200.112.2.250 - - [03/Mar/2017:12:42:35 -0300] "GET /cormun/servlet/trsolicitudot? HTTP/1.1" 200 8279
186.103.159.182 - - [03/Mar/2017:12:42:36 -0300] "GET /cormun/servlet/trsolicitudot HTTP/1.1" 200 13419
200.112.2.250 - - [03/Mar/2017:12:42:37 -0300] "GET /cormun/servlet/trsolicitudot? HTTP/1.1" 200 8279
200.112.2.250 - - [03/Mar/2017:12:42:54 -0300] "POST /cormun/servlet/trsolicitudot?c7d53cd0402d8780af9f7e0a7a783818,,gx-no-cache=1488555847499 HTTP/1.1" 200 6403
200.112.2.250 - - [03/Mar/2017:12:43:08 -0300] "GET /cormun/servlet/solicitudot?INS,0,0, HTTP/1.1" 200 12774
200.112.2.250 - - [03/Mar/2017:12:43:10 -0300] "GET /cormun/servlet/solicitudot?INS,0,0, HTTP/1.1" 200 12779
186.103.159.182 - - [03/Mar/2017:12:43:22 -0300] "GET /cormun/servlet/solicitudot?INS,0,0, HTTP/1.1" 200 12822
186.103.159.182 - - [03/Mar/2017:12:43:24 -0300] "GET /cormun/servlet/solicitudot?INS,0,0, HTTP/1.1" 200 12827
186.103.159.182 - - [03/Mar/2017:12:43:31 -0300] "POST /cormun/servlet/solicitudot?gx-no-cache=1488555881420 HTTP/1.1" 200 3180
186.103.159.182 - - [03/Mar/2017:12:43:32 -0300] "POST /cormun/servlet/solicitudot?8d295ccf9cbef6112ca89b09ea0ac640,INS,0,0,,gx-no-cache=1488555882046 HTTP/1.1" 200 9952
186.103.159.182 - - [03/Mar/2017:12:43:33 -0300] "GET /cormun/servlet/solicitudot?7f0570b57a3f2aa593d372dba3f75d4ffd3badd6f6c8afdc30f24d0d381ec67d4b0ebcb258806735472d015063f08e03,gx-no-cache=1488555884085 HTTP/1.1" 200 30
186.103.159.182 - - [03/Mar/2017:12:43:33 -0300] "POST /cormun/servlet/solicitudot?gx-no-cache=1488555884181 HTTP/1.1" 200 256
186.103.159.182 - - [03/Mar/2017:12:43:34 -0300] "GET /cormun/servlet/solicitudot?7f0570b57a3f2aa593d372dba3f75d4f81cfd0d10793362e299add8f855f2b05704012e4c15f4df9887b27ec830b22b4016bada567f0532b904cc9509d4fcac22d0cc0c60b159c3ec103da40692862da6dd05f237d0eb10864cf09a859357210c6bbb5483b10401697c0f4ed219ae94631c1a4e552844ab26b64e21f2e425b992be17eb0bc8d9910d582da60056ca4e0bd3e012315ee6dac8b573257d03c2df1d8352bb5e1e81d6b0dc9f9845fd504620f0abb7ea19f970b7bbfa2cd3d5bb3ec6b91bae290cfd64a7a52f82196059f89bac26c68b01047f8902cd4443a0c2d6c933057ce9f10dbba69aeb92f8f70d66d8ae2c55e858e2d1b52be9180bc38bb4f3b56584ecbc6278dcfebd7a5248e3d4ce5796dc40673c70df87c190f68e79c527ced75ca70caa44edbc66616dfa5a9718ebcb4624278dfa3a4ade2788891d5906064d63b91e2973b786a6ec8e4b93a0e84c57106c6723fdcd932a4f19b4149c1cbecbc6ef535381476c173c6abe2daf750b73d803f0490d303311b82e844d557,gx-no-cache=1488555884253 HTTP/1.1" 200 30
186.103.159.182 - - [03/Mar/2017:12:43:35 -0300] "POST /cormun/servlet/solicitudot?gx-no-cache=1488555886264 HTTP/1.1" 200 30
186.103.159.182 - - [03/Mar/2017:12:43:37 -0300] "GET /cormun/servlet/prsolicitudot?17517724,,,,,MD,,gxPopupLevel%3D0%3B HTTP/1.1" 200 6088
186.103.159.182 - - [03/Mar/2017:12:43:40 -0300] "POST /cormun/servlet/solicitudot?gx-no-cache=1488555890939 HTTP/1.1" 200 1292
186.103.159.182 - - [03/Mar/2017:12:43:40 -0300] "POST /cormun/servlet/solicitudot?gx-no-cache=1488555891025 HTTP/1.1" 200 38
186.103.159.182 - - [03/Mar/2017:12:43:41 -0300] "GET /cormun/servlet/solicitudot?7f0570b57a3f2aa593d372dba3f75d4f2cc0da48acb90217458d31b05a2c2d4d15873514a408a364106973242dfc5c95fc4d249e84a99f3eaddc22c8d24388401d7d1b30645226d0827f7eaf271fa6a79d9cd22aba5b8b7908ca112d0326e98ac9c25b3c9fbc5c92c9b3f1ac4f72cffe,gx-no-cache=1488555891436 HTTP/1.1" 200 29
186.103.159.182 - - [03/Mar/2017:12:43:41 -0300] "POST /cormun/servlet/solicitudot?gx-no-cache=1488555891489 HTTP/1.1" 200 1275
186.103.159.182 - - [03/Mar/2017:12:43:41 -0300] "POST /cormun/servlet/solicitudot?gx-no-cache=1488555891604 HTTP/1.1" 200 1158
186.103.159.204 - - [03/Mar/2017:12:43:44 -0300] "POST /cormun/servlet/solicitudot?gx-no-cache=1488555893724 HTTP/1.1" 200 255
186.103.159.182 - - [03/Mar/2017:12:43:45 -0300] "GET /cormun/servlet/solicitudot?7f0570b57a3f2aa593d372dba3f75d4fa36a69609ed2a41658d027b2862d739a559a759edb9cbc5832a15935df98285e2d52c86e95da94b6fc681256281a780cabacb904d592cb7be8828448f31172cf55d38fd7faffb2431017da1c8fd44d8cf5fa17517ff7f33d5a9970ab3cca340966164058775894b1542160da44aa9b9f4cb11448b03bf481c93b0bc70f0ec2985bc6077d32ec89b422a2becfd41c91e48b0aaeafab412f27023a986d23c68a9b,gx-no-cache=1488555896042 HTTP/1.1" 200 30
186.103.159.204 - - [03/Mar/2017:12:43:48 -0300] "GET /cormun/servlet/solicitudot?3959b856d4bc287ece3ce0942c8b1cb9dedd03d04348a5072b2cecedf3a83e15e1e7d9a6e3ed3129d4c0f4136af4d8fc074024289b8f253ab9cdb63dd568f37030b9a7504251218a9e53519e8a481e5bd72149dbc6371896b653c75f30459c5b66ca80b53b4114de48d8e9cf05f45f55072969a5ae211506e605e241e1dd45b38e84930686706be3905f0cb2a062c831e07e693bfc8f83c4ed3b152683e1d85685f9902738a32bd7d9050ef3bb35afd86594c245751cdb5caf3ed8be25addbd115b9307e10ed870448f8d471f2cdbf7cf8fed524ba123f7de738b7bf5ac2dbe528df71a773df4b3b7a5977b55fa50c39aa4ceaf02092fb0d8d4c072c67c8f31fb721a4358178aa193a212e8a52b9dfaf11cfb50e53785bdd28d26a79891b813a1c31a61722818b90dee512149daede5147cd2cde470a28febb70f9ec22b999aa1b17b61d4d76eec8f3420b6f7ec00b5e7137246e79286259785b32e4998e1dca6c9544013a127e32ee0be41cfd2fe0fa3d6fa6621bd7c7d8daa8fbca90b9ea8d,gx-no-cache=1488555897757 HTTP/1.1" 200 30
186.103.159.182 - - [03/Mar/2017:12:43:55 -0300] "POST /cormun/servlet/solicitudot?8d295ccf9cbef6112ca89b09ea0ac640,INS,0,0,,gx-no-cache=1488555905312 HTTP/1.1" 200 11302
186.103.159.182 - - [03/Mar/2017:12:43:55 -0300] "GET /cormun/static/Shared/jqueryui/images/ui-bg_highlight-soft_100_c6c2c8_1x100.png HTTP/1.1" 404 1117
186.103.159.182 - - [03/Mar/2017:12:43:55 -0300] "GET /cormun/static/Shared/jqueryui/images/ui-icons_82798d_256x240.png HTTP/1.1" 404 1089
186.103.159.182 - - [03/Mar/2017:12:43:55 -0300] "GET /cormun/static/Shared/jqueryui/images/ui-icons_ebccce_256x240.png HTTP/1.1" 404 1089
186.103.159.182 - - [03/Mar/2017:12:43:55 -0300] "GET /cormun/static/Shared/jqueryui/images/ui-bg_flat_55_994d53_40x100.png HTTP/1.1" 404 1097
186.103.159.204 - - [03/Mar/2017:12:44:02 -0300] "POST /cormun/servlet/solicitudot?gx-no-cache=1488555911429 HTTP/1.1" 200 30
186.103.159.182 - - [03/Mar/2017:12:44:03 -0300] "POST /cormun/servlet/solicitudot?gx-no-cache=1488555913496 HTTP/1.1" 200 1274
186.103.159.182 - - [03/Mar/2017:12:44:03 -0300] "POST /cormun/servlet/solicitudot?gx-no-cache=1488555913584 HTTP/1.1" 200 1158
186.103.159.182 - - [03/Mar/2017:12:44:03 -0300] "GET /cormun/servlet/solicitudot?7f0570b57a3f2aa593d372dba3f75d4fa36a69609ed2a41658d027b2862d739a559a759edb9cbc5832a15935df98285e2d52c86e95da94b6fc681256281a780cabacb904d592cb7be8828448f31172cf55d38fd7faffb2431017da1c8fd44d8cf5fa17517ff7f33d5a9970ab3cca340966164058775894b1542160da44aa9b9f4cb11448b03bf481c93b0bc70f0ec2985bc6077d32ec89b422a2becfd41c91e41a40434694fd8e94cb3c700f73b3b79e,gx-no-cache=1488555913660 HTTP/1.1" 200 32
186.103.159.182 - - [03/Mar/2017:12:44:03 -0300] "POST /cormun/servlet/solicitudot?8d295ccf9cbef6112ca89b09ea0ac640,INS,0,0,,gx-no-cache=1488555913716 HTTP/1.1" 200 93
186.103.159.182 - - [03/Mar/2017:12:44:03 -0300] "GET /cormun/servlet/hpexe_return? HTTP/1.1" 200 1006
186.103.159.182 - - [03/Mar/2017:12:44:03 -0300] "GET /cormun/servlet/trsolicitudot HTTP/1.1" 200 13712
186.103.159.204 - - [03/Mar/2017:12:44:04 -0300] "POST /cormun/servlet/solicitudot?gx-no-cache=1488555913225 HTTP/1.1" 200 235
186.103.159.204 - - [03/Mar/2017:12:44:04 -0300] "POST /cormun/servlet/solicitudot?gx-no-cache=1488555913348 HTTP/1.1" 200 38
186.103.159.182 - - [03/Mar/2017:12:44:05 -0300] "GET /cormun/servlet/trsolicitudot HTTP/1.1" 200 13707
192.168.10.62 - - [03/Mar/2017:12:44:26 -0300] "GET /cormun/servlet/trsolicitudgral? HTTP/1.1" 200 7946
192.168.10.62 - - [03/Mar/2017:12:44:27 -0300] "GET /cormun/servlet/trsolicitudgral? HTTP/1.1" 200 7933
186.103.159.204 - - [03/Mar/2017:12:44:36 -0300] "GET /cormun/servlet/solicitudot?3959b856d4bc287ece3ce0942c8b1cb98ff923eee1b3d9e1c85fb612cae51a55575b9a2fbcd8e6f8df96bd603b00d0522b009e9378998802101ee1de5b0a27cc71460fd1e7804c759ec3aa54eb0f968beb77e643b285471a8af282df415bc49ff722f63d059d02e35dbe77eb7dc8b620,gx-no-cache=1488555945607 HTTP/1.1" 200 29
186.103.159.204 - - [03/Mar/2017:12:44:36 -0300] "POST /cormun/servlet/solicitudot?gx-no-cache=1488555945698 HTTP/1.1" 200 641
192.168.10.62 - - [03/Mar/2017:12:44:37 -0300] "POST /cormun/servlet/trsolicitudgral?fff5d73cefe7823a98abf3e53052c316,,gx-no-cache=1488559162522 HTTP/1.1" 200 7567
186.103.159.204 - - [03/Mar/2017:12:44:37 -0300] "POST /cormun/servlet/solicitudot?gx-no-cache=1488555946413 HTTP/1.1" 200 1157
192.168.10.62 - - [03/Mar/2017:12:44:43 -0300] "GET /cormun/servlet/hlogin HTTP/1.1" 200 1733
186.103.157.98 - - [03/Mar/2017:12:44:53 -0300] "GET /cormun/servlet/solicitudot?INS,0,0, HTTP/1.1" 200 12811
186.103.157.98 - - [03/Mar/2017:12:44:54 -0300] "GET /cormun/servlet/solicitudot?INS,0,0, HTTP/1.1" 200 12816
190.101.9.138 - - [03/Mar/2017:12:45:12 -0300] "GET /cormun/servlet/permisogoce?UPD,16846409,P,20170303133341, HTTP/1.1" 200 6582
190.101.9.138 - - [03/Mar/2017:12:45:13 -0300] "GET /cormun/servlet/permisogoce?UPD,16846409,P,20170303133341, HTTP/1.1" 200 6582
190.101.9.138 - - [03/Mar/2017:12:45:13 -0300] "GET /cormun/servlet/permisogoce?f3c87747b42a0b8fa63e921100c6a8bf611fa22fbe0d290ed2d2bf8f30a1b505a72936592540d2e7d6b9444490a16d40,gx-no-cache=1488555983860 HTTP/1.1" 200 83
200.112.2.250 - - [03/Mar/2017:12:45:33 -0300] "GET /cormun/servlet/prfichaempleado?,MD,,gxPopupLevel%3D0%3B HTTP/1.1" 200 8848
186.103.159.204 - - [03/Mar/2017:12:45:48 -0300] "GET /cormun/static/menuarrow.gif HTTP/1.1" 404 1015
200.112.2.250 - - [03/Mar/2017:12:45:48 -0300] "POST /cormun/servlet/prfichaempleado?c7d53cd0402d8780af9f7e0a7a783818,,MD,,gxPopupLevel%3D0%3B,gx-no-cache=1488556022102 HTTP/1.1" 200 3179
186.103.159.204 - - [03/Mar/2017:12:46:00 -0300] "GET /cormun/servlet/solicitudot?3959b856d4bc287ece3ce0942c8b1cb9c56b9a4023f01b7f82ea738ec3d1e1dae6f5a255a9ac09c94928d61d137303b3ff0f8368bca8cf8e4184b64cc546a9b0520c02cf791938c015ba54820d8f6ab7484cf12701e1a994ebc1d01a5a758353be95adae81c87074441e0e493e7607b122306b84305be7dcd9ef3e0bf73734e29635321d4b808e26c6ab9569ebda26166ba5a7cb7ce640e33214c6e7d1af676aef95cb4ce9617693c8432a581e735683,gx-no-cache=1488556029503 HTTP/1.1" 200 30
200.112.2.250 - - [03/Mar/2017:12:46:05 -0300] "GET /cormun/servlet/prfichaempleado?,MD,,gxPopupLevel%3D0%3B HTTP/1.1" 200 8848
200.112.2.250 - - [03/Mar/2017:12:46:20 -0300] "POST /cormun/servlet/prfichaempleado?c7d53cd0402d8780af9f7e0a7a783818,,MD,,gxPopupLevel%3D0%3B,gx-no-cache=1488556053614 HTTP/1.1" 200 3463
186.103.159.182 - - [03/Mar/2017:12:46:21 -0300] "POST /cormun/servlet/trsolicitudot?8d295ccf9cbef6112ca89b09ea0ac640,gx-no-cache=1488556051238 HTTP/1.1" 200 10618
186.103.159.182 - - [03/Mar/2017:12:46:21 -0300] "GET /cormun/static/Shared/jqueryui/images/ui-bg_highlight-soft_100_c6c2c8_1x100.png HTTP/1.1" 404 1117
186.103.159.182 - - [03/Mar/2017:12:46:21 -0300] "GET /cormun/static/Shared/jqueryui/images/ui-icons_82798d_256x240.png HTTP/1.1" 404 1089
186.103.159.182 - - [03/Mar/2017:12:46:21 -0300] "GET /cormun/static/Shared/jqueryui/images/ui-icons_8d78a5_256x240.png HTTP/1.1" 404 1089
186.103.159.182 - - [03/Mar/2017:12:46:21 -0300] "GET /cormun/static/Shared/jqueryui/images/ui-bg_flat_55_fafafa_40x100.png HTTP/1.1" 404 1097
186.103.159.182 - - [03/Mar/2017:12:46:23 -0300] "POST /cormun/servlet/trsolicitudot?8d295ccf9cbef6112ca89b09ea0ac640,gx-no-cache=1488556052637 HTTP/1.1" 200 10560
186.103.159.182 - - [03/Mar/2017:12:46:25 -0300] "POST /cormun/servlet/trsolicitudot?8d295ccf9cbef6112ca89b09ea0ac640,gx-no-cache=1488556055542 HTTP/1.1" 200 10260
186.103.159.182 - - [03/Mar/2017:12:46:27 -0300] "POST /cormun/servlet/trsolicitudot?8d295ccf9cbef6112ca89b09ea0ac640,gx-no-cache=1488556057332 HTTP/1.1" 200 10201
186.103.159.182 - - [03/Mar/2017:12:46:29 -0300] "POST /cormun/servlet/trsolicitudot?8d295ccf9cbef6112ca89b09ea0ac640,gx-no-cache=1488556059339 HTTP/1.1" 200 9956
186.103.159.182 - - [03/Mar/2017:12:46:30 -0300] "POST /cormun/servlet/trsolicitudot?8d295ccf9cbef6112ca89b09ea0ac640,gx-no-cache=1488556060837 HTTP/1.1" 200 9898
186.103.159.182 - - [03/Mar/2017:12:46:32 -0300] "POST /cormun/servlet/trsolicitudot?8d295ccf9cbef6112ca89b09ea0ac640,gx-no-cache=1488556062478 HTTP/1.1" 200 9581
186.103.159.182 - - [03/Mar/2017:12:46:34 -0300] "POST /cormun/servlet/trsolicitudot?8d295ccf9cbef6112ca89b09ea0ac640,gx-no-cache=1488556064539 HTTP/1.1" 200 9524
186.103.159.182 - - [03/Mar/2017:12:46:36 -0300] "POST /cormun/servlet/trsolicitudot?8d295ccf9cbef6112ca89b09ea0ac640,gx-no-cache=1488556066731 HTTP/1.1" 200 9239
186.103.159.182 - - [03/Mar/2017:12:46:38 -0300] "POST /cormun/servlet/trsolicitudot?8d295ccf9cbef6112ca89b09ea0ac640,gx-no-cache=1488556068563 HTTP/1.1" 200 9183
186.103.159.182 - - [03/Mar/2017:12:46:40 -0300] "POST /cormun/servlet/trsolicitudot?8d295ccf9cbef6112ca89b09ea0ac640,gx-no-cache=1488556070353 HTTP/1.1" 200 8938
186.103.159.182 - - [03/Mar/2017:12:46:42 -0300] "POST /cormun/servlet/trsolicitudot?8d295ccf9cbef6112ca89b09ea0ac640,gx-no-cache=1488556072428 HTTP/1.1" 200 8875
186.103.159.182 - - [03/Mar/2017:12:46:45 -0300] "POST /cormun/servlet/trsolicitudot?8d295ccf9cbef6112ca89b09ea0ac640,gx-no-cache=1488556075304 HTTP/1.1" 200 8612
186.103.159.182 - - [03/Mar/2017:12:46:47 -0300] "POST /cormun/servlet/trsolicitudot?8d295ccf9cbef6112ca89b09ea0ac640,gx-no-cache=1488556077144 HTTP/1.1" 200 8556
186.103.159.182 - - [03/Mar/2017:12:46:49 -0300] "POST /cormun/servlet/trsolicitudot?8d295ccf9cbef6112ca89b09ea0ac640,gx-no-cache=1488556079308 HTTP/1.1" 200 8115
186.103.159.182 - - [03/Mar/2017:12:46:51 -0300] "POST /cormun/servlet/trsolicitudot?8d295ccf9cbef6112ca89b09ea0ac640,gx-no-cache=1488556081254 HTTP/1.1" 200 8057
186.103.159.182 - - [03/Mar/2017:12:46:53 -0300] "POST /cormun/servlet/trsolicitudot?8d295ccf9cbef6112ca89b09ea0ac640,gx-no-cache=1488556083456 HTTP/1.1" 200 7803
186.103.157.235 - - [03/Mar/2017:12:46:54 -0300] "GET /cormun/servlet/hlogin HTTP/1.1" 200 1720
186.103.159.182 - - [03/Mar/2017:12:46:55 -0300] "POST /cormun/servlet/trsolicitudot?8d295ccf9cbef6112ca89b09ea0ac640,gx-no-cache=1488556085301 HTTP/1.1" 200 7745
186.103.157.235 - - [03/Mar/2017:12:46:55 -0300] "GET /cormun/servlet/hlogin HTTP/1.1" 200 1729
186.103.159.182 - - [03/Mar/2017:12:46:57 -0300] "POST /cormun/servlet/trsolicitudot?8d295ccf9cbef6112ca89b09ea0ac640,gx-no-cache=1488556087217 HTTP/1.1" 200 7506
186.103.159.182 - - [03/Mar/2017:12:46:59 -0300] "POST /cormun/servlet/trsolicitudot?8d295ccf9cbef6112ca89b09ea0ac640,gx-no-cache=1488556089566 HTTP/1.1" 200 7450
186.103.159.182 - - [03/Mar/2017:12:47:01 -0300] "POST /cormun/servlet/trsolicitudot?8d295ccf9cbef6112ca89b09ea0ac640,gx-no-cache=1488556091492 HTTP/1.1" 200 7129
186.103.159.182 - - [03/Mar/2017:12:47:02 -0300] "POST /cormun/servlet/trsolicitudot?8d295ccf9cbef6112ca89b09ea0ac640,gx-no-cache=1488556093227 HTTP/1.1" 200 7071
