186.103.157.98 - - [03/Mar/2017:12:19:48 -0300] "GET /cormun/servlet/solicitudot?37a4365caea35bff386b1e604b19574481d0e8871513ce9c07e226b578bc8c319e3b3196da67e8b69c249f513adae461118830a0e0c26c1f1cbdb542a28e2a0a49c827801ca29f52e609b1e76e5a44ff1629f5dba48b3693e5349408823ac69cf3a0f8462d9125438da0e041425fb2a8f4d4743274bf7ca03455098f5e4706d0162c9482ce62fe2482b09bd5ef3a5f3ed8fa343e6e417fc1798c123511c28ca6f5d26658edf8750007284e30c17d9db1,gx-no-cache=1488554461142 HTTP/1.1" 200 30
186.103.159.182 - - [03/Mar/2017:12:19:52 -0300] "GET /cormun/servlet/solicitudot?INS,0,0, HTTP/1.1" 200 12822
186.103.159.182 - - [03/Mar/2017:12:19:54 -0300] "GET /cormun/servlet/solicitudot?INS,0,0, HTTP/1.1" 200 12827
186.103.157.98 - - [03/Mar/2017:12:19:58 -0300] "POST /cormun/servlet/solicitudot?3d4b01d33a3b011e6cef28cb4d9cb60b,INS,0,0,,gx-no-cache=1488554470839 HTTP/1.1" 200 10683
186.103.157.98 - - [03/Mar/2017:12:19:58 -0300] "GET /cormun/static/Shared/jqueryui/images/ui-bg_highlight-soft_100_c6c2c8_1x100.png HTTP/1.1" 404 1117
186.103.157.98 - - [03/Mar/2017:12:19:58 -0300] "GET /cormun/static/Shared/jqueryui/images/ui-icons_82798d_256x240.png HTTP/1.1" 404 1089
186.103.157.98 - - [03/Mar/2017:12:19:58 -0300] "GET /cormun/static/Shared/jqueryui/images/ui-bg_flat_55_994d53_40x100.png HTTP/1.1" 404 1097
186.103.157.98 - - [03/Mar/2017:12:19:58 -0300] "GET /cormun/static/Shared/jqueryui/images/ui-icons_ebccce_256x240.png HTTP/1.1" 404 1089
186.103.159.182 - - [03/Mar/2017:12:20:02 -0300] "POST /cormun/servlet/solicitudot?gx-no-cache=1488554472377 HTTP/1.1" 200 3188
186.103.159.182 - - [03/Mar/2017:12:20:03 -0300] "POST /cormun/servlet/solicitudot?8d295ccf9cbef6112ca89b09ea0ac640,INS,0,0,,gx-no-cache=1488554473098 HTTP/1.1" 200 9963
186.103.159.182 - - [03/Mar/2017:12:20:09 -0300] "GET /cormun/servlet/solicitudot?7f0570b57a3f2aa593d372dba3f75d4f4f6355eb4afe8d3e625c88fc87cd89684b0ebcb258806735472d015063f08e03,gx-no-cache=1488554479948 HTTP/1.1" 200 30
186.103.159.182 - - [03/Mar/2017:12:20:09 -0300] "POST /cormun/servlet/solicitudot?gx-no-cache=1488554480035 HTTP/1.1" 200 255
186.103.159.182 - - [03/Mar/2017:12:20:09 -0300] "GET /cormun/servlet/solicitudot?7f0570b57a3f2aa593d372dba3f75d4f81cfd0d10793362e299add8f855f2b0516b3937ae3e0618c67a1f2ec57272511016bada567f0532b904cc9509d4fcac22d0cc0c60b159c3ec103da40692862da6dd05f237d0eb10864cf09a859357210c6bbb5483b10401697c0f4ed219ae94631c1a4e552844ab26b64e21f2e425b992be17eb0bc8d9910d582da60056ca4e0bd3e012315ee6dac8b573257d03c2df1d8352bb5e1e81d6b0dc9f9845fd504620f0abb7ea19f970b7bbfa2cd3d5bb3ec6b91bae290cfd64a7a52f82196059f89bac26c68b01047f8902cd4443a0c2d6c933057ce9f10dbba69aeb92f8f70d66d36160acb728a3f712bd2fcf6fcaef1673b56584ecbc6278dcfebd7a5248e3d4c69364622c677782821f63fafa069e1026af26c7e2163cbba38f321d3032e67e83b6b7e9e7e96fb7c32845b4fd37982120e83aee2d27a6b22b8940a1b08b2a720c6b6d5de19f08b1c61020c3d758e4effd140795e1e47616fefad5a7396183dac1dc39f01b4b0834e5656c7971aa69cc7,gx-no-cache=1488554480111 HTTP/1.1" 200 30
186.103.159.182 - - [03/Mar/2017:12:20:13 -0300] "POST /cormun/servlet/solicitudot?gx-no-cache=1488554483521 HTTP/1.1" 200 30
186.103.159.182 - - [03/Mar/2017:12:20:14 -0300] "POST /cormun/servlet/solicitudot?gx-no-cache=1488554484744 HTTP/1.1" 200 1291
186.103.159.182 - - [03/Mar/2017:12:20:14 -0300] "POST /cormun/servlet/solicitudot?gx-no-cache=1488554484869 HTTP/1.1" 200 38
186.103.159.182 - - [03/Mar/2017:12:20:19 -0300] "GET /cormun/servlet/solicitudot?7f0570b57a3f2aa593d372dba3f75d4f2cc0da48acb90217458d31b05a2c2d4d15873514a408a364106973242dfc5c95dcdd2a5eeca2c086db253891c888b56fd3afd2adea9aa6d79549cdf95f017a51ee52ee9c57bd463af6154c601097b9ee2aff692f160cb255d823720b68691ad18c16add61a8da17f6ad371c508fecab07b54cce3077978700dc21311b27160f03290d03132491fcf059aedb5f435184b,gx-no-cache=1488554490227 HTTP/1.1" 200 29
186.103.159.182 - - [03/Mar/2017:12:20:19 -0300] "POST /cormun/servlet/solicitudot?gx-no-cache=1488554490271 HTTP/1.1" 200 1273
186.103.159.182 - - [03/Mar/2017:12:20:19 -0300] "POST /cormun/servlet/solicitudot?gx-no-cache=1488554490345 HTTP/1.1" 200 1157
186.103.159.182 - - [03/Mar/2017:12:20:32 -0300] "GET /cormun/servlet/solicitudot?7f0570b57a3f2aa593d372dba3f75d4ff576c6a0d4ff9c8a2d1fa509ab377e178f6a506f45fb2be0bbb61a650ad518bd42da04a37897ef04fafeed3e95f5de78674cfdde6150e7a44c82ef2dd9a636281bbab0b7550694fa241c00b4dacd263eaeb73f70c501fc3ef79813b50d12b7e55836766d2cef77d50b55b9316b46a90eb80546faaecad6ce2ecf5ac10df2dc8ba717fccd54be3bf40d4ba70153895522301338ba0eb16c59648093106ae9db4f,gx-no-cache=1488554502460 HTTP/1.1" 200 30
186.103.159.182 - - [03/Mar/2017:12:20:47 -0300] "POST /cormun/servlet/solicitudot?8d295ccf9cbef6112ca89b09ea0ac640,INS,0,0,,gx-no-cache=1488554517380 HTTP/1.1" 200 93
186.103.159.182 - - [03/Mar/2017:12:20:47 -0300] "GET /cormun/servlet/hpexe_return? HTTP/1.1" 200 1006
186.103.159.182 - - [03/Mar/2017:12:20:48 -0300] "GET /cormun/servlet/trsolicitudot HTTP/1.1" 200 11835
186.103.159.182 - - [03/Mar/2017:12:20:50 -0300] "GET /cormun/servlet/trsolicitudot HTTP/1.1" 200 11830
200.54.247.69 - - [03/Mar/2017:12:20:50 -0300] "POST /cormun/servlet/licenciaspermisosadjuntos?be4222c3518f3b9b0c84b26a56ed565e,INS,14203518,L,20170303000000,, HTTP/1.1" 200 116
200.54.247.69 - - [03/Mar/2017:12:20:50 -0300] "GET /cormun/servlet/hpexe_return? HTTP/1.1" 200 1039
200.54.247.69 - - [03/Mar/2017:12:20:50 -0300] "GET /cormun/servlet/trlicenciaspermisosadjuntos?14203518,20170303000000,L, HTTP/1.1" 200 6807
200.54.247.69 - - [03/Mar/2017:12:20:51 -0300] "GET /cormun/PublicTempStorage/carolina_mu%F1oz227068.pdf HTTP/1.1" 200 741669
186.103.159.182 - - [03/Mar/2017:12:21:06 -0300] "GET /cormun/servlet/solicitudot?INS,0,0, HTTP/1.1" 200 12822
186.103.159.182 - - [03/Mar/2017:12:21:07 -0300] "GET /cormun/servlet/solicitudot?INS,0,0, HTTP/1.1" 200 12827
200.54.247.69 - - [03/Mar/2017:12:21:10 -0300] "POST /cormun/servlet/trlicenciaspermisosadjuntos?be4222c3518f3b9b0c84b26a56ed565e,14203518,20170303000000,L,,gx-no-cache=1488554540679 HTTP/1.1" 200 90
200.54.247.69 - - [03/Mar/2017:12:21:10 -0300] "GET /cormun/servlet/hpexe_link HTTP/1.1" 200 984
200.54.247.69 - - [03/Mar/2017:12:21:10 -0300] "GET /cormun/servlet/trlicencias HTTP/1.1" 200 8725
186.103.157.98 - - [03/Mar/2017:12:21:19 -0300] "GET /cormun/servlet/solicitudot?37a4365caea35bff386b1e604b1957444bd52ab18fa153eaeeb2501611decb79dc567f4510be3b230315d9b64f66bceb102295d305d4bd54d0f8ceb9d001cfa196e63041f4e97beeed0c910edcf83d85ede742ccf0bd86912ba24b129ce04328101a9b274e3aa3b3cfb7ab6693aaa7c30f84ce89a697d87f90002dab54e666a7a7847c464ffecfbf7f22343e80e040568f8e8b45cb13c4020996ab99615ca0b025e400de86aaf759434aeb09798e65d3e9b6cd248bf2af536167068369fcba70e5223bfe98dc569f6138b80e8e45de474bd36914f0db35011be1b9ab9cf5f4b8f652e43132c0890be58cbc08ef8a1142d321f1249793578d05cacb2e5cca2b0753036a346da0cb6ad589c857cb2941de23d7e3118f6ca7940ffe16ea90258121323fb1f52197bffbf125521b754ce359ccb0cb7331ed5091f4b421c01dcf9172c4fcf5ac597e9fca54aa986acb055f0ebf93188f2c820e6ffb10b0ffadcd6fdd72b8893e8db2a5ad01ae9580b30e84f2080fbbfc7800148b7be00b3cc5d53ff72eb3cba9552340208e44906b42a72f2a,gx-no-cache=1488554552058 HTTP/1.1" 200 30
186.103.157.98 - - [03/Mar/2017:12:21:19 -0300] "POST /cormun/servlet/solicitudot?gx-no-cache=1488554552208 HTTP/1.1" 200 30
186.103.157.98 - - [03/Mar/2017:12:21:19 -0300] "POST /cormun/servlet/solicitudot?gx-no-cache=1488554552307 HTTP/1.1" 200 657
186.103.157.98 - - [03/Mar/2017:12:21:19 -0300] "POST /cormun/servlet/solicitudot?gx-no-cache=1488554552405 HTTP/1.1" 200 41
186.103.157.98 - - [03/Mar/2017:12:21:19 -0300] "POST /cormun/servlet/solicitudot?gx-no-cache=1488554552480 HTTP/1.1" 200 643
186.103.157.98 - - [03/Mar/2017:12:21:19 -0300] "POST /cormun/servlet/solicitudot?gx-no-cache=1488554552540 HTTP/1.1" 200 520
186.103.157.98 - - [03/Mar/2017:12:21:19 -0300] "GET /cormun/servlet/solicitudot?37a4365caea35bff386b1e604b19574481d0e8871513ce9c07e226b578bc8c319e3b3196da67e8b69c249f513adae461118830a0e0c26c1f1cbdb542a28e2a0a49c827801ca29f52e609b1e76e5a44ff1629f5dba48b3693e5349408823ac69cf3a0f8462d9125438da0e041425fb2a8f4d4743274bf7ca03455098f5e4706d0162c9482ce62fe2482b09bd5ef3a5f3ed8fa343e6e417fc1798c123511c28ca6f5d26658edf8750007284e30c17d9db1,gx-no-cache=1488554552585 HTTP/1.1" 200 30
186.103.157.98 - - [03/Mar/2017:12:21:19 -0300] "POST /cormun/servlet/solicitudot?3d4b01d33a3b011e6cef28cb4d9cb60b,INS,0,0,,gx-no-cache=1488554552636 HTTP/1.1" 200 93
186.103.157.98 - - [03/Mar/2017:12:21:19 -0300] "GET /cormun/servlet/hpexe_return? HTTP/1.1" 200 1008
186.103.159.182 - - [03/Mar/2017:12:21:20 -0300] "POST /cormun/servlet/solicitudot?gx-no-cache=1488554549931 HTTP/1.1" 200 3187
186.103.157.98 - - [03/Mar/2017:12:21:20 -0300] "GET /cormun/servlet/trsolicitudot HTTP/1.1" 200 8236
186.103.159.182 - - [03/Mar/2017:12:21:20 -0300] "POST /cormun/servlet/solicitudot?8d295ccf9cbef6112ca89b09ea0ac640,INS,0,0,,gx-no-cache=1488554550653 HTTP/1.1" 200 9967
186.103.157.98 - - [03/Mar/2017:12:21:20 -0300] "GET /cormun/servlet/trsolicitudot HTTP/1.1" 200 8232
200.54.247.69 - - [03/Mar/2017:12:21:20 -0300] "GET /cormun/servlet/alicenciaprn?14203518,L,20170303000000,PU HTTP/1.1" 200 1568
186.103.159.182 - - [03/Mar/2017:12:21:26 -0300] "GET /cormun/servlet/solicitudot?7f0570b57a3f2aa593d372dba3f75d4f9391a8737bacc85b937b34ee1d65bb244b0ebcb258806735472d015063f08e03,gx-no-cache=1488554556700 HTTP/1.1" 200 30
186.103.159.182 - - [03/Mar/2017:12:21:26 -0300] "POST /cormun/servlet/solicitudot?gx-no-cache=1488554556827 HTTP/1.1" 200 255
186.103.159.182 - - [03/Mar/2017:12:21:26 -0300] "GET /cormun/servlet/solicitudot?7f0570b57a3f2aa593d372dba3f75d4f81cfd0d10793362e299add8f855f2b0516b3937ae3e0618c67a1f2ec57272511016bada567f0532b904cc9509d4fcac22d0cc0c60b159c3ec103da40692862da6dd05f237d0eb10864cf09a859357210c6bbb5483b10401697c0f4ed219ae94631c1a4e552844ab26b64e21f2e425b992be17eb0bc8d9910d582da60056ca4e0bd3e012315ee6dac8b573257d03c2df1d8352bb5e1e81d6b0dc9f9845fd504620f0abb7ea19f970b7bbfa2cd3d5bb3ec6b91bae290cfd64a7a52f82196059f89bac26c68b01047f8902cd4443a0c2d6c933057ce9f10dbba69aeb92f8f70d66d36160acb728a3f712bd2fcf6fcaef1673b56584ecbc6278dcfebd7a5248e3d4c69364622c677782821f63fafa069e1026af26c7e2163cbba38f321d3032e67e83b6b7e9e7e96fb7c32845b4fd37982120e83aee2d27a6b22b8940a1b08b2a720c6b6d5de19f08b1c61020c3d758e4effd140795e1e47616fefad5a7396183dac1dc39f01b4b0834e5656c7971aa69cc7,gx-no-cache=1488554556918 HTTP/1.1" 200 30
186.103.157.98 - - [03/Mar/2017:12:21:28 -0300] "POST /cormun/servlet/trsolicitudot?3d4b01d33a3b011e6cef28cb4d9cb60b,gx-no-cache=1488554561375 HTTP/1.1" 200 106
186.103.157.98 - - [03/Mar/2017:12:21:28 -0300] "GET /cormun/servlet/trsolicitudadjuntos?2017,5132, HTTP/1.1" 200 6108
186.103.157.98 - - [03/Mar/2017:12:21:28 -0300] "GET /cormun/static/gxcfg.js?201612218531388 HTTP/1.1" 200 953
186.103.157.98 - - [03/Mar/2017:12:21:28 -0300] "GET /cormun/static/trsolicitudadjuntos.js?201612218531657 HTTP/1.1" 200 17913
186.103.157.98 - - [03/Mar/2017:12:21:28 -0300] "GET /cormun/servlet/trsolicitudadjuntos?2017,5132, HTTP/1.1" 200 6107
186.103.159.182 - - [03/Mar/2017:12:21:30 -0300] "POST /cormun/servlet/solicitudot?gx-no-cache=1488554560633 HTTP/1.1" 200 30
186.103.157.98 - - [03/Mar/2017:12:21:32 -0300] "GET /cormun/servlet/trsolicitudot HTTP/1.1" 200 8236
186.103.159.182 - - [03/Mar/2017:12:21:32 -0300] "POST /cormun/servlet/solicitudot?gx-no-cache=1488554562793 HTTP/1.1" 200 1291
186.103.159.182 - - [03/Mar/2017:12:21:32 -0300] "POST /cormun/servlet/solicitudot?gx-no-cache=1488554562909 HTTP/1.1" 200 38
186.103.157.98 - - [03/Mar/2017:12:21:32 -0300] "GET /cormun/servlet/trsolicitudot HTTP/1.1" 200 8232
186.103.159.182 - - [03/Mar/2017:12:21:37 -0300] "GET /cormun/servlet/solicitudot?7f0570b57a3f2aa593d372dba3f75d4f2cc0da48acb90217458d31b05a2c2d4d15873514a408a364106973242dfc5c95dcdd2a5eeca2c086db253891c888b56fd3afd2adea9aa6d79549cdf95f017a51ee52ee9c57bd463af6154c601097b9ee2aff692f160cb255d823720b68691ad18c16add61a8da17f6ad371c508fecab07b54cce3077978700dc21311b27160f03290d03132491fcf059aedb5f435184b,gx-no-cache=1488554568324 HTTP/1.1" 200 29
186.103.159.182 - - [03/Mar/2017:12:21:37 -0300] "POST /cormun/servlet/solicitudot?gx-no-cache=1488554568374 HTTP/1.1" 200 1273
186.103.159.182 - - [03/Mar/2017:12:21:38 -0300] "POST /cormun/servlet/solicitudot?gx-no-cache=1488554568460 HTTP/1.1" 200 1157
186.103.159.46 - - [03/Mar/2017:12:21:40 -0300] "POST /cormun/servlet/trpermisosgoce?f5027b9bb25d32886dc8101606e05b48,,gx-no-cache=1488554568065 HTTP/1.1" 200 6443
186.103.159.182 - - [03/Mar/2017:12:21:44 -0300] "GET /cormun/servlet/solicitudot?7f0570b57a3f2aa593d372dba3f75d4ffe574cff877abe78383e01d208f490c83f8901dddb9f137a8e30a1b5002419d742da04a37897ef04fafeed3e95f5de78674cfdde6150e7a44c82ef2dd9a636281bbab0b7550694fa241c00b4dacd263eaeb73f70c501fc3ef79813b50d12b7e55836766d2cef77d50b55b9316b46a90eb80546faaecad6ce2ecf5ac10df2dc8ba717fccd54be3bf40d4ba70153895522301338ba0eb16c59648093106ae9db4f,gx-no-cache=1488554575238 HTTP/1.1" 200 30
186.103.159.46 - - [03/Mar/2017:12:21:45 -0300] "POST /cormun/servlet/trpermisosgoce?f5027b9bb25d32886dc8101606e05b48,,gx-no-cache=1488554572637 HTTP/1.1" 200 6446
186.103.159.46 - - [03/Mar/2017:12:21:50 -0300] "GET /cormun/servlet/apermisogoceprn?17458217,P,20170302095823,PU HTTP/1.1" 200 1572
186.103.157.98 - - [03/Mar/2017:12:21:50 -0300] "POST /cormun/servlet/trsolicitudot?3d4b01d33a3b011e6cef28cb4d9cb60b,gx-no-cache=1488554582992 HTTP/1.1" 200 106
186.103.157.98 - - [03/Mar/2017:12:21:50 -0300] "GET /cormun/servlet/trsolicitudadjuntos?2017,5132, HTTP/1.1" 200 6108
186.103.157.98 - - [03/Mar/2017:12:21:50 -0300] "GET /cormun/servlet/trsolicitudadjuntos?2017,5132, HTTP/1.1" 200 6107
186.103.157.98 - - [03/Mar/2017:12:21:53 -0300] "GET /cormun/servlet/solicitudotadjuntos?INS,2017,5132,,1, HTTP/1.1" 200 6040
186.103.157.98 - - [03/Mar/2017:12:21:53 -0300] "GET /cormun/static/gxcfg.js?201612218465951 HTTP/1.1" 200 953
186.103.157.98 - - [03/Mar/2017:12:21:53 -0300] "GET /cormun/static/solicitudotadjuntos.js?201612218465969 HTTP/1.1" 200 11762
186.103.157.98 - - [03/Mar/2017:12:21:53 -0300] "GET /cormun/static/about:blank HTTP/1.1" 404 1011
186.103.157.98 - - [03/Mar/2017:12:21:53 -0300] "GET /cormun/servlet/solicitudotadjuntos?INS,2017,5132,,1, HTTP/1.1" 200 6033
186.103.157.98 - - [03/Mar/2017:12:21:54 -0300] "GET /cormun/servlet/solicitudotadjuntos?37a4365caea35bff386b1e604b19574461817fea69529462ce4d909f00ed5b1cbecc8fbcf8a65789e9e9536e7541393b,gx-no-cache=1488554587092 HTTP/1.1" 200 30
186.103.157.98 - - [03/Mar/2017:12:21:54 -0300] "POST /cormun/servlet/solicitudotadjuntos?3d4b01d33a3b011e6cef28cb4d9cb60b,INS,2017,5132,,1,,gx-no-cache=1488554587167 HTTP/1.1" 200 3832
186.103.157.98 - - [03/Mar/2017:12:21:57 -0300] "POST /cormun/servlet/solicitudotadjuntos?gx-no-cache=1488554590293 HTTP/1.1" 200 26
186.103.159.182 - - [03/Mar/2017:12:21:57 -0300] "POST /cormun/servlet/solicitudot?8d295ccf9cbef6112ca89b09ea0ac640,INS,0,0,,gx-no-cache=1488554587817 HTTP/1.1" 200 93
186.103.159.182 - - [03/Mar/2017:12:21:57 -0300] "GET /cormun/servlet/hpexe_return? HTTP/1.1" 200 1006
186.103.159.182 - - [03/Mar/2017:12:21:58 -0300] "GET /cormun/servlet/trsolicitudot HTTP/1.1" 200 12176
186.103.159.182 - - [03/Mar/2017:12:22:00 -0300] "GET /cormun/servlet/trsolicitudot HTTP/1.1" 200 12172
200.54.247.69 - - [03/Mar/2017:12:23:06 -0300] "GET /cormun/servlet/alicenciaprn?15105485,L,20170303000000,PU HTTP/1.1" 200 1569
200.54.247.69 - - [03/Mar/2017:12:23:09 -0300] "GET /cormun/servlet/alicenciaprn?15105485,L,20170303000000,PU HTTP/1.1" 200 1568
200.54.247.69 - - [03/Mar/2017:12:23:13 -0300] "GET /cormun/servlet/alicenciaprn?15105485,L,20170303000000,PU HTTP/1.1" 200 1568
200.54.247.69 - - [03/Mar/2017:12:23:15 -0300] "GET /cormun/servlet/alicenciaprn?15105485,L,20170303000000,PU HTTP/1.1" 200 1567
200.54.247.69 - - [03/Mar/2017:12:23:16 -0300] "GET /cormun/servlet/alicenciaprn?15105485,L,20170303000000,PU HTTP/1.1" 200 1569
200.54.247.69 - - [03/Mar/2017:12:23:23 -0300] "GET /cormun/servlet/alicenciaprn?15105485,L,20170303000000,PU HTTP/1.1" 200 1566
200.54.247.69 - - [03/Mar/2017:12:23:26 -0300] "GET /cormun/servlet/alicenciaprn?15105485,L,20170303000000,PU HTTP/1.1" 200 1569
200.54.247.69 - - [03/Mar/2017:12:23:26 -0300] "GET /cormun/servlet/alicenciaprn?15105485,L,20170303000000,PU HTTP/1.1" 200 1569
200.54.247.69 - - [03/Mar/2017:12:23:27 -0300] "GET /cormun/servlet/alicenciaprn?15105485,L,20170303000000,PU HTTP/1.1" 200 1567
200.54.247.69 - - [03/Mar/2017:12:23:28 -0300] "GET /cormun/servlet/alicenciaprn?15105485,L,20170303000000,PU HTTP/1.1" 200 1567
186.103.159.46 - - [03/Mar/2017:12:23:30 -0300] "GET /cormun/servlet/apermisogoceprn?12515426,P,20170302162133,PU HTTP/1.1" 200 1567
200.54.247.69 - - [03/Mar/2017:12:23:45 -0300] "GET /cormun/servlet/alicenciaprn?15105485,L,20170303000000,PU HTTP/1.1" 200 1568
200.54.247.69 - - [03/Mar/2017:12:23:55 -0300] "POST /cormun/servlet/trlicencias?be4222c3518f3b9b0c84b26a56ed565e,gx-no-cache=1488554705303 HTTP/1.1" 200 5827
200.54.247.69 - - [03/Mar/2017:12:23:55 -0300] "GET /cormun/static/Shared/jqueryui/images/ui-bg_highlight-soft_100_c6c2c8_1x100.png HTTP/1.1" 404 1117
200.54.247.69 - - [03/Mar/2017:12:23:55 -0300] "GET /cormun/static/Shared/jqueryui/images/ui-icons_8d78a5_256x240.png HTTP/1.1" 404 1089
200.54.247.69 - - [03/Mar/2017:12:23:55 -0300] "GET /cormun/static/Shared/jqueryui/images/ui-icons_82798d_256x240.png HTTP/1.1" 404 1089
200.54.247.69 - - [03/Mar/2017:12:23:55 -0300] "GET /cormun/static/Shared/jqueryui/images/ui-bg_flat_55_fafafa_40x100.png HTTP/1.1" 404 1097
200.54.247.69 - - [03/Mar/2017:12:24:00 -0300] "POST /cormun/servlet/trlicencias?be4222c3518f3b9b0c84b26a56ed565e,gx-no-cache=1488554711150 HTTP/1.1" 200 5423
200.54.247.69 - - [03/Mar/2017:12:24:07 -0300] "GET /cormun/servlet/alicenciaprn?15806390,L,20170301000000,PU HTTP/1.1" 200 1575
200.54.247.69 - - [03/Mar/2017:12:24:12 -0300] "GET /cormun/servlet/alicenciaprn?15806390,L,20170301000000,PU HTTP/1.1" 200 1574
200.54.247.69 - - [03/Mar/2017:12:24:13 -0300] "POST /cormun/servlet/trlicencias?be4222c3518f3b9b0c84b26a56ed565e,gx-no-cache=1488554723928 HTTP/1.1" 200 4254
192.168.10.62 - - [03/Mar/2017:12:24:37 -0300] "POST /cormun/servlet/trsolicitudgral?fff5d73cefe7823a98abf3e53052c316,gx-no-cache=1488557962714 HTTP/1.1" 200 5153
192.168.10.62 - - [03/Mar/2017:12:24:37 -0300] "GET /cormun/static/Shared/jqueryui/images/ui-bg_highlight-soft_100_c6c2c8_1x100.png HTTP/1.1" 404 1117
192.168.10.62 - - [03/Mar/2017:12:24:37 -0300] "GET /cormun/static/Shared/jqueryui/images/ui-icons_82798d_256x240.png HTTP/1.1" 404 1089
192.168.10.62 - - [03/Mar/2017:12:24:37 -0300] "GET /cormun/static/Shared/jqueryui/images/ui-bg_flat_55_fafafa_40x100.png HTTP/1.1" 404 1097
192.168.10.62 - - [03/Mar/2017:12:24:37 -0300] "GET /cormun/static/Shared/jqueryui/images/ui-icons_8d78a5_256x240.png HTTP/1.1" 404 1089
186.103.157.98 - - [03/Mar/2017:12:25:16 -0300] "GET /cormun/servlet/solicitudotadjuntos?37a4365caea35bff386b1e604b1957441564737c530ed6511f5045bfdd8bacbb,gx-no-cache=1488554788951 HTTP/1.1" 200 30
186.103.157.98 - - [03/Mar/2017:12:25:16 -0300] "GET /cormun/servlet/solicitudotadjuntos?37a4365caea35bff386b1e604b1957441564737c530ed6511f5045bfdd8bacbb,gx-no-cache=1488554789016 HTTP/1.1" 200 30
186.103.157.98 - - [03/Mar/2017:12:25:16 -0300] "POST /cormun/servlet/solicitudotadjuntos?3d4b01d33a3b011e6cef28cb4d9cb60b,INS,2017,5132,,1, HTTP/1.1" 200 116
186.103.157.98 - - [03/Mar/2017:12:25:16 -0300] "GET /cormun/servlet/hpexe_return? HTTP/1.1" 200 1027
186.103.157.98 - - [03/Mar/2017:12:25:16 -0300] "GET /cormun/servlet/trsolicitudadjuntos?2017,5132, HTTP/1.1" 200 8242
186.103.157.98 - - [03/Mar/2017:12:25:17 -0300] "GET /cormun/servlet/trsolicitudadjuntos?2017,5132, HTTP/1.1" 200 8237
186.103.157.98 - - [03/Mar/2017:12:25:22 -0300] "GET /cormun/servlet/solicitudotadjuntos?INS,2017,5132,,1, HTTP/1.1" 200 6040
186.103.157.98 - - [03/Mar/2017:12:25:22 -0300] "GET /cormun/static/about:blank HTTP/1.1" 404 1011
186.103.157.98 - - [03/Mar/2017:12:25:22 -0300] "GET /cormun/servlet/solicitudotadjuntos?INS,2017,5132,,1, HTTP/1.1" 200 6034
186.103.157.98 - - [03/Mar/2017:12:25:23 -0300] "GET /cormun/servlet/solicitudotadjuntos?37a4365caea35bff386b1e604b19574461817fea69529462ce4d909f00ed5b1cbecc8fbcf8a65789e9e9536e7541393b,gx-no-cache=1488554795924 HTTP/1.1" 200 30
186.103.157.98 - - [03/Mar/2017:12:25:23 -0300] "POST /cormun/servlet/solicitudotadjuntos?3d4b01d33a3b011e6cef28cb4d9cb60b,INS,2017,5132,,1,,gx-no-cache=1488554795974 HTTP/1.1" 200 3832
186.103.157.98 - - [03/Mar/2017:12:25:24 -0300] "POST /cormun/servlet/solicitudotadjuntos?gx-no-cache=1488554797646 HTTP/1.1" 200 26
186.103.157.98 - - [03/Mar/2017:12:25:37 -0300] "POST /cormun/servlet/solicitudotadjuntos?gx-no-cache=1488554809944 HTTP/1.1" 200 26
186.103.159.182 - - [03/Mar/2017:12:25:47 -0300] "POST /cormun/servlet/trsolicitudot?8d295ccf9cbef6112ca89b09ea0ac640,gx-no-cache=1488554817245 HTTP/1.1" 200 105
186.103.159.182 - - [03/Mar/2017:12:25:47 -0300] "GET /cormun/servlet/solicitudot?UPD,2017,5120, HTTP/1.1" 200 14524
186.103.159.182 - - [03/Mar/2017:12:25:49 -0300] "GET /cormun/servlet/solicitudot?UPD,2017,5120, HTTP/1.1" 200 14533
186.103.159.182 - - [03/Mar/2017:12:25:50 -0300] "POST /cormun/servlet/solicitudot?gx-no-cache=1488554820604 HTTP/1.1" 200 3182
200.54.247.69 - - [03/Mar/2017:12:25:50 -0300] "GET /cormun/servlet/trlicencias? HTTP/1.1" 200 6836
186.103.159.182 - - [03/Mar/2017:12:25:50 -0300] "POST /cormun/servlet/solicitudot?8d295ccf9cbef6112ca89b09ea0ac640,UPD,2017,5120,,gx-no-cache=1488554820945 HTTP/1.1" 200 11069
186.103.159.182 - - [03/Mar/2017:12:25:50 -0300] "GET /cormun/servlet/solicitudot?7f0570b57a3f2aa593d372dba3f75d4fd1a5dc066a1751075de002b31d0d99614550abdd71bc6705da1a1525448bc455,gx-no-cache=1488554821390 HTTP/1.1" 200 30
186.103.159.182 - - [03/Mar/2017:12:25:51 -0300] "POST /cormun/servlet/solicitudot?gx-no-cache=1488554821499 HTTP/1.1" 200 256
186.103.159.182 - - [03/Mar/2017:12:25:51 -0300] "GET /cormun/servlet/solicitudot?7f0570b57a3f2aa593d372dba3f75d4f81cfd0d10793362e299add8f855f2b0516b3937ae3e0618c67a1f2ec57272511016bada567f0532b904cc9509d4fcac22d0cc0c60b159c3ec103da40692862da6dd05f237d0eb10864cf09a859357210c6bbb5483b10401697c0f4ed219ae94631c1a4e552844ab26b64e21f2e425b992be17eb0bc8d9910d582da60056ca4e0bd3e012315ee6dac8b573257d03c2df1d8352bb5e1e81d6b0dc9f9845fd504620f0abb7ea19f970b7bbfa2cd3d5bb3ec6b91bae290cfd64a7a52f82196059f89bac26c68b01047f8902cd4443a0c2d6c933057ce9f10dbba69aeb92f8f70d66d36160acb728a3f712bd2fcf6fcaef1673b56584ecbc6278dcfebd7a5248e3d4c69364622c677782821f63fafa069e1026af26c7e2163cbba38f321d3032e67e83b6b7e9e7e96fb7c32845b4fd37982120e83aee2d27a6b22b8940a1b08b2a720c6b6d5de19f08b1c61020c3d758e4effd140795e1e47616fefad5a7396183daccdef1797cf2f04036e5c588f96fbcaf8,gx-no-cache=1488554821575 HTTP/1.1" 200 30
186.103.159.182 - - [03/Mar/2017:12:25:51 -0300] "POST /cormun/servlet/solicitudot?gx-no-cache=1488554821712 HTTP/1.1" 200 30
186.103.159.182 - - [03/Mar/2017:12:25:51 -0300] "POST /cormun/servlet/solicitudot?gx-no-cache=1488554821772 HTTP/1.1" 200 1290
186.103.159.182 - - [03/Mar/2017:12:25:51 -0300] "POST /cormun/servlet/solicitudot?gx-no-cache=1488554822133 HTTP/1.1" 200 41
186.103.157.98 - - [03/Mar/2017:12:25:52 -0300] "GET /cormun/servlet/solicitudotadjuntos?37a4365caea35bff386b1e604b1957441564737c530ed6511f5045bfdd8bacbb,gx-no-cache=1488554825271 HTTP/1.1" 200 30
186.103.157.98 - - [03/Mar/2017:12:25:52 -0300] "GET /cormun/servlet/solicitudotadjuntos?37a4365caea35bff386b1e604b1957441564737c530ed6511f5045bfdd8bacbb,gx-no-cache=1488554825336 HTTP/1.1" 200 30
186.103.159.182 - - [03/Mar/2017:12:25:53 -0300] "GET /cormun/servlet/solicitudot?7f0570b57a3f2aa593d372dba3f75d4f8b0243bd4afb9b03e933132a3db034cd34344d9e0d593950b43edf7a6484f9fe6546b10e95429118032bd567a4a6ac5a6286ca91c5b6b5bf9bce7b3b64311745bc8fadde0ed9617a692a5c1687a3c5d44caedf6351012d53f653f0b36ab02b4d18c8ede8fe8d20769fee6d73d8d17b0a0f3b21dccf13de59ec626df3d8efe993796dd0ab3d42ef8ba2e9ba54fec29ee2,gx-no-cache=1488554823526 HTTP/1.1" 200 29
186.103.159.182 - - [03/Mar/2017:12:25:53 -0300] "POST /cormun/servlet/solicitudot?gx-no-cache=1488554823601 HTTP/1.1" 200 1273
186.103.159.182 - - [03/Mar/2017:12:25:53 -0300] "POST /cormun/servlet/solicitudot?gx-no-cache=1488554823758 HTTP/1.1" 200 1157
186.103.157.98 - - [03/Mar/2017:12:25:53 -0300] "POST /cormun/servlet/solicitudotadjuntos?3d4b01d33a3b011e6cef28cb4d9cb60b,INS,2017,5132,,1, HTTP/1.1" 200 116
186.103.157.98 - - [03/Mar/2017:12:25:53 -0300] "GET /cormun/servlet/hpexe_return? HTTP/1.1" 200 1027
186.103.157.98 - - [03/Mar/2017:12:25:54 -0300] "GET /cormun/servlet/trsolicitudadjuntos?2017,5132, HTTP/1.1" 200 8433
186.103.157.98 - - [03/Mar/2017:12:25:54 -0300] "GET /cormun/servlet/trsolicitudadjuntos?2017,5132, HTTP/1.1" 200 8431
186.103.157.98 - - [03/Mar/2017:12:25:57 -0300] "GET /cormun/servlet/solicitudotadjuntos?INS,2017,5132,,1, HTTP/1.1" 200 6040
186.103.157.98 - - [03/Mar/2017:12:25:57 -0300] "GET /cormun/static/about:blank HTTP/1.1" 404 1011
186.103.157.98 - - [03/Mar/2017:12:25:57 -0300] "GET /cormun/servlet/solicitudotadjuntos?INS,2017,5132,,1, HTTP/1.1" 200 6034
186.103.157.98 - - [03/Mar/2017:12:25:57 -0300] "GET /cormun/servlet/solicitudotadjuntos?37a4365caea35bff386b1e604b19574461817fea69529462ce4d909f00ed5b1cbecc8fbcf8a65789e9e9536e7541393b,gx-no-cache=1488554830830 HTTP/1.1" 200 30
186.103.157.98 - - [03/Mar/2017:12:25:58 -0300] "POST /cormun/servlet/solicitudotadjuntos?3d4b01d33a3b011e6cef28cb4d9cb60b,INS,2017,5132,,1,,gx-no-cache=1488554830947 HTTP/1.1" 200 3832
200.54.247.69 - - [03/Mar/2017:12:26:00 -0300] "POST /cormun/servlet/trlicencias?be4222c3518f3b9b0c84b26a56ed565e,,gx-no-cache=1488554831208 HTTP/1.1" 200 4088
186.103.157.98 - - [03/Mar/2017:12:26:01 -0300] "POST /cormun/servlet/solicitudotadjuntos?gx-no-cache=1488554834738 HTTP/1.1" 200 26
186.103.159.182 - - [03/Mar/2017:12:26:06 -0300] "GET /cormun/servlet/solicitudot?7f0570b57a3f2aa593d372dba3f75d4f7d6555ca6880816de6173c13f832d6b627e85636d5986003a3c49e480856ee3d1215d38596b99c16bb4921bea4228e9d63191190f775187eef00a736e46072a75762e2aaf1a0e6dc2a98108616562198fe14f76b0fb7e6738ece0515179feb4b18c8ede8fe8d20769fee6d73d8d17b0a28496af25b66ec6843e0242a537b5931279adb03777e2e6435ce92bcfd70e417d4b1346896460a67dda833be17272af9,gx-no-cache=1488554837307 HTTP/1.1" 200 32
186.103.159.182 - - [03/Mar/2017:12:26:07 -0300] "POST /cormun/servlet/solicitudot?8d295ccf9cbef6112ca89b09ea0ac640,UPD,2017,5120,,gx-no-cache=1488554837385 HTTP/1.1" 200 11342
186.103.159.182 - - [03/Mar/2017:12:26:07 -0300] "GET /cormun/static/Shared/jqueryui/images/ui-bg_highlight-soft_100_c6c2c8_1x100.png HTTP/1.1" 404 1117
186.103.159.182 - - [03/Mar/2017:12:26:08 -0300] "GET /cormun/static/Shared/jqueryui/images/ui-icons_ebccce_256x240.png HTTP/1.1" 404 1089
186.103.159.182 - - [03/Mar/2017:12:26:08 -0300] "GET /cormun/static/Shared/jqueryui/images/ui-bg_flat_55_994d53_40x100.png HTTP/1.1" 404 1097
186.103.159.182 - - [03/Mar/2017:12:26:08 -0300] "GET /cormun/static/Shared/jqueryui/images/ui-icons_82798d_256x240.png HTTP/1.1" 404 1089
200.54.247.69 - - [03/Mar/2017:12:26:11 -0300] "GET /cormun/servlet/trlicencias? HTTP/1.1" 200 6836
186.103.157.98 - - [03/Mar/2017:12:26:16 -0300] "GET /cormun/servlet/solicitudotadjuntos?37a4365caea35bff386b1e604b1957441564737c530ed6511f5045bfdd8bacbb,gx-no-cache=1488554849353 HTTP/1.1" 200 30
186.103.157.98 - - [03/Mar/2017:12:26:16 -0300] "GET /cormun/servlet/solicitudotadjuntos?37a4365caea35bff386b1e604b1957441564737c530ed6511f5045bfdd8bacbb,gx-no-cache=1488554849429 HTTP/1.1" 200 30
186.103.157.98 - - [03/Mar/2017:12:26:17 -0300] "POST /cormun/servlet/solicitudotadjuntos?3d4b01d33a3b011e6cef28cb4d9cb60b,INS,2017,5132,,1, HTTP/1.1" 200 116
186.103.157.98 - - [03/Mar/2017:12:26:17 -0300] "GET /cormun/servlet/hpexe_return? HTTP/1.1" 200 1027
186.103.157.98 - - [03/Mar/2017:12:26:17 -0300] "GET /cormun/servlet/trsolicitudadjuntos?2017,5132, HTTP/1.1" 200 8567
186.103.157.98 - - [03/Mar/2017:12:26:18 -0300] "GET /cormun/servlet/trsolicitudadjuntos?2017,5132, HTTP/1.1" 200 8567
200.54.247.69 - - [03/Mar/2017:12:26:18 -0300] "POST /cormun/servlet/trlicencias?be4222c3518f3b9b0c84b26a56ed565e,,gx-no-cache=1488554848714 HTTP/1.1" 200 4087
200.54.247.69 - - [03/Mar/2017:12:26:21 -0300] "POST /cormun/servlet/trlicencias?be4222c3518f3b9b0c84b26a56ed565e,,gx-no-cache=1488554851997 HTTP/1.1" 200 4087
186.79.168.199 - - [03/Mar/2017:12:26:50 -0300] "POST /cormun/servlet/trpermisosgoce?1a4973efbe81de76b18a923fabc5ba6c,gx-no-cache=1488554746075 HTTP/1.1" 200 5141
186.79.168.199 - - [03/Mar/2017:12:26:53 -0300] "POST /cormun/servlet/trpermisosgoce?1a4973efbe81de76b18a923fabc5ba6c,gx-no-cache=1488554749484 HTTP/1.1" 200 5141
186.103.157.98 - - [03/Mar/2017:12:27:00 -0300] "GET /cormun/servlet/solicitudotadjuntos?INS,2017,5132,,1, HTTP/1.1" 200 6040
186.103.157.98 - - [03/Mar/2017:12:27:00 -0300] "GET /cormun/static/about:blank HTTP/1.1" 404 1011
186.103.157.98 - - [03/Mar/2017:12:27:00 -0300] "GET /cormun/servlet/solicitudotadjuntos?INS,2017,5132,,1, HTTP/1.1" 200 6033
186.103.157.98 - - [03/Mar/2017:12:27:01 -0300] "GET /cormun/servlet/solicitudotadjuntos?37a4365caea35bff386b1e604b19574461817fea69529462ce4d909f00ed5b1cbecc8fbcf8a65789e9e9536e7541393b,gx-no-cache=1488554893891 HTTP/1.1" 200 30
186.103.157.98 - - [03/Mar/2017:12:27:01 -0300] "POST /cormun/servlet/solicitudotadjuntos?3d4b01d33a3b011e6cef28cb4d9cb60b,INS,2017,5132,,1,,gx-no-cache=1488554893978 HTTP/1.1" 200 3832
186.79.168.199 - - [03/Mar/2017:12:27:11 -0300] "POST /cormun/servlet/trpermisosgoce?1a4973efbe81de76b18a923fabc5ba6c,gx-no-cache=1488554767442 HTTP/1.1" 200 5163
186.79.168.199 - - [03/Mar/2017:12:27:16 -0300] "POST /cormun/servlet/trpermisosgoce?1a4973efbe81de76b18a923fabc5ba6c,gx-no-cache=1488554772261 HTTP/1.1" 200 3871
186.103.157.98 - - [03/Mar/2017:12:27:18 -0300] "POST /cormun/servlet/solicitudotadjuntos?gx-no-cache=1488554911831 HTTP/1.1" 200 26
186.79.168.199 - - [03/Mar/2017:12:27:21 -0300] "POST /cormun/servlet/trpermisosgoce?1a4973efbe81de76b18a923fabc5ba6c,gx-no-cache=1488554777194 HTTP/1.1" 200 3869
186.79.168.199 - - [03/Mar/2017:12:27:25 -0300] "POST /cormun/servlet/trpermisosgoce?1a4973efbe81de76b18a923fabc5ba6c,gx-no-cache=1488554780752 HTTP/1.1" 200 3874
186.79.168.199 - - [03/Mar/2017:12:27:32 -0300] "POST /cormun/servlet/acontrolpreferencessavestate?None,CD-16,true HTTP/1.1" 200 35
186.79.168.199 - - [03/Mar/2017:12:27:34 -0300] "POST /cormun/servlet/acontrolpreferencessavestate?None,CD-16,true HTTP/1.1" 200 35
186.103.157.98 - - [03/Mar/2017:12:27:39 -0300] "GET /cormun/servlet/solicitudotadjuntos?37a4365caea35bff386b1e604b1957441564737c530ed6511f5045bfdd8bacbb,gx-no-cache=1488554932321 HTTP/1.1" 200 30
186.103.157.98 - - [03/Mar/2017:12:27:39 -0300] "GET /cormun/servlet/solicitudotadjuntos?37a4365caea35bff386b1e604b1957441564737c530ed6511f5045bfdd8bacbb,gx-no-cache=1488554932452 HTTP/1.1" 200 30
186.103.157.98 - - [03/Mar/2017:12:27:41 -0300] "POST /cormun/servlet/solicitudotadjuntos?3d4b01d33a3b011e6cef28cb4d9cb60b,INS,2017,5132,,1, HTTP/1.1" 200 116
186.103.157.98 - - [03/Mar/2017:12:27:41 -0300] "GET /cormun/servlet/hpexe_return? HTTP/1.1" 200 1027
186.103.157.98 - - [03/Mar/2017:12:27:41 -0300] "GET /cormun/servlet/trsolicitudadjuntos?2017,5132, HTTP/1.1" 200 8698
186.103.157.98 - - [03/Mar/2017:12:27:42 -0300] "GET /cormun/servlet/trsolicitudadjuntos?2017,5132, HTTP/1.1" 200 8698
200.54.247.69 - - [03/Mar/2017:12:27:47 -0300] "GET /cormun/servlet/trlicencias? HTTP/1.1" 200 6836
186.79.168.199 - - [03/Mar/2017:12:27:49 -0300] "GET /cormun/servlet/trcontratoobservacion? HTTP/1.1" 200 7652
186.79.168.199 - - [03/Mar/2017:12:27:49 -0300] "GET /cormun/static/gxcfg.js?20161221855213 HTTP/1.1" 200 953
186.103.157.98 - - [03/Mar/2017:12:27:49 -0300] "GET /cormun/servlet/solicitudotadjuntos?INS,2017,5132,,1, HTTP/1.1" 200 6038
186.79.168.199 - - [03/Mar/2017:12:27:49 -0300] "GET /cormun/static/trcontratoobservacion.js?20161221855487 HTTP/1.1" 200 25085
186.103.157.98 - - [03/Mar/2017:12:27:50 -0300] "GET /cormun/static/about:blank HTTP/1.1" 404 1011
186.103.157.98 - - [03/Mar/2017:12:27:50 -0300] "GET /cormun/servlet/solicitudotadjuntos?INS,2017,5132,,1, HTTP/1.1" 200 6032
186.103.157.98 - - [03/Mar/2017:12:27:50 -0300] "GET /cormun/servlet/solicitudotadjuntos?37a4365caea35bff386b1e604b19574461817fea69529462ce4d909f00ed5b1cbecc8fbcf8a65789e9e9536e7541393b,gx-no-cache=1488554943667 HTTP/1.1" 200 30
186.103.157.98 - - [03/Mar/2017:12:27:51 -0300] "POST /cormun/servlet/solicitudotadjuntos?3d4b01d33a3b011e6cef28cb4d9cb60b,INS,2017,5132,,1,,gx-no-cache=1488554943804 HTTP/1.1" 200 3831
186.79.168.199 - - [03/Mar/2017:12:27:52 -0300] "GET /cormun/servlet/trcontratoobservacion? HTTP/1.1" 200 7652
186.103.157.98 - - [03/Mar/2017:12:27:56 -0300] "POST /cormun/servlet/solicitudotadjuntos?gx-no-cache=1488554949041 HTTP/1.1" 200 26
200.54.247.69 - - [03/Mar/2017:12:28:09 -0300] "GET /cormun/static/menuarrow.gif HTTP/1.1" 404 1015
186.79.168.199 - - [03/Mar/2017:12:28:13 -0300] "GET /cormun/servlet/trvisualizadoreventos? HTTP/1.1" 200 6505
200.54.247.69 - - [03/Mar/2017:12:28:14 -0300] "POST /cormun/servlet/trlicencias?be4222c3518f3b9b0c84b26a56ed565e,,gx-no-cache=1488554964882 HTTP/1.1" 200 4087
186.79.168.199 - - [03/Mar/2017:12:28:15 -0300] "GET /cormun/servlet/trvisualizadoreventos? HTTP/1.1" 200 6505
186.79.168.199 - - [03/Mar/2017:12:28:19 -0300] "GET /cormun/servlet/trpermisosgoce? HTTP/1.1" 200 6537
186.103.157.98 - - [03/Mar/2017:12:28:19 -0300] "GET /cormun/servlet/solicitudotadjuntos?37a4365caea35bff386b1e604b1957441564737c530ed6511f5045bfdd8bacbb,gx-no-cache=1488554972353 HTTP/1.1" 200 30
186.103.157.98 - - [03/Mar/2017:12:28:19 -0300] "GET /cormun/servlet/solicitudotadjuntos?37a4365caea35bff386b1e604b1957441564737c530ed6511f5045bfdd8bacbb,gx-no-cache=1488554972463 HTTP/1.1" 200 30
186.103.157.98 - - [03/Mar/2017:12:28:20 -0300] "POST /cormun/servlet/solicitudotadjuntos?3d4b01d33a3b011e6cef28cb4d9cb60b,INS,2017,5132,,1, HTTP/1.1" 200 116
186.103.157.98 - - [03/Mar/2017:12:28:20 -0300] "GET /cormun/servlet/hpexe_return? HTTP/1.1" 200 1027
186.103.157.98 - - [03/Mar/2017:12:28:20 -0300] "GET /cormun/servlet/trsolicitudadjuntos?2017,5132, HTTP/1.1" 200 8921
186.79.168.199 - - [03/Mar/2017:12:28:20 -0300] "GET /cormun/servlet/trpermisosgoce? HTTP/1.1" 200 6536
186.103.157.98 - - [03/Mar/2017:12:28:21 -0300] "GET /cormun/servlet/trsolicitudadjuntos?2017,5132, HTTP/1.1" 200 8922
186.79.168.199 - - [03/Mar/2017:12:28:23 -0300] "POST /cormun/servlet/trpermisosgoce?1a4973efbe81de76b18a923fabc5ba6c,,gx-no-cache=1488554839647 HTTP/1.1" 200 3874
186.79.168.199 - - [03/Mar/2017:12:28:28 -0300] "POST /cormun/servlet/trpermisosgoce?1a4973efbe81de76b18a923fabc5ba6c,,gx-no-cache=1488554844907 HTTP/1.1" 200 5166
186.79.168.199 - - [03/Mar/2017:12:28:35 -0300] "GET /cormun/servlet/trvisualizadoreventos? HTTP/1.1" 200 6509
186.103.157.98 - - [03/Mar/2017:12:28:36 -0300] "GET /cormun/servlet/solicitudotadjuntos?INS,2017,5132,,1, HTTP/1.1" 200 6039
186.103.157.98 - - [03/Mar/2017:12:28:37 -0300] "GET /cormun/static/about:blank HTTP/1.1" 404 1011
186.103.157.98 - - [03/Mar/2017:12:28:37 -0300] "GET /cormun/servlet/solicitudotadjuntos?INS,2017,5132,,1, HTTP/1.1" 200 6033
186.103.157.98 - - [03/Mar/2017:12:28:37 -0300] "GET /cormun/servlet/solicitudotadjuntos?37a4365caea35bff386b1e604b19574461817fea69529462ce4d909f00ed5b1cbecc8fbcf8a65789e9e9536e7541393b,gx-no-cache=1488554990656 HTTP/1.1" 200 30
186.79.168.199 - - [03/Mar/2017:12:28:37 -0300] "GET /cormun/servlet/trvisualizadoreventos? HTTP/1.1" 200 6509
186.103.157.98 - - [03/Mar/2017:12:28:38 -0300] "POST /cormun/servlet/solicitudotadjuntos?3d4b01d33a3b011e6cef28cb4d9cb60b,INS,2017,5132,,1,,gx-no-cache=1488554990746 HTTP/1.1" 200 3832
186.103.159.182 - - [03/Mar/2017:12:28:39 -0300] "GET /cormun/servlet/prsolicitudot?11067642,,,,,MD,,gxPopupLevel%3D0%3B HTTP/1.1" 200 6190
186.103.159.182 - - [03/Mar/2017:12:28:39 -0300] "GET /cormun/static/gxcfg.js?20161221854215 HTTP/1.1" 200 953
186.103.159.182 - - [03/Mar/2017:12:28:39 -0300] "GET /cormun/static/prsolicitudot.js?201612218542259 HTTP/1.1" 200 13680
186.79.168.199 - - [03/Mar/2017:12:28:41 -0300] "GET /cormun/servlet/trlicencias? HTTP/1.1" 200 6614
186.79.168.199 - - [03/Mar/2017:12:28:42 -0300] "GET /cormun/servlet/trlicencias? HTTP/1.1" 200 6613
186.103.157.98 - - [03/Mar/2017:12:28:45 -0300] "POST /cormun/servlet/solicitudotadjuntos?gx-no-cache=1488554997944 HTTP/1.1" 200 26
186.79.168.199 - - [03/Mar/2017:12:28:45 -0300] "POST /cormun/servlet/trlicencias?1a4973efbe81de76b18a923fabc5ba6c,,gx-no-cache=1488554861109 HTTP/1.1" 200 3895
186.79.168.199 - - [03/Mar/2017:12:28:49 -0300] "POST /cormun/servlet/trlicencias?1a4973efbe81de76b18a923fabc5ba6c,,gx-no-cache=1488554865220 HTTP/1.1" 200 5174
186.79.168.199 - - [03/Mar/2017:12:29:00 -0300] "POST /cormun/servlet/trlicencias?1a4973efbe81de76b18a923fabc5ba6c,,gx-no-cache=1488554876533 HTTP/1.1" 200 3897
186.103.157.98 - - [03/Mar/2017:12:29:00 -0300] "GET /cormun/servlet/solicitudotadjuntos?37a4365caea35bff386b1e604b1957441564737c530ed6511f5045bfdd8bacbb,gx-no-cache=1488555013628 HTTP/1.1" 200 30
186.103.157.98 - - [03/Mar/2017:12:29:00 -0300] "GET /cormun/servlet/solicitudotadjuntos?37a4365caea35bff386b1e604b1957441564737c530ed6511f5045bfdd8bacbb,gx-no-cache=1488555013675 HTTP/1.1" 200 30
186.103.157.98 - - [03/Mar/2017:12:29:01 -0300] "POST /cormun/servlet/solicitudotadjuntos?3d4b01d33a3b011e6cef28cb4d9cb60b,INS,2017,5132,,1, HTTP/1.1" 200 116
186.103.157.98 - - [03/Mar/2017:12:29:01 -0300] "GET /cormun/servlet/hpexe_return? HTTP/1.1" 200 1027
186.103.157.98 - - [03/Mar/2017:12:29:01 -0300] "GET /cormun/servlet/trsolicitudadjuntos?2017,5132, HTTP/1.1" 200 9098
186.103.157.98 - - [03/Mar/2017:12:29:02 -0300] "GET /cormun/servlet/trsolicitudadjuntos?2017,5132, HTTP/1.1" 200 9090
186.79.168.199 - - [03/Mar/2017:12:29:05 -0300] "POST /cormun/servlet/trlicencias?1a4973efbe81de76b18a923fabc5ba6c,,gx-no-cache=1488554881292 HTTP/1.1" 200 5413
186.103.157.98 - - [03/Mar/2017:12:29:11 -0300] "POST /cormun/servlet/trsolicitudadjuntos?3d4b01d33a3b011e6cef28cb4d9cb60b,2017,5132,,gx-no-cache=1488555024351 HTTP/1.1" 200 90
186.103.157.98 - - [03/Mar/2017:12:29:11 -0300] "GET /cormun/servlet/hpexe_link HTTP/1.1" 200 972
186.103.157.98 - - [03/Mar/2017:12:29:11 -0300] "GET /cormun/servlet/trsolicitudot HTTP/1.1" 200 8233
186.103.157.98 - - [03/Mar/2017:12:29:12 -0300] "GET /cormun/servlet/trsolicitudot HTTP/1.1" 200 8232
200.54.247.69 - - [03/Mar/2017:12:29:13 -0300] "POST /cormun/servlet/trlicencias?be4222c3518f3b9b0c84b26a56ed565e,,gx-no-cache=1488555023771 HTTP/1.1" 200 4104
186.103.157.98 - - [03/Mar/2017:12:29:20 -0300] "POST /cormun/servlet/trsolicitudot?3d4b01d33a3b011e6cef28cb4d9cb60b,gx-no-cache=1488555033505 HTTP/1.1" 200 4337
186.103.157.98 - - [03/Mar/2017:12:29:20 -0300] "GET /cormun/static/Shared/jqueryui/images/ui-bg_highlight-soft_100_c6c2c8_1x100.png HTTP/1.1" 404 1117
186.103.157.98 - - [03/Mar/2017:12:29:20 -0300] "GET /cormun/static/Shared/jqueryui/images/ui-icons_82798d_256x240.png HTTP/1.1" 404 1089
186.103.157.98 - - [03/Mar/2017:12:29:20 -0300] "GET /cormun/static/Shared/jqueryui/images/ui-icons_8d78a5_256x240.png HTTP/1.1" 404 1089
186.103.157.98 - - [03/Mar/2017:12:29:20 -0300] "GET /cormun/static/Shared/jqueryui/images/ui-bg_flat_55_fafafa_40x100.png HTTP/1.1" 404 1097
186.103.157.98 - - [03/Mar/2017:12:29:20 -0300] "POST /cormun/servlet/trsolicitudot?3d4b01d33a3b011e6cef28cb4d9cb60b,gx-no-cache=1488555033732 HTTP/1.1" 200 4126
186.79.168.199 - - [03/Mar/2017:12:29:23 -0300] "POST /cormun/servlet/trlicencias?1a4973efbe81de76b18a923fabc5ba6c,,gx-no-cache=1488554899401 HTTP/1.1" 200 5173
186.103.157.98 - - [03/Mar/2017:12:29:25 -0300] "GET /cormun/servlet/trautorizarsolicitud? HTTP/1.1" 200 8163
186.103.157.98 - - [03/Mar/2017:12:29:26 -0300] "GET /cormun/servlet/trautorizarsolicitud? HTTP/1.1" 200 8162
186.79.168.199 - - [03/Mar/2017:12:29:28 -0300] "POST /cormun/servlet/trlicencias?1a4973efbe81de76b18a923fabc5ba6c,,gx-no-cache=1488554904821 HTTP/1.1" 200 5149
186.103.157.98 - - [03/Mar/2017:12:29:31 -0300] "POST /cormun/servlet/trautorizarsolicitud?3d4b01d33a3b011e6cef28cb4d9cb60b,,gx-no-cache=1488555043861 HTTP/1.1" 200 4314
186.103.157.98 - - [03/Mar/2017:12:29:31 -0300] "GET /cormun/static/Shared/jqueryui/images/ui-bg_highlight-soft_100_c6c2c8_1x100.png HTTP/1.1" 404 1117
186.103.157.98 - - [03/Mar/2017:12:29:31 -0300] "GET /cormun/static/Shared/jqueryui/images/ui-icons_82798d_256x240.png HTTP/1.1" 404 1089
186.103.157.98 - - [03/Mar/2017:12:29:31 -0300] "GET /cormun/static/Shared/jqueryui/images/ui-bg_flat_55_fafafa_40x100.png HTTP/1.1" 404 1097
186.103.157.98 - - [03/Mar/2017:12:29:31 -0300] "GET /cormun/static/Shared/jqueryui/images/ui-icons_8d78a5_256x240.png HTTP/1.1" 404 1089
186.103.157.98 - - [03/Mar/2017:12:29:31 -0300] "POST /cormun/servlet/trautorizarsolicitud?3d4b01d33a3b011e6cef28cb4d9cb60b,,gx-no-cache=1488555044530 HTTP/1.1" 200 4106
186.103.157.98 - - [03/Mar/2017:12:29:34 -0300] "GET /cormun/servlet/trsolicitudot HTTP/1.1" 200 6986
186.103.157.98 - - [03/Mar/2017:12:29:35 -0300] "GET /cormun/servlet/trsolicitudot HTTP/1.1" 200 6984
186.103.159.230 - - [03/Mar/2017:12:29:48 -0300] "GET /cormun/servlet/hlogin HTTP/1.1" 200 1720
186.103.159.230 - - [03/Mar/2017:12:29:48 -0300] "GET /cormun/static/gxcfg.js?201612216162538 HTTP/1.1" 304 -
186.103.159.230 - - [03/Mar/2017:12:29:48 -0300] "GET /cormun/static/gxtimezone.js?85251 HTTP/1.1" 304 -
186.103.159.230 - - [03/Mar/2017:12:29:48 -0300] "GET /cormun/static/messages.spa.js?85251 HTTP/1.1" 304 -
186.103.159.230 - - [03/Mar/2017:12:29:48 -0300] "GET /cormun/servlet/hlogin HTTP/1.1" 200 1731
186.79.30.74 - - [03/Mar/2017:12:29:56 -0300] "GET /cormun/servlet/solicitudot?INS,0,0, HTTP/1.1" 200 12536
186.103.159.182 - - [03/Mar/2017:12:29:57 -0300] "POST /cormun/servlet/solicitudot?gx-no-cache=1488555067207 HTTP/1.1" 200 3182
186.103.159.182 - - [03/Mar/2017:12:29:57 -0300] "POST /cormun/servlet/solicitudot?8d295ccf9cbef6112ca89b09ea0ac640,UPD,2017,5120,,gx-no-cache=1488555067659 HTTP/1.1" 200 11173
186.103.159.182 - - [03/Mar/2017:12:29:57 -0300] "GET /cormun/servlet/solicitudot?7f0570b57a3f2aa593d372dba3f75d4fd1a5dc066a1751075de002b31d0d99614550abdd71bc6705da1a1525448bc455,gx-no-cache=1488555068259 HTTP/1.1" 200 30
186.103.159.182 - - [03/Mar/2017:12:29:57 -0300] "POST /cormun/servlet/solicitudot?gx-no-cache=1488555068357 HTTP/1.1" 200 256
186.103.159.182 - - [03/Mar/2017:12:29:58 -0300] "GET /cormun/servlet/solicitudot?7f0570b57a3f2aa593d372dba3f75d4f81cfd0d10793362e299add8f855f2b0516b3937ae3e0618c67a1f2ec57272511016bada567f0532b904cc9509d4fcac22d0cc0c60b159c3ec103da40692862da6dd05f237d0eb10864cf09a859357210c6bbb5483b10401697c0f4ed219ae94631c1a4e552844ab26b64e21f2e425b992be17eb0bc8d9910d582da60056ca4e0bd3e012315ee6dac8b573257d03c2df1d8352bb5e1e81d6b0dc9f9845fd504620f0abb7ea19f970b7bbfa2cd3d5bb3ec6b91bae290cfd64a7a52f82196059f89bac26c68b01047f8902cd4443a0c2d6c933057ce9f10dbba69aeb92f8f70d66d36160acb728a3f712bd2fcf6fcaef1673b56584ecbc6278dcfebd7a5248e3d4c69364622c677782821f63fafa069e1026af26c7e2163cbba38f321d3032e67e83b6b7e9e7e96fb7c32845b4fd37982120e83aee2d27a6b22b8940a1b08b2a720c6b6d5de19f08b1c61020c3d758e4effd140795e1e47616fefad5a7396183daccdef1797cf2f04036e5c588f96fbcaf8,gx-no-cache=1488555068437 HTTP/1.1" 200 30
186.79.30.74 - - [03/Mar/2017:12:29:58 -0300] "GET /cormun/servlet/solicitudot?INS,0,0, HTTP/1.1" 200 12541
186.103.159.182 - - [03/Mar/2017:12:29:58 -0300] "POST /cormun/servlet/solicitudot?gx-no-cache=1488555068585 HTTP/1.1" 200 30
186.103.159.182 - - [03/Mar/2017:12:29:58 -0300] "POST /cormun/servlet/solicitudot?gx-no-cache=1488555068653 HTTP/1.1" 200 1290
186.103.159.182 - - [03/Mar/2017:12:29:58 -0300] "POST /cormun/servlet/solicitudot?gx-no-cache=1488555068761 HTTP/1.1" 200 41
186.103.159.182 - - [03/Mar/2017:12:29:58 -0300] "POST /cormun/servlet/solicitudot?gx-no-cache=1488555068829 HTTP/1.1" 200 1273
186.103.159.182 - - [03/Mar/2017:12:29:58 -0300] "POST /cormun/servlet/solicitudot?gx-no-cache=1488555068947 HTTP/1.1" 200 1157
186.103.159.182 - - [03/Mar/2017:12:30:03 -0300] "GET /cormun/servlet/prsolicitudot?11067642,,,,,MD,,gxPopupLevel%3D0%3B HTTP/1.1" 200 6190
186.103.159.230 - - [03/Mar/2017:12:30:03 -0300] "POST /cormun/servlet/hlogin?779e2530f817ad4c2a6e4f3a646b84b4,gx-no-cache=1488555071362 HTTP/1.1" 200 90
186.103.159.230 - - [03/Mar/2017:12:30:03 -0300] "GET /cormun/servlet/hpexe_link HTTP/1.1" 200 953
186.103.159.230 - - [03/Mar/2017:12:30:03 -0300] "GET /cormun/static/gxcfg.js?201612218515529 HTTP/1.1" 304 -
186.103.159.230 - - [03/Mar/2017:12:30:03 -0300] "GET /cormun/servlet/hhome HTTP/1.1" 200 3969
186.103.159.230 - - [03/Mar/2017:12:30:03 -0300] "GET /cormun/static/gxcfg.js?201612218515568 HTTP/1.1" 304 -
186.103.159.230 - - [03/Mar/2017:12:30:04 -0300] "GET /cormun/servlet/hhome HTTP/1.1" 200 3965
200.112.2.250 - - [03/Mar/2017:12:30:05 -0300] "GET /cormun/servlet/hlogin HTTP/1.1" 200 1723
200.112.2.250 - - [03/Mar/2017:12:30:06 -0300] "GET /cormun/servlet/hlogin HTTP/1.1" 200 1729
186.103.159.230 - - [03/Mar/2017:12:30:08 -0300] "GET /cormun/servlet/trsolicitudot? HTTP/1.1" 200 6940
186.103.159.230 - - [03/Mar/2017:12:30:08 -0300] "GET /cormun/static/gxcfg.js?20171191044697 HTTP/1.1" 304 -
186.103.159.230 - - [03/Mar/2017:12:30:08 -0300] "GET /cormun/static/calendar-setup.js?85251 HTTP/1.1" 304 -
186.103.159.230 - - [03/Mar/2017:12:30:08 -0300] "GET /cormun/static/calendar.js?85251 HTTP/1.1" 304 -
186.103.159.230 - - [03/Mar/2017:12:30:08 -0300] "GET /cormun/static/calendar-es.js?85251 HTTP/1.1" 304 -
186.103.159.230 - - [03/Mar/2017:12:30:08 -0300] "GET /cormun/static/gxdec.js?85251 HTTP/1.1" 304 -
186.103.159.230 - - [03/Mar/2017:12:30:08 -0300] "GET /cormun/static/trsolicitudot.js?20171191045625 HTTP/1.1" 304 -
186.103.159.230 - - [03/Mar/2017:12:30:09 -0300] "GET /cormun/servlet/trsolicitudot? HTTP/1.1" 200 6939
186.103.159.230 - - [03/Mar/2017:12:30:12 -0300] "GET /cormun/servlet/solicitudot?INS,0,0, HTTP/1.1" 200 12770
186.103.159.230 - - [03/Mar/2017:12:30:12 -0300] "GET /cormun/static/gxcfg.js?20171191042720 HTTP/1.1" 304 -
186.103.159.230 - - [03/Mar/2017:12:30:12 -0300] "GET /cormun/servlet/solicitudot?INS,0,0, HTTP/1.1" 200 12775
200.112.2.250 - - [03/Mar/2017:12:30:20 -0300] "POST /cormun/servlet/hlogin?c7d53cd0402d8780af9f7e0a7a783818,gx-no-cache=1488555093551 HTTP/1.1" 200 90
200.112.2.250 - - [03/Mar/2017:12:30:20 -0300] "GET /cormun/servlet/hpexe_link HTTP/1.1" 200 951
200.112.2.250 - - [03/Mar/2017:12:30:20 -0300] "GET /cormun/servlet/hhome HTTP/1.1" 200 3973
200.112.2.250 - - [03/Mar/2017:12:30:22 -0300] "GET /cormun/servlet/hhome HTTP/1.1" 200 3970
186.79.30.74 - - [03/Mar/2017:12:30:23 -0300] "POST /cormun/servlet/solicitudot?gx-no-cache=1488555096238 HTTP/1.1" 200 3181
186.79.30.74 - - [03/Mar/2017:12:30:24 -0300] "POST /cormun/servlet/solicitudot?51369385d79bf71507035ac2490354f2,INS,0,0,,gx-no-cache=1488555096875 HTTP/1.1" 200 9785
200.112.2.250 - - [03/Mar/2017:12:30:27 -0300] "GET /cormun/servlet/trsolicitudot? HTTP/1.1" 200 6946
186.79.30.74 - - [03/Mar/2017:12:30:28 -0300] "GET /cormun/servlet/solicitudot?2b94c23ae85e307addf1a085c977c125df6385f1e81cbb1f7136645f70e5e1b08abe5650c40e277a4fb607f8cb08aa71,gx-no-cache=1488555101048 HTTP/1.1" 200 30
186.79.30.74 - - [03/Mar/2017:12:30:28 -0300] "POST /cormun/servlet/solicitudot?gx-no-cache=1488555101208 HTTP/1.1" 200 297
186.79.30.74 - - [03/Mar/2017:12:30:28 -0300] "GET /cormun/servlet/solicitudot?2b94c23ae85e307addf1a085c977c125701bfca45037884917a1921ec2099cbf552fcb1038c0855e59f5f01000e1f5b66d21af0dc51030c1f7eb31a8ec430dc14c201abee7bc6e3d98ffe4f5ac2d18326c9e2890deaf3d64d2954e4bd6e2f4b76be7a1b3a3c62ce25a23b6fd1b75f66e8dda4b69b5459458ec845af96c6d483c85ca299ff0a1ea919794634329745187954bb68b6868eca8575a457ff8df21ee8d841b5a160bdd259c028336c9bfcc069bcceb81273881300015a6b9449e73c748b1f4b8e7ea3b79d44b94e243899f3c49331a256b892222648465b12fdb67234890844c4850a18bba1b40df9d554a8628f6ae1110fd323ac21c4099aad2eb651135a1859d9033919049a2e21e9245d33cd8b79c10fde95869e54ce50f187e86f5d21eec7d68b8b19425be710b5457c5070750c09fa3a0a0e48b8216def273b992f7297eead0c84107d03073e6b2f54d43536d25d88f1e22215ff476c94e9a43ba42b8d11526fd6e5386c434c2f48134166a74680837630a2e3b503021383b78697cb1f40eae777ee8bad5cbd374ec33,gx-no-cache=1488555101358 HTTP/1.1" 200 30
186.103.159.182 - - [03/Mar/2017:12:30:29 -0300] "POST /cormun/servlet/solicitudot?gx-no-cache=1488555099039 HTTP/1.1" 200 1290
186.103.159.182 - - [03/Mar/2017:12:30:29 -0300] "POST /cormun/servlet/solicitudot?gx-no-cache=1488555099508 HTTP/1.1" 200 41
186.103.159.182 - - [03/Mar/2017:12:30:29 -0300] "POST /cormun/servlet/solicitudot?gx-no-cache=1488555099579 HTTP/1.1" 200 1273
186.103.159.182 - - [03/Mar/2017:12:30:29 -0300] "POST /cormun/servlet/solicitudot?gx-no-cache=1488555099689 HTTP/1.1" 200 1157
200.112.2.250 - - [03/Mar/2017:12:30:29 -0300] "GET /cormun/servlet/trsolicitudot? HTTP/1.1" 200 6946
186.103.159.182 - - [03/Mar/2017:12:30:33 -0300] "GET /cormun/servlet/solicitudot?7f0570b57a3f2aa593d372dba3f75d4f7d6555ca6880816de6173c13f832d6b6bb2e8c112a55d6d16f1aa8b787abf6072d52c86e95da94b6fc681256281a780cabacb904d592cb7be8828448f31172cf55d38fd7faffb2431017da1c8fd44d8cf5fa17517ff7f33d5a9970ab3cca340966164058775894b1542160da44aa9b9f4cb11448b03bf481c93b0bc70f0ec2985bc6077d32ec89b422a2becfd41c91e48b0aaeafab412f27023a986d23c68a9b,gx-no-cache=1488555103807 HTTP/1.1" 200 30
186.103.159.182 - - [03/Mar/2017:12:30:33 -0300] "POST /cormun/servlet/solicitudot?8d295ccf9cbef6112ca89b09ea0ac640,UPD,2017,5120,,gx-no-cache=1488555103873 HTTP/1.1" 200 93
186.103.159.182 - - [03/Mar/2017:12:30:33 -0300] "GET /cormun/servlet/hpexe_return? HTTP/1.1" 200 1011
200.112.2.250 - - [03/Mar/2017:12:30:34 -0300] "GET /cormun/servlet/solicitudot?INS,0,0, HTTP/1.1" 200 12775
186.103.159.182 - - [03/Mar/2017:12:30:34 -0300] "GET /cormun/servlet/trsolicitudot HTTP/1.1" 200 12161
