186.79.213.17 - - [02/Mar/2017:11:57:52 -0300] "GET /cormun/servlet/trsolicitudot HTTP/1.1" 200 8274
186.79.213.17 - - [02/Mar/2017:11:57:52 -0300] "GET /cormun/servlet/trsolicitudot HTTP/1.1" 200 8270
186.79.213.17 - - [02/Mar/2017:11:58:05 -0300] "POST /cormun/servlet/trsolicitudot?718dd99aade17cda666276530087fa92,gx-no-cache=1488466756349 HTTP/1.1" 200 106
186.79.213.17 - - [02/Mar/2017:11:58:06 -0300] "GET /cormun/servlet/trsolicitudadjuntos?2017,5057, HTTP/1.1" 200 5903
186.79.213.17 - - [02/Mar/2017:11:58:06 -0300] "GET /cormun/servlet/trsolicitudadjuntos?2017,5057, HTTP/1.1" 200 5902
186.79.213.17 - - [02/Mar/2017:11:58:08 -0300] "GET /cormun/servlet/solicitudotadjuntos?INS,2017,5057,,1, HTTP/1.1" 200 5829
186.79.213.17 - - [02/Mar/2017:11:58:09 -0300] "GET /cormun/static/about:blank HTTP/1.1" 404 1011
186.79.213.17 - - [02/Mar/2017:11:58:09 -0300] "GET /cormun/servlet/solicitudotadjuntos?INS,2017,5057,,1, HTTP/1.1" 200 5823
186.79.213.17 - - [02/Mar/2017:11:58:09 -0300] "GET /cormun/servlet/solicitudotadjuntos?23b6d38fd0ca578fc5f676b637503b3b91450924dbb5ace66989c5c202613ac5d767fd4fc1858eb3f47a439e44c902d4,gx-no-cache=1488466760530 HTTP/1.1" 200 30
186.79.213.17 - - [02/Mar/2017:11:58:10 -0300] "POST /cormun/servlet/solicitudotadjuntos?718dd99aade17cda666276530087fa92,INS,2017,5057,,1,,gx-no-cache=1488466760914 HTTP/1.1" 200 3686
186.103.156.211 - - [02/Mar/2017:11:58:12 -0300] "POST /cormun/servlet/solicitudotadjuntos?41e8ae27c69654bef3acb67c39f04cf4,INS,2017,5056,,2, HTTP/1.1" 200 116
186.103.156.211 - - [02/Mar/2017:11:58:12 -0300] "GET /cormun/servlet/hpexe_return? HTTP/1.1" 200 1024
186.79.213.17 - - [02/Mar/2017:11:58:13 -0300] "POST /cormun/servlet/solicitudotadjuntos?gx-no-cache=1488466763693 HTTP/1.1" 200 26
186.103.156.211 - - [02/Mar/2017:11:58:13 -0300] "GET /cormun/servlet/trsolicitudadjuntos?2017,5056, HTTP/1.1" 200 8175
186.103.156.211 - - [02/Mar/2017:11:58:14 -0300] "GET /cormun/servlet/trsolicitudadjuntos?2017,5056, HTTP/1.1" 200 8169
192.168.10.89 - - [02/Mar/2017:11:58:23 -0300] "GET /cormunbeta/servlet/hlogin HTTP/1.1" 200 1723
192.168.10.89 - - [02/Mar/2017:11:58:28 -0300] "GET /cormun/servlet/hlogin HTTP/1.1" 200 1714
192.168.10.89 - - [02/Mar/2017:11:58:34 -0300] "POST /cormun/servlet/hlogin?ccdbdceab80fd9c9401ed40c91025669,gx-no-cache=1488470000502 HTTP/1.1" 200 90
192.168.10.89 - - [02/Mar/2017:11:58:34 -0300] "GET /cormun/servlet/hpexe_link HTTP/1.1" 200 949
192.168.10.89 - - [02/Mar/2017:11:58:34 -0300] "GET /cormun/servlet/hhome HTTP/1.1" 200 4384
192.168.10.89 - - [02/Mar/2017:11:58:38 -0300] "GET /cormun/servlet/trsolicitudgral? HTTP/1.1" 200 24501
186.79.213.17 - - [02/Mar/2017:11:58:40 -0300] "GET /cormun/servlet/solicitudotadjuntos?23b6d38fd0ca578fc5f676b637503b3b07fb6dff0bf05f02ba28e7468aede8c3,gx-no-cache=1488466791220 HTTP/1.1" 200 30
186.79.213.17 - - [02/Mar/2017:11:58:40 -0300] "GET /cormun/servlet/solicitudotadjuntos?23b6d38fd0ca578fc5f676b637503b3b07fb6dff0bf05f02ba28e7468aede8c3,gx-no-cache=1488466791294 HTTP/1.1" 200 30
186.79.213.17 - - [02/Mar/2017:11:58:42 -0300] "POST /cormun/servlet/solicitudotadjuntos?718dd99aade17cda666276530087fa92,INS,2017,5057,,1, HTTP/1.1" 200 116
186.79.213.17 - - [02/Mar/2017:11:58:42 -0300] "GET /cormun/servlet/hpexe_return? HTTP/1.1" 200 1026
186.79.213.17 - - [02/Mar/2017:11:58:43 -0300] "GET /cormun/servlet/trsolicitudadjuntos?2017,5057, HTTP/1.1" 200 8020
186.79.213.17 - - [02/Mar/2017:11:58:44 -0300] "GET /cormun/servlet/trsolicitudadjuntos?2017,5057, HTTP/1.1" 200 8016
192.168.10.89 - - [02/Mar/2017:11:58:45 -0300] "GET /cormun/static/menuarrow.gif HTTP/1.1" 404 1015
186.79.213.17 - - [02/Mar/2017:11:58:46 -0300] "GET /cormun/servlet/solicitudotadjuntos?INS,2017,5057,,1, HTTP/1.1" 200 5830
186.79.213.17 - - [02/Mar/2017:11:58:46 -0300] "GET /cormun/static/about:blank HTTP/1.1" 404 1011
186.79.213.17 - - [02/Mar/2017:11:58:46 -0300] "GET /cormun/servlet/solicitudotadjuntos?INS,2017,5057,,1, HTTP/1.1" 200 5824
186.79.213.17 - - [02/Mar/2017:11:58:47 -0300] "GET /cormun/servlet/solicitudotadjuntos?23b6d38fd0ca578fc5f676b637503b3b91450924dbb5ace66989c5c202613ac5d767fd4fc1858eb3f47a439e44c902d4,gx-no-cache=1488466797964 HTTP/1.1" 200 30
186.79.213.17 - - [02/Mar/2017:11:58:47 -0300] "POST /cormun/servlet/solicitudotadjuntos?718dd99aade17cda666276530087fa92,INS,2017,5057,,1,,gx-no-cache=1488466798067 HTTP/1.1" 200 3686
186.79.213.17 - - [02/Mar/2017:11:58:50 -0300] "POST /cormun/servlet/solicitudotadjuntos?gx-no-cache=1488466801368 HTTP/1.1" 200 26
192.168.10.89 - - [02/Mar/2017:11:58:54 -0300] "POST /cormun/servlet/trsolicitudgral?ccdbdceab80fd9c9401ed40c91025669,,gx-no-cache=1488470020334 HTTP/1.1" 200 7467
186.79.213.17 - - [02/Mar/2017:11:58:58 -0300] "GET /cormun/servlet/solicitudotadjuntos?23b6d38fd0ca578fc5f676b637503b3b07fb6dff0bf05f02ba28e7468aede8c3,gx-no-cache=1488466809202 HTTP/1.1" 200 30
186.79.213.17 - - [02/Mar/2017:11:58:58 -0300] "GET /cormun/servlet/solicitudotadjuntos?23b6d38fd0ca578fc5f676b637503b3b07fb6dff0bf05f02ba28e7468aede8c3,gx-no-cache=1488466809263 HTTP/1.1" 200 30
186.79.213.17 - - [02/Mar/2017:11:58:59 -0300] "POST /cormun/servlet/solicitudotadjuntos?718dd99aade17cda666276530087fa92,INS,2017,5057,,1, HTTP/1.1" 200 116
186.79.213.17 - - [02/Mar/2017:11:58:59 -0300] "GET /cormun/servlet/hpexe_return? HTTP/1.1" 200 1026
186.79.213.17 - - [02/Mar/2017:11:59:00 -0300] "GET /cormun/servlet/trsolicitudadjuntos?2017,5057, HTTP/1.1" 200 8254
186.79.213.17 - - [02/Mar/2017:11:59:00 -0300] "GET /cormun/servlet/trsolicitudadjuntos?2017,5057, HTTP/1.1" 200 8250
186.79.213.17 - - [02/Mar/2017:11:59:02 -0300] "GET /cormun/servlet/solicitudotadjuntos?INS,2017,5057,,1, HTTP/1.1" 200 5830
186.79.213.17 - - [02/Mar/2017:11:59:03 -0300] "GET /cormun/static/about:blank HTTP/1.1" 404 1011
186.79.213.17 - - [02/Mar/2017:11:59:03 -0300] "GET /cormun/servlet/solicitudotadjuntos?INS,2017,5057,,1, HTTP/1.1" 200 5824
186.79.213.17 - - [02/Mar/2017:11:59:03 -0300] "GET /cormun/servlet/solicitudotadjuntos?23b6d38fd0ca578fc5f676b637503b3b91450924dbb5ace66989c5c202613ac5d767fd4fc1858eb3f47a439e44c902d4,gx-no-cache=1488466814606 HTTP/1.1" 200 30
186.79.213.17 - - [02/Mar/2017:11:59:04 -0300] "POST /cormun/servlet/solicitudotadjuntos?718dd99aade17cda666276530087fa92,INS,2017,5057,,1,,gx-no-cache=1488466814669 HTTP/1.1" 200 3686
186.79.213.17 - - [02/Mar/2017:11:59:06 -0300] "POST /cormun/servlet/solicitudotadjuntos?gx-no-cache=1488466817221 HTTP/1.1" 200 26
186.79.213.17 - - [02/Mar/2017:11:59:12 -0300] "GET /cormun/servlet/solicitudotadjuntos?23b6d38fd0ca578fc5f676b637503b3b07fb6dff0bf05f02ba28e7468aede8c3,gx-no-cache=1488466822944 HTTP/1.1" 200 30
186.79.213.17 - - [02/Mar/2017:11:59:12 -0300] "GET /cormun/servlet/solicitudotadjuntos?23b6d38fd0ca578fc5f676b637503b3b07fb6dff0bf05f02ba28e7468aede8c3,gx-no-cache=1488466822995 HTTP/1.1" 200 30
186.79.213.17 - - [02/Mar/2017:11:59:14 -0300] "POST /cormun/servlet/solicitudotadjuntos?718dd99aade17cda666276530087fa92,INS,2017,5057,,1, HTTP/1.1" 200 116
186.79.213.17 - - [02/Mar/2017:11:59:14 -0300] "GET /cormun/servlet/hpexe_return? HTTP/1.1" 200 1026
186.79.213.17 - - [02/Mar/2017:11:59:14 -0300] "GET /cormun/servlet/trsolicitudadjuntos?2017,5057, HTTP/1.1" 200 8415
186.79.213.17 - - [02/Mar/2017:11:59:15 -0300] "GET /cormun/servlet/trsolicitudadjuntos?2017,5057, HTTP/1.1" 200 8413
186.79.213.17 - - [02/Mar/2017:11:59:30 -0300] "GET /cormun/servlet/solicitudotadjuntos?INS,2017,5057,,1, HTTP/1.1" 200 5830
186.79.213.17 - - [02/Mar/2017:11:59:30 -0300] "GET /cormun/static/about:blank HTTP/1.1" 404 1011
186.79.213.17 - - [02/Mar/2017:11:59:30 -0300] "GET /cormun/servlet/solicitudotadjuntos?INS,2017,5057,,1, HTTP/1.1" 200 5824
186.79.213.17 - - [02/Mar/2017:11:59:31 -0300] "GET /cormun/servlet/solicitudotadjuntos?23b6d38fd0ca578fc5f676b637503b3b91450924dbb5ace66989c5c202613ac5d767fd4fc1858eb3f47a439e44c902d4,gx-no-cache=1488466841994 HTTP/1.1" 200 30
186.79.213.17 - - [02/Mar/2017:11:59:31 -0300] "POST /cormun/servlet/solicitudotadjuntos?718dd99aade17cda666276530087fa92,INS,2017,5057,,1,,gx-no-cache=1488466842097 HTTP/1.1" 200 3686
200.112.2.29 - - [02/Mar/2017:11:59:33 -0300] "GET /cormun/servlet/trvisualizadoreventos? HTTP/1.1" 200 6515
200.112.2.29 - - [02/Mar/2017:11:59:33 -0300] "GET /cormun/static/gxcfg.js?2016101716203350 HTTP/1.1" 200 953
200.112.2.29 - - [02/Mar/2017:11:59:33 -0300] "GET /cormun/static/trvisualizadoreventos.js?2016101716203614 HTTP/1.1" 200 19309
200.112.2.29 - - [02/Mar/2017:11:59:33 -0300] "GET /cormun/static/Resources/PXToolsActionPrint.png HTTP/1.1" 200 3317
200.112.2.29 - - [02/Mar/2017:11:59:34 -0300] "GET /cormun/servlet/trvisualizadoreventos? HTTP/1.1" 200 6502
186.79.213.17 - - [02/Mar/2017:11:59:39 -0300] "POST /cormun/servlet/solicitudotadjuntos?gx-no-cache=1488466849727 HTTP/1.1" 200 26
200.112.2.29 - - [02/Mar/2017:11:59:42 -0300] "POST /cormun/servlet/trvisualizadoreventos?7538475c2fbddfd1812d9c2770566bc9,,gx-no-cache=1488466852305 HTTP/1.1" 200 3786
186.79.213.17 - - [02/Mar/2017:11:59:44 -0300] "GET /cormun/servlet/solicitudotadjuntos?23b6d38fd0ca578fc5f676b637503b3b07fb6dff0bf05f02ba28e7468aede8c3,gx-no-cache=1488466855651 HTTP/1.1" 200 30
186.79.213.17 - - [02/Mar/2017:11:59:44 -0300] "GET /cormun/servlet/solicitudotadjuntos?23b6d38fd0ca578fc5f676b637503b3b07fb6dff0bf05f02ba28e7468aede8c3,gx-no-cache=1488466855701 HTTP/1.1" 200 30
186.79.213.17 - - [02/Mar/2017:11:59:46 -0300] "POST /cormun/servlet/solicitudotadjuntos?718dd99aade17cda666276530087fa92,INS,2017,5057,,1, HTTP/1.1" 200 116
186.79.213.17 - - [02/Mar/2017:11:59:46 -0300] "GET /cormun/servlet/hpexe_return? HTTP/1.1" 200 1026
186.79.213.17 - - [02/Mar/2017:11:59:46 -0300] "GET /cormun/servlet/trsolicitudadjuntos?2017,5057, HTTP/1.1" 200 8542
186.79.213.17 - - [02/Mar/2017:11:59:47 -0300] "GET /cormun/servlet/trsolicitudadjuntos?2017,5057, HTTP/1.1" 200 8538
200.112.2.29 - - [02/Mar/2017:11:59:49 -0300] "POST /cormun/servlet/trvisualizadoreventos?7538475c2fbddfd1812d9c2770566bc9,,gx-no-cache=1488466859291 HTTP/1.1" 200 3791
200.112.2.29 - - [02/Mar/2017:11:59:51 -0300] "POST /cormun/servlet/trvisualizadoreventos?7538475c2fbddfd1812d9c2770566bc9,,gx-no-cache=1488466860544 HTTP/1.1" 200 3791
200.112.2.29 - - [02/Mar/2017:11:59:54 -0300] "POST /cormun/servlet/trvisualizadoreventos?7538475c2fbddfd1812d9c2770566bc9,,gx-no-cache=1488466863608 HTTP/1.1" 200 3792
200.112.2.29 - - [02/Mar/2017:12:00:12 -0300] "POST /cormun/servlet/trvisualizadoreventos?7538475c2fbddfd1812d9c2770566bc9,,gx-no-cache=1488466882189 HTTP/1.1" 200 4165
200.112.2.29 - - [02/Mar/2017:12:00:58 -0300] "GET /cormun/servlet/trsolicitudot? HTTP/1.1" 200 7831
200.112.2.29 - - [02/Mar/2017:12:00:59 -0300] "GET /cormun/servlet/trsolicitudot? HTTP/1.1" 200 7831
200.112.2.29 - - [02/Mar/2017:12:01:03 -0300] "POST /cormun/servlet/trsolicitudot?7538475c2fbddfd1812d9c2770566bc9,,gx-no-cache=1488466933058 HTTP/1.1" 200 106
200.112.2.29 - - [02/Mar/2017:12:01:03 -0300] "GET /cormun/servlet/trsolicitudadjuntos?2017,5071, HTTP/1.1" 200 5870
200.112.2.29 - - [02/Mar/2017:12:01:04 -0300] "GET /cormun/servlet/trsolicitudadjuntos?2017,5071, HTTP/1.1" 200 5870
200.112.2.29 - - [02/Mar/2017:12:01:09 -0300] "GET /cormun/servlet/solicitudotadjuntos?INS,2017,5071,,1, HTTP/1.1" 200 5802
200.112.2.29 - - [02/Mar/2017:12:01:09 -0300] "GET /cormun/static/gxcfg.js?201612218465951 HTTP/1.1" 200 953
200.112.2.29 - - [02/Mar/2017:12:01:09 -0300] "GET /cormun/static/solicitudotadjuntos.js?201612218465969 HTTP/1.1" 200 11762
200.112.2.29 - - [02/Mar/2017:12:01:10 -0300] "GET /cormun/static/about:blank HTTP/1.1" 404 1011
200.112.2.29 - - [02/Mar/2017:12:01:10 -0300] "GET /cormun/servlet/solicitudotadjuntos?INS,2017,5071,,1, HTTP/1.1" 200 5796
200.112.2.29 - - [02/Mar/2017:12:01:10 -0300] "GET /cormun/servlet/solicitudotadjuntos?a02f8d2ec6a29ebb655dfec87319cee44522034b3eb2cd5f79da34f0100d6f158500490565fa921a755d0fbbd5084793,gx-no-cache=1488466940375 HTTP/1.1" 200 30
200.112.2.29 - - [02/Mar/2017:12:01:11 -0300] "POST /cormun/servlet/solicitudotadjuntos?7538475c2fbddfd1812d9c2770566bc9,INS,2017,5071,,1,,gx-no-cache=1488466940514 HTTP/1.1" 200 3646
200.112.2.29 - - [02/Mar/2017:12:01:14 -0300] "POST /cormun/servlet/solicitudotadjuntos?gx-no-cache=1488466943794 HTTP/1.1" 200 26
200.112.2.29 - - [02/Mar/2017:12:01:27 -0300] "GET /cormun/servlet/solicitudotadjuntos?a02f8d2ec6a29ebb655dfec87319cee4b6c2a7e809a26044c8a53c412b9b9980,gx-no-cache=1488466957443 HTTP/1.1" 200 30
200.112.2.29 - - [02/Mar/2017:12:01:27 -0300] "GET /cormun/servlet/solicitudotadjuntos?a02f8d2ec6a29ebb655dfec87319cee4b6c2a7e809a26044c8a53c412b9b9980,gx-no-cache=1488466957564 HTTP/1.1" 200 30
200.112.2.29 - - [02/Mar/2017:12:01:36 -0300] "POST /cormun/servlet/solicitudotadjuntos?7538475c2fbddfd1812d9c2770566bc9,INS,2017,5071,,1, HTTP/1.1" 200 116
200.112.2.29 - - [02/Mar/2017:12:01:36 -0300] "GET /cormun/servlet/hpexe_return? HTTP/1.1" 200 1029
200.112.2.29 - - [02/Mar/2017:12:01:36 -0300] "GET /cormun/servlet/trsolicitudadjuntos?2017,5071, HTTP/1.1" 200 7970
200.112.2.29 - - [02/Mar/2017:12:01:37 -0300] "GET /cormun/servlet/trsolicitudadjuntos?2017,5071, HTTP/1.1" 200 7964
200.112.2.29 - - [02/Mar/2017:12:01:39 -0300] "GET /cormun/servlet/solicitudotadjuntos?INS,2017,5071,,1, HTTP/1.1" 200 5802
200.112.2.29 - - [02/Mar/2017:12:01:40 -0300] "GET /cormun/static/about:blank HTTP/1.1" 404 1011
200.112.2.29 - - [02/Mar/2017:12:01:40 -0300] "GET /cormun/servlet/solicitudotadjuntos?INS,2017,5071,,1, HTTP/1.1" 200 5796
200.112.2.29 - - [02/Mar/2017:12:01:40 -0300] "GET /cormun/servlet/solicitudotadjuntos?a02f8d2ec6a29ebb655dfec87319cee44522034b3eb2cd5f79da34f0100d6f158500490565fa921a755d0fbbd5084793,gx-no-cache=1488466970246 HTTP/1.1" 200 30
200.112.2.29 - - [02/Mar/2017:12:01:40 -0300] "POST /cormun/servlet/solicitudotadjuntos?7538475c2fbddfd1812d9c2770566bc9,INS,2017,5071,,1,,gx-no-cache=1488466970338 HTTP/1.1" 200 3646
200.112.2.29 - - [02/Mar/2017:12:01:43 -0300] "POST /cormun/servlet/solicitudotadjuntos?gx-no-cache=1488466972891 HTTP/1.1" 200 26
200.112.2.29 - - [02/Mar/2017:12:01:47 -0300] "GET /cormun/servlet/solicitudotadjuntos?a02f8d2ec6a29ebb655dfec87319cee4b6c2a7e809a26044c8a53c412b9b9980,gx-no-cache=1488466976982 HTTP/1.1" 200 30
200.112.2.29 - - [02/Mar/2017:12:01:47 -0300] "GET /cormun/servlet/solicitudotadjuntos?a02f8d2ec6a29ebb655dfec87319cee4b6c2a7e809a26044c8a53c412b9b9980,gx-no-cache=1488466977098 HTTP/1.1" 200 30
200.112.2.29 - - [02/Mar/2017:12:02:15 -0300] "POST /cormun/servlet/solicitudotadjuntos?7538475c2fbddfd1812d9c2770566bc9,INS,2017,5071,,1, HTTP/1.1" 200 116
200.112.2.29 - - [02/Mar/2017:12:02:15 -0300] "GET /cormun/servlet/hpexe_return? HTTP/1.1" 200 1029
200.112.2.29 - - [02/Mar/2017:12:02:16 -0300] "GET /cormun/servlet/trsolicitudadjuntos?2017,5071, HTTP/1.1" 200 8184
200.112.2.29 - - [02/Mar/2017:12:02:17 -0300] "GET /cormun/servlet/trsolicitudadjuntos?2017,5071, HTTP/1.1" 200 8183
200.112.2.29 - - [02/Mar/2017:12:02:20 -0300] "GET /cormun/servlet/solicitudotadjuntos?INS,2017,5071,,1, HTTP/1.1" 200 5802
200.112.2.29 - - [02/Mar/2017:12:02:21 -0300] "GET /cormun/static/about:blank HTTP/1.1" 404 1011
200.112.2.29 - - [02/Mar/2017:12:02:21 -0300] "GET /cormun/servlet/solicitudotadjuntos?INS,2017,5071,,1, HTTP/1.1" 200 5796
200.112.2.29 - - [02/Mar/2017:12:02:21 -0300] "GET /cormun/servlet/solicitudotadjuntos?a02f8d2ec6a29ebb655dfec87319cee44522034b3eb2cd5f79da34f0100d6f158500490565fa921a755d0fbbd5084793,gx-no-cache=1488467011227 HTTP/1.1" 200 30
200.112.2.29 - - [02/Mar/2017:12:02:21 -0300] "POST /cormun/servlet/solicitudotadjuntos?7538475c2fbddfd1812d9c2770566bc9,INS,2017,5071,,1,,gx-no-cache=1488467011328 HTTP/1.1" 200 3645
186.79.213.17 - - [02/Mar/2017:12:02:26 -0300] "GET /cormun/servlet/solicitudotadjuntos?INS,2017,5057,,1, HTTP/1.1" 200 5829
186.79.213.17 - - [02/Mar/2017:12:02:27 -0300] "GET /cormun/static/about:blank HTTP/1.1" 404 1011
186.79.213.17 - - [02/Mar/2017:12:02:27 -0300] "GET /cormun/servlet/solicitudotadjuntos?INS,2017,5057,,1, HTTP/1.1" 200 5823
186.79.213.17 - - [02/Mar/2017:12:02:27 -0300] "GET /cormun/servlet/solicitudotadjuntos?23b6d38fd0ca578fc5f676b637503b3b91450924dbb5ace66989c5c202613ac5d767fd4fc1858eb3f47a439e44c902d4,gx-no-cache=1488467018362 HTTP/1.1" 200 30
186.79.213.17 - - [02/Mar/2017:12:02:27 -0300] "POST /cormun/servlet/solicitudotadjuntos?718dd99aade17cda666276530087fa92,INS,2017,5057,,1,,gx-no-cache=1488467018431 HTTP/1.1" 200 3684
200.112.2.29 - - [02/Mar/2017:12:02:27 -0300] "POST /cormun/servlet/solicitudotadjuntos?gx-no-cache=1488467017517 HTTP/1.1" 200 26
186.79.213.17 - - [02/Mar/2017:12:02:30 -0300] "POST /cormun/servlet/solicitudotadjuntos?gx-no-cache=1488467020959 HTTP/1.1" 200 26
186.79.213.17 - - [02/Mar/2017:12:02:36 -0300] "GET /cormun/servlet/solicitudotadjuntos?23b6d38fd0ca578fc5f676b637503b3b07fb6dff0bf05f02ba28e7468aede8c3,gx-no-cache=1488467026720 HTTP/1.1" 200 30
186.79.213.17 - - [02/Mar/2017:12:02:36 -0300] "GET /cormun/servlet/solicitudotadjuntos?23b6d38fd0ca578fc5f676b637503b3b07fb6dff0bf05f02ba28e7468aede8c3,gx-no-cache=1488467026794 HTTP/1.1" 200 30
186.79.213.17 - - [02/Mar/2017:12:02:37 -0300] "POST /cormun/servlet/solicitudotadjuntos?718dd99aade17cda666276530087fa92,INS,2017,5057,,1, HTTP/1.1" 200 5927
186.79.213.17 - - [02/Mar/2017:12:02:37 -0300] "GET /cormun/static/Shared/jqueryui/images/ui-bg_highlight-soft_100_c6c2c8_1x100.png HTTP/1.1" 404 1117
186.79.213.17 - - [02/Mar/2017:12:02:37 -0300] "GET /cormun/static/Shared/jqueryui/images/ui-icons_82798d_256x240.png HTTP/1.1" 404 1089
186.79.213.17 - - [02/Mar/2017:12:02:37 -0300] "GET /cormun/static/Shared/jqueryui/images/ui-icons_ebccce_256x240.png HTTP/1.1" 404 1089
186.79.213.17 - - [02/Mar/2017:12:02:37 -0300] "GET /cormun/static/Shared/jqueryui/images/ui-bg_flat_55_994d53_40x100.png HTTP/1.1" 404 1097
186.79.213.17 - - [02/Mar/2017:12:02:38 -0300] "GET /cormun/PrivateTempStorage/upload_00007245.jpg HTTP/1.1" 200 86408
200.112.2.29 - - [02/Mar/2017:12:02:40 -0300] "GET /cormun/servlet/solicitudotadjuntos?a02f8d2ec6a29ebb655dfec87319cee4b6c2a7e809a26044c8a53c412b9b9980,gx-no-cache=1488467030573 HTTP/1.1" 200 30
200.112.2.29 - - [02/Mar/2017:12:02:41 -0300] "GET /cormun/servlet/solicitudotadjuntos?a02f8d2ec6a29ebb655dfec87319cee4b6c2a7e809a26044c8a53c412b9b9980,gx-no-cache=1488467030720 HTTP/1.1" 200 30
186.79.213.17 - - [02/Mar/2017:12:02:43 -0300] "POST /cormun/servlet/solicitudotadjuntos?718dd99aade17cda666276530087fa92,INS,2017,5057,,1, HTTP/1.1" 200 114
186.79.213.17 - - [02/Mar/2017:12:02:44 -0300] "GET /cormun/servlet/hpexe_link HTTP/1.1" 200 984
186.79.213.17 - - [02/Mar/2017:12:02:44 -0300] "GET /cormun/servlet/trsolicitudadjuntos?2017,5057, HTTP/1.1" 200 8538
186.79.213.17 - - [02/Mar/2017:12:02:45 -0300] "GET /cormun/servlet/trsolicitudadjuntos?2017,5057, HTTP/1.1" 200 8538
200.112.2.29 - - [02/Mar/2017:12:02:48 -0300] "POST /cormun/servlet/solicitudotadjuntos?7538475c2fbddfd1812d9c2770566bc9,INS,2017,5071,,1, HTTP/1.1" 200 116
200.112.2.29 - - [02/Mar/2017:12:02:48 -0300] "GET /cormun/servlet/hpexe_return? HTTP/1.1" 200 1029
200.112.2.29 - - [02/Mar/2017:12:02:48 -0300] "GET /cormun/servlet/trsolicitudadjuntos?2017,5071, HTTP/1.1" 200 8343
200.112.2.29 - - [02/Mar/2017:12:02:49 -0300] "GET /cormun/servlet/trsolicitudadjuntos?2017,5071, HTTP/1.1" 200 8344
186.79.213.17 - - [02/Mar/2017:12:02:50 -0300] "GET /cormun/servlet/solicitudotadjuntos?INS,2017,5057,,1, HTTP/1.1" 200 5829
186.79.213.17 - - [02/Mar/2017:12:02:51 -0300] "GET /cormun/static/about:blank HTTP/1.1" 404 1011
186.79.213.17 - - [02/Mar/2017:12:02:51 -0300] "GET /cormun/servlet/solicitudotadjuntos?INS,2017,5057,,1, HTTP/1.1" 200 5823
200.112.2.29 - - [02/Mar/2017:12:02:51 -0300] "GET /cormun/servlet/solicitudotadjuntos?INS,2017,5071,,1, HTTP/1.1" 200 5802
186.79.213.17 - - [02/Mar/2017:12:02:51 -0300] "GET /cormun/servlet/solicitudotadjuntos?23b6d38fd0ca578fc5f676b637503b3b91450924dbb5ace66989c5c202613ac5d767fd4fc1858eb3f47a439e44c902d4,gx-no-cache=1488467042421 HTTP/1.1" 200 30
200.112.2.29 - - [02/Mar/2017:12:02:51 -0300] "GET /cormun/static/about:blank HTTP/1.1" 404 1011
200.112.2.29 - - [02/Mar/2017:12:02:51 -0300] "GET /cormun/servlet/solicitudotadjuntos?INS,2017,5071,,1, HTTP/1.1" 200 5796
186.79.213.17 - - [02/Mar/2017:12:02:51 -0300] "POST /cormun/servlet/solicitudotadjuntos?718dd99aade17cda666276530087fa92,INS,2017,5057,,1,,gx-no-cache=1488467042502 HTTP/1.1" 200 3684
200.112.2.29 - - [02/Mar/2017:12:02:52 -0300] "GET /cormun/servlet/solicitudotadjuntos?a02f8d2ec6a29ebb655dfec87319cee44522034b3eb2cd5f79da34f0100d6f158500490565fa921a755d0fbbd5084793,gx-no-cache=1488467041894 HTTP/1.1" 200 30
200.112.2.29 - - [02/Mar/2017:12:02:52 -0300] "POST /cormun/servlet/solicitudotadjuntos?7538475c2fbddfd1812d9c2770566bc9,INS,2017,5071,,1,,gx-no-cache=1488467042047 HTTP/1.1" 200 3645
186.79.213.17 - - [02/Mar/2017:12:02:54 -0300] "POST /cormun/servlet/solicitudotadjuntos?gx-no-cache=1488467045195 HTTP/1.1" 200 26
200.112.2.29 - - [02/Mar/2017:12:02:56 -0300] "POST /cormun/servlet/solicitudotadjuntos?gx-no-cache=1488467045853 HTTP/1.1" 200 26
186.79.213.17 - - [02/Mar/2017:12:03:02 -0300] "GET /cormun/servlet/solicitudotadjuntos?23b6d38fd0ca578fc5f676b637503b3b07fb6dff0bf05f02ba28e7468aede8c3,gx-no-cache=1488467052825 HTTP/1.1" 200 30
186.79.213.17 - - [02/Mar/2017:12:03:02 -0300] "GET /cormun/servlet/solicitudotadjuntos?23b6d38fd0ca578fc5f676b637503b3b07fb6dff0bf05f02ba28e7468aede8c3,gx-no-cache=1488467052879 HTTP/1.1" 200 30
186.79.213.17 - - [02/Mar/2017:12:03:03 -0300] "POST /cormun/servlet/solicitudotadjuntos?718dd99aade17cda666276530087fa92,INS,2017,5057,,1, HTTP/1.1" 200 116
186.79.213.17 - - [02/Mar/2017:12:03:03 -0300] "GET /cormun/servlet/hpexe_return? HTTP/1.1" 200 1026
186.79.213.17 - - [02/Mar/2017:12:03:04 -0300] "GET /cormun/servlet/trsolicitudadjuntos?2017,5057, HTTP/1.1" 200 8699
186.79.213.17 - - [02/Mar/2017:12:03:04 -0300] "GET /cormun/servlet/trsolicitudadjuntos?2017,5057, HTTP/1.1" 200 8697
186.79.213.17 - - [02/Mar/2017:12:03:06 -0300] "GET /cormun/servlet/solicitudotadjuntos?INS,2017,5057,,1, HTTP/1.1" 200 5829
186.79.213.17 - - [02/Mar/2017:12:03:06 -0300] "GET /cormun/static/about:blank HTTP/1.1" 404 1011
186.79.213.17 - - [02/Mar/2017:12:03:06 -0300] "GET /cormun/servlet/solicitudotadjuntos?INS,2017,5057,,1, HTTP/1.1" 200 5823
186.79.213.17 - - [02/Mar/2017:12:03:07 -0300] "GET /cormun/servlet/solicitudotadjuntos?23b6d38fd0ca578fc5f676b637503b3b91450924dbb5ace66989c5c202613ac5d767fd4fc1858eb3f47a439e44c902d4,gx-no-cache=1488467058017 HTTP/1.1" 200 30
200.112.2.29 - - [02/Mar/2017:12:03:07 -0300] "GET /cormun/servlet/solicitudotadjuntos?a02f8d2ec6a29ebb655dfec87319cee4b6c2a7e809a26044c8a53c412b9b9980,gx-no-cache=1488467056968 HTTP/1.1" 200 30
200.112.2.29 - - [02/Mar/2017:12:03:07 -0300] "GET /cormun/servlet/solicitudotadjuntos?a02f8d2ec6a29ebb655dfec87319cee4b6c2a7e809a26044c8a53c412b9b9980,gx-no-cache=1488467057059 HTTP/1.1" 200 30
186.79.213.17 - - [02/Mar/2017:12:03:07 -0300] "POST /cormun/servlet/solicitudotadjuntos?718dd99aade17cda666276530087fa92,INS,2017,5057,,1,,gx-no-cache=1488467058102 HTTP/1.1" 200 3684
200.112.2.29 - - [02/Mar/2017:12:03:15 -0300] "POST /cormun/servlet/solicitudotadjuntos?7538475c2fbddfd1812d9c2770566bc9,INS,2017,5071,,1, HTTP/1.1" 200 116
200.112.2.29 - - [02/Mar/2017:12:03:15 -0300] "GET /cormun/servlet/hpexe_return? HTTP/1.1" 200 1029
200.112.2.29 - - [02/Mar/2017:12:03:16 -0300] "GET /cormun/servlet/trsolicitudadjuntos?2017,5071, HTTP/1.1" 200 8492
200.112.2.29 - - [02/Mar/2017:12:03:17 -0300] "GET /cormun/servlet/trsolicitudadjuntos?2017,5071, HTTP/1.1" 200 8487
200.112.2.29 - - [02/Mar/2017:12:03:19 -0300] "GET /cormun/servlet/solicitudotadjuntos?INS,2017,5071,,1, HTTP/1.1" 200 5802
200.112.2.29 - - [02/Mar/2017:12:03:20 -0300] "GET /cormun/static/about:blank HTTP/1.1" 404 1011
200.112.2.29 - - [02/Mar/2017:12:03:20 -0300] "GET /cormun/servlet/solicitudotadjuntos?INS,2017,5071,,1, HTTP/1.1" 200 5796
200.112.2.29 - - [02/Mar/2017:12:03:20 -0300] "GET /cormun/servlet/solicitudotadjuntos?a02f8d2ec6a29ebb655dfec87319cee44522034b3eb2cd5f79da34f0100d6f158500490565fa921a755d0fbbd5084793,gx-no-cache=1488467070335 HTTP/1.1" 200 30
200.112.2.29 - - [02/Mar/2017:12:03:21 -0300] "POST /cormun/servlet/solicitudotadjuntos?7538475c2fbddfd1812d9c2770566bc9,INS,2017,5071,,1,,gx-no-cache=1488467070441 HTTP/1.1" 200 3646
200.112.2.29 - - [02/Mar/2017:12:03:24 -0300] "POST /cormun/servlet/solicitudotadjuntos?gx-no-cache=1488467074403 HTTP/1.1" 200 26
200.112.2.29 - - [02/Mar/2017:12:03:32 -0300] "GET /cormun/servlet/solicitudotadjuntos?a02f8d2ec6a29ebb655dfec87319cee4b6c2a7e809a26044c8a53c412b9b9980,gx-no-cache=1488467081892 HTTP/1.1" 200 30
200.112.2.29 - - [02/Mar/2017:12:03:32 -0300] "GET /cormun/servlet/solicitudotadjuntos?a02f8d2ec6a29ebb655dfec87319cee4b6c2a7e809a26044c8a53c412b9b9980,gx-no-cache=1488467082051 HTTP/1.1" 200 30
200.112.2.29 - - [02/Mar/2017:12:03:49 -0300] "POST /cormun/servlet/solicitudotadjuntos?7538475c2fbddfd1812d9c2770566bc9,INS,2017,5071,,1, HTTP/1.1" 200 116
200.112.2.29 - - [02/Mar/2017:12:03:49 -0300] "GET /cormun/servlet/hpexe_return? HTTP/1.1" 200 1029
200.112.2.29 - - [02/Mar/2017:12:03:50 -0300] "GET /cormun/servlet/trsolicitudadjuntos?2017,5071, HTTP/1.1" 200 8632
200.112.2.29 - - [02/Mar/2017:12:03:51 -0300] "GET /cormun/servlet/trsolicitudadjuntos?2017,5071, HTTP/1.1" 200 8631
186.79.213.17 - - [02/Mar/2017:12:03:51 -0300] "POST /cormun/servlet/solicitudotadjuntos?gx-no-cache=1488467102558 HTTP/1.1" 200 26
200.112.2.29 - - [02/Mar/2017:12:03:52 -0300] "GET /cormun/servlet/solicitudotadjuntos?INS,2017,5071,,1, HTTP/1.1" 200 5802
200.112.2.29 - - [02/Mar/2017:12:03:53 -0300] "GET /cormun/static/about:blank HTTP/1.1" 404 1011
200.112.2.29 - - [02/Mar/2017:12:03:53 -0300] "GET /cormun/servlet/solicitudotadjuntos?INS,2017,5071,,1, HTTP/1.1" 200 5796
200.112.2.29 - - [02/Mar/2017:12:03:53 -0300] "GET /cormun/servlet/solicitudotadjuntos?a02f8d2ec6a29ebb655dfec87319cee44522034b3eb2cd5f79da34f0100d6f158500490565fa921a755d0fbbd5084793,gx-no-cache=1488467103587 HTTP/1.1" 200 30
200.112.2.29 - - [02/Mar/2017:12:03:54 -0300] "POST /cormun/servlet/solicitudotadjuntos?7538475c2fbddfd1812d9c2770566bc9,INS,2017,5071,,1,,gx-no-cache=1488467103766 HTTP/1.1" 200 3646
200.112.2.29 - - [02/Mar/2017:12:03:57 -0300] "POST /cormun/servlet/solicitudotadjuntos?gx-no-cache=1488467106173 HTTP/1.1" 200 26
186.79.213.17 - - [02/Mar/2017:12:03:57 -0300] "GET /cormun/servlet/solicitudotadjuntos?23b6d38fd0ca578fc5f676b637503b3b07fb6dff0bf05f02ba28e7468aede8c3,gx-no-cache=1488467108536 HTTP/1.1" 200 30
186.79.213.17 - - [02/Mar/2017:12:03:57 -0300] "GET /cormun/servlet/solicitudotadjuntos?23b6d38fd0ca578fc5f676b637503b3b07fb6dff0bf05f02ba28e7468aede8c3,gx-no-cache=1488467108591 HTTP/1.1" 200 30
186.79.213.17 - - [02/Mar/2017:12:04:00 -0300] "POST /cormun/servlet/solicitudotadjuntos?718dd99aade17cda666276530087fa92,INS,2017,5057,,1, HTTP/1.1" 200 116
186.79.213.17 - - [02/Mar/2017:12:04:00 -0300] "GET /cormun/servlet/hpexe_return? HTTP/1.1" 200 1026
186.79.213.17 - - [02/Mar/2017:12:04:01 -0300] "GET /cormun/servlet/trsolicitudadjuntos?2017,5057, HTTP/1.1" 200 8925
186.79.213.17 - - [02/Mar/2017:12:04:01 -0300] "GET /cormun/servlet/trsolicitudadjuntos?2017,5057, HTTP/1.1" 200 8923
192.168.10.89 - - [02/Mar/2017:12:04:04 -0300] "POST /cormun/servlet/trsolicitudgral?ccdbdceab80fd9c9401ed40c91025669,,gx-no-cache=1488470330588 HTTP/1.1" 200 12760
186.79.213.17 - - [02/Mar/2017:12:04:06 -0300] "GET /cormun/servlet/solicitudotadjuntos?INS,2017,5057,,2, HTTP/1.1" 200 5827
186.79.213.17 - - [02/Mar/2017:12:04:07 -0300] "GET /cormun/static/about:blank HTTP/1.1" 404 1011
186.79.213.17 - - [02/Mar/2017:12:04:07 -0300] "GET /cormun/servlet/solicitudotadjuntos?INS,2017,5057,,2, HTTP/1.1" 200 5821
186.79.213.17 - - [02/Mar/2017:12:04:07 -0300] "GET /cormun/servlet/solicitudotadjuntos?23b6d38fd0ca578fc5f676b637503b3b91450924dbb5ace66989c5c202613ac5d767fd4fc1858eb3f47a439e44c902d4,gx-no-cache=1488467118409 HTTP/1.1" 200 30
186.79.213.17 - - [02/Mar/2017:12:04:08 -0300] "POST /cormun/servlet/solicitudotadjuntos?718dd99aade17cda666276530087fa92,INS,2017,5057,,2,,gx-no-cache=1488467118480 HTTP/1.1" 200 3829
186.79.213.17 - - [02/Mar/2017:12:04:12 -0300] "POST /cormun/servlet/solicitudotadjuntos?gx-no-cache=1488467123048 HTTP/1.1" 200 26
200.112.2.29 - - [02/Mar/2017:12:04:13 -0300] "GET /cormun/servlet/solicitudotadjuntos?a02f8d2ec6a29ebb655dfec87319cee4b6c2a7e809a26044c8a53c412b9b9980,gx-no-cache=1488467123176 HTTP/1.1" 200 30
200.112.2.29 - - [02/Mar/2017:12:04:13 -0300] "GET /cormun/servlet/solicitudotadjuntos?a02f8d2ec6a29ebb655dfec87319cee4b6c2a7e809a26044c8a53c412b9b9980,gx-no-cache=1488467123274 HTTP/1.1" 200 30
186.79.213.17 - - [02/Mar/2017:12:04:22 -0300] "GET /cormun/servlet/solicitudotadjuntos?23b6d38fd0ca578fc5f676b637503b3b07fb6dff0bf05f02ba28e7468aede8c3,gx-no-cache=1488467132840 HTTP/1.1" 200 30
186.79.213.17 - - [02/Mar/2017:12:04:22 -0300] "GET /cormun/servlet/solicitudotadjuntos?23b6d38fd0ca578fc5f676b637503b3b07fb6dff0bf05f02ba28e7468aede8c3,gx-no-cache=1488467132935 HTTP/1.1" 200 30
186.79.213.17 - - [02/Mar/2017:12:04:24 -0300] "POST /cormun/servlet/solicitudotadjuntos?718dd99aade17cda666276530087fa92,INS,2017,5057,,2, HTTP/1.1" 200 116
186.79.213.17 - - [02/Mar/2017:12:04:24 -0300] "GET /cormun/servlet/hpexe_return? HTTP/1.1" 200 1026
186.79.213.17 - - [02/Mar/2017:12:04:25 -0300] "GET /cormun/servlet/trsolicitudadjuntos?2017,5057, HTTP/1.1" 200 9159
186.79.213.17 - - [02/Mar/2017:12:04:26 -0300] "GET /cormun/servlet/trsolicitudadjuntos?2017,5057, HTTP/1.1" 200 9158
200.112.2.29 - - [02/Mar/2017:12:04:26 -0300] "POST /cormun/servlet/solicitudotadjuntos?7538475c2fbddfd1812d9c2770566bc9,INS,2017,5071,,1, HTTP/1.1" 200 116
200.112.2.29 - - [02/Mar/2017:12:04:26 -0300] "GET /cormun/servlet/hpexe_return? HTTP/1.1" 200 1029
200.112.2.29 - - [02/Mar/2017:12:04:27 -0300] "GET /cormun/servlet/trsolicitudadjuntos?2017,5071, HTTP/1.1" 200 8871
200.112.2.29 - - [02/Mar/2017:12:04:28 -0300] "GET /cormun/servlet/trsolicitudadjuntos?2017,5071, HTTP/1.1" 200 8867
200.112.2.29 - - [02/Mar/2017:12:04:31 -0300] "GET /cormun/servlet/solicitudotadjuntos?INS,2017,5071,,2, HTTP/1.1" 200 5802
200.112.2.29 - - [02/Mar/2017:12:04:31 -0300] "GET /cormun/static/about:blank HTTP/1.1" 404 1011
200.112.2.29 - - [02/Mar/2017:12:04:32 -0300] "GET /cormun/servlet/solicitudotadjuntos?INS,2017,5071,,2, HTTP/1.1" 200 5796
200.112.2.29 - - [02/Mar/2017:12:04:32 -0300] "GET /cormun/servlet/solicitudotadjuntos?a02f8d2ec6a29ebb655dfec87319cee44522034b3eb2cd5f79da34f0100d6f158500490565fa921a755d0fbbd5084793,gx-no-cache=1488467142203 HTTP/1.1" 200 30
200.112.2.29 - - [02/Mar/2017:12:04:32 -0300] "POST /cormun/servlet/solicitudotadjuntos?7538475c2fbddfd1812d9c2770566bc9,INS,2017,5071,,2,,gx-no-cache=1488467142314 HTTP/1.1" 200 3857
186.79.213.17 - - [02/Mar/2017:12:04:33 -0300] "POST /cormun/servlet/trsolicitudadjuntos?718dd99aade17cda666276530087fa92,2017,5057,,gx-no-cache=1488467143187 HTTP/1.1" 200 90
186.79.213.17 - - [02/Mar/2017:12:04:33 -0300] "GET /cormun/servlet/hpexe_link HTTP/1.1" 200 972
186.79.213.17 - - [02/Mar/2017:12:04:33 -0300] "GET /cormun/servlet/trsolicitudot HTTP/1.1" 200 8271
186.79.213.17 - - [02/Mar/2017:12:04:34 -0300] "GET /cormun/servlet/trsolicitudot HTTP/1.1" 200 8270
186.79.213.17 - - [02/Mar/2017:12:04:46 -0300] "POST /cormun/servlet/trsolicitudot?718dd99aade17cda666276530087fa92,gx-no-cache=1488467156430 HTTP/1.1" 200 5085
186.79.213.17 - - [02/Mar/2017:12:04:46 -0300] "GET /cormun/static/Shared/jqueryui/images/ui-bg_highlight-soft_100_c6c2c8_1x100.png HTTP/1.1" 404 1117
186.79.213.17 - - [02/Mar/2017:12:04:46 -0300] "GET /cormun/static/Shared/jqueryui/images/ui-icons_82798d_256x240.png HTTP/1.1" 404 1089
186.79.213.17 - - [02/Mar/2017:12:04:46 -0300] "GET /cormun/static/Shared/jqueryui/images/ui-bg_flat_55_fafafa_40x100.png HTTP/1.1" 404 1097
186.79.213.17 - - [02/Mar/2017:12:04:46 -0300] "GET /cormun/static/Shared/jqueryui/images/ui-icons_8d78a5_256x240.png HTTP/1.1" 404 1089
186.79.213.17 - - [02/Mar/2017:12:04:46 -0300] "POST /cormun/servlet/trsolicitudot?718dd99aade17cda666276530087fa92,gx-no-cache=1488467156983 HTTP/1.1" 200 5027
186.79.213.17 - - [02/Mar/2017:12:04:48 -0300] "POST /cormun/servlet/trsolicitudot?718dd99aade17cda666276530087fa92,gx-no-cache=1488467159315 HTTP/1.1" 200 3892
186.79.213.17 - - [02/Mar/2017:12:04:49 -0300] "POST /cormun/servlet/trsolicitudot?718dd99aade17cda666276530087fa92,gx-no-cache=1488467159790 HTTP/1.1" 200 3684
192.168.10.89 - - [02/Mar/2017:12:06:22 -0300] "POST /cormun/servlet/trsolicitudgral?ccdbdceab80fd9c9401ed40c91025669,,gx-no-cache=1488470468278 HTTP/1.1" 200 5390
192.168.10.96 - - [02/Mar/2017:12:06:45 -0300] "POST /cormun/servlet/trsolicitudgral?f71ff6bed30984c1a2a1cd8a2d14592c,gx-no-cache=1488470491850 HTTP/1.1" 440 972
192.168.10.96 - - [02/Mar/2017:12:06:48 -0300] "GET /cormun/servlet/trsolicitudgral HTTP/1.1" 200 23213
192.168.10.96 - - [02/Mar/2017:12:06:49 -0300] "GET /cormun/servlet/hlogin HTTP/1.1" 200 1740
192.168.10.96 - - [02/Mar/2017:12:06:51 -0300] "GET /cormun/servlet/trsolicitudgral HTTP/1.1" 200 23213
186.103.157.235 - - [02/Mar/2017:12:11:07 -0300] "POST /cormun/servlet/trsolicitudot?ab7064e36164ace89d96c0dc7d4eb77b,gx-no-cache=1488467703266 HTTP/1.1" 440 972
186.103.157.235 - - [02/Mar/2017:12:11:09 -0300] "GET /cormun/servlet/trsolicitudot HTTP/1.1" 200 6031
186.103.157.235 - - [02/Mar/2017:12:11:10 -0300] "GET /cormun/servlet/trsolicitudot HTTP/1.1" 200 6031
186.103.157.235 - - [02/Mar/2017:12:11:10 -0300] "GET /cormun/servlet/hlogin HTTP/1.1" 200 1733
186.103.157.235 - - [02/Mar/2017:12:11:29 -0300] "POST /cormun/servlet/hlogin?ea8c68da5503fcb8e60b2460465934cd,gx-no-cache=1488467725505 HTTP/1.1" 200 90
186.103.157.235 - - [02/Mar/2017:12:11:29 -0300] "GET /cormun/servlet/hpexe_link HTTP/1.1" 200 956
186.103.157.235 - - [02/Mar/2017:12:11:29 -0300] "GET /cormun/servlet/trsolicitudot HTTP/1.1" 200 8028
186.103.157.235 - - [02/Mar/2017:12:11:30 -0300] "GET /cormun/servlet/trsolicitudot HTTP/1.1" 200 8027
186.103.157.235 - - [02/Mar/2017:12:11:33 -0300] "POST /cormun/servlet/trsolicitudot?ea8c68da5503fcb8e60b2460465934cd,gx-no-cache=1488467729270 HTTP/1.1" 200 107
186.103.157.235 - - [02/Mar/2017:12:11:33 -0300] "GET /cormun/servlet/trsolicitudadjuntos?2017,5069, HTTP/1.1" 200 6049
186.103.157.235 - - [02/Mar/2017:12:11:34 -0300] "GET /cormun/servlet/trsolicitudadjuntos?2017,5069, HTTP/1.1" 200 6048
186.103.157.235 - - [02/Mar/2017:12:11:36 -0300] "GET /cormun/servlet/solicitudotadjuntos?INS,2017,5069,,2, HTTP/1.1" 200 5978
186.103.157.235 - - [02/Mar/2017:12:11:36 -0300] "GET /cormun/static/gxcfg.js?201612218465951 HTTP/1.1" 200 953
186.103.157.235 - - [02/Mar/2017:12:11:36 -0300] "GET /cormun/static/solicitudotadjuntos.js?201612218465969 HTTP/1.1" 200 11762
186.103.157.235 - - [02/Mar/2017:12:11:36 -0300] "GET /cormun/static/about:blank HTTP/1.1" 404 1011
186.103.157.235 - - [02/Mar/2017:12:11:36 -0300] "GET /cormun/servlet/solicitudotadjuntos?INS,2017,5069,,2, HTTP/1.1" 200 5971
186.103.157.235 - - [02/Mar/2017:12:11:37 -0300] "GET /cormun/servlet/solicitudotadjuntos?f7f94cda93b91c93cf4433882d78b64817b562701c3a9e1fa6fcb780c5c916603ecfe8eaf9db03fd3e2b84c84f252cc2,gx-no-cache=1488467733198 HTTP/1.1" 200 30
186.103.157.235 - - [02/Mar/2017:12:11:37 -0300] "POST /cormun/servlet/solicitudotadjuntos?ea8c68da5503fcb8e60b2460465934cd,INS,2017,5069,,2,,gx-no-cache=1488467733492 HTTP/1.1" 200 4041
186.103.157.235 - - [02/Mar/2017:12:11:43 -0300] "GET /cormun/servlet/trsolicitudadjuntos?2017,5069, HTTP/1.1" 200 6049
186.103.157.235 - - [02/Mar/2017:12:11:44 -0300] "GET /cormun/servlet/trsolicitudadjuntos?2017,5069, HTTP/1.1" 200 6048
186.103.157.235 - - [02/Mar/2017:12:11:46 -0300] "GET /cormun/servlet/solicitudotadjuntos?INS,2017,5069,,1, HTTP/1.1" 200 5979
186.103.157.235 - - [02/Mar/2017:12:11:46 -0300] "GET /cormun/static/about:blank HTTP/1.1" 404 1011
186.103.157.235 - - [02/Mar/2017:12:11:46 -0300] "GET /cormun/servlet/solicitudotadjuntos?INS,2017,5069,,1, HTTP/1.1" 200 5972
186.103.157.235 - - [02/Mar/2017:12:11:47 -0300] "GET /cormun/servlet/solicitudotadjuntos?f7f94cda93b91c93cf4433882d78b64817b562701c3a9e1fa6fcb780c5c916603ecfe8eaf9db03fd3e2b84c84f252cc2,gx-no-cache=1488467743274 HTTP/1.1" 200 30
186.103.157.235 - - [02/Mar/2017:12:11:47 -0300] "POST /cormun/servlet/solicitudotadjuntos?ea8c68da5503fcb8e60b2460465934cd,INS,2017,5069,,1,,gx-no-cache=1488467743325 HTTP/1.1" 200 3824
186.103.157.235 - - [02/Mar/2017:12:11:49 -0300] "POST /cormun/servlet/solicitudotadjuntos?gx-no-cache=1488467745516 HTTP/1.1" 200 26
186.103.157.235 - - [02/Mar/2017:12:12:02 -0300] "GET /cormun/servlet/solicitudotadjuntos?f7f94cda93b91c93cf4433882d78b648ad211d628fbe86e81a23d558ff8acd02,gx-no-cache=1488467758752 HTTP/1.1" 200 30
186.103.157.235 - - [02/Mar/2017:12:12:02 -0300] "GET /cormun/servlet/solicitudotadjuntos?f7f94cda93b91c93cf4433882d78b648ad211d628fbe86e81a23d558ff8acd02,gx-no-cache=1488467758815 HTTP/1.1" 200 30
186.103.157.235 - - [02/Mar/2017:12:12:03 -0300] "POST /cormun/servlet/solicitudotadjuntos?ea8c68da5503fcb8e60b2460465934cd,INS,2017,5069,,1, HTTP/1.1" 200 116
186.103.157.235 - - [02/Mar/2017:12:12:03 -0300] "GET /cormun/servlet/hpexe_return? HTTP/1.1" 200 1021
186.103.157.235 - - [02/Mar/2017:12:12:03 -0300] "GET /cormun/servlet/trsolicitudadjuntos?2017,5069, HTTP/1.1" 200 8154
186.103.157.235 - - [02/Mar/2017:12:12:04 -0300] "GET /cormun/servlet/trsolicitudadjuntos?2017,5069, HTTP/1.1" 200 8147
186.103.157.235 - - [02/Mar/2017:12:12:08 -0300] "GET /cormun/servlet/solicitudotadjuntos?INS,2017,5069,,1, HTTP/1.1" 200 5979
186.103.157.235 - - [02/Mar/2017:12:12:09 -0300] "GET /cormun/static/about:blank HTTP/1.1" 404 1011
186.103.157.235 - - [02/Mar/2017:12:12:09 -0300] "GET /cormun/servlet/solicitudotadjuntos?INS,2017,5069,,1, HTTP/1.1" 200 5972
186.103.157.235 - - [02/Mar/2017:12:12:09 -0300] "GET /cormun/servlet/solicitudotadjuntos?f7f94cda93b91c93cf4433882d78b64817b562701c3a9e1fa6fcb780c5c916603ecfe8eaf9db03fd3e2b84c84f252cc2,gx-no-cache=1488467765617 HTTP/1.1" 200 30
186.103.157.235 - - [02/Mar/2017:12:12:09 -0300] "POST /cormun/servlet/solicitudotadjuntos?ea8c68da5503fcb8e60b2460465934cd,INS,2017,5069,,1,,gx-no-cache=1488467765689 HTTP/1.1" 200 3824
186.103.157.235 - - [02/Mar/2017:12:12:12 -0300] "POST /cormun/servlet/solicitudotadjuntos?gx-no-cache=1488467768298 HTTP/1.1" 200 26
186.103.157.235 - - [02/Mar/2017:12:12:50 -0300] "GET /cormun/servlet/solicitudotadjuntos?f7f94cda93b91c93cf4433882d78b648ad211d628fbe86e81a23d558ff8acd02,gx-no-cache=1488467806165 HTTP/1.1" 200 30
186.103.157.235 - - [02/Mar/2017:12:12:50 -0300] "GET /cormun/servlet/solicitudotadjuntos?f7f94cda93b91c93cf4433882d78b648ad211d628fbe86e81a23d558ff8acd02,gx-no-cache=1488467806302 HTTP/1.1" 200 30
186.103.157.235 - - [02/Mar/2017:12:12:50 -0300] "POST /cormun/servlet/solicitudotadjuntos?ea8c68da5503fcb8e60b2460465934cd,INS,2017,5069,,1, HTTP/1.1" 200 116
186.103.157.235 - - [02/Mar/2017:12:12:50 -0300] "GET /cormun/servlet/hpexe_return? HTTP/1.1" 200 1021
186.103.157.235 - - [02/Mar/2017:12:12:51 -0300] "GET /cormun/servlet/trsolicitudadjuntos?2017,5069, HTTP/1.1" 200 8357
186.103.157.235 - - [02/Mar/2017:12:12:51 -0300] "GET /cormun/servlet/trsolicitudadjuntos?2017,5069, HTTP/1.1" 200 8353
192.168.10.89 - - [02/Mar/2017:12:12:53 -0300] "POST /cormun/servlet/trsolicitudgral?ccdbdceab80fd9c9401ed40c91025669,,gx-no-cache=1488470859002 HTTP/1.1" 200 8124
186.103.157.235 - - [02/Mar/2017:12:12:55 -0300] "GET /cormun/servlet/solicitudotadjuntos?INS,2017,5069,,1, HTTP/1.1" 200 5979
186.103.157.235 - - [02/Mar/2017:12:12:55 -0300] "GET /cormun/static/about:blank HTTP/1.1" 404 1011
186.103.157.235 - - [02/Mar/2017:12:12:55 -0300] "GET /cormun/servlet/solicitudotadjuntos?INS,2017,5069,,1, HTTP/1.1" 200 5972
186.103.157.235 - - [02/Mar/2017:12:12:56 -0300] "GET /cormun/servlet/solicitudotadjuntos?f7f94cda93b91c93cf4433882d78b64817b562701c3a9e1fa6fcb780c5c916603ecfe8eaf9db03fd3e2b84c84f252cc2,gx-no-cache=1488467812366 HTTP/1.1" 200 30
186.103.157.235 - - [02/Mar/2017:12:12:56 -0300] "POST /cormun/servlet/solicitudotadjuntos?ea8c68da5503fcb8e60b2460465934cd,INS,2017,5069,,1,,gx-no-cache=1488467812410 HTTP/1.1" 200 3824
186.103.157.235 - - [02/Mar/2017:12:12:59 -0300] "POST /cormun/servlet/solicitudotadjuntos?gx-no-cache=1488467815673 HTTP/1.1" 200 26
192.168.10.89 - - [02/Mar/2017:12:13:00 -0300] "POST /cormun/servlet/trsolicitudgral?ccdbdceab80fd9c9401ed40c91025669,,gx-no-cache=1488470865850 HTTP/1.1" 200 5387
201.246.236.28 - - [02/Mar/2017:12:13:00 -0300] "GET /cormun/servlet/hlogin HTTP/1.1" 200 1727
201.246.236.28 - - [02/Mar/2017:12:13:01 -0300] "GET /cormun/servlet/hlogin HTTP/1.1" 200 1733
186.103.157.235 - - [02/Mar/2017:12:13:01 -0300] "GET /cormun/servlet/solicitudotadjuntos?f7f94cda93b91c93cf4433882d78b648ad211d628fbe86e81a23d558ff8acd02,gx-no-cache=1488467817113 HTTP/1.1" 200 30
186.103.157.235 - - [02/Mar/2017:12:13:01 -0300] "GET /cormun/servlet/solicitudotadjuntos?f7f94cda93b91c93cf4433882d78b648ad211d628fbe86e81a23d558ff8acd02,gx-no-cache=1488467817182 HTTP/1.1" 200 30
186.103.157.235 - - [02/Mar/2017:12:13:01 -0300] "POST /cormun/servlet/solicitudotadjuntos?ea8c68da5503fcb8e60b2460465934cd,INS,2017,5069,,1,,gx-no-cache=1488467817247 HTTP/1.1" 200 93
186.103.157.235 - - [02/Mar/2017:12:13:01 -0300] "GET /cormun/servlet/hpexe_return? HTTP/1.1" 200 1021
186.103.157.235 - - [02/Mar/2017:12:13:01 -0300] "GET /cormun/servlet/trsolicitudadjuntos?2017,5069, HTTP/1.1" 200 8446
186.103.157.235 - - [02/Mar/2017:12:13:02 -0300] "GET /cormun/servlet/trsolicitudadjuntos?2017,5069, HTTP/1.1" 200 8443
186.103.157.235 - - [02/Mar/2017:12:13:06 -0300] "GET /cormun/servlet/solicitudotadjuntos?DLT,2017,5069,CERTIF3,0, HTTP/1.1" 200 5874
186.103.157.235 - - [02/Mar/2017:12:13:06 -0300] "GET /cormun/static/about:blank HTTP/1.1" 404 1011
186.103.157.235 - - [02/Mar/2017:12:13:06 -0300] "GET /cormun/static/Shared/jqueryui/images/ui-bg_highlight-soft_100_c6c2c8_1x100.png HTTP/1.1" 404 1117
186.103.157.235 - - [02/Mar/2017:12:13:06 -0300] "GET /cormun/static/Shared/jqueryui/images/ui-icons_82798d_256x240.png HTTP/1.1" 404 1089
186.103.157.235 - - [02/Mar/2017:12:13:06 -0300] "GET /cormun/static/Shared/jqueryui/images/ui-icons_8d78a5_256x240.png HTTP/1.1" 404 1089
186.103.157.235 - - [02/Mar/2017:12:13:06 -0300] "GET /cormun/static/Shared/jqueryui/images/ui-bg_flat_55_fafafa_40x100.png HTTP/1.1" 404 1097
186.103.157.235 - - [02/Mar/2017:12:13:06 -0300] "GET /cormun/servlet/solicitudotadjuntos?DLT,2017,5069,CERTIF3,0, HTTP/1.1" 200 5868
186.103.157.235 - - [02/Mar/2017:12:13:09 -0300] "POST /cormun/servlet/solicitudotadjuntos?ea8c68da5503fcb8e60b2460465934cd,DLT,2017,5069,CERTIF3,0,,gx-no-cache=1488467825429 HTTP/1.1" 200 93
186.103.157.235 - - [02/Mar/2017:12:13:09 -0300] "GET /cormun/servlet/hpexe_return? HTTP/1.1" 200 1028
186.103.157.235 - - [02/Mar/2017:12:13:10 -0300] "GET /cormun/servlet/trsolicitudadjuntos?2017,5069, HTTP/1.1" 200 8448
186.103.157.235 - - [02/Mar/2017:12:13:10 -0300] "GET /cormun/servlet/trsolicitudadjuntos?2017,5069, HTTP/1.1" 200 8445
186.103.157.235 - - [02/Mar/2017:12:13:13 -0300] "GET /cormun/servlet/solicitudotadjuntos?DLT,2017,5069,CERTIF3,0, HTTP/1.1" 200 5875
186.103.157.235 - - [02/Mar/2017:12:13:13 -0300] "GET /cormun/static/about:blank HTTP/1.1" 404 1011
186.103.157.235 - - [02/Mar/2017:12:13:14 -0300] "GET /cormun/static/Shared/jqueryui/images/ui-bg_highlight-soft_100_c6c2c8_1x100.png HTTP/1.1" 404 1117
186.103.157.235 - - [02/Mar/2017:12:13:14 -0300] "GET /cormun/static/Shared/jqueryui/images/ui-bg_flat_55_fafafa_40x100.png HTTP/1.1" 404 1097
186.103.157.235 - - [02/Mar/2017:12:13:14 -0300] "GET /cormun/static/Shared/jqueryui/images/ui-icons_82798d_256x240.png HTTP/1.1" 404 1089
186.103.157.235 - - [02/Mar/2017:12:13:14 -0300] "GET /cormun/static/Shared/jqueryui/images/ui-icons_8d78a5_256x240.png HTTP/1.1" 404 1089
186.103.157.235 - - [02/Mar/2017:12:13:14 -0300] "GET /cormun/servlet/solicitudotadjuntos?DLT,2017,5069,CERTIF3,0, HTTP/1.1" 200 5869
201.246.236.28 - - [02/Mar/2017:12:13:14 -0300] "POST /cormun/servlet/hlogin?f746a4eaa02f6aa3a86ecfa7039d7f32,gx-no-cache=1488467667836 HTTP/1.1" 200 90
201.246.236.28 - - [02/Mar/2017:12:13:14 -0300] "GET /cormun/servlet/hpexe_link HTTP/1.1" 200 958
201.246.236.28 - - [02/Mar/2017:12:13:15 -0300] "GET /cormun/servlet/hhome HTTP/1.1" 200 3979
186.103.157.235 - - [02/Mar/2017:12:13:15 -0300] "POST /cormun/servlet/solicitudotadjuntos?ea8c68da5503fcb8e60b2460465934cd,DLT,2017,5069,CERTIF3,0,,gx-no-cache=1488467831246 HTTP/1.1" 200 93
186.103.157.235 - - [02/Mar/2017:12:13:15 -0300] "GET /cormun/servlet/hpexe_return? HTTP/1.1" 200 1028
186.103.157.235 - - [02/Mar/2017:12:13:15 -0300] "GET /cormun/servlet/trsolicitudadjuntos?2017,5069, HTTP/1.1" 200 8356
186.103.157.235 - - [02/Mar/2017:12:13:16 -0300] "GET /cormun/servlet/trsolicitudadjuntos?2017,5069, HTTP/1.1" 200 8355
201.246.236.28 - - [02/Mar/2017:12:13:17 -0300] "GET /cormun/servlet/hhome HTTP/1.1" 200 3976
186.103.157.235 - - [02/Mar/2017:12:13:18 -0300] "GET /cormun/servlet/solicitudotadjuntos?INS,2017,5069,,1, HTTP/1.1" 200 5978
186.103.157.235 - - [02/Mar/2017:12:13:19 -0300] "GET /cormun/static/about:blank HTTP/1.1" 404 1011
186.103.157.235 - - [02/Mar/2017:12:13:19 -0300] "GET /cormun/servlet/solicitudotadjuntos?INS,2017,5069,,1, HTTP/1.1" 200 5971
186.103.157.235 - - [02/Mar/2017:12:13:19 -0300] "GET /cormun/servlet/solicitudotadjuntos?f7f94cda93b91c93cf4433882d78b64817b562701c3a9e1fa6fcb780c5c916603ecfe8eaf9db03fd3e2b84c84f252cc2,gx-no-cache=1488467835639 HTTP/1.1" 200 30
186.103.157.235 - - [02/Mar/2017:12:13:19 -0300] "POST /cormun/servlet/solicitudotadjuntos?ea8c68da5503fcb8e60b2460465934cd,INS,2017,5069,,1,,gx-no-cache=1488467835781 HTTP/1.1" 200 3823
201.246.236.28 - - [02/Mar/2017:12:13:20 -0300] "GET /cormun/servlet/trsolicitudot? HTTP/1.1" 200 6953
201.246.236.28 - - [02/Mar/2017:12:13:22 -0300] "GET /cormun/servlet/trsolicitudot? HTTP/1.1" 200 6952
186.103.157.235 - - [02/Mar/2017:12:13:26 -0300] "POST /cormun/servlet/solicitudotadjuntos?gx-no-cache=1488467842438 HTTP/1.1" 200 26
201.246.236.28 - - [02/Mar/2017:12:13:27 -0300] "GET /cormun/servlet/solicitudot?INS,0,0, HTTP/1.1" 200 12779
201.246.236.28 - - [02/Mar/2017:12:13:28 -0300] "GET /cormun/servlet/solicitudot?INS,0,0, HTTP/1.1" 200 12784
186.103.157.235 - - [02/Mar/2017:12:13:33 -0300] "GET /cormun/servlet/solicitudotadjuntos?f7f94cda93b91c93cf4433882d78b648ad211d628fbe86e81a23d558ff8acd02,gx-no-cache=1488467849096 HTTP/1.1" 200 30
186.103.157.235 - - [02/Mar/2017:12:13:33 -0300] "GET /cormun/servlet/solicitudotadjuntos?f7f94cda93b91c93cf4433882d78b648ad211d628fbe86e81a23d558ff8acd02,gx-no-cache=1488467849207 HTTP/1.1" 200 30
186.103.157.235 - - [02/Mar/2017:12:13:34 -0300] "POST /cormun/servlet/solicitudotadjuntos?ea8c68da5503fcb8e60b2460465934cd,INS,2017,5069,,1, HTTP/1.1" 200 116
186.103.157.235 - - [02/Mar/2017:12:13:34 -0300] "GET /cormun/servlet/hpexe_return? HTTP/1.1" 200 1021
186.103.157.235 - - [02/Mar/2017:12:13:34 -0300] "GET /cormun/servlet/trsolicitudadjuntos?2017,5069, HTTP/1.1" 200 8506
186.103.157.235 - - [02/Mar/2017:12:13:34 -0300] "GET /cormun/servlet/trsolicitudadjuntos?2017,5069, HTTP/1.1" 200 8504
186.103.157.235 - - [02/Mar/2017:12:13:37 -0300] "GET /cormun/servlet/solicitudotadjuntos?INS,2017,5069,,1, HTTP/1.1" 200 5978
186.103.157.235 - - [02/Mar/2017:12:13:38 -0300] "GET /cormun/static/about:blank HTTP/1.1" 404 1011
186.103.157.235 - - [02/Mar/2017:12:13:38 -0300] "GET /cormun/servlet/solicitudotadjuntos?INS,2017,5069,,1, HTTP/1.1" 200 5971
186.103.157.235 - - [02/Mar/2017:12:13:38 -0300] "GET /cormun/servlet/solicitudotadjuntos?f7f94cda93b91c93cf4433882d78b64817b562701c3a9e1fa6fcb780c5c916603ecfe8eaf9db03fd3e2b84c84f252cc2,gx-no-cache=1488467854552 HTTP/1.1" 200 30
186.103.157.235 - - [02/Mar/2017:12:13:38 -0300] "POST /cormun/servlet/solicitudotadjuntos?ea8c68da5503fcb8e60b2460465934cd,INS,2017,5069,,1,,gx-no-cache=1488467854633 HTTP/1.1" 200 3823
186.103.157.235 - - [02/Mar/2017:12:13:42 -0300] "POST /cormun/servlet/solicitudotadjuntos?gx-no-cache=1488467858511 HTTP/1.1" 200 26
201.246.236.28 - - [02/Mar/2017:12:13:53 -0300] "GET /cormun/servlet/prfichaempleado?,MD,,gxPopupLevel%3D0%3B HTTP/1.1" 200 8853
186.103.157.235 - - [02/Mar/2017:12:14:07 -0300] "GET /cormun/servlet/solicitudotadjuntos?f7f94cda93b91c93cf4433882d78b648ad211d628fbe86e81a23d558ff8acd02,gx-no-cache=1488467883212 HTTP/1.1" 200 30
186.103.157.235 - - [02/Mar/2017:12:14:07 -0300] "GET /cormun/servlet/solicitudotadjuntos?f7f94cda93b91c93cf4433882d78b648ad211d628fbe86e81a23d558ff8acd02,gx-no-cache=1488467883339 HTTP/1.1" 200 30
201.246.236.28 - - [02/Mar/2017:12:14:07 -0300] "POST /cormun/servlet/prfichaempleado?f746a4eaa02f6aa3a86ecfa7039d7f32,,MD,,gxPopupLevel%3D0%3B,gx-no-cache=1488467720273 HTTP/1.1" 200 3185
186.103.157.235 - - [02/Mar/2017:12:14:07 -0300] "POST /cormun/servlet/solicitudotadjuntos?ea8c68da5503fcb8e60b2460465934cd,INS,2017,5069,,1, HTTP/1.1" 200 116
186.103.157.235 - - [02/Mar/2017:12:14:07 -0300] "GET /cormun/servlet/hpexe_return? HTTP/1.1" 200 1021
186.103.157.235 - - [02/Mar/2017:12:14:08 -0300] "GET /cormun/servlet/trsolicitudadjuntos?2017,5069, HTTP/1.1" 200 8630
186.103.157.235 - - [02/Mar/2017:12:14:08 -0300] "GET /cormun/servlet/trsolicitudadjuntos?2017,5069, HTTP/1.1" 200 8625
186.103.157.235 - - [02/Mar/2017:12:14:22 -0300] "GET /cormun/servlet/solicitudotadjuntos?INS,2017,5069,,1, HTTP/1.1" 200 5978
186.103.157.235 - - [02/Mar/2017:12:14:23 -0300] "GET /cormun/static/about:blank HTTP/1.1" 404 1011
186.103.157.235 - - [02/Mar/2017:12:14:23 -0300] "GET /cormun/servlet/solicitudotadjuntos?INS,2017,5069,,1, HTTP/1.1" 200 5971
