200.112.0.14 - - [02/Mar/2017:10:50:12 -0300] "GET /cormun/servlet/hpexe_return? HTTP/1.1" 200 1012
200.112.0.14 - - [02/Mar/2017:10:50:12 -0300] "GET /cormun/static/gxcfg.js?2016101716175148 HTTP/1.1" 200 953
186.103.156.211 - - [02/Mar/2017:10:50:13 -0300] "GET /cormun/servlet/trsolicitudadjuntos?2017,5054, HTTP/1.1" 200 8365
200.112.0.14 - - [02/Mar/2017:10:50:13 -0300] "GET /cormun/static/hpexe_return.js?2016101716175153 HTTP/1.1" 200 1633
200.112.0.14 - - [02/Mar/2017:10:50:13 -0300] "GET /cormun/servlet/trlicencias? HTTP/1.1" 200 7790
200.112.0.14 - - [02/Mar/2017:10:50:13 -0300] "GET /cormun/servlet/trlicencias? HTTP/1.1" 200 7786
186.103.156.211 - - [02/Mar/2017:10:50:16 -0300] "GET /cormun/servlet/solicitudotadjuntos?INS,2017,5054,,1, HTTP/1.1" 200 6003
186.103.156.211 - - [02/Mar/2017:10:50:16 -0300] "GET /cormun/static/about:blank HTTP/1.1" 404 1011
186.103.156.211 - - [02/Mar/2017:10:50:16 -0300] "GET /cormun/servlet/solicitudotadjuntos?INS,2017,5054,,1, HTTP/1.1" 200 5996
186.103.156.211 - - [02/Mar/2017:10:50:17 -0300] "GET /cormun/servlet/solicitudotadjuntos?d3bf168ba3b19a819b091f6d3aa35ec8e5bf0f0bb5373f69c91ccc11755d224af5605fc6c09d24e2f76ecd93baf82425,gx-no-cache=1488462688254 HTTP/1.1" 200 30
186.103.156.211 - - [02/Mar/2017:10:50:17 -0300] "POST /cormun/servlet/solicitudotadjuntos?bb280241ee2e7d91405c396b31f74426,INS,2017,5054,,1,,gx-no-cache=1488462688385 HTTP/1.1" 200 3873
200.112.0.14 - - [02/Mar/2017:10:50:18 -0300] "POST /cormun/servlet/trlicencias?7addb6c1d94334b4518dfe1536a9ae90,,gx-no-cache=1488462688097 HTTP/1.1" 200 5212
200.112.0.14 - - [02/Mar/2017:10:50:19 -0300] "GET /cormun/static/Shared/jqueryui/images/ui-bg_highlight-soft_100_c6c2c8_1x100.png HTTP/1.1" 404 1117
200.112.0.14 - - [02/Mar/2017:10:50:19 -0300] "GET /cormun/static/Shared/jqueryui/images/ui-icons_82798d_256x240.png HTTP/1.1" 404 1089
200.112.0.14 - - [02/Mar/2017:10:50:19 -0300] "GET /cormun/static/Shared/jqueryui/images/ui-bg_flat_55_fafafa_40x100.png HTTP/1.1" 404 1097
200.112.0.14 - - [02/Mar/2017:10:50:19 -0300] "GET /cormun/static/Shared/jqueryui/images/ui-icons_8d78a5_256x240.png HTTP/1.1" 404 1089
186.103.156.211 - - [02/Mar/2017:10:50:24 -0300] "POST /cormun/servlet/solicitudotadjuntos?bb280241ee2e7d91405c396b31f74426,INS,2017,5054,,1,,gx-no-cache=1488462695496 HTTP/1.1" 200 93
186.103.156.211 - - [02/Mar/2017:10:50:24 -0300] "GET /cormun/servlet/hpexe_return? HTTP/1.1" 200 1024
186.103.156.211 - - [02/Mar/2017:10:50:25 -0300] "GET /cormun/servlet/trsolicitudadjuntos?2017,5054, HTTP/1.1" 200 8366
186.103.156.211 - - [02/Mar/2017:10:50:25 -0300] "GET /cormun/servlet/trsolicitudadjuntos?2017,5054, HTTP/1.1" 200 8363
200.112.0.14 - - [02/Mar/2017:10:50:25 -0300] "GET /cormun/servlet/trlicenciaspermisosadjuntos?15805109,20170302000000,L, HTTP/1.1" 200 6122
200.112.0.14 - - [02/Mar/2017:10:50:26 -0300] "GET /cormun/static/gxcfg.js?2016122813131454 HTTP/1.1" 200 953
200.112.0.14 - - [02/Mar/2017:10:50:26 -0300] "GET /cormun/static/trlicenciaspermisosadjuntos.js?2016122813131728 HTTP/1.1" 200 21008
200.112.0.14 - - [02/Mar/2017:10:50:26 -0300] "GET /cormun/servlet/trlicenciaspermisosadjuntos?15805109,20170302000000,L, HTTP/1.1" 200 6122
200.112.0.14 - - [02/Mar/2017:10:50:30 -0300] "GET /cormun/servlet/licenciaspermisosadjuntos?INS,15805109,L,20170302000000,, HTTP/1.1" 200 5417
200.112.0.14 - - [02/Mar/2017:10:50:30 -0300] "GET /cormun/static/gxcfg.js?2016122813131386 HTTP/1.1" 200 953
200.112.0.14 - - [02/Mar/2017:10:50:30 -0300] "GET /cormun/static/licenciaspermisosadjuntos.js?2016122813131394 HTTP/1.1" 200 8757
200.112.0.14 - - [02/Mar/2017:10:50:30 -0300] "GET /cormun/static/about:blank HTTP/1.1" 404 1011
200.112.0.14 - - [02/Mar/2017:10:50:31 -0300] "GET /cormun/servlet/licenciaspermisosadjuntos?INS,15805109,L,20170302000000,, HTTP/1.1" 200 5406
186.103.156.211 - - [02/Mar/2017:10:50:31 -0300] "GET /cormun/servlet/solicitudotadjuntos?INS,2017,5054,,2, HTTP/1.1" 200 6001
186.103.156.211 - - [02/Mar/2017:10:50:31 -0300] "GET /cormun/static/about:blank HTTP/1.1" 404 1011
186.103.156.211 - - [02/Mar/2017:10:50:31 -0300] "GET /cormun/servlet/solicitudotadjuntos?INS,2017,5054,,2, HTTP/1.1" 200 5994
186.103.156.211 - - [02/Mar/2017:10:50:32 -0300] "GET /cormun/servlet/solicitudotadjuntos?d3bf168ba3b19a819b091f6d3aa35ec8e5bf0f0bb5373f69c91ccc11755d224af5605fc6c09d24e2f76ecd93baf82425,gx-no-cache=1488462703446 HTTP/1.1" 200 30
186.103.156.211 - - [02/Mar/2017:10:50:32 -0300] "POST /cormun/servlet/solicitudotadjuntos?bb280241ee2e7d91405c396b31f74426,INS,2017,5054,,2,,gx-no-cache=1488462703519 HTTP/1.1" 200 4016
186.103.156.211 - - [02/Mar/2017:10:50:34 -0300] "POST /cormun/servlet/solicitudotadjuntos?gx-no-cache=1488462705298 HTTP/1.1" 200 26
186.67.172.234 - - [02/Mar/2017:10:50:48 -0300] "GET /cormun/servlet/trsolicitudot? HTTP/1.1" 200 8781
186.67.172.234 - - [02/Mar/2017:10:50:48 -0300] "GET /cormun/servlet/trsolicitudot? HTTP/1.1" 200 8770
186.103.156.211 - - [02/Mar/2017:10:50:48 -0300] "GET /cormun/servlet/solicitudotadjuntos?d3bf168ba3b19a819b091f6d3aa35ec86de39573e4d5e77dabd064b011c6602f,gx-no-cache=1488462719791 HTTP/1.1" 200 30
186.103.156.211 - - [02/Mar/2017:10:50:48 -0300] "GET /cormun/servlet/solicitudotadjuntos?d3bf168ba3b19a819b091f6d3aa35ec86de39573e4d5e77dabd064b011c6602f,gx-no-cache=1488462719863 HTTP/1.1" 200 30
186.67.172.234 - - [02/Mar/2017:10:50:51 -0300] "POST /cormun/servlet/trsolicitudot?5e0d01cdd16cf3e101d4134575070fa5,,gx-no-cache=1488462730547 HTTP/1.1" 200 107
186.67.172.234 - - [02/Mar/2017:10:50:51 -0300] "GET /cormun/servlet/trsolicitudadjuntos?2017,4969, HTTP/1.1" 200 8940
186.103.196.84 - - [02/Mar/2017:10:50:52 -0300] "GET /cormun/servlet/trlicenciaspermisosadjuntos?15730984,20170302000000,L, HTTP/1.1" 200 6313
186.67.172.234 - - [02/Mar/2017:10:50:52 -0300] "GET /cormun/servlet/trsolicitudadjuntos?2017,4969, HTTP/1.1" 200 8937
186.103.196.84 - - [02/Mar/2017:10:50:52 -0300] "GET /cormun/static/gxcfg.js?2016122813131454 HTTP/1.1" 304 -
186.103.196.84 - - [02/Mar/2017:10:50:52 -0300] "GET /cormun/static/trlicenciaspermisosadjuntos.js?2016122813131728 HTTP/1.1" 304 -
186.103.196.84 - - [02/Mar/2017:10:50:53 -0300] "GET /cormun/servlet/trlicenciaspermisosadjuntos?15730984,20170302000000,L, HTTP/1.1" 200 6313
186.67.172.234 - - [02/Mar/2017:10:50:55 -0300] "GET /cormun/servlet/solicitudotadjuntos?INS,2017,4969,,1, HTTP/1.1" 200 6050
186.67.172.234 - - [02/Mar/2017:10:50:55 -0300] "GET /cormun/static/about:blank HTTP/1.1" 404 1011
186.67.172.234 - - [02/Mar/2017:10:50:55 -0300] "GET /cormun/servlet/solicitudotadjuntos?INS,2017,4969,,1, HTTP/1.1" 200 6044
186.67.172.234 - - [02/Mar/2017:10:50:56 -0300] "GET /cormun/servlet/solicitudotadjuntos?00889193ba874a5fdf00500217fcae0881403241eb2d2aa1a63c0f353ffb1560f74385ab0a639451ea95075d750fcf3a,gx-no-cache=1488462735533 HTTP/1.1" 200 30
186.67.172.234 - - [02/Mar/2017:10:50:56 -0300] "POST /cormun/servlet/solicitudotadjuntos?5e0d01cdd16cf3e101d4134575070fa5,INS,2017,4969,,1,,gx-no-cache=1488462735601 HTTP/1.1" 200 3859
186.67.172.234 - - [02/Mar/2017:10:50:57 -0300] "POST /cormun/servlet/solicitudotadjuntos?gx-no-cache=1488462737513 HTTP/1.1" 200 26
186.103.196.84 - - [02/Mar/2017:10:50:58 -0300] "GET /cormun/servlet/licenciaspermisosadjuntos?INS,15730984,L,20170302000000,, HTTP/1.1" 200 5612
186.103.196.84 - - [02/Mar/2017:10:50:58 -0300] "GET /cormun/static/gxcfg.js?2016122813131386 HTTP/1.1" 304 -
186.103.196.84 - - [02/Mar/2017:10:50:58 -0300] "GET /cormun/static/licenciaspermisosadjuntos.js?2016122813131394 HTTP/1.1" 304 -
186.103.196.84 - - [02/Mar/2017:10:50:58 -0300] "GET /cormun/static/about:blank HTTP/1.1" 404 1011
186.103.196.84 - - [02/Mar/2017:10:50:58 -0300] "GET /cormun/servlet/licenciaspermisosadjuntos?INS,15730984,L,20170302000000,, HTTP/1.1" 200 5600
186.103.156.211 - - [02/Mar/2017:10:50:59 -0300] "POST /cormun/servlet/solicitudotadjuntos?bb280241ee2e7d91405c396b31f74426,INS,2017,5054,,2, HTTP/1.1" 200 6082
186.103.156.211 - - [02/Mar/2017:10:51:02 -0300] "GET /cormun/PrivateTempStorage/upload_00006819.jpeg HTTP/1.1" 200 716500
186.67.172.234 - - [02/Mar/2017:10:51:04 -0300] "GET /cormun/servlet/solicitudotadjuntos?00889193ba874a5fdf00500217fcae08ada04675e85b474ad7ec598ec9b8c4b4,gx-no-cache=1488462744068 HTTP/1.1" 200 30
186.67.172.234 - - [02/Mar/2017:10:51:04 -0300] "GET /cormun/servlet/solicitudotadjuntos?00889193ba874a5fdf00500217fcae08ada04675e85b474ad7ec598ec9b8c4b4,gx-no-cache=1488462744080 HTTP/1.1" 200 30
186.67.172.234 - - [02/Mar/2017:10:51:04 -0300] "POST /cormun/servlet/solicitudotadjuntos?5e0d01cdd16cf3e101d4134575070fa5,INS,2017,4969,,1, HTTP/1.1" 200 116
186.67.172.234 - - [02/Mar/2017:10:51:04 -0300] "GET /cormun/servlet/hpexe_return? HTTP/1.1" 200 1023
186.67.172.234 - - [02/Mar/2017:10:51:05 -0300] "GET /cormun/servlet/trsolicitudadjuntos?2017,4969, HTTP/1.1" 200 9138
186.67.172.234 - - [02/Mar/2017:10:51:06 -0300] "GET /cormun/servlet/trsolicitudadjuntos?2017,4969, HTTP/1.1" 200 9137
186.67.172.234 - - [02/Mar/2017:10:51:16 -0300] "GET /cormun/servlet/trsolicitudot? HTTP/1.1" 200 8776
186.67.172.234 - - [02/Mar/2017:10:51:16 -0300] "GET /cormun/servlet/trsolicitudot? HTTP/1.1" 200 8770
186.67.172.234 - - [02/Mar/2017:10:51:19 -0300] "POST /cormun/servlet/trsolicitudot?5e0d01cdd16cf3e101d4134575070fa5,,gx-no-cache=1488462759211 HTTP/1.1" 200 107
186.67.172.234 - - [02/Mar/2017:10:51:21 -0300] "GET /cormun/servlet/trsolicitudadjuntos?2017,4968, HTTP/1.1" 200 9115
186.67.172.234 - - [02/Mar/2017:10:51:23 -0300] "GET /cormun/servlet/trsolicitudadjuntos?2017,4968, HTTP/1.1" 200 9115
186.67.172.234 - - [02/Mar/2017:10:51:27 -0300] "GET /cormun/servlet/trsolicitudot? HTTP/1.1" 200 8776
186.103.196.84 - - [02/Mar/2017:10:51:27 -0300] "POST /cormun/servlet/licenciaspermisosadjuntos?17f18bbcdc8cc530879bcb788225890b,INS,15730984,L,20170302000000,, HTTP/1.1" 200 116
186.103.196.84 - - [02/Mar/2017:10:51:28 -0300] "GET /cormun/servlet/hpexe_return? HTTP/1.1" 200 1036
186.67.172.234 - - [02/Mar/2017:10:51:28 -0300] "GET /cormun/servlet/trsolicitudot? HTTP/1.1" 200 8770
186.103.196.84 - - [02/Mar/2017:10:51:28 -0300] "GET /cormun/servlet/trlicenciaspermisosadjuntos?15730984,20170302000000,L, HTTP/1.1" 200 6771
186.103.196.84 - - [02/Mar/2017:10:51:29 -0300] "GET /cormun/servlet/trlicenciaspermisosadjuntos?15730984,20170302000000,L, HTTP/1.1" 200 6769
186.103.156.211 - - [02/Mar/2017:10:51:38 -0300] "GET /cormun/servlet/trsolicitudadjuntos?2017,5054, HTTP/1.1" 200 8366
186.103.156.211 - - [02/Mar/2017:10:51:39 -0300] "GET /cormun/servlet/trsolicitudadjuntos?2017,5054, HTTP/1.1" 200 8364
186.103.156.211 - - [02/Mar/2017:10:52:02 -0300] "GET /cormun/servlet/solicitudotadjuntos?INS,2017,5054,,1, HTTP/1.1" 200 6003
186.103.156.211 - - [02/Mar/2017:10:52:03 -0300] "GET /cormun/static/about:blank HTTP/1.1" 404 1011
186.103.156.211 - - [02/Mar/2017:10:52:03 -0300] "GET /cormun/servlet/solicitudotadjuntos?INS,2017,5054,,1, HTTP/1.1" 200 5997
186.103.156.211 - - [02/Mar/2017:10:52:04 -0300] "GET /cormun/servlet/solicitudotadjuntos?d3bf168ba3b19a819b091f6d3aa35ec8e5bf0f0bb5373f69c91ccc11755d224af5605fc6c09d24e2f76ecd93baf82425,gx-no-cache=1488462795284 HTTP/1.1" 200 30
186.103.156.211 - - [02/Mar/2017:10:52:04 -0300] "POST /cormun/servlet/solicitudotadjuntos?bb280241ee2e7d91405c396b31f74426,INS,2017,5054,,1,,gx-no-cache=1488462795377 HTTP/1.1" 200 3873
186.103.156.211 - - [02/Mar/2017:10:52:07 -0300] "POST /cormun/servlet/solicitudotadjuntos?bb280241ee2e7d91405c396b31f74426,INS,2017,5054,,1,,gx-no-cache=1488462797503 HTTP/1.1" 200 93
186.103.156.211 - - [02/Mar/2017:10:52:07 -0300] "GET /cormun/servlet/hpexe_return? HTTP/1.1" 200 1024
186.103.156.211 - - [02/Mar/2017:10:52:07 -0300] "GET /cormun/servlet/trsolicitudadjuntos?2017,5054, HTTP/1.1" 200 8367
200.112.0.14 - - [02/Mar/2017:10:52:08 -0300] "POST /cormun/servlet/licenciaspermisosadjuntos?7addb6c1d94334b4518dfe1536a9ae90,INS,15805109,L,20170302000000,, HTTP/1.1" 200 116
186.103.156.211 - - [02/Mar/2017:10:52:08 -0300] "GET /cormun/servlet/trsolicitudadjuntos?2017,5054, HTTP/1.1" 200 8364
200.112.0.14 - - [02/Mar/2017:10:52:08 -0300] "GET /cormun/servlet/hpexe_return? HTTP/1.1" 200 1042
200.112.0.14 - - [02/Mar/2017:10:52:09 -0300] "GET /cormun/servlet/trlicenciaspermisosadjuntos?15805109,20170302000000,L, HTTP/1.1" 200 6605
186.103.156.211 - - [02/Mar/2017:10:52:10 -0300] "GET /cormun/servlet/solicitudotadjuntos?INS,2017,5054,,2, HTTP/1.1" 200 6001
186.103.156.211 - - [02/Mar/2017:10:52:11 -0300] "GET /cormun/static/about:blank HTTP/1.1" 404 1011
186.103.156.211 - - [02/Mar/2017:10:52:11 -0300] "GET /cormun/servlet/solicitudotadjuntos?d3bf168ba3b19a819b091f6d3aa35ec8e5bf0f0bb5373f69c91ccc11755d224af5605fc6c09d24e2f76ecd93baf82425,gx-no-cache=1488462802855 HTTP/1.1" 200 30
200.112.0.14 - - [02/Mar/2017:10:52:11 -0300] "GET /cormun/servlet/trlicenciaspermisosadjuntos?15805109,20170302000000,L, HTTP/1.1" 200 6602
186.103.156.211 - - [02/Mar/2017:10:52:11 -0300] "GET /cormun/servlet/solicitudotadjuntos?INS,2017,5054,,2, HTTP/1.1" 200 5994
186.103.156.211 - - [02/Mar/2017:10:52:11 -0300] "POST /cormun/servlet/solicitudotadjuntos?bb280241ee2e7d91405c396b31f74426,INS,2017,5054,,2,,gx-no-cache=1488462802960 HTTP/1.1" 200 4016
186.103.156.211 - - [02/Mar/2017:10:52:15 -0300] "POST /cormun/servlet/solicitudotadjuntos?gx-no-cache=1488462806292 HTTP/1.1" 200 26
186.103.157.235 - - [02/Mar/2017:10:52:18 -0300] "POST /cormun/servlet/solicitudot?gx-no-cache=1488462974695 HTTP/1.1" 200 254
186.103.157.235 - - [02/Mar/2017:10:52:18 -0300] "GET /cormun/servlet/solicitudot?2e558c9ddad25a8f76a64a037f2e6ef4f249207e917251a3964dd9b98c39885b98bc5fb2d4c8d37ce03f9ca7c3456998cbde96b620326d32b8f1014ebd29b7ab05e6e31417a1cfaaafa57aeaf111a865887511dcc5c4f46a5baf1a645e65dd3e7a338827547e31cd6df53101f1cf394626ae97250a42dc09f9adf46bf9b872c802119444924e47c2044c564d08912acae4db2e37ad1213f3d0dbe60da979920f0c617e2154fbf87fe5083ab0cdce20d06711b5c5880d22d9111283c6c0d0ae5f95b9aeb1206ae1d2e8321aab5b623527d233aa64126ca769b671d23c6ce6c5c3426aeeeb1a5b6f0691894d01744fa733da2207de82f1854b32951f4c75f7e92a6cf09b29abbc3b07b091fbf2f4e21116be88a2b2609279ffb218f8ee9637c82a57c20eb54ce1efb6510e1d03c4a8fecfbe87bd0beb521c36a58e83d336f902c47d36e32788d078fe4804dde66c8f35dc647fecd182b0e6a525ee6ef1a0313d5fbdfda2f5dffd9e3078219603be0f6eb8fdb17ae5e030c9f8403f9c7cb6051d25,gx-no-cache=1488462974807 HTTP/1.1" 200 30
186.103.157.235 - - [02/Mar/2017:10:52:19 -0300] "POST /cormun/servlet/solicitudot?gx-no-cache=1488462974850 HTTP/1.1" 200 30
186.103.157.235 - - [02/Mar/2017:10:52:19 -0300] "POST /cormun/servlet/solicitudot?gx-no-cache=1488462975310 HTTP/1.1" 200 1287
186.103.157.235 - - [02/Mar/2017:10:52:19 -0300] "POST /cormun/servlet/solicitudot?gx-no-cache=1488462975457 HTTP/1.1" 200 41
186.103.157.235 - - [02/Mar/2017:10:52:19 -0300] "POST /cormun/servlet/solicitudot?gx-no-cache=1488462975502 HTTP/1.1" 200 1274
186.103.157.235 - - [02/Mar/2017:10:52:19 -0300] "POST /cormun/servlet/solicitudot?gx-no-cache=1488462975606 HTTP/1.1" 200 1157
186.103.157.235 - - [02/Mar/2017:10:52:19 -0300] "GET /cormun/servlet/solicitudot?2e558c9ddad25a8f76a64a037f2e6ef459374970d182e297f7a931e043ccd0b47727de5c39368d051d803ada99d4621576ba7ac4bbef1a0498a78ea9de04c0d1b752ead6197ba326b860079e297bd732e797048ac9bad31ccf72212fa5a082e8be0d985861cf462e270e1d2f5dac17595027627516deefae2c6287673cd5f4a484c5ea18172c8f9095a3a84643422462ce4715496f71a22ec86181738eea5e01e14cdfad01493f77f8ecd53226338f97,gx-no-cache=1488462975678 HTTP/1.1" 200 30
186.103.157.235 - - [02/Mar/2017:10:52:20 -0300] "POST /cormun/servlet/solicitudot?ab7064e36164ace89d96c0dc7d4eb77b,INS,0,0,,gx-no-cache=1488462975747 HTTP/1.1" 200 93
186.103.157.235 - - [02/Mar/2017:10:52:20 -0300] "GET /cormun/servlet/hpexe_return? HTTP/1.1" 200 1007
186.103.157.235 - - [02/Mar/2017:10:52:21 -0300] "GET /cormun/servlet/trsolicitudot HTTP/1.1" 200 8177
186.103.157.235 - - [02/Mar/2017:10:52:21 -0300] "GET /cormun/servlet/trsolicitudot HTTP/1.1" 200 8173
186.103.157.235 - - [02/Mar/2017:10:52:29 -0300] "GET /cormun/servlet/solicitudot?INS,0,0, HTTP/1.1" 200 12753
186.103.157.235 - - [02/Mar/2017:10:52:29 -0300] "GET /cormun/servlet/solicitudot?INS,0,0, HTTP/1.1" 200 12757
200.112.0.14 - - [02/Mar/2017:10:52:34 -0300] "GET /cormun/PublicTempStorage/licencia_medica_eileen_rodriguez83976.jpg HTTP/1.1" 200 2555438
186.103.156.211 - - [02/Mar/2017:10:52:34 -0300] "GET /cormun/servlet/solicitudotadjuntos?d3bf168ba3b19a819b091f6d3aa35ec86de39573e4d5e77dabd064b011c6602f,gx-no-cache=1488462825578 HTTP/1.1" 200 30
186.103.156.211 - - [02/Mar/2017:10:52:34 -0300] "GET /cormun/servlet/solicitudotadjuntos?d3bf168ba3b19a819b091f6d3aa35ec86de39573e4d5e77dabd064b011c6602f,gx-no-cache=1488462825729 HTTP/1.1" 200 30
186.103.157.235 - - [02/Mar/2017:10:52:42 -0300] "POST /cormun/servlet/solicitudot?gx-no-cache=1488462998159 HTTP/1.1" 200 3156
186.103.157.235 - - [02/Mar/2017:10:52:42 -0300] "POST /cormun/servlet/solicitudot?ab7064e36164ace89d96c0dc7d4eb77b,INS,0,0,,gx-no-cache=1488462998431 HTTP/1.1" 200 9948
186.103.156.211 - - [02/Mar/2017:10:52:44 -0300] "POST /cormun/servlet/solicitudotadjuntos?bb280241ee2e7d91405c396b31f74426,INS,2017,5054,,2, HTTP/1.1" 200 6100
186.103.156.211 - - [02/Mar/2017:10:52:44 -0300] "GET /cormun/static/Shared/jqueryui/images/ui-bg_highlight-soft_100_c6c2c8_1x100.png HTTP/1.1" 404 1117
186.103.156.211 - - [02/Mar/2017:10:52:44 -0300] "GET /cormun/static/Shared/jqueryui/images/ui-icons_82798d_256x240.png HTTP/1.1" 404 1089
186.103.156.211 - - [02/Mar/2017:10:52:44 -0300] "GET /cormun/static/Shared/jqueryui/images/ui-bg_flat_55_994d53_40x100.png HTTP/1.1" 404 1097
186.103.156.211 - - [02/Mar/2017:10:52:44 -0300] "GET /cormun/static/Shared/jqueryui/images/ui-icons_ebccce_256x240.png HTTP/1.1" 404 1089
186.103.157.235 - - [02/Mar/2017:10:52:45 -0300] "GET /cormun/servlet/solicitudot?2e558c9ddad25a8f76a64a037f2e6ef4462f0dfcba5fc2b76bf6fdd6cc23ec9a05d174644ff8da477c9c86e3e42cafb4,gx-no-cache=1488463001575 HTTP/1.1" 200 30
186.103.156.211 - - [02/Mar/2017:10:52:47 -0300] "GET /cormun/PrivateTempStorage/upload_00006849.jpeg HTTP/1.1" 200 653509
200.54.247.69 - - [02/Mar/2017:10:52:50 -0300] "GET /cormun/servlet/hlogin HTTP/1.1" 200 1723
200.54.247.69 - - [02/Mar/2017:10:52:50 -0300] "GET /cormun/static/Resources/Spanish/PXTools.css?167811 HTTP/1.1" 304 -
200.54.247.69 - - [02/Mar/2017:10:52:50 -0300] "GET /cormun/static/gxtimezone.js?85251 HTTP/1.1" 304 -
200.54.247.69 - - [02/Mar/2017:10:52:50 -0300] "GET /cormun/static/Resources/ComunLogin.png HTTP/1.1" 304 -
200.54.247.69 - - [02/Mar/2017:10:52:50 -0300] "GET /cormun/static/gxgral.js?85251 HTTP/1.1" 304 -
200.54.247.69 - - [02/Mar/2017:10:52:50 -0300] "GET /cormun/static/gxcfg.js?201612216162538 HTTP/1.1" 304 -
200.54.247.69 - - [02/Mar/2017:10:52:50 -0300] "GET /cormun/static/messages.spa.js?85251 HTTP/1.1" 304 -
200.54.247.69 - - [02/Mar/2017:10:52:50 -0300] "GET /cormun/static/hlogin.js?201612216162555 HTTP/1.1" 304 -
200.54.247.69 - - [02/Mar/2017:10:52:50 -0300] "GET /cormun/static/Resources/indicator.gif HTTP/1.1" 304 -
200.54.247.69 - - [02/Mar/2017:10:53:03 -0300] "POST /cormun/servlet/hlogin?54fed6d175e98c2fed5c0b52accca5c1,gx-no-cache=1488462852439 HTTP/1.1" 200 90
200.54.247.69 - - [02/Mar/2017:10:53:03 -0300] "GET /cormun/servlet/hpexe_link HTTP/1.1" 200 958
200.54.247.69 - - [02/Mar/2017:10:53:04 -0300] "GET /cormun/servlet/hhome HTTP/1.1" 200 3981
186.103.156.211 - - [02/Mar/2017:10:53:12 -0300] "GET /cormun/servlet/trsolicitudadjuntos?2017,5054, HTTP/1.1" 200 8366
186.103.156.211 - - [02/Mar/2017:10:53:13 -0300] "GET /cormun/servlet/trsolicitudadjuntos?2017,5054, HTTP/1.1" 200 8364
186.103.156.211 - - [02/Mar/2017:10:53:24 -0300] "GET /cormun/servlet/solicitudotadjuntos?INS,2017,5054,,2, HTTP/1.1" 200 6001
186.103.156.211 - - [02/Mar/2017:10:53:25 -0300] "GET /cormun/static/about:blank HTTP/1.1" 404 1011
186.103.156.211 - - [02/Mar/2017:10:53:25 -0300] "GET /cormun/servlet/solicitudotadjuntos?INS,2017,5054,,2, HTTP/1.1" 200 5994
186.103.156.211 - - [02/Mar/2017:10:53:25 -0300] "GET /cormun/servlet/solicitudotadjuntos?d3bf168ba3b19a819b091f6d3aa35ec8e5bf0f0bb5373f69c91ccc11755d224af5605fc6c09d24e2f76ecd93baf82425,gx-no-cache=1488462877091 HTTP/1.1" 200 30
186.103.156.211 - - [02/Mar/2017:10:53:26 -0300] "POST /cormun/servlet/solicitudotadjuntos?bb280241ee2e7d91405c396b31f74426,INS,2017,5054,,2,,gx-no-cache=1488462877179 HTTP/1.1" 200 4015
186.103.157.235 - - [02/Mar/2017:10:53:42 -0300] "POST /cormun/servlet/solicitudot?gx-no-cache=1488463058004 HTTP/1.1" 200 255
186.103.157.235 - - [02/Mar/2017:10:53:42 -0300] "GET /cormun/servlet/solicitudot?2e558c9ddad25a8f76a64a037f2e6ef4f249207e917251a3964dd9b98c39885b98bc5fb2d4c8d37ce03f9ca7c3456998cbde96b620326d32b8f1014ebd29b7ab05e6e31417a1cfaaafa57aeaf111a865887511dcc5c4f46a5baf1a645e65dd3e7a338827547e31cd6df53101f1cf394626ae97250a42dc09f9adf46bf9b872c802119444924e47c2044c564d08912acae4db2e37ad1213f3d0dbe60da979920f0c617e2154fbf87fe5083ab0cdce20d06711b5c5880d22d9111283c6c0d0ae5f95b9aeb1206ae1d2e8321aab5b623527d233aa64126ca769b671d23c6ce6c5c3426aeeeb1a5b6f0691894d01744fa733da2207de82f1854b32951f4c75f7e92a6cf09b29abbc3b07b091fbf2f4e21116be88a2b2609279ffb218f8ee9637c82a57c20eb54ce1efb6510e1d03c4a8fecfbe87bd0beb521c36a58e83d336f902c47d36e32788d078fe4804dde66c8f35dc647fecd182b0e6a525ee6ef1a0313d5fbdfda2f5dffd9e3078219603be0f6eb83b52cd9136ef3084d5ba688fdde4cf40,gx-no-cache=1488463058119 HTTP/1.1" 200 30
186.103.157.235 - - [02/Mar/2017:10:53:43 -0300] "POST /cormun/servlet/solicitudot?gx-no-cache=1488463059927 HTTP/1.1" 200 30
186.103.157.235 - - [02/Mar/2017:10:53:45 -0300] "POST /cormun/servlet/solicitudot?gx-no-cache=1488463061327 HTTP/1.1" 200 235
186.103.157.235 - - [02/Mar/2017:10:53:45 -0300] "POST /cormun/servlet/solicitudot?gx-no-cache=1488463061440 HTTP/1.1" 200 38
186.103.156.211 - - [02/Mar/2017:10:53:47 -0300] "POST /cormun/servlet/solicitudotadjuntos?bb280241ee2e7d91405c396b31f74426,INS,2017,5054,,2,,gx-no-cache=1488462897657 HTTP/1.1" 200 93
186.103.156.211 - - [02/Mar/2017:10:53:47 -0300] "GET /cormun/servlet/hpexe_return? HTTP/1.1" 200 1024
186.103.156.211 - - [02/Mar/2017:10:53:47 -0300] "GET /cormun/servlet/trsolicitudadjuntos?2017,5054, HTTP/1.1" 200 8366
186.103.156.211 - - [02/Mar/2017:10:53:48 -0300] "GET /cormun/servlet/trsolicitudadjuntos?2017,5054, HTTP/1.1" 200 8363
186.103.156.211 - - [02/Mar/2017:10:53:50 -0300] "GET /cormun/servlet/solicitudotadjuntos?INS,2017,5054,,2, HTTP/1.1" 200 6001
186.103.156.211 - - [02/Mar/2017:10:53:50 -0300] "GET /cormun/static/about:blank HTTP/1.1" 404 1011
186.103.156.211 - - [02/Mar/2017:10:53:50 -0300] "GET /cormun/servlet/solicitudotadjuntos?INS,2017,5054,,2, HTTP/1.1" 200 5994
186.103.156.211 - - [02/Mar/2017:10:53:51 -0300] "GET /cormun/servlet/solicitudotadjuntos?d3bf168ba3b19a819b091f6d3aa35ec8e5bf0f0bb5373f69c91ccc11755d224af5605fc6c09d24e2f76ecd93baf82425,gx-no-cache=1488462902542 HTTP/1.1" 200 30
186.103.156.211 - - [02/Mar/2017:10:53:51 -0300] "POST /cormun/servlet/solicitudotadjuntos?bb280241ee2e7d91405c396b31f74426,INS,2017,5054,,2,,gx-no-cache=1488462902635 HTTP/1.1" 200 4015
186.103.156.211 - - [02/Mar/2017:10:53:54 -0300] "POST /cormun/servlet/solicitudotadjuntos?gx-no-cache=1488462905607 HTTP/1.1" 200 26
186.103.156.211 - - [02/Mar/2017:10:54:14 -0300] "GET /cormun/servlet/solicitudotadjuntos?d3bf168ba3b19a819b091f6d3aa35ec86de39573e4d5e77dabd064b011c6602f,gx-no-cache=1488462925648 HTTP/1.1" 200 30
186.103.156.211 - - [02/Mar/2017:10:54:14 -0300] "GET /cormun/servlet/solicitudotadjuntos?d3bf168ba3b19a819b091f6d3aa35ec86de39573e4d5e77dabd064b011c6602f,gx-no-cache=1488462925731 HTTP/1.1" 200 30
186.103.156.211 - - [02/Mar/2017:10:54:23 -0300] "POST /cormun/servlet/solicitudotadjuntos?bb280241ee2e7d91405c396b31f74426,INS,2017,5054,,2, HTTP/1.1" 200 6100
186.103.156.211 - - [02/Mar/2017:10:54:26 -0300] "GET /cormun/PrivateTempStorage/upload_00006861.jpeg HTTP/1.1" 200 653509
186.103.157.235 - - [02/Mar/2017:10:54:27 -0300] "GET /cormun/servlet/solicitudot?2e558c9ddad25a8f76a64a037f2e6ef4702766c723a5f6af8a582fba672db15bb8f580b33ec1f3485f4703ea65ea55999f1d42a514b882a7da848a5cf6f45c5f1ddf242e5076b8daed6a865b65f29f829774f7fafea3fdfcda4f9f9db95b41ab9e3a2fb65f4d03dea63ce169a4a6958d4a714a99e5163367e94a9525ee8f3e22efe0015886c17528fa0f50b492fb738ca33afc0e0064a8aa9e401205ca2aab78,gx-no-cache=1488463103193 HTTP/1.1" 200 29
186.103.157.235 - - [02/Mar/2017:10:54:27 -0300] "POST /cormun/servlet/solicitudot?gx-no-cache=1488463103372 HTTP/1.1" 200 643
186.103.157.235 - - [02/Mar/2017:10:54:29 -0300] "POST /cormun/servlet/solicitudot?gx-no-cache=1488463105154 HTTP/1.1" 200 1157
200.54.247.69 - - [02/Mar/2017:10:54:40 -0300] "GET /cormun/servlet/trsolicitudot? HTTP/1.1" 200 6956
200.54.247.69 - - [02/Mar/2017:10:54:45 -0300] "GET /cormun/servlet/solicitudot?INS,0,0, HTTP/1.1" 200 12782
186.103.157.235 - - [02/Mar/2017:10:54:46 -0300] "GET /cormun/static/menuarrow.gif HTTP/1.1" 404 1015
186.103.157.235 - - [02/Mar/2017:10:55:01 -0300] "GET /cormun/servlet/solicitudot?2e558c9ddad25a8f76a64a037f2e6ef459374970d182e297f7a931e043ccd0b47727de5c39368d051d803ada99d4621576ba7ac4bbef1a0498a78ea9de04c0d1b752ead6197ba326b860079e297bd732e797048ac9bad31ccf72212fa5a082e8be0d985861cf462e270e1d2f5dac17595027627516deefae2c6287673cd5f4a484c5ea18172c8f9095a3a84643422462ce4715496f71a22ec86181738eea5e01e14cdfad01493f77f8ecd53226338f97,gx-no-cache=1488463137726 HTTP/1.1" 200 30
186.103.157.235 - - [02/Mar/2017:10:55:02 -0300] "POST /cormun/servlet/solicitudot?ab7064e36164ace89d96c0dc7d4eb77b,INS,0,0,,gx-no-cache=1488463137806 HTTP/1.1" 200 93
186.103.157.235 - - [02/Mar/2017:10:55:02 -0300] "GET /cormun/servlet/hpexe_return? HTTP/1.1" 200 1007
186.103.157.235 - - [02/Mar/2017:10:55:02 -0300] "GET /cormun/servlet/trsolicitudot HTTP/1.1" 200 8501
186.103.157.235 - - [02/Mar/2017:10:55:02 -0300] "GET /cormun/servlet/trsolicitudot HTTP/1.1" 200 8497
186.103.157.235 - - [02/Mar/2017:10:55:40 -0300] "GET /cormun/servlet/solicitudot?INS,0,0, HTTP/1.1" 200 12752
186.103.157.235 - - [02/Mar/2017:10:55:41 -0300] "GET /cormun/servlet/solicitudot?INS,0,0, HTTP/1.1" 200 12757
186.103.157.235 - - [02/Mar/2017:10:55:54 -0300] "POST /cormun/servlet/solicitudot?gx-no-cache=1488463190687 HTTP/1.1" 200 3156
186.103.157.235 - - [02/Mar/2017:10:55:55 -0300] "POST /cormun/servlet/solicitudot?ab7064e36164ace89d96c0dc7d4eb77b,INS,0,0,,gx-no-cache=1488463191006 HTTP/1.1" 200 9948
186.103.157.235 - - [02/Mar/2017:10:55:56 -0300] "GET /cormun/servlet/solicitudot?2e558c9ddad25a8f76a64a037f2e6ef4462f0dfcba5fc2b76bf6fdd6cc23ec9a05d174644ff8da477c9c86e3e42cafb4,gx-no-cache=1488463192352 HTTP/1.1" 200 30
186.103.157.235 - - [02/Mar/2017:10:57:13 -0300] "POST /cormun/servlet/solicitudot?gx-no-cache=1488463269042 HTTP/1.1" 200 255
186.103.157.235 - - [02/Mar/2017:10:57:13 -0300] "GET /cormun/servlet/solicitudot?2e558c9ddad25a8f76a64a037f2e6ef4f249207e917251a3964dd9b98c39885b98bc5fb2d4c8d37ce03f9ca7c3456998cbde96b620326d32b8f1014ebd29b7ab05e6e31417a1cfaaafa57aeaf111a865887511dcc5c4f46a5baf1a645e65dd3e7a338827547e31cd6df53101f1cf394626ae97250a42dc09f9adf46bf9b872c802119444924e47c2044c564d08912acae4db2e37ad1213f3d0dbe60da979920f0c617e2154fbf87fe5083ab0cdce20d06711b5c5880d22d9111283c6c0d0ae5f95b9aeb1206ae1d2e8321aab5b623527d233aa64126ca769b671d23c6ce6c5c3426aeeeb1a5b6f0691894d01744fa733da2207de82f1854b32951f4c75f7e92a6cf09b29abbc3b07b091fbf2f4e21116be88a2b2609279ffb218f8ee9637c82a57c20eb54ce1efb6510e1d03c4a8fecfbe87bd0beb521c36a58e83d336f902c47d36e32788d078fe4804dde66c8f35dc647fecd182b0e6a525ee6ef1a0313d5fbdfda2f5dffd9e3078219603be0f6eb83b52cd9136ef3084d5ba688fdde4cf40,gx-no-cache=1488463269217 HTTP/1.1" 200 30
186.103.157.235 - - [02/Mar/2017:10:57:15 -0300] "POST /cormun/servlet/solicitudot?gx-no-cache=1488463271378 HTTP/1.1" 200 30
186.103.157.235 - - [02/Mar/2017:10:57:48 -0300] "POST /cormun/servlet/solicitudot?gx-no-cache=1488463304832 HTTP/1.1" 200 235
186.103.157.235 - - [02/Mar/2017:10:57:48 -0300] "POST /cormun/servlet/solicitudot?gx-no-cache=1488463304988 HTTP/1.1" 200 38
186.103.157.235 - - [02/Mar/2017:10:58:15 -0300] "GET /cormun/servlet/solicitudot?2e558c9ddad25a8f76a64a037f2e6ef4702766c723a5f6af8a582fba672db15bb8f580b33ec1f3485f4703ea65ea55999f1d42a514b882a7da848a5cf6f45c5f1ddf242e5076b8daed6a865b65f29f829774f7fafea3fdfcda4f9f9db95b41ab9e3a2fb65f4d03dea63ce169a4a6958d4a714a99e5163367e94a9525ee8f3e22efe0015886c17528fa0f50b492fb738ca33afc0e0064a8aa9e401205ca2aab78,gx-no-cache=1488463331727 HTTP/1.1" 200 29
186.103.157.235 - - [02/Mar/2017:10:58:15 -0300] "POST /cormun/servlet/solicitudot?gx-no-cache=1488463331897 HTTP/1.1" 200 641
186.103.157.235 - - [02/Mar/2017:10:58:18 -0300] "POST /cormun/servlet/solicitudot?gx-no-cache=1488463333828 HTTP/1.1" 200 1157
186.103.157.235 - - [02/Mar/2017:10:58:33 -0300] "GET /cormun/static/menuarrow.gif HTTP/1.1" 404 1015
186.103.157.235 - - [02/Mar/2017:10:58:45 -0300] "GET /cormun/servlet/solicitudot?2e558c9ddad25a8f76a64a037f2e6ef459374970d182e297f7a931e043ccd0b47727de5c39368d051d803ada99d4621576ba7ac4bbef1a0498a78ea9de04c0d1b752ead6197ba326b860079e297bd732e797048ac9bad31ccf72212fa5a082e8be0d985861cf462e270e1d2f5dac17595027627516deefae2c6287673cd5f4a484c5ea18172c8f9095a3a84643422462ce4715496f71a22ec86181738eea5e01e14cdfad01493f77f8ecd53226338f97,gx-no-cache=1488463361489 HTTP/1.1" 200 30
186.103.157.235 - - [02/Mar/2017:10:58:46 -0300] "POST /cormun/servlet/solicitudot?ab7064e36164ace89d96c0dc7d4eb77b,INS,0,0,,gx-no-cache=1488463361598 HTTP/1.1" 200 93
186.103.157.235 - - [02/Mar/2017:10:58:46 -0300] "GET /cormun/servlet/hpexe_return? HTTP/1.1" 200 1007
186.103.157.235 - - [02/Mar/2017:10:58:46 -0300] "GET /cormun/servlet/trsolicitudot HTTP/1.1" 200 8764
186.103.157.235 - - [02/Mar/2017:10:58:47 -0300] "GET /cormun/servlet/trsolicitudot HTTP/1.1" 200 8760
186.103.157.235 - - [02/Mar/2017:10:58:59 -0300] "POST /cormun/servlet/trsolicitudot?ab7064e36164ace89d96c0dc7d4eb77b,gx-no-cache=1488463375349 HTTP/1.1" 200 5761
186.103.157.235 - - [02/Mar/2017:10:59:00 -0300] "GET /cormun/static/Shared/jqueryui/images/ui-bg_highlight-soft_100_c6c2c8_1x100.png HTTP/1.1" 404 1117
186.103.157.235 - - [02/Mar/2017:10:59:00 -0300] "GET /cormun/static/Shared/jqueryui/images/ui-bg_flat_55_fafafa_40x100.png HTTP/1.1" 404 1097
186.103.157.235 - - [02/Mar/2017:10:59:00 -0300] "GET /cormun/static/Shared/jqueryui/images/ui-icons_8d78a5_256x240.png HTTP/1.1" 404 1089
186.103.157.235 - - [02/Mar/2017:10:59:00 -0300] "POST /cormun/servlet/trsolicitudot?ab7064e36164ace89d96c0dc7d4eb77b,gx-no-cache=1488463376732 HTTP/1.1" 200 5704
186.103.157.235 - - [02/Mar/2017:10:59:00 -0300] "GET /cormun/static/Shared/jqueryui/images/ui-icons_82798d_256x240.png HTTP/1.1" 404 1089
186.103.157.235 - - [02/Mar/2017:10:59:04 -0300] "POST /cormun/servlet/trsolicitudot?ab7064e36164ace89d96c0dc7d4eb77b,gx-no-cache=1488463380407 HTTP/1.1" 200 5463
186.103.157.235 - - [02/Mar/2017:10:59:04 -0300] "POST /cormun/servlet/trsolicitudot?ab7064e36164ace89d96c0dc7d4eb77b,gx-no-cache=1488463380710 HTTP/1.1" 200 5407
186.103.157.235 - - [02/Mar/2017:10:59:06 -0300] "POST /cormun/servlet/trsolicitudot?ab7064e36164ace89d96c0dc7d4eb77b,gx-no-cache=1488463382265 HTTP/1.1" 200 4338
186.103.157.235 - - [02/Mar/2017:10:59:06 -0300] "POST /cormun/servlet/trsolicitudot?ab7064e36164ace89d96c0dc7d4eb77b,gx-no-cache=1488463382776 HTTP/1.1" 200 4127
186.103.157.235 - - [02/Mar/2017:10:59:10 -0300] "GET /cormun/servlet/trautorizarsolicitud? HTTP/1.1" 200 8708
186.103.157.235 - - [02/Mar/2017:10:59:11 -0300] "GET /cormun/servlet/trautorizarsolicitud? HTTP/1.1" 200 8707
186.67.172.234 - - [02/Mar/2017:10:59:38 -0300] "POST /cormun/servlet/trsolicitudot?5e0d01cdd16cf3e101d4134575070fa5,,gx-no-cache=1488463257526 HTTP/1.1" 200 5554
186.67.172.234 - - [02/Mar/2017:10:59:38 -0300] "GET /cormun/static/Shared/jqueryui/images/ui-bg_highlight-soft_100_c6c2c8_1x100.png HTTP/1.1" 404 1117
186.67.172.234 - - [02/Mar/2017:10:59:38 -0300] "GET /cormun/static/Shared/jqueryui/images/ui-icons_82798d_256x240.png HTTP/1.1" 404 1089
186.67.172.234 - - [02/Mar/2017:10:59:38 -0300] "GET /cormun/static/Shared/jqueryui/images/ui-icons_8d78a5_256x240.png HTTP/1.1" 404 1089
186.67.172.234 - - [02/Mar/2017:10:59:38 -0300] "GET /cormun/static/Shared/jqueryui/images/ui-bg_flat_55_fafafa_40x100.png HTTP/1.1" 404 1097
186.67.172.234 - - [02/Mar/2017:10:59:38 -0300] "POST /cormun/servlet/trsolicitudot?5e0d01cdd16cf3e101d4134575070fa5,,gx-no-cache=1488463257750 HTTP/1.1" 200 5500
186.67.172.234 - - [02/Mar/2017:10:59:40 -0300] "POST /cormun/servlet/trsolicitudot?5e0d01cdd16cf3e101d4134575070fa5,,gx-no-cache=1488463259403 HTTP/1.1" 200 4394
186.67.172.234 - - [02/Mar/2017:10:59:40 -0300] "POST /cormun/servlet/trsolicitudot?5e0d01cdd16cf3e101d4134575070fa5,,gx-no-cache=1488463259897 HTTP/1.1" 200 4135
186.67.172.234 - - [02/Mar/2017:10:59:47 -0300] "GET /cormun/servlet/trsolicitudot? HTTP/1.1" 200 6990
186.67.172.234 - - [02/Mar/2017:10:59:48 -0300] "GET /cormun/servlet/trsolicitudot? HTTP/1.1" 200 6990
186.103.157.235 - - [02/Mar/2017:10:59:52 -0300] "GET /cormun/servlet/trsolicitudot? HTTP/1.1" 200 6925
186.103.157.235 - - [02/Mar/2017:10:59:53 -0300] "GET /cormun/servlet/trsolicitudot? HTTP/1.1" 200 6925
186.67.172.234 - - [02/Mar/2017:10:59:59 -0300] "GET /cormun/servlet/solicitudot?INS,0,0, HTTP/1.1" 200 12813
186.67.172.234 - - [02/Mar/2017:11:00:00 -0300] "GET /cormun/servlet/solicitudot?INS,0,0, HTTP/1.1" 200 12817
186.103.157.235 - - [02/Mar/2017:11:00:08 -0300] "GET /cormun/servlet/trautorizarsolicitud? HTTP/1.1" 200 8708
186.103.157.235 - - [02/Mar/2017:11:00:09 -0300] "GET /cormun/servlet/trautorizarsolicitud? HTTP/1.1" 200 8707
186.67.172.234 - - [02/Mar/2017:11:00:11 -0300] "POST /cormun/servlet/solicitudot?gx-no-cache=1488463291025 HTTP/1.1" 200 3081
186.67.172.234 - - [02/Mar/2017:11:00:12 -0300] "POST /cormun/servlet/solicitudot?5e0d01cdd16cf3e101d4134575070fa5,INS,0,0,,gx-no-cache=1488463291146 HTTP/1.1" 200 9858
186.67.172.234 - - [02/Mar/2017:11:00:14 -0300] "GET /cormun/servlet/solicitudot?00889193ba874a5fdf00500217fcae08b58f6bd5f4d25b52ae989d6517c249fd0670dfb91512d08cdffc8de576227058,gx-no-cache=1488463293791 HTTP/1.1" 200 30
186.67.172.234 - - [02/Mar/2017:11:02:01 -0300] "POST /cormun/servlet/solicitudot?gx-no-cache=1488463401488 HTTP/1.1" 200 255
186.67.172.234 - - [02/Mar/2017:11:02:03 -0300] "GET /cormun/servlet/solicitudot?00889193ba874a5fdf00500217fcae089dca83324a069310b7301b69aa5dc92dd78f095fbe905a598d386f0fd857ad8b05ac0babc4a5ef73eaae3d2d646dd7045a497aae195e0c7d7d11274ae554b04f0f9a061728d0dc160ae3b23337673d870e55f3c1cc4919f0990e0f43c6f9781703cac5c0c487f24b95ea237723f34774ece288a93029b76e9c24c8c679c24968635e702616e4740808d53d5f5b435be270a5b247f631858041b4c96d909c9e8b60a2b39f129cead76b550391a7fd21f2ffbd645f324e4b85ba964640536277ecd0d603110531bc0a0f47d95a69f7504efe9076c82d8cab4ceae92f90ee22f779df6f663b6e8eb619e4476319e5f0f878442995af44175c78b061e199bc3855d2accebd9242871163f689dac72ae3f603b2caec266d42852cf386d183488fd9a1ba0ec70630f8dc140335410297e6bccb12d6b3f9151aa709e3bcb99388d5eb2a5aaa49ba2250af17d573432df889056dc3c42b9d3297b25062db4ddbb97091f1f3f6b389f327c6b643ffa603fec99d16,gx-no-cache=1488463403306 HTTP/1.1" 200 30
186.67.172.234 - - [02/Mar/2017:11:02:07 -0300] "POST /cormun/servlet/solicitudot?gx-no-cache=1488463406800 HTTP/1.1" 200 30
186.67.172.234 - - [02/Mar/2017:11:02:09 -0300] "POST /cormun/servlet/solicitudot?gx-no-cache=1488463409074 HTTP/1.1" 200 235
186.67.172.234 - - [02/Mar/2017:11:02:09 -0300] "POST /cormun/servlet/solicitudot?gx-no-cache=1488463409129 HTTP/1.1" 200 38
186.67.172.234 - - [02/Mar/2017:11:02:39 -0300] "GET /cormun/servlet/solicitudot?00889193ba874a5fdf00500217fcae081def727bb6166afa23c141dab76d2f19d474a30993daa57679987adcd16df0a91b4d707ad49ab37e1f12098da10d54954a81926c0c6d63a52be801d3fffbdc7476180fc041690855cfd529754be004a8c1dc30e8c781b9d6a1403763792a36f7,gx-no-cache=1488463439142 HTTP/1.1" 200 29
186.67.172.234 - - [02/Mar/2017:11:02:39 -0300] "POST /cormun/servlet/solicitudot?gx-no-cache=1488463439231 HTTP/1.1" 200 643
186.67.172.234 - - [02/Mar/2017:11:02:40 -0300] "POST /cormun/servlet/solicitudot?gx-no-cache=1488463440473 HTTP/1.1" 200 1157
200.54.247.69 - - [02/Mar/2017:11:05:01 -0300] "POST /cormun/servlet/solicitudot?gx-no-cache=1488463569638 HTTP/1.1" 200 3081
200.54.247.69 - - [02/Mar/2017:11:05:02 -0300] "POST /cormun/servlet/solicitudot?54fed6d175e98c2fed5c0b52accca5c1,INS,0,0,,gx-no-cache=1488463570477 HTTP/1.1" 200 9873
200.54.247.69 - - [02/Mar/2017:11:05:06 -0300] "GET /cormun/servlet/solicitudot?b26e562387109808cf00edc23937f81a1554f5badeda4729790d85abd5e0b31dd3c4c6688d45c08545b7298739a6f4d0,gx-no-cache=1488463574366 HTTP/1.1" 200 30
200.54.247.69 - - [02/Mar/2017:11:07:34 -0300] "POST /cormun/servlet/solicitudot?gx-no-cache=1488463722901 HTTP/1.1" 200 255
200.54.247.69 - - [02/Mar/2017:11:07:39 -0300] "GET /cormun/servlet/solicitudot?b26e562387109808cf00edc23937f81af21e555316361d95561710c960c251732ac80caa129845877b7772f693650c9bd36854c4372fd3f3ea8d03521dc5d7de32fdc0439e5d7ac4aa2e67f94780ce78719bf1227d72735d8a86345a9a3a2f68e8b1986d646dc21a7922041a441faddae9851180682ac1fe2bf346109e41a11458f378b7c1da595fb8cb63a0f117bd063240307c258ae68dcabf377fb553e394eb3cccb3bee2f488f24d0c29c3dd59d2f16366cec995d37db3acefafefd59b1f9005ab5f5a00ae566a07c6c51bdbf23900b14e9c45435277a4f3b2be379921f3b1659ce15c05cb1b46411f6daeaa0ae131ce227ac32d2fabca9e3ec05d317c81ad948950d74b46ab8a1364c87a05dccaa0d10346f4c82c74b50bdeed9bf9abdea7a05b1cef2a3c1d119e2c1d03cc31cd037bcb6f63eb7e704a2aecbd9f6f4542c21b1cc3f14091443cda08ef856ad7860b588b0f70f50251bbe00d40c9840a287480de0e24ec2c2e59f0b13e12d154b955856f40245d94989a12c728857e7094,gx-no-cache=1488463727980 HTTP/1.1" 200 30
200.54.247.69 - - [02/Mar/2017:11:07:42 -0300] "POST /cormun/servlet/solicitudot?gx-no-cache=1488463731062 HTTP/1.1" 200 30
186.103.156.211 - - [02/Mar/2017:11:08:18 -0300] "GET /cormun/servlet/trsolicitudadjuntos?2017,5054, HTTP/1.1" 200 8367
186.103.156.211 - - [02/Mar/2017:11:08:18 -0300] "GET /cormun/servlet/trsolicitudadjuntos?2017,5054, HTTP/1.1" 200 8365
186.103.156.211 - - [02/Mar/2017:11:08:35 -0300] "GET /cormun/servlet/solicitudotadjuntos?INS,2017,5054,,2, HTTP/1.1" 200 6000
186.103.156.211 - - [02/Mar/2017:11:08:36 -0300] "GET /cormun/static/about:blank HTTP/1.1" 404 1011
186.103.156.211 - - [02/Mar/2017:11:08:36 -0300] "GET /cormun/servlet/solicitudotadjuntos?INS,2017,5054,,2, HTTP/1.1" 200 5994
186.103.156.211 - - [02/Mar/2017:11:08:36 -0300] "GET /cormun/servlet/solicitudotadjuntos?d3bf168ba3b19a819b091f6d3aa35ec8e5bf0f0bb5373f69c91ccc11755d224af5605fc6c09d24e2f76ecd93baf82425,gx-no-cache=1488463787984 HTTP/1.1" 200 30
186.103.156.211 - - [02/Mar/2017:11:08:36 -0300] "POST /cormun/servlet/solicitudotadjuntos?bb280241ee2e7d91405c396b31f74426,INS,2017,5054,,2,,gx-no-cache=1488463788041 HTTP/1.1" 200 4016
186.103.156.211 - - [02/Mar/2017:11:08:47 -0300] "POST /cormun/servlet/solicitudotadjuntos?gx-no-cache=1488463798345 HTTP/1.1" 200 26
186.103.156.211 - - [02/Mar/2017:11:09:07 -0300] "GET /cormun/servlet/solicitudotadjuntos?d3bf168ba3b19a819b091f6d3aa35ec86de39573e4d5e77dabd064b011c6602f,gx-no-cache=1488463818850 HTTP/1.1" 200 30
186.103.156.211 - - [02/Mar/2017:11:09:07 -0300] "GET /cormun/servlet/solicitudotadjuntos?d3bf168ba3b19a819b091f6d3aa35ec86de39573e4d5e77dabd064b011c6602f,gx-no-cache=1488463818941 HTTP/1.1" 200 30
200.54.247.69 - - [02/Mar/2017:11:09:09 -0300] "POST /cormun/servlet/solicitudot?gx-no-cache=1488463818145 HTTP/1.1" 200 235
200.54.247.69 - - [02/Mar/2017:11:09:09 -0300] "POST /cormun/servlet/solicitudot?gx-no-cache=1488463818212 HTTP/1.1" 200 38
186.103.156.211 - - [02/Mar/2017:11:09:17 -0300] "POST /cormun/servlet/solicitudotadjuntos?bb280241ee2e7d91405c396b31f74426,INS,2017,5054,,2, HTTP/1.1" 200 6100
186.103.156.211 - - [02/Mar/2017:11:09:17 -0300] "GET /cormun/static/Shared/jqueryui/images/ui-bg_highlight-soft_100_c6c2c8_1x100.png HTTP/1.1" 404 1117
186.103.156.211 - - [02/Mar/2017:11:09:17 -0300] "GET /cormun/static/Shared/jqueryui/images/ui-icons_82798d_256x240.png HTTP/1.1" 404 1089
186.103.156.211 - - [02/Mar/2017:11:09:17 -0300] "GET /cormun/static/Shared/jqueryui/images/ui-bg_flat_55_994d53_40x100.png HTTP/1.1" 404 1097
186.103.156.211 - - [02/Mar/2017:11:09:17 -0300] "GET /cormun/static/Shared/jqueryui/images/ui-icons_ebccce_256x240.png HTTP/1.1" 404 1089
186.103.156.211 - - [02/Mar/2017:11:09:20 -0300] "GET /cormun/PrivateTempStorage/upload_00006873.jpeg HTTP/1.1" 200 653509
186.103.156.211 - - [02/Mar/2017:11:09:32 -0300] "GET /cormun/servlet/trsolicitudadjuntos?2017,5054, HTTP/1.1" 200 8367
186.103.156.211 - - [02/Mar/2017:11:09:32 -0300] "GET /cormun/servlet/trsolicitudadjuntos?2017,5054, HTTP/1.1" 200 8363
192.168.10.4 - - [02/Mar/2017:11:09:38 -0300] "GET /cormunbeta/servlet/hlogin HTTP/1.1" 200 1716
192.168.10.4 - - [02/Mar/2017:11:09:38 -0300] "GET /cormunbeta/static/gxtimezone.js?85251 HTTP/1.1" 200 5781
192.168.10.4 - - [02/Mar/2017:11:09:38 -0300] "GET /cormunbeta/static/gxcfg.js?201612216162538 HTTP/1.1" 200 953
192.168.10.4 - - [02/Mar/2017:11:09:38 -0300] "GET /cormunbeta/static/Resources/Spanish/PXTools.css?167811 HTTP/1.1" 200 89042
192.168.10.4 - - [02/Mar/2017:11:09:39 -0300] "GET /cormunbeta/static/messages.spa.js?85251 HTTP/1.1" 200 30736
192.168.10.4 - - [02/Mar/2017:11:09:39 -0300] "GET /cormunbeta/static/hlogin.js?201612216162555 HTTP/1.1" 200 2136
192.168.10.4 - - [02/Mar/2017:11:09:39 -0300] "GET /cormunbeta/static/Resources/ComunLogin.png HTTP/1.1" 200 17326
192.168.10.4 - - [02/Mar/2017:11:09:39 -0300] "GET /cormunbeta/static/gxgral.js?85251 HTTP/1.1" 200 384558
192.168.10.4 - - [02/Mar/2017:11:09:39 -0300] "GET /cormunbeta/static/Resources/PXToolsLoginTop.png HTTP/1.1" 200 1337
192.168.10.4 - - [02/Mar/2017:11:09:39 -0300] "GET /cormunbeta/static/Resources/PXToolsLoginBackground.png HTTP/1.1" 200 1164
192.168.10.4 - - [02/Mar/2017:11:09:39 -0300] "GET /cormunbeta/static/Resources/PXToolsButtonLeft21.png HTTP/1.1" 200 1287
192.168.10.4 - - [02/Mar/2017:11:09:39 -0300] "GET /cormunbeta/static/Resources/PXToolsButtonRight21.png HTTP/1.1" 200 1283
192.168.10.4 - - [02/Mar/2017:11:09:39 -0300] "GET /cormunbeta/static/Resources/PXToolsButtonBackground2.png HTTP/1.1" 200 1181
192.168.10.4 - - [02/Mar/2017:11:09:39 -0300] "GET /cormunbeta/static/Resources/PXToolsLoginBottom.png HTTP/1.1" 200 1389
192.168.10.4 - - [02/Mar/2017:11:09:39 -0300] "GET /cormunbeta/static/Resources/indicator.gif HTTP/1.1" 200 1553
192.168.10.4 - - [02/Mar/2017:11:09:39 -0300] "GET /cormunbeta/servlet/hlogin HTTP/1.1" 200 1727
192.168.10.4 - - [02/Mar/2017:11:09:39 -0300] "GET /favicon.ico HTTP/1.1" 200 21630
186.103.156.211 - - [02/Mar/2017:11:09:39 -0300] "POST /cormun/servlet/trsolicitudadjuntos?bb280241ee2e7d91405c396b31f74426,2017,5054,,gx-no-cache=1488463850540 HTTP/1.1" 200 7062
192.168.10.4 - - [02/Mar/2017:11:09:42 -0300] "GET / HTTP/1.1" 200 11217
192.168.10.4 - - [02/Mar/2017:11:09:43 -0300] "GET /tomcat.css HTTP/1.1" 200 5576
192.168.10.4 - - [02/Mar/2017:11:09:43 -0300] "GET /tomcat.png HTTP/1.1" 200 5103
192.168.10.4 - - [02/Mar/2017:11:09:43 -0300] "GET /bg-middle.png HTTP/1.1" 200 1918
192.168.10.4 - - [02/Mar/2017:11:09:43 -0300] "GET /bg-upper.png HTTP/1.1" 200 3103
192.168.10.4 - - [02/Mar/2017:11:09:43 -0300] "GET /asf-logo.png HTTP/1.1" 200 17811
192.168.10.4 - - [02/Mar/2017:11:09:43 -0300] "GET /bg-nav.png HTTP/1.1" 200 1401
192.168.10.4 - - [02/Mar/2017:11:09:43 -0300] "GET /bg-button.png HTTP/1.1" 200 713
192.168.10.4 - - [02/Mar/2017:11:09:47 -0300] "GET /manager/html HTTP/1.1" 401 2474
186.103.156.211 - - [02/Mar/2017:11:09:48 -0300] "GET /cormun/servlet/solicitudotadjuntos?INS,2017,5054,,1, HTTP/1.1" 200 6002
186.103.156.211 - - [02/Mar/2017:11:09:48 -0300] "GET /cormun/static/about:blank HTTP/1.1" 404 1011
186.103.156.211 - - [02/Mar/2017:11:09:48 -0300] "GET /cormun/servlet/solicitudotadjuntos?INS,2017,5054,,1, HTTP/1.1" 200 5995
186.103.156.211 - - [02/Mar/2017:11:09:49 -0300] "GET /cormun/servlet/solicitudotadjuntos?d3bf168ba3b19a819b091f6d3aa35ec8e5bf0f0bb5373f69c91ccc11755d224af5605fc6c09d24e2f76ecd93baf82425,gx-no-cache=1488463860421 HTTP/1.1" 200 30
186.103.156.211 - - [02/Mar/2017:11:09:49 -0300] "POST /cormun/servlet/solicitudotadjuntos?bb280241ee2e7d91405c396b31f74426,INS,2017,5054,,1,,gx-no-cache=1488463860649 HTTP/1.1" 200 3872
192.168.10.4 - sistema [02/Mar/2017:11:09:52 -0300] "GET /manager/images/tomcat.gif HTTP/1.1" 200 2066
192.168.10.4 - sistema [02/Mar/2017:11:09:52 -0300] "GET /manager/images/asf-logo.gif HTTP/1.1" 200 7279
192.168.10.4 - sistema [02/Mar/2017:11:09:57 -0300] "GET /manager/html HTTP/1.1" 200 21255
186.103.157.235 - - [02/Mar/2017:11:10:03 -0300] "POST /cormun/servlet/trautorizarsolicitud?ab7064e36164ace89d96c0dc7d4eb77b,,gx-no-cache=1488464039037 HTTP/1.1" 200 106
186.103.157.235 - - [02/Mar/2017:11:10:03 -0300] "GET /cormun/servlet/trsolicitudadjuntos?2017,5066, HTTP/1.1" 200 5988
186.103.157.235 - - [02/Mar/2017:11:10:03 -0300] "GET /cormun/static/gxcfg.js?201612218531388 HTTP/1.1" 200 953
186.103.157.235 - - [02/Mar/2017:11:10:03 -0300] "GET /cormun/static/trsolicitudadjuntos.js?201612218531657 HTTP/1.1" 200 17913
186.103.157.235 - - [02/Mar/2017:11:10:03 -0300] "GET /cormun/servlet/trsolicitudadjuntos?2017,5066, HTTP/1.1" 200 5987
186.103.157.235 - - [02/Mar/2017:11:10:05 -0300] "GET /cormun/servlet/trautorizarsolicitud? HTTP/1.1" 200 8708
186.103.157.235 - - [02/Mar/2017:11:10:06 -0300] "GET /cormun/servlet/trautorizarsolicitud? HTTP/1.1" 200 8707
186.103.157.235 - - [02/Mar/2017:11:10:11 -0300] "POST /cormun/servlet/trautorizarsolicitud?ab7064e36164ace89d96c0dc7d4eb77b,,gx-no-cache=1488464046422 HTTP/1.1" 200 107
186.103.157.235 - - [02/Mar/2017:11:10:11 -0300] "GET /cormun/servlet/trsolicitudadjuntos?2017,5064, HTTP/1.1" 200 5988
186.103.157.235 - - [02/Mar/2017:11:10:11 -0300] "GET /cormun/servlet/trsolicitudadjuntos?2017,5064, HTTP/1.1" 200 5987
186.103.156.211 - - [02/Mar/2017:11:10:14 -0300] "POST /cormun/servlet/solicitudotadjuntos?bb280241ee2e7d91405c396b31f74426,INS,2017,5054,,1,,gx-no-cache=1488463884886 HTTP/1.1" 200 90
186.103.156.211 - - [02/Mar/2017:11:10:14 -0300] "GET /cormun/servlet/hpexe_link HTTP/1.1" 200 981
186.103.156.211 - - [02/Mar/2017:11:10:14 -0300] "GET /cormun/servlet/trsolicitudadjuntos?2017,5054, HTTP/1.1" 200 8364
186.103.156.211 - - [02/Mar/2017:11:10:15 -0300] "GET /cormun/servlet/trsolicitudadjuntos?2017,5054, HTTP/1.1" 200 8365
186.103.157.235 - - [02/Mar/2017:11:10:18 -0300] "POST /cormun/servlet/trsolicitudadjuntos?ab7064e36164ace89d96c0dc7d4eb77b,2017,5064,,gx-no-cache=1488464054594 HTTP/1.1" 200 3870
186.103.157.235 - - [02/Mar/2017:11:10:21 -0300] "POST /cormun/servlet/trsolicitudadjuntos?ab7064e36164ace89d96c0dc7d4eb77b,2017,5064,,gx-no-cache=1488464057170 HTTP/1.1" 200 3870
186.103.157.235 - - [02/Mar/2017:11:10:25 -0300] "GET /cormun/servlet/trautorizarsolicitud? HTTP/1.1" 200 8708
186.103.157.235 - - [02/Mar/2017:11:10:25 -0300] "GET /cormun/servlet/trautorizarsolicitud? HTTP/1.1" 200 8707
186.103.156.211 - - [02/Mar/2017:11:10:26 -0300] "GET /cormun/servlet/solicitudotadjuntos?INS,2017,5054,,2, HTTP/1.1" 200 6000
186.103.156.211 - - [02/Mar/2017:11:10:27 -0300] "GET /cormun/static/about:blank HTTP/1.1" 404 1011
186.103.156.211 - - [02/Mar/2017:11:10:27 -0300] "GET /cormun/servlet/solicitudotadjuntos?INS,2017,5054,,2, HTTP/1.1" 200 5994
186.103.156.211 - - [02/Mar/2017:11:10:27 -0300] "GET /cormun/servlet/solicitudotadjuntos?d3bf168ba3b19a819b091f6d3aa35ec8e5bf0f0bb5373f69c91ccc11755d224af5605fc6c09d24e2f76ecd93baf82425,gx-no-cache=1488463898910 HTTP/1.1" 200 30
186.103.156.211 - - [02/Mar/2017:11:10:28 -0300] "POST /cormun/servlet/solicitudotadjuntos?bb280241ee2e7d91405c396b31f74426,INS,2017,5054,,2,,gx-no-cache=1488463899008 HTTP/1.1" 200 4017
186.103.157.235 - - [02/Mar/2017:11:10:31 -0300] "POST /cormun/servlet/trautorizarsolicitud?ab7064e36164ace89d96c0dc7d4eb77b,,gx-no-cache=1488464067291 HTTP/1.1" 200 5734
186.103.157.235 - - [02/Mar/2017:11:10:31 -0300] "GET /cormun/static/Shared/jqueryui/images/ui-bg_highlight-soft_100_c6c2c8_1x100.png HTTP/1.1" 404 1117
186.103.157.235 - - [02/Mar/2017:11:10:31 -0300] "GET /cormun/static/Shared/jqueryui/images/ui-bg_flat_55_fafafa_40x100.png HTTP/1.1" 404 1097
186.103.157.235 - - [02/Mar/2017:11:10:31 -0300] "GET /cormun/static/Shared/jqueryui/images/ui-icons_82798d_256x240.png HTTP/1.1" 404 1089
186.103.157.235 - - [02/Mar/2017:11:10:31 -0300] "GET /cormun/static/Shared/jqueryui/images/ui-icons_8d78a5_256x240.png HTTP/1.1" 404 1089
186.103.157.235 - - [02/Mar/2017:11:10:31 -0300] "POST /cormun/servlet/trautorizarsolicitud?ab7064e36164ace89d96c0dc7d4eb77b,,gx-no-cache=1488464067845 HTTP/1.1" 200 5679
186.103.156.211 - - [02/Mar/2017:11:10:33 -0300] "POST /cormun/servlet/solicitudotadjuntos?gx-no-cache=1488463904273 HTTP/1.1" 200 26
186.103.157.235 - - [02/Mar/2017:11:10:34 -0300] "POST /cormun/servlet/trautorizarsolicitud?ab7064e36164ace89d96c0dc7d4eb77b,,gx-no-cache=1488464070381 HTTP/1.1" 200 5435
186.103.157.235 - - [02/Mar/2017:11:10:35 -0300] "POST /cormun/servlet/trautorizarsolicitud?ab7064e36164ace89d96c0dc7d4eb77b,,gx-no-cache=1488464070958 HTTP/1.1" 200 5380
186.103.157.235 - - [02/Mar/2017:11:10:36 -0300] "POST /cormun/servlet/trautorizarsolicitud?ab7064e36164ace89d96c0dc7d4eb77b,,gx-no-cache=1488464072615 HTTP/1.1" 200 4314
186.103.157.235 - - [02/Mar/2017:11:10:37 -0300] "POST /cormun/servlet/trautorizarsolicitud?ab7064e36164ace89d96c0dc7d4eb77b,,gx-no-cache=1488464073110 HTTP/1.1" 200 4104
186.103.156.211 - - [02/Mar/2017:11:11:04 -0300] "GET /cormun/servlet/solicitudotadjuntos?d3bf168ba3b19a819b091f6d3aa35ec86de39573e4d5e77dabd064b011c6602f,gx-no-cache=1488463935919 HTTP/1.1" 200 30
186.103.156.211 - - [02/Mar/2017:11:11:04 -0300] "GET /cormun/servlet/solicitudotadjuntos?d3bf168ba3b19a819b091f6d3aa35ec86de39573e4d5e77dabd064b011c6602f,gx-no-cache=1488463936035 HTTP/1.1" 200 30
