186.79.213.17 - - [02/Mar/2017:08:46:35 -0300] "GET /cormun/static/Shared/jqueryui/images/ui-bg_flat_55_fafafa_40x100.png HTTP/1.1" 404 1097
186.79.213.17 - - [02/Mar/2017:08:46:35 -0300] "GET /cormun/static/Shared/jqueryui/images/ui-icons_8d78a5_256x240.png HTTP/1.1" 404 1089
186.79.213.17 - - [02/Mar/2017:08:46:35 -0300] "POST /cormun/servlet/trautorizarsolicitud?d93123aa63aab900a032dc947e8ceef8,,gx-no-cache=1488455265700 HTTP/1.1" 200 7864
186.79.213.17 - - [02/Mar/2017:08:46:45 -0300] "POST /cormun/servlet/trautorizarsolicitud?d93123aa63aab900a032dc947e8ceef8,,gx-no-cache=1488455274841 HTTP/1.1" 200 7521
186.79.213.17 - - [02/Mar/2017:08:46:46 -0300] "POST /cormun/servlet/trautorizarsolicitud?d93123aa63aab900a032dc947e8ceef8,,gx-no-cache=1488455276165 HTTP/1.1" 200 7467
186.103.159.46 - - [02/Mar/2017:08:46:47 -0300] "GET /cormun/servlet/hhome HTTP/1.1" 200 3265
186.103.159.46 - - [02/Mar/2017:08:46:47 -0300] "GET /cormun/static/gxcfg.js?201612218515568 HTTP/1.1" 304 -
186.103.159.46 - - [02/Mar/2017:08:46:50 -0300] "GET /cormun/servlet/hhome HTTP/1.1" 200 3276
186.103.159.46 - - [02/Mar/2017:08:46:50 -0300] "GET /cormun/servlet/hlogin HTTP/1.1" 200 1727
186.103.159.46 - - [02/Mar/2017:08:46:51 -0300] "GET /cormun/static/gxcfg.js?201612216162538 HTTP/1.1" 304 -
186.79.213.17 - - [02/Mar/2017:08:47:03 -0300] "POST /cormun/servlet/trautorizarsolicitud?d93123aa63aab900a032dc947e8ceef8,,gx-no-cache=1488455293902 HTTP/1.1" 200 7166
186.79.213.17 - - [02/Mar/2017:08:47:04 -0300] "POST /cormun/servlet/trautorizarsolicitud?d93123aa63aab900a032dc947e8ceef8,,gx-no-cache=1488455294751 HTTP/1.1" 200 7111
186.103.159.46 - - [02/Mar/2017:08:47:15 -0300] "POST /cormun/servlet/hlogin?2cf0ef7f028db498b4e5e48cd19e0e01,gx-no-cache=1488455306146 HTTP/1.1" 200 90
186.103.159.46 - - [02/Mar/2017:08:47:15 -0300] "GET /cormun/servlet/hpexe_link HTTP/1.1" 200 949
186.103.159.46 - - [02/Mar/2017:08:47:15 -0300] "GET /cormun/static/gxcfg.js?201612218515529 HTTP/1.1" 304 -
186.103.159.46 - - [02/Mar/2017:08:47:15 -0300] "GET /cormun/servlet/hhome HTTP/1.1" 200 3759
186.103.159.46 - - [02/Mar/2017:08:47:17 -0300] "GET /cormun/servlet/hhome HTTP/1.1" 200 3759
186.79.213.17 - - [02/Mar/2017:08:47:23 -0300] "POST /cormun/servlet/trautorizarsolicitud?d93123aa63aab900a032dc947e8ceef8,,gx-no-cache=1488455313971 HTTP/1.1" 200 6876
186.79.213.17 - - [02/Mar/2017:08:47:24 -0300] "POST /cormun/servlet/trautorizarsolicitud?d93123aa63aab900a032dc947e8ceef8,,gx-no-cache=1488455314754 HTTP/1.1" 200 6820
186.103.159.46 - - [02/Mar/2017:08:47:40 -0300] "GET /cormun/servlet/trvisualizadoreventos? HTTP/1.1" 200 6494
186.103.159.46 - - [02/Mar/2017:08:47:40 -0300] "GET /cormun/static/gxcfg.js?2016101716203350 HTTP/1.1" 304 -
186.79.129.193 - - [02/Mar/2017:08:47:40 -0300] "GET /cormun/servlet/hlogin HTTP/1.1" 200 1721
186.79.129.193 - - [02/Mar/2017:08:47:41 -0300] "GET /cormun/static/Resources/Spanish/PXTools.css?167811 HTTP/1.1" 304 -
186.79.129.193 - - [02/Mar/2017:08:47:41 -0300] "GET /cormun/static/hlogin.js?201612216162555 HTTP/1.1" 304 -
186.103.159.46 - - [02/Mar/2017:08:47:43 -0300] "GET /cormun/servlet/trvisualizadoreventos? HTTP/1.1" 200 6493
186.103.159.46 - - [02/Mar/2017:08:47:50 -0300] "GET /cormun/static/menuarrow.gif HTTP/1.1" 404 1015
186.79.129.193 - - [02/Mar/2017:08:47:53 -0300] "POST /cormun/servlet/hlogin?ad524bbf95a25e28ad6a9fe9aa831bbb,gx-no-cache=1488455346745 HTTP/1.1" 200 90
186.79.129.193 - - [02/Mar/2017:08:47:53 -0300] "GET /cormun/servlet/hpexe_link HTTP/1.1" 200 954
186.79.213.17 - - [02/Mar/2017:08:47:53 -0300] "POST /cormun/servlet/trautorizarsolicitud?d93123aa63aab900a032dc947e8ceef8,,gx-no-cache=1488455343946 HTTP/1.1" 200 6460
186.79.129.193 - - [02/Mar/2017:08:47:53 -0300] "GET /cormun/servlet/hhome HTTP/1.1" 200 3758
186.79.129.193 - - [02/Mar/2017:08:47:54 -0300] "GET /cormun/servlet/hhome HTTP/1.1" 200 3754
186.79.213.17 - - [02/Mar/2017:08:47:55 -0300] "POST /cormun/servlet/trautorizarsolicitud?d93123aa63aab900a032dc947e8ceef8,,gx-no-cache=1488455344735 HTTP/1.1" 200 6405
186.103.159.46 - - [02/Mar/2017:08:48:03 -0300] "POST /cormun/servlet/trvisualizadoreventos?2cf0ef7f028db498b4e5e48cd19e0e01,,gx-no-cache=1488455354221 HTTP/1.1" 200 3761
186.103.159.204 - - [02/Mar/2017:08:48:15 -0300] "GET /cormun/servlet/hlogin HTTP/1.1" 200 1722
186.79.129.193 - - [02/Mar/2017:08:48:16 -0300] "GET /cormun/servlet/trlicencias? HTTP/1.1" 200 8115
186.79.129.193 - - [02/Mar/2017:08:48:17 -0300] "GET /cormun/servlet/trlicencias? HTTP/1.1" 200 8113
186.79.213.17 - - [02/Mar/2017:08:48:20 -0300] "POST /cormun/servlet/trautorizarsolicitud?d93123aa63aab900a032dc947e8ceef8,,gx-no-cache=1488455370689 HTTP/1.1" 200 6219
186.79.213.17 - - [02/Mar/2017:08:48:21 -0300] "POST /cormun/servlet/trautorizarsolicitud?d93123aa63aab900a032dc947e8ceef8,,gx-no-cache=1488455371403 HTTP/1.1" 200 6163
186.79.129.193 - - [02/Mar/2017:08:48:23 -0300] "GET /cormun/servlet/licenciaspermisos?INS,0,,, HTTP/1.1" 200 7105
186.79.129.193 - - [02/Mar/2017:08:48:24 -0300] "GET /cormun/servlet/licenciaspermisos?INS,0,,, HTTP/1.1" 200 7105
186.79.213.17 - - [02/Mar/2017:08:48:26 -0300] "POST /cormun/servlet/trautorizarsolicitud?d93123aa63aab900a032dc947e8ceef8,,gx-no-cache=1488455376721 HTTP/1.1" 200 5845
186.103.159.204 - - [02/Mar/2017:08:48:27 -0300] "POST /cormun/servlet/hlogin?eb5d2fe17757c8d6d524510eec3a6604,gx-no-cache=1488455376335 HTTP/1.1" 200 90
186.103.159.204 - - [02/Mar/2017:08:48:27 -0300] "GET /cormun/servlet/hpexe_link HTTP/1.1" 200 954
186.79.213.17 - - [02/Mar/2017:08:48:27 -0300] "POST /cormun/servlet/trautorizarsolicitud?d93123aa63aab900a032dc947e8ceef8,,gx-no-cache=1488455377385 HTTP/1.1" 200 5792
186.103.159.204 - - [02/Mar/2017:08:48:27 -0300] "GET /cormun/servlet/hhome HTTP/1.1" 200 3981
186.103.159.46 - - [02/Mar/2017:08:48:28 -0300] "POST /cormun/servlet/trvisualizadoreventos?2cf0ef7f028db498b4e5e48cd19e0e01,,gx-no-cache=1488455378477 HTTP/1.1" 200 3761
186.103.159.204 - - [02/Mar/2017:08:48:28 -0300] "GET /cormun/servlet/hhome HTTP/1.1" 200 3977
186.103.159.204 - - [02/Mar/2017:08:48:42 -0300] "GET /cormun/servlet/trsolicitudot? HTTP/1.1" 200 6953
186.79.213.17 - - [02/Mar/2017:08:48:42 -0300] "POST /cormun/servlet/trautorizarsolicitud?d93123aa63aab900a032dc947e8ceef8,,gx-no-cache=1488455393049 HTTP/1.1" 200 5527
186.103.159.204 - - [02/Mar/2017:08:48:42 -0300] "GET /cormun/static/Resources/asc.gif HTTP/1.1" 200 67
186.103.159.204 - - [02/Mar/2017:08:48:43 -0300] "GET /cormun/static/Resources/desc.gif HTTP/1.1" 200 65
186.103.159.204 - - [02/Mar/2017:08:48:43 -0300] "GET /cormun/static/Resources/desc.gif HTTP/1.1" 200 65
186.103.159.204 - - [02/Mar/2017:08:48:43 -0300] "GET /cormun/static/Resources/asc.gif HTTP/1.1" 200 67
186.103.159.204 - - [02/Mar/2017:08:48:43 -0300] "GET /cormun/static/Resources/asc.gif HTTP/1.1" 200 67
186.103.159.204 - - [02/Mar/2017:08:48:43 -0300] "GET /cormun/static/Resources/desc.gif HTTP/1.1" 200 65
186.103.159.204 - - [02/Mar/2017:08:48:43 -0300] "GET /cormun/static/Resources/asc.gif HTTP/1.1" 200 67
186.103.159.204 - - [02/Mar/2017:08:48:43 -0300] "GET /cormun/static/Resources/desc.gif HTTP/1.1" 200 65
186.103.159.204 - - [02/Mar/2017:08:48:43 -0300] "GET /cormun/static/Resources/asc.gif HTTP/1.1" 200 67
186.103.159.204 - - [02/Mar/2017:08:48:43 -0300] "GET /cormun/static/Resources/desc.gif HTTP/1.1" 200 65
186.103.159.204 - - [02/Mar/2017:08:48:43 -0300] "GET /cormun/static/Resources/desc.gif HTTP/1.1" 200 65
186.103.159.204 - - [02/Mar/2017:08:48:43 -0300] "GET /cormun/static/Resources/desc.gif HTTP/1.1" 200 65
186.103.159.204 - - [02/Mar/2017:08:48:43 -0300] "GET /cormun/static/Resources/asc.gif HTTP/1.1" 200 67
186.103.159.204 - - [02/Mar/2017:08:48:43 -0300] "GET /cormun/static/Resources/asc.gif HTTP/1.1" 200 67
186.103.159.204 - - [02/Mar/2017:08:48:43 -0300] "GET /cormun/static/Resources/desc.gif HTTP/1.1" 200 65
186.103.159.204 - - [02/Mar/2017:08:48:43 -0300] "GET /cormun/servlet/trsolicitudot? HTTP/1.1" 200 6952
186.79.213.17 - - [02/Mar/2017:08:48:43 -0300] "POST /cormun/servlet/trautorizarsolicitud?d93123aa63aab900a032dc947e8ceef8,,gx-no-cache=1488455393616 HTTP/1.1" 200 5473
186.79.213.17 - - [02/Mar/2017:08:48:46 -0300] "POST /cormun/servlet/trautorizarsolicitud?d93123aa63aab900a032dc947e8ceef8,,gx-no-cache=1488455396273 HTTP/1.1" 200 4371
186.79.213.17 - - [02/Mar/2017:08:48:46 -0300] "POST /cormun/servlet/trautorizarsolicitud?d93123aa63aab900a032dc947e8ceef8,,gx-no-cache=1488455396758 HTTP/1.1" 200 4108
186.103.159.46 - - [02/Mar/2017:08:48:58 -0300] "POST /cormun/servlet/trvisualizadoreventos?2cf0ef7f028db498b4e5e48cd19e0e01,,gx-no-cache=1488455408596 HTTP/1.1" 200 3765
186.103.159.204 - - [02/Mar/2017:08:49:04 -0300] "GET /cormun/servlet/solicitudot?INS,0,0, HTTP/1.1" 200 12783
186.103.159.204 - - [02/Mar/2017:08:49:05 -0300] "GET /cormun/servlet/solicitudot?INS,0,0, HTTP/1.1" 200 12788
186.103.159.46 - - [02/Mar/2017:08:49:09 -0300] "GET /cormun/servlet/trpermisosgoce? HTTP/1.1" 200 8000
186.103.159.46 - - [02/Mar/2017:08:49:11 -0300] "GET /cormun/servlet/trpermisosgoce? HTTP/1.1" 200 8009
186.103.159.46 - - [02/Mar/2017:08:49:16 -0300] "GET /cormun/servlet/trpermisosadjuntos?11547957,20170301165916,P, HTTP/1.1" 200 6082
186.103.159.46 - - [02/Mar/2017:08:49:17 -0300] "GET /cormun/static/gxcfg.js?2016122813135853 HTTP/1.1" 200 953
186.103.159.46 - - [02/Mar/2017:08:49:17 -0300] "GET /cormun/static/trpermisosadjuntos.js?20161228131414 HTTP/1.1" 200 20048
186.103.159.46 - - [02/Mar/2017:08:49:18 -0300] "GET /cormun/servlet/trpermisosadjuntos?11547957,20170301165916,P, HTTP/1.1" 200 6082
186.103.159.46 - - [02/Mar/2017:08:49:19 -0300] "POST /cormun/servlet/acontrolpreferencessavestate?None,CA-JAR,true HTTP/1.1" 200 35
186.103.159.204 - - [02/Mar/2017:08:49:20 -0300] "POST /cormun/servlet/solicitudot?gx-no-cache=1488455429357 HTTP/1.1" 200 3193
186.103.159.204 - - [02/Mar/2017:08:49:20 -0300] "POST /cormun/servlet/solicitudot?eb5d2fe17757c8d6d524510eec3a6604,INS,0,0,,gx-no-cache=1488455429549 HTTP/1.1" 200 9986
186.103.159.204 - - [02/Mar/2017:08:49:25 -0300] "GET /cormun/servlet/solicitudot?5e31d30bad474468f483a3fa3a193a0269c5b28f175558f6bca6407f82a3d2edd813524997a17c82c5df443bf397fcd8,gx-no-cache=1488455435257 HTTP/1.1" 200 30
186.103.159.204 - - [02/Mar/2017:08:49:26 -0300] "POST /cormun/servlet/solicitudot?gx-no-cache=1488455435363 HTTP/1.1" 200 255
186.103.159.204 - - [02/Mar/2017:08:49:26 -0300] "GET /cormun/servlet/solicitudot?5e31d30bad474468f483a3fa3a193a02821780aedba3281cf6c9d456bdbca4794e3f953157d00f59218af9beceae32c32b2dd18399a04c7e2a899bef8b8abc4107c13b0f65ea634d91ee69e50686f368e5694ccf4cb7ed75ac30102948be25d3ee6d0a186ed2efeffd655043545f16124d358fbb8be270a8bea6723474305d65689c5953aa3f61b7c6023f0b98243527c55c8aa3bcfe88a44ab2823ef033c023ea2ea91987414cb94f8cf85ddc7b08e88330ee1fe3dc7651fea731f8377094c33c0771c06b4e2d042589542d418595426d20614adc177db379734c9c391f7d628aa55725327808aaa4380693f7712fdfbdd68a0c873a2b7d4ce308efb7caa430313f7c464dca0d6820faa3138b0634a5bad2580ad8a85bd631fce2758181fa63491ee78d42d2391bd9118f31726fab050b6e5ec37094dec60639eaeae24a0bde87df55739f9899a4fb449d338b2fa3702964dae66aac97af800b9a61285a6b712c2a97289dc6a1b09698444444b1cef5e20a2b878bb1643c2ad8ce15b9af8393,gx-no-cache=1488455435459 HTTP/1.1" 200 30
186.103.159.204 - - [02/Mar/2017:08:49:26 -0300] "POST /cormun/servlet/solicitudot?gx-no-cache=1488455435866 HTTP/1.1" 200 30
186.103.159.204 - - [02/Mar/2017:08:49:26 -0300] "POST /cormun/servlet/solicitudot?gx-no-cache=1488455435942 HTTP/1.1" 200 1291
186.103.159.204 - - [02/Mar/2017:08:49:26 -0300] "POST /cormun/servlet/solicitudot?gx-no-cache=1488455436087 HTTP/1.1" 200 38
186.103.159.46 - - [02/Mar/2017:08:49:29 -0300] "GET /cormun/servlet/permisosadjuntos?INS,11547957,P,20170301165916,, HTTP/1.1" 200 5404
186.103.159.46 - - [02/Mar/2017:08:49:29 -0300] "GET /cormun/static/gxcfg.js?2016122813135788 HTTP/1.1" 200 953
186.103.159.46 - - [02/Mar/2017:08:49:29 -0300] "GET /cormun/static/permisosadjuntos.js?2016122813135797 HTTP/1.1" 200 8721
186.103.159.46 - - [02/Mar/2017:08:49:31 -0300] "GET /cormun/static/about:blank HTTP/1.1" 404 1011
186.103.159.46 - - [02/Mar/2017:08:49:31 -0300] "GET /cormun/servlet/permisosadjuntos?INS,11547957,P,20170301165916,, HTTP/1.1" 200 5394
186.103.159.204 - - [02/Mar/2017:08:49:44 -0300] "POST /cormun/servlet/solicitudot?gx-no-cache=1488455453629 HTTP/1.1" 200 1291
186.103.159.204 - - [02/Mar/2017:08:49:44 -0300] "POST /cormun/servlet/solicitudot?gx-no-cache=1488455453806 HTTP/1.1" 200 38
186.103.159.204 - - [02/Mar/2017:08:49:48 -0300] "GET /cormun/servlet/solicitudot?5e31d30bad474468f483a3fa3a193a023edacb88efb05de7a314a474faca36c3a548a3d013b0181931aaf6c3bf169d3bfb76b9605a1ce2e662b0b0c8731be21ce6926f3b78c00e48da108eca1b1a008b86d7dfb823a1af18177ae72e258ced911dd252c5c7c405857d44ee66533b3b450bee3733b72588f7c309520196b50babaed618c290fdbd9635f2b591c134beca17f9b4a05a7a600045886da105c13ec6,gx-no-cache=1488455458155 HTTP/1.1" 200 29
186.103.159.204 - - [02/Mar/2017:08:49:48 -0300] "POST /cormun/servlet/solicitudot?gx-no-cache=1488455458191 HTTP/1.1" 200 1274
186.103.159.204 - - [02/Mar/2017:08:49:48 -0300] "POST /cormun/servlet/solicitudot?gx-no-cache=1488455458259 HTTP/1.1" 200 1157
186.103.159.204 - - [02/Mar/2017:08:49:49 -0300] "GET /cormun/static/menuarrow.gif HTTP/1.1" 404 1015
186.103.159.204 - - [02/Mar/2017:08:49:51 -0300] "POST /cormun/servlet/solicitudot?gx-no-cache=1488455460562 HTTP/1.1" 200 1274
186.103.159.204 - - [02/Mar/2017:08:49:51 -0300] "POST /cormun/servlet/solicitudot?gx-no-cache=1488455460651 HTTP/1.1" 200 1157
186.103.159.204 - - [02/Mar/2017:08:50:02 -0300] "GET /cormun/servlet/solicitudot?5e31d30bad474468f483a3fa3a193a02ff4270657587d299e97b6919a7ad23a32733fc168f60c39626524e9fe240b0a7a6dc637541f9c474bb07c3b376c6e754fe5fbd50bbc6c56ffdac2d64aaa556b759688c62850efccf50c943840efdb855c58a70df20677b70ece68166cebebd1d9a1ceb3973559e667f480c067696512271c7f1b6366e25153333209e5dc51fe3dbbbac720296c1ca05904f2cf86a33d0b4d5c777621fb00b54b2605476ca756e,gx-no-cache=1488455471517 HTTP/1.1" 200 30
186.103.159.204 - - [02/Mar/2017:08:50:28 -0300] "POST /cormun/servlet/solicitudot?eb5d2fe17757c8d6d524510eec3a6604,INS,0,0,,gx-no-cache=1488455496816 HTTP/1.1" 200 93
186.103.159.204 - - [02/Mar/2017:08:50:28 -0300] "GET /cormun/servlet/hpexe_return? HTTP/1.1" 200 1008
186.103.159.204 - - [02/Mar/2017:08:50:29 -0300] "GET /cormun/servlet/trsolicitudot HTTP/1.1" 200 8260
186.79.129.193 - - [02/Mar/2017:08:50:29 -0300] "GET /cormun/servlet/licenciaspermisos?d4948ef7c8724d759438acfe307ac004a14de3962d241186fc620562853069049cc26bc3cce31b24548f9acdfaa49052,gx-no-cache=1488455502491 HTTP/1.1" 200 64
186.79.129.193 - - [02/Mar/2017:08:50:29 -0300] "POST /cormun/servlet/licenciaspermisos?ad524bbf95a25e28ad6a9fe9aa831bbb,INS,0,,,,gx-no-cache=1488455502845 HTTP/1.1" 200 4413
186.103.159.204 - - [02/Mar/2017:08:50:30 -0300] "GET /cormun/static/Resources/asc.gif HTTP/1.1" 200 67
186.103.159.204 - - [02/Mar/2017:08:50:30 -0300] "GET /cormun/static/Resources/asc.gif HTTP/1.1" 200 67
186.103.159.204 - - [02/Mar/2017:08:50:30 -0300] "GET /cormun/static/Resources/asc.gif HTTP/1.1" 200 67
186.103.159.204 - - [02/Mar/2017:08:50:30 -0300] "GET /cormun/static/Resources/desc.gif HTTP/1.1" 200 65
186.103.159.204 - - [02/Mar/2017:08:50:30 -0300] "GET /cormun/static/Resources/desc.gif HTTP/1.1" 200 65
186.103.159.204 - - [02/Mar/2017:08:50:30 -0300] "GET /cormun/static/Resources/desc.gif HTTP/1.1" 200 65
186.103.159.204 - - [02/Mar/2017:08:50:30 -0300] "GET /cormun/static/Resources/asc.gif HTTP/1.1" 200 67
186.103.159.204 - - [02/Mar/2017:08:50:30 -0300] "GET /cormun/servlet/trsolicitudot HTTP/1.1" 200 8256
186.103.159.204 - - [02/Mar/2017:08:50:39 -0300] "POST /cormun/servlet/trsolicitudot?eb5d2fe17757c8d6d524510eec3a6604,gx-no-cache=1488455508430 HTTP/1.1" 200 4362
186.103.159.204 - - [02/Mar/2017:08:50:39 -0300] "GET /cormun/static/Shared/jqueryui/images/ui-icons_82798d_256x240.png HTTP/1.1" 404 1089
186.103.159.204 - - [02/Mar/2017:08:50:39 -0300] "GET /cormun/static/Shared/jqueryui/images/ui-bg_highlight-soft_100_c6c2c8_1x100.png HTTP/1.1" 404 1117
186.103.159.204 - - [02/Mar/2017:08:50:39 -0300] "GET /cormun/static/Shared/jqueryui/images/ui-bg_flat_55_fafafa_40x100.png HTTP/1.1" 404 1097
186.103.159.204 - - [02/Mar/2017:08:50:39 -0300] "GET /cormun/static/Shared/jqueryui/images/ui-icons_8d78a5_256x240.png HTTP/1.1" 404 1089
186.103.159.204 - - [02/Mar/2017:08:50:39 -0300] "POST /cormun/servlet/trsolicitudot?eb5d2fe17757c8d6d524510eec3a6604,gx-no-cache=1488455508779 HTTP/1.1" 200 4128
186.103.159.204 - - [02/Mar/2017:08:50:46 -0300] "GET /cormun/servlet/trautorizarsolicitud? HTTP/1.1" 200 8183
186.103.159.204 - - [02/Mar/2017:08:50:47 -0300] "GET /cormun/servlet/trautorizarsolicitud? HTTP/1.1" 200 8182
186.103.159.204 - - [02/Mar/2017:08:50:54 -0300] "POST /cormun/servlet/trautorizarsolicitud?eb5d2fe17757c8d6d524510eec3a6604,,gx-no-cache=1488455523961 HTTP/1.1" 200 4338
186.103.159.204 - - [02/Mar/2017:08:50:54 -0300] "GET /cormun/static/Shared/jqueryui/images/ui-bg_highlight-soft_100_c6c2c8_1x100.png HTTP/1.1" 404 1117
186.103.159.204 - - [02/Mar/2017:08:50:54 -0300] "GET /cormun/static/Shared/jqueryui/images/ui-icons_82798d_256x240.png HTTP/1.1" 404 1089
186.103.159.204 - - [02/Mar/2017:08:50:54 -0300] "GET /cormun/static/Shared/jqueryui/images/ui-bg_flat_55_fafafa_40x100.png HTTP/1.1" 404 1097
186.103.159.204 - - [02/Mar/2017:08:50:54 -0300] "GET /cormun/static/Shared/jqueryui/images/ui-icons_8d78a5_256x240.png HTTP/1.1" 404 1089
186.103.159.204 - - [02/Mar/2017:08:50:55 -0300] "POST /cormun/servlet/trautorizarsolicitud?eb5d2fe17757c8d6d524510eec3a6604,,gx-no-cache=1488455524264 HTTP/1.1" 200 4104
200.73.230.173 - - [02/Mar/2017:08:53:10 -0300] "GET /cormun/servlet/trsolicitudot? HTTP/1.1" 200 6756
200.73.230.173 - - [02/Mar/2017:08:53:10 -0300] "GET /cormun/servlet/trsolicitudot? HTTP/1.1" 200 6756
186.79.129.193 - - [02/Mar/2017:08:54:32 -0300] "GET /cormun/servlet/licenciaspermisos?d4948ef7c8724d759438acfe307ac004e4f3e419935443dd02e62022128a4b233c40f5becb0d276255bebb83a6e93dba097de706bf9fd32412747d18de4fd7a3645f55609d6866eb16bf3b1c931656137a7b8778d4d1dacfd2dba4112d604593483f6517efd57bc452a95a0b6b97a2a27de6667d3dcb3c82df86261b1d639982fb2860eaa9133b2de6d4165dc3ee0eab136863194ce6aa0dd89862ca7c7d64c2e370d147dd9b81c9f381312e3ab139ff48c20375eed48f950d2ba8c7ee550be21cc1071d21a05df202d161e7618fd0a1aec5cf625a7df974a0590197e45d7f01,gx-no-cache=1488455737891 HTTP/1.1" 200 30
186.79.129.193 - - [02/Mar/2017:08:54:32 -0300] "GET /cormun/servlet/licenciaspermisos?d4948ef7c8724d759438acfe307ac004f09c5eb9c58aab1454e76c453c898ad46249f23525ca419b7f3564e9273dd9dae3c3608090e3a0c2308f80efc7769d7768261bd83a0daefc3576f5a45e887453013e107bf121e3faec52665356fdd90de2a31701feb2dadca8bd7fe3503cfa0ce682db23d00b350e6115c88510ad0aa2a17609fa3d97c0ad251493e4ce870c89939322e0680f10c934d8057ce8e71dec830a3031cc0ad7907b538647044af3ac24422af6a9e616c56dc3550ef4ea614bfa6c92bd6a24084fab32762303793aa4111d9cb25914d4826b8ef2724e9d7a51,gx-no-cache=1488455746431 HTTP/1.1" 200 29
186.79.129.193 - - [02/Mar/2017:08:54:34 -0300] "POST /cormun/servlet/licenciaspermisos?ad524bbf95a25e28ad6a9fe9aa831bbb,INS,0,,,,gx-no-cache=1488455747038 HTTP/1.1" 200 93
186.79.129.193 - - [02/Mar/2017:08:54:34 -0300] "GET /cormun/servlet/hpexe_return? HTTP/1.1" 200 1012
186.79.129.193 - - [02/Mar/2017:08:54:35 -0300] "GET /cormun/servlet/trlicencias HTTP/1.1" 200 8460
186.79.129.193 - - [02/Mar/2017:08:54:36 -0300] "GET /cormun/servlet/trlicencias HTTP/1.1" 200 8455
186.79.129.193 - - [02/Mar/2017:08:54:45 -0300] "POST /cormun/servlet/trlicencias?ad524bbf95a25e28ad6a9fe9aa831bbb,gx-no-cache=1488455757031 HTTP/1.1" 200 5584
186.79.129.193 - - [02/Mar/2017:08:54:46 -0300] "GET /cormun/static/Shared/jqueryui/images/ui-bg_highlight-soft_100_c6c2c8_1x100.png HTTP/1.1" 404 1117
186.79.129.193 - - [02/Mar/2017:08:54:46 -0300] "GET /cormun/static/Shared/jqueryui/images/ui-icons_82798d_256x240.png HTTP/1.1" 404 1089
186.79.129.193 - - [02/Mar/2017:08:54:46 -0300] "GET /cormun/static/Shared/jqueryui/images/ui-bg_flat_55_fafafa_40x100.png HTTP/1.1" 404 1097
186.79.129.193 - - [02/Mar/2017:08:54:46 -0300] "GET /cormun/static/Shared/jqueryui/images/ui-icons_8d78a5_256x240.png HTTP/1.1" 404 1089
186.79.129.193 - - [02/Mar/2017:08:54:59 -0300] "GET /cormun/servlet/alicenciaprn?15738839,L,20170302000000,PU HTTP/1.1" 200 1552
186.103.159.46 - - [02/Mar/2017:08:55:28 -0300] "POST /cormun/servlet/permisosadjuntos?2cf0ef7f028db498b4e5e48cd19e0e01,INS,11547957,P,20170301165916,, HTTP/1.1" 200 116
186.103.159.46 - - [02/Mar/2017:08:55:29 -0300] "GET /cormun/servlet/hpexe_return? HTTP/1.1" 200 1034
186.103.159.46 - - [02/Mar/2017:08:55:29 -0300] "GET /cormun/static/gxcfg.js?2016101716175148 HTTP/1.1" 304 -
186.103.159.46 - - [02/Mar/2017:08:55:29 -0300] "GET /cormun/servlet/trpermisosadjuntos?11547957,20170301165916,P, HTTP/1.1" 200 6564
186.103.159.46 - - [02/Mar/2017:08:55:31 -0300] "GET /cormun/servlet/trpermisosadjuntos?11547957,20170301165916,P, HTTP/1.1" 200 6560
186.103.159.46 - - [02/Mar/2017:08:55:45 -0300] "GET /cormun/servlet/trpermisosgoce? HTTP/1.1" 200 8000
186.103.159.46 - - [02/Mar/2017:08:55:47 -0300] "GET /cormun/servlet/trpermisosgoce? HTTP/1.1" 200 8002
186.103.159.46 - - [02/Mar/2017:08:55:59 -0300] "GET /cormun/servlet/trpermisosadjuntos?11888967,20170301170414,P, HTTP/1.1" 200 6074
186.103.159.46 - - [02/Mar/2017:08:56:00 -0300] "GET /cormun/servlet/trpermisosadjuntos?11888967,20170301170414,P, HTTP/1.1" 200 6074
186.103.159.46 - - [02/Mar/2017:08:56:02 -0300] "GET /cormun/servlet/permisosadjuntos?INS,11888967,P,20170301170414,, HTTP/1.1" 200 5399
186.103.159.46 - - [02/Mar/2017:08:56:02 -0300] "GET /cormun/static/about:blank HTTP/1.1" 404 1011
186.103.159.46 - - [02/Mar/2017:08:56:03 -0300] "GET /cormun/servlet/permisosadjuntos?INS,11888967,P,20170301170414,, HTTP/1.1" 200 5389
186.103.159.46 - - [02/Mar/2017:08:56:28 -0300] "POST /cormun/servlet/permisosadjuntos?2cf0ef7f028db498b4e5e48cd19e0e01,INS,11888967,P,20170301170414,, HTTP/1.1" 200 116
186.103.159.46 - - [02/Mar/2017:08:56:28 -0300] "GET /cormun/servlet/hpexe_return? HTTP/1.1" 200 1032
186.103.159.46 - - [02/Mar/2017:08:56:29 -0300] "GET /cormun/servlet/trpermisosadjuntos?11888967,20170301170414,P, HTTP/1.1" 200 6555
186.103.159.46 - - [02/Mar/2017:08:56:30 -0300] "GET /cormun/servlet/trpermisosadjuntos?11888967,20170301170414,P, HTTP/1.1" 200 6551
186.103.159.46 - - [02/Mar/2017:08:56:48 -0300] "POST /cormun/servlet/trpermisosadjuntos?2cf0ef7f028db498b4e5e48cd19e0e01,11888967,20170301170414,P,,gx-no-cache=1488455879001 HTTP/1.1" 200 90
186.103.159.46 - - [02/Mar/2017:08:56:48 -0300] "GET /cormun/servlet/hpexe_link HTTP/1.1" 200 981
186.103.159.46 - - [02/Mar/2017:08:56:48 -0300] "GET /cormun/servlet/trpermisosgoce HTTP/1.1" 200 8008
186.103.159.46 - - [02/Mar/2017:08:56:50 -0300] "GET /cormun/servlet/trpermisosgoce HTTP/1.1" 200 8007
186.103.159.46 - - [02/Mar/2017:08:56:57 -0300] "GET /cormun/servlet/trpermisosadjuntos?7469771,20170301165427,P, HTTP/1.1" 200 6078
186.103.159.46 - - [02/Mar/2017:08:56:58 -0300] "GET /cormun/servlet/trpermisosadjuntos?7469771,20170301165427,P, HTTP/1.1" 200 6077
186.103.159.46 - - [02/Mar/2017:08:57:07 -0300] "GET /cormun/servlet/permisosadjuntos?INS,7469771,P,20170301165427,, HTTP/1.1" 200 5401
186.103.159.46 - - [02/Mar/2017:08:57:08 -0300] "GET /cormun/static/about:blank HTTP/1.1" 404 1011
186.103.159.46 - - [02/Mar/2017:08:57:09 -0300] "GET /cormun/servlet/permisosadjuntos?INS,7469771,P,20170301165427,, HTTP/1.1" 200 5391
186.103.159.46 - - [02/Mar/2017:08:57:38 -0300] "POST /cormun/servlet/permisosadjuntos?2cf0ef7f028db498b4e5e48cd19e0e01,INS,7469771,P,20170301165427,, HTTP/1.1" 200 116
186.103.159.46 - - [02/Mar/2017:08:57:38 -0300] "GET /cormun/servlet/hpexe_return? HTTP/1.1" 200 1033
186.103.159.46 - - [02/Mar/2017:08:57:39 -0300] "GET /cormun/servlet/trpermisosadjuntos?7469771,20170301165427,P, HTTP/1.1" 200 6557
186.103.159.46 - - [02/Mar/2017:08:57:41 -0300] "GET /cormun/servlet/trpermisosadjuntos?7469771,20170301165427,P, HTTP/1.1" 200 6554
186.103.159.46 - - [02/Mar/2017:08:57:48 -0300] "POST /cormun/servlet/trpermisosadjuntos?2cf0ef7f028db498b4e5e48cd19e0e01,7469771,20170301165427,P,,gx-no-cache=1488455938272 HTTP/1.1" 200 90
186.103.159.46 - - [02/Mar/2017:08:57:48 -0300] "GET /cormun/servlet/hpexe_link HTTP/1.1" 200 981
186.103.159.46 - - [02/Mar/2017:08:57:48 -0300] "GET /cormun/servlet/trpermisosgoce HTTP/1.1" 200 8008
186.103.159.46 - - [02/Mar/2017:08:57:50 -0300] "GET /cormun/servlet/trpermisosgoce HTTP/1.1" 200 8007
186.103.157.42 - - [02/Mar/2017:08:57:56 -0300] "GET /cormun/servlet/hlogin HTTP/1.1" 200 1721
186.103.157.42 - - [02/Mar/2017:08:57:58 -0300] "POST /cormun/servlet/hlogin?13352964d4566ee36b6512e5dca914a3,gx-no-cache=1488455955156 HTTP/1.1" 200 90
186.103.157.42 - - [02/Mar/2017:08:57:58 -0300] "GET /cormun/servlet/hpexe_link HTTP/1.1" 200 950
186.103.157.42 - - [02/Mar/2017:08:57:59 -0300] "GET /cormun/servlet/hhome HTTP/1.1" 200 4038
186.103.157.42 - - [02/Mar/2017:08:58:00 -0300] "GET /cormun/servlet/hhome HTTP/1.1" 200 4036
186.103.159.46 - - [02/Mar/2017:08:58:00 -0300] "GET /cormun/servlet/trpermisosadjuntos?13944224,20170301170111,P, HTTP/1.1" 200 6077
186.103.159.46 - - [02/Mar/2017:08:58:01 -0300] "GET /cormun/servlet/trpermisosadjuntos?13944224,20170301170111,P, HTTP/1.1" 200 6077
186.103.159.46 - - [02/Mar/2017:08:58:06 -0300] "GET /cormun/servlet/permisosadjuntos?INS,13944224,P,20170301170111,, HTTP/1.1" 200 5402
186.103.159.46 - - [02/Mar/2017:08:58:06 -0300] "GET /cormun/static/about:blank HTTP/1.1" 404 1011
186.103.159.46 - - [02/Mar/2017:08:58:07 -0300] "GET /cormun/servlet/permisosadjuntos?INS,13944224,P,20170301170111,, HTTP/1.1" 200 5392
186.103.159.204 - - [02/Mar/2017:08:58:10 -0300] "GET /cormun/servlet/trsolicitudot? HTTP/1.1" 200 6953
186.103.159.204 - - [02/Mar/2017:08:58:11 -0300] "GET /cormun/servlet/trsolicitudot? HTTP/1.1" 200 6952
186.103.157.42 - - [02/Mar/2017:08:58:12 -0300] "GET /cormun/servlet/trsolicitudot? HTTP/1.1" 200 7014
186.103.157.42 - - [02/Mar/2017:08:58:12 -0300] "GET /cormun/servlet/trsolicitudot? HTTP/1.1" 200 7013
186.103.157.42 - - [02/Mar/2017:08:58:17 -0300] "POST /cormun/servlet/trsolicitudot?13352964d4566ee36b6512e5dca914a3,,gx-no-cache=1488455973788 HTTP/1.1" 200 4144
186.103.157.42 - - [02/Mar/2017:08:58:19 -0300] "GET /cormun/static/menuarrow.gif HTTP/1.1" 404 1015
186.103.157.42 - - [02/Mar/2017:08:58:21 -0300] "POST /cormun/servlet/trsolicitudot?13352964d4566ee36b6512e5dca914a3,,gx-no-cache=1488455978529 HTTP/1.1" 200 4142
186.103.157.42 - - [02/Mar/2017:08:58:22 -0300] "POST /cormun/servlet/trsolicitudot?13352964d4566ee36b6512e5dca914a3,,gx-no-cache=1488455979575 HTTP/1.1" 200 4142
186.103.157.42 - - [02/Mar/2017:08:58:26 -0300] "POST /cormun/servlet/trsolicitudot?13352964d4566ee36b6512e5dca914a3,,gx-no-cache=1488455982969 HTTP/1.1" 200 5846
186.103.157.42 - - [02/Mar/2017:08:58:34 -0300] "POST /cormun/servlet/trsolicitudot?13352964d4566ee36b6512e5dca914a3,,gx-no-cache=1488455991104 HTTP/1.1" 200 6495
186.103.157.42 - - [02/Mar/2017:08:58:39 -0300] "POST /cormun/servlet/trsolicitudot?13352964d4566ee36b6512e5dca914a3,,gx-no-cache=1488455996225 HTTP/1.1" 200 11047
186.103.159.46 - - [02/Mar/2017:08:58:45 -0300] "POST /cormun/servlet/permisosadjuntos?2cf0ef7f028db498b4e5e48cd19e0e01,INS,13944224,P,20170301170111,, HTTP/1.1" 200 116
186.103.159.46 - - [02/Mar/2017:08:58:45 -0300] "GET /cormun/servlet/hpexe_return? HTTP/1.1" 200 1032
186.103.159.46 - - [02/Mar/2017:08:58:45 -0300] "GET /cormun/servlet/trpermisosadjuntos?13944224,20170301170111,P, HTTP/1.1" 200 6556
186.103.159.46 - - [02/Mar/2017:08:58:47 -0300] "GET /cormun/servlet/trpermisosadjuntos?13944224,20170301170111,P, HTTP/1.1" 200 6553
186.103.159.46 - - [02/Mar/2017:08:58:52 -0300] "POST /cormun/servlet/trpermisosadjuntos?2cf0ef7f028db498b4e5e48cd19e0e01,13944224,20170301170111,P,,gx-no-cache=1488456002957 HTTP/1.1" 200 90
186.103.159.46 - - [02/Mar/2017:08:58:52 -0300] "GET /cormun/servlet/hpexe_link HTTP/1.1" 200 981
186.103.159.46 - - [02/Mar/2017:08:58:53 -0300] "GET /cormun/servlet/trpermisosgoce HTTP/1.1" 200 8004
186.103.159.46 - - [02/Mar/2017:08:58:54 -0300] "GET /cormun/servlet/trpermisosgoce HTTP/1.1" 200 8007
186.103.159.46 - - [02/Mar/2017:08:58:57 -0300] "GET /cormun/servlet/trpermisosgoce? HTTP/1.1" 200 8007
186.103.159.46 - - [02/Mar/2017:08:58:58 -0300] "GET /cormun/servlet/trpermisosgoce? HTTP/1.1" 200 8006
186.103.159.46 - - [02/Mar/2017:08:59:31 -0300] "POST /cormun/servlet/trpermisosgoce?2cf0ef7f028db498b4e5e48cd19e0e01,,gx-no-cache=1488456041813 HTTP/1.1" 200 5320
186.103.159.46 - - [02/Mar/2017:08:59:39 -0300] "POST /cormun/servlet/trpermisosgoce?2cf0ef7f028db498b4e5e48cd19e0e01,,gx-no-cache=1488456049810 HTTP/1.1" 200 5316
186.103.159.46 - - [02/Mar/2017:08:59:46 -0300] "POST /cormun/servlet/trpermisosgoce?2cf0ef7f028db498b4e5e48cd19e0e01,,gx-no-cache=1488456057158 HTTP/1.1" 200 5321
186.103.159.46 - - [02/Mar/2017:08:59:51 -0300] "POST /cormun/servlet/trpermisosgoce?2cf0ef7f028db498b4e5e48cd19e0e01,,gx-no-cache=1488456062358 HTTP/1.1" 200 5321
192.168.10.62 - - [02/Mar/2017:09:00:04 -0300] "GET /cormun/servlet/hlogin HTTP/1.1" 200 1718
192.168.10.62 - - [02/Mar/2017:09:00:16 -0300] "POST /cormun/servlet/hlogin?7cce44ad5977f2805024e665ab5d0d31,gx-no-cache=1488459302594 HTTP/1.1" 200 90
192.168.10.62 - - [02/Mar/2017:09:00:16 -0300] "GET /cormun/servlet/hpexe_link HTTP/1.1" 200 955
192.168.10.62 - - [02/Mar/2017:09:00:16 -0300] "GET /cormun/servlet/hhome HTTP/1.1" 200 3748
192.168.10.62 - - [02/Mar/2017:09:00:17 -0300] "GET /cormun/servlet/hhome HTTP/1.1" 200 3748
192.168.10.62 - - [02/Mar/2017:09:00:20 -0300] "GET /cormun/servlet/trconsultaempleado? HTTP/1.1" 200 8806
192.168.10.62 - - [02/Mar/2017:09:00:21 -0300] "GET /cormun/servlet/trconsultaempleado? HTTP/1.1" 200 8804
186.103.159.46 - - [02/Mar/2017:09:00:29 -0300] "GET /cormun/servlet/permisogoce?INS,0,,, HTTP/1.1" 200 6521
192.168.10.62 - - [02/Mar/2017:09:00:31 -0300] "POST /cormun/servlet/trconsultaempleado?7cce44ad5977f2805024e665ab5d0d31,,gx-no-cache=1488459317068 HTTP/1.1" 200 3977
186.103.159.46 - - [02/Mar/2017:09:00:31 -0300] "GET /cormun/servlet/permisogoce?INS,0,,, HTTP/1.1" 200 6521
192.168.10.62 - - [02/Mar/2017:09:00:33 -0300] "GET /cormun/servlet/trsolicitudnombre?17322077, HTTP/1.1" 200 9208
192.168.10.62 - - [02/Mar/2017:09:00:34 -0300] "GET /cormun/servlet/trsolicitudnombre?17322077, HTTP/1.1" 200 9213
192.168.10.62 - - [02/Mar/2017:09:00:39 -0300] "POST /cormun/servlet/trsolicitudnombre?7cce44ad5977f2805024e665ab5d0d31,17322077,,gx-no-cache=1488459325603 HTTP/1.1" 200 107
192.168.10.62 - - [02/Mar/2017:09:00:39 -0300] "GET /cormun/SolicitudNombre-6745.xls HTTP/1.1" 200 9216
186.103.159.46 - - [02/Mar/2017:09:02:34 -0300] "GET /cormun/servlet/permisogoce?52faa75a0463b57518366bb59f5dd7807a13ced0852b4a9b899b7d045a4cca5a1e0289d06ac5fed5c762946efb9c3d39,gx-no-cache=1488456224845 HTTP/1.1" 200 69
186.103.159.46 - - [02/Mar/2017:09:02:34 -0300] "GET /cormun/static/menuarrow.gif HTTP/1.1" 404 1015
192.168.10.62 - - [02/Mar/2017:09:02:39 -0300] "POST /cormun/servlet/trsolicitudnombre?7cce44ad5977f2805024e665ab5d0d31,17322077,,gx-no-cache=1488459445263 HTTP/1.1" 200 90
192.168.10.62 - - [02/Mar/2017:09:02:39 -0300] "GET /cormun/servlet/hpexe_link HTTP/1.1" 200 980
192.168.10.62 - - [02/Mar/2017:09:02:39 -0300] "GET /cormun/servlet/trconsultaempleado? HTTP/1.1" 200 6147
192.168.10.62 - - [02/Mar/2017:09:02:40 -0300] "GET /cormun/servlet/trconsultaempleado? HTTP/1.1" 200 6146
192.168.10.62 - - [02/Mar/2017:09:02:51 -0300] "POST /cormun/servlet/trconsultaempleado?7cce44ad5977f2805024e665ab5d0d31,,gx-no-cache=1488459457096 HTTP/1.1" 200 3982
192.168.10.62 - - [02/Mar/2017:09:02:53 -0300] "GET /cormun/servlet/trsolicitudnombre?16255269, HTTP/1.1" 200 9521
192.168.10.62 - - [02/Mar/2017:09:02:54 -0300] "GET /cormun/servlet/trsolicitudnombre?16255269, HTTP/1.1" 200 9524
192.168.10.62 - - [02/Mar/2017:09:03:06 -0300] "POST /cormun/servlet/trsolicitudnombre?7cce44ad5977f2805024e665ab5d0d31,16255269,,gx-no-cache=1488459472169 HTTP/1.1" 200 107
192.168.10.62 - - [02/Mar/2017:09:03:06 -0300] "POST /cormun/servlet/trsolicitudnombre?7cce44ad5977f2805024e665ab5d0d31,16255269,,gx-no-cache=1488459472328 HTTP/1.1" 200 7588
192.168.10.62 - - [02/Mar/2017:09:03:06 -0300] "GET /cormun/SolicitudNombre-7460.xls HTTP/1.1" 200 9728
186.103.159.46 - - [02/Mar/2017:09:03:09 -0300] "GET /cormun/servlet/permisogoce?52faa75a0463b57518366bb59f5dd78074007af7e849bcdf8de41e55d4f0a1be905e51cdddfd47c27fd36efc33a170388d34784848c817ab340a575b5b44127b,gx-no-cache=1488456260337 HTTP/1.1" 200 46
186.103.159.46 - - [02/Mar/2017:09:03:25 -0300] "GET /cormun/servlet/puconsultapgoce?17458217,MD,gxPopupLevel%3D0%3B HTTP/1.1" 200 3761
186.103.159.46 - - [02/Mar/2017:09:03:25 -0300] "GET /cormun/static/gxcfg.js?2016122619324821 HTTP/1.1" 200 953
186.103.159.46 - - [02/Mar/2017:09:03:25 -0300] "GET /cormun/pexe_menus.js HTTP/1.1" 404 1001
186.103.159.46 - - [02/Mar/2017:09:03:25 -0300] "GET /cormun/pexe_windows.js HTTP/1.1" 404 1005
186.103.159.46 - - [02/Mar/2017:09:03:25 -0300] "GET /cormun/pexe_layers.js HTTP/1.1" 404 1003
186.103.159.46 - - [02/Mar/2017:09:03:25 -0300] "GET /cormun/pexe_link.js HTTP/1.1" 404 999
186.103.159.46 - - [02/Mar/2017:09:03:25 -0300] "GET /cormun/pexe_cookies.js HTTP/1.1" 404 1005
186.103.159.46 - - [02/Mar/2017:09:03:25 -0300] "GET /cormun/pexe_grid.js HTTP/1.1" 404 999
186.103.159.46 - - [02/Mar/2017:09:03:25 -0300] "GET /cormun/pexe_griddivfix.js HTTP/1.1" 404 1011
186.103.159.46 - - [02/Mar/2017:09:03:25 -0300] "GET /cormun/pexe_picture.js HTTP/1.1" 404 1005
186.103.159.46 - - [02/Mar/2017:09:03:25 -0300] "GET /cormun/pexe_autoreload.js HTTP/1.1" 404 1011
186.103.159.46 - - [02/Mar/2017:09:03:25 -0300] "GET /cormun/pexe_treedivfix.js HTTP/1.1" 404 1011
186.103.159.46 - - [02/Mar/2017:09:03:25 -0300] "GET /cormun/pexe_menudivfix.js HTTP/1.1" 404 1011
186.103.159.46 - - [02/Mar/2017:09:03:25 -0300] "GET /cormun/pexe_tabdivfix.js HTTP/1.1" 404 1009
186.103.159.46 - - [02/Mar/2017:09:03:25 -0300] "GET /cormun/static/mpprompt.js?201612218534882 HTTP/1.1" 200 940
186.103.159.46 - - [02/Mar/2017:09:03:25 -0300] "GET /cormun/static/puconsultapgoce.js?2016122619325082 HTTP/1.1" 200 26916
186.103.159.46 - - [02/Mar/2017:09:03:26 -0300] "GET /cormun/pexe_menus.js HTTP/1.1" 404 1001
186.103.159.46 - - [02/Mar/2017:09:03:26 -0300] "GET /cormun/pexe_layers.js HTTP/1.1" 404 1003
186.103.159.46 - - [02/Mar/2017:09:03:26 -0300] "GET /cormun/pexe_windows.js HTTP/1.1" 404 1005
186.103.159.46 - - [02/Mar/2017:09:03:26 -0300] "GET /cormun/pexe_link.js HTTP/1.1" 404 999
186.103.159.46 - - [02/Mar/2017:09:03:26 -0300] "GET /cormun/pexe_cookies.js HTTP/1.1" 404 1005
186.103.159.46 - - [02/Mar/2017:09:03:26 -0300] "GET /cormun/pexe_grid.js HTTP/1.1" 404 999
186.103.159.46 - - [02/Mar/2017:09:03:26 -0300] "GET /cormun/pexe_griddivfix.js HTTP/1.1" 404 1011
186.103.159.46 - - [02/Mar/2017:09:03:26 -0300] "GET /cormun/pexe_picture.js HTTP/1.1" 404 1005
186.103.159.46 - - [02/Mar/2017:09:03:26 -0300] "GET /cormun/pexe_treedivfix.js HTTP/1.1" 404 1011
186.103.159.46 - - [02/Mar/2017:09:03:26 -0300] "GET /cormun/pexe_autoreload.js HTTP/1.1" 404 1011
186.103.159.46 - - [02/Mar/2017:09:03:26 -0300] "GET /cormun/pexe_menudivfix.js HTTP/1.1" 404 1011
186.103.159.46 - - [02/Mar/2017:09:03:26 -0300] "GET /cormun/pexe_tabdivfix.js HTTP/1.1" 404 1009
186.103.159.46 - - [02/Mar/2017:09:03:34 -0300] "POST /cormun/servlet/puconsultapgoce?2cf0ef7f028db498b4e5e48cd19e0e01,17458217,MD,gxPopupLevel%3D0%3B,gx-no-cache=1488456285399 HTTP/1.1" 200 60
186.103.159.46 - - [02/Mar/2017:09:03:37 -0300] "POST /cormun/servlet/permisogoce?2cf0ef7f028db498b4e5e48cd19e0e01,INS,0,,,,gx-no-cache=1488456287968 HTTP/1.1" 200 93
186.103.159.46 - - [02/Mar/2017:09:03:38 -0300] "GET /cormun/servlet/hpexe_return? HTTP/1.1" 200 1004
186.103.159.46 - - [02/Mar/2017:09:03:38 -0300] "GET /cormun/servlet/trpermisosgoce? HTTP/1.1" 200 8224
186.103.159.46 - - [02/Mar/2017:09:03:39 -0300] "GET /cormun/servlet/trpermisosgoce? HTTP/1.1" 200 8220
186.103.159.46 - - [02/Mar/2017:09:03:44 -0300] "GET /cormun/servlet/trpermisosadjuntos?17458217,20170302095823,P, HTTP/1.1" 200 6078
186.103.159.46 - - [02/Mar/2017:09:03:45 -0300] "GET /cormun/servlet/trpermisosadjuntos?17458217,20170302095823,P, HTTP/1.1" 200 6078
186.103.159.46 - - [02/Mar/2017:09:03:48 -0300] "GET /cormun/servlet/permisosadjuntos?INS,17458217,P,20170302095823,, HTTP/1.1" 200 5395
186.103.159.46 - - [02/Mar/2017:09:03:49 -0300] "GET /cormun/static/about:blank HTTP/1.1" 404 1011
186.103.159.46 - - [02/Mar/2017:09:03:50 -0300] "GET /cormun/servlet/permisosadjuntos?INS,17458217,P,20170302095823,, HTTP/1.1" 200 5385
186.103.159.46 - - [02/Mar/2017:09:04:11 -0300] "POST /cormun/servlet/permisosadjuntos?2cf0ef7f028db498b4e5e48cd19e0e01,INS,17458217,P,20170302095823,, HTTP/1.1" 200 116
186.103.159.46 - - [02/Mar/2017:09:04:11 -0300] "GET /cormun/servlet/hpexe_return? HTTP/1.1" 200 1032
186.103.159.46 - - [02/Mar/2017:09:04:11 -0300] "GET /cormun/servlet/trpermisosadjuntos?17458217,20170302095823,P, HTTP/1.1" 200 6542
186.103.159.46 - - [02/Mar/2017:09:04:13 -0300] "GET /cormun/servlet/trpermisosadjuntos?17458217,20170302095823,P, HTTP/1.1" 200 6537
186.103.159.46 - - [02/Mar/2017:09:04:22 -0300] "POST /cormun/servlet/trpermisosadjuntos?2cf0ef7f028db498b4e5e48cd19e0e01,17458217,20170302095823,P,,gx-no-cache=1488456333034 HTTP/1.1" 200 90
186.103.159.46 - - [02/Mar/2017:09:04:22 -0300] "GET /cormun/servlet/hpexe_link HTTP/1.1" 200 981
186.103.159.46 - - [02/Mar/2017:09:04:22 -0300] "GET /cormun/servlet/trpermisosgoce HTTP/1.1" 200 8222
186.103.159.46 - - [02/Mar/2017:09:04:24 -0300] "GET /cormun/servlet/trpermisosgoce HTTP/1.1" 200 8221
186.103.159.46 - - [02/Mar/2017:09:04:29 -0300] "POST /cormun/servlet/trpermisosgoce?2cf0ef7f028db498b4e5e48cd19e0e01,gx-no-cache=1488456339883 HTTP/1.1" 200 5511
186.103.159.46 - - [02/Mar/2017:09:04:32 -0300] "GET /cormun/servlet/apermisogoceprn?17458217,P,20170302095823,PU HTTP/1.1" 200 1573
186.103.159.46 - - [02/Mar/2017:09:05:00 -0300] "GET /cormun/servlet/permisogoce?UPD,17458217,P,20170302095823, HTTP/1.1" 200 6568
186.103.159.46 - - [02/Mar/2017:09:05:02 -0300] "GET /cormun/servlet/permisogoce?UPD,17458217,P,20170302095823, HTTP/1.1" 200 6568
186.103.159.46 - - [02/Mar/2017:09:05:02 -0300] "GET /cormun/servlet/permisogoce?52faa75a0463b57518366bb59f5dd7807a13ced0852b4a9b899b7d045a4cca5a058a6708d427d92088984e9fe06d24e5,gx-no-cache=1488456373206 HTTP/1.1" 200 72
186.103.159.46 - - [02/Mar/2017:09:05:04 -0300] "GET /cormun/servlet/permisogoce?52faa75a0463b57518366bb59f5dd78074007af7e849bcdf8de41e55d4f0a1be963f170dae8ab2ab8bbc2ed70b95dfa844c965ccd6f346c1628c769bd608bff13c73abc974f1d38585db839297926a76,gx-no-cache=1488456374597 HTTP/1.1" 200 47
192.168.10.89 - - [02/Mar/2017:09:05:11 -0300] "GET /cormun/servlet/hlogin HTTP/1.1" 200 1729
186.103.159.46 - - [02/Mar/2017:09:05:13 -0300] "POST /cormun/servlet/permisogoce?2cf0ef7f028db498b4e5e48cd19e0e01,UPD,17458217,P,20170302095823,,gx-no-cache=1488456383078 HTTP/1.1" 200 4150
186.103.159.46 - - [02/Mar/2017:09:05:13 -0300] "GET /cormun/static/Shared/jqueryui/images/ui-bg_highlight-soft_100_c6c2c8_1x100.png HTTP/1.1" 404 1117
186.103.159.46 - - [02/Mar/2017:09:05:13 -0300] "GET /cormun/static/Shared/jqueryui/images/ui-icons_82798d_256x240.png HTTP/1.1" 404 1089
186.103.159.46 - - [02/Mar/2017:09:05:13 -0300] "GET /cormun/static/Shared/jqueryui/images/ui-bg_flat_55_994d53_40x100.png HTTP/1.1" 404 1097
186.103.159.46 - - [02/Mar/2017:09:05:13 -0300] "GET /cormun/static/Shared/jqueryui/images/ui-icons_ebccce_256x240.png HTTP/1.1" 404 1089
186.103.159.46 - - [02/Mar/2017:09:05:18 -0300] "POST /cormun/servlet/permisogoce?2cf0ef7f028db498b4e5e48cd19e0e01,UPD,17458217,P,20170302095823,,gx-no-cache=1488456388716 HTTP/1.1" 200 4105
192.168.10.89 - - [02/Mar/2017:09:05:20 -0300] "POST /cormun/servlet/hlogin?a42a632d635d30af9add139177d5e2af,gx-no-cache=1488459606435 HTTP/1.1" 200 446
186.103.159.46 - - [02/Mar/2017:09:05:21 -0300] "POST /cormun/servlet/permisogoce?2cf0ef7f028db498b4e5e48cd19e0e01,UPD,17458217,P,20170302095823,,gx-no-cache=1488456391497 HTTP/1.1" 200 90
186.103.159.46 - - [02/Mar/2017:09:05:21 -0300] "GET /cormun/servlet/hpexe_link HTTP/1.1" 200 1001
186.103.159.46 - - [02/Mar/2017:09:05:22 -0300] "GET /cormun/servlet/trpermisosgoce?gx-no-cache=1488456339883 HTTP/1.1" 200 8222
186.103.159.46 - - [02/Mar/2017:09:05:23 -0300] "GET /cormun/servlet/trpermisosgoce?gx-no-cache=1488456339883 HTTP/1.1" 200 8240
192.168.10.89 - - [02/Mar/2017:09:05:24 -0300] "POST /cormun/servlet/hlogin?a42a632d635d30af9add139177d5e2af,gx-no-cache=1488459610262 HTTP/1.1" 200 446
192.168.10.89 - - [02/Mar/2017:09:05:31 -0300] "POST /cormun/servlet/hlogin?a42a632d635d30af9add139177d5e2af,gx-no-cache=1488459617545 HTTP/1.1" 200 90
192.168.10.89 - - [02/Mar/2017:09:05:31 -0300] "GET /cormun/servlet/hpexe_link HTTP/1.1" 200 945
192.168.10.89 - - [02/Mar/2017:09:05:32 -0300] "GET /cormun/servlet/hhome HTTP/1.1" 200 4009
186.103.159.46 - - [02/Mar/2017:09:05:39 -0300] "POST /cormun/servlet/trpermisosgoce?2cf0ef7f028db498b4e5e48cd19e0e01,gx-no-cache=1488456339883,gx-no-cache=1488456409322 HTTP/1.1" 200 5511
192.168.10.89 - - [02/Mar/2017:09:07:17 -0300] "GET /cormun/servlet/trcontratosolicitud? HTTP/1.1" 200 12741
192.168.10.89 - - [02/Mar/2017:09:07:26 -0300] "GET /cormun/servlet/trsolicitudot? HTTP/1.1" 200 8717
186.103.161.206 - - [02/Mar/2017:09:08:32 -0300] "GET /cormun/servlet/trsolicitudot? HTTP/1.1" 200 7880
186.103.161.206 - - [02/Mar/2017:09:08:32 -0300] "GET /cormun/static/gxcfg.js?20171191044697 HTTP/1.1" 304 -
186.103.161.206 - - [02/Mar/2017:09:08:33 -0300] "GET /cormun/servlet/hlogin HTTP/1.1" 200 1730
186.103.161.206 - - [02/Mar/2017:09:08:33 -0300] "GET /cormun/servlet/trsolicitudot? HTTP/1.1" 200 7872
192.168.10.89 - - [02/Mar/2017:09:09:36 -0300] "GET /cormun/servlet/solicitudot?INS,0,0, HTTP/1.1" 200 12812
192.168.10.89 - - [02/Mar/2017:09:09:45 -0300] "GET /cormun/servlet/prfichaempleado?,MD,,gxPopupLevel%3D0%3B HTTP/1.1" 200 8886
192.168.10.89 - - [02/Mar/2017:09:09:57 -0300] "POST /cormun/servlet/prfichaempleado?a42a632d635d30af9add139177d5e2af,,MD,,gxPopupLevel%3D0%3B,gx-no-cache=1488459883675 HTTP/1.1" 200 3388
192.168.10.89 - - [02/Mar/2017:09:10:00 -0300] "POST /cormun/servlet/solicitudot?gx-no-cache=1488459886529 HTTP/1.1" 200 3189
192.168.10.89 - - [02/Mar/2017:09:10:00 -0300] "POST /cormun/servlet/solicitudot?a42a632d635d30af9add139177d5e2af,INS,0,0,,gx-no-cache=1488459886783 HTTP/1.1" 200 9942
186.103.161.206 - - [02/Mar/2017:09:10:02 -0300] "POST /cormun/servlet/hlogin?e463794bb9201fa29287810265cf9d1c,gx-no-cache=1488453074229 HTTP/1.1" 200 90
186.103.161.206 - - [02/Mar/2017:09:10:02 -0300] "GET /cormun/servlet/hpexe_link HTTP/1.1" 200 954
186.103.161.206 - - [02/Mar/2017:09:10:02 -0300] "GET /cormun/servlet/trsolicitudot HTTP/1.1" 200 6562
186.103.161.206 - - [02/Mar/2017:09:10:03 -0300] "GET /cormun/servlet/trsolicitudot HTTP/1.1" 200 6561
192.168.10.62 - - [02/Mar/2017:09:10:06 -0300] "GET /cormun/servlet/trsolicitudgral? HTTP/1.1" 200 24330
192.168.10.62 - - [02/Mar/2017:09:10:07 -0300] "GET /cormun/servlet/trsolicitudgral? HTTP/1.1" 200 24317
192.168.10.62 - - [02/Mar/2017:09:10:09 -0300] "GET /cormun/static/menuarrow.gif HTTP/1.1" 404 1015
192.168.10.89 - - [02/Mar/2017:09:10:10 -0300] "GET /cormun/servlet/solicitudot?f409cfb8c36b2babdcb9c866900594c1a555b1464af9579ace6fe5bdb96e54434e09df3ca2149b35561d99935b13e490,gx-no-cache=1488459896684 HTTP/1.1" 200 30
192.168.10.89 - - [02/Mar/2017:09:10:10 -0300] "POST /cormun/servlet/solicitudot?gx-no-cache=1488459896721 HTTP/1.1" 200 256
192.168.10.89 - - [02/Mar/2017:09:10:10 -0300] "GET /cormun/servlet/solicitudot?f409cfb8c36b2babdcb9c866900594c1a5503a3f0e4a41fa29ea6512acdb6716438cbb9f922a33535add25bc86724001f3d92cf3aa8228669939f21dfcc2f817387ee8b2f3609b88dac745ea21bbb1568b493391af876df0a0f8d9c98f8338c9b0ec06384d939662f8ea5e655d943dd71602bd93164c03611dec076ca4ba2c3997fb76ff8deace7afaa32961f9ffff62d7f867337698653700f6276d2182a6c290702f8acffafa5834113334cd750f643863c39a3b58443cb4e4bc05722101821e712b4a135a037aa6816205b2c41d9bc86d7c705c34dda09fd73a5d715dd0959bbff14571ac575fae7afd9a8308ebb87a52ab4818f405e9ba0339d0303b3c44e34f13f5c9c76303a2c708d35f4913f09d761cc65584007c4b4c4506eeeddf951f7b727b6e2da7f68ebf267ab55c59166137e95a42899ea04cc96bb4e4364019945b53b8f5b1be59a9a02b99117dd9d7aef54204978bf6b27d247962fad2de550760501a439b9972e0fc9bc04554153ef7a87821980e39aac8288356bfdeaa47,gx-no-cache=1488459896749 HTTP/1.1" 200 30
192.168.10.89 - - [02/Mar/2017:09:10:12 -0300] "POST /cormun/servlet/solicitudot?gx-no-cache=1488459898738 HTTP/1.1" 200 30
192.168.10.89 - - [02/Mar/2017:09:10:15 -0300] "GET /cormun/servlet/prcontratosol?13945553,,,,,MD,,gxPopupLevel%3D0%3B HTTP/1.1" 200 5977
192.168.10.62 - - [02/Mar/2017:09:10:16 -0300] "POST /cormun/servlet/trsolicitudgral?7cce44ad5977f2805024e665ab5d0d31,,gx-no-cache=1488459901896 HTTP/1.1" 200 4979
192.168.10.89 - - [02/Mar/2017:09:10:17 -0300] "POST /cormun/servlet/solicitudot?gx-no-cache=1488459903466 HTTP/1.1" 200 1292
192.168.10.89 - - [02/Mar/2017:09:10:17 -0300] "POST /cormun/servlet/solicitudot?gx-no-cache=1488459903606 HTTP/1.1" 200 38
192.168.10.89 - - [02/Mar/2017:09:10:17 -0300] "GET /cormun/servlet/solicitudot?f409cfb8c36b2babdcb9c866900594c16e4798d31882ce762255d07ad8279fc71c359b7ed529cff19dc457e455a54a389e829919b0ab35fd1007568386e5d6153aecfc38ef420abcf200dbf37fcb180a966e33c227c23ddba164bb6fd7dc297d8bdc44583bb2198fb00e7b6ad8510fa3,gx-no-cache=1488459903667 HTTP/1.1" 200 29
192.168.10.89 - - [02/Mar/2017:09:10:17 -0300] "POST /cormun/servlet/solicitudot?gx-no-cache=1488459903692 HTTP/1.1" 200 1275
192.168.10.89 - - [02/Mar/2017:09:10:17 -0300] "POST /cormun/servlet/solicitudot?gx-no-cache=1488459903731 HTTP/1.1" 200 1157
192.168.10.89 - - [02/Mar/2017:09:10:18 -0300] "GET /cormun/servlet/prsolicitudot?13945553,,,,,MD,,gxPopupLevel%3D0%3B HTTP/1.1" 200 6108
192.168.10.89 - - [02/Mar/2017:09:10:22 -0300] "POST /cormun/servlet/solicitudot?gx-no-cache=1488459908117 HTTP/1.1" 200 1292
192.168.10.89 - - [02/Mar/2017:09:10:22 -0300] "POST /cormun/servlet/solicitudot?gx-no-cache=1488459908161 HTTP/1.1" 200 38
192.168.10.89 - - [02/Mar/2017:09:10:22 -0300] "POST /cormun/servlet/solicitudot?gx-no-cache=1488459908189 HTTP/1.1" 200 1275
192.168.10.89 - - [02/Mar/2017:09:10:22 -0300] "POST /cormun/servlet/solicitudot?gx-no-cache=1488459908229 HTTP/1.1" 200 1157
192.168.10.89 - - [02/Mar/2017:09:10:37 -0300] "GET /cormun/servlet/solicitudot?f409cfb8c36b2babdcb9c866900594c16e4798d31882ce762255d07ad8279fc71c359b7ed529cff19dc457e455a54a389e829919b0ab35fd1007568386e5d6153aecfc38ef420abcf200dbf37fcb180a966e33c227c23ddba164bb6fd7dc297d8bdc44583bb2198fb00e7b6ad8510fa3,gx-no-cache=1488459923459 HTTP/1.1" 200 29
192.168.10.89 - - [02/Mar/2017:09:10:37 -0300] "POST /cormun/servlet/solicitudot?gx-no-cache=1488459923491 HTTP/1.1" 200 1275
192.168.10.89 - - [02/Mar/2017:09:10:38 -0300] "POST /cormun/servlet/solicitudot?gx-no-cache=1488459924056 HTTP/1.1" 200 1157
192.168.10.89 - - [02/Mar/2017:09:10:39 -0300] "GET /cormun/servlet/solicitudot?f409cfb8c36b2babdcb9c866900594c19f5f00965a84bb6032b395252c0c639953469508de679e617376a9a9e9c0b86cb77d192588bcea59594818e51089e4937d00172257a88e332fb8d43f0e9b8ca134fc8c5c89f441cef00314012683ae2e8f00677d5707223b2005418c2816ec539af54b831c82813b1cc56011570ff5f1afbc8066db3fab7d39a8a1fe7f3533cb2f5fa23614d3276fd24f20bdd98ecbc921afbca4d3b708cb45aba2ab28118aab,gx-no-cache=1488459925714 HTTP/1.1" 200 30
192.168.10.89 - - [02/Mar/2017:09:10:43 -0300] "POST /cormun/servlet/solicitudot?a42a632d635d30af9add139177d5e2af,INS,0,0,,gx-no-cache=1488459929493 HTTP/1.1" 200 93
192.168.10.89 - - [02/Mar/2017:09:10:43 -0300] "GET /cormun/servlet/hpexe_return? HTTP/1.1" 200 998
192.168.10.89 - - [02/Mar/2017:09:10:44 -0300] "GET /cormun/servlet/trsolicitudot HTTP/1.1" 200 9082
192.168.10.89 - - [02/Mar/2017:09:11:00 -0300] "GET /cormun/servlet/solicitudot?INS,0,0, HTTP/1.1" 200 12810
192.168.10.89 - - [02/Mar/2017:09:11:09 -0300] "GET /cormun/servlet/prfichaempleado?,MD,,gxPopupLevel%3D0%3B HTTP/1.1" 200 8886
192.168.10.89 - - [02/Mar/2017:09:11:16 -0300] "POST /cormun/servlet/prfichaempleado?a42a632d635d30af9add139177d5e2af,,MD,,gxPopupLevel%3D0%3B,gx-no-cache=1488459961902 HTTP/1.1" 200 3388
186.103.159.204 - - [02/Mar/2017:09:11:17 -0300] "GET /cormun/servlet/solicitudot?INS,0,0, HTTP/1.1" 200 12782
192.168.10.89 - - [02/Mar/2017:09:11:17 -0300] "POST /cormun/servlet/solicitudot?gx-no-cache=1488459963836 HTTP/1.1" 200 3187
186.103.159.204 - - [02/Mar/2017:09:11:18 -0300] "GET /cormun/servlet/solicitudot?INS,0,0, HTTP/1.1" 200 12787
192.168.10.89 - - [02/Mar/2017:09:11:18 -0300] "POST /cormun/servlet/solicitudot?a42a632d635d30af9add139177d5e2af,INS,0,0,,gx-no-cache=1488459964055 HTTP/1.1" 200 9947
192.168.10.89 - - [02/Mar/2017:09:11:19 -0300] "GET /cormun/servlet/solicitudot?f409cfb8c36b2babdcb9c866900594c1b7c1592bed9ae6867b656c2d3ab303664e09df3ca2149b35561d99935b13e490,gx-no-cache=1488459965898 HTTP/1.1" 200 30
192.168.10.89 - - [02/Mar/2017:09:11:20 -0300] "POST /cormun/servlet/solicitudot?gx-no-cache=1488459965942 HTTP/1.1" 200 240
