192.168.10.96 - - [02/Mar/2017:15:21:21 -0300] "GET /cormun/servlet/hhome HTTP/1.1" 200 3720
192.168.10.96 - - [02/Mar/2017:15:21:21 -0300] "GET /cormun/servlet/hhome HTTP/1.1" 200 3720
192.168.10.96 - - [02/Mar/2017:15:21:23 -0300] "GET /cormun/servlet/trsolicitudot? HTTP/1.1" 200 7960
192.168.10.96 - - [02/Mar/2017:15:21:24 -0300] "GET /cormun/servlet/trsolicitudot? HTTP/1.1" 200 7957
192.168.10.96 - - [02/Mar/2017:15:21:43 -0300] "POST /cormun/servlet/trsolicitudot?0073f10afce07d3c664424a58be56ae9,,gx-no-cache=1488482189249 HTTP/1.1" 200 106
192.168.10.96 - - [02/Mar/2017:15:21:43 -0300] "GET /cormun/servlet/solicitudot?DLT,2017,4870, HTTP/1.1" 200 9309
192.168.10.96 - - [02/Mar/2017:15:21:44 -0300] "GET /cormun/static/Shared/jqueryui/images/ui-bg_highlight-soft_100_c6c2c8_1x100.png HTTP/1.1" 404 1117
192.168.10.96 - - [02/Mar/2017:15:21:44 -0300] "GET /cormun/static/Shared/jqueryui/images/ui-icons_82798d_256x240.png HTTP/1.1" 404 1089
192.168.10.96 - - [02/Mar/2017:15:21:44 -0300] "GET /cormun/static/Shared/jqueryui/images/ui-bg_flat_55_fafafa_40x100.png HTTP/1.1" 404 1097
192.168.10.96 - - [02/Mar/2017:15:21:44 -0300] "GET /cormun/static/Shared/jqueryui/images/ui-icons_8d78a5_256x240.png HTTP/1.1" 404 1089
192.168.10.96 - - [02/Mar/2017:15:21:44 -0300] "GET /cormun/servlet/solicitudot?DLT,2017,4870, HTTP/1.1" 200 9317
192.168.10.96 - - [02/Mar/2017:15:21:58 -0300] "POST /cormun/servlet/solicitudot?0073f10afce07d3c664424a58be56ae9,DLT,2017,4870,,gx-no-cache=1488482204713 HTTP/1.1" 200 93
192.168.10.96 - - [02/Mar/2017:15:21:59 -0300] "GET /cormun/servlet/hpexe_return? HTTP/1.1" 200 1015
192.168.10.96 - - [02/Mar/2017:15:21:59 -0300] "GET /cormun/servlet/trsolicitudot HTTP/1.1" 200 7961
192.168.10.96 - - [02/Mar/2017:15:21:59 -0300] "GET /cormun/servlet/trsolicitudot HTTP/1.1" 200 7958
192.168.10.96 - - [02/Mar/2017:15:22:04 -0300] "POST /cormun/servlet/trsolicitudot?0073f10afce07d3c664424a58be56ae9,gx-no-cache=1488482210559 HTTP/1.1" 200 106
192.168.10.96 - - [02/Mar/2017:15:22:04 -0300] "GET /cormun/servlet/solicitudot?DLT,2017,4870, HTTP/1.1" 200 9309
192.168.10.96 - - [02/Mar/2017:15:22:05 -0300] "GET /cormun/static/Shared/jqueryui/images/ui-bg_highlight-soft_100_c6c2c8_1x100.png HTTP/1.1" 404 1117
192.168.10.96 - - [02/Mar/2017:15:22:05 -0300] "GET /cormun/static/Shared/jqueryui/images/ui-icons_82798d_256x240.png HTTP/1.1" 404 1089
192.168.10.96 - - [02/Mar/2017:15:22:05 -0300] "GET /cormun/static/Shared/jqueryui/images/ui-icons_8d78a5_256x240.png HTTP/1.1" 404 1089
192.168.10.96 - - [02/Mar/2017:15:22:05 -0300] "GET /cormun/static/Shared/jqueryui/images/ui-bg_flat_55_fafafa_40x100.png HTTP/1.1" 404 1097
192.168.10.96 - - [02/Mar/2017:15:22:05 -0300] "GET /cormun/servlet/solicitudot?DLT,2017,4870, HTTP/1.1" 200 9317
186.103.159.46 - - [02/Mar/2017:15:22:08 -0300] "GET /cormun/servlet/permisogoce?24e1786266e4237752888ceb9b179a0d0d4c0645b7b51cb89300898990b6965aceee33ca7076a1b4527ec5ab65a2217f3f903e566c470d3791d4c31b8c8466e9,gx-no-cache=1488478999133 HTTP/1.1" 200 46
192.168.10.96 - - [02/Mar/2017:15:22:09 -0300] "POST /cormun/servlet/solicitudot?0073f10afce07d3c664424a58be56ae9,DLT,2017,4870,,gx-no-cache=1488482214845 HTTP/1.1" 200 93
192.168.10.96 - - [02/Mar/2017:15:22:09 -0300] "GET /cormun/servlet/hpexe_return? HTTP/1.1" 200 1015
192.168.10.96 - - [02/Mar/2017:15:22:09 -0300] "GET /cormun/servlet/trsolicitudot HTTP/1.1" 200 7961
192.168.10.96 - - [02/Mar/2017:15:22:09 -0300] "GET /cormun/servlet/trsolicitudot HTTP/1.1" 200 7958
192.168.10.96 - - [02/Mar/2017:15:22:11 -0300] "POST /cormun/servlet/trsolicitudot?0073f10afce07d3c664424a58be56ae9,gx-no-cache=1488482217645 HTTP/1.1" 200 106
192.168.10.96 - - [02/Mar/2017:15:22:12 -0300] "GET /cormun/servlet/trsolicitudadjuntos?2017,4870, HTTP/1.1" 200 8751
192.168.10.96 - - [02/Mar/2017:15:22:13 -0300] "GET /cormun/static/gxcfg.js?201612218531388 HTTP/1.1" 200 953
192.168.10.96 - - [02/Mar/2017:15:22:13 -0300] "GET /cormun/static/trsolicitudadjuntos.js?201612218531657 HTTP/1.1" 200 17913
201.246.236.62 - - [02/Mar/2017:15:22:13 -0300] "POST /cormun/servlet/solicitudotadjuntos?gx-no-cache=1488479002717 HTTP/1.1" 200 26
192.168.10.96 - - [02/Mar/2017:15:22:14 -0300] "GET /cormun/servlet/trsolicitudadjuntos?2017,4870, HTTP/1.1" 200 8752
201.246.236.62 - - [02/Mar/2017:15:22:15 -0300] "POST /cormun/servlet/solicitudotadjuntos?gx-no-cache=1488479004762 HTTP/1.1" 200 26
192.168.10.96 - - [02/Mar/2017:15:22:16 -0300] "GET /cormun/servlet/solicitudotadjuntos?DLT,2017,4870,CARNET,0, HTTP/1.1" 200 5715
192.168.10.96 - - [02/Mar/2017:15:22:16 -0300] "GET /cormun/static/gxcfg.js?201612218465951 HTTP/1.1" 200 953
192.168.10.96 - - [02/Mar/2017:15:22:16 -0300] "GET /cormun/static/solicitudotadjuntos.js?201612218465969 HTTP/1.1" 200 11762
192.168.10.96 - - [02/Mar/2017:15:22:17 -0300] "GET /cormun/static/Shared/jqueryui/images/ui-bg_highlight-soft_100_c6c2c8_1x100.png HTTP/1.1" 404 1117
192.168.10.96 - - [02/Mar/2017:15:22:17 -0300] "GET /cormun/static/Shared/jqueryui/images/ui-icons_82798d_256x240.png HTTP/1.1" 404 1089
192.168.10.96 - - [02/Mar/2017:15:22:17 -0300] "GET /cormun/static/Shared/jqueryui/images/ui-icons_8d78a5_256x240.png HTTP/1.1" 404 1089
192.168.10.96 - - [02/Mar/2017:15:22:17 -0300] "GET /cormun/static/Shared/jqueryui/images/ui-bg_flat_55_fafafa_40x100.png HTTP/1.1" 404 1097
192.168.10.96 - - [02/Mar/2017:15:22:17 -0300] "GET /cormun/PublicTempStorage/img_04664786998.JPG HTTP/1.1" 200 1538968
192.168.10.96 - - [02/Mar/2017:15:22:17 -0300] "GET /cormun/servlet/solicitudotadjuntos?DLT,2017,4870,CARNET,0, HTTP/1.1" 200 5709
192.168.10.96 - - [02/Mar/2017:15:22:18 -0300] "POST /cormun/servlet/solicitudotadjuntos?0073f10afce07d3c664424a58be56ae9,DLT,2017,4870,CARNET,0,,gx-no-cache=1488482224412 HTTP/1.1" 200 93
192.168.10.96 - - [02/Mar/2017:15:22:18 -0300] "GET /cormun/servlet/hpexe_return? HTTP/1.1" 200 1033
192.168.10.96 - - [02/Mar/2017:15:22:19 -0300] "GET /cormun/servlet/trsolicitudadjuntos?2017,4870, HTTP/1.1" 200 8518
192.168.10.96 - - [02/Mar/2017:15:22:21 -0300] "GET /cormun/servlet/trsolicitudadjuntos?2017,4870, HTTP/1.1" 200 8516
192.168.10.96 - - [02/Mar/2017:15:22:25 -0300] "GET /cormun/servlet/solicitudotadjuntos?DLT,2017,4870,CERTIF3,0, HTTP/1.1" 200 5717
192.168.10.96 - - [02/Mar/2017:15:22:25 -0300] "GET /cormun/PublicTempStorage/img_04703022580.JPG HTTP/1.1" 200 1043661
192.168.10.96 - - [02/Mar/2017:15:22:25 -0300] "GET /cormun/static/Shared/jqueryui/images/ui-icons_82798d_256x240.png HTTP/1.1" 404 1089
192.168.10.96 - - [02/Mar/2017:15:22:25 -0300] "GET /cormun/static/Shared/jqueryui/images/ui-bg_highlight-soft_100_c6c2c8_1x100.png HTTP/1.1" 404 1117
192.168.10.96 - - [02/Mar/2017:15:22:25 -0300] "GET /cormun/static/Shared/jqueryui/images/ui-bg_flat_55_fafafa_40x100.png HTTP/1.1" 404 1097
192.168.10.96 - - [02/Mar/2017:15:22:25 -0300] "GET /cormun/static/Shared/jqueryui/images/ui-icons_8d78a5_256x240.png HTTP/1.1" 404 1089
192.168.10.96 - - [02/Mar/2017:15:22:25 -0300] "GET /cormun/servlet/solicitudotadjuntos?DLT,2017,4870,CERTIF3,0, HTTP/1.1" 200 5711
192.168.10.96 - - [02/Mar/2017:15:22:26 -0300] "POST /cormun/servlet/solicitudotadjuntos?0073f10afce07d3c664424a58be56ae9,DLT,2017,4870,CERTIF3,0,,gx-no-cache=1488482232225 HTTP/1.1" 200 93
192.168.10.96 - - [02/Mar/2017:15:22:26 -0300] "GET /cormun/servlet/hpexe_return? HTTP/1.1" 200 1034
192.168.10.96 - - [02/Mar/2017:15:22:27 -0300] "GET /cormun/servlet/trsolicitudadjuntos?2017,4870, HTTP/1.1" 200 8395
192.168.10.96 - - [02/Mar/2017:15:22:28 -0300] "GET /cormun/servlet/trsolicitudadjuntos?2017,4870, HTTP/1.1" 200 8394
192.168.10.96 - - [02/Mar/2017:15:22:30 -0300] "GET /cormun/servlet/solicitudotadjuntos?DLT,2017,4870,CERTIF4,0, HTTP/1.1" 200 5717
192.168.10.96 - - [02/Mar/2017:15:22:31 -0300] "GET /cormun/PublicTempStorage/img_04715536416.JPG HTTP/1.1" 200 1209784
192.168.10.96 - - [02/Mar/2017:15:22:31 -0300] "GET /cormun/static/Shared/jqueryui/images/ui-bg_highlight-soft_100_c6c2c8_1x100.png HTTP/1.1" 404 1117
192.168.10.96 - - [02/Mar/2017:15:22:31 -0300] "GET /cormun/static/Shared/jqueryui/images/ui-icons_82798d_256x240.png HTTP/1.1" 404 1089
192.168.10.96 - - [02/Mar/2017:15:22:31 -0300] "GET /cormun/static/Shared/jqueryui/images/ui-bg_flat_55_fafafa_40x100.png HTTP/1.1" 404 1097
192.168.10.96 - - [02/Mar/2017:15:22:31 -0300] "GET /cormun/static/Shared/jqueryui/images/ui-icons_8d78a5_256x240.png HTTP/1.1" 404 1089
192.168.10.96 - - [02/Mar/2017:15:22:31 -0300] "GET /cormun/servlet/solicitudotadjuntos?DLT,2017,4870,CERTIF4,0, HTTP/1.1" 200 5711
192.168.10.96 - - [02/Mar/2017:15:22:32 -0300] "POST /cormun/servlet/solicitudotadjuntos?0073f10afce07d3c664424a58be56ae9,DLT,2017,4870,CERTIF4,0,,gx-no-cache=1488482238169 HTTP/1.1" 200 93
192.168.10.96 - - [02/Mar/2017:15:22:32 -0300] "GET /cormun/servlet/hpexe_return? HTTP/1.1" 200 1034
192.168.10.96 - - [02/Mar/2017:15:22:33 -0300] "GET /cormun/servlet/trsolicitudadjuntos?2017,4870, HTTP/1.1" 200 8261
192.168.10.96 - - [02/Mar/2017:15:22:34 -0300] "GET /cormun/servlet/trsolicitudadjuntos?2017,4870, HTTP/1.1" 200 8256
192.168.10.96 - - [02/Mar/2017:15:22:35 -0300] "GET /cormun/servlet/solicitudotadjuntos?DLT,2017,4870,CERTIF5,0, HTTP/1.1" 200 5717
192.168.10.96 - - [02/Mar/2017:15:22:35 -0300] "GET /cormun/static/Shared/jqueryui/images/ui-bg_highlight-soft_100_c6c2c8_1x100.png HTTP/1.1" 404 1117
192.168.10.96 - - [02/Mar/2017:15:22:35 -0300] "GET /cormun/static/Shared/jqueryui/images/ui-icons_82798d_256x240.png HTTP/1.1" 404 1089
192.168.10.96 - - [02/Mar/2017:15:22:35 -0300] "GET /cormun/static/Shared/jqueryui/images/ui-bg_flat_55_fafafa_40x100.png HTTP/1.1" 404 1097
192.168.10.96 - - [02/Mar/2017:15:22:35 -0300] "GET /cormun/static/Shared/jqueryui/images/ui-icons_8d78a5_256x240.png HTTP/1.1" 404 1089
192.168.10.96 - - [02/Mar/2017:15:22:35 -0300] "GET /cormun/PublicTempStorage/img_04657525670.JPG HTTP/1.1" 200 1535246
192.168.10.96 - - [02/Mar/2017:15:22:35 -0300] "GET /cormun/servlet/solicitudotadjuntos?DLT,2017,4870,CERTIF5,0, HTTP/1.1" 200 5711
192.168.10.96 - - [02/Mar/2017:15:22:37 -0300] "POST /cormun/servlet/solicitudotadjuntos?0073f10afce07d3c664424a58be56ae9,DLT,2017,4870,CERTIF5,0,,gx-no-cache=1488482242933 HTTP/1.1" 200 93
192.168.10.96 - - [02/Mar/2017:15:22:37 -0300] "GET /cormun/servlet/hpexe_return? HTTP/1.1" 200 1034
186.103.159.46 - - [02/Mar/2017:15:22:37 -0300] "POST /cormun/servlet/permisogoce?3f48d312b7f344841ff3d332f3212386,INS,0,,,,gx-no-cache=1488479027527 HTTP/1.1" 200 93
186.103.159.46 - - [02/Mar/2017:15:22:37 -0300] "GET /cormun/servlet/hpexe_return? HTTP/1.1" 200 1007
186.103.159.46 - - [02/Mar/2017:15:22:37 -0300] "GET /cormun/servlet/trpermisosgoce HTTP/1.1" 200 8426
192.168.10.96 - - [02/Mar/2017:15:22:38 -0300] "GET /cormun/servlet/trsolicitudadjuntos?2017,4870, HTTP/1.1" 200 8099
192.168.10.96 - - [02/Mar/2017:15:22:38 -0300] "GET /cormun/servlet/trsolicitudadjuntos?2017,4870, HTTP/1.1" 200 8096
186.103.159.46 - - [02/Mar/2017:15:22:39 -0300] "GET /cormun/servlet/trpermisosgoce HTTP/1.1" 200 8422
192.168.10.96 - - [02/Mar/2017:15:22:41 -0300] "GET /cormun/servlet/solicitudotadjuntos?DLT,2017,4870,CV,0, HTTP/1.1" 200 5707
192.168.10.96 - - [02/Mar/2017:15:22:41 -0300] "GET /cormun/static/Shared/jqueryui/images/ui-bg_highlight-soft_100_c6c2c8_1x100.png HTTP/1.1" 404 1117
192.168.10.96 - - [02/Mar/2017:15:22:41 -0300] "GET /cormun/static/Shared/jqueryui/images/ui-icons_82798d_256x240.png HTTP/1.1" 404 1089
192.168.10.96 - - [02/Mar/2017:15:22:41 -0300] "GET /cormun/static/Shared/jqueryui/images/ui-icons_8d78a5_256x240.png HTTP/1.1" 404 1089
192.168.10.96 - - [02/Mar/2017:15:22:41 -0300] "GET /cormun/static/Shared/jqueryui/images/ui-bg_flat_55_fafafa_40x100.png HTTP/1.1" 404 1097
192.168.10.96 - - [02/Mar/2017:15:22:41 -0300] "GET /cormun/PublicTempStorage/img_04672927118.JPG HTTP/1.1" 200 1899711
192.168.10.96 - - [02/Mar/2017:15:22:41 -0300] "GET /cormun/servlet/solicitudotadjuntos?DLT,2017,4870,CV,0, HTTP/1.1" 200 5702
192.168.10.96 - - [02/Mar/2017:15:22:42 -0300] "POST /cormun/servlet/solicitudotadjuntos?0073f10afce07d3c664424a58be56ae9,DLT,2017,4870,CV,0,,gx-no-cache=1488482248177 HTTP/1.1" 200 93
192.168.10.96 - - [02/Mar/2017:15:22:42 -0300] "GET /cormun/servlet/hpexe_return? HTTP/1.1" 200 1030
192.168.10.96 - - [02/Mar/2017:15:22:42 -0300] "GET /cormun/servlet/trsolicitudadjuntos?2017,4870, HTTP/1.1" 200 7897
192.168.10.96 - - [02/Mar/2017:15:22:43 -0300] "GET /cormun/servlet/trsolicitudadjuntos?2017,4870, HTTP/1.1" 200 7891
186.103.159.46 - - [02/Mar/2017:15:22:43 -0300] "GET /cormun/servlet/trpermisosadjuntos?13109954,20170302161723,P, HTTP/1.1" 200 6087
192.168.10.96 - - [02/Mar/2017:15:22:44 -0300] "GET /cormun/servlet/solicitudotadjuntos?DLT,2017,4870,TITULO,0, HTTP/1.1" 200 5716
192.168.10.96 - - [02/Mar/2017:15:22:45 -0300] "GET /cormun/static/Shared/jqueryui/images/ui-icons_82798d_256x240.png HTTP/1.1" 404 1089
192.168.10.96 - - [02/Mar/2017:15:22:45 -0300] "GET /cormun/static/Shared/jqueryui/images/ui-bg_highlight-soft_100_c6c2c8_1x100.png HTTP/1.1" 404 1117
192.168.10.96 - - [02/Mar/2017:15:22:45 -0300] "GET /cormun/static/Shared/jqueryui/images/ui-icons_8d78a5_256x240.png HTTP/1.1" 404 1089
192.168.10.96 - - [02/Mar/2017:15:22:45 -0300] "GET /cormun/static/Shared/jqueryui/images/ui-bg_flat_55_fafafa_40x100.png HTTP/1.1" 404 1097
192.168.10.96 - - [02/Mar/2017:15:22:45 -0300] "GET /cormun/PublicTempStorage/img_04695359254.JPG HTTP/1.1" 200 1577760
186.103.159.46 - - [02/Mar/2017:15:22:45 -0300] "GET /cormun/servlet/trpermisosadjuntos?13109954,20170302161723,P, HTTP/1.1" 200 6087
192.168.10.96 - - [02/Mar/2017:15:22:45 -0300] "GET /cormun/servlet/solicitudotadjuntos?DLT,2017,4870,TITULO,0, HTTP/1.1" 200 5710
192.168.10.96 - - [02/Mar/2017:15:22:46 -0300] "POST /cormun/servlet/solicitudotadjuntos?0073f10afce07d3c664424a58be56ae9,DLT,2017,4870,TITULO,0,,gx-no-cache=1488482252025 HTTP/1.1" 200 93
192.168.10.96 - - [02/Mar/2017:15:22:46 -0300] "GET /cormun/servlet/hpexe_return? HTTP/1.1" 200 1034
192.168.10.96 - - [02/Mar/2017:15:22:46 -0300] "GET /cormun/servlet/trsolicitudadjuntos?2017,4870, HTTP/1.1" 200 5821
192.168.10.96 - - [02/Mar/2017:15:22:46 -0300] "GET /cormun/servlet/trsolicitudadjuntos?2017,4870, HTTP/1.1" 200 5817
186.103.159.46 - - [02/Mar/2017:15:22:52 -0300] "GET /cormun/servlet/permisosadjuntos?INS,13109954,P,20170302161723,, HTTP/1.1" 200 5401
186.103.159.46 - - [02/Mar/2017:15:22:52 -0300] "GET /cormun/static/about:blank HTTP/1.1" 404 1011
200.83.57.219 - - [02/Mar/2017:15:22:52 -0300] "POST /cormun/servlet/trsolicitudot?7390087870a7023802b5e2dfb417d1aa,gx-no-cache=1488479045553 HTTP/1.1" 200 106
200.83.57.219 - - [02/Mar/2017:15:22:52 -0300] "GET /cormun/servlet/solicitudot?UPD,2017,4936, HTTP/1.1" 200 14640
186.103.159.46 - - [02/Mar/2017:15:22:53 -0300] "GET /cormun/servlet/permisosadjuntos?INS,13109954,P,20170302161723,, HTTP/1.1" 200 5391
200.83.57.219 - - [02/Mar/2017:15:22:53 -0300] "GET /cormun/servlet/solicitudot?UPD,2017,4936, HTTP/1.1" 200 14649
200.83.57.219 - - [02/Mar/2017:15:22:54 -0300] "POST /cormun/servlet/solicitudot?gx-no-cache=1488479047191 HTTP/1.1" 200 3166
200.83.57.219 - - [02/Mar/2017:15:22:54 -0300] "POST /cormun/servlet/solicitudot?7390087870a7023802b5e2dfb417d1aa,UPD,2017,4936,,gx-no-cache=1488479047632 HTTP/1.1" 200 11085
200.83.57.219 - - [02/Mar/2017:15:22:54 -0300] "GET /cormun/servlet/solicitudot?ab36da116ac26835b1ee8c9c0f9eafa0d38e3566550ae52c88df63487fee6b0964eaa1216cf90097b46331aed51d6ce6,gx-no-cache=1488479047901 HTTP/1.1" 200 30
200.83.57.219 - - [02/Mar/2017:15:22:54 -0300] "POST /cormun/servlet/solicitudot?gx-no-cache=1488479048001 HTTP/1.1" 200 297
200.83.57.219 - - [02/Mar/2017:15:22:54 -0300] "GET /cormun/servlet/solicitudot?ab36da116ac26835b1ee8c9c0f9eafa09d8a654f3c77bd24c1d8d5325f12233ef5ddb29c579afe4c0e83095b48c3c12742bdd34000c4c3b362ccfd6e753ad4a5ac13af1ef82a42bf374e8ddc242de3f5167bde42fa95c7a96ab6a0dd956f1bc9d0bc9020ff0a2b0030ceff5fba5e3ef20eac26b0e10202127fcce90263930215d60d7d8ead3dcd0c8425834a0e1a7fe202472ba8074400490c7dc00412d111e23d0ee9d703b49979cf6a1b98229fac0b117d6bb2335d7ca64ffe50f05c3f8b5a2179182b76b3aba5a990519ee82cc8716a758e7f84638356ac78891180318fa9488be3fbee3c85a1c60f00e1df4f75f8799c05644b6da85af854be357410fb13eedb3b7553f148af3d19f4d4aea431bff69f342bf2346ef61a730f4ec770032f0235aa7c02e6c54f63558f36e31c8c9942e687ebceedf58227bdbce1c93c09fcc4b1c4cd3da00318a22111e396900d0727d8412f11a73053aedf4d113fe7a0108f013b3d64e8bf36b07cf38108dc7b73bf24c1aaaeb59d205d87d72d42cb92b687ae22543f4fa74c7744d8c4999bd31f,gx-no-cache=1488479048090 HTTP/1.1" 200 30
200.83.57.219 - - [02/Mar/2017:15:22:55 -0300] "POST /cormun/servlet/solicitudot?gx-no-cache=1488479048169 HTTP/1.1" 200 30
200.83.57.219 - - [02/Mar/2017:15:22:55 -0300] "POST /cormun/servlet/solicitudot?gx-no-cache=1488479048298 HTTP/1.1" 200 1287
200.83.57.219 - - [02/Mar/2017:15:22:55 -0300] "POST /cormun/servlet/solicitudot?gx-no-cache=1488479048416 HTTP/1.1" 200 41
186.103.159.46 - - [02/Mar/2017:15:23:24 -0300] "POST /cormun/servlet/permisosadjuntos?3f48d312b7f344841ff3d332f3212386,INS,13109954,P,20170302161723,, HTTP/1.1" 200 116
186.103.159.46 - - [02/Mar/2017:15:23:24 -0300] "GET /cormun/servlet/hpexe_return? HTTP/1.1" 200 1035
186.103.159.46 - - [02/Mar/2017:15:23:25 -0300] "GET /cormun/servlet/trpermisosadjuntos?13109954,20170302161723,P, HTTP/1.1" 200 6548
192.168.10.96 - - [02/Mar/2017:15:23:25 -0300] "GET /cormun/servlet/trsolicitudot? HTTP/1.1" 200 7964
192.168.10.96 - - [02/Mar/2017:15:23:26 -0300] "GET /cormun/servlet/trsolicitudot? HTTP/1.1" 200 7957
186.103.159.46 - - [02/Mar/2017:15:23:26 -0300] "GET /cormun/servlet/trpermisosadjuntos?13109954,20170302161723,P, HTTP/1.1" 200 6546
192.168.10.96 - - [02/Mar/2017:15:23:32 -0300] "POST /cormun/servlet/trsolicitudot?0073f10afce07d3c664424a58be56ae9,,gx-no-cache=1488482298062 HTTP/1.1" 200 106
192.168.10.96 - - [02/Mar/2017:15:23:32 -0300] "GET /cormun/servlet/solicitudot?DLT,2017,4870, HTTP/1.1" 200 9291
192.168.10.96 - - [02/Mar/2017:15:23:32 -0300] "GET /cormun/static/Shared/jqueryui/images/ui-bg_highlight-soft_100_c6c2c8_1x100.png HTTP/1.1" 404 1117
192.168.10.96 - - [02/Mar/2017:15:23:32 -0300] "GET /cormun/static/Shared/jqueryui/images/ui-icons_82798d_256x240.png HTTP/1.1" 404 1089
192.168.10.96 - - [02/Mar/2017:15:23:32 -0300] "GET /cormun/static/Shared/jqueryui/images/ui-bg_flat_55_fafafa_40x100.png HTTP/1.1" 404 1097
192.168.10.96 - - [02/Mar/2017:15:23:32 -0300] "GET /cormun/static/Shared/jqueryui/images/ui-icons_8d78a5_256x240.png HTTP/1.1" 404 1089
192.168.10.96 - - [02/Mar/2017:15:23:32 -0300] "GET /cormun/servlet/solicitudot?DLT,2017,4870, HTTP/1.1" 200 9300
192.168.10.96 - - [02/Mar/2017:15:23:39 -0300] "POST /cormun/servlet/solicitudot?0073f10afce07d3c664424a58be56ae9,DLT,2017,4870,,gx-no-cache=1488482304771 HTTP/1.1" 200 12390
192.168.10.96 - - [02/Mar/2017:15:23:39 -0300] "GET /cormun/static/Shared/jqueryui/images/ui-bg_flat_55_994d53_40x100.png HTTP/1.1" 404 1097
192.168.10.96 - - [02/Mar/2017:15:23:39 -0300] "GET /cormun/static/Shared/jqueryui/images/ui-icons_ebccce_256x240.png HTTP/1.1" 404 1089
192.168.10.96 - - [02/Mar/2017:15:23:41 -0300] "POST /cormun/servlet/solicitudot?0073f10afce07d3c664424a58be56ae9,DLT,2017,4870,,gx-no-cache=1488482306975 HTTP/1.1" 200 93
192.168.10.96 - - [02/Mar/2017:15:23:41 -0300] "GET /cormun/servlet/hpexe_return? HTTP/1.1" 200 1015
192.168.10.96 - - [02/Mar/2017:15:23:41 -0300] "GET /cormun/servlet/trsolicitudot HTTP/1.1" 200 7961
192.168.10.96 - - [02/Mar/2017:15:23:41 -0300] "GET /cormun/servlet/trsolicitudot HTTP/1.1" 200 7958
192.168.10.96 - - [02/Mar/2017:15:23:45 -0300] "GET /cormun/servlet/trsolicitudot? HTTP/1.1" 200 7958
192.168.10.96 - - [02/Mar/2017:15:23:45 -0300] "GET /cormun/servlet/trsolicitudot? HTTP/1.1" 200 7957
192.168.10.96 - - [02/Mar/2017:15:23:47 -0300] "GET /cormun/servlet/solicitudot?INS,0,0, HTTP/1.1" 200 12516
192.168.10.96 - - [02/Mar/2017:15:23:47 -0300] "GET /cormun/servlet/solicitudot?INS,0,0, HTTP/1.1" 200 12521
192.168.10.96 - - [02/Mar/2017:15:23:58 -0300] "POST /cormun/servlet/solicitudot?gx-no-cache=1488482324010 HTTP/1.1" 200 3081
192.168.10.96 - - [02/Mar/2017:15:23:58 -0300] "POST /cormun/servlet/solicitudot?0073f10afce07d3c664424a58be56ae9,INS,0,0,,gx-no-cache=1488482324144 HTTP/1.1" 200 9687
200.73.230.173 - - [02/Mar/2017:15:24:00 -0300] "GET /cormun/servlet/licenciaspermisos?d36e9c55fbd7740041c25ec2407f14d3ebd3bbe6fe5a15df6cccc99efc2b2b4e329734ba06228d9118b834c8d45df99d8e2b1ba7d9531b94a7f440a1e9174e7fa1ccc03cd74978308b90801d30aad1d1b3606ffcb2bbd5d342549b377dcefddc1af9bb1ca522fde0f6e6a25f9beac30628947c13e5b04cf799e3c0e6c0f42e65ef5e716b47d621c5bb5ae1a97f5bd9aa6de620d0c76330d4b174bdd4c9b9bbe144a808ac2d7aea0d0a4d6471a2211aaf,gx-no-cache=1488479799076 HTTP/1.1" 200 30
200.73.230.173 - - [02/Mar/2017:15:24:00 -0300] "GET /cormun/servlet/licenciaspermisos?d36e9c55fbd7740041c25ec2407f14d3e803d4a7dc55d4e715ba6c02757a534d057d74341ed048dc67f8cadf96b216865ef3f31c469b869a2317375b2931938cb43da49086ec8219e8786f5d58233cdb5e149d1c5610e502c899af0827427c012a79b581e24a123bc04bebaf35dd130fc962b67a64f90772173beab765250c29bea6c32af47c70da5401394cc7aaa8fd62fdecad4e789cbdf4f3614eacf800f0fc0b2be44abf474aa90c37d2e9adfd8f,gx-no-cache=1488479799227 HTTP/1.1" 200 29
186.103.159.46 - - [02/Mar/2017:15:24:01 -0300] "POST /cormun/servlet/trpermisosadjuntos?3f48d312b7f344841ff3d332f3212386,13109954,20170302161723,P,,gx-no-cache=1488479111568 HTTP/1.1" 200 90
186.103.159.46 - - [02/Mar/2017:15:24:01 -0300] "GET /cormun/servlet/hpexe_link HTTP/1.1" 200 983
200.73.230.173 - - [02/Mar/2017:15:24:01 -0300] "POST /cormun/servlet/licenciaspermisos?24e361c7f43dd9c06c3ef78c38ee538d,INS,0,,,,gx-no-cache=1488479799299 HTTP/1.1" 200 93
200.73.230.173 - - [02/Mar/2017:15:24:01 -0300] "GET /cormun/servlet/hpexe_return? HTTP/1.1" 200 1009
186.103.159.46 - - [02/Mar/2017:15:24:01 -0300] "GET /cormun/servlet/trpermisosgoce HTTP/1.1" 200 8424
200.73.230.173 - - [02/Mar/2017:15:24:01 -0300] "GET /cormun/static/gxcfg.js?2016101716175148 HTTP/1.1" 200 953
200.73.230.173 - - [02/Mar/2017:15:24:01 -0300] "GET /cormun/static/hpexe_return.js?2016101716175153 HTTP/1.1" 200 1633
200.73.230.173 - - [02/Mar/2017:15:24:01 -0300] "GET /cormun/servlet/trlicencias HTTP/1.1" 200 7801
200.73.230.173 - - [02/Mar/2017:15:24:02 -0300] "GET /cormun//static/Resources/PXToolsGridUpdate.png HTTP/1.1" 200 2984
200.73.230.173 - - [02/Mar/2017:15:24:02 -0300] "GET /cormun//static/Resources/PXToolsActionPrint.png HTTP/1.1" 200 3317
200.73.230.173 - - [02/Mar/2017:15:24:02 -0300] "GET /cormun//static/Resources/PXToolsGridDelete.png HTTP/1.1" 200 357
200.73.230.173 - - [02/Mar/2017:15:24:02 -0300] "GET /cormun//static/Resources/PXToolsHeaderHelp.png HTTP/1.1" 200 4055
200.73.230.173 - - [02/Mar/2017:15:24:02 -0300] "GET /cormun//static/Resources/PXToolsGridDisplay.png HTTP/1.1" 200 362
200.73.230.173 - - [02/Mar/2017:15:24:02 -0300] "GET /cormun//static/Resources/PXToolsHeaderFavorites.png HTTP/1.1" 200 2744
200.73.230.173 - - [02/Mar/2017:15:24:02 -0300] "GET /cormun//static/Resources/PXTools/ActionInsert.png HTTP/1.1" 200 1482
200.73.230.173 - - [02/Mar/2017:15:24:02 -0300] "GET /cormun/servlet/trlicencias HTTP/1.1" 200 7797
186.103.159.46 - - [02/Mar/2017:15:24:03 -0300] "GET /cormun/servlet/trpermisosgoce HTTP/1.1" 200 8424
192.168.10.96 - - [02/Mar/2017:15:24:08 -0300] "GET /cormun/servlet/hlogin HTTP/1.1" 200 1747
192.168.10.96 - - [02/Mar/2017:15:24:14 -0300] "POST /cormun/servlet/hlogin?0073f10afce07d3c664424a58be56ae9,gx-no-cache=1488482340637 HTTP/1.1" 200 90
192.168.10.96 - - [02/Mar/2017:15:24:14 -0300] "GET /cormun/servlet/hpexe_link HTTP/1.1" 200 956
192.168.10.96 - - [02/Mar/2017:15:24:15 -0300] "GET /cormun/servlet/hhome HTTP/1.1" 200 4110
192.168.10.96 - - [02/Mar/2017:15:24:15 -0300] "GET /cormun/servlet/hhome HTTP/1.1" 200 4107
201.246.236.62 - - [02/Mar/2017:15:24:16 -0300] "GET /cormun/servlet/solicitudotadjuntos?0b8613b84ac828d28365c239fd01c69a47afb3169c23ffeb875ff13073cc91e5,gx-no-cache=1488479125856 HTTP/1.1" 200 30
201.246.236.62 - - [02/Mar/2017:15:24:16 -0300] "GET /cormun/servlet/solicitudotadjuntos?0b8613b84ac828d28365c239fd01c69a47afb3169c23ffeb875ff13073cc91e5,gx-no-cache=1488479126135 HTTP/1.1" 200 30
192.168.10.96 - - [02/Mar/2017:15:24:18 -0300] "GET /cormun/servlet/trsolicitudgral? HTTP/1.1" 200 24378
200.73.230.173 - - [02/Mar/2017:15:24:19 -0300] "GET /cormun/servlet/alicenciaprn?12515149,L,20170302000000,PU HTTP/1.1" 200 1523
192.168.10.96 - - [02/Mar/2017:15:24:20 -0300] "GET /cormun/servlet/trsolicitudgral? HTTP/1.1" 200 24376
201.246.236.62 - - [02/Mar/2017:15:24:22 -0300] "POST /cormun/servlet/solicitudotadjuntos?2ac7443b7b044a72a5358b59eb59ed13,INS,2017,5085,,1, HTTP/1.1" 200 116
201.246.236.62 - - [02/Mar/2017:15:24:22 -0300] "GET /cormun/servlet/hpexe_return? HTTP/1.1" 200 1027
201.246.236.62 - - [02/Mar/2017:15:24:23 -0300] "GET /cormun/servlet/trsolicitudadjuntos?2017,5085, HTTP/1.1" 200 8281
201.246.236.62 - - [02/Mar/2017:15:24:24 -0300] "GET /cormun/servlet/trsolicitudadjuntos?2017,5085, HTTP/1.1" 200 8280
192.168.10.96 - - [02/Mar/2017:15:24:33 -0300] "POST /cormun/servlet/trsolicitudgral?0073f10afce07d3c664424a58be56ae9,,gx-no-cache=1488482359655 HTTP/1.1" 200 7695
201.246.236.62 - - [02/Mar/2017:15:24:37 -0300] "GET /cormun/servlet/solicitudotadjuntos?DLT,2017,5085,TITULO,0, HTTP/1.1" 200 5699
201.246.236.62 - - [02/Mar/2017:15:24:38 -0300] "GET /cormun/static/about:blank HTTP/1.1" 404 1011
201.246.236.62 - - [02/Mar/2017:15:24:38 -0300] "GET /cormun/static/Shared/jqueryui/images/ui-bg_highlight-soft_100_c6c2c8_1x100.png HTTP/1.1" 404 1117
201.246.236.62 - - [02/Mar/2017:15:24:38 -0300] "GET /cormun/static/Shared/jqueryui/images/ui-icons_82798d_256x240.png HTTP/1.1" 404 1089
201.246.236.62 - - [02/Mar/2017:15:24:38 -0300] "GET /cormun/static/Shared/jqueryui/images/ui-bg_flat_55_fafafa_40x100.png HTTP/1.1" 404 1097
201.246.236.62 - - [02/Mar/2017:15:24:38 -0300] "GET /cormun/static/Shared/jqueryui/images/ui-icons_8d78a5_256x240.png HTTP/1.1" 404 1089
201.246.236.62 - - [02/Mar/2017:15:24:38 -0300] "GET /cormun/servlet/solicitudotadjuntos?DLT,2017,5085,TITULO,0, HTTP/1.1" 200 5693
186.103.159.46 - - [02/Mar/2017:15:24:45 -0300] "GET /cormun/servlet/permisogoce?INS,0,,, HTTP/1.1" 200 6522
186.103.159.46 - - [02/Mar/2017:15:24:47 -0300] "GET /cormun/servlet/permisogoce?INS,0,,, HTTP/1.1" 200 6521
201.246.236.62 - - [02/Mar/2017:15:24:47 -0300] "GET /cormun/servlet/solicitudotadjuntos?DLT,2017,5085,TITULO,0, HTTP/1.1" 200 5699
201.246.236.62 - - [02/Mar/2017:15:24:48 -0300] "GET /cormun/static/about:blank HTTP/1.1" 404 1011
201.246.236.62 - - [02/Mar/2017:15:24:48 -0300] "GET /cormun/static/Shared/jqueryui/images/ui-bg_highlight-soft_100_c6c2c8_1x100.png HTTP/1.1" 404 1117
201.246.236.62 - - [02/Mar/2017:15:24:48 -0300] "GET /cormun/static/Shared/jqueryui/images/ui-icons_82798d_256x240.png HTTP/1.1" 404 1089
201.246.236.62 - - [02/Mar/2017:15:24:48 -0300] "GET /cormun/static/Shared/jqueryui/images/ui-bg_flat_55_fafafa_40x100.png HTTP/1.1" 404 1097
201.246.236.62 - - [02/Mar/2017:15:24:48 -0300] "GET /cormun/static/Shared/jqueryui/images/ui-icons_8d78a5_256x240.png HTTP/1.1" 404 1089
201.246.236.62 - - [02/Mar/2017:15:24:48 -0300] "GET /cormun/servlet/solicitudotadjuntos?DLT,2017,5085,TITULO,0, HTTP/1.1" 200 5693
201.246.236.62 - - [02/Mar/2017:15:24:48 -0300] "GET /favicon.ico HTTP/1.1" 200 21630
201.246.236.62 - - [02/Mar/2017:15:24:51 -0300] "POST /cormun/servlet/solicitudotadjuntos?2ac7443b7b044a72a5358b59eb59ed13,DLT,2017,5085,TITULO,0,,gx-no-cache=1488479161236 HTTP/1.1" 200 93
201.246.236.62 - - [02/Mar/2017:15:24:51 -0300] "GET /cormun/servlet/hpexe_return? HTTP/1.1" 200 1033
201.246.236.62 - - [02/Mar/2017:15:24:52 -0300] "GET /cormun/servlet/trsolicitudadjuntos?2017,5085, HTTP/1.1" 200 8177
201.246.236.62 - - [02/Mar/2017:15:24:54 -0300] "GET /cormun/servlet/trsolicitudadjuntos?2017,5085, HTTP/1.1" 200 8176
192.168.10.89 - - [02/Mar/2017:15:24:55 -0300] "POST /cormun/servlet/licenciaspermisos?a02ceafe7c890d6af14b6287e145c403,INS,0,,,,gx-no-cache=1488482381537 HTTP/1.1" 200 93
192.168.10.89 - - [02/Mar/2017:15:24:55 -0300] "GET /cormun/servlet/hpexe_return? HTTP/1.1" 200 1007
201.246.236.62 - - [02/Mar/2017:15:24:56 -0300] "GET /cormun/servlet/solicitudotadjuntos?INS,2017,5085,,1, HTTP/1.1" 200 5802
201.246.236.62 - - [02/Mar/2017:15:24:56 -0300] "GET /cormun/static/about:blank HTTP/1.1" 404 1011
201.246.236.62 - - [02/Mar/2017:15:24:56 -0300] "GET /cormun/servlet/solicitudotadjuntos?INS,2017,5085,,1, HTTP/1.1" 200 5796
201.246.236.62 - - [02/Mar/2017:15:24:57 -0300] "GET /cormun/servlet/solicitudotadjuntos?0b8613b84ac828d28365c239fd01c69aa5fc865b40c6c5d12277e882817d491e5d90973507f5ed902cb72f04e08e2b0c,gx-no-cache=1488479167010 HTTP/1.1" 200 30
192.168.10.89 - - [02/Mar/2017:15:24:57 -0300] "GET /cormun/servlet/trlicencias HTTP/1.1" 200 7798
201.246.236.62 - - [02/Mar/2017:15:24:57 -0300] "POST /cormun/servlet/solicitudotadjuntos?2ac7443b7b044a72a5358b59eb59ed13,INS,2017,5085,,1,,gx-no-cache=1488479167236 HTTP/1.1" 200 3677
192.168.10.89 - - [02/Mar/2017:15:24:58 -0300] "GET /cormun//static/Resources/PXToolsActionPrint.png HTTP/1.1" 304 -
201.246.236.62 - - [02/Mar/2017:15:25:00 -0300] "POST /cormun/servlet/solicitudotadjuntos?gx-no-cache=1488479169988 HTTP/1.1" 200 26
200.73.230.173 - - [02/Mar/2017:15:25:01 -0300] "GET /cormun/servlet/trlicenciaspermisosadjuntos?12515149,20170302000000,L, HTTP/1.1" 200 6153
200.73.230.173 - - [02/Mar/2017:15:25:01 -0300] "GET /cormun/static/gxcfg.js?2016122813131454 HTTP/1.1" 200 953
200.73.230.173 - - [02/Mar/2017:15:25:01 -0300] "GET /cormun/static/trlicenciaspermisosadjuntos.js?2016122813131728 HTTP/1.1" 200 21008
200.73.230.173 - - [02/Mar/2017:15:25:02 -0300] "GET /cormun/servlet/trlicenciaspermisosadjuntos?12515149,20170302000000,L, HTTP/1.1" 200 6153
186.103.161.206 - - [02/Mar/2017:15:25:04 -0300] "POST /cormun/servlet/trpermisosgoce?ce2db11a484929ec05563c5ec2a7fb10,,gx-no-cache=1488475576251 HTTP/1.1" 200 4673
201.246.236.62 - - [02/Mar/2017:15:25:05 -0300] "GET /cormun/servlet/solicitudotadjuntos?0b8613b84ac828d28365c239fd01c69a47afb3169c23ffeb875ff13073cc91e5,gx-no-cache=1488479175080 HTTP/1.1" 200 30
201.246.236.62 - - [02/Mar/2017:15:25:05 -0300] "GET /cormun/servlet/solicitudotadjuntos?0b8613b84ac828d28365c239fd01c69a47afb3169c23ffeb875ff13073cc91e5,gx-no-cache=1488479175263 HTTP/1.1" 200 30
186.103.161.206 - - [02/Mar/2017:15:25:06 -0300] "POST /cormun/servlet/trpermisosgoce?ce2db11a484929ec05563c5ec2a7fb10,,gx-no-cache=1488475578020 HTTP/1.1" 200 4673
200.83.57.219 - - [02/Mar/2017:15:25:08 -0300] "POST /cormun/servlet/solicitudot?7390087870a7023802b5e2dfb417d1aa,UPD,2017,4936,,gx-no-cache=1488479181026 HTTP/1.1" 200 93
200.83.57.219 - - [02/Mar/2017:15:25:08 -0300] "GET /cormun/servlet/hpexe_return? HTTP/1.1" 200 1013
200.83.57.219 - - [02/Mar/2017:15:25:08 -0300] "GET /cormun/servlet/trsolicitudot HTTP/1.1" 200 8812
200.73.230.173 - - [02/Mar/2017:15:25:08 -0300] "GET /cormun/servlet/licenciaspermisosadjuntos?INS,12515149,L,20170302000000,, HTTP/1.1" 200 5448
200.83.57.219 - - [02/Mar/2017:15:25:08 -0300] "GET /cormun/servlet/trsolicitudot HTTP/1.1" 200 8808
200.73.230.173 - - [02/Mar/2017:15:25:08 -0300] "GET /cormun/static/gxcfg.js?2016122813131386 HTTP/1.1" 200 953
200.73.230.173 - - [02/Mar/2017:15:25:08 -0300] "GET /cormun/static/licenciaspermisosadjuntos.js?2016122813131394 HTTP/1.1" 200 8757
200.73.230.173 - - [02/Mar/2017:15:25:08 -0300] "GET /cormun/static/about:blank HTTP/1.1" 404 1011
200.73.230.173 - - [02/Mar/2017:15:25:09 -0300] "GET /cormun/servlet/licenciaspermisosadjuntos?INS,12515149,L,20170302000000,, HTTP/1.1" 200 5437
186.103.161.206 - - [02/Mar/2017:15:25:10 -0300] "POST /cormun/servlet/trpermisosgoce?ce2db11a484929ec05563c5ec2a7fb10,,gx-no-cache=1488475581779 HTTP/1.1" 200 4673
200.83.57.219 - - [02/Mar/2017:15:25:12 -0300] "GET /cormun/servlet/vesolicitudot?2017,5086,, HTTP/1.1" 200 8321
200.83.57.219 - - [02/Mar/2017:15:25:12 -0300] "GET /cormun/pexe_scrolldiv.js HTTP/1.1" 404 1009
200.83.57.219 - - [02/Mar/2017:15:25:13 -0300] "GET /cormun/servlet/vesolicitudot?2017,5086,, HTTP/1.1" 200 8320
200.83.57.219 - - [02/Mar/2017:15:25:13 -0300] "GET /cormun/servlet/trsolicitudot HTTP/1.1" 200 8812
200.83.57.219 - - [02/Mar/2017:15:25:14 -0300] "GET /cormun/servlet/trsolicitudot HTTP/1.1" 200 8808
200.83.57.219 - - [02/Mar/2017:15:25:16 -0300] "POST /cormun/servlet/trsolicitudot?7390087870a7023802b5e2dfb417d1aa,gx-no-cache=1488479189285 HTTP/1.1" 200 106
200.83.57.219 - - [02/Mar/2017:15:25:16 -0300] "GET /cormun/servlet/solicitudot?UPD,2017,5086, HTTP/1.1" 200 13918
200.83.57.219 - - [02/Mar/2017:15:25:16 -0300] "GET /cormun/servlet/solicitudot?UPD,2017,5086, HTTP/1.1" 200 13927
200.83.57.219 - - [02/Mar/2017:15:25:17 -0300] "POST /cormun/servlet/solicitudot?gx-no-cache=1488479190438 HTTP/1.1" 200 3184
200.83.57.219 - - [02/Mar/2017:15:25:17 -0300] "POST /cormun/servlet/solicitudot?7390087870a7023802b5e2dfb417d1aa,UPD,2017,5086,,gx-no-cache=1488479190786 HTTP/1.1" 200 10506
200.83.57.219 - - [02/Mar/2017:15:25:17 -0300] "GET /cormun/servlet/solicitudot?ab36da116ac26835b1ee8c9c0f9eafa0fcc1c53998ddedda50347fd8c4594cf064eaa1216cf90097b46331aed51d6ce6,gx-no-cache=1488479191032 HTTP/1.1" 200 30
200.83.57.219 - - [02/Mar/2017:15:25:17 -0300] "POST /cormun/servlet/solicitudot?gx-no-cache=1488479191116 HTTP/1.1" 200 255
200.83.57.219 - - [02/Mar/2017:15:25:17 -0300] "GET /cormun/servlet/solicitudot?ab36da116ac26835b1ee8c9c0f9eafa09d8a654f3c77bd24c1d8d5325f12233e1dab9ba8b86a5855b285070a02d227c542bdd34000c4c3b362ccfd6e753ad4a5ac13af1ef82a42bf374e8ddc242de3f5167bde42fa95c7a96ab6a0dd956f1bc9d0bc9020ff0a2b0030ceff5fba5e3ef20eac26b0e10202127fcce90263930215d60d7d8ead3dcd0c8425834a0e1a7fe202472ba8074400490c7dc00412d111e23d0ee9d703b49979cf6a1b98229fac0b117d6bb2335d7ca64ffe50f05c3f8b5a2179182b76b3aba5a990519ee82cc8716a758e7f84638356ac78891180318fa9488be3fbee3c85a1c60f00e1df4f75f88c9fd2cb3c4df56f7b81e45d7eacab03eedb3b7553f148af3d19f4d4aea431bff69f342bf2346ef61a730f4ec770032f0235aa7c02e6c54f63558f36e31c8c9942e687ebceedf58227bdbce1c93c09fc22dcb58b6cb0b2723da1ca2d5e700d0f8ce00761525f96a41fa49ac3046ebc6ea02be88cec5d1eaa5a53790258994978ccbbed3b7f96f0f85e2558c6a7775726,gx-no-cache=1488479191192 HTTP/1.1" 200 30
200.83.57.219 - - [02/Mar/2017:15:25:18 -0300] "POST /cormun/servlet/solicitudot?gx-no-cache=1488479191261 HTTP/1.1" 200 30
200.83.57.219 - - [02/Mar/2017:15:25:18 -0300] "POST /cormun/servlet/solicitudot?gx-no-cache=1488479191335 HTTP/1.1" 200 657
200.83.57.219 - - [02/Mar/2017:15:25:18 -0300] "POST /cormun/servlet/solicitudot?gx-no-cache=1488479191436 HTTP/1.1" 200 41
186.103.161.206 - - [02/Mar/2017:15:25:21 -0300] "POST /cormun/servlet/trpermisosgoce?ce2db11a484929ec05563c5ec2a7fb10,,gx-no-cache=1488475592626 HTTP/1.1" 200 3956
192.168.10.89 - - [02/Mar/2017:15:25:24 -0300] "GET /cormun/servlet/trlicenciaspermisosadjuntos?12515149,20170302000000,L, HTTP/1.1" 200 6151
192.168.10.89 - - [02/Mar/2017:15:25:24 -0300] "GET /cormun/static/gxcfg.js?2016122813131454 HTTP/1.1" 200 953
192.168.10.89 - - [02/Mar/2017:15:25:24 -0300] "GET /cormun/static/trlicenciaspermisosadjuntos.js?2016122813131728 HTTP/1.1" 304 -
186.103.159.46 - - [02/Mar/2017:15:25:27 -0300] "GET /cormun/servlet/permisogoce?24e1786266e4237752888ceb9b179a0de4b9d28d163e715e30973210831ca11eb3704b6f96f1bd5fbbb3b29de65fcefc,gx-no-cache=1488479198515 HTTP/1.1" 200 73
186.103.159.46 - - [02/Mar/2017:15:25:28 -0300] "GET /cormun/static/menuarrow.gif HTTP/1.1" 404 1015
192.168.10.89 - - [02/Mar/2017:15:25:28 -0300] "GET /cormun/servlet/trlicencias HTTP/1.1" 200 7798
200.83.57.219 - - [02/Mar/2017:15:25:33 -0300] "GET /cormun/servlet/solicitudot?ab36da116ac26835b1ee8c9c0f9eafa0eff3f01dc69f7efc5460b6e65cb3ce41ca3a6b089a9d23b794dff55d9143e79d5fe95ae7a3cc496b62eadbd8216229724baf0c9ba53a708a4807d09a679b11e81f7c12cecc52e75335b8852f74f1ea9818cc5ffa04132975e3605895e3da8d5a9f7aa36248c12d87c6a251f71a2d3173ec8ed6ef11431d7e33a438b1245ea61590b4ea1e36b4dbdc8475328dcf5e992d,gx-no-cache=1488479206698 HTTP/1.1" 200 29
200.83.57.219 - - [02/Mar/2017:15:25:33 -0300] "POST /cormun/servlet/solicitudot?gx-no-cache=1488479206767 HTTP/1.1" 200 643
200.83.57.219 - - [02/Mar/2017:15:25:33 -0300] "POST /cormun/servlet/solicitudot?gx-no-cache=1488479206844 HTTP/1.1" 200 521
192.168.10.89 - - [02/Mar/2017:15:25:36 -0300] "GET /cormun/servlet/trlicenciaspermisosadjuntos?12515149,20170302000000,L, HTTP/1.1" 200 6151
192.168.10.89 - - [02/Mar/2017:15:25:39 -0300] "GET /cormun/servlet/licenciaspermisosadjuntos?INS,12515149,L,20170302000000,, HTTP/1.1" 200 5446
192.168.10.89 - - [02/Mar/2017:15:25:39 -0300] "GET /cormun/static/gxcfg.js?2016122813131386 HTTP/1.1" 200 953
192.168.10.89 - - [02/Mar/2017:15:25:39 -0300] "GET /cormun/static/licenciaspermisosadjuntos.js?2016122813131394 HTTP/1.1" 200 8757
192.168.10.89 - - [02/Mar/2017:15:25:40 -0300] "HEAD /cormun/static/about:blank HTTP/1.1" 404 -
192.168.10.89 - - [02/Mar/2017:15:25:45 -0300] "GET /cormun/servlet/trlicenciaspermisosadjuntos?12515149,20170302000000,L, HTTP/1.1" 200 6151
192.168.10.89 - - [02/Mar/2017:15:25:49 -0300] "POST /cormun/servlet/trlicenciaspermisosadjuntos?a02ceafe7c890d6af14b6287e145c403,12515149,20170302000000,L,,gx-no-cache=1488482435219 HTTP/1.1" 200 90
192.168.10.89 - - [02/Mar/2017:15:25:49 -0300] "GET /cormun/servlet/hpexe_link HTTP/1.1" 200 983
192.168.10.89 - - [02/Mar/2017:15:25:51 -0300] "GET /cormun/servlet/trlicencias HTTP/1.1" 200 7796
200.73.230.173 - - [02/Mar/2017:15:25:52 -0300] "POST /cormun/servlet/licenciaspermisosadjuntos?24e361c7f43dd9c06c3ef78c38ee538d,INS,12515149,L,20170302000000,, HTTP/1.1" 200 116
200.73.230.173 - - [02/Mar/2017:15:25:52 -0300] "GET /cormun/servlet/hpexe_return? HTTP/1.1" 200 1038
201.246.236.62 - - [02/Mar/2017:15:25:53 -0300] "POST /cormun/servlet/solicitudotadjuntos?2ac7443b7b044a72a5358b59eb59ed13,INS,2017,5085,,1, HTTP/1.1" 200 116
200.73.230.173 - - [02/Mar/2017:15:25:53 -0300] "GET /cormun/servlet/trlicenciaspermisosadjuntos?12515149,20170302000000,L, HTTP/1.1" 200 6618
201.246.236.62 - - [02/Mar/2017:15:25:53 -0300] "GET /cormun/servlet/hpexe_return? HTTP/1.1" 200 1027
200.73.230.173 - - [02/Mar/2017:15:25:54 -0300] "GET /cormun/servlet/trlicenciaspermisosadjuntos?12515149,20170302000000,L, HTTP/1.1" 200 6615
201.246.236.62 - - [02/Mar/2017:15:25:54 -0300] "GET /cormun/servlet/trsolicitudadjuntos?2017,5085, HTTP/1.1" 200 8335
201.246.236.62 - - [02/Mar/2017:15:25:55 -0300] "GET /cormun/servlet/trsolicitudadjuntos?2017,5085, HTTP/1.1" 200 8332
200.73.230.173 - - [02/Mar/2017:15:25:56 -0300] "GET /cormun/PublicTempStorage/20170302_1506442233959.jpg HTTP/1.1" 200 972573
200.83.57.219 - - [02/Mar/2017:15:25:56 -0300] "POST /cormun/servlet/solicitudot?gx-no-cache=1488479229682 HTTP/1.1" 200 30
200.83.57.219 - - [02/Mar/2017:15:25:56 -0300] "POST /cormun/servlet/solicitudot?gx-no-cache=1488479229872 HTTP/1.1" 200 657
200.83.57.219 - - [02/Mar/2017:15:25:56 -0300] "POST /cormun/servlet/solicitudot?gx-no-cache=1488479229974 HTTP/1.1" 200 41
186.103.159.46 - - [02/Mar/2017:15:25:56 -0300] "GET /cormun/servlet/puconsultapgoce?12515426,MD,gxPopupLevel%3D0%3B HTTP/1.1" 200 3765
200.83.57.219 - - [02/Mar/2017:15:25:56 -0300] "POST /cormun/servlet/solicitudot?gx-no-cache=1488479230044 HTTP/1.1" 200 643
200.83.57.219 - - [02/Mar/2017:15:25:56 -0300] "POST /cormun/servlet/solicitudot?gx-no-cache=1488479230121 HTTP/1.1" 200 521
186.103.159.46 - - [02/Mar/2017:15:25:57 -0300] "GET /cormun/pexe_menus.js HTTP/1.1" 404 1001
186.103.159.46 - - [02/Mar/2017:15:25:57 -0300] "GET /cormun/pexe_windows.js HTTP/1.1" 404 1005
186.103.159.46 - - [02/Mar/2017:15:25:57 -0300] "GET /cormun/pexe_link.js HTTP/1.1" 404 999
186.103.159.46 - - [02/Mar/2017:15:25:57 -0300] "GET /cormun/pexe_cookies.js HTTP/1.1" 404 1005
186.103.159.46 - - [02/Mar/2017:15:25:57 -0300] "GET /cormun/pexe_layers.js HTTP/1.1" 404 1003
186.103.159.46 - - [02/Mar/2017:15:25:57 -0300] "GET /cormun/pexe_griddivfix.js HTTP/1.1" 404 1011
186.103.159.46 - - [02/Mar/2017:15:25:57 -0300] "GET /cormun/pexe_picture.js HTTP/1.1" 404 1005
186.103.159.46 - - [02/Mar/2017:15:25:57 -0300] "GET /cormun/pexe_treedivfix.js HTTP/1.1" 404 1011
186.103.159.46 - - [02/Mar/2017:15:25:57 -0300] "GET /cormun/pexe_autoreload.js HTTP/1.1" 404 1011
186.103.159.46 - - [02/Mar/2017:15:25:57 -0300] "GET /cormun/pexe_menudivfix.js HTTP/1.1" 404 1011
186.103.159.46 - - [02/Mar/2017:15:25:57 -0300] "GET /cormun/pexe_tabdivfix.js HTTP/1.1" 404 1009
186.103.159.46 - - [02/Mar/2017:15:25:57 -0300] "GET /cormun/pexe_grid.js HTTP/1.1" 404 999
186.103.159.46 - - [02/Mar/2017:15:25:58 -0300] "GET /cormun/pexe_menus.js HTTP/1.1" 404 1001
186.103.159.46 - - [02/Mar/2017:15:25:58 -0300] "GET /cormun/pexe_layers.js HTTP/1.1" 404 1003
186.103.159.46 - - [02/Mar/2017:15:25:58 -0300] "GET /cormun/pexe_windows.js HTTP/1.1" 404 1005
186.103.159.46 - - [02/Mar/2017:15:25:58 -0300] "GET /cormun/pexe_link.js HTTP/1.1" 404 999
186.103.159.46 - - [02/Mar/2017:15:25:58 -0300] "GET /cormun/pexe_cookies.js HTTP/1.1" 404 1005
186.103.159.46 - - [02/Mar/2017:15:25:58 -0300] "GET /cormun/pexe_grid.js HTTP/1.1" 404 999
186.103.159.46 - - [02/Mar/2017:15:25:58 -0300] "GET /cormun/pexe_griddivfix.js HTTP/1.1" 404 1011
186.103.159.46 - - [02/Mar/2017:15:25:58 -0300] "GET /cormun/pexe_picture.js HTTP/1.1" 404 1005
186.103.159.46 - - [02/Mar/2017:15:25:58 -0300] "GET /cormun/pexe_treedivfix.js HTTP/1.1" 404 1011
186.103.159.46 - - [02/Mar/2017:15:25:58 -0300] "GET /cormun/pexe_autoreload.js HTTP/1.1" 404 1011
186.103.159.46 - - [02/Mar/2017:15:25:58 -0300] "GET /cormun/pexe_menudivfix.js HTTP/1.1" 404 1011
186.103.159.46 - - [02/Mar/2017:15:25:58 -0300] "GET /cormun/pexe_tabdivfix.js HTTP/1.1" 404 1009
186.103.159.46 - - [02/Mar/2017:15:26:05 -0300] "POST /cormun/servlet/puconsultapgoce?3f48d312b7f344841ff3d332f3212386,12515426,MD,gxPopupLevel%3D0%3B,gx-no-cache=1488479235676 HTTP/1.1" 200 60
186.103.159.46 - - [02/Mar/2017:15:26:19 -0300] "GET /cormun/servlet/permisogoce?24e1786266e4237752888ceb9b179a0d860f075d6d62c91619fc6124e72c6c0b64ed6afa464f3fc7a854464ad38a663e3f903e566c470d3791d4c31b8c8466e9,gx-no-cache=1488479250124 HTTP/1.1" 200 46
200.83.57.219 - - [02/Mar/2017:15:26:26 -0300] "GET /cormun/servlet/solicitudot?ab36da116ac26835b1ee8c9c0f9eafa0f9f49b0923376a192b819e0de55f841293db323fc36b9cb88f486abcd9e648187b4dab2463434fc56793499717bf215b3e310e65ac61ca1ca6c968c250be1606924ade2a1d39176a66cb2fe503bea81607d8f8b34bcbbe683efc575a8c70565de27333b4dbdef883e8c9c1a347c8953ef60cfa0594cfe627dec88e813cadad66162a5d79efaa83aa6c37f6d92d51ddb0da9ac902c2555811b2b891e568e98e82,gx-no-cache=1488479259812 HTTP/1.1" 200 30
200.83.57.219 - - [02/Mar/2017:15:26:27 -0300] "POST /cormun/servlet/solicitudot?7390087870a7023802b5e2dfb417d1aa,UPD,2017,5086,,gx-no-cache=1488479259991 HTTP/1.1" 200 93
200.83.57.219 - - [02/Mar/2017:15:26:27 -0300] "GET /cormun/servlet/hpexe_return? HTTP/1.1" 200 1012
200.83.57.219 - - [02/Mar/2017:15:26:27 -0300] "GET /cormun/servlet/trsolicitudot HTTP/1.1" 200 8823
200.83.57.219 - - [02/Mar/2017:15:26:28 -0300] "GET /cormun/servlet/trsolicitudot HTTP/1.1" 200 8819
200.83.57.219 - - [02/Mar/2017:15:26:33 -0300] "POST /cormun/servlet/trsolicitudot?7390087870a7023802b5e2dfb417d1aa,gx-no-cache=1488479266528 HTTP/1.1" 200 106
200.83.57.219 - - [02/Mar/2017:15:26:33 -0300] "GET /cormun/servlet/solicitudot?UPD,2017,4936, HTTP/1.1" 200 14640
200.83.57.219 - - [02/Mar/2017:15:26:34 -0300] "GET /cormun/servlet/solicitudot?UPD,2017,4936, HTTP/1.1" 200 14649
200.83.57.219 - - [02/Mar/2017:15:26:35 -0300] "POST /cormun/servlet/solicitudot?gx-no-cache=1488479267942 HTTP/1.1" 200 3166
200.83.57.219 - - [02/Mar/2017:15:26:35 -0300] "POST /cormun/servlet/solicitudot?7390087870a7023802b5e2dfb417d1aa,UPD,2017,4936,,gx-no-cache=1488479268362 HTTP/1.1" 200 11085
200.83.57.219 - - [02/Mar/2017:15:26:35 -0300] "GET /cormun/servlet/solicitudot?ab36da116ac26835b1ee8c9c0f9eafa0d38e3566550ae52c88df63487fee6b0964eaa1216cf90097b46331aed51d6ce6,gx-no-cache=1488479268664 HTTP/1.1" 200 30
200.83.57.219 - - [02/Mar/2017:15:26:35 -0300] "POST /cormun/servlet/solicitudot?gx-no-cache=1488479268739 HTTP/1.1" 200 297
200.83.57.219 - - [02/Mar/2017:15:26:35 -0300] "GET /cormun/servlet/solicitudot?ab36da116ac26835b1ee8c9c0f9eafa09d8a654f3c77bd24c1d8d5325f12233ef5ddb29c579afe4c0e83095b48c3c12742bdd34000c4c3b362ccfd6e753ad4a5ac13af1ef82a42bf374e8ddc242de3f5167bde42fa95c7a96ab6a0dd956f1bc9d0bc9020ff0a2b0030ceff5fba5e3ef20eac26b0e10202127fcce90263930215d60d7d8ead3dcd0c8425834a0e1a7fe202472ba8074400490c7dc00412d111e23d0ee9d703b49979cf6a1b98229fac0b117d6bb2335d7ca64ffe50f05c3f8b5a2179182b76b3aba5a990519ee82cc8716a758e7f84638356ac78891180318fa9488be3fbee3c85a1c60f00e1df4f75f8799c05644b6da85af854be357410fb13eedb3b7553f148af3d19f4d4aea431bff69f342bf2346ef61a730f4ec770032f0235aa7c02e6c54f63558f36e31c8c9942e687ebceedf58227bdbce1c93c09fcc4b1c4cd3da00318a22111e396900d0727d8412f11a73053aedf4d113fe7a0108f013b3d64e8bf36b07cf38108dc7b73bf24c1aaaeb59d205d87d72d42cb92b687ae22543f4fa74c7744d8c4999bd31f,gx-no-cache=1488479268820 HTTP/1.1" 200 30
200.83.57.219 - - [02/Mar/2017:15:26:35 -0300] "POST /cormun/servlet/solicitudot?gx-no-cache=1488479268894 HTTP/1.1" 200 30
200.83.57.219 - - [02/Mar/2017:15:26:35 -0300] "POST /cormun/servlet/solicitudot?gx-no-cache=1488479268985 HTTP/1.1" 200 1287
200.83.57.219 - - [02/Mar/2017:15:26:35 -0300] "POST /cormun/servlet/solicitudot?gx-no-cache=1488479269090 HTTP/1.1" 200 41
192.168.10.96 - - [02/Mar/2017:15:26:36 -0300] "POST /cormun/servlet/trsolicitudgral?0073f10afce07d3c664424a58be56ae9,,gx-no-cache=1488482482441 HTTP/1.1" 200 7691
200.73.230.173 - - [02/Mar/2017:15:26:39 -0300] "POST /cormun/servlet/trlicenciaspermisosadjuntos?24e361c7f43dd9c06c3ef78c38ee538d,12515149,20170302000000,L,,gx-no-cache=1488479957543 HTTP/1.1" 200 90
200.73.230.173 - - [02/Mar/2017:15:26:39 -0300] "GET /cormun/servlet/hpexe_link HTTP/1.1" 200 984
200.73.230.173 - - [02/Mar/2017:15:26:39 -0300] "GET /cormun/servlet/trlicencias HTTP/1.1" 200 7799
200.73.230.173 - - [02/Mar/2017:15:26:40 -0300] "GET /cormun/servlet/trlicencias HTTP/1.1" 200 7797
192.168.10.96 - - [02/Mar/2017:15:26:42 -0300] "POST /cormun/servlet/trsolicitudgral?0073f10afce07d3c664424a58be56ae9,,gx-no-cache=1488482488089 HTTP/1.1" 200 9037
186.103.159.46 - - [02/Mar/2017:15:26:48 -0300] "POST /cormun/servlet/permisogoce?3f48d312b7f344841ff3d332f3212386,INS,0,,,,gx-no-cache=1488479278340 HTTP/1.1" 200 93
186.103.159.46 - - [02/Mar/2017:15:26:48 -0300] "GET /cormun/servlet/hpexe_return? HTTP/1.1" 200 1007
200.83.57.219 - - [02/Mar/2017:15:26:48 -0300] "POST /cormun/servlet/solicitudot?7390087870a7023802b5e2dfb417d1aa,UPD,2017,4936,,gx-no-cache=1488479280827 HTTP/1.1" 200 93
200.83.57.219 - - [02/Mar/2017:15:26:48 -0300] "GET /cormun/servlet/hpexe_return? HTTP/1.1" 200 1013
186.103.159.46 - - [02/Mar/2017:15:26:48 -0300] "GET /cormun/servlet/trpermisosgoce HTTP/1.1" 200 8611
200.83.57.219 - - [02/Mar/2017:15:26:48 -0300] "GET /cormun/servlet/trsolicitudot HTTP/1.1" 200 8823
200.83.57.219 - - [02/Mar/2017:15:26:49 -0300] "GET /cormun/servlet/trsolicitudot HTTP/1.1" 200 8819
186.103.159.46 - - [02/Mar/2017:15:26:50 -0300] "GET /cormun/servlet/trpermisosgoce HTTP/1.1" 200 8606
200.83.57.219 - - [02/Mar/2017:15:26:53 -0300] "POST /cormun/servlet/trsolicitudot?7390087870a7023802b5e2dfb417d1aa,gx-no-cache=1488479286444 HTTP/1.1" 200 107
200.83.57.219 - - [02/Mar/2017:15:26:53 -0300] "GET /cormun/servlet/trsolicitudadjuntos?2017,4936, HTTP/1.1" 200 9474
200.83.57.219 - - [02/Mar/2017:15:26:54 -0300] "GET /cormun/servlet/trsolicitudadjuntos?2017,4936, HTTP/1.1" 200 9474
192.168.10.96 - - [02/Mar/2017:15:26:56 -0300] "GET /cormun/servlet/solicitudgral?UPD,2017,4874, HTTP/1.1" 200 11863
200.73.230.173 - - [02/Mar/2017:15:26:57 -0300] "POST /cormun/servlet/trlicencias?24e361c7f43dd9c06c3ef78c38ee538d,gx-no-cache=1488479975372 HTTP/1.1" 200 4017
192.168.10.96 - - [02/Mar/2017:15:26:57 -0300] "GET /cormun/servlet/solicitudgral?UPD,2017,4874, HTTP/1.1" 200 11872
200.73.230.173 - - [02/Mar/2017:15:26:57 -0300] "GET /cormun/static/Shared/jqueryui/images/ui-bg_highlight-soft_100_c6c2c8_1x100.png HTTP/1.1" 404 1117
186.103.159.46 - - [02/Mar/2017:15:26:57 -0300] "GET /cormun/servlet/trpermisosadjuntos?12515426,20170302162133,P, HTTP/1.1" 200 6084
200.73.230.173 - - [02/Mar/2017:15:26:57 -0300] "GET /cormun/static/Shared/jqueryui/images/ui-icons_82798d_256x240.png HTTP/1.1" 404 1089
200.73.230.173 - - [02/Mar/2017:15:26:57 -0300] "GET /cormun/static/Shared/jqueryui/images/ui-icons_8d78a5_256x240.png HTTP/1.1" 404 1089
200.73.230.173 - - [02/Mar/2017:15:26:57 -0300] "GET /cormun/static/Shared/jqueryui/images/ui-bg_flat_55_fafafa_40x100.png HTTP/1.1" 404 1097
192.168.10.96 - - [02/Mar/2017:15:26:57 -0300] "POST /cormun/servlet/solicitudgral?gx-no-cache=1488482503632 HTTP/1.1" 200 3145
192.168.10.96 - - [02/Mar/2017:15:26:57 -0300] "GET /cormun/servlet/solicitudgral?769f64dc4da8a5075ddf9712367a53daec76594900cd5e43fdebc64d3852ba7ef16e4748a8f969a4e73bf3dc94c49c92e2495b5e01a56ebb5ad4faee0e071b6d6bc1d22102890ab5824fbcda2d17575f03ce361b502b54f15efd625c66d1c6c8a02aaeb27f531c8cb746081c3c0e1dffab1f4e87dc6e44055ac434d9fb24ea716f0d6d7111f418a06c0312c2583f714a34530e75f336667058f0feb591638f2cfcdbe17c0f641ee760f88082ac02e26fa7417c61c6486fc12a7eb843f3a4b40de1f229237d921cc0e94932914e06cba8d97cb92a3c3fe89f161971e4a7f81eda786fffa711d91f655d8b54e41f9704e2b051ed8bbc3b354202a6ed4d4bc3e5cc1d04e16728585b8dd6adb923ad25c7f9ce5b95ab0524bff2d676da17c41be260efa9ee28591635da7e955dfb72468787aed1b6e0ee84800bc53518e2a639a81cb790719910c82991ae21014cd74fdc9e,gx-no-cache=1488482503765 HTTP/1.1" 200 257
186.103.159.46 - - [02/Mar/2017:15:26:58 -0300] "GET /cormun/servlet/trpermisosadjuntos?12515426,20170302162133,P, HTTP/1.1" 200 6084
192.168.10.89 - - [02/Mar/2017:15:27:01 -0300] "POST /cormun/servlet/trlicencias?a02ceafe7c890d6af14b6287e145c403,gx-no-cache=1488482507163 HTTP/1.1" 200 3898
