201.246.236.28 - - [02/Mar/2017:08:14:21 -0300] "POST /cormun/servlet/hlogin?d6c8d9b6112eb274f93752d2161acb3c,gx-no-cache=1488453333814 HTTP/1.1" 200 90
201.246.236.28 - - [02/Mar/2017:08:14:21 -0300] "GET /cormun/servlet/hpexe_link HTTP/1.1" 200 958
201.246.236.28 - - [02/Mar/2017:08:14:22 -0300] "GET /cormun/servlet/hhome HTTP/1.1" 200 3981
201.246.236.28 - - [02/Mar/2017:08:14:24 -0300] "GET /cormun/servlet/hhome HTTP/1.1" 200 3978
201.246.236.28 - - [02/Mar/2017:08:14:30 -0300] "GET /cormun/servlet/trsolicitudot? HTTP/1.1" 200 6953
201.246.236.28 - - [02/Mar/2017:08:14:32 -0300] "GET /cormun/servlet/trsolicitudot? HTTP/1.1" 200 6952
201.246.236.28 - - [02/Mar/2017:08:14:35 -0300] "GET /cormun/servlet/solicitudot?INS,0,0, HTTP/1.1" 200 12782
201.246.236.28 - - [02/Mar/2017:08:14:37 -0300] "GET /cormun/servlet/solicitudot?INS,0,0, HTTP/1.1" 200 12786
186.103.159.188 - - [02/Mar/2017:08:14:44 -0300] "GET /cormun/servlet/hlogin HTTP/1.1" 200 1726
201.246.236.28 - - [02/Mar/2017:08:14:48 -0300] "GET /cormun/servlet/prfichaempleado?,MD,,gxPopupLevel%3D0%3B HTTP/1.1" 200 8853
186.103.159.188 - - [02/Mar/2017:08:14:55 -0300] "POST /cormun/servlet/hlogin?3af4476c1f8217f86182032629117bda,gx-no-cache=1488453369456 HTTP/1.1" 200 90
186.103.159.188 - - [02/Mar/2017:08:14:55 -0300] "GET /cormun/servlet/hpexe_link HTTP/1.1" 200 955
186.103.159.188 - - [02/Mar/2017:08:14:55 -0300] "GET /cormun/servlet/hhome HTTP/1.1" 200 3923
186.103.159.188 - - [02/Mar/2017:08:14:55 -0300] "GET /cormun/servlet/hhome HTTP/1.1" 200 3920
186.103.159.188 - - [02/Mar/2017:08:14:58 -0300] "GET /cormun/servlet/trautorizarsolicitud? HTTP/1.1" 200 8066
186.103.159.188 - - [02/Mar/2017:08:14:58 -0300] "GET /cormun/servlet/trautorizarsolicitud? HTTP/1.1" 200 8064
186.103.159.188 - - [02/Mar/2017:08:15:06 -0300] "POST /cormun/servlet/trautorizarsolicitud?3af4476c1f8217f86182032629117bda,,gx-no-cache=1488453380511 HTTP/1.1" 200 4302
186.103.159.188 - - [02/Mar/2017:08:15:06 -0300] "GET /cormun/static/Shared/jqueryui/images/ui-bg_highlight-soft_100_c6c2c8_1x100.png HTTP/1.1" 404 1117
186.103.159.188 - - [02/Mar/2017:08:15:06 -0300] "GET /cormun/static/Shared/jqueryui/images/ui-icons_8d78a5_256x240.png HTTP/1.1" 404 1089
186.103.159.188 - - [02/Mar/2017:08:15:06 -0300] "GET /cormun/static/Shared/jqueryui/images/ui-bg_flat_55_fafafa_40x100.png HTTP/1.1" 404 1097
190.101.9.138 - - [02/Mar/2017:08:15:06 -0300] "GET /cormun/static/Shared/jqueryui/images/ui-icons_82798d_256x240.png HTTP/1.1" 404 1089
186.103.159.188 - - [02/Mar/2017:08:15:06 -0300] "POST /cormun/servlet/trautorizarsolicitud?3af4476c1f8217f86182032629117bda,,gx-no-cache=1488453380765 HTTP/1.1" 200 4101
201.246.236.28 - - [02/Mar/2017:08:15:10 -0300] "POST /cormun/servlet/prfichaempleado?d6c8d9b6112eb274f93752d2161acb3c,,MD,,gxPopupLevel%3D0%3B,gx-no-cache=1488453383551 HTTP/1.1" 200 3411
201.246.236.28 - - [02/Mar/2017:08:15:17 -0300] "POST /cormun/servlet/solicitudot?gx-no-cache=1488453390601 HTTP/1.1" 200 3205
201.246.236.28 - - [02/Mar/2017:08:15:18 -0300] "POST /cormun/servlet/solicitudot?d6c8d9b6112eb274f93752d2161acb3c,INS,0,0,,gx-no-cache=1488453391124 HTTP/1.1" 200 9986
201.246.236.28 - - [02/Mar/2017:08:15:18 -0300] "GET /cormun/servlet/solicitudot?23969cfd1f9c204c90abec3ab587bf213b44837d025715c22781a6b29ec0e2e1592a123c3e6926ab9c6951625c9ad540,gx-no-cache=1488453391847 HTTP/1.1" 200 30
201.246.236.28 - - [02/Mar/2017:08:15:26 -0300] "POST /cormun/servlet/solicitudot?gx-no-cache=1488453400094 HTTP/1.1" 200 240
201.246.236.28 - - [02/Mar/2017:08:15:26 -0300] "GET /cormun/servlet/solicitudot?23969cfd1f9c204c90abec3ab587bf2190d5f5e5029c9311489b97ee417f57f7a15f12199e2be7542bbd4515ba7599a5a98d89f96a0c3116d439a9576b083841ff4971c98a7a14ab3bd85d63b190a077d56a299ba14677d68fae3c4e10a944af5a6d204e563a152e1199847d0d07ae0d861ab21348816f1b8af155b0f90c221a7818f1ea1434f9198754f19aa6ab5ea62cd99fa6e6cef79029a9ebfc92b52de4ebc5d0b8ac4263fd6fc7cd42f39af372f6dc1f418851409648037f67f376b3c8e3680d4bda87c90313f57df2811eec994c575a7c54c8117fb511509a56a4eeb8ac7e65b2b47f9307917930eb7f810b7669b6decb05db5bfdcdd2e682606920f2984bb8edbfdd284df7149c0641979d21461ebb7f87f3e36cd920951cad1e1b45bf6aed22170a1334dd238c21b9d3d37bf72f054a31b860fcb612112a251cb4521683e9b3133d9904b3cf0e75245c5f2e53b9cb86e65496f0409fc51e534025f43adf41ee6a17340bbb38a2974a7cfecee47bf8e3f36711b5ec4551acc518d198,gx-no-cache=1488453400210 HTTP/1.1" 200 30
201.246.236.28 - - [02/Mar/2017:08:16:15 -0300] "POST /cormun/servlet/solicitudot?gx-no-cache=1488453448346 HTTP/1.1" 200 30
46.174.191.29 - - [02/Mar/2017:08:17:57 -0300] "GET / HTTP/1.0" 200 11197
201.246.236.28 - - [02/Mar/2017:08:18:00 -0300] "POST /cormun/servlet/solicitudot?gx-no-cache=1488453553552 HTTP/1.1" 200 1291
201.246.236.28 - - [02/Mar/2017:08:18:00 -0300] "GET /cormun/static/menuarrow.gif HTTP/1.1" 404 1015
201.246.236.28 - - [02/Mar/2017:08:18:13 -0300] "POST /cormun/servlet/solicitudot?gx-no-cache=1488453566823 HTTP/1.1" 200 1291
201.246.236.28 - - [02/Mar/2017:08:18:56 -0300] "GET /cormun/servlet/prfichaempleado?,MD,,gxPopupLevel%3D0%3B HTTP/1.1" 200 8853
201.246.236.28 - - [02/Mar/2017:08:19:10 -0300] "POST /cormun/servlet/prfichaempleado?d6c8d9b6112eb274f93752d2161acb3c,,MD,,gxPopupLevel%3D0%3B,gx-no-cache=1488453623753 HTTP/1.1" 200 3407
186.103.159.204 - - [02/Mar/2017:08:19:20 -0300] "GET /cormun/servlet/hlogin HTTP/1.1" 200 1715
186.103.159.204 - - [02/Mar/2017:08:19:23 -0300] "GET /cormun/static/gxtimezone.js?85251 HTTP/1.1" 200 5781
186.103.159.204 - - [02/Mar/2017:08:19:23 -0300] "GET /cormun/static/gxcfg.js?201612216162538 HTTP/1.1" 200 953
186.103.159.204 - - [02/Mar/2017:08:19:23 -0300] "GET /cormun/static/hlogin.js?201612216162555 HTTP/1.1" 200 2136
186.103.159.204 - - [02/Mar/2017:08:19:23 -0300] "GET /cormun/static/Resources/Spanish/PXTools.css?167811 HTTP/1.1" 200 89042
186.103.159.204 - - [02/Mar/2017:08:19:23 -0300] "GET /cormun/static/messages.spa.js?85251 HTTP/1.1" 200 30736
186.103.159.204 - - [02/Mar/2017:08:19:23 -0300] "GET /cormun/static/gxgral.js?85251 HTTP/1.1" 200 384558
186.103.159.204 - - [02/Mar/2017:08:19:24 -0300] "GET /cormun/static/Resources/ComunLogin.png HTTP/1.1" 200 17326
186.103.159.204 - - [02/Mar/2017:08:19:24 -0300] "GET /cormun/static/Resources/PXToolsLoginTop.png HTTP/1.1" 200 1337
186.103.159.204 - - [02/Mar/2017:08:19:24 -0300] "GET /cormun/static/Resources/PXToolsLoginBackground.png HTTP/1.1" 200 1164
186.103.159.204 - - [02/Mar/2017:08:19:24 -0300] "GET /cormun/static/Resources/PXToolsButtonLeft21.png HTTP/1.1" 200 1287
186.103.159.204 - - [02/Mar/2017:08:19:24 -0300] "GET /cormun/static/Resources/PXToolsButtonRight21.png HTTP/1.1" 200 1283
186.103.159.204 - - [02/Mar/2017:08:19:24 -0300] "GET /cormun/static/Resources/PXToolsLoginBottom.png HTTP/1.1" 200 1389
186.103.159.204 - - [02/Mar/2017:08:19:24 -0300] "GET /cormun/static/Resources/PXToolsButtonBackground2.png HTTP/1.1" 200 1181
186.103.159.204 - - [02/Mar/2017:08:19:24 -0300] "GET /cormun/static/Resources/indicator.gif HTTP/1.1" 200 1553
201.246.236.28 - - [02/Mar/2017:08:19:30 -0300] "POST /cormun/servlet/solicitudot?gx-no-cache=1488453642617 HTTP/1.1" 200 1291
201.246.236.28 - - [02/Mar/2017:08:19:31 -0300] "POST /cormun/servlet/solicitudot?gx-no-cache=1488453643802 HTTP/1.1" 200 118
201.246.236.28 - - [02/Mar/2017:08:19:31 -0300] "GET /cormun/static/Shared/jqueryui/images/ui-bg_highlight-soft_100_c6c2c8_1x100.png HTTP/1.1" 404 1117
201.246.236.28 - - [02/Mar/2017:08:19:32 -0300] "GET /cormun/static/Shared/jqueryui/images/ui-icons_82798d_256x240.png HTTP/1.1" 404 1089
201.246.236.28 - - [02/Mar/2017:08:19:32 -0300] "GET /cormun/static/Shared/jqueryui/images/ui-bg_flat_55_994d53_40x100.png HTTP/1.1" 404 1097
201.246.236.28 - - [02/Mar/2017:08:19:32 -0300] "GET /cormun/static/Shared/jqueryui/images/ui-icons_ebccce_256x240.png HTTP/1.1" 404 1089
186.103.161.206 - - [02/Mar/2017:08:22:15 -0300] "GET /cormun/servlet/hlogin HTTP/1.1" 200 1717
186.103.161.206 - - [02/Mar/2017:08:22:15 -0300] "GET /cormun/static/gxcfg.js?201612216162538 HTTP/1.1" 304 -
186.103.161.206 - - [02/Mar/2017:08:22:15 -0300] "GET /cormun/static/hlogin.js?201612216162555 HTTP/1.1" 304 -
186.103.161.206 - - [02/Mar/2017:08:22:18 -0300] "GET /cormun/servlet/hlogin HTTP/1.1" 200 1717
186.103.161.206 - - [02/Mar/2017:08:22:35 -0300] "POST /cormun/servlet/hlogin?16e70a12c8fb9f6a8f7c99390157be6a,gx-no-cache=1488450227152 HTTP/1.1" 200 90
186.103.161.206 - - [02/Mar/2017:08:22:35 -0300] "GET /cormun/servlet/hpexe_link HTTP/1.1" 200 953
186.103.161.206 - - [02/Mar/2017:08:22:35 -0300] "GET /cormun/static/Resources/Spanish/PXTools.css?18365030 HTTP/1.1" 304 -
186.103.161.206 - - [02/Mar/2017:08:22:35 -0300] "GET /cormun/static/gxcfg.js?201612218515529 HTTP/1.1" 304 -
186.103.161.206 - - [02/Mar/2017:08:22:35 -0300] "GET /cormun/static/hpexe_link.js?201612218515532 HTTP/1.1" 304 -
186.103.161.206 - - [02/Mar/2017:08:22:35 -0300] "GET /cormun/servlet/hhome HTTP/1.1" 200 3799
186.103.161.206 - - [02/Mar/2017:08:22:35 -0300] "GET /cormun/static/gxcfg.js?201612218515568 HTTP/1.1" 304 -
186.103.161.206 - - [02/Mar/2017:08:22:35 -0300] "GET /cormun/static/hhome.js?201612218515573 HTTP/1.1" 304 -
186.103.161.206 - - [02/Mar/2017:08:22:35 -0300] "GET /cormun/static/hwchdr01.js?201612218432057 HTTP/1.1" 304 -
186.103.161.206 - - [02/Mar/2017:08:22:35 -0300] "GET /cormun/static/hpexe_recentlink.js?201610171694390 HTTP/1.1" 304 -
186.103.161.206 - - [02/Mar/2017:08:22:35 -0300] "GET /cormun/static/hpexe_messagecontroller.js?201610171694323 HTTP/1.1" 304 -
186.103.161.206 - - [02/Mar/2017:08:22:35 -0300] "GET /cormun/static/hpexe_scripts.js?201612218432016 HTTP/1.1" 304 -
186.103.161.206 - - [02/Mar/2017:08:22:35 -0300] "GET /cormun/static/hpexe_messagegenexuscomponent.js?201612218431816 HTTP/1.1" 304 -
186.103.161.206 - - [02/Mar/2017:08:22:35 -0300] "GET /cormun/static/hpexe_messagepopupcomponent.js?20161017169425 HTTP/1.1" 304 -
186.103.161.206 - - [02/Mar/2017:08:22:35 -0300] "GET /cormun/static/cmcontrolpreferences.js?201612218431999 HTTP/1.1" 304 -
186.103.161.206 - - [02/Mar/2017:08:22:36 -0300] "GET /cormun/static/hmpwkw03.js?20161221852152 HTTP/1.1" 304 -
186.103.161.206 - - [02/Mar/2017:08:22:36 -0300] "GET /cormun/servlet/hhome HTTP/1.1" 200 3799
186.103.161.206 - - [02/Mar/2017:08:22:41 -0300] "GET /cormun/servlet/trpermisosgoce? HTTP/1.1" 200 6556
186.103.161.206 - - [02/Mar/2017:08:22:41 -0300] "GET /cormun/static/gxcfg.js?201612262011714 HTTP/1.1" 200 953
186.103.161.206 - - [02/Mar/2017:08:22:41 -0300] "GET /cormun/static/trpermisosgoce.js?201612262012096 HTTP/1.1" 200 31909
186.103.161.206 - - [02/Mar/2017:08:22:42 -0300] "GET /cormun/servlet/trpermisosgoce? HTTP/1.1" 200 6556
186.103.161.206 - - [02/Mar/2017:08:22:45 -0300] "GET /cormun/servlet/permisogoce?INS,0,,, HTTP/1.1" 200 6559
186.103.161.206 - - [02/Mar/2017:08:22:45 -0300] "GET /cormun/static/gxcfg.js?201612262052844 HTTP/1.1" 200 953
186.103.161.206 - - [02/Mar/2017:08:22:45 -0300] "GET /cormun/static/permisogoce.js?201612262052891 HTTP/1.1" 200 26147
186.103.161.206 - - [02/Mar/2017:08:22:45 -0300] "GET /cormun/servlet/permisogoce?INS,0,,, HTTP/1.1" 200 6559
186.103.161.206 - - [02/Mar/2017:08:22:54 -0300] "GET /cormun/servlet/prfichaempleado?,MD,,gxPopupLevel%3D0%3B HTTP/1.1" 200 8865
186.103.161.206 - - [02/Mar/2017:08:22:57 -0300] "GET /cormun/static/gxcfg.js?2016102420561687 HTTP/1.1" 304 -
186.103.161.206 - - [02/Mar/2017:08:23:13 -0300] "POST /cormun/servlet/prfichaempleado?16e70a12c8fb9f6a8f7c99390157be6a,,MD,,gxPopupLevel%3D0%3B,gx-no-cache=1488450264763 HTTP/1.1" 200 3591
186.103.161.206 - - [02/Mar/2017:08:23:24 -0300] "GET /cormun/servlet/permisogoce?497a6e6f342f7a143094a82881dce93f057137944d837d0c33d83c4de4585b2cb95c2bd8f5f1a25ada9e6c50a1a355ea,gx-no-cache=1488450276112 HTTP/1.1" 200 62
186.103.161.206 - - [02/Mar/2017:08:23:24 -0300] "GET /cormun/static/menuarrow.gif HTTP/1.1" 404 1015
186.103.161.206 - - [02/Mar/2017:08:23:35 -0300] "GET /cormun/servlet/permisogoce?497a6e6f342f7a143094a82881dce93fb62350c863c7f82301a788d74978aaa33193d5396fd6e16e1a7ca1e7a5f2c067d700b525f8b1d4e6f6965d1db7b85c5c,gx-no-cache=1488450286989 HTTP/1.1" 200 44
201.246.236.28 - - [02/Mar/2017:08:23:41 -0300] "POST /cormun/servlet/solicitudot?gx-no-cache=1488453894609 HTTP/1.1" 200 41
186.103.161.206 - - [02/Mar/2017:08:23:51 -0300] "POST /cormun/servlet/permisogoce?16e70a12c8fb9f6a8f7c99390157be6a,INS,0,,,,gx-no-cache=1488450302672 HTTP/1.1" 200 93
186.103.161.206 - - [02/Mar/2017:08:23:51 -0300] "GET /cormun/servlet/hpexe_return? HTTP/1.1" 200 1009
186.103.161.206 - - [02/Mar/2017:08:23:51 -0300] "GET /cormun/static/gxcfg.js?2016101716175148 HTTP/1.1" 304 -
186.103.161.206 - - [02/Mar/2017:08:23:51 -0300] "GET /cormun/servlet/trpermisosgoce HTTP/1.1" 200 7386
186.103.161.206 - - [02/Mar/2017:08:23:52 -0300] "GET /cormun/servlet/trpermisosgoce HTTP/1.1" 200 7382
186.103.161.206 - - [02/Mar/2017:08:23:52 -0300] "GET /cormun//static/Resources/PXToolsHeaderHelp.png HTTP/1.1" 200 4055
186.103.161.206 - - [02/Mar/2017:08:23:52 -0300] "GET /cormun//static/Resources/PXToolsActionPrint.png HTTP/1.1" 200 3317
186.103.161.206 - - [02/Mar/2017:08:23:52 -0300] "GET /cormun//static/Resources/PXToolsHeaderFavorites.png HTTP/1.1" 200 2744
186.103.161.206 - - [02/Mar/2017:08:23:52 -0300] "GET /cormun//static/Resources/PXToolsGridDisplay.png HTTP/1.1" 200 362
186.103.161.206 - - [02/Mar/2017:08:23:56 -0300] "GET /cormun/servlet/apermisogoceprn?11044892,P,20170302091837,PU HTTP/1.1" 200 1562
201.246.236.28 - - [02/Mar/2017:08:23:56 -0300] "GET /cormun/servlet/solicitudot?23969cfd1f9c204c90abec3ab587bf21df9571c1b189d0eab5018b898016412284072d7c91b524ebe6b8bf49f18ad3af18bd93375cb6a52a1cb34de9df29a0007d668bfd83d29118d93d97d2e23a949d8718e5b085caaf3bfbb43b6d4ce1c0d58297a285978d3248a361ab2591fff4c49e261f33d97f62c320f9a15d08ad6ad32ecdb5f99dcb27642c679ae87e571cf3e84f0281f1dfd92ba14270bb5d4da0c1,gx-no-cache=1488453910226 HTTP/1.1" 200 29
201.246.236.28 - - [02/Mar/2017:08:23:57 -0300] "POST /cormun/servlet/solicitudot?gx-no-cache=1488453910331 HTTP/1.1" 200 1274
201.246.236.28 - - [02/Mar/2017:08:23:57 -0300] "POST /cormun/servlet/solicitudot?gx-no-cache=1488453910564 HTTP/1.1" 200 1157
201.246.236.28 - - [02/Mar/2017:08:23:57 -0300] "GET /cormun/servlet/solicitudot?23969cfd1f9c204c90abec3ab587bf2159ba30616ed15b0ad8d04ad4ce5c8d4041a5162de54b5658641eca245110139b89abacbf9c07901070fcec9d98d53705ecebf3c30f744f76d1ac851caf956351b316e2df5e623b91ec1ceb4e0def1f5045048e25af810b26e3dab796fb018ec0eda5fa9cacd11981db0a4e02ec397db7e38ae4c368c33d2c615c9df37e9e54f330fe20543d5ab5149048e25e6e36502a6dc4ba757e8fbfd2b4666eabfeffea09,gx-no-cache=1488453910777 HTTP/1.1" 200 30
186.103.161.206 - - [02/Mar/2017:08:24:07 -0300] "GET /cormun/servlet/permisogoce?UPD,11044892,P,20170302091837, HTTP/1.1" 200 6617
186.103.161.206 - - [02/Mar/2017:08:24:08 -0300] "GET /cormun/servlet/permisogoce?UPD,11044892,P,20170302091837, HTTP/1.1" 200 6617
186.103.161.206 - - [02/Mar/2017:08:24:08 -0300] "GET /cormun/servlet/permisogoce?497a6e6f342f7a143094a82881dce93f057137944d837d0c33d83c4de4585b2c28af83e25837beca161bcf7bb96d01f2,gx-no-cache=1488450320227 HTTP/1.1" 200 65
186.103.161.206 - - [02/Mar/2017:08:24:29 -0300] "GET /cormun/servlet/permisogoce?497a6e6f342f7a143094a82881dce93fb62350c863c7f82301a788d74978aaa3d932e5103b91c0b7bdeef79c07837b8f291cbbcf0db31563879b1b2d4eb03409f915f096216a3948970e788db1c933a3,gx-no-cache=1488450340286 HTTP/1.1" 200 45
186.103.161.206 - - [02/Mar/2017:08:24:29 -0300] "POST /cormun/servlet/permisogoce?16e70a12c8fb9f6a8f7c99390157be6a,UPD,11044892,P,20170302091837,,gx-no-cache=1488450341481 HTTP/1.1" 200 4172
186.103.161.206 - - [02/Mar/2017:08:24:30 -0300] "GET /cormun/static/Shared/jqueryui/images/ui-bg_highlight-soft_100_c6c2c8_1x100.png HTTP/1.1" 404 1117
186.103.161.206 - - [02/Mar/2017:08:24:30 -0300] "GET /cormun/static/Shared/jqueryui/images/ui-icons_82798d_256x240.png HTTP/1.1" 404 1089
186.103.161.206 - - [02/Mar/2017:08:24:30 -0300] "GET /cormun/static/Shared/jqueryui/images/ui-icons_ebccce_256x240.png HTTP/1.1" 404 1089
186.103.161.206 - - [02/Mar/2017:08:24:30 -0300] "GET /cormun/static/Shared/jqueryui/images/ui-bg_flat_55_994d53_40x100.png HTTP/1.1" 404 1097
186.103.161.206 - - [02/Mar/2017:08:24:36 -0300] "POST /cormun/servlet/permisogoce?16e70a12c8fb9f6a8f7c99390157be6a,UPD,11044892,P,20170302091837,,gx-no-cache=1488450348565 HTTP/1.1" 200 4127
186.103.161.206 - - [02/Mar/2017:08:24:45 -0300] "GET /cormun/servlet/trpermisosgoce? HTTP/1.1" 200 7384
186.103.161.206 - - [02/Mar/2017:08:24:45 -0300] "GET /cormun/servlet/trpermisosgoce? HTTP/1.1" 200 7382
186.103.161.206 - - [02/Mar/2017:08:24:49 -0300] "GET /cormun/servlet/apermisogoceprn?11044892,P,20170302091837,PU HTTP/1.1" 200 1563
192.168.10.89 - - [02/Mar/2017:08:25:06 -0300] "GET /cormun/servlet/hlogin HTTP/1.1" 200 1729
192.168.10.89 - - [02/Mar/2017:08:25:17 -0300] "POST /cormun/servlet/hlogin?a42a632d635d30af9add139177d5e2af,gx-no-cache=1488457203373 HTTP/1.1" 200 90
192.168.10.89 - - [02/Mar/2017:08:25:17 -0300] "GET /cormun/servlet/hpexe_link HTTP/1.1" 200 945
192.168.10.89 - - [02/Mar/2017:08:25:17 -0300] "GET /cormun/servlet/hhome HTTP/1.1" 200 3940
186.103.161.206 - - [02/Mar/2017:08:25:21 -0300] "GET /cormun/servlet/apermisogoceprn?11044892,P,20170302091837,PU HTTP/1.1" 200 1560
192.168.10.89 - - [02/Mar/2017:08:25:21 -0300] "GET /cormun/servlet/trsolicitudot? HTTP/1.1" 200 6915
192.168.10.89 - - [02/Mar/2017:08:25:23 -0300] "GET /cormun/static/menuarrow.gif HTTP/1.1" 404 1015
192.168.10.89 - - [02/Mar/2017:08:25:27 -0300] "POST /cormun/servlet/trsolicitudot?a42a632d635d30af9add139177d5e2af,,gx-no-cache=1488457213775 HTTP/1.1" 200 4127
192.168.10.89 - - [02/Mar/2017:08:25:29 -0300] "GET /cormun/servlet/solicitudot?INS,0,0, HTTP/1.1" 200 12741
186.103.161.206 - - [02/Mar/2017:08:25:30 -0300] "GET /cormun/servlet/permisogoce?DSP,11044892,P,20170302091837, HTTP/1.1" 200 6431
186.103.161.206 - - [02/Mar/2017:08:25:32 -0300] "GET /cormun/servlet/permisogoce?DSP,11044892,P,20170302091837, HTTP/1.1" 200 6431
192.168.10.89 - - [02/Mar/2017:08:25:38 -0300] "GET /cormun/servlet/prfichaempleado?,MD,,gxPopupLevel%3D0%3B HTTP/1.1" 200 8809
186.103.161.206 - - [02/Mar/2017:08:25:39 -0300] "POST /cormun/servlet/permisogoce?16e70a12c8fb9f6a8f7c99390157be6a,DSP,11044892,P,20170302091837,,gx-no-cache=1488450410554 HTTP/1.1" 200 93
186.103.161.206 - - [02/Mar/2017:08:25:39 -0300] "GET /cormun/servlet/hpexe_return? HTTP/1.1" 200 1028
186.103.161.206 - - [02/Mar/2017:08:25:39 -0300] "GET /cormun/servlet/trpermisosgoce HTTP/1.1" 200 7386
186.103.161.206 - - [02/Mar/2017:08:25:39 -0300] "GET /cormun/servlet/trpermisosgoce HTTP/1.1" 200 7382
186.103.161.206 - - [02/Mar/2017:08:25:42 -0300] "GET /cormun/servlet/trlicenciaspermisoslog?11044892,P,20170302091837, HTTP/1.1" 200 6015
186.103.161.206 - - [02/Mar/2017:08:25:43 -0300] "GET /cormun/static/gxcfg.js?201612261930395 HTTP/1.1" 200 953
186.103.161.206 - - [02/Mar/2017:08:25:43 -0300] "GET /cormun/static/trlicenciaspermisoslog.js?2016122619304187 HTTP/1.1" 200 20023
186.103.161.206 - - [02/Mar/2017:08:25:43 -0300] "GET /cormun/servlet/trlicenciaspermisoslog?11044892,P,20170302091837, HTTP/1.1" 200 6016
186.103.161.206 - - [02/Mar/2017:08:25:47 -0300] "POST /cormun/servlet/trlicenciaspermisoslog?16e70a12c8fb9f6a8f7c99390157be6a,11044892,P,20170302091837,,gx-no-cache=1488450418752 HTTP/1.1" 200 3754
186.103.161.206 - - [02/Mar/2017:08:25:49 -0300] "POST /cormun/servlet/trlicenciaspermisoslog?16e70a12c8fb9f6a8f7c99390157be6a,11044892,P,20170302091837,,gx-no-cache=1488450420844 HTTP/1.1" 200 3752
186.103.161.206 - - [02/Mar/2017:08:25:51 -0300] "GET /cormun/servlet/trpermisosgoce? HTTP/1.1" 200 7384
186.103.161.206 - - [02/Mar/2017:08:25:52 -0300] "GET /cormun/servlet/trpermisosgoce? HTTP/1.1" 200 7382
192.168.10.89 - - [02/Mar/2017:08:25:55 -0300] "POST /cormun/servlet/prfichaempleado?a42a632d635d30af9add139177d5e2af,,MD,,gxPopupLevel%3D0%3B,gx-no-cache=1488457241062 HTTP/1.1" 200 3664
192.168.10.89 - - [02/Mar/2017:08:25:59 -0300] "POST /cormun/servlet/solicitudot?gx-no-cache=1488457245615 HTTP/1.1" 200 3177
192.168.10.89 - - [02/Mar/2017:08:26:00 -0300] "POST /cormun/servlet/solicitudot?a42a632d635d30af9add139177d5e2af,INS,0,0,,gx-no-cache=1488457245879 HTTP/1.1" 200 9929
186.103.161.206 - - [02/Mar/2017:08:26:00 -0300] "GET /cormun/servlet/apermisogoceprn?11044892,P,20170302091837,PU HTTP/1.1" 200 1563
192.168.10.89 - - [02/Mar/2017:08:26:01 -0300] "GET /cormun/servlet/solicitudot?f409cfb8c36b2babdcb9c866900594c1e7c9c71179b15733884cd025169dbba34e09df3ca2149b35561d99935b13e490,gx-no-cache=1488457247458 HTTP/1.1" 200 30
192.168.10.89 - - [02/Mar/2017:08:26:01 -0300] "POST /cormun/servlet/solicitudot?gx-no-cache=1488457247531 HTTP/1.1" 200 240
192.168.10.89 - - [02/Mar/2017:08:26:01 -0300] "GET /cormun/servlet/solicitudot?f409cfb8c36b2babdcb9c866900594c1a5503a3f0e4a41fa29ea6512acdb671697a252e686f1aeca774bafde3d92c247f3d92cf3aa8228669939f21dfcc2f817387ee8b2f3609b88dac745ea21bbb1568b493391af876df0a0f8d9c98f8338c9b0ec06384d939662f8ea5e655d943dd71602bd93164c03611dec076ca4ba2c3997fb76ff8deace7afaa32961f9ffff62d7f867337698653700f6276d2182a6c290702f8acffafa5834113334cd750f643863c39a3b58443cb4e4bc05722101821e712b4a135a037aa6816205b2c41d9bc86d7c705c34dda09fd73a5d715dd0959bbff14571ac575fae7afd9a8308ebb8b4db2450e44f8baece7be8abb7ef3406e34f13f5c9c76303a2c708d35f4913f09d761cc65584007c4b4c4506eeeddf951f7b727b6e2da7f68ebf267ab55c59166137e95a42899ea04cc96bb4e4364019945b53b8f5b1be59a9a02b99117dd9d7aef54204978bf6b27d247962fad2de550760501a439b9972e0fc9bc04554153ef7a87821980e39aac8288356bfdeaa47,gx-no-cache=1488457247560 HTTP/1.1" 200 30
192.168.10.89 - - [02/Mar/2017:08:26:03 -0300] "POST /cormun/servlet/solicitudot?gx-no-cache=1488457249076 HTTP/1.1" 200 30
192.168.10.89 - - [02/Mar/2017:08:26:12 -0300] "GET /cormun/servlet/prfichaempleado?,MD,,gxPopupLevel%3D0%3B HTTP/1.1" 200 8809
192.168.10.89 - - [02/Mar/2017:08:26:22 -0300] "POST /cormun/servlet/prfichaempleado?a42a632d635d30af9add139177d5e2af,,MD,,gxPopupLevel%3D0%3B,gx-no-cache=1488457268282 HTTP/1.1" 200 3763
192.168.10.89 - - [02/Mar/2017:08:26:32 -0300] "POST /cormun/servlet/solicitudot?gx-no-cache=1488457278830 HTTP/1.1" 200 1292
192.168.10.89 - - [02/Mar/2017:08:26:34 -0300] "GET /cormun/servlet/prlicenciaspermisos?15104970,L,,MD,,gxPopupLevel%3D0%3B HTTP/1.1" 200 5822
192.168.10.89 - - [02/Mar/2017:08:26:40 -0300] "POST /cormun/servlet/solicitudot?gx-no-cache=1488457286448 HTTP/1.1" 200 41
192.168.10.89 - - [02/Mar/2017:08:26:53 -0300] "GET /cormun/servlet/solicitudot?f409cfb8c36b2babdcb9c866900594c16e4798d31882ce762255d07ad8279fc71c359b7ed529cff19dc457e455a54a384c24e2910a0349aa0e487dbe26db6a226e25ea12974ae304ff580eec0470d7c6663bd018515ddade3ed2a7375854454d7f3e9860e82102b0ca70772b5a94b98f9e5b207badd50cd2c514ef9db81a49b34d1004300d9e9e3ac91e18e17fde8e7272edd78f84ed3bd2c0cf645848a4f6a2,gx-no-cache=1488457299884 HTTP/1.1" 200 29
192.168.10.89 - - [02/Mar/2017:08:26:54 -0300] "POST /cormun/servlet/solicitudot?gx-no-cache=1488457299924 HTTP/1.1" 200 1275
192.168.10.89 - - [02/Mar/2017:08:26:54 -0300] "POST /cormun/servlet/solicitudot?gx-no-cache=1488457300365 HTTP/1.1" 200 1157
192.168.10.89 - - [02/Mar/2017:08:27:00 -0300] "GET /cormun/servlet/solicitudot?f409cfb8c36b2babdcb9c866900594c1c2d18de847b36d3280e1ac434f46dcc7e0d1a5595096502b5817bba091a0cf2cec14b0ea0b22ff418a74605b23609ae36d7b7f5a8d80fe6e76abad0b5f095c0150ed481326ffede76bcd9adb9d8cbcd8c92682ae54b7def28f02e33a5818a02e861b6fe78060cc6128c33de3b6ab7e438d99f06701c3ae508d925192876edc37d2f92f29ec81ca41fd81d44e42255339422d670d100b01a4b1cd9323a6224157b684549a2b98efc78616b67f81a4c0c9,gx-no-cache=1488457306374 HTTP/1.1" 200 30
200.73.230.173 - - [02/Mar/2017:08:27:00 -0300] "GET /cormun/servlet/hlogin HTTP/1.1" 200 1727
200.73.230.173 - - [02/Mar/2017:08:27:00 -0300] "GET /cormun/static/gxcfg.js?201612216162538 HTTP/1.1" 304 -
200.73.230.173 - - [02/Mar/2017:08:27:01 -0300] "GET /cormun/servlet/hlogin HTTP/1.1" 200 1733
192.168.10.89 - - [02/Mar/2017:08:27:08 -0300] "POST /cormun/servlet/solicitudot?a42a632d635d30af9add139177d5e2af,INS,0,0,,gx-no-cache=1488457314574 HTTP/1.1" 200 93
192.168.10.89 - - [02/Mar/2017:08:27:08 -0300] "GET /cormun/servlet/hpexe_return? HTTP/1.1" 200 998
192.168.10.89 - - [02/Mar/2017:08:27:09 -0300] "GET /cormun/servlet/trsolicitudot? HTTP/1.1" 200 8255
192.168.10.89 - - [02/Mar/2017:08:27:15 -0300] "POST /cormun/servlet/trsolicitudot?a42a632d635d30af9add139177d5e2af,,gx-no-cache=1488457321062 HTTP/1.1" 200 4363
192.168.10.89 - - [02/Mar/2017:08:27:15 -0300] "POST /cormun/servlet/trsolicitudot?a42a632d635d30af9add139177d5e2af,,gx-no-cache=1488457321370 HTTP/1.1" 200 4109
192.168.10.89 - - [02/Mar/2017:08:27:15 -0300] "GET /cormun/static/Shared/jqueryui/images/ui-bg_highlight-soft_100_c6c2c8_1x100.png HTTP/1.1" 404 1117
192.168.10.89 - - [02/Mar/2017:08:27:15 -0300] "GET /cormun/static/Shared/jqueryui/images/ui-icons_82798d_256x240.png HTTP/1.1" 404 1089
192.168.10.89 - - [02/Mar/2017:08:27:15 -0300] "GET /cormun/static/Shared/jqueryui/images/ui-bg_flat_55_fafafa_40x100.png HTTP/1.1" 404 1097
192.168.10.89 - - [02/Mar/2017:08:27:15 -0300] "GET /cormun/static/Shared/jqueryui/images/ui-icons_8d78a5_256x240.png HTTP/1.1" 404 1089
192.168.10.89 - - [02/Mar/2017:08:27:17 -0300] "GET /cormun/servlet/trautorizarsolicitud? HTTP/1.1" 200 8181
192.168.10.89 - - [02/Mar/2017:08:27:20 -0300] "POST /cormun/servlet/trautorizarsolicitud?a42a632d635d30af9add139177d5e2af,,gx-no-cache=1488457326290 HTTP/1.1" 200 4343
192.168.10.89 - - [02/Mar/2017:08:27:20 -0300] "POST /cormun/servlet/trautorizarsolicitud?a42a632d635d30af9add139177d5e2af,,gx-no-cache=1488457326582 HTTP/1.1" 200 4089
192.168.10.89 - - [02/Mar/2017:08:27:20 -0300] "GET /cormun/static/Shared/jqueryui/images/ui-bg_highlight-soft_100_c6c2c8_1x100.png HTTP/1.1" 404 1117
192.168.10.89 - - [02/Mar/2017:08:27:20 -0300] "GET /cormun/static/Shared/jqueryui/images/ui-icons_82798d_256x240.png HTTP/1.1" 404 1089
192.168.10.89 - - [02/Mar/2017:08:27:20 -0300] "GET /cormun/static/Shared/jqueryui/images/ui-bg_flat_55_fafafa_40x100.png HTTP/1.1" 404 1097
192.168.10.89 - - [02/Mar/2017:08:27:20 -0300] "GET /cormun/static/Shared/jqueryui/images/ui-icons_8d78a5_256x240.png HTTP/1.1" 404 1089
201.246.236.28 - - [02/Mar/2017:08:27:26 -0300] "GET /cormun/servlet/solicitudot?23969cfd1f9c204c90abec3ab587bf2159ba30616ed15b0ad8d04ad4ce5c8d4060ae6dd4f79f0292e7302da3a254e272c63949ce996dd86eb0ffeaaf8b9c4a0b35cb4d6cc9e089d45962e9da89627570a4187cda6039d569d38cadda259d32e8f808bf3ceecf52a353b076b8366720d90aac755f4fec8ba617e60ad9f3be98b5cb1215a6e112c49deb7ad8593b8ce52d9bebf4c5b986e4e2efd6a88162d75d23faa8aa2336bf4349a87d35e134b51d702b287eb94e4cba73b8bc0e4dd160c5c9,gx-no-cache=1488454119361 HTTP/1.1" 200 30
201.246.236.28 - - [02/Mar/2017:08:27:26 -0300] "POST /cormun/servlet/solicitudot?d6c8d9b6112eb274f93752d2161acb3c,INS,0,0,,gx-no-cache=1488454119629 HTTP/1.1" 200 93
201.246.236.28 - - [02/Mar/2017:08:27:27 -0300] "GET /cormun/servlet/hpexe_return? HTTP/1.1" 200 1010
201.246.236.28 - - [02/Mar/2017:08:27:27 -0300] "GET /cormun/servlet/trsolicitudot HTTP/1.1" 200 8314
200.73.230.173 - - [02/Mar/2017:08:27:29 -0300] "POST /cormun/servlet/hlogin?07587263ca1d38e508dfbb17ec6baaae,gx-no-cache=1488454125341 HTTP/1.1" 200 90
200.73.230.173 - - [02/Mar/2017:08:27:29 -0300] "GET /cormun/servlet/hpexe_link HTTP/1.1" 200 955
200.73.230.173 - - [02/Mar/2017:08:27:29 -0300] "GET /cormun/static/gxcfg.js?201612218515529 HTTP/1.1" 304 -
200.73.230.173 - - [02/Mar/2017:08:27:29 -0300] "GET /cormun/servlet/hhome HTTP/1.1" 200 3800
200.73.230.173 - - [02/Mar/2017:08:27:29 -0300] "GET /cormun/static/gxcfg.js?201612218515568 HTTP/1.1" 304 -
201.246.236.28 - - [02/Mar/2017:08:27:29 -0300] "GET /cormun/servlet/trsolicitudot HTTP/1.1" 200 8310
200.73.230.173 - - [02/Mar/2017:08:27:30 -0300] "GET /cormun/servlet/hhome HTTP/1.1" 200 3798
192.168.10.89 - - [02/Mar/2017:08:27:30 -0300] "GET /cormun/servlet/hlogin HTTP/1.1" 200 1732
200.73.230.173 - - [02/Mar/2017:08:27:38 -0300] "GET /cormun/servlet/trsolicitudot? HTTP/1.1" 200 6757
200.73.230.173 - - [02/Mar/2017:08:27:38 -0300] "GET /cormun/static/gxcfg.js?20171191044697 HTTP/1.1" 304 -
200.73.230.173 - - [02/Mar/2017:08:27:38 -0300] "GET /cormun/static/trsolicitudot.js?20171191045625 HTTP/1.1" 304 -
200.73.230.173 - - [02/Mar/2017:08:27:39 -0300] "GET /cormun/servlet/trsolicitudot? HTTP/1.1" 200 6756
192.168.10.89 - - [02/Mar/2017:08:27:39 -0300] "POST /cormun/servlet/hlogin?a42a632d635d30af9add139177d5e2af,gx-no-cache=1488457345752 HTTP/1.1" 200 90
192.168.10.89 - - [02/Mar/2017:08:27:39 -0300] "GET /cormun/servlet/hpexe_link HTTP/1.1" 200 945
192.168.10.89 - - [02/Mar/2017:08:27:40 -0300] "GET /cormun/servlet/hhome HTTP/1.1" 200 4379
192.168.10.89 - - [02/Mar/2017:08:27:43 -0300] "GET /cormun/servlet/trsolicitudgral? HTTP/1.1" 200 11401
192.168.10.89 - - [02/Mar/2017:08:27:53 -0300] "POST /cormun/servlet/trsolicitudgral?a42a632d635d30af9add139177d5e2af,,gx-no-cache=1488457359507 HTTP/1.1" 200 6711
192.168.10.89 - - [02/Mar/2017:08:27:56 -0300] "POST /cormun/servlet/trsolicitudgral?a42a632d635d30af9add139177d5e2af,,gx-no-cache=1488457362464 HTTP/1.1" 200 5612
192.168.10.89 - - [02/Mar/2017:08:27:56 -0300] "GET /cormun/static/Shared/jqueryui/images/ui-bg_highlight-soft_100_c6c2c8_1x100.png HTTP/1.1" 404 1117
192.168.10.89 - - [02/Mar/2017:08:27:56 -0300] "GET /cormun/static/Shared/jqueryui/images/ui-icons_82798d_256x240.png HTTP/1.1" 404 1089
192.168.10.89 - - [02/Mar/2017:08:27:56 -0300] "GET /cormun/static/Shared/jqueryui/images/ui-bg_flat_55_fafafa_40x100.png HTTP/1.1" 404 1097
192.168.10.89 - - [02/Mar/2017:08:27:56 -0300] "GET /cormun/static/Shared/jqueryui/images/ui-icons_8d78a5_256x240.png HTTP/1.1" 404 1089
201.246.236.28 - - [02/Mar/2017:08:28:16 -0300] "POST /cormun/servlet/trsolicitudot?d6c8d9b6112eb274f93752d2161acb3c,gx-no-cache=1488454166334 HTTP/1.1" 200 106
201.246.236.28 - - [02/Mar/2017:08:28:18 -0300] "GET /cormun/servlet/solicitudot?UPD,2017,5046, HTTP/1.1" 200 14515
201.246.236.28 - - [02/Mar/2017:08:28:21 -0300] "GET /cormun/servlet/solicitudot?UPD,2017,5046, HTTP/1.1" 200 14524
201.246.236.28 - - [02/Mar/2017:08:28:22 -0300] "POST /cormun/servlet/solicitudot?gx-no-cache=1488454174311 HTTP/1.1" 200 3205
201.246.236.28 - - [02/Mar/2017:08:28:24 -0300] "POST /cormun/servlet/solicitudot?d6c8d9b6112eb274f93752d2161acb3c,UPD,2017,5046,,gx-no-cache=1488454176398 HTTP/1.1" 200 11106
201.246.236.28 - - [02/Mar/2017:08:28:25 -0300] "GET /cormun/servlet/solicitudot?23969cfd1f9c204c90abec3ab587bf213b44837d025715c22781a6b29ec0e2e1a227dc7b652a4dd8ba22405d256d98a3,gx-no-cache=1488454177828 HTTP/1.1" 200 30
201.246.236.28 - - [02/Mar/2017:08:28:25 -0300] "POST /cormun/servlet/solicitudot?gx-no-cache=1488454178544 HTTP/1.1" 200 240
201.246.236.28 - - [02/Mar/2017:08:28:25 -0300] "GET /cormun/servlet/solicitudot?23969cfd1f9c204c90abec3ab587bf2190d5f5e5029c9311489b97ee417f57f7a15f12199e2be7542bbd4515ba7599a5a98d89f96a0c3116d439a9576b083841ff4971c98a7a14ab3bd85d63b190a077d56a299ba14677d68fae3c4e10a944af5a6d204e563a152e1199847d0d07ae0d861ab21348816f1b8af155b0f90c221a7818f1ea1434f9198754f19aa6ab5ea62cd99fa6e6cef79029a9ebfc92b52de4ebc5d0b8ac4263fd6fc7cd42f39af372f6dc1f418851409648037f67f376b3c8e3680d4bda87c90313f57df2811eec994c575a7c54c8117fb511509a56a4eeb8ac7e65b2b47f9307917930eb7f810b7669b6decb05db5bfdcdd2e682606920f2984bb8edbfdd284df7149c0641979d21461ebb7f87f3e36cd920951cad1e1b45bf6aed22170a1334dd238c21b9d3d37bf72f054a31b860fcb612112a251cb4521683e9b3133d9904b3cf0e75245c5f2e53b9cb86e65496f0409fc51e534025f43adf41ee6a17340bbb38a2974a7cfece15bf6520edc1b66ca1060a335b0145e6,gx-no-cache=1488454178673 HTTP/1.1" 200 30
201.246.236.28 - - [02/Mar/2017:08:28:25 -0300] "POST /cormun/servlet/solicitudot?gx-no-cache=1488454178787 HTTP/1.1" 200 30
201.246.236.28 - - [02/Mar/2017:08:28:25 -0300] "POST /cormun/servlet/solicitudot?gx-no-cache=1488454178934 HTTP/1.1" 200 1291
201.246.236.28 - - [02/Mar/2017:08:28:26 -0300] "POST /cormun/servlet/solicitudot?gx-no-cache=1488454179249 HTTP/1.1" 200 41
201.246.236.28 - - [02/Mar/2017:08:28:52 -0300] "GET /cormun/servlet/solicitudot?23969cfd1f9c204c90abec3ab587bf21ef5ecb72bf5ec4be46628ef447b71d1e6633f175c0304acb7d37a0eafee9bf9d4c511019823a2771606edb610b3bc31ff89803d1e5f589112babd90330909a0ee5dc9df17b6010dd7b5879b0c2b0bd41d93f1bd58df75abc032751f9b1d030764436dcd4b2257eb4c6edc6bf7c862b1ce6e44cd20a0268e635be4f913bea2f40311cfff51a26eeb3b6f2f9487b0984be,gx-no-cache=1488454205660 HTTP/1.1" 200 29
201.246.236.28 - - [02/Mar/2017:08:28:52 -0300] "POST /cormun/servlet/solicitudot?gx-no-cache=1488454205798 HTTP/1.1" 200 1274
201.246.236.28 - - [02/Mar/2017:08:28:53 -0300] "POST /cormun/servlet/solicitudot?gx-no-cache=1488454206072 HTTP/1.1" 200 1157
201.246.236.28 - - [02/Mar/2017:08:28:53 -0300] "GET /cormun/servlet/solicitudot?23969cfd1f9c204c90abec3ab587bf2159ba30616ed15b0ad8d04ad4ce5c8d4060ae6dd4f79f0292e7302da3a254e272c63949ce996dd86eb0ffeaaf8b9c4a0b35cb4d6cc9e089d45962e9da89627570a4187cda6039d569d38cadda259d32e8f808bf3ceecf52a353b076b8366720d90aac755f4fec8ba617e60ad9f3be98b5cb1215a6e112c49deb7ad8593b8ce52d9bebf4c5b986e4e2efd6a88162d75d23aa2108aef772633b6dcb0c0f66b599f45756294eb191f9797c5eb2802d1ae182,gx-no-cache=1488454206410 HTTP/1.1" 200 32
201.246.236.28 - - [02/Mar/2017:08:28:53 -0300] "POST /cormun/servlet/solicitudot?d6c8d9b6112eb274f93752d2161acb3c,UPD,2017,5046,,gx-no-cache=1488454206529 HTTP/1.1" 200 93
201.246.236.28 - - [02/Mar/2017:08:28:54 -0300] "GET /cormun/servlet/hpexe_return? HTTP/1.1" 200 1017
201.246.236.28 - - [02/Mar/2017:08:28:54 -0300] "GET /cormun/servlet/trsolicitudot HTTP/1.1" 200 8311
201.246.236.28 - - [02/Mar/2017:08:28:56 -0300] "GET /cormun/servlet/trsolicitudot HTTP/1.1" 200 8307
201.246.236.28 - - [02/Mar/2017:08:29:25 -0300] "POST /cormun/servlet/trsolicitudot?d6c8d9b6112eb274f93752d2161acb3c,gx-no-cache=1488454238075 HTTP/1.1" 200 106
201.246.236.28 - - [02/Mar/2017:08:29:25 -0300] "GET /cormun/servlet/solicitudot?UPD,2017,5046, HTTP/1.1" 200 14515
201.246.236.28 - - [02/Mar/2017:08:29:27 -0300] "GET /cormun/servlet/solicitudot?UPD,2017,5046, HTTP/1.1" 200 14524
201.246.236.28 - - [02/Mar/2017:08:29:28 -0300] "POST /cormun/servlet/solicitudot?gx-no-cache=1488454241301 HTTP/1.1" 200 3208
201.246.236.28 - - [02/Mar/2017:08:29:29 -0300] "POST /cormun/servlet/solicitudot?d6c8d9b6112eb274f93752d2161acb3c,UPD,2017,5046,,gx-no-cache=1488454241862 HTTP/1.1" 200 11107
201.246.236.28 - - [02/Mar/2017:08:29:29 -0300] "GET /cormun/servlet/solicitudot?23969cfd1f9c204c90abec3ab587bf213b44837d025715c22781a6b29ec0e2e1a227dc7b652a4dd8ba22405d256d98a3,gx-no-cache=1488454242664 HTTP/1.1" 200 30
201.246.236.28 - - [02/Mar/2017:08:29:29 -0300] "POST /cormun/servlet/solicitudot?gx-no-cache=1488454242828 HTTP/1.1" 200 240
201.246.236.28 - - [02/Mar/2017:08:29:29 -0300] "GET /cormun/servlet/solicitudot?23969cfd1f9c204c90abec3ab587bf2190d5f5e5029c9311489b97ee417f57f7a15f12199e2be7542bbd4515ba7599a5a98d89f96a0c3116d439a9576b083841ff4971c98a7a14ab3bd85d63b190a077d56a299ba14677d68fae3c4e10a944af5a6d204e563a152e1199847d0d07ae0d861ab21348816f1b8af155b0f90c221a7818f1ea1434f9198754f19aa6ab5ea62cd99fa6e6cef79029a9ebfc92b52de4ebc5d0b8ac4263fd6fc7cd42f39af372f6dc1f418851409648037f67f376b3c8e3680d4bda87c90313f57df2811eec994c575a7c54c8117fb511509a56a4eeb8ac7e65b2b47f9307917930eb7f810b7669b6decb05db5bfdcdd2e682606920f2984bb8edbfdd284df7149c0641979d21461ebb7f87f3e36cd920951cad1e1b45bf6aed22170a1334dd238c21b9d3d37bf72f054a31b860fcb612112a251cb4521683e9b3133d9904b3cf0e75245c5f2e53b9cb86e65496f0409fc51e534025f43adf41ee6a17340bbb38a2974a7cfece15bf6520edc1b66ca1060a335b0145e6,gx-no-cache=1488454242982 HTTP/1.1" 200 30
201.246.236.28 - - [02/Mar/2017:08:29:29 -0300] "POST /cormun/servlet/solicitudot?gx-no-cache=1488454243102 HTTP/1.1" 200 30
201.246.236.28 - - [02/Mar/2017:08:29:30 -0300] "POST /cormun/servlet/solicitudot?gx-no-cache=1488454243243 HTTP/1.1" 200 1291
201.246.236.28 - - [02/Mar/2017:08:29:30 -0300] "POST /cormun/servlet/solicitudot?gx-no-cache=1488454243528 HTTP/1.1" 200 41
201.246.236.28 - - [02/Mar/2017:08:29:38 -0300] "GET /cormun/servlet/solicitudot?23969cfd1f9c204c90abec3ab587bf21ef5ecb72bf5ec4be46628ef447b71d1e6633f175c0304acb7d37a0eafee9bf9d4c511019823a2771606edb610b3bc31ff89803d1e5f589112babd90330909a0ee5dc9df17b6010dd7b5879b0c2b0bd41d93f1bd58df75abc032751f9b1d030764436dcd4b2257eb4c6edc6bf7c862b1ce6e44cd20a0268e635be4f913bea2f40311cfff51a26eeb3b6f2f9487b0984be,gx-no-cache=1488454251477 HTTP/1.1" 200 29
201.246.236.28 - - [02/Mar/2017:08:29:38 -0300] "POST /cormun/servlet/solicitudot?gx-no-cache=1488454251610 HTTP/1.1" 200 1274
201.246.236.28 - - [02/Mar/2017:08:29:38 -0300] "POST /cormun/servlet/solicitudot?gx-no-cache=1488454251851 HTTP/1.1" 200 1157
201.246.236.28 - - [02/Mar/2017:08:29:38 -0300] "GET /cormun/static/menuarrow.gif HTTP/1.1" 404 1015
201.246.236.28 - - [02/Mar/2017:08:29:40 -0300] "POST /cormun/servlet/solicitudot?gx-no-cache=1488454253944 HTTP/1.1" 200 1274
201.246.236.28 - - [02/Mar/2017:08:29:41 -0300] "POST /cormun/servlet/solicitudot?gx-no-cache=1488454254158 HTTP/1.1" 200 1157
186.79.213.17 - - [02/Mar/2017:08:35:37 -0300] "GET /cormun/servlet/hlogin HTTP/1.1" 200 1718
201.246.236.28 - - [02/Mar/2017:08:36:18 -0300] "GET /cormun/servlet/solicitudot?23969cfd1f9c204c90abec3ab587bf2159ba30616ed15b0ad8d04ad4ce5c8d4060ae6dd4f79f0292e7302da3a254e272c63949ce996dd86eb0ffeaaf8b9c4a0b35cb4d6cc9e089d45962e9da89627570a4187cda6039d569d38cadda259d32e8f808bf3ceecf52a353b076b8366720d90aac755f4fec8ba617e60ad9f3be98b5cb1215a6e112c49deb7ad8593b8ce52d9bebf4c5b986e4e2efd6a88162d75d23faa8aa2336bf4349a87d35e134b51d70c0d8eac7528d20f6f8b2fc70f7aed672,gx-no-cache=1488454644132 HTTP/1.1" 200 32
192.168.10.89 - - [02/Mar/2017:08:36:22 -0300] "POST /cormun/servlet/trsolicitudgral?a42a632d635d30af9add139177d5e2af,,gx-no-cache=1488457868310 HTTP/1.1" 200 7427
201.246.236.28 - - [02/Mar/2017:08:36:23 -0300] "POST /cormun/servlet/solicitudot?d6c8d9b6112eb274f93752d2161acb3c,UPD,2017,5046,,gx-no-cache=1488454651911 HTTP/1.1" 200 93
201.246.236.28 - - [02/Mar/2017:08:36:23 -0300] "GET /cormun/servlet/hpexe_return? HTTP/1.1" 200 1017
201.246.236.28 - - [02/Mar/2017:08:36:24 -0300] "GET /cormun/servlet/trsolicitudot HTTP/1.1" 200 8311
201.246.236.28 - - [02/Mar/2017:08:36:26 -0300] "GET /cormun/servlet/trsolicitudot HTTP/1.1" 200 8307
201.246.236.28 - - [02/Mar/2017:08:38:09 -0300] "POST /cormun/servlet/trsolicitudot?d6c8d9b6112eb274f93752d2161acb3c,gx-no-cache=1488454757414 HTTP/1.1" 200 106
201.246.236.28 - - [02/Mar/2017:08:38:11 -0300] "GET /cormun/servlet/solicitudot?UPD,2017,5046, HTTP/1.1" 200 14515
201.246.236.28 - - [02/Mar/2017:08:38:15 -0300] "GET /cormun/servlet/solicitudot?UPD,2017,5046, HTTP/1.1" 200 14524
201.246.236.28 - - [02/Mar/2017:08:38:17 -0300] "POST /cormun/servlet/solicitudot?gx-no-cache=1488454767607 HTTP/1.1" 200 3208
192.168.10.89 - - [02/Mar/2017:08:38:18 -0300] "GET /cormun/servlet/solicitudgral?UPD,2017,4798, HTTP/1.1" 200 12175
201.246.236.28 - - [02/Mar/2017:08:38:19 -0300] "POST /cormun/servlet/solicitudot?d6c8d9b6112eb274f93752d2161acb3c,UPD,2017,5046,,gx-no-cache=1488454770760 HTTP/1.1" 200 11107
192.168.10.89 - - [02/Mar/2017:08:38:19 -0300] "POST /cormun/servlet/solicitudgral?gx-no-cache=1488457985525 HTTP/1.1" 200 3154
192.168.10.89 - - [02/Mar/2017:08:38:19 -0300] "GET /cormun/servlet/solicitudgral?f409cfb8c36b2babdcb9c866900594c19253612f70a5b82fa7e832f219b5b23bf999031e75fcfc8708e08ef8539c0b1ace6b0211674ef995a3aa3b4553d0c06f6aa465520fa86a2926800b2b0b25ab858447611b87915862e468b63856afd2065741e1c71b73be72c96deb2f87d83087ec2ab810b26da5831b8e261ff2a3407fb5dcacf759cb7692414136f129b96f2081cb8462ee0261749fe716ab56dd16912e2bbd069ef2193763dacbbae54d5f37f8f906fd11108654e5cd32dda6236e9232dbfcf8f7b473afb9b2353e2a018d171f0e7da14803d4614fffaf49bae627db986668cf553e6e774a94f5e17afaec704d9e7403ec5e3af53f305e581df8e3d0fa0e532f7d7809eea79cba9f16875017ba9db5da261831c88052bf221cd63c77a80c96ad6d377f6de6f195578ca596e90a3524af100cbdcd92182bd99733e12df9b30d246ac3f860710320ec32d861fa,gx-no-cache=1488457985719 HTTP/1.1" 200 298
201.246.236.28 - - [02/Mar/2017:08:38:20 -0300] "GET /cormun/servlet/solicitudot?23969cfd1f9c204c90abec3ab587bf213b44837d025715c22781a6b29ec0e2e1a227dc7b652a4dd8ba22405d256d98a3,gx-no-cache=1488454772814 HTTP/1.1" 200 30
192.168.10.89 - - [02/Mar/2017:08:38:21 -0300] "GET /cormun/servlet/solicitudgral?f409cfb8c36b2babdcb9c866900594c14b174fc9241c8795212e4257eaa4eae263e8b0d7b7dbbc82d26599a506ee6e690a4013f923757c6b6f359105dc5e07d945c4c6561f8eae8da4ad0351babc11722cb5e62e45eaffbc74a98ca5529022a1c0fa7d108a807ee611aebda042d6b606d2dc6decf95c7beb9100f278c6119895a2c183b61c71ad1ac1f18ec41964e403628e427db445e48f2a2264277805400b988987f12057c49355f6f4a4bad4db5dedf9af8d5f6990b96fa1c5c8dd741db7bbc13ee1595a7766929329cbbf88125c6cf8c82e8bd2e704e5798fc24806f772c1efa2ed74cb72dcc79761f079ef3f840b501bc9194916f778fd1d409252a842c26a6d0a1c8aa4091b2c9e11162834221850bb31d57af44895fc72ef9cece7cf810f3de3ff4e7e6d7b84d63757d6458a8dd10b5111fef56e173238c26e06c6a6ecc2658655d80ae41892d6dcbb12b848af2783d045c7b83867ec861341fb5dc641b90a1d3fa386ce039f3aed2020435eab79088ff76f8aec74c0695cbc4bce967ed44f1c9450b7943610b1981f1ae02b2257fa5b5162a52871aa742e9e8670317422692cc87f9d8288b4eb357eb2aefc42e4be98171794a303df1f0c3a67ca8da3379ac2648eca109ab666cb705312fe6196d09ffd3ac4832832bf74bb2d0a680b3616b01ce448e274d098d97dd1811966450508c0cbd6d55d639edc78d123d7cf9749a6d86fdd5e06b978966265710ec6d7a322df66b0ac5d8dd11f0d4f888cf728daebaa63a987aaef435b16bad2b2,gx-no-cache=1488457987502 HTTP/1.1" 200 48
201.246.236.28 - - [02/Mar/2017:08:38:22 -0300] "POST /cormun/servlet/solicitudot?gx-no-cache=1488454774350 HTTP/1.1" 200 240
192.168.10.89 - - [02/Mar/2017:08:38:23 -0300] "POST /cormun/servlet/solicitudgral?a42a632d635d30af9add139177d5e2af,UPD,2017,4798,,gx-no-cache=1488457989273 HTTP/1.1" 200 10563
201.246.236.28 - - [02/Mar/2017:08:38:24 -0300] "GET /cormun/servlet/solicitudot?23969cfd1f9c204c90abec3ab587bf2190d5f5e5029c9311489b97ee417f57f7a15f12199e2be7542bbd4515ba7599a5a98d89f96a0c3116d439a9576b083841ff4971c98a7a14ab3bd85d63b190a077d56a299ba14677d68fae3c4e10a944af5a6d204e563a152e1199847d0d07ae0d861ab21348816f1b8af155b0f90c221a7818f1ea1434f9198754f19aa6ab5ea62cd99fa6e6cef79029a9ebfc92b52de4ebc5d0b8ac4263fd6fc7cd42f39af372f6dc1f418851409648037f67f376b3c8e3680d4bda87c90313f57df2811eec994c575a7c54c8117fb511509a56a4eeb8ac7e65b2b47f9307917930eb7f810b7669b6decb05db5bfdcdd2e682606920f2984bb8edbfdd284df7149c0641979d21461ebb7f87f3e36cd920951cad1e1b45bf6aed22170a1334dd238c21b9d3d37bf72f054a31b860fcb612112a251cb4521683e9b3133d9904b3cf0e75245c5f2e53b9cb86e65496f0409fc51e534025f43adf41ee6a17340bbb38a2974a7cfece15bf6520edc1b66ca1060a335b0145e6,gx-no-cache=1488454776126 HTTP/1.1" 200 30
192.168.10.89 - - [02/Mar/2017:08:38:26 -0300] "GET /cormun/servlet/solicitudgral?f409cfb8c36b2babdcb9c866900594c1e37878f11b8b9114d31ada3f20a412af28a903eb423de444e9ff66a7402922d080a1fbb7d5efa95aeaecda0a1f69b2f250816f185086586bbaca6fe16ad3e1fa3377fe70ecfa85b5aa7ce9849b1f22045c45711156fc43fd7a2f2bf5140d93a3,gx-no-cache=1488457992171 HTTP/1.1" 200 29
192.168.10.89 - - [02/Mar/2017:08:38:26 -0300] "POST /cormun/servlet/solicitudgral?gx-no-cache=1488457992211 HTTP/1.1" 200 1250
192.168.10.89 - - [02/Mar/2017:08:38:26 -0300] "POST /cormun/servlet/solicitudgral?gx-no-cache=1488457992255 HTTP/1.1" 200 1154
192.168.10.89 - - [02/Mar/2017:08:38:26 -0300] "POST /cormun/servlet/solicitudgral?a42a632d635d30af9add139177d5e2af,UPD,2017,4798,,gx-no-cache=1488457992296 HTTP/1.1" 200 93
192.168.10.89 - - [02/Mar/2017:08:38:26 -0300] "GET /cormun/servlet/hpexe_return? HTTP/1.1" 200 1005
201.246.236.28 - - [02/Mar/2017:08:38:26 -0300] "POST /cormun/servlet/solicitudot?gx-no-cache=1488454778005 HTTP/1.1" 200 30
192.168.10.89 - - [02/Mar/2017:08:38:26 -0300] "GET /cormun/servlet/trsolicitudgral? HTTP/1.1" 200 10725
201.246.236.28 - - [02/Mar/2017:08:38:29 -0300] "POST /cormun/servlet/solicitudot?gx-no-cache=1488454780195 HTTP/1.1" 200 1291
201.246.236.28 - - [02/Mar/2017:08:38:31 -0300] "POST /cormun/servlet/solicitudot?gx-no-cache=1488454782638 HTTP/1.1" 200 41
201.246.236.28 - - [02/Mar/2017:08:38:41 -0300] "GET /cormun/servlet/prlicenciaspermisos?13099340,L,,MD,,gxPopupLevel%3D0%3B HTTP/1.1" 200 6123
201.246.236.28 - - [02/Mar/2017:08:38:42 -0300] "GET /cormun/static/gxcfg.js?2016122619302491 HTTP/1.1" 200 953
201.246.236.28 - - [02/Mar/2017:08:38:43 -0300] "GET /cormun/static/prlicenciaspermisos.js?2016122619302645 HTTP/1.1" 200 13363
192.168.10.89 - - [02/Mar/2017:08:39:23 -0300] "POST /cormun/servlet/trsolicitudgral?a42a632d635d30af9add139177d5e2af,,gx-no-cache=1488458049704 HTTP/1.1" 200 7090
192.168.10.89 - - [02/Mar/2017:08:39:24 -0300] "GET /cormun/static/Shared/jqueryui/images/ui-bg_highlight-soft_100_c6c2c8_1x100.png HTTP/1.1" 404 1117
192.168.10.89 - - [02/Mar/2017:08:39:24 -0300] "GET /cormun/static/Shared/jqueryui/images/ui-icons_82798d_256x240.png HTTP/1.1" 404 1089
192.168.10.89 - - [02/Mar/2017:08:39:24 -0300] "GET /cormun/static/Shared/jqueryui/images/ui-bg_flat_55_fafafa_40x100.png HTTP/1.1" 404 1097
192.168.10.89 - - [02/Mar/2017:08:39:24 -0300] "GET /cormun/static/Shared/jqueryui/images/ui-icons_8d78a5_256x240.png HTTP/1.1" 404 1089
201.246.236.28 - - [02/Mar/2017:08:39:44 -0300] "POST /cormun/servlet/solicitudot?gx-no-cache=1488454857917 HTTP/1.1" 200 41
201.246.236.28 - - [02/Mar/2017:08:39:44 -0300] "GET /cormun/servlet/solicitudot?23969cfd1f9c204c90abec3ab587bf21ef5ecb72bf5ec4be46628ef447b71d1e6633f175c0304acb7d37a0eafee9bf9d4c511019823a2771606edb610b3bc31ff89803d1e5f589112babd90330909a0ee5dc9df17b6010dd7b5879b0c2b0bd41d93f1bd58df75abc032751f9b1d030764436dcd4b2257eb4c6edc6bf7c862b1ce6e44cd20a0268e635be4f913bea2f40311cfff51a26eeb3b6f2f9487b0984be,gx-no-cache=1488454858110 HTTP/1.1" 200 29
201.246.236.28 - - [02/Mar/2017:08:39:45 -0300] "POST /cormun/servlet/solicitudot?gx-no-cache=1488454858205 HTTP/1.1" 200 1274
201.246.236.28 - - [02/Mar/2017:08:39:45 -0300] "POST /cormun/servlet/solicitudot?gx-no-cache=1488454858396 HTTP/1.1" 200 1157
201.246.236.28 - - [02/Mar/2017:08:39:45 -0300] "GET /cormun/static/menuarrow.gif HTTP/1.1" 404 1015
201.246.236.28 - - [02/Mar/2017:08:39:56 -0300] "POST /cormun/servlet/solicitudot?gx-no-cache=1488454869685 HTTP/1.1" 200 1274
201.246.236.28 - - [02/Mar/2017:08:39:56 -0300] "POST /cormun/servlet/solicitudot?gx-no-cache=1488454869899 HTTP/1.1" 200 1157
201.246.236.28 - - [02/Mar/2017:08:39:56 -0300] "GET /cormun/servlet/solicitudot?23969cfd1f9c204c90abec3ab587bf2159ba30616ed15b0ad8d04ad4ce5c8d4060ae6dd4f79f0292e7302da3a254e272fea6f0614e542121e929b31c6d7cc1c435cb4d6cc9e089d45962e9da89627570a4187cda6039d569d38cadda259d32e8f808bf3ceecf52a353b076b8366720d90aac755f4fec8ba617e60ad9f3be98b5cb1215a6e112c49deb7ad8593b8ce52d9bebf4c5b986e4e2efd6a88162d75d23faa8aa2336bf4349a87d35e134b51d70c0d8eac7528d20f6f8b2fc70f7aed672,gx-no-cache=1488454870196 HTTP/1.1" 200 32
201.246.236.28 - - [02/Mar/2017:08:39:57 -0300] "POST /cormun/servlet/solicitudot?d6c8d9b6112eb274f93752d2161acb3c,UPD,2017,5046,,gx-no-cache=1488454870496 HTTP/1.1" 200 93
201.246.236.28 - - [02/Mar/2017:08:39:57 -0300] "GET /cormun/servlet/hpexe_return? HTTP/1.1" 200 1017
201.246.236.28 - - [02/Mar/2017:08:39:58 -0300] "GET /cormun/servlet/trsolicitudot HTTP/1.1" 200 8306
201.246.236.28 - - [02/Mar/2017:08:40:00 -0300] "GET /cormun/servlet/trsolicitudot HTTP/1.1" 200 8302
192.168.10.89 - - [02/Mar/2017:08:40:08 -0300] "POST /cormun/servlet/trsolicitudgral?a42a632d635d30af9add139177d5e2af,,gx-no-cache=1488458094654 HTTP/1.1" 200 6700
192.168.10.89 - - [02/Mar/2017:08:40:39 -0300] "POST /cormun/servlet/trsolicitudgral?a42a632d635d30af9add139177d5e2af,,gx-no-cache=1488458125509 HTTP/1.1" 200 7092
201.246.236.28 - - [02/Mar/2017:08:41:48 -0300] "POST /cormun/servlet/trsolicitudot?d6c8d9b6112eb274f93752d2161acb3c,gx-no-cache=1488454981385 HTTP/1.1" 200 4395
201.246.236.28 - - [02/Mar/2017:08:41:48 -0300] "GET /cormun/static/Shared/jqueryui/images/ui-bg_highlight-soft_100_c6c2c8_1x100.png HTTP/1.1" 404 1117
201.246.236.28 - - [02/Mar/2017:08:41:48 -0300] "GET /cormun/static/Shared/jqueryui/images/ui-icons_82798d_256x240.png HTTP/1.1" 404 1089
201.246.236.28 - - [02/Mar/2017:08:41:48 -0300] "GET /cormun/static/Shared/jqueryui/images/ui-bg_flat_55_fafafa_40x100.png HTTP/1.1" 404 1097
201.246.236.28 - - [02/Mar/2017:08:41:48 -0300] "GET /cormun/static/Shared/jqueryui/images/ui-icons_8d78a5_256x240.png HTTP/1.1" 404 1089
201.246.236.28 - - [02/Mar/2017:08:41:49 -0300] "POST /cormun/servlet/trsolicitudot?d6c8d9b6112eb274f93752d2161acb3c,gx-no-cache=1488454982287 HTTP/1.1" 200 4129
201.246.236.28 - - [02/Mar/2017:08:42:06 -0300] "GET /cormun/static/Shared/jqueryui/images/ui-bg_highlight-soft_100_eae6ea_1x100.png HTTP/1.1" 404 1117
186.79.213.17 - - [02/Mar/2017:08:45:31 -0300] "POST /cormun/servlet/hlogin?d93123aa63aab900a032dc947e8ceef8,gx-no-cache=1488455201515 HTTP/1.1" 200 90
186.79.213.17 - - [02/Mar/2017:08:45:31 -0300] "GET /cormun/servlet/hpexe_link HTTP/1.1" 200 953
186.79.213.17 - - [02/Mar/2017:08:45:31 -0300] "GET /cormun/servlet/hhome HTTP/1.1" 200 3975
186.79.213.17 - - [02/Mar/2017:08:45:32 -0300] "GET /cormun/servlet/hhome HTTP/1.1" 200 3971
186.79.213.17 - - [02/Mar/2017:08:45:36 -0300] "GET /cormun/servlet/trautorizarsolicitud? HTTP/1.1" 200 10965
186.79.213.17 - - [02/Mar/2017:08:45:36 -0300] "GET /cormun/servlet/trautorizarsolicitud? HTTP/1.1" 200 10963
186.79.213.17 - - [02/Mar/2017:08:46:34 -0300] "POST /cormun/servlet/trautorizarsolicitud?d93123aa63aab900a032dc947e8ceef8,,gx-no-cache=1488455264717 HTTP/1.1" 200 7918
186.79.213.17 - - [02/Mar/2017:08:46:35 -0300] "GET /cormun/static/Shared/jqueryui/images/ui-bg_highlight-soft_100_c6c2c8_1x100.png HTTP/1.1" 404 1117
186.79.213.17 - - [02/Mar/2017:08:46:35 -0300] "GET /cormun/static/Shared/jqueryui/images/ui-icons_82798d_256x240.png HTTP/1.1" 404 1089
