186.67.172.234 - - [02/Mar/2017:12:27:15 -0300] "GET /cormun/servlet/trautorizarsolicitud? HTTP/1.1" 200 9120
186.67.172.234 - - [02/Mar/2017:12:27:15 -0300] "GET /cormun/static/gxcfg.js?2017259112829 HTTP/1.1" 200 953
186.67.172.234 - - [02/Mar/2017:12:27:15 -0300] "GET /cormun/static/trautorizarsolicitud.js?2017259113483 HTTP/1.1" 200 53096
186.67.172.234 - - [02/Mar/2017:12:27:16 -0300] "GET /cormun/servlet/trautorizarsolicitud? HTTP/1.1" 200 9119
192.168.10.89 - - [02/Mar/2017:12:27:44 -0300] "POST /cormun/servlet/trsolicitudot?ccdbdceab80fd9c9401ed40c91025669,,gx-no-cache=1488471750820 HTTP/1.1" 200 106
192.168.10.89 - - [02/Mar/2017:12:27:45 -0300] "GET /cormun/servlet/solicitudot?DLT,2017,3538, HTTP/1.1" 200 9603
192.168.10.89 - - [02/Mar/2017:12:27:46 -0300] "GET /cormun/static/Shared/jqueryui/images/ui-bg_highlight-soft_100_c6c2c8_1x100.png HTTP/1.1" 404 1117
192.168.10.89 - - [02/Mar/2017:12:27:46 -0300] "GET /cormun/static/Shared/jqueryui/images/ui-icons_8d78a5_256x240.png HTTP/1.1" 404 1089
192.168.10.89 - - [02/Mar/2017:12:27:46 -0300] "GET /cormun/static/Shared/jqueryui/images/ui-icons_82798d_256x240.png HTTP/1.1" 404 1089
192.168.10.89 - - [02/Mar/2017:12:27:46 -0300] "GET /cormun/static/Shared/jqueryui/images/ui-bg_flat_55_fafafa_40x100.png HTTP/1.1" 404 1097
192.168.10.89 - - [02/Mar/2017:12:27:49 -0300] "POST /cormun/servlet/solicitudot?ccdbdceab80fd9c9401ed40c91025669,DLT,2017,3538,,gx-no-cache=1488471755690 HTTP/1.1" 200 93
192.168.10.89 - - [02/Mar/2017:12:27:49 -0300] "GET /cormun/servlet/hpexe_return? HTTP/1.1" 200 1008
192.168.10.89 - - [02/Mar/2017:12:27:50 -0300] "GET /cormun/servlet/trsolicitudot HTTP/1.1" 200 9042
192.168.10.89 - - [02/Mar/2017:12:27:52 -0300] "POST /cormun/servlet/trsolicitudot?ccdbdceab80fd9c9401ed40c91025669,gx-no-cache=1488471758466 HTTP/1.1" 200 105
192.168.10.89 - - [02/Mar/2017:12:27:52 -0300] "GET /cormun/servlet/solicitudot?DLT,2017,3518, HTTP/1.1" 200 9554
192.168.10.89 - - [02/Mar/2017:12:27:53 -0300] "GET /cormun/static/Shared/jqueryui/images/ui-icons_82798d_256x240.png HTTP/1.1" 404 1089
192.168.10.89 - - [02/Mar/2017:12:27:53 -0300] "GET /cormun/static/Shared/jqueryui/images/ui-icons_8d78a5_256x240.png HTTP/1.1" 404 1089
192.168.10.89 - - [02/Mar/2017:12:27:53 -0300] "GET /cormun/static/Shared/jqueryui/images/ui-bg_highlight-soft_100_c6c2c8_1x100.png HTTP/1.1" 404 1117
192.168.10.89 - - [02/Mar/2017:12:27:53 -0300] "GET /cormun/static/Shared/jqueryui/images/ui-bg_flat_55_fafafa_40x100.png HTTP/1.1" 404 1097
192.168.10.89 - - [02/Mar/2017:12:27:55 -0300] "GET /cormun/servlet/trsolicitudot HTTP/1.1" 200 9042
186.67.172.234 - - [02/Mar/2017:12:27:58 -0300] "POST /cormun/servlet/trautorizarsolicitud?e282e159335b3772ebda07eaaa83b092,,gx-no-cache=1488468548571 HTTP/1.1" 200 115
186.67.172.234 - - [02/Mar/2017:12:27:58 -0300] "GET /cormun/servlet/solicitudotlog?INS,2017,5072,0,ANU, HTTP/1.1" 200 5811
186.67.172.234 - - [02/Mar/2017:12:27:58 -0300] "GET /cormun/static/gxcfg.js?201612218471193 HTTP/1.1" 200 953
186.67.172.234 - - [02/Mar/2017:12:27:58 -0300] "GET /cormun/static/solicitudotlog.js?20161221847122 HTTP/1.1" 200 8925
186.67.172.234 - - [02/Mar/2017:12:27:58 -0300] "GET /cormun/servlet/solicitudotlog?INS,2017,5072,0,ANU, HTTP/1.1" 200 5811
186.67.172.234 - - [02/Mar/2017:12:27:59 -0300] "GET /cormun/servlet/solicitudotlog?30b14b97c2b6d3a6aa3692fb99592cbf95834f936b84bdb1f36141bdd8c40fdc7fc1f456287b09e7375cedc939ba2c48401d8b58385594c4dd3de970926a60abb4ee8102cfd92b17e8151292453233a145764a148c6faa778fcf786989769fb141d71263e49807499299d106a513a0ee765235a0d75b5858e1516a843224584a8225ef18c440694e549e90cdcfea2b22db757fa14428823e68b7bd25cf77f3b0,gx-no-cache=1488468549837 HTTP/1.1" 200 94
192.168.10.89 - - [02/Mar/2017:12:27:59 -0300] "GET /cormun/servlet/trautorizarsolicitud? HTTP/1.1" 200 8483
186.67.172.234 - - [02/Mar/2017:12:28:05 -0300] "GET /cormun/servlet/trautorizarsolicitud? HTTP/1.1" 200 9120
186.67.172.234 - - [02/Mar/2017:12:28:05 -0300] "GET /cormun/servlet/trautorizarsolicitud? HTTP/1.1" 200 9119
201.246.236.28 - - [02/Mar/2017:12:28:07 -0300] "GET /cormun/servlet/solicitudot?df4623558730fe8df60bb93b8f85397d4967c463ae9fa267c77b0ef07360fd3c3f5f186b54ac081ca7e9453289d0627a630169a0bacc046d5d8f263e23d0bb9548e532d61b08edbca946488f5497d74df8d0beb0d2cbcf5299a1a663d9b6d58d610b0f77b335ca8a4fea3428b13a3fdb,gx-no-cache=1488468560208 HTTP/1.1" 200 29
201.246.236.28 - - [02/Mar/2017:12:28:07 -0300] "POST /cormun/servlet/solicitudot?gx-no-cache=1488468560507 HTTP/1.1" 200 1274
201.246.236.28 - - [02/Mar/2017:12:28:07 -0300] "POST /cormun/servlet/solicitudot?gx-no-cache=1488468560836 HTTP/1.1" 200 1157
201.246.236.28 - - [02/Mar/2017:12:28:08 -0300] "GET /cormun/static/menuarrow.gif HTTP/1.1" 404 1015
201.246.236.28 - - [02/Mar/2017:12:28:10 -0300] "POST /cormun/servlet/solicitudot?gx-no-cache=1488468563203 HTTP/1.1" 200 1274
201.246.236.28 - - [02/Mar/2017:12:28:10 -0300] "POST /cormun/servlet/solicitudot?gx-no-cache=1488468563441 HTTP/1.1" 200 1157
186.67.172.234 - - [02/Mar/2017:12:28:14 -0300] "POST /cormun/servlet/trautorizarsolicitud?e282e159335b3772ebda07eaaa83b092,,gx-no-cache=1488468564840 HTTP/1.1" 200 5926
186.67.172.234 - - [02/Mar/2017:12:28:14 -0300] "GET /cormun/static/Shared/jqueryui/images/ui-icons_82798d_256x240.png HTTP/1.1" 404 1089
186.67.172.234 - - [02/Mar/2017:12:28:14 -0300] "GET /cormun/static/Shared/jqueryui/images/ui-bg_highlight-soft_100_c6c2c8_1x100.png HTTP/1.1" 404 1117
186.67.172.234 - - [02/Mar/2017:12:28:14 -0300] "GET /cormun/static/Shared/jqueryui/images/ui-bg_flat_55_fafafa_40x100.png HTTP/1.1" 404 1097
186.67.172.234 - - [02/Mar/2017:12:28:14 -0300] "GET /cormun/static/Shared/jqueryui/images/ui-icons_8d78a5_256x240.png HTTP/1.1" 404 1089
186.67.172.234 - - [02/Mar/2017:12:28:15 -0300] "POST /cormun/servlet/trautorizarsolicitud?e282e159335b3772ebda07eaaa83b092,,gx-no-cache=1488468565183 HTTP/1.1" 200 5870
192.168.10.89 - - [02/Mar/2017:12:28:16 -0300] "POST /cormun/servlet/trautorizarsolicitud?ccdbdceab80fd9c9401ed40c91025669,,gx-no-cache=1488471782373 HTTP/1.1" 200 115
192.168.10.89 - - [02/Mar/2017:12:28:16 -0300] "GET /cormun/servlet/solicitudotlog?INS,2017,3541,0,REC, HTTP/1.1" 200 5765
192.168.10.89 - - [02/Mar/2017:12:28:17 -0300] "GET /cormun/servlet/solicitudotlog?0c7cfe5e196fb5ff77f7f9449d92ad340e3d791e1872352d44472163caa779013479e2bf89011f46d50d2f9749eebdb3ee7fc00afe1ffd84e42ef426be10f81f9787f61cc895fac98a2d24568b620d4f9bffdc711e586583e983c0ba6113b99b0e045c4f3b3de17668f8882ed7bf849752b72f9cab40ad18a97539a7d1c7b9ec267f5c59a1d6c2cb6c332809ebd5825329ec45eca34a5b6e5815634f3752d4eb,gx-no-cache=1488471783710 HTTP/1.1" 200 94
186.67.172.234 - - [02/Mar/2017:12:28:20 -0300] "POST /cormun/servlet/trautorizarsolicitud?e282e159335b3772ebda07eaaa83b092,,gx-no-cache=1488468570896 HTTP/1.1" 200 5484
186.67.172.234 - - [02/Mar/2017:12:28:20 -0300] "POST /cormun/servlet/trautorizarsolicitud?e282e159335b3772ebda07eaaa83b092,,gx-no-cache=1488468571192 HTTP/1.1" 200 5427
192.168.10.89 - - [02/Mar/2017:12:28:21 -0300] "POST /cormun/servlet/solicitudotlog?ccdbdceab80fd9c9401ed40c91025669,INS,2017,3541,0,REC,,gx-no-cache=1488471787066 HTTP/1.1" 200 93
192.168.10.89 - - [02/Mar/2017:12:28:21 -0300] "GET /cormun/servlet/hpexe_return? HTTP/1.1" 200 1022
192.168.10.89 - - [02/Mar/2017:12:28:21 -0300] "GET /cormun/servlet/trautorizarsolicitud HTTP/1.1" 200 8171
192.168.10.89 - - [02/Mar/2017:12:28:23 -0300] "POST /cormun/servlet/trautorizarsolicitud?ccdbdceab80fd9c9401ed40c91025669,gx-no-cache=1488471789807 HTTP/1.1" 200 115
192.168.10.89 - - [02/Mar/2017:12:28:24 -0300] "GET /cormun/servlet/solicitudotlog?INS,2017,3540,0,REC, HTTP/1.1" 200 5765
192.168.10.89 - - [02/Mar/2017:12:28:25 -0300] "GET /cormun/servlet/solicitudotlog?0c7cfe5e196fb5ff77f7f9449d92ad34f86182790c683f2c23446f4a6f5b10323479e2bf89011f46d50d2f9749eebdb3ee7fc00afe1ffd84e42ef426be10f81f9787f61cc895fac98a2d24568b620d4f9bffdc711e586583e983c0ba6113b99b0e045c4f3b3de17668f8882ed7bf849752b72f9cab40ad18a97539a7d1c7b9ec267f5c59a1d6c2cb6c332809ebd5825329ec45eca34a5b6e5815634f3752d4eb,gx-no-cache=1488471791144 HTTP/1.1" 200 94
186.67.172.234 - - [02/Mar/2017:12:28:27 -0300] "POST /cormun/servlet/trautorizarsolicitud?e282e159335b3772ebda07eaaa83b092,,gx-no-cache=1488468578336 HTTP/1.1" 200 4344
192.168.10.89 - - [02/Mar/2017:12:28:28 -0300] "POST /cormun/servlet/solicitudotlog?ccdbdceab80fd9c9401ed40c91025669,INS,2017,3540,0,REC,,gx-no-cache=1488471794364 HTTP/1.1" 200 93
192.168.10.89 - - [02/Mar/2017:12:28:28 -0300] "GET /cormun/servlet/hpexe_return? HTTP/1.1" 200 1022
186.67.172.234 - - [02/Mar/2017:12:28:28 -0300] "POST /cormun/servlet/trautorizarsolicitud?e282e159335b3772ebda07eaaa83b092,,gx-no-cache=1488468579006 HTTP/1.1" 200 4102
192.168.10.89 - - [02/Mar/2017:12:28:28 -0300] "GET /cormun/servlet/trautorizarsolicitud HTTP/1.1" 200 6909
192.168.10.89 - - [02/Mar/2017:12:28:34 -0300] "GET /cormun/servlet/trsolicitudot? HTTP/1.1" 200 9661
192.168.10.89 - - [02/Mar/2017:12:28:40 -0300] "POST /cormun/servlet/trsolicitudot?ccdbdceab80fd9c9401ed40c91025669,,gx-no-cache=1488471805991 HTTP/1.1" 200 106
192.168.10.89 - - [02/Mar/2017:12:28:40 -0300] "GET /cormun/servlet/solicitudot?DLT,2017,3541, HTTP/1.1" 200 9562
192.168.10.89 - - [02/Mar/2017:12:28:41 -0300] "GET /cormun/static/Shared/jqueryui/images/ui-icons_82798d_256x240.png HTTP/1.1" 404 1089
192.168.10.89 - - [02/Mar/2017:12:28:41 -0300] "GET /cormun/static/Shared/jqueryui/images/ui-bg_highlight-soft_100_c6c2c8_1x100.png HTTP/1.1" 404 1117
192.168.10.89 - - [02/Mar/2017:12:28:41 -0300] "GET /cormun/static/Shared/jqueryui/images/ui-bg_flat_55_fafafa_40x100.png HTTP/1.1" 404 1097
192.168.10.89 - - [02/Mar/2017:12:28:41 -0300] "GET /cormun/static/Shared/jqueryui/images/ui-icons_8d78a5_256x240.png HTTP/1.1" 404 1089
192.168.10.89 - - [02/Mar/2017:12:28:44 -0300] "GET /cormun/servlet/trsolicitudot? HTTP/1.1" 200 9661
192.168.10.89 - - [02/Mar/2017:12:28:47 -0300] "POST /cormun/servlet/trsolicitudot?ccdbdceab80fd9c9401ed40c91025669,,gx-no-cache=1488471813125 HTTP/1.1" 200 107
192.168.10.89 - - [02/Mar/2017:12:28:47 -0300] "GET /cormun/servlet/trsolicitudadjuntos?2017,3541, HTTP/1.1" 200 6083
192.168.10.89 - - [02/Mar/2017:12:28:47 -0300] "GET /cormun/static/gxcfg.js?201612218531388 HTTP/1.1" 304 -
192.168.10.89 - - [02/Mar/2017:12:28:50 -0300] "GET /cormun/servlet/trsolicitudot? HTTP/1.1" 200 9661
201.246.236.28 - - [02/Mar/2017:12:28:55 -0300] "GET /cormun/servlet/solicitudot?df4623558730fe8df60bb93b8f85397dc0e6354c19b1b149529728f83ad0a161e4ca50b23070dacd3ad8236ace7cbd40345d63b6d91e1705e46ac381f697201b1ba3bd7d1787cf667cedf88d185537bf406f69b4688103eb1d10483efdc9475f801a19793eddbf0148ddb05c1dff9e54991371d67f18790320a7a75a1c651fa62b28a8c93558273bc94ee6f9f4859001d7a68d4cef7bd9c852e49ab3360ffae1151f74fbfcde929a8ffda85b2642b9350115f7e5fd348944df53b926aaa7eb4f,gx-no-cache=1488468608390 HTTP/1.1" 200 30
201.246.236.28 - - [02/Mar/2017:12:28:56 -0300] "POST /cormun/servlet/solicitudot?f746a4eaa02f6aa3a86ecfa7039d7f32,INS,0,0,,gx-no-cache=1488468608553 HTTP/1.1" 200 93
201.246.236.28 - - [02/Mar/2017:12:28:56 -0300] "GET /cormun/servlet/hpexe_return? HTTP/1.1" 200 1010
201.246.236.28 - - [02/Mar/2017:12:28:56 -0300] "GET /cormun/servlet/trsolicitudot HTTP/1.1" 200 8300
192.168.10.89 - - [02/Mar/2017:12:28:56 -0300] "POST /cormun/servlet/trsolicitudot?ccdbdceab80fd9c9401ed40c91025669,,gx-no-cache=1488471822564 HTTP/1.1" 200 106
192.168.10.89 - - [02/Mar/2017:12:28:56 -0300] "GET /cormun/servlet/solicitudot?DLT,2017,3541, HTTP/1.1" 200 9562
192.168.10.89 - - [02/Mar/2017:12:28:57 -0300] "GET /cormun/static/Shared/jqueryui/images/ui-icons_8d78a5_256x240.png HTTP/1.1" 404 1089
192.168.10.89 - - [02/Mar/2017:12:28:57 -0300] "GET /cormun/static/Shared/jqueryui/images/ui-icons_82798d_256x240.png HTTP/1.1" 404 1089
192.168.10.89 - - [02/Mar/2017:12:28:57 -0300] "GET /cormun/static/Shared/jqueryui/images/ui-bg_highlight-soft_100_c6c2c8_1x100.png HTTP/1.1" 404 1117
192.168.10.89 - - [02/Mar/2017:12:28:57 -0300] "GET /cormun/static/Shared/jqueryui/images/ui-bg_flat_55_fafafa_40x100.png HTTP/1.1" 404 1097
201.246.236.28 - - [02/Mar/2017:12:28:58 -0300] "GET /cormun/servlet/trsolicitudot HTTP/1.1" 200 8296
192.168.10.89 - - [02/Mar/2017:12:30:10 -0300] "POST /cormun/servlet/solicitudot?ccdbdceab80fd9c9401ed40c91025669,DLT,2017,3541,,gx-no-cache=1488471896567 HTTP/1.1" 200 93
192.168.10.89 - - [02/Mar/2017:12:30:10 -0300] "GET /cormun/servlet/hpexe_return? HTTP/1.1" 200 1007
192.168.10.89 - - [02/Mar/2017:12:30:11 -0300] "GET /cormun/servlet/trsolicitudot HTTP/1.1" 200 9664
192.168.10.89 - - [02/Mar/2017:12:30:14 -0300] "GET /cormun/servlet/solicitudot?INS,0,0, HTTP/1.1" 200 12784
192.168.10.89 - - [02/Mar/2017:12:30:31 -0300] "GET /cormun/servlet/prfichaempleado?,MD,,gxPopupLevel%3D0%3B HTTP/1.1" 200 8858
192.168.10.89 - - [02/Mar/2017:12:30:38 -0300] "POST /cormun/servlet/prfichaempleado?ccdbdceab80fd9c9401ed40c91025669,,MD,,gxPopupLevel%3D0%3B,gx-no-cache=1488471923872 HTTP/1.1" 200 3387
192.168.10.89 - - [02/Mar/2017:12:30:40 -0300] "POST /cormun/servlet/solicitudot?gx-no-cache=1488471926032 HTTP/1.1" 200 3179
192.168.10.89 - - [02/Mar/2017:12:30:40 -0300] "POST /cormun/servlet/solicitudot?ccdbdceab80fd9c9401ed40c91025669,INS,0,0,,gx-no-cache=1488471926310 HTTP/1.1" 200 9962
192.168.10.89 - - [02/Mar/2017:12:30:42 -0300] "GET /cormun/servlet/solicitudot?0c7cfe5e196fb5ff77f7f9449d92ad34467ab4d0fc12c9864b747bce295b06c944013eb80a941d1eb9d620c56d63f56f,gx-no-cache=1488471928142 HTTP/1.1" 200 30
192.168.10.89 - - [02/Mar/2017:12:30:42 -0300] "POST /cormun/servlet/solicitudot?gx-no-cache=1488471928180 HTTP/1.1" 200 255
192.168.10.89 - - [02/Mar/2017:12:30:42 -0300] "GET /cormun/servlet/solicitudot?0c7cfe5e196fb5ff77f7f9449d92ad340d0fd6c32cd267222bf6ba5db0bbbb651831c3989f8584947cd96f766c76238e8cb6def87dffa1f7a91a1b06fab0fd8ec47450aa204cbed03516ce591e5f983be2ecca9e42864e3ca84c1eaf42e0c4c76933178678a0f13af3c76e191920f9a09a34a2fe7348e77a5a518cfe99e9633952c219ad4aa05956ec1e819f6e040789427dc32083544dd351c1d2af265e72d24467c7fe7962123b9f79ffb671506fd80a530e08b29885c4fd721dd137336af9c3b44a08493a7c23c6daf1a4bc96c0823eb07c6e1ac59794ae6d0a6312e8248003248a3e4032d666c7afc88e8a2c9b8e14283a98a3ea80ce94b61dfb00197ad68c6de984fbbf66fe902cc5292094646c96c23bec3d8b493ee0da59835ad04d28601040710a32e06526be4ddcc5a6322337afe92d134eb4ad01c304ba4f62b659aedd4b00731203b277018d51627ef29fdc7fe8a2bb602e743c1bb09b4bd232fc631dfd4459168c94ca20940dcfe5de30fa9f0912fda27988d92c70febc37aa60,gx-no-cache=1488471928210 HTTP/1.1" 200 30
192.168.10.89 - - [02/Mar/2017:12:30:43 -0300] "POST /cormun/servlet/solicitudot?gx-no-cache=1488471929329 HTTP/1.1" 200 30
192.168.10.89 - - [02/Mar/2017:12:30:45 -0300] "GET /cormun/servlet/prcontratosol?9459169,,,,,MD,,gxPopupLevel%3D0%3B HTTP/1.1" 200 5946
192.168.10.89 - - [02/Mar/2017:12:30:47 -0300] "POST /cormun/servlet/solicitudot?gx-no-cache=1488471933783 HTTP/1.1" 200 1292
192.168.10.89 - - [02/Mar/2017:12:30:48 -0300] "POST /cormun/servlet/solicitudot?gx-no-cache=1488471933915 HTTP/1.1" 200 38
192.168.10.89 - - [02/Mar/2017:12:30:48 -0300] "GET /cormun/servlet/solicitudot?0c7cfe5e196fb5ff77f7f9449d92ad3430bbb9ae1b03bbf33b001113c2fd5a6f3479e2bf89011f46d50d2f9749eebdb3f5700ba3362c7e48473ca06c357d1e25ff6991d05d4912532fdb5312384b98ee6f25dcb8fbd3d3871a1fa278b070f14bad4a912028833a0b6b41c9722f1026ef715f6cdba6969951c2c90d8e321c14939753bac6dcfc84cafa446613d244998c4e226ab2691be4007d70af4028d98c41,gx-no-cache=1488471933944 HTTP/1.1" 200 29
192.168.10.89 - - [02/Mar/2017:12:30:48 -0300] "POST /cormun/servlet/solicitudot?gx-no-cache=1488471933968 HTTP/1.1" 200 1275
192.168.10.89 - - [02/Mar/2017:12:30:48 -0300] "POST /cormun/servlet/solicitudot?gx-no-cache=1488471934007 HTTP/1.1" 200 1158
192.168.10.89 - - [02/Mar/2017:12:30:56 -0300] "GET /cormun/servlet/solicitudot?0c7cfe5e196fb5ff77f7f9449d92ad3430bbb9ae1b03bbf33b001113c2fd5a6f3479e2bf89011f46d50d2f9749eebdb3f5700ba3362c7e48473ca06c357d1e25ff6991d05d4912532fdb5312384b98ee6f25dcb8fbd3d3871a1fa278b070f14bad4a912028833a0b6b41c9722f1026ef715f6cdba6969951c2c90d8e321c14939753bac6dcfc84cafa446613d244998c4e226ab2691be4007d70af4028d98c41,gx-no-cache=1488471942530 HTTP/1.1" 200 29
192.168.10.89 - - [02/Mar/2017:12:30:56 -0300] "POST /cormun/servlet/solicitudot?gx-no-cache=1488471942590 HTTP/1.1" 200 1275
192.168.10.89 - - [02/Mar/2017:12:30:58 -0300] "POST /cormun/servlet/solicitudot?gx-no-cache=1488471944187 HTTP/1.1" 200 1158
192.168.10.89 - - [02/Mar/2017:12:31:05 -0300] "GET /cormun/servlet/solicitudot?0c7cfe5e196fb5ff77f7f9449d92ad344b361b336005cdb81d6f27d6a1ebd9df7e64b1e05a0770db632ff3afc174463d5268091990386cdeda5c05bb944625aad64a2c4ad90d2d7c5f5c399dcd02530e367dee86b5489f49f241d4bce30b609e1e0c2d417ee81da820f3a5e1e5ffa85a75d91f5c6fba90528331a7a05faeb7c3e29d571b3b8709b17253a5d1077be5cd0e0a3b6d4aff9c5d0621398120baee92934b16a9ecd1bc4c6fe2e1d47454d359,gx-no-cache=1488471950958 HTTP/1.1" 200 30
192.168.10.89 - - [02/Mar/2017:12:31:10 -0300] "POST /cormun/servlet/solicitudot?ccdbdceab80fd9c9401ed40c91025669,INS,0,0,,gx-no-cache=1488471955694 HTTP/1.1" 200 93
192.168.10.89 - - [02/Mar/2017:12:31:10 -0300] "GET /cormun/servlet/hpexe_return? HTTP/1.1" 200 1001
192.168.10.89 - - [02/Mar/2017:12:31:10 -0300] "GET /cormun/servlet/trsolicitudot HTTP/1.1" 200 10044
192.168.10.89 - - [02/Mar/2017:12:31:14 -0300] "POST /cormun/servlet/trsolicitudot?ccdbdceab80fd9c9401ed40c91025669,gx-no-cache=1488471960064 HTTP/1.1" 200 6895
192.168.10.89 - - [02/Mar/2017:12:31:14 -0300] "POST /cormun/servlet/trsolicitudot?ccdbdceab80fd9c9401ed40c91025669,gx-no-cache=1488471960580 HTTP/1.1" 200 6838
192.168.10.89 - - [02/Mar/2017:12:31:15 -0300] "GET /cormun/static/Shared/jqueryui/images/ui-bg_highlight-soft_100_c6c2c8_1x100.png HTTP/1.1" 404 1117
192.168.10.89 - - [02/Mar/2017:12:31:15 -0300] "GET /cormun/static/Shared/jqueryui/images/ui-icons_8d78a5_256x240.png HTTP/1.1" 404 1089
192.168.10.89 - - [02/Mar/2017:12:31:15 -0300] "GET /cormun/static/Shared/jqueryui/images/ui-bg_flat_55_fafafa_40x100.png HTTP/1.1" 404 1097
192.168.10.89 - - [02/Mar/2017:12:31:15 -0300] "GET /cormun/static/Shared/jqueryui/images/ui-icons_82798d_256x240.png HTTP/1.1" 404 1089
192.168.10.89 - - [02/Mar/2017:12:31:22 -0300] "GET /cormun/servlet/solicitudot?INS,0,0, HTTP/1.1" 200 12784
192.168.10.89 - - [02/Mar/2017:12:31:31 -0300] "GET /cormun/servlet/prfichaempleado?,MD,,gxPopupLevel%3D0%3B HTTP/1.1" 200 8858
192.168.10.89 - - [02/Mar/2017:12:31:40 -0300] "POST /cormun/servlet/prfichaempleado?ccdbdceab80fd9c9401ed40c91025669,,MD,,gxPopupLevel%3D0%3B,gx-no-cache=1488471986144 HTTP/1.1" 200 3386
192.168.10.89 - - [02/Mar/2017:12:31:42 -0300] "POST /cormun/servlet/solicitudot?gx-no-cache=1488471988614 HTTP/1.1" 200 3156
192.168.10.89 - - [02/Mar/2017:12:31:43 -0300] "POST /cormun/servlet/solicitudot?ccdbdceab80fd9c9401ed40c91025669,INS,0,0,,gx-no-cache=1488471988855 HTTP/1.1" 200 9919
192.168.10.89 - - [02/Mar/2017:12:31:44 -0300] "GET /cormun/servlet/solicitudot?0c7cfe5e196fb5ff77f7f9449d92ad34747e48c46b3affe0ee0b206a276e26022c8d8328e3033438db977e26204040fd,gx-no-cache=1488471990528 HTTP/1.1" 200 30
192.168.10.89 - - [02/Mar/2017:12:31:44 -0300] "POST /cormun/servlet/solicitudot?gx-no-cache=1488471990545 HTTP/1.1" 200 240
192.168.10.89 - - [02/Mar/2017:12:31:44 -0300] "GET /cormun/servlet/solicitudot?0c7cfe5e196fb5ff77f7f9449d92ad340d0fd6c32cd267222bf6ba5db0bbbb656cd91180ae4a4319e6738e23b546829c8cb6def87dffa1f7a91a1b06fab0fd8ec47450aa204cbed03516ce591e5f983be2ecca9e42864e3ca84c1eaf42e0c4c76933178678a0f13af3c76e191920f9a09a34a2fe7348e77a5a518cfe99e9633952c219ad4aa05956ec1e819f6e040789427dc32083544dd351c1d2af265e72d24467c7fe7962123b9f79ffb671506fd80a530e08b29885c4fd721dd137336af9c3b44a08493a7c23c6daf1a4bc96c0823eb07c6e1ac59794ae6d0a6312e8248003248a3e4032d666c7afc88e8a2c9b8e14283a98a3ea80ce94b61dfb00197ad68c6de984fbbf66fe902cc5292094646c6332efe9d01811cc4045f36b5fc82537c55c5d0a6ce7e94fe64295b3c2a5fc24f3cf92a8660a85bb4a39eb050d05abc57789d083bae043c5afe041cce47f5918a5a9e9c9511538419668458148ab18b41c60193b96880404801ecee1e29eac54c554d63817c85779875b6596c39119dc,gx-no-cache=1488471990598 HTTP/1.1" 200 30
192.168.10.89 - - [02/Mar/2017:12:31:46 -0300] "POST /cormun/servlet/solicitudot?gx-no-cache=1488471992557 HTTP/1.1" 200 30
186.103.196.84 - - [02/Mar/2017:12:32:30 -0300] "GET /cormun/servlet/hlogin HTTP/1.1" 200 1727
186.103.196.84 - - [02/Mar/2017:12:32:32 -0300] "POST /cormun/servlet/hlogin?cf49f73816ed098125954eae8233d3c6,gx-no-cache=1488468822147 HTTP/1.1" 200 90
186.103.196.84 - - [02/Mar/2017:12:32:32 -0300] "GET /cormun/servlet/hpexe_link HTTP/1.1" 200 956
186.103.196.84 - - [02/Mar/2017:12:32:32 -0300] "GET /cormun/servlet/hhome HTTP/1.1" 200 3964
186.103.196.84 - - [02/Mar/2017:12:32:33 -0300] "GET /cormun/servlet/hhome HTTP/1.1" 200 3960
186.103.196.84 - - [02/Mar/2017:12:32:42 -0300] "GET /cormun/servlet/trlicencias? HTTP/1.1" 200 7995
186.103.196.84 - - [02/Mar/2017:12:32:43 -0300] "GET /cormun/servlet/trlicencias? HTTP/1.1" 200 7993
186.103.196.84 - - [02/Mar/2017:12:33:01 -0300] "POST /cormun/servlet/trlicencias?cf49f73816ed098125954eae8233d3c6,,gx-no-cache=1488468851154 HTTP/1.1" 200 4243
186.103.196.84 - - [02/Mar/2017:12:33:01 -0300] "GET /cormun/static/Shared/jqueryui/images/ui-icons_82798d_256x240.png HTTP/1.1" 404 1089
186.103.196.84 - - [02/Mar/2017:12:33:01 -0300] "GET /cormun/static/Shared/jqueryui/images/ui-bg_highlight-soft_100_c6c2c8_1x100.png HTTP/1.1" 404 1117
186.103.196.84 - - [02/Mar/2017:12:33:01 -0300] "GET /cormun/static/Shared/jqueryui/images/ui-bg_flat_55_fafafa_40x100.png HTTP/1.1" 404 1097
186.103.196.84 - - [02/Mar/2017:12:33:01 -0300] "GET /cormun/static/Shared/jqueryui/images/ui-icons_8d78a5_256x240.png HTTP/1.1" 404 1089
186.103.196.84 - - [02/Mar/2017:12:33:16 -0300] "GET /cormun/servlet/licenciaspermisos?INS,0,,, HTTP/1.1" 200 7332
186.103.196.84 - - [02/Mar/2017:12:33:17 -0300] "GET /cormun/servlet/licenciaspermisos?INS,0,,, HTTP/1.1" 200 7331
186.103.196.84 - - [02/Mar/2017:12:33:26 -0300] "GET /cormun/servlet/prfichaempleado?,MD,,gxPopupLevel%3D0%3B HTTP/1.1" 200 8839
186.103.196.84 - - [02/Mar/2017:12:33:46 -0300] "POST /cormun/servlet/prfichaempleado?cf49f73816ed098125954eae8233d3c6,,MD,,gxPopupLevel%3D0%3B,gx-no-cache=1488468892990 HTTP/1.1" 200 3480
186.103.196.84 - - [02/Mar/2017:12:34:12 -0300] "GET /cormun/servlet/licenciaspermisos?037cf1c8bf06933e3a596cb15e08a9cc06f5061a30a970405cff137ebd129a5e86712f4b441aef9938e3c8caf8208e37,gx-no-cache=1488468922060 HTTP/1.1" 200 66
186.103.196.84 - - [02/Mar/2017:12:34:12 -0300] "POST /cormun/servlet/licenciaspermisos?cf49f73816ed098125954eae8233d3c6,INS,0,,,,gx-no-cache=1488468922169 HTTP/1.1" 200 4613
192.168.10.89 - - [02/Mar/2017:12:34:56 -0300] "POST /cormun/servlet/solicitudot?gx-no-cache=1488472182796 HTTP/1.1" 200 30
192.168.10.89 - - [02/Mar/2017:12:35:27 -0300] "POST /cormun/servlet/solicitudot?ccdbdceab80fd9c9401ed40c91025669,INS,0,0,,gx-no-cache=1488472212901 HTTP/1.1" 200 93
192.168.10.89 - - [02/Mar/2017:12:35:27 -0300] "GET /cormun/servlet/hpexe_return? HTTP/1.1" 200 1022
192.168.10.89 - - [02/Mar/2017:12:35:27 -0300] "GET /cormun/servlet/trsolicitudot?gx-no-cache=1488471960580 HTTP/1.1" 200 9664
192.168.10.89 - - [02/Mar/2017:12:35:33 -0300] "GET /cormun/servlet/solicitudot?INS,0,0, HTTP/1.1" 200 12805
192.168.10.89 - - [02/Mar/2017:12:35:42 -0300] "GET /cormun/servlet/prfichaempleado?,MD,,gxPopupLevel%3D0%3B HTTP/1.1" 200 8858
192.168.10.89 - - [02/Mar/2017:12:35:48 -0300] "POST /cormun/servlet/prfichaempleado?ccdbdceab80fd9c9401ed40c91025669,,MD,,gxPopupLevel%3D0%3B,gx-no-cache=1488472234179 HTTP/1.1" 200 3386
192.168.10.89 - - [02/Mar/2017:12:35:50 -0300] "POST /cormun/servlet/solicitudot?gx-no-cache=1488472236513 HTTP/1.1" 200 3155
192.168.10.89 - - [02/Mar/2017:12:35:50 -0300] "POST /cormun/servlet/solicitudot?ccdbdceab80fd9c9401ed40c91025669,INS,0,0,,gx-no-cache=1488472236728 HTTP/1.1" 200 9965
192.168.10.89 - - [02/Mar/2017:12:35:53 -0300] "GET /cormun/servlet/solicitudot?0c7cfe5e196fb5ff77f7f9449d92ad34747e48c46b3affe0ee0b206a276e26022c8d8328e3033438db977e26204040fd,gx-no-cache=1488472239105 HTTP/1.1" 200 30
192.168.10.89 - - [02/Mar/2017:12:35:53 -0300] "POST /cormun/servlet/solicitudot?gx-no-cache=1488472239141 HTTP/1.1" 200 255
192.168.10.89 - - [02/Mar/2017:12:35:53 -0300] "GET /cormun/servlet/solicitudot?0c7cfe5e196fb5ff77f7f9449d92ad340d0fd6c32cd267222bf6ba5db0bbbb651831c3989f8584947cd96f766c76238e8cb6def87dffa1f7a91a1b06fab0fd8ec47450aa204cbed03516ce591e5f983be2ecca9e42864e3ca84c1eaf42e0c4c76933178678a0f13af3c76e191920f9a09a34a2fe7348e77a5a518cfe99e9633952c219ad4aa05956ec1e819f6e040789427dc32083544dd351c1d2af265e72d24467c7fe7962123b9f79ffb671506fd80a530e08b29885c4fd721dd137336af9c3b44a08493a7c23c6daf1a4bc96c0823eb07c6e1ac59794ae6d0a6312e8248003248a3e4032d666c7afc88e8a2c9b8e14283a98a3ea80ce94b61dfb00197ad68c6de984fbbf66fe902cc5292094646c96c23bec3d8b493ee0da59835ad04d28601040710a32e06526be4ddcc5a6322337afe92d134eb4ad01c304ba4f62b659aedd4b00731203b277018d51627ef29fdc7fe8a2bb602e743c1bb09b4bd232fc631dfd4459168c94ca20940dcfe5de30fa9f0912fda27988d92c70febc37aa60,gx-no-cache=1488472239171 HTTP/1.1" 200 30
192.168.10.89 - - [02/Mar/2017:12:35:54 -0300] "POST /cormun/servlet/solicitudot?gx-no-cache=1488472240170 HTTP/1.1" 200 30
192.168.10.89 - - [02/Mar/2017:12:35:56 -0300] "GET /cormun/servlet/prsolicitudot?12516812,,,,,MD,,gxPopupLevel%3D0%3B HTTP/1.1" 200 5964
192.168.10.89 - - [02/Mar/2017:12:36:01 -0300] "POST /cormun/servlet/solicitudot?gx-no-cache=1488472247602 HTTP/1.1" 200 235
192.168.10.89 - - [02/Mar/2017:12:36:01 -0300] "POST /cormun/servlet/solicitudot?gx-no-cache=1488472247649 HTTP/1.1" 200 38
192.168.10.89 - - [02/Mar/2017:12:36:01 -0300] "GET /cormun/servlet/solicitudot?0c7cfe5e196fb5ff77f7f9449d92ad3430bbb9ae1b03bbf33b001113c2fd5a6f3479e2bf89011f46d50d2f9749eebdb3f5700ba3362c7e48473ca06c357d1e25ff6991d05d4912532fdb5312384b98ee6f25dcb8fbd3d3871a1fa278b070f14bad4a912028833a0b6b41c9722f1026ef715f6cdba6969951c2c90d8e321c14939753bac6dcfc84cafa446613d244998c4e226ab2691be4007d70af4028d98c41,gx-no-cache=1488472247678 HTTP/1.1" 200 29
192.168.10.89 - - [02/Mar/2017:12:36:01 -0300] "POST /cormun/servlet/solicitudot?gx-no-cache=1488472247698 HTTP/1.1" 200 643
192.168.10.89 - - [02/Mar/2017:12:36:01 -0300] "POST /cormun/servlet/solicitudot?gx-no-cache=1488472247743 HTTP/1.1" 200 518
192.168.10.89 - - [02/Mar/2017:12:36:14 -0300] "GET /cormun/servlet/solicitudot?0c7cfe5e196fb5ff77f7f9449d92ad3430bbb9ae1b03bbf33b001113c2fd5a6f3479e2bf89011f46d50d2f9749eebdb3f5700ba3362c7e48473ca06c357d1e25ff6991d05d4912532fdb5312384b98ee6f25dcb8fbd3d3871a1fa278b070f14bad4a912028833a0b6b41c9722f1026ef715f6cdba6969951c2c90d8e321c14939753bac6dcfc84cafa446613d244998c4e226ab2691be4007d70af4028d98c41,gx-no-cache=1488472260845 HTTP/1.1" 200 29
192.168.10.89 - - [02/Mar/2017:12:36:15 -0300] "POST /cormun/servlet/solicitudot?gx-no-cache=1488472260869 HTTP/1.1" 200 643
192.168.10.89 - - [02/Mar/2017:12:36:17 -0300] "POST /cormun/servlet/solicitudot?gx-no-cache=1488472263243 HTTP/1.1" 200 1157
201.246.236.28 - - [02/Mar/2017:12:36:18 -0300] "POST /cormun/servlet/trsolicitudot?f746a4eaa02f6aa3a86ecfa7039d7f32,gx-no-cache=1488469051442 HTTP/1.1" 200 106
201.246.236.28 - - [02/Mar/2017:12:36:19 -0300] "GET /cormun/servlet/trsolicitudadjuntos?2017,5073, HTTP/1.1" 200 6080
201.246.236.28 - - [02/Mar/2017:12:36:19 -0300] "GET /cormun/static/gxcfg.js?201612218531388 HTTP/1.1" 200 953
201.246.236.28 - - [02/Mar/2017:12:36:19 -0300] "GET /cormun/static/trsolicitudadjuntos.js?201612218531657 HTTP/1.1" 200 17913
201.246.236.28 - - [02/Mar/2017:12:36:21 -0300] "GET /cormun/servlet/trsolicitudadjuntos?2017,5073, HTTP/1.1" 200 6079
192.168.10.89 - - [02/Mar/2017:12:36:25 -0300] "GET /cormun/servlet/solicitudot?0c7cfe5e196fb5ff77f7f9449d92ad34ccb26eae6c4c3cf52acc2fe04665f5f4f9dcfd08707db90989391bd22eff2bb7b536d70c212a9e382334d4d3f0e1aad186b0c7c2d3a828ac73496e81b71952d6196f8ffaeead0155cf0547a60269b2e4cbc786d58269c358c7def9aa5996f7e9d85d3e2ed204e4a3b2736150e6df2188d135c080797b6e12d5f43d5ddb3a6ee63ea0a016f3d52b7779809b3c2b230014c4a69804a457f74f7ce791dff90eb103,gx-no-cache=1488472271346 HTTP/1.1" 200 30
201.246.236.28 - - [02/Mar/2017:12:36:27 -0300] "GET /cormun/servlet/solicitudotadjuntos?INS,2017,5073,,2, HTTP/1.1" 200 6007
201.246.236.28 - - [02/Mar/2017:12:36:27 -0300] "GET /cormun/static/gxcfg.js?201612218465951 HTTP/1.1" 200 953
201.246.236.28 - - [02/Mar/2017:12:36:27 -0300] "GET /cormun/static/solicitudotadjuntos.js?201612218465969 HTTP/1.1" 200 11762
201.246.236.28 - - [02/Mar/2017:12:36:27 -0300] "GET /cormun/static/about:blank HTTP/1.1" 404 1011
201.246.236.28 - - [02/Mar/2017:12:36:28 -0300] "GET /cormun/servlet/solicitudotadjuntos?INS,2017,5073,,2, HTTP/1.1" 200 6000
201.246.236.28 - - [02/Mar/2017:12:36:28 -0300] "GET /cormun/servlet/solicitudotadjuntos?df4623558730fe8df60bb93b8f85397d2e88ccbebaa01877d51c8219b6bf006156a03a1d5e0278165cffd981a5609955,gx-no-cache=1488469061972 HTTP/1.1" 200 30
201.246.236.28 - - [02/Mar/2017:12:36:29 -0300] "POST /cormun/servlet/solicitudotadjuntos?f746a4eaa02f6aa3a86ecfa7039d7f32,INS,2017,5073,,2,,gx-no-cache=1488469062090 HTTP/1.1" 200 4013
192.168.10.89 - - [02/Mar/2017:12:36:31 -0300] "POST /cormun/servlet/solicitudot?ccdbdceab80fd9c9401ed40c91025669,INS,0,0,,gx-no-cache=1488472276838 HTTP/1.1" 200 93
192.168.10.89 - - [02/Mar/2017:12:36:31 -0300] "GET /cormun/servlet/hpexe_return? HTTP/1.1" 200 1022
192.168.10.89 - - [02/Mar/2017:12:36:31 -0300] "GET /cormun/servlet/trsolicitudot?gx-no-cache=1488471960580 HTTP/1.1" 200 10016
192.168.10.89 - - [02/Mar/2017:12:36:37 -0300] "POST /cormun/servlet/trsolicitudot?ccdbdceab80fd9c9401ed40c91025669,gx-no-cache=1488471960580,gx-no-cache=1488472283552 HTTP/1.1" 200 6895
192.168.10.89 - - [02/Mar/2017:12:36:38 -0300] "POST /cormun/servlet/trsolicitudot?ccdbdceab80fd9c9401ed40c91025669,gx-no-cache=1488471960580,gx-no-cache=1488472284083 HTTP/1.1" 200 6838
192.168.10.89 - - [02/Mar/2017:12:36:38 -0300] "GET /cormun/static/Shared/jqueryui/images/ui-bg_highlight-soft_100_c6c2c8_1x100.png HTTP/1.1" 404 1117
192.168.10.89 - - [02/Mar/2017:12:36:38 -0300] "GET /cormun/static/Shared/jqueryui/images/ui-icons_8d78a5_256x240.png HTTP/1.1" 404 1089
192.168.10.89 - - [02/Mar/2017:12:36:38 -0300] "GET /cormun/static/Shared/jqueryui/images/ui-icons_82798d_256x240.png HTTP/1.1" 404 1089
192.168.10.89 - - [02/Mar/2017:12:36:38 -0300] "GET /cormun/static/Shared/jqueryui/images/ui-bg_flat_55_fafafa_40x100.png HTTP/1.1" 404 1097
192.168.10.89 - - [02/Mar/2017:12:36:44 -0300] "GET /cormun/servlet/solicitudot?INS,0,0, HTTP/1.1" 200 12806
201.246.236.28 - - [02/Mar/2017:12:36:50 -0300] "POST /cormun/servlet/solicitudotadjuntos?f746a4eaa02f6aa3a86ecfa7039d7f32,INS,2017,5073,,2,,gx-no-cache=1488469083548 HTTP/1.1" 200 90
201.246.236.28 - - [02/Mar/2017:12:36:50 -0300] "GET /cormun/servlet/hpexe_link HTTP/1.1" 200 987
201.246.236.28 - - [02/Mar/2017:12:36:51 -0300] "GET /cormun/servlet/trsolicitudadjuntos?2017,5073, HTTP/1.1" 200 6081
201.246.236.28 - - [02/Mar/2017:12:36:52 -0300] "GET /cormun/servlet/trsolicitudadjuntos?2017,5073, HTTP/1.1" 200 6079
192.168.10.89 - - [02/Mar/2017:12:36:54 -0300] "GET /cormun/servlet/prfichaempleado?,MD,,gxPopupLevel%3D0%3B HTTP/1.1" 200 8858
201.246.236.28 - - [02/Mar/2017:12:36:54 -0300] "GET /cormun/servlet/solicitudotadjuntos?INS,2017,5073,,1, HTTP/1.1" 200 6009
201.246.236.28 - - [02/Mar/2017:12:36:55 -0300] "GET /cormun/static/about:blank HTTP/1.1" 404 1011
201.246.236.28 - - [02/Mar/2017:12:36:56 -0300] "GET /cormun/servlet/solicitudotadjuntos?INS,2017,5073,,1, HTTP/1.1" 200 6003
201.246.236.28 - - [02/Mar/2017:12:36:56 -0300] "GET /cormun/servlet/solicitudotadjuntos?df4623558730fe8df60bb93b8f85397d2e88ccbebaa01877d51c8219b6bf006156a03a1d5e0278165cffd981a5609955,gx-no-cache=1488469089799 HTTP/1.1" 200 30
201.246.236.28 - - [02/Mar/2017:12:36:57 -0300] "POST /cormun/servlet/solicitudotadjuntos?f746a4eaa02f6aa3a86ecfa7039d7f32,INS,2017,5073,,1,,gx-no-cache=1488469089907 HTTP/1.1" 200 3868
192.168.10.89 - - [02/Mar/2017:12:37:01 -0300] "POST /cormun/servlet/prfichaempleado?ccdbdceab80fd9c9401ed40c91025669,,MD,,gxPopupLevel%3D0%3B,gx-no-cache=1488472307160 HTTP/1.1" 200 3442
192.168.10.89 - - [02/Mar/2017:12:37:10 -0300] "POST /cormun/servlet/solicitudot?gx-no-cache=1488472316388 HTTP/1.1" 200 3176
192.168.10.89 - - [02/Mar/2017:12:37:10 -0300] "POST /cormun/servlet/solicitudot?ccdbdceab80fd9c9401ed40c91025669,INS,0,0,,gx-no-cache=1488472316647 HTTP/1.1" 200 9975
186.79.22.75 - - [02/Mar/2017:12:37:14 -0300] "GET /cormun/servlet/hlogin HTTP/1.1" 200 1716
186.79.22.75 - - [02/Mar/2017:12:37:15 -0300] "GET /cormun/servlet/hlogin HTTP/1.1" 200 1727
201.246.236.28 - - [02/Mar/2017:12:37:16 -0300] "POST /cormun/servlet/solicitudotadjuntos?gx-no-cache=1488469109238 HTTP/1.1" 200 26
201.246.236.28 - - [02/Mar/2017:12:37:16 -0300] "GET /cormun/servlet/solicitudotadjuntos?df4623558730fe8df60bb93b8f85397d322d62f4affa1a95ae0e0247ea8e9768,gx-no-cache=1488469109342 HTTP/1.1" 200 30
201.246.236.28 - - [02/Mar/2017:12:37:16 -0300] "GET /cormun/servlet/solicitudotadjuntos?df4623558730fe8df60bb93b8f85397d322d62f4affa1a95ae0e0247ea8e9768,gx-no-cache=1488469109516 HTTP/1.1" 200 30
201.246.236.28 - - [02/Mar/2017:12:37:16 -0300] "POST /cormun/servlet/solicitudotadjuntos?f746a4eaa02f6aa3a86ecfa7039d7f32,INS,2017,5073,,1,,gx-no-cache=1488469109623 HTTP/1.1" 200 93
201.246.236.28 - - [02/Mar/2017:12:37:17 -0300] "GET /cormun/servlet/hpexe_return? HTTP/1.1" 200 1028
201.246.236.28 - - [02/Mar/2017:12:37:17 -0300] "GET /cormun/servlet/trsolicitudadjuntos?2017,5073, HTTP/1.1" 200 8081
201.246.236.28 - - [02/Mar/2017:12:37:18 -0300] "GET /cormun/servlet/trsolicitudadjuntos?2017,5073, HTTP/1.1" 200 8074
192.168.10.89 - - [02/Mar/2017:12:37:24 -0300] "GET /cormun/servlet/solicitudot?0c7cfe5e196fb5ff77f7f9449d92ad3436429ba88dc569be585888348be4848c2c8d8328e3033438db977e26204040fd,gx-no-cache=1488472330430 HTTP/1.1" 200 30
192.168.10.89 - - [02/Mar/2017:12:37:27 -0300] "POST /cormun/servlet/solicitudot?gx-no-cache=1488472333251 HTTP/1.1" 200 255
192.168.10.89 - - [02/Mar/2017:12:37:27 -0300] "GET /cormun/servlet/solicitudot?0c7cfe5e196fb5ff77f7f9449d92ad340d0fd6c32cd267222bf6ba5db0bbbb651831c3989f8584947cd96f766c76238e8cb6def87dffa1f7a91a1b06fab0fd8ec47450aa204cbed03516ce591e5f983be2ecca9e42864e3ca84c1eaf42e0c4c76933178678a0f13af3c76e191920f9a09a34a2fe7348e77a5a518cfe99e9633952c219ad4aa05956ec1e819f6e040789427dc32083544dd351c1d2af265e72d24467c7fe7962123b9f79ffb671506fd80a530e08b29885c4fd721dd137336af9c3b44a08493a7c23c6daf1a4bc96c0823eb07c6e1ac59794ae6d0a6312e8248003248a3e4032d666c7afc88e8a2c9b8e14283a98a3ea80ce94b61dfb00197ad68c6de984fbbf66fe902cc5292094646c96c23bec3d8b493ee0da59835ad04d28601040710a32e06526be4ddcc5a6322337afe92d134eb4ad01c304ba4f62b659aedd4b00731203b277018d51627ef29fdc7fe8a2bb602e743c1bb09b4bd232fc631dfd4459168c94ca20940dcfe5de30fa9f0912fda27988d92c70febc37aa60,gx-no-cache=1488472333321 HTTP/1.1" 200 30
186.79.22.75 - - [02/Mar/2017:12:37:33 -0300] "POST /cormun/servlet/hlogin?b72db3770ad6b140fb849e12cffb2624,gx-no-cache=1488469125991 HTTP/1.1" 200 90
186.79.22.75 - - [02/Mar/2017:12:37:34 -0300] "GET /cormun/servlet/hpexe_link HTTP/1.1" 200 954
186.79.22.75 - - [02/Mar/2017:12:37:34 -0300] "GET /cormun/servlet/hhome HTTP/1.1" 200 3983
186.79.22.75 - - [02/Mar/2017:12:37:35 -0300] "GET /cormun/static/gxcfg.js?201612218515568 HTTP/1.1" 304 -
186.79.22.75 - - [02/Mar/2017:12:37:37 -0300] "GET /cormun/servlet/hhome HTTP/1.1" 200 3979
201.246.236.28 - - [02/Mar/2017:12:37:39 -0300] "POST /cormun/servlet/trsolicitudadjuntos?f746a4eaa02f6aa3a86ecfa7039d7f32,2017,5073,,gx-no-cache=1488469132645 HTTP/1.1" 200 90
201.246.236.28 - - [02/Mar/2017:12:37:40 -0300] "GET /cormun/servlet/hpexe_link HTTP/1.1" 200 975
201.246.236.28 - - [02/Mar/2017:12:37:40 -0300] "GET /cormun/servlet/trsolicitudot HTTP/1.1" 200 8297
186.79.22.75 - - [02/Mar/2017:12:37:40 -0300] "GET /cormun/servlet/trsolicitudot? HTTP/1.1" 200 6956
201.246.236.28 - - [02/Mar/2017:12:37:41 -0300] "GET /cormun/servlet/trsolicitudot HTTP/1.1" 200 8296
186.79.22.75 - - [02/Mar/2017:12:37:42 -0300] "GET /cormun/servlet/trsolicitudot? HTTP/1.1" 200 6955
186.79.22.75 - - [02/Mar/2017:12:37:45 -0300] "GET /cormun/servlet/solicitudot?INS,0,0, HTTP/1.1" 200 12774
186.79.22.75 - - [02/Mar/2017:12:37:47 -0300] "GET /cormun/servlet/solicitudot?INS,0,0, HTTP/1.1" 200 12779
201.246.236.28 - - [02/Mar/2017:12:37:49 -0300] "POST /cormun/servlet/trsolicitudot?f746a4eaa02f6aa3a86ecfa7039d7f32,gx-no-cache=1488469142476 HTTP/1.1" 200 106
201.246.236.28 - - [02/Mar/2017:12:37:49 -0300] "GET /cormun/servlet/trsolicitudadjuntos?2017,5073, HTTP/1.1" 200 8075
201.246.236.28 - - [02/Mar/2017:12:37:51 -0300] "GET /cormun/servlet/trsolicitudadjuntos?2017,5073, HTTP/1.1" 200 8074
192.168.10.89 - - [02/Mar/2017:12:37:57 -0300] "POST /cormun/servlet/solicitudot?gx-no-cache=1488472362962 HTTP/1.1" 200 30
201.246.236.28 - - [02/Mar/2017:12:37:57 -0300] "GET /cormun/servlet/solicitudotadjuntos?DLT,2017,5073,CARNET,0, HTTP/1.1" 200 5902
201.246.236.28 - - [02/Mar/2017:12:37:57 -0300] "GET /cormun/static/about:blank HTTP/1.1" 404 1011
201.246.236.28 - - [02/Mar/2017:12:37:58 -0300] "GET /cormun/static/Shared/jqueryui/images/ui-bg_highlight-soft_100_c6c2c8_1x100.png HTTP/1.1" 404 1117
201.246.236.28 - - [02/Mar/2017:12:37:58 -0300] "GET /cormun/static/Shared/jqueryui/images/ui-icons_82798d_256x240.png HTTP/1.1" 404 1089
201.246.236.28 - - [02/Mar/2017:12:37:58 -0300] "GET /cormun/static/Shared/jqueryui/images/ui-icons_8d78a5_256x240.png HTTP/1.1" 404 1089
201.246.236.28 - - [02/Mar/2017:12:37:58 -0300] "GET /cormun/static/Shared/jqueryui/images/ui-bg_flat_55_fafafa_40x100.png HTTP/1.1" 404 1097
201.246.236.28 - - [02/Mar/2017:12:37:58 -0300] "GET /cormun/servlet/solicitudotadjuntos?DLT,2017,5073,CARNET,0, HTTP/1.1" 200 5895
192.168.10.89 - - [02/Mar/2017:12:37:58 -0300] "GET /cormun/servlet/prsolicitudot?17519996,,,,,MD,,gxPopupLevel%3D0%3B HTTP/1.1" 200 6159
192.168.10.89 - - [02/Mar/2017:12:38:02 -0300] "POST /cormun/servlet/solicitudot?gx-no-cache=1488472368126 HTTP/1.1" 200 235
192.168.10.89 - - [02/Mar/2017:12:38:02 -0300] "POST /cormun/servlet/solicitudot?gx-no-cache=1488472368170 HTTP/1.1" 200 38
192.168.10.89 - - [02/Mar/2017:12:38:02 -0300] "GET /cormun/servlet/solicitudot?0c7cfe5e196fb5ff77f7f9449d92ad3430bbb9ae1b03bbf33b001113c2fd5a6f3479e2bf89011f46d50d2f9749eebdb3f5700ba3362c7e48473ca06c357d1e25ff6991d05d4912532fdb5312384b98ee6f25dcb8fbd3d3871a1fa278b070f14bad4a912028833a0b6b41c9722f1026ef715f6cdba6969951c2c90d8e321c14939753bac6dcfc84cafa446613d244998c4e226ab2691be4007d70af4028d98c41,gx-no-cache=1488472368200 HTTP/1.1" 200 29
192.168.10.89 - - [02/Mar/2017:12:38:02 -0300] "POST /cormun/servlet/solicitudot?gx-no-cache=1488472368220 HTTP/1.1" 200 643
192.168.10.89 - - [02/Mar/2017:12:38:02 -0300] "POST /cormun/servlet/solicitudot?gx-no-cache=1488472368265 HTTP/1.1" 200 518
186.79.22.75 - - [02/Mar/2017:12:38:07 -0300] "POST /cormun/servlet/solicitudot?gx-no-cache=1488469151501 HTTP/1.1" 200 3247
186.79.22.75 - - [02/Mar/2017:12:38:08 -0300] "GET /cormun/static/Shared/jqueryui/images/ui-bg_highlight-soft_100_c6c2c8_1x100.png HTTP/1.1" 404 1117
186.79.22.75 - - [02/Mar/2017:12:38:08 -0300] "GET /cormun/static/Shared/jqueryui/images/ui-icons_82798d_256x240.png HTTP/1.1" 404 1089
186.79.22.75 - - [02/Mar/2017:12:38:08 -0300] "GET /cormun/static/Shared/jqueryui/images/ui-bg_flat_55_994d53_40x100.png HTTP/1.1" 404 1097
186.79.22.75 - - [02/Mar/2017:12:38:08 -0300] "GET /cormun/static/Shared/jqueryui/images/ui-icons_ebccce_256x240.png HTTP/1.1" 404 1089
201.246.236.28 - - [02/Mar/2017:12:38:11 -0300] "POST /cormun/servlet/solicitudotadjuntos?f746a4eaa02f6aa3a86ecfa7039d7f32,DLT,2017,5073,CARNET,0,,gx-no-cache=1488469164059 HTTP/1.1" 200 90
201.246.236.28 - - [02/Mar/2017:12:38:11 -0300] "GET /cormun/servlet/hpexe_link HTTP/1.1" 200 991
201.246.236.28 - - [02/Mar/2017:12:38:11 -0300] "GET /cormun/servlet/trsolicitudadjuntos?2017,5073, HTTP/1.1" 200 8077
201.246.236.28 - - [02/Mar/2017:12:38:12 -0300] "GET /cormun/servlet/trsolicitudadjuntos?2017,5073, HTTP/1.1" 200 8074
186.79.22.75 - - [02/Mar/2017:12:38:15 -0300] "POST /cormun/servlet/solicitudot?b72db3770ad6b140fb849e12cffb2624,INS,0,0,,gx-no-cache=1488469166546 HTTP/1.1" 200 93
186.79.22.75 - - [02/Mar/2017:12:38:16 -0300] "GET /cormun/servlet/hpexe_return? HTTP/1.1" 200 1006
186.79.22.75 - - [02/Mar/2017:12:38:17 -0300] "GET /cormun/servlet/trsolicitudot HTTP/1.1" 200 6958
186.79.22.75 - - [02/Mar/2017:12:38:19 -0300] "GET /cormun/servlet/trsolicitudot HTTP/1.1" 200 6955
201.246.236.28 - - [02/Mar/2017:12:38:31 -0300] "GET /cormun/servlet/solicitudotadjuntos?DLT,2017,5073,CARNET,0, HTTP/1.1" 200 5902
201.246.236.28 - - [02/Mar/2017:12:38:31 -0300] "GET /cormun/static/about:blank HTTP/1.1" 404 1011
201.246.236.28 - - [02/Mar/2017:12:38:32 -0300] "GET /cormun/static/Shared/jqueryui/images/ui-bg_highlight-soft_100_c6c2c8_1x100.png HTTP/1.1" 404 1117
201.246.236.28 - - [02/Mar/2017:12:38:32 -0300] "GET /cormun/static/Shared/jqueryui/images/ui-icons_82798d_256x240.png HTTP/1.1" 404 1089
201.246.236.28 - - [02/Mar/2017:12:38:32 -0300] "GET /cormun/static/Shared/jqueryui/images/ui-bg_flat_55_fafafa_40x100.png HTTP/1.1" 404 1097
201.246.236.28 - - [02/Mar/2017:12:38:32 -0300] "GET /cormun/static/Shared/jqueryui/images/ui-icons_8d78a5_256x240.png HTTP/1.1" 404 1089
201.246.236.28 - - [02/Mar/2017:12:38:32 -0300] "GET /cormun/servlet/solicitudotadjuntos?DLT,2017,5073,CARNET,0, HTTP/1.1" 200 5895
201.246.236.28 - - [02/Mar/2017:12:38:41 -0300] "POST /cormun/servlet/solicitudotadjuntos?f746a4eaa02f6aa3a86ecfa7039d7f32,DLT,2017,5073,CARNET,0,,gx-no-cache=1488469194451 HTTP/1.1" 200 93
201.246.236.28 - - [02/Mar/2017:12:38:41 -0300] "GET /cormun/servlet/hpexe_return? HTTP/1.1" 200 1034
201.246.236.28 - - [02/Mar/2017:12:38:42 -0300] "GET /cormun/servlet/trsolicitudadjuntos?2017,5073, HTTP/1.1" 200 6083
201.246.236.28 - - [02/Mar/2017:12:38:43 -0300] "GET /cormun/servlet/trsolicitudadjuntos?2017,5073, HTTP/1.1" 200 6079
201.246.236.28 - - [02/Mar/2017:12:38:46 -0300] "GET /cormun/servlet/solicitudotadjuntos?INS,2017,5073,,1, HTTP/1.1" 200 6009
201.246.236.28 - - [02/Mar/2017:12:38:46 -0300] "GET /cormun/static/about:blank HTTP/1.1" 404 1011
201.246.236.28 - - [02/Mar/2017:12:38:47 -0300] "GET /cormun/servlet/solicitudotadjuntos?INS,2017,5073,,1, HTTP/1.1" 200 6002
201.246.236.28 - - [02/Mar/2017:12:38:48 -0300] "GET /cormun/servlet/solicitudotadjuntos?df4623558730fe8df60bb93b8f85397d2e88ccbebaa01877d51c8219b6bf006156a03a1d5e0278165cffd981a5609955,gx-no-cache=1488469201151 HTTP/1.1" 200 30
201.246.236.28 - - [02/Mar/2017:12:38:48 -0300] "POST /cormun/servlet/solicitudotadjuntos?f746a4eaa02f6aa3a86ecfa7039d7f32,INS,2017,5073,,1,,gx-no-cache=1488469201283 HTTP/1.1" 200 3867
192.168.10.89 - - [02/Mar/2017:12:38:52 -0300] "GET /cormun/servlet/solicitudot?0c7cfe5e196fb5ff77f7f9449d92ad3430bbb9ae1b03bbf33b001113c2fd5a6f3479e2bf89011f46d50d2f9749eebdb3f5700ba3362c7e48473ca06c357d1e25ff6991d05d4912532fdb5312384b98ee6f25dcb8fbd3d3871a1fa278b070f14bad4a912028833a0b6b41c9722f1026ef715f6cdba6969951c2c90d8e321c14939753bac6dcfc84cafa446613d244998c4e226ab2691be4007d70af4028d98c41,gx-no-cache=1488472418701 HTTP/1.1" 200 29
192.168.10.89 - - [02/Mar/2017:12:38:52 -0300] "POST /cormun/servlet/solicitudot?gx-no-cache=1488472418751 HTTP/1.1" 200 641
201.246.236.28 - - [02/Mar/2017:12:38:54 -0300] "POST /cormun/servlet/solicitudotadjuntos?gx-no-cache=1488469207780 HTTP/1.1" 200 26
192.168.10.89 - - [02/Mar/2017:12:38:55 -0300] "POST /cormun/servlet/solicitudot?gx-no-cache=1488472420854 HTTP/1.1" 200 1157
201.246.236.28 - - [02/Mar/2017:12:39:01 -0300] "POST /cormun/servlet/solicitudotadjuntos?gx-no-cache=1488469214545 HTTP/1.1" 200 26
192.168.10.89 - - [02/Mar/2017:12:39:04 -0300] "GET /cormun/servlet/solicitudot?0c7cfe5e196fb5ff77f7f9449d92ad342a10c2d2ae3f7e6b08f4d1fe8d52428521e13a6aa5f7fd1d3e51178d62ad1648b536d70c212a9e382334d4d3f0e1aad186b0c7c2d3a828ac73496e81b71952d6196f8ffaeead0155cf0547a60269b2e4cbc786d58269c358c7def9aa5996f7e9d85d3e2ed204e4a3b2736150e6df2188d135c080797b6e12d5f43d5ddb3a6ee63ea0a016f3d52b7779809b3c2b2300147b0106416565fb4eb30b250adf27c360,gx-no-cache=1488472430444 HTTP/1.1" 200 30
192.168.10.89 - - [02/Mar/2017:12:39:08 -0300] "POST /cormun/servlet/solicitudot?ccdbdceab80fd9c9401ed40c91025669,INS,0,0,,gx-no-cache=1488472433762 HTTP/1.1" 200 93
192.168.10.89 - - [02/Mar/2017:12:39:08 -0300] "GET /cormun/servlet/hpexe_return? HTTP/1.1" 200 1022
192.168.10.89 - - [02/Mar/2017:12:39:08 -0300] "GET /cormun/servlet/trsolicitudot?gx-no-cache=1488471960580 HTTP/1.1" 200 10005
192.168.10.89 - - [02/Mar/2017:12:39:12 -0300] "POST /cormun/servlet/trsolicitudot?ccdbdceab80fd9c9401ed40c91025669,gx-no-cache=1488471960580,gx-no-cache=1488472438285 HTTP/1.1" 200 6895
192.168.10.89 - - [02/Mar/2017:12:39:13 -0300] "POST /cormun/servlet/trsolicitudot?ccdbdceab80fd9c9401ed40c91025669,gx-no-cache=1488471960580,gx-no-cache=1488472438815 HTTP/1.1" 200 6838
192.168.10.89 - - [02/Mar/2017:12:39:13 -0300] "GET /cormun/static/Shared/jqueryui/images/ui-bg_highlight-soft_100_c6c2c8_1x100.png HTTP/1.1" 404 1117
192.168.10.89 - - [02/Mar/2017:12:39:13 -0300] "GET /cormun/static/Shared/jqueryui/images/ui-icons_82798d_256x240.png HTTP/1.1" 404 1089
192.168.10.89 - - [02/Mar/2017:12:39:13 -0300] "GET /cormun/static/Shared/jqueryui/images/ui-icons_8d78a5_256x240.png HTTP/1.1" 404 1089
192.168.10.89 - - [02/Mar/2017:12:39:13 -0300] "GET /cormun/static/Shared/jqueryui/images/ui-bg_flat_55_fafafa_40x100.png HTTP/1.1" 404 1097
192.168.10.89 - - [02/Mar/2017:12:39:21 -0300] "GET /cormun/servlet/solicitudot?INS,0,0, HTTP/1.1" 200 12806
192.168.10.89 - - [02/Mar/2017:12:39:30 -0300] "GET /cormun/servlet/prfichaempleado?,MD,,gxPopupLevel%3D0%3B HTTP/1.1" 200 8858
192.168.10.89 - - [02/Mar/2017:12:39:51 -0300] "POST /cormun/servlet/prfichaempleado?ccdbdceab80fd9c9401ed40c91025669,,MD,,gxPopupLevel%3D0%3B,gx-no-cache=1488472477714 HTTP/1.1" 200 3172
192.168.10.89 - - [02/Mar/2017:12:39:57 -0300] "POST /cormun/servlet/prfichaempleado?ccdbdceab80fd9c9401ed40c91025669,,MD,,gxPopupLevel%3D0%3B,gx-no-cache=1488472483197 HTTP/1.1" 200 3392
192.168.10.89 - - [02/Mar/2017:12:40:07 -0300] "POST /cormun/servlet/solicitudot?gx-no-cache=1488472492862 HTTP/1.1" 200 3176
192.168.10.89 - - [02/Mar/2017:12:40:07 -0300] "POST /cormun/servlet/solicitudot?ccdbdceab80fd9c9401ed40c91025669,INS,0,0,,gx-no-cache=1488472493127 HTTP/1.1" 200 9977
192.168.10.89 - - [02/Mar/2017:12:40:11 -0300] "GET /cormun/servlet/solicitudot?0c7cfe5e196fb5ff77f7f9449d92ad342a50b10f2d38d5b0274f354bc0b2bcc82c8d8328e3033438db977e26204040fd,gx-no-cache=1488472497083 HTTP/1.1" 200 30
192.168.10.89 - - [02/Mar/2017:12:40:11 -0300] "POST /cormun/servlet/solicitudot?gx-no-cache=1488472497121 HTTP/1.1" 200 255
192.168.10.89 - - [02/Mar/2017:12:40:11 -0300] "GET /cormun/servlet/solicitudot?0c7cfe5e196fb5ff77f7f9449d92ad340d0fd6c32cd267222bf6ba5db0bbbb651831c3989f8584947cd96f766c76238e8cb6def87dffa1f7a91a1b06fab0fd8ec47450aa204cbed03516ce591e5f983be2ecca9e42864e3ca84c1eaf42e0c4c76933178678a0f13af3c76e191920f9a09a34a2fe7348e77a5a518cfe99e9633952c219ad4aa05956ec1e819f6e040789427dc32083544dd351c1d2af265e72d24467c7fe7962123b9f79ffb671506fd80a530e08b29885c4fd721dd137336af9c3b44a08493a7c23c6daf1a4bc96c0823eb07c6e1ac59794ae6d0a6312e8248003248a3e4032d666c7afc88e8a2c9b8e14283a98a3ea80ce94b61dfb00197ad68c6de984fbbf66fe902cc5292094646c96c23bec3d8b493ee0da59835ad04d28601040710a32e06526be4ddcc5a6322337afe92d134eb4ad01c304ba4f62b659aedd4b00731203b277018d51627ef29fdc7fe8a2bb602e743c1bb09b4bd232fc631dfd4459168c94ca20940dcfe5de30fa9f0912fda27988d92c70febc37aa60,gx-no-cache=1488472497154 HTTP/1.1" 200 30
192.168.10.89 - - [02/Mar/2017:12:40:12 -0300] "POST /cormun/servlet/solicitudot?gx-no-cache=1488472498431 HTTP/1.1" 200 30
192.168.10.89 - - [02/Mar/2017:12:40:14 -0300] "GET /cormun/servlet/prsolicitudot?16783329,,,,,MD,,gxPopupLevel%3D0%3B HTTP/1.1" 200 6337
192.168.10.89 - - [02/Mar/2017:12:40:18 -0300] "POST /cormun/servlet/solicitudot?gx-no-cache=1488472504160 HTTP/1.1" 200 1291
192.168.10.89 - - [02/Mar/2017:12:40:18 -0300] "POST /cormun/servlet/solicitudot?gx-no-cache=1488472504299 HTTP/1.1" 200 38
192.168.10.89 - - [02/Mar/2017:12:40:18 -0300] "GET /cormun/servlet/solicitudot?0c7cfe5e196fb5ff77f7f9449d92ad3430bbb9ae1b03bbf33b001113c2fd5a6f3479e2bf89011f46d50d2f9749eebdb3f5700ba3362c7e48473ca06c357d1e25ff6991d05d4912532fdb5312384b98ee6f25dcb8fbd3d3871a1fa278b070f14bad4a912028833a0b6b41c9722f1026ef715f6cdba6969951c2c90d8e321c14939753bac6dcfc84cafa446613d244998c4e226ab2691be4007d70af4028d98c41,gx-no-cache=1488472504329 HTTP/1.1" 200 29
192.168.10.89 - - [02/Mar/2017:12:40:18 -0300] "POST /cormun/servlet/solicitudot?gx-no-cache=1488472504354 HTTP/1.1" 200 1274
192.168.10.89 - - [02/Mar/2017:12:40:18 -0300] "POST /cormun/servlet/solicitudot?gx-no-cache=1488472504412 HTTP/1.1" 200 1157
192.168.10.89 - - [02/Mar/2017:12:40:27 -0300] "GET /cormun/servlet/solicitudot?0c7cfe5e196fb5ff77f7f9449d92ad3430bbb9ae1b03bbf33b001113c2fd5a6f3479e2bf89011f46d50d2f9749eebdb3f5700ba3362c7e48473ca06c357d1e25ff6991d05d4912532fdb5312384b98ee6f25dcb8fbd3d3871a1fa278b070f14bad4a912028833a0b6b41c9722f1026ef715f6cdba6969951c2c90d8e321c14939753bac6dcfc84cafa446613d244998c4e226ab2691be4007d70af4028d98c41,gx-no-cache=1488472513482 HTTP/1.1" 200 29
192.168.10.89 - - [02/Mar/2017:12:40:27 -0300] "POST /cormun/servlet/solicitudot?gx-no-cache=1488472513516 HTTP/1.1" 200 1275
192.168.10.89 - - [02/Mar/2017:12:40:28 -0300] "POST /cormun/servlet/solicitudot?gx-no-cache=1488472514202 HTTP/1.1" 200 1157
