191.125.182.157 - - [02/Mar/2017:16:34:04 -0300] "POST /cormun/servlet/hlogin?9d983f8ddcca6e31f4605ee1194607c8,gx-no-cache=1488483315273 HTTP/1.1" 200 90
191.125.182.157 - - [02/Mar/2017:16:34:04 -0300] "GET /cormun/servlet/hpexe_link HTTP/1.1" 200 958
191.125.182.157 - - [02/Mar/2017:16:34:04 -0300] "GET /cormun/servlet/hhome HTTP/1.1" 200 4045
191.125.182.157 - - [02/Mar/2017:16:34:05 -0300] "GET /cormun/servlet/hhome HTTP/1.1" 200 4043
186.103.159.46 - - [02/Mar/2017:16:34:05 -0300] "GET /cormun/servlet/permisosadjuntos?INS,17458217,P,20170302095823,, HTTP/1.1" 200 5397
200.73.230.173 - - [02/Mar/2017:16:34:16 -0300] "GET /cormun/servlet/hlogin HTTP/1.1" 200 1717
191.125.182.157 - - [02/Mar/2017:16:34:16 -0300] "GET /cormun/servlet/trsolicitudot? HTTP/1.1" 200 7018
191.125.182.157 - - [02/Mar/2017:16:34:16 -0300] "GET /cormun/servlet/trsolicitudot? HTTP/1.1" 200 7018
192.168.10.96 - - [02/Mar/2017:16:34:20 -0300] "GET /cormun/servlet/trpermisosadjuntos?17458217,20170302095823,P, HTTP/1.1" 200 6773
192.168.10.96 - - [02/Mar/2017:16:34:20 -0300] "GET /cormun/servlet/trpermisosadjuntos?17458217,20170302095823,P, HTTP/1.1" 200 6774
192.168.10.62 - - [02/Mar/2017:16:34:21 -0300] "GET /cormun/servlet/trconsultaempleado? HTTP/1.1" 200 6150
191.125.182.157 - - [02/Mar/2017:16:34:22 -0300] "GET /cormun/static/menuarrow.gif HTTP/1.1" 404 1015
192.168.10.62 - - [02/Mar/2017:16:34:22 -0300] "GET /cormun/servlet/trconsultaempleado? HTTP/1.1" 200 6149
191.125.182.157 - - [02/Mar/2017:16:34:25 -0300] "POST /cormun/servlet/trsolicitudot?9d983f8ddcca6e31f4605ee1194607c8,,gx-no-cache=1488483335943 HTTP/1.1" 200 11051
191.125.182.157 - - [02/Mar/2017:16:34:33 -0300] "POST /cormun/servlet/trsolicitudot?9d983f8ddcca6e31f4605ee1194607c8,,gx-no-cache=1488483343741 HTTP/1.1" 200 6501
192.168.10.62 - - [02/Mar/2017:16:34:41 -0300] "POST /cormun/servlet/trconsultaempleado?d75048e8daf8dd9cd792f9d9f75c143d,,gx-no-cache=1488486566910 HTTP/1.1" 200 4029
192.168.10.62 - - [02/Mar/2017:16:34:43 -0300] "GET /cormun/servlet/trsolicitudnombre?17107628, HTTP/1.1" 200 7075
192.168.10.62 - - [02/Mar/2017:16:34:44 -0300] "GET /cormun/servlet/trsolicitudnombre?17107628, HTTP/1.1" 200 7075
192.168.10.62 - - [02/Mar/2017:16:34:50 -0300] "POST /cormun/servlet/trsolicitudnombre?d75048e8daf8dd9cd792f9d9f75c143d,17107628,,gx-no-cache=1488486575975 HTTP/1.1" 200 107
192.168.10.62 - - [02/Mar/2017:16:34:50 -0300] "POST /cormun/servlet/trsolicitudnombre?d75048e8daf8dd9cd792f9d9f75c143d,17107628,,gx-no-cache=1488486576075 HTTP/1.1" 200 5105
192.168.10.62 - - [02/Mar/2017:16:34:50 -0300] "GET /cormun/SolicitudNombre-6114.xls HTTP/1.1" 200 5632
192.168.10.89 - - [02/Mar/2017:16:34:57 -0300] "GET /cormun/servlet/trsolicitudgral? HTTP/1.1" 200 23375
192.168.10.89 - - [02/Mar/2017:16:34:59 -0300] "GET /cormun/servlet/hlogin HTTP/1.1" 200 1741
192.168.10.96 - - [02/Mar/2017:16:35:00 -0300] "GET /cormun/servlet/trpermisosgoce? HTTP/1.1" 200 8839
186.103.159.46 - - [02/Mar/2017:16:35:01 -0300] "GET /cormun/servlet/trpermisosgoce? HTTP/1.1" 200 8617
192.168.10.96 - - [02/Mar/2017:16:35:01 -0300] "GET /cormun/servlet/trpermisosgoce? HTTP/1.1" 200 8841
186.103.159.46 - - [02/Mar/2017:16:35:03 -0300] "GET /cormun/servlet/trpermisosgoce? HTTP/1.1" 200 8612
192.168.10.96 - - [02/Mar/2017:16:35:16 -0300] "GET /cormun/servlet/trpermisosadjuntos?17458217,20170302095823,P, HTTP/1.1" 200 6774
186.103.159.46 - - [02/Mar/2017:16:35:17 -0300] "GET /cormun/servlet/trpermisosadjuntos?17458217,20170302095823,P, HTTP/1.1" 200 6543
192.168.10.96 - - [02/Mar/2017:16:35:17 -0300] "GET /cormun/servlet/trpermisosadjuntos?17458217,20170302095823,P, HTTP/1.1" 200 6773
186.103.159.46 - - [02/Mar/2017:16:35:18 -0300] "GET /cormun/servlet/trpermisosadjuntos?17458217,20170302095823,P, HTTP/1.1" 200 6543
186.103.159.46 - - [02/Mar/2017:16:35:26 -0300] "GET /cormun/servlet/permisosadjuntos?DLT,17458217,P,20170302095823,20170302095835, HTTP/1.1" 200 5457
186.103.159.46 - - [02/Mar/2017:16:35:27 -0300] "GET /cormun/static/Shared/jqueryui/images/ui-bg_highlight-soft_100_c6c2c8_1x100.png HTTP/1.1" 404 1117
186.103.159.46 - - [02/Mar/2017:16:35:27 -0300] "GET /cormun/static/Shared/jqueryui/images/ui-icons_82798d_256x240.png HTTP/1.1" 404 1089
186.103.159.46 - - [02/Mar/2017:16:35:27 -0300] "GET /cormun/static/Shared/jqueryui/images/ui-bg_flat_55_fafafa_40x100.png HTTP/1.1" 404 1097
186.103.159.46 - - [02/Mar/2017:16:35:27 -0300] "GET /cormun/static/Shared/jqueryui/images/ui-icons_8d78a5_256x240.png HTTP/1.1" 404 1089
186.103.159.46 - - [02/Mar/2017:16:35:28 -0300] "GET /cormun/servlet/permisosadjuntos?DLT,17458217,P,20170302095823,20170302095835, HTTP/1.1" 200 5446
186.103.159.46 - - [02/Mar/2017:16:35:28 -0300] "GET /cormun/PublicTempStorage/permiso_erik_gonzalez20170302085604_0019813042.pdf HTTP/1.1" 200 511592
186.103.159.46 - - [02/Mar/2017:16:35:32 -0300] "POST /cormun/servlet/permisosadjuntos?cb32d1a4ebb9a1c6d58adf37d5fa88d3,DLT,17458217,P,20170302095823,20170302095835,,gx-no-cache=1488483403009 HTTP/1.1" 200 93
186.103.159.46 - - [02/Mar/2017:16:35:32 -0300] "GET /cormun/servlet/hpexe_return? HTTP/1.1" 200 1042
186.103.159.46 - - [02/Mar/2017:16:35:33 -0300] "GET /cormun/servlet/trpermisosadjuntos?17458217,20170302095823,P, HTTP/1.1" 200 6086
186.103.159.46 - - [02/Mar/2017:16:35:34 -0300] "GET /cormun/servlet/trpermisosadjuntos?17458217,20170302095823,P, HTTP/1.1" 200 6083
192.168.10.96 - - [02/Mar/2017:16:35:35 -0300] "POST /cormun/servlet/trpermisosadjuntos?5016abd51066fe3638f8dd51875e39d4,17458217,20170302095823,P,,gx-no-cache=1488486621350 HTTP/1.1" 200 90
192.168.10.96 - - [02/Mar/2017:16:35:35 -0300] "GET /cormun/servlet/hpexe_link HTTP/1.1" 200 989
192.168.10.96 - - [02/Mar/2017:16:35:35 -0300] "GET /cormun/servlet/trpermisosgoce HTTP/1.1" 200 8845
192.168.10.96 - - [02/Mar/2017:16:35:36 -0300] "GET /cormun/servlet/trpermisosgoce HTTP/1.1" 200 8842
192.168.10.89 - - [02/Mar/2017:16:35:39 -0300] "GET /cormunbeta/servlet/hlogin HTTP/1.1" 200 1729
192.168.10.89 - - [02/Mar/2017:16:35:39 -0300] "GET /cormunbeta/static/hlogin.js?201612216162555 HTTP/1.1" 304 -
192.168.10.89 - - [02/Mar/2017:16:35:39 -0300] "GET /cormunbeta/static/Resources/Spanish/PXTools.css?167811 HTTP/1.1" 304 -
186.103.159.46 - - [02/Mar/2017:16:35:39 -0300] "GET /cormun/servlet/trpermisosgoce? HTTP/1.1" 200 8614
186.103.159.46 - - [02/Mar/2017:16:35:41 -0300] "GET /cormun/servlet/trpermisosgoce? HTTP/1.1" 200 8614
192.168.10.89 - - [02/Mar/2017:16:35:42 -0300] "GET /cormun/servlet/hlogin HTTP/1.1" 200 1716
186.103.159.46 - - [02/Mar/2017:16:35:47 -0300] "GET /cormun/servlet/permisogoce?DLT,17458217,P,20170302095823, HTTP/1.1" 200 6479
186.103.156.24 - - [02/Mar/2017:16:35:48 -0300] "POST /cormun/servlet/solicitudot?247083030368fb1dd3fe6678aa14893f,INS,0,0,,gx-no-cache=1488483643097 HTTP/1.1" 200 93
192.168.10.89 - - [02/Mar/2017:16:35:48 -0300] "POST /cormun/servlet/hlogin?ec43597ef3ef9d4cf99638f391379d5b,gx-no-cache=1488486634274 HTTP/1.1" 200 426
186.103.156.24 - - [02/Mar/2017:16:35:48 -0300] "GET /cormun/servlet/hpexe_return? HTTP/1.1" 200 1004
186.103.159.46 - - [02/Mar/2017:16:35:49 -0300] "GET /cormun/static/Shared/jqueryui/images/ui-icons_82798d_256x240.png HTTP/1.1" 404 1089
186.103.159.46 - - [02/Mar/2017:16:35:49 -0300] "GET /cormun/static/Shared/jqueryui/images/ui-bg_flat_55_fafafa_40x100.png HTTP/1.1" 404 1097
186.103.159.46 - - [02/Mar/2017:16:35:49 -0300] "GET /cormun/static/Shared/jqueryui/images/ui-icons_8d78a5_256x240.png HTTP/1.1" 404 1089
186.103.156.24 - - [02/Mar/2017:16:35:49 -0300] "GET /cormun/servlet/trsolicitudot HTTP/1.1" 200 6934
186.103.159.46 - - [02/Mar/2017:16:35:49 -0300] "GET /cormun/servlet/permisogoce?DLT,17458217,P,20170302095823, HTTP/1.1" 200 6479
186.103.159.46 - - [02/Mar/2017:16:35:49 -0300] "GET /cormun/static/Shared/jqueryui/images/ui-bg_highlight-soft_100_c6c2c8_1x100.png HTTP/1.1" 404 1117
186.103.156.24 - - [02/Mar/2017:16:35:50 -0300] "GET /cormun/servlet/trsolicitudot HTTP/1.1" 200 6931
192.168.10.89 - - [02/Mar/2017:16:35:54 -0300] "POST /cormun/servlet/hlogin?ec43597ef3ef9d4cf99638f391379d5b,gx-no-cache=1488486639877 HTTP/1.1" 200 426
186.103.159.46 - - [02/Mar/2017:16:35:54 -0300] "POST /cormun/servlet/permisogoce?cb32d1a4ebb9a1c6d58adf37d5fa88d3,DLT,17458217,P,20170302095823,,gx-no-cache=1488483424485 HTTP/1.1" 200 4192
186.103.159.46 - - [02/Mar/2017:16:35:54 -0300] "GET /cormun/static/Shared/jqueryui/images/ui-bg_flat_55_994d53_40x100.png HTTP/1.1" 404 1097
186.103.159.46 - - [02/Mar/2017:16:35:54 -0300] "GET /cormun/static/Shared/jqueryui/images/ui-icons_ebccce_256x240.png HTTP/1.1" 404 1089
192.168.10.89 - - [02/Mar/2017:16:36:00 -0300] "POST /cormun/servlet/hlogin?ec43597ef3ef9d4cf99638f391379d5b,gx-no-cache=1488486645735 HTTP/1.1" 200 90
192.168.10.89 - - [02/Mar/2017:16:36:00 -0300] "GET /cormun/servlet/hpexe_link HTTP/1.1" 200 951
192.168.10.89 - - [02/Mar/2017:16:36:00 -0300] "GET /cormun/servlet/hhome HTTP/1.1" 200 4388
192.168.10.96 - - [02/Mar/2017:16:36:01 -0300] "GET /cormun/servlet/permisogoce?DLT,17458217,P,20170302095823, HTTP/1.1" 200 6713
192.168.10.96 - - [02/Mar/2017:16:36:01 -0300] "GET /cormun/static/Shared/jqueryui/images/ui-bg_highlight-soft_100_c6c2c8_1x100.png HTTP/1.1" 404 1117
192.168.10.96 - - [02/Mar/2017:16:36:01 -0300] "GET /cormun/static/Shared/jqueryui/images/ui-icons_82798d_256x240.png HTTP/1.1" 404 1089
192.168.10.96 - - [02/Mar/2017:16:36:01 -0300] "GET /cormun/static/Shared/jqueryui/images/ui-icons_8d78a5_256x240.png HTTP/1.1" 404 1089
192.168.10.96 - - [02/Mar/2017:16:36:01 -0300] "GET /cormun/static/Shared/jqueryui/images/ui-bg_flat_55_fafafa_40x100.png HTTP/1.1" 404 1097
192.168.10.96 - - [02/Mar/2017:16:36:01 -0300] "GET /cormun/servlet/permisogoce?DLT,17458217,P,20170302095823, HTTP/1.1" 200 6715
192.168.10.89 - - [02/Mar/2017:16:36:04 -0300] "GET /cormun/servlet/trsolicitudgral? HTTP/1.1" 200 24656
192.168.10.96 - - [02/Mar/2017:16:36:04 -0300] "POST /cormun/servlet/permisogoce?5016abd51066fe3638f8dd51875e39d4,DLT,17458217,P,20170302095823,,gx-no-cache=1488486650510 HTTP/1.1" 200 4384
192.168.10.96 - - [02/Mar/2017:16:36:04 -0300] "GET /cormun/static/Shared/jqueryui/images/ui-icons_ebccce_256x240.png HTTP/1.1" 404 1089
192.168.10.96 - - [02/Mar/2017:16:36:04 -0300] "GET /cormun/static/Shared/jqueryui/images/ui-bg_flat_55_994d53_40x100.png HTTP/1.1" 404 1097
186.103.159.46 - - [02/Mar/2017:16:36:09 -0300] "POST /cormun/servlet/permisogoce?cb32d1a4ebb9a1c6d58adf37d5fa88d3,DLT,17458217,P,20170302095823,,gx-no-cache=1488483439744 HTTP/1.1" 200 4150
192.168.10.89 - - [02/Mar/2017:16:36:11 -0300] "GET /cormun/static/menuarrow.gif HTTP/1.1" 404 1015
192.168.10.96 - - [02/Mar/2017:16:36:14 -0300] "POST /cormun/servlet/permisogoce?5016abd51066fe3638f8dd51875e39d4,DLT,17458217,P,20170302095823,,gx-no-cache=1488486660314 HTTP/1.1" 200 4346
192.168.10.96 - - [02/Mar/2017:16:36:16 -0300] "POST /cormun/servlet/permisogoce?5016abd51066fe3638f8dd51875e39d4,DLT,17458217,P,20170302095823,,gx-no-cache=1488486661890 HTTP/1.1" 200 4346
186.103.159.46 - - [02/Mar/2017:16:36:27 -0300] "POST /cormun/servlet/permisogoce?cb32d1a4ebb9a1c6d58adf37d5fa88d3,DLT,17458217,P,20170302095823,,gx-no-cache=1488483457746 HTTP/1.1" 200 90
186.103.159.46 - - [02/Mar/2017:16:36:27 -0300] "GET /cormun/servlet/hpexe_link HTTP/1.1" 200 985
186.103.159.46 - - [02/Mar/2017:16:36:27 -0300] "GET /cormun/servlet/trpermisosgoce HTTP/1.1" 200 8615
186.103.159.46 - - [02/Mar/2017:16:36:28 -0300] "GET /cormun/servlet/trpermisosgoce HTTP/1.1" 200 8614
192.168.10.89 - - [02/Mar/2017:16:36:30 -0300] "POST /cormun/servlet/trsolicitudgral?ec43597ef3ef9d4cf99638f391379d5b,,gx-no-cache=1488486676467 HTTP/1.1" 200 7517
192.168.10.89 - - [02/Mar/2017:16:36:41 -0300] "POST /cormun/servlet/trsolicitudgral?ec43597ef3ef9d4cf99638f391379d5b,,gx-no-cache=1488486687089 HTTP/1.1" 200 5401
192.168.10.89 - - [02/Mar/2017:16:36:48 -0300] "POST /cormun/servlet/trsolicitudgral?ec43597ef3ef9d4cf99638f391379d5b,,gx-no-cache=1488486694078 HTTP/1.1" 200 5401
192.168.10.89 - - [02/Mar/2017:16:36:53 -0300] "POST /cormun/servlet/trsolicitudgral?ec43597ef3ef9d4cf99638f391379d5b,,gx-no-cache=1488486699439 HTTP/1.1" 200 7367
192.168.10.89 - - [02/Mar/2017:16:36:59 -0300] "GET /cormun/servlet/hlogin HTTP/1.1" 200 1738
186.103.159.182 - - [02/Mar/2017:16:37:07 -0300] "POST /cormun/servlet/trsolicitudot?c87a359ad20016ff4f164da4eebe6882,,gx-no-cache=1488483710574 HTTP/1.1" 200 4352
186.103.159.182 - - [02/Mar/2017:16:37:08 -0300] "POST /cormun/servlet/trsolicitudot?c87a359ad20016ff4f164da4eebe6882,,gx-no-cache=1488483710896 HTTP/1.1" 200 4112
186.103.159.187 - - [02/Mar/2017:16:37:40 -0300] "GET /cormun/servlet/hlogin HTTP/1.1" 200 1725
186.103.159.187 - - [02/Mar/2017:16:37:41 -0300] "GET /cormun/servlet/hlogin HTTP/1.1" 200 1731
186.103.159.187 - - [02/Mar/2017:16:37:50 -0300] "POST /cormun/servlet/hlogin?fa973c72803941b24951b25a208a0a82,gx-no-cache=1488483539300 HTTP/1.1" 200 444
186.103.159.187 - - [02/Mar/2017:16:37:55 -0300] "POST /cormun/servlet/hlogin?fa973c72803941b24951b25a208a0a82,gx-no-cache=1488483544077 HTTP/1.1" 200 90
186.103.159.187 - - [02/Mar/2017:16:37:55 -0300] "GET /cormun/servlet/hpexe_link HTTP/1.1" 200 956
186.103.159.187 - - [02/Mar/2017:16:37:55 -0300] "GET /cormun/servlet/hhome HTTP/1.1" 200 3737
186.103.159.187 - - [02/Mar/2017:16:37:56 -0300] "GET /cormun/servlet/hhome HTTP/1.1" 200 3735
186.103.159.187 - - [02/Mar/2017:16:38:13 -0300] "GET /cormun/servlet/trsolicitudot? HTTP/1.1" 200 7962
186.103.159.187 - - [02/Mar/2017:16:38:14 -0300] "GET /cormun/servlet/trsolicitudot? HTTP/1.1" 200 7961
186.103.159.187 - - [02/Mar/2017:16:38:27 -0300] "POST /cormun/servlet/trsolicitudot?fa973c72803941b24951b25a208a0a82,,gx-no-cache=1488483575646 HTTP/1.1" 200 4159
186.103.159.187 - - [02/Mar/2017:16:38:27 -0300] "GET /cormun/static/Shared/jqueryui/images/ui-bg_highlight-soft_100_c6c2c8_1x100.png HTTP/1.1" 404 1117
186.103.159.187 - - [02/Mar/2017:16:38:27 -0300] "GET /cormun/static/Shared/jqueryui/images/ui-icons_82798d_256x240.png HTTP/1.1" 404 1089
186.103.159.187 - - [02/Mar/2017:16:38:27 -0300] "GET /cormun/static/Shared/jqueryui/images/ui-bg_flat_55_fafafa_40x100.png HTTP/1.1" 404 1097
186.103.159.187 - - [02/Mar/2017:16:38:27 -0300] "GET /cormun/static/Shared/jqueryui/images/ui-icons_8d78a5_256x240.png HTTP/1.1" 404 1089
186.103.159.187 - - [02/Mar/2017:16:38:27 -0300] "POST /cormun/servlet/trsolicitudot?fa973c72803941b24951b25a208a0a82,,gx-no-cache=1488483576367 HTTP/1.1" 200 3932
186.103.159.187 - - [02/Mar/2017:16:38:32 -0300] "GET /cormun/servlet/solicitudot?INS,0,0, HTTP/1.1" 200 12550
186.103.159.187 - - [02/Mar/2017:16:38:33 -0300] "GET /cormun/servlet/solicitudot?INS,0,0, HTTP/1.1" 200 12555
186.103.159.187 - - [02/Mar/2017:16:38:47 -0300] "POST /cormun/servlet/solicitudot?gx-no-cache=1488483595754 HTTP/1.1" 200 3081
186.103.159.187 - - [02/Mar/2017:16:38:47 -0300] "POST /cormun/servlet/solicitudot?fa973c72803941b24951b25a208a0a82,INS,0,0,,gx-no-cache=1488483596415 HTTP/1.1" 200 9683
186.103.159.187 - - [02/Mar/2017:16:39:11 -0300] "POST /cormun/servlet/solicitudot?gx-no-cache=1488483620073 HTTP/1.1" 200 3165
186.103.159.187 - - [02/Mar/2017:16:39:11 -0300] "POST /cormun/servlet/solicitudot?fa973c72803941b24951b25a208a0a82,INS,0,0,,gx-no-cache=1488483620247 HTTP/1.1" 200 9845
186.103.159.187 - - [02/Mar/2017:16:39:11 -0300] "GET /cormun/servlet/solicitudot?dd5d92148c62764a1cc3cb740981cd47eef5d307ee706796a6ff879b6617dcefed01b3c981509b612a4d91be0a7db183,gx-no-cache=1488483620470 HTTP/1.1" 200 30
186.103.159.187 - - [02/Mar/2017:16:39:15 -0300] "POST /cormun/servlet/solicitudot?gx-no-cache=1488483624406 HTTP/1.1" 200 297
186.103.159.187 - - [02/Mar/2017:16:39:15 -0300] "GET /cormun/servlet/solicitudot?dd5d92148c62764a1cc3cb740981cd478a252797b160aecfb8ba699a4fe1197a2ada80981ab7d4de45f246e51a0537f6150496a6beb8724b59a359ca7212ed865752788b7cf789e09bf8c7680e49b383f7dbbea950df4cca30d592a70e752eedec1a7153f8c0e20823c7cc0ddff5db24fa77d6d5511987970508d418c48d5769ee19542d8b11923e3e8f98a3614015a6c86b5eb46c19f9920804bbbf0b64e93c4dcf9d8ffe28eaf5eb40524a6f8139abd493c78e97fba1fcbdae3e5b530ba8f4c27798aacbab09f0ba9c678360c500ce28e6947902a28aeb1cc571d30bc2bb7e60be1709e10877815a67e4e8fc4156a597e2a5dfbb52f0dbcf06463c63f7043570abca0ab2482018e3af199ea77355de6094f1b848bb465a128da58f59c4b66374ddbc0484e511ba2a38b6a9bd9702e564f43bb8157f40a19f9be014a4d80f464099d3a184d6accd9c1d8c450a78c5e5aa987953675bcc9a9f2dbfba7993d33b8ea16c509238aff8e6bf73fb173fda18142d3ea852c1493bd20a563773470c0b69af9450824df4f88665143ccab80856,gx-no-cache=1488483624481 HTTP/1.1" 200 30
186.103.159.187 - - [02/Mar/2017:16:39:18 -0300] "POST /cormun/servlet/solicitudot?gx-no-cache=1488483627925 HTTP/1.1" 200 30
186.103.159.187 - - [02/Mar/2017:16:39:21 -0300] "POST /cormun/servlet/solicitudot?gx-no-cache=1488483630853 HTTP/1.1" 200 1291
186.103.159.187 - - [02/Mar/2017:16:39:21 -0300] "POST /cormun/servlet/solicitudot?gx-no-cache=1488483630935 HTTP/1.1" 200 38
186.103.159.187 - - [02/Mar/2017:16:39:43 -0300] "GET /cormun/servlet/solicitudot?dd5d92148c62764a1cc3cb740981cd4729c0e49c9d9773a52109137f3219edae6e3c747e79729fe16685b117e81e504099f6eca697335225301bdceada8421f82fcd5ab9759b3531d10af79dc622e203a5246d8772638368237830932055a2158c6d5d16974562987e70440190a303eb,gx-no-cache=1488483651697 HTTP/1.1" 200 29
186.103.159.187 - - [02/Mar/2017:16:39:43 -0300] "POST /cormun/servlet/solicitudot?gx-no-cache=1488483652125 HTTP/1.1" 200 1273
186.103.159.187 - - [02/Mar/2017:16:39:43 -0300] "POST /cormun/servlet/solicitudot?gx-no-cache=1488483652296 HTTP/1.1" 200 1156
186.103.159.187 - - [02/Mar/2017:16:39:43 -0300] "GET /cormun/static/menuarrow.gif HTTP/1.1" 404 1015
186.103.159.187 - - [02/Mar/2017:16:39:45 -0300] "POST /cormun/servlet/solicitudot?gx-no-cache=1488483654689 HTTP/1.1" 200 1273
186.103.159.187 - - [02/Mar/2017:16:39:45 -0300] "POST /cormun/servlet/solicitudot?gx-no-cache=1488483654768 HTTP/1.1" 200 1156
186.103.159.187 - - [02/Mar/2017:16:39:55 -0300] "GET /cormun/servlet/solicitudot?dd5d92148c62764a1cc3cb740981cd478b9d83ed17134fa1917fe0840ff984e394b0a5a9b31a52b363232dce0064c532e029a6da941bc0c24356456dea9630dc763d7a7242ab43c345cb51c2973d6c0fd60b57c38cb81f0ad9c251831075814f9e1809dd5f0a843957d509e5ef68789736bc859f4d9cfbce37584c3a49187d1a478a90d547a987ce5e5f4690cb61bf60da17127dc950ccc4100856d92c375636c58a246f1df4b7e34ba156cc03d5c6b1,gx-no-cache=1488483664869 HTTP/1.1" 200 30
186.103.159.187 - - [02/Mar/2017:16:40:10 -0300] "POST /cormun/servlet/solicitudot?fa973c72803941b24951b25a208a0a82,INS,0,0,,gx-no-cache=1488483678825 HTTP/1.1" 200 93
186.103.159.187 - - [02/Mar/2017:16:40:10 -0300] "GET /cormun/servlet/hpexe_return? HTTP/1.1" 200 1009
186.103.159.187 - - [02/Mar/2017:16:40:10 -0300] "GET /cormun/servlet/trsolicitudot? HTTP/1.1" 200 7950
186.103.159.187 - - [02/Mar/2017:16:40:11 -0300] "GET /cormun/servlet/trsolicitudot? HTTP/1.1" 200 7947
186.103.159.187 - - [02/Mar/2017:16:40:20 -0300] "POST /cormun/servlet/trsolicitudot?fa973c72803941b24951b25a208a0a82,,gx-no-cache=1488483689132 HTTP/1.1" 200 4149
186.103.159.187 - - [02/Mar/2017:16:40:20 -0300] "GET /cormun/static/Shared/jqueryui/images/ui-bg_highlight-soft_100_c6c2c8_1x100.png HTTP/1.1" 404 1117
186.103.159.187 - - [02/Mar/2017:16:40:20 -0300] "GET /cormun/static/Shared/jqueryui/images/ui-icons_82798d_256x240.png HTTP/1.1" 404 1089
186.103.159.187 - - [02/Mar/2017:16:40:20 -0300] "GET /cormun/static/Shared/jqueryui/images/ui-bg_flat_55_fafafa_40x100.png HTTP/1.1" 404 1097
186.103.159.187 - - [02/Mar/2017:16:40:20 -0300] "GET /cormun/static/Shared/jqueryui/images/ui-icons_8d78a5_256x240.png HTTP/1.1" 404 1089
186.103.159.187 - - [02/Mar/2017:16:40:20 -0300] "POST /cormun/servlet/trsolicitudot?fa973c72803941b24951b25a208a0a82,,gx-no-cache=1488483689498 HTTP/1.1" 200 3937
192.168.10.89 - - [02/Mar/2017:16:41:01 -0300] "POST /cormun/servlet/hlogin?ec43597ef3ef9d4cf99638f391379d5b,gx-no-cache=1488486947510 HTTP/1.1" 200 90
192.168.10.89 - - [02/Mar/2017:16:41:01 -0300] "GET /cormun/servlet/hpexe_link HTTP/1.1" 200 958
192.168.10.89 - - [02/Mar/2017:16:41:02 -0300] "GET /cormun/servlet/trsolicitudgral? HTTP/1.1" 200 10650
192.168.10.89 - - [02/Mar/2017:16:41:33 -0300] "POST /cormun/servlet/trsolicitudgral?ec43597ef3ef9d4cf99638f391379d5b,,gx-no-cache=1488486978837 HTTP/1.1" 200 12263
186.103.156.24 - - [02/Mar/2017:16:43:39 -0300] "GET /cormun/servlet/solicitudot?INS,0,0, HTTP/1.1" 200 12759
186.103.156.24 - - [02/Mar/2017:16:43:40 -0300] "GET /cormun/servlet/solicitudot?INS,0,0, HTTP/1.1" 200 12764
186.103.156.24 - - [02/Mar/2017:16:44:37 -0300] "POST /cormun/servlet/solicitudot?gx-no-cache=1488483976201 HTTP/1.1" 200 3195
186.103.156.24 - - [02/Mar/2017:16:44:37 -0300] "POST /cormun/servlet/solicitudot?247083030368fb1dd3fe6678aa14893f,INS,0,0,,gx-no-cache=1488483976400 HTTP/1.1" 200 9980
192.168.10.89 - - [02/Mar/2017:16:45:30 -0300] "GET /cormun/servlet/solicitudgral?UPD,2017,4901, HTTP/1.1" 200 12144
192.168.10.89 - - [02/Mar/2017:16:45:31 -0300] "POST /cormun/servlet/solicitudgral?gx-no-cache=1488487217670 HTTP/1.1" 200 3175
192.168.10.89 - - [02/Mar/2017:16:45:32 -0300] "GET /cormun/servlet/solicitudgral?7aecce9086168b326be8ad892b030e8bf70d39f64e46d054aa796a49e93914a746194c490e6f73823f9ad2e2cd1bad6f24719831135620a421e4f90060c40d6dfb59be7f18a4d112d1edda4c45f21f28f952288b25e29fc6b8d90447157602a9a8f2d03046d7049623656abfa5d7bcd752a9725931418884804e8e322ea756f34629d7ec63974a0742b66ad3dbbd2dd3f2a5513512e7b9753880316cd0c3d01110a8798bc2a70b56c9b3bdc747e3fd137296e59363ccf88e9c3d399eb50075675d91f9462790b77a2c5bdb67a7277ace5940e5f79936e7a08dd5e1757618baac6d09fd42259f662080879db9f84601dc7a9c16bba612881a470af38d35cf82edba0f05fddce67a9f91f39b3ffd654837f955110e2175edf8c49515920c1eedfdcf0a0382c1b5bd6b315de390dfa7c7d143977aaf9bdce3d2a87e6be629268a4ebb489d16442a2b2487efe3337794d5c5,gx-no-cache=1488487217886 HTTP/1.1" 200 257
192.168.10.89 - - [02/Mar/2017:16:45:38 -0300] "GET /cormun/servlet/solicitudgral?7aecce9086168b326be8ad892b030e8b3b83f9a7471deebc736fcc3ba017c4818f081dc11536e5713ae02984e701f391d5406bc89e7b934762798ea295aaafb0484df1953c07b74b531eb5f857ef5a4ae0403eb34ec31155e5bdeaff4c110b71a80e9c3e922369c2b42b35ac0c81f0d3a4742bf08c2788d8674646ae9e4d7babcb76b23846569119ec67c924eaa8fe0d4d89b5857a29c144a9c4bfa18bb1de87705ae309b7f7be9d73a873d459e714400f0e05c8caa2dccb416ab314b4abe1748acd269b8fbbec978ace5d63842a6f8b5e320d609c2c75dd63b1b11bdb2b65c8c83e69d9365b2545ad3a9509d34b4cdd89479e3f912ffacd1112c46209cbb510a1bcd9d8c910260138420968d54b2425e0cf5f193b0e3af0e8950e7e2602123330fcd1b5e46df92ee4350d80ea784625a039d555acf4215d2546db07283c202ec8d233bc7b38b51bec67ab1852e23c80f910d23d8964bfe6a7f18817f4ab4a60f7d01f04b1305fa2d6410fbfb0faa486ba30d163645164f610aef52f55406f10b2d2781cec7a3812d900ed57bb7426dea464ec5810c0cf13a643fc652f84cb01275a9d24c8a21b5f4cc066fdd23c14dde9d8babe04de814b6cc0158a396e50bcf8c85ef14038c6aa9bcab6cd3b9b4bb66664e6b0fbb13e12ab69e94b0ee3c878609b4fc094ed2a04ebb1e537c5b37be9a464ec5810c0cf13a643fc652f84cb01cb8de486ed119d8ae9489dac6592aef89d180339b762b024cf00901752a4a42718d1298a53f92e63c9a29d7e328fa1ccc507e7b1a1b618278f53c797bbe81154,gx-no-cache=1488487224476 HTTP/1.1" 200 48
192.168.10.89 - - [02/Mar/2017:16:45:39 -0300] "POST /cormun/servlet/solicitudgral?ec43597ef3ef9d4cf99638f391379d5b,UPD,2017,4901,,gx-no-cache=1488487225689 HTTP/1.1" 200 10528
192.168.10.89 - - [02/Mar/2017:16:45:42 -0300] "GET /cormun/servlet/solicitudgral?7aecce9086168b326be8ad892b030e8bf82400f7870644bd2be0f73f86c284278ad3112aaafe65130b03913d53ba9c532a80e6b6f84e1d1fd00c3b5e3883db682639d2ed885f90a609197fdcdabd439197800fd625da39c3fcd29bef12791799f9acf9da2b5dd7787d2f19186f91563f051ce7a5edbfc8c8760b2cd639e5dc27aeb8535cf1cdcf41c393e36c4fb1fe609946fc24f40295eea86e05ec8911b1a9,gx-no-cache=1488487227943 HTTP/1.1" 200 29
192.168.10.89 - - [02/Mar/2017:16:45:42 -0300] "POST /cormun/servlet/solicitudgral?gx-no-cache=1488487227977 HTTP/1.1" 200 1249
192.168.10.89 - - [02/Mar/2017:16:45:42 -0300] "POST /cormun/servlet/solicitudgral?gx-no-cache=1488487228018 HTTP/1.1" 200 1154
192.168.10.89 - - [02/Mar/2017:16:45:44 -0300] "POST /cormun/servlet/solicitudgral?ec43597ef3ef9d4cf99638f391379d5b,UPD,2017,4901,,gx-no-cache=1488487230500 HTTP/1.1" 200 93
192.168.10.89 - - [02/Mar/2017:16:45:44 -0300] "GET /cormun/servlet/hpexe_return? HTTP/1.1" 200 1011
192.168.10.89 - - [02/Mar/2017:16:45:45 -0300] "GET /cormun/servlet/trsolicitudgral? HTTP/1.1" 200 15513
192.168.10.89 - - [02/Mar/2017:16:46:15 -0300] "GET /cormun/servlet/solicitudgral?UPD,2017,4902, HTTP/1.1" 200 12181
192.168.10.89 - - [02/Mar/2017:16:46:16 -0300] "POST /cormun/servlet/solicitudgral?gx-no-cache=1488487262602 HTTP/1.1" 200 3194
192.168.10.89 - - [02/Mar/2017:16:46:17 -0300] "GET /cormun/servlet/solicitudgral?7aecce9086168b326be8ad892b030e8bf70d39f64e46d054aa796a49e93914a746194c490e6f73823f9ad2e2cd1bad6f24719831135620a421e4f90060c40d6dfb59be7f18a4d112d1edda4c45f21f28f952288b25e29fc6b8d90447157602a9a8f2d03046d7049623656abfa5d7bcd752a9725931418884804e8e322ea756f34629d7ec63974a0742b66ad3dbbd2dd3f2a5513512e7b9753880316cd0c3d01110a8798bc2a70b56c9b3bdc747e3fd137296e59363ccf88e9c3d399eb50075675d91f9462790b77a2c5bdb67a7277ace5940e5f79936e7a08dd5e1757618baac6d09fd42259f662080879db9f84601dc7a9c16bba612881a470af38d35cf82edba0f05fddce67a9f91f39b3ffd654837f955110e2175edf8c49515920c1eedfdcf0a0382c1b5bd6b315de390dfa7c7d143977aaf9bdce3d2a87e6be629268a4ebb489d16442a2b2487efe3337794d5c5,gx-no-cache=1488487262802 HTTP/1.1" 200 257
192.168.10.89 - - [02/Mar/2017:16:46:17 -0300] "GET /cormun/servlet/solicitudgral?7aecce9086168b326be8ad892b030e8b3b83f9a7471deebc736fcc3ba017c4818f081dc11536e5713ae02984e701f391d5406bc89e7b934762798ea295aaafb0484df1953c07b74b531eb5f857ef5a4ae0403eb34ec31155e5bdeaff4c110b71a80e9c3e922369c2b42b35ac0c81f0d3a4742bf08c2788d8674646ae9e4d7babcb76b23846569119ec67c924eaa8fe0d4d89b5857a29c144a9c4bfa18bb1de87705ae309b7f7be9d73a873d459e714400f0e05c8caa2dccb416ab314b4abe1748acd269b8fbbec978ace5d63842a6f8b5e320d609c2c75dd63b1b11bdb2b65c8c83e69d9365b2545ad3a9509d34b4cdd89479e3f912ffacd1112c46209cbb510a1bcd9d8c910260138420968d54b2425e0cf5f193b0e3af0e8950e7e2602123330fcd1b5e46df92ee4350d80ea784625a039d555acf4215d2546db07283c202ec8d233bc7b38b51bec67ab1852e23c80f910d23d8964bfe6a7f18817f4ab4a60f7d01f04b1305fa2d6410fbfb0faa486ba30d163645164f610aef52f55406f10b2d2781cec7a3812d900ed57bb7426dea464ec5810c0cf13a643fc652f84cb01275a9d24c8a21b5f4cc066fdd23c14dde9d8babe04de814b6cc0158a396e50bcf8c85ef14038c6aa9bcab6cd3b9b4bb66664e6b0fbb13e12ab69e94b0ee3c878609b4fc094ed2a04ebb1e537c5b37be9a464ec5810c0cf13a643fc652f84cb01cb8de486ed119d8ae9489dac6592aef89d180339b762b024cf00901752a4a42718d1298a53f92e63c9a29d7e328fa1ccc507e7b1a1b618278f53c797bbe81154,gx-no-cache=1488487263245 HTTP/1.1" 200 48
192.168.10.89 - - [02/Mar/2017:16:46:19 -0300] "POST /cormun/servlet/solicitudgral?ec43597ef3ef9d4cf99638f391379d5b,UPD,2017,4902,,gx-no-cache=1488487265186 HTTP/1.1" 200 10546
192.168.10.89 - - [02/Mar/2017:16:46:22 -0300] "GET /cormun/servlet/solicitudgral?7aecce9086168b326be8ad892b030e8bf82400f7870644bd2be0f73f86c284278ad3112aaafe65130b03913d53ba9c532a80e6b6f84e1d1fd00c3b5e3883db682639d2ed885f90a609197fdcdabd439197800fd625da39c3fcd29bef12791799f9acf9da2b5dd7787d2f19186f91563f051ce7a5edbfc8c8760b2cd639e5dc27aeb8535cf1cdcf41c393e36c4fb1fe609946fc24f40295eea86e05ec8911b1a9,gx-no-cache=1488487267950 HTTP/1.1" 200 29
192.168.10.89 - - [02/Mar/2017:16:46:22 -0300] "POST /cormun/servlet/solicitudgral?gx-no-cache=1488487267979 HTTP/1.1" 200 1249
192.168.10.89 - - [02/Mar/2017:16:46:22 -0300] "POST /cormun/servlet/solicitudgral?gx-no-cache=1488487268021 HTTP/1.1" 200 1154
192.168.10.89 - - [02/Mar/2017:16:46:24 -0300] "POST /cormun/servlet/solicitudgral?ec43597ef3ef9d4cf99638f391379d5b,UPD,2017,4902,,gx-no-cache=1488487270259 HTTP/1.1" 200 93
192.168.10.89 - - [02/Mar/2017:16:46:24 -0300] "GET /cormun/servlet/hpexe_return? HTTP/1.1" 200 1012
192.168.10.89 - - [02/Mar/2017:16:46:25 -0300] "GET /cormun/servlet/trsolicitudgral HTTP/1.1" 200 15508
192.168.10.89 - - [02/Mar/2017:16:46:47 -0300] "GET /cormun/servlet/solicitudgral?UPD,2017,4900, HTTP/1.1" 200 12174
192.168.10.89 - - [02/Mar/2017:16:46:48 -0300] "POST /cormun/servlet/solicitudgral?gx-no-cache=1488487294270 HTTP/1.1" 200 3185
192.168.10.89 - - [02/Mar/2017:16:46:48 -0300] "GET /cormun/servlet/solicitudgral?7aecce9086168b326be8ad892b030e8bf70d39f64e46d054aa796a49e93914a746194c490e6f73823f9ad2e2cd1bad6f24719831135620a421e4f90060c40d6dfb59be7f18a4d112d1edda4c45f21f28f952288b25e29fc6b8d90447157602a9a8f2d03046d7049623656abfa5d7bcd752a9725931418884804e8e322ea756f34629d7ec63974a0742b66ad3dbbd2dd3f2a5513512e7b9753880316cd0c3d01110a8798bc2a70b56c9b3bdc747e3fd137296e59363ccf88e9c3d399eb50075675d91f9462790b77a2c5bdb67a7277ace5940e5f79936e7a08dd5e1757618baac6d09fd42259f662080879db9f84601dc7a9c16bba612881a470af38d35cf82edba0f05fddce67a9f91f39b3ffd654837f955110e2175edf8c49515920c1eedfdcf0a0382c1b5bd6b315de390dfa7c7d143977aaf9bdce3d2a87e6be629268a4ebb489d16442a2b2487efe3337794d5c5,gx-no-cache=1488487294479 HTTP/1.1" 200 257
192.168.10.89 - - [02/Mar/2017:16:46:49 -0300] "GET /cormun/servlet/solicitudgral?7aecce9086168b326be8ad892b030e8b3b83f9a7471deebc736fcc3ba017c4818f081dc11536e5713ae02984e701f391d5406bc89e7b934762798ea295aaafb0484df1953c07b74b531eb5f857ef5a4ae0403eb34ec31155e5bdeaff4c110b71a80e9c3e922369c2b42b35ac0c81f0d3a4742bf08c2788d8674646ae9e4d7babcb76b23846569119ec67c924eaa8fe0d4d89b5857a29c144a9c4bfa18bb1de87705ae309b7f7be9d73a873d459e714400f0e05c8caa2dccb416ab314b4abe1748acd269b8fbbec978ace5d63842a6f8b5e320d609c2c75dd63b1b11bdb2b65c8c83e69d9365b2545ad3a9509d34b4cdd89479e3f912ffacd1112c46209cbb510a1bcd9d8c910260138420968d54b2425e0cf5f193b0e3af0e8950e7e2602123330fcd1b5e46df92ee4350d80ea784625a039d555acf4215d2546db07283c202ec8d233bc7b38b51bec67ab1852e23c80f910d23d8964bfe6a7f18817f4ab4a60f7d01f04b1305fa2d6410fbfb0faa486ba30d163645164f610aef52f55406f10b2d2781cec7a3812d900ed57bb7426dea464ec5810c0cf13a643fc652f84cb01275a9d24c8a21b5f4cc066fdd23c14dde9d8babe04de814b6cc0158a396e50bcf8c85ef14038c6aa9bcab6cd3b9b4bb66664e6b0fbb13e12ab69e94b0ee3c878609b4fc094ed2a04ebb1e537c5b37be9a464ec5810c0cf13a643fc652f84cb01cb8de486ed119d8ae9489dac6592aef89d180339b762b024cf00901752a4a42718d1298a53f92e63c9a29d7e328fa1ccc507e7b1a1b618278f53c797bbe81154,gx-no-cache=1488487294831 HTTP/1.1" 200 48
192.168.10.89 - - [02/Mar/2017:16:46:51 -0300] "POST /cormun/servlet/solicitudgral?ec43597ef3ef9d4cf99638f391379d5b,UPD,2017,4900,,gx-no-cache=1488487296835 HTTP/1.1" 200 10538
192.168.10.89 - - [02/Mar/2017:16:46:53 -0300] "GET /cormun/servlet/solicitudgral?7aecce9086168b326be8ad892b030e8bf82400f7870644bd2be0f73f86c284278ad3112aaafe65130b03913d53ba9c532a80e6b6f84e1d1fd00c3b5e3883db682639d2ed885f90a609197fdcdabd439197800fd625da39c3fcd29bef12791799f9acf9da2b5dd7787d2f19186f91563f051ce7a5edbfc8c8760b2cd639e5dc27aeb8535cf1cdcf41c393e36c4fb1fe609946fc24f40295eea86e05ec8911b1a9,gx-no-cache=1488487299007 HTTP/1.1" 200 29
192.168.10.89 - - [02/Mar/2017:16:46:53 -0300] "POST /cormun/servlet/solicitudgral?gx-no-cache=1488487299042 HTTP/1.1" 200 1249
192.168.10.89 - - [02/Mar/2017:16:46:53 -0300] "POST /cormun/servlet/solicitudgral?gx-no-cache=1488487299080 HTTP/1.1" 200 1154
192.168.10.89 - - [02/Mar/2017:16:46:57 -0300] "POST /cormun/servlet/solicitudgral?ec43597ef3ef9d4cf99638f391379d5b,UPD,2017,4900,,gx-no-cache=1488487303462 HTTP/1.1" 200 93
192.168.10.89 - - [02/Mar/2017:16:46:57 -0300] "GET /cormun/servlet/hpexe_return? HTTP/1.1" 200 1011
192.168.10.89 - - [02/Mar/2017:16:46:58 -0300] "GET /cormun/servlet/trsolicitudgral HTTP/1.1" 200 15509
192.168.10.89 - - [02/Mar/2017:16:47:24 -0300] "GET /cormun/servlet/solicitudgral?UPD,2017,4899, HTTP/1.1" 200 12159
192.168.10.89 - - [02/Mar/2017:16:47:25 -0300] "POST /cormun/servlet/solicitudgral?gx-no-cache=1488487331629 HTTP/1.1" 200 3185
192.168.10.89 - - [02/Mar/2017:16:47:26 -0300] "GET /cormun/servlet/solicitudgral?7aecce9086168b326be8ad892b030e8bf70d39f64e46d054aa796a49e93914a746194c490e6f73823f9ad2e2cd1bad6f24719831135620a421e4f90060c40d6dfb59be7f18a4d112d1edda4c45f21f28f952288b25e29fc6b8d90447157602a9a8f2d03046d7049623656abfa5d7bcd752a9725931418884804e8e322ea756f34629d7ec63974a0742b66ad3dbbd2dd3f2a5513512e7b9753880316cd0c3d01110a8798bc2a70b56c9b3bdc747e3fd137296e59363ccf88e9c3d399eb50075675d91f9462790b77a2c5bdb67a7277ace5940e5f79936e7a08dd5e1757618baac6d09fd42259f662080879db9f84601dc7a9c16bba612881a470af38d35cf82edba0f05fddce67a9f91f39b3ffd654837f955110e2175edf8c49515920c1eedfdcf0a0382c1b5bd6b315de390dfa7c7d143977aaf9bdce3d2a87e6be629268a4ebb489d16442a2b2487efe3337794d5c5,gx-no-cache=1488487331865 HTTP/1.1" 200 257
192.168.10.89 - - [02/Mar/2017:16:47:38 -0300] "GET /cormun/servlet/solicitudgral?7aecce9086168b326be8ad892b030e8b3b83f9a7471deebc736fcc3ba017c4818f081dc11536e5713ae02984e701f391d5406bc89e7b934762798ea295aaafb0484df1953c07b74b531eb5f857ef5a4ae0403eb34ec31155e5bdeaff4c110b71a80e9c3e922369c2b42b35ac0c81f0d3a4742bf08c2788d8674646ae9e4d7babcb76b23846569119ec67c924eaa8fe0d4d89b5857a29c144a9c4bfa18bb1de87705ae309b7f7be9d73a873d459e714400f0e05c8caa2dccb416ab314b4abe1748acd269b8fbbec978ace5d63842a6f8b5e320d609c2c75dd63b1b11bdb2b65c8c83e69d9365b2545ad3a9509d34b4cdd89479e3f912ffacd1112c46209cbb510a1bcd9d8c910260138420968d54b2425e0cf5f193b0e3af0e8950e7e2602123330fcd1b5e46df92ee4350d80ea784625a039d555acf4215d2546db07283c202ec8d233bc7b38b51bec67ab1852e23c80f910d23d8964bfe6a7f18817f4ab4a60f7d01f04b1305fa2d6410fbfb0faa486ba30d163645164f610aef52f55406f10b2d2781cec7a3812d900ed57bb7426dea464ec5810c0cf13a643fc652f84cb01275a9d24c8a21b5f4cc066fdd23c14dde9d8babe04de814b6cc0158a396e50bcf8c85ef14038c6aa9bcab6cd3b9b4bb66664e6b0fbb13e12ab69e94b0ee3c878609b4fc094ed2a04ebb1e537c5b37be9a464ec5810c0cf13a643fc652f84cb01cb8de486ed119d8ae9489dac6592aef89d180339b762b024cf00901752a4a42718d1298a53f92e63c9a29d7e328fa1ccc507e7b1a1b618278f53c797bbe81154,gx-no-cache=1488487344731 HTTP/1.1" 200 48
192.168.10.89 - - [02/Mar/2017:16:47:40 -0300] "POST /cormun/servlet/solicitudgral?ec43597ef3ef9d4cf99638f391379d5b,UPD,2017,4899,,gx-no-cache=1488487345744 HTTP/1.1" 200 10539
192.168.10.89 - - [02/Mar/2017:16:47:49 -0300] "GET /cormun/servlet/solicitudgral?7aecce9086168b326be8ad892b030e8bf82400f7870644bd2be0f73f86c284278ad3112aaafe65130b03913d53ba9c532a80e6b6f84e1d1fd00c3b5e3883db682639d2ed885f90a609197fdcdabd439197800fd625da39c3fcd29bef12791799f9acf9da2b5dd7787d2f19186f91563f051ce7a5edbfc8c8760b2cd639e5dc27aeb8535cf1cdcf41c393e36c4fb1fe609946fc24f40295eea86e05ec8911b1a9,gx-no-cache=1488487355289 HTTP/1.1" 200 29
192.168.10.89 - - [02/Mar/2017:16:47:49 -0300] "POST /cormun/servlet/solicitudgral?gx-no-cache=1488487355346 HTTP/1.1" 200 1249
192.168.10.89 - - [02/Mar/2017:16:47:49 -0300] "POST /cormun/servlet/solicitudgral?gx-no-cache=1488487355391 HTTP/1.1" 200 1154
186.79.129.193 - - [02/Mar/2017:16:47:59 -0300] "GET /cormun/servlet/hlogin HTTP/1.1" 200 1720
192.168.10.89 - - [02/Mar/2017:16:47:59 -0300] "POST /cormun/servlet/solicitudgral?ec43597ef3ef9d4cf99638f391379d5b,UPD,2017,4899,,gx-no-cache=1488487365065 HTTP/1.1" 200 93
192.168.10.89 - - [02/Mar/2017:16:47:59 -0300] "GET /cormun/servlet/hpexe_return? HTTP/1.1" 200 1012
192.168.10.89 - - [02/Mar/2017:16:47:59 -0300] "GET /cormun/servlet/trsolicitudgral HTTP/1.1" 200 15500
186.79.129.193 - - [02/Mar/2017:16:48:01 -0300] "POST /cormun/servlet/hlogin?61c5a90dbbc622885ec37ec70f08b754,gx-no-cache=1488484154970 HTTP/1.1" 200 90
186.79.129.193 - - [02/Mar/2017:16:48:01 -0300] "GET /cormun/servlet/hpexe_link HTTP/1.1" 200 955
186.79.129.193 - - [02/Mar/2017:16:48:02 -0300] "GET /cormun/servlet/hhome HTTP/1.1" 200 3759
186.79.129.193 - - [02/Mar/2017:16:48:02 -0300] "GET /cormun/servlet/hhome HTTP/1.1" 200 3756
186.79.129.193 - - [02/Mar/2017:16:48:07 -0300] "GET /cormun/servlet/trsolicitudot? HTTP/1.1" 200 6695
186.79.129.193 - - [02/Mar/2017:16:48:08 -0300] "GET /cormun/servlet/trsolicitudot? HTTP/1.1" 200 6694
186.79.129.193 - - [02/Mar/2017:16:48:10 -0300] "GET /cormun/servlet/solicitudot?INS,0,0, HTTP/1.1" 200 12567
186.79.129.193 - - [02/Mar/2017:16:48:11 -0300] "GET /cormun/servlet/solicitudot?INS,0,0, HTTP/1.1" 200 12572
186.103.158.250 - - [02/Mar/2017:16:48:14 -0300] "POST /cormun/servlet/solicitudot?gx-no-cache=1488484072081 HTTP/1.1" 440 972
186.103.158.250 - - [02/Mar/2017:16:48:20 -0300] "GET /cormun/static/menuarrow.gif HTTP/1.1" 404 1015
192.168.10.89 - - [02/Mar/2017:16:48:26 -0300] "GET /cormun/servlet/solicitudgral3?UPD,2017,5017, HTTP/1.1" 200 13005
186.103.158.250 - - [02/Mar/2017:16:48:26 -0300] "GET /cormun/servlet/trsolicitudot? HTTP/1.1" 200 6052
192.168.10.89 - - [02/Mar/2017:16:48:27 -0300] "POST /cormun/servlet/solicitudgral3?gx-no-cache=1488487393689 HTTP/1.1" 200 3359
192.168.10.89 - - [02/Mar/2017:16:48:28 -0300] "GET /cormun/servlet/solicitudgral3?7aecce9086168b326be8ad892b030e8bf70d39f64e46d054aa796a49e93914a746194c490e6f73823f9ad2e2cd1bad6f24719831135620a421e4f90060c40d6dfb59be7f18a4d112d1edda4c45f21f2897cdab582f85f6c05ec66a83ca27d9c3a8f2d03046d7049623656abfa5d7bcd752a9725931418884804e8e322ea756f34629d7ec63974a0742b66ad3dbbd2dd3f2a5513512e7b9753880316cd0c3d01110a8798bc2a70b56c9b3bdc747e3fd137296e59363ccf88e9c3d399eb50075675d91f9462790b77a2c5bdb67a7277ace5940e5f79936e7a08dd5e1757618baac6d09fd42259f662080879db9f84601dc7a9c16bba612881a470af38d35cf82edba0f05fddce67a9f91f39b3ffd654837f955110e2175edf8c49515920c1eedfdcf0a0382c1b5bd6b315de390dfa7c7d143977aaf9bdce3d2a87e6be629268a4ebb489d16442a2b2487efe3337794d5c5,gx-no-cache=1488487393912 HTTP/1.1" 200 242
192.168.10.89 - - [02/Mar/2017:16:48:28 -0300] "POST /cormun/servlet/solicitudgral3?gx-no-cache=1488487393944 HTTP/1.1" 200 1356
192.168.10.89 - - [02/Mar/2017:16:48:28 -0300] "GET /cormun/servlet/solicitudgral3?7aecce9086168b326be8ad892b030e8b192a85de067f7e36adae4e5b7b551640d58491d92ed32f03bddfd98080ecaac824719831135620a421e4f90060c40d6d5d1126691d7b9dd5234caa24fd6a674fcd461abf5aaaa2f68cd9e6a90a6ccdf309ecf434af5ef2ff55956b7923eb2f8da1f4b84e0520faa5c6e16f67e61b99a5,gx-no-cache=1488487394066 HTTP/1.1" 200 41
186.103.158.250 - - [02/Mar/2017:16:48:28 -0300] "GET /cormun/servlet/trsolicitudot? HTTP/1.1" 200 6040
186.103.158.250 - - [02/Mar/2017:16:48:28 -0300] "GET /cormun/servlet/hlogin HTTP/1.1" 200 1743
192.168.10.89 - - [02/Mar/2017:16:48:31 -0300] "POST /cormun/servlet/solicitudgral3?ec43597ef3ef9d4cf99638f391379d5b,UPD,2017,5017,,gx-no-cache=1488487397172 HTTP/1.1" 200 11010
192.168.10.89 - - [02/Mar/2017:16:48:33 -0300] "GET /cormun/servlet/solicitudgral3?7aecce9086168b326be8ad892b030e8bf82400f7870644bd2be0f73f86c284278ad3112aaafe65130b03913d53ba9c532a80e6b6f84e1d1fd00c3b5e3883db682639d2ed885f90a609197fdcdabd439197800fd625da39c3fcd29bef12791799f9acf9da2b5dd7787d2f19186f91563f051ce7a5edbfc8c8760b2cd639e5dc27aeb8535cf1cdcf41c393e36c4fb1fe609946fc24f40295eea86e05ec8911b1a9,gx-no-cache=1488487399772 HTTP/1.1" 200 29
192.168.10.89 - - [02/Mar/2017:16:48:34 -0300] "POST /cormun/servlet/solicitudgral3?gx-no-cache=1488487399835 HTTP/1.1" 200 1249
192.168.10.89 - - [02/Mar/2017:16:48:34 -0300] "POST /cormun/servlet/solicitudgral3?gx-no-cache=1488487399876 HTTP/1.1" 200 1154
192.168.10.89 - - [02/Mar/2017:16:48:34 -0300] "GET /cormun/servlet/solicitudgral3?7aecce9086168b326be8ad892b030e8b42492d88fb4fade4a5814ad5bf44881830c70f47b815340309c220591a0eddcd9a31462131a29241c64058e143c480e443977aaf9bdce3d2a87e6be629268a4e52df2f014d2703f7e6c6e5b7f9741f30f5a6c5cd500348c8f3df508f7063337c4f418ed589ebd9e7b4ee394b8176c5aeff876324f3ec34cab4506edaf8080a49,gx-no-cache=1488487399910 HTTP/1.1" 200 30
192.168.10.89 - - [02/Mar/2017:16:48:34 -0300] "POST /cormun/servlet/solicitudgral3?ec43597ef3ef9d4cf99638f391379d5b,UPD,2017,5017,,gx-no-cache=1488487399936 HTTP/1.1" 200 93
192.168.10.89 - - [02/Mar/2017:16:48:34 -0300] "GET /cormun/servlet/hpexe_return? HTTP/1.1" 200 1010
192.168.10.89 - - [02/Mar/2017:16:48:34 -0300] "GET /cormun/servlet/trsolicitudgral HTTP/1.1" 200 15505
186.79.129.193 - - [02/Mar/2017:16:48:37 -0300] "POST /cormun/servlet/solicitudot?gx-no-cache=1488484191361 HTTP/1.1" 200 3253
186.79.129.193 - - [02/Mar/2017:16:48:38 -0300] "GET /cormun/static/Shared/jqueryui/images/ui-bg_highlight-soft_100_c6c2c8_1x100.png HTTP/1.1" 404 1117
186.79.129.193 - - [02/Mar/2017:16:48:38 -0300] "GET /cormun/static/Shared/jqueryui/images/ui-icons_82798d_256x240.png HTTP/1.1" 404 1089
186.79.129.193 - - [02/Mar/2017:16:48:38 -0300] "GET /cormun/static/Shared/jqueryui/images/ui-bg_flat_55_994d53_40x100.png HTTP/1.1" 404 1097
186.79.129.193 - - [02/Mar/2017:16:48:39 -0300] "GET /cormun/static/Shared/jqueryui/images/ui-icons_ebccce_256x240.png HTTP/1.1" 404 1089
186.79.129.193 - - [02/Mar/2017:16:48:39 -0300] "GET /cormun/static/Resources/resize.gif HTTP/1.1" 200 77
186.79.129.193 - - [02/Mar/2017:16:48:46 -0300] "GET /cormun/servlet/prfichaempleado?,MD,,gxPopupLevel%3D0%3B HTTP/1.1" 200 8812
186.79.129.193 - - [02/Mar/2017:16:48:46 -0300] "GET /cormun/static/Resources/PXToolsMenuSearchCancel.png HTTP/1.1" 200 2972
186.79.129.193 - - [02/Mar/2017:16:48:46 -0300] "GET /cormun/static/gxcfg.js?2016102420561687 HTTP/1.1" 200 953
186.79.129.193 - - [02/Mar/2017:16:48:46 -0300] "GET /cormun/static/Resources/PXToolsMenuSearch.png HTTP/1.1" 200 2914
186.79.129.193 - - [02/Mar/2017:16:48:46 -0300] "GET /cormun/static/menusearch.js?201610171694467 HTTP/1.1" 200 1424
186.79.129.193 - - [02/Mar/2017:16:48:46 -0300] "GET /cormun/static/hmpwkw011.js?201612218515582 HTTP/1.1" 200 1968
186.79.129.193 - - [02/Mar/2017:16:48:46 -0300] "GET /cormun/static/prfichaempleado.js?201610242056198 HTTP/1.1" 200 16015
192.168.10.89 - - [02/Mar/2017:16:48:47 -0300] "POST /cormun/servlet/trsolicitudgral?ec43597ef3ef9d4cf99638f391379d5b,gx-no-cache=1488487413682 HTTP/1.1" 200 6997
186.103.158.250 - - [02/Mar/2017:16:49:05 -0300] "POST /cormun/servlet/hlogin?12192e0218e5bf3c719734d55238518a,gx-no-cache=1488484123844 HTTP/1.1" 200 90
186.103.158.250 - - [02/Mar/2017:16:49:06 -0300] "GET /cormun/servlet/hpexe_link HTTP/1.1" 200 965
186.103.158.250 - - [02/Mar/2017:16:49:06 -0300] "GET /cormun/servlet/trsolicitudot HTTP/1.1" 200 8701
186.79.129.193 - - [02/Mar/2017:16:49:08 -0300] "POST /cormun/servlet/acontrolpreferencessavestate?None,CD-12,true HTTP/1.1" 200 35
186.103.158.250 - - [02/Mar/2017:16:49:08 -0300] "GET /cormun/servlet/trsolicitudot HTTP/1.1" 200 8700
186.79.129.193 - - [02/Mar/2017:16:49:10 -0300] "POST /cormun/servlet/acontrolpreferencessavestate?None,CD-12,true HTTP/1.1" 200 35
192.168.10.89 - - [02/Mar/2017:16:49:11 -0300] "POST /cormun/servlet/trsolicitudgral?ec43597ef3ef9d4cf99638f391379d5b,gx-no-cache=1488487437580 HTTP/1.1" 200 7711
186.103.158.250 - - [02/Mar/2017:16:49:15 -0300] "POST /cormun/servlet/trsolicitudot?12192e0218e5bf3c719734d55238518a,gx-no-cache=1488484133276 HTTP/1.1" 200 105
186.103.158.250 - - [02/Mar/2017:16:49:15 -0300] "GET /cormun/servlet/solicitudot?UPD,2017,4882, HTTP/1.1" 200 14314
186.103.158.250 - - [02/Mar/2017:16:49:17 -0300] "GET /cormun/servlet/solicitudot?UPD,2017,4882, HTTP/1.1" 200 14323
186.103.158.250 - - [02/Mar/2017:16:49:18 -0300] "POST /cormun/servlet/solicitudot?gx-no-cache=1488484135877 HTTP/1.1" 200 3196
186.103.158.250 - - [02/Mar/2017:16:49:18 -0300] "POST /cormun/servlet/solicitudot?12192e0218e5bf3c719734d55238518a,UPD,2017,4882,,gx-no-cache=1488484136386 HTTP/1.1" 200 10924
186.103.158.250 - - [02/Mar/2017:16:49:18 -0300] "GET /cormun/servlet/solicitudot?1a7e9b7c418e43c0bd9ed41a9c7c5673c9bf8781a8939349507b826477f0f1cde35e0d72b7dc7eae50a21a17b3dde9e1,gx-no-cache=1488484136883 HTTP/1.1" 200 30
186.103.158.250 - - [02/Mar/2017:16:49:19 -0300] "POST /cormun/servlet/solicitudot?gx-no-cache=1488484136989 HTTP/1.1" 200 297
186.103.158.250 - - [02/Mar/2017:16:49:19 -0300] "GET /cormun/servlet/solicitudot?1a7e9b7c418e43c0bd9ed41a9c7c567386a348ee4a07bba394b754438c54fa497d5727a701ecd1fb799a682ad3c1c2f69a2e0e884be357c701b04f517d98a501a1c7d60618750374a9753a29dbd1c7959e16c636cc9da34f99243419b8f94c321faae6de1d4711892f725d1871356966212eec2fe2b2bcab3835af5e629efb90b364e4623363f74de903bcbbe51382a238357c71faa0622d8aec5b8ae50d29634ceecd0bfc40cf7554919d4ab8f598b57a52e9065eec1adb4f2f8ce9ab11d8e269cc72562b10cb39f1c38422ec93a606f2398078d92881c24e4c3d72e12b8674606b553466341aba0b9e57036a91152d894a74081feef7145036a33c135529f534d6ef8b2ec881ecb310dbfe550081e9b11856070f366fde1bca0afb9e47dcccb4afe9cfb407d5446bee72351339f30f72a089f6f0489d03c9c953c42c843e48cca31c53fa61da16f0284c96c555688d536624876e4aa81539b764e60d94d3434c687d55706cd5fb1c3cfe211feec7391a84a49f1843b0fe94438f79517712f77b9f853332036e8169ec2d70b68fa100,gx-no-cache=1488484137088 HTTP/1.1" 200 30
186.103.158.250 - - [02/Mar/2017:16:49:19 -0300] "POST /cormun/servlet/solicitudot?gx-no-cache=1488484137447 HTTP/1.1" 200 30
186.103.158.250 - - [02/Mar/2017:16:49:19 -0300] "POST /cormun/servlet/solicitudot?gx-no-cache=1488484137530 HTTP/1.1" 200 1286
186.103.158.250 - - [02/Mar/2017:16:49:19 -0300] "POST /cormun/servlet/solicitudot?gx-no-cache=1488484137708 HTTP/1.1" 200 41
186.79.129.193 - - [02/Mar/2017:16:49:28 -0300] "POST /cormun/servlet/solicitudot?gx-no-cache=1488484242239 HTTP/1.1" 200 3141
186.103.158.250 - - [02/Mar/2017:16:49:34 -0300] "POST /cormun/servlet/solicitudot?gx-no-cache=1488484152110 HTTP/1.1" 200 30
186.103.158.250 - - [02/Mar/2017:16:49:34 -0300] "POST /cormun/servlet/solicitudot?gx-no-cache=1488484152208 HTTP/1.1" 200 1286
186.103.158.250 - - [02/Mar/2017:16:49:34 -0300] "POST /cormun/servlet/solicitudot?gx-no-cache=1488484152334 HTTP/1.1" 200 41
186.103.158.250 - - [02/Mar/2017:16:49:34 -0300] "GET /cormun/servlet/solicitudot?1a7e9b7c418e43c0bd9ed41a9c7c567350db69c408d676381d7e7ec981b4b153298b0f2615e2d4154e13d4f1cded95362616e86b3570cfc444a2ab01c4b357868316ec328411456901eabeb14fe390aa28d7c6354a06c7dfb23f6abba4c1edc54e5d1319a9925228e81a3c90dd8ab3b6,gx-no-cache=1488484152407 HTTP/1.1" 200 29
186.103.158.250 - - [02/Mar/2017:16:49:34 -0300] "POST /cormun/servlet/solicitudot?gx-no-cache=1488484152481 HTTP/1.1" 200 1274
186.103.158.250 - - [02/Mar/2017:16:49:34 -0300] "POST /cormun/servlet/solicitudot?gx-no-cache=1488484152633 HTTP/1.1" 200 1158
192.168.10.89 - - [02/Mar/2017:16:49:46 -0300] "POST /cormun/servlet/trsolicitudgral?ec43597ef3ef9d4cf99638f391379d5b,gx-no-cache=1488487472454 HTTP/1.1" 200 6707
192.168.10.89 - - [02/Mar/2017:16:49:47 -0300] "GET /cormun/static/Shared/jqueryui/images/ui-bg_highlight-soft_100_c6c2c8_1x100.png HTTP/1.1" 404 1117
192.168.10.89 - - [02/Mar/2017:16:49:47 -0300] "GET /cormun/static/Shared/jqueryui/images/ui-bg_flat_55_fafafa_40x100.png HTTP/1.1" 404 1097
192.168.10.89 - - [02/Mar/2017:16:49:47 -0300] "GET /cormun/static/Shared/jqueryui/images/ui-icons_8d78a5_256x240.png HTTP/1.1" 404 1089
192.168.10.89 - - [02/Mar/2017:16:49:47 -0300] "GET /cormun/static/Shared/jqueryui/images/ui-icons_82798d_256x240.png HTTP/1.1" 404 1089
186.79.129.193 - - [02/Mar/2017:16:49:48 -0300] "POST /cormun/servlet/solicitudot?gx-no-cache=1488484262064 HTTP/1.1" 200 3253
186.79.129.193 - - [02/Mar/2017:16:50:03 -0300] "GET /cormun/servlet/solicitudot?2970d60cf159c1a0e253efd9579e2ae9abe5d930daf589071e6f2d6f441aacb32ef690f1da793a5cb719b056620a3f1f,gx-no-cache=1488484277446 HTTP/1.1" 200 111
186.79.129.193 - - [02/Mar/2017:16:50:11 -0300] "GET /cormun/servlet/solicitudot?2970d60cf159c1a0e253efd9579e2ae94ac90fb9b91f8ea253218981db579d97a3335c2e308cbe57bd079b83f0f45936,gx-no-cache=1488484285401 HTTP/1.1" 200 30
192.168.10.89 - - [02/Mar/2017:16:50:24 -0300] "POST /cormun/servlet/trsolicitudgral?ec43597ef3ef9d4cf99638f391379d5b,gx-no-cache=1488487509988 HTTP/1.1" 200 8041
186.103.158.250 - - [02/Mar/2017:16:50:24 -0300] "POST /cormun/servlet/solicitudot?gx-no-cache=1488484202262 HTTP/1.1" 200 30
186.103.158.250 - - [02/Mar/2017:16:50:44 -0300] "POST /cormun/servlet/solicitudot?gx-no-cache=1488484222182 HTTP/1.1" 200 30
186.103.158.250 - - [02/Mar/2017:16:51:19 -0300] "POST /cormun/servlet/solicitudot?gx-no-cache=1488484257160 HTTP/1.1" 200 1424
186.103.158.250 - - [02/Mar/2017:16:51:19 -0300] "GET /cormun/static/Shared/jqueryui/images/ui-bg_highlight-soft_100_c6c2c8_1x100.png HTTP/1.1" 404 1117
186.103.158.250 - - [02/Mar/2017:16:51:19 -0300] "GET /cormun/static/Shared/jqueryui/images/ui-icons_82798d_256x240.png HTTP/1.1" 404 1089
186.103.158.250 - - [02/Mar/2017:16:51:19 -0300] "GET /cormun/static/Shared/jqueryui/images/ui-icons_ebccce_256x240.png HTTP/1.1" 404 1089
186.103.158.250 - - [02/Mar/2017:16:51:19 -0300] "GET /cormun/static/Shared/jqueryui/images/ui-bg_flat_55_994d53_40x100.png HTTP/1.1" 404 1097
186.103.158.250 - - [02/Mar/2017:16:51:31 -0300] "POST /cormun/servlet/solicitudot?gx-no-cache=1488484269473 HTTP/1.1" 200 1290
186.103.158.250 - - [02/Mar/2017:16:51:34 -0300] "GET /cormun/static/menuarrow.gif HTTP/1.1" 404 1015
186.103.158.250 - - [02/Mar/2017:16:51:54 -0300] "POST /cormun/servlet/solicitudot?gx-no-cache=1488484292766 HTTP/1.1" 200 122
186.103.158.250 - - [02/Mar/2017:16:51:55 -0300] "POST /cormun/servlet/solicitudot?gx-no-cache=1488484292972 HTTP/1.1" 200 1273
186.103.158.250 - - [02/Mar/2017:16:51:55 -0300] "POST /cormun/servlet/solicitudot?gx-no-cache=1488484293126 HTTP/1.1" 200 1157
186.103.158.250 - - [02/Mar/2017:16:51:55 -0300] "GET /cormun/servlet/solicitudot?1a7e9b7c418e43c0bd9ed41a9c7c56735fe79eccbd72c2be6501a7588090c61efcce06e0ad4a0d91e4f2d27e1bd4583685c67a2fd3ba70bf5e9e93496ab23a8845be7850e7737225bf60301138bcea0cfb607de2c096b4f27aa71d6b64d2bd20d110e4a9a4a1495224b7ac02b9b67ffffdd893e0f6b4cf8f58a5df81c69faf983b0e32cc65b975ec48a1349af3f2b758fd80ba82caa849931f223fe860dd2b72f465622a3a0ea6f2d4b45497d0af34fe5262dd3e105230ca82b19f954288a04d,gx-no-cache=1488484293631 HTTP/1.1" 200 30
192.168.10.89 - - [02/Mar/2017:16:52:07 -0300] "GET /cormun/servlet/hlogin HTTP/1.1" 200 1736
192.168.10.62 - - [02/Mar/2017:16:52:16 -0300] "GET /cormun/servlet/hlogin HTTP/1.1" 200 1750
