186.103.156.24 - - [02/Mar/2017:16:23:33 -0300] "GET /cormun/static/Shared/jqueryui/images/ui-bg_highlight-soft_100_c6c2c8_1x100.png HTTP/1.1" 404 1117
186.103.156.24 - - [02/Mar/2017:16:23:33 -0300] "GET /cormun/static/Shared/jqueryui/images/ui-icons_82798d_256x240.png HTTP/1.1" 404 1089
186.103.156.24 - - [02/Mar/2017:16:23:33 -0300] "GET /cormun/static/Shared/jqueryui/images/ui-bg_flat_55_fafafa_40x100.png HTTP/1.1" 404 1097
186.103.156.24 - - [02/Mar/2017:16:23:33 -0300] "GET /cormun/static/Shared/jqueryui/images/ui-icons_8d78a5_256x240.png HTTP/1.1" 404 1089
186.103.156.24 - - [02/Mar/2017:16:23:33 -0300] "POST /cormun/servlet/trsolicitudot?247083030368fb1dd3fe6678aa14893f,gx-no-cache=1488482830172 HTTP/1.1" 200 4120
186.103.156.24 - - [02/Mar/2017:16:23:40 -0300] "GET /cormun/servlet/trautorizarsolicitud? HTTP/1.1" 200 8211
186.103.156.24 - - [02/Mar/2017:16:23:41 -0300] "GET /cormun/servlet/trautorizarsolicitud? HTTP/1.1" 200 8211
186.103.156.24 - - [02/Mar/2017:16:23:47 -0300] "POST /cormun/servlet/trautorizarsolicitud?247083030368fb1dd3fe6678aa14893f,,gx-no-cache=1488482845290 HTTP/1.1" 200 4349
186.103.156.24 - - [02/Mar/2017:16:23:47 -0300] "POST /cormun/servlet/trautorizarsolicitud?247083030368fb1dd3fe6678aa14893f,,gx-no-cache=1488482845522 HTTP/1.1" 200 4122
186.103.156.24 - - [02/Mar/2017:16:23:57 -0300] "GET /cormun/servlet/trsolicitudot? HTTP/1.1" 200 6930
186.103.156.24 - - [02/Mar/2017:16:23:58 -0300] "GET /cormun/servlet/trsolicitudot? HTTP/1.1" 200 6930
186.79.129.193 - - [02/Mar/2017:16:24:08 -0300] "POST /cormun/servlet/solicitudot?25844ac1fa5c512568e3bf890adea630,INS,0,0,,gx-no-cache=1488482721899 HTTP/1.1" 200 11214
186.103.159.182 - - [02/Mar/2017:16:24:17 -0300] "GET /cormunbeta/servlet/hlogin HTTP/1.1" 200 1723
186.103.156.24 - - [02/Mar/2017:16:24:18 -0300] "GET /cormun/servlet/solicitudot?INS,0,0, HTTP/1.1" 200 12759
186.103.156.24 - - [02/Mar/2017:16:24:19 -0300] "GET /cormun/servlet/solicitudot?INS,0,0, HTTP/1.1" 200 12764
186.103.156.24 - - [02/Mar/2017:16:24:28 -0300] "POST /cormun/servlet/solicitudot?gx-no-cache=1488482889880 HTTP/1.1" 200 3081
186.103.156.24 - - [02/Mar/2017:16:24:28 -0300] "POST /cormun/servlet/solicitudot?247083030368fb1dd3fe6678aa14893f,INS,0,0,,gx-no-cache=1488482890221 HTTP/1.1" 200 9863
186.103.156.24 - - [02/Mar/2017:16:24:29 -0300] "GET /cormun/servlet/solicitudot?395a255579487698b562f39cb8d66abb69bbfd969eb9243216552ac6c9cce8e047a5633567fe7732d59ba851bcef212e,gx-no-cache=1488482892012 HTTP/1.1" 200 30
186.103.159.182 - - [02/Mar/2017:16:24:44 -0300] "POST /cormunbeta/servlet/hlogin?2678b3b113e75054e5848e08afb32e3f,gx-no-cache=1488482967874 HTTP/1.1" 200 426
186.103.159.182 - - [02/Mar/2017:16:25:00 -0300] "GET /cormun/servlet/hlogin HTTP/1.1" 200 1713
186.103.159.182 - - [02/Mar/2017:16:25:03 -0300] "POST /cormun/servlet/hlogin?c87a359ad20016ff4f164da4eebe6882,gx-no-cache=1488482986156 HTTP/1.1" 200 90
186.103.159.182 - - [02/Mar/2017:16:25:03 -0300] "GET /cormun/servlet/hpexe_link HTTP/1.1" 200 948
186.103.159.182 - - [02/Mar/2017:16:25:03 -0300] "GET /cormun/servlet/hhome HTTP/1.1" 200 3766
186.103.159.182 - - [02/Mar/2017:16:25:05 -0300] "GET /cormun/servlet/hhome HTTP/1.1" 200 3762
186.103.159.182 - - [02/Mar/2017:16:25:29 -0300] "GET /cormun/servlet/hlogin HTTP/1.1" 200 1713
200.83.57.219 - - [02/Mar/2017:16:25:29 -0300] "GET /cormun/servlet/hlogin HTTP/1.1" 200 1720
200.83.57.219 - - [02/Mar/2017:16:25:31 -0300] "POST /cormun/servlet/hlogin?7390087870a7023802b5e2dfb417d1aa,gx-no-cache=1488482804351 HTTP/1.1" 200 90
200.83.57.219 - - [02/Mar/2017:16:25:31 -0300] "GET /cormun/servlet/hpexe_link HTTP/1.1" 200 957
200.83.57.219 - - [02/Mar/2017:16:25:31 -0300] "GET /cormun/servlet/trsolicitudot HTTP/1.1" 200 8703
200.83.57.219 - - [02/Mar/2017:16:25:32 -0300] "GET /cormun/servlet/trsolicitudot HTTP/1.1" 200 8702
200.83.57.219 - - [02/Mar/2017:16:25:37 -0300] "POST /cormun/servlet/trsolicitudot?7390087870a7023802b5e2dfb417d1aa,gx-no-cache=1488482810640 HTTP/1.1" 200 106
200.83.57.219 - - [02/Mar/2017:16:25:37 -0300] "GET /cormun/servlet/trsolicitudadjuntos?2017,5091, HTTP/1.1" 200 6191
200.83.57.219 - - [02/Mar/2017:16:25:38 -0300] "GET /cormun/servlet/trsolicitudadjuntos?2017,5091, HTTP/1.1" 200 6190
186.103.159.182 - - [02/Mar/2017:16:25:38 -0300] "POST /cormun/servlet/hlogin?c87a359ad20016ff4f164da4eebe6882,gx-no-cache=1488483021921 HTTP/1.1" 200 90
186.103.159.182 - - [02/Mar/2017:16:25:38 -0300] "GET /cormun/servlet/hpexe_link HTTP/1.1" 200 948
186.103.159.182 - - [02/Mar/2017:16:25:39 -0300] "GET /cormun/servlet/hhome HTTP/1.1" 200 4018
200.83.57.219 - - [02/Mar/2017:16:25:39 -0300] "GET /cormun/servlet/solicitudotadjuntos?INS,2017,5091,,1, HTTP/1.1" 200 6121
200.83.57.219 - - [02/Mar/2017:16:25:39 -0300] "GET /cormun/static/about:blank HTTP/1.1" 404 1011
200.83.57.219 - - [02/Mar/2017:16:25:39 -0300] "GET /cormun/servlet/solicitudotadjuntos?INS,2017,5091,,1, HTTP/1.1" 200 6115
200.83.57.219 - - [02/Mar/2017:16:25:40 -0300] "GET /cormun/servlet/solicitudotadjuntos?ab36da116ac26835b1ee8c9c0f9eafa0e49e413965ba9f60804a6f44a7b907c0eb5edcd7ee2a14bd8c7dec0b9b40519a,gx-no-cache=1488482813485 HTTP/1.1" 200 30
186.103.159.182 - - [02/Mar/2017:16:25:40 -0300] "GET /cormun/servlet/hhome HTTP/1.1" 200 4014
200.83.57.219 - - [02/Mar/2017:16:25:40 -0300] "POST /cormun/servlet/solicitudotadjuntos?7390087870a7023802b5e2dfb417d1aa,INS,2017,5091,,1,,gx-no-cache=1488482813531 HTTP/1.1" 200 3867
200.83.57.219 - - [02/Mar/2017:16:25:42 -0300] "POST /cormun/servlet/solicitudotadjuntos?gx-no-cache=1488482815508 HTTP/1.1" 200 26
200.83.57.219 - - [02/Mar/2017:16:25:45 -0300] "GET /cormun/servlet/solicitudotadjuntos?ab36da116ac26835b1ee8c9c0f9eafa06a70a614ab85cb677e440230e3a39930,gx-no-cache=1488482819094 HTTP/1.1" 200 30
200.83.57.219 - - [02/Mar/2017:16:25:45 -0300] "GET /cormun/servlet/solicitudotadjuntos?ab36da116ac26835b1ee8c9c0f9eafa06a70a614ab85cb677e440230e3a39930,gx-no-cache=1488482819146 HTTP/1.1" 200 30
200.83.57.219 - - [02/Mar/2017:16:25:46 -0300] "POST /cormun/servlet/solicitudotadjuntos?7390087870a7023802b5e2dfb417d1aa,INS,2017,5091,,1, HTTP/1.1" 200 116
200.83.57.219 - - [02/Mar/2017:16:25:46 -0300] "GET /cormun/servlet/hpexe_return? HTTP/1.1" 200 1026
200.83.57.219 - - [02/Mar/2017:16:25:46 -0300] "GET /cormun/servlet/trsolicitudadjuntos?2017,5091, HTTP/1.1" 200 8332
200.83.57.219 - - [02/Mar/2017:16:25:47 -0300] "GET /cormun/servlet/trsolicitudadjuntos?2017,5091, HTTP/1.1" 200 8328
200.83.57.219 - - [02/Mar/2017:16:25:48 -0300] "GET /cormun/servlet/solicitudotadjuntos?INS,2017,5091,,1, HTTP/1.1" 200 6121
200.83.57.219 - - [02/Mar/2017:16:25:49 -0300] "GET /cormun/static/about:blank HTTP/1.1" 404 1011
200.83.57.219 - - [02/Mar/2017:16:25:49 -0300] "GET /cormun/servlet/solicitudotadjuntos?INS,2017,5091,,1, HTTP/1.1" 200 6115
200.83.57.219 - - [02/Mar/2017:16:25:49 -0300] "GET /cormun/servlet/solicitudotadjuntos?ab36da116ac26835b1ee8c9c0f9eafa0e49e413965ba9f60804a6f44a7b907c0eb5edcd7ee2a14bd8c7dec0b9b40519a,gx-no-cache=1488482822990 HTTP/1.1" 200 30
200.83.57.219 - - [02/Mar/2017:16:25:49 -0300] "POST /cormun/servlet/solicitudotadjuntos?7390087870a7023802b5e2dfb417d1aa,INS,2017,5091,,1,,gx-no-cache=1488482823034 HTTP/1.1" 200 3867
200.83.57.219 - - [02/Mar/2017:16:25:51 -0300] "POST /cormun/servlet/solicitudotadjuntos?gx-no-cache=1488482824651 HTTP/1.1" 200 26
200.83.57.219 - - [02/Mar/2017:16:25:55 -0300] "GET /cormun/servlet/solicitudotadjuntos?ab36da116ac26835b1ee8c9c0f9eafa06a70a614ab85cb677e440230e3a39930,gx-no-cache=1488482828998 HTTP/1.1" 200 30
200.83.57.219 - - [02/Mar/2017:16:25:55 -0300] "GET /cormun/servlet/solicitudotadjuntos?ab36da116ac26835b1ee8c9c0f9eafa06a70a614ab85cb677e440230e3a39930,gx-no-cache=1488482829032 HTTP/1.1" 200 30
186.103.159.182 - - [02/Mar/2017:16:25:57 -0300] "GET /cormun/servlet/trsolicitudot? HTTP/1.1" 200 8282
200.83.57.219 - - [02/Mar/2017:16:25:58 -0300] "POST /cormun/servlet/solicitudotadjuntos?7390087870a7023802b5e2dfb417d1aa,INS,2017,5091,,1, HTTP/1.1" 200 116
200.83.57.219 - - [02/Mar/2017:16:25:58 -0300] "GET /cormun/servlet/hpexe_return? HTTP/1.1" 200 1026
186.103.159.182 - - [02/Mar/2017:16:25:59 -0300] "GET /cormun/servlet/trsolicitudot? HTTP/1.1" 200 8283
200.83.57.219 - - [02/Mar/2017:16:25:59 -0300] "GET /cormun/servlet/trsolicitudadjuntos?2017,5091, HTTP/1.1" 200 8513
200.83.57.219 - - [02/Mar/2017:16:25:59 -0300] "GET /cormun/servlet/trsolicitudadjuntos?2017,5091, HTTP/1.1" 200 8506
186.79.129.193 - - [02/Mar/2017:16:25:59 -0300] "GET /cormun/servlet/solicitudot?64036b2fcdcfb4992ab3fc7b90421bdf8b6647cfc861fd72fc097e62a54a39be76eba46d28ea9ed6f4a4bf4160386101d6fcee8af3785c3fdd5436f8a7bca031014532b38a19308415ace73af56e37501284ddc88cb661ccf37e9c84bfa03896105922d73e4adc5081bd66cb6cea4df694477507392167e547bee96e5f07ccfb20454143af79af53681bf724d5dbda4ea59c922961a36a9b55421b327a697044e5e721dcc11fd13e5b442f7347a5db175ede1ee0f96495a04bc6a3a098ec0d64a569fce5bc35d07e8f3190c0e0218fabac47440b1a6cd48d9350a011366f2c3c300097088652949b0aaeef8f0341092f50c0d9b681479148d61c430304a54dde8ec7475c79caf67ee66a8dc987a8d71a031308ca70accd02f5d092dc1f5448d532374646c80568c4ae10024e72111a7281cb20bba077f04237af2120d23fe8b6d8f6a87298861a085e550e40ee811253,gx-no-cache=1488482833722 HTTP/1.1" 200 30
186.79.129.193 - - [02/Mar/2017:16:26:00 -0300] "POST /cormun/servlet/solicitudot?gx-no-cache=1488482833860 HTTP/1.1" 200 30
186.79.129.193 - - [02/Mar/2017:16:26:00 -0300] "POST /cormun/servlet/solicitudot?gx-no-cache=1488482833970 HTTP/1.1" 200 1287
186.79.129.193 - - [02/Mar/2017:16:26:00 -0300] "GET /cormun/servlet/solicitudot?64036b2fcdcfb4992ab3fc7b90421bdf99590fbeca5dfaa08b6ce653f05aefccc1070e81bd29bea1d8572f317157f5cc391c0f4823e7a6fabd8fe6cea9755bfe4e49e3f17be544a986f8f226898eba2de1ff0f31062ce66b88245056c58f236414699f8d3611c40cb1cbbcd1952c76af322a7b00453dc7dccd368fd82c42cff12ac3ec42e8c96610f4e9667fbcd942cee8730b25a6826f50c7105243ce3ab5526347c0fd1cbb3e3630b588458b95b6c731900fdf54a6c463c433fc2c350c6fc503982c35b3f1c845634ec8aa8cdeec1b1d80654001d750bd87a65cbb13cb131760f0261f0d87a2807852ac72aee66f5c2522f48113ac0349bcc4564c74dd4d1b64fe582f216148ca8340f83c407b32f00b655206231d32416637c0d1b40c347597839087c7ec7a238d3482ec80efb7fca7d8bd4a1671dcb7733e6dcf63a976b347b577f7f59f52c2eb44ed0b95cb198896cabf2b19a50d45efa791b0f07d87a4f6b65c01613665649d925b002547ef839d3e7c19cb6ca22bf4e1b657c624a0d8ae5dbdd6633a53950dfeb05c8cbe702dd0f8200ee8eeba6fe649293faa159e4d1f5e5f2030bb3e1b07ddda534182f4a4fcbc1372947c5683c419e586533b2c743b8845cfcf5507a6ad6e9762a800e4b2b5684c846b2d8959f50dc7daaf8b7800bab59dcb902f62157ae0ebc1713bf9823d85e1c77a887341eccdbaf4ee8e4d86f4050dc4364b9a982a0fb4f210fdea0da251123582e16e18400a0d9b724988eaa57063ef922c1d686cace58635caabb3,gx-no-cache=1488482834188 HTTP/1.1" 200 41
186.79.129.193 - - [02/Mar/2017:16:26:00 -0300] "POST /cormun/servlet/solicitudot?gx-no-cache=1488482834291 HTTP/1.1" 200 1275
186.79.129.193 - - [02/Mar/2017:16:26:00 -0300] "POST /cormun/servlet/solicitudot?gx-no-cache=1488482834485 HTTP/1.1" 200 1157
186.79.129.193 - - [02/Mar/2017:16:26:00 -0300] "GET /cormun/servlet/solicitudot?64036b2fcdcfb4992ab3fc7b90421bdf1080926934ca8caca0114603305040844ac30e85af05edef58f85990c2581eb0b6486867c6975dab4c465df47f41714776f4caaa146fef9f285b6bc634767dadf659f55bfb8aeb4aa6d1a4967898dfca1948e93429d3066a9e72e70adbfcddbb7e601f9477c5a16a8cd14d9f7eea14c36af264020aff2ccafb206eb60d49f262e61a8c96c591910ef5c7f429a0fd1800536b8baf7a5f2cdd96c9ba2185439796,gx-no-cache=1488482834669 HTTP/1.1" 200 30
186.79.129.193 - - [02/Mar/2017:16:26:01 -0300] "POST /cormun/servlet/solicitudot?25844ac1fa5c512568e3bf890adea630,INS,0,0,,gx-no-cache=1488482834775 HTTP/1.1" 200 11253
186.103.159.182 - - [02/Mar/2017:16:26:01 -0300] "POST /cormun/servlet/trsolicitudot?c87a359ad20016ff4f164da4eebe6882,,gx-no-cache=1488483044922 HTTP/1.1" 200 5456
200.83.57.219 - - [02/Mar/2017:16:26:01 -0300] "GET /cormun/servlet/solicitudotadjuntos?INS,2017,5091,,1, HTTP/1.1" 200 6121
186.103.159.182 - - [02/Mar/2017:16:26:02 -0300] "GET /cormun/static/Shared/jqueryui/images/ui-bg_highlight-soft_100_c6c2c8_1x100.png HTTP/1.1" 404 1117
186.103.159.182 - - [02/Mar/2017:16:26:02 -0300] "GET /cormun/static/Shared/jqueryui/images/ui-icons_82798d_256x240.png HTTP/1.1" 404 1089
186.103.159.182 - - [02/Mar/2017:16:26:02 -0300] "GET /cormun/static/Shared/jqueryui/images/ui-icons_8d78a5_256x240.png HTTP/1.1" 404 1089
186.103.159.182 - - [02/Mar/2017:16:26:02 -0300] "GET /cormun/static/Shared/jqueryui/images/ui-bg_flat_55_fafafa_40x100.png HTTP/1.1" 404 1097
200.83.57.219 - - [02/Mar/2017:16:26:02 -0300] "GET /cormun/static/about:blank HTTP/1.1" 404 1011
200.83.57.219 - - [02/Mar/2017:16:26:02 -0300] "GET /cormun/servlet/solicitudotadjuntos?INS,2017,5091,,1, HTTP/1.1" 200 6115
200.83.57.219 - - [02/Mar/2017:16:26:02 -0300] "GET /cormun/servlet/solicitudotadjuntos?ab36da116ac26835b1ee8c9c0f9eafa0e49e413965ba9f60804a6f44a7b907c0eb5edcd7ee2a14bd8c7dec0b9b40519a,gx-no-cache=1488482836015 HTTP/1.1" 200 30
200.83.57.219 - - [02/Mar/2017:16:26:03 -0300] "POST /cormun/servlet/solicitudotadjuntos?7390087870a7023802b5e2dfb417d1aa,INS,2017,5091,,1,,gx-no-cache=1488482836175 HTTP/1.1" 200 3867
200.83.57.219 - - [02/Mar/2017:16:26:04 -0300] "POST /cormun/servlet/solicitudotadjuntos?gx-no-cache=1488482837828 HTTP/1.1" 200 26
200.83.57.219 - - [02/Mar/2017:16:26:08 -0300] "GET /cormun/servlet/solicitudotadjuntos?ab36da116ac26835b1ee8c9c0f9eafa06a70a614ab85cb677e440230e3a39930,gx-no-cache=1488482841685 HTTP/1.1" 200 30
200.83.57.219 - - [02/Mar/2017:16:26:08 -0300] "GET /cormun/servlet/solicitudotadjuntos?ab36da116ac26835b1ee8c9c0f9eafa06a70a614ab85cb677e440230e3a39930,gx-no-cache=1488482841727 HTTP/1.1" 200 30
200.83.57.219 - - [02/Mar/2017:16:26:09 -0300] "POST /cormun/servlet/solicitudotadjuntos?7390087870a7023802b5e2dfb417d1aa,INS,2017,5091,,1, HTTP/1.1" 200 116
200.83.57.219 - - [02/Mar/2017:16:26:09 -0300] "GET /cormun/servlet/hpexe_return? HTTP/1.1" 200 1026
200.83.57.219 - - [02/Mar/2017:16:26:09 -0300] "GET /cormun/servlet/trsolicitudadjuntos?2017,5091, HTTP/1.1" 200 8655
200.83.57.219 - - [02/Mar/2017:16:26:10 -0300] "GET /cormun/servlet/trsolicitudadjuntos?2017,5091, HTTP/1.1" 200 8653
186.103.159.182 - - [02/Mar/2017:16:26:11 -0300] "POST /cormun/servlet/trsolicitudot?c87a359ad20016ff4f164da4eebe6882,,gx-no-cache=1488483054076 HTTP/1.1" 200 5457
200.83.57.219 - - [02/Mar/2017:16:26:12 -0300] "GET /cormun/servlet/solicitudotadjuntos?INS,2017,5091,,1, HTTP/1.1" 200 6121
186.103.159.182 - - [02/Mar/2017:16:26:12 -0300] "GET /cormun/servlet/vesolicitudot?2017,5084,, HTTP/1.1" 200 8257
200.83.57.219 - - [02/Mar/2017:16:26:12 -0300] "GET /cormun/static/about:blank HTTP/1.1" 404 1011
186.103.159.182 - - [02/Mar/2017:16:26:12 -0300] "GET /cormun/static/gxcfg.js?20161221854299 HTTP/1.1" 200 953
186.103.159.182 - - [02/Mar/2017:16:26:12 -0300] "GET /cormun/pexe_scrolldiv.js HTTP/1.1" 404 1009
186.103.159.182 - - [02/Mar/2017:16:26:12 -0300] "GET /cormun/static/vesolicitudot.js?20161221854352 HTTP/1.1" 200 6091
200.83.57.219 - - [02/Mar/2017:16:26:12 -0300] "GET /cormun/servlet/solicitudotadjuntos?INS,2017,5091,,1, HTTP/1.1" 200 6115
186.103.159.182 - - [02/Mar/2017:16:26:12 -0300] "GET /cormun/static/hwcviewtabs.js?201612218431866 HTTP/1.1" 200 1074
186.103.159.182 - - [02/Mar/2017:16:26:12 -0300] "GET /cormun/static/hpexe_tabsview.js?201610171694228 HTTP/1.1" 200 1661
186.103.159.182 - - [02/Mar/2017:16:26:12 -0300] "GET /cormun/pexe_scrolldiv.js HTTP/1.1" 404 1009
186.103.159.182 - - [02/Mar/2017:16:26:12 -0300] "GET /cormun/static/Resources/PXToolsTabFirstSelected.png HTTP/1.1" 200 1259
186.103.159.182 - - [02/Mar/2017:16:26:12 -0300] "GET /cormun/static/Resources/PXToolsTabLastUnselected.png HTTP/1.1" 200 1291
186.103.159.182 - - [02/Mar/2017:16:26:13 -0300] "GET /cormun/static/Resources/PXToolsTabNext.gif HTTP/1.1" 200 168
186.103.159.182 - - [02/Mar/2017:16:26:13 -0300] "GET /cormun/static/Resources/PXToolsTabPrevious.gif HTTP/1.1" 200 172
186.103.159.182 - - [02/Mar/2017:16:26:13 -0300] "GET /cormun/static/tbsolicitudot01.js?2017119103633 HTTP/1.1" 200 28340
200.83.57.219 - - [02/Mar/2017:16:26:13 -0300] "GET /cormun/servlet/solicitudotadjuntos?ab36da116ac26835b1ee8c9c0f9eafa0e49e413965ba9f60804a6f44a7b907c0eb5edcd7ee2a14bd8c7dec0b9b40519a,gx-no-cache=1488482846550 HTTP/1.1" 200 30
200.83.57.219 - - [02/Mar/2017:16:26:13 -0300] "POST /cormun/servlet/solicitudotadjuntos?7390087870a7023802b5e2dfb417d1aa,INS,2017,5091,,1,,gx-no-cache=1488482846594 HTTP/1.1" 200 3867
186.103.159.182 - - [02/Mar/2017:16:26:14 -0300] "GET /cormun/static/calendar-system.css HTTP/1.1" 200 5572
186.103.159.182 - - [02/Mar/2017:16:26:14 -0300] "GET /cormun/static/Resources/PXToolsTabBackUnselected.png HTTP/1.1" 200 1175
186.103.159.182 - - [02/Mar/2017:16:26:14 -0300] "GET /cormun/static/Resources/PXToolsTabBackSelected.png HTTP/1.1" 200 1157
186.103.159.182 - - [02/Mar/2017:16:26:14 -0300] "GET /cormun/static/Resources/PXToolsTabUnselectedUnselected.png HTTP/1.1" 200 1459
186.103.159.182 - - [02/Mar/2017:16:26:14 -0300] "GET /cormun/static/Resources/PXToolsTabSelectedUnselected.png HTTP/1.1" 200 1428
186.103.159.182 - - [02/Mar/2017:16:26:14 -0300] "GET /cormun/servlet/vesolicitudot?2017,5084,, HTTP/1.1" 200 8257
200.83.57.219 - - [02/Mar/2017:16:26:19 -0300] "POST /cormun/servlet/solicitudotadjuntos?gx-no-cache=1488482853131 HTTP/1.1" 200 26
200.83.57.219 - - [02/Mar/2017:16:26:26 -0300] "GET /cormun/servlet/solicitudotadjuntos?ab36da116ac26835b1ee8c9c0f9eafa06a70a614ab85cb677e440230e3a39930,gx-no-cache=1488482859862 HTTP/1.1" 200 30
200.83.57.219 - - [02/Mar/2017:16:26:26 -0300] "GET /cormun/servlet/solicitudotadjuntos?ab36da116ac26835b1ee8c9c0f9eafa06a70a614ab85cb677e440230e3a39930,gx-no-cache=1488482859916 HTTP/1.1" 200 30
200.83.57.219 - - [02/Mar/2017:16:26:27 -0300] "POST /cormun/servlet/solicitudotadjuntos?7390087870a7023802b5e2dfb417d1aa,INS,2017,5091,,1, HTTP/1.1" 200 116
200.83.57.219 - - [02/Mar/2017:16:26:27 -0300] "GET /cormun/servlet/hpexe_return? HTTP/1.1" 200 1026
200.83.57.219 - - [02/Mar/2017:16:26:27 -0300] "GET /cormun/servlet/trsolicitudadjuntos?2017,5091, HTTP/1.1" 200 8793
200.83.57.219 - - [02/Mar/2017:16:26:28 -0300] "GET /cormun/servlet/trsolicitudadjuntos?2017,5091, HTTP/1.1" 200 8790
200.83.57.219 - - [02/Mar/2017:16:26:30 -0300] "GET /cormun/servlet/solicitudotadjuntos?INS,2017,5091,,1, HTTP/1.1" 200 6119
200.83.57.219 - - [02/Mar/2017:16:26:31 -0300] "GET /cormun/static/about:blank HTTP/1.1" 404 1011
200.83.57.219 - - [02/Mar/2017:16:26:31 -0300] "GET /cormun/servlet/solicitudotadjuntos?INS,2017,5091,,1, HTTP/1.1" 200 6113
200.83.57.219 - - [02/Mar/2017:16:26:31 -0300] "GET /cormun/servlet/solicitudotadjuntos?ab36da116ac26835b1ee8c9c0f9eafa0e49e413965ba9f60804a6f44a7b907c0eb5edcd7ee2a14bd8c7dec0b9b40519a,gx-no-cache=1488482864903 HTTP/1.1" 200 30
200.83.57.219 - - [02/Mar/2017:16:26:31 -0300] "POST /cormun/servlet/solicitudotadjuntos?7390087870a7023802b5e2dfb417d1aa,INS,2017,5091,,1,,gx-no-cache=1488482864976 HTTP/1.1" 200 3866
200.83.57.219 - - [02/Mar/2017:16:26:33 -0300] "POST /cormun/servlet/solicitudotadjuntos?gx-no-cache=1488482866443 HTTP/1.1" 200 26
200.83.57.219 - - [02/Mar/2017:16:26:38 -0300] "GET /cormun/servlet/solicitudotadjuntos?ab36da116ac26835b1ee8c9c0f9eafa06a70a614ab85cb677e440230e3a39930,gx-no-cache=1488482872053 HTTP/1.1" 200 30
200.83.57.219 - - [02/Mar/2017:16:26:38 -0300] "GET /cormun/servlet/solicitudotadjuntos?ab36da116ac26835b1ee8c9c0f9eafa06a70a614ab85cb677e440230e3a39930,gx-no-cache=1488482872107 HTTP/1.1" 200 30
200.83.57.219 - - [02/Mar/2017:16:26:39 -0300] "POST /cormun/servlet/solicitudotadjuntos?7390087870a7023802b5e2dfb417d1aa,INS,2017,5091,,1, HTTP/1.1" 200 116
200.83.57.219 - - [02/Mar/2017:16:26:39 -0300] "GET /cormun/servlet/hpexe_return? HTTP/1.1" 200 1026
200.83.57.219 - - [02/Mar/2017:16:26:40 -0300] "GET /cormun/servlet/trsolicitudadjuntos?2017,5091, HTTP/1.1" 200 8970
200.83.57.219 - - [02/Mar/2017:16:26:40 -0300] "GET /cormun/servlet/trsolicitudadjuntos?2017,5091, HTTP/1.1" 200 8966
200.83.57.219 - - [02/Mar/2017:16:26:42 -0300] "GET /cormun/servlet/solicitudotadjuntos?INS,2017,5091,,1, HTTP/1.1" 200 6119
200.83.57.219 - - [02/Mar/2017:16:26:43 -0300] "GET /cormun/static/about:blank HTTP/1.1" 404 1011
200.83.57.219 - - [02/Mar/2017:16:26:43 -0300] "GET /cormun/servlet/solicitudotadjuntos?INS,2017,5091,,1, HTTP/1.1" 200 6113
200.83.57.219 - - [02/Mar/2017:16:26:43 -0300] "GET /cormun/servlet/solicitudotadjuntos?ab36da116ac26835b1ee8c9c0f9eafa0e49e413965ba9f60804a6f44a7b907c0eb5edcd7ee2a14bd8c7dec0b9b40519a,gx-no-cache=1488482877068 HTTP/1.1" 200 30
200.83.57.219 - - [02/Mar/2017:16:26:43 -0300] "POST /cormun/servlet/solicitudotadjuntos?7390087870a7023802b5e2dfb417d1aa,INS,2017,5091,,1,,gx-no-cache=1488482877112 HTTP/1.1" 200 3866
200.83.57.219 - - [02/Mar/2017:16:26:46 -0300] "POST /cormun/servlet/solicitudotadjuntos?gx-no-cache=1488482879915 HTTP/1.1" 200 26
200.83.57.219 - - [02/Mar/2017:16:26:50 -0300] "GET /cormun/servlet/solicitudotadjuntos?ab36da116ac26835b1ee8c9c0f9eafa06a70a614ab85cb677e440230e3a39930,gx-no-cache=1488482884006 HTTP/1.1" 200 30
200.83.57.219 - - [02/Mar/2017:16:26:50 -0300] "GET /cormun/servlet/solicitudotadjuntos?ab36da116ac26835b1ee8c9c0f9eafa06a70a614ab85cb677e440230e3a39930,gx-no-cache=1488482884069 HTTP/1.1" 200 30
186.79.129.193 - - [02/Mar/2017:16:26:52 -0300] "POST /cormun/servlet/solicitudot?25844ac1fa5c512568e3bf890adea630,INS,0,0,,gx-no-cache=1488482884745 HTTP/1.1" 200 93
186.79.129.193 - - [02/Mar/2017:16:26:52 -0300] "GET /cormun/servlet/hpexe_return? HTTP/1.1" 200 1006
200.83.57.219 - - [02/Mar/2017:16:26:52 -0300] "POST /cormun/servlet/solicitudotadjuntos?7390087870a7023802b5e2dfb417d1aa,INS,2017,5091,,1, HTTP/1.1" 200 116
200.83.57.219 - - [02/Mar/2017:16:26:52 -0300] "GET /cormun/servlet/hpexe_return? HTTP/1.1" 200 1026
186.79.129.193 - - [02/Mar/2017:16:26:53 -0300] "GET /cormun/servlet/trsolicitudot HTTP/1.1" 200 6692
200.83.57.219 - - [02/Mar/2017:16:26:53 -0300] "GET /cormun/servlet/trsolicitudadjuntos?2017,5091, HTTP/1.1" 200 9154
186.79.129.193 - - [02/Mar/2017:16:26:54 -0300] "GET /cormun/servlet/trsolicitudot HTTP/1.1" 200 6688
200.83.57.219 - - [02/Mar/2017:16:26:54 -0300] "GET /cormun/servlet/trsolicitudadjuntos?2017,5091, HTTP/1.1" 200 9152
200.83.57.219 - - [02/Mar/2017:16:26:55 -0300] "GET /cormun/servlet/solicitudotadjuntos?INS,2017,5091,,2, HTTP/1.1" 200 6116
200.83.57.219 - - [02/Mar/2017:16:26:55 -0300] "GET /cormun/static/about:blank HTTP/1.1" 404 1011
200.83.57.219 - - [02/Mar/2017:16:26:55 -0300] "GET /cormun/servlet/solicitudotadjuntos?INS,2017,5091,,2, HTTP/1.1" 200 6110
200.83.57.219 - - [02/Mar/2017:16:26:56 -0300] "GET /cormun/servlet/solicitudotadjuntos?ab36da116ac26835b1ee8c9c0f9eafa0e49e413965ba9f60804a6f44a7b907c0eb5edcd7ee2a14bd8c7dec0b9b40519a,gx-no-cache=1488482889256 HTTP/1.1" 200 30
200.83.57.219 - - [02/Mar/2017:16:26:56 -0300] "POST /cormun/servlet/solicitudotadjuntos?7390087870a7023802b5e2dfb417d1aa,INS,2017,5091,,2,,gx-no-cache=1488482889328 HTTP/1.1" 200 4007
200.83.57.219 - - [02/Mar/2017:16:26:58 -0300] "POST /cormun/servlet/solicitudotadjuntos?gx-no-cache=1488482891404 HTTP/1.1" 200 26
200.83.57.219 - - [02/Mar/2017:16:27:02 -0300] "GET /cormun/servlet/solicitudotadjuntos?ab36da116ac26835b1ee8c9c0f9eafa06a70a614ab85cb677e440230e3a39930,gx-no-cache=1488482895367 HTTP/1.1" 200 30
200.83.57.219 - - [02/Mar/2017:16:27:02 -0300] "GET /cormun/servlet/solicitudotadjuntos?ab36da116ac26835b1ee8c9c0f9eafa06a70a614ab85cb677e440230e3a39930,gx-no-cache=1488482895406 HTTP/1.1" 200 30
200.83.57.219 - - [02/Mar/2017:16:27:02 -0300] "POST /cormun/servlet/solicitudotadjuntos?7390087870a7023802b5e2dfb417d1aa,INS,2017,5091,,2, HTTP/1.1" 200 116
200.83.57.219 - - [02/Mar/2017:16:27:02 -0300] "GET /cormun/servlet/hpexe_return? HTTP/1.1" 200 1026
200.83.57.219 - - [02/Mar/2017:16:27:03 -0300] "GET /cormun/servlet/trsolicitudadjuntos?2017,5091, HTTP/1.1" 200 9367
200.83.57.219 - - [02/Mar/2017:16:27:04 -0300] "GET /cormun/servlet/trsolicitudadjuntos?2017,5091, HTTP/1.1" 200 9364
200.83.57.219 - - [02/Mar/2017:16:27:05 -0300] "POST /cormun/servlet/trsolicitudadjuntos?7390087870a7023802b5e2dfb417d1aa,2017,5091,,gx-no-cache=1488482898172 HTTP/1.1" 200 90
200.83.57.219 - - [02/Mar/2017:16:27:05 -0300] "GET /cormun/servlet/hpexe_link HTTP/1.1" 200 969
200.83.57.219 - - [02/Mar/2017:16:27:05 -0300] "GET /cormun/servlet/trsolicitudot HTTP/1.1" 200 8703
200.83.57.219 - - [02/Mar/2017:16:27:05 -0300] "GET /cormun/servlet/trsolicitudot HTTP/1.1" 200 8702
186.103.159.182 - - [02/Mar/2017:16:28:12 -0300] "GET /cormun/servlet/vesolicitudot?2017,5084,,SolicitudOTAdjuntos HTTP/1.1" 200 7342
186.103.159.182 - - [02/Mar/2017:16:28:12 -0300] "GET /cormun/pexe_scrolldiv.js HTTP/1.1" 404 1009
186.103.159.182 - - [02/Mar/2017:16:28:13 -0300] "GET /cormun/static/tbsolicitudot02.js?20161221847758 HTTP/1.1" 200 15617
186.103.159.182 - - [02/Mar/2017:16:28:13 -0300] "GET /cormun/pexe_scrolldiv.js HTTP/1.1" 404 1009
186.103.159.182 - - [02/Mar/2017:16:28:14 -0300] "GET /cormun/static/gxui/gxui-all.css HTTP/1.1" 200 2179
186.103.159.182 - - [02/Mar/2017:16:28:14 -0300] "GET /cormun/static/Shared/ext/resources/css/ext-all.css HTTP/1.1" 200 416045
186.103.159.182 - - [02/Mar/2017:16:28:14 -0300] "GET /cormun/static/Resources/PXToolsTabFirstUnselected.png HTTP/1.1" 200 1264
186.103.159.182 - - [02/Mar/2017:16:28:14 -0300] "GET /cormun/static/Resources/PXToolsTabUnselectedSelected.png HTTP/1.1" 200 1444
186.103.159.182 - - [02/Mar/2017:16:28:15 -0300] "GET /cormun/servlet/vesolicitudot?2017,5084,,SolicitudOTAdjuntos HTTP/1.1" 200 7343
192.168.10.96 - - [02/Mar/2017:16:28:16 -0300] "POST /cormun/servlet/hlogin?1d602449539598f3d6b696213847d003,gx-no-cache=1488486181862 HTTP/1.1" 440 972
186.103.159.182 - - [02/Mar/2017:16:28:16 -0300] "POST /cormun/servlet/acontrolpreferencessavestate?None,SGONGORA,true HTTP/1.1" 200 35
192.168.10.96 - - [02/Mar/2017:16:28:18 -0300] "GET /cormun/servlet/hlogin HTTP/1.1" 200 1735
186.103.156.24 - - [02/Mar/2017:16:28:24 -0300] "POST /cormun/servlet/solicitudot?gx-no-cache=1488483152836 HTTP/1.1" 200 297
192.168.10.96 - - [02/Mar/2017:16:28:29 -0300] "POST /cormun/servlet/hlogin?5016abd51066fe3638f8dd51875e39d4,gx-no-cache=1488486194812 HTTP/1.1" 200 90
192.168.10.96 - - [02/Mar/2017:16:28:29 -0300] "GET /cormun/servlet/hpexe_link HTTP/1.1" 200 958
192.168.10.96 - - [02/Mar/2017:16:28:29 -0300] "GET /cormun/servlet/hhome HTTP/1.1" 200 4113
192.168.10.96 - - [02/Mar/2017:16:28:29 -0300] "GET /cormun/servlet/hhome HTTP/1.1" 200 4109
186.103.156.24 - - [02/Mar/2017:16:28:33 -0300] "GET /cormun/servlet/solicitudot?395a255579487698b562f39cb8d66abb0c692d643a9ae4442a77ffb4cb4ba59a9b20f3886e9d221175fd1cf6bc60a446e3463e850b2beaec89144c22c790b3de7c24c05686cddb2050703c4e36eaf92a4a72022b8104bfed7a6a4938bf92662246581cea26f3e1d7fa9724f9d627dc2ea5b9dd46f1dba2b19af7c00c34e86b7b88a0fd9fadcb16306605797da1084b347aa7d639078c376e4823a342cd082acaca0587e518a4b61f984b48c3aeddf3d3fc73e7a4e2a479df85eeff5bc05d90c945b14320f75303d748e92de235cbc4dc3f84c3c65bc14193d5f46af04b88084fd8312e2eb071788dcb62ed93b700e46abd994a2746b777d480bb8bc49823411f91ab74a170a05af19acb923e95dd5a58d8363ed1a69e6bdd86ec3398ebca260b27a40b6887540813ecf7c249201d6004a35462316d8cab566e4bc8af0b083f8e56b3042d61b5e54569ef3bc865358239100482cf559d1af80e3ad060ba084b8f76754f0a51e4bdcfa09158a59ec7a0cd98b001dbcd1b503e9b35589c86ce6138f0ed44e1bb73ab8092a88291d79b642b,gx-no-cache=1488483163124 HTTP/1.1" 200 30
186.103.156.24 - - [02/Mar/2017:16:28:38 -0300] "POST /cormun/servlet/solicitudot?gx-no-cache=1488483168093 HTTP/1.1" 200 30
186.103.156.24 - - [02/Mar/2017:16:28:41 -0300] "POST /cormun/servlet/solicitudot?gx-no-cache=1488483171511 HTTP/1.1" 200 235
186.103.156.24 - - [02/Mar/2017:16:28:41 -0300] "POST /cormun/servlet/solicitudot?gx-no-cache=1488483171588 HTTP/1.1" 200 38
192.168.10.96 - - [02/Mar/2017:16:28:49 -0300] "GET /cormun/servlet/trpermisosgeneralesgoce? HTTP/1.1" 200 8316
192.168.10.96 - - [02/Mar/2017:16:28:49 -0300] "GET /cormun/static/gxcfg.js?201612262051892 HTTP/1.1" 200 953
192.168.10.96 - - [02/Mar/2017:16:28:49 -0300] "GET /cormun/static/trpermisosgeneralesgoce.js?201612262052293 HTTP/1.1" 200 27491
192.168.10.96 - - [02/Mar/2017:16:28:50 -0300] "GET /cormun/servlet/trpermisosgeneralesgoce? HTTP/1.1" 200 8315
192.168.10.96 - - [02/Mar/2017:16:28:51 -0300] "POST /cormun/servlet/acontrolpreferencessavestate?None,DZAMUDIO,true HTTP/1.1" 200 35
192.168.10.96 - - [02/Mar/2017:16:28:55 -0300] "POST /cormun/servlet/trpermisosgeneralesgoce?5016abd51066fe3638f8dd51875e39d4,,gx-no-cache=1488486221553 HTTP/1.1" 200 5583
192.168.10.96 - - [02/Mar/2017:16:29:00 -0300] "POST /cormun/servlet/trpermisosgeneralesgoce?5016abd51066fe3638f8dd51875e39d4,,gx-no-cache=1488486225903 HTTP/1.1" 200 5586
192.168.10.62 - - [02/Mar/2017:16:29:07 -0300] "GET /cormun/servlet/trvisualizadoreventos? HTTP/1.1" 200 6470
192.168.10.62 - - [02/Mar/2017:16:29:07 -0300] "GET /cormun/static/gxcfg.js?2016101716203350 HTTP/1.1" 200 953
192.168.10.62 - - [02/Mar/2017:16:29:07 -0300] "GET /cormun/static/trvisualizadoreventos.js?2016101716203614 HTTP/1.1" 200 19309
192.168.10.62 - - [02/Mar/2017:16:29:07 -0300] "GET /cormun/static/Resources/PXToolsActionPrint.png HTTP/1.1" 200 3317
192.168.10.62 - - [02/Mar/2017:16:29:07 -0300] "GET /cormun/servlet/trvisualizadoreventos? HTTP/1.1" 200 6470
192.168.10.96 - - [02/Mar/2017:16:29:08 -0300] "POST /cormun/servlet/trpermisosgeneralesgoce?5016abd51066fe3638f8dd51875e39d4,,gx-no-cache=1488486233800 HTTP/1.1" 200 5589
192.168.10.62 - - [02/Mar/2017:16:29:08 -0300] "POST /cormun/servlet/acontrolpreferencessavestate?None,FGONZALEZG,true HTTP/1.1" 200 35
192.168.10.62 - - [02/Mar/2017:16:29:09 -0300] "GET /cormun/servlet/trconsultaempleado? HTTP/1.1" 200 6718
192.168.10.62 - - [02/Mar/2017:16:29:10 -0300] "GET /cormun/servlet/trconsultaempleado? HTTP/1.1" 200 6717
192.168.10.96 - - [02/Mar/2017:16:29:11 -0300] "POST /cormun/servlet/trpermisosgeneralesgoce?5016abd51066fe3638f8dd51875e39d4,,gx-no-cache=1488486237065 HTTP/1.1" 200 5587
192.168.10.96 - - [02/Mar/2017:16:29:14 -0300] "POST /cormun/servlet/trpermisosgeneralesgoce?5016abd51066fe3638f8dd51875e39d4,,gx-no-cache=1488486240133 HTTP/1.1" 200 5587
192.168.10.96 - - [02/Mar/2017:16:29:15 -0300] "GET /cormun/servlet/hlogin HTTP/1.1" 200 1746
192.168.10.62 - - [02/Mar/2017:16:29:27 -0300] "POST /cormun/servlet/trconsultaempleado?d75048e8daf8dd9cd792f9d9f75c143d,,gx-no-cache=1488486253388 HTTP/1.1" 200 3975
192.168.10.62 - - [02/Mar/2017:16:29:30 -0300] "GET /cormun/servlet/trsolicitudnombre?8459773, HTTP/1.1" 200 8783
192.168.10.62 - - [02/Mar/2017:16:29:30 -0300] "GET /cormun/servlet/trsolicitudnombre?8459773, HTTP/1.1" 200 8787
186.103.159.182 - - [02/Mar/2017:16:29:31 -0300] "GET /cormun/servlet/vesolicitudot?2017,5084,,General HTTP/1.1" 200 8264
186.103.159.182 - - [02/Mar/2017:16:29:31 -0300] "GET /cormun/pexe_scrolldiv.js HTTP/1.1" 404 1009
186.103.159.182 - - [02/Mar/2017:16:29:31 -0300] "GET /cormun/pexe_scrolldiv.js HTTP/1.1" 404 1009
186.103.159.182 - - [02/Mar/2017:16:29:33 -0300] "GET /cormun/servlet/vesolicitudot?2017,5084,,General HTTP/1.1" 200 8264
192.168.10.62 - - [02/Mar/2017:16:29:35 -0300] "POST /cormun/servlet/trsolicitudnombre?d75048e8daf8dd9cd792f9d9f75c143d,8459773,,gx-no-cache=1488486261034 HTTP/1.1" 200 107
192.168.10.62 - - [02/Mar/2017:16:29:35 -0300] "POST /cormun/servlet/trsolicitudnombre?d75048e8daf8dd9cd792f9d9f75c143d,8459773,,gx-no-cache=1488486261177 HTTP/1.1" 200 6822
192.168.10.62 - - [02/Mar/2017:16:29:35 -0300] "GET /cormun/SolicitudNombre-4925.xls HTTP/1.1" 200 8192
186.103.159.182 - - [02/Mar/2017:16:29:37 -0300] "POST /cormun/servlet/vesolicitudot?c87a359ad20016ff4f164da4eebe6882,2017,5084,,General,gx-no-cache=1488483260427 HTTP/1.1" 200 93
186.103.159.182 - - [02/Mar/2017:16:29:37 -0300] "GET /cormun/servlet/hpexe_return? HTTP/1.1" 200 1008
186.103.159.182 - - [02/Mar/2017:16:29:37 -0300] "GET /cormun/servlet/trsolicitudot? HTTP/1.1" 200 8287
186.103.159.182 - - [02/Mar/2017:16:29:38 -0300] "GET /cormun/servlet/trsolicitudot? HTTP/1.1" 200 8283
192.168.10.96 - - [02/Mar/2017:16:29:43 -0300] "POST /cormun/servlet/hlogin?5016abd51066fe3638f8dd51875e39d4,gx-no-cache=1488486269692 HTTP/1.1" 200 90
192.168.10.96 - - [02/Mar/2017:16:29:43 -0300] "GET /cormun/servlet/hpexe_link HTTP/1.1" 200 958
192.168.10.96 - - [02/Mar/2017:16:29:44 -0300] "GET /cormun/servlet/hhome HTTP/1.1" 200 4000
192.168.10.96 - - [02/Mar/2017:16:29:44 -0300] "GET /cormun/servlet/hhome HTTP/1.1" 200 3996
192.168.10.96 - - [02/Mar/2017:16:29:52 -0300] "GET /cormun/servlet/trautorizarpermisogoce? HTTP/1.1" 200 6724
192.168.10.96 - - [02/Mar/2017:16:29:52 -0300] "GET /cormun/static/gxcfg.js?201612262053193 HTTP/1.1" 200 953
192.168.10.96 - - [02/Mar/2017:16:29:52 -0300] "GET /cormun/static/trautorizarpermisogoce.js?201612262053552 HTTP/1.1" 200 31039
192.168.10.96 - - [02/Mar/2017:16:29:53 -0300] "GET /cormun/servlet/trautorizarpermisogoce? HTTP/1.1" 200 6729
192.168.10.96 - - [02/Mar/2017:16:29:57 -0300] "POST /cormun/servlet/trautorizarpermisogoce?5016abd51066fe3638f8dd51875e39d4,,gx-no-cache=1488486282850 HTTP/1.1" 200 6012
192.168.10.96 - - [02/Mar/2017:16:29:57 -0300] "GET /cormun//static/Resources/PXToolsActionPrint.png HTTP/1.1" 200 3317
192.168.10.96 - - [02/Mar/2017:16:29:57 -0300] "GET /cormun//static/Resources/PXToolsActionDisabled.gif HTTP/1.1" 200 53
192.168.10.96 - - [02/Mar/2017:16:29:57 -0300] "GET /cormun//static/Resources/PXToolsHeaderHelp.png HTTP/1.1" 200 4055
192.168.10.96 - - [02/Mar/2017:16:29:57 -0300] "GET /cormun//static/Resources/PXToolsHeaderFavorites.png HTTP/1.1" 200 2744
192.168.10.96 - - [02/Mar/2017:16:29:57 -0300] "GET /cormun//static/Resources/PXToolsGridDisplay.png HTTP/1.1" 200 362
186.103.159.182 - - [02/Mar/2017:16:30:12 -0300] "POST /cormun/servlet/trsolicitudot?c87a359ad20016ff4f164da4eebe6882,,gx-no-cache=1488483295389 HTTP/1.1" 200 5461
186.103.159.182 - - [02/Mar/2017:16:30:12 -0300] "GET /cormun/static/Shared/jqueryui/images/ui-bg_highlight-soft_100_c6c2c8_1x100.png HTTP/1.1" 404 1117
186.103.159.182 - - [02/Mar/2017:16:30:12 -0300] "GET /cormun/static/Shared/jqueryui/images/ui-icons_82798d_256x240.png HTTP/1.1" 404 1089
186.103.159.182 - - [02/Mar/2017:16:30:12 -0300] "GET /cormun/static/Shared/jqueryui/images/ui-bg_flat_55_fafafa_40x100.png HTTP/1.1" 404 1097
186.103.159.182 - - [02/Mar/2017:16:30:12 -0300] "GET /cormun/static/Shared/jqueryui/images/ui-icons_8d78a5_256x240.png HTTP/1.1" 404 1089
186.103.159.182 - - [02/Mar/2017:16:30:20 -0300] "GET /cormun/servlet/hlogin HTTP/1.1" 200 1713
186.103.159.182 - - [02/Mar/2017:16:30:27 -0300] "POST /cormun/servlet/hlogin?c87a359ad20016ff4f164da4eebe6882,gx-no-cache=1488483310566 HTTP/1.1" 200 90
186.103.159.182 - - [02/Mar/2017:16:30:27 -0300] "GET /cormun/servlet/hpexe_link HTTP/1.1" 200 948
186.103.159.182 - - [02/Mar/2017:16:30:27 -0300] "GET /cormun/servlet/hhome HTTP/1.1" 200 3766
186.103.159.182 - - [02/Mar/2017:16:30:29 -0300] "GET /cormun/servlet/hhome HTTP/1.1" 200 3762
186.103.159.182 - - [02/Mar/2017:16:30:31 -0300] "GET /cormun/servlet/trsolicitudot? HTTP/1.1" 200 8013
186.103.159.182 - - [02/Mar/2017:16:30:33 -0300] "GET /cormun/servlet/trsolicitudot? HTTP/1.1" 200 8011
186.103.159.182 - - [02/Mar/2017:16:30:36 -0300] "POST /cormun/servlet/trsolicitudot?c87a359ad20016ff4f164da4eebe6882,,gx-no-cache=1488483318990 HTTP/1.1" 200 5266
186.103.159.182 - - [02/Mar/2017:16:30:36 -0300] "GET /cormun/static/Shared/jqueryui/images/ui-bg_highlight-soft_100_c6c2c8_1x100.png HTTP/1.1" 404 1117
186.103.159.182 - - [02/Mar/2017:16:30:36 -0300] "GET /cormun/static/Shared/jqueryui/images/ui-bg_flat_55_fafafa_40x100.png HTTP/1.1" 404 1097
186.103.159.182 - - [02/Mar/2017:16:30:36 -0300] "GET /cormun/static/Shared/jqueryui/images/ui-icons_8d78a5_256x240.png HTTP/1.1" 404 1089
186.103.159.182 - - [02/Mar/2017:16:30:36 -0300] "GET /cormun/static/Shared/jqueryui/images/ui-icons_82798d_256x240.png HTTP/1.1" 404 1089
192.168.10.96 - - [02/Mar/2017:16:30:39 -0300] "GET /cormun/servlet/trpermisosgoce? HTTP/1.1" 200 8838
192.168.10.96 - - [02/Mar/2017:16:30:39 -0300] "GET /cormun/static/gxcfg.js?201612262011714 HTTP/1.1" 200 953
192.168.10.96 - - [02/Mar/2017:16:30:39 -0300] "GET /cormun/static/trpermisosgoce.js?201612262012096 HTTP/1.1" 200 31909
192.168.10.96 - - [02/Mar/2017:16:30:40 -0300] "GET /cormun/servlet/trpermisosgoce? HTTP/1.1" 200 8836
192.168.10.96 - - [02/Mar/2017:16:30:57 -0300] "GET /cormun/servlet/permisogoce?DLT,17458217,P,20170302095823, HTTP/1.1" 200 6712
192.168.10.96 - - [02/Mar/2017:16:30:57 -0300] "GET /cormun/static/gxcfg.js?201612262052844 HTTP/1.1" 200 953
192.168.10.96 - - [02/Mar/2017:16:30:57 -0300] "GET /cormun/static/permisogoce.js?201612262052891 HTTP/1.1" 200 26147
200.73.230.173 - - [02/Mar/2017:16:30:57 -0300] "GET /cormun/static/menuarrow.gif HTTP/1.1" 404 1015
192.168.10.96 - - [02/Mar/2017:16:30:58 -0300] "GET /cormun/static/Shared/jqueryui/images/ui-icons_82798d_256x240.png HTTP/1.1" 404 1089
192.168.10.96 - - [02/Mar/2017:16:30:58 -0300] "GET /cormun/static/Shared/jqueryui/images/ui-bg_highlight-soft_100_c6c2c8_1x100.png HTTP/1.1" 404 1117
192.168.10.96 - - [02/Mar/2017:16:30:58 -0300] "GET /cormun/static/Shared/jqueryui/images/ui-bg_flat_55_fafafa_40x100.png HTTP/1.1" 404 1097
192.168.10.96 - - [02/Mar/2017:16:30:58 -0300] "GET /cormun/static/Shared/jqueryui/images/ui-icons_8d78a5_256x240.png HTTP/1.1" 404 1089
192.168.10.96 - - [02/Mar/2017:16:30:58 -0300] "GET /cormun/servlet/permisogoce?DLT,17458217,P,20170302095823, HTTP/1.1" 200 6712
192.168.10.96 - - [02/Mar/2017:16:31:00 -0300] "POST /cormun/servlet/permisogoce?5016abd51066fe3638f8dd51875e39d4,DLT,17458217,P,20170302095823,,gx-no-cache=1488486346198 HTTP/1.1" 200 4385
192.168.10.96 - - [02/Mar/2017:16:31:00 -0300] "GET /cormun/static/Shared/jqueryui/images/ui-icons_ebccce_256x240.png HTTP/1.1" 404 1089
192.168.10.96 - - [02/Mar/2017:16:31:00 -0300] "GET /cormun/static/Shared/jqueryui/images/ui-bg_flat_55_994d53_40x100.png HTTP/1.1" 404 1097
200.73.230.173 - - [02/Mar/2017:16:31:06 -0300] "POST /cormun/servlet/trvisualizadoreventos?cdf43b60d01f5133483abaca3b14eb8e,,gx-no-cache=1488483143185 HTTP/1.1" 440 972
200.73.230.173 - - [02/Mar/2017:16:31:08 -0300] "GET /cormun/servlet/trvisualizadoreventos? HTTP/1.1" 200 5835
200.73.230.173 - - [02/Mar/2017:16:31:08 -0300] "GET /cormun/static/calendar-setup.js?85251 HTTP/1.1" 304 -
200.73.230.173 - - [02/Mar/2017:16:31:08 -0300] "GET /cormun/static/calendar-es.js?85251 HTTP/1.1" 304 -
200.73.230.173 - - [02/Mar/2017:16:31:09 -0300] "GET /cormun/static/gxtimezone.js?85251 HTTP/1.1" 304 -
200.73.230.173 - - [02/Mar/2017:16:31:09 -0300] "GET /cormun/static/calendar.js?85251 HTTP/1.1" 304 -
200.73.230.173 - - [02/Mar/2017:16:31:09 -0300] "GET /cormun/static/messages.spa.js?85251 HTTP/1.1" 304 -
200.73.230.173 - - [02/Mar/2017:16:31:09 -0300] "GET /cormun/static/gxdec.js?85251 HTTP/1.1" 304 -
200.73.230.173 - - [02/Mar/2017:16:31:09 -0300] "GET /cormun/servlet/hlogin HTTP/1.1" 200 1745
200.73.230.173 - - [02/Mar/2017:16:31:09 -0300] "GET /cormun/servlet/trvisualizadoreventos? HTTP/1.1" 200 5835
192.168.10.96 - - [02/Mar/2017:16:31:12 -0300] "POST /cormun/servlet/permisogoce?5016abd51066fe3638f8dd51875e39d4,DLT,17458217,P,20170302095823,,gx-no-cache=1488486358092 HTTP/1.1" 200 4347
192.168.10.96 - - [02/Mar/2017:16:31:14 -0300] "POST /cormun/servlet/permisogoce?5016abd51066fe3638f8dd51875e39d4,DLT,17458217,P,20170302095823,,gx-no-cache=1488486360370 HTTP/1.1" 200 93
192.168.10.96 - - [02/Mar/2017:16:31:14 -0300] "GET /cormun/servlet/hpexe_return? HTTP/1.1" 200 1032
192.168.10.96 - - [02/Mar/2017:16:31:14 -0300] "GET /cormun/servlet/trpermisosgoce HTTP/1.1" 200 8843
192.168.10.96 - - [02/Mar/2017:16:31:15 -0300] "GET /cormun/servlet/trpermisosgoce HTTP/1.1" 200 8838
192.168.10.62 - - [02/Mar/2017:16:31:20 -0300] "GET /cormun/servlet/trsolicitudgral? HTTP/1.1" 200 9905
192.168.10.62 - - [02/Mar/2017:16:31:21 -0300] "GET /cormun/servlet/trsolicitudgral? HTTP/1.1" 200 9893
192.168.10.96 - - [02/Mar/2017:16:31:23 -0300] "GET /cormun/servlet/trpermisosadjuntos?12515426,20170302162133,P, HTTP/1.1" 200 6776
192.168.10.96 - - [02/Mar/2017:16:31:23 -0300] "GET /cormun/static/gxcfg.js?2016122813135853 HTTP/1.1" 200 953
192.168.10.96 - - [02/Mar/2017:16:31:23 -0300] "GET /cormun/static/trpermisosadjuntos.js?20161228131414 HTTP/1.1" 200 20048
192.168.10.96 - - [02/Mar/2017:16:31:23 -0300] "GET /cormun/servlet/trpermisosadjuntos?12515426,20170302162133,P, HTTP/1.1" 200 6776
192.168.10.96 - - [02/Mar/2017:16:31:24 -0300] "POST /cormun/servlet/acontrolpreferencessavestate?None,AQUEZADA,true HTTP/1.1" 200 35
192.168.10.96 - - [02/Mar/2017:16:31:28 -0300] "POST /cormun/servlet/trpermisosadjuntos?5016abd51066fe3638f8dd51875e39d4,12515426,20170302162133,P,,gx-no-cache=1488486374462 HTTP/1.1" 200 90
192.168.10.96 - - [02/Mar/2017:16:31:28 -0300] "GET /cormun/servlet/hpexe_link HTTP/1.1" 200 990
192.168.10.96 - - [02/Mar/2017:16:31:28 -0300] "GET /cormun/servlet/trpermisosgoce HTTP/1.1" 200 8843
192.168.10.96 - - [02/Mar/2017:16:31:29 -0300] "GET /cormun/servlet/trpermisosgoce HTTP/1.1" 200 8846
192.168.10.62 - - [02/Mar/2017:16:31:33 -0300] "POST /cormun/servlet/trsolicitudgral?d75048e8daf8dd9cd792f9d9f75c143d,,gx-no-cache=1488486379482 HTTP/1.1" 200 7100
186.103.159.46 - - [02/Mar/2017:16:32:09 -0300] "GET /cormun/servlet/hhome HTTP/1.1" 200 3271
186.103.159.46 - - [02/Mar/2017:16:32:11 -0300] "GET /cormun/servlet/hhome HTTP/1.1" 200 3282
186.103.159.46 - - [02/Mar/2017:16:32:12 -0300] "GET /cormun/servlet/hlogin HTTP/1.1" 200 1732
186.103.159.182 - - [02/Mar/2017:16:32:20 -0300] "GET /cormun/servlet/solicitudot?INS,0,0, HTTP/1.1" 200 12569
186.103.159.182 - - [02/Mar/2017:16:32:22 -0300] "GET /cormun/servlet/solicitudot?INS,0,0, HTTP/1.1" 200 12573
186.103.159.182 - - [02/Mar/2017:16:32:26 -0300] "POST /cormun/servlet/solicitudot?c87a359ad20016ff4f164da4eebe6882,INS,0,0,,gx-no-cache=1488483429196 HTTP/1.1" 200 90
186.103.159.182 - - [02/Mar/2017:16:32:26 -0300] "GET /cormun/servlet/hpexe_link HTTP/1.1" 200 958
186.103.159.182 - - [02/Mar/2017:16:32:26 -0300] "GET /cormun/servlet/trsolicitudot? HTTP/1.1" 200 8012
186.103.159.182 - - [02/Mar/2017:16:32:27 -0300] "GET /cormun/servlet/trsolicitudot? HTTP/1.1" 200 8011
186.103.159.46 - - [02/Mar/2017:16:32:31 -0300] "POST /cormun/servlet/hlogin?cb32d1a4ebb9a1c6d58adf37d5fa88d3,gx-no-cache=1488483222354 HTTP/1.1" 200 90
186.103.159.46 - - [02/Mar/2017:16:32:31 -0300] "GET /cormun/servlet/hpexe_link HTTP/1.1" 200 953
186.103.159.46 - - [02/Mar/2017:16:32:32 -0300] "GET /cormun/servlet/hhome HTTP/1.1" 200 3764
186.103.159.46 - - [02/Mar/2017:16:32:33 -0300] "GET /cormun/servlet/hhome HTTP/1.1" 200 3764
186.103.159.46 - - [02/Mar/2017:16:32:37 -0300] "GET /cormun/servlet/trpermisosgoce? HTTP/1.1" 200 8610
186.103.159.46 - - [02/Mar/2017:16:32:39 -0300] "GET /cormun/servlet/trpermisosgoce? HTTP/1.1" 200 8612
186.103.159.182 - - [02/Mar/2017:16:32:44 -0300] "POST /cormun/servlet/trsolicitudot?c87a359ad20016ff4f164da4eebe6882,,gx-no-cache=1488483447586 HTTP/1.1" 200 5268
186.103.159.182 - - [02/Mar/2017:16:32:44 -0300] "GET /cormun/static/Shared/jqueryui/images/ui-bg_highlight-soft_100_c6c2c8_1x100.png HTTP/1.1" 404 1117
186.103.159.182 - - [02/Mar/2017:16:32:44 -0300] "GET /cormun/static/Shared/jqueryui/images/ui-icons_82798d_256x240.png HTTP/1.1" 404 1089
186.103.159.182 - - [02/Mar/2017:16:32:44 -0300] "GET /cormun/static/Shared/jqueryui/images/ui-bg_flat_55_fafafa_40x100.png HTTP/1.1" 404 1097
186.103.159.182 - - [02/Mar/2017:16:32:44 -0300] "GET /cormun/static/Shared/jqueryui/images/ui-icons_8d78a5_256x240.png HTTP/1.1" 404 1089
186.103.159.182 - - [02/Mar/2017:16:32:59 -0300] "POST /cormun/servlet/trsolicitudot?c87a359ad20016ff4f164da4eebe6882,,gx-no-cache=1488483462561 HTTP/1.1" 200 4149
186.103.159.182 - - [02/Mar/2017:16:32:59 -0300] "POST /cormun/servlet/trsolicitudot?c87a359ad20016ff4f164da4eebe6882,,gx-no-cache=1488483462830 HTTP/1.1" 200 3923
192.168.10.96 - - [02/Mar/2017:16:33:05 -0300] "GET /cormun/servlet/trautorizarpermisogoce? HTTP/1.1" 200 8711
192.168.10.96 - - [02/Mar/2017:16:33:06 -0300] "GET /cormun/servlet/trautorizarpermisogoce? HTTP/1.1" 200 8710
186.103.159.46 - - [02/Mar/2017:16:33:10 -0300] "GET /cormun/servlet/permisogoce?DLT,17458217,P,20170302095823, HTTP/1.1" 200 6479
186.103.159.46 - - [02/Mar/2017:16:33:12 -0300] "GET /cormun/static/Shared/jqueryui/images/ui-bg_highlight-soft_100_c6c2c8_1x100.png HTTP/1.1" 404 1117
186.103.159.46 - - [02/Mar/2017:16:33:12 -0300] "GET /cormun/static/Shared/jqueryui/images/ui-icons_82798d_256x240.png HTTP/1.1" 404 1089
186.103.159.46 - - [02/Mar/2017:16:33:12 -0300] "GET /cormun/static/Shared/jqueryui/images/ui-bg_flat_55_fafafa_40x100.png HTTP/1.1" 404 1097
186.103.159.46 - - [02/Mar/2017:16:33:12 -0300] "GET /cormun/static/Shared/jqueryui/images/ui-icons_8d78a5_256x240.png HTTP/1.1" 404 1089
186.103.159.46 - - [02/Mar/2017:16:33:12 -0300] "GET /cormun/servlet/permisogoce?DLT,17458217,P,20170302095823, HTTP/1.1" 200 6479
192.168.10.96 - - [02/Mar/2017:16:33:13 -0300] "GET /cormun/servlet/trpermisosgoce? HTTP/1.1" 200 8844
192.168.10.96 - - [02/Mar/2017:16:33:14 -0300] "GET /cormun/servlet/trpermisosgoce? HTTP/1.1" 200 8841
200.86.95.220 - - [02/Mar/2017:16:33:16 -0300] "GET /cormun/servlet/trcontratosolicitud? HTTP/1.1" 200 13160
200.86.95.220 - - [02/Mar/2017:16:33:18 -0300] "GET /cormun/servlet/trcontratosolicitud? HTTP/1.1" 200 13156
186.103.159.46 - - [02/Mar/2017:16:33:19 -0300] "POST /cormun/servlet/permisogoce?cb32d1a4ebb9a1c6d58adf37d5fa88d3,DLT,17458217,P,20170302095823,,gx-no-cache=1488483269934 HTTP/1.1" 200 4192
186.103.159.46 - - [02/Mar/2017:16:33:19 -0300] "GET /cormun/static/Shared/jqueryui/images/ui-bg_flat_55_994d53_40x100.png HTTP/1.1" 404 1097
186.103.159.46 - - [02/Mar/2017:16:33:19 -0300] "GET /cormun/static/Shared/jqueryui/images/ui-icons_ebccce_256x240.png HTTP/1.1" 404 1089
192.168.10.96 - - [02/Mar/2017:16:33:25 -0300] "GET /cormun/servlet/permisogoce?UPD,17458217,P,20170302095823, HTTP/1.1" 200 6807
192.168.10.96 - - [02/Mar/2017:16:33:25 -0300] "GET /cormun/servlet/permisogoce?UPD,17458217,P,20170302095823, HTTP/1.1" 200 6808
192.168.10.96 - - [02/Mar/2017:16:33:26 -0300] "GET /cormun/servlet/permisogoce?17fd66f4900e32598fc4f7cc0a0d0857171dbfdcb7ff82d1657bf9b2eeedf4125db8fffd424fcde4eb20b0c642e97d48,gx-no-cache=1488486491816 HTTP/1.1" 200 72
186.103.159.46 - - [02/Mar/2017:16:33:33 -0300] "POST /cormun/servlet/permisogoce?cb32d1a4ebb9a1c6d58adf37d5fa88d3,DLT,17458217,P,20170302095823,,gx-no-cache=1488483284547 HTTP/1.1" 200 90
186.103.159.46 - - [02/Mar/2017:16:33:34 -0300] "GET /cormun/servlet/hpexe_link HTTP/1.1" 200 985
186.103.159.46 - - [02/Mar/2017:16:33:34 -0300] "GET /cormun/servlet/trpermisosgoce HTTP/1.1" 200 8611
192.168.10.96 - - [02/Mar/2017:16:33:34 -0300] "GET /cormun/servlet/permisogoce?17fd66f4900e32598fc4f7cc0a0d08573246c5a22cc573d4d62596031d6053e538f8f6dd127d648f147d7b57b2ba806cdfac42da3bc780d7907934690b20ca6c,gx-no-cache=1488486500139 HTTP/1.1" 200 47
192.168.10.96 - - [02/Mar/2017:16:33:34 -0300] "POST /cormun/servlet/permisogoce?5016abd51066fe3638f8dd51875e39d4,UPD,17458217,P,20170302095823,,gx-no-cache=1488486500184 HTTP/1.1" 200 4293
192.168.10.96 - - [02/Mar/2017:16:33:34 -0300] "GET /cormun/static/Shared/jqueryui/images/ui-bg_highlight-soft_100_c6c2c8_1x100.png HTTP/1.1" 404 1117
192.168.10.96 - - [02/Mar/2017:16:33:34 -0300] "GET /cormun/static/Shared/jqueryui/images/ui-icons_82798d_256x240.png HTTP/1.1" 404 1089
192.168.10.96 - - [02/Mar/2017:16:33:34 -0300] "GET /cormun/static/Shared/jqueryui/images/ui-bg_flat_55_994d53_40x100.png HTTP/1.1" 404 1097
192.168.10.96 - - [02/Mar/2017:16:33:34 -0300] "GET /cormun/static/Shared/jqueryui/images/ui-icons_ebccce_256x240.png HTTP/1.1" 404 1089
186.103.159.46 - - [02/Mar/2017:16:33:35 -0300] "GET /cormun/servlet/trpermisosgoce HTTP/1.1" 200 8611
192.168.10.96 - - [02/Mar/2017:16:33:35 -0300] "POST /cormun/servlet/permisogoce?5016abd51066fe3638f8dd51875e39d4,UPD,17458217,P,20170302095823,,gx-no-cache=1488486501545 HTTP/1.1" 200 93
192.168.10.96 - - [02/Mar/2017:16:33:35 -0300] "GET /cormun/servlet/hpexe_return? HTTP/1.1" 200 1032
192.168.10.96 - - [02/Mar/2017:16:33:36 -0300] "GET /cormun/servlet/trpermisosgoce HTTP/1.1" 200 8850
192.168.10.96 - - [02/Mar/2017:16:33:36 -0300] "GET /cormun/servlet/trpermisosgoce HTTP/1.1" 200 8837
192.168.10.96 - - [02/Mar/2017:16:33:46 -0300] "GET /cormun/servlet/trpermisosadjuntos?17458217,20170302095823,P, HTTP/1.1" 200 6774
192.168.10.96 - - [02/Mar/2017:16:33:46 -0300] "GET /cormun/servlet/trpermisosadjuntos?17458217,20170302095823,P, HTTP/1.1" 200 6774
191.125.182.157 - - [02/Mar/2017:16:33:49 -0300] "GET / HTTP/1.1" 200 11217
186.103.159.46 - - [02/Mar/2017:16:33:59 -0300] "GET /cormun/servlet/trpermisosadjuntos?17458217,20170302095823,P, HTTP/1.1" 200 6543
186.103.159.46 - - [02/Mar/2017:16:34:00 -0300] "GET /cormun/servlet/trpermisosadjuntos?17458217,20170302095823,P, HTTP/1.1" 200 6542
192.168.10.96 - - [02/Mar/2017:16:34:01 -0300] "POST /cormun/servlet/trpermisosadjuntos?5016abd51066fe3638f8dd51875e39d4,17458217,20170302095823,P,,gx-no-cache=1488486527730 HTTP/1.1" 200 90
192.168.10.96 - - [02/Mar/2017:16:34:01 -0300] "GET /cormun/servlet/hpexe_link HTTP/1.1" 200 989
191.125.182.157 - - [02/Mar/2017:16:34:02 -0300] "GET /cormun/servlet/hlogin HTTP/1.1" 200 1727
192.168.10.96 - - [02/Mar/2017:16:34:02 -0300] "GET /cormun/servlet/trpermisosgoce HTTP/1.1" 200 8843
192.168.10.96 - - [02/Mar/2017:16:34:02 -0300] "GET /cormun/servlet/trpermisosgoce HTTP/1.1" 200 8838
186.103.159.46 - - [02/Mar/2017:16:34:04 -0300] "GET /cormun/servlet/permisosadjuntos?INS,17458217,P,20170302095823,, HTTP/1.1" 200 5407
186.103.159.46 - - [02/Mar/2017:16:34:04 -0300] "GET /cormun/static/about:blank HTTP/1.1" 404 1011
