191.125.188.181 - - [02/Mar/2017:15:13:48 -0300] "GET /cormun/static/hpexe_messagecontroller.js?201610171694323 HTTP/1.1" 200 870
191.125.188.181 - - [02/Mar/2017:15:13:48 -0300] "GET /cormun/static/hpexe_messagegenexuscomponent.js?201612218431816 HTTP/1.1" 200 587
191.125.188.181 - - [02/Mar/2017:15:13:48 -0300] "GET /cormun/static/SmoothNavMenu/resources/ddsmoothmenu.js HTTP/1.1" 200 12712
191.125.188.181 - - [02/Mar/2017:15:13:48 -0300] "GET /cormun/static/cmcontrolpreferences.js?201612218431999 HTTP/1.1" 200 1375
191.125.188.181 - - [02/Mar/2017:15:13:48 -0300] "GET /cormun/static/gxui/gxui-all.js HTTP/1.1" 200 107772
191.125.188.181 - - [02/Mar/2017:15:13:48 -0300] "GET /cormun/static/SmoothNavMenu/resources/SmoothNavMenuRender.js HTTP/1.1" 200 5951
191.125.188.181 - - [02/Mar/2017:15:13:48 -0300] "GET /cormun/static/scaMessage/js/jquery.pnotify.min.js HTTP/1.1" 200 13038
191.125.188.181 - - [02/Mar/2017:15:13:48 -0300] "GET /cormun/static/scaMessage/scaMessageRender.js HTTP/1.1" 200 11977
191.125.188.181 - - [02/Mar/2017:15:13:48 -0300] "GET /cormun/static/hmpwkw03.js?20161221852152 HTTP/1.1" 200 3965
191.125.188.181 - - [02/Mar/2017:15:13:48 -0300] "GET /cormun/static/Resources/logo4.png HTTP/1.1" 200 6582
191.125.188.181 - - [02/Mar/2017:15:13:48 -0300] "GET /cormun/static/Resources/PXToolsHeaderActionsLeft.png HTTP/1.1" 200 1118
191.125.188.181 - - [02/Mar/2017:15:13:48 -0300] "GET /cormun/static/Resources/PXToolsHeaderHome.png HTTP/1.1" 200 4147
191.125.188.181 - - [02/Mar/2017:15:13:48 -0300] "GET /cormun/static/Resources/PXToolsHeaderLogin.png HTTP/1.1" 200 4279
191.125.188.181 - - [02/Mar/2017:15:13:48 -0300] "GET /cormun/static/Shared/jqueryui/jquery-ui.min.js HTTP/1.1" 200 240427
191.125.188.181 - - [02/Mar/2017:15:13:48 -0300] "GET /cormun/static/Resources/PXToolsHeaderPreferences.png HTTP/1.1" 200 4189
191.125.188.181 - - [02/Mar/2017:15:13:48 -0300] "GET /cormun/static/Resources/PXToolsHeaderActionsRight.png HTTP/1.1" 200 1201
191.125.188.181 - - [02/Mar/2017:15:13:48 -0300] "GET /cormun/static/Resources/PXToolsHeaderSecurity.png HTTP/1.1" 200 4166
191.125.188.181 - - [02/Mar/2017:15:13:48 -0300] "GET /cormun/static/Resources/PXToolsFooterBackground2.png HTTP/1.1" 200 1172
191.125.188.181 - - [02/Mar/2017:15:13:48 -0300] "GET /cormun/static/Resources/PXToolsHeaderBackground2.png HTTP/1.1" 200 1174
191.125.188.181 - - [02/Mar/2017:15:13:48 -0300] "GET /cormun/static/Resources/PXToolsHeaderActionsBackground.png HTTP/1.1" 200 484
191.125.188.181 - - [02/Mar/2017:15:13:48 -0300] "GET /cormun/static/Resources/PXToolsDataTitle.png HTTP/1.1" 200 1173
191.125.188.181 - - [02/Mar/2017:15:13:48 -0300] "GET /cormun/static/Shared/jquery/jquery-1.10.2.min.js HTTP/1.1" 200 273199
191.125.188.181 - - [02/Mar/2017:15:13:49 -0300] "GET /cormun/static/Shared/ext/ext-all.js HTTP/1.1" 200 1289687
191.125.188.181 - - [02/Mar/2017:15:13:49 -0300] "GET /cormun/static/SmoothNavMenu/resources/images/down.gif HTTP/1.1" 200 854
191.125.188.181 - - [02/Mar/2017:15:13:49 -0300] "GET /cormun/static/SmoothNavMenu/resources/images/right.gif HTTP/1.1" 200 860
191.125.188.181 - - [02/Mar/2017:15:13:49 -0300] "GET /cormun/servlet/hhome HTTP/1.1" 200 4037
201.246.236.62 - - [02/Mar/2017:15:13:52 -0300] "POST /cormun/servlet/solicitudot?gx-no-cache=1488478501640 HTTP/1.1" 200 3186
201.246.236.62 - - [02/Mar/2017:15:13:53 -0300] "POST /cormun/servlet/solicitudot?2ac7443b7b044a72a5358b59eb59ed13,INS,0,0,,gx-no-cache=1488478502617 HTTP/1.1" 200 9792
191.125.188.181 - - [02/Mar/2017:15:13:59 -0300] "GET /cormun/servlet/trpermisosgoce? HTTP/1.1" 200 6825
191.125.188.181 - - [02/Mar/2017:15:13:59 -0300] "GET /cormun/static/gxui/gxui-all.css?120300 HTTP/1.1" 200 2179
191.125.188.181 - - [02/Mar/2017:15:13:59 -0300] "GET /cormun/static/gxcfg.js?201612262011714 HTTP/1.1" 200 953
191.125.188.181 - - [02/Mar/2017:15:13:59 -0300] "GET /cormun/static/calendar-setup.js?85251 HTTP/1.1" 200 2588
191.125.188.181 - - [02/Mar/2017:15:13:59 -0300] "GET /cormun/static/calendar.js?85251 HTTP/1.1" 200 26246
191.125.188.181 - - [02/Mar/2017:15:13:59 -0300] "GET /cormun/static/calendar-es.js?85251 HTTP/1.1" 200 1901
191.125.188.181 - - [02/Mar/2017:15:13:59 -0300] "GET /cormun/static/trpermisosgoce.js?201612262012096 HTTP/1.1" 200 31909
191.125.188.181 - - [02/Mar/2017:15:14:00 -0300] "GET /cormun/static/Shared/ext/resources/css/ext-all.css?215870 HTTP/1.1" 200 416045
191.125.188.181 - - [02/Mar/2017:15:14:00 -0300] "GET /cormun/static/Resources/PXTools/calendar.png HTTP/1.1" 200 1306
191.125.188.181 - - [02/Mar/2017:15:14:00 -0300] "GET /cormun/static/Resources/PXToolsGridNew.png HTTP/1.1" 200 2949
191.125.188.181 - - [02/Mar/2017:15:14:00 -0300] "GET /cormun/static/Resources/PXToolsGridFirstDisabled.gif HTTP/1.1" 200 100
191.125.188.181 - - [02/Mar/2017:15:14:00 -0300] "GET /cormun/static/Resources/PXToolsGridPreviousDisabled.gif HTTP/1.1" 200 90
191.125.188.181 - - [02/Mar/2017:15:14:00 -0300] "GET /cormun/static/Resources/PXToolsGridNextDisabled.gif HTTP/1.1" 200 90
191.125.188.181 - - [02/Mar/2017:15:14:00 -0300] "GET /cormun/static/Resources/PXToolsGridLastDisabled.gif HTTP/1.1" 200 98
191.125.188.181 - - [02/Mar/2017:15:14:00 -0300] "GET /cormun/static/Resources/PXToolsGridPage.gif HTTP/1.1" 200 725
191.125.188.181 - - [02/Mar/2017:15:14:00 -0300] "GET /cormun/static/Resources/PXToolsActionExcel.png HTTP/1.1" 200 3187
191.125.188.181 - - [02/Mar/2017:15:14:00 -0300] "GET /cormun/static/Resources/desc.gif HTTP/1.1" 200 65
191.125.188.181 - - [02/Mar/2017:15:14:00 -0300] "GET /cormun/static/Resources/PXToolsDataSearch.png HTTP/1.1" 200 419
191.125.188.181 - - [02/Mar/2017:15:14:00 -0300] "GET /cormun/static/Resources/asc.gif HTTP/1.1" 200 67
191.125.188.181 - - [02/Mar/2017:15:14:00 -0300] "GET /cormun/static/Shared/ext/resources/themes/images/default/panel/bg-headersPanel.png HTTP/1.1" 200 255
191.125.188.181 - - [02/Mar/2017:15:14:00 -0300] "GET /cormun/static/Shared/ext/resources/themes/images/default/tools/tool-sprites.gif HTTP/1.1" 200 5434
191.125.188.181 - - [02/Mar/2017:15:14:00 -0300] "GET /cormun/servlet/trpermisosgoce? HTTP/1.1" 200 6824
191.125.188.181 - - [02/Mar/2017:15:14:00 -0300] "GET /cormun/static/Resources/PXToolsDataSearch.png HTTP/1.1" 200 419
191.125.188.181 - - [02/Mar/2017:15:14:06 -0300] "GET /cormun/servlet/permisogoce?INS,0,,, HTTP/1.1" 200 6806
191.125.188.181 - - [02/Mar/2017:15:14:06 -0300] "GET /cormun/static/gxcfg.js?201612262052844 HTTP/1.1" 200 953
191.125.188.181 - - [02/Mar/2017:15:14:06 -0300] "GET /cormun/static/permisogoce.js?201612262052891 HTTP/1.1" 200 26147
191.125.188.181 - - [02/Mar/2017:15:14:06 -0300] "GET /cormun/static/gxdec.js?85251 HTTP/1.1" 200 19579
191.125.188.181 - - [02/Mar/2017:15:14:06 -0300] "GET /cormun/static/Resources/prompt.gif HTTP/1.1" 200 902
191.125.188.181 - - [02/Mar/2017:15:14:06 -0300] "GET /cormun/servlet/permisogoce?INS,0,,, HTTP/1.1" 200 6806
191.125.188.181 - - [02/Mar/2017:15:14:08 -0300] "GET /cormun/static/Resources/resize.gif HTTP/1.1" 200 77
201.246.236.62 - - [02/Mar/2017:15:14:10 -0300] "GET /cormun/servlet/solicitudot?0b8613b84ac828d28365c239fd01c69a46cd1eb7509a073e6b3b6b73060a94ceb75b90bef22151eced08177923923a53,gx-no-cache=1488478520669 HTTP/1.1" 200 30
201.246.236.62 - - [02/Mar/2017:15:14:11 -0300] "POST /cormun/servlet/solicitudot?gx-no-cache=1488478520938 HTTP/1.1" 200 255
201.246.236.62 - - [02/Mar/2017:15:14:11 -0300] "GET /cormun/servlet/solicitudot?0b8613b84ac828d28365c239fd01c69a8a5cf9cd8c0beade7daf320cb360282e779bb4ba30f7b15f6036ecddb8c16839be0353bb5af1cf5e790044fed2045b85fc53620ddab80f899aaf80ff44038726591a33492bfba2ff5cd37d1c0ec356693d8fe547ddbeb9a98d1f59b24d7c92e73740e1bdec2cfad80a21ec44c0ddaf54e55eca9c0491f06b13a53833b1ee8ec11d66f5ed07e8c4345c3f7097c153c9cf1c6c061d82dbef30dd38b032923b7bf3742c584df6e4a05be421d37b835eacf20e618171cee75beacaea1e1c115f945077fe486cff1898a71f18c62409073d7f1933c137b68c79c5afc59ad7dd048d74cac5dd4bb7911fe8a4df4976dedf4f8e789f03a30c347b2a061480fb8232a31858a5eede5bce5de51aec95ab0f865ede9276b2d347919c261d3aeb884b9b3d712461eb7e90afb46723bf8d355cc8f2c7d343747c268b423942debcf0d921c1b5a55727df35a9335f82ae57d0deb8a983b14b6e08d40db2773c57a192d83077cb0d06491f553273f2812cc53a294243df,gx-no-cache=1488478521400 HTTP/1.1" 200 30
201.246.236.62 - - [02/Mar/2017:15:14:14 -0300] "POST /cormun/servlet/solicitudot?gx-no-cache=1488478523679 HTTP/1.1" 200 30
191.125.188.181 - - [02/Mar/2017:15:14:15 -0300] "GET /cormun/servlet/prfichaempleado?,MD,,gxPopupLevel%3D0%3B HTTP/1.1" 200 8940
191.125.188.181 - - [02/Mar/2017:15:14:15 -0300] "GET /cormun/static/gxcfg.js?2016102420561687 HTTP/1.1" 200 953
191.125.188.181 - - [02/Mar/2017:15:14:15 -0300] "GET /cormun/static/menusearch.js?201610171694467 HTTP/1.1" 200 1424
191.125.188.181 - - [02/Mar/2017:15:14:15 -0300] "GET /cormun/static/hmpwkw011.js?201612218515582 HTTP/1.1" 200 1968
191.125.188.181 - - [02/Mar/2017:15:14:15 -0300] "GET /cormun/static/prfichaempleado.js?201610242056198 HTTP/1.1" 200 16015
191.125.188.181 - - [02/Mar/2017:15:14:16 -0300] "GET /cormun/static/Resources/PXToolsMenuSearchCancel.png HTTP/1.1" 200 2972
191.125.188.181 - - [02/Mar/2017:15:14:16 -0300] "GET /cormun/static/Resources/PXToolsMenuSearch.png HTTP/1.1" 200 2914
201.246.236.62 - - [02/Mar/2017:15:14:17 -0300] "POST /cormun/servlet/solicitudot?gx-no-cache=1488478527015 HTTP/1.1" 200 1291
201.246.236.62 - - [02/Mar/2017:15:14:17 -0300] "POST /cormun/servlet/solicitudot?gx-no-cache=1488478527520 HTTP/1.1" 200 38
191.125.188.181 - - [02/Mar/2017:15:14:23 -0300] "POST /cormun/servlet/prfichaempleado?74ae7d1e2532e83cc9381e2326733e54,,MD,,gxPopupLevel%3D0%3B,gx-no-cache=1488478534183 HTTP/1.1" 200 3907
201.246.236.62 - - [02/Mar/2017:15:14:27 -0300] "GET /cormun/servlet/solicitudot?0b8613b84ac828d28365c239fd01c69a35523db4fe4643e1723acd9980f60e6ee4784897cd55bff81adda45a31c74000adea6e09cc8f3da3b9a760afe3a4334e577ad032c8eb216afff384bb458e00de08db7563db2834970077c5e0e1adc74a29fa72b2be7a78039fb51497cde2efab0539ec23793568534ba7b16df839fa7342d2bc5fc6be9fec78518316f6db534ba10d6561f19e0220e4dde85265450acb,gx-no-cache=1488478537269 HTTP/1.1" 200 29
201.246.236.62 - - [02/Mar/2017:15:14:27 -0300] "POST /cormun/servlet/solicitudot?gx-no-cache=1488478537487 HTTP/1.1" 200 1275
191.125.188.181 - - [02/Mar/2017:15:14:30 -0300] "GET /cormun/servlet/permisogoce?9968f386aa1fd3349a3df6522cf8306e50f180280ced72afb3222fea734b4f5136ce0a0c3aa353a0bf37fa43b4e582ae,gx-no-cache=1488478541310 HTTP/1.1" 200 73
201.246.236.62 - - [02/Mar/2017:15:14:30 -0300] "POST /cormun/servlet/solicitudot?gx-no-cache=1488478539835 HTTP/1.1" 200 1157
191.125.188.181 - - [02/Mar/2017:15:14:30 -0300] "GET /cormun/static/menuarrow.gif HTTP/1.1" 404 1015
201.246.236.62 - - [02/Mar/2017:15:14:31 -0300] "GET /cormun/static/menuarrow.gif HTTP/1.1" 404 1015
201.246.236.62 - - [02/Mar/2017:15:14:33 -0300] "POST /cormun/servlet/solicitudot?gx-no-cache=1488478543290 HTTP/1.1" 200 1275
201.246.236.62 - - [02/Mar/2017:15:14:34 -0300] "POST /cormun/servlet/solicitudot?gx-no-cache=1488478543758 HTTP/1.1" 200 1157
191.125.188.181 - - [02/Mar/2017:15:14:39 -0300] "GET /cormun/servlet/permisogoce?9968f386aa1fd3349a3df6522cf8306e5cb4dd5af510c048d9b4d57fb4d05a96d3a1553309cdb1568b43eaa1b87f0df95cf48ade3e50913b9ed384e752a4a9f4,gx-no-cache=1488478549626 HTTP/1.1" 200 46
191.125.188.181 - - [02/Mar/2017:15:14:45 -0300] "POST /cormun/servlet/permisogoce?74ae7d1e2532e83cc9381e2326733e54,INS,0,,,,gx-no-cache=1488478556217 HTTP/1.1" 200 93
191.125.188.181 - - [02/Mar/2017:15:14:46 -0300] "GET /cormun/servlet/hpexe_return? HTTP/1.1" 200 1009
191.125.188.181 - - [02/Mar/2017:15:14:46 -0300] "GET /cormun/static/gxcfg.js?2016101716175148 HTTP/1.1" 200 953
191.125.188.181 - - [02/Mar/2017:15:14:46 -0300] "GET /cormun/static/hpexe_return.js?2016101716175153 HTTP/1.1" 200 1633
191.125.188.181 - - [02/Mar/2017:15:14:46 -0300] "GET /cormun/servlet/trpermisosgoce HTTP/1.1" 200 7642
191.125.188.181 - - [02/Mar/2017:15:14:46 -0300] "GET /cormun//static/Resources/PXToolsGridDelete.png HTTP/1.1" 200 357
191.125.188.181 - - [02/Mar/2017:15:14:46 -0300] "GET /cormun//static/Resources/PXToolsGridUpdate.png HTTP/1.1" 200 2984
191.125.188.181 - - [02/Mar/2017:15:14:46 -0300] "GET /cormun//static/Resources/PXToolsActionPrint.png HTTP/1.1" 200 3317
191.125.188.181 - - [02/Mar/2017:15:14:46 -0300] "GET /cormun//static/Resources/PXToolsHeaderFavorites.png HTTP/1.1" 200 2744
191.125.188.181 - - [02/Mar/2017:15:14:46 -0300] "GET /cormun//static/Resources/PXToolsGridDisplay.png HTTP/1.1" 200 362
191.125.188.181 - - [02/Mar/2017:15:14:46 -0300] "GET /cormun//static/Resources/PXTools/ActionInsert.png HTTP/1.1" 200 1482
191.125.188.181 - - [02/Mar/2017:15:14:46 -0300] "GET /cormun//static/Resources/PXToolsHeaderHelp.png HTTP/1.1" 200 4055
191.125.188.181 - - [02/Mar/2017:15:14:46 -0300] "GET /cormun/servlet/trpermisosgoce HTTP/1.1" 200 7638
201.246.236.62 - - [02/Mar/2017:15:14:51 -0300] "GET /cormun/servlet/solicitudot?0b8613b84ac828d28365c239fd01c69a42475124d8413d4edae5851dc5dd8f02a2435ea4faeacc3ff873fefab793586573e592bfbc92cb1f0dd986ab9b3f42f4df280c1deaa268b8d57c23391bda4ef327e5bb04c438bebf560f8d517c9dc4f5aa7365a1eb0dcf2a6100af6883915d5510c34e6ea230d542960f8ff269818b914b0cdf58b532946fffe7cae9bfe0ac90aefe330909af30c4f193b29f5b47a5a8a79b3b9f7fba86d56468b32df1727ed9,gx-no-cache=1488478561055 HTTP/1.1" 200 30
201.246.236.62 - - [02/Mar/2017:15:15:07 -0300] "POST /cormun/servlet/solicitudot?2ac7443b7b044a72a5358b59eb59ed13,INS,0,0,,gx-no-cache=1488478576630 HTTP/1.1" 200 93
201.246.236.62 - - [02/Mar/2017:15:15:07 -0300] "GET /cormun/servlet/hpexe_return? HTTP/1.1" 200 1008
201.246.236.62 - - [02/Mar/2017:15:15:08 -0300] "GET /cormun/servlet/trsolicitudot HTTP/1.1" 200 7893
201.246.236.62 - - [02/Mar/2017:15:15:09 -0300] "GET /cormun/servlet/trsolicitudot HTTP/1.1" 200 7890
200.83.57.219 - - [02/Mar/2017:15:15:18 -0300] "GET /cormun/servlet/trsolicitudot? HTTP/1.1" 200 8354
200.83.57.219 - - [02/Mar/2017:15:15:19 -0300] "GET /cormun/servlet/trsolicitudot? HTTP/1.1" 200 8354
200.83.57.219 - - [02/Mar/2017:15:15:22 -0300] "GET /cormun/servlet/solicitudot?INS,0,0, HTTP/1.1" 200 12906
200.83.57.219 - - [02/Mar/2017:15:15:23 -0300] "GET /cormun/servlet/solicitudot?INS,0,0, HTTP/1.1" 200 12911
200.83.57.219 - - [02/Mar/2017:15:15:40 -0300] "POST /cormun/servlet/solicitudot?gx-no-cache=1488478613856 HTTP/1.1" 200 3184
200.83.57.219 - - [02/Mar/2017:15:15:41 -0300] "POST /cormun/servlet/solicitudot?7390087870a7023802b5e2dfb417d1aa,INS,0,0,,gx-no-cache=1488478614335 HTTP/1.1" 200 9976
200.83.57.219 - - [02/Mar/2017:15:15:41 -0300] "GET /cormun/servlet/solicitudot?ab36da116ac26835b1ee8c9c0f9eafa0fcc1c53998ddedda50347fd8c4594cf0fac9254d767aff06fc3f04f477080d00,gx-no-cache=1488478614636 HTTP/1.1" 200 30
200.83.57.219 - - [02/Mar/2017:15:16:34 -0300] "POST /cormun/servlet/solicitudot?gx-no-cache=1488478667561 HTTP/1.1" 200 256
200.83.57.219 - - [02/Mar/2017:15:16:34 -0300] "GET /cormun/servlet/solicitudot?ab36da116ac26835b1ee8c9c0f9eafa09d8a654f3c77bd24c1d8d5325f12233e1dab9ba8b86a5855b285070a02d227c542bdd34000c4c3b362ccfd6e753ad4a5ac13af1ef82a42bf374e8ddc242de3f5167bde42fa95c7a96ab6a0dd956f1bc9d0bc9020ff0a2b0030ceff5fba5e3ef20eac26b0e10202127fcce90263930215d60d7d8ead3dcd0c8425834a0e1a7fe202472ba8074400490c7dc00412d111e23d0ee9d703b49979cf6a1b98229fac0b117d6bb2335d7ca64ffe50f05c3f8b5a2179182b76b3aba5a990519ee82cc8716a758e7f84638356ac78891180318fa9488be3fbee3c85a1c60f00e1df4f75f88c9fd2cb3c4df56f7b81e45d7eacab03eedb3b7553f148af3d19f4d4aea431bff69f342bf2346ef61a730f4ec770032f0235aa7c02e6c54f63558f36e31c8c9942e687ebceedf58227bdbce1c93c09fc22dcb58b6cb0b2723da1ca2d5e700d0f8ce00761525f96a41fa49ac3046ebc6ea02be88cec5d1eaa5a53790258994978f52e7e2ce7f66ea4838bb7a183df0580,gx-no-cache=1488478667802 HTTP/1.1" 200 30
200.83.57.219 - - [02/Mar/2017:15:16:36 -0300] "POST /cormun/servlet/solicitudot?gx-no-cache=1488478669716 HTTP/1.1" 200 30
200.83.57.219 - - [02/Mar/2017:15:16:36 -0300] "POST /cormun/servlet/solicitudot?gx-no-cache=1488478669817 HTTP/1.1" 200 235
200.83.57.219 - - [02/Mar/2017:15:16:36 -0300] "POST /cormun/servlet/solicitudot?gx-no-cache=1488478669911 HTTP/1.1" 200 38
200.83.57.219 - - [02/Mar/2017:15:16:58 -0300] "GET /cormun/servlet/solicitudot?ab36da116ac26835b1ee8c9c0f9eafa088224695c3e0bc58c4412bd5de3a9525a30ddf2464ab8a3a4cf9b3b6ff7187a9ebfa9c034c63a75169ef1f6ade43df0d7ae1eaaa55421d471e430ff1f1fb8f47b947442ee47a9d3c162f73c7791caf7ebf3e203a5372aa3c8e6b746e76edc7c912958a218e8b94cf5a48ff2721909c8bfadb2a307bdb374bd2ba1adb45ac4e84c11b84c76e1706e653e31e24de392b04,gx-no-cache=1488478691750 HTTP/1.1" 200 29
200.83.57.219 - - [02/Mar/2017:15:16:59 -0300] "POST /cormun/servlet/solicitudot?gx-no-cache=1488478691931 HTTP/1.1" 200 643
200.83.57.219 - - [02/Mar/2017:15:16:59 -0300] "POST /cormun/servlet/solicitudot?gx-no-cache=1488478692294 HTTP/1.1" 200 518
200.83.57.219 - - [02/Mar/2017:15:17:01 -0300] "GET /cormun/static/menuarrow.gif HTTP/1.1" 404 1015
200.83.57.219 - - [02/Mar/2017:15:17:09 -0300] "GET /cormun/servlet/solicitudot?ab36da116ac26835b1ee8c9c0f9eafa0f9f49b0923376a192b819e0de55f841293db323fc36b9cb88f486abcd9e648187b4dab2463434fc56793499717bf215b3e310e65ac61ca1ca6c968c250be1606924ade2a1d39176a66cb2fe503bea81607d8f8b34bcbbe683efc575a8c70565de27333b4dbdef883e8c9c1a347c8953ef60cfa0594cfe627dec88e813cadad66162a5d79efaa83aa6c37f6d92d51ddb0da9ac902c2555811b2b891e568e98e82,gx-no-cache=1488478703175 HTTP/1.1" 200 30
186.103.161.206 - - [02/Mar/2017:15:17:11 -0300] "GET /cormun/servlet/trpermisosgoce? HTTP/1.1" 200 7388
186.103.161.206 - - [02/Mar/2017:15:17:13 -0300] "GET /cormun/servlet/trpermisosgoce? HTTP/1.1" 200 7386
200.83.57.219 - - [02/Mar/2017:15:17:18 -0300] "POST /cormun/servlet/solicitudot?gx-no-cache=1488478711219 HTTP/1.1" 200 30
186.103.161.206 - - [02/Mar/2017:15:17:20 -0300] "POST /cormun/servlet/trpermisosgoce?ce2db11a484929ec05563c5ec2a7fb10,,gx-no-cache=1488475109992 HTTP/1.1" 200 4670
200.83.57.219 - - [02/Mar/2017:15:17:20 -0300] "POST /cormun/servlet/solicitudot?gx-no-cache=1488478713365 HTTP/1.1" 200 657
200.83.57.219 - - [02/Mar/2017:15:17:20 -0300] "POST /cormun/servlet/solicitudot?gx-no-cache=1488478713458 HTTP/1.1" 200 41
200.83.57.219 - - [02/Mar/2017:15:17:20 -0300] "POST /cormun/servlet/solicitudot?gx-no-cache=1488478713527 HTTP/1.1" 200 643
200.83.57.219 - - [02/Mar/2017:15:17:20 -0300] "POST /cormun/servlet/solicitudot?gx-no-cache=1488478713587 HTTP/1.1" 200 521
200.83.57.219 - - [02/Mar/2017:15:17:20 -0300] "GET /cormun/servlet/solicitudot?ab36da116ac26835b1ee8c9c0f9eafa0f9f49b0923376a192b819e0de55f841293db323fc36b9cb88f486abcd9e648187b4dab2463434fc56793499717bf215b3e310e65ac61ca1ca6c968c250be1606924ade2a1d39176a66cb2fe503bea81607d8f8b34bcbbe683efc575a8c70565de27333b4dbdef883e8c9c1a347c8953ef60cfa0594cfe627dec88e813cadad66162a5d79efaa83aa6c37f6d92d51ddb0da9ac902c2555811b2b891e568e98e82,gx-no-cache=1488478713678 HTTP/1.1" 200 30
186.103.161.206 - - [02/Mar/2017:15:17:24 -0300] "POST /cormun/servlet/trpermisosgoce?ce2db11a484929ec05563c5ec2a7fb10,,gx-no-cache=1488475115785 HTTP/1.1" 200 4673
200.83.57.219 - - [02/Mar/2017:15:17:28 -0300] "POST /cormun/servlet/solicitudot?7390087870a7023802b5e2dfb417d1aa,INS,0,0,,gx-no-cache=1488478721295 HTTP/1.1" 200 93
200.83.57.219 - - [02/Mar/2017:15:17:28 -0300] "GET /cormun/servlet/hpexe_return? HTTP/1.1" 200 1006
200.83.57.219 - - [02/Mar/2017:15:17:28 -0300] "GET /cormun/servlet/trsolicitudot HTTP/1.1" 200 8812
200.83.57.219 - - [02/Mar/2017:15:17:29 -0300] "GET /cormun/servlet/trsolicitudot HTTP/1.1" 200 8808
191.125.188.181 - - [02/Mar/2017:15:17:31 -0300] "GET /cormun/servlet/permisogoce?INS,0,,, HTTP/1.1" 200 6807
191.125.188.181 - - [02/Mar/2017:15:17:31 -0300] "GET /cormun/servlet/permisogoce?INS,0,,, HTTP/1.1" 200 6807
200.83.57.219 - - [02/Mar/2017:15:17:31 -0300] "POST /cormun/servlet/trsolicitudot?7390087870a7023802b5e2dfb417d1aa,gx-no-cache=1488478725012 HTTP/1.1" 200 107
200.83.57.219 - - [02/Mar/2017:15:17:32 -0300] "GET /cormun/servlet/trsolicitudadjuntos?2017,5086, HTTP/1.1" 200 6191
200.83.57.219 - - [02/Mar/2017:15:17:32 -0300] "GET /cormun/servlet/trsolicitudadjuntos?2017,5086, HTTP/1.1" 200 6190
200.83.57.219 - - [02/Mar/2017:15:17:33 -0300] "GET /cormun/servlet/solicitudotadjuntos?INS,2017,5086,,2, HTTP/1.1" 200 6117
200.83.57.219 - - [02/Mar/2017:15:17:34 -0300] "GET /cormun/static/about:blank HTTP/1.1" 404 1011
200.83.57.219 - - [02/Mar/2017:15:17:34 -0300] "GET /cormun/servlet/solicitudotadjuntos?INS,2017,5086,,2, HTTP/1.1" 200 6111
200.83.57.219 - - [02/Mar/2017:15:17:34 -0300] "GET /cormun/servlet/solicitudotadjuntos?ab36da116ac26835b1ee8c9c0f9eafa094501d52208973ed2d98eb3947f40e8ceb5edcd7ee2a14bd8c7dec0b9b40519a,gx-no-cache=1488478727999 HTTP/1.1" 200 30
200.83.57.219 - - [02/Mar/2017:15:17:35 -0300] "POST /cormun/servlet/solicitudotadjuntos?7390087870a7023802b5e2dfb417d1aa,INS,2017,5086,,2,,gx-no-cache=1488478728080 HTTP/1.1" 200 4008
200.83.57.219 - - [02/Mar/2017:15:17:38 -0300] "POST /cormun/servlet/solicitudotadjuntos?gx-no-cache=1488478731260 HTTP/1.1" 200 26
191.125.188.181 - - [02/Mar/2017:15:17:42 -0300] "GET /cormun/servlet/prfichaempleado?,MD,,gxPopupLevel%3D0%3B HTTP/1.1" 200 8940
186.103.161.206 - - [02/Mar/2017:15:17:45 -0300] "POST /cormun/servlet/trpermisosgoce?ce2db11a484929ec05563c5ec2a7fb10,,gx-no-cache=1488475127711 HTTP/1.1" 200 4673
200.83.57.219 - - [02/Mar/2017:15:17:45 -0300] "GET /cormun/servlet/solicitudotadjuntos?ab36da116ac26835b1ee8c9c0f9eafa06a70a614ab85cb677e440230e3a39930,gx-no-cache=1488478738701 HTTP/1.1" 200 30
200.83.57.219 - - [02/Mar/2017:15:17:45 -0300] "GET /cormun/servlet/solicitudotadjuntos?ab36da116ac26835b1ee8c9c0f9eafa06a70a614ab85cb677e440230e3a39930,gx-no-cache=1488478738784 HTTP/1.1" 200 30
200.83.57.219 - - [02/Mar/2017:15:17:46 -0300] "POST /cormun/servlet/solicitudotadjuntos?7390087870a7023802b5e2dfb417d1aa,INS,2017,5086,,2, HTTP/1.1" 200 116
200.83.57.219 - - [02/Mar/2017:15:17:46 -0300] "GET /cormun/servlet/hpexe_return? HTTP/1.1" 200 1025
200.83.57.219 - - [02/Mar/2017:15:17:46 -0300] "GET /cormun/servlet/trsolicitudadjuntos?2017,5086, HTTP/1.1" 200 8330
200.83.57.219 - - [02/Mar/2017:15:17:46 -0300] "GET /cormun/servlet/trsolicitudadjuntos?2017,5086, HTTP/1.1" 200 8324
200.83.57.219 - - [02/Mar/2017:15:17:48 -0300] "GET /cormun/servlet/solicitudotadjuntos?INS,2017,5086,,1, HTTP/1.1" 200 6120
200.83.57.219 - - [02/Mar/2017:15:17:48 -0300] "GET /cormun/static/about:blank HTTP/1.1" 404 1011
200.83.57.219 - - [02/Mar/2017:15:17:49 -0300] "GET /cormun/servlet/solicitudotadjuntos?INS,2017,5086,,1, HTTP/1.1" 200 6114
200.83.57.219 - - [02/Mar/2017:15:17:49 -0300] "GET /cormun/servlet/solicitudotadjuntos?ab36da116ac26835b1ee8c9c0f9eafa094501d52208973ed2d98eb3947f40e8ceb5edcd7ee2a14bd8c7dec0b9b40519a,gx-no-cache=1488478742767 HTTP/1.1" 200 30
200.83.57.219 - - [02/Mar/2017:15:17:49 -0300] "POST /cormun/servlet/solicitudotadjuntos?7390087870a7023802b5e2dfb417d1aa,INS,2017,5086,,1,,gx-no-cache=1488478742959 HTTP/1.1" 200 3866
191.125.188.181 - - [02/Mar/2017:15:17:51 -0300] "POST /cormun/servlet/prfichaempleado?74ae7d1e2532e83cc9381e2326733e54,,MD,,gxPopupLevel%3D0%3B,gx-no-cache=1488478741331 HTTP/1.1" 200 3907
200.83.57.219 - - [02/Mar/2017:15:17:52 -0300] "POST /cormun/servlet/solicitudotadjuntos?gx-no-cache=1488478745261 HTTP/1.1" 200 26
200.83.57.219 - - [02/Mar/2017:15:17:55 -0300] "GET /cormun/servlet/solicitudotadjuntos?ab36da116ac26835b1ee8c9c0f9eafa06a70a614ab85cb677e440230e3a39930,gx-no-cache=1488478749053 HTTP/1.1" 200 30
200.83.57.219 - - [02/Mar/2017:15:17:55 -0300] "GET /cormun/servlet/solicitudotadjuntos?ab36da116ac26835b1ee8c9c0f9eafa06a70a614ab85cb677e440230e3a39930,gx-no-cache=1488478749115 HTTP/1.1" 200 30
200.83.57.219 - - [02/Mar/2017:15:17:58 -0300] "POST /cormun/servlet/solicitudotadjuntos?7390087870a7023802b5e2dfb417d1aa,INS,2017,5086,,1, HTTP/1.1" 200 116
200.83.57.219 - - [02/Mar/2017:15:17:58 -0300] "GET /cormun/servlet/hpexe_return? HTTP/1.1" 200 1025
200.83.57.219 - - [02/Mar/2017:15:17:58 -0300] "GET /cormun/servlet/trsolicitudadjuntos?2017,5086, HTTP/1.1" 200 8510
200.83.57.219 - - [02/Mar/2017:15:17:59 -0300] "GET /cormun/servlet/trsolicitudadjuntos?2017,5086, HTTP/1.1" 200 8505
191.125.188.181 - - [02/Mar/2017:15:18:00 -0300] "GET /cormun/servlet/permisogoce?9968f386aa1fd3349a3df6522cf8306e50f180280ced72afb3222fea734b4f5136ce0a0c3aa353a0bf37fa43b4e582ae,gx-no-cache=1488478751137 HTTP/1.1" 200 76
200.83.57.219 - - [02/Mar/2017:15:18:00 -0300] "GET /cormun/servlet/solicitudotadjuntos?INS,2017,5086,,1, HTTP/1.1" 200 6120
191.125.188.181 - - [02/Mar/2017:15:18:00 -0300] "GET /cormun/static/menuarrow.gif HTTP/1.1" 404 1015
200.73.230.173 - - [02/Mar/2017:15:18:00 -0300] "GET /cormun/servlet/trlicencias HTTP/1.1" 200 6633
200.83.57.219 - - [02/Mar/2017:15:18:01 -0300] "GET /cormun/static/about:blank HTTP/1.1" 404 1011
200.83.57.219 - - [02/Mar/2017:15:18:01 -0300] "GET /cormun/servlet/solicitudotadjuntos?INS,2017,5086,,1, HTTP/1.1" 200 6114
200.83.57.219 - - [02/Mar/2017:15:18:01 -0300] "GET /cormun/servlet/solicitudotadjuntos?ab36da116ac26835b1ee8c9c0f9eafa094501d52208973ed2d98eb3947f40e8ceb5edcd7ee2a14bd8c7dec0b9b40519a,gx-no-cache=1488478754770 HTTP/1.1" 200 30
200.73.230.173 - - [02/Mar/2017:15:18:01 -0300] "GET /cormun/servlet/trlicencias HTTP/1.1" 200 6630
200.83.57.219 - - [02/Mar/2017:15:18:01 -0300] "POST /cormun/servlet/solicitudotadjuntos?7390087870a7023802b5e2dfb417d1aa,INS,2017,5086,,1,,gx-no-cache=1488478754874 HTTP/1.1" 200 3866
200.83.57.219 - - [02/Mar/2017:15:18:03 -0300] "POST /cormun/servlet/solicitudotadjuntos?gx-no-cache=1488478757060 HTTP/1.1" 200 26
200.83.57.219 - - [02/Mar/2017:15:18:08 -0300] "GET /cormun/servlet/solicitudotadjuntos?ab36da116ac26835b1ee8c9c0f9eafa06a70a614ab85cb677e440230e3a39930,gx-no-cache=1488478761381 HTTP/1.1" 200 30
200.83.57.219 - - [02/Mar/2017:15:18:08 -0300] "GET /cormun/servlet/solicitudotadjuntos?ab36da116ac26835b1ee8c9c0f9eafa06a70a614ab85cb677e440230e3a39930,gx-no-cache=1488478761469 HTTP/1.1" 200 30
191.125.188.181 - - [02/Mar/2017:15:18:09 -0300] "GET /cormun/servlet/permisogoce?9968f386aa1fd3349a3df6522cf8306e5cb4dd5af510c048d9b4d57fb4d05a96175e7b2f97ce9e2e2af39f2f052e4c825cf48ade3e50913b9ed384e752a4a9f4,gx-no-cache=1488478760048 HTTP/1.1" 200 47
200.73.230.173 - - [02/Mar/2017:15:18:11 -0300] "GET /cormun/servlet/hlogin HTTP/1.1" 200 1734
191.125.188.181 - - [02/Mar/2017:15:18:13 -0300] "POST /cormun/servlet/permisogoce?74ae7d1e2532e83cc9381e2326733e54,INS,0,,,,gx-no-cache=1488478763768 HTTP/1.1" 200 93
191.125.188.181 - - [02/Mar/2017:15:18:14 -0300] "GET /cormun/servlet/hpexe_return? HTTP/1.1" 200 1009
191.125.188.181 - - [02/Mar/2017:15:18:14 -0300] "GET /cormun/servlet/trpermisosgoce HTTP/1.1" 200 7842
191.125.188.181 - - [02/Mar/2017:15:18:14 -0300] "GET /cormun/servlet/trpermisosgoce HTTP/1.1" 200 7838
200.83.57.219 - - [02/Mar/2017:15:18:18 -0300] "POST /cormun/servlet/solicitudotadjuntos?7390087870a7023802b5e2dfb417d1aa,INS,2017,5086,,1, HTTP/1.1" 200 116
200.83.57.219 - - [02/Mar/2017:15:18:18 -0300] "GET /cormun/servlet/hpexe_return? HTTP/1.1" 200 1025
200.83.57.219 - - [02/Mar/2017:15:18:19 -0300] "GET /cormun/servlet/trsolicitudadjuntos?2017,5086, HTTP/1.1" 200 8671
200.83.57.219 - - [02/Mar/2017:15:18:19 -0300] "GET /cormun/servlet/trsolicitudadjuntos?2017,5086, HTTP/1.1" 200 8668
200.73.230.173 - - [02/Mar/2017:15:18:22 -0300] "POST /cormun/servlet/hlogin?24e361c7f43dd9c06c3ef78c38ee538d,gx-no-cache=1488479460585 HTTP/1.1" 200 90
200.73.230.173 - - [02/Mar/2017:15:18:22 -0300] "GET /cormun/servlet/hpexe_link HTTP/1.1" 200 955
200.73.230.173 - - [02/Mar/2017:15:18:22 -0300] "GET /cormun/servlet/trlicencias HTTP/1.1" 200 6633
200.73.230.173 - - [02/Mar/2017:15:18:23 -0300] "GET /cormun/servlet/trlicencias HTTP/1.1" 200 6630
200.83.57.219 - - [02/Mar/2017:15:18:24 -0300] "GET /cormun/servlet/solicitudotadjuntos?INS,2017,5086,,1, HTTP/1.1" 200 6120
200.83.57.219 - - [02/Mar/2017:15:18:25 -0300] "GET /cormun/static/about:blank HTTP/1.1" 404 1011
200.83.57.219 - - [02/Mar/2017:15:18:25 -0300] "GET /cormun/servlet/solicitudotadjuntos?INS,2017,5086,,1, HTTP/1.1" 200 6114
200.83.57.219 - - [02/Mar/2017:15:18:25 -0300] "GET /cormun/servlet/solicitudotadjuntos?ab36da116ac26835b1ee8c9c0f9eafa094501d52208973ed2d98eb3947f40e8ceb5edcd7ee2a14bd8c7dec0b9b40519a,gx-no-cache=1488478779095 HTTP/1.1" 200 30
200.83.57.219 - - [02/Mar/2017:15:18:26 -0300] "POST /cormun/servlet/solicitudotadjuntos?7390087870a7023802b5e2dfb417d1aa,INS,2017,5086,,1,,gx-no-cache=1488478779165 HTTP/1.1" 200 3867
200.83.57.219 - - [02/Mar/2017:15:18:28 -0300] "POST /cormun/servlet/solicitudotadjuntos?gx-no-cache=1488478781420 HTTP/1.1" 200 26
200.83.57.219 - - [02/Mar/2017:15:18:33 -0300] "GET /cormun/servlet/solicitudotadjuntos?ab36da116ac26835b1ee8c9c0f9eafa06a70a614ab85cb677e440230e3a39930,gx-no-cache=1488478786933 HTTP/1.1" 200 30
200.83.57.219 - - [02/Mar/2017:15:18:33 -0300] "GET /cormun/servlet/solicitudotadjuntos?ab36da116ac26835b1ee8c9c0f9eafa06a70a614ab85cb677e440230e3a39930,gx-no-cache=1488478787005 HTTP/1.1" 200 30
200.83.57.219 - - [02/Mar/2017:15:18:35 -0300] "POST /cormun/servlet/solicitudotadjuntos?7390087870a7023802b5e2dfb417d1aa,INS,2017,5086,,1, HTTP/1.1" 200 116
200.83.57.219 - - [02/Mar/2017:15:18:35 -0300] "GET /cormun/servlet/hpexe_return? HTTP/1.1" 200 1025
200.83.57.219 - - [02/Mar/2017:15:18:35 -0300] "GET /cormun/servlet/trsolicitudadjuntos?2017,5086, HTTP/1.1" 200 8789
200.83.57.219 - - [02/Mar/2017:15:18:36 -0300] "GET /cormun/servlet/trsolicitudadjuntos?2017,5086, HTTP/1.1" 200 8790
200.83.57.219 - - [02/Mar/2017:15:18:38 -0300] "GET /cormun/servlet/solicitudotadjuntos?INS,2017,5086,,1, HTTP/1.1" 200 6120
200.83.57.219 - - [02/Mar/2017:15:18:38 -0300] "GET /cormun/static/about:blank HTTP/1.1" 404 1011
200.83.57.219 - - [02/Mar/2017:15:18:38 -0300] "GET /cormun/servlet/solicitudotadjuntos?INS,2017,5086,,1, HTTP/1.1" 200 6114
200.83.57.219 - - [02/Mar/2017:15:18:39 -0300] "GET /cormun/servlet/solicitudotadjuntos?ab36da116ac26835b1ee8c9c0f9eafa094501d52208973ed2d98eb3947f40e8ceb5edcd7ee2a14bd8c7dec0b9b40519a,gx-no-cache=1488478792413 HTTP/1.1" 200 30
200.83.57.219 - - [02/Mar/2017:15:18:39 -0300] "POST /cormun/servlet/solicitudotadjuntos?7390087870a7023802b5e2dfb417d1aa,INS,2017,5086,,1,,gx-no-cache=1488478792500 HTTP/1.1" 200 3867
200.83.57.219 - - [02/Mar/2017:15:18:41 -0300] "POST /cormun/servlet/solicitudotadjuntos?gx-no-cache=1488478794412 HTTP/1.1" 200 26
200.83.57.219 - - [02/Mar/2017:15:18:45 -0300] "GET /cormun/servlet/solicitudotadjuntos?ab36da116ac26835b1ee8c9c0f9eafa06a70a614ab85cb677e440230e3a39930,gx-no-cache=1488478799157 HTTP/1.1" 200 30
200.83.57.219 - - [02/Mar/2017:15:18:46 -0300] "GET /cormun/servlet/solicitudotadjuntos?ab36da116ac26835b1ee8c9c0f9eafa06a70a614ab85cb677e440230e3a39930,gx-no-cache=1488478799224 HTTP/1.1" 200 30
186.103.161.206 - - [02/Mar/2017:15:18:48 -0300] "POST /cormun/servlet/trpermisosgoce?ce2db11a484929ec05563c5ec2a7fb10,,gx-no-cache=1488475194888 HTTP/1.1" 200 4673
200.83.57.219 - - [02/Mar/2017:15:18:48 -0300] "POST /cormun/servlet/solicitudotadjuntos?7390087870a7023802b5e2dfb417d1aa,INS,2017,5086,,1, HTTP/1.1" 200 116
200.83.57.219 - - [02/Mar/2017:15:18:48 -0300] "GET /cormun/servlet/hpexe_return? HTTP/1.1" 200 1025
200.83.57.219 - - [02/Mar/2017:15:18:49 -0300] "GET /cormun/servlet/trsolicitudadjuntos?2017,5086, HTTP/1.1" 200 8982
200.83.57.219 - - [02/Mar/2017:15:18:50 -0300] "GET /cormun/servlet/trsolicitudadjuntos?2017,5086, HTTP/1.1" 200 8981
200.83.57.219 - - [02/Mar/2017:15:18:51 -0300] "GET /cormun/servlet/solicitudotadjuntos?INS,2017,5086,,1, HTTP/1.1" 200 6120
200.83.57.219 - - [02/Mar/2017:15:18:51 -0300] "GET /cormun/static/about:blank HTTP/1.1" 404 1011
200.83.57.219 - - [02/Mar/2017:15:18:51 -0300] "GET /cormun/servlet/solicitudotadjuntos?INS,2017,5086,,1, HTTP/1.1" 200 6114
200.83.57.219 - - [02/Mar/2017:15:18:52 -0300] "GET /cormun/servlet/solicitudotadjuntos?ab36da116ac26835b1ee8c9c0f9eafa094501d52208973ed2d98eb3947f40e8ceb5edcd7ee2a14bd8c7dec0b9b40519a,gx-no-cache=1488478805620 HTTP/1.1" 200 30
200.83.57.219 - - [02/Mar/2017:15:18:52 -0300] "POST /cormun/servlet/solicitudotadjuntos?7390087870a7023802b5e2dfb417d1aa,INS,2017,5086,,1,,gx-no-cache=1488478805672 HTTP/1.1" 200 3867
200.83.57.219 - - [02/Mar/2017:15:18:54 -0300] "POST /cormun/servlet/solicitudotadjuntos?gx-no-cache=1488478807635 HTTP/1.1" 200 26
200.83.57.219 - - [02/Mar/2017:15:18:59 -0300] "GET /cormun/servlet/solicitudotadjuntos?ab36da116ac26835b1ee8c9c0f9eafa06a70a614ab85cb677e440230e3a39930,gx-no-cache=1488478812317 HTTP/1.1" 200 30
200.83.57.219 - - [02/Mar/2017:15:18:59 -0300] "GET /cormun/servlet/solicitudotadjuntos?ab36da116ac26835b1ee8c9c0f9eafa06a70a614ab85cb677e440230e3a39930,gx-no-cache=1488478812366 HTTP/1.1" 200 30
200.83.57.219 - - [02/Mar/2017:15:19:00 -0300] "POST /cormun/servlet/solicitudotadjuntos?7390087870a7023802b5e2dfb417d1aa,INS,2017,5086,,1, HTTP/1.1" 200 116
200.83.57.219 - - [02/Mar/2017:15:19:00 -0300] "GET /cormun/servlet/hpexe_return? HTTP/1.1" 200 1025
200.83.57.219 - - [02/Mar/2017:15:19:01 -0300] "GET /cormun/servlet/trsolicitudadjuntos?2017,5086, HTTP/1.1" 200 9155
192.168.10.89 - - [02/Mar/2017:15:19:01 -0300] "POST /cormun/servlet/hlogin?a02ceafe7c890d6af14b6287e145c403,gx-no-cache=1488482027582 HTTP/1.1" 200 90
192.168.10.89 - - [02/Mar/2017:15:19:01 -0300] "GET /cormun/servlet/hpexe_link HTTP/1.1" 200 950
200.83.57.219 - - [02/Mar/2017:15:19:02 -0300] "GET /cormun/servlet/trsolicitudadjuntos?2017,5086, HTTP/1.1" 200 9154
201.246.236.62 - - [02/Mar/2017:15:19:03 -0300] "POST /cormun/servlet/trsolicitudot?2ac7443b7b044a72a5358b59eb59ed13,gx-no-cache=1488478812271 HTTP/1.1" 200 106
201.246.236.62 - - [02/Mar/2017:15:19:03 -0300] "GET /cormun/servlet/trsolicitudadjuntos?2017,5085, HTTP/1.1" 200 5868
192.168.10.89 - - [02/Mar/2017:15:19:04 -0300] "GET /cormun/servlet/hhome HTTP/1.1" 200 3793
201.246.236.62 - - [02/Mar/2017:15:19:04 -0300] "GET /cormun/servlet/trsolicitudadjuntos?2017,5085, HTTP/1.1" 200 5868
200.83.57.219 - - [02/Mar/2017:15:19:07 -0300] "GET /cormun/servlet/solicitudotadjuntos?INS,2017,5086,,1, HTTP/1.1" 200 6120
200.83.57.219 - - [02/Mar/2017:15:19:07 -0300] "GET /cormun/static/about:blank HTTP/1.1" 404 1011
200.83.57.219 - - [02/Mar/2017:15:19:07 -0300] "GET /cormun/servlet/solicitudotadjuntos?INS,2017,5086,,1, HTTP/1.1" 200 6114
200.83.57.219 - - [02/Mar/2017:15:19:07 -0300] "GET /cormun/servlet/solicitudotadjuntos?ab36da116ac26835b1ee8c9c0f9eafa094501d52208973ed2d98eb3947f40e8ceb5edcd7ee2a14bd8c7dec0b9b40519a,gx-no-cache=1488478821101 HTTP/1.1" 200 30
201.246.236.62 - - [02/Mar/2017:15:19:08 -0300] "GET /cormun/servlet/solicitudotadjuntos?INS,2017,5085,,1, HTTP/1.1" 200 5801
200.83.57.219 - - [02/Mar/2017:15:19:08 -0300] "POST /cormun/servlet/solicitudotadjuntos?7390087870a7023802b5e2dfb417d1aa,INS,2017,5086,,1,,gx-no-cache=1488478821152 HTTP/1.1" 200 3867
201.246.236.62 - - [02/Mar/2017:15:19:08 -0300] "GET /cormun/static/about:blank HTTP/1.1" 404 1011
201.246.236.62 - - [02/Mar/2017:15:19:08 -0300] "GET /cormun/servlet/solicitudotadjuntos?INS,2017,5085,,1, HTTP/1.1" 200 5795
201.246.236.62 - - [02/Mar/2017:15:19:09 -0300] "GET /cormun/servlet/solicitudotadjuntos?0b8613b84ac828d28365c239fd01c69aa5fc865b40c6c5d12277e882817d491e5d90973507f5ed902cb72f04e08e2b0c,gx-no-cache=1488478818917 HTTP/1.1" 200 30
192.168.10.89 - - [02/Mar/2017:15:19:09 -0300] "GET /cormun/servlet/trlicencias? HTTP/1.1" 200 6630
192.168.10.89 - - [02/Mar/2017:15:19:09 -0300] "GET /cormun/static/gxcfg.js?2016122619301429 HTTP/1.1" 200 953
192.168.10.89 - - [02/Mar/2017:15:19:09 -0300] "GET /cormun/static/trlicencias.js?2016122619301919 HTTP/1.1" 304 -
201.246.236.62 - - [02/Mar/2017:15:19:09 -0300] "POST /cormun/servlet/solicitudotadjuntos?2ac7443b7b044a72a5358b59eb59ed13,INS,2017,5085,,1,,gx-no-cache=1488478819119 HTTP/1.1" 200 3677
200.83.57.219 - - [02/Mar/2017:15:19:14 -0300] "POST /cormun/servlet/solicitudotadjuntos?gx-no-cache=1488478827931 HTTP/1.1" 200 26
200.73.230.173 - - [02/Mar/2017:15:19:19 -0300] "GET /cormun/servlet/trlicencias? HTTP/1.1" 200 6630
200.73.230.173 - - [02/Mar/2017:15:19:19 -0300] "GET /cormun/servlet/trlicencias? HTTP/1.1" 200 6630
201.246.236.62 - - [02/Mar/2017:15:19:20 -0300] "POST /cormun/servlet/solicitudotadjuntos?gx-no-cache=1488478829734 HTTP/1.1" 200 26
200.83.57.219 - - [02/Mar/2017:15:19:20 -0300] "GET /cormun/servlet/solicitudotadjuntos?ab36da116ac26835b1ee8c9c0f9eafa06a70a614ab85cb677e440230e3a39930,gx-no-cache=1488478833989 HTTP/1.1" 200 30
200.83.57.219 - - [02/Mar/2017:15:19:20 -0300] "GET /cormun/servlet/solicitudotadjuntos?ab36da116ac26835b1ee8c9c0f9eafa06a70a614ab85cb677e440230e3a39930,gx-no-cache=1488478834084 HTTP/1.1" 200 30
200.83.57.219 - - [02/Mar/2017:15:19:23 -0300] "POST /cormun/servlet/solicitudotadjuntos?7390087870a7023802b5e2dfb417d1aa,INS,2017,5086,,1, HTTP/1.1" 200 116
200.83.57.219 - - [02/Mar/2017:15:19:23 -0300] "GET /cormun/servlet/hpexe_return? HTTP/1.1" 200 1025
200.83.57.219 - - [02/Mar/2017:15:19:24 -0300] "GET /cormun/servlet/trsolicitudadjuntos?2017,5086, HTTP/1.1" 200 9373
192.168.10.89 - - [02/Mar/2017:15:19:25 -0300] "GET /cormun/servlet/licenciaspermisos?INS,0,,, HTTP/1.1" 200 7141
186.103.161.206 - - [02/Mar/2017:15:19:25 -0300] "POST /cormun/servlet/trpermisosgoce?ce2db11a484929ec05563c5ec2a7fb10,,gx-no-cache=1488475228223 HTTP/1.1" 200 4673
192.168.10.89 - - [02/Mar/2017:15:19:25 -0300] "GET /cormun/static/gxcfg.js?2016122619301043 HTTP/1.1" 200 953
192.168.10.89 - - [02/Mar/2017:15:19:25 -0300] "GET /cormun/static/licenciaspermisos.js?2016122619301096 HTTP/1.1" 200 33213
200.83.57.219 - - [02/Mar/2017:15:19:25 -0300] "GET /cormun/servlet/trsolicitudadjuntos?2017,5086, HTTP/1.1" 200 9374
200.73.230.173 - - [02/Mar/2017:15:19:26 -0300] "GET /cormun/servlet/licenciaspermisos?INS,0,,, HTTP/1.1" 200 7142
200.73.230.173 - - [02/Mar/2017:15:19:26 -0300] "GET /cormun/static/gxcfg.js?2016122619301043 HTTP/1.1" 200 953
200.73.230.173 - - [02/Mar/2017:15:19:26 -0300] "GET /cormun/static/Resources/prompt.gif HTTP/1.1" 200 902
200.73.230.173 - - [02/Mar/2017:15:19:26 -0300] "GET /cormun/static/licenciaspermisos.js?2016122619301096 HTTP/1.1" 200 33213
200.73.230.173 - - [02/Mar/2017:15:19:26 -0300] "GET /cormun/servlet/licenciaspermisos?INS,0,,, HTTP/1.1" 200 7142
186.103.159.46 - - [02/Mar/2017:15:19:28 -0300] "GET /cormun/servlet/hhome HTTP/1.1" 200 3267
186.103.159.46 - - [02/Mar/2017:15:19:31 -0300] "GET /cormun/servlet/hhome HTTP/1.1" 200 3277
186.103.159.46 - - [02/Mar/2017:15:19:31 -0300] "GET /cormun/servlet/hlogin HTTP/1.1" 200 1727
186.103.161.206 - - [02/Mar/2017:15:19:37 -0300] "POST /cormun/servlet/trpermisosgoce?ce2db11a484929ec05563c5ec2a7fb10,,gx-no-cache=1488475249238 HTTP/1.1" 200 4673
186.103.161.206 - - [02/Mar/2017:15:19:44 -0300] "POST /cormun/servlet/trpermisosgoce?ce2db11a484929ec05563c5ec2a7fb10,,gx-no-cache=1488475250557 HTTP/1.1" 200 4672
186.103.159.46 - - [02/Mar/2017:15:19:45 -0300] "POST /cormun/servlet/hlogin?3f48d312b7f344841ff3d332f3212386,gx-no-cache=1488478856254 HTTP/1.1" 200 90
186.103.159.46 - - [02/Mar/2017:15:19:45 -0300] "GET /cormun/servlet/hpexe_link HTTP/1.1" 200 951
186.103.159.46 - - [02/Mar/2017:15:19:45 -0300] "GET /cormun/servlet/hhome HTTP/1.1" 200 3760
186.103.159.46 - - [02/Mar/2017:15:19:47 -0300] "GET /cormun/servlet/hhome HTTP/1.1" 200 3760
201.246.236.62 - - [02/Mar/2017:15:19:50 -0300] "GET /cormun/servlet/solicitudotadjuntos?0b8613b84ac828d28365c239fd01c69a47afb3169c23ffeb875ff13073cc91e5,gx-no-cache=1488478859732 HTTP/1.1" 200 30
201.246.236.62 - - [02/Mar/2017:15:19:50 -0300] "GET /cormun/servlet/solicitudotadjuntos?0b8613b84ac828d28365c239fd01c69a47afb3169c23ffeb875ff13073cc91e5,gx-no-cache=1488478860104 HTTP/1.1" 200 30
201.246.236.62 - - [02/Mar/2017:15:19:50 -0300] "POST /cormun/servlet/solicitudotadjuntos?2ac7443b7b044a72a5358b59eb59ed13,INS,2017,5085,,1,,gx-no-cache=1488478860301 HTTP/1.1" 200 93
201.246.236.62 - - [02/Mar/2017:15:19:51 -0300] "GET /cormun/servlet/hpexe_return? HTTP/1.1" 200 1027
201.246.236.62 - - [02/Mar/2017:15:19:51 -0300] "GET /cormun/servlet/trsolicitudadjuntos?2017,5085, HTTP/1.1" 200 7833
201.246.236.62 - - [02/Mar/2017:15:19:52 -0300] "GET /cormun/servlet/trsolicitudadjuntos?2017,5085, HTTP/1.1" 200 7829
186.103.159.46 - - [02/Mar/2017:15:19:55 -0300] "GET /cormun/servlet/trpermisosgoce? HTTP/1.1" 200 8224
201.246.236.62 - - [02/Mar/2017:15:19:56 -0300] "GET /cormun/servlet/solicitudotadjuntos?INS,2017,5085,,1, HTTP/1.1" 200 5801
201.246.236.62 - - [02/Mar/2017:15:19:56 -0300] "GET /cormun/static/about:blank HTTP/1.1" 404 1011
201.246.236.62 - - [02/Mar/2017:15:19:56 -0300] "GET /cormun/servlet/solicitudotadjuntos?INS,2017,5085,,1, HTTP/1.1" 200 5795
186.103.159.46 - - [02/Mar/2017:15:19:56 -0300] "GET /cormun/servlet/trpermisosgoce? HTTP/1.1" 200 8218
201.246.236.62 - - [02/Mar/2017:15:19:57 -0300] "GET /cormun/servlet/solicitudotadjuntos?0b8613b84ac828d28365c239fd01c69aa5fc865b40c6c5d12277e882817d491e5d90973507f5ed902cb72f04e08e2b0c,gx-no-cache=1488478867113 HTTP/1.1" 200 30
200.83.57.219 - - [02/Mar/2017:15:19:57 -0300] "POST /cormun/servlet/trsolicitudadjuntos?7390087870a7023802b5e2dfb417d1aa,2017,5086,,gx-no-cache=1488478870741 HTTP/1.1" 200 90
201.246.236.62 - - [02/Mar/2017:15:19:57 -0300] "POST /cormun/servlet/solicitudotadjuntos?2ac7443b7b044a72a5358b59eb59ed13,INS,2017,5085,,1,,gx-no-cache=1488478867287 HTTP/1.1" 200 3677
200.83.57.219 - - [02/Mar/2017:15:19:57 -0300] "GET /cormun/servlet/hpexe_link HTTP/1.1" 200 969
200.83.57.219 - - [02/Mar/2017:15:19:58 -0300] "GET /cormun/servlet/trsolicitudot HTTP/1.1" 200 8810
200.83.57.219 - - [02/Mar/2017:15:19:58 -0300] "GET /cormun/servlet/trsolicitudot HTTP/1.1" 200 8808
200.83.57.219 - - [02/Mar/2017:15:20:01 -0300] "GET /cormun/servlet/vesolicitudot?2017,4936,, HTTP/1.1" 200 8317
186.103.159.46 - - [02/Mar/2017:15:20:01 -0300] "GET /cormun/servlet/permisogoce?INS,0,,, HTTP/1.1" 200 6520
200.83.57.219 - - [02/Mar/2017:15:20:01 -0300] "GET /cormun/static/gxcfg.js?20161221854299 HTTP/1.1" 200 953
200.83.57.219 - - [02/Mar/2017:15:20:01 -0300] "GET /cormun/pexe_scrolldiv.js HTTP/1.1" 404 1009
200.83.57.219 - - [02/Mar/2017:15:20:01 -0300] "GET /cormun/static/vesolicitudot.js?20161221854352 HTTP/1.1" 200 6091
200.83.57.219 - - [02/Mar/2017:15:20:01 -0300] "GET /cormun/static/hwcviewtabs.js?201612218431866 HTTP/1.1" 200 1074
200.83.57.219 - - [02/Mar/2017:15:20:01 -0300] "GET /cormun/static/Resources/PXToolsTabNext.gif HTTP/1.1" 200 168
200.83.57.219 - - [02/Mar/2017:15:20:01 -0300] "GET /cormun/static/Resources/PXToolsTabPrevious.gif HTTP/1.1" 200 172
200.83.57.219 - - [02/Mar/2017:15:20:01 -0300] "GET /cormun/static/hpexe_tabsview.js?201610171694228 HTTP/1.1" 200 1661
200.83.57.219 - - [02/Mar/2017:15:20:01 -0300] "GET /cormun/static/Resources/PXToolsTabLastUnselected.png HTTP/1.1" 200 1291
200.83.57.219 - - [02/Mar/2017:15:20:01 -0300] "GET /cormun/static/Resources/PXToolsTabFirstSelected.png HTTP/1.1" 200 1259
200.83.57.219 - - [02/Mar/2017:15:20:01 -0300] "GET /cormun/static/tbsolicitudot01.js?2017119103633 HTTP/1.1" 200 28340
200.83.57.219 - - [02/Mar/2017:15:20:02 -0300] "GET /cormun/static/calendar-system.css HTTP/1.1" 200 5572
200.83.57.219 - - [02/Mar/2017:15:20:02 -0300] "GET /cormun/static/Resources/PXToolsTabBackSelected.png HTTP/1.1" 200 1157
200.83.57.219 - - [02/Mar/2017:15:20:02 -0300] "GET /cormun/static/Resources/PXToolsTabBackUnselected.png HTTP/1.1" 200 1175
200.83.57.219 - - [02/Mar/2017:15:20:02 -0300] "GET /cormun/static/Resources/PXToolsTabSelectedUnselected.png HTTP/1.1" 200 1428
200.83.57.219 - - [02/Mar/2017:15:20:02 -0300] "GET /cormun/static/Resources/PXToolsTabUnselectedUnselected.png HTTP/1.1" 200 1459
200.83.57.219 - - [02/Mar/2017:15:20:02 -0300] "GET /cormun/servlet/vesolicitudot?2017,4936,, HTTP/1.1" 200 8316
186.103.159.46 - - [02/Mar/2017:15:20:03 -0300] "GET /cormun/servlet/permisogoce?INS,0,,, HTTP/1.1" 200 6520
200.73.230.173 - - [02/Mar/2017:15:20:05 -0300] "GET /cormun/servlet/licenciaspermisos?d36e9c55fbd7740041c25ec2407f14d3306c2f7e8a210a716ff565cb982839d5ee45bcd082fe98eec8d354270af57fea,gx-no-cache=1488479563753 HTTP/1.1" 200 66
201.246.236.62 - - [02/Mar/2017:15:20:05 -0300] "POST /cormun/servlet/solicitudotadjuntos?gx-no-cache=1488478875364 HTTP/1.1" 200 26
200.73.230.173 - - [02/Mar/2017:15:20:05 -0300] "POST /cormun/servlet/licenciaspermisos?24e361c7f43dd9c06c3ef78c38ee538d,INS,0,,,,gx-no-cache=1488479563924 HTTP/1.1" 200 4402
186.103.161.206 - - [02/Mar/2017:15:20:15 -0300] "POST /cormun/servlet/trpermisosgoce?ce2db11a484929ec05563c5ec2a7fb10,,gx-no-cache=1488475281319 HTTP/1.1" 200 4673
200.83.57.219 - - [02/Mar/2017:15:20:15 -0300] "POST /cormun/servlet/vesolicitudot?7390087870a7023802b5e2dfb417d1aa,2017,4936,,,gx-no-cache=1488478889016 HTTP/1.1" 200 90
200.83.57.219 - - [02/Mar/2017:15:20:16 -0300] "GET /cormun/servlet/hpexe_link HTTP/1.1" 200 967
200.83.57.219 - - [02/Mar/2017:15:20:16 -0300] "GET /cormun/servlet/trsolicitudot HTTP/1.1" 200 8810
200.83.57.219 - - [02/Mar/2017:15:20:16 -0300] "GET /cormun/servlet/trsolicitudot HTTP/1.1" 200 8808
201.246.236.62 - - [02/Mar/2017:15:20:17 -0300] "GET /cormun/servlet/solicitudotadjuntos?0b8613b84ac828d28365c239fd01c69a47afb3169c23ffeb875ff13073cc91e5,gx-no-cache=1488478887698 HTTP/1.1" 200 30
201.246.236.62 - - [02/Mar/2017:15:20:18 -0300] "GET /cormun/servlet/solicitudotadjuntos?0b8613b84ac828d28365c239fd01c69a47afb3169c23ffeb875ff13073cc91e5,gx-no-cache=1488478887887 HTTP/1.1" 200 30
200.83.57.219 - - [02/Mar/2017:15:20:20 -0300] "GET /cormun/servlet/vesolicitudot?2017,5086,, HTTP/1.1" 200 8321
200.83.57.219 - - [02/Mar/2017:15:20:20 -0300] "GET /cormun/pexe_scrolldiv.js HTTP/1.1" 404 1009
200.83.57.219 - - [02/Mar/2017:15:20:20 -0300] "GET /cormun/servlet/vesolicitudot?2017,5086,, HTTP/1.1" 200 8320
200.83.57.219 - - [02/Mar/2017:15:20:34 -0300] "POST /cormun/servlet/vesolicitudot?7390087870a7023802b5e2dfb417d1aa,2017,5086,,,gx-no-cache=1488478907202 HTTP/1.1" 200 90
200.83.57.219 - - [02/Mar/2017:15:20:34 -0300] "GET /cormun/servlet/hpexe_link HTTP/1.1" 200 966
200.83.57.219 - - [02/Mar/2017:15:20:34 -0300] "GET /cormun/servlet/trsolicitudot HTTP/1.1" 200 8810
201.246.236.62 - - [02/Mar/2017:15:20:34 -0300] "POST /cormun/servlet/solicitudotadjuntos?2ac7443b7b044a72a5358b59eb59ed13,INS,2017,5085,,1, HTTP/1.1" 200 116
201.246.236.62 - - [02/Mar/2017:15:20:34 -0300] "GET /cormun/servlet/hpexe_return? HTTP/1.1" 200 1027
200.83.57.219 - - [02/Mar/2017:15:20:35 -0300] "GET /cormun/servlet/trsolicitudot HTTP/1.1" 200 8808
201.246.236.62 - - [02/Mar/2017:15:20:35 -0300] "GET /cormun/servlet/trsolicitudadjuntos?2017,5085, HTTP/1.1" 200 8125
201.246.236.62 - - [02/Mar/2017:15:20:36 -0300] "GET /cormun/servlet/trsolicitudadjuntos?2017,5085, HTTP/1.1" 200 8118
186.103.159.46 - - [02/Mar/2017:15:20:42 -0300] "GET /cormun/servlet/permisogoce?24e1786266e4237752888ceb9b179a0da5bc9a46a13907a162b5616bee01b701b3704b6f96f1bd5fbbb3b29de65fcefc,gx-no-cache=1488478913280 HTTP/1.1" 200 78
186.103.159.46 - - [02/Mar/2017:15:20:42 -0300] "GET /cormun/static/menuarrow.gif HTTP/1.1" 404 1015
201.246.236.62 - - [02/Mar/2017:15:20:51 -0300] "GET /cormun/servlet/solicitudotadjuntos?INS,2017,5085,,1, HTTP/1.1" 200 5800
201.246.236.62 - - [02/Mar/2017:15:20:51 -0300] "GET /cormun/static/about:blank HTTP/1.1" 404 1011
201.246.236.62 - - [02/Mar/2017:15:20:52 -0300] "GET /cormun/servlet/solicitudotadjuntos?INS,2017,5085,,1, HTTP/1.1" 200 5794
201.246.236.62 - - [02/Mar/2017:15:20:52 -0300] "GET /cormun/servlet/solicitudotadjuntos?0b8613b84ac828d28365c239fd01c69aa5fc865b40c6c5d12277e882817d491e5d90973507f5ed902cb72f04e08e2b0c,gx-no-cache=1488478922351 HTTP/1.1" 200 30
201.246.236.62 - - [02/Mar/2017:15:20:53 -0300] "POST /cormun/servlet/solicitudotadjuntos?2ac7443b7b044a72a5358b59eb59ed13,INS,2017,5085,,1,,gx-no-cache=1488478922572 HTTP/1.1" 200 3676
192.168.10.96 - - [02/Mar/2017:15:21:05 -0300] "GET /cormun/servlet/hlogin HTTP/1.1" 200 1725
186.103.159.46 - - [02/Mar/2017:15:21:05 -0300] "GET /cormun/servlet/permisogoce?24e1786266e4237752888ceb9b179a0d0d4c0645b7b51cb89300898990b6965aceee33ca7076a1b4527ec5ab65a2217f44209c313b9ab37e6c7456cd34064b12,gx-no-cache=1488478935909 HTTP/1.1" 200 129
186.103.159.46 - - [02/Mar/2017:15:21:05 -0300] "GET /cormun/static/Shared/jqueryui/images/ui-bg_highlight-soft_100_c6c2c8_1x100.png HTTP/1.1" 404 1117
186.103.159.46 - - [02/Mar/2017:15:21:05 -0300] "GET /cormun/static/Shared/jqueryui/images/ui-icons_82798d_256x240.png HTTP/1.1" 404 1089
186.103.159.46 - - [02/Mar/2017:15:21:05 -0300] "GET /cormun/static/Shared/jqueryui/images/ui-bg_flat_55_994d53_40x100.png HTTP/1.1" 404 1097
186.103.159.46 - - [02/Mar/2017:15:21:05 -0300] "GET /cormun/static/Shared/jqueryui/images/ui-icons_ebccce_256x240.png HTTP/1.1" 404 1089
192.168.10.89 - - [02/Mar/2017:15:21:12 -0300] "GET /cormun/servlet/licenciaspermisos?4b4992e56784478a5251019cea1964ab6e03dc4714b16f23b4cb011e41b947b2,gx-no-cache=1488482157947 HTTP/1.1" 200 107
192.168.10.89 - - [02/Mar/2017:15:21:12 -0300] "GET /cormun/static/Shared/jqueryui/images/ui-icons_ebccce_256x240.png HTTP/1.1" 404 1089
192.168.10.89 - - [02/Mar/2017:15:21:12 -0300] "GET /cormun/static/Shared/jqueryui/images/ui-bg_highlight-soft_100_c6c2c8_1x100.png HTTP/1.1" 404 1117
192.168.10.89 - - [02/Mar/2017:15:21:12 -0300] "GET /cormun/static/Shared/jqueryui/images/ui-icons_82798d_256x240.png HTTP/1.1" 404 1089
192.168.10.89 - - [02/Mar/2017:15:21:12 -0300] "GET /cormun/static/Shared/jqueryui/images/ui-bg_flat_55_994d53_40x100.png HTTP/1.1" 404 1097
192.168.10.96 - - [02/Mar/2017:15:21:16 -0300] "POST /cormun/servlet/hlogin?0073f10afce07d3c664424a58be56ae9,gx-no-cache=1488482162504 HTTP/1.1" 200 425
192.168.10.96 - - [02/Mar/2017:15:21:21 -0300] "POST /cormun/servlet/hlogin?0073f10afce07d3c664424a58be56ae9,gx-no-cache=1488482166765 HTTP/1.1" 200 90
192.168.10.96 - - [02/Mar/2017:15:21:21 -0300] "GET /cormun/servlet/hpexe_link HTTP/1.1" 200 956
