192.168.10.89 - - [02/Mar/2017:12:40:29 -0300] "GET /cormun/servlet/solicitudot?0c7cfe5e196fb5ff77f7f9449d92ad34e3bb4465fe9c6f313816a7705ea93b9093e36d2ffc9233f194984daf070577a6b536d70c212a9e382334d4d3f0e1aad186b0c7c2d3a828ac73496e81b71952d6196f8ffaeead0155cf0547a60269b2e4cbc786d58269c358c7def9aa5996f7e9d85d3e2ed204e4a3b2736150e6df2188d135c080797b6e12d5f43d5ddb3a6ee63ea0a016f3d52b7779809b3c2b2300147b0106416565fb4eb30b250adf27c360,gx-no-cache=1488472515477 HTTP/1.1" 200 30
192.168.10.89 - - [02/Mar/2017:12:40:33 -0300] "POST /cormun/servlet/solicitudot?ccdbdceab80fd9c9401ed40c91025669,INS,0,0,,gx-no-cache=1488472518917 HTTP/1.1" 200 93
192.168.10.89 - - [02/Mar/2017:12:40:33 -0300] "GET /cormun/servlet/hpexe_return? HTTP/1.1" 200 1022
192.168.10.89 - - [02/Mar/2017:12:40:34 -0300] "GET /cormun/servlet/trsolicitudot?gx-no-cache=1488471960580 HTTP/1.1" 200 10016
192.168.10.89 - - [02/Mar/2017:12:40:38 -0300] "POST /cormun/servlet/trsolicitudot?ccdbdceab80fd9c9401ed40c91025669,gx-no-cache=1488471960580,gx-no-cache=1488472523812 HTTP/1.1" 200 6896
192.168.10.89 - - [02/Mar/2017:12:40:38 -0300] "POST /cormun/servlet/trsolicitudot?ccdbdceab80fd9c9401ed40c91025669,gx-no-cache=1488471960580,gx-no-cache=1488472524354 HTTP/1.1" 200 6838
192.168.10.89 - - [02/Mar/2017:12:40:38 -0300] "GET /cormun/static/Shared/jqueryui/images/ui-icons_82798d_256x240.png HTTP/1.1" 404 1089
192.168.10.89 - - [02/Mar/2017:12:40:38 -0300] "GET /cormun/static/Shared/jqueryui/images/ui-icons_8d78a5_256x240.png HTTP/1.1" 404 1089
192.168.10.89 - - [02/Mar/2017:12:40:38 -0300] "GET /cormun/static/Shared/jqueryui/images/ui-bg_flat_55_fafafa_40x100.png HTTP/1.1" 404 1097
192.168.10.89 - - [02/Mar/2017:12:40:38 -0300] "GET /cormun/static/Shared/jqueryui/images/ui-bg_highlight-soft_100_c6c2c8_1x100.png HTTP/1.1" 404 1117
186.103.196.84 - - [02/Mar/2017:12:40:49 -0300] "GET /cormun/servlet/licenciaspermisos?037cf1c8bf06933e3a596cb15e08a9cccaabec1261848a5d1154c631156cfd9744253a3c87ee59cba4d09012ad0453d00a18949ee8512d82a209ef9de6e4d5b77a9da06fd062f684cc10fdff9ccb30e3a44d2746103c2cbb3555f4b34b692aebdadf7590bfe98bc9968a3f94f5e12e7734f64fdff7065fb7ddb8ab657cb9887027b654d36b2a099748c00404daf1e4749e4fc8cbd2c05065664da1640a5c9406252b531005dfe93d26d91d6fe2899204f7ec902a24d318619f0e714e9487612b7918ea5d073a639e132fad6930074986042070818b726fdcb7cc7e6b17be6137,gx-no-cache=1488469319602 HTTP/1.1" 200 30
186.103.196.84 - - [02/Mar/2017:12:40:49 -0300] "GET /cormun/servlet/licenciaspermisos?037cf1c8bf06933e3a596cb15e08a9cc79ed17d542f8027c1c268e5ef25236461e74564c0c9de3c61dd383a2c714ea4981c46a606552b34d1e38684f39157d88b73698270c06b90634c4ddec7db1752490cf6352d9f9499f00fc65ae7d3a9be5b913802e8eb6879124037e17c0d45992fbdeae8eaf085157910503913b2ba58e8303fd0923d3b7a33ecb5451e1879d9f7bcd6f9858adca4e2e49f5548bc717872d71c65356d44f3a208847ec1c0408589126254a9379a7ae96bb32377c19b37b554eae7e843948d74f494cc18bb92f3464a26d5b02561d6eb3a1aecbd35f3343,gx-no-cache=1488469319719 HTTP/1.1" 200 29
186.103.196.84 - - [02/Mar/2017:12:40:50 -0300] "POST /cormun/servlet/licenciaspermisos?cf49f73816ed098125954eae8233d3c6,INS,0,,,,gx-no-cache=1488469319803 HTTP/1.1" 200 93
186.103.196.84 - - [02/Mar/2017:12:40:50 -0300] "GET /cormun/servlet/hpexe_return? HTTP/1.1" 200 1014
186.103.196.84 - - [02/Mar/2017:12:40:50 -0300] "GET /cormun/servlet/trlicencias? HTTP/1.1" 200 8003
186.103.196.84 - - [02/Mar/2017:12:40:51 -0300] "GET /cormun/servlet/trlicencias? HTTP/1.1" 200 7999
192.168.10.89 - - [02/Mar/2017:12:41:12 -0300] "GET /cormun/servlet/solicitudot?INS,0,0, HTTP/1.1" 200 12806
192.168.10.89 - - [02/Mar/2017:12:41:21 -0300] "GET /cormun/servlet/prfichaempleado?,MD,,gxPopupLevel%3D0%3B HTTP/1.1" 200 8858
186.103.196.84 - - [02/Mar/2017:12:41:25 -0300] "GET /cormun/servlet/alicenciaprn?16792137,L,20170302000000,PU HTTP/1.1" 200 1541
192.168.10.89 - - [02/Mar/2017:12:41:30 -0300] "POST /cormun/servlet/prfichaempleado?ccdbdceab80fd9c9401ed40c91025669,,MD,,gxPopupLevel%3D0%3B,gx-no-cache=1488472576151 HTTP/1.1" 200 3384
192.168.10.89 - - [02/Mar/2017:12:41:32 -0300] "POST /cormun/servlet/solicitudot?gx-no-cache=1488472578390 HTTP/1.1" 200 3184
192.168.10.89 - - [02/Mar/2017:12:41:32 -0300] "POST /cormun/servlet/solicitudot?ccdbdceab80fd9c9401ed40c91025669,INS,0,0,,gx-no-cache=1488472578608 HTTP/1.1" 200 9982
192.168.10.89 - - [02/Mar/2017:12:41:35 -0300] "GET /cormun/servlet/solicitudot?0c7cfe5e196fb5ff77f7f9449d92ad3472f7c381c555a977c8f3c8882def7ac92c8d8328e3033438db977e26204040fd,gx-no-cache=1488472580997 HTTP/1.1" 200 30
192.168.10.89 - - [02/Mar/2017:12:41:35 -0300] "POST /cormun/servlet/solicitudot?gx-no-cache=1488472581035 HTTP/1.1" 200 255
192.168.10.89 - - [02/Mar/2017:12:41:35 -0300] "GET /cormun/servlet/solicitudot?0c7cfe5e196fb5ff77f7f9449d92ad340d0fd6c32cd267222bf6ba5db0bbbb651831c3989f8584947cd96f766c76238e8cb6def87dffa1f7a91a1b06fab0fd8ec47450aa204cbed03516ce591e5f983be2ecca9e42864e3ca84c1eaf42e0c4c76933178678a0f13af3c76e191920f9a09a34a2fe7348e77a5a518cfe99e9633952c219ad4aa05956ec1e819f6e040789427dc32083544dd351c1d2af265e72d24467c7fe7962123b9f79ffb671506fd80a530e08b29885c4fd721dd137336af9c3b44a08493a7c23c6daf1a4bc96c0823eb07c6e1ac59794ae6d0a6312e8248003248a3e4032d666c7afc88e8a2c9b8e14283a98a3ea80ce94b61dfb00197ad68c6de984fbbf66fe902cc5292094646c96c23bec3d8b493ee0da59835ad04d28601040710a32e06526be4ddcc5a6322337afe92d134eb4ad01c304ba4f62b659aedd4b00731203b277018d51627ef29fdc7fe8a2bb602e743c1bb09b4bd232fc631dfd4459168c94ca20940dcfe5de30fa9f0912fda27988d92c70febc37aa60,gx-no-cache=1488472581064 HTTP/1.1" 200 30
192.168.10.89 - - [02/Mar/2017:12:41:36 -0300] "POST /cormun/servlet/solicitudot?gx-no-cache=1488472582301 HTTP/1.1" 200 30
192.168.10.89 - - [02/Mar/2017:12:41:38 -0300] "GET /cormun/servlet/prsolicitudot?15731222,,,,,MD,,gxPopupLevel%3D0%3B HTTP/1.1" 200 6045
192.168.10.89 - - [02/Mar/2017:12:41:43 -0300] "POST /cormun/servlet/solicitudot?gx-no-cache=1488472589526 HTTP/1.1" 200 1291
192.168.10.89 - - [02/Mar/2017:12:41:43 -0300] "POST /cormun/servlet/solicitudot?gx-no-cache=1488472589664 HTTP/1.1" 200 38
192.168.10.89 - - [02/Mar/2017:12:41:43 -0300] "GET /cormun/servlet/solicitudot?0c7cfe5e196fb5ff77f7f9449d92ad3430bbb9ae1b03bbf33b001113c2fd5a6f3479e2bf89011f46d50d2f9749eebdb3f5700ba3362c7e48473ca06c357d1e25ff6991d05d4912532fdb5312384b98ee6f25dcb8fbd3d3871a1fa278b070f14bad4a912028833a0b6b41c9722f1026ef715f6cdba6969951c2c90d8e321c14939753bac6dcfc84cafa446613d244998c4e226ab2691be4007d70af4028d98c41,gx-no-cache=1488472589695 HTTP/1.1" 200 29
192.168.10.89 - - [02/Mar/2017:12:41:43 -0300] "POST /cormun/servlet/solicitudot?gx-no-cache=1488472589720 HTTP/1.1" 200 1274
192.168.10.89 - - [02/Mar/2017:12:41:43 -0300] "POST /cormun/servlet/solicitudot?gx-no-cache=1488472589761 HTTP/1.1" 200 1157
192.168.10.89 - - [02/Mar/2017:12:41:51 -0300] "GET /cormun/servlet/solicitudot?0c7cfe5e196fb5ff77f7f9449d92ad3430bbb9ae1b03bbf33b001113c2fd5a6f3479e2bf89011f46d50d2f9749eebdb3f5700ba3362c7e48473ca06c357d1e25ff6991d05d4912532fdb5312384b98ee6f25dcb8fbd3d3871a1fa278b070f14bad4a912028833a0b6b41c9722f1026ef715f6cdba6969951c2c90d8e321c14939753bac6dcfc84cafa446613d244998c4e226ab2691be4007d70af4028d98c41,gx-no-cache=1488472597384 HTTP/1.1" 200 29
192.168.10.89 - - [02/Mar/2017:12:41:51 -0300] "POST /cormun/servlet/solicitudot?gx-no-cache=1488472597475 HTTP/1.1" 200 1275
192.168.10.89 - - [02/Mar/2017:12:41:55 -0300] "POST /cormun/servlet/solicitudot?gx-no-cache=1488472601684 HTTP/1.1" 200 1157
192.168.10.89 - - [02/Mar/2017:12:41:56 -0300] "GET /cormun/servlet/solicitudot?0c7cfe5e196fb5ff77f7f9449d92ad34b8af3230ed7786ee4f03b5817cb0e99626550dd62c29cef10a0d1de0d40a9439b536d70c212a9e382334d4d3f0e1aad186b0c7c2d3a828ac73496e81b71952d6196f8ffaeead0155cf0547a60269b2e4cbc786d58269c358c7def9aa5996f7e9d85d3e2ed204e4a3b2736150e6df2188d135c080797b6e12d5f43d5ddb3a6ee63ea0a016f3d52b7779809b3c2b2300147b0106416565fb4eb30b250adf27c360,gx-no-cache=1488472602699 HTTP/1.1" 200 30
192.168.10.89 - - [02/Mar/2017:12:41:59 -0300] "POST /cormun/servlet/solicitudot?ccdbdceab80fd9c9401ed40c91025669,INS,0,0,,gx-no-cache=1488472605229 HTTP/1.1" 200 93
192.168.10.89 - - [02/Mar/2017:12:41:59 -0300] "GET /cormun/servlet/hpexe_return? HTTP/1.1" 200 1022
192.168.10.89 - - [02/Mar/2017:12:42:00 -0300] "GET /cormun/servlet/trsolicitudot?gx-no-cache=1488471960580 HTTP/1.1" 200 10005
192.168.10.89 - - [02/Mar/2017:12:42:04 -0300] "POST /cormun/servlet/trsolicitudot?ccdbdceab80fd9c9401ed40c91025669,gx-no-cache=1488471960580,gx-no-cache=1488472610412 HTTP/1.1" 200 6895
192.168.10.89 - - [02/Mar/2017:12:42:05 -0300] "POST /cormun/servlet/trsolicitudot?ccdbdceab80fd9c9401ed40c91025669,gx-no-cache=1488471960580,gx-no-cache=1488472610951 HTTP/1.1" 200 6838
192.168.10.89 - - [02/Mar/2017:12:42:05 -0300] "GET /cormun/static/Shared/jqueryui/images/ui-icons_82798d_256x240.png HTTP/1.1" 404 1089
192.168.10.89 - - [02/Mar/2017:12:42:05 -0300] "GET /cormun/static/Shared/jqueryui/images/ui-icons_8d78a5_256x240.png HTTP/1.1" 404 1089
192.168.10.89 - - [02/Mar/2017:12:42:05 -0300] "GET /cormun/static/Shared/jqueryui/images/ui-bg_flat_55_fafafa_40x100.png HTTP/1.1" 404 1097
192.168.10.89 - - [02/Mar/2017:12:42:05 -0300] "GET /cormun/static/Shared/jqueryui/images/ui-bg_highlight-soft_100_c6c2c8_1x100.png HTTP/1.1" 404 1117
192.168.10.89 - - [02/Mar/2017:12:42:10 -0300] "GET /cormun/servlet/solicitudot?INS,0,0, HTTP/1.1" 200 12806
192.168.10.89 - - [02/Mar/2017:12:42:20 -0300] "GET /cormun/servlet/prfichaempleado?,MD,,gxPopupLevel%3D0%3B HTTP/1.1" 200 8858
201.246.236.28 - - [02/Mar/2017:12:42:20 -0300] "GET /cormun/servlet/solicitudotadjuntos?df4623558730fe8df60bb93b8f85397d322d62f4affa1a95ae0e0247ea8e9768,gx-no-cache=1488469412747 HTTP/1.1" 200 30
201.246.236.28 - - [02/Mar/2017:12:42:20 -0300] "GET /cormun/servlet/solicitudotadjuntos?df4623558730fe8df60bb93b8f85397d322d62f4affa1a95ae0e0247ea8e9768,gx-no-cache=1488469413852 HTTP/1.1" 200 30
201.246.236.28 - - [02/Mar/2017:12:42:21 -0300] "POST /cormun/servlet/solicitudotadjuntos?f746a4eaa02f6aa3a86ecfa7039d7f32,INS,2017,5073,,1, HTTP/1.1" 200 116
201.246.236.28 - - [02/Mar/2017:12:42:22 -0300] "GET /cormun/servlet/hpexe_return? HTTP/1.1" 200 1028
201.246.236.28 - - [02/Mar/2017:12:42:22 -0300] "GET /cormun/servlet/trsolicitudadjuntos?2017,5073, HTTP/1.1" 200 8242
186.103.196.84 - - [02/Mar/2017:12:42:24 -0300] "GET /cormun/servlet/trlicenciaspermisosadjuntos?16792137,20170302000000,L, HTTP/1.1" 200 6319
201.246.236.28 - - [02/Mar/2017:12:42:24 -0300] "GET /cormun/servlet/trsolicitudadjuntos?2017,5073, HTTP/1.1" 200 8240
186.103.196.84 - - [02/Mar/2017:12:42:25 -0300] "GET /cormun/servlet/trlicenciaspermisosadjuntos?16792137,20170302000000,L, HTTP/1.1" 200 6319
186.103.196.84 - - [02/Mar/2017:12:42:26 -0300] "GET /cormun/servlet/licenciaspermisosadjuntos?INS,16792137,L,20170302000000,, HTTP/1.1" 200 5619
186.103.196.84 - - [02/Mar/2017:12:42:27 -0300] "GET /cormun/static/about:blank HTTP/1.1" 404 1011
186.103.196.84 - - [02/Mar/2017:12:42:27 -0300] "GET /cormun/servlet/licenciaspermisosadjuntos?INS,16792137,L,20170302000000,, HTTP/1.1" 200 5608
201.246.236.28 - - [02/Mar/2017:12:42:30 -0300] "GET /cormun/servlet/solicitudotadjuntos?INS,2017,5073,,1, HTTP/1.1" 200 6009
201.246.236.28 - - [02/Mar/2017:12:42:32 -0300] "GET /cormun/static/about:blank HTTP/1.1" 404 1011
201.246.236.28 - - [02/Mar/2017:12:42:32 -0300] "GET /cormun/servlet/solicitudotadjuntos?INS,2017,5073,,1, HTTP/1.1" 200 6003
201.246.236.28 - - [02/Mar/2017:12:42:32 -0300] "GET /cormun/servlet/solicitudotadjuntos?df4623558730fe8df60bb93b8f85397d2e88ccbebaa01877d51c8219b6bf006156a03a1d5e0278165cffd981a5609955,gx-no-cache=1488469425743 HTTP/1.1" 200 30
201.246.236.28 - - [02/Mar/2017:12:42:33 -0300] "POST /cormun/servlet/solicitudotadjuntos?f746a4eaa02f6aa3a86ecfa7039d7f32,INS,2017,5073,,1,,gx-no-cache=1488469425893 HTTP/1.1" 200 3867
186.103.196.84 - - [02/Mar/2017:12:42:41 -0300] "POST /cormun/servlet/licenciaspermisosadjuntos?cf49f73816ed098125954eae8233d3c6,INS,16792137,L,20170302000000,, HTTP/1.1" 200 116
186.103.196.84 - - [02/Mar/2017:12:42:41 -0300] "GET /cormun/servlet/hpexe_return? HTTP/1.1" 200 1042
186.103.196.84 - - [02/Mar/2017:12:42:41 -0300] "GET /cormun/servlet/trlicenciaspermisosadjuntos?16792137,20170302000000,L, HTTP/1.1" 200 6777
192.168.10.89 - - [02/Mar/2017:12:42:42 -0300] "POST /cormun/servlet/prfichaempleado?ccdbdceab80fd9c9401ed40c91025669,,MD,,gxPopupLevel%3D0%3B,gx-no-cache=1488472648107 HTTP/1.1" 200 3391
186.103.196.84 - - [02/Mar/2017:12:42:42 -0300] "GET /cormun/servlet/trlicenciaspermisosadjuntos?16792137,20170302000000,L, HTTP/1.1" 200 6774
201.246.236.28 - - [02/Mar/2017:12:42:42 -0300] "POST /cormun/servlet/solicitudotadjuntos?gx-no-cache=1488469434323 HTTP/1.1" 200 26
192.168.10.89 - - [02/Mar/2017:12:42:44 -0300] "POST /cormun/servlet/solicitudot?gx-no-cache=1488472650209 HTTP/1.1" 200 3182
192.168.10.89 - - [02/Mar/2017:12:42:44 -0300] "POST /cormun/servlet/solicitudot?ccdbdceab80fd9c9401ed40c91025669,INS,0,0,,gx-no-cache=1488472650421 HTTP/1.1" 200 9984
192.168.10.89 - - [02/Mar/2017:12:42:46 -0300] "GET /cormun/servlet/solicitudot?0c7cfe5e196fb5ff77f7f9449d92ad347a5fc163b98efadd9f4fd2167caa5aa92c8d8328e3033438db977e26204040fd,gx-no-cache=1488472652172 HTTP/1.1" 200 30
192.168.10.89 - - [02/Mar/2017:12:42:46 -0300] "POST /cormun/servlet/solicitudot?gx-no-cache=1488472652211 HTTP/1.1" 200 255
192.168.10.89 - - [02/Mar/2017:12:42:46 -0300] "GET /cormun/servlet/solicitudot?0c7cfe5e196fb5ff77f7f9449d92ad340d0fd6c32cd267222bf6ba5db0bbbb651831c3989f8584947cd96f766c76238e8cb6def87dffa1f7a91a1b06fab0fd8ec47450aa204cbed03516ce591e5f983be2ecca9e42864e3ca84c1eaf42e0c4c76933178678a0f13af3c76e191920f9a09a34a2fe7348e77a5a518cfe99e9633952c219ad4aa05956ec1e819f6e040789427dc32083544dd351c1d2af265e72d24467c7fe7962123b9f79ffb671506fd80a530e08b29885c4fd721dd137336af9c3b44a08493a7c23c6daf1a4bc96c0823eb07c6e1ac59794ae6d0a6312e8248003248a3e4032d666c7afc88e8a2c9b8e14283a98a3ea80ce94b61dfb00197ad68c6de984fbbf66fe902cc5292094646c96c23bec3d8b493ee0da59835ad04d28601040710a32e06526be4ddcc5a6322337afe92d134eb4ad01c304ba4f62b659aedd4b00731203b277018d51627ef29fdc7fe8a2bb602e743c1bb09b4bd232fc631dfd4459168c94ca20940dcfe5de30fa9f0912fda27988d92c70febc37aa60,gx-no-cache=1488472652267 HTTP/1.1" 200 30
186.103.196.84 - - [02/Mar/2017:12:42:47 -0300] "GET /cormun/servlet/trlicencias? HTTP/1.1" 200 7999
186.103.196.84 - - [02/Mar/2017:12:42:48 -0300] "GET /cormun/servlet/trlicencias? HTTP/1.1" 200 7999
192.168.10.89 - - [02/Mar/2017:12:42:48 -0300] "POST /cormun/servlet/solicitudot?gx-no-cache=1488472654302 HTTP/1.1" 200 30
192.168.10.89 - - [02/Mar/2017:12:42:50 -0300] "GET /cormun/servlet/prsolicitudot?13817662,,,,,MD,,gxPopupLevel%3D0%3B HTTP/1.1" 200 6242
186.103.196.84 - - [02/Mar/2017:12:42:52 -0300] "POST /cormun/servlet/trlicencias?cf49f73816ed098125954eae8233d3c6,,gx-no-cache=1488469442513 HTTP/1.1" 200 4259
186.103.196.84 - - [02/Mar/2017:12:42:53 -0300] "GET /cormun/static/Shared/jqueryui/images/ui-bg_highlight-soft_100_c6c2c8_1x100.png HTTP/1.1" 404 1117
186.103.196.84 - - [02/Mar/2017:12:42:53 -0300] "GET /cormun/static/Shared/jqueryui/images/ui-bg_flat_55_fafafa_40x100.png HTTP/1.1" 404 1097
186.103.196.84 - - [02/Mar/2017:12:42:53 -0300] "GET /cormun/static/Shared/jqueryui/images/ui-icons_82798d_256x240.png HTTP/1.1" 404 1089
186.103.196.84 - - [02/Mar/2017:12:42:53 -0300] "GET /cormun/static/Shared/jqueryui/images/ui-icons_8d78a5_256x240.png HTTP/1.1" 404 1089
192.168.10.89 - - [02/Mar/2017:12:42:54 -0300] "POST /cormun/servlet/solicitudot?gx-no-cache=1488472660237 HTTP/1.1" 200 1291
192.168.10.89 - - [02/Mar/2017:12:42:54 -0300] "POST /cormun/servlet/solicitudot?gx-no-cache=1488472660375 HTTP/1.1" 200 38
192.168.10.89 - - [02/Mar/2017:12:42:54 -0300] "GET /cormun/servlet/solicitudot?0c7cfe5e196fb5ff77f7f9449d92ad3430bbb9ae1b03bbf33b001113c2fd5a6f3479e2bf89011f46d50d2f9749eebdb3f5700ba3362c7e48473ca06c357d1e25ff6991d05d4912532fdb5312384b98ee6f25dcb8fbd3d3871a1fa278b070f14bad4a912028833a0b6b41c9722f1026ef715f6cdba6969951c2c90d8e321c14939753bac6dcfc84cafa446613d244998c4e226ab2691be4007d70af4028d98c41,gx-no-cache=1488472660405 HTTP/1.1" 200 29
192.168.10.89 - - [02/Mar/2017:12:42:54 -0300] "POST /cormun/servlet/solicitudot?gx-no-cache=1488472660430 HTTP/1.1" 200 1274
192.168.10.89 - - [02/Mar/2017:12:42:54 -0300] "POST /cormun/servlet/solicitudot?gx-no-cache=1488472660471 HTTP/1.1" 200 1157
201.246.236.28 - - [02/Mar/2017:12:43:00 -0300] "GET /cormun/servlet/solicitudotadjuntos?df4623558730fe8df60bb93b8f85397d322d62f4affa1a95ae0e0247ea8e9768,gx-no-cache=1488469453299 HTTP/1.1" 200 30
201.246.236.28 - - [02/Mar/2017:12:43:00 -0300] "GET /cormun/servlet/solicitudotadjuntos?df4623558730fe8df60bb93b8f85397d322d62f4affa1a95ae0e0247ea8e9768,gx-no-cache=1488469453370 HTTP/1.1" 200 30
201.246.236.28 - - [02/Mar/2017:12:43:03 -0300] "POST /cormun/servlet/solicitudotadjuntos?f746a4eaa02f6aa3a86ecfa7039d7f32,INS,2017,5073,,1, HTTP/1.1" 200 116
201.246.236.28 - - [02/Mar/2017:12:43:04 -0300] "GET /cormun/servlet/hpexe_return? HTTP/1.1" 200 1028
192.168.10.89 - - [02/Mar/2017:12:43:04 -0300] "GET /cormun/servlet/solicitudot?0c7cfe5e196fb5ff77f7f9449d92ad3430bbb9ae1b03bbf33b001113c2fd5a6f3479e2bf89011f46d50d2f9749eebdb3f5700ba3362c7e48473ca06c357d1e25ff6991d05d4912532fdb5312384b98ee6f25dcb8fbd3d3871a1fa278b070f14bad4a912028833a0b6b41c9722f1026ef715f6cdba6969951c2c90d8e321c14939753bac6dcfc84cafa446613d244998c4e226ab2691be4007d70af4028d98c41,gx-no-cache=1488472670517 HTTP/1.1" 200 29
192.168.10.89 - - [02/Mar/2017:12:43:04 -0300] "POST /cormun/servlet/solicitudot?gx-no-cache=1488472670576 HTTP/1.1" 200 1275
192.168.10.89 - - [02/Mar/2017:12:43:05 -0300] "POST /cormun/servlet/solicitudot?gx-no-cache=1488472671221 HTTP/1.1" 200 1157
201.246.236.28 - - [02/Mar/2017:12:43:05 -0300] "GET /cormun/servlet/trsolicitudadjuntos?2017,5073, HTTP/1.1" 200 8428
192.168.10.89 - - [02/Mar/2017:12:43:06 -0300] "GET /cormun/servlet/solicitudot?0c7cfe5e196fb5ff77f7f9449d92ad3400e3c098a17bf5d60ba1d0f143ad9c6881a56b5a53a07b4f9dd9fa8a11f6b87eb536d70c212a9e382334d4d3f0e1aad186b0c7c2d3a828ac73496e81b71952d6196f8ffaeead0155cf0547a60269b2e4cbc786d58269c358c7def9aa5996f7e9d85d3e2ed204e4a3b2736150e6df2188d135c080797b6e12d5f43d5ddb3a6ee63ea0a016f3d52b7779809b3c2b2300147b0106416565fb4eb30b250adf27c360,gx-no-cache=1488472672789 HTTP/1.1" 200 30
201.246.236.28 - - [02/Mar/2017:12:43:07 -0300] "GET /cormun/servlet/trsolicitudadjuntos?2017,5073, HTTP/1.1" 200 8426
192.168.10.89 - - [02/Mar/2017:12:43:09 -0300] "POST /cormun/servlet/solicitudot?ccdbdceab80fd9c9401ed40c91025669,INS,0,0,,gx-no-cache=1488472675455 HTTP/1.1" 200 93
192.168.10.89 - - [02/Mar/2017:12:43:09 -0300] "GET /cormun/servlet/hpexe_return? HTTP/1.1" 200 1022
192.168.10.89 - - [02/Mar/2017:12:43:10 -0300] "GET /cormun/servlet/trsolicitudot?gx-no-cache=1488471960580 HTTP/1.1" 200 10015
192.168.10.89 - - [02/Mar/2017:12:43:14 -0300] "POST /cormun/servlet/trsolicitudot?ccdbdceab80fd9c9401ed40c91025669,gx-no-cache=1488471960580,gx-no-cache=1488472680708 HTTP/1.1" 200 6896
192.168.10.89 - - [02/Mar/2017:12:43:15 -0300] "POST /cormun/servlet/trsolicitudot?ccdbdceab80fd9c9401ed40c91025669,gx-no-cache=1488471960580,gx-no-cache=1488472681240 HTTP/1.1" 200 6838
192.168.10.89 - - [02/Mar/2017:12:43:15 -0300] "GET /cormun/static/Shared/jqueryui/images/ui-bg_highlight-soft_100_c6c2c8_1x100.png HTTP/1.1" 404 1117
192.168.10.89 - - [02/Mar/2017:12:43:15 -0300] "GET /cormun/static/Shared/jqueryui/images/ui-icons_82798d_256x240.png HTTP/1.1" 404 1089
192.168.10.89 - - [02/Mar/2017:12:43:15 -0300] "GET /cormun/static/Shared/jqueryui/images/ui-icons_8d78a5_256x240.png HTTP/1.1" 404 1089
192.168.10.89 - - [02/Mar/2017:12:43:15 -0300] "GET /cormun/static/Shared/jqueryui/images/ui-bg_flat_55_fafafa_40x100.png HTTP/1.1" 404 1097
192.168.10.89 - - [02/Mar/2017:12:43:34 -0300] "GET /cormun/servlet/solicitudot?INS,0,0, HTTP/1.1" 200 12806
192.168.10.89 - - [02/Mar/2017:12:43:44 -0300] "GET /cormun/servlet/prfichaempleado?,MD,,gxPopupLevel%3D0%3B HTTP/1.1" 200 8858
201.246.236.28 - - [02/Mar/2017:12:43:46 -0300] "GET /cormun/servlet/solicitudotadjuntos?INS,2017,5073,,1, HTTP/1.1" 200 6009
201.246.236.28 - - [02/Mar/2017:12:43:47 -0300] "GET /cormun/static/about:blank HTTP/1.1" 404 1011
201.246.236.28 - - [02/Mar/2017:12:43:48 -0300] "GET /cormun/servlet/solicitudotadjuntos?INS,2017,5073,,1, HTTP/1.1" 200 6003
201.246.236.28 - - [02/Mar/2017:12:43:49 -0300] "GET /cormun/servlet/solicitudotadjuntos?df4623558730fe8df60bb93b8f85397d2e88ccbebaa01877d51c8219b6bf006156a03a1d5e0278165cffd981a5609955,gx-no-cache=1488469502166 HTTP/1.1" 200 30
201.246.236.28 - - [02/Mar/2017:12:43:49 -0300] "POST /cormun/servlet/solicitudotadjuntos?f746a4eaa02f6aa3a86ecfa7039d7f32,INS,2017,5073,,1,,gx-no-cache=1488469502269 HTTP/1.1" 200 3867
201.246.236.28 - - [02/Mar/2017:12:43:55 -0300] "POST /cormun/servlet/solicitudotadjuntos?gx-no-cache=1488469508041 HTTP/1.1" 200 26
201.246.236.28 - - [02/Mar/2017:12:44:01 -0300] "GET /cormun/servlet/solicitudotadjuntos?df4623558730fe8df60bb93b8f85397d322d62f4affa1a95ae0e0247ea8e9768,gx-no-cache=1488469514890 HTTP/1.1" 200 30
201.246.236.28 - - [02/Mar/2017:12:44:01 -0300] "GET /cormun/servlet/solicitudotadjuntos?df4623558730fe8df60bb93b8f85397d322d62f4affa1a95ae0e0247ea8e9768,gx-no-cache=1488469514995 HTTP/1.1" 200 30
201.246.236.28 - - [02/Mar/2017:12:44:05 -0300] "POST /cormun/servlet/solicitudotadjuntos?f746a4eaa02f6aa3a86ecfa7039d7f32,INS,2017,5073,,1, HTTP/1.1" 200 116
201.246.236.28 - - [02/Mar/2017:12:44:05 -0300] "GET /cormun/servlet/hpexe_return? HTTP/1.1" 200 1028
201.246.236.28 - - [02/Mar/2017:12:44:06 -0300] "GET /cormun/servlet/trsolicitudadjuntos?2017,5073, HTTP/1.1" 200 8574
201.246.236.28 - - [02/Mar/2017:12:44:07 -0300] "GET /cormun/servlet/trsolicitudadjuntos?2017,5073, HTTP/1.1" 200 8572
201.246.236.28 - - [02/Mar/2017:12:44:13 -0300] "GET /cormun/servlet/solicitudotadjuntos?INS,2017,5073,,2, HTTP/1.1" 200 6007
201.246.236.28 - - [02/Mar/2017:12:44:13 -0300] "GET /cormun/static/about:blank HTTP/1.1" 404 1011
201.246.236.28 - - [02/Mar/2017:12:44:14 -0300] "GET /cormun/servlet/solicitudotadjuntos?INS,2017,5073,,2, HTTP/1.1" 200 6000
201.246.236.28 - - [02/Mar/2017:12:44:15 -0300] "GET /cormun/servlet/solicitudotadjuntos?df4623558730fe8df60bb93b8f85397d2e88ccbebaa01877d51c8219b6bf006156a03a1d5e0278165cffd981a5609955,gx-no-cache=1488469528107 HTTP/1.1" 200 30
201.246.236.28 - - [02/Mar/2017:12:44:15 -0300] "POST /cormun/servlet/solicitudotadjuntos?f746a4eaa02f6aa3a86ecfa7039d7f32,INS,2017,5073,,2,,gx-no-cache=1488469528227 HTTP/1.1" 200 4013
201.246.236.28 - - [02/Mar/2017:12:44:22 -0300] "POST /cormun/servlet/solicitudotadjuntos?f746a4eaa02f6aa3a86ecfa7039d7f32,INS,2017,5073,,2,,gx-no-cache=1488469535263 HTTP/1.1" 200 93
201.246.236.28 - - [02/Mar/2017:12:44:22 -0300] "GET /cormun/servlet/hpexe_return? HTTP/1.1" 200 1028
201.246.236.28 - - [02/Mar/2017:12:44:23 -0300] "GET /cormun/servlet/trsolicitudadjuntos?2017,5073, HTTP/1.1" 200 8573
201.246.236.28 - - [02/Mar/2017:12:44:24 -0300] "GET /cormun/servlet/trsolicitudadjuntos?2017,5073, HTTP/1.1" 200 8573
201.246.236.28 - - [02/Mar/2017:12:44:28 -0300] "GET /cormun/servlet/solicitudotadjuntos?INS,2017,5073,,1, HTTP/1.1" 200 6009
201.246.236.28 - - [02/Mar/2017:12:44:28 -0300] "GET /cormun/static/about:blank HTTP/1.1" 404 1011
201.246.236.28 - - [02/Mar/2017:12:44:29 -0300] "GET /cormun/servlet/solicitudotadjuntos?INS,2017,5073,,1, HTTP/1.1" 200 6003
201.246.236.28 - - [02/Mar/2017:12:44:30 -0300] "GET /cormun/servlet/solicitudotadjuntos?df4623558730fe8df60bb93b8f85397d2e88ccbebaa01877d51c8219b6bf006156a03a1d5e0278165cffd981a5609955,gx-no-cache=1488469543511 HTTP/1.1" 200 30
201.246.236.28 - - [02/Mar/2017:12:44:30 -0300] "POST /cormun/servlet/solicitudotadjuntos?f746a4eaa02f6aa3a86ecfa7039d7f32,INS,2017,5073,,1,,gx-no-cache=1488469543621 HTTP/1.1" 200 3868
201.246.236.28 - - [02/Mar/2017:12:44:37 -0300] "POST /cormun/servlet/solicitudotadjuntos?gx-no-cache=1488469550111 HTTP/1.1" 200 26
201.246.236.28 - - [02/Mar/2017:12:44:44 -0300] "GET /cormun/servlet/solicitudotadjuntos?df4623558730fe8df60bb93b8f85397d322d62f4affa1a95ae0e0247ea8e9768,gx-no-cache=1488469557705 HTTP/1.1" 200 30
201.246.236.28 - - [02/Mar/2017:12:44:45 -0300] "GET /cormun/servlet/solicitudotadjuntos?df4623558730fe8df60bb93b8f85397d322d62f4affa1a95ae0e0247ea8e9768,gx-no-cache=1488469558205 HTTP/1.1" 200 30
192.168.10.89 - - [02/Mar/2017:12:44:51 -0300] "POST /cormun/servlet/prfichaempleado?ccdbdceab80fd9c9401ed40c91025669,,MD,,gxPopupLevel%3D0%3B,gx-no-cache=1488472777069 HTTP/1.1" 200 3392
201.246.236.28 - - [02/Mar/2017:12:44:51 -0300] "POST /cormun/servlet/solicitudotadjuntos?f746a4eaa02f6aa3a86ecfa7039d7f32,INS,2017,5073,,1, HTTP/1.1" 200 116
201.246.236.28 - - [02/Mar/2017:12:44:51 -0300] "GET /cormun/servlet/hpexe_return? HTTP/1.1" 200 1028
201.246.236.28 - - [02/Mar/2017:12:44:52 -0300] "GET /cormun/servlet/trsolicitudadjuntos?2017,5073, HTTP/1.1" 200 8714
192.168.10.89 - - [02/Mar/2017:12:44:53 -0300] "POST /cormun/servlet/solicitudot?gx-no-cache=1488472779351 HTTP/1.1" 200 3175
201.246.236.28 - - [02/Mar/2017:12:44:53 -0300] "GET /cormun/servlet/trsolicitudadjuntos?2017,5073, HTTP/1.1" 200 8711
192.168.10.89 - - [02/Mar/2017:12:44:53 -0300] "POST /cormun/servlet/solicitudot?ccdbdceab80fd9c9401ed40c91025669,INS,0,0,,gx-no-cache=1488472779569 HTTP/1.1" 200 9985
201.246.236.28 - - [02/Mar/2017:12:44:57 -0300] "GET /cormun/servlet/solicitudotadjuntos?INS,2017,5073,,1, HTTP/1.1" 200 6009
201.246.236.28 - - [02/Mar/2017:12:44:57 -0300] "GET /cormun/static/about:blank HTTP/1.1" 404 1011
201.246.236.28 - - [02/Mar/2017:12:44:58 -0300] "GET /cormun/servlet/solicitudotadjuntos?INS,2017,5073,,1, HTTP/1.1" 200 6003
201.246.236.28 - - [02/Mar/2017:12:44:58 -0300] "GET /cormun/servlet/solicitudotadjuntos?df4623558730fe8df60bb93b8f85397d2e88ccbebaa01877d51c8219b6bf006156a03a1d5e0278165cffd981a5609955,gx-no-cache=1488469571976 HTTP/1.1" 200 30
201.246.236.28 - - [02/Mar/2017:12:44:59 -0300] "POST /cormun/servlet/solicitudotadjuntos?f746a4eaa02f6aa3a86ecfa7039d7f32,INS,2017,5073,,1,,gx-no-cache=1488469572062 HTTP/1.1" 200 3868
192.168.10.89 - - [02/Mar/2017:12:44:59 -0300] "GET /cormun/servlet/solicitudot?0c7cfe5e196fb5ff77f7f9449d92ad3416405d7a32877aeedb7877dd0682cbcc2c8d8328e3033438db977e26204040fd,gx-no-cache=1488472785398 HTTP/1.1" 200 30
192.168.10.89 - - [02/Mar/2017:12:44:59 -0300] "POST /cormun/servlet/solicitudot?gx-no-cache=1488472785439 HTTP/1.1" 200 255
192.168.10.89 - - [02/Mar/2017:12:44:59 -0300] "GET /cormun/servlet/solicitudot?0c7cfe5e196fb5ff77f7f9449d92ad340d0fd6c32cd267222bf6ba5db0bbbb651831c3989f8584947cd96f766c76238e8cb6def87dffa1f7a91a1b06fab0fd8ec47450aa204cbed03516ce591e5f983be2ecca9e42864e3ca84c1eaf42e0c4c76933178678a0f13af3c76e191920f9a09a34a2fe7348e77a5a518cfe99e9633952c219ad4aa05956ec1e819f6e040789427dc32083544dd351c1d2af265e72d24467c7fe7962123b9f79ffb671506fd80a530e08b29885c4fd721dd137336af9c3b44a08493a7c23c6daf1a4bc96c0823eb07c6e1ac59794ae6d0a6312e8248003248a3e4032d666c7afc88e8a2c9b8e14283a98a3ea80ce94b61dfb00197ad68c6de984fbbf66fe902cc5292094646c96c23bec3d8b493ee0da59835ad04d28601040710a32e06526be4ddcc5a6322337afe92d134eb4ad01c304ba4f62b659aedd4b00731203b277018d51627ef29fdc7fe8a2bb602e743c1bb09b4bd232fc631dfd4459168c94ca20940dcfe5de30fa9f0912fda27988d92c70febc37aa60,gx-no-cache=1488472785469 HTTP/1.1" 200 30
192.168.10.89 - - [02/Mar/2017:12:45:00 -0300] "POST /cormun/servlet/solicitudot?gx-no-cache=1488472786781 HTTP/1.1" 200 30
192.168.10.89 - - [02/Mar/2017:12:45:02 -0300] "GET /cormun/servlet/prsolicitudot?12690612,,,,,MD,,gxPopupLevel%3D0%3B HTTP/1.1" 200 6126
201.246.236.28 - - [02/Mar/2017:12:45:04 -0300] "POST /cormun/servlet/solicitudotadjuntos?gx-no-cache=1488469577781 HTTP/1.1" 200 26
192.168.10.89 - - [02/Mar/2017:12:45:06 -0300] "POST /cormun/servlet/solicitudot?gx-no-cache=1488472792158 HTTP/1.1" 200 1291
192.168.10.89 - - [02/Mar/2017:12:45:06 -0300] "POST /cormun/servlet/solicitudot?gx-no-cache=1488472792299 HTTP/1.1" 200 38
192.168.10.89 - - [02/Mar/2017:12:45:06 -0300] "GET /cormun/servlet/solicitudot?0c7cfe5e196fb5ff77f7f9449d92ad3430bbb9ae1b03bbf33b001113c2fd5a6f3479e2bf89011f46d50d2f9749eebdb3f5700ba3362c7e48473ca06c357d1e25ff6991d05d4912532fdb5312384b98ee6f25dcb8fbd3d3871a1fa278b070f14bad4a912028833a0b6b41c9722f1026ef715f6cdba6969951c2c90d8e321c14939753bac6dcfc84cafa446613d244998c4e226ab2691be4007d70af4028d98c41,gx-no-cache=1488472792329 HTTP/1.1" 200 29
192.168.10.89 - - [02/Mar/2017:12:45:06 -0300] "POST /cormun/servlet/solicitudot?gx-no-cache=1488472792354 HTTP/1.1" 200 1274
192.168.10.89 - - [02/Mar/2017:12:45:06 -0300] "POST /cormun/servlet/solicitudot?gx-no-cache=1488472792395 HTTP/1.1" 200 1157
201.246.236.28 - - [02/Mar/2017:12:45:13 -0300] "GET /cormun/servlet/solicitudotadjuntos?df4623558730fe8df60bb93b8f85397d322d62f4affa1a95ae0e0247ea8e9768,gx-no-cache=1488469586225 HTTP/1.1" 200 30
201.246.236.28 - - [02/Mar/2017:12:45:13 -0300] "GET /cormun/servlet/solicitudotadjuntos?df4623558730fe8df60bb93b8f85397d322d62f4affa1a95ae0e0247ea8e9768,gx-no-cache=1488469586482 HTTP/1.1" 200 30
192.168.10.89 - - [02/Mar/2017:12:45:15 -0300] "GET /cormun/servlet/solicitudot?0c7cfe5e196fb5ff77f7f9449d92ad3430bbb9ae1b03bbf33b001113c2fd5a6f3479e2bf89011f46d50d2f9749eebdb3f5700ba3362c7e48473ca06c357d1e25ff6991d05d4912532fdb5312384b98ee6f25dcb8fbd3d3871a1fa278b070f14bad4a912028833a0b6b41c9722f1026ef715f6cdba6969951c2c90d8e321c14939753bac6dcfc84cafa446613d244998c4e226ab2691be4007d70af4028d98c41,gx-no-cache=1488472801060 HTTP/1.1" 200 29
192.168.10.89 - - [02/Mar/2017:12:45:15 -0300] "POST /cormun/servlet/solicitudot?gx-no-cache=1488472801096 HTTP/1.1" 200 1275
192.168.10.89 - - [02/Mar/2017:12:45:15 -0300] "POST /cormun/servlet/solicitudot?gx-no-cache=1488472801765 HTTP/1.1" 200 1157
192.168.10.89 - - [02/Mar/2017:12:45:18 -0300] "GET /cormun/servlet/solicitudot?0c7cfe5e196fb5ff77f7f9449d92ad34b15d87d04b31212a7b1c0d020af42e5c28ee2bf08bf1fd36fb30862ed73fb68bb536d70c212a9e382334d4d3f0e1aad186b0c7c2d3a828ac73496e81b71952d6196f8ffaeead0155cf0547a60269b2e4cbc786d58269c358c7def9aa5996f7e9d85d3e2ed204e4a3b2736150e6df2188d135c080797b6e12d5f43d5ddb3a6ee63ea0a016f3d52b7779809b3c2b2300147b0106416565fb4eb30b250adf27c360,gx-no-cache=1488472804495 HTTP/1.1" 200 30
201.246.236.28 - - [02/Mar/2017:12:45:22 -0300] "POST /cormun/servlet/solicitudotadjuntos?f746a4eaa02f6aa3a86ecfa7039d7f32,INS,2017,5073,,1, HTTP/1.1" 200 116
201.246.236.28 - - [02/Mar/2017:12:45:23 -0300] "GET /cormun/servlet/hpexe_return? HTTP/1.1" 200 1028
201.246.236.28 - - [02/Mar/2017:12:45:23 -0300] "GET /cormun/servlet/trsolicitudadjuntos?2017,5073, HTTP/1.1" 200 8909
192.168.10.89 - - [02/Mar/2017:12:45:23 -0300] "POST /cormun/servlet/solicitudot?ccdbdceab80fd9c9401ed40c91025669,INS,0,0,,gx-no-cache=1488472809664 HTTP/1.1" 200 93
192.168.10.89 - - [02/Mar/2017:12:45:24 -0300] "GET /cormun/servlet/hpexe_return? HTTP/1.1" 200 1022
192.168.10.89 - - [02/Mar/2017:12:45:25 -0300] "GET /cormun/servlet/trsolicitudot?gx-no-cache=1488471960580 HTTP/1.1" 200 9959
201.246.236.28 - - [02/Mar/2017:12:45:25 -0300] "GET /cormun/servlet/trsolicitudadjuntos?2017,5073, HTTP/1.1" 200 8906
201.246.236.28 - - [02/Mar/2017:12:45:28 -0300] "GET /cormun/servlet/solicitudotadjuntos?INS,2017,5073,,1, HTTP/1.1" 200 6010
201.246.236.28 - - [02/Mar/2017:12:45:28 -0300] "GET /cormun/static/about:blank HTTP/1.1" 404 1011
192.168.10.89 - - [02/Mar/2017:12:45:29 -0300] "POST /cormun/servlet/trsolicitudot?ccdbdceab80fd9c9401ed40c91025669,gx-no-cache=1488471960580,gx-no-cache=1488472814827 HTTP/1.1" 200 6895
192.168.10.89 - - [02/Mar/2017:12:45:29 -0300] "POST /cormun/servlet/trsolicitudot?ccdbdceab80fd9c9401ed40c91025669,gx-no-cache=1488471960580,gx-no-cache=1488472815371 HTTP/1.1" 200 6838
201.246.236.28 - - [02/Mar/2017:12:45:29 -0300] "GET /cormun/servlet/solicitudotadjuntos?INS,2017,5073,,1, HTTP/1.1" 200 6003
192.168.10.89 - - [02/Mar/2017:12:45:30 -0300] "GET /cormun/static/Shared/jqueryui/images/ui-icons_8d78a5_256x240.png HTTP/1.1" 404 1089
192.168.10.89 - - [02/Mar/2017:12:45:30 -0300] "GET /cormun/static/Shared/jqueryui/images/ui-bg_flat_55_fafafa_40x100.png HTTP/1.1" 404 1097
192.168.10.89 - - [02/Mar/2017:12:45:30 -0300] "GET /cormun/static/Shared/jqueryui/images/ui-icons_82798d_256x240.png HTTP/1.1" 404 1089
192.168.10.89 - - [02/Mar/2017:12:45:30 -0300] "GET /cormun/static/Shared/jqueryui/images/ui-bg_highlight-soft_100_c6c2c8_1x100.png HTTP/1.1" 404 1117
201.246.236.28 - - [02/Mar/2017:12:45:30 -0300] "GET /cormun/servlet/solicitudotadjuntos?df4623558730fe8df60bb93b8f85397d2e88ccbebaa01877d51c8219b6bf006156a03a1d5e0278165cffd981a5609955,gx-no-cache=1488469603395 HTTP/1.1" 200 30
201.246.236.28 - - [02/Mar/2017:12:45:31 -0300] "POST /cormun/servlet/solicitudotadjuntos?f746a4eaa02f6aa3a86ecfa7039d7f32,INS,2017,5073,,1,,gx-no-cache=1488469603917 HTTP/1.1" 200 3868
201.246.236.28 - - [02/Mar/2017:12:45:36 -0300] "POST /cormun/servlet/solicitudotadjuntos?gx-no-cache=1488469609422 HTTP/1.1" 200 26
201.246.236.28 - - [02/Mar/2017:12:45:44 -0300] "GET /cormun/servlet/solicitudotadjuntos?df4623558730fe8df60bb93b8f85397d322d62f4affa1a95ae0e0247ea8e9768,gx-no-cache=1488469617289 HTTP/1.1" 200 30
201.246.236.28 - - [02/Mar/2017:12:45:44 -0300] "GET /cormun/servlet/solicitudotadjuntos?df4623558730fe8df60bb93b8f85397d322d62f4affa1a95ae0e0247ea8e9768,gx-no-cache=1488469617359 HTTP/1.1" 200 30
201.246.236.28 - - [02/Mar/2017:12:45:58 -0300] "POST /cormun/servlet/solicitudotadjuntos?f746a4eaa02f6aa3a86ecfa7039d7f32,INS,2017,5073,,1, HTTP/1.1" 200 116
201.246.236.28 - - [02/Mar/2017:12:45:59 -0300] "GET /cormun/servlet/hpexe_return? HTTP/1.1" 200 1028
201.246.236.28 - - [02/Mar/2017:12:46:00 -0300] "GET /cormun/servlet/trsolicitudadjuntos?2017,5073, HTTP/1.1" 200 9118
201.246.236.28 - - [02/Mar/2017:12:46:02 -0300] "GET /cormun/servlet/trsolicitudadjuntos?2017,5073, HTTP/1.1" 200 9114
201.246.236.28 - - [02/Mar/2017:12:46:21 -0300] "POST /cormun/servlet/trsolicitudadjuntos?f746a4eaa02f6aa3a86ecfa7039d7f32,2017,5073,,gx-no-cache=1488469654283 HTTP/1.1" 200 90
201.246.236.28 - - [02/Mar/2017:12:46:21 -0300] "GET /cormun/servlet/hpexe_link HTTP/1.1" 200 975
201.246.236.28 - - [02/Mar/2017:12:46:22 -0300] "GET /cormun/servlet/trsolicitudot HTTP/1.1" 200 8297
201.246.236.28 - - [02/Mar/2017:12:46:23 -0300] "GET /cormun/servlet/trsolicitudot HTTP/1.1" 200 8296
201.246.236.28 - - [02/Mar/2017:12:47:42 -0300] "GET /cormun/servlet/vesolicitudot?2017,5073,, HTTP/1.1" 200 8133
201.246.236.28 - - [02/Mar/2017:12:47:43 -0300] "GET /cormun/static/gxcfg.js?20161221854299 HTTP/1.1" 200 953
201.246.236.28 - - [02/Mar/2017:12:47:43 -0300] "GET /cormun/pexe_scrolldiv.js HTTP/1.1" 404 1009
201.246.236.28 - - [02/Mar/2017:12:47:43 -0300] "GET /cormun/static/vesolicitudot.js?20161221854352 HTTP/1.1" 200 6091
201.246.236.28 - - [02/Mar/2017:12:47:43 -0300] "GET /cormun/static/hwcviewtabs.js?201612218431866 HTTP/1.1" 200 1074
201.246.236.28 - - [02/Mar/2017:12:47:43 -0300] "GET /cormun/static/Resources/PXToolsTabNext.gif HTTP/1.1" 200 168
201.246.236.28 - - [02/Mar/2017:12:47:43 -0300] "GET /cormun/static/Resources/PXToolsTabPrevious.gif HTTP/1.1" 200 172
201.246.236.28 - - [02/Mar/2017:12:47:43 -0300] "GET /cormun/static/hpexe_tabsview.js?201610171694228 HTTP/1.1" 200 1661
201.246.236.28 - - [02/Mar/2017:12:47:43 -0300] "GET /cormun/static/Resources/PXToolsTabFirstSelected.png HTTP/1.1" 200 1259
201.246.236.28 - - [02/Mar/2017:12:47:43 -0300] "GET /cormun/static/Resources/PXToolsTabLastUnselected.png HTTP/1.1" 200 1291
201.246.236.28 - - [02/Mar/2017:12:47:43 -0300] "GET /cormun/static/tbsolicitudot01.js?2017119103633 HTTP/1.1" 200 28340
201.246.236.28 - - [02/Mar/2017:12:47:44 -0300] "GET /cormun/static/calendar-system.css HTTP/1.1" 200 5572
201.246.236.28 - - [02/Mar/2017:12:47:45 -0300] "GET /cormun/static/Resources/PXToolsTabBackSelected.png HTTP/1.1" 200 1157
201.246.236.28 - - [02/Mar/2017:12:47:45 -0300] "GET /cormun/static/Resources/PXToolsTabBackUnselected.png HTTP/1.1" 200 1175
201.246.236.28 - - [02/Mar/2017:12:47:45 -0300] "GET /cormun/static/Resources/PXToolsTabSelectedUnselected.png HTTP/1.1" 200 1428
201.246.236.28 - - [02/Mar/2017:12:47:45 -0300] "GET /cormun/static/Resources/PXToolsTabUnselectedUnselected.png HTTP/1.1" 200 1459
201.246.236.28 - - [02/Mar/2017:12:47:45 -0300] "GET /cormun/servlet/vesolicitudot?2017,5073,, HTTP/1.1" 200 8132
192.168.10.89 - - [02/Mar/2017:12:47:53 -0300] "GET /cormun/servlet/trautorizarsolicitud? HTTP/1.1" 200 10301
201.246.236.28 - - [02/Mar/2017:12:48:29 -0300] "POST /cormun/servlet/vesolicitudot?f746a4eaa02f6aa3a86ecfa7039d7f32,2017,5073,,,gx-no-cache=1488469782048 HTTP/1.1" 200 90
201.246.236.28 - - [02/Mar/2017:12:48:29 -0300] "GET /cormun/servlet/hpexe_link HTTP/1.1" 200 972
201.246.236.28 - - [02/Mar/2017:12:48:30 -0300] "GET /cormun/servlet/trsolicitudot HTTP/1.1" 200 8297
201.246.236.28 - - [02/Mar/2017:12:48:32 -0300] "GET /cormun/servlet/trsolicitudot HTTP/1.1" 200 8296
192.168.10.89 - - [02/Mar/2017:12:49:02 -0300] "POST /cormun/servlet/trautorizarsolicitud?ccdbdceab80fd9c9401ed40c91025669,,gx-no-cache=1488473028354 HTTP/1.1" 200 7200
192.168.10.89 - - [02/Mar/2017:12:49:03 -0300] "POST /cormun/servlet/trautorizarsolicitud?ccdbdceab80fd9c9401ed40c91025669,,gx-no-cache=1488473028924 HTTP/1.1" 200 7137
192.168.10.89 - - [02/Mar/2017:12:49:03 -0300] "GET /cormun/static/Shared/jqueryui/images/ui-icons_8d78a5_256x240.png HTTP/1.1" 404 1089
192.168.10.89 - - [02/Mar/2017:12:49:03 -0300] "GET /cormun/static/Shared/jqueryui/images/ui-bg_flat_55_fafafa_40x100.png HTTP/1.1" 404 1097
192.168.10.89 - - [02/Mar/2017:12:49:03 -0300] "GET /cormun/static/Shared/jqueryui/images/ui-icons_82798d_256x240.png HTTP/1.1" 404 1089
192.168.10.89 - - [02/Mar/2017:12:49:03 -0300] "GET /cormun/static/Shared/jqueryui/images/ui-bg_highlight-soft_100_c6c2c8_1x100.png HTTP/1.1" 404 1117
192.168.10.89 - - [02/Mar/2017:12:49:04 -0300] "POST /cormun/servlet/trautorizarsolicitud?ccdbdceab80fd9c9401ed40c91025669,,gx-no-cache=1488473030424 HTTP/1.1" 200 6854
192.168.10.89 - - [02/Mar/2017:12:49:05 -0300] "POST /cormun/servlet/trautorizarsolicitud?ccdbdceab80fd9c9401ed40c91025669,,gx-no-cache=1488473031213 HTTP/1.1" 200 6799
201.246.236.28 - - [02/Mar/2017:12:49:07 -0300] "POST /cormun/servlet/trsolicitudot?f746a4eaa02f6aa3a86ecfa7039d7f32,gx-no-cache=1488469819730 HTTP/1.1" 200 4384
192.168.10.89 - - [02/Mar/2017:12:49:07 -0300] "POST /cormun/servlet/trautorizarsolicitud?ccdbdceab80fd9c9401ed40c91025669,,gx-no-cache=1488473033000 HTTP/1.1" 200 6542
201.246.236.28 - - [02/Mar/2017:12:49:07 -0300] "GET /cormun/static/Shared/jqueryui/images/ui-bg_highlight-soft_100_c6c2c8_1x100.png HTTP/1.1" 404 1117
201.246.236.28 - - [02/Mar/2017:12:49:07 -0300] "GET /cormun/static/Shared/jqueryui/images/ui-icons_82798d_256x240.png HTTP/1.1" 404 1089
201.246.236.28 - - [02/Mar/2017:12:49:07 -0300] "GET /cormun/static/Shared/jqueryui/images/ui-bg_flat_55_fafafa_40x100.png HTTP/1.1" 404 1097
201.246.236.28 - - [02/Mar/2017:12:49:07 -0300] "GET /cormun/static/Shared/jqueryui/images/ui-icons_8d78a5_256x240.png HTTP/1.1" 404 1089
192.168.10.89 - - [02/Mar/2017:12:49:08 -0300] "POST /cormun/servlet/trautorizarsolicitud?ccdbdceab80fd9c9401ed40c91025669,,gx-no-cache=1488473033886 HTTP/1.1" 200 6488
201.246.236.28 - - [02/Mar/2017:12:49:08 -0300] "POST /cormun/servlet/trsolicitudot?f746a4eaa02f6aa3a86ecfa7039d7f32,gx-no-cache=1488469820653 HTTP/1.1" 200 4123
192.168.10.89 - - [02/Mar/2017:12:49:10 -0300] "POST /cormun/servlet/trautorizarsolicitud?ccdbdceab80fd9c9401ed40c91025669,,gx-no-cache=1488473036452 HTTP/1.1" 200 6221
192.168.10.89 - - [02/Mar/2017:12:49:11 -0300] "POST /cormun/servlet/trautorizarsolicitud?ccdbdceab80fd9c9401ed40c91025669,,gx-no-cache=1488473037431 HTTP/1.1" 200 6165
192.168.10.89 - - [02/Mar/2017:12:49:14 -0300] "POST /cormun/servlet/trautorizarsolicitud?ccdbdceab80fd9c9401ed40c91025669,,gx-no-cache=1488473039845 HTTP/1.1" 200 5864
192.168.10.89 - - [02/Mar/2017:12:49:15 -0300] "POST /cormun/servlet/trautorizarsolicitud?ccdbdceab80fd9c9401ed40c91025669,,gx-no-cache=1488473040832 HTTP/1.1" 200 5809
192.168.10.89 - - [02/Mar/2017:12:49:17 -0300] "POST /cormun/servlet/trautorizarsolicitud?ccdbdceab80fd9c9401ed40c91025669,,gx-no-cache=1488473043382 HTTP/1.1" 200 5461
192.168.10.89 - - [02/Mar/2017:12:49:18 -0300] "POST /cormun/servlet/trautorizarsolicitud?ccdbdceab80fd9c9401ed40c91025669,,gx-no-cache=1488473044358 HTTP/1.1" 200 5406
192.168.10.89 - - [02/Mar/2017:12:49:21 -0300] "POST /cormun/servlet/trautorizarsolicitud?ccdbdceab80fd9c9401ed40c91025669,,gx-no-cache=1488473046867 HTTP/1.1" 200 4333
192.168.10.89 - - [02/Mar/2017:12:49:21 -0300] "POST /cormun/servlet/trautorizarsolicitud?ccdbdceab80fd9c9401ed40c91025669,,gx-no-cache=1488473047679 HTTP/1.1" 200 4102
201.246.236.28 - - [02/Mar/2017:12:49:23 -0300] "GET /cormun/servlet/trsolicitudot? HTTP/1.1" 200 6952
201.246.236.28 - - [02/Mar/2017:12:49:25 -0300] "GET /cormun/servlet/trsolicitudot? HTTP/1.1" 200 6952
201.246.236.28 - - [02/Mar/2017:12:49:29 -0300] "GET /cormun/servlet/solicitudot?INS,0,0, HTTP/1.1" 200 12780
201.246.236.28 - - [02/Mar/2017:12:49:31 -0300] "GET /cormun/servlet/solicitudot?INS,0,0, HTTP/1.1" 200 12784
201.246.236.28 - - [02/Mar/2017:12:49:41 -0300] "GET /cormun/servlet/prfichaempleado?,MD,,gxPopupLevel%3D0%3B HTTP/1.1" 200 8853
192.168.10.89 - - [02/Mar/2017:12:49:50 -0300] "GET /cormun/servlet/hlogin HTTP/1.1" 200 1738
192.168.10.89 - - [02/Mar/2017:12:50:01 -0300] "POST /cormun/servlet/hlogin?ccdbdceab80fd9c9401ed40c91025669,gx-no-cache=1488473087399 HTTP/1.1" 200 90
192.168.10.89 - - [02/Mar/2017:12:50:01 -0300] "GET /cormun/servlet/hpexe_link HTTP/1.1" 200 949
192.168.10.89 - - [02/Mar/2017:12:50:02 -0300] "GET /cormun/servlet/hhome HTTP/1.1" 200 4384
186.103.159.182 - - [02/Mar/2017:12:52:14 -0300] "GET /cormunbeta/servlet/hlogin HTTP/1.1" 200 1721
186.103.159.182 - - [02/Mar/2017:12:52:14 -0300] "GET /cormunbeta/static/gxcfg.js?201612216162538 HTTP/1.1" 200 953
186.103.159.182 - - [02/Mar/2017:12:52:14 -0300] "GET /cormunbeta/static/Resources/ComunLogin.png HTTP/1.1" 200 17326
186.103.159.182 - - [02/Mar/2017:12:52:14 -0300] "GET /cormunbeta/static/Resources/Spanish/PXTools.css?167811 HTTP/1.1" 200 89042
186.103.159.182 - - [02/Mar/2017:12:52:14 -0300] "GET /cormunbeta/static/Resources/PXToolsLoginTop.png HTTP/1.1" 200 1337
186.103.159.182 - - [02/Mar/2017:12:52:14 -0300] "GET /cormunbeta/static/Resources/PXToolsLoginBackground.png HTTP/1.1" 200 1164
186.103.159.182 - - [02/Mar/2017:12:52:14 -0300] "GET /cormunbeta/static/Resources/PXToolsButtonLeft21.png HTTP/1.1" 200 1287
186.103.159.182 - - [02/Mar/2017:12:52:14 -0300] "GET /cormunbeta/static/Resources/PXToolsButtonRight21.png HTTP/1.1" 200 1283
186.103.159.182 - - [02/Mar/2017:12:52:14 -0300] "GET /cormunbeta/static/Resources/PXToolsButtonBackground2.png HTTP/1.1" 200 1181
186.103.159.182 - - [02/Mar/2017:12:52:14 -0300] "GET /cormunbeta/static/Resources/PXToolsLoginBottom.png HTTP/1.1" 200 1389
186.103.159.182 - - [02/Mar/2017:12:52:14 -0300] "GET /cormunbeta/static/Resources/indicator.gif HTTP/1.1" 200 1553
186.103.159.182 - - [02/Mar/2017:12:52:15 -0300] "GET /cormunbeta/servlet/hlogin HTTP/1.1" 200 1732
186.103.159.182 - - [02/Mar/2017:12:52:44 -0300] "POST /cormunbeta/servlet/hlogin?232f04a7899577d2eed8000847b86906,gx-no-cache=1488470247292 HTTP/1.1" 200 446
186.103.159.182 - - [02/Mar/2017:12:52:50 -0300] "POST /cormunbeta/servlet/hlogin?232f04a7899577d2eed8000847b86906,gx-no-cache=1488470253661 HTTP/1.1" 200 446
186.103.159.182 - - [02/Mar/2017:12:53:02 -0300] "POST /cormunbeta/servlet/hlogin?232f04a7899577d2eed8000847b86906,gx-no-cache=1488470265152 HTTP/1.1" 200 446
186.103.159.182 - - [02/Mar/2017:12:53:11 -0300] "POST /cormunbeta/servlet/hlogin?232f04a7899577d2eed8000847b86906,gx-no-cache=1488470274322 HTTP/1.1" 200 446
186.103.159.182 - - [02/Mar/2017:12:53:24 -0300] "POST /cormunbeta/servlet/hlogin?232f04a7899577d2eed8000847b86906,gx-no-cache=1488470287153 HTTP/1.1" 200 448
186.103.159.182 - - [02/Mar/2017:12:54:13 -0300] "GET /cormunbeta/servlet/hlogin HTTP/1.1" 200 1722
186.103.159.182 - - [02/Mar/2017:12:54:14 -0300] "GET /cormunbeta/static/gxtimezone.js?85251 HTTP/1.1" 200 5781
186.103.159.182 - - [02/Mar/2017:12:54:14 -0300] "GET /cormunbeta/static/gxcfg.js?201612216162538 HTTP/1.1" 200 953
186.103.159.182 - - [02/Mar/2017:12:54:14 -0300] "GET /cormunbeta/static/messages.spa.js?85251 HTTP/1.1" 200 30736
186.103.159.182 - - [02/Mar/2017:12:54:14 -0300] "GET /cormunbeta/static/Resources/ComunLogin.png HTTP/1.1" 200 17326
186.103.159.182 - - [02/Mar/2017:12:54:14 -0300] "GET /cormunbeta/static/hlogin.js?201612216162555 HTTP/1.1" 200 2136
186.103.159.182 - - [02/Mar/2017:12:54:15 -0300] "GET /cormunbeta/static/Resources/Spanish/PXTools.css?167811 HTTP/1.1" 200 89042
201.246.236.28 - - [02/Mar/2017:12:54:32 -0300] "POST /cormun/servlet/prfichaempleado?f746a4eaa02f6aa3a86ecfa7039d7f32,,MD,,gxPopupLevel%3D0%3B,gx-no-cache=1488470145182 HTTP/1.1" 200 3405
186.103.159.182 - - [02/Mar/2017:12:54:38 -0300] "GET /cormunbeta/servlet/hlogin HTTP/1.1" 200 1721
186.103.159.182 - - [02/Mar/2017:12:54:40 -0300] "GET /cormunbeta/static/gxgral.js?85251 HTTP/1.1" 200 384558
186.103.159.182 - - [02/Mar/2017:12:54:42 -0300] "POST /cormunbeta/servlet/hlogin?232f04a7899577d2eed8000847b86906,gx-no-cache=1488470365544 HTTP/1.1" 200 427
186.103.159.182 - - [02/Mar/2017:12:54:42 -0300] "GET /cormunbeta/servlet/hlogin HTTP/1.1" 200 1733
186.103.159.182 - - [02/Mar/2017:12:54:43 -0300] "GET /cormunbeta/static/Resources/indicator.gif HTTP/1.1" 200 1553
186.103.159.182 - - [02/Mar/2017:12:54:43 -0300] "GET /cormunbeta/static/Resources/PXToolsLoginBackground.png HTTP/1.1" 200 1164
186.103.159.182 - - [02/Mar/2017:12:54:43 -0300] "GET /cormunbeta/static/Resources/indicator.gif HTTP/1.1" 200 1553
186.103.159.182 - - [02/Mar/2017:12:54:43 -0300] "GET /cormunbeta/static/Resources/PXToolsButtonLeft21.png HTTP/1.1" 200 1287
186.103.159.182 - - [02/Mar/2017:12:54:43 -0300] "GET /cormunbeta/static/Resources/PXToolsButtonRight21.png HTTP/1.1" 200 1283
186.103.159.182 - - [02/Mar/2017:12:54:43 -0300] "GET /cormunbeta/static/Resources/PXToolsLoginBackground.png HTTP/1.1" 200 1164
186.103.159.182 - - [02/Mar/2017:12:54:43 -0300] "GET /cormunbeta/static/Resources/PXToolsButtonBackground2.png HTTP/1.1" 200 1181
186.103.159.182 - - [02/Mar/2017:12:54:43 -0300] "GET /cormunbeta/static/Resources/PXToolsLoginTop.png HTTP/1.1" 200 1337
186.103.159.182 - - [02/Mar/2017:12:54:43 -0300] "GET /favicon.ico HTTP/1.1" 200 21630
186.103.159.182 - - [02/Mar/2017:12:54:43 -0300] "GET /cormunbeta/static/Resources/PXToolsLoginBottom.png HTTP/1.1" 200 1389
186.103.159.182 - - [02/Mar/2017:12:54:52 -0300] "POST /cormunbeta/servlet/hlogin?232f04a7899577d2eed8000847b86906,gx-no-cache=1488470375705 HTTP/1.1" 200 427
186.103.159.182 - - [02/Mar/2017:12:55:05 -0300] "POST /cormunbeta/servlet/hlogin?e95d0232a9ecc139924977bed8dc5cb9,gx-no-cache=1488470388792 HTTP/1.1" 200 446
186.103.159.182 - - [02/Mar/2017:12:55:14 -0300] "POST /cormunbeta/servlet/hlogin?e95d0232a9ecc139924977bed8dc5cb9,gx-no-cache=1488470397545 HTTP/1.1" 200 446
186.103.159.182 - - [02/Mar/2017:12:55:24 -0300] "POST /cormunbeta/servlet/hlogin?e95d0232a9ecc139924977bed8dc5cb9,gx-no-cache=1488470407256 HTTP/1.1" 200 446
186.103.159.182 - - [02/Mar/2017:12:55:29 -0300] "POST /cormunbeta/servlet/hlogin?e95d0232a9ecc139924977bed8dc5cb9,gx-no-cache=1488470412649 HTTP/1.1" 200 446
201.246.236.28 - - [02/Mar/2017:12:55:47 -0300] "POST /cormun/servlet/solicitudot?gx-no-cache=1488470220114 HTTP/1.1" 200 3081
201.246.236.28 - - [02/Mar/2017:12:55:48 -0300] "POST /cormun/servlet/solicitudot?f746a4eaa02f6aa3a86ecfa7039d7f32,INS,0,0,,gx-no-cache=1488470220906 HTTP/1.1" 200 9870
186.103.159.182 - - [02/Mar/2017:12:55:50 -0300] "POST /cormunbeta/servlet/hlogin?e95d0232a9ecc139924977bed8dc5cb9,gx-no-cache=1488470433593 HTTP/1.1" 200 448
201.246.236.28 - - [02/Mar/2017:12:55:51 -0300] "GET /cormun/servlet/solicitudot?df4623558730fe8df60bb93b8f85397d93764c803d7aa0cca27ca772552ab373494e0a8ad28ee21ad771d28a92e495da,gx-no-cache=1488470224549 HTTP/1.1" 200 30
186.103.159.182 - - [02/Mar/2017:12:56:05 -0300] "POST /cormunbeta/servlet/hlogin?e95d0232a9ecc139924977bed8dc5cb9,gx-no-cache=1488470448882 HTTP/1.1" 200 446
186.103.159.182 - - [02/Mar/2017:12:56:15 -0300] "GET /cormun/servlet/hlogin HTTP/1.1" 200 1720
186.103.159.182 - - [02/Mar/2017:12:56:15 -0300] "GET /cormun/static/gxtimezone.js?85251 HTTP/1.1" 200 5781
186.103.159.182 - - [02/Mar/2017:12:56:15 -0300] "GET /cormun/static/gxcfg.js?201612216162538 HTTP/1.1" 200 953
186.103.159.182 - - [02/Mar/2017:12:56:15 -0300] "GET /cormun/static/hlogin.js?201612216162555 HTTP/1.1" 200 2136
186.103.159.182 - - [02/Mar/2017:12:56:15 -0300] "GET /cormun/static/Resources/ComunLogin.png HTTP/1.1" 200 17326
186.103.159.182 - - [02/Mar/2017:12:56:15 -0300] "GET /cormun/static/messages.spa.js?85251 HTTP/1.1" 200 30736
186.103.159.182 - - [02/Mar/2017:12:56:15 -0300] "GET /cormun/static/Resources/Spanish/PXTools.css?167811 HTTP/1.1" 200 89042
186.103.159.182 - - [02/Mar/2017:12:56:16 -0300] "GET /cormun/static/gxgral.js?85251 HTTP/1.1" 200 384558
186.103.159.182 - - [02/Mar/2017:12:56:16 -0300] "GET /cormun/servlet/hlogin HTTP/1.1" 200 1730
186.103.159.182 - - [02/Mar/2017:12:56:16 -0300] "GET /cormun/static/Resources/indicator.gif HTTP/1.1" 200 1553
186.103.159.182 - - [02/Mar/2017:12:56:16 -0300] "GET /cormun/static/Resources/PXToolsLoginBackground.png HTTP/1.1" 200 1164
186.103.159.182 - - [02/Mar/2017:12:56:16 -0300] "GET /cormun/static/Resources/PXToolsLoginTop.png HTTP/1.1" 200 1337
186.103.159.182 - - [02/Mar/2017:12:56:16 -0300] "GET /cormun/static/Resources/PXToolsButtonRight21.png HTTP/1.1" 200 1283
186.103.159.182 - - [02/Mar/2017:12:56:16 -0300] "GET /cormun/static/Resources/PXToolsButtonBackground2.png HTTP/1.1" 200 1181
