200.83.57.219 - - [02/Mar/2017:16:14:39 -0300] "POST /cormun/servlet/solicitudot?7390087870a7023802b5e2dfb417d1aa,INS,0,0,,gx-no-cache=1488482152633 HTTP/1.1" 200 9950
200.83.57.219 - - [02/Mar/2017:16:14:39 -0300] "GET /cormun/servlet/solicitudot?ab36da116ac26835b1ee8c9c0f9eafa0d38e3566550ae52c88df63487fee6b09fac9254d767aff06fc3f04f477080d00,gx-no-cache=1488482152924 HTTP/1.1" 200 30
186.103.156.24 - - [02/Mar/2017:16:14:56 -0300] "GET /cormun/servlet/trsolicitudot? HTTP/1.1" 200 6930
186.103.156.24 - - [02/Mar/2017:16:14:57 -0300] "GET /cormun/servlet/trsolicitudot? HTTP/1.1" 200 6930
200.83.57.219 - - [02/Mar/2017:16:14:58 -0300] "POST /cormun/servlet/solicitudot?gx-no-cache=1488482172038 HTTP/1.1" 200 255
200.83.57.219 - - [02/Mar/2017:16:14:58 -0300] "GET /cormun/servlet/solicitudot?ab36da116ac26835b1ee8c9c0f9eafa09d8a654f3c77bd24c1d8d5325f12233e07e2af61af2f5c08ab04897b48403d0542bdd34000c4c3b362ccfd6e753ad4a5ac13af1ef82a42bf374e8ddc242de3f5167bde42fa95c7a96ab6a0dd956f1bc9d0bc9020ff0a2b0030ceff5fba5e3ef20eac26b0e10202127fcce90263930215d60d7d8ead3dcd0c8425834a0e1a7fe202472ba8074400490c7dc00412d111e23d0ee9d703b49979cf6a1b98229fac0b117d6bb2335d7ca64ffe50f05c3f8b5a2179182b76b3aba5a990519ee82cc8716a758e7f84638356ac78891180318fa9488be3fbee3c85a1c60f00e1df4f75f88c9fd2cb3c4df56f7b81e45d7eacab03eedb3b7553f148af3d19f4d4aea431bf20a54e9c611326713bf5df7880692fb18c883c5fcea3050670899f8663acecc926e39c3d48575f916e472072899cff8beff221892ee12b948cd8e61ed4f38e8def6bc8c572963d3dce4cac61fc67648a9cf3600d121839ec4f331cc16aa2e44457402f34771fa22151ac01b2afd2c9de,gx-no-cache=1488482172164 HTTP/1.1" 200 30
200.83.57.219 - - [02/Mar/2017:16:15:00 -0300] "POST /cormun/servlet/solicitudot?gx-no-cache=1488482173244 HTTP/1.1" 200 30
200.83.57.219 - - [02/Mar/2017:16:15:01 -0300] "POST /cormun/servlet/solicitudot?gx-no-cache=1488482174902 HTTP/1.1" 200 235
200.83.57.219 - - [02/Mar/2017:16:15:01 -0300] "POST /cormun/servlet/solicitudot?gx-no-cache=1488482174976 HTTP/1.1" 200 38
186.103.156.24 - - [02/Mar/2017:16:15:11 -0300] "GET /cormun/servlet/solicitudot?INS,0,0, HTTP/1.1" 200 12759
186.103.156.24 - - [02/Mar/2017:16:15:12 -0300] "GET /cormun/servlet/solicitudot?INS,0,0, HTTP/1.1" 200 12764
186.103.156.24 - - [02/Mar/2017:16:15:42 -0300] "POST /cormun/servlet/solicitudot?gx-no-cache=1488482312866 HTTP/1.1" 200 3081
186.103.156.24 - - [02/Mar/2017:16:15:42 -0300] "POST /cormun/servlet/solicitudot?247083030368fb1dd3fe6678aa14893f,INS,0,0,,gx-no-cache=1488482313060 HTTP/1.1" 200 9862
186.103.156.24 - - [02/Mar/2017:16:15:44 -0300] "GET /cormun/servlet/solicitudot?395a255579487698b562f39cb8d66abbf124be09bf977224a8ba299ab65f3f4147a5633567fe7732d59ba851bcef212e,gx-no-cache=1488482315102 HTTP/1.1" 200 111
186.103.156.24 - - [02/Mar/2017:16:15:44 -0300] "GET /cormun/static/Shared/jqueryui/images/ui-bg_highlight-soft_100_c6c2c8_1x100.png HTTP/1.1" 404 1117
186.103.156.24 - - [02/Mar/2017:16:15:44 -0300] "GET /cormun/static/Shared/jqueryui/images/ui-icons_82798d_256x240.png HTTP/1.1" 404 1089
186.103.156.24 - - [02/Mar/2017:16:15:44 -0300] "GET /cormun/static/Shared/jqueryui/images/ui-bg_flat_55_994d53_40x100.png HTTP/1.1" 404 1097
186.103.156.24 - - [02/Mar/2017:16:15:44 -0300] "GET /cormun/static/Shared/jqueryui/images/ui-icons_ebccce_256x240.png HTTP/1.1" 404 1089
200.83.57.219 - - [02/Mar/2017:16:15:47 -0300] "GET /cormun/servlet/solicitudot?ab36da116ac26835b1ee8c9c0f9eafa088224695c3e0bc58c4412bd5de3a9525a30ddf2464ab8a3a4cf9b3b6ff7187a9ebfa9c034c63a75169ef1f6ade43df0d7ae1eaaa55421d471e430ff1f1fb8f47b947442ee47a9d3c162f73c7791caf7ebf3e203a5372aa3c8e6b746e76edc7c912958a218e8b94cf5a48ff2721909c8bfadb2a307bdb374bd2ba1adb45ac4e84c11b84c76e1706e653e31e24de392b04,gx-no-cache=1488482220686 HTTP/1.1" 200 29
200.83.57.219 - - [02/Mar/2017:16:15:47 -0300] "POST /cormun/servlet/solicitudot?gx-no-cache=1488482220817 HTTP/1.1" 200 643
200.83.57.219 - - [02/Mar/2017:16:15:47 -0300] "POST /cormun/servlet/solicitudot?gx-no-cache=1488482220891 HTTP/1.1" 200 518
200.83.57.219 - - [02/Mar/2017:16:15:47 -0300] "GET /cormun/static/menuarrow.gif HTTP/1.1" 404 1015
200.83.57.219 - - [02/Mar/2017:16:15:48 -0300] "POST /cormun/servlet/solicitudot?gx-no-cache=1488482222031 HTTP/1.1" 200 643
200.83.57.219 - - [02/Mar/2017:16:15:48 -0300] "POST /cormun/servlet/solicitudot?gx-no-cache=1488482222092 HTTP/1.1" 200 518
186.79.129.193 - - [02/Mar/2017:16:15:52 -0300] "GET /cormun/servlet/solicitudot?64036b2fcdcfb4992ab3fc7b90421bdf80d2af1b5a74f1089a46888c73c22ffae970bec4b96d5df38ee4fe4f53e620213fedef49fd63a331fe5eb1ccabe8265943a70e05b4332d05016f7732244e67a1,gx-no-cache=1488482224971 HTTP/1.1" 200 29
186.79.129.193 - - [02/Mar/2017:16:15:52 -0300] "POST /cormun/servlet/solicitudot?gx-no-cache=1488482226236 HTTP/1.1" 200 643
186.103.156.24 - - [02/Mar/2017:16:15:53 -0300] "GET /cormun/servlet/solicitudot?395a255579487698b562f39cb8d66abbf124be09bf977224a8ba299ab65f3f4147a5633567fe7732d59ba851bcef212e,gx-no-cache=1488482325053 HTTP/1.1" 200 111
186.79.129.193 - - [02/Mar/2017:16:15:54 -0300] "POST /cormun/servlet/solicitudot?gx-no-cache=1488482228381 HTTP/1.1" 200 1157
200.83.57.219 - - [02/Mar/2017:16:15:55 -0300] "GET /cormun/servlet/solicitudot?ab36da116ac26835b1ee8c9c0f9eafa05577db8d1262c8a24b2e8dcda517ab31861e30937cfcc976fcb0475018b663817b4dab2463434fc56793499717bf215b3e310e65ac61ca1ca6c968c250be1606924ade2a1d39176a66cb2fe503bea81607d8f8b34bcbbe683efc575a8c70565de27333b4dbdef883e8c9c1a347c8953ef60cfa0594cfe627dec88e813cadad66162a5d79efaa83aa6c37f6d92d51ddb0da9ac902c2555811b2b891e568e98e82,gx-no-cache=1488482228449 HTTP/1.1" 200 30
186.103.156.24 - - [02/Mar/2017:16:16:00 -0300] "POST /cormun/servlet/solicitudot?gx-no-cache=1488482331367 HTTP/1.1" 200 3177
186.103.156.24 - - [02/Mar/2017:16:16:00 -0300] "POST /cormun/servlet/solicitudot?247083030368fb1dd3fe6678aa14893f,INS,0,0,,gx-no-cache=1488482332143 HTTP/1.1" 200 10023
186.103.156.24 - - [02/Mar/2017:16:16:00 -0300] "GET /cormun/servlet/solicitudot?395a255579487698b562f39cb8d66abb9a6dcdaddc7e4bf3419112ebf81b073d47a5633567fe7732d59ba851bcef212e,gx-no-cache=1488482332637 HTTP/1.1" 200 30
186.103.156.24 - - [02/Mar/2017:16:16:10 -0300] "POST /cormun/servlet/solicitudot?gx-no-cache=1488482343655 HTTP/1.1" 200 255
186.103.156.24 - - [02/Mar/2017:16:16:11 -0300] "GET /cormun/servlet/solicitudot?395a255579487698b562f39cb8d66abb0c692d643a9ae4442a77ffb4cb4ba59af5149e1d71fac5809d8bb6a2c41e0dd0e3463e850b2beaec89144c22c790b3de7c24c05686cddb2050703c4e36eaf92a4a72022b8104bfed7a6a4938bf92662246581cea26f3e1d7fa9724f9d627dc2ea5b9dd46f1dba2b19af7c00c34e86b7b88a0fd9fadcb16306605797da1084b347aa7d639078c376e4823a342cd082acaca0587e518a4b61f984b48c3aeddf3d3fc73e7a4e2a479df85eeff5bc05d90c945b14320f75303d748e92de235cbc4dc3f84c3c65bc14193d5f46af04b88084fd8312e2eb071788dcb62ed93b700e46a1bfa6ef1f1e3aebc21ca91216d526e0791ab74a170a05af19acb923e95dd5a58a767e1f2095a15f6ae26326509be1f78f85821c397f6e65765b19435e7d1c3954eba8b97e217642a0bc38f070b81c0ca52b4e43e963985afba665a26da300ee6a2c3c25e5fa63547da4d763fcc7ab09ca595847b8f9fe4204bd0e2c020b9568caeac089e395aa0f3b88e9751f6228129,gx-no-cache=1488482343795 HTTP/1.1" 200 30
200.83.57.219 - - [02/Mar/2017:16:16:11 -0300] "POST /cormun/servlet/solicitudot?7390087870a7023802b5e2dfb417d1aa,INS,0,0,,gx-no-cache=1488482244002 HTTP/1.1" 200 93
200.83.57.219 - - [02/Mar/2017:16:16:11 -0300] "GET /cormun/servlet/hpexe_return? HTTP/1.1" 200 1006
200.83.57.219 - - [02/Mar/2017:16:16:11 -0300] "GET /cormun/servlet/trsolicitudot HTTP/1.1" 200 8362
200.83.57.219 - - [02/Mar/2017:16:16:11 -0300] "GET /cormun/servlet/trsolicitudot HTTP/1.1" 200 8358
200.83.57.219 - - [02/Mar/2017:16:16:20 -0300] "GET /cormun/servlet/solicitudot?INS,0,0, HTTP/1.1" 200 12907
200.83.57.219 - - [02/Mar/2017:16:16:21 -0300] "GET /cormun/servlet/solicitudot?INS,0,0, HTTP/1.1" 200 12912
200.83.57.219 - - [02/Mar/2017:16:16:29 -0300] "POST /cormun/servlet/solicitudot?gx-no-cache=1488482262044 HTTP/1.1" 200 3180
200.83.57.219 - - [02/Mar/2017:16:16:29 -0300] "POST /cormun/servlet/solicitudot?7390087870a7023802b5e2dfb417d1aa,INS,0,0,,gx-no-cache=1488482262527 HTTP/1.1" 200 9970
186.103.156.24 - - [02/Mar/2017:16:16:29 -0300] "POST /cormun/servlet/solicitudot?gx-no-cache=1488482364522 HTTP/1.1" 200 30
200.83.57.219 - - [02/Mar/2017:16:16:29 -0300] "GET /cormun/servlet/solicitudot?ab36da116ac26835b1ee8c9c0f9eafa0fcc1c53998ddedda50347fd8c4594cf0fac9254d767aff06fc3f04f477080d00,gx-no-cache=1488482262810 HTTP/1.1" 200 30
186.103.156.24 - - [02/Mar/2017:16:16:33 -0300] "GET /cormun/servlet/prsolicitudot?16255094,,,,,MD,,gxPopupLevel%3D0%3B HTTP/1.1" 200 6088
186.103.156.24 - - [02/Mar/2017:16:16:33 -0300] "GET /cormun/static/gxcfg.js?20161221854215 HTTP/1.1" 200 953
186.103.156.24 - - [02/Mar/2017:16:16:33 -0300] "GET /cormun/static/prsolicitudot.js?201612218542259 HTTP/1.1" 200 13680
186.79.129.193 - - [02/Mar/2017:16:16:45 -0300] "GET /cormun/servlet/solicitudot?64036b2fcdcfb4992ab3fc7b90421bdf1080926934ca8caca011460330504084b1c52958ccb71143c9865ad5971d28fc8b8140e7f0dd4262968f60130f36438b3fedef49fd63a331fe5eb1ccabe82659892e3d1785a9947e1618741573c5368c96f12c6236755dd22160d44147b6304d0b59738d38f087a8805c6db2b63ea448ca217ff434018dfe8b6b51a65850008aa48a2aa7f83aabe2be2ab1da85a5388b461b65c2ad77a68536b95a575ddbac72,gx-no-cache=1488482278413 HTTP/1.1" 200 30
186.103.156.24 - - [02/Mar/2017:16:16:46 -0300] "POST /cormun/servlet/solicitudot?gx-no-cache=1488482381859 HTTP/1.1" 200 1291
186.103.156.24 - - [02/Mar/2017:16:16:46 -0300] "POST /cormun/servlet/solicitudot?gx-no-cache=1488482382015 HTTP/1.1" 200 38
186.103.156.24 - - [02/Mar/2017:16:16:46 -0300] "GET /cormun/servlet/solicitudot?395a255579487698b562f39cb8d66abba3d7c6230766f495c2d1fa72fb1dfa30e804ee9c5f830820ccf87678347d1acec187c626db8c050d4af8b9f902eb27cf82ec261ecb24f1b0ccf078d463f5db3c140584d75115c0842ff77523edf6306ff3f639b286a9cc48c30f2f4224f5f32029c0ab3a7e05329282e7478a3caac3caac681e372cbfbf145f3cf0aae045b0040a0897e18567ede243c4f42e9573f19eb37ad85b6259aa488345f27bbb6a8ab61ab756ab90a09a0070bbab25a90cc64212efbf5370a0d2b2c3762f2a73c5a70b,gx-no-cache=1488482382074 HTTP/1.1" 200 29
186.103.156.24 - - [02/Mar/2017:16:16:46 -0300] "POST /cormun/servlet/solicitudot?gx-no-cache=1488482382128 HTTP/1.1" 200 1274
186.103.156.24 - - [02/Mar/2017:16:16:46 -0300] "POST /cormun/servlet/solicitudot?gx-no-cache=1488482382216 HTTP/1.1" 200 1157
186.103.156.24 - - [02/Mar/2017:16:17:01 -0300] "GET /cormun/servlet/solicitudot?395a255579487698b562f39cb8d66abba3d7c6230766f495c2d1fa72fb1dfa30e804ee9c5f830820ccf87678347d1acef9b81871b59accbba9e461d516abe03c82ec261ecb24f1b0ccf078d463f5db3c140584d75115c0842ff77523edf6306ff3f639b286a9cc48c30f2f4224f5f32029c0ab3a7e05329282e7478a3caac3caac681e372cbfbf145f3cf0aae045b0040a0897e18567ede243c4f42e9573f19eb37ad85b6259aa488345f27bbb6a8ab61ab756ab90a09a0070bbab25a90cc64212efbf5370a0d2b2c3762f2a73c5a70b,gx-no-cache=1488482397840 HTTP/1.1" 200 29
186.103.156.24 - - [02/Mar/2017:16:17:10 -0300] "POST /cormun/servlet/solicitudot?gx-no-cache=1488482407801 HTTP/1.1" 200 1274
186.103.156.24 - - [02/Mar/2017:16:17:10 -0300] "POST /cormun/servlet/solicitudot?gx-no-cache=1488482407994 HTTP/1.1" 200 1157
200.83.57.219 - - [02/Mar/2017:16:17:11 -0300] "POST /cormun/servlet/solicitudot?gx-no-cache=1488482304233 HTTP/1.1" 200 255
200.83.57.219 - - [02/Mar/2017:16:17:11 -0300] "GET /cormun/servlet/solicitudot?ab36da116ac26835b1ee8c9c0f9eafa09d8a654f3c77bd24c1d8d5325f12233e07e2af61af2f5c08ab04897b48403d0542bdd34000c4c3b362ccfd6e753ad4a5ac13af1ef82a42bf374e8ddc242de3f5167bde42fa95c7a96ab6a0dd956f1bc9d0bc9020ff0a2b0030ceff5fba5e3ef20eac26b0e10202127fcce90263930215d60d7d8ead3dcd0c8425834a0e1a7fe202472ba8074400490c7dc00412d111e23d0ee9d703b49979cf6a1b98229fac0b117d6bb2335d7ca64ffe50f05c3f8b5a2179182b76b3aba5a990519ee82cc8716a758e7f84638356ac78891180318fa9488be3fbee3c85a1c60f00e1df4f75f88c9fd2cb3c4df56f7b81e45d7eacab03eedb3b7553f148af3d19f4d4aea431bf20a54e9c611326713bf5df7880692fb18c883c5fcea3050670899f8663acecc926e39c3d48575f916e472072899cff8beff221892ee12b948cd8e61ed4f38e8def6bc8c572963d3dce4cac61fc67648a9cf3600d121839ec4f331cc16aa2e44457402f34771fa22151ac01b2afd2c9de,gx-no-cache=1488482304376 HTTP/1.1" 200 30
200.83.57.219 - - [02/Mar/2017:16:17:11 -0300] "POST /cormun/servlet/solicitudot?gx-no-cache=1488482304457 HTTP/1.1" 200 30
200.83.57.219 - - [02/Mar/2017:16:17:11 -0300] "POST /cormun/servlet/solicitudot?gx-no-cache=1488482304550 HTTP/1.1" 200 235
200.83.57.219 - - [02/Mar/2017:16:17:11 -0300] "POST /cormun/servlet/solicitudot?gx-no-cache=1488482304650 HTTP/1.1" 200 38
200.83.57.219 - - [02/Mar/2017:16:17:14 -0300] "POST /cormun/servlet/solicitudot?gx-no-cache=1488482307325 HTTP/1.1" 200 30
200.83.57.219 - - [02/Mar/2017:16:17:22 -0300] "POST /cormun/servlet/solicitudot?gx-no-cache=1488482316044 HTTP/1.1" 200 30
200.83.57.219 - - [02/Mar/2017:16:17:24 -0300] "POST /cormun/servlet/solicitudot?gx-no-cache=1488482317196 HTTP/1.1" 200 656
200.83.57.219 - - [02/Mar/2017:16:17:24 -0300] "POST /cormun/servlet/solicitudot?gx-no-cache=1488482317259 HTTP/1.1" 200 38
200.83.57.219 - - [02/Mar/2017:16:17:50 -0300] "GET /cormun/servlet/solicitudot?ab36da116ac26835b1ee8c9c0f9eafa088224695c3e0bc58c4412bd5de3a9525a30ddf2464ab8a3a4cf9b3b6ff7187a9ebfa9c034c63a75169ef1f6ade43df0d7ae1eaaa55421d471e430ff1f1fb8f47b947442ee47a9d3c162f73c7791caf7ebf3e203a5372aa3c8e6b746e76edc7c912958a218e8b94cf5a48ff2721909c8bfadb2a307bdb374bd2ba1adb45ac4e84c11b84c76e1706e653e31e24de392b04,gx-no-cache=1488482343588 HTTP/1.1" 200 29
200.83.57.219 - - [02/Mar/2017:16:17:50 -0300] "POST /cormun/servlet/solicitudot?gx-no-cache=1488482343782 HTTP/1.1" 200 643
200.83.57.219 - - [02/Mar/2017:16:17:50 -0300] "POST /cormun/servlet/solicitudot?gx-no-cache=1488482343880 HTTP/1.1" 200 518
200.83.57.219 - - [02/Mar/2017:16:17:51 -0300] "GET /cormun/static/menuarrow.gif HTTP/1.1" 404 1015
200.83.57.219 - - [02/Mar/2017:16:18:03 -0300] "GET /cormun/servlet/solicitudot?ab36da116ac26835b1ee8c9c0f9eafa0f9f49b0923376a192b819e0de55f841293db323fc36b9cb88f486abcd9e648187b4dab2463434fc56793499717bf215b3e310e65ac61ca1ca6c968c250be1606924ade2a1d39176a66cb2fe503bea81607d8f8b34bcbbe683efc575a8c70565de27333b4dbdef883e8c9c1a347c8953ef60cfa0594cfe627dec88e813cadad66162a5d79efaa83aa6c37f6d92d51ddb0da9ac902c2555811b2b891e568e98e82,gx-no-cache=1488482356290 HTTP/1.1" 200 30
200.83.57.219 - - [02/Mar/2017:16:18:03 -0300] "POST /cormun/servlet/solicitudot?7390087870a7023802b5e2dfb417d1aa,INS,0,0,,gx-no-cache=1488482356363 HTTP/1.1" 200 10713
200.83.57.219 - - [02/Mar/2017:16:18:03 -0300] "GET /cormun/static/Shared/jqueryui/images/ui-bg_highlight-soft_100_c6c2c8_1x100.png HTTP/1.1" 404 1117
200.83.57.219 - - [02/Mar/2017:16:18:03 -0300] "GET /cormun/static/Shared/jqueryui/images/ui-icons_82798d_256x240.png HTTP/1.1" 404 1089
200.83.57.219 - - [02/Mar/2017:16:18:03 -0300] "GET /cormun/static/Shared/jqueryui/images/ui-bg_flat_55_994d53_40x100.png HTTP/1.1" 404 1097
200.83.57.219 - - [02/Mar/2017:16:18:03 -0300] "GET /cormun/static/Shared/jqueryui/images/ui-icons_ebccce_256x240.png HTTP/1.1" 404 1089
186.79.129.193 - - [02/Mar/2017:16:18:10 -0300] "POST /cormun/servlet/solicitudot?gx-no-cache=1488482363544 HTTP/1.1" 200 1275
186.79.129.193 - - [02/Mar/2017:16:18:10 -0300] "POST /cormun/servlet/solicitudot?gx-no-cache=1488482364378 HTTP/1.1" 200 1157
186.79.129.193 - - [02/Mar/2017:16:18:10 -0300] "GET /cormun/servlet/solicitudot?64036b2fcdcfb4992ab3fc7b90421bdf1080926934ca8caca011460330504084b1c52958ccb71143c9865ad5971d28fc8b8140e7f0dd4262968f60130f36438b3fedef49fd63a331fe5eb1ccabe82659892e3d1785a9947e1618741573c5368c96f12c6236755dd22160d44147b6304d0b59738d38f087a8805c6db2b63ea448ca217ff434018dfe8b6b51a65850008aa48a2aa7f83aabe2be2ab1da85a5388b461b65c2ad77a68536b95a575ddbac72,gx-no-cache=1488482364755 HTTP/1.1" 200 30
186.79.129.193 - - [02/Mar/2017:16:18:11 -0300] "POST /cormun/servlet/solicitudot?25844ac1fa5c512568e3bf890adea630,INS,0,0,,gx-no-cache=1488482364932 HTTP/1.1" 200 11020
200.83.57.219 - - [02/Mar/2017:16:18:24 -0300] "POST /cormun/servlet/solicitudot?gx-no-cache=1488482378042 HTTP/1.1" 200 643
200.83.57.219 - - [02/Mar/2017:16:18:24 -0300] "POST /cormun/servlet/solicitudot?gx-no-cache=1488482378170 HTTP/1.1" 200 518
200.83.57.219 - - [02/Mar/2017:16:18:25 -0300] "GET /cormun/servlet/solicitudot?ab36da116ac26835b1ee8c9c0f9eafa0f9f49b0923376a192b819e0de55f841293db323fc36b9cb88f486abcd9e648187b4dab2463434fc56793499717bf215b3e310e65ac61ca1ca6c968c250be1606924ade2a1d39176a66cb2fe503bea81607d8f8b34bcbbe683efc575a8c70565de27333b4dbdef883e8c9c1a347c8953ef60cfa0594cfe627dec88e813cadad66162a5d79efaa83aa6c37f6d92d51ddb0da9ac902c2555811b2b891e568e98e82,gx-no-cache=1488482378234 HTTP/1.1" 200 30
200.83.57.219 - - [02/Mar/2017:16:18:25 -0300] "POST /cormun/servlet/solicitudot?7390087870a7023802b5e2dfb417d1aa,INS,0,0,,gx-no-cache=1488482378295 HTTP/1.1" 200 93
200.83.57.219 - - [02/Mar/2017:16:18:25 -0300] "GET /cormun/servlet/hpexe_return? HTTP/1.1" 200 1006
200.83.57.219 - - [02/Mar/2017:16:18:25 -0300] "GET /cormun/servlet/trsolicitudot HTTP/1.1" 200 8706
200.83.57.219 - - [02/Mar/2017:16:18:26 -0300] "GET /cormun/servlet/trsolicitudot HTTP/1.1" 200 8702
186.103.156.24 - - [02/Mar/2017:16:18:40 -0300] "GET /cormun/servlet/solicitudot?395a255579487698b562f39cb8d66abba328e61f09ab511a4e4d1c8a88043dc77a4c47976f80346ede35e152bef8d192886812383583a5cc8c19d198227377ae044df667a478792341a06362ad1af30207102344d4bd38f390a241da4a52f9175112d533bf2d064f4dd11e628bd4ce174bb66634554523731e455160cc11d0ef3fb2c6140f97632802b2ce6afd8c851c031e0d768182eceea2afb1c5cd23ea9a80020ebd6869b560f70c6eccb7f98e4e,gx-no-cache=1488482508170 HTTP/1.1" 200 30
186.79.129.193 - - [02/Mar/2017:16:18:58 -0300] "POST /cormun/servlet/solicitudot?25844ac1fa5c512568e3bf890adea630,INS,0,0,,gx-no-cache=1488482411097 HTTP/1.1" 200 11113
186.79.129.193 - - [02/Mar/2017:16:19:23 -0300] "POST /cormun/servlet/solicitudot?gx-no-cache=1488482437587 HTTP/1.1" 200 1287
186.79.129.193 - - [02/Mar/2017:16:19:24 -0300] "GET /cormun/servlet/solicitudot?64036b2fcdcfb4992ab3fc7b90421bdf99590fbeca5dfaa08b6ce653f05aefccc1070e81bd29bea1d8572f317157f5cc391c0f4823e7a6fabd8fe6cea9755bfe4e49e3f17be544a986f8f226898eba2de1ff0f31062ce66b88245056c58f236414699f8d3611c40cb1cbbcd1952c76af322a7b00453dc7dccd368fd82c42cff12ac3ec42e8c96610f4e9667fbcd942cee8730b25a6826f50c7105243ce3ab5526347c0fd1cbb3e3630b588458b95b6c731900fdf54a6c463c433fc2c350c6fc503982c35b3f1c845634ec8aa8cdeec1b1d80654001d750bd87a65cbb13cb131760f0261f0d87a2807852ac72aee66f5c2522f48113ac0349bcc4564c74dd4d1b64fe582f216148ca8340f83c407b32f00b655206231d32416637c0d1b40c347597839087c7ec7a238d3482ec80efb7fca7d8bd4a1671dcb7733e6dcf63a976b347b577f7f59f52c2eb44ed0b95cb198896cabf2b19a50d45efa791b0f07d87a4f6b65c01613665649d925b002547ef839d3e7c19cb6ca22bf4e1b657c624a0d8ae5dbdd6633a53950dfeb05c8cbe702dd0f8200ee8eeba6fe649293faa159e4d1f5e5f2030bb3e1b07ddda534182f4a4fcbc1372947c5683c419e586533b2c743b8845cfcf5507a6ad6e9762a800e4b2b5684c846b2d8959f50dc7daaf8b7800bab59dcb902f62157ae0ebc1713bf9823d85e1c77a887341eccdbaf4ee8e4d86f4050dc4364b9a982a0fb4f210fdea0da251123582e16e18400a0d9b724988eaa57063ef922c1d686cace58635caabb3,gx-no-cache=1488482437894 HTTP/1.1" 200 41
186.79.129.193 - - [02/Mar/2017:16:19:24 -0300] "POST /cormun/servlet/solicitudot?gx-no-cache=1488482438000 HTTP/1.1" 200 1275
186.79.129.193 - - [02/Mar/2017:16:19:24 -0300] "POST /cormun/servlet/solicitudot?gx-no-cache=1488482438189 HTTP/1.1" 200 1157
186.79.129.193 - - [02/Mar/2017:16:19:24 -0300] "GET /cormun/servlet/solicitudot?64036b2fcdcfb4992ab3fc7b90421bdf1080926934ca8caca0114603305040844ac30e85af05edef58f85990c2581eb0b6486867c6975dab4c465df47f41714776f4caaa146fef9f285b6bc634767dadf659f55bfb8aeb4aa6d1a4967898dfca1948e93429d3066a9e72e70adbfcddbb7e601f9477c5a16a8cd14d9f7eea14c36af264020aff2ccafb206eb60d49f262e61a8c96c591910ef5c7f429a0fd1800536b8baf7a5f2cdd96c9ba2185439796,gx-no-cache=1488482438370 HTTP/1.1" 200 30
186.79.129.193 - - [02/Mar/2017:16:19:25 -0300] "POST /cormun/servlet/solicitudot?25844ac1fa5c512568e3bf890adea630,INS,0,0,,gx-no-cache=1488482438455 HTTP/1.1" 200 11124
200.83.57.219 - - [02/Mar/2017:16:19:25 -0300] "GET /cormun/servlet/hlogin HTTP/1.1" 200 1724
186.103.156.24 - - [02/Mar/2017:16:19:28 -0300] "POST /cormun/servlet/solicitudot?247083030368fb1dd3fe6678aa14893f,INS,0,0,,gx-no-cache=1488482560702 HTTP/1.1" 200 93
186.103.156.24 - - [02/Mar/2017:16:19:28 -0300] "GET /cormun/servlet/hpexe_return? HTTP/1.1" 200 1004
186.103.156.24 - - [02/Mar/2017:16:19:28 -0300] "GET /cormun/static/gxcfg.js?2016101716175148 HTTP/1.1" 200 953
186.103.156.24 - - [02/Mar/2017:16:19:28 -0300] "GET /cormun/static/hpexe_return.js?2016101716175153 HTTP/1.1" 304 -
186.103.156.24 - - [02/Mar/2017:16:19:28 -0300] "GET /cormun/servlet/trsolicitudot HTTP/1.1" 200 8241
186.103.156.24 - - [02/Mar/2017:16:19:29 -0300] "GET /cormun//static/Resources/PXToolsActionView.png HTTP/1.1" 200 2995
186.103.156.24 - - [02/Mar/2017:16:19:29 -0300] "GET /cormun//static/Resources/PXToolsGridUpdate.png HTTP/1.1" 200 2984
186.103.156.24 - - [02/Mar/2017:16:19:29 -0300] "GET /cormun//static/Resources/PXToolsGridDelete.png HTTP/1.1" 200 357
186.103.156.24 - - [02/Mar/2017:16:19:29 -0300] "GET /cormun//static/Resources/PXTools/ActionInsert.png HTTP/1.1" 200 1482
186.103.156.24 - - [02/Mar/2017:16:19:29 -0300] "GET /cormun//static/Resources/PXToolsRemoveAllAction.png HTTP/1.1" 200 3558
186.103.156.24 - - [02/Mar/2017:16:19:29 -0300] "GET /cormun/servlet/trsolicitudot HTTP/1.1" 200 8237
200.83.57.219 - - [02/Mar/2017:16:19:32 -0300] "POST /cormun/servlet/hlogin?22a1de101424640fc43fb98135d021fe,gx-no-cache=1488482439610 HTTP/1.1" 200 90
200.83.57.219 - - [02/Mar/2017:16:19:32 -0300] "GET /cormun/servlet/hpexe_link HTTP/1.1" 200 954
200.83.57.219 - - [02/Mar/2017:16:19:32 -0300] "GET /cormun/servlet/hhome HTTP/1.1" 200 4096
200.83.57.219 - - [02/Mar/2017:16:19:32 -0300] "GET /cormun/servlet/hhome HTTP/1.1" 200 4092
200.83.57.219 - - [02/Mar/2017:16:19:35 -0300] "GET /cormun/servlet/trsolicitudot? HTTP/1.1" 200 8708
200.83.57.219 - - [02/Mar/2017:16:19:36 -0300] "GET /cormun/servlet/trsolicitudot? HTTP/1.1" 200 8706
200.83.57.219 - - [02/Mar/2017:16:19:39 -0300] "POST /cormun/servlet/trsolicitudot?22a1de101424640fc43fb98135d021fe,,gx-no-cache=1488482446558 HTTP/1.1" 200 106
200.83.57.219 - - [02/Mar/2017:16:19:39 -0300] "GET /cormun/servlet/trsolicitudadjuntos?2017,5090, HTTP/1.1" 200 6192
200.83.57.219 - - [02/Mar/2017:16:19:39 -0300] "GET /cormun/servlet/trsolicitudadjuntos?2017,5090, HTTP/1.1" 200 6192
200.83.57.219 - - [02/Mar/2017:16:19:41 -0300] "GET /cormun/servlet/solicitudotadjuntos?INS,2017,5090,,1, HTTP/1.1" 200 6120
200.83.57.219 - - [02/Mar/2017:16:19:41 -0300] "GET /cormun/static/about:blank HTTP/1.1" 404 1011
200.83.57.219 - - [02/Mar/2017:16:19:41 -0300] "GET /cormun/servlet/solicitudotadjuntos?INS,2017,5090,,1, HTTP/1.1" 200 6114
186.79.129.193 - - [02/Mar/2017:16:19:41 -0300] "POST /cormun/servlet/solicitudot?25844ac1fa5c512568e3bf890adea630,INS,0,0,,gx-no-cache=1488482455012 HTTP/1.1" 200 11171
200.83.57.219 - - [02/Mar/2017:16:19:42 -0300] "GET /cormun/servlet/solicitudotadjuntos?8473d0f31fd1188cd7754f763bebd947dc74b850223d63c6f87f53619506b38ed487c965a39b6f80103cab7cb2376a2d,gx-no-cache=1488482449745 HTTP/1.1" 200 30
200.83.57.219 - - [02/Mar/2017:16:19:42 -0300] "POST /cormun/servlet/solicitudotadjuntos?22a1de101424640fc43fb98135d021fe,INS,2017,5090,,1,,gx-no-cache=1488482449803 HTTP/1.1" 200 3866
200.83.57.219 - - [02/Mar/2017:16:19:43 -0300] "POST /cormun/servlet/solicitudotadjuntos?gx-no-cache=1488482451154 HTTP/1.1" 200 26
200.83.57.219 - - [02/Mar/2017:16:19:55 -0300] "GET /cormun/servlet/solicitudotadjuntos?8473d0f31fd1188cd7754f763bebd9475d7612d23346499eddd7b1f1a5ba535f,gx-no-cache=1488482462840 HTTP/1.1" 200 30
200.83.57.219 - - [02/Mar/2017:16:19:55 -0300] "GET /cormun/servlet/solicitudotadjuntos?8473d0f31fd1188cd7754f763bebd9475d7612d23346499eddd7b1f1a5ba535f,gx-no-cache=1488482462888 HTTP/1.1" 200 30
200.83.57.219 - - [02/Mar/2017:16:19:55 -0300] "POST /cormun/servlet/solicitudotadjuntos?22a1de101424640fc43fb98135d021fe,INS,2017,5090,,1, HTTP/1.1" 200 116
200.83.57.219 - - [02/Mar/2017:16:19:55 -0300] "GET /cormun/servlet/hpexe_return? HTTP/1.1" 200 1025
200.83.57.219 - - [02/Mar/2017:16:19:55 -0300] "GET /cormun/servlet/trsolicitudadjuntos?2017,5090, HTTP/1.1" 200 8330
200.83.57.219 - - [02/Mar/2017:16:19:56 -0300] "GET /cormun/servlet/trsolicitudadjuntos?2017,5090, HTTP/1.1" 200 8326
200.83.57.219 - - [02/Mar/2017:16:19:58 -0300] "GET /cormun/servlet/solicitudotadjuntos?DLT,2017,5090,CARNET,0, HTTP/1.1" 200 6106
200.83.57.219 - - [02/Mar/2017:16:19:58 -0300] "GET /cormun/PublicTempStorage/j.rubio_titulo9311632.pdf HTTP/1.1" 200 132298
200.83.57.219 - - [02/Mar/2017:16:19:58 -0300] "GET /cormun/static/Shared/jqueryui/images/ui-bg_highlight-soft_100_c6c2c8_1x100.png HTTP/1.1" 404 1117
200.83.57.219 - - [02/Mar/2017:16:19:58 -0300] "GET /cormun/static/Shared/jqueryui/images/ui-icons_82798d_256x240.png HTTP/1.1" 404 1089
200.83.57.219 - - [02/Mar/2017:16:19:58 -0300] "GET /cormun/static/Shared/jqueryui/images/ui-bg_flat_55_fafafa_40x100.png HTTP/1.1" 404 1097
200.83.57.219 - - [02/Mar/2017:16:19:58 -0300] "GET /cormun/static/Shared/jqueryui/images/ui-icons_8d78a5_256x240.png HTTP/1.1" 404 1089
200.83.57.219 - - [02/Mar/2017:16:19:58 -0300] "GET /cormun/servlet/solicitudotadjuntos?DLT,2017,5090,CARNET,0, HTTP/1.1" 200 6100
200.83.57.219 - - [02/Mar/2017:16:19:59 -0300] "POST /cormun/servlet/solicitudotadjuntos?22a1de101424640fc43fb98135d021fe,DLT,2017,5090,CARNET,0,,gx-no-cache=1488482467045 HTTP/1.1" 200 93
200.83.57.219 - - [02/Mar/2017:16:19:59 -0300] "GET /cormun/servlet/hpexe_return? HTTP/1.1" 200 1031
200.83.57.219 - - [02/Mar/2017:16:19:59 -0300] "GET /cormun/servlet/trsolicitudadjuntos?2017,5090, HTTP/1.1" 200 6196
200.83.57.219 - - [02/Mar/2017:16:20:00 -0300] "GET /cormun/servlet/trsolicitudadjuntos?2017,5090, HTTP/1.1" 200 6192
186.103.156.24 - - [02/Mar/2017:16:20:00 -0300] "POST /cormun/servlet/trsolicitudot?247083030368fb1dd3fe6678aa14893f,gx-no-cache=1488482596064 HTTP/1.1" 200 4356
186.103.156.24 - - [02/Mar/2017:16:20:00 -0300] "GET /cormun/static/Shared/jqueryui/images/ui-bg_highlight-soft_100_c6c2c8_1x100.png HTTP/1.1" 404 1117
186.103.156.24 - - [02/Mar/2017:16:20:00 -0300] "GET /cormun/static/Shared/jqueryui/images/ui-icons_82798d_256x240.png HTTP/1.1" 404 1089
186.103.156.24 - - [02/Mar/2017:16:20:00 -0300] "GET /cormun/static/Shared/jqueryui/images/ui-icons_8d78a5_256x240.png HTTP/1.1" 404 1089
186.103.156.24 - - [02/Mar/2017:16:20:00 -0300] "GET /cormun/static/Shared/jqueryui/images/ui-bg_flat_55_fafafa_40x100.png HTTP/1.1" 404 1097
186.103.156.24 - - [02/Mar/2017:16:20:00 -0300] "POST /cormun/servlet/trsolicitudot?247083030368fb1dd3fe6678aa14893f,gx-no-cache=1488482596527 HTTP/1.1" 200 4120
200.83.57.219 - - [02/Mar/2017:16:20:01 -0300] "GET /cormun/servlet/solicitudotadjuntos?INS,2017,5090,,1, HTTP/1.1" 200 6120
200.83.57.219 - - [02/Mar/2017:16:20:01 -0300] "GET /cormun/static/about:blank HTTP/1.1" 404 1011
200.83.57.219 - - [02/Mar/2017:16:20:01 -0300] "GET /cormun/servlet/solicitudotadjuntos?INS,2017,5090,,1, HTTP/1.1" 200 6114
200.83.57.219 - - [02/Mar/2017:16:20:02 -0300] "GET /cormun/servlet/solicitudotadjuntos?8473d0f31fd1188cd7754f763bebd947dc74b850223d63c6f87f53619506b38ed487c965a39b6f80103cab7cb2376a2d,gx-no-cache=1488482469985 HTTP/1.1" 200 30
200.83.57.219 - - [02/Mar/2017:16:20:02 -0300] "POST /cormun/servlet/solicitudotadjuntos?22a1de101424640fc43fb98135d021fe,INS,2017,5090,,1,,gx-no-cache=1488482470053 HTTP/1.1" 200 3866
200.83.57.219 - - [02/Mar/2017:16:20:04 -0300] "POST /cormun/servlet/solicitudotadjuntos?gx-no-cache=1488482472309 HTTP/1.1" 200 26
200.83.57.219 - - [02/Mar/2017:16:20:08 -0300] "GET /cormun/servlet/solicitudotadjuntos?8473d0f31fd1188cd7754f763bebd9475d7612d23346499eddd7b1f1a5ba535f,gx-no-cache=1488482476421 HTTP/1.1" 200 30
200.83.57.219 - - [02/Mar/2017:16:20:08 -0300] "GET /cormun/servlet/solicitudotadjuntos?8473d0f31fd1188cd7754f763bebd9475d7612d23346499eddd7b1f1a5ba535f,gx-no-cache=1488482476500 HTTP/1.1" 200 30
200.83.57.219 - - [02/Mar/2017:16:20:09 -0300] "POST /cormun/servlet/solicitudotadjuntos?22a1de101424640fc43fb98135d021fe,INS,2017,5090,,1, HTTP/1.1" 200 116
186.103.156.24 - - [02/Mar/2017:16:20:09 -0300] "GET /cormun/servlet/trautorizarsolicitud? HTTP/1.1" 200 8214
200.83.57.219 - - [02/Mar/2017:16:20:10 -0300] "GET /cormun/servlet/hpexe_return? HTTP/1.1" 200 1025
200.83.57.219 - - [02/Mar/2017:16:20:10 -0300] "GET /cormun/servlet/trsolicitudadjuntos?2017,5090, HTTP/1.1" 200 8328
200.83.57.219 - - [02/Mar/2017:16:20:10 -0300] "GET /cormun/servlet/trsolicitudadjuntos?2017,5090, HTTP/1.1" 200 8323
186.103.156.24 - - [02/Mar/2017:16:20:10 -0300] "GET /cormun/servlet/trautorizarsolicitud? HTTP/1.1" 200 8214
200.83.57.219 - - [02/Mar/2017:16:20:12 -0300] "GET /cormun/servlet/solicitudotadjuntos?INS,2017,5090,,1, HTTP/1.1" 200 6120
200.83.57.219 - - [02/Mar/2017:16:20:12 -0300] "GET /cormun/static/about:blank HTTP/1.1" 404 1011
200.83.57.219 - - [02/Mar/2017:16:20:12 -0300] "GET /cormun/servlet/solicitudotadjuntos?INS,2017,5090,,1, HTTP/1.1" 200 6114
200.83.57.219 - - [02/Mar/2017:16:20:13 -0300] "GET /cormun/servlet/solicitudotadjuntos?8473d0f31fd1188cd7754f763bebd947dc74b850223d63c6f87f53619506b38ed487c965a39b6f80103cab7cb2376a2d,gx-no-cache=1488482480884 HTTP/1.1" 200 30
200.83.57.219 - - [02/Mar/2017:16:20:13 -0300] "POST /cormun/servlet/solicitudotadjuntos?22a1de101424640fc43fb98135d021fe,INS,2017,5090,,1,,gx-no-cache=1488482480933 HTTP/1.1" 200 3866
200.83.57.219 - - [02/Mar/2017:16:20:15 -0300] "POST /cormun/servlet/solicitudotadjuntos?gx-no-cache=1488482483223 HTTP/1.1" 200 26
186.103.156.24 - - [02/Mar/2017:16:20:17 -0300] "POST /cormun/servlet/trautorizarsolicitud?247083030368fb1dd3fe6678aa14893f,,gx-no-cache=1488482615419 HTTP/1.1" 200 4349
186.103.156.24 - - [02/Mar/2017:16:20:18 -0300] "GET /cormun/static/Shared/jqueryui/images/ui-bg_highlight-soft_100_c6c2c8_1x100.png HTTP/1.1" 404 1117
186.103.156.24 - - [02/Mar/2017:16:20:18 -0300] "GET /cormun/static/Shared/jqueryui/images/ui-icons_82798d_256x240.png HTTP/1.1" 404 1089
186.103.156.24 - - [02/Mar/2017:16:20:18 -0300] "GET /cormun/static/Shared/jqueryui/images/ui-bg_flat_55_fafafa_40x100.png HTTP/1.1" 404 1097
186.103.156.24 - - [02/Mar/2017:16:20:18 -0300] "GET /cormun/static/Shared/jqueryui/images/ui-icons_8d78a5_256x240.png HTTP/1.1" 404 1089
186.103.156.24 - - [02/Mar/2017:16:20:18 -0300] "POST /cormun/servlet/trautorizarsolicitud?247083030368fb1dd3fe6678aa14893f,,gx-no-cache=1488482615773 HTTP/1.1" 200 4122
186.103.156.24 - - [02/Mar/2017:16:20:31 -0300] "GET /cormun/servlet/trvisualizadoreventos? HTTP/1.1" 200 6685
186.103.156.24 - - [02/Mar/2017:16:20:31 -0300] "GET /cormun/static/gxcfg.js?2016101716203350 HTTP/1.1" 200 953
186.103.156.24 - - [02/Mar/2017:16:20:31 -0300] "GET /cormun/static/trvisualizadoreventos.js?2016101716203614 HTTP/1.1" 200 19309
186.103.156.24 - - [02/Mar/2017:16:20:31 -0300] "GET /cormun/static/Resources/PXToolsActionPrint.png HTTP/1.1" 200 3317
186.103.156.24 - - [02/Mar/2017:16:20:32 -0300] "GET /cormun/servlet/trvisualizadoreventos? HTTP/1.1" 200 6685
186.103.156.24 - - [02/Mar/2017:16:20:41 -0300] "GET /cormun/static/menuarrow.gif HTTP/1.1" 404 1015
186.103.156.24 - - [02/Mar/2017:16:20:46 -0300] "POST /cormun/servlet/trvisualizadoreventos?247083030368fb1dd3fe6678aa14893f,,gx-no-cache=1488482646970 HTTP/1.1" 200 3962
186.103.156.24 - - [02/Mar/2017:16:21:04 -0300] "POST /cormun/servlet/trvisualizadoreventos?247083030368fb1dd3fe6678aa14893f,,gx-no-cache=1488482666447 HTTP/1.1" 200 4380
186.79.129.193 - - [02/Mar/2017:16:21:16 -0300] "POST /cormun/servlet/solicitudot?gx-no-cache=1488482549860 HTTP/1.1" 200 3253
186.103.156.24 - - [02/Mar/2017:16:21:17 -0300] "POST /cormun/servlet/trvisualizadoreventos?247083030368fb1dd3fe6678aa14893f,,gx-no-cache=1488482681610 HTTP/1.1" 200 3966
186.103.156.24 - - [02/Mar/2017:16:21:27 -0300] "POST /cormun/servlet/trvisualizadoreventos?247083030368fb1dd3fe6678aa14893f,,gx-no-cache=1488482692530 HTTP/1.1" 200 4380
186.103.156.24 - - [02/Mar/2017:16:21:32 -0300] "GET /cormun/servlet/trsolicitudot? HTTP/1.1" 200 6930
186.103.156.24 - - [02/Mar/2017:16:21:33 -0300] "GET /cormun/servlet/trsolicitudot? HTTP/1.1" 200 6930
186.103.156.24 - - [02/Mar/2017:16:21:33 -0300] "GET /cormun/servlet/trsolicitudot? HTTP/1.1" 200 6930
186.103.156.24 - - [02/Mar/2017:16:21:34 -0300] "GET /cormun/servlet/trsolicitudot? HTTP/1.1" 200 6930
200.83.57.219 - - [02/Mar/2017:16:21:35 -0300] "GET /cormun/servlet/solicitudotadjuntos?8473d0f31fd1188cd7754f763bebd9475d7612d23346499eddd7b1f1a5ba535f,gx-no-cache=1488482563035 HTTP/1.1" 200 30
200.83.57.219 - - [02/Mar/2017:16:21:35 -0300] "GET /cormun/servlet/solicitudotadjuntos?8473d0f31fd1188cd7754f763bebd9475d7612d23346499eddd7b1f1a5ba535f,gx-no-cache=1488482563189 HTTP/1.1" 200 30
200.83.57.219 - - [02/Mar/2017:16:21:35 -0300] "POST /cormun/servlet/solicitudotadjuntos?22a1de101424640fc43fb98135d021fe,INS,2017,5090,,1, HTTP/1.1" 200 116
200.83.57.219 - - [02/Mar/2017:16:21:36 -0300] "GET /cormun/servlet/hpexe_return? HTTP/1.1" 200 1025
200.83.57.219 - - [02/Mar/2017:16:21:36 -0300] "GET /cormun/servlet/trsolicitudadjuntos?2017,5090, HTTP/1.1" 200 8517
200.83.57.219 - - [02/Mar/2017:16:21:36 -0300] "GET /cormun/servlet/trsolicitudadjuntos?2017,5090, HTTP/1.1" 200 8516
200.83.57.219 - - [02/Mar/2017:16:21:38 -0300] "GET /cormun/servlet/solicitudotadjuntos?INS,2017,5090,,1, HTTP/1.1" 200 6120
200.83.57.219 - - [02/Mar/2017:16:21:38 -0300] "GET /cormun/static/about:blank HTTP/1.1" 404 1011
200.83.57.219 - - [02/Mar/2017:16:21:38 -0300] "GET /cormun/servlet/solicitudotadjuntos?INS,2017,5090,,1, HTTP/1.1" 200 6114
200.83.57.219 - - [02/Mar/2017:16:21:39 -0300] "GET /cormun/servlet/solicitudotadjuntos?8473d0f31fd1188cd7754f763bebd947dc74b850223d63c6f87f53619506b38ed487c965a39b6f80103cab7cb2376a2d,gx-no-cache=1488482567090 HTTP/1.1" 200 30
200.83.57.219 - - [02/Mar/2017:16:21:39 -0300] "POST /cormun/servlet/solicitudotadjuntos?22a1de101424640fc43fb98135d021fe,INS,2017,5090,,1,,gx-no-cache=1488482567194 HTTP/1.1" 200 3866
186.103.156.24 - - [02/Mar/2017:16:21:40 -0300] "GET /cormun/servlet/solicitudot?INS,0,0, HTTP/1.1" 200 12759
186.103.156.24 - - [02/Mar/2017:16:21:41 -0300] "GET /cormun/servlet/solicitudot?INS,0,0, HTTP/1.1" 200 12764
200.83.57.219 - - [02/Mar/2017:16:21:41 -0300] "POST /cormun/servlet/solicitudotadjuntos?gx-no-cache=1488482568899 HTTP/1.1" 200 26
200.83.57.219 - - [02/Mar/2017:16:21:45 -0300] "GET /cormun/servlet/solicitudotadjuntos?8473d0f31fd1188cd7754f763bebd9475d7612d23346499eddd7b1f1a5ba535f,gx-no-cache=1488482573448 HTTP/1.1" 200 30
200.83.57.219 - - [02/Mar/2017:16:21:45 -0300] "GET /cormun/servlet/solicitudotadjuntos?8473d0f31fd1188cd7754f763bebd9475d7612d23346499eddd7b1f1a5ba535f,gx-no-cache=1488482573483 HTTP/1.1" 200 30
200.83.57.219 - - [02/Mar/2017:16:21:46 -0300] "POST /cormun/servlet/solicitudotadjuntos?22a1de101424640fc43fb98135d021fe,INS,2017,5090,,1, HTTP/1.1" 200 116
200.83.57.219 - - [02/Mar/2017:16:21:46 -0300] "GET /cormun/servlet/hpexe_return? HTTP/1.1" 200 1025
200.83.57.219 - - [02/Mar/2017:16:21:46 -0300] "GET /cormun/servlet/trsolicitudadjuntos?2017,5090, HTTP/1.1" 200 8674
200.83.57.219 - - [02/Mar/2017:16:21:46 -0300] "GET /cormun/servlet/trsolicitudadjuntos?2017,5090, HTTP/1.1" 200 8672
200.83.57.219 - - [02/Mar/2017:16:21:49 -0300] "GET /cormun/servlet/solicitudotadjuntos?INS,2017,5090,,1, HTTP/1.1" 200 6120
200.83.57.219 - - [02/Mar/2017:16:21:49 -0300] "GET /cormun/static/about:blank HTTP/1.1" 404 1011
200.83.57.219 - - [02/Mar/2017:16:21:49 -0300] "GET /cormun/servlet/solicitudotadjuntos?INS,2017,5090,,1, HTTP/1.1" 200 6114
200.83.57.219 - - [02/Mar/2017:16:21:49 -0300] "GET /cormun/servlet/solicitudotadjuntos?8473d0f31fd1188cd7754f763bebd947dc74b850223d63c6f87f53619506b38ed487c965a39b6f80103cab7cb2376a2d,gx-no-cache=1488482577524 HTTP/1.1" 200 30
200.83.57.219 - - [02/Mar/2017:16:21:50 -0300] "POST /cormun/servlet/solicitudotadjuntos?22a1de101424640fc43fb98135d021fe,INS,2017,5090,,1,,gx-no-cache=1488482577617 HTTP/1.1" 200 3866
200.83.57.219 - - [02/Mar/2017:16:21:51 -0300] "POST /cormun/servlet/solicitudotadjuntos?gx-no-cache=1488482579536 HTTP/1.1" 200 26
186.103.156.24 - - [02/Mar/2017:16:21:54 -0300] "POST /cormun/servlet/solicitudot?gx-no-cache=1488482722218 HTTP/1.1" 200 3177
186.103.156.24 - - [02/Mar/2017:16:21:55 -0300] "POST /cormun/servlet/solicitudot?247083030368fb1dd3fe6678aa14893f,INS,0,0,,gx-no-cache=1488482722440 HTTP/1.1" 200 9968
200.83.57.219 - - [02/Mar/2017:16:22:00 -0300] "GET /cormun/servlet/solicitudotadjuntos?8473d0f31fd1188cd7754f763bebd9475d7612d23346499eddd7b1f1a5ba535f,gx-no-cache=1488482588152 HTTP/1.1" 200 30
200.83.57.219 - - [02/Mar/2017:16:22:00 -0300] "GET /cormun/servlet/solicitudotadjuntos?8473d0f31fd1188cd7754f763bebd9475d7612d23346499eddd7b1f1a5ba535f,gx-no-cache=1488482588196 HTTP/1.1" 200 30
200.83.57.219 - - [02/Mar/2017:16:22:00 -0300] "POST /cormun/servlet/solicitudotadjuntos?22a1de101424640fc43fb98135d021fe,INS,2017,5090,,1, HTTP/1.1" 200 116
200.83.57.219 - - [02/Mar/2017:16:22:00 -0300] "GET /cormun/servlet/hpexe_return? HTTP/1.1" 200 1025
200.83.57.219 - - [02/Mar/2017:16:22:01 -0300] "GET /cormun/servlet/trsolicitudadjuntos?2017,5090, HTTP/1.1" 200 8813
200.83.57.219 - - [02/Mar/2017:16:22:01 -0300] "GET /cormun/servlet/trsolicitudadjuntos?2017,5090, HTTP/1.1" 200 8811
186.103.156.24 - - [02/Mar/2017:16:22:01 -0300] "GET /cormun/servlet/solicitudot?395a255579487698b562f39cb8d66abb9a6dcdaddc7e4bf3419112ebf81b073d47a5633567fe7732d59ba851bcef212e,gx-no-cache=1488482729636 HTTP/1.1" 200 30
186.103.156.24 - - [02/Mar/2017:16:22:01 -0300] "POST /cormun/servlet/solicitudot?gx-no-cache=1488482729780 HTTP/1.1" 200 255
186.103.156.24 - - [02/Mar/2017:16:22:02 -0300] "GET /cormun/servlet/solicitudot?395a255579487698b562f39cb8d66abb0c692d643a9ae4442a77ffb4cb4ba59af5149e1d71fac5809d8bb6a2c41e0dd0e3463e850b2beaec89144c22c790b3de7c24c05686cddb2050703c4e36eaf92a4a72022b8104bfed7a6a4938bf92662246581cea26f3e1d7fa9724f9d627dc2ea5b9dd46f1dba2b19af7c00c34e86b7b88a0fd9fadcb16306605797da1084b347aa7d639078c376e4823a342cd082acaca0587e518a4b61f984b48c3aeddf3d3fc73e7a4e2a479df85eeff5bc05d90c945b14320f75303d748e92de235cbc4dc3f84c3c65bc14193d5f46af04b88084fd8312e2eb071788dcb62ed93b700e46a1bfa6ef1f1e3aebc21ca91216d526e0791ab74a170a05af19acb923e95dd5a58a767e1f2095a15f6ae26326509be1f78f85821c397f6e65765b19435e7d1c3954eba8b97e217642a0bc38f070b81c0ca52b4e43e963985afba665a26da300ee6a2c3c25e5fa63547da4d763fcc7ab09ca595847b8f9fe4204bd0e2c020b9568caeac089e395aa0f3b88e9751f6228129,gx-no-cache=1488482729864 HTTP/1.1" 200 30
186.103.156.24 - - [02/Mar/2017:16:22:02 -0300] "POST /cormun/servlet/solicitudot?gx-no-cache=1488482730216 HTTP/1.1" 200 30
186.103.156.24 - - [02/Mar/2017:16:22:02 -0300] "POST /cormun/servlet/solicitudot?gx-no-cache=1488482730279 HTTP/1.1" 200 1291
186.103.156.24 - - [02/Mar/2017:16:22:02 -0300] "POST /cormun/servlet/solicitudot?gx-no-cache=1488482730345 HTTP/1.1" 200 38
200.83.57.219 - - [02/Mar/2017:16:22:03 -0300] "GET /cormun/servlet/solicitudotadjuntos?INS,2017,5090,,1, HTTP/1.1" 200 6120
200.83.57.219 - - [02/Mar/2017:16:22:03 -0300] "GET /cormun/static/about:blank HTTP/1.1" 404 1011
200.83.57.219 - - [02/Mar/2017:16:22:03 -0300] "GET /cormun/servlet/solicitudotadjuntos?INS,2017,5090,,1, HTTP/1.1" 200 6114
200.83.57.219 - - [02/Mar/2017:16:22:04 -0300] "GET /cormun/servlet/solicitudotadjuntos?8473d0f31fd1188cd7754f763bebd947dc74b850223d63c6f87f53619506b38ed487c965a39b6f80103cab7cb2376a2d,gx-no-cache=1488482592051 HTTP/1.1" 200 30
200.83.57.219 - - [02/Mar/2017:16:22:04 -0300] "POST /cormun/servlet/solicitudotadjuntos?22a1de101424640fc43fb98135d021fe,INS,2017,5090,,1,,gx-no-cache=1488482592145 HTTP/1.1" 200 3866
200.83.57.219 - - [02/Mar/2017:16:22:06 -0300] "POST /cormun/servlet/solicitudotadjuntos?gx-no-cache=1488482594274 HTTP/1.1" 200 26
200.83.57.219 - - [02/Mar/2017:16:22:13 -0300] "GET /cormun/servlet/solicitudotadjuntos?8473d0f31fd1188cd7754f763bebd9475d7612d23346499eddd7b1f1a5ba535f,gx-no-cache=1488482600960 HTTP/1.1" 200 30
200.83.57.219 - - [02/Mar/2017:16:22:13 -0300] "GET /cormun/servlet/solicitudotadjuntos?8473d0f31fd1188cd7754f763bebd9475d7612d23346499eddd7b1f1a5ba535f,gx-no-cache=1488482600998 HTTP/1.1" 200 30
200.83.57.219 - - [02/Mar/2017:16:22:13 -0300] "POST /cormun/servlet/solicitudotadjuntos?22a1de101424640fc43fb98135d021fe,INS,2017,5090,,1, HTTP/1.1" 200 116
200.83.57.219 - - [02/Mar/2017:16:22:13 -0300] "GET /cormun/servlet/hpexe_return? HTTP/1.1" 200 1025
200.83.57.219 - - [02/Mar/2017:16:22:13 -0300] "GET /cormun/servlet/trsolicitudadjuntos?2017,5090, HTTP/1.1" 200 9051
200.83.57.219 - - [02/Mar/2017:16:22:14 -0300] "GET /cormun/servlet/trsolicitudadjuntos?2017,5090, HTTP/1.1" 200 9047
200.83.57.219 - - [02/Mar/2017:16:22:16 -0300] "GET /cormun/servlet/solicitudotadjuntos?INS,2017,5090,,1, HTTP/1.1" 200 6118
200.83.57.219 - - [02/Mar/2017:16:22:16 -0300] "GET /cormun/static/about:blank HTTP/1.1" 404 1011
200.83.57.219 - - [02/Mar/2017:16:22:16 -0300] "GET /cormun/servlet/solicitudotadjuntos?INS,2017,5090,,1, HTTP/1.1" 200 6112
200.83.57.219 - - [02/Mar/2017:16:22:17 -0300] "GET /cormun/servlet/solicitudotadjuntos?8473d0f31fd1188cd7754f763bebd947dc74b850223d63c6f87f53619506b38ed487c965a39b6f80103cab7cb2376a2d,gx-no-cache=1488482605033 HTTP/1.1" 200 30
200.83.57.219 - - [02/Mar/2017:16:22:17 -0300] "POST /cormun/servlet/solicitudotadjuntos?22a1de101424640fc43fb98135d021fe,INS,2017,5090,,1,,gx-no-cache=1488482605079 HTTP/1.1" 200 3864
186.103.156.24 - - [02/Mar/2017:16:22:18 -0300] "POST /cormun/servlet/solicitudot?gx-no-cache=1488482748910 HTTP/1.1" 200 30
200.83.57.219 - - [02/Mar/2017:16:22:19 -0300] "POST /cormun/servlet/solicitudotadjuntos?gx-no-cache=1488482606976 HTTP/1.1" 200 26
186.103.156.24 - - [02/Mar/2017:16:22:22 -0300] "GET /cormun/servlet/prsolicitudot?16255094,,,,,MD,,gxPopupLevel%3D0%3B HTTP/1.1" 200 6125
200.83.57.219 - - [02/Mar/2017:16:22:24 -0300] "GET /cormun/servlet/solicitudotadjuntos?8473d0f31fd1188cd7754f763bebd9475d7612d23346499eddd7b1f1a5ba535f,gx-no-cache=1488482612529 HTTP/1.1" 200 30
200.83.57.219 - - [02/Mar/2017:16:22:24 -0300] "GET /cormun/servlet/solicitudotadjuntos?8473d0f31fd1188cd7754f763bebd9475d7612d23346499eddd7b1f1a5ba535f,gx-no-cache=1488482612581 HTTP/1.1" 200 30
200.83.57.219 - - [02/Mar/2017:16:22:25 -0300] "POST /cormun/servlet/solicitudotadjuntos?22a1de101424640fc43fb98135d021fe,INS,2017,5090,,1, HTTP/1.1" 200 116
200.83.57.219 - - [02/Mar/2017:16:22:25 -0300] "GET /cormun/servlet/hpexe_return? HTTP/1.1" 200 1025
200.83.57.219 - - [02/Mar/2017:16:22:25 -0300] "GET /cormun/servlet/trsolicitudadjuntos?2017,5090, HTTP/1.1" 200 9231
200.83.57.219 - - [02/Mar/2017:16:22:25 -0300] "GET /cormun/servlet/trsolicitudadjuntos?2017,5090, HTTP/1.1" 200 9230
200.83.57.219 - - [02/Mar/2017:16:22:27 -0300] "GET /cormun/servlet/solicitudotadjuntos?INS,2017,5090,,2, HTTP/1.1" 200 6115
200.83.57.219 - - [02/Mar/2017:16:22:28 -0300] "GET /cormun/static/about:blank HTTP/1.1" 404 1011
200.83.57.219 - - [02/Mar/2017:16:22:28 -0300] "GET /cormun/servlet/solicitudotadjuntos?INS,2017,5090,,2, HTTP/1.1" 200 6109
200.83.57.219 - - [02/Mar/2017:16:22:28 -0300] "GET /cormun/servlet/solicitudotadjuntos?8473d0f31fd1188cd7754f763bebd947dc74b850223d63c6f87f53619506b38ed487c965a39b6f80103cab7cb2376a2d,gx-no-cache=1488482616256 HTTP/1.1" 200 30
200.83.57.219 - - [02/Mar/2017:16:22:28 -0300] "POST /cormun/servlet/solicitudotadjuntos?22a1de101424640fc43fb98135d021fe,INS,2017,5090,,2,,gx-no-cache=1488482616322 HTTP/1.1" 200 4007
186.103.156.24 - - [02/Mar/2017:16:22:31 -0300] "POST /cormun/servlet/solicitudot?gx-no-cache=1488482762185 HTTP/1.1" 200 1291
186.103.156.24 - - [02/Mar/2017:16:22:32 -0300] "POST /cormun/servlet/solicitudot?gx-no-cache=1488482762430 HTTP/1.1" 200 38
186.103.156.24 - - [02/Mar/2017:16:22:32 -0300] "GET /cormun/servlet/solicitudot?395a255579487698b562f39cb8d66abba3d7c6230766f495c2d1fa72fb1dfa30e804ee9c5f830820ccf87678347d1ace47e59728a1f98cd1275b68875a627f4f82ec261ecb24f1b0ccf078d463f5db3c140584d75115c0842ff77523edf6306ff3f639b286a9cc48c30f2f4224f5f32029c0ab3a7e05329282e7478a3caac3caac681e372cbfbf145f3cf0aae045b0040a0897e18567ede243c4f42e9573f19eb37ad85b6259aa488345f27bbb6a8ab61ab756ab90a09a0070bbab25a90cc64212efbf5370a0d2b2c3762f2a73c5a70b,gx-no-cache=1488482762490 HTTP/1.1" 200 29
186.103.156.24 - - [02/Mar/2017:16:22:32 -0300] "POST /cormun/servlet/solicitudot?gx-no-cache=1488482762545 HTTP/1.1" 200 1274
200.83.57.219 - - [02/Mar/2017:16:22:32 -0300] "POST /cormun/servlet/solicitudotadjuntos?gx-no-cache=1488482619865 HTTP/1.1" 200 26
186.103.156.24 - - [02/Mar/2017:16:22:32 -0300] "POST /cormun/servlet/solicitudot?gx-no-cache=1488482762619 HTTP/1.1" 200 1157
200.83.57.219 - - [02/Mar/2017:16:22:38 -0300] "GET /cormun/servlet/solicitudotadjuntos?8473d0f31fd1188cd7754f763bebd9475d7612d23346499eddd7b1f1a5ba535f,gx-no-cache=1488482626353 HTTP/1.1" 200 30
200.83.57.219 - - [02/Mar/2017:16:22:38 -0300] "GET /cormun/servlet/solicitudotadjuntos?8473d0f31fd1188cd7754f763bebd9475d7612d23346499eddd7b1f1a5ba535f,gx-no-cache=1488482626400 HTTP/1.1" 200 30
200.83.57.219 - - [02/Mar/2017:16:22:40 -0300] "POST /cormun/servlet/solicitudotadjuntos?22a1de101424640fc43fb98135d021fe,INS,2017,5090,,2, HTTP/1.1" 200 116
200.83.57.219 - - [02/Mar/2017:16:22:40 -0300] "GET /cormun/servlet/hpexe_return? HTTP/1.1" 200 1025
200.83.57.219 - - [02/Mar/2017:16:22:40 -0300] "GET /cormun/servlet/trsolicitudadjuntos?2017,5090, HTTP/1.1" 200 9450
200.83.57.219 - - [02/Mar/2017:16:22:41 -0300] "GET /cormun/servlet/trsolicitudadjuntos?2017,5090, HTTP/1.1" 200 9448
200.83.57.219 - - [02/Mar/2017:16:22:43 -0300] "GET /cormun/servlet/solicitudotadjuntos?INS,2017,5090,,2, HTTP/1.1" 200 6115
200.83.57.219 - - [02/Mar/2017:16:22:43 -0300] "GET /cormun/static/about:blank HTTP/1.1" 404 1011
200.83.57.219 - - [02/Mar/2017:16:22:43 -0300] "GET /cormun/servlet/solicitudotadjuntos?INS,2017,5090,,2, HTTP/1.1" 200 6109
200.83.57.219 - - [02/Mar/2017:16:22:43 -0300] "GET /cormun/servlet/solicitudotadjuntos?8473d0f31fd1188cd7754f763bebd947dc74b850223d63c6f87f53619506b38ed487c965a39b6f80103cab7cb2376a2d,gx-no-cache=1488482631661 HTTP/1.1" 200 30
200.83.57.219 - - [02/Mar/2017:16:22:44 -0300] "POST /cormun/servlet/solicitudotadjuntos?22a1de101424640fc43fb98135d021fe,INS,2017,5090,,2,,gx-no-cache=1488482631704 HTTP/1.1" 200 4007
200.83.57.219 - - [02/Mar/2017:16:22:46 -0300] "POST /cormun/servlet/solicitudotadjuntos?gx-no-cache=1488482634037 HTTP/1.1" 200 26
186.103.156.24 - - [02/Mar/2017:16:22:50 -0300] "POST /cormun/servlet/solicitudot?gx-no-cache=1488482783143 HTTP/1.1" 200 1274
186.103.156.24 - - [02/Mar/2017:16:22:50 -0300] "POST /cormun/servlet/solicitudot?gx-no-cache=1488482783256 HTTP/1.1" 200 1157
186.103.156.24 - - [02/Mar/2017:16:22:50 -0300] "GET /cormun/servlet/solicitudot?395a255579487698b562f39cb8d66abba328e61f09ab511a4e4d1c8a88043dc77a4c47976f80346ede35e152bef8d192886812383583a5cc8c19d198227377ae044df667a478792341a06362ad1af30207102344d4bd38f390a241da4a52f9175112d533bf2d064f4dd11e628bd4ce174bb66634554523731e455160cc11d0ef3fb2c6140f97632802b2ce6afd8c851c031e0d768182eceea2afb1c5cd23ea9a80020ebd6869b560f70c6eccb7f98e4e,gx-no-cache=1488482783323 HTTP/1.1" 200 30
200.83.57.219 - - [02/Mar/2017:16:22:53 -0300] "POST /cormun/servlet/solicitudotadjuntos?22a1de101424640fc43fb98135d021fe,INS,2017,5090,,2,,gx-no-cache=1488482640863 HTTP/1.1" 200 93
200.83.57.219 - - [02/Mar/2017:16:22:53 -0300] "GET /cormun/servlet/hpexe_return? HTTP/1.1" 200 1025
200.83.57.219 - - [02/Mar/2017:16:22:53 -0300] "GET /cormun/servlet/trsolicitudadjuntos?2017,5090, HTTP/1.1" 200 9446
200.83.57.219 - - [02/Mar/2017:16:22:54 -0300] "GET /cormun/servlet/trsolicitudadjuntos?2017,5090, HTTP/1.1" 200 9445
200.83.57.219 - - [02/Mar/2017:16:23:02 -0300] "POST /cormun/servlet/trsolicitudadjuntos?22a1de101424640fc43fb98135d021fe,2017,5090,,gx-no-cache=1488482649720 HTTP/1.1" 200 90
200.83.57.219 - - [02/Mar/2017:16:23:02 -0300] "GET /cormun/servlet/hpexe_link HTTP/1.1" 200 971
200.83.57.219 - - [02/Mar/2017:16:23:02 -0300] "GET /cormun/servlet/trsolicitudot HTTP/1.1" 200 8708
200.83.57.219 - - [02/Mar/2017:16:23:02 -0300] "GET /cormun/servlet/trsolicitudot HTTP/1.1" 200 8706
200.83.57.219 - - [02/Mar/2017:16:23:06 -0300] "POST /cormun/servlet/trsolicitudot?22a1de101424640fc43fb98135d021fe,gx-no-cache=1488482654456 HTTP/1.1" 200 106
200.83.57.219 - - [02/Mar/2017:16:23:07 -0300] "GET /cormun/servlet/trsolicitudadjuntos?2017,5090, HTTP/1.1" 200 9444
200.83.57.219 - - [02/Mar/2017:16:23:07 -0300] "GET /cormun/servlet/trsolicitudadjuntos?2017,5090, HTTP/1.1" 200 9445
200.83.57.219 - - [02/Mar/2017:16:23:18 -0300] "POST /cormun/servlet/trsolicitudadjuntos?22a1de101424640fc43fb98135d021fe,2017,5090,,gx-no-cache=1488482666378 HTTP/1.1" 200 90
200.83.57.219 - - [02/Mar/2017:16:23:18 -0300] "GET /cormun/servlet/hpexe_link HTTP/1.1" 200 971
200.83.57.219 - - [02/Mar/2017:16:23:19 -0300] "GET /cormun/servlet/trsolicitudot HTTP/1.1" 200 8708
200.83.57.219 - - [02/Mar/2017:16:23:19 -0300] "GET /cormun/servlet/trsolicitudot HTTP/1.1" 200 8706
186.103.156.24 - - [02/Mar/2017:16:23:21 -0300] "POST /cormun/servlet/solicitudot?247083030368fb1dd3fe6678aa14893f,INS,0,0,,gx-no-cache=1488482817485 HTTP/1.1" 200 93
186.103.156.24 - - [02/Mar/2017:16:23:21 -0300] "GET /cormun/servlet/hpexe_return? HTTP/1.1" 200 1004
186.103.156.24 - - [02/Mar/2017:16:23:22 -0300] "GET /cormun/servlet/trsolicitudot HTTP/1.1" 200 8238
186.103.156.24 - - [02/Mar/2017:16:23:23 -0300] "GET /cormun/servlet/trsolicitudot HTTP/1.1" 200 8234
186.103.156.24 - - [02/Mar/2017:16:23:32 -0300] "POST /cormun/servlet/trsolicitudot?247083030368fb1dd3fe6678aa14893f,gx-no-cache=1488482829825 HTTP/1.1" 200 4356
