186.103.159.46 - - [02/Mar/2017:15:27:01 -0300] "GET /cormun/servlet/permisosadjuntos?INS,12515426,P,20170302162133,, HTTP/1.1" 200 5401
186.103.159.46 - - [02/Mar/2017:15:27:02 -0300] "GET /cormun/static/about:blank HTTP/1.1" 404 1011
200.83.57.219 - - [02/Mar/2017:15:27:03 -0300] "GET /cormun/PublicTempStorage/cv_joselyn__rubio_ortega_%28egb%29_profesora1413771.pdf HTTP/1.1" 200 70038
186.103.159.46 - - [02/Mar/2017:15:27:03 -0300] "GET /cormun/servlet/permisosadjuntos?INS,12515426,P,20170302162133,, HTTP/1.1" 200 5391
192.168.10.96 - - [02/Mar/2017:15:27:06 -0300] "GET /cormun/servlet/hlogin HTTP/1.1" 200 1754
200.83.57.219 - - [02/Mar/2017:15:27:08 -0300] "GET /cormun/servlet/trsolicitudadjuntos?2017,4936, HTTP/1.1" 200 9472
200.83.57.219 - - [02/Mar/2017:15:27:09 -0300] "GET /cormun/servlet/trsolicitudadjuntos?2017,4936, HTTP/1.1" 200 9472
200.83.57.219 - - [02/Mar/2017:15:27:13 -0300] "GET /cormun/servlet/trsolicitudot? HTTP/1.1" 200 8826
200.83.57.219 - - [02/Mar/2017:15:27:13 -0300] "GET /cormun/servlet/trsolicitudot? HTTP/1.1" 200 8819
186.103.159.46 - - [02/Mar/2017:15:27:14 -0300] "POST /cormun/servlet/permisosadjuntos?3f48d312b7f344841ff3d332f3212386,INS,12515426,P,20170302162133,, HTTP/1.1" 200 116
186.103.159.46 - - [02/Mar/2017:15:27:15 -0300] "GET /cormun/servlet/hpexe_return? HTTP/1.1" 200 1035
186.103.159.46 - - [02/Mar/2017:15:27:15 -0300] "GET /cormun/servlet/trpermisosadjuntos?12515426,20170302162133,P, HTTP/1.1" 200 6547
186.103.159.46 - - [02/Mar/2017:15:27:16 -0300] "GET /cormun/servlet/trpermisosadjuntos?12515426,20170302162133,P, HTTP/1.1" 200 6542
200.83.57.219 - - [02/Mar/2017:15:27:17 -0300] "POST /cormun/servlet/trsolicitudot?7390087870a7023802b5e2dfb417d1aa,,gx-no-cache=1488479310566 HTTP/1.1" 200 106
200.83.57.219 - - [02/Mar/2017:15:27:17 -0300] "GET /cormun/servlet/solicitudot?UPD,2017,4936, HTTP/1.1" 200 14640
200.83.57.219 - - [02/Mar/2017:15:27:18 -0300] "GET /cormun/servlet/solicitudot?UPD,2017,4936, HTTP/1.1" 200 14649
200.83.57.219 - - [02/Mar/2017:15:27:18 -0300] "POST /cormun/servlet/solicitudot?gx-no-cache=1488479311878 HTTP/1.1" 200 3166
200.83.57.219 - - [02/Mar/2017:15:27:19 -0300] "POST /cormun/servlet/solicitudot?7390087870a7023802b5e2dfb417d1aa,UPD,2017,4936,,gx-no-cache=1488479312268 HTTP/1.1" 200 11085
200.83.57.219 - - [02/Mar/2017:15:27:19 -0300] "GET /cormun/servlet/solicitudot?ab36da116ac26835b1ee8c9c0f9eafa0d38e3566550ae52c88df63487fee6b0964eaa1216cf90097b46331aed51d6ce6,gx-no-cache=1488479312552 HTTP/1.1" 200 30
200.83.57.219 - - [02/Mar/2017:15:27:19 -0300] "POST /cormun/servlet/solicitudot?gx-no-cache=1488479312637 HTTP/1.1" 200 297
200.83.57.219 - - [02/Mar/2017:15:27:19 -0300] "GET /cormun/servlet/solicitudot?ab36da116ac26835b1ee8c9c0f9eafa09d8a654f3c77bd24c1d8d5325f12233ef5ddb29c579afe4c0e83095b48c3c12742bdd34000c4c3b362ccfd6e753ad4a5ac13af1ef82a42bf374e8ddc242de3f5167bde42fa95c7a96ab6a0dd956f1bc9d0bc9020ff0a2b0030ceff5fba5e3ef20eac26b0e10202127fcce90263930215d60d7d8ead3dcd0c8425834a0e1a7fe202472ba8074400490c7dc00412d111e23d0ee9d703b49979cf6a1b98229fac0b117d6bb2335d7ca64ffe50f05c3f8b5a2179182b76b3aba5a990519ee82cc8716a758e7f84638356ac78891180318fa9488be3fbee3c85a1c60f00e1df4f75f8799c05644b6da85af854be357410fb13eedb3b7553f148af3d19f4d4aea431bff69f342bf2346ef61a730f4ec770032f0235aa7c02e6c54f63558f36e31c8c9942e687ebceedf58227bdbce1c93c09fcc4b1c4cd3da00318a22111e396900d0727d8412f11a73053aedf4d113fe7a0108f013b3d64e8bf36b07cf38108dc7b73bf24c1aaaeb59d205d87d72d42cb92b687ae22543f4fa74c7744d8c4999bd31f,gx-no-cache=1488479312709 HTTP/1.1" 200 30
200.83.57.219 - - [02/Mar/2017:15:27:19 -0300] "POST /cormun/servlet/solicitudot?gx-no-cache=1488479312780 HTTP/1.1" 200 30
200.83.57.219 - - [02/Mar/2017:15:27:19 -0300] "POST /cormun/servlet/solicitudot?gx-no-cache=1488479312874 HTTP/1.1" 200 1287
200.83.57.219 - - [02/Mar/2017:15:27:19 -0300] "POST /cormun/servlet/solicitudot?gx-no-cache=1488479312978 HTTP/1.1" 200 41
192.168.10.96 - - [02/Mar/2017:15:27:22 -0300] "POST /cormun/servlet/hlogin?0073f10afce07d3c664424a58be56ae9,gx-no-cache=1488482528238 HTTP/1.1" 200 90
192.168.10.96 - - [02/Mar/2017:15:27:22 -0300] "GET /cormun/servlet/hpexe_link HTTP/1.1" 200 975
192.168.10.96 - - [02/Mar/2017:15:27:22 -0300] "GET /cormun/servlet/solicitudgral?UPD,2017,4874, HTTP/1.1" 200 11864
192.168.10.96 - - [02/Mar/2017:15:27:23 -0300] "GET /cormun/servlet/solicitudgral?UPD,2017,4874, HTTP/1.1" 200 11872
192.168.10.96 - - [02/Mar/2017:15:27:23 -0300] "POST /cormun/servlet/solicitudgral?gx-no-cache=1488482529581 HTTP/1.1" 200 3145
192.168.10.96 - - [02/Mar/2017:15:27:23 -0300] "GET /cormun/servlet/solicitudgral?769f64dc4da8a5075ddf9712367a53daec76594900cd5e43fdebc64d3852ba7ef16e4748a8f969a4e73bf3dc94c49c92e2495b5e01a56ebb5ad4faee0e071b6d6bc1d22102890ab5824fbcda2d17575f03ce361b502b54f15efd625c66d1c6c8a02aaeb27f531c8cb746081c3c0e1dffab1f4e87dc6e44055ac434d9fb24ea716f0d6d7111f418a06c0312c2583f714a34530e75f336667058f0feb591638f2cfcdbe17c0f641ee760f88082ac02e26fa7417c61c6486fc12a7eb843f3a4b40de1f229237d921cc0e94932914e06cba8d97cb92a3c3fe89f161971e4a7f81eda786fffa711d91f655d8b54e41f9704e2b051ed8bbc3b354202a6ed4d4bc3e5cc1d04e16728585b8dd6adb923ad25c7f9ce5b95ab0524bff2d676da17c41be260efa9ee28591635da7e955dfb72468787aed1b6e0ee84800bc53518e2a639a81cb790719910c82991ae21014cd74fdc9e,gx-no-cache=1488482529712 HTTP/1.1" 200 257
186.103.159.46 - - [02/Mar/2017:15:27:24 -0300] "POST /cormun/servlet/trpermisosadjuntos?3f48d312b7f344841ff3d332f3212386,12515426,20170302162133,P,,gx-no-cache=1488479315532 HTTP/1.1" 200 90
186.103.159.46 - - [02/Mar/2017:15:27:25 -0300] "GET /cormun/servlet/hpexe_link HTTP/1.1" 200 982
186.103.159.46 - - [02/Mar/2017:15:27:25 -0300] "GET /cormun/servlet/trpermisosgoce HTTP/1.1" 200 8608
186.103.159.46 - - [02/Mar/2017:15:27:26 -0300] "GET /cormun/servlet/trpermisosgoce HTTP/1.1" 200 8608
186.103.159.46 - - [02/Mar/2017:15:27:33 -0300] "POST /cormun/servlet/trpermisosgoce?3f48d312b7f344841ff3d332f3212386,gx-no-cache=1488479323990 HTTP/1.1" 200 5896
186.103.159.46 - - [02/Mar/2017:15:27:42 -0300] "POST /cormun/servlet/trpermisosgoce?3f48d312b7f344841ff3d332f3212386,gx-no-cache=1488479333412 HTTP/1.1" 200 5895
200.83.57.219 - - [02/Mar/2017:15:27:45 -0300] "POST /cormun/servlet/solicitudot?gx-no-cache=1488479338174 HTTP/1.1" 200 297
200.83.57.219 - - [02/Mar/2017:15:27:45 -0300] "GET /cormun/servlet/solicitudot?ab36da116ac26835b1ee8c9c0f9eafa09d8a654f3c77bd24c1d8d5325f12233ef5ddb29c579afe4c0e83095b48c3c12742bdd34000c4c3b362ccfd6e753ad4a5ac13af1ef82a42bf374e8ddc242de3f5167bde42fa95c7a96ab6a0dd956f1bc9d0bc9020ff0a2b0030ceff5fba5e3ef20eac26b0e10202127fcce90263930215d60d7d8ead3dcd0c8425834a0e1a7fe202472ba8074400490c7dc00412d111e23d0ee9d703b49979cf6a1b98229fac0b117d6bb2335d7ca64ffe50f05c3f8b5a2179182b76b3aba5a990519ee82cc8716a758e7f84638356ac78891180318fa9488be3fbee3c85a1c60f00e1df4f75f8799c05644b6da85af854be357410fb13eedb3b7553f148af3d19f4d4aea431bff69f342bf2346ef61a730f4ec770032f0235aa7c02e6c54f63558f36e31c8c9942e687ebceedf58227bdbce1c93c09fcc4b1c4cd3da00318a22111e396900d0727d8412f11a73053aedf4d113fe7a0108f013b3d64e8bf36b07cf38108dc7b73bf24c1aaaeb59d205d87d72d42cb92b687ae22543f4fa74c7744d8c4999bd31f,gx-no-cache=1488479338376 HTTP/1.1" 200 30
200.83.57.219 - - [02/Mar/2017:15:27:45 -0300] "POST /cormun/servlet/solicitudot?gx-no-cache=1488479338726 HTTP/1.1" 200 30
200.83.57.219 - - [02/Mar/2017:15:27:45 -0300] "POST /cormun/servlet/solicitudot?gx-no-cache=1488479338789 HTTP/1.1" 200 1287
200.83.57.219 - - [02/Mar/2017:15:27:45 -0300] "POST /cormun/servlet/solicitudot?gx-no-cache=1488479338961 HTTP/1.1" 200 41
200.83.57.219 - - [02/Mar/2017:15:27:45 -0300] "GET /cormun/servlet/solicitudot?ab36da116ac26835b1ee8c9c0f9eafa03230aa189b034f20b3c77dbe79e6fc5aca3a6b089a9d23b794dff55d9143e79d6d141a9d885211b2410101172b1a082d77ee71f13ff48aa56c72b72d442007cd9d96d379561dfe8af79cba4c4a5d2884f4ccdd53ede7cb94ee0c1ed1496b29cd,gx-no-cache=1488479339023 HTTP/1.1" 200 29
200.83.57.219 - - [02/Mar/2017:15:27:45 -0300] "POST /cormun/servlet/solicitudot?gx-no-cache=1488479339074 HTTP/1.1" 200 1275
200.83.57.219 - - [02/Mar/2017:15:27:45 -0300] "POST /cormun/servlet/solicitudot?gx-no-cache=1488479339187 HTTP/1.1" 200 1157
200.83.57.219 - - [02/Mar/2017:15:27:46 -0300] "GET /cormun/servlet/solicitudot?ab36da116ac26835b1ee8c9c0f9eafa05577db8d1262c8a24b2e8dcda517ab3109607b26ec396d732493a2aed23e7dc57b4dab2463434fc56793499717bf215b3e310e65ac61ca1ca6c968c250be1606924ade2a1d39176a66cb2fe503bea81607d8f8b34bcbbe683efc575a8c70565de27333b4dbdef883e8c9c1a347c8953ef60cfa0594cfe627dec88e813cadad66162a5d79efaa83aa6c37f6d92d51ddb0da9ac902c2555811b2b891e568e98e82,gx-no-cache=1488479339272 HTTP/1.1" 200 30
200.83.57.219 - - [02/Mar/2017:15:27:46 -0300] "POST /cormun/servlet/solicitudot?7390087870a7023802b5e2dfb417d1aa,UPD,2017,4936,,gx-no-cache=1488479339340 HTTP/1.1" 200 93
200.83.57.219 - - [02/Mar/2017:15:27:46 -0300] "GET /cormun/servlet/hpexe_return? HTTP/1.1" 200 1013
200.83.57.219 - - [02/Mar/2017:15:27:46 -0300] "GET /cormun/servlet/trsolicitudot HTTP/1.1" 200 8823
200.83.57.219 - - [02/Mar/2017:15:27:47 -0300] "GET /cormun/servlet/trsolicitudot HTTP/1.1" 200 8819
186.103.161.206 - - [02/Mar/2017:15:27:49 -0300] "GET /cormun/servlet/hlogin HTTP/1.1" 200 1739
200.83.57.219 - - [02/Mar/2017:15:27:54 -0300] "POST /cormun/servlet/trsolicitudot?7390087870a7023802b5e2dfb417d1aa,gx-no-cache=1488479348019 HTTP/1.1" 200 106
200.83.57.219 - - [02/Mar/2017:15:27:55 -0300] "GET /cormun/servlet/solicitudot?UPD,2017,4936, HTTP/1.1" 200 14609
200.83.57.219 - - [02/Mar/2017:15:27:55 -0300] "GET /cormun/servlet/solicitudot?UPD,2017,4936, HTTP/1.1" 200 14618
200.83.57.219 - - [02/Mar/2017:15:27:56 -0300] "POST /cormun/servlet/solicitudot?gx-no-cache=1488479349204 HTTP/1.1" 200 3166
200.83.57.219 - - [02/Mar/2017:15:27:56 -0300] "POST /cormun/servlet/solicitudot?7390087870a7023802b5e2dfb417d1aa,UPD,2017,4936,,gx-no-cache=1488479349491 HTTP/1.1" 200 11065
200.83.57.219 - - [02/Mar/2017:15:27:56 -0300] "GET /cormun/servlet/solicitudot?ab36da116ac26835b1ee8c9c0f9eafa0d38e3566550ae52c88df63487fee6b0964eaa1216cf90097b46331aed51d6ce6,gx-no-cache=1488479349701 HTTP/1.1" 200 30
200.83.57.219 - - [02/Mar/2017:15:27:56 -0300] "POST /cormun/servlet/solicitudot?gx-no-cache=1488479349761 HTTP/1.1" 200 297
200.83.57.219 - - [02/Mar/2017:15:27:56 -0300] "GET /cormun/servlet/solicitudot?ab36da116ac26835b1ee8c9c0f9eafa09d8a654f3c77bd24c1d8d5325f12233ef5ddb29c579afe4c0e83095b48c3c12742bdd34000c4c3b362ccfd6e753ad4a5ac13af1ef82a42bf374e8ddc242de3f5167bde42fa95c7a96ab6a0dd956f1bc9d0bc9020ff0a2b0030ceff5fba5e3ef20eac26b0e10202127fcce90263930215d60d7d8ead3dcd0c8425834a0e1a7fe202472ba8074400490c7dc00412d111e23d0ee9d703b49979cf6a1b98229fac0b117d6bb2335d7ca64ffe50f05c3f8b5a2179182b76b3aba5a990519ee82cc8716a758e7f84638356ac78891180318fa9488be3fbee3c85a1c60f00e1df4f75f8799c05644b6da85af854be357410fb13eedb3b7553f148af3d19f4d4aea431bff69f342bf2346ef61a730f4ec770032f0235aa7c02e6c54f63558f36e31c8c9942e687ebceedf58227bdbce1c93c09fcc4b1c4cd3da00318a22111e396900d0727d8412f11a73053aedf4d113fe7a0108f013b3d64e8bf36b07cf38108dc7b73bf24c1aaaeb59d205d87d72d42cb92b687ae22543f4fa74c7744d8c4999bd31f,gx-no-cache=1488479349847 HTTP/1.1" 200 30
200.83.57.219 - - [02/Mar/2017:15:27:56 -0300] "POST /cormun/servlet/solicitudot?gx-no-cache=1488479349921 HTTP/1.1" 200 30
200.83.57.219 - - [02/Mar/2017:15:27:56 -0300] "POST /cormun/servlet/solicitudot?gx-no-cache=1488479350009 HTTP/1.1" 200 1287
200.83.57.219 - - [02/Mar/2017:15:27:56 -0300] "POST /cormun/servlet/solicitudot?gx-no-cache=1488479350125 HTTP/1.1" 200 41
186.103.159.46 - - [02/Mar/2017:15:28:00 -0300] "GET /cormun/servlet/tratrazos? HTTP/1.1" 200 6536
186.103.159.46 - - [02/Mar/2017:15:28:01 -0300] "GET /cormun/static/gxcfg.js?2016111619465317 HTTP/1.1" 200 953
186.103.159.46 - - [02/Mar/2017:15:28:01 -0300] "GET /cormun/static/tratrazos.js?2016111619465747 HTTP/1.1" 200 30414
186.103.159.46 - - [02/Mar/2017:15:28:02 -0300] "GET /cormun/servlet/tratrazos? HTTP/1.1" 200 6536
186.103.159.46 - - [02/Mar/2017:15:28:09 -0300] "GET /cormun/servlet/atrazos?INS,0, HTTP/1.1" 200 6471
186.103.159.46 - - [02/Mar/2017:15:28:10 -0300] "GET /cormun/static/gxcfg.js?201612218493734 HTTP/1.1" 200 953
186.103.159.46 - - [02/Mar/2017:15:28:10 -0300] "GET /cormun/static/atrazos.js?201612218493784 HTTP/1.1" 200 23542
186.103.159.46 - - [02/Mar/2017:15:28:11 -0300] "GET /cormun/servlet/atrazos?INS,0, HTTP/1.1" 200 6471
192.168.10.96 - - [02/Mar/2017:15:28:20 -0300] "GET /cormun/servlet/hlogin HTTP/1.1" 200 1754
192.168.10.96 - - [02/Mar/2017:15:28:33 -0300] "POST /cormun/servlet/hlogin?0073f10afce07d3c664424a58be56ae9,gx-no-cache=1488482599077 HTTP/1.1" 200 90
192.168.10.96 - - [02/Mar/2017:15:28:33 -0300] "GET /cormun/servlet/hpexe_link HTTP/1.1" 200 956
192.168.10.96 - - [02/Mar/2017:15:28:33 -0300] "GET /cormun/servlet/hhome HTTP/1.1" 200 3720
192.168.10.96 - - [02/Mar/2017:15:28:33 -0300] "GET /cormun/servlet/hhome HTTP/1.1" 200 3720
192.168.10.96 - - [02/Mar/2017:15:28:36 -0300] "GET /cormun/servlet/trsolicitudot? HTTP/1.1" 200 7960
192.168.10.96 - - [02/Mar/2017:15:28:36 -0300] "GET /cormun/servlet/trsolicitudot? HTTP/1.1" 200 7957
192.168.10.96 - - [02/Mar/2017:15:28:38 -0300] "GET /cormun/servlet/solicitudot?INS,0,0, HTTP/1.1" 200 12516
192.168.10.96 - - [02/Mar/2017:15:28:39 -0300] "GET /cormun/servlet/solicitudot?INS,0,0, HTTP/1.1" 200 12521
186.103.159.46 - - [02/Mar/2017:15:28:40 -0300] "GET /cormun/servlet/tratrazos? HTTP/1.1" 200 6536
186.103.159.46 - - [02/Mar/2017:15:28:42 -0300] "GET /cormun/servlet/tratrazos? HTTP/1.1" 200 6536
192.168.10.96 - - [02/Mar/2017:15:28:46 -0300] "POST /cormun/servlet/solicitudot?gx-no-cache=1488482612430 HTTP/1.1" 200 3081
192.168.10.96 - - [02/Mar/2017:15:28:46 -0300] "POST /cormun/servlet/solicitudot?0073f10afce07d3c664424a58be56ae9,INS,0,0,,gx-no-cache=1488482612566 HTTP/1.1" 200 9687
192.168.10.96 - - [02/Mar/2017:15:28:49 -0300] "GET /cormun/servlet/solicitudot?769f64dc4da8a5075ddf9712367a53da5574fe83c28a26fec6dc3ca6a001b1e9d6763cd7a0f07d60a724d56c22ff4605,gx-no-cache=1488482615603 HTTP/1.1" 200 30
192.168.10.96 - - [02/Mar/2017:15:28:56 -0300] "POST /cormun/servlet/solicitudot?0073f10afce07d3c664424a58be56ae9,INS,0,0,,gx-no-cache=1488482622089 HTTP/1.1" 200 10134
192.168.10.96 - - [02/Mar/2017:15:28:56 -0300] "GET /cormun/static/Shared/jqueryui/images/ui-icons_82798d_256x240.png HTTP/1.1" 404 1089
192.168.10.96 - - [02/Mar/2017:15:28:56 -0300] "GET /cormun/static/Shared/jqueryui/images/ui-bg_highlight-soft_100_c6c2c8_1x100.png HTTP/1.1" 404 1117
192.168.10.96 - - [02/Mar/2017:15:28:56 -0300] "GET /cormun/static/Shared/jqueryui/images/ui-icons_ebccce_256x240.png HTTP/1.1" 404 1089
192.168.10.96 - - [02/Mar/2017:15:28:56 -0300] "GET /cormun/static/Shared/jqueryui/images/ui-bg_flat_55_994d53_40x100.png HTTP/1.1" 404 1097
186.103.159.204 - - [02/Mar/2017:15:29:10 -0300] "POST /cormun/servlet/hlogin?43caa2032c63b28b2706c07df83a647f,gx-no-cache=1488479420274 HTTP/1.1" 440 972
186.103.159.204 - - [02/Mar/2017:15:29:13 -0300] "GET /cormun/servlet/hlogin HTTP/1.1" 200 1738
186.103.159.204 - - [02/Mar/2017:15:29:13 -0300] "GET /cormun/static/gxtimezone.js?85251 HTTP/1.1" 304 -
186.103.159.204 - - [02/Mar/2017:15:29:13 -0300] "GET /cormun/static/messages.spa.js?85251 HTTP/1.1" 304 -
186.103.159.204 - - [02/Mar/2017:15:29:26 -0300] "POST /cormun/servlet/hlogin?21898262feab26fc52e92e8980d9aa40,gx-no-cache=1488479436386 HTTP/1.1" 200 90
186.103.159.204 - - [02/Mar/2017:15:29:27 -0300] "GET /cormun/servlet/hpexe_link HTTP/1.1" 200 961
186.103.159.204 - - [02/Mar/2017:15:29:27 -0300] "GET /cormun/servlet/hhome HTTP/1.1" 200 3987
186.103.159.204 - - [02/Mar/2017:15:29:28 -0300] "GET /cormun/servlet/hhome HTTP/1.1" 200 3983
186.103.159.204 - - [02/Mar/2017:15:29:31 -0300] "GET /cormun/servlet/trsolicitudot? HTTP/1.1" 200 6955
186.103.159.204 - - [02/Mar/2017:15:29:32 -0300] "GET /cormun/static/Resources/desc.gif HTTP/1.1" 200 65
186.103.159.204 - - [02/Mar/2017:15:29:32 -0300] "GET /cormun/static/Resources/asc.gif HTTP/1.1" 200 67
186.103.159.204 - - [02/Mar/2017:15:29:32 -0300] "GET /cormun/static/Resources/asc.gif HTTP/1.1" 200 67
186.103.159.204 - - [02/Mar/2017:15:29:32 -0300] "GET /cormun/static/Resources/asc.gif HTTP/1.1" 200 67
186.103.159.204 - - [02/Mar/2017:15:29:32 -0300] "GET /cormun/static/Resources/desc.gif HTTP/1.1" 200 65
186.103.159.204 - - [02/Mar/2017:15:29:32 -0300] "GET /cormun/static/Resources/asc.gif HTTP/1.1" 200 67
186.103.159.204 - - [02/Mar/2017:15:29:32 -0300] "GET /cormun/static/Resources/desc.gif HTTP/1.1" 200 65
186.103.159.204 - - [02/Mar/2017:15:29:32 -0300] "GET /cormun/static/Resources/desc.gif HTTP/1.1" 200 65
186.103.159.204 - - [02/Mar/2017:15:29:32 -0300] "GET /cormun/static/Resources/asc.gif HTTP/1.1" 200 67
186.103.159.204 - - [02/Mar/2017:15:29:32 -0300] "GET /cormun/static/Resources/desc.gif HTTP/1.1" 200 65
186.103.159.204 - - [02/Mar/2017:15:29:32 -0300] "GET /cormun/servlet/trsolicitudot? HTTP/1.1" 200 6956
186.103.159.204 - - [02/Mar/2017:15:29:36 -0300] "GET /cormun/servlet/solicitudot?INS,0,0, HTTP/1.1" 200 12786
186.103.159.204 - - [02/Mar/2017:15:29:37 -0300] "GET /cormun/servlet/solicitudot?INS,0,0, HTTP/1.1" 200 12791
186.103.158.250 - - [02/Mar/2017:15:29:46 -0300] "GET /cormun/servlet/hlogin HTTP/1.1" 200 1722
186.103.158.250 - - [02/Mar/2017:15:29:46 -0300] "GET /cormun/servlet/hlogin HTTP/1.1" 200 1722
186.103.158.250 - - [02/Mar/2017:15:29:46 -0300] "GET /cormun/static/gxcfg.js?201612216162538 HTTP/1.1" 304 -
186.103.158.250 - - [02/Mar/2017:15:29:46 -0300] "GET /cormun/static/gxtimezone.js?85251 HTTP/1.1" 304 -
186.103.158.250 - - [02/Mar/2017:15:29:46 -0300] "GET /cormun/static/messages.spa.js?85251 HTTP/1.1" 304 -
186.103.158.250 - - [02/Mar/2017:15:29:47 -0300] "GET /cormun/servlet/hlogin HTTP/1.1" 200 1733
186.103.159.204 - - [02/Mar/2017:15:29:57 -0300] "POST /cormun/servlet/solicitudot?gx-no-cache=1488479466673 HTTP/1.1" 200 3081
186.103.159.204 - - [02/Mar/2017:15:29:57 -0300] "POST /cormun/servlet/solicitudot?21898262feab26fc52e92e8980d9aa40,INS,0,0,,gx-no-cache=1488479466916 HTTP/1.1" 200 9871
186.103.159.204 - - [02/Mar/2017:15:30:01 -0300] "GET /cormun/servlet/solicitudot?e70c8701e5b1114095a9647c5918dbd1d1db583e483fe824283051fd7c74c81cc26a7f3e850f53c639565e3c765f94ea,gx-no-cache=1488479470822 HTTP/1.1" 200 30
192.168.10.96 - - [02/Mar/2017:15:30:08 -0300] "POST /cormun/servlet/solicitudot?gx-no-cache=1488482694399 HTTP/1.1" 200 255
192.168.10.96 - - [02/Mar/2017:15:30:10 -0300] "GET /cormun/servlet/solicitudot?769f64dc4da8a5075ddf9712367a53da8e35be8c8a6455b386f489263f49cecdca6469c8e9bb79ae928d821c5d0b263818c34a8c3882d418389de47db4564bffcd80c0b88addf4e987a4a649e3b0c07a56cbc6a300966c60010f385c68b70987b96a05372a19050c7dc5366fb010b70fc21875e0a13389bf637e9b8cd267e051ba094f634e3d675c4aaa5fe466f88fb915798236b531c2d3a5b3480b69e28bfc2874a9eed5dd1f0c538bb4e39163aacce34dd18e7795e5af1a5b9aed51b9d155a6ac9a7b5faf1092e98e4bb6fd3d760a61fa8d7bd3c9cda802e603440487825836d501a0946d7107d3c3f85a27d5b3eaebeb2989f9922bf8f4bb6bbadbd4806d7a7da46b39895d462957d8f23635c7ec61c516760bb565141920f26632bca28e07eaab9c08cb6f0c04f84136ec676174c95d80312f6356ae635486963ca78cc01c6aa2ea2ec8284fbd209935ec7cf5f94e39edcf50ebfe56db7ba3e38929433417eca8812275148d898db0953b9b809264e22c9d43341e5c22a4cc4003b69a87,gx-no-cache=1488482696219 HTTP/1.1" 200 30
192.168.10.96 - - [02/Mar/2017:15:30:13 -0300] "POST /cormun/servlet/solicitudot?gx-no-cache=1488482699135 HTTP/1.1" 200 30
192.168.10.96 - - [02/Mar/2017:15:30:14 -0300] "GET /cormun/static/Resources/resize.gif HTTP/1.1" 200 77
192.168.10.96 - - [02/Mar/2017:15:30:14 -0300] "GET /cormun/servlet/prsolicitudot?17523819,,,,,MD,,gxPopupLevel%3D0%3B HTTP/1.1" 200 5847
192.168.10.96 - - [02/Mar/2017:15:30:14 -0300] "GET /cormun/static/gxcfg.js?20161221854215 HTTP/1.1" 200 953
192.168.10.96 - - [02/Mar/2017:15:30:14 -0300] "GET /cormun/static/Resources/PXToolsMenuSearch.png HTTP/1.1" 200 2914
192.168.10.96 - - [02/Mar/2017:15:30:14 -0300] "GET /cormun/static/Resources/PXToolsMenuSearchCancel.png HTTP/1.1" 200 2972
192.168.10.96 - - [02/Mar/2017:15:30:15 -0300] "GET /cormun/static/menusearch.js?201610171694467 HTTP/1.1" 200 1424
192.168.10.96 - - [02/Mar/2017:15:30:15 -0300] "GET /cormun/static/prsolicitudot.js?201612218542259 HTTP/1.1" 200 13680
192.168.10.96 - - [02/Mar/2017:15:30:15 -0300] "GET /cormun/static/hmpwkw011.js?201612218515582 HTTP/1.1" 200 1968
186.103.158.250 - - [02/Mar/2017:15:30:19 -0300] "POST /cormun/servlet/hlogin?50a30146726fc7b8b643850e9b9f3588,gx-no-cache=1488479397462 HTTP/1.1" 200 90
186.103.158.250 - - [02/Mar/2017:15:30:19 -0300] "GET /cormun/servlet/hpexe_link HTTP/1.1" 200 957
186.103.158.250 - - [02/Mar/2017:15:30:19 -0300] "GET /cormun/static/gxcfg.js?201612218515529 HTTP/1.1" 304 -
186.103.158.250 - - [02/Mar/2017:15:30:19 -0300] "GET /cormun/servlet/hhome HTTP/1.1" 200 3757
186.103.158.250 - - [02/Mar/2017:15:30:20 -0300] "GET /cormun/static/gxcfg.js?201612218515568 HTTP/1.1" 304 -
186.103.158.250 - - [02/Mar/2017:15:30:22 -0300] "GET /cormun/servlet/hhome HTTP/1.1" 200 3753
192.168.10.96 - - [02/Mar/2017:15:30:23 -0300] "POST /cormun/servlet/solicitudot?gx-no-cache=1488482709650 HTTP/1.1" 200 655
192.168.10.96 - - [02/Mar/2017:15:30:23 -0300] "POST /cormun/servlet/solicitudot?gx-no-cache=1488482709684 HTTP/1.1" 200 38
192.168.10.96 - - [02/Mar/2017:15:30:23 -0300] "GET /cormun/servlet/solicitudot?769f64dc4da8a5075ddf9712367a53da4acccd675df35fda01c4da6f5ed3d6e363130007e0afc6a89e4d8cde9b7131d8b23649188015f6ab51277ac41ff6c0a6f96d00061b770dfb3920ec8512d6f619e25fe05f98e46e57b4c1c8fe313942e06f6d6f563c0cd18a31f0634bdb5158c1,gx-no-cache=1488482709703 HTTP/1.1" 200 29
192.168.10.96 - - [02/Mar/2017:15:30:23 -0300] "POST /cormun/servlet/solicitudot?gx-no-cache=1488482709721 HTTP/1.1" 200 642
192.168.10.96 - - [02/Mar/2017:15:30:23 -0300] "POST /cormun/servlet/solicitudot?gx-no-cache=1488482709764 HTTP/1.1" 200 518
192.168.10.96 - - [02/Mar/2017:15:30:33 -0300] "GET /cormun/servlet/prsolicitudot?17523819,,,,,MD,,gxPopupLevel%3D0%3B HTTP/1.1" 200 5847
192.168.10.96 - - [02/Mar/2017:15:30:36 -0300] "POST /cormun/servlet/solicitudot?gx-no-cache=1488482722051 HTTP/1.1" 200 30
192.168.10.96 - - [02/Mar/2017:15:30:36 -0300] "POST /cormun/servlet/solicitudot?gx-no-cache=1488482722082 HTTP/1.1" 200 655
192.168.10.96 - - [02/Mar/2017:15:30:36 -0300] "POST /cormun/servlet/solicitudot?gx-no-cache=1488482722115 HTTP/1.1" 200 38
192.168.10.96 - - [02/Mar/2017:15:30:36 -0300] "POST /cormun/servlet/solicitudot?gx-no-cache=1488482722136 HTTP/1.1" 200 642
192.168.10.96 - - [02/Mar/2017:15:30:36 -0300] "POST /cormun/servlet/solicitudot?gx-no-cache=1488482722159 HTTP/1.1" 200 518
186.103.158.250 - - [02/Mar/2017:15:30:47 -0300] "GET /cormun/servlet/trvisualizadoreventos? HTTP/1.1" 200 6489
186.103.158.250 - - [02/Mar/2017:15:30:47 -0300] "GET /cormun/static/gxcfg.js?2016101716203350 HTTP/1.1" 304 -
186.103.158.250 - - [02/Mar/2017:15:30:47 -0300] "GET /cormun/static/calendar.js?85251 HTTP/1.1" 304 -
186.103.158.250 - - [02/Mar/2017:15:30:47 -0300] "GET /cormun/static/calendar-es.js?85251 HTTP/1.1" 304 -
186.103.158.250 - - [02/Mar/2017:15:30:47 -0300] "GET /cormun/static/calendar-setup.js?85251 HTTP/1.1" 304 -
186.103.158.250 - - [02/Mar/2017:15:30:48 -0300] "GET /cormun/static/gxdec.js?85251 HTTP/1.1" 304 -
186.103.158.250 - - [02/Mar/2017:15:30:49 -0300] "GET /cormun/servlet/trvisualizadoreventos? HTTP/1.1" 200 6489
192.168.10.96 - - [02/Mar/2017:15:30:54 -0300] "GET /cormun/servlet/prsolicitudot?17523819,,,,,MD,,gxPopupLevel%3D0%3B HTTP/1.1" 200 5847
186.103.158.250 - - [02/Mar/2017:15:30:55 -0300] "GET /cormun/static/menuarrow.gif HTTP/1.1" 404 1015
192.168.10.96 - - [02/Mar/2017:15:31:01 -0300] "POST /cormun/servlet/solicitudot?gx-no-cache=1488482747004 HTTP/1.1" 200 655
192.168.10.96 - - [02/Mar/2017:15:31:01 -0300] "POST /cormun/servlet/solicitudot?gx-no-cache=1488482747033 HTTP/1.1" 200 38
192.168.10.96 - - [02/Mar/2017:15:31:01 -0300] "POST /cormun/servlet/solicitudot?gx-no-cache=1488482747050 HTTP/1.1" 200 642
192.168.10.96 - - [02/Mar/2017:15:31:01 -0300] "POST /cormun/servlet/solicitudot?gx-no-cache=1488482747070 HTTP/1.1" 200 518
201.246.236.62 - - [02/Mar/2017:15:31:08 -0300] "GET /cormun/servlet/hlogin HTTP/1.1" 200 1724
201.246.236.62 - - [02/Mar/2017:15:31:09 -0300] "GET /cormun/servlet/hlogin HTTP/1.1" 200 1735
186.103.158.250 - - [02/Mar/2017:15:31:10 -0300] "POST /cormun/servlet/trvisualizadoreventos?50a30146726fc7b8b643850e9b9f3588,,gx-no-cache=1488479448388 HTTP/1.1" 200 3768
201.246.236.62 - - [02/Mar/2017:15:31:10 -0300] "POST /cormun/servlet/hlogin?5cc8a5879af370736bb1f6c1de6b75b8,gx-no-cache=1488479539164 HTTP/1.1" 200 90
201.246.236.62 - - [02/Mar/2017:15:31:10 -0300] "GET /cormun/servlet/hpexe_link HTTP/1.1" 200 959
201.246.236.62 - - [02/Mar/2017:15:31:11 -0300] "GET /cormun/servlet/hhome HTTP/1.1" 200 3976
201.246.236.62 - - [02/Mar/2017:15:31:12 -0300] "GET /cormun/servlet/hhome HTTP/1.1" 200 3973
201.246.236.62 - - [02/Mar/2017:15:31:15 -0300] "GET /cormun/servlet/trautorizarsolicitud? HTTP/1.1" 200 8111
201.246.236.62 - - [02/Mar/2017:15:31:16 -0300] "GET /cormun/servlet/trautorizarsolicitud? HTTP/1.1" 200 8109
186.103.159.204 - - [02/Mar/2017:15:31:28 -0300] "POST /cormun/servlet/solicitudot?gx-no-cache=1488479558138 HTTP/1.1" 200 297
186.103.159.204 - - [02/Mar/2017:15:31:29 -0300] "GET /cormun/servlet/solicitudot?e70c8701e5b1114095a9647c5918dbd1d3292c4d8ab8501b1af8c1ef5f996e7e8d66cf9f87e7c0c0cf9a835c85c025cdb986c86b30c380807488959b1cd13fb3e6a21eade4bc4fdabe596400fa70a17d2ab4b60ea42bcb5550c5e86ea958ff274427f125b2f907320f5f9aa16c03c25b9b10458da7d0e642083064b427f8d2581e1719db3b0722ef6fa6a28ed39e1cd13d3631813e15457639d43698fab54bcfd4f1a6b3d7280db66665b61c7594b419eb93b6c1bce479d487e99a02a56efc1071f9a6adfb7e6fe44f3778a14036579848dc9cd7a9f8cb65da542cfd0b498e39126623db39476c7065572e8ff4a045649d3bf733990e859e3e28f42cd5ae899514238b25cd315638881ef847b0c22b2ba94acb565688673885b24ef9d494c204630e5f85715b754d62cdf94d486a3af05276a39e63094e511bb4130d0c2e5b2ea91cccb1d76116bc6356d7c62fd5c0a3f5089dae937f3a9372c8df6923a619a09b2c51bf823079b922c0d29e91729f472f2c90e3d504672a13baa1aaa018e9bb34cd1150edf5d81888b425e013b20d73,gx-no-cache=1488479558294 HTTP/1.1" 200 30
201.246.236.62 - - [02/Mar/2017:15:31:29 -0300] "GET /cormun/servlet/veautorizarsolicitud?2017,5071,, HTTP/1.1" 200 8160
201.246.236.62 - - [02/Mar/2017:15:31:30 -0300] "GET /cormun/static/gxcfg.js?20161221854380 HTTP/1.1" 200 953
201.246.236.62 - - [02/Mar/2017:15:31:30 -0300] "GET /cormun/pexe_scrolldiv.js HTTP/1.1" 404 1009
201.246.236.62 - - [02/Mar/2017:15:31:30 -0300] "GET /cormun/static/veautorizarsolicitud.js?20161221854433 HTTP/1.1" 200 6140
201.246.236.62 - - [02/Mar/2017:15:31:30 -0300] "GET /cormun/static/hwcviewtabs.js?201612218431866 HTTP/1.1" 200 1074
201.246.236.62 - - [02/Mar/2017:15:31:30 -0300] "GET /cormun/static/hpexe_tabsview.js?201610171694228 HTTP/1.1" 200 1661
201.246.236.62 - - [02/Mar/2017:15:31:30 -0300] "GET /cormun/static/Resources/PXToolsTabFirstSelected.png HTTP/1.1" 200 1259
201.246.236.62 - - [02/Mar/2017:15:31:30 -0300] "GET /cormun/static/Resources/PXToolsTabLastUnselected.png HTTP/1.1" 200 1291
201.246.236.62 - - [02/Mar/2017:15:31:30 -0300] "GET /cormun/static/Resources/PXToolsTabNext.gif HTTP/1.1" 200 168
201.246.236.62 - - [02/Mar/2017:15:31:30 -0300] "GET /cormun/static/Resources/PXToolsTabPrevious.gif HTTP/1.1" 200 172
201.246.236.62 - - [02/Mar/2017:15:31:30 -0300] "GET /cormun/static/tbautorizarsolicitud01.js?20171102163122 HTTP/1.1" 200 28355
201.246.236.62 - - [02/Mar/2017:15:31:30 -0300] "GET /cormun/static/calendar-system.css HTTP/1.1" 200 5572
201.246.236.62 - - [02/Mar/2017:15:31:30 -0300] "GET /cormun/static/Resources/PXToolsTabBackSelected.png HTTP/1.1" 200 1157
201.246.236.62 - - [02/Mar/2017:15:31:30 -0300] "GET /cormun/static/Resources/PXToolsTabBackUnselected.png HTTP/1.1" 200 1175
201.246.236.62 - - [02/Mar/2017:15:31:30 -0300] "GET /cormun/static/Resources/PXToolsTabSelectedUnselected.png HTTP/1.1" 200 1428
201.246.236.62 - - [02/Mar/2017:15:31:30 -0300] "GET /cormun/static/Resources/PXToolsTabUnselectedUnselected.png HTTP/1.1" 200 1459
201.246.236.62 - - [02/Mar/2017:15:31:30 -0300] "GET /cormun/servlet/veautorizarsolicitud?2017,5071,, HTTP/1.1" 200 8158
186.103.159.204 - - [02/Mar/2017:15:31:31 -0300] "POST /cormun/servlet/solicitudot?gx-no-cache=1488479560932 HTTP/1.1" 200 30
186.103.159.204 - - [02/Mar/2017:15:31:34 -0300] "POST /cormun/servlet/solicitudot?gx-no-cache=1488479564235 HTTP/1.1" 200 235
186.103.159.204 - - [02/Mar/2017:15:31:34 -0300] "POST /cormun/servlet/solicitudot?gx-no-cache=1488479564392 HTTP/1.1" 200 38
192.168.10.96 - - [02/Mar/2017:15:31:35 -0300] "GET /cormun/servlet/solicitudot?769f64dc4da8a5075ddf9712367a53da4acccd675df35fda01c4da6f5ed3d6e363130007e0afc6a89e4d8cde9b7131d8b23649188015f6ab51277ac41ff6c0a6f96d00061b770dfb3920ec8512d6f619e25fe05f98e46e57b4c1c8fe313942e06f6d6f563c0cd18a31f0634bdb5158c1,gx-no-cache=1488482781150 HTTP/1.1" 200 29
192.168.10.96 - - [02/Mar/2017:15:31:35 -0300] "POST /cormun/servlet/solicitudot?gx-no-cache=1488482781196 HTTP/1.1" 200 643
192.168.10.96 - - [02/Mar/2017:15:31:38 -0300] "POST /cormun/servlet/solicitudot?gx-no-cache=1488482783819 HTTP/1.1" 200 1157
186.103.158.250 - - [02/Mar/2017:15:31:42 -0300] "POST /cormun/servlet/trvisualizadoreventos?50a30146726fc7b8b643850e9b9f3588,,gx-no-cache=1488479480067 HTTP/1.1" 200 3768
186.103.158.250 - - [02/Mar/2017:15:31:49 -0300] "POST /cormun/servlet/trvisualizadoreventos?50a30146726fc7b8b643850e9b9f3588,,gx-no-cache=1488479487376 HTTP/1.1" 200 4391
201.246.236.62 - - [02/Mar/2017:15:31:50 -0300] "POST /cormun/servlet/veautorizarsolicitud?5cc8a5879af370736bb1f6c1de6b75b8,2017,5071,,,gx-no-cache=1488479578372 HTTP/1.1" 200 93
201.246.236.62 - - [02/Mar/2017:15:31:50 -0300] "GET /cormun/servlet/hpexe_return? HTTP/1.1" 200 1020
201.246.236.62 - - [02/Mar/2017:15:31:51 -0300] "GET /cormun/static/gxcfg.js?2016101716175148 HTTP/1.1" 200 953
201.246.236.62 - - [02/Mar/2017:15:31:51 -0300] "GET /cormun/static/hpexe_return.js?2016101716175153 HTTP/1.1" 304 -
201.246.236.62 - - [02/Mar/2017:15:31:51 -0300] "GET /cormun/servlet/trautorizarsolicitud HTTP/1.1" 200 8113
201.246.236.62 - - [02/Mar/2017:15:31:52 -0300] "GET /cormun/servlet/trautorizarsolicitud HTTP/1.1" 200 8109
186.103.159.204 - - [02/Mar/2017:15:31:53 -0300] "GET /cormun/servlet/solicitudot?e70c8701e5b1114095a9647c5918dbd14b3935263434db7be307cbf49c54c53930e5d0912bb3f7757314c40b914ee8b0863c8f9478d7dd46baa308280eaba55b8a159cb1aece35d3ef6f918ce5e66436e1dd473de87a6124c7effd2ce2ad0c658671f4c9b81ee149721ab18a59b3fc3a,gx-no-cache=1488479582881 HTTP/1.1" 200 29
186.103.159.204 - - [02/Mar/2017:15:31:53 -0300] "POST /cormun/servlet/solicitudot?gx-no-cache=1488479582941 HTTP/1.1" 200 643
186.103.159.204 - - [02/Mar/2017:15:31:54 -0300] "POST /cormun/servlet/solicitudot?gx-no-cache=1488479583949 HTTP/1.1" 200 1157
200.73.230.173 - - [02/Mar/2017:15:32:01 -0300] "GET /cormun/servlet/licenciaspermisos?INS,0,,, HTTP/1.1" 200 7142
200.73.230.173 - - [02/Mar/2017:15:32:02 -0300] "GET /cormun/servlet/licenciaspermisos?INS,0,,, HTTP/1.1" 200 7142
186.103.159.204 - - [02/Mar/2017:15:32:04 -0300] "GET /cormun/static/menuarrow.gif HTTP/1.1" 404 1015
186.103.159.204 - - [02/Mar/2017:15:32:21 -0300] "GET /cormun/servlet/solicitudot?e70c8701e5b1114095a9647c5918dbd1696a1891adbcb67178d0f583680a14148200b4187c57aed59037727625fa0c5a23302d84f6f3273d32584ef08ce37bd43ec397f905f4a30818065e7e5b8637fb774570127431890dcc3416919ddc2914419e0fc21cafa62e29dd644c6277a7a05c56703f03f5426cbe0f90c39c8d9bcc5b9f8907d8823def88339ae3d337db9961dc90dce437f75dbcd71fe7bbea547b3533ff8bc63fc05cddaa7ed8f2c5562c,gx-no-cache=1488479610506 HTTP/1.1" 200 30
186.79.129.193 - - [02/Mar/2017:15:32:23 -0300] "GET /cormun/servlet/hlogin HTTP/1.1" 200 1716
186.79.129.193 - - [02/Mar/2017:15:32:23 -0300] "GET /cormun/static/Resources/ComunLogin.png HTTP/1.1" 304 -
186.79.129.193 - - [02/Mar/2017:15:32:23 -0300] "GET /cormun/static/Resources/indicator.gif HTTP/1.1" 304 -
186.79.129.193 - - [02/Mar/2017:15:32:23 -0300] "GET /cormun/static/Resources/PXToolsLoginTop.png HTTP/1.1" 304 -
186.79.129.193 - - [02/Mar/2017:15:32:23 -0300] "GET /cormun/static/Resources/PXToolsLoginBackground.png HTTP/1.1" 304 -
186.79.129.193 - - [02/Mar/2017:15:32:24 -0300] "GET /cormun/servlet/hlogin HTTP/1.1" 200 1727
186.79.129.193 - - [02/Mar/2017:15:32:24 -0300] "GET /cormun/static/Resources/PXToolsLoginBottom.png HTTP/1.1" 200 1389
186.79.129.193 - - [02/Mar/2017:15:32:26 -0300] "POST /cormun/servlet/hlogin?ec5c57aabe3653b2fe5aa4975b2325e2,gx-no-cache=1488479613390 HTTP/1.1" 200 90
186.79.129.193 - - [02/Mar/2017:15:32:26 -0300] "GET /cormun/servlet/hpexe_link HTTP/1.1" 200 952
186.79.129.193 - - [02/Mar/2017:15:32:26 -0300] "GET /cormun/servlet/hhome HTTP/1.1" 200 3959
186.79.129.193 - - [02/Mar/2017:15:32:26 -0300] "GET /cormun/static/Resources/PXToolsHeaderPreferences.png HTTP/1.1" 304 -
186.79.129.193 - - [02/Mar/2017:15:32:26 -0300] "GET /cormun/static/Resources/PXToolsHeaderActionsLeft.png HTTP/1.1" 304 -
186.79.129.193 - - [02/Mar/2017:15:32:26 -0300] "GET /cormun/static/Resources/PXToolsHeaderLogin.png HTTP/1.1" 304 -
186.79.129.193 - - [02/Mar/2017:15:32:26 -0300] "GET /cormun/static/Resources/PXToolsDataTitle.png HTTP/1.1" 304 -
186.79.129.193 - - [02/Mar/2017:15:32:26 -0300] "GET /cormun/static/Resources/PXToolsHeaderActionsRight.png HTTP/1.1" 304 -
186.79.129.193 - - [02/Mar/2017:15:32:26 -0300] "GET /cormun/static/Resources/PXToolsHeaderHome.png HTTP/1.1" 304 -
186.79.129.193 - - [02/Mar/2017:15:32:26 -0300] "GET /cormun/static/Resources/PXToolsHeaderActionsBackground.png HTTP/1.1" 304 -
186.79.129.193 - - [02/Mar/2017:15:32:26 -0300] "GET /cormun/static/Resources/PXToolsHeaderSecurity.png HTTP/1.1" 304 -
186.79.129.193 - - [02/Mar/2017:15:32:26 -0300] "GET /cormun/static/Resources/PXToolsLoginBottom.png HTTP/1.1" 304 -
186.79.129.193 - - [02/Mar/2017:15:32:27 -0300] "GET /cormun/servlet/hhome HTTP/1.1" 200 3955
186.79.129.193 - - [02/Mar/2017:15:32:33 -0300] "GET /cormun/servlet/trautorizarsolicitud? HTTP/1.1" 200 9620
186.79.129.193 - - [02/Mar/2017:15:32:34 -0300] "GET /cormun/static/gxcfg.js?2017259112829 HTTP/1.1" 200 953
186.79.129.193 - - [02/Mar/2017:15:32:34 -0300] "GET /cormun/static/trautorizarsolicitud.js?2017259113483 HTTP/1.1" 200 53096
186.79.129.193 - - [02/Mar/2017:15:32:34 -0300] "GET /cormun/static/Resources/PXToolsDataSearch.png HTTP/1.1" 304 -
186.79.129.193 - - [02/Mar/2017:15:32:34 -0300] "GET /cormun/static/Resources/PXToolsGridPage.gif HTTP/1.1" 304 -
186.79.129.193 - - [02/Mar/2017:15:32:34 -0300] "GET /cormun/static/Resources/PXToolsActionExcel.png HTTP/1.1" 304 -
186.79.129.193 - - [02/Mar/2017:15:32:34 -0300] "GET /cormun//static/Resources/PXToolsActionView.png HTTP/1.1" 304 -
186.79.129.193 - - [02/Mar/2017:15:32:34 -0300] "GET /cormun//static/Resources/PXToolsRemoveAllAction.png HTTP/1.1" 304 -
186.79.129.193 - - [02/Mar/2017:15:32:34 -0300] "GET /cormun//static/Resources/PXToolsGridDelete.png HTTP/1.1" 304 -
186.79.129.193 - - [02/Mar/2017:15:32:34 -0300] "GET /cormun//static/Resources/PXToolsGridUpdate.png HTTP/1.1" 304 -
186.79.129.193 - - [02/Mar/2017:15:32:34 -0300] "GET /cormun/servlet/trautorizarsolicitud? HTTP/1.1" 200 9618
186.103.159.204 - - [02/Mar/2017:15:32:44 -0300] "POST /cormun/servlet/solicitudot?21898262feab26fc52e92e8980d9aa40,INS,0,0,,gx-no-cache=1488479633885 HTTP/1.1" 200 93
186.103.159.204 - - [02/Mar/2017:15:32:44 -0300] "GET /cormun/servlet/hpexe_return? HTTP/1.1" 200 1013
186.103.159.204 - - [02/Mar/2017:15:32:44 -0300] "GET /cormun/servlet/trsolicitudot HTTP/1.1" 200 8220
186.103.159.204 - - [02/Mar/2017:15:32:45 -0300] "GET /cormun/static/Resources/asc.gif HTTP/1.1" 200 67
186.103.159.204 - - [02/Mar/2017:15:32:45 -0300] "GET /cormun/static/Resources/desc.gif HTTP/1.1" 200 65
186.103.159.204 - - [02/Mar/2017:15:32:45 -0300] "GET /cormun/static/Resources/desc.gif HTTP/1.1" 200 65
186.103.159.204 - - [02/Mar/2017:15:32:45 -0300] "GET /cormun/static/Resources/asc.gif HTTP/1.1" 200 67
186.103.159.204 - - [02/Mar/2017:15:32:45 -0300] "GET /cormun/static/Resources/asc.gif HTTP/1.1" 200 67
186.103.159.204 - - [02/Mar/2017:15:32:46 -0300] "GET /cormun/static/Resources/desc.gif HTTP/1.1" 200 65
186.103.159.204 - - [02/Mar/2017:15:32:46 -0300] "GET /cormun/static/Resources/desc.gif HTTP/1.1" 200 65
186.103.159.204 - - [02/Mar/2017:15:32:46 -0300] "GET /cormun/static/Resources/asc.gif HTTP/1.1" 200 67
186.103.159.204 - - [02/Mar/2017:15:32:46 -0300] "GET /cormun/static/Resources/asc.gif HTTP/1.1" 200 67
186.103.159.204 - - [02/Mar/2017:15:32:46 -0300] "GET /cormun/static/Resources/desc.gif HTTP/1.1" 200 65
186.103.159.204 - - [02/Mar/2017:15:32:46 -0300] "GET /cormun/servlet/trsolicitudot HTTP/1.1" 200 8215
192.168.10.96 - - [02/Mar/2017:15:32:47 -0300] "GET /cormun/servlet/solicitudot?769f64dc4da8a5075ddf9712367a53dae3db955c4c6676543e6f6dcfb16b356e138bb9e311877d04e91931db4c28df16206397c4812e19c100c2384f1f8a320d7e5fb7fba6ae5607cc28695c9f6612efbedf8d3f6bed938cee786629b32a9e62df982b52fb0f30c73f91a16da21ea47c6d4c5709f6133fd6f1f47551e907a9092e48627cdc6e70f1b0c65c20b6b070ccbb616bccc4abcb32dfd79c4589734af561b3f0f6d4acd7ecf018fe7cdb4e3ae2,gx-no-cache=1488482853489 HTTP/1.1" 200 30
186.79.129.193 - - [02/Mar/2017:15:32:52 -0300] "POST /cormun/servlet/trautorizarsolicitud?ec5c57aabe3653b2fe5aa4975b2325e2,,gx-no-cache=1488479638848 HTTP/1.1" 200 6546
186.79.129.193 - - [02/Mar/2017:15:32:52 -0300] "GET /cormun/static/Shared/jqueryui/images/ui-bg_highlight-soft_100_c6c2c8_1x100.png HTTP/1.1" 404 1117
186.79.129.193 - - [02/Mar/2017:15:32:52 -0300] "GET /cormun/static/Shared/jqueryui/images/ui-icons_82798d_256x240.png HTTP/1.1" 404 1089
186.79.129.193 - - [02/Mar/2017:15:32:52 -0300] "GET /cormun/static/Shared/jqueryui/images/ui-bg_flat_55_fafafa_40x100.png HTTP/1.1" 404 1097
186.79.129.193 - - [02/Mar/2017:15:32:52 -0300] "GET /cormun/static/Shared/jqueryui/images/ui-icons_8d78a5_256x240.png HTTP/1.1" 404 1089
186.79.129.193 - - [02/Mar/2017:15:32:52 -0300] "POST /cormun/servlet/trautorizarsolicitud?ec5c57aabe3653b2fe5aa4975b2325e2,,gx-no-cache=1488479639629 HTTP/1.1" 200 6493
192.168.10.96 - - [02/Mar/2017:15:32:56 -0300] "POST /cormun/servlet/solicitudot?0073f10afce07d3c664424a58be56ae9,INS,0,0,,gx-no-cache=1488482862619 HTTP/1.1" 200 93
192.168.10.96 - - [02/Mar/2017:15:32:57 -0300] "GET /cormun/servlet/hpexe_return? HTTP/1.1" 200 1009
192.168.10.96 - - [02/Mar/2017:15:32:57 -0300] "GET /cormun/servlet/trsolicitudot HTTP/1.1" 200 8396
192.168.10.96 - - [02/Mar/2017:15:32:57 -0300] "GET /cormun/servlet/trsolicitudot HTTP/1.1" 200 8392
186.103.159.204 - - [02/Mar/2017:15:32:58 -0300] "POST /cormun/servlet/trsolicitudot?21898262feab26fc52e92e8980d9aa40,gx-no-cache=1488479647476 HTTP/1.1" 200 106
186.103.159.204 - - [02/Mar/2017:15:32:58 -0300] "GET /cormun/servlet/trsolicitudadjuntos?2017,5087, HTTP/1.1" 200 6083
186.103.159.204 - - [02/Mar/2017:15:32:58 -0300] "GET /cormun/static/gxcfg.js?201612218531388 HTTP/1.1" 304 -
201.246.236.62 - - [02/Mar/2017:15:32:59 -0300] "GET /cormun/servlet/trvisualizadoreventos? HTTP/1.1" 200 6515
186.103.159.204 - - [02/Mar/2017:15:32:59 -0300] "GET /cormun/servlet/trsolicitudadjuntos?2017,5087, HTTP/1.1" 200 6082
201.246.236.62 - - [02/Mar/2017:15:32:59 -0300] "GET /cormun/servlet/trvisualizadoreventos? HTTP/1.1" 200 6515
201.246.236.62 - - [02/Mar/2017:15:32:59 -0300] "GET /cormun/servlet/trvisualizadoreventos? HTTP/1.1" 200 6502
192.168.10.96 - - [02/Mar/2017:15:32:59 -0300] "GET /cormun/servlet/solicitudot?INS,0,0, HTTP/1.1" 200 12514
192.168.10.96 - - [02/Mar/2017:15:33:00 -0300] "GET /cormun/servlet/solicitudot?INS,0,0, HTTP/1.1" 200 12519
186.103.159.204 - - [02/Mar/2017:15:33:02 -0300] "GET /cormun/servlet/solicitudotadjuntos?INS,2017,5087,,1, HTTP/1.1" 200 6016
186.103.159.204 - - [02/Mar/2017:15:33:03 -0300] "GET /cormun/static/gxcfg.js?201612218465951 HTTP/1.1" 304 -
186.103.159.204 - - [02/Mar/2017:15:33:03 -0300] "GET /cormun/static/about:blank HTTP/1.1" 404 1011
186.103.159.204 - - [02/Mar/2017:15:33:03 -0300] "GET /cormun/servlet/solicitudotadjuntos?INS,2017,5087,,1, HTTP/1.1" 200 6010
186.103.159.204 - - [02/Mar/2017:15:33:04 -0300] "GET /cormun/servlet/solicitudotadjuntos?e70c8701e5b1114095a9647c5918dbd189a34bb6488c63caa44cf6dfd359d27bceea655a423b276298a8f45373b00946,gx-no-cache=1488479653838 HTTP/1.1" 200 30
186.103.159.204 - - [02/Mar/2017:15:33:04 -0300] "POST /cormun/servlet/solicitudotadjuntos?21898262feab26fc52e92e8980d9aa40,INS,2017,5087,,1,,gx-no-cache=1488479653884 HTTP/1.1" 200 3834
186.103.159.204 - - [02/Mar/2017:15:33:04 -0300] "GET /cormun/static/about:blank HTTP/1.1" 404 1011
201.246.236.62 - - [02/Mar/2017:15:33:05 -0300] "POST /cormun/servlet/trvisualizadoreventos?2ac7443b7b044a72a5358b59eb59ed13,,gx-no-cache=1488479654434 HTTP/1.1" 200 4144
192.168.10.96 - - [02/Mar/2017:15:33:05 -0300] "POST /cormun/servlet/solicitudot?gx-no-cache=1488482871715 HTTP/1.1" 200 3081
192.168.10.96 - - [02/Mar/2017:15:33:06 -0300] "POST /cormun/servlet/solicitudot?0073f10afce07d3c664424a58be56ae9,INS,0,0,,gx-no-cache=1488482871851 HTTP/1.1" 200 9687
186.103.159.204 - - [02/Mar/2017:15:33:12 -0300] "POST /cormun/servlet/solicitudotadjuntos?gx-no-cache=1488479661888 HTTP/1.1" 200 26
201.246.236.62 - - [02/Mar/2017:15:33:15 -0300] "POST /cormun/servlet/trvisualizadoreventos?2ac7443b7b044a72a5358b59eb59ed13,,gx-no-cache=1488479665216 HTTP/1.1" 200 3786
201.246.236.62 - - [02/Mar/2017:15:33:19 -0300] "POST /cormun/servlet/trvisualizadoreventos?2ac7443b7b044a72a5358b59eb59ed13,,gx-no-cache=1488479669466 HTTP/1.1" 200 3786
186.79.129.193 - - [02/Mar/2017:15:33:20 -0300] "POST /cormun/servlet/trautorizarsolicitud?ec5c57aabe3653b2fe5aa4975b2325e2,,gx-no-cache=1488479666956 HTTP/1.1" 200 6205
186.79.129.193 - - [02/Mar/2017:15:33:21 -0300] "POST /cormun/servlet/trautorizarsolicitud?ec5c57aabe3653b2fe5aa4975b2325e2,,gx-no-cache=1488479667729 HTTP/1.1" 200 6148
201.246.236.62 - - [02/Mar/2017:15:33:25 -0300] "POST /cormun/servlet/trvisualizadoreventos?2ac7443b7b044a72a5358b59eb59ed13,,gx-no-cache=1488479674723 HTTP/1.1" 200 3788
192.168.10.96 - - [02/Mar/2017:15:33:27 -0300] "POST /cormun/servlet/solicitudot?gx-no-cache=1488482893516 HTTP/1.1" 200 3081
186.79.129.193 - - [02/Mar/2017:15:33:27 -0300] "POST /cormun/servlet/trautorizarsolicitud?ec5c57aabe3653b2fe5aa4975b2325e2,,gx-no-cache=1488479674684 HTTP/1.1" 200 5867
192.168.10.96 - - [02/Mar/2017:15:33:27 -0300] "POST /cormun/servlet/solicitudot?0073f10afce07d3c664424a58be56ae9,INS,0,0,,gx-no-cache=1488482893646 HTTP/1.1" 200 9741
186.79.129.193 - - [02/Mar/2017:15:33:28 -0300] "POST /cormun/servlet/trautorizarsolicitud?ec5c57aabe3653b2fe5aa4975b2325e2,,gx-no-cache=1488479675345 HTTP/1.1" 200 5814
186.79.129.193 - - [02/Mar/2017:15:33:33 -0300] "POST /cormun/servlet/trautorizarsolicitud?ec5c57aabe3653b2fe5aa4975b2325e2,,gx-no-cache=1488479680628 HTTP/1.1" 200 5423
186.79.129.193 - - [02/Mar/2017:15:33:34 -0300] "POST /cormun/servlet/trautorizarsolicitud?ec5c57aabe3653b2fe5aa4975b2325e2,,gx-no-cache=1488479681213 HTTP/1.1" 200 5369
186.79.129.193 - - [02/Mar/2017:15:33:40 -0300] "POST /cormun/servlet/trautorizarsolicitud?ec5c57aabe3653b2fe5aa4975b2325e2,,gx-no-cache=1488479687419 HTTP/1.1" 200 4306
186.103.159.204 - - [02/Mar/2017:15:33:40 -0300] "GET /cormun/servlet/solicitudotadjuntos?e70c8701e5b1114095a9647c5918dbd1c75288f2dd54dd069a794476f3fdf824,gx-no-cache=1488479690074 HTTP/1.1" 200 30
186.103.159.204 - - [02/Mar/2017:15:33:40 -0300] "GET /cormun/servlet/solicitudotadjuntos?e70c8701e5b1114095a9647c5918dbd1c75288f2dd54dd069a794476f3fdf824,gx-no-cache=1488479690142 HTTP/1.1" 200 30
186.79.129.193 - - [02/Mar/2017:15:33:41 -0300] "POST /cormun/servlet/trautorizarsolicitud?ec5c57aabe3653b2fe5aa4975b2325e2,,gx-no-cache=1488479687996 HTTP/1.1" 200 4097
192.168.10.96 - - [02/Mar/2017:15:33:41 -0300] "GET /cormun/servlet/prfichaempleado?,MD,,gxPopupLevel%3D0%3B HTTP/1.1" 200 8774
186.103.159.204 - - [02/Mar/2017:15:33:43 -0300] "POST /cormun/servlet/solicitudotadjuntos?21898262feab26fc52e92e8980d9aa40,INS,2017,5087,,1, HTTP/1.1" 200 116
186.103.159.204 - - [02/Mar/2017:15:33:43 -0300] "GET /cormun/servlet/hpexe_return? HTTP/1.1" 200 1032
186.103.159.204 - - [02/Mar/2017:15:33:43 -0300] "GET /cormun/servlet/trsolicitudadjuntos?2017,5087, HTTP/1.1" 200 8178
200.83.57.219 - - [02/Mar/2017:15:33:43 -0300] "GET /cormun/servlet/solicitudot?ab36da116ac26835b1ee8c9c0f9eafa03230aa189b034f20b3c77dbe79e6fc5aca3a6b089a9d23b794dff55d9143e79d6d141a9d885211b2410101172b1a082d77ee71f13ff48aa56c72b72d442007cd9d96d379561dfe8af79cba4c4a5d2884f4ccdd53ede7cb94ee0c1ed1496b29cd,gx-no-cache=1488479696772 HTTP/1.1" 200 29
200.83.57.219 - - [02/Mar/2017:15:33:43 -0300] "POST /cormun/servlet/solicitudot?gx-no-cache=1488479697169 HTTP/1.1" 200 1275
186.103.159.204 - - [02/Mar/2017:15:33:44 -0300] "GET /cormun/static/Resources/desc.gif HTTP/1.1" 200 65
186.103.159.204 - - [02/Mar/2017:15:33:44 -0300] "GET /cormun/static/Resources/asc.gif HTTP/1.1" 200 67
186.103.159.204 - - [02/Mar/2017:15:33:44 -0300] "GET /cormun/static/Resources/asc.gif HTTP/1.1" 200 67
186.103.159.204 - - [02/Mar/2017:15:33:44 -0300] "GET /cormun/static/Resources/desc.gif HTTP/1.1" 200 65
186.103.159.204 - - [02/Mar/2017:15:33:44 -0300] "GET /cormun/servlet/trsolicitudadjuntos?2017,5087, HTTP/1.1" 200 8178
200.83.57.219 - - [02/Mar/2017:15:33:46 -0300] "POST /cormun/servlet/solicitudot?gx-no-cache=1488479699293 HTTP/1.1" 200 1157
200.83.57.219 - - [02/Mar/2017:15:33:52 -0300] "GET /cormun/servlet/trvisualizadoreventos? HTTP/1.1" 200 6867
200.83.57.219 - - [02/Mar/2017:15:33:52 -0300] "GET /cormun/static/gxcfg.js?2016101716203350 HTTP/1.1" 200 953
200.83.57.219 - - [02/Mar/2017:15:33:52 -0300] "GET /cormun/static/trvisualizadoreventos.js?2016101716203614 HTTP/1.1" 200 19309
200.83.57.219 - - [02/Mar/2017:15:33:52 -0300] "GET /cormun/static/Resources/PXToolsActionPrint.png HTTP/1.1" 200 3317
200.83.57.219 - - [02/Mar/2017:15:33:53 -0300] "GET /cormun/servlet/trvisualizadoreventos? HTTP/1.1" 200 6855
186.103.159.204 - - [02/Mar/2017:15:34:24 -0300] "GET /cormun/servlet/solicitudotadjuntos?INS,2017,5087,,1, HTTP/1.1" 200 6017
186.103.159.204 - - [02/Mar/2017:15:34:24 -0300] "GET /cormun/static/about:blank HTTP/1.1" 404 1011
186.103.159.204 - - [02/Mar/2017:15:34:25 -0300] "GET /cormun/servlet/solicitudotadjuntos?INS,2017,5087,,1, HTTP/1.1" 200 6011
186.103.159.204 - - [02/Mar/2017:15:34:25 -0300] "GET /cormun/servlet/solicitudotadjuntos?e70c8701e5b1114095a9647c5918dbd189a34bb6488c63caa44cf6dfd359d27bceea655a423b276298a8f45373b00946,gx-no-cache=1488479735375 HTTP/1.1" 200 30
186.103.159.204 - - [02/Mar/2017:15:34:26 -0300] "POST /cormun/servlet/solicitudotadjuntos?21898262feab26fc52e92e8980d9aa40,INS,2017,5087,,1,,gx-no-cache=1488479735445 HTTP/1.1" 200 3835
186.103.159.204 - - [02/Mar/2017:15:34:26 -0300] "GET /cormun/static/about:blank HTTP/1.1" 404 1011
200.112.14.152 - - [02/Mar/2017:15:34:33 -0300] "POST /cormun/servlet/trvisualizadoreventos?2ac7443b7b044a72a5358b59eb59ed13,,gx-no-cache=1488479714188 HTTP/1.1" 200 3787
200.112.14.152 - - [02/Mar/2017:15:34:44 -0300] "POST /cormun/servlet/trautorizarsolicitud?5cc8a5879af370736bb1f6c1de6b75b8,gx-no-cache=1488479752200 HTTP/1.1" 200 115
200.112.14.152 - - [02/Mar/2017:15:34:44 -0300] "GET /cormun/servlet/solicitudotlog?INS,2017,5071,0,REC, HTTP/1.1" 200 5779
200.112.14.152 - - [02/Mar/2017:15:34:44 -0300] "GET /cormun/static/gxcfg.js?201612218471193 HTTP/1.1" 200 953
200.112.14.152 - - [02/Mar/2017:15:34:44 -0300] "GET /cormun/static/solicitudotlog.js?20161221847122 HTTP/1.1" 200 8925
200.112.14.152 - - [02/Mar/2017:15:34:45 -0300] "GET /cormun/servlet/solicitudotlog?INS,2017,5071,0,REC, HTTP/1.1" 200 5778
200.112.14.152 - - [02/Mar/2017:15:34:45 -0300] "GET /cormun/servlet/solicitudotlog?7445c4db8ea2e3b50fdfe641cf16bc829d4480f877d8ee28df9967a8eac8a67d7889aeb32fbc08888dd29084a0f60d70c53182280e93cb3cf035da781bbaaa3836ea22d5acf3122a0b77ad83fae8fe78012f7a3ed5c19d0064838b09450ffea73247292d67403fe43688b8f7e40fa00513fd341b07aa3d2e6f60b3fde97ef2000c921127d6545a0660d591b0b35a19430665f1f3008d0450054e90d0ea3d9983,gx-no-cache=1488479754271 HTTP/1.1" 200 94
192.168.10.96 - - [02/Mar/2017:15:35:09 -0300] "GET /cormun/servlet/hlogin HTTP/1.1" 200 1706
192.168.10.96 - - [02/Mar/2017:15:35:09 -0300] "GET /cormun/static/gxtimezone.js?85251 HTTP/1.1" 200 5781
192.168.10.96 - - [02/Mar/2017:15:35:09 -0300] "GET /cormun/static/gxcfg.js?201612216162538 HTTP/1.1" 200 953
192.168.10.96 - - [02/Mar/2017:15:35:09 -0300] "GET /cormun/static/messages.spa.js?85251 HTTP/1.1" 200 30736
192.168.10.96 - - [02/Mar/2017:15:35:09 -0300] "GET /cormun/static/hlogin.js?201612216162555 HTTP/1.1" 200 2136
192.168.10.96 - - [02/Mar/2017:15:35:09 -0300] "GET /cormun/static/Resources/Spanish/PXTools.css?167811 HTTP/1.1" 200 89042
192.168.10.96 - - [02/Mar/2017:15:35:09 -0300] "GET /cormun/static/gxgral.js?85251 HTTP/1.1" 200 384558
192.168.10.96 - - [02/Mar/2017:15:35:10 -0300] "GET /cormun/static/Resources/ComunLogin.png HTTP/1.1" 200 17326
192.168.10.96 - - [02/Mar/2017:15:35:10 -0300] "GET /cormun/static/Resources/PXToolsLoginTop.png HTTP/1.1" 200 1337
192.168.10.96 - - [02/Mar/2017:15:35:10 -0300] "GET /cormun/static/Resources/PXToolsLoginBackground.png HTTP/1.1" 200 1164
192.168.10.96 - - [02/Mar/2017:15:35:10 -0300] "GET /cormun/static/Resources/PXToolsButtonLeft21.png HTTP/1.1" 200 1287
192.168.10.96 - - [02/Mar/2017:15:35:10 -0300] "GET /cormun/static/Resources/PXToolsButtonRight21.png HTTP/1.1" 200 1283
192.168.10.96 - - [02/Mar/2017:15:35:10 -0300] "GET /cormun/static/Resources/PXToolsLoginBottom.png HTTP/1.1" 200 1389
192.168.10.96 - - [02/Mar/2017:15:35:10 -0300] "GET /cormun/static/Resources/PXToolsButtonBackground2.png HTTP/1.1" 200 1181
192.168.10.96 - - [02/Mar/2017:15:35:10 -0300] "GET /favicon.ico HTTP/1.1" 200 21630
