186.103.159.46 - - [02/Mar/2017:10:12:13 -0300] "GET /cormun/static/Shared/jqueryui/images/ui-icons_ebccce_256x240.png HTTP/1.1" 404 1089
186.79.213.17 - - [02/Mar/2017:10:12:19 -0300] "POST /cormun/servlet/solicitudot?d23c08f4635d5ee8d46f9d62ac809b37,INS,0,0,,gx-no-cache=1488460409850 HTTP/1.1" 200 93
186.79.213.17 - - [02/Mar/2017:10:12:19 -0300] "GET /cormun/servlet/hpexe_return? HTTP/1.1" 200 1006
186.103.159.46 - - [02/Mar/2017:10:12:19 -0300] "POST /cormun/servlet/permisogoce?064573a3606bdc06af99758b34b687ab,DLT,17458217,P,20170302095823,,gx-no-cache=1488460408142 HTTP/1.1" 200 93
186.103.159.46 - - [02/Mar/2017:10:12:19 -0300] "GET /cormun/servlet/hpexe_return? HTTP/1.1" 200 1048
186.79.213.17 - - [02/Mar/2017:10:12:20 -0300] "GET /cormun/servlet/trsolicitudot HTTP/1.1" 200 8039
186.103.159.46 - - [02/Mar/2017:10:12:20 -0300] "GET /cormun/servlet/trpermisosgoce?gx-no-cache=1488459977125 HTTP/1.1" 200 8450
186.79.213.17 - - [02/Mar/2017:10:12:20 -0300] "GET /cormun/servlet/trsolicitudot HTTP/1.1" 200 8035
186.103.159.46 - - [02/Mar/2017:10:12:20 -0300] "GET /cormun/servlet/trpermisosgoce?gx-no-cache=1488459977125 HTTP/1.1" 200 8469
186.103.161.206 - - [02/Mar/2017:10:13:47 -0300] "GET /cormun/servlet/trlicencias? HTTP/1.1" 200 6818
186.103.161.206 - - [02/Mar/2017:10:13:47 -0300] "GET /cormun/static/gxcfg.js?2016122619301429 HTTP/1.1" 200 953
186.103.161.206 - - [02/Mar/2017:10:13:47 -0300] "GET /cormun/static/Resources/PXToolsGridNew.png HTTP/1.1" 200 2949
186.103.161.206 - - [02/Mar/2017:10:13:47 -0300] "GET /cormun/static/trlicencias.js?2016122619301919 HTTP/1.1" 200 37916
186.103.161.206 - - [02/Mar/2017:10:13:48 -0300] "GET /cormun/servlet/trlicencias? HTTP/1.1" 200 6817
186.103.161.206 - - [02/Mar/2017:10:14:11 -0300] "GET /cormun/servlet/trautorizarenuncias? HTTP/1.1" 200 6595
186.103.161.206 - - [02/Mar/2017:10:14:11 -0300] "GET /cormun/static/gxcfg.js?2016101716234664 HTTP/1.1" 200 953
186.103.161.206 - - [02/Mar/2017:10:14:11 -0300] "GET /cormun/static/trautorizarenuncias.js?2016101716234980 HTTP/1.1" 200 26451
186.103.161.206 - - [02/Mar/2017:10:14:12 -0300] "GET /cormun/servlet/trautorizarenuncias? HTTP/1.1" 200 6595
186.103.161.206 - - [02/Mar/2017:10:14:13 -0300] "POST /cormun/servlet/acontrolpreferencessavestate?None,HPINTO,true HTTP/1.1" 200 35
200.83.57.219 - - [02/Mar/2017:10:16:39 -0300] "GET /cormun/servlet/hlogin HTTP/1.1" 200 1725
200.83.57.219 - - [02/Mar/2017:10:16:40 -0300] "GET /cormun/servlet/hlogin HTTP/1.1" 200 1735
200.83.57.219 - - [02/Mar/2017:10:16:41 -0300] "POST /cormun/servlet/hlogin?8e41b4da71d514beb31eef8dc197e1ea,gx-no-cache=1488460674045 HTTP/1.1" 200 90
200.83.57.219 - - [02/Mar/2017:10:16:41 -0300] "GET /cormun/servlet/hpexe_link HTTP/1.1" 200 958
200.83.57.219 - - [02/Mar/2017:10:16:41 -0300] "GET /cormun/servlet/hhome HTTP/1.1" 200 4101
200.83.57.219 - - [02/Mar/2017:10:16:42 -0300] "GET /cormun/servlet/hhome HTTP/1.1" 200 4098
186.103.156.211 - - [02/Mar/2017:10:16:48 -0300] "POST /cormun/servlet/trsolicitudot?bb280241ee2e7d91405c396b31f74426,,gx-no-cache=1488460679506 HTTP/1.1" 200 106
186.103.156.211 - - [02/Mar/2017:10:16:48 -0300] "GET /cormun/servlet/trsolicitudadjuntos?2017,5054, HTTP/1.1" 200 6070
186.103.156.211 - - [02/Mar/2017:10:16:49 -0300] "GET /cormun/static/gxcfg.js?201612218531388 HTTP/1.1" 200 953
186.103.156.211 - - [02/Mar/2017:10:16:49 -0300] "GET /cormun/static/trsolicitudadjuntos.js?201612218531657 HTTP/1.1" 200 17913
186.103.156.211 - - [02/Mar/2017:10:16:49 -0300] "GET /cormun/servlet/trsolicitudadjuntos?2017,5054, HTTP/1.1" 200 6069
186.103.156.211 - - [02/Mar/2017:10:17:02 -0300] "GET /cormun/servlet/solicitudotadjuntos?INS,2017,5054,,1, HTTP/1.1" 200 6003
186.103.156.211 - - [02/Mar/2017:10:17:02 -0300] "GET /cormun/static/gxcfg.js?201612218465951 HTTP/1.1" 200 953
186.103.156.211 - - [02/Mar/2017:10:17:02 -0300] "GET /cormun/static/solicitudotadjuntos.js?201612218465969 HTTP/1.1" 200 11762
186.103.156.211 - - [02/Mar/2017:10:17:02 -0300] "GET /cormun/static/about:blank HTTP/1.1" 404 1011
186.103.156.211 - - [02/Mar/2017:10:17:02 -0300] "GET /cormun/servlet/solicitudotadjuntos?INS,2017,5054,,1, HTTP/1.1" 200 5996
186.103.156.211 - - [02/Mar/2017:10:17:03 -0300] "GET /cormun/servlet/solicitudotadjuntos?d3bf168ba3b19a819b091f6d3aa35ec8e5bf0f0bb5373f69c91ccc11755d224af5605fc6c09d24e2f76ecd93baf82425,gx-no-cache=1488460694436 HTTP/1.1" 200 30
186.103.156.211 - - [02/Mar/2017:10:17:04 -0300] "POST /cormun/servlet/solicitudotadjuntos?bb280241ee2e7d91405c396b31f74426,INS,2017,5054,,1,,gx-no-cache=1488460694840 HTTP/1.1" 200 3873
186.103.156.211 - - [02/Mar/2017:10:17:25 -0300] "POST /cormun/servlet/solicitudotadjuntos?bb280241ee2e7d91405c396b31f74426,INS,2017,5054,,1,,gx-no-cache=1488460716506 HTTP/1.1" 200 93
186.103.156.211 - - [02/Mar/2017:10:17:26 -0300] "GET /cormun/servlet/hpexe_return? HTTP/1.1" 200 1024
186.103.156.211 - - [02/Mar/2017:10:17:26 -0300] "GET /cormun/static/gxcfg.js?2016101716175148 HTTP/1.1" 200 953
186.103.156.211 - - [02/Mar/2017:10:17:26 -0300] "GET /cormun/static/hpexe_return.js?2016101716175153 HTTP/1.1" 200 1633
186.103.156.211 - - [02/Mar/2017:10:17:26 -0300] "GET /cormun/servlet/trsolicitudadjuntos?2017,5054, HTTP/1.1" 200 6073
186.103.156.211 - - [02/Mar/2017:10:17:27 -0300] "GET /cormun/servlet/trsolicitudadjuntos?2017,5054, HTTP/1.1" 200 6069
200.83.57.219 - - [02/Mar/2017:10:17:44 -0300] "GET /cormun/servlet/trlicencias? HTTP/1.1" 200 6975
200.83.57.219 - - [02/Mar/2017:10:17:44 -0300] "GET /cormun/static/gxcfg.js?2016122619301429 HTTP/1.1" 200 953
200.83.57.219 - - [02/Mar/2017:10:17:44 -0300] "GET /cormun/static/trlicencias.js?2016122619301919 HTTP/1.1" 200 37916
200.83.57.219 - - [02/Mar/2017:10:17:45 -0300] "GET /cormun/servlet/trlicencias? HTTP/1.1" 200 6976
200.83.57.219 - - [02/Mar/2017:10:17:50 -0300] "GET /cormun/servlet/licenciaspermisos?INS,0,,, HTTP/1.1" 200 7466
200.83.57.219 - - [02/Mar/2017:10:17:50 -0300] "GET /cormun/static/gxcfg.js?2016122619301043 HTTP/1.1" 200 953
200.83.57.219 - - [02/Mar/2017:10:17:50 -0300] "GET /cormun/static/licenciaspermisos.js?2016122619301096 HTTP/1.1" 200 33213
200.83.57.219 - - [02/Mar/2017:10:17:50 -0300] "GET /cormun/servlet/licenciaspermisos?INS,0,,, HTTP/1.1" 200 7474
200.83.57.219 - - [02/Mar/2017:10:18:06 -0300] "POST /cormun/servlet/licenciaspermisos?8e41b4da71d514beb31eef8dc197e1ea,INS,0,,,,gx-no-cache=1488460759007 HTTP/1.1" 200 4788
200.83.57.219 - - [02/Mar/2017:10:18:06 -0300] "GET /cormun/static/Shared/jqueryui/images/ui-bg_highlight-soft_100_c6c2c8_1x100.png HTTP/1.1" 404 1117
200.83.57.219 - - [02/Mar/2017:10:18:06 -0300] "GET /cormun/static/Shared/jqueryui/images/ui-bg_flat_55_994d53_40x100.png HTTP/1.1" 404 1097
200.83.57.219 - - [02/Mar/2017:10:18:06 -0300] "GET /cormun/static/Shared/jqueryui/images/ui-icons_82798d_256x240.png HTTP/1.1" 404 1089
200.83.57.219 - - [02/Mar/2017:10:18:06 -0300] "GET /cormun/static/Shared/jqueryui/images/ui-icons_ebccce_256x240.png HTTP/1.1" 404 1089
200.83.57.219 - - [02/Mar/2017:10:18:08 -0300] "GET /cormun/servlet/licenciaspermisos?4a4fc04995fc71d089ad717934f6d25e52878251c74f059da9fc5ae7fe92b4b669287e344c62c796d910cddcc64de1902f7e6ef15763611c3826f77447ff6e03,gx-no-cache=1488460761047 HTTP/1.1" 200 57
200.83.57.219 - - [02/Mar/2017:10:18:08 -0300] "POST /cormun/servlet/licenciaspermisos?8e41b4da71d514beb31eef8dc197e1ea,INS,0,,,,gx-no-cache=1488460761103 HTTP/1.1" 200 4607
200.83.57.219 - - [02/Mar/2017:10:18:29 -0300] "GET /cormun/static/menuarrow.gif HTTP/1.1" 404 1015
186.79.129.193 - - [02/Mar/2017:10:18:34 -0300] "GET /cormun/servlet/hlogin HTTP/1.1" 200 1709
186.79.129.193 - - [02/Mar/2017:10:18:36 -0300] "POST /cormun/servlet/hlogin?f1aad4173f7f81c3c440915fe440f725,gx-no-cache=1488460790430 HTTP/1.1" 200 90
186.79.129.193 - - [02/Mar/2017:10:18:37 -0300] "GET /cormun/servlet/hpexe_link HTTP/1.1" 200 943
186.79.129.193 - - [02/Mar/2017:10:18:37 -0300] "GET /cormun/servlet/hhome HTTP/1.1" 200 3745
200.83.57.219 - - [02/Mar/2017:10:18:37 -0300] "POST /cormun/servlet/licenciaspermisos?8e41b4da71d514beb31eef8dc197e1ea,INS,0,,,,gx-no-cache=1488460790461 HTTP/1.1" 200 4731
186.79.129.193 - - [02/Mar/2017:10:18:38 -0300] "GET /cormun/servlet/hhome HTTP/1.1" 200 3741
186.79.129.193 - - [02/Mar/2017:10:18:42 -0300] "GET /cormun/servlet/trsolicitudot? HTTP/1.1" 200 8765
186.79.129.193 - - [02/Mar/2017:10:18:42 -0300] "GET /cormun/static/trsolicitudot.js?20171191045625 HTTP/1.1" 206 1
186.79.129.193 - - [02/Mar/2017:10:18:42 -0300] "GET /cormun/static/trsolicitudot.js?20171191045625 HTTP/1.1" 206 2960
186.79.129.193 - - [02/Mar/2017:10:18:42 -0300] "GET /cormun//static/Resources/PXToolsActionView.png HTTP/1.1" 200 2995
186.79.129.193 - - [02/Mar/2017:10:18:43 -0300] "GET /cormun//static/Resources/PXToolsRemoveAllAction.png HTTP/1.1" 200 3558
186.79.129.193 - - [02/Mar/2017:10:18:43 -0300] "GET /cormun/servlet/trsolicitudot? HTTP/1.1" 200 8763
186.79.129.193 - - [02/Mar/2017:10:18:50 -0300] "GET /cormun/servlet/solicitudot?INS,0,0, HTTP/1.1" 200 12556
186.79.129.193 - - [02/Mar/2017:10:18:50 -0300] "GET /cormun/static/gxcfg.js?20171191042720 HTTP/1.1" 200 953
186.79.129.193 - - [02/Mar/2017:10:18:50 -0300] "GET /cormun/static/solicitudot.js?2017119104297 HTTP/1.1" 200 63948
186.79.129.193 - - [02/Mar/2017:10:18:50 -0300] "GET /cormun/servlet/solicitudot?INS,0,0, HTTP/1.1" 200 12561
186.103.156.211 - - [02/Mar/2017:10:19:46 -0300] "GET /cormun/servlet/solicitudotadjuntos?INS,2017,5054,,2, HTTP/1.1" 200 6000
186.103.156.211 - - [02/Mar/2017:10:19:47 -0300] "GET /cormun/static/about:blank HTTP/1.1" 404 1011
186.103.156.211 - - [02/Mar/2017:10:19:47 -0300] "GET /cormun/servlet/solicitudotadjuntos?INS,2017,5054,,2, HTTP/1.1" 200 5993
186.103.156.211 - - [02/Mar/2017:10:19:47 -0300] "GET /cormun/servlet/solicitudotadjuntos?d3bf168ba3b19a819b091f6d3aa35ec8e5bf0f0bb5373f69c91ccc11755d224af5605fc6c09d24e2f76ecd93baf82425,gx-no-cache=1488460859171 HTTP/1.1" 200 30
186.103.156.211 - - [02/Mar/2017:10:19:48 -0300] "POST /cormun/servlet/solicitudotadjuntos?bb280241ee2e7d91405c396b31f74426,INS,2017,5054,,2,,gx-no-cache=1488460859230 HTTP/1.1" 200 4015
186.103.156.211 - - [02/Mar/2017:10:19:53 -0300] "POST /cormun/servlet/solicitudotadjuntos?gx-no-cache=1488460864484 HTTP/1.1" 200 26
186.79.213.17 - - [02/Mar/2017:10:21:01 -0300] "GET /cormun/servlet/solicitudot?INS,0,0, HTTP/1.1" 200 12603
186.79.213.17 - - [02/Mar/2017:10:21:02 -0300] "GET /cormun/servlet/solicitudot?INS,0,0, HTTP/1.1" 200 12608
186.79.129.193 - - [02/Mar/2017:10:21:26 -0300] "POST /cormun/servlet/solicitudot?gx-no-cache=1488460958852 HTTP/1.1" 200 3177
186.79.129.193 - - [02/Mar/2017:10:21:26 -0300] "POST /cormun/servlet/solicitudot?f1aad4173f7f81c3c440915fe440f725,INS,0,0,,gx-no-cache=1488460959745 HTTP/1.1" 200 9763
186.79.213.17 - - [02/Mar/2017:10:22:33 -0300] "POST /cormun/servlet/solicitudot?gx-no-cache=1488461023912 HTTP/1.1" 200 3081
186.79.213.17 - - [02/Mar/2017:10:22:34 -0300] "POST /cormun/servlet/solicitudot?d23c08f4635d5ee8d46f9d62ac809b37,INS,0,0,,gx-no-cache=1488461024351 HTTP/1.1" 200 9675
157.55.39.131 - - [02/Mar/2017:10:22:34 -0300] "GET /cormun/servlet/hpexe_return HTTP/1.1" 200 1036
186.79.213.17 - - [02/Mar/2017:10:22:37 -0300] "GET /cormun/servlet/solicitudot?13201a7a1e0c88c64259382743c3310790ecd91268ca0e5b3a575836258ca52de5d47f367c45a220215724294d3db44e,gx-no-cache=1488461027940 HTTP/1.1" 200 30
186.79.129.193 - - [02/Mar/2017:10:22:40 -0300] "GET /cormun/servlet/solicitudot?404a9e17315000dcf68d8b42c0762e44a93183cfa23111936d1186dee37f37b09380122017c3a08cf739977dfff3eae4,gx-no-cache=1488461033843 HTTP/1.1" 200 30
186.79.129.193 - - [02/Mar/2017:10:22:40 -0300] "POST /cormun/servlet/solicitudot?gx-no-cache=1488461034006 HTTP/1.1" 200 255
186.79.129.193 - - [02/Mar/2017:10:22:40 -0300] "GET /cormun/servlet/solicitudot?404a9e17315000dcf68d8b42c0762e4478c7dd8fe63aa23a8e9cc1e5cede4b79c08eae1e6a940739bb4ee4a091b0fe232169b52a20aeac72a58a8dad9346c437c0fbc88efea344b1399df1d8c6cbd04bf2c924758ea2807e688557ca3169271b8118cc19a4d593e7c058dd14385472ac8bfe50cb7852738290734b4dafe63474440e8e7f8503030e3e4bda69dedbb52e57f646eac6ffd090cb75347ed5a31f04e11877096d1944ec18fa7dcdf61f1f9fc906e38871121f275e96eb354fab10544c55bdf20572b198b3b7d8ff537f2f43647af623773589fe995ae3774ff7d106d98ed3bdbeb138f5a815645e4ed48c82ecca0d990b7e740d179d9e510b229989699dff0a4fc7b41b30ee37a94fead339873a91bda911bfb503f57badbddd1905683684b902c4d898fd2e7e446d5a74d323c6f8adc58aa294a2105909a5e1930dc29e24a63f9c09e2c29be24c363bebd6c915b517fed215121cd3bf937a76b51930ea6506a3b48e5d9d52ec2c103b43091d2a567e98ec9abd88e0ed8163f604f1,gx-no-cache=1488461034139 HTTP/1.1" 200 30
207.46.13.110 - - [02/Mar/2017:10:22:52 -0300] "GET /cormun/static/gxfxSD.js?85251 HTTP/1.1" 200 15384
186.79.129.193 - - [02/Mar/2017:10:22:53 -0300] "POST /cormun/servlet/solicitudot?gx-no-cache=1488461046633 HTTP/1.1" 200 30
157.55.39.131 - - [02/Mar/2017:10:22:58 -0300] "GET /cormun/static/gxcfg.js?85251 HTTP/1.1" 200 953
186.79.129.193 - - [02/Mar/2017:10:22:58 -0300] "POST /cormun/servlet/solicitudot?gx-no-cache=1488461052270 HTTP/1.1" 200 1291
186.79.129.193 - - [02/Mar/2017:10:22:59 -0300] "POST /cormun/servlet/solicitudot?gx-no-cache=1488461052522 HTTP/1.1" 200 38
157.55.39.131 - - [02/Mar/2017:10:22:59 -0300] "GET /cormun/static/gxgridSD.js?85251 HTTP/1.1" 200 50735
186.79.129.193 - - [02/Mar/2017:10:23:13 -0300] "GET /cormun/servlet/solicitudot?404a9e17315000dcf68d8b42c0762e44f290f6dc2b00953e096fc2d2097af6b9a99034bdc9001a1636bba96df3ae20e97b8ae8618e7dae3d2ae7236e49c1b5dbaa050d120f2fb6add55c226154cc41118c8eb9f41a6538fe7338e2f9c7fcce1e68170e7b4ed803c3727fb5cc8576cf2504bd54b2313c0d9257d7bd922d3fe9c9e68f30683a29ec7bbf1a7d47e89d5de6f178c4c6679d6a16a1428a8593c65b8f,gx-no-cache=1488461066667 HTTP/1.1" 200 29
186.79.129.193 - - [02/Mar/2017:10:23:13 -0300] "POST /cormun/servlet/solicitudot?gx-no-cache=1488461066792 HTTP/1.1" 200 1274
186.79.129.193 - - [02/Mar/2017:10:23:13 -0300] "POST /cormun/servlet/solicitudot?gx-no-cache=1488461067024 HTTP/1.1" 200 1157
186.103.159.187 - - [02/Mar/2017:10:23:27 -0300] "GET /cormun/servlet/hlogin HTTP/1.1" 200 1712
186.103.159.187 - - [02/Mar/2017:10:23:36 -0300] "POST /cormun/servlet/hlogin?9d1d9842d9c6b7aabba575911680a0ec,gx-no-cache=1488461084667 HTTP/1.1" 200 424
186.103.159.187 - - [02/Mar/2017:10:23:44 -0300] "POST /cormun/servlet/hlogin?9d1d9842d9c6b7aabba575911680a0ec,gx-no-cache=1488461092622 HTTP/1.1" 200 90
186.103.159.187 - - [02/Mar/2017:10:23:44 -0300] "GET /cormun/servlet/hpexe_link HTTP/1.1" 200 944
186.103.159.187 - - [02/Mar/2017:10:23:44 -0300] "GET /cormun/servlet/hhome HTTP/1.1" 200 3726
186.103.159.187 - - [02/Mar/2017:10:23:45 -0300] "GET /cormun/servlet/hhome HTTP/1.1" 200 3722
186.79.129.193 - - [02/Mar/2017:10:23:47 -0300] "GET /cormun/servlet/solicitudot?404a9e17315000dcf68d8b42c0762e44906e5f4193db4fd1ec79f05739f2b2a9bc42eeea28089838c20e9c4982b5dbfe0259bd4d435d8a74da7d5f47cf6facddfbf64325fe13645c42878fdeae70a690557de771411aa0abeaf65d82e87376252eb3d2923095156649b122978bf41a10a419cc24557da517b7d18ed54248fed94400a01f4c9ed7cfea3baca87db30bbaf1cd5b906af554299c603216150b95cb27be61bd9d2b2ec413c08c2935a5b737,gx-no-cache=1488461099477 HTTP/1.1" 200 30
186.103.159.187 - - [02/Mar/2017:10:23:52 -0300] "GET /cormun/servlet/trsolicitudot? HTTP/1.1" 200 6660
186.103.159.187 - - [02/Mar/2017:10:23:53 -0300] "GET /cormun/servlet/trsolicitudot? HTTP/1.1" 200 6659
186.103.159.187 - - [02/Mar/2017:10:23:56 -0300] "GET /cormun/servlet/solicitudot?INS,0,0, HTTP/1.1" 200 12537
186.103.159.187 - - [02/Mar/2017:10:23:57 -0300] "GET /cormun/servlet/solicitudot?INS,0,0, HTTP/1.1" 200 12542
186.103.159.187 - - [02/Mar/2017:10:24:15 -0300] "POST /cormun/servlet/solicitudot?gx-no-cache=1488461123731 HTTP/1.1" 200 3185
186.103.159.187 - - [02/Mar/2017:10:24:15 -0300] "POST /cormun/servlet/solicitudot?9d1d9842d9c6b7aabba575911680a0ec,INS,0,0,,gx-no-cache=1488461123914 HTTP/1.1" 200 9782
186.103.159.187 - - [02/Mar/2017:10:24:17 -0300] "GET /cormun/servlet/solicitudot?1e13a129bf70b93714fb1f881f5270e907914ba23d8a0440cdcab7055547606517ef0881551138b04c97ab56f1539086,gx-no-cache=1488461125846 HTTP/1.1" 200 30
186.103.159.187 - - [02/Mar/2017:10:24:17 -0300] "POST /cormun/servlet/solicitudot?gx-no-cache=1488461125908 HTTP/1.1" 200 297
186.103.159.187 - - [02/Mar/2017:10:24:17 -0300] "GET /cormun/servlet/solicitudot?1e13a129bf70b93714fb1f881f5270e99676dbe9f85e911ecbc039775c05d603e0fde6138910ac8fd1e80512dfb4906059c2aba3d741a6ee8bcf1d7148efce215163a2b35b5ba7ada84f1557a1f68ad77d6a946cda0af07a18a44b23ad86cb5028a7bcf30f74bad429f2ce22afb26b5932cb4f48f7b47ede8dc58091bf50fcffe0805dcd99706f6f6c180f9fe05730fc06608ec3cd04c0726db9b3b39e4df664b833e57f045587bc2c35cef6ba024dd368f924cc2a015147001b0994f69a40f96870bb4619a4aae8ff78190003509268a33d1704d605f23100adf1aaaf73325125bb4076a63ed2fbd7048c9e433bfe86101af3f21338cb49cb5a44c64bb5c3834662ea07a55a897256bbcd2afef39a83690eb6749372c1789eb35cf30b89634a94aae8b38346b97d5d08c7828ab3d7e0401fde18eb2214ddf1a3517939c7c90e85bbb89f0e7c84b20bad113b4c01219cb63746ca1a86b207f9dc4e7b434971c35054785f886d73c2840dc3dff8cb3abf22d70216fe0daede65e5edacdb9c4a663e9b938a74d4ab9d72124528fe684c7d,gx-no-cache=1488461125952 HTTP/1.1" 200 30
186.103.159.187 - - [02/Mar/2017:10:24:19 -0300] "POST /cormun/servlet/solicitudot?gx-no-cache=1488461128174 HTTP/1.1" 200 30
186.103.159.187 - - [02/Mar/2017:10:24:23 -0300] "POST /cormun/servlet/solicitudot?gx-no-cache=1488461131566 HTTP/1.1" 200 30
186.103.159.187 - - [02/Mar/2017:10:24:26 -0300] "POST /cormun/servlet/solicitudot?gx-no-cache=1488461134757 HTTP/1.1" 200 30
186.103.159.187 - - [02/Mar/2017:10:24:32 -0300] "POST /cormun/servlet/solicitudot?gx-no-cache=1488461141322 HTTP/1.1" 200 30
186.103.159.187 - - [02/Mar/2017:10:24:35 -0300] "POST /cormun/servlet/solicitudot?gx-no-cache=1488461143802 HTTP/1.1" 200 30
186.103.159.187 - - [02/Mar/2017:10:24:38 -0300] "POST /cormun/servlet/solicitudot?gx-no-cache=1488461147273 HTTP/1.1" 200 30
186.103.159.187 - - [02/Mar/2017:10:24:45 -0300] "POST /cormun/servlet/solicitudot?gx-no-cache=1488461154213 HTTP/1.1" 200 30
186.103.159.187 - - [02/Mar/2017:10:24:47 -0300] "POST /cormun/servlet/solicitudot?gx-no-cache=1488461156336 HTTP/1.1" 200 235
186.103.159.187 - - [02/Mar/2017:10:24:47 -0300] "POST /cormun/servlet/solicitudot?gx-no-cache=1488461156396 HTTP/1.1" 200 38
186.79.213.17 - - [02/Mar/2017:10:24:53 -0300] "POST /cormun/servlet/solicitudot?gx-no-cache=1488461163788 HTTP/1.1" 200 255
186.79.213.17 - - [02/Mar/2017:10:24:55 -0300] "GET /cormun/servlet/solicitudot?13201a7a1e0c88c64259382743c33107ea1a1e3e6328904340e8202e6d8caae63faf9a6809d1277af1a09f32cd24ee9e23a32d7551c55b2e8653e589305c08e96729a48d568a441d5b5053deb24f564ba59ec5671853d87836da31750b6300ca45cc1b5dfbaff0b8e3b324801b55882f2bbb14ee88979967c0c346cfdc967e568f5260f7219072fa5f93ff08107912099936d826f942231d1b8425710034fdfdb6e9218468d256f1cadd67a2a2f42962348719ea3d93817aac3835eee0098647ebc685ea1353c14359815363a43b5b9e7ab643696e3d6755d45dbd8287ed72586dc1d86c3b1edf9199139e0a5a1a6264f36ef6849e2e9b87e3835ad3b08416352eeb3ad86266e886679d398b3bf4b4e82acad2af526448085641a35bb0c6daeae7b3b9655be21016e0be910e5e7744ccd75eaa7d0b9a5bc48c2e37531485f2d5108b12acca73a5dc7e4ab628918024448971316e643c6855497bdc1647ffc1133662c86051f55431fdc86f6678bb3bbc48922afee870271796f2b1f256962ed8,gx-no-cache=1488461165924 HTTP/1.1" 200 30
186.79.213.17 - - [02/Mar/2017:10:24:57 -0300] "POST /cormun/servlet/solicitudot?gx-no-cache=1488461168564 HTTP/1.1" 200 30
186.79.213.17 - - [02/Mar/2017:10:24:59 -0300] "POST /cormun/servlet/solicitudot?gx-no-cache=1488461170627 HTTP/1.1" 200 30
186.79.213.17 - - [02/Mar/2017:10:25:01 -0300] "POST /cormun/servlet/solicitudot?gx-no-cache=1488461171815 HTTP/1.1" 200 235
186.79.213.17 - - [02/Mar/2017:10:25:01 -0300] "POST /cormun/servlet/solicitudot?gx-no-cache=1488461171920 HTTP/1.1" 200 38
186.79.213.17 - - [02/Mar/2017:10:25:13 -0300] "GET /cormun/servlet/solicitudot?13201a7a1e0c88c64259382743c331070398c572e2452ce63d74e6cbb75f97cacc782bb7c5654238772aa400843302e15104971b821d447b3950415b3ea51462123bd21e353cbc8ccfc6e37b211cf512789c3c47a52bc9c725766b1e4ed538e5dfd10c68e2d5d5b1fb0636941eb5fbd2,gx-no-cache=1488461184571 HTTP/1.1" 200 29
186.79.213.17 - - [02/Mar/2017:10:25:13 -0300] "POST /cormun/servlet/solicitudot?gx-no-cache=1488461184633 HTTP/1.1" 200 643
186.79.213.17 - - [02/Mar/2017:10:25:14 -0300] "POST /cormun/servlet/solicitudot?gx-no-cache=1488461185532 HTTP/1.1" 200 179
186.79.213.17 - - [02/Mar/2017:10:25:17 -0300] "GET /cormun/servlet/solicitudot?13201a7a1e0c88c64259382743c33107288431b4618f31ea0233175eebc7f963c55ced777cbf0329780ba621d9574a3e3ad4ac883013f5a7a4130059feb76cdb64f2e482af461474a0adb04e413b72a18bc656fabf398925b63c699f07a636fc200c8e3b34e932ace5e3700a7353ba082129534cb1b8544cb8d76d859b540f4ae826cfe8671b945846b80c9bbf95d7941db655ed218f03688c4434d52b43d57e8155f163afd0fcd0362b95cb32519c61320d7a389c38683dce03c51a20f89e7e77f7cf6a1733cee2e555edcc957867854c28e397d1bb1ebd44b61fbf23f2b206e294f2b58bdb9a73122ffd31169273dd04f8c6a02703ef6e97319c0d6d3a1c30285f607f7fd990186281d72bbb435faf6e63bd4f319fc2dcbbedaeeb51352e57e11c56e00f88e31024d6a90354dbbb2579765672ca2023fadb9c82fb61f23ba2f500fa1277c00f7ff5fba70fe5e09384de3e758310106f1e9a335b7b98494f18715d8ca73daa30c1d618270a9421f2b35663d392b109997130a5da7bd211923daefdb74b33942734e7be4b36915c41018e7231b0883fbbf980d1f0b5c7ef5d19cdd49ccbe6fe4d7bd475c1e422ddb7994868e8d2ad86dfa7a1725582c955a8026d43b4cdd387f2c6d19fdd8ac03c985b8392ff92c255942aeb2f6962f6e1d7a481d1bf1b6692cb200718663dfd8978a5ef5964d419487715fba033e6214ddeb10b52e52c95beafe8df1c2c7932af6612f9f0671ced89d59693c092c7ad585d94a3fe101562c6e5da209725cc04d9b861ebc7fec3e1ef96eaa668873a6fa460f9,gx-no-cache=1488461187639 HTTP/1.1" 200 1157
186.103.159.187 - - [02/Mar/2017:10:25:19 -0300] "GET /cormun/servlet/solicitudot?1e13a129bf70b93714fb1f881f5270e98db981b0ccb22827d6e59555443004cc61ab876ba859626ffe69f454e57dfded7483426c94b6b3ce65bc6df98330189e06524d3f84a2510d5807ea91f7362eedf02ca8cb47c5b8fed7ba4113efb00ab193cd9e51068b17ece408ae775696db44,gx-no-cache=1488461187794 HTTP/1.1" 200 29
186.103.159.187 - - [02/Mar/2017:10:25:19 -0300] "POST /cormun/servlet/solicitudot?gx-no-cache=1488461187846 HTTP/1.1" 200 643
186.103.159.187 - - [02/Mar/2017:10:25:20 -0300] "POST /cormun/servlet/solicitudot?gx-no-cache=1488461188773 HTTP/1.1" 200 1157
186.79.213.17 - - [02/Mar/2017:10:25:27 -0300] "GET /cormun/static/menuarrow.gif HTTP/1.1" 404 1015
186.79.213.17 - - [02/Mar/2017:10:25:35 -0300] "GET /cormun/servlet/solicitudot?13201a7a1e0c88c64259382743c33107a102a51478fef03ffaa467bfeb63041cac517550463738cbd36f46fc6e07534bfb47d7450f40eacd60e87ca05d5a74e64c28e397d1bb1ebd44b61fbf23f2b206f1022501c2f21e15dae0be6b863f87abcda27219ad93f64a1c911a32e5cea946ce2be891e5b630896c38a13a2eef00ef3f088fc823b57db3c37c154c51a72b08d5e1904770b466825118487501eeddf1c2fbc9c3146194bd7ba8e5a164ecc48c,gx-no-cache=1488461206602 HTTP/1.1" 200 30
186.79.213.17 - - [02/Mar/2017:10:25:46 -0300] "POST /cormun/servlet/solicitudot?d23c08f4635d5ee8d46f9d62ac809b37,INS,0,0,,gx-no-cache=1488461217052 HTTP/1.1" 200 93
186.79.213.17 - - [02/Mar/2017:10:25:46 -0300] "GET /cormun/servlet/hpexe_return? HTTP/1.1" 200 1006
186.79.213.17 - - [02/Mar/2017:10:25:47 -0300] "GET /cormun/servlet/trsolicitudot HTTP/1.1" 200 8418
186.79.213.17 - - [02/Mar/2017:10:25:48 -0300] "GET /cormun/servlet/trsolicitudot HTTP/1.1" 200 8413
186.103.159.187 - - [02/Mar/2017:10:26:06 -0300] "GET /cormun/static/menuarrow.gif HTTP/1.1" 404 1015
186.103.159.187 - - [02/Mar/2017:10:26:23 -0300] "GET /cormun/servlet/solicitudot?1e13a129bf70b93714fb1f881f5270e9546e5e59d36cf5a1674136dc6f0a60ab417f77a5028f69aee80a793194ee0613e2f367bfaeac5e3c950153d5cd5f07a46e4f2f5ab5aae043d3b6a8aa0fdcc54ab239135cd35b2a09126818b8119582c08fc7f3746d3b35a9fb3dd435ca2647d3018a7cbbaa5e60fce5c89039a0d9ebf7a437b9e69dea1a96d5659d0b5230edce1b4efa6c9146af243bda75793bbff9d97c48436ec1af7d4311bcc65bf0c70f13,gx-no-cache=1488461252278 HTTP/1.1" 200 30
186.103.159.187 - - [02/Mar/2017:10:26:49 -0300] "POST /cormun/servlet/solicitudot?9d1d9842d9c6b7aabba575911680a0ec,INS,0,0,,gx-no-cache=1488461278135 HTTP/1.1" 200 93
186.103.159.187 - - [02/Mar/2017:10:26:49 -0300] "GET /cormun/servlet/hpexe_return? HTTP/1.1" 200 995
186.103.159.187 - - [02/Mar/2017:10:26:50 -0300] "GET /cormun/servlet/trsolicitudot HTTP/1.1" 200 7953
186.103.159.187 - - [02/Mar/2017:10:26:51 -0300] "GET /cormun/servlet/trsolicitudot HTTP/1.1" 200 7949
186.103.159.187 - - [02/Mar/2017:10:27:02 -0300] "POST /cormun/servlet/trsolicitudot?9d1d9842d9c6b7aabba575911680a0ec,gx-no-cache=1488461291235 HTTP/1.1" 200 4151
186.103.159.187 - - [02/Mar/2017:10:27:02 -0300] "GET /cormun/static/Shared/jqueryui/images/ui-bg_highlight-soft_100_c6c2c8_1x100.png HTTP/1.1" 404 1117
186.103.159.187 - - [02/Mar/2017:10:27:02 -0300] "GET /cormun/static/Shared/jqueryui/images/ui-icons_82798d_256x240.png HTTP/1.1" 404 1089
186.103.159.187 - - [02/Mar/2017:10:27:02 -0300] "GET /cormun/static/Shared/jqueryui/images/ui-bg_flat_55_fafafa_40x100.png HTTP/1.1" 404 1097
186.103.159.187 - - [02/Mar/2017:10:27:02 -0300] "GET /cormun/static/Shared/jqueryui/images/ui-icons_8d78a5_256x240.png HTTP/1.1" 404 1089
186.103.159.187 - - [02/Mar/2017:10:27:03 -0300] "POST /cormun/servlet/trsolicitudot?9d1d9842d9c6b7aabba575911680a0ec,gx-no-cache=1488461291517 HTTP/1.1" 200 3922
186.103.157.235 - - [02/Mar/2017:10:27:15 -0300] "GET /cormun/servlet/hlogin HTTP/1.1" 200 1721
186.103.157.235 - - [02/Mar/2017:10:27:16 -0300] "GET /cormun/static/gxtimezone.js?85251 HTTP/1.1" 200 5781
186.103.157.235 - - [02/Mar/2017:10:27:16 -0300] "GET /cormun/static/gxcfg.js?201612216162538 HTTP/1.1" 200 953
186.103.157.235 - - [02/Mar/2017:10:27:16 -0300] "GET /cormun/static/Resources/Spanish/PXTools.css?167811 HTTP/1.1" 200 89042
186.103.157.235 - - [02/Mar/2017:10:27:16 -0300] "GET /cormun/static/messages.spa.js?85251 HTTP/1.1" 200 30736
186.103.157.235 - - [02/Mar/2017:10:27:16 -0300] "GET /cormun/static/gxgral.js?85251 HTTP/1.1" 200 384558
186.103.157.235 - - [02/Mar/2017:10:27:16 -0300] "GET /cormun/static/hlogin.js?201612216162555 HTTP/1.1" 200 2136
186.103.157.235 - - [02/Mar/2017:10:27:16 -0300] "GET /cormun/static/Resources/ComunLogin.png HTTP/1.1" 200 17326
186.103.159.187 - - [02/Mar/2017:10:27:16 -0300] "GET /cormun/servlet/hlogin HTTP/1.1" 200 1726
186.103.157.235 - - [02/Mar/2017:10:27:16 -0300] "GET /cormun/static/Resources/PXToolsLoginBackground.png HTTP/1.1" 200 1164
186.103.157.235 - - [02/Mar/2017:10:27:16 -0300] "GET /cormun/static/Resources/PXToolsLoginTop.png HTTP/1.1" 200 1337
186.103.157.235 - - [02/Mar/2017:10:27:16 -0300] "GET /cormun/static/Resources/PXToolsButtonLeft21.png HTTP/1.1" 200 1287
186.103.157.235 - - [02/Mar/2017:10:27:16 -0300] "GET /cormun/static/Resources/PXToolsButtonRight21.png HTTP/1.1" 200 1283
186.103.157.235 - - [02/Mar/2017:10:27:16 -0300] "GET /cormun/static/Resources/PXToolsButtonBackground2.png HTTP/1.1" 200 1181
186.103.157.235 - - [02/Mar/2017:10:27:16 -0300] "GET /cormun/static/Resources/PXToolsLoginBottom.png HTTP/1.1" 200 1389
186.103.157.235 - - [02/Mar/2017:10:27:17 -0300] "GET /cormun/static/Resources/indicator.gif HTTP/1.1" 200 1553
186.103.157.235 - - [02/Mar/2017:10:27:17 -0300] "GET /cormun/servlet/hlogin HTTP/1.1" 200 1731
186.103.157.235 - - [02/Mar/2017:10:27:17 -0300] "GET /favicon.ico HTTP/1.1" 200 21630
186.103.159.187 - - [02/Mar/2017:10:27:25 -0300] "POST /cormun/servlet/hlogin?9d1d9842d9c6b7aabba575911680a0ec,gx-no-cache=1488461314339 HTTP/1.1" 200 440
186.103.156.211 - - [02/Mar/2017:10:27:28 -0300] "POST /cormun/servlet/solicitudotadjuntos?bb280241ee2e7d91405c396b31f74426,INS,2017,5054,,2,,gx-no-cache=1488461319013 HTTP/1.1" 200 93
186.103.156.211 - - [02/Mar/2017:10:27:28 -0300] "GET /cormun/servlet/hpexe_return? HTTP/1.1" 200 1024
186.103.156.211 - - [02/Mar/2017:10:27:28 -0300] "GET /cormun/servlet/trsolicitudadjuntos?2017,5054, HTTP/1.1" 200 6073
186.103.156.211 - - [02/Mar/2017:10:27:29 -0300] "GET /cormun/servlet/trsolicitudadjuntos?2017,5054, HTTP/1.1" 200 6069
186.103.159.187 - - [02/Mar/2017:10:27:34 -0300] "POST /cormun/servlet/hlogin?9d1d9842d9c6b7aabba575911680a0ec,gx-no-cache=1488461322996 HTTP/1.1" 200 440
186.103.156.211 - - [02/Mar/2017:10:27:35 -0300] "GET /cormun/servlet/trcontratounov2? HTTP/1.1" 200 14682
186.103.156.211 - - [02/Mar/2017:10:27:35 -0300] "GET /cormun/static/gxcfg.js?201612281114880 HTTP/1.1" 200 953
186.103.156.211 - - [02/Mar/2017:10:27:35 -0300] "GET /cormun/static/trcontratounov2.js?2016122811141421 HTTP/1.1" 304 -
186.103.156.211 - - [02/Mar/2017:10:27:36 -0300] "GET /cormun/servlet/trcontratounov2? HTTP/1.1" 200 14677
186.103.156.211 - - [02/Mar/2017:10:27:40 -0300] "GET /cormun/servlet/trsolicitudadjuntos?2017,5054, HTTP/1.1" 200 6073
186.103.156.211 - - [02/Mar/2017:10:27:41 -0300] "GET /cormun/servlet/trsolicitudadjuntos?2017,5054, HTTP/1.1" 200 6069
186.103.157.235 - - [02/Mar/2017:10:27:43 -0300] "POST /cormun/servlet/hlogin?ab7064e36164ace89d96c0dc7d4eb77b,gx-no-cache=1488461499361 HTTP/1.1" 200 90
186.103.157.235 - - [02/Mar/2017:10:27:43 -0300] "GET /cormun/servlet/hpexe_link HTTP/1.1" 200 956
186.103.157.235 - - [02/Mar/2017:10:27:43 -0300] "GET /cormun/static/gxcfg.js?201612218515529 HTTP/1.1" 200 953
186.103.157.235 - - [02/Mar/2017:10:27:43 -0300] "GET /cormun/static/hpexe_link.js?201612218515532 HTTP/1.1" 200 625
186.103.157.235 - - [02/Mar/2017:10:27:43 -0300] "GET /cormun/static/Resources/Spanish/PXTools.css?18365030 HTTP/1.1" 200 89042
186.103.157.235 - - [02/Mar/2017:10:27:43 -0300] "GET /cormun/servlet/hhome HTTP/1.1" 200 3953
186.103.157.235 - - [02/Mar/2017:10:27:43 -0300] "GET /cormun/static/SmoothNavMenu/resources/ddsmoothmenu.css?1112540 HTTP/1.1" 200 2223
186.103.157.235 - - [02/Mar/2017:10:27:43 -0300] "GET /cormun/static/SmoothNavMenu/resources/ddsmoothmenu-v.css?1112540 HTTP/1.1" 200 1188
186.103.157.235 - - [02/Mar/2017:10:27:43 -0300] "GET /cormun/static/Shared/jqueryui/jquery-ui.min.css?1345370 HTTP/1.1" 200 30288
186.103.157.235 - - [02/Mar/2017:10:27:43 -0300] "GET /cormun/static/gxcfg.js?201612218515568 HTTP/1.1" 200 953
186.103.157.235 - - [02/Mar/2017:10:27:43 -0300] "GET /cormun/static/PXToolsJavascripts/pexe_autoreload.js HTTP/1.1" 200 1762
186.103.157.235 - - [02/Mar/2017:10:27:43 -0300] "GET /cormun/static/scaMessage/css/jquery.pnotify.default.css?1816380 HTTP/1.1" 200 1707
186.103.157.235 - - [02/Mar/2017:10:27:43 -0300] "GET /cormun/static/PXToolsJavascripts/pexe_cookies.js HTTP/1.1" 200 792
186.103.157.235 - - [02/Mar/2017:10:27:43 -0300] "GET /cormun/static/PXToolsJavascripts/pexe_windows.js HTTP/1.1" 200 15207
186.103.157.235 - - [02/Mar/2017:10:27:43 -0300] "GET /cormun/static/PXToolsJavascripts/pexe_griddivfix.js HTTP/1.1" 200 6644
186.103.157.235 - - [02/Mar/2017:10:27:43 -0300] "GET /cormun/static/PXToolsJavascripts/pexe_grid.js HTTP/1.1" 200 7559
186.103.157.235 - - [02/Mar/2017:10:27:43 -0300] "GET /cormun/static/PXToolsJavascripts/pexe_link.js HTTP/1.1" 200 5671
186.103.157.235 - - [02/Mar/2017:10:27:43 -0300] "GET /cormun/static/PXToolsJavascripts/pexe_menudivfix.js HTTP/1.1" 200 333
186.103.157.235 - - [02/Mar/2017:10:27:43 -0300] "GET /cormun/static/PXToolsJavascripts/pexe_layers.js HTTP/1.1" 200 4114
186.103.157.235 - - [02/Mar/2017:10:27:43 -0300] "GET /cormun/static/PXToolsJavascripts/pexe_oav.js HTTP/1.1" 200 645
186.103.157.235 - - [02/Mar/2017:10:27:43 -0300] "GET /cormun/static/PXToolsJavascripts/pexe_oavdivfix.js HTTP/1.1" 200 639
186.103.157.235 - - [02/Mar/2017:10:27:44 -0300] "GET /cormun/static/PXToolsJavascripts/pexe_picture.js HTTP/1.1" 200 689
186.103.157.235 - - [02/Mar/2017:10:27:44 -0300] "GET /cormun/static/PXToolsJavascripts/pexe_popup.js HTTP/1.1" 200 13458
186.103.157.235 - - [02/Mar/2017:10:27:44 -0300] "GET /cormun/static/PXToolsJavascripts/pexe_scrolldiv.js HTTP/1.1" 200 4138
186.103.157.235 - - [02/Mar/2017:10:27:44 -0300] "GET /cormun/static/PXToolsJavascripts/pexe_tabdivfix.js HTTP/1.1" 200 876
186.103.157.235 - - [02/Mar/2017:10:27:44 -0300] "GET /cormun/static/PXToolsJavascripts/pexe_upload.js HTTP/1.1" 200 1423
186.103.157.235 - - [02/Mar/2017:10:27:44 -0300] "GET /cormun/static/PXToolsJavascripts/PXToolsJavascriptsRender.js HTTP/1.1" 200 367
186.103.157.235 - - [02/Mar/2017:10:27:44 -0300] "GET /cormun/static/PXToolsJavascripts/pexe_tabs.js HTTP/1.1" 200 3748
186.103.157.235 - - [02/Mar/2017:10:27:44 -0300] "GET /cormun/static/PXToolsJavascripts/pexe_menus.js HTTP/1.1" 200 1286
186.103.157.235 - - [02/Mar/2017:10:27:44 -0300] "GET /cormun/static/RunJS/RunJS.js HTTP/1.1" 200 288
186.103.157.235 - - [02/Mar/2017:10:27:44 -0300] "GET /cormun/static/hhome.js?201612218515573 HTTP/1.1" 200 777
186.103.157.235 - - [02/Mar/2017:10:27:44 -0300] "GET /cormun/static/hwchdr01.js?201612218432057 HTTP/1.1" 200 1183
186.103.157.235 - - [02/Mar/2017:10:27:44 -0300] "GET /cormun/static/Shared/ext/locale/ext-lang-en.js HTTP/1.1" 200 10940
186.103.157.235 - - [02/Mar/2017:10:27:44 -0300] "GET /cormun/static/hpexe_recentlink.js?201610171694390 HTTP/1.1" 200 2144
186.103.157.235 - - [02/Mar/2017:10:27:44 -0300] "GET /cormun/static/Resources/PXToolsHeaderPreferences.png HTTP/1.1" 200 4189
186.103.157.235 - - [02/Mar/2017:10:27:44 -0300] "GET /cormun/static/Resources/PXToolsHeaderActionsLeft.png HTTP/1.1" 200 1118
186.103.157.235 - - [02/Mar/2017:10:27:44 -0300] "GET /cormun/static/Resources/logo4.png HTTP/1.1" 200 6582
186.103.157.235 - - [02/Mar/2017:10:27:44 -0300] "GET /cormun/static/Resources/PXToolsDataTitle.png HTTP/1.1" 200 1173
186.103.157.235 - - [02/Mar/2017:10:27:44 -0300] "GET /cormun/static/Resources/PXToolsHeaderActionsBackground.png HTTP/1.1" 200 484
186.103.157.235 - - [02/Mar/2017:10:27:44 -0300] "GET /cormun/static/Resources/PXToolsFooterBackground2.png HTTP/1.1" 200 1172
186.103.157.235 - - [02/Mar/2017:10:27:44 -0300] "GET /cormun/static/gxui/gxui-all.js HTTP/1.1" 200 107772
186.103.157.235 - - [02/Mar/2017:10:27:44 -0300] "GET /cormun/static/Resources/PXToolsHeaderSecurity.png HTTP/1.1" 200 4166
186.103.157.235 - - [02/Mar/2017:10:27:44 -0300] "GET /cormun/static/Resources/PXToolsHeaderActionsRight.png HTTP/1.1" 200 1201
186.103.157.235 - - [02/Mar/2017:10:27:44 -0300] "GET /cormun/static/Resources/PXToolsHeaderBackground2.png HTTP/1.1" 200 1174
186.103.157.235 - - [02/Mar/2017:10:27:44 -0300] "GET /cormun/static/Resources/PXToolsHeaderHome.png HTTP/1.1" 200 4147
186.103.157.235 - - [02/Mar/2017:10:27:44 -0300] "GET /cormun/static/hpexe_scripts.js?201612218432016 HTTP/1.1" 200 1544
186.103.157.235 - - [02/Mar/2017:10:27:44 -0300] "GET /cormun/static/hpexe_messagegenexuscomponent.js?201612218431816 HTTP/1.1" 200 587
186.103.157.235 - - [02/Mar/2017:10:27:44 -0300] "GET /cormun/static/hpexe_messagepopupcomponent.js?20161017169425 HTTP/1.1" 200 605
186.103.157.235 - - [02/Mar/2017:10:27:44 -0300] "GET /cormun/static/Resources/PXToolsHeaderLogin.png HTTP/1.1" 200 4279
186.103.157.235 - - [02/Mar/2017:10:27:44 -0300] "GET /cormun/static/cmcontrolpreferences.js?201612218431999 HTTP/1.1" 200 1375
186.103.157.235 - - [02/Mar/2017:10:27:45 -0300] "GET /cormun/static/Shared/jquery/jquery-1.4.2.min.js HTTP/1.1" 200 72174
186.103.157.235 - - [02/Mar/2017:10:27:45 -0300] "GET /cormun/static/hpexe_messagecontroller.js?201610171694323 HTTP/1.1" 200 870
186.103.157.235 - - [02/Mar/2017:10:27:45 -0300] "GET /cormun/static/SmoothNavMenu/resources/ddsmoothmenu.js HTTP/1.1" 200 12712
186.103.157.235 - - [02/Mar/2017:10:27:45 -0300] "GET /cormun/static/SmoothNavMenu/resources/SmoothNavMenuRender.js HTTP/1.1" 200 5951
186.103.157.235 - - [02/Mar/2017:10:27:45 -0300] "GET /cormun/static/scaMessage/js/jquery.pnotify.min.js HTTP/1.1" 200 13038
186.103.157.235 - - [02/Mar/2017:10:27:45 -0300] "GET /cormun/static/hmpwkw03.js?20161221852152 HTTP/1.1" 200 3965
186.103.157.235 - - [02/Mar/2017:10:27:45 -0300] "GET /cormun/static/scaMessage/scaMessageRender.js HTTP/1.1" 200 11977
186.103.156.211 - - [02/Mar/2017:10:27:45 -0300] "GET /cormun/servlet/trvisualizadoreventos? HTTP/1.1" 200 6719
186.103.156.211 - - [02/Mar/2017:10:27:45 -0300] "GET /cormun/static/gxcfg.js?2016101716203350 HTTP/1.1" 200 953
186.103.157.235 - - [02/Mar/2017:10:27:45 -0300] "GET /cormun/static/Shared/jqueryui/jquery-ui.min.js HTTP/1.1" 200 240427
186.103.156.211 - - [02/Mar/2017:10:27:45 -0300] "GET /cormun/static/trvisualizadoreventos.js?2016101716203614 HTTP/1.1" 304 -
186.103.157.235 - - [02/Mar/2017:10:27:46 -0300] "GET /cormun/static/Shared/jquery/jquery-1.10.2.min.js HTTP/1.1" 200 273199
186.103.156.211 - - [02/Mar/2017:10:27:46 -0300] "GET /cormun/servlet/trvisualizadoreventos? HTTP/1.1" 200 6706
186.103.159.187 - - [02/Mar/2017:10:27:46 -0300] "POST /cormun/servlet/hlogin?9d1d9842d9c6b7aabba575911680a0ec,gx-no-cache=1488461334715 HTTP/1.1" 200 440
186.103.157.235 - - [02/Mar/2017:10:27:46 -0300] "GET /cormun/static/Shared/ext/ext-all.js HTTP/1.1" 200 1289687
186.103.157.235 - - [02/Mar/2017:10:27:47 -0300] "GET /cormun/servlet/hhome HTTP/1.1" 200 3949
186.103.157.235 - - [02/Mar/2017:10:27:47 -0300] "GET /cormun/static/SmoothNavMenu/resources/images/down.gif HTTP/1.1" 200 854
186.103.157.235 - - [02/Mar/2017:10:27:47 -0300] "GET /cormun/static/SmoothNavMenu/resources/images/right.gif HTTP/1.1" 200 860
186.103.156.211 - - [02/Mar/2017:10:27:51 -0300] "GET /cormun/servlet/trcontratoobservaciondir? HTTP/1.1" 200 6156
186.103.156.211 - - [02/Mar/2017:10:27:51 -0300] "GET /cormun/static/gxcfg.js?201612218551235 HTTP/1.1" 200 953
186.103.156.211 - - [02/Mar/2017:10:27:51 -0300] "GET /cormun/static/trcontratoobservaciondir.js?201612218551533 HTTP/1.1" 304 -
186.103.156.211 - - [02/Mar/2017:10:27:51 -0300] "GET /cormun/servlet/trcontratoobservaciondir? HTTP/1.1" 200 6155
186.103.159.187 - - [02/Mar/2017:10:27:54 -0300] "POST /cormun/servlet/hlogin?9d1d9842d9c6b7aabba575911680a0ec,gx-no-cache=1488461342965 HTTP/1.1" 200 90
186.103.159.187 - - [02/Mar/2017:10:27:54 -0300] "GET /cormun/servlet/hpexe_link HTTP/1.1" 200 944
186.103.159.187 - - [02/Mar/2017:10:27:54 -0300] "GET /cormun/servlet/hhome HTTP/1.1" 200 3935
186.79.129.193 - - [02/Mar/2017:10:27:55 -0300] "POST /cormun/servlet/solicitudot?gx-no-cache=1488461348997 HTTP/1.1" 200 1274
186.79.129.193 - - [02/Mar/2017:10:27:55 -0300] "POST /cormun/servlet/solicitudot?gx-no-cache=1488461349230 HTTP/1.1" 200 1157
186.79.129.193 - - [02/Mar/2017:10:27:55 -0300] "GET /cormun/servlet/solicitudot?404a9e17315000dcf68d8b42c0762e44906e5f4193db4fd1ec79f05739f2b2a9bc42eeea28089838c20e9c4982b5dbfe0259bd4d435d8a74da7d5f47cf6facddfbf64325fe13645c42878fdeae70a690557de771411aa0abeaf65d82e87376252eb3d2923095156649b122978bf41a10a419cc24557da517b7d18ed54248fed94400a01f4c9ed7cfea3baca87db30bbaf1cd5b906af554299c603216150b95cb27be61bd9d2b2ec413c08c2935a5b737,gx-no-cache=1488461349423 HTTP/1.1" 200 30
186.103.159.187 - - [02/Mar/2017:10:27:55 -0300] "GET /cormun/servlet/hhome HTTP/1.1" 200 3931
186.79.129.193 - - [02/Mar/2017:10:27:57 -0300] "POST /cormun/servlet/solicitudot?f1aad4173f7f81c3c440915fe440f725,INS,0,0,,gx-no-cache=1488461349568 HTTP/1.1" 200 93
186.79.129.193 - - [02/Mar/2017:10:27:57 -0300] "GET /cormun/servlet/hpexe_return? HTTP/1.1" 200 995
186.103.156.211 - - [02/Mar/2017:10:27:57 -0300] "GET /cormun/servlet/trcontratounov2? HTTP/1.1" 200 14673
186.79.129.193 - - [02/Mar/2017:10:27:57 -0300] "GET /cormun/servlet/trsolicitudot HTTP/1.1" 200 9131
186.103.156.211 - - [02/Mar/2017:10:27:58 -0300] "GET /cormun/servlet/trcontratounov2? HTTP/1.1" 200 14672
186.79.129.193 - - [02/Mar/2017:10:27:58 -0300] "GET /cormun/servlet/trsolicitudot HTTP/1.1" 200 9127
186.103.156.211 - - [02/Mar/2017:10:28:00 -0300] "GET /cormun/servlet/trcontratoobservaciondir? HTTP/1.1" 200 6156
186.103.156.211 - - [02/Mar/2017:10:28:01 -0300] "GET /cormun/servlet/trcontratoobservaciondir? HTTP/1.1" 200 6155
186.103.156.211 - - [02/Mar/2017:10:28:01 -0300] "GET /cormun/servlet/trvisualizadoreventos? HTTP/1.1" 200 6719
186.103.156.211 - - [02/Mar/2017:10:28:02 -0300] "GET /cormun/servlet/trvisualizadoreventos? HTTP/1.1" 200 6706
186.103.156.211 - - [02/Mar/2017:10:28:03 -0300] "GET /cormun/servlet/trsolicitudadjuntos?2017,5054, HTTP/1.1" 200 6073
186.103.159.187 - - [02/Mar/2017:10:28:03 -0300] "GET /cormun/servlet/trautorizarsolicitud? HTTP/1.1" 200 8098
186.103.156.211 - - [02/Mar/2017:10:28:03 -0300] "GET /cormun/servlet/trsolicitudadjuntos?2017,5054, HTTP/1.1" 200 6069
186.103.159.187 - - [02/Mar/2017:10:28:04 -0300] "GET /cormun/servlet/trautorizarsolicitud? HTTP/1.1" 200 8096
186.103.156.211 - - [02/Mar/2017:10:28:13 -0300] "GET /cormun/servlet/trcontratoobservaciondir? HTTP/1.1" 200 6171
186.103.156.211 - - [02/Mar/2017:10:28:13 -0300] "GET /cormun/servlet/trcontratoobservaciondir? HTTP/1.1" 200 6158
186.103.156.211 - - [02/Mar/2017:10:28:19 -0300] "GET /cormun/servlet/trautorizarsolicitud? HTTP/1.1" 200 6886
186.103.156.211 - - [02/Mar/2017:10:28:19 -0300] "GET /cormun/static/gxcfg.js?2017259112829 HTTP/1.1" 200 953
186.103.156.211 - - [02/Mar/2017:10:28:19 -0300] "GET /cormun/static/trautorizarsolicitud.js?2017259113483 HTTP/1.1" 200 53096
186.103.156.211 - - [02/Mar/2017:10:28:20 -0300] "GET /cormun/servlet/trautorizarsolicitud? HTTP/1.1" 200 6885
186.103.156.211 - - [02/Mar/2017:10:28:24 -0300] "GET /cormun/servlet/trvisualizadoreventos? HTTP/1.1" 200 6700
186.103.156.211 - - [02/Mar/2017:10:28:24 -0300] "GET /cormun/servlet/trvisualizadoreventos? HTTP/1.1" 200 6699
186.103.156.211 - - [02/Mar/2017:10:28:28 -0300] "GET /cormun/servlet/trcontratoobservaciondir? HTTP/1.1" 200 6158
186.103.156.211 - - [02/Mar/2017:10:28:29 -0300] "GET /cormun/servlet/trcontratoobservaciondir? HTTP/1.1" 200 6158
186.103.156.211 - - [02/Mar/2017:10:28:34 -0300] "GET /cormun/servlet/trvisualizadoreventos? HTTP/1.1" 200 6699
186.103.156.211 - - [02/Mar/2017:10:28:34 -0300] "GET /cormun/servlet/trvisualizadoreventos? HTTP/1.1" 200 6699
186.103.156.211 - - [02/Mar/2017:10:28:34 -0300] "GET /cormun/servlet/trautorizarsolicitud? HTTP/1.1" 200 6887
186.103.156.211 - - [02/Mar/2017:10:28:35 -0300] "GET /cormun/servlet/trautorizarsolicitud? HTTP/1.1" 200 6886
186.103.156.211 - - [02/Mar/2017:10:28:35 -0300] "GET /cormun/servlet/trcontratoobservaciondir? HTTP/1.1" 200 6171
186.103.156.211 - - [02/Mar/2017:10:28:35 -0300] "GET /cormun/servlet/trcontratoobservaciondir? HTTP/1.1" 200 6158
186.103.156.211 - - [02/Mar/2017:10:28:36 -0300] "GET /cormun/servlet/trsolicitudadjuntos?2017,5054, HTTP/1.1" 200 6073
186.103.156.211 - - [02/Mar/2017:10:28:36 -0300] "GET /cormun/servlet/trsolicitudadjuntos?2017,5054, HTTP/1.1" 200 6069
186.103.156.211 - - [02/Mar/2017:10:28:37 -0300] "GET /cormun/servlet/solicitudotadjuntos?INS,2017,5054,,2, HTTP/1.1" 200 6001
186.103.156.211 - - [02/Mar/2017:10:28:37 -0300] "GET /cormun/servlet/solicitudotadjuntos?INS,2017,5054,,2, HTTP/1.1" 200 5994
186.103.156.211 - - [02/Mar/2017:10:28:38 -0300] "GET /cormun/servlet/trsolicitudadjuntos?2017,5054, HTTP/1.1" 200 6073
186.103.156.211 - - [02/Mar/2017:10:28:38 -0300] "GET /cormun/servlet/solicitudotadjuntos?d3bf168ba3b19a819b091f6d3aa35ec8e5bf0f0bb5373f69c91ccc11755d224af5605fc6c09d24e2f76ecd93baf82425,gx-no-cache=1488461389543 HTTP/1.1" 200 30
186.103.156.211 - - [02/Mar/2017:10:28:39 -0300] "POST /cormun/servlet/solicitudotadjuntos?bb280241ee2e7d91405c396b31f74426,INS,2017,5054,,2,,gx-no-cache=1488461389636 HTTP/1.1" 200 4015
186.103.156.211 - - [02/Mar/2017:10:28:39 -0300] "GET /cormun/servlet/trsolicitudadjuntos?2017,5054, HTTP/1.1" 200 6069
186.103.156.211 - - [02/Mar/2017:10:28:41 -0300] "GET /cormun/servlet/solicitudotadjuntos?INS,2017,5054,,1, HTTP/1.1" 200 6003
186.103.156.211 - - [02/Mar/2017:10:28:41 -0300] "GET /cormun/servlet/solicitudotadjuntos?INS,2017,5054,,1, HTTP/1.1" 200 5996
186.103.156.211 - - [02/Mar/2017:10:28:42 -0300] "GET /cormun/servlet/solicitudotadjuntos?d3bf168ba3b19a819b091f6d3aa35ec8e5bf0f0bb5373f69c91ccc11755d224af5605fc6c09d24e2f76ecd93baf82425,gx-no-cache=1488461393353 HTTP/1.1" 200 30
186.103.159.187 - - [02/Mar/2017:10:28:42 -0300] "POST /cormun/servlet/trautorizarsolicitud?9d1d9842d9c6b7aabba575911680a0ec,,gx-no-cache=1488461390901 HTTP/1.1" 200 115
186.103.159.187 - - [02/Mar/2017:10:28:42 -0300] "GET /cormun/servlet/solicitudotlog?INS,2017,5059,0,ANU, HTTP/1.1" 200 5719
186.103.156.211 - - [02/Mar/2017:10:28:42 -0300] "POST /cormun/servlet/solicitudotadjuntos?bb280241ee2e7d91405c396b31f74426,INS,2017,5054,,1,,gx-no-cache=1488461393499 HTTP/1.1" 200 3873
186.103.156.211 - - [02/Mar/2017:10:28:43 -0300] "GET /cormun/servlet/trsolicitudadjuntos?2017,5054, HTTP/1.1" 200 6070
186.103.156.211 - - [02/Mar/2017:10:28:43 -0300] "GET /cormun/servlet/trsolicitudadjuntos?2017,5054, HTTP/1.1" 200 6069
186.103.159.187 - - [02/Mar/2017:10:28:43 -0300] "GET /cormun/servlet/solicitudotlog?INS,2017,5059,0,ANU, HTTP/1.1" 200 5719
186.103.159.187 - - [02/Mar/2017:10:28:44 -0300] "GET /cormun/servlet/solicitudotlog?1e13a129bf70b93714fb1f881f5270e9d02d7506b59b1e3289f40357a504efe661ab876ba859626ffe69f454e57dfdedad47a8ea3500d553989cf2300e61538f93a65eb011c0e8ebc855375cdff5dfdfe0a8b4165a0d026786249d546bc442ee9a84a0f849f68e59d19b31b786e50ac8651a77245dde6b3597940602fee3a537de32c1a19a1a21d6b32ad8a0eb1e1e93b456a3608fcfaadddc607f791a5a6fbd,gx-no-cache=1488461392727 HTTP/1.1" 200 94
186.103.156.211 - - [02/Mar/2017:10:28:44 -0300] "GET /cormun/servlet/trsolicitudot? HTTP/1.1" 200 8628
186.103.156.211 - - [02/Mar/2017:10:28:45 -0300] "GET /cormun/servlet/trsolicitudot? HTTP/1.1" 200 8620
186.103.159.187 - - [02/Mar/2017:10:28:46 -0300] "POST /cormun/servlet/solicitudotlog?9d1d9842d9c6b7aabba575911680a0ec,INS,2017,5059,0,ANU,,gx-no-cache=1488461394733 HTTP/1.1" 200 93
186.103.159.187 - - [02/Mar/2017:10:28:46 -0300] "GET /cormun/servlet/hpexe_return? HTTP/1.1" 200 1017
186.103.159.187 - - [02/Mar/2017:10:28:46 -0300] "GET /cormun/servlet/trautorizarsolicitud HTTP/1.1" 200 8100
186.103.159.187 - - [02/Mar/2017:10:28:47 -0300] "GET /cormun/servlet/trautorizarsolicitud HTTP/1.1" 200 8096
186.103.156.211 - - [02/Mar/2017:10:28:52 -0300] "POST /cormun/servlet/trsolicitudot?bb280241ee2e7d91405c396b31f74426,,gx-no-cache=1488461403129 HTTP/1.1" 200 106
186.103.156.211 - - [02/Mar/2017:10:28:52 -0300] "GET /cormun/servlet/trsolicitudadjuntos?2017,5054, HTTP/1.1" 200 6070
186.103.156.211 - - [02/Mar/2017:10:28:53 -0300] "GET /cormun/servlet/trsolicitudadjuntos?2017,5054, HTTP/1.1" 200 6069
186.103.156.211 - - [02/Mar/2017:10:29:03 -0300] "GET /cormun/servlet/solicitudotadjuntos?INS,2017,5054,,2, HTTP/1.1" 200 6001
186.103.156.211 - - [02/Mar/2017:10:29:03 -0300] "GET /cormun/static/about:blank HTTP/1.1" 404 1011
186.103.156.211 - - [02/Mar/2017:10:29:03 -0300] "GET /cormun/servlet/solicitudotadjuntos?INS,2017,5054,,2, HTTP/1.1" 200 5994
186.103.156.211 - - [02/Mar/2017:10:29:04 -0300] "GET /cormun/servlet/solicitudotadjuntos?d3bf168ba3b19a819b091f6d3aa35ec8e5bf0f0bb5373f69c91ccc11755d224af5605fc6c09d24e2f76ecd93baf82425,gx-no-cache=1488461415483 HTTP/1.1" 200 30
186.103.156.211 - - [02/Mar/2017:10:29:04 -0300] "POST /cormun/servlet/solicitudotadjuntos?bb280241ee2e7d91405c396b31f74426,INS,2017,5054,,2,,gx-no-cache=1488461415536 HTTP/1.1" 200 4015
186.103.159.187 - - [02/Mar/2017:10:29:08 -0300] "POST /cormun/servlet/trautorizarsolicitud?9d1d9842d9c6b7aabba575911680a0ec,gx-no-cache=1488461416660 HTTP/1.1" 200 115
186.103.159.187 - - [02/Mar/2017:10:29:08 -0300] "GET /cormun/servlet/solicitudotlog?INS,2017,5059,0,REC, HTTP/1.1" 200 5718
186.103.159.187 - - [02/Mar/2017:10:29:09 -0300] "GET /cormun/servlet/solicitudotlog?INS,2017,5059,0,REC, HTTP/1.1" 200 5718
186.103.159.187 - - [02/Mar/2017:10:29:09 -0300] "GET /cormun/servlet/solicitudotlog?1e13a129bf70b93714fb1f881f5270e9d02d7506b59b1e3289f40357a504efe661ab876ba859626ffe69f454e57dfdedad47a8ea3500d553989cf2300e61538f93a65eb011c0e8ebc855375cdff5dfdfe0a8b4165a0d026786249d546bc442ee9a84a0f849f68e59d19b31b786e50ac8651a77245dde6b3597940602fee3a537de32c1a19a1a21d6b32ad8a0eb1e1e93b456a3608fcfaadddc607f791a5a6fbd,gx-no-cache=1488461418247 HTTP/1.1" 200 94
186.103.159.187 - - [02/Mar/2017:10:29:25 -0300] "POST /cormun/servlet/solicitudotlog?9d1d9842d9c6b7aabba575911680a0ec,INS,2017,5059,0,REC,,gx-no-cache=1488461433625 HTTP/1.1" 200 93
186.103.159.187 - - [02/Mar/2017:10:29:25 -0300] "GET /cormun/servlet/hpexe_return? HTTP/1.1" 200 1017
186.103.159.187 - - [02/Mar/2017:10:29:25 -0300] "GET /cormun/servlet/trautorizarsolicitud HTTP/1.1" 200 6851
186.103.159.187 - - [02/Mar/2017:10:29:26 -0300] "GET /cormun/servlet/trautorizarsolicitud HTTP/1.1" 200 6848
186.103.156.211 - - [02/Mar/2017:10:29:27 -0300] "POST /cormun/servlet/solicitudotadjuntos?gx-no-cache=1488461438232 HTTP/1.1" 200 26
186.103.157.235 - - [02/Mar/2017:10:29:52 -0300] "GET /cormun/servlet/trsolicitudot? HTTP/1.1" 200 6925
186.103.157.235 - - [02/Mar/2017:10:29:52 -0300] "GET /cormun/static/gxui/gxui-all.css?120300 HTTP/1.1" 200 2179
186.103.157.235 - - [02/Mar/2017:10:29:52 -0300] "GET /cormun/static/gxcfg.js?20171191044697 HTTP/1.1" 200 953
186.103.157.235 - - [02/Mar/2017:10:29:52 -0300] "GET /cormun/static/calendar-system.css?85620 HTTP/1.1" 200 5572
186.103.157.235 - - [02/Mar/2017:10:29:52 -0300] "GET /cormun/static/calendar-setup.js?85251 HTTP/1.1" 200 2588
186.103.157.235 - - [02/Mar/2017:10:29:52 -0300] "GET /cormun/static/calendar.js?85251 HTTP/1.1" 200 26246
186.103.157.235 - - [02/Mar/2017:10:29:52 -0300] "GET /cormun/static/calendar-es.js?85251 HTTP/1.1" 200 1901
186.103.157.235 - - [02/Mar/2017:10:29:53 -0300] "GET /cormun/static/gxdec.js?85251 HTTP/1.1" 200 19579
186.103.157.235 - - [02/Mar/2017:10:29:53 -0300] "GET /cormun/static/trsolicitudot.js?20171191045625 HTTP/1.1" 200 53117
186.103.157.235 - - [02/Mar/2017:10:29:53 -0300] "GET /cormun/static/Shared/ext/resources/css/ext-all.css?215870 HTTP/1.1" 200 416045
186.103.157.235 - - [02/Mar/2017:10:29:53 -0300] "GET /cormun/static/Resources/PXTools/calendar.png HTTP/1.1" 200 1306
186.103.157.235 - - [02/Mar/2017:10:29:53 -0300] "GET /cormun/static/Resources/PXToolsDataSearch.png HTTP/1.1" 200 419
